20.171.207.113 - - [16/Jun/2025:09:19:38 -0400] "GET /wp-content/plugins/post-types-order/js/radio.php?filesrc=%2Fhome%2Fhonehdyv%2Fyours-toclaim.com%2Fwp-content%2Fplugins%2Fwp-rocket%2Fassets%2Fjs%2Flazyload%2F11.0.6%2Flazyload.min.js.map&pass=998cd1196f06e9e6995ac6af1dbdc6fa&path=%2Fhome%2Fhonehdyv%2Fyours-toclaim.com%2Fwp-content%2Fplugins%2Fwp-rocket%2Fassets%2Fjs%2Flazyload%2F11.0.6 HTTP/1.1" 200 7948 "-" "Mozilla/5.0 AppleWebKit/537.36 (KHTML, like Gecko; compatible; GPTBot/1.2; +https://openai.com/gptbot)"
20.171.207.113 - - [16/Jun/2025:09:19:39 -0400] "GET /wp-content/plugins/post-types-order/js/radio.php?filesrc=%2Fhome%2Fhonehdyv%2Fyours-toclaim.com%2Fwp-content%2Fplugins%2Fwp-rocket%2Finc%2FAddon%2FCloudflare%2FAuth%2FAuthInterface.php&pass=998cd1196f06e9e6995ac6af1dbdc6fa&path=%2Fhome%2Fhonehdyv%2Fyours-toclaim.com%2Fwp-content%2Fplugins%2Fwp-rocket%2Finc%2FAddon%2FCloudflare%2FAuth HTTP/1.1" 200 1077 "-" "Mozilla/5.0 AppleWebKit/537.36 (KHTML, like Gecko; compatible; GPTBot/1.2; +https://openai.com/gptbot)"
20.171.207.113 - - [16/Jun/2025:09:19:40 -0400] "GET /wp-content/plugins/post-types-order/js/radio.php?filesrc=%2Fhome%2Fhonehdyv%2Fyours-toclaim.com%2Fwp-content%2Fplugins%2Fwp-rocket%2Finc%2FAddon%2FCloudflare%2FAdmin%2FSubscriber.php&pass=998cd1196f06e9e6995ac6af1dbdc6fa&path=%2Fhome%2Fhonehdyv%2Fyours-toclaim.com%2Fwp-content%2Fplugins%2Fwp-rocket%2Finc%2FAddon%2FCloudflare%2FAdmin HTTP/1.1" 200 1966 "-" "Mozilla/5.0 AppleWebKit/537.36 (KHTML, like Gecko; compatible; GPTBot/1.2; +https://openai.com/gptbot)"
20.171.207.113 - - [16/Jun/2025:09:19:41 -0400] "GET /wp-content/plugins/post-types-order/js/radio.php?filesrc=%2Fhome%2Fhonehdyv%2Fyours-toclaim.com%2Fwp-content%2Fplugins%2Fwp-rocket%2Finc%2FAddon%2FCloudflare%2FAuth%2FAuthFactoryInterface.php&pass=998cd1196f06e9e6995ac6af1dbdc6fa&path=%2Fhome%2Fhonehdyv%2Fyours-toclaim.com%2Fwp-content%2Fplugins%2Fwp-rocket%2Finc%2FAddon%2FCloudflare%2FAuth HTTP/1.1" 200 1051 "-" "Mozilla/5.0 AppleWebKit/537.36 (KHTML, like Gecko; compatible; GPTBot/1.2; +https://openai.com/gptbot)"
20.171.207.113 - - [16/Jun/2025:09:19:42 -0400] "GET /wp-content/plugins/post-types-order/js/radio.php?filesrc=%2Fhome%2Fhonehdyv%2Fyours-toclaim.com%2Fwp-content%2Fplugins%2Fwp-rocket%2Fassets%2Fjs%2Flazyload%2F11.0.6%2Flazyload.js&pass=998cd1196f06e9e6995ac6af1dbdc6fa&path=%2Fhome%2Fhonehdyv%2Fyours-toclaim.com%2Fwp-content%2Fplugins%2Fwp-rocket%2Fassets%2Fjs%2Flazyload%2F11.0.6 HTTP/1.1" 200 4530 "-" "Mozilla/5.0 AppleWebKit/537.36 (KHTML, like Gecko; compatible; GPTBot/1.2; +https://openai.com/gptbot)"
20.171.207.113 - - [16/Jun/2025:09:19:43 -0400] "GET /wp-content/plugins/post-types-order/js/radio.php?filesrc=%2Fhome%2Fhonehdyv%2Fyours-toclaim.com%2Fwp-content%2Fplugins%2Finsert-headers-and-footers%2Fincludes%2Fgenerator%2Fclass-wpcode-generator-hooks.php&pass=998cd1196f06e9e6995ac6af1dbdc6fa&path=%2Fhome%2Fhonehdyv%2Fyours-toclaim.com%2Fwp-content%2Fplugins%2Finsert-headers-and-footers%2Fincludes%2Fgenerator HTTP/1.1" 200 10917 "-" "Mozilla/5.0 AppleWebKit/537.36 (KHTML, like Gecko; compatible; GPTBot/1.2; +https://openai.com/gptbot)"
20.171.207.113 - - [16/Jun/2025:09:19:45 -0400] "GET /wp-content/plugins/post-types-order/js/radio.php?filesrc=%2Fhome%2Fhonehdyv%2Fyours-toclaim.com%2Fwp-content%2Fplugins%2Finsert-headers-and-footers%2Fincludes%2Fgenerator%2Fclass-wpcode-generator-menu.php&pass=998cd1196f06e9e6995ac6af1dbdc6fa&path=%2Fhome%2Fhonehdyv%2Fyours-toclaim.com%2Fwp-content%2Fplugins%2Finsert-headers-and-footers%2Fincludes%2Fgenerator HTTP/1.1" 200 2531 "-" "Mozilla/5.0 AppleWebKit/537.36 (KHTML, like Gecko; compatible; GPTBot/1.2; +https://openai.com/gptbot)"
20.171.207.113 - - [16/Jun/2025:09:19:46 -0400] "GET /wp-content/plugins/post-types-order/js/radio.php?filesrc=%2Fhome%2Fhonehdyv%2Fyours-toclaim.com%2Fwp-content%2Fplugins%2Finsert-headers-and-footers%2Fincludes%2Fgenerator%2Fclass-wpcode-generator-cronjob.php&pass=998cd1196f06e9e6995ac6af1dbdc6fa&path=%2Fhome%2Fhonehdyv%2Fyours-toclaim.com%2Fwp-content%2Fplugins%2Finsert-headers-and-footers%2Fincludes%2Fgenerator HTTP/1.1" 200 2903 "-" "Mozilla/5.0 AppleWebKit/537.36 (KHTML, like Gecko; compatible; GPTBot/1.2; +https://openai.com/gptbot)"
20.171.207.113 - - [16/Jun/2025:09:19:47 -0400] "GET /wp-content/plugins/post-types-order/js/radio.php?filesrc=%2Fhome%2Fhonehdyv%2Fyours-toclaim.com%2Fwp-content%2Fplugins%2Finsert-headers-and-footers%2Fincludes%2Fgenerator%2Fclass-wpcode-generator-style.php&pass=998cd1196f06e9e6995ac6af1dbdc6fa&path=%2Fhome%2Fhonehdyv%2Fyours-toclaim.com%2Fwp-content%2Fplugins%2Finsert-headers-and-footers%2Fincludes%2Fgenerator HTTP/1.1" 200 3549 "-" "Mozilla/5.0 AppleWebKit/537.36 (KHTML, like Gecko; compatible; GPTBot/1.2; +https://openai.com/gptbot)"
20.171.207.113 - - [16/Jun/2025:09:19:48 -0400] "GET /wp-content/plugins/post-types-order/js/radio.php?filesrc=%2Fhome%2Fhonehdyv%2Fyours-toclaim.com%2Fwp-content%2Fplugins%2Finsert-headers-and-footers%2Fincludes%2Fgenerator%2Fclass-wpcode-generator-script.php&pass=998cd1196f06e9e6995ac6af1dbdc6fa&path=%2Fhome%2Fhonehdyv%2Fyours-toclaim.com%2Fwp-content%2Fplugins%2Finsert-headers-and-footers%2Fincludes%2Fgenerator HTTP/1.1" 200 3448 "-" "Mozilla/5.0 AppleWebKit/537.36 (KHTML, like Gecko; compatible; GPTBot/1.2; +https://openai.com/gptbot)"
20.171.207.113 - - [16/Jun/2025:09:19:49 -0400] "GET /wp-content/plugins/post-types-order/js/radio.php?filesrc=%2Fhome%2Fhonehdyv%2Fyours-toclaim.com%2Fwp-content%2Fplugins%2Finsert-headers-and-footers%2Fincludes%2Fgenerator%2Fclass-wpcode-generator-sidebar.php&pass=998cd1196f06e9e6995ac6af1dbdc6fa&path=%2Fhome%2Fhonehdyv%2Fyours-toclaim.com%2Fwp-content%2Fplugins%2Finsert-headers-and-footers%2Fincludes%2Fgenerator HTTP/1.1" 200 2951 "-" "Mozilla/5.0 AppleWebKit/537.36 (KHTML, like Gecko; compatible; GPTBot/1.2; +https://openai.com/gptbot)"
20.171.207.113 - - [16/Jun/2025:09:19:50 -0400] "GET /wp-content/plugins/post-types-order/js/radio.php?filesrc=%2Fhome%2Fhonehdyv%2Fyours-toclaim.com%2Fwp-content%2Fplugins%2Finsert-headers-and-footers%2Fincludes%2Fgenerator%2Fclass-wpcode-generator-taxonomy.php&pass=998cd1196f06e9e6995ac6af1dbdc6fa&path=%2Fhome%2Fhonehdyv%2Fyours-toclaim.com%2Fwp-content%2Fplugins%2Finsert-headers-and-footers%2Fincludes%2Fgenerator HTTP/1.1" 200 5177 "-" "Mozilla/5.0 AppleWebKit/537.36 (KHTML, like Gecko; compatible; GPTBot/1.2; +https://openai.com/gptbot)"
66.249.64.106 - - [16/Jun/2025:09:19:50 -0400] "GET /?y=8197296117503&channel=a32f4b&from=category-info.php%3Fid%3D961175-9358%26name%3DHUVNEXA+%E8%BB%8A%E3%81%AE%E3%83%95%E3%83%AD%E3%83%B3%E3%83%88%E3%82%A8%E3%83%B3%E3%82%B8%E3%83%B3%E3%83%95%E3%83%BC%E3%83%89%E6%96%AD%E7%86%B1%E7%B6%BF%E3%83%91%E3%83%83%E3%83%89%E3%80%81+E60+E61+525i+528i+530i+51487148208+%E9%9F%B3%E7%86%B1 HTTP/1.1" 200 1681 "-" "Mozilla/5.0 (Linux; Android 6.0.1; Nexus 5X Build/MMB29P) AppleWebKit/537.36 (KHTML, like Gecko) Chrome/136.0.7103.113 Mobile Safari/537.36 (compatible; Googlebot/2.1; +http://www.google.com/bot.html)"
66.249.64.106 - - [16/Jun/2025:09:19:51 -0400] "GET /?y=99812179515204&channel=f887d6&from=form.php%3Fid%3D1795152-15388%26name%3Dfog+linen+work+%E3%83%95%E3%82%A9%E3%82%B0%E3%83%AA%E3%83%8D%E3%83%B3%E3%83%AF%E3%83%BC%E3%82%AF+%E3%83%AA%E3%83%88%E3%82%A2%E3%83%8B%E3%82%A2%E3%83%AA%E3%83%8D%E3%83%B3%E3%83%AF%E3%83%B3%E3%83%94%E3%83%BC%E3%82%B9 HTTP/1.1" 200 1681 "-" "Mozilla/5.0 (Linux; Android 6.0.1; Nexus 5X Build/MMB29P) AppleWebKit/537.36 (KHTML, like Gecko) Chrome/136.0.7103.113 Mobile Safari/537.36 (compatible; Googlebot/2.1; +http://www.google.com/bot.html)"
20.171.207.113 - - [16/Jun/2025:09:19:51 -0400] "GET /wp-content/plugins/post-types-order/js/radio.php?filesrc=%2Fhome%2Fhonehdyv%2Fyours-toclaim.com%2Fwp-content%2Fplugins%2Finsert-headers-and-footers%2Fincludes%2Fgenerator%2Fclass-wpcode-generator-query.php&pass=998cd1196f06e9e6995ac6af1dbdc6fa&path=%2Fhome%2Fhonehdyv%2Fyours-toclaim.com%2Fwp-content%2Fplugins%2Finsert-headers-and-footers%2Fincludes%2Fgenerator HTTP/1.1" 200 6087 "-" "Mozilla/5.0 AppleWebKit/537.36 (KHTML, like Gecko; compatible; GPTBot/1.2; +https://openai.com/gptbot)"
20.171.207.113 - - [16/Jun/2025:09:19:53 -0400] "GET /wp-content/plugins/post-types-order/js/radio.php?filesrc=%2Fhome%2Fhonehdyv%2Fyours-toclaim.com%2Fwp-content%2Fplugins%2Finsert-headers-and-footers%2Fincludes%2Fgenerator%2Fclass-wpcode-generator-widget.php&pass=998cd1196f06e9e6995ac6af1dbdc6fa&path=%2Fhome%2Fhonehdyv%2Fyours-toclaim.com%2Fwp-content%2Fplugins%2Finsert-headers-and-footers%2Fincludes%2Fgenerator HTTP/1.1" 200 4774 "-" "Mozilla/5.0 AppleWebKit/537.36 (KHTML, like Gecko; compatible; GPTBot/1.2; +https://openai.com/gptbot)"
20.171.207.113 - - [16/Jun/2025:09:19:54 -0400] "GET /wp-content/plugins/post-types-order/js/radio.php?filesrc=%2Fhome%2Fhonehdyv%2Fyours-toclaim.com%2Fwp-content%2Fplugins%2Finsert-headers-and-footers%2Fincludes%2Fexecute%2Fclass-wpcode-snippet-execute-universal.php&pass=998cd1196f06e9e6995ac6af1dbdc6fa&path=%2Fhome%2Fhonehdyv%2Fyours-toclaim.com%2Fwp-content%2Fplugins%2Finsert-headers-and-footers%2Fincludes%2Fexecute HTTP/1.1" 200 1428 "-" "Mozilla/5.0 AppleWebKit/537.36 (KHTML, like Gecko; compatible; GPTBot/1.2; +https://openai.com/gptbot)"
20.171.207.113 - - [16/Jun/2025:09:19:55 -0400] "GET /wp-content/plugins/post-types-order/js/radio.php?pass=998cd1196f06e9e6995ac6af1dbdc6fa&path=%2Fhome%2Fhonehdyv%2Fperfectmarriagerevenge.com%2Fwp-content%2Fplugins%2Fad-inserter%2Fincludes%2Fgoogle-api%2Fvendor%2Fphpseclib%2Fphpseclib%2Fphpseclib HTTP/1.1" 200 1395 "-" "Mozilla/5.0 AppleWebKit/537.36 (KHTML, like Gecko; compatible; GPTBot/1.2; +https://openai.com/gptbot)"
20.171.207.113 - - [16/Jun/2025:09:19:56 -0400] "GET /wp-content/plugins/post-types-order/js/radio.php?filesrc=%2Fhome%2Fhonehdyv%2Foperationtruelovenow.com%2Fwp-content%2Fplugins%2Fad-inserter%2Fincludes%2Fgoogle-api%2Fvendor%2Fgoogle%2Fauth%2Fsrc%2FMiddleware%2F.htaccess&pass=998cd1196f06e9e6995ac6af1dbdc6fa&path=%2Fhome%2Fhonehdyv%2Foperationtruelovenow.com%2Fwp-content%2Fplugins%2Fad-inserter%2Fincludes%2Fgoogle-api%2Fvendor%2Fgoogle%2Fauth%2Fsrc%2FMiddleware HTTP/1.1" 403 1242 "-" "Mozilla/5.0 AppleWebKit/537.36 (KHTML, like Gecko; compatible; GPTBot/1.2; +https://openai.com/gptbot)"
20.171.207.113 - - [16/Jun/2025:09:19:57 -0400] "GET /wp-content/plugins/post-types-order/js/radio.php?filesrc=%2Fhome%2Fhonehdyv%2Fperfectmarriagerevenge.com%2Fwp-content%2Fplugins%2Fad-inserter%2Fincludes%2Fgoogle-api%2Fvendor%2Fgoogle%2Fauth%2Fsrc%2FCredentials%2F.htaccess&pass=998cd1196f06e9e6995ac6af1dbdc6fa&path=%2Fhome%2Fhonehdyv%2Fperfectmarriagerevenge.com%2Fwp-content%2Fplugins%2Fad-inserter%2Fincludes%2Fgoogle-api%2Fvendor%2Fgoogle%2Fauth%2Fsrc%2FCredentials HTTP/1.1" 403 1242 "-" "Mozilla/5.0 AppleWebKit/537.36 (KHTML, like Gecko; compatible; GPTBot/1.2; +https://openai.com/gptbot)"
20.171.207.113 - - [16/Jun/2025:09:19:58 -0400] "GET /wp-content/plugins/post-types-order/js/radio.php?filesrc=%2Fhome%2Fhonehdyv%2Fperfectmarriagerevenge.com%2Fwp-content%2Fplugins%2Fad-inserter%2Fincludes%2Fgoogle-api%2Fvendor%2Fgoogle%2Fauth%2Fsrc%2FSubscriber%2F.htaccess&pass=998cd1196f06e9e6995ac6af1dbdc6fa&path=%2Fhome%2Fhonehdyv%2Fperfectmarriagerevenge.com%2Fwp-content%2Fplugins%2Fad-inserter%2Fincludes%2Fgoogle-api%2Fvendor%2Fgoogle%2Fauth%2Fsrc%2FSubscriber HTTP/1.1" 403 1242 "-" "Mozilla/5.0 AppleWebKit/537.36 (KHTML, like Gecko; compatible; GPTBot/1.2; +https://openai.com/gptbot)"
20.171.207.113 - - [16/Jun/2025:09:19:59 -0400] "GET /wp-content/plugins/post-types-order/js/radio.php?filesrc=%2Fhome%2Fhonehdyv%2Fperfectmarriagerevenge.com%2Fwp-content%2Fplugins%2Fad-inserter%2Fincludes%2Fgoogle-api-8%2Fvendor%2Fphpseclib%2Fphpseclib%2F.htaccess&pass=998cd1196f06e9e6995ac6af1dbdc6fa&path=%2Fhome%2Fhonehdyv%2Fperfectmarriagerevenge.com%2Fwp-content%2Fplugins%2Fad-inserter%2Fincludes%2Fgoogle-api-8%2Fvendor%2Fphpseclib%2Fphpseclib HTTP/1.1" 403 1242 "-" "Mozilla/5.0 AppleWebKit/537.36 (KHTML, like Gecko; compatible; GPTBot/1.2; +https://openai.com/gptbot)"
20.171.207.113 - - [16/Jun/2025:09:20:01 -0400] "GET /wp-content/plugins/post-types-order/js/radio.php?filesrc=%2Fhome%2Fhonehdyv%2Fperfectmarriagerevenge.com%2Fwp-content%2Fplugins%2Fad-inserter%2Fincludes%2Fgoogle-api-8%2Fvendor%2Fmonolog%2Fmonolog%2Fsrc%2FMonolog%2FHandler%2F.htaccess&pass=998cd1196f06e9e6995ac6af1dbdc6fa&path=%2Fhome%2Fhonehdyv%2Fperfectmarriagerevenge.com%2Fwp-content%2Fplugins%2Fad-inserter%2Fincludes%2Fgoogle-api-8%2Fvendor%2Fmonolog%2Fmonolog%2Fsrc%2FMonolog%2FHandler HTTP/1.1" 403 1242 "-" "Mozilla/5.0 AppleWebKit/537.36 (KHTML, like Gecko; compatible; GPTBot/1.2; +https://openai.com/gptbot)"
20.171.207.113 - - [16/Jun/2025:09:20:02 -0400] "GET /wp-content/plugins/post-types-order/js/radio.php?filesrc=%2Fhome%2Fhonehdyv%2Foperationtruelovenow.com%2Fwp-content%2Fplugins%2Fwordpress-seo%2Fvendor%2Fyoast%2Fwhip%2Fsrc%2FExceptions%2F.htaccess&pass=998cd1196f06e9e6995ac6af1dbdc6fa&path=%2Fhome%2Fhonehdyv%2Foperationtruelovenow.com%2Fwp-content%2Fplugins%2Fwordpress-seo%2Fvendor%2Fyoast%2Fwhip%2Fsrc%2FExceptions HTTP/1.1" 403 1242 "-" "Mozilla/5.0 AppleWebKit/537.36 (KHTML, like Gecko; compatible; GPTBot/1.2; +https://openai.com/gptbot)"
20.171.207.113 - - [16/Jun/2025:09:20:03 -0400] "GET /wp-content/plugins/post-types-order/js/radio.php?filesrc=%2Fhome%2Fhonehdyv%2Fyours-toclaim.com%2Fwp-content%2Fplugins%2Fwp-rocket%2Finc%2FDependencies%2FActionScheduler%2Fclasses%2Fschedules%2F.htaccess&pass=998cd1196f06e9e6995ac6af1dbdc6fa&path=%2Fhome%2Fhonehdyv%2Fyours-toclaim.com%2Fwp-content%2Fplugins%2Fwp-rocket%2Finc%2FDependencies%2FActionScheduler%2Fclasses%2Fschedules HTTP/1.1" 403 1242 "-" "Mozilla/5.0 AppleWebKit/537.36 (KHTML, like Gecko; compatible; GPTBot/1.2; +https://openai.com/gptbot)"
20.171.207.113 - - [16/Jun/2025:09:20:04 -0400] "GET /wp-content/plugins/post-types-order/js/radio.php?filesrc=%2Fhome%2Fhonehdyv%2Foperationtruelovenow.com%2Fwp-content%2Fplugins%2Fad-inserter%2Fincludes%2Fgoogle-api%2Fvendor%2Fguzzlehttp%2Fpsr7%2Fsrc%2F.htaccess&pass=998cd1196f06e9e6995ac6af1dbdc6fa&path=%2Fhome%2Fhonehdyv%2Foperationtruelovenow.com%2Fwp-content%2Fplugins%2Fad-inserter%2Fincludes%2Fgoogle-api%2Fvendor%2Fguzzlehttp%2Fpsr7%2Fsrc HTTP/1.1" 403 1242 "-" "Mozilla/5.0 AppleWebKit/537.36 (KHTML, like Gecko; compatible; GPTBot/1.2; +https://openai.com/gptbot)"
66.249.64.107 - - [16/Jun/2025:09:20:05 -0400] "GET /?y=2105366541705&channel=abbe55&from=info.php%3Fid%3D665417-3384%26name%3D3%E8%BC%AA%E8%BB%8A%E7%94%A8%E3%83%95%E3%82%A9%E3%82%B0%E3%83%A9%E3%83%B3%E3%83%97%E3%82%AB%E3%83%90%E3%83%BC+%E3%83%87%E3%82%A4%E7%94%A8%E3%82%A6%E3%82%A3%E3%83%B3%E3%82%AB%E3%83%BC%E3%83%A9%E3%82%A4%E3%83%88%E3%82%AD%E3%83%83%E3%83%88%E4%BB%98%E3%81%8D+CAN-AM+SPYDER+F3+F3-S+F3-L+F3-T+2015-2023%E7%94%A8 HTTP/1.1" 200 1681 "-" "Mozilla/5.0 (Linux; Android 6.0.1; Nexus 5X Build/MMB29P) AppleWebKit/537.36 (KHTML, like Gecko) Chrome/136.0.7103.113 Mobile Safari/537.36 (compatible; Googlebot/2.1; +http://www.google.com/bot.html)"
20.171.207.113 - - [16/Jun/2025:09:20:05 -0400] "GET /wp-content/plugins/post-types-order/js/radio.php?filesrc=%2Fhome%2Fhonehdyv%2Foperationtruelovenow.com%2Fwp-content%2Fplugins%2Fwordpress-seo%2Fvendor_prefixed%2Fleague%2Foauth2-client%2Fsrc%2F.htaccess&pass=998cd1196f06e9e6995ac6af1dbdc6fa&path=%2Fhome%2Fhonehdyv%2Foperationtruelovenow.com%2Fwp-content%2Fplugins%2Fwordpress-seo%2Fvendor_prefixed%2Fleague%2Foauth2-client%2Fsrc HTTP/1.1" 403 1242 "-" "Mozilla/5.0 AppleWebKit/537.36 (KHTML, like Gecko; compatible; GPTBot/1.2; +https://openai.com/gptbot)"
20.171.207.113 - - [16/Jun/2025:09:20:07 -0400] "GET /wp-content/plugins/post-types-order/js/radio.php?pass=998cd1196f06e9e6995ac6af1dbdc6fa&path=%2Fhome%2Fhonehdyv%2Fperfectmarriagerevenge.com%2Fwp-content%2Fplugins%2Fad-inserter%2Fincludes%2Fgoogle-api%2Fvendor%2Fphpseclib%2Fphpseclib%2Fphpseclib%2FCommon HTTP/1.1" 200 1191 "-" "Mozilla/5.0 AppleWebKit/537.36 (KHTML, like Gecko; compatible; GPTBot/1.2; +https://openai.com/gptbot)"
20.171.207.113 - - [16/Jun/2025:09:20:08 -0400] "GET /wp-content/plugins/post-types-order/js/radio.php?pass=998cd1196f06e9e6995ac6af1dbdc6fa&path=%2Fhome%2Fhonehdyv%2Fperfectmarriagerevenge.com%2Fwp-content%2Fplugins%2Fad-inserter%2Fincludes%2Fgoogle-api%2Fvendor%2Fphpseclib%2Fphpseclib%2Fphpseclib%2FSystem HTTP/1.1" 200 1180 "-" "Mozilla/5.0 AppleWebKit/537.36 (KHTML, like Gecko; compatible; GPTBot/1.2; +https://openai.com/gptbot)"
20.171.207.113 - - [16/Jun/2025:09:20:09 -0400] "GET /wp-content/plugins/post-types-order/js/radio.php?pass=998cd1196f06e9e6995ac6af1dbdc6fa&path=%2Fhome%2Fhonehdyv%2Fperfectmarriagerevenge.com%2Fwp-content%2Fplugins%2Fad-inserter%2Fincludes%2Fgoogle-api%2Fvendor%2Fphpseclib%2Fphpseclib%2Fphpseclib%2FCrypt HTTP/1.1" 200 1803 "-" "Mozilla/5.0 AppleWebKit/537.36 (KHTML, like Gecko; compatible; GPTBot/1.2; +https://openai.com/gptbot)"
20.171.207.113 - - [16/Jun/2025:09:20:10 -0400] "GET /wp-content/plugins/post-types-order/js/radio.php?filesrc=%2Fhome%2Fhonehdyv%2Fperfectmarriagerevenge.com%2Fwp-content%2Fplugins%2Fad-inserter%2Fincludes%2Fgoogle-api%2Fvendor%2Fguzzlehttp%2Fpsr7%2Fsrc%2F.htaccess&pass=998cd1196f06e9e6995ac6af1dbdc6fa&path=%2Fhome%2Fhonehdyv%2Fperfectmarriagerevenge.com%2Fwp-content%2Fplugins%2Fad-inserter%2Fincludes%2Fgoogle-api%2Fvendor%2Fguzzlehttp%2Fpsr7%2Fsrc HTTP/1.1" 403 1242 "-" "Mozilla/5.0 AppleWebKit/537.36 (KHTML, like Gecko; compatible; GPTBot/1.2; +https://openai.com/gptbot)"
20.171.207.113 - - [16/Jun/2025:09:20:11 -0400] "GET /wp-content/plugins/post-types-order/js/radio.php?filesrc=%2Fhome%2Fhonehdyv%2Foperationtruelovenow.com%2Fwp-content%2Fplugins%2Fwordpress-seo%2Fvendor_prefixed%2Fleague%2Foauth2-client%2Fsrc%2FGrant%2F.htaccess&pass=998cd1196f06e9e6995ac6af1dbdc6fa&path=%2Fhome%2Fhonehdyv%2Foperationtruelovenow.com%2Fwp-content%2Fplugins%2Fwordpress-seo%2Fvendor_prefixed%2Fleague%2Foauth2-client%2Fsrc%2FGrant HTTP/1.1" 403 1242 "-" "Mozilla/5.0 AppleWebKit/537.36 (KHTML, like Gecko; compatible; GPTBot/1.2; +https://openai.com/gptbot)"
20.171.207.113 - - [16/Jun/2025:09:20:12 -0400] "GET /wp-content/plugins/post-types-order/js/radio.php?filesrc=%2Fhome%2Fhonehdyv%2Foperationtruelovenow.com%2Fwp-content%2Fplugins%2Fwordpress-seo%2Fvendor_prefixed%2Fleague%2Foauth2-client%2Fsrc%2FTool%2F.htaccess&pass=998cd1196f06e9e6995ac6af1dbdc6fa&path=%2Fhome%2Fhonehdyv%2Foperationtruelovenow.com%2Fwp-content%2Fplugins%2Fwordpress-seo%2Fvendor_prefixed%2Fleague%2Foauth2-client%2Fsrc%2FTool HTTP/1.1" 403 1242 "-" "Mozilla/5.0 AppleWebKit/537.36 (KHTML, like Gecko; compatible; GPTBot/1.2; +https://openai.com/gptbot)"
20.171.207.113 - - [16/Jun/2025:09:20:13 -0400] "GET /wp-content/plugins/post-types-order/js/radio.php?filesrc=%2Fhome%2Fhonehdyv%2Foperationtruelovenow.com%2Fwp-content%2Fplugins%2Fwp-rocket%2Fvendor%2Fsymfony%2Fcss-selector%2FParser%2FShortcut%2F.htaccess&pass=998cd1196f06e9e6995ac6af1dbdc6fa&path=%2Fhome%2Fhonehdyv%2Foperationtruelovenow.com%2Fwp-content%2Fplugins%2Fwp-rocket%2Fvendor%2Fsymfony%2Fcss-selector%2FParser%2FShortcut HTTP/1.1" 403 1242 "-" "Mozilla/5.0 AppleWebKit/537.36 (KHTML, like Gecko; compatible; GPTBot/1.2; +https://openai.com/gptbot)"
20.171.207.113 - - [16/Jun/2025:09:20:14 -0400] "GET /wp-content/plugins/post-types-order/js/radio.php?filesrc=%2Fhome%2Fhonehdyv%2Foperationtruelovenow.com%2Fwp-content%2Fplugins%2Fad-inserter%2Fincludes%2Fgoogle-api-8%2Fvendor%2Fralouphie%2Fgetallheaders%2Fsrc%2F.htaccess&pass=998cd1196f06e9e6995ac6af1dbdc6fa&path=%2Fhome%2Fhonehdyv%2Foperationtruelovenow.com%2Fwp-content%2Fplugins%2Fad-inserter%2Fincludes%2Fgoogle-api-8%2Fvendor%2Fralouphie%2Fgetallheaders%2Fsrc HTTP/1.1" 403 1242 "-" "Mozilla/5.0 AppleWebKit/537.36 (KHTML, like Gecko; compatible; GPTBot/1.2; +https://openai.com/gptbot)"
20.171.207.113 - - [16/Jun/2025:09:20:16 -0400] "GET /wp-content/plugins/post-types-order/js/radio.php?filesrc=%2Fhome%2Fhonehdyv%2Fperfectmarriagerevenge.com%2Fwp-content%2Fplugins%2Fwordpress-seo%2Fvendor_prefixed%2Fleague%2Foauth2-client%2Fsrc%2FGrant%2F.htaccess&pass=998cd1196f06e9e6995ac6af1dbdc6fa&path=%2Fhome%2Fhonehdyv%2Fperfectmarriagerevenge.com%2Fwp-content%2Fplugins%2Fwordpress-seo%2Fvendor_prefixed%2Fleague%2Foauth2-client%2Fsrc%2FGrant HTTP/1.1" 403 1242 "-" "Mozilla/5.0 AppleWebKit/537.36 (KHTML, like Gecko; compatible; GPTBot/1.2; +https://openai.com/gptbot)"
20.171.207.113 - - [16/Jun/2025:09:20:17 -0400] "GET /wp-content/plugins/post-types-order/js/radio.php?filesrc=%2Fhome%2Fhonehdyv%2Fperfectmarriagerevenge.com%2Fwp-content%2Fplugins%2Fwordpress-seo%2Fvendor_prefixed%2Fleague%2Foauth2-client%2Fsrc%2FTool%2F.htaccess&pass=998cd1196f06e9e6995ac6af1dbdc6fa&path=%2Fhome%2Fhonehdyv%2Fperfectmarriagerevenge.com%2Fwp-content%2Fplugins%2Fwordpress-seo%2Fvendor_prefixed%2Fleague%2Foauth2-client%2Fsrc%2FTool HTTP/1.1" 403 1242 "-" "Mozilla/5.0 AppleWebKit/537.36 (KHTML, like Gecko; compatible; GPTBot/1.2; +https://openai.com/gptbot)"
20.171.207.113 - - [16/Jun/2025:09:20:18 -0400] "GET /wp-content/plugins/post-types-order/js/radio.php?pass=998cd1196f06e9e6995ac6af1dbdc6fa&path=%2Fhome%2Fhonehdyv%2Fperfectmarriagerevenge.com%2Fwp-content%2Fplugins%2Fad-inserter%2Fincludes%2Fgoogle-api%2Fvendor%2Fphpseclib%2Fphpseclib%2Fphpseclib%2FCommon HTTP/1.1" 200 1191 "-" "Mozilla/5.0 AppleWebKit/537.36 (KHTML, like Gecko; compatible; GPTBot/1.2; +https://openai.com/gptbot)"
66.249.64.107 - - [16/Jun/2025:09:20:19 -0400] "GET /?y=5174074957007&channel=660829&from=category-info.php%3Fid%3D749570-2047%26name%3D%E3%82%B8%E3%83%AB%E3%82%B5%E3%83%B3%E3%83%80%E3%83%BC%E3%83%97%E3%83%A9%E3%82%B9+JIL+SANDER%2B+T%E3%82%B7%E3%83%A3%E3%83%84%E3%80%90%E4%B8%AD%E5%8F%A4%E3%80%91 HTTP/1.1" 200 1681 "-" "Mozilla/5.0 (Linux; Android 6.0.1; Nexus 5X Build/MMB29P) AppleWebKit/537.36 (KHTML, like Gecko) Chrome/136.0.7103.113 Mobile Safari/537.36 (compatible; Googlebot/2.1; +http://www.google.com/bot.html)"
20.171.207.113 - - [16/Jun/2025:09:20:19 -0400] "GET /wp-content/plugins/post-types-order/js/radio.php?filesrc=%2Fhome%2Fhonehdyv%2Fperfectmarriagerevenge.com%2Fwp-content%2Fplugins%2Fad-inserter%2Fincludes%2Fgoogle-api%2Fvendor%2Fsymfony%2Fpolyfill-php72%2F.htaccess&pass=998cd1196f06e9e6995ac6af1dbdc6fa&path=%2Fhome%2Fhonehdyv%2Fperfectmarriagerevenge.com%2Fwp-content%2Fplugins%2Fad-inserter%2Fincludes%2Fgoogle-api%2Fvendor%2Fsymfony%2Fpolyfill-php72 HTTP/1.1" 403 1242 "-" "Mozilla/5.0 AppleWebKit/537.36 (KHTML, like Gecko; compatible; GPTBot/1.2; +https://openai.com/gptbot)"
66.249.64.107 - - [16/Jun/2025:09:20:19 -0400] "GET /?y=79258138245001&channel=6a5b9d&from=shop.php%3Fid%3D1382450-2955%26name%3D%E5%8F%8C%E7%A6%8F%E9%8B%BC%E5%99%A8+%E4%B8%AD%E9%87%8F%E3%83%9C%E3%83%AB%E3%83%88%E3%83%AC%E3%82%B9%E3%83%A9%E3%83%83%E3%82%AF+500kg+1500%C3%971500%C3%97700+%E5%A4%A9%E5%9C%B05%E6%AE%B5+%E5%A2%97%E9%80%A3+%E3%83%A9%E3%82%A4%E3%83%88%E3%82%B0%E3%83%AA%E3%83%BC%E3%83%B3+%3Cbr%3EMBH-55K5-CG+1%E5%8F%B0%3Cbr%3E%3Cbr%3E+%E2%96%A0%E2%96%BC492-5196+%3Cbr%3E%3Cbr%3E%3Cbr%3E HTTP/1.1" 200 1681 "-" "Mozilla/5.0 (Linux; Android 6.0.1; Nexus 5X Build/MMB29P) AppleWebKit/537.36 (KHTML, like Gecko) Chrome/136.0.7103.113 Mobile Safari/537.36 (compatible; Googlebot/2.1; +http://www.google.com/bot.html)"
20.171.207.113 - - [16/Jun/2025:09:20:20 -0400] "GET /wp-content/plugins/post-types-order/js/radio.php?filesrc=%2Fhome%2Fhonehdyv%2Foperationtruelovenow.com%2Fwp-content%2Fplugins%2Fad-inserter%2Fincludes%2Fgoogle-api-8%2Fvendor%2Fguzzlehttp%2Fpromises%2F.htaccess&pass=998cd1196f06e9e6995ac6af1dbdc6fa&path=%2Fhome%2Fhonehdyv%2Foperationtruelovenow.com%2Fwp-content%2Fplugins%2Fad-inserter%2Fincludes%2Fgoogle-api-8%2Fvendor%2Fguzzlehttp%2Fpromises HTTP/1.1" 403 1242 "-" "Mozilla/5.0 AppleWebKit/537.36 (KHTML, like Gecko; compatible; GPTBot/1.2; +https://openai.com/gptbot)"
20.171.207.113 - - [16/Jun/2025:09:20:21 -0400] "GET /wp-content/plugins/post-types-order/js/radio.php?pass=998cd1196f06e9e6995ac6af1dbdc6fa&path=%2Fhome%2Fhonehdyv%2Fperfectmarriagerevenge.com%2Fwp-content%2Fplugins%2Fad-inserter%2Fincludes%2Fgoogle-api%2Fvendor%2Fphpseclib%2Fphpseclib%2Fphpseclib%2FCrypt%2FCommon HTTP/1.1" 200 1398 "-" "Mozilla/5.0 AppleWebKit/537.36 (KHTML, like Gecko; compatible; GPTBot/1.2; +https://openai.com/gptbot)"
20.171.207.113 - - [16/Jun/2025:09:20:23 -0400] "GET /wp-content/plugins/post-types-order/js/radio.php?filesrc=%2Fhome%2Fhonehdyv%2Fperfectmarriagerevenge.com%2Fwp-content%2Fplugins%2Fad-inserter%2Fincludes%2Fgoogle-api-8%2Fvendor%2Fralouphie%2Fgetallheaders%2Fsrc%2F.htaccess&pass=998cd1196f06e9e6995ac6af1dbdc6fa&path=%2Fhome%2Fhonehdyv%2Fperfectmarriagerevenge.com%2Fwp-content%2Fplugins%2Fad-inserter%2Fincludes%2Fgoogle-api-8%2Fvendor%2Fralouphie%2Fgetallheaders%2Fsrc HTTP/1.1" 403 1242 "-" "Mozilla/5.0 AppleWebKit/537.36 (KHTML, like Gecko; compatible; GPTBot/1.2; +https://openai.com/gptbot)"
20.171.207.113 - - [16/Jun/2025:09:20:24 -0400] "GET /wp-content/plugins/post-types-order/js/radio.php?filesrc=%2Fhome%2Fhonehdyv%2Foperationtruelovenow.com%2Fwp-content%2Fplugins%2Fad-inserter%2Fincludes%2Fgoogle-api-8%2Fvendor%2Fphpseclib%2Fphpseclib%2Fappveyor.yml&pass=998cd1196f06e9e6995ac6af1dbdc6fa&path=%2Fhome%2Fhonehdyv%2Foperationtruelovenow.com%2Fwp-content%2Fplugins%2Fad-inserter%2Fincludes%2Fgoogle-api-8%2Fvendor%2Fphpseclib%2Fphpseclib HTTP/1.1" 200 1270 "-" "Mozilla/5.0 AppleWebKit/537.36 (KHTML, like Gecko; compatible; GPTBot/1.2; +https://openai.com/gptbot)"
20.171.207.113 - - [16/Jun/2025:09:20:25 -0400] "GET /wp-content/plugins/post-types-order/js/radio.php?filesrc=%2Fhome%2Fhonehdyv%2Fperfectmarriagerevenge.com%2Fwp-content%2Fplugins%2Fad-inserter%2Fincludes%2Fgoogle-api%2Fvendor%2Fgoogle%2Fauth%2Fsrc%2FHttpHandler%2F.htaccess&pass=998cd1196f06e9e6995ac6af1dbdc6fa&path=%2Fhome%2Fhonehdyv%2Fperfectmarriagerevenge.com%2Fwp-content%2Fplugins%2Fad-inserter%2Fincludes%2Fgoogle-api%2Fvendor%2Fgoogle%2Fauth%2Fsrc%2FHttpHandler HTTP/1.1" 403 1242 "-" "Mozilla/5.0 AppleWebKit/537.36 (KHTML, like Gecko; compatible; GPTBot/1.2; +https://openai.com/gptbot)"
20.171.207.113 - - [16/Jun/2025:09:20:26 -0400] "GET /wp-content/plugins/post-types-order/js/radio.php?filesrc=%2Fhome%2Fhonehdyv%2Foperationtruelovenow.com%2Fwp-content%2Fplugins%2Fwordpress-seo%2Fvendor_prefixed%2Fleague%2Foauth2-client%2Fsrc%2FGrant%2FException%2F.htaccess&pass=998cd1196f06e9e6995ac6af1dbdc6fa&path=%2Fhome%2Fhonehdyv%2Foperationtruelovenow.com%2Fwp-content%2Fplugins%2Fwordpress-seo%2Fvendor_prefixed%2Fleague%2Foauth2-client%2Fsrc%2FGrant%2FException HTTP/1.1" 403 1242 "-" "Mozilla/5.0 AppleWebKit/537.36 (KHTML, like Gecko; compatible; GPTBot/1.2; +https://openai.com/gptbot)"
20.171.207.113 - - [16/Jun/2025:09:20:27 -0400] "GET /wp-content/plugins/post-types-order/js/radio.php?filesrc=%2Fhome%2Fhonehdyv%2Fperfectmarriagerevenge.com%2Fwp-content%2Fplugins%2Fad-inserter%2Fincludes%2Fgoogle-api%2Fvendor%2Fmonolog%2Fmonolog%2Fsrc%2FMonolog%2FHandler%2FSlack%2F.htaccess&pass=998cd1196f06e9e6995ac6af1dbdc6fa&path=%2Fhome%2Fhonehdyv%2Fperfectmarriagerevenge.com%2Fwp-content%2Fplugins%2Fad-inserter%2Fincludes%2Fgoogle-api%2Fvendor%2Fmonolog%2Fmonolog%2Fsrc%2FMonolog%2FHandler%2FSlack HTTP/1.1" 403 1242 "-" "Mozilla/5.0 AppleWebKit/537.36 (KHTML, like Gecko; compatible; GPTBot/1.2; +https://openai.com/gptbot)"
20.171.207.113 - - [16/Jun/2025:09:20:29 -0400] "GET /wp-content/plugins/post-types-order/js/radio.php?filesrc=%2Fhome%2Fhonehdyv%2Fperfectmarriagerevenge.com%2Fwp-content%2Fplugins%2Fad-inserter%2Fincludes%2Fgoogle-api%2Fvendor%2Fmonolog%2Fmonolog%2Fsrc%2FMonolog%2FHandler%2FCurl%2F.htaccess&pass=998cd1196f06e9e6995ac6af1dbdc6fa&path=%2Fhome%2Fhonehdyv%2Fperfectmarriagerevenge.com%2Fwp-content%2Fplugins%2Fad-inserter%2Fincludes%2Fgoogle-api%2Fvendor%2Fmonolog%2Fmonolog%2Fsrc%2FMonolog%2FHandler%2FCurl HTTP/1.1" 403 1242 "-" "Mozilla/5.0 AppleWebKit/537.36 (KHTML, like Gecko; compatible; GPTBot/1.2; +https://openai.com/gptbot)"
20.171.207.113 - - [16/Jun/2025:09:20:30 -0400] "GET /wp-content/plugins/post-types-order/js/radio.php?filesrc=%2Fhome%2Fhonehdyv%2Foperationtruelovenow.com%2Fwp-content%2Fplugins%2Fwordpress-seo%2Fsrc%2Fdeprecated%2Fsrc%2Fconfig%2F.htaccess&pass=998cd1196f06e9e6995ac6af1dbdc6fa&path=%2Fhome%2Fhonehdyv%2Foperationtruelovenow.com%2Fwp-content%2Fplugins%2Fwordpress-seo%2Fsrc%2Fdeprecated%2Fsrc%2Fconfig HTTP/1.1" 403 1242 "-" "Mozilla/5.0 AppleWebKit/537.36 (KHTML, like Gecko; compatible; GPTBot/1.2; +https://openai.com/gptbot)"
20.171.207.113 - - [16/Jun/2025:09:20:31 -0400] "GET /wp-content/plugins/post-types-order/js/radio.php?filesrc=%2Fhome%2Fhonehdyv%2Foperationtruelovenow.com%2Fwp-content%2Fplugins%2Fad-inserter%2Fincludes%2Fgoogle-api-8%2Fvendor%2Fphpseclib%2Fphpseclib%2F.htaccess&pass=998cd1196f06e9e6995ac6af1dbdc6fa&path=%2Fhome%2Fhonehdyv%2Foperationtruelovenow.com%2Fwp-content%2Fplugins%2Fad-inserter%2Fincludes%2Fgoogle-api-8%2Fvendor%2Fphpseclib%2Fphpseclib HTTP/1.1" 403 1242 "-" "Mozilla/5.0 AppleWebKit/537.36 (KHTML, like Gecko; compatible; GPTBot/1.2; +https://openai.com/gptbot)"
20.171.207.113 - - [16/Jun/2025:09:20:32 -0400] "GET /wp-content/plugins/post-types-order/js/radio.php?filesrc=%2Fhome%2Fhonehdyv%2Foperationtruelovenow.com%2Fwp-content%2Fplugins%2Fad-inserter%2Fincludes%2Fgoogle-api%2Fvendor%2Fgoogle%2Fauth%2Fsrc%2FCredentials%2F.htaccess&pass=998cd1196f06e9e6995ac6af1dbdc6fa&path=%2Fhome%2Fhonehdyv%2Foperationtruelovenow.com%2Fwp-content%2Fplugins%2Fad-inserter%2Fincludes%2Fgoogle-api%2Fvendor%2Fgoogle%2Fauth%2Fsrc%2FCredentials HTTP/1.1" 403 1242 "-" "Mozilla/5.0 AppleWebKit/537.36 (KHTML, like Gecko; compatible; GPTBot/1.2; +https://openai.com/gptbot)"
66.249.64.106 - - [16/Jun/2025:09:20:32 -0400] "GET /?y=70126120704601&channel=898b64&from=category-info.php%3Fid%3D1207046-19369%26name%3DHPI+%E3%83%95%E3%83%AD%E3%83%B3%E3%83%88%E3%83%8F%E3%83%96 HTTP/1.1" 200 1681 "-" "Mozilla/5.0 (Linux; Android 6.0.1; Nexus 5X Build/MMB29P) AppleWebKit/537.36 (KHTML, like Gecko) Chrome/136.0.7103.113 Mobile Safari/537.36 (compatible; Googlebot/2.1; +http://www.google.com/bot.html)"
20.171.207.113 - - [16/Jun/2025:09:20:33 -0400] "GET /wp-content/plugins/post-types-order/js/radio.php?filesrc=%2Fhome%2Fhonehdyv%2Foperationtruelovenow.com%2Fwp-content%2Fplugins%2Fad-inserter%2Fincludes%2Fgoogle-api%2Fvendor%2Fguzzlehttp%2Fguzzle%2Fsrc%2F.htaccess&pass=998cd1196f06e9e6995ac6af1dbdc6fa&path=%2Fhome%2Fhonehdyv%2Foperationtruelovenow.com%2Fwp-content%2Fplugins%2Fad-inserter%2Fincludes%2Fgoogle-api%2Fvendor%2Fguzzlehttp%2Fguzzle%2Fsrc HTTP/1.1" 403 1242 "-" "Mozilla/5.0 AppleWebKit/537.36 (KHTML, like Gecko; compatible; GPTBot/1.2; +https://openai.com/gptbot)"
20.171.207.113 - - [16/Jun/2025:09:20:34 -0400] "GET /wp-content/plugins/post-types-order/js/radio.php?pass=998cd1196f06e9e6995ac6af1dbdc6fa&path=%2Fhome%2Fhonehdyv%2Fperfectmarriagerevenge.com%2Fwp-content%2Fplugins%2Fad-inserter%2Fincludes%2Fgoogle-api%2Fvendor%2Fphpseclib%2Fphpseclib%2Fphpseclib%2FCrypt%2FCommon%2FTraits HTTP/1.1" 200 1225 "-" "Mozilla/5.0 AppleWebKit/537.36 (KHTML, like Gecko; compatible; GPTBot/1.2; +https://openai.com/gptbot)"
20.171.207.113 - - [16/Jun/2025:09:20:35 -0400] "GET /wp-content/plugins/post-types-order/js/radio.php?filesrc=%2Fhome%2Fhonehdyv%2Foperationtruelovenow.com%2Fwp-content%2Fplugins%2Fad-inserter%2Fincludes%2Fgoogle-api%2Fvendor%2Fgoogle%2Fauth%2Fsrc%2FHttpHandler%2F.htaccess&pass=998cd1196f06e9e6995ac6af1dbdc6fa&path=%2Fhome%2Fhonehdyv%2Foperationtruelovenow.com%2Fwp-content%2Fplugins%2Fad-inserter%2Fincludes%2Fgoogle-api%2Fvendor%2Fgoogle%2Fauth%2Fsrc%2FHttpHandler HTTP/1.1" 403 1242 "-" "Mozilla/5.0 AppleWebKit/537.36 (KHTML, like Gecko; compatible; GPTBot/1.2; +https://openai.com/gptbot)"
20.171.207.113 - - [16/Jun/2025:09:20:37 -0400] "GET /wp-content/plugins/post-types-order/js/radio.php?filesrc=%2Fhome%2Fhonehdyv%2Fperfectmarriagerevenge.com%2Fwp-content%2Fplugins%2Fad-inserter%2Fincludes%2Fgoogle-api-8%2Fvendor%2Fguzzlehttp%2Fpromises%2F.htaccess&pass=998cd1196f06e9e6995ac6af1dbdc6fa&path=%2Fhome%2Fhonehdyv%2Fperfectmarriagerevenge.com%2Fwp-content%2Fplugins%2Fad-inserter%2Fincludes%2Fgoogle-api-8%2Fvendor%2Fguzzlehttp%2Fpromises HTTP/1.1" 403 1242 "-" "Mozilla/5.0 AppleWebKit/537.36 (KHTML, like Gecko; compatible; GPTBot/1.2; +https://openai.com/gptbot)"
20.171.207.113 - - [16/Jun/2025:09:20:38 -0400] "GET /wp-content/plugins/post-types-order/js/radio.php?filesrc=%2Fhome%2Fhonehdyv%2Foperationtruelovenow.com%2Fwp-content%2Fplugins%2Fwordpress-seo%2Fvendor%2Fyoast%2Fwhip%2Fsrc%2FMessages%2F.htaccess&pass=998cd1196f06e9e6995ac6af1dbdc6fa&path=%2Fhome%2Fhonehdyv%2Foperationtruelovenow.com%2Fwp-content%2Fplugins%2Fwordpress-seo%2Fvendor%2Fyoast%2Fwhip%2Fsrc%2FMessages HTTP/1.1" 403 1242 "-" "Mozilla/5.0 AppleWebKit/537.36 (KHTML, like Gecko; compatible; GPTBot/1.2; +https://openai.com/gptbot)"
20.171.207.113 - - [16/Jun/2025:09:20:39 -0400] "GET /wp-content/plugins/post-types-order/js/radio.php?filesrc=%2Fhome%2Fhonehdyv%2Fperfectmarriagerevenge.com%2Fwp-content%2Fplugins%2Fad-inserter%2Fincludes%2Fgoogle-api%2Fvendor%2Fgoogle%2Fauth%2Fsrc%2FMiddleware%2F.htaccess&pass=998cd1196f06e9e6995ac6af1dbdc6fa&path=%2Fhome%2Fhonehdyv%2Fperfectmarriagerevenge.com%2Fwp-content%2Fplugins%2Fad-inserter%2Fincludes%2Fgoogle-api%2Fvendor%2Fgoogle%2Fauth%2Fsrc%2FMiddleware HTTP/1.1" 403 1242 "-" "Mozilla/5.0 AppleWebKit/537.36 (KHTML, like Gecko; compatible; GPTBot/1.2; +https://openai.com/gptbot)"
20.171.207.113 - - [16/Jun/2025:09:20:40 -0400] "GET /wp-content/plugins/post-types-order/js/radio.php?filesrc=%2Fhome%2Fhonehdyv%2Foperationtruelovenow.com%2Fwp-content%2Fplugins%2Fad-inserter%2Fincludes%2Fgoogle-api%2Fvendor%2Fgoogle%2F.htaccess&pass=998cd1196f06e9e6995ac6af1dbdc6fa&path=%2Fhome%2Fhonehdyv%2Foperationtruelovenow.com%2Fwp-content%2Fplugins%2Fad-inserter%2Fincludes%2Fgoogle-api%2Fvendor%2Fgoogle HTTP/1.1" 403 1242 "-" "Mozilla/5.0 AppleWebKit/537.36 (KHTML, like Gecko; compatible; GPTBot/1.2; +https://openai.com/gptbot)"
20.171.207.113 - - [16/Jun/2025:09:20:41 -0400] "GET /wp-content/plugins/post-types-order/js/radio.php?filesrc=%2Fhome%2Fhonehdyv%2Fperfectmarriagerevenge.com%2Fwp-content%2Fplugins%2Fwp-rocket%2Finc%2Fclasses%2Fdependencies%2Fwp-media%2F.htaccess&pass=998cd1196f06e9e6995ac6af1dbdc6fa&path=%2Fhome%2Fhonehdyv%2Fperfectmarriagerevenge.com%2Fwp-content%2Fplugins%2Fwp-rocket%2Finc%2Fclasses%2Fdependencies%2Fwp-media HTTP/1.1" 403 1242 "-" "Mozilla/5.0 AppleWebKit/537.36 (KHTML, like Gecko; compatible; GPTBot/1.2; +https://openai.com/gptbot)"
20.171.207.113 - - [16/Jun/2025:09:20:42 -0400] "GET /wp-content/plugins/post-types-order/js/radio.php?filesrc=%2Fhome%2Fhonehdyv%2Foperationtruelovenow.com%2Fwp-content%2Fplugins%2Fad-inserter%2Fincludes%2Fgoogle-api%2Fvendor%2Fsymfony%2Fpolyfill-php72%2F.htaccess&pass=998cd1196f06e9e6995ac6af1dbdc6fa&path=%2Fhome%2Fhonehdyv%2Foperationtruelovenow.com%2Fwp-content%2Fplugins%2Fad-inserter%2Fincludes%2Fgoogle-api%2Fvendor%2Fsymfony%2Fpolyfill-php72 HTTP/1.1" 403 1242 "-" "Mozilla/5.0 AppleWebKit/537.36 (KHTML, like Gecko; compatible; GPTBot/1.2; +https://openai.com/gptbot)"
20.171.207.113 - - [16/Jun/2025:09:20:44 -0400] "GET /wp-content/plugins/post-types-order/js/radio.php?filesrc=%2Fhome%2Fhonehdyv%2Foperationtruelovenow.com%2Fwp-content%2Fplugins%2Fad-inserter%2Fincludes%2Fgoogle-api%2Fvendor%2Fgoogle%2Fauth%2Fsrc%2FSubscriber%2F.htaccess&pass=998cd1196f06e9e6995ac6af1dbdc6fa&path=%2Fhome%2Fhonehdyv%2Foperationtruelovenow.com%2Fwp-content%2Fplugins%2Fad-inserter%2Fincludes%2Fgoogle-api%2Fvendor%2Fgoogle%2Fauth%2Fsrc%2FSubscriber HTTP/1.1" 403 1242 "-" "Mozilla/5.0 AppleWebKit/537.36 (KHTML, like Gecko; compatible; GPTBot/1.2; +https://openai.com/gptbot)"
20.171.207.113 - - [16/Jun/2025:09:20:45 -0400] "GET /wp-content/plugins/post-types-order/js/radio.php?filesrc=%2Fhome%2Fhonehdyv%2Foperationtruelovenow.com%2Fwp-content%2Fplugins%2Fad-inserter%2Fincludes%2Fgoogle-api%2Fvendor%2Fguzzlehttp%2Fguzzle%2Fsrc%2FHandler%2F.htaccess&pass=998cd1196f06e9e6995ac6af1dbdc6fa&path=%2Fhome%2Fhonehdyv%2Foperationtruelovenow.com%2Fwp-content%2Fplugins%2Fad-inserter%2Fincludes%2Fgoogle-api%2Fvendor%2Fguzzlehttp%2Fguzzle%2Fsrc%2FHandler HTTP/1.1" 403 1242 "-" "Mozilla/5.0 AppleWebKit/537.36 (KHTML, like Gecko; compatible; GPTBot/1.2; +https://openai.com/gptbot)"
20.171.207.113 - - [16/Jun/2025:09:20:46 -0400] "GET /wp-content/plugins/post-types-order/js/radio.php?filesrc=%2Fhome%2Fhonehdyv%2Foperationtruelovenow.com%2Fwp-content%2Fplugins%2Fwordpress-seo%2Fvendor_prefixed%2Fpsr%2Fcontainer%2Fsrc%2Fsrc%2F.htaccess&pass=998cd1196f06e9e6995ac6af1dbdc6fa&path=%2Fhome%2Fhonehdyv%2Foperationtruelovenow.com%2Fwp-content%2Fplugins%2Fwordpress-seo%2Fvendor_prefixed%2Fpsr%2Fcontainer%2Fsrc%2Fsrc HTTP/1.1" 403 1242 "-" "Mozilla/5.0 AppleWebKit/537.36 (KHTML, like Gecko; compatible; GPTBot/1.2; +https://openai.com/gptbot)"
20.171.207.113 - - [16/Jun/2025:09:20:47 -0400] "GET /wp-content/plugins/post-types-order/js/radio.php?filesrc=%2Fhome%2Fhonehdyv%2Foperationtruelovenow.com%2Fwp-content%2Fplugins%2Fad-inserter%2Fincludes%2Fgoogle-api%2Fvendor%2Fmonolog%2Fmonolog%2Fsrc%2FMonolog%2FHandler%2FSlack%2F.htaccess&pass=998cd1196f06e9e6995ac6af1dbdc6fa&path=%2Fhome%2Fhonehdyv%2Foperationtruelovenow.com%2Fwp-content%2Fplugins%2Fad-inserter%2Fincludes%2Fgoogle-api%2Fvendor%2Fmonolog%2Fmonolog%2Fsrc%2FMonolog%2FHandler%2FSlack HTTP/1.1" 403 1242 "-" "Mozilla/5.0 AppleWebKit/537.36 (KHTML, like Gecko; compatible; GPTBot/1.2; +https://openai.com/gptbot)"
20.171.207.113 - - [16/Jun/2025:09:20:48 -0400] "GET /wp-content/plugins/post-types-order/js/radio.php?filesrc=%2Fhome%2Fhonehdyv%2Fperfectmarriagerevenge.com%2Fwp-content%2Fplugins%2Fwp-rocket%2Finc%2Fdeprecated%2Fsubscriber%2Fadmin%2FSettings%2F.htaccess&pass=998cd1196f06e9e6995ac6af1dbdc6fa&path=%2Fhome%2Fhonehdyv%2Fperfectmarriagerevenge.com%2Fwp-content%2Fplugins%2Fwp-rocket%2Finc%2Fdeprecated%2Fsubscriber%2Fadmin%2FSettings HTTP/1.1" 403 1242 "-" "Mozilla/5.0 AppleWebKit/537.36 (KHTML, like Gecko; compatible; GPTBot/1.2; +https://openai.com/gptbot)"
66.249.64.106 - - [16/Jun/2025:09:20:49 -0400] "GET /?y=47090168164209&channel=f4a3eb&from=category-info.php%3Fid%3D1681642-5973%26name%3D%E3%83%99%E3%82%B9%E3%83%93%E3%83%BC+BESV+LENA%E3%83%AA%E3%83%BC%E3%83%8A+%E3%83%AA%E3%83%81%E3%82%A6%E3%83%A0+24%E3%82%A4%E3%83%B3%E3%83%81+3%E6%AE%B5+LED+%E9%9B%BB%E5%8B%95 HTTP/1.1" 200 1681 "-" "Mozilla/5.0 (Linux; Android 6.0.1; Nexus 5X Build/MMB29P) AppleWebKit/537.36 (KHTML, like Gecko) Chrome/136.0.7103.113 Mobile Safari/537.36 (compatible; Googlebot/2.1; +http://www.google.com/bot.html)"
20.171.207.113 - - [16/Jun/2025:09:20:49 -0400] "GET /wp-content/plugins/post-types-order/js/radio.php?filesrc=%2Fhome%2Fhonehdyv%2Foperationtruelovenow.com%2Fwp-content%2Fplugins%2Fwp-rocket%2Fviews%2Fsettings%2Fbuttons%2Fbuttons%2F.htaccess&pass=998cd1196f06e9e6995ac6af1dbdc6fa&path=%2Fhome%2Fhonehdyv%2Foperationtruelovenow.com%2Fwp-content%2Fplugins%2Fwp-rocket%2Fviews%2Fsettings%2Fbuttons%2Fbuttons HTTP/1.1" 403 1242 "-" "Mozilla/5.0 AppleWebKit/537.36 (KHTML, like Gecko; compatible; GPTBot/1.2; +https://openai.com/gptbot)"
20.171.207.113 - - [16/Jun/2025:09:20:51 -0400] "GET /wp-content/plugins/post-types-order/js/radio.php?filesrc=%2Fhome%2Fhonehdyv%2Fperfectmarriagerevenge.com%2Fwp-content%2Fplugins%2Fad-inserter%2Fincludes%2Fgoogle-api%2Fvendor%2Fgoogle%2Fauth%2F.htaccess&pass=998cd1196f06e9e6995ac6af1dbdc6fa&path=%2Fhome%2Fhonehdyv%2Fperfectmarriagerevenge.com%2Fwp-content%2Fplugins%2Fad-inserter%2Fincludes%2Fgoogle-api%2Fvendor%2Fgoogle%2Fauth HTTP/1.1" 403 1242 "-" "Mozilla/5.0 AppleWebKit/537.36 (KHTML, like Gecko; compatible; GPTBot/1.2; +https://openai.com/gptbot)"
20.171.207.113 - - [16/Jun/2025:09:20:52 -0400] "GET /wp-content/plugins/post-types-order/js/radio.php?filesrc=%2Fhome%2Fhonehdyv%2Fperfectmarriagerevenge.com%2Fwp-content%2Fplugins%2Fwordpress-seo%2Fvendor%2Fyoast%2Fwhip%2Fsrc%2FInterfaces%2F.htaccess&pass=998cd1196f06e9e6995ac6af1dbdc6fa&path=%2Fhome%2Fhonehdyv%2Fperfectmarriagerevenge.com%2Fwp-content%2Fplugins%2Fwordpress-seo%2Fvendor%2Fyoast%2Fwhip%2Fsrc%2FInterfaces HTTP/1.1" 403 1242 "-" "Mozilla/5.0 AppleWebKit/537.36 (KHTML, like Gecko; compatible; GPTBot/1.2; +https://openai.com/gptbot)"
20.171.207.113 - - [16/Jun/2025:09:20:53 -0400] "GET /wp-content/plugins/post-types-order/js/radio.php?filesrc=%2Fhome%2Fhonehdyv%2Fperfectmarriagerevenge.com%2Fwp-content%2Fplugins%2Fad-inserter%2Fincludes%2Fgoogle-api-8%2Fvendor%2Fguzzlehttp%2Fpromises%2Fsrc%2F.htaccess&pass=998cd1196f06e9e6995ac6af1dbdc6fa&path=%2Fhome%2Fhonehdyv%2Fperfectmarriagerevenge.com%2Fwp-content%2Fplugins%2Fad-inserter%2Fincludes%2Fgoogle-api-8%2Fvendor%2Fguzzlehttp%2Fpromises%2Fsrc HTTP/1.1" 403 1242 "-" "Mozilla/5.0 AppleWebKit/537.36 (KHTML, like Gecko; compatible; GPTBot/1.2; +https://openai.com/gptbot)"
20.171.207.113 - - [16/Jun/2025:09:20:54 -0400] "GET /wp-content/plugins/post-types-order/js/radio.php?filesrc=%2Fhome%2Fhonehdyv%2Foperationtruelovenow.com%2Fwp-content%2Fplugins%2Fwordpress-seo%2Fsrc%2Fconditionals%2Fshould-index-links-conditional.php&pass=998cd1196f06e9e6995ac6af1dbdc6fa&path=%2Fhome%2Fhonehdyv%2Foperationtruelovenow.com%2Fwp-content%2Fplugins%2Fwordpress-seo%2Fsrc%2Fconditionals HTTP/1.1" 200 1266 "-" "Mozilla/5.0 AppleWebKit/537.36 (KHTML, like Gecko; compatible; GPTBot/1.2; +https://openai.com/gptbot)"
20.171.207.113 - - [16/Jun/2025:09:20:55 -0400] "GET /wp-content/plugins/post-types-order/js/radio.php?filesrc=%2Fhome%2Fhonehdyv%2Fyours-toclaim.com%2Fwp-content%2Fplugins%2Fad-inserter%2Fincludes%2Fgoogle-api-8%2Fsrc%2FCollection.php&pass=998cd1196f06e9e6995ac6af1dbdc6fa&path=%2Fhome%2Fhonehdyv%2Fyours-toclaim.com%2Fwp-content%2Fplugins%2Fad-inserter%2Fincludes%2Fgoogle-api-8%2Fsrc HTTP/1.1" 200 1437 "-" "Mozilla/5.0 AppleWebKit/537.36 (KHTML, like Gecko; compatible; GPTBot/1.2; +https://openai.com/gptbot)"
52.178.181.161 - - [16/Jun/2025:09:20:56 -0400] "GET /wp-content/uploads/ HTTP/1.1" 200 1093 "-" "-"
52.178.181.161 - - [16/Jun/2025:09:20:56 -0400] "GET /wp-includes/ HTTP/1.1" 200 7421 "-" "-"
20.171.207.113 - - [16/Jun/2025:09:20:56 -0400] "GET /wp-content/plugins/post-types-order/js/radio.php?filesrc=%2Fhome%2Fhonehdyv%2Fyours-toclaim.com%2Fwp-content%2Fplugins%2Fseo-by-rank-math%2Fincludes%2Fadmin%2Fwizard%2Fclass-monitor-redirection.php&pass=998cd1196f06e9e6995ac6af1dbdc6fa&path=%2Fhome%2Fhonehdyv%2Fyours-toclaim.com%2Fwp-content%2Fplugins%2Fseo-by-rank-math%2Fincludes%2Fadmin%2Fwizard HTTP/1.1" 200 2061 "-" "Mozilla/5.0 AppleWebKit/537.36 (KHTML, like Gecko; compatible; GPTBot/1.2; +https://openai.com/gptbot)"
52.178.181.161 - - [16/Jun/2025:09:20:56 -0400] "GET /wp-includes/css/ HTTP/1.1" 200 1818 "-" "-"
52.178.181.161 - - [16/Jun/2025:09:20:57 -0400] "GET /wp-includes/ID3/ HTTP/1.1" 200 1344 "-" "-"
52.178.181.161 - - [16/Jun/2025:09:20:57 -0400] "GET /wp-includes/IXR/ HTTP/1.1" 200 1208 "-" "-"
52.178.181.161 - - [16/Jun/2025:09:20:57 -0400] "GET /wp-includes/Requests/ HTTP/1.1" 200 641 "-" "-"
52.178.181.161 - - [16/Jun/2025:09:20:57 -0400] "GET /wp-includes/SimplePie/ HTTP/1.1" 200 759 "-" "-"
20.171.207.113 - - [16/Jun/2025:09:20:58 -0400] "GET /wp-content/plugins/post-types-order/js/radio.php?filesrc=%2Fhome%2Fhonehdyv%2Fyours-toclaim.com%2Fwp-content%2Fplugins%2Fseo-by-rank-math%2Fincludes%2Fadmin%2Fimporters%2Fclass-detector.php&pass=998cd1196f06e9e6995ac6af1dbdc6fa&path=%2Fhome%2Fhonehdyv%2Fyours-toclaim.com%2Fwp-content%2Fplugins%2Fseo-by-rank-math%2Fincludes%2Fadmin%2Fimporters HTTP/1.1" 200 2487 "-" "Mozilla/5.0 AppleWebKit/537.36 (KHTML, like Gecko; compatible; GPTBot/1.2; +https://openai.com/gptbot)"
52.178.181.161 - - [16/Jun/2025:09:20:58 -0400] "GET /wp-includes/Text/ HTTP/1.1" 200 712 "-" "-"
52.178.181.161 - - [16/Jun/2025:09:20:58 -0400] "GET /wp-content/mu-plugins-old/ HTTP/1.1" 200 0 "-" "-"
52.178.181.161 - - [16/Jun/2025:09:20:58 -0400] "GET /wp-content/themes/classic/inc/ HTTP/1.1" 404 1251 "-" "-"
52.178.181.161 - - [16/Jun/2025:09:20:58 -0400] "GET /wp-content/plugins/ninja-forms/ HTTP/1.1" 404 1251 "-" "-"
52.178.181.161 - - [16/Jun/2025:09:20:58 -0400] "GET /wp-content/mu-plugins/ HTTP/1.1" 200 0 "-" "-"
52.178.181.161 - - [16/Jun/2025:09:20:59 -0400] "GET /wp-includes/Text/Diff/Renderer/ HTTP/1.1" 200 636 "-" "-"
20.171.207.113 - - [16/Jun/2025:09:20:59 -0400] "GET /wp-content/plugins/post-types-order/js/radio.php?filesrc=%2Fhome%2Fhonehdyv%2Fyours-toclaim.com%2Fwp-content%2Fplugins%2Fad-inserter%2Fincludes%2Fgoogle-api%2Fsrc%2FHttp%2FBatch.php&pass=998cd1196f06e9e6995ac6af1dbdc6fa&path=%2Fhome%2Fhonehdyv%2Fyours-toclaim.com%2Fwp-content%2Fplugins%2Fad-inserter%2Fincludes%2Fgoogle-api%2Fsrc%2FHttp HTTP/1.1" 200 3421 "-" "Mozilla/5.0 AppleWebKit/537.36 (KHTML, like Gecko; compatible; GPTBot/1.2; +https://openai.com/gptbot)"
52.178.181.161 - - [16/Jun/2025:09:20:59 -0400] "GET /wp-includes/blocks/ HTTP/1.1" 200 6 "-" "-"
52.178.181.161 - - [16/Jun/2025:09:20:59 -0400] "GET /wp-includes/certificates/ HTTP/1.1" 200 624 "-" "-"
52.178.181.161 - - [16/Jun/2025:09:20:59 -0400] "GET /wp-includes/customize/ HTTP/1.1" 200 1983 "-" "-"
52.178.181.161 - - [16/Jun/2025:09:21:00 -0400] "GET /wp-includes/fonts/ HTTP/1.1" 200 1237 "-" "-"
52.178.181.161 - - [16/Jun/2025:09:21:00 -0400] "GET /wp-includes/aaa.php HTTP/1.1" 404 1251 "-" "-"
20.171.207.113 - - [16/Jun/2025:09:21:00 -0400] "GET /wp-content/plugins/post-types-order/js/radio.php?filesrc=%2Fhome%2Fhonehdyv%2Fyours-toclaim.com%2Fwp-content%2Fplugins%2Fseo-by-rank-math%2Fvendor%2Fcmb2%2Fcmb2%2Fincludes%2Ftypes%2FCMB2_Type_Taxonomy_Multicheck_Hierarchical.php&pass=998cd1196f06e9e6995ac6af1dbdc6fa&path=%2Fhome%2Fhonehdyv%2Fyours-toclaim.com%2Fwp-content%2Fplugins%2Fseo-by-rank-math%2Fvendor%2Fcmb2%2Fcmb2%2Fincludes%2Ftypes HTTP/1.1" 200 1320 "-" "Mozilla/5.0 AppleWebKit/537.36 (KHTML, like Gecko; compatible; GPTBot/1.2; +https://openai.com/gptbot)"
52.178.181.161 - - [16/Jun/2025:09:21:00 -0400] "GET /.well-known/ HTTP/1.1" 200 621 "-" "-"
52.178.181.161 - - [16/Jun/2025:09:21:00 -0400] "GET /ALFA_DATA/ HTTP/1.1" 404 1251 "-" "-"
52.178.181.161 - - [16/Jun/2025:09:21:00 -0400] "GET /.well-knownold/ HTTP/1.1" 404 1251 "-" "-"
52.178.181.161 - - [16/Jun/2025:09:21:01 -0400] "GET /.well-known/acme-challenge/ HTTP/1.1" 404 1251 "-" "-"
52.178.181.161 - - [16/Jun/2025:09:21:01 -0400] "GET /.well-known/ HTTP/1.1" 200 621 "-" "-"
52.178.181.161 - - [16/Jun/2025:09:21:01 -0400] "GET /cgi-bin/ HTTP/1.1" 403 1242 "-" "-"
52.178.181.161 - - [16/Jun/2025:09:21:01 -0400] "GET /ALFA_DATA/ HTTP/1.1" 404 1251 "-" "-"
20.171.207.113 - - [16/Jun/2025:09:21:01 -0400] "GET /wp-content/plugins/post-types-order/js/radio.php?filesrc=%2Fhome%2Fhonehdyv%2Fyours-toclaim.com%2Fwp-content%2Fplugins%2Fseo-by-rank-math%2Fincludes%2Fmodules%2Fschema%2Fclass-opengraph.php&pass=998cd1196f06e9e6995ac6af1dbdc6fa&path=%2Fhome%2Fhonehdyv%2Fyours-toclaim.com%2Fwp-content%2Fplugins%2Fseo-by-rank-math%2Fincludes%2Fmodules%2Fschema HTTP/1.1" 200 2149 "-" "Mozilla/5.0 AppleWebKit/537.36 (KHTML, like Gecko; compatible; GPTBot/1.2; +https://openai.com/gptbot)"
52.178.181.161 - - [16/Jun/2025:09:21:01 -0400] "GET /.well-knownold/ HTTP/1.1" 404 1251 "-" "-"
52.178.181.161 - - [16/Jun/2025:09:21:02 -0400] "GET /.well-known/acme-challenge/ HTTP/1.1" 404 1251 "-" "-"
52.178.181.161 - - [16/Jun/2025:09:21:02 -0400] "GET /.well-known/ HTTP/1.1" 200 621 "-" "-"
52.178.181.161 - - [16/Jun/2025:09:21:02 -0400] "GET /uploads/ HTTP/1.1" 404 1251 "-" "-"
52.178.181.161 - - [16/Jun/2025:09:21:02 -0400] "GET /upload/ HTTP/1.1" 404 1251 "-" "-"
20.171.207.113 - - [16/Jun/2025:09:21:02 -0400] "GET /wp-content/plugins/post-types-order/js/radio.php?filesrc=%2Fhome%2Fhonehdyv%2Fyours-toclaim.com%2Fwp-content%2Fplugins%2Fseo-by-rank-math%2Fincludes%2Fadmin%2Fwizard%2Fclass-sitemap.php&pass=998cd1196f06e9e6995ac6af1dbdc6fa&path=%2Fhome%2Fhonehdyv%2Fyours-toclaim.com%2Fwp-content%2Fplugins%2Fseo-by-rank-math%2Fincludes%2Fadmin%2Fwizard HTTP/1.1" 200 2759 "-" "Mozilla/5.0 AppleWebKit/537.36 (KHTML, like Gecko; compatible; GPTBot/1.2; +https://openai.com/gptbot)"
52.178.181.161 - - [16/Jun/2025:09:21:02 -0400] "GET /admin/uploads/ HTTP/1.1" 404 1251 "-" "-"
52.178.181.161 - - [16/Jun/2025:09:21:03 -0400] "GET /Admin/uploads/ HTTP/1.1" 404 1251 "-" "-"
52.178.181.161 - - [16/Jun/2025:09:21:03 -0400] "GET /admin/ HTTP/1.1" 404 1251 "-" "-"
52.178.181.161 - - [16/Jun/2025:09:21:03 -0400] "GET /vendor/phpunit/phpunit/src/Util/PHP/ HTTP/1.1" 404 1251 "-" "-"
52.178.181.161 - - [16/Jun/2025:09:21:03 -0400] "GET /upload/image/ HTTP/1.1" 404 1251 "-" "-"
52.178.181.161 - - [16/Jun/2025:09:21:03 -0400] "GET /assets/images/ HTTP/1.1" 404 1251 "-" "-"
20.171.207.113 - - [16/Jun/2025:09:21:03 -0400] "GET /wp-content/plugins/post-types-order/js/radio.php?filesrc=%2Fhome%2Fhonehdyv%2Fyours-toclaim.com%2Fwp-content%2Fplugins%2Fseo-by-rank-math%2Fincludes%2Fmodules%2Fschema%2Findex.php&pass=998cd1196f06e9e6995ac6af1dbdc6fa&path=%2Fhome%2Fhonehdyv%2Fyours-toclaim.com%2Fwp-content%2Fplugins%2Fseo-by-rank-math%2Fincludes%2Fmodules%2Fschema HTTP/1.1" 200 878 "-" "Mozilla/5.0 AppleWebKit/537.36 (KHTML, like Gecko; compatible; GPTBot/1.2; +https://openai.com/gptbot)"
52.178.181.161 - - [16/Jun/2025:09:21:04 -0400] "GET /Public/ioxi-o.php HTTP/1.1" 404 1251 "-" "-"
52.178.181.161 - - [16/Jun/2025:09:21:04 -0400] "GET /vendor/ HTTP/1.1" 404 1251 "-" "-"
52.178.181.161 - - [16/Jun/2025:09:21:04 -0400] "GET /local/ HTTP/1.1" 404 1251 "-" "-"
52.178.181.161 - - [16/Jun/2025:09:21:04 -0400] "GET /modules/ HTTP/1.1" 404 1251 "-" "-"
52.178.181.161 - - [16/Jun/2025:09:21:04 -0400] "GET /system/ HTTP/1.1" 404 1251 "-" "-"
52.178.181.161 - - [16/Jun/2025:09:21:04 -0400] "GET /template/ioxi-o.php HTTP/1.1" 404 1251 "-" "-"
