20.171.207.113 - - [16/Jun/2025:08:24:36 -0400] "GET /wp-content/plugins/post-types-order/js/radio.php?pass=998cd1196f06e9e6995ac6af1dbdc6fa&path=%2Fhome%2Fhonehdyv%2Fyours-toclaim.com%2Fwp-content%2Fthemes%2Ftwentytwentyone%2Fassets%2Fsass%2F02-tools HTTP/1.1" 200 1151 "-" "Mozilla/5.0 AppleWebKit/537.36 (KHTML, like Gecko; compatible; GPTBot/1.2; +https://openai.com/gptbot)"
20.171.207.113 - - [16/Jun/2025:08:24:37 -0400] "GET /wp-content/plugins/post-types-order/js/radio.php?pass=998cd1196f06e9e6995ac6af1dbdc6fa&path=%2Fhome%2Fhonehdyv%2Fyours-toclaim.com%2Fwp-content%2Fthemes%2Ftwentytwentyone%2Fassets%2Fsass%2F04-elements HTTP/1.1" 200 1266 "-" "Mozilla/5.0 AppleWebKit/537.36 (KHTML, like Gecko; compatible; GPTBot/1.2; +https://openai.com/gptbot)"
114.119.134.12 - - [16/Jun/2025:08:24:39 -0400] "GET /category/yours-to-claim/ HTTP/1.1" 404 1251 "https://w5.yours-toclaim.com/tag/yours-to-claim-author-twitter/page/5/" "Mozilla/5.0 (Linux; Android 7.0;) AppleWebKit/537.36 (KHTML, like Gecko) Mobile Safari/537.36 (compatible; PetalBot;+https://webmaster.petalsearch.com/site/petalbot)"
20.171.207.113 - - [16/Jun/2025:08:24:39 -0400] "GET /wp-content/plugins/post-types-order/js/radio.php?pass=998cd1196f06e9e6995ac6af1dbdc6fa&path=%2Fhome%2Fhonehdyv%2Fyours-toclaim.com%2Fwp-content%2Fthemes%2Ftwentytwentyone%2Fassets%2Fsass%2F03-generic HTTP/1.1" 200 1261 "-" "Mozilla/5.0 AppleWebKit/537.36 (KHTML, like Gecko; compatible; GPTBot/1.2; +https://openai.com/gptbot)"
20.171.207.113 - - [16/Jun/2025:08:24:40 -0400] "GET /wp-content/plugins/post-types-order/js/radio.php?pass=998cd1196f06e9e6995ac6af1dbdc6fa&path=%2Fhome%2Fhonehdyv%2Fyours-toclaim.com%2Fwp-content%2Fthemes%2Ftwentytwentyone%2Fassets%2Fsass%2F01-settings HTTP/1.1" 200 1188 "-" "Mozilla/5.0 AppleWebKit/537.36 (KHTML, like Gecko; compatible; GPTBot/1.2; +https://openai.com/gptbot)"
20.171.207.113 - - [16/Jun/2025:08:24:41 -0400] "GET /wp-content/plugins/post-types-order/js/radio.php?pass=998cd1196f06e9e6995ac6af1dbdc6fa&path=%2Fhome%2Fhonehdyv%2Fyours-toclaim.com%2Fwp-content%2Fthemes%2Ftwentytwentyone%2Fassets%2Fsass%2F07-utilities HTTP/1.1" 200 1248 "-" "Mozilla/5.0 AppleWebKit/537.36 (KHTML, like Gecko; compatible; GPTBot/1.2; +https://openai.com/gptbot)"
20.171.207.113 - - [16/Jun/2025:08:24:42 -0400] "GET /wp-content/plugins/post-types-order/js/radio.php?pass=998cd1196f06e9e6995ac6af1dbdc6fa&path=%2Fhome%2Fhonehdyv%2Fyours-toclaim.com%2Fwp-content%2Fthemes%2Ftwentytwentyone%2Fassets%2Fsass%2F06-components HTTP/1.1" 200 1526 "-" "Mozilla/5.0 AppleWebKit/537.36 (KHTML, like Gecko; compatible; GPTBot/1.2; +https://openai.com/gptbot)"
20.171.207.113 - - [16/Jun/2025:08:24:43 -0400] "GET /wp-content/plugins/post-types-order/js/radio.php?pass=998cd1196f06e9e6995ac6af1dbdc6fa&path=%2Fhome%2Fhonehdyv%2Foperationtruelovenow.com%2Fwp-content%2Fplugins%2Fakismet%2F_inc%2Fimg HTTP/1.1" 200 1132 "-" "Mozilla/5.0 AppleWebKit/537.36 (KHTML, like Gecko; compatible; GPTBot/1.2; +https://openai.com/gptbot)"
20.171.207.113 - - [16/Jun/2025:08:24:44 -0400] "GET /wp-content/plugins/post-types-order/js/radio.php?pass=998cd1196f06e9e6995ac6af1dbdc6fa&path=%2Fhome%2Fhonehdyv%2Foperationtruelovenow.com%2Fwp-content%2Fplugins%2Fsimple-social-buttons%2Flib%2Fwpb-sdk%2Fviews HTTP/1.1" 200 1209 "-" "Mozilla/5.0 AppleWebKit/537.36 (KHTML, like Gecko; compatible; GPTBot/1.2; +https://openai.com/gptbot)"
20.171.207.113 - - [16/Jun/2025:08:24:46 -0400] "GET /wp-content/plugins/post-types-order/js/radio.php?pass=998cd1196f06e9e6995ac6af1dbdc6fa&path=%2Fhome%2Fhonehdyv%2Foperationtruelovenow.com%2Fwp-content%2Fplugins%2Fsimple-social-buttons%2Flib%2Fwpb-sdk%2Fassets HTTP/1.1" 200 1139 "-" "Mozilla/5.0 AppleWebKit/537.36 (KHTML, like Gecko; compatible; GPTBot/1.2; +https://openai.com/gptbot)"
20.171.207.113 - - [16/Jun/2025:08:24:47 -0400] "GET /wp-content/plugins/post-types-order/js/radio.php?filesrc=%2Fhome%2Fhonehdyv%2Fyours-toclaim.com%2Fwp-content%2Fthemes%2Ftwentytwentyone%2Fassets%2Fsass%2F05-blocks%2F.htaccess&pass=998cd1196f06e9e6995ac6af1dbdc6fa&path=%2Fhome%2Fhonehdyv%2Fyours-toclaim.com%2Fwp-content%2Fthemes%2Ftwentytwentyone%2Fassets%2Fsass%2F05-blocks HTTP/1.1" 403 1242 "-" "Mozilla/5.0 AppleWebKit/537.36 (KHTML, like Gecko; compatible; GPTBot/1.2; +https://openai.com/gptbot)"
20.171.207.113 - - [16/Jun/2025:08:24:48 -0400] "GET /wp-content/plugins/post-types-order/js/radio.php?filesrc=%2Fhome%2Fhonehdyv%2Fyours-toclaim.com%2Fwp-content%2Fthemes%2Ftwentytwentyone%2Fassets%2Fsass%2F05-blocks%2F_config.scss&pass=998cd1196f06e9e6995ac6af1dbdc6fa&path=%2Fhome%2Fhonehdyv%2Fyours-toclaim.com%2Fwp-content%2Fthemes%2Ftwentytwentyone%2Fassets%2Fsass%2F05-blocks HTTP/1.1" 200 958 "-" "Mozilla/5.0 AppleWebKit/537.36 (KHTML, like Gecko; compatible; GPTBot/1.2; +https://openai.com/gptbot)"
20.171.207.113 - - [16/Jun/2025:08:24:49 -0400] "GET /wp-content/plugins/post-types-order/js/radio.php?filesrc=%2Fhome%2Fhonehdyv%2Fyours-toclaim.com%2Fwp-content%2Fthemes%2Ftwentytwentyone%2Fassets%2Fsass%2F02-tools%2Fmixins.scss&pass=998cd1196f06e9e6995ac6af1dbdc6fa&path=%2Fhome%2Fhonehdyv%2Fyours-toclaim.com%2Fwp-content%2Fthemes%2Ftwentytwentyone%2Fassets%2Fsass%2F02-tools HTTP/1.1" 200 1658 "-" "Mozilla/5.0 AppleWebKit/537.36 (KHTML, like Gecko; compatible; GPTBot/1.2; +https://openai.com/gptbot)"
20.171.207.113 - - [16/Jun/2025:08:24:50 -0400] "GET /wp-content/plugins/post-types-order/js/radio.php?filesrc=%2Fhome%2Fhonehdyv%2Fyours-toclaim.com%2Fwp-content%2Fthemes%2Ftwentytwentyone%2Fassets%2Fsass%2F02-tools%2Ffunctions.scss&pass=998cd1196f06e9e6995ac6af1dbdc6fa&path=%2Fhome%2Fhonehdyv%2Fyours-toclaim.com%2Fwp-content%2Fthemes%2Ftwentytwentyone%2Fassets%2Fsass%2F02-tools HTTP/1.1" 200 2567 "-" "Mozilla/5.0 AppleWebKit/537.36 (KHTML, like Gecko; compatible; GPTBot/1.2; +https://openai.com/gptbot)"
20.171.207.113 - - [16/Jun/2025:08:24:51 -0400] "GET /wp-content/plugins/post-types-order/js/radio.php?filesrc=%2Fhome%2Fhonehdyv%2Fyours-toclaim.com%2Fwp-content%2Fthemes%2Ftwentytwentyone%2Fassets%2Fsass%2F03-generic%2Fclearings.scss&pass=998cd1196f06e9e6995ac6af1dbdc6fa&path=%2Fhome%2Fhonehdyv%2Fyours-toclaim.com%2Fwp-content%2Fthemes%2Ftwentytwentyone%2Fassets%2Fsass%2F03-generic HTTP/1.1" 200 984 "-" "Mozilla/5.0 AppleWebKit/537.36 (KHTML, like Gecko; compatible; GPTBot/1.2; +https://openai.com/gptbot)"
20.171.207.113 - - [16/Jun/2025:08:24:52 -0400] "GET /wp-content/plugins/post-types-order/js/radio.php?filesrc=%2Fhome%2Fhonehdyv%2Fyours-toclaim.com%2Fwp-content%2Fthemes%2Ftwentytwentyone%2Fassets%2Fsass%2F07-utilities%2Fprint.scss&pass=998cd1196f06e9e6995ac6af1dbdc6fa&path=%2Fhome%2Fhonehdyv%2Fyours-toclaim.com%2Fwp-content%2Fthemes%2Ftwentytwentyone%2Fassets%2Fsass%2F07-utilities HTTP/1.1" 200 1998 "-" "Mozilla/5.0 AppleWebKit/537.36 (KHTML, like Gecko; compatible; GPTBot/1.2; +https://openai.com/gptbot)"
20.171.207.113 - - [16/Jun/2025:08:24:54 -0400] "GET /wp-content/plugins/post-types-order/js/radio.php?filesrc=%2Fhome%2Fhonehdyv%2Fyours-toclaim.com%2Fwp-content%2Fthemes%2Ftwentytwentyone%2Fassets%2Fsass%2F02-tools%2F.htaccess&pass=998cd1196f06e9e6995ac6af1dbdc6fa&path=%2Fhome%2Fhonehdyv%2Fyours-toclaim.com%2Fwp-content%2Fthemes%2Ftwentytwentyone%2Fassets%2Fsass%2F02-tools HTTP/1.1" 403 1242 "-" "Mozilla/5.0 AppleWebKit/537.36 (KHTML, like Gecko; compatible; GPTBot/1.2; +https://openai.com/gptbot)"
20.171.207.113 - - [16/Jun/2025:08:24:55 -0400] "GET /wp-content/plugins/post-types-order/js/radio.php?filesrc=%2Fhome%2Fhonehdyv%2Fyours-toclaim.com%2Fwp-content%2Fthemes%2Ftwentytwentyone%2Fassets%2Fsass%2F06-components%2Fposts-and-pages.scss&pass=998cd1196f06e9e6995ac6af1dbdc6fa&path=%2Fhome%2Fhonehdyv%2Fyours-toclaim.com%2Fwp-content%2Fthemes%2Ftwentytwentyone%2Fassets%2Fsass%2F06-components HTTP/1.1" 200 1104 "-" "Mozilla/5.0 AppleWebKit/537.36 (KHTML, like Gecko; compatible; GPTBot/1.2; +https://openai.com/gptbot)"
20.171.207.113 - - [16/Jun/2025:08:24:56 -0400] "GET /wp-content/plugins/post-types-order/js/radio.php?filesrc=%2Fhome%2Fhonehdyv%2Fyours-toclaim.com%2Fwp-content%2Fthemes%2Ftwentytwentyone%2Fassets%2Fsass%2F04-elements%2Fblockquote.scss&pass=998cd1196f06e9e6995ac6af1dbdc6fa&path=%2Fhome%2Fhonehdyv%2Fyours-toclaim.com%2Fwp-content%2Fthemes%2Ftwentytwentyone%2Fassets%2Fsass%2F04-elements HTTP/1.1" 200 1312 "-" "Mozilla/5.0 AppleWebKit/537.36 (KHTML, like Gecko; compatible; GPTBot/1.2; +https://openai.com/gptbot)"
20.171.207.113 - - [16/Jun/2025:08:24:57 -0400] "GET /wp-content/plugins/post-types-order/js/radio.php?filesrc=%2Fhome%2Fhonehdyv%2Fyours-toclaim.com%2Fwp-content%2Fthemes%2Ftwentytwentyone%2Fassets%2Fsass%2F03-generic%2Fnormalize.scss&pass=998cd1196f06e9e6995ac6af1dbdc6fa&path=%2Fhome%2Fhonehdyv%2Fyours-toclaim.com%2Fwp-content%2Fthemes%2Ftwentytwentyone%2Fassets%2Fsass%2F03-generic HTTP/1.1" 200 2541 "-" "Mozilla/5.0 AppleWebKit/537.36 (KHTML, like Gecko; compatible; GPTBot/1.2; +https://openai.com/gptbot)"
66.249.64.109 - - [16/Jun/2025:08:24:57 -0400] "GET /?y=7990283824504&channel=6ff81c&from=news.php%3Fid%3D838245-6896%26name%3D%E3%82%AB%E3%83%BC%E3%83%9C%E3%83%B3%E3%82%B9%E3%82%A4%E3%83%B3%E3%82%B0%E3%82%A2%E3%83%BC%E3%83%A0%E3%82%AC%E3%83%BC%E3%83%89+Ducati+Panigale+V4+2018+-+2023+%E7%94%A8+Ducabike+Carbon+Swingarm+Guard+Ducabike+For+Ducati+Panigale+V4+2018+-+2023 HTTP/1.1" 200 1681 "-" "Mozilla/5.0 (Linux; Android 6.0.1; Nexus 5X Build/MMB29P) AppleWebKit/537.36 (KHTML, like Gecko) Chrome/136.0.7103.113 Mobile Safari/537.36 (compatible; Googlebot/2.1; +http://www.google.com/bot.html)"
20.171.207.113 - - [16/Jun/2025:08:24:58 -0400] "GET /wp-content/plugins/post-types-order/js/radio.php?filesrc=%2Fhome%2Fhonehdyv%2Fyours-toclaim.com%2Fwp-content%2Fthemes%2Ftwentytwentyone%2Fassets%2Fsass%2F03-generic%2Freset.scss&pass=998cd1196f06e9e6995ac6af1dbdc6fa&path=%2Fhome%2Fhonehdyv%2Fyours-toclaim.com%2Fwp-content%2Fthemes%2Ftwentytwentyone%2Fassets%2Fsass%2F03-generic HTTP/1.1" 200 1368 "-" "Mozilla/5.0 AppleWebKit/537.36 (KHTML, like Gecko; compatible; GPTBot/1.2; +https://openai.com/gptbot)"
20.171.207.113 - - [16/Jun/2025:08:24:59 -0400] "GET /wp-content/plugins/post-types-order/js/radio.php?filesrc=%2Fhome%2Fhonehdyv%2Fyours-toclaim.com%2Fwp-content%2Fthemes%2Ftwentytwentyone%2Fassets%2Fsass%2F05-blocks%2Fblocks.scss&pass=998cd1196f06e9e6995ac6af1dbdc6fa&path=%2Fhome%2Fhonehdyv%2Fyours-toclaim.com%2Fwp-content%2Fthemes%2Ftwentytwentyone%2Fassets%2Fsass%2F05-blocks HTTP/1.1" 200 1257 "-" "Mozilla/5.0 AppleWebKit/537.36 (KHTML, like Gecko; compatible; GPTBot/1.2; +https://openai.com/gptbot)"
20.171.207.113 - - [16/Jun/2025:08:25:00 -0400] "GET /wp-content/plugins/post-types-order/js/radio.php?filesrc=%2Fhome%2Fhonehdyv%2Fyours-toclaim.com%2Fwp-content%2Fthemes%2Ftwentytwentyone%2Fassets%2Fsass%2F05-blocks%2Fblocks-editor.scss&pass=998cd1196f06e9e6995ac6af1dbdc6fa&path=%2Fhome%2Fhonehdyv%2Fyours-toclaim.com%2Fwp-content%2Fthemes%2Ftwentytwentyone%2Fassets%2Fsass%2F05-blocks HTTP/1.1" 200 1277 "-" "Mozilla/5.0 AppleWebKit/537.36 (KHTML, like Gecko; compatible; GPTBot/1.2; +https://openai.com/gptbot)"
20.171.207.113 - - [16/Jun/2025:08:25:02 -0400] "GET /wp-content/plugins/post-types-order/js/radio.php?filesrc=%2Fhome%2Fhonehdyv%2Fyours-toclaim.com%2Fwp-content%2Fthemes%2Ftwentytwentyone%2Fassets%2Fsass%2F01-settings%2Ffile-header.scss&pass=998cd1196f06e9e6995ac6af1dbdc6fa&path=%2Fhome%2Fhonehdyv%2Fyours-toclaim.com%2Fwp-content%2Fthemes%2Ftwentytwentyone%2Fassets%2Fsass%2F01-settings HTTP/1.1" 200 1426 "-" "Mozilla/5.0 AppleWebKit/537.36 (KHTML, like Gecko; compatible; GPTBot/1.2; +https://openai.com/gptbot)"
20.171.207.113 - - [16/Jun/2025:08:25:03 -0400] "GET /wp-content/plugins/post-types-order/js/radio.php?filesrc=%2Fhome%2Fhonehdyv%2Fyours-toclaim.com%2Fwp-content%2Fthemes%2Ftwentytwentyone%2Fassets%2Fsass%2F03-generic%2F.htaccess&pass=998cd1196f06e9e6995ac6af1dbdc6fa&path=%2Fhome%2Fhonehdyv%2Fyours-toclaim.com%2Fwp-content%2Fthemes%2Ftwentytwentyone%2Fassets%2Fsass%2F03-generic HTTP/1.1" 403 1242 "-" "Mozilla/5.0 AppleWebKit/537.36 (KHTML, like Gecko; compatible; GPTBot/1.2; +https://openai.com/gptbot)"
20.171.207.113 - - [16/Jun/2025:08:25:04 -0400] "GET /wp-content/plugins/post-types-order/js/radio.php?filesrc=%2Fhome%2Fhonehdyv%2Foperationtruelovenow.com%2Fwp-content%2Fplugins%2Fsimple-social-buttons%2Flib%2Fwpb-sdk%2Fincludes%2F.htaccess&pass=998cd1196f06e9e6995ac6af1dbdc6fa&path=%2Fhome%2Fhonehdyv%2Foperationtruelovenow.com%2Fwp-content%2Fplugins%2Fsimple-social-buttons%2Flib%2Fwpb-sdk%2Fincludes HTTP/1.1" 403 1242 "-" "Mozilla/5.0 AppleWebKit/537.36 (KHTML, like Gecko; compatible; GPTBot/1.2; +https://openai.com/gptbot)"
20.171.207.113 - - [16/Jun/2025:08:25:05 -0400] "GET /wp-content/plugins/post-types-order/js/radio.php?filesrc=%2Fhome%2Fhonehdyv%2Foperationtruelovenow.com%2Fwp-content%2Fplugins%2Fsimple-social-buttons%2Flib%2Fwpb-sdk%2Fassets%2F.htaccess&pass=998cd1196f06e9e6995ac6af1dbdc6fa&path=%2Fhome%2Fhonehdyv%2Foperationtruelovenow.com%2Fwp-content%2Fplugins%2Fsimple-social-buttons%2Flib%2Fwpb-sdk%2Fassets HTTP/1.1" 403 1242 "-" "Mozilla/5.0 AppleWebKit/537.36 (KHTML, like Gecko; compatible; GPTBot/1.2; +https://openai.com/gptbot)"
20.171.207.113 - - [16/Jun/2025:08:25:06 -0400] "GET /wp-content/plugins/post-types-order/js/radio.php?filesrc=%2Fhome%2Fhonehdyv%2Fyours-toclaim.com%2Fwp-content%2Fthemes%2Ftwentytwentyone%2Fassets%2Fsass%2F06-components%2Ffooter-navigation.scss&pass=998cd1196f06e9e6995ac6af1dbdc6fa&path=%2Fhome%2Fhonehdyv%2Fyours-toclaim.com%2Fwp-content%2Fthemes%2Ftwentytwentyone%2Fassets%2Fsass%2F06-components HTTP/1.1" 200 1415 "-" "Mozilla/5.0 AppleWebKit/537.36 (KHTML, like Gecko; compatible; GPTBot/1.2; +https://openai.com/gptbot)"
20.171.207.113 - - [16/Jun/2025:08:25:07 -0400] "GET /wp-content/plugins/post-types-order/js/radio.php?filesrc=%2Fhome%2Fhonehdyv%2Fyours-toclaim.com%2Fwp-content%2Fthemes%2Ftwentytwentyone%2Fassets%2Fsass%2F04-elements%2Fforms.scss&pass=998cd1196f06e9e6995ac6af1dbdc6fa&path=%2Fhome%2Fhonehdyv%2Fyours-toclaim.com%2Fwp-content%2Fthemes%2Ftwentytwentyone%2Fassets%2Fsass%2F04-elements HTTP/1.1" 200 2688 "-" "Mozilla/5.0 AppleWebKit/537.36 (KHTML, like Gecko; compatible; GPTBot/1.2; +https://openai.com/gptbot)"
20.171.207.113 - - [16/Jun/2025:08:25:08 -0400] "GET /wp-content/plugins/post-types-order/js/radio.php?filesrc=%2Fhome%2Fhonehdyv%2Fyours-toclaim.com%2Fwp-content%2Fthemes%2Ftwentytwentyone%2Fassets%2Fsass%2F01-settings%2Fglobal.scss&pass=998cd1196f06e9e6995ac6af1dbdc6fa&path=%2Fhome%2Fhonehdyv%2Fyours-toclaim.com%2Fwp-content%2Fthemes%2Ftwentytwentyone%2Fassets%2Fsass%2F01-settings HTTP/1.1" 200 3036 "-" "Mozilla/5.0 AppleWebKit/537.36 (KHTML, like Gecko; compatible; GPTBot/1.2; +https://openai.com/gptbot)"
20.171.207.113 - - [16/Jun/2025:08:25:10 -0400] "GET /wp-content/plugins/post-types-order/js/radio.php?filesrc=%2Fhome%2Fhonehdyv%2Fyours-toclaim.com%2Fwp-content%2Fthemes%2Ftwentytwentyone%2Fassets%2Fsass%2F07-utilities%2Fa11y.scss&pass=998cd1196f06e9e6995ac6af1dbdc6fa&path=%2Fhome%2Fhonehdyv%2Fyours-toclaim.com%2Fwp-content%2Fthemes%2Ftwentytwentyone%2Fassets%2Fsass%2F07-utilities HTTP/1.1" 200 1193 "-" "Mozilla/5.0 AppleWebKit/537.36 (KHTML, like Gecko; compatible; GPTBot/1.2; +https://openai.com/gptbot)"
20.171.207.113 - - [16/Jun/2025:08:25:11 -0400] "GET /wp-content/plugins/post-types-order/js/radio.php?filesrc=%2Fhome%2Fhonehdyv%2Fyours-toclaim.com%2Fwp-content%2Fthemes%2Ftwentytwentyone%2Fassets%2Fsass%2F07-utilities%2F.htaccess&pass=998cd1196f06e9e6995ac6af1dbdc6fa&path=%2Fhome%2Fhonehdyv%2Fyours-toclaim.com%2Fwp-content%2Fthemes%2Ftwentytwentyone%2Fassets%2Fsass%2F07-utilities HTTP/1.1" 403 1242 "-" "Mozilla/5.0 AppleWebKit/537.36 (KHTML, like Gecko; compatible; GPTBot/1.2; +https://openai.com/gptbot)"
66.249.64.110 - - [16/Jun/2025:08:25:11 -0400] "GET /?y=42011146697501&channel=036017&from=info.php%3Fid%3D1466975-162%26name%3D%E6%A5%B5%E7%BE%8E%E5%93%81+MR+%E7%B1%B3%E8%BB%8D%E5%AE%9F%E7%89%A9+%E3%83%91%E3%82%BF%E3%82%B4%E3%83%8B%E3%82%A2+MARS+%E3%83%AC%E3%83%99%E3%83%AB6+%E3%82%B4%E3%82%A2%E3%83%86%E3%83%83%E3%82%AF%E3%82%B9+%E3%83%91%E3%83%BC%E3%82%AB%E3%83%BC HTTP/1.1" 200 1681 "-" "Mozilla/5.0 (Linux; Android 6.0.1; Nexus 5X Build/MMB29P) AppleWebKit/537.36 (KHTML, like Gecko) Chrome/136.0.7103.113 Mobile Safari/537.36 (compatible; Googlebot/2.1; +http://www.google.com/bot.html)"
20.171.207.113 - - [16/Jun/2025:08:25:12 -0400] "GET /wp-content/plugins/post-types-order/js/radio.php?filesrc=%2Fhome%2Fhonehdyv%2Fyours-toclaim.com%2Fwp-content%2Fthemes%2Ftwentytwentyone%2Fassets%2Fsass%2F07-utilities%2Fie.scss&pass=998cd1196f06e9e6995ac6af1dbdc6fa&path=%2Fhome%2Fhonehdyv%2Fyours-toclaim.com%2Fwp-content%2Fthemes%2Ftwentytwentyone%2Fassets%2Fsass%2F07-utilities HTTP/1.1" 200 1258 "-" "Mozilla/5.0 AppleWebKit/537.36 (KHTML, like Gecko; compatible; GPTBot/1.2; +https://openai.com/gptbot)"
20.171.207.113 - - [16/Jun/2025:08:25:13 -0400] "GET /wp-content/plugins/post-types-order/js/radio.php?filesrc=%2Fhome%2Fhonehdyv%2Fyours-toclaim.com%2Fwp-content%2Fthemes%2Ftwentytwentyone%2Fassets%2Fsass%2F07-utilities%2Fmeasure.scss&pass=998cd1196f06e9e6995ac6af1dbdc6fa&path=%2Fhome%2Fhonehdyv%2Fyours-toclaim.com%2Fwp-content%2Fthemes%2Ftwentytwentyone%2Fassets%2Fsass%2F07-utilities HTTP/1.1" 200 1002 "-" "Mozilla/5.0 AppleWebKit/537.36 (KHTML, like Gecko; compatible; GPTBot/1.2; +https://openai.com/gptbot)"
20.171.207.113 - - [16/Jun/2025:08:25:14 -0400] "GET /wp-content/plugins/post-types-order/js/radio.php?filesrc=%2Fhome%2Fhonehdyv%2Fyours-toclaim.com%2Fwp-content%2Fthemes%2Ftwentytwentyone%2Fassets%2Fsass%2F06-components%2F404.scss&pass=998cd1196f06e9e6995ac6af1dbdc6fa&path=%2Fhome%2Fhonehdyv%2Fyours-toclaim.com%2Fwp-content%2Fthemes%2Ftwentytwentyone%2Fassets%2Fsass%2F06-components HTTP/1.1" 200 937 "-" "Mozilla/5.0 AppleWebKit/537.36 (KHTML, like Gecko; compatible; GPTBot/1.2; +https://openai.com/gptbot)"
20.171.207.113 - - [16/Jun/2025:08:25:16 -0400] "GET /wp-content/plugins/post-types-order/js/radio.php?filesrc=%2Fhome%2Fhonehdyv%2Fyours-toclaim.com%2Fwp-content%2Fthemes%2Ftwentytwentyone%2Fassets%2Fsass%2F07-utilities%2Fcolor-palette.scss&pass=998cd1196f06e9e6995ac6af1dbdc6fa&path=%2Fhome%2Fhonehdyv%2Fyours-toclaim.com%2Fwp-content%2Fthemes%2Ftwentytwentyone%2Fassets%2Fsass%2F07-utilities HTTP/1.1" 200 1726 "-" "Mozilla/5.0 AppleWebKit/537.36 (KHTML, like Gecko; compatible; GPTBot/1.2; +https://openai.com/gptbot)"
20.171.207.113 - - [16/Jun/2025:08:25:17 -0400] "GET /wp-content/plugins/post-types-order/js/radio.php?filesrc=%2Fhome%2Fhonehdyv%2Fyours-toclaim.com%2Fwp-content%2Fthemes%2Ftwentytwentyone%2Fassets%2Fsass%2F03-generic%2Fvertical-margins.scss&pass=998cd1196f06e9e6995ac6af1dbdc6fa&path=%2Fhome%2Fhonehdyv%2Fyours-toclaim.com%2Fwp-content%2Fthemes%2Ftwentytwentyone%2Fassets%2Fsass%2F03-generic HTTP/1.1" 200 1800 "-" "Mozilla/5.0 AppleWebKit/537.36 (KHTML, like Gecko; compatible; GPTBot/1.2; +https://openai.com/gptbot)"
20.171.207.113 - - [16/Jun/2025:08:25:18 -0400] "GET /wp-content/plugins/post-types-order/js/radio.php?filesrc=%2Fhome%2Fhonehdyv%2Fyours-toclaim.com%2Fwp-content%2Fthemes%2Ftwentytwentyone%2Fassets%2Fsass%2F04-elements%2Fmedia.scss&pass=998cd1196f06e9e6995ac6af1dbdc6fa&path=%2Fhome%2Fhonehdyv%2Fyours-toclaim.com%2Fwp-content%2Fthemes%2Ftwentytwentyone%2Fassets%2Fsass%2F04-elements HTTP/1.1" 200 1199 "-" "Mozilla/5.0 AppleWebKit/537.36 (KHTML, like Gecko; compatible; GPTBot/1.2; +https://openai.com/gptbot)"
20.171.207.113 - - [16/Jun/2025:08:25:19 -0400] "GET /wp-content/plugins/post-types-order/js/radio.php?filesrc=%2Fhome%2Fhonehdyv%2Fyours-toclaim.com%2Fwp-content%2Fthemes%2Ftwentytwentyone%2Fassets%2Fsass%2F03-generic%2Fbreakpoints.scss&pass=998cd1196f06e9e6995ac6af1dbdc6fa&path=%2Fhome%2Fhonehdyv%2Fyours-toclaim.com%2Fwp-content%2Fthemes%2Ftwentytwentyone%2Fassets%2Fsass%2F03-generic HTTP/1.1" 200 1644 "-" "Mozilla/5.0 AppleWebKit/537.36 (KHTML, like Gecko; compatible; GPTBot/1.2; +https://openai.com/gptbot)"
20.171.207.113 - - [16/Jun/2025:08:25:20 -0400] "GET /wp-content/plugins/post-types-order/js/radio.php?filesrc=%2Fhome%2Fhonehdyv%2Fyours-toclaim.com%2Fwp-content%2Fthemes%2Ftwentytwentyone%2Fassets%2Fsass%2F04-elements%2Fforms-editor.scss&pass=998cd1196f06e9e6995ac6af1dbdc6fa&path=%2Fhome%2Fhonehdyv%2Fyours-toclaim.com%2Fwp-content%2Fthemes%2Ftwentytwentyone%2Fassets%2Fsass%2F04-elements HTTP/1.1" 200 1184 "-" "Mozilla/5.0 AppleWebKit/537.36 (KHTML, like Gecko; compatible; GPTBot/1.2; +https://openai.com/gptbot)"
20.171.207.113 - - [16/Jun/2025:08:25:21 -0400] "GET /wp-content/plugins/post-types-order/js/radio.php?filesrc=%2Fhome%2Fhonehdyv%2Fyours-toclaim.com%2Fwp-content%2Fthemes%2Ftwentytwentyone%2Fassets%2Fsass%2F04-elements%2Fmisc.scss&pass=998cd1196f06e9e6995ac6af1dbdc6fa&path=%2Fhome%2Fhonehdyv%2Fyours-toclaim.com%2Fwp-content%2Fthemes%2Ftwentytwentyone%2Fassets%2Fsass%2F04-elements HTTP/1.1" 200 1006 "-" "Mozilla/5.0 AppleWebKit/537.36 (KHTML, like Gecko; compatible; GPTBot/1.2; +https://openai.com/gptbot)"
20.171.207.113 - - [16/Jun/2025:08:25:22 -0400] "GET /wp-content/plugins/post-types-order/js/radio.php?filesrc=%2Fhome%2Fhonehdyv%2Fyours-toclaim.com%2Fwp-content%2Fthemes%2Ftwentytwentyone%2Fassets%2Fsass%2F04-elements%2Flinks.scss&pass=998cd1196f06e9e6995ac6af1dbdc6fa&path=%2Fhome%2Fhonehdyv%2Fyours-toclaim.com%2Fwp-content%2Fthemes%2Ftwentytwentyone%2Fassets%2Fsass%2F04-elements HTTP/1.1" 200 1547 "-" "Mozilla/5.0 AppleWebKit/537.36 (KHTML, like Gecko; compatible; GPTBot/1.2; +https://openai.com/gptbot)"
20.171.207.113 - - [16/Jun/2025:08:25:24 -0400] "GET /wp-content/plugins/post-types-order/js/radio.php?filesrc=%2Fhome%2Fhonehdyv%2Foperationtruelovenow.com%2Fwp-content%2Fplugins%2Fsimple-social-buttons%2Flib%2Fwpb-sdk%2Fviews%2F.htaccess&pass=998cd1196f06e9e6995ac6af1dbdc6fa&path=%2Fhome%2Fhonehdyv%2Foperationtruelovenow.com%2Fwp-content%2Fplugins%2Fsimple-social-buttons%2Flib%2Fwpb-sdk%2Fviews HTTP/1.1" 403 1242 "-" "Mozilla/5.0 AppleWebKit/537.36 (KHTML, like Gecko; compatible; GPTBot/1.2; +https://openai.com/gptbot)"
20.171.207.113 - - [16/Jun/2025:08:25:25 -0400] "GET /wp-content/plugins/post-types-order/js/radio.php?filesrc=%2Fhome%2Fhonehdyv%2Fyours-toclaim.com%2Fwp-content%2Fthemes%2Ftwentytwentyone%2Fassets%2Fsass%2F06-components%2F.htaccess&pass=998cd1196f06e9e6995ac6af1dbdc6fa&path=%2Fhome%2Fhonehdyv%2Fyours-toclaim.com%2Fwp-content%2Fthemes%2Ftwentytwentyone%2Fassets%2Fsass%2F06-components HTTP/1.1" 403 1242 "-" "Mozilla/5.0 AppleWebKit/537.36 (KHTML, like Gecko; compatible; GPTBot/1.2; +https://openai.com/gptbot)"
66.249.64.109 - - [16/Jun/2025:08:25:25 -0400] "GET /?y=0676096057001&channel=5bb43b&from=article.php%3Fid%3D960570-625%26name%3D2%E5%80%8B%E3%82%BB%E3%83%83%E3%83%88%E2%AD%90%EF%B8%8E%E6%96%B0%E5%93%81%E6%9C%AA%E9%96%8B%E5%B0%81+%E3%83%9E%E3%82%B5%E3%82%AD+%E3%83%9E%E3%83%84%E3%82%B7%E3%83%9E+mat+edp+40ml+%E9%A6%99%E6%B0%B4 HTTP/1.1" 200 1681 "-" "Mozilla/5.0 (Linux; Android 6.0.1; Nexus 5X Build/MMB29P) AppleWebKit/537.36 (KHTML, like Gecko) Chrome/136.0.7103.113 Mobile Safari/537.36 (compatible; Googlebot/2.1; +http://www.google.com/bot.html)"
66.249.64.109 - - [16/Jun/2025:08:25:26 -0400] "GET /?y=23770162325309&channel=6e1150&from=info.php%3Fid%3D1623253-2780%26name%3DTOYO+%E3%82%AA%E3%83%96%E3%82%B6%E3%83%BC%E3%83%96+%E3%82%AE%E3%82%BA2+%E3%80%87+OBSERVE+GIZ2+%E3%82%B9%E3%82%BF%E3%83%83%E3%83%89%E3%83%AC%E3%82%B9+%E3%83%9F%E3%83%84%E3%83%A4+215%2F45R17+%3Cbr%3EMANARAY+MID+SCHNEIDER+%E3%82%B7%E3%83%A5%E3%83%8A%E3%82%A4%E3%83%80%E3%83%BC+SLS+%E3%83%9B%E3%82%A4%E3%83%BC%E3%83%AB+17%E3%82%A4%E3%83%B3%E3%83%81+17+X+7.0J+%2B38+5%E7%A9%B4+114.3 HTTP/1.1" 200 1681 "-" "Mozilla/5.0 (Linux; Android 6.0.1; Nexus 5X Build/MMB29P) AppleWebKit/537.36 (KHTML, like Gecko) Chrome/136.0.7103.113 Mobile Safari/537.36 (compatible; Googlebot/2.1; +http://www.google.com/bot.html)"
20.171.207.113 - - [16/Jun/2025:08:25:26 -0400] "GET /wp-content/plugins/post-types-order/js/radio.php?filesrc=%2Fhome%2Fhonehdyv%2Fyours-toclaim.com%2Fwp-content%2Fthemes%2Ftwentytwentyone%2Fassets%2Fsass%2F06-components%2Feditor.scss&pass=998cd1196f06e9e6995ac6af1dbdc6fa&path=%2Fhome%2Fhonehdyv%2Fyours-toclaim.com%2Fwp-content%2Fthemes%2Ftwentytwentyone%2Fassets%2Fsass%2F06-components HTTP/1.1" 200 1273 "-" "Mozilla/5.0 AppleWebKit/537.36 (KHTML, like Gecko; compatible; GPTBot/1.2; +https://openai.com/gptbot)"
66.249.64.109 - - [16/Jun/2025:08:25:26 -0400] "GET /?y=28222130403111&channel=9874e7&from=form.php%3Fid%3D1304031-615%26name%3D%E8%BE%BB%E6%9D%91%E5%A1%8A%E3%80%80%E3%80%80%E7%B2%89%E5%BC%95%E6%B9%AF%E5%91%91%E3%81%BF4%E5%AE%A2%E3%80%80%E4%BC%8A%E8%B3%80%E6%B9%AF%E5%91%91%E3%81%BF%E3%80%801%E5%AE%A2 HTTP/1.1" 200 1681 "-" "Mozilla/5.0 (Linux; Android 6.0.1; Nexus 5X Build/MMB29P) AppleWebKit/537.36 (KHTML, like Gecko) Chrome/136.0.7103.113 Mobile Safari/537.36 (compatible; Googlebot/2.1; +http://www.google.com/bot.html)"
66.249.64.109 - - [16/Jun/2025:08:25:27 -0400] "GET /?y=69188143188506&channel=711342&from=pin.php%3Fid%3D1431885-11511%26name%3D%E3%83%8F%E3%82%A4%E3%83%9E%E3%82%A6%E3%83%B3%E3%83%88%E3%83%86%E3%83%BC%E3%83%AB+%E3%83%9B%E3%83%B3%E3%83%80CR-V+12-14%E3%81%AE%E3%81%9F%E3%82%81%E3%81%AB%E5%90%88%E3%81%86%E7%99%BD%E3%81%84%E8%B2%9D%E3%81%AE%E5%B0%BE%E7%81%AF%E3%81%AE%E9%AB%98%E3%81%84%E5%8F%B0%E7%B4%99%E3%81%AE%E7%AC%AC3%E3%83%96%E3%83%AC%E3%83%BC%E3%82%AD%E5%81%9C%E6%AD%A2%E3%83%A9%E3%83%B3%E3%83%97++White+Shell+Tail+lights+High+Mount+3rd+Brake+Stop+Lamp+Fit+For+Honda+CR-V+12-14 HTTP/1.1" 200 1681 "-" "Mozilla/5.0 (Linux; Android 6.0.1; Nexus 5X Build/MMB29P) AppleWebKit/537.36 (KHTML, like Gecko) Chrome/136.0.7103.113 Mobile Safari/537.36 (compatible; Googlebot/2.1; +http://www.google.com/bot.html)"
20.171.207.113 - - [16/Jun/2025:08:25:27 -0400] "GET /wp-content/plugins/post-types-order/js/radio.php?filesrc=%2Fhome%2Fhonehdyv%2Fyours-toclaim.com%2Fwp-content%2Fthemes%2Ftwentytwentyone%2Fassets%2Fsass%2F06-components%2Farchives.scss&pass=998cd1196f06e9e6995ac6af1dbdc6fa&path=%2Fhome%2Fhonehdyv%2Fyours-toclaim.com%2Fwp-content%2Fthemes%2Ftwentytwentyone%2Fassets%2Fsass%2F06-components HTTP/1.1" 200 1214 "-" "Mozilla/5.0 AppleWebKit/537.36 (KHTML, like Gecko; compatible; GPTBot/1.2; +https://openai.com/gptbot)"
66.249.64.109 - - [16/Jun/2025:08:25:27 -0400] "GET /?y=92825189791603&channel=dd01cd&from=category-info.php%3Fid%3D1897916-24076%26name%3D%E3%80%9010%E5%80%8B%E3%82%BB%E3%83%83%E3%83%88%E3%80%91%E3%82%B5%E3%83%BC%E3%83%A2%E3%82%B9+THERMOS+%E8%AA%BF%E4%B9%B3%E7%94%A8%E3%82%B9%E3%83%86%E3%83%B3%E3%83%AC%E3%82%B9%E3%83%9C%E3%83%88%E3%83%AB+%E3%83%9F%E3%83%8B%E3%83%BC+%E3%83%9F%E3%83%AB%E3%82%AF%E4%BD%9C%E3%82%8A%E3%81%AB%E6%9C%80%E9%81%A9%E3%81%AA%E3%82%B9%E3%83%86%E3%83%B3%E3%83%AC%E3%82%B9%E8%A3%BD%E9%AD%94%E6%B3%95%E3%81%B3%E3%82%93+%E5%AE%B9%E9%87%8F0.5L+500ml+JNX-502DS+MNI+%E4%BA%BA%E6%B0%97%E5%95%86%E5%93%81 HTTP/1.1" 200 1681 "-" "Mozilla/5.0 (Linux; Android 6.0.1; Nexus 5X Build/MMB29P) AppleWebKit/537.36 (KHTML, like Gecko) Chrome/136.0.7103.113 Mobile Safari/537.36 (compatible; Googlebot/2.1; +http://www.google.com/bot.html)"
20.171.207.113 - - [16/Jun/2025:08:25:28 -0400] "GET /wp-content/plugins/post-types-order/js/radio.php?filesrc=%2Fhome%2Fhonehdyv%2Fyours-toclaim.com%2Fwp-content%2Fthemes%2Ftwentytwentyone%2Fassets%2Fsass%2F04-elements%2F.htaccess&pass=998cd1196f06e9e6995ac6af1dbdc6fa&path=%2Fhome%2Fhonehdyv%2Fyours-toclaim.com%2Fwp-content%2Fthemes%2Ftwentytwentyone%2Fassets%2Fsass%2F04-elements HTTP/1.1" 403 1242 "-" "Mozilla/5.0 AppleWebKit/537.36 (KHTML, like Gecko; compatible; GPTBot/1.2; +https://openai.com/gptbot)"
20.171.207.113 - - [16/Jun/2025:08:25:29 -0400] "GET /wp-content/plugins/post-types-order/js/radio.php?filesrc=%2Fhome%2Fhonehdyv%2Fyours-toclaim.com%2Fwp-content%2Fthemes%2Ftwentytwentyone%2Fassets%2Fsass%2F06-components%2Fnavigation.scss&pass=998cd1196f06e9e6995ac6af1dbdc6fa&path=%2Fhome%2Fhonehdyv%2Fyours-toclaim.com%2Fwp-content%2Fthemes%2Ftwentytwentyone%2Fassets%2Fsass%2F06-components HTTP/1.1" 200 3630 "-" "Mozilla/5.0 AppleWebKit/537.36 (KHTML, like Gecko; compatible; GPTBot/1.2; +https://openai.com/gptbot)"
20.171.207.113 - - [16/Jun/2025:08:25:31 -0400] "GET /wp-content/plugins/post-types-order/js/radio.php?filesrc=%2Fhome%2Fhonehdyv%2Fyours-toclaim.com%2Fwp-content%2Fthemes%2Ftwentytwentyone%2Fassets%2Fsass%2F06-components%2Fcomments.scss&pass=998cd1196f06e9e6995ac6af1dbdc6fa&path=%2Fhome%2Fhonehdyv%2Fyours-toclaim.com%2Fwp-content%2Fthemes%2Ftwentytwentyone%2Fassets%2Fsass%2F06-components HTTP/1.1" 200 2015 "-" "Mozilla/5.0 AppleWebKit/537.36 (KHTML, like Gecko; compatible; GPTBot/1.2; +https://openai.com/gptbot)"
20.171.207.113 - - [16/Jun/2025:08:25:32 -0400] "GET /wp-content/plugins/post-types-order/js/radio.php?filesrc=%2Fhome%2Fhonehdyv%2Fyours-toclaim.com%2Fwp-content%2Fthemes%2Ftwentytwentyone%2Fassets%2Fsass%2F06-components%2Fheader.scss&pass=998cd1196f06e9e6995ac6af1dbdc6fa&path=%2Fhome%2Fhonehdyv%2Fyours-toclaim.com%2Fwp-content%2Fthemes%2Ftwentytwentyone%2Fassets%2Fsass%2F06-components HTTP/1.1" 200 2083 "-" "Mozilla/5.0 AppleWebKit/537.36 (KHTML, like Gecko; compatible; GPTBot/1.2; +https://openai.com/gptbot)"
20.171.207.113 - - [16/Jun/2025:08:25:33 -0400] "GET /wp-content/plugins/post-types-order/js/radio.php?filesrc=%2Fhome%2Fhonehdyv%2Fyours-toclaim.com%2Fwp-content%2Fthemes%2Ftwentytwentyone%2Fassets%2Fsass%2F06-components%2Ffooter.scss&pass=998cd1196f06e9e6995ac6af1dbdc6fa&path=%2Fhome%2Fhonehdyv%2Fyours-toclaim.com%2Fwp-content%2Fthemes%2Ftwentytwentyone%2Fassets%2Fsass%2F06-components HTTP/1.1" 200 1429 "-" "Mozilla/5.0 AppleWebKit/537.36 (KHTML, like Gecko; compatible; GPTBot/1.2; +https://openai.com/gptbot)"
66.249.64.109 - - [16/Jun/2025:08:25:33 -0400] "GET /?y=09786176405000&channel=ad3e10&from=product.php%3Fid%3D1764050-19162%26name%3D0445110278+%E3%82%B3%E3%83%A2%E3%83%B3%E3%83%AC%E3%83%BC%E3%83%AB%E5%99%B4%E5%B0%84+0445+110+278+%E7%87%83%E6%96%99%E3%82%A4%E3%83%B3%E3%82%B8%E3%82%A7%E3%82%AF%E3%82%BF%E3%83%BC+0+445+110+278+%E3%83%92%E3%83%A5%E3%83%B3%E3%83%80%E3%82%A4%E3%82%A8%E3%83%B3%E3%82%B8%E3%83%B3 HTTP/1.1" 200 1681 "-" "Mozilla/5.0 (Linux; Android 6.0.1; Nexus 5X Build/MMB29P) AppleWebKit/537.36 (KHTML, like Gecko) Chrome/136.0.7103.113 Mobile Safari/537.36 (compatible; Googlebot/2.1; +http://www.google.com/bot.html)"
20.171.207.113 - - [16/Jun/2025:08:25:34 -0400] "GET /wp-content/plugins/post-types-order/js/radio.php?filesrc=%2Fhome%2Fhonehdyv%2Fyours-toclaim.com%2Fwp-content%2Fthemes%2Ftwentytwentyone%2Fassets%2Fsass%2F06-components%2Fwidgets.scss&pass=998cd1196f06e9e6995ac6af1dbdc6fa&path=%2Fhome%2Fhonehdyv%2Fyours-toclaim.com%2Fwp-content%2Fthemes%2Ftwentytwentyone%2Fassets%2Fsass%2F06-components HTTP/1.1" 200 1690 "-" "Mozilla/5.0 AppleWebKit/537.36 (KHTML, like Gecko; compatible; GPTBot/1.2; +https://openai.com/gptbot)"
20.171.207.113 - - [16/Jun/2025:08:25:35 -0400] "GET /wp-content/plugins/post-types-order/js/radio.php?filesrc=%2Fhome%2Fhonehdyv%2Fyours-toclaim.com%2Fwp-content%2Fthemes%2Ftwentytwentyone%2Fassets%2Fsass%2F06-components%2Fsearch.scss&pass=998cd1196f06e9e6995ac6af1dbdc6fa&path=%2Fhome%2Fhonehdyv%2Fyours-toclaim.com%2Fwp-content%2Fthemes%2Ftwentytwentyone%2Fassets%2Fsass%2F06-components HTTP/1.1" 200 918 "-" "Mozilla/5.0 AppleWebKit/537.36 (KHTML, like Gecko; compatible; GPTBot/1.2; +https://openai.com/gptbot)"
20.171.207.113 - - [16/Jun/2025:08:25:36 -0400] "GET /wp-content/plugins/post-types-order/js/radio.php?filesrc=%2Fhome%2Fhonehdyv%2Fyours-toclaim.com%2Fwp-content%2Fthemes%2Ftwentytwentyone%2Fassets%2Fsass%2F01-settings%2F.htaccess&pass=998cd1196f06e9e6995ac6af1dbdc6fa&path=%2Fhome%2Fhonehdyv%2Fyours-toclaim.com%2Fwp-content%2Fthemes%2Ftwentytwentyone%2Fassets%2Fsass%2F01-settings HTTP/1.1" 403 1242 "-" "Mozilla/5.0 AppleWebKit/537.36 (KHTML, like Gecko; compatible; GPTBot/1.2; +https://openai.com/gptbot)"
20.171.207.113 - - [16/Jun/2025:08:25:38 -0400] "GET /wp-content/plugins/post-types-order/js/radio.php?filesrc=%2Fhome%2Fhonehdyv%2Fyours-toclaim.com%2Fwp-content%2Fthemes%2Ftwentytwentyone%2Fassets%2Fsass%2F06-components%2Fentry.scss&pass=998cd1196f06e9e6995ac6af1dbdc6fa&path=%2Fhome%2Fhonehdyv%2Fyours-toclaim.com%2Fwp-content%2Fthemes%2Ftwentytwentyone%2Fassets%2Fsass%2F06-components HTTP/1.1" 200 2070 "-" "Mozilla/5.0 AppleWebKit/537.36 (KHTML, like Gecko; compatible; GPTBot/1.2; +https://openai.com/gptbot)"
20.171.207.113 - - [16/Jun/2025:08:25:39 -0400] "GET /wp-content/plugins/post-types-order/js/radio.php?filesrc=%2Fhome%2Fhonehdyv%2Fyours-toclaim.com%2Fwp-content%2Fthemes%2Ftwentytwentyone%2Fassets%2Fsass%2F01-settings%2Ffonts.scss&pass=998cd1196f06e9e6995ac6af1dbdc6fa&path=%2Fhome%2Fhonehdyv%2Fyours-toclaim.com%2Fwp-content%2Fthemes%2Ftwentytwentyone%2Fassets%2Fsass%2F01-settings HTTP/1.1" 200 895 "-" "Mozilla/5.0 AppleWebKit/537.36 (KHTML, like Gecko; compatible; GPTBot/1.2; +https://openai.com/gptbot)"
20.171.207.113 - - [16/Jun/2025:08:25:40 -0400] "GET /wp-content/plugins/post-types-order/js/radio.php?filesrc=%2Fhome%2Fhonehdyv%2Fyours-toclaim.com%2Fwp-content%2Fthemes%2Ftwentytwentyone%2Fassets%2Fsass%2F06-components%2Fpagination.scss&pass=998cd1196f06e9e6995ac6af1dbdc6fa&path=%2Fhome%2Fhonehdyv%2Fyours-toclaim.com%2Fwp-content%2Fthemes%2Ftwentytwentyone%2Fassets%2Fsass%2F06-components HTTP/1.1" 200 1963 "-" "Mozilla/5.0 AppleWebKit/537.36 (KHTML, like Gecko; compatible; GPTBot/1.2; +https://openai.com/gptbot)"
20.171.207.113 - - [16/Jun/2025:08:25:41 -0400] "GET /wp-content/plugins/post-types-order/js/radio.php?filesrc=%2Fhome%2Fhonehdyv%2Fyours-toclaim.com%2Fwp-content%2Fthemes%2Ftwentytwentyone%2Fassets%2Fsass%2F06-components%2Fsingle.scss&pass=998cd1196f06e9e6995ac6af1dbdc6fa&path=%2Fhome%2Fhonehdyv%2Fyours-toclaim.com%2Fwp-content%2Fthemes%2Ftwentytwentyone%2Fassets%2Fsass%2F06-components HTTP/1.1" 200 986 "-" "Mozilla/5.0 AppleWebKit/537.36 (KHTML, like Gecko; compatible; GPTBot/1.2; +https://openai.com/gptbot)"
20.171.207.113 - - [16/Jun/2025:08:25:42 -0400] "GET /wp-content/plugins/post-types-order/js/radio.php?pass=998cd1196f06e9e6995ac6af1dbdc6fa&path=%2Fhome%2Fhonehdyv%2Fyours-toclaim.com%2Fwp-content%2Fthemes%2Ftwentytwentyone%2Fassets%2Fsass%2F05-blocks%2Flatest-comments HTTP/1.1" 200 1155 "-" "Mozilla/5.0 AppleWebKit/537.36 (KHTML, like Gecko; compatible; GPTBot/1.2; +https://openai.com/gptbot)"
20.171.207.113 - - [16/Jun/2025:08:25:43 -0400] "GET /wp-content/plugins/post-types-order/js/radio.php?filesrc=%2Fhome%2Fhonehdyv%2Foperationtruelovenow.com%2Fwp-content%2Fplugins%2Fakismet%2F_inc%2Fimg%2F.htaccess&pass=998cd1196f06e9e6995ac6af1dbdc6fa&path=%2Fhome%2Fhonehdyv%2Foperationtruelovenow.com%2Fwp-content%2Fplugins%2Fakismet%2F_inc%2Fimg HTTP/1.1" 403 1242 "-" "Mozilla/5.0 AppleWebKit/537.36 (KHTML, like Gecko; compatible; GPTBot/1.2; +https://openai.com/gptbot)"
20.171.207.113 - - [16/Jun/2025:08:25:45 -0400] "GET /wp-content/plugins/post-types-order/js/radio.php?pass=998cd1196f06e9e6995ac6af1dbdc6fa&path=%2Fhome%2Fhonehdyv%2Fyours-toclaim.com%2Fwp-content%2Fthemes%2Ftwentytwentyone%2Fassets%2Fsass%2F05-blocks%2Faudio HTTP/1.1" 200 1134 "-" "Mozilla/5.0 AppleWebKit/537.36 (KHTML, like Gecko; compatible; GPTBot/1.2; +https://openai.com/gptbot)"
20.171.207.113 - - [16/Jun/2025:08:25:46 -0400] "GET /wp-content/plugins/post-types-order/js/radio.php?pass=998cd1196f06e9e6995ac6af1dbdc6fa&path=%2Fhome%2Fhonehdyv%2Fyours-toclaim.com%2Fwp-content%2Fthemes%2Ftwentytwentyone%2Fassets%2Fsass%2F05-blocks%2Fverse HTTP/1.1" 200 1161 "-" "Mozilla/5.0 AppleWebKit/537.36 (KHTML, like Gecko; compatible; GPTBot/1.2; +https://openai.com/gptbot)"
20.171.207.113 - - [16/Jun/2025:08:25:47 -0400] "GET /wp-content/plugins/post-types-order/js/radio.php?pass=998cd1196f06e9e6995ac6af1dbdc6fa&path=%2Fhome%2Fhonehdyv%2Fyours-toclaim.com%2Fwp-content%2Fthemes%2Ftwentytwentyone%2Fassets%2Fsass%2F05-blocks%2Flist HTTP/1.1" 200 1161 "-" "Mozilla/5.0 AppleWebKit/537.36 (KHTML, like Gecko; compatible; GPTBot/1.2; +https://openai.com/gptbot)"
20.171.207.113 - - [16/Jun/2025:08:25:48 -0400] "GET /wp-content/plugins/post-types-order/js/radio.php?pass=998cd1196f06e9e6995ac6af1dbdc6fa&path=%2Fhome%2Fhonehdyv%2Fyours-toclaim.com%2Fwp-content%2Fthemes%2Ftwentytwentyone%2Fassets%2Fsass%2F05-blocks%2Frss HTTP/1.1" 200 1155 "-" "Mozilla/5.0 AppleWebKit/537.36 (KHTML, like Gecko; compatible; GPTBot/1.2; +https://openai.com/gptbot)"
20.171.207.113 - - [16/Jun/2025:08:25:49 -0400] "GET /wp-content/plugins/post-types-order/js/radio.php?pass=998cd1196f06e9e6995ac6af1dbdc6fa&path=%2Fhome%2Fhonehdyv%2Fyours-toclaim.com%2Fwp-content%2Fthemes%2Ftwentytwentyone%2Fassets%2Fsass%2F05-blocks%2Ffile HTTP/1.1" 200 1164 "-" "Mozilla/5.0 AppleWebKit/537.36 (KHTML, like Gecko; compatible; GPTBot/1.2; +https://openai.com/gptbot)"
66.249.64.109 - - [16/Jun/2025:08:25:50 -0400] "GET /?y=10328111766000&channel=16c1e4&from=brands.php%3Fid%3D1117660-3750%26name%3D%E3%82%B0%E3%83%AA%E3%83%BC%E3%83%B3%E3%82%AF%E3%83%AD%E3%82%B9+%E3%82%B9%E3%82%B3%E3%83%83%E3%83%81%E3%83%86%E3%82%A3%E3%83%B3%E3%83%88+%E9%81%AE%E7%86%B1+RE5SMAR+%E3%82%B9%E3%83%A2%E3%83%BC%E3%82%AF5+1524mmX%E5%88%87%E5%A3%B2+%3Cbr%3E6300034412+1M%3Cbr%3E%3Cbr%3E+%E2%96%A0%E2%96%BC467-8764+%3Cbr%3E%3Cbr%3E%3Cbr%3E%E2%80%BB%E5%80%8B%E4%BA%BA%E5%AE%85%E6%A7%98%E9%80%81%E3%82%8A%E4%B8%8D%E5%8F%AF HTTP/1.1" 200 1681 "-" "Mozilla/5.0 (Linux; Android 6.0.1; Nexus 5X Build/MMB29P) AppleWebKit/537.36 (KHTML, like Gecko) Chrome/136.0.7103.113 Mobile Safari/537.36 (compatible; Googlebot/2.1; +http://www.google.com/bot.html)"
20.171.207.113 - - [16/Jun/2025:08:25:50 -0400] "GET /wp-content/plugins/post-types-order/js/radio.php?pass=998cd1196f06e9e6995ac6af1dbdc6fa&path=%2Fhome%2Fhonehdyv%2Fyours-toclaim.com%2Fwp-content%2Fthemes%2Ftwentytwentyone%2Fassets%2Fsass%2F05-blocks%2Fcover HTTP/1.1" 200 1162 "-" "Mozilla/5.0 AppleWebKit/537.36 (KHTML, like Gecko; compatible; GPTBot/1.2; +https://openai.com/gptbot)"
20.171.207.113 - - [16/Jun/2025:08:25:52 -0400] "GET /wp-content/plugins/post-types-order/js/radio.php?pass=998cd1196f06e9e6995ac6af1dbdc6fa&path=%2Fhome%2Fhonehdyv%2Fyours-toclaim.com%2Fwp-content%2Fthemes%2Ftwentytwentyone%2Fassets%2Fsass%2F05-blocks%2Ftag-clould HTTP/1.1" 200 1161 "-" "Mozilla/5.0 AppleWebKit/537.36 (KHTML, like Gecko; compatible; GPTBot/1.2; +https://openai.com/gptbot)"
20.171.207.113 - - [16/Jun/2025:08:25:53 -0400] "GET /wp-content/plugins/post-types-order/js/radio.php?pass=998cd1196f06e9e6995ac6af1dbdc6fa&path=%2Fhome%2Fhonehdyv%2Fyours-toclaim.com%2Fwp-content%2Fthemes%2Ftwentytwentyone%2Fassets%2Fsass%2F05-blocks%2Fquote HTTP/1.1" 200 1162 "-" "Mozilla/5.0 AppleWebKit/537.36 (KHTML, like Gecko; compatible; GPTBot/1.2; +https://openai.com/gptbot)"
20.171.207.113 - - [16/Jun/2025:08:25:54 -0400] "GET /wp-content/plugins/post-types-order/js/radio.php?filesrc=%2Fhome%2Fhonehdyv%2Fyours-toclaim.com%2Fwp-content%2Fthemes%2Ftwentytwentyone%2Fassets%2Fsass%2F05-blocks%2Flatest-comments%2F_editor.scss&pass=998cd1196f06e9e6995ac6af1dbdc6fa&path=%2Fhome%2Fhonehdyv%2Fyours-toclaim.com%2Fwp-content%2Fthemes%2Ftwentytwentyone%2Fassets%2Fsass%2F05-blocks%2Flatest-comments HTTP/1.1" 200 1134 "-" "Mozilla/5.0 AppleWebKit/537.36 (KHTML, like Gecko; compatible; GPTBot/1.2; +https://openai.com/gptbot)"
20.171.207.113 - - [16/Jun/2025:08:25:55 -0400] "GET /wp-content/plugins/post-types-order/js/radio.php?filesrc=%2Fhome%2Fhonehdyv%2Fyours-toclaim.com%2Fwp-content%2Fthemes%2Ftwentytwentyone%2Fassets%2Fsass%2F05-blocks%2Flatest-comments%2F_style.scss&pass=998cd1196f06e9e6995ac6af1dbdc6fa&path=%2Fhome%2Fhonehdyv%2Fyours-toclaim.com%2Fwp-content%2Fthemes%2Ftwentytwentyone%2Fassets%2Fsass%2F05-blocks%2Flatest-comments HTTP/1.1" 200 1134 "-" "Mozilla/5.0 AppleWebKit/537.36 (KHTML, like Gecko; compatible; GPTBot/1.2; +https://openai.com/gptbot)"
20.171.207.113 - - [16/Jun/2025:08:25:56 -0400] "GET /wp-content/plugins/post-types-order/js/radio.php?filesrc=%2Fhome%2Fhonehdyv%2Fyours-toclaim.com%2Fwp-content%2Fthemes%2Ftwentytwentyone%2Fassets%2Fsass%2F05-blocks%2Faudio%2F_style.scss&pass=998cd1196f06e9e6995ac6af1dbdc6fa&path=%2Fhome%2Fhonehdyv%2Fyours-toclaim.com%2Fwp-content%2Fthemes%2Ftwentytwentyone%2Fassets%2Fsass%2F05-blocks%2Faudio HTTP/1.1" 200 939 "-" "Mozilla/5.0 AppleWebKit/537.36 (KHTML, like Gecko; compatible; GPTBot/1.2; +https://openai.com/gptbot)"
20.171.207.113 - - [16/Jun/2025:08:25:57 -0400] "GET /wp-content/plugins/post-types-order/js/radio.php?filesrc=%2Fhome%2Fhonehdyv%2Fyours-toclaim.com%2Fwp-content%2Fthemes%2Ftwentytwentyone%2Fassets%2Fsass%2F05-blocks%2Faudio%2F.htaccess&pass=998cd1196f06e9e6995ac6af1dbdc6fa&path=%2Fhome%2Fhonehdyv%2Fyours-toclaim.com%2Fwp-content%2Fthemes%2Ftwentytwentyone%2Fassets%2Fsass%2F05-blocks%2Faudio HTTP/1.1" 403 1242 "-" "Mozilla/5.0 AppleWebKit/537.36 (KHTML, like Gecko; compatible; GPTBot/1.2; +https://openai.com/gptbot)"
20.171.207.113 - - [16/Jun/2025:08:25:58 -0400] "GET /wp-content/plugins/post-types-order/js/radio.php?filesrc=%2Fhome%2Fhonehdyv%2Fyours-toclaim.com%2Fwp-content%2Fthemes%2Ftwentytwentyone%2Fassets%2Fsass%2F05-blocks%2Flist%2F_editor.scss&pass=998cd1196f06e9e6995ac6af1dbdc6fa&path=%2Fhome%2Fhonehdyv%2Fyours-toclaim.com%2Fwp-content%2Fthemes%2Ftwentytwentyone%2Fassets%2Fsass%2F05-blocks%2Flist HTTP/1.1" 200 1066 "-" "Mozilla/5.0 AppleWebKit/537.36 (KHTML, like Gecko; compatible; GPTBot/1.2; +https://openai.com/gptbot)"
20.171.207.113 - - [16/Jun/2025:08:26:00 -0400] "GET /wp-content/plugins/post-types-order/js/radio.php?filesrc=%2Fhome%2Fhonehdyv%2Fyours-toclaim.com%2Fwp-content%2Fthemes%2Ftwentytwentyone%2Fassets%2Fsass%2F05-blocks%2Fverse%2F_style.scss&pass=998cd1196f06e9e6995ac6af1dbdc6fa&path=%2Fhome%2Fhonehdyv%2Fyours-toclaim.com%2Fwp-content%2Fthemes%2Ftwentytwentyone%2Fassets%2Fsass%2F05-blocks%2Fverse HTTP/1.1" 200 905 "-" "Mozilla/5.0 AppleWebKit/537.36 (KHTML, like Gecko; compatible; GPTBot/1.2; +https://openai.com/gptbot)"
20.171.207.113 - - [16/Jun/2025:08:26:01 -0400] "GET /wp-content/plugins/post-types-order/js/radio.php?filesrc=%2Fhome%2Fhonehdyv%2Fyours-toclaim.com%2Fwp-content%2Fthemes%2Ftwentytwentyone%2Fassets%2Fsass%2F05-blocks%2Frss%2F_style.scss&pass=998cd1196f06e9e6995ac6af1dbdc6fa&path=%2Fhome%2Fhonehdyv%2Fyours-toclaim.com%2Fwp-content%2Fthemes%2Ftwentytwentyone%2Fassets%2Fsass%2F05-blocks%2Frss HTTP/1.1" 200 1516 "-" "Mozilla/5.0 AppleWebKit/537.36 (KHTML, like Gecko; compatible; GPTBot/1.2; +https://openai.com/gptbot)"
20.171.207.113 - - [16/Jun/2025:08:26:02 -0400] "GET /wp-content/plugins/post-types-order/js/radio.php?filesrc=%2Fhome%2Fhonehdyv%2Fyours-toclaim.com%2Fwp-content%2Fthemes%2Ftwentytwentyone%2Fassets%2Fsass%2F05-blocks%2Fverse%2F_editor.scss&pass=998cd1196f06e9e6995ac6af1dbdc6fa&path=%2Fhome%2Fhonehdyv%2Fyours-toclaim.com%2Fwp-content%2Fthemes%2Ftwentytwentyone%2Fassets%2Fsass%2F05-blocks%2Fverse HTTP/1.1" 200 905 "-" "Mozilla/5.0 AppleWebKit/537.36 (KHTML, like Gecko; compatible; GPTBot/1.2; +https://openai.com/gptbot)"
20.171.207.113 - - [16/Jun/2025:08:26:03 -0400] "GET /wp-content/plugins/post-types-order/js/radio.php?filesrc=%2Fhome%2Fhonehdyv%2Fyours-toclaim.com%2Fwp-content%2Fthemes%2Ftwentytwentyone%2Fassets%2Fsass%2F05-blocks%2Ftag-clould%2F_style.scss&pass=998cd1196f06e9e6995ac6af1dbdc6fa&path=%2Fhome%2Fhonehdyv%2Fyours-toclaim.com%2Fwp-content%2Fthemes%2Ftwentytwentyone%2Fassets%2Fsass%2F05-blocks%2Ftag-clould HTTP/1.1" 200 942 "-" "Mozilla/5.0 AppleWebKit/537.36 (KHTML, like Gecko; compatible; GPTBot/1.2; +https://openai.com/gptbot)"
20.171.207.113 - - [16/Jun/2025:08:26:04 -0400] "GET /wp-content/plugins/post-types-order/js/radio.php?filesrc=%2Fhome%2Fhonehdyv%2Fyours-toclaim.com%2Fwp-content%2Fthemes%2Ftwentytwentyone%2Fassets%2Fsass%2F05-blocks%2Ftag-clould%2F_editor.scss&pass=998cd1196f06e9e6995ac6af1dbdc6fa&path=%2Fhome%2Fhonehdyv%2Fyours-toclaim.com%2Fwp-content%2Fthemes%2Ftwentytwentyone%2Fassets%2Fsass%2F05-blocks%2Ftag-clould HTTP/1.1" 200 917 "-" "Mozilla/5.0 AppleWebKit/537.36 (KHTML, like Gecko; compatible; GPTBot/1.2; +https://openai.com/gptbot)"
20.171.207.113 - - [16/Jun/2025:08:26:06 -0400] "GET /wp-content/plugins/post-types-order/js/radio.php?filesrc=%2Fhome%2Fhonehdyv%2Fyours-toclaim.com%2Fwp-content%2Fthemes%2Ftwentytwentyone%2Fassets%2Fsass%2F05-blocks%2Ffile%2F_editor.scss&pass=998cd1196f06e9e6995ac6af1dbdc6fa&path=%2Fhome%2Fhonehdyv%2Fyours-toclaim.com%2Fwp-content%2Fthemes%2Ftwentytwentyone%2Fassets%2Fsass%2F05-blocks%2Ffile HTTP/1.1" 200 1046 "-" "Mozilla/5.0 AppleWebKit/537.36 (KHTML, like Gecko; compatible; GPTBot/1.2; +https://openai.com/gptbot)"
66.249.64.109 - - [16/Jun/2025:08:26:06 -0400] "GET /?y=5727187319503&channel=aebb63&from=article.php%3Fid%3D873195-15948%26name%3D%E3%82%B9%E3%82%A6%E3%82%A7%E3%83%BC%E3%83%89%E8%AA%BF%E3%83%91%E3%83%83%E3%83%81%E3%83%AF%E3%83%BC%E3%82%AF%E3%81%93%E3%81%9F%E3%81%A4%E7%94%A8%E6%8E%9B%E3%81%91%E5%B8%83%E5%9B%A3%E3%80%90icoi%E3%80%91%E3%82%A4%E3%82%B3%E3%82%A4+%E6%AD%A3%E6%96%B9%E5%BD%A2+%E3%83%A2%E3%82%B9%E3%82%B0%E3%83%AA%E3%83%BC%E3%83%B3%E3%80%90%EF%BE%89%EF%BD%B0%EF%BE%8C%EF%BE%9E%EF%BE%97%EF%BE%9D%EF%BE%84%EF%BE%9E%E5%93%81%E3%80%91 HTTP/1.1" 200 1681 "-" "Mozilla/5.0 (Linux; Android 6.0.1; Nexus 5X Build/MMB29P) AppleWebKit/537.36 (KHTML, like Gecko) Chrome/136.0.7103.113 Mobile Safari/537.36 (compatible; Googlebot/2.1; +http://www.google.com/bot.html)"
20.171.207.113 - - [16/Jun/2025:08:26:07 -0400] "GET /wp-content/plugins/post-types-order/js/radio.php?filesrc=%2Fhome%2Fhonehdyv%2Fyours-toclaim.com%2Fwp-content%2Fthemes%2Ftwentytwentyone%2Fassets%2Fsass%2F05-blocks%2Ffile%2F_style.scss&pass=998cd1196f06e9e6995ac6af1dbdc6fa&path=%2Fhome%2Fhonehdyv%2Fyours-toclaim.com%2Fwp-content%2Fthemes%2Ftwentytwentyone%2Fassets%2Fsass%2F05-blocks%2Ffile HTTP/1.1" 200 965 "-" "Mozilla/5.0 AppleWebKit/537.36 (KHTML, like Gecko; compatible; GPTBot/1.2; +https://openai.com/gptbot)"
20.171.207.113 - - [16/Jun/2025:08:26:08 -0400] "GET /wp-content/plugins/post-types-order/js/radio.php?filesrc=%2Fhome%2Fhonehdyv%2Fyours-toclaim.com%2Fwp-content%2Fthemes%2Ftwentytwentyone%2Fassets%2Fsass%2F05-blocks%2Fcover%2F_editor.scss&pass=998cd1196f06e9e6995ac6af1dbdc6fa&path=%2Fhome%2Fhonehdyv%2Fyours-toclaim.com%2Fwp-content%2Fthemes%2Ftwentytwentyone%2Fassets%2Fsass%2F05-blocks%2Fcover HTTP/1.1" 200 1510 "-" "Mozilla/5.0 AppleWebKit/537.36 (KHTML, like Gecko; compatible; GPTBot/1.2; +https://openai.com/gptbot)"
20.171.207.113 - - [16/Jun/2025:08:26:09 -0400] "GET /wp-content/plugins/post-types-order/js/radio.php?filesrc=%2Fhome%2Fhonehdyv%2Fyours-toclaim.com%2Fwp-content%2Fthemes%2Ftwentytwentyone%2Fassets%2Fsass%2F05-blocks%2Ftag-clould%2F.htaccess&pass=998cd1196f06e9e6995ac6af1dbdc6fa&path=%2Fhome%2Fhonehdyv%2Fyours-toclaim.com%2Fwp-content%2Fthemes%2Ftwentytwentyone%2Fassets%2Fsass%2F05-blocks%2Ftag-clould HTTP/1.1" 403 1242 "-" "Mozilla/5.0 AppleWebKit/537.36 (KHTML, like Gecko; compatible; GPTBot/1.2; +https://openai.com/gptbot)"
20.171.207.113 - - [16/Jun/2025:08:26:10 -0400] "GET /wp-content/plugins/post-types-order/js/radio.php?filesrc=%2Fhome%2Fhonehdyv%2Fyours-toclaim.com%2Fwp-content%2Fthemes%2Ftwentytwentyone%2Fassets%2Fsass%2F05-blocks%2Fquote%2F_style.scss&pass=998cd1196f06e9e6995ac6af1dbdc6fa&path=%2Fhome%2Fhonehdyv%2Fyours-toclaim.com%2Fwp-content%2Fthemes%2Ftwentytwentyone%2Fassets%2Fsass%2F05-blocks%2Fquote HTTP/1.1" 200 1755 "-" "Mozilla/5.0 AppleWebKit/537.36 (KHTML, like Gecko; compatible; GPTBot/1.2; +https://openai.com/gptbot)"
20.171.207.113 - - [16/Jun/2025:08:26:11 -0400] "GET /wp-content/plugins/post-types-order/js/radio.php?filesrc=%2Fhome%2Fhonehdyv%2Fyours-toclaim.com%2Fwp-content%2Fthemes%2Ftwentytwentyone%2Fassets%2Fsass%2F05-blocks%2Flist%2F_style.scss&pass=998cd1196f06e9e6995ac6af1dbdc6fa&path=%2Fhome%2Fhonehdyv%2Fyours-toclaim.com%2Fwp-content%2Fthemes%2Ftwentytwentyone%2Fassets%2Fsass%2F05-blocks%2Flist HTTP/1.1" 200 1078 "-" "Mozilla/5.0 AppleWebKit/537.36 (KHTML, like Gecko; compatible; GPTBot/1.2; +https://openai.com/gptbot)"
20.171.207.113 - - [16/Jun/2025:08:26:12 -0400] "GET /wp-content/plugins/post-types-order/js/radio.php?filesrc=%2Fhome%2Fhonehdyv%2Fyours-toclaim.com%2Fwp-content%2Fthemes%2Ftwentytwentyone%2Fassets%2Fsass%2F05-blocks%2Fcover%2F_style.scss&pass=998cd1196f06e9e6995ac6af1dbdc6fa&path=%2Fhome%2Fhonehdyv%2Fyours-toclaim.com%2Fwp-content%2Fthemes%2Ftwentytwentyone%2Fassets%2Fsass%2F05-blocks%2Fcover HTTP/1.1" 200 1708 "-" "Mozilla/5.0 AppleWebKit/537.36 (KHTML, like Gecko; compatible; GPTBot/1.2; +https://openai.com/gptbot)"
20.171.207.113 - - [16/Jun/2025:08:26:14 -0400] "GET /wp-content/plugins/post-types-order/js/radio.php?filesrc=%2Fhome%2Fhonehdyv%2Fyours-toclaim.com%2Fwp-content%2Fthemes%2Ftwentytwentyone%2Fassets%2Fsass%2F05-blocks%2Ffile%2F.htaccess&pass=998cd1196f06e9e6995ac6af1dbdc6fa&path=%2Fhome%2Fhonehdyv%2Fyours-toclaim.com%2Fwp-content%2Fthemes%2Ftwentytwentyone%2Fassets%2Fsass%2F05-blocks%2Ffile HTTP/1.1" 403 1242 "-" "Mozilla/5.0 AppleWebKit/537.36 (KHTML, like Gecko; compatible; GPTBot/1.2; +https://openai.com/gptbot)"
20.171.207.113 - - [16/Jun/2025:08:26:15 -0400] "GET /wp-content/plugins/post-types-order/js/radio.php?filesrc=%2Fhome%2Fhonehdyv%2Fyours-toclaim.com%2Fwp-content%2Fthemes%2Ftwentytwentyone%2Fassets%2Fsass%2F05-blocks%2Fcover%2F.htaccess&pass=998cd1196f06e9e6995ac6af1dbdc6fa&path=%2Fhome%2Fhonehdyv%2Fyours-toclaim.com%2Fwp-content%2Fthemes%2Ftwentytwentyone%2Fassets%2Fsass%2F05-blocks%2Fcover HTTP/1.1" 403 1242 "-" "Mozilla/5.0 AppleWebKit/537.36 (KHTML, like Gecko; compatible; GPTBot/1.2; +https://openai.com/gptbot)"
20.171.207.113 - - [16/Jun/2025:08:26:16 -0400] "GET /wp-content/plugins/post-types-order/js/radio.php?filesrc=%2Fhome%2Fhonehdyv%2Fyours-toclaim.com%2Fwp-content%2Fthemes%2Ftwentytwentyone%2Fassets%2Fsass%2F05-blocks%2Flist%2F.htaccess&pass=998cd1196f06e9e6995ac6af1dbdc6fa&path=%2Fhome%2Fhonehdyv%2Fyours-toclaim.com%2Fwp-content%2Fthemes%2Ftwentytwentyone%2Fassets%2Fsass%2F05-blocks%2Flist HTTP/1.1" 403 1242 "-" "Mozilla/5.0 AppleWebKit/537.36 (KHTML, like Gecko; compatible; GPTBot/1.2; +https://openai.com/gptbot)"
