20.171.207.113 - - [16/Jun/2025:09:21:05 -0400] "GET /wp-content/plugins/post-types-order/js/radio.php?filesrc=%2Fhome%2Fhonehdyv%2Fyours-toclaim.com%2Fwp-content%2Fplugins%2Fseo-by-rank-math%2Fincludes%2Fadmin%2Fviews%2Fplugin-activation.php&pass=998cd1196f06e9e6995ac6af1dbdc6fa&path=%2Fhome%2Fhonehdyv%2Fyours-toclaim.com%2Fwp-content%2Fplugins%2Fseo-by-rank-math%2Fincludes%2Fadmin%2Fviews HTTP/1.1" 200 1928 "-" "Mozilla/5.0 AppleWebKit/537.36 (KHTML, like Gecko; compatible; GPTBot/1.2; +https://openai.com/gptbot)"
52.178.181.161 - - [16/Jun/2025:09:21:05 -0400] "GET /shop/ HTTP/1.1" 404 1251 "-" "-"
52.178.181.161 - - [16/Jun/2025:09:21:05 -0400] "GET /files/ HTTP/1.1" 404 1251 "-" "-"
52.178.181.161 - - [16/Jun/2025:09:21:05 -0400] "GET /admin/editor/ HTTP/1.1" 404 1251 "-" "-"
52.178.181.161 - - [16/Jun/2025:09:21:05 -0400] "GET /include/ HTTP/1.1" 404 1251 "-" "-"
66.249.64.108 - - [16/Jun/2025:09:21:05 -0400] "GET /?y=72958119676800&channel=95c174&from=article.php%3Fid%3D1196768-10172%26name%3D%E3%82%8B%E3%81%84%E6%A7%98+%E3%82%A6%E3%82%A3%E3%83%83%E3%82%B0%E3%82%AA%E3%83%BC%E3%83%80%E3%83%BC+%E5%B0%82%E7%94%A8%E3%83%9A%E3%83%BC%E3%82%B8%E2%91%A1 HTTP/1.1" 200 1681 "-" "Mozilla/5.0 (Linux; Android 6.0.1; Nexus 5X Build/MMB29P) AppleWebKit/537.36 (KHTML, like Gecko) Chrome/136.0.7103.113 Mobile Safari/537.36 (compatible; Googlebot/2.1; +http://www.google.com/bot.html)"
52.178.181.161 - - [16/Jun/2025:09:21:05 -0400] "GET /Assets/ HTTP/1.1" 404 1251 "-" "-"
52.178.181.161 - - [16/Jun/2025:09:21:06 -0400] "GET /images/stories/ HTTP/1.1" 404 1251 "-" "-"
52.178.181.161 - - [16/Jun/2025:09:21:06 -0400] "GET /plugins/ioxi-o.php HTTP/1.1" 404 1251 "-" "-"
20.171.207.113 - - [16/Jun/2025:09:21:06 -0400] "GET /wp-content/plugins/post-types-order/js/radio.php?filesrc=%2Fhome%2Fhonehdyv%2Fyours-toclaim.com%2Fwp-content%2Fplugins%2Fseo-by-rank-math%2Fincludes%2Fadmin%2Fmetabox%2Fclass-screen.php&pass=998cd1196f06e9e6995ac6af1dbdc6fa&path=%2Fhome%2Fhonehdyv%2Fyours-toclaim.com%2Fwp-content%2Fplugins%2Fseo-by-rank-math%2Fincludes%2Fadmin%2Fmetabox HTTP/1.1" 200 4850 "-" "Mozilla/5.0 AppleWebKit/537.36 (KHTML, like Gecko; compatible; GPTBot/1.2; +https://openai.com/gptbot)"
52.178.181.161 - - [16/Jun/2025:09:21:06 -0400] "GET /wp-includes/ioxi-o.php HTTP/1.1" 404 1251 "-" "-"
52.178.181.161 - - [16/Jun/2025:09:21:06 -0400] "GET /wp-includes/Text/Diff/Engine/ HTTP/1.1" 200 702 "-" "-"
52.178.181.161 - - [16/Jun/2025:09:21:06 -0400] "GET /wp-includes/block-patterns/ HTTP/1.1" 200 1099 "-" "-"
52.178.181.161 - - [16/Jun/2025:09:21:07 -0400] "GET /wp-includes/Text/Diff/ HTTP/1.1" 200 706 "-" "-"
20.171.207.113 - - [16/Jun/2025:09:21:07 -0400] "GET /wp-content/plugins/post-types-order/js/radio.php?filesrc=%2Fhome%2Fhonehdyv%2Fyours-toclaim.com%2Fwp-content%2Fplugins%2Fad-inserter%2Fincludes%2Fgoogle-api-8%2Fsrc%2FHttp%2FMediaFileUpload.php&pass=998cd1196f06e9e6995ac6af1dbdc6fa&path=%2Fhome%2Fhonehdyv%2Fyours-toclaim.com%2Fwp-content%2Fplugins%2Fad-inserter%2Fincludes%2Fgoogle-api-8%2Fsrc%2FHttp HTTP/1.1" 200 3848 "-" "Mozilla/5.0 AppleWebKit/537.36 (KHTML, like Gecko; compatible; GPTBot/1.2; +https://openai.com/gptbot)"
52.178.181.161 - - [16/Jun/2025:09:21:07 -0400] "GET /wp-includes/block-supports/ HTTP/1.1" 200 1375 "-" "-"
52.178.181.161 - - [16/Jun/2025:09:21:07 -0400] "GET /wp-includes/blocks/ HTTP/1.1" 200 6 "-" "-"
52.178.181.161 - - [16/Jun/2025:09:21:08 -0400] "GET /wp-includes/certificates/ HTTP/1.1" 200 624 "-" "-"
52.178.181.161 - - [16/Jun/2025:09:21:08 -0400] "GET /wp-includes/SimplePie/Cache/ HTTP/1.1" 404 1251 "-" "-"
52.178.181.161 - - [16/Jun/2025:09:21:08 -0400] "GET /wp-includes/SimplePie/Content/Type/ HTTP/1.1" 404 1251 "-" "-"
20.171.207.113 - - [16/Jun/2025:09:21:08 -0400] "GET /wp-content/plugins/post-types-order/js/radio.php?filesrc=%2Fhome%2Fhonehdyv%2Fyours-toclaim.com%2Fwp-content%2Fplugins%2Fseo-by-rank-math%2Fincludes%2Fadmin%2Fwizard%2Finterface-wizard-step.php&pass=998cd1196f06e9e6995ac6af1dbdc6fa&path=%2Fhome%2Fhonehdyv%2Fyours-toclaim.com%2Fwp-content%2Fplugins%2Fseo-by-rank-math%2Fincludes%2Fadmin%2Fwizard HTTP/1.1" 200 1174 "-" "Mozilla/5.0 AppleWebKit/537.36 (KHTML, like Gecko; compatible; GPTBot/1.2; +https://openai.com/gptbot)"
52.178.181.161 - - [16/Jun/2025:09:21:08 -0400] "GET /wp-includes/css/ HTTP/1.1" 200 1818 "-" "-"
52.178.181.161 - - [16/Jun/2025:09:21:08 -0400] "GET /wp-includes/SimplePie/Content/ HTTP/1.1" 404 1251 "-" "-"
52.178.181.161 - - [16/Jun/2025:09:21:09 -0400] "GET /wp-includes/rest-api/endpoints/ HTTP/1.1" 200 2054 "-" "-"
20.171.207.113 - - [16/Jun/2025:09:21:09 -0400] "GET /wp-content/plugins/post-types-order/js/radio.php?filesrc=%2Fhome%2Fhonehdyv%2Fyours-toclaim.com%2Fwp-content%2Fplugins%2Fseo-by-rank-math%2Fincludes%2Fadmin%2Fwizard%2Fclass-compatibility.php&pass=998cd1196f06e9e6995ac6af1dbdc6fa&path=%2Fhome%2Fhonehdyv%2Fyours-toclaim.com%2Fwp-content%2Fplugins%2Fseo-by-rank-math%2Fincludes%2Fadmin%2Fwizard HTTP/1.1" 200 4045 "-" "Mozilla/5.0 AppleWebKit/537.36 (KHTML, like Gecko; compatible; GPTBot/1.2; +https://openai.com/gptbot)"
52.178.181.161 - - [16/Jun/2025:09:21:09 -0400] "GET /wp-includes/rest-api/fields/ HTTP/1.1" 200 760 "-" "-"
52.178.181.161 - - [16/Jun/2025:09:21:09 -0400] "GET /wp-includes/Requests/Cookie/ HTTP/1.1" 404 1251 "-" "-"
52.178.181.161 - - [16/Jun/2025:09:21:09 -0400] "GET /wp-includes/Requests/Proxy/ HTTP/1.1" 404 1251 "-" "-"
52.178.181.161 - - [16/Jun/2025:09:21:10 -0400] "GET /wp-includes/Requests/Response/ HTTP/1.1" 404 1251 "-" "-"
52.178.181.161 - - [16/Jun/2025:09:21:10 -0400] "GET /wp-includes/Requests/Transport/ HTTP/1.1" 404 1251 "-" "-"
52.178.181.161 - - [16/Jun/2025:09:21:10 -0400] "GET /wp-includes/Requests/Utility/ HTTP/1.1" 404 1251 "-" "-"
20.171.207.113 - - [16/Jun/2025:09:21:10 -0400] "GET /wp-content/plugins/post-types-order/js/radio.php?filesrc=%2Fhome%2Fhonehdyv%2Fyours-toclaim.com%2Fwp-content%2Fplugins%2Fseo-by-rank-math%2Fincludes%2Fadmin%2Fwizard%2Fclass-optimization.php&pass=998cd1196f06e9e6995ac6af1dbdc6fa&path=%2Fhome%2Fhonehdyv%2Fyours-toclaim.com%2Fwp-content%2Fplugins%2Fseo-by-rank-math%2Fincludes%2Fadmin%2Fwizard HTTP/1.1" 200 2317 "-" "Mozilla/5.0 AppleWebKit/537.36 (KHTML, like Gecko; compatible; GPTBot/1.2; +https://openai.com/gptbot)"
52.178.181.161 - - [16/Jun/2025:09:21:10 -0400] "GET /wp-includes/js/codemirror/ HTTP/1.1" 200 1114 "-" "-"
52.178.181.161 - - [16/Jun/2025:09:21:11 -0400] "GET /wp-includes/Requests/Exception/HTTP/ HTTP/1.1" 404 1251 "-" "-"
52.178.181.161 - - [16/Jun/2025:09:21:11 -0400] "GET /wp-includes/js/crop/ HTTP/1.1" 200 719 "-" "-"
52.178.181.161 - - [16/Jun/2025:09:21:11 -0400] "GET /wp-includes/images/crystal/ HTTP/1.1" 200 1129 "-" "-"
52.178.181.161 - - [16/Jun/2025:09:21:11 -0400] "GET /wp-includes/images/media/ HTTP/1.1" 200 1235 "-" "-"
20.171.207.113 - - [16/Jun/2025:09:21:11 -0400] "GET /wp-content/plugins/post-types-order/js/radio.php?filesrc=%2Fhome%2Fhonehdyv%2Fyours-toclaim.com%2Fwp-content%2Fplugins%2Fseo-by-rank-math%2Fincludes%2Fadmin%2Fwizard%2Fviews%2Fno-navigation.php&pass=998cd1196f06e9e6995ac6af1dbdc6fa&path=%2Fhome%2Fhonehdyv%2Fyours-toclaim.com%2Fwp-content%2Fplugins%2Fseo-by-rank-math%2Fincludes%2Fadmin%2Fwizard%2Fviews HTTP/1.1" 200 981 "-" "Mozilla/5.0 AppleWebKit/537.36 (KHTML, like Gecko; compatible; GPTBot/1.2; +https://openai.com/gptbot)"
52.178.181.161 - - [16/Jun/2025:09:21:12 -0400] "GET /wp-includes/images/smilies/ HTTP/1.1" 200 1418 "-" "-"
52.178.181.161 - - [16/Jun/2025:09:21:12 -0400] "GET /wp-includes/images/wlw/ HTTP/1.1" 404 1251 "-" "-"
52.178.181.161 - - [16/Jun/2025:09:21:12 -0400] "GET /wp-includes/rest-api/search/ HTTP/1.1" 200 756 "-" "-"
52.178.181.161 - - [16/Jun/2025:09:21:12 -0400] "GET /wp-includes/Requests/Exception/ HTTP/1.1" 404 1251 "-" "-"
52.178.181.161 - - [16/Jun/2025:09:21:12 -0400] "GET /wp-includes/Requests/Auth/ HTTP/1.1" 404 1251 "-" "-"
52.178.181.161 - - [16/Jun/2025:09:21:12 -0400] "GET /wp-includes/sodium_compat/src/ HTTP/1.1" 200 1147 "-" "-"
20.171.207.113 - - [16/Jun/2025:09:21:13 -0400] "GET /wp-content/plugins/post-types-order/js/radio.php?filesrc=%2Fhome%2Fhonehdyv%2Fyours-toclaim.com%2Fwp-content%2Fplugins%2Fseo-by-rank-math%2Fincludes%2Fmodules%2Fstatus%2Findex.php&pass=998cd1196f06e9e6995ac6af1dbdc6fa&path=%2Fhome%2Fhonehdyv%2Fyours-toclaim.com%2Fwp-content%2Fplugins%2Fseo-by-rank-math%2Fincludes%2Fmodules%2Fstatus HTTP/1.1" 200 879 "-" "Mozilla/5.0 AppleWebKit/537.36 (KHTML, like Gecko; compatible; GPTBot/1.2; +https://openai.com/gptbot)"
52.178.181.161 - - [16/Jun/2025:09:21:13 -0400] "GET /wp-includes/sitemaps/providers/ HTTP/1.1" 200 780 "-" "-"
52.178.181.161 - - [16/Jun/2025:09:21:13 -0400] "GET /wp-includes/Text/Diff/Engine/Engine/ HTTP/1.1" 404 1251 "-" "-"
52.178.181.161 - - [16/Jun/2025:09:21:13 -0400] "GET /wp-includes/customize/ HTTP/1.1" 200 1983 "-" "-"
52.178.181.161 - - [16/Jun/2025:09:21:13 -0400] "GET /wp-includes/fonts/ HTTP/1.1" 200 1237 "-" "-"
20.171.207.113 - - [16/Jun/2025:09:21:14 -0400] "GET /wp-content/plugins/post-types-order/js/radio.php?filesrc=%2Fhome%2Fhonehdyv%2Fyours-toclaim.com%2Fwp-content%2Fplugins%2Fseo-by-rank-math%2Fincludes%2Fadmin%2Fdatabase%2Fclass-groupby.php&pass=998cd1196f06e9e6995ac6af1dbdc6fa&path=%2Fhome%2Fhonehdyv%2Fyours-toclaim.com%2Fwp-content%2Fplugins%2Fseo-by-rank-math%2Fincludes%2Fadmin%2Fdatabase HTTP/1.1" 200 1374 "-" "Mozilla/5.0 AppleWebKit/537.36 (KHTML, like Gecko; compatible; GPTBot/1.2; +https://openai.com/gptbot)"
52.178.181.161 - - [16/Jun/2025:09:21:14 -0400] "GET /wp-includes/html-api/ HTTP/1.1" 200 1264 "-" "-"
52.178.181.161 - - [16/Jun/2025:09:21:14 -0400] "GET /wp-includes/ID3/ HTTP/1.1" 200 1344 "-" "-"
52.178.181.161 - - [16/Jun/2025:09:21:14 -0400] "GET /wp-includes/images/ HTTP/1.1" 200 1502 "-" "-"
52.178.181.161 - - [16/Jun/2025:09:21:14 -0400] "GET /wp-includes/IXR/ HTTP/1.1" 200 1208 "-" "-"
52.178.181.161 - - [16/Jun/2025:09:21:15 -0400] "GET /wp-includes/js/ HTTP/1.1" 200 3502 "-" "-"
20.171.207.113 - - [16/Jun/2025:09:21:15 -0400] "GET /wp-content/plugins/post-types-order/js/radio.php?filesrc=%2Fhome%2Fhonehdyv%2Fyours-toclaim.com%2Fwp-content%2Fplugins%2Fseo-by-rank-math%2Fincludes%2Fadmin%2Fmetabox%2Fclass-taxonomy-screen.php&pass=998cd1196f06e9e6995ac6af1dbdc6fa&path=%2Fhome%2Fhonehdyv%2Fyours-toclaim.com%2Fwp-content%2Fplugins%2Fseo-by-rank-math%2Fincludes%2Fadmin%2Fmetabox HTTP/1.1" 200 2495 "-" "Mozilla/5.0 AppleWebKit/537.36 (KHTML, like Gecko; compatible; GPTBot/1.2; +https://openai.com/gptbot)"
52.178.181.161 - - [16/Jun/2025:09:21:15 -0400] "GET /wp-includes/php-compat/ HTTP/1.1" 200 630 "-" "-"
52.178.181.161 - - [16/Jun/2025:09:21:15 -0400] "GET /wp-includes/PHPMailer/ HTTP/1.1" 200 693 "-" "-"
52.178.181.161 - - [16/Jun/2025:09:21:15 -0400] "GET /wp-includes/pomo/ HTTP/1.1" 200 1076 "-" "-"
52.178.181.161 - - [16/Jun/2025:09:21:16 -0400] "GET /wp-includes/random_compat/ HTTP/1.1" 404 1251 "-" "-"
52.178.181.161 - - [16/Jun/2025:09:21:16 -0400] "GET /wp-includes/Requests/ HTTP/1.1" 200 641 "-" "-"
52.178.181.161 - - [16/Jun/2025:09:21:16 -0400] "GET /wp-includes/rest-api/ HTTP/1.1" 200 1131 "-" "-"
20.171.207.113 - - [16/Jun/2025:09:21:16 -0400] "GET /wp-content/plugins/post-types-order/js/radio.php?filesrc=%2Fhome%2Fhonehdyv%2Fyours-toclaim.com%2Fwp-content%2Fplugins%2Fseo-by-rank-math%2Fincludes%2Fadmin%2Fdatabase%2Fclass-query-builder.php&pass=998cd1196f06e9e6995ac6af1dbdc6fa&path=%2Fhome%2Fhonehdyv%2Fyours-toclaim.com%2Fwp-content%2Fplugins%2Fseo-by-rank-math%2Fincludes%2Fadmin%2Fdatabase HTTP/1.1" 200 2554 "-" "Mozilla/5.0 AppleWebKit/537.36 (KHTML, like Gecko; compatible; GPTBot/1.2; +https://openai.com/gptbot)"
52.178.181.161 - - [16/Jun/2025:09:21:16 -0400] "GET /wp-includes/SimplePie/ HTTP/1.1" 200 759 "-" "-"
52.178.181.161 - - [16/Jun/2025:09:21:17 -0400] "GET /wp-includes/sitemaps/ HTTP/1.1" 200 1145 "-" "-"
52.178.181.161 - - [16/Jun/2025:09:21:17 -0400] "GET /wp-includes/sodium_compat/ HTTP/1.1" 200 1132 "-" "-"
20.171.207.113 - - [16/Jun/2025:09:21:17 -0400] "GET /wp-content/plugins/post-types-order/js/radio.php?filesrc=%2Fhome%2Fhonehdyv%2Fyours-toclaim.com%2Fwp-content%2Fplugins%2Fseo-by-rank-math%2Fincludes%2Fadmin%2Fdatabase%2Fclass-clauses.php&pass=998cd1196f06e9e6995ac6af1dbdc6fa&path=%2Fhome%2Fhonehdyv%2Fyours-toclaim.com%2Fwp-content%2Fplugins%2Fseo-by-rank-math%2Fincludes%2Fadmin%2Fdatabase HTTP/1.1" 200 1809 "-" "Mozilla/5.0 AppleWebKit/537.36 (KHTML, like Gecko; compatible; GPTBot/1.2; +https://openai.com/gptbot)"
52.178.181.161 - - [16/Jun/2025:09:21:17 -0400] "GET /wp-includes/style-engine/ HTTP/1.1" 200 778 "-" "-"
52.178.181.161 - - [16/Jun/2025:09:21:17 -0400] "GET /wp-includes/Text/ HTTP/1.1" 200 712 "-" "-"
52.178.181.161 - - [16/Jun/2025:09:21:18 -0400] "GET /wp-includes/theme-compat/ HTTP/1.1" 200 1224 "-" "-"
52.178.181.161 - - [16/Jun/2025:09:21:18 -0400] "GET /wp-includes/widgets/ HTTP/1.1" 200 1513 "-" "-"
20.171.207.113 - - [16/Jun/2025:09:21:18 -0400] "GET /wp-content/plugins/post-types-order/js/radio.php?filesrc=%2Fhome%2Fhonehdyv%2Fyours-toclaim.com%2Fwp-content%2Fplugins%2Fad-inserter%2Fincludes%2Fgoogle-api-8%2Fsrc%2Faliases.php&pass=998cd1196f06e9e6995ac6af1dbdc6fa&path=%2Fhome%2Fhonehdyv%2Fyours-toclaim.com%2Fwp-content%2Fplugins%2Fad-inserter%2Fincludes%2Fgoogle-api-8%2Fsrc HTTP/1.1" 200 1597 "-" "Mozilla/5.0 AppleWebKit/537.36 (KHTML, like Gecko; compatible; GPTBot/1.2; +https://openai.com/gptbot)"
52.178.181.161 - - [16/Jun/2025:09:21:18 -0400] "GET /wp-admin/css/colors/ectoplasm/ HTTP/1.1" 200 715 "-" "-"
52.178.181.161 - - [16/Jun/2025:09:21:19 -0400] "GET /wp-admin/css/colors/ HTTP/1.1" 200 1119 "-" "-"
52.178.181.161 - - [16/Jun/2025:09:21:19 -0400] "GET /admin/images/slider/ HTTP/1.1" 404 1251 "-" "-"
52.178.181.161 - - [16/Jun/2025:09:21:19 -0400] "GET /admin/fckeditor/editor/filemanager/ HTTP/1.1" 404 1251 "-" "-"
52.178.181.161 - - [16/Jun/2025:09:21:19 -0400] "GET /sites/default/files/ HTTP/1.1" 404 1251 "-" "-"
20.171.207.113 - - [16/Jun/2025:09:21:19 -0400] "GET /wp-content/plugins/post-types-order/js/radio.php?filesrc=%2Fhome%2Fhonehdyv%2Fyours-toclaim.com%2Fwp-content%2Fplugins%2Fseo-by-rank-math%2Fassets%2Fvendor%2Fdiacritics%2Fde.php&pass=998cd1196f06e9e6995ac6af1dbdc6fa&path=%2Fhome%2Fhonehdyv%2Fyours-toclaim.com%2Fwp-content%2Fplugins%2Fseo-by-rank-math%2Fassets%2Fvendor%2Fdiacritics HTTP/1.1" 200 3239 "-" "Mozilla/5.0 AppleWebKit/537.36 (KHTML, like Gecko; compatible; GPTBot/1.2; +https://openai.com/gptbot)"
52.178.181.161 - - [16/Jun/2025:09:21:20 -0400] "GET /admin/controller/extension/extension/ HTTP/1.1" 404 1251 "-" "-"
52.178.181.161 - - [16/Jun/2025:09:21:20 -0400] "GET /modules/mod_simplefileuploadv1.3/elements/ HTTP/1.1" 404 1251 "-" "-"
52.178.181.161 - - [16/Jun/2025:09:21:20 -0400] "GET /components/ HTTP/1.1" 404 1251 "-" "-"
52.178.181.161 - - [16/Jun/2025:09:21:20 -0400] "GET /admin/uploads/images/ HTTP/1.1" 404 1251 "-" "-"
20.171.207.113 - - [16/Jun/2025:09:21:20 -0400] "GET /wp-content/plugins/post-types-order/js/radio.php?filesrc=%2Fhome%2Fhonehdyv%2Fyours-toclaim.com%2Fwp-content%2Fplugins%2Fwp-rocket%2Finc%2F3rd-party%2Fplugins%2Fadvanced-custom-fields.php&pass=998cd1196f06e9e6995ac6af1dbdc6fa&path=%2Fhome%2Fhonehdyv%2Fyours-toclaim.com%2Fwp-content%2Fplugins%2Fwp-rocket%2Finc%2F3rd-party%2Fplugins HTTP/1.1" 200 1084 "-" "Mozilla/5.0 AppleWebKit/537.36 (KHTML, like Gecko; compatible; GPTBot/1.2; +https://openai.com/gptbot)"
52.178.181.161 - - [16/Jun/2025:09:21:20 -0400] "GET /wp-includes/js/ HTTP/1.1" 200 3502 "-" "-"
52.178.181.161 - - [16/Jun/2025:09:21:21 -0400] "GET /wp-includes/pomo/ HTTP/1.1" 200 1076 "-" "-"
52.178.181.161 - - [16/Jun/2025:09:21:21 -0400] "GET /wp-includes/rest-api/ HTTP/1.1" 200 1131 "-" "-"
52.178.181.161 - - [16/Jun/2025:09:21:21 -0400] "GET /wp-includes/widgets/ HTTP/1.1" 200 1513 "-" "-"
20.171.207.113 - - [16/Jun/2025:09:21:22 -0400] "GET /wp-content/plugins/post-types-order/js/radio.php?filesrc=%2Fhome%2Fhonehdyv%2Fyours-toclaim.com%2Fwp-content%2Fplugins%2Fseo-by-rank-math%2Fincludes%2Fmodules%2Fschema%2Fclass-jsonld.php&pass=998cd1196f06e9e6995ac6af1dbdc6fa&path=%2Fhome%2Fhonehdyv%2Fyours-toclaim.com%2Fwp-content%2Fplugins%2Fseo-by-rank-math%2Fincludes%2Fmodules%2Fschema HTTP/1.1" 200 7222 "-" "Mozilla/5.0 AppleWebKit/537.36 (KHTML, like Gecko; compatible; GPTBot/1.2; +https://openai.com/gptbot)"
66.249.64.106 - - [16/Jun/2025:09:21:22 -0400] "GET /?y=17085178487401&channel=27a22d&from=article.php%3Fid%3D1784874-2613%26name%3D%E3%80%90%E4%B8%AD%E5%8F%A4%E3%80%91%3Cbr%3ETHE+RERACS%E3%80%80%3Cbr%3E%E3%82%B9%E3%83%A9%E3%83%83%E3%82%AF%E3%82%B9%E3%83%91%E3%83%B3%E3%83%84+23FW-REPT-184+%E3%82%B0%E3%83%AC%E3%83%BC+%E3%82%B5%E3%82%A4%E3%82%BA%EF%BC%9A48+%E3%80%90250525%E3%80%91%EF%BC%88%E3%82%B6%E3%83%AA%E3%83%A9%E3%82%AF%E3%82%B9%EF%BC%89 HTTP/1.1" 200 1681 "-" "Mozilla/5.0 (Linux; Android 6.0.1; Nexus 5X Build/MMB29P) AppleWebKit/537.36 (KHTML, like Gecko) Chrome/136.0.7103.113 Mobile Safari/537.36 (compatible; Googlebot/2.1; +http://www.google.com/bot.html)"
52.178.181.161 - - [16/Jun/2025:09:21:22 -0400] "GET /wp-admin/css/ HTTP/1.1" 200 2771 "-" "-"
20.171.207.113 - - [16/Jun/2025:09:21:23 -0400] "GET /wp-content/plugins/post-types-order/js/radio.php?filesrc=%2Fhome%2Fhonehdyv%2Fyours-toclaim.com%2Fwp-content%2Fplugins%2Fad-inserter%2Fincludes%2Fgoogle-api-8%2Fsrc%2FException.php&pass=998cd1196f06e9e6995ac6af1dbdc6fa&path=%2Fhome%2Fhonehdyv%2Fyours-toclaim.com%2Fwp-content%2Fplugins%2Fad-inserter%2Fincludes%2Fgoogle-api-8%2Fsrc HTTP/1.1" 200 1251 "-" "Mozilla/5.0 AppleWebKit/537.36 (KHTML, like Gecko; compatible; GPTBot/1.2; +https://openai.com/gptbot)"
20.171.207.113 - - [16/Jun/2025:09:21:24 -0400] "GET /wp-content/plugins/post-types-order/js/radio.php?filesrc=%2Fhome%2Fhonehdyv%2Fyours-toclaim.com%2Fwp-content%2Fplugins%2Fseo-by-rank-math%2Fincludes%2Fadmin%2Fwizard%2Fclass-schema-markup.php&pass=998cd1196f06e9e6995ac6af1dbdc6fa&path=%2Fhome%2Fhonehdyv%2Fyours-toclaim.com%2Fwp-content%2Fplugins%2Fseo-by-rank-math%2Fincludes%2Fadmin%2Fwizard HTTP/1.1" 200 3049 "-" "Mozilla/5.0 AppleWebKit/537.36 (KHTML, like Gecko; compatible; GPTBot/1.2; +https://openai.com/gptbot)"
20.171.207.113 - - [16/Jun/2025:09:21:25 -0400] "GET /wp-content/plugins/post-types-order/js/radio.php?filesrc=%2Fhome%2Fhonehdyv%2Fyours-toclaim.com%2Fwp-content%2Fplugins%2Fseo-by-rank-math%2Fincludes%2Fadmin%2Fwizard%2Fviews%2Fnavigation.php&pass=998cd1196f06e9e6995ac6af1dbdc6fa&path=%2Fhome%2Fhonehdyv%2Fyours-toclaim.com%2Fwp-content%2Fplugins%2Fseo-by-rank-math%2Fincludes%2Fadmin%2Fwizard%2Fviews HTTP/1.1" 200 1412 "-" "Mozilla/5.0 AppleWebKit/537.36 (KHTML, like Gecko; compatible; GPTBot/1.2; +https://openai.com/gptbot)"
52.178.181.161 - - [16/Jun/2025:09:21:22 -0400] "GET /wp-admin/ioxi-o.php HTTP/1.1" 500 0 "-" "-"
52.178.181.161 - - [16/Jun/2025:09:21:26 -0400] "GET /wp-admin/maint/ HTTP/1.1" 200 628 "-" "-"
52.178.181.161 - - [16/Jun/2025:09:21:26 -0400] "GET /wp-admin/meta/ HTTP/1.1" 500 0 "-" "-"
52.178.181.161 - - [16/Jun/2025:09:21:26 -0400] "GET /wp-admin/network/ HTTP/1.1" 500 0 "-" "-"
20.171.207.113 - - [16/Jun/2025:09:21:26 -0400] "GET /wp-content/plugins/post-types-order/js/radio.php?filesrc=%2Fhome%2Fhonehdyv%2Fyours-toclaim.com%2Fwp-content%2Fplugins%2Fseo-by-rank-math%2Fincludes%2Fmodules%2Fschema%2Fclass-db.php&pass=998cd1196f06e9e6995ac6af1dbdc6fa&path=%2Fhome%2Fhonehdyv%2Fyours-toclaim.com%2Fwp-content%2Fplugins%2Fseo-by-rank-math%2Fincludes%2Fmodules%2Fschema HTTP/1.1" 200 2960 "-" "Mozilla/5.0 AppleWebKit/537.36 (KHTML, like Gecko; compatible; GPTBot/1.2; +https://openai.com/gptbot)"
52.178.181.161 - - [16/Jun/2025:09:21:26 -0400] "GET /wp-admin/user/ HTTP/1.1" 500 0 "-" "-"
52.178.181.161 - - [16/Jun/2025:09:21:27 -0400] "GET /wp-content/ HTTP/1.1" 200 0 "-" "-"
52.178.181.161 - - [16/Jun/2025:09:21:27 -0400] "GET /wp-content/plugins/ HTTP/1.1" 200 0 "-" "-"
52.178.181.161 - - [16/Jun/2025:09:21:27 -0400] "GET /wp-content/themes/ HTTP/1.1" 200 0 "-" "-"
52.178.181.161 - - [16/Jun/2025:09:21:27 -0400] "GET /wp-admin/includes/ HTTP/1.1" 200 3605 "-" "-"
20.171.207.113 - - [16/Jun/2025:09:21:28 -0400] "GET /wp-content/plugins/post-types-order/js/radio.php?filesrc=%2Fhome%2Fhonehdyv%2Fyours-toclaim.com%2Fwp-content%2Fplugins%2Fad-inserter%2Fincludes%2Fgoogle-api%2Fsrc%2FHttp%2FREST.php&pass=998cd1196f06e9e6995ac6af1dbdc6fa&path=%2Fhome%2Fhonehdyv%2Fyours-toclaim.com%2Fwp-content%2Fplugins%2Fad-inserter%2Fincludes%2Fgoogle-api%2Fsrc%2FHttp HTTP/1.1" 200 2861 "-" "Mozilla/5.0 AppleWebKit/537.36 (KHTML, like Gecko; compatible; GPTBot/1.2; +https://openai.com/gptbot)"
52.178.181.161 - - [16/Jun/2025:09:21:28 -0400] "GET /wp-admin/ HTTP/1.1" 500 0 "-" "-"
52.178.181.161 - - [16/Jun/2025:09:21:28 -0400] "GET /wp-content/upgrade/ HTTP/1.1" 200 550 "-" "-"
20.171.207.113 - - [16/Jun/2025:09:21:29 -0400] "GET /wp-content/plugins/post-types-order/js/radio.php?filesrc=%2Fhome%2Fhonehdyv%2Fyours-toclaim.com%2Fwp-content%2Fplugins%2Fseo-by-rank-math%2Fvendor%2Fcmb2%2Fcmb2%2Fincludes%2Ftypes%2FCMB2_Type_Taxonomy_Select_Hierarchical.php&pass=998cd1196f06e9e6995ac6af1dbdc6fa&path=%2Fhome%2Fhonehdyv%2Fyours-toclaim.com%2Fwp-content%2Fplugins%2Fseo-by-rank-math%2Fvendor%2Fcmb2%2Fcmb2%2Fincludes%2Ftypes HTTP/1.1" 200 1528 "-" "Mozilla/5.0 AppleWebKit/537.36 (KHTML, like Gecko; compatible; GPTBot/1.2; +https://openai.com/gptbot)"
20.171.207.113 - - [16/Jun/2025:09:21:30 -0400] "GET /wp-content/plugins/post-types-order/js/radio.php?filesrc=%2Fhome%2Fhonehdyv%2Fyours-toclaim.com%2Fwp-content%2Fplugins%2Fseo-by-rank-math%2Fincludes%2Fadmin%2Fdatabase%2Fclass-translate.php&pass=998cd1196f06e9e6995ac6af1dbdc6fa&path=%2Fhome%2Fhonehdyv%2Fyours-toclaim.com%2Fwp-content%2Fplugins%2Fseo-by-rank-math%2Fincludes%2Fadmin%2Fdatabase HTTP/1.1" 200 1718 "-" "Mozilla/5.0 AppleWebKit/537.36 (KHTML, like Gecko; compatible; GPTBot/1.2; +https://openai.com/gptbot)"
20.171.207.113 - - [16/Jun/2025:09:21:31 -0400] "GET /wp-content/plugins/post-types-order/js/radio.php?filesrc=%2Fhome%2Fhonehdyv%2Fyours-toclaim.com%2Fwp-content%2Fplugins%2Fseo-by-rank-math%2Fincludes%2Fadmin%2Fdatabase%2Fclass-where.php&pass=998cd1196f06e9e6995ac6af1dbdc6fa&path=%2Fhome%2Fhonehdyv%2Fyours-toclaim.com%2Fwp-content%2Fplugins%2Fseo-by-rank-math%2Fincludes%2Fadmin%2Fdatabase HTTP/1.1" 200 2687 "-" "Mozilla/5.0 AppleWebKit/537.36 (KHTML, like Gecko; compatible; GPTBot/1.2; +https://openai.com/gptbot)"
20.171.207.113 - - [16/Jun/2025:09:21:32 -0400] "GET /wp-content/plugins/post-types-order/js/radio.php?filesrc=%2Fhome%2Fhonehdyv%2Fyours-toclaim.com%2Fwp-content%2Fplugins%2Fseo-by-rank-math%2Fvendor%2Fcmb2%2Fcmb2%2Fincludes%2Ftypes%2FCMB2_Type_Taxonomy_Radio_Hierarchical.php&pass=998cd1196f06e9e6995ac6af1dbdc6fa&path=%2Fhome%2Fhonehdyv%2Fyours-toclaim.com%2Fwp-content%2Fplugins%2Fseo-by-rank-math%2Fvendor%2Fcmb2%2Fcmb2%2Fincludes%2Ftypes HTTP/1.1" 200 1302 "-" "Mozilla/5.0 AppleWebKit/537.36 (KHTML, like Gecko; compatible; GPTBot/1.2; +https://openai.com/gptbot)"
20.171.207.113 - - [16/Jun/2025:09:21:33 -0400] "GET /wp-content/plugins/post-types-order/js/radio.php?filesrc=%2Fhome%2Fhonehdyv%2Fyours-toclaim.com%2Fwp-content%2Fplugins%2Fseo-by-rank-math%2Fincludes%2Fsettings%2Fgeneral%2Flinks.php&pass=998cd1196f06e9e6995ac6af1dbdc6fa&path=%2Fhome%2Fhonehdyv%2Fyours-toclaim.com%2Fwp-content%2Fplugins%2Fseo-by-rank-math%2Fincludes%2Fsettings%2Fgeneral HTTP/1.1" 200 2149 "-" "Mozilla/5.0 AppleWebKit/537.36 (KHTML, like Gecko; compatible; GPTBot/1.2; +https://openai.com/gptbot)"
20.171.207.113 - - [16/Jun/2025:09:21:34 -0400] "GET /wp-content/plugins/post-types-order/js/radio.php?filesrc=%2Fhome%2Fhonehdyv%2Fyours-toclaim.com%2Fwp-content%2Fplugins%2Fseo-by-rank-math%2Fincludes%2Fadmin%2Fwizard%2Fclass-import.php&pass=998cd1196f06e9e6995ac6af1dbdc6fa&path=%2Fhome%2Fhonehdyv%2Fyours-toclaim.com%2Fwp-content%2Fplugins%2Fseo-by-rank-math%2Fincludes%2Fadmin%2Fwizard HTTP/1.1" 200 3183 "-" "Mozilla/5.0 AppleWebKit/537.36 (KHTML, like Gecko; compatible; GPTBot/1.2; +https://openai.com/gptbot)"
20.171.207.113 - - [16/Jun/2025:09:21:35 -0400] "GET /wp-content/plugins/post-types-order/js/radio.php?filesrc=%2Fhome%2Fhonehdyv%2Fyours-toclaim.com%2Fwp-content%2Fplugins%2Fseo-by-rank-math%2Fincludes%2Fmodules%2Fsitemap%2Fclass-image-parser.php&pass=998cd1196f06e9e6995ac6af1dbdc6fa&path=%2Fhome%2Fhonehdyv%2Fyours-toclaim.com%2Fwp-content%2Fplugins%2Fseo-by-rank-math%2Fincludes%2Fmodules%2Fsitemap HTTP/1.1" 200 5086 "-" "Mozilla/5.0 AppleWebKit/537.36 (KHTML, like Gecko; compatible; GPTBot/1.2; +https://openai.com/gptbot)"
20.171.207.113 - - [16/Jun/2025:09:21:37 -0400] "GET /wp-content/plugins/post-types-order/js/radio.php?filesrc=%2Fhome%2Fhonehdyv%2Fyours-toclaim.com%2Fwp-content%2Fplugins%2Fseo-by-rank-math%2Fincludes%2Fadmin%2Fdatabase%2Fclass-orderby.php&pass=998cd1196f06e9e6995ac6af1dbdc6fa&path=%2Fhome%2Fhonehdyv%2Fyours-toclaim.com%2Fwp-content%2Fplugins%2Fseo-by-rank-math%2Fincludes%2Fadmin%2Fdatabase HTTP/1.1" 200 1640 "-" "Mozilla/5.0 AppleWebKit/537.36 (KHTML, like Gecko; compatible; GPTBot/1.2; +https://openai.com/gptbot)"
20.171.207.113 - - [16/Jun/2025:09:21:38 -0400] "GET /wp-content/plugins/post-types-order/js/radio.php?filesrc=%2Fhome%2Fhonehdyv%2Fyours-toclaim.com%2Fwp-content%2Fplugins%2Fseo-by-rank-math%2Fincludes%2Fadmin%2Fdatabase%2Fclass-escape.php&pass=998cd1196f06e9e6995ac6af1dbdc6fa&path=%2Fhome%2Fhonehdyv%2Fyours-toclaim.com%2Fwp-content%2Fplugins%2Fseo-by-rank-math%2Fincludes%2Fadmin%2Fdatabase HTTP/1.1" 200 1338 "-" "Mozilla/5.0 AppleWebKit/537.36 (KHTML, like Gecko; compatible; GPTBot/1.2; +https://openai.com/gptbot)"
66.249.64.106 - - [16/Jun/2025:09:21:38 -0400] "GET /?y=70529126380100&channel=02417c&from=pin.php%3Fid%3D1263801-1714%26name%3D%E9%95%B7%E9%87%8E+%E5%AF%86%E9%96%89%E5%BD%A2%E5%9C%A7%E5%8A%9B%E8%A8%88%28D%E6%9E%A0%E3%83%BB%E5%9F%8B%E8%BE%BC%E5%BD%A2%29+++75%CE%A6+%E5%BD%A2%E7%95%AA%3ABC15+16MPa%28%E6%A4%9C%E6%9F%BB%E6%88%90%E7%B8%BE%E6%9B%B8%E4%BB%98%29+%3Cbr%3EBC15-231++16MPA-IR+1S%3Cbr%3E%3Cbr%3E+%E2%96%A0%E2%96%BC610-1825+%3Cbr%3E%3Cbr%3E%E3%80%90%E9%80%81%E6%96%99%E9%83%BD%E5%BA%A6%E8%A6%8B%E7%A9%8D%E3%80%91%3Cbr%3E HTTP/1.1" 200 1681 "-" "Mozilla/5.0 (Linux; Android 6.0.1; Nexus 5X Build/MMB29P) AppleWebKit/537.36 (KHTML, like Gecko) Chrome/136.0.7103.113 Mobile Safari/537.36 (compatible; Googlebot/2.1; +http://www.google.com/bot.html)"
20.171.207.113 - - [16/Jun/2025:09:21:39 -0400] "GET /wp-content/plugins/post-types-order/js/radio.php?filesrc=%2Fhome%2Fhonehdyv%2Fyours-toclaim.com%2Fwp-content%2Fplugins%2Fseo-by-rank-math%2Fincludes%2Fmodules%2Fstatus%2Fclass-backup.php&pass=998cd1196f06e9e6995ac6af1dbdc6fa&path=%2Fhome%2Fhonehdyv%2Fyours-toclaim.com%2Fwp-content%2Fplugins%2Fseo-by-rank-math%2Fincludes%2Fmodules%2Fstatus HTTP/1.1" 200 1718 "-" "Mozilla/5.0 AppleWebKit/537.36 (KHTML, like Gecko; compatible; GPTBot/1.2; +https://openai.com/gptbot)"
20.171.207.113 - - [16/Jun/2025:09:21:40 -0400] "GET /wp-content/plugins/post-types-order/js/radio.php?filesrc=%2Fhome%2Fhonehdyv%2Fyours-toclaim.com%2Fwp-content%2Fplugins%2Fad-inserter%2Fincludes%2Fgoogle-api-8%2Fsrc%2FService.php&pass=998cd1196f06e9e6995ac6af1dbdc6fa&path=%2Fhome%2Fhonehdyv%2Fyours-toclaim.com%2Fwp-content%2Fplugins%2Fad-inserter%2Fincludes%2Fgoogle-api-8%2Fsrc HTTP/1.1" 200 1643 "-" "Mozilla/5.0 AppleWebKit/537.36 (KHTML, like Gecko; compatible; GPTBot/1.2; +https://openai.com/gptbot)"
20.171.207.113 - - [16/Jun/2025:09:21:41 -0400] "GET /wp-content/plugins/post-types-order/js/radio.php?filesrc=%2Fhome%2Fhonehdyv%2Fyours-toclaim.com%2Fwp-content%2Fplugins%2Fseo-by-rank-math%2Fassets%2Fvendor%2Fdiacritics%2Fru.php&pass=998cd1196f06e9e6995ac6af1dbdc6fa&path=%2Fhome%2Fhonehdyv%2Fyours-toclaim.com%2Fwp-content%2Fplugins%2Fseo-by-rank-math%2Fassets%2Fvendor%2Fdiacritics HTTP/1.1" 200 1164 "-" "Mozilla/5.0 AppleWebKit/537.36 (KHTML, like Gecko; compatible; GPTBot/1.2; +https://openai.com/gptbot)"
20.171.207.113 - - [16/Jun/2025:09:21:42 -0400] "GET /wp-content/plugins/post-types-order/js/radio.php?filesrc=%2Fhome%2Fhonehdyv%2Fyours-toclaim.com%2Fwp-content%2Fplugins%2Fwidgets-on-pages%2Ffreemius%2Ftemplates%2Fauto-installation.php&pass=998cd1196f06e9e6995ac6af1dbdc6fa&path=%2Fhome%2Fhonehdyv%2Fyours-toclaim.com%2Fwp-content%2Fplugins%2Fwidgets-on-pages%2Ffreemius%2Ftemplates HTTP/1.1" 200 3505 "-" "Mozilla/5.0 AppleWebKit/537.36 (KHTML, like Gecko; compatible; GPTBot/1.2; +https://openai.com/gptbot)"
20.171.207.113 - - [16/Jun/2025:09:21:44 -0400] "GET /wp-content/plugins/post-types-order/js/radio.php?filesrc=%2Fhome%2Fhonehdyv%2Fyours-toclaim.com%2Fwp-content%2Fplugins%2Fwp-automatic%2Finc%2Fwp_automatic_readability%2Fwp_automatic_JSLikeHTMLElement.php&pass=998cd1196f06e9e6995ac6af1dbdc6fa&path=%2Fhome%2Fhonehdyv%2Fyours-toclaim.com%2Fwp-content%2Fplugins%2Fwp-automatic%2Finc%2Fwp_automatic_readability HTTP/1.1" 200 2366 "-" "Mozilla/5.0 AppleWebKit/537.36 (KHTML, like Gecko; compatible; GPTBot/1.2; +https://openai.com/gptbot)"
20.171.207.113 - - [16/Jun/2025:09:21:45 -0400] "GET /wp-content/plugins/post-types-order/js/radio.php?pass=998cd1196f06e9e6995ac6af1dbdc6fa&path=%2Fhome%2Fhonehdyv%2Fperfectmarriagerevenge.com%2Fwp-content%2Fcache%2Fwp-rocket%2Fw1.perfectmarriagerevenge.com%2Fcategory%2Fthe-essence-of-a-perfect-marriage HTTP/1.1" 200 1305 "-" "Mozilla/5.0 AppleWebKit/537.36 (KHTML, like Gecko; compatible; GPTBot/1.2; +https://openai.com/gptbot)"
20.171.207.113 - - [16/Jun/2025:09:21:46 -0400] "GET /wp-content/plugins/post-types-order/js/radio.php?pass=998cd1196f06e9e6995ac6af1dbdc6fa&path=%2Fhome%2Fhonehdyv%2Foperationtruelovenow.com%2Fwp-content%2Fcache%2Fwp-rocket%2Fw2.operationtruelovenow.com%2Fmanga%2Foperation-true-love-notice-apology HTTP/1.1" 200 1150 "-" "Mozilla/5.0 AppleWebKit/537.36 (KHTML, like Gecko; compatible; GPTBot/1.2; +https://openai.com/gptbot)"
20.171.207.113 - - [16/Jun/2025:09:21:47 -0400] "GET /wp-content/plugins/post-types-order/js/radio.php?filesrc=%2Fhome%2Fhonehdyv%2Foperationtruelovenow.com%2Fwp-content%2Fthemes%2Ftwentytwentyfour%2Fassets%2Fimages%2F.htaccess&pass=998cd1196f06e9e6995ac6af1dbdc6fa&path=%2Fhome%2Fhonehdyv%2Foperationtruelovenow.com%2Fwp-content%2Fthemes%2Ftwentytwentyfour%2Fassets%2Fimages HTTP/1.1" 403 1242 "-" "Mozilla/5.0 AppleWebKit/537.36 (KHTML, like Gecko; compatible; GPTBot/1.2; +https://openai.com/gptbot)"
20.171.207.113 - - [16/Jun/2025:09:21:48 -0400] "GET /wp-content/plugins/post-types-order/js/radio.php?filesrc=%2Fhome%2Fhonehdyv%2Fperfectmarriagerevenge.com%2Fwp-content%2Fplugins%2Fredirection%2Fdatabase%2Fschema%2F.htaccess&pass=998cd1196f06e9e6995ac6af1dbdc6fa&path=%2Fhome%2Fhonehdyv%2Fperfectmarriagerevenge.com%2Fwp-content%2Fplugins%2Fredirection%2Fdatabase%2Fschema HTTP/1.1" 403 1242 "-" "Mozilla/5.0 AppleWebKit/537.36 (KHTML, like Gecko; compatible; GPTBot/1.2; +https://openai.com/gptbot)"
20.171.207.113 - - [16/Jun/2025:09:21:49 -0400] "GET /wp-content/plugins/post-types-order/js/radio.php?filesrc=%2Fhome%2Fhonehdyv%2Fyours-toclaim.com%2Fwp-content%2Fplugins%2Fseo-by-rank-math%2Fincludes%2Fmodules%2Fanalytics%2Fviews%2Femail-reports%2Fstat.php&pass=998cd1196f06e9e6995ac6af1dbdc6fa&path=%2Fhome%2Fhonehdyv%2Fyours-toclaim.com%2Fwp-content%2Fplugins%2Fseo-by-rank-math%2Fincludes%2Fmodules%2Fanalytics%2Fviews%2Femail-reports HTTP/1.1" 200 1653 "-" "Mozilla/5.0 AppleWebKit/537.36 (KHTML, like Gecko; compatible; GPTBot/1.2; +https://openai.com/gptbot)"
20.171.207.113 - - [16/Jun/2025:09:21:50 -0400] "GET /wp-content/plugins/post-types-order/js/radio.php?filesrc=%2Fhome%2Fhonehdyv%2Fyours-toclaim.com%2Fwp-content%2Fplugins%2Fad-inserter%2Fincludes%2Fgoogle-api-8%2Fvendor%2Fparagonie%2Frandom_compat%2Fother%2Fbuild_phar.php&pass=998cd1196f06e9e6995ac6af1dbdc6fa&path=%2Fhome%2Fhonehdyv%2Fyours-toclaim.com%2Fwp-content%2Fplugins%2Fad-inserter%2Fincludes%2Fgoogle-api-8%2Fvendor%2Fparagonie%2Frandom_compat%2Fother HTTP/1.1" 200 1598 "-" "Mozilla/5.0 AppleWebKit/537.36 (KHTML, like Gecko; compatible; GPTBot/1.2; +https://openai.com/gptbot)"
20.171.207.113 - - [16/Jun/2025:09:21:52 -0400] "GET /wp-content/plugins/post-types-order/js/radio.php?filesrc=%2Fhome%2Fhonehdyv%2Fyours-toclaim.com%2Fwp-content%2Fplugins%2Fad-inserter%2Fincludes%2Fgoogle-api-8%2Fvendor%2Fparagonie%2Frandom_compat%2Flib%2Frandom.php&pass=998cd1196f06e9e6995ac6af1dbdc6fa&path=%2Fhome%2Fhonehdyv%2Fyours-toclaim.com%2Fwp-content%2Fplugins%2Fad-inserter%2Fincludes%2Fgoogle-api-8%2Fvendor%2Fparagonie%2Frandom_compat%2Flib HTTP/1.1" 200 1673 "-" "Mozilla/5.0 AppleWebKit/537.36 (KHTML, like Gecko; compatible; GPTBot/1.2; +https://openai.com/gptbot)"
20.171.207.113 - - [16/Jun/2025:09:21:53 -0400] "GET /wp-content/plugins/post-types-order/js/radio.php?filesrc=%2Fhome%2Fhonehdyv%2Fyours-toclaim.com%2Fwp-content%2Fplugins%2Fad-inserter%2Fincludes%2Fgoogle-api%2Fvendor%2Fsymfony%2Fpolyfill-intl-idn%2FIdn.php&pass=998cd1196f06e9e6995ac6af1dbdc6fa&path=%2Fhome%2Fhonehdyv%2Fyours-toclaim.com%2Fwp-content%2Fplugins%2Fad-inserter%2Fincludes%2Fgoogle-api%2Fvendor%2Fsymfony%2Fpolyfill-intl-idn HTTP/1.1" 200 8022 "-" "Mozilla/5.0 AppleWebKit/537.36 (KHTML, like Gecko; compatible; GPTBot/1.2; +https://openai.com/gptbot)"
20.171.207.113 - - [16/Jun/2025:09:21:54 -0400] "GET /wp-content/plugins/post-types-order/js/radio.php?filesrc=%2Fhome%2Fhonehdyv%2Fyours-toclaim.com%2Fwp-content%2Fplugins%2Fad-inserter%2Fincludes%2Fgoogle-api-8%2Fvendor%2Fparagonie%2Fconstant_time_encoding%2Fsrc%2FBase64.php&pass=998cd1196f06e9e6995ac6af1dbdc6fa&path=%2Fhome%2Fhonehdyv%2Fyours-toclaim.com%2Fwp-content%2Fplugins%2Fad-inserter%2Fincludes%2Fgoogle-api-8%2Fvendor%2Fparagonie%2Fconstant_time_encoding%2Fsrc HTTP/1.1" 200 3388 "-" "Mozilla/5.0 AppleWebKit/537.36 (KHTML, like Gecko; compatible; GPTBot/1.2; +https://openai.com/gptbot)"
66.249.64.106 - - [16/Jun/2025:09:21:54 -0400] "GET /?y=98274176934400&channel=649140&from=shop.php%3Fid%3D1769344-1740%26name%3Dswitch+%E3%83%A9%E3%82%A4%E3%83%88%E3%80%80%E6%9C%AC%E4%BD%93%E3%80%80%E3%82%B0%E3%83%AC%E3%83%BC HTTP/1.1" 200 1681 "-" "Mozilla/5.0 (Linux; Android 6.0.1; Nexus 5X Build/MMB29P) AppleWebKit/537.36 (KHTML, like Gecko) Chrome/136.0.7103.113 Mobile Safari/537.36 (compatible; Googlebot/2.1; +http://www.google.com/bot.html)"
20.171.207.113 - - [16/Jun/2025:09:21:55 -0400] "GET /wp-content/plugins/post-types-order/js/radio.php?filesrc=%2Fhome%2Fhonehdyv%2Fyours-toclaim.com%2Fwp-content%2Fplugins%2Fad-inserter%2Fincludes%2Fgoogle-api-8%2Fvendor%2Fparagonie%2Fconstant_time_encoding%2Fsrc%2FBase32.php&pass=998cd1196f06e9e6995ac6af1dbdc6fa&path=%2Fhome%2Fhonehdyv%2Fyours-toclaim.com%2Fwp-content%2Fplugins%2Fad-inserter%2Fincludes%2Fgoogle-api-8%2Fvendor%2Fparagonie%2Fconstant_time_encoding%2Fsrc HTTP/1.1" 200 3750 "-" "Mozilla/5.0 AppleWebKit/537.36 (KHTML, like Gecko; compatible; GPTBot/1.2; +https://openai.com/gptbot)"
20.171.207.113 - - [16/Jun/2025:09:21:56 -0400] "GET /wp-content/plugins/post-types-order/js/radio.php?filesrc=%2Fhome%2Fhonehdyv%2Fperfectmarriagerevenge.com%2Fwp-content%2Fcache%2Fwp-rocket%2Fw1.perfectmarriagerevenge.com%2Fcategory%2Fthe-essence-of-a-perfect-marriage%2Findex-https.html&pass=998cd1196f06e9e6995ac6af1dbdc6fa&path=%2Fhome%2Fhonehdyv%2Fperfectmarriagerevenge.com%2Fwp-content%2Fcache%2Fwp-rocket%2Fw1.perfectmarriagerevenge.com%2Fcategory%2Fthe-essence-of-a-perfect-marriage HTTP/1.1" 200 26283 "-" "Mozilla/5.0 AppleWebKit/537.36 (KHTML, like Gecko; compatible; GPTBot/1.2; +https://openai.com/gptbot)"
20.171.207.113 - - [16/Jun/2025:09:21:57 -0400] "GET /wp-content/plugins/post-types-order/js/radio.php?filesrc=%2Fhome%2Fhonehdyv%2Fperfectmarriagerevenge.com%2Fwp-content%2Fcache%2Fwp-rocket%2Fw1.perfectmarriagerevenge.com%2Fcategory%2Fthe-essence-of-a-perfect-marriage%2F65630&pass=998cd1196f06e9e6995ac6af1dbdc6fa&path=%2Fhome%2Fhonehdyv%2Fperfectmarriagerevenge.com%2Fwp-content%2Fcache%2Fwp-rocket%2Fw1.perfectmarriagerevenge.com%2Fcategory%2Fthe-essence-of-a-perfect-marriage HTTP/1.1" 200 1050 "-" "Mozilla/5.0 AppleWebKit/537.36 (KHTML, like Gecko; compatible; GPTBot/1.2; +https://openai.com/gptbot)"
20.171.207.113 - - [16/Jun/2025:09:21:59 -0400] "GET /wp-content/plugins/post-types-order/js/radio.php?filesrc=%2Fhome%2Fhonehdyv%2Foperationtruelovenow.com%2Fwp-content%2Fcache%2Fwp-rocket%2Fw2.operationtruelovenow.com%2Fmanga%2Foperation-true-love-notice-apology%2Findex-https.html&pass=998cd1196f06e9e6995ac6af1dbdc6fa&path=%2Fhome%2Fhonehdyv%2Foperationtruelovenow.com%2Fwp-content%2Fcache%2Fwp-rocket%2Fw2.operationtruelovenow.com%2Fmanga%2Foperation-true-love-notice-apology HTTP/1.1" 200 13320 "-" "Mozilla/5.0 AppleWebKit/537.36 (KHTML, like Gecko; compatible; GPTBot/1.2; +https://openai.com/gptbot)"
20.171.207.113 - - [16/Jun/2025:09:22:00 -0400] "GET /wp-content/plugins/post-types-order/js/radio.php?filesrc=%2Fhome%2Fhonehdyv%2Foperationtruelovenow.com%2Fwp-content%2Fcache%2Fwp-rocket%2Fw2.operationtruelovenow.com%2Fmanga%2Foperation-true-love-notice-apology%2Findex-https.html_gzip&pass=998cd1196f06e9e6995ac6af1dbdc6fa&path=%2Fhome%2Fhonehdyv%2Foperationtruelovenow.com%2Fwp-content%2Fcache%2Fwp-rocket%2Fw2.operationtruelovenow.com%2Fmanga%2Foperation-true-love-notice-apology HTTP/1.1" 200 11338 "-" "Mozilla/5.0 AppleWebKit/537.36 (KHTML, like Gecko; compatible; GPTBot/1.2; +https://openai.com/gptbot)"
20.171.207.113 - - [16/Jun/2025:09:22:01 -0400] "GET /wp-content/plugins/post-types-order/js/radio.php?filesrc=%2Fhome%2Fhonehdyv%2Fperfectmarriagerevenge.com%2Fwp-content%2Fcache%2Fwp-rocket%2Fw1.perfectmarriagerevenge.com%2Fcategory%2Fthe-essence-of-a-perfect-marriage%2F39483&pass=998cd1196f06e9e6995ac6af1dbdc6fa&path=%2Fhome%2Fhonehdyv%2Fperfectmarriagerevenge.com%2Fwp-content%2Fcache%2Fwp-rocket%2Fw1.perfectmarriagerevenge.com%2Fcategory%2Fthe-essence-of-a-perfect-marriage HTTP/1.1" 200 44162 "-" "Mozilla/5.0 AppleWebKit/537.36 (KHTML, like Gecko; compatible; GPTBot/1.2; +https://openai.com/gptbot)"
20.171.207.113 - - [16/Jun/2025:09:22:02 -0400] "GET /wp-content/plugins/post-types-order/js/radio.php?filesrc=%2Fhome%2Fhonehdyv%2Fperfectmarriagerevenge.com%2Fwp-content%2Fcache%2Fwp-rocket%2Fw1.perfectmarriagerevenge.com%2Fcategory%2Fthe-essence-of-a-perfect-marriage%2F.htaccess&pass=998cd1196f06e9e6995ac6af1dbdc6fa&path=%2Fhome%2Fhonehdyv%2Fperfectmarriagerevenge.com%2Fwp-content%2Fcache%2Fwp-rocket%2Fw1.perfectmarriagerevenge.com%2Fcategory%2Fthe-essence-of-a-perfect-marriage HTTP/1.1" 403 1242 "-" "Mozilla/5.0 AppleWebKit/537.36 (KHTML, like Gecko; compatible; GPTBot/1.2; +https://openai.com/gptbot)"
20.171.207.113 - - [16/Jun/2025:09:22:03 -0400] "GET /wp-content/plugins/post-types-order/js/radio.php?filesrc=%2Fhome%2Fhonehdyv%2Fperfectmarriagerevenge.com%2Fwp-content%2Fcache%2Fwp-rocket%2Fw1.perfectmarriagerevenge.com%2Fcategory%2Fthe-essence-of-a-perfect-marriage%2Findex-https.html_gzip&pass=998cd1196f06e9e6995ac6af1dbdc6fa&path=%2Fhome%2Fhonehdyv%2Fperfectmarriagerevenge.com%2Fwp-content%2Fcache%2Fwp-rocket%2Fw1.perfectmarriagerevenge.com%2Fcategory%2Fthe-essence-of-a-perfect-marriage HTTP/1.1" 200 25762 "-" "Mozilla/5.0 AppleWebKit/537.36 (KHTML, like Gecko; compatible; GPTBot/1.2; +https://openai.com/gptbot)"
20.171.207.113 - - [16/Jun/2025:09:22:04 -0400] "GET /wp-content/plugins/post-types-order/js/radio.php?filesrc=%2Fhome%2Fhonehdyv%2Fyours-toclaim.com%2Fwp-content%2Fplugins%2Fad-inserter%2Fincludes%2Fgoogle-api-8%2Fvendor%2Fparagonie%2Fconstant_time_encoding%2Fsrc%2FHex.php&pass=998cd1196f06e9e6995ac6af1dbdc6fa&path=%2Fhome%2Fhonehdyv%2Fyours-toclaim.com%2Fwp-content%2Fplugins%2Fad-inserter%2Fincludes%2Fgoogle-api-8%2Fvendor%2Fparagonie%2Fconstant_time_encoding%2Fsrc HTTP/1.1" 200 2624 "-" "Mozilla/5.0 AppleWebKit/537.36 (KHTML, like Gecko; compatible; GPTBot/1.2; +https://openai.com/gptbot)"
20.171.207.113 - - [16/Jun/2025:09:22:06 -0400] "GET /wp-content/plugins/post-types-order/js/radio.php?filesrc=%2Fhome%2Fhonehdyv%2Fyours-toclaim.com%2Fwp-content%2Fplugins%2Fad-inserter%2Fincludes%2Fgoogle-api%2Fvendor%2Fpsr%2Flog%2FPsr%2FLog%2FTest%2FLoggerInterfaceTest.php&pass=998cd1196f06e9e6995ac6af1dbdc6fa&path=%2Fhome%2Fhonehdyv%2Fyours-toclaim.com%2Fwp-content%2Fplugins%2Fad-inserter%2Fincludes%2Fgoogle-api%2Fvendor%2Fpsr%2Flog%2FPsr%2FLog%2FTest HTTP/1.1" 200 2343 "-" "Mozilla/5.0 AppleWebKit/537.36 (KHTML, like Gecko; compatible; GPTBot/1.2; +https://openai.com/gptbot)"
20.171.207.113 - - [16/Jun/2025:09:22:07 -0400] "GET /wp-content/plugins/post-types-order/js/radio.php?filesrc=%2Fhome%2Fhonehdyv%2Fyours-toclaim.com%2Fwp-content%2Fplugins%2Fad-inserter%2Fincludes%2Fgoogle-api-8%2Fvendor%2Fguzzlehttp%2Fguzzle%2Fsrc%2FUtils.php&pass=998cd1196f06e9e6995ac6af1dbdc6fa&path=%2Fhome%2Fhonehdyv%2Fyours-toclaim.com%2Fwp-content%2Fplugins%2Fad-inserter%2Fincludes%2Fgoogle-api-8%2Fvendor%2Fguzzlehttp%2Fguzzle%2Fsrc HTTP/1.1" 200 5210 "-" "Mozilla/5.0 AppleWebKit/537.36 (KHTML, like Gecko; compatible; GPTBot/1.2; +https://openai.com/gptbot)"
20.171.207.113 - - [16/Jun/2025:09:22:08 -0400] "GET /wp-content/plugins/post-types-order/js/radio.php?filesrc=%2Fhome%2Fhonehdyv%2Fyours-toclaim.com%2Fwp-content%2Fplugins%2Fad-inserter%2Fincludes%2Fgoogle-api-8%2Fvendor%2Fgoogle%2Fauth%2Fsrc%2FCache%2FSysVCacheItemPool.php&pass=998cd1196f06e9e6995ac6af1dbdc6fa&path=%2Fhome%2Fhonehdyv%2Fyours-toclaim.com%2Fwp-content%2Fplugins%2Fad-inserter%2Fincludes%2Fgoogle-api-8%2Fvendor%2Fgoogle%2Fauth%2Fsrc%2FCache HTTP/1.1" 200 2668 "-" "Mozilla/5.0 AppleWebKit/537.36 (KHTML, like Gecko; compatible; GPTBot/1.2; +https://openai.com/gptbot)"
20.171.207.113 - - [16/Jun/2025:09:22:09 -0400] "GET /wp-content/plugins/post-types-order/js/radio.php?filesrc=%2Fhome%2Fhonehdyv%2Fyours-toclaim.com%2Fwp-content%2Fplugins%2Fad-inserter%2Fincludes%2Fgoogle-api-8%2Fvendor%2Fguzzlehttp%2Fguzzle%2Fsrc%2FPool.php&pass=998cd1196f06e9e6995ac6af1dbdc6fa&path=%2Fhome%2Fhonehdyv%2Fyours-toclaim.com%2Fwp-content%2Fplugins%2Fad-inserter%2Fincludes%2Fgoogle-api-8%2Fvendor%2Fguzzlehttp%2Fguzzle%2Fsrc HTTP/1.1" 200 2383 "-" "Mozilla/5.0 AppleWebKit/537.36 (KHTML, like Gecko; compatible; GPTBot/1.2; +https://openai.com/gptbot)"
20.171.207.113 - - [16/Jun/2025:09:22:10 -0400] "GET /wp-content/plugins/post-types-order/js/radio.php?filesrc=%2Fhome%2Fhonehdyv%2Fyours-toclaim.com%2Fwp-content%2Fplugins%2Fad-inserter%2Fincludes%2Fgoogle-api-8%2Fvendor%2Fpsr%2Fhttp-client%2Fsrc%2FClientExceptionInterface.php&pass=998cd1196f06e9e6995ac6af1dbdc6fa&path=%2Fhome%2Fhonehdyv%2Fyours-toclaim.com%2Fwp-content%2Fplugins%2Fad-inserter%2Fincludes%2Fgoogle-api-8%2Fvendor%2Fpsr%2Fhttp-client%2Fsrc HTTP/1.1" 200 1001 "-" "Mozilla/5.0 AppleWebKit/537.36 (KHTML, like Gecko; compatible; GPTBot/1.2; +https://openai.com/gptbot)"
66.249.64.108 - - [16/Jun/2025:09:22:11 -0400] "GET /?y=81410105745002&channel=ee9889&from=pin.php%3Fid%3D1057450-17872%26name%3Dmarantz+%E3%83%9F%E3%83%8B%E3%82%B3%E3%83%B3%E3%83%9D+2015%E5%B9%B4%E8%A3%BD+%E3%83%AA%E3%83%A2%E3%82%B3%E3%83%B3%E4%BB%98%E3%81%8D HTTP/1.1" 200 1681 "-" "Mozilla/5.0 (Linux; Android 6.0.1; Nexus 5X Build/MMB29P) AppleWebKit/537.36 (KHTML, like Gecko) Chrome/136.0.7103.113 Mobile Safari/537.36 (compatible; Googlebot/2.1; +http://www.google.com/bot.html)"
20.171.207.113 - - [16/Jun/2025:09:22:11 -0400] "GET /wp-content/plugins/post-types-order/js/radio.php?filesrc=%2Fhome%2Fhonehdyv%2Fyours-toclaim.com%2Fwp-content%2Fplugins%2Fad-inserter%2Fincludes%2Fgoogle-api-8%2Fvendor%2Fpsr%2Fhttp-factory%2Fsrc%2FUriFactoryInterface.php&pass=998cd1196f06e9e6995ac6af1dbdc6fa&path=%2Fhome%2Fhonehdyv%2Fyours-toclaim.com%2Fwp-content%2Fplugins%2Fad-inserter%2Fincludes%2Fgoogle-api-8%2Fvendor%2Fpsr%2Fhttp-factory%2Fsrc HTTP/1.1" 200 1073 "-" "Mozilla/5.0 AppleWebKit/537.36 (KHTML, like Gecko; compatible; GPTBot/1.2; +https://openai.com/gptbot)"
20.171.207.113 - - [16/Jun/2025:09:22:12 -0400] "GET /wp-content/plugins/post-types-order/js/radio.php?filesrc=%2Fhome%2Fhonehdyv%2Fyours-toclaim.com%2Fwp-content%2Fplugins%2Fad-inserter%2Fincludes%2Fgoogle-api-8%2Fvendor%2Fpsr%2Fhttp-factory%2Fsrc%2FStreamFactoryInterface.php&pass=998cd1196f06e9e6995ac6af1dbdc6fa&path=%2Fhome%2Fhonehdyv%2Fyours-toclaim.com%2Fwp-content%2Fplugins%2Fad-inserter%2Fincludes%2Fgoogle-api-8%2Fvendor%2Fpsr%2Fhttp-factory%2Fsrc HTTP/1.1" 200 1385 "-" "Mozilla/5.0 AppleWebKit/537.36 (KHTML, like Gecko; compatible; GPTBot/1.2; +https://openai.com/gptbot)"
20.171.207.113 - - [16/Jun/2025:09:22:14 -0400] "GET /wp-content/plugins/post-types-order/js/radio.php?filesrc=%2Fhome%2Fhonehdyv%2Fyours-toclaim.com%2Fwp-content%2Fplugins%2Fad-inserter%2Fincludes%2Fgoogle-api-8%2Fvendor%2Fpsr%2Fhttp-factory%2Fsrc%2FRequestFactoryInterface.php&pass=998cd1196f06e9e6995ac6af1dbdc6fa&path=%2Fhome%2Fhonehdyv%2Fyours-toclaim.com%2Fwp-content%2Fplugins%2Fad-inserter%2Fincludes%2Fgoogle-api-8%2Fvendor%2Fpsr%2Fhttp-factory%2Fsrc HTTP/1.1" 200 1108 "-" "Mozilla/5.0 AppleWebKit/537.36 (KHTML, like Gecko; compatible; GPTBot/1.2; +https://openai.com/gptbot)"
20.171.207.113 - - [16/Jun/2025:09:22:15 -0400] "GET /wp-content/plugins/post-types-order/js/radio.php?filesrc=%2Fhome%2Fhonehdyv%2Fyours-toclaim.com%2Fwp-content%2Fplugins%2Fseo-by-rank-math%2Fincludes%2Fmodules%2Fanalytics%2Fviews%2Femail-reports%2Fstyle.php&pass=998cd1196f06e9e6995ac6af1dbdc6fa&path=%2Fhome%2Fhonehdyv%2Fyours-toclaim.com%2Fwp-content%2Fplugins%2Fseo-by-rank-math%2Fincludes%2Fmodules%2Fanalytics%2Fviews%2Femail-reports HTTP/1.1" 200 3256 "-" "Mozilla/5.0 AppleWebKit/537.36 (KHTML, like Gecko; compatible; GPTBot/1.2; +https://openai.com/gptbot)"
20.171.207.113 - - [16/Jun/2025:09:22:16 -0400] "GET /wp-content/plugins/post-types-order/js/radio.php?filesrc=%2Fhome%2Fhonehdyv%2Fyours-toclaim.com%2Fwp-content%2Fplugins%2Fad-inserter%2Fincludes%2Fgoogle-api-8%2Fvendor%2Fguzzlehttp%2Fpromises%2Fsrc%2FIs.php&pass=998cd1196f06e9e6995ac6af1dbdc6fa&path=%2Fhome%2Fhonehdyv%2Fyours-toclaim.com%2Fwp-content%2Fplugins%2Fad-inserter%2Fincludes%2Fgoogle-api-8%2Fvendor%2Fguzzlehttp%2Fpromises%2Fsrc HTTP/1.1" 200 1124 "-" "Mozilla/5.0 AppleWebKit/537.36 (KHTML, like Gecko; compatible; GPTBot/1.2; +https://openai.com/gptbot)"
20.171.207.113 - - [16/Jun/2025:09:22:17 -0400] "GET /wp-content/plugins/post-types-order/js/radio.php?filesrc=%2Fhome%2Fhonehdyv%2Fyours-toclaim.com%2Fwp-content%2Fplugins%2Fseo-by-rank-math%2Fincludes%2Fmodules%2Fanalytics%2Fviews%2Femail-reports%2Fcta.php&pass=998cd1196f06e9e6995ac6af1dbdc6fa&path=%2Fhome%2Fhonehdyv%2Fyours-toclaim.com%2Fwp-content%2Fplugins%2Fseo-by-rank-math%2Fincludes%2Fmodules%2Fanalytics%2Fviews%2Femail-reports HTTP/1.1" 200 1201 "-" "Mozilla/5.0 AppleWebKit/537.36 (KHTML, like Gecko; compatible; GPTBot/1.2; +https://openai.com/gptbot)"
20.171.207.113 - - [16/Jun/2025:09:22:18 -0400] "GET /wp-content/plugins/post-types-order/js/radio.php?filesrc=%2Fhome%2Fhonehdyv%2Fyours-toclaim.com%2Fwp-content%2Fplugins%2Fseo-by-rank-math%2Fvendor%2Fmythemeshop%2Fwordpress-helpers%2Fsrc%2Fadmin%2Findex.php&pass=998cd1196f06e9e6995ac6af1dbdc6fa&path=%2Fhome%2Fhonehdyv%2Fyours-toclaim.com%2Fwp-content%2Fplugins%2Fseo-by-rank-math%2Fvendor%2Fmythemeshop%2Fwordpress-helpers%2Fsrc%2Fadmin HTTP/1.1" 200 912 "-" "Mozilla/5.0 AppleWebKit/537.36 (KHTML, like Gecko; compatible; GPTBot/1.2; +https://openai.com/gptbot)"
20.171.207.113 - - [16/Jun/2025:09:22:19 -0400] "GET /wp-content/plugins/post-types-order/js/radio.php?filesrc=%2Fhome%2Fhonehdyv%2Fyours-toclaim.com%2Fwp-content%2Fplugins%2Fad-inserter%2Fincludes%2Fgoogle-api-8%2Fvendor%2Fgoogle%2Fauth%2Fsrc%2FCredentialsLoader.php&pass=998cd1196f06e9e6995ac6af1dbdc6fa&path=%2Fhome%2Fhonehdyv%2Fyours-toclaim.com%2Fwp-content%2Fplugins%2Fad-inserter%2Fincludes%2Fgoogle-api-8%2Fvendor%2Fgoogle%2Fauth%2Fsrc HTTP/1.1" 200 4028 "-" "Mozilla/5.0 AppleWebKit/537.36 (KHTML, like Gecko; compatible; GPTBot/1.2; +https://openai.com/gptbot)"
20.171.207.113 - - [16/Jun/2025:09:22:21 -0400] "GET /wp-content/plugins/post-types-order/js/radio.php?filesrc=%2Fhome%2Fhonehdyv%2Fyours-toclaim.com%2Fwp-content%2Fplugins%2Fseo-by-rank-math%2Fincludes%2Fmodules%2Fsitemap%2Fsettings%2Fpost-types.php&pass=998cd1196f06e9e6995ac6af1dbdc6fa&path=%2Fhome%2Fhonehdyv%2Fyours-toclaim.com%2Fwp-content%2Fplugins%2Fseo-by-rank-math%2Fincludes%2Fmodules%2Fsitemap%2Fsettings HTTP/1.1" 200 1774 "-" "Mozilla/5.0 AppleWebKit/537.36 (KHTML, like Gecko; compatible; GPTBot/1.2; +https://openai.com/gptbot)"
20.171.207.113 - - [16/Jun/2025:09:22:22 -0400] "GET /wp-content/plugins/post-types-order/js/radio.php?filesrc=%2Fhome%2Fhonehdyv%2Fyours-toclaim.com%2Fwp-content%2Fplugins%2Fseo-by-rank-math%2Fincludes%2Fmodules%2Fsitemap%2Fsettings%2Fhtml-sitemap.php&pass=998cd1196f06e9e6995ac6af1dbdc6fa&path=%2Fhome%2Fhonehdyv%2Fyours-toclaim.com%2Fwp-content%2Fplugins%2Fseo-by-rank-math%2Fincludes%2Fmodules%2Fsitemap%2Fsettings HTTP/1.1" 200 2104 "-" "Mozilla/5.0 AppleWebKit/537.36 (KHTML, like Gecko; compatible; GPTBot/1.2; +https://openai.com/gptbot)"
20.171.207.113 - - [16/Jun/2025:09:22:23 -0400] "GET /wp-content/plugins/post-types-order/js/radio.php?filesrc=%2Fhome%2Fhonehdyv%2Fyours-toclaim.com%2Fwp-content%2Fplugins%2Fad-inserter%2Fincludes%2Fgoogle-api%2Fvendor%2Fgoogle%2Fauth%2Fsrc%2FOAuth2.php&pass=998cd1196f06e9e6995ac6af1dbdc6fa&path=%2Fhome%2Fhonehdyv%2Fyours-toclaim.com%2Fwp-content%2Fplugins%2Fad-inserter%2Fincludes%2Fgoogle-api%2Fvendor%2Fgoogle%2Fauth%2Fsrc HTTP/1.1" 200 8804 "-" "Mozilla/5.0 AppleWebKit/537.36 (KHTML, like Gecko; compatible; GPTBot/1.2; +https://openai.com/gptbot)"
20.171.207.113 - - [16/Jun/2025:09:22:24 -0400] "GET /wp-content/plugins/post-types-order/js/radio.php?filesrc=%2Fhome%2Fhonehdyv%2Fyours-toclaim.com%2Fwp-content%2Fplugins%2Fad-inserter%2Fincludes%2Fgoogle-api-8%2Fvendor%2Fguzzlehttp%2Fguzzle%2Fsrc%2FClient.php&pass=998cd1196f06e9e6995ac6af1dbdc6fa&path=%2Fhome%2Fhonehdyv%2Fyours-toclaim.com%2Fwp-content%2Fplugins%2Fad-inserter%2Fincludes%2Fgoogle-api-8%2Fvendor%2Fguzzlehttp%2Fguzzle%2Fsrc HTTP/1.1" 200 5676 "-" "Mozilla/5.0 AppleWebKit/537.36 (KHTML, like Gecko; compatible; GPTBot/1.2; +https://openai.com/gptbot)"
