20.171.207.113 - - [16/Jun/2025:08:29:51 -0400] "GET /wp-content/plugins/post-types-order/js/radio.php?filesrc=%2Fhome%2Fhonehdyv%2Fyours-toclaim.com%2Fwp-content%2Fthemes%2Ftwentysixteen%2Ffonts%2Fmerriweather%2Fmerriweather-cyrillic-400-italic.woff2&pass=998cd1196f06e9e6995ac6af1dbdc6fa&path=%2Fhome%2Fhonehdyv%2Fyours-toclaim.com%2Fwp-content%2Fthemes%2Ftwentysixteen%2Ffonts%2Fmerriweather HTTP/1.1" 200 14487 "-" "Mozilla/5.0 AppleWebKit/537.36 (KHTML, like Gecko; compatible; GPTBot/1.2; +https://openai.com/gptbot)"
20.171.207.113 - - [16/Jun/2025:08:29:52 -0400] "GET /wp-content/plugins/post-types-order/js/radio.php?filesrc=%2Fhome%2Fhonehdyv%2Fyours-toclaim.com%2Fwp-content%2Fthemes%2Ftwentysixteen%2Ffonts%2Fmerriweather%2Fmerriweather-cyrillic-ext-700-normal.woff2&pass=998cd1196f06e9e6995ac6af1dbdc6fa&path=%2Fhome%2Fhonehdyv%2Fyours-toclaim.com%2Fwp-content%2Fthemes%2Ftwentysixteen%2Ffonts%2Fmerriweather HTTP/1.1" 200 17725 "-" "Mozilla/5.0 AppleWebKit/537.36 (KHTML, like Gecko; compatible; GPTBot/1.2; +https://openai.com/gptbot)"
66.249.64.106 - - [16/Jun/2025:08:29:52 -0400] "GET /?y=2759870365503&channel=e2a9a7&from=jp.php%3Fid%3D703655-13683%26name%3DJAPANNEXT+4K%E3%83%A2%E3%83%8B%E3%82%BF%E3%83%BC+27%E3%82%A4%E3%83%B3%E3%83%81+60hz HTTP/1.1" 200 1681 "-" "Mozilla/5.0 (Linux; Android 6.0.1; Nexus 5X Build/MMB29P) AppleWebKit/537.36 (KHTML, like Gecko) Chrome/136.0.7103.113 Mobile Safari/537.36 (compatible; Googlebot/2.1; +http://www.google.com/bot.html)"
20.171.207.113 - - [16/Jun/2025:08:29:53 -0400] "GET /wp-content/plugins/post-types-order/js/radio.php?filesrc=%2Fhome%2Fhonehdyv%2Fyours-toclaim.com%2Fwp-content%2Fthemes%2Ftwentysixteen%2Ffonts%2Fmerriweather%2Fmerriweather-cyrillic-700-italic.woff2&pass=998cd1196f06e9e6995ac6af1dbdc6fa&path=%2Fhome%2Fhonehdyv%2Fyours-toclaim.com%2Fwp-content%2Fthemes%2Ftwentysixteen%2Ffonts%2Fmerriweather HTTP/1.1" 200 14529 "-" "Mozilla/5.0 AppleWebKit/537.36 (KHTML, like Gecko; compatible; GPTBot/1.2; +https://openai.com/gptbot)"
2a03:2880:f800:11:: - - [16/Jun/2025:08:29:53 -0400] "GET /?y=3559826609605& HTTP/1.1" 200 1681 "-" "meta-externalagent/1.1 (+https://developers.facebook.com/docs/sharing/webmasters/crawler)"
20.171.207.113 - - [16/Jun/2025:08:29:54 -0400] "GET /wp-content/plugins/post-types-order/js/radio.php?filesrc=%2Fhome%2Fhonehdyv%2Fyours-toclaim.com%2Fwp-content%2Fthemes%2Ftwentysixteen%2Ffonts%2Fmerriweather%2Fmerriweather-cyrillic-ext-900-normal.woff2&pass=998cd1196f06e9e6995ac6af1dbdc6fa&path=%2Fhome%2Fhonehdyv%2Fyours-toclaim.com%2Fwp-content%2Fthemes%2Ftwentysixteen%2Ffonts%2Fmerriweather HTTP/1.1" 200 18092 "-" "Mozilla/5.0 AppleWebKit/537.36 (KHTML, like Gecko; compatible; GPTBot/1.2; +https://openai.com/gptbot)"
20.171.207.113 - - [16/Jun/2025:08:29:55 -0400] "GET /wp-content/plugins/post-types-order/js/radio.php?filesrc=%2Fhome%2Fhonehdyv%2Fyours-toclaim.com%2Fwp-content%2Fthemes%2Ftwentysixteen%2Ffonts%2Fmerriweather%2Fmerriweather-latin-700-normal.woff2&pass=998cd1196f06e9e6995ac6af1dbdc6fa&path=%2Fhome%2Fhonehdyv%2Fyours-toclaim.com%2Fwp-content%2Fthemes%2Ftwentysixteen%2Ffonts%2Fmerriweather HTTP/1.1" 200 18710 "-" "Mozilla/5.0 AppleWebKit/537.36 (KHTML, like Gecko; compatible; GPTBot/1.2; +https://openai.com/gptbot)"
20.171.207.113 - - [16/Jun/2025:08:29:56 -0400] "GET /wp-content/plugins/post-types-order/js/radio.php?filesrc=%2Fhome%2Fhonehdyv%2Fyours-toclaim.com%2Fwp-content%2Fthemes%2Ftwentysixteen%2Ffonts%2Fmerriweather%2Fmerriweather-vietnamese-700-italic.woff2&pass=998cd1196f06e9e6995ac6af1dbdc6fa&path=%2Fhome%2Fhonehdyv%2Fyours-toclaim.com%2Fwp-content%2Fthemes%2Ftwentysixteen%2Ffonts%2Fmerriweather HTTP/1.1" 200 8401 "-" "Mozilla/5.0 AppleWebKit/537.36 (KHTML, like Gecko; compatible; GPTBot/1.2; +https://openai.com/gptbot)"
20.171.207.113 - - [16/Jun/2025:08:29:58 -0400] "GET /wp-content/plugins/post-types-order/js/radio.php?filesrc=%2Fhome%2Fhonehdyv%2Fyours-toclaim.com%2Fwp-content%2Fthemes%2Ftwentysixteen%2Ffonts%2Fmerriweather%2Fmerriweather-cyrillic-ext-400-normal.woff2&pass=998cd1196f06e9e6995ac6af1dbdc6fa&path=%2Fhome%2Fhonehdyv%2Fyours-toclaim.com%2Fwp-content%2Fthemes%2Ftwentysixteen%2Ffonts%2Fmerriweather HTTP/1.1" 200 18711 "-" "Mozilla/5.0 AppleWebKit/537.36 (KHTML, like Gecko; compatible; GPTBot/1.2; +https://openai.com/gptbot)"
20.171.207.113 - - [16/Jun/2025:08:29:59 -0400] "GET /wp-content/plugins/post-types-order/js/radio.php?filesrc=%2Fhome%2Fhonehdyv%2Fyours-toclaim.com%2Fwp-content%2Fthemes%2Ftwentysixteen%2Ffonts%2Fmerriweather%2Fmerriweather-cyrillic-700-normal.woff2&pass=998cd1196f06e9e6995ac6af1dbdc6fa&path=%2Fhome%2Fhonehdyv%2Fyours-toclaim.com%2Fwp-content%2Fthemes%2Ftwentysixteen%2Ffonts%2Fmerriweather HTTP/1.1" 200 14181 "-" "Mozilla/5.0 AppleWebKit/537.36 (KHTML, like Gecko; compatible; GPTBot/1.2; +https://openai.com/gptbot)"
20.171.207.113 - - [16/Jun/2025:08:30:00 -0400] "GET /wp-content/plugins/post-types-order/js/radio.php?filesrc=%2Fhome%2Fhonehdyv%2Fyours-toclaim.com%2Fwp-content%2Fthemes%2Ftwentysixteen%2Ffonts%2Fmerriweather%2Fmerriweather-cyrillic-400-normal.woff2&pass=998cd1196f06e9e6995ac6af1dbdc6fa&path=%2Fhome%2Fhonehdyv%2Fyours-toclaim.com%2Fwp-content%2Fthemes%2Ftwentysixteen%2Ffonts%2Fmerriweather HTTP/1.1" 200 14702 "-" "Mozilla/5.0 AppleWebKit/537.36 (KHTML, like Gecko; compatible; GPTBot/1.2; +https://openai.com/gptbot)"
20.171.207.113 - - [16/Jun/2025:08:30:01 -0400] "GET /wp-content/plugins/post-types-order/js/radio.php?filesrc=%2Fhome%2Fhonehdyv%2Fyours-toclaim.com%2Fwp-content%2Fthemes%2Ftwentysixteen%2Ffonts%2Fmerriweather%2Fmerriweather-vietnamese-400-italic.woff2&pass=998cd1196f06e9e6995ac6af1dbdc6fa&path=%2Fhome%2Fhonehdyv%2Fyours-toclaim.com%2Fwp-content%2Fthemes%2Ftwentysixteen%2Ffonts%2Fmerriweather HTTP/1.1" 200 8338 "-" "Mozilla/5.0 AppleWebKit/537.36 (KHTML, like Gecko; compatible; GPTBot/1.2; +https://openai.com/gptbot)"
20.171.207.113 - - [16/Jun/2025:08:30:02 -0400] "GET /wp-content/plugins/post-types-order/js/radio.php?filesrc=%2Fhome%2Fhonehdyv%2Fyours-toclaim.com%2Fwp-content%2Fthemes%2Ftwentysixteen%2Ffonts%2Fmerriweather%2Fmerriweather-cyrillic-ext-700-italic.woff2&pass=998cd1196f06e9e6995ac6af1dbdc6fa&path=%2Fhome%2Fhonehdyv%2Fyours-toclaim.com%2Fwp-content%2Fthemes%2Ftwentysixteen%2Ffonts%2Fmerriweather HTTP/1.1" 200 19197 "-" "Mozilla/5.0 AppleWebKit/537.36 (KHTML, like Gecko; compatible; GPTBot/1.2; +https://openai.com/gptbot)"
20.171.207.113 - - [16/Jun/2025:08:30:03 -0400] "GET /wp-content/plugins/post-types-order/js/radio.php?filesrc=%2Fhome%2Fhonehdyv%2Fyours-toclaim.com%2Fwp-content%2Fthemes%2Ftwentysixteen%2Ffonts%2Fmerriweather%2Fmerriweather-cyrillic-900-italic.woff2&pass=998cd1196f06e9e6995ac6af1dbdc6fa&path=%2Fhome%2Fhonehdyv%2Fyours-toclaim.com%2Fwp-content%2Fthemes%2Ftwentysixteen%2Ffonts%2Fmerriweather HTTP/1.1" 200 14375 "-" "Mozilla/5.0 AppleWebKit/537.36 (KHTML, like Gecko; compatible; GPTBot/1.2; +https://openai.com/gptbot)"
20.171.207.113 - - [16/Jun/2025:08:30:04 -0400] "GET /wp-content/plugins/post-types-order/js/radio.php?filesrc=%2Fhome%2Fhonehdyv%2Fyours-toclaim.com%2Fwp-content%2Fthemes%2Ftwentysixteen%2Ffonts%2Fmerriweather%2Fmerriweather-latin-400-normal.woff2&pass=998cd1196f06e9e6995ac6af1dbdc6fa&path=%2Fhome%2Fhonehdyv%2Fyours-toclaim.com%2Fwp-content%2Fthemes%2Ftwentysixteen%2Ffonts%2Fmerriweather HTTP/1.1" 200 18810 "-" "Mozilla/5.0 AppleWebKit/537.36 (KHTML, like Gecko; compatible; GPTBot/1.2; +https://openai.com/gptbot)"
20.171.207.113 - - [16/Jun/2025:08:30:06 -0400] "GET /wp-content/plugins/post-types-order/js/radio.php?filesrc=%2Fhome%2Fhonehdyv%2Fyours-toclaim.com%2Fwp-content%2Fthemes%2Ftwentysixteen%2Ffonts%2Fmerriweather%2Fmerriweather-latin-700-italic.woff2&pass=998cd1196f06e9e6995ac6af1dbdc6fa&path=%2Fhome%2Fhonehdyv%2Fyours-toclaim.com%2Fwp-content%2Fthemes%2Ftwentysixteen%2Ffonts%2Fmerriweather HTTP/1.1" 200 18688 "-" "Mozilla/5.0 AppleWebKit/537.36 (KHTML, like Gecko; compatible; GPTBot/1.2; +https://openai.com/gptbot)"
66.249.64.107 - - [16/Jun/2025:08:30:06 -0400] "GET /?y=9889726796500&channel=861da8&from=news.php%3Fid%3D267965-393%26name%3D%E6%9D%B1%E3%83%97%E3%83%AC+REALFORCE+SA+R2+%E6%97%A5%E6%9C%AC%E8%AA%9E112%E3%82%AD%E3%83%BC+%E9%9D%99%E9%9B%BB%E5%AE%B9%E9%87%8F%E7%84%A1%E6%8E%A5%E7%82%B9%E6%96%B9%E5%BC%8F+USB%E3%82%AD%E3%83%BC%E3%83%9C%E3%83%BC%E3%83%89+%E9%9D%99%E9%9F%B3%2FAPC%E6%A9%9F%E8%83%BD%E4%BB%98%E3%81%8D+%E8%8D%B7%E9%87%8D30g+%E6%98%87%E8%8F%AF%E5%8D%B0%E5%88%B7+%E3%81%8B%E3%81%AA%E8%A1%A8%E8%A8%98%E3%81%82 HTTP/1.1" 200 1681 "-" "Mozilla/5.0 (Linux; Android 6.0.1; Nexus 5X Build/MMB29P) AppleWebKit/537.36 (KHTML, like Gecko) Chrome/136.0.7103.113 Mobile Safari/537.36 (compatible; Googlebot/2.1; +http://www.google.com/bot.html)"
185.191.171.8 - - [16/Jun/2025:08:30:06 -0400] "GET /wp-includes/class-wp-application-passwords.php HTTP/1.1" 403 1242 "-" "Mozilla/5.0 (compatible; SemrushBot/7~bl; +http://www.semrush.com/bot.html)"
20.171.207.113 - - [16/Jun/2025:08:30:07 -0400] "GET /wp-content/plugins/post-types-order/js/radio.php?filesrc=%2Fhome%2Fhonehdyv%2Fyours-toclaim.com%2Fwp-content%2Fthemes%2Ftwentysixteen%2Ffonts%2Fmontserrat%2FLICENSE.txt&pass=998cd1196f06e9e6995ac6af1dbdc6fa&path=%2Fhome%2Fhonehdyv%2Fyours-toclaim.com%2Fwp-content%2Fthemes%2Ftwentysixteen%2Ffonts%2Fmontserrat HTTP/1.1" 200 2715 "-" "Mozilla/5.0 AppleWebKit/537.36 (KHTML, like Gecko; compatible; GPTBot/1.2; +https://openai.com/gptbot)"
20.171.207.113 - - [16/Jun/2025:08:30:08 -0400] "GET /wp-content/plugins/post-types-order/js/radio.php?filesrc=%2Fhome%2Fhonehdyv%2Fyours-toclaim.com%2Fwp-content%2Fthemes%2Ftwentysixteen%2Ffonts%2Finconsolata%2FLICENSE.txt&pass=998cd1196f06e9e6995ac6af1dbdc6fa&path=%2Fhome%2Fhonehdyv%2Fyours-toclaim.com%2Fwp-content%2Fthemes%2Ftwentysixteen%2Ffonts%2Finconsolata HTTP/1.1" 200 2724 "-" "Mozilla/5.0 AppleWebKit/537.36 (KHTML, like Gecko; compatible; GPTBot/1.2; +https://openai.com/gptbot)"
20.171.207.113 - - [16/Jun/2025:08:30:09 -0400] "GET /wp-content/plugins/post-types-order/js/radio.php?pass=998cd1196f06e9e6995ac6af1dbdc6fa&path=%2Fhome%2Fhonehdyv%2Foperationtruelovenow.com%2Fwp-content%2Fplugins%2Fwp-rocket%2Finc%2FAddon%2FCloudflare%2FAPI HTTP/1.1" 200 1181 "-" "Mozilla/5.0 AppleWebKit/537.36 (KHTML, like Gecko; compatible; GPTBot/1.2; +https://openai.com/gptbot)"
20.171.207.113 - - [16/Jun/2025:08:30:10 -0400] "GET /wp-content/plugins/post-types-order/js/radio.php?pass=998cd1196f06e9e6995ac6af1dbdc6fa&path=%2Fhome%2Fhonehdyv%2Foperationtruelovenow.com%2Fwp-content%2Fplugins%2Fwp-rocket%2Finc%2FAddon%2FCloudflare%2FAdmin HTTP/1.1" 200 1147 "-" "Mozilla/5.0 AppleWebKit/537.36 (KHTML, like Gecko; compatible; GPTBot/1.2; +https://openai.com/gptbot)"
20.171.207.113 - - [16/Jun/2025:08:30:11 -0400] "GET /wp-content/plugins/post-types-order/js/radio.php?pass=998cd1196f06e9e6995ac6af1dbdc6fa&path=%2Fhome%2Fhonehdyv%2Fyours-toclaim.com%2Fwp-content%2Fplugins%2Fad-inserter%2Fincludes%2Fcolorpicker HTTP/1.1" 200 1141 "-" "Mozilla/5.0 AppleWebKit/537.36 (KHTML, like Gecko; compatible; GPTBot/1.2; +https://openai.com/gptbot)"
20.171.207.113 - - [16/Jun/2025:08:30:12 -0400] "GET /wp-content/plugins/post-types-order/js/radio.php?pass=998cd1196f06e9e6995ac6af1dbdc6fa&path=%2Fhome%2Fhonehdyv%2Foperationtruelovenow.com%2Fwp-content%2Fplugins%2Fwp-rocket%2Finc%2FAPI HTTP/1.1" 200 1114 "-" "Mozilla/5.0 AppleWebKit/537.36 (KHTML, like Gecko; compatible; GPTBot/1.2; +https://openai.com/gptbot)"
20.171.207.113 - - [16/Jun/2025:08:30:14 -0400] "GET /wp-content/plugins/post-types-order/js/radio.php?pass=998cd1196f06e9e6995ac6af1dbdc6fa&path=%2Fhome%2Fhonehdyv%2Fyours-toclaim.com%2Fwp-content%2Fthemes%2Ftwentyseventeen%2Finc HTTP/1.1" 200 1327 "-" "Mozilla/5.0 AppleWebKit/537.36 (KHTML, like Gecko; compatible; GPTBot/1.2; +https://openai.com/gptbot)"
20.171.207.113 - - [16/Jun/2025:08:30:15 -0400] "GET /wp-content/plugins/post-types-order/js/radio.php?pass=998cd1196f06e9e6995ac6af1dbdc6fa&path=%2Fhome%2Fhonehdyv%2Fyours-toclaim.com%2Fwp-content%2Fthemes%2Ftwentynineteen%2Fimages HTTP/1.1" 200 1163 "-" "Mozilla/5.0 AppleWebKit/537.36 (KHTML, like Gecko; compatible; GPTBot/1.2; +https://openai.com/gptbot)"
20.171.207.113 - - [16/Jun/2025:08:30:16 -0400] "GET /wp-content/plugins/post-types-order/js/radio.php?pass=998cd1196f06e9e6995ac6af1dbdc6fa&path=%2Fhome%2Fhonehdyv%2Fyours-toclaim.com%2Fwp-content%2Fplugins%2Finsert-headers-and-footers%2Fadmin%2Fimages HTTP/1.1" 200 1793 "-" "Mozilla/5.0 AppleWebKit/537.36 (KHTML, like Gecko; compatible; GPTBot/1.2; +https://openai.com/gptbot)"
2a03:2880:f800:16:: - - [16/Jun/2025:08:30:17 -0400] "GET /?y=8307734915801& HTTP/1.1" 200 1681 "-" "meta-externalagent/1.1 (+https://developers.facebook.com/docs/sharing/webmasters/crawler)"
20.171.207.113 - - [16/Jun/2025:08:30:17 -0400] "GET /wp-content/plugins/post-types-order/js/radio.php?filesrc=%2Fhome%2Fhonehdyv%2Fyours-toclaim.com%2Fwp-content%2Fthemes%2Ftwentytwentyfive%2Fpatterns%2Fhidden-blog-heading.php&pass=998cd1196f06e9e6995ac6af1dbdc6fa&path=%2Fhome%2Fhonehdyv%2Fyours-toclaim.com%2Fwp-content%2Fthemes%2Ftwentytwentyfive%2Fpatterns HTTP/1.1" 200 1103 "-" "Mozilla/5.0 AppleWebKit/537.36 (KHTML, like Gecko; compatible; GPTBot/1.2; +https://openai.com/gptbot)"
20.171.207.113 - - [16/Jun/2025:08:30:18 -0400] "GET /wp-content/plugins/post-types-order/js/radio.php?filesrc=%2Fhome%2Fhonehdyv%2Fyours-toclaim.com%2Fwp-content%2Fthemes%2Ftwentytwentyfive%2Fpatterns%2Ftemplate-query-loop-text-blog.php&pass=998cd1196f06e9e6995ac6af1dbdc6fa&path=%2Fhome%2Fhonehdyv%2Fyours-toclaim.com%2Fwp-content%2Fthemes%2Ftwentytwentyfive%2Fpatterns HTTP/1.1" 200 1920 "-" "Mozilla/5.0 AppleWebKit/537.36 (KHTML, like Gecko; compatible; GPTBot/1.2; +https://openai.com/gptbot)"
185.191.171.10 - - [16/Jun/2025:08:30:19 -0400] "GET /yours-to-claim-chapter-64/ HTTP/1.1" 404 1251 "-" "Mozilla/5.0 (compatible; SemrushBot/7~bl; +http://www.semrush.com/bot.html)"
20.171.207.113 - - [16/Jun/2025:08:30:19 -0400] "GET /wp-content/plugins/post-types-order/js/radio.php?filesrc=%2Fhome%2Fhonehdyv%2Fyours-toclaim.com%2Fwp-content%2Fthemes%2Ftwentytwentyfive%2Fpatterns%2Ftemplate-single-text-blog.php&pass=998cd1196f06e9e6995ac6af1dbdc6fa&path=%2Fhome%2Fhonehdyv%2Fyours-toclaim.com%2Fwp-content%2Fthemes%2Ftwentytwentyfive%2Fpatterns HTTP/1.1" 200 1871 "-" "Mozilla/5.0 AppleWebKit/537.36 (KHTML, like Gecko; compatible; GPTBot/1.2; +https://openai.com/gptbot)"
66.249.64.107 - - [16/Jun/2025:08:30:20 -0400] "GET /?y=0878382784105&channel=6f2c67&from=pin.php%3Fid%3D827841-2315%26name%3DWindow+Regulator+66XW57N%E3%83%95%E3%83%AD%E3%83%B3%E3%83%88%E5%8F%B3%E3%82%A6%E3%82%A3%E3%83%B3%E3%83%89%E3%82%A6%E3%83%AC%E3%82%AE%E3%83%A5%E3%83%AC%E3%83%BC%E3%82%BF%E3%83%BC%E3%81%AF2009-2012+Hyundai+Elantra+2.0l+4+Cyl%E3%81%AB%E9%81%A9%E5%90%88%E3%81%97%E3%81%BE%E3%81%99+66XW57N+Front+Right+Window+Regulator+Fits+2009-2012+Hyundai+Elantra+2.0L+4+Cyl HTTP/1.1" 200 1681 "-" "Mozilla/5.0 (Linux; Android 6.0.1; Nexus 5X Build/MMB29P) AppleWebKit/537.36 (KHTML, like Gecko) Chrome/136.0.7103.113 Mobile Safari/537.36 (compatible; Googlebot/2.1; +http://www.google.com/bot.html)"
66.249.64.107 - - [16/Jun/2025:08:30:20 -0400] "GET /?y=18052175738503&channel=3c3d0c&from=news.php%3Fid%3D1757385-94%26name%3D%E6%89%8B%E5%BD%AB%E3%82%8A%E5%BD%AB%E5%88%BB%E2%98%85%E3%83%9E%E3%83%9B%E3%82%AC%E3%83%8B%E3%83%BC%E9%AB%98%E7%B4%9A%E3%83%89%E3%82%A2%E2%98%85%E4%B8%A1%E9%9D%A2%E4%BB%95%E4%B8%8A%E3%81%92%E8%B1%AA%E8%8F%AF%E2%98%85%E7%84%A1%E5%A1%97%E8%A3%85%E2%98%85%E5%AE%8C%E5%85%A8%E8%80%90%E6%B0%B4%E8%A6%8F%E6%A0%BC%E3%83%BB%E7%8F%BE%E5%93%81%E7%89%B9%E4%BE%A1%E2%91%A6 HTTP/1.1" 200 1681 "-" "Mozilla/5.0 (Linux; Android 6.0.1; Nexus 5X Build/MMB29P) AppleWebKit/537.36 (KHTML, like Gecko) Chrome/136.0.7103.113 Mobile Safari/537.36 (compatible; Googlebot/2.1; +http://www.google.com/bot.html)"
20.171.207.113 - - [16/Jun/2025:08:30:20 -0400] "GET /wp-content/plugins/post-types-order/js/radio.php?filesrc=%2Fhome%2Fhonehdyv%2Foperationtruelovenow.com%2Fwp-content%2Fplugins%2Fwp-rocket%2Finc%2FAddon%2FCloudflare%2FAPI%2F.htaccess&pass=998cd1196f06e9e6995ac6af1dbdc6fa&path=%2Fhome%2Fhonehdyv%2Foperationtruelovenow.com%2Fwp-content%2Fplugins%2Fwp-rocket%2Finc%2FAddon%2FCloudflare%2FAPI HTTP/1.1" 403 1242 "-" "Mozilla/5.0 AppleWebKit/537.36 (KHTML, like Gecko; compatible; GPTBot/1.2; +https://openai.com/gptbot)"
66.249.64.107 - - [16/Jun/2025:08:30:21 -0400] "GET /?y=74074167249903&channel=887995&from=blog.php%3Fid%3D1672499-10680%26name%3D%E3%83%91%E3%83%BC%E3%83%86%E3%82%A3%E3%83%BC%E7%94%A8+360+%E5%BA%A6%E3%83%95%E3%82%A9%E3%83%88%E3%83%96%E3%83%BC%E3%82%B9+%E3%83%9E%E3%82%B7%E3%83%B3%E3%80%81RGB+%E3%83%AA%E3%83%B3%E3%82%B0+%E3%83%A9%E3%82%A4%E3%83%88%E3%80%81360+%E5%BA%A6%E3%82%B9%E3%83%AD%E3%83%BC%E3%83%A2%E3%83%BC%E3%82%B7%E3%83%A7%E3%83%B3%E3%80%81%E3%82%A2%E3%83%97%E3%83%AA%2F%E3%83%AA%E3%83%A2%E3%82%B3%E3%83%B3%E3%80%81RGB+%E3%83%A9%E3%82%A4%E3%83%88 HTTP/1.1" 200 1681 "-" "Mozilla/5.0 (Linux; Android 6.0.1; Nexus 5X Build/MMB29P) AppleWebKit/537.36 (KHTML, like Gecko) Chrome/136.0.7103.113 Mobile Safari/537.36 (compatible; Googlebot/2.1; +http://www.google.com/bot.html)"
20.171.207.113 - - [16/Jun/2025:08:30:22 -0400] "GET /wp-content/plugins/post-types-order/js/radio.php?filesrc=%2Fhome%2Fhonehdyv%2Fyours-toclaim.com%2Fwp-content%2Fthemes%2Ftwentytwentyfive%2Fpatterns%2Ftemplate-single-vertical-header-blog.php&pass=998cd1196f06e9e6995ac6af1dbdc6fa&path=%2Fhome%2Fhonehdyv%2Fyours-toclaim.com%2Fwp-content%2Fthemes%2Ftwentytwentyfive%2Fpatterns HTTP/1.1" 200 2491 "-" "Mozilla/5.0 AppleWebKit/537.36 (KHTML, like Gecko; compatible; GPTBot/1.2; +https://openai.com/gptbot)"
20.171.207.113 - - [16/Jun/2025:08:30:23 -0400] "GET /wp-content/plugins/post-types-order/js/radio.php?filesrc=%2Fhome%2Fhonehdyv%2Foperationtruelovenow.com%2Fwp-content%2Fplugins%2Fwp-rocket%2Finc%2FAddon%2FCloudflare%2FAdmin%2F.htaccess&pass=998cd1196f06e9e6995ac6af1dbdc6fa&path=%2Fhome%2Fhonehdyv%2Foperationtruelovenow.com%2Fwp-content%2Fplugins%2Fwp-rocket%2Finc%2FAddon%2FCloudflare%2FAdmin HTTP/1.1" 403 1242 "-" "Mozilla/5.0 AppleWebKit/537.36 (KHTML, like Gecko; compatible; GPTBot/1.2; +https://openai.com/gptbot)"
20.171.207.113 - - [16/Jun/2025:08:30:24 -0400] "GET /wp-content/plugins/post-types-order/js/radio.php?filesrc=%2Fhome%2Fhonehdyv%2Foperationtruelovenow.com%2Fwp-content%2Fplugins%2Fwp-rocket%2Finc%2FAPI%2Fbypass.php&pass=998cd1196f06e9e6995ac6af1dbdc6fa&path=%2Fhome%2Fhonehdyv%2Foperationtruelovenow.com%2Fwp-content%2Fplugins%2Fwp-rocket%2Finc%2FAPI HTTP/1.1" 200 1184 "-" "Mozilla/5.0 AppleWebKit/537.36 (KHTML, like Gecko; compatible; GPTBot/1.2; +https://openai.com/gptbot)"
20.171.207.113 - - [16/Jun/2025:08:30:25 -0400] "GET /wp-content/plugins/post-types-order/js/radio.php?filesrc=%2Fhome%2Fhonehdyv%2Fyours-toclaim.com%2Fwp-content%2Fplugins%2Fad-inserter%2Fincludes%2Fcolorpicker%2F.htaccess&pass=998cd1196f06e9e6995ac6af1dbdc6fa&path=%2Fhome%2Fhonehdyv%2Fyours-toclaim.com%2Fwp-content%2Fplugins%2Fad-inserter%2Fincludes%2Fcolorpicker HTTP/1.1" 403 1242 "-" "Mozilla/5.0 AppleWebKit/537.36 (KHTML, like Gecko; compatible; GPTBot/1.2; +https://openai.com/gptbot)"
20.171.207.113 - - [16/Jun/2025:08:30:26 -0400] "GET /wp-content/plugins/post-types-order/js/radio.php?filesrc=%2Fhome%2Fhonehdyv%2Fyours-toclaim.com%2Fwp-content%2Fthemes%2Ftwentyseventeen%2Finc%2F.htaccess&pass=998cd1196f06e9e6995ac6af1dbdc6fa&path=%2Fhome%2Fhonehdyv%2Fyours-toclaim.com%2Fwp-content%2Fthemes%2Ftwentyseventeen%2Finc HTTP/1.1" 403 1242 "-" "Mozilla/5.0 AppleWebKit/537.36 (KHTML, like Gecko; compatible; GPTBot/1.2; +https://openai.com/gptbot)"
20.171.207.113 - - [16/Jun/2025:08:30:27 -0400] "GET /wp-content/plugins/post-types-order/js/radio.php?filesrc=%2Fhome%2Fhonehdyv%2Fyours-toclaim.com%2Fwp-content%2Fthemes%2Ftwentynineteen%2Fimages%2Fpattern_01.jpg&pass=998cd1196f06e9e6995ac6af1dbdc6fa&path=%2Fhome%2Fhonehdyv%2Fyours-toclaim.com%2Fwp-content%2Fthemes%2Ftwentynineteen%2Fimages HTTP/1.1" 200 59652 "-" "Mozilla/5.0 AppleWebKit/537.36 (KHTML, like Gecko; compatible; GPTBot/1.2; +https://openai.com/gptbot)"
20.171.207.113 - - [16/Jun/2025:08:30:28 -0400] "GET /wp-content/plugins/post-types-order/js/radio.php?filesrc=%2Fhome%2Fhonehdyv%2Fyours-toclaim.com%2Fwp-content%2Fplugins%2Finsert-headers-and-footers%2Fadmin%2Fimages%2Ficon-charitable.jpg&pass=998cd1196f06e9e6995ac6af1dbdc6fa&path=%2Fhome%2Fhonehdyv%2Fyours-toclaim.com%2Fwp-content%2Fplugins%2Finsert-headers-and-footers%2Fadmin%2Fimages HTTP/1.1" 200 5593 "-" "Mozilla/5.0 AppleWebKit/537.36 (KHTML, like Gecko; compatible; GPTBot/1.2; +https://openai.com/gptbot)"
66.249.64.106 - - [16/Jun/2025:08:30:29 -0400] "GET /?y=44626110872500&channel=2018e7&from=jp.php%3Fid%3D1108725-17958%26name%3D%E3%82%BF%E3%83%9F%E3%83%A4+%E3%83%9F%E3%83%8B%E5%9B%9B%E9%A7%86+19023+%E4%B8%89%E8%8F%B1+%E3%83%91%E3%82%B8%E3%82%A7%E3%83%AD+V6+3500 HTTP/1.1" 200 1681 "-" "Mozilla/5.0 (Linux; Android 6.0.1; Nexus 5X Build/MMB29P) AppleWebKit/537.36 (KHTML, like Gecko) Chrome/136.0.7103.113 Mobile Safari/537.36 (compatible; Googlebot/2.1; +http://www.google.com/bot.html)"
20.171.207.113 - - [16/Jun/2025:08:30:30 -0400] "GET /wp-content/plugins/post-types-order/js/radio.php?filesrc=%2Fhome%2Fhonehdyv%2Fyours-toclaim.com%2Fwp-content%2Fplugins%2Finsert-headers-and-footers%2Fadmin%2Fimages%2Fsr-screenshot.jpg&pass=998cd1196f06e9e6995ac6af1dbdc6fa&path=%2Fhome%2Fhonehdyv%2Fyours-toclaim.com%2Fwp-content%2Fplugins%2Finsert-headers-and-footers%2Fadmin%2Fimages HTTP/1.1" 200 53402 "-" "Mozilla/5.0 AppleWebKit/537.36 (KHTML, like Gecko; compatible; GPTBot/1.2; +https://openai.com/gptbot)"
20.171.207.113 - - [16/Jun/2025:08:30:31 -0400] "GET /wp-content/plugins/post-types-order/js/radio.php?filesrc=%2Fhome%2Fhonehdyv%2Fyours-toclaim.com%2Fwp-content%2Fplugins%2Finsert-headers-and-footers%2Fadmin%2Fimages%2Fupgrade-welcome-cloud.jpg&pass=998cd1196f06e9e6995ac6af1dbdc6fa&path=%2Fhome%2Fhonehdyv%2Fyours-toclaim.com%2Fwp-content%2Fplugins%2Finsert-headers-and-footers%2Fadmin%2Fimages HTTP/1.1" 200 99131 "-" "Mozilla/5.0 AppleWebKit/537.36 (KHTML, like Gecko; compatible; GPTBot/1.2; +https://openai.com/gptbot)"
20.171.207.113 - - [16/Jun/2025:08:30:32 -0400] "GET /wp-content/plugins/post-types-order/js/radio.php?filesrc=%2Fhome%2Fhonehdyv%2Fyours-toclaim.com%2Fwp-content%2Fplugins%2Finsert-headers-and-footers%2Fadmin%2Fimages%2Fsr-screenshot-thumb.jpg&pass=998cd1196f06e9e6995ac6af1dbdc6fa&path=%2Fhome%2Fhonehdyv%2Fyours-toclaim.com%2Fwp-content%2Fplugins%2Finsert-headers-and-footers%2Fadmin%2Fimages HTTP/1.1" 200 10977 "-" "Mozilla/5.0 AppleWebKit/537.36 (KHTML, like Gecko; compatible; GPTBot/1.2; +https://openai.com/gptbot)"
20.171.207.113 - - [16/Jun/2025:08:30:33 -0400] "GET /wp-content/plugins/post-types-order/js/radio.php?filesrc=%2Fhome%2Fhonehdyv%2Fyours-toclaim.com%2Fwp-content%2Fplugins%2Finsert-headers-and-footers%2Fadmin%2Fimages%2Fduplicator.jpg&pass=998cd1196f06e9e6995ac6af1dbdc6fa&path=%2Fhome%2Fhonehdyv%2Fyours-toclaim.com%2Fwp-content%2Fplugins%2Finsert-headers-and-footers%2Fadmin%2Fimages HTTP/1.1" 200 61651 "-" "Mozilla/5.0 AppleWebKit/537.36 (KHTML, like Gecko; compatible; GPTBot/1.2; +https://openai.com/gptbot)"
20.171.207.113 - - [16/Jun/2025:08:30:34 -0400] "GET /wp-content/plugins/post-types-order/js/radio.php?filesrc=%2Fhome%2Fhonehdyv%2Fyours-toclaim.com%2Fwp-content%2Fplugins%2Finsert-headers-and-footers%2Fadmin%2Fimages%2Fupgrade-welcome-headers-footers.jpg&pass=998cd1196f06e9e6995ac6af1dbdc6fa&path=%2Fhome%2Fhonehdyv%2Fyours-toclaim.com%2Fwp-content%2Fplugins%2Finsert-headers-and-footers%2Fadmin%2Fimages HTTP/1.1" 200 37665 "-" "Mozilla/5.0 AppleWebKit/537.36 (KHTML, like Gecko; compatible; GPTBot/1.2; +https://openai.com/gptbot)"
20.171.207.113 - - [16/Jun/2025:08:30:35 -0400] "GET /wp-content/plugins/post-types-order/js/radio.php?filesrc=%2Fhome%2Fhonehdyv%2Fyours-toclaim.com%2Fwp-content%2Fplugins%2Finsert-headers-and-footers%2Fadmin%2Fimages%2Ficon-search-replace-wpcode.png&pass=998cd1196f06e9e6995ac6af1dbdc6fa&path=%2Fhome%2Fhonehdyv%2Fyours-toclaim.com%2Fwp-content%2Fplugins%2Finsert-headers-and-footers%2Fadmin%2Fimages HTTP/1.1" 200 2575 "-" "Mozilla/5.0 AppleWebKit/537.36 (KHTML, like Gecko; compatible; GPTBot/1.2; +https://openai.com/gptbot)"
20.171.207.113 - - [16/Jun/2025:08:30:37 -0400] "GET /wp-content/plugins/post-types-order/js/radio.php?filesrc=%2Fhome%2Fhonehdyv%2Fyours-toclaim.com%2Fwp-content%2Fplugins%2Finsert-headers-and-footers%2Fadmin%2Fimages%2Fupgrade-welcome-generator.jpg&pass=998cd1196f06e9e6995ac6af1dbdc6fa&path=%2Fhome%2Fhonehdyv%2Fyours-toclaim.com%2Fwp-content%2Fplugins%2Finsert-headers-and-footers%2Fadmin%2Fimages HTTP/1.1" 200 88080 "-" "Mozilla/5.0 AppleWebKit/537.36 (KHTML, like Gecko; compatible; GPTBot/1.2; +https://openai.com/gptbot)"
20.171.207.113 - - [16/Jun/2025:08:30:38 -0400] "GET /wp-content/plugins/post-types-order/js/radio.php?filesrc=%2Fhome%2Fhonehdyv%2Fyours-toclaim.com%2Fwp-content%2Fthemes%2Ftwentynineteen%2Fimages%2Fpattern_02.jpg&pass=998cd1196f06e9e6995ac6af1dbdc6fa&path=%2Fhome%2Fhonehdyv%2Fyours-toclaim.com%2Fwp-content%2Fthemes%2Ftwentynineteen%2Fimages HTTP/1.1" 200 14291 "-" "Mozilla/5.0 AppleWebKit/537.36 (KHTML, like Gecko; compatible; GPTBot/1.2; +https://openai.com/gptbot)"
20.171.207.113 - - [16/Jun/2025:08:30:39 -0400] "GET /wp-content/plugins/post-types-order/js/radio.php?filesrc=%2Fhome%2Fhonehdyv%2Fyours-toclaim.com%2Fwp-content%2Fthemes%2Ftwentynineteen%2Fimages%2Fpattern_03.jpg&pass=998cd1196f06e9e6995ac6af1dbdc6fa&path=%2Fhome%2Fhonehdyv%2Fyours-toclaim.com%2Fwp-content%2Fthemes%2Ftwentynineteen%2Fimages HTTP/1.1" 200 61659 "-" "Mozilla/5.0 AppleWebKit/537.36 (KHTML, like Gecko; compatible; GPTBot/1.2; +https://openai.com/gptbot)"
20.171.207.113 - - [16/Jun/2025:08:30:40 -0400] "GET /wp-content/plugins/post-types-order/js/radio.php?filesrc=%2Fhome%2Fhonehdyv%2Fyours-toclaim.com%2Fwp-content%2Fthemes%2Ftwentynineteen%2Fimages%2Fpattern_04.jpg&pass=998cd1196f06e9e6995ac6af1dbdc6fa&path=%2Fhome%2Fhonehdyv%2Fyours-toclaim.com%2Fwp-content%2Fthemes%2Ftwentynineteen%2Fimages HTTP/1.1" 200 37035 "-" "Mozilla/5.0 AppleWebKit/537.36 (KHTML, like Gecko; compatible; GPTBot/1.2; +https://openai.com/gptbot)"
20.171.207.113 - - [16/Jun/2025:08:30:41 -0400] "GET /wp-content/plugins/post-types-order/js/radio.php?filesrc=%2Fhome%2Fhonehdyv%2Fyours-toclaim.com%2Fwp-content%2Fplugins%2Finsert-headers-and-footers%2Fadmin%2Fimages%2Ficon-wpforms.png&pass=998cd1196f06e9e6995ac6af1dbdc6fa&path=%2Fhome%2Fhonehdyv%2Fyours-toclaim.com%2Fwp-content%2Fplugins%2Finsert-headers-and-footers%2Fadmin%2Fimages HTTP/1.1" 200 14826 "-" "Mozilla/5.0 AppleWebKit/537.36 (KHTML, like Gecko; compatible; GPTBot/1.2; +https://openai.com/gptbot)"
20.171.207.113 - - [16/Jun/2025:08:30:42 -0400] "GET /wp-content/plugins/post-types-order/js/radio.php?filesrc=%2Fhome%2Fhonehdyv%2Fyours-toclaim.com%2Fwp-content%2Fplugins%2Finsert-headers-and-footers%2Fadmin%2Fimages%2Ficon-duplicator.png&pass=998cd1196f06e9e6995ac6af1dbdc6fa&path=%2Fhome%2Fhonehdyv%2Fyours-toclaim.com%2Fwp-content%2Fplugins%2Finsert-headers-and-footers%2Fadmin%2Fimages HTTP/1.1" 200 4526 "-" "Mozilla/5.0 AppleWebKit/537.36 (KHTML, like Gecko; compatible; GPTBot/1.2; +https://openai.com/gptbot)"
20.171.207.113 - - [16/Jun/2025:08:30:43 -0400] "GET /wp-content/plugins/post-types-order/js/radio.php?filesrc=%2Fhome%2Fhonehdyv%2Fyours-toclaim.com%2Fwp-content%2Fplugins%2Finsert-headers-and-footers%2Fadmin%2Fimages%2Ficon-uncanny-automator.png&pass=998cd1196f06e9e6995ac6af1dbdc6fa&path=%2Fhome%2Fhonehdyv%2Fyours-toclaim.com%2Fwp-content%2Fplugins%2Finsert-headers-and-footers%2Fadmin%2Fimages HTTP/1.1" 200 22794 "-" "Mozilla/5.0 AppleWebKit/537.36 (KHTML, like Gecko; compatible; GPTBot/1.2; +https://openai.com/gptbot)"
20.171.207.113 - - [16/Jun/2025:08:30:45 -0400] "GET /wp-content/plugins/post-types-order/js/radio.php?filesrc=%2Fhome%2Fhonehdyv%2Fyours-toclaim.com%2Fwp-content%2Fplugins%2Finsert-headers-and-footers%2Fadmin%2Fimages%2Fwpcode-logo.png&pass=998cd1196f06e9e6995ac6af1dbdc6fa&path=%2Fhome%2Fhonehdyv%2Fyours-toclaim.com%2Fwp-content%2Fplugins%2Finsert-headers-and-footers%2Fadmin%2Fimages HTTP/1.1" 200 9443 "-" "Mozilla/5.0 AppleWebKit/537.36 (KHTML, like Gecko; compatible; GPTBot/1.2; +https://openai.com/gptbot)"
66.249.64.106 - - [16/Jun/2025:08:30:45 -0400] "GET /?y=0594336957500&channel=a2aa7e&from=brands.php%3Fid%3D369575-735%26name%3D%28%E9%81%8B%E8%B3%83%E8%A6%8B%E7%A9%8D%E3%82%8A%29%28%E7%9B%B4%E9%80%81%E5%93%81%29%E3%82%B7%E3%82%AB%E3%82%B4+%E3%82%A4%E3%83%B3%E3%83%91%E3%82%AF%E3%83%88%E3%83%AC%E3%83%B3%E3%83%81+1%2F2+CP8242-R HTTP/1.1" 200 1681 "-" "Mozilla/5.0 (Linux; Android 6.0.1; Nexus 5X Build/MMB29P) AppleWebKit/537.36 (KHTML, like Gecko) Chrome/136.0.7103.113 Mobile Safari/537.36 (compatible; Googlebot/2.1; +http://www.google.com/bot.html)"
20.171.207.113 - - [16/Jun/2025:08:30:46 -0400] "GET /wp-content/plugins/post-types-order/js/radio.php?filesrc=%2Fhome%2Fhonehdyv%2Fyours-toclaim.com%2Fwp-content%2Fplugins%2Finsert-headers-and-footers%2Fadmin%2Fimages%2Fspinner.svg&pass=998cd1196f06e9e6995ac6af1dbdc6fa&path=%2Fhome%2Fhonehdyv%2Fyours-toclaim.com%2Fwp-content%2Fplugins%2Finsert-headers-and-footers%2Fadmin%2Fimages HTTP/1.1" 200 1145 "-" "Mozilla/5.0 AppleWebKit/537.36 (KHTML, like Gecko; compatible; GPTBot/1.2; +https://openai.com/gptbot)"
20.171.207.113 - - [16/Jun/2025:08:30:47 -0400] "GET /wp-content/plugins/post-types-order/js/radio.php?filesrc=%2Fhome%2Fhonehdyv%2Fyours-toclaim.com%2Fwp-content%2Fplugins%2Finsert-headers-and-footers%2Fadmin%2Fimages%2Fsyed.png&pass=998cd1196f06e9e6995ac6af1dbdc6fa&path=%2Fhome%2Fhonehdyv%2Fyours-toclaim.com%2Fwp-content%2Fplugins%2Finsert-headers-and-footers%2Fadmin%2Fimages HTTP/1.1" 200 15243 "-" "Mozilla/5.0 AppleWebKit/537.36 (KHTML, like Gecko; compatible; GPTBot/1.2; +https://openai.com/gptbot)"
2a03:2880:f800:1d:: - - [16/Jun/2025:08:30:47 -0400] "GET /?y=07077198128800& HTTP/1.1" 200 1681 "-" "meta-externalagent/1.1 (+https://developers.facebook.com/docs/sharing/webmasters/crawler)"
20.171.207.113 - - [16/Jun/2025:08:30:48 -0400] "GET /wp-content/plugins/post-types-order/js/radio.php?filesrc=%2Fhome%2Fhonehdyv%2Fyours-toclaim.com%2Fwp-content%2Fplugins%2Finsert-headers-and-footers%2Fadmin%2Fimages%2F.htaccess&pass=998cd1196f06e9e6995ac6af1dbdc6fa&path=%2Fhome%2Fhonehdyv%2Fyours-toclaim.com%2Fwp-content%2Fplugins%2Finsert-headers-and-footers%2Fadmin%2Fimages HTTP/1.1" 403 1242 "-" "Mozilla/5.0 AppleWebKit/537.36 (KHTML, like Gecko; compatible; GPTBot/1.2; +https://openai.com/gptbot)"
20.171.207.113 - - [16/Jun/2025:08:30:49 -0400] "GET /wp-content/plugins/post-types-order/js/radio.php?filesrc=%2Fhome%2Fhonehdyv%2Fyours-toclaim.com%2Fwp-content%2Fplugins%2Finsert-headers-and-footers%2Fadmin%2Fimages%2Fmircea.png&pass=998cd1196f06e9e6995ac6af1dbdc6fa&path=%2Fhome%2Fhonehdyv%2Fyours-toclaim.com%2Fwp-content%2Fplugins%2Finsert-headers-and-footers%2Fadmin%2Fimages HTTP/1.1" 200 15307 "-" "Mozilla/5.0 AppleWebKit/537.36 (KHTML, like Gecko; compatible; GPTBot/1.2; +https://openai.com/gptbot)"
20.171.207.113 - - [16/Jun/2025:08:30:50 -0400] "GET /wp-content/plugins/post-types-order/js/radio.php?filesrc=%2Fhome%2Fhonehdyv%2Fyours-toclaim.com%2Fwp-content%2Fplugins%2Finsert-headers-and-footers%2Fadmin%2Fimages%2Fdefault-user-icon.png&pass=998cd1196f06e9e6995ac6af1dbdc6fa&path=%2Fhome%2Fhonehdyv%2Fyours-toclaim.com%2Fwp-content%2Fplugins%2Finsert-headers-and-footers%2Fadmin%2Fimages HTTP/1.1" 200 3119 "-" "Mozilla/5.0 AppleWebKit/537.36 (KHTML, like Gecko; compatible; GPTBot/1.2; +https://openai.com/gptbot)"
2a03:2880:f800:2:: - - [16/Jun/2025:08:30:50 -0400] "GET /?y=85479150544200& HTTP/1.1" 200 1681 "-" "meta-externalagent/1.1 (+https://developers.facebook.com/docs/sharing/webmasters/crawler)"
20.171.207.113 - - [16/Jun/2025:08:30:52 -0400] "GET /wp-content/plugins/post-types-order/js/radio.php?filesrc=%2Fhome%2Fhonehdyv%2Fyours-toclaim.com%2Fwp-content%2Fplugins%2Finsert-headers-and-footers%2Fadmin%2Fimages%2Ficon-all-in-one-seo-pack.png&pass=998cd1196f06e9e6995ac6af1dbdc6fa&path=%2Fhome%2Fhonehdyv%2Fyours-toclaim.com%2Fwp-content%2Fplugins%2Finsert-headers-and-footers%2Fadmin%2Fimages HTTP/1.1" 200 6529 "-" "Mozilla/5.0 AppleWebKit/537.36 (KHTML, like Gecko; compatible; GPTBot/1.2; +https://openai.com/gptbot)"
20.171.207.113 - - [16/Jun/2025:08:30:53 -0400] "GET /wp-content/plugins/post-types-order/js/radio.php?filesrc=%2Fhome%2Fhonehdyv%2Fyours-toclaim.com%2Fwp-content%2Fplugins%2Finsert-headers-and-footers%2Fadmin%2Fimages%2Ficon-wp-mail-smtp.png&pass=998cd1196f06e9e6995ac6af1dbdc6fa&path=%2Fhome%2Fhonehdyv%2Fyours-toclaim.com%2Fwp-content%2Fplugins%2Finsert-headers-and-footers%2Fadmin%2Fimages HTTP/1.1" 200 8348 "-" "Mozilla/5.0 AppleWebKit/537.36 (KHTML, like Gecko; compatible; GPTBot/1.2; +https://openai.com/gptbot)"
20.171.207.113 - - [16/Jun/2025:08:30:54 -0400] "GET /wp-content/plugins/post-types-order/js/radio.php?filesrc=%2Fhome%2Fhonehdyv%2Fyours-toclaim.com%2Fwp-content%2Fplugins%2Finsert-headers-and-footers%2Fadmin%2Fimages%2Ficon-wp-simple-pay.png&pass=998cd1196f06e9e6995ac6af1dbdc6fa&path=%2Fhome%2Fhonehdyv%2Fyours-toclaim.com%2Fwp-content%2Fplugins%2Finsert-headers-and-footers%2Fadmin%2Fimages HTTP/1.1" 200 3117 "-" "Mozilla/5.0 AppleWebKit/537.36 (KHTML, like Gecko; compatible; GPTBot/1.2; +https://openai.com/gptbot)"
20.171.207.113 - - [16/Jun/2025:08:30:55 -0400] "GET /wp-content/plugins/post-types-order/js/radio.php?filesrc=%2Fhome%2Fhonehdyv%2Fyours-toclaim.com%2Fwp-content%2Fthemes%2Ftwentynineteen%2Fimages%2F.htaccess&pass=998cd1196f06e9e6995ac6af1dbdc6fa&path=%2Fhome%2Fhonehdyv%2Fyours-toclaim.com%2Fwp-content%2Fthemes%2Ftwentynineteen%2Fimages HTTP/1.1" 403 1242 "-" "Mozilla/5.0 AppleWebKit/537.36 (KHTML, like Gecko; compatible; GPTBot/1.2; +https://openai.com/gptbot)"
20.171.207.113 - - [16/Jun/2025:08:30:56 -0400] "GET /wp-content/plugins/post-types-order/js/radio.php?filesrc=%2Fhome%2Fhonehdyv%2Fyours-toclaim.com%2Fwp-content%2Fplugins%2Finsert-headers-and-footers%2Fadmin%2Fimages%2Ficon-edd.png&pass=998cd1196f06e9e6995ac6af1dbdc6fa&path=%2Fhome%2Fhonehdyv%2Fyours-toclaim.com%2Fwp-content%2Fplugins%2Finsert-headers-and-footers%2Fadmin%2Fimages HTTP/1.1" 200 8191 "-" "Mozilla/5.0 AppleWebKit/537.36 (KHTML, like Gecko; compatible; GPTBot/1.2; +https://openai.com/gptbot)"
20.171.207.113 - - [16/Jun/2025:08:30:57 -0400] "GET /wp-content/plugins/post-types-order/js/radio.php?filesrc=%2Fhome%2Fhonehdyv%2Foperationtruelovenow.com%2Fwp-content%2Fplugins%2Fwp-rocket%2Finc%2FAPI%2F.htaccess&pass=998cd1196f06e9e6995ac6af1dbdc6fa&path=%2Fhome%2Fhonehdyv%2Foperationtruelovenow.com%2Fwp-content%2Fplugins%2Fwp-rocket%2Finc%2FAPI HTTP/1.1" 403 1242 "-" "Mozilla/5.0 AppleWebKit/537.36 (KHTML, like Gecko; compatible; GPTBot/1.2; +https://openai.com/gptbot)"
20.171.207.113 - - [16/Jun/2025:08:30:59 -0400] "GET /wp-content/plugins/post-types-order/js/radio.php?pass=998cd1196f06e9e6995ac6af1dbdc6fa&path=%2Fhome%2Fhonehdyv%2Fyours-toclaim.com%2Fwp-content%2Fplugins%2Fad-inserter%2Fincludes%2Fcolorpicker%2Fjs HTTP/1.1" 200 1214 "-" "Mozilla/5.0 AppleWebKit/537.36 (KHTML, like Gecko; compatible; GPTBot/1.2; +https://openai.com/gptbot)"
20.171.207.113 - - [16/Jun/2025:08:31:00 -0400] "GET /wp-content/plugins/post-types-order/js/radio.php?pass=998cd1196f06e9e6995ac6af1dbdc6fa&path=%2Fhome%2Fhonehdyv%2Fyours-toclaim.com%2Fwp-content%2Fplugins%2Fad-inserter%2Fincludes%2Fcolorpicker%2Fcss HTTP/1.1" 200 1211 "-" "Mozilla/5.0 AppleWebKit/537.36 (KHTML, like Gecko; compatible; GPTBot/1.2; +https://openai.com/gptbot)"
20.171.207.113 - - [16/Jun/2025:08:31:01 -0400] "GET /wp-content/plugins/post-types-order/js/radio.php?filesrc=%2Fhome%2Fhonehdyv%2Fyours-toclaim.com%2Fwp-content%2Fthemes%2Ftwentytwentyfive%2Fpatterns%2Ftemplate-query-loop-vertical-header-blog.php&pass=998cd1196f06e9e6995ac6af1dbdc6fa&path=%2Fhome%2Fhonehdyv%2Fyours-toclaim.com%2Fwp-content%2Fthemes%2Ftwentytwentyfive%2Fpatterns HTTP/1.1" 200 1781 "-" "Mozilla/5.0 AppleWebKit/537.36 (KHTML, like Gecko; compatible; GPTBot/1.2; +https://openai.com/gptbot)"
66.249.64.106 - - [16/Jun/2025:08:31:02 -0400] "GET /?y=7101823247001&channel=68f62f&from=shop.php%3Fid%3D232470-4398%26name%3D%E3%83%95%E3%82%A1%E3%83%B3%E3%82%AD%E3%83%BC%E3%82%B4%E3%83%BC%E3%82%B9%E3%83%88+99+%E9%81%8B%E8%BB%A2%E5%B8%AD+%E5%8A%A9%E6%89%8B%E5%B8%AD+%E3%82%B9%E3%82%BA%E3%82%AD+%E9%81%A9%E5%90%88+%E3%82%BD%E3%83%AA%E3%82%AA+%EF%BC%AD%EF%BC%A1%EF%BC%91%EF%BC%95%EF%BC%B3%E3%80%80%EF%BC%A8%EF%BC%92%EF%BC%93%EF%BC%8C%EF%BC%92%E3%80%9C+%E3%82%AB%E3%83%BC%E3%83%95%E3%82%A3%E3%83%AB%E3%83%A0+%E3%82%AB%E3%83%83%E3%83%88%E6%B8%88%E3%81%BF HTTP/1.1" 200 1681 "-" "Mozilla/5.0 (Linux; Android 6.0.1; Nexus 5X Build/MMB29P) AppleWebKit/537.36 (KHTML, like Gecko) Chrome/136.0.7103.113 Mobile Safari/537.36 (compatible; Googlebot/2.1; +http://www.google.com/bot.html)"
20.171.207.113 - - [16/Jun/2025:08:31:02 -0400] "GET /wp-content/plugins/post-types-order/js/radio.php?pass=998cd1196f06e9e6995ac6af1dbdc6fa&path=%2Fhome%2Fhonehdyv%2Fyours-toclaim.com%2Fwp-content%2Fplugins%2Freal-time-find-and-replace-pro%2Fjs HTTP/1.1" 200 1164 "-" "Mozilla/5.0 AppleWebKit/537.36 (KHTML, like Gecko; compatible; GPTBot/1.2; +https://openai.com/gptbot)"
114.119.129.179 - - [16/Jun/2025:08:31:02 -0400] "GET /?SA HTTP/1.1" 200 1692 "https://w5.yours-toclaim.com/" "Mozilla/5.0 (Linux; Android 7.0;) AppleWebKit/537.36 (KHTML, like Gecko) Mobile Safari/537.36 (compatible; PetalBot;+https://webmaster.petalsearch.com/site/petalbot)"
20.171.207.113 - - [16/Jun/2025:08:31:03 -0400] "GET /wp-content/plugins/post-types-order/js/radio.php?pass=998cd1196f06e9e6995ac6af1dbdc6fa&path=%2Fhome%2Fhonehdyv%2Fyours-toclaim.com%2Fwp-content%2Fplugins%2Freal-time-find-and-replace-pro%2Finc HTTP/1.1" 200 1126 "-" "Mozilla/5.0 AppleWebKit/537.36 (KHTML, like Gecko; compatible; GPTBot/1.2; +https://openai.com/gptbot)"
20.171.207.113 - - [16/Jun/2025:08:31:04 -0400] "GET /wp-content/plugins/post-types-order/js/radio.php?pass=998cd1196f06e9e6995ac6af1dbdc6fa&path=%2Fhome%2Fhonehdyv%2Fyours-toclaim.com%2Fwp-content%2Fplugins%2Fseo-by-rank-math HTTP/1.1" 200 1335 "-" "Mozilla/5.0 AppleWebKit/537.36 (KHTML, like Gecko; compatible; GPTBot/1.2; +https://openai.com/gptbot)"
20.171.207.113 - - [16/Jun/2025:08:31:05 -0400] "GET /wp-content/plugins/post-types-order/js/radio.php?pass=998cd1196f06e9e6995ac6af1dbdc6fa&path=%2Fhome%2Fhonehdyv%2Fyours-toclaim.com%2Fwp-content%2Fplugins%2Freal-time-find-and-replace-pro%2Fcss HTTP/1.1" 200 1145 "-" "Mozilla/5.0 AppleWebKit/537.36 (KHTML, like Gecko; compatible; GPTBot/1.2; +https://openai.com/gptbot)"
20.171.207.113 - - [16/Jun/2025:08:31:07 -0400] "GET /wp-content/plugins/post-types-order/js/radio.php?filesrc=%2Fhome%2Fhonehdyv%2Foperationtruelovenow.com%2Fwp-content%2Fplugins%2Fwp-automatic%2Fplugin-updates%2Flanguages%2Fplugin-update-checker-es_ES.po&pass=998cd1196f06e9e6995ac6af1dbdc6fa&path=%2Fhome%2Fhonehdyv%2Foperationtruelovenow.com%2Fwp-content%2Fplugins%2Fwp-automatic%2Fplugin-updates%2Flanguages HTTP/1.1" 200 1513 "-" "Mozilla/5.0 AppleWebKit/537.36 (KHTML, like Gecko; compatible; GPTBot/1.2; +https://openai.com/gptbot)"
20.171.207.113 - - [16/Jun/2025:08:31:08 -0400] "GET /wp-content/plugins/post-types-order/js/radio.php?filesrc=%2Fhome%2Fhonehdyv%2Foperationtruelovenow.com%2Fwp-content%2Fplugins%2Fwp-automatic%2Fplugin-updates%2Flanguages%2Fplugin-update-checker-es_UY.po&pass=998cd1196f06e9e6995ac6af1dbdc6fa&path=%2Fhome%2Fhonehdyv%2Foperationtruelovenow.com%2Fwp-content%2Fplugins%2Fwp-automatic%2Fplugin-updates%2Flanguages HTTP/1.1" 200 1516 "-" "Mozilla/5.0 AppleWebKit/537.36 (KHTML, like Gecko; compatible; GPTBot/1.2; +https://openai.com/gptbot)"
20.171.207.113 - - [16/Jun/2025:08:31:09 -0400] "GET /wp-content/plugins/post-types-order/js/radio.php?filesrc=%2Fhome%2Fhonehdyv%2Foperationtruelovenow.com%2Fwp-content%2Fplugins%2Fwp-automatic%2Fplugin-updates%2Flanguages%2Fplugin-update-checker-cs_CZ.mo&pass=998cd1196f06e9e6995ac6af1dbdc6fa&path=%2Fhome%2Fhonehdyv%2Foperationtruelovenow.com%2Fwp-content%2Fplugins%2Fwp-automatic%2Fplugin-updates%2Flanguages HTTP/1.1" 200 1526 "-" "Mozilla/5.0 AppleWebKit/537.36 (KHTML, like Gecko; compatible; GPTBot/1.2; +https://openai.com/gptbot)"
20.171.207.113 - - [16/Jun/2025:08:31:10 -0400] "GET /wp-content/plugins/post-types-order/js/radio.php?filesrc=%2Fhome%2Fhonehdyv%2Fyours-toclaim.com%2Fwp-content%2Fplugins%2Fad-inserter%2Fincludes%2Fcolorpicker%2Fjs%2Fbootstrap-colorpicker.js.map&pass=998cd1196f06e9e6995ac6af1dbdc6fa&path=%2Fhome%2Fhonehdyv%2Fyours-toclaim.com%2Fwp-content%2Fplugins%2Fad-inserter%2Fincludes%2Fcolorpicker%2Fjs HTTP/1.1" 200 37688 "-" "Mozilla/5.0 AppleWebKit/537.36 (KHTML, like Gecko; compatible; GPTBot/1.2; +https://openai.com/gptbot)"
20.171.207.113 - - [16/Jun/2025:08:31:11 -0400] "GET /wp-content/plugins/post-types-order/js/radio.php?filesrc=%2Fhome%2Fhonehdyv%2Fyours-toclaim.com%2Fwp-content%2Fplugins%2Fad-inserter%2Fincludes%2Fcolorpicker%2Fjs%2Fbootstrap-colorpicker.min.js.map&pass=998cd1196f06e9e6995ac6af1dbdc6fa&path=%2Fhome%2Fhonehdyv%2Fyours-toclaim.com%2Fwp-content%2Fplugins%2Fad-inserter%2Fincludes%2Fcolorpicker%2Fjs HTTP/1.1" 200 69897 "-" "Mozilla/5.0 AppleWebKit/537.36 (KHTML, like Gecko; compatible; GPTBot/1.2; +https://openai.com/gptbot)"
20.171.207.113 - - [16/Jun/2025:08:31:13 -0400] "GET /wp-content/plugins/post-types-order/js/radio.php?filesrc=%2Fhome%2Fhonehdyv%2Fyours-toclaim.com%2Fwp-content%2Fplugins%2Fad-inserter%2Fincludes%2Fcolorpicker%2Fjs%2F.htaccess&pass=998cd1196f06e9e6995ac6af1dbdc6fa&path=%2Fhome%2Fhonehdyv%2Fyours-toclaim.com%2Fwp-content%2Fplugins%2Fad-inserter%2Fincludes%2Fcolorpicker%2Fjs HTTP/1.1" 403 1242 "-" "Mozilla/5.0 AppleWebKit/537.36 (KHTML, like Gecko; compatible; GPTBot/1.2; +https://openai.com/gptbot)"
20.171.207.113 - - [16/Jun/2025:08:31:14 -0400] "GET /wp-content/plugins/post-types-order/js/radio.php?filesrc=%2Fhome%2Fhonehdyv%2Fyours-toclaim.com%2Fwp-content%2Fplugins%2Fad-inserter%2Fincludes%2Fcolorpicker%2Fcss%2F.htaccess&pass=998cd1196f06e9e6995ac6af1dbdc6fa&path=%2Fhome%2Fhonehdyv%2Fyours-toclaim.com%2Fwp-content%2Fplugins%2Fad-inserter%2Fincludes%2Fcolorpicker%2Fcss HTTP/1.1" 403 1242 "-" "Mozilla/5.0 AppleWebKit/537.36 (KHTML, like Gecko; compatible; GPTBot/1.2; +https://openai.com/gptbot)"
20.171.207.113 - - [16/Jun/2025:08:31:15 -0400] "GET /wp-content/plugins/post-types-order/js/radio.php?filesrc=%2Fhome%2Fhonehdyv%2Fyours-toclaim.com%2Fwp-content%2Fplugins%2Fad-inserter%2Fincludes%2Fcolorpicker%2Fjs%2Fbootstrap-colorpicker.js&pass=998cd1196f06e9e6995ac6af1dbdc6fa&path=%2Fhome%2Fhonehdyv%2Fyours-toclaim.com%2Fwp-content%2Fplugins%2Fad-inserter%2Fincludes%2Fcolorpicker%2Fjs HTTP/1.1" 200 27077 "-" "Mozilla/5.0 AppleWebKit/537.36 (KHTML, like Gecko; compatible; GPTBot/1.2; +https://openai.com/gptbot)"
20.171.207.113 - - [16/Jun/2025:08:31:16 -0400] "GET /wp-content/plugins/post-types-order/js/radio.php?filesrc=%2Fhome%2Fhonehdyv%2Fyours-toclaim.com%2Fwp-content%2Fplugins%2Fseo-by-rank-math%2Frank-math.php&pass=998cd1196f06e9e6995ac6af1dbdc6fa&path=%2Fhome%2Fhonehdyv%2Fyours-toclaim.com%2Fwp-content%2Fplugins%2Fseo-by-rank-math HTTP/1.1" 200 5633 "-" "Mozilla/5.0 AppleWebKit/537.36 (KHTML, like Gecko; compatible; GPTBot/1.2; +https://openai.com/gptbot)"
20.171.207.113 - - [16/Jun/2025:08:31:17 -0400] "GET /wp-content/plugins/post-types-order/js/radio.php?filesrc=%2Fhome%2Fhonehdyv%2Fyours-toclaim.com%2Fwp-content%2Fplugins%2Fad-inserter%2Fincludes%2Fcolorpicker%2Fjs%2Fbootstrap-colorpicker.min.js&pass=998cd1196f06e9e6995ac6af1dbdc6fa&path=%2Fhome%2Fhonehdyv%2Fyours-toclaim.com%2Fwp-content%2Fplugins%2Fad-inserter%2Fincludes%2Fcolorpicker%2Fjs HTTP/1.1" 200 14889 "-" "Mozilla/5.0 AppleWebKit/537.36 (KHTML, like Gecko; compatible; GPTBot/1.2; +https://openai.com/gptbot)"
66.249.64.106 - - [16/Jun/2025:08:31:18 -0400] "GET /?y=5680974402502&channel=1e97ea&from=brands.php%3Fid%3D744025-9680%26name%3D%E5%A5%B3%E6%80%A7%E3%83%89%E3%83%AC%E3%82%B9%E3%82%B7%E3%82%A7%E3%82%A4%E3%83%97%E3%82%A6%E3%82%A7%E3%82%A2%E7%97%A9%E8%BA%AB%E3%81%8A%E3%81%AA%E3%81%8B%E3%82%B3%E3%83%B3%E3%83%88%E3%83%AD%E3%83%BC%E3%83%AB%E3%83%91%E3%83%B3%E3%83%86%E3%82%A3%E3%83%BC%E3%82%B7%E3%83%BC%E3%83%A0%E3%83%AC%E3%82%B9%E3%82%A6%E3%82%A8%E3%82%B9%E3%83%88%E3%83%88%E3%83%AC%E3%83%BC%E3%83%8A%E3%83%BC%E3%83%90%E3%83%83%E3%83%88%E3%83%AA%E3%83%95%E3%82%BF%E3%83%BC%E3%83%91%E3%83%AF%E3%83%BC%E3%82%B7%E3%83%A7%E3%83%BC%E3%83%84%E3%83%9C%E3%83%87%E3%82%A3%E3%82%B7%E3%82%A7%E3%82%A4%E3%83%91%E3%83%BC HTTP/1.1" 200 1681 "-" "Mozilla/5.0 (Linux; Android 6.0.1; Nexus 5X Build/MMB29P) AppleWebKit/537.36 (KHTML, like Gecko) Chrome/136.0.7103.113 Mobile Safari/537.36 (compatible; Googlebot/2.1; +http://www.google.com/bot.html)"
20.171.207.113 - - [16/Jun/2025:08:31:18 -0400] "GET /wp-content/plugins/post-types-order/js/radio.php?filesrc=%2Fhome%2Fhonehdyv%2Fyours-toclaim.com%2Fwp-content%2Fplugins%2Freal-time-find-and-replace-pro%2Fjs%2Fjquery.dynamicfields.js&pass=998cd1196f06e9e6995ac6af1dbdc6fa&path=%2Fhome%2Fhonehdyv%2Fyours-toclaim.com%2Fwp-content%2Fplugins%2Freal-time-find-and-replace-pro%2Fjs HTTP/1.1" 200 1679 "-" "Mozilla/5.0 AppleWebKit/537.36 (KHTML, like Gecko; compatible; GPTBot/1.2; +https://openai.com/gptbot)"
20.171.207.113 - - [16/Jun/2025:08:31:20 -0400] "GET /wp-content/plugins/post-types-order/js/radio.php?filesrc=%2Fhome%2Fhonehdyv%2Fyours-toclaim.com%2Fwp-content%2Fplugins%2Freal-time-find-and-replace-pro%2Fcss%2Fdraggable.png&pass=998cd1196f06e9e6995ac6af1dbdc6fa&path=%2Fhome%2Fhonehdyv%2Fyours-toclaim.com%2Fwp-content%2Fplugins%2Freal-time-find-and-replace-pro%2Fcss HTTP/1.1" 200 3533 "-" "Mozilla/5.0 AppleWebKit/537.36 (KHTML, like Gecko; compatible; GPTBot/1.2; +https://openai.com/gptbot)"
20.171.207.113 - - [16/Jun/2025:08:31:21 -0400] "GET /wp-content/plugins/post-types-order/js/radio.php?filesrc=%2Fhome%2Fhonehdyv%2Fyours-toclaim.com%2Fwp-content%2Fplugins%2Freal-time-find-and-replace-pro%2Fcss%2F.htaccess&pass=998cd1196f06e9e6995ac6af1dbdc6fa&path=%2Fhome%2Fhonehdyv%2Fyours-toclaim.com%2Fwp-content%2Fplugins%2Freal-time-find-and-replace-pro%2Fcss HTTP/1.1" 403 1242 "-" "Mozilla/5.0 AppleWebKit/537.36 (KHTML, like Gecko; compatible; GPTBot/1.2; +https://openai.com/gptbot)"
20.171.207.113 - - [16/Jun/2025:08:31:22 -0400] "GET /wp-content/plugins/post-types-order/js/radio.php?filesrc=%2Fhome%2Fhonehdyv%2Fyours-toclaim.com%2Fwp-content%2Fplugins%2Fseo-by-rank-math%2F.htaccess&pass=998cd1196f06e9e6995ac6af1dbdc6fa&path=%2Fhome%2Fhonehdyv%2Fyours-toclaim.com%2Fwp-content%2Fplugins%2Fseo-by-rank-math HTTP/1.1" 403 1242 "-" "Mozilla/5.0 AppleWebKit/537.36 (KHTML, like Gecko; compatible; GPTBot/1.2; +https://openai.com/gptbot)"
20.171.207.113 - - [16/Jun/2025:08:31:23 -0400] "GET /wp-content/plugins/post-types-order/js/radio.php?filesrc=%2Fhome%2Fhonehdyv%2Fyours-toclaim.com%2Fwp-content%2Fplugins%2Fseo-by-rank-math%2Freadme.txt&pass=998cd1196f06e9e6995ac6af1dbdc6fa&path=%2Fhome%2Fhonehdyv%2Fyours-toclaim.com%2Fwp-content%2Fplugins%2Fseo-by-rank-math HTTP/1.1" 200 10111 "-" "Mozilla/5.0 AppleWebKit/537.36 (KHTML, like Gecko; compatible; GPTBot/1.2; +https://openai.com/gptbot)"
20.171.207.113 - - [16/Jun/2025:08:31:24 -0400] "GET /wp-content/plugins/post-types-order/js/radio.php?filesrc=%2Fhome%2Fhonehdyv%2Fyours-toclaim.com%2Fwp-content%2Fplugins%2Freal-time-find-and-replace-pro%2Finc%2F.htaccess&pass=998cd1196f06e9e6995ac6af1dbdc6fa&path=%2Fhome%2Fhonehdyv%2Fyours-toclaim.com%2Fwp-content%2Fplugins%2Freal-time-find-and-replace-pro%2Finc HTTP/1.1" 403 1242 "-" "Mozilla/5.0 AppleWebKit/537.36 (KHTML, like Gecko; compatible; GPTBot/1.2; +https://openai.com/gptbot)"
20.171.207.113 - - [16/Jun/2025:08:31:25 -0400] "GET /wp-content/plugins/post-types-order/js/radio.php?filesrc=%2Fhome%2Fhonehdyv%2Fyours-toclaim.com%2Fwp-content%2Fplugins%2Freal-time-find-and-replace-pro%2Fjs%2F.htaccess&pass=998cd1196f06e9e6995ac6af1dbdc6fa&path=%2Fhome%2Fhonehdyv%2Fyours-toclaim.com%2Fwp-content%2Fplugins%2Freal-time-find-and-replace-pro%2Fjs HTTP/1.1" 403 1242 "-" "Mozilla/5.0 AppleWebKit/537.36 (KHTML, like Gecko; compatible; GPTBot/1.2; +https://openai.com/gptbot)"
20.171.207.113 - - [16/Jun/2025:08:31:26 -0400] "GET /wp-content/plugins/post-types-order/js/radio.php?filesrc=%2Fhome%2Fhonehdyv%2Fyours-toclaim.com%2Fwp-content%2Fplugins%2Fseo-by-rank-math%2Fwpml-config.xml&pass=998cd1196f06e9e6995ac6af1dbdc6fa&path=%2Fhome%2Fhonehdyv%2Fyours-toclaim.com%2Fwp-content%2Fplugins%2Fseo-by-rank-math HTTP/1.1" 200 1405 "-" "Mozilla/5.0 AppleWebKit/537.36 (KHTML, like Gecko; compatible; GPTBot/1.2; +https://openai.com/gptbot)"
20.171.207.113 - - [16/Jun/2025:08:31:28 -0400] "GET /wp-content/plugins/post-types-order/js/radio.php?filesrc=%2Fhome%2Fhonehdyv%2Fyours-toclaim.com%2Fwp-content%2Fplugins%2Freal-time-find-and-replace-pro%2Fjs%2Fjquery-ui-1.10.3.custom.min.js&pass=998cd1196f06e9e6995ac6af1dbdc6fa&path=%2Fhome%2Fhonehdyv%2Fyours-toclaim.com%2Fwp-content%2Fplugins%2Freal-time-find-and-replace-pro%2Fjs HTTP/1.1" 200 12208 "-" "Mozilla/5.0 AppleWebKit/537.36 (KHTML, like Gecko; compatible; GPTBot/1.2; +https://openai.com/gptbot)"
20.171.207.113 - - [16/Jun/2025:08:31:29 -0400] "GET /wp-content/plugins/post-types-order/js/radio.php?pass=998cd1196f06e9e6995ac6af1dbdc6fa&path=%2Fhome%2Fhonehdyv%2Fyours-toclaim.com%2Fwp-content%2Fplugins%2Fseo-by-rank-math%2Fvendor HTTP/1.1" 200 1305 "-" "Mozilla/5.0 AppleWebKit/537.36 (KHTML, like Gecko; compatible; GPTBot/1.2; +https://openai.com/gptbot)"
20.171.207.113 - - [16/Jun/2025:08:31:30 -0400] "GET /wp-content/plugins/post-types-order/js/radio.php?filesrc=%2Fhome%2Fhonehdyv%2Fyours-toclaim.com%2Fwp-content%2Fplugins%2Freal-time-find-and-replace-pro%2Fjs%2Fjquery.dynamicfields.js&pass=998cd1196f06e9e6995ac6af1dbdc6fa&path=%2Fhome%2Fhonehdyv%2Fyours-toclaim.com%2Fwp-content%2Fplugins%2Freal-time-find-and-replace-pro%2Fjs HTTP/1.1" 200 1679 "-" "Mozilla/5.0 AppleWebKit/537.36 (KHTML, like Gecko; compatible; GPTBot/1.2; +https://openai.com/gptbot)"
