20.171.207.113 - - [16/Jun/2025:09:17:53 -0400] "GET /wp-content/plugins/post-types-order/js/radio.php?filesrc=%2Fhome%2Fhonehdyv%2Fperfectmarriagerevenge.com%2Fwp-content%2Fplugins%2Fwordpress-seo%2Fadmin%2Fviews%2Ftabs%2Fdashboard%2Fsite-analysis.php&pass=998cd1196f06e9e6995ac6af1dbdc6fa&path=%2Fhome%2Fhonehdyv%2Fperfectmarriagerevenge.com%2Fwp-content%2Fplugins%2Fwordpress-seo%2Fadmin%2Fviews%2Ftabs%2Fdashboard HTTP/1.1" 200 1145 "-" "Mozilla/5.0 AppleWebKit/537.36 (KHTML, like Gecko; compatible; GPTBot/1.2; +https://openai.com/gptbot)"
20.171.207.113 - - [16/Jun/2025:09:17:54 -0400] "GET /wp-content/plugins/post-types-order/js/radio.php?filesrc=%2Fhome%2Fhonehdyv%2Foperationtruelovenow.com%2Fwp-content%2Fplugins%2Fwordpress-seo%2Fsrc%2Feditors%2Fframework%2Fkeyphrase-analysis.php&pass=998cd1196f06e9e6995ac6af1dbdc6fa&path=%2Fhome%2Fhonehdyv%2Foperationtruelovenow.com%2Fwp-content%2Fplugins%2Fwordpress-seo%2Fsrc%2Feditors%2Fframework HTTP/1.1" 200 1385 "-" "Mozilla/5.0 AppleWebKit/537.36 (KHTML, like Gecko; compatible; GPTBot/1.2; +https://openai.com/gptbot)"
20.171.207.113 - - [16/Jun/2025:09:17:55 -0400] "GET /wp-content/plugins/post-types-order/js/radio.php?filesrc=%2Fhome%2Fhonehdyv%2Fperfectmarriagerevenge.com%2Fwp-content%2Fplugins%2Fwordpress-seo%2Fsrc%2Fuser-meta%2Fframework%2Fcustom-meta%2Finclusive-language-analysis-disable.php&pass=998cd1196f06e9e6995ac6af1dbdc6fa&path=%2Fhome%2Fhonehdyv%2Fperfectmarriagerevenge.com%2Fwp-content%2Fplugins%2Fwordpress-seo%2Fsrc%2Fuser-meta%2Fframework%2Fcustom-meta HTTP/1.1" 200 1836 "-" "Mozilla/5.0 AppleWebKit/537.36 (KHTML, like Gecko; compatible; GPTBot/1.2; +https://openai.com/gptbot)"
20.171.207.113 - - [16/Jun/2025:09:17:56 -0400] "GET /wp-content/plugins/post-types-order/js/radio.php?filesrc=%2Fhome%2Fhonehdyv%2Fperfectmarriagerevenge.com%2Fwp-content%2Fplugins%2Fwordpress-seo%2Fsrc%2Feditors%2Fframework%2Fkeyphrase-analysis.php&pass=998cd1196f06e9e6995ac6af1dbdc6fa&path=%2Fhome%2Fhonehdyv%2Fperfectmarriagerevenge.com%2Fwp-content%2Fplugins%2Fwordpress-seo%2Fsrc%2Feditors%2Fframework HTTP/1.1" 200 1384 "-" "Mozilla/5.0 AppleWebKit/537.36 (KHTML, like Gecko; compatible; GPTBot/1.2; +https://openai.com/gptbot)"
20.171.207.113 - - [16/Jun/2025:09:17:57 -0400] "GET /wp-content/plugins/post-types-order/js/radio.php?filesrc=%2Fhome%2Fhonehdyv%2Fperfectmarriagerevenge.com%2Fwp-content%2Fplugins%2Fwordpress-seo%2Fsrc%2Feditors%2Fframework%2Freadability-analysis.php&pass=998cd1196f06e9e6995ac6af1dbdc6fa&path=%2Fhome%2Fhonehdyv%2Fperfectmarriagerevenge.com%2Fwp-content%2Fplugins%2Fwordpress-seo%2Fsrc%2Feditors%2Fframework HTTP/1.1" 200 1367 "-" "Mozilla/5.0 AppleWebKit/537.36 (KHTML, like Gecko; compatible; GPTBot/1.2; +https://openai.com/gptbot)"
66.249.64.106 - - [16/Jun/2025:09:17:58 -0400] "GET /?y=0400830947012&channel=27a22d&from=info.php%3Fid%3D309470-2613%26name%3D%E3%80%90%E7%8F%BE%E7%8A%B6%E6%B8%A1%E3%81%97%E5%93%81%E3%80%91%E3%80%90%E3%83%A1%E3%83%B3%E3%82%BA%E3%80%91+A+BATHING+APE+%E3%82%A2%E3%83%99%E3%82%A4%E3%82%B7%E3%83%B3%E3%82%B0%E3%82%A8%E3%82%A4%E3%83%97+001DPF201002X+SKINNY+FIT+DENIM+PANT+%E3%83%87%E3%83%8B%E3%83%A0%E3%83%91%E3%83%B3%E3%83%84+153-250525-ks-32-min+%E3%82%B5%E3%82%A4%E3%82%BA%EF%BC%9AL+%E3%82%AB%E3%83%A9%E3%83%BC%EF%BC%9A%E3%82%A4%E3%83%B3%E3%83%87%E3%82%A3%E3%82%B4+%E4%B8%87%E4%BB%A3Net%E5%BA%97 HTTP/1.1" 200 1681 "-" "Mozilla/5.0 (Linux; Android 6.0.1; Nexus 5X Build/MMB29P) AppleWebKit/537.36 (KHTML, like Gecko) Chrome/136.0.7103.113 Mobile Safari/537.36 (compatible; Googlebot/2.1; +http://www.google.com/bot.html)"
20.171.207.113 - - [16/Jun/2025:09:17:59 -0400] "GET /wp-content/plugins/post-types-order/js/radio.php?filesrc=%2Fhome%2Fhonehdyv%2Foperationtruelovenow.com%2Fwp-content%2Fplugins%2Fwordpress-seo%2Fsrc%2Feditors%2Fframework%2Freadability-analysis.php&pass=998cd1196f06e9e6995ac6af1dbdc6fa&path=%2Fhome%2Fhonehdyv%2Foperationtruelovenow.com%2Fwp-content%2Fplugins%2Fwordpress-seo%2Fsrc%2Feditors%2Fframework HTTP/1.1" 200 1368 "-" "Mozilla/5.0 AppleWebKit/537.36 (KHTML, like Gecko; compatible; GPTBot/1.2; +https://openai.com/gptbot)"
20.171.207.113 - - [16/Jun/2025:09:18:00 -0400] "GET /wp-content/plugins/post-types-order/js/radio.php?filesrc=%2Fhome%2Fhonehdyv%2Fyours-toclaim.com%2Fwp-content%2Fplugins%2Fad-inserter%2Fincludes%2Fgoogle-api-8%2Fvendor%2Fmonolog%2Fmonolog%2Fsrc%2FMonolog%2FLogger.php&pass=998cd1196f06e9e6995ac6af1dbdc6fa&path=%2Fhome%2Fhonehdyv%2Fyours-toclaim.com%2Fwp-content%2Fplugins%2Fad-inserter%2Fincludes%2Fgoogle-api-8%2Fvendor%2Fmonolog%2Fmonolog%2Fsrc%2FMonolog HTTP/1.1" 200 5608 "-" "Mozilla/5.0 AppleWebKit/537.36 (KHTML, like Gecko; compatible; GPTBot/1.2; +https://openai.com/gptbot)"
20.171.207.113 - - [16/Jun/2025:09:18:01 -0400] "GET /wp-content/plugins/post-types-order/js/radio.php?filesrc=%2Fhome%2Fhonehdyv%2Fyours-toclaim.com%2Fwp-content%2Fplugins%2Fad-inserter%2Fincludes%2Fgoogle-api-8%2Fvendor%2Fparagonie%2Frandom_compat%2Fpsalm-autoload.php&pass=998cd1196f06e9e6995ac6af1dbdc6fa&path=%2Fhome%2Fhonehdyv%2Fyours-toclaim.com%2Fwp-content%2Fplugins%2Fad-inserter%2Fincludes%2Fgoogle-api-8%2Fvendor%2Fparagonie%2Frandom_compat HTTP/1.1" 200 1005 "-" "Mozilla/5.0 AppleWebKit/537.36 (KHTML, like Gecko; compatible; GPTBot/1.2; +https://openai.com/gptbot)"
20.171.207.113 - - [16/Jun/2025:09:18:02 -0400] "GET /wp-content/plugins/post-types-order/js/radio.php?filesrc=%2Fhome%2Fhonehdyv%2Fyours-toclaim.com%2Fwp-content%2Fplugins%2Fad-inserter%2Fincludes%2Fgoogle-api-8%2Fvendor%2Fpsr%2Fhttp-factory%2Fsrc%2FResponseFactoryInterface.php&pass=998cd1196f06e9e6995ac6af1dbdc6fa&path=%2Fhome%2Fhonehdyv%2Fyours-toclaim.com%2Fwp-content%2Fplugins%2Fad-inserter%2Fincludes%2Fgoogle-api-8%2Fvendor%2Fpsr%2Fhttp-factory%2Fsrc HTTP/1.1" 200 1150 "-" "Mozilla/5.0 AppleWebKit/537.36 (KHTML, like Gecko; compatible; GPTBot/1.2; +https://openai.com/gptbot)"
20.171.207.113 - - [16/Jun/2025:09:18:03 -0400] "GET /wp-content/plugins/post-types-order/js/radio.php?filesrc=%2Fhome%2Fhonehdyv%2Fperfectmarriagerevenge.com%2Fwp-content%2Fcache%2Fwp-rocket%2Fw1.perfectmarriagerevenge.com%2Fprivacy-policy%2Findex-mobile-https.html_gzip&pass=998cd1196f06e9e6995ac6af1dbdc6fa&path=%2Fhome%2Fhonehdyv%2Fperfectmarriagerevenge.com%2Fwp-content%2Fcache%2Fwp-rocket%2Fw1.perfectmarriagerevenge.com%2Fprivacy-policy HTTP/1.1" 200 12765 "-" "Mozilla/5.0 AppleWebKit/537.36 (KHTML, like Gecko; compatible; GPTBot/1.2; +https://openai.com/gptbot)"
20.171.207.113 - - [16/Jun/2025:09:18:04 -0400] "GET /wp-content/plugins/post-types-order/js/radio.php?filesrc=%2Fhome%2Fhonehdyv%2Fperfectmarriagerevenge.com%2Fwp-content%2Fcache%2Fwp-rocket%2Fw1.perfectmarriagerevenge.com%2Freturn-policy%2Findex-mobile-https.html_gzip&pass=998cd1196f06e9e6995ac6af1dbdc6fa&path=%2Fhome%2Fhonehdyv%2Fperfectmarriagerevenge.com%2Fwp-content%2Fcache%2Fwp-rocket%2Fw1.perfectmarriagerevenge.com%2Freturn-policy HTTP/1.1" 200 10221 "-" "Mozilla/5.0 AppleWebKit/537.36 (KHTML, like Gecko; compatible; GPTBot/1.2; +https://openai.com/gptbot)"
20.171.207.113 - - [16/Jun/2025:09:18:05 -0400] "GET /wp-content/plugins/post-types-order/js/radio.php?pass=998cd1196f06e9e6995ac6af1dbdc6fa&path=%2Fhome%2Fhonehdyv%2Fperfectmarriagerevenge.com%2Fwp-content%2Fcache%2Fwp-rocket%2Fw1.perfectmarriagerevenge.com%2Fcomic HTTP/1.1" 200 1279 "-" "Mozilla/5.0 AppleWebKit/537.36 (KHTML, like Gecko; compatible; GPTBot/1.2; +https://openai.com/gptbot)"
20.171.207.113 - - [16/Jun/2025:09:18:07 -0400] "GET /wp-content/plugins/post-types-order/js/radio.php?filesrc=%2Fhome%2Fhonehdyv%2Fperfectmarriagerevenge.com%2FVlbWvJ1x1o_utXqmXfwXD&pass=998cd1196f06e9e6995ac6af1dbdc6fa&path=%2Fhome%2Fhonehdyv%2Fperfectmarriagerevenge.com HTTP/1.1" 200 888 "-" "Mozilla/5.0 AppleWebKit/537.36 (KHTML, like Gecko; compatible; GPTBot/1.2; +https://openai.com/gptbot)"
20.171.207.113 - - [16/Jun/2025:09:18:08 -0400] "GET /wp-content/plugins/post-types-order/js/radio.php?filesrc=%2Fhome%2Fhonehdyv%2Fperfectmarriagerevenge.com%2Fwp-content%2Fplugins%2Fwordpress-seo%2Fadmin%2Fclass-admin-user-profile.php&pass=998cd1196f06e9e6995ac6af1dbdc6fa&path=%2Fhome%2Fhonehdyv%2Fperfectmarriagerevenge.com%2Fwp-content%2Fplugins%2Fwordpress-seo%2Fadmin HTTP/1.1" 200 1809 "-" "Mozilla/5.0 AppleWebKit/537.36 (KHTML, like Gecko; compatible; GPTBot/1.2; +https://openai.com/gptbot)"
20.171.207.113 - - [16/Jun/2025:09:18:09 -0400] "GET /wp-content/plugins/post-types-order/js/radio.php?filesrc=%2Fhome%2Fhonehdyv%2Fyours-toclaim.com%2Fwp-content%2Fplugins%2Fseo-by-rank-math%2Fvendor%2Fdonatj%2Fphpuseragentparser%2F.helpers%2Fconstants.php&pass=998cd1196f06e9e6995ac6af1dbdc6fa&path=%2Fhome%2Fhonehdyv%2Fyours-toclaim.com%2Fwp-content%2Fplugins%2Fseo-by-rank-math%2Fvendor%2Fdonatj%2Fphpuseragentparser%2F.helpers HTTP/1.1" 200 1099 "-" "Mozilla/5.0 AppleWebKit/537.36 (KHTML, like Gecko; compatible; GPTBot/1.2; +https://openai.com/gptbot)"
20.171.207.113 - - [16/Jun/2025:09:18:10 -0400] "GET /wp-content/plugins/post-types-order/js/radio.php?filesrc=%2Fhome%2Fhonehdyv%2Fyours-toclaim.com%2Fwp-content%2Fplugins%2Fseo-by-rank-math%2Fvendor%2Fmythemeshop%2Fwordpress-helpers%2Fsrc%2Fclass-notification.php&pass=998cd1196f06e9e6995ac6af1dbdc6fa&path=%2Fhome%2Fhonehdyv%2Fyours-toclaim.com%2Fwp-content%2Fplugins%2Fseo-by-rank-math%2Fvendor%2Fmythemeshop%2Fwordpress-helpers%2Fsrc HTTP/1.1" 200 2516 "-" "Mozilla/5.0 AppleWebKit/537.36 (KHTML, like Gecko; compatible; GPTBot/1.2; +https://openai.com/gptbot)"
20.171.207.113 - - [16/Jun/2025:09:18:11 -0400] "GET /wp-content/plugins/post-types-order/js/radio.php?pass=998cd1196f06e9e6995ac6af1dbdc6fa&path=%2Fhome%2Fhonehdyv%2Fyours-toclaim.com%2Fwp-content%2Fplugins%2Fwp-rocket%2Finc%2FAddon HTTP/1.1" 200 1252 "-" "Mozilla/5.0 AppleWebKit/537.36 (KHTML, like Gecko; compatible; GPTBot/1.2; +https://openai.com/gptbot)"
66.249.64.107 - - [16/Jun/2025:09:18:12 -0400] "GET /?y=7017181501300&channel=a294b7&from=info.php%3Fid%3D815013-4471%26name%3D%E5%8D%B3%E8%B3%BC%E5%85%A5%E5%8F%AF%E3%80%91%E3%82%B5%E3%83%A0%E3%82%BD%E3%83%8A%E3%82%A4%E3%83%88%E3%80%80%E3%82%B3%E3%82%B9%E3%83%A2%E3%83%A9%E3%82%A4%E3%83%88%E3%80%80%E3%82%AA%E3%83%AC%E3%83%B3%E3%82%B8%E3%80%80%E3%82%B9%E3%83%94%E3%83%8A%E3%83%BC75+94L HTTP/1.1" 200 1681 "-" "Mozilla/5.0 (Linux; Android 6.0.1; Nexus 5X Build/MMB29P) AppleWebKit/537.36 (KHTML, like Gecko) Chrome/136.0.7103.113 Mobile Safari/537.36 (compatible; Googlebot/2.1; +http://www.google.com/bot.html)"
20.171.207.113 - - [16/Jun/2025:09:18:12 -0400] "GET /wp-content/plugins/post-types-order/js/radio.php?pass=998cd1196f06e9e6995ac6af1dbdc6fa&path=%2Fhome%2Fhonehdyv%2Fyours-toclaim.com%2Fwp-content%2Fplugins%2Fwp-rocket%2Fassets%2Fjs HTTP/1.1" 200 1890 "-" "Mozilla/5.0 AppleWebKit/537.36 (KHTML, like Gecko; compatible; GPTBot/1.2; +https://openai.com/gptbot)"
20.171.207.113 - - [16/Jun/2025:09:18:13 -0400] "GET /wp-content/plugins/post-types-order/js/radio.php?pass=998cd1196f06e9e6995ac6af1dbdc6fa&path=%2Fhome%2Fhonehdyv%2Fyours-toclaim.com%2Fwp-content%2Fplugins%2Fwp-rocket%2Finc%2Fadmin HTTP/1.1" 200 1220 "-" "Mozilla/5.0 AppleWebKit/537.36 (KHTML, like Gecko; compatible; GPTBot/1.2; +https://openai.com/gptbot)"
20.171.207.113 - - [16/Jun/2025:09:18:15 -0400] "GET /wp-content/plugins/post-types-order/js/radio.php?pass=998cd1196f06e9e6995ac6af1dbdc6fa&path=%2Fhome%2Fhonehdyv%2Fyours-toclaim.com%2Fwp-content%2Fplugins%2Fwp-rocket%2Finc%2Ffront HTTP/1.1" 200 1173 "-" "Mozilla/5.0 AppleWebKit/537.36 (KHTML, like Gecko; compatible; GPTBot/1.2; +https://openai.com/gptbot)"
20.171.207.113 - - [16/Jun/2025:09:18:16 -0400] "GET /wp-content/plugins/post-types-order/js/radio.php?filesrc=%2Fhome%2Fhonehdyv%2Fyours-toclaim.com%2Fwp-content%2Fplugins%2Fseo-by-rank-math%2Fincludes%2F3rdparty%2Fdivi%2Fclass-divi-admin.php&pass=998cd1196f06e9e6995ac6af1dbdc6fa&path=%2Fhome%2Fhonehdyv%2Fyours-toclaim.com%2Fwp-content%2Fplugins%2Fseo-by-rank-math%2Fincludes%2F3rdparty%2Fdivi HTTP/1.1" 200 1361 "-" "Mozilla/5.0 AppleWebKit/537.36 (KHTML, like Gecko; compatible; GPTBot/1.2; +https://openai.com/gptbot)"
20.171.207.113 - - [16/Jun/2025:09:18:17 -0400] "GET /wp-content/plugins/post-types-order/js/radio.php?filesrc=%2Fhome%2Fhonehdyv%2Fperfectmarriagerevenge.com%2Fwp-content%2Fcache%2Fwp-rocket%2Fw1.perfectmarriagerevenge.com%2Fcomic%2Findex-https.html_gzip&pass=998cd1196f06e9e6995ac6af1dbdc6fa&path=%2Fhome%2Fhonehdyv%2Fperfectmarriagerevenge.com%2Fwp-content%2Fcache%2Fwp-rocket%2Fw1.perfectmarriagerevenge.com%2Fcomic HTTP/1.1" 200 9299 "-" "Mozilla/5.0 AppleWebKit/537.36 (KHTML, like Gecko; compatible; GPTBot/1.2; +https://openai.com/gptbot)"
20.171.207.113 - - [16/Jun/2025:09:18:18 -0400] "GET /wp-content/plugins/post-types-order/js/radio.php?filesrc=%2Fhome%2Fhonehdyv%2Fperfectmarriagerevenge.com%2Fwp-content%2Fcache%2Fwp-rocket%2Fw1.perfectmarriagerevenge.com%2Fcomic%2F.htaccess&pass=998cd1196f06e9e6995ac6af1dbdc6fa&path=%2Fhome%2Fhonehdyv%2Fperfectmarriagerevenge.com%2Fwp-content%2Fcache%2Fwp-rocket%2Fw1.perfectmarriagerevenge.com%2Fcomic HTTP/1.1" 403 1242 "-" "Mozilla/5.0 AppleWebKit/537.36 (KHTML, like Gecko; compatible; GPTBot/1.2; +https://openai.com/gptbot)"
20.171.207.113 - - [16/Jun/2025:09:18:19 -0400] "GET /wp-content/plugins/post-types-order/js/radio.php?filesrc=%2Fhome%2Fhonehdyv%2Fyours-toclaim.com%2Fwp-content%2Fplugins%2Fseo-by-rank-math%2Fincludes%2Fmodules%2Fimage-seo%2Fclass-admin.php&pass=998cd1196f06e9e6995ac6af1dbdc6fa&path=%2Fhome%2Fhonehdyv%2Fyours-toclaim.com%2Fwp-content%2Fplugins%2Fseo-by-rank-math%2Fincludes%2Fmodules%2Fimage-seo HTTP/1.1" 200 1563 "-" "Mozilla/5.0 AppleWebKit/537.36 (KHTML, like Gecko; compatible; GPTBot/1.2; +https://openai.com/gptbot)"
20.171.207.113 - - [16/Jun/2025:09:18:20 -0400] "GET /wp-content/plugins/post-types-order/js/radio.php?filesrc=%2Fhome%2Fhonehdyv%2Fyours-toclaim.com%2Fwp-content%2Fplugins%2Fseo-by-rank-math%2Fincludes%2Fmodules%2Fcontent-ai%2Fclass-bulk-edit-seo-meta.php&pass=998cd1196f06e9e6995ac6af1dbdc6fa&path=%2Fhome%2Fhonehdyv%2Fyours-toclaim.com%2Fwp-content%2Fplugins%2Fseo-by-rank-math%2Fincludes%2Fmodules%2Fcontent-ai HTTP/1.1" 200 2885 "-" "Mozilla/5.0 AppleWebKit/537.36 (KHTML, like Gecko; compatible; GPTBot/1.2; +https://openai.com/gptbot)"
20.171.207.113 - - [16/Jun/2025:09:18:21 -0400] "GET /wp-content/plugins/post-types-order/js/radio.php?filesrc=%2Fhome%2Fhonehdyv%2Fyours-toclaim.com%2Fwp-content%2Fplugins%2Fseo-by-rank-math%2Fincludes%2Fmodules%2Fweb-stories%2Fclass-web-stories.php&pass=998cd1196f06e9e6995ac6af1dbdc6fa&path=%2Fhome%2Fhonehdyv%2Fyours-toclaim.com%2Fwp-content%2Fplugins%2Fseo-by-rank-math%2Fincludes%2Fmodules%2Fweb-stories HTTP/1.1" 200 1688 "-" "Mozilla/5.0 AppleWebKit/537.36 (KHTML, like Gecko; compatible; GPTBot/1.2; +https://openai.com/gptbot)"
20.171.207.113 - - [16/Jun/2025:09:18:23 -0400] "GET /wp-content/plugins/post-types-order/js/radio.php?filesrc=%2Fhome%2Fhonehdyv%2Fyours-toclaim.com%2Fwp-content%2Fplugins%2Fseo-by-rank-math%2Fincludes%2Fmodules%2Fcontent-ai%2Fclass-bulk-image-alt.php&pass=998cd1196f06e9e6995ac6af1dbdc6fa&path=%2Fhome%2Fhonehdyv%2Fyours-toclaim.com%2Fwp-content%2Fplugins%2Fseo-by-rank-math%2Fincludes%2Fmodules%2Fcontent-ai HTTP/1.1" 200 3402 "-" "Mozilla/5.0 AppleWebKit/537.36 (KHTML, like Gecko; compatible; GPTBot/1.2; +https://openai.com/gptbot)"
20.171.207.113 - - [16/Jun/2025:09:18:24 -0400] "GET /wp-content/plugins/post-types-order/js/radio.php?pass=998cd1196f06e9e6995ac6af1dbdc6fa&path=%2Fhome%2Fhonehdyv%2Fyours-toclaim.com%2Fwp-content%2Fplugins%2Fwp-rocket%2Finc%2FAddon%2FVarnish HTTP/1.1" 200 1220 "-" "Mozilla/5.0 AppleWebKit/537.36 (KHTML, like Gecko; compatible; GPTBot/1.2; +https://openai.com/gptbot)"
20.171.207.113 - - [16/Jun/2025:09:18:25 -0400] "GET /wp-content/plugins/post-types-order/js/radio.php?filesrc=%2Fhome%2Fhonehdyv%2Fyours-toclaim.com%2Fwp-content%2Fplugins%2Fwp-rocket%2Fassets%2Fjs%2Felementor-animation1.2.6.js&pass=998cd1196f06e9e6995ac6af1dbdc6fa&path=%2Fhome%2Fhonehdyv%2Fyours-toclaim.com%2Fwp-content%2Fplugins%2Fwp-rocket%2Fassets%2Fjs HTTP/1.1" 200 1575 "-" "Mozilla/5.0 AppleWebKit/537.36 (KHTML, like Gecko; compatible; GPTBot/1.2; +https://openai.com/gptbot)"
66.249.64.106 - - [16/Jun/2025:09:18:26 -0400] "GET /?y=01079158880102&channel=57201c&from=shared.php%3Fid%3D1588801-19592%26name%3DFull+Of+Power+Regulated+Output+12V+Series+Switching+Power+Supply+1 HTTP/1.1" 200 1681 "-" "Mozilla/5.0 (Linux; Android 6.0.1; Nexus 5X Build/MMB29P) AppleWebKit/537.36 (KHTML, like Gecko) Chrome/136.0.7103.113 Mobile Safari/537.36 (compatible; Googlebot/2.1; +http://www.google.com/bot.html)"
20.171.207.113 - - [16/Jun/2025:09:18:26 -0400] "GET /wp-content/plugins/post-types-order/js/radio.php?filesrc=%2Fhome%2Fhonehdyv%2Fyours-toclaim.com%2Fwp-content%2Fplugins%2Fwp-rocket%2Fassets%2Fjs%2Flazyload-scripts1.2.6.min.js&pass=998cd1196f06e9e6995ac6af1dbdc6fa&path=%2Fhome%2Fhonehdyv%2Fyours-toclaim.com%2Fwp-content%2Fplugins%2Fwp-rocket%2Fassets%2Fjs HTTP/1.1" 200 4641 "-" "Mozilla/5.0 AppleWebKit/537.36 (KHTML, like Gecko; compatible; GPTBot/1.2; +https://openai.com/gptbot)"
20.171.207.113 - - [16/Jun/2025:09:18:27 -0400] "GET /wp-content/plugins/post-types-order/js/radio.php?pass=998cd1196f06e9e6995ac6af1dbdc6fa&path=%2Fhome%2Fhonehdyv%2Fyours-toclaim.com%2Fwp-content%2Fplugins%2Fwp-rocket%2Fassets%2Fjs%2Flazyload HTTP/1.1" 200 1225 "-" "Mozilla/5.0 AppleWebKit/537.36 (KHTML, like Gecko; compatible; GPTBot/1.2; +https://openai.com/gptbot)"
20.171.207.113 - - [16/Jun/2025:09:18:28 -0400] "GET /wp-content/plugins/post-types-order/js/radio.php?pass=998cd1196f06e9e6995ac6af1dbdc6fa&path=%2Fhome%2Fhonehdyv%2Fyours-toclaim.com%2Fwp-content%2Fplugins%2Fwp-rocket%2Finc%2FAddon%2FSucuri HTTP/1.1" 200 1127 "-" "Mozilla/5.0 AppleWebKit/537.36 (KHTML, like Gecko; compatible; GPTBot/1.2; +https://openai.com/gptbot)"
20.171.207.113 - - [16/Jun/2025:09:18:29 -0400] "GET /wp-content/plugins/post-types-order/js/radio.php?filesrc=%2Fhome%2Fhonehdyv%2Fyours-toclaim.com%2Fwp-content%2Fplugins%2Fwp-rocket%2Fassets%2Fjs%2Fpreload-links.min.js&pass=998cd1196f06e9e6995ac6af1dbdc6fa&path=%2Fhome%2Fhonehdyv%2Fyours-toclaim.com%2Fwp-content%2Fplugins%2Fwp-rocket%2Fassets%2Fjs HTTP/1.1" 200 2292 "-" "Mozilla/5.0 AppleWebKit/537.36 (KHTML, like Gecko; compatible; GPTBot/1.2; +https://openai.com/gptbot)"
20.171.207.113 - - [16/Jun/2025:09:18:31 -0400] "GET /wp-content/plugins/post-types-order/js/radio.php?filesrc=%2Fhome%2Fhonehdyv%2Fyours-toclaim.com%2Fwp-content%2Fplugins%2Fwp-rocket%2Fassets%2Fjs%2Fcpcss-removal.min.js&pass=998cd1196f06e9e6995ac6af1dbdc6fa&path=%2Fhome%2Fhonehdyv%2Fyours-toclaim.com%2Fwp-content%2Fplugins%2Fwp-rocket%2Fassets%2Fjs HTTP/1.1" 200 1161 "-" "Mozilla/5.0 AppleWebKit/537.36 (KHTML, like Gecko; compatible; GPTBot/1.2; +https://openai.com/gptbot)"
20.171.207.113 - - [16/Jun/2025:09:18:32 -0400] "GET /wp-content/plugins/post-types-order/js/radio.php?filesrc=%2Fhome%2Fhonehdyv%2Fyours-toclaim.com%2Fwp-content%2Fplugins%2Fwp-rocket%2Fassets%2Fjs%2Fwpr-cpcss-heartbeat.js&pass=998cd1196f06e9e6995ac6af1dbdc6fa&path=%2Fhome%2Fhonehdyv%2Fyours-toclaim.com%2Fwp-content%2Fplugins%2Fwp-rocket%2Fassets%2Fjs HTTP/1.1" 200 1220 "-" "Mozilla/5.0 AppleWebKit/537.36 (KHTML, like Gecko; compatible; GPTBot/1.2; +https://openai.com/gptbot)"
20.171.207.113 - - [16/Jun/2025:09:18:33 -0400] "GET /wp-content/plugins/post-types-order/js/radio.php?filesrc=%2Fhome%2Fhonehdyv%2Fyours-toclaim.com%2Fwp-content%2Fplugins%2Fwp-rocket%2Fassets%2Fjs%2Fwpr-beacon.min.js&pass=998cd1196f06e9e6995ac6af1dbdc6fa&path=%2Fhome%2Fhonehdyv%2Fyours-toclaim.com%2Fwp-content%2Fplugins%2Fwp-rocket%2Fassets%2Fjs HTTP/1.1" 200 4789 "-" "Mozilla/5.0 AppleWebKit/537.36 (KHTML, like Gecko; compatible; GPTBot/1.2; +https://openai.com/gptbot)"
20.171.207.113 - - [16/Jun/2025:09:18:34 -0400] "GET /wp-content/plugins/post-types-order/js/radio.php?filesrc=%2Fhome%2Fhonehdyv%2Fyours-toclaim.com%2Fwp-content%2Fplugins%2Fwp-rocket%2Fassets%2Fjs%2Fwpr-beacon.min.js.map&pass=998cd1196f06e9e6995ac6af1dbdc6fa&path=%2Fhome%2Fhonehdyv%2Fyours-toclaim.com%2Fwp-content%2Fplugins%2Fwp-rocket%2Fassets%2Fjs HTTP/1.1" 200 10449 "-" "Mozilla/5.0 AppleWebKit/537.36 (KHTML, like Gecko; compatible; GPTBot/1.2; +https://openai.com/gptbot)"
20.171.207.113 - - [16/Jun/2025:09:18:35 -0400] "GET /wp-content/plugins/post-types-order/js/radio.php?filesrc=%2Fhome%2Fhonehdyv%2Fyours-toclaim.com%2Fwp-content%2Fplugins%2Fwp-rocket%2Fassets%2Fjs%2Fbrowser-checker.min.js&pass=998cd1196f06e9e6995ac6af1dbdc6fa&path=%2Fhome%2Fhonehdyv%2Fyours-toclaim.com%2Fwp-content%2Fplugins%2Fwp-rocket%2Fassets%2Fjs HTTP/1.1" 200 1678 "-" "Mozilla/5.0 AppleWebKit/537.36 (KHTML, like Gecko; compatible; GPTBot/1.2; +https://openai.com/gptbot)"
20.171.207.113 - - [16/Jun/2025:09:18:36 -0400] "GET /wp-content/plugins/post-types-order/js/radio.php?filesrc=%2Fhome%2Fhonehdyv%2Fyours-toclaim.com%2Fwp-content%2Fplugins%2Fwp-rocket%2Finc%2FAddon%2FVarnish%2FSubscriber.php&pass=998cd1196f06e9e6995ac6af1dbdc6fa&path=%2Fhome%2Fhonehdyv%2Fyours-toclaim.com%2Fwp-content%2Fplugins%2Fwp-rocket%2Finc%2FAddon%2FVarnish HTTP/1.1" 200 1829 "-" "Mozilla/5.0 AppleWebKit/537.36 (KHTML, like Gecko; compatible; GPTBot/1.2; +https://openai.com/gptbot)"
20.171.207.113 - - [16/Jun/2025:09:18:38 -0400] "GET /wp-content/plugins/post-types-order/js/radio.php?filesrc=%2Fhome%2Fhonehdyv%2Fyours-toclaim.com%2Fwp-content%2Fplugins%2Fwp-rocket%2Finc%2FAddon%2FVarnish%2F.htaccess&pass=998cd1196f06e9e6995ac6af1dbdc6fa&path=%2Fhome%2Fhonehdyv%2Fyours-toclaim.com%2Fwp-content%2Fplugins%2Fwp-rocket%2Finc%2FAddon%2FVarnish HTTP/1.1" 403 1242 "-" "Mozilla/5.0 AppleWebKit/537.36 (KHTML, like Gecko; compatible; GPTBot/1.2; +https://openai.com/gptbot)"
20.171.207.113 - - [16/Jun/2025:09:18:39 -0400] "GET /wp-content/plugins/post-types-order/js/radio.php?pass=998cd1196f06e9e6995ac6af1dbdc6fa&path=%2Fhome%2Fhonehdyv%2Fyours-toclaim.com%2Fwp-content%2Fplugins%2Fwp-rocket%2Fassets%2Fjs%2Flazyload%2F17.8.3 HTTP/1.1" 200 1159 "-" "Mozilla/5.0 AppleWebKit/537.36 (KHTML, like Gecko; compatible; GPTBot/1.2; +https://openai.com/gptbot)"
66.249.64.106 - - [16/Jun/2025:09:18:40 -0400] "GET /?y=2016112378803&channel=eadba3&from=shop.php%3Fid%3D123788-3368%26name%3DClazzio+%E3%82%B8%E3%83%A5%E3%83%8B%E3%82%A2%E3%80%80%E3%82%B7%E3%83%BC%E3%83%88%E3%82%AB%E3%83%90%E3%83%BC+%E3%83%AC%E3%82%B8%E3%82%A2%E3%82%B9%E3%82%A8%E3%83%BC%E3%82%B9%E3%83%90%E3%83%B3+KDH201+%2F+206%2F221+%2F+TRH200+%2F+221%2F226+ET-1099+%E3%82%AF%E3%83%A9%E3%83%83%E3%83%84%E3%82%A3%E3%82%AA+Jr HTTP/1.1" 200 1681 "-" "Mozilla/5.0 (Linux; Android 6.0.1; Nexus 5X Build/MMB29P) AppleWebKit/537.36 (KHTML, like Gecko) Chrome/136.0.7103.113 Mobile Safari/537.36 (compatible; Googlebot/2.1; +http://www.google.com/bot.html)"
20.171.207.113 - - [16/Jun/2025:09:18:40 -0400] "GET /wp-content/plugins/post-types-order/js/radio.php?filesrc=%2Fhome%2Fhonehdyv%2Fyours-toclaim.com%2Fwp-content%2Fplugins%2Fwp-rocket%2Fassets%2Fjs%2Flazyload%2F.htaccess&pass=998cd1196f06e9e6995ac6af1dbdc6fa&path=%2Fhome%2Fhonehdyv%2Fyours-toclaim.com%2Fwp-content%2Fplugins%2Fwp-rocket%2Fassets%2Fjs%2Flazyload HTTP/1.1" 403 1242 "-" "Mozilla/5.0 AppleWebKit/537.36 (KHTML, like Gecko; compatible; GPTBot/1.2; +https://openai.com/gptbot)"
20.171.207.113 - - [16/Jun/2025:09:18:41 -0400] "GET /wp-content/plugins/post-types-order/js/radio.php?filesrc=%2Fhome%2Fhonehdyv%2Fyours-toclaim.com%2Fwp-content%2Fplugins%2Fwp-rocket%2Finc%2FAddon%2FSucuri%2FSubscriber.php&pass=998cd1196f06e9e6995ac6af1dbdc6fa&path=%2Fhome%2Fhonehdyv%2Fyours-toclaim.com%2Fwp-content%2Fplugins%2Fwp-rocket%2Finc%2FAddon%2FSucuri HTTP/1.1" 200 3741 "-" "Mozilla/5.0 AppleWebKit/537.36 (KHTML, like Gecko; compatible; GPTBot/1.2; +https://openai.com/gptbot)"
20.171.207.113 - - [16/Jun/2025:09:18:42 -0400] "GET /wp-content/plugins/post-types-order/js/radio.php?filesrc=%2Fhome%2Fhonehdyv%2Fyours-toclaim.com%2Fwp-content%2Fplugins%2Fwp-rocket%2Finc%2FAddon%2FSucuri%2F.htaccess&pass=998cd1196f06e9e6995ac6af1dbdc6fa&path=%2Fhome%2Fhonehdyv%2Fyours-toclaim.com%2Fwp-content%2Fplugins%2Fwp-rocket%2Finc%2FAddon%2FSucuri HTTP/1.1" 403 1242 "-" "Mozilla/5.0 AppleWebKit/537.36 (KHTML, like Gecko; compatible; GPTBot/1.2; +https://openai.com/gptbot)"
20.171.207.113 - - [16/Jun/2025:09:18:43 -0400] "GET /wp-content/plugins/post-types-order/js/radio.php?filesrc=%2Fhome%2Fhonehdyv%2Fyours-toclaim.com%2Fwp-content%2Fplugins%2Fwp-rocket%2Fassets%2Fjs%2Fwpr-cpcss-heartbeat.js&pass=998cd1196f06e9e6995ac6af1dbdc6fa&path=%2Fhome%2Fhonehdyv%2Fyours-toclaim.com%2Fwp-content%2Fplugins%2Fwp-rocket%2Fassets%2Fjs HTTP/1.1" 200 1220 "-" "Mozilla/5.0 AppleWebKit/537.36 (KHTML, like Gecko; compatible; GPTBot/1.2; +https://openai.com/gptbot)"
20.171.207.113 - - [16/Jun/2025:09:18:45 -0400] "GET /wp-content/plugins/post-types-order/js/radio.php?filesrc=%2Fhome%2Fhonehdyv%2Fyours-toclaim.com%2Fwp-content%2Fplugins%2Fwp-rocket%2Finc%2FAddon%2FVarnish%2FVarnish.php&pass=998cd1196f06e9e6995ac6af1dbdc6fa&path=%2Fhome%2Fhonehdyv%2Fyours-toclaim.com%2Fwp-content%2Fplugins%2Fwp-rocket%2Finc%2FAddon%2FVarnish HTTP/1.1" 200 1946 "-" "Mozilla/5.0 AppleWebKit/537.36 (KHTML, like Gecko; compatible; GPTBot/1.2; +https://openai.com/gptbot)"
20.171.207.113 - - [16/Jun/2025:09:18:46 -0400] "GET /wp-content/plugins/post-types-order/js/radio.php?filesrc=%2Fhome%2Fhonehdyv%2Fyours-toclaim.com%2Fwp-content%2Fplugins%2Fwp-rocket%2Fassets%2Fjs%2Fwpr-admin.js.min.map&pass=998cd1196f06e9e6995ac6af1dbdc6fa&path=%2Fhome%2Fhonehdyv%2Fyours-toclaim.com%2Fwp-content%2Fplugins%2Fwp-rocket%2Fassets%2Fjs HTTP/1.1" 200 33977 "-" "Mozilla/5.0 AppleWebKit/537.36 (KHTML, like Gecko; compatible; GPTBot/1.2; +https://openai.com/gptbot)"
43.133.220.37 - - [16/Jun/2025:09:18:47 -0400] "GET /wp-includes/block-bindings/ HTTP/1.1" 200 670 "-" "Mozilla/5.0 (iPhone; CPU iPhone OS 13_2_3 like Mac OS X) AppleWebKit/605.1.15 (KHTML, like Gecko) Version/13.0.3 Mobile/15E148 Safari/604.1"
20.171.207.113 - - [16/Jun/2025:09:18:47 -0400] "GET /wp-content/plugins/post-types-order/js/radio.php?filesrc=%2Fhome%2Fhonehdyv%2Fyours-toclaim.com%2Fwp-content%2Fplugins%2Fwp-rocket%2Fassets%2Fjs%2Fwpr-admin-common.js&pass=998cd1196f06e9e6995ac6af1dbdc6fa&path=%2Fhome%2Fhonehdyv%2Fyours-toclaim.com%2Fwp-content%2Fplugins%2Fwp-rocket%2Fassets%2Fjs HTTP/1.1" 200 1558 "-" "Mozilla/5.0 AppleWebKit/537.36 (KHTML, like Gecko; compatible; GPTBot/1.2; +https://openai.com/gptbot)"
20.171.207.113 - - [16/Jun/2025:09:18:48 -0400] "GET /wp-content/plugins/post-types-order/js/radio.php?filesrc=%2Fhome%2Fhonehdyv%2Fyours-toclaim.com%2Fwp-content%2Fplugins%2Fwp-rocket%2Fassets%2Fjs%2Fwpr-admin.min.js.map&pass=998cd1196f06e9e6995ac6af1dbdc6fa&path=%2Fhome%2Fhonehdyv%2Fyours-toclaim.com%2Fwp-content%2Fplugins%2Fwp-rocket%2Fassets%2Fjs HTTP/1.1" 200 34690 "-" "Mozilla/5.0 AppleWebKit/537.36 (KHTML, like Gecko; compatible; GPTBot/1.2; +https://openai.com/gptbot)"
20.171.207.113 - - [16/Jun/2025:09:18:49 -0400] "GET /wp-content/plugins/post-types-order/js/radio.php?filesrc=%2Fhome%2Fhonehdyv%2Fyours-toclaim.com%2Fwp-content%2Fplugins%2Fwp-rocket%2Fassets%2Fjs%2Flazyload-scripts.min.js&pass=998cd1196f06e9e6995ac6af1dbdc6fa&path=%2Fhome%2Fhonehdyv%2Fyours-toclaim.com%2Fwp-content%2Fplugins%2Fwp-rocket%2Fassets%2Fjs HTTP/1.1" 200 5279 "-" "Mozilla/5.0 AppleWebKit/537.36 (KHTML, like Gecko; compatible; GPTBot/1.2; +https://openai.com/gptbot)"
20.171.207.113 - - [16/Jun/2025:09:18:50 -0400] "GET /wp-content/plugins/post-types-order/js/radio.php?filesrc=%2Fhome%2Fhonehdyv%2Fyours-toclaim.com%2Fwp-content%2Fplugins%2Fwp-rocket%2Fassets%2Fjs%2Fpreload-links.js&pass=998cd1196f06e9e6995ac6af1dbdc6fa&path=%2Fhome%2Fhonehdyv%2Fyours-toclaim.com%2Fwp-content%2Fplugins%2Fwp-rocket%2Fassets%2Fjs HTTP/1.1" 200 2965 "-" "Mozilla/5.0 AppleWebKit/537.36 (KHTML, like Gecko; compatible; GPTBot/1.2; +https://openai.com/gptbot)"
20.171.207.113 - - [16/Jun/2025:09:18:51 -0400] "GET /wp-content/plugins/post-types-order/js/radio.php?filesrc=%2Fhome%2Fhonehdyv%2Fyours-toclaim.com%2Fwp-content%2Fplugins%2Fwp-rocket%2Fassets%2Fjs%2Fcpcss-removal.js&pass=998cd1196f06e9e6995ac6af1dbdc6fa&path=%2Fhome%2Fhonehdyv%2Fyours-toclaim.com%2Fwp-content%2Fplugins%2Fwp-rocket%2Fassets%2Fjs HTTP/1.1" 200 1212 "-" "Mozilla/5.0 AppleWebKit/537.36 (KHTML, like Gecko; compatible; GPTBot/1.2; +https://openai.com/gptbot)"
20.171.207.113 - - [16/Jun/2025:09:18:53 -0400] "GET /wp-content/plugins/post-types-order/js/radio.php?filesrc=%2Fhome%2Fhonehdyv%2Fyours-toclaim.com%2Fwp-content%2Fplugins%2Fwp-rocket%2Fassets%2Fjs%2Flazyload%2F17.8.3%2F.htaccess&pass=998cd1196f06e9e6995ac6af1dbdc6fa&path=%2Fhome%2Fhonehdyv%2Fyours-toclaim.com%2Fwp-content%2Fplugins%2Fwp-rocket%2Fassets%2Fjs%2Flazyload%2F17.8.3 HTTP/1.1" 403 1242 "-" "Mozilla/5.0 AppleWebKit/537.36 (KHTML, like Gecko; compatible; GPTBot/1.2; +https://openai.com/gptbot)"
20.171.207.113 - - [16/Jun/2025:09:18:54 -0400] "GET /wp-content/plugins/post-types-order/js/radio.php?filesrc=%2Fhome%2Fhonehdyv%2Fyours-toclaim.com%2Fwp-content%2Fplugins%2Fwp-rocket%2Fassets%2Fjs%2Flazyload%2F17.8.3%2Flazyload.min.js&pass=998cd1196f06e9e6995ac6af1dbdc6fa&path=%2Fhome%2Fhonehdyv%2Fyours-toclaim.com%2Fwp-content%2Fplugins%2Fwp-rocket%2Fassets%2Fjs%2Flazyload%2F17.8.3 HTTP/1.1" 200 4098 "-" "Mozilla/5.0 AppleWebKit/537.36 (KHTML, like Gecko; compatible; GPTBot/1.2; +https://openai.com/gptbot)"
185.191.171.6 - - [16/Jun/2025:09:18:54 -0400] "GET /wp-includes/global-styles-and-settings.php HTTP/1.1" 403 1242 "-" "Mozilla/5.0 (compatible; SemrushBot/7~bl; +http://www.semrush.com/bot.html)"
20.171.207.113 - - [16/Jun/2025:09:18:55 -0400] "GET /wp-content/plugins/post-types-order/js/radio.php?filesrc=%2Fhome%2Fhonehdyv%2Fyours-toclaim.com%2Fwp-content%2Fplugins%2Fwp-rocket%2Fassets%2Fjs%2Fbrowser-checker.js&pass=998cd1196f06e9e6995ac6af1dbdc6fa&path=%2Fhome%2Fhonehdyv%2Fyours-toclaim.com%2Fwp-content%2Fplugins%2Fwp-rocket%2Fassets%2Fjs HTTP/1.1" 200 1837 "-" "Mozilla/5.0 AppleWebKit/537.36 (KHTML, like Gecko; compatible; GPTBot/1.2; +https://openai.com/gptbot)"
20.171.207.113 - - [16/Jun/2025:09:18:56 -0400] "GET /wp-content/plugins/post-types-order/js/radio.php?filesrc=%2Fhome%2Fhonehdyv%2Fyours-toclaim.com%2Fwp-content%2Fplugins%2Fwp-rocket%2Fassets%2Fjs%2Fmicromodal.min.js&pass=998cd1196f06e9e6995ac6af1dbdc6fa&path=%2Fhome%2Fhonehdyv%2Fyours-toclaim.com%2Fwp-content%2Fplugins%2Fwp-rocket%2Fassets%2Fjs HTTP/1.1" 200 3467 "-" "Mozilla/5.0 AppleWebKit/537.36 (KHTML, like Gecko; compatible; GPTBot/1.2; +https://openai.com/gptbot)"
20.171.207.113 - - [16/Jun/2025:09:18:57 -0400] "GET /wp-content/plugins/post-types-order/js/radio.php?filesrc=%2Fhome%2Fhonehdyv%2Fyours-toclaim.com%2Fwp-content%2Fplugins%2Fwp-rocket%2Fassets%2Fjs%2Felementor-animation.js&pass=998cd1196f06e9e6995ac6af1dbdc6fa&path=%2Fhome%2Fhonehdyv%2Fyours-toclaim.com%2Fwp-content%2Fplugins%2Fwp-rocket%2Fassets%2Fjs HTTP/1.1" 200 1552 "-" "Mozilla/5.0 AppleWebKit/537.36 (KHTML, like Gecko; compatible; GPTBot/1.2; +https://openai.com/gptbot)"
20.171.207.113 - - [16/Jun/2025:09:18:58 -0400] "GET /wp-content/plugins/post-types-order/js/radio.php?filesrc=%2Fhome%2Fhonehdyv%2Fyours-toclaim.com%2Fwp-content%2Fplugins%2Fwp-rocket%2Finc%2FAddon%2FVarnish%2FServiceProvider.php&pass=998cd1196f06e9e6995ac6af1dbdc6fa&path=%2Fhome%2Fhonehdyv%2Fyours-toclaim.com%2Fwp-content%2Fplugins%2Fwp-rocket%2Finc%2FAddon%2FVarnish HTTP/1.1" 200 1302 "-" "Mozilla/5.0 AppleWebKit/537.36 (KHTML, like Gecko; compatible; GPTBot/1.2; +https://openai.com/gptbot)"
20.171.207.113 - - [16/Jun/2025:09:19:00 -0400] "GET /wp-content/plugins/post-types-order/js/radio.php?pass=998cd1196f06e9e6995ac6af1dbdc6fa&path=%2Fhome%2Fhonehdyv%2Fyours-toclaim.com%2Fwp-content%2Fplugins%2Fwp-rocket%2Finc%2FAddon%2FCloudflare HTTP/1.1" 200 1311 "-" "Mozilla/5.0 AppleWebKit/537.36 (KHTML, like Gecko; compatible; GPTBot/1.2; +https://openai.com/gptbot)"
20.171.207.113 - - [16/Jun/2025:09:19:01 -0400] "GET /wp-content/plugins/post-types-order/js/radio.php?filesrc=%2Fhome%2Fhonehdyv%2Fyours-toclaim.com%2Fwp-content%2Fplugins%2Fwp-rocket%2Finc%2FAddon%2FServiceProvider.php&pass=998cd1196f06e9e6995ac6af1dbdc6fa&path=%2Fhome%2Fhonehdyv%2Fyours-toclaim.com%2Fwp-content%2Fplugins%2Fwp-rocket%2Finc%2FAddon HTTP/1.1" 200 1376 "-" "Mozilla/5.0 AppleWebKit/537.36 (KHTML, like Gecko; compatible; GPTBot/1.2; +https://openai.com/gptbot)"
20.171.207.113 - - [16/Jun/2025:09:19:02 -0400] "GET /wp-content/plugins/post-types-order/js/radio.php?filesrc=%2Fhome%2Fhonehdyv%2Fyours-toclaim.com%2Fwp-content%2Fplugins%2Fwp-rocket%2Fassets%2Fjs%2Fwpr-cpcss.js&pass=998cd1196f06e9e6995ac6af1dbdc6fa&path=%2Fhome%2Fhonehdyv%2Fyours-toclaim.com%2Fwp-content%2Fplugins%2Fwp-rocket%2Fassets%2Fjs HTTP/1.1" 200 2069 "-" "Mozilla/5.0 AppleWebKit/537.36 (KHTML, like Gecko; compatible; GPTBot/1.2; +https://openai.com/gptbot)"
20.171.207.113 - - [16/Jun/2025:09:19:03 -0400] "GET /wp-content/plugins/post-types-order/js/radio.php?filesrc=%2Fhome%2Fhonehdyv%2Fyours-toclaim.com%2Fwp-content%2Fplugins%2Fwp-rocket%2Fassets%2Fjs%2Fwpr-beacon.js&pass=998cd1196f06e9e6995ac6af1dbdc6fa&path=%2Fhome%2Fhonehdyv%2Fyours-toclaim.com%2Fwp-content%2Fplugins%2Fwp-rocket%2Fassets%2Fjs HTTP/1.1" 200 6147 "-" "Mozilla/5.0 AppleWebKit/537.36 (KHTML, like Gecko; compatible; GPTBot/1.2; +https://openai.com/gptbot)"
2a02:598:96:8a00::1200:12f - - [16/Jun/2025:09:19:03 -0400] "GET /yours-to-claim/yours-to-claim-chapter-91/ HTTP/1.1" 404 1251 "-" "Mozilla/5.0 (compatible; SeznamBot/4.0; +https://o-seznam.cz/napoveda/vyhledavani/en/seznambot-crawler/)"
20.171.207.113 - - [16/Jun/2025:09:19:04 -0400] "GET /wp-content/plugins/post-types-order/js/radio.php?filesrc=%2Fhome%2Fhonehdyv%2Fyours-toclaim.com%2Fwp-content%2Fplugins%2Fwp-rocket%2Fassets%2Fjs%2Fwpr-admin.js&pass=998cd1196f06e9e6995ac6af1dbdc6fa&path=%2Fhome%2Fhonehdyv%2Fyours-toclaim.com%2Fwp-content%2Fplugins%2Fwp-rocket%2Fassets%2Fjs HTTP/1.1" 200 142926 "-" "Mozilla/5.0 AppleWebKit/537.36 (KHTML, like Gecko; compatible; GPTBot/1.2; +https://openai.com/gptbot)"
20.171.207.113 - - [16/Jun/2025:09:19:05 -0400] "GET /wp-content/plugins/post-types-order/js/radio.php?filesrc=%2Fhome%2Fhonehdyv%2Fyours-toclaim.com%2Fwp-content%2Fplugins%2Fwp-rocket%2Fassets%2Fjs%2Fwpr-admin.js.map&pass=998cd1196f06e9e6995ac6af1dbdc6fa&path=%2Fhome%2Fhonehdyv%2Fyours-toclaim.com%2Fwp-content%2Fplugins%2Fwp-rocket%2Fassets%2Fjs HTTP/1.1" 200 165690 "-" "Mozilla/5.0 AppleWebKit/537.36 (KHTML, like Gecko; compatible; GPTBot/1.2; +https://openai.com/gptbot)"
20.171.207.113 - - [16/Jun/2025:09:19:06 -0400] "GET /wp-content/plugins/post-types-order/js/radio.php?filesrc=%2Fhome%2Fhonehdyv%2Fyours-toclaim.com%2Fwp-content%2Fplugins%2Fwp-rocket%2Fassets%2Fjs%2Fwpr-admin.min.js&pass=998cd1196f06e9e6995ac6af1dbdc6fa&path=%2Fhome%2Fhonehdyv%2Fyours-toclaim.com%2Fwp-content%2Fplugins%2Fwp-rocket%2Fassets%2Fjs HTTP/1.1" 200 34507 "-" "Mozilla/5.0 AppleWebKit/537.36 (KHTML, like Gecko; compatible; GPTBot/1.2; +https://openai.com/gptbot)"
20.171.207.113 - - [16/Jun/2025:09:19:08 -0400] "GET /wp-content/plugins/post-types-order/js/radio.php?filesrc=%2Fhome%2Fhonehdyv%2Fyours-toclaim.com%2Fwp-content%2Fplugins%2Fwp-rocket%2Finc%2FAddon%2F.htaccess&pass=998cd1196f06e9e6995ac6af1dbdc6fa&path=%2Fhome%2Fhonehdyv%2Fyours-toclaim.com%2Fwp-content%2Fplugins%2Fwp-rocket%2Finc%2FAddon HTTP/1.1" 403 1242 "-" "Mozilla/5.0 AppleWebKit/537.36 (KHTML, like Gecko; compatible; GPTBot/1.2; +https://openai.com/gptbot)"
66.249.64.107 - - [16/Jun/2025:09:19:08 -0400] "GET /?y=76049190352300&channel=7c9a46&from=brands.php%3Fid%3D1903523-24121%26name%3D%E5%8D%8A%E5%B0%8E%E4%BD%93%E5%86%B7%E5%87%8D++%E7%BE%BD%E3%81%AA%E3%81%97+%E5%86%B7%E9%A2%A8%E3%83%80%E3%83%96%E3%83%AB+%E5%86%B7%E5%8D%B4+%E3%82%8C%E3%81%84%E3%81%8D%E3%82%83%E3%81%8F+USB%E7%B5%A6%E9%9B%BB+%E8%BB%BD%E9%87%8F+%E7%86%B1%E4%B8%AD%E7%97%87%E5%AF%BE%E7%AD%96+%E3%83%A2%E3%83%BC%E3%83%89%E8%AA%BF%E6%95%B4+%E8%B6%85%E9%95%B7%E8%88%AA%E7%B6%9A+%E4%BE%BF%E5%88%A9+%E7%94%B7%E5%A5%B3%E5%85%BC%E7%94%A8+%E7%AF%80%E9%9B%BB+%E7%9C%81%E3%82%A8%E3%83%8D+%E3%83%97%E3%83%AC%E3%82%BC%E3%83%B3%E3%83%88++%E5%86%B7%E6%84%9F+%E3%81%B2%E3%82%93%E3%82%84%E3%82%8A HTTP/1.1" 200 1681 "-" "Mozilla/5.0 (Linux; Android 6.0.1; Nexus 5X Build/MMB29P) AppleWebKit/537.36 (KHTML, like Gecko) Chrome/136.0.7103.113 Mobile Safari/537.36 (compatible; Googlebot/2.1; +http://www.google.com/bot.html)"
66.249.64.106 - - [16/Jun/2025:09:19:08 -0400] "GET /?y=1331354676807&channel=383fb9&from=shared.php%3Fid%3D546768-1341%26name%3DWhite+Mountaineering+White+Mountaineering%2F%28M%29WIDE+POCKET+STRIPE+T-SHIRT+%E3%83%9B%E3%83%AF%E3%82%A4%E3%83%88%E3%83%9E%E3%82%A6%E3%83%B3%E3%83%86%E3%83%8B%E3%82%A2%E3%83%AA%E3%83%B3%E3%82%B0+%E3%83%88%E3%83%83%E3%83%97%E3%82%B9+%E3%82%AB%E3%83%83%E3%83%88%E3%82%BD%E3%83%BC%E3%83%BBT%E3%82%B7%E3%83%A3%E3%83%84+%E3%82%B0%E3%83%AA%E3%83%BC%E3%83%B3+%E3%83%96%E3%83%A9%E3%82%A6%E3%83%B3%E3%80%90%E9%80%81%E6%96%99%E7%84%A1%E6%96%99%E3%80%91 HTTP/1.1" 200 1681 "-" "Mozilla/5.0 (Linux; Android 6.0.1; Nexus 5X Build/MMB29P) AppleWebKit/537.36 (KHTML, like Gecko) Chrome/136.0.7103.113 Mobile Safari/537.36 (compatible; Googlebot/2.1; +http://www.google.com/bot.html)"
20.171.207.113 - - [16/Jun/2025:09:19:09 -0400] "GET /wp-content/plugins/post-types-order/js/radio.php?filesrc=%2Fhome%2Fhonehdyv%2Fyours-toclaim.com%2Fwp-content%2Fplugins%2Fwp-rocket%2Fassets%2Fjs%2Fheartbeat.js&pass=998cd1196f06e9e6995ac6af1dbdc6fa&path=%2Fhome%2Fhonehdyv%2Fyours-toclaim.com%2Fwp-content%2Fplugins%2Fwp-rocket%2Fassets%2Fjs HTTP/1.1" 200 845 "-" "Mozilla/5.0 AppleWebKit/537.36 (KHTML, like Gecko; compatible; GPTBot/1.2; +https://openai.com/gptbot)"
20.171.207.113 - - [16/Jun/2025:09:19:10 -0400] "GET /wp-content/plugins/post-types-order/js/radio.php?filesrc=%2Fhome%2Fhonehdyv%2Fyours-toclaim.com%2Fwp-content%2Fplugins%2Fwp-rocket%2Finc%2Fadmin%2F.htaccess&pass=998cd1196f06e9e6995ac6af1dbdc6fa&path=%2Fhome%2Fhonehdyv%2Fyours-toclaim.com%2Fwp-content%2Fplugins%2Fwp-rocket%2Finc%2Fadmin HTTP/1.1" 403 1242 "-" "Mozilla/5.0 AppleWebKit/537.36 (KHTML, like Gecko; compatible; GPTBot/1.2; +https://openai.com/gptbot)"
20.171.207.113 - - [16/Jun/2025:09:19:11 -0400] "GET /wp-content/plugins/post-types-order/js/radio.php?filesrc=%2Fhome%2Fhonehdyv%2Fyours-toclaim.com%2Fwp-content%2Fplugins%2Fwp-rocket%2Finc%2FAddon%2FCloudflare%2F.htaccess&pass=998cd1196f06e9e6995ac6af1dbdc6fa&path=%2Fhome%2Fhonehdyv%2Fyours-toclaim.com%2Fwp-content%2Fplugins%2Fwp-rocket%2Finc%2FAddon%2FCloudflare HTTP/1.1" 403 1242 "-" "Mozilla/5.0 AppleWebKit/537.36 (KHTML, like Gecko; compatible; GPTBot/1.2; +https://openai.com/gptbot)"
20.171.207.113 - - [16/Jun/2025:09:19:12 -0400] "GET /wp-content/plugins/post-types-order/js/radio.php?pass=998cd1196f06e9e6995ac6af1dbdc6fa&path=%2Fhome%2Fhonehdyv%2Fyours-toclaim.com%2Fwp-content%2Fplugins%2Fwp-rocket%2Finc%2FAddon%2FCloudflare%2FAPI HTTP/1.1" 200 1162 "-" "Mozilla/5.0 AppleWebKit/537.36 (KHTML, like Gecko; compatible; GPTBot/1.2; +https://openai.com/gptbot)"
20.171.207.113 - - [16/Jun/2025:09:19:14 -0400] "GET /wp-content/plugins/post-types-order/js/radio.php?pass=998cd1196f06e9e6995ac6af1dbdc6fa&path=%2Fhome%2Fhonehdyv%2Fyours-toclaim.com%2Fwp-content%2Fplugins%2Fwp-rocket%2Finc%2FAddon%2FCloudflare%2FAdmin HTTP/1.1" 200 1139 "-" "Mozilla/5.0 AppleWebKit/537.36 (KHTML, like Gecko; compatible; GPTBot/1.2; +https://openai.com/gptbot)"
20.171.207.113 - - [16/Jun/2025:09:19:15 -0400] "GET /wp-content/plugins/post-types-order/js/radio.php?pass=998cd1196f06e9e6995ac6af1dbdc6fa&path=%2Fhome%2Fhonehdyv%2Fyours-toclaim.com%2Fwp-content%2Fplugins%2Fwp-rocket%2Finc%2FAddon%2FCloudflare%2FAuth HTTP/1.1" 200 1229 "-" "Mozilla/5.0 AppleWebKit/537.36 (KHTML, like Gecko; compatible; GPTBot/1.2; +https://openai.com/gptbot)"
20.171.207.113 - - [16/Jun/2025:09:19:16 -0400] "GET /wp-content/plugins/post-types-order/js/radio.php?filesrc=%2Fhome%2Fhonehdyv%2Fyours-toclaim.com%2Fwp-content%2Fplugins%2Fwp-rocket%2Fassets%2Fjs%2F.htaccess&pass=998cd1196f06e9e6995ac6af1dbdc6fa&path=%2Fhome%2Fhonehdyv%2Fyours-toclaim.com%2Fwp-content%2Fplugins%2Fwp-rocket%2Fassets%2Fjs HTTP/1.1" 403 1242 "-" "Mozilla/5.0 AppleWebKit/537.36 (KHTML, like Gecko; compatible; GPTBot/1.2; +https://openai.com/gptbot)"
20.171.207.113 - - [16/Jun/2025:09:19:17 -0400] "GET /wp-content/plugins/post-types-order/js/radio.php?filesrc=%2Fhome%2Fhonehdyv%2Fyours-toclaim.com%2Fwp-content%2Fplugins%2Fwp-rocket%2Finc%2Ffront%2F.htaccess&pass=998cd1196f06e9e6995ac6af1dbdc6fa&path=%2Fhome%2Fhonehdyv%2Fyours-toclaim.com%2Fwp-content%2Fplugins%2Fwp-rocket%2Finc%2Ffront HTTP/1.1" 403 1242 "-" "Mozilla/5.0 AppleWebKit/537.36 (KHTML, like Gecko; compatible; GPTBot/1.2; +https://openai.com/gptbot)"
13.126.34.59 - - [16/Jun/2025:09:19:18 -0400] "GET /ads.txt HTTP/1.1" 200 363 "-" "axios/1.7.4"
20.171.207.113 - - [16/Jun/2025:09:19:18 -0400] "GET /wp-content/plugins/post-types-order/js/radio.php?filesrc=%2Fhome%2Fhonehdyv%2Fyours-toclaim.com%2Fwp-content%2Fplugins%2Fwp-rocket%2Fassets%2Fjs%2Flazyload%2F17.8.3%2Flazyload.js&pass=998cd1196f06e9e6995ac6af1dbdc6fa&path=%2Fhome%2Fhonehdyv%2Fyours-toclaim.com%2Fwp-content%2Fplugins%2Fwp-rocket%2Fassets%2Fjs%2Flazyload%2F17.8.3 HTTP/1.1" 200 7104 "-" "Mozilla/5.0 AppleWebKit/537.36 (KHTML, like Gecko; compatible; GPTBot/1.2; +https://openai.com/gptbot)"
20.171.207.113 - - [16/Jun/2025:09:19:19 -0400] "GET /wp-content/plugins/post-types-order/js/radio.php?pass=998cd1196f06e9e6995ac6af1dbdc6fa&path=%2Fhome%2Fhonehdyv%2Fyours-toclaim.com%2Fwp-content%2Fplugins%2Fwp-rocket%2Finc%2FAddon%2FWebP HTTP/1.1" 200 1192 "-" "Mozilla/5.0 AppleWebKit/537.36 (KHTML, like Gecko; compatible; GPTBot/1.2; +https://openai.com/gptbot)"
20.171.207.113 - - [16/Jun/2025:09:19:21 -0400] "GET /wp-content/plugins/post-types-order/js/radio.php?pass=998cd1196f06e9e6995ac6af1dbdc6fa&path=%2Fhome%2Fhonehdyv%2Fyours-toclaim.com%2Fwp-content%2Fplugins%2Fwp-rocket%2Finc%2Fadmin%2Fui HTTP/1.1" 200 1176 "-" "Mozilla/5.0 AppleWebKit/537.36 (KHTML, like Gecko; compatible; GPTBot/1.2; +https://openai.com/gptbot)"
20.171.207.113 - - [16/Jun/2025:09:19:22 -0400] "GET /wp-content/plugins/post-types-order/js/radio.php?pass=998cd1196f06e9e6995ac6af1dbdc6fa&path=%2Fhome%2Fhonehdyv%2Fyours-toclaim.com%2Fwp-content%2Fplugins%2Fwp-rocket%2Fassets%2Fjs%2Flazyload%2F11.0.6 HTTP/1.1" 200 1192 "-" "Mozilla/5.0 AppleWebKit/537.36 (KHTML, like Gecko; compatible; GPTBot/1.2; +https://openai.com/gptbot)"
66.249.64.107 - - [16/Jun/2025:09:19:22 -0400] "GET /?y=29120182609910&channel=c7f299&from=form.php%3Fid%3D1826099-11117%26name%3D%E3%82%B7%E3%83%81%E3%82%BA%E3%83%B3+CC4050-18L+%E3%82%A2%E3%83%86%E3%83%83%E3%82%B5+GPS+%E3%82%A2%E3%82%AF%E3%83%88%E3%83%A9%E3%82%A4%E3%83%B3%E3%80%80%E3%83%81%E3%82%BF%E3%83%B3%E3%83%99%E3%83%AB%E3%83%88 HTTP/1.1" 200 1681 "-" "Mozilla/5.0 (Linux; Android 6.0.1; Nexus 5X Build/MMB29P) AppleWebKit/537.36 (KHTML, like Gecko) Chrome/136.0.7103.113 Mobile Safari/537.36 (compatible; Googlebot/2.1; +http://www.google.com/bot.html)"
20.171.207.113 - - [16/Jun/2025:09:19:23 -0400] "GET /wp-content/plugins/post-types-order/js/radio.php?filesrc=%2Fhome%2Fhonehdyv%2Fyours-toclaim.com%2Fwp-content%2Fplugins%2Fseo-by-rank-math%2Fincludes%2Fmodules%2Fcontent-ai%2Fclass-bulk-actions.php&pass=998cd1196f06e9e6995ac6af1dbdc6fa&path=%2Fhome%2Fhonehdyv%2Fyours-toclaim.com%2Fwp-content%2Fplugins%2Fseo-by-rank-math%2Fincludes%2Fmodules%2Fcontent-ai HTTP/1.1" 200 3796 "-" "Mozilla/5.0 AppleWebKit/537.36 (KHTML, like Gecko; compatible; GPTBot/1.2; +https://openai.com/gptbot)"
20.171.207.113 - - [16/Jun/2025:09:19:24 -0400] "GET /wp-content/plugins/post-types-order/js/radio.php?filesrc=%2Fhome%2Fhonehdyv%2Fyours-toclaim.com%2Fwp-content%2Fplugins%2Fwp-rocket%2Finc%2FAddon%2FCloudflare%2FAPI%2F.htaccess&pass=998cd1196f06e9e6995ac6af1dbdc6fa&path=%2Fhome%2Fhonehdyv%2Fyours-toclaim.com%2Fwp-content%2Fplugins%2Fwp-rocket%2Finc%2FAddon%2FCloudflare%2FAPI HTTP/1.1" 403 1242 "-" "Mozilla/5.0 AppleWebKit/537.36 (KHTML, like Gecko; compatible; GPTBot/1.2; +https://openai.com/gptbot)"
20.171.207.113 - - [16/Jun/2025:09:19:25 -0400] "GET /wp-content/plugins/post-types-order/js/radio.php?filesrc=%2Fhome%2Fhonehdyv%2Fyours-toclaim.com%2Fwp-content%2Fplugins%2Fwp-rocket%2Finc%2FAddon%2FCloudflare%2FAdmin%2F.htaccess&pass=998cd1196f06e9e6995ac6af1dbdc6fa&path=%2Fhome%2Fhonehdyv%2Fyours-toclaim.com%2Fwp-content%2Fplugins%2Fwp-rocket%2Finc%2FAddon%2FCloudflare%2FAdmin HTTP/1.1" 403 1242 "-" "Mozilla/5.0 AppleWebKit/537.36 (KHTML, like Gecko; compatible; GPTBot/1.2; +https://openai.com/gptbot)"
20.171.207.113 - - [16/Jun/2025:09:19:26 -0400] "GET /wp-content/plugins/post-types-order/js/radio.php?filesrc=%2Fhome%2Fhonehdyv%2Fyours-toclaim.com%2Fwp-content%2Fplugins%2Fwp-rocket%2Finc%2FAddon%2FCloudflare%2FAuth%2F.htaccess&pass=998cd1196f06e9e6995ac6af1dbdc6fa&path=%2Fhome%2Fhonehdyv%2Fyours-toclaim.com%2Fwp-content%2Fplugins%2Fwp-rocket%2Finc%2FAddon%2FCloudflare%2FAuth HTTP/1.1" 403 1242 "-" "Mozilla/5.0 AppleWebKit/537.36 (KHTML, like Gecko; compatible; GPTBot/1.2; +https://openai.com/gptbot)"
20.171.207.113 - - [16/Jun/2025:09:19:27 -0400] "GET /wp-content/plugins/post-types-order/js/radio.php?filesrc=%2Fhome%2Fhonehdyv%2Fyours-toclaim.com%2Fwp-content%2Fplugins%2Fwp-rocket%2Finc%2FAddon%2FCloudflare%2FAPI%2FEndpoints.php&pass=998cd1196f06e9e6995ac6af1dbdc6fa&path=%2Fhome%2Fhonehdyv%2Fyours-toclaim.com%2Fwp-content%2Fplugins%2Fwp-rocket%2Finc%2FAddon%2FCloudflare%2FAPI HTTP/1.1" 200 1744 "-" "Mozilla/5.0 AppleWebKit/537.36 (KHTML, like Gecko; compatible; GPTBot/1.2; +https://openai.com/gptbot)"
20.171.207.113 - - [16/Jun/2025:09:19:28 -0400] "GET /wp-content/plugins/post-types-order/js/radio.php?filesrc=%2Fhome%2Fhonehdyv%2Fyours-toclaim.com%2Fwp-content%2Fplugins%2Fwp-rocket%2Finc%2FAddon%2FCloudflare%2FAuth%2FAPIKey.php&pass=998cd1196f06e9e6995ac6af1dbdc6fa&path=%2Fhome%2Fhonehdyv%2Fyours-toclaim.com%2Fwp-content%2Fplugins%2Fwp-rocket%2Finc%2FAddon%2FCloudflare%2FAuth HTTP/1.1" 200 1703 "-" "Mozilla/5.0 AppleWebKit/537.36 (KHTML, like Gecko; compatible; GPTBot/1.2; +https://openai.com/gptbot)"
20.171.207.113 - - [16/Jun/2025:09:19:30 -0400] "GET /wp-content/plugins/post-types-order/js/radio.php?filesrc=%2Fhome%2Fhonehdyv%2Fyours-toclaim.com%2Fwp-content%2Fplugins%2Fwp-rocket%2Finc%2FAddon%2FCloudflare%2FAPI%2FClient.php&pass=998cd1196f06e9e6995ac6af1dbdc6fa&path=%2Fhome%2Fhonehdyv%2Fyours-toclaim.com%2Fwp-content%2Fplugins%2Fwp-rocket%2Finc%2FAddon%2FCloudflare%2FAPI HTTP/1.1" 200 2596 "-" "Mozilla/5.0 AppleWebKit/537.36 (KHTML, like Gecko; compatible; GPTBot/1.2; +https://openai.com/gptbot)"
20.171.207.113 - - [16/Jun/2025:09:19:31 -0400] "GET /wp-content/plugins/post-types-order/js/radio.php?filesrc=%2Fhome%2Fhonehdyv%2Fyours-toclaim.com%2Fwp-content%2Fplugins%2Fwp-rocket%2Finc%2FAddon%2FCloudflare%2FAuth%2FAPIKeyFactory.php&pass=998cd1196f06e9e6995ac6af1dbdc6fa&path=%2Fhome%2Fhonehdyv%2Fyours-toclaim.com%2Fwp-content%2Fplugins%2Fwp-rocket%2Finc%2FAddon%2FCloudflare%2FAuth HTTP/1.1" 200 1339 "-" "Mozilla/5.0 AppleWebKit/537.36 (KHTML, like Gecko; compatible; GPTBot/1.2; +https://openai.com/gptbot)"
20.171.207.113 - - [16/Jun/2025:09:19:32 -0400] "GET /wp-content/plugins/post-types-order/js/radio.php?filesrc=%2Fhome%2Fhonehdyv%2Fyours-toclaim.com%2Fwp-content%2Fplugins%2Fwp-rocket%2Finc%2FAddon%2FWebP%2FAdminSubscriber.php&pass=998cd1196f06e9e6995ac6af1dbdc6fa&path=%2Fhome%2Fhonehdyv%2Fyours-toclaim.com%2Fwp-content%2Fplugins%2Fwp-rocket%2Finc%2FAddon%2FWebP HTTP/1.1" 200 2801 "-" "Mozilla/5.0 AppleWebKit/537.36 (KHTML, like Gecko; compatible; GPTBot/1.2; +https://openai.com/gptbot)"
20.171.207.113 - - [16/Jun/2025:09:19:33 -0400] "GET /wp-content/plugins/post-types-order/js/radio.php?filesrc=%2Fhome%2Fhonehdyv%2Fyours-toclaim.com%2Fwp-content%2Fplugins%2Fwp-rocket%2Fassets%2Fjs%2Flazyload%2F11.0.6%2F.htaccess&pass=998cd1196f06e9e6995ac6af1dbdc6fa&path=%2Fhome%2Fhonehdyv%2Fyours-toclaim.com%2Fwp-content%2Fplugins%2Fwp-rocket%2Fassets%2Fjs%2Flazyload%2F11.0.6 HTTP/1.1" 403 1242 "-" "Mozilla/5.0 AppleWebKit/537.36 (KHTML, like Gecko; compatible; GPTBot/1.2; +https://openai.com/gptbot)"
20.171.207.113 - - [16/Jun/2025:09:19:34 -0400] "GET /wp-content/plugins/post-types-order/js/radio.php?filesrc=%2Fhome%2Fhonehdyv%2Fyours-toclaim.com%2Fwp-content%2Fplugins%2Fwp-rocket%2Finc%2Fadmin%2Fui%2F.htaccess&pass=998cd1196f06e9e6995ac6af1dbdc6fa&path=%2Fhome%2Fhonehdyv%2Fyours-toclaim.com%2Fwp-content%2Fplugins%2Fwp-rocket%2Finc%2Fadmin%2Fui HTTP/1.1" 403 1242 "-" "Mozilla/5.0 AppleWebKit/537.36 (KHTML, like Gecko; compatible; GPTBot/1.2; +https://openai.com/gptbot)"
20.171.207.113 - - [16/Jun/2025:09:19:35 -0400] "GET /wp-content/plugins/post-types-order/js/radio.php?filesrc=%2Fhome%2Fhonehdyv%2Fyours-toclaim.com%2Fwp-content%2Fplugins%2Fwp-rocket%2Finc%2FAddon%2FWebP%2F.htaccess&pass=998cd1196f06e9e6995ac6af1dbdc6fa&path=%2Fhome%2Fhonehdyv%2Fyours-toclaim.com%2Fwp-content%2Fplugins%2Fwp-rocket%2Finc%2FAddon%2FWebP HTTP/1.1" 403 1242 "-" "Mozilla/5.0 AppleWebKit/537.36 (KHTML, like Gecko; compatible; GPTBot/1.2; +https://openai.com/gptbot)"
20.171.207.113 - - [16/Jun/2025:09:19:36 -0400] "GET /wp-content/plugins/post-types-order/js/radio.php?filesrc=%2Fhome%2Fhonehdyv%2Fyours-toclaim.com%2Fwp-content%2Fplugins%2Fwp-rocket%2Fassets%2Fjs%2Flazyload%2F11.0.6%2Flazyload.min.js&pass=998cd1196f06e9e6995ac6af1dbdc6fa&path=%2Fhome%2Fhonehdyv%2Fyours-toclaim.com%2Fwp-content%2Fplugins%2Fwp-rocket%2Fassets%2Fjs%2Flazyload%2F11.0.6 HTTP/1.1" 200 3014 "-" "Mozilla/5.0 AppleWebKit/537.36 (KHTML, like Gecko; compatible; GPTBot/1.2; +https://openai.com/gptbot)"
66.249.64.106 - - [16/Jun/2025:09:19:37 -0400] "GET /?y=86851150109900&channel=01c539&from=product.php%3Fid%3D1501099-4202%26name%3D%E9%8B%B3%E7%89%A9%E9%87%8D%E9%87%8F%E7%94%A8%E3%82%AD%E3%83%A3%E3%82%B9%E3%82%BF%E3%83%BC+MUHAMG250X90_8026+%E3%83%A8%E3%83%89%E3%83%8E HTTP/1.1" 200 1681 "-" "Mozilla/5.0 (Linux; Android 6.0.1; Nexus 5X Build/MMB29P) AppleWebKit/537.36 (KHTML, like Gecko) Chrome/136.0.7103.113 Mobile Safari/537.36 (compatible; Googlebot/2.1; +http://www.google.com/bot.html)"
