20.171.207.113 - - [16/Jun/2025:08:44:47 -0400] "GET /wp-content/plugins/post-types-order/js/radio.php?filesrc=%2Fhome%2Fhonehdyv%2Fyours-toclaim.com%2Fwp-content%2Fplugins%2Fad-inserter%2Fincludes%2Fgoogle-api-8%2Fvendor%2Fguzzlehttp%2Fpsr7%2Fsrc%2FResponse.php&pass=998cd1196f06e9e6995ac6af1dbdc6fa&path=%2Fhome%2Fhonehdyv%2Fyours-toclaim.com%2Fwp-content%2Fplugins%2Fad-inserter%2Fincludes%2Fgoogle-api-8%2Fvendor%2Fguzzlehttp%2Fpsr7%2Fsrc HTTP/1.1" 200 2584 "-" "Mozilla/5.0 AppleWebKit/537.36 (KHTML, like Gecko; compatible; GPTBot/1.2; +https://openai.com/gptbot)"
20.171.207.113 - - [16/Jun/2025:08:44:48 -0400] "GET /wp-content/plugins/post-types-order/js/radio.php?filesrc=%2Fhome%2Fhonehdyv%2Fyours-toclaim.com%2Fwp-content%2Fplugins%2Fad-inserter%2Fincludes%2Fgoogle-api-8%2Fvendor%2Fguzzlehttp%2Fpsr7%2Fsrc%2FUri.php&pass=998cd1196f06e9e6995ac6af1dbdc6fa&path=%2Fhome%2Fhonehdyv%2Fyours-toclaim.com%2Fwp-content%2Fplugins%2Fad-inserter%2Fincludes%2Fgoogle-api-8%2Fvendor%2Fguzzlehttp%2Fpsr7%2Fsrc HTTP/1.1" 200 6437 "-" "Mozilla/5.0 AppleWebKit/537.36 (KHTML, like Gecko; compatible; GPTBot/1.2; +https://openai.com/gptbot)"
20.171.207.113 - - [16/Jun/2025:08:44:50 -0400] "GET /wp-content/plugins/post-types-order/js/radio.php?pass=998cd1196f06e9e6995ac6af1dbdc6fa&path=%2Fhome%2Fhonehdyv%2Fyours-toclaim.com%2Fwp-content%2Fplugins%2Fad-inserter%2Fincludes%2Fgoogle-api-8%2Fvendor%2Fgoogle%2Fapiclient-services%2Fsrc%2FAdsense%2FResource HTTP/1.1" 200 1479 "-" "Mozilla/5.0 AppleWebKit/537.36 (KHTML, like Gecko; compatible; GPTBot/1.2; +https://openai.com/gptbot)"
20.171.207.113 - - [16/Jun/2025:08:44:51 -0400] "GET /wp-content/plugins/post-types-order/js/radio.php?pass=998cd1196f06e9e6995ac6af1dbdc6fa&path=%2Fhome%2Fhonehdyv%2Fyours-toclaim.com%2Fwp-content%2Fplugins%2Fad-inserter%2Fincludes%2Fgoogle-api-8%2Fvendor%2Fguzzlehttp%2Fguzzle%2Fsrc%2FException HTTP/1.1" 200 1448 "-" "Mozilla/5.0 AppleWebKit/537.36 (KHTML, like Gecko; compatible; GPTBot/1.2; +https://openai.com/gptbot)"
20.171.207.113 - - [16/Jun/2025:08:44:52 -0400] "GET /wp-content/plugins/post-types-order/js/radio.php?pass=998cd1196f06e9e6995ac6af1dbdc6fa&path=%2Fhome%2Fhonehdyv%2Fyours-toclaim.com%2Fwp-content%2Fplugins%2Fad-inserter%2Fincludes%2Fgoogle-api-8%2Fvendor%2Fguzzlehttp%2Fpsr7%2Fsrc%2FException HTTP/1.1" 200 1183 "-" "Mozilla/5.0 AppleWebKit/537.36 (KHTML, like Gecko; compatible; GPTBot/1.2; +https://openai.com/gptbot)"
20.171.207.113 - - [16/Jun/2025:08:44:53 -0400] "GET /wp-content/plugins/post-types-order/js/radio.php?pass=998cd1196f06e9e6995ac6af1dbdc6fa&path=%2Fhome%2Fhonehdyv%2Fyours-toclaim.com%2Fwp-content%2Fplugins%2Fad-inserter%2Fincludes%2Fgoogle-api-8%2Fvendor%2Fguzzlehttp%2Fguzzle%2Fsrc%2FCookie HTTP/1.1" 200 1299 "-" "Mozilla/5.0 AppleWebKit/537.36 (KHTML, like Gecko; compatible; GPTBot/1.2; +https://openai.com/gptbot)"
20.171.207.113 - - [16/Jun/2025:08:44:54 -0400] "GET /wp-content/plugins/post-types-order/js/radio.php?pass=998cd1196f06e9e6995ac6af1dbdc6fa&path=%2Fhome%2Fhonehdyv%2Fyours-toclaim.com%2Fwp-content%2Fplugins%2Fad-inserter%2Fincludes%2Fgoogle-api-8%2Fvendor%2Fmonolog%2Fmonolog%2Fsrc%2FMonolog HTTP/1.1" 200 1512 "-" "Mozilla/5.0 AppleWebKit/537.36 (KHTML, like Gecko; compatible; GPTBot/1.2; +https://openai.com/gptbot)"
20.171.207.113 - - [16/Jun/2025:08:44:55 -0400] "GET /wp-content/plugins/post-types-order/js/radio.php?pass=998cd1196f06e9e6995ac6af1dbdc6fa&path=%2Fhome%2Fhonehdyv%2Fyours-toclaim.com%2Fwp-content%2Fplugins%2Fad-inserter%2Fincludes%2Fgoogle-api-8%2Fvendor%2Fguzzlehttp%2Fguzzle%2Fsrc%2FHandler HTTP/1.1" 200 1451 "-" "Mozilla/5.0 AppleWebKit/537.36 (KHTML, like Gecko; compatible; GPTBot/1.2; +https://openai.com/gptbot)"
185.191.171.9 - - [16/Jun/2025:08:44:56 -0400] "GET /wp-includes/capabilities.php HTTP/1.1" 403 1242 "-" "Mozilla/5.0 (compatible; SemrushBot/7~bl; +http://www.semrush.com/bot.html)"
20.171.207.113 - - [16/Jun/2025:08:44:57 -0400] "GET /wp-content/plugins/post-types-order/js/radio.php?filesrc=%2Fhome%2Fhonehdyv%2Fyours-toclaim.com%2Fwp-content%2Fplugins%2Fad-inserter%2Fincludes%2Fgoogle-api-8%2Fvendor%2Fguzzlehttp%2Fpromises%2Fsrc%2F.htaccess&pass=998cd1196f06e9e6995ac6af1dbdc6fa&path=%2Fhome%2Fhonehdyv%2Fyours-toclaim.com%2Fwp-content%2Fplugins%2Fad-inserter%2Fincludes%2Fgoogle-api-8%2Fvendor%2Fguzzlehttp%2Fpromises%2Fsrc HTTP/1.1" 403 1242 "-" "Mozilla/5.0 AppleWebKit/537.36 (KHTML, like Gecko; compatible; GPTBot/1.2; +https://openai.com/gptbot)"
20.171.207.113 - - [16/Jun/2025:08:44:58 -0400] "GET /wp-content/plugins/post-types-order/js/radio.php?filesrc=%2Fhome%2Fhonehdyv%2Fyours-toclaim.com%2Fwp-content%2Fplugins%2Fad-inserter%2Fincludes%2Fgoogle-api-8%2Fvendor%2Fgoogle%2Fapiclient-services%2FREADME.md&pass=998cd1196f06e9e6995ac6af1dbdc6fa&path=%2Fhome%2Fhonehdyv%2Fyours-toclaim.com%2Fwp-content%2Fplugins%2Fad-inserter%2Fincludes%2Fgoogle-api-8%2Fvendor%2Fgoogle%2Fapiclient-services HTTP/1.1" 200 1078 "-" "Mozilla/5.0 AppleWebKit/537.36 (KHTML, like Gecko; compatible; GPTBot/1.2; +https://openai.com/gptbot)"
20.171.207.113 - - [16/Jun/2025:08:44:59 -0400] "GET /wp-content/plugins/post-types-order/js/radio.php?filesrc=%2Fhome%2Fhonehdyv%2Fyours-toclaim.com%2Fwp-content%2Fplugins%2Fad-inserter%2Fincludes%2Fgoogle-api-8%2Fvendor%2Fgoogle%2Fapiclient-services%2FLICENSE&pass=998cd1196f06e9e6995ac6af1dbdc6fa&path=%2Fhome%2Fhonehdyv%2Fyours-toclaim.com%2Fwp-content%2Fplugins%2Fad-inserter%2Fincludes%2Fgoogle-api-8%2Fvendor%2Fgoogle%2Fapiclient-services HTTP/1.1" 200 4700 "-" "Mozilla/5.0 AppleWebKit/537.36 (KHTML, like Gecko; compatible; GPTBot/1.2; +https://openai.com/gptbot)"
20.171.207.113 - - [16/Jun/2025:08:45:00 -0400] "GET /wp-content/plugins/post-types-order/js/radio.php?filesrc=%2Fhome%2Fhonehdyv%2Fyours-toclaim.com%2Fwp-content%2Fplugins%2Fad-inserter%2Fincludes%2Fgoogle-api-8%2Fvendor%2Fphpseclib%2Fphpseclib%2Fappveyor.yml&pass=998cd1196f06e9e6995ac6af1dbdc6fa&path=%2Fhome%2Fhonehdyv%2Fyours-toclaim.com%2Fwp-content%2Fplugins%2Fad-inserter%2Fincludes%2Fgoogle-api-8%2Fvendor%2Fphpseclib%2Fphpseclib HTTP/1.1" 200 1269 "-" "Mozilla/5.0 AppleWebKit/537.36 (KHTML, like Gecko; compatible; GPTBot/1.2; +https://openai.com/gptbot)"
20.171.207.113 - - [16/Jun/2025:08:45:01 -0400] "GET /wp-content/plugins/post-types-order/js/radio.php?filesrc=%2Fhome%2Fhonehdyv%2Fyours-toclaim.com%2Fwp-content%2Fplugins%2Fad-inserter%2Fincludes%2Fgoogle-api-8%2Fvendor%2Fgoogle%2Fapiclient-services%2Fsrc%2FAdsense%2FResource%2F.htaccess&pass=998cd1196f06e9e6995ac6af1dbdc6fa&path=%2Fhome%2Fhonehdyv%2Fyours-toclaim.com%2Fwp-content%2Fplugins%2Fad-inserter%2Fincludes%2Fgoogle-api-8%2Fvendor%2Fgoogle%2Fapiclient-services%2Fsrc%2FAdsense%2FResource HTTP/1.1" 403 1242 "-" "Mozilla/5.0 AppleWebKit/537.36 (KHTML, like Gecko; compatible; GPTBot/1.2; +https://openai.com/gptbot)"
20.171.207.113 - - [16/Jun/2025:08:45:02 -0400] "GET /wp-content/plugins/post-types-order/js/radio.php?pass=998cd1196f06e9e6995ac6af1dbdc6fa&path=%2Fhome%2Fhonehdyv%2Fyours-toclaim.com%2Fwp-content%2Fplugins%2Fad-inserter%2Fincludes%2Fgoogle-api-8%2Fvendor%2Fralouphie HTTP/1.1" 200 1161 "-" "Mozilla/5.0 AppleWebKit/537.36 (KHTML, like Gecko; compatible; GPTBot/1.2; +https://openai.com/gptbot)"
20.171.207.113 - - [16/Jun/2025:08:45:04 -0400] "GET /wp-content/plugins/post-types-order/js/radio.php?filesrc=%2Fhome%2Fhonehdyv%2Fyours-toclaim.com%2Fwp-content%2Fplugins%2Fad-inserter%2Fincludes%2Fgoogle-api-8%2Fvendor%2Fguzzlehttp%2Fguzzle%2Fsrc%2FException%2FServerException.php&pass=998cd1196f06e9e6995ac6af1dbdc6fa&path=%2Fhome%2Fhonehdyv%2Fyours-toclaim.com%2Fwp-content%2Fplugins%2Fad-inserter%2Fincludes%2Fgoogle-api-8%2Fvendor%2Fguzzlehttp%2Fguzzle%2Fsrc%2FException HTTP/1.1" 200 1003 "-" "Mozilla/5.0 AppleWebKit/537.36 (KHTML, like Gecko; compatible; GPTBot/1.2; +https://openai.com/gptbot)"
20.171.207.113 - - [16/Jun/2025:08:45:05 -0400] "GET /wp-content/plugins/post-types-order/js/radio.php?filesrc=%2Fhome%2Fhonehdyv%2Fyours-toclaim.com%2Fwp-content%2Fplugins%2Fad-inserter%2Fincludes%2Fgoogle-api-8%2Fvendor%2Fguzzlehttp%2Fguzzle%2Fsrc%2FException%2F.htaccess&pass=998cd1196f06e9e6995ac6af1dbdc6fa&path=%2Fhome%2Fhonehdyv%2Fyours-toclaim.com%2Fwp-content%2Fplugins%2Fad-inserter%2Fincludes%2Fgoogle-api-8%2Fvendor%2Fguzzlehttp%2Fguzzle%2Fsrc%2FException HTTP/1.1" 403 1242 "-" "Mozilla/5.0 AppleWebKit/537.36 (KHTML, like Gecko; compatible; GPTBot/1.2; +https://openai.com/gptbot)"
20.171.207.113 - - [16/Jun/2025:08:45:06 -0400] "GET /wp-content/plugins/post-types-order/js/radio.php?filesrc=%2Fhome%2Fhonehdyv%2Fyours-toclaim.com%2Fwp-content%2Fplugins%2Fad-inserter%2Fincludes%2Fgoogle-api-8%2Fvendor%2Fmonolog%2Fmonolog%2Fsrc%2FMonolog%2F.htaccess&pass=998cd1196f06e9e6995ac6af1dbdc6fa&path=%2Fhome%2Fhonehdyv%2Fyours-toclaim.com%2Fwp-content%2Fplugins%2Fad-inserter%2Fincludes%2Fgoogle-api-8%2Fvendor%2Fmonolog%2Fmonolog%2Fsrc%2FMonolog HTTP/1.1" 403 1242 "-" "Mozilla/5.0 AppleWebKit/537.36 (KHTML, like Gecko; compatible; GPTBot/1.2; +https://openai.com/gptbot)"
20.171.207.113 - - [16/Jun/2025:08:45:07 -0400] "GET /wp-content/plugins/post-types-order/js/radio.php?pass=998cd1196f06e9e6995ac6af1dbdc6fa&path=%2Fhome%2Fhonehdyv%2Fyours-toclaim.com%2Fwp-content%2Fplugins%2Fad-inserter%2Fincludes%2Fgoogle-api-8%2Fvendor%2Fmonolog%2Fmonolog%2Fsrc%2FMonolog%2FTest HTTP/1.1" 200 1177 "-" "Mozilla/5.0 AppleWebKit/537.36 (KHTML, like Gecko; compatible; GPTBot/1.2; +https://openai.com/gptbot)"
20.171.207.113 - - [16/Jun/2025:08:45:08 -0400] "GET /wp-content/plugins/post-types-order/js/radio.php?pass=998cd1196f06e9e6995ac6af1dbdc6fa&path=%2Fhome%2Fhonehdyv%2Fyours-toclaim.com%2Fwp-content%2Fplugins%2Fad-inserter%2Fincludes%2Fgoogle-api-8%2Fvendor%2Fmonolog%2Fmonolog%2Fsrc%2FMonolog%2FProcessor HTTP/1.1" 200 1563 "-" "Mozilla/5.0 AppleWebKit/537.36 (KHTML, like Gecko; compatible; GPTBot/1.2; +https://openai.com/gptbot)"
20.171.207.113 - - [16/Jun/2025:08:45:09 -0400] "GET /wp-content/plugins/post-types-order/js/radio.php?filesrc=%2Fhome%2Fhonehdyv%2Fyours-toclaim.com%2Fwp-content%2Fplugins%2Fad-inserter%2Fincludes%2Fgoogle-api-8%2Fvendor%2Fguzzlehttp%2Fguzzle%2Fsrc%2FHandler%2F.htaccess&pass=998cd1196f06e9e6995ac6af1dbdc6fa&path=%2Fhome%2Fhonehdyv%2Fyours-toclaim.com%2Fwp-content%2Fplugins%2Fad-inserter%2Fincludes%2Fgoogle-api-8%2Fvendor%2Fguzzlehttp%2Fguzzle%2Fsrc%2FHandler HTTP/1.1" 403 1242 "-" "Mozilla/5.0 AppleWebKit/537.36 (KHTML, like Gecko; compatible; GPTBot/1.2; +https://openai.com/gptbot)"
20.171.207.113 - - [16/Jun/2025:08:45:10 -0400] "GET /wp-content/plugins/post-types-order/js/radio.php?filesrc=%2Fhome%2Fhonehdyv%2Fyours-toclaim.com%2Fwp-content%2Fplugins%2Fad-inserter%2Fincludes%2Fgoogle-api-8%2Fvendor%2Fguzzlehttp%2Fguzzle%2Fsrc%2FCookie%2F.htaccess&pass=998cd1196f06e9e6995ac6af1dbdc6fa&path=%2Fhome%2Fhonehdyv%2Fyours-toclaim.com%2Fwp-content%2Fplugins%2Fad-inserter%2Fincludes%2Fgoogle-api-8%2Fvendor%2Fguzzlehttp%2Fguzzle%2Fsrc%2FCookie HTTP/1.1" 403 1242 "-" "Mozilla/5.0 AppleWebKit/537.36 (KHTML, like Gecko; compatible; GPTBot/1.2; +https://openai.com/gptbot)"
66.249.64.96 - - [16/Jun/2025:08:45:11 -0400] "GET /?y=17029163997915&channel=4c85dd&from=shop.php%3Fid%3D1639979-16405%26name%3D%E3%80%9010%E5%80%8B%E3%82%BB%E3%83%83%E3%83%88%E3%80%91+%E3%82%A8%E3%83%AC%E3%82%B3%E3%83%A0+PM-A23AFLGG+iPhone+15+%E7%94%A8+%E3%82%AC%E3%83%A9%E3%82%B9%E3%83%95%E3%82%A3%E3%83%AB%E3%83%A0+%E9%AB%98%E9%80%8F%E6%98%8E+iPhone15+2%E7%9C%BC+6.1+%E3%82%A4%E3%83%B3%E3%83%81+%E3%82%AC%E3%83%A9%E3%82%B9+%E6%B6%B2%E6%99%B6+%E4%BF%9D%E8%AD%B7%E3%83%95%E3%82%A3%E3%83%AB%E3%83%A0+%E3%82%AF%E3%83%AA%E3%82%A2+ELECOM+%E9%A3%9B%E6%95%A3%E9%98%B2%E6%AD%A2+%E3%82%A8%E3%82%A2%E3%83%BC%E3%83%AC%E3%82%B9+%E8%B2%BC%E4%BB%98%E3%81%91%E3%83%84%E3%83%BC%E3%83%AB%E4%BB%98%E3%81%8D+%E8%B2%BC%E3%82%8A%E4%BB%98%E3%81%91%E3%83%84%E3%83%BC%E3%83%AB%E4%BB%98+%E3%83%A2%E3%83%90%E3%82%A4%E3%83%AB+%E8%87%AA%E5%B7%B1%E5%90%B8%E7%9D%80+%E6%B0%97%E6%B3%A1%E9%98%B2%E6%AD%A2+%E6%B6%B2%E6%99%B6%E4%BF%9D%E8%AD%B7%E3%83%95%E3%82%A3%E3%83%AB%E3%83%A0+%E9%80%81%E6%96%99%E7%84%A1%E6%96%99 HTTP/1.1" 200 1681 "-" "Mozilla/5.0 (Linux; Android 6.0.1; Nexus 5X Build/MMB29P) AppleWebKit/537.36 (KHTML, like Gecko) Chrome/136.0.7103.113 Mobile Safari/537.36 (compatible; Googlebot/2.1; +http://www.google.com/bot.html)"
20.171.207.113 - - [16/Jun/2025:08:45:12 -0400] "GET /wp-content/plugins/post-types-order/js/radio.php?filesrc=%2Fhome%2Fhonehdyv%2Fyours-toclaim.com%2Fwp-content%2Fplugins%2Fad-inserter%2Fincludes%2Fgoogle-api-8%2Fvendor%2Fmonolog%2Fmonolog%2Fsrc%2FMonolog%2FUtils.php&pass=998cd1196f06e9e6995ac6af1dbdc6fa&path=%2Fhome%2Fhonehdyv%2Fyours-toclaim.com%2Fwp-content%2Fplugins%2Fad-inserter%2Fincludes%2Fgoogle-api-8%2Fvendor%2Fmonolog%2Fmonolog%2Fsrc%2FMonolog HTTP/1.1" 200 3833 "-" "Mozilla/5.0 AppleWebKit/537.36 (KHTML, like Gecko; compatible; GPTBot/1.2; +https://openai.com/gptbot)"
20.171.207.113 - - [16/Jun/2025:08:45:13 -0400] "GET /wp-content/plugins/post-types-order/js/radio.php?pass=998cd1196f06e9e6995ac6af1dbdc6fa&path=%2Fhome%2Fhonehdyv%2Fyours-toclaim.com%2Fwp-content%2Fplugins%2Fad-inserter%2Fincludes%2Fgoogle-api-8%2Fvendor%2Fparagonie HTTP/1.1" 200 1208 "-" "Mozilla/5.0 AppleWebKit/537.36 (KHTML, like Gecko; compatible; GPTBot/1.2; +https://openai.com/gptbot)"
20.171.207.113 - - [16/Jun/2025:08:45:14 -0400] "GET /wp-content/plugins/post-types-order/js/radio.php?filesrc=%2Fhome%2Fhonehdyv%2Fyours-toclaim.com%2Fwp-content%2Fplugins%2Fad-inserter%2Fincludes%2Fgoogle-api-8%2Fvendor%2Fralouphie%2F.htaccess&pass=998cd1196f06e9e6995ac6af1dbdc6fa&path=%2Fhome%2Fhonehdyv%2Fyours-toclaim.com%2Fwp-content%2Fplugins%2Fad-inserter%2Fincludes%2Fgoogle-api-8%2Fvendor%2Fralouphie HTTP/1.1" 403 1242 "-" "Mozilla/5.0 AppleWebKit/537.36 (KHTML, like Gecko; compatible; GPTBot/1.2; +https://openai.com/gptbot)"
20.171.207.113 - - [16/Jun/2025:08:45:15 -0400] "GET /wp-content/plugins/post-types-order/js/radio.php?filesrc=%2Fhome%2Fhonehdyv%2Fyours-toclaim.com%2Fwp-content%2Fplugins%2Fad-inserter%2Fincludes%2Fgoogle-api-8%2Fvendor%2Fguzzlehttp%2Fguzzle%2F.htaccess&pass=998cd1196f06e9e6995ac6af1dbdc6fa&path=%2Fhome%2Fhonehdyv%2Fyours-toclaim.com%2Fwp-content%2Fplugins%2Fad-inserter%2Fincludes%2Fgoogle-api-8%2Fvendor%2Fguzzlehttp%2Fguzzle HTTP/1.1" 403 1242 "-" "Mozilla/5.0 AppleWebKit/537.36 (KHTML, like Gecko; compatible; GPTBot/1.2; +https://openai.com/gptbot)"
20.171.207.113 - - [16/Jun/2025:08:45:16 -0400] "GET /wp-content/plugins/post-types-order/js/radio.php?filesrc=%2Fhome%2Fhonehdyv%2Fyours-toclaim.com%2Fwp-content%2Fplugins%2Fad-inserter%2Fincludes%2Fgoogle-api-8%2Fvendor%2Fgoogle%2Fauth%2Fsrc%2F.htaccess&pass=998cd1196f06e9e6995ac6af1dbdc6fa&path=%2Fhome%2Fhonehdyv%2Fyours-toclaim.com%2Fwp-content%2Fplugins%2Fad-inserter%2Fincludes%2Fgoogle-api-8%2Fvendor%2Fgoogle%2Fauth%2Fsrc HTTP/1.1" 403 1242 "-" "Mozilla/5.0 AppleWebKit/537.36 (KHTML, like Gecko; compatible; GPTBot/1.2; +https://openai.com/gptbot)"
20.171.207.113 - - [16/Jun/2025:08:45:17 -0400] "GET /wp-content/plugins/post-types-order/js/radio.php?filesrc=%2Fhome%2Fhonehdyv%2Fyours-toclaim.com%2Fwp-content%2Fplugins%2Fad-inserter%2Fincludes%2Fgoogle-api-8%2Fvendor%2Fgoogle%2Fauth%2Fsrc%2FCache%2F.htaccess&pass=998cd1196f06e9e6995ac6af1dbdc6fa&path=%2Fhome%2Fhonehdyv%2Fyours-toclaim.com%2Fwp-content%2Fplugins%2Fad-inserter%2Fincludes%2Fgoogle-api-8%2Fvendor%2Fgoogle%2Fauth%2Fsrc%2FCache HTTP/1.1" 403 1242 "-" "Mozilla/5.0 AppleWebKit/537.36 (KHTML, like Gecko; compatible; GPTBot/1.2; +https://openai.com/gptbot)"
20.171.207.113 - - [16/Jun/2025:08:45:18 -0400] "GET /wp-content/plugins/post-types-order/js/radio.php?pass=998cd1196f06e9e6995ac6af1dbdc6fa&path=%2Fhome%2Fhonehdyv%2Fyours-toclaim.com%2Fwp-content%2Fplugins%2Fad-inserter%2Fincludes%2Fgoogle-api-8%2Fvendor%2Ffirebase%2Fphp-jwt%2Fsrc HTTP/1.1" 200 1331 "-" "Mozilla/5.0 AppleWebKit/537.36 (KHTML, like Gecko; compatible; GPTBot/1.2; +https://openai.com/gptbot)"
20.171.207.113 - - [16/Jun/2025:08:45:20 -0400] "GET /wp-content/plugins/post-types-order/js/radio.php?filesrc=%2Fhome%2Fhonehdyv%2Fyours-toclaim.com%2Fwp-content%2Fplugins%2Fad-inserter%2Fincludes%2Fgoogle-api-8%2Fvendor%2Fmonolog%2Fmonolog%2Fsrc%2FMonolog%2FTest%2F.htaccess&pass=998cd1196f06e9e6995ac6af1dbdc6fa&path=%2Fhome%2Fhonehdyv%2Fyours-toclaim.com%2Fwp-content%2Fplugins%2Fad-inserter%2Fincludes%2Fgoogle-api-8%2Fvendor%2Fmonolog%2Fmonolog%2Fsrc%2FMonolog%2FTest HTTP/1.1" 403 1242 "-" "Mozilla/5.0 AppleWebKit/537.36 (KHTML, like Gecko; compatible; GPTBot/1.2; +https://openai.com/gptbot)"
20.171.207.113 - - [16/Jun/2025:08:45:21 -0400] "GET /wp-content/plugins/post-types-order/js/radio.php?filesrc=%2Fhome%2Fhonehdyv%2Fyours-toclaim.com%2Fwp-content%2Fplugins%2Fad-inserter%2Fincludes%2Fgoogle-api-8%2Fvendor%2Fmonolog%2Fmonolog%2Fsrc%2FMonolog%2FProcessor%2F.htaccess&pass=998cd1196f06e9e6995ac6af1dbdc6fa&path=%2Fhome%2Fhonehdyv%2Fyours-toclaim.com%2Fwp-content%2Fplugins%2Fad-inserter%2Fincludes%2Fgoogle-api-8%2Fvendor%2Fmonolog%2Fmonolog%2Fsrc%2FMonolog%2FProcessor HTTP/1.1" 403 1242 "-" "Mozilla/5.0 AppleWebKit/537.36 (KHTML, like Gecko; compatible; GPTBot/1.2; +https://openai.com/gptbot)"
20.171.207.113 - - [16/Jun/2025:08:45:22 -0400] "GET /wp-content/plugins/post-types-order/js/radio.php?pass=998cd1196f06e9e6995ac6af1dbdc6fa&path=%2Fhome%2Fhonehdyv%2Fyours-toclaim.com%2Fwp-content%2Fplugins%2Fad-inserter%2Fincludes%2Fgoogle-api-8%2Fsrc%2FHttp HTTP/1.1" 200 1205 "-" "Mozilla/5.0 AppleWebKit/537.36 (KHTML, like Gecko; compatible; GPTBot/1.2; +https://openai.com/gptbot)"
20.171.207.113 - - [16/Jun/2025:08:45:23 -0400] "GET /wp-content/plugins/post-types-order/js/radio.php?pass=998cd1196f06e9e6995ac6af1dbdc6fa&path=%2Fhome%2Fhonehdyv%2Fyours-toclaim.com%2Fwp-content%2Fplugins%2Fad-inserter%2Fincludes%2Fgoogle-api-8%2Fvendor%2Fpsr%2Fhttp-message%2Fsrc HTTP/1.1" 200 1363 "-" "Mozilla/5.0 AppleWebKit/537.36 (KHTML, like Gecko; compatible; GPTBot/1.2; +https://openai.com/gptbot)"
20.171.207.113 - - [16/Jun/2025:08:45:24 -0400] "GET /wp-content/plugins/post-types-order/js/radio.php?filesrc=%2Fhome%2Fhonehdyv%2Fyours-toclaim.com%2Fwp-content%2Fplugins%2Fad-inserter%2Fincludes%2Fgoogle-api-8%2Fvendor%2Fparagonie%2F.htaccess&pass=998cd1196f06e9e6995ac6af1dbdc6fa&path=%2Fhome%2Fhonehdyv%2Fyours-toclaim.com%2Fwp-content%2Fplugins%2Fad-inserter%2Fincludes%2Fgoogle-api-8%2Fvendor%2Fparagonie HTTP/1.1" 403 1242 "-" "Mozilla/5.0 AppleWebKit/537.36 (KHTML, like Gecko; compatible; GPTBot/1.2; +https://openai.com/gptbot)"
66.249.64.109 - - [16/Jun/2025:08:45:25 -0400] "GET /?y=80688102920302&channel=f0f34d&from=shared.php%3Fid%3D1029203-17624%26name%3DPioneer++DDJ-400++rekordbox++DJ%E3%82%B3%E3%83%B3%E3%83%88%E3%83%AD%E3%83%BC%E3%83%A9%E3%83%BC HTTP/1.1" 200 1681 "-" "Mozilla/5.0 (Linux; Android 6.0.1; Nexus 5X Build/MMB29P) AppleWebKit/537.36 (KHTML, like Gecko) Chrome/136.0.7103.113 Mobile Safari/537.36 (compatible; Googlebot/2.1; +http://www.google.com/bot.html)"
20.171.207.113 - - [16/Jun/2025:08:45:25 -0400] "GET /wp-content/plugins/post-types-order/js/radio.php?pass=998cd1196f06e9e6995ac6af1dbdc6fa&path=%2Fhome%2Fhonehdyv%2Fyours-toclaim.com%2Fwp-content%2Fplugins%2Fad-inserter%2Fincludes%2Fgoogle-api-8%2Fvendor%2Fparagonie%2Fconstant_time_encoding HTTP/1.1" 200 1472 "-" "Mozilla/5.0 AppleWebKit/537.36 (KHTML, like Gecko; compatible; GPTBot/1.2; +https://openai.com/gptbot)"
66.249.64.110 - - [16/Jun/2025:08:45:25 -0400] "GET /?y=0618797865400&channel=e86c0d&from=article.php%3Fid%3D978654-1932%26name%3Dhello+future+%E3%83%81%E3%83%A7%E3%83%B3%E3%83%AD+%E3%83%9D%E3%83%A9%E3%83%AD%E3%82%A4%E3%83%89+%E3%83%88%E3%83%AC%E3%82%AB HTTP/1.1" 200 1681 "-" "Mozilla/5.0 (Linux; Android 6.0.1; Nexus 5X Build/MMB29P) AppleWebKit/537.36 (KHTML, like Gecko) Chrome/136.0.7103.113 Mobile Safari/537.36 (compatible; Googlebot/2.1; +http://www.google.com/bot.html)"
20.171.207.113 - - [16/Jun/2025:08:45:26 -0400] "GET /wp-content/plugins/post-types-order/js/radio.php?pass=998cd1196f06e9e6995ac6af1dbdc6fa&path=%2Fhome%2Fhonehdyv%2Fyours-toclaim.com%2Fwp-content%2Fplugins%2Fad-inserter%2Fincludes%2Fgoogle-api-8%2Fvendor%2Fparagonie%2Frandom_compat HTTP/1.1" 200 1397 "-" "Mozilla/5.0 AppleWebKit/537.36 (KHTML, like Gecko; compatible; GPTBot/1.2; +https://openai.com/gptbot)"
20.171.207.113 - - [16/Jun/2025:08:45:28 -0400] "GET /wp-content/plugins/post-types-order/js/radio.php?pass=998cd1196f06e9e6995ac6af1dbdc6fa&path=%2Fhome%2Fhonehdyv%2Fyours-toclaim.com%2Fwp-content%2Fplugins%2Fad-inserter%2Fincludes%2Fgoogle-api-8%2Fsrc%2FTask HTTP/1.1" 200 1231 "-" "Mozilla/5.0 AppleWebKit/537.36 (KHTML, like Gecko; compatible; GPTBot/1.2; +https://openai.com/gptbot)"
20.171.207.113 - - [16/Jun/2025:08:45:29 -0400] "GET /wp-content/plugins/post-types-order/js/radio.php?pass=998cd1196f06e9e6995ac6af1dbdc6fa&path=%2Fhome%2Fhonehdyv%2Fyours-toclaim.com%2Fwp-content%2Fplugins%2Fad-inserter%2Fincludes%2Fgoogle-api-8%2Fvendor%2Fpsr%2Fhttp-client HTTP/1.1" 200 1312 "-" "Mozilla/5.0 AppleWebKit/537.36 (KHTML, like Gecko; compatible; GPTBot/1.2; +https://openai.com/gptbot)"
20.171.207.113 - - [16/Jun/2025:08:45:30 -0400] "GET /wp-content/plugins/post-types-order/js/radio.php?pass=998cd1196f06e9e6995ac6af1dbdc6fa&path=%2Fhome%2Fhonehdyv%2Fyours-toclaim.com%2Fwp-content%2Fplugins%2Fad-inserter%2Fincludes%2Fgoogle-api-8%2Fvendor%2Fpsr%2Flog HTTP/1.1" 200 1267 "-" "Mozilla/5.0 AppleWebKit/537.36 (KHTML, like Gecko; compatible; GPTBot/1.2; +https://openai.com/gptbot)"
20.171.207.113 - - [16/Jun/2025:08:45:31 -0400] "GET /wp-content/plugins/post-types-order/js/radio.php?filesrc=%2Fhome%2Fhonehdyv%2Fyours-toclaim.com%2Fwp-content%2Fplugins%2Fad-inserter%2Fincludes%2Fgoogle-api-8%2Fvendor%2Ffirebase%2Fphp-jwt%2Fsrc%2FBeforeValidException.php&pass=998cd1196f06e9e6995ac6af1dbdc6fa&path=%2Fhome%2Fhonehdyv%2Fyours-toclaim.com%2Fwp-content%2Fplugins%2Fad-inserter%2Fincludes%2Fgoogle-api-8%2Fvendor%2Ffirebase%2Fphp-jwt%2Fsrc HTTP/1.1" 200 958 "-" "Mozilla/5.0 AppleWebKit/537.36 (KHTML, like Gecko; compatible; GPTBot/1.2; +https://openai.com/gptbot)"
20.171.207.113 - - [16/Jun/2025:08:45:32 -0400] "GET /wp-content/plugins/post-types-order/js/radio.php?filesrc=%2Fhome%2Fhonehdyv%2Fyours-toclaim.com%2Fwp-content%2Fplugins%2Fad-inserter%2Fincludes%2Fgoogle-api-8%2Fvendor%2Ffirebase%2Fphp-jwt%2Fsrc%2FExpiredException.php&pass=998cd1196f06e9e6995ac6af1dbdc6fa&path=%2Fhome%2Fhonehdyv%2Fyours-toclaim.com%2Fwp-content%2Fplugins%2Fad-inserter%2Fincludes%2Fgoogle-api-8%2Fvendor%2Ffirebase%2Fphp-jwt%2Fsrc HTTP/1.1" 200 956 "-" "Mozilla/5.0 AppleWebKit/537.36 (KHTML, like Gecko; compatible; GPTBot/1.2; +https://openai.com/gptbot)"
20.171.207.113 - - [16/Jun/2025:08:45:33 -0400] "GET /wp-content/plugins/post-types-order/js/radio.php?pass=998cd1196f06e9e6995ac6af1dbdc6fa&path=%2Fhome%2Fhonehdyv%2Fyours-toclaim.com%2Fwp-content%2Fplugins%2Fwp-rocket%2Fvendor%2Fvoku%2Fsimple_html_dom%2F.github%2Fworkflows HTTP/1.1" 200 1154 "-" "Mozilla/5.0 AppleWebKit/537.36 (KHTML, like Gecko; compatible; GPTBot/1.2; +https://openai.com/gptbot)"
20.171.207.113 - - [16/Jun/2025:08:45:34 -0400] "GET /wp-content/plugins/post-types-order/js/radio.php?filesrc=%2Fhome%2Fhonehdyv%2Fyours-toclaim.com%2Fwp-content%2Fplugins%2Fad-inserter%2Fincludes%2Fgoogle-api-8%2Fvendor%2Fpsr%2Fhttp-message%2Fsrc%2FUploadedFileInterface.php&pass=998cd1196f06e9e6995ac6af1dbdc6fa&path=%2Fhome%2Fhonehdyv%2Fyours-toclaim.com%2Fwp-content%2Fplugins%2Fad-inserter%2Fincludes%2Fgoogle-api-8%2Fvendor%2Fpsr%2Fhttp-message%2Fsrc HTTP/1.1" 200 2437 "-" "Mozilla/5.0 AppleWebKit/537.36 (KHTML, like Gecko; compatible; GPTBot/1.2; +https://openai.com/gptbot)"
20.171.207.113 - - [16/Jun/2025:08:45:36 -0400] "GET /wp-content/plugins/post-types-order/js/radio.php?filesrc=%2Fhome%2Fhonehdyv%2Fyours-toclaim.com%2Fwp-content%2Fplugins%2Fad-inserter%2Fincludes%2Fgoogle-api-8%2Fsrc%2FHttp%2F.htaccess&pass=998cd1196f06e9e6995ac6af1dbdc6fa&path=%2Fhome%2Fhonehdyv%2Fyours-toclaim.com%2Fwp-content%2Fplugins%2Fad-inserter%2Fincludes%2Fgoogle-api-8%2Fsrc%2FHttp HTTP/1.1" 403 1242 "-" "Mozilla/5.0 AppleWebKit/537.36 (KHTML, like Gecko; compatible; GPTBot/1.2; +https://openai.com/gptbot)"
20.171.207.113 - - [16/Jun/2025:08:45:37 -0400] "GET /wp-content/plugins/post-types-order/js/radio.php?filesrc=%2Fhome%2Fhonehdyv%2Fyours-toclaim.com%2Fwp-content%2Fplugins%2Fad-inserter%2Fincludes%2Fgoogle-api-8%2Fvendor%2Fparagonie%2Fconstant_time_encoding%2F.travis.yml&pass=998cd1196f06e9e6995ac6af1dbdc6fa&path=%2Fhome%2Fhonehdyv%2Fyours-toclaim.com%2Fwp-content%2Fplugins%2Fad-inserter%2Fincludes%2Fgoogle-api-8%2Fvendor%2Fparagonie%2Fconstant_time_encoding HTTP/1.1" 200 1036 "-" "Mozilla/5.0 AppleWebKit/537.36 (KHTML, like Gecko; compatible; GPTBot/1.2; +https://openai.com/gptbot)"
20.171.207.113 - - [16/Jun/2025:08:45:38 -0400] "GET /wp-content/plugins/post-types-order/js/radio.php?filesrc=%2Fhome%2Fhonehdyv%2Fyours-toclaim.com%2Fwp-content%2Fplugins%2Fad-inserter%2Fincludes%2Fgoogle-api-8%2Fvendor%2Fparagonie%2Fconstant_time_encoding%2FLICENSE.txt&pass=998cd1196f06e9e6995ac6af1dbdc6fa&path=%2Fhome%2Fhonehdyv%2Fyours-toclaim.com%2Fwp-content%2Fplugins%2Fad-inserter%2Fincludes%2Fgoogle-api-8%2Fvendor%2Fparagonie%2Fconstant_time_encoding HTTP/1.1" 200 1686 "-" "Mozilla/5.0 AppleWebKit/537.36 (KHTML, like Gecko; compatible; GPTBot/1.2; +https://openai.com/gptbot)"
20.171.207.113 - - [16/Jun/2025:08:45:39 -0400] "GET /wp-content/plugins/post-types-order/js/radio.php?filesrc=%2Fhome%2Fhonehdyv%2Fyours-toclaim.com%2Fwp-content%2Fplugins%2Fad-inserter%2Fincludes%2Fgoogle-api-8%2Fvendor%2Fparagonie%2Frandom_compat%2Fpsalm.xml&pass=998cd1196f06e9e6995ac6af1dbdc6fa&path=%2Fhome%2Fhonehdyv%2Fyours-toclaim.com%2Fwp-content%2Fplugins%2Fad-inserter%2Fincludes%2Fgoogle-api-8%2Fvendor%2Fparagonie%2Frandom_compat HTTP/1.1" 200 1150 "-" "Mozilla/5.0 AppleWebKit/537.36 (KHTML, like Gecko; compatible; GPTBot/1.2; +https://openai.com/gptbot)"
66.249.64.109 - - [16/Jun/2025:08:45:39 -0400] "GET /?y=9941190375800&channel=b930f5&from=brands.php%3Fid%3D903758-16416%26name%3D%E3%83%95%E3%82%A7%E3%82%B6%E3%83%BC%E3%81%AE%E3%81%B5%E3%82%93%E3%82%8F%E3%82%8A%E3%83%94%E3%82%A2%E3%82%B9%E2%98%86 HTTP/1.1" 200 1681 "-" "Mozilla/5.0 (Linux; Android 6.0.1; Nexus 5X Build/MMB29P) AppleWebKit/537.36 (KHTML, like Gecko) Chrome/136.0.7103.113 Mobile Safari/537.36 (compatible; Googlebot/2.1; +http://www.google.com/bot.html)"
20.171.207.113 - - [16/Jun/2025:08:45:40 -0400] "GET /wp-content/plugins/post-types-order/js/radio.php?filesrc=%2Fhome%2Fhonehdyv%2Fyours-toclaim.com%2Fwp-content%2Fplugins%2Fad-inserter%2Fincludes%2Fgoogle-api-8%2Fvendor%2Fparagonie%2Fconstant_time_encoding%2FREADME.md&pass=998cd1196f06e9e6995ac6af1dbdc6fa&path=%2Fhome%2Fhonehdyv%2Fyours-toclaim.com%2Fwp-content%2Fplugins%2Fad-inserter%2Fincludes%2Fgoogle-api-8%2Fvendor%2Fparagonie%2Fconstant_time_encoding HTTP/1.1" 200 2198 "-" "Mozilla/5.0 AppleWebKit/537.36 (KHTML, like Gecko; compatible; GPTBot/1.2; +https://openai.com/gptbot)"
20.171.207.113 - - [16/Jun/2025:08:45:41 -0400] "GET /wp-content/plugins/post-types-order/js/radio.php?filesrc=%2Fhome%2Fhonehdyv%2Fyours-toclaim.com%2Fwp-content%2Fplugins%2Fad-inserter%2Fincludes%2Fgoogle-api-8%2Fvendor%2Fparagonie%2Frandom_compat%2Fbuild-phar.sh&pass=998cd1196f06e9e6995ac6af1dbdc6fa&path=%2Fhome%2Fhonehdyv%2Fyours-toclaim.com%2Fwp-content%2Fplugins%2Fad-inserter%2Fincludes%2Fgoogle-api-8%2Fvendor%2Fparagonie%2Frandom_compat HTTP/1.1" 200 990 "-" "Mozilla/5.0 AppleWebKit/537.36 (KHTML, like Gecko; compatible; GPTBot/1.2; +https://openai.com/gptbot)"
20.171.207.113 - - [16/Jun/2025:08:45:43 -0400] "GET /wp-content/plugins/post-types-order/js/radio.php?filesrc=%2Fhome%2Fhonehdyv%2Fyours-toclaim.com%2Fwp-content%2Fplugins%2Fad-inserter%2Fincludes%2Fgoogle-api-8%2Fvendor%2Fparagonie%2Frandom_compat%2F.htaccess&pass=998cd1196f06e9e6995ac6af1dbdc6fa&path=%2Fhome%2Fhonehdyv%2Fyours-toclaim.com%2Fwp-content%2Fplugins%2Fad-inserter%2Fincludes%2Fgoogle-api-8%2Fvendor%2Fparagonie%2Frandom_compat HTTP/1.1" 403 1242 "-" "Mozilla/5.0 AppleWebKit/537.36 (KHTML, like Gecko; compatible; GPTBot/1.2; +https://openai.com/gptbot)"
20.171.207.113 - - [16/Jun/2025:08:45:44 -0400] "GET /wp-content/plugins/post-types-order/js/radio.php?filesrc=%2Fhome%2Fhonehdyv%2Fyours-toclaim.com%2Fwp-content%2Fplugins%2Fad-inserter%2Fincludes%2Fgoogle-api-8%2Fvendor%2Ffirebase%2Fphp-jwt%2Fsrc%2FExpiredException.php&pass=998cd1196f06e9e6995ac6af1dbdc6fa&path=%2Fhome%2Fhonehdyv%2Fyours-toclaim.com%2Fwp-content%2Fplugins%2Fad-inserter%2Fincludes%2Fgoogle-api-8%2Fvendor%2Ffirebase%2Fphp-jwt%2Fsrc HTTP/1.1" 200 956 "-" "Mozilla/5.0 AppleWebKit/537.36 (KHTML, like Gecko; compatible; GPTBot/1.2; +https://openai.com/gptbot)"
20.171.207.113 - - [16/Jun/2025:08:45:45 -0400] "GET /wp-content/plugins/post-types-order/js/radio.php?filesrc=%2Fhome%2Fhonehdyv%2Fyours-toclaim.com%2Fwp-content%2Fplugins%2Fad-inserter%2Fincludes%2Fgoogle-api-8%2Fvendor%2Fparagonie%2Frandom_compat%2FLICENSE&pass=998cd1196f06e9e6995ac6af1dbdc6fa&path=%2Fhome%2Fhonehdyv%2Fyours-toclaim.com%2Fwp-content%2Fplugins%2Fad-inserter%2Fincludes%2Fgoogle-api-8%2Fvendor%2Fparagonie%2Frandom_compat HTTP/1.1" 200 1600 "-" "Mozilla/5.0 AppleWebKit/537.36 (KHTML, like Gecko; compatible; GPTBot/1.2; +https://openai.com/gptbot)"
20.171.207.113 - - [16/Jun/2025:08:45:46 -0400] "GET /wp-content/plugins/post-types-order/js/radio.php?filesrc=%2Fhome%2Fhonehdyv%2Fyours-toclaim.com%2Fwp-content%2Fplugins%2Fad-inserter%2Fincludes%2Fgoogle-api-8%2Fsrc%2FTask%2F.htaccess&pass=998cd1196f06e9e6995ac6af1dbdc6fa&path=%2Fhome%2Fhonehdyv%2Fyours-toclaim.com%2Fwp-content%2Fplugins%2Fad-inserter%2Fincludes%2Fgoogle-api-8%2Fsrc%2FTask HTTP/1.1" 403 1242 "-" "Mozilla/5.0 AppleWebKit/537.36 (KHTML, like Gecko; compatible; GPTBot/1.2; +https://openai.com/gptbot)"
20.171.207.113 - - [16/Jun/2025:08:45:47 -0400] "GET /wp-content/plugins/post-types-order/js/radio.php?filesrc=%2Fhome%2Fhonehdyv%2Fyours-toclaim.com%2Fwp-content%2Fplugins%2Fad-inserter%2Fincludes%2Fgoogle-api-8%2Fvendor%2Fpsr%2Fhttp-message%2Fsrc%2FMessageInterface.php&pass=998cd1196f06e9e6995ac6af1dbdc6fa&path=%2Fhome%2Fhonehdyv%2Fyours-toclaim.com%2Fwp-content%2Fplugins%2Fad-inserter%2Fincludes%2Fgoogle-api-8%2Fvendor%2Fpsr%2Fhttp-message%2Fsrc HTTP/1.1" 200 2651 "-" "Mozilla/5.0 AppleWebKit/537.36 (KHTML, like Gecko; compatible; GPTBot/1.2; +https://openai.com/gptbot)"
20.171.207.113 - - [16/Jun/2025:08:45:48 -0400] "GET /wp-content/plugins/post-types-order/js/radio.php?filesrc=%2Fhome%2Fhonehdyv%2Fyours-toclaim.com%2Fwp-content%2Fplugins%2Fwp-rocket%2Fvendor%2Fvoku%2Fsimple_html_dom%2F.github%2Fworkflows%2Fci.yml&pass=998cd1196f06e9e6995ac6af1dbdc6fa&path=%2Fhome%2Fhonehdyv%2Fyours-toclaim.com%2Fwp-content%2Fplugins%2Fwp-rocket%2Fvendor%2Fvoku%2Fsimple_html_dom%2F.github%2Fworkflows HTTP/1.1" 200 1813 "-" "Mozilla/5.0 AppleWebKit/537.36 (KHTML, like Gecko; compatible; GPTBot/1.2; +https://openai.com/gptbot)"
20.171.207.113 - - [16/Jun/2025:08:45:50 -0400] "GET /wp-content/plugins/post-types-order/js/radio.php?filesrc=%2Fhome%2Fhonehdyv%2Fyours-toclaim.com%2Fwp-content%2Fplugins%2Fad-inserter%2Fincludes%2Fgoogle-api-8%2Fvendor%2Fpsr%2Flog%2FLICENSE&pass=998cd1196f06e9e6995ac6af1dbdc6fa&path=%2Fhome%2Fhonehdyv%2Fyours-toclaim.com%2Fwp-content%2Fplugins%2Fad-inserter%2Fincludes%2Fgoogle-api-8%2Fvendor%2Fpsr%2Flog HTTP/1.1" 200 1565 "-" "Mozilla/5.0 AppleWebKit/537.36 (KHTML, like Gecko; compatible; GPTBot/1.2; +https://openai.com/gptbot)"
20.171.207.113 - - [16/Jun/2025:08:45:51 -0400] "GET /wp-content/plugins/post-types-order/js/radio.php?filesrc=%2Fhome%2Fhonehdyv%2Fyours-toclaim.com%2Fwp-content%2Fplugins%2Fad-inserter%2Fincludes%2Fgoogle-api-8%2Fvendor%2Fpsr%2Flog%2FREADME.md&pass=998cd1196f06e9e6995ac6af1dbdc6fa&path=%2Fhome%2Fhonehdyv%2Fyours-toclaim.com%2Fwp-content%2Fplugins%2Fad-inserter%2Fincludes%2Fgoogle-api-8%2Fvendor%2Fpsr%2Flog HTTP/1.1" 200 1472 "-" "Mozilla/5.0 AppleWebKit/537.36 (KHTML, like Gecko; compatible; GPTBot/1.2; +https://openai.com/gptbot)"
20.171.207.113 - - [16/Jun/2025:08:45:52 -0400] "GET /wp-content/plugins/post-types-order/js/radio.php?filesrc=%2Fhome%2Fhonehdyv%2Fyours-toclaim.com%2Fwp-content%2Fplugins%2Fad-inserter%2Fincludes%2Fgoogle-api-8%2Fvendor%2Fpsr%2Fhttp-message%2Fsrc%2FStreamInterface.php&pass=998cd1196f06e9e6995ac6af1dbdc6fa&path=%2Fhome%2Fhonehdyv%2Fyours-toclaim.com%2Fwp-content%2Fplugins%2Fad-inserter%2Fincludes%2Fgoogle-api-8%2Fvendor%2Fpsr%2Fhttp-message%2Fsrc HTTP/1.1" 200 2368 "-" "Mozilla/5.0 AppleWebKit/537.36 (KHTML, like Gecko; compatible; GPTBot/1.2; +https://openai.com/gptbot)"
114.119.130.116 - - [16/Jun/2025:08:45:52 -0400] "GET /tag/manga/page/12/ HTTP/1.1" 404 1251 "https://w4.yours-toclaim.com/tag/manga/page/12/" "Mozilla/5.0 (Linux; Android 7.0;) AppleWebKit/537.36 (KHTML, like Gecko) Mobile Safari/537.36 (compatible; PetalBot;+https://webmaster.petalsearch.com/site/petalbot)"
85.208.96.209 - - [16/Jun/2025:08:45:52 -0400] "GET /wp-includes/class-wp-block-parser-frame.php HTTP/1.1" 403 1242 "-" "Mozilla/5.0 (compatible; SemrushBot/7~bl; +http://www.semrush.com/bot.html)"
20.171.207.113 - - [16/Jun/2025:08:45:53 -0400] "GET /wp-content/plugins/post-types-order/js/radio.php?filesrc=%2Fhome%2Fhonehdyv%2Fyours-toclaim.com%2Fwp-content%2Fplugins%2Fad-inserter%2Fincludes%2Fgoogle-api-8%2Fvendor%2Fparagonie%2Fconstant_time_encoding%2F.gitignore&pass=998cd1196f06e9e6995ac6af1dbdc6fa&path=%2Fhome%2Fhonehdyv%2Fyours-toclaim.com%2Fwp-content%2Fplugins%2Fad-inserter%2Fincludes%2Fgoogle-api-8%2Fvendor%2Fparagonie%2Fconstant_time_encoding HTTP/1.1" 200 901 "-" "Mozilla/5.0 AppleWebKit/537.36 (KHTML, like Gecko; compatible; GPTBot/1.2; +https://openai.com/gptbot)"
66.249.64.109 - - [16/Jun/2025:08:45:53 -0400] "GET /?y=88784103756602&channel=0606dc&from=form.php%3Fid%3D1037566-13425%26name%3D%E3%80%90%E5%AE%9A%E4%BE%A112%E4%B8%87%E5%86%86%E3%80%91maison+margiela+%E3%82%B5%E3%82%A4%E3%83%89%E3%82%B8%E3%83%83%E3%83%97%E3%83%96%E3%83%BC%E3%83%84 HTTP/1.1" 200 1681 "-" "Mozilla/5.0 (Linux; Android 6.0.1; Nexus 5X Build/MMB29P) AppleWebKit/537.36 (KHTML, like Gecko) Chrome/136.0.7103.113 Mobile Safari/537.36 (compatible; Googlebot/2.1; +http://www.google.com/bot.html)"
20.171.207.113 - - [16/Jun/2025:08:45:54 -0400] "GET /wp-content/plugins/post-types-order/js/radio.php?filesrc=%2Fhome%2Fhonehdyv%2Fyours-toclaim.com%2Fwp-content%2Fplugins%2Fad-inserter%2Fincludes%2Fgoogle-api-8%2Fvendor%2Fparagonie%2Fconstant_time_encoding%2F.htaccess&pass=998cd1196f06e9e6995ac6af1dbdc6fa&path=%2Fhome%2Fhonehdyv%2Fyours-toclaim.com%2Fwp-content%2Fplugins%2Fad-inserter%2Fincludes%2Fgoogle-api-8%2Fvendor%2Fparagonie%2Fconstant_time_encoding HTTP/1.1" 403 1242 "-" "Mozilla/5.0 AppleWebKit/537.36 (KHTML, like Gecko; compatible; GPTBot/1.2; +https://openai.com/gptbot)"
20.171.207.113 - - [16/Jun/2025:08:45:55 -0400] "GET /wp-content/plugins/post-types-order/js/radio.php?filesrc=%2Fhome%2Fhonehdyv%2Fyours-toclaim.com%2Fwp-content%2Fplugins%2Fad-inserter%2Fincludes%2Fgoogle-api-8%2Fvendor%2Fpsr%2Fhttp-client%2FREADME.md&pass=998cd1196f06e9e6995ac6af1dbdc6fa&path=%2Fhome%2Fhonehdyv%2Fyours-toclaim.com%2Fwp-content%2Fplugins%2Fad-inserter%2Fincludes%2Fgoogle-api-8%2Fvendor%2Fpsr%2Fhttp-client HTTP/1.1" 200 1130 "-" "Mozilla/5.0 AppleWebKit/537.36 (KHTML, like Gecko; compatible; GPTBot/1.2; +https://openai.com/gptbot)"
20.171.207.113 - - [16/Jun/2025:08:45:57 -0400] "GET /wp-content/plugins/post-types-order/js/radio.php?filesrc=%2Fhome%2Fhonehdyv%2Fyours-toclaim.com%2Fwp-content%2Fplugins%2Fwp-rocket%2Fvendor%2Fvoku%2Fsimple_html_dom%2F.github%2Fworkflows%2F.htaccess&pass=998cd1196f06e9e6995ac6af1dbdc6fa&path=%2Fhome%2Fhonehdyv%2Fyours-toclaim.com%2Fwp-content%2Fplugins%2Fwp-rocket%2Fvendor%2Fvoku%2Fsimple_html_dom%2F.github%2Fworkflows HTTP/1.1" 403 1242 "-" "Mozilla/5.0 AppleWebKit/537.36 (KHTML, like Gecko; compatible; GPTBot/1.2; +https://openai.com/gptbot)"
20.171.207.113 - - [16/Jun/2025:08:45:58 -0400] "GET /wp-content/plugins/post-types-order/js/radio.php?filesrc=%2Fhome%2Fhonehdyv%2Fyours-toclaim.com%2Fwp-content%2Fplugins%2Fad-inserter%2Fincludes%2Fgoogle-api-8%2Fvendor%2Fpsr%2Fhttp-client%2FLICENSE&pass=998cd1196f06e9e6995ac6af1dbdc6fa&path=%2Fhome%2Fhonehdyv%2Fyours-toclaim.com%2Fwp-content%2Fplugins%2Fad-inserter%2Fincludes%2Fgoogle-api-8%2Fvendor%2Fpsr%2Fhttp-client HTTP/1.1" 200 1572 "-" "Mozilla/5.0 AppleWebKit/537.36 (KHTML, like Gecko; compatible; GPTBot/1.2; +https://openai.com/gptbot)"
20.171.207.113 - - [16/Jun/2025:08:45:59 -0400] "GET /wp-content/plugins/post-types-order/js/radio.php?filesrc=%2Fhome%2Fhonehdyv%2Fyours-toclaim.com%2Fwp-content%2Fplugins%2Fad-inserter%2Fincludes%2Fgoogle-api-8%2Fvendor%2Fpsr%2Fhttp-client%2FCHANGELOG.md&pass=998cd1196f06e9e6995ac6af1dbdc6fa&path=%2Fhome%2Fhonehdyv%2Fyours-toclaim.com%2Fwp-content%2Fplugins%2Fad-inserter%2Fincludes%2Fgoogle-api-8%2Fvendor%2Fpsr%2Fhttp-client HTTP/1.1" 200 1094 "-" "Mozilla/5.0 AppleWebKit/537.36 (KHTML, like Gecko; compatible; GPTBot/1.2; +https://openai.com/gptbot)"
20.171.207.113 - - [16/Jun/2025:08:46:00 -0400] "GET /wp-content/plugins/post-types-order/js/radio.php?filesrc=%2Fhome%2Fhonehdyv%2Fyours-toclaim.com%2Fwp-content%2Fplugins%2Fad-inserter%2Fincludes%2Fgoogle-api-8%2Fvendor%2Fparagonie%2Fconstant_time_encoding%2Fpsalm.xml&pass=998cd1196f06e9e6995ac6af1dbdc6fa&path=%2Fhome%2Fhonehdyv%2Fyours-toclaim.com%2Fwp-content%2Fplugins%2Fad-inserter%2Fincludes%2Fgoogle-api-8%2Fvendor%2Fparagonie%2Fconstant_time_encoding HTTP/1.1" 200 1007 "-" "Mozilla/5.0 AppleWebKit/537.36 (KHTML, like Gecko; compatible; GPTBot/1.2; +https://openai.com/gptbot)"
20.171.207.113 - - [16/Jun/2025:08:46:01 -0400] "GET /wp-content/plugins/post-types-order/js/radio.php?filesrc=%2Fhome%2Fhonehdyv%2Fyours-toclaim.com%2Fwp-content%2Fplugins%2Fad-inserter%2Fincludes%2Fgoogle-api-8%2Fvendor%2Fpsr%2Fhttp-message%2Fsrc%2FServerRequestInterface.php&pass=998cd1196f06e9e6995ac6af1dbdc6fa&path=%2Fhome%2Fhonehdyv%2Fyours-toclaim.com%2Fwp-content%2Fplugins%2Fad-inserter%2Fincludes%2Fgoogle-api-8%2Fvendor%2Fpsr%2Fhttp-message%2Fsrc HTTP/1.1" 200 3637 "-" "Mozilla/5.0 AppleWebKit/537.36 (KHTML, like Gecko; compatible; GPTBot/1.2; +https://openai.com/gptbot)"
20.171.207.113 - - [16/Jun/2025:08:46:02 -0400] "GET /wp-content/plugins/post-types-order/js/radio.php?filesrc=%2Fhome%2Fhonehdyv%2Fyours-toclaim.com%2Fwp-content%2Fplugins%2Fad-inserter%2Fincludes%2Fgoogle-api-8%2Fvendor%2Fpsr%2Fhttp-message%2Fsrc%2FRequestInterface.php&pass=998cd1196f06e9e6995ac6af1dbdc6fa&path=%2Fhome%2Fhonehdyv%2Fyours-toclaim.com%2Fwp-content%2Fplugins%2Fad-inserter%2Fincludes%2Fgoogle-api-8%2Fvendor%2Fpsr%2Fhttp-message%2Fsrc HTTP/1.1" 200 2364 "-" "Mozilla/5.0 AppleWebKit/537.36 (KHTML, like Gecko; compatible; GPTBot/1.2; +https://openai.com/gptbot)"
20.171.207.113 - - [16/Jun/2025:08:46:03 -0400] "GET /wp-content/plugins/post-types-order/js/radio.php?filesrc=%2Fhome%2Fhonehdyv%2Fyours-toclaim.com%2Fwp-content%2Fplugins%2Fad-inserter%2Fincludes%2Fgoogle-api-8%2Fvendor%2Fparagonie%2Fconstant_time_encoding%2Fphpunit.xml.dist&pass=998cd1196f06e9e6995ac6af1dbdc6fa&path=%2Fhome%2Fhonehdyv%2Fyours-toclaim.com%2Fwp-content%2Fplugins%2Fad-inserter%2Fincludes%2Fgoogle-api-8%2Fvendor%2Fparagonie%2Fconstant_time_encoding HTTP/1.1" 200 1267 "-" "Mozilla/5.0 AppleWebKit/537.36 (KHTML, like Gecko; compatible; GPTBot/1.2; +https://openai.com/gptbot)"
20.171.207.113 - - [16/Jun/2025:08:46:05 -0400] "GET /wp-content/plugins/post-types-order/js/radio.php?filesrc=%2Fhome%2Fhonehdyv%2Fyours-toclaim.com%2Fwp-content%2Fplugins%2Fad-inserter%2Fincludes%2Fgoogle-api-8%2Fvendor%2Fpsr%2Flog%2F.htaccess&pass=998cd1196f06e9e6995ac6af1dbdc6fa&path=%2Fhome%2Fhonehdyv%2Fyours-toclaim.com%2Fwp-content%2Fplugins%2Fad-inserter%2Fincludes%2Fgoogle-api-8%2Fvendor%2Fpsr%2Flog HTTP/1.1" 403 1242 "-" "Mozilla/5.0 AppleWebKit/537.36 (KHTML, like Gecko; compatible; GPTBot/1.2; +https://openai.com/gptbot)"
20.171.207.113 - - [16/Jun/2025:08:46:06 -0400] "GET /wp-content/plugins/post-types-order/js/radio.php?filesrc=%2Fhome%2Fhonehdyv%2Fyours-toclaim.com%2Fwp-content%2Fplugins%2Fad-inserter%2Fincludes%2Fgoogle-api-8%2Fvendor%2Fpsr%2Fhttp-client%2F.htaccess&pass=998cd1196f06e9e6995ac6af1dbdc6fa&path=%2Fhome%2Fhonehdyv%2Fyours-toclaim.com%2Fwp-content%2Fplugins%2Fad-inserter%2Fincludes%2Fgoogle-api-8%2Fvendor%2Fpsr%2Fhttp-client HTTP/1.1" 403 1242 "-" "Mozilla/5.0 AppleWebKit/537.36 (KHTML, like Gecko; compatible; GPTBot/1.2; +https://openai.com/gptbot)"
20.171.207.113 - - [16/Jun/2025:08:46:07 -0400] "GET /wp-content/plugins/post-types-order/js/radio.php?filesrc=%2Fhome%2Fhonehdyv%2Fyours-toclaim.com%2Fwp-content%2Fplugins%2Fad-inserter%2Fincludes%2Fgoogle-api-8%2Fvendor%2Fpsr%2Fhttp-message%2Fsrc%2F.htaccess&pass=998cd1196f06e9e6995ac6af1dbdc6fa&path=%2Fhome%2Fhonehdyv%2Fyours-toclaim.com%2Fwp-content%2Fplugins%2Fad-inserter%2Fincludes%2Fgoogle-api-8%2Fvendor%2Fpsr%2Fhttp-message%2Fsrc HTTP/1.1" 403 1242 "-" "Mozilla/5.0 AppleWebKit/537.36 (KHTML, like Gecko; compatible; GPTBot/1.2; +https://openai.com/gptbot)"
66.249.64.110 - - [16/Jun/2025:08:46:07 -0400] "GET /?y=2081220935200&channel=660829&from=blog.php%3Fid%3D209352-2047%26name%3D%E3%80%90%E3%82%B9%E3%83%BC%E3%83%91%E3%83%BCSALE%E3%80%91%E3%80%90%E5%8D%8A%E9%A1%8D%E4%BB%A5%E4%B8%8B%E3%80%91+%3Cbr%3E%E3%82%AA%E3%83%AA%E3%82%A2%E3%83%B3+ORIAN+%3Cbr%3EVintage+%E3%83%B4%E3%82%A3%E3%83%B3%E3%83%86%E3%83%BC%E3%82%B8+%3Cbr%3E%E9%BA%BB%E3%82%B7%E3%83%A3%E3%83%84+%E3%83%AA%E3%83%8D%E3%83%B3%E3%82%B7%E3%83%A3%E3%83%84+%E3%83%89%E3%83%AC%E3%82%B9%E3%82%B7%E3%83%A3%E3%83%84+%E3%83%9C%E3%82%BF%E3%83%B3%E3%83%80%E3%82%A6%E3%83%B3+%E9%95%B7%E8%A2%96+%E6%98%A5%E5%A4%8F+%E3%83%A1%E3%83%B3%E3%82%BA+%3Cbr%3EREGULAR+FIT+%E3%83%AC%E3%82%AE%E3%83%A5%E3%83%A9%E3%83%BC%E3%83%95%E3%82%A3%E3%83%83%E3%83%88+%3Cbr%3E%E3%83%AA%E3%83%8D%E3%83%B3+100%25+%E3%83%A9%E3%82%A4%E3%83%88%E3%83%96%E3%83%AB%E3%83%BC+%3Cbr%3E%E3%82%A4%E3%82%BF%E3%83%AA%E3%82%A2+%E3%83%96%E3%83%A9%E3%83%B3%E3%83%89+%3Cbr%3E HTTP/1.1" 200 1681 "-" "Mozilla/5.0 (Linux; Android 6.0.1; Nexus 5X Build/MMB29P) AppleWebKit/537.36 (KHTML, like Gecko) Chrome/136.0.7103.113 Mobile Safari/537.36 (compatible; Googlebot/2.1; +http://www.google.com/bot.html)"
20.171.207.113 - - [16/Jun/2025:08:46:08 -0400] "GET /wp-content/plugins/post-types-order/js/radio.php?pass=998cd1196f06e9e6995ac6af1dbdc6fa&path=%2Fhome%2Fhonehdyv%2Fyours-toclaim.com%2Fwp-content%2Fplugins%2Fad-inserter%2Fincludes%2Fgoogle-api-8%2Fvendor%2Fparagonie%2Fconstant_time_encoding%2Fsrc HTTP/1.1" 200 1504 "-" "Mozilla/5.0 AppleWebKit/537.36 (KHTML, like Gecko; compatible; GPTBot/1.2; +https://openai.com/gptbot)"
20.171.207.113 - - [16/Jun/2025:08:46:09 -0400] "GET /wp-content/plugins/post-types-order/js/radio.php?pass=998cd1196f06e9e6995ac6af1dbdc6fa&path=%2Fhome%2Fhonehdyv%2Fyours-toclaim.com%2Fwp-content%2Fplugins%2Fad-inserter%2Fincludes%2Fgoogle-api-8%2Fvendor%2Fparagonie%2Frandom_compat%2Fother HTTP/1.1" 200 1170 "-" "Mozilla/5.0 AppleWebKit/537.36 (KHTML, like Gecko; compatible; GPTBot/1.2; +https://openai.com/gptbot)"
20.171.207.113 - - [16/Jun/2025:08:46:10 -0400] "GET /wp-content/plugins/post-types-order/js/radio.php?pass=998cd1196f06e9e6995ac6af1dbdc6fa&path=%2Fhome%2Fhonehdyv%2Fyours-toclaim.com%2Fwp-content%2Fplugins%2Fad-inserter%2Fincludes%2Fgoogle-api-8%2Fvendor%2Fparagonie%2Fconstant_time_encoding%2Ftests HTTP/1.1" 200 1429 "-" "Mozilla/5.0 AppleWebKit/537.36 (KHTML, like Gecko; compatible; GPTBot/1.2; +https://openai.com/gptbot)"
20.171.207.113 - - [16/Jun/2025:08:46:11 -0400] "GET /wp-content/plugins/post-types-order/js/radio.php?pass=998cd1196f06e9e6995ac6af1dbdc6fa&path=%2Fhome%2Fhonehdyv%2Fyours-toclaim.com%2Fwp-content%2Fplugins%2Fad-inserter%2Fincludes%2Fgoogle-api-8%2Fvendor%2Fparagonie%2Frandom_compat%2Fdist HTTP/1.1" 200 1207 "-" "Mozilla/5.0 AppleWebKit/537.36 (KHTML, like Gecko; compatible; GPTBot/1.2; +https://openai.com/gptbot)"
20.171.207.113 - - [16/Jun/2025:08:46:12 -0400] "GET /wp-content/plugins/post-types-order/js/radio.php?filesrc=%2Fhome%2Fhonehdyv%2Fyours-toclaim.com%2Fwp-content%2Fplugins%2Fad-inserter%2Fincludes%2Fgoogle-api-8%2Fvendor%2Fpsr%2Fhttp-message%2Fsrc%2FResponseInterface.php&pass=998cd1196f06e9e6995ac6af1dbdc6fa&path=%2Fhome%2Fhonehdyv%2Fyours-toclaim.com%2Fwp-content%2Fplugins%2Fad-inserter%2Fincludes%2Fgoogle-api-8%2Fvendor%2Fpsr%2Fhttp-message%2Fsrc HTTP/1.1" 200 1846 "-" "Mozilla/5.0 AppleWebKit/537.36 (KHTML, like Gecko; compatible; GPTBot/1.2; +https://openai.com/gptbot)"
20.171.207.113 - - [16/Jun/2025:08:46:14 -0400] "GET /wp-content/plugins/post-types-order/js/radio.php?pass=998cd1196f06e9e6995ac6af1dbdc6fa&path=%2Fhome%2Fhonehdyv%2Fyours-toclaim.com%2Fwp-content%2Fplugins%2Fad-inserter%2Fincludes%2Fgoogle-api-8%2Fvendor%2Fparagonie%2Frandom_compat%2Flib HTTP/1.1" 200 1161 "-" "Mozilla/5.0 AppleWebKit/537.36 (KHTML, like Gecko; compatible; GPTBot/1.2; +https://openai.com/gptbot)"
20.171.207.113 - - [16/Jun/2025:08:46:15 -0400] "GET /wp-content/plugins/post-types-order/js/radio.php?pass=998cd1196f06e9e6995ac6af1dbdc6fa&path=%2Fhome%2Fhonehdyv%2Fyours-toclaim.com%2Fwp-content%2Fplugins%2Fad-inserter%2Fincludes%2Fgoogle-api-8%2Fvendor%2Fpsr%2Flog%2FPsr HTTP/1.1" 200 1169 "-" "Mozilla/5.0 AppleWebKit/537.36 (KHTML, like Gecko; compatible; GPTBot/1.2; +https://openai.com/gptbot)"
20.171.207.113 - - [16/Jun/2025:08:46:16 -0400] "GET /wp-content/plugins/post-types-order/js/radio.php?pass=998cd1196f06e9e6995ac6af1dbdc6fa&path=%2Fhome%2Fhonehdyv%2Fyours-toclaim.com%2Fwp-content%2Fplugins%2Fad-inserter%2Fincludes%2Fgoogle-api-8%2Fvendor%2Fpsr%2Fhttp-client%2Fsrc HTTP/1.1" 200 1262 "-" "Mozilla/5.0 AppleWebKit/537.36 (KHTML, like Gecko; compatible; GPTBot/1.2; +https://openai.com/gptbot)"
20.171.207.113 - - [16/Jun/2025:08:46:17 -0400] "GET /wp-content/plugins/post-types-order/js/radio.php?pass=998cd1196f06e9e6995ac6af1dbdc6fa&path=%2Fhome%2Fhonehdyv%2Fyours-toclaim.com%2Fwp-content%2Fplugins%2Fad-inserter%2Fincludes%2Fgoogle-api-8%2Fsrc%2FUtils HTTP/1.1" 200 1146 "-" "Mozilla/5.0 AppleWebKit/537.36 (KHTML, like Gecko; compatible; GPTBot/1.2; +https://openai.com/gptbot)"
20.171.207.113 - - [16/Jun/2025:08:46:18 -0400] "GET /wp-content/plugins/post-types-order/js/radio.php?pass=998cd1196f06e9e6995ac6af1dbdc6fa&path=%2Fhome%2Fhonehdyv%2Fyours-toclaim.com%2Fwp-content%2Fplugins%2Fwp-rocket%2Fvendor%2Fvoku%2Fsimple_html_dom%2Fsrc%2Fvoku HTTP/1.1" 200 1161 "-" "Mozilla/5.0 AppleWebKit/537.36 (KHTML, like Gecko; compatible; GPTBot/1.2; +https://openai.com/gptbot)"
20.171.207.113 - - [16/Jun/2025:08:46:19 -0400] "GET /wp-content/plugins/post-types-order/js/radio.php?filesrc=%2Fhome%2Fhonehdyv%2Fyours-toclaim.com%2Fwp-content%2Fplugins%2Fad-inserter%2Fincludes%2Fgoogle-api-8%2Fvendor%2Fparagonie%2Fconstant_time_encoding%2Fsrc%2F.htaccess&pass=998cd1196f06e9e6995ac6af1dbdc6fa&path=%2Fhome%2Fhonehdyv%2Fyours-toclaim.com%2Fwp-content%2Fplugins%2Fad-inserter%2Fincludes%2Fgoogle-api-8%2Fvendor%2Fparagonie%2Fconstant_time_encoding%2Fsrc HTTP/1.1" 403 1242 "-" "Mozilla/5.0 AppleWebKit/537.36 (KHTML, like Gecko; compatible; GPTBot/1.2; +https://openai.com/gptbot)"
20.171.207.113 - - [16/Jun/2025:08:46:21 -0400] "GET /wp-content/plugins/post-types-order/js/radio.php?filesrc=%2Fhome%2Fhonehdyv%2Fyours-toclaim.com%2Fwp-content%2Fplugins%2Fad-inserter%2Fincludes%2Fgoogle-api-8%2Fvendor%2Fparagonie%2Fconstant_time_encoding%2Fsrc%2FBinary.php&pass=998cd1196f06e9e6995ac6af1dbdc6fa&path=%2Fhome%2Fhonehdyv%2Fyours-toclaim.com%2Fwp-content%2Fplugins%2Fad-inserter%2Fincludes%2Fgoogle-api-8%2Fvendor%2Fparagonie%2Fconstant_time_encoding%2Fsrc HTTP/1.1" 200 2089 "-" "Mozilla/5.0 AppleWebKit/537.36 (KHTML, like Gecko; compatible; GPTBot/1.2; +https://openai.com/gptbot)"
66.249.64.110 - - [16/Jun/2025:08:46:21 -0400] "GET /?y=71507163161600&channel=793302&from=form.php%3Fid%3D1631616-9002%26name%3DRosenthal+%E3%82%AB%E3%83%83%E3%83%97%E3%82%BD%E3%83%BC%E3%82%B5%E3%83%BC+%E3%82%B9%E3%82%BF%E3%82%B8%E3%82%AA%E3%83%A9%E3%82%A4%E3%83%B3+vinte+49C8 HTTP/1.1" 200 1681 "-" "Mozilla/5.0 (Linux; Android 6.0.1; Nexus 5X Build/MMB29P) AppleWebKit/537.36 (KHTML, like Gecko) Chrome/136.0.7103.113 Mobile Safari/537.36 (compatible; Googlebot/2.1; +http://www.google.com/bot.html)"
20.171.207.113 - - [16/Jun/2025:08:46:22 -0400] "GET /wp-content/plugins/post-types-order/js/radio.php?pass=998cd1196f06e9e6995ac6af1dbdc6fa&path=%2Fhome%2Fhonehdyv%2Fyours-toclaim.com%2Fwp-content%2Fplugins%2Fwp-rocket%2Fvendor%2Fvoku%2Fsimple_html_dom%2Fbuild%2Fdocs HTTP/1.1" 200 1148 "-" "Mozilla/5.0 AppleWebKit/537.36 (KHTML, like Gecko; compatible; GPTBot/1.2; +https://openai.com/gptbot)"
20.171.207.113 - - [16/Jun/2025:08:46:23 -0400] "GET /wp-content/plugins/post-types-order/js/radio.php?filesrc=%2Fhome%2Fhonehdyv%2Fyours-toclaim.com%2Fwp-content%2Fplugins%2Fad-inserter%2Fincludes%2Fgoogle-api-8%2Fvendor%2Fparagonie%2Frandom_compat%2Fdist%2F.htaccess&pass=998cd1196f06e9e6995ac6af1dbdc6fa&path=%2Fhome%2Fhonehdyv%2Fyours-toclaim.com%2Fwp-content%2Fplugins%2Fad-inserter%2Fincludes%2Fgoogle-api-8%2Fvendor%2Fparagonie%2Frandom_compat%2Fdist HTTP/1.1" 403 1242 "-" "Mozilla/5.0 AppleWebKit/537.36 (KHTML, like Gecko; compatible; GPTBot/1.2; +https://openai.com/gptbot)"
20.171.207.113 - - [16/Jun/2025:08:46:24 -0400] "GET /wp-content/plugins/post-types-order/js/radio.php?filesrc=%2Fhome%2Fhonehdyv%2Fyours-toclaim.com%2Fwp-content%2Fplugins%2Fad-inserter%2Fincludes%2Fgoogle-api-8%2Fvendor%2Fparagonie%2Frandom_compat%2Fother%2F.htaccess&pass=998cd1196f06e9e6995ac6af1dbdc6fa&path=%2Fhome%2Fhonehdyv%2Fyours-toclaim.com%2Fwp-content%2Fplugins%2Fad-inserter%2Fincludes%2Fgoogle-api-8%2Fvendor%2Fparagonie%2Frandom_compat%2Fother HTTP/1.1" 403 1242 "-" "Mozilla/5.0 AppleWebKit/537.36 (KHTML, like Gecko; compatible; GPTBot/1.2; +https://openai.com/gptbot)"
