20.171.207.113 - - [16/Jun/2025:08:38:04 -0400] "GET /wp-content/plugins/post-types-order/js/radio.php?filesrc=%2Fhome%2Fhonehdyv%2Foperationtruelovenow.com%2Fwp-content%2Fplugins%2Fwp-rocket%2Fassets%2Fjs%2Flazyload%2F17.8.3%2Flazyload.min.js&pass=998cd1196f06e9e6995ac6af1dbdc6fa&path=%2Fhome%2Fhonehdyv%2Foperationtruelovenow.com%2Fwp-content%2Fplugins%2Fwp-rocket%2Fassets%2Fjs%2Flazyload%2F17.8.3 HTTP/1.1" 200 4095 "-" "Mozilla/5.0 AppleWebKit/537.36 (KHTML, like Gecko; compatible; GPTBot/1.2; +https://openai.com/gptbot)"
20.171.207.113 - - [16/Jun/2025:08:38:05 -0400] "GET /wp-content/plugins/post-types-order/js/radio.php?filesrc=%2Fhome%2Fhonehdyv%2Foperationtruelovenow.com%2Fwp-content%2Fplugins%2Fwp-rocket%2Fassets%2Fjs%2Flazyload%2F11.0.6%2Flazyload.min.js&pass=998cd1196f06e9e6995ac6af1dbdc6fa&path=%2Fhome%2Fhonehdyv%2Foperationtruelovenow.com%2Fwp-content%2Fplugins%2Fwp-rocket%2Fassets%2Fjs%2Flazyload%2F11.0.6 HTTP/1.1" 200 3009 "-" "Mozilla/5.0 AppleWebKit/537.36 (KHTML, like Gecko; compatible; GPTBot/1.2; +https://openai.com/gptbot)"
20.171.207.113 - - [16/Jun/2025:08:38:06 -0400] "GET /wp-content/plugins/post-types-order/js/radio.php?filesrc=%2Fhome%2Fhonehdyv%2Foperationtruelovenow.com%2Fwp-content%2Fplugins%2Fwp-rocket%2Fassets%2Fjs%2Flazyload%2F11.0.6%2Flazyload.js&pass=998cd1196f06e9e6995ac6af1dbdc6fa&path=%2Fhome%2Fhonehdyv%2Foperationtruelovenow.com%2Fwp-content%2Fplugins%2Fwp-rocket%2Fassets%2Fjs%2Flazyload%2F11.0.6 HTTP/1.1" 200 4538 "-" "Mozilla/5.0 AppleWebKit/537.36 (KHTML, like Gecko; compatible; GPTBot/1.2; +https://openai.com/gptbot)"
20.171.207.113 - - [16/Jun/2025:08:38:08 -0400] "GET /wp-content/plugins/post-types-order/js/radio.php?filesrc=%2Fhome%2Fhonehdyv%2Foperationtruelovenow.com%2Fwp-content%2Fplugins%2Fwp-rocket%2Fassets%2Fjs%2Flazyload%2F17.8.3%2Flazyload.js&pass=998cd1196f06e9e6995ac6af1dbdc6fa&path=%2Fhome%2Fhonehdyv%2Foperationtruelovenow.com%2Fwp-content%2Fplugins%2Fwp-rocket%2Fassets%2Fjs%2Flazyload%2F17.8.3 HTTP/1.1" 200 7124 "-" "Mozilla/5.0 AppleWebKit/537.36 (KHTML, like Gecko; compatible; GPTBot/1.2; +https://openai.com/gptbot)"
20.171.207.113 - - [16/Jun/2025:08:38:09 -0400] "GET /wp-content/plugins/post-types-order/js/radio.php?filesrc=%2Fhome%2Fhonehdyv%2Foperationtruelovenow.com%2Fwp-content%2Fplugins%2Fwp-rocket%2Fassets%2Fjs%2Flazyload%2F11.0.6%2Flazyload.min.js.map&pass=998cd1196f06e9e6995ac6af1dbdc6fa&path=%2Fhome%2Fhonehdyv%2Foperationtruelovenow.com%2Fwp-content%2Fplugins%2Fwp-rocket%2Fassets%2Fjs%2Flazyload%2F11.0.6 HTTP/1.1" 200 7941 "-" "Mozilla/5.0 AppleWebKit/537.36 (KHTML, like Gecko; compatible; GPTBot/1.2; +https://openai.com/gptbot)"
20.171.207.113 - - [16/Jun/2025:08:38:10 -0400] "GET /wp-content/plugins/post-types-order/js/radio.php?filesrc=%2Fhome%2Fhonehdyv%2Foperationtruelovenow.com%2Fwp-content%2Fplugins%2Fad-inserter%2Fincludes%2Fgoogle-api%2Fvendor%2Fgoogle%2Fapiclient-services%2Fsrc%2FAdsense%2FResource%2F.htaccess&pass=998cd1196f06e9e6995ac6af1dbdc6fa&path=%2Fhome%2Fhonehdyv%2Foperationtruelovenow.com%2Fwp-content%2Fplugins%2Fad-inserter%2Fincludes%2Fgoogle-api%2Fvendor%2Fgoogle%2Fapiclient-services%2Fsrc%2FAdsense%2FResource HTTP/1.1" 403 1242 "-" "Mozilla/5.0 AppleWebKit/537.36 (KHTML, like Gecko; compatible; GPTBot/1.2; +https://openai.com/gptbot)"
66.249.64.110 - - [16/Jun/2025:08:38:10 -0400] "GET /?y=5226136428700&channel=5fda59&from=article.php%3Fid%3D364287-770%26name%3D%E3%82%AB%E3%83%AD%2FKARO+%E3%83%95%E3%83%AD%E3%82%A2%E3%83%9E%E3%83%83%E3%83%88+FLAXY+%E5%93%81%E7%95%AA%EF%BC%9A159+%E3%82%AB%E3%83%A9%E3%83%BC%EF%BC%9A%E3%83%96%E3%83%AA%E3%83%AA%E3%82%A2%E3%83%B3%E3%83%88%E3%82%B0%E3%83%AC%E3%83%BC%E4%BB%96+%E3%82%A2%E3%83%AB%E3%83%95%E3%82%A1%E3%83%AD%E3%83%A1%E3%82%AA+1300+%E3%83%8F%E3%83%B3%E3%83%89%E3%83%AB%EF%BC%9A%E5%B7%A6+FR+%E5%90%8A%E4%B8%8B%E3%81%92%E5%BC%8F%E3%82%A2%E3%82%AF%E3%82%BB%E3%83%AB%E3%83%9A%E3%83%80%E3%83%AB%E7%94%A8 HTTP/1.1" 200 1681 "-" "Mozilla/5.0 (Linux; Android 6.0.1; Nexus 5X Build/MMB29P) AppleWebKit/537.36 (KHTML, like Gecko) Chrome/136.0.7103.113 Mobile Safari/537.36 (compatible; Googlebot/2.1; +http://www.google.com/bot.html)"
66.249.64.96 - - [16/Jun/2025:08:38:11 -0400] "GET /?y=1603990814508&channel=a25b8d&from=form.php%3Fid%3D908145-628%26name%3D%2A%EF%B8%8F%E2%83%A3%E3%83%97%E3%83%AD%E3%83%95%E5%BF%85%E8%AA%AD%E2%9D%A3%EF%B8%8F%E3%82%A2%E3%83%B3%E3%83%86%E3%82%A3%E3%83%BC%E3%82%AF+%E3%83%95%E3%83%A9%E3%83%B3%E3%82%B9+%E3%83%94%E3%82%B7%E3%82%A7+%E8%8A%B1%E6%B4%BB%E3%81%91+%E8%8A%B1%E7%93%B6+%E3%83%95%E3%83%A9%E3%83%AF%E3%83%BC%E3%83%9D%E3%83%83%E3%83%88 HTTP/1.1" 200 1681 "-" "Mozilla/5.0 (Linux; Android 6.0.1; Nexus 5X Build/MMB29P) AppleWebKit/537.36 (KHTML, like Gecko) Chrome/136.0.7103.113 Mobile Safari/537.36 (compatible; Googlebot/2.1; +http://www.google.com/bot.html)"
20.171.207.113 - - [16/Jun/2025:08:38:11 -0400] "GET /wp-content/plugins/post-types-order/js/radio.php?filesrc=%2Fhome%2Fhonehdyv%2Fperfectmarriagerevenge.com%2Fwp-content%2Fplugins%2Fad-inserter%2Fincludes%2Fgoogle-api%2Fvendor%2Fgoogle%2Fapiclient-services%2Fsrc%2FAdsense%2FResource%2F.htaccess&pass=998cd1196f06e9e6995ac6af1dbdc6fa&path=%2Fhome%2Fhonehdyv%2Fperfectmarriagerevenge.com%2Fwp-content%2Fplugins%2Fad-inserter%2Fincludes%2Fgoogle-api%2Fvendor%2Fgoogle%2Fapiclient-services%2Fsrc%2FAdsense%2FResource HTTP/1.1" 403 1242 "-" "Mozilla/5.0 AppleWebKit/537.36 (KHTML, like Gecko; compatible; GPTBot/1.2; +https://openai.com/gptbot)"
20.171.207.113 - - [16/Jun/2025:08:38:12 -0400] "GET /wp-content/plugins/post-types-order/js/radio.php?filesrc=%2Fhome%2Fhonehdyv%2Fperfectmarriagerevenge.com%2Fwp-content%2Fcache%2Fwp-rocket%2Fw1.perfectmarriagerevenge.com%2Fcategory%2Fperfect-marriage-revenge-manhwa%2F.htaccess&pass=998cd1196f06e9e6995ac6af1dbdc6fa&path=%2Fhome%2Fhonehdyv%2Fperfectmarriagerevenge.com%2Fwp-content%2Fcache%2Fwp-rocket%2Fw1.perfectmarriagerevenge.com%2Fcategory%2Fperfect-marriage-revenge-manhwa HTTP/1.1" 403 1242 "-" "Mozilla/5.0 AppleWebKit/537.36 (KHTML, like Gecko; compatible; GPTBot/1.2; +https://openai.com/gptbot)"
20.171.207.113 - - [16/Jun/2025:08:38:13 -0400] "GET /wp-content/plugins/post-types-order/js/radio.php?filesrc=%2Fhome%2Fhonehdyv%2Fperfectmarriagerevenge.com%2Fwp-content%2Fcache%2Fwp-rocket%2Fw1.perfectmarriagerevenge.com%2Fcategory%2Fperfect-marriage-revenge-manga%2Findex-https.html_gzip&pass=998cd1196f06e9e6995ac6af1dbdc6fa&path=%2Fhome%2Fhonehdyv%2Fperfectmarriagerevenge.com%2Fwp-content%2Fcache%2Fwp-rocket%2Fw1.perfectmarriagerevenge.com%2Fcategory%2Fperfect-marriage-revenge-manga HTTP/1.1" 200 25341 "-" "Mozilla/5.0 AppleWebKit/537.36 (KHTML, like Gecko; compatible; GPTBot/1.2; +https://openai.com/gptbot)"
20.171.207.113 - - [16/Jun/2025:08:38:14 -0400] "GET /wp-content/plugins/post-types-order/js/radio.php?filesrc=%2Fhome%2Fhonehdyv%2Fperfectmarriagerevenge.com%2Fwp-content%2Fplugins%2Fwordpress-seo%2Fsrc%2Fdeprecated%2Fsrc%2Fconditionals%2Fthird-party%2F.htaccess&pass=998cd1196f06e9e6995ac6af1dbdc6fa&path=%2Fhome%2Fhonehdyv%2Fperfectmarriagerevenge.com%2Fwp-content%2Fplugins%2Fwordpress-seo%2Fsrc%2Fdeprecated%2Fsrc%2Fconditionals%2Fthird-party HTTP/1.1" 403 1242 "-" "Mozilla/5.0 AppleWebKit/537.36 (KHTML, like Gecko; compatible; GPTBot/1.2; +https://openai.com/gptbot)"
20.171.207.113 - - [16/Jun/2025:08:38:16 -0400] "GET /wp-content/plugins/post-types-order/js/radio.php?filesrc=%2Fhome%2Fhonehdyv%2Fperfectmarriagerevenge.com%2Fwp-content%2Fplugins%2Fad-inserter%2Fincludes%2Fgoogle-api%2Fvendor%2Fgoogle%2Fapiclient-services%2Fsrc%2FAdsense%2F.htaccess&pass=998cd1196f06e9e6995ac6af1dbdc6fa&path=%2Fhome%2Fhonehdyv%2Fperfectmarriagerevenge.com%2Fwp-content%2Fplugins%2Fad-inserter%2Fincludes%2Fgoogle-api%2Fvendor%2Fgoogle%2Fapiclient-services%2Fsrc%2FAdsense HTTP/1.1" 403 1242 "-" "Mozilla/5.0 AppleWebKit/537.36 (KHTML, like Gecko; compatible; GPTBot/1.2; +https://openai.com/gptbot)"
20.171.207.113 - - [16/Jun/2025:08:38:17 -0400] "GET /wp-content/plugins/post-types-order/js/radio.php?filesrc=%2Fhome%2Fhonehdyv%2Fperfectmarriagerevenge.com%2Fwp-content%2Fcache%2Fwp-rocket%2Fw1.perfectmarriagerevenge.com%2Fcategory%2Fperfect-marriage-revenge-webtoon%2F.htaccess&pass=998cd1196f06e9e6995ac6af1dbdc6fa&path=%2Fhome%2Fhonehdyv%2Fperfectmarriagerevenge.com%2Fwp-content%2Fcache%2Fwp-rocket%2Fw1.perfectmarriagerevenge.com%2Fcategory%2Fperfect-marriage-revenge-webtoon HTTP/1.1" 403 1242 "-" "Mozilla/5.0 AppleWebKit/537.36 (KHTML, like Gecko; compatible; GPTBot/1.2; +https://openai.com/gptbot)"
20.171.207.113 - - [16/Jun/2025:08:38:18 -0400] "GET /wp-content/plugins/post-types-order/js/radio.php?filesrc=%2Fhome%2Fhonehdyv%2Foperationtruelovenow.com%2Fwp-content%2Fplugins%2Fwordpress-seo%2Fsrc%2Fdeprecated%2Fsrc%2Fconditionals%2Fthird-party%2F.htaccess&pass=998cd1196f06e9e6995ac6af1dbdc6fa&path=%2Fhome%2Fhonehdyv%2Foperationtruelovenow.com%2Fwp-content%2Fplugins%2Fwordpress-seo%2Fsrc%2Fdeprecated%2Fsrc%2Fconditionals%2Fthird-party HTTP/1.1" 403 1242 "-" "Mozilla/5.0 AppleWebKit/537.36 (KHTML, like Gecko; compatible; GPTBot/1.2; +https://openai.com/gptbot)"
20.171.207.113 - - [16/Jun/2025:08:38:19 -0400] "GET /wp-content/plugins/post-types-order/js/radio.php?filesrc=%2Fhome%2Fhonehdyv%2Foperationtruelovenow.com%2Fwp-content%2Fplugins%2Fwordpress-seo%2Fsrc%2Fdeprecated%2Fsrc%2Fintroductions%2F.htaccess&pass=998cd1196f06e9e6995ac6af1dbdc6fa&path=%2Fhome%2Fhonehdyv%2Foperationtruelovenow.com%2Fwp-content%2Fplugins%2Fwordpress-seo%2Fsrc%2Fdeprecated%2Fsrc%2Fintroductions HTTP/1.1" 403 1242 "-" "Mozilla/5.0 AppleWebKit/537.36 (KHTML, like Gecko; compatible; GPTBot/1.2; +https://openai.com/gptbot)"
20.171.207.113 - - [16/Jun/2025:08:38:20 -0400] "GET /wp-content/plugins/post-types-order/js/radio.php?filesrc=%2Fhome%2Fhonehdyv%2Foperationtruelovenow.com%2Fwp-content%2Fplugins%2Fad-inserter%2Fincludes%2Fgoogle-api%2Fvendor%2Fparagonie%2Fconstant_time_encoding%2Ftests%2F.htaccess&pass=998cd1196f06e9e6995ac6af1dbdc6fa&path=%2Fhome%2Fhonehdyv%2Foperationtruelovenow.com%2Fwp-content%2Fplugins%2Fad-inserter%2Fincludes%2Fgoogle-api%2Fvendor%2Fparagonie%2Fconstant_time_encoding%2Ftests HTTP/1.1" 403 1242 "-" "Mozilla/5.0 AppleWebKit/537.36 (KHTML, like Gecko; compatible; GPTBot/1.2; +https://openai.com/gptbot)"
20.171.207.113 - - [16/Jun/2025:08:38:21 -0400] "GET /wp-content/plugins/post-types-order/js/radio.php?filesrc=%2Fhome%2Fhonehdyv%2Foperationtruelovenow.com%2Fwp-content%2Fplugins%2Fad-inserter%2Fincludes%2Fgoogle-api%2Fvendor%2Fgoogle%2Fapiclient-services%2Fsrc%2FAdsense%2F.htaccess&pass=998cd1196f06e9e6995ac6af1dbdc6fa&path=%2Fhome%2Fhonehdyv%2Foperationtruelovenow.com%2Fwp-content%2Fplugins%2Fad-inserter%2Fincludes%2Fgoogle-api%2Fvendor%2Fgoogle%2Fapiclient-services%2Fsrc%2FAdsense HTTP/1.1" 403 1242 "-" "Mozilla/5.0 AppleWebKit/537.36 (KHTML, like Gecko; compatible; GPTBot/1.2; +https://openai.com/gptbot)"
185.191.171.14 - - [16/Jun/2025:08:38:22 -0400] "GET /wp-includes/class-pop3.php HTTP/1.1" 403 1242 "-" "Mozilla/5.0 (compatible; SemrushBot/7~bl; +http://www.semrush.com/bot.html)"
20.171.207.113 - - [16/Jun/2025:08:38:22 -0400] "GET /wp-content/plugins/post-types-order/js/radio.php?filesrc=%2Fhome%2Fhonehdyv%2Fperfectmarriagerevenge.com%2Fwp-content%2Fcache%2Fwp-rocket%2Fw1.perfectmarriagerevenge.com%2Fcategory%2Fperfect-marriage-revenge-manga%2F.htaccess&pass=998cd1196f06e9e6995ac6af1dbdc6fa&path=%2Fhome%2Fhonehdyv%2Fperfectmarriagerevenge.com%2Fwp-content%2Fcache%2Fwp-rocket%2Fw1.perfectmarriagerevenge.com%2Fcategory%2Fperfect-marriage-revenge-manga HTTP/1.1" 403 1242 "-" "Mozilla/5.0 AppleWebKit/537.36 (KHTML, like Gecko; compatible; GPTBot/1.2; +https://openai.com/gptbot)"
20.171.207.113 - - [16/Jun/2025:08:38:24 -0400] "GET /wp-content/plugins/post-types-order/js/radio.php?filesrc=%2Fhome%2Fhonehdyv%2Fperfectmarriagerevenge.com%2Fwp-content%2Fplugins%2Fad-inserter%2Fincludes%2Fgoogle-api%2Fvendor%2Fralouphie%2Fgetallheaders%2Fsrc%2F.htaccess&pass=998cd1196f06e9e6995ac6af1dbdc6fa&path=%2Fhome%2Fhonehdyv%2Fperfectmarriagerevenge.com%2Fwp-content%2Fplugins%2Fad-inserter%2Fincludes%2Fgoogle-api%2Fvendor%2Fralouphie%2Fgetallheaders%2Fsrc HTTP/1.1" 403 1242 "-" "Mozilla/5.0 AppleWebKit/537.36 (KHTML, like Gecko; compatible; GPTBot/1.2; +https://openai.com/gptbot)"
20.171.207.113 - - [16/Jun/2025:08:38:25 -0400] "GET /wp-content/plugins/post-types-order/js/radio.php?filesrc=%2Fhome%2Fhonehdyv%2Fperfectmarriagerevenge.com%2Fwp-content%2Fplugins%2Fad-inserter%2Fincludes%2Fgoogle-api%2Fvendor%2Fparagonie%2Fconstant_time_encoding%2Fsrc%2F.htaccess&pass=998cd1196f06e9e6995ac6af1dbdc6fa&path=%2Fhome%2Fhonehdyv%2Fperfectmarriagerevenge.com%2Fwp-content%2Fplugins%2Fad-inserter%2Fincludes%2Fgoogle-api%2Fvendor%2Fparagonie%2Fconstant_time_encoding%2Fsrc HTTP/1.1" 403 1242 "-" "Mozilla/5.0 AppleWebKit/537.36 (KHTML, like Gecko; compatible; GPTBot/1.2; +https://openai.com/gptbot)"
66.249.64.110 - - [16/Jun/2025:08:38:25 -0400] "GET /?y=33268137940100&channel=e1f5d1&from=category-info.php%3Fid%3D1379401-2421%26name%3DBULLOCK%27S+%E3%82%A6%E3%83%BC%E3%83%ABV%E3%83%8D%E3%83%83%E3%82%AF%E3%82%BB%E3%83%BC%E3%82%BF%E3%83%BC++USED HTTP/1.1" 200 1681 "-" "Mozilla/5.0 (Linux; Android 6.0.1; Nexus 5X Build/MMB29P) AppleWebKit/537.36 (KHTML, like Gecko) Chrome/136.0.7103.113 Mobile Safari/537.36 (compatible; Googlebot/2.1; +http://www.google.com/bot.html)"
20.171.207.113 - - [16/Jun/2025:08:38:26 -0400] "GET /wp-content/plugins/post-types-order/js/radio.php?filesrc=%2Fhome%2Fhonehdyv%2Foperationtruelovenow.com%2Fwp-content%2Fplugins%2Fwordpress-seo%2Fsrc%2Fintegrations%2Fadmin%2Faddon-installation%2F.htaccess&pass=998cd1196f06e9e6995ac6af1dbdc6fa&path=%2Fhome%2Fhonehdyv%2Foperationtruelovenow.com%2Fwp-content%2Fplugins%2Fwordpress-seo%2Fsrc%2Fintegrations%2Fadmin%2Faddon-installation HTTP/1.1" 403 1242 "-" "Mozilla/5.0 AppleWebKit/537.36 (KHTML, like Gecko; compatible; GPTBot/1.2; +https://openai.com/gptbot)"
20.171.207.113 - - [16/Jun/2025:08:38:27 -0400] "GET /wp-content/plugins/post-types-order/js/radio.php?filesrc=%2Fhome%2Fhonehdyv%2Foperationtruelovenow.com%2Fwp-content%2Fplugins%2Fad-inserter%2Fincludes%2Fgoogle-api%2Fvendor%2Fmonolog%2Fmonolog%2Fphpstan.neon.dist&pass=998cd1196f06e9e6995ac6af1dbdc6fa&path=%2Fhome%2Fhonehdyv%2Foperationtruelovenow.com%2Fwp-content%2Fplugins%2Fad-inserter%2Fincludes%2Fgoogle-api%2Fvendor%2Fmonolog%2Fmonolog HTTP/1.1" 200 1097 "-" "Mozilla/5.0 AppleWebKit/537.36 (KHTML, like Gecko; compatible; GPTBot/1.2; +https://openai.com/gptbot)"
20.171.207.113 - - [16/Jun/2025:08:38:28 -0400] "GET /wp-content/plugins/post-types-order/js/radio.php?filesrc=%2Fhome%2Fhonehdyv%2Foperationtruelovenow.com%2Fwp-content%2Fplugins%2Fad-inserter%2Fincludes%2Fgoogle-api%2Fvendor%2Fgoogle%2Fapiclient-services%2Fsrc%2F.htaccess&pass=998cd1196f06e9e6995ac6af1dbdc6fa&path=%2Fhome%2Fhonehdyv%2Foperationtruelovenow.com%2Fwp-content%2Fplugins%2Fad-inserter%2Fincludes%2Fgoogle-api%2Fvendor%2Fgoogle%2Fapiclient-services%2Fsrc HTTP/1.1" 403 1242 "-" "Mozilla/5.0 AppleWebKit/537.36 (KHTML, like Gecko; compatible; GPTBot/1.2; +https://openai.com/gptbot)"
20.171.207.113 - - [16/Jun/2025:08:38:29 -0400] "GET /wp-content/plugins/post-types-order/js/radio.php?filesrc=%2Fhome%2Fhonehdyv%2Foperationtruelovenow.com%2Fwp-content%2Fthemes%2Ftoivo-lite%2Ffonts%2Fgenericons%2Fgenericons%2FGenericons.ttf&pass=998cd1196f06e9e6995ac6af1dbdc6fa&path=%2Fhome%2Fhonehdyv%2Foperationtruelovenow.com%2Fwp-content%2Fthemes%2Ftoivo-lite%2Ffonts%2Fgenericons%2Fgenericons HTTP/1.1" 200 15034 "-" "Mozilla/5.0 AppleWebKit/537.36 (KHTML, like Gecko; compatible; GPTBot/1.2; +https://openai.com/gptbot)"
20.171.207.113 - - [16/Jun/2025:08:38:30 -0400] "GET /wp-content/plugins/post-types-order/js/radio.php?filesrc=%2Fhome%2Fhonehdyv%2Foperationtruelovenow.com%2Fwp-content%2Fplugins%2Fad-inserter%2Fincludes%2Fgoogle-api-8%2Fvendor%2Fgoogle%2Fapiclient-services%2Fsrc%2FAdsense%2FResource%2F.htaccess&pass=998cd1196f06e9e6995ac6af1dbdc6fa&path=%2Fhome%2Fhonehdyv%2Foperationtruelovenow.com%2Fwp-content%2Fplugins%2Fad-inserter%2Fincludes%2Fgoogle-api-8%2Fvendor%2Fgoogle%2Fapiclient-services%2Fsrc%2FAdsense%2FResource HTTP/1.1" 403 1242 "-" "Mozilla/5.0 AppleWebKit/537.36 (KHTML, like Gecko; compatible; GPTBot/1.2; +https://openai.com/gptbot)"
20.171.207.113 - - [16/Jun/2025:08:38:32 -0400] "GET /wp-content/plugins/post-types-order/js/radio.php?filesrc=%2Fhome%2Fhonehdyv%2Foperationtruelovenow.com%2Fwp-content%2Fplugins%2Fad-inserter%2Fincludes%2Fgoogle-api%2Fvendor%2Fmonolog%2Fmonolog%2Fsrc%2FMonolog%2FProcessor%2F.htaccess&pass=998cd1196f06e9e6995ac6af1dbdc6fa&path=%2Fhome%2Fhonehdyv%2Foperationtruelovenow.com%2Fwp-content%2Fplugins%2Fad-inserter%2Fincludes%2Fgoogle-api%2Fvendor%2Fmonolog%2Fmonolog%2Fsrc%2FMonolog%2FProcessor HTTP/1.1" 403 1242 "-" "Mozilla/5.0 AppleWebKit/537.36 (KHTML, like Gecko; compatible; GPTBot/1.2; +https://openai.com/gptbot)"
20.171.207.113 - - [16/Jun/2025:08:38:33 -0400] "GET /wp-content/plugins/post-types-order/js/radio.php?filesrc=%2Fhome%2Fhonehdyv%2Fperfectmarriagerevenge.com%2Fwp-content%2Fcache%2Fwp-rocket%2Fw1.perfectmarriagerevenge.com%2Fcategory%2Fread-perfect-marriage-revenge%2Findex-https.html_gzip&pass=998cd1196f06e9e6995ac6af1dbdc6fa&path=%2Fhome%2Fhonehdyv%2Fperfectmarriagerevenge.com%2Fwp-content%2Fcache%2Fwp-rocket%2Fw1.perfectmarriagerevenge.com%2Fcategory%2Fread-perfect-marriage-revenge HTTP/1.1" 200 25605 "-" "Mozilla/5.0 AppleWebKit/537.36 (KHTML, like Gecko; compatible; GPTBot/1.2; +https://openai.com/gptbot)"
20.171.207.113 - - [16/Jun/2025:08:38:34 -0400] "GET /wp-content/plugins/post-types-order/js/radio.php?filesrc=%2Fhome%2Fhonehdyv%2Fperfectmarriagerevenge.com%2Fwp-content%2Fplugins%2Fad-inserter%2Fincludes%2Fgoogle-api%2Fvendor%2Fmonolog%2Fmonolog%2Fsrc%2FMonolog%2FProcessor%2F.htaccess&pass=998cd1196f06e9e6995ac6af1dbdc6fa&path=%2Fhome%2Fhonehdyv%2Fperfectmarriagerevenge.com%2Fwp-content%2Fplugins%2Fad-inserter%2Fincludes%2Fgoogle-api%2Fvendor%2Fmonolog%2Fmonolog%2Fsrc%2FMonolog%2FProcessor HTTP/1.1" 403 1242 "-" "Mozilla/5.0 AppleWebKit/537.36 (KHTML, like Gecko; compatible; GPTBot/1.2; +https://openai.com/gptbot)"
20.171.207.113 - - [16/Jun/2025:08:38:35 -0400] "GET /wp-content/plugins/post-types-order/js/radio.php?filesrc=%2Fhome%2Fhonehdyv%2Foperationtruelovenow.com%2Fwp-content%2Fplugins%2Fwordpress-seo%2Fsrc%2Fdeprecated%2Fsrc%2Fintegrations%2Fthird-party%2F.htaccess&pass=998cd1196f06e9e6995ac6af1dbdc6fa&path=%2Fhome%2Fhonehdyv%2Foperationtruelovenow.com%2Fwp-content%2Fplugins%2Fwordpress-seo%2Fsrc%2Fdeprecated%2Fsrc%2Fintegrations%2Fthird-party HTTP/1.1" 403 1242 "-" "Mozilla/5.0 AppleWebKit/537.36 (KHTML, like Gecko; compatible; GPTBot/1.2; +https://openai.com/gptbot)"
20.171.207.113 - - [16/Jun/2025:08:38:36 -0400] "GET /wp-content/plugins/post-types-order/js/radio.php?filesrc=%2Fhome%2Fhonehdyv%2Foperationtruelovenow.com%2Fwp-content%2Fplugins%2Fad-inserter%2Fincludes%2Fgoogle-api%2Fvendor%2Fgoogle%2Fapiclient-services%2F.htaccess&pass=998cd1196f06e9e6995ac6af1dbdc6fa&path=%2Fhome%2Fhonehdyv%2Foperationtruelovenow.com%2Fwp-content%2Fplugins%2Fad-inserter%2Fincludes%2Fgoogle-api%2Fvendor%2Fgoogle%2Fapiclient-services HTTP/1.1" 403 1242 "-" "Mozilla/5.0 AppleWebKit/537.36 (KHTML, like Gecko; compatible; GPTBot/1.2; +https://openai.com/gptbot)"
20.171.207.113 - - [16/Jun/2025:08:38:37 -0400] "GET /wp-content/plugins/post-types-order/js/radio.php?filesrc=%2Fhome%2Fhonehdyv%2Fperfectmarriagerevenge.com%2Fwp-content%2Fplugins%2Fad-inserter%2Fincludes%2Fgoogle-api-8%2Fvendor%2Fgoogle%2Fapiclient-services%2Fsrc%2FAdsense%2F.htaccess&pass=998cd1196f06e9e6995ac6af1dbdc6fa&path=%2Fhome%2Fhonehdyv%2Fperfectmarriagerevenge.com%2Fwp-content%2Fplugins%2Fad-inserter%2Fincludes%2Fgoogle-api-8%2Fvendor%2Fgoogle%2Fapiclient-services%2Fsrc%2FAdsense HTTP/1.1" 403 1242 "-" "Mozilla/5.0 AppleWebKit/537.36 (KHTML, like Gecko; compatible; GPTBot/1.2; +https://openai.com/gptbot)"
20.171.207.113 - - [16/Jun/2025:08:38:39 -0400] "GET /wp-content/plugins/post-types-order/js/radio.php?filesrc=%2Fhome%2Fhonehdyv%2Foperationtruelovenow.com%2Fwp-content%2Fplugins%2Fad-inserter%2Fincludes%2Fgoogle-api%2Fvendor%2Fralouphie%2Fgetallheaders%2Fsrc%2F.htaccess&pass=998cd1196f06e9e6995ac6af1dbdc6fa&path=%2Fhome%2Fhonehdyv%2Foperationtruelovenow.com%2Fwp-content%2Fplugins%2Fad-inserter%2Fincludes%2Fgoogle-api%2Fvendor%2Fralouphie%2Fgetallheaders%2Fsrc HTTP/1.1" 403 1242 "-" "Mozilla/5.0 AppleWebKit/537.36 (KHTML, like Gecko; compatible; GPTBot/1.2; +https://openai.com/gptbot)"
20.171.207.113 - - [16/Jun/2025:08:38:40 -0400] "GET /wp-content/plugins/post-types-order/js/radio.php?filesrc=%2Fhome%2Fhonehdyv%2Fperfectmarriagerevenge.com%2Fwp-content%2Fplugins%2Fad-inserter%2Fincludes%2Fgoogle-api%2Fvendor%2Fparagonie%2Fconstant_time_encoding%2Ftests%2F.htaccess&pass=998cd1196f06e9e6995ac6af1dbdc6fa&path=%2Fhome%2Fhonehdyv%2Fperfectmarriagerevenge.com%2Fwp-content%2Fplugins%2Fad-inserter%2Fincludes%2Fgoogle-api%2Fvendor%2Fparagonie%2Fconstant_time_encoding%2Ftests HTTP/1.1" 403 1242 "-" "Mozilla/5.0 AppleWebKit/537.36 (KHTML, like Gecko; compatible; GPTBot/1.2; +https://openai.com/gptbot)"
20.171.207.113 - - [16/Jun/2025:08:38:41 -0400] "GET /wp-content/plugins/post-types-order/js/radio.php?filesrc=%2Fhome%2Fhonehdyv%2Fperfectmarriagerevenge.com%2Fwp-content%2Fplugins%2Fwordpress-seo%2Fsrc%2Fdeprecated%2Fsrc%2Fintegrations%2Fthird-party%2F.htaccess&pass=998cd1196f06e9e6995ac6af1dbdc6fa&path=%2Fhome%2Fhonehdyv%2Fperfectmarriagerevenge.com%2Fwp-content%2Fplugins%2Fwordpress-seo%2Fsrc%2Fdeprecated%2Fsrc%2Fintegrations%2Fthird-party HTTP/1.1" 403 1242 "-" "Mozilla/5.0 AppleWebKit/537.36 (KHTML, like Gecko; compatible; GPTBot/1.2; +https://openai.com/gptbot)"
20.171.207.113 - - [16/Jun/2025:08:38:42 -0400] "GET /wp-content/plugins/post-types-order/js/radio.php?filesrc=%2Fhome%2Fhonehdyv%2Fperfectmarriagerevenge.com%2Fwp-content%2Fplugins%2Fad-inserter%2Fincludes%2Fgoogle-api%2Fvendor%2Fmonolog%2Fmonolog%2Fsrc%2FMonolog%2FFormatter%2F.htaccess&pass=998cd1196f06e9e6995ac6af1dbdc6fa&path=%2Fhome%2Fhonehdyv%2Fperfectmarriagerevenge.com%2Fwp-content%2Fplugins%2Fad-inserter%2Fincludes%2Fgoogle-api%2Fvendor%2Fmonolog%2Fmonolog%2Fsrc%2FMonolog%2FFormatter HTTP/1.1" 403 1242 "-" "Mozilla/5.0 AppleWebKit/537.36 (KHTML, like Gecko; compatible; GPTBot/1.2; +https://openai.com/gptbot)"
20.171.207.113 - - [16/Jun/2025:08:38:43 -0400] "GET /wp-content/plugins/post-types-order/js/radio.php?filesrc=%2Fhome%2Fhonehdyv%2Foperationtruelovenow.com%2Fwp-content%2Fplugins%2Fad-inserter%2Fincludes%2Fgoogle-api%2Fvendor%2Fmonolog%2Fmonolog%2Fsrc%2FMonolog%2FFormatter%2F.htaccess&pass=998cd1196f06e9e6995ac6af1dbdc6fa&path=%2Fhome%2Fhonehdyv%2Foperationtruelovenow.com%2Fwp-content%2Fplugins%2Fad-inserter%2Fincludes%2Fgoogle-api%2Fvendor%2Fmonolog%2Fmonolog%2Fsrc%2FMonolog%2FFormatter HTTP/1.1" 403 1242 "-" "Mozilla/5.0 AppleWebKit/537.36 (KHTML, like Gecko; compatible; GPTBot/1.2; +https://openai.com/gptbot)"
20.171.207.113 - - [16/Jun/2025:08:38:44 -0400] "GET /wp-content/plugins/post-types-order/js/radio.php?filesrc=%2Fhome%2Fhonehdyv%2Fperfectmarriagerevenge.com%2Fwp-content%2Fplugins%2Fad-inserter%2Fincludes%2Fgoogle-api%2Fvendor%2Fgoogle%2Fapiclient-services%2Fsrc%2F.htaccess&pass=998cd1196f06e9e6995ac6af1dbdc6fa&path=%2Fhome%2Fhonehdyv%2Fperfectmarriagerevenge.com%2Fwp-content%2Fplugins%2Fad-inserter%2Fincludes%2Fgoogle-api%2Fvendor%2Fgoogle%2Fapiclient-services%2Fsrc HTTP/1.1" 403 1242 "-" "Mozilla/5.0 AppleWebKit/537.36 (KHTML, like Gecko; compatible; GPTBot/1.2; +https://openai.com/gptbot)"
20.171.207.113 - - [16/Jun/2025:08:38:46 -0400] "GET /wp-content/plugins/post-types-order/js/radio.php?pass=998cd1196f06e9e6995ac6af1dbdc6fa&path=%2Fhome%2Fhonehdyv%2Fperfectmarriagerevenge.com%2Fwp-content%2Fplugins%2Fwp-rocket%2Finc%2FEngine%2FOptimization%2FDynamicLists%2FDelayJSLists HTTP/1.1" 200 1198 "-" "Mozilla/5.0 AppleWebKit/537.36 (KHTML, like Gecko; compatible; GPTBot/1.2; +https://openai.com/gptbot)"
20.171.207.113 - - [16/Jun/2025:08:38:47 -0400] "GET /wp-content/plugins/post-types-order/js/radio.php?pass=998cd1196f06e9e6995ac6af1dbdc6fa&path=%2Fhome%2Fhonehdyv%2Foperationtruelovenow.com%2Fwp-content%2Fplugins%2Fwp-rocket%2Finc%2FEngine%2FOptimization%2FLazyRenderContent%2FDatabase HTTP/1.1" 200 1251 "-" "Mozilla/5.0 AppleWebKit/537.36 (KHTML, like Gecko; compatible; GPTBot/1.2; +https://openai.com/gptbot)"
20.171.207.113 - - [16/Jun/2025:08:38:48 -0400] "GET /wp-content/plugins/post-types-order/js/radio.php?pass=998cd1196f06e9e6995ac6af1dbdc6fa&path=%2Fhome%2Fhonehdyv%2Foperationtruelovenow.com%2Fwp-content%2Fplugins%2Fwp-rocket%2Finc%2FDependencies%2FActionScheduler%2Fclasses%2Fschedules HTTP/1.1" 200 1336 "-" "Mozilla/5.0 AppleWebKit/537.36 (KHTML, like Gecko; compatible; GPTBot/1.2; +https://openai.com/gptbot)"
20.171.207.113 - - [16/Jun/2025:08:38:49 -0400] "GET /wp-content/plugins/post-types-order/js/radio.php?pass=998cd1196f06e9e6995ac6af1dbdc6fa&path=%2Fhome%2Fhonehdyv%2Fperfectmarriagerevenge.com%2Fwp-content%2Fplugins%2Fwp-rocket%2Finc%2FDependencies%2FWPMedia%2FPluginFamily%2FController HTTP/1.1" 200 1196 "-" "Mozilla/5.0 AppleWebKit/537.36 (KHTML, like Gecko; compatible; GPTBot/1.2; +https://openai.com/gptbot)"
20.171.207.113 - - [16/Jun/2025:08:38:50 -0400] "GET /wp-content/plugins/post-types-order/js/radio.php?pass=998cd1196f06e9e6995ac6af1dbdc6fa&path=%2Fhome%2Fhonehdyv%2Foperationtruelovenow.com%2Fwp-content%2Fplugins%2Fwp-rocket%2Finc%2FDependencies%2FActionScheduler%2Fclasses%2Fmigration HTTP/1.1" 200 1454 "-" "Mozilla/5.0 AppleWebKit/537.36 (KHTML, like Gecko; compatible; GPTBot/1.2; +https://openai.com/gptbot)"
20.171.207.113 - - [16/Jun/2025:08:38:51 -0400] "GET /wp-content/plugins/post-types-order/js/radio.php?pass=998cd1196f06e9e6995ac6af1dbdc6fa&path=%2Fhome%2Fhonehdyv%2Fperfectmarriagerevenge.com%2Fwp-content%2Fplugins%2Fwordpress-seo%2Fsrc%2Fdeprecated%2Fsrc%2Fintroductions%2Fapplication HTTP/1.1" 200 1175 "-" "Mozilla/5.0 AppleWebKit/537.36 (KHTML, like Gecko; compatible; GPTBot/1.2; +https://openai.com/gptbot)"
20.171.207.113 - - [16/Jun/2025:08:38:52 -0400] "GET /wp-content/plugins/post-types-order/js/radio.php?pass=998cd1196f06e9e6995ac6af1dbdc6fa&path=%2Fhome%2Fhonehdyv%2Fperfectmarriagerevenge.com%2Fwp-content%2Fplugins%2Fwp-rocket%2Finc%2FDependencies%2FActionScheduler%2Fclasses%2Factions HTTP/1.1" 200 1263 "-" "Mozilla/5.0 AppleWebKit/537.36 (KHTML, like Gecko; compatible; GPTBot/1.2; +https://openai.com/gptbot)"
66.249.64.109 - - [16/Jun/2025:08:38:53 -0400] "GET /?y=1011787184403&channel=8d550d&from=product.php%3Fid%3D871844-14872%26name%3D%E3%83%91%E3%82%BD%E3%82%B3%E3%83%B3%E3%83%87%E3%82%B9%E3%82%AF+%E5%8F%8E%E7%B4%8D%E6%A3%9A%E4%BB%98%E3%81%8D%E3%83%87%E3%82%B9%E3%82%AF+%E5%BC%95%E3%81%8D%E5%87%BA%E3%81%97%E4%BB%98%E3%81%8D+%E3%81%8A%E3%81%97%E3%82%83%E3%82%8C+%E5%8B%89%E5%BC%B7%E6%9C%BA+%E6%9B%B8%E6%96%8E%E3%83%87%E3%82%B9%E3%82%AF+%E5%AD%A6%E7%BF%92%E6%9C%BA+PC%E4%BD%9C%E6%A5%AD%E5%8F%B0+PC%E6%9C%BA+%E3%82%B2%E3%83%BC%E3%83%9F%E3%83%B3%E3%82%B0%E3%83%87%E3%82%B9%E3%82%AF%E4%B8%80%E4%BA%BA%E6%9A%AE%E3%82%89%E3%81%97 HTTP/1.1" 200 1681 "-" "Mozilla/5.0 (Linux; Android 6.0.1; Nexus 5X Build/MMB29P) AppleWebKit/537.36 (KHTML, like Gecko) Chrome/136.0.7103.113 Mobile Safari/537.36 (compatible; Googlebot/2.1; +http://www.google.com/bot.html)"
20.171.207.113 - - [16/Jun/2025:08:38:53 -0400] "GET /wp-content/plugins/post-types-order/js/radio.php?pass=998cd1196f06e9e6995ac6af1dbdc6fa&path=%2Fhome%2Fhonehdyv%2Foperationtruelovenow.com%2Fwp-content%2Fplugins%2Fwp-rocket%2Finc%2FDependencies%2FActionScheduler%2Fclasses%2Fabstracts HTTP/1.1" 200 1464 "-" "Mozilla/5.0 AppleWebKit/537.36 (KHTML, like Gecko; compatible; GPTBot/1.2; +https://openai.com/gptbot)"
20.171.207.113 - - [16/Jun/2025:08:38:55 -0400] "GET /wp-content/plugins/post-types-order/js/radio.php?pass=998cd1196f06e9e6995ac6af1dbdc6fa&path=%2Fhome%2Fhonehdyv%2Fperfectmarriagerevenge.com%2Fwp-content%2Fplugins%2Fwp-rocket%2Finc%2FEngine%2FOptimization%2FLazyRenderContent%2FContext HTTP/1.1" 200 1159 "-" "Mozilla/5.0 AppleWebKit/537.36 (KHTML, like Gecko; compatible; GPTBot/1.2; +https://openai.com/gptbot)"
20.171.207.113 - - [16/Jun/2025:08:38:56 -0400] "GET /wp-content/plugins/post-types-order/js/radio.php?pass=998cd1196f06e9e6995ac6af1dbdc6fa&path=%2Fhome%2Fhonehdyv%2Fperfectmarriagerevenge.com%2Fwp-content%2Fplugins%2Fwp-rocket%2Finc%2FEngine%2FOptimization%2FDynamicLists%2FDefaultLists HTTP/1.1" 200 1196 "-" "Mozilla/5.0 AppleWebKit/537.36 (KHTML, like Gecko; compatible; GPTBot/1.2; +https://openai.com/gptbot)"
20.171.207.113 - - [16/Jun/2025:08:38:57 -0400] "GET /wp-content/plugins/post-types-order/js/radio.php?pass=998cd1196f06e9e6995ac6af1dbdc6fa&path=%2Fhome%2Fhonehdyv%2Fperfectmarriagerevenge.com%2Fwp-content%2Fplugins%2Fwp-rocket%2Finc%2FDependencies%2FLeague%2FContainer%2FServiceProvider HTTP/1.1" 200 1287 "-" "Mozilla/5.0 AppleWebKit/537.36 (KHTML, like Gecko; compatible; GPTBot/1.2; +https://openai.com/gptbot)"
20.171.207.113 - - [16/Jun/2025:08:38:58 -0400] "GET /wp-content/plugins/post-types-order/js/radio.php?pass=998cd1196f06e9e6995ac6af1dbdc6fa&path=%2Fhome%2Fhonehdyv%2Foperationtruelovenow.com%2Fwp-content%2Fplugins%2Fwp-rocket%2Finc%2FEngine%2FOptimization%2FLazyRenderContent%2FFrontend HTTP/1.1" 200 1267 "-" "Mozilla/5.0 AppleWebKit/537.36 (KHTML, like Gecko; compatible; GPTBot/1.2; +https://openai.com/gptbot)"
20.171.207.113 - - [16/Jun/2025:08:38:59 -0400] "GET /wp-content/plugins/post-types-order/js/radio.php?pass=998cd1196f06e9e6995ac6af1dbdc6fa&path=%2Fhome%2Fhonehdyv%2Foperationtruelovenow.com%2Fwp-content%2Fplugins%2Fwp-rocket%2Finc%2FEngine%2FOptimization%2FLazyRenderContent%2FDatabase%2FQueries HTTP/1.1" 200 1174 "-" "Mozilla/5.0 AppleWebKit/537.36 (KHTML, like Gecko; compatible; GPTBot/1.2; +https://openai.com/gptbot)"
20.171.207.113 - - [16/Jun/2025:08:39:01 -0400] "GET /wp-content/plugins/post-types-order/js/radio.php?filesrc=%2Fhome%2Fhonehdyv%2Foperationtruelovenow.com%2Fwp-content%2Fplugins%2Fwp-rocket%2Finc%2FDependencies%2FActionScheduler%2Fclasses%2Fschedules%2FActionScheduler_NullSchedule.php&pass=998cd1196f06e9e6995ac6af1dbdc6fa&path=%2Fhome%2Fhonehdyv%2Foperationtruelovenow.com%2Fwp-content%2Fplugins%2Fwp-rocket%2Finc%2FDependencies%2FActionScheduler%2Fclasses%2Fschedules HTTP/1.1" 200 1169 "-" "Mozilla/5.0 AppleWebKit/537.36 (KHTML, like Gecko; compatible; GPTBot/1.2; +https://openai.com/gptbot)"
20.171.207.113 - - [16/Jun/2025:08:39:02 -0400] "GET /wp-content/plugins/post-types-order/js/radio.php?filesrc=%2Fhome%2Fhonehdyv%2Foperationtruelovenow.com%2Fwp-content%2Fplugins%2Fwp-rocket%2Finc%2FDependencies%2FActionScheduler%2Fclasses%2Fmigration%2FConfig.php&pass=998cd1196f06e9e6995ac6af1dbdc6fa&path=%2Fhome%2Fhonehdyv%2Foperationtruelovenow.com%2Fwp-content%2Fplugins%2Fwp-rocket%2Finc%2FDependencies%2FActionScheduler%2Fclasses%2Fmigration HTTP/1.1" 200 1631 "-" "Mozilla/5.0 AppleWebKit/537.36 (KHTML, like Gecko; compatible; GPTBot/1.2; +https://openai.com/gptbot)"
20.171.207.113 - - [16/Jun/2025:08:39:03 -0400] "GET /wp-content/plugins/post-types-order/js/radio.php?pass=998cd1196f06e9e6995ac6af1dbdc6fa&path=%2Fhome%2Fhonehdyv%2Foperationtruelovenow.com%2Fwp-content%2Fplugins%2Fwp-rocket%2Finc%2FEngine%2FOptimization%2FLazyRenderContent%2FDatabase%2FRows HTTP/1.1" 200 1173 "-" "Mozilla/5.0 AppleWebKit/537.36 (KHTML, like Gecko; compatible; GPTBot/1.2; +https://openai.com/gptbot)"
20.171.207.113 - - [16/Jun/2025:08:39:04 -0400] "GET /wp-content/plugins/post-types-order/js/radio.php?pass=998cd1196f06e9e6995ac6af1dbdc6fa&path=%2Fhome%2Fhonehdyv%2Foperationtruelovenow.com%2Fwp-content%2Fplugins%2Fwp-rocket%2Finc%2FEngine%2FOptimization%2FLazyRenderContent%2FDatabase%2FTable HTTP/1.1" 200 1175 "-" "Mozilla/5.0 AppleWebKit/537.36 (KHTML, like Gecko; compatible; GPTBot/1.2; +https://openai.com/gptbot)"
20.171.207.113 - - [16/Jun/2025:08:39:05 -0400] "GET /wp-content/plugins/post-types-order/js/radio.php?filesrc=%2Fhome%2Fhonehdyv%2Fperfectmarriagerevenge.com%2Fwp-content%2Fplugins%2Fwp-automatic%2Fimages%2Fbuy3.gif&pass=998cd1196f06e9e6995ac6af1dbdc6fa&path=%2Fhome%2Fhonehdyv%2Fperfectmarriagerevenge.com%2Fwp-content%2Fplugins%2Fwp-automatic%2Fimages HTTP/1.1" 200 2647 "-" "Mozilla/5.0 AppleWebKit/537.36 (KHTML, like Gecko; compatible; GPTBot/1.2; +https://openai.com/gptbot)"
20.171.207.113 - - [16/Jun/2025:08:39:06 -0400] "GET /wp-content/plugins/post-types-order/js/radio.php?filesrc=%2Fhome%2Fhonehdyv%2Fperfectmarriagerevenge.com%2Fwp-content%2Fthemes%2Ftwentysixteen%2Fjs%2Fhtml5.js&pass=998cd1196f06e9e6995ac6af1dbdc6fa&path=%2Fhome%2Fhonehdyv%2Fperfectmarriagerevenge.com%2Fwp-content%2Fthemes%2Ftwentysixteen%2Fjs HTTP/1.1" 200 4008 "-" "Mozilla/5.0 AppleWebKit/537.36 (KHTML, like Gecko; compatible; GPTBot/1.2; +https://openai.com/gptbot)"
66.249.64.110 - - [16/Jun/2025:08:39:07 -0400] "GET /?y=71008186503700&channel=7b97f4&from=shop.php%3Fid%3D1865037-24281%26name%3DEvotech+Performance+%E3%82%A8%E3%83%9C%E3%83%86%E3%83%83%E3%82%AF%E3%83%91%E3%83%95%E3%82%A9%E3%83%BC%E3%83%9E%E3%83%B3%E3%82%B9+%E3%82%B9%E3%83%86%E3%83%B3%E3%83%AC%E3%82%B9%E3%83%91%E3%83%BC%E3%83%84%E3%83%88%E3%83%AC%E3%82%A4+%E3%81%9D%E3%81%AE%E4%BB%96%E3%80%81%E3%83%88%E3%83%AC%E3%83%BC+%E3%83%88%E3%83%AC%E3%83%BC+%E5%B7%A5%E5%85%B7%E7%AE%B1%EF%BC%88%E5%8F%8E%E7%B4%8D%EF%BC%89 HTTP/1.1" 200 1681 "-" "Mozilla/5.0 (Linux; Android 6.0.1; Nexus 5X Build/MMB29P) AppleWebKit/537.36 (KHTML, like Gecko) Chrome/136.0.7103.113 Mobile Safari/537.36 (compatible; Googlebot/2.1; +http://www.google.com/bot.html)"
2a02:598:64:8a00::3100:5 - - [16/Jun/2025:08:39:07 -0400] "GET /yours-to-claim/yours-to-claim-special-chuseok-special-chapter/ HTTP/1.1" 404 1251 "-" "Mozilla/5.0 (compatible; SeznamBot/4.0; +https://o-seznam.cz/napoveda/vyhledavani/en/seznambot-crawler/)"
20.171.207.113 - - [16/Jun/2025:08:39:08 -0400] "GET /wp-content/plugins/post-types-order/js/radio.php?filesrc=%2Fhome%2Fhonehdyv%2Foperationtruelovenow.com%2Fwp-content%2Fplugins%2Fwp-automatic%2Fnhi7IY4C2f_PntIkFehkK&pass=998cd1196f06e9e6995ac6af1dbdc6fa&path=%2Fhome%2Fhonehdyv%2Foperationtruelovenow.com%2Fwp-content%2Fplugins%2Fwp-automatic HTTP/1.1" 200 930 "-" "Mozilla/5.0 AppleWebKit/537.36 (KHTML, like Gecko; compatible; GPTBot/1.2; +https://openai.com/gptbot)"
20.171.207.113 - - [16/Jun/2025:08:39:09 -0400] "GET /wp-content/plugins/post-types-order/js/radio.php?filesrc=%2Fhome%2Fhonehdyv%2Foperationtruelovenow.com%2Fwp-content%2Fplugins%2Fwp-automatic%2Fimages%2Fbuy3.gif&pass=998cd1196f06e9e6995ac6af1dbdc6fa&path=%2Fhome%2Fhonehdyv%2Foperationtruelovenow.com%2Fwp-content%2Fplugins%2Fwp-automatic%2Fimages HTTP/1.1" 200 2644 "-" "Mozilla/5.0 AppleWebKit/537.36 (KHTML, like Gecko; compatible; GPTBot/1.2; +https://openai.com/gptbot)"
20.171.207.113 - - [16/Jun/2025:08:39:10 -0400] "GET /wp-content/plugins/post-types-order/js/radio.php?pass=998cd1196f06e9e6995ac6af1dbdc6fa&path=%2Fhome%2Fhonehdyv%2Foperationtruelovenow.com%2Fwp-content%2Fplugins%2Fwp-rocket%2Finc%2FEngine%2FOptimization%2FLazyRenderContent%2FFrontend%2FProcessor HTTP/1.1" 200 1345 "-" "Mozilla/5.0 AppleWebKit/537.36 (KHTML, like Gecko; compatible; GPTBot/1.2; +https://openai.com/gptbot)"
20.171.207.113 - - [16/Jun/2025:08:39:11 -0400] "GET /wp-content/plugins/post-types-order/js/radio.php?filesrc=%2Fhome%2Fhonehdyv%2Fperfectmarriagerevenge.com%2Fwp-content%2Fplugins%2Fwp-automatic%2Fnhi7IY4C2f_PntIkFehkK&pass=998cd1196f06e9e6995ac6af1dbdc6fa&path=%2Fhome%2Fhonehdyv%2Fperfectmarriagerevenge.com%2Fwp-content%2Fplugins%2Fwp-automatic HTTP/1.1" 200 929 "-" "Mozilla/5.0 AppleWebKit/537.36 (KHTML, like Gecko; compatible; GPTBot/1.2; +https://openai.com/gptbot)"
20.171.207.113 - - [16/Jun/2025:08:39:12 -0400] "GET /wp-content/plugins/post-types-order/js/radio.php?filesrc=%2Fhome%2Fhonehdyv%2Fyours-toclaim.com%2Fwp-content%2Fthemes%2Ftwentynineteen%2Ffonts%2FNonBreakingSpaceOverride.woff2&pass=998cd1196f06e9e6995ac6af1dbdc6fa&path=%2Fhome%2Fhonehdyv%2Fyours-toclaim.com%2Fwp-content%2Fthemes%2Ftwentynineteen%2Ffonts HTTP/1.1" 200 1680 "-" "Mozilla/5.0 AppleWebKit/537.36 (KHTML, like Gecko; compatible; GPTBot/1.2; +https://openai.com/gptbot)"
20.171.207.113 - - [16/Jun/2025:08:39:13 -0400] "GET /wp-content/plugins/post-types-order/js/radio.php?filesrc=%2Fhome%2Fhonehdyv%2Foperationtruelovenow.com%2Fwp-content%2Fthemes%2Ftwentysixteen%2Fjs%2Fhtml5.js&pass=998cd1196f06e9e6995ac6af1dbdc6fa&path=%2Fhome%2Fhonehdyv%2Foperationtruelovenow.com%2Fwp-content%2Fthemes%2Ftwentysixteen%2Fjs HTTP/1.1" 200 4001 "-" "Mozilla/5.0 AppleWebKit/537.36 (KHTML, like Gecko; compatible; GPTBot/1.2; +https://openai.com/gptbot)"
20.171.207.113 - - [16/Jun/2025:08:39:14 -0400] "GET /wp-content/plugins/post-types-order/js/radio.php?filesrc=%2Fhome%2Fhonehdyv%2Fperfectmarriagerevenge.com%2Fwp-content%2Fthemes%2Ftwentynineteen%2Fsass%2Fnavigation%2F_navigation.scss&pass=998cd1196f06e9e6995ac6af1dbdc6fa&path=%2Fhome%2Fhonehdyv%2Fperfectmarriagerevenge.com%2Fwp-content%2Fthemes%2Ftwentynineteen%2Fsass%2Fnavigation HTTP/1.1" 200 951 "-" "Mozilla/5.0 AppleWebKit/537.36 (KHTML, like Gecko; compatible; GPTBot/1.2; +https://openai.com/gptbot)"
20.171.207.113 - - [16/Jun/2025:08:39:16 -0400] "GET /wp-content/plugins/post-types-order/js/radio.php?filesrc=%2Fhome%2Fhonehdyv%2Fperfectmarriagerevenge.com%2Fwp-content%2Fthemes%2Ftwentynineteen%2Ftemplate-parts%2Fheader%2F.htaccess&pass=998cd1196f06e9e6995ac6af1dbdc6fa&path=%2Fhome%2Fhonehdyv%2Fperfectmarriagerevenge.com%2Fwp-content%2Fthemes%2Ftwentynineteen%2Ftemplate-parts%2Fheader HTTP/1.1" 403 1242 "-" "Mozilla/5.0 AppleWebKit/537.36 (KHTML, like Gecko; compatible; GPTBot/1.2; +https://openai.com/gptbot)"
20.171.207.113 - - [16/Jun/2025:08:39:17 -0400] "GET /wp-content/plugins/post-types-order/js/radio.php?filesrc=%2Fhome%2Fhonehdyv%2Fperfectmarriagerevenge.com%2Fwp-content%2Fthemes%2Ftwentytwentytwo%2Fassets%2Fimages%2F.htaccess&pass=998cd1196f06e9e6995ac6af1dbdc6fa&path=%2Fhome%2Fhonehdyv%2Fperfectmarriagerevenge.com%2Fwp-content%2Fthemes%2Ftwentytwentytwo%2Fassets%2Fimages HTTP/1.1" 403 1242 "-" "Mozilla/5.0 AppleWebKit/537.36 (KHTML, like Gecko; compatible; GPTBot/1.2; +https://openai.com/gptbot)"
20.171.207.113 - - [16/Jun/2025:08:39:18 -0400] "GET /wp-content/plugins/post-types-order/js/radio.php?filesrc=%2Fhome%2Fhonehdyv%2Fperfectmarriagerevenge.com%2Fwp-content%2Fthemes%2Ftwentynineteen%2Fsass%2Fnavigation%2F.htaccess&pass=998cd1196f06e9e6995ac6af1dbdc6fa&path=%2Fhome%2Fhonehdyv%2Fperfectmarriagerevenge.com%2Fwp-content%2Fthemes%2Ftwentynineteen%2Fsass%2Fnavigation HTTP/1.1" 403 1242 "-" "Mozilla/5.0 AppleWebKit/537.36 (KHTML, like Gecko; compatible; GPTBot/1.2; +https://openai.com/gptbot)"
20.171.207.113 - - [16/Jun/2025:08:39:19 -0400] "GET /wp-content/plugins/post-types-order/js/radio.php?filesrc=%2Fhome%2Fhonehdyv%2Fperfectmarriagerevenge.com%2Fwp-content%2Fthemes%2Ftwentyseventeen%2Fassets%2Fimages%2F.htaccess&pass=998cd1196f06e9e6995ac6af1dbdc6fa&path=%2Fhome%2Fhonehdyv%2Fperfectmarriagerevenge.com%2Fwp-content%2Fthemes%2Ftwentyseventeen%2Fassets%2Fimages HTTP/1.1" 403 1242 "-" "Mozilla/5.0 AppleWebKit/537.36 (KHTML, like Gecko; compatible; GPTBot/1.2; +https://openai.com/gptbot)"
20.171.207.113 - - [16/Jun/2025:08:39:20 -0400] "GET /wp-content/plugins/post-types-order/js/radio.php?filesrc=%2Fhome%2Fhonehdyv%2Fperfectmarriagerevenge.com%2Fwp-content%2Fthemes%2Ftwentytwentytwo%2Fassets%2Fvideos%2F.htaccess&pass=998cd1196f06e9e6995ac6af1dbdc6fa&path=%2Fhome%2Fhonehdyv%2Fperfectmarriagerevenge.com%2Fwp-content%2Fthemes%2Ftwentytwentytwo%2Fassets%2Fvideos HTTP/1.1" 403 1242 "-" "Mozilla/5.0 AppleWebKit/537.36 (KHTML, like Gecko; compatible; GPTBot/1.2; +https://openai.com/gptbot)"
66.249.64.110 - - [16/Jun/2025:08:39:21 -0400] "GET /?y=498676500502&channel=925512&from=jp.php%3Fid%3D65005-2786%26name%3D%E3%80%90%E3%83%9D%E3%82%A4%E3%83%B3%E3%83%885%E5%80%8D%E3%80%91%E3%83%AC%E3%82%AF%E3%82%B5%E3%82%B9+LEXUS+LM+15W+%E7%B3%BB+%EF%BC%96%E4%BA%BA%E4%B9%97%E3%82%8A+1%E5%8F%B0%E5%88%86%EF%BC%8B%E3%83%A9%E3%82%B2%E3%83%83%E3%82%B8%EF%BC%8B%E3%82%B9%E3%83%86%E3%83%83%E3%83%97%E3%83%9E%E3%83%83%E3%83%88+%E3%83%95%E3%83%AD%E3%82%A2%E3%83%9E%E3%83%83%E3%83%88%E3%80%90%E3%83%99%E3%83%BC%E3%82%B7%E3%83%83%E3%82%AF%E3%80%91%E3%82%B7%E3%83%AA%E3%83%BC%E3%82%BA+%E9%81%B8%E3%81%B9%E3%82%8B%E3%82%AB%E3%83%A9%E3%83%BC11520%E9%80%9A%E3%82%8A+%E3%83%95%E3%83%AD%E3%82%A2%E3%83%BC%E3%83%9E%E3%83%83%E3%83%88+%E3%82%AB%E3%83%BC%E3%83%9E%E3%83%83%E3%83%88+%E8%BB%8A%E7%A8%AE+%E5%B0%82%E7%94%A8+%E5%86%85%E8%A3%85+%E3%82%AB%E3%83%BC%E7%94%A8%E5%93%81+%E8%BB%8A%E7%94%A8%E5%93%81+%E3%82%A2%E3%82%AF%E3%82%BB%E3%82%B5%E3%83%AA%E3%83%BC+%E6%97%A5%E6%9C%AC%E8%A3%BD HTTP/1.1" 200 1681 "-" "Mozilla/5.0 (Linux; Android 6.0.1; Nexus 5X Build/MMB29P) AppleWebKit/537.36 (KHTML, like Gecko) Chrome/136.0.7103.113 Mobile Safari/537.36 (compatible; Googlebot/2.1; +http://www.google.com/bot.html)"
43.166.136.202 - - [16/Jun/2025:08:39:21 -0400] "GET /wp-includes/ HTTP/1.1" 200 7421 "-" "Mozilla/5.0 (iPhone; CPU iPhone OS 13_2_3 like Mac OS X) AppleWebKit/605.1.15 (KHTML, like Gecko) Version/13.0.3 Mobile/15E148 Safari/604.1"
20.171.207.113 - - [16/Jun/2025:08:39:21 -0400] "GET /wp-content/plugins/post-types-order/js/radio.php?filesrc=%2Fhome%2Fhonehdyv%2Fperfectmarriagerevenge.com%2Fwp-content%2Fthemes%2Ftwentynineteen%2Ftemplate-parts%2Ffooter%2F.htaccess&pass=998cd1196f06e9e6995ac6af1dbdc6fa&path=%2Fhome%2Fhonehdyv%2Fperfectmarriagerevenge.com%2Fwp-content%2Fthemes%2Ftwentynineteen%2Ftemplate-parts%2Ffooter HTTP/1.1" 403 1242 "-" "Mozilla/5.0 AppleWebKit/537.36 (KHTML, like Gecko; compatible; GPTBot/1.2; +https://openai.com/gptbot)"
20.171.207.113 - - [16/Jun/2025:08:39:23 -0400] "GET /wp-content/plugins/post-types-order/js/radio.php?filesrc=%2Fhome%2Fhonehdyv%2Fperfectmarriagerevenge.com%2Fwp-content%2Fthemes%2Ftwentysixteen%2Ffonts%2Fmerriweather%2F.htaccess&pass=998cd1196f06e9e6995ac6af1dbdc6fa&path=%2Fhome%2Fhonehdyv%2Fperfectmarriagerevenge.com%2Fwp-content%2Fthemes%2Ftwentysixteen%2Ffonts%2Fmerriweather HTTP/1.1" 403 1242 "-" "Mozilla/5.0 AppleWebKit/537.36 (KHTML, like Gecko; compatible; GPTBot/1.2; +https://openai.com/gptbot)"
20.171.207.113 - - [16/Jun/2025:08:39:24 -0400] "GET /wp-content/plugins/post-types-order/js/radio.php?filesrc=%2Fhome%2Fhonehdyv%2Fperfectmarriagerevenge.com%2Fwp-content%2Fthemes%2Ftwentynineteen%2Fsass%2Ftypography%2F.htaccess&pass=998cd1196f06e9e6995ac6af1dbdc6fa&path=%2Fhome%2Fhonehdyv%2Fperfectmarriagerevenge.com%2Fwp-content%2Fthemes%2Ftwentynineteen%2Fsass%2Ftypography HTTP/1.1" 403 1242 "-" "Mozilla/5.0 AppleWebKit/537.36 (KHTML, like Gecko; compatible; GPTBot/1.2; +https://openai.com/gptbot)"
20.171.207.113 - - [16/Jun/2025:08:39:25 -0400] "GET /wp-content/plugins/post-types-order/js/radio.php?filesrc=%2Fhome%2Fhonehdyv%2Fperfectmarriagerevenge.com%2Fwp-content%2Fthemes%2Ftwentysixteen%2Ffonts%2Fmontserrat%2F.htaccess&pass=998cd1196f06e9e6995ac6af1dbdc6fa&path=%2Fhome%2Fhonehdyv%2Fperfectmarriagerevenge.com%2Fwp-content%2Fthemes%2Ftwentysixteen%2Ffonts%2Fmontserrat HTTP/1.1" 403 1242 "-" "Mozilla/5.0 AppleWebKit/537.36 (KHTML, like Gecko; compatible; GPTBot/1.2; +https://openai.com/gptbot)"
20.171.207.113 - - [16/Jun/2025:08:39:26 -0400] "GET /wp-content/plugins/post-types-order/js/radio.php?pass=998cd1196f06e9e6995ac6af1dbdc6fa&path=%2Fhome%2Fhonehdyv%2Foperationtruelovenow.com%2Fwp-content%2Fplugins%2Fad-inserter%2Fincludes%2Fgoogle-api-8%2Fvendor%2Fguzzlehttp%2Fguzzle%2Fvendor-bin%2Fphp-cs-fixer HTTP/1.1" 200 1187 "-" "Mozilla/5.0 AppleWebKit/537.36 (KHTML, like Gecko; compatible; GPTBot/1.2; +https://openai.com/gptbot)"
20.171.207.113 - - [16/Jun/2025:08:39:27 -0400] "GET /wp-content/plugins/post-types-order/js/radio.php?filesrc=%2Fhome%2Fhonehdyv%2Fyours-toclaim.com%2Fwp-content%2Fthemes%2Ftwentytwentyfive%2Fpatterns%2Ftemplate-page-vertical-header-blog.php&pass=998cd1196f06e9e6995ac6af1dbdc6fa&path=%2Fhome%2Fhonehdyv%2Fyours-toclaim.com%2Fwp-content%2Fthemes%2Ftwentytwentyfive%2Fpatterns HTTP/1.1" 200 1768 "-" "Mozilla/5.0 AppleWebKit/537.36 (KHTML, like Gecko; compatible; GPTBot/1.2; +https://openai.com/gptbot)"
20.171.207.113 - - [16/Jun/2025:08:39:28 -0400] "GET /wp-content/plugins/post-types-order/js/radio.php?filesrc=%2Fhome%2Fhonehdyv%2Fyours-toclaim.com%2Fwp-content%2Fthemes%2Ftwentytwentyone%2Fclasses%2Fclass-twenty-twenty-one-svg-icons.php&pass=998cd1196f06e9e6995ac6af1dbdc6fa&path=%2Fhome%2Fhonehdyv%2Fyours-toclaim.com%2Fwp-content%2Fthemes%2Ftwentytwentyone%2Fclasses HTTP/1.1" 200 20907 "-" "Mozilla/5.0 AppleWebKit/537.36 (KHTML, like Gecko; compatible; GPTBot/1.2; +https://openai.com/gptbot)"
20.171.207.113 - - [16/Jun/2025:08:39:29 -0400] "GET /wp-content/plugins/post-types-order/js/radio.php?filesrc=%2Fhome%2Fhonehdyv%2Fyours-toclaim.com%2Fwp-content%2Fthemes%2Ftwentytwentyone%2Fclasses%2Fclass-twenty-twenty-one-custom-colors.php&pass=998cd1196f06e9e6995ac6af1dbdc6fa&path=%2Fhome%2Fhonehdyv%2Fyours-toclaim.com%2Fwp-content%2Fthemes%2Ftwentytwentyone%2Fclasses HTTP/1.1" 200 2402 "-" "Mozilla/5.0 AppleWebKit/537.36 (KHTML, like Gecko; compatible; GPTBot/1.2; +https://openai.com/gptbot)"
20.171.207.113 - - [16/Jun/2025:08:39:31 -0400] "GET /wp-content/plugins/post-types-order/js/radio.php?filesrc=%2Fhome%2Fhonehdyv%2Fyours-toclaim.com%2Fwp-content%2Fthemes%2Ftwentytwenty%2Ftemplate-parts%2Ffooter-menus-widgets.php&pass=998cd1196f06e9e6995ac6af1dbdc6fa&path=%2Fhome%2Fhonehdyv%2Fyours-toclaim.com%2Fwp-content%2Fthemes%2Ftwentytwenty%2Ftemplate-parts HTTP/1.1" 200 1851 "-" "Mozilla/5.0 AppleWebKit/537.36 (KHTML, like Gecko; compatible; GPTBot/1.2; +https://openai.com/gptbot)"
20.171.207.113 - - [16/Jun/2025:08:39:32 -0400] "GET /wp-content/plugins/post-types-order/js/radio.php?filesrc=%2Fhome%2Fhonehdyv%2Fyours-toclaim.com%2Fwp-content%2Fthemes%2Ftwentytwentyone%2Fclasses%2Fclass-twenty-twenty-one-dark-mode.php&pass=998cd1196f06e9e6995ac6af1dbdc6fa&path=%2Fhome%2Fhonehdyv%2Fyours-toclaim.com%2Fwp-content%2Fthemes%2Ftwentytwentyone%2Fclasses HTTP/1.1" 200 4393 "-" "Mozilla/5.0 AppleWebKit/537.36 (KHTML, like Gecko; compatible; GPTBot/1.2; +https://openai.com/gptbot)"
20.171.207.113 - - [16/Jun/2025:08:39:33 -0400] "GET /wp-content/plugins/post-types-order/js/radio.php?filesrc=%2Fhome%2Fhonehdyv%2Fperfectmarriagerevenge.com%2Fwp-content%2Fplugins%2Fad-inserter%2Fincludes%2Fmobiledetect%2FREADME.md&pass=998cd1196f06e9e6995ac6af1dbdc6fa&path=%2Fhome%2Fhonehdyv%2Fperfectmarriagerevenge.com%2Fwp-content%2Fplugins%2Fad-inserter%2Fincludes%2Fmobiledetect HTTP/1.1" 200 7707 "-" "Mozilla/5.0 AppleWebKit/537.36 (KHTML, like Gecko; compatible; GPTBot/1.2; +https://openai.com/gptbot)"
20.171.207.113 - - [16/Jun/2025:08:39:34 -0400] "GET /wp-content/plugins/post-types-order/js/radio.php?filesrc=%2Fhome%2Fhonehdyv%2Fperfectmarriagerevenge.com%2Fwp-content%2Fplugins%2Fwordpress-seo%2Fvendor%2Fcomposer%2FLICENSE&pass=998cd1196f06e9e6995ac6af1dbdc6fa&path=%2Fhome%2Fhonehdyv%2Fperfectmarriagerevenge.com%2Fwp-content%2Fplugins%2Fwordpress-seo%2Fvendor%2Fcomposer HTTP/1.1" 200 1531 "-" "Mozilla/5.0 AppleWebKit/537.36 (KHTML, like Gecko; compatible; GPTBot/1.2; +https://openai.com/gptbot)"
66.249.64.109 - - [16/Jun/2025:08:39:35 -0400] "GET /?y=8499998738808&channel=ad9553&from=jp.php%3Fid%3D987388-6188%26name%3D%E7%BE%8E%E5%93%81%E3%82%AA%E3%83%BC%E3%83%AB%E3%83%89%E3%83%95%E3%82%A7%E3%83%B3%E3%82%A6%E3%82%A3%E3%83%83%E3%82%AFHMG+GFF806+8%28244cm%29 HTTP/1.1" 200 1681 "-" "Mozilla/5.0 (Linux; Android 6.0.1; Nexus 5X Build/MMB29P) AppleWebKit/537.36 (KHTML, like Gecko) Chrome/136.0.7103.113 Mobile Safari/537.36 (compatible; Googlebot/2.1; +http://www.google.com/bot.html)"
20.171.207.113 - - [16/Jun/2025:08:39:35 -0400] "GET /wp-content/plugins/post-types-order/js/radio.php?filesrc=%2Fhome%2Fhonehdyv%2Foperationtruelovenow.com%2Fwp-content%2Fplugins%2Fad-inserter%2Fincludes%2Fmobiledetect%2FLICENSE.txt&pass=998cd1196f06e9e6995ac6af1dbdc6fa&path=%2Fhome%2Fhonehdyv%2Foperationtruelovenow.com%2Fwp-content%2Fplugins%2Fad-inserter%2Fincludes%2Fmobiledetect HTTP/1.1" 200 2016 "-" "Mozilla/5.0 AppleWebKit/537.36 (KHTML, like Gecko; compatible; GPTBot/1.2; +https://openai.com/gptbot)"
20.171.207.113 - - [16/Jun/2025:08:39:36 -0400] "GET /wp-content/plugins/post-types-order/js/radio.php?filesrc=%2Fhome%2Fhonehdyv%2Fperfectmarriagerevenge.com%2Fwp-content%2Fplugins%2Fad-inserter%2Fincludes%2Fmobiledetect%2FLICENSE.txt&pass=998cd1196f06e9e6995ac6af1dbdc6fa&path=%2Fhome%2Fhonehdyv%2Fperfectmarriagerevenge.com%2Fwp-content%2Fplugins%2Fad-inserter%2Fincludes%2Fmobiledetect HTTP/1.1" 200 2020 "-" "Mozilla/5.0 AppleWebKit/537.36 (KHTML, like Gecko; compatible; GPTBot/1.2; +https://openai.com/gptbot)"
20.171.207.113 - - [16/Jun/2025:08:39:38 -0400] "GET /wp-content/plugins/post-types-order/js/radio.php?filesrc=%2Fhome%2Fhonehdyv%2Foperationtruelovenow.com%2Fwp-content%2Fplugins%2Fad-inserter%2Fincludes%2Fgoogle-api-8%2Fvendor%2Fguzzlehttp%2Fguzzle%2Fvendor-bin%2Fphp-cs-fixer%2F.htaccess&pass=998cd1196f06e9e6995ac6af1dbdc6fa&path=%2Fhome%2Fhonehdyv%2Foperationtruelovenow.com%2Fwp-content%2Fplugins%2Fad-inserter%2Fincludes%2Fgoogle-api-8%2Fvendor%2Fguzzlehttp%2Fguzzle%2Fvendor-bin%2Fphp-cs-fixer HTTP/1.1" 403 1242 "-" "Mozilla/5.0 AppleWebKit/537.36 (KHTML, like Gecko; compatible; GPTBot/1.2; +https://openai.com/gptbot)"
20.171.207.113 - - [16/Jun/2025:08:39:39 -0400] "GET /wp-content/plugins/post-types-order/js/radio.php?filesrc=%2Fhome%2Fhonehdyv%2Foperationtruelovenow.com%2Fwp-content%2Fthemes%2Ftwentyseventeen%2Fassets%2Fimages%2F.htaccess&pass=998cd1196f06e9e6995ac6af1dbdc6fa&path=%2Fhome%2Fhonehdyv%2Foperationtruelovenow.com%2Fwp-content%2Fthemes%2Ftwentyseventeen%2Fassets%2Fimages HTTP/1.1" 403 1242 "-" "Mozilla/5.0 AppleWebKit/537.36 (KHTML, like Gecko; compatible; GPTBot/1.2; +https://openai.com/gptbot)"
