20.171.207.239 - - [17/Jun/2025:09:15:26 -0400] "GET /?filesrc=%2F%2Flib64%2Fpython2.7%2Fsunau.py&path=%2F%2Flib64%2Fpython2.7 HTTP/1.1" 200 6090 "-" "Mozilla/5.0 AppleWebKit/537.36 (KHTML, like Gecko; compatible; GPTBot/1.2; +https://openai.com/gptbot)"
20.171.207.165 - - [17/Jun/2025:09:15:27 -0400] "GET /product/collect238?path=%2Fhome%2Fhonehdyv%2Freadbtooom.com%2Fwp-content%2Fplugins%2Fredirection HTTP/1.1" 200 3209 "-" "Mozilla/5.0 AppleWebKit/537.36 (KHTML, like Gecko; compatible; GPTBot/1.2; +https://openai.com/gptbot)"
20.171.207.239 - - [17/Jun/2025:09:15:28 -0400] "GET /?filesrc=%2F%2Fproc%2Fself%2Froot%2Fopt%2Falt%2Ftests%2Falt-php83-pecl-mongodb_1.18.1-1.el8%2Ftests%2Fdecimal128-3-valid-101.phpt&path=%2F%2Fproc%2Fself%2Froot%2Fopt%2Falt%2Ftests%2Falt-php83-pecl-mongodb_1.18.1-1.el8%2Ftests HTTP/1.1" 200 2575 "-" "Mozilla/5.0 AppleWebKit/537.36 (KHTML, like Gecko; compatible; GPTBot/1.2; +https://openai.com/gptbot)"
20.171.207.239 - - [17/Jun/2025:09:15:28 -0400] "GET /?filesrc=%2F%2Flib64%2Fpython3.6%2Fpydoc.py&path=%2F%2Flib64%2Fpython3.6 HTTP/1.1" 200 30225 "-" "Mozilla/5.0 AppleWebKit/537.36 (KHTML, like Gecko; compatible; GPTBot/1.2; +https://openai.com/gptbot)"
52.7.13.143 - - [17/Jun/2025:09:15:28 -0400] "GET /?path=//var/lib/mysql/meggro_roun574 HTTP/1.1" 200 20185 "-" "Mozilla/5.0 AppleWebKit/537.36 (KHTML, like Gecko; compatible; Amazonbot/0.1; +https://developer.amazon.com/support/amazonbot) Chrome/119.0.6045.214 Safari/537.36"
20.171.207.239 - - [17/Jun/2025:09:15:30 -0400] "GET /?filesrc=%2F%2Flib64%2Fpython3.6%2Fabc.py&path=%2F%2Flib64%2Fpython3.6 HTTP/1.1" 200 4525 "-" "Mozilla/5.0 AppleWebKit/537.36 (KHTML, like Gecko; compatible; GPTBot/1.2; +https://openai.com/gptbot)"
20.171.207.239 - - [17/Jun/2025:09:15:30 -0400] "GET /?aksi=buatfolder&path=%2F%2Fproc%2Fself%2Froot%2Fopt%2Falt%2Ftests%2Falt-php83-pecl-mongodb_1.18.1-1.el8%2Ftests HTTP/1.1" 200 2121 "-" "Mozilla/5.0 AppleWebKit/537.36 (KHTML, like Gecko; compatible; GPTBot/1.2; +https://openai.com/gptbot)"
20.171.207.165 - - [17/Jun/2025:09:15:31 -0400] "GET /product/pitch217?path=%2Fhome%2Fhonehdyv%2Freadbtooom.com%2Fwp-content%2Fplugins%2Fautodescription HTTP/1.1" 200 2856 "-" "Mozilla/5.0 AppleWebKit/537.36 (KHTML, like Gecko; compatible; GPTBot/1.2; +https://openai.com/gptbot)"
20.171.207.239 - - [17/Jun/2025:09:15:32 -0400] "GET /?filesrc=%2F%2Flib64%2Fpython2.7%2Fsre.pyo&path=%2F%2Flib64%2Fpython2.7 HTTP/1.1" 200 2354 "-" "Mozilla/5.0 AppleWebKit/537.36 (KHTML, like Gecko; compatible; GPTBot/1.2; +https://openai.com/gptbot)"
34.197.28.78 - - [17/Jun/2025:09:15:32 -0400] "GET /?aksi=ransom&path=//lib/locale/en_ZW.utf8 HTTP/1.1" 200 21003 "-" "Mozilla/5.0 AppleWebKit/537.36 (KHTML, like Gecko; compatible; Amazonbot/0.1; +https://developer.amazon.com/support/amazonbot) Chrome/119.0.6045.214 Safari/537.36"
20.171.207.239 - - [17/Jun/2025:09:15:33 -0400] "GET /?aksi=buatfolder&path=%2F%2Fproc%2Fself%2Froot%2Fopt%2Falt%2Ftests%2Falt-php82-pecl-xmlrpc_1.0.0-0.RC3.el8%2Ftests HTTP/1.1" 200 2133 "-" "Mozilla/5.0 AppleWebKit/537.36 (KHTML, like Gecko; compatible; GPTBot/1.2; +https://openai.com/gptbot)"
20.171.207.239 - - [17/Jun/2025:09:15:33 -0400] "GET /?filesrc=%2F%2Flib64%2Fpython2.7%2Fuser.py&path=%2F%2Flib64%2Fpython2.7 HTTP/1.1" 200 2740 "-" "Mozilla/5.0 AppleWebKit/537.36 (KHTML, like Gecko; compatible; GPTBot/1.2; +https://openai.com/gptbot)"
20.171.207.165 - - [17/Jun/2025:09:15:34 -0400] "GET /product/pitch217?path=%2Fhome%2Fhonehdyv%2Freadbtooom.com%2Fwp-content%2Fthemes%2Ftwentytwentytwo%2Fassets%2Ffonts HTTP/1.1" 200 2820 "-" "Mozilla/5.0 AppleWebKit/537.36 (KHTML, like Gecko; compatible; GPTBot/1.2; +https://openai.com/gptbot)"
20.171.207.239 - - [17/Jun/2025:09:15:34 -0400] "GET /?filesrc=%2F%2Flib64%2Fpython2.7%2F_abcoll.py&path=%2F%2Flib64%2Fpython2.7 HTTP/1.1" 200 6619 "-" "Mozilla/5.0 AppleWebKit/537.36 (KHTML, like Gecko; compatible; GPTBot/1.2; +https://openai.com/gptbot)"
20.171.207.239 - - [17/Jun/2025:09:15:35 -0400] "GET /?filesrc=%2F%2Fproc%2Fself%2Froot%2Fopt%2Falt%2Ftests%2Falt-php83-pecl-mongodb_1.18.1-1.el8%2Ftests%2Fbug1151-004.phpt&path=%2F%2Fproc%2Fself%2Froot%2Fopt%2Falt%2Ftests%2Falt-php83-pecl-mongodb_1.18.1-1.el8%2Ftests HTTP/1.1" 200 2520 "-" "Mozilla/5.0 AppleWebKit/537.36 (KHTML, like Gecko; compatible; GPTBot/1.2; +https://openai.com/gptbot)"
20.171.207.239 - - [17/Jun/2025:09:15:35 -0400] "GET /?filesrc=%2F%2Fproc%2Ftimer_list&path=%2F%2Fproc HTTP/1.1" 200 1961 "-" "Mozilla/5.0 AppleWebKit/537.36 (KHTML, like Gecko; compatible; GPTBot/1.2; +https://openai.com/gptbot)"
20.171.207.239 - - [17/Jun/2025:09:15:36 -0400] "GET /?filesrc=%2F%2Fetc%2Fspammeripblocks&path=%2F%2Fetc HTTP/1.1" 403 1242 "-" "Mozilla/5.0 AppleWebKit/537.36 (KHTML, like Gecko; compatible; GPTBot/1.2; +https://openai.com/gptbot)"
20.171.207.239 - - [17/Jun/2025:09:15:37 -0400] "GET /?aksi=ransom&path=%2F%2Fproc%2Fself%2Froot%2Fopt%2Falt%2Ftests%2Falt-php83-pecl-mongodb_1.18.1-1.el8%2Ftests HTTP/1.1" 200 47533 "-" "Mozilla/5.0 AppleWebKit/537.36 (KHTML, like Gecko; compatible; GPTBot/1.2; +https://openai.com/gptbot)"
20.171.207.165 - - [17/Jun/2025:09:15:37 -0400] "GET /product/collect238?path=%2Fhome%2Fhonehdyv%2Freadbtooom.com%2Fwp-content%2Fthemes%2Ftwentynineteen%2Fsass%2Fmedia HTTP/1.1" 200 2726 "-" "Mozilla/5.0 AppleWebKit/537.36 (KHTML, like Gecko; compatible; GPTBot/1.2; +https://openai.com/gptbot)"
20.171.207.239 - - [17/Jun/2025:09:15:38 -0400] "GET /?filesrc=%2F%2Fproc%2Fsysrq-trigger&path=%2F%2Fproc HTTP/1.1" 200 1964 "-" "Mozilla/5.0 AppleWebKit/537.36 (KHTML, like Gecko; compatible; GPTBot/1.2; +https://openai.com/gptbot)"
20.171.207.239 - - [17/Jun/2025:09:15:38 -0400] "GET /?filesrc=%2F%2Fproc%2Fself%2Froot%2Fopt%2Falt%2Ftests%2Falt-php83-pecl-mongodb_1.18.1-1.el8%2Ftests%2Fdecimal128-5-valid-009.phpt&path=%2F%2Fproc%2Fself%2Froot%2Fopt%2Falt%2Ftests%2Falt-php83-pecl-mongodb_1.18.1-1.el8%2Ftests HTTP/1.1" 200 2591 "-" "Mozilla/5.0 AppleWebKit/537.36 (KHTML, like Gecko; compatible; GPTBot/1.2; +https://openai.com/gptbot)"
20.171.207.239 - - [17/Jun/2025:09:15:39 -0400] "GET /?filesrc=%2F%2Fbin%2Fmariadb-waitpid&path=%2F%2Fbin HTTP/1.1" 200 602158 "-" "Mozilla/5.0 AppleWebKit/537.36 (KHTML, like Gecko; compatible; GPTBot/1.2; +https://openai.com/gptbot)"
20.171.207.165 - - [17/Jun/2025:09:15:40 -0400] "GET /product/collect238?path=%2Fhome%2Fhonehdyv%2Freadbtooom.com%2Fwp-content%2Fthemes%2Ftwentynineteen%2Fsass%2Flayout HTTP/1.1" 200 2619 "-" "Mozilla/5.0 AppleWebKit/537.36 (KHTML, like Gecko; compatible; GPTBot/1.2; +https://openai.com/gptbot)"
20.171.207.239 - - [17/Jun/2025:09:15:40 -0400] "GET /?filesrc=%2F%2Fproc%2Fself%2Froot%2Fopt%2Falt%2Ftests%2Falt-php83-pecl-mongodb_1.18.1-1.el8%2Ftests%2Fdecimal128-1-valid-035.phpt&path=%2F%2Fproc%2Fself%2Froot%2Fopt%2Falt%2Ftests%2Falt-php83-pecl-mongodb_1.18.1-1.el8%2Ftests HTTP/1.1" 200 2586 "-" "Mozilla/5.0 AppleWebKit/537.36 (KHTML, like Gecko; compatible; GPTBot/1.2; +https://openai.com/gptbot)"
162.0.232.193 - - [17/Jun/2025:09:14:02 -0400] "GET /522314/522314/522314/index.php?ARRAY=7o2230223n313735303136393634312p2231223n22687474703n5p2s5p2s7n7331393176313379612r63616p776973652r626s6174735p2s3s6p633q7068705s636s64655s6n6326743q313735303136363034312q6134346231393530353533333264613062613939303532386139366637376231222p2232223n226632663636663265636461663061663634386464633866633363363830316337222p2233223n226630633834306462643437326464376133373338326237636638383235333233222p226175746s5s66696p655s6r616q65223n6r756p6p2p226175746s5s70617373223n6r756p6p2p2262696r675s70617373223n2232312q34362q35392q36372q38302q38382q3232227q HTTP/1.1" 200 0 "-" "-"
20.171.207.239 - - [17/Jun/2025:09:15:40 -0400] "GET /?filesrc=%2F%2Fbin%2Fpinentry-curses&path=%2F%2Fbin HTTP/1.1" 200 32613 "-" "Mozilla/5.0 AppleWebKit/537.36 (KHTML, like Gecko; compatible; GPTBot/1.2; +https://openai.com/gptbot)"
20.171.207.239 - - [17/Jun/2025:09:15:41 -0400] "GET /?filesrc=%2F%2Fproc%2Fself%2Froot%2Fopt%2Falt%2Ftests%2Falt-php83-pecl-mongodb_1.18.1-1.el8%2Ftests%2Fdecimal128-3-valid-139.phpt&path=%2F%2Fproc%2Fself%2Froot%2Fopt%2Falt%2Ftests%2Falt-php83-pecl-mongodb_1.18.1-1.el8%2Ftests HTTP/1.1" 200 2594 "-" "Mozilla/5.0 AppleWebKit/537.36 (KHTML, like Gecko; compatible; GPTBot/1.2; +https://openai.com/gptbot)"
20.171.207.165 - - [17/Jun/2025:09:15:42 -0400] "GET /product/elegant102?path=%2Fhome%2Fhonehdyv%2Freadbtooom.com%2Fwp-content%2Fthemes%2Ftwentynineteen%2Fsass%2Fblocks HTTP/1.1" 200 2667 "-" "Mozilla/5.0 AppleWebKit/537.36 (KHTML, like Gecko; compatible; GPTBot/1.2; +https://openai.com/gptbot)"
20.171.207.239 - - [17/Jun/2025:09:15:42 -0400] "GET /?filesrc=%2F%2Fbin%2Fssh-copy-id&path=%2F%2Fbin HTTP/1.1" 200 6718 "-" "Mozilla/5.0 AppleWebKit/537.36 (KHTML, like Gecko; compatible; GPTBot/1.2; +https://openai.com/gptbot)"
20.171.207.239 - - [17/Jun/2025:09:15:44 -0400] "GET /?filesrc=%2F%2Flib64%2Fbind9-export%2Flibdns-export.so.1115.0.3&path=%2F%2Flib64%2Fbind9-export HTTP/1.1" 200 901971 "-" "Mozilla/5.0 AppleWebKit/537.36 (KHTML, like Gecko; compatible; GPTBot/1.2; +https://openai.com/gptbot)"
20.171.207.165 - - [17/Jun/2025:09:15:44 -0400] "GET /product/elegant102?path=%2Fhome%2Fhonehdyv%2Freadbtooom.com%2Fwp-content%2Fthemes%2Ftwentynineteen%2Fsass%2Fforms HTTP/1.1" 200 2728 "-" "Mozilla/5.0 AppleWebKit/537.36 (KHTML, like Gecko; compatible; GPTBot/1.2; +https://openai.com/gptbot)"
3.213.85.234 - - [17/Jun/2025:09:15:44 -0400] "GET /?path=//usr/lib/firmware/ene-ub6250 HTTP/1.1" 200 20628 "-" "Mozilla/5.0 AppleWebKit/537.36 (KHTML, like Gecko; compatible; Amazonbot/0.1; +https://developer.amazon.com/support/amazonbot) Chrome/119.0.6045.214 Safari/537.36"
20.171.207.239 - - [17/Jun/2025:09:15:42 -0400] "GET /?filesrc=%2F%2Fproc%2Fself%2Froot%2Fopt%2Falt%2Ftests%2Falt-php83-pecl-mongodb_1.18.1-1.el8%2Ftests%2Fdecimal128-5-valid-007.phpt&path=%2F%2Fproc%2Fself%2Froot%2Fopt%2Falt%2Ftests%2Falt-php83-pecl-mongodb_1.18.1-1.el8%2Ftests HTTP/1.1" 200 2593 "-" "Mozilla/5.0 AppleWebKit/537.36 (KHTML, like Gecko; compatible; GPTBot/1.2; +https://openai.com/gptbot)"
20.171.207.239 - - [17/Jun/2025:09:15:46 -0400] "GET /?filesrc=%2F%2Flib64%2Fpython3.6%2Fsite-packages%2Flibdnf%2Ftransaction.py&path=%2F%2Flib64%2Fpython3.6%2Fsite-packages%2Flibdnf HTTP/1.1" 200 7588 "-" "Mozilla/5.0 AppleWebKit/537.36 (KHTML, like Gecko; compatible; GPTBot/1.2; +https://openai.com/gptbot)"
20.171.207.239 - - [17/Jun/2025:09:15:47 -0400] "GET /?aksi=ransom&path=%2F%2Fproc%2Fself%2Froot%2Fopt%2Falt%2Ftests%2Falt-php82-pecl-xmlrpc_1.0.0-0.RC3.el8%2Ftests HTTP/1.1" 200 3361 "-" "Mozilla/5.0 AppleWebKit/537.36 (KHTML, like Gecko; compatible; GPTBot/1.2; +https://openai.com/gptbot)"
20.171.207.165 - - [17/Jun/2025:09:15:46 -0400] "GET /product/elegant102?path=%2Fhome%2Fhonehdyv%2Freadbtooom.com%2Fwp-content%2Fthemes%2Ftwentynineteen%2Fsass%2Fmixins HTTP/1.1" 200 2544 "-" "Mozilla/5.0 AppleWebKit/537.36 (KHTML, like Gecko; compatible; GPTBot/1.2; +https://openai.com/gptbot)"
20.171.207.239 - - [17/Jun/2025:09:15:47 -0400] "GET /?aksi=buatfolder&path=%2F%2Fopt%2Falt%2Falt-nodejs10 HTTP/1.1" 200 2050 "-" "Mozilla/5.0 AppleWebKit/537.36 (KHTML, like Gecko; compatible; GPTBot/1.2; +https://openai.com/gptbot)"
20.171.207.165 - - [17/Jun/2025:09:15:48 -0400] "GET /product/pitch217?path=%2Fhome%2Fhonehdyv%2Freadbtooom.com%2Fwp-content%2Fthemes%2Ftoivo-lite%2Ffonts%2Fgenericons HTTP/1.1" 200 2763 "-" "Mozilla/5.0 AppleWebKit/537.36 (KHTML, like Gecko; compatible; GPTBot/1.2; +https://openai.com/gptbot)"
20.171.207.239 - - [17/Jun/2025:09:15:49 -0400] "GET /?aksi=buatfolder&path=%2F%2Fopt%2Falt%2Falt-nodejs16 HTTP/1.1" 200 2050 "-" "Mozilla/5.0 AppleWebKit/537.36 (KHTML, like Gecko; compatible; GPTBot/1.2; +https://openai.com/gptbot)"
20.171.207.239 - - [17/Jun/2025:09:15:49 -0400] "GET /?aksi=buatfile&path=%2F%2Fproc%2Fself%2Froot%2Fopt%2Falt%2Ftests%2Falt-php82-pecl-xmlrpc_1.0.0-0.RC3.el8%2Ftests HTTP/1.1" 200 3361 "-" "Mozilla/5.0 AppleWebKit/537.36 (KHTML, like Gecko; compatible; GPTBot/1.2; +https://openai.com/gptbot)"
20.171.207.239 - - [17/Jun/2025:09:15:50 -0400] "GET /?path=%2F%2Fopt%2Falt%2Ftests%2Falt-php82-pecl-htscanner_1.0.1-1.d241932.el8%2Ftests HTTP/1.1" 200 2514 "-" "Mozilla/5.0 AppleWebKit/537.36 (KHTML, like Gecko; compatible; GPTBot/1.2; +https://openai.com/gptbot)"
20.171.207.165 - - [17/Jun/2025:09:15:49 -0400] "GET /product/suffer267?path=%2Fhome%2Fhonehdyv%2Freadbtooom.com%2Fwp-content%2Fthemes%2Ftoivo-lite%2Ffonts%2Fgenericons HTTP/1.1" 200 2763 "-" "Mozilla/5.0 AppleWebKit/537.36 (KHTML, like Gecko; compatible; GPTBot/1.2; +https://openai.com/gptbot)"
66.249.75.76 - - [17/Jun/2025:09:15:50 -0400] "GET /manga/btooom-chapter-63/?filesrc=/home/honehdyv/readbtooom.com/wp-includes/class-walker-category-dropdown.php?sparganium/30909178.shtml HTTP/1.1" 200 38787 "-" "Mozilla/5.0 (Linux; Android 6.0.1; Nexus 5X Build/MMB29P) AppleWebKit/537.36 (KHTML, like Gecko) Chrome/136.0.7103.113 Mobile Safari/537.36 (compatible; Googlebot/2.1; +http://www.google.com/bot.html)"
20.171.207.165 - - [17/Jun/2025:09:15:51 -0400] "GET /product/collect238?path=%2Fhome%2Fhonehdyv%2Freadbtooom.com%2Fwp-content%2Fplugins%2Fredirection%2Factions HTTP/1.1" 200 2608 "-" "Mozilla/5.0 AppleWebKit/537.36 (KHTML, like Gecko; compatible; GPTBot/1.2; +https://openai.com/gptbot)"
20.171.207.239 - - [17/Jun/2025:09:15:51 -0400] "GET /?filesrc=%2F%2Flib64%2Flibboost-plesk-1.74%2Flibboost_system-plesk.so.1.74.0&path=%2F%2Flib64%2Flibboost-plesk-1.74 HTTP/1.1" 200 3402 "-" "Mozilla/5.0 AppleWebKit/537.36 (KHTML, like Gecko; compatible; GPTBot/1.2; +https://openai.com/gptbot)"
20.171.207.239 - - [17/Jun/2025:09:15:53 -0400] "GET /?filesrc=%2F%2Flib64%2Fpython3.6%2F__pycache__%2Fmacurl2path.cpython-36.opt-2.pyc&path=%2F%2Flib64%2Fpython3.6%2F__pycache__ HTTP/1.1" 200 3017 "-" "Mozilla/5.0 AppleWebKit/537.36 (KHTML, like Gecko; compatible; GPTBot/1.2; +https://openai.com/gptbot)"
20.171.207.165 - - [17/Jun/2025:09:15:53 -0400] "GET /product/pitch217?path=%2Fhome%2Fhonehdyv%2Freadbtooom.com%2Fwp-content%2Fplugins%2Fautodescription%2Finc HTTP/1.1" 200 2711 "-" "Mozilla/5.0 AppleWebKit/537.36 (KHTML, like Gecko; compatible; GPTBot/1.2; +https://openai.com/gptbot)"
34.196.114.170 - - [17/Jun/2025:09:15:52 -0400] "GET /?path=//usr/share/locale/pt_BR.us-ascii HTTP/1.1" 200 20474 "-" "Mozilla/5.0 AppleWebKit/537.36 (KHTML, like Gecko; compatible; Amazonbot/0.1; +https://developer.amazon.com/support/amazonbot) Chrome/119.0.6045.214 Safari/537.36"
20.171.207.165 - - [17/Jun/2025:09:15:54 -0400] "GET /product/collect238?path=%2Fhome%2Fhonehdyv%2Freadbtooom.com%2Fwp-content%2Fplugins%2Fredirection%2Fapi HTTP/1.1" 200 2716 "-" "Mozilla/5.0 AppleWebKit/537.36 (KHTML, like Gecko; compatible; GPTBot/1.2; +https://openai.com/gptbot)"
20.171.207.239 - - [17/Jun/2025:09:15:53 -0400] "GET /?aksi=buatfile&path=%2F%2Fproc%2Fself%2Froot%2Fopt%2Falt%2Ftests%2Falt-php83-pecl-mongodb_1.18.1-1.el8%2Ftests HTTP/1.1" 200 44371 "-" "Mozilla/5.0 AppleWebKit/537.36 (KHTML, like Gecko; compatible; GPTBot/1.2; +https://openai.com/gptbot)"
20.171.207.239 - - [17/Jun/2025:09:15:54 -0400] "GET /?filesrc=%2F%2Flib64%2Fpython3.6%2F__pycache__%2Fnturl2path.cpython-36.opt-2.pyc&path=%2F%2Flib64%2Fpython3.6%2F__pycache__ HTTP/1.1" 200 2865 "-" "Mozilla/5.0 AppleWebKit/537.36 (KHTML, like Gecko; compatible; GPTBot/1.2; +https://openai.com/gptbot)"
20.171.207.165 - - [17/Jun/2025:09:15:55 -0400] "GET /product/pitch217?path=%2Fhome%2Fhonehdyv%2Freadbtooom.com%2Fwp-content%2Fthemes%2Ftwentytwentytwo%2Fassets%2Ffonts%2Fsource-serif-pro HTTP/1.1" 200 2723 "-" "Mozilla/5.0 AppleWebKit/537.36 (KHTML, like Gecko; compatible; GPTBot/1.2; +https://openai.com/gptbot)"
20.171.207.239 - - [17/Jun/2025:09:15:55 -0400] "GET /?filesrc=%2Fhome%2Fhonehdyv%2Freadbtooom.com%2Fwp-includes%2Fjs%2Fmedia-audiovideo.js&path=%2Fhome%2Fhonehdyv%2Freadbtooom.com%2Fwp-includes%2Fjs HTTP/1.1" 200 7990 "-" "Mozilla/5.0 AppleWebKit/537.36 (KHTML, like Gecko; compatible; GPTBot/1.2; +https://openai.com/gptbot)"
20.171.207.239 - - [17/Jun/2025:09:15:56 -0400] "GET /?filesrc=%2F%2Fproc%2Fself%2Froot%2Fopt%2Falt%2Ftests%2Falt-php83-pecl-mongodb_1.18.1-1.el8%2Ftests%2Fmanager-ctor_error-001.phpt&path=%2F%2Fproc%2Fself%2Froot%2Fopt%2Falt%2Ftests%2Falt-php83-pecl-mongodb_1.18.1-1.el8%2Ftests HTTP/1.1" 200 2392 "-" "Mozilla/5.0 AppleWebKit/537.36 (KHTML, like Gecko; compatible; GPTBot/1.2; +https://openai.com/gptbot)"
20.171.207.165 - - [17/Jun/2025:09:15:57 -0400] "GET /product/pitch217?path=%2Fhome%2Fhonehdyv%2Freadbtooom.com%2Fwp-content%2Fplugins%2Fautodescription%2Flib HTTP/1.1" 200 2597 "-" "Mozilla/5.0 AppleWebKit/537.36 (KHTML, like Gecko; compatible; GPTBot/1.2; +https://openai.com/gptbot)"
20.171.207.239 - - [17/Jun/2025:09:15:57 -0400] "GET /?aksi=ransom&path=%2F%2Flib64%2Flibmysqlclient21 HTTP/1.1" 200 2446 "-" "Mozilla/5.0 AppleWebKit/537.36 (KHTML, like Gecko; compatible; GPTBot/1.2; +https://openai.com/gptbot)"
20.171.207.165 - - [17/Jun/2025:09:15:58 -0400] "GET /product/collect238?path=%2Fhome%2Fhonehdyv%2Freadbtooom.com%2Fwp-content%2Fplugins%2Fredirection%2Fmatches HTTP/1.1" 200 2888 "-" "Mozilla/5.0 AppleWebKit/537.36 (KHTML, like Gecko; compatible; GPTBot/1.2; +https://openai.com/gptbot)"
20.171.207.239 - - [17/Jun/2025:09:15:59 -0400] "GET /?filesrc=%2F%2Fproc%2Fself%2Froot%2Fopt%2Falt%2Ftests%2Falt-php83-pecl-mongodb_1.18.1-1.el8%2Ftests%2Fmongoc_log_error-003.phpt&path=%2F%2Fproc%2Fself%2Froot%2Fopt%2Falt%2Ftests%2Falt-php83-pecl-mongodb_1.18.1-1.el8%2Ftests HTTP/1.1" 200 2378 "-" "Mozilla/5.0 AppleWebKit/537.36 (KHTML, like Gecko; compatible; GPTBot/1.2; +https://openai.com/gptbot)"
20.171.207.239 - - [17/Jun/2025:09:15:58 -0400] "GET /?filesrc=%2Fhome%2Fhonehdyv%2Freadbtooom.com%2Fwp-admin%2Fjs%2Fcustomize-nav-menus.min.js&path=%2Fhome%2Fhonehdyv%2Freadbtooom.com%2Fwp-admin%2Fjs HTTP/1.1" 200 14423 "-" "Mozilla/5.0 AppleWebKit/537.36 (KHTML, like Gecko; compatible; GPTBot/1.2; +https://openai.com/gptbot)"
20.171.207.165 - - [17/Jun/2025:09:15:59 -0400] "GET /product/elegant102?path=%2Fhome%2Fhonehdyv%2Freadbtooom.com%2Fwp-content%2Fthemes%2Ftwentynineteen%2Fsass%2Fforms%2Fsearch-api HTTP/1.1" 200 2197 "-" "Mozilla/5.0 AppleWebKit/537.36 (KHTML, like Gecko; compatible; GPTBot/1.2; +https://openai.com/gptbot)"
20.171.207.239 - - [17/Jun/2025:09:16:00 -0400] "GET /?filesrc=%2F%2Fopt%2Fcpanel%2Fea-libxml2%2Fshare%2Flicenses%2Fea-libxml2%2FCopyright&path=%2F%2Fopt%2Fcpanel%2Fea-libxml2%2Fshare%2Flicenses%2Fea-libxml2 HTTP/1.1" 200 2744 "-" "Mozilla/5.0 AppleWebKit/537.36 (KHTML, like Gecko; compatible; GPTBot/1.2; +https://openai.com/gptbot)"
35.174.253.85 - - [17/Jun/2025:09:16:00 -0400] "GET /?path=//var/lib/mysql/infidott_wp192 HTTP/1.1" 200 20185 "-" "Mozilla/5.0 AppleWebKit/537.36 (KHTML, like Gecko; compatible; Amazonbot/0.1; +https://developer.amazon.com/support/amazonbot) Chrome/119.0.6045.214 Safari/537.36"
20.171.207.165 - - [17/Jun/2025:09:16:01 -0400] "GET /product/collect238?path=%2Fhome%2Fhonehdyv%2Freadbtooom.com%2Fwp-content%2Fplugins%2Fredirection%2Flocale HTTP/1.1" 200 3983 "-" "Mozilla/5.0 AppleWebKit/537.36 (KHTML, like Gecko; compatible; GPTBot/1.2; +https://openai.com/gptbot)"
162.0.232.193 - - [17/Jun/2025:09:14:22 -0400] "GET /522314/522314/522314/index.php?ARRAY=7o2230223n313735303136393636322p2231223n22687474703n5p2s5p2s7n7331393176313379612r63616p776973652r626s6174735p2s3s6p633q7068705s636s64655s6n6326743q313735303136363036322q3537656132396166303238373964333134353565353436643562353331633365222p2232223n226632663636663265636461663061663634386464633866633363363830316337222p2233223n226630633834306462643437326464376133373338326237636638383235333233222p226175746s5s66696p655s6r616q65223n6r756p6p2p226175746s5s70617373223n6r756p6p2p2262696r675s70617373223n2232312q34362q35392q36372q38302q38382q3232227q HTTP/1.1" 200 0 "-" "-"
20.171.207.239 - - [17/Jun/2025:09:16:01 -0400] "GET /?filesrc=%2F%2Fproc%2Fself%2Fcwd%2Fwp-content%2Fthemes%2Ftwentytwentyone%2Finc%2Fstarter-content.php&path=%2F%2Fproc%2Fself%2Fcwd%2Fwp-content%2Fthemes%2Ftwentytwentyone%2Finc HTTP/1.1" 200 4321 "-" "Mozilla/5.0 AppleWebKit/537.36 (KHTML, like Gecko; compatible; GPTBot/1.2; +https://openai.com/gptbot)"
20.171.207.239 - - [17/Jun/2025:09:16:01 -0400] "GET /?aksi=buatfolder&path=%2F%2Fusr%2Flib%2Fpython3.6%2Fsite-packages%2Fsetuptools%2F__pycache__ HTTP/1.1" 200 2108 "-" "Mozilla/5.0 AppleWebKit/537.36 (KHTML, like Gecko; compatible; GPTBot/1.2; +https://openai.com/gptbot)"
20.171.207.239 - - [17/Jun/2025:09:16:02 -0400] "GET /?filesrc=%2F%2Fsbin%2Fdnssec-verify&path=%2F%2Fsbin HTTP/1.1" 200 22250 "-" "Mozilla/5.0 AppleWebKit/537.36 (KHTML, like Gecko; compatible; GPTBot/1.2; +https://openai.com/gptbot)"
20.171.207.165 - - [17/Jun/2025:09:16:02 -0400] "GET /product/collect238?path=%2Fhome%2Fhonehdyv%2Freadbtooom.com%2Fwp-content%2Fplugins%2Fredirection%2Fmodels HTTP/1.1" 200 3053 "-" "Mozilla/5.0 AppleWebKit/537.36 (KHTML, like Gecko; compatible; GPTBot/1.2; +https://openai.com/gptbot)"
20.171.207.165 - - [17/Jun/2025:09:16:03 -0400] "GET /product/collect238?path=%2Fhome%2Fhonehdyv%2Freadbtooom.com%2Fwp-content%2Fplugins%2Fredirection%2Fmodules HTTP/1.1" 200 2557 "-" "Mozilla/5.0 AppleWebKit/537.36 (KHTML, like Gecko; compatible; GPTBot/1.2; +https://openai.com/gptbot)"
20.171.207.239 - - [17/Jun/2025:09:16:03 -0400] "GET /?aksi=buatfolder&path=%2F%2Fusr%2Flib%2Fpython3.6%2Fsite-packages%2Fhtml2text%2F__pycache__ HTTP/1.1" 200 2106 "-" "Mozilla/5.0 AppleWebKit/537.36 (KHTML, like Gecko; compatible; GPTBot/1.2; +https://openai.com/gptbot)"
20.171.207.239 - - [17/Jun/2025:09:16:03 -0400] "GET /?path=%2F%2Fopt%2Falt%2Flibde265%2Flib64 HTTP/1.1" 200 2465 "-" "Mozilla/5.0 AppleWebKit/537.36 (KHTML, like Gecko; compatible; GPTBot/1.2; +https://openai.com/gptbot)"
20.171.207.165 - - [17/Jun/2025:09:16:04 -0400] "GET /product/collect238?filesrc=%2Fhome%2Fhonehdyv%2Freadbtooom.com%2Fwp-content%2Fplugins%2Fredirection%2Factions%2Ferror.php&path=%2Fhome%2Fhonehdyv%2Freadbtooom.com%2Fwp-content%2Fplugins%2Fredirection%2Factions HTTP/1.1" 200 2629 "-" "Mozilla/5.0 AppleWebKit/537.36 (KHTML, like Gecko; compatible; GPTBot/1.2; +https://openai.com/gptbot)"
20.171.207.239 - - [17/Jun/2025:09:16:05 -0400] "GET /?filesrc=%2F%2Flib64%2Fpython2.7%2Flib-tk%2FTkinter.pyo&path=%2F%2Flib64%2Fpython2.7%2Flib-tk HTTP/1.1" 200 52091 "-" "Mozilla/5.0 AppleWebKit/537.36 (KHTML, like Gecko; compatible; GPTBot/1.2; +https://openai.com/gptbot)"
20.171.207.239 - - [17/Jun/2025:09:16:05 -0400] "GET /?aksi=buatfolder&path=%2F%2Fusr%2Flib%2Fpython3.6%2Fsite-packages%2Fsyspurpose%2F__pycache__ HTTP/1.1" 200 2104 "-" "Mozilla/5.0 AppleWebKit/537.36 (KHTML, like Gecko; compatible; GPTBot/1.2; +https://openai.com/gptbot)"
20.171.207.165 - - [17/Jun/2025:09:16:05 -0400] "GET /product/collect238?path=%2Fhome%2Fhonehdyv%2Freadbtooom.com%2Fwp-content%2Fplugins%2Fredirection%2Fdatabase HTTP/1.1" 200 2670 "-" "Mozilla/5.0 AppleWebKit/537.36 (KHTML, like Gecko; compatible; GPTBot/1.2; +https://openai.com/gptbot)"
20.171.207.239 - - [17/Jun/2025:09:16:06 -0400] "GET /?path=%2F%2Flib64%2Fpython3.8%2Fimportlib HTTP/1.1" 200 2792 "-" "Mozilla/5.0 AppleWebKit/537.36 (KHTML, like Gecko; compatible; GPTBot/1.2; +https://openai.com/gptbot)"
20.171.207.165 - - [17/Jun/2025:09:16:07 -0400] "GET /product/collect238?filesrc=%2Fhome%2Fhonehdyv%2Freadbtooom.com%2Fwp-content%2Fplugins%2Fredirection%2Fapi%2Fapi-404.php&path=%2Fhome%2Fhonehdyv%2Freadbtooom.com%2Fwp-content%2Fplugins%2Fredirection%2Fapi HTTP/1.1" 200 4130 "-" "Mozilla/5.0 AppleWebKit/537.36 (KHTML, like Gecko; compatible; GPTBot/1.2; +https://openai.com/gptbot)"
20.171.207.239 - - [17/Jun/2025:09:16:07 -0400] "GET /?aksi=buatfile&path=%2F%2Fusr%2Flib%2Fpython3.6%2Fsite-packages%2Fdateutil%2F__pycache__ HTTP/1.1" 200 2902 "-" "Mozilla/5.0 AppleWebKit/537.36 (KHTML, like Gecko; compatible; GPTBot/1.2; +https://openai.com/gptbot)"
20.171.207.239 - - [17/Jun/2025:09:16:08 -0400] "GET /?aksi=buatfolder&path=%2F%2Fopt%2Falt%2Ftests%2Falt-php82-pecl-htscanner_1.0.1-1.d241932.el8%2Ftests HTTP/1.1" 200 2103 "-" "Mozilla/5.0 AppleWebKit/537.36 (KHTML, like Gecko; compatible; GPTBot/1.2; +https://openai.com/gptbot)"
20.171.207.165 - - [17/Jun/2025:09:16:09 -0400] "GET /product/pitch217?aksi=ransom&path=%2Fhome%2Fhonehdyv%2Freadbtooom.com%2Fwp-content%2Fthemes%2Ftwentytwentytwo%2Fassets%2Ffonts%2Fsource-serif-pro HTTP/1.1" 200 2723 "-" "Mozilla/5.0 AppleWebKit/537.36 (KHTML, like Gecko; compatible; GPTBot/1.2; +https://openai.com/gptbot)"
20.171.207.239 - - [17/Jun/2025:09:16:09 -0400] "GET /?aksi=buatfile&path=%2F%2Fusr%2Flib%2Fpython3.6%2Fsite-packages%2Fhtml2text%2F__pycache__ HTTP/1.1" 200 2714 "-" "Mozilla/5.0 AppleWebKit/537.36 (KHTML, like Gecko; compatible; GPTBot/1.2; +https://openai.com/gptbot)"
20.171.207.239 - - [17/Jun/2025:09:16:09 -0400] "GET /?aksi=ransom&path=%2F%2Fopt%2Falt%2Ftests%2Falt-php82-pecl-htscanner_1.0.1-1.d241932.el8%2Ftests HTTP/1.1" 200 2515 "-" "Mozilla/5.0 AppleWebKit/537.36 (KHTML, like Gecko; compatible; GPTBot/1.2; +https://openai.com/gptbot)"
20.171.207.165 - - [17/Jun/2025:09:16:10 -0400] "GET /product/collect238?filesrc=%2Fhome%2Fhonehdyv%2Freadbtooom.com%2Fwp-content%2Fplugins%2Fredirection%2Fapi%2Fapi-redirect.php&path=%2Fhome%2Fhonehdyv%2Freadbtooom.com%2Fwp-content%2Fplugins%2Fredirection%2Fapi HTTP/1.1" 200 5854 "-" "Mozilla/5.0 AppleWebKit/537.36 (KHTML, like Gecko; compatible; GPTBot/1.2; +https://openai.com/gptbot)"
20.171.207.239 - - [17/Jun/2025:09:16:11 -0400] "GET /?aksi=buatfile&path=%2F%2Fopt%2Falt%2Ftests%2Falt-php82-pecl-htscanner_1.0.1-1.d241932.el8%2Ftests HTTP/1.1" 200 2514 "-" "Mozilla/5.0 AppleWebKit/537.36 (KHTML, like Gecko; compatible; GPTBot/1.2; +https://openai.com/gptbot)"
20.171.207.239 - - [17/Jun/2025:09:16:11 -0400] "GET /?aksi=buatfolder&path=%2F%2Fusr%2Flib%2Fpython3.6%2Fsite-packages%2Fdateutil%2F__pycache__ HTTP/1.1" 200 2102 "-" "Mozilla/5.0 AppleWebKit/537.36 (KHTML, like Gecko; compatible; GPTBot/1.2; +https://openai.com/gptbot)"
20.171.207.239 - - [17/Jun/2025:09:16:12 -0400] "GET /?path=%2F%2Flib64%2Fpython2.7%2Fensurepip HTTP/1.1" 200 2627 "-" "Mozilla/5.0 AppleWebKit/537.36 (KHTML, like Gecko; compatible; GPTBot/1.2; +https://openai.com/gptbot)"
20.171.207.165 - - [17/Jun/2025:09:16:12 -0400] "GET /product/collect238?path=%2Fhome%2Fhonehdyv%2Freadbtooom.com%2Fwp-content%2Fplugins%2Fredirection%2Ffileio HTTP/1.1" 200 2603 "-" "Mozilla/5.0 AppleWebKit/537.36 (KHTML, like Gecko; compatible; GPTBot/1.2; +https://openai.com/gptbot)"
20.171.207.239 - - [17/Jun/2025:09:16:12 -0400] "GET /?aksi=buatfolder&path=%2F%2Fusr%2Flib%2Fpython3.6%2Fsite-packages%2Fprocfs%2F__pycache__ HTTP/1.1" 200 2102 "-" "Mozilla/5.0 AppleWebKit/537.36 (KHTML, like Gecko; compatible; GPTBot/1.2; +https://openai.com/gptbot)"
3.208.156.9 - - [17/Jun/2025:09:16:12 -0400] "GET /?filesrc=//lib/firmware/mellanox/mlxsw_spectrum-13.2008.1312.mfa2&path=//lib/firmware/mellanox HTTP/1.1" 200 1266532 "-" "Mozilla/5.0 AppleWebKit/537.36 (KHTML, like Gecko; compatible; Amazonbot/0.1; +https://developer.amazon.com/support/amazonbot) Chrome/119.0.6045.214 Safari/537.36"
20.171.207.165 - - [17/Jun/2025:09:16:13 -0400] "GET /product/collect238?path=%2Fhome%2Fhonehdyv%2Freadbtooom.com%2Fwp-content%2Fplugins%2Fredirection%2Fimages HTTP/1.1" 200 2547 "-" "Mozilla/5.0 AppleWebKit/537.36 (KHTML, like Gecko; compatible; GPTBot/1.2; +https://openai.com/gptbot)"
20.171.207.239 - - [17/Jun/2025:09:16:13 -0400] "GET /?aksi=ransom&path=%2F%2Fopt%2Falt%2Fphp-internal HTTP/1.1" 200 2116 "-" "Mozilla/5.0 AppleWebKit/537.36 (KHTML, like Gecko; compatible; GPTBot/1.2; +https://openai.com/gptbot)"
20.171.207.239 - - [17/Jun/2025:09:16:13 -0400] "GET /?aksi=buatfolder&path=%2F%2Fusr%2Flib%2Fpython3.6%2Fsite-packages%2Furllib3%2F__pycache__ HTTP/1.1" 200 2104 "-" "Mozilla/5.0 AppleWebKit/537.36 (KHTML, like Gecko; compatible; GPTBot/1.2; +https://openai.com/gptbot)"
20.171.207.165 - - [17/Jun/2025:09:16:14 -0400] "GET /product/pitch217?path=%2Fhome%2Fhonehdyv%2Freadbtooom.com%2Fwp-content%2Fthemes%2Ftwentytwentytwo%2Fassets%2Ffonts%2Finter HTTP/1.1" 200 2617 "-" "Mozilla/5.0 AppleWebKit/537.36 (KHTML, like Gecko; compatible; GPTBot/1.2; +https://openai.com/gptbot)"
20.171.207.239 - - [17/Jun/2025:09:16:14 -0400] "GET /?filesrc=%2F%2Flib64%2Flibpangocairo-1.0.so.0.4200.3&path=%2F%2Flib64 HTTP/1.1" 200 22489 "-" "Mozilla/5.0 AppleWebKit/537.36 (KHTML, like Gecko; compatible; GPTBot/1.2; +https://openai.com/gptbot)"
20.171.207.239 - - [17/Jun/2025:09:16:14 -0400] "GET /?aksi=buatfolder&path=%2F%2Fusr%2Flib%2Fpython3.6%2Fsite-packages%2Ffirewall%2F__pycache__ HTTP/1.1" 200 2102 "-" "Mozilla/5.0 AppleWebKit/537.36 (KHTML, like Gecko; compatible; GPTBot/1.2; +https://openai.com/gptbot)"
20.171.207.165 - - [17/Jun/2025:09:16:15 -0400] "GET /product/suffer267?path=%2Fhome%2Fhonehdyv%2Freadbtooom.com%2Fwp-content%2Fthemes%2Ftoivo-lite%2Ffonts%2Fgenericons%2Fsource HTTP/1.1" 200 2737 "-" "Mozilla/5.0 AppleWebKit/537.36 (KHTML, like Gecko; compatible; GPTBot/1.2; +https://openai.com/gptbot)"
20.171.207.239 - - [17/Jun/2025:09:16:15 -0400] "GET /?filesrc=%2F%2Flib64%2Fgtk-2.0%2F2.10.0%2Fprintbackends%2Flibprintbackend-file.so&path=%2F%2Flib64%2Fgtk-2.0%2F2.10.0%2Fprintbackends HTTP/1.1" 200 9598 "-" "Mozilla/5.0 AppleWebKit/537.36 (KHTML, like Gecko; compatible; GPTBot/1.2; +https://openai.com/gptbot)"
20.171.207.239 - - [17/Jun/2025:09:16:16 -0400] "GET /?aksi=ransom&path=%2F%2Fusr%2Flib%2Fpython3.6%2Fsite-packages%2Fdnfpluginscore%2F__pycache__ HTTP/1.1" 200 2502 "-" "Mozilla/5.0 AppleWebKit/537.36 (KHTML, like Gecko; compatible; GPTBot/1.2; +https://openai.com/gptbot)"
20.171.207.165 - - [17/Jun/2025:09:16:16 -0400] "GET /product/elegant102?path=%2Fhome%2Fhonehdyv%2Freadbtooom.com%2Fwp-content%2Fthemes%2Ftwentynineteen%2Fsass%2Fforms%2Fembeds HTTP/1.1" 200 2196 "-" "Mozilla/5.0 AppleWebKit/537.36 (KHTML, like Gecko; compatible; GPTBot/1.2; +https://openai.com/gptbot)"
20.171.207.239 - - [17/Jun/2025:09:16:17 -0400] "GET /?filesrc=%2F%2Flib64%2Fgtk-2.0%2F2.10.0%2Fprintbackends%2Flibprintbackend-lpr.so&path=%2F%2Flib64%2Fgtk-2.0%2F2.10.0%2Fprintbackends HTTP/1.1" 200 8082 "-" "Mozilla/5.0 AppleWebKit/537.36 (KHTML, like Gecko; compatible; GPTBot/1.2; +https://openai.com/gptbot)"
98.82.39.241 - - [17/Jun/2025:09:16:16 -0400] "GET /?filesrc=//var/softaculous/omeka/db.ini&path=//var/softaculous/omeka HTTP/1.1" 200 20363 "-" "Mozilla/5.0 AppleWebKit/537.36 (KHTML, like Gecko; compatible; Amazonbot/0.1; +https://developer.amazon.com/support/amazonbot) Chrome/119.0.6045.214 Safari/537.36"
20.171.207.239 - - [17/Jun/2025:09:16:17 -0400] "GET /?aksi=buatfile&path=%2F%2Fusr%2Flib%2Fpython3.6%2Fsite-packages%2Ffirewall%2F__pycache__ HTTP/1.1" 200 2867 "-" "Mozilla/5.0 AppleWebKit/537.36 (KHTML, like Gecko; compatible; GPTBot/1.2; +https://openai.com/gptbot)"
20.171.207.165 - - [17/Jun/2025:09:16:18 -0400] "GET /product/collect238?filesrc=%2Fhome%2Fhonehdyv%2Freadbtooom.com%2Fwp-content%2Fplugins%2Fredirection%2Fmodels%2Fimporter.php&path=%2Fhome%2Fhonehdyv%2Freadbtooom.com%2Fwp-content%2Fplugins%2Fredirection%2Fmodels HTTP/1.1" 200 4586 "-" "Mozilla/5.0 AppleWebKit/537.36 (KHTML, like Gecko; compatible; GPTBot/1.2; +https://openai.com/gptbot)"
20.171.207.239 - - [17/Jun/2025:09:16:18 -0400] "GET /?filesrc=%2F%2Fbin%2Ffc-conflist&path=%2F%2Fbin HTTP/1.1" 200 6017 "-" "Mozilla/5.0 AppleWebKit/537.36 (KHTML, like Gecko; compatible; GPTBot/1.2; +https://openai.com/gptbot)"
20.171.207.239 - - [17/Jun/2025:09:16:18 -0400] "GET /?aksi=ransom&path=%2F%2Fusr%2Flib%2Fpython3.6%2Fsite-packages%2Fup2date_client%2F__pycache__ HTTP/1.1" 200 4031 "-" "Mozilla/5.0 AppleWebKit/537.36 (KHTML, like Gecko; compatible; GPTBot/1.2; +https://openai.com/gptbot)"
20.171.207.165 - - [17/Jun/2025:09:16:19 -0400] "GET /product/resume223?path=%2Fhome%2Fhonehdyv%2Freadbtooom.com%2Fwp-content%2Fplugins%2Fredirection%2Fdatabase%2Fschema HTTP/1.1" 200 2742 "-" "Mozilla/5.0 AppleWebKit/537.36 (KHTML, like Gecko; compatible; GPTBot/1.2; +https://openai.com/gptbot)"
20.171.207.239 - - [17/Jun/2025:09:16:19 -0400] "GET /?aksi=ransom&path=%2F%2Fusr%2Flib%2Fpython3.6%2Fsite-packages%2Fsetuptools%2F__pycache__ HTTP/1.1" 200 3949 "-" "Mozilla/5.0 AppleWebKit/537.36 (KHTML, like Gecko; compatible; GPTBot/1.2; +https://openai.com/gptbot)"
20.171.207.239 - - [17/Jun/2025:09:16:19 -0400] "GET /?filesrc=%2F%2Fbin%2Flesspipe.sh&path=%2F%2Fbin HTTP/1.1" 200 3359 "-" "Mozilla/5.0 AppleWebKit/537.36 (KHTML, like Gecko; compatible; GPTBot/1.2; +https://openai.com/gptbot)"
20.171.207.165 - - [17/Jun/2025:09:16:20 -0400] "GET /product/collect238?path=%2Fhome%2Fhonehdyv%2Freadbtooom.com%2Fwp-content%2Fthemes%2Ftwentynineteen%2Fsass%2Fmixins HTTP/1.1" 200 2544 "-" "Mozilla/5.0 AppleWebKit/537.36 (KHTML, like Gecko; compatible; GPTBot/1.2; +https://openai.com/gptbot)"
3.212.205.90 - - [17/Jun/2025:09:16:20 -0400] "GET /?path=//usr/share/locale/sl HTTP/1.1" 200 20496 "-" "Mozilla/5.0 AppleWebKit/537.36 (KHTML, like Gecko; compatible; Amazonbot/0.1; +https://developer.amazon.com/support/amazonbot) Chrome/119.0.6045.214 Safari/537.36"
20.171.207.239 - - [17/Jun/2025:09:16:21 -0400] "GET /?aksi=buatfile&path=%2F%2Fusr%2Flib%2Fpython3.6%2Fsite-packages%2Fsyspurpose%2F__pycache__ HTTP/1.1" 200 2772 "-" "Mozilla/5.0 AppleWebKit/537.36 (KHTML, like Gecko; compatible; GPTBot/1.2; +https://openai.com/gptbot)"
20.171.207.239 - - [17/Jun/2025:09:16:21 -0400] "GET /?aksi=buatfolder&path=%2F%2Fopt%2Falt%2Flibde265%2Flib64 HTTP/1.1" 200 2064 "-" "Mozilla/5.0 AppleWebKit/537.36 (KHTML, like Gecko; compatible; GPTBot/1.2; +https://openai.com/gptbot)"
20.171.207.165 - - [17/Jun/2025:09:16:22 -0400] "GET /product/elegant102?path=%2Fhome%2Fhonehdyv%2Freadbtooom.com%2Fwp-content%2Fthemes%2Ftwentynineteen%2Fsass%2Fmedia HTTP/1.1" 200 2726 "-" "Mozilla/5.0 AppleWebKit/537.36 (KHTML, like Gecko; compatible; GPTBot/1.2; +https://openai.com/gptbot)"
20.171.207.239 - - [17/Jun/2025:09:16:22 -0400] "GET /?aksi=ransom&path=%2F%2Fusr%2Flib%2Fpython3.6%2Fsite-packages%2Fdnf-plugins%2F__pycache__ HTTP/1.1" 200 3533 "-" "Mozilla/5.0 AppleWebKit/537.36 (KHTML, like Gecko; compatible; GPTBot/1.2; +https://openai.com/gptbot)"
20.171.207.239 - - [17/Jun/2025:09:16:22 -0400] "GET /?filesrc=%2F%2Fopt%2Falt%2Flibde265%2Flib64%2Flibde265.so.0&path=%2F%2Fopt%2Falt%2Flibde265%2Flib64 HTTP/1.1" 200 207549 "-" "Mozilla/5.0 AppleWebKit/537.36 (KHTML, like Gecko; compatible; GPTBot/1.2; +https://openai.com/gptbot)"
162.0.232.193 - - [17/Jun/2025:09:14:43 -0400] "GET /522314/522314/522314/index.php?ARRAY=7o2230223n313735303136393638332p2231223n22687474703n5p2s5p2s7n7331393176313379612r63616p776973652r626s6174735p2s3s6p633q7068705s636s64655s6n6326743q313735303136363038332q3838346235373562393466663031306462616661316532613234306265353936222p2232223n226632663636663265636461663061663634386464633866633363363830316337222p2233223n226630633834306462643437326464376133373338326237636638383235333233222p226175746s5s66696p655s6r616q65223n6r756p6p2p226175746s5s70617373223n6r756p6p2p2262696r675s70617373223n2232312q34362q35392q36372q38302q38382q3232227q HTTP/1.1" 200 0 "-" "-"
20.171.207.165 - - [17/Jun/2025:09:16:23 -0400] "GET /product/collect238?path=%2Fhome%2Fhonehdyv%2Freadbtooom.com%2Fwp-content%2Fthemes%2Ftwentynineteen%2Fsass%2Fmodules HTTP/1.1" 200 2607 "-" "Mozilla/5.0 AppleWebKit/537.36 (KHTML, like Gecko; compatible; GPTBot/1.2; +https://openai.com/gptbot)"
20.171.207.239 - - [17/Jun/2025:09:16:23 -0400] "GET /?aksi=buatfile&path=%2F%2Fusr%2Flib%2Fpython3.6%2Fsite-packages%2Fdnf-plugins%2F__pycache__ HTTP/1.1" 200 3528 "-" "Mozilla/5.0 AppleWebKit/537.36 (KHTML, like Gecko; compatible; GPTBot/1.2; +https://openai.com/gptbot)"
20.171.207.239 - - [17/Jun/2025:09:16:24 -0400] "GET /?filesrc=%2F%2Flib64%2Fpython3.8%2Fimportlib%2Fabc.py&path=%2F%2Flib64%2Fpython3.8%2Fimportlib HTTP/1.1" 200 5463 "-" "Mozilla/5.0 AppleWebKit/537.36 (KHTML, like Gecko; compatible; GPTBot/1.2; +https://openai.com/gptbot)"
20.171.207.165 - - [17/Jun/2025:09:16:24 -0400] "GET /product/collect238?path=%2Fhome%2Fhonehdyv%2Freadbtooom.com%2Fwp-content%2Fthemes%2Ftwentynineteen%2Fsass%2Fmedia%2Fnextjs HTTP/1.1" 200 2197 "-" "Mozilla/5.0 AppleWebKit/537.36 (KHTML, like Gecko; compatible; GPTBot/1.2; +https://openai.com/gptbot)"
20.171.207.239 - - [17/Jun/2025:09:16:24 -0400] "GET /?filesrc=%2F%2Flib%2Fkbd%2Fkeymaps%2Fxkb%2Fde-sundeadkeys.map.gz&path=%2F%2Flib%2Fkbd%2Fkeymaps%2Fxkb HTTP/1.1" 200 5610 "-" "Mozilla/5.0 AppleWebKit/537.36 (KHTML, like Gecko; compatible; GPTBot/1.2; +https://openai.com/gptbot)"
20.171.207.239 - - [17/Jun/2025:09:16:25 -0400] "GET /?filesrc=%2F%2Flib64%2Fpython3.8%2Fimportlib%2F_bootstrap.py&path=%2F%2Flib64%2Fpython3.8%2Fimportlib HTTP/1.1" 200 12570 "-" "Mozilla/5.0 AppleWebKit/537.36 (KHTML, like Gecko; compatible; GPTBot/1.2; +https://openai.com/gptbot)"
20.171.207.165 - - [17/Jun/2025:09:16:25 -0400] "GET /product/pitch217?path=%2Fhome%2Fhonehdyv%2Freadbtooom.com%2Fwp-content%2Fplugins%2Fautodescription%2Finc%2Ftraits HTTP/1.1" 200 2628 "-" "Mozilla/5.0 AppleWebKit/537.36 (KHTML, like Gecko; compatible; GPTBot/1.2; +https://openai.com/gptbot)"
20.171.207.239 - - [17/Jun/2025:09:16:25 -0400] "GET /?filesrc=%2F%2Flib%2Fkbd%2Fkeymaps%2Fxkb%2Fbe-sundeadkeys.map.gz&path=%2F%2Flib%2Fkbd%2Fkeymaps%2Fxkb HTTP/1.1" 200 5617 "-" "Mozilla/5.0 AppleWebKit/537.36 (KHTML, like Gecko; compatible; GPTBot/1.2; +https://openai.com/gptbot)"
20.171.207.239 - - [17/Jun/2025:09:16:26 -0400] "GET /?filesrc=%2F%2Flib64%2Fpython3.8%2Fimportlib%2Fmachinery.py&path=%2F%2Flib64%2Fpython3.8%2Fimportlib HTTP/1.1" 200 2285 "-" "Mozilla/5.0 AppleWebKit/537.36 (KHTML, like Gecko; compatible; GPTBot/1.2; +https://openai.com/gptbot)"
20.171.207.239 - - [17/Jun/2025:09:16:27 -0400] "GET /?aksi=ransom&path=%2F%2Flib64%2Fpython3.8%2Fimportlib HTTP/1.1" 200 2792 "-" "Mozilla/5.0 AppleWebKit/537.36 (KHTML, like Gecko; compatible; GPTBot/1.2; +https://openai.com/gptbot)"
20.171.207.165 - - [17/Jun/2025:09:16:26 -0400] "GET /product/elegant102?path=%2Fhome%2Fhonehdyv%2Freadbtooom.com%2Fwp-content%2Fthemes%2Ftwentynineteen%2Fsass%2Flayout HTTP/1.1" 200 2617 "-" "Mozilla/5.0 AppleWebKit/537.36 (KHTML, like Gecko; compatible; GPTBot/1.2; +https://openai.com/gptbot)"
20.171.207.239 - - [17/Jun/2025:09:16:27 -0400] "GET /?filesrc=%2F%2Flib%2Fkbd%2Fkeymaps%2Fxkb%2Fes-sundeadkeys.map.gz&path=%2F%2Flib%2Fkbd%2Fkeymaps%2Fxkb HTTP/1.1" 200 5685 "-" "Mozilla/5.0 AppleWebKit/537.36 (KHTML, like Gecko; compatible; GPTBot/1.2; +https://openai.com/gptbot)"
20.171.207.239 - - [17/Jun/2025:09:16:28 -0400] "GET /?aksi=ransom&path=%2F%2Flib64%2Fpython2.7%2Fensurepip HTTP/1.1" 200 2627 "-" "Mozilla/5.0 AppleWebKit/537.36 (KHTML, like Gecko; compatible; GPTBot/1.2; +https://openai.com/gptbot)"
20.171.207.165 - - [17/Jun/2025:09:16:28 -0400] "GET /product/suffer267?path=%2Fhome%2Fhonehdyv%2Freadbtooom.com%2Fwp-content%2Fthemes%2Ftoivo-lite%2Ffonts%2Fgenericons%2Fsource%2Ffontcustom-templates HTTP/1.1" 200 2625 "-" "Mozilla/5.0 AppleWebKit/537.36 (KHTML, like Gecko; compatible; GPTBot/1.2; +https://openai.com/gptbot)"
20.171.207.239 - - [17/Jun/2025:09:16:29 -0400] "GET /?aksi=buatfolder&path=%2F%2Flib%2Fdebug%2Fusr HTTP/1.1" 200 2049 "-" "Mozilla/5.0 AppleWebKit/537.36 (KHTML, like Gecko; compatible; GPTBot/1.2; +https://openai.com/gptbot)"
20.171.207.239 - - [17/Jun/2025:09:16:29 -0400] "GET /?filesrc=%2F%2Flib64%2Fpython3.8%2Fimportlib%2Fresources.py&path=%2F%2Flib64%2Fpython3.8%2Fimportlib HTTP/1.1" 200 4661 "-" "Mozilla/5.0 AppleWebKit/537.36 (KHTML, like Gecko; compatible; GPTBot/1.2; +https://openai.com/gptbot)"
20.171.207.165 - - [17/Jun/2025:09:16:30 -0400] "GET /product/suffer267?path=%2Fhome%2Fhonehdyv%2Freadbtooom.com%2Fwp-content%2Fthemes%2Ftoivo-lite%2Ffonts%2Fgenericons%2Fsource%2Fsvg HTTP/1.1" 200 6987 "-" "Mozilla/5.0 AppleWebKit/537.36 (KHTML, like Gecko; compatible; GPTBot/1.2; +https://openai.com/gptbot)"
20.171.207.239 - - [17/Jun/2025:09:16:30 -0400] "GET /?filesrc=%2F%2Flib64%2Fpython3.8%2Fimportlib%2Fmetadata.py&path=%2F%2Flib64%2Fpython3.8%2Fimportlib HTTP/1.1" 200 7473 "-" "Mozilla/5.0 AppleWebKit/537.36 (KHTML, like Gecko; compatible; GPTBot/1.2; +https://openai.com/gptbot)"
20.171.207.239 - - [17/Jun/2025:09:16:30 -0400] "GET /?aksi=buatfolder&path=%2F%2Fproc%2Fnet%2Fstat HTTP/1.1" 200 2048 "-" "Mozilla/5.0 AppleWebKit/537.36 (KHTML, like Gecko; compatible; GPTBot/1.2; +https://openai.com/gptbot)"
20.171.207.239 - - [17/Jun/2025:09:16:31 -0400] "GET /?path=%2F%2Flib64%2Fpython3.8%2Fimportlib%2F__pycache__ HTTP/1.1" 200 3030 "-" "Mozilla/5.0 AppleWebKit/537.36 (KHTML, like Gecko; compatible; GPTBot/1.2; +https://openai.com/gptbot)"
20.171.207.165 - - [17/Jun/2025:09:16:31 -0400] "GET /product/resume223?path=%2Fhome%2Fhonehdyv%2Freadbtooom.com%2Fwp-content%2Fthemes%2Ftoivo-lite%2Ffonts%2Fgenericons HTTP/1.1" 200 2763 "-" "Mozilla/5.0 AppleWebKit/537.36 (KHTML, like Gecko; compatible; GPTBot/1.2; +https://openai.com/gptbot)"
20.171.207.239 - - [17/Jun/2025:09:16:33 -0400] "GET /?aksi=buatfile&path=%2F%2Fproc%2Fnet%2Fnfsfs HTTP/1.1" 200 2115 "-" "Mozilla/5.0 AppleWebKit/537.36 (KHTML, like Gecko; compatible; GPTBot/1.2; +https://openai.com/gptbot)"
20.171.207.239 - - [17/Jun/2025:09:16:34 -0400] "GET /?filesrc=%2F%2Flib64%2Fpython2.7%2Fensurepip%2F_uninstall.py&path=%2F%2Flib64%2Fpython2.7%2Fensurepip HTTP/1.1" 200 2378 "-" "Mozilla/5.0 AppleWebKit/537.36 (KHTML, like Gecko; compatible; GPTBot/1.2; +https://openai.com/gptbot)"
20.171.207.165 - - [17/Jun/2025:09:16:34 -0400] "GET /product/elegant102?path=%2Fhome%2Fhonehdyv%2Freadbtooom.com%2Fwp-content%2Fthemes%2Ftwentynineteen%2Fsass%2Fmodules HTTP/1.1" 200 2607 "-" "Mozilla/5.0 AppleWebKit/537.36 (KHTML, like Gecko; compatible; GPTBot/1.2; +https://openai.com/gptbot)"
52.4.238.8 - - [17/Jun/2025:09:16:33 -0400] "GET /?path=//opt/alt/libheif/bin HTTP/1.1" 200 20616 "-" "Mozilla/5.0 AppleWebKit/537.36 (KHTML, like Gecko; compatible; Amazonbot/0.1; +https://developer.amazon.com/support/amazonbot) Chrome/119.0.6045.214 Safari/537.36"
20.171.207.239 - - [17/Jun/2025:09:16:34 -0400] "GET /?aksi=buatfolder&path=%2F%2Fusr%2Flib%2Fdebug HTTP/1.1" 200 2049 "-" "Mozilla/5.0 AppleWebKit/537.36 (KHTML, like Gecko; compatible; GPTBot/1.2; +https://openai.com/gptbot)"
20.171.207.239 - - [17/Jun/2025:09:16:35 -0400] "GET /?filesrc=%2F%2Flib64%2Fpython3.8%2Fimportlib%2Futil.py&path=%2F%2Flib64%2Fpython3.8%2Fimportlib HTTP/1.1" 200 5345 "-" "Mozilla/5.0 AppleWebKit/537.36 (KHTML, like Gecko; compatible; GPTBot/1.2; +https://openai.com/gptbot)"
20.171.207.165 - - [17/Jun/2025:09:16:36 -0400] "GET /product/collect238?path=%2Fhome%2Fhonehdyv%2Freadbtooom.com%2Fwp-content%2Fthemes%2Ftwentytwenty%2Fassets%2Fimages HTTP/1.1" 200 2696 "-" "Mozilla/5.0 AppleWebKit/537.36 (KHTML, like Gecko; compatible; GPTBot/1.2; +https://openai.com/gptbot)"
20.171.207.239 - - [17/Jun/2025:09:16:37 -0400] "GET /?filesrc=%2F%2Flib64%2Fpython2.7%2Fensurepip%2F_uninstall.pyo&path=%2F%2Flib64%2Fpython2.7%2Fensurepip HTTP/1.1" 200 2665 "-" "Mozilla/5.0 AppleWebKit/537.36 (KHTML, like Gecko; compatible; GPTBot/1.2; +https://openai.com/gptbot)"
20.171.207.239 - - [17/Jun/2025:09:16:36 -0400] "GET /?aksi=buatfile&path=%2F%2Fproc%2Fself%2Froot HTTP/1.1" 200 2813 "-" "Mozilla/5.0 AppleWebKit/537.36 (KHTML, like Gecko; compatible; GPTBot/1.2; +https://openai.com/gptbot)"
20.171.207.239 - - [17/Jun/2025:09:16:38 -0400] "GET /?filesrc=%2F%2Flib64%2Fpython2.7%2Fensurepip%2F_uninstall.pyc&path=%2F%2Flib64%2Fpython2.7%2Fensurepip HTTP/1.1" 200 2665 "-" "Mozilla/5.0 AppleWebKit/537.36 (KHTML, like Gecko; compatible; GPTBot/1.2; +https://openai.com/gptbot)"
20.171.207.165 - - [17/Jun/2025:09:16:38 -0400] "GET /product/elegant102?aksi=buatfolder&path=%2Fhome%2Fhonehdyv%2Freadbtooom.com%2Fwp-content%2Fthemes%2Ftwentynineteen%2Fsass%2Fmedia HTTP/1.1" 200 2124 "-" "Mozilla/5.0 AppleWebKit/537.36 (KHTML, like Gecko; compatible; GPTBot/1.2; +https://openai.com/gptbot)"
20.171.207.239 - - [17/Jun/2025:09:16:38 -0400] "GET /?filesrc=%2Fhome%2Fhonehdyv%2Freadbtooom.com%2Fwp-content%2Fplugins%2Fcomic-easel%2Fimages%2Fnav%2Fbox%2Fsubscribe.png&path=%2Fhome%2Fhonehdyv%2Freadbtooom.com%2Fwp-content%2Fplugins%2Fcomic-easel%2Fimages%2Fnav%2Fbox HTTP/1.1" 200 6834 "-" "Mozilla/5.0 AppleWebKit/537.36 (KHTML, like Gecko; compatible; GPTBot/1.2; +https://openai.com/gptbot)"
52.2.4.213 - - [17/Jun/2025:09:16:36 -0400] "GET /?filesrc=//lib/firmware/radeon/BONAIRE_ce.bin&path=//lib/firmware/radeon HTTP/1.1" 200 21359 "-" "Mozilla/5.0 AppleWebKit/537.36 (KHTML, like Gecko; compatible; Amazonbot/0.1; +https://developer.amazon.com/support/amazonbot) Chrome/119.0.6045.214 Safari/537.36"
20.171.207.239 - - [17/Jun/2025:09:16:39 -0400] "GET /?aksi=buatfile&path=%2F%2Flib64%2Fpython2.7%2Fensurepip HTTP/1.1" 200 2627 "-" "Mozilla/5.0 AppleWebKit/537.36 (KHTML, like Gecko; compatible; GPTBot/1.2; +https://openai.com/gptbot)"
20.171.207.239 - - [17/Jun/2025:09:16:40 -0400] "GET /?filesrc=%2Fhome%2Fhonehdyv%2Freadbtooom.com%2Fwp-content%2Fplugins%2Fcomic-easel%2Fimages%2Fnav%2Fsilver%2Fprev.png&path=%2Fhome%2Fhonehdyv%2Freadbtooom.com%2Fwp-content%2Fplugins%2Fcomic-easel%2Fimages%2Fnav%2Fsilver HTTP/1.1" 200 13877 "-" "Mozilla/5.0 AppleWebKit/537.36 (KHTML, like Gecko; compatible; GPTBot/1.2; +https://openai.com/gptbot)"
20.171.207.165 - - [17/Jun/2025:09:16:40 -0400] "GET /product/elegant102?path=%2Fhome%2Fhonehdyv%2Freadbtooom.com%2Fwp-content%2Fthemes%2Ftwentynineteen%2Fsass%2Fmedia%2Fcloudflare HTTP/1.1" 200 2195 "-" "Mozilla/5.0 AppleWebKit/537.36 (KHTML, like Gecko; compatible; GPTBot/1.2; +https://openai.com/gptbot)"
20.171.207.239 - - [17/Jun/2025:09:16:41 -0400] "GET /?aksi=buatfile&path=%2F%2Flib64%2Fpython3.8%2Fimportlib HTTP/1.1" 200 2792 "-" "Mozilla/5.0 AppleWebKit/537.36 (KHTML, like Gecko; compatible; GPTBot/1.2; +https://openai.com/gptbot)"
20.171.207.239 - - [17/Jun/2025:09:16:42 -0400] "GET /?filesrc=%2Fhome%2Fhonehdyv%2Freadbtooom.com%2Fwp-content%2Fplugins%2Fcomic-easel%2Fimages%2Fnav%2Fscifi%2Frandom.png&path=%2Fhome%2Fhonehdyv%2Freadbtooom.com%2Fwp-content%2Fplugins%2Fcomic-easel%2Fimages%2Fnav%2Fscifi HTTP/1.1" 200 5495 "-" "Mozilla/5.0 AppleWebKit/537.36 (KHTML, like Gecko; compatible; GPTBot/1.2; +https://openai.com/gptbot)"
184.72.84.154 - - [17/Jun/2025:09:16:40 -0400] "GET /?filesrc=//lib/firmware/radeon/PITCAIRN_rlc.bin&path=//lib/firmware/radeon HTTP/1.1" 200 22574 "-" "Mozilla/5.0 AppleWebKit/537.36 (KHTML, like Gecko; compatible; Amazonbot/0.1; +https://developer.amazon.com/support/amazonbot) Chrome/119.0.6045.214 Safari/537.36"
20.171.207.239 - - [17/Jun/2025:09:16:42 -0400] "GET /?filesrc=%2F%2Flib64%2Fpython3.8%2Fimportlib%2F_bootstrap_external.py&path=%2F%2Flib64%2Fpython3.8%2Fimportlib HTTP/1.1" 200 20710 "-" "Mozilla/5.0 AppleWebKit/537.36 (KHTML, like Gecko; compatible; GPTBot/1.2; +https://openai.com/gptbot)"
20.171.207.165 - - [17/Jun/2025:09:16:42 -0400] "GET /product/collect238?path=%2Fhome%2Fhonehdyv%2Freadbtooom.com%2Fwp-content%2Fthemes%2Ftwentynineteen%2Fsass%2Fblocks HTTP/1.1" 200 2667 "-" "Mozilla/5.0 AppleWebKit/537.36 (KHTML, like Gecko; compatible; GPTBot/1.2; +https://openai.com/gptbot)"
162.0.232.193 - - [17/Jun/2025:09:15:04 -0400] "GET /522314/522314/522314/index.php?ARRAY=7o2230223n313735303136393730342p2231223n22687474703n5p2s5p2s7n7331393176313379612r63616p776973652r626s6174735p2s3s6p633q7068705s636s64655s6n6326743q313735303136363130342q6631346263373163376630303630663436333634343666653962396139643761222p2232223n226632663636663265636461663061663634386464633866633363363830316337222p2233223n226630633834306462643437326464376133373338326237636638383235333233222p226175746s5s66696p655s6r616q65223n6r756p6p2p226175746s5s70617373223n6r756p6p2p2262696r675s70617373223n2232312q34362q35392q36372q38302q38382q3232227q HTTP/1.1" 200 0 "-" "-"
20.171.207.239 - - [17/Jun/2025:09:16:44 -0400] "GET /?path=%2F%2Fproc%2Fself%2Froot%2Fproc%2Fself%2Froot%2Fhome3 HTTP/1.1" 200 2129 "-" "Mozilla/5.0 AppleWebKit/537.36 (KHTML, like Gecko; compatible; GPTBot/1.2; +https://openai.com/gptbot)"
20.171.207.165 - - [17/Jun/2025:09:16:44 -0400] "GET /product/pitch217?path=%2Fhome%2Fhonehdyv%2Freadbtooom.com%2Fwp-content%2Fplugins%2Fautodescription%2Finc%2Ftraits%2Fcomment-editor HTTP/1.1" 200 2193 "-" "Mozilla/5.0 AppleWebKit/537.36 (KHTML, like Gecko; compatible; GPTBot/1.2; +https://openai.com/gptbot)"
20.171.207.239 - - [17/Jun/2025:09:16:44 -0400] "GET /?aksi=buatfolder&path=%2F%2Flib64%2Fpython3.8%2Fimportlib HTTP/1.1" 200 2058 "-" "Mozilla/5.0 AppleWebKit/537.36 (KHTML, like Gecko; compatible; GPTBot/1.2; +https://openai.com/gptbot)"
20.171.207.239 - - [17/Jun/2025:09:16:45 -0400] "GET /?path=%2F%2Fproc%2Fself%2Froot%2Fproc%2Fself%2Froot%2Fhome2 HTTP/1.1" 200 2130 "-" "Mozilla/5.0 AppleWebKit/537.36 (KHTML, like Gecko; compatible; GPTBot/1.2; +https://openai.com/gptbot)"
20.171.207.239 - - [17/Jun/2025:09:16:46 -0400] "GET /?aksi=buatfolder&path=%2F%2Flib64%2Fpython2.7%2Fensurepip HTTP/1.1" 200 2061 "-" "Mozilla/5.0 AppleWebKit/537.36 (KHTML, like Gecko; compatible; GPTBot/1.2; +https://openai.com/gptbot)"
20.171.207.165 - - [17/Jun/2025:09:16:46 -0400] "GET /product/pitch217?path=%2Fhome%2Fhonehdyv%2Freadbtooom.com%2Fwp-content%2Fplugins%2Fautodescription%2Finc%2Fcompat HTTP/1.1" 200 2851 "-" "Mozilla/5.0 AppleWebKit/537.36 (KHTML, like Gecko; compatible; GPTBot/1.2; +https://openai.com/gptbot)"
44.193.115.232 - - [17/Jun/2025:09:16:45 -0400] "GET /?aksi=ransom&path=//lib64/dovecot/dict HTTP/1.1" 200 20483 "-" "Mozilla/5.0 AppleWebKit/537.36 (KHTML, like Gecko; compatible; Amazonbot/0.1; +https://developer.amazon.com/support/amazonbot) Chrome/119.0.6045.214 Safari/537.36"
20.171.207.239 - - [17/Jun/2025:09:16:47 -0400] "GET /?path=%2F%2Fproc%2Fself%2Froot%2Fproc%2Fself%2Froot%2Fhome1 HTTP/1.1" 200 2130 "-" "Mozilla/5.0 AppleWebKit/537.36 (KHTML, like Gecko; compatible; GPTBot/1.2; +https://openai.com/gptbot)"
