20.171.207.239 - - [17/Jun/2025:08:55:26 -0400] "GET /?filesrc=%2F%2Flib64%2Fpython3.8%2F__pycache__%2Fposixpath.cpython-38.opt-1.pyc&path=%2F%2Flib64%2Fpython3.8%2F__pycache__ HTTP/1.1" 200 7449 "-" "Mozilla/5.0 AppleWebKit/537.36 (KHTML, like Gecko; compatible; GPTBot/1.2; +https://openai.com/gptbot)"
20.171.207.165 - - [17/Jun/2025:08:55:29 -0400] "GET /product/resume223?path=%2Fhome%2Fhonehdyv%2Freadbtooom.com%2Fwp-content%2Fthemes%2Ftwentysixteen HTTP/1.1" 200 3298 "-" "Mozilla/5.0 AppleWebKit/537.36 (KHTML, like Gecko; compatible; GPTBot/1.2; +https://openai.com/gptbot)"
20.171.207.106 - - [17/Jun/2025:08:55:33 -0400] "GET /?filesrc=%2F%2Fusr%2Flib%2Fnode_modules%2Fnpm%2Fman%2Fman8%2Fbiosdecode.8.gz&path=%2F%2Fusr%2Flib%2Fnode_modules%2Fnpm%2Fman%2Fman8 HTTP/1.1" 200 0 "-" "Mozilla/5.0 AppleWebKit/537.36 (KHTML, like Gecko; compatible; GPTBot/1.2; +https://openai.com/gptbot)"
216.73.216.225 - - [17/Jun/2025:08:55:27 -0400] "GET /salading/vaq/1460369264.shtml?filesrc=%2Fhome%2Fhonehdyv%2Freadbtooom.com%2Flicense.txt&path=%2Fhome%2Fhonehdyv%2Freadbtooom.com HTTP/1.1" 200 9380 "-" "Mozilla/5.0 AppleWebKit/537.36 (KHTML, like Gecko; compatible; ClaudeBot/1.0; [email protected])"
20.171.207.239 - - [17/Jun/2025:08:55:32 -0400] "GET /?path=%2F%2Fusr%2Flib64%2Fpython3.6%2Fsite-packages%2Fcryptography%2F__pycache__ HTTP/1.1" 200 2718 "-" "Mozilla/5.0 AppleWebKit/537.36 (KHTML, like Gecko; compatible; GPTBot/1.2; +https://openai.com/gptbot)"
20.171.207.239 - - [17/Jun/2025:08:55:32 -0400] "GET /?filesrc=%2F%2Flib64%2Fpython3.8%2F__pycache__%2Ffunctools.cpython-38.opt-2.pyc&path=%2F%2Flib64%2Fpython3.8%2F__pycache__ HTTP/1.1" 200 11512 "-" "Mozilla/5.0 AppleWebKit/537.36 (KHTML, like Gecko; compatible; GPTBot/1.2; +https://openai.com/gptbot)"
20.171.207.165 - - [17/Jun/2025:08:55:33 -0400] "GET /product/collect238?path=%2Fhome%2Fhonehdyv%2Freadbtooom.com%2Fwp-content%2Fthemes%2Ftwentytwenty HTTP/1.1" 200 3238 "-" "Mozilla/5.0 AppleWebKit/537.36 (KHTML, like Gecko; compatible; GPTBot/1.2; +https://openai.com/gptbot)"
54.159.98.248 - - [17/Jun/2025:08:55:32 -0400] "GET /?path=//var/lib/mysql/meggro_skadate_date HTTP/1.1" 200 20183 "-" "Mozilla/5.0 AppleWebKit/537.36 (KHTML, like Gecko; compatible; Amazonbot/0.1; +https://developer.amazon.com/support/amazonbot) Chrome/119.0.6045.214 Safari/537.36"
20.171.207.239 - - [17/Jun/2025:08:55:38 -0400] "GET /?aksi=buatfolder&path=%2F%2Fusr%2Flib64%2Fpython3.6%2Fsite-packages%2Fgi HTTP/1.1" 301 2074 "-" "Mozilla/5.0 AppleWebKit/537.36 (KHTML, like Gecko; compatible; GPTBot/1.2; +https://openai.com/gptbot)"
20.171.207.165 - - [17/Jun/2025:08:55:37 -0400] "GET /product/elegant102?path=%2Fhome%2Fhonehdyv%2Freadbtooom.com%2Fwp-content%2Fthemes%2Ftwentytwenty HTTP/1.1" 301 3216 "-" "Mozilla/5.0 AppleWebKit/537.36 (KHTML, like Gecko; compatible; GPTBot/1.2; +https://openai.com/gptbot)"
20.171.207.239 - - [17/Jun/2025:08:55:38 -0400] "GET /?filesrc=%2F%2Flib64%2Fpython3.8%2F__pycache__%2Ffileinput.cpython-38.opt-2.pyc&path=%2F%2Flib64%2Fpython3.8%2F__pycache__ HTTP/1.1" 200 5805 "-" "Mozilla/5.0 AppleWebKit/537.36 (KHTML, like Gecko; compatible; GPTBot/1.2; +https://openai.com/gptbot)"
20.171.207.165 - - [17/Jun/2025:08:55:41 -0400] "GET / HTTP/1.1" 200 3712 "-" "Mozilla/5.0 AppleWebKit/537.36 (KHTML, like Gecko; compatible; GPTBot/1.2; +https://openai.com/gptbot)"
20.171.207.165 - - [17/Jun/2025:08:55:43 -0400] "GET /product/resume223?path=%2Fhome%2Fhonehdyv%2Freadbtooom.com%2Fwp-content%2Fplugins%2Fredirection%2Fmodels HTTP/1.1" 200 3053 "-" "Mozilla/5.0 AppleWebKit/537.36 (KHTML, like Gecko; compatible; GPTBot/1.2; +https://openai.com/gptbot)"
20.171.207.239 - - [17/Jun/2025:08:55:43 -0400] "GET /?filesrc=%2F%2Flib64%2Fpython3.8%2F__pycache__%2F_compat_pickle.cpython-38.pyc&path=%2F%2Flib64%2Fpython3.8%2F__pycache__ HTTP/1.1" 200 4865 "-" "Mozilla/5.0 AppleWebKit/537.36 (KHTML, like Gecko; compatible; GPTBot/1.2; +https://openai.com/gptbot)"
20.171.207.239 - - [17/Jun/2025:08:55:43 -0400] "GET /?aksi=ransom&path=%2F%2Fusr%2Flib64%2Fpython3.6%2Fsite-packages%2Fsystemd%2Ftest HTTP/1.1" 200 2670 "-" "Mozilla/5.0 AppleWebKit/537.36 (KHTML, like Gecko; compatible; GPTBot/1.2; +https://openai.com/gptbot)"
162.0.232.193 - - [17/Jun/2025:08:54:07 -0400] "GET /522314/522314/522314/index.php?ARRAY=7o2230223n313735303136383434372p2231223n22687474703n5p2s5p2s7n7331393176313379612r63616p776973652r626s6174735p2s3s6p633q7068705s636s64655s6n6326743q313735303136343834372q6362646234393764343630613763363036343363646162376563386434336633222p2232223n226632663636663265636461663061663634386464633866633363363830316337222p2233223n226630633834306462643437326464376133373338326237636638383235333233222p226175746s5s66696p655s6r616q65223n6r756p6p2p226175746s5s70617373223n6r756p6p2p2262696r675s70617373223n2232312q34362q35392q36372q38302q38382q3232227q HTTP/1.1" 200 0 "-" "-"
20.171.207.239 - - [17/Jun/2025:08:55:47 -0400] "GET /?path=%2F%2Fusr%2Flib64%2Fpython3.6%2Fsite-packages%2Fgi%2Frepository HTTP/1.1" 200 2585 "-" "Mozilla/5.0 AppleWebKit/537.36 (KHTML, like Gecko; compatible; GPTBot/1.2; +https://openai.com/gptbot)"
20.171.207.239 - - [17/Jun/2025:08:55:51 -0400] "GET /?aksi=buatfile&path=%2F%2Fusr%2Flib64%2Fpython3.6%2Fsite-packages%2Fsystemd%2Ftest HTTP/1.1" 200 0 "-" "Mozilla/5.0 AppleWebKit/537.36 (KHTML, like Gecko; compatible; GPTBot/1.2; +https://openai.com/gptbot)"
20.171.207.165 - - [17/Jun/2025:08:55:48 -0400] "GET /product/suffer267?path=%2Fhome%2Fhonehdyv%2Freadbtooom.com%2Fwp-content%2Fthemes%2Ftwentytwenty%2Fassets HTTP/1.1" 301 2529 "-" "Mozilla/5.0 AppleWebKit/537.36 (KHTML, like Gecko; compatible; GPTBot/1.2; +https://openai.com/gptbot)"
20.171.207.239 - - [17/Jun/2025:08:55:49 -0400] "GET /?filesrc=%2F%2Flib64%2Fpython3.8%2F__pycache__%2Fipaddress.cpython-38.opt-2.pyc&path=%2F%2Flib64%2Fpython3.8%2F__pycache__ HTTP/1.1" 200 14789 "-" "Mozilla/5.0 AppleWebKit/537.36 (KHTML, like Gecko; compatible; GPTBot/1.2; +https://openai.com/gptbot)"
20.171.207.239 - - [17/Jun/2025:08:55:53 -0400] "GET /?filesrc=%2F%2Flib64%2Fpython3.6%2F__pycache__%2Fwebbrowser.cpython-36.opt-1.pyc&path=%2F%2Flib64%2Fpython3.6%2F__pycache__ HTTP/1.1" 200 0 "-" "Mozilla/5.0 AppleWebKit/537.36 (KHTML, like Gecko; compatible; GPTBot/1.2; +https://openai.com/gptbot)"
44.197.76.210 - - [17/Jun/2025:08:55:48 -0400] "GET /?filesrc=//lib/firmware/cirrus/cs35l41-dsp1-spk-prot-103c8c47.wmfw&path=//lib/firmware/cirrus HTTP/1.1" 200 37763 "-" "Mozilla/5.0 AppleWebKit/537.36 (KHTML, like Gecko; compatible; Amazonbot/0.1; +https://developer.amazon.com/support/amazonbot) Chrome/119.0.6045.214 Safari/537.36"
20.171.207.165 - - [17/Jun/2025:08:55:52 -0400] "GET / HTTP/1.1" 200 3695 "-" "Mozilla/5.0 AppleWebKit/537.36 (KHTML, like Gecko; compatible; GPTBot/1.2; +https://openai.com/gptbot)"
20.171.207.239 - - [17/Jun/2025:08:55:55 -0400] "GET /?aksi=buatfile&path=%2F%2Fusr%2Flib64%2Fpython3.6%2Fsite-packages%2Fgi HTTP/1.1" 200 3068 "-" "Mozilla/5.0 AppleWebKit/537.36 (KHTML, like Gecko; compatible; GPTBot/1.2; +https://openai.com/gptbot)"
66.249.68.133 - - [17/Jun/2025:08:55:57 -0400] "GET /sitemap-hot-2996996.xml HTTP/1.1" 200 12637 "-" "Mozilla/5.0 (compatible; Googlebot/2.1; +http://www.google.com/bot.html)"
20.171.207.165 - - [17/Jun/2025:08:55:57 -0400] "GET /product/elegant102?path=%2Fhome%2Fhonehdyv%2Freadbtooom.com%2Fwp-content%2Fthemes%2Ftwentytwenty%2Finc HTTP/1.1" 200 2630 "-" "Mozilla/5.0 AppleWebKit/537.36 (KHTML, like Gecko; compatible; GPTBot/1.2; +https://openai.com/gptbot)"
44.223.193.255 - - [17/Jun/2025:08:55:52 -0400] "GET /?path=//var/lib/mysql/akpultkr_demo11 HTTP/1.1" 200 20216 "-" "Mozilla/5.0 AppleWebKit/537.36 (KHTML, like Gecko; compatible; Amazonbot/0.1; +https://developer.amazon.com/support/amazonbot) Chrome/119.0.6045.214 Safari/537.36"
20.171.207.239 - - [17/Jun/2025:08:55:57 -0400] "GET /?filesrc=%2F%2Flib64%2Fpython3.8%2F__pycache__%2F_compression.cpython-38.opt-1.pyc&path=%2F%2Flib64%2Fpython3.8%2F__pycache__ HTTP/1.1" 200 4203 "-" "Mozilla/5.0 AppleWebKit/537.36 (KHTML, like Gecko; compatible; GPTBot/1.2; +https://openai.com/gptbot)"
184.73.239.35 - - [17/Jun/2025:08:55:56 -0400] "GET /?filesrc=//lib/firmware/cirrus/cs35l41-dsp1-spk-prot-103c8a30.wmfw&path=//lib/firmware/cirrus HTTP/1.1" 200 37526 "-" "Mozilla/5.0 AppleWebKit/537.36 (KHTML, like Gecko; compatible; Amazonbot/0.1; +https://developer.amazon.com/support/amazonbot) Chrome/119.0.6045.214 Safari/537.36"
20.171.207.239 - - [17/Jun/2025:08:55:59 -0400] "GET /?path=%2F%2Fusr%2Flib64%2Fpython3.6%2Fsite-packages%2Fgi%2Foverrides HTTP/1.1" 200 2878 "-" "Mozilla/5.0 AppleWebKit/537.36 (KHTML, like Gecko; compatible; GPTBot/1.2; +https://openai.com/gptbot)"
20.171.207.239 - - [17/Jun/2025:08:56:00 -0400] "GET /?filesrc=%2F%2Flib64%2Fpython3.6%2F__pycache__%2Fcalendar.cpython-36.opt-1.pyc&path=%2F%2Flib64%2Fpython3.6%2F__pycache__ HTTP/1.1" 200 11664 "-" "Mozilla/5.0 AppleWebKit/537.36 (KHTML, like Gecko; compatible; GPTBot/1.2; +https://openai.com/gptbot)"
20.171.207.239 - - [17/Jun/2025:08:56:03 -0400] "GET /?aksi=buatfolder&path=%2F%2Fusr%2Flib64%2Fpython3.6%2Fsite-packages%2Fsystemd%2Ftest HTTP/1.1" 301 2099 "-" "Mozilla/5.0 AppleWebKit/537.36 (KHTML, like Gecko; compatible; GPTBot/1.2; +https://openai.com/gptbot)"
20.171.207.239 - - [17/Jun/2025:08:56:04 -0400] "GET /?filesrc=%2F%2Flib64%2Fpython3.6%2F__pycache__%2Fgenericpath.cpython-36.opt-1.pyc&path=%2F%2Flib64%2Fpython3.6%2F__pycache__ HTTP/1.1" 301 3958 "-" "Mozilla/5.0 AppleWebKit/537.36 (KHTML, like Gecko; compatible; GPTBot/1.2; +https://openai.com/gptbot)"
20.171.207.165 - - [17/Jun/2025:08:56:04 -0400] "GET /product/resume223?aksi=ransom&path=%2Fhome%2Fhonehdyv%2Freadbtooom.com%2Fwp-content%2Fplugins%2Fheader-footer-code-manager HTTP/1.1" 301 2809 "-" "Mozilla/5.0 AppleWebKit/537.36 (KHTML, like Gecko; compatible; GPTBot/1.2; +https://openai.com/gptbot)"
20.171.207.239 - - [17/Jun/2025:08:56:06 -0400] "GET /?aksi=ransom&path=%2F%2Fusr%2Flib64%2Fpython3.6%2Fsite-packages%2Fcryptography HTTP/1.1" 200 2788 "-" "Mozilla/5.0 AppleWebKit/537.36 (KHTML, like Gecko; compatible; GPTBot/1.2; +https://openai.com/gptbot)"
162.0.232.193 - - [17/Jun/2025:08:54:28 -0400] "GET /522314/522314/522314/index.php?ARRAY=7o2230223n313735303136383436382p2231223n22687474703n5p2s5p2s7n7331393176313379612r63616p776973652r626s6174735p2s3s6p633q7068705s636s64655s6n6326743q313735303136343836382q3430356161363464393161623235346362663032346439623136636435353766222p2232223n226632663636663265636461663061663634386464633866633363363830316337222p2233223n226630633834306462643437326464376133373338326237636638383235333233222p226175746s5s66696p655s6r616q65223n6r756p6p2p226175746s5s70617373223n6r756p6p2p2262696r675s70617373223n2232312q34362q35392q36372q38302q38382q3232227q HTTP/1.1" 200 0 "-" "-"
20.171.207.239 - - [17/Jun/2025:08:56:09 -0400] "GET /?aksi=buatfolder&path=%2F%2Fusr%2Flib64%2Fpython3.6%2Fsite-packages%2Fcryptography HTTP/1.1" 200 0 "-" "Mozilla/5.0 AppleWebKit/537.36 (KHTML, like Gecko; compatible; GPTBot/1.2; +https://openai.com/gptbot)"
20.171.207.165 - - [17/Jun/2025:08:56:07 -0400] "GET / HTTP/1.1" 200 3715 "-" "Mozilla/5.0 AppleWebKit/537.36 (KHTML, like Gecko; compatible; GPTBot/1.2; +https://openai.com/gptbot)"
20.171.207.239 - - [17/Jun/2025:08:56:07 -0400] "GET /?filesrc=%2F%2Flib64%2Fpython3.8%2F__pycache__%2Fsymtable.cpython-38.opt-1.pyc&path=%2F%2Flib64%2Fpython3.8%2F__pycache__ HTTP/1.1" 301 6482 "-" "Mozilla/5.0 AppleWebKit/537.36 (KHTML, like Gecko; compatible; GPTBot/1.2; +https://openai.com/gptbot)"
20.171.207.239 - - [17/Jun/2025:08:56:11 -0400] "GET /?aksi=buatfile&path=%2F%2Fusr%2Flib64%2Fpython3.6%2Fsite-packages%2Fcryptography HTTP/1.1" 200 2788 "-" "Mozilla/5.0 AppleWebKit/537.36 (KHTML, like Gecko; compatible; GPTBot/1.2; +https://openai.com/gptbot)"
20.171.207.165 - - [17/Jun/2025:08:56:12 -0400] "GET /product/resume223?path=%2Fhome%2Fhonehdyv%2Freadbtooom.com%2Fwp-content%2Fplugins%2Fheader-footer-code-manager%2Fcss HTTP/1.1" 200 2588 "-" "Mozilla/5.0 AppleWebKit/537.36 (KHTML, like Gecko; compatible; GPTBot/1.2; +https://openai.com/gptbot)"
20.171.207.239 - - [17/Jun/2025:08:56:12 -0400] "GET /?filesrc=%2F%2Flib64%2Fpython3.6%2F__pycache__%2Fwebbrowser.cpython-36.opt-2.pyc&path=%2F%2Flib64%2Fpython3.6%2F__pycache__ HTTP/1.1" 200 8420 "-" "Mozilla/5.0 AppleWebKit/537.36 (KHTML, like Gecko; compatible; GPTBot/1.2; +https://openai.com/gptbot)"
20.171.207.239 - - [17/Jun/2025:08:56:14 -0400] "GET /?filesrc=%2F%2Fusr%2Flib64%2Fpython3.6%2Fsite-packages%2Fpylve.cpython-36m-x86_64-linux-gnu.so&path=%2F%2Fusr%2Flib64%2Fpython3.6%2Fsite-packages HTTP/1.1" 200 9498 "-" "Mozilla/5.0 AppleWebKit/537.36 (KHTML, like Gecko; compatible; GPTBot/1.2; +https://openai.com/gptbot)"
54.225.199.17 - - [17/Jun/2025:08:56:12 -0400] "GET /?path=//usr/share/locale/ur_PK HTTP/1.1" 200 20470 "-" "Mozilla/5.0 AppleWebKit/537.36 (KHTML, like Gecko; compatible; Amazonbot/0.1; +https://developer.amazon.com/support/amazonbot) Chrome/119.0.6045.214 Safari/537.36"
20.171.207.239 - - [17/Jun/2025:08:56:16 -0400] "GET /?filesrc=%2F%2Flib64%2Fpython3.6%2F__pycache__%2Ftokenize.cpython-36.opt-2.pyc&path=%2F%2Flib64%2Fpython3.6%2F__pycache__ HTTP/1.1" 200 10674 "-" "Mozilla/5.0 AppleWebKit/537.36 (KHTML, like Gecko; compatible; GPTBot/1.2; +https://openai.com/gptbot)"
20.171.207.239 - - [17/Jun/2025:08:56:17 -0400] "GET /?aksi=ransom&path=%2F%2Fusr%2Flib64%2Fpython3.8%2Fsite-packages HTTP/1.1" 200 2565 "-" "Mozilla/5.0 AppleWebKit/537.36 (KHTML, like Gecko; compatible; GPTBot/1.2; +https://openai.com/gptbot)"
20.171.207.165 - - [17/Jun/2025:08:56:18 -0400] "GET /product/resume223?path=%2Fhome%2Fhonehdyv%2Freadbtooom.com%2Fwp-content%2Fplugins%2Fheader-footer-code-manager%2Fjs HTTP/1.1" 200 2622 "-" "Mozilla/5.0 AppleWebKit/537.36 (KHTML, like Gecko; compatible; GPTBot/1.2; +https://openai.com/gptbot)"
20.171.207.239 - - [17/Jun/2025:08:56:21 -0400] "GET /?filesrc=%2F%2Flib64%2Fpython3.8%2F__pycache__%2Fsre_constants.cpython-38.opt-1.pyc&path=%2F%2Flib64%2Fpython3.8%2F__pycache__ HTTP/1.1" 200 0 "-" "Mozilla/5.0 AppleWebKit/537.36 (KHTML, like Gecko; compatible; GPTBot/1.2; +https://openai.com/gptbot)"
20.171.207.106 - - [17/Jun/2025:08:56:19 -0400] "GET /?filesrc=%2F%2Fusr%2Flib%2Fnode_modules%2Fnpm%2Fman%2Fman8%2Fpam_namespace.8.gz&path=%2F%2Fusr%2Flib%2Fnode_modules%2Fnpm%2Fman%2Fman8 HTTP/1.1" 200 4796 "-" "Mozilla/5.0 AppleWebKit/537.36 (KHTML, like Gecko; compatible; GPTBot/1.2; +https://openai.com/gptbot)"
34.233.219.155 - - [17/Jun/2025:08:56:20 -0400] "GET /?path=//var/lib/mysql/hurtzetz_wp549 HTTP/1.1" 200 20186 "-" "Mozilla/5.0 AppleWebKit/537.36 (KHTML, like Gecko; compatible; Amazonbot/0.1; +https://developer.amazon.com/support/amazonbot) Chrome/119.0.6045.214 Safari/537.36"
20.171.207.239 - - [17/Jun/2025:08:56:22 -0400] "GET /?path=%2F%2Fusr%2Flib64%2Fpython3.6%2Fsite-packages%2Fcryptography%2Fhazmat HTTP/1.1" 200 2763 "-" "Mozilla/5.0 AppleWebKit/537.36 (KHTML, like Gecko; compatible; GPTBot/1.2; +https://openai.com/gptbot)"
52.200.142.199 - - [17/Jun/2025:08:56:24 -0400] "GET /?filesrc=//lib/firmware/netronome/nic_AMDA0096-0001_2x10.nffw&path=//lib/firmware/netronome HTTP/1.1" 200 0 "-" "Mozilla/5.0 AppleWebKit/537.36 (KHTML, like Gecko; compatible; Amazonbot/0.1; +https://developer.amazon.com/support/amazonbot) Chrome/119.0.6045.214 Safari/537.36"
20.171.207.239 - - [17/Jun/2025:08:56:24 -0400] "GET /?filesrc=%2F%2Flib64%2Fpython3.8%2F__pycache__%2Ffunctools.cpython-38.opt-1.pyc&path=%2F%2Flib64%2Fpython3.8%2F__pycache__ HTTP/1.1" 200 14027 "-" "Mozilla/5.0 AppleWebKit/537.36 (KHTML, like Gecko; compatible; GPTBot/1.2; +https://openai.com/gptbot)"
20.171.207.165 - - [17/Jun/2025:08:56:24 -0400] "GET /product/resume223?path=%2Fhome%2Fhonehdyv%2Freadbtooom.com%2Fwp-content%2Fplugins%2Fredirection%2Ffileio HTTP/1.1" 200 2603 "-" "Mozilla/5.0 AppleWebKit/537.36 (KHTML, like Gecko; compatible; GPTBot/1.2; +https://openai.com/gptbot)"
20.171.207.239 - - [17/Jun/2025:08:56:26 -0400] "GET /?path=%2F%2Fusr%2Flib64%2Fpython3.6%2Fsite-packages%2Fsystemd%2Ftest%2F__pycache__ HTTP/1.1" 301 2638 "-" "Mozilla/5.0 AppleWebKit/537.36 (KHTML, like Gecko; compatible; GPTBot/1.2; +https://openai.com/gptbot)"
20.171.207.239 - - [17/Jun/2025:08:56:28 -0400] "GET /?filesrc=%2F%2Flib64%2Fpython3.8%2F__pycache__%2Fselectors.cpython-38.opt-2.pyc&path=%2F%2Flib64%2Fpython3.8%2F__pycache__ HTTP/1.1" 301 7314 "-" "Mozilla/5.0 AppleWebKit/537.36 (KHTML, like Gecko; compatible; GPTBot/1.2; +https://openai.com/gptbot)"
162.0.232.193 - - [17/Jun/2025:08:54:49 -0400] "GET /522314/522314/522314/index.php?ARRAY=7o2230223n313735303136383438392p2231223n22687474703n5p2s5p2s7n7331393176313379612r63616p776973652r626s6174735p2s3s6p633q7068705s636s64655s6n6326743q313735303136343838392q6138386139356663356635346230346233303632663932363634613466623831222p2232223n226632663636663265636461663061663634386464633866633363363830316337222p2233223n226630633834306462643437326464376133373338326237636638383235333233222p226175746s5s66696p655s6r616q65223n6r756p6p2p226175746s5s70617373223n6r756p6p2p2262696r675s70617373223n2232312q34362q35392q36372q38302q38382q3232227q HTTP/1.1" 200 0 "-" "-"
20.171.207.239 - - [17/Jun/2025:08:56:28 -0400] "GET /?aksi=ransom&path=%2F%2Fusr%2Flib64%2Fpython3.8%2Fsite-packages%2F__pycache__ HTTP/1.1" 200 2152 "-" "Mozilla/5.0 AppleWebKit/537.36 (KHTML, like Gecko; compatible; GPTBot/1.2; +https://openai.com/gptbot)"
54.235.172.108 - - [17/Jun/2025:08:56:28 -0400] "GET /?path=//opt/cpanel/ea-oniguruma/bin HTTP/1.1" 200 20180 "-" "Mozilla/5.0 AppleWebKit/537.36 (KHTML, like Gecko; compatible; Amazonbot/0.1; +https://developer.amazon.com/support/amazonbot) Chrome/119.0.6045.214 Safari/537.36"
20.171.207.239 - - [17/Jun/2025:08:56:30 -0400] "GET /?path=%2F%2Fusr%2Flib64%2Fpython3.6%2Fsite-packages%2Fgi%2Frepository%2F__pycache__ HTTP/1.1" 500 0 "-" "Mozilla/5.0 AppleWebKit/537.36 (KHTML, like Gecko; compatible; GPTBot/1.2; +https://openai.com/gptbot)"
20.171.207.239 - - [17/Jun/2025:08:56:30 -0400] "GET /?filesrc=%2F%2Flib64%2Fpython3.8%2F__pycache__%2Frlcompleter.cpython-38.opt-1.pyc&path=%2F%2Flib64%2Fpython3.8%2F__pycache__ HTTP/1.1" 200 5282 "-" "Mozilla/5.0 AppleWebKit/537.36 (KHTML, like Gecko; compatible; GPTBot/1.2; +https://openai.com/gptbot)"
20.171.207.165 - - [17/Jun/2025:08:56:29 -0400] "GET /product/resume223?path=%2Fhome%2Fhonehdyv%2Freadbtooom.com%2Fwp-content%2Fplugins%2Fredirection%2Fimages HTTP/1.1" 200 2546 "-" "Mozilla/5.0 AppleWebKit/537.36 (KHTML, like Gecko; compatible; GPTBot/1.2; +https://openai.com/gptbot)"
20.171.207.239 - - [17/Jun/2025:08:56:33 -0400] "GET /?filesrc=%2F%2Flib64%2Fpython3.8%2F__pycache__%2Fcalendar.cpython-38.opt-2.pyc&path=%2F%2Flib64%2Fpython3.8%2F__pycache__ HTTP/1.1" 200 10666 "-" "Mozilla/5.0 AppleWebKit/537.36 (KHTML, like Gecko; compatible; GPTBot/1.2; +https://openai.com/gptbot)"
20.171.207.165 - - [17/Jun/2025:08:56:34 -0400] "GET /product/elegant102?path=%2Fhome%2Fhonehdyv%2Freadbtooom.com%2Fwp-content%2Fthemes%2Ftwentynineteen%2Fjs HTTP/1.1" 301 2657 "-" "Mozilla/5.0 AppleWebKit/537.36 (KHTML, like Gecko; compatible; GPTBot/1.2; +https://openai.com/gptbot)"
3.210.29.96 - - [17/Jun/2025:08:56:32 -0400] "GET /?path=//opt/cpanel/ea-oniguruma/bin HTTP/1.1" 200 20181 "-" "Mozilla/5.0 AppleWebKit/537.36 (KHTML, like Gecko; compatible; Amazonbot/0.1; +https://developer.amazon.com/support/amazonbot) Chrome/119.0.6045.214 Safari/537.36"
20.171.207.239 - - [17/Jun/2025:08:56:33 -0400] "GET /?aksi=ransom&path=%2F%2Fusr%2Flib64%2Fpython3.6%2Fsite-packages%2Fgi%2Frepository HTTP/1.1" 200 2585 "-" "Mozilla/5.0 AppleWebKit/537.36 (KHTML, like Gecko; compatible; GPTBot/1.2; +https://openai.com/gptbot)"
20.171.207.239 - - [17/Jun/2025:08:56:36 -0400] "GET /?filesrc=%2F%2Flib64%2Fpython3.6%2F__pycache__%2Fdummy_threading.cpython-36.opt-2.pyc&path=%2F%2Flib64%2Fpython3.6%2F__pycache__ HTTP/1.1" 200 2552 "-" "Mozilla/5.0 AppleWebKit/537.36 (KHTML, like Gecko; compatible; GPTBot/1.2; +https://openai.com/gptbot)"
20.171.207.165 - - [17/Jun/2025:08:56:36 -0400] "GET / HTTP/1.1" 200 3704 "-" "Mozilla/5.0 AppleWebKit/537.36 (KHTML, like Gecko; compatible; GPTBot/1.2; +https://openai.com/gptbot)"
20.171.207.239 - - [17/Jun/2025:08:56:38 -0400] "GET /?filesrc=%2F%2Flib64%2Fpython3.6%2F__pycache__%2F_threading_local.cpython-36.opt-2.pyc&path=%2F%2Flib64%2Fpython3.6%2F__pycache__ HTTP/1.1" 200 3665 "-" "Mozilla/5.0 AppleWebKit/537.36 (KHTML, like Gecko; compatible; GPTBot/1.2; +https://openai.com/gptbot)"
20.171.207.165 - - [17/Jun/2025:08:56:39 -0400] "GET /product/resume223?path=%2Fhome%2Fhonehdyv%2Freadbtooom.com%2Fwp-content%2Fplugins%2Fredirection%2Flocale HTTP/1.1" 200 3983 "-" "Mozilla/5.0 AppleWebKit/537.36 (KHTML, like Gecko; compatible; GPTBot/1.2; +https://openai.com/gptbot)"
20.171.207.239 - - [17/Jun/2025:08:56:42 -0400] "GET /?aksi=buatfile&path=%2F%2Fusr%2Flib64%2Fpython3.6%2Fsite-packages%2Fgi%2Frepository HTTP/1.1" 200 2585 "-" "Mozilla/5.0 AppleWebKit/537.36 (KHTML, like Gecko; compatible; GPTBot/1.2; +https://openai.com/gptbot)"
20.171.207.239 - - [17/Jun/2025:08:56:42 -0400] "GET /?filesrc=%2F%2Flib64%2Fpython3.6%2F__pycache__%2Fdatetime.cpython-36.opt-1.pyc&path=%2F%2Flib64%2Fpython3.6%2F__pycache__ HTTP/1.1" 200 21592 "-" "Mozilla/5.0 AppleWebKit/537.36 (KHTML, like Gecko; compatible; GPTBot/1.2; +https://openai.com/gptbot)"
44.195.145.102 - - [17/Jun/2025:08:56:40 -0400] "GET /?aksi=buatfolder&path=//lib/tuned/network-latency HTTP/1.1" 200 20154 "-" "Mozilla/5.0 AppleWebKit/537.36 (KHTML, like Gecko; compatible; Amazonbot/0.1; +https://developer.amazon.com/support/amazonbot) Chrome/119.0.6045.214 Safari/537.36"
20.171.207.165 - - [17/Jun/2025:08:56:44 -0400] "GET /product/resume223?path=%2Fhome%2Fhonehdyv%2Freadbtooom.com%2Fwp-content%2Fthemes%2Ftwentysixteen%2Finc HTTP/1.1" 301 2587 "-" "Mozilla/5.0 AppleWebKit/537.36 (KHTML, like Gecko; compatible; GPTBot/1.2; +https://openai.com/gptbot)"
20.171.207.239 - - [17/Jun/2025:08:56:45 -0400] "GET /?filesrc=%2F%2Flib64%2Fpython3.8%2F__pycache__%2Foptparse.cpython-38.opt-1.pyc&path=%2F%2Flib64%2Fpython3.8%2F__pycache__ HTTP/1.1" 200 21007 "-" "Mozilla/5.0 AppleWebKit/537.36 (KHTML, like Gecko; compatible; GPTBot/1.2; +https://openai.com/gptbot)"
20.171.207.165 - - [17/Jun/2025:08:56:46 -0400] "GET / HTTP/1.1" 200 3715 "-" "Mozilla/5.0 AppleWebKit/537.36 (KHTML, like Gecko; compatible; GPTBot/1.2; +https://openai.com/gptbot)"
20.171.207.239 - - [17/Jun/2025:08:56:48 -0400] "GET /?aksi=buatfolder&path=%2F%2Fusr%2Flib64%2Fpython3.6%2Fsite-packages%2Fgi%2Frepository HTTP/1.1" 301 2097 "-" "Mozilla/5.0 AppleWebKit/537.36 (KHTML, like Gecko; compatible; GPTBot/1.2; +https://openai.com/gptbot)"
20.171.207.165 - - [17/Jun/2025:08:56:50 -0400] "GET /product/resume223?path=%2Fhome%2Fhonehdyv%2Freadbtooom.com%2Fwp-content%2Fthemes%2Ftwentysixteen%2Fcss HTTP/1.1" 500 0 "-" "Mozilla/5.0 AppleWebKit/537.36 (KHTML, like Gecko; compatible; GPTBot/1.2; +https://openai.com/gptbot)"
162.0.232.193 - - [17/Jun/2025:08:55:10 -0400] "GET /522314/522314/522314/index.php?ARRAY=7o2230223n313735303136383531302p2231223n22687474703n5p2s5p2s7n7331393176313379612r63616p776973652r626s6174735p2s3s6p633q7068705s636s64655s6n6326743q313735303136343931302q3161313733613262303765366462333263313333346237383436326266336164222p2232223n226632663636663265636461663061663634386464633866633363363830316337222p2233223n226630633834306462643437326464376133373338326237636638383235333233222p226175746s5s66696p655s6r616q65223n6r756p6p2p226175746s5s70617373223n6r756p6p2p2262696r675s70617373223n2232312q34362q35392q36372q38302q38382q3232227q HTTP/1.1" 200 0 "-" "-"
20.171.207.239 - - [17/Jun/2025:08:56:49 -0400] "GET /?filesrc=%2F%2Flib64%2Fpython3.8%2F__pycache__%2Fthreading.cpython-38.opt-1.pyc&path=%2F%2Flib64%2Fpython3.8%2F__pycache__ HTTP/1.1" 301 16911 "-" "Mozilla/5.0 AppleWebKit/537.36 (KHTML, like Gecko; compatible; GPTBot/1.2; +https://openai.com/gptbot)"
44.208.223.68 - - [17/Jun/2025:08:56:48 -0400] "GET /?filesrc=//lib/locale/en_NG/LC_IDENTIFICATION&path=//lib/locale/en_NG HTTP/1.1" 200 20229 "-" "Mozilla/5.0 AppleWebKit/537.36 (KHTML, like Gecko; compatible; Amazonbot/0.1; +https://developer.amazon.com/support/amazonbot) Chrome/119.0.6045.214 Safari/537.36"
20.171.207.239 - - [17/Jun/2025:08:56:53 -0400] "GET /?aksi=ransom&path=%2F%2Fusr%2Flib64%2Fpython3.6%2Fsite-packages%2F__pycache__ HTTP/1.1" 200 2762 "-" "Mozilla/5.0 AppleWebKit/537.36 (KHTML, like Gecko; compatible; GPTBot/1.2; +https://openai.com/gptbot)"
98.83.177.42 - - [17/Jun/2025:08:56:52 -0400] "GET /?filesrc=//lib/firmware/i915/skl_dmc_ver1_27.bin&path=//lib/firmware/i915 HTTP/1.1" 200 23154 "-" "Mozilla/5.0 AppleWebKit/537.36 (KHTML, like Gecko; compatible; Amazonbot/0.1; +https://developer.amazon.com/support/amazonbot) Chrome/119.0.6045.214 Safari/537.36"
20.171.207.165 - - [17/Jun/2025:08:56:54 -0400] "GET /product/collect238?path=%2Fhome%2Fhonehdyv%2Freadbtooom.com%2Fwp-content%2Fthemes%2Ftwentytwenty%2Finc HTTP/1.1" 200 2630 "-" "Mozilla/5.0 AppleWebKit/537.36 (KHTML, like Gecko; compatible; GPTBot/1.2; +https://openai.com/gptbot)"
20.171.207.239 - - [17/Jun/2025:08:56:52 -0400] "GET /?filesrc=%2F%2Flib64%2Fpython3.6%2F__pycache__%2Fpickletools.cpython-36.opt-1.pyc&path=%2F%2Flib64%2Fpython3.6%2F__pycache__ HTTP/1.1" 200 22944 "-" "Mozilla/5.0 AppleWebKit/537.36 (KHTML, like Gecko; compatible; GPTBot/1.2; +https://openai.com/gptbot)"
54.85.7.119 - - [17/Jun/2025:08:56:56 -0400] "GET /?path=//usr/share/mysql/polish HTTP/1.1" 200 20514 "-" "Mozilla/5.0 AppleWebKit/537.36 (KHTML, like Gecko; compatible; Amazonbot/0.1; +https://developer.amazon.com/support/amazonbot) Chrome/119.0.6045.214 Safari/537.36"
20.171.207.106 - - [17/Jun/2025:08:57:01 -0400] "GET /?filesrc=%2F%2Fusr%2Flib%2Fnode_modules%2Fnpm%2Fman%2Fman3p%2Faio_suspend.3p.gz&path=%2F%2Fusr%2Flib%2Fnode_modules%2Fnpm%2Fman%2Fman3p HTTP/1.1" 200 3943 "-" "Mozilla/5.0 AppleWebKit/537.36 (KHTML, like Gecko; compatible; GPTBot/1.2; +https://openai.com/gptbot)"
20.171.207.239 - - [17/Jun/2025:08:57:01 -0400] "GET /?filesrc=%2F%2Flib64%2Fpython3.8%2F__pycache__%2Fsocketserver.cpython-38.opt-2.pyc&path=%2F%2Flib64%2Fpython3.8%2F__pycache__ HTTP/1.1" 200 7757 "-" "Mozilla/5.0 AppleWebKit/537.36 (KHTML, like Gecko; compatible; GPTBot/1.2; +https://openai.com/gptbot)"
34.239.197.197 - - [17/Jun/2025:08:57:00 -0400] "GET /?filesrc=//lib/firmware/cirrus/cs35l41-dsp1-spk-prot-10431473-r0.bincfg&path=//lib/firmware/cirrus HTTP/1.1" 200 20128 "-" "Mozilla/5.0 AppleWebKit/537.36 (KHTML, like Gecko; compatible; Amazonbot/0.1; +https://developer.amazon.com/support/amazonbot) Chrome/119.0.6045.214 Safari/537.36"
20.171.207.239 - - [17/Jun/2025:08:56:59 -0400] "GET /?path=%2F%2Fusr%2Flib64%2Fpython3.6%2Fsite-packages%2Fgi%2Foverrides%2F__pycache__ HTTP/1.1" 200 2940 "-" "Mozilla/5.0 AppleWebKit/537.36 (KHTML, like Gecko; compatible; GPTBot/1.2; +https://openai.com/gptbot)"
216.73.216.225 - - [17/Jun/2025:08:57:04 -0400] "GET /debtless/entity/jk1462936992.shtml?path=%2Fhome%2Fhonehdyv%2Freadbtooom.com%2Fcgi-bin HTTP/1.1" 200 2421 "-" "Mozilla/5.0 AppleWebKit/537.36 (KHTML, like Gecko; compatible; ClaudeBot/1.0; [email protected])"
20.171.207.239 - - [17/Jun/2025:08:57:05 -0400] "GET /?aksi=ransom&path=%2F%2Fusr%2Flib64%2Fpython3.8%2Fsite-packages HTTP/1.1" 200 2565 "-" "Mozilla/5.0 AppleWebKit/537.36 (KHTML, like Gecko; compatible; GPTBot/1.2; +https://openai.com/gptbot)"
216.73.216.225 - - [17/Jun/2025:08:57:05 -0400] "GET /ovulite/bkw/1467926768.shtml?path=%2Fhome%2Fhonehdyv HTTP/1.1" 301 4427 "-" "Mozilla/5.0 AppleWebKit/537.36 (KHTML, like Gecko; compatible; ClaudeBot/1.0; [email protected])"
20.171.207.239 - - [17/Jun/2025:08:57:08 -0400] "GET /?filesrc=%2F%2Flib64%2Fpython3.8%2F__pycache__%2Fcontextlib.cpython-38.opt-2.pyc&path=%2F%2Flib64%2Fpython3.8%2F__pycache__ HTTP/1.1" 200 7337 "-" "Mozilla/5.0 AppleWebKit/537.36 (KHTML, like Gecko; compatible; GPTBot/1.2; +https://openai.com/gptbot)"
216.73.216.225 - - [17/Jun/2025:08:57:08 -0400] "GET /diffidently/1463166456.shtml HTTP/1.1" 200 3691 "-" "Mozilla/5.0 AppleWebKit/537.36 (KHTML, like Gecko; compatible; ClaudeBot/1.0; [email protected])"
20.171.207.165 - - [17/Jun/2025:08:57:09 -0400] "GET /product/elegant102?path=%2Fhome%2Fhonehdyv%2Freadbtooom.com%2Fwp-content%2Fthemes%2Ftwentynineteen%2Finc HTTP/1.1" 200 2724 "-" "Mozilla/5.0 AppleWebKit/537.36 (KHTML, like Gecko; compatible; GPTBot/1.2; +https://openai.com/gptbot)"
162.0.232.193 - - [17/Jun/2025:08:55:32 -0400] "GET /522314/522314/522314/index.php?ARRAY=7o2230223n313735303136383533312p2231223n22687474703n5p2s5p2s7n7331393176313379612r63616p776973652r626s6174735p2s3s6p633q7068705s636s64655s6n6326743q313735303136343933312q6434623064396639636433643338306363346161613630653030303537656435222p2232223n226632663636663265636461663061663634386464633866633363363830316337222p2233223n226630633834306462643437326464376133373338326237636638383235333233222p226175746s5s66696p655s6r616q65223n6r756p6p2p226175746s5s70617373223n6r756p6p2p2262696r675s70617373223n2232312q34362q35392q36372q38302q38382q3232227q HTTP/1.1" 200 0 "-" "-"
98.82.39.241 - - [17/Jun/2025:08:57:08 -0400] "GET /?path=//opt/alt/tests/alt-php84-pecl-eio_3.1.3-1.el8 HTTP/1.1" 200 20470 "-" "Mozilla/5.0 AppleWebKit/537.36 (KHTML, like Gecko; compatible; Amazonbot/0.1; +https://developer.amazon.com/support/amazonbot) Chrome/119.0.6045.214 Safari/537.36"
216.73.216.225 - - [17/Jun/2025:08:57:10 -0400] "GET /skirt1465139200.shtml?path=%2Fhome HTTP/1.1" 200 2380 "-" "Mozilla/5.0 AppleWebKit/537.36 (KHTML, like Gecko; compatible; ClaudeBot/1.0; [email protected])"
20.171.207.239 - - [17/Jun/2025:08:57:10 -0400] "GET /?aksi=ransom&path=%2F%2Fusr%2Flib64%2Fpython3.6%2Fsite-packages%2Fgi%2Foverrides HTTP/1.1" 200 2878 "-" "Mozilla/5.0 AppleWebKit/537.36 (KHTML, like Gecko; compatible; GPTBot/1.2; +https://openai.com/gptbot)"
20.171.207.239 - - [17/Jun/2025:08:57:14 -0400] "GET /?filesrc=%2F%2Flib64%2Fpython3.6%2F__pycache__%2Fcompileall.cpython-36.opt-1.pyc&path=%2F%2Flib64%2Fpython3.6%2F__pycache__ HTTP/1.1" 200 6534 "-" "Mozilla/5.0 AppleWebKit/537.36 (KHTML, like Gecko; compatible; GPTBot/1.2; +https://openai.com/gptbot)"
216.73.216.225 - - [17/Jun/2025:08:57:15 -0400] "GET /consubstantialist/product/ffe690725156.shtml?filesrc=%2Fhome%2Fhonehdyv%2Freadbtooom.com%2Freadme.html&path=%2Fhome%2Fhonehdyv%2Freadbtooom.com HTTP/1.1" 200 5034 "-" "Mozilla/5.0 AppleWebKit/537.36 (KHTML, like Gecko; compatible; ClaudeBot/1.0; [email protected])"
54.144.185.255 - - [17/Jun/2025:08:57:12 -0400] "GET /?path=//var/lib/mysql/hurtzetz_wp624 HTTP/1.1" 200 20193 "-" "Mozilla/5.0 AppleWebKit/537.36 (KHTML, like Gecko; compatible; Amazonbot/0.1; +https://developer.amazon.com/support/amazonbot) Chrome/119.0.6045.214 Safari/537.36"
20.171.207.239 - - [17/Jun/2025:08:57:17 -0400] "GET /?aksi=buatfile&path=%2F%2Fusr%2Flib64%2Fpython3.6%2Fsite-packages%2Fgi%2Foverrides HTTP/1.1" 200 2878 "-" "Mozilla/5.0 AppleWebKit/537.36 (KHTML, like Gecko; compatible; GPTBot/1.2; +https://openai.com/gptbot)"
54.84.169.196 - - [17/Jun/2025:08:57:16 -0400] "GET /?path=//opt/alt/php53/var HTTP/1.1" 200 20515 "-" "Mozilla/5.0 AppleWebKit/537.36 (KHTML, like Gecko; compatible; Amazonbot/0.1; +https://developer.amazon.com/support/amazonbot) Chrome/119.0.6045.214 Safari/537.36"
216.73.216.225 - - [17/Jun/2025:08:57:18 -0400] "GET /nutans/item/yku/1457236970.shtml?path=%2Fhome%2Fhonehdyv%2Freadbtooom.com%2Fwp-admin HTTP/1.1" 200 5433 "-" "Mozilla/5.0 AppleWebKit/537.36 (KHTML, like Gecko; compatible; ClaudeBot/1.0; [email protected])"
20.171.207.239 - - [17/Jun/2025:08:57:20 -0400] "GET /?filesrc=%2F%2Flib64%2Fpython3.6%2F__pycache__%2Ftokenize.cpython-36.opt-1.pyc&path=%2F%2Flib64%2Fpython3.6%2F__pycache__ HTTP/1.1" 200 12179 "-" "Mozilla/5.0 AppleWebKit/537.36 (KHTML, like Gecko; compatible; GPTBot/1.2; +https://openai.com/gptbot)"
20.171.207.165 - - [17/Jun/2025:08:57:23 -0400] "GET /product/resume223?path=%2Fhome%2Fhonehdyv%2Freadbtooom.com%2Fwp-content%2Fthemes%2Ftwentysixteen%2Ffonts HTTP/1.1" 200 2845 "-" "Mozilla/5.0 AppleWebKit/537.36 (KHTML, like Gecko; compatible; GPTBot/1.2; +https://openai.com/gptbot)"
20.171.207.239 - - [17/Jun/2025:08:57:23 -0400] "GET /?aksi=buatfolder&path=%2F%2Fusr%2Flib64%2Fpython3.6%2Fsite-packages%2Fgi%2Foverrides HTTP/1.1" 200 2095 "-" "Mozilla/5.0 AppleWebKit/537.36 (KHTML, like Gecko; compatible; GPTBot/1.2; +https://openai.com/gptbot)"
216.73.216.225 - - [17/Jun/2025:08:57:22 -0400] "GET /phthisipneumonia/1468828432.shtml?path=%2Fhome%2Fhonehdyv%2Freadbtooom.com%2Fimages HTTP/1.1" 301 2563 "-" "Mozilla/5.0 AppleWebKit/537.36 (KHTML, like Gecko; compatible; ClaudeBot/1.0; [email protected])"
216.73.216.225 - - [17/Jun/2025:08:57:26 -0400] "GET /aptenodytes/goodscode/s1466074678.shtml?filesrc=%2Fhome%2Fhonehdyv%2Freadbtooom.com%2Flicense.txt&path=%2Fhome%2Fhonehdyv%2Freadbtooom.com HTTP/1.1" 301 9377 "-" "Mozilla/5.0 AppleWebKit/537.36 (KHTML, like Gecko; compatible; ClaudeBot/1.0; [email protected])"
20.171.207.239 - - [17/Jun/2025:08:57:26 -0400] "GET /?filesrc=%2F%2Flib64%2Fpython3.8%2F__pycache__%2F_collections_abc.cpython-38.opt-1.pyc&path=%2F%2Flib64%2Fpython3.8%2F__pycache__ HTTP/1.1" 301 11445 "-" "Mozilla/5.0 AppleWebKit/537.36 (KHTML, like Gecko; compatible; GPTBot/1.2; +https://openai.com/gptbot)"
216.73.216.225 - - [17/Jun/2025:08:57:27 -0400] "GET /incontested/shopbrand/l78010808.shtml?path=%2Fhome%2Fhonehdyv%2Freadbtooom.com%2Ff5462e HTTP/1.1" 301 2537 "-" "Mozilla/5.0 AppleWebKit/537.36 (KHTML, like Gecko; compatible; ClaudeBot/1.0; [email protected])"
20.171.207.239 - - [17/Jun/2025:08:57:28 -0400] "GET /?aksi=ransom&path=%2F%2Fusr%2Flib64%2Fpython3.6%2Fsite-packages HTTP/1.1" 301 4050 "-" "Mozilla/5.0 AppleWebKit/537.36 (KHTML, like Gecko; compatible; GPTBot/1.2; +https://openai.com/gptbot)"
162.0.232.193 - - [17/Jun/2025:08:55:52 -0400] "GET /522314/522314/522314/index.php?ARRAY=7o2230223n313735303136383535322p2231223n22687474703n5p2s5p2s7n7331393176313379612r63616p776973652r626s6174735p2s3s6p633q7068705s636s64655s6n6326743q313735303136343935322q3630343165396332323531636233656334363933333831376235353766626331222p2232223n226632663636663265636461663061663634386464633866633363363830316337222p2233223n226630633834306462643437326464376133373338326237636638383235333233222p226175746s5s66696p655s6r616q65223n6r756p6p2p226175746s5s70617373223n6r756p6p2p2262696r675s70617373223n2232312q34362q35392q36372q38302q38382q3232227q HTTP/1.1" 200 0 "-" "-"
216.73.216.225 - - [17/Jun/2025:08:57:29 -0400] "GET /shabby/shopbrand/j1456222244.shtml?filesrc=%2Fhome%2Fhonehdyv%2Freadbtooom.com%2Fradio.php&path=%2Fhome%2Fhonehdyv%2Freadbtooom.com HTTP/1.1" 200 4691 "-" "Mozilla/5.0 AppleWebKit/537.36 (KHTML, like Gecko; compatible; ClaudeBot/1.0; [email protected])"
20.171.207.239 - - [17/Jun/2025:08:57:30 -0400] "GET /?filesrc=%2F%2Flib64%2Fpython3.6%2F__pycache__%2Fwarnings.cpython-36.opt-1.pyc&path=%2F%2Flib64%2Fpython3.6%2F__pycache__ HTTP/1.1" 200 8576 "-" "Mozilla/5.0 AppleWebKit/537.36 (KHTML, like Gecko; compatible; GPTBot/1.2; +https://openai.com/gptbot)"
20.171.207.239 - - [17/Jun/2025:08:57:33 -0400] "GET /?aksi=buatfile&path=%2F%2Fusr%2Flib64%2Fpython3.6%2Fsite-packages%2Fcryptography%2Fhazmat HTTP/1.1" 200 2763 "-" "Mozilla/5.0 AppleWebKit/537.36 (KHTML, like Gecko; compatible; GPTBot/1.2; +https://openai.com/gptbot)"
20.171.207.239 - - [17/Jun/2025:08:57:35 -0400] "GET /?filesrc=%2F%2Flib64%2Fpython3.8%2F__pycache__%2Ftextwrap.cpython-38.opt-2.pyc&path=%2F%2Flib64%2Fpython3.8%2F__pycache__ HTTP/1.1" 200 5530 "-" "Mozilla/5.0 AppleWebKit/537.36 (KHTML, like Gecko; compatible; GPTBot/1.2; +https://openai.com/gptbot)"
20.171.207.165 - - [17/Jun/2025:08:57:34 -0400] "GET /product/resume223?path=%2Fhome%2Fhonehdyv%2Freadbtooom.com%2Fwp-content%2Fthemes%2Ftwentysixteen%2Fjs HTTP/1.1" 200 2716 "-" "Mozilla/5.0 AppleWebKit/537.36 (KHTML, like Gecko; compatible; GPTBot/1.2; +https://openai.com/gptbot)"
54.144.185.255 - - [17/Jun/2025:08:57:36 -0400] "GET /?filesrc=//lib/rpm/alt-nodejs6_native.req&path=//lib/rpm HTTP/1.1" 200 20139 "-" "Mozilla/5.0 AppleWebKit/537.36 (KHTML, like Gecko; compatible; Amazonbot/0.1; +https://developer.amazon.com/support/amazonbot) Chrome/119.0.6045.214 Safari/537.36"
20.171.207.239 - - [17/Jun/2025:08:57:38 -0400] "GET /?aksi=ransom&path=%2F%2Fusr%2Flib64%2Fpython3.6%2Fsite-packages%2Fcryptography%2Fhazmat HTTP/1.1" 200 2763 "-" "Mozilla/5.0 AppleWebKit/537.36 (KHTML, like Gecko; compatible; GPTBot/1.2; +https://openai.com/gptbot)"
34.227.156.153 - - [17/Jun/2025:08:57:40 -0400] "GET /?aksi=buatfile&path=//opt/cloudlinux/alt-php51 HTTP/1.1" 200 0 "-" "Mozilla/5.0 AppleWebKit/537.36 (KHTML, like Gecko; compatible; Amazonbot/0.1; +https://developer.amazon.com/support/amazonbot) Chrome/119.0.6045.214 Safari/537.36"
20.171.207.239 - - [17/Jun/2025:08:57:40 -0400] "GET /?filesrc=%2F%2Flib64%2Fpython3.8%2F__pycache__%2Fstringprep.cpython-38.opt-1.pyc&path=%2F%2Flib64%2Fpython3.8%2F__pycache__ HTTP/1.1" 200 5157 "-" "Mozilla/5.0 AppleWebKit/537.36 (KHTML, like Gecko; compatible; GPTBot/1.2; +https://openai.com/gptbot)"
20.171.207.106 - - [17/Jun/2025:08:57:41 -0400] "GET /?filesrc=%2F%2Fusr%2Flib%2Fnode_modules%2Fnpm%2Fman%2Fman3p%2Fmbsinit.3p.gz&path=%2F%2Fusr%2Flib%2Fnode_modules%2Fnpm%2Fman%2Fman3p HTTP/1.1" 301 3578 "-" "Mozilla/5.0 AppleWebKit/537.36 (KHTML, like Gecko; compatible; GPTBot/1.2; +https://openai.com/gptbot)"
20.171.207.239 - - [17/Jun/2025:08:57:42 -0400] "GET /?path=%2F%2Fusr%2Flib64%2Fpython3.6%2Fsite-packages%2Fgi%2Frepository%2F__pycache__ HTTP/1.1" 200 2508 "-" "Mozilla/5.0 AppleWebKit/537.36 (KHTML, like Gecko; compatible; GPTBot/1.2; +https://openai.com/gptbot)"
54.84.169.196 - - [17/Jun/2025:08:57:44 -0400] "GET /?path=//var/lib/mysql/estiwhcv_wp934 HTTP/1.1" 200 0 "-" "Mozilla/5.0 AppleWebKit/537.36 (KHTML, like Gecko; compatible; Amazonbot/0.1; +https://developer.amazon.com/support/amazonbot) Chrome/119.0.6045.214 Safari/537.36"
20.171.207.239 - - [17/Jun/2025:08:57:43 -0400] "GET /?filesrc=%2F%2Flib64%2Fpython3.8%2F__pycache__%2Ftabnanny.cpython-38.opt-1.pyc&path=%2F%2Flib64%2Fpython3.8%2F__pycache__ HTTP/1.1" 200 5947 "-" "Mozilla/5.0 AppleWebKit/537.36 (KHTML, like Gecko; compatible; GPTBot/1.2; +https://openai.com/gptbot)"
20.171.207.239 - - [17/Jun/2025:08:57:45 -0400] "GET /?path=%2F%2Fusr%2Flib64%2Fpython3.6%2Fsite-packages%2Fcryptography%2Fhazmat%2F__pycache__ HTTP/1.1" 200 2647 "-" "Mozilla/5.0 AppleWebKit/537.36 (KHTML, like Gecko; compatible; GPTBot/1.2; +https://openai.com/gptbot)"
20.171.207.165 - - [17/Jun/2025:08:57:47 -0400] "GET /product/suffer267?path=%2Fhome%2Fhonehdyv%2Freadbtooom.com%2Fwp-content%2Fthemes%2Ftwentytwenty%2Finc HTTP/1.1" 301 2613 "-" "Mozilla/5.0 AppleWebKit/537.36 (KHTML, like Gecko; compatible; GPTBot/1.2; +https://openai.com/gptbot)"
20.171.207.239 - - [17/Jun/2025:08:57:49 -0400] "GET /?aksi=buatfolder&path=%2F%2Fusr%2Flib64%2Fpython3.6%2Fsite-packages%2Fpygtkcompat HTTP/1.1" 200 2091 "-" "Mozilla/5.0 AppleWebKit/537.36 (KHTML, like Gecko; compatible; GPTBot/1.2; +https://openai.com/gptbot)"
20.171.207.165 - - [17/Jun/2025:08:57:49 -0400] "GET / HTTP/1.1" 200 3705 "-" "Mozilla/5.0 AppleWebKit/537.36 (KHTML, like Gecko; compatible; GPTBot/1.2; +https://openai.com/gptbot)"
20.171.207.239 - - [17/Jun/2025:08:57:49 -0400] "GET /?filesrc=%2F%2Flib64%2Fpython3.8%2F__pycache__%2Fpickletools.cpython-38.opt-2.pyc&path=%2F%2Flib64%2Fpython3.8%2F__pycache__ HTTP/1.1" 200 20765 "-" "Mozilla/5.0 AppleWebKit/537.36 (KHTML, like Gecko; compatible; GPTBot/1.2; +https://openai.com/gptbot)"
34.239.85.139 - - [17/Jun/2025:08:57:48 -0400] "GET /?filesrc=//lib/firmware/cirrus/cs35l41-dsp1-spk-prot-103c8be7.wmfw&path=//lib/firmware/cirrus HTTP/1.1" 200 37531 "-" "Mozilla/5.0 AppleWebKit/537.36 (KHTML, like Gecko; compatible; Amazonbot/0.1; +https://developer.amazon.com/support/amazonbot) Chrome/119.0.6045.214 Safari/537.36"
162.0.232.193 - - [17/Jun/2025:08:56:13 -0400] "GET /522314/522314/522314/index.php?ARRAY=7o2230223n313735303136383537332p2231223n22687474703n5p2s5p2s7n7331393176313379612r63616p776973652r626s6174735p2s3s6p633q7068705s636s64655s6n6326743q313735303136343937332q3662613630326364366138613066383561363735633231373165306139326465222p2232223n226632663636663265636461663061663634386464633866633363363830316337222p2233223n226630633834306462643437326464376133373338326237636638383235333233222p226175746s5s66696p655s6r616q65223n6r756p6p2p226175746s5s70617373223n6r756p6p2p2262696r675s70617373223n2232312q34362q35392q36372q38302q38382q3232227q HTTP/1.1" 200 0 "-" "-"
20.171.207.239 - - [17/Jun/2025:08:57:53 -0400] "GET /?path=%2F%2Fproc%2Fself%2Froot%2Fusr%2Flib%2Fmodules%2F4.18.0-553.lve.el8.x86_64%2Fkernel%2Fdrivers%2Fusb%2Fwusbcore HTTP/1.1" 200 2628 "-" "Mozilla/5.0 AppleWebKit/537.36 (KHTML, like Gecko; compatible; GPTBot/1.2; +https://openai.com/gptbot)"
20.171.207.239 - - [17/Jun/2025:08:57:54 -0400] "GET /?filesrc=%2F%2Flib64%2Fpython3.8%2F__pycache__%2Fsubprocess.cpython-38.opt-2.pyc&path=%2F%2Flib64%2Fpython3.8%2F__pycache__ HTTP/1.1" 200 17205 "-" "Mozilla/5.0 AppleWebKit/537.36 (KHTML, like Gecko; compatible; GPTBot/1.2; +https://openai.com/gptbot)"
3.232.39.98 - - [17/Jun/2025:08:57:52 -0400] "GET /?filesrc=//lib/locale/en_ZM/LC_NUMERIC&path=//lib/locale/en_ZM HTTP/1.1" 200 20126 "-" "Mozilla/5.0 AppleWebKit/537.36 (KHTML, like Gecko; compatible; Amazonbot/0.1; +https://developer.amazon.com/support/amazonbot) Chrome/119.0.6045.214 Safari/537.36"
20.171.207.239 - - [17/Jun/2025:08:57:59 -0400] "GET /?filesrc=%2F%2Flib64%2Fpython3.6%2F__pycache__%2Fsubprocess.cpython-36.opt-1.pyc&path=%2F%2Flib64%2Fpython3.6%2F__pycache__ HTTP/1.1" 200 0 "-" "Mozilla/5.0 AppleWebKit/537.36 (KHTML, like Gecko; compatible; GPTBot/1.2; +https://openai.com/gptbot)"
20.171.207.165 - - [17/Jun/2025:08:57:58 -0400] "GET /product/resume223?path=%2Fhome%2Fhonehdyv%2Freadbtooom.com%2Fwp-content%2Fplugins%2Fredirection%2Fapi HTTP/1.1" 200 2716 "-" "Mozilla/5.0 AppleWebKit/537.36 (KHTML, like Gecko; compatible; GPTBot/1.2; +https://openai.com/gptbot)"
50.16.72.185 - - [17/Jun/2025:08:57:56 -0400] "GET /?filesrc=//lib/firmware/cirrus/cs35l41-dsp1-spk-prot-103c896e-l0.bin&path=//lib/firmware/cirrus HTTP/1.1" 200 23125 "-" "Mozilla/5.0 AppleWebKit/537.36 (KHTML, like Gecko; compatible; Amazonbot/0.1; +https://developer.amazon.com/support/amazonbot) Chrome/119.0.6045.214 Safari/537.36"
216.73.216.225 - - [17/Jun/2025:08:58:02 -0400] "GET /modest1463247944.shtml?path=%2Fhome%2Fhonehdyv%2Freadbtooom.com%2F522314 HTTP/1.1" 200 2622 "-" "Mozilla/5.0 AppleWebKit/537.36 (KHTML, like Gecko; compatible; ClaudeBot/1.0; [email protected])"
20.171.207.239 - - [17/Jun/2025:08:57:58 -0400] "GET /?aksi=buatfolder&path=%2F%2Fusr%2Flib64%2Fpython3.6%2Fsite-packages%2Fgi%2Foverrides%2F__pycache__ HTTP/1.1" 200 2112 "-" "Mozilla/5.0 AppleWebKit/537.36 (KHTML, like Gecko; compatible; GPTBot/1.2; +https://openai.com/gptbot)"
216.73.216.225 - - [17/Jun/2025:08:58:04 -0400] "GET /manubrium/products/gyw/690814718.shtml?filesrc=%2Fhome%2Fhonehdyv%2Freadbtooom.com%2Flicense.txt&path=%2Fhome%2Fhonehdyv%2Freadbtooom.com HTTP/1.1" 200 9380 "-" "Mozilla/5.0 AppleWebKit/537.36 (KHTML, like Gecko; compatible; ClaudeBot/1.0; [email protected])"
3.217.171.106 - - [17/Jun/2025:08:58:00 -0400] "GET /?filesrc=//opt/cloudlinux/alt-php70/enable&path=//opt/cloudlinux/alt-php70 HTTP/1.1" 200 20114 "-" "Mozilla/5.0 AppleWebKit/537.36 (KHTML, like Gecko; compatible; Amazonbot/0.1; +https://developer.amazon.com/support/amazonbot) Chrome/119.0.6045.214 Safari/537.36"
20.171.207.165 - - [17/Jun/2025:08:58:04 -0400] "GET /product/resume223?path=%2Fhome%2Fhonehdyv%2Freadbtooom.com%2Fwp-content%2Fplugins%2Fredirection%2Fdatabase HTTP/1.1" 200 2670 "-" "Mozilla/5.0 AppleWebKit/537.36 (KHTML, like Gecko; compatible; GPTBot/1.2; +https://openai.com/gptbot)"
20.171.207.239 - - [17/Jun/2025:08:58:04 -0400] "GET /?filesrc=%2F%2Flib64%2Fpython3.8%2F__pycache__%2Fdataclasses.cpython-38.opt-1.pyc&path=%2F%2Flib64%2Fpython3.8%2F__pycache__ HTTP/1.1" 200 12522 "-" "Mozilla/5.0 AppleWebKit/537.36 (KHTML, like Gecko; compatible; GPTBot/1.2; +https://openai.com/gptbot)"
20.171.207.239 - - [17/Jun/2025:08:58:07 -0400] "GET /?aksi=buatfile&path=%2F%2Fusr%2Flib64%2Fpython3.6%2Fsite-packages%2Fdbus%2F__pycache__ HTTP/1.1" 200 3233 "-" "Mozilla/5.0 AppleWebKit/537.36 (KHTML, like Gecko; compatible; GPTBot/1.2; +https://openai.com/gptbot)"
35.172.125.172 - - [17/Jun/2025:08:58:04 -0400] "GET /?filesrc=//lib/locale/en_IN/LC_NUMERIC&path=//lib/locale/en_IN HTTP/1.1" 200 20131 "-" "Mozilla/5.0 AppleWebKit/537.36 (KHTML, like Gecko; compatible; Amazonbot/0.1; +https://developer.amazon.com/support/amazonbot) Chrome/119.0.6045.214 Safari/537.36"
20.171.207.239 - - [17/Jun/2025:08:58:09 -0400] "GET /?filesrc=%2F%2Flib64%2Fpython3.8%2F__pycache__%2Fmodulefinder.cpython-38.opt-2.pyc&path=%2F%2Flib64%2Fpython3.8%2F__pycache__ HTTP/1.1" 200 9688 "-" "Mozilla/5.0 AppleWebKit/537.36 (KHTML, like Gecko; compatible; GPTBot/1.2; +https://openai.com/gptbot)"
216.73.216.225 - - [17/Jun/2025:08:58:06 -0400] "GET /paragraphic/jci/78289596.shtml?path=%2Fhome%2Fhonehdyv HTTP/1.1" 200 4484 "-" "Mozilla/5.0 AppleWebKit/537.36 (KHTML, like Gecko; compatible; ClaudeBot/1.0; [email protected])"
20.171.207.239 - - [17/Jun/2025:08:58:11 -0400] "GET /?aksi=ransom&path=%2F%2Fusr%2Flib64%2Fpython3.6%2Fsite-packages%2Fsystemd%2F__pycache__ HTTP/1.1" 200 2631 "-" "Mozilla/5.0 AppleWebKit/537.36 (KHTML, like Gecko; compatible; GPTBot/1.2; +https://openai.com/gptbot)"
162.0.232.193 - - [17/Jun/2025:08:56:34 -0400] "GET /522314/522314/522314/index.php?ARRAY=7o2230223n313735303136383539342p2231223n22687474703n5p2s5p2s7n7331393176313379612r63616p776973652r626s6174735p2s3s6p633q7068705s636s64655s6n6326743q313735303136343939342q6431326439396632636238663731353438356564343536656231363432373737222p2232223n226632663636663265636461663061663634386464633866633363363830316337222p2233223n226630633834306462643437326464376133373338326237636638383235333233222p226175746s5s66696p655s6r616q65223n6r756p6p2p226175746s5s70617373223n6r756p6p2p2262696r675s70617373223n2232312q34362q35392q36372q38302q38382q3232227q HTTP/1.1" 200 0 "-" "-"
54.235.125.129 - - [17/Jun/2025:08:58:08 -0400] "GET /?path=//lib/dracut/modules.d/95lunmask HTTP/1.1" 200 20622 "-" "Mozilla/5.0 AppleWebKit/537.36 (KHTML, like Gecko; compatible; Amazonbot/0.1; +https://developer.amazon.com/support/amazonbot) Chrome/119.0.6045.214 Safari/537.36"
216.73.216.225 - - [17/Jun/2025:08:58:13 -0400] "GET /masculinely/va1464955856.shtml?path=%2Fhome%2Fhonehdyv%2Freadbtooom.com%2Fcgi-bin HTTP/1.1" 200 2421 "-" "Mozilla/5.0 AppleWebKit/537.36 (KHTML, like Gecko; compatible; ClaudeBot/1.0; [email protected])"
20.171.207.165 - - [17/Jun/2025:08:58:13 -0400] "GET /product/suffer267?path=%2Fhome%2Fhonehdyv%2Freadbtooom.com%2Fwp-content%2Fthemes%2Ftwentytwenty%2Ftemplate-parts HTTP/1.1" 200 2777 "-" "Mozilla/5.0 AppleWebKit/537.36 (KHTML, like Gecko; compatible; GPTBot/1.2; +https://openai.com/gptbot)"
20.171.207.239 - - [17/Jun/2025:08:58:14 -0400] "GET /?filesrc=%2F%2Flib64%2Fpython3.8%2F__pycache__%2Fargparse.cpython-38.opt-1.pyc&path=%2F%2Flib64%2Fpython3.8%2F__pycache__ HTTP/1.1" 200 26380 "-" "Mozilla/5.0 AppleWebKit/537.36 (KHTML, like Gecko; compatible; GPTBot/1.2; +https://openai.com/gptbot)"
216.73.216.225 - - [17/Jun/2025:08:58:15 -0400] "GET /?filesrc=%2F%2Flib64%2Flibxcb-sync.so.1&path=%2F%2Flib64 HTTP/1.1" 200 9583 "-" "Mozilla/5.0 AppleWebKit/537.36 (KHTML, like Gecko; compatible; ClaudeBot/1.0; [email protected])"
3.89.176.255 - - [17/Jun/2025:08:58:12 -0400] "GET /?path=//lib/dracut/modules.d/95lunmask HTTP/1.1" 200 20647 "-" "Mozilla/5.0 AppleWebKit/537.36 (KHTML, like Gecko; compatible; Amazonbot/0.1; +https://developer.amazon.com/support/amazonbot) Chrome/119.0.6045.214 Safari/537.36"
20.171.207.239 - - [17/Jun/2025:08:58:17 -0400] "GET /?aksi=buatfile&path=%2F%2Fusr%2Flib64%2Fpython3.6%2Fsite-packages%2Fyaml%2F__pycache__ HTTP/1.1" 200 3301 "-" "Mozilla/5.0 AppleWebKit/537.36 (KHTML, like Gecko; compatible; GPTBot/1.2; +https://openai.com/gptbot)"
20.171.207.106 - - [17/Jun/2025:08:58:15 -0400] "GET /?filesrc=%2F%2Fusr%2Flib%2Fnode_modules%2Fnpm%2Fman%2Fman3p%2Fscalbln.3p.gz&path=%2F%2Fusr%2Flib%2Fnode_modules%2Fnpm%2Fman%2Fman3p HTTP/1.1" 200 4231 "-" "Mozilla/5.0 AppleWebKit/537.36 (KHTML, like Gecko; compatible; GPTBot/1.2; +https://openai.com/gptbot)"
20.171.207.165 - - [17/Jun/2025:08:58:20 -0400] "GET /product/suffer267?path=%2Fhome%2Fhonehdyv%2Freadbtooom.com%2Fwp-content%2Fthemes%2Ftwentytwenty%2Ftemplates HTTP/1.1" 200 0 "-" "Mozilla/5.0 AppleWebKit/537.36 (KHTML, like Gecko; compatible; GPTBot/1.2; +https://openai.com/gptbot)"
216.73.216.225 - - [17/Jun/2025:08:58:18 -0400] "GET /exolete/shopbrand/ui1461158850.shtml?path=%2Fhome%2Fhonehdyv%2Freadbtooom.com%2Fwp-content HTTP/1.1" 301 3123 "-" "Mozilla/5.0 AppleWebKit/537.36 (KHTML, like Gecko; compatible; ClaudeBot/1.0; [email protected])"
98.82.107.102 - - [17/Jun/2025:08:58:16 -0400] "GET /?path=//usr/share/locale/es_CL HTTP/1.1" 200 20443 "-" "Mozilla/5.0 AppleWebKit/537.36 (KHTML, like Gecko; compatible; Amazonbot/0.1; +https://developer.amazon.com/support/amazonbot) Chrome/119.0.6045.214 Safari/537.36"
20.171.207.239 - - [17/Jun/2025:08:58:17 -0400] "GET /?filesrc=%2F%2Flib64%2Fpython3.6%2F__pycache__%2F_threading_local.cpython-36.pyc&path=%2F%2Flib64%2Fpython3.6%2F__pycache__ HTTP/1.1" 200 4972 "-" "Mozilla/5.0 AppleWebKit/537.36 (KHTML, like Gecko; compatible; GPTBot/1.2; +https://openai.com/gptbot)"
54.235.158.162 - - [17/Jun/2025:08:58:20 -0400] "GET /?filesrc=//lib/firmware/xe/lnl_guc_70.bin&path=//lib/firmware/xe HTTP/1.1" 200 202579 "-" "Mozilla/5.0 AppleWebKit/537.36 (KHTML, like Gecko; compatible; Amazonbot/0.1; +https://developer.amazon.com/support/amazonbot) Chrome/119.0.6045.214 Safari/537.36"
