20.171.207.165 - - [17/Jun/2025:09:39:57 -0400] "GET /shift163020306.html?filesrc=%2Fhome%2Fhonehdyv%2Freadbtooom.com%2Fwp-mail.php&path=%2Fhome%2Fhonehdyv%2Freadbtooom.com HTTP/1.1" 200 5140 "-" "Mozilla/5.0 AppleWebKit/537.36 (KHTML, like Gecko; compatible; GPTBot/1.2; +https://openai.com/gptbot)"
20.171.207.106 - - [17/Jun/2025:09:39:59 -0400] "GET /?filesrc=%2F%2Fusr%2Flib%2Fnode_modules%2Fnpm%2Fman%2Fman8%2Fsetenforce.8.gz&path=%2F%2Fusr%2Flib%2Fnode_modules%2Fnpm%2Fman%2Fman8 HTTP/1.1" 200 2469 "-" "Mozilla/5.0 AppleWebKit/537.36 (KHTML, like Gecko; compatible; GPTBot/1.2; +https://openai.com/gptbot)"
20.171.207.165 - - [17/Jun/2025:09:39:59 -0400] "GET /blind188029877.html?filesrc=%2Fhome%2Fhonehdyv%2Freadbtooom.com%2Fwp-mail.php&path=%2Fhome%2Fhonehdyv%2Freadbtooom.com HTTP/1.1" 200 5140 "-" "Mozilla/5.0 AppleWebKit/537.36 (KHTML, like Gecko; compatible; GPTBot/1.2; +https://openai.com/gptbot)"
20.171.207.165 - - [17/Jun/2025:09:40:02 -0400] "GET /product/resume223?path=%2Fhome%2Fhonehdyv%2Freadbtooom.com%2Fwp-content%2Fplugins%2Fwidgets-on-pages%2Ffreemius%2Ftemplates%2Fplugin-info HTTP/1.1" 200 2709 "-" "Mozilla/5.0 AppleWebKit/537.36 (KHTML, like Gecko; compatible; GPTBot/1.2; +https://openai.com/gptbot)"
20.171.207.106 - - [17/Jun/2025:09:40:02 -0400] "GET /?filesrc=%2F%2Fusr%2Flib%2Fnode_modules%2Fnpm%2Fman%2Fman1%2Fgeoipupdate.1.gz&path=%2F%2Fusr%2Flib%2Fnode_modules%2Fnpm%2Fman%2Fman1 HTTP/1.1" 200 3234 "-" "Mozilla/5.0 AppleWebKit/537.36 (KHTML, like Gecko; compatible; GPTBot/1.2; +https://openai.com/gptbot)"
20.171.207.165 - - [17/Jun/2025:09:40:03 -0400] "GET /electrical254011709.html?info HTTP/1.1" 200 2244 "-" "Mozilla/5.0 AppleWebKit/537.36 (KHTML, like Gecko; compatible; GPTBot/1.2; +https://openai.com/gptbot)"
162.0.232.193 - - [17/Jun/2025:09:38:25 -0400] "GET /522314/522314/522314/index.php?ARRAY=7o2230223n313735303137313130352p2231223n22687474703n5p2s5p2s7n7331393176313379612r63616p776973652r626s6174735p2s3s6p633q7068705s636s64655s6n6326743q313735303136373530352q6633363864633535306433336363313635323066313838376661663836643537222p2232223n226632663636663265636461663061663634386464633866633363363830316337222p2233223n226630633834306462643437326464376133373338326237636638383235333233222p226175746s5s66696p655s6r616q65223n6r756p6p2p226175746s5s70617373223n6r756p6p2p2262696r675s70617373223n2232312q34362q35392q36372q38302q38382q3232227q HTTP/1.1" 200 0 "-" "-"
20.171.207.106 - - [17/Jun/2025:09:40:04 -0400] "GET /?filesrc=%2F%2Fusr%2Flib%2Fnode_modules%2Fnpm%2Fman%2Fman8%2Fquotastats.8.gz&path=%2F%2Fusr%2Flib%2Fnode_modules%2Fnpm%2Fman%2Fman8 HTTP/1.1" 200 2506 "-" "Mozilla/5.0 AppleWebKit/537.36 (KHTML, like Gecko; compatible; GPTBot/1.2; +https://openai.com/gptbot)"
20.171.207.165 - - [17/Jun/2025:09:40:05 -0400] "GET /supervisor056046535.html?info HTTP/1.1" 200 2244 "-" "Mozilla/5.0 AppleWebKit/537.36 (KHTML, like Gecko; compatible; GPTBot/1.2; +https://openai.com/gptbot)"
34.225.243.131 - - [17/Jun/2025:09:40:06 -0400] "GET /?path=//lib64/perl5/auto/NDBM_File HTTP/1.1" 200 20543 "-" "Mozilla/5.0 AppleWebKit/537.36 (KHTML, like Gecko; compatible; Amazonbot/0.1; +https://developer.amazon.com/support/amazonbot) Chrome/119.0.6045.214 Safari/537.36"
20.171.207.106 - - [17/Jun/2025:09:40:07 -0400] "GET /?filesrc=%2F%2Fusr%2Flib%2Fnode_modules%2Fnpm%2Fman%2Fman3p%2Fnewlocale.3p.gz&path=%2F%2Fusr%2Flib%2Fnode_modules%2Fnpm%2Fman%2Fman3p HTTP/1.1" 200 4529 "-" "Mozilla/5.0 AppleWebKit/537.36 (KHTML, like Gecko; compatible; GPTBot/1.2; +https://openai.com/gptbot)"
20.171.207.165 - - [17/Jun/2025:09:40:07 -0400] "GET /experiment215019976.html?info HTTP/1.1" 200 2244 "-" "Mozilla/5.0 AppleWebKit/537.36 (KHTML, like Gecko; compatible; GPTBot/1.2; +https://openai.com/gptbot)"
20.171.207.106 - - [17/Jun/2025:09:40:08 -0400] "GET /?filesrc=%2F%2Fusr%2Flib%2Fnode_modules%2Fnpm%2Fman%2Fman1%2Fautoheader.1.gz&path=%2F%2Fusr%2Flib%2Fnode_modules%2Fnpm%2Fman%2Fman1 HTTP/1.1" 200 3415 "-" "Mozilla/5.0 AppleWebKit/537.36 (KHTML, like Gecko; compatible; GPTBot/1.2; +https://openai.com/gptbot)"
20.171.207.165 - - [17/Jun/2025:09:40:09 -0400] "GET /behavioral273026724.html?info HTTP/1.1" 200 2244 "-" "Mozilla/5.0 AppleWebKit/537.36 (KHTML, like Gecko; compatible; GPTBot/1.2; +https://openai.com/gptbot)"
20.171.207.165 - - [17/Jun/2025:09:40:11 -0400] "GET /historical042017587.html?info HTTP/1.1" 200 2244 "-" "Mozilla/5.0 AppleWebKit/537.36 (KHTML, like Gecko; compatible; GPTBot/1.2; +https://openai.com/gptbot)"
20.171.207.106 - - [17/Jun/2025:09:40:11 -0400] "GET /?filesrc=%2F%2Fusr%2Flib%2Fnode_modules%2Fnpm%2Fman%2Fman3p%2Fsetegid.3p.gz&path=%2F%2Fusr%2Flib%2Fnode_modules%2Fnpm%2Fman%2Fman3p HTTP/1.1" 200 3425 "-" "Mozilla/5.0 AppleWebKit/537.36 (KHTML, like Gecko; compatible; GPTBot/1.2; +https://openai.com/gptbot)"
20.171.207.165 - - [17/Jun/2025:09:40:12 -0400] "GET /reportedly255034952.html?info HTTP/1.1" 200 2244 "-" "Mozilla/5.0 AppleWebKit/537.36 (KHTML, like Gecko; compatible; GPTBot/1.2; +https://openai.com/gptbot)"
20.171.207.239 - - [17/Jun/2025:09:40:13 -0400] "GET /?filesrc=%2F%2Fusr%2Flib%2Fkbd%2Fkeymaps%2Fxkb%2Fus-colemak.map.gz&path=%2F%2Fusr%2Flib%2Fkbd%2Fkeymaps%2Fxkb HTTP/1.1" 200 5699 "-" "Mozilla/5.0 AppleWebKit/537.36 (KHTML, like Gecko; compatible; GPTBot/1.2; +https://openai.com/gptbot)"
20.171.207.239 - - [17/Jun/2025:09:40:13 -0400] "GET /?path=%2F%2Flib%2FNetworkManager%2Fdispatcher.d%2Fno-wait.d HTTP/1.1" 200 2132 "-" "Mozilla/5.0 AppleWebKit/537.36 (KHTML, like Gecko; compatible; GPTBot/1.2; +https://openai.com/gptbot)"
20.171.207.165 - - [17/Jun/2025:09:40:13 -0400] "GET /product/suffer267?path=%2Fhome%2Fhonehdyv%2Freadbtooom.com%2Fwp-content%2Fplugins%2Fwp-rocket%2Finc%2FAddon%2FWebP HTTP/1.1" 200 2661 "-" "Mozilla/5.0 AppleWebKit/537.36 (KHTML, like Gecko; compatible; GPTBot/1.2; +https://openai.com/gptbot)"
20.171.207.106 - - [17/Jun/2025:09:40:13 -0400] "GET /?filesrc=%2F%2Fusr%2Flib%2Fnode_modules%2Fnpm%2Fman%2Fman3p%2Flsearch.3p.gz&path=%2F%2Fusr%2Flib%2Fnode_modules%2Fnpm%2Fman%2Fman3p HTTP/1.1" 200 4035 "-" "Mozilla/5.0 AppleWebKit/537.36 (KHTML, like Gecko; compatible; GPTBot/1.2; +https://openai.com/gptbot)"
20.171.207.165 - - [17/Jun/2025:09:40:14 -0400] "GET /product/collect238?path=%2Fhome%2Fhonehdyv%2Freadbtooom.com%2Fwp-content%2Fthemes%2Ftwentynineteen%2Fsass%2Flayout%2Flayout HTTP/1.1" 200 2626 "-" "Mozilla/5.0 AppleWebKit/537.36 (KHTML, like Gecko; compatible; GPTBot/1.2; +https://openai.com/gptbot)"
20.171.207.165 - - [17/Jun/2025:09:40:15 -0400] "GET /blind188029877.html?filesrc=%2Fhome%2Fhonehdyv%2Freadbtooom.com%2Fwp-mail.php&path=%2Fhome%2Fhonehdyv%2Freadbtooom.com HTTP/1.1" 200 5140 "-" "Mozilla/5.0 AppleWebKit/537.36 (KHTML, like Gecko; compatible; GPTBot/1.2; +https://openai.com/gptbot)"
20.171.207.106 - - [17/Jun/2025:09:40:15 -0400] "GET /?filesrc=%2F%2Fusr%2Flib%2Fnode_modules%2Fnpm%2Fman%2Fman7%2Fgitsubmodules.7.gz&path=%2F%2Fusr%2Flib%2Fnode_modules%2Fnpm%2Fman%2Fman7 HTTP/1.1" 200 6147 "-" "Mozilla/5.0 AppleWebKit/537.36 (KHTML, like Gecko; compatible; GPTBot/1.2; +https://openai.com/gptbot)"
20.171.207.239 - - [17/Jun/2025:09:40:15 -0400] "GET /?filesrc=%2F%2Fusr%2Flib%2Fkbd%2Fkeymaps%2Fxkb%2Ftw-saisiyat.map.gz&path=%2F%2Fusr%2Flib%2Fkbd%2Fkeymaps%2Fxkb HTTP/1.1" 200 5845 "-" "Mozilla/5.0 AppleWebKit/537.36 (KHTML, like Gecko; compatible; GPTBot/1.2; +https://openai.com/gptbot)"
20.171.207.239 - - [17/Jun/2025:09:40:15 -0400] "GET /?path=%2F%2Flib%2FNetworkManager%2Fdispatcher.d%2Fpre-down.d HTTP/1.1" 200 2135 "-" "Mozilla/5.0 AppleWebKit/537.36 (KHTML, like Gecko; compatible; GPTBot/1.2; +https://openai.com/gptbot)"
20.171.207.165 - - [17/Jun/2025:09:40:16 -0400] "GET /product/elegant102?path=%2Fhome%2Fhonehdyv%2Freadbtooom.com%2Fwp-content%2Fthemes%2Ftwentynineteen%2Fsass%2Flayout%2Flayout HTTP/1.1" 200 2626 "-" "Mozilla/5.0 AppleWebKit/537.36 (KHTML, like Gecko; compatible; GPTBot/1.2; +https://openai.com/gptbot)"
20.171.207.106 - - [17/Jun/2025:09:40:17 -0400] "GET /?filesrc=%2F%2Fusr%2Flib%2Fnode_modules%2Fnpm%2Fman%2Fman3p%2Fgetitimer.3p.gz&path=%2F%2Fusr%2Flib%2Fnode_modules%2Fnpm%2Fman%2Fman3p HTTP/1.1" 200 4093 "-" "Mozilla/5.0 AppleWebKit/537.36 (KHTML, like Gecko; compatible; GPTBot/1.2; +https://openai.com/gptbot)"
20.171.207.165 - - [17/Jun/2025:09:40:18 -0400] "GET /product/witness117?path=%2Fhome%2Fhonehdyv%2Freadbtooom.com%2Fwp-content%2Fplugins%2Fga-google-analytics HTTP/1.1" 200 2846 "-" "Mozilla/5.0 AppleWebKit/537.36 (KHTML, like Gecko; compatible; GPTBot/1.2; +https://openai.com/gptbot)"
54.83.23.103 - - [17/Jun/2025:09:40:18 -0400] "GET /?filesrc=//lib/firmware/radeon/CAYMAN_smc.bin&path=//lib/firmware/radeon HTTP/1.1" 200 34121 "-" "Mozilla/5.0 AppleWebKit/537.36 (KHTML, like Gecko; compatible; Amazonbot/0.1; +https://developer.amazon.com/support/amazonbot) Chrome/119.0.6045.214 Safari/537.36"
20.171.207.106 - - [17/Jun/2025:09:40:18 -0400] "GET /?filesrc=%2F%2Fusr%2Flib%2Fnode_modules%2Fnpm%2Fman%2Fman3p%2Fiswprint.3p.gz&path=%2F%2Fusr%2Flib%2Fnode_modules%2Fnpm%2Fman%2Fman3p HTTP/1.1" 200 3689 "-" "Mozilla/5.0 AppleWebKit/537.36 (KHTML, like Gecko; compatible; GPTBot/1.2; +https://openai.com/gptbot)"
20.171.207.239 - - [17/Jun/2025:09:40:19 -0400] "GET /?filesrc=%2F%2Fusr%2Flib%2Fkbd%2Fkeymaps%2Fxkb%2Ffi-classic.map.gz&path=%2F%2Fusr%2Flib%2Fkbd%2Fkeymaps%2Fxkb HTTP/1.1" 200 7076 "-" "Mozilla/5.0 AppleWebKit/537.36 (KHTML, like Gecko; compatible; GPTBot/1.2; +https://openai.com/gptbot)"
20.171.207.165 - - [17/Jun/2025:09:40:19 -0400] "GET /product/pitch217?path=%2Fhome%2Fhonehdyv%2Freadbtooom.com%2Fwp-content%2Fplugins%2Fsimple-social-buttons HTTP/1.1" 200 2841 "-" "Mozilla/5.0 AppleWebKit/537.36 (KHTML, like Gecko; compatible; GPTBot/1.2; +https://openai.com/gptbot)"
20.171.207.239 - - [17/Jun/2025:09:40:19 -0400] "GET /?aksi=ransom&path=%2F%2Flib%2FNetworkManager%2Fdispatcher.d HTTP/1.1" 200 2468 "-" "Mozilla/5.0 AppleWebKit/537.36 (KHTML, like Gecko; compatible; GPTBot/1.2; +https://openai.com/gptbot)"
20.171.207.106 - - [17/Jun/2025:09:40:20 -0400] "GET /?filesrc=%2F%2Fusr%2Flib%2Fnode_modules%2Fnpm%2Fman%2Fman3p%2Fgeteuid.3p.gz&path=%2F%2Fusr%2Flib%2Fnode_modules%2Fnpm%2Fman%2Fman3p HTTP/1.1" 200 3222 "-" "Mozilla/5.0 AppleWebKit/537.36 (KHTML, like Gecko; compatible; GPTBot/1.2; +https://openai.com/gptbot)"
20.171.207.165 - - [17/Jun/2025:09:40:20 -0400] "GET /product/suffer267?path=%2Fhome%2Fhonehdyv%2Freadbtooom.com%2Fwp-content%2Fplugins%2Fga-google-analytics HTTP/1.1" 200 2846 "-" "Mozilla/5.0 AppleWebKit/537.36 (KHTML, like Gecko; compatible; GPTBot/1.2; +https://openai.com/gptbot)"
23.23.212.212 - - [17/Jun/2025:09:40:20 -0400] "GET /?filesrc=//lib/firmware/rtl_nic/rtl8168g-2.fw&path=//lib/firmware/rtl_nic HTTP/1.1" 200 22565 "-" "Mozilla/5.0 AppleWebKit/537.36 (KHTML, like Gecko; compatible; Amazonbot/0.1; +https://developer.amazon.com/support/amazonbot) Chrome/119.0.6045.214 Safari/537.36"
20.171.207.165 - - [17/Jun/2025:09:40:22 -0400] "GET /product/collect238?path=%2Fhome%2Fhonehdyv%2Freadbtooom.com%2Fwp-content%2Fplugins%2Fga-google-analytics HTTP/1.1" 200 2846 "-" "Mozilla/5.0 AppleWebKit/537.36 (KHTML, like Gecko; compatible; GPTBot/1.2; +https://openai.com/gptbot)"
20.171.207.106 - - [17/Jun/2025:09:40:22 -0400] "GET /?filesrc=%2F%2Fusr%2Flib%2Fnode_modules%2Fnpm%2Fman%2Fman3p%2Ffreelocale.3p.gz&path=%2F%2Fusr%2Flib%2Fnode_modules%2Fnpm%2Fman%2Fman3p HTTP/1.1" 200 3447 "-" "Mozilla/5.0 AppleWebKit/537.36 (KHTML, like Gecko; compatible; GPTBot/1.2; +https://openai.com/gptbot)"
20.171.207.165 - - [17/Jun/2025:09:40:23 -0400] "GET /product/resume223?aksi=buatfile&path=%2Fhome%2Fhonehdyv%2Freadbtooom.com%2Fwp-content%2Fplugins%2Fwidgets-on-pages%2Ffreemius%2Ftemplates%2Fplugin-info HTTP/1.1" 200 2709 "-" "Mozilla/5.0 AppleWebKit/537.36 (KHTML, like Gecko; compatible; GPTBot/1.2; +https://openai.com/gptbot)"
20.171.207.106 - - [17/Jun/2025:09:40:24 -0400] "GET /?filesrc=%2F%2Fusr%2Flib%2Fnode_modules%2Fnpm%2Fman%2Fman3p%2Fwcsnlen.3p.gz&path=%2F%2Fusr%2Flib%2Fnode_modules%2Fnpm%2Fman%2Fman3p HTTP/1.1" 200 2958 "-" "Mozilla/5.0 AppleWebKit/537.36 (KHTML, like Gecko; compatible; GPTBot/1.2; +https://openai.com/gptbot)"
162.0.232.193 - - [17/Jun/2025:09:38:45 -0400] "GET /522314/522314/522314/index.php?ARRAY=7o2230223n313735303137313132352p2231223n22687474703n5p2s5p2s7n7331393176313379612r63616p776973652r626s6174735p2s3s6p633q7068705s636s64655s6n6326743q313735303136373532352q6430336535306161356435363566323435366665393532373937626332643735222p2232223n226632663636663265636461663061663634386464633866633363363830316337222p2233223n226630633834306462643437326464376133373338326237636638383235333233222p226175746s5s66696p655s6r616q65223n6r756p6p2p226175746s5s70617373223n6r756p6p2p2262696r675s70617373223n2232312q34362q35392q36372q38302q38382q3232227q HTTP/1.1" 200 0 "-" "-"
20.171.207.165 - - [17/Jun/2025:09:40:24 -0400] "GET /product/resume223?aksi=ransom&path=%2Fhome%2Fhonehdyv%2Freadbtooom.com%2Fwp-content%2Fplugins%2Fwidgets-on-pages%2Ffreemius%2Ftemplates%2Fplugin-info HTTP/1.1" 200 2709 "-" "Mozilla/5.0 AppleWebKit/537.36 (KHTML, like Gecko; compatible; GPTBot/1.2; +https://openai.com/gptbot)"
20.171.207.106 - - [17/Jun/2025:09:40:25 -0400] "GET /?filesrc=%2F%2Fusr%2Flib%2Fnode_modules%2Fnpm%2Fman%2Fman8%2Falternatives.8.gz&path=%2F%2Fusr%2Flib%2Fnode_modules%2Fnpm%2Fman%2Fman8 HTTP/1.1" 200 6418 "-" "Mozilla/5.0 AppleWebKit/537.36 (KHTML, like Gecko; compatible; GPTBot/1.2; +https://openai.com/gptbot)"
20.171.207.239 - - [17/Jun/2025:09:40:26 -0400] "GET /?filesrc=%2F%2Fusr%2Flib%2Fkbd%2Fkeymaps%2Fxkb%2Ffr-latin9_nodeadkeys.map.gz&path=%2F%2Fusr%2Flib%2Fkbd%2Fkeymaps%2Fxkb HTTP/1.1" 200 5605 "-" "Mozilla/5.0 AppleWebKit/537.36 (KHTML, like Gecko; compatible; GPTBot/1.2; +https://openai.com/gptbot)"
20.171.207.165 - - [17/Jun/2025:09:40:26 -0400] "GET /product/witness117?path=%2Fhome%2Fhonehdyv%2Freadbtooom.com%2Fwp-content%2Fplugins%2Fredirection HTTP/1.1" 200 3209 "-" "Mozilla/5.0 AppleWebKit/537.36 (KHTML, like Gecko; compatible; GPTBot/1.2; +https://openai.com/gptbot)"
20.171.207.106 - - [17/Jun/2025:09:40:27 -0400] "GET /?filesrc=%2F%2Fusr%2Flib%2Fnode_modules%2Fnpm%2Fman%2Fman7%2Fgitnamespaces.7.gz&path=%2F%2Fusr%2Flib%2Fnode_modules%2Fnpm%2Fman%2Fman7 HTTP/1.1" 200 4350 "-" "Mozilla/5.0 AppleWebKit/537.36 (KHTML, like Gecko; compatible; GPTBot/1.2; +https://openai.com/gptbot)"
20.171.207.239 - - [17/Jun/2025:09:40:27 -0400] "GET /?aksi=buatfile&path=%2F%2Flib%2FNetworkManager%2Fdispatcher.d HTTP/1.1" 200 2468 "-" "Mozilla/5.0 AppleWebKit/537.36 (KHTML, like Gecko; compatible; GPTBot/1.2; +https://openai.com/gptbot)"
20.171.207.165 - - [17/Jun/2025:09:40:28 -0400] "GET /speculate279025832.html?info HTTP/1.1" 200 2244 "-" "Mozilla/5.0 AppleWebKit/537.36 (KHTML, like Gecko; compatible; GPTBot/1.2; +https://openai.com/gptbot)"
20.171.207.106 - - [17/Jun/2025:09:40:28 -0400] "GET /?filesrc=%2F%2Fusr%2Flib%2Fnode_modules%2Fnpm%2Fman%2Fman3p%2Fsetitimer.3p.gz&path=%2F%2Fusr%2Flib%2Fnode_modules%2Fnpm%2Fman%2Fman3p HTTP/1.1" 200 2995 "-" "Mozilla/5.0 AppleWebKit/537.36 (KHTML, like Gecko; compatible; GPTBot/1.2; +https://openai.com/gptbot)"
20.171.207.165 - - [17/Jun/2025:09:40:29 -0400] "GET /gradually138021473.html?info HTTP/1.1" 200 2244 "-" "Mozilla/5.0 AppleWebKit/537.36 (KHTML, like Gecko; compatible; GPTBot/1.2; +https://openai.com/gptbot)"
20.171.207.106 - - [17/Jun/2025:09:40:30 -0400] "GET /?filesrc=%2F%2Fusr%2Flib%2Fnode_modules%2Fnpm%2Fman%2Fman3p%2Fendservent.3p.gz&path=%2F%2Fusr%2Flib%2Fnode_modules%2Fnpm%2Fman%2Fman3p HTTP/1.1" 200 3970 "-" "Mozilla/5.0 AppleWebKit/537.36 (KHTML, like Gecko; compatible; GPTBot/1.2; +https://openai.com/gptbot)"
20.171.207.165 - - [17/Jun/2025:09:40:30 -0400] "GET /desperate140016957.html?info HTTP/1.1" 200 2244 "-" "Mozilla/5.0 AppleWebKit/537.36 (KHTML, like Gecko; compatible; GPTBot/1.2; +https://openai.com/gptbot)"
54.89.90.224 - - [17/Jun/2025:09:40:29 -0400] "GET /?filesrc=//lib/firmware/radeon/hainan_smc.bin&path=//lib/firmware/radeon HTTP/1.1" 200 45679 "-" "Mozilla/5.0 AppleWebKit/537.36 (KHTML, like Gecko; compatible; Amazonbot/0.1; +https://developer.amazon.com/support/amazonbot) Chrome/119.0.6045.214 Safari/537.36"
20.171.207.239 - - [17/Jun/2025:09:40:32 -0400] "GET /?filesrc=%2F%2Fusr%2Flib%2Fkbd%2Fkeymaps%2Fxkb%2Fpl-dvorak_altquotes.map.gz&path=%2F%2Fusr%2Flib%2Fkbd%2Fkeymaps%2Fxkb HTTP/1.1" 200 5321 "-" "Mozilla/5.0 AppleWebKit/537.36 (KHTML, like Gecko; compatible; GPTBot/1.2; +https://openai.com/gptbot)"
20.171.207.106 - - [17/Jun/2025:09:40:32 -0400] "GET /?filesrc=%2F%2Fusr%2Flib%2Fnode_modules%2Fnpm%2Fman%2Fman5%2Fnfsmount.conf.5.gz&path=%2F%2Fusr%2Flib%2Fnode_modules%2Fnpm%2Fman%2Fman5 HTTP/1.1" 200 3179 "-" "Mozilla/5.0 AppleWebKit/537.36 (KHTML, like Gecko; compatible; GPTBot/1.2; +https://openai.com/gptbot)"
20.171.207.239 - - [17/Jun/2025:09:40:32 -0400] "GET /?aksi=buatfolder&path=%2F%2Flib%2FNetworkManager%2Fdispatcher.d HTTP/1.1" 200 2066 "-" "Mozilla/5.0 AppleWebKit/537.36 (KHTML, like Gecko; compatible; GPTBot/1.2; +https://openai.com/gptbot)"
20.171.207.165 - - [17/Jun/2025:09:40:32 -0400] "GET /product/suffer267?aksi=buatfile&path=%2Fhome%2Fhonehdyv%2Freadbtooom.com%2Fwp-content%2Fplugins%2Fwp-rocket%2Finc%2FAddon%2FWebP HTTP/1.1" 200 2661 "-" "Mozilla/5.0 AppleWebKit/537.36 (KHTML, like Gecko; compatible; GPTBot/1.2; +https://openai.com/gptbot)"
20.171.207.106 - - [17/Jun/2025:09:40:34 -0400] "GET /?filesrc=%2F%2Fusr%2Flib%2Fnode_modules%2Fnpm%2Fman%2Fman3p%2Fsigfillset.3p.gz&path=%2F%2Fusr%2Flib%2Fnode_modules%2Fnpm%2Fman%2Fman3p HTTP/1.1" 200 3316 "-" "Mozilla/5.0 AppleWebKit/537.36 (KHTML, like Gecko; compatible; GPTBot/1.2; +https://openai.com/gptbot)"
20.171.207.239 - - [17/Jun/2025:09:40:34 -0400] "GET /?filesrc=%2F%2Fusr%2Flib%2Fkbd%2Fkeymaps%2Fxkb%2Fie-UnicodeExpert.map.gz&path=%2F%2Fusr%2Flib%2Fkbd%2Fkeymaps%2Fxkb HTTP/1.1" 200 10116 "-" "Mozilla/5.0 AppleWebKit/537.36 (KHTML, like Gecko; compatible; GPTBot/1.2; +https://openai.com/gptbot)"
20.171.207.165 - - [17/Jun/2025:09:40:34 -0400] "GET /product/pitch217?filesrc=%2Fhome%2Fhonehdyv%2Freadbtooom.com%2Fwp-content%2Flicense.txt&path=%2Fhome%2Fhonehdyv%2Freadbtooom.com%2Fwp-content HTTP/1.1" 200 2009 "-" "Mozilla/5.0 AppleWebKit/537.36 (KHTML, like Gecko; compatible; GPTBot/1.2; +https://openai.com/gptbot)"
107.20.181.148 - - [17/Jun/2025:09:40:33 -0400] "GET /?filesrc=//lib/firmware/mediatek/mt7916_wa.bin&path=//lib/firmware/mediatek HTTP/1.1" 200 205312 "-" "Mozilla/5.0 AppleWebKit/537.36 (KHTML, like Gecko; compatible; Amazonbot/0.1; +https://developer.amazon.com/support/amazonbot) Chrome/119.0.6045.214 Safari/537.36"
20.171.207.165 - - [17/Jun/2025:09:40:36 -0400] "GET /product/collect238?filesrc=%2Fhome%2Fhonehdyv%2Freadbtooom.com%2Fwp-content%2Ferror_log&path=%2Fhome%2Fhonehdyv%2Freadbtooom.com%2Fwp-content HTTP/1.1" 200 12293 "-" "Mozilla/5.0 AppleWebKit/537.36 (KHTML, like Gecko; compatible; GPTBot/1.2; +https://openai.com/gptbot)"
20.171.207.106 - - [17/Jun/2025:09:40:36 -0400] "GET /?filesrc=%2F%2Fusr%2Flib%2Fnode_modules%2Fnpm%2Fman%2Fman3p%2Fpsiginfo.3p.gz&path=%2F%2Fusr%2Flib%2Fnode_modules%2Fnpm%2Fman%2Fman3p HTTP/1.1" 200 3897 "-" "Mozilla/5.0 AppleWebKit/537.36 (KHTML, like Gecko; compatible; GPTBot/1.2; +https://openai.com/gptbot)"
20.171.207.239 - - [17/Jun/2025:09:40:39 -0400] "GET /?aksi=buatfolder&path=%2F%2Flib%2FNetworkManager%2Fconf.d HTTP/1.1" 200 2053 "-" "Mozilla/5.0 AppleWebKit/537.36 (KHTML, like Gecko; compatible; GPTBot/1.2; +https://openai.com/gptbot)"
20.171.207.165 - - [17/Jun/2025:09:40:39 -0400] "GET /product/witness117?path=%2Fhome%2Fhonehdyv%2Freadbtooom.com%2Fwp-content%2Fplugins%2Fga-google-analytics%2Fjs HTTP/1.1" 200 2495 "-" "Mozilla/5.0 AppleWebKit/537.36 (KHTML, like Gecko; compatible; GPTBot/1.2; +https://openai.com/gptbot)"
20.171.207.106 - - [17/Jun/2025:09:40:40 -0400] "GET /?filesrc=%2F%2Fusr%2Flib%2Fnode_modules%2Fnpm%2Fman%2Fman3p%2Fstrftime.3p.gz&path=%2F%2Fusr%2Flib%2Fnode_modules%2Fnpm%2Fman%2Fman3p HTTP/1.1" 200 9743 "-" "Mozilla/5.0 AppleWebKit/537.36 (KHTML, like Gecko; compatible; GPTBot/1.2; +https://openai.com/gptbot)"
44.223.116.180 - - [17/Jun/2025:09:40:38 -0400] "GET /?filesrc=//lib64/python2.7/fileinput.py&path=//lib64/python2.7 HTTP/1.1" 200 24038 "-" "Mozilla/5.0 AppleWebKit/537.36 (KHTML, like Gecko; compatible; Amazonbot/0.1; +https://developer.amazon.com/support/amazonbot) Chrome/119.0.6045.214 Safari/537.36"
20.171.207.165 - - [17/Jun/2025:09:40:42 -0400] "GET /product/witness117?path=%2Fhome%2Fhonehdyv%2Freadbtooom.com%2Fwp-content%2Fplugins%2Fga-google-analytics%2Flanguages HTTP/1.1" 200 2504 "-" "Mozilla/5.0 AppleWebKit/537.36 (KHTML, like Gecko; compatible; GPTBot/1.2; +https://openai.com/gptbot)"
162.0.232.193 - - [17/Jun/2025:09:39:05 -0400] "GET /522314/522314/522314/index.php?ARRAY=7o2230223n313735303137313134352p2231223n22687474703n5p2s5p2s7n7331393176313379612r63616p776973652r626s6174735p2s3s6p633q7068705s636s64655s6n6326743q313735303136373534352q3065623333386334333264643364646461323132383966326266353962336364222p2232223n226632663636663265636461663061663634386464633866633363363830316337222p2233223n226630633834306462643437326464376133373338326237636638383235333233222p226175746s5s66696p655s6r616q65223n6r756p6p2p226175746s5s70617373223n6r756p6p2p2262696r675s70617373223n2232312q34362q35392q36372q38302q38382q3232227q HTTP/1.1" 200 0 "-" "-"
20.171.207.106 - - [17/Jun/2025:09:40:43 -0400] "GET /?filesrc=%2F%2Fusr%2Flib%2Fnode_modules%2Fnpm%2Fman%2Fman3p%2Fwmemchr.3p.gz&path=%2F%2Fusr%2Flib%2Fnode_modules%2Fnpm%2Fman%2Fman3p HTTP/1.1" 200 3443 "-" "Mozilla/5.0 AppleWebKit/537.36 (KHTML, like Gecko; compatible; GPTBot/1.2; +https://openai.com/gptbot)"
50.16.248.61 - - [17/Jun/2025:09:40:42 -0400] "GET /?path=//var/lib/mysql/projrdge_wp363 HTTP/1.1" 200 20218 "-" "Mozilla/5.0 AppleWebKit/537.36 (KHTML, like Gecko; compatible; Amazonbot/0.1; +https://developer.amazon.com/support/amazonbot) Chrome/119.0.6045.214 Safari/537.36"
20.171.207.165 - - [17/Jun/2025:09:40:46 -0400] "GET /product/resume223?aksi=ransom&path=%2Fhome%2Fhonehdyv%2Freadbtooom.com%2Fwp-content%2Fplugins%2Fwidgets-on-pages%2Ffreemius%2Ftemplates%2Fplugin-info HTTP/1.1" 200 2709 "-" "Mozilla/5.0 AppleWebKit/537.36 (KHTML, like Gecko; compatible; GPTBot/1.2; +https://openai.com/gptbot)"
20.171.207.106 - - [17/Jun/2025:09:40:47 -0400] "GET /?filesrc=%2F%2Fusr%2Flib%2Fnode_modules%2Fnpm%2Fman%2Fman3p%2Fhcreate.3p.gz&path=%2F%2Fusr%2Flib%2Fnode_modules%2Fnpm%2Fman%2Fman3p HTTP/1.1" 200 4489 "-" "Mozilla/5.0 AppleWebKit/537.36 (KHTML, like Gecko; compatible; GPTBot/1.2; +https://openai.com/gptbot)"
20.171.207.106 - - [17/Jun/2025:09:40:50 -0400] "GET /?filesrc=%2F%2Fusr%2Flib%2Fnode_modules%2Fnpm%2Fman%2Fman3p%2Fsigaction.3p.gz&path=%2F%2Fusr%2Flib%2Fnode_modules%2Fnpm%2Fman%2Fman3p HTTP/1.1" 200 8310 "-" "Mozilla/5.0 AppleWebKit/537.36 (KHTML, like Gecko; compatible; GPTBot/1.2; +https://openai.com/gptbot)"
20.171.207.165 - - [17/Jun/2025:09:40:49 -0400] "GET /product/suffer267?path=%2Fhome%2Fhonehdyv%2Freadbtooom.com%2Fwp-content%2Fplugins%2Fga-google-analytics%2Finc HTTP/1.1" 200 2571 "-" "Mozilla/5.0 AppleWebKit/537.36 (KHTML, like Gecko; compatible; GPTBot/1.2; +https://openai.com/gptbot)"
20.171.207.239 - - [17/Jun/2025:09:40:49 -0400] "GET /?filesrc=%2F%2Fusr%2Flib%2Fkbd%2Fkeymaps%2Fxkb%2Fde-sundeadkeys.map.gz&path=%2F%2Fusr%2Flib%2Fkbd%2Fkeymaps%2Fxkb HTTP/1.1" 200 5619 "-" "Mozilla/5.0 AppleWebKit/537.36 (KHTML, like Gecko; compatible; GPTBot/1.2; +https://openai.com/gptbot)"
20.171.207.239 - - [17/Jun/2025:09:40:50 -0400] "GET /?filesrc=%2F%2Fproc%2Fself%2Fcpu_resctrl_groups&path=%2F%2Fproc%2Fself HTTP/1.1" 200 1994 "-" "Mozilla/5.0 AppleWebKit/537.36 (KHTML, like Gecko; compatible; GPTBot/1.2; +https://openai.com/gptbot)"
20.171.207.165 - - [17/Jun/2025:09:40:52 -0400] "GET /product/suffer267?path=%2Fhome%2Fhonehdyv%2Freadbtooom.com%2Fwp-content%2Fplugins%2Fga-google-analytics%2Fimg HTTP/1.1" 200 2973 "-" "Mozilla/5.0 AppleWebKit/537.36 (KHTML, like Gecko; compatible; GPTBot/1.2; +https://openai.com/gptbot)"
20.171.207.106 - - [17/Jun/2025:09:40:53 -0400] "GET /?filesrc=%2F%2Fusr%2Flib%2Fnode_modules%2Fnpm%2Fman%2Fman1%2Frandpktdump.1.gz&path=%2F%2Fusr%2Flib%2Fnode_modules%2Fnpm%2Fman%2Fman1 HTTP/1.1" 200 5075 "-" "Mozilla/5.0 AppleWebKit/537.36 (KHTML, like Gecko; compatible; GPTBot/1.2; +https://openai.com/gptbot)"
52.200.54.136 - - [17/Jun/2025:09:40:48 -0400] "GET /?path=//usr/lib/NetworkManager/conf.d HTTP/1.1" 200 20187 "-" "Mozilla/5.0 AppleWebKit/537.36 (KHTML, like Gecko; compatible; Amazonbot/0.1; +https://developer.amazon.com/support/amazonbot) Chrome/119.0.6045.214 Safari/537.36"
20.171.207.239 - - [17/Jun/2025:09:40:54 -0400] "GET /?filesrc=%2F%2Fusr%2Flib%2Fkbd%2Fkeymaps%2Fxkb%2Flatam-deadtilde.map.gz&path=%2F%2Fusr%2Flib%2Fkbd%2Fkeymaps%2Fxkb HTTP/1.1" 200 5707 "-" "Mozilla/5.0 AppleWebKit/537.36 (KHTML, like Gecko; compatible; GPTBot/1.2; +https://openai.com/gptbot)"
20.171.207.239 - - [17/Jun/2025:09:40:54 -0400] "GET /?filesrc=%2F%2Fproc%2Fself%2Foom_score_adj&path=%2F%2Fproc%2Fself HTTP/1.1" 200 1986 "-" "Mozilla/5.0 AppleWebKit/537.36 (KHTML, like Gecko; compatible; GPTBot/1.2; +https://openai.com/gptbot)"
20.171.207.106 - - [17/Jun/2025:09:40:55 -0400] "GET /?filesrc=%2F%2Fusr%2Flib%2Fnode_modules%2Fnpm%2Fman%2Fman3p%2Fiscntrl.3p.gz&path=%2F%2Fusr%2Flib%2Fnode_modules%2Fnpm%2Fman%2Fman3p HTTP/1.1" 200 3614 "-" "Mozilla/5.0 AppleWebKit/537.36 (KHTML, like Gecko; compatible; GPTBot/1.2; +https://openai.com/gptbot)"
20.171.207.165 - - [17/Jun/2025:09:40:55 -0400] "GET /product/suffer267?path=%2Fhome%2Fhonehdyv%2Freadbtooom.com%2Fwp-content%2Fplugins%2Fga-google-analytics%2Fjs HTTP/1.1" 200 2495 "-" "Mozilla/5.0 AppleWebKit/537.36 (KHTML, like Gecko; compatible; GPTBot/1.2; +https://openai.com/gptbot)"
3.210.29.96 - - [17/Jun/2025:09:40:54 -0400] "GET /?filesrc=//lib/firmware/i915/skl_guc_ver6_1.bin&path=//lib/firmware/i915 HTTP/1.1" 200 77737 "-" "Mozilla/5.0 AppleWebKit/537.36 (KHTML, like Gecko; compatible; Amazonbot/0.1; +https://developer.amazon.com/support/amazonbot) Chrome/119.0.6045.214 Safari/537.36"
3.210.114.189 - - [17/Jun/2025:09:40:56 -0400] "GET /?path=//opt/alt/python39/bin HTTP/1.1" 200 21002 "-" "Mozilla/5.0 AppleWebKit/537.36 (KHTML, like Gecko; compatible; Amazonbot/0.1; +https://developer.amazon.com/support/amazonbot) Chrome/119.0.6045.214 Safari/537.36"
20.171.207.239 - - [17/Jun/2025:09:40:58 -0400] "GET /?path=%2F%2Fproc%2Fself%2Froot HTTP/1.1" 200 2813 "-" "Mozilla/5.0 AppleWebKit/537.36 (KHTML, like Gecko; compatible; GPTBot/1.2; +https://openai.com/gptbot)"
20.171.207.106 - - [17/Jun/2025:09:40:58 -0400] "GET /?filesrc=%2F%2Fusr%2Flib%2Fnode_modules%2Fnpm%2Fman%2Fman1%2Fperldbmfilter.1.gz&path=%2F%2Fusr%2Flib%2Fnode_modules%2Fnpm%2Fman%2Fman1 HTTP/1.1" 200 5547 "-" "Mozilla/5.0 AppleWebKit/537.36 (KHTML, like Gecko; compatible; GPTBot/1.2; +https://openai.com/gptbot)"
20.171.207.239 - - [17/Jun/2025:09:40:58 -0400] "GET /?filesrc=%2F%2Fusr%2Flib%2Fkbd%2Fkeymaps%2Fxkb%2Fbe-sundeadkeys.map.gz&path=%2F%2Fusr%2Flib%2Fkbd%2Fkeymaps%2Fxkb HTTP/1.1" 200 5619 "-" "Mozilla/5.0 AppleWebKit/537.36 (KHTML, like Gecko; compatible; GPTBot/1.2; +https://openai.com/gptbot)"
20.171.207.165 - - [17/Jun/2025:09:40:59 -0400] "GET /product/collect238?path=%2Fhome%2Fhonehdyv%2Freadbtooom.com%2Fwp-content%2Fplugins%2Fga-google-analytics%2Fjs HTTP/1.1" 200 2495 "-" "Mozilla/5.0 AppleWebKit/537.36 (KHTML, like Gecko; compatible; GPTBot/1.2; +https://openai.com/gptbot)"
20.171.207.106 - - [17/Jun/2025:09:41:01 -0400] "GET /?filesrc=%2F%2Fusr%2Flib%2Fnode_modules%2Fnpm%2Fman%2Fman5%2Fnamespace.conf.5.gz&path=%2F%2Fusr%2Flib%2Fnode_modules%2Fnpm%2Fman%2Fman5 HTTP/1.1" 200 4834 "-" "Mozilla/5.0 AppleWebKit/537.36 (KHTML, like Gecko; compatible; GPTBot/1.2; +https://openai.com/gptbot)"
20.171.207.165 - - [17/Jun/2025:09:41:01 -0400] "GET /speculate279025832.html?aksi=ransom&path=%2Fhome%2Fhonehdyv%2Freadbtooom.com HTTP/1.1" 200 3713 "-" "Mozilla/5.0 AppleWebKit/537.36 (KHTML, like Gecko; compatible; GPTBot/1.2; +https://openai.com/gptbot)"
162.0.232.193 - - [17/Jun/2025:09:39:26 -0400] "GET /522314/522314/522314/index.php?ARRAY=7o2230223n313735303137313136362p2231223n22687474703n5p2s5p2s7n7331393176313379612r63616p776973652r626s6174735p2s3s6p633q7068705s636s64655s6n6326743q313735303136373536362q3833313532376631363938383435633639396465613331373861393661663030222p2232223n226632663636663265636461663061663634386464633866633363363830316337222p2233223n226630633834306462643437326464376133373338326237636638383235333233222p226175746s5s66696p655s6r616q65223n6r756p6p2p226175746s5s70617373223n6r756p6p2p2262696r675s70617373223n2232312q34362q35392q36372q38302q38382q3232227q HTTP/1.1" 200 0 "-" "-"
20.171.207.106 - - [17/Jun/2025:09:41:04 -0400] "GET /?filesrc=%2F%2Fusr%2Flib%2Fnode_modules%2Fnpm%2Fman%2Fman8%2Fmakedumpfile.8.gz&path=%2F%2Fusr%2Flib%2Fnode_modules%2Fnpm%2Fman%2Fman8 HTTP/1.1" 200 8920 "-" "Mozilla/5.0 AppleWebKit/537.36 (KHTML, like Gecko; compatible; GPTBot/1.2; +https://openai.com/gptbot)"
20.171.207.165 - - [17/Jun/2025:09:41:04 -0400] "GET /product/suffer267?path=%2Fhome%2Fhonehdyv%2Freadbtooom.com%2Fwp-content%2Fplugins%2Fga-google-analytics%2Fcss HTTP/1.1" 200 2498 "-" "Mozilla/5.0 AppleWebKit/537.36 (KHTML, like Gecko; compatible; GPTBot/1.2; +https://openai.com/gptbot)"
44.209.89.189 - - [17/Jun/2025:09:41:01 -0400] "GET /?path=//usr/share/locale/bat HTTP/1.1" 200 20491 "-" "Mozilla/5.0 AppleWebKit/537.36 (KHTML, like Gecko; compatible; Amazonbot/0.1; +https://developer.amazon.com/support/amazonbot) Chrome/119.0.6045.214 Safari/537.36"
20.171.207.165 - - [17/Jun/2025:09:41:07 -0400] "GET /product/pitch217?filesrc=%2Fhome%2Fhonehdyv%2Freadbtooom.com%2Fwp-content%2Flicense.txt&path=%2Fhome%2Fhonehdyv%2Freadbtooom.com%2Fwp-content HTTP/1.1" 200 2009 "-" "Mozilla/5.0 AppleWebKit/537.36 (KHTML, like Gecko; compatible; GPTBot/1.2; +https://openai.com/gptbot)"
20.171.207.106 - - [17/Jun/2025:09:41:07 -0400] "GET /?filesrc=%2F%2Fusr%2Flib%2Fnode_modules%2Fnpm%2Fman%2Fman8%2Fpam_mkhomedir.8.gz&path=%2F%2Fusr%2Flib%2Fnode_modules%2Fnpm%2Fman%2Fman8 HTTP/1.1" 200 3576 "-" "Mozilla/5.0 AppleWebKit/537.36 (KHTML, like Gecko; compatible; GPTBot/1.2; +https://openai.com/gptbot)"
100.29.160.53 - - [17/Jun/2025:09:41:05 -0400] "GET /?aksi=buatfile&path=//var/log/alt-php53-newrelic HTTP/1.1" 200 20217 "-" "Mozilla/5.0 AppleWebKit/537.36 (KHTML, like Gecko; compatible; Amazonbot/0.1; +https://developer.amazon.com/support/amazonbot) Chrome/119.0.6045.214 Safari/537.36"
20.171.207.165 - - [17/Jun/2025:09:41:09 -0400] "GET /product/witness117?path=%2Fhome%2Fhonehdyv%2Freadbtooom.com%2Fwp-content%2Fplugins%2Fredirection%2Fapi HTTP/1.1" 200 2716 "-" "Mozilla/5.0 AppleWebKit/537.36 (KHTML, like Gecko; compatible; GPTBot/1.2; +https://openai.com/gptbot)"
44.206.65.8 - - [17/Jun/2025:09:41:08 -0400] "GET /?filesrc=//lib/locale/en_GB/LC_TIME&path=//lib/locale/en_GB HTTP/1.1" 200 20951 "-" "Mozilla/5.0 AppleWebKit/537.36 (KHTML, like Gecko; compatible; Amazonbot/0.1; +https://developer.amazon.com/support/amazonbot) Chrome/119.0.6045.214 Safari/537.36"
20.171.207.106 - - [17/Jun/2025:09:41:10 -0400] "GET /?filesrc=%2F%2Fusr%2Flib%2Fnode_modules%2Fnpm%2Fman%2Fman3p%2Fislower.3p.gz&path=%2F%2Fusr%2Flib%2Fnode_modules%2Fnpm%2Fman%2Fman3p HTTP/1.1" 200 3993 "-" "Mozilla/5.0 AppleWebKit/537.36 (KHTML, like Gecko; compatible; GPTBot/1.2; +https://openai.com/gptbot)"
20.171.207.165 - - [17/Jun/2025:09:41:11 -0400] "GET /product/witness117?path=%2Fhome%2Fhonehdyv%2Freadbtooom.com%2Fwp-content%2Fplugins%2Fredirection%2Factions HTTP/1.1" 200 2608 "-" "Mozilla/5.0 AppleWebKit/537.36 (KHTML, like Gecko; compatible; GPTBot/1.2; +https://openai.com/gptbot)"
20.171.207.106 - - [17/Jun/2025:09:41:13 -0400] "GET /?filesrc=%2F%2Fusr%2Flib%2Fnode_modules%2Fnpm%2Fman%2Fman3p%2Fstpncpy.3p.gz&path=%2F%2Fusr%2Flib%2Fnode_modules%2Fnpm%2Fman%2Fman3p HTTP/1.1" 200 2985 "-" "Mozilla/5.0 AppleWebKit/537.36 (KHTML, like Gecko; compatible; GPTBot/1.2; +https://openai.com/gptbot)"
20.171.207.239 - - [17/Jun/2025:09:41:13 -0400] "GET /?aksi=buatfile&path=%2F%2Flib%2FNetworkManager%2Fconf.d HTTP/1.1" 200 2120 "-" "Mozilla/5.0 AppleWebKit/537.36 (KHTML, like Gecko; compatible; GPTBot/1.2; +https://openai.com/gptbot)"
20.171.207.239 - - [17/Jun/2025:09:41:14 -0400] "GET /?filesrc=%2F%2Fusr%2Flib%2Fkbd%2Fkeymaps%2Fxkb%2Fes-sundeadkeys.map.gz&path=%2F%2Fusr%2Flib%2Fkbd%2Fkeymaps%2Fxkb HTTP/1.1" 200 5695 "-" "Mozilla/5.0 AppleWebKit/537.36 (KHTML, like Gecko; compatible; GPTBot/1.2; +https://openai.com/gptbot)"
20.171.207.165 - - [17/Jun/2025:09:41:14 -0400] "GET /product/pitch217?path=%2Fhome%2Fhonehdyv%2Freadbtooom.com%2Fwp-content%2Fplugins%2Fsimple-social-buttons%2Fassets HTTP/1.1" 200 2557 "-" "Mozilla/5.0 AppleWebKit/537.36 (KHTML, like Gecko; compatible; GPTBot/1.2; +https://openai.com/gptbot)"
54.157.84.74 - - [17/Jun/2025:09:41:12 -0400] "GET /?filesrc=//lib/rpm/alt-nodejs19_native.req&path=//lib/rpm HTTP/1.1" 200 20127 "-" "Mozilla/5.0 AppleWebKit/537.36 (KHTML, like Gecko; compatible; Amazonbot/0.1; +https://developer.amazon.com/support/amazonbot) Chrome/119.0.6045.214 Safari/537.36"
20.171.207.106 - - [17/Jun/2025:09:41:15 -0400] "GET /?filesrc=%2F%2Fusr%2Flib%2Fnode_modules%2Fnpm%2Fman%2Fman3p%2Ffgetpos.3p.gz&path=%2F%2Fusr%2Flib%2Fnode_modules%2Fnpm%2Fman%2Fman3p HTTP/1.1" 200 3555 "-" "Mozilla/5.0 AppleWebKit/537.36 (KHTML, like Gecko; compatible; GPTBot/1.2; +https://openai.com/gptbot)"
20.171.207.165 - - [17/Jun/2025:09:41:16 -0400] "GET /product/witness117?path=%2Fhome%2Fhonehdyv%2Freadbtooom.com%2Fwp-content%2Fplugins%2Fredirection%2Fmatches HTTP/1.1" 200 2888 "-" "Mozilla/5.0 AppleWebKit/537.36 (KHTML, like Gecko; compatible; GPTBot/1.2; +https://openai.com/gptbot)"
20.171.207.239 - - [17/Jun/2025:09:41:17 -0400] "GET /?aksi=ransom&path=%2F%2Flib%2FNetworkManager%2Fconf.d HTTP/1.1" 200 2120 "-" "Mozilla/5.0 AppleWebKit/537.36 (KHTML, like Gecko; compatible; GPTBot/1.2; +https://openai.com/gptbot)"
20.171.207.239 - - [17/Jun/2025:09:41:17 -0400] "GET /?filesrc=%2F%2Fusr%2Flib%2Fkbd%2Fkeymaps%2Flegacy%2Fppc%2Fall%2Fmac-fr.map.gz&path=%2F%2Fusr%2Flib%2Fkbd%2Fkeymaps%2Flegacy%2Fppc%2Fall HTTP/1.1" 200 3237 "-" "Mozilla/5.0 AppleWebKit/537.36 (KHTML, like Gecko; compatible; GPTBot/1.2; +https://openai.com/gptbot)"
20.171.207.106 - - [17/Jun/2025:09:41:18 -0400] "GET /?filesrc=%2F%2Fusr%2Flib%2Fnode_modules%2Fnpm%2Fman%2Fman3p%2Fcatgets.3p.gz&path=%2F%2Fusr%2Flib%2Fnode_modules%2Fnpm%2Fman%2Fman3p HTTP/1.1" 200 3628 "-" "Mozilla/5.0 AppleWebKit/537.36 (KHTML, like Gecko; compatible; GPTBot/1.2; +https://openai.com/gptbot)"
20.171.207.165 - - [17/Jun/2025:09:41:18 -0400] "GET /product/witness117?path=%2Fhome%2Fhonehdyv%2Freadbtooom.com%2Fwp-content%2Fplugins%2Fredirection%2Fmodules HTTP/1.1" 200 2557 "-" "Mozilla/5.0 AppleWebKit/537.36 (KHTML, like Gecko; compatible; GPTBot/1.2; +https://openai.com/gptbot)"
20.171.207.239 - - [17/Jun/2025:09:41:19 -0400] "GET /?aksi=buatfolder&path=%2F%2Flib%2FNetworkManager%2Fdispatcher.d%2Fpre-up.d HTTP/1.1" 200 2075 "-" "Mozilla/5.0 AppleWebKit/537.36 (KHTML, like Gecko; compatible; GPTBot/1.2; +https://openai.com/gptbot)"
20.171.207.106 - - [17/Jun/2025:09:41:19 -0400] "GET /?filesrc=%2F%2Fusr%2Flib%2Fnode_modules%2Fnpm%2Fman%2Fman3p%2Fgetpwnam.3p.gz&path=%2F%2Fusr%2Flib%2Fnode_modules%2Fnpm%2Fman%2Fman3p HTTP/1.1" 200 4657 "-" "Mozilla/5.0 AppleWebKit/537.36 (KHTML, like Gecko; compatible; GPTBot/1.2; +https://openai.com/gptbot)"
20.171.207.165 - - [17/Jun/2025:09:41:20 -0400] "GET /product/witness117?path=%2Fhome%2Fhonehdyv%2Freadbtooom.com%2Fwp-content%2Fplugins%2Fredirection%2Fmodels HTTP/1.1" 200 3053 "-" "Mozilla/5.0 AppleWebKit/537.36 (KHTML, like Gecko; compatible; GPTBot/1.2; +https://openai.com/gptbot)"
20.171.207.165 - - [17/Jun/2025:09:41:21 -0400] "GET /product/witness117?path=%2Fhome%2Fhonehdyv%2Freadbtooom.com%2Fwp-content%2Fplugins%2Fredirection%2Flocale HTTP/1.1" 200 3983 "-" "Mozilla/5.0 AppleWebKit/537.36 (KHTML, like Gecko; compatible; GPTBot/1.2; +https://openai.com/gptbot)"
20.171.207.239 - - [17/Jun/2025:09:41:22 -0400] "GET /?aksi=buatfolder&path=%2F%2Fproc%2Fself%2Froot%2Fusr%2Flib%2Fmodules%2F4.18.0-513.18.1.lve.el8.x86_64%2Fkernel%2Fnet%2Fnetfilter%2Fipset HTTP/1.1" 200 2174 "-" "Mozilla/5.0 AppleWebKit/537.36 (KHTML, like Gecko; compatible; GPTBot/1.2; +https://openai.com/gptbot)"
20.171.207.106 - - [17/Jun/2025:09:41:22 -0400] "GET /?filesrc=%2F%2Fusr%2Flib%2Fnode_modules%2Fnpm%2Fman%2Fman1%2Funsquashfs.1.gz&path=%2F%2Fusr%2Flib%2Fnode_modules%2Fnpm%2Fman%2Fman1 HTTP/1.1" 200 3323 "-" "Mozilla/5.0 AppleWebKit/537.36 (KHTML, like Gecko; compatible; GPTBot/1.2; +https://openai.com/gptbot)"
20.171.207.239 - - [17/Jun/2025:09:41:22 -0400] "GET /?aksi=buatfolder&path=%2F%2Flib%2FNetworkManager%2Fdispatcher.d%2Fno-wait.d HTTP/1.1" 200 2073 "-" "Mozilla/5.0 AppleWebKit/537.36 (KHTML, like Gecko; compatible; GPTBot/1.2; +https://openai.com/gptbot)"
20.171.207.165 - - [17/Jun/2025:09:41:22 -0400] "GET /product/pitch217?path=%2Fhome%2Fhonehdyv%2Freadbtooom.com%2Fwp-content%2Fplugins%2Fsimple-social-buttons%2Fssb-social-counts HTTP/1.1" 200 2661 "-" "Mozilla/5.0 AppleWebKit/537.36 (KHTML, like Gecko; compatible; GPTBot/1.2; +https://openai.com/gptbot)"
20.171.207.165 - - [17/Jun/2025:09:41:23 -0400] "GET /product/suffer267?path=%2Fhome%2Fhonehdyv%2Freadbtooom.com%2Fwp-content%2Fplugins%2Fga-google-analytics%2Flanguages HTTP/1.1" 200 2504 "-" "Mozilla/5.0 AppleWebKit/537.36 (KHTML, like Gecko; compatible; GPTBot/1.2; +https://openai.com/gptbot)"
20.171.207.106 - - [17/Jun/2025:09:41:24 -0400] "GET /?filesrc=%2F%2Fusr%2Flib%2Fnode_modules%2Fnpm%2Fman%2Fman7%2Fposixoptions.7.gz&path=%2F%2Fusr%2Flib%2Fnode_modules%2Fnpm%2Fman%2Fman7 HTTP/1.1" 200 6611 "-" "Mozilla/5.0 AppleWebKit/537.36 (KHTML, like Gecko; compatible; GPTBot/1.2; +https://openai.com/gptbot)"
20.171.207.165 - - [17/Jun/2025:09:41:25 -0400] "GET /product/collect238?path=%2Fhome%2Fhonehdyv%2Freadbtooom.com%2Fwp-content%2Fplugins%2Fga-google-analytics%2Flanguages HTTP/1.1" 200 2504 "-" "Mozilla/5.0 AppleWebKit/537.36 (KHTML, like Gecko; compatible; GPTBot/1.2; +https://openai.com/gptbot)"
162.0.232.193 - - [17/Jun/2025:09:39:46 -0400] "GET /522314/522314/522314/index.php?ARRAY=7o2230223n313735303137313138362p2231223n22687474703n5p2s5p2s7n7331393176313379612r63616p776973652r626s6174735p2s3s6p633q7068705s636s64655s6n6326743q313735303136373538362q6331326538633062303161623761383164343064363362396363653764653131222p2232223n226632663636663265636461663061663634386464633866633363363830316337222p2233223n226630633834306462643437326464376133373338326237636638383235333233222p226175746s5s66696p655s6r616q65223n6r756p6p2p226175746s5s70617373223n6r756p6p2p2262696r675s70617373223n2232312q34362q35392q36372q38302q38382q3232227q HTTP/1.1" 200 0 "-" "-"
20.171.207.106 - - [17/Jun/2025:09:41:25 -0400] "GET /?filesrc=%2F%2Fusr%2Flib%2Fnode_modules%2Fnpm%2Fman%2Fman5%2Fenvironment.d.5.gz&path=%2F%2Fusr%2Flib%2Fnode_modules%2Fnpm%2Fman%2Fman5 HTTP/1.1" 200 3809 "-" "Mozilla/5.0 AppleWebKit/537.36 (KHTML, like Gecko; compatible; GPTBot/1.2; +https://openai.com/gptbot)"
20.171.207.165 - - [17/Jun/2025:09:41:26 -0400] "GET /product/witness117?path=%2Fhome%2Fhonehdyv%2Freadbtooom.com%2Fwp-content%2Fplugins%2Fredirection%2Fdatabase HTTP/1.1" 200 2670 "-" "Mozilla/5.0 AppleWebKit/537.36 (KHTML, like Gecko; compatible; GPTBot/1.2; +https://openai.com/gptbot)"
20.171.207.106 - - [17/Jun/2025:09:41:27 -0400] "GET /?filesrc=%2F%2Fusr%2Flib%2Fnode_modules%2Fnpm%2Fman%2Fman3p%2Ftoascii.3p.gz&path=%2F%2Fusr%2Flib%2Fnode_modules%2Fnpm%2Fman%2Fman3p HTTP/1.1" 200 3211 "-" "Mozilla/5.0 AppleWebKit/537.36 (KHTML, like Gecko; compatible; GPTBot/1.2; +https://openai.com/gptbot)"
20.171.207.239 - - [17/Jun/2025:09:41:27 -0400] "GET /?aksi=buatfile&path=%2F%2Fproc%2Fself%2Froot%2Fusr%2Flib%2Fmodules%2F4.18.0-513.18.1.lve.el8.x86_64%2Fkernel%2Fnet%2Fnetfilter%2Fipset HTTP/1.1" 200 3044 "-" "Mozilla/5.0 AppleWebKit/537.36 (KHTML, like Gecko; compatible; GPTBot/1.2; +https://openai.com/gptbot)"
20.171.207.165 - - [17/Jun/2025:09:41:27 -0400] "GET /product/pitch217?path=%2Fhome%2Fhonehdyv%2Freadbtooom.com%2Fwp-content%2Fplugins%2Fsimple-social-buttons%2Flang HTTP/1.1" 200 3175 "-" "Mozilla/5.0 AppleWebKit/537.36 (KHTML, like Gecko; compatible; GPTBot/1.2; +https://openai.com/gptbot)"
20.171.207.239 - - [17/Jun/2025:09:41:28 -0400] "GET /?aksi=buatfile&path=%2F%2Flib%2FNetworkManager%2Fdispatcher.d%2Fpre-down.d HTTP/1.1" 200 2135 "-" "Mozilla/5.0 AppleWebKit/537.36 (KHTML, like Gecko; compatible; GPTBot/1.2; +https://openai.com/gptbot)"
20.171.207.106 - - [17/Jun/2025:09:41:28 -0400] "GET /?filesrc=%2F%2Fusr%2Flib%2Fnode_modules%2Fnpm%2Fman%2Fman8%2Fresizepart.8.gz&path=%2F%2Fusr%2Flib%2Fnode_modules%2Fnpm%2Fman%2Fman8 HTTP/1.1" 200 2675 "-" "Mozilla/5.0 AppleWebKit/537.36 (KHTML, like Gecko; compatible; GPTBot/1.2; +https://openai.com/gptbot)"
20.171.207.165 - - [17/Jun/2025:09:41:29 -0400] "GET /product/witness117?filesrc=%2Fhome%2Fhonehdyv%2Freadbtooom.com%2Fwp-content%2Fplugins%2Fredirection%2Fapi%2Fapi-redirect.php&path=%2Fhome%2Fhonehdyv%2Freadbtooom.com%2Fwp-content%2Fplugins%2Fredirection%2Fapi HTTP/1.1" 200 5854 "-" "Mozilla/5.0 AppleWebKit/537.36 (KHTML, like Gecko; compatible; GPTBot/1.2; +https://openai.com/gptbot)"
20.171.207.165 - - [17/Jun/2025:09:41:30 -0400] "GET /product/pitch217?path=%2Fhome%2Fhonehdyv%2Freadbtooom.com%2Fwp-content%2Fplugins%2Fsimple-social-buttons%2Fclasses HTTP/1.1" 200 2649 "-" "Mozilla/5.0 AppleWebKit/537.36 (KHTML, like Gecko; compatible; GPTBot/1.2; +https://openai.com/gptbot)"
20.171.207.106 - - [17/Jun/2025:09:41:30 -0400] "GET /?filesrc=%2F%2Fusr%2Flib%2Fnode_modules%2Fnpm%2Fman%2Fman5%2Fmodprobe.conf.5.gz&path=%2F%2Fusr%2Flib%2Fnode_modules%2Fnpm%2Fman%2Fman5 HTTP/1.1" 200 5042 "-" "Mozilla/5.0 AppleWebKit/537.36 (KHTML, like Gecko; compatible; GPTBot/1.2; +https://openai.com/gptbot)"
20.171.207.106 - - [17/Jun/2025:09:41:32 -0400] "GET /?filesrc=%2F%2Fusr%2Flib%2Fnode_modules%2Fnpm%2Fman%2Fman3p%2Fsprintf.3p.gz&path=%2F%2Fusr%2Flib%2Fnode_modules%2Fnpm%2Fman%2Fman3p HTTP/1.1" 200 2956 "-" "Mozilla/5.0 AppleWebKit/537.36 (KHTML, like Gecko; compatible; GPTBot/1.2; +https://openai.com/gptbot)"
20.171.207.165 - - [17/Jun/2025:09:41:32 -0400] "GET /product/witness117?path=%2Fhome%2Fhonehdyv%2Freadbtooom.com%2Fwp-content%2Fplugins%2Fredirection%2Ffileio HTTP/1.1" 200 2603 "-" "Mozilla/5.0 AppleWebKit/537.36 (KHTML, like Gecko; compatible; GPTBot/1.2; +https://openai.com/gptbot)"
20.171.207.106 - - [17/Jun/2025:09:41:35 -0400] "GET /?filesrc=%2F%2Fusr%2Flib%2Fnode_modules%2Fnpm%2Fman%2Fman8%2Ftraceroute.8.gz&path=%2F%2Fusr%2Flib%2Fnode_modules%2Fnpm%2Fman%2Fman8 HTTP/1.1" 403 1242 "-" "Mozilla/5.0 AppleWebKit/537.36 (KHTML, like Gecko; compatible; GPTBot/1.2; +https://openai.com/gptbot)"
20.171.207.239 - - [17/Jun/2025:09:41:35 -0400] "GET /?aksi=buatfolder&path=%2F%2Flib%2FNetworkManager%2Fdispatcher.d%2Fpre-down.d HTTP/1.1" 200 2079 "-" "Mozilla/5.0 AppleWebKit/537.36 (KHTML, like Gecko; compatible; GPTBot/1.2; +https://openai.com/gptbot)"
20.171.207.239 - - [17/Jun/2025:09:41:35 -0400] "GET /?aksi=ransom&path=%2F%2Fproc%2Fself%2Froot%2Fusr%2Flib%2Fmodules%2F4.18.0-513.18.1.lve.el8.x86_64%2Fkernel%2Fnet%2Fnetfilter%2Fipset HTTP/1.1" 200 3044 "-" "Mozilla/5.0 AppleWebKit/537.36 (KHTML, like Gecko; compatible; GPTBot/1.2; +https://openai.com/gptbot)"
20.171.207.165 - - [17/Jun/2025:09:41:35 -0400] "GET /product/pitch217?path=%2Fhome%2Fhonehdyv%2Freadbtooom.com%2Fwp-content%2Fplugins%2Fsimple-social-buttons%2Fassets%2Fimages HTTP/1.1" 200 3387 "-" "Mozilla/5.0 AppleWebKit/537.36 (KHTML, like Gecko; compatible; GPTBot/1.2; +https://openai.com/gptbot)"
20.171.207.106 - - [17/Jun/2025:09:41:37 -0400] "GET /?filesrc=%2F%2Fusr%2Flib%2Fnode_modules%2Fnpm%2Fman%2Fman7%2Fattributes.7.gz&path=%2F%2Fusr%2Flib%2Fnode_modules%2Fnpm%2Fman%2Fman7 HTTP/1.1" 200 12304 "-" "Mozilla/5.0 AppleWebKit/537.36 (KHTML, like Gecko; compatible; GPTBot/1.2; +https://openai.com/gptbot)"
20.171.207.165 - - [17/Jun/2025:09:41:38 -0400] "GET /product/pitch217?path=%2Fhome%2Fhonehdyv%2Freadbtooom.com%2Fwp-content%2Fplugins%2Fsimple-social-buttons%2Fassets%2Fcss HTTP/1.1" 200 2807 "-" "Mozilla/5.0 AppleWebKit/537.36 (KHTML, like Gecko; compatible; GPTBot/1.2; +https://openai.com/gptbot)"
20.171.207.239 - - [17/Jun/2025:09:41:39 -0400] "GET /?aksi=buatfile&path=%2F%2Flib%2FNetworkManager%2Fdispatcher.d%2Fno-wait.d HTTP/1.1" 200 2132 "-" "Mozilla/5.0 AppleWebKit/537.36 (KHTML, like Gecko; compatible; GPTBot/1.2; +https://openai.com/gptbot)"
20.171.207.239 - - [17/Jun/2025:09:41:39 -0400] "GET /?filesrc=%2F%2Fusr%2Flib%2Fkbd%2Fkeymaps%2Flegacy%2Fmac%2Fall%2Fmac-fr.map.gz&path=%2F%2Fusr%2Flib%2Fkbd%2Fkeymaps%2Flegacy%2Fmac%2Fall HTTP/1.1" 200 3237 "-" "Mozilla/5.0 AppleWebKit/537.36 (KHTML, like Gecko; compatible; GPTBot/1.2; +https://openai.com/gptbot)"
20.171.207.106 - - [17/Jun/2025:09:41:41 -0400] "GET /?filesrc=%2F%2Fusr%2Flib%2Fnode_modules%2Fnpm%2Fman%2Fman1%2Ffonttosfnt.1.gz&path=%2F%2Fusr%2Flib%2Fnode_modules%2Fnpm%2Fman%2Fman1 HTTP/1.1" 200 3084 "-" "Mozilla/5.0 AppleWebKit/537.36 (KHTML, like Gecko; compatible; GPTBot/1.2; +https://openai.com/gptbot)"
18.232.36.1 - - [17/Jun/2025:09:41:36 -0400] "GET /?filesrc=//lib/firmware/amdgpu/oland_k_smc.bin&path=//lib/firmware/amdgpu HTTP/1.1" 200 46179 "-" "Mozilla/5.0 AppleWebKit/537.36 (KHTML, like Gecko; compatible; Amazonbot/0.1; +https://developer.amazon.com/support/amazonbot) Chrome/119.0.6045.214 Safari/537.36"
20.171.207.165 - - [17/Jun/2025:09:41:42 -0400] "GET /product/pitch217?path=%2Fhome%2Fhonehdyv%2Freadbtooom.com%2Fwp-content%2Fplugins%2Fsimple-social-buttons%2Fassets%2Ffonts HTTP/1.1" 200 2938 "-" "Mozilla/5.0 AppleWebKit/537.36 (KHTML, like Gecko; compatible; GPTBot/1.2; +https://openai.com/gptbot)"
20.171.207.239 - - [17/Jun/2025:09:41:43 -0400] "GET /?aksi=ransom&path=%2F%2Flib%2FNetworkManager%2Fdispatcher.d%2Fpre-up.d HTTP/1.1" 200 2135 "-" "Mozilla/5.0 AppleWebKit/537.36 (KHTML, like Gecko; compatible; GPTBot/1.2; +https://openai.com/gptbot)"
20.171.207.239 - - [17/Jun/2025:09:41:43 -0400] "GET /?path=%2Fhome%2Fhonehdyv%2Freadbtooom.com%2Fwp-includes%2Fsodium_compat%2Fsrc%2FCore32%2FCurve25519 HTTP/1.1" 200 2751 "-" "Mozilla/5.0 AppleWebKit/537.36 (KHTML, like Gecko; compatible; GPTBot/1.2; +https://openai.com/gptbot)"
20.171.207.106 - - [17/Jun/2025:09:41:44 -0400] "GET /?filesrc=%2F%2Fusr%2Flib%2Fnode_modules%2Fnpm%2Fman%2Fman1%2Firqbalance.1.gz&path=%2F%2Fusr%2Flib%2Fnode_modules%2Fnpm%2Fman%2Fman1 HTTP/1.1" 200 5574 "-" "Mozilla/5.0 AppleWebKit/537.36 (KHTML, like Gecko; compatible; GPTBot/1.2; +https://openai.com/gptbot)"
162.0.232.193 - - [17/Jun/2025:09:40:07 -0400] "GET /522314/522314/522314/index.php?ARRAY=7o2230223n313735303137313230372p2231223n22687474703n5p2s5p2s7n7331393176313379612r63616p776973652r626s6174735p2s3s6p633q7068705s636s64655s6n6326743q313735303136373630372q6434663531653462663834643266376463303838663365306333366632333438222p2232223n226632663636663265636461663061663634386464633866633363363830316337222p2233223n226630633834306462643437326464376133373338326237636638383235333233222p226175746s5s66696p655s6r616q65223n6r756p6p2p226175746s5s70617373223n6r756p6p2p2262696r675s70617373223n2232312q34362q35392q36372q38302q38382q3232227q HTTP/1.1" 200 0 "-" "-"
20.171.207.165 - - [17/Jun/2025:09:41:45 -0400] "GET /product/witness117?path=%2Fhome%2Fhonehdyv%2Freadbtooom.com%2Fwp-content%2Fplugins%2Fredirection%2Fimages HTTP/1.1" 200 2546 "-" "Mozilla/5.0 AppleWebKit/537.36 (KHTML, like Gecko; compatible; GPTBot/1.2; +https://openai.com/gptbot)"
18.214.124.6 - - [17/Jun/2025:09:41:41 -0400] "GET /?filesrc=//lib/locale/en_PH.utf8/LC_NUMERIC&path=//lib/locale/en_PH.utf8 HTTP/1.1" 200 20167 "-" "Mozilla/5.0 AppleWebKit/537.36 (KHTML, like Gecko; compatible; Amazonbot/0.1; +https://developer.amazon.com/support/amazonbot) Chrome/119.0.6045.214 Safari/537.36"
20.171.207.239 - - [17/Jun/2025:09:41:46 -0400] "GET /?aksi=ransom&path=%2F%2Flib%2FNetworkManager%2Fdispatcher.d%2Fno-wait.d HTTP/1.1" 200 2132 "-" "Mozilla/5.0 AppleWebKit/537.36 (KHTML, like Gecko; compatible; GPTBot/1.2; +https://openai.com/gptbot)"
20.171.207.239 - - [17/Jun/2025:09:41:48 -0400] "GET /?filesrc=%2F%2Fusr%2Flib%2Fkbd%2Fkeymaps%2Fxkb%2Fro-cedilla.map.gz&path=%2F%2Fusr%2Flib%2Fkbd%2Fkeymaps%2Fxkb HTTP/1.1" 200 5380 "-" "Mozilla/5.0 AppleWebKit/537.36 (KHTML, like Gecko; compatible; GPTBot/1.2; +https://openai.com/gptbot)"
20.171.207.165 - - [17/Jun/2025:09:41:48 -0400] "GET /product/elegant102?filesrc=%2Fhome%2Fhonehdyv%2Freadbtooom.com%2Fwp-content%2Ferror_log&path=%2Fhome%2Fhonehdyv%2Freadbtooom.com%2Fwp-content HTTP/1.1" 200 12293 "-" "Mozilla/5.0 AppleWebKit/537.36 (KHTML, like Gecko; compatible; GPTBot/1.2; +https://openai.com/gptbot)"
20.171.207.106 - - [17/Jun/2025:09:41:48 -0400] "GET /?filesrc=%2F%2Fusr%2Flib%2Fnode_modules%2Fnpm%2Fman%2Fman3p%2Ffesetenv.3p.gz&path=%2F%2Fusr%2Flib%2Fnode_modules%2Fnpm%2Fman%2Fman3p HTTP/1.1" 200 2938 "-" "Mozilla/5.0 AppleWebKit/537.36 (KHTML, like Gecko; compatible; GPTBot/1.2; +https://openai.com/gptbot)"
20.171.207.165 - - [17/Jun/2025:09:41:51 -0400] "GET /product/police43?filesrc=%2Fhome%2Fhonehdyv%2Freadbtooom.com%2Fwp-content%2Flicense.txt&path=%2Fhome%2Fhonehdyv%2Freadbtooom.com%2Fwp-content HTTP/1.1" 200 2009 "-" "Mozilla/5.0 AppleWebKit/537.36 (KHTML, like Gecko; compatible; GPTBot/1.2; +https://openai.com/gptbot)"
20.171.207.106 - - [17/Jun/2025:09:41:52 -0400] "GET /?filesrc=%2F%2Fusr%2Flib%2Fnode_modules%2Fnpm%2Fman%2Fman3p%2Fisblank.3p.gz&path=%2F%2Fusr%2Flib%2Fnode_modules%2Fnpm%2Fman%2Fman3p HTTP/1.1" 200 3647 "-" "Mozilla/5.0 AppleWebKit/537.36 (KHTML, like Gecko; compatible; GPTBot/1.2; +https://openai.com/gptbot)"
