20.171.207.106 - - [17/Jun/2025:08:20:05 -0400] "GET /?filesrc=%2F%2Fusr%2Flib%2Fnode_modules%2Fnpm%2Fman%2Fman2%2Flock.2.gz&path=%2F%2Fusr%2Flib%2Fnode_modules%2Fnpm%2Fman%2Fman2 HTTP/1.1" 200 2091 "-" "Mozilla/5.0 AppleWebKit/537.36 (KHTML, like Gecko; compatible; GPTBot/1.2; +https://openai.com/gptbot)"
54.209.100.30 - - [17/Jun/2025:08:20:08 -0400] "GET /?path=//var/lib/mysql/hungerfoodbank_876 HTTP/1.1" 200 0 "-" "Mozilla/5.0 AppleWebKit/537.36 (KHTML, like Gecko; compatible; Amazonbot/0.1; +https://developer.amazon.com/support/amazonbot) Chrome/119.0.6045.214 Safari/537.36"
20.171.207.239 - - [17/Jun/2025:08:20:06 -0400] "GET /?aksi=ransom&path=%2F%2Fproc%2Fself%2Fcwd%2F.well-known HTTP/1.1" 200 2571 "-" "Mozilla/5.0 AppleWebKit/537.36 (KHTML, like Gecko; compatible; GPTBot/1.2; +https://openai.com/gptbot)"
20.171.207.239 - - [17/Jun/2025:08:20:07 -0400] "GET /?aksi=buatfolder&path=%2F%2Fproc%2Fself%2Froot%2Fusr%2Flib%2Fmodules%2F4.18.0-553.lve.el8.x86_64%2Fkernel%2Fdrivers%2Fgpu%2Fdrm%2Famd HTTP/1.1" 301 2174 "-" "Mozilla/5.0 AppleWebKit/537.36 (KHTML, like Gecko; compatible; GPTBot/1.2; +https://openai.com/gptbot)"
20.171.207.165 - - [17/Jun/2025:08:20:07 -0400] "GET /unique276031551.html?path=%2F%2Fhome3 HTTP/1.1" 200 2082 "-" "Mozilla/5.0 AppleWebKit/537.36 (KHTML, like Gecko; compatible; GPTBot/1.2; +https://openai.com/gptbot)"
44.205.180.155 - - [17/Jun/2025:08:20:04 -0400] "GET /?path=//var/lib/mysql/resebrtl_spicefactor HTTP/1.1" 200 20210 "-" "Mozilla/5.0 AppleWebKit/537.36 (KHTML, like Gecko; compatible; Amazonbot/0.1; +https://developer.amazon.com/support/amazonbot) Chrome/119.0.6045.214 Safari/537.36"
20.171.207.106 - - [17/Jun/2025:08:20:09 -0400] "GET /?filesrc=%2F%2Fusr%2Flib%2Fnode_modules%2Fnpm%2Fman%2Fman2%2Fwaitid.2.gz&path=%2F%2Fusr%2Flib%2Fnode_modules%2Fnpm%2Fman%2Fman2 HTTP/1.1" 301 2089 "-" "Mozilla/5.0 AppleWebKit/537.36 (KHTML, like Gecko; compatible; GPTBot/1.2; +https://openai.com/gptbot)"
216.73.216.225 - - [17/Jun/2025:08:20:10 -0400] "GET /overturning/po1466264944.shtml?filesrc=%2Fhome%2Fhonehdyv%2Freadbtooom.com%2Frobots.txt&path=%2Fhome%2Fhonehdyv%2Freadbtooom.com HTTP/1.1" 200 2082 "-" "Mozilla/5.0 AppleWebKit/537.36 (KHTML, like Gecko; compatible; ClaudeBot/1.0; [email protected])"
20.171.207.239 - - [17/Jun/2025:08:20:14 -0400] "GET /?aksi=buatfolder&path=%2Fhome%2Fhonehdyv%2Freadbtooom.com HTTP/1.1" 200 0 "-" "Mozilla/5.0 AppleWebKit/537.36 (KHTML, like Gecko; compatible; GPTBot/1.2; +https://openai.com/gptbot)"
20.171.207.239 - - [17/Jun/2025:08:20:11 -0400] "GET /?aksi=buatfolder&path=%2F%2Fproc%2Fself%2Froot%2Fusr%2Flib%2Fmodules%2F4.18.0-553.lve.el8.x86_64%2Fkernel%2Fdrivers%2Fgpu%2Fdrm%2Fudl HTTP/1.1" 200 2173 "-" "Mozilla/5.0 AppleWebKit/537.36 (KHTML, like Gecko; compatible; GPTBot/1.2; +https://openai.com/gptbot)"
20.171.207.106 - - [17/Jun/2025:08:20:12 -0400] "GET /?filesrc=%2F%2Fusr%2Flib%2Fnode_modules%2Fnpm%2Fman%2Fman2%2Ftgkill.2.gz&path=%2F%2Fusr%2Flib%2Fnode_modules%2Fnpm%2Fman%2Fman2 HTTP/1.1" 200 2090 "-" "Mozilla/5.0 AppleWebKit/537.36 (KHTML, like Gecko; compatible; GPTBot/1.2; +https://openai.com/gptbot)"
54.144.185.255 - - [17/Jun/2025:08:20:12 -0400] "GET /?path=//var/lib/mysql/formptej_easy HTTP/1.1" 200 20177 "-" "Mozilla/5.0 AppleWebKit/537.36 (KHTML, like Gecko; compatible; Amazonbot/0.1; +https://developer.amazon.com/support/amazonbot) Chrome/119.0.6045.214 Safari/537.36"
216.73.216.225 - - [17/Jun/2025:08:20:15 -0400] "GET /parlor/products/f/1469087876.shtml?filesrc=%2Fhome%2Fhonehdyv%2Freadbtooom.com%2Fsearch.php&path=%2Fhome%2Fhonehdyv%2Freadbtooom.com HTTP/1.1" 200 2826 "-" "Mozilla/5.0 AppleWebKit/537.36 (KHTML, like Gecko; compatible; ClaudeBot/1.0; [email protected])"
20.171.207.239 - - [17/Jun/2025:08:20:15 -0400] "GET /?aksi=buatfile&path=%2F%2Fproc%2Fself%2Froot%2Fusr%2Flib%2Fmodules%2F4.18.0-553.lve.el8.x86_64%2Fkernel%2Fdrivers%2Fgpu%2Fdrm%2Famd HTTP/1.1" 301 2514 "-" "Mozilla/5.0 AppleWebKit/537.36 (KHTML, like Gecko; compatible; GPTBot/1.2; +https://openai.com/gptbot)"
20.171.207.165 - - [17/Jun/2025:08:20:16 -0400] "GET /product/suffer267?filesrc=%2Fhome%2Fhonehdyv%2Freadbtooom.com%2Fwp-content%2Fdoge.gif&path=%2Fhome%2Fhonehdyv%2Freadbtooom.com%2Fwp-content HTTP/1.1" 200 2010 "-" "Mozilla/5.0 AppleWebKit/537.36 (KHTML, like Gecko; compatible; GPTBot/1.2; +https://openai.com/gptbot)"
20.171.207.239 - - [17/Jun/2025:08:20:18 -0400] "GET /?aksi=buatfolder&path=%2F%2Fproc%2Fself%2Froot%2Fusr%2Flib%2Fmodules%2F4.18.0-553.lve.el8.x86_64%2Fkernel%2Fdrivers%2Fgpu%2Fdrm%2Fi2c HTTP/1.1" 200 0 "-" "Mozilla/5.0 AppleWebKit/537.36 (KHTML, like Gecko; compatible; GPTBot/1.2; +https://openai.com/gptbot)"
20.171.207.106 - - [17/Jun/2025:08:20:17 -0400] "GET /?filesrc=%2F%2Fusr%2Flib%2Fnode_modules%2Fnpm%2Fman%2Fman2%2Ffchdir.2.gz&path=%2F%2Fusr%2Flib%2Fnode_modules%2Fnpm%2Fman%2Fman2 HTTP/1.1" 200 2088 "-" "Mozilla/5.0 AppleWebKit/537.36 (KHTML, like Gecko; compatible; GPTBot/1.2; +https://openai.com/gptbot)"
52.1.106.130 - - [17/Jun/2025:08:20:20 -0400] "GET /?path=//var/lib/mysql/cariifse_serene HTTP/1.1" 200 0 "-" "Mozilla/5.0 AppleWebKit/537.36 (KHTML, like Gecko; compatible; Amazonbot/0.1; +https://developer.amazon.com/support/amazonbot) Chrome/119.0.6045.214 Safari/537.36"
20.171.207.106 - - [17/Jun/2025:08:20:21 -0400] "GET /?filesrc=%2F%2Fusr%2Flib%2Fnode_modules%2Fnpm%2Fman%2Fman2%2Fsysctl.2.gz&path=%2F%2Fusr%2Flib%2Fnode_modules%2Fnpm%2Fman%2Fman2 HTTP/1.1" 200 4617 "-" "Mozilla/5.0 AppleWebKit/537.36 (KHTML, like Gecko; compatible; GPTBot/1.2; +https://openai.com/gptbot)"
20.171.207.239 - - [17/Jun/2025:08:20:22 -0400] "GET /?aksi=buatfile&path=%2F%2Fproc%2Fself%2Froot%2Fusr%2Flib%2Fmodules%2F4.18.0-553.lve.el8.x86_64%2Fkernel%2Fdrivers%2Fgpu%2Fdrm%2Fi2c HTTP/1.1" 200 2580 "-" "Mozilla/5.0 AppleWebKit/537.36 (KHTML, like Gecko; compatible; GPTBot/1.2; +https://openai.com/gptbot)"
20.171.207.239 - - [17/Jun/2025:08:20:22 -0400] "GET /?filesrc=%2F%2Flib64%2Fpython3.8%2Flib2to3%2F__main__.py&path=%2F%2Flib64%2Fpython3.8%2Flib2to3 HTTP/1.1" 200 2050 "-" "Mozilla/5.0 AppleWebKit/537.36 (KHTML, like Gecko; compatible; GPTBot/1.2; +https://openai.com/gptbot)"
20.171.207.165 - - [17/Jun/2025:08:20:23 -0400] "GET /product/suffer267?filesrc=%2Fhome%2Fhonehdyv%2Freadbtooom.com%2Fwp-content%2Findex.php&path=%2Fhome%2Fhonehdyv%2Freadbtooom.com%2Fwp-content HTTP/1.1" 200 2030 "-" "Mozilla/5.0 AppleWebKit/537.36 (KHTML, like Gecko; compatible; GPTBot/1.2; +https://openai.com/gptbot)"
20.171.207.106 - - [17/Jun/2025:08:20:24 -0400] "GET /?filesrc=%2F%2Fusr%2Flib%2Fnode_modules%2Fnpm%2Fman%2Fman2%2Flinkat.2.gz&path=%2F%2Fusr%2Flib%2Fnode_modules%2Fnpm%2Fman%2Fman2 HTTP/1.1" 200 2080 "-" "Mozilla/5.0 AppleWebKit/537.36 (KHTML, like Gecko; compatible; GPTBot/1.2; +https://openai.com/gptbot)"
20.171.207.239 - - [17/Jun/2025:08:20:25 -0400] "GET /?aksi=ransom&path=%2F%2Fproc%2Fself%2Froot%2Fusr%2Flib%2Fmodules%2F4.18.0-553.lve.el8.x86_64%2Fkernel%2Fdrivers%2Fgpu%2Fdrm%2Fudl HTTP/1.1" 301 2543 "-" "Mozilla/5.0 AppleWebKit/537.36 (KHTML, like Gecko; compatible; GPTBot/1.2; +https://openai.com/gptbot)"
50.19.79.213 - - [17/Jun/2025:08:20:24 -0400] "GET /?filesrc=//lib/firmware/radeon/REDWOOD_pfp.bin&path=//lib/firmware/radeon HTTP/1.1" 200 22188 "-" "Mozilla/5.0 AppleWebKit/537.36 (KHTML, like Gecko; compatible; Amazonbot/0.1; +https://developer.amazon.com/support/amazonbot) Chrome/119.0.6045.214 Safari/537.36"
20.171.207.239 - - [17/Jun/2025:08:20:26 -0400] "GET /?filesrc=%2F%2Flib64%2Ftcl8.6%2FTix8.4.3%2Fbitmaps%2Ffolder.gif&path=%2F%2Flib64%2Ftcl8.6%2FTix8.4.3%2Fbitmaps HTTP/1.1" 200 2125 "-" "Mozilla/5.0 AppleWebKit/537.36 (KHTML, like Gecko; compatible; GPTBot/1.2; +https://openai.com/gptbot)"
20.171.207.106 - - [17/Jun/2025:08:20:27 -0400] "GET /?filesrc=%2F%2Fusr%2Flib%2Fnode_modules%2Fnpm%2Fman%2Fman2%2Ffork.2.gz&path=%2F%2Fusr%2Flib%2Fnode_modules%2Fnpm%2Fman%2Fman2 HTTP/1.1" 301 5860 "-" "Mozilla/5.0 AppleWebKit/537.36 (KHTML, like Gecko; compatible; GPTBot/1.2; +https://openai.com/gptbot)"
20.171.207.165 - - [17/Jun/2025:08:20:30 -0400] "GET /differ118005499.html?path=%2F%2Fhome1 HTTP/1.1" 200 2084 "-" "Mozilla/5.0 AppleWebKit/537.36 (KHTML, like Gecko; compatible; GPTBot/1.2; +https://openai.com/gptbot)"
20.171.207.239 - - [17/Jun/2025:08:20:30 -0400] "GET /?aksi=ransom&path=%2F%2Fproc%2Fself%2Froot%2Fusr%2Flib%2Fmodules%2F4.18.0-553.lve.el8.x86_64%2Fkernel%2Fdrivers%2Fgpu%2Fdrm%2Fqxl HTTP/1.1" 200 2544 "-" "Mozilla/5.0 AppleWebKit/537.36 (KHTML, like Gecko; compatible; GPTBot/1.2; +https://openai.com/gptbot)"
20.171.207.239 - - [17/Jun/2025:08:20:31 -0400] "GET /?filesrc=%2F%2Flib64%2Ftcl8.6%2FTix8.4.3%2Fbitmaps%2Ffolder.xpm&path=%2F%2Flib64%2Ftcl8.6%2FTix8.4.3%2Fbitmaps HTTP/1.1" 200 2180 "-" "Mozilla/5.0 AppleWebKit/537.36 (KHTML, like Gecko; compatible; GPTBot/1.2; +https://openai.com/gptbot)"
20.171.207.106 - - [17/Jun/2025:08:20:31 -0400] "GET /?filesrc=%2F%2Fusr%2Flib%2Fnode_modules%2Fnpm%2Fman%2Fman5%2Fconsole.apps.5.gz&path=%2F%2Fusr%2Flib%2Fnode_modules%2Fnpm%2Fman%2Fman5 HTTP/1.1" 200 2553 "-" "Mozilla/5.0 AppleWebKit/537.36 (KHTML, like Gecko; compatible; GPTBot/1.2; +https://openai.com/gptbot)"
20.171.207.239 - - [17/Jun/2025:08:20:32 -0400] "GET /?aksi=ransom&path=%2F%2Fproc%2Fself%2Froot%2Fusr%2Flib%2Fmodules%2F4.18.0-553.lve.el8.x86_64%2Fkernel%2Fdrivers%2Fgpu%2Fdrm%2Famd HTTP/1.1" 200 2514 "-" "Mozilla/5.0 AppleWebKit/537.36 (KHTML, like Gecko; compatible; GPTBot/1.2; +https://openai.com/gptbot)"
18.213.102.186 - - [17/Jun/2025:08:20:32 -0400] "GET /?aksi=buatfile&path=//var/softaculous/roundcube HTTP/1.1" 200 21250 "-" "Mozilla/5.0 AppleWebKit/537.36 (KHTML, like Gecko; compatible; Amazonbot/0.1; +https://developer.amazon.com/support/amazonbot) Chrome/119.0.6045.214 Safari/537.36"
20.171.207.165 - - [17/Jun/2025:08:20:36 -0400] "GET /product/suffer267?filesrc=%2Fhome%2Fhonehdyv%2Freadbtooom.com%2Fwp-content%2F6f5&path=%2Fhome%2Fhonehdyv%2Freadbtooom.com%2Fwp-content HTTP/1.1" 200 0 "-" "Mozilla/5.0 AppleWebKit/537.36 (KHTML, like Gecko; compatible; GPTBot/1.2; +https://openai.com/gptbot)"
20.171.207.106 - - [17/Jun/2025:08:20:35 -0400] "GET /?filesrc=%2F%2Fusr%2Flib%2Fnode_modules%2Fnpm%2Fman%2Fman8%2Fpam_console.8.gz&path=%2F%2Fusr%2Flib%2Fnode_modules%2Fnpm%2Fman%2Fman8 HTTP/1.1" 200 3822 "-" "Mozilla/5.0 AppleWebKit/537.36 (KHTML, like Gecko; compatible; GPTBot/1.2; +https://openai.com/gptbot)"
20.171.207.239 - - [17/Jun/2025:08:20:38 -0400] "GET /?filesrc=%2F%2Flib64%2Ftcl8.6%2FTix8.4.3%2Fbitmaps%2Ffolder.xbm&path=%2F%2Flib64%2Ftcl8.6%2FTix8.4.3%2Fbitmaps HTTP/1.1" 200 0 "-" "Mozilla/5.0 AppleWebKit/537.36 (KHTML, like Gecko; compatible; GPTBot/1.2; +https://openai.com/gptbot)"
20.171.207.239 - - [17/Jun/2025:08:20:37 -0400] "GET /?aksi=ransom&path=%2F%2Fproc%2Fself%2Froot%2Fusr%2Flib%2Fmodules%2F4.18.0-553.lve.el8.x86_64%2Fkernel%2Fdrivers%2Fgpu%2Fdrm%2Fi2c HTTP/1.1" 200 2580 "-" "Mozilla/5.0 AppleWebKit/537.36 (KHTML, like Gecko; compatible; GPTBot/1.2; +https://openai.com/gptbot)"
44.205.74.196 - - [17/Jun/2025:08:20:36 -0400] "GET /?path=//var/lib/mysql/bowateup_sales HTTP/1.1" 200 20218 "-" "Mozilla/5.0 AppleWebKit/537.36 (KHTML, like Gecko; compatible; Amazonbot/0.1; +https://developer.amazon.com/support/amazonbot) Chrome/119.0.6045.214 Safari/537.36"
20.171.207.106 - - [17/Jun/2025:08:20:39 -0400] "GET /?filesrc=%2F%2Fusr%2Flib%2Fnode_modules%2Fnpm%2Fman%2Fman3p%2Fshm_open.3p.gz&path=%2F%2Fusr%2Flib%2Fnode_modules%2Fnpm%2Fman%2Fman3p HTTP/1.1" 200 6601 "-" "Mozilla/5.0 AppleWebKit/537.36 (KHTML, like Gecko; compatible; GPTBot/1.2; +https://openai.com/gptbot)"
20.171.207.239 - - [17/Jun/2025:08:20:40 -0400] "GET /?path=%2F%2Fproc%2Fself%2Froot%2Fusr%2Flib%2Fmodules%2F4.18.0-553.lve.el8.x86_64%2Fkernel%2Fdrivers%2Fgpu%2Fdrm%2Famd%2Famdgpu HTTP/1.1" 200 2545 "-" "Mozilla/5.0 AppleWebKit/537.36 (KHTML, like Gecko; compatible; GPTBot/1.2; +https://openai.com/gptbot)"
20.171.207.239 - - [17/Jun/2025:08:20:40 -0400] "GET /?filesrc=%2F%2Flib64%2Ftcl8.6%2FTix8.4.3%2Fbitmaps%2Fwarning.xpm&path=%2F%2Flib64%2Ftcl8.6%2FTix8.4.3%2Fbitmaps HTTP/1.1" 200 2244 "-" "Mozilla/5.0 AppleWebKit/537.36 (KHTML, like Gecko; compatible; GPTBot/1.2; +https://openai.com/gptbot)"
20.171.207.106 - - [17/Jun/2025:08:20:42 -0400] "GET /?filesrc=%2F%2Fusr%2Flib%2Fnode_modules%2Fnpm%2Fman%2Fman2%2Fsync_file_range.2.gz&path=%2F%2Fusr%2Flib%2Fnode_modules%2Fnpm%2Fman%2Fman2 HTTP/1.1" 200 4926 "-" "Mozilla/5.0 AppleWebKit/537.36 (KHTML, like Gecko; compatible; GPTBot/1.2; +https://openai.com/gptbot)"
20.171.207.165 - - [17/Jun/2025:08:20:42 -0400] "GET /product/suffer267?path=%2Fhome%2Fhonehdyv%2Freadbtooom.com%2Fwp-content%2Fplugins HTTP/1.1" 200 3153 "-" "Mozilla/5.0 AppleWebKit/537.36 (KHTML, like Gecko; compatible; GPTBot/1.2; +https://openai.com/gptbot)"
107.20.181.148 - - [17/Jun/2025:08:20:41 -0400] "GET /?filesrc=//var/softaculous/omeka/install.php&path=//var/softaculous/omeka HTTP/1.1" 200 23813 "-" "Mozilla/5.0 AppleWebKit/537.36 (KHTML, like Gecko; compatible; Amazonbot/0.1; +https://developer.amazon.com/support/amazonbot) Chrome/119.0.6045.214 Safari/537.36"
20.171.207.239 - - [17/Jun/2025:08:20:43 -0400] "GET /?filesrc=%2F%2Fproc%2Fself%2Froot%2Fusr%2Fshare%2Fman%2Fman3p%2Fy0.3p.gz&path=%2F%2Fproc%2Fself%2Froot%2Fusr%2Fshare%2Fman%2Fman3p HTTP/1.1" 301 3856 "-" "Mozilla/5.0 AppleWebKit/537.36 (KHTML, like Gecko; compatible; GPTBot/1.2; +https://openai.com/gptbot)"
52.7.33.248 - - [17/Jun/2025:08:20:44 -0400] "GET /?filesrc=//lib/firmware/aeonsemi/as21x1x_fw.bin&path=//lib/firmware/aeonsemi HTTP/1.1" 200 159167 "-" "Mozilla/5.0 AppleWebKit/537.36 (KHTML, like Gecko; compatible; Amazonbot/0.1; +https://developer.amazon.com/support/amazonbot) Chrome/119.0.6045.214 Safari/537.36"
20.171.207.239 - - [17/Jun/2025:08:20:45 -0400] "GET /?filesrc=%2F%2Fproc%2Fself%2Froot%2Fusr%2Fshare%2Fman%2Fman3p%2Flrand48.3p.gz&path=%2F%2Fproc%2Fself%2Froot%2Fusr%2Fshare%2Fman%2Fman3p HTTP/1.1" 200 2957 "-" "Mozilla/5.0 AppleWebKit/537.36 (KHTML, like Gecko; compatible; GPTBot/1.2; +https://openai.com/gptbot)"
20.171.207.239 - - [17/Jun/2025:08:20:44 -0400] "GET /?filesrc=%2F%2Flib64%2Ftcl8.6%2FTix8.4.3%2Fbitmaps%2Fck_off.xbm&path=%2F%2Flib64%2Ftcl8.6%2FTix8.4.3%2Fbitmaps HTTP/1.1" 200 2095 "-" "Mozilla/5.0 AppleWebKit/537.36 (KHTML, like Gecko; compatible; GPTBot/1.2; +https://openai.com/gptbot)"
20.171.207.106 - - [17/Jun/2025:08:20:44 -0400] "GET /?filesrc=%2F%2Fusr%2Flib%2Fnode_modules%2Fnpm%2Fman%2Fman5%2Fmodules.dep.5.gz&path=%2F%2Fusr%2Flib%2Fnode_modules%2Fnpm%2Fman%2Fman5 HTTP/1.1" 200 3144 "-" "Mozilla/5.0 AppleWebKit/537.36 (KHTML, like Gecko; compatible; GPTBot/1.2; +https://openai.com/gptbot)"
20.171.207.239 - - [17/Jun/2025:08:20:47 -0400] "GET /?filesrc=%2F%2Fproc%2Fself%2Froot%2Fusr%2Fshare%2Fman%2Fman3p%2Fj0.3p.gz&path=%2F%2Fproc%2Fself%2Froot%2Fusr%2Fshare%2Fman%2Fman3p HTTP/1.1" 200 3698 "-" "Mozilla/5.0 AppleWebKit/537.36 (KHTML, like Gecko; compatible; GPTBot/1.2; +https://openai.com/gptbot)"
20.171.207.106 - - [17/Jun/2025:08:20:47 -0400] "GET /?filesrc=%2F%2Fusr%2Flib%2Fnode_modules%2Fnpm%2Fman%2Fman3p%2Fsem_close.3p.gz&path=%2F%2Fusr%2Flib%2Fnode_modules%2Fnpm%2Fman%2Fman3p HTTP/1.1" 200 3515 "-" "Mozilla/5.0 AppleWebKit/537.36 (KHTML, like Gecko; compatible; GPTBot/1.2; +https://openai.com/gptbot)"
20.171.207.239 - - [17/Jun/2025:08:20:48 -0400] "GET /?filesrc=%2F%2Flib64%2Fgirepository-1.0%2Fxft-2.0.typelib&path=%2F%2Flib64%2Fgirepository-1.0 HTTP/1.1" 200 2246 "-" "Mozilla/5.0 AppleWebKit/537.36 (KHTML, like Gecko; compatible; GPTBot/1.2; +https://openai.com/gptbot)"
20.171.207.165 - - [17/Jun/2025:08:20:48 -0400] "GET /product/suffer267?filesrc=%2Fhome%2Fhonehdyv%2Freadbtooom.com%2Fwp-content%2Ferror_log&path=%2Fhome%2Fhonehdyv%2Freadbtooom.com%2Fwp-content HTTP/1.1" 200 12293 "-" "Mozilla/5.0 AppleWebKit/537.36 (KHTML, like Gecko; compatible; GPTBot/1.2; +https://openai.com/gptbot)"
54.235.172.108 - - [17/Jun/2025:08:20:48 -0400] "GET /?filesrc=//lib/locale/en_US.utf8@ampm/LC_MEASUREMENT&path=//lib/locale/en_US.utf8@ampm HTTP/1.1" 200 20141 "-" "Mozilla/5.0 AppleWebKit/537.36 (KHTML, like Gecko; compatible; Amazonbot/0.1; +https://developer.amazon.com/support/amazonbot) Chrome/119.0.6045.214 Safari/537.36"
20.171.207.106 - - [17/Jun/2025:08:20:50 -0400] "GET /?filesrc=%2F%2Fusr%2Flib%2Fnode_modules%2Fnpm%2Fman%2Fman5%2Flocal.users.5.gz&path=%2F%2Fusr%2Flib%2Fnode_modules%2Fnpm%2Fman%2Fman5 HTTP/1.1" 200 3126 "-" "Mozilla/5.0 AppleWebKit/537.36 (KHTML, like Gecko; compatible; GPTBot/1.2; +https://openai.com/gptbot)"
20.171.207.165 - - [17/Jun/2025:08:20:52 -0400] "GET /product/suffer267?path=%2Fhome%2Fhonehdyv%2Freadbtooom.com%2Fwp-content%2Fwp-rocket-config HTTP/1.1" 200 2663 "-" "Mozilla/5.0 AppleWebKit/537.36 (KHTML, like Gecko; compatible; GPTBot/1.2; +https://openai.com/gptbot)"
20.171.207.239 - - [17/Jun/2025:08:20:52 -0400] "GET /?filesrc=%2F%2Fproc%2Fself%2Froot%2Fusr%2Fshare%2Fman%2Fman3p%2Fexpm1.3p.gz&path=%2F%2Fproc%2Fself%2Froot%2Fusr%2Fshare%2Fman%2Fman3p HTTP/1.1" 200 4163 "-" "Mozilla/5.0 AppleWebKit/537.36 (KHTML, like Gecko; compatible; GPTBot/1.2; +https://openai.com/gptbot)"
20.171.207.239 - - [17/Jun/2025:08:20:52 -0400] "GET /?filesrc=%2F%2Flib64%2Fgirepository-1.0%2FGtk-2.0.typelib&path=%2F%2Flib64%2Fgirepository-1.0 HTTP/1.1" 200 152712 "-" "Mozilla/5.0 AppleWebKit/537.36 (KHTML, like Gecko; compatible; GPTBot/1.2; +https://openai.com/gptbot)"
20.171.207.106 - - [17/Jun/2025:08:20:53 -0400] "GET /?filesrc=%2F%2Fusr%2Flib%2Fnode_modules%2Fnpm%2Fman%2Fman2%2Fget_kernel_syms.2.gz&path=%2F%2Fusr%2Flib%2Fnode_modules%2Fnpm%2Fman%2Fman2 HTTP/1.1" 200 3563 "-" "Mozilla/5.0 AppleWebKit/537.36 (KHTML, like Gecko; compatible; GPTBot/1.2; +https://openai.com/gptbot)"
52.45.194.165 - - [17/Jun/2025:08:20:52 -0400] "GET /?filesrc=//lib/firmware/mellanox/mlxsw_spectrum3-30.2008.2406.mfa2&path=//lib/firmware/mellanox HTTP/1.1" 200 871131 "-" "Mozilla/5.0 AppleWebKit/537.36 (KHTML, like Gecko; compatible; Amazonbot/0.1; +https://developer.amazon.com/support/amazonbot) Chrome/119.0.6045.214 Safari/537.36"
20.171.207.106 - - [17/Jun/2025:08:20:57 -0400] "GET /?filesrc=%2F%2Fusr%2Flib%2Fnode_modules%2Fnpm%2Fman%2Fman2%2Fclock_getres.2.gz&path=%2F%2Fusr%2Flib%2Fnode_modules%2Fnpm%2Fman%2Fman2 HTTP/1.1" 301 6002 "-" "Mozilla/5.0 AppleWebKit/537.36 (KHTML, like Gecko; compatible; GPTBot/1.2; +https://openai.com/gptbot)"
20.171.207.165 - - [17/Jun/2025:08:20:56 -0400] "GET /product/suffer267?path=%2Fhome%2Fhonehdyv%2Freadbtooom.com%2Fwp-content%2Fcache%2Fmin HTTP/1.1" 301 2459 "-" "Mozilla/5.0 AppleWebKit/537.36 (KHTML, like Gecko; compatible; GPTBot/1.2; +https://openai.com/gptbot)"
20.171.207.239 - - [17/Jun/2025:08:20:57 -0400] "GET /?filesrc=%2F%2Flib64%2Fgirepository-1.0%2FGst-1.0.typelib&path=%2F%2Flib64%2Fgirepository-1.0 HTTP/1.1" 200 66158 "-" "Mozilla/5.0 AppleWebKit/537.36 (KHTML, like Gecko; compatible; GPTBot/1.2; +https://openai.com/gptbot)"
20.171.207.239 - - [17/Jun/2025:08:20:57 -0400] "GET /?filesrc=%2F%2Fproc%2Fself%2Froot%2Fusr%2Fshare%2Fsnmp%2Fmibs%2FRFC-1215.txt&path=%2F%2Fproc%2Fself%2Froot%2Fusr%2Fshare%2Fsnmp%2Fmibs HTTP/1.1" 200 2568 "-" "Mozilla/5.0 AppleWebKit/537.36 (KHTML, like Gecko; compatible; GPTBot/1.2; +https://openai.com/gptbot)"
20.171.207.165 - - [17/Jun/2025:08:20:58 -0400] "GET / HTTP/1.1" 200 3715 "-" "Mozilla/5.0 AppleWebKit/537.36 (KHTML, like Gecko; compatible; GPTBot/1.2; +https://openai.com/gptbot)"
98.83.8.142 - - [17/Jun/2025:08:20:56 -0400] "GET /?filesrc=//lib64/python3.8/tkinter/colorchooser.py&path=//lib64/python3.8/tkinter HTTP/1.1" 200 21137 "-" "Mozilla/5.0 AppleWebKit/537.36 (KHTML, like Gecko; compatible; Amazonbot/0.1; +https://developer.amazon.com/support/amazonbot) Chrome/119.0.6045.214 Safari/537.36"
20.171.207.106 - - [17/Jun/2025:08:20:58 -0400] "GET /?filesrc=%2F%2Fusr%2Flib%2Fnode_modules%2Fnpm%2Fman%2Fman3p%2Fsem_init.3p.gz&path=%2F%2Fusr%2Flib%2Fnode_modules%2Fnpm%2Fman%2Fman3p HTTP/1.1" 301 3699 "-" "Mozilla/5.0 AppleWebKit/537.36 (KHTML, like Gecko; compatible; GPTBot/1.2; +https://openai.com/gptbot)"
44.206.65.8 - - [17/Jun/2025:08:21:00 -0400] "GET /?aksi=buatfolder&path=//lib/firmware/e100 HTTP/1.1" 200 0 "-" "Mozilla/5.0 AppleWebKit/537.36 (KHTML, like Gecko; compatible; Amazonbot/0.1; +https://developer.amazon.com/support/amazonbot) Chrome/119.0.6045.214 Safari/537.36"
20.171.207.239 - - [17/Jun/2025:08:20:59 -0400] "GET /?aksi=buatfile&path=%2F%2Fusr%2Flib64%2Flibdnf HTTP/1.1" 301 2392 "-" "Mozilla/5.0 AppleWebKit/537.36 (KHTML, like Gecko; compatible; GPTBot/1.2; +https://openai.com/gptbot)"
20.171.207.239 - - [17/Jun/2025:08:20:59 -0400] "GET /?filesrc=%2Fhome%2Fhonehdyv%2Freadbtooom.com%2Fwp-includes%2Fblocks%2Fpost-content.php&path=%2Fhome%2Fhonehdyv%2Freadbtooom.com%2Fwp-includes%2Fblocks HTTP/1.1" 301 2987 "-" "Mozilla/5.0 AppleWebKit/537.36 (KHTML, like Gecko; compatible; GPTBot/1.2; +https://openai.com/gptbot)"
20.171.207.165 - - [17/Jun/2025:08:21:00 -0400] "GET /product/suffer267?path=%2Fhome%2Fhonehdyv%2Freadbtooom.com%2Fwp-content%2Fcache%2Fwp-rocket HTTP/1.1" 200 2705 "-" "Mozilla/5.0 AppleWebKit/537.36 (KHTML, like Gecko; compatible; GPTBot/1.2; +https://openai.com/gptbot)"
20.171.207.239 - - [17/Jun/2025:08:21:01 -0400] "GET /?filesrc=%2F%2Fusr%2Finclude%2Fsecurity%2Fpam_modutil.h&path=%2F%2Fusr%2Finclude%2Fsecurity HTTP/1.1" 301 3906 "-" "Mozilla/5.0 AppleWebKit/537.36 (KHTML, like Gecko; compatible; GPTBot/1.2; +https://openai.com/gptbot)"
20.171.207.239 - - [17/Jun/2025:08:21:01 -0400] "GET /?filesrc=%2F%2Flib%2Fgcc%2Fx86_64-redhat-linux%2F8%2Fcrtbegin.o&path=%2F%2Flib%2Fgcc%2Fx86_64-redhat-linux%2F8 HTTP/1.1" 301 2910 "-" "Mozilla/5.0 AppleWebKit/537.36 (KHTML, like Gecko; compatible; GPTBot/1.2; +https://openai.com/gptbot)"
20.171.207.106 - - [17/Jun/2025:08:21:01 -0400] "GET /?filesrc=%2F%2Fusr%2Flib%2Fnode_modules%2Fnpm%2Fman%2Fman2%2Fcopy_file_range.2.gz&path=%2F%2Fusr%2Flib%2Fnode_modules%2Fnpm%2Fman%2Fman2 HTTP/1.1" 200 4764 "-" "Mozilla/5.0 AppleWebKit/537.36 (KHTML, like Gecko; compatible; GPTBot/1.2; +https://openai.com/gptbot)"
20.171.207.165 - - [17/Jun/2025:08:21:03 -0400] "GET /product/suffer267?filesrc=%2Fhome%2Fhonehdyv%2Freadbtooom.com%2Fwp-content%2Fwp-configs.php&path=%2Fhome%2Fhonehdyv%2Freadbtooom.com%2Fwp-content HTTP/1.1" 200 0 "-" "Mozilla/5.0 AppleWebKit/537.36 (KHTML, like Gecko; compatible; GPTBot/1.2; +https://openai.com/gptbot)"
20.171.207.106 - - [17/Jun/2025:08:21:04 -0400] "GET /?filesrc=%2F%2Fusr%2Flib%2Fnode_modules%2Fnpm%2Fman%2Fman3p%2Faio_read.3p.gz&path=%2F%2Fusr%2Flib%2Fnode_modules%2Fnpm%2Fman%2Fman3p HTTP/1.1" 200 4602 "-" "Mozilla/5.0 AppleWebKit/537.36 (KHTML, like Gecko; compatible; GPTBot/1.2; +https://openai.com/gptbot)"
20.171.207.239 - - [17/Jun/2025:08:21:04 -0400] "GET /?filesrc=%2F%2Fusr%2Finclude%2Fsecurity%2Fpam_modules.h&path=%2F%2Fusr%2Finclude%2Fsecurity HTTP/1.1" 200 4051 "-" "Mozilla/5.0 AppleWebKit/537.36 (KHTML, like Gecko; compatible; GPTBot/1.2; +https://openai.com/gptbot)"
20.171.207.239 - - [17/Jun/2025:08:21:05 -0400] "GET /?filesrc=%2F%2Flib%2Fgcc%2Fx86_64-redhat-linux%2F8%2FcrtendS.o&path=%2F%2Flib%2Fgcc%2Fx86_64-redhat-linux%2F8 HTTP/1.1" 301 2490 "-" "Mozilla/5.0 AppleWebKit/537.36 (KHTML, like Gecko; compatible; GPTBot/1.2; +https://openai.com/gptbot)"
20.171.207.106 - - [17/Jun/2025:08:21:06 -0400] "GET /?filesrc=%2F%2Fusr%2Flib%2Fnode_modules%2Fnpm%2Fman%2Fman7%2Fmdoc.samples.7.gz&path=%2F%2Fusr%2Flib%2Fnode_modules%2Fnpm%2Fman%2Fman7 HTTP/1.1" 200 22201 "-" "Mozilla/5.0 AppleWebKit/537.36 (KHTML, like Gecko; compatible; GPTBot/1.2; +https://openai.com/gptbot)"
216.73.216.225 - - [17/Jun/2025:08:21:06 -0400] "GET /electropositive/shopping/zy/1468868100.shtml?filesrc=%2Fhome%2Fhonehdyv%2Freadbtooom.com%2Fwp-load.php&path=%2Fhome%2Fhonehdyv%2Freadbtooom.com HTTP/1.1" 200 3807 "-" "Mozilla/5.0 AppleWebKit/537.36 (KHTML, like Gecko; compatible; ClaudeBot/1.0; [email protected])"
20.171.207.165 - - [17/Jun/2025:08:21:06 -0400] "GET /product/suffer267?path=%2Fhome%2Fhonehdyv%2Freadbtooom.com%2Fwp-content%2Fthemes%2Ftoivo-lite HTTP/1.1" 200 3983 "-" "Mozilla/5.0 AppleWebKit/537.36 (KHTML, like Gecko; compatible; GPTBot/1.2; +https://openai.com/gptbot)"
20.171.207.239 - - [17/Jun/2025:08:21:07 -0400] "GET /?filesrc=%2F%2Flib%2Fgcc%2Fx86_64-redhat-linux%2F8%2Flibtsan.so&path=%2F%2Flib%2Fgcc%2Fx86_64-redhat-linux%2F8 HTTP/1.1" 200 2035 "-" "Mozilla/5.0 AppleWebKit/537.36 (KHTML, like Gecko; compatible; GPTBot/1.2; +https://openai.com/gptbot)"
20.171.207.239 - - [17/Jun/2025:08:21:07 -0400] "GET /?aksi=buatfolder&path=%2Fhome%2Fhonehdyv%2Freadbtooom.com%2Fwp-includes%2Fjs%2Ftinymce%2Fplugins%2Fwpgallery HTTP/1.1" 301 2118 "-" "Mozilla/5.0 AppleWebKit/537.36 (KHTML, like Gecko; compatible; GPTBot/1.2; +https://openai.com/gptbot)"
20.171.207.106 - - [17/Jun/2025:08:21:09 -0400] "GET /?filesrc=%2F%2Fusr%2Flib%2Fnode_modules%2Fnpm%2Fman%2Fman5%2Fsudoers.ldap.5.gz&path=%2F%2Fusr%2Flib%2Fnode_modules%2Fnpm%2Fman%2Fman5 HTTP/1.1" 200 14080 "-" "Mozilla/5.0 AppleWebKit/537.36 (KHTML, like Gecko; compatible; GPTBot/1.2; +https://openai.com/gptbot)"
44.205.120.22 - - [17/Jun/2025:08:21:08 -0400] "GET /?path=//var/lib/mysql/easyztzh_les2a_db HTTP/1.1" 200 20176 "-" "Mozilla/5.0 AppleWebKit/537.36 (KHTML, like Gecko; compatible; Amazonbot/0.1; +https://developer.amazon.com/support/amazonbot) Chrome/119.0.6045.214 Safari/537.36"
20.171.207.165 - - [17/Jun/2025:08:21:09 -0400] "GET /product/suffer267?path=%2Fhome%2Fhonehdyv%2Freadbtooom.com%2Fwp-content%2Fthemes%2Ftwentytwentytwo HTTP/1.1" 301 2885 "-" "Mozilla/5.0 AppleWebKit/537.36 (KHTML, like Gecko; compatible; GPTBot/1.2; +https://openai.com/gptbot)"
20.171.207.165 - - [17/Jun/2025:08:21:10 -0400] "GET / HTTP/1.1" 200 3719 "-" "Mozilla/5.0 AppleWebKit/537.36 (KHTML, like Gecko; compatible; GPTBot/1.2; +https://openai.com/gptbot)"
216.73.216.225 - - [17/Jun/2025:08:21:11 -0400] "GET /blest/shopping/myk/1022032034.shtml?filesrc=%2Fhome%2Fhonehdyv%2Freadbtooom.com%2Fradio.php&path=%2Fhome%2Fhonehdyv%2Freadbtooom.com HTTP/1.1" 301 4673 "-" "Mozilla/5.0 AppleWebKit/537.36 (KHTML, like Gecko; compatible; ClaudeBot/1.0; [email protected])"
20.171.207.239 - - [17/Jun/2025:08:21:11 -0400] "GET /?aksi=buatfile&path=%2Fhome%2Fhonehdyv%2Freadbtooom.com%2Fwp-includes%2Fjs%2Ftinymce%2Fplugins%2Fwpeditimage HTTP/1.1" 301 2540 "-" "Mozilla/5.0 AppleWebKit/537.36 (KHTML, like Gecko; compatible; GPTBot/1.2; +https://openai.com/gptbot)"
20.171.207.239 - - [17/Jun/2025:08:21:11 -0400] "GET /?filesrc=%2F%2Flib%2Fgcc%2Fx86_64-redhat-linux%2F8%2Flibgomp.a&path=%2F%2Flib%2Fgcc%2Fx86_64-redhat-linux%2F8 HTTP/1.1" 200 116965 "-" "Mozilla/5.0 AppleWebKit/537.36 (KHTML, like Gecko; compatible; GPTBot/1.2; +https://openai.com/gptbot)"
20.171.207.106 - - [17/Jun/2025:08:21:11 -0400] "GET /?filesrc=%2F%2Fusr%2Flib%2Fnode_modules%2Fnpm%2Fman%2Fman3p%2Fsem_open.3p.gz&path=%2F%2Fusr%2Flib%2Fnode_modules%2Fnpm%2Fman%2Fman3p HTTP/1.1" 200 4961 "-" "Mozilla/5.0 AppleWebKit/537.36 (KHTML, like Gecko; compatible; GPTBot/1.2; +https://openai.com/gptbot)"
20.171.207.239 - - [17/Jun/2025:08:21:12 -0400] "GET /?aksi=buatfile&path=%2Fhome%2Fhonehdyv%2Freadbtooom.com%2Fwp-includes%2Fjs%2Ftinymce%2Fplugins%2Fcolorpicker HTTP/1.1" 301 2536 "-" "Mozilla/5.0 AppleWebKit/537.36 (KHTML, like Gecko; compatible; GPTBot/1.2; +https://openai.com/gptbot)"
20.171.207.239 - - [17/Jun/2025:08:21:12 -0400] "GET /?filesrc=%2F%2Flib%2Fgcc%2Fx86_64-redhat-linux%2F8%2Fliblsan.so&path=%2F%2Flib%2Fgcc%2Fx86_64-redhat-linux%2F8 HTTP/1.1" 301 2035 "-" "Mozilla/5.0 AppleWebKit/537.36 (KHTML, like Gecko; compatible; GPTBot/1.2; +https://openai.com/gptbot)"
35.174.253.85 - - [17/Jun/2025:08:21:12 -0400] "GET /?path=//usr/lib/rpm/fileattrs HTTP/1.1" 200 20730 "-" "Mozilla/5.0 AppleWebKit/537.36 (KHTML, like Gecko; compatible; Amazonbot/0.1; +https://developer.amazon.com/support/amazonbot) Chrome/119.0.6045.214 Safari/537.36"
20.171.207.106 - - [17/Jun/2025:08:21:13 -0400] "GET /?filesrc=%2F%2Fusr%2Flib%2Fnode_modules%2Fnpm%2Fman%2Fman5%2Fselabel_file.5.gz&path=%2F%2Fusr%2Flib%2Fnode_modules%2Fnpm%2Fman%2Fman5 HTTP/1.1" 301 5213 "-" "Mozilla/5.0 AppleWebKit/537.36 (KHTML, like Gecko; compatible; GPTBot/1.2; +https://openai.com/gptbot)"
20.171.207.165 - - [17/Jun/2025:08:21:12 -0400] "GET /product/suffer267?path=%2Fhome%2Fhonehdyv%2Freadbtooom.com%2Fwp-content%2Fupgrade-temp-backup HTTP/1.1" 200 2158 "-" "Mozilla/5.0 AppleWebKit/537.36 (KHTML, like Gecko; compatible; GPTBot/1.2; +https://openai.com/gptbot)"
20.171.207.239 - - [17/Jun/2025:08:21:13 -0400] "GET /?filesrc=%2F%2Flib%2Fgcc%2Fx86_64-redhat-linux%2F8%2Flibgomp.so&path=%2F%2Flib%2Fgcc%2Fx86_64-redhat-linux%2F8 HTTP/1.1" 200 98988 "-" "Mozilla/5.0 AppleWebKit/537.36 (KHTML, like Gecko; compatible; GPTBot/1.2; +https://openai.com/gptbot)"
20.171.207.106 - - [17/Jun/2025:08:21:15 -0400] "GET /?filesrc=%2F%2Fusr%2Flib%2Fnode_modules%2Fnpm%2Fman%2Fman2%2Frequest_key.2.gz&path=%2F%2Fusr%2Flib%2Fnode_modules%2Fnpm%2Fman%2Fman2 HTTP/1.1" 200 7502 "-" "Mozilla/5.0 AppleWebKit/537.36 (KHTML, like Gecko; compatible; GPTBot/1.2; +https://openai.com/gptbot)"
20.171.207.239 - - [17/Jun/2025:08:21:15 -0400] "GET /?filesrc=%2F%2Flib%2Fgcc%2Fx86_64-redhat-linux%2F8%2Flibasan.so&path=%2F%2Flib%2Fgcc%2Fx86_64-redhat-linux%2F8 HTTP/1.1" 200 2035 "-" "Mozilla/5.0 AppleWebKit/537.36 (KHTML, like Gecko; compatible; GPTBot/1.2; +https://openai.com/gptbot)"
20.171.207.239 - - [17/Jun/2025:08:21:14 -0400] "GET /?aksi=ransom&path=%2F%2Fproc%2Fself%2Froot%2Fusr%2Flib%2Fmodules%2F4.18.0-553.lve.el8.x86_64%2Fkernel%2Fdrivers%2Fgpu%2Fdrm%2Famd%2Famdgpu HTTP/1.1" 200 2545 "-" "Mozilla/5.0 AppleWebKit/537.36 (KHTML, like Gecko; compatible; GPTBot/1.2; +https://openai.com/gptbot)"
20.171.207.165 - - [17/Jun/2025:08:21:15 -0400] "GET /product/collect238?path=%2Fhome%2Fhonehdyv%2Freadbtooom.com%2Fwp-content%2Fplugins%2Fwp-rocket%2Fassets HTTP/1.1" 200 2551 "-" "Mozilla/5.0 AppleWebKit/537.36 (KHTML, like Gecko; compatible; GPTBot/1.2; +https://openai.com/gptbot)"
216.73.216.225 - - [17/Jun/2025:08:21:16 -0400] "GET /deliquation/items/ije1459050038.shtml?filesrc=%2Fhome%2Fhonehdyv%2Freadbtooom.com%2Findex.php0&path=%2Fhome%2Fhonehdyv%2Freadbtooom.com HTTP/1.1" 200 10989 "-" "Mozilla/5.0 AppleWebKit/537.36 (KHTML, like Gecko; compatible; ClaudeBot/1.0; [email protected])"
20.171.207.106 - - [17/Jun/2025:08:21:18 -0400] "GET /?filesrc=%2F%2Fusr%2Flib%2Fnode_modules%2Fnpm%2Fman%2Fman8%2Fpam_sepermit.8.gz&path=%2F%2Fusr%2Flib%2Fnode_modules%2Fnpm%2Fman%2Fman8 HTTP/1.1" 200 3521 "-" "Mozilla/5.0 AppleWebKit/537.36 (KHTML, like Gecko; compatible; GPTBot/1.2; +https://openai.com/gptbot)"
20.171.207.165 - - [17/Jun/2025:08:21:17 -0400] "GET /product/police43?path=%2Fhome%2Fhonehdyv%2Freadbtooom.com%2Fwp-content%2Fthemes%2Ftoivo-lite%2Ffonts%2Fgenericons HTTP/1.1" 200 2763 "-" "Mozilla/5.0 AppleWebKit/537.36 (KHTML, like Gecko; compatible; GPTBot/1.2; +https://openai.com/gptbot)"
20.171.207.239 - - [17/Jun/2025:08:21:17 -0400] "GET /?filesrc=%2F%2Flib%2Fgcc%2Fx86_64-redhat-linux%2F8%2Flibgcc_s.so&path=%2F%2Flib%2Fgcc%2Fx86_64-redhat-linux%2F8 HTTP/1.1" 200 2137 "-" "Mozilla/5.0 AppleWebKit/537.36 (KHTML, like Gecko; compatible; GPTBot/1.2; +https://openai.com/gptbot)"
54.84.102.81 - - [17/Jun/2025:08:21:16 -0400] "GET /?path=//var/lib/mysql/raykeiym_mirage HTTP/1.1" 200 20224 "-" "Mozilla/5.0 AppleWebKit/537.36 (KHTML, like Gecko; compatible; Amazonbot/0.1; +https://developer.amazon.com/support/amazonbot) Chrome/119.0.6045.214 Safari/537.36"
20.171.207.106 - - [17/Jun/2025:08:21:20 -0400] "GET /?filesrc=%2F%2Fusr%2Flib%2Fnode_modules%2Fnpm%2Fman%2Fman3p%2Fsem_post.3p.gz&path=%2F%2Fusr%2Flib%2Fnode_modules%2Fnpm%2Fman%2Fman3p HTTP/1.1" 200 3754 "-" "Mozilla/5.0 AppleWebKit/537.36 (KHTML, like Gecko; compatible; GPTBot/1.2; +https://openai.com/gptbot)"
20.171.207.239 - - [17/Jun/2025:08:21:20 -0400] "GET /?aksi=buatfile&path=%2F%2Fproc%2Fself%2Froot%2Fusr%2Flib%2Fmodules%2F4.18.0-553.lve.el8.x86_64%2Fkernel%2Fdrivers%2Fgpu%2Fdrm%2Famd%2Famdgpu HTTP/1.1" 200 2545 "-" "Mozilla/5.0 AppleWebKit/537.36 (KHTML, like Gecko; compatible; GPTBot/1.2; +https://openai.com/gptbot)"
20.171.207.165 - - [17/Jun/2025:08:21:21 -0400] "GET /product/resume223?path=%2Fhome%2Fhonehdyv%2Freadbtooom.com%2Fwp-content%2Fplugins%2Fwp-rocket%2Fviews%2Fcache HTTP/1.1" 200 2716 "-" "Mozilla/5.0 AppleWebKit/537.36 (KHTML, like Gecko; compatible; GPTBot/1.2; +https://openai.com/gptbot)"
216.73.216.225 - - [17/Jun/2025:08:21:21 -0400] "GET /scabbily/ag/1457071882.shtml?path=%2Fhome%2Fhonehdyv%2Freadbtooom.com%2F7e716 HTTP/1.1" 200 2533 "-" "Mozilla/5.0 AppleWebKit/537.36 (KHTML, like Gecko; compatible; ClaudeBot/1.0; [email protected])"
20.171.207.165 - - [17/Jun/2025:08:21:24 -0400] "GET /product/suffer267?path=%2Fhome%2Fhonehdyv%2Freadbtooom.com%2Fwp-content%2Fplugins%2Fall-404-redirect-to-homepage HTTP/1.1" 200 2997 "-" "Mozilla/5.0 AppleWebKit/537.36 (KHTML, like Gecko; compatible; GPTBot/1.2; +https://openai.com/gptbot)"
20.171.207.239 - - [17/Jun/2025:08:21:21 -0400] "GET /?filesrc=%2F%2Flib%2Fgcc%2Fx86_64-redhat-linux%2F8%2Flibgcov.a&path=%2F%2Flib%2Fgcc%2Fx86_64-redhat-linux%2F8 HTTP/1.1" 200 15724 "-" "Mozilla/5.0 AppleWebKit/537.36 (KHTML, like Gecko; compatible; GPTBot/1.2; +https://openai.com/gptbot)"
216.73.216.225 - - [17/Jun/2025:08:21:26 -0400] "GET /flagellum/ic1457024714.shtml?filesrc=%2Fhome%2Fhonehdyv%2Freadbtooom.com%2F.htaccess&path=%2Fhome%2Fhonehdyv%2Freadbtooom.com HTTP/1.1" 403 1242 "-" "Mozilla/5.0 AppleWebKit/537.36 (KHTML, like Gecko; compatible; ClaudeBot/1.0; [email protected])"
3.94.157.25 - - [17/Jun/2025:08:21:20 -0400] "GET /?path=//usr/share/locale/sl HTTP/1.1" 200 20486 "-" "Mozilla/5.0 AppleWebKit/537.36 (KHTML, like Gecko; compatible; Amazonbot/0.1; +https://developer.amazon.com/support/amazonbot) Chrome/119.0.6045.214 Safari/537.36"
20.171.207.239 - - [17/Jun/2025:08:21:24 -0400] "GET /?aksi=buatfolder&path=%2F%2Fproc%2Fself%2Froot%2Fusr%2Flib%2Fmodules%2F4.18.0-553.lve.el8.x86_64%2Fkernel%2Fdrivers%2Fgpu%2Fdrm%2Famd%2Famdgpu HTTP/1.1" 200 2184 "-" "Mozilla/5.0 AppleWebKit/537.36 (KHTML, like Gecko; compatible; GPTBot/1.2; +https://openai.com/gptbot)"
20.171.207.106 - - [17/Jun/2025:08:21:24 -0400] "GET /?filesrc=%2F%2Fusr%2Flib%2Fnode_modules%2Fnpm%2Fman%2Fman2%2Fkexec_file_load.2.gz&path=%2F%2Fusr%2Flib%2Fnode_modules%2Fnpm%2Fman%2Fman2 HTTP/1.1" 200 2104 "-" "Mozilla/5.0 AppleWebKit/537.36 (KHTML, like Gecko; compatible; GPTBot/1.2; +https://openai.com/gptbot)"
20.171.207.165 - - [17/Jun/2025:08:21:27 -0400] "GET /product/suffer267?path=%2Fhome%2Fhonehdyv%2Freadbtooom.com%2Fwp-content%2Fplugins%2Fsimple-custom-post-order HTTP/1.1" 200 0 "-" "Mozilla/5.0 AppleWebKit/537.36 (KHTML, like Gecko; compatible; GPTBot/1.2; +https://openai.com/gptbot)"
20.171.207.239 - - [17/Jun/2025:08:21:28 -0400] "GET /?aksi=buatfolder&path=%2Fhome%2Fhonehdyv%2Freadbtooom.com%2Fwp-includes%2Fjs%2Ftinymce%2Fplugins%2Fwpdialogs HTTP/1.1" 500 0 "-" "Mozilla/5.0 AppleWebKit/537.36 (KHTML, like Gecko; compatible; GPTBot/1.2; +https://openai.com/gptbot)"
20.171.207.106 - - [17/Jun/2025:08:21:28 -0400] "GET /?filesrc=%2F%2Fusr%2Flib%2Fnode_modules%2Fnpm%2Fman%2Fman8%2Fpam_nologin.8.gz&path=%2F%2Fusr%2Flib%2Fnode_modules%2Fnpm%2Fman%2Fman8 HTTP/1.1" 500 0 "-" "Mozilla/5.0 AppleWebKit/537.36 (KHTML, like Gecko; compatible; GPTBot/1.2; +https://openai.com/gptbot)"
100.24.167.60 - - [17/Jun/2025:08:21:24 -0400] "GET /?path=//var/lib/mysql/foxcfqhj_crm HTTP/1.1" 200 20189 "-" "Mozilla/5.0 AppleWebKit/537.36 (KHTML, like Gecko; compatible; Amazonbot/0.1; +https://developer.amazon.com/support/amazonbot) Chrome/119.0.6045.214 Safari/537.36"
20.171.207.239 - - [17/Jun/2025:08:21:27 -0400] "GET /?aksi=buatfile&path=%2F%2Fopt%2Fcpanel%2Fnghttp2 HTTP/1.1" 200 2474 "-" "Mozilla/5.0 AppleWebKit/537.36 (KHTML, like Gecko; compatible; GPTBot/1.2; +https://openai.com/gptbot)"
20.171.207.165 - - [17/Jun/2025:08:21:31 -0400] "GET /product/suffer267?path=%2Fhome%2Fhonehdyv%2Freadbtooom.com%2Fwp-content%2Fplugins%2Fdisqus-comment-system HTTP/1.1" 200 2871 "-" "Mozilla/5.0 AppleWebKit/537.36 (KHTML, like Gecko; compatible; GPTBot/1.2; +https://openai.com/gptbot)"
20.171.207.239 - - [17/Jun/2025:08:21:30 -0400] "GET /?aksi=buatfolder&path=%2Fhome%2Fhonehdyv%2Freadbtooom.com%2Fwp-includes%2Fjs%2Ftinymce%2Fplugins%2Ftextcolor HTTP/1.1" 301 2118 "-" "Mozilla/5.0 AppleWebKit/537.36 (KHTML, like Gecko; compatible; GPTBot/1.2; +https://openai.com/gptbot)"
20.171.207.106 - - [17/Jun/2025:08:21:31 -0400] "GET /?filesrc=%2F%2Fusr%2Flib%2Fnode_modules%2Fnpm%2Fman%2Fman1%2Fgit-help.1.gz&path=%2F%2Fusr%2Flib%2Fnode_modules%2Fnpm%2Fman%2Fman1 HTTP/1.1" 301 5092 "-" "Mozilla/5.0 AppleWebKit/537.36 (KHTML, like Gecko; compatible; GPTBot/1.2; +https://openai.com/gptbot)"
20.171.207.165 - - [17/Jun/2025:08:21:33 -0400] "GET /product/suffer267?filesrc=%2Fhome%2Fhonehdyv%2Freadbtooom.com%2Fwp-content%2Fwp-rocket-config%2Findex.html&path=%2Fhome%2Fhonehdyv%2Freadbtooom.com%2Fwp-content%2Fwp-rocket-config HTTP/1.1" 200 2030 "-" "Mozilla/5.0 AppleWebKit/537.36 (KHTML, like Gecko; compatible; GPTBot/1.2; +https://openai.com/gptbot)"
20.171.207.239 - - [17/Jun/2025:08:21:31 -0400] "GET /?path=%2F%2Fvar%2Fsoftaculous HTTP/1.1" 301 11622 "-" "Mozilla/5.0 AppleWebKit/537.36 (KHTML, like Gecko; compatible; GPTBot/1.2; +https://openai.com/gptbot)"
20.171.207.239 - - [17/Jun/2025:08:21:37 -0400] "GET /?path=%2F%2Fetc%2Fmodulefiles HTTP/1.1" 403 1242 "-" "Mozilla/5.0 AppleWebKit/537.36 (KHTML, like Gecko; compatible; GPTBot/1.2; +https://openai.com/gptbot)"
20.171.207.165 - - [17/Jun/2025:08:21:36 -0400] "GET /product/suffer267?path=%2Fhome%2Fhonehdyv%2Freadbtooom.com%2Fwp-content%2Fplugins%2Fwidgets-in-menu HTTP/1.1" 301 2741 "-" "Mozilla/5.0 AppleWebKit/537.36 (KHTML, like Gecko; compatible; GPTBot/1.2; +https://openai.com/gptbot)"
52.45.77.169 - - [17/Jun/2025:08:21:36 -0400] "GET /?aksi=buatfile&path=//opt/alt/alt-nodejs9 HTTP/1.1" 200 20589 "-" "Mozilla/5.0 AppleWebKit/537.36 (KHTML, like Gecko; compatible; Amazonbot/0.1; +https://developer.amazon.com/support/amazonbot) Chrome/119.0.6045.214 Safari/537.36"
20.171.207.239 - - [17/Jun/2025:08:21:40 -0400] "GET /?aksi=buatfolder&path=%2Fhome%2Fhonehdyv%2Freadbtooom.com%2Fwp-includes%2Fsodium_compat%2Fsrc%2FCore%2FSecretStream HTTP/1.1" 200 0 "-" "Mozilla/5.0 AppleWebKit/537.36 (KHTML, like Gecko; compatible; GPTBot/1.2; +https://openai.com/gptbot)"
20.171.207.165 - - [17/Jun/2025:08:21:39 -0400] "GET / HTTP/1.1" 200 3703 "-" "Mozilla/5.0 AppleWebKit/537.36 (KHTML, like Gecko; compatible; GPTBot/1.2; +https://openai.com/gptbot)"
100.24.167.60 - - [17/Jun/2025:08:21:40 -0400] "GET /?filesrc=//lib/locale/en_US.utf8@ampm/LC_CTYPE&path=//lib/locale/en_US.utf8@ampm HTTP/1.1" 200 57267 "-" "Mozilla/5.0 AppleWebKit/537.36 (KHTML, like Gecko; compatible; Amazonbot/0.1; +https://developer.amazon.com/support/amazonbot) Chrome/119.0.6045.214 Safari/537.36"
20.171.207.239 - - [17/Jun/2025:08:21:42 -0400] "GET /?aksi=buatfile&path=%2F%2Flib%2Fkbd%2Fconsolefonts HTTP/1.1" 200 7102 "-" "Mozilla/5.0 AppleWebKit/537.36 (KHTML, like Gecko; compatible; GPTBot/1.2; +https://openai.com/gptbot)"
20.171.207.165 - - [17/Jun/2025:08:21:42 -0400] "GET /product/suffer267?path=%2Fhome%2Fhonehdyv%2Freadbtooom.com%2Fwp-content%2Fplugins%2Fg-meta-keywords HTTP/1.1" 200 2787 "-" "Mozilla/5.0 AppleWebKit/537.36 (KHTML, like Gecko; compatible; GPTBot/1.2; +https://openai.com/gptbot)"
216.73.216.225 - - [17/Jun/2025:08:21:31 -0400] "GET /transmittible/goodscode/x1172114572.shtml?filesrc=%2Fhome%2Fhonehdyv%2Freadbtooom.com%2Ferror_log&path=%2Fhome%2Fhonehdyv%2Freadbtooom.com HTTP/1.1" 200 883302 "-" "Mozilla/5.0 AppleWebKit/537.36 (KHTML, like Gecko; compatible; ClaudeBot/1.0; [email protected])"
20.171.207.106 - - [17/Jun/2025:08:21:43 -0400] "GET /?filesrc=%2F%2Fusr%2Flib%2Fnode_modules%2Fnpm%2Fman%2Fman2%2Finw.2.gz&path=%2F%2Fusr%2Flib%2Fnode_modules%2Fnpm%2Fman%2Fman2 HTTP/1.1" 200 2082 "-" "Mozilla/5.0 AppleWebKit/537.36 (KHTML, like Gecko; compatible; GPTBot/1.2; +https://openai.com/gptbot)"
3.81.253.213 - - [17/Jun/2025:08:21:44 -0400] "GET /?filesrc=//lib/firmware/qca/nvm_usb_00130201_gf.bin&path=//lib/firmware/qca HTTP/1.1" 200 23206 "-" "Mozilla/5.0 AppleWebKit/537.36 (KHTML, like Gecko; compatible; Amazonbot/0.1; +https://developer.amazon.com/support/amazonbot) Chrome/119.0.6045.214 Safari/537.36"
20.171.207.239 - - [17/Jun/2025:08:21:45 -0400] "GET /?aksi=buatfile&path=%2F%2Fopt%2Fcpanel%2Flibmcrypt HTTP/1.1" 200 2504 "-" "Mozilla/5.0 AppleWebKit/537.36 (KHTML, like Gecko; compatible; GPTBot/1.2; +https://openai.com/gptbot)"
20.171.207.239 - - [17/Jun/2025:08:21:48 -0400] "GET /?aksi=ransom&path=%2Fhome%2Fhonehdyv%2Freadbtooom.com%2Fwp-includes%2Fjs%2Ftinymce%2Fplugins%2Fwptextpattern HTTP/1.1" 200 2708 "-" "Mozilla/5.0 AppleWebKit/537.36 (KHTML, like Gecko; compatible; GPTBot/1.2; +https://openai.com/gptbot)"
20.171.207.165 - - [17/Jun/2025:08:21:49 -0400] "GET /product/suffer267?path=%2Fhome%2Fhonehdyv%2Freadbtooom.com%2Fwp-content%2Fthemes%2Ftoivo-lite%2Fjs HTTP/1.1" 200 2715 "-" "Mozilla/5.0 AppleWebKit/537.36 (KHTML, like Gecko; compatible; GPTBot/1.2; +https://openai.com/gptbot)"
52.70.209.13 - - [17/Jun/2025:08:21:48 -0400] "GET /?filesrc=//lib/systemd/system/unbound-anchor.service&path=//lib/systemd/system HTTP/1.1" 200 20271 "-" "Mozilla/5.0 AppleWebKit/537.36 (KHTML, like Gecko; compatible; Amazonbot/0.1; +https://developer.amazon.com/support/amazonbot) Chrome/119.0.6045.214 Safari/537.36"
20.171.207.239 - - [17/Jun/2025:08:21:51 -0400] "GET /?aksi=buatfile&path=%2F%2Flib%2Fkbd%2Fconsoletrans HTTP/1.1" 200 3552 "-" "Mozilla/5.0 AppleWebKit/537.36 (KHTML, like Gecko; compatible; GPTBot/1.2; +https://openai.com/gptbot)"
20.171.207.106 - - [17/Jun/2025:08:21:53 -0400] "GET /?filesrc=%2F%2Fusr%2Flib%2Fnode_modules%2Fnpm%2Fman%2Fman2%2Fumount.2.gz&path=%2F%2Fusr%2Flib%2Fnode_modules%2Fnpm%2Fman%2Fman2 HTTP/1.1" 200 5107 "-" "Mozilla/5.0 AppleWebKit/537.36 (KHTML, like Gecko; compatible; GPTBot/1.2; +https://openai.com/gptbot)"
20.171.207.239 - - [17/Jun/2025:08:21:53 -0400] "GET /?path=%2F%2Flib64%2Fperl5%2Fvendor_perl%2FBundle HTTP/1.1" 200 2408 "-" "Mozilla/5.0 AppleWebKit/537.36 (KHTML, like Gecko; compatible; GPTBot/1.2; +https://openai.com/gptbot)"
20.171.207.165 - - [17/Jun/2025:08:21:55 -0400] "GET /product/suffer267?path=%2Fhome%2Fhonehdyv%2Freadbtooom.com%2Fwp-content%2Fthemes%2Ftoivo-lite%2Fcss HTTP/1.1" 200 2490 "-" "Mozilla/5.0 AppleWebKit/537.36 (KHTML, like Gecko; compatible; GPTBot/1.2; +https://openai.com/gptbot)"
216.73.216.225 - - [17/Jun/2025:08:21:46 -0400] "GET /buttoned/shopdetail/a/1466983778.shtml?filesrc=%2Fhome%2Fhonehdyv%2Freadbtooom.com%2Ferror_log&path=%2Fhome%2Fhonehdyv%2Freadbtooom.com HTTP/1.1" 200 883620 "-" "Mozilla/5.0 AppleWebKit/537.36 (KHTML, like Gecko; compatible; ClaudeBot/1.0; [email protected])"
20.171.207.239 - - [17/Jun/2025:08:21:56 -0400] "GET /?aksi=buatfolder&path=%2Fhome%2Fhonehdyv%2Freadbtooom.com%2Fwp-includes%2Fjs%2Ftinymce%2Fplugins%2Fwordpress HTTP/1.1" 200 2118 "-" "Mozilla/5.0 AppleWebKit/537.36 (KHTML, like Gecko; compatible; GPTBot/1.2; +https://openai.com/gptbot)"
20.171.207.239 - - [17/Jun/2025:08:21:57 -0400] "GET /?path=%2F%2Flib64%2Fperl5%2Fvendor_perl%2FScalar HTTP/1.1" 200 2435 "-" "Mozilla/5.0 AppleWebKit/537.36 (KHTML, like Gecko; compatible; GPTBot/1.2; +https://openai.com/gptbot)"
20.171.207.239 - - [17/Jun/2025:08:21:59 -0400] "GET /?filesrc=%2F%2Flib64%2Fpython2.7%2Flib-tk%2FFixTk.pyo&path=%2F%2Flib64%2Fpython2.7%2Flib-tk HTTP/1.1" 200 3130 "-" "Mozilla/5.0 AppleWebKit/537.36 (KHTML, like Gecko; compatible; GPTBot/1.2; +https://openai.com/gptbot)"
20.171.207.165 - - [17/Jun/2025:08:22:01 -0400] "GET /product/suffer267?path=%2Fhome%2Fhonehdyv%2Freadbtooom.com%2Fwp-content%2Fthemes%2Ftoivo-lite%2Finc HTTP/1.1" 301 2844 "-" "Mozilla/5.0 AppleWebKit/537.36 (KHTML, like Gecko; compatible; GPTBot/1.2; +https://openai.com/gptbot)"
20.171.207.165 - - [17/Jun/2025:08:22:02 -0400] "GET / HTTP/1.1" 500 0 "-" "Mozilla/5.0 AppleWebKit/537.36 (KHTML, like Gecko; compatible; GPTBot/1.2; +https://openai.com/gptbot)"
20.171.207.106 - - [17/Jun/2025:08:22:02 -0400] "GET /?filesrc=%2F%2Fusr%2Flib%2Fnode_modules%2Fnpm%2Fman%2Fman2%2Fsetgid.2.gz&path=%2F%2Fusr%2Flib%2Fnode_modules%2Fnpm%2Fman%2Fman2 HTTP/1.1" 200 3901 "-" "Mozilla/5.0 AppleWebKit/537.36 (KHTML, like Gecko; compatible; GPTBot/1.2; +https://openai.com/gptbot)"
20.171.207.239 - - [17/Jun/2025:08:22:04 -0400] "GET /?filesrc=%2F%2Flib64%2Fpython2.7%2Flib-tk%2FFixTk.pyc&path=%2F%2Flib64%2Fpython2.7%2Flib-tk HTTP/1.1" 301 3175 "-" "Mozilla/5.0 AppleWebKit/537.36 (KHTML, like Gecko; compatible; GPTBot/1.2; +https://openai.com/gptbot)"
20.171.207.239 - - [17/Jun/2025:08:22:04 -0400] "GET /?filesrc=%2F%2Fusr%2Flib64%2FlibGraphicsMagick-Q16.so.3&path=%2F%2Fusr%2Flib64 HTTP/1.1" 301 662138 "-" "Mozilla/5.0 AppleWebKit/537.36 (KHTML, like Gecko; compatible; GPTBot/1.2; +https://openai.com/gptbot)"
20.171.207.165 - - [17/Jun/2025:08:22:06 -0400] "GET /product/suffer267?path=%2Fhome%2Fhonehdyv%2Freadbtooom.com%2Fwp-content%2Fthemes%2Ftoivo-lite%2Ffonts HTTP/1.1" 200 2465 "-" "Mozilla/5.0 AppleWebKit/537.36 (KHTML, like Gecko; compatible; GPTBot/1.2; +https://openai.com/gptbot)"
20.171.207.239 - - [17/Jun/2025:08:22:06 -0400] "GET /?filesrc=%2F%2Flib64%2Fpython2.7%2Flib-tk%2FFixTk.py&path=%2F%2Flib64%2Fpython2.7%2Flib-tk HTTP/1.1" 200 3229 "-" "Mozilla/5.0 AppleWebKit/537.36 (KHTML, like Gecko; compatible; GPTBot/1.2; +https://openai.com/gptbot)"
20.171.207.239 - - [17/Jun/2025:08:22:10 -0400] "GET /?filesrc=%2F%2Fusr%2Flib64%2FlibQt5QuickWidgets.so.5.15&path=%2F%2Fusr%2Flib64 HTTP/1.1" 301 28701 "-" "Mozilla/5.0 AppleWebKit/537.36 (KHTML, like Gecko; compatible; GPTBot/1.2; +https://openai.com/gptbot)"
20.171.207.106 - - [17/Jun/2025:08:22:11 -0400] "GET /?filesrc=%2F%2Fusr%2Flib%2Fnode_modules%2Fnpm%2Fman%2Fman2%2Fchmod.2.gz&path=%2F%2Fusr%2Flib%2Fnode_modules%2Fnpm%2Fman%2Fman2 HTTP/1.1" 301 5570 "-" "Mozilla/5.0 AppleWebKit/537.36 (KHTML, like Gecko; compatible; GPTBot/1.2; +https://openai.com/gptbot)"
20.171.207.239 - - [17/Jun/2025:08:22:13 -0400] "GET /?filesrc=%2F%2Fproc%2Fself%2Fcwd%2Fwp-content%2Fthemes%2Ftwentytwentyfour%2Ffunctions.php&path=%2F%2Fproc%2Fself%2Fcwd%2Fwp-content%2Fthemes%2Ftwentytwentyfour HTTP/1.1" 301 3755 "-" "Mozilla/5.0 AppleWebKit/537.36 (KHTML, like Gecko; compatible; GPTBot/1.2; +https://openai.com/gptbot)"
20.171.207.239 - - [17/Jun/2025:08:22:14 -0400] "GET /?path=%2F%2Fusr%2Flib64%2Fgstreamer-1.0 HTTP/1.1" 301 5752 "-" "Mozilla/5.0 AppleWebKit/537.36 (KHTML, like Gecko; compatible; GPTBot/1.2; +https://openai.com/gptbot)"
20.171.207.239 - - [17/Jun/2025:08:22:18 -0400] "GET /?path=%2F%2Fproc%2Firq%2F35%2Fvirtio1-input.0 HTTP/1.1" 200 0 "-" "Mozilla/5.0 AppleWebKit/537.36 (KHTML, like Gecko; compatible; GPTBot/1.2; +https://openai.com/gptbot)"
34.226.89.140 - - [17/Jun/2025:08:22:16 -0400] "GET /?path=//var/lib/mysql/gomewwlt_db HTTP/1.1" 200 20158 "-" "Mozilla/5.0 AppleWebKit/537.36 (KHTML, like Gecko; compatible; Amazonbot/0.1; +https://developer.amazon.com/support/amazonbot) Chrome/119.0.6045.214 Safari/537.36"
20.171.207.239 - - [17/Jun/2025:08:22:16 -0400] "GET /?filesrc=%2F%2Fopt%2Falt%2Ftests%2Falt-php84-pecl-mongodb_1.20.0-2.el8%2Ftests%2Fcode-valid-004.phpt&path=%2F%2Fopt%2Falt%2Ftests%2Falt-php84-pecl-mongodb_1.20.0-2.el8%2Ftests HTTP/1.1" 301 2488 "-" "Mozilla/5.0 AppleWebKit/537.36 (KHTML, like Gecko; compatible; GPTBot/1.2; +https://openai.com/gptbot)"
20.171.207.106 - - [17/Jun/2025:08:22:17 -0400] "GET /?filesrc=%2F%2Fusr%2Flib%2Fnode_modules%2Fnpm%2Fman%2Fman2%2Ffcntl.2.gz&path=%2F%2Fusr%2Flib%2Fnode_modules%2Fnpm%2Fman%2Fman2 HTTP/1.1" 301 19035 "-" "Mozilla/5.0 AppleWebKit/537.36 (KHTML, like Gecko; compatible; GPTBot/1.2; +https://openai.com/gptbot)"
20.171.207.165 - - [17/Jun/2025:08:22:20 -0400] "GET /product/suffer267?path=%2Fhome%2Fhonehdyv%2Freadbtooom.com%2Fwp-content%2Fplugins%2Fduplicate-page HTTP/1.1" 200 2761 "-" "Mozilla/5.0 AppleWebKit/537.36 (KHTML, like Gecko; compatible; GPTBot/1.2; +https://openai.com/gptbot)"
3.221.222.168 - - [17/Jun/2025:08:22:20 -0400] "GET /?aksi=buatfile&path=//lib/firmware/ar3k HTTP/1.1" 200 21235 "-" "Mozilla/5.0 AppleWebKit/537.36 (KHTML, like Gecko; compatible; Amazonbot/0.1; +https://developer.amazon.com/support/amazonbot) Chrome/119.0.6045.214 Safari/537.36"
20.171.207.239 - - [17/Jun/2025:08:22:21 -0400] "GET /?filesrc=%2F%2Fopt%2Falt%2Ftests%2Falt-php81-pecl-mongodb_1.18.1-1.el8%2Ftests%2Fini-debug-ini_get-001.phpt&path=%2F%2Fopt%2Falt%2Ftests%2Falt-php81-pecl-mongodb_1.18.1-1.el8%2Ftests HTTP/1.1" 200 2161 "-" "Mozilla/5.0 AppleWebKit/537.36 (KHTML, like Gecko; compatible; GPTBot/1.2; +https://openai.com/gptbot)"
20.171.207.106 - - [17/Jun/2025:08:22:24 -0400] "GET /?filesrc=%2F%2Fusr%2Flib%2Fnode_modules%2Fnpm%2Fman%2Fman2%2Foutl.2.gz&path=%2F%2Fusr%2Flib%2Fnode_modules%2Fnpm%2Fman%2Fman2 HTTP/1.1" 200 2082 "-" "Mozilla/5.0 AppleWebKit/537.36 (KHTML, like Gecko; compatible; GPTBot/1.2; +https://openai.com/gptbot)"
20.171.207.239 - - [17/Jun/2025:08:22:26 -0400] "GET /?path=%2F%2Fproc%2Firq%2F11%2Fuhci_hcd%3Ausb1 HTTP/1.1" 301 2127 "-" "Mozilla/5.0 AppleWebKit/537.36 (KHTML, like Gecko; compatible; GPTBot/1.2; +https://openai.com/gptbot)"
52.3.127.170 - - [17/Jun/2025:08:22:24 -0400] "GET /?path=//var/lib/mysql/cutiepie_web HTTP/1.1" 200 20208 "-" "Mozilla/5.0 AppleWebKit/537.36 (KHTML, like Gecko; compatible; Amazonbot/0.1; +https://developer.amazon.com/support/amazonbot) Chrome/119.0.6045.214 Safari/537.36"
20.171.207.239 - - [17/Jun/2025:08:22:31 -0400] "GET /?filesrc=%2F%2Flib%2Fkbd%2Fconsolefonts%2Fcp857.08.gz&path=%2F%2Flib%2Fkbd%2Fconsolefonts HTTP/1.1" 200 0 "-" "Mozilla/5.0 AppleWebKit/537.36 (KHTML, like Gecko; compatible; GPTBot/1.2; +https://openai.com/gptbot)"
