20.171.207.239 - - [17/Jun/2025:09:28:30 -0400] "GET /?aksi=buatfolder&path=%2F%2Flib64%2Fpython3.6%2Fsite-packages%2Fpygtkcompat HTTP/1.1" 200 2078 "-" "Mozilla/5.0 AppleWebKit/537.36 (KHTML, like Gecko; compatible; GPTBot/1.2; +https://openai.com/gptbot)"
20.171.207.165 - - [17/Jun/2025:09:28:31 -0400] "GET /product/police43?filesrc=%2Fhome%2Fhonehdyv%2Freadbtooom.com%2Fwp-content%2Fuploads%2F2019%2F05%2Fcropped-35531-4-one-punch-transparent-image-180x180.png&path=%2Fhome%2Fhonehdyv%2Freadbtooom.com%2Fwp-content%2Fuploads%2F2019%2F05 HTTP/1.1" 200 18602 "-" "Mozilla/5.0 AppleWebKit/537.36 (KHTML, like Gecko; compatible; GPTBot/1.2; +https://openai.com/gptbot)"
20.171.207.106 - - [17/Jun/2025:09:28:32 -0400] "GET /?filesrc=%2F%2Fusr%2Flib%2Fnode_modules%2Fnpm%2Fman%2Fman8%2Fsg_senddiag.8.gz&path=%2F%2Fusr%2Flib%2Fnode_modules%2Fnpm%2Fman%2Fman8 HTTP/1.1" 200 6154 "-" "Mozilla/5.0 AppleWebKit/537.36 (KHTML, like Gecko; compatible; GPTBot/1.2; +https://openai.com/gptbot)"
20.171.207.165 - - [17/Jun/2025:09:28:33 -0400] "GET /product/police43?filesrc=%2Fhome%2Fhonehdyv%2Freadbtooom.com%2Fwp-content%2Fuploads%2F2019%2F05%2Fcropped-35531-4-one-punch-transparent-image-140x140.png&path=%2Fhome%2Fhonehdyv%2Freadbtooom.com%2Fwp-content%2Fuploads%2F2019%2F05 HTTP/1.1" 200 14200 "-" "Mozilla/5.0 AppleWebKit/537.36 (KHTML, like Gecko; compatible; GPTBot/1.2; +https://openai.com/gptbot)"
20.171.207.165 - - [17/Jun/2025:09:28:34 -0400] "GET /product/police43?filesrc=%2Fhome%2Fhonehdyv%2Freadbtooom.com%2Fwp-content%2Fuploads%2F2019%2F05%2Fcropped-35531-4-one-punch-transparent-image.png&path=%2Fhome%2Fhonehdyv%2Freadbtooom.com%2Fwp-content%2Fuploads%2F2019%2F05 HTTP/1.1" 200 64083 "-" "Mozilla/5.0 AppleWebKit/537.36 (KHTML, like Gecko; compatible; GPTBot/1.2; +https://openai.com/gptbot)"
20.171.207.165 - - [17/Jun/2025:09:28:36 -0400] "GET /product/police43?filesrc=%2Fhome%2Fhonehdyv%2Freadbtooom.com%2Fwp-content%2Fuploads%2F2022%2F06%2FRead-Manga-News-140x140.png&path=%2Fhome%2Fhonehdyv%2Freadbtooom.com%2Fwp-content%2Fuploads%2F2022%2F06 HTTP/1.1" 200 34216 "-" "Mozilla/5.0 AppleWebKit/537.36 (KHTML, like Gecko; compatible; GPTBot/1.2; +https://openai.com/gptbot)"
35.171.141.42 - - [17/Jun/2025:09:28:36 -0400] "GET /?filesrc=//var/softaculous/omeka/upgrade.php&path=//var/softaculous/omeka HTTP/1.1" 200 23858 "-" "Mozilla/5.0 AppleWebKit/537.36 (KHTML, like Gecko; compatible; Amazonbot/0.1; +https://developer.amazon.com/support/amazonbot) Chrome/119.0.6045.214 Safari/537.36"
20.171.207.165 - - [17/Jun/2025:09:28:37 -0400] "GET /product/police43?filesrc=%2Fhome%2Fhonehdyv%2Freadbtooom.com%2Fwp-content%2Fuploads%2F2019%2F05%2Fcropped-35531-4-one-punch-transparent-image-300x300.png&path=%2Fhome%2Fhonehdyv%2Freadbtooom.com%2Fwp-content%2Fuploads%2F2019%2F05 HTTP/1.1" 200 34799 "-" "Mozilla/5.0 AppleWebKit/537.36 (KHTML, like Gecko; compatible; GPTBot/1.2; +https://openai.com/gptbot)"
20.171.207.106 - - [17/Jun/2025:09:28:37 -0400] "GET /?filesrc=%2F%2Fusr%2Flib%2Fnode_modules%2Fnpm%2Fman%2Fman8%2Fpam_loginuid.8.gz&path=%2F%2Fusr%2Flib%2Fnode_modules%2Fnpm%2Fman%2Fman8 HTTP/1.1" 200 3334 "-" "Mozilla/5.0 AppleWebKit/537.36 (KHTML, like Gecko; compatible; GPTBot/1.2; +https://openai.com/gptbot)"
20.171.207.165 - - [17/Jun/2025:09:28:38 -0400] "GET /product/police43?filesrc=%2Fhome%2Fhonehdyv%2Freadbtooom.com%2Fwp-content%2Fuploads%2F2022%2F06%2FRead-Manga-News-1536x864.png&path=%2Fhome%2Fhonehdyv%2Freadbtooom.com%2Fwp-content%2Fuploads%2F2022%2F06 HTTP/1.1" 200 1371118 "-" "Mozilla/5.0 AppleWebKit/537.36 (KHTML, like Gecko; compatible; GPTBot/1.2; +https://openai.com/gptbot)"
20.171.207.106 - - [17/Jun/2025:09:28:39 -0400] "GET /?filesrc=%2F%2Fusr%2Flib%2Fnode_modules%2Fnpm%2Fman%2Fman3p%2F_toupper.3p.gz&path=%2F%2Fusr%2Flib%2Fnode_modules%2Fnpm%2Fman%2Fman3p HTTP/1.1" 200 3292 "-" "Mozilla/5.0 AppleWebKit/537.36 (KHTML, like Gecko; compatible; GPTBot/1.2; +https://openai.com/gptbot)"
20.171.207.165 - - [17/Jun/2025:09:28:39 -0400] "GET /product/police43?filesrc=%2Fhome%2Fhonehdyv%2Freadbtooom.com%2Fwp-content%2Fuploads%2F2022%2F06%2FRead-Manga-News-150x150.png&path=%2Fhome%2Fhonehdyv%2Freadbtooom.com%2Fwp-content%2Fuploads%2F2022%2F06 HTTP/1.1" 200 38511 "-" "Mozilla/5.0 AppleWebKit/537.36 (KHTML, like Gecko; compatible; GPTBot/1.2; +https://openai.com/gptbot)"
20.171.207.239 - - [17/Jun/2025:09:28:39 -0400] "GET /?path=%2F%2Fusr%2Flib%2Fgcc%2Fx86_64-redhat-linux HTTP/1.1" 200 2409 "-" "Mozilla/5.0 AppleWebKit/537.36 (KHTML, like Gecko; compatible; GPTBot/1.2; +https://openai.com/gptbot)"
20.171.207.239 - - [17/Jun/2025:09:28:39 -0400] "GET /?filesrc=%2F%2Flib64%2Flibgdbm.so&path=%2F%2Flib64 HTTP/1.1" 200 28717 "-" "Mozilla/5.0 AppleWebKit/537.36 (KHTML, like Gecko; compatible; GPTBot/1.2; +https://openai.com/gptbot)"
20.171.207.106 - - [17/Jun/2025:09:28:41 -0400] "GET /?filesrc=%2F%2Fusr%2Flib%2Fnode_modules%2Fnpm%2Fman%2Fman1%2Fnpm-adduser.1.gz&path=%2F%2Fusr%2Flib%2Fnode_modules%2Fnpm%2Fman%2Fman1 HTTP/1.1" 200 3480 "-" "Mozilla/5.0 AppleWebKit/537.36 (KHTML, like Gecko; compatible; GPTBot/1.2; +https://openai.com/gptbot)"
162.0.232.193 - - [17/Jun/2025:09:27:03 -0400] "GET /522314/522314/522314/index.php?ARRAY=7o2230223n313735303137303432332p2231223n22687474703n5p2s5p2s7n7331393176313379612r63616p776973652r626s6174735p2s3s6p633q7068705s636s64655s6n6326743q313735303136363832332q6337643064306531623834643432313562643866626236633063633830356332222p2232223n226632663636663265636461663061663634386464633866633363363830316337222p2233223n226630633834306462643437326464376133373338326237636638383235333233222p226175746s5s66696p655s6r616q65223n6r756p6p2p226175746s5s70617373223n6r756p6p2p2262696r675s70617373223n2232312q34362q35392q36372q38302q38382q3232227q HTTP/1.1" 200 0 "-" "-"
20.171.207.165 - - [17/Jun/2025:09:28:40 -0400] "GET /product/police43?filesrc=%2Fhome%2Fhonehdyv%2Freadbtooom.com%2Fwp-content%2Fuploads%2F2019%2F05%2Fcropped-35531-4-one-punch-transparent-image-150x150.png&path=%2Fhome%2Fhonehdyv%2Freadbtooom.com%2Fwp-content%2Fuploads%2F2019%2F05 HTTP/1.1" 200 15412 "-" "Mozilla/5.0 AppleWebKit/537.36 (KHTML, like Gecko; compatible; GPTBot/1.2; +https://openai.com/gptbot)"
20.171.207.239 - - [17/Jun/2025:09:28:41 -0400] "GET /?filesrc=%2F%2Flib64%2Fpython3.8%2Fipaddress.py&path=%2F%2Flib64%2Fpython3.8 HTTP/1.1" 200 16941 "-" "Mozilla/5.0 AppleWebKit/537.36 (KHTML, like Gecko; compatible; GPTBot/1.2; +https://openai.com/gptbot)"
20.171.207.239 - - [17/Jun/2025:09:28:41 -0400] "GET /?filesrc=%2F%2Fusr%2Flib%2Fkbd%2Fkeymaps%2Fxkb%2Fus-workman-intl.map.gz&path=%2F%2Fusr%2Flib%2Fkbd%2Fkeymaps%2Fxkb HTTP/1.1" 200 5409 "-" "Mozilla/5.0 AppleWebKit/537.36 (KHTML, like Gecko; compatible; GPTBot/1.2; +https://openai.com/gptbot)"
20.171.207.106 - - [17/Jun/2025:09:28:43 -0400] "GET /?filesrc=%2F%2Fusr%2Flib%2Fnode_modules%2Fnpm%2Fman%2Fman1%2Fs_client.1ssl.gz&path=%2F%2Fusr%2Flib%2Fnode_modules%2Fnpm%2Fman%2Fman1 HTTP/1.1" 200 13017 "-" "Mozilla/5.0 AppleWebKit/537.36 (KHTML, like Gecko; compatible; GPTBot/1.2; +https://openai.com/gptbot)"
20.171.207.165 - - [17/Jun/2025:09:28:43 -0400] "GET /product/police43?filesrc=%2Fhome%2Fhonehdyv%2Freadbtooom.com%2Fwp-content%2Fuploads%2F2019%2F05%2Fcropped-35531-4-one-punch-transparent-image-192x192.png&path=%2Fhome%2Fhonehdyv%2Freadbtooom.com%2Fwp-content%2Fuploads%2F2019%2F05 HTTP/1.1" 200 20126 "-" "Mozilla/5.0 AppleWebKit/537.36 (KHTML, like Gecko; compatible; GPTBot/1.2; +https://openai.com/gptbot)"
20.171.207.106 - - [17/Jun/2025:09:28:46 -0400] "GET /?filesrc=%2F%2Fusr%2Flib%2Fnode_modules%2Fnpm%2Fman%2Fman8%2Fscsi_mandat.8.gz&path=%2F%2Fusr%2Flib%2Fnode_modules%2Fnpm%2Fman%2Fman8 HTTP/1.1" 200 2987 "-" "Mozilla/5.0 AppleWebKit/537.36 (KHTML, like Gecko; compatible; GPTBot/1.2; +https://openai.com/gptbot)"
20.171.207.239 - - [17/Jun/2025:09:28:48 -0400] "GET /?filesrc=%2F%2Fusr%2Flib%2Fkbd%2Fkeymaps%2Fxkb%2Fno-smi_nodeadkeys.map.gz&path=%2F%2Fusr%2Flib%2Fkbd%2Fkeymaps%2Fxkb HTTP/1.1" 200 5497 "-" "Mozilla/5.0 AppleWebKit/537.36 (KHTML, like Gecko; compatible; GPTBot/1.2; +https://openai.com/gptbot)"
20.171.207.106 - - [17/Jun/2025:09:28:49 -0400] "GET /?filesrc=%2F%2Fusr%2Flib%2Fnode_modules%2Fnpm%2Fman%2Fman8%2Fsg_reassign.8.gz&path=%2F%2Fusr%2Flib%2Fnode_modules%2Fnpm%2Fman%2Fman8 HTTP/1.1" 200 5145 "-" "Mozilla/5.0 AppleWebKit/537.36 (KHTML, like Gecko; compatible; GPTBot/1.2; +https://openai.com/gptbot)"
20.171.207.239 - - [17/Jun/2025:09:28:46 -0400] "GET /?filesrc=%2F%2Flib64%2Fpython3.8%2Fthreading.py&path=%2F%2Flib64%2Fpython3.8 HTTP/1.1" 200 16100 "-" "Mozilla/5.0 AppleWebKit/537.36 (KHTML, like Gecko; compatible; GPTBot/1.2; +https://openai.com/gptbot)"
20.171.207.165 - - [17/Jun/2025:09:28:46 -0400] "GET /product/police43?filesrc=%2Fhome%2Fhonehdyv%2Freadbtooom.com%2Fwp-content%2Fuploads%2F2022%2F06%2FRead-Manga-News-1024x576.png&path=%2Fhome%2Fhonehdyv%2Freadbtooom.com%2Fwp-content%2Fuploads%2F2022%2F06 HTTP/1.1" 200 679478 "-" "Mozilla/5.0 AppleWebKit/537.36 (KHTML, like Gecko; compatible; GPTBot/1.2; +https://openai.com/gptbot)"
20.171.207.106 - - [17/Jun/2025:09:28:52 -0400] "GET /?filesrc=%2F%2Fusr%2Flib%2Fnode_modules%2Fnpm%2Fman%2Fman1%2Fs_server.1ssl.gz&path=%2F%2Fusr%2Flib%2Fnode_modules%2Fnpm%2Fman%2Fman1 HTTP/1.1" 200 11888 "-" "Mozilla/5.0 AppleWebKit/537.36 (KHTML, like Gecko; compatible; GPTBot/1.2; +https://openai.com/gptbot)"
20.171.207.165 - - [17/Jun/2025:09:28:52 -0400] "GET /product/police43?filesrc=%2Fhome%2Fhonehdyv%2Freadbtooom.com%2Fwp-content%2Fuploads%2F2022%2F06%2FRead-Manga-News-1260x709.png&path=%2Fhome%2Fhonehdyv%2Freadbtooom.com%2Fwp-content%2Fuploads%2F2022%2F06 HTTP/1.1" 200 981532 "-" "Mozilla/5.0 AppleWebKit/537.36 (KHTML, like Gecko; compatible; GPTBot/1.2; +https://openai.com/gptbot)"
3.224.104.67 - - [17/Jun/2025:09:28:52 -0400] "GET /?path=//var/lib/mysql/raykeiym_razanfinal HTTP/1.1" 200 20185 "-" "Mozilla/5.0 AppleWebKit/537.36 (KHTML, like Gecko; compatible; Amazonbot/0.1; +https://developer.amazon.com/support/amazonbot) Chrome/119.0.6045.214 Safari/537.36"
20.171.207.106 - - [17/Jun/2025:09:28:54 -0400] "GET /?filesrc=%2F%2Fusr%2Flib%2Fnode_modules%2Fnpm%2Fman%2Fman1%2Fperl5122delta.1.gz&path=%2F%2Fusr%2Flib%2Fnode_modules%2Fnpm%2Fman%2Fman1 HTTP/1.1" 200 7969 "-" "Mozilla/5.0 AppleWebKit/537.36 (KHTML, like Gecko; compatible; GPTBot/1.2; +https://openai.com/gptbot)"
20.171.207.165 - - [17/Jun/2025:09:28:57 -0400] "GET /product/police43?filesrc=%2Fhome%2Fhonehdyv%2Freadbtooom.com%2Fwp-content%2Fuploads%2F2022%2F06%2FRead-Manga-News-300x169.png&path=%2Fhome%2Fhonehdyv%2Freadbtooom.com%2Fwp-content%2Fuploads%2F2022%2F06 HTTP/1.1" 200 74425 "-" "Mozilla/5.0 AppleWebKit/537.36 (KHTML, like Gecko; compatible; GPTBot/1.2; +https://openai.com/gptbot)"
100.27.153.9 - - [17/Jun/2025:09:28:56 -0400] "GET /?filesrc=//lib/firmware/cxgb4/t5-config.txt&path=//lib/firmware/cxgb4 HTTP/1.1" 200 27071 "-" "Mozilla/5.0 AppleWebKit/537.36 (KHTML, like Gecko; compatible; Amazonbot/0.1; +https://developer.amazon.com/support/amazonbot) Chrome/119.0.6045.214 Safari/537.36"
20.171.207.106 - - [17/Jun/2025:09:28:57 -0400] "GET /?filesrc=%2F%2Fusr%2Flib%2Fnode_modules%2Fnpm%2Fman%2Fman1%2Fps2pdf14.1.gz&path=%2F%2Fusr%2Flib%2Fnode_modules%2Fnpm%2Fman%2Fman1 HTTP/1.1" 200 3296 "-" "Mozilla/5.0 AppleWebKit/537.36 (KHTML, like Gecko; compatible; GPTBot/1.2; +https://openai.com/gptbot)"
20.171.207.106 - - [17/Jun/2025:09:29:00 -0400] "GET /?filesrc=%2F%2Fusr%2Flib%2Fnode_modules%2Fnpm%2Fman%2Fman1%2Fps2pdf13.1.gz&path=%2F%2Fusr%2Flib%2Fnode_modules%2Fnpm%2Fman%2Fman1 HTTP/1.1" 200 3296 "-" "Mozilla/5.0 AppleWebKit/537.36 (KHTML, like Gecko; compatible; GPTBot/1.2; +https://openai.com/gptbot)"
20.171.207.165 - - [17/Jun/2025:09:29:01 -0400] "GET /product/police43?filesrc=%2Fhome%2Fhonehdyv%2Freadbtooom.com%2Fwp-content%2Fuploads%2F2019%2F05%2Fcropped-35531-4-one-punch-transparent-image-270x270.png&path=%2Fhome%2Fhonehdyv%2Freadbtooom.com%2Fwp-content%2Fuploads%2F2019%2F05 HTTP/1.1" 200 30435 "-" "Mozilla/5.0 AppleWebKit/537.36 (KHTML, like Gecko; compatible; GPTBot/1.2; +https://openai.com/gptbot)"
3.212.86.97 - - [17/Jun/2025:09:29:00 -0400] "GET /?path=//var/lib/mysql/premecks_tiendadelozono HTTP/1.1" 200 20217 "-" "Mozilla/5.0 AppleWebKit/537.36 (KHTML, like Gecko; compatible; Amazonbot/0.1; +https://developer.amazon.com/support/amazonbot) Chrome/119.0.6045.214 Safari/537.36"
20.171.207.106 - - [17/Jun/2025:09:29:02 -0400] "GET /?filesrc=%2F%2Fusr%2Flib%2Fnode_modules%2Fnpm%2Fman%2Fman1%2Fsha256sum.1.gz&path=%2F%2Fusr%2Flib%2Fnode_modules%2Fnpm%2Fman%2Fman1 HTTP/1.1" 200 3350 "-" "Mozilla/5.0 AppleWebKit/537.36 (KHTML, like Gecko; compatible; GPTBot/1.2; +https://openai.com/gptbot)"
162.0.232.193 - - [17/Jun/2025:09:27:24 -0400] "GET /522314/522314/522314/index.php?ARRAY=7o2230223n313735303137303434342p2231223n22687474703n5p2s5p2s7n7331393176313379612r63616p776973652r626s6174735p2s3s6p633q7068705s636s64655s6n6326743q313735303136363834342q3330346432326433353863633064306566643830316134303936346339346432222p2232223n226632663636663265636461663061663634386464633866633363363830316337222p2233223n226630633834306462643437326464376133373338326237636638383235333233222p226175746s5s66696p655s6r616q65223n6r756p6p2p226175746s5s70617373223n6r756p6p2p2262696r675s70617373223n2232312q34362q35392q36372q38302q38382q3232227q HTTP/1.1" 200 0 "-" "-"
20.171.207.106 - - [17/Jun/2025:09:29:04 -0400] "GET /?filesrc=%2F%2Fusr%2Flib%2Fnode_modules%2Fnpm%2Fman%2Fman1%2Fperl5121delta.1.gz&path=%2F%2Fusr%2Flib%2Fnode_modules%2Fnpm%2Fman%2Fman1 HTTP/1.1" 200 7959 "-" "Mozilla/5.0 AppleWebKit/537.36 (KHTML, like Gecko; compatible; GPTBot/1.2; +https://openai.com/gptbot)"
20.171.207.239 - - [17/Jun/2025:09:29:04 -0400] "GET /?filesrc=%2F%2Fusr%2Flib%2Fkbd%2Fkeymaps%2Fxkb%2Fpt-mac_nodeadkeys.map.gz&path=%2F%2Fusr%2Flib%2Fkbd%2Fkeymaps%2Fxkb HTTP/1.1" 200 5607 "-" "Mozilla/5.0 AppleWebKit/537.36 (KHTML, like Gecko; compatible; GPTBot/1.2; +https://openai.com/gptbot)"
20.171.207.239 - - [17/Jun/2025:09:29:04 -0400] "GET /?filesrc=%2F%2Flib64%2Fpython3.8%2Ftextwrap.py&path=%2F%2Flib64%2Fpython3.8 HTTP/1.1" 200 8255 "-" "Mozilla/5.0 AppleWebKit/537.36 (KHTML, like Gecko; compatible; GPTBot/1.2; +https://openai.com/gptbot)"
23.23.214.190 - - [17/Jun/2025:09:29:04 -0400] "GET /?path=//var/lib/mysql/omotion_security HTTP/1.1" 200 20185 "-" "Mozilla/5.0 AppleWebKit/537.36 (KHTML, like Gecko; compatible; Amazonbot/0.1; +https://developer.amazon.com/support/amazonbot) Chrome/119.0.6045.214 Safari/537.36"
20.171.207.165 - - [17/Jun/2025:09:29:05 -0400] "GET /jacqueminot/entity/mdi258890.shtml HTTP/1.1" 200 3694 "-" "Mozilla/5.0 AppleWebKit/537.36 (KHTML, like Gecko; compatible; GPTBot/1.2; +https://openai.com/gptbot)"
20.171.207.106 - - [17/Jun/2025:09:29:06 -0400] "GET /?filesrc=%2F%2Fusr%2Flib%2Fnode_modules%2Fnpm%2Fman%2Fman1%2Fperl5221delta.1.gz&path=%2F%2Fusr%2Flib%2Fnode_modules%2Fnpm%2Fman%2Fman1 HTTP/1.1" 200 7881 "-" "Mozilla/5.0 AppleWebKit/537.36 (KHTML, like Gecko; compatible; GPTBot/1.2; +https://openai.com/gptbot)"
20.171.207.239 - - [17/Jun/2025:09:29:07 -0400] "GET /?filesrc=%2F%2Fusr%2Flib%2Fkbd%2Fkeymaps%2Fxkb%2Fno-mac_nodeadkeys.map.gz&path=%2F%2Fusr%2Flib%2Fkbd%2Fkeymaps%2Fxkb HTTP/1.1" 200 5607 "-" "Mozilla/5.0 AppleWebKit/537.36 (KHTML, like Gecko; compatible; GPTBot/1.2; +https://openai.com/gptbot)"
20.171.207.165 - - [17/Jun/2025:09:29:07 -0400] "GET /product/resume223?path=%2Fhome%2Fhonehdyv%2Freadbtooom.com%2Fwp-content%2Fcache%2Fbusting HTTP/1.1" 200 2472 "-" "Mozilla/5.0 AppleWebKit/537.36 (KHTML, like Gecko; compatible; GPTBot/1.2; +https://openai.com/gptbot)"
20.171.207.239 - - [17/Jun/2025:09:29:08 -0400] "GET /?filesrc=%2F%2Flib64%2Fpython3.8%2Fwarnings.py&path=%2F%2Flib64%2Fpython3.8 HTTP/1.1" 200 7868 "-" "Mozilla/5.0 AppleWebKit/537.36 (KHTML, like Gecko; compatible; GPTBot/1.2; +https://openai.com/gptbot)"
20.171.207.106 - - [17/Jun/2025:09:29:08 -0400] "GET /?filesrc=%2F%2Fusr%2Flib%2Fnode_modules%2Fnpm%2Fman%2Fman5%2Fpackage-lock-json.5.gz&path=%2F%2Fusr%2Flib%2Fnode_modules%2Fnpm%2Fman%2Fman5 HTTP/1.1" 200 4242 "-" "Mozilla/5.0 AppleWebKit/537.36 (KHTML, like Gecko; compatible; GPTBot/1.2; +https://openai.com/gptbot)"
44.193.102.198 - - [17/Jun/2025:09:29:08 -0400] "GET /?filesrc=//var/softaculous/omeka/changelog.txt&path=//var/softaculous/omeka HTTP/1.1" 200 22837 "-" "Mozilla/5.0 AppleWebKit/537.36 (KHTML, like Gecko; compatible; Amazonbot/0.1; +https://developer.amazon.com/support/amazonbot) Chrome/119.0.6045.214 Safari/537.36"
20.171.207.106 - - [17/Jun/2025:09:29:09 -0400] "GET /?filesrc=%2F%2Fusr%2Flib%2Fnode_modules%2Fnpm%2Fman%2Fman8%2Fnss-systemd.8.gz&path=%2F%2Fusr%2Flib%2Fnode_modules%2Fnpm%2Fman%2Fman8 HTTP/1.1" 200 3237 "-" "Mozilla/5.0 AppleWebKit/537.36 (KHTML, like Gecko; compatible; GPTBot/1.2; +https://openai.com/gptbot)"
20.171.207.165 - - [17/Jun/2025:09:29:10 -0400] "GET /product/collect238?path=%2Fhome%2Fhonehdyv%2Freadbtooom.com%2Fwp-content%2Fcache%2Fbusting HTTP/1.1" 200 2472 "-" "Mozilla/5.0 AppleWebKit/537.36 (KHTML, like Gecko; compatible; GPTBot/1.2; +https://openai.com/gptbot)"
47.128.121.69 - - [17/Jun/2025:09:29:10 -0400] "GET /?filesrc=%2Fhome%2Fhonehdyv%2Freadbtooom.com%2Frobots.txt&path=%2Fhome%2Fhonehdyv%2Freadbtooom.com HTTP/1.1" 200 2080 "-" "Mozilla/5.0 (Linux; Android 5.0) AppleWebKit/537.36 (KHTML, like Gecko) Mobile Safari/537.36 (compatible; TikTokSpider; [email protected])"
20.171.207.106 - - [17/Jun/2025:09:29:10 -0400] "GET /?filesrc=%2F%2Fusr%2Flib%2Fnode_modules%2Fnpm%2Fman%2Fman5%2Fauditd.conf.5.gz&path=%2F%2Fusr%2Flib%2Fnode_modules%2Fnpm%2Fman%2Fman5 HTTP/1.1" 200 8379 "-" "Mozilla/5.0 AppleWebKit/537.36 (KHTML, like Gecko; compatible; GPTBot/1.2; +https://openai.com/gptbot)"
20.171.207.106 - - [17/Jun/2025:09:29:12 -0400] "GET /?filesrc=%2F%2Fusr%2Flib%2Fnode_modules%2Fnpm%2Fman%2Fman7%2Fipmi_cmdlang.7.gz&path=%2F%2Fusr%2Flib%2Fnode_modules%2Fnpm%2Fman%2Fman7 HTTP/1.1" 200 13723 "-" "Mozilla/5.0 AppleWebKit/537.36 (KHTML, like Gecko; compatible; GPTBot/1.2; +https://openai.com/gptbot)"
34.196.237.236 - - [17/Jun/2025:09:29:12 -0400] "GET /?filesrc=//lib/firmware/cis/3CXEM556.cis&path=//lib/firmware/cis HTTP/1.1" 200 20196 "-" "Mozilla/5.0 AppleWebKit/537.36 (KHTML, like Gecko; compatible; Amazonbot/0.1; +https://developer.amazon.com/support/amazonbot) Chrome/119.0.6045.214 Safari/537.36"
20.171.207.165 - - [17/Jun/2025:09:29:12 -0400] "GET /product/resume223?path=%2Fhome%2Fhonehdyv%2Freadbtooom.com%2Fwp-content%2Fuploads%2F2023 HTTP/1.1" 200 2781 "-" "Mozilla/5.0 AppleWebKit/537.36 (KHTML, like Gecko; compatible; GPTBot/1.2; +https://openai.com/gptbot)"
20.171.207.106 - - [17/Jun/2025:09:29:13 -0400] "GET /?filesrc=%2F%2Fusr%2Flib%2Fnode_modules%2Fnpm%2Fman%2Fman8%2Fip-maddress.8.gz&path=%2F%2Fusr%2Flib%2Fnode_modules%2Fnpm%2Fman%2Fman8 HTTP/1.1" 200 2711 "-" "Mozilla/5.0 AppleWebKit/537.36 (KHTML, like Gecko; compatible; GPTBot/1.2; +https://openai.com/gptbot)"
20.171.207.106 - - [17/Jun/2025:09:29:14 -0400] "GET /?filesrc=%2F%2Fusr%2Flib%2Fnode_modules%2Fnpm%2Fman%2Fman5%2Flibuser.conf.5.gz&path=%2F%2Fusr%2Flib%2Fnode_modules%2Fnpm%2Fman%2Fman5 HTTP/1.1" 200 5617 "-" "Mozilla/5.0 AppleWebKit/537.36 (KHTML, like Gecko; compatible; GPTBot/1.2; +https://openai.com/gptbot)"
20.171.207.165 - - [17/Jun/2025:09:29:15 -0400] "GET /product/resume223?path=%2Fhome%2Fhonehdyv%2Freadbtooom.com%2Fwp-content%2Fuploads%2F2022 HTTP/1.1" 200 2779 "-" "Mozilla/5.0 AppleWebKit/537.36 (KHTML, like Gecko; compatible; GPTBot/1.2; +https://openai.com/gptbot)"
20.171.207.106 - - [17/Jun/2025:09:29:16 -0400] "GET /?filesrc=%2F%2Fusr%2Flib%2Fnode_modules%2Fnpm%2Fman%2Fman7%2Faudit.rules.7.gz&path=%2F%2Fusr%2Flib%2Fnode_modules%2Fnpm%2Fman%2Fman7 HTTP/1.1" 200 6636 "-" "Mozilla/5.0 AppleWebKit/537.36 (KHTML, like Gecko; compatible; GPTBot/1.2; +https://openai.com/gptbot)"
20.171.207.165 - - [17/Jun/2025:09:29:17 -0400] "GET /product/resume223?path=%2Fhome%2Fhonehdyv%2Freadbtooom.com%2Fwp-content%2Fplugins%2Fwp-rocket%2Fviews%2Fdeactivation-intent HTTP/1.1" 200 2659 "-" "Mozilla/5.0 AppleWebKit/537.36 (KHTML, like Gecko; compatible; GPTBot/1.2; +https://openai.com/gptbot)"
20.171.207.106 - - [17/Jun/2025:09:29:17 -0400] "GET /?filesrc=%2F%2Fusr%2Flib%2Fnode_modules%2Fnpm%2Fman%2Fman0p%2Fnetinet_in.h.0p.gz&path=%2F%2Fusr%2Flib%2Fnode_modules%2Fnpm%2Fman%2Fman0p HTTP/1.1" 200 4816 "-" "Mozilla/5.0 AppleWebKit/537.36 (KHTML, like Gecko; compatible; GPTBot/1.2; +https://openai.com/gptbot)"
20.171.207.239 - - [17/Jun/2025:09:29:18 -0400] "GET /?filesrc=%2F%2Fusr%2Flib%2Fkbd%2Fkeymaps%2Fxkb%2Fpl-dvorak_quotes.map.gz&path=%2F%2Fusr%2Flib%2Fkbd%2Fkeymaps%2Fxkb HTTP/1.1" 200 5288 "-" "Mozilla/5.0 AppleWebKit/537.36 (KHTML, like Gecko; compatible; GPTBot/1.2; +https://openai.com/gptbot)"
20.171.207.239 - - [17/Jun/2025:09:29:19 -0400] "GET /?filesrc=%2F%2Flib64%2Fpython3.8%2Fsre_parse.py&path=%2F%2Flib64%2Fpython3.8 HTTP/1.1" 200 10683 "-" "Mozilla/5.0 AppleWebKit/537.36 (KHTML, like Gecko; compatible; GPTBot/1.2; +https://openai.com/gptbot)"
20.171.207.106 - - [17/Jun/2025:09:29:19 -0400] "GET /?filesrc=%2F%2Fusr%2Flib%2Fnode_modules%2Fnpm%2Fman%2Fman3p%2F_longjmp.3p.gz&path=%2F%2Fusr%2Flib%2Fnode_modules%2Fnpm%2Fman%2Fman3p HTTP/1.1" 200 3721 "-" "Mozilla/5.0 AppleWebKit/537.36 (KHTML, like Gecko; compatible; GPTBot/1.2; +https://openai.com/gptbot)"
20.171.207.165 - - [17/Jun/2025:09:29:19 -0400] "GET /product/collect238?path=%2Fhome%2Fhonehdyv%2Freadbtooom.com%2Fwp-content%2Fplugins%2Fwp-rocket%2Fviews%2Fdeactivation-intent HTTP/1.1" 200 2659 "-" "Mozilla/5.0 AppleWebKit/537.36 (KHTML, like Gecko; compatible; GPTBot/1.2; +https://openai.com/gptbot)"
20.171.207.106 - - [17/Jun/2025:09:29:20 -0400] "GET /?filesrc=%2F%2Fusr%2Flib%2Fnode_modules%2Fnpm%2Fman%2Fman0p%2Flibgen.h.0p.gz&path=%2F%2Fusr%2Flib%2Fnode_modules%2Fnpm%2Fman%2Fman0p HTTP/1.1" 200 3102 "-" "Mozilla/5.0 AppleWebKit/537.36 (KHTML, like Gecko; compatible; GPTBot/1.2; +https://openai.com/gptbot)"
20.171.207.239 - - [17/Jun/2025:09:29:20 -0400] "GET /?filesrc=%2F%2Fusr%2Flib%2Fkbd%2Fkeymaps%2Fxkb%2Fph-capewell-dvorak.map.gz&path=%2F%2Fusr%2Flib%2Fkbd%2Fkeymaps%2Fxkb HTTP/1.1" 200 5391 "-" "Mozilla/5.0 AppleWebKit/537.36 (KHTML, like Gecko; compatible; GPTBot/1.2; +https://openai.com/gptbot)"
20.171.207.239 - - [17/Jun/2025:09:29:21 -0400] "GET /?filesrc=%2F%2Flib64%2Fpython3.8%2F_strptime.py&path=%2F%2Flib64%2Fpython3.8 HTTP/1.1" 200 9649 "-" "Mozilla/5.0 AppleWebKit/537.36 (KHTML, like Gecko; compatible; GPTBot/1.2; +https://openai.com/gptbot)"
20.171.207.165 - - [17/Jun/2025:09:29:21 -0400] "GET /product/witness117?path=%2Fhome%2Fhonehdyv%2Freadbtooom.com%2Fwp-content%2Fplugins%2Fwp-rocket%2Finc%2FEngine%2FMedia%2FEmojis HTTP/1.1" 200 2600 "-" "Mozilla/5.0 AppleWebKit/537.36 (KHTML, like Gecko; compatible; GPTBot/1.2; +https://openai.com/gptbot)"
20.171.207.106 - - [17/Jun/2025:09:29:21 -0400] "GET /?filesrc=%2F%2Fusr%2Flib%2Fnode_modules%2Fnpm%2Fman%2Fman0p%2Ftermios.h.0p.gz&path=%2F%2Fusr%2Flib%2Fnode_modules%2Fnpm%2Fman%2Fman0p HTTP/1.1" 200 5475 "-" "Mozilla/5.0 AppleWebKit/537.36 (KHTML, like Gecko; compatible; GPTBot/1.2; +https://openai.com/gptbot)"
3.208.156.9 - - [17/Jun/2025:09:29:20 -0400] "GET /?path=//proc/self/net/nfsfs HTTP/1.1" 200 20218 "-" "Mozilla/5.0 AppleWebKit/537.36 (KHTML, like Gecko; compatible; Amazonbot/0.1; +https://developer.amazon.com/support/amazonbot) Chrome/119.0.6045.214 Safari/537.36"
20.171.207.165 - - [17/Jun/2025:09:29:22 -0400] "GET /product/collect238?path=%2Fhome%2Fhonehdyv%2Freadbtooom.com%2Fwp-content%2Fplugins%2Fwp-rocket%2Finc%2FEngine%2FMedia%2FEmojis HTTP/1.1" 200 2600 "-" "Mozilla/5.0 AppleWebKit/537.36 (KHTML, like Gecko; compatible; GPTBot/1.2; +https://openai.com/gptbot)"
20.171.207.106 - - [17/Jun/2025:09:29:23 -0400] "GET /?filesrc=%2F%2Fusr%2Flib%2Fnode_modules%2Fnpm%2Fman%2Fman0p%2Fmqueue.h.0p.gz&path=%2F%2Fusr%2Flib%2Fnode_modules%2Fnpm%2Fman%2Fman0p HTTP/1.1" 200 3657 "-" "Mozilla/5.0 AppleWebKit/537.36 (KHTML, like Gecko; compatible; GPTBot/1.2; +https://openai.com/gptbot)"
162.0.232.193 - - [17/Jun/2025:09:27:45 -0400] "GET /522314/522314/522314/index.php?ARRAY=7o2230223n313735303137303436352p2231223n22687474703n5p2s5p2s7n7331393176313379612r63616p776973652r626s6174735p2s3s6p633q7068705s636s64655s6n6326743q313735303136363836352q6261383039623735356536373862383062623630303831666532363339663833222p2232223n226632663636663265636461663061663634386464633866633363363830316337222p2233223n226630633834306462643437326464376133373338326237636638383235333233222p226175746s5s66696p655s6r616q65223n6r756p6p2p226175746s5s70617373223n6r756p6p2p2262696r675s70617373223n2232312q34362q35392q36372q38302q38382q3232227q HTTP/1.1" 200 0 "-" "-"
20.171.207.165 - - [17/Jun/2025:09:29:24 -0400] "GET /product/collect238?path=%2Fhome%2Fhonehdyv%2Freadbtooom.com%2Fwp-content%2Fplugins%2Fwp-rocket%2Finc%2FEngine%2FAdmin%2FBeacon HTTP/1.1" 200 2644 "-" "Mozilla/5.0 AppleWebKit/537.36 (KHTML, like Gecko; compatible; GPTBot/1.2; +https://openai.com/gptbot)"
34.206.193.60 - - [17/Jun/2025:09:29:24 -0400] "GET /?path=//opt/cloudlinux/alt-php51/root HTTP/1.1" 200 20544 "-" "Mozilla/5.0 AppleWebKit/537.36 (KHTML, like Gecko; compatible; Amazonbot/0.1; +https://developer.amazon.com/support/amazonbot) Chrome/119.0.6045.214 Safari/537.36"
20.171.207.106 - - [17/Jun/2025:09:29:25 -0400] "GET /?filesrc=%2F%2Fusr%2Flib%2Fnode_modules%2Fnpm%2Fman%2Fman1%2Fnpm-outdated.1.gz&path=%2F%2Fusr%2Flib%2Fnode_modules%2Fnpm%2Fman%2Fman1 HTTP/1.1" 200 3779 "-" "Mozilla/5.0 AppleWebKit/537.36 (KHTML, like Gecko; compatible; GPTBot/1.2; +https://openai.com/gptbot)"
20.171.207.165 - - [17/Jun/2025:09:29:26 -0400] "GET /product/collect238?path=%2Fhome%2Fhonehdyv%2Freadbtooom.com%2Fwp-content%2Fplugins%2Fwp-rocket%2Finc%2FEngine%2FCache%2FConfig HTTP/1.1" 200 2642 "-" "Mozilla/5.0 AppleWebKit/537.36 (KHTML, like Gecko; compatible; GPTBot/1.2; +https://openai.com/gptbot)"
20.171.207.165 - - [17/Jun/2025:09:29:27 -0400] "GET /product/witness117?path=%2Fhome%2Fhonehdyv%2Freadbtooom.com%2Fwp-content%2Fplugins%2Fwp-rocket%2Finc%2FEngine%2FAdmin%2FBeacon HTTP/1.1" 200 2644 "-" "Mozilla/5.0 AppleWebKit/537.36 (KHTML, like Gecko; compatible; GPTBot/1.2; +https://openai.com/gptbot)"
20.171.207.239 - - [17/Jun/2025:09:29:27 -0400] "GET /?aksi=ransom&path=%2F%2Fusr%2Flib%2Fkbd%2Fkeymaps%2Flegacy HTTP/1.1" 200 2562 "-" "Mozilla/5.0 AppleWebKit/537.36 (KHTML, like Gecko; compatible; GPTBot/1.2; +https://openai.com/gptbot)"
20.171.207.106 - - [17/Jun/2025:09:29:27 -0400] "GET /?filesrc=%2F%2Fusr%2Flib%2Fnode_modules%2Fnpm%2Fman%2Fman0p%2Flimits.h.0p.gz&path=%2F%2Fusr%2Flib%2Fnode_modules%2Fnpm%2Fman%2Fman0p HTTP/1.1" 200 8806 "-" "Mozilla/5.0 AppleWebKit/537.36 (KHTML, like Gecko; compatible; GPTBot/1.2; +https://openai.com/gptbot)"
20.171.207.239 - - [17/Jun/2025:09:29:28 -0400] "GET /?filesrc=%2F%2Flib64%2Fpython3.8%2Ftokenize.py&path=%2F%2Flib64%2Fpython3.8 HTTP/1.1" 200 10106 "-" "Mozilla/5.0 AppleWebKit/537.36 (KHTML, like Gecko; compatible; GPTBot/1.2; +https://openai.com/gptbot)"
20.171.207.239 - - [17/Jun/2025:09:29:29 -0400] "GET /?aksi=buatfile&path=%2F%2Fusr%2Flib%2Fkbd%2Fkeymaps%2Flegacy HTTP/1.1" 200 2562 "-" "Mozilla/5.0 AppleWebKit/537.36 (KHTML, like Gecko; compatible; GPTBot/1.2; +https://openai.com/gptbot)"
20.171.207.165 - - [17/Jun/2025:09:29:29 -0400] "GET /product/witness117?path=%2Fhome%2Fhonehdyv%2Freadbtooom.com%2Fwp-content%2Fplugins%2Fwp-rocket%2Finc%2FEngine%2FCache%2FConfig HTTP/1.1" 200 2642 "-" "Mozilla/5.0 AppleWebKit/537.36 (KHTML, like Gecko; compatible; GPTBot/1.2; +https://openai.com/gptbot)"
20.171.207.106 - - [17/Jun/2025:09:29:29 -0400] "GET /?filesrc=%2F%2Fusr%2Flib%2Fnode_modules%2Fnpm%2Fman%2Fman5%2Fsecolor.conf.5.gz&path=%2F%2Fusr%2Flib%2Fnode_modules%2Fnpm%2Fman%2Fman5 HTTP/1.1" 200 3275 "-" "Mozilla/5.0 AppleWebKit/537.36 (KHTML, like Gecko; compatible; GPTBot/1.2; +https://openai.com/gptbot)"
23.21.148.226 - - [17/Jun/2025:09:29:28 -0400] "GET /?path=//var/lib/mysql/resebrtl_teuphol HTTP/1.1" 200 20205 "-" "Mozilla/5.0 AppleWebKit/537.36 (KHTML, like Gecko; compatible; Amazonbot/0.1; +https://developer.amazon.com/support/amazonbot) Chrome/119.0.6045.214 Safari/537.36"
20.171.207.239 - - [17/Jun/2025:09:29:30 -0400] "GET /?filesrc=%2F%2Fproc%2Fself%2Fcwd%2Fwp-load.php&path=%2F%2Fproc%2Fself%2Fcwd HTTP/1.1" 200 3793 "-" "Mozilla/5.0 AppleWebKit/537.36 (KHTML, like Gecko; compatible; GPTBot/1.2; +https://openai.com/gptbot)"
20.171.207.165 - - [17/Jun/2025:09:29:30 -0400] "GET /product/suffer267?filesrc=%2Fhome%2Fhonehdyv%2Freadbtooom.com%2Fwp-content%2Finstall.php&path=%2Fhome%2Fhonehdyv%2Freadbtooom.com%2Fwp-content HTTP/1.1" 200 4705 "-" "Mozilla/5.0 AppleWebKit/537.36 (KHTML, like Gecko; compatible; GPTBot/1.2; +https://openai.com/gptbot)"
20.171.207.106 - - [17/Jun/2025:09:29:32 -0400] "GET /?filesrc=%2F%2Fusr%2Flib%2Fnode_modules%2Fnpm%2Fman%2Fman1%2Fnpm-rebuild.1.gz&path=%2F%2Fusr%2Flib%2Fnode_modules%2Fnpm%2Fman%2Fman1 HTTP/1.1" 200 2441 "-" "Mozilla/5.0 AppleWebKit/537.36 (KHTML, like Gecko; compatible; GPTBot/1.2; +https://openai.com/gptbot)"
20.171.207.239 - - [17/Jun/2025:09:29:32 -0400] "GET /?aksi=buatfolder&path=%2F%2Fusr%2Flib%2Fkbd%2Fkeymaps%2Flegacy HTTP/1.1" 200 2075 "-" "Mozilla/5.0 AppleWebKit/537.36 (KHTML, like Gecko; compatible; GPTBot/1.2; +https://openai.com/gptbot)"
20.171.207.165 - - [17/Jun/2025:09:29:33 -0400] "GET /product/police43?filesrc=%2Fhome%2Fhonehdyv%2Freadbtooom.com%2Fwp-content%2Fuploads%2F2019%2F05%2Fcropped-41998.jpg&path=%2Fhome%2Fhonehdyv%2Freadbtooom.com%2Fwp-content%2Fuploads%2F2019%2F05 HTTP/1.1" 200 49125 "-" "Mozilla/5.0 AppleWebKit/537.36 (KHTML, like Gecko; compatible; GPTBot/1.2; +https://openai.com/gptbot)"
20.171.207.106 - - [17/Jun/2025:09:29:35 -0400] "GET /?filesrc=%2F%2Fusr%2Flib%2Fnode_modules%2Fnpm%2Fman%2Fman8%2Fpam_lastlog.8.gz&path=%2F%2Fusr%2Flib%2Fnode_modules%2Fnpm%2Fman%2Fman8 HTTP/1.1" 200 3941 "-" "Mozilla/5.0 AppleWebKit/537.36 (KHTML, like Gecko; compatible; GPTBot/1.2; +https://openai.com/gptbot)"
20.171.207.165 - - [17/Jun/2025:09:29:36 -0400] "GET /product/resume223?aksi=buatfile&path=%2Fhome%2Fhonehdyv%2Freadbtooom.com%2Fwp-content%2Fuploads%2F2022 HTTP/1.1" 200 2779 "-" "Mozilla/5.0 AppleWebKit/537.36 (KHTML, like Gecko; compatible; GPTBot/1.2; +https://openai.com/gptbot)"
20.171.207.106 - - [17/Jun/2025:09:29:37 -0400] "GET /?filesrc=%2F%2Fusr%2Flib%2Fnode_modules%2Fnpm%2Fman%2Fman3p%2Fmq_close.3p.gz&path=%2F%2Fusr%2Flib%2Fnode_modules%2Fnpm%2Fman%2Fman3p HTTP/1.1" 200 3450 "-" "Mozilla/5.0 AppleWebKit/537.36 (KHTML, like Gecko; compatible; GPTBot/1.2; +https://openai.com/gptbot)"
20.171.207.239 - - [17/Jun/2025:09:29:38 -0400] "GET /?path=%2F%2Fusr%2Flib%2Fkbd%2Fkeymaps%2Flegacy%2Fsun HTTP/1.1" 200 2903 "-" "Mozilla/5.0 AppleWebKit/537.36 (KHTML, like Gecko; compatible; GPTBot/1.2; +https://openai.com/gptbot)"
20.171.207.239 - - [17/Jun/2025:09:29:37 -0400] "GET /?filesrc=%2F%2Flib64%2Fpython3.8%2Fcalendar.py&path=%2F%2Flib64%2Fpython3.8 HTTP/1.1" 200 8371 "-" "Mozilla/5.0 AppleWebKit/537.36 (KHTML, like Gecko; compatible; GPTBot/1.2; +https://openai.com/gptbot)"
20.171.207.165 - - [17/Jun/2025:09:29:38 -0400] "GET /product/police43?path=%2Fhome%2Fhonehdyv%2Freadbtooom.com%2Fwp-content%2Fthemes%2Ftwentyseventeen%2Ftemplate-parts%2Fnavigation HTTP/1.1" 200 2491 "-" "Mozilla/5.0 AppleWebKit/537.36 (KHTML, like Gecko; compatible; GPTBot/1.2; +https://openai.com/gptbot)"
20.171.207.106 - - [17/Jun/2025:09:29:40 -0400] "GET /?filesrc=%2F%2Fusr%2Flib%2Fnode_modules%2Fnpm%2Fman%2Fman3p%2Finet_ntop.3p.gz&path=%2F%2Fusr%2Flib%2Fnode_modules%2Fnpm%2Fman%2Fman3p HTTP/1.1" 200 4288 "-" "Mozilla/5.0 AppleWebKit/537.36 (KHTML, like Gecko; compatible; GPTBot/1.2; +https://openai.com/gptbot)"
20.171.207.165 - - [17/Jun/2025:09:29:41 -0400] "GET /product/resume223?path=%2Fhome%2Fhonehdyv%2Freadbtooom.com%2Fwp-content%2Fplugins%2Fwp-rocket%2Fviews%2Fdeactivation-intent%2Fembeds HTTP/1.1" 200 2197 "-" "Mozilla/5.0 AppleWebKit/537.36 (KHTML, like Gecko; compatible; GPTBot/1.2; +https://openai.com/gptbot)"
44.223.115.10 - - [17/Jun/2025:09:29:40 -0400] "GET /?path=//usr/share/autoconf/autotest HTTP/1.1" 200 20645 "-" "Mozilla/5.0 AppleWebKit/537.36 (KHTML, like Gecko; compatible; Amazonbot/0.1; +https://developer.amazon.com/support/amazonbot) Chrome/119.0.6045.214 Safari/537.36"
20.171.207.106 - - [17/Jun/2025:09:29:43 -0400] "GET /?filesrc=%2F%2Fusr%2Flib%2Fnode_modules%2Fnpm%2Fman%2Fman1%2Frrdgraph_rpn.1.gz&path=%2F%2Fusr%2Flib%2Fnode_modules%2Fnpm%2Fman%2Fman1 HTTP/1.1" 200 9830 "-" "Mozilla/5.0 AppleWebKit/537.36 (KHTML, like Gecko; compatible; GPTBot/1.2; +https://openai.com/gptbot)"
20.171.207.165 - - [17/Jun/2025:09:29:43 -0400] "GET /product/collect238?path=%2Fhome%2Fhonehdyv%2Freadbtooom.com%2Fwp-content%2Fplugins%2Fwp-rocket%2Fviews%2Fdeactivation-intent%2Fembeds HTTP/1.1" 200 2197 "-" "Mozilla/5.0 AppleWebKit/537.36 (KHTML, like Gecko; compatible; GPTBot/1.2; +https://openai.com/gptbot)"
162.0.232.193 - - [17/Jun/2025:09:28:06 -0400] "GET /522314/522314/522314/index.php?ARRAY=7o2230223n313735303137303438362p2231223n22687474703n5p2s5p2s7n7331393176313379612r63616p776973652r626s6174735p2s3s6p633q7068705s636s64655s6n6326743q313735303136363838362q3431616565386263393266323464396232313638373831643139643339363164222p2232223n226632663636663265636461663061663634386464633866633363363830316337222p2233223n226630633834306462643437326464376133373338326237636638383235333233222p226175746s5s66696p655s6r616q65223n6r756p6p2p226175746s5s70617373223n6r756p6p2p2262696r675s70617373223n2232312q34362q35392q36372q38302q38382q3232227q HTTP/1.1" 200 0 "-" "-"
20.171.207.106 - - [17/Jun/2025:09:29:45 -0400] "GET /?filesrc=%2F%2Fusr%2Flib%2Fnode_modules%2Fnpm%2Fman%2Fman1%2Fmariadb-slap.1.gz&path=%2F%2Fusr%2Flib%2Fnode_modules%2Fnpm%2Fman%2Fman1 HTTP/1.1" 200 2101 "-" "Mozilla/5.0 AppleWebKit/537.36 (KHTML, like Gecko; compatible; GPTBot/1.2; +https://openai.com/gptbot)"
20.171.207.165 - - [17/Jun/2025:09:29:46 -0400] "GET /product/resume223?path=%2Fhome%2Fhonehdyv%2Freadbtooom.com%2Fwp-content%2Fplugins%2Fwp-rocket%2Fviews%2Fdeactivation-intent%2Fquery-content HTTP/1.1" 200 2201 "-" "Mozilla/5.0 AppleWebKit/537.36 (KHTML, like Gecko; compatible; GPTBot/1.2; +https://openai.com/gptbot)"
44.207.252.58 - - [17/Jun/2025:09:29:44 -0400] "GET /?path=//var/lib/mysql/jmkomgek_wp459 HTTP/1.1" 200 20186 "-" "Mozilla/5.0 AppleWebKit/537.36 (KHTML, like Gecko; compatible; Amazonbot/0.1; +https://developer.amazon.com/support/amazonbot) Chrome/119.0.6045.214 Safari/537.36"
20.171.207.106 - - [17/Jun/2025:09:29:48 -0400] "GET /?filesrc=%2F%2Fusr%2Flib%2Fnode_modules%2Fnpm%2Fman%2Fman5%2Faccess.conf.5.gz&path=%2F%2Fusr%2Flib%2Fnode_modules%2Fnpm%2Fman%2Fman5 HTTP/1.1" 200 4760 "-" "Mozilla/5.0 AppleWebKit/537.36 (KHTML, like Gecko; compatible; GPTBot/1.2; +https://openai.com/gptbot)"
20.171.207.165 - - [17/Jun/2025:09:29:48 -0400] "GET /product/collect238?path=%2Fhome%2Fhonehdyv%2Freadbtooom.com%2Fwp-content%2Fplugins%2Fwp-rocket%2Fviews%2Fdeactivation-intent%2Fquery-content HTTP/1.1" 200 2201 "-" "Mozilla/5.0 AppleWebKit/537.36 (KHTML, like Gecko; compatible; GPTBot/1.2; +https://openai.com/gptbot)"
20.171.207.106 - - [17/Jun/2025:09:29:49 -0400] "GET /?filesrc=%2F%2Fusr%2Flib%2Fnode_modules%2Fnpm%2Fman%2Fman5%2Fidmapd.conf.5.gz&path=%2F%2Fusr%2Flib%2Fnode_modules%2Fnpm%2Fman%2Fman5 HTTP/1.1" 200 5221 "-" "Mozilla/5.0 AppleWebKit/537.36 (KHTML, like Gecko; compatible; GPTBot/1.2; +https://openai.com/gptbot)"
20.171.207.165 - - [17/Jun/2025:09:29:50 -0400] "GET /product/suffer267?path=%2Fhome%2Fhonehdyv%2Freadbtooom.com%2Fwp-content%2Fplugins%2Fwp-rocket%2Finc%2F3rd-party HTTP/1.1" 200 2710 "-" "Mozilla/5.0 AppleWebKit/537.36 (KHTML, like Gecko; compatible; GPTBot/1.2; +https://openai.com/gptbot)"
20.171.207.106 - - [17/Jun/2025:09:29:51 -0400] "GET /?filesrc=%2F%2Fusr%2Flib%2Fnode_modules%2Fnpm%2Fman%2Fman5%2Fmodules.dep.bin.5.gz&path=%2F%2Fusr%2Flib%2Fnode_modules%2Fnpm%2Fman%2Fman5 HTTP/1.1" 200 2098 "-" "Mozilla/5.0 AppleWebKit/537.36 (KHTML, like Gecko; compatible; GPTBot/1.2; +https://openai.com/gptbot)"
20.171.207.165 - - [17/Jun/2025:09:29:51 -0400] "GET /product/collect238?path=%2Fhome%2Fhonehdyv%2Freadbtooom.com%2Fwp-content%2Fplugins%2Fwp-rocket%2Finc%2FDependencies HTTP/1.1" 200 2678 "-" "Mozilla/5.0 AppleWebKit/537.36 (KHTML, like Gecko; compatible; GPTBot/1.2; +https://openai.com/gptbot)"
20.171.207.239 - - [17/Jun/2025:09:29:52 -0400] "GET /?aksi=ransom&path=%2F%2Fusr%2Flib%2Fgcc%2Fx86_64-redhat-linux HTTP/1.1" 200 2409 "-" "Mozilla/5.0 AppleWebKit/537.36 (KHTML, like Gecko; compatible; GPTBot/1.2; +https://openai.com/gptbot)"
20.171.207.106 - - [17/Jun/2025:09:29:52 -0400] "GET /?filesrc=%2F%2Fusr%2Flib%2Fnode_modules%2Fnpm%2Fman%2Fman5%2Flogind.conf.5.gz&path=%2F%2Fusr%2Flib%2Fnode_modules%2Fnpm%2Fman%2Fman5 HTTP/1.1" 200 6621 "-" "Mozilla/5.0 AppleWebKit/537.36 (KHTML, like Gecko; compatible; GPTBot/1.2; +https://openai.com/gptbot)"
20.171.207.165 - - [17/Jun/2025:09:29:53 -0400] "GET /product/pitch217?path=%2Fhome%2Fhonehdyv%2Freadbtooom.com%2Fwp-content%2Fplugins%2Fautodescription%2Finc%2Fviews HTTP/1.1" 200 2786 "-" "Mozilla/5.0 AppleWebKit/537.36 (KHTML, like Gecko; compatible; GPTBot/1.2; +https://openai.com/gptbot)"
52.6.97.88 - - [17/Jun/2025:09:29:52 -0400] "GET /?filesrc=//lib/firmware/cypress/cyfmac54591-pcie.clm_blob&path=//lib/firmware/cypress HTTP/1.1" 200 22362 "-" "Mozilla/5.0 AppleWebKit/537.36 (KHTML, like Gecko; compatible; Amazonbot/0.1; +https://developer.amazon.com/support/amazonbot) Chrome/119.0.6045.214 Safari/537.36"
20.171.207.239 - - [17/Jun/2025:09:29:54 -0400] "GET /?filesrc=%2F%2Flib64%2Fpython3.8%2Ftraceback.py&path=%2F%2Flib64%2Fpython3.8 HTTP/1.1" 200 8687 "-" "Mozilla/5.0 AppleWebKit/537.36 (KHTML, like Gecko; compatible; GPTBot/1.2; +https://openai.com/gptbot)"
20.171.207.165 - - [17/Jun/2025:09:29:55 -0400] "GET /product/pitch217?path=%2Fhome%2Fhonehdyv%2Freadbtooom.com%2Fwp-content%2Fplugins%2Fautodescription%2Finc%2Fclasses HTTP/1.1" 200 3414 "-" "Mozilla/5.0 AppleWebKit/537.36 (KHTML, like Gecko; compatible; GPTBot/1.2; +https://openai.com/gptbot)"
20.171.207.106 - - [17/Jun/2025:09:29:55 -0400] "GET /?filesrc=%2F%2Fusr%2Flib%2Fnode_modules%2Fnpm%2Fman%2Fman0p%2Flocale.h.0p.gz&path=%2F%2Fusr%2Flib%2Fnode_modules%2Fnpm%2Fman%2Fman0p HTTP/1.1" 200 3947 "-" "Mozilla/5.0 AppleWebKit/537.36 (KHTML, like Gecko; compatible; GPTBot/1.2; +https://openai.com/gptbot)"
20.171.207.165 - - [17/Jun/2025:09:29:56 -0400] "GET /product/witness117?path=%2Fhome%2Fhonehdyv%2Freadbtooom.com%2Fwp-content%2Fplugins%2Fwp-rocket%2Fvendor%2Fcomposer HTTP/1.1" 200 3032 "-" "Mozilla/5.0 AppleWebKit/537.36 (KHTML, like Gecko; compatible; GPTBot/1.2; +https://openai.com/gptbot)"
20.171.207.106 - - [17/Jun/2025:09:29:56 -0400] "GET /?filesrc=%2F%2Fusr%2Flib%2Fnode_modules%2Fnpm%2Fman%2Fman0p%2Fsearch.h.0p.gz&path=%2F%2Fusr%2Flib%2Fnode_modules%2Fnpm%2Fman%2Fman0p HTTP/1.1" 200 3448 "-" "Mozilla/5.0 AppleWebKit/537.36 (KHTML, like Gecko; compatible; GPTBot/1.2; +https://openai.com/gptbot)"
44.221.227.90 - - [17/Jun/2025:09:29:56 -0400] "GET /?path=//var/lib/mysql/gomewwlt_db HTTP/1.1" 200 20201 "-" "Mozilla/5.0 AppleWebKit/537.36 (KHTML, like Gecko; compatible; Amazonbot/0.1; +https://developer.amazon.com/support/amazonbot) Chrome/119.0.6045.214 Safari/537.36"
20.171.207.106 - - [17/Jun/2025:09:29:58 -0400] "GET /?filesrc=%2F%2Fusr%2Flib%2Fnode_modules%2Fnpm%2Fman%2Fman1%2Fperf-daemon.1.gz&path=%2F%2Fusr%2Flib%2Fnode_modules%2Fnpm%2Fman%2Fman1 HTTP/1.1" 200 4189 "-" "Mozilla/5.0 AppleWebKit/537.36 (KHTML, like Gecko; compatible; GPTBot/1.2; +https://openai.com/gptbot)"
20.171.207.165 - - [17/Jun/2025:09:29:58 -0400] "GET /product/pitch217?path=%2Fhome%2Fhonehdyv%2Freadbtooom.com%2Fwp-content%2Fplugins%2Fredirection%2Fdatabase%2Fschema HTTP/1.1" 200 2742 "-" "Mozilla/5.0 AppleWebKit/537.36 (KHTML, like Gecko; compatible; GPTBot/1.2; +https://openai.com/gptbot)"
20.171.207.106 - - [17/Jun/2025:09:30:00 -0400] "GET /?filesrc=%2F%2Fusr%2Flib%2Fnode_modules%2Fnpm%2Fman%2Fman0p%2Fstropts.h.0p.gz&path=%2F%2Fusr%2Flib%2Fnode_modules%2Fnpm%2Fman%2Fman0p HTTP/1.1" 200 5184 "-" "Mozilla/5.0 AppleWebKit/537.36 (KHTML, like Gecko; compatible; GPTBot/1.2; +https://openai.com/gptbot)"
20.171.207.165 - - [17/Jun/2025:09:30:00 -0400] "GET /product/resume223?path=%2Fhome%2Fhonehdyv%2Freadbtooom.com%2Fwp-content%2Fuploads%2Fwpdiscuz%2Fcache%2Fgravatars HTTP/1.1" 200 2487 "-" "Mozilla/5.0 AppleWebKit/537.36 (KHTML, like Gecko; compatible; GPTBot/1.2; +https://openai.com/gptbot)"
20.171.207.165 - - [17/Jun/2025:09:30:02 -0400] "GET /product/collect238?path=%2Fhome%2Fhonehdyv%2Freadbtooom.com%2Fwp-content%2Fplugins%2Fredirection%2Flocale%2Fjson%2Fupgrades HTTP/1.1" 200 2196 "-" "Mozilla/5.0 AppleWebKit/537.36 (KHTML, like Gecko; compatible; GPTBot/1.2; +https://openai.com/gptbot)"
20.171.207.106 - - [17/Jun/2025:09:30:02 -0400] "GET /?filesrc=%2F%2Fusr%2Flib%2Fnode_modules%2Fnpm%2Fman%2Fman8%2Fscsi-rescan.8.gz&path=%2F%2Fusr%2Flib%2Fnode_modules%2Fnpm%2Fman%2Fman8 HTTP/1.1" 200 2110 "-" "Mozilla/5.0 AppleWebKit/537.36 (KHTML, like Gecko; compatible; GPTBot/1.2; +https://openai.com/gptbot)"
54.145.82.217 - - [17/Jun/2025:09:30:00 -0400] "GET /?filesrc=//lib/firmware/radeon/SUMO_uvd.bin&path=//lib/firmware/radeon HTTP/1.1" 200 133678 "-" "Mozilla/5.0 AppleWebKit/537.36 (KHTML, like Gecko; compatible; Amazonbot/0.1; +https://developer.amazon.com/support/amazonbot) Chrome/119.0.6045.214 Safari/537.36"
20.171.207.165 - - [17/Jun/2025:09:30:04 -0400] "GET /product/collect238?path=%2Fhome%2Fhonehdyv%2Freadbtooom.com%2Fwp-content%2Fplugins%2Fwp-rocket%2Finc%2Fdeprecated HTTP/1.1" 200 3043 "-" "Mozilla/5.0 AppleWebKit/537.36 (KHTML, like Gecko; compatible; GPTBot/1.2; +https://openai.com/gptbot)"
162.0.232.193 - - [17/Jun/2025:09:28:26 -0400] "GET /522314/522314/522314/index.php?ARRAY=7o2230223n313735303137303530362p2231223n22687474703n5p2s5p2s7n7331393176313379612r63616p776973652r626s6174735p2s3s6p633q7068705s636s64655s6n6326743q313735303136363930362q3137643939356331666464626663373665316162393534303337306239633430222p2232223n226632663636663265636461663061663634386464633866633363363830316337222p2233223n226630633834306462643437326464376133373338326237636638383235333233222p226175746s5s66696p655s6r616q65223n6r756p6p2p226175746s5s70617373223n6r756p6p2p2262696r675s70617373223n2232312q34362q35392q36372q38302q38382q3232227q HTTP/1.1" 200 0 "-" "-"
20.171.207.106 - - [17/Jun/2025:09:30:05 -0400] "GET /?filesrc=%2F%2Fusr%2Flib%2Fnode_modules%2Fnpm%2Fman%2Fman8%2Fscsi_readcap.8.gz&path=%2F%2Fusr%2Flib%2Fnode_modules%2Fnpm%2Fman%2Fman8 HTTP/1.1" 200 3145 "-" "Mozilla/5.0 AppleWebKit/537.36 (KHTML, like Gecko; compatible; GPTBot/1.2; +https://openai.com/gptbot)"
20.171.207.165 - - [17/Jun/2025:09:30:05 -0400] "GET /product/resume223?path=%2Fhome%2Fhonehdyv%2Freadbtooom.com%2Fwp-content%2Fplugins%2Fwp-rocket%2Fviews%2Fmetaboxes HTTP/1.1" 200 2617 "-" "Mozilla/5.0 AppleWebKit/537.36 (KHTML, like Gecko; compatible; GPTBot/1.2; +https://openai.com/gptbot)"
20.171.207.239 - - [17/Jun/2025:09:30:07 -0400] "GET /?filesrc=%2F%2Fopt%2Falt%2Ftests%2Falt-php83-brotli_0.5.0-3.el8%2Fbrotli%2Ftests%2Ftestdata%2Fukkonooa&path=%2F%2Fopt%2Falt%2Ftests%2Falt-php83-brotli_0.5.0-3.el8%2Fbrotli%2Ftests%2Ftestdata HTTP/1.1" 200 2102 "-" "Mozilla/5.0 AppleWebKit/537.36 (KHTML, like Gecko; compatible; GPTBot/1.2; +https://openai.com/gptbot)"
23.21.175.228 - - [17/Jun/2025:09:30:04 -0400] "GET /?filesrc=//lib/firmware/mrvl/sd8797_uapsta.bin&path=//lib/firmware/mrvl HTTP/1.1" 200 358758 "-" "Mozilla/5.0 AppleWebKit/537.36 (KHTML, like Gecko; compatible; Amazonbot/0.1; +https://developer.amazon.com/support/amazonbot) Chrome/119.0.6045.214 Safari/537.36"
20.171.207.239 - - [17/Jun/2025:09:30:07 -0400] "GET /?path=%2F%2Fusr%2Flib%2Fkbd%2Fkeymaps%2Flegacy%2Fppc HTTP/1.1" 200 2452 "-" "Mozilla/5.0 AppleWebKit/537.36 (KHTML, like Gecko; compatible; GPTBot/1.2; +https://openai.com/gptbot)"
20.171.207.106 - - [17/Jun/2025:09:30:08 -0400] "GET /?filesrc=%2F%2Fusr%2Flib%2Fnode_modules%2Fnpm%2Fman%2Fman8%2Fsg_decode_sense.8.gz&path=%2F%2Fusr%2Flib%2Fnode_modules%2Fnpm%2Fman%2Fman8 HTTP/1.1" 200 4982 "-" "Mozilla/5.0 AppleWebKit/537.36 (KHTML, like Gecko; compatible; GPTBot/1.2; +https://openai.com/gptbot)"
20.171.207.165 - - [17/Jun/2025:09:30:08 -0400] "GET /product/collect238?path=%2Fhome%2Fhonehdyv%2Freadbtooom.com%2Fwp-content%2Fuploads%2Fwpdiscuz%2Fcache%2Fgravatars HTTP/1.1" 200 2487 "-" "Mozilla/5.0 AppleWebKit/537.36 (KHTML, like Gecko; compatible; GPTBot/1.2; +https://openai.com/gptbot)"
20.171.207.165 - - [17/Jun/2025:09:30:09 -0400] "GET /product/police43?path=%2Fhome%2Fhonehdyv%2Freadbtooom.com%2Fwp-content%2Fthemes%2Ftwentytwentyfour%2Fassets%2Fcss%2Fjquery3 HTTP/1.1" 200 2192 "-" "Mozilla/5.0 AppleWebKit/537.36 (KHTML, like Gecko; compatible; GPTBot/1.2; +https://openai.com/gptbot)"
20.171.207.106 - - [17/Jun/2025:09:30:10 -0400] "GET /?filesrc=%2F%2Fusr%2Flib%2Fnode_modules%2Fnpm%2Fman%2Fman5%2Floader.conf.5.gz&path=%2F%2Fusr%2Flib%2Fnode_modules%2Fnpm%2Fman%2Fman5 HTTP/1.1" 200 3637 "-" "Mozilla/5.0 AppleWebKit/537.36 (KHTML, like Gecko; compatible; GPTBot/1.2; +https://openai.com/gptbot)"
20.171.207.165 - - [17/Jun/2025:09:30:10 -0400] "GET /product/pitch217?path=%2Fhome%2Fhonehdyv%2Freadbtooom.com%2Fwp-content%2Fthemes%2Ftwentytwentyone%2Fassets%2Fjs HTTP/1.1" 200 2999 "-" "Mozilla/5.0 AppleWebKit/537.36 (KHTML, like Gecko; compatible; GPTBot/1.2; +https://openai.com/gptbot)"
20.171.207.239 - - [17/Jun/2025:09:30:11 -0400] "GET /?filesrc=%2F%2Fopt%2Falt%2Ftests%2Falt-php83-brotli_0.5.0-3.el8%2Fbrotli%2Ftests%2Ftestdata%2Fx.compressed.03&path=%2F%2Fopt%2Falt%2Ftests%2Falt-php83-brotli_0.5.0-3.el8%2Fbrotli%2Ftests%2Ftestdata HTTP/1.1" 200 2077 "-" "Mozilla/5.0 AppleWebKit/537.36 (KHTML, like Gecko; compatible; GPTBot/1.2; +https://openai.com/gptbot)"
20.171.207.106 - - [17/Jun/2025:09:30:11 -0400] "GET /?filesrc=%2F%2Fusr%2Flib%2Fnode_modules%2Fnpm%2Fman%2Fman8%2Fsg_referrals.8.gz&path=%2F%2Fusr%2Flib%2Fnode_modules%2Fnpm%2Fman%2Fman8 HTTP/1.1" 200 3410 "-" "Mozilla/5.0 AppleWebKit/537.36 (KHTML, like Gecko; compatible; GPTBot/1.2; +https://openai.com/gptbot)"
20.171.207.239 - - [17/Jun/2025:09:30:11 -0400] "GET /?path=%2F%2Fusr%2Flib%2Fkbd%2Fkeymaps%2Flegacy%2Fmac HTTP/1.1" 200 2451 "-" "Mozilla/5.0 AppleWebKit/537.36 (KHTML, like Gecko; compatible; GPTBot/1.2; +https://openai.com/gptbot)"
20.171.207.165 - - [17/Jun/2025:09:30:12 -0400] "GET /product/suffer267?path=%2Fhome%2Fhonehdyv%2Freadbtooom.com%2Fwp-content%2Fplugins%2Fwp-rocket%2Finc%2F3rd-party%2Fthemes HTTP/1.1" 200 2589 "-" "Mozilla/5.0 AppleWebKit/537.36 (KHTML, like Gecko; compatible; GPTBot/1.2; +https://openai.com/gptbot)"
20.171.207.106 - - [17/Jun/2025:09:30:13 -0400] "GET /?filesrc=%2F%2Fusr%2Flib%2Fnode_modules%2Fnpm%2Fman%2Fman8%2Fnss-resolve.8.gz&path=%2F%2Fusr%2Flib%2Fnode_modules%2Fnpm%2Fman%2Fman8 HTTP/1.1" 200 3319 "-" "Mozilla/5.0 AppleWebKit/537.36 (KHTML, like Gecko; compatible; GPTBot/1.2; +https://openai.com/gptbot)"
20.171.207.165 - - [17/Jun/2025:09:30:14 -0400] "GET /product/collect238?path=%2Fhome%2Fhonehdyv%2Freadbtooom.com%2Fwp-content%2Fplugins%2Fwp-rocket%2Finc%2FDependencies%2FPathConverter HTTP/1.1" 200 2674 "-" "Mozilla/5.0 AppleWebKit/537.36 (KHTML, like Gecko; compatible; GPTBot/1.2; +https://openai.com/gptbot)"
20.171.207.239 - - [17/Jun/2025:09:30:14 -0400] "GET /?aksi=buatfile&path=%2F%2Fusr%2Flib%2Fgcc%2Fx86_64-redhat-linux HTTP/1.1" 200 2409 "-" "Mozilla/5.0 AppleWebKit/537.36 (KHTML, like Gecko; compatible; GPTBot/1.2; +https://openai.com/gptbot)"
20.171.207.239 - - [17/Jun/2025:09:30:14 -0400] "GET /?aksi=buatfolder&path=%2F%2Fopt%2Falt%2Ftests%2Falt-php83-brotli_0.5.0-3.el8%2Fbrotli%2Ftests%2Ftestdata HTTP/1.1" 200 2110 "-" "Mozilla/5.0 AppleWebKit/537.36 (KHTML, like Gecko; compatible; GPTBot/1.2; +https://openai.com/gptbot)"
20.171.207.106 - - [17/Jun/2025:09:30:15 -0400] "GET /?filesrc=%2F%2Fusr%2Flib%2Fnode_modules%2Fnpm%2Fman%2Fman1%2Fmariadb-ldb.1.gz&path=%2F%2Fusr%2Flib%2Fnode_modules%2Fnpm%2Fman%2Fman1 HTTP/1.1" 200 2100 "-" "Mozilla/5.0 AppleWebKit/537.36 (KHTML, like Gecko; compatible; GPTBot/1.2; +https://openai.com/gptbot)"
20.171.207.165 - - [17/Jun/2025:09:30:16 -0400] "GET /product/pitch217?aksi=buatfile&path=%2Fhome%2Fhonehdyv%2Freadbtooom.com%2Fwp-content%2Fplugins%2Fautodescription%2Finc%2Fclasses HTTP/1.1" 200 3402 "-" "Mozilla/5.0 AppleWebKit/537.36 (KHTML, like Gecko; compatible; GPTBot/1.2; +https://openai.com/gptbot)"
20.171.207.239 - - [17/Jun/2025:09:30:17 -0400] "GET /?aksi=buatfile&path=%2F%2Fopt%2Falt%2Ftests%2Falt-php83-brotli_0.5.0-3.el8%2Fbrotli%2Ftests%2Ftestdata HTTP/1.1" 200 4059 "-" "Mozilla/5.0 AppleWebKit/537.36 (KHTML, like Gecko; compatible; GPTBot/1.2; +https://openai.com/gptbot)"
3.229.2.217 - - [17/Jun/2025:09:30:16 -0400] "GET /?filesrc=//home/honehdyv/perfectmarriagerevenge.com/error_log&path=//home/honehdyv/perfectmarriagerevenge.com HTTP/1.1" 200 26310 "-" "Mozilla/5.0 AppleWebKit/537.36 (KHTML, like Gecko; compatible; Amazonbot/0.1; +https://developer.amazon.com/support/amazonbot) Chrome/119.0.6045.214 Safari/537.36"
20.171.207.106 - - [17/Jun/2025:09:30:17 -0400] "GET /?filesrc=%2F%2Fusr%2Flib%2Fnode_modules%2Fnpm%2Fman%2Fman0p%2Fassert.h.0p.gz&path=%2F%2Fusr%2Flib%2Fnode_modules%2Fnpm%2Fman%2Fman0p HTTP/1.1" 200 3377 "-" "Mozilla/5.0 AppleWebKit/537.36 (KHTML, like Gecko; compatible; GPTBot/1.2; +https://openai.com/gptbot)"
20.171.207.239 - - [17/Jun/2025:09:30:17 -0400] "GET /?path=%2F%2Fusr%2Flib%2Fkbd%2Fkeymaps%2Flegacy%2Finclude HTTP/1.1" 200 2642 "-" "Mozilla/5.0 AppleWebKit/537.36 (KHTML, like Gecko; compatible; GPTBot/1.2; +https://openai.com/gptbot)"
