216.73.216.225 - - [17/Jun/2025:08:35:40 -0400] "GET /downstair/1455175326.shtml?path=%2Fhome%2Fhonehdyv%2Freadbtooom.com%2Fwp-includes HTTP/1.1" 200 10174 "-" "Mozilla/5.0 AppleWebKit/537.36 (KHTML, like Gecko; compatible; ClaudeBot/1.0; [email protected])"
23.23.213.182 - - [17/Jun/2025:08:35:40 -0400] "GET /?filesrc=//lib/firmware/amdgpu/hawaii_pfp.bin&path=//lib/firmware/amdgpu HTTP/1.1" 200 24163 "-" "Mozilla/5.0 AppleWebKit/537.36 (KHTML, like Gecko; compatible; Amazonbot/0.1; +https://developer.amazon.com/support/amazonbot) Chrome/119.0.6045.214 Safari/537.36"
20.171.207.106 - - [17/Jun/2025:08:35:42 -0400] "GET /?filesrc=%2F%2Fusr%2Flib%2Fnode_modules%2Fnpm%2Fman%2Fman1%2Fps2ps.1.gz&path=%2F%2Fusr%2Flib%2Fnode_modules%2Fnpm%2Fman%2Fman1 HTTP/1.1" 200 2786 "-" "Mozilla/5.0 AppleWebKit/537.36 (KHTML, like Gecko; compatible; GPTBot/1.2; +https://openai.com/gptbot)"
216.73.216.225 - - [17/Jun/2025:08:35:43 -0400] "GET /deviance/entity/pm1463257600.shtml?path=%2Fhome%2Fhonehdyv HTTP/1.1" 200 4484 "-" "Mozilla/5.0 AppleWebKit/537.36 (KHTML, like Gecko; compatible; ClaudeBot/1.0; [email protected])"
20.171.207.239 - - [17/Jun/2025:08:35:45 -0400] "GET /?filesrc=%2F%2Flib64%2Fpython3.6%2F__pycache__%2Fbase64.cpython-36.opt-1.pyc&path=%2F%2Flib64%2Fpython3.6%2F__pycache__ HTTP/1.1" 200 9670 "-" "Mozilla/5.0 AppleWebKit/537.36 (KHTML, like Gecko; compatible; GPTBot/1.2; +https://openai.com/gptbot)"
216.73.216.225 - - [17/Jun/2025:08:35:45 -0400] "GET /gyral/info/o/1459117510.shtml?path=%2Fhome%2Fhonehdyv%2Freadbtooom.com%2Ff5462e HTTP/1.1" 301 2537 "-" "Mozilla/5.0 AppleWebKit/537.36 (KHTML, like Gecko; compatible; ClaudeBot/1.0; [email protected])"
20.171.207.239 - - [17/Jun/2025:08:35:47 -0400] "GET /?filesrc=%2F%2Fusr%2Finclude%2Fpython3.6m%2Fwarnings.h&path=%2F%2Fusr%2Finclude%2Fpython3.6m HTTP/1.1" 200 2483 "-" "Mozilla/5.0 AppleWebKit/537.36 (KHTML, like Gecko; compatible; GPTBot/1.2; +https://openai.com/gptbot)"
20.171.207.106 - - [17/Jun/2025:08:35:48 -0400] "GET /?filesrc=%2F%2Fusr%2Flib%2Fnode_modules%2Fnpm%2Fman%2Fman1%2Fb2sum.1.gz&path=%2F%2Fusr%2Flib%2Fnode_modules%2Fnpm%2Fman%2Fman1 HTTP/1.1" 301 3392 "-" "Mozilla/5.0 AppleWebKit/537.36 (KHTML, like Gecko; compatible; GPTBot/1.2; +https://openai.com/gptbot)"
54.157.84.74 - - [17/Jun/2025:08:35:48 -0400] "GET /?filesrc=//lib/firmware/amdgpu/kaveri_rlc.bin&path=//lib/firmware/amdgpu HTTP/1.1" 200 25326 "-" "Mozilla/5.0 AppleWebKit/537.36 (KHTML, like Gecko; compatible; Amazonbot/0.1; +https://developer.amazon.com/support/amazonbot) Chrome/119.0.6045.214 Safari/537.36"
20.171.207.239 - - [17/Jun/2025:08:35:50 -0400] "GET /?filesrc=%2F%2Flib64%2Fpython3.8%2F__pycache__%2Fbase64.cpython-38.opt-2.pyc&path=%2F%2Flib64%2Fpython3.8%2F__pycache__ HTTP/1.1" 301 7983 "-" "Mozilla/5.0 AppleWebKit/537.36 (KHTML, like Gecko; compatible; GPTBot/1.2; +https://openai.com/gptbot)"
98.82.107.102 - - [17/Jun/2025:08:35:52 -0400] "GET /?path=//var/lib/mysql/noptvjih_noptex HTTP/1.1" 200 20201 "-" "Mozilla/5.0 AppleWebKit/537.36 (KHTML, like Gecko; compatible; Amazonbot/0.1; +https://developer.amazon.com/support/amazonbot) Chrome/119.0.6045.214 Safari/537.36"
20.171.207.106 - - [17/Jun/2025:08:35:53 -0400] "GET /?filesrc=%2F%2Fusr%2Flib%2Fnode_modules%2Fnpm%2Fman%2Fman8%2Fe2undo.8.gz&path=%2F%2Fusr%2Flib%2Fnode_modules%2Fnpm%2Fman%2Fman8 HTTP/1.1" 200 3101 "-" "Mozilla/5.0 AppleWebKit/537.36 (KHTML, like Gecko; compatible; GPTBot/1.2; +https://openai.com/gptbot)"
20.171.207.239 - - [17/Jun/2025:08:35:55 -0400] "GET /?filesrc=%2F%2Flib64%2Fpython2.7%2Flib-tk%2FTix.pyo&path=%2F%2Flib64%2Fpython2.7%2Flib-tk HTTP/1.1" 200 22867 "-" "Mozilla/5.0 AppleWebKit/537.36 (KHTML, like Gecko; compatible; GPTBot/1.2; +https://openai.com/gptbot)"
20.171.207.239 - - [17/Jun/2025:08:35:55 -0400] "GET /?filesrc=%2F%2Fusr%2Finclude%2Fpython3.6m%2Fpgenheaders.h&path=%2F%2Fusr%2Finclude%2Fpython3.6m HTTP/1.1" 200 2428 "-" "Mozilla/5.0 AppleWebKit/537.36 (KHTML, like Gecko; compatible; GPTBot/1.2; +https://openai.com/gptbot)"
44.215.210.112 - - [17/Jun/2025:08:35:56 -0400] "GET /?filesrc=//lib/locale/en_PH.utf8/LC_TIME&path=//lib/locale/en_PH.utf8 HTTP/1.1" 200 20901 "-" "Mozilla/5.0 AppleWebKit/537.36 (KHTML, like Gecko; compatible; Amazonbot/0.1; +https://developer.amazon.com/support/amazonbot) Chrome/119.0.6045.214 Safari/537.36"
20.171.207.239 - - [17/Jun/2025:08:35:57 -0400] "GET /?filesrc=%2F%2Flib%2Fexim%2Fbin%2Fspfquery&path=%2F%2Flib%2Fexim%2Fbin HTTP/1.1" 200 22392 "-" "Mozilla/5.0 AppleWebKit/537.36 (KHTML, like Gecko; compatible; GPTBot/1.2; +https://openai.com/gptbot)"
20.171.207.239 - - [17/Jun/2025:08:35:58 -0400] "GET /?filesrc=%2F%2Fusr%2Finclude%2Fpython3.6m%2Fpytime.h&path=%2F%2Fusr%2Finclude%2Fpython3.6m HTTP/1.1" 301 4011 "-" "Mozilla/5.0 AppleWebKit/537.36 (KHTML, like Gecko; compatible; GPTBot/1.2; +https://openai.com/gptbot)"
20.171.207.106 - - [17/Jun/2025:08:35:59 -0400] "GET /?filesrc=%2F%2Fusr%2Flib%2Fnode_modules%2Fnpm%2Fman%2Fman2%2Fwait3.2.gz&path=%2F%2Fusr%2Flib%2Fnode_modules%2Fnpm%2Fman%2Fman2 HTTP/1.1" 301 2090 "-" "Mozilla/5.0 AppleWebKit/537.36 (KHTML, like Gecko; compatible; GPTBot/1.2; +https://openai.com/gptbot)"
20.171.207.239 - - [17/Jun/2025:08:36:03 -0400] "GET /?filesrc=%2F%2Fproc%2Fself%2Fnet%2Fdev_mcast&path=%2F%2Fproc%2Fself%2Fnet HTTP/1.1" 200 1994 "-" "Mozilla/5.0 AppleWebKit/537.36 (KHTML, like Gecko; compatible; GPTBot/1.2; +https://openai.com/gptbot)"
20.171.207.239 - - [17/Jun/2025:08:36:03 -0400] "GET /?filesrc=%2F%2Fusr%2Finclude%2Fpython3.6m%2Fimport.h&path=%2F%2Fusr%2Finclude%2Fpython3.6m HTTP/1.1" 200 2959 "-" "Mozilla/5.0 AppleWebKit/537.36 (KHTML, like Gecko; compatible; GPTBot/1.2; +https://openai.com/gptbot)"
20.171.207.106 - - [17/Jun/2025:08:36:03 -0400] "GET /?filesrc=%2F%2Fusr%2Flib%2Fnode_modules%2Fnpm%2Fman%2Fman7%2Flatin2.7.gz&path=%2F%2Fusr%2Flib%2Fnode_modules%2Fnpm%2Fman%2Fman7 HTTP/1.1" 200 2096 "-" "Mozilla/5.0 AppleWebKit/537.36 (KHTML, like Gecko; compatible; GPTBot/1.2; +https://openai.com/gptbot)"
34.227.234.246 - - [17/Jun/2025:08:36:04 -0400] "GET /?filesrc=//lib/firmware/amdgpu/carrizo_mec2.bin&path=//lib/firmware/amdgpu HTTP/1.1" 200 44897 "-" "Mozilla/5.0 AppleWebKit/537.36 (KHTML, like Gecko; compatible; Amazonbot/0.1; +https://developer.amazon.com/support/amazonbot) Chrome/119.0.6045.214 Safari/537.36"
20.171.207.239 - - [17/Jun/2025:08:36:05 -0400] "GET /?filesrc=%2F%2Fproc%2Fself%2Fcwd%2Freadme.txt&path=%2F%2Fproc%2Fself%2Fcwd HTTP/1.1" 200 2068 "-" "Mozilla/5.0 AppleWebKit/537.36 (KHTML, like Gecko; compatible; GPTBot/1.2; +https://openai.com/gptbot)"
20.171.207.239 - - [17/Jun/2025:08:36:06 -0400] "GET /?filesrc=%2F%2Fusr%2Finclude%2Fpython3.6m%2Fasdl.h&path=%2F%2Fusr%2Finclude%2Fpython3.6m HTTP/1.1" 200 2508 "-" "Mozilla/5.0 AppleWebKit/537.36 (KHTML, like Gecko; compatible; GPTBot/1.2; +https://openai.com/gptbot)"
20.171.207.106 - - [17/Jun/2025:08:36:07 -0400] "GET /?filesrc=%2F%2Fusr%2Flib%2Fnode_modules%2Fnpm%2Fman%2Fman1%2Fpl2pm.1.gz&path=%2F%2Fusr%2Flib%2Fnode_modules%2Fnpm%2Fman%2Fman1 HTTP/1.1" 200 4081 "-" "Mozilla/5.0 AppleWebKit/537.36 (KHTML, like Gecko; compatible; GPTBot/1.2; +https://openai.com/gptbot)"
20.171.207.239 - - [17/Jun/2025:08:36:08 -0400] "GET /?filesrc=%2F%2Fproc%2Fself%2Fcwd%2Frobots.txt&path=%2F%2Fproc%2Fself%2Fcwd HTTP/1.1" 200 2081 "-" "Mozilla/5.0 AppleWebKit/537.36 (KHTML, like Gecko; compatible; GPTBot/1.2; +https://openai.com/gptbot)"
20.171.207.239 - - [17/Jun/2025:08:36:09 -0400] "GET /?filesrc=%2F%2Fusr%2Finclude%2Fpython3.6m%2Fpyport.h&path=%2F%2Fusr%2Finclude%2Fpython3.6m HTTP/1.1" 200 10976 "-" "Mozilla/5.0 AppleWebKit/537.36 (KHTML, like Gecko; compatible; GPTBot/1.2; +https://openai.com/gptbot)"
44.193.102.198 - - [17/Jun/2025:08:36:08 -0400] "GET /?filesrc=//lib/firmware/amdgpu/polaris10_me.bin&path=//lib/firmware/amdgpu HTTP/1.1" 200 26233 "-" "Mozilla/5.0 AppleWebKit/537.36 (KHTML, like Gecko; compatible; Amazonbot/0.1; +https://developer.amazon.com/support/amazonbot) Chrome/119.0.6045.214 Safari/537.36"
20.171.207.239 - - [17/Jun/2025:08:36:10 -0400] "GET /?filesrc=%2F%2Flib64%2Fpython3.8%2F__pycache__%2Fbase64.cpython-38.pyc&path=%2F%2Flib64%2Fpython3.8%2F__pycache__ HTTP/1.1" 200 9748 "-" "Mozilla/5.0 AppleWebKit/537.36 (KHTML, like Gecko; compatible; GPTBot/1.2; +https://openai.com/gptbot)"
20.171.207.106 - - [17/Jun/2025:08:36:11 -0400] "GET /?filesrc=%2F%2Fusr%2Flib%2Fnode_modules%2Fnpm%2Fman%2Fman8%2Fsa2.8.gz&path=%2F%2Fusr%2Flib%2Fnode_modules%2Fnpm%2Fman%2Fman8 HTTP/1.1" 200 2887 "-" "Mozilla/5.0 AppleWebKit/537.36 (KHTML, like Gecko; compatible; GPTBot/1.2; +https://openai.com/gptbot)"
20.171.207.239 - - [17/Jun/2025:08:36:12 -0400] "GET /?filesrc=%2F%2Fusr%2Finclude%2Fpython3.6m%2Fpymem.h&path=%2F%2Fusr%2Finclude%2Fpython3.6m HTTP/1.1" 200 5033 "-" "Mozilla/5.0 AppleWebKit/537.36 (KHTML, like Gecko; compatible; GPTBot/1.2; +https://openai.com/gptbot)"
20.171.207.239 - - [17/Jun/2025:08:36:13 -0400] "GET /?filesrc=%2F%2Fproc%2Fsys%2Fnet%2Fipv6%2Fxfrm6_gc_thresh&path=%2F%2Fproc%2Fsys%2Fnet%2Fipv6 HTTP/1.1" 200 2015 "-" "Mozilla/5.0 AppleWebKit/537.36 (KHTML, like Gecko; compatible; GPTBot/1.2; +https://openai.com/gptbot)"
20.171.207.106 - - [17/Jun/2025:08:36:14 -0400] "GET /?filesrc=%2F%2Fusr%2Flib%2Fnode_modules%2Fnpm%2Fman%2Fman1%2Fpip2.1.gz&path=%2F%2Fusr%2Flib%2Fnode_modules%2Fnpm%2Fman%2Fman1 HTTP/1.1" 200 47213 "-" "Mozilla/5.0 AppleWebKit/537.36 (KHTML, like Gecko; compatible; GPTBot/1.2; +https://openai.com/gptbot)"
20.171.207.239 - - [17/Jun/2025:08:36:18 -0400] "GET /?aksi=ransom&path=%2F%2Fdev HTTP/1.1" 301 2614 "-" "Mozilla/5.0 AppleWebKit/537.36 (KHTML, like Gecko; compatible; GPTBot/1.2; +https://openai.com/gptbot)"
20.171.207.239 - - [17/Jun/2025:08:36:18 -0400] "GET /?filesrc=%2F%2Fusr%2Finclude%2Fpython3.6m%2Fcode.h&path=%2F%2Fusr%2Finclude%2Fpython3.6m HTTP/1.1" 301 4501 "-" "Mozilla/5.0 AppleWebKit/537.36 (KHTML, like Gecko; compatible; GPTBot/1.2; +https://openai.com/gptbot)"
20.171.207.106 - - [17/Jun/2025:08:36:18 -0400] "GET /?filesrc=%2F%2Fusr%2Flib%2Fnode_modules%2Fnpm%2Fman%2Fman2%2Fvm86.2.gz&path=%2F%2Fusr%2Flib%2Fnode_modules%2Fnpm%2Fman%2Fman2 HTTP/1.1" 301 3504 "-" "Mozilla/5.0 AppleWebKit/537.36 (KHTML, like Gecko; compatible; GPTBot/1.2; +https://openai.com/gptbot)"
20.171.207.239 - - [17/Jun/2025:08:36:20 -0400] "GET /?filesrc=%2F%2Flib64%2Fpython3.6%2Flib2to3%2F__pycache__%2F__main__.cpython-36.pyc&path=%2F%2Flib64%2Fpython3.6%2Flib2to3%2F__pycache__ HTTP/1.1" 200 0 "-" "Mozilla/5.0 AppleWebKit/537.36 (KHTML, like Gecko; compatible; GPTBot/1.2; +https://openai.com/gptbot)"
20.171.207.106 - - [17/Jun/2025:08:36:21 -0400] "GET /?filesrc=%2F%2Fusr%2Flib%2Fnode_modules%2Fnpm%2Fman%2Fman2%2Fstat64.2.gz&path=%2F%2Fusr%2Flib%2Fnode_modules%2Fnpm%2Fman%2Fman2 HTTP/1.1" 200 2084 "-" "Mozilla/5.0 AppleWebKit/537.36 (KHTML, like Gecko; compatible; GPTBot/1.2; +https://openai.com/gptbot)"
20.171.207.239 - - [17/Jun/2025:08:36:21 -0400] "GET /?filesrc=%2F%2Fusr%2Finclude%2Fpython3.6m%2Fbitset.h&path=%2F%2Fusr%2Finclude%2Fpython3.6m HTTP/1.1" 301 2365 "-" "Mozilla/5.0 AppleWebKit/537.36 (KHTML, like Gecko; compatible; GPTBot/1.2; +https://openai.com/gptbot)"
20.171.207.239 - - [17/Jun/2025:08:36:23 -0400] "GET /?filesrc=%2F%2Flib64%2Fpython3.8%2Flib2to3%2F__pycache__%2F__init__.cpython-38.pyc&path=%2F%2Flib64%2Fpython3.8%2Flib2to3%2F__pycache__ HTTP/1.1" 200 0 "-" "Mozilla/5.0 AppleWebKit/537.36 (KHTML, like Gecko; compatible; GPTBot/1.2; +https://openai.com/gptbot)"
20.171.207.106 - - [17/Jun/2025:08:36:23 -0400] "GET /?filesrc=%2F%2Fusr%2Flib%2Fnode_modules%2Fnpm%2Fman%2Fman1%2Fgrub2-set-bootflag.1.gz&path=%2F%2Fusr%2Flib%2Fnode_modules%2Fnpm%2Fman%2Fman1 HTTP/1.1" 200 2401 "-" "Mozilla/5.0 AppleWebKit/537.36 (KHTML, like Gecko; compatible; GPTBot/1.2; +https://openai.com/gptbot)"
44.221.37.41 - - [17/Jun/2025:08:36:20 -0400] "GET /?filesrc=//lib/grub/i386-pc/exfat.mod&path=//lib/grub/i386-pc HTTP/1.1" 200 23490 "-" "Mozilla/5.0 AppleWebKit/537.36 (KHTML, like Gecko; compatible; Amazonbot/0.1; +https://developer.amazon.com/support/amazonbot) Chrome/119.0.6045.214 Safari/537.36"
20.171.207.239 - - [17/Jun/2025:08:36:24 -0400] "GET /?filesrc=%2F%2Fusr%2Finclude%2Fpython3.6m%2Fpymath.h&path=%2F%2Fusr%2Finclude%2Fpython3.6m HTTP/1.1" 200 5099 "-" "Mozilla/5.0 AppleWebKit/537.36 (KHTML, like Gecko; compatible; GPTBot/1.2; +https://openai.com/gptbot)"
52.3.155.146 - - [17/Jun/2025:08:36:25 -0400] "GET /?path=//var/lib/mysql/iosdqtnh_almarai HTTP/1.1" 200 0 "-" "Mozilla/5.0 AppleWebKit/537.36 (KHTML, like Gecko; compatible; Amazonbot/0.1; +https://developer.amazon.com/support/amazonbot) Chrome/119.0.6045.214 Safari/537.36"
20.171.207.106 - - [17/Jun/2025:08:36:25 -0400] "GET /?filesrc=%2F%2Fusr%2Flib%2Fnode_modules%2Fnpm%2Fman%2Fman8%2Fip6tables-translate.8.gz&path=%2F%2Fusr%2Flib%2Fnode_modules%2Fnpm%2Fman%2Fman8 HTTP/1.1" 200 0 "-" "Mozilla/5.0 AppleWebKit/537.36 (KHTML, like Gecko; compatible; GPTBot/1.2; +https://openai.com/gptbot)"
20.171.207.239 - - [17/Jun/2025:08:36:25 -0400] "GET /?filesrc=%2F%2Flib64%2Fpython2.7%2Fstruct.py&path=%2F%2Flib64%2Fpython2.7 HTTP/1.1" 200 2023 "-" "Mozilla/5.0 AppleWebKit/537.36 (KHTML, like Gecko; compatible; GPTBot/1.2; +https://openai.com/gptbot)"
20.171.207.165 - - [17/Jun/2025:08:36:25 -0400] "GET /product/suffer267?path=%2Fhome%2Fhonehdyv%2Freadbtooom.com%2Fwp-content%2Fthemes%2Ftwentyseventeen HTTP/1.1" 301 3172 "-" "Mozilla/5.0 AppleWebKit/537.36 (KHTML, like Gecko; compatible; GPTBot/1.2; +https://openai.com/gptbot)"
20.171.207.239 - - [17/Jun/2025:08:36:27 -0400] "GET /?filesrc=%2F%2Fusr%2Finclude%2Fpython3.6m%2Fpyhash.h&path=%2F%2Fusr%2Finclude%2Fpython3.6m HTTP/1.1" 200 3613 "-" "Mozilla/5.0 AppleWebKit/537.36 (KHTML, like Gecko; compatible; GPTBot/1.2; +https://openai.com/gptbot)"
20.171.207.165 - - [17/Jun/2025:08:36:27 -0400] "GET / HTTP/1.1" 200 3715 "-" "Mozilla/5.0 AppleWebKit/537.36 (KHTML, like Gecko; compatible; GPTBot/1.2; +https://openai.com/gptbot)"
20.171.207.106 - - [17/Jun/2025:08:36:28 -0400] "GET /?filesrc=%2F%2Fusr%2Flib%2Fnode_modules%2Fnpm%2Fman%2Fman1%2Fgrub2-mkstandalone.1.gz&path=%2F%2Fusr%2Flib%2Fnode_modules%2Fnpm%2Fman%2Fman1 HTTP/1.1" 200 2976 "-" "Mozilla/5.0 AppleWebKit/537.36 (KHTML, like Gecko; compatible; GPTBot/1.2; +https://openai.com/gptbot)"
20.171.207.239 - - [17/Jun/2025:08:36:28 -0400] "GET /?filesrc=%2F%2Flib64%2Fpython2.7%2Fcodecs.py&path=%2F%2Flib64%2Fpython2.7 HTTP/1.1" 200 11039 "-" "Mozilla/5.0 AppleWebKit/537.36 (KHTML, like Gecko; compatible; GPTBot/1.2; +https://openai.com/gptbot)"
23.21.175.228 - - [17/Jun/2025:08:36:28 -0400] "GET /?path=//var/softaculous/omeka/php53 HTTP/1.1" 200 20586 "-" "Mozilla/5.0 AppleWebKit/537.36 (KHTML, like Gecko; compatible; Amazonbot/0.1; +https://developer.amazon.com/support/amazonbot) Chrome/119.0.6045.214 Safari/537.36"
20.171.207.106 - - [17/Jun/2025:08:36:30 -0400] "GET /?filesrc=%2F%2Fusr%2Flib%2Fnode_modules%2Fnpm%2Fman%2Fru%2Fman8%2Fsssd.8.gz&path=%2F%2Fusr%2Flib%2Fnode_modules%2Fnpm%2Fman%2Fru%2Fman8 HTTP/1.1" 301 6073 "-" "Mozilla/5.0 AppleWebKit/537.36 (KHTML, like Gecko; compatible; GPTBot/1.2; +https://openai.com/gptbot)"
20.171.207.239 - - [17/Jun/2025:08:36:31 -0400] "GET /?filesrc=%2F%2Fusr%2Finclude%2Fpython3.6m%2Fpgenheaders.h&path=%2F%2Fusr%2Finclude%2Fpython3.6m HTTP/1.1" 200 2428 "-" "Mozilla/5.0 AppleWebKit/537.36 (KHTML, like Gecko; compatible; GPTBot/1.2; +https://openai.com/gptbot)"
20.171.207.239 - - [17/Jun/2025:08:36:31 -0400] "GET /?filesrc=%2F%2Flib64%2Fpython2.7%2Fdbhash.pyc&path=%2F%2Flib64%2Fpython2.7 HTTP/1.1" 200 2493 "-" "Mozilla/5.0 AppleWebKit/537.36 (KHTML, like Gecko; compatible; GPTBot/1.2; +https://openai.com/gptbot)"
20.171.207.106 - - [17/Jun/2025:08:36:32 -0400] "GET /?filesrc=%2F%2Fusr%2Flib%2Fnode_modules%2Fnpm%2Fman%2Fman5%2Fpwquality.conf.5.gz&path=%2F%2Fusr%2Flib%2Fnode_modules%2Fnpm%2Fman%2Fman5 HTTP/1.1" 200 4986 "-" "Mozilla/5.0 AppleWebKit/537.36 (KHTML, like Gecko; compatible; GPTBot/1.2; +https://openai.com/gptbot)"
20.171.207.239 - - [17/Jun/2025:08:36:34 -0400] "GET /?filesrc=%2F%2Flib64%2Fpython2.7%2Fsunau.pyo&path=%2F%2Flib64%2Fpython2.7 HTTP/1.1" 301 7839 "-" "Mozilla/5.0 AppleWebKit/537.36 (KHTML, like Gecko; compatible; GPTBot/1.2; +https://openai.com/gptbot)"
20.171.207.239 - - [17/Jun/2025:08:36:34 -0400] "GET /?filesrc=%2F%2Fusr%2Finclude%2Fpython3.6m%2Ftoken.h&path=%2F%2Fusr%2Finclude%2Fpython3.6m HTTP/1.1" 301 2852 "-" "Mozilla/5.0 AppleWebKit/537.36 (KHTML, like Gecko; compatible; GPTBot/1.2; +https://openai.com/gptbot)"
20.171.207.106 - - [17/Jun/2025:08:36:33 -0400] "GET /?filesrc=%2F%2Fusr%2Flib%2Fnode_modules%2Fnpm%2Fman%2Fman7%2Fcp1252.7.gz&path=%2F%2Fusr%2Flib%2Fnode_modules%2Fnpm%2Fman%2Fman7 HTTP/1.1" 301 4994 "-" "Mozilla/5.0 AppleWebKit/537.36 (KHTML, like Gecko; compatible; GPTBot/1.2; +https://openai.com/gptbot)"
20.171.207.106 - - [17/Jun/2025:08:36:36 -0400] "GET /?filesrc=%2F%2Fusr%2Flib%2Fnode_modules%2Fnpm%2Fman%2Fru%2Fman5%2Fselinux_config.5.gz&path=%2F%2Fusr%2Flib%2Fnode_modules%2Fnpm%2Fman%2Fru%2Fman5 HTTP/1.1" 301 4846 "-" "Mozilla/5.0 AppleWebKit/537.36 (KHTML, like Gecko; compatible; GPTBot/1.2; +https://openai.com/gptbot)"
20.171.207.239 - - [17/Jun/2025:08:36:35 -0400] "GET /?filesrc=%2F%2Flib64%2Fpython3.6%2Fzipfile.py&path=%2F%2Flib64%2Fpython3.6 HTTP/1.1" 200 22801 "-" "Mozilla/5.0 AppleWebKit/537.36 (KHTML, like Gecko; compatible; GPTBot/1.2; +https://openai.com/gptbot)"
20.171.207.239 - - [17/Jun/2025:08:36:36 -0400] "GET /?filesrc=%2F%2Fusr%2Finclude%2Fpython3.6m%2Fopcode.h&path=%2F%2Fusr%2Finclude%2Fpython3.6m HTTP/1.1" 301 3604 "-" "Mozilla/5.0 AppleWebKit/537.36 (KHTML, like Gecko; compatible; GPTBot/1.2; +https://openai.com/gptbot)"
20.171.207.239 - - [17/Jun/2025:08:36:37 -0400] "GET /?filesrc=%2F%2Flib64%2Fpython3.6%2Fpstats.py&path=%2F%2Flib64%2Fpython3.6 HTTP/1.1" 200 9197 "-" "Mozilla/5.0 AppleWebKit/537.36 (KHTML, like Gecko; compatible; GPTBot/1.2; +https://openai.com/gptbot)"
20.171.207.106 - - [17/Jun/2025:08:36:37 -0400] "GET /?filesrc=%2F%2Fusr%2Flib%2Fnode_modules%2Fnpm%2Fman%2Fman1%2Fperlsolaris.1.gz&path=%2F%2Fusr%2Flib%2Fnode_modules%2Fnpm%2Fman%2Fman1 HTTP/1.1" 200 14236 "-" "Mozilla/5.0 AppleWebKit/537.36 (KHTML, like Gecko; compatible; GPTBot/1.2; +https://openai.com/gptbot)"
20.171.207.239 - - [17/Jun/2025:08:36:38 -0400] "GET /?filesrc=%2F%2Fusr%2Finclude%2Fpython3.6m%2Fpgen.h&path=%2F%2Fusr%2Finclude%2Fpython3.6m HTTP/1.1" 200 2124 "-" "Mozilla/5.0 AppleWebKit/537.36 (KHTML, like Gecko; compatible; GPTBot/1.2; +https://openai.com/gptbot)"
20.171.207.106 - - [17/Jun/2025:08:36:39 -0400] "GET /?filesrc=%2F%2Fusr%2Flib%2Fnode_modules%2Fnpm%2Fman%2Fman5%2Fselabel_media.5.gz&path=%2F%2Fusr%2Flib%2Fnode_modules%2Fnpm%2Fman%2Fman5 HTTP/1.1" 200 3510 "-" "Mozilla/5.0 AppleWebKit/537.36 (KHTML, like Gecko; compatible; GPTBot/1.2; +https://openai.com/gptbot)"
20.171.207.239 - - [17/Jun/2025:08:36:41 -0400] "GET /?filesrc=%2F%2Flib64%2Fpython3.6%2Fpathlib.py&path=%2F%2Flib64%2Fpython3.6 HTTP/1.1" 200 14499 "-" "Mozilla/5.0 AppleWebKit/537.36 (KHTML, like Gecko; compatible; GPTBot/1.2; +https://openai.com/gptbot)"
20.171.207.106 - - [17/Jun/2025:08:36:42 -0400] "GET /?filesrc=%2F%2Fusr%2Flib%2Fnode_modules%2Fnpm%2Fman%2Fman8%2Fdmfilemapd.8.gz&path=%2F%2Fusr%2Flib%2Fnode_modules%2Fnpm%2Fman%2Fman8 HTTP/1.1" 200 4498 "-" "Mozilla/5.0 AppleWebKit/537.36 (KHTML, like Gecko; compatible; GPTBot/1.2; +https://openai.com/gptbot)"
20.171.207.239 - - [17/Jun/2025:08:36:42 -0400] "GET /?filesrc=%2F%2Fusr%2Finclude%2Fpython3.6m%2Fpyfpe.h&path=%2F%2Fusr%2Finclude%2Fpython3.6m HTTP/1.1" 200 5353 "-" "Mozilla/5.0 AppleWebKit/537.36 (KHTML, like Gecko; compatible; GPTBot/1.2; +https://openai.com/gptbot)"
20.171.207.239 - - [17/Jun/2025:08:36:43 -0400] "GET /?filesrc=%2F%2Flib64%2Fpython3.6%2Fftplib.py&path=%2F%2Flib64%2Fpython3.6 HTTP/1.1" 200 12490 "-" "Mozilla/5.0 AppleWebKit/537.36 (KHTML, like Gecko; compatible; GPTBot/1.2; +https://openai.com/gptbot)"
20.171.207.239 - - [17/Jun/2025:08:36:44 -0400] "GET /?filesrc=%2F%2Fusr%2Finclude%2Fpython3.6m%2Fdtoa.h&path=%2F%2Fusr%2Finclude%2Fpython3.6m HTTP/1.1" 200 2217 "-" "Mozilla/5.0 AppleWebKit/537.36 (KHTML, like Gecko; compatible; GPTBot/1.2; +https://openai.com/gptbot)"
20.171.207.239 - - [17/Jun/2025:08:36:46 -0400] "GET /?filesrc=%2F%2Fusr%2Finclude%2Fpython3.6m%2Fosdefs.h&path=%2F%2Fusr%2Finclude%2Fpython3.6m HTTP/1.1" 200 0 "-" "Mozilla/5.0 AppleWebKit/537.36 (KHTML, like Gecko; compatible; GPTBot/1.2; +https://openai.com/gptbot)"
20.171.207.239 - - [17/Jun/2025:08:36:46 -0400] "GET /?filesrc=%2F%2Flib64%2Fpython3.6%2Fbisect.py&path=%2F%2Flib64%2Fpython3.6 HTTP/1.1" 200 2595 "-" "Mozilla/5.0 AppleWebKit/537.36 (KHTML, like Gecko; compatible; GPTBot/1.2; +https://openai.com/gptbot)"
20.171.207.106 - - [17/Jun/2025:08:36:45 -0400] "GET /?filesrc=%2F%2Fusr%2Flib%2Fnode_modules%2Fnpm%2Fman%2Fman8%2Faugenrules.8.gz&path=%2F%2Fusr%2Flib%2Fnode_modules%2Fnpm%2Fman%2Fman8 HTTP/1.1" 301 2817 "-" "Mozilla/5.0 AppleWebKit/537.36 (KHTML, like Gecko; compatible; GPTBot/1.2; +https://openai.com/gptbot)"
20.171.207.239 - - [17/Jun/2025:08:36:48 -0400] "GET /?filesrc=%2F%2Fusr%2Finclude%2Fpython3.6m%2Fcodecs.h&path=%2F%2Fusr%2Finclude%2Fpython3.6m HTTP/1.1" 200 3847 "-" "Mozilla/5.0 AppleWebKit/537.36 (KHTML, like Gecko; compatible; GPTBot/1.2; +https://openai.com/gptbot)"
20.171.207.239 - - [17/Jun/2025:08:36:48 -0400] "GET /?filesrc=%2F%2Flib64%2Fpython3.6%2Fopcode.py&path=%2F%2Flib64%2Fpython3.6 HTTP/1.1" 200 4189 "-" "Mozilla/5.0 AppleWebKit/537.36 (KHTML, like Gecko; compatible; GPTBot/1.2; +https://openai.com/gptbot)"
20.171.207.106 - - [17/Jun/2025:08:36:49 -0400] "GET /?filesrc=%2F%2Fusr%2Flib%2Fnode_modules%2Fnpm%2Fman%2Fman3p%2Fisalnum.3p.gz&path=%2F%2Fusr%2Flib%2Fnode_modules%2Fnpm%2Fman%2Fman3p HTTP/1.1" 200 3679 "-" "Mozilla/5.0 AppleWebKit/537.36 (KHTML, like Gecko; compatible; GPTBot/1.2; +https://openai.com/gptbot)"
20.171.207.239 - - [17/Jun/2025:08:36:49 -0400] "GET /?filesrc=%2F%2Fusr%2Finclude%2Fpython3.6m%2FPython.h&path=%2F%2Fusr%2Finclude%2Fpython3.6m HTTP/1.1" 200 3198 "-" "Mozilla/5.0 AppleWebKit/537.36 (KHTML, like Gecko; compatible; GPTBot/1.2; +https://openai.com/gptbot)"
52.203.152.231 - - [17/Jun/2025:08:36:48 -0400] "GET /?path=//usr/lib/firmware/mrvl HTTP/1.1" 200 21228 "-" "Mozilla/5.0 AppleWebKit/537.36 (KHTML, like Gecko; compatible; Amazonbot/0.1; +https://developer.amazon.com/support/amazonbot) Chrome/119.0.6045.214 Safari/537.36"
20.171.207.239 - - [17/Jun/2025:08:36:51 -0400] "GET /?filesrc=%2F%2Fusr%2Finclude%2Fpython3.6m%2Fobject.h&path=%2F%2Fusr%2Finclude%2Fpython3.6m HTTP/1.1" 200 15284 "-" "Mozilla/5.0 AppleWebKit/537.36 (KHTML, like Gecko; compatible; GPTBot/1.2; +https://openai.com/gptbot)"
20.171.207.239 - - [17/Jun/2025:08:36:51 -0400] "GET /?filesrc=%2F%2Flib64%2Fpython3.8%2Fpathlib.py&path=%2F%2Flib64%2Fpython3.8 HTTP/1.1" 200 15319 "-" "Mozilla/5.0 AppleWebKit/537.36 (KHTML, like Gecko; compatible; GPTBot/1.2; +https://openai.com/gptbot)"
20.171.207.106 - - [17/Jun/2025:08:36:52 -0400] "GET /?filesrc=%2F%2Fusr%2Flib%2Fnode_modules%2Fnpm%2Fman%2Fman8%2Fuserhelper.8.gz&path=%2F%2Fusr%2Flib%2Fnode_modules%2Fnpm%2Fman%2Fman8 HTTP/1.1" 200 5645 "-" "Mozilla/5.0 AppleWebKit/537.36 (KHTML, like Gecko; compatible; GPTBot/1.2; +https://openai.com/gptbot)"
52.5.242.243 - - [17/Jun/2025:08:36:52 -0400] "GET /?filesrc=//lib/firmware/moxa/moxa-1250.fw&path=//lib/firmware/moxa HTTP/1.1" 200 34993 "-" "Mozilla/5.0 AppleWebKit/537.36 (KHTML, like Gecko; compatible; Amazonbot/0.1; +https://developer.amazon.com/support/amazonbot) Chrome/119.0.6045.214 Safari/537.36"
20.171.207.106 - - [17/Jun/2025:08:36:55 -0400] "GET /?filesrc=%2F%2Fusr%2Flib%2Fnode_modules%2Fnpm%2Fman%2Fman1%2Fandroiddump.1.gz&path=%2F%2Fusr%2Flib%2Fnode_modules%2Fnpm%2Fman%2Fman1 HTTP/1.1" 200 6016 "-" "Mozilla/5.0 AppleWebKit/537.36 (KHTML, like Gecko; compatible; GPTBot/1.2; +https://openai.com/gptbot)"
20.171.207.239 - - [17/Jun/2025:08:36:55 -0400] "GET /?filesrc=%2F%2Flib64%2Fpython2.7%2Fpydoc.pyo&path=%2F%2Flib64%2Fpython2.7 HTTP/1.1" 301 36784 "-" "Mozilla/5.0 AppleWebKit/537.36 (KHTML, like Gecko; compatible; GPTBot/1.2; +https://openai.com/gptbot)"
20.171.207.239 - - [17/Jun/2025:08:36:55 -0400] "GET /?filesrc=%2F%2Fusr%2Finclude%2Fpython3.6m%2Fceval.h&path=%2F%2Fusr%2Finclude%2Fpython3.6m HTTP/1.1" 200 4846 "-" "Mozilla/5.0 AppleWebKit/537.36 (KHTML, like Gecko; compatible; GPTBot/1.2; +https://openai.com/gptbot)"
20.171.207.106 - - [17/Jun/2025:08:36:57 -0400] "GET /?filesrc=%2F%2Fusr%2Flib%2Fnode_modules%2Fnpm%2Fman%2Fman3p%2Fsigsuspend.3p.gz&path=%2F%2Fusr%2Flib%2Fnode_modules%2Fnpm%2Fman%2Fman3p HTTP/1.1" 200 3935 "-" "Mozilla/5.0 AppleWebKit/537.36 (KHTML, like Gecko; compatible; GPTBot/1.2; +https://openai.com/gptbot)"
20.171.207.239 - - [17/Jun/2025:08:36:58 -0400] "GET /?filesrc=%2F%2Flib64%2Fpython3.6%2Fgetopt.py&path=%2F%2Flib64%2Fpython3.6 HTTP/1.1" 200 4674 "-" "Mozilla/5.0 AppleWebKit/537.36 (KHTML, like Gecko; compatible; GPTBot/1.2; +https://openai.com/gptbot)"
20.171.207.239 - - [17/Jun/2025:08:36:58 -0400] "GET /?filesrc=%2F%2Fusr%2Finclude%2Fpython3.6m%2Feval.h&path=%2F%2Fusr%2Finclude%2Fpython3.6m HTTP/1.1" 200 2251 "-" "Mozilla/5.0 AppleWebKit/537.36 (KHTML, like Gecko; compatible; GPTBot/1.2; +https://openai.com/gptbot)"
20.171.207.106 - - [17/Jun/2025:08:37:00 -0400] "GET /?filesrc=%2F%2Fusr%2Flib%2Fnode_modules%2Fnpm%2Fman%2Fman1%2Fperlopenbsd.1.gz&path=%2F%2Fusr%2Flib%2Fnode_modules%2Fnpm%2Fman%2Fman1 HTTP/1.1" 200 4344 "-" "Mozilla/5.0 AppleWebKit/537.36 (KHTML, like Gecko; compatible; GPTBot/1.2; +https://openai.com/gptbot)"
35.171.141.42 - - [17/Jun/2025:08:36:58 -0400] "GET /?path=//opt/alt/alt-nodejs22/root HTTP/1.1" 200 20987 "-" "Mozilla/5.0 AppleWebKit/537.36 (KHTML, like Gecko; compatible; Amazonbot/0.1; +https://developer.amazon.com/support/amazonbot) Chrome/119.0.6045.214 Safari/537.36"
20.171.207.239 - - [17/Jun/2025:08:37:00 -0400] "GET /?filesrc=%2F%2Fusr%2Finclude%2Fpython3.6m%2Faccu.h&path=%2F%2Fusr%2Finclude%2Fpython3.6m HTTP/1.1" 200 2467 "-" "Mozilla/5.0 AppleWebKit/537.36 (KHTML, like Gecko; compatible; GPTBot/1.2; +https://openai.com/gptbot)"
20.171.207.239 - - [17/Jun/2025:08:37:00 -0400] "GET /?filesrc=%2F%2Flib64%2Fpython3.6%2Fpyclbr.py&path=%2F%2Flib64%2Fpython3.6 HTTP/1.1" 200 5908 "-" "Mozilla/5.0 AppleWebKit/537.36 (KHTML, like Gecko; compatible; GPTBot/1.2; +https://openai.com/gptbot)"
98.83.72.38 - - [17/Jun/2025:08:37:00 -0400] "GET /?path=//opt/alt/python33/etc HTTP/1.1" 200 20512 "-" "Mozilla/5.0 AppleWebKit/537.36 (KHTML, like Gecko; compatible; Amazonbot/0.1; +https://developer.amazon.com/support/amazonbot) Chrome/119.0.6045.214 Safari/537.36"
54.84.250.51 - - [17/Jun/2025:08:37:05 -0400] "GET /?path=//var/lib/mysql/infidott_wp981 HTTP/1.1" 200 0 "-" "Mozilla/5.0 AppleWebKit/537.36 (KHTML, like Gecko; compatible; Amazonbot/0.1; +https://developer.amazon.com/support/amazonbot) Chrome/119.0.6045.214 Safari/537.36"
20.171.207.239 - - [17/Jun/2025:08:37:03 -0400] "GET /?filesrc=%2F%2Fusr%2Finclude%2Fpython3.6m%2Fnode.h&path=%2F%2Fusr%2Finclude%2Fpython3.6m HTTP/1.1" 200 2477 "-" "Mozilla/5.0 AppleWebKit/537.36 (KHTML, like Gecko; compatible; GPTBot/1.2; +https://openai.com/gptbot)"
20.171.207.106 - - [17/Jun/2025:08:37:02 -0400] "GET /?filesrc=%2F%2Fusr%2Flib%2Fnode_modules%2Fnpm%2Fman%2Fman3p%2Fptsname.3p.gz&path=%2F%2Fusr%2Flib%2Fnode_modules%2Fnpm%2Fman%2Fman3p HTTP/1.1" 200 3429 "-" "Mozilla/5.0 AppleWebKit/537.36 (KHTML, like Gecko; compatible; GPTBot/1.2; +https://openai.com/gptbot)"
20.171.207.239 - - [17/Jun/2025:08:37:03 -0400] "GET /?filesrc=%2F%2Flib64%2Fpython2.7%2Fbisect.pyo&path=%2F%2Flib64%2Fpython2.7 HTTP/1.1" 200 2905 "-" "Mozilla/5.0 AppleWebKit/537.36 (KHTML, like Gecko; compatible; GPTBot/1.2; +https://openai.com/gptbot)"
20.171.207.106 - - [17/Jun/2025:08:37:06 -0400] "GET /?filesrc=%2F%2Fusr%2Flib%2Fnode_modules%2Fnpm%2Fman%2Fman3p%2Fstrndup.3p.gz&path=%2F%2Fusr%2Flib%2Fnode_modules%2Fnpm%2Fman%2Fman3p HTTP/1.1" 301 2981 "-" "Mozilla/5.0 AppleWebKit/537.36 (KHTML, like Gecko; compatible; GPTBot/1.2; +https://openai.com/gptbot)"
20.171.207.239 - - [17/Jun/2025:08:37:06 -0400] "GET /?filesrc=%2F%2Flib64%2Fpython2.7%2Ftrace.pyc&path=%2F%2Flib64%2Fpython2.7 HTTP/1.1" 301 11549 "-" "Mozilla/5.0 AppleWebKit/537.36 (KHTML, like Gecko; compatible; GPTBot/1.2; +https://openai.com/gptbot)"
20.171.207.239 - - [17/Jun/2025:08:37:06 -0400] "GET /?filesrc=%2F%2Fusr%2Finclude%2Fpython3.6m%2Fpystate.h&path=%2F%2Fusr%2Finclude%2Fpython3.6m HTTP/1.1" 301 5871 "-" "Mozilla/5.0 AppleWebKit/537.36 (KHTML, like Gecko; compatible; GPTBot/1.2; +https://openai.com/gptbot)"
20.171.207.106 - - [17/Jun/2025:08:37:09 -0400] "GET /?filesrc=%2F%2Fusr%2Flib%2Fnode_modules%2Fnpm%2Fman%2Fman3p%2Freaddir.3p.gz&path=%2F%2Fusr%2Flib%2Fnode_modules%2Fnpm%2Fman%2Fman3p HTTP/1.1" 403 1242 "-" "Mozilla/5.0 AppleWebKit/537.36 (KHTML, like Gecko; compatible; GPTBot/1.2; +https://openai.com/gptbot)"
44.215.210.112 - - [17/Jun/2025:08:37:09 -0400] "GET /?aksi=buatfile&path=//lib/firmware/updates HTTP/1.1" 200 20169 "-" "Mozilla/5.0 AppleWebKit/537.36 (KHTML, like Gecko; compatible; Amazonbot/0.1; +https://developer.amazon.com/support/amazonbot) Chrome/119.0.6045.214 Safari/537.36"
20.171.207.239 - - [17/Jun/2025:08:37:12 -0400] "GET /?filesrc=%2F%2Fusr%2Finclude%2Fpython3.6m%2Fpyctype.h&path=%2F%2Fusr%2Finclude%2Fpython3.6m HTTP/1.1" 200 2431 "-" "Mozilla/5.0 AppleWebKit/537.36 (KHTML, like Gecko; compatible; GPTBot/1.2; +https://openai.com/gptbot)"
20.171.207.106 - - [17/Jun/2025:08:37:12 -0400] "GET /?filesrc=%2F%2Fusr%2Flib%2Fnode_modules%2Fnpm%2Fman%2Fman3p%2Ffreopen.3p.gz&path=%2F%2Fusr%2Flib%2Fnode_modules%2Fnpm%2Fman%2Fman3p HTTP/1.1" 200 5560 "-" "Mozilla/5.0 AppleWebKit/537.36 (KHTML, like Gecko; compatible; GPTBot/1.2; +https://openai.com/gptbot)"
20.171.207.239 - - [17/Jun/2025:08:37:12 -0400] "GET /?filesrc=%2F%2Flib64%2Fpython2.7%2Fdbhash.pyo&path=%2F%2Flib64%2Fpython2.7 HTTP/1.1" 200 2493 "-" "Mozilla/5.0 AppleWebKit/537.36 (KHTML, like Gecko; compatible; GPTBot/1.2; +https://openai.com/gptbot)"
20.171.207.165 - - [17/Jun/2025:08:37:13 -0400] "GET /product/police43?path=%2Fhome%2Fhonehdyv%2Freadbtooom.com%2Fwp-content%2Fthemes%2Ftwentysixteen%2Finc HTTP/1.1" 200 2604 "-" "Mozilla/5.0 AppleWebKit/537.36 (KHTML, like Gecko; compatible; GPTBot/1.2; +https://openai.com/gptbot)"
3.224.205.25 - - [17/Jun/2025:08:37:12 -0400] "GET /?path=//var/lib/mysql/dglonevn_nigepctt_studentportal HTTP/1.1" 200 20242 "-" "Mozilla/5.0 AppleWebKit/537.36 (KHTML, like Gecko; compatible; Amazonbot/0.1; +https://developer.amazon.com/support/amazonbot) Chrome/119.0.6045.214 Safari/537.36"
20.171.207.239 - - [17/Jun/2025:08:37:15 -0400] "GET /?filesrc=%2F%2Flib64%2Fpython3.6%2Fmacpath.py&path=%2F%2Flib64%2Fpython3.6 HTTP/1.1" 200 4353 "-" "Mozilla/5.0 AppleWebKit/537.36 (KHTML, like Gecko; compatible; GPTBot/1.2; +https://openai.com/gptbot)"
20.171.207.106 - - [17/Jun/2025:08:37:14 -0400] "GET /?filesrc=%2F%2Fusr%2Flib%2Fnode_modules%2Fnpm%2Fman%2Fman3p%2Fremainder.3p.gz&path=%2F%2Fusr%2Flib%2Fnode_modules%2Fnpm%2Fman%2Fman3p HTTP/1.1" 200 3778 "-" "Mozilla/5.0 AppleWebKit/537.36 (KHTML, like Gecko; compatible; GPTBot/1.2; +https://openai.com/gptbot)"
20.171.207.239 - - [17/Jun/2025:08:37:14 -0400] "GET /?filesrc=%2F%2Fusr%2Finclude%2Fpython3.6m%2Fpyarena.h&path=%2F%2Fusr%2Finclude%2Fpython3.6m HTTP/1.1" 200 3151 "-" "Mozilla/5.0 AppleWebKit/537.36 (KHTML, like Gecko; compatible; GPTBot/1.2; +https://openai.com/gptbot)"
20.171.207.106 - - [17/Jun/2025:08:37:17 -0400] "GET /?filesrc=%2F%2Fusr%2Flib%2Fnode_modules%2Fnpm%2Fman%2Fman3p%2Fisastream.3p.gz&path=%2F%2Fusr%2Flib%2Fnode_modules%2Fnpm%2Fman%2Fman3p HTTP/1.1" 200 3242 "-" "Mozilla/5.0 AppleWebKit/537.36 (KHTML, like Gecko; compatible; GPTBot/1.2; +https://openai.com/gptbot)"
20.171.207.239 - - [17/Jun/2025:08:37:17 -0400] "GET /?filesrc=%2F%2Flib64%2Fpython2.7%2Flocale.pyc&path=%2F%2Flib64%2Fpython2.7 HTTP/1.1" 200 20552 "-" "Mozilla/5.0 AppleWebKit/537.36 (KHTML, like Gecko; compatible; GPTBot/1.2; +https://openai.com/gptbot)"
20.171.207.239 - - [17/Jun/2025:08:37:17 -0400] "GET /?filesrc=%2F%2Fusr%2Finclude%2Fpython3.6m%2Fcompile.h&path=%2F%2Fusr%2Finclude%2Fpython3.6m HTTP/1.1" 200 2887 "-" "Mozilla/5.0 AppleWebKit/537.36 (KHTML, like Gecko; compatible; GPTBot/1.2; +https://openai.com/gptbot)"
66.249.68.132 - - [17/Jun/2025:08:37:20 -0400] "GET /%3E%E3%81%94%E8%A6%A7%E3%81%84%E3%81%9F%E3%81%A0%E3%81%8D%E3%81%82%E3%82%8A%E3%81%8C%E3%81%A8%E3%81%86%E3%81%94%E3%81%96%E3%81%84%E3%81%BE%E3%81%99%E3%80%82%3CDIV%3E%E3%80%8C%E3%82%B7%E3%83%9E%E3%83%8E%2016%E3%82%AB%E3%83%BC%E3%83%87%E3%82%A3%E3%83%95%20%E3%82%A8%E3%83%AA%E3%82%A2%E3%83%AA%E3%83%9F%E3%83%86%E3%83%83%E3%83%89%20S62UL-F%E4%B8%AD%E5%8F%A4%E3%80%8D%3C/DIV%3E%3CDIV%3E%E3%82%92%E5%87%BA%E5%93%81%E3%81%84%E3%81%9F%E3%81%97%E3%81%BE%E3%81%99%E3%80%82%3C/DIV%3E%3CDIV%3E%3CBR%3E%3C/DIV%3E%3CDIV%3E%EF%BC%92%E3%82%B7%E3%83%BC%E3%82%BA%E3%83%B3%E3%81%BB%E3%81%A9%E4%BD%BF%E7%94%A8%E3%81%97%E3%81%BE%E3%81%97%E3%81%9F%E3%80%82%3C/DIV%3E%3CDIV%3E%E3%82%B3%E3%83%AB%E3%82%AF%E3%81%AB%E4%B8%80%E9%83%A8%E6%AC%A0%E3%81%91%E3%81%8C%E3%81%82%E3%82%8A%E3%81%BE%E3%81%99%E3%80%82%EF%BC%88%E5%86%99%E7%9C%9F%EF%BC%93%EF%BC%89%3C/DIV%3E%3CDIV%3E%E3%82%B0%E3%83%AA%E3%83%83%E3%83%97%E3%82%A8%E3%83%B3%E3%83%89%E3%81%AB%E5%82%B7%E3%81%8C%E3%81%82%E3%82%8A%E3%81%BE%E3%81%99%E3%80%82%EF%BC%88%E5%86%99%E7%9C%9F%EF%BC%92%EF%BC%89%3C/DIV%3E%3CDIV%3E%E3%83%96%E3%83%A9%E3%83%B3%E3%82%AF%E3%82%B9%E3%81%AF%E7%9B%AE%E3%81%AB%E4%BB%98%E3%81%8F%E5%82%B7%E3%81%AF%E3%81%82%E3%82%8A%E3%81%BE%E3%81%9B%E3%82%93%E3%80%82%3C/DIV%3E%3C/p%3E%20%20%20%20%20%20%20%20%20%20%20%20%3C/div%3E%3C/div%3E%3C/div%3E%20%20%20%20%20%20%20%20%20%20%3C/div%3E%20%20%20%20%20%20%20%20%20%20%3C/div%3E%20%20%20%20%20%20%20%20%20%3C/div%3E%20%20%20%20%20%20%20%20%3C/div%3E%20%20%20%20%20%20%20%3C!--%20/adoc%20--%3E%20%20%20%20%20%20%20%3C/div%3E%20%20%20%20%20%20%3C!--%20/.ProductExplanation%20--%3E%20%20%20%20%20%20%20%3C!--/DESCRIPTION--%3E%20%20%20%20%20%20%20%3C!--PAYMENT--%3E%20%20%20%20%20%20%20%3Cdiv%20class= HTTP/1.1" 200 39987 "-" "Googlebot-Image/1.0"
34.230.124.21 - - [17/Jun/2025:08:37:16 -0400] "GET /?path=//usr/lib/systemd/portable HTTP/1.1" 200 20464 "-" "Mozilla/5.0 AppleWebKit/537.36 (KHTML, like Gecko; compatible; Amazonbot/0.1; +https://developer.amazon.com/support/amazonbot) Chrome/119.0.6045.214 Safari/537.36"
20.171.207.239 - - [17/Jun/2025:08:37:19 -0400] "GET /?filesrc=%2F%2Flib64%2Fpython2.7%2Frexec.pyo&path=%2F%2Flib64%2Fpython2.7 HTTP/1.1" 200 9777 "-" "Mozilla/5.0 AppleWebKit/537.36 (KHTML, like Gecko; compatible; GPTBot/1.2; +https://openai.com/gptbot)"
20.171.207.106 - - [17/Jun/2025:08:37:20 -0400] "GET /?filesrc=%2F%2Fusr%2Flib%2Fnode_modules%2Fnpm%2Fman%2Fman3p%2Fisupper.3p.gz&path=%2F%2Fusr%2Flib%2Fnode_modules%2Fnpm%2Fman%2Fman3p HTTP/1.1" 200 3637 "-" "Mozilla/5.0 AppleWebKit/537.36 (KHTML, like Gecko; compatible; GPTBot/1.2; +https://openai.com/gptbot)"
20.171.207.239 - - [17/Jun/2025:08:37:20 -0400] "GET /?filesrc=%2F%2Fusr%2Finclude%2Fpython3.6m%2Fmarshal.h&path=%2F%2Fusr%2Finclude%2Fpython3.6m HTTP/1.1" 200 2275 "-" "Mozilla/5.0 AppleWebKit/537.36 (KHTML, like Gecko; compatible; GPTBot/1.2; +https://openai.com/gptbot)"
20.171.207.239 - - [17/Jun/2025:08:37:22 -0400] "GET /?filesrc=%2F%2Flib64%2Fpython2.7%2Fsndhdr.pyo&path=%2F%2Flib64%2Fpython2.7 HTTP/1.1" 200 5109 "-" "Mozilla/5.0 AppleWebKit/537.36 (KHTML, like Gecko; compatible; GPTBot/1.2; +https://openai.com/gptbot)"
20.171.207.106 - - [17/Jun/2025:08:37:23 -0400] "GET /?filesrc=%2F%2Fusr%2Flib%2Fnode_modules%2Fnpm%2Fman%2Fman1%2Fdhparam.1ssl.gz&path=%2F%2Fusr%2Flib%2Fnode_modules%2Fnpm%2Fman%2Fman1 HTTP/1.1" 200 5593 "-" "Mozilla/5.0 AppleWebKit/537.36 (KHTML, like Gecko; compatible; GPTBot/1.2; +https://openai.com/gptbot)"
20.171.207.239 - - [17/Jun/2025:08:37:24 -0400] "GET /?filesrc=%2F%2Fusr%2Finclude%2Fpython3.6m%2Fpymacro.h&path=%2F%2Fusr%2Finclude%2Fpython3.6m HTTP/1.1" 200 3457 "-" "Mozilla/5.0 AppleWebKit/537.36 (KHTML, like Gecko; compatible; GPTBot/1.2; +https://openai.com/gptbot)"
18.205.213.231 - - [17/Jun/2025:08:37:21 -0400] "GET /?path=//var/lib/mysql/infidott_wp535 HTTP/1.1" 200 20194 "-" "Mozilla/5.0 AppleWebKit/537.36 (KHTML, like Gecko; compatible; Amazonbot/0.1; +https://developer.amazon.com/support/amazonbot) Chrome/119.0.6045.214 Safari/537.36"
20.171.207.106 - - [17/Jun/2025:08:37:26 -0400] "GET /?filesrc=%2F%2Fusr%2Flib%2Fnode_modules%2Fnpm%2Fman%2Fman2%2Fswapcontext.2.gz&path=%2F%2Fusr%2Flib%2Fnode_modules%2Fnpm%2Fman%2Fman2 HTTP/1.1" 200 0 "-" "Mozilla/5.0 AppleWebKit/537.36 (KHTML, like Gecko; compatible; GPTBot/1.2; +https://openai.com/gptbot)"
20.171.207.239 - - [17/Jun/2025:08:37:27 -0400] "GET /?filesrc=%2F%2Flib64%2Fpython3.6%2Finspect.py&path=%2F%2Flib64%2Fpython3.6 HTTP/1.1" 200 32018 "-" "Mozilla/5.0 AppleWebKit/537.36 (KHTML, like Gecko; compatible; GPTBot/1.2; +https://openai.com/gptbot)"
20.171.207.239 - - [17/Jun/2025:08:37:27 -0400] "GET /?filesrc=%2F%2Fusr%2Finclude%2Fpython3.6m%2Ferrcode.h&path=%2F%2Fusr%2Finclude%2Fpython3.6m HTTP/1.1" 200 2749 "-" "Mozilla/5.0 AppleWebKit/537.36 (KHTML, like Gecko; compatible; GPTBot/1.2; +https://openai.com/gptbot)"
20.171.207.106 - - [17/Jun/2025:08:37:28 -0400] "GET /?filesrc=%2F%2Fusr%2Flib%2Fnode_modules%2Fnpm%2Fman%2Fman1%2Fperluniprops.1.gz&path=%2F%2Fusr%2Flib%2Fnode_modules%2Fnpm%2Fman%2Fman1 HTTP/1.1" 200 47075 "-" "Mozilla/5.0 AppleWebKit/537.36 (KHTML, like Gecko; compatible; GPTBot/1.2; +https://openai.com/gptbot)"
20.171.207.239 - - [17/Jun/2025:08:37:30 -0400] "GET /?filesrc=%2F%2Flib64%2Fpython2.7%2Fsndhdr.pyc&path=%2F%2Flib64%2Fpython2.7 HTTP/1.1" 200 5109 "-" "Mozilla/5.0 AppleWebKit/537.36 (KHTML, like Gecko; compatible; GPTBot/1.2; +https://openai.com/gptbot)"
20.171.207.106 - - [17/Jun/2025:08:37:31 -0400] "GET /?filesrc=%2F%2Fusr%2Flib%2Fnode_modules%2Fnpm%2Fman%2Fman1%2Fopenipmicmd.1.gz&path=%2F%2Fusr%2Flib%2Fnode_modules%2Fnpm%2Fman%2Fman1 HTTP/1.1" 301 3282 "-" "Mozilla/5.0 AppleWebKit/537.36 (KHTML, like Gecko; compatible; GPTBot/1.2; +https://openai.com/gptbot)"
20.171.207.239 - - [17/Jun/2025:08:37:33 -0400] "GET /?filesrc=%2F%2Flib64%2Fpython3.6%2Ftarfile.py&path=%2F%2Flib64%2Fpython3.6 HTTP/1.1" 200 0 "-" "Mozilla/5.0 AppleWebKit/537.36 (KHTML, like Gecko; compatible; GPTBot/1.2; +https://openai.com/gptbot)"
20.171.207.239 - - [17/Jun/2025:08:37:31 -0400] "GET /?filesrc=%2F%2Fusr%2Finclude%2Fpython3.6m%2Fgrammar.h&path=%2F%2Fusr%2Finclude%2Fpython3.6m HTTP/1.1" 200 2807 "-" "Mozilla/5.0 AppleWebKit/537.36 (KHTML, like Gecko; compatible; GPTBot/1.2; +https://openai.com/gptbot)"
20.171.207.106 - - [17/Jun/2025:08:37:33 -0400] "GET /?filesrc=%2F%2Fusr%2Flib%2Fnode_modules%2Fnpm%2Fman%2Fman1%2Fopenssl-srp.1ssl.gz&path=%2F%2Fusr%2Flib%2Fnode_modules%2Fnpm%2Fman%2Fman1 HTTP/1.1" 200 4572 "-" "Mozilla/5.0 AppleWebKit/537.36 (KHTML, like Gecko; compatible; GPTBot/1.2; +https://openai.com/gptbot)"
3.219.80.71 - - [17/Jun/2025:08:37:33 -0400] "GET /?path=//var/lib/mysql/easyztzh_tenant_0015 HTTP/1.1" 200 20233 "-" "Mozilla/5.0 AppleWebKit/537.36 (KHTML, like Gecko; compatible; Amazonbot/0.1; +https://developer.amazon.com/support/amazonbot) Chrome/119.0.6045.214 Safari/537.36"
3.212.219.113 - - [17/Jun/2025:08:37:32 -0400] "GET /?aksi=ransom&path=//lib/locale/en_US.utf8 HTTP/1.1" 200 21021 "-" "Mozilla/5.0 AppleWebKit/537.36 (KHTML, like Gecko; compatible; Amazonbot/0.1; +https://developer.amazon.com/support/amazonbot) Chrome/119.0.6045.214 Safari/537.36"
20.171.207.239 - - [17/Jun/2025:08:37:34 -0400] "GET /?filesrc=%2F%2Fusr%2Finclude%2Fpython3.6m%2Fpyexpat.h&path=%2F%2Fusr%2Finclude%2Fpython3.6m HTTP/1.1" 200 2781 "-" "Mozilla/5.0 AppleWebKit/537.36 (KHTML, like Gecko; compatible; GPTBot/1.2; +https://openai.com/gptbot)"
20.171.207.106 - - [17/Jun/2025:08:37:36 -0400] "GET /?filesrc=%2F%2Fusr%2Flib%2Fnode_modules%2Fnpm%2Fman%2Fman1%2Fperlmodlib.1.gz&path=%2F%2Fusr%2Flib%2Fnode_modules%2Fnpm%2Fman%2Fman1 HTTP/1.1" 200 27878 "-" "Mozilla/5.0 AppleWebKit/537.36 (KHTML, like Gecko; compatible; GPTBot/1.2; +https://openai.com/gptbot)"
20.171.207.239 - - [17/Jun/2025:08:37:35 -0400] "GET /?filesrc=%2F%2Flib64%2Fpython2.7%2Ffilecmp.py&path=%2F%2Flib64%2Fpython2.7 HTTP/1.1" 301 5022 "-" "Mozilla/5.0 AppleWebKit/537.36 (KHTML, like Gecko; compatible; GPTBot/1.2; +https://openai.com/gptbot)"
54.210.152.179 - - [17/Jun/2025:08:37:36 -0400] "GET /?path=//var/lib/mysql/semuqzcy_Visitorbet88 HTTP/1.1" 200 20206 "-" "Mozilla/5.0 AppleWebKit/537.36 (KHTML, like Gecko; compatible; Amazonbot/0.1; +https://developer.amazon.com/support/amazonbot) Chrome/119.0.6045.214 Safari/537.36"
20.171.207.239 - - [17/Jun/2025:08:37:38 -0400] "GET /?filesrc=%2F%2Fusr%2Finclude%2Fpython3.6m%2Fobjimpl.h&path=%2F%2Fusr%2Finclude%2Fpython3.6m HTTP/1.1" 301 6864 "-" "Mozilla/5.0 AppleWebKit/537.36 (KHTML, like Gecko; compatible; GPTBot/1.2; +https://openai.com/gptbot)"
20.171.207.239 - - [17/Jun/2025:08:37:38 -0400] "GET /?filesrc=%2F%2Flib64%2Fpython2.7%2Fzipfile.py&path=%2F%2Flib64%2Fpython2.7 HTTP/1.1" 301 18357 "-" "Mozilla/5.0 AppleWebKit/537.36 (KHTML, like Gecko; compatible; GPTBot/1.2; +https://openai.com/gptbot)"
20.171.207.106 - - [17/Jun/2025:08:37:39 -0400] "GET /?filesrc=%2F%2Fusr%2Flib%2Fnode_modules%2Fnpm%2Fman%2Fman8%2Fmountstats.8.gz&path=%2F%2Fusr%2Flib%2Fnode_modules%2Fnpm%2Fman%2Fman8 HTTP/1.1" 200 3363 "-" "Mozilla/5.0 AppleWebKit/537.36 (KHTML, like Gecko; compatible; GPTBot/1.2; +https://openai.com/gptbot)"
20.171.207.239 - - [17/Jun/2025:08:37:42 -0400] "GET /?filesrc=%2F%2Fusr%2Finclude%2Fpython3.6m%2Fpydebug.h&path=%2F%2Fusr%2Finclude%2Fpython3.6m HTTP/1.1" 200 2508 "-" "Mozilla/5.0 AppleWebKit/537.36 (KHTML, like Gecko; compatible; GPTBot/1.2; +https://openai.com/gptbot)"
20.171.207.239 - - [17/Jun/2025:08:37:42 -0400] "GET /?filesrc=%2F%2Flib64%2Fpython2.7%2Fcodecs.pyc&path=%2F%2Flib64%2Fpython2.7 HTTP/1.1" 301 12510 "-" "Mozilla/5.0 AppleWebKit/537.36 (KHTML, like Gecko; compatible; GPTBot/1.2; +https://openai.com/gptbot)"
44.207.207.36 - - [17/Jun/2025:08:37:42 -0400] "GET /?filesrc=//lib/firmware/qca/apbtfw11.tlv&path=//lib/firmware/qca HTTP/1.1" 200 164311 "-" "Mozilla/5.0 AppleWebKit/537.36 (KHTML, like Gecko; compatible; Amazonbot/0.1; +https://developer.amazon.com/support/amazonbot) Chrome/119.0.6045.214 Safari/537.36"
20.171.207.106 - - [17/Jun/2025:08:37:44 -0400] "GET /?filesrc=%2F%2Fusr%2Flib%2Fnode_modules%2Fnpm%2Fman%2Fman3p%2Fopenlog.3p.gz&path=%2F%2Fusr%2Flib%2Fnode_modules%2Fnpm%2Fman%2Fman3p HTTP/1.1" 301 2953 "-" "Mozilla/5.0 AppleWebKit/537.36 (KHTML, like Gecko; compatible; GPTBot/1.2; +https://openai.com/gptbot)"
20.171.207.239 - - [17/Jun/2025:08:37:45 -0400] "GET /?filesrc=%2F%2Fusr%2Finclude%2Fpython3.6m%2FPython-ast.h&path=%2F%2Fusr%2Finclude%2Fpython3.6m HTTP/1.1" 200 5773 "-" "Mozilla/5.0 AppleWebKit/537.36 (KHTML, like Gecko; compatible; GPTBot/1.2; +https://openai.com/gptbot)"
20.171.207.239 - - [17/Jun/2025:08:37:45 -0400] "GET /?filesrc=%2F%2Flib64%2Fpython2.7%2Fstruct.pyo&path=%2F%2Flib64%2Fpython2.7 HTTP/1.1" 200 2173 "-" "Mozilla/5.0 AppleWebKit/537.36 (KHTML, like Gecko; compatible; GPTBot/1.2; +https://openai.com/gptbot)"
44.206.93.215 - - [17/Jun/2025:08:37:45 -0400] "GET /?path=//var/softaculous/spip/php82 HTTP/1.1" 200 20611 "-" "Mozilla/5.0 AppleWebKit/537.36 (KHTML, like Gecko; compatible; Amazonbot/0.1; +https://developer.amazon.com/support/amazonbot) Chrome/119.0.6045.214 Safari/537.36"
20.171.207.106 - - [17/Jun/2025:08:37:46 -0400] "GET /?filesrc=%2F%2Fusr%2Flib%2Fnode_modules%2Fnpm%2Fman%2Fman2%2Fsched_getattr.2.gz&path=%2F%2Fusr%2Flib%2Fnode_modules%2Fnpm%2Fman%2Fman2 HTTP/1.1" 200 2099 "-" "Mozilla/5.0 AppleWebKit/537.36 (KHTML, like Gecko; compatible; GPTBot/1.2; +https://openai.com/gptbot)"
20.171.207.239 - - [17/Jun/2025:08:37:47 -0400] "GET /?filesrc=%2F%2Flib64%2Fpython2.7%2Fgetopt.pyc&path=%2F%2Flib64%2Fpython2.7 HTTP/1.1" 301 5079 "-" "Mozilla/5.0 AppleWebKit/537.36 (KHTML, like Gecko; compatible; GPTBot/1.2; +https://openai.com/gptbot)"
20.171.207.239 - - [17/Jun/2025:08:37:48 -0400] "GET /?filesrc=%2F%2Fusr%2Finclude%2Fpython3.6m%2Fpyatomic.h&path=%2F%2Fusr%2Finclude%2Fpython3.6m HTTP/1.1" 200 3838 "-" "Mozilla/5.0 AppleWebKit/537.36 (KHTML, like Gecko; compatible; GPTBot/1.2; +https://openai.com/gptbot)"
20.171.207.106 - - [17/Jun/2025:08:37:49 -0400] "GET /?filesrc=%2F%2Fusr%2Flib%2Fnode_modules%2Fnpm%2Fman%2Fman1%2Fopenssl-rsa.1ssl.gz&path=%2F%2Fusr%2Flib%2Fnode_modules%2Fnpm%2Fman%2Fman1 HTTP/1.1" 301 5735 "-" "Mozilla/5.0 AppleWebKit/537.36 (KHTML, like Gecko; compatible; GPTBot/1.2; +https://openai.com/gptbot)"
20.171.207.239 - - [17/Jun/2025:08:37:49 -0400] "GET /?filesrc=%2F%2Flib64%2Fpython2.7%2Fdoctest.py&path=%2F%2Flib64%2Fpython2.7 HTTP/1.1" 200 30705 "-" "Mozilla/5.0 AppleWebKit/537.36 (KHTML, like Gecko; compatible; GPTBot/1.2; +https://openai.com/gptbot)"
20.171.207.239 - - [17/Jun/2025:08:37:50 -0400] "GET /?filesrc=%2F%2Fusr%2Finclude%2Fpython3.6m%2Fpycapsule.h&path=%2F%2Fusr%2Finclude%2Fpython3.6m HTTP/1.1" 301 2631 "-" "Mozilla/5.0 AppleWebKit/537.36 (KHTML, like Gecko; compatible; GPTBot/1.2; +https://openai.com/gptbot)"
20.171.207.106 - - [17/Jun/2025:08:37:52 -0400] "GET /?filesrc=%2F%2Fusr%2Flib%2Fnode_modules%2Fnpm%2Fman%2Fman1%2Fdhparam.1ssl.gz&path=%2F%2Fusr%2Flib%2Fnode_modules%2Fnpm%2Fman%2Fman1 HTTP/1.1" 200 5593 "-" "Mozilla/5.0 AppleWebKit/537.36 (KHTML, like Gecko; compatible; GPTBot/1.2; +https://openai.com/gptbot)"
20.171.207.239 - - [17/Jun/2025:08:37:52 -0400] "GET /?filesrc=%2F%2Flib64%2Fpython2.7%2Fnetrc.pyo&path=%2F%2Flib64%2Fpython2.7 HTTP/1.1" 200 4444 "-" "Mozilla/5.0 AppleWebKit/537.36 (KHTML, like Gecko; compatible; GPTBot/1.2; +https://openai.com/gptbot)"
20.171.207.239 - - [17/Jun/2025:08:37:53 -0400] "GET /?filesrc=%2F%2Fusr%2Finclude%2Fpython3.6m%2Ffileutils.h&path=%2F%2Fusr%2Finclude%2Fpython3.6m HTTP/1.1" 200 3089 "-" "Mozilla/5.0 AppleWebKit/537.36 (KHTML, like Gecko; compatible; GPTBot/1.2; +https://openai.com/gptbot)"
20.171.207.106 - - [17/Jun/2025:08:37:54 -0400] "GET /?filesrc=%2F%2Fusr%2Flib%2Fnode_modules%2Fnpm%2Fman%2Fman3p%2Fsetnetent.3p.gz&path=%2F%2Fusr%2Flib%2Fnode_modules%2Fnpm%2Fman%2Fman3p HTTP/1.1" 200 2925 "-" "Mozilla/5.0 AppleWebKit/537.36 (KHTML, like Gecko; compatible; GPTBot/1.2; +https://openai.com/gptbot)"
20.171.207.165 - - [17/Jun/2025:08:37:55 -0400] "GET /product/police43?path=%2Fhome%2Fhonehdyv%2Freadbtooom.com%2Fwp-content%2Fthemes%2Ftwentysixteen%2Fjs HTTP/1.1" 200 2716 "-" "Mozilla/5.0 AppleWebKit/537.36 (KHTML, like Gecko; compatible; GPTBot/1.2; +https://openai.com/gptbot)"
20.171.207.239 - - [17/Jun/2025:08:37:56 -0400] "GET /?filesrc=%2F%2Flib64%2Fpython2.7%2Ftarfile.py&path=%2F%2Flib64%2Fpython2.7 HTTP/1.1" 200 25843 "-" "Mozilla/5.0 AppleWebKit/537.36 (KHTML, like Gecko; compatible; GPTBot/1.2; +https://openai.com/gptbot)"
66.249.68.132 - - [17/Jun/2025:08:37:57 -0400] "GET /%3E%E5%BD%BC%E5%A5%B3%E3%81%AE%E3%82%BB%E3%82%A4%E3%82%A4%E3%82%AD%20%E5%86%AC%E3%81%AB%E5%92%B2%E3%81%8F%E8%8F%AF/%E5%A4%9C%E6%98%8E%E3%81%91%E3%81%AE%E3%83%99%E3%83%AB%20CD%3CBR%3E%E7%BE%8E%E6%9C%88%E7%90%B4%E9%9F%B3%20%E5%AE%89%E7%94%B0%E3%81%BF%E3%81%9A%E3%81%BB%3CBR%3E%3CBR%3E%E5%B8%AF%E3%81%8C%E3%81%82%E3%82%8A%E3%81%BE%E3%81%9B%E3%82%93%E3%80%82%3CBR%3E%E3%82%B1%E3%83%BC%E3%82%B9%E3%81%AB%E3%82%B9%E3%83%AC%E5%82%B7%E3%81%AE%E3%82%88%E3%81%86%E3%81%AA%E3%82%A4%E3%82%BF%E3%83%9F%E3%81%8C%E3%81%82%E3%82%8A%E3%81%BE%E3%81%99%E3%80%82%3CBR%3ECD%E3%81%AF%E7%B6%BA%E9%BA%97%E3%81%A7%E3%81%99%E3%83%8D%E3%82%B3%E3%83%9D%E3%82%B9%E3%81%A7%E7%99%BA%E9%80%81%E3%81%95%E3%81%9B%E3%81%A6%E3%81%84%E3%81%9F%E3%81%A0%E3%81%8D%E3%81%BE%E3%81%99%E3%80%82%3C/p%3E%20%20%20%20%20%20%20%20%20%20%20%20%3C/div%3E%3C/div%3E%3C/div%3E%20%20%20%20%20%20%20%20%20%20%3C/div%3E%20%20%20%20%20%20%20%20%20%20%3C/div%3E%20%20%20%20%20%20%20%20%20%3C/div%3E%20%20%20%20%20%20%20%20%3C/div%3E%20%20%20%20%20%20%20%3C!--%20/adoc%20--%3E%20%20%20%20%20%20%20%3C/div%3E%20%20%20%20%20%20%3C!--%20/.ProductExplanation%20--%3E%20%20%20%20%20%20%20%3C!--/DESCRIPTION--%3E%20%20%20%20%20%20%20%3C!--PAYMENT--%3E%20%20%20%20%20%20%20%3Cdiv%20class= HTTP/1.1" 200 87033 "-" "Googlebot-Image/1.0"
20.171.207.239 - - [17/Jun/2025:08:37:56 -0400] "GET /?filesrc=%2F%2Fusr%2Finclude%2Fpython3.6m%2Fstructseq.h&path=%2F%2Fusr%2Finclude%2Fpython3.6m HTTP/1.1" 301 2432 "-" "Mozilla/5.0 AppleWebKit/537.36 (KHTML, like Gecko; compatible; GPTBot/1.2; +https://openai.com/gptbot)"
20.171.207.106 - - [17/Jun/2025:08:37:57 -0400] "GET /?filesrc=%2F%2Fusr%2Flib%2Fnode_modules%2Fnpm%2Fman%2Fman3p%2Fseteuid.3p.gz&path=%2F%2Fusr%2Flib%2Fnode_modules%2Fnpm%2Fman%2Fman3p HTTP/1.1" 200 3442 "-" "Mozilla/5.0 AppleWebKit/537.36 (KHTML, like Gecko; compatible; GPTBot/1.2; +https://openai.com/gptbot)"
216.73.216.225 - - [17/Jun/2025:08:37:57 -0400] "GET /haulabout/product/vtc1461159416.shtml?filesrc=%2Fhome%2Fhonehdyv%2Freadbtooom.com%2Fuserfuns.php&path=%2Fhome%2Fhonehdyv%2Freadbtooom.com HTTP/1.1" 301 2001 "-" "Mozilla/5.0 AppleWebKit/537.36 (KHTML, like Gecko; compatible; ClaudeBot/1.0; [email protected])"
20.171.207.239 - - [17/Jun/2025:08:37:58 -0400] "GET /?filesrc=%2F%2Flib64%2Fpython3.8%2Fpoplib.py&path=%2F%2Flib64%2Fpython3.8 HTTP/1.1" 301 7091 "-" "Mozilla/5.0 AppleWebKit/537.36 (KHTML, like Gecko; compatible; GPTBot/1.2; +https://openai.com/gptbot)"
20.171.207.239 - - [17/Jun/2025:08:37:59 -0400] "GET /?filesrc=%2F%2Fusr%2Finclude%2Fpython3.6m%2Fpythread.h&path=%2F%2Fusr%2Finclude%2Fpython3.6m HTTP/1.1" 301 3206 "-" "Mozilla/5.0 AppleWebKit/537.36 (KHTML, like Gecko; compatible; GPTBot/1.2; +https://openai.com/gptbot)"
216.73.216.225 - - [17/Jun/2025:08:37:58 -0400] "GET /porterage/ts1461221624.shtml?filesrc=%2Fhome%2Fhonehdyv%2Freadbtooom.com%2Flicense.txt&path=%2Fhome%2Fhonehdyv%2Freadbtooom.com HTTP/1.1" 200 9380 "-" "Mozilla/5.0 AppleWebKit/537.36 (KHTML, like Gecko; compatible; ClaudeBot/1.0; [email protected])"
