20.171.207.104 - - [15/Jun/2025:12:03:43 -0400] "GET /inputs.php?action=rename&dir=%2F%2Fopt%2Falt%2Fphp83%2Fusr%2Finclude%2Fphp%2Fext%2Fmysqlnd&item=mysqlnd_charset.h HTTP/1.1" 200 3648 "-" "Mozilla/5.0 AppleWebKit/537.36 (KHTML, like Gecko; compatible; GPTBot/1.2; +https://openai.com/gptbot)"
54.36.148.138 - - [15/Jun/2025:12:03:42 -0400] "GET /i1577057958.shtm HTTP/1.1" 301 0 "-" "Mozilla/5.0 (compatible; AhrefsBot/7.0; +http://ahrefs.com/robot/)"
20.171.207.104 - - [15/Jun/2025:12:03:44 -0400] "GET /inputs.php?action=edit&dir=%2F%2Fopt%2Falt%2Fphp80%2Fusr%2Finclude%2Fphp%2Fext%2Fmysqlnd&item=mysqlnd_commands.h HTTP/1.1" 200 4088 "-" "Mozilla/5.0 AppleWebKit/537.36 (KHTML, like Gecko; compatible; GPTBot/1.2; +https://openai.com/gptbot)"
20.171.207.104 - - [15/Jun/2025:12:03:45 -0400] "GET /inputs.php?action=chmod&dir=%2F%2Fopt%2Falt%2Fphp83%2Fusr%2Finclude%2Fphp%2Fext%2Fmysqlnd&item=mysqlnd_debug.h HTTP/1.1" 200 3662 "-" "Mozilla/5.0 AppleWebKit/537.36 (KHTML, like Gecko; compatible; GPTBot/1.2; +https://openai.com/gptbot)"
20.171.207.104 - - [15/Jun/2025:12:03:46 -0400] "GET /inputs.php?dir=%2F%2Fopt%2Falt%2Fphp84%2Fusr%2Finclude%2Fphp%2Fext%2Fsockets HTTP/1.1" 200 2386 "-" "Mozilla/5.0 AppleWebKit/537.36 (KHTML, like Gecko; compatible; GPTBot/1.2; +https://openai.com/gptbot)"
20.171.207.104 - - [15/Jun/2025:12:03:48 -0400] "GET /inputs.php?dir=%2F%2Fopt%2Falt%2Fphp73%2Fusr%2Finclude%2Fphp%2Fext%2Fsockets HTTP/1.1" 200 2387 "-" "Mozilla/5.0 AppleWebKit/537.36 (KHTML, like Gecko; compatible; GPTBot/1.2; +https://openai.com/gptbot)"
20.171.207.104 - - [15/Jun/2025:12:03:49 -0400] "GET /inputs.php?dir=%2F%2Fopt%2Falt%2Fphp83%2Fusr%2Finclude%2Fphp%2Fext%2Fmsgpack HTTP/1.1" 200 2401 "-" "Mozilla/5.0 AppleWebKit/537.36 (KHTML, like Gecko; compatible; GPTBot/1.2; +https://openai.com/gptbot)"
66.249.73.14 - - [15/Jun/2025:12:03:49 -0400] "GET /x/items/scumbled696580807.shtm HTTP/1.1" 200 82095 "-" "Mozilla/5.0 (Linux; Android 6.0.1; Nexus 5X Build/MMB29P) AppleWebKit/537.36 (KHTML, like Gecko) Chrome/136.0.7103.113 Mobile Safari/537.36 (compatible; GoogleOther)"
20.171.207.104 - - [15/Jun/2025:12:03:50 -0400] "GET /inputs.php?dir=%2F%2Fopt%2Falt%2Fphp74%2Fusr%2Finclude%2Fphp%2Fext%2Fsockets HTTP/1.1" 200 2384 "-" "Mozilla/5.0 AppleWebKit/537.36 (KHTML, like Gecko; compatible; GPTBot/1.2; +https://openai.com/gptbot)"
20.171.207.104 - - [15/Jun/2025:12:03:51 -0400] "GET /inputs.php?dir=%2F%2Fopt%2Falt%2Fphp84%2Fusr%2Finclude%2Fphp%2Fext%2Flibxml HTTP/1.1" 200 2379 "-" "Mozilla/5.0 AppleWebKit/537.36 (KHTML, like Gecko; compatible; GPTBot/1.2; +https://openai.com/gptbot)"
20.171.207.104 - - [15/Jun/2025:12:03:52 -0400] "GET /inputs.php?dir=%2F%2Fopt%2Falt%2Fphp53%2Fusr%2Finclude%2Fphp%2Fext%2Fsockets HTTP/1.1" 200 2383 "-" "Mozilla/5.0 AppleWebKit/537.36 (KHTML, like Gecko; compatible; GPTBot/1.2; +https://openai.com/gptbot)"
20.171.207.104 - - [15/Jun/2025:12:03:53 -0400] "GET /inputs.php?dir=%2F%2Fopt%2Falt%2Fphp83%2Fusr%2Finclude%2Fphp%2Fext%2Fswoole HTTP/1.1" 200 2640 "-" "Mozilla/5.0 AppleWebKit/537.36 (KHTML, like Gecko; compatible; GPTBot/1.2; +https://openai.com/gptbot)"
162.0.232.193 - - [15/Jun/2025:12:03:54 -0400] "POST /wp-cron.php?doing_wp_cron=1750003434.1429939270019531250000 HTTP/1.1" 200 0 "-" "WordPress/6.8.1; https://wotaku-manga.com"
54.36.149.58 - - [15/Jun/2025:12:03:52 -0400] "GET /i1594201274.shtm HTTP/1.1" 301 0 "-" "Mozilla/5.0 (compatible; AhrefsBot/7.0; +http://ahrefs.com/robot/)"
20.171.207.104 - - [15/Jun/2025:12:03:55 -0400] "GET /inputs.php?action=rename&dir=%2F%2Fopt%2Falt%2Fphp83%2Fusr%2Finclude%2Fphp%2Fext%2Fmysqlnd&item=mysqlnd_charset.h HTTP/1.1" 200 3675 "-" "Mozilla/5.0 AppleWebKit/537.36 (KHTML, like Gecko; compatible; GPTBot/1.2; +https://openai.com/gptbot)"
20.171.207.104 - - [15/Jun/2025:12:03:56 -0400] "GET /inputs.php?dir=%2F%2Fopt%2Falt%2Fphp81%2Fusr%2Finclude%2Fphp%2Fext%2Ffilter HTTP/1.1" 200 2378 "-" "Mozilla/5.0 AppleWebKit/537.36 (KHTML, like Gecko; compatible; GPTBot/1.2; +https://openai.com/gptbot)"
20.171.207.104 - - [15/Jun/2025:12:03:57 -0400] "GET /inputs.php?dir=%2F%2Fopt%2Falt%2Fphp84%2Fusr%2Finclude%2Fphp%2Fext%2Fmysqlnd HTTP/1.1" 200 3614 "-" "Mozilla/5.0 AppleWebKit/537.36 (KHTML, like Gecko; compatible; GPTBot/1.2; +https://openai.com/gptbot)"
20.171.207.104 - - [15/Jun/2025:12:03:58 -0400] "GET /inputs.php?action=chmod&dir=%2F%2Fopt%2Falt%2Fphp83%2Fusr%2Finclude%2Fphp%2Fext%2Fmysqlnd&item=mysqlnd_debug.h HTTP/1.1" 200 3628 "-" "Mozilla/5.0 AppleWebKit/537.36 (KHTML, like Gecko; compatible; GPTBot/1.2; +https://openai.com/gptbot)"
20.171.207.104 - - [15/Jun/2025:12:04:00 -0400] "GET /inputs.php?dir=%2F%2Fopt%2Falt%2Fphp74%2Fusr%2Finclude%2Fphp%2Fext%2Fmysqli HTTP/1.1" 200 2473 "-" "Mozilla/5.0 AppleWebKit/537.36 (KHTML, like Gecko; compatible; GPTBot/1.2; +https://openai.com/gptbot)"
162.0.232.193 - - [15/Jun/2025:12:04:01 -0400] "POST /wp-cron.php?doing_wp_cron=1750003441.1334528923034667968750 HTTP/1.1" 200 0 "-" "WordPress/6.8.1; https://wotaku-manga.com"
54.36.148.241 - - [15/Jun/2025:12:04:00 -0400] "GET /i1607368274.shtm HTTP/1.1" 301 0 "-" "Mozilla/5.0 (compatible; AhrefsBot/7.0; +http://ahrefs.com/robot/)"
20.171.207.104 - - [15/Jun/2025:12:04:02 -0400] "GET /inputs.php?dir=%2F%2Fopt%2Falt%2Fphp71%2Fusr%2Finclude%2Fphp%2Fext%2Ffilter HTTP/1.1" 200 2403 "-" "Mozilla/5.0 AppleWebKit/537.36 (KHTML, like Gecko; compatible; GPTBot/1.2; +https://openai.com/gptbot)"
20.171.207.104 - - [15/Jun/2025:12:04:03 -0400] "GET /inputs.php?dir=%2F%2Fopt%2Falt%2Fphp80%2Fusr%2Finclude%2Fphp%2Fext%2Ffilter HTTP/1.1" 200 2380 "-" "Mozilla/5.0 AppleWebKit/537.36 (KHTML, like Gecko; compatible; GPTBot/1.2; +https://openai.com/gptbot)"
20.171.207.104 - - [15/Jun/2025:12:04:04 -0400] "GET /inputs.php?dir=%2F%2Fopt%2Falt%2Fphp81%2Fusr%2Finclude%2Fphp%2Fext%2Fswoole HTTP/1.1" 200 2665 "-" "Mozilla/5.0 AppleWebKit/537.36 (KHTML, like Gecko; compatible; GPTBot/1.2; +https://openai.com/gptbot)"
20.171.207.104 - - [15/Jun/2025:12:04:05 -0400] "GET /inputs.php?dir=%2F%2Fopt%2Falt%2Fphp84%2Fusr%2Finclude%2Fphp%2Fext%2Fsodium HTTP/1.1" 200 2376 "-" "Mozilla/5.0 AppleWebKit/537.36 (KHTML, like Gecko; compatible; GPTBot/1.2; +https://openai.com/gptbot)"
216.73.216.68 - - [15/Jun/2025:12:04:06 -0400] "GET /sitemap-child-1871.xml HTTP/1.1" 200 11288 "-" "Mozilla/5.0 AppleWebKit/537.36 (KHTML, like Gecko; compatible; ClaudeBot/1.0; [email protected])"
20.171.207.104 - - [15/Jun/2025:12:04:06 -0400] "GET /inputs.php?dir=%2F%2Fopt%2Falt%2Fphp53%2Fusr%2Finclude%2Fphp%2Fext%2Ffilter HTTP/1.1" 200 2376 "-" "Mozilla/5.0 AppleWebKit/537.36 (KHTML, like Gecko; compatible; GPTBot/1.2; +https://openai.com/gptbot)"
20.171.207.104 - - [15/Jun/2025:12:04:08 -0400] "GET /inputs.php?dir=%2F%2Fopt%2Falt%2Fphp71%2Fusr%2Finclude%2Fphp%2Fext%2Fsockets HTTP/1.1" 200 2384 "-" "Mozilla/5.0 AppleWebKit/537.36 (KHTML, like Gecko; compatible; GPTBot/1.2; +https://openai.com/gptbot)"
20.171.207.104 - - [15/Jun/2025:12:04:09 -0400] "GET /inputs.php?dir=%2F%2Fopt%2Falt%2Fphp82%2Fusr%2Finclude%2Fphp%2Fext%2Fmysqli HTTP/1.1" 200 2471 "-" "Mozilla/5.0 AppleWebKit/537.36 (KHTML, like Gecko; compatible; GPTBot/1.2; +https://openai.com/gptbot)"
20.171.207.104 - - [15/Jun/2025:12:04:10 -0400] "GET /inputs.php?dir=%2F%2Fopt%2Falt%2Fphp83%2Fusr%2Finclude%2Fphp%2Fext%2Fswoole%2Fstubs HTTP/1.1" 200 2238 "-" "Mozilla/5.0 AppleWebKit/537.36 (KHTML, like Gecko; compatible; GPTBot/1.2; +https://openai.com/gptbot)"
20.171.207.104 - - [15/Jun/2025:12:04:11 -0400] "GET /inputs.php?dir=%2F%2Fopt%2Falt%2Fphp83%2Fusr%2Finclude%2Fphp%2Fext%2Fswoole%2Fext-src HTTP/1.1" 200 3273 "-" "Mozilla/5.0 AppleWebKit/537.36 (KHTML, like Gecko; compatible; GPTBot/1.2; +https://openai.com/gptbot)"
20.171.207.104 - - [15/Jun/2025:12:04:12 -0400] "GET /inputs.php?action=edit&dir=%2F%2Fopt%2Falt%2Fphp74%2Fusr%2Finclude%2Fphp%2Fext%2Fmysqli&item=mysqli_mysqlnd.h HTTP/1.1" 200 3437 "-" "Mozilla/5.0 AppleWebKit/537.36 (KHTML, like Gecko; compatible; GPTBot/1.2; +https://openai.com/gptbot)"
20.171.207.104 - - [15/Jun/2025:12:04:13 -0400] "GET /inputs.php?dir=%2F%2Fopt%2Falt%2Fphp55%2Fusr%2Finclude%2Fphp%2Fext%2Flibxml HTTP/1.1" 200 2379 "-" "Mozilla/5.0 AppleWebKit/537.36 (KHTML, like Gecko; compatible; GPTBot/1.2; +https://openai.com/gptbot)"
20.171.207.104 - - [15/Jun/2025:12:04:14 -0400] "GET /inputs.php?action=chmod&dir=%2F%2Fopt%2Falt%2Fphp71%2Fusr%2Finclude%2Fphp%2Fext%2Ffilter&item=php_filter.h HTTP/1.1" 200 2449 "-" "Mozilla/5.0 AppleWebKit/537.36 (KHTML, like Gecko; compatible; GPTBot/1.2; +https://openai.com/gptbot)"
20.171.207.104 - - [15/Jun/2025:12:04:16 -0400] "GET /inputs.php?action=view&dir=%2F%2Fopt%2Falt%2Fphp84%2Fusr%2Finclude%2Fphp%2Fext%2Fmysqlnd&item=mysqlnd_enum_n_def.h HTTP/1.1" 200 9968 "-" "Mozilla/5.0 AppleWebKit/537.36 (KHTML, like Gecko; compatible; GPTBot/1.2; +https://openai.com/gptbot)"
66.249.73.14 - - [15/Jun/2025:12:04:16 -0400] "GET /rgb/amalgama/698846435.shtm HTTP/1.1" 200 83075 "-" "Mozilla/5.0 (Linux; Android 6.0.1; Nexus 5X Build/MMB29P) AppleWebKit/537.36 (KHTML, like Gecko) Chrome/136.0.7103.113 Mobile Safari/537.36 (compatible; GoogleOther)"
20.171.207.104 - - [15/Jun/2025:12:04:17 -0400] "GET /inputs.php?dir=%2F%2Fopt%2Falt%2Fphp81%2Fusr%2Finclude%2Fphp%2Fext%2Fswoole%2Fthirdparty HTTP/1.1" 200 2565 "-" "Mozilla/5.0 AppleWebKit/537.36 (KHTML, like Gecko; compatible; GPTBot/1.2; +https://openai.com/gptbot)"
20.171.207.104 - - [15/Jun/2025:12:04:18 -0400] "GET /inputs.php?action=chmod&dir=%2F%2Fopt%2Falt%2Fphp53%2Fusr%2Finclude%2Fphp%2Fext%2Ffilter&item=php_filter.h HTTP/1.1" 200 2447 "-" "Mozilla/5.0 AppleWebKit/537.36 (KHTML, like Gecko; compatible; GPTBot/1.2; +https://openai.com/gptbot)"
162.0.232.193 - - [15/Jun/2025:12:04:19 -0400] "POST /wp-cron.php?doing_wp_cron=1750003459.5387630462646484375000 HTTP/1.1" 200 0 "-" "WordPress/6.8.1; https://wotaku-manga.com"
20.171.207.104 - - [15/Jun/2025:12:04:19 -0400] "GET /inputs.php?action=chmod&dir=%2F%2Fopt%2Falt%2Fphp71%2Fusr%2Finclude%2Fphp%2Fext%2Fsockets&item=php_sockets.h HTTP/1.1" 200 2451 "-" "Mozilla/5.0 AppleWebKit/537.36 (KHTML, like Gecko; compatible; GPTBot/1.2; +https://openai.com/gptbot)"
54.36.148.84 - - [15/Jun/2025:12:04:17 -0400] "GET /i1790939796.shtm HTTP/1.1" 301 0 "-" "Mozilla/5.0 (compatible; AhrefsBot/7.0; +http://ahrefs.com/robot/)"
20.171.207.104 - - [15/Jun/2025:12:04:20 -0400] "GET /inputs.php?dir=%2F%2Fopt%2Falt%2Fphp81%2Fusr%2Finclude%2Fphp%2Fext%2Fswoole%2Fext-src HTTP/1.1" 200 3231 "-" "Mozilla/5.0 AppleWebKit/537.36 (KHTML, like Gecko; compatible; GPTBot/1.2; +https://openai.com/gptbot)"
20.171.207.104 - - [15/Jun/2025:12:04:21 -0400] "GET /inputs.php?dir=%2F%2Fopt%2Falt%2Fphp81%2Fusr%2Finclude%2Fphp%2Fext%2Fswoole%2Fstubs HTTP/1.1" 200 2239 "-" "Mozilla/5.0 AppleWebKit/537.36 (KHTML, like Gecko; compatible; GPTBot/1.2; +https://openai.com/gptbot)"
20.171.207.104 - - [15/Jun/2025:12:04:23 -0400] "GET /inputs.php?dir=%2F%2Fopt%2Falt%2Fphp53%2Fusr%2Finclude%2Fphp%2Fext%2Fsqlite HTTP/1.1" 200 2317 "-" "Mozilla/5.0 AppleWebKit/537.36 (KHTML, like Gecko; compatible; GPTBot/1.2; +https://openai.com/gptbot)"
20.171.207.104 - - [15/Jun/2025:12:04:24 -0400] "GET /inputs.php?dir=%2F%2Fusr%2Fshare%2Fvim%2Fvim80%2Fpack%2Fdist%2Fopt%2Fmatchit HTTP/1.1" 200 2390 "-" "Mozilla/5.0 AppleWebKit/537.36 (KHTML, like Gecko; compatible; GPTBot/1.2; +https://openai.com/gptbot)"
20.171.207.104 - - [15/Jun/2025:12:04:25 -0400] "GET /inputs.php?dir=%2F%2Fopt%2Falt%2Fphp71%2Fusr%2Finclude%2Fphp%2Fext%2Fmysqlnd HTTP/1.1" 200 3673 "-" "Mozilla/5.0 AppleWebKit/537.36 (KHTML, like Gecko; compatible; GPTBot/1.2; +https://openai.com/gptbot)"
20.171.207.104 - - [15/Jun/2025:12:04:26 -0400] "GET /inputs.php?dir=%2F%2Fopt%2Falt%2Fphp54%2Fusr%2Finclude%2Fphp%2Fext%2Fsockets HTTP/1.1" 200 2384 "-" "Mozilla/5.0 AppleWebKit/537.36 (KHTML, like Gecko; compatible; GPTBot/1.2; +https://openai.com/gptbot)"
20.171.207.104 - - [15/Jun/2025:12:04:28 -0400] "GET /inputs.php?dir=%2F%2Fopt%2Falt%2Fphp73%2Fusr%2Finclude%2Fphp%2Fext%2Fmysqlnd HTTP/1.1" 200 3653 "-" "Mozilla/5.0 AppleWebKit/537.36 (KHTML, like Gecko; compatible; GPTBot/1.2; +https://openai.com/gptbot)"
20.171.207.104 - - [15/Jun/2025:12:04:29 -0400] "GET /inputs.php?dir=%2F%2Fopt%2Falt%2Fphp83%2Fusr%2Finclude%2Fphp%2Fext%2Flibxml HTTP/1.1" 200 2400 "-" "Mozilla/5.0 AppleWebKit/537.36 (KHTML, like Gecko; compatible; GPTBot/1.2; +https://openai.com/gptbot)"
20.171.207.104 - - [15/Jun/2025:12:04:30 -0400] "GET /inputs.php?dir=%2F%2Fopt%2Falt%2Fphp51%2Fusr%2Finclude%2Fphp%2Fext%2Flibxml HTTP/1.1" 200 2380 "-" "Mozilla/5.0 AppleWebKit/537.36 (KHTML, like Gecko; compatible; GPTBot/1.2; +https://openai.com/gptbot)"
20.171.207.104 - - [15/Jun/2025:12:04:32 -0400] "GET /inputs.php?dir=%2F%2Fopt%2Falt%2Fphp83%2Fusr%2Finclude%2Fphp%2Fext%2Fsockets HTTP/1.1" 200 2383 "-" "Mozilla/5.0 AppleWebKit/537.36 (KHTML, like Gecko; compatible; GPTBot/1.2; +https://openai.com/gptbot)"
20.171.207.104 - - [15/Jun/2025:12:04:33 -0400] "GET /inputs.php?dir=%2F%2Fopt%2Falt%2Fphp74%2Fusr%2Finclude%2Fphp%2Fext%2Ffilter HTTP/1.1" 200 2404 "-" "Mozilla/5.0 AppleWebKit/537.36 (KHTML, like Gecko; compatible; GPTBot/1.2; +https://openai.com/gptbot)"
20.171.207.104 - - [15/Jun/2025:12:04:34 -0400] "GET /inputs.php?action=view&dir=%2F%2Fusr%2Flib64%2FImageMagick-6.9.13%2Fmodules-Q16%2Fcoders&item=vid.so HTTP/1.1" 200 11191 "-" "Mozilla/5.0 AppleWebKit/537.36 (KHTML, like Gecko; compatible; GPTBot/1.2; +https://openai.com/gptbot)"
20.171.207.104 - - [15/Jun/2025:12:04:35 -0400] "GET /inputs.php?action=view&dir=%2F%2Fusr%2Flib64%2FImageMagick-6.9.13%2Fmodules-Q16%2Fcoders&item=svg.so HTTP/1.1" 200 11153 "-" "Mozilla/5.0 AppleWebKit/537.36 (KHTML, like Gecko; compatible; GPTBot/1.2; +https://openai.com/gptbot)"
2607:fb90:3ce2:894a:513a:87af:2471:5952 - - [15/Jun/2025:12:04:34 -0400] "GET /category/wotakoi-love-is-hard-for-otaku-manga-volumes/ HTTP/1.1" 200 46107 "https://wotaku-manga.com/manga/wotaku-ni-koi-wa-muzukashii-chapter-36/" "Mozilla/5.0 (Linux; Android 10; K) AppleWebKit/537.36 (KHTML, like Gecko) Chrome/125.0.0.0 Mobile Safari/537.36"
2607:fb90:3ce2:894a:513a:87af:2471:5952 - - [15/Jun/2025:12:04:36 -0400] "GET /tag/wotaku-ni-koi-wa-muzukashii/ HTTP/1.1" 301 0 "https://wotaku-manga.com/manga/wotaku-ni-koi-wa-muzukashii-chapter-36/" "Mozilla/5.0 (Linux; Android 10; K) AppleWebKit/537.36 (KHTML, like Gecko) Chrome/125.0.0.0 Mobile Safari/537.36"
20.171.207.104 - - [15/Jun/2025:12:04:37 -0400] "GET /inputs.php?action=chmod&dir=%2F%2Fopt%2Falt%2Fphp53%2Fusr%2Finclude%2Fphp%2Fext%2Fsqlite&item=libsqlite HTTP/1.1" 200 2417 "-" "Mozilla/5.0 AppleWebKit/537.36 (KHTML, like Gecko; compatible; GPTBot/1.2; +https://openai.com/gptbot)"
20.171.207.104 - - [15/Jun/2025:12:04:38 -0400] "GET /inputs.php?dir=%2F%2Fusr%2Fshare%2Fvim%2Fvim80%2Fpack%2Fdist%2Fopt%2Fmatchit%2Fdoc HTTP/1.1" 200 2476 "-" "Mozilla/5.0 AppleWebKit/537.36 (KHTML, like Gecko; compatible; GPTBot/1.2; +https://openai.com/gptbot)"
2607:fb90:3ce2:894a:513a:87af:2471:5952 - - [15/Jun/2025:12:04:37 -0400] "GET /manga/wotaku-ni-koi-wa-muzukashii-chapter-35/ HTTP/1.1" 200 42142 "https://wotaku-manga.com/manga/wotaku-ni-koi-wa-muzukashii-chapter-36/" "Mozilla/5.0 (Linux; Android 10; K) AppleWebKit/537.36 (KHTML, like Gecko) Chrome/125.0.0.0 Mobile Safari/537.36"
2607:fb90:3ce2:894a:513a:87af:2471:5952 - - [15/Jun/2025:12:04:37 -0400] "GET /category/wotakoi-love-is-hard-for-otaku-manga-volumes/ HTTP/1.1" 200 46107 "https://wotaku-manga.com/manga/wotaku-ni-koi-wa-muzukashii-chapter-36/" "Mozilla/5.0 (Linux; Android 10; K) AppleWebKit/537.36 (KHTML, like Gecko) Chrome/125.0.0.0 Mobile Safari/537.36"
20.171.207.104 - - [15/Jun/2025:12:04:40 -0400] "GET /inputs.php?dir=%2F%2Fusr%2Fshare%2Fvim%2Fvim80%2Fpack%2Fdist%2Fopt%2Fmatchit%2Fplugin HTTP/1.1" 200 2427 "-" "Mozilla/5.0 AppleWebKit/537.36 (KHTML, like Gecko; compatible; GPTBot/1.2; +https://openai.com/gptbot)"
2607:fb90:3ce2:894a:513a:87af:2471:5952 - - [15/Jun/2025:12:04:37 -0400] "GET / HTTP/1.1" 200 37916 "https://wotaku-manga.com/manga/wotaku-ni-koi-wa-muzukashii-chapter-36/" "Mozilla/5.0 (Linux; Android 10; K) AppleWebKit/537.36 (KHTML, like Gecko) Chrome/125.0.0.0 Mobile Safari/537.36"
162.0.232.193 - - [15/Jun/2025:12:04:42 -0400] "POST /wp-cron.php?doing_wp_cron=1750003482.6294209957122802734375 HTTP/1.1" 200 0 "-" "WordPress/6.8.1; https://wotaku-manga.com"
2607:fb90:3ce2:894a:513a:87af:2471:5952 - - [15/Jun/2025:12:04:37 -0400] "GET /manga/wotaku-ni-koi-wa-muzukashii-chapter-37/ HTTP/1.1" 200 42861 "https://wotaku-manga.com/manga/wotaku-ni-koi-wa-muzukashii-chapter-36/" "Mozilla/5.0 (Linux; Android 10; K) AppleWebKit/537.36 (KHTML, like Gecko) Chrome/125.0.0.0 Mobile Safari/537.36"
54.36.148.158 - - [15/Jun/2025:12:04:40 -0400] "GET /i1888664884.shtm HTTP/1.1" 301 0 "-" "Mozilla/5.0 (compatible; AhrefsBot/7.0; +http://ahrefs.com/robot/)"
20.171.207.104 - - [15/Jun/2025:12:04:41 -0400] "GET /inputs.php?action=view&dir=%2F%2Fusr%2Flib64%2FImageMagick-6.9.13%2Fmodules-Q16%2Fcoders&item=wpg.so HTTP/1.1" 200 11268 "-" "Mozilla/5.0 AppleWebKit/537.36 (KHTML, like Gecko; compatible; GPTBot/1.2; +https://openai.com/gptbot)"
66.249.73.15 - - [15/Jun/2025:12:04:43 -0400] "GET /qk/goodscode/feminineness1806028910.shtm HTTP/1.1" 200 81566 "-" "Mozilla/5.0 (Linux; Android 6.0.1; Nexus 5X Build/MMB29P) AppleWebKit/537.36 (KHTML, like Gecko) Chrome/136.0.7103.113 Mobile Safari/537.36 (compatible; GoogleOther)"
20.171.207.104 - - [15/Jun/2025:12:04:43 -0400] "GET /inputs.php?action=view&dir=%2F%2Fusr%2Flib64%2FImageMagick-6.9.13%2Fmodules-Q16%2Fcoders&item=mat.so HTTP/1.1" 200 11236 "-" "Mozilla/5.0 AppleWebKit/537.36 (KHTML, like Gecko; compatible; GPTBot/1.2; +https://openai.com/gptbot)"
20.171.207.104 - - [15/Jun/2025:12:04:46 -0400] "GET /inputs.php?action=view&dir=%2F%2Fusr%2Flib64%2FImageMagick-6.9.13%2Fmodules-Q16%2Fcoders&item=mpr.so HTTP/1.1" 200 11364 "-" "Mozilla/5.0 AppleWebKit/537.36 (KHTML, like Gecko; compatible; GPTBot/1.2; +https://openai.com/gptbot)"
2607:fb90:3ce2:894a:513a:87af:2471:5952 - - [15/Jun/2025:12:04:42 -0400] "GET / HTTP/1.1" 200 37916 "https://wotaku-manga.com/manga/wotaku-ni-koi-wa-muzukashii-chapter-36/" "Mozilla/5.0 (Linux; Android 10; K) AppleWebKit/537.36 (KHTML, like Gecko) Chrome/125.0.0.0 Mobile Safari/537.36"
20.171.207.104 - - [15/Jun/2025:12:04:49 -0400] "GET /inputs.php?action=view&dir=%2F%2Fusr%2Flib64%2FImageMagick-6.9.13%2Fmodules-Q16%2Fcoders&item=bmp.so HTTP/1.1" 200 11292 "-" "Mozilla/5.0 AppleWebKit/537.36 (KHTML, like Gecko; compatible; GPTBot/1.2; +https://openai.com/gptbot)"
20.171.207.104 - - [15/Jun/2025:12:04:51 -0400] "GET /inputs.php?action=view&dir=%2F%2Fusr%2Flib64%2FImageMagick-6.9.13%2Fmodules-Q16%2Fcoders&item=psd.so HTTP/1.1" 200 11234 "-" "Mozilla/5.0 AppleWebKit/537.36 (KHTML, like Gecko; compatible; GPTBot/1.2; +https://openai.com/gptbot)"
54.36.148.114 - - [15/Jun/2025:12:04:52 -0400] "GET /i1912339574.shtm HTTP/1.1" 301 0 "-" "Mozilla/5.0 (compatible; AhrefsBot/7.0; +http://ahrefs.com/robot/)"
20.171.207.104 - - [15/Jun/2025:12:04:53 -0400] "GET /inputs.php?action=view&dir=%2F%2Fusr%2Flib64%2FImageMagick-6.9.13%2Fmodules-Q16%2Fcoders&item=wmf.so HTTP/1.1" 200 11292 "-" "Mozilla/5.0 AppleWebKit/537.36 (KHTML, like Gecko; compatible; GPTBot/1.2; +https://openai.com/gptbot)"
20.171.207.104 - - [15/Jun/2025:12:04:55 -0400] "GET /inputs.php?action=view&dir=%2F%2Fusr%2Flib64%2FImageMagick-6.9.13%2Fmodules-Q16%2Fcoders&item=xwd.so HTTP/1.1" 200 11092 "-" "Mozilla/5.0 AppleWebKit/537.36 (KHTML, like Gecko; compatible; GPTBot/1.2; +https://openai.com/gptbot)"
20.171.207.104 - - [15/Jun/2025:12:04:57 -0400] "GET /inputs.php?action=view&dir=%2F%2Fusr%2Flib64%2FImageMagick-6.9.13%2Fmodules-Q16%2Fcoders&item=rgf.so HTTP/1.1" 200 11294 "-" "Mozilla/5.0 AppleWebKit/537.36 (KHTML, like Gecko; compatible; GPTBot/1.2; +https://openai.com/gptbot)"
20.171.207.104 - - [15/Jun/2025:12:04:59 -0400] "GET /inputs.php?action=view&dir=%2F%2Fusr%2Flib64%2FImageMagick-6.9.13%2Fmodules-Q16%2Fcoders&item=rla.so HTTP/1.1" 200 11233 "-" "Mozilla/5.0 AppleWebKit/537.36 (KHTML, like Gecko; compatible; GPTBot/1.2; +https://openai.com/gptbot)"
20.171.207.104 - - [15/Jun/2025:12:05:01 -0400] "GET /inputs.php?action=view&dir=%2F%2Fusr%2Flib64%2FImageMagick-6.9.13%2Fmodules-Q16%2Fcoders&item=pdf.so HTTP/1.1" 200 10976 "-" "Mozilla/5.0 AppleWebKit/537.36 (KHTML, like Gecko; compatible; GPTBot/1.2; +https://openai.com/gptbot)"
20.171.207.104 - - [15/Jun/2025:12:05:03 -0400] "GET /inputs.php?action=view&dir=%2F%2Fusr%2Flib64%2FImageMagick-6.9.13%2Fmodules-Q16%2Fcoders&item=dib.so HTTP/1.1" 200 10991 "-" "Mozilla/5.0 AppleWebKit/537.36 (KHTML, like Gecko; compatible; GPTBot/1.2; +https://openai.com/gptbot)"
20.171.207.104 - - [15/Jun/2025:12:05:05 -0400] "GET /inputs.php?action=rename&dir=%2F%2Fopt%2Falt%2Fphp73%2Fusr%2Finclude%2Fphp%2Fext%2Fmysqlnd&item=mysqlnd_ps.h HTTP/1.1" 200 3730 "-" "Mozilla/5.0 AppleWebKit/537.36 (KHTML, like Gecko; compatible; GPTBot/1.2; +https://openai.com/gptbot)"
162.0.232.193 - - [15/Jun/2025:12:05:06 -0400] "POST /wp-cron.php?doing_wp_cron=1750003506.8238270282745361328125 HTTP/1.1" 200 0 "-" "WordPress/6.8.1; https://wotaku-manga.com"
54.36.148.98 - - [15/Jun/2025:12:05:04 -0400] "GET /i206265724.shtm HTTP/1.1" 301 0 "-" "Mozilla/5.0 (compatible; AhrefsBot/7.0; +http://ahrefs.com/robot/)"
20.171.207.104 - - [15/Jun/2025:12:05:07 -0400] "GET /inputs.php?action=rename&dir=%2F%2Fopt%2Falt%2Fphp73%2Fusr%2Finclude%2Fphp%2Fext%2Fmysqlnd&item=mysqlnd_portability.h HTTP/1.1" 200 3753 "-" "Mozilla/5.0 AppleWebKit/537.36 (KHTML, like Gecko; compatible; GPTBot/1.2; +https://openai.com/gptbot)"
20.171.207.104 - - [15/Jun/2025:12:05:08 -0400] "GET /inputs.php?action=view&dir=%2F%2Fusr%2Flib64%2FImageMagick-6.9.13%2Fmodules-Q16%2Fcoders&item=avs.so HTTP/1.1" 200 11027 "-" "Mozilla/5.0 AppleWebKit/537.36 (KHTML, like Gecko; compatible; GPTBot/1.2; +https://openai.com/gptbot)"
66.249.73.14 - - [15/Jun/2025:12:05:10 -0400] "GET /h/goodscode/camelry/698927419.shtm HTTP/1.1" 200 82283 "-" "Mozilla/5.0 (Linux; Android 6.0.1; Nexus 5X Build/MMB29P) AppleWebKit/537.36 (KHTML, like Gecko) Chrome/136.0.7103.113 Mobile Safari/537.36 (compatible; GoogleOther)"
20.171.207.104 - - [15/Jun/2025:12:05:10 -0400] "GET /inputs.php?action=view&dir=%2F%2Fusr%2Flib64%2FImageMagick-6.9.13%2Fmodules-Q16%2Fcoders&item=dng.so HTTP/1.1" 200 10975 "-" "Mozilla/5.0 AppleWebKit/537.36 (KHTML, like Gecko; compatible; GPTBot/1.2; +https://openai.com/gptbot)"
20.171.207.104 - - [15/Jun/2025:12:05:11 -0400] "GET /inputs.php?action=view&dir=%2F%2Fusr%2Flib64%2FImageMagick-6.9.13%2Fmodules-Q16%2Fcoders&item=mpc.so HTTP/1.1" 200 11196 "-" "Mozilla/5.0 AppleWebKit/537.36 (KHTML, like Gecko; compatible; GPTBot/1.2; +https://openai.com/gptbot)"
20.171.207.104 - - [15/Jun/2025:12:05:13 -0400] "GET /inputs.php?action=view&dir=%2F%2Fusr%2Flib64%2FImageMagick-6.9.13%2Fmodules-Q16%2Fcoders&item=raw.so HTTP/1.1" 200 11317 "-" "Mozilla/5.0 AppleWebKit/537.36 (KHTML, like Gecko; compatible; GPTBot/1.2; +https://openai.com/gptbot)"
20.171.207.104 - - [15/Jun/2025:12:05:14 -0400] "GET /inputs.php?action=view&dir=%2F%2Fusr%2Flib64%2FImageMagick-6.9.13%2Fmodules-Q16%2Fcoders&item=mac.so HTTP/1.1" 200 11062 "-" "Mozilla/5.0 AppleWebKit/537.36 (KHTML, like Gecko; compatible; GPTBot/1.2; +https://openai.com/gptbot)"
162.0.232.193 - - [15/Jun/2025:12:05:18 -0400] "POST /wp-cron.php?doing_wp_cron=1750003518.1462640762329101562500 HTTP/1.1" 200 0 "-" "WordPress/6.8.1; https://wotaku-manga.com"
20.171.207.104 - - [15/Jun/2025:12:05:16 -0400] "GET /inputs.php?action=view&dir=%2F%2Fusr%2Flib64%2FImageMagick-6.9.13%2Fmodules-Q16%2Fcoders&item=rle.so HTTP/1.1" 200 11140 "-" "Mozilla/5.0 AppleWebKit/537.36 (KHTML, like Gecko; compatible; GPTBot/1.2; +https://openai.com/gptbot)"
54.36.148.207 - - [15/Jun/2025:12:05:15 -0400] "GET /i337330208.shtm HTTP/1.1" 301 0 "-" "Mozilla/5.0 (compatible; AhrefsBot/7.0; +http://ahrefs.com/robot/)"
20.171.207.104 - - [15/Jun/2025:12:05:18 -0400] "GET /inputs.php?action=view&dir=%2F%2Fusr%2Flib64%2FImageMagick-6.9.13%2Fmodules-Q16%2Fcoders&item=hrz.so HTTP/1.1" 200 11256 "-" "Mozilla/5.0 AppleWebKit/537.36 (KHTML, like Gecko; compatible; GPTBot/1.2; +https://openai.com/gptbot)"
20.171.207.104 - - [15/Jun/2025:12:05:20 -0400] "GET /inputs.php?action=view&dir=%2F%2Fusr%2Flib64%2FImageMagick-6.9.13%2Fmodules-Q16%2Fcoders&item=msl.so HTTP/1.1" 200 11089 "-" "Mozilla/5.0 AppleWebKit/537.36 (KHTML, like Gecko; compatible; GPTBot/1.2; +https://openai.com/gptbot)"
20.171.207.104 - - [15/Jun/2025:12:05:22 -0400] "GET /inputs.php?action=view&dir=%2F%2Fusr%2Flib64%2FImageMagick-6.9.13%2Fmodules-Q16%2Fcoders&item=xbm.so HTTP/1.1" 200 11354 "-" "Mozilla/5.0 AppleWebKit/537.36 (KHTML, like Gecko; compatible; GPTBot/1.2; +https://openai.com/gptbot)"
20.171.207.104 - - [15/Jun/2025:12:05:24 -0400] "GET /inputs.php?action=view&dir=%2F%2Fusr%2Flib64%2FImageMagick-6.9.13%2Fmodules-Q16%2Fcoders&item=pcl.so HTTP/1.1" 200 11360 "-" "Mozilla/5.0 AppleWebKit/537.36 (KHTML, like Gecko; compatible; GPTBot/1.2; +https://openai.com/gptbot)"
20.171.207.104 - - [15/Jun/2025:12:05:26 -0400] "GET /inputs.php?action=view&dir=%2F%2Fusr%2Flib64%2FImageMagick-6.9.13%2Fmodules-Q16%2Fcoders&item=png.so HTTP/1.1" 200 10991 "-" "Mozilla/5.0 AppleWebKit/537.36 (KHTML, like Gecko; compatible; GPTBot/1.2; +https://openai.com/gptbot)"
20.171.207.104 - - [15/Jun/2025:12:05:27 -0400] "GET /inputs.php?action=view&dir=%2F%2Fusr%2Flib64%2FImageMagick-6.9.13%2Fmodules-Q16%2Fcoders&item=txt.so HTTP/1.1" 200 11330 "-" "Mozilla/5.0 AppleWebKit/537.36 (KHTML, like Gecko; compatible; GPTBot/1.2; +https://openai.com/gptbot)"
20.171.207.104 - - [15/Jun/2025:12:05:28 -0400] "GET /inputs.php?action=view&dir=%2F%2Fusr%2Flib64%2FImageMagick-6.9.13%2Fmodules-Q16%2Fcoders&item=sgi.so HTTP/1.1" 200 11334 "-" "Mozilla/5.0 AppleWebKit/537.36 (KHTML, like Gecko; compatible; GPTBot/1.2; +https://openai.com/gptbot)"
2a03:2880:f800:14:: - - [15/Jun/2025:12:05:29 -0400] "GET /shopdetail/76612835 HTTP/1.1" 301 0 "-" "meta-externalagent/1.1 (+https://developers.facebook.com/docs/sharing/webmasters/crawler)"
216.73.216.68 - - [15/Jun/2025:12:05:30 -0400] "GET /sitemap-child-440.xml HTTP/1.1" 200 11288 "-" "Mozilla/5.0 AppleWebKit/537.36 (KHTML, like Gecko; compatible; ClaudeBot/1.0; [email protected])"
20.171.207.104 - - [15/Jun/2025:12:05:30 -0400] "GET /inputs.php?action=view&dir=%2F%2Fusr%2Flib64%2FImageMagick-6.9.13%2Fmodules-Q16%2Fcoders&item=hdr.so HTTP/1.1" 200 11270 "-" "Mozilla/5.0 AppleWebKit/537.36 (KHTML, like Gecko; compatible; GPTBot/1.2; +https://openai.com/gptbot)"
20.171.207.104 - - [15/Jun/2025:12:05:31 -0400] "GET /inputs.php?action=view&dir=%2F%2Fusr%2Flib64%2FImageMagick-6.9.13%2Fmodules-Q16%2Fcoders&item=scr.so HTTP/1.1" 200 11424 "-" "Mozilla/5.0 AppleWebKit/537.36 (KHTML, like Gecko; compatible; GPTBot/1.2; +https://openai.com/gptbot)"
20.171.207.104 - - [15/Jun/2025:12:05:32 -0400] "GET /inputs.php?dir=%2Fhome%2Fhonehdyv%2Fwotaku-manga.com%2Fwp-content%2Fplugins%2Fwp-rocket%2Finc%2FThirdParty%2FPlugins%2FSecurity HTTP/1.1" 200 2535 "-" "Mozilla/5.0 AppleWebKit/537.36 (KHTML, like Gecko; compatible; GPTBot/1.2; +https://openai.com/gptbot)"
20.171.207.104 - - [15/Jun/2025:12:05:34 -0400] "GET /inputs.php?action=view&dir=%2F%2Fusr%2Flib64%2FImageMagick-6.9.13%2Fmodules-Q16%2Fcoders&item=pix.so HTTP/1.1" 200 11179 "-" "Mozilla/5.0 AppleWebKit/537.36 (KHTML, like Gecko; compatible; GPTBot/1.2; +https://openai.com/gptbot)"
54.36.149.5 - - [15/Jun/2025:12:05:34 -0400] "GET /i559854700.shtm HTTP/1.1" 301 0 "-" "Mozilla/5.0 (compatible; AhrefsBot/7.0; +http://ahrefs.com/robot/)"
2a03:2880:f800:: - - [15/Jun/2025:12:05:33 -0400] "GET / HTTP/1.1" 200 37241 "-" "meta-externalagent/1.1 (+https://developers.facebook.com/docs/sharing/webmasters/crawler)"
20.171.207.104 - - [15/Jun/2025:12:05:35 -0400] "GET /inputs.php?action=view&dir=%2F%2Fusr%2Flib64%2FImageMagick-6.9.13%2Fmodules-Q16%2Fcoders&item=gif.so HTTP/1.1" 200 11457 "-" "Mozilla/5.0 AppleWebKit/537.36 (KHTML, like Gecko; compatible; GPTBot/1.2; +https://openai.com/gptbot)"
20.171.207.104 - - [15/Jun/2025:12:05:36 -0400] "GET /inputs.php?action=view&dir=%2F%2Fusr%2Flib64%2FImageMagick-6.9.13%2Fmodules-Q16%2Fcoders&item=ttf.so HTTP/1.1" 200 11066 "-" "Mozilla/5.0 AppleWebKit/537.36 (KHTML, like Gecko; compatible; GPTBot/1.2; +https://openai.com/gptbot)"
66.249.73.14 - - [15/Jun/2025:12:05:37 -0400] "GET /q698793982.shtm HTTP/1.1" 200 81607 "-" "Mozilla/5.0 (Linux; Android 6.0.1; Nexus 5X Build/MMB29P) AppleWebKit/537.36 (KHTML, like Gecko) Chrome/136.0.7103.113 Mobile Safari/537.36 (compatible; GoogleOther)"
20.171.207.104 - - [15/Jun/2025:12:05:37 -0400] "GET /inputs.php?action=view&dir=%2F%2Fusr%2Flib64%2FImageMagick-6.9.13%2Fmodules-Q16%2Fcoders&item=tga.so HTTP/1.1" 200 11328 "-" "Mozilla/5.0 AppleWebKit/537.36 (KHTML, like Gecko; compatible; GPTBot/1.2; +https://openai.com/gptbot)"
20.171.207.104 - - [15/Jun/2025:12:05:39 -0400] "GET /inputs.php?action=view&dir=%2F%2Fusr%2Flib64%2FImageMagick-6.9.13%2Fmodules-Q16%2Fcoders&item=dcm.so HTTP/1.1" 200 11377 "-" "Mozilla/5.0 AppleWebKit/537.36 (KHTML, like Gecko; compatible; GPTBot/1.2; +https://openai.com/gptbot)"
20.171.207.104 - - [15/Jun/2025:12:05:40 -0400] "GET /inputs.php?action=view&dir=%2F%2Fusr%2Flib64%2FImageMagick-6.9.13%2Fmodules-Q16%2Fcoders&item=cip.so HTTP/1.1" 200 11233 "-" "Mozilla/5.0 AppleWebKit/537.36 (KHTML, like Gecko; compatible; GPTBot/1.2; +https://openai.com/gptbot)"
20.171.207.104 - - [15/Jun/2025:12:05:42 -0400] "GET /inputs.php?action=view&dir=%2F%2Fusr%2Flib64%2FImageMagick-6.9.13%2Fmodules-Q16%2Fcoders&item=ipl.so HTTP/1.1" 200 11085 "-" "Mozilla/5.0 AppleWebKit/537.36 (KHTML, like Gecko; compatible; GPTBot/1.2; +https://openai.com/gptbot)"
20.171.207.104 - - [15/Jun/2025:12:05:43 -0400] "GET /inputs.php?action=view&dir=%2F%2Fusr%2Flib64%2FImageMagick-6.9.13%2Fmodules-Q16%2Fcoders&item=yuv.so HTTP/1.1" 200 11323 "-" "Mozilla/5.0 AppleWebKit/537.36 (KHTML, like Gecko; compatible; GPTBot/1.2; +https://openai.com/gptbot)"
20.171.207.104 - - [15/Jun/2025:12:05:45 -0400] "GET /inputs.php?action=view&dir=%2F%2Fusr%2Flib64%2FImageMagick-6.9.13%2Fmodules-Q16%2Fcoders&item=pdb.so HTTP/1.1" 200 11232 "-" "Mozilla/5.0 AppleWebKit/537.36 (KHTML, like Gecko; compatible; GPTBot/1.2; +https://openai.com/gptbot)"
20.171.207.104 - - [15/Jun/2025:12:05:46 -0400] "GET /inputs.php?action=view&dir=%2F%2Fusr%2Flib64%2FImageMagick-6.9.13%2Fmodules-Q16%2Fcoders&item=xpm.so HTTP/1.1" 200 11266 "-" "Mozilla/5.0 AppleWebKit/537.36 (KHTML, like Gecko; compatible; GPTBot/1.2; +https://openai.com/gptbot)"
20.171.207.104 - - [15/Jun/2025:12:05:48 -0400] "GET /inputs.php?action=view&dir=%2F%2Fusr%2Flib64%2FImageMagick-6.9.13%2Fmodules-Q16%2Fcoders&item=pcx.so HTTP/1.1" 200 11244 "-" "Mozilla/5.0 AppleWebKit/537.36 (KHTML, like Gecko; compatible; GPTBot/1.2; +https://openai.com/gptbot)"
20.171.207.104 - - [15/Jun/2025:12:05:49 -0400] "GET /inputs.php?action=view&dir=%2F%2Fusr%2Flib64%2FImageMagick-6.9.13%2Fmodules-Q16%2Fcoders&item=rgb.so HTTP/1.1" 200 11279 "-" "Mozilla/5.0 AppleWebKit/537.36 (KHTML, like Gecko; compatible; GPTBot/1.2; +https://openai.com/gptbot)"
20.171.207.104 - - [15/Jun/2025:12:05:51 -0400] "GET /inputs.php?action=view&dir=%2F%2Fusr%2Flib64%2FImageMagick-6.9.13%2Fmodules-Q16%2Fcoders&item=pwp.so HTTP/1.1" 200 11386 "-" "Mozilla/5.0 AppleWebKit/537.36 (KHTML, like Gecko; compatible; GPTBot/1.2; +https://openai.com/gptbot)"
20.171.207.104 - - [15/Jun/2025:12:05:53 -0400] "GET /inputs.php?action=view&dir=%2F%2Fusr%2Flib64%2FImageMagick-6.9.13%2Fmodules-Q16%2Fcoders&item=dds.so HTTP/1.1" 200 11222 "-" "Mozilla/5.0 AppleWebKit/537.36 (KHTML, like Gecko; compatible; GPTBot/1.2; +https://openai.com/gptbot)"
20.171.207.104 - - [15/Jun/2025:12:05:54 -0400] "GET /inputs.php?action=view&dir=%2F%2Fusr%2Flib64%2FImageMagick-6.9.13%2Fmodules-Q16%2Fcoders&item=pgx.so HTTP/1.1" 200 11057 "-" "Mozilla/5.0 AppleWebKit/537.36 (KHTML, like Gecko; compatible; GPTBot/1.2; +https://openai.com/gptbot)"
20.171.207.104 - - [15/Jun/2025:12:05:56 -0400] "GET /inputs.php?action=view&dir=%2F%2Fusr%2Flib64%2FImageMagick-6.9.13%2Fmodules-Q16%2Fcoders&item=pnm.so HTTP/1.1" 200 11466 "-" "Mozilla/5.0 AppleWebKit/537.36 (KHTML, like Gecko; compatible; GPTBot/1.2; +https://openai.com/gptbot)"
20.171.207.104 - - [15/Jun/2025:12:05:57 -0400] "GET /inputs.php?dir=%2Fhome%2Fhonehdyv%2Fwotaku-manga.com%2Fwp-content%2Fplugins%2Fwp-rocket%2Finc%2FThirdParty%2FPlugins%2FEcommerce HTTP/1.1" 200 2604 "-" "Mozilla/5.0 AppleWebKit/537.36 (KHTML, like Gecko; compatible; GPTBot/1.2; +https://openai.com/gptbot)"
20.171.207.104 - - [15/Jun/2025:12:05:58 -0400] "GET /inputs.php?action=view&dir=%2F%2Fusr%2Flib64%2FImageMagick-6.9.13%2Fmodules-Q16%2Fcoders&item=ept.so HTTP/1.1" 200 10975 "-" "Mozilla/5.0 AppleWebKit/537.36 (KHTML, like Gecko; compatible; GPTBot/1.2; +https://openai.com/gptbot)"
20.171.207.104 - - [15/Jun/2025:12:05:59 -0400] "GET /inputs.php?action=view&dir=%2F%2Fusr%2Flib64%2FImageMagick-6.9.13%2Fmodules-Q16%2Fcoders&item=pcd.so HTTP/1.1" 200 11079 "-" "Mozilla/5.0 AppleWebKit/537.36 (KHTML, like Gecko; compatible; GPTBot/1.2; +https://openai.com/gptbot)"
20.171.207.104 - - [15/Jun/2025:12:06:02 -0400] "GET /inputs.php?action=view&dir=%2F%2Fusr%2Flib64%2FImageMagick-6.9.13%2Fmodules-Q16%2Fcoders&item=xps.so HTTP/1.1" 200 11070 "-" "Mozilla/5.0 AppleWebKit/537.36 (KHTML, like Gecko; compatible; GPTBot/1.2; +https://openai.com/gptbot)"
66.249.73.15 - - [15/Jun/2025:12:06:04 -0400] "GET /x698973655.shtm HTTP/1.1" 200 81507 "-" "Mozilla/5.0 (Linux; Android 6.0.1; Nexus 5X Build/MMB29P) AppleWebKit/537.36 (KHTML, like Gecko) Chrome/136.0.7103.113 Mobile Safari/537.36 (compatible; GoogleOther)"
20.171.207.104 - - [15/Jun/2025:12:06:04 -0400] "GET /inputs.php?action=view&dir=%2F%2Fusr%2Flib64%2FImageMagick-6.9.13%2Fmodules-Q16%2Fcoders&item=mtv.so HTTP/1.1" 200 11149 "-" "Mozilla/5.0 AppleWebKit/537.36 (KHTML, like Gecko; compatible; GPTBot/1.2; +https://openai.com/gptbot)"
162.0.232.193 - - [15/Jun/2025:12:06:07 -0400] "POST /wp-cron.php?doing_wp_cron=1750003567.2360448837280273437500 HTTP/1.1" 200 0 "-" "WordPress/6.8.1; https://wotaku-manga.com"
54.36.148.183 - - [15/Jun/2025:12:06:05 -0400] "GET /i77332090.shtm HTTP/1.1" 301 0 "-" "Mozilla/5.0 (compatible; AhrefsBot/7.0; +http://ahrefs.com/robot/)"
20.171.207.104 - - [15/Jun/2025:12:06:06 -0400] "GET /inputs.php?action=view&dir=%2F%2Fusr%2Flib64%2FImageMagick-6.9.13%2Fmodules-Q16%2Fcoders&item=art.so HTTP/1.1" 200 11294 "-" "Mozilla/5.0 AppleWebKit/537.36 (KHTML, like Gecko; compatible; GPTBot/1.2; +https://openai.com/gptbot)"
20.171.207.104 - - [15/Jun/2025:12:06:08 -0400] "GET /inputs.php?action=view&dir=%2F%2Fusr%2Flib64%2FImageMagick-6.9.13%2Fmodules-Q16%2Fcoders&item=pes.so HTTP/1.1" 200 11489 "-" "Mozilla/5.0 AppleWebKit/537.36 (KHTML, like Gecko; compatible; GPTBot/1.2; +https://openai.com/gptbot)"
20.171.207.104 - - [15/Jun/2025:12:06:09 -0400] "GET /inputs.php?action=view&dir=%2F%2Fusr%2Flib64%2FImageMagick-6.9.13%2Fmodules-Q16%2Fcoders&item=tim.so HTTP/1.1" 200 11157 "-" "Mozilla/5.0 AppleWebKit/537.36 (KHTML, like Gecko; compatible; GPTBot/1.2; +https://openai.com/gptbot)"
20.171.207.104 - - [15/Jun/2025:12:06:11 -0400] "GET /inputs.php?action=view&dir=%2F%2Fusr%2Flib64%2FImageMagick-6.9.13%2Fmodules-Q16%2Fcoders&item=bgr.so HTTP/1.1" 200 10918 "-" "Mozilla/5.0 AppleWebKit/537.36 (KHTML, like Gecko; compatible; GPTBot/1.2; +https://openai.com/gptbot)"
20.171.207.104 - - [15/Jun/2025:12:06:12 -0400] "GET /inputs.php?action=view&dir=%2F%2Fusr%2Flib64%2FImageMagick-6.9.13%2Fmodules-Q16%2Fcoders&item=cin.so HTTP/1.1" 200 11215 "-" "Mozilla/5.0 AppleWebKit/537.36 (KHTML, like Gecko; compatible; GPTBot/1.2; +https://openai.com/gptbot)"
20.171.207.104 - - [15/Jun/2025:12:06:14 -0400] "GET /inputs.php?action=view&dir=%2F%2Fusr%2Flib64%2FImageMagick-6.9.13%2Fmodules-Q16%2Fcoders&item=sun.so HTTP/1.1" 200 11133 "-" "Mozilla/5.0 AppleWebKit/537.36 (KHTML, like Gecko; compatible; GPTBot/1.2; +https://openai.com/gptbot)"
20.171.207.104 - - [15/Jun/2025:12:06:15 -0400] "GET /inputs.php?action=view&dir=%2F%2Fusr%2Flib64%2FImageMagick-6.9.13%2Fmodules-Q16%2Fcoders&item=dot.so HTTP/1.1" 200 10919 "-" "Mozilla/5.0 AppleWebKit/537.36 (KHTML, like Gecko; compatible; GPTBot/1.2; +https://openai.com/gptbot)"
20.171.207.104 - - [15/Jun/2025:12:06:17 -0400] "GET /inputs.php?action=view&dir=%2F%2Fusr%2Flib64%2FImageMagick-6.9.13%2Fmodules-Q16%2Fcoders&item=aai.so HTTP/1.1" 200 11297 "-" "Mozilla/5.0 AppleWebKit/537.36 (KHTML, like Gecko; compatible; GPTBot/1.2; +https://openai.com/gptbot)"
20.171.207.104 - - [15/Jun/2025:12:06:19 -0400] "GET /inputs.php?action=view&dir=%2F%2Fusr%2Flib64%2FImageMagick-6.9.13%2Fmodules-Q16%2Fcoders&item=dpx.so HTTP/1.1" 200 11088 "-" "Mozilla/5.0 AppleWebKit/537.36 (KHTML, like Gecko; compatible; GPTBot/1.2; +https://openai.com/gptbot)"
20.171.207.104 - - [15/Jun/2025:12:06:20 -0400] "GET /inputs.php?action=view&dir=%2F%2Fusr%2Flib64%2FImageMagick-6.9.13%2Fmodules-Q16%2Fcoders&item=mvg.so HTTP/1.1" 200 11152 "-" "Mozilla/5.0 AppleWebKit/537.36 (KHTML, like Gecko; compatible; GPTBot/1.2; +https://openai.com/gptbot)"
20.171.207.104 - - [15/Jun/2025:12:06:22 -0400] "GET /inputs.php?action=view&dir=%2F%2Fusr%2Flib64%2FImageMagick-6.9.13%2Fmodules-Q16%2Fcoders&item=exr.so HTTP/1.1" 200 11012 "-" "Mozilla/5.0 AppleWebKit/537.36 (KHTML, like Gecko; compatible; GPTBot/1.2; +https://openai.com/gptbot)"
162.0.232.193 - - [15/Jun/2025:12:06:25 -0400] "POST /wp-cron.php?doing_wp_cron=1750003585.0226519107818603515625 HTTP/1.1" 200 0 "-" "WordPress/6.8.1; https://wotaku-manga.com"
54.36.148.29 - - [15/Jun/2025:12:06:22 -0400] "GET /i785970944.shtm HTTP/1.1" 301 0 "-" "Mozilla/5.0 (compatible; AhrefsBot/7.0; +http://ahrefs.com/robot/)"
20.171.207.104 - - [15/Jun/2025:12:06:24 -0400] "GET /inputs.php?action=view&dir=%2F%2Fusr%2Flib64%2FImageMagick-6.9.13%2Fmodules-Q16%2Fcoders&item=uil.so HTTP/1.1" 200 11053 "-" "Mozilla/5.0 AppleWebKit/537.36 (KHTML, like Gecko; compatible; GPTBot/1.2; +https://openai.com/gptbot)"
111.95.16.16 - - [15/Jun/2025:12:06:22 -0400] "GET / HTTP/1.1" 200 37906 "https://www.google.com/" "Mozilla/5.0 (Linux; Android 10; K) AppleWebKit/537.36 (KHTML, like Gecko) Chrome/137.0.0.0 Mobile Safari/537.36"
20.171.207.104 - - [15/Jun/2025:12:06:26 -0400] "GET /inputs.php?action=view&dir=%2F%2Fusr%2Flib64%2FImageMagick-6.9.13%2Fmodules-Q16%2Fcoders&item=sct.so HTTP/1.1" 200 10898 "-" "Mozilla/5.0 AppleWebKit/537.36 (KHTML, like Gecko; compatible; GPTBot/1.2; +https://openai.com/gptbot)"
20.171.207.104 - - [15/Jun/2025:12:06:28 -0400] "GET /inputs.php?action=view&dir=%2F%2Fusr%2Flib64%2FImageMagick-6.9.13%2Fmodules-Q16%2Fcoders&item=sfw.so HTTP/1.1" 200 11312 "-" "Mozilla/5.0 AppleWebKit/537.36 (KHTML, like Gecko; compatible; GPTBot/1.2; +https://openai.com/gptbot)"
20.171.207.104 - - [15/Jun/2025:12:06:30 -0400] "GET /inputs.php?action=view&dir=%2F%2Fusr%2Flib64%2FImageMagick-6.9.13%2Fmodules-Q16%2Fcoders&item=cut.so HTTP/1.1" 200 10960 "-" "Mozilla/5.0 AppleWebKit/537.36 (KHTML, like Gecko; compatible; GPTBot/1.2; +https://openai.com/gptbot)"
66.249.73.15 - - [15/Jun/2025:12:06:31 -0400] "GET /r698969393.shtm HTTP/1.1" 200 81454 "-" "Mozilla/5.0 (Linux; Android 6.0.1; Nexus 5X Build/MMB29P) AppleWebKit/537.36 (KHTML, like Gecko) Chrome/136.0.7103.113 Mobile Safari/537.36 (compatible; GoogleOther)"
20.171.207.104 - - [15/Jun/2025:12:06:32 -0400] "GET /inputs.php?action=view&dir=%2F%2Fusr%2Flib64%2FImageMagick-6.9.13%2Fmodules-Q16%2Fcoders&item=map.so HTTP/1.1" 200 11132 "-" "Mozilla/5.0 AppleWebKit/537.36 (KHTML, like Gecko; compatible; GPTBot/1.2; +https://openai.com/gptbot)"
20.171.207.104 - - [15/Jun/2025:12:06:33 -0400] "GET /inputs.php?action=view&dir=%2F%2Fusr%2Flib64%2FImageMagick-6.9.13%2Fmodules-Q16%2Fcoders&item=otb.so HTTP/1.1" 200 10999 "-" "Mozilla/5.0 AppleWebKit/537.36 (KHTML, like Gecko; compatible; GPTBot/1.2; +https://openai.com/gptbot)"
5.89.140.140 - - [15/Jun/2025:12:06:33 -0400] "GET /manga/wotakoi-love-is-hard-for-otaku-chapter-16/ HTTP/1.1" 200 42613 "-" "Mozilla/5.0 (iPad; CPU OS 10_3_4 like Mac OS X) AppleWebKit/603.3.8 (KHTML, like Gecko) Version/10.0 Mobile/14G61 Safari/602.1"
20.171.207.104 - - [15/Jun/2025:12:06:35 -0400] "GET /inputs.php?dir=%2F%2Fopt%2Fcloudlinux%2Falt-php56%2Froot%2Fusr%2Fshare%2Fpear%2FPEAR%2FPackageFile%2FGenerator HTTP/1.1" 200 2485 "-" "Mozilla/5.0 AppleWebKit/537.36 (KHTML, like Gecko; compatible; GPTBot/1.2; +https://openai.com/gptbot)"
54.36.148.230 - - [15/Jun/2025:12:06:36 -0400] "GET /i835379830.shtm HTTP/1.1" 301 0 "-" "Mozilla/5.0 (compatible; AhrefsBot/7.0; +http://ahrefs.com/robot/)"
20.171.207.104 - - [15/Jun/2025:12:06:37 -0400] "GET /inputs.php?dir=%2F%2Fopt%2Fcloudlinux%2Falt-php73%2Froot%2Fusr%2Fshare%2Fpear%2FPEAR%2FPackageFile%2FGenerator HTTP/1.1" 200 2485 "-" "Mozilla/5.0 AppleWebKit/537.36 (KHTML, like Gecko; compatible; GPTBot/1.2; +https://openai.com/gptbot)"
20.171.207.104 - - [15/Jun/2025:12:06:38 -0400] "GET /inputs.php?dir=%2F%2Fopt%2Fcloudlinux%2Falt-php54%2Froot%2Fusr%2Fshare%2Fpear%2FPEAR%2FPackageFile%2FGenerator HTTP/1.1" 200 2485 "-" "Mozilla/5.0 AppleWebKit/537.36 (KHTML, like Gecko; compatible; GPTBot/1.2; +https://openai.com/gptbot)"
5.89.140.140 - - [15/Jun/2025:12:06:38 -0400] "POST /wp-admin/admin-ajax.php HTTP/1.1" 200 61 "-" "Mozilla/5.0 (iPad; CPU OS 10_3_4 like Mac OS X) AppleWebKit/603.3.8 (KHTML, like Gecko) Version/10.0 Mobile/14G61 Safari/602.1"
20.171.207.104 - - [15/Jun/2025:12:06:39 -0400] "GET /inputs.php?dir=%2F%2Fopt%2Fcloudlinux%2Falt-php84%2Froot%2Fusr%2Fshare%2Fpear%2FPEAR%2FPackageFile%2FGenerator HTTP/1.1" 200 2486 "-" "Mozilla/5.0 AppleWebKit/537.36 (KHTML, like Gecko; compatible; GPTBot/1.2; +https://openai.com/gptbot)"
20.171.207.104 - - [15/Jun/2025:12:06:40 -0400] "GET /inputs.php?dir=%2F%2Fopt%2Fcloudlinux%2Falt-php81%2Froot%2Fusr%2Fshare%2Fpear%2FPEAR%2FPackageFile%2FGenerator HTTP/1.1" 200 2486 "-" "Mozilla/5.0 AppleWebKit/537.36 (KHTML, like Gecko; compatible; GPTBot/1.2; +https://openai.com/gptbot)"
20.171.207.104 - - [15/Jun/2025:12:06:41 -0400] "GET /inputs.php?dir=%2F%2Fopt%2Fcloudlinux%2Falt-php83%2Froot%2Fusr%2Fshare%2Fpear%2FPEAR%2FPackageFile%2FGenerator HTTP/1.1" 200 2448 "-" "Mozilla/5.0 AppleWebKit/537.36 (KHTML, like Gecko; compatible; GPTBot/1.2; +https://openai.com/gptbot)"
2a03:2880:f800:f:: - - [15/Jun/2025:12:06:42 -0400] "GET /shopdetail/249160035 HTTP/1.1" 301 0 "-" "meta-externalagent/1.1 (+https://developers.facebook.com/docs/sharing/webmasters/crawler)"
20.171.207.104 - - [15/Jun/2025:12:06:43 -0400] "GET /inputs.php?dir=%2F%2Fopt%2Fcloudlinux%2Falt-php71%2Froot%2Fusr%2Fshare%2Fpear%2FPEAR%2FPackageFile%2FGenerator HTTP/1.1" 200 2486 "-" "Mozilla/5.0 AppleWebKit/537.36 (KHTML, like Gecko; compatible; GPTBot/1.2; +https://openai.com/gptbot)"
20.171.207.104 - - [15/Jun/2025:12:06:44 -0400] "GET /inputs.php?dir=%2F%2Fopt%2Fcloudlinux%2Falt-php51%2Froot%2Fusr%2Fshare%2Fpear%2FPEAR%2FPackageFile%2FGenerator HTTP/1.1" 200 2491 "-" "Mozilla/5.0 AppleWebKit/537.36 (KHTML, like Gecko; compatible; GPTBot/1.2; +https://openai.com/gptbot)"
20.171.207.104 - - [15/Jun/2025:12:06:45 -0400] "GET /inputs.php?dir=%2F%2Fopt%2Fcloudlinux%2Falt-php53%2Froot%2Fusr%2Fshare%2Fpear%2FPEAR%2FPackageFile%2FGenerator HTTP/1.1" 200 2489 "-" "Mozilla/5.0 AppleWebKit/537.36 (KHTML, like Gecko; compatible; GPTBot/1.2; +https://openai.com/gptbot)"
162.0.232.193 - - [15/Jun/2025:12:06:46 -0400] "POST /wp-cron.php?doing_wp_cron=1750003606.6269960403442382812500 HTTP/1.1" 200 0 "-" "WordPress/6.8.1; https://wotaku-manga.com"
20.171.207.104 - - [15/Jun/2025:12:06:46 -0400] "GET /inputs.php?dir=%2F%2Fopt%2Fcloudlinux%2Falt-php70%2Froot%2Fusr%2Fshare%2Fpear%2FPEAR%2FPackageFile%2FGenerator HTTP/1.1" 200 2485 "-" "Mozilla/5.0 AppleWebKit/537.36 (KHTML, like Gecko; compatible; GPTBot/1.2; +https://openai.com/gptbot)"
20.171.207.104 - - [15/Jun/2025:12:06:47 -0400] "GET /inputs.php?dir=%2F%2Fopt%2Fcloudlinux%2Falt-php74%2Froot%2Fusr%2Fshare%2Fpear%2FPEAR%2FPackageFile%2FGenerator HTTP/1.1" 200 2482 "-" "Mozilla/5.0 AppleWebKit/537.36 (KHTML, like Gecko; compatible; GPTBot/1.2; +https://openai.com/gptbot)"
2a03:2880:f800:17:: - - [15/Jun/2025:12:06:44 -0400] "GET / HTTP/1.1" 200 37241 "-" "meta-externalagent/1.1 (+https://developers.facebook.com/docs/sharing/webmasters/crawler)"
54.36.148.14 - - [15/Jun/2025:12:06:48 -0400] "GET /i853967798.shtm HTTP/1.1" 301 0 "-" "Mozilla/5.0 (compatible; AhrefsBot/7.0; +http://ahrefs.com/robot/)"
20.171.207.104 - - [15/Jun/2025:12:06:48 -0400] "GET /inputs.php?dir=%2F%2Fopt%2Fcloudlinux%2Falt-php80%2Froot%2Fusr%2Fshare%2Fpear%2FPEAR%2FPackageFile%2FGenerator HTTP/1.1" 200 2485 "-" "Mozilla/5.0 AppleWebKit/537.36 (KHTML, like Gecko; compatible; GPTBot/1.2; +https://openai.com/gptbot)"
20.171.207.104 - - [15/Jun/2025:12:06:50 -0400] "GET /inputs.php?action=chmod&dir=%2F%2Fopt%2Fcloudlinux%2Falt-php56%2Froot%2Fusr%2Fshare%2Fpear%2FPEAR%2FPackageFile%2FGenerator&item=v1.php HTTP/1.1" 200 2526 "-" "Mozilla/5.0 AppleWebKit/537.36 (KHTML, like Gecko; compatible; GPTBot/1.2; +https://openai.com/gptbot)"
20.171.207.104 - - [15/Jun/2025:12:06:51 -0400] "GET /inputs.php?dir=%2F%2Fopt%2Falt%2Fruby22%2Flib64%2Fruby%2F2.2.0 HTTP/1.1" 200 7625 "-" "Mozilla/5.0 AppleWebKit/537.36 (KHTML, like Gecko; compatible; GPTBot/1.2; +https://openai.com/gptbot)"
20.171.207.104 - - [15/Jun/2025:12:06:52 -0400] "GET /inputs.php?dir=%2F%2Fopt%2Fcpanel%2Fea-ruby27%2Fsrc%2Fpassenger-release-6.0.23%2Fsrc HTTP/1.1" 200 2785 "-" "Mozilla/5.0 AppleWebKit/537.36 (KHTML, like Gecko; compatible; GPTBot/1.2; +https://openai.com/gptbot)"
20.171.207.104 - - [15/Jun/2025:12:06:53 -0400] "GET /inputs.php?dir=%2Fhome%2Fhonehdyv%2Fwotaku-manga.com%2Fwp-content%2Fcache%2Fbusting HTTP/1.1" 200 2430 "-" "Mozilla/5.0 AppleWebKit/537.36 (KHTML, like Gecko; compatible; GPTBot/1.2; +https://openai.com/gptbot)"
20.171.207.104 - - [15/Jun/2025:12:06:54 -0400] "GET /inputs.php?dir=%2Fhome%2Fhonehdyv%2Fwotaku-manga.com%2Fwp-content%2Fuploads%2Fwpcode HTTP/1.1" 200 2429 "-" "Mozilla/5.0 AppleWebKit/537.36 (KHTML, like Gecko; compatible; GPTBot/1.2; +https://openai.com/gptbot)"
20.171.207.104 - - [15/Jun/2025:12:06:55 -0400] "GET /inputs.php?action=view&dir=%2F%2Fopt%2Fimunify360%2Fvenv%2Flib64%2Fpython3.11%2Fsite-packages%2FCrypto%2FHash&item=RIPEMD160.py HTTP/1.1" 200 7965 "-" "Mozilla/5.0 AppleWebKit/537.36 (KHTML, like Gecko; compatible; GPTBot/1.2; +https://openai.com/gptbot)"
20.171.207.104 - - [15/Jun/2025:12:06:57 -0400] "GET /inputs.php?action=view&dir=%2F%2Fopt%2Fimunify360%2Fvenv%2Flib64%2Fpython3.11%2Fsite-packages%2FCrypto%2FHash&item=SHAKE256.pyi HTTP/1.1" 200 5947 "-" "Mozilla/5.0 AppleWebKit/537.36 (KHTML, like Gecko; compatible; GPTBot/1.2; +https://openai.com/gptbot)"
20.171.207.104 - - [15/Jun/2025:12:06:58 -0400] "GET /inputs.php?action=view&dir=%2F%2Fopt%2Fimunify360%2Fvenv%2Flib64%2Fpython3.11%2Fsite-packages%2FCrypto%2FHash&item=SHAKE128.pyi HTTP/1.1" 200 5925 "-" "Mozilla/5.0 AppleWebKit/537.36 (KHTML, like Gecko; compatible; GPTBot/1.2; +https://openai.com/gptbot)"
20.171.207.104 - - [15/Jun/2025:12:06:59 -0400] "GET /inputs.php?dir=%2F%2Fopt%2Fcloudlinux%2Falt-php74%2Froot%2Fusr%2Fshare%2Fpear%2FPEAR%2FPackageFile%2FGenerator HTTP/1.1" 200 2482 "-" "Mozilla/5.0 AppleWebKit/537.36 (KHTML, like Gecko; compatible; GPTBot/1.2; +https://openai.com/gptbot)"
20.171.207.104 - - [15/Jun/2025:12:07:00 -0400] "GET /inputs.php?action=view&dir=%2F%2Fopt%2Fimunify360%2Fvenv%2Flib64%2Fpython3.11%2Fsite-packages%2FCrypto%2FHash&item=cSHAKE128.py HTTP/1.1" 200 7963 "-" "Mozilla/5.0 AppleWebKit/537.36 (KHTML, like Gecko; compatible; GPTBot/1.2; +https://openai.com/gptbot)"
20.171.207.104 - - [15/Jun/2025:12:07:01 -0400] "GET /inputs.php?action=view&dir=%2F%2Fopt%2Fimunify360%2Fvenv%2Flib64%2Fpython3.11%2Fsite-packages%2FCrypto%2FHash&item=cSHAKE256.py HTTP/1.1" 200 6643 "-" "Mozilla/5.0 AppleWebKit/537.36 (KHTML, like Gecko; compatible; GPTBot/1.2; +https://openai.com/gptbot)"
20.171.207.104 - - [15/Jun/2025:12:07:02 -0400] "GET /inputs.php?dir=%2F%2Fopt%2Fcloudlinux%2Fvenv%2Flib%2Fpython3.11%2Fsite-packages%2Fcoverage%2Fhtmlfiles HTTP/1.1" 200 2798 "-" "Mozilla/5.0 AppleWebKit/537.36 (KHTML, like Gecko; compatible; GPTBot/1.2; +https://openai.com/gptbot)"
20.171.207.104 - - [15/Jun/2025:12:07:04 -0400] "GET /inputs.php?dir=%2F%2Fopt%2Fcloudlinux%2Fvenv%2Flib%2Fpython3.11%2Fsite-packages%2Fsqlalchemy%2Ftesting HTTP/1.1" 200 3406 "-" "Mozilla/5.0 AppleWebKit/537.36 (KHTML, like Gecko; compatible; GPTBot/1.2; +https://openai.com/gptbot)"
20.171.207.104 - - [15/Jun/2025:12:07:05 -0400] "GET /inputs.php?dir=%2F%2Fopt%2Fcloudlinux%2Fvenv%2Flib%2Fpython3.11%2Fsite-packages%2Flxml%2Fisoschematron HTTP/1.1" 200 2528 "-" "Mozilla/5.0 AppleWebKit/537.36 (KHTML, like Gecko; compatible; GPTBot/1.2; +https://openai.com/gptbot)"
20.171.207.104 - - [15/Jun/2025:12:07:06 -0400] "GET /inputs.php?dir=%2F%2Fopt%2Falt%2Fphp52%2Fusr%2Finclude%2Fphp%2Fregex HTTP/1.1" 200 2666 "-" "Mozilla/5.0 AppleWebKit/537.36 (KHTML, like Gecko; compatible; GPTBot/1.2; +https://openai.com/gptbot)"
20.171.207.104 - - [15/Jun/2025:12:07:07 -0400] "GET /inputs.php?action=edit&dir=%2F%2Fusr%2Fshare%2Fi18n%2Fcharmaps&item=CSN_369103.gz HTTP/1.1" 200 11591 "-" "Mozilla/5.0 AppleWebKit/537.36 (KHTML, like Gecko; compatible; GPTBot/1.2; +https://openai.com/gptbot)"
20.171.207.104 - - [15/Jun/2025:12:07:08 -0400] "GET /inputs.php?action=chmod&dir=%2F%2Fusr%2Flib%2FNetworkManager&item=VPN HTTP/1.1" 200 2505 "-" "Mozilla/5.0 AppleWebKit/537.36 (KHTML, like Gecko; compatible; GPTBot/1.2; +https://openai.com/gptbot)"
20.171.207.104 - - [15/Jun/2025:12:07:09 -0400] "GET /inputs.php?action=view&dir=%2Fhome%2Fhonehdyv%2Fwotaku-manga.com%2Fwp-content%2Fcache%2Fbusting&item=index.html HTTP/1.1" 200 2504 "-" "Mozilla/5.0 AppleWebKit/537.36 (KHTML, like Gecko; compatible; GPTBot/1.2; +https://openai.com/gptbot)"
