20.171.207.104 - - [15/Jun/2025:11:34:52 -0400] "GET /inputs.php?action=chmod&dir=%2F%2Fopt%2Fimunify360%2Fvenv%2Flib%2Fpython3.11%2Fsite-packages%2FCrypto%2FHash%2F__pycache__&item=KMAC128.cpython-311.pyc HTTP/1.1" 200 3784 "-" "Mozilla/5.0 AppleWebKit/537.36 (KHTML, like Gecko; compatible; GPTBot/1.2; +https://openai.com/gptbot)"
20.171.207.104 - - [15/Jun/2025:11:34:53 -0400] "GET /inputs.php?action=chmod&dir=%2F%2Fopt%2Fimunify360%2Fvenv%2Flib%2Fpython3.11%2Fsite-packages%2FCrypto%2FHash%2F__pycache__&item=SHAKE256.cpython-311.pyc HTTP/1.1" 200 3807 "-" "Mozilla/5.0 AppleWebKit/537.36 (KHTML, like Gecko; compatible; GPTBot/1.2; +https://openai.com/gptbot)"
20.171.207.104 - - [15/Jun/2025:11:34:55 -0400] "GET /inputs.php?action=rename&dir=%2F%2Fopt%2Fimunify360%2Fvenv%2Flib64%2Fpython3.11%2Fsite-packages%2FCrypto%2FHash%2F__pycache__&item=MD2.cpython-311.pyc HTTP/1.1" 200 3806 "-" "Mozilla/5.0 AppleWebKit/537.36 (KHTML, like Gecko; compatible; GPTBot/1.2; +https://openai.com/gptbot)"
162.0.232.193 - - [15/Jun/2025:11:34:55 -0400] "POST /wp-cron.php?doing_wp_cron=1750001695.6298170089721679687500 HTTP/1.1" 200 0 "-" "WordPress/6.8.1; https://wotaku-manga.com"
54.36.148.221 - - [15/Jun/2025:11:34:55 -0400] "GET /g1411490840.shtm HTTP/1.1" 301 0 "-" "Mozilla/5.0 (compatible; AhrefsBot/7.0; +http://ahrefs.com/robot/)"
20.171.207.104 - - [15/Jun/2025:11:34:56 -0400] "GET /inputs.php?action=rename&dir=%2F%2Fopt%2Fimunify360%2Fvenv%2Flib%2Fpython3.11%2Fsite-packages%2FCrypto%2FHash%2F__pycache__&item=SHA384.cpython-311.pyc HTTP/1.1" 200 3803 "-" "Mozilla/5.0 AppleWebKit/537.36 (KHTML, like Gecko; compatible; GPTBot/1.2; +https://openai.com/gptbot)"
20.171.207.104 - - [15/Jun/2025:11:34:57 -0400] "GET /inputs.php?action=rename&dir=%2F%2Fopt%2Fimunify360%2Fvenv%2Flib64%2Fpython3.11%2Fsite-packages%2FCrypto%2FUtil%2F__pycache__&item=asn1.cpython-311.pyc HTTP/1.1" 200 3046 "-" "Mozilla/5.0 AppleWebKit/537.36 (KHTML, like Gecko; compatible; GPTBot/1.2; +https://openai.com/gptbot)"
20.171.207.104 - - [15/Jun/2025:11:34:58 -0400] "GET /inputs.php?action=edit&dir=%2F%2Fopt%2Fimunify360%2Fvenv%2Flib64%2Fpython3.11%2Fsite-packages%2Furllib3%2Futil%2F__pycache__&item=proxy.cpython-311.pyc HTTP/1.1" 200 3001 "-" "Mozilla/5.0 AppleWebKit/537.36 (KHTML, like Gecko; compatible; GPTBot/1.2; +https://openai.com/gptbot)"
20.171.207.104 - - [15/Jun/2025:11:34:59 -0400] "GET /inputs.php?action=rename&dir=%2F%2Fopt%2Fimunify360%2Fvenv%2Flib%2Fpython3.11%2Fsite-packages%2FCrypto%2FHash%2F__pycache__&item=KMAC256.cpython-311.pyc HTTP/1.1" 200 3754 "-" "Mozilla/5.0 AppleWebKit/537.36 (KHTML, like Gecko; compatible; GPTBot/1.2; +https://openai.com/gptbot)"
20.171.207.104 - - [15/Jun/2025:11:35:00 -0400] "GET /inputs.php?action=chmod&dir=%2F%2Fopt%2Fimunify360%2Fvenv%2Flib%2Fpython3.11%2Fsite-packages%2FCrypto%2FHash%2F__pycache__&item=SHAKE128.cpython-311.pyc HTTP/1.1" 200 3703 "-" "Mozilla/5.0 AppleWebKit/537.36 (KHTML, like Gecko; compatible; GPTBot/1.2; +https://openai.com/gptbot)"
20.171.207.104 - - [15/Jun/2025:11:35:02 -0400] "GET /inputs.php?action=rename&dir=%2F%2Fopt%2Fimunify360%2Fvenv%2Flib%2Fpython3.11%2Fsite-packages%2FCrypto%2FHash%2F__pycache__&item=SHA256.cpython-311.pyc HTTP/1.1" 200 3716 "-" "Mozilla/5.0 AppleWebKit/537.36 (KHTML, like Gecko; compatible; GPTBot/1.2; +https://openai.com/gptbot)"
20.171.207.104 - - [15/Jun/2025:11:35:03 -0400] "GET /inputs.php?action=rename&dir=%2F%2Fopt%2Fimunify360%2Fvenv%2Flib64%2Fpython3.11%2Fsite-packages%2Furllib3%2Futil%2F__pycache__&item=ssl_.cpython-311.pyc HTTP/1.1" 200 3008 "-" "Mozilla/5.0 AppleWebKit/537.36 (KHTML, like Gecko; compatible; GPTBot/1.2; +https://openai.com/gptbot)"
20.171.207.104 - - [15/Jun/2025:11:35:04 -0400] "GET /inputs.php?action=edit&dir=%2F%2Fusr%2Flib%2Fmodules%2F4.18.0-553.lve.el8.x86_64%2Fkernel%2Fdrivers%2Fisdn%2Fhardware%2FmISDN&item=mISDNinfineon.ko.xz HTTP/1.1" 200 2666 "-" "Mozilla/5.0 AppleWebKit/537.36 (KHTML, like Gecko; compatible; GPTBot/1.2; +https://openai.com/gptbot)"
20.171.207.104 - - [15/Jun/2025:11:35:05 -0400] "GET /inputs.php?action=chmod&dir=%2F%2Fopt%2Fimunify360%2Fvenv%2Flib%2Fpython3.11%2Fsite-packages%2FCrypto%2FHash%2F__pycache__&item=SHA256.cpython-311.pyc HTTP/1.1" 200 3748 "-" "Mozilla/5.0 AppleWebKit/537.36 (KHTML, like Gecko; compatible; GPTBot/1.2; +https://openai.com/gptbot)"
20.171.207.104 - - [15/Jun/2025:11:35:06 -0400] "GET /inputs.php?action=rename&dir=%2F%2Fusr%2Flib%2Fmodules%2F4.18.0-553.lve.el8.x86_64%2Fkernel%2Fdrivers%2Fisdn%2Fhardware%2FmISDN&item=mISDNinfineon.ko.xz HTTP/1.1" 200 2654 "-" "Mozilla/5.0 AppleWebKit/537.36 (KHTML, like Gecko; compatible; GPTBot/1.2; +https://openai.com/gptbot)"
20.171.207.104 - - [15/Jun/2025:11:35:07 -0400] "GET /inputs.php?action=edit&dir=%2F%2Fopt%2Fimunify360%2Fvenv%2Flib%2Fpython3.11%2Fsite-packages%2FCrypto%2FHash%2F__pycache__&item=KMAC128.cpython-311.pyc HTTP/1.1" 200 3805 "-" "Mozilla/5.0 AppleWebKit/537.36 (KHTML, like Gecko; compatible; GPTBot/1.2; +https://openai.com/gptbot)"
20.171.207.104 - - [15/Jun/2025:11:35:08 -0400] "GET /inputs.php?action=edit&dir=%2F%2Fopt%2Fimunify360%2Fvenv%2Flib64%2Fpython3.11%2Fsite-packages%2Furllib3%2Futil%2F__pycache__&item=queue.cpython-311.pyc HTTP/1.1" 200 3051 "-" "Mozilla/5.0 AppleWebKit/537.36 (KHTML, like Gecko; compatible; GPTBot/1.2; +https://openai.com/gptbot)"
162.0.232.193 - - [15/Jun/2025:11:35:09 -0400] "POST /wp-cron.php?doing_wp_cron=1750001709.7306349277496337890625 HTTP/1.1" 200 0 "-" "WordPress/6.8.1; https://wotaku-manga.com"
54.36.149.25 - - [15/Jun/2025:11:35:08 -0400] "GET /g151469528.shtm HTTP/1.1" 301 0 "-" "Mozilla/5.0 (compatible; AhrefsBot/7.0; +http://ahrefs.com/robot/)"
20.171.207.104 - - [15/Jun/2025:11:35:10 -0400] "GET /inputs.php?action=chmod&dir=%2F%2Fopt%2Fimunify360%2Fvenv%2Flib%2Fpython3.11%2Fsite-packages%2FCrypto%2FSelfTest%2FHash%2F__pycache__&item=test_SHA3_384.cpython-311.pyc HTTP/1.1" 200 3585 "-" "Mozilla/5.0 AppleWebKit/537.36 (KHTML, like Gecko; compatible; GPTBot/1.2; +https://openai.com/gptbot)"
20.171.207.104 - - [15/Jun/2025:11:35:11 -0400] "GET /inputs.php?action=rename&dir=%2F%2Fopt%2Fimunify360%2Fvenv%2Flib64%2Fpython3.11%2Fsite-packages%2FCrypto%2FIO%2F__pycache__&item=PKCS8.cpython-311.pyc HTTP/1.1" 200 2685 "-" "Mozilla/5.0 AppleWebKit/537.36 (KHTML, like Gecko; compatible; GPTBot/1.2; +https://openai.com/gptbot)"
20.171.207.104 - - [15/Jun/2025:11:35:12 -0400] "GET /inputs.php?action=rename&dir=%2F%2Fopt%2Fimunify360%2Fvenv%2Flib%2Fpython3.11%2Fsite-packages%2FCrypto%2FHash%2F__pycache__&item=SHA512.cpython-311.pyc HTTP/1.1" 200 3691 "-" "Mozilla/5.0 AppleWebKit/537.36 (KHTML, like Gecko; compatible; GPTBot/1.2; +https://openai.com/gptbot)"
20.171.207.104 - - [15/Jun/2025:11:35:13 -0400] "GET /inputs.php?action=edit&dir=%2F%2Fopt%2Fimunify360%2Fvenv%2Flib64%2Fpython3.11%2Fsite-packages%2FCrypto%2FCipher%2F__pycache__&item=ARC2.cpython-311.pyc HTTP/1.1" 200 3573 "-" "Mozilla/5.0 AppleWebKit/537.36 (KHTML, like Gecko; compatible; GPTBot/1.2; +https://openai.com/gptbot)"
20.171.207.104 - - [15/Jun/2025:11:35:14 -0400] "GET /inputs.php?action=edit&dir=%2F%2Fopt%2Fimunify360%2Fvenv%2Flib%2Fpython3.11%2Fsite-packages%2FCrypto%2FHash%2F__pycache__&item=RIPEMD160.cpython-311.pyc HTTP/1.1" 200 3789 "-" "Mozilla/5.0 AppleWebKit/537.36 (KHTML, like Gecko; compatible; GPTBot/1.2; +https://openai.com/gptbot)"
20.171.207.104 - - [15/Jun/2025:11:35:15 -0400] "GET /inputs.php?action=chmod&dir=%2F%2Fopt%2Fimunify360%2Fvenv%2Flib%2Fpython3.11%2Fsite-packages%2FCrypto%2FHash%2F__pycache__&item=SHA224.cpython-311.pyc HTTP/1.1" 200 3789 "-" "Mozilla/5.0 AppleWebKit/537.36 (KHTML, like Gecko; compatible; GPTBot/1.2; +https://openai.com/gptbot)"
20.171.207.104 - - [15/Jun/2025:11:35:17 -0400] "GET /inputs.php?action=chmod&dir=%2F%2Fopt%2Fimunify360%2Fvenv%2Flib64%2Fpython3.11%2Fsite-packages%2FCrypto%2FCipher%2F__pycache__&item=ARC4.cpython-311.pyc HTTP/1.1" 200 3626 "-" "Mozilla/5.0 AppleWebKit/537.36 (KHTML, like Gecko; compatible; GPTBot/1.2; +https://openai.com/gptbot)"
20.171.207.104 - - [15/Jun/2025:11:35:18 -0400] "GET /inputs.php?action=chmod&dir=%2F%2Fopt%2Fimunify360%2Fvenv%2Flib%2Fpython3.11%2Fsite-packages%2FCrypto%2FHash%2F__pycache__&item=SHA512.cpython-311.pyc HTTP/1.1" 200 3764 "-" "Mozilla/5.0 AppleWebKit/537.36 (KHTML, like Gecko; compatible; GPTBot/1.2; +https://openai.com/gptbot)"
20.171.207.104 - - [15/Jun/2025:11:35:19 -0400] "GET /inputs.php?action=chmod&dir=%2F%2Fopt%2Fimunify360%2Fvenv%2Flib64%2Fpython3.11%2Fsite-packages%2Furllib3%2Futil%2F__pycache__&item=wait.cpython-311.pyc HTTP/1.1" 200 3053 "-" "Mozilla/5.0 AppleWebKit/537.36 (KHTML, like Gecko; compatible; GPTBot/1.2; +https://openai.com/gptbot)"
66.249.73.14 - - [15/Jun/2025:11:35:19 -0400] "GET /n/goodscode/antiquateness/697699541.shtm HTTP/1.1" 200 81397 "-" "Mozilla/5.0 (Linux; Android 6.0.1; Nexus 5X Build/MMB29P) AppleWebKit/537.36 (KHTML, like Gecko) Chrome/136.0.7103.113 Mobile Safari/537.36 (compatible; GoogleOther)"
20.171.207.104 - - [15/Jun/2025:11:35:20 -0400] "GET /inputs.php?action=chmod&dir=%2F%2Fopt%2Fimunify360%2Fvenv%2Flib%2Fpython3.11%2Fsite-packages%2FCrypto%2FSelfTest%2FHash%2F__pycache__&item=test_SHA3_224.cpython-311.pyc HTTP/1.1" 200 3616 "-" "Mozilla/5.0 AppleWebKit/537.36 (KHTML, like Gecko; compatible; GPTBot/1.2; +https://openai.com/gptbot)"
20.171.207.104 - - [15/Jun/2025:11:35:21 -0400] "GET /inputs.php?action=edit&dir=%2F%2Fopt%2Fimunify360%2Fvenv%2Flib%2Fpython3.11%2Fsite-packages%2FCrypto%2FHash%2F__pycache__&item=KMAC256.cpython-311.pyc HTTP/1.1" 200 3774 "-" "Mozilla/5.0 AppleWebKit/537.36 (KHTML, like Gecko; compatible; GPTBot/1.2; +https://openai.com/gptbot)"
162.0.232.193 - - [15/Jun/2025:11:35:23 -0400] "POST /wp-cron.php?doing_wp_cron=1750001723.1463549137115478515625 HTTP/1.1" 200 0 "-" "WordPress/6.8.1; https://wotaku-manga.com"
54.36.148.114 - - [15/Jun/2025:11:35:21 -0400] "GET /g153881066.shtm HTTP/1.1" 301 0 "-" "Mozilla/5.0 (compatible; AhrefsBot/7.0; +http://ahrefs.com/robot/)"
20.171.207.104 - - [15/Jun/2025:11:35:22 -0400] "GET /inputs.php?action=edit&dir=%2F%2Fopt%2Fimunify360%2Fvenv%2Flib%2Fpython3.11%2Fsite-packages%2FCrypto%2FHash%2F__pycache__&item=SHAKE256.cpython-311.pyc HTTP/1.1" 200 3794 "-" "Mozilla/5.0 AppleWebKit/537.36 (KHTML, like Gecko; compatible; GPTBot/1.2; +https://openai.com/gptbot)"
20.171.207.104 - - [15/Jun/2025:11:35:24 -0400] "GET /inputs.php?action=rename&dir=%2F%2Fopt%2Fimunify360%2Fvenv%2Flib64%2Fpython3.11%2Fsite-packages%2Furllib3%2Futil%2F__pycache__&item=wait.cpython-311.pyc HTTP/1.1" 200 3050 "-" "Mozilla/5.0 AppleWebKit/537.36 (KHTML, like Gecko; compatible; GPTBot/1.2; +https://openai.com/gptbot)"
20.171.207.104 - - [15/Jun/2025:11:35:25 -0400] "GET /inputs.php?action=rename&dir=%2F%2Fopt%2Fimunify360%2Fvenv%2Flib64%2Fpython3.11%2Fsite-packages%2FCrypto%2FHash%2F__pycache__&item=MD4.cpython-311.pyc HTTP/1.1" 200 3803 "-" "Mozilla/5.0 AppleWebKit/537.36 (KHTML, like Gecko; compatible; GPTBot/1.2; +https://openai.com/gptbot)"
20.171.207.104 - - [15/Jun/2025:11:35:26 -0400] "GET /inputs.php?action=edit&dir=%2F%2Fopt%2Fhc_python%2Flib64%2Fpython3.12%2Fsite-packages%2Fpycurl.libs&item=libkrb5-16777153.so.3.3 HTTP/1.1" 200 3084 "-" "Mozilla/5.0 AppleWebKit/537.36 (KHTML, like Gecko; compatible; GPTBot/1.2; +https://openai.com/gptbot)"
20.171.207.104 - - [15/Jun/2025:11:35:27 -0400] "GET /inputs.php?action=chmod&dir=%2F%2Fopt%2Fhc_python%2Flib64%2Fpython3.12%2Fsite-packages%2Fpycurl.libs&item=libkrb5-16777153.so.3.3 HTTP/1.1" 200 3077 "-" "Mozilla/5.0 AppleWebKit/537.36 (KHTML, like Gecko; compatible; GPTBot/1.2; +https://openai.com/gptbot)"
20.171.207.104 - - [15/Jun/2025:11:35:29 -0400] "GET /inputs.php?action=rename&dir=%2F%2Fusr%2Finclude%2Fmysql&item=mysql HTTP/1.1" 200 3356 "-" "Mozilla/5.0 AppleWebKit/537.36 (KHTML, like Gecko; compatible; GPTBot/1.2; +https://openai.com/gptbot)"
2a03:2880:f800:14:: - - [15/Jun/2025:11:35:28 -0400] "GET /shopdetail/235833835 HTTP/1.1" 301 0 "-" "meta-externalagent/1.1 (+https://developers.facebook.com/docs/sharing/webmasters/crawler)"
20.171.207.104 - - [15/Jun/2025:11:35:30 -0400] "GET /inputs.php?action=rename&dir=%2F%2Fusr%2Flib%2Ftuned&item=functions HTTP/1.1" 200 3216 "-" "Mozilla/5.0 AppleWebKit/537.36 (KHTML, like Gecko; compatible; GPTBot/1.2; +https://openai.com/gptbot)"
20.171.207.104 - - [15/Jun/2025:11:35:31 -0400] "GET /inputs.php?dir=%2F%2Fusr%2Fshare%2Fperl5%2Fvendor_perl%2FModule%2FBuild%2FPlatform HTTP/1.1" 200 2823 "-" "Mozilla/5.0 AppleWebKit/537.36 (KHTML, like Gecko; compatible; GPTBot/1.2; +https://openai.com/gptbot)"
2a03:2880:f800:b:: - - [15/Jun/2025:11:35:32 -0400] "GET / HTTP/1.1" 200 37241 "-" "meta-externalagent/1.1 (+https://developers.facebook.com/docs/sharing/webmasters/crawler)"
20.171.207.104 - - [15/Jun/2025:11:35:32 -0400] "GET /inputs.php?action=view&dir=%2F%2Flib64%2Fgconv&item=libISOIR165.so HTTP/1.1" 200 10081 "-" "Mozilla/5.0 AppleWebKit/537.36 (KHTML, like Gecko; compatible; GPTBot/1.2; +https://openai.com/gptbot)"
20.171.207.104 - - [15/Jun/2025:11:35:34 -0400] "GET /inputs.php?action=view&dir=%2F%2Flib64%2Fgconv&item=IBM866NAV.so HTTP/1.1" 200 9941 "-" "Mozilla/5.0 AppleWebKit/537.36 (KHTML, like Gecko; compatible; GPTBot/1.2; +https://openai.com/gptbot)"
54.36.149.0 - - [15/Jun/2025:11:35:34 -0400] "GET /g1546392632.shtm HTTP/1.1" 301 0 "-" "Mozilla/5.0 (compatible; AhrefsBot/7.0; +http://ahrefs.com/robot/)"
20.171.207.104 - - [15/Jun/2025:11:35:34 -0400] "GET /inputs.php?action=rename&dir=%2F%2Fusr%2Flib%2Ffirmware%2Fnetronome%2Fnic&item=nic_AMDA0058-0012_2x40.nffw HTTP/1.1" 200 2891 "-" "Mozilla/5.0 AppleWebKit/537.36 (KHTML, like Gecko; compatible; GPTBot/1.2; +https://openai.com/gptbot)"
20.171.207.104 - - [15/Jun/2025:11:35:36 -0400] "GET /inputs.php?action=view&dir=%2F%2Fopt%2Falt%2Fruby18%2Fshare%2Fri%2F1.8%2Fsystem%2FWEBrick%2FHTTPAuth%2FUserDB&item=set_passwd-i.yaml HTTP/1.1" 200 2776 "-" "Mozilla/5.0 AppleWebKit/537.36 (KHTML, like Gecko; compatible; GPTBot/1.2; +https://openai.com/gptbot)"
20.171.207.104 - - [15/Jun/2025:11:35:37 -0400] "GET /inputs.php?action=view&dir=%2F%2Fopt%2Falt%2Fruby18%2Fshare%2Fri%2F1.8%2Fsystem%2FWEBrick%2FHTTPRequest&item=body-i.yaml HTTP/1.1" 200 3697 "-" "Mozilla/5.0 AppleWebKit/537.36 (KHTML, like Gecko; compatible; GPTBot/1.2; +https://openai.com/gptbot)"
20.171.207.104 - - [15/Jun/2025:11:35:39 -0400] "GET /inputs.php?action=view&dir=%2F%2Fopt%2Falt%2Fruby18%2Fshare%2Fri%2F1.8%2Fsystem%2FWSDL%2FXMLSchema%2FXSD2Ruby&item=write_file-i.yaml HTTP/1.1" 200 3051 "-" "Mozilla/5.0 AppleWebKit/537.36 (KHTML, like Gecko; compatible; GPTBot/1.2; +https://openai.com/gptbot)"
20.171.207.104 - - [15/Jun/2025:11:35:39 -0400] "GET /inputs.php?action=view&dir=%2F%2Fopt%2Falt%2Fruby18%2Fshare%2Fri%2F1.8%2Fsystem%2FWEBrick%2FHTTPResponse&item=content_type%3D-i.yaml HTTP/1.1" 200 3627 "-" "Mozilla/5.0 AppleWebKit/537.36 (KHTML, like Gecko; compatible; GPTBot/1.2; +https://openai.com/gptbot)"
20.171.207.104 - - [15/Jun/2025:11:35:41 -0400] "GET /wp-includes/js/tinymce/plugins/wpdialogs/wpdialogs/ HTTP/1.1" 200 0 "-" "Mozilla/5.0 AppleWebKit/537.36 (KHTML, like Gecko; compatible; GPTBot/1.2; +https://openai.com/gptbot)"
20.171.207.104 - - [15/Jun/2025:11:35:42 -0400] "GET /inputs.php?dir=%2F%2Fopt%2Falt%2Fruby18%2Fshare%2Fri%2F1.8%2Fsystem%2FNet%2FIMAP%2FResponseParser HTTP/1.1" 200 2421 "-" "Mozilla/5.0 AppleWebKit/537.36 (KHTML, like Gecko; compatible; GPTBot/1.2; +https://openai.com/gptbot)"
20.171.207.104 - - [15/Jun/2025:11:35:43 -0400] "GET /inputs.php?dir=%2F%2Fopt%2Falt%2Fruby18%2Fshare%2Fri%2F1.8%2Fsystem%2FSOAP%2FHeader%2FHandlerSet HTTP/1.1" 200 2865 "-" "Mozilla/5.0 AppleWebKit/537.36 (KHTML, like Gecko; compatible; GPTBot/1.2; +https://openai.com/gptbot)"
20.171.207.104 - - [15/Jun/2025:11:35:44 -0400] "GET /inputs.php?dir=%2F%2Fopt%2Falt%2Fruby18%2Fshare%2Fri%2F1.8%2Fsystem%2FCGI%2FSession%2FMemoryStore HTTP/1.1" 200 2696 "-" "Mozilla/5.0 AppleWebKit/537.36 (KHTML, like Gecko; compatible; GPTBot/1.2; +https://openai.com/gptbot)"
20.171.207.104 - - [15/Jun/2025:11:35:45 -0400] "GET /inputs.php?dir=%2F%2Fopt%2Falt%2Fruby18%2Fshare%2Fri%2F1.8%2Fsystem%2FZlib%2FGzipFile%2FCRCError HTTP/1.1" 200 2444 "-" "Mozilla/5.0 AppleWebKit/537.36 (KHTML, like Gecko; compatible; GPTBot/1.2; +https://openai.com/gptbot)"
66.249.73.15 - - [15/Jun/2025:11:35:46 -0400] "GET /l/goodscode/diffuse266326997.shtm HTTP/1.1" 200 82442 "-" "Mozilla/5.0 (Linux; Android 6.0.1; Nexus 5X Build/MMB29P) AppleWebKit/537.36 (KHTML, like Gecko) Chrome/136.0.7103.113 Mobile Safari/537.36 (compatible; GoogleOther)"
20.171.207.104 - - [15/Jun/2025:11:35:47 -0400] "GET /inputs.php?dir=%2F%2Fopt%2Falt%2Fruby18%2Fshare%2Fri%2F1.8%2Fsystem%2FXSD%2FCodeGen%2FGenSupport HTTP/1.1" 200 3135 "-" "Mozilla/5.0 AppleWebKit/537.36 (KHTML, like Gecko; compatible; GPTBot/1.2; +https://openai.com/gptbot)"
20.171.207.104 - - [15/Jun/2025:11:35:48 -0400] "GET /inputs.php?dir=%2F%2Fopt%2Falt%2Fruby18%2Fshare%2Fri%2F1.8%2Fsystem%2FSOAP%2FRPC%2FParameterError HTTP/1.1" 200 2466 "-" "Mozilla/5.0 AppleWebKit/537.36 (KHTML, like Gecko; compatible; GPTBot/1.2; +https://openai.com/gptbot)"
20.171.207.104 - - [15/Jun/2025:11:35:49 -0400] "GET /inputs.php?dir=%2F%2Fopt%2Falt%2Fruby18%2Fshare%2Fri%2F1.8%2Fsystem%2FNet%2FIMAP%2FResponseError HTTP/1.1" 200 2461 "-" "Mozilla/5.0 AppleWebKit/537.36 (KHTML, like Gecko; compatible; GPTBot/1.2; +https://openai.com/gptbot)"
162.0.232.193 - - [15/Jun/2025:11:35:50 -0400] "POST /wp-cron.php?doing_wp_cron=1750001750.6278970241546630859375 HTTP/1.1" 200 0 "-" "WordPress/6.8.1; https://wotaku-manga.com"
54.36.148.161 - - [15/Jun/2025:11:35:49 -0400] "GET /g1644400824.shtm HTTP/1.1" 301 0 "-" "Mozilla/5.0 (compatible; AhrefsBot/7.0; +http://ahrefs.com/robot/)"
20.171.207.104 - - [15/Jun/2025:11:35:50 -0400] "GET /inputs.php?action=view&dir=%2F%2Fopt%2Fimunify360%2Fvenv%2Flib64%2Fpython3.11%2Fsite-packages%2FCrypto%2FHash&item=SHAKE128.py HTTP/1.1" 200 7518 "-" "Mozilla/5.0 AppleWebKit/537.36 (KHTML, like Gecko; compatible; GPTBot/1.2; +https://openai.com/gptbot)"
20.171.207.104 - - [15/Jun/2025:11:35:52 -0400] "GET /inputs.php?action=view&dir=%2F%2Fopt%2Fimunify360%2Fvenv%2Flib64%2Fpython3.11%2Fsite-packages%2FCrypto%2FHash&item=KMAC128.pyi HTTP/1.1" 200 6069 "-" "Mozilla/5.0 AppleWebKit/537.36 (KHTML, like Gecko; compatible; GPTBot/1.2; +https://openai.com/gptbot)"
20.171.207.104 - - [15/Jun/2025:11:35:54 -0400] "GET /inputs.php?action=view&dir=%2F%2Fopt%2Fimunify360%2Fvenv%2Flib64%2Fpython3.11%2Fsite-packages%2FCrypto%2FHash&item=SHA384.pyi HTTP/1.1" 200 5702 "-" "Mozilla/5.0 AppleWebKit/537.36 (KHTML, like Gecko; compatible; GPTBot/1.2; +https://openai.com/gptbot)"
2a03:2880:f800:6:: - - [15/Jun/2025:11:35:54 -0400] "GET /shopdetail/24788735 HTTP/1.1" 301 0 "-" "meta-externalagent/1.1 (+https://developers.facebook.com/docs/sharing/webmasters/crawler)"
20.171.207.104 - - [15/Jun/2025:11:35:55 -0400] "GET /inputs.php?action=view&dir=%2F%2Fopt%2Fimunify360%2Fvenv%2Flib64%2Fpython3.11%2Fsite-packages%2FCrypto%2FHash&item=KMAC256.py HTTP/1.1" 200 7007 "-" "Mozilla/5.0 AppleWebKit/537.36 (KHTML, like Gecko; compatible; GPTBot/1.2; +https://openai.com/gptbot)"
20.171.207.104 - - [15/Jun/2025:11:35:57 -0400] "GET /inputs.php?action=view&dir=%2F%2Fopt%2Fimunify360%2Fvenv%2Flib64%2Fpython3.11%2Fsite-packages%2FCrypto%2FHash&item=SHA384.py HTTP/1.1" 200 7860 "-" "Mozilla/5.0 AppleWebKit/537.36 (KHTML, like Gecko; compatible; GPTBot/1.2; +https://openai.com/gptbot)"
20.171.207.104 - - [15/Jun/2025:11:35:58 -0400] "GET /inputs.php?action=view&dir=%2F%2Fopt%2Fimunify360%2Fvenv%2Flib64%2Fpython3.11%2Fsite-packages%2FCrypto%2FHash&item=SHA512.py HTTP/1.1" 200 7972 "-" "Mozilla/5.0 AppleWebKit/537.36 (KHTML, like Gecko; compatible; GPTBot/1.2; +https://openai.com/gptbot)"
20.171.207.104 - - [15/Jun/2025:11:35:59 -0400] "GET /inputs.php?action=view&dir=%2F%2Fopt%2Fimunify360%2Fvenv%2Flib64%2Fpython3.11%2Fsite-packages%2FCrypto%2FHash&item=SHA256.py HTTP/1.1" 200 7800 "-" "Mozilla/5.0 AppleWebKit/537.36 (KHTML, like Gecko; compatible; GPTBot/1.2; +https://openai.com/gptbot)"
162.0.232.193 - - [15/Jun/2025:11:36:01 -0400] "POST /wp-cron.php?doing_wp_cron=1750001761.4436609745025634765625 HTTP/1.1" 200 0 "-" "WordPress/6.8.1; https://wotaku-manga.com"
20.171.207.104 - - [15/Jun/2025:11:36:00 -0400] "GET /inputs.php?action=view&dir=%2F%2Fopt%2Fimunify360%2Fvenv%2Flib64%2Fpython3.11%2Fsite-packages%2FCrypto%2FHash&item=KMAC256.pyi HTTP/1.1" 200 5813 "-" "Mozilla/5.0 AppleWebKit/537.36 (KHTML, like Gecko; compatible; GPTBot/1.2; +https://openai.com/gptbot)"
54.36.148.91 - - [15/Jun/2025:11:36:00 -0400] "GET /g168103226.shtm HTTP/1.1" 301 0 "-" "Mozilla/5.0 (compatible; AhrefsBot/7.0; +http://ahrefs.com/robot/)"
20.171.207.104 - - [15/Jun/2025:11:36:02 -0400] "GET /inputs.php?dir=%2F%2Fopt%2Falt%2Fruby18%2Fshare%2Fri%2F1.8%2Fsystem%2FSOAP%2FRPC%2FParameterError HTTP/1.1" 200 2466 "-" "Mozilla/5.0 AppleWebKit/537.36 (KHTML, like Gecko; compatible; GPTBot/1.2; +https://openai.com/gptbot)"
2a03:2880:f800:c:: - - [15/Jun/2025:11:35:59 -0400] "GET / HTTP/1.1" 200 37241 "-" "meta-externalagent/1.1 (+https://developers.facebook.com/docs/sharing/webmasters/crawler)"
20.171.207.104 - - [15/Jun/2025:11:36:03 -0400] "GET /inputs.php?action=rename&dir=%2F%2Fopt%2Falt%2Fruby18%2Fshare%2Fri%2F1.8%2Fsystem%2FSOAP%2FHeader%2FHandlerSet&item=cdesc-HandlerSet.yaml HTTP/1.1" 200 2964 "-" "Mozilla/5.0 AppleWebKit/537.36 (KHTML, like Gecko; compatible; GPTBot/1.2; +https://openai.com/gptbot)"
20.171.207.104 - - [15/Jun/2025:11:36:04 -0400] "GET /inputs.php?action=edit&dir=%2F%2Fopt%2Falt%2Fruby18%2Fshare%2Fri%2F1.8%2Fsystem%2FSOAP%2FHeader%2FHandlerSet&item=store%3D-i.yaml HTTP/1.1" 200 2972 "-" "Mozilla/5.0 AppleWebKit/537.36 (KHTML, like Gecko; compatible; GPTBot/1.2; +https://openai.com/gptbot)"
20.171.207.104 - - [15/Jun/2025:11:36:06 -0400] "GET /inputs.php?action=chmod&dir=%2F%2Fopt%2Falt%2Fruby18%2Fshare%2Fri%2F1.8%2Fsystem%2FCGI%2FSession%2FMemoryStore&item=new-c.yaml HTTP/1.1" 200 2729 "-" "Mozilla/5.0 AppleWebKit/537.36 (KHTML, like Gecko; compatible; GPTBot/1.2; +https://openai.com/gptbot)"
20.171.207.104 - - [15/Jun/2025:11:36:07 -0400] "GET /inputs.php?action=edit&dir=%2F%2Fopt%2Falt%2Fruby18%2Fshare%2Fri%2F1.8%2Fsystem%2FCGI%2FSession%2FMemoryStore&item=close-i.yaml HTTP/1.1" 200 2944 "-" "Mozilla/5.0 AppleWebKit/537.36 (KHTML, like Gecko; compatible; GPTBot/1.2; +https://openai.com/gptbot)"
20.171.207.104 - - [15/Jun/2025:11:36:08 -0400] "GET /inputs.php?action=view&dir=%2F%2Fopt%2Falt%2Fruby18%2Fshare%2Fri%2F1.8%2Fsystem%2FSOAP%2FHeader%2FHandlerSet&item=%3C%3C-i.yaml HTTP/1.1" 200 2944 "-" "Mozilla/5.0 AppleWebKit/537.36 (KHTML, like Gecko; compatible; GPTBot/1.2; +https://openai.com/gptbot)"
20.171.207.104 - - [15/Jun/2025:11:36:09 -0400] "GET /inputs.php?action=view&dir=%2F%2Fopt%2Falt%2Fruby18%2Fshare%2Fri%2F1.8%2Fsystem%2FSOAP%2FHeader%2FHandlerSet&item=add-i.yaml HTTP/1.1" 200 2997 "-" "Mozilla/5.0 AppleWebKit/537.36 (KHTML, like Gecko; compatible; GPTBot/1.2; +https://openai.com/gptbot)"
20.171.207.104 - - [15/Jun/2025:11:36:10 -0400] "GET /inputs.php?action=view&dir=%2F%2Fopt%2Falt%2Fruby18%2Fshare%2Fri%2F1.8%2Fsystem%2FSOAP%2FHeader%2FHandlerSet&item=dup-i.yaml HTTP/1.1" 200 3057 "-" "Mozilla/5.0 AppleWebKit/537.36 (KHTML, like Gecko; compatible; GPTBot/1.2; +https://openai.com/gptbot)"
20.171.207.104 - - [15/Jun/2025:11:36:11 -0400] "GET /inputs.php?action=view&dir=%2F%2Fopt%2Falt%2Fruby18%2Fshare%2Fri%2F1.8%2Fsystem%2FSOAP%2FHeader%2FHandlerSet&item=on_inbound-i.yaml HTTP/1.1" 200 3074 "-" "Mozilla/5.0 AppleWebKit/537.36 (KHTML, like Gecko; compatible; GPTBot/1.2; +https://openai.com/gptbot)"
20.171.207.104 - - [15/Jun/2025:11:36:12 -0400] "GET /inputs.php?action=view&dir=%2F%2Fopt%2Falt%2Fruby18%2Fshare%2Fri%2F1.8%2Fsystem%2FSOAP%2FHeader%2FHandlerSet&item=on_outbound-i.yaml HTTP/1.1" 200 3122 "-" "Mozilla/5.0 AppleWebKit/537.36 (KHTML, like Gecko; compatible; GPTBot/1.2; +https://openai.com/gptbot)"
54.36.148.68 - - [15/Jun/2025:11:36:13 -0400] "GET /g1809948658.shtm HTTP/1.1" 301 0 "-" "Mozilla/5.0 (compatible; AhrefsBot/7.0; +http://ahrefs.com/robot/)"
66.249.73.15 - - [15/Jun/2025:11:36:13 -0400] "GET /r/englandism1806064721.shtm HTTP/1.1" 200 81161 "-" "Mozilla/5.0 (Linux; Android 6.0.1; Nexus 5X Build/MMB29P) AppleWebKit/537.36 (KHTML, like Gecko) Chrome/136.0.7103.113 Mobile Safari/537.36 (compatible; GoogleOther)"
20.171.207.104 - - [15/Jun/2025:11:36:14 -0400] "GET /inputs.php?action=view&dir=%2F%2Fopt%2Falt%2Fruby18%2Fshare%2Fri%2F1.8%2Fsystem%2FXSD%2FCodeGen%2FGenSupport&item=keyword%3F-i.yaml HTTP/1.1" 200 3194 "-" "Mozilla/5.0 AppleWebKit/537.36 (KHTML, like Gecko; compatible; GPTBot/1.2; +https://openai.com/gptbot)"
20.171.207.104 - - [15/Jun/2025:11:36:15 -0400] "GET /inputs.php?action=view&dir=%2F%2Fopt%2Falt%2Fruby18%2Fshare%2Fri%2F1.8%2Fsystem%2FCGI%2FSession%2FMemoryStore&item=restore-i.yaml HTTP/1.1" 200 2937 "-" "Mozilla/5.0 AppleWebKit/537.36 (KHTML, like Gecko; compatible; GPTBot/1.2; +https://openai.com/gptbot)"
20.171.207.104 - - [15/Jun/2025:11:36:16 -0400] "GET /inputs.php?action=view&dir=%2F%2Fopt%2Falt%2Fruby18%2Fshare%2Fri%2F1.8%2Fsystem%2FCGI%2FSession%2FMemoryStore&item=delete-i.yaml HTTP/1.1" 200 2931 "-" "Mozilla/5.0 AppleWebKit/537.36 (KHTML, like Gecko; compatible; GPTBot/1.2; +https://openai.com/gptbot)"
20.171.207.104 - - [15/Jun/2025:11:36:17 -0400] "GET /inputs.php?action=view&dir=%2F%2Fopt%2Falt%2Fruby18%2Fshare%2Fri%2F1.8%2Fsystem%2FCGI%2FSession%2FMemoryStore&item=new-c.yaml HTTP/1.1" 200 3023 "-" "Mozilla/5.0 AppleWebKit/537.36 (KHTML, like Gecko; compatible; GPTBot/1.2; +https://openai.com/gptbot)"
20.171.207.104 - - [15/Jun/2025:11:36:19 -0400] "GET /inputs.php?action=view&dir=%2F%2Fopt%2Falt%2Fruby18%2Fshare%2Fri%2F1.8%2Fsystem%2FCGI%2FSession%2FMemoryStore&item=close-i.yaml HTTP/1.1" 200 2916 "-" "Mozilla/5.0 AppleWebKit/537.36 (KHTML, like Gecko; compatible; GPTBot/1.2; +https://openai.com/gptbot)"
20.171.207.104 - - [15/Jun/2025:11:36:20 -0400] "GET /inputs.php?action=view&dir=%2F%2Fopt%2Falt%2Fruby18%2Fshare%2Fri%2F1.8%2Fsystem%2FSOAP%2FHeader%2FHandlerSet&item=delete-i.yaml HTTP/1.1" 200 3035 "-" "Mozilla/5.0 AppleWebKit/537.36 (KHTML, like Gecko; compatible; GPTBot/1.2; +https://openai.com/gptbot)"
20.171.207.104 - - [15/Jun/2025:11:36:21 -0400] "GET /inputs.php?action=chmod&dir=%2F%2Fopt%2Falt%2Fruby18%2Fshare%2Fri%2F1.8%2Fsystem%2FSOAP%2FHeader%2FHandlerSet&item=%3C%3C-i.yaml HTTP/1.1" 200 2922 "-" "Mozilla/5.0 AppleWebKit/537.36 (KHTML, like Gecko; compatible; GPTBot/1.2; +https://openai.com/gptbot)"
20.171.207.104 - - [15/Jun/2025:11:36:22 -0400] "GET /inputs.php?action=view&dir=%2F%2Fopt%2Falt%2Fruby18%2Fshare%2Fri%2F1.8%2Fsystem%2FSOAP%2FHeader%2FHandlerSet&item=store%3D-i.yaml HTTP/1.1" 200 2966 "-" "Mozilla/5.0 AppleWebKit/537.36 (KHTML, like Gecko; compatible; GPTBot/1.2; +https://openai.com/gptbot)"
20.171.207.104 - - [15/Jun/2025:11:36:23 -0400] "GET /inputs.php?action=view&dir=%2F%2Fopt%2Falt%2Fruby18%2Fshare%2Fri%2F1.8%2Fsystem%2FXSD%2FCodeGen%2FGenSupport&item=trim_eol-i.yaml HTTP/1.1" 200 3310 "-" "Mozilla/5.0 AppleWebKit/537.36 (KHTML, like Gecko; compatible; GPTBot/1.2; +https://openai.com/gptbot)"
20.171.207.104 - - [15/Jun/2025:11:36:24 -0400] "GET /inputs.php?action=view&dir=%2F%2Fopt%2Falt%2Fruby18%2Fshare%2Fri%2F1.8%2Fsystem%2FSOAP%2FHeader%2FHandlerSet&item=new-c.yaml HTTP/1.1" 200 3022 "-" "Mozilla/5.0 AppleWebKit/537.36 (KHTML, like Gecko; compatible; GPTBot/1.2; +https://openai.com/gptbot)"
20.171.207.104 - - [15/Jun/2025:11:36:26 -0400] "GET /inputs.php?action=view&dir=%2F%2Fopt%2Falt%2Fruby18%2Fshare%2Fri%2F1.8%2Fsystem%2FXSD%2FCodeGen%2FGenSupport&item=safevarname%3F-i.yaml HTTP/1.1" 200 3163 "-" "Mozilla/5.0 AppleWebKit/537.36 (KHTML, like Gecko; compatible; GPTBot/1.2; +https://openai.com/gptbot)"
162.0.232.193 - - [15/Jun/2025:11:36:27 -0400] "POST /wp-cron.php?doing_wp_cron=1750001787.2578949928283691406250 HTTP/1.1" 200 0 "-" "WordPress/6.8.1; https://wotaku-manga.com"
54.36.149.76 - - [15/Jun/2025:11:36:26 -0400] "GET /g1812148916.shtm HTTP/1.1" 301 0 "-" "Mozilla/5.0 (compatible; AhrefsBot/7.0; +http://ahrefs.com/robot/)"
20.171.207.104 - - [15/Jun/2025:11:36:27 -0400] "GET /inputs.php?action=view&dir=%2F%2Fopt%2Falt%2Fruby18%2Fshare%2Fri%2F1.8%2Fsystem%2FXSD%2FCodeGen%2FGenSupport&item=untab-i.yaml HTTP/1.1" 200 3312 "-" "Mozilla/5.0 AppleWebKit/537.36 (KHTML, like Gecko; compatible; GPTBot/1.2; +https://openai.com/gptbot)"
20.171.207.104 - - [15/Jun/2025:11:36:28 -0400] "GET /inputs.php?action=view&dir=%2F%2Fopt%2Falt%2Fruby18%2Fshare%2Fri%2F1.8%2Fsystem%2FSOAP%2FHeader%2FHandlerSet&item=include%3F-i.yaml HTTP/1.1" 200 2979 "-" "Mozilla/5.0 AppleWebKit/537.36 (KHTML, like Gecko; compatible; GPTBot/1.2; +https://openai.com/gptbot)"
20.171.207.104 - - [15/Jun/2025:11:36:30 -0400] "GET /inputs.php?action=view&dir=%2F%2Fopt%2Falt%2Fruby18%2Fshare%2Fri%2F1.8%2Fsystem%2FXSD%2FCodeGen%2FGenSupport&item=trim_indent-i.yaml HTTP/1.1" 200 3263 "-" "Mozilla/5.0 AppleWebKit/537.36 (KHTML, like Gecko; compatible; GPTBot/1.2; +https://openai.com/gptbot)"
20.171.207.104 - - [15/Jun/2025:11:36:31 -0400] "GET /inputs.php?action=view&dir=%2F%2Fopt%2Fimunify360%2Fvenv%2Flib64%2Fpython3.11%2Fsite-packages%2FCrypto%2FHash&item=SHAKE256.py HTTP/1.1" 200 7458 "-" "Mozilla/5.0 AppleWebKit/537.36 (KHTML, like Gecko; compatible; GPTBot/1.2; +https://openai.com/gptbot)"
20.171.207.104 - - [15/Jun/2025:11:36:32 -0400] "GET /inputs.php?action=view&dir=%2F%2Fopt%2Fimunify360%2Fvenv%2Flib64%2Fpython3.11%2Fsite-packages%2FCrypto%2FHash&item=SHA512.pyi HTTP/1.1" 200 5982 "-" "Mozilla/5.0 AppleWebKit/537.36 (KHTML, like Gecko; compatible; GPTBot/1.2; +https://openai.com/gptbot)"
20.171.207.104 - - [15/Jun/2025:11:36:33 -0400] "GET /inputs.php?action=view&dir=%2F%2Fopt%2Fimunify360%2Fvenv%2Flib64%2Fpython3.11%2Fsite-packages%2FCrypto%2FHash&item=SHA256.pyi HTTP/1.1" 200 5972 "-" "Mozilla/5.0 AppleWebKit/537.36 (KHTML, like Gecko; compatible; GPTBot/1.2; +https://openai.com/gptbot)"
20.171.207.104 - - [15/Jun/2025:11:36:34 -0400] "GET /inputs.php?action=view&dir=%2F%2Fopt%2Fimunify360%2Fvenv%2Flib64%2Fpython3.11%2Fsite-packages%2FCrypto%2FHash&item=KMAC128.py HTTP/1.1" 200 8085 "-" "Mozilla/5.0 AppleWebKit/537.36 (KHTML, like Gecko; compatible; GPTBot/1.2; +https://openai.com/gptbot)"
20.171.207.104 - - [15/Jun/2025:11:36:36 -0400] "GET /inputs.php?action=rename&dir=%2F%2Flib64&item=libdbus-1.so.3.19.7 HTTP/1.1" 200 76406 "-" "Mozilla/5.0 AppleWebKit/537.36 (KHTML, like Gecko; compatible; GPTBot/1.2; +https://openai.com/gptbot)"
20.171.207.104 - - [15/Jun/2025:11:36:38 -0400] "GET /inputs.php?action=rename&dir=%2F%2Flib64&item=libX11-xcb.so.1.0.0 HTTP/1.1" 200 75010 "-" "Mozilla/5.0 AppleWebKit/537.36 (KHTML, like Gecko; compatible; GPTBot/1.2; +https://openai.com/gptbot)"
20.171.207.104 - - [15/Jun/2025:11:36:40 -0400] "GET /inputs.php?action=rename&dir=%2F%2Fusr%2Flib%2Ffirmware%2Fnetronome%2Fnic&item=nic_AMDA0099-0001_2x25.nffw HTTP/1.1" 200 2905 "-" "Mozilla/5.0 AppleWebKit/537.36 (KHTML, like Gecko; compatible; GPTBot/1.2; +https://openai.com/gptbot)"
66.249.73.14 - - [15/Jun/2025:11:36:40 -0400] "GET /rnz/item/visitorial1757132441.shtm HTTP/1.1" 200 82167 "-" "Mozilla/5.0 (Linux; Android 6.0.1; Nexus 5X Build/MMB29P) AppleWebKit/537.36 (KHTML, like Gecko) Chrome/136.0.7103.113 Mobile Safari/537.36 (compatible; GoogleOther)"
54.36.148.201 - - [15/Jun/2025:11:36:41 -0400] "GET /g1850837784.shtm HTTP/1.1" 301 0 "-" "Mozilla/5.0 (compatible; AhrefsBot/7.0; +http://ahrefs.com/robot/)"
20.171.207.104 - - [15/Jun/2025:11:36:42 -0400] "GET /inputs.php?action=rename&dir=%2F%2Fusr%2Flib%2Ffirmware%2Fnetronome%2Fnic&item=nic_AMDA0081-0001_1x40.nffw HTTP/1.1" 200 2897 "-" "Mozilla/5.0 AppleWebKit/537.36 (KHTML, like Gecko; compatible; GPTBot/1.2; +https://openai.com/gptbot)"
20.171.207.104 - - [15/Jun/2025:11:36:43 -0400] "GET /inputs.php?action=rename&dir=%2F%2Fusr%2Flib%2Ffirmware%2Fnetronome%2Fnic&item=nic_AMDA0097-0001_2x40.nffw HTTP/1.1" 200 2879 "-" "Mozilla/5.0 AppleWebKit/537.36 (KHTML, like Gecko; compatible; GPTBot/1.2; +https://openai.com/gptbot)"
20.171.207.104 - - [15/Jun/2025:11:36:45 -0400] "GET /inputs.php?action=rename&dir=%2F%2Fusr%2Flib%2Ffirmware%2Fnetronome%2Fnic&item=nic_AMDA0097-0001_8x10.nffw HTTP/1.1" 200 2906 "-" "Mozilla/5.0 AppleWebKit/537.36 (KHTML, like Gecko; compatible; GPTBot/1.2; +https://openai.com/gptbot)"
20.171.207.104 - - [15/Jun/2025:11:36:46 -0400] "GET /inputs.php?action=rename&dir=%2F%2Fusr%2Flib%2Ffirmware%2Fnetronome%2Fnic&item=nic_AMDA0081-0001_4x10.nffw HTTP/1.1" 200 2903 "-" "Mozilla/5.0 AppleWebKit/537.36 (KHTML, like Gecko; compatible; GPTBot/1.2; +https://openai.com/gptbot)"
20.171.207.104 - - [15/Jun/2025:11:36:47 -0400] "GET /inputs.php?action=view&dir=%2F%2Fusr%2Flib64%2Fperl5%2Fvendor_perl%2FEncode&item=GSM0338.pm HTTP/1.1" 200 7097 "-" "Mozilla/5.0 AppleWebKit/537.36 (KHTML, like Gecko; compatible; GPTBot/1.2; +https://openai.com/gptbot)"
20.171.207.104 - - [15/Jun/2025:11:36:48 -0400] "GET /inputs.php?dir=%2F%2Fopt%2Falt%2Ftests%2Falt-php81-pecl-oci8_3.2.1-1.el8 HTTP/1.1" 200 2307 "-" "Mozilla/5.0 AppleWebKit/537.36 (KHTML, like Gecko; compatible; GPTBot/1.2; +https://openai.com/gptbot)"
20.171.207.104 - - [15/Jun/2025:11:36:50 -0400] "GET /inputs.php?action=chmod&dir=%2F%2Fopt%2Fcloudlinux%2Fvenv%2Flib64%2Fpython3.11%2Fsite-packages%2Fpsycopg2_binary.libs&item=libkrb5support-d0bcff84.so.0.1 HTTP/1.1" 200 3320 "-" "Mozilla/5.0 AppleWebKit/537.36 (KHTML, like Gecko; compatible; GPTBot/1.2; +https://openai.com/gptbot)"
20.171.207.104 - - [15/Jun/2025:11:36:51 -0400] "GET /inputs.php?action=view&dir=%2F%2Fopt%2Fimunify360%2Fvenv%2Flib64%2Fpython3.11%2Fsite-packages%2Fpeewee-3.16.0.dist-info&item=METADATA HTTP/1.1" 200 5628 "-" "Mozilla/5.0 AppleWebKit/537.36 (KHTML, like Gecko; compatible; GPTBot/1.2; +https://openai.com/gptbot)"
20.171.207.104 - - [15/Jun/2025:11:36:52 -0400] "GET /inputs.php?action=view&dir=%2F%2Flib64%2Fgconv&item=GBBIG5.so HTTP/1.1" 200 9344 "-" "Mozilla/5.0 AppleWebKit/537.36 (KHTML, like Gecko; compatible; GPTBot/1.2; +https://openai.com/gptbot)"
20.171.207.104 - - [15/Jun/2025:11:36:53 -0400] "GET /inputs.php?action=view&dir=%2F%2Flib64&item=libxcb-xf86dri.so HTTP/1.1" 200 75394 "-" "Mozilla/5.0 AppleWebKit/537.36 (KHTML, like Gecko; compatible; GPTBot/1.2; +https://openai.com/gptbot)"
20.171.207.104 - - [15/Jun/2025:11:36:56 -0400] "GET /inputs.php?action=view&dir=%2F%2Flib64%2Fperl5&item=POSIX.pod HTTP/1.1" 200 26478 "-" "Mozilla/5.0 AppleWebKit/537.36 (KHTML, like Gecko; compatible; GPTBot/1.2; +https://openai.com/gptbot)"
162.0.232.193 - - [15/Jun/2025:11:36:58 -0400] "POST /wp-cron.php?doing_wp_cron=1750001818.4350929260253906250000 HTTP/1.1" 200 0 "-" "WordPress/6.8.1; https://wotaku-manga.com"
54.36.148.201 - - [15/Jun/2025:11:36:56 -0400] "GET /g1877363046.shtm HTTP/1.1" 301 0 "-" "Mozilla/5.0 (compatible; AhrefsBot/7.0; +http://ahrefs.com/robot/)"
20.171.207.104 - - [15/Jun/2025:11:36:59 -0400] "GET /inputs.php?action=view&dir=%2F%2Flib64&item=libQt5OpenGL.so.5 HTTP/1.1" 200 72553 "-" "Mozilla/5.0 AppleWebKit/537.36 (KHTML, like Gecko; compatible; GPTBot/1.2; +https://openai.com/gptbot)"
20.171.207.104 - - [15/Jun/2025:11:37:02 -0400] "GET /inputs.php?action=view&dir=%2F%2Flib64&item=libSvtAv1Enc.so.0 HTTP/1.1" 200 73133 "-" "Mozilla/5.0 AppleWebKit/537.36 (KHTML, like Gecko; compatible; GPTBot/1.2; +https://openai.com/gptbot)"
116.111.185.26 - - [15/Jun/2025:11:37:03 -0400] "GET /manga/wotakoi-love-is-hard-for-otaku-chapter-68/ HTTP/1.1" 200 42378 "https://www.google.com/" "Mozilla/5.0 (Linux; Android 10; K) AppleWebKit/537.36 (KHTML, like Gecko) Chrome/137.0.0.0 Mobile Safari/537.36"
20.171.207.104 - - [15/Jun/2025:11:37:06 -0400] "GET /inputs.php?action=view&dir=%2F%2Flib64&item=libX11-xcb.so HTTP/1.1" 200 73941 "-" "Mozilla/5.0 AppleWebKit/537.36 (KHTML, like Gecko; compatible; GPTBot/1.2; +https://openai.com/gptbot)"
116.111.185.26 - - [15/Jun/2025:11:37:08 -0400] "GET /wp-content/cache/min/1/wp-content/plugins/disqus-comment-system/public/js/comment_count.js?ver=1684511264 HTTP/1.1" 304 0 "https://wotaku-manga.com/manga/wotakoi-love-is-hard-for-otaku-chapter-68/" "Mozilla/5.0 (Linux; Android 10; K) AppleWebKit/537.36 (KHTML, like Gecko) Chrome/137.0.0.0 Mobile Safari/537.36"
66.249.73.15 - - [15/Jun/2025:11:37:08 -0400] "GET /x/shopping/crowth1806086449.shtm HTTP/1.1" 200 81673 "-" "Mozilla/5.0 (Linux; Android 6.0.1; Nexus 5X Build/MMB29P) AppleWebKit/537.36 (KHTML, like Gecko) Chrome/136.0.7103.113 Mobile Safari/537.36 (compatible; GoogleOther)"
116.111.185.26 - - [15/Jun/2025:11:37:08 -0400] "GET /wotakoi-volume-list/ HTTP/1.1" 200 40429 "https://wotaku-manga.com/manga/wotakoi-love-is-hard-for-otaku-chapter-68/" "Mozilla/5.0 (Linux; Android 10; K) AppleWebKit/537.36 (KHTML, like Gecko) Chrome/137.0.0.0 Mobile Safari/537.36"
20.171.207.104 - - [15/Jun/2025:11:37:10 -0400] "GET /inputs.php?action=view&dir=%2F%2Flib64%2Fperl5&item=POSIX.pm HTTP/1.1" 200 12891 "-" "Mozilla/5.0 AppleWebKit/537.36 (KHTML, like Gecko; compatible; GPTBot/1.2; +https://openai.com/gptbot)"
116.111.185.26 - - [15/Jun/2025:11:37:11 -0400] "GET /manga/wotaku-ni-koi-wa-muzukashii-chapter-68/ HTTP/1.1" 301 0 "https://wotaku-manga.com/manga/wotakoi-love-is-hard-for-otaku-chapter-68/" "Mozilla/5.0 (Linux; Android 10; K) AppleWebKit/537.36 (KHTML, like Gecko) Chrome/137.0.0.0 Mobile Safari/537.36"
116.111.185.26 - - [15/Jun/2025:11:37:13 -0400] "GET /manga/wotaku-ni-koi-wa-muzukashii-chapter-68/ HTTP/1.1" 301 0 "https://wotaku-manga.com/manga/wotakoi-love-is-hard-for-otaku-chapter-68/" "Mozilla/5.0 (Linux; Android 10; K) AppleWebKit/537.36 (KHTML, like Gecko) Chrome/137.0.0.0 Mobile Safari/537.36"
116.111.185.26 - - [15/Jun/2025:11:37:12 -0400] "GET / HTTP/1.1" 200 37904 "https://wotaku-manga.com/manga/wotakoi-love-is-hard-for-otaku-chapter-68/" "Mozilla/5.0 (Linux; Android 10; K) AppleWebKit/537.36 (KHTML, like Gecko) Chrome/137.0.0.0 Mobile Safari/537.36"
54.36.148.116 - - [15/Jun/2025:11:37:13 -0400] "GET /g1956538050.shtm HTTP/1.1" 301 0 "-" "Mozilla/5.0 (compatible; AhrefsBot/7.0; +http://ahrefs.com/robot/)"
116.111.185.26 - - [15/Jun/2025:11:37:13 -0400] "GET /wotakoi-volume-list/ HTTP/1.1" 200 40429 "https://wotaku-manga.com/manga/wotakoi-love-is-hard-for-otaku-chapter-68/" "Mozilla/5.0 (Linux; Android 10; K) AppleWebKit/537.36 (KHTML, like Gecko) Chrome/137.0.0.0 Mobile Safari/537.36"
20.171.207.104 - - [15/Jun/2025:11:37:14 -0400] "GET /inputs.php?action=view&dir=%2F%2Flib64&item=libSvtAv1Dec.so.0 HTTP/1.1" 200 73366 "-" "Mozilla/5.0 AppleWebKit/537.36 (KHTML, like Gecko; compatible; GPTBot/1.2; +https://openai.com/gptbot)"
116.111.185.26 - - [15/Jun/2025:11:37:15 -0400] "GET / HTTP/1.1" 200 37904 "https://wotaku-manga.com/manga/wotakoi-love-is-hard-for-otaku-chapter-68/" "Mozilla/5.0 (Linux; Android 10; K) AppleWebKit/537.36 (KHTML, like Gecko) Chrome/137.0.0.0 Mobile Safari/537.36"
20.171.207.104 - - [15/Jun/2025:11:37:19 -0400] "GET /inputs.php?action=view&dir=%2F%2Flib64%2Fruby%2Fenc%2Ftrans&item=gb18030.so HTTP/1.1" 200 3376 "-" "Mozilla/5.0 AppleWebKit/537.36 (KHTML, like Gecko; compatible; GPTBot/1.2; +https://openai.com/gptbot)"
20.171.207.104 - - [15/Jun/2025:11:37:23 -0400] "GET /inputs.php?action=view&dir=%2F%2Flib64%2Fsecurity&item=pam_umask.so HTTP/1.1" 200 5336 "-" "Mozilla/5.0 AppleWebKit/537.36 (KHTML, like Gecko; compatible; GPTBot/1.2; +https://openai.com/gptbot)"
162.0.232.193 - - [15/Jun/2025:11:37:26 -0400] "POST /wp-cron.php?doing_wp_cron=1750001846.3417470455169677734375 HTTP/1.1" 200 0 "-" "WordPress/6.8.1; https://wotaku-manga.com"
54.36.148.185 - - [15/Jun/2025:11:37:24 -0400] "GET /g1962945178.shtm HTTP/1.1" 301 0 "-" "Mozilla/5.0 (compatible; AhrefsBot/7.0; +http://ahrefs.com/robot/)"
116.111.185.26 - - [15/Jun/2025:11:37:24 -0400] "GET / HTTP/1.1" 200 37904 "https://wotaku-manga.com/manga/wotakoi-love-is-hard-for-otaku-chapter-68/" "Mozilla/5.0 (Linux; Android 10; K) AppleWebKit/537.36 (KHTML, like Gecko) Chrome/137.0.0.0 Mobile Safari/537.36"
116.111.185.26 - - [15/Jun/2025:11:37:26 -0400] "GET / HTTP/1.1" 200 37904 "https://wotaku-manga.com/manga/wotakoi-love-is-hard-for-otaku-chapter-68/" "Mozilla/5.0 (Linux; Android 10; K) AppleWebKit/537.36 (KHTML, like Gecko) Chrome/137.0.0.0 Mobile Safari/537.36"
20.171.207.104 - - [15/Jun/2025:11:37:27 -0400] "GET /inputs.php?action=view&dir=%2F%2Fusr%2Flib64&item=libxcb-xfixes.so HTTP/1.1" 200 74348 "-" "Mozilla/5.0 AppleWebKit/537.36 (KHTML, like Gecko; compatible; GPTBot/1.2; +https://openai.com/gptbot)"
116.111.185.26 - - [15/Jun/2025:11:37:30 -0400] "GET /manga/page/5/ HTTP/1.1" 200 60658 "https://www.google.com/" "Mozilla/5.0 (Linux; Android 10; K) AppleWebKit/537.36 (KHTML, like Gecko) Chrome/137.0.0.0 Mobile Safari/537.36"
66.249.73.14 - - [15/Jun/2025:11:37:35 -0400] "GET /b/goodscode/ringing/733194643.shtm HTTP/1.1" 200 83064 "-" "Mozilla/5.0 (Linux; Android 6.0.1; Nexus 5X Build/MMB29P) AppleWebKit/537.36 (KHTML, like Gecko) Chrome/136.0.7103.113 Mobile Safari/537.36 (compatible; GoogleOther)"
54.36.149.63 - - [15/Jun/2025:11:37:34 -0400] "GET /g1964529366.shtm HTTP/1.1" 301 0 "-" "Mozilla/5.0 (compatible; AhrefsBot/7.0; +http://ahrefs.com/robot/)"
20.171.207.104 - - [15/Jun/2025:11:37:31 -0400] "GET /inputs.php?action=view&dir=%2F%2Fusr%2Flib64&item=libperf-jvmti.so HTTP/1.1" 200 74245 "-" "Mozilla/5.0 AppleWebKit/537.36 (KHTML, like Gecko; compatible; GPTBot/1.2; +https://openai.com/gptbot)"
116.111.185.26 - - [15/Jun/2025:11:37:33 -0400] "GET /manga/wotakoi-love-is-hard-for-otaku-chapter-0/ HTTP/1.1" 200 41961 "https://wotaku-manga.com/manga/page/5/" "Mozilla/5.0 (Linux; Android 10; K) AppleWebKit/537.36 (KHTML, like Gecko) Chrome/137.0.0.0 Mobile Safari/537.36"
20.171.207.104 - - [15/Jun/2025:11:37:38 -0400] "GET /inputs.php?action=view&dir=%2F%2Flib64%2Frsyslog&item=lmnsd_ptcp.so HTTP/1.1" 200 3872 "-" "Mozilla/5.0 AppleWebKit/537.36 (KHTML, like Gecko; compatible; GPTBot/1.2; +https://openai.com/gptbot)"
116.111.185.26 - - [15/Jun/2025:11:37:38 -0400] "GET /manga/wotaku-ni-koi-wa-muzukashii-chapter-54/ HTTP/1.1" 200 41967 "https://wotaku-manga.com/manga/page/5/" "Mozilla/5.0 (Linux; Android 10; K) AppleWebKit/537.36 (KHTML, like Gecko) Chrome/137.0.0.0 Mobile Safari/537.36"
66.249.73.14 - - [15/Jun/2025:11:37:44 -0400] "GET /b1388606201.shtm HTTP/1.1" 200 83865 "-" "Mozilla/5.0 (Linux; Android 6.0.1; Nexus 5X Build/MMB29P) AppleWebKit/537.36 (KHTML, like Gecko) Chrome/136.0.7103.113 Mobile Safari/537.36 (compatible; Googlebot/2.1; +http://www.google.com/bot.html)"
66.249.73.14 - - [15/Jun/2025:11:37:44 -0400] "GET /t/1760548399.shtm HTTP/1.1" 200 81872 "-" "Mozilla/5.0 (Linux; Android 6.0.1; Nexus 5X Build/MMB29P) AppleWebKit/537.36 (KHTML, like Gecko) Chrome/136.0.7103.113 Mobile Safari/537.36 (compatible; Googlebot/2.1; +http://www.google.com/bot.html)"
20.171.207.104 - - [15/Jun/2025:11:37:44 -0400] "GET /inputs.php?action=view&dir=%2F%2Fusr%2Flib64&item=libxcb-randr.so HTTP/1.1" 200 73922 "-" "Mozilla/5.0 AppleWebKit/537.36 (KHTML, like Gecko; compatible; GPTBot/1.2; +https://openai.com/gptbot)"
20.171.207.104 - - [15/Jun/2025:11:37:52 -0400] "GET /inputs.php?action=view&dir=%2F%2Flib64%2Fxtables&item=libipt_TTL.so HTTP/1.1" 200 7733 "-" "Mozilla/5.0 AppleWebKit/537.36 (KHTML, like Gecko; compatible; GPTBot/1.2; +https://openai.com/gptbot)"
162.0.232.193 - - [15/Jun/2025:11:37:57 -0400] "POST /wp-cron.php?doing_wp_cron=1750001876.6345820426940917968750 HTTP/1.1" 200 0 "-" "WordPress/6.8.1; https://wotaku-manga.com"
54.36.148.161 - - [15/Jun/2025:11:37:54 -0400] "GET /g2004889784.shtm HTTP/1.1" 301 0 "-" "Mozilla/5.0 (compatible; AhrefsBot/7.0; +http://ahrefs.com/robot/)"
20.171.207.104 - - [15/Jun/2025:11:38:00 -0400] "GET /inputs.php?action=view&dir=%2F%2Flib64%2Fsecurity&item=pam_group.so HTTP/1.1" 200 5277 "-" "Mozilla/5.0 AppleWebKit/537.36 (KHTML, like Gecko; compatible; GPTBot/1.2; +https://openai.com/gptbot)"
66.249.73.15 - - [15/Jun/2025:11:38:02 -0400] "GET /far/item/shopping/1806092825.shtm HTTP/1.1" 200 83064 "-" "Mozilla/5.0 (Linux; Android 6.0.1; Nexus 5X Build/MMB29P) AppleWebKit/537.36 (KHTML, like Gecko) Chrome/136.0.7103.113 Mobile Safari/537.36 (compatible; GoogleOther)"
54.36.148.213 - - [15/Jun/2025:11:38:05 -0400] "GET /g207356718.shtm HTTP/1.1" 301 0 "-" "Mozilla/5.0 (compatible; AhrefsBot/7.0; +http://ahrefs.com/robot/)"
20.171.207.104 - - [15/Jun/2025:11:38:07 -0400] "GET /inputs.php?action=view&dir=%2F%2Fusr%2Flib64&item=libgdbm_compat.so HTTP/1.1" 200 73527 "-" "Mozilla/5.0 AppleWebKit/537.36 (KHTML, like Gecko; compatible; GPTBot/1.2; +https://openai.com/gptbot)"
2a03:2880:f800:8:: - - [15/Jun/2025:11:38:11 -0400] "GET /shopdetail/94246435 HTTP/1.1" 301 0 "-" "meta-externalagent/1.1 (+https://developers.facebook.com/docs/sharing/webmasters/crawler)"
20.171.207.104 - - [15/Jun/2025:11:38:14 -0400] "GET /inputs.php?action=view&dir=%2F%2Flib64%2FImageMagick-6.9.13%2Fmodules-Q16%2Fcoders&item=label.so HTTP/1.1" 200 11432 "-" "Mozilla/5.0 AppleWebKit/537.36 (KHTML, like Gecko; compatible; GPTBot/1.2; +https://openai.com/gptbot)"
2a03:2880:f800:13:: - - [15/Jun/2025:11:38:15 -0400] "GET / HTTP/1.1" 200 37241 "-" "meta-externalagent/1.1 (+https://developers.facebook.com/docs/sharing/webmasters/crawler)"
162.0.232.193 - - [15/Jun/2025:11:38:24 -0400] "POST /wp-cron.php?doing_wp_cron=1750001904.3242290019989013671875 HTTP/1.1" 200 0 "-" "WordPress/6.8.1; https://wotaku-manga.com"
54.36.148.98 - - [15/Jun/2025:11:38:21 -0400] "GET /g251800992.shtm HTTP/1.1" 301 0 "-" "Mozilla/5.0 (compatible; AhrefsBot/7.0; +http://ahrefs.com/robot/)"
2a03:2880:f800:8:: - - [15/Jun/2025:11:38:23 -0400] "GET /shopdetail/351074535 HTTP/1.1" 301 0 "-" "meta-externalagent/1.1 (+https://developers.facebook.com/docs/sharing/webmasters/crawler)"
20.171.207.104 - - [15/Jun/2025:11:38:20 -0400] "GET /inputs.php?action=view&dir=%2F%2Flib64%2FGraphicsMagick-1.3.38%2Fmodules-Q16%2Fcoders&item=ept.so HTTP/1.1" 200 9700 "-" "Mozilla/5.0 AppleWebKit/537.36 (KHTML, like Gecko; compatible; GPTBot/1.2; +https://openai.com/gptbot)"
20.171.207.104 - - [15/Jun/2025:11:38:27 -0400] "GET /inputs.php?action=view&dir=%2F%2Flib64%2FGraphicsMagick-1.3.38%2Fmodules-Q16%2Fcoders&item=rle.so HTTP/1.1" 200 9227 "-" "Mozilla/5.0 AppleWebKit/537.36 (KHTML, like Gecko; compatible; GPTBot/1.2; +https://openai.com/gptbot)"
66.249.73.15 - - [15/Jun/2025:11:38:29 -0400] "GET /z/chinovin1806052863.shtm HTTP/1.1" 200 81012 "-" "Mozilla/5.0 (Linux; Android 6.0.1; Nexus 5X Build/MMB29P) AppleWebKit/537.36 (KHTML, like Gecko) Chrome/136.0.7103.113 Mobile Safari/537.36 (compatible; GoogleOther)"
2a03:2880:f800:6:: - - [15/Jun/2025:11:38:28 -0400] "GET / HTTP/1.1" 200 37241 "-" "meta-externalagent/1.1 (+https://developers.facebook.com/docs/sharing/webmasters/crawler)"
20.171.207.104 - - [15/Jun/2025:11:38:34 -0400] "GET /inputs.php?action=view&dir=%2F%2Flib64%2FGraphicsMagick-1.3.38%2Fmodules-Q16%2Fcoders&item=art.so HTTP/1.1" 200 9497 "-" "Mozilla/5.0 AppleWebKit/537.36 (KHTML, like Gecko; compatible; GPTBot/1.2; +https://openai.com/gptbot)"
20.171.207.104 - - [15/Jun/2025:11:38:40 -0400] "GET /inputs.php?action=view&dir=%2F%2Flib64%2FGraphicsMagick-1.3.38%2Fmodules-Q16%2Fcoders&item=pdf.so HTTP/1.1" 200 9247 "-" "Mozilla/5.0 AppleWebKit/537.36 (KHTML, like Gecko; compatible; GPTBot/1.2; +https://openai.com/gptbot)"
54.36.148.141 - - [15/Jun/2025:11:38:40 -0400] "GET /g323229852.shtm HTTP/1.1" 301 0 "-" "Mozilla/5.0 (compatible; AhrefsBot/7.0; +http://ahrefs.com/robot/)"
20.171.207.104 - - [15/Jun/2025:11:38:46 -0400] "GET /inputs.php?action=view&dir=%2F%2Flib64%2Frsyslog&item=lmnsd_ptcp.so HTTP/1.1" 200 3724 "-" "Mozilla/5.0 AppleWebKit/537.36 (KHTML, like Gecko; compatible; GPTBot/1.2; +https://openai.com/gptbot)"
162.0.232.193 - - [15/Jun/2025:11:38:51 -0400] "POST /wp-cron.php?doing_wp_cron=1750001931.6348450183868408203125 HTTP/1.1" 200 0 "-" "WordPress/6.8.1; https://wotaku-manga.com"
54.36.148.243 - - [15/Jun/2025:11:38:49 -0400] "GET /g55081744.shtm HTTP/1.1" 301 0 "-" "Mozilla/5.0 (compatible; AhrefsBot/7.0; +http://ahrefs.com/robot/)"
20.171.207.104 - - [15/Jun/2025:11:38:51 -0400] "GET /inputs.php?action=view&dir=%2F%2Flib64%2FGraphicsMagick-1.3.38%2Fmodules-Q16%2Fcoders&item=tim.so HTTP/1.1" 200 9338 "-" "Mozilla/5.0 AppleWebKit/537.36 (KHTML, like Gecko; compatible; GPTBot/1.2; +https://openai.com/gptbot)"
20.171.207.104 - - [15/Jun/2025:11:38:56 -0400] "GET /inputs.php?action=view&dir=%2F%2Flib64%2FGraphicsMagick-1.3.38%2Fmodules-Q16%2Fcoders&item=cut.so HTTP/1.1" 200 9560 "-" "Mozilla/5.0 AppleWebKit/537.36 (KHTML, like Gecko; compatible; GPTBot/1.2; +https://openai.com/gptbot)"
66.249.73.14 - - [15/Jun/2025:11:38:56 -0400] "GET /har/prowling/1806093475.shtm HTTP/1.1" 200 81900 "-" "Mozilla/5.0 (Linux; Android 6.0.1; Nexus 5X Build/MMB29P) AppleWebKit/537.36 (KHTML, like Gecko) Chrome/136.0.7103.113 Mobile Safari/537.36 (compatible; GoogleOther)"
20.171.207.104 - - [15/Jun/2025:11:39:00 -0400] "GET /inputs.php?action=view&dir=%2F%2Flib64%2FGraphicsMagick-1.3.38%2Fmodules-Q16%2Fcoders&item=mat.so HTTP/1.1" 200 9235 "-" "Mozilla/5.0 AppleWebKit/537.36 (KHTML, like Gecko; compatible; GPTBot/1.2; +https://openai.com/gptbot)"
162.0.232.193 - - [15/Jun/2025:11:39:02 -0400] "POST /wp-cron.php?doing_wp_cron=1750001942.2885010242462158203125 HTTP/1.1" 200 0 "-" "WordPress/6.8.1; https://wotaku-manga.com"
54.36.148.78 - - [15/Jun/2025:11:39:01 -0400] "GET /g610847300.shtm HTTP/1.1" 301 0 "-" "Mozilla/5.0 (compatible; AhrefsBot/7.0; +http://ahrefs.com/robot/)"
20.171.207.104 - - [15/Jun/2025:11:39:03 -0400] "GET /inputs.php?action=view&dir=%2F%2Flib64%2FGraphicsMagick-1.3.38%2Fmodules-Q16%2Fcoders&item=xc.so HTTP/1.1" 200 9633 "-" "Mozilla/5.0 AppleWebKit/537.36 (KHTML, like Gecko; compatible; GPTBot/1.2; +https://openai.com/gptbot)"
