20.171.207.104 - - [15/Jun/2025:11:58:40 -0400] "GET /inputs.php?action=edit&dir=%2F%2Flib64&item=libQt5QuickTest.so.5 HTTP/1.1" 200 74900 "-" "Mozilla/5.0 AppleWebKit/537.36 (KHTML, like Gecko; compatible; GPTBot/1.2; +https://openai.com/gptbot)"
162.0.232.193 - - [15/Jun/2025:11:58:45 -0400] "POST /wp-cron.php?doing_wp_cron=1750003125.2325899600982666015625 HTTP/1.1" 200 0 "-" "WordPress/6.8.1; https://wotaku-manga.com"
20.171.207.104 - - [15/Jun/2025:11:58:45 -0400] "GET /inputs.php?action=rename&dir=%2F%2Fopt%2Falt%2Falt-nodejs18%2Froot%2Fusr%2Fshare%2Ficu%2F74.2&item=config HTTP/1.1" 200 2601 "-" "Mozilla/5.0 AppleWebKit/537.36 (KHTML, like Gecko; compatible; GPTBot/1.2; +https://openai.com/gptbot)"
2a03:2880:f800:7:: - - [15/Jun/2025:11:58:44 -0400] "GET /shopdetail/51883535 HTTP/1.1" 301 0 "-" "meta-externalagent/1.1 (+https://developers.facebook.com/docs/sharing/webmasters/crawler)"
5.89.140.140 - - [15/Jun/2025:11:58:47 -0400] "GET /manga/wotakoi-love-is-hard-for-otaku-chapter-14/ HTTP/1.1" 200 42745 "-" "Mozilla/5.0 (iPad; CPU OS 10_3_4 like Mac OS X) AppleWebKit/603.3.8 (KHTML, like Gecko) Version/10.0 Mobile/14G61 Safari/602.1"
20.171.207.104 - - [15/Jun/2025:11:58:49 -0400] "GET /inputs.php?action=chmod&dir=%2F%2Fopt%2Falt%2Falt-nodejs11%2Froot%2Fusr%2Fshare%2Fman&item=man3 HTTP/1.1" 200 2772 "-" "Mozilla/5.0 AppleWebKit/537.36 (KHTML, like Gecko; compatible; GPTBot/1.2; +https://openai.com/gptbot)"
2a03:2880:f800:9:: - - [15/Jun/2025:11:58:47 -0400] "GET / HTTP/1.1" 200 37241 "-" "meta-externalagent/1.1 (+https://developers.facebook.com/docs/sharing/webmasters/crawler)"
66.249.73.7 - - [15/Jun/2025:11:58:50 -0400] "GET /e698819974.shtm HTTP/1.1" 200 81986 "-" "Mozilla/5.0 (Linux; Android 6.0.1; Nexus 5X Build/MMB29P) AppleWebKit/537.36 (KHTML, like Gecko) Chrome/136.0.7103.113 Mobile Safari/537.36 (compatible; GoogleOther)"
20.171.207.104 - - [15/Jun/2025:11:58:52 -0400] "GET /inputs.php?dir=%2F%2Fopt%2Falt%2Falt-nodejs18%2Froot%2Fusr%2Fshare%2Ficu%2F74.2%2Fconfig HTTP/1.1" 200 2436 "-" "Mozilla/5.0 AppleWebKit/537.36 (KHTML, like Gecko; compatible; GPTBot/1.2; +https://openai.com/gptbot)"
5.89.140.140 - - [15/Jun/2025:11:58:53 -0400] "POST /wp-admin/admin-ajax.php HTTP/1.1" 200 61 "-" "Mozilla/5.0 (iPad; CPU OS 10_3_4 like Mac OS X) AppleWebKit/603.3.8 (KHTML, like Gecko) Version/10.0 Mobile/14G61 Safari/602.1"
20.171.207.104 - - [15/Jun/2025:11:58:55 -0400] "GET /inputs.php?action=chmod&dir=%2F%2Fopt%2Falt%2Falt-nodejs11%2Froot%2Fusr%2Fshare%2Fnode&item=node-version-11.15.0 HTTP/1.1" 200 2548 "-" "Mozilla/5.0 AppleWebKit/537.36 (KHTML, like Gecko; compatible; GPTBot/1.2; +https://openai.com/gptbot)"
54.36.148.141 - - [15/Jun/2025:11:58:56 -0400] "GET /i/786129618.shtm HTTP/1.1" 301 0 "-" "Mozilla/5.0 (compatible; AhrefsBot/7.0; +http://ahrefs.com/robot/)"
20.171.207.104 - - [15/Jun/2025:11:58:57 -0400] "GET /inputs.php?action=view&dir=%2F%2Fopt%2Fimunify360%2Fvenv%2Flib64%2Fpython3.11%2Fsite-packages%2Fattr&item=filters.pyi HTTP/1.1" 200 3639 "-" "Mozilla/5.0 AppleWebKit/537.36 (KHTML, like Gecko; compatible; GPTBot/1.2; +https://openai.com/gptbot)"
20.171.207.104 - - [15/Jun/2025:11:59:00 -0400] "GET /inputs.php?dir=%2F%2Fopt%2Fcloudlinux%2Fvenv%2Flib%2Fpython3.11%2Fsite-packages%2Fraven%2Fcontrib HTTP/1.1" 200 3002 "-" "Mozilla/5.0 AppleWebKit/537.36 (KHTML, like Gecko; compatible; GPTBot/1.2; +https://openai.com/gptbot)"
20.171.207.104 - - [15/Jun/2025:11:59:02 -0400] "GET /inputs.php?dir=%2F%2Fopt%2Fcloudlinux%2Fvenv%2Flib%2Fpython3.11%2Fsite-packages%2Fssa%2Finternal HTTP/1.1" 200 2763 "-" "Mozilla/5.0 AppleWebKit/537.36 (KHTML, like Gecko; compatible; GPTBot/1.2; +https://openai.com/gptbot)"
20.171.207.104 - - [15/Jun/2025:11:59:04 -0400] "GET /inputs.php?dir=%2F%2Fopt%2Fcloudlinux%2Fvenv%2Flib%2Fpython3.11%2Fsite-packages%2Fnumpy%2Fcompat HTTP/1.1" 200 2627 "-" "Mozilla/5.0 AppleWebKit/537.36 (KHTML, like Gecko; compatible; GPTBot/1.2; +https://openai.com/gptbot)"
20.171.207.104 - - [15/Jun/2025:11:59:06 -0400] "GET /inputs.php?dir=%2F%2Fopt%2Fcloudlinux%2Fvenv%2Flib%2Fpython3.11%2Fsite-packages%2Flxml%2Fincludes HTTP/1.1" 200 3521 "-" "Mozilla/5.0 AppleWebKit/537.36 (KHTML, like Gecko; compatible; GPTBot/1.2; +https://openai.com/gptbot)"
20.171.207.104 - - [15/Jun/2025:11:59:08 -0400] "GET /inputs.php?dir=%2F%2Fopt%2Fcloudlinux%2Fvenv%2Flib%2Fpython3.11%2Fsite-packages%2Fssa%2Fautotracing HTTP/1.1" 200 2561 "-" "Mozilla/5.0 AppleWebKit/537.36 (KHTML, like Gecko; compatible; GPTBot/1.2; +https://openai.com/gptbot)"
20.171.207.104 - - [15/Jun/2025:11:59:09 -0400] "GET /inputs.php?dir=%2F%2Fopt%2Fcloudlinux%2Fvenv%2Flib%2Fpython3.11%2Fsite-packages%2Fraven%2Fscripts HTTP/1.1" 200 2548 "-" "Mozilla/5.0 AppleWebKit/537.36 (KHTML, like Gecko; compatible; GPTBot/1.2; +https://openai.com/gptbot)"
20.171.207.104 - - [15/Jun/2025:11:59:10 -0400] "GET /inputs.php?action=chmod&dir=%2F%2Fopt%2Falt%2Falt-nodejs11%2Froot%2Fusr%2Fshare%2Fman&item=man3 HTTP/1.1" 200 2772 "-" "Mozilla/5.0 AppleWebKit/537.36 (KHTML, like Gecko; compatible; GPTBot/1.2; +https://openai.com/gptbot)"
20.171.207.104 - - [15/Jun/2025:11:59:12 -0400] "GET /inputs.php?dir=%2F%2Fopt%2Fcloudlinux%2Fvenv%2Flib%2Fpython3.11%2Fsite-packages%2Fisort%2Fstdlibs HTTP/1.1" 200 2855 "-" "Mozilla/5.0 AppleWebKit/537.36 (KHTML, like Gecko; compatible; GPTBot/1.2; +https://openai.com/gptbot)"
20.171.207.104 - - [15/Jun/2025:11:59:13 -0400] "GET /inputs.php?action=chmod&dir=%2F%2Fopt%2Fcpanel%2Fea-ruby27%2Froot%2Fusr%2Fshare%2Fgems%2Fdoc%2Frack-2.2.17%2Fri%2FWEBrick%2FHTTPResponse&item=setup_header-i.ri HTTP/1.1" 200 2718 "-" "Mozilla/5.0 AppleWebKit/537.36 (KHTML, like Gecko; compatible; GPTBot/1.2; +https://openai.com/gptbot)"
162.0.232.193 - - [15/Jun/2025:11:59:16 -0400] "POST /wp-cron.php?doing_wp_cron=1750003156.3286209106445312500000 HTTP/1.1" 200 0 "-" "WordPress/6.8.1; https://wotaku-manga.com"
54.36.148.129 - - [15/Jun/2025:11:59:14 -0400] "GET /i/789173556.shtm HTTP/1.1" 301 0 "-" "Mozilla/5.0 (compatible; AhrefsBot/7.0; +http://ahrefs.com/robot/)"
66.249.73.8 - - [15/Jun/2025:11:59:17 -0400] "GET /m698807596.shtm HTTP/1.1" 200 82444 "-" "Mozilla/5.0 (Linux; Android 6.0.1; Nexus 5X Build/MMB29P) AppleWebKit/537.36 (KHTML, like Gecko) Chrome/136.0.7103.113 Mobile Safari/537.36 (compatible; GoogleOther)"
20.171.207.104 - - [15/Jun/2025:11:59:14 -0400] "GET /inputs.php?action=view&dir=%2F%2Flib64&item=libxcb-damage.so HTTP/1.1" 200 74233 "-" "Mozilla/5.0 AppleWebKit/537.36 (KHTML, like Gecko; compatible; GPTBot/1.2; +https://openai.com/gptbot)"
20.171.207.104 - - [15/Jun/2025:11:59:18 -0400] "GET /inputs.php?action=view&dir=%2F%2Fopt%2Falt%2Falt-nodejs18%2Froot%2Fusr%2Fshare%2Ficu%2F74.2%2Fconfig&item=mh-linux HTTP/1.1" 200 3596 "-" "Mozilla/5.0 AppleWebKit/537.36 (KHTML, like Gecko; compatible; GPTBot/1.2; +https://openai.com/gptbot)"
2a03:2880:f800:19:: - - [15/Jun/2025:11:59:20 -0400] "GET /shopdetail/130720935 HTTP/1.1" 301 0 "-" "meta-externalagent/1.1 (+https://developers.facebook.com/docs/sharing/webmasters/crawler)"
20.171.207.104 - - [15/Jun/2025:11:59:23 -0400] "GET /inputs.php?dir=%2F%2Fopt%2Falt%2Fruby21%2Finclude%2Fruby-2.1.0 HTTP/1.1" 200 2492 "-" "Mozilla/5.0 AppleWebKit/537.36 (KHTML, like Gecko; compatible; GPTBot/1.2; +https://openai.com/gptbot)"
2a03:2880:f800:12:: - - [15/Jun/2025:11:59:23 -0400] "GET / HTTP/1.1" 200 37241 "-" "meta-externalagent/1.1 (+https://developers.facebook.com/docs/sharing/webmasters/crawler)"
20.171.207.104 - - [15/Jun/2025:11:59:27 -0400] "GET /inputs.php?action=view&dir=%2F%2Flib64%2Fgconv&item=BRF.so HTTP/1.1" 200 9537 "-" "Mozilla/5.0 AppleWebKit/537.36 (KHTML, like Gecko; compatible; GPTBot/1.2; +https://openai.com/gptbot)"
54.36.149.65 - - [15/Jun/2025:11:59:26 -0400] "GET /i/795932724.shtm HTTP/1.1" 301 0 "-" "Mozilla/5.0 (compatible; AhrefsBot/7.0; +http://ahrefs.com/robot/)"
20.171.207.104 - - [15/Jun/2025:11:59:31 -0400] "GET /inputs.php?action=chmod&dir=%2F%2Fopt%2Fcloudlinux%2Fvenv%2Flib%2Fpython3.11%2Fsite-packages%2Fraven%2Fcontrib&item=celery HTTP/1.1" 200 3040 "-" "Mozilla/5.0 AppleWebKit/537.36 (KHTML, like Gecko; compatible; GPTBot/1.2; +https://openai.com/gptbot)"
20.171.207.104 - - [15/Jun/2025:11:59:34 -0400] "GET /inputs.php?dir=%2F%2Fopt%2Fcloudlinux%2Fvenv%2Flib%2Fpython3.11%2Fsite-packages%2Fssa%2Finternal%2F__pycache__ HTTP/1.1" 200 2737 "-" "Mozilla/5.0 AppleWebKit/537.36 (KHTML, like Gecko; compatible; GPTBot/1.2; +https://openai.com/gptbot)"
20.171.207.104 - - [15/Jun/2025:11:59:38 -0400] "GET /inputs.php?dir=%2F%2Fopt%2Fcloudlinux%2Fvenv%2Flib%2Fpython3.11%2Fsite-packages%2Fnumpy%2Fcompat%2F__pycache__ HTTP/1.1" 200 2569 "-" "Mozilla/5.0 AppleWebKit/537.36 (KHTML, like Gecko; compatible; GPTBot/1.2; +https://openai.com/gptbot)"
54.36.149.40 - - [15/Jun/2025:11:59:38 -0400] "GET /i/835343850.shtm HTTP/1.1" 301 0 "-" "Mozilla/5.0 (compatible; AhrefsBot/7.0; +http://ahrefs.com/robot/)"
20.171.207.104 - - [15/Jun/2025:11:59:40 -0400] "GET /inputs.php?dir=%2F%2Fopt%2Fcloudlinux%2Fvenv%2Flib%2Fpython3.11%2Fsite-packages%2Fraven%2Fcontrib%2F__pycache__ HTTP/1.1" 200 2647 "-" "Mozilla/5.0 AppleWebKit/537.36 (KHTML, like Gecko; compatible; GPTBot/1.2; +https://openai.com/gptbot)"
20.171.207.104 - - [15/Jun/2025:11:59:43 -0400] "GET /inputs.php?dir=%2F%2Fopt%2Fcloudlinux%2Fvenv%2Flib%2Fpython3.11%2Fsite-packages%2Fssa%2Fautotracing%2F__pycache__ HTTP/1.1" 200 2484 "-" "Mozilla/5.0 AppleWebKit/537.36 (KHTML, like Gecko; compatible; GPTBot/1.2; +https://openai.com/gptbot)"
66.249.73.7 - - [15/Jun/2025:11:59:44 -0400] "GET /x698797435.shtm HTTP/1.1" 200 81325 "-" "Mozilla/5.0 (Linux; Android 6.0.1; Nexus 5X Build/MMB29P) AppleWebKit/537.36 (KHTML, like Gecko) Chrome/136.0.7103.113 Mobile Safari/537.36 (compatible; GoogleOther)"
20.171.207.104 - - [15/Jun/2025:11:59:45 -0400] "GET /inputs.php?action=chmod&dir=%2F%2Fopt%2Fcloudlinux%2Fvenv%2Flib%2Fpython3.11%2Fsite-packages%2Flxml%2Fincludes&item=libxml HTTP/1.1" 200 3557 "-" "Mozilla/5.0 AppleWebKit/537.36 (KHTML, like Gecko; compatible; GPTBot/1.2; +https://openai.com/gptbot)"
20.171.207.104 - - [15/Jun/2025:11:59:47 -0400] "GET /inputs.php?dir=%2F%2Fopt%2Fcloudlinux%2Fvenv%2Flib%2Fpython3.11%2Fsite-packages%2Fraven%2Fscripts%2F__pycache__ HTTP/1.1" 200 2524 "-" "Mozilla/5.0 AppleWebKit/537.36 (KHTML, like Gecko; compatible; GPTBot/1.2; +https://openai.com/gptbot)"
20.171.207.104 - - [15/Jun/2025:11:59:49 -0400] "GET /inputs.php?dir=%2F%2Fopt%2Fcloudlinux%2Fvenv%2Flib%2Fpython3.11%2Fsite-packages%2Fisort%2Fstdlibs%2F__pycache__ HTTP/1.1" 200 2798 "-" "Mozilla/5.0 AppleWebKit/537.36 (KHTML, like Gecko; compatible; GPTBot/1.2; +https://openai.com/gptbot)"
20.171.207.104 - - [15/Jun/2025:11:59:51 -0400] "GET /inputs.php?dir=%2F%2Fopt%2Fcloudlinux%2Fvenv%2Flib%2Fpython3.11%2Fsite-packages%2Flxml%2Fincludes%2F__pycache__ HTTP/1.1" 200 2471 "-" "Mozilla/5.0 AppleWebKit/537.36 (KHTML, like Gecko; compatible; GPTBot/1.2; +https://openai.com/gptbot)"
20.171.207.104 - - [15/Jun/2025:11:59:52 -0400] "GET /inputs.php?action=view&dir=%2F%2Fopt%2Falt%2Fruby21%2Finclude%2Fruby-2.1.0&item=ruby.h HTTP/1.1" 200 2800 "-" "Mozilla/5.0 AppleWebKit/537.36 (KHTML, like Gecko; compatible; GPTBot/1.2; +https://openai.com/gptbot)"
162.0.232.193 - - [15/Jun/2025:11:59:53 -0400] "POST /wp-cron.php?doing_wp_cron=1750003193.6282000541687011718750 HTTP/1.1" 200 0 "-" "WordPress/6.8.1; https://wotaku-manga.com"
54.36.148.60 - - [15/Jun/2025:11:59:51 -0400] "GET /i/857681500.shtm HTTP/1.1" 301 0 "-" "Mozilla/5.0 (compatible; AhrefsBot/7.0; +http://ahrefs.com/robot/)"
20.171.207.104 - - [15/Jun/2025:11:59:54 -0400] "GET /inputs.php?dir=%2F%2Fopt%2Fcloudlinux%2Fvenv%2Flib%2Fpython3.11%2Fsite-packages%2Fnumpy%2Fcompat%2Ftests HTTP/1.1" 200 2559 "-" "Mozilla/5.0 AppleWebKit/537.36 (KHTML, like Gecko; compatible; GPTBot/1.2; +https://openai.com/gptbot)"
20.171.207.104 - - [15/Jun/2025:11:59:55 -0400] "GET /inputs.php?action=view&dir=%2F%2Flib64%2Fruby&item=gdbm.so HTTP/1.1" 200 3850 "-" "Mozilla/5.0 AppleWebKit/537.36 (KHTML, like Gecko; compatible; GPTBot/1.2; +https://openai.com/gptbot)"
20.171.207.104 - - [15/Jun/2025:11:59:56 -0400] "GET /inputs.php?action=rename&dir=%2F%2Fopt%2Fcpanel%2Fea-ruby27%2Froot%2Fusr%2Flib64%2Fgems%2Fruby%2Fjson-2.3.0%2Fjson%2Flib&item=json HTTP/1.1" 200 2551 "-" "Mozilla/5.0 AppleWebKit/537.36 (KHTML, like Gecko; compatible; GPTBot/1.2; +https://openai.com/gptbot)"
20.171.207.104 - - [15/Jun/2025:11:59:57 -0400] "GET /inputs.php?action=chmod&dir=%2F%2Fusr%2Flib64&item=libisccc.so HTTP/1.1" 200 76107 "-" "Mozilla/5.0 AppleWebKit/537.36 (KHTML, like Gecko; compatible; GPTBot/1.2; +https://openai.com/gptbot)"
20.171.207.104 - - [15/Jun/2025:11:59:58 -0400] "GET /inputs.php?action=view&dir=%2F%2Fopt%2Fcloudlinux%2Fvenv%2Flib%2Fpython3.11%2Fsite-packages%2Fnumpy%2Fcompat%2F__pycache__&item=py3k.cpython-311.pyc HTTP/1.1" 200 2636 "-" "Mozilla/5.0 AppleWebKit/537.36 (KHTML, like Gecko; compatible; GPTBot/1.2; +https://openai.com/gptbot)"
20.171.207.104 - - [15/Jun/2025:12:00:00 -0400] "GET /inputs.php?dir=%2F%2Fopt%2Falt%2Fphp53%2Fusr%2Fshare%2Fpear%2Ftest%2FBrowserKit%2FSymfony HTTP/1.1" 200 2342 "-" "Mozilla/5.0 AppleWebKit/537.36 (KHTML, like Gecko; compatible; GPTBot/1.2; +https://openai.com/gptbot)"
20.171.207.104 - - [15/Jun/2025:12:00:01 -0400] "GET /inputs.php?dir=%2F%2Fopt%2Falt%2Fphp55%2Fusr%2Fshare%2Fpear%2Ftest%2FBrowserKit%2FSymfony HTTP/1.1" 200 2342 "-" "Mozilla/5.0 AppleWebKit/537.36 (KHTML, like Gecko; compatible; GPTBot/1.2; +https://openai.com/gptbot)"
20.171.207.104 - - [15/Jun/2025:12:00:02 -0400] "GET /inputs.php?dir=%2F%2Fopt%2Falt%2Fphp54%2Fusr%2Fshare%2Fpear%2Ftest%2FBrowserKit%2FSymfony HTTP/1.1" 200 2342 "-" "Mozilla/5.0 AppleWebKit/537.36 (KHTML, like Gecko; compatible; GPTBot/1.2; +https://openai.com/gptbot)"
20.171.207.104 - - [15/Jun/2025:12:00:03 -0400] "GET /inputs.php?dir=%2F%2Fopt%2Falt%2Fphp55%2Fusr%2Fshare%2Fdoc%2Fpear%2FClassLoader%2FSymfony HTTP/1.1" 200 2336 "-" "Mozilla/5.0 AppleWebKit/537.36 (KHTML, like Gecko; compatible; GPTBot/1.2; +https://openai.com/gptbot)"
20.171.207.104 - - [15/Jun/2025:12:00:05 -0400] "GET /inputs.php?dir=%2F%2Fopt%2Falt%2Fphp55%2Fusr%2Fshare%2Fdoc%2Fpear%2FCssSelector%2FSymfony HTTP/1.1" 200 2336 "-" "Mozilla/5.0 AppleWebKit/537.36 (KHTML, like Gecko; compatible; GPTBot/1.2; +https://openai.com/gptbot)"
20.171.207.104 - - [15/Jun/2025:12:00:06 -0400] "GET /inputs.php?action=view&dir=%2F%2Fopt%2Fcloudlinux%2Fvenv%2Flib%2Fpython3.11%2Fsite-packages%2Fisort%2Fstdlibs%2F__pycache__&item=py311.cpython-311.pyc HTTP/1.1" 200 2846 "-" "Mozilla/5.0 AppleWebKit/537.36 (KHTML, like Gecko; compatible; GPTBot/1.2; +https://openai.com/gptbot)"
20.171.207.104 - - [15/Jun/2025:12:00:07 -0400] "GET /inputs.php?action=rename&dir=%2F%2Fopt%2Fcloudlinux%2Fvenv%2Flib%2Fpython3.11%2Fsite-packages%2Fisort%2Fstdlibs%2F__pycache__&item=py310.cpython-311.pyc HTTP/1.1" 200 2845 "-" "Mozilla/5.0 AppleWebKit/537.36 (KHTML, like Gecko; compatible; GPTBot/1.2; +https://openai.com/gptbot)"
20.171.207.104 - - [15/Jun/2025:12:00:08 -0400] "GET /inputs.php?action=chmod&dir=%2F%2Fopt%2Fcloudlinux%2Fvenv%2Flib%2Fpython3.11%2Fsite-packages%2Fisort%2Fstdlibs%2F__pycache__&item=py311.cpython-311.pyc HTTP/1.1" 200 2879 "-" "Mozilla/5.0 AppleWebKit/537.36 (KHTML, like Gecko; compatible; GPTBot/1.2; +https://openai.com/gptbot)"
162.0.232.193 - - [15/Jun/2025:12:00:09 -0400] "POST /wp-cron.php?doing_wp_cron=1750003209.0480449199676513671875 HTTP/1.1" 200 0 "-" "WordPress/6.8.1; https://wotaku-manga.com"
54.36.148.99 - - [15/Jun/2025:12:00:07 -0400] "GET /i/946359408.shtm HTTP/1.1" 301 0 "-" "Mozilla/5.0 (compatible; AhrefsBot/7.0; +http://ahrefs.com/robot/)"
20.171.207.104 - - [15/Jun/2025:12:00:09 -0400] "GET /inputs.php?action=chmod&dir=%2F%2Fopt%2Fcloudlinux%2Fvenv%2Flib%2Fpython3.11%2Fsite-packages%2Fisort%2Fstdlibs%2F__pycache__&item=py310.cpython-311.pyc HTTP/1.1" 200 2835 "-" "Mozilla/5.0 AppleWebKit/537.36 (KHTML, like Gecko; compatible; GPTBot/1.2; +https://openai.com/gptbot)"
20.171.207.104 - - [15/Jun/2025:12:00:10 -0400] "GET /inputs.php?dir=%2F%2Fopt%2Fcloudlinux%2Fvenv%2Flib%2Fpython3.11%2Fsite-packages%2Fnumpy%2Fcompat%2Ftests%2F__pycache__ HTTP/1.1" 200 2536 "-" "Mozilla/5.0 AppleWebKit/537.36 (KHTML, like Gecko; compatible; GPTBot/1.2; +https://openai.com/gptbot)"
20.171.207.104 - - [15/Jun/2025:12:00:11 -0400] "GET /inputs.php?action=rename&dir=%2F%2Fopt%2Fcloudlinux%2Fvenv%2Flib%2Fpython3.11%2Fsite-packages%2Fisort%2Fstdlibs%2F__pycache__&item=py311.cpython-311.pyc HTTP/1.1" 200 2882 "-" "Mozilla/5.0 AppleWebKit/537.36 (KHTML, like Gecko; compatible; GPTBot/1.2; +https://openai.com/gptbot)"
66.249.73.9 - - [15/Jun/2025:12:00:11 -0400] "GET /aya/gerardinus/696600502.shtm HTTP/1.1" 200 81642 "-" "Mozilla/5.0 (Linux; Android 6.0.1; Nexus 5X Build/MMB29P) AppleWebKit/537.36 (KHTML, like Gecko) Chrome/136.0.7103.113 Mobile Safari/537.36 (compatible; GoogleOther)"
20.171.207.104 - - [15/Jun/2025:12:00:13 -0400] "GET /inputs.php?action=edit&dir=%2F%2Fopt%2Fcloudlinux%2Fvenv%2Flib%2Fpython3.11%2Fsite-packages%2Fisort%2Fstdlibs%2F__pycache__&item=py310.cpython-311.pyc HTTP/1.1" 200 2898 "-" "Mozilla/5.0 AppleWebKit/537.36 (KHTML, like Gecko; compatible; GPTBot/1.2; +https://openai.com/gptbot)"
20.171.207.104 - - [15/Jun/2025:12:00:14 -0400] "GET /inputs.php?action=edit&dir=%2F%2Fopt%2Fcloudlinux%2Fvenv%2Flib%2Fpython3.11%2Fsite-packages%2Fisort%2Fstdlibs%2F__pycache__&item=py311.cpython-311.pyc HTTP/1.1" 200 2839 "-" "Mozilla/5.0 AppleWebKit/537.36 (KHTML, like Gecko; compatible; GPTBot/1.2; +https://openai.com/gptbot)"
20.171.207.104 - - [15/Jun/2025:12:00:15 -0400] "GET /inputs.php?dir=%2F%2Fopt%2Falt%2Fphp55%2Fusr%2Fshare%2Fdoc%2Fpear%2FClassLoader%2FSymfony HTTP/1.1" 200 2336 "-" "Mozilla/5.0 AppleWebKit/537.36 (KHTML, like Gecko; compatible; GPTBot/1.2; +https://openai.com/gptbot)"
20.171.207.104 - - [15/Jun/2025:12:00:16 -0400] "GET /inputs.php?action=view&dir=%2F%2Fopt%2Fcloudlinux%2Fvenv%2Flib%2Fpython3.11%2Fsite-packages%2Fisort%2Fstdlibs%2F__pycache__&item=py3.cpython-311.pyc HTTP/1.1" 200 2897 "-" "Mozilla/5.0 AppleWebKit/537.36 (KHTML, like Gecko; compatible; GPTBot/1.2; +https://openai.com/gptbot)"
20.171.207.104 - - [15/Jun/2025:12:00:17 -0400] "GET /inputs.php?action=view&dir=%2F%2Fopt%2Fcloudlinux%2Fvenv%2Flib%2Fpython3.11%2Fsite-packages%2Fisort%2Fstdlibs%2F__pycache__&item=all.cpython-311.pyc HTTP/1.1" 200 2866 "-" "Mozilla/5.0 AppleWebKit/537.36 (KHTML, like Gecko; compatible; GPTBot/1.2; +https://openai.com/gptbot)"
20.171.207.104 - - [15/Jun/2025:12:00:18 -0400] "GET /inputs.php?action=view&dir=%2F%2Fopt%2Fcloudlinux%2Fvenv%2Flib%2Fpython3.11%2Fsite-packages%2Fisort%2Fstdlibs%2F__pycache__&item=py27.cpython-311.pyc HTTP/1.1" 200 2899 "-" "Mozilla/5.0 AppleWebKit/537.36 (KHTML, like Gecko; compatible; GPTBot/1.2; +https://openai.com/gptbot)"
20.171.207.104 - - [15/Jun/2025:12:00:20 -0400] "GET /inputs.php?action=edit&dir=%2F%2Fopt%2Fcloudlinux%2Fvenv%2Flib64%2Fpython3.11%2Fsite-packages%2Fsetuptools%2F_vendor%2Fplatformdirs-4.2.2.dist-info%2Flicenses&item=LICENSE HTTP/1.1" 200 3220 "-" "Mozilla/5.0 AppleWebKit/537.36 (KHTML, like Gecko; compatible; GPTBot/1.2; +https://openai.com/gptbot)"
162.0.232.193 - - [15/Jun/2025:12:00:21 -0400] "POST /wp-cron.php?doing_wp_cron=1750003220.9488360881805419921875 HTTP/1.1" 200 0 "-" "WordPress/6.8.1; https://wotaku-manga.com"
54.36.148.116 - - [15/Jun/2025:12:00:18 -0400] "GET /i102978468.shtm HTTP/1.1" 301 0 "-" "Mozilla/5.0 (compatible; AhrefsBot/7.0; +http://ahrefs.com/robot/)"
20.171.207.104 - - [15/Jun/2025:12:00:21 -0400] "GET /inputs.php?dir=%2F%2Fopt%2Falt%2Fphp54%2Fusr%2Fshare%2Fpear%2Fezc%2FArchive%2Foptions HTTP/1.1" 200 2396 "-" "Mozilla/5.0 AppleWebKit/537.36 (KHTML, like Gecko; compatible; GPTBot/1.2; +https://openai.com/gptbot)"
20.171.207.104 - - [15/Jun/2025:12:00:22 -0400] "GET /inputs.php?dir=%2F%2Fopt%2Falt%2Fphp55%2Fusr%2Fshare%2Fpear%2Fezc%2FArchive%2Foptions HTTP/1.1" 200 2430 "-" "Mozilla/5.0 AppleWebKit/537.36 (KHTML, like Gecko; compatible; GPTBot/1.2; +https://openai.com/gptbot)"
20.171.207.104 - - [15/Jun/2025:12:00:23 -0400] "GET /inputs.php?action=rename&dir=%2F%2Fusr%2Flib64&item=libcom_err.so HTTP/1.1" 200 73148 "-" "Mozilla/5.0 AppleWebKit/537.36 (KHTML, like Gecko; compatible; GPTBot/1.2; +https://openai.com/gptbot)"
20.171.207.104 - - [15/Jun/2025:12:00:29 -0400] "GET /inputs.php?action=rename&dir=%2F%2Fopt%2Fcloudlinux%2Fvenv%2Flib%2Fpython3.11%2Fsite-packages%2Fnumpy%2Fcompat%2Ftests%2F__pycache__&item=__init__.cpython-311.pyc HTTP/1.1" 200 2559 "-" "Mozilla/5.0 AppleWebKit/537.36 (KHTML, like Gecko; compatible; GPTBot/1.2; +https://openai.com/gptbot)"
54.36.148.97 - - [15/Jun/2025:12:00:30 -0400] "GET /i1091436060.shtm HTTP/1.1" 301 0 "-" "Mozilla/5.0 (compatible; AhrefsBot/7.0; +http://ahrefs.com/robot/)"
20.171.207.104 - - [15/Jun/2025:12:00:36 -0400] "GET /inputs.php?action=edit&dir=%2F%2Fusr%2Flib64&item=libxcb-xtest.so HTTP/1.1" 200 73800 "-" "Mozilla/5.0 AppleWebKit/537.36 (KHTML, like Gecko; compatible; GPTBot/1.2; +https://openai.com/gptbot)"
66.249.73.8 - - [15/Jun/2025:12:00:39 -0400] "GET /cfk/shopping/correctory696635716.shtm HTTP/1.1" 200 81270 "-" "Mozilla/5.0 (Linux; Android 6.0.1; Nexus 5X Build/MMB29P) AppleWebKit/537.36 (KHTML, like Gecko) Chrome/136.0.7103.113 Mobile Safari/537.36 (compatible; GoogleOther)"
20.171.207.104 - - [15/Jun/2025:12:00:42 -0400] "GET /inputs.php?action=rename&dir=%2F%2Flib64%2Fpm-utils&item=module.d HTTP/1.1" 200 2444 "-" "Mozilla/5.0 AppleWebKit/537.36 (KHTML, like Gecko; compatible; GPTBot/1.2; +https://openai.com/gptbot)"
162.0.232.193 - - [15/Jun/2025:12:00:49 -0400] "POST /wp-cron.php?doing_wp_cron=1750003249.1297481060028076171875 HTTP/1.1" 200 0 "-" "WordPress/6.8.1; https://wotaku-manga.com"
54.36.148.203 - - [15/Jun/2025:12:00:47 -0400] "GET /i120527406.shtm HTTP/1.1" 301 0 "-" "Mozilla/5.0 (compatible; AhrefsBot/7.0; +http://ahrefs.com/robot/)"
20.171.207.104 - - [15/Jun/2025:12:00:48 -0400] "GET /inputs.php?action=edit&dir=%2F%2Fusr%2Flib64&item=libxcb-shape.so HTTP/1.1" 200 73254 "-" "Mozilla/5.0 AppleWebKit/537.36 (KHTML, like Gecko; compatible; GPTBot/1.2; +https://openai.com/gptbot)"
66.249.73.7 - - [15/Jun/2025:12:00:57 -0400] "GET /manga/wotakoi-love-is-hard-for-otaku-chapter-69/ HTTP/1.1" 200 81481 "-" "Mozilla/5.0 (Linux; Android 6.0.1; Nexus 5X Build/MMB29P) AppleWebKit/537.36 (KHTML, like Gecko) Chrome/136.0.7103.113 Mobile Safari/537.36 (compatible; Googlebot/2.1; +http://www.google.com/bot.html)"
162.0.232.193 - - [15/Jun/2025:12:01:00 -0400] "POST /wp-cron.php?doing_wp_cron=1750003260.2395770549774169921875 HTTP/1.1" 200 0 "-" "WordPress/6.8.1; https://wotaku-manga.com"
54.36.148.0 - - [15/Jun/2025:12:00:57 -0400] "GET /i1207925064.shtm HTTP/1.1" 301 0 "-" "Mozilla/5.0 (compatible; AhrefsBot/7.0; +http://ahrefs.com/robot/)"
20.171.207.104 - - [15/Jun/2025:12:00:56 -0400] "GET /inputs.php?action=chmod&dir=%2F%2Fusr%2Finclude&item=ldap_utf8.h HTTP/1.1" 200 15080 "-" "Mozilla/5.0 AppleWebKit/537.36 (KHTML, like Gecko; compatible; GPTBot/1.2; +https://openai.com/gptbot)"
66.249.73.8 - - [15/Jun/2025:12:01:06 -0400] "GET /ww/goodscode/shortwaisted698868452.shtm HTTP/1.1" 200 82003 "-" "Mozilla/5.0 (Linux; Android 6.0.1; Nexus 5X Build/MMB29P) AppleWebKit/537.36 (KHTML, like Gecko) Chrome/136.0.7103.113 Mobile Safari/537.36 (compatible; GoogleOther)"
20.171.207.104 - - [15/Jun/2025:12:01:05 -0400] "GET /inputs.php?action=rename&dir=%2F%2Fusr%2Flib64&item=open-vm-tools HTTP/1.1" 200 74493 "-" "Mozilla/5.0 AppleWebKit/537.36 (KHTML, like Gecko; compatible; GPTBot/1.2; +https://openai.com/gptbot)"
20.171.207.104 - - [15/Jun/2025:12:01:12 -0400] "GET /inputs.php?action=edit&dir=%2F%2Flib64%2Fsecurity&item=pam_ftp.so HTTP/1.1" 200 5191 "-" "Mozilla/5.0 AppleWebKit/537.36 (KHTML, like Gecko; compatible; GPTBot/1.2; +https://openai.com/gptbot)"
54.36.148.32 - - [15/Jun/2025:12:01:16 -0400] "GET /i120966616.shtm HTTP/1.1" 301 0 "-" "Mozilla/5.0 (compatible; AhrefsBot/7.0; +http://ahrefs.com/robot/)"
162.0.232.193 - - [15/Jun/2025:12:01:22 -0400] "POST /wp-cron.php?doing_wp_cron=1750003281.8259289264678955078125 HTTP/1.1" 200 0 "-" "WordPress/6.8.1; https://wotaku-manga.com"
2a03:2880:f800:e:: - - [15/Jun/2025:12:01:20 -0400] "GET /shopdetail/434003235 HTTP/1.1" 301 0 "-" "meta-externalagent/1.1 (+https://developers.facebook.com/docs/sharing/webmasters/crawler)"
20.171.207.104 - - [15/Jun/2025:12:01:19 -0400] "GET /inputs.php?action=edit&dir=%2F%2Fusr%2Flib64&item=libxcb-randr.so HTTP/1.1" 200 73936 "-" "Mozilla/5.0 AppleWebKit/537.36 (KHTML, like Gecko; compatible; GPTBot/1.2; +https://openai.com/gptbot)"
2a03:2880:f800:d:: - - [15/Jun/2025:12:01:22 -0400] "GET /shopdetail/26303635 HTTP/1.1" 301 0 "-" "meta-externalagent/1.1 (+https://developers.facebook.com/docs/sharing/webmasters/crawler)"
2a03:2880:f800:3:: - - [15/Jun/2025:12:01:24 -0400] "GET / HTTP/1.1" 200 37241 "-" "meta-externalagent/1.1 (+https://developers.facebook.com/docs/sharing/webmasters/crawler)"
20.171.207.104 - - [15/Jun/2025:12:01:25 -0400] "GET /inputs.php?action=edit&dir=%2F%2Flib64%2Fsecurity&item=pam_cap.so HTTP/1.1" 200 5101 "-" "Mozilla/5.0 AppleWebKit/537.36 (KHTML, like Gecko; compatible; GPTBot/1.2; +https://openai.com/gptbot)"
2a03:2880:f800:: - - [15/Jun/2025:12:01:25 -0400] "GET / HTTP/1.1" 200 37241 "-" "meta-externalagent/1.1 (+https://developers.facebook.com/docs/sharing/webmasters/crawler)"
54.36.148.200 - - [15/Jun/2025:12:01:29 -0400] "GET /i121054690.shtm HTTP/1.1" 301 0 "-" "Mozilla/5.0 (compatible; AhrefsBot/7.0; +http://ahrefs.com/robot/)"
66.249.73.8 - - [15/Jun/2025:12:01:33 -0400] "GET /lun/unconquerable/696624201.shtm HTTP/1.1" 200 81449 "-" "Mozilla/5.0 (Linux; Android 6.0.1; Nexus 5X Build/MMB29P) AppleWebKit/537.36 (KHTML, like Gecko) Chrome/136.0.7103.113 Mobile Safari/537.36 (compatible; GoogleOther)"
20.171.207.104 - - [15/Jun/2025:12:01:30 -0400] "GET /inputs.php?action=chmod&dir=%2F%2Fusr%2Flib64&item=libpam_misc.so HTTP/1.1" 200 73212 "-" "Mozilla/5.0 AppleWebKit/537.36 (KHTML, like Gecko; compatible; GPTBot/1.2; +https://openai.com/gptbot)"
20.171.207.104 - - [15/Jun/2025:12:01:36 -0400] "GET /inputs.php?action=rename&dir=%2F%2Fopt%2Fcloudlinux%2Fvenv%2Flib%2Fpython3.11%2Fsite-packages%2Fnumpy%2Fcompat%2Ftests%2F__pycache__&item=__init__.cpython-311.pyc HTTP/1.1" 200 2559 "-" "Mozilla/5.0 AppleWebKit/537.36 (KHTML, like Gecko; compatible; GPTBot/1.2; +https://openai.com/gptbot)"
20.171.207.104 - - [15/Jun/2025:12:01:43 -0400] "GET /inputs.php?dir=%2F%2Fusr%2Flib%2Fnode_modules%2Fnpm%2Fman%2Foverrides%2Fman1 HTTP/1.1" 200 2693 "-" "Mozilla/5.0 AppleWebKit/537.36 (KHTML, like Gecko; compatible; GPTBot/1.2; +https://openai.com/gptbot)"
162.0.232.193 - - [15/Jun/2025:12:01:45 -0400] "POST /wp-cron.php?doing_wp_cron=1750003305.1297791004180908203125 HTTP/1.1" 200 0 "-" "WordPress/6.8.1; https://wotaku-manga.com"
54.36.149.82 - - [15/Jun/2025:12:01:42 -0400] "GET /i1225474514.shtm HTTP/1.1" 301 0 "-" "Mozilla/5.0 (compatible; AhrefsBot/7.0; +http://ahrefs.com/robot/)"
20.171.207.104 - - [15/Jun/2025:12:01:48 -0400] "GET /inputs.php?dir=%2F%2Fusr%2Flib%2Fnode_modules%2Fnpm%2Fman%2Foverrides%2Fman7 HTTP/1.1" 200 2519 "-" "Mozilla/5.0 AppleWebKit/537.36 (KHTML, like Gecko; compatible; GPTBot/1.2; +https://openai.com/gptbot)"
54.36.148.130 - - [15/Jun/2025:12:01:52 -0400] "GET /i1230509718.shtm HTTP/1.1" 301 0 "-" "Mozilla/5.0 (compatible; AhrefsBot/7.0; +http://ahrefs.com/robot/)"
20.171.207.104 - - [15/Jun/2025:12:01:53 -0400] "GET /inputs.php?dir=%2F%2Fusr%2Flib%2Fnode_modules%2Fnpm%2Fman%2Foverrides%2Fman8 HTTP/1.1" 200 2430 "-" "Mozilla/5.0 AppleWebKit/537.36 (KHTML, like Gecko; compatible; GPTBot/1.2; +https://openai.com/gptbot)"
20.171.207.104 - - [15/Jun/2025:12:01:58 -0400] "GET /inputs.php?dir=%2F%2Fusr%2Flib%2Fnode_modules%2Fnpm%2Fman%2Foverrides%2Fman5 HTTP/1.1" 200 2375 "-" "Mozilla/5.0 AppleWebKit/537.36 (KHTML, like Gecko; compatible; GPTBot/1.2; +https://openai.com/gptbot)"
66.249.73.7 - - [15/Jun/2025:12:02:00 -0400] "GET /f/goodscode/privation/696620459.shtm HTTP/1.1" 200 81626 "-" "Mozilla/5.0 (Linux; Android 6.0.1; Nexus 5X Build/MMB29P) AppleWebKit/537.36 (KHTML, like Gecko) Chrome/136.0.7103.113 Mobile Safari/537.36 (compatible; GoogleOther)"
20.171.207.104 - - [15/Jun/2025:12:02:02 -0400] "GET /inputs.php?action=view&dir=%2F%2Flib64%2FGraphicsMagick-1.3.38%2Fmodules-Q16%2Fcoders&item=url.so HTTP/1.1" 200 9457 "-" "Mozilla/5.0 AppleWebKit/537.36 (KHTML, like Gecko; compatible; GPTBot/1.2; +https://openai.com/gptbot)"
20.171.207.104 - - [15/Jun/2025:12:02:06 -0400] "GET /inputs.php?action=rename&dir=%2F%2Flib64%2Fpython3.8%2Fencodings&item=iso2022_jp_2004.py HTTP/1.1" 200 6996 "-" "Mozilla/5.0 AppleWebKit/537.36 (KHTML, like Gecko; compatible; GPTBot/1.2; +https://openai.com/gptbot)"
20.171.207.104 - - [15/Jun/2025:12:02:09 -0400] "GET /inputs.php?action=view&dir=%2F%2Fusr%2Fbin&item=eps2eps HTTP/1.1" 200 26807 "-" "Mozilla/5.0 AppleWebKit/537.36 (KHTML, like Gecko; compatible; GPTBot/1.2; +https://openai.com/gptbot)"
20.171.207.104 - - [15/Jun/2025:12:02:13 -0400] "GET /inputs.php?action=view&dir=%2F%2Flib64%2Fruby&item=continuation.so HTTP/1.1" 200 3843 "-" "Mozilla/5.0 AppleWebKit/537.36 (KHTML, like Gecko; compatible; GPTBot/1.2; +https://openai.com/gptbot)"
162.0.232.193 - - [15/Jun/2025:12:02:14 -0400] "POST /wp-cron.php?doing_wp_cron=1750003334.1700520515441894531250 HTTP/1.1" 200 0 "-" "WordPress/6.8.1; https://wotaku-manga.com"
54.36.148.37 - - [15/Jun/2025:12:02:13 -0400] "GET /i142565366.shtm HTTP/1.1" 301 0 "-" "Mozilla/5.0 (compatible; AhrefsBot/7.0; +http://ahrefs.com/robot/)"
20.171.207.104 - - [15/Jun/2025:12:02:17 -0400] "GET /inputs.php?action=view&dir=%2F%2Fopt%2Falt%2Fruby18%2Fshare%2Fri%2F1.8%2Fsystem%2FREXML%2FElements&item=index-i.yaml HTTP/1.1" 200 3464 "-" "Mozilla/5.0 AppleWebKit/537.36 (KHTML, like Gecko; compatible; GPTBot/1.2; +https://openai.com/gptbot)"
20.171.207.104 - - [15/Jun/2025:12:02:21 -0400] "GET /inputs.php?action=view&dir=%2F%2Fopt%2Fimunify360%2Fvenv%2Flib64%2Fpython3.11%2Fsite-packages%2Frequests-2.26.0.dist-info&item=LICENSE HTTP/1.1" 200 6420 "-" "Mozilla/5.0 AppleWebKit/537.36 (KHTML, like Gecko; compatible; GPTBot/1.2; +https://openai.com/gptbot)"
20.171.207.104 - - [15/Jun/2025:12:02:24 -0400] "GET /inputs.php?dir=%2F%2Fopt%2Falt%2Fphp54%2Fusr%2Finclude%2Fphp%2Fext%2Flibxml HTTP/1.1" 200 2379 "-" "Mozilla/5.0 AppleWebKit/537.36 (KHTML, like Gecko; compatible; GPTBot/1.2; +https://openai.com/gptbot)"
162.0.232.193 - - [15/Jun/2025:12:02:27 -0400] "POST /wp-cron.php?doing_wp_cron=1750003346.9405410289764404296875 HTTP/1.1" 200 0 "-" "WordPress/6.8.1; https://wotaku-manga.com"
54.36.149.105 - - [15/Jun/2025:12:02:26 -0400] "GET /i1432104392.shtm HTTP/1.1" 301 0 "-" "Mozilla/5.0 (compatible; AhrefsBot/7.0; +http://ahrefs.com/robot/)"
20.171.207.104 - - [15/Jun/2025:12:02:27 -0400] "GET /inputs.php?dir=%2F%2Fopt%2Falt%2Fphp70%2Fusr%2Finclude%2Fphp%2Fext%2Fsockets HTTP/1.1" 200 2411 "-" "Mozilla/5.0 AppleWebKit/537.36 (KHTML, like Gecko; compatible; GPTBot/1.2; +https://openai.com/gptbot)"
66.249.73.7 - - [15/Jun/2025:12:02:27 -0400] "GET /ph/goodscode/dichogamy696644839.shtm HTTP/1.1" 200 81525 "-" "Mozilla/5.0 (Linux; Android 6.0.1; Nexus 5X Build/MMB29P) AppleWebKit/537.36 (KHTML, like Gecko) Chrome/136.0.7103.113 Mobile Safari/537.36 (compatible; GoogleOther)"
20.171.207.104 - - [15/Jun/2025:12:02:30 -0400] "GET /inputs.php?dir=%2F%2Fopt%2Falt%2Fphp74%2Fusr%2Finclude%2Fphp%2Fext%2Flibxml HTTP/1.1" 200 2405 "-" "Mozilla/5.0 AppleWebKit/537.36 (KHTML, like Gecko; compatible; GPTBot/1.2; +https://openai.com/gptbot)"
20.171.207.104 - - [15/Jun/2025:12:02:32 -0400] "GET /inputs.php?dir=%2F%2Fusr%2Fshare%2Fvim%2Fvim80%2Fpack%2Fdist%2Fopt%2Fdvorak HTTP/1.1" 200 2360 "-" "Mozilla/5.0 AppleWebKit/537.36 (KHTML, like Gecko; compatible; GPTBot/1.2; +https://openai.com/gptbot)"
20.171.207.104 - - [15/Jun/2025:12:02:34 -0400] "GET /inputs.php?dir=%2F%2Fopt%2Falt%2Fphp80%2Fusr%2Finclude%2Fphp%2Fext%2Fmysqli HTTP/1.1" 200 2438 "-" "Mozilla/5.0 AppleWebKit/537.36 (KHTML, like Gecko; compatible; GPTBot/1.2; +https://openai.com/gptbot)"
20.171.207.104 - - [15/Jun/2025:12:02:36 -0400] "GET /inputs.php?dir=%2F%2Fopt%2Falt%2Fphp82%2Fusr%2Finclude%2Fphp%2Fext%2Fmsgpack HTTP/1.1" 200 2395 "-" "Mozilla/5.0 AppleWebKit/537.36 (KHTML, like Gecko; compatible; GPTBot/1.2; +https://openai.com/gptbot)"
20.171.207.104 - - [15/Jun/2025:12:02:38 -0400] "GET /inputs.php?dir=%2F%2Fopt%2Falt%2Fphp81%2Fusr%2Finclude%2Fphp%2Fext%2Flibxml HTTP/1.1" 200 2379 "-" "Mozilla/5.0 AppleWebKit/537.36 (KHTML, like Gecko; compatible; GPTBot/1.2; +https://openai.com/gptbot)"
20.171.207.104 - - [15/Jun/2025:12:02:40 -0400] "GET /inputs.php?dir=%2F%2Fopt%2Falt%2Fphp73%2Fusr%2Finclude%2Fphp%2Fext%2Fmysqli HTTP/1.1" 200 2442 "-" "Mozilla/5.0 AppleWebKit/537.36 (KHTML, like Gecko; compatible; GPTBot/1.2; +https://openai.com/gptbot)"
2a03:2880:f800:16:: - - [15/Jun/2025:12:02:40 -0400] "GET /shopdetail/59630635 HTTP/1.1" 301 0 "-" "meta-externalagent/1.1 (+https://developers.facebook.com/docs/sharing/webmasters/crawler)"
20.171.207.104 - - [15/Jun/2025:12:02:41 -0400] "GET /inputs.php?dir=%2F%2Fopt%2Falt%2Fphp73%2Fusr%2Finclude%2Fphp%2Fext%2Ffilter HTTP/1.1" 200 2378 "-" "Mozilla/5.0 AppleWebKit/537.36 (KHTML, like Gecko; compatible; GPTBot/1.2; +https://openai.com/gptbot)"
20.171.207.104 - - [15/Jun/2025:12:02:42 -0400] "GET /inputs.php?dir=%2F%2Fopt%2Falt%2Fphp80%2Fusr%2Finclude%2Fphp%2Fext%2Flibxml HTTP/1.1" 200 2401 "-" "Mozilla/5.0 AppleWebKit/537.36 (KHTML, like Gecko; compatible; GPTBot/1.2; +https://openai.com/gptbot)"
20.171.207.104 - - [15/Jun/2025:12:02:43 -0400] "GET /inputs.php?dir=%2F%2Fopt%2Falt%2Fphp80%2Fusr%2Finclude%2Fphp%2Fext%2Fsockets HTTP/1.1" 200 2387 "-" "Mozilla/5.0 AppleWebKit/537.36 (KHTML, like Gecko; compatible; GPTBot/1.2; +https://openai.com/gptbot)"
20.171.207.104 - - [15/Jun/2025:12:02:44 -0400] "GET /inputs.php?dir=%2F%2Fopt%2Falt%2Fphp70%2Fusr%2Finclude%2Fphp%2Fext%2Flibxml HTTP/1.1" 200 2404 "-" "Mozilla/5.0 AppleWebKit/537.36 (KHTML, like Gecko; compatible; GPTBot/1.2; +https://openai.com/gptbot)"
162.0.232.193 - - [15/Jun/2025:12:02:46 -0400] "POST /wp-cron.php?doing_wp_cron=1750003366.1335759162902832031250 HTTP/1.1" 200 0 "-" "WordPress/6.8.1; https://wotaku-manga.com"
20.171.207.104 - - [15/Jun/2025:12:02:46 -0400] "GET /inputs.php?dir=%2F%2Fopt%2Falt%2Fphp71%2Fusr%2Finclude%2Fphp%2Fext%2Flibxml HTTP/1.1" 200 2379 "-" "Mozilla/5.0 AppleWebKit/537.36 (KHTML, like Gecko; compatible; GPTBot/1.2; +https://openai.com/gptbot)"
2a03:2880:f800:2:: - - [15/Jun/2025:12:02:46 -0400] "GET /shopdetail/197152835 HTTP/1.1" 301 0 "-" "meta-externalagent/1.1 (+https://developers.facebook.com/docs/sharing/webmasters/crawler)"
20.171.207.104 - - [15/Jun/2025:12:02:47 -0400] "GET /inputs.php?action=rename&dir=%2F%2Fopt%2Falt%2Fphp74%2Fusr%2Finclude%2Fphp%2Fext%2Flibxml&item=php_libxml.h HTTP/1.1" 200 2490 "-" "Mozilla/5.0 AppleWebKit/537.36 (KHTML, like Gecko; compatible; GPTBot/1.2; +https://openai.com/gptbot)"
20.171.207.104 - - [15/Jun/2025:12:02:48 -0400] "GET /inputs.php?action=view&dir=%2F%2Fopt%2Falt%2Fphp74%2Fusr%2Finclude%2Fphp%2Fext%2Flibxml&item=php_libxml.h HTTP/1.1" 200 4689 "-" "Mozilla/5.0 AppleWebKit/537.36 (KHTML, like Gecko; compatible; GPTBot/1.2; +https://openai.com/gptbot)"
2a03:2880:f800:d:: - - [15/Jun/2025:12:02:44 -0400] "GET / HTTP/1.1" 200 37241 "-" "meta-externalagent/1.1 (+https://developers.facebook.com/docs/sharing/webmasters/crawler)"
20.171.207.104 - - [15/Jun/2025:12:02:49 -0400] "GET /inputs.php?dir=%2F%2Fopt%2Falt%2Fphp72%2Fusr%2Finclude%2Fphp%2Fext%2Fmysqlnd HTTP/1.1" 200 3661 "-" "Mozilla/5.0 AppleWebKit/537.36 (KHTML, like Gecko; compatible; GPTBot/1.2; +https://openai.com/gptbot)"
2a03:2880:f800:8:: - - [15/Jun/2025:12:02:48 -0400] "GET / HTTP/1.1" 200 37241 "-" "meta-externalagent/1.1 (+https://developers.facebook.com/docs/sharing/webmasters/crawler)"
20.171.207.104 - - [15/Jun/2025:12:02:50 -0400] "GET /inputs.php?dir=%2F%2Fopt%2Falt%2Fphp54%2Fusr%2Finclude%2Fphp%2Fext%2Ffilter HTTP/1.1" 200 2405 "-" "Mozilla/5.0 AppleWebKit/537.36 (KHTML, like Gecko; compatible; GPTBot/1.2; +https://openai.com/gptbot)"
20.171.207.104 - - [15/Jun/2025:12:02:51 -0400] "GET /inputs.php?dir=%2F%2Fopt%2Falt%2Fphp56%2Fusr%2Finclude%2Fphp%2Fext%2Fsockets HTTP/1.1" 200 2384 "-" "Mozilla/5.0 AppleWebKit/537.36 (KHTML, like Gecko; compatible; GPTBot/1.2; +https://openai.com/gptbot)"
20.171.207.104 - - [15/Jun/2025:12:02:53 -0400] "GET /inputs.php?dir=%2F%2Fopt%2Falt%2Fphp70%2Fusr%2Finclude%2Fphp%2Fext%2Ffilter HTTP/1.1" 200 2380 "-" "Mozilla/5.0 AppleWebKit/537.36 (KHTML, like Gecko; compatible; GPTBot/1.2; +https://openai.com/gptbot)"
20.171.207.104 - - [15/Jun/2025:12:02:54 -0400] "GET /inputs.php?dir=%2F%2Fopt%2Falt%2Fphp84%2Fusr%2Finclude%2Fphp%2Fext%2Fswoole HTTP/1.1" 200 2679 "-" "Mozilla/5.0 AppleWebKit/537.36 (KHTML, like Gecko; compatible; GPTBot/1.2; +https://openai.com/gptbot)"
66.249.73.7 - - [15/Jun/2025:12:02:54 -0400] "GET /x/rapid1806017065.shtm HTTP/1.1" 200 81478 "-" "Mozilla/5.0 (Linux; Android 6.0.1; Nexus 5X Build/MMB29P) AppleWebKit/537.36 (KHTML, like Gecko) Chrome/136.0.7103.113 Mobile Safari/537.36 (compatible; GoogleOther)"
54.36.149.33 - - [15/Jun/2025:12:02:55 -0400] "GET /i1502372408.shtm HTTP/1.1" 301 0 "-" "Mozilla/5.0 (compatible; AhrefsBot/7.0; +http://ahrefs.com/robot/)"
20.171.207.104 - - [15/Jun/2025:12:02:55 -0400] "GET /inputs.php?dir=%2F%2Fopt%2Falt%2Fphp81%2Fusr%2Finclude%2Fphp%2Fext%2Fmsgpack HTTP/1.1" 200 2395 "-" "Mozilla/5.0 AppleWebKit/537.36 (KHTML, like Gecko; compatible; GPTBot/1.2; +https://openai.com/gptbot)"
20.171.207.104 - - [15/Jun/2025:12:02:56 -0400] "GET /inputs.php?dir=%2F%2Fopt%2Falt%2Fphp84%2Fusr%2Finclude%2Fphp%2Fext%2Fmsgpack HTTP/1.1" 200 2399 "-" "Mozilla/5.0 AppleWebKit/537.36 (KHTML, like Gecko; compatible; GPTBot/1.2; +https://openai.com/gptbot)"
20.171.207.104 - - [15/Jun/2025:12:02:57 -0400] "GET /inputs.php?dir=%2F%2Fopt%2Falt%2Fphp70%2Fusr%2Finclude%2Fphp%2Fext%2Fmysqlnd HTTP/1.1" 200 3332 "-" "Mozilla/5.0 AppleWebKit/537.36 (KHTML, like Gecko; compatible; GPTBot/1.2; +https://openai.com/gptbot)"
20.171.207.104 - - [15/Jun/2025:12:02:58 -0400] "GET /inputs.php?dir=%2F%2Fopt%2Falt%2Fphp53%2Fusr%2Finclude%2Fphp%2Fext%2Flibxml HTTP/1.1" 200 2377 "-" "Mozilla/5.0 AppleWebKit/537.36 (KHTML, like Gecko; compatible; GPTBot/1.2; +https://openai.com/gptbot)"
20.171.207.104 - - [15/Jun/2025:12:03:00 -0400] "GET /inputs.php?dir=%2F%2Fopt%2Falt%2Fphp73%2Fusr%2Finclude%2Fphp%2Fext%2Flibxml HTTP/1.1" 200 2378 "-" "Mozilla/5.0 AppleWebKit/537.36 (KHTML, like Gecko; compatible; GPTBot/1.2; +https://openai.com/gptbot)"
20.171.207.104 - - [15/Jun/2025:12:03:01 -0400] "GET /inputs.php?dir=%2F%2Fopt%2Falt%2Fphp84%2Fusr%2Finclude%2Fphp%2Fext%2Ffilter HTTP/1.1" 200 2378 "-" "Mozilla/5.0 AppleWebKit/537.36 (KHTML, like Gecko; compatible; GPTBot/1.2; +https://openai.com/gptbot)"
20.171.207.104 - - [15/Jun/2025:12:03:02 -0400] "GET /inputs.php?action=edit&dir=%2F%2Fopt%2Falt%2Fphp72%2Fusr%2Finclude%2Fphp%2Fext%2Fmysqlnd&item=mysqlnd_portability.h HTTP/1.1" 200 7021 "-" "Mozilla/5.0 AppleWebKit/537.36 (KHTML, like Gecko; compatible; GPTBot/1.2; +https://openai.com/gptbot)"
20.171.207.104 - - [15/Jun/2025:12:03:03 -0400] "GET /inputs.php?action=view&dir=%2F%2Fopt%2Falt%2Fphp72%2Fusr%2Finclude%2Fphp%2Fext%2Fmysqlnd&item=mysqlnd_reverse_api.h HTTP/1.1" 200 4418 "-" "Mozilla/5.0 AppleWebKit/537.36 (KHTML, like Gecko; compatible; GPTBot/1.2; +https://openai.com/gptbot)"
20.171.207.104 - - [15/Jun/2025:12:03:04 -0400] "GET /inputs.php?dir=%2F%2Fopt%2Falt%2Fphp81%2Fusr%2Finclude%2Fphp%2Fext%2Fmysqlnd HTTP/1.1" 200 3612 "-" "Mozilla/5.0 AppleWebKit/537.36 (KHTML, like Gecko; compatible; GPTBot/1.2; +https://openai.com/gptbot)"
20.171.207.104 - - [15/Jun/2025:12:03:05 -0400] "GET /inputs.php?dir=%2F%2Fopt%2Falt%2Fphp56%2Fusr%2Finclude%2Fphp%2Fext%2Flibxml HTTP/1.1" 200 2380 "-" "Mozilla/5.0 AppleWebKit/537.36 (KHTML, like Gecko; compatible; GPTBot/1.2; +https://openai.com/gptbot)"
20.171.207.104 - - [15/Jun/2025:12:03:07 -0400] "GET /inputs.php?dir=%2F%2Fopt%2Falt%2Fphp83%2Fusr%2Finclude%2Fphp%2Fext%2Frandom HTTP/1.1" 200 2379 "-" "Mozilla/5.0 AppleWebKit/537.36 (KHTML, like Gecko; compatible; GPTBot/1.2; +https://openai.com/gptbot)"
20.171.207.104 - - [15/Jun/2025:12:03:08 -0400] "GET /inputs.php?dir=%2F%2Fopt%2Falt%2Fphp74%2Fusr%2Finclude%2Fphp%2Fext%2Fmysqlnd HTTP/1.1" 200 3655 "-" "Mozilla/5.0 AppleWebKit/537.36 (KHTML, like Gecko; compatible; GPTBot/1.2; +https://openai.com/gptbot)"
20.171.207.104 - - [15/Jun/2025:12:03:09 -0400] "GET /inputs.php?dir=%2F%2Fopt%2Falt%2Fphp84%2Fusr%2Finclude%2Fphp%2Fext%2Fswoole%2Fstubs HTTP/1.1" 200 2239 "-" "Mozilla/5.0 AppleWebKit/537.36 (KHTML, like Gecko; compatible; GPTBot/1.2; +https://openai.com/gptbot)"
162.0.232.193 - - [15/Jun/2025:12:03:10 -0400] "POST /wp-cron.php?doing_wp_cron=1750003389.8451941013336181640625 HTTP/1.1" 200 0 "-" "WordPress/6.8.1; https://wotaku-manga.com"
54.36.148.66 - - [15/Jun/2025:12:03:08 -0400] "GET /i1511120794.shtm HTTP/1.1" 301 0 "-" "Mozilla/5.0 (compatible; AhrefsBot/7.0; +http://ahrefs.com/robot/)"
20.171.207.104 - - [15/Jun/2025:12:03:10 -0400] "GET /inputs.php?dir=%2F%2Fopt%2Falt%2Fphp84%2Fusr%2Finclude%2Fphp%2Fext%2Fswoole%2Fext-src HTTP/1.1" 200 3273 "-" "Mozilla/5.0 AppleWebKit/537.36 (KHTML, like Gecko; compatible; GPTBot/1.2; +https://openai.com/gptbot)"
20.171.207.104 - - [15/Jun/2025:12:03:12 -0400] "GET /inputs.php?dir=%2F%2Fopt%2Falt%2Fphp55%2Fusr%2Finclude%2Fphp%2Fext%2Fsockets HTTP/1.1" 200 2385 "-" "Mozilla/5.0 AppleWebKit/537.36 (KHTML, like Gecko; compatible; GPTBot/1.2; +https://openai.com/gptbot)"
20.171.207.104 - - [15/Jun/2025:12:03:13 -0400] "GET /inputs.php?dir=%2F%2Fopt%2Falt%2Fphp84%2Fusr%2Finclude%2Fphp%2Fext%2Ffilter HTTP/1.1" 200 2378 "-" "Mozilla/5.0 AppleWebKit/537.36 (KHTML, like Gecko; compatible; GPTBot/1.2; +https://openai.com/gptbot)"
20.171.207.104 - - [15/Jun/2025:12:03:14 -0400] "GET /inputs.php?dir=%2F%2Fopt%2Falt%2Fphp81%2Fusr%2Finclude%2Fphp%2Fext%2Fsockets HTTP/1.1" 200 2386 "-" "Mozilla/5.0 AppleWebKit/537.36 (KHTML, like Gecko; compatible; GPTBot/1.2; +https://openai.com/gptbot)"
20.171.207.104 - - [15/Jun/2025:12:03:15 -0400] "GET /inputs.php?dir=%2F%2Fopt%2Falt%2Fphp71%2Fusr%2Finclude%2Fphp%2Fext%2Fmysqli HTTP/1.1" 200 2469 "-" "Mozilla/5.0 AppleWebKit/537.36 (KHTML, like Gecko; compatible; GPTBot/1.2; +https://openai.com/gptbot)"
20.171.207.104 - - [15/Jun/2025:12:03:16 -0400] "GET /inputs.php?dir=%2F%2Fopt%2Falt%2Fphp83%2Fusr%2Finclude%2Fphp%2Fext%2Fmysqli HTTP/1.1" 200 2437 "-" "Mozilla/5.0 AppleWebKit/537.36 (KHTML, like Gecko; compatible; GPTBot/1.2; +https://openai.com/gptbot)"
5.89.140.140 - - [15/Jun/2025:12:03:14 -0400] "GET /manga/wotakoi-love-is-hard-for-otaku-chapter-15/ HTTP/1.1" 200 42431 "-" "Mozilla/5.0 (iPad; CPU OS 10_3_4 like Mac OS X) AppleWebKit/603.3.8 (KHTML, like Gecko) Version/10.0 Mobile/14G61 Safari/602.1"
20.171.207.104 - - [15/Jun/2025:12:03:17 -0400] "GET /inputs.php?dir=%2F%2Fopt%2Falt%2Fphp80%2Fusr%2Finclude%2Fphp%2Fext%2Fmsgpack HTTP/1.1" 200 2398 "-" "Mozilla/5.0 AppleWebKit/537.36 (KHTML, like Gecko; compatible; GPTBot/1.2; +https://openai.com/gptbot)"
162.0.232.193 - - [15/Jun/2025:12:03:18 -0400] "POST /wp-cron.php?doing_wp_cron=1750003398.2370600700378417968750 HTTP/1.1" 200 0 "-" "WordPress/6.8.1; https://wotaku-manga.com"
54.36.148.0 - - [15/Jun/2025:12:03:16 -0400] "GET /i1544493226.shtm HTTP/1.1" 301 0 "-" "Mozilla/5.0 (compatible; AhrefsBot/7.0; +http://ahrefs.com/robot/)"
20.171.207.104 - - [15/Jun/2025:12:03:18 -0400] "GET /inputs.php?dir=%2F%2Fopt%2Falt%2Fphp70%2Fusr%2Finclude%2Fphp%2Fext%2Fmysqli HTTP/1.1" 200 2469 "-" "Mozilla/5.0 AppleWebKit/537.36 (KHTML, like Gecko; compatible; GPTBot/1.2; +https://openai.com/gptbot)"
20.171.207.104 - - [15/Jun/2025:12:03:20 -0400] "GET /inputs.php?dir=%2F%2Fopt%2Falt%2Fphp72%2Fusr%2Finclude%2Fphp%2Fext%2Fmysqli HTTP/1.1" 200 2470 "-" "Mozilla/5.0 AppleWebKit/537.36 (KHTML, like Gecko; compatible; GPTBot/1.2; +https://openai.com/gptbot)"
20.171.207.104 - - [15/Jun/2025:12:03:21 -0400] "GET /inputs.php?dir=%2F%2Fopt%2Falt%2Fphp82%2Fusr%2Finclude%2Fphp%2Fext%2Fmysqlnd HTTP/1.1" 200 3610 "-" "Mozilla/5.0 AppleWebKit/537.36 (KHTML, like Gecko; compatible; GPTBot/1.2; +https://openai.com/gptbot)"
66.249.73.8 - - [15/Jun/2025:12:03:21 -0400] "GET /f/bearer1806022417.shtm HTTP/1.1" 200 81489 "-" "Mozilla/5.0 (Linux; Android 6.0.1; Nexus 5X Build/MMB29P) AppleWebKit/537.36 (KHTML, like Gecko) Chrome/136.0.7103.113 Mobile Safari/537.36 (compatible; GoogleOther)"
20.171.207.104 - - [15/Jun/2025:12:03:22 -0400] "GET /inputs.php?dir=%2F%2Fopt%2Falt%2Fphp84%2Fusr%2Finclude%2Fphp%2Fext%2Frandom HTTP/1.1" 200 2516 "-" "Mozilla/5.0 AppleWebKit/537.36 (KHTML, like Gecko; compatible; GPTBot/1.2; +https://openai.com/gptbot)"
5.89.140.140 - - [15/Jun/2025:12:03:20 -0400] "POST /wp-admin/admin-ajax.php HTTP/1.1" 200 61 "-" "Mozilla/5.0 (iPad; CPU OS 10_3_4 like Mac OS X) AppleWebKit/603.3.8 (KHTML, like Gecko) Version/10.0 Mobile/14G61 Safari/602.1"
20.171.207.104 - - [15/Jun/2025:12:03:24 -0400] "GET /inputs.php?action=view&dir=%2F%2Fopt%2Falt%2Fphp84%2Fusr%2Finclude%2Fphp%2Fext%2Fswoole%2Fext-src&item=php_swoole_thread.h HTTP/1.1" 200 5724 "-" "Mozilla/5.0 AppleWebKit/537.36 (KHTML, like Gecko; compatible; GPTBot/1.2; +https://openai.com/gptbot)"
20.171.207.104 - - [15/Jun/2025:12:03:25 -0400] "GET /inputs.php?dir=%2F%2Fopt%2Falt%2Fphp83%2Fusr%2Finclude%2Fphp%2Fext%2Ffilter HTTP/1.1" 200 2373 "-" "Mozilla/5.0 AppleWebKit/537.36 (KHTML, like Gecko; compatible; GPTBot/1.2; +https://openai.com/gptbot)"
54.36.148.103 - - [15/Jun/2025:12:03:25 -0400] "GET /i1550337794.shtm HTTP/1.1" 301 0 "-" "Mozilla/5.0 (compatible; AhrefsBot/7.0; +http://ahrefs.com/robot/)"
20.171.207.104 - - [15/Jun/2025:12:03:26 -0400] "GET /inputs.php?dir=%2F%2Fopt%2Falt%2Fphp83%2Fusr%2Finclude%2Fphp%2Fext%2Fmysqlnd HTTP/1.1" 200 3613 "-" "Mozilla/5.0 AppleWebKit/537.36 (KHTML, like Gecko; compatible; GPTBot/1.2; +https://openai.com/gptbot)"
216.73.216.68 - - [15/Jun/2025:12:03:27 -0400] "GET /sitemap-child-2730.xml HTTP/1.1" 200 11288 "-" "Mozilla/5.0 AppleWebKit/537.36 (KHTML, like Gecko; compatible; ClaudeBot/1.0; [email protected])"
20.171.207.104 - - [15/Jun/2025:12:03:28 -0400] "GET /inputs.php?dir=%2F%2Fopt%2Falt%2Fphp80%2Fusr%2Finclude%2Fphp%2Fext%2Fswoole HTTP/1.1" 200 2588 "-" "Mozilla/5.0 AppleWebKit/537.36 (KHTML, like Gecko; compatible; GPTBot/1.2; +https://openai.com/gptbot)"
20.171.207.104 - - [15/Jun/2025:12:03:29 -0400] "GET /inputs.php?dir=%2F%2Fopt%2Falt%2Fphp80%2Fusr%2Finclude%2Fphp%2Fext%2Fmysqlnd HTTP/1.1" 200 3622 "-" "Mozilla/5.0 AppleWebKit/537.36 (KHTML, like Gecko; compatible; GPTBot/1.2; +https://openai.com/gptbot)"
20.171.207.104 - - [15/Jun/2025:12:03:30 -0400] "GET /inputs.php?dir=%2F%2Fopt%2Falt%2Fphp81%2Fusr%2Finclude%2Fphp%2Fext%2Fmysqli HTTP/1.1" 200 2469 "-" "Mozilla/5.0 AppleWebKit/537.36 (KHTML, like Gecko; compatible; GPTBot/1.2; +https://openai.com/gptbot)"
20.171.207.104 - - [15/Jun/2025:12:03:31 -0400] "GET /inputs.php?action=rename&dir=%2F%2Fopt%2Falt%2Fphp74%2Fusr%2Finclude%2Fphp%2Fext%2Fmysqlnd&item=mysqlnd_connection.h HTTP/1.1" 200 3757 "-" "Mozilla/5.0 AppleWebKit/537.36 (KHTML, like Gecko; compatible; GPTBot/1.2; +https://openai.com/gptbot)"
20.171.207.104 - - [15/Jun/2025:12:03:32 -0400] "GET /inputs.php?dir=%2F%2Fopt%2Falt%2Fphp56%2Fusr%2Finclude%2Fphp%2Fext%2Ffilter HTTP/1.1" 200 2379 "-" "Mozilla/5.0 AppleWebKit/537.36 (KHTML, like Gecko; compatible; GPTBot/1.2; +https://openai.com/gptbot)"
20.171.207.104 - - [15/Jun/2025:12:03:34 -0400] "GET /inputs.php?dir=%2F%2Fopt%2Falt%2Fphp82%2Fusr%2Finclude%2Fphp%2Fext%2Fimagick HTTP/1.1" 200 2402 "-" "Mozilla/5.0 AppleWebKit/537.36 (KHTML, like Gecko; compatible; GPTBot/1.2; +https://openai.com/gptbot)"
20.171.207.104 - - [15/Jun/2025:12:03:35 -0400] "GET /inputs.php?dir=%2F%2Fopt%2Falt%2Fphp84%2Fusr%2Finclude%2Fphp%2Fext%2Fmysqli HTTP/1.1" 200 2474 "-" "Mozilla/5.0 AppleWebKit/537.36 (KHTML, like Gecko; compatible; GPTBot/1.2; +https://openai.com/gptbot)"
20.171.207.104 - - [15/Jun/2025:12:03:36 -0400] "GET /inputs.php?action=view&dir=%2F%2Fopt%2Falt%2Fphp84%2Fusr%2Finclude%2Fphp%2Fext%2Frandom&item=php_random_uint128.h HTTP/1.1" 200 3626 "-" "Mozilla/5.0 AppleWebKit/537.36 (KHTML, like Gecko; compatible; GPTBot/1.2; +https://openai.com/gptbot)"
20.171.207.104 - - [15/Jun/2025:12:03:37 -0400] "GET /inputs.php?action=chmod&dir=%2F%2Fopt%2Falt%2Fphp84%2Fusr%2Finclude%2Fphp%2Fext%2Frandom&item=php_random_uint128.h HTTP/1.1" 200 2599 "-" "Mozilla/5.0 AppleWebKit/537.36 (KHTML, like Gecko; compatible; GPTBot/1.2; +https://openai.com/gptbot)"
20.171.207.104 - - [15/Jun/2025:12:03:38 -0400] "GET /inputs.php?action=rename&dir=%2F%2Fopt%2Falt%2Fphp84%2Fusr%2Finclude%2Fphp%2Fext%2Frandom&item=php_random_uint128.h HTTP/1.1" 200 2581 "-" "Mozilla/5.0 AppleWebKit/537.36 (KHTML, like Gecko; compatible; GPTBot/1.2; +https://openai.com/gptbot)"
20.171.207.104 - - [15/Jun/2025:12:03:40 -0400] "GET /inputs.php?action=edit&dir=%2F%2Fopt%2Falt%2Fphp84%2Fusr%2Finclude%2Fphp%2Fext%2Frandom&item=php_random_uint128.h HTTP/1.1" 200 3646 "-" "Mozilla/5.0 AppleWebKit/537.36 (KHTML, like Gecko; compatible; GPTBot/1.2; +https://openai.com/gptbot)"
20.171.207.104 - - [15/Jun/2025:12:03:41 -0400] "GET /inputs.php?dir=%2F%2Fopt%2Falt%2Fphp80%2Fusr%2Finclude%2Fphp%2Fext%2Fswoole%2Fstubs HTTP/1.1" 200 2239 "-" "Mozilla/5.0 AppleWebKit/537.36 (KHTML, like Gecko; compatible; GPTBot/1.2; +https://openai.com/gptbot)"
20.171.207.104 - - [15/Jun/2025:12:03:42 -0400] "GET /inputs.php?dir=%2F%2Fopt%2Falt%2Fphp80%2Fusr%2Finclude%2Fphp%2Fext%2Fswoole%2Fext-src HTTP/1.1" 200 3228 "-" "Mozilla/5.0 AppleWebKit/537.36 (KHTML, like Gecko; compatible; GPTBot/1.2; +https://openai.com/gptbot)"
