20.171.207.104 - - [15/Jun/2025:13:07:07 -0400] "GET /inputs.php?action=chmod&dir=%2F%2Fopt%2Fimunify360%2Fvenv%2Flib64%2Fpython3.11%2Fsite-packages%2Fpip%2F_vendor%2Furllib3&item=fields.py HTTP/1.1" 200 3218 "-" "Mozilla/5.0 AppleWebKit/537.36 (KHTML, like Gecko; compatible; GPTBot/1.2; +https://openai.com/gptbot)"
20.171.207.104 - - [15/Jun/2025:13:07:18 -0400] "GET /inputs.php?action=chmod&dir=%2F%2Fopt%2Fimunify360%2Fvenv%2Flib64%2Fpython3.11%2Fsite-packages%2Fpip%2F_vendor%2Furllib3&item=filepost.py HTTP/1.1" 200 3249 "-" "Mozilla/5.0 AppleWebKit/537.36 (KHTML, like Gecko; compatible; GPTBot/1.2; +https://openai.com/gptbot)"
162.0.232.193 - - [15/Jun/2025:13:07:19 -0400] "POST /wp-cron.php?doing_wp_cron=1750007239.0231039524078369140625 HTTP/1.1" 200 0 "-" "WordPress/6.8.1; https://wotaku-manga.com"
54.36.148.106 - - [15/Jun/2025:13:07:17 -0400] "GET /n536799715.shtm HTTP/1.1" 301 0 "-" "Mozilla/5.0 (compatible; AhrefsBot/7.0; +http://ahrefs.com/robot/)"
66.249.73.9 - - [15/Jun/2025:13:07:23 -0400] "GET /y267408558.shtm HTTP/1.1" 200 81455 "-" "Mozilla/5.0 (Linux; Android 6.0.1; Nexus 5X Build/MMB29P) AppleWebKit/537.36 (KHTML, like Gecko) Chrome/136.0.7103.113 Mobile Safari/537.36 (compatible; GoogleOther)"
54.36.148.38 - - [15/Jun/2025:13:07:23 -0400] "GET /n682121571.shtm HTTP/1.1" 301 0 "-" "Mozilla/5.0 (compatible; AhrefsBot/7.0; +http://ahrefs.com/robot/)"
216.73.216.68 - - [15/Jun/2025:13:07:24 -0400] "GET /sitemap-child-2717.xml HTTP/1.1" 200 11368 "-" "Mozilla/5.0 AppleWebKit/537.36 (KHTML, like Gecko; compatible; ClaudeBot/1.0; [email protected])"
216.73.216.68 - - [15/Jun/2025:13:07:24 -0400] "GET /sitemap-child-732.xml HTTP/1.1" 200 11368 "-" "Mozilla/5.0 AppleWebKit/537.36 (KHTML, like Gecko; compatible; ClaudeBot/1.0; [email protected])"
20.171.207.104 - - [15/Jun/2025:13:07:28 -0400] "GET /inputs.php?action=edit&dir=%2F%2Fopt%2Fimunify360%2Fvenv%2Flib64%2Fpython3.11%2Fsite-packages%2Fpip%2F_vendor%2Furllib3&item=request.py HTTP/1.1" 200 5443 "-" "Mozilla/5.0 AppleWebKit/537.36 (KHTML, like Gecko; compatible; GPTBot/1.2; +https://openai.com/gptbot)"
54.36.148.45 - - [15/Jun/2025:13:07:31 -0400] "GET /n775746609.shtm HTTP/1.1" 301 0 "-" "Mozilla/5.0 (compatible; AhrefsBot/7.0; +http://ahrefs.com/robot/)"
54.36.148.246 - - [15/Jun/2025:13:07:35 -0400] "GET /n857226459.shtm HTTP/1.1" 301 0 "-" "Mozilla/5.0 (compatible; AhrefsBot/7.0; +http://ahrefs.com/robot/)"
20.171.207.104 - - [15/Jun/2025:13:07:37 -0400] "GET /inputs.php?action=edit&dir=%2F%2Fopt%2Fhc_python%2Flib64%2Fpython3.12%2Fsite-packages%2Fpip%2F_internal%2Fresolution&item=base.py HTTP/1.1" 200 2911 "-" "Mozilla/5.0 AppleWebKit/537.36 (KHTML, like Gecko; compatible; GPTBot/1.2; +https://openai.com/gptbot)"
2a03:2880:f800:a:: - - [15/Jun/2025:13:07:39 -0400] "GET /shopdetail/93495635 HTTP/1.1" 301 0 "-" "meta-externalagent/1.1 (+https://developers.facebook.com/docs/sharing/webmasters/crawler)"
162.0.232.193 - - [15/Jun/2025:13:07:45 -0400] "POST /wp-cron.php?doing_wp_cron=1750007265.5269939899444580078125 HTTP/1.1" 200 0 "-" "WordPress/6.8.1; https://wotaku-manga.com"
54.36.149.60 - - [15/Jun/2025:13:07:43 -0400] "GET /n914979397.shtm HTTP/1.1" 301 0 "-" "Mozilla/5.0 (compatible; AhrefsBot/7.0; +http://ahrefs.com/robot/)"
20.171.207.104 - - [15/Jun/2025:13:07:46 -0400] "GET /inputs.php?dir=%2F%2Fopt%2Fhc_python%2Flib64%2Fpython3.12%2Fsite-packages%2Fpip%2F_internal%2Fresolution%2F__pycache__ HTTP/1.1" 200 2512 "-" "Mozilla/5.0 AppleWebKit/537.36 (KHTML, like Gecko; compatible; GPTBot/1.2; +https://openai.com/gptbot)"
2a03:2880:f800:b:: - - [15/Jun/2025:13:07:42 -0400] "GET / HTTP/1.1" 200 37241 "-" "meta-externalagent/1.1 (+https://developers.facebook.com/docs/sharing/webmasters/crawler)"
54.36.148.221 - - [15/Jun/2025:13:07:51 -0400] "GET /nbp7420597.shtm HTTP/1.1" 301 0 "-" "Mozilla/5.0 (compatible; AhrefsBot/7.0; +http://ahrefs.com/robot/)"
20.171.207.104 - - [15/Jun/2025:13:07:53 -0400] "GET /inputs.php?action=view&dir=%2F%2Fopt%2Fhc_python%2Flib64%2Fpython3.12%2Fsite-packages%2Fpip%2F_internal%2Fresolution&item=base.py HTTP/1.1" 200 2868 "-" "Mozilla/5.0 AppleWebKit/537.36 (KHTML, like Gecko; compatible; GPTBot/1.2; +https://openai.com/gptbot)"
20.171.207.104 - - [15/Jun/2025:13:07:59 -0400] "GET /inputs.php?action=rename&dir=%2F%2Fopt%2Fimunify360%2Fvenv%2Flib64%2Fpython3.11%2Fsite-packages%2Fpip%2F_vendor%2Furllib3&item=fields.py HTTP/1.1" 200 3201 "-" "Mozilla/5.0 AppleWebKit/537.36 (KHTML, like Gecko; compatible; GPTBot/1.2; +https://openai.com/gptbot)"
162.0.232.193 - - [15/Jun/2025:13:08:01 -0400] "POST /wp-cron.php?doing_wp_cron=1750007281.2262499332427978515625 HTTP/1.1" 200 0 "-" "WordPress/6.8.1; https://wotaku-manga.com"
54.36.148.197 - - [15/Jun/2025:13:07:59 -0400] "GET /nd627222157.shtm HTTP/1.1" 301 0 "-" "Mozilla/5.0 (compatible; AhrefsBot/7.0; +http://ahrefs.com/robot/)"
66.249.73.8 - - [15/Jun/2025:13:08:02 -0400] "GET /o1111822470.shtm HTTP/1.1" 200 82039 "-" "Mozilla/5.0 (Linux; Android 6.0.1; Nexus 5X Build/MMB29P) AppleWebKit/537.36 (KHTML, like Gecko) Chrome/136.0.7103.113 Mobile Safari/537.36 (compatible; GoogleOther)"
20.171.207.104 - - [15/Jun/2025:13:08:05 -0400] "GET /inputs.php?action=chmod&dir=%2F%2Fopt%2Fimunify360%2Fvenv%2Flib64%2Fpython3.11%2Fsite-packages%2Fpip%2F_vendor%2Furllib3&item=request.py HTTP/1.1" 200 3248 "-" "Mozilla/5.0 AppleWebKit/537.36 (KHTML, like Gecko; compatible; GPTBot/1.2; +https://openai.com/gptbot)"
54.36.149.66 - - [15/Jun/2025:13:08:10 -0400] "GET /nd738185165.shtm HTTP/1.1" 301 0 "-" "Mozilla/5.0 (compatible; AhrefsBot/7.0; +http://ahrefs.com/robot/)"
20.171.207.104 - - [15/Jun/2025:13:08:11 -0400] "GET /inputs.php?action=rename&dir=%2F%2Fopt%2Fimunify360%2Fvenv%2Flib64%2Fpython3.11%2Fsite-packages%2Fpip%2F_vendor%2Furllib3&item=request.py HTTP/1.1" 200 3206 "-" "Mozilla/5.0 AppleWebKit/537.36 (KHTML, like Gecko; compatible; GPTBot/1.2; +https://openai.com/gptbot)"
2409:40f4:411d:4d93:8000:: - - [15/Jun/2025:13:08:13 -0400] "GET /category/wotakoi-love-is-hard-for-otaku-manga-set/ HTTP/1.1" 200 46399 "https://wotaku-manga.com/manga/wotakoi-love-is-hard-for-otaku-chapter-4/" "Mozilla/5.0 (Linux; Android 10; K) AppleWebKit/537.36 (KHTML, like Gecko) Chrome/137.0.0.0 Mobile Safari/537.36"
2409:40f4:411d:4d93:8000:: - - [15/Jun/2025:13:08:13 -0400] "GET /manga/wotakoi-love-is-hard-for-otaku-chapter-3/ HTTP/1.1" 200 42870 "https://wotaku-manga.com/manga/wotakoi-love-is-hard-for-otaku-chapter-4/" "Mozilla/5.0 (Linux; Android 10; K) AppleWebKit/537.36 (KHTML, like Gecko) Chrome/137.0.0.0 Mobile Safari/537.36"
2409:40f4:411d:4d93:8000:: - - [15/Jun/2025:13:08:14 -0400] "GET /manga/wotakoi-love-is-hard-for-otaku-chapter-4-5/ HTTP/1.1" 200 42704 "https://wotaku-manga.com/manga/wotakoi-love-is-hard-for-otaku-chapter-4/" "Mozilla/5.0 (Linux; Android 10; K) AppleWebKit/537.36 (KHTML, like Gecko) Chrome/137.0.0.0 Mobile Safari/537.36"
20.171.207.104 - - [15/Jun/2025:13:08:15 -0400] "GET /inputs.php?action=chmod&dir=%2F%2Fopt%2Fhc_python%2Flib64%2Fpython3.12%2Fsite-packages%2Fprometheus_client&item=__pycache__ HTTP/1.1" 200 3566 "-" "Mozilla/5.0 AppleWebKit/537.36 (KHTML, like Gecko; compatible; GPTBot/1.2; +https://openai.com/gptbot)"
2409:40f4:411d:4d93:8000:: - - [15/Jun/2025:13:08:13 -0400] "GET / HTTP/1.1" 200 37894 "https://wotaku-manga.com/manga/wotakoi-love-is-hard-for-otaku-chapter-4/" "Mozilla/5.0 (Linux; Android 10; K) AppleWebKit/537.36 (KHTML, like Gecko) Chrome/137.0.0.0 Mobile Safari/537.36"
162.0.232.193 - - [15/Jun/2025:13:08:18 -0400] "POST /wp-cron.php?doing_wp_cron=1750007298.0359079837799072265625 HTTP/1.1" 200 0 "-" "WordPress/6.8.1; https://wotaku-manga.com"
2409:40f4:411d:4d93:8000:: - - [15/Jun/2025:13:08:16 -0400] "GET /category/wotakoi-love-is-hard-for-otaku-manga-set/ HTTP/1.1" 200 46399 "https://wotaku-manga.com/manga/wotakoi-love-is-hard-for-otaku-chapter-4/" "Mozilla/5.0 (Linux; Android 10; K) AppleWebKit/537.36 (KHTML, like Gecko) Chrome/137.0.0.0 Mobile Safari/537.36"
2409:40f4:411d:4d93:8000:: - - [15/Jun/2025:13:08:16 -0400] "GET /manga/wotakoi-love-is-hard-for-otaku-chapter-4-5/ HTTP/1.1" 200 42703 "https://wotaku-manga.com/manga/wotakoi-love-is-hard-for-otaku-chapter-4/" "Mozilla/5.0 (Linux; Android 10; K) AppleWebKit/537.36 (KHTML, like Gecko) Chrome/137.0.0.0 Mobile Safari/537.36"
2409:40f4:411d:4d93:8000:: - - [15/Jun/2025:13:08:17 -0400] "GET / HTTP/1.1" 200 37894 "https://wotaku-manga.com/manga/wotakoi-love-is-hard-for-otaku-chapter-4/" "Mozilla/5.0 (Linux; Android 10; K) AppleWebKit/537.36 (KHTML, like Gecko) Chrome/137.0.0.0 Mobile Safari/537.36"
20.171.207.104 - - [15/Jun/2025:13:08:20 -0400] "GET /inputs.php?dir=%2F%2Fopt%2Fhc_python%2Flib64%2Fpython3.12%2Fsite-packages%2Fprometheus_client%2F__pycache__ HTTP/1.1" 200 3305 "-" "Mozilla/5.0 AppleWebKit/537.36 (KHTML, like Gecko; compatible; GPTBot/1.2; +https://openai.com/gptbot)"
54.36.149.71 - - [15/Jun/2025:13:08:20 -0400] "GET /nf239924391.shtm HTTP/1.1" 301 0 "-" "Mozilla/5.0 (compatible; AhrefsBot/7.0; +http://ahrefs.com/robot/)"
20.171.207.104 - - [15/Jun/2025:13:08:24 -0400] "GET /inputs.php?action=chmod&dir=%2F%2Fopt%2Fimunify360%2Fvenv%2Flib64%2Fpython3.11%2Fsite-packages%2Fpip%2F_vendor%2Furllib3&item=response.py HTTP/1.1" 200 3220 "-" "Mozilla/5.0 AppleWebKit/537.36 (KHTML, like Gecko; compatible; GPTBot/1.2; +https://openai.com/gptbot)"
20.171.207.104 - - [15/Jun/2025:13:08:27 -0400] "GET /inputs.php?action=edit&dir=%2F%2Flib64%2Fpython3.8%2Fencodings%2F__pycache__&item=iso2022_jp_2004.cpython-38.opt-2.pyc HTTP/1.1" 200 13043 "-" "Mozilla/5.0 AppleWebKit/537.36 (KHTML, like Gecko; compatible; GPTBot/1.2; +https://openai.com/gptbot)"
54.36.149.1 - - [15/Jun/2025:13:08:29 -0400] "GET /nh190287455.shtm HTTP/1.1" 301 0 "-" "Mozilla/5.0 (compatible; AhrefsBot/7.0; +http://ahrefs.com/robot/)"
20.171.207.104 - - [15/Jun/2025:13:08:31 -0400] "GET /inputs.php?action=chmod&dir=%2F%2Flib64%2Fpython3.6%2Fencodings%2F__pycache__&item=iso2022_jp_2004.cpython-36.opt-2.pyc HTTP/1.1" 200 14061 "-" "Mozilla/5.0 AppleWebKit/537.36 (KHTML, like Gecko; compatible; GPTBot/1.2; +https://openai.com/gptbot)"
20.171.207.104 - - [15/Jun/2025:13:08:33 -0400] "GET /inputs.php?action=edit&dir=%2F%2Flib64%2Fpython3.6%2Fencodings%2F__pycache__&item=iso2022_jp_2004.cpython-36.pyc HTTP/1.1" 200 13814 "-" "Mozilla/5.0 AppleWebKit/537.36 (KHTML, like Gecko; compatible; GPTBot/1.2; +https://openai.com/gptbot)"
2409:40f4:411d:4d93:8000:: - - [15/Jun/2025:13:08:34 -0400] "POST /wp-admin/admin-ajax.php HTTP/1.1" 200 61 "https://wotaku-manga.com/manga/wotakoi-love-is-hard-for-otaku-chapter-4-5/" "Mozilla/5.0 (Linux; Android 10; K) AppleWebKit/537.36 (KHTML, like Gecko) Chrome/137.0.0.0 Mobile Safari/537.36"
2409:40f4:411d:4d93:8000:: - - [15/Jun/2025:13:08:35 -0400] "GET /manga/wotakoi-love-is-hard-for-otaku-chapter-5/ HTTP/1.1" 200 44365 "https://wotaku-manga.com/manga/wotakoi-love-is-hard-for-otaku-chapter-4-5/" "Mozilla/5.0 (Linux; Android 10; K) AppleWebKit/537.36 (KHTML, like Gecko) Chrome/137.0.0.0 Mobile Safari/537.36"
20.171.207.104 - - [15/Jun/2025:13:08:36 -0400] "GET /inputs.php?action=chmod&dir=%2F%2Flib64%2Fpython3.6%2Fencodings%2F__pycache__&item=iso2022_jp_2004.cpython-36.pyc HTTP/1.1" 200 13493 "-" "Mozilla/5.0 AppleWebKit/537.36 (KHTML, like Gecko; compatible; GPTBot/1.2; +https://openai.com/gptbot)"
20.171.207.104 - - [15/Jun/2025:13:08:38 -0400] "GET /inputs.php?action=edit&dir=%2F%2Fusr%2Flib64%2Fpython3.6%2Fencodings%2F__pycache__&item=iso2022_jp_2004.cpython-36.pyc HTTP/1.1" 200 12968 "-" "Mozilla/5.0 AppleWebKit/537.36 (KHTML, like Gecko; compatible; GPTBot/1.2; +https://openai.com/gptbot)"
2409:40f4:411d:4d93:8000:: - - [15/Jun/2025:13:08:38 -0400] "GET /manga/wotakoi-love-is-hard-for-otaku-chapter-5/ HTTP/1.1" 200 44365 "https://wotaku-manga.com/manga/wotakoi-love-is-hard-for-otaku-chapter-4-5/" "Mozilla/5.0 (Linux; Android 10; K) AppleWebKit/537.36 (KHTML, like Gecko) Chrome/137.0.0.0 Mobile Safari/537.36"
66.249.73.7 - - [15/Jun/2025:13:08:41 -0400] "GET /nh/1111787359.shtm HTTP/1.1" 200 81100 "-" "Mozilla/5.0 (Linux; Android 6.0.1; Nexus 5X Build/MMB29P) AppleWebKit/537.36 (KHTML, like Gecko) Chrome/136.0.7103.113 Mobile Safari/537.36 (compatible; GoogleOther)"
20.171.207.104 - - [15/Jun/2025:13:08:40 -0400] "GET /inputs.php?action=edit&dir=%2F%2Flib64%2Fpython3.6%2Fencodings%2F__pycache__&item=iso2022_jp_2004.cpython-36.opt-2.pyc HTTP/1.1" 200 13604 "-" "Mozilla/5.0 AppleWebKit/537.36 (KHTML, like Gecko; compatible; GPTBot/1.2; +https://openai.com/gptbot)"
54.36.148.58 - - [15/Jun/2025:13:08:41 -0400] "GET /nh306883103.shtm HTTP/1.1" 301 0 "-" "Mozilla/5.0 (compatible; AhrefsBot/7.0; +http://ahrefs.com/robot/)"
20.171.207.104 - - [15/Jun/2025:13:08:42 -0400] "GET /inputs.php?action=edit&dir=%2F%2Flib64%2Fpython2.7%2Fencodings&item=iso8859_6.pyc HTTP/1.1" 200 13116 "-" "Mozilla/5.0 AppleWebKit/537.36 (KHTML, like Gecko; compatible; GPTBot/1.2; +https://openai.com/gptbot)"
20.171.207.104 - - [15/Jun/2025:13:08:44 -0400] "GET /inputs.php?action=edit&dir=%2F%2Flib64%2Fpython2.7%2Fencodings&item=iso8859_4.pyo HTTP/1.1" 200 13014 "-" "Mozilla/5.0 AppleWebKit/537.36 (KHTML, like Gecko; compatible; GPTBot/1.2; +https://openai.com/gptbot)"
20.171.207.104 - - [15/Jun/2025:13:08:47 -0400] "GET /inputs.php?action=edit&dir=%2F%2Flib64%2Fpython2.7%2Fencodings&item=iso8859_7.pyc HTTP/1.1" 200 12967 "-" "Mozilla/5.0 AppleWebKit/537.36 (KHTML, like Gecko; compatible; GPTBot/1.2; +https://openai.com/gptbot)"
20.171.207.104 - - [15/Jun/2025:13:08:49 -0400] "GET /inputs.php?action=edit&dir=%2F%2Flib64%2Fpython2.7%2Fencodings&item=iso8859_7.pyo HTTP/1.1" 200 13133 "-" "Mozilla/5.0 AppleWebKit/537.36 (KHTML, like Gecko; compatible; GPTBot/1.2; +https://openai.com/gptbot)"
20.171.207.104 - - [15/Jun/2025:13:08:51 -0400] "GET /inputs.php?action=edit&dir=%2F%2Flib64%2Fpython2.7%2Fencodings&item=iso8859_4.pyc HTTP/1.1" 200 13029 "-" "Mozilla/5.0 AppleWebKit/537.36 (KHTML, like Gecko; compatible; GPTBot/1.2; +https://openai.com/gptbot)"
20.171.207.104 - - [15/Jun/2025:13:08:53 -0400] "GET /inputs.php?action=edit&dir=%2F%2Flib64%2Fpython2.7%2Fencodings&item=iso8859_5.pyc HTTP/1.1" 200 13048 "-" "Mozilla/5.0 AppleWebKit/537.36 (KHTML, like Gecko; compatible; GPTBot/1.2; +https://openai.com/gptbot)"
162.0.232.193 - - [15/Jun/2025:13:08:57 -0400] "POST /wp-cron.php?doing_wp_cron=1750007337.2295610904693603515625 HTTP/1.1" 200 0 "-" "WordPress/6.8.1; https://wotaku-manga.com"
54.36.148.75 - - [15/Jun/2025:13:08:54 -0400] "GET /nh469015125.shtm HTTP/1.1" 301 0 "-" "Mozilla/5.0 (compatible; AhrefsBot/7.0; +http://ahrefs.com/robot/)"
20.171.207.104 - - [15/Jun/2025:13:08:56 -0400] "GET /inputs.php?action=chmod&dir=%2F%2Fusr%2Flib%2Ffirmware%2Fqca&item=nvm_00230302.bin HTTP/1.1" 200 6008 "-" "Mozilla/5.0 AppleWebKit/537.36 (KHTML, like Gecko; compatible; GPTBot/1.2; +https://openai.com/gptbot)"
20.171.207.104 - - [15/Jun/2025:13:09:00 -0400] "GET /inputs.php?action=chmod&dir=%2F%2Flib64%2Fpython2.7%2Fencodings&item=iso8859_2.pyo HTTP/1.1" 200 13226 "-" "Mozilla/5.0 AppleWebKit/537.36 (KHTML, like Gecko; compatible; GPTBot/1.2; +https://openai.com/gptbot)"
54.36.148.83 - - [15/Jun/2025:13:09:03 -0400] "GET /nl36480403.shtm HTTP/1.1" 301 0 "-" "Mozilla/5.0 (compatible; AhrefsBot/7.0; +http://ahrefs.com/robot/)"
20.171.207.104 - - [15/Jun/2025:13:09:04 -0400] "GET /inputs.php?action=edit&dir=%2F%2Flib64%2Fpython2.7%2Fencodings&item=iso8859_5.pyo HTTP/1.1" 200 12696 "-" "Mozilla/5.0 AppleWebKit/537.36 (KHTML, like Gecko; compatible; GPTBot/1.2; +https://openai.com/gptbot)"
20.171.207.104 - - [15/Jun/2025:13:09:07 -0400] "GET /inputs.php?action=edit&dir=%2F%2Flib64%2Fpython2.7%2Fencodings&item=iso8859_8.pyc HTTP/1.1" 200 13112 "-" "Mozilla/5.0 AppleWebKit/537.36 (KHTML, like Gecko; compatible; GPTBot/1.2; +https://openai.com/gptbot)"
20.171.207.104 - - [15/Jun/2025:13:09:10 -0400] "GET /inputs.php?action=edit&dir=%2F%2Fusr%2Flib%2Ffirmware%2Fqca&item=nvm_00130302.bin HTTP/1.1" 200 5822 "-" "Mozilla/5.0 AppleWebKit/537.36 (KHTML, like Gecko; compatible; GPTBot/1.2; +https://openai.com/gptbot)"
20.171.207.104 - - [15/Jun/2025:13:09:12 -0400] "GET /inputs.php?action=edit&dir=%2F%2Flib64%2Fpython2.7%2Fencodings&item=iso8859_9.pyc HTTP/1.1" 200 13074 "-" "Mozilla/5.0 AppleWebKit/537.36 (KHTML, like Gecko; compatible; GPTBot/1.2; +https://openai.com/gptbot)"
54.36.148.121 - - [15/Jun/2025:13:09:15 -0400] "GET /np123275609.shtm HTTP/1.1" 301 0 "-" "Mozilla/5.0 (compatible; AhrefsBot/7.0; +http://ahrefs.com/robot/)"
20.171.207.104 - - [15/Jun/2025:13:09:15 -0400] "GET /inputs.php?action=edit&dir=%2F%2Flib64%2Fpython2.7%2Fencodings&item=iso8859_6.pyo HTTP/1.1" 200 13121 "-" "Mozilla/5.0 AppleWebKit/537.36 (KHTML, like Gecko; compatible; GPTBot/1.2; +https://openai.com/gptbot)"
20.171.207.104 - - [15/Jun/2025:13:09:17 -0400] "GET /inputs.php?action=edit&dir=%2F%2Flib64%2Fpython2.7%2Fencodings&item=iso8859_2.pyo HTTP/1.1" 200 13123 "-" "Mozilla/5.0 AppleWebKit/537.36 (KHTML, like Gecko; compatible; GPTBot/1.2; +https://openai.com/gptbot)"
20.171.207.104 - - [15/Jun/2025:13:09:19 -0400] "GET /inputs.php?action=edit&dir=%2F%2Fusr%2Flib%2Ffirmware%2Fqca&item=nvm_00440302.bin HTTP/1.1" 200 5879 "-" "Mozilla/5.0 AppleWebKit/537.36 (KHTML, like Gecko; compatible; GPTBot/1.2; +https://openai.com/gptbot)"
66.249.73.8 - - [15/Jun/2025:13:09:19 -0400] "GET /n/products/cervine1111821787.shtm HTTP/1.1" 200 82138 "-" "Mozilla/5.0 (Linux; Android 6.0.1; Nexus 5X Build/MMB29P) AppleWebKit/537.36 (KHTML, like Gecko) Chrome/136.0.7103.113 Mobile Safari/537.36 (compatible; GoogleOther)"
20.171.207.104 - - [15/Jun/2025:13:09:21 -0400] "GET /inputs.php?action=edit&dir=%2F%2Flib64%2Fpython2.7%2Fencodings&item=iso8859_9.pyo HTTP/1.1" 200 12754 "-" "Mozilla/5.0 AppleWebKit/537.36 (KHTML, like Gecko; compatible; GPTBot/1.2; +https://openai.com/gptbot)"
20.171.207.104 - - [15/Jun/2025:13:09:23 -0400] "GET /inputs.php?action=edit&dir=%2F%2Flib64%2Fpython2.7%2Fencodings&item=iso8859_8.pyo HTTP/1.1" 200 13224 "-" "Mozilla/5.0 AppleWebKit/537.36 (KHTML, like Gecko; compatible; GPTBot/1.2; +https://openai.com/gptbot)"
20.171.207.104 - - [15/Jun/2025:13:09:25 -0400] "GET /inputs.php?action=edit&dir=%2F%2Fusr%2Flib64%2Fruby%2Fenc%2Ftrans&item=gb18030.so HTTP/1.1" 200 3366 "-" "Mozilla/5.0 AppleWebKit/537.36 (KHTML, like Gecko; compatible; GPTBot/1.2; +https://openai.com/gptbot)"
20.171.207.104 - - [15/Jun/2025:13:09:27 -0400] "GET /inputs.php?action=edit&dir=%2F%2Fusr%2Flib%2Ffirmware%2Fqca&item=nvm_00130300.bin HTTP/1.1" 200 5965 "-" "Mozilla/5.0 AppleWebKit/537.36 (KHTML, like Gecko; compatible; GPTBot/1.2; +https://openai.com/gptbot)"
162.0.232.193 - - [15/Jun/2025:13:09:30 -0400] "POST /wp-cron.php?doing_wp_cron=1750007370.5292830467224121093750 HTTP/1.1" 200 0 "-" "WordPress/6.8.1; https://wotaku-manga.com"
54.36.149.55 - - [15/Jun/2025:13:09:28 -0400] "GET /np321739511.shtm HTTP/1.1" 301 0 "-" "Mozilla/5.0 (compatible; AhrefsBot/7.0; +http://ahrefs.com/robot/)"
20.171.207.104 - - [15/Jun/2025:13:09:29 -0400] "GET /inputs.php?action=edit&dir=%2F%2Flib64%2Fpython2.7%2Fencodings&item=iso8859_2.pyc HTTP/1.1" 200 12735 "-" "Mozilla/5.0 AppleWebKit/537.36 (KHTML, like Gecko; compatible; GPTBot/1.2; +https://openai.com/gptbot)"
20.171.207.104 - - [15/Jun/2025:13:09:31 -0400] "GET /inputs.php?action=chmod&dir=%2F%2Fusr%2Flib%2Ffirmware%2Fath6k%2FAR6003&item=hw2.0 HTTP/1.1" 200 2468 "-" "Mozilla/5.0 AppleWebKit/537.36 (KHTML, like Gecko; compatible; GPTBot/1.2; +https://openai.com/gptbot)"
20.171.207.104 - - [15/Jun/2025:13:09:34 -0400] "GET /inputs.php?action=rename&dir=%2F%2Fusr%2Flib%2Fdebug&item=lib64 HTTP/1.1" 200 2558 "-" "Mozilla/5.0 AppleWebKit/537.36 (KHTML, like Gecko; compatible; GPTBot/1.2; +https://openai.com/gptbot)"
111.94.90.158 - - [15/Jun/2025:13:09:34 -0400] "GET /manga/wotaku-ni-koi-wa-muzukashii-chapter-57/ HTTP/1.1" 200 42585 "https://wotaku-manga.com/manga/wotaku-ni-koi-wa-muzukashii-chapter-56/" "Mozilla/5.0 (Linux; Android 10; K) AppleWebKit/537.36 (KHTML, like Gecko) Chrome/137.0.0.0 Mobile Safari/537.36"
2a03:2880:f800:f:: - - [15/Jun/2025:13:09:35 -0400] "GET /manga/wotakoi-love-is-hard-for-otaku-chapter-83/ HTTP/1.1" 200 42980 "-" "meta-externalagent/1.1 (+https://developers.facebook.com/docs/sharing/webmasters/crawler)"
20.171.207.104 - - [15/Jun/2025:13:09:36 -0400] "GET /inputs.php?action=rename&dir=%2F%2Fusr%2Flib64%2Fnss&item=saved HTTP/1.1" 200 2408 "-" "Mozilla/5.0 AppleWebKit/537.36 (KHTML, like Gecko; compatible; GPTBot/1.2; +https://openai.com/gptbot)"
111.94.90.158 - - [15/Jun/2025:13:09:36 -0400] "GET /manga/wotaku-ni-koi-wa-muzukashii-chapter-57/ HTTP/1.1" 200 42585 "https://wotaku-manga.com/manga/wotaku-ni-koi-wa-muzukashii-chapter-56/" "Mozilla/5.0 (Linux; Android 10; K) AppleWebKit/537.36 (KHTML, like Gecko) Chrome/137.0.0.0 Mobile Safari/537.36"
20.171.207.104 - - [15/Jun/2025:13:09:38 -0400] "GET /inputs.php?action=rename&dir=%2F%2Fusr%2Flib64%2Fruby&item=racc HTTP/1.1" 200 3828 "-" "Mozilla/5.0 AppleWebKit/537.36 (KHTML, like Gecko; compatible; GPTBot/1.2; +https://openai.com/gptbot)"
54.36.148.183 - - [15/Jun/2025:13:09:38 -0400] "GET /np531589203.shtm HTTP/1.1" 301 0 "-" "Mozilla/5.0 (compatible; AhrefsBot/7.0; +http://ahrefs.com/robot/)"
111.94.90.158 - - [15/Jun/2025:13:09:37 -0400] "POST /wp-admin/admin-ajax.php HTTP/1.1" 200 61 "https://wotaku-manga.com/manga/wotaku-ni-koi-wa-muzukashii-chapter-57/" "Mozilla/5.0 (Linux; Android 10; K) AppleWebKit/537.36 (KHTML, like Gecko) Chrome/137.0.0.0 Mobile Safari/537.36"
111.94.90.158 - - [15/Jun/2025:13:09:37 -0400] "GET / HTTP/1.1" 200 37916 "https://wotaku-manga.com/manga/wotaku-ni-koi-wa-muzukashii-chapter-57/" "Mozilla/5.0 (Linux; Android 10; K) AppleWebKit/537.36 (KHTML, like Gecko) Chrome/137.0.0.0 Mobile Safari/537.36"
20.171.207.104 - - [15/Jun/2025:13:09:40 -0400] "GET /inputs.php?action=chmod&dir=%2F%2Fopt%2Fimunify360%2Fvenv%2Flib64%2Fpython3.11%2Fsite-packages%2FCrypto%2FUtil%2F__pycache__&item=_raw_api.cpython-311.pyc HTTP/1.1" 200 3058 "-" "Mozilla/5.0 AppleWebKit/537.36 (KHTML, like Gecko; compatible; GPTBot/1.2; +https://openai.com/gptbot)"
20.171.207.104 - - [15/Jun/2025:13:09:42 -0400] "GET /inputs.php?action=chmod&dir=%2F%2Flib64%2Fgettext&item=cldr-plurals HTTP/1.1" 200 2622 "-" "Mozilla/5.0 AppleWebKit/537.36 (KHTML, like Gecko; compatible; GPTBot/1.2; +https://openai.com/gptbot)"
20.171.207.104 - - [15/Jun/2025:13:09:44 -0400] "GET /inputs.php?action=chmod&dir=%2F%2Flib64%2Fpkgconfig&item=liblzma.pc HTTP/1.1" 200 7973 "-" "Mozilla/5.0 AppleWebKit/537.36 (KHTML, like Gecko; compatible; GPTBot/1.2; +https://openai.com/gptbot)"
20.171.207.104 - - [15/Jun/2025:13:09:45 -0400] "GET /inputs.php?action=chmod&dir=%2F%2Flib64%2Fpkgconfig&item=libwebp.pc HTTP/1.1" 200 7900 "-" "Mozilla/5.0 AppleWebKit/537.36 (KHTML, like Gecko; compatible; GPTBot/1.2; +https://openai.com/gptbot)"
111.94.90.158 - - [15/Jun/2025:13:09:43 -0400] "GET / HTTP/1.1" 200 37916 "https://wotaku-manga.com/manga/wotaku-ni-koi-wa-muzukashii-chapter-57/" "Mozilla/5.0 (Linux; Android 10; K) AppleWebKit/537.36 (KHTML, like Gecko) Chrome/137.0.0.0 Mobile Safari/537.36"
20.171.207.104 - - [15/Jun/2025:13:09:46 -0400] "GET /inputs.php?action=edit&dir=%2F%2Flib64%2Frsyslog&item=mmexternal.so HTTP/1.1" 200 3862 "-" "Mozilla/5.0 AppleWebKit/537.36 (KHTML, like Gecko; compatible; GPTBot/1.2; +https://openai.com/gptbot)"
20.171.207.104 - - [15/Jun/2025:13:09:48 -0400] "GET /inputs.php?action=edit&dir=%2F%2Flib64%2Fpkgconfig&item=ncursesw.pc HTTP/1.1" 200 8134 "-" "Mozilla/5.0 AppleWebKit/537.36 (KHTML, like Gecko; compatible; GPTBot/1.2; +https://openai.com/gptbot)"
20.171.207.104 - - [15/Jun/2025:13:09:50 -0400] "GET /inputs.php?action=chmod&dir=%2F%2Flib64%2Fpkgconfig&item=libcurl.pc HTTP/1.1" 200 7984 "-" "Mozilla/5.0 AppleWebKit/537.36 (KHTML, like Gecko; compatible; GPTBot/1.2; +https://openai.com/gptbot)"
162.0.232.193 - - [15/Jun/2025:13:09:52 -0400] "POST /wp-cron.php?doing_wp_cron=1750007392.3333759307861328125000 HTTP/1.1" 200 0 "-" "WordPress/6.8.1; https://wotaku-manga.com"
54.36.148.136 - - [15/Jun/2025:13:09:50 -0400] "GET /nt/3124621.shtm HTTP/1.1" 301 0 "-" "Mozilla/5.0 (compatible; AhrefsBot/7.0; +http://ahrefs.com/robot/)"
20.171.207.104 - - [15/Jun/2025:13:09:51 -0400] "GET /inputs.php?action=edit&dir=%2F%2Flib64%2Fpkgconfig&item=libexslt.pc HTTP/1.1" 200 8164 "-" "Mozilla/5.0 AppleWebKit/537.36 (KHTML, like Gecko; compatible; GPTBot/1.2; +https://openai.com/gptbot)"
162.0.232.193 - - [15/Jun/2025:13:09:58 -0400] "POST /wp-cron.php?doing_wp_cron=1750007398.1344089508056640625000 HTTP/1.1" 200 0 "-" "WordPress/6.8.1; https://wotaku-manga.com"
111.94.90.158 - - [15/Jun/2025:13:09:54 -0400] "GET /manga/wotaku-ni-koi-wa-muzukashii-chapter-57-2/ HTTP/1.1" 200 42615 "https://wotaku-manga.com/manga/wotaku-ni-koi-wa-muzukashii-chapter-57/" "Mozilla/5.0 (Linux; Android 10; K) AppleWebKit/537.36 (KHTML, like Gecko) Chrome/137.0.0.0 Mobile Safari/537.36"
66.249.73.7 - - [15/Jun/2025:13:09:58 -0400] "GET /xrf/goodscode/impriming1111811979.shtm HTTP/1.1" 200 81688 "-" "Mozilla/5.0 (Linux; Android 6.0.1; Nexus 5X Build/MMB29P) AppleWebKit/537.36 (KHTML, like Gecko) Chrome/136.0.7103.113 Mobile Safari/537.36 (compatible; GoogleOther)"
111.94.90.158 - - [15/Jun/2025:13:09:56 -0400] "GET /manga/wotakoi-love-is-hard-for-otaku-chapter-87/ HTTP/1.1" 200 40647 "https://wotaku-manga.com/manga/wotaku-ni-koi-wa-muzukashii-chapter-57/" "Mozilla/5.0 (Linux; Android 10; K) AppleWebKit/537.36 (KHTML, like Gecko) Chrome/137.0.0.0 Mobile Safari/537.36"
20.171.207.104 - - [15/Jun/2025:13:09:53 -0400] "GET /inputs.php?action=chmod&dir=%2F%2Fusr%2Flib64&item=libmysqlclient.a HTTP/1.1" 200 74627 "-" "Mozilla/5.0 AppleWebKit/537.36 (KHTML, like Gecko; compatible; GPTBot/1.2; +https://openai.com/gptbot)"
111.94.90.158 - - [15/Jun/2025:13:09:58 -0400] "GET /manga/wotaku-ni-koi-wa-muzukashii-chapter-56/ HTTP/1.1" 200 42864 "https://wotaku-manga.com/manga/wotaku-ni-koi-wa-muzukashii-chapter-57/" "Mozilla/5.0 (Linux; Android 10; K) AppleWebKit/537.36 (KHTML, like Gecko) Chrome/137.0.0.0 Mobile Safari/537.36"
111.94.90.158 - - [15/Jun/2025:13:10:00 -0400] "POST /wp-admin/admin-ajax.php HTTP/1.1" 200 61 "https://wotaku-manga.com/manga/wotaku-ni-koi-wa-muzukashii-chapter-57-2/" "Mozilla/5.0 (Linux; Android 10; K) AppleWebKit/537.36 (KHTML, like Gecko) Chrome/137.0.0.0 Mobile Safari/537.36"
111.94.90.158 - - [15/Jun/2025:13:09:59 -0400] "GET /manga/wotaku-ni-koi-wa-muzukashii-chapter-57-2/ HTTP/1.1" 200 42615 "https://wotaku-manga.com/manga/wotaku-ni-koi-wa-muzukashii-chapter-57/" "Mozilla/5.0 (Linux; Android 10; K) AppleWebKit/537.36 (KHTML, like Gecko) Chrome/137.0.0.0 Mobile Safari/537.36"
20.171.207.104 - - [15/Jun/2025:13:10:01 -0400] "GET /inputs.php?action=rename&dir=%2F%2Fusr%2Flib64&item=libodbcpsqlS.so HTTP/1.1" 200 73145 "-" "Mozilla/5.0 AppleWebKit/537.36 (KHTML, like Gecko; compatible; GPTBot/1.2; +https://openai.com/gptbot)"
54.36.148.24 - - [15/Jun/2025:13:10:03 -0400] "GET /nt886392981.shtm HTTP/1.1" 301 0 "-" "Mozilla/5.0 (compatible; AhrefsBot/7.0; +http://ahrefs.com/robot/)"
111.94.90.158 - - [15/Jun/2025:13:10:00 -0400] "GET / HTTP/1.1" 200 37898 "https://wotaku-manga.com/manga/wotaku-ni-koi-wa-muzukashii-chapter-57-2/" "Mozilla/5.0 (Linux; Android 10; K) AppleWebKit/537.36 (KHTML, like Gecko) Chrome/137.0.0.0 Mobile Safari/537.36"
2a03:2880:f800:15:: - - [15/Jun/2025:13:10:07 -0400] "GET /shopdetail/322443635 HTTP/1.1" 301 0 "-" "meta-externalagent/1.1 (+https://developers.facebook.com/docs/sharing/webmasters/crawler)"
20.171.207.104 - - [15/Jun/2025:13:10:09 -0400] "GET /inputs.php?action=rename&dir=%2F%2Flib64%2Frsyslog&item=lmtcpsrv.so HTTP/1.1" 200 3827 "-" "Mozilla/5.0 AppleWebKit/537.36 (KHTML, like Gecko; compatible; GPTBot/1.2; +https://openai.com/gptbot)"
111.94.90.158 - - [15/Jun/2025:13:10:11 -0400] "GET /tag/romance/ HTTP/1.1" 301 0 "https://wotaku-manga.com/manga/wotaku-ni-koi-wa-muzukashii-chapter-57-2/" "Mozilla/5.0 (Linux; Android 10; K) AppleWebKit/537.36 (KHTML, like Gecko) Chrome/137.0.0.0 Mobile Safari/537.36"
111.94.90.158 - - [15/Jun/2025:13:10:07 -0400] "GET / HTTP/1.1" 200 37898 "https://wotaku-manga.com/manga/wotaku-ni-koi-wa-muzukashii-chapter-57-2/" "Mozilla/5.0 (Linux; Android 10; K) AppleWebKit/537.36 (KHTML, like Gecko) Chrome/137.0.0.0 Mobile Safari/537.36"
111.94.90.158 - - [15/Jun/2025:13:10:11 -0400] "GET /manga/wotaku-ni-koi-wa-muzukashii-chapter-58/ HTTP/1.1" 200 42803 "https://wotaku-manga.com/manga/wotaku-ni-koi-wa-muzukashii-chapter-57-2/" "Mozilla/5.0 (Linux; Android 10; K) AppleWebKit/537.36 (KHTML, like Gecko) Chrome/137.0.0.0 Mobile Safari/537.36"
2a03:2880:f800:: - - [15/Jun/2025:13:10:12 -0400] "GET / HTTP/1.1" 200 37241 "-" "meta-externalagent/1.1 (+https://developers.facebook.com/docs/sharing/webmasters/crawler)"
54.36.149.100 - - [15/Jun/2025:13:10:15 -0400] "GET /nt949408141.shtm HTTP/1.1" 301 0 "-" "Mozilla/5.0 (compatible; AhrefsBot/7.0; +http://ahrefs.com/robot/)"
111.94.90.158 - - [15/Jun/2025:13:10:15 -0400] "GET /manga/wotaku-ni-koi-wa-muzukashii-chapter-58/ HTTP/1.1" 200 42803 "https://wotaku-manga.com/manga/wotaku-ni-koi-wa-muzukashii-chapter-57-2/" "Mozilla/5.0 (Linux; Android 10; K) AppleWebKit/537.36 (KHTML, like Gecko) Chrome/137.0.0.0 Mobile Safari/537.36"
111.94.90.158 - - [15/Jun/2025:13:10:15 -0400] "GET / HTTP/1.1" 200 37898 "https://wotaku-manga.com/manga/wotaku-ni-koi-wa-muzukashii-chapter-57-2/" "Mozilla/5.0 (Linux; Android 10; K) AppleWebKit/537.36 (KHTML, like Gecko) Chrome/137.0.0.0 Mobile Safari/537.36"
20.171.207.104 - - [15/Jun/2025:13:10:17 -0400] "GET /inputs.php?action=rename&dir=%2F%2Flib64%2Fpkgconfig&item=panelw.pc HTTP/1.1" 200 7943 "-" "Mozilla/5.0 AppleWebKit/537.36 (KHTML, like Gecko; compatible; GPTBot/1.2; +https://openai.com/gptbot)"
162.0.232.193 - - [15/Jun/2025:13:10:19 -0400] "POST /wp-cron.php?doing_wp_cron=1750007419.0436129570007324218750 HTTP/1.1" 200 0 "-" "WordPress/6.8.1; https://wotaku-manga.com"
111.94.90.158 - - [15/Jun/2025:13:10:19 -0400] "POST /wp-admin/admin-ajax.php HTTP/1.1" 200 61 "https://wotaku-manga.com/manga/wotaku-ni-koi-wa-muzukashii-chapter-58/" "Mozilla/5.0 (Linux; Android 10; K) AppleWebKit/537.36 (KHTML, like Gecko) Chrome/137.0.0.0 Mobile Safari/537.36"
111.94.90.158 - - [15/Jun/2025:13:10:18 -0400] "GET / HTTP/1.1" 200 37898 "https://wotaku-manga.com/manga/wotaku-ni-koi-wa-muzukashii-chapter-57-2/" "Mozilla/5.0 (Linux; Android 10; K) AppleWebKit/537.36 (KHTML, like Gecko) Chrome/137.0.0.0 Mobile Safari/537.36"
111.94.90.158 - - [15/Jun/2025:13:10:20 -0400] "GET / HTTP/1.1" 200 37916 "https://wotaku-manga.com/manga/wotaku-ni-koi-wa-muzukashii-chapter-58/" "Mozilla/5.0 (Linux; Android 10; K) AppleWebKit/537.36 (KHTML, like Gecko) Chrome/137.0.0.0 Mobile Safari/537.36"
20.171.207.104 - - [15/Jun/2025:13:10:24 -0400] "GET /inputs.php?action=chmod&dir=%2F%2Flib64%2Frsyslog&item=omjournal.so HTTP/1.1" 200 3835 "-" "Mozilla/5.0 AppleWebKit/537.36 (KHTML, like Gecko; compatible; GPTBot/1.2; +https://openai.com/gptbot)"
111.94.90.158 - - [15/Jun/2025:13:10:24 -0400] "GET / HTTP/1.1" 200 37916 "https://wotaku-manga.com/manga/wotaku-ni-koi-wa-muzukashii-chapter-58/" "Mozilla/5.0 (Linux; Android 10; K) AppleWebKit/537.36 (KHTML, like Gecko) Chrome/137.0.0.0 Mobile Safari/537.36"
2804:d45:959d:c900:e12d:22a6:ff6c:e2e4 - - [15/Jun/2025:13:10:26 -0400] "GET /wp-content/cache/min/1/wp-content/plugins/comic-easel/js/keynav.js?ver=1684511167 HTTP/1.1" 304 0 "https://wotaku-manga.com/" "Mozilla/5.0 (Windows NT 10.0; Win64; x64) AppleWebKit/537.36 (KHTML, like Gecko) Chrome/137.0.0.0 Safari/537.36"
2804:d45:959d:c900:e12d:22a6:ff6c:e2e4 - - [15/Jun/2025:13:10:26 -0400] "GET /wp-content/themes/toivo-lite/js/functions.min.js?ver=1.2.0 HTTP/1.1" 304 0 "https://wotaku-manga.com/" "Mozilla/5.0 (Windows NT 10.0; Win64; x64) AppleWebKit/537.36 (KHTML, like Gecko) Chrome/137.0.0.0 Safari/537.36"
2804:d45:959d:c900:e12d:22a6:ff6c:e2e4 - - [15/Jun/2025:13:10:26 -0400] "GET /wp-content/plugins/simple-social-buttons/assets/js/frontend-blocks.js?ver=6.1.0 HTTP/1.1" 304 0 "https://wotaku-manga.com/" "Mozilla/5.0 (Windows NT 10.0; Win64; x64) AppleWebKit/537.36 (KHTML, like Gecko) Chrome/137.0.0.0 Safari/537.36"
2804:d45:959d:c900:e12d:22a6:ff6c:e2e4 - - [15/Jun/2025:13:10:26 -0400] "GET /wp-includes/js/jquery/jquery-migrate.min.js?ver=3.4.1 HTTP/1.1" 304 0 "https://wotaku-manga.com/" "Mozilla/5.0 (Windows NT 10.0; Win64; x64) AppleWebKit/537.36 (KHTML, like Gecko) Chrome/137.0.0.0 Safari/537.36"
20.171.207.104 - - [15/Jun/2025:13:10:30 -0400] "GET /inputs.php?action=rename&dir=%2F%2Flib64%2Fpkgconfig&item=python.pc HTTP/1.1" 200 7913 "-" "Mozilla/5.0 AppleWebKit/537.36 (KHTML, like Gecko; compatible; GPTBot/1.2; +https://openai.com/gptbot)"
54.36.148.245 - - [15/Jun/2025:13:10:31 -0400] "GET /nx153357747.shtm HTTP/1.1" 301 0 "-" "Mozilla/5.0 (compatible; AhrefsBot/7.0; +http://ahrefs.com/robot/)"
20.171.207.104 - - [15/Jun/2025:13:10:35 -0400] "GET /inputs.php?action=chmod&dir=%2F%2Flib64%2Fpkgconfig&item=libxslt.pc HTTP/1.1" 200 7879 "-" "Mozilla/5.0 AppleWebKit/537.36 (KHTML, like Gecko; compatible; GPTBot/1.2; +https://openai.com/gptbot)"
66.249.73.7 - - [15/Jun/2025:13:10:37 -0400] "GET /x/1112938251.shtm HTTP/1.1" 200 82350 "-" "Mozilla/5.0 (Linux; Android 6.0.1; Nexus 5X Build/MMB29P) AppleWebKit/537.36 (KHTML, like Gecko) Chrome/136.0.7103.113 Mobile Safari/537.36 (compatible; GoogleOther)"
54.36.148.57 - - [15/Jun/2025:13:10:41 -0400] "GET /nx167755871.shtm HTTP/1.1" 301 0 "-" "Mozilla/5.0 (compatible; AhrefsBot/7.0; +http://ahrefs.com/robot/)"
20.171.207.104 - - [15/Jun/2025:13:10:40 -0400] "GET /inputs.php?action=rename&dir=%2F%2Fusr%2Flib64&item=libwebpdemux.so HTTP/1.1" 200 74630 "-" "Mozilla/5.0 AppleWebKit/537.36 (KHTML, like Gecko; compatible; GPTBot/1.2; +https://openai.com/gptbot)"
20.171.207.104 - - [15/Jun/2025:13:10:46 -0400] "GET /inputs.php?action=rename&dir=%2F%2Flib64%2Frsyslog&item=imuxsock.so HTTP/1.1" 200 3695 "-" "Mozilla/5.0 AppleWebKit/537.36 (KHTML, like Gecko; compatible; GPTBot/1.2; +https://openai.com/gptbot)"
162.0.232.193 - - [15/Jun/2025:13:10:50 -0400] "POST /wp-cron.php?doing_wp_cron=1750007450.0327880382537841796875 HTTP/1.1" 200 0 "-" "WordPress/6.8.1; https://wotaku-manga.com"
111.94.90.158 - - [15/Jun/2025:13:10:48 -0400] "GET /manga/wotaku-ni-koi-wa-muzukashii-chapter-57-2/ HTTP/1.1" 200 42225 "https://wotaku-manga.com/manga/wotaku-ni-koi-wa-muzukashii-chapter-58/" "Mozilla/5.0 (Linux; Android 10; K) AppleWebKit/537.36 (KHTML, like Gecko) Chrome/137.0.0.0 Mobile Safari/537.36"
111.94.90.158 - - [15/Jun/2025:13:10:48 -0400] "GET /manga/wotaku-ni-koi-wa-muzukashii-chapter-59/ HTTP/1.1" 200 42484 "https://wotaku-manga.com/manga/wotaku-ni-koi-wa-muzukashii-chapter-58/" "Mozilla/5.0 (Linux; Android 10; K) AppleWebKit/537.36 (KHTML, like Gecko) Chrome/137.0.0.0 Mobile Safari/537.36"
20.171.207.104 - - [15/Jun/2025:13:10:51 -0400] "GET /inputs.php?action=rename&dir=%2F%2Flib64%2Fpkgconfig&item=libpsx.pc HTTP/1.1" 200 7919 "-" "Mozilla/5.0 AppleWebKit/537.36 (KHTML, like Gecko; compatible; GPTBot/1.2; +https://openai.com/gptbot)"
111.94.90.158 - - [15/Jun/2025:13:10:52 -0400] "GET /manga/wotaku-ni-koi-wa-muzukashii-chapter-57-2/ HTTP/1.1" 200 42225 "https://wotaku-manga.com/manga/wotaku-ni-koi-wa-muzukashii-chapter-58/" "Mozilla/5.0 (Linux; Android 10; K) AppleWebKit/537.36 (KHTML, like Gecko) Chrome/137.0.0.0 Mobile Safari/537.36"
111.94.90.158 - - [15/Jun/2025:13:10:52 -0400] "GET /manga/wotaku-ni-koi-wa-muzukashii-chapter-59/ HTTP/1.1" 200 42484 "https://wotaku-manga.com/manga/wotaku-ni-koi-wa-muzukashii-chapter-58/" "Mozilla/5.0 (Linux; Android 10; K) AppleWebKit/537.36 (KHTML, like Gecko) Chrome/137.0.0.0 Mobile Safari/537.36"
111.94.90.158 - - [15/Jun/2025:13:10:55 -0400] "GET /manga/wotaku-ni-koi-wa-muzukashii-chapter-59/ HTTP/1.1" 200 42484 "https://wotaku-manga.com/manga/wotaku-ni-koi-wa-muzukashii-chapter-58/" "Mozilla/5.0 (Linux; Android 10; K) AppleWebKit/537.36 (KHTML, like Gecko) Chrome/137.0.0.0 Mobile Safari/537.36"
20.171.207.104 - - [15/Jun/2025:13:10:57 -0400] "GET /inputs.php?action=rename&dir=%2F%2Flib64%2Fpkgconfig&item=libssl.pc HTTP/1.1" 200 7945 "-" "Mozilla/5.0 AppleWebKit/537.36 (KHTML, like Gecko; compatible; GPTBot/1.2; +https://openai.com/gptbot)"
20.171.207.104 - - [15/Jun/2025:13:11:01 -0400] "GET /inputs.php?action=chmod&dir=%2F%2Flib64%2Frsyslog&item=imjournal.so HTTP/1.1" 200 3758 "-" "Mozilla/5.0 AppleWebKit/537.36 (KHTML, like Gecko; compatible; GPTBot/1.2; +https://openai.com/gptbot)"
216.73.216.68 - - [15/Jun/2025:13:11:02 -0400] "GET /sitemap-child-1953.xml HTTP/1.1" 200 11387 "-" "Mozilla/5.0 AppleWebKit/537.36 (KHTML, like Gecko; compatible; ClaudeBot/1.0; [email protected])"
162.0.232.193 - - [15/Jun/2025:13:11:05 -0400] "POST /wp-cron.php?doing_wp_cron=1750007465.6268041133880615234375 HTTP/1.1" 200 0 "-" "WordPress/6.8.1; https://wotaku-manga.com"
54.36.149.1 - - [15/Jun/2025:13:11:04 -0400] "GET /nz323235353.shtm HTTP/1.1" 301 0 "-" "Mozilla/5.0 (compatible; AhrefsBot/7.0; +http://ahrefs.com/robot/)"
20.171.207.104 - - [15/Jun/2025:13:11:05 -0400] "GET /inputs.php?action=chmod&dir=%2F%2Flib64%2Fpkgconfig&item=libjpeg.pc HTTP/1.1" 200 7990 "-" "Mozilla/5.0 AppleWebKit/537.36 (KHTML, like Gecko; compatible; GPTBot/1.2; +https://openai.com/gptbot)"
2a03:2880:f800:1d:: - - [15/Jun/2025:13:11:08 -0400] "GET /category/wotakoi-manga/ HTTP/1.1" 200 45322 "-" "meta-externalagent/1.1 (+https://developers.facebook.com/docs/sharing/webmasters/crawler)"
20.171.207.104 - - [15/Jun/2025:13:11:09 -0400] "GET /inputs.php?action=chmod&dir=%2F%2Flib64%2Fpkgconfig&item=ncurses.pc HTTP/1.1" 200 7987 "-" "Mozilla/5.0 AppleWebKit/537.36 (KHTML, like Gecko; compatible; GPTBot/1.2; +https://openai.com/gptbot)"
20.171.207.104 - - [15/Jun/2025:13:11:13 -0400] "GET /inputs.php?action=edit&dir=%2F%2Flib64%2Fpkgconfig&item=libverto.pc HTTP/1.1" 200 8056 "-" "Mozilla/5.0 AppleWebKit/537.36 (KHTML, like Gecko; compatible; GPTBot/1.2; +https://openai.com/gptbot)"
54.36.148.8 - - [15/Jun/2025:13:11:14 -0400] "GET /o/170660876.shtm HTTP/1.1" 301 0 "-" "Mozilla/5.0 (compatible; AhrefsBot/7.0; +http://ahrefs.com/robot/)"
20.171.207.104 - - [15/Jun/2025:13:11:15 -0400] "GET /inputs.php?action=chmod&dir=%2F%2Flib64%2Fpkgconfig&item=openssl.pc HTTP/1.1" 200 7981 "-" "Mozilla/5.0 AppleWebKit/537.36 (KHTML, like Gecko; compatible; GPTBot/1.2; +https://openai.com/gptbot)"
66.249.73.8 - - [15/Jun/2025:13:11:16 -0400] "GET /tl/sideroxylon1112917245.shtm HTTP/1.1" 200 81835 "-" "Mozilla/5.0 (Linux; Android 6.0.1; Nexus 5X Build/MMB29P) AppleWebKit/537.36 (KHTML, like Gecko) Chrome/136.0.7103.113 Mobile Safari/537.36 (compatible; GoogleOther)"
20.171.207.104 - - [15/Jun/2025:13:11:18 -0400] "GET /inputs.php?action=rename&dir=%2F%2Flib64%2Frsyslog&item=lmregexp.so HTTP/1.1" 200 3749 "-" "Mozilla/5.0 AppleWebKit/537.36 (KHTML, like Gecko; compatible; GPTBot/1.2; +https://openai.com/gptbot)"
162.0.232.193 - - [15/Jun/2025:13:11:21 -0400] "POST /wp-cron.php?doing_wp_cron=1750007481.0355420112609863281250 HTTP/1.1" 200 0 "-" "WordPress/6.8.1; https://wotaku-manga.com"
52.255.111.118 - - [15/Jun/2025:13:11:20 -0400] "GET /manga/wotaku-ni-koi-wa-muzukashii-chapter-31 HTTP/1.1" 301 0 "-" "Mozilla/5.0 AppleWebKit/537.36 (KHTML, like Gecko); compatible; ChatGPT-User/1.0; +https://openai.com/bot"
20.171.207.104 - - [15/Jun/2025:13:11:21 -0400] "GET /inputs.php?action=chmod&dir=%2F%2Flib64%2Fpkgconfig&item=mariadb.pc HTTP/1.1" 200 7890 "-" "Mozilla/5.0 AppleWebKit/537.36 (KHTML, like Gecko; compatible; GPTBot/1.2; +https://openai.com/gptbot)"
52.255.111.118 - - [15/Jun/2025:13:11:21 -0400] "GET /manga/wotaku-ni-koi-wa-muzukashii-chapter-31/ HTTP/1.1" 200 41070 "-" "Mozilla/5.0 AppleWebKit/537.36 (KHTML, like Gecko); compatible; ChatGPT-User/1.0; +https://openai.com/bot"
20.171.207.104 - - [15/Jun/2025:13:11:23 -0400] "GET /inputs.php?action=rename&dir=%2F%2Flib64%2Frsyslog&item=omuxsock.so HTTP/1.1" 200 3833 "-" "Mozilla/5.0 AppleWebKit/537.36 (KHTML, like Gecko; compatible; GPTBot/1.2; +https://openai.com/gptbot)"
20.171.207.104 - - [15/Jun/2025:13:11:25 -0400] "GET /inputs.php?dir=%2F%2Fopt%2Falt%2Fphp54%2Fusr%2Fshare%2Fpear%2Ftest%2FSerializer%2FSymfony HTTP/1.1" 200 2372 "-" "Mozilla/5.0 AppleWebKit/537.36 (KHTML, like Gecko; compatible; GPTBot/1.2; +https://openai.com/gptbot)"
20.171.207.104 - - [15/Jun/2025:13:11:27 -0400] "GET /inputs.php?dir=%2F%2Fopt%2Falt%2Fphp53%2Fusr%2Fshare%2Fpear%2Ftest%2FSerializer%2FSymfony HTTP/1.1" 200 2342 "-" "Mozilla/5.0 AppleWebKit/537.36 (KHTML, like Gecko; compatible; GPTBot/1.2; +https://openai.com/gptbot)"
20.171.207.104 - - [15/Jun/2025:13:11:28 -0400] "GET /inputs.php?dir=%2F%2Fopt%2Falt%2Fphp53%2Fusr%2Fshare%2Fpear%2Fezc%2FConsoleTools%2Fdialog HTTP/1.1" 200 2544 "-" "Mozilla/5.0 AppleWebKit/537.36 (KHTML, like Gecko; compatible; GPTBot/1.2; +https://openai.com/gptbot)"
20.171.207.104 - - [15/Jun/2025:13:11:30 -0400] "GET /inputs.php?dir=%2F%2Fopt%2Falt%2Fphp54%2Fusr%2Fshare%2Fpear%2Fezc%2FConsoleTools%2Fdialog HTTP/1.1" 200 2544 "-" "Mozilla/5.0 AppleWebKit/537.36 (KHTML, like Gecko; compatible; GPTBot/1.2; +https://openai.com/gptbot)"
20.171.207.104 - - [15/Jun/2025:13:11:31 -0400] "GET /inputs.php?action=view&dir=%2F%2Flib64%2Fpython3.8%2Fencodings&item=cp875.py HTTP/1.1" 200 10102 "-" "Mozilla/5.0 AppleWebKit/537.36 (KHTML, like Gecko; compatible; GPTBot/1.2; +https://openai.com/gptbot)"
20.171.207.104 - - [15/Jun/2025:13:11:32 -0400] "GET /inputs.php?action=view&dir=%2F%2Flib64%2Fpython3.8%2Fencodings&item=cp037.py HTTP/1.1" 200 10113 "-" "Mozilla/5.0 AppleWebKit/537.36 (KHTML, like Gecko; compatible; GPTBot/1.2; +https://openai.com/gptbot)"
20.171.207.104 - - [15/Jun/2025:13:11:33 -0400] "GET /inputs.php?action=view&dir=%2F%2Flib64%2Fpython3.8%2Fencodings&item=cp857.py HTTP/1.1" 200 13469 "-" "Mozilla/5.0 AppleWebKit/537.36 (KHTML, like Gecko; compatible; GPTBot/1.2; +https://openai.com/gptbot)"
20.171.207.104 - - [15/Jun/2025:13:11:35 -0400] "GET /inputs.php?dir=%2F%2Fopt%2Falt%2Falt-nodejs22%2Froot%2Fetc%2Fpm HTTP/1.1" 403 1242 "-" "Mozilla/5.0 AppleWebKit/537.36 (KHTML, like Gecko; compatible; GPTBot/1.2; +https://openai.com/gptbot)"
20.171.207.104 - - [15/Jun/2025:13:11:36 -0400] "GET /inputs.php?action=view&dir=%2F%2Fopt%2Falt%2Fruby18%2Fshare%2Fri%2F1.8%2Fsystem%2FWSDL%2FSOAP%2FCGIStubCreator&item=dump-i.yaml HTTP/1.1" 200 2806 "-" "Mozilla/5.0 AppleWebKit/537.36 (KHTML, like Gecko; compatible; GPTBot/1.2; +https://openai.com/gptbot)"
54.36.148.6 - - [15/Jun/2025:13:11:36 -0400] "GET /o/509201166.shtm HTTP/1.1" 301 0 "-" "Mozilla/5.0 (compatible; AhrefsBot/7.0; +http://ahrefs.com/robot/)"
20.171.207.104 - - [15/Jun/2025:13:11:37 -0400] "GET /inputs.php?action=view&dir=%2F%2Fopt%2Falt%2Fruby18%2Fshare%2Fri%2F1.8%2Fsystem%2FWEBrick%2FHTTPResponse&item=chunked%3D-i.yaml HTTP/1.1" 200 3660 "-" "Mozilla/5.0 AppleWebKit/537.36 (KHTML, like Gecko; compatible; GPTBot/1.2; +https://openai.com/gptbot)"
20.171.207.104 - - [15/Jun/2025:13:11:39 -0400] "GET /inputs.php?action=view&dir=%2F%2Fopt%2Falt%2Fruby18%2Fshare%2Fri%2F1.8%2Fsystem%2FWEBrick%2FHTTPRequest&item=fixup-i.yaml HTTP/1.1" 200 3699 "-" "Mozilla/5.0 AppleWebKit/537.36 (KHTML, like Gecko; compatible; GPTBot/1.2; +https://openai.com/gptbot)"
20.171.207.104 - - [15/Jun/2025:13:11:40 -0400] "GET /inputs.php?action=view&dir=%2F%2Fopt%2Falt%2Fruby18%2Fshare%2Fri%2F1.8%2Fsystem%2FWSDL%2FSOAP%2FCGIStubCreator&item=new-c.yaml HTTP/1.1" 200 2805 "-" "Mozilla/5.0 AppleWebKit/537.36 (KHTML, like Gecko; compatible; GPTBot/1.2; +https://openai.com/gptbot)"
20.171.207.104 - - [15/Jun/2025:13:11:41 -0400] "GET /inputs.php?action=view&dir=%2F%2Fopt%2Falt%2Fruby18%2Fshare%2Fri%2F1.8%2Fsystem%2FWEBrick%2FHTTPRequest&item=read_body-i.yaml HTTP/1.1" 200 3673 "-" "Mozilla/5.0 AppleWebKit/537.36 (KHTML, like Gecko; compatible; GPTBot/1.2; +https://openai.com/gptbot)"
20.171.207.104 - - [15/Jun/2025:13:11:42 -0400] "GET /inputs.php?action=view&dir=%2F%2Fopt%2Falt%2Fruby18%2Fshare%2Fri%2F1.8%2Fsystem%2FWEBrick%2FHTTPServer&item=access_log-i.yaml HTTP/1.1" 200 3309 "-" "Mozilla/5.0 AppleWebKit/537.36 (KHTML, like Gecko; compatible; GPTBot/1.2; +https://openai.com/gptbot)"
20.171.207.104 - - [15/Jun/2025:13:11:43 -0400] "GET /inputs.php?action=edit&dir=%2F%2Fusr%2Flib64&item=libmpc.so.3 HTTP/1.1" 200 73002 "-" "Mozilla/5.0 AppleWebKit/537.36 (KHTML, like Gecko; compatible; GPTBot/1.2; +https://openai.com/gptbot)"
162.0.232.193 - - [15/Jun/2025:13:11:50 -0400] "POST /wp-cron.php?doing_wp_cron=1750007509.8304910659790039062500 HTTP/1.1" 200 0 "-" "WordPress/6.8.1; https://wotaku-manga.com"
2409:40f4:411d:4d93:8000:: - - [15/Jun/2025:13:11:48 -0400] "GET /manga/wotakoi-love-is-hard-for-otaku-chapter-5/ HTTP/1.1" 200 44365 "https://wotaku-manga.com/manga/wotakoi-love-is-hard-for-otaku-chapter-4-5/" "Mozilla/5.0 (Linux; Android 10; K) AppleWebKit/537.36 (KHTML, like Gecko) Chrome/137.0.0.0 Mobile Safari/537.36"
54.36.148.27 - - [15/Jun/2025:13:11:50 -0400] "GET /o/522191434.shtm HTTP/1.1" 301 0 "-" "Mozilla/5.0 (compatible; AhrefsBot/7.0; +http://ahrefs.com/robot/)"
20.171.207.104 - - [15/Jun/2025:13:11:49 -0400] "GET /inputs.php?action=rename&dir=%2F%2Fusr%2Flib64&item=libev.so.4 HTTP/1.1" 200 74310 "-" "Mozilla/5.0 AppleWebKit/537.36 (KHTML, like Gecko; compatible; GPTBot/1.2; +https://openai.com/gptbot)"
66.249.73.8 - - [15/Jun/2025:13:11:55 -0400] "GET /ryl/extinction/1112899305.shtm HTTP/1.1" 200 81516 "-" "Mozilla/5.0 (Linux; Android 6.0.1; Nexus 5X Build/MMB29P) AppleWebKit/537.36 (KHTML, like Gecko) Chrome/136.0.7103.113 Mobile Safari/537.36 (compatible; GoogleOther)"
20.171.207.104 - - [15/Jun/2025:13:11:56 -0400] "GET /inputs.php?action=edit&dir=%2F%2Fusr%2Flib64&item=libXmu.so.6 HTTP/1.1" 200 73699 "-" "Mozilla/5.0 AppleWebKit/537.36 (KHTML, like Gecko; compatible; GPTBot/1.2; +https://openai.com/gptbot)"
20.171.207.104 - - [15/Jun/2025:13:12:02 -0400] "GET /inputs.php?action=edit&dir=%2F%2Fusr%2Flib64&item=libgvc.so.6 HTTP/1.1" 200 74086 "-" "Mozilla/5.0 AppleWebKit/537.36 (KHTML, like Gecko; compatible; GPTBot/1.2; +https://openai.com/gptbot)"
162.0.232.193 - - [15/Jun/2025:13:12:07 -0400] "POST /wp-cron.php?doing_wp_cron=1750007527.0305790901184082031250 HTTP/1.1" 200 0 "-" "WordPress/6.8.1; https://wotaku-manga.com"
54.36.148.46 - - [15/Jun/2025:13:12:05 -0400] "GET /o/529989120.shtm HTTP/1.1" 301 0 "-" "Mozilla/5.0 (compatible; AhrefsBot/7.0; +http://ahrefs.com/robot/)"
2a03:2880:f800:15:: - - [15/Jun/2025:13:12:09 -0400] "GET /shopdetail/301273735 HTTP/1.1" 301 0 "-" "meta-externalagent/1.1 (+https://developers.facebook.com/docs/sharing/webmasters/crawler)"
20.171.207.104 - - [15/Jun/2025:13:12:07 -0400] "GET /inputs.php?action=chmod&dir=%2F%2Fusr%2Flib64&item=libnsl.so.1 HTTP/1.1" 200 73537 "-" "Mozilla/5.0 AppleWebKit/537.36 (KHTML, like Gecko; compatible; GPTBot/1.2; +https://openai.com/gptbot)"
2a03:2880:f800:12:: - - [15/Jun/2025:13:12:13 -0400] "GET / HTTP/1.1" 200 37241 "-" "meta-externalagent/1.1 (+https://developers.facebook.com/docs/sharing/webmasters/crawler)"
20.171.207.104 - - [15/Jun/2025:13:12:12 -0400] "GET /inputs.php?action=chmod&dir=%2F%2Fusr%2Flib64&item=libnet.so.1 HTTP/1.1" 200 72327 "-" "Mozilla/5.0 AppleWebKit/537.36 (KHTML, like Gecko; compatible; GPTBot/1.2; +https://openai.com/gptbot)"
20.171.207.104 - - [15/Jun/2025:13:12:18 -0400] "GET /inputs.php?action=chmod&dir=%2F%2Fusr%2Flib64&item=libssl3.so HTTP/1.1" 200 74979 "-" "Mozilla/5.0 AppleWebKit/537.36 (KHTML, like Gecko; compatible; GPTBot/1.2; +https://openai.com/gptbot)"
162.0.232.193 - - [15/Jun/2025:13:12:24 -0400] "POST /wp-cron.php?doing_wp_cron=1750007544.0299069881439208984375 HTTP/1.1" 200 0 "-" "WordPress/6.8.1; https://wotaku-manga.com"
2a03:2880:f800:3:: - - [15/Jun/2025:13:12:22 -0400] "GET /shopdetail/249609135 HTTP/1.1" 301 0 "-" "meta-externalagent/1.1 (+https://developers.facebook.com/docs/sharing/webmasters/crawler)"
20.171.207.104 - - [15/Jun/2025:13:12:24 -0400] "GET /inputs.php?action=chmod&dir=%2F%2Fusr%2Flib64&item=libgpm.so.2 HTTP/1.1" 200 73305 "-" "Mozilla/5.0 AppleWebKit/537.36 (KHTML, like Gecko; compatible; GPTBot/1.2; +https://openai.com/gptbot)"
2a03:2880:f800:f:: - - [15/Jun/2025:13:12:26 -0400] "GET / HTTP/1.1" 200 37241 "-" "meta-externalagent/1.1 (+https://developers.facebook.com/docs/sharing/webmasters/crawler)"
54.36.148.133 - - [15/Jun/2025:13:12:31 -0400] "GET /o/625515502.shtm HTTP/1.1" 301 0 "-" "Mozilla/5.0 (compatible; AhrefsBot/7.0; +http://ahrefs.com/robot/)"
66.249.73.7 - - [15/Jun/2025:13:12:34 -0400] "GET /a267497914.shtm HTTP/1.1" 200 81278 "-" "Mozilla/5.0 (Linux; Android 6.0.1; Nexus 5X Build/MMB29P) AppleWebKit/537.36 (KHTML, like Gecko) Chrome/136.0.7103.113 Mobile Safari/537.36 (compatible; GoogleOther)"
20.171.207.104 - - [15/Jun/2025:13:12:32 -0400] "GET /inputs.php?action=rename&dir=%2F%2Fusr%2Flib64&item=libbz2.so HTTP/1.1" 200 73836 "-" "Mozilla/5.0 AppleWebKit/537.36 (KHTML, like Gecko; compatible; GPTBot/1.2; +https://openai.com/gptbot)"
20.171.207.104 - - [15/Jun/2025:13:12:39 -0400] "GET /inputs.php?action=rename&dir=%2F%2Fusr%2Flib64&item=libssl3.so HTTP/1.1" 200 73908 "-" "Mozilla/5.0 AppleWebKit/537.36 (KHTML, like Gecko; compatible; GPTBot/1.2; +https://openai.com/gptbot)"
162.0.232.193 - - [15/Jun/2025:13:12:50 -0400] "POST /wp-cron.php?doing_wp_cron=1750007570.2355670928955078125000 HTTP/1.1" 200 0 "-" "WordPress/6.8.1; https://wotaku-manga.com"
54.36.148.42 - - [15/Jun/2025:13:12:48 -0400] "GET /o/725969028.shtm HTTP/1.1" 301 0 "-" "Mozilla/5.0 (compatible; AhrefsBot/7.0; +http://ahrefs.com/robot/)"
20.171.207.104 - - [15/Jun/2025:13:12:47 -0400] "GET /inputs.php?action=chmod&dir=%2F%2Fusr%2Flib64&item=libtdb.so.1 HTTP/1.1" 200 73658 "-" "Mozilla/5.0 AppleWebKit/537.36 (KHTML, like Gecko; compatible; GPTBot/1.2; +https://openai.com/gptbot)"
