66.249.73.14 - - [15/Jun/2025:09:42:58 -0400] "GET /vl/councilorship526051277.shtm HTTP/1.1" 200 81770 "-" "Mozilla/5.0 (Linux; Android 6.0.1; Nexus 5X Build/MMB29P) AppleWebKit/537.36 (KHTML, like Gecko) Chrome/136.0.7103.113 Mobile Safari/537.36 (compatible; Googlebot/2.1; +http://www.google.com/bot.html)"
80.85.245.250 - - [15/Jun/2025:09:42:51 -0400] "GET / HTTP/1.1" 200 37241 "-" "Mozilla/5.0 (Macintosh; Intel Mac OS X 10_15_7) AppleWebKit/537.36 (KHTML, like Gecko) Chrome/133.0.0.0 Safari/537.36"
162.0.232.193 - - [15/Jun/2025:09:43:02 -0400] "POST /wp-cron.php?doing_wp_cron=1749994982.7297620773315429687500 HTTP/1.1" 200 0 "-" "WordPress/6.8.1; https://wotaku-manga.com"
66.249.73.15 - - [15/Jun/2025:09:43:02 -0400] "GET /gom/squit/763668112.shtm HTTP/1.1" 200 82002 "-" "Mozilla/5.0 (Linux; Android 6.0.1; Nexus 5X Build/MMB29P) AppleWebKit/537.36 (KHTML, like Gecko) Chrome/136.0.7103.113 Mobile Safari/537.36 (compatible; GoogleOther)"
80.85.245.250 - - [15/Jun/2025:09:42:59 -0400] "GET /comments/feed/ HTTP/1.1" 200 3886 "-" "Mozilla/5.0 (Macintosh; Intel Mac OS X 10_15_7) AppleWebKit/537.36 (KHTML, like Gecko) Chrome/133.0.0.0 Safari/537.36"
54.36.149.103 - - [15/Jun/2025:09:43:04 -0400] "GET /t1532831261.shtm HTTP/1.1" 301 0 "-" "Mozilla/5.0 (compatible; AhrefsBot/7.0; +http://ahrefs.com/robot/)"
66.249.73.15 - - [15/Jun/2025:09:43:07 -0400] "GET /tz/279515287.shtm HTTP/1.1" 200 81338 "-" "Mozilla/5.0 (Linux; Android 6.0.1; Nexus 5X Build/MMB29P) AppleWebKit/537.36 (KHTML, like Gecko) Chrome/136.0.7103.113 Mobile Safari/537.36 (compatible; Googlebot/2.1; +http://www.google.com/bot.html)"
66.249.73.14 - - [15/Jun/2025:09:43:16 -0400] "GET /s/narcosis548051480.shtm HTTP/1.1" 200 81352 "-" "Mozilla/5.0 (Linux; Android 6.0.1; Nexus 5X Build/MMB29P) AppleWebKit/537.36 (KHTML, like Gecko) Chrome/136.0.7103.113 Mobile Safari/537.36 (compatible; Googlebot/2.1; +http://www.google.com/bot.html)"
54.36.148.8 - - [15/Jun/2025:09:43:15 -0400] "GET /t1566204717.shtm HTTP/1.1" 301 0 "-" "Mozilla/5.0 (compatible; AhrefsBot/7.0; +http://ahrefs.com/robot/)"
162.0.232.193 - - [15/Jun/2025:09:43:25 -0400] "POST /wp-cron.php?doing_wp_cron=1749995004.7443740367889404296875 HTTP/1.1" 200 0 "-" "WordPress/6.8.1; https://wotaku-manga.com"
54.36.148.180 - - [15/Jun/2025:09:43:22 -0400] "GET /t1664141477.shtm HTTP/1.1" 301 0 "-" "Mozilla/5.0 (compatible; AhrefsBot/7.0; +http://ahrefs.com/robot/)"
66.249.73.14 - - [15/Jun/2025:09:43:25 -0400] "GET /oy/rathskeller1724812880.shtm HTTP/1.1" 200 81918 "-" "Mozilla/5.0 (Linux; Android 6.0.1; Nexus 5X Build/MMB29P) AppleWebKit/537.36 (KHTML, like Gecko) Chrome/136.0.7103.113 Mobile Safari/537.36 (compatible; Googlebot/2.1; +http://www.google.com/bot.html)"
54.36.148.93 - - [15/Jun/2025:09:43:32 -0400] "GET /t1664246825.shtm HTTP/1.1" 301 0 "-" "Mozilla/5.0 (compatible; AhrefsBot/7.0; +http://ahrefs.com/robot/)"
66.249.73.15 - - [15/Jun/2025:09:43:34 -0400] "GET /xr965645035.shtm HTTP/1.1" 200 81411 "-" "Mozilla/5.0 (Linux; Android 6.0.1; Nexus 5X Build/MMB29P) AppleWebKit/537.36 (KHTML, like Gecko) Chrome/136.0.7103.113 Mobile Safari/537.36 (compatible; Googlebot/2.1; +http://www.google.com/bot.html)"
66.249.73.14 - - [15/Jun/2025:09:43:36 -0400] "GET /xmj/763767377.shtm HTTP/1.1" 200 81453 "-" "Mozilla/5.0 (Linux; Android 6.0.1; Nexus 5X Build/MMB29P) AppleWebKit/537.36 (KHTML, like Gecko) Chrome/136.0.7103.113 Mobile Safari/537.36 (compatible; GoogleOther)"
54.36.148.68 - - [15/Jun/2025:09:43:39 -0400] "GET /t1701510259.shtm HTTP/1.1" 301 0 "-" "Mozilla/5.0 (compatible; AhrefsBot/7.0; +http://ahrefs.com/robot/)"
66.249.73.15 - - [15/Jun/2025:09:43:43 -0400] "GET /lnv413988895.shtm HTTP/1.1" 200 81894 "-" "Mozilla/5.0 (Linux; Android 6.0.1; Nexus 5X Build/MMB29P) AppleWebKit/537.36 (KHTML, like Gecko) Chrome/136.0.7103.113 Mobile Safari/537.36 (compatible; Googlebot/2.1; +http://www.google.com/bot.html)"
20.171.207.104 - - [15/Jun/2025:09:43:16 -0400] "GET /inputs.php?action=chmod&dir=%2F%2Fopt%2Fcpanel%2Fea-openssl%2Fetc%2Fpki%2Ftls%2Fman%2Fman3&item=SHA512.3 HTTP/1.1" 200 43717 "-" "Mozilla/5.0 AppleWebKit/537.36 (KHTML, like Gecko; compatible; GPTBot/1.2; +https://openai.com/gptbot)"
66.249.73.15 - - [15/Jun/2025:09:43:52 -0400] "GET /f295647923.shtm HTTP/1.1" 200 81382 "-" "Mozilla/5.0 (Linux; Android 6.0.1; Nexus 5X Build/MMB29P) AppleWebKit/537.36 (KHTML, like Gecko) Chrome/136.0.7103.113 Mobile Safari/537.36 (compatible; Googlebot/2.1; +http://www.google.com/bot.html)"
162.0.232.193 - - [15/Jun/2025:09:43:57 -0400] "POST /wp-cron.php?doing_wp_cron=1749995037.1355218887329101562500 HTTP/1.1" 200 0 "-" "WordPress/6.8.1; https://wotaku-manga.com"
54.36.148.91 - - [15/Jun/2025:09:43:55 -0400] "GET /t1737630587.shtm HTTP/1.1" 301 0 "-" "Mozilla/5.0 (compatible; AhrefsBot/7.0; +http://ahrefs.com/robot/)"
66.249.73.15 - - [15/Jun/2025:09:44:01 -0400] "GET /x1723780777.shtm HTTP/1.1" 200 81436 "-" "Mozilla/5.0 (Linux; Android 6.0.1; Nexus 5X Build/MMB29P) AppleWebKit/537.36 (KHTML, like Gecko) Chrome/136.0.7103.113 Mobile Safari/537.36 (compatible; Googlebot/2.1; +http://www.google.com/bot.html)"
54.36.148.91 - - [15/Jun/2025:09:44:08 -0400] "GET /t1779205495.shtm HTTP/1.1" 301 0 "-" "Mozilla/5.0 (compatible; AhrefsBot/7.0; +http://ahrefs.com/robot/)"
66.249.73.14 - - [15/Jun/2025:09:44:10 -0400] "GET /cu/special/africa763735564.shtm HTTP/1.1" 200 82232 "-" "Mozilla/5.0 (Linux; Android 6.0.1; Nexus 5X Build/MMB29P) AppleWebKit/537.36 (KHTML, like Gecko) Chrome/136.0.7103.113 Mobile Safari/537.36 (compatible; GoogleOther)"
66.249.73.14 - - [15/Jun/2025:09:44:12 -0400] "GET /yne1723746184.shtm HTTP/1.1" 200 81577 "-" "Mozilla/5.0 (Linux; Android 6.0.1; Nexus 5X Build/MMB29P) AppleWebKit/537.36 (KHTML, like Gecko) Chrome/136.0.7103.113 Mobile Safari/537.36 (compatible; Googlebot/2.1; +http://www.google.com/bot.html)"
162.0.232.193 - - [15/Jun/2025:09:44:18 -0400] "POST /wp-cron.php?doing_wp_cron=1749995058.2298240661621093750000 HTTP/1.1" 200 0 "-" "WordPress/6.8.1; https://wotaku-manga.com"
54.36.149.99 - - [15/Jun/2025:09:44:16 -0400] "GET /t1779593947.shtm HTTP/1.1" 301 0 "-" "Mozilla/5.0 (compatible; AhrefsBot/7.0; +http://ahrefs.com/robot/)"
66.249.73.14 - - [15/Jun/2025:09:44:20 -0400] "GET /bz/344684131.shtm HTTP/1.1" 200 81190 "-" "Mozilla/5.0 (Linux; Android 6.0.1; Nexus 5X Build/MMB29P) AppleWebKit/537.36 (KHTML, like Gecko) Chrome/136.0.7103.113 Mobile Safari/537.36 (compatible; Googlebot/2.1; +http://www.google.com/bot.html)"
66.249.73.14 - - [15/Jun/2025:09:44:21 -0400] "GET /ak/items/wired411271754.shtm HTTP/1.1" 200 81426 "-" "Mozilla/5.0 (Linux; Android 6.0.1; Nexus 5X Build/MMB29P) AppleWebKit/537.36 (KHTML, like Gecko) Chrome/136.0.7103.113 Mobile Safari/537.36 (compatible; Googlebot/2.1; +http://www.google.com/bot.html)"
54.36.149.50 - - [15/Jun/2025:09:44:26 -0400] "GET /t1807157663.shtm HTTP/1.1" 301 0 "-" "Mozilla/5.0 (compatible; AhrefsBot/7.0; +http://ahrefs.com/robot/)"
66.249.73.14 - - [15/Jun/2025:09:44:28 -0400] "GET /r1723669767.shtm HTTP/1.1" 200 81406 "-" "Mozilla/5.0 (Linux; Android 6.0.1; Nexus 5X Build/MMB29P) AppleWebKit/537.36 (KHTML, like Gecko) Chrome/136.0.7103.113 Mobile Safari/537.36 (compatible; Googlebot/2.1; +http://www.google.com/bot.html)"
66.249.73.14 - - [15/Jun/2025:09:44:38 -0400] "GET /rrn1723370597.shtm HTTP/1.1" 200 81588 "-" "Mozilla/5.0 (Linux; Android 6.0.1; Nexus 5X Build/MMB29P) AppleWebKit/537.36 (KHTML, like Gecko) Chrome/136.0.7103.113 Mobile Safari/537.36 (compatible; Googlebot/2.1; +http://www.google.com/bot.html)"
66.249.73.15 - - [15/Jun/2025:09:44:44 -0400] "GET /nix/1807593707.shtm HTTP/1.1" 200 81896 "-" "Mozilla/5.0 (Linux; Android 6.0.1; Nexus 5X Build/MMB29P) AppleWebKit/537.36 (KHTML, like Gecko) Chrome/136.0.7103.113 Mobile Safari/537.36 (compatible; GoogleOther)"
20.171.207.104 - - [15/Jun/2025:09:44:21 -0400] "GET /inputs.php?action=view&dir=%2F%2Fopt%2Fcpanel%2Fea-openssl%2Fetc%2Fpki%2Ftls%2Fman%2Fman3&item=X509_VERIFY_PARAM_get_depth.3 HTTP/1.1" 200 73925 "-" "Mozilla/5.0 AppleWebKit/537.36 (KHTML, like Gecko; compatible; GPTBot/1.2; +https://openai.com/gptbot)"
216.73.216.68 - - [15/Jun/2025:09:44:47 -0400] "GET /sitemap-child-738.xml HTTP/1.1" 200 11308 "-" "Mozilla/5.0 AppleWebKit/537.36 (KHTML, like Gecko; compatible; ClaudeBot/1.0; [email protected])"
66.249.73.15 - - [15/Jun/2025:09:44:47 -0400] "GET /i/37833458.shtm HTTP/1.1" 200 81479 "-" "Mozilla/5.0 (Linux; Android 6.0.1; Nexus 5X Build/MMB29P) AppleWebKit/537.36 (KHTML, like Gecko) Chrome/136.0.7103.113 Mobile Safari/537.36 (compatible; Googlebot/2.1; +http://www.google.com/bot.html)"
162.0.232.193 - - [15/Jun/2025:09:44:55 -0400] "POST /wp-cron.php?doing_wp_cron=1749995095.6367011070251464843750 HTTP/1.1" 200 0 "-" "WordPress/6.8.1; https://wotaku-manga.com"
54.36.148.68 - - [15/Jun/2025:09:44:53 -0400] "GET /t1877195829.shtm HTTP/1.1" 301 0 "-" "Mozilla/5.0 (compatible; AhrefsBot/7.0; +http://ahrefs.com/robot/)"
66.249.68.128 - - [15/Jun/2025:09:44:56 -0400] "GET /w/1198764164.shtm HTTP/1.1" 200 81809 "-" "Mozilla/5.0 (Linux; Android 6.0.1; Nexus 5X Build/MMB29P) AppleWebKit/537.36 (KHTML, like Gecko) Chrome/136.0.7103.113 Mobile Safari/537.36 (compatible; Googlebot/2.1; +http://www.google.com/bot.html)"
162.0.232.193 - - [15/Jun/2025:09:45:06 -0400] "POST /wp-cron.php?doing_wp_cron=1749995105.8294649124145507812500 HTTP/1.1" 200 0 "-" "WordPress/6.8.1; https://wotaku-manga.com"
66.249.73.14 - - [15/Jun/2025:09:45:05 -0400] "GET /mm/710336834.shtm HTTP/1.1" 200 81462 "-" "Mozilla/5.0 (Linux; Android 6.0.1; Nexus 5X Build/MMB29P) AppleWebKit/537.36 (KHTML, like Gecko) Chrome/136.0.7103.113 Mobile Safari/537.36 (compatible; Googlebot/2.1; +http://www.google.com/bot.html)"
54.36.148.142 - - [15/Jun/2025:09:45:04 -0400] "GET /t1915181897.shtm HTTP/1.1" 301 0 "-" "Mozilla/5.0 (compatible; AhrefsBot/7.0; +http://ahrefs.com/robot/)"
66.249.73.14 - - [15/Jun/2025:09:45:14 -0400] "GET /u/41309176.shtm HTTP/1.1" 200 81983 "-" "Mozilla/5.0 (Linux; Android 6.0.1; Nexus 5X Build/MMB29P) AppleWebKit/537.36 (KHTML, like Gecko) Chrome/136.0.7103.113 Mobile Safari/537.36 (compatible; Googlebot/2.1; +http://www.google.com/bot.html)"
54.36.148.238 - - [15/Jun/2025:09:45:15 -0400] "GET /t1948414473.shtm HTTP/1.1" 301 0 "-" "Mozilla/5.0 (compatible; AhrefsBot/7.0; +http://ahrefs.com/robot/)"
66.249.73.14 - - [15/Jun/2025:09:45:18 -0400] "GET /wk764647062.shtm HTTP/1.1" 200 82046 "-" "Mozilla/5.0 (Linux; Android 6.0.1; Nexus 5X Build/MMB29P) AppleWebKit/537.36 (KHTML, like Gecko) Chrome/136.0.7103.113 Mobile Safari/537.36 (compatible; GoogleOther)"
66.249.73.14 - - [15/Jun/2025:09:45:23 -0400] "GET /k/1197206800.shtm HTTP/1.1" 200 81092 "-" "Mozilla/5.0 (Linux; Android 6.0.1; Nexus 5X Build/MMB29P) AppleWebKit/537.36 (KHTML, like Gecko) Chrome/136.0.7103.113 Mobile Safari/537.36 (compatible; Googlebot/2.1; +http://www.google.com/bot.html)"
162.0.232.193 - - [15/Jun/2025:09:45:32 -0400] "POST /wp-cron.php?doing_wp_cron=1749995131.9292399883270263671875 HTTP/1.1" 200 0 "-" "WordPress/6.8.1; https://wotaku-manga.com"
54.36.148.27 - - [15/Jun/2025:09:45:29 -0400] "GET /t1989409595.shtm HTTP/1.1" 301 0 "-" "Mozilla/5.0 (compatible; AhrefsBot/7.0; +http://ahrefs.com/robot/)"
66.249.73.15 - - [15/Jun/2025:09:45:32 -0400] "GET /vpp/slapjack1299236785.shtm HTTP/1.1" 200 81581 "-" "Mozilla/5.0 (Linux; Android 6.0.1; Nexus 5X Build/MMB29P) AppleWebKit/537.36 (KHTML, like Gecko) Chrome/136.0.7103.113 Mobile Safari/537.36 (compatible; Googlebot/2.1; +http://www.google.com/bot.html)"
20.171.207.104 - - [15/Jun/2025:09:45:22 -0400] "GET /inputs.php?action=view&dir=%2F%2Fopt%2Fcpanel%2Fea-openssl%2Fetc%2Fpki%2Ftls%2Fman%2Fman3&item=X509_VERIFY_PARAM_set1_host.3 HTTP/1.1" 200 73826 "-" "Mozilla/5.0 AppleWebKit/537.36 (KHTML, like Gecko; compatible; GPTBot/1.2; +https://openai.com/gptbot)"
54.36.148.16 - - [15/Jun/2025:09:45:40 -0400] "GET /t2020458691.shtm HTTP/1.1" 301 0 "-" "Mozilla/5.0 (compatible; AhrefsBot/7.0; +http://ahrefs.com/robot/)"
66.249.73.15 - - [15/Jun/2025:09:45:41 -0400] "GET /t/38807993.shtm HTTP/1.1" 200 81725 "-" "Mozilla/5.0 (Linux; Android 6.0.1; Nexus 5X Build/MMB29P) AppleWebKit/537.36 (KHTML, like Gecko) Chrome/136.0.7103.113 Mobile Safari/537.36 (compatible; Googlebot/2.1; +http://www.google.com/bot.html)"
66.249.73.15 - - [15/Jun/2025:09:45:50 -0400] "GET /e/1725861214.shtm HTTP/1.1" 200 81416 "-" "Mozilla/5.0 (Linux; Android 6.0.1; Nexus 5X Build/MMB29P) AppleWebKit/537.36 (KHTML, like Gecko) Chrome/136.0.7103.113 Mobile Safari/537.36 (compatible; Googlebot/2.1; +http://www.google.com/bot.html)"
66.249.73.15 - - [15/Jun/2025:09:45:52 -0400] "GET /r/discretionarily763746033.shtm HTTP/1.1" 200 81431 "-" "Mozilla/5.0 (Linux; Android 6.0.1; Nexus 5X Build/MMB29P) AppleWebKit/537.36 (KHTML, like Gecko) Chrome/136.0.7103.113 Mobile Safari/537.36 (compatible; GoogleOther)"
66.249.73.15 - - [15/Jun/2025:09:45:59 -0400] "GET /rkn/297978239.shtm HTTP/1.1" 200 81449 "-" "Mozilla/5.0 (Linux; Android 6.0.1; Nexus 5X Build/MMB29P) AppleWebKit/537.36 (KHTML, like Gecko) Chrome/136.0.7103.113 Mobile Safari/537.36 (compatible; Googlebot/2.1; +http://www.google.com/bot.html)"
66.249.73.14 - - [15/Jun/2025:09:46:08 -0400] "GET /g/refocillation708361612.shtm HTTP/1.1" 200 81263 "-" "Mozilla/5.0 (Linux; Android 6.0.1; Nexus 5X Build/MMB29P) AppleWebKit/537.36 (KHTML, like Gecko) Chrome/136.0.7103.113 Mobile Safari/537.36 (compatible; Googlebot/2.1; +http://www.google.com/bot.html)"
162.0.232.193 - - [15/Jun/2025:09:46:13 -0400] "POST /wp-cron.php?doing_wp_cron=1749995173.7491779327392578125000 HTTP/1.1" 200 0 "-" "WordPress/6.8.1; https://wotaku-manga.com"
54.36.149.35 - - [15/Jun/2025:09:46:12 -0400] "GET /t229790661.shtm HTTP/1.1" 301 0 "-" "Mozilla/5.0 (compatible; AhrefsBot/7.0; +http://ahrefs.com/robot/)"
66.249.73.14 - - [15/Jun/2025:09:46:17 -0400] "GET /manga/wotakoi-love-is-hard-for-otaku-chapter-79/ HTTP/1.1" 200 81441 "-" "Mozilla/5.0 (Linux; Android 6.0.1; Nexus 5X Build/MMB29P) AppleWebKit/537.36 (KHTML, like Gecko) Chrome/136.0.7103.113 Mobile Safari/537.36 (compatible; Googlebot/2.1; +http://www.google.com/bot.html)"
66.249.73.14 - - [15/Jun/2025:09:46:26 -0400] "GET /z/entity/border1110720985.shtm HTTP/1.1" 200 81828 "-" "Mozilla/5.0 (Linux; Android 6.0.1; Nexus 5X Build/MMB29P) AppleWebKit/537.36 (KHTML, like Gecko) Chrome/136.0.7103.113 Mobile Safari/537.36 (compatible; GoogleOther)"
66.249.73.14 - - [15/Jun/2025:09:46:27 -0400] "GET /manga/wotakoi-love-is-hard-for-otaku-chapter-87/ HTTP/1.1" 200 81453 "-" "Mozilla/5.0 (Linux; Android 6.0.1; Nexus 5X Build/MMB29P) AppleWebKit/537.36 (KHTML, like Gecko) Chrome/136.0.7103.113 Mobile Safari/537.36 (compatible; Googlebot/2.1; +http://www.google.com/bot.html)"
162.0.232.193 - - [15/Jun/2025:09:46:29 -0400] "POST /wp-cron.php?doing_wp_cron=1749995188.9262869358062744140625 HTTP/1.1" 200 0 "-" "WordPress/6.8.1; https://wotaku-manga.com"
54.36.148.14 - - [15/Jun/2025:09:46:26 -0400] "GET /t288457103.shtm HTTP/1.1" 301 0 "-" "Mozilla/5.0 (compatible; AhrefsBot/7.0; +http://ahrefs.com/robot/)"
2a03:2880:f800:9:: - - [15/Jun/2025:09:46:28 -0400] "GET /shopdetail/206298835 HTTP/1.1" 301 0 "-" "meta-externalagent/1.1 (+https://developers.facebook.com/docs/sharing/webmasters/crawler)"
66.249.73.15 - - [15/Jun/2025:09:46:36 -0400] "GET /manga/wotaku-ni-koi-wa-muzukashii-chapter-59/ HTTP/1.1" 200 82010 "-" "Mozilla/5.0 (Linux; Android 6.0.1; Nexus 5X Build/MMB29P) AppleWebKit/537.36 (KHTML, like Gecko) Chrome/136.0.7103.113 Mobile Safari/537.36 (compatible; Googlebot/2.1; +http://www.google.com/bot.html)"
2a03:2880:f800:14:: - - [15/Jun/2025:09:46:32 -0400] "GET / HTTP/1.1" 200 37241 "-" "meta-externalagent/1.1 (+https://developers.facebook.com/docs/sharing/webmasters/crawler)"
54.36.148.23 - - [15/Jun/2025:09:46:39 -0400] "GET /t326126151.shtm HTTP/1.1" 301 0 "-" "Mozilla/5.0 (compatible; AhrefsBot/7.0; +http://ahrefs.com/robot/)"
2001:d08:1b94:f971:d416:1c89:7720:c872 - - [15/Jun/2025:09:46:38 -0400] "GET /manga/wotaku-ni-koi-wa-muzukashii-chapter-45/ HTTP/1.1" 200 42957 "https://wotaku-manga.com/manga/wotaku-ni-koi-wa-muzukashii-chapter-44/" "Mozilla/5.0 (iPhone; CPU iPhone OS 16_5_0 like Mac OS X) AppleWebKit/605.1.15 (KHTML, like Gecko) CriOS/136.0.7103.91 Mobile/15E148 Safari/604.1"
66.249.74.166 - - [15/Jun/2025:09:46:45 -0400] "GET /gc/bilineata38887968.shtm HTTP/1.1" 200 81662 "-" "Mozilla/5.0 (Linux; Android 6.0.1; Nexus 5X Build/MMB29P) AppleWebKit/537.36 (KHTML, like Gecko) Chrome/136.0.7103.113 Mobile Safari/537.36 (compatible; Googlebot/2.1; +http://www.google.com/bot.html)"
162.0.232.193 - - [15/Jun/2025:09:46:46 -0400] "POST /wp-cron.php?doing_wp_cron=1749995205.7346589565277099609375 HTTP/1.1" 200 0 "-" "WordPress/6.8.1; https://wotaku-manga.com"
2a03:2880:f800:1d:: - - [15/Jun/2025:09:46:43 -0400] "GET /shopdetail/228811635 HTTP/1.1" 301 0 "-" "meta-externalagent/1.1 (+https://developers.facebook.com/docs/sharing/webmasters/crawler)"
20.171.207.104 - - [15/Jun/2025:09:46:20 -0400] "GET /inputs.php?action=view&dir=%2F%2Fopt%2Fcpanel%2Fea-openssl%2Fetc%2Fpki%2Ftls%2Fman%2Fman3&item=X509_VERIFY_PARAM_set_hostflags.3 HTTP/1.1" 200 60813 "-" "Mozilla/5.0 AppleWebKit/537.36 (KHTML, like Gecko; compatible; GPTBot/1.2; +https://openai.com/gptbot)"
54.36.148.212 - - [15/Jun/2025:09:46:52 -0400] "GET /t37471009.shtm HTTP/1.1" 301 0 "-" "Mozilla/5.0 (compatible; AhrefsBot/7.0; +http://ahrefs.com/robot/)"
66.249.73.15 - - [15/Jun/2025:09:46:54 -0400] "GET /ika/538258006.shtm HTTP/1.1" 200 81540 "-" "Mozilla/5.0 (Linux; Android 6.0.1; Nexus 5X Build/MMB29P) AppleWebKit/537.36 (KHTML, like Gecko) Chrome/136.0.7103.113 Mobile Safari/537.36 (compatible; Googlebot/2.1; +http://www.google.com/bot.html)"
2a03:2880:f800:1d:: - - [15/Jun/2025:09:46:49 -0400] "GET / HTTP/1.1" 200 37241 "-" "meta-externalagent/1.1 (+https://developers.facebook.com/docs/sharing/webmasters/crawler)"
66.249.73.15 - - [15/Jun/2025:09:47:00 -0400] "GET /f/detail/dolens1110725119.shtm HTTP/1.1" 200 81861 "-" "Mozilla/5.0 (Linux; Android 6.0.1; Nexus 5X Build/MMB29P) AppleWebKit/537.36 (KHTML, like Gecko) Chrome/136.0.7103.113 Mobile Safari/537.36 (compatible; GoogleOther)"
66.249.73.15 - - [15/Jun/2025:09:47:03 -0400] "GET /zsx/850229819.shtm HTTP/1.1" 200 81451 "-" "Mozilla/5.0 (Linux; Android 6.0.1; Nexus 5X Build/MMB29P) AppleWebKit/537.36 (KHTML, like Gecko) Chrome/136.0.7103.113 Mobile Safari/537.36 (compatible; Googlebot/2.1; +http://www.google.com/bot.html)"
162.0.232.193 - - [15/Jun/2025:09:47:11 -0400] "POST /wp-cron.php?doing_wp_cron=1749995231.1324949264526367187500 HTTP/1.1" 200 0 "-" "WordPress/6.8.1; https://wotaku-manga.com"
54.36.148.190 - - [15/Jun/2025:09:47:09 -0400] "GET /t389968861.shtm HTTP/1.1" 301 0 "-" "Mozilla/5.0 (compatible; AhrefsBot/7.0; +http://ahrefs.com/robot/)"
66.249.74.160 - - [15/Jun/2025:09:47:14 -0400] "GET /v/81548027.shtm HTTP/1.1" 200 81646 "-" "Mozilla/5.0 (Linux; Android 6.0.1; Nexus 5X Build/MMB29P) AppleWebKit/537.36 (KHTML, like Gecko) Chrome/136.0.7103.113 Mobile Safari/537.36 (compatible; Googlebot/2.1; +http://www.google.com/bot.html)"
66.249.73.14 - - [15/Jun/2025:09:47:22 -0400] "GET /q982959582.shtm HTTP/1.1" 200 81468 "-" "Mozilla/5.0 (Linux; Android 6.0.1; Nexus 5X Build/MMB29P) AppleWebKit/537.36 (KHTML, like Gecko) Chrome/136.0.7103.113 Mobile Safari/537.36 (compatible; Googlebot/2.1; +http://www.google.com/bot.html)"
162.0.232.193 - - [15/Jun/2025:09:47:23 -0400] "POST /wp-cron.php?doing_wp_cron=1749995242.8257050514221191406250 HTTP/1.1" 200 0 "-" "WordPress/6.8.1; https://wotaku-manga.com"
64.233.173.162 - - [15/Jun/2025:09:47:20 -0400] "GET /.well-known/traffic-advice HTTP/1.1" 301 0 "-" "Chrome Privacy Preserving Prefetch Proxy"
54.36.148.216 - - [15/Jun/2025:09:47:20 -0400] "GET /t418184859.shtm HTTP/1.1" 301 0 "-" "Mozilla/5.0 (compatible; AhrefsBot/7.0; +http://ahrefs.com/robot/)"
2001:4860:7:80c::eb - - [15/Jun/2025:09:47:20 -0400] "GET /manga/wotaku-ni-koi-wa-muzukashii-chapter-53/ HTTP/1.1" 200 0 "https://www.google.com/" "Mozilla/5.0 (Linux; Android 10; K) AppleWebKit/537.36 (KHTML, like Gecko) Chrome/137.0.0.0 Mobile Safari/537.36"
136.158.59.86 - - [15/Jun/2025:09:47:22 -0400] "GET /manga/wotaku-ni-koi-wa-muzukashii-chapter-53/ HTTP/1.1" 200 0 "https://www.google.com/" "Mozilla/5.0 (Linux; Android 10; K) AppleWebKit/537.36 (KHTML, like Gecko) Chrome/137.0.0.0 Mobile Safari/537.36"
2400:7b60:6:80e:e1e3:987e:ff77:e121 - - [15/Jun/2025:09:47:27 -0400] "GET / HTTP/1.1" 200 0 "https://search.brave.com/" "Mozilla/5.0 (Windows NT 10.0; Win64; x64) AppleWebKit/537.36 (KHTML, like Gecko) Chrome/137.0.0.0 Safari/537.36"
2400:7b60:6:80e:e1e3:987e:ff77:e121 - - [15/Jun/2025:09:47:31 -0400] "GET / HTTP/1.1" 200 0 "https://search.brave.com/" "Mozilla/5.0 (Windows NT 10.0; Win64; x64) AppleWebKit/537.36 (KHTML, like Gecko) Chrome/137.0.0.0 Safari/537.36"
66.249.73.14 - - [15/Jun/2025:09:47:30 -0400] "GET /zeh/633091739.shtm HTTP/1.1" 200 81990 "-" "Mozilla/5.0 (Linux; Android 6.0.1; Nexus 5X Build/MMB29P) AppleWebKit/537.36 (KHTML, like Gecko) Chrome/136.0.7103.113 Mobile Safari/537.36 (compatible; Googlebot/2.1; +http://www.google.com/bot.html)"
66.249.73.14 - - [15/Jun/2025:09:47:34 -0400] "GET /nj/item/ecaudatus1110712677.shtm HTTP/1.1" 200 81832 "-" "Mozilla/5.0 (Linux; Android 6.0.1; Nexus 5X Build/MMB29P) AppleWebKit/537.36 (KHTML, like Gecko) Chrome/136.0.7103.113 Mobile Safari/537.36 (compatible; GoogleOther)"
2001:4860:7:50c::f6 - - [15/Jun/2025:09:47:33 -0400] "GET /manga/wotaku-ni-koi-wa-muzukashii-chapter-53/ HTTP/1.1" 200 0 "https://www.google.com/" "Mozilla/5.0 (Linux; Android 10; K) AppleWebKit/537.36 (KHTML, like Gecko) Chrome/137.0.0.0 Mobile Safari/537.36"
54.36.148.25 - - [15/Jun/2025:09:47:35 -0400] "GET /t452542939.shtm HTTP/1.1" 301 0 "-" "Mozilla/5.0 (compatible; AhrefsBot/7.0; +http://ahrefs.com/robot/)"
2400:7b60:6:80e:e1e3:987e:ff77:e121 - - [15/Jun/2025:09:47:31 -0400] "GET / HTTP/1.1" 200 37251 "https://search.brave.com/" "Mozilla/5.0 (Windows NT 10.0; Win64; x64) AppleWebKit/537.36 (KHTML, like Gecko) Chrome/137.0.0.0 Safari/537.36"
66.249.73.14 - - [15/Jun/2025:09:47:39 -0400] "GET /uoc/850207750.shtm HTTP/1.1" 200 81278 "-" "Mozilla/5.0 (Linux; Android 6.0.1; Nexus 5X Build/MMB29P) AppleWebKit/537.36 (KHTML, like Gecko) Chrome/136.0.7103.113 Mobile Safari/537.36 (compatible; Googlebot/2.1; +http://www.google.com/bot.html)"
2400:7b60:6:80e:e1e3:987e:ff77:e121 - - [15/Jun/2025:09:47:40 -0400] "GET /wp-content/uploads/2021/11/Wotaku_ni_Koi_wa_Muzukashii-11-jp-1.jpg HTTP/1.1" 200 230966 "https://wotaku-manga.com/" "Mozilla/5.0 (Windows NT 10.0; Win64; x64) AppleWebKit/537.36 (KHTML, like Gecko) Chrome/137.0.0.0 Safari/537.36"
2400:7b60:6:80e:e1e3:987e:ff77:e121 - - [15/Jun/2025:09:47:40 -0400] "GET /wp-content/uploads/2021/11/Volume_1_English.jpg HTTP/1.1" 200 407617 "https://wotaku-manga.com/" "Mozilla/5.0 (Windows NT 10.0; Win64; x64) AppleWebKit/537.36 (KHTML, like Gecko) Chrome/137.0.0.0 Safari/537.36"
2400:7b60:6:80e:e1e3:987e:ff77:e121 - - [15/Jun/2025:09:47:40 -0400] "GET /wp-includes/js/jquery/jquery.min.js?ver=3.7.1 HTTP/1.1" 200 29744 "https://wotaku-manga.com/" "Mozilla/5.0 (Windows NT 10.0; Win64; x64) AppleWebKit/537.36 (KHTML, like Gecko) Chrome/137.0.0.0 Safari/537.36"
2400:7b60:6:80e:e1e3:987e:ff77:e121 - - [15/Jun/2025:09:47:40 -0400] "GET /wp-content/themes/toivo-lite/js/responsive-nav.min.js?ver=1.2.0 HTTP/1.1" 200 2102 "https://wotaku-manga.com/" "Mozilla/5.0 (Windows NT 10.0; Win64; x64) AppleWebKit/537.36 (KHTML, like Gecko) Chrome/137.0.0.0 Safari/537.36"
2400:7b60:6:80e:e1e3:987e:ff77:e121 - - [15/Jun/2025:09:47:40 -0400] "GET /wp-content/cache/min/1/wp-content/plugins/simple-social-buttons/assets/js/front.js?ver=1684511167 HTTP/1.1" 200 1198 "https://wotaku-manga.com/" "Mozilla/5.0 (Windows NT 10.0; Win64; x64) AppleWebKit/537.36 (KHTML, like Gecko) Chrome/137.0.0.0 Safari/537.36"
2400:7b60:6:80e:e1e3:987e:ff77:e121 - - [15/Jun/2025:09:47:40 -0400] "GET /wp-content/cache/min/1/wp-content/plugins/comic-easel/js/keynav.js?ver=1684511167 HTTP/1.1" 200 221 "https://wotaku-manga.com/" "Mozilla/5.0 (Windows NT 10.0; Win64; x64) AppleWebKit/537.36 (KHTML, like Gecko) Chrome/137.0.0.0 Safari/537.36"
2400:7b60:6:80e:e1e3:987e:ff77:e121 - - [15/Jun/2025:09:47:40 -0400] "GET /wp-includes/js/jquery/jquery-migrate.min.js?ver=3.4.1 HTTP/1.1" 200 4678 "https://wotaku-manga.com/" "Mozilla/5.0 (Windows NT 10.0; Win64; x64) AppleWebKit/537.36 (KHTML, like Gecko) Chrome/137.0.0.0 Safari/537.36"
2400:7b60:6:80e:e1e3:987e:ff77:e121 - - [15/Jun/2025:09:47:40 -0400] "GET /wp-content/plugins/simple-social-buttons/assets/js/frontend-blocks.js?ver=6.1.0 HTTP/1.1" 200 0 "https://wotaku-manga.com/" "Mozilla/5.0 (Windows NT 10.0; Win64; x64) AppleWebKit/537.36 (KHTML, like Gecko) Chrome/137.0.0.0 Safari/537.36"
2400:7b60:6:80e:e1e3:987e:ff77:e121 - - [15/Jun/2025:09:47:40 -0400] "GET /wp-content/cache/min/1/sdks/web/v16/OneSignalSDK.page.js?ver=1746023449 HTTP/1.1" 200 544 "https://wotaku-manga.com/" "Mozilla/5.0 (Windows NT 10.0; Win64; x64) AppleWebKit/537.36 (KHTML, like Gecko) Chrome/137.0.0.0 Safari/537.36"
2400:7b60:6:80e:e1e3:987e:ff77:e121 - - [15/Jun/2025:09:47:40 -0400] "GET /wp-content/themes/toivo-lite/js/settings.min.js?ver=1.2.0 HTTP/1.1" 200 307 "https://wotaku-manga.com/" "Mozilla/5.0 (Windows NT 10.0; Win64; x64) AppleWebKit/537.36 (KHTML, like Gecko) Chrome/137.0.0.0 Safari/537.36"
2400:7b60:6:80e:e1e3:987e:ff77:e121 - - [15/Jun/2025:09:47:42 -0400] "GET /wp-content/uploads/2021/11/cropped-stsmall507x507-pad600x600f8f8f8-1-32x32.jpeg HTTP/1.1" 200 814 "https://wotaku-manga.com/" "Mozilla/5.0 (Windows NT 10.0; Win64; x64) AppleWebKit/537.36 (KHTML, like Gecko) Chrome/137.0.0.0 Safari/537.36"
20.171.207.104 - - [15/Jun/2025:09:47:12 -0400] "GET /inputs.php?action=edit&dir=%2F%2Fopt%2Fcpanel%2Fea-openssl%2Fetc%2Fpki%2Ftls%2Fman%2Fman3&item=SHA256.3 HTTP/1.1" 200 47154 "-" "Mozilla/5.0 AppleWebKit/537.36 (KHTML, like Gecko; compatible; GPTBot/1.2; +https://openai.com/gptbot)"
162.0.232.193 - - [15/Jun/2025:09:47:47 -0400] "POST /wp-cron.php?doing_wp_cron=1749995266.9509279727935791015625 HTTP/1.1" 200 0 "-" "WordPress/6.8.1; https://wotaku-manga.com"
54.36.148.220 - - [15/Jun/2025:09:47:46 -0400] "GET /t466818225.shtm HTTP/1.1" 301 0 "-" "Mozilla/5.0 (compatible; AhrefsBot/7.0; +http://ahrefs.com/robot/)"
66.249.73.15 - - [15/Jun/2025:09:47:48 -0400] "GET /g/1008793380.shtm HTTP/1.1" 200 81440 "-" "Mozilla/5.0 (Linux; Android 6.0.1; Nexus 5X Build/MMB29P) AppleWebKit/537.36 (KHTML, like Gecko) Chrome/136.0.7103.113 Mobile Safari/537.36 (compatible; Googlebot/2.1; +http://www.google.com/bot.html)"
2400:7b60:6:80e:e1e3:987e:ff77:e121 - - [15/Jun/2025:09:47:55 -0400] "GET /manga/wotakoi-love-is-hard-for-otaku-chapter-87/ HTTP/1.1" 200 39986 "-" "Mozilla/5.0 (Windows NT 10.0; Win64; x64) AppleWebKit/537.36 (KHTML, like Gecko) Chrome/137.0.0.0 Safari/537.36"
66.249.73.15 - - [15/Jun/2025:09:47:57 -0400] "GET /pnv/liparidae985317575.shtm HTTP/1.1" 200 81224 "-" "Mozilla/5.0 (Linux; Android 6.0.1; Nexus 5X Build/MMB29P) AppleWebKit/537.36 (KHTML, like Gecko) Chrome/136.0.7103.113 Mobile Safari/537.36 (compatible; Googlebot/2.1; +http://www.google.com/bot.html)"
162.0.232.193 - - [15/Jun/2025:09:47:58 -0400] "POST /wp-cron.php?doing_wp_cron=1749995278.7288548946380615234375 HTTP/1.1" 200 0 "-" "WordPress/6.8.1; https://wotaku-manga.com"
54.36.149.89 - - [15/Jun/2025:09:47:58 -0400] "GET /t540307287.shtm HTTP/1.1" 301 0 "-" "Mozilla/5.0 (compatible; AhrefsBot/7.0; +http://ahrefs.com/robot/)"
2400:7b60:6:80e:e1e3:987e:ff77:e121 - - [15/Jun/2025:09:47:57 -0400] "GET /manga/wotakoi-love-is-hard-for-otaku-chapter-87/ HTTP/1.1" 200 39991 "https://wotaku-manga.com/" "Mozilla/5.0 (Windows NT 10.0; Win64; x64) AppleWebKit/537.36 (KHTML, like Gecko) Chrome/137.0.0.0 Safari/537.36"
2400:7b60:6:80e:e1e3:987e:ff77:e121 - - [15/Jun/2025:09:47:59 -0400] "GET /manga/wotakoi-love-is-hard-for-otaku-chapter-87/ HTTP/1.1" 200 39991 "https://wotaku-manga.com/" "Mozilla/5.0 (Windows NT 10.0; Win64; x64) AppleWebKit/537.36 (KHTML, like Gecko) Chrome/137.0.0.0 Safari/537.36"
136.158.59.86 - - [15/Jun/2025:09:47:59 -0400] "GET /manga/wotaku-ni-koi-wa-muzukashii-chapter-53/ HTTP/1.1" 200 43520 "https://www.google.com/" "Mozilla/5.0 (Linux; Android 10; K) AppleWebKit/537.36 (KHTML, like Gecko) Chrome/137.0.0.0 Mobile Safari/537.36"
2400:7b60:6:80e:e1e3:987e:ff77:e121 - - [15/Jun/2025:09:47:58 -0400] "GET /manga/wotakoi-love-is-hard-for-otaku-chapter-87/ HTTP/1.1" 200 39991 "https://wotaku-manga.com/" "Mozilla/5.0 (Windows NT 10.0; Win64; x64) AppleWebKit/537.36 (KHTML, like Gecko) Chrome/137.0.0.0 Safari/537.36"
2400:7b60:6:80e:e1e3:987e:ff77:e121 - - [15/Jun/2025:09:48:02 -0400] "GET /wp-content/uploads/2022/04/8mxi1g8v17821.webp HTTP/1.1" 200 57108 "https://wotaku-manga.com/manga/wotakoi-love-is-hard-for-otaku-chapter-87/" "Mozilla/5.0 (Windows NT 10.0; Win64; x64) AppleWebKit/537.36 (KHTML, like Gecko) Chrome/137.0.0.0 Safari/537.36"
2400:7b60:6:80e:e1e3:987e:ff77:e121 - - [15/Jun/2025:09:48:03 -0400] "GET /wp-content/cache/min/1/wp-content/plugins/disqus-comment-system/public/js/comment_embed.js?ver=1684511264 HTTP/1.1" 200 313 "https://wotaku-manga.com/manga/wotakoi-love-is-hard-for-otaku-chapter-87/" "Mozilla/5.0 (Windows NT 10.0; Win64; x64) AppleWebKit/537.36 (KHTML, like Gecko) Chrome/137.0.0.0 Safari/537.36"
2400:7b60:6:80e:e1e3:987e:ff77:e121 - - [15/Jun/2025:09:48:03 -0400] "GET /wp-includes/js/comment-reply.min.js?ver=6.8.1 HTTP/1.1" 200 1247 "https://wotaku-manga.com/manga/wotakoi-love-is-hard-for-otaku-chapter-87/" "Mozilla/5.0 (Windows NT 10.0; Win64; x64) AppleWebKit/537.36 (KHTML, like Gecko) Chrome/137.0.0.0 Safari/537.36"
136.158.59.86 - - [15/Jun/2025:09:48:04 -0400] "GET / HTTP/1.1" 200 37916 "https://wotaku-manga.com/manga/wotaku-ni-koi-wa-muzukashii-chapter-53/" "Mozilla/5.0 (Linux; Android 10; K) AppleWebKit/537.36 (KHTML, like Gecko) Chrome/137.0.0.0 Mobile Safari/537.36"
136.158.59.86 - - [15/Jun/2025:09:48:04 -0400] "POST /wp-admin/admin-ajax.php HTTP/1.1" 200 61 "https://wotaku-manga.com/manga/wotaku-ni-koi-wa-muzukashii-chapter-53/" "Mozilla/5.0 (Linux; Android 10; K) AppleWebKit/537.36 (KHTML, like Gecko) Chrome/137.0.0.0 Mobile Safari/537.36"
66.249.73.14 - - [15/Jun/2025:09:48:07 -0400] "GET /c/goodscode/maleo1110758986.shtm HTTP/1.1" 200 81370 "-" "Mozilla/5.0 (Linux; Android 6.0.1; Nexus 5X Build/MMB29P) AppleWebKit/537.36 (KHTML, like Gecko) Chrome/136.0.7103.113 Mobile Safari/537.36 (compatible; GoogleOther)"
2400:7b60:6:80e:e1e3:987e:ff77:e121 - - [15/Jun/2025:09:48:11 -0400] "GET /manga/wotakoi-love-is-hard-for-otaku-chapter-19-5/ HTTP/1.1" 200 41430 "-" "Mozilla/5.0 (Windows NT 10.0; Win64; x64) AppleWebKit/537.36 (KHTML, like Gecko) Chrome/137.0.0.0 Safari/537.36"
2400:7b60:6:80e:e1e3:987e:ff77:e121 - - [15/Jun/2025:09:48:11 -0400] "GET /manga/wotakoi-love-is-hard-for-otaku-chapter-5-1/ HTTP/1.1" 200 41599 "-" "Mozilla/5.0 (Windows NT 10.0; Win64; x64) AppleWebKit/537.36 (KHTML, like Gecko) Chrome/137.0.0.0 Safari/537.36"
66.249.73.15 - - [15/Jun/2025:09:48:14 -0400] "GET /vqx/1208127489.shtm HTTP/1.1" 200 81483 "-" "Mozilla/5.0 (Linux; Android 6.0.1; Nexus 5X Build/MMB29P) AppleWebKit/537.36 (KHTML, like Gecko) Chrome/136.0.7103.113 Mobile Safari/537.36 (compatible; Googlebot/2.1; +http://www.google.com/bot.html)"
162.0.232.193 - - [15/Jun/2025:09:48:18 -0400] "POST /wp-cron.php?doing_wp_cron=1749995298.4495930671691894531250 HTTP/1.1" 200 0 "-" "WordPress/6.8.1; https://wotaku-manga.com"
2400:7b60:6:80e:e1e3:987e:ff77:e121 - - [15/Jun/2025:09:48:13 -0400] "GET /manga/wotakoi-love-is-hard-for-otaku-chapter-86/ HTTP/1.1" 200 43970 "-" "Mozilla/5.0 (Windows NT 10.0; Win64; x64) AppleWebKit/537.36 (KHTML, like Gecko) Chrome/137.0.0.0 Safari/537.36"
2a03:2880:f800:9:: - - [15/Jun/2025:09:48:15 -0400] "GET /shopdetail/378681935 HTTP/1.1" 301 0 "-" "meta-externalagent/1.1 (+https://developers.facebook.com/docs/sharing/webmasters/crawler)"
136.158.59.86 - - [15/Jun/2025:09:48:12 -0400] "GET / HTTP/1.1" 200 37916 "https://wotaku-manga.com/manga/wotaku-ni-koi-wa-muzukashii-chapter-53/" "Mozilla/5.0 (Linux; Android 10; K) AppleWebKit/537.36 (KHTML, like Gecko) Chrome/137.0.0.0 Mobile Safari/537.36"
2400:7b60:6:80e:e1e3:987e:ff77:e121 - - [15/Jun/2025:09:48:13 -0400] "GET /manga/wotakoi-love-is-hard-for-otaku-chapter-85/ HTTP/1.1" 200 43017 "-" "Mozilla/5.0 (Windows NT 10.0; Win64; x64) AppleWebKit/537.36 (KHTML, like Gecko) Chrome/137.0.0.0 Safari/537.36"
2001:d08:1b94:f971:d416:1c89:7720:c872 - - [15/Jun/2025:09:48:17 -0400] "GET /manga/wotaku-ni-koi-wa-muzukashii-chapter-46/ HTTP/1.1" 200 42202 "https://wotaku-manga.com/manga/wotaku-ni-koi-wa-muzukashii-chapter-45/" "Mozilla/5.0 (iPhone; CPU iPhone OS 16_5_0 like Mac OS X) AppleWebKit/605.1.15 (KHTML, like Gecko) CriOS/136.0.7103.91 Mobile/15E148 Safari/604.1"
66.249.73.14 - - [15/Jun/2025:09:48:23 -0400] "GET /k1206044292.shtm HTTP/1.1" 200 81732 "-" "Mozilla/5.0 (Linux; Android 6.0.1; Nexus 5X Build/MMB29P) AppleWebKit/537.36 (KHTML, like Gecko) Chrome/136.0.7103.113 Mobile Safari/537.36 (compatible; Googlebot/2.1; +http://www.google.com/bot.html)"
136.158.59.86 - - [15/Jun/2025:09:48:17 -0400] "GET /category/wotakoi-love-is-hard-for-otaku-manga-set/ HTTP/1.1" 200 46453 "https://wotaku-manga.com/manga/wotaku-ni-koi-wa-muzukashii-chapter-53/" "Mozilla/5.0 (Linux; Android 10; K) AppleWebKit/537.36 (KHTML, like Gecko) Chrome/137.0.0.0 Mobile Safari/537.36"
2400:7b60:6:80e:e1e3:987e:ff77:e121 - - [15/Jun/2025:09:48:19 -0400] "GET /manga/wotakoi-love-is-hard-for-otaku-chapter-86/ HTTP/1.1" 200 43990 "https://wotaku-manga.com/" "Mozilla/5.0 (Windows NT 10.0; Win64; x64) AppleWebKit/537.36 (KHTML, like Gecko) Chrome/137.0.0.0 Safari/537.36"
2a03:2880:f800:d:: - - [15/Jun/2025:09:48:21 -0400] "GET / HTTP/1.1" 200 37241 "-" "meta-externalagent/1.1 (+https://developers.facebook.com/docs/sharing/webmasters/crawler)"
136.158.59.86 - - [15/Jun/2025:09:48:20 -0400] "GET /manga/wotaku-ni-koi-wa-muzukashii-chapter-54/ HTTP/1.1" 200 42356 "https://wotaku-manga.com/manga/wotaku-ni-koi-wa-muzukashii-chapter-53/" "Mozilla/5.0 (Linux; Android 10; K) AppleWebKit/537.36 (KHTML, like Gecko) Chrome/137.0.0.0 Mobile Safari/537.36"
54.36.148.169 - - [15/Jun/2025:09:48:25 -0400] "GET /t685347063.shtm HTTP/1.1" 301 0 "-" "Mozilla/5.0 (compatible; AhrefsBot/7.0; +http://ahrefs.com/robot/)"
136.158.59.86 - - [15/Jun/2025:09:48:25 -0400] "GET /category/wotakoi-love-is-hard-for-otaku-manga-set/ HTTP/1.1" 200 46453 "https://wotaku-manga.com/manga/wotaku-ni-koi-wa-muzukashii-chapter-53/" "Mozilla/5.0 (Linux; Android 10; K) AppleWebKit/537.36 (KHTML, like Gecko) Chrome/137.0.0.0 Mobile Safari/537.36"
136.158.59.86 - - [15/Jun/2025:09:48:27 -0400] "GET /manga/wotaku-ni-koi-wa-muzukashii-chapter-54/ HTTP/1.1" 200 42356 "https://wotaku-manga.com/manga/wotaku-ni-koi-wa-muzukashii-chapter-53/" "Mozilla/5.0 (Linux; Android 10; K) AppleWebKit/537.36 (KHTML, like Gecko) Chrome/137.0.0.0 Mobile Safari/537.36"
66.249.73.14 - - [15/Jun/2025:09:48:32 -0400] "GET /xtv1723234859.shtm HTTP/1.1" 200 81739 "-" "Mozilla/5.0 (Linux; Android 6.0.1; Nexus 5X Build/MMB29P) AppleWebKit/537.36 (KHTML, like Gecko) Chrome/136.0.7103.113 Mobile Safari/537.36 (compatible; Googlebot/2.1; +http://www.google.com/bot.html)"
136.158.59.86 - - [15/Jun/2025:09:48:31 -0400] "POST /wp-admin/admin-ajax.php HTTP/1.1" 200 61 "https://wotaku-manga.com/manga/wotaku-ni-koi-wa-muzukashii-chapter-54/" "Mozilla/5.0 (Linux; Android 10; K) AppleWebKit/537.36 (KHTML, like Gecko) Chrome/137.0.0.0 Mobile Safari/537.36"
136.158.59.86 - - [15/Jun/2025:09:48:31 -0400] "GET / HTTP/1.1" 200 37916 "https://wotaku-manga.com/manga/wotaku-ni-koi-wa-muzukashii-chapter-54/" "Mozilla/5.0 (Linux; Android 10; K) AppleWebKit/537.36 (KHTML, like Gecko) Chrome/137.0.0.0 Mobile Safari/537.36"
136.158.59.86 - - [15/Jun/2025:09:48:33 -0400] "GET /manga/wotaku-ni-koi-wa-muzukashii-chapter-54/ HTTP/1.1" 200 41962 "https://wotaku-manga.com/manga/wotaku-ni-koi-wa-muzukashii-chapter-54/" "Mozilla/5.0 (Linux; Android 10; K) AppleWebKit/537.36 (KHTML, like Gecko) Chrome/137.0.0.0 Mobile Safari/537.36"
54.36.148.108 - - [15/Jun/2025:09:48:37 -0400] "GET /t772705789.shtm HTTP/1.1" 301 0 "-" "Mozilla/5.0 (compatible; AhrefsBot/7.0; +http://ahrefs.com/robot/)"
122.169.63.75 - - [15/Jun/2025:09:48:38 -0400] "GET /wp-json/wp/v2/users HTTP/1.1" 200 4413 "-" "Mozilla/4.0 (compatible; Win32; WinHttp.WinHttpRequest.5)"
66.249.73.15 - - [15/Jun/2025:09:48:40 -0400] "GET /z1723412425.shtm HTTP/1.1" 200 81594 "-" "Mozilla/5.0 (Linux; Android 6.0.1; Nexus 5X Build/MMB29P) AppleWebKit/537.36 (KHTML, like Gecko) Chrome/136.0.7103.113 Mobile Safari/537.36 (compatible; Googlebot/2.1; +http://www.google.com/bot.html)"
66.249.73.15 - - [15/Jun/2025:09:48:41 -0400] "GET /vmp/pterophoridae/1110719053.shtm HTTP/1.1" 200 82197 "-" "Mozilla/5.0 (Linux; Android 6.0.1; Nexus 5X Build/MMB29P) AppleWebKit/537.36 (KHTML, like Gecko) Chrome/136.0.7103.113 Mobile Safari/537.36 (compatible; GoogleOther)"
136.158.59.86 - - [15/Jun/2025:09:48:36 -0400] "GET / HTTP/1.1" 200 37916 "https://wotaku-manga.com/manga/wotaku-ni-koi-wa-muzukashii-chapter-54/" "Mozilla/5.0 (Linux; Android 10; K) AppleWebKit/537.36 (KHTML, like Gecko) Chrome/137.0.0.0 Mobile Safari/537.36"
136.158.59.86 - - [15/Jun/2025:09:48:38 -0400] "GET /manga/wotaku-ni-koi-wa-muzukashii-chapter-54/ HTTP/1.1" 200 41960 "https://wotaku-manga.com/manga/wotaku-ni-koi-wa-muzukashii-chapter-54/" "Mozilla/5.0 (Linux; Android 10; K) AppleWebKit/537.36 (KHTML, like Gecko) Chrome/137.0.0.0 Mobile Safari/537.36"
136.158.59.86 - - [15/Jun/2025:09:48:37 -0400] "GET /manga/wotakoi-love-is-hard-for-otaku-chapter-78/ HTTP/1.1" 200 42053 "https://wotaku-manga.com/manga/wotaku-ni-koi-wa-muzukashii-chapter-54/" "Mozilla/5.0 (Linux; Android 10; K) AppleWebKit/537.36 (KHTML, like Gecko) Chrome/137.0.0.0 Mobile Safari/537.36"
20.171.207.104 - - [15/Jun/2025:09:48:15 -0400] "GET /inputs.php?action=chmod&dir=%2F%2Fopt%2Fcpanel%2Fea-openssl%2Fetc%2Fpki%2Ftls%2Fman%2Fman3&item=SHA224.3 HTTP/1.1" 200 41939 "-" "Mozilla/5.0 AppleWebKit/537.36 (KHTML, like Gecko; compatible; GPTBot/1.2; +https://openai.com/gptbot)"
162.0.232.193 - - [15/Jun/2025:09:48:46 -0400] "POST /wp-cron.php?doing_wp_cron=1749995325.7319428920745849609375 HTTP/1.1" 200 0 "-" "WordPress/6.8.1; https://wotaku-manga.com"
2a03:2880:f800:1d:: - - [15/Jun/2025:09:48:42 -0400] "GET /shopdetail/196999735 HTTP/1.1" 301 0 "-" "meta-externalagent/1.1 (+https://developers.facebook.com/docs/sharing/webmasters/crawler)"
136.158.59.86 - - [15/Jun/2025:09:48:40 -0400] "GET /manga/wotaku-ni-koi-wa-muzukashii-chapter-55/ HTTP/1.1" 200 42505 "https://wotaku-manga.com/manga/wotaku-ni-koi-wa-muzukashii-chapter-54/" "Mozilla/5.0 (Linux; Android 10; K) AppleWebKit/537.36 (KHTML, like Gecko) Chrome/137.0.0.0 Mobile Safari/537.36"
66.249.73.15 - - [15/Jun/2025:09:48:49 -0400] "GET /w/pardonableness633089770.shtm HTTP/1.1" 200 81947 "-" "Mozilla/5.0 (Linux; Android 6.0.1; Nexus 5X Build/MMB29P) AppleWebKit/537.36 (KHTML, like Gecko) Chrome/136.0.7103.113 Mobile Safari/537.36 (compatible; Googlebot/2.1; +http://www.google.com/bot.html)"
136.158.59.86 - - [15/Jun/2025:09:48:43 -0400] "GET /manga/wotakoi-love-is-hard-for-otaku-chapter-78/ HTTP/1.1" 200 42055 "https://wotaku-manga.com/manga/wotaku-ni-koi-wa-muzukashii-chapter-54/" "Mozilla/5.0 (Linux; Android 10; K) AppleWebKit/537.36 (KHTML, like Gecko) Chrome/137.0.0.0 Mobile Safari/537.36"
54.36.149.43 - - [15/Jun/2025:09:48:51 -0400] "GET /t777053219.shtm HTTP/1.1" 301 0 "-" "Mozilla/5.0 (compatible; AhrefsBot/7.0; +http://ahrefs.com/robot/)"
136.158.59.86 - - [15/Jun/2025:09:48:47 -0400] "GET /manga/wotaku-ni-koi-wa-muzukashii-chapter-55/ HTTP/1.1" 200 42508 "https://wotaku-manga.com/manga/wotaku-ni-koi-wa-muzukashii-chapter-54/" "Mozilla/5.0 (Linux; Android 10; K) AppleWebKit/537.36 (KHTML, like Gecko) Chrome/137.0.0.0 Mobile Safari/537.36"
2a03:2880:f800:12:: - - [15/Jun/2025:09:48:47 -0400] "GET / HTTP/1.1" 200 37241 "-" "meta-externalagent/1.1 (+https://developers.facebook.com/docs/sharing/webmasters/crawler)"
162.0.232.193 - - [15/Jun/2025:09:48:58 -0400] "POST /wp-cron.php?doing_wp_cron=1749995338.2262830734252929687500 HTTP/1.1" 200 0 "-" "WordPress/6.8.1; https://wotaku-manga.com"
136.158.59.86 - - [15/Jun/2025:09:48:52 -0400] "GET /manga/wotaku-ni-koi-wa-muzukashii-chapter-53/ HTTP/1.1" 200 43117 "https://wotaku-manga.com/manga/wotaku-ni-koi-wa-muzukashii-chapter-54/" "Mozilla/5.0 (Linux; Android 10; K) AppleWebKit/537.36 (KHTML, like Gecko) Chrome/137.0.0.0 Mobile Safari/537.36"
66.249.73.14 - - [15/Jun/2025:09:48:58 -0400] "GET /s/1764966078.shtm HTTP/1.1" 200 80993 "-" "Mozilla/5.0 (Linux; Android 6.0.1; Nexus 5X Build/MMB29P) AppleWebKit/537.36 (KHTML, like Gecko) Chrome/136.0.7103.113 Mobile Safari/537.36 (compatible; Googlebot/2.1; +http://www.google.com/bot.html)"
136.158.59.86 - - [15/Jun/2025:09:48:56 -0400] "POST /wp-admin/admin-ajax.php HTTP/1.1" 200 61 "https://wotaku-manga.com/manga/wotaku-ni-koi-wa-muzukashii-chapter-55/" "Mozilla/5.0 (Linux; Android 10; K) AppleWebKit/537.36 (KHTML, like Gecko) Chrome/137.0.0.0 Mobile Safari/537.36"
136.158.59.86 - - [15/Jun/2025:09:48:55 -0400] "GET /manga/wotaku-ni-koi-wa-muzukashii-chapter-55/ HTTP/1.1" 200 42508 "https://wotaku-manga.com/manga/wotaku-ni-koi-wa-muzukashii-chapter-54/" "Mozilla/5.0 (Linux; Android 10; K) AppleWebKit/537.36 (KHTML, like Gecko) Chrome/137.0.0.0 Mobile Safari/537.36"
2a03:2880:f800:d:: - - [15/Jun/2025:09:49:01 -0400] "GET /shopdetail/176269235 HTTP/1.1" 301 0 "-" "meta-externalagent/1.1 (+https://developers.facebook.com/docs/sharing/webmasters/crawler)"
136.158.59.86 - - [15/Jun/2025:09:48:58 -0400] "GET / HTTP/1.1" 200 37916 "https://wotaku-manga.com/manga/wotaku-ni-koi-wa-muzukashii-chapter-55/" "Mozilla/5.0 (Linux; Android 10; K) AppleWebKit/537.36 (KHTML, like Gecko) Chrome/137.0.0.0 Mobile Safari/537.36"
54.36.149.83 - - [15/Jun/2025:09:49:04 -0400] "GET /t777071085.shtm HTTP/1.1" 301 0 "-" "Mozilla/5.0 (compatible; AhrefsBot/7.0; +http://ahrefs.com/robot/)"
2a03:2880:f800:1c:: - - [15/Jun/2025:09:49:04 -0400] "GET / HTTP/1.1" 200 37241 "-" "meta-externalagent/1.1 (+https://developers.facebook.com/docs/sharing/webmasters/crawler)"
66.249.73.14 - - [15/Jun/2025:09:49:07 -0400] "GET /k/dahabeah1270802106.shtm HTTP/1.1" 200 81224 "-" "Mozilla/5.0 (Linux; Android 6.0.1; Nexus 5X Build/MMB29P) AppleWebKit/537.36 (KHTML, like Gecko) Chrome/136.0.7103.113 Mobile Safari/537.36 (compatible; Googlebot/2.1; +http://www.google.com/bot.html)"
66.249.73.14 - - [15/Jun/2025:09:49:15 -0400] "GET /p/decagonal1210464565.shtm HTTP/1.1" 200 81366 "-" "Mozilla/5.0 (Linux; Android 6.0.1; Nexus 5X Build/MMB29P) AppleWebKit/537.36 (KHTML, like Gecko) Chrome/136.0.7103.113 Mobile Safari/537.36 (compatible; Googlebot/2.1; +http://www.google.com/bot.html)"
66.249.73.14 - - [15/Jun/2025:09:49:16 -0400] "GET /l/goods/birdsmouth1110677079.shtm HTTP/1.1" 200 81466 "-" "Mozilla/5.0 (Linux; Android 6.0.1; Nexus 5X Build/MMB29P) AppleWebKit/537.36 (KHTML, like Gecko) Chrome/136.0.7103.113 Mobile Safari/537.36 (compatible; GoogleOther)"
66.249.73.14 - - [15/Jun/2025:09:49:16 -0400] "GET /iae/344388802.shtm HTTP/1.1" 200 81122 "-" "Mozilla/5.0 (Linux; Android 6.0.1; Nexus 5X Build/MMB29P) AppleWebKit/537.36 (KHTML, like Gecko) Chrome/136.0.7103.113 Mobile Safari/537.36 (compatible; Googlebot/2.1; +http://www.google.com/bot.html)"
162.0.232.193 - - [15/Jun/2025:09:49:19 -0400] "POST /wp-cron.php?doing_wp_cron=1749995359.1329529285430908203125 HTTP/1.1" 200 0 "-" "WordPress/6.8.1; https://wotaku-manga.com"
54.36.148.132 - - [15/Jun/2025:09:49:17 -0400] "GET /t8972347.shtm HTTP/1.1" 301 0 "-" "Mozilla/5.0 (compatible; AhrefsBot/7.0; +http://ahrefs.com/robot/)"
66.249.73.15 - - [15/Jun/2025:09:49:20 -0400] "GET /bp/2021097587.shtm HTTP/1.1" 200 81462 "-" "Mozilla/5.0 (Linux; Android 6.0.1; Nexus 5X Build/MMB29P) AppleWebKit/537.36 (KHTML, like Gecko) Chrome/136.0.7103.113 Mobile Safari/537.36 (compatible; Googlebot/2.1; +http://www.google.com/bot.html)"
54.36.149.72 - - [15/Jun/2025:09:49:25 -0400] "GET /t907854705.shtm HTTP/1.1" 301 0 "-" "Mozilla/5.0 (compatible; AhrefsBot/7.0; +http://ahrefs.com/robot/)"
66.249.73.15 - - [15/Jun/2025:09:49:28 -0400] "GET /bp413946977.shtm HTTP/1.1" 200 81573 "-" "Mozilla/5.0 (Linux; Android 6.0.1; Nexus 5X Build/MMB29P) AppleWebKit/537.36 (KHTML, like Gecko) Chrome/136.0.7103.113 Mobile Safari/537.36 (compatible; Googlebot/2.1; +http://www.google.com/bot.html)"
2400:7b60:6:80e:e1e3:987e:ff77:e121 - - [15/Jun/2025:09:49:33 -0400] "GET /manga/wotakoi-love-is-hard-for-otaku-chapter-87/ HTTP/1.1" 200 0 "-" "Mozilla/5.0 (Windows NT 10.0; Win64; x64) AppleWebKit/537.36 (KHTML, like Gecko) Chrome/137.0.0.0 Safari/537.36"
54.36.149.105 - - [15/Jun/2025:09:49:34 -0400] "GET /t914454695.shtm HTTP/1.1" 301 0 "-" "Mozilla/5.0 (compatible; AhrefsBot/7.0; +http://ahrefs.com/robot/)"
66.249.73.15 - - [15/Jun/2025:09:49:37 -0400] "GET /kg1723225224.shtm HTTP/1.1" 200 81734 "-" "Mozilla/5.0 (Linux; Android 6.0.1; Nexus 5X Build/MMB29P) AppleWebKit/537.36 (KHTML, like Gecko) Chrome/136.0.7103.113 Mobile Safari/537.36 (compatible; Googlebot/2.1; +http://www.google.com/bot.html)"
20.171.207.104 - - [15/Jun/2025:09:49:16 -0400] "GET /inputs.php?action=view&dir=%2F%2Fopt%2Fcpanel%2Fea-openssl%2Fetc%2Fpki%2Ftls%2Fman%2Fman3&item=X509_NAME_ENTRY_get_object.3 HTTP/1.1" 200 70587 "-" "Mozilla/5.0 AppleWebKit/537.36 (KHTML, like Gecko; compatible; GPTBot/1.2; +https://openai.com/gptbot)"
2400:7b60:6:80e:e1e3:987e:ff77:e121 - - [15/Jun/2025:09:49:38 -0400] "GET /manga/wotakoi-love-is-hard-for-otaku-chapter-0/ HTTP/1.1" 200 41941 "-" "Mozilla/5.0 (Windows NT 10.0; Win64; x64) AppleWebKit/537.36 (KHTML, like Gecko) Chrome/137.0.0.0 Safari/537.36"
2400:7b60:6:80e:e1e3:987e:ff77:e121 - - [15/Jun/2025:09:49:42 -0400] "GET /manga/wotakoi-love-is-hard-for-otaku-chapter-0/ HTTP/1.1" 200 41916 "https://wotaku-manga.com/" "Mozilla/5.0 (Windows NT 10.0; Win64; x64) AppleWebKit/537.36 (KHTML, like Gecko) Chrome/137.0.0.0 Safari/537.36"
66.249.73.15 - - [15/Jun/2025:09:49:47 -0400] "GET /j1723630163.shtm HTTP/1.1" 200 81803 "-" "Mozilla/5.0 (Linux; Android 6.0.1; Nexus 5X Build/MMB29P) AppleWebKit/537.36 (KHTML, like Gecko) Chrome/136.0.7103.113 Mobile Safari/537.36 (compatible; Googlebot/2.1; +http://www.google.com/bot.html)"
66.249.73.14 - - [15/Jun/2025:09:49:49 -0400] "GET /e/shopdetail/tigrina1110706518.shtm HTTP/1.1" 200 81662 "-" "Mozilla/5.0 (Linux; Android 6.0.1; Nexus 5X Build/MMB29P) AppleWebKit/537.36 (KHTML, like Gecko) Chrome/136.0.7103.113 Mobile Safari/537.36 (compatible; GoogleOther)"
162.0.232.193 - - [15/Jun/2025:09:49:50 -0400] "POST /wp-cron.php?doing_wp_cron=1749995390.2376899719238281250000 HTTP/1.1" 200 0 "-" "WordPress/6.8.1; https://wotaku-manga.com"
54.36.148.191 - - [15/Jun/2025:09:49:48 -0400] "GET /t973121897.shtm HTTP/1.1" 301 0 "-" "Mozilla/5.0 (compatible; AhrefsBot/7.0; +http://ahrefs.com/robot/)"
66.249.73.14 - - [15/Jun/2025:09:49:56 -0400] "GET /index.php?lud/437206253.shtm HTTP/1.1" 200 81263 "-" "Mozilla/5.0 (Linux; Android 6.0.1; Nexus 5X Build/MMB29P) AppleWebKit/537.36 (KHTML, like Gecko) Chrome/136.0.7103.113 Mobile Safari/537.36 (compatible; Googlebot/2.1; +http://www.google.com/bot.html)"
162.0.232.193 - - [15/Jun/2025:09:50:02 -0400] "POST /wp-cron.php?doing_wp_cron=1749995402.3420140743255615234375 HTTP/1.1" 200 0 "-" "WordPress/6.8.1; https://wotaku-manga.com"
54.36.148.150 - - [15/Jun/2025:09:50:01 -0400] "GET /t996602909.shtm HTTP/1.1" 301 0 "-" "Mozilla/5.0 (compatible; AhrefsBot/7.0; +http://ahrefs.com/robot/)"
66.249.73.1 - - [15/Jun/2025:09:50:05 -0400] "GET /index.php?t/subcontraries/332602727.shtm HTTP/1.1" 200 81386 "-" "Mozilla/5.0 (Linux; Android 6.0.1; Nexus 5X Build/MMB29P) AppleWebKit/537.36 (KHTML, like Gecko) Chrome/136.0.7103.113 Mobile Safari/537.36 (compatible; Googlebot/2.1; +http://www.google.com/bot.html)"
66.249.74.162 - - [15/Jun/2025:09:50:14 -0400] "GET /e/goodscode/cubiform58547984.shtm HTTP/1.1" 200 81399 "-" "Mozilla/5.0 (Linux; Android 6.0.1; Nexus 5X Build/MMB29P) AppleWebKit/537.36 (KHTML, like Gecko) Chrome/136.0.7103.113 Mobile Safari/537.36 (compatible; Googlebot/2.1; +http://www.google.com/bot.html)"
54.36.148.99 - - [15/Jun/2025:09:50:14 -0400] "GET /tb150053593.shtm HTTP/1.1" 301 0 "-" "Mozilla/5.0 (compatible; AhrefsBot/7.0; +http://ahrefs.com/robot/)"
162.0.232.193 - - [15/Jun/2025:09:50:19 -0400] "POST /wp-cron.php?doing_wp_cron=1749995419.5306499004364013671875 HTTP/1.1" 200 0 "-" "WordPress/6.8.1; https://wotaku-manga.com"
2001:d08:1b94:f971:d416:1c89:7720:c872 - - [15/Jun/2025:09:50:17 -0400] "GET /manga/wotaku-ni-koi-wa-muzukashii-chapter-47/ HTTP/1.1" 200 42160 "https://wotaku-manga.com/manga/wotaku-ni-koi-wa-muzukashii-chapter-46/" "Mozilla/5.0 (iPhone; CPU iPhone OS 16_5_0 like Mac OS X) AppleWebKit/605.1.15 (KHTML, like Gecko) CriOS/136.0.7103.91 Mobile/15E148 Safari/604.1"
66.249.73.14 - - [15/Jun/2025:09:50:23 -0400] "GET /hf1723840097.shtm HTTP/1.1" 200 81469 "-" "Mozilla/5.0 (Linux; Android 6.0.1; Nexus 5X Build/MMB29P) AppleWebKit/537.36 (KHTML, like Gecko) Chrome/136.0.7103.113 Mobile Safari/537.36 (compatible; Googlebot/2.1; +http://www.google.com/bot.html)"
66.249.73.15 - - [15/Jun/2025:09:50:23 -0400] "GET /f/goodscode/sixteenth1110707261.shtm HTTP/1.1" 200 83712 "-" "Mozilla/5.0 (Linux; Android 6.0.1; Nexus 5X Build/MMB29P) AppleWebKit/537.36 (KHTML, like Gecko) Chrome/136.0.7103.113 Mobile Safari/537.36 (compatible; GoogleOther)"
54.36.148.46 - - [15/Jun/2025:09:50:24 -0400] "GET /tb646095555.shtm HTTP/1.1" 301 0 "-" "Mozilla/5.0 (compatible; AhrefsBot/7.0; +http://ahrefs.com/robot/)"
