20.171.207.104 - - [15/Jun/2025:09:20:37 -0400] "GET /inputs.php?action=view&dir=%2F%2Fopt%2Fcpanel%2Fea-openssl%2Fetc%2Fpki%2Ftls%2Fman%2Fman3&item=ASN1_generate_v3.3 HTTP/1.1" 200 73181 "-" "Mozilla/5.0 AppleWebKit/537.36 (KHTML, like Gecko; compatible; GPTBot/1.2; +https://openai.com/gptbot)"
66.249.74.161 - - [15/Jun/2025:09:21:09 -0400] "GET /r/43470849.shtm HTTP/1.1" 200 82027 "-" "Mozilla/5.0 (Linux; Android 6.0.1; Nexus 5X Build/MMB29P) AppleWebKit/537.36 (KHTML, like Gecko) Chrome/136.0.7103.113 Mobile Safari/537.36 (compatible; Googlebot/2.1; +http://www.google.com/bot.html)"
162.0.232.193 - - [15/Jun/2025:09:21:13 -0400] "POST /wp-cron.php?doing_wp_cron=1749993673.3451859951019287109375 HTTP/1.1" 200 0 "-" "WordPress/6.8.1; https://wotaku-manga.com"
2a03:2880:f800:15:: - - [15/Jun/2025:09:21:12 -0400] "GET /shopdetail/21273035 HTTP/1.1" 301 0 "-" "meta-externalagent/1.1 (+https://developers.facebook.com/docs/sharing/webmasters/crawler)"
2a03:2880:f800:1a:: - - [15/Jun/2025:09:21:15 -0400] "GET / HTTP/1.1" 200 37241 "-" "meta-externalagent/1.1 (+https://developers.facebook.com/docs/sharing/webmasters/crawler)"
66.249.74.160 - - [15/Jun/2025:09:21:18 -0400] "GET /g/birthday43464488.shtm HTTP/1.1" 200 81551 "-" "Mozilla/5.0 (Linux; Android 6.0.1; Nexus 5X Build/MMB29P) AppleWebKit/537.36 (KHTML, like Gecko) Chrome/136.0.7103.113 Mobile Safari/537.36 (compatible; Googlebot/2.1; +http://www.google.com/bot.html)"
66.249.73.1 - - [15/Jun/2025:09:21:31 -0400] "GET /sw539355332.shtm HTTP/1.1" 200 81938 "-" "Mozilla/5.0 (Linux; Android 6.0.1; Nexus 5X Build/MMB29P) AppleWebKit/537.36 (KHTML, like Gecko) Chrome/136.0.7103.113 Mobile Safari/537.36 (compatible; Googlebot/2.1; +http://www.google.com/bot.html)"
66.249.73.1 - - [15/Jun/2025:09:21:31 -0400] "GET /fdp763701681.shtm HTTP/1.1" 200 82402 "-" "Mozilla/5.0 (Linux; Android 6.0.1; Nexus 5X Build/MMB29P) AppleWebKit/537.36 (KHTML, like Gecko) Chrome/136.0.7103.113 Mobile Safari/537.36 (compatible; GoogleOther)"
66.249.73.1 - - [15/Jun/2025:09:21:32 -0400] "GET /ss/enterplead314806354.shtm HTTP/1.1" 200 81371 "-" "Mozilla/5.0 (Linux; Android 6.0.1; Nexus 5X Build/MMB29P) AppleWebKit/537.36 (KHTML, like Gecko) Chrome/136.0.7103.113 Mobile Safari/537.36 (compatible; Googlebot/2.1; +http://www.google.com/bot.html)"
66.249.73.14 - - [15/Jun/2025:09:21:36 -0400] "GET /j850235829.shtm HTTP/1.1" 200 81256 "-" "Mozilla/5.0 (Linux; Android 6.0.1; Nexus 5X Build/MMB29P) AppleWebKit/537.36 (KHTML, like Gecko) Chrome/136.0.7103.113 Mobile Safari/537.36 (compatible; Googlebot/2.1; +http://www.google.com/bot.html)"
216.73.216.68 - - [15/Jun/2025:09:21:38 -0400] "GET /sitemap-child-368.xml HTTP/1.1" 200 11343 "-" "Mozilla/5.0 AppleWebKit/537.36 (KHTML, like Gecko; compatible; ClaudeBot/1.0; [email protected])"
66.249.74.160 - - [15/Jun/2025:09:21:45 -0400] "GET /y/42296516.shtm HTTP/1.1" 200 82734 "-" "Mozilla/5.0 (Linux; Android 6.0.1; Nexus 5X Build/MMB29P) AppleWebKit/537.36 (KHTML, like Gecko) Chrome/136.0.7103.113 Mobile Safari/537.36 (compatible; Googlebot/2.1; +http://www.google.com/bot.html)"
66.249.73.15 - - [15/Jun/2025:09:21:54 -0400] "GET /ym1723658182.shtm HTTP/1.1" 200 81627 "-" "Mozilla/5.0 (Linux; Android 6.0.1; Nexus 5X Build/MMB29P) AppleWebKit/537.36 (KHTML, like Gecko) Chrome/136.0.7103.113 Mobile Safari/537.36 (compatible; Googlebot/2.1; +http://www.google.com/bot.html)"
66.249.73.14 - - [15/Jun/2025:09:22:03 -0400] "GET /mg/36919590.shtm HTTP/1.1" 200 81216 "-" "Mozilla/5.0 (Linux; Android 6.0.1; Nexus 5X Build/MMB29P) AppleWebKit/537.36 (KHTML, like Gecko) Chrome/136.0.7103.113 Mobile Safari/537.36 (compatible; Googlebot/2.1; +http://www.google.com/bot.html)"
66.249.73.15 - - [15/Jun/2025:09:22:06 -0400] "GET /y/item/pubescency763732144.shtm HTTP/1.1" 200 81667 "-" "Mozilla/5.0 (Linux; Android 6.0.1; Nexus 5X Build/MMB29P) AppleWebKit/537.36 (KHTML, like Gecko) Chrome/136.0.7103.113 Mobile Safari/537.36 (compatible; GoogleOther)"
20.171.207.104 - - [15/Jun/2025:09:21:41 -0400] "GET /inputs.php?action=chmod&dir=%2F%2Fopt%2Fcpanel%2Fea-openssl%2Fetc%2Fpki%2Ftls%2Fman%2Fman3&item=SHA1.3 HTTP/1.1" 200 68004 "-" "Mozilla/5.0 AppleWebKit/537.36 (KHTML, like Gecko; compatible; GPTBot/1.2; +https://openai.com/gptbot)"
66.249.73.14 - - [15/Jun/2025:09:22:12 -0400] "GET /vrx980253349.shtm HTTP/1.1" 200 81659 "-" "Mozilla/5.0 (Linux; Android 6.0.1; Nexus 5X Build/MMB29P) AppleWebKit/537.36 (KHTML, like Gecko) Chrome/136.0.7103.113 Mobile Safari/537.36 (compatible; Googlebot/2.1; +http://www.google.com/bot.html)"
66.249.73.14 - - [15/Jun/2025:09:22:21 -0400] "GET /lv/1199654165.shtm HTTP/1.1" 200 81083 "-" "Mozilla/5.0 (Linux; Android 6.0.1; Nexus 5X Build/MMB29P) AppleWebKit/537.36 (KHTML, like Gecko) Chrome/136.0.7103.113 Mobile Safari/537.36 (compatible; Googlebot/2.1; +http://www.google.com/bot.html)"
66.249.74.161 - - [15/Jun/2025:09:22:31 -0400] "GET /eo/41086800.shtm HTTP/1.1" 200 82531 "-" "Mozilla/5.0 (Linux; Android 6.0.1; Nexus 5X Build/MMB29P) AppleWebKit/537.36 (KHTML, like Gecko) Chrome/136.0.7103.113 Mobile Safari/537.36 (compatible; Googlebot/2.1; +http://www.google.com/bot.html)"
162.0.232.193 - - [15/Jun/2025:09:22:40 -0400] "POST /wp-cron.php?doing_wp_cron=1749993759.7575619220733642578125 HTTP/1.1" 200 0 "-" "WordPress/6.8.1; https://wotaku-manga.com"
54.36.148.67 - - [15/Jun/2025:09:22:38 -0400] "GET /r944360091.shtm HTTP/1.1" 301 0 "-" "Mozilla/5.0 (compatible; AhrefsBot/7.0; +http://ahrefs.com/robot/)"
66.249.73.14 - - [15/Jun/2025:09:22:39 -0400] "GET /xyv/shopdetail/principalness/1109610705.shtm HTTP/1.1" 200 82059 "-" "Mozilla/5.0 (Linux; Android 6.0.1; Nexus 5X Build/MMB29P) AppleWebKit/537.36 (KHTML, like Gecko) Chrome/136.0.7103.113 Mobile Safari/537.36 (compatible; GoogleOther)"
66.249.73.14 - - [15/Jun/2025:09:22:40 -0400] "GET /nx1197191239.shtm HTTP/1.1" 200 81467 "-" "Mozilla/5.0 (Linux; Android 6.0.1; Nexus 5X Build/MMB29P) AppleWebKit/537.36 (KHTML, like Gecko) Chrome/136.0.7103.113 Mobile Safari/537.36 (compatible; Googlebot/2.1; +http://www.google.com/bot.html)"
66.249.74.160 - - [15/Jun/2025:09:22:49 -0400] "GET /qri/rapter40056414.shtm HTTP/1.1" 200 81797 "-" "Mozilla/5.0 (Linux; Android 6.0.1; Nexus 5X Build/MMB29P) AppleWebKit/537.36 (KHTML, like Gecko) Chrome/136.0.7103.113 Mobile Safari/537.36 (compatible; Googlebot/2.1; +http://www.google.com/bot.html)"
66.249.74.160 - - [15/Jun/2025:09:22:58 -0400] "GET /m/40036096.shtm HTTP/1.1" 200 81625 "-" "Mozilla/5.0 (Linux; Android 6.0.1; Nexus 5X Build/MMB29P) AppleWebKit/537.36 (KHTML, like Gecko) Chrome/136.0.7103.113 Mobile Safari/537.36 (compatible; Googlebot/2.1; +http://www.google.com/bot.html)"
20.171.207.104 - - [15/Jun/2025:09:22:36 -0400] "GET /inputs.php?action=rename&dir=%2F%2Fopt%2Fcpanel%2Fea-openssl%2Fetc%2Fpki%2Ftls%2Fman%2Fman3&item=BIO_push.3 HTTP/1.1" 200 68070 "-" "Mozilla/5.0 AppleWebKit/537.36 (KHTML, like Gecko; compatible; GPTBot/1.2; +https://openai.com/gptbot)"
66.249.73.14 - - [15/Jun/2025:09:23:07 -0400] "GET /v/singe633071181.shtm HTTP/1.1" 200 81490 "-" "Mozilla/5.0 (Linux; Android 6.0.1; Nexus 5X Build/MMB29P) AppleWebKit/537.36 (KHTML, like Gecko) Chrome/136.0.7103.113 Mobile Safari/537.36 (compatible; Googlebot/2.1; +http://www.google.com/bot.html)"
66.249.73.14 - - [15/Jun/2025:09:23:13 -0400] "GET /b/reticular1110723171.shtm HTTP/1.1" 200 81847 "-" "Mozilla/5.0 (Linux; Android 6.0.1; Nexus 5X Build/MMB29P) AppleWebKit/537.36 (KHTML, like Gecko) Chrome/136.0.7103.113 Mobile Safari/537.36 (compatible; GoogleOther)"
66.249.73.14 - - [15/Jun/2025:09:23:16 -0400] "GET /np1938729639.shtm HTTP/1.1" 200 81637 "-" "Mozilla/5.0 (Linux; Android 6.0.1; Nexus 5X Build/MMB29P) AppleWebKit/537.36 (KHTML, like Gecko) Chrome/136.0.7103.113 Mobile Safari/537.36 (compatible; Googlebot/2.1; +http://www.google.com/bot.html)"
66.249.73.14 - - [15/Jun/2025:09:23:25 -0400] "GET /sa2024436128.shtm HTTP/1.1" 200 81979 "-" "Mozilla/5.0 (Linux; Android 6.0.1; Nexus 5X Build/MMB29P) AppleWebKit/537.36 (KHTML, like Gecko) Chrome/136.0.7103.113 Mobile Safari/537.36 (compatible; Googlebot/2.1; +http://www.google.com/bot.html)"
162.0.232.193 - - [15/Jun/2025:09:23:34 -0400] "POST /wp-cron.php?doing_wp_cron=1749993813.8388650417327880859375 HTTP/1.1" 200 0 "-" "WordPress/6.8.1; https://wotaku-manga.com"
54.36.148.178 - - [15/Jun/2025:09:23:31 -0400] "GET /r967506529.shtm HTTP/1.1" 301 0 "-" "Mozilla/5.0 (compatible; AhrefsBot/7.0; +http://ahrefs.com/robot/)"
66.249.74.162 - - [15/Jun/2025:09:23:34 -0400] "GET /j/39946057.shtm HTTP/1.1" 200 81905 "-" "Mozilla/5.0 (Linux; Android 6.0.1; Nexus 5X Build/MMB29P) AppleWebKit/537.36 (KHTML, like Gecko) Chrome/136.0.7103.113 Mobile Safari/537.36 (compatible; Googlebot/2.1; +http://www.google.com/bot.html)"
66.249.73.14 - - [15/Jun/2025:09:23:43 -0400] "GET /u1008785248.shtm HTTP/1.1" 200 81234 "-" "Mozilla/5.0 (Linux; Android 6.0.1; Nexus 5X Build/MMB29P) AppleWebKit/537.36 (KHTML, like Gecko) Chrome/136.0.7103.113 Mobile Safari/537.36 (compatible; Googlebot/2.1; +http://www.google.com/bot.html)"
20.171.207.104 - - [15/Jun/2025:09:23:28 -0400] "GET /inputs.php?action=view&dir=%2F%2Fopt%2Fcpanel%2Fea-openssl%2Fetc%2Fpki%2Ftls%2Fman%2Fman3&item=X509_VERIFY_PARAM_clear_flags.3 HTTP/1.1" 200 74130 "-" "Mozilla/5.0 AppleWebKit/537.36 (KHTML, like Gecko; compatible; GPTBot/1.2; +https://openai.com/gptbot)"
162.0.232.193 - - [15/Jun/2025:09:23:52 -0400] "POST /wp-cron.php?doing_wp_cron=1749993832.0313620567321777343750 HTTP/1.1" 200 0 "-" "WordPress/6.8.1; https://wotaku-manga.com"
2001:4451:432f:4100:3c14:2fbc:25ed:402e - - [15/Jun/2025:09:23:49 -0400] "POST /wp-admin/admin-ajax.php HTTP/1.1" 200 61 "https://wotaku-manga.com/manga/wotakoi-love-is-hard-for-otaku-chapter-73/" "Mozilla/5.0 (iPhone; CPU iPhone OS 18_2_1 like Mac OS X) AppleWebKit/605.1.15 (KHTML, like Gecko) Version/18.2 Mobile/15E148 Safari/604.1"
66.249.74.161 - - [15/Jun/2025:09:23:52 -0400] "GET /h/49344491.shtm HTTP/1.1" 200 82030 "-" "Mozilla/5.0 (Linux; Android 6.0.1; Nexus 5X Build/MMB29P) AppleWebKit/537.36 (KHTML, like Gecko) Chrome/136.0.7103.113 Mobile Safari/537.36 (compatible; Googlebot/2.1; +http://www.google.com/bot.html)"
54.36.148.253 - - [15/Jun/2025:09:23:53 -0400] "GET /r999824057.shtm HTTP/1.1" 301 0 "-" "Mozilla/5.0 (compatible; AhrefsBot/7.0; +http://ahrefs.com/robot/)"
66.249.74.161 - - [15/Jun/2025:09:24:01 -0400] "GET /n/understroke38927913.shtm HTTP/1.1" 200 81387 "-" "Mozilla/5.0 (Linux; Android 6.0.1; Nexus 5X Build/MMB29P) AppleWebKit/537.36 (KHTML, like Gecko) Chrome/136.0.7103.113 Mobile Safari/537.36 (compatible; Googlebot/2.1; +http://www.google.com/bot.html)"
162.0.232.193 - - [15/Jun/2025:09:24:03 -0400] "POST /wp-cron.php?doing_wp_cron=1749993843.4243190288543701171875 HTTP/1.1" 200 0 "-" "WordPress/6.8.1; https://wotaku-manga.com"
54.36.148.154 - - [15/Jun/2025:09:24:02 -0400] "GET /rb786380869.shtm HTTP/1.1" 301 0 "-" "Mozilla/5.0 (compatible; AhrefsBot/7.0; +http://ahrefs.com/robot/)"
66.249.74.160 - - [15/Jun/2025:09:24:10 -0400] "GET /zgb/38829337.shtm HTTP/1.1" 200 82011 "-" "Mozilla/5.0 (Linux; Android 6.0.1; Nexus 5X Build/MMB29P) AppleWebKit/537.36 (KHTML, like Gecko) Chrome/136.0.7103.113 Mobile Safari/537.36 (compatible; Googlebot/2.1; +http://www.google.com/bot.html)"
54.36.148.15 - - [15/Jun/2025:09:24:15 -0400] "GET /rb912569607.shtm HTTP/1.1" 301 0 "-" "Mozilla/5.0 (compatible; AhrefsBot/7.0; +http://ahrefs.com/robot/)"
66.249.73.9 - - [15/Jun/2025:09:24:16 -0400] "GET /beh/goodscode/saluting/1492580967.shtm HTTP/1.1" 200 80852 "-" "Mozilla/5.0 (Linux; Android 6.0.1; Nexus 5X Build/MMB29P) AppleWebKit/537.36 (KHTML, like Gecko) Chrome/136.0.7103.113 Mobile Safari/537.36 (compatible; GoogleOther)"
66.249.73.7 - - [15/Jun/2025:09:24:19 -0400] "GET /f/goodliest1110743737.shtm HTTP/1.1" 200 81356 "-" "Mozilla/5.0 (Linux; Android 6.0.1; Nexus 5X Build/MMB29P) AppleWebKit/537.36 (KHTML, like Gecko) Chrome/136.0.7103.113 Mobile Safari/537.36 (compatible; GoogleOther)"
66.249.74.160 - - [15/Jun/2025:09:24:20 -0400] "GET /l/38856351.shtm HTTP/1.1" 200 81325 "-" "Mozilla/5.0 (Linux; Android 6.0.1; Nexus 5X Build/MMB29P) AppleWebKit/537.36 (KHTML, like Gecko) Chrome/136.0.7103.113 Mobile Safari/537.36 (compatible; Googlebot/2.1; +http://www.google.com/bot.html)"
66.249.73.7 - - [15/Jun/2025:09:24:29 -0400] "GET /w610330320.shtm HTTP/1.1" 200 82225 "-" "Mozilla/5.0 (Linux; Android 6.0.1; Nexus 5X Build/MMB29P) AppleWebKit/537.36 (KHTML, like Gecko) Chrome/136.0.7103.113 Mobile Safari/537.36 (compatible; Googlebot/2.1; +http://www.google.com/bot.html)"
162.0.232.193 - - [15/Jun/2025:09:24:32 -0400] "POST /wp-cron.php?doing_wp_cron=1749993872.4437029361724853515625 HTTP/1.1" 200 0 "-" "WordPress/6.8.1; https://wotaku-manga.com"
54.36.148.14 - - [15/Jun/2025:09:24:30 -0400] "GET /rh751037333.shtm HTTP/1.1" 301 0 "-" "Mozilla/5.0 (compatible; AhrefsBot/7.0; +http://ahrefs.com/robot/)"
66.249.73.7 - - [15/Jun/2025:09:24:33 -0400] "GET /n/arguteness1110643229.shtm HTTP/1.1" 200 82369 "-" "Mozilla/5.0 (Linux; Android 6.0.1; Nexus 5X Build/MMB29P) AppleWebKit/537.36 (KHTML, like Gecko) Chrome/136.0.7103.113 Mobile Safari/537.36 (compatible; GoogleOther)"
66.249.73.7 - - [15/Jun/2025:09:24:39 -0400] "GET /sitemap-hot-2984995.xml HTTP/1.1" 200 11266 "-" "Mozilla/5.0 (compatible; Googlebot/2.1; +http://www.google.com/bot.html)"
54.36.148.29 - - [15/Jun/2025:09:24:38 -0400] "GET /riz/2565081.shtm HTTP/1.1" 301 0 "-" "Mozilla/5.0 (compatible; AhrefsBot/7.0; +http://ahrefs.com/robot/)"
20.171.207.104 - - [15/Jun/2025:09:24:16 -0400] "GET /inputs.php?action=view&dir=%2F%2Fopt%2Fcpanel%2Fea-openssl%2Fetc%2Fpki%2Ftls%2Fman%2Fman3&item=X509_VERIFY_PARAM_get_flags.3 HTTP/1.1" 200 73935 "-" "Mozilla/5.0 AppleWebKit/537.36 (KHTML, like Gecko; compatible; GPTBot/1.2; +https://openai.com/gptbot)"
66.249.73.8 - - [15/Jun/2025:09:24:45 -0400] "GET /m1427637024.shtm HTTP/1.1" 200 81617 "-" "Mozilla/5.0 (Linux; Android 6.0.1; Nexus 5X Build/MMB29P) AppleWebKit/537.36 (KHTML, like Gecko) Chrome/136.0.7103.113 Mobile Safari/537.36 (compatible; Googlebot/2.1; +http://www.google.com/bot.html)"
162.0.232.193 - - [15/Jun/2025:09:24:47 -0400] "POST /wp-cron.php?doing_wp_cron=1749993887.3693990707397460937500 HTTP/1.1" 200 0 "-" "WordPress/6.8.1; https://wotaku-manga.com"
54.36.148.35 - - [15/Jun/2025:09:24:46 -0400] "GET /rj529955253.shtm HTTP/1.1" 301 0 "-" "Mozilla/5.0 (compatible; AhrefsBot/7.0; +http://ahrefs.com/robot/)"
66.249.73.8 - - [15/Jun/2025:09:24:54 -0400] "GET /ld467147255.shtm HTTP/1.1" 200 81530 "-" "Mozilla/5.0 (Linux; Android 6.0.1; Nexus 5X Build/MMB29P) AppleWebKit/537.36 (KHTML, like Gecko) Chrome/136.0.7103.113 Mobile Safari/537.36 (compatible; Googlebot/2.1; +http://www.google.com/bot.html)"
66.249.73.8 - - [15/Jun/2025:09:24:55 -0400] "GET /dpz/obedient1110670703.shtm HTTP/1.1" 200 82026 "-" "Mozilla/5.0 (Linux; Android 6.0.1; Nexus 5X Build/MMB29P) AppleWebKit/537.36 (KHTML, like Gecko) Chrome/136.0.7103.113 Mobile Safari/537.36 (compatible; GoogleOther)"
54.36.148.164 - - [15/Jun/2025:09:24:56 -0400] "GET /rl8972273.shtm HTTP/1.1" 301 0 "-" "Mozilla/5.0 (compatible; AhrefsBot/7.0; +http://ahrefs.com/robot/)"
66.249.74.161 - - [15/Jun/2025:09:25:03 -0400] "GET /wdi/merithal54598760.shtm HTTP/1.1" 200 81468 "-" "Mozilla/5.0 (Linux; Android 6.0.1; Nexus 5X Build/MMB29P) AppleWebKit/537.36 (KHTML, like Gecko) Chrome/136.0.7103.113 Mobile Safari/537.36 (compatible; Googlebot/2.1; +http://www.google.com/bot.html)"
162.0.232.193 - - [15/Jun/2025:09:25:10 -0400] "POST /wp-cron.php?doing_wp_cron=1749993910.2382969856262207031250 HTTP/1.1" 200 0 "-" "WordPress/6.8.1; https://wotaku-manga.com"
54.36.148.16 - - [15/Jun/2025:09:25:06 -0400] "GET /rp444743899.shtm HTTP/1.1" 301 0 "-" "Mozilla/5.0 (compatible; AhrefsBot/7.0; +http://ahrefs.com/robot/)"
66.249.73.8 - - [15/Jun/2025:09:25:11 -0400] "GET /h/609069145.shtm HTTP/1.1" 200 82108 "-" "Mozilla/5.0 (Linux; Android 6.0.1; Nexus 5X Build/MMB29P) AppleWebKit/537.36 (KHTML, like Gecko) Chrome/136.0.7103.113 Mobile Safari/537.36 (compatible; Googlebot/2.1; +http://www.google.com/bot.html)"
54.36.148.104 - - [15/Jun/2025:09:25:15 -0400] "GET /rt528125669.shtm HTTP/1.1" 301 0 "-" "Mozilla/5.0 (compatible; AhrefsBot/7.0; +http://ahrefs.com/robot/)"
162.0.232.193 - - [15/Jun/2025:09:25:20 -0400] "POST /wp-cron.php?doing_wp_cron=1749993919.8348929882049560546875 HTTP/1.1" 200 0 "-" "WordPress/6.8.1; https://wotaku-manga.com"
5.161.103.103 - - [15/Jun/2025:09:25:18 -0400] "GET /manga/wotaku-ni-koi-wa-muzukashii-chapter-72/ HTTP/1.1" 301 0 "-" "Mozilla/5.0 (Windows NT 10.0; Win64; x64) AppleWebKit/537.36 (KHTML, like Gecko) Chrome/84.0.4147.105 Safari/537.36"
66.249.73.8 - - [15/Jun/2025:09:25:20 -0400] "GET /dx/rhodorhiza859649541.shtm HTTP/1.1" 200 81533 "-" "Mozilla/5.0 (Linux; Android 6.0.1; Nexus 5X Build/MMB29P) AppleWebKit/537.36 (KHTML, like Gecko) Chrome/136.0.7103.113 Mobile Safari/537.36 (compatible; Googlebot/2.1; +http://www.google.com/bot.html)"
103.169.254.57 - - [15/Jun/2025:09:25:22 -0400] "GET /tag/wotakoi-love-is-hard-for-otaku-chapter-87/ HTTP/1.1" 301 0 "https://wotaku-manga.com/manga/wotakoi-love-is-hard-for-otaku-chapter-87/" "Mozilla/5.0 (Linux; Android 10; K) AppleWebKit/537.36 (KHTML, like Gecko) Chrome/137.0.0.0 Mobile Safari/537.36"
20.171.207.104 - - [15/Jun/2025:09:24:56 -0400] "GET /inputs.php?action=view&dir=%2F%2Fopt%2Fcpanel%2Fea-openssl%2Fetc%2Fpki%2Ftls%2Fman%2Fman3&item=X509_NAME_ENTRY_get_object.3 HTTP/1.1" 200 70740 "-" "Mozilla/5.0 AppleWebKit/537.36 (KHTML, like Gecko; compatible; GPTBot/1.2; +https://openai.com/gptbot)"
103.169.254.57 - - [15/Jun/2025:09:25:21 -0400] "GET /manga/wotakoi-love-is-hard-for-otaku-chapter-85/ HTTP/1.1" 200 43868 "https://wotaku-manga.com/manga/wotakoi-love-is-hard-for-otaku-chapter-87/" "Mozilla/5.0 (Linux; Android 10; K) AppleWebKit/537.36 (KHTML, like Gecko) Chrome/137.0.0.0 Mobile Safari/537.36"
103.169.254.57 - - [15/Jun/2025:09:25:21 -0400] "GET /manga/wotakoi-love-is-hard-for-otaku-chapter-86/ HTTP/1.1" 200 44814 "https://wotaku-manga.com/manga/wotakoi-love-is-hard-for-otaku-chapter-87/" "Mozilla/5.0 (Linux; Android 10; K) AppleWebKit/537.36 (KHTML, like Gecko) Chrome/137.0.0.0 Mobile Safari/537.36"
54.36.149.84 - - [15/Jun/2025:09:25:24 -0400] "GET /rt8566083.shtm HTTP/1.1" 301 0 "-" "Mozilla/5.0 (compatible; AhrefsBot/7.0; +http://ahrefs.com/robot/)"
5.161.103.103 - - [15/Jun/2025:09:25:20 -0400] "GET / HTTP/1.1" 200 37241 "-" "Mozilla/5.0 (Windows NT 10.0; Win64; x64) AppleWebKit/537.36 (KHTML, like Gecko) Chrome/84.0.4147.105 Safari/537.36"
66.249.73.7 - - [15/Jun/2025:09:25:29 -0400] "GET /gu/44203972.shtm HTTP/1.1" 200 81930 "-" "Mozilla/5.0 (Linux; Android 6.0.1; Nexus 5X Build/MMB29P) AppleWebKit/537.36 (KHTML, like Gecko) Chrome/136.0.7103.113 Mobile Safari/537.36 (compatible; Googlebot/2.1; +http://www.google.com/bot.html)"
66.249.73.7 - - [15/Jun/2025:09:25:29 -0400] "GET /x/mollycoddle1110754579.shtm HTTP/1.1" 200 81318 "-" "Mozilla/5.0 (Linux; Android 6.0.1; Nexus 5X Build/MMB29P) AppleWebKit/537.36 (KHTML, like Gecko) Chrome/136.0.7103.113 Mobile Safari/537.36 (compatible; GoogleOther)"
103.169.254.57 - - [15/Jun/2025:09:25:25 -0400] "GET / HTTP/1.1" 200 37904 "https://wotaku-manga.com/manga/wotakoi-love-is-hard-for-otaku-chapter-87/" "Mozilla/5.0 (Linux; Android 10; K) AppleWebKit/537.36 (KHTML, like Gecko) Chrome/137.0.0.0 Mobile Safari/537.36"
103.169.254.57 - - [15/Jun/2025:09:25:27 -0400] "GET /manga/wotakoi-love-is-hard-for-otaku-chapter-86/ HTTP/1.1" 200 44814 "https://wotaku-manga.com/manga/wotakoi-love-is-hard-for-otaku-chapter-87/" "Mozilla/5.0 (Linux; Android 10; K) AppleWebKit/537.36 (KHTML, like Gecko) Chrome/137.0.0.0 Mobile Safari/537.36"
103.169.254.57 - - [15/Jun/2025:09:25:27 -0400] "GET /manga/wotakoi-love-is-hard-for-otaku-chapter-85/ HTTP/1.1" 200 43868 "https://wotaku-manga.com/manga/wotakoi-love-is-hard-for-otaku-chapter-87/" "Mozilla/5.0 (Linux; Android 10; K) AppleWebKit/537.36 (KHTML, like Gecko) Chrome/137.0.0.0 Mobile Safari/537.36"
54.36.148.141 - - [15/Jun/2025:09:25:33 -0400] "GET /s/247796572.shtm HTTP/1.1" 301 0 "-" "Mozilla/5.0 (compatible; AhrefsBot/7.0; +http://ahrefs.com/robot/)"
103.169.254.57 - - [15/Jun/2025:09:25:32 -0400] "GET / HTTP/1.1" 200 37904 "https://wotaku-manga.com/manga/wotakoi-love-is-hard-for-otaku-chapter-87/" "Mozilla/5.0 (Linux; Android 10; K) AppleWebKit/537.36 (KHTML, like Gecko) Chrome/137.0.0.0 Mobile Safari/537.36"
103.169.254.57 - - [15/Jun/2025:09:25:33 -0400] "GET /manga/wotakoi-love-is-hard-for-otaku-chapter-87/ HTTP/1.1" 200 40646 "https://wotaku-manga.com/manga/wotakoi-love-is-hard-for-otaku-chapter-87/" "Mozilla/5.0 (Linux; Android 10; K) AppleWebKit/537.36 (KHTML, like Gecko) Chrome/137.0.0.0 Mobile Safari/537.36"
66.249.73.7 - - [15/Jun/2025:09:25:38 -0400] "GET /q/wheft552538644.shtm HTTP/1.1" 200 81695 "-" "Mozilla/5.0 (Linux; Android 6.0.1; Nexus 5X Build/MMB29P) AppleWebKit/537.36 (KHTML, like Gecko) Chrome/136.0.7103.113 Mobile Safari/537.36 (compatible; Googlebot/2.1; +http://www.google.com/bot.html)"
103.169.254.57 - - [15/Jun/2025:09:25:37 -0400] "GET /manga/wotakoi-love-is-hard-for-otaku-chapter-87/ HTTP/1.1" 200 40646 "https://wotaku-manga.com/manga/wotakoi-love-is-hard-for-otaku-chapter-87/" "Mozilla/5.0 (Linux; Android 10; K) AppleWebKit/537.36 (KHTML, like Gecko) Chrome/137.0.0.0 Mobile Safari/537.36"
103.169.254.57 - - [15/Jun/2025:09:25:41 -0400] "GET /manga/wotakoi-love-is-hard-for-otaku-chapter-87/ HTTP/1.1" 200 40646 "https://wotaku-manga.com/manga/wotakoi-love-is-hard-for-otaku-chapter-87/" "Mozilla/5.0 (Linux; Android 10; K) AppleWebKit/537.36 (KHTML, like Gecko) Chrome/137.0.0.0 Mobile Safari/537.36"
103.169.254.57 - - [15/Jun/2025:09:25:43 -0400] "GET / HTTP/1.1" 200 37904 "https://wotaku-manga.com/manga/wotakoi-love-is-hard-for-otaku-chapter-87/" "Mozilla/5.0 (Linux; Android 10; K) AppleWebKit/537.36 (KHTML, like Gecko) Chrome/137.0.0.0 Mobile Safari/537.36"
162.0.232.193 - - [15/Jun/2025:09:25:46 -0400] "POST /wp-cron.php?doing_wp_cron=1749993946.5437510013580322265625 HTTP/1.1" 200 0 "-" "WordPress/6.8.1; https://wotaku-manga.com"
66.249.73.7 - - [15/Jun/2025:09:25:46 -0400] "GET /x/capeline1425303415.shtm HTTP/1.1" 200 80995 "-" "Mozilla/5.0 (Linux; Android 6.0.1; Nexus 5X Build/MMB29P) AppleWebKit/537.36 (KHTML, like Gecko) Chrome/136.0.7103.113 Mobile Safari/537.36 (compatible; Googlebot/2.1; +http://www.google.com/bot.html)"
103.169.254.57 - - [15/Jun/2025:09:25:45 -0400] "GET /manga/wotakoi-love-is-hard-for-otaku-chapter-87/ HTTP/1.1" 200 40646 "https://wotaku-manga.com/manga/wotakoi-love-is-hard-for-otaku-chapter-87/" "Mozilla/5.0 (Linux; Android 10; K) AppleWebKit/537.36 (KHTML, like Gecko) Chrome/137.0.0.0 Mobile Safari/537.36"
103.169.254.57 - - [15/Jun/2025:09:25:48 -0400] "GET /tag/hanako-koyanagi/ HTTP/1.1" 301 0 "https://wotaku-manga.com/manga/wotakoi-love-is-hard-for-otaku-chapter-87/" "Mozilla/5.0 (Linux; Android 10; K) AppleWebKit/537.36 (KHTML, like Gecko) Chrome/137.0.0.0 Mobile Safari/537.36"
103.169.254.57 - - [15/Jun/2025:09:25:47 -0400] "GET / HTTP/1.1" 200 37904 "https://wotaku-manga.com/manga/wotakoi-love-is-hard-for-otaku-chapter-87/" "Mozilla/5.0 (Linux; Android 10; K) AppleWebKit/537.36 (KHTML, like Gecko) Chrome/137.0.0.0 Mobile Safari/537.36"
54.36.149.40 - - [15/Jun/2025:09:25:51 -0400] "GET /s/791487468.shtm HTTP/1.1" 301 0 "-" "Mozilla/5.0 (compatible; AhrefsBot/7.0; +http://ahrefs.com/robot/)"
103.169.254.57 - - [15/Jun/2025:09:25:50 -0400] "GET /manga/wotakoi-love-is-hard-for-otaku-chapter-87/ HTTP/1.1" 200 40646 "https://wotaku-manga.com/manga/wotakoi-love-is-hard-for-otaku-chapter-87/" "Mozilla/5.0 (Linux; Android 10; K) AppleWebKit/537.36 (KHTML, like Gecko) Chrome/137.0.0.0 Mobile Safari/537.36"
178.156.172.21 - - [15/Jun/2025:09:25:51 -0400] "GET /manga/wotakoi-love-is-hard-for-otaku-chapter-71/ HTTP/1.1" 200 42263 "-" "Mozilla/5.0 (Windows NT 10.0; Win64; x64) AppleWebKit/537.36 (KHTML, like Gecko) Chrome/84.0.4147.105 Safari/537.36"
66.249.73.7 - - [15/Jun/2025:09:25:55 -0400] "GET /doj/961970031.shtm HTTP/1.1" 200 81235 "-" "Mozilla/5.0 (Linux; Android 6.0.1; Nexus 5X Build/MMB29P) AppleWebKit/537.36 (KHTML, like Gecko) Chrome/136.0.7103.113 Mobile Safari/537.36 (compatible; Googlebot/2.1; +http://www.google.com/bot.html)"
103.169.254.57 - - [15/Jun/2025:09:25:53 -0400] "GET / HTTP/1.1" 200 37904 "https://wotaku-manga.com/manga/wotakoi-love-is-hard-for-otaku-chapter-87/" "Mozilla/5.0 (Linux; Android 10; K) AppleWebKit/537.36 (KHTML, like Gecko) Chrome/137.0.0.0 Mobile Safari/537.36"
162.0.232.193 - - [15/Jun/2025:09:25:58 -0400] "POST /wp-cron.php?doing_wp_cron=1749993958.5366110801696777343750 HTTP/1.1" 200 0 "-" "WordPress/6.8.1; https://wotaku-manga.com"
54.36.148.150 - - [15/Jun/2025:09:25:57 -0400] "GET /s120920332.shtm HTTP/1.1" 301 0 "-" "Mozilla/5.0 (compatible; AhrefsBot/7.0; +http://ahrefs.com/robot/)"
103.169.254.57 - - [15/Jun/2025:09:25:57 -0400] "GET / HTTP/1.1" 200 37906 "https://wotaku-manga.com/manga/wotakoi-love-is-hard-for-otaku-chapter-87/" "Mozilla/5.0 (Linux; Android 10; K) AppleWebKit/537.36 (KHTML, like Gecko) Chrome/137.0.0.0 Mobile Safari/537.36"
20.171.207.104 - - [15/Jun/2025:09:25:34 -0400] "GET /inputs.php?action=view&dir=%2F%2Fopt%2Fcpanel%2Fea-openssl%2Fetc%2Fpki%2Ftls%2Fman%2Fman3&item=X509_VERIFY_PARAM_add1_host.3 HTTP/1.1" 200 71600 "-" "Mozilla/5.0 AppleWebKit/537.36 (KHTML, like Gecko; compatible; GPTBot/1.2; +https://openai.com/gptbot)"
66.249.73.9 - - [15/Jun/2025:09:26:03 -0400] "GET /n/theoretical1110695003.shtm HTTP/1.1" 200 81559 "-" "Mozilla/5.0 (Linux; Android 6.0.1; Nexus 5X Build/MMB29P) AppleWebKit/537.36 (KHTML, like Gecko) Chrome/136.0.7103.113 Mobile Safari/537.36 (compatible; GoogleOther)"
66.249.73.7 - - [15/Jun/2025:09:26:04 -0400] "GET /a854912626.shtm HTTP/1.1" 200 81791 "-" "Mozilla/5.0 (Linux; Android 6.0.1; Nexus 5X Build/MMB29P) AppleWebKit/537.36 (KHTML, like Gecko) Chrome/136.0.7103.113 Mobile Safari/537.36 (compatible; Googlebot/2.1; +http://www.google.com/bot.html)"
54.36.149.53 - - [15/Jun/2025:09:26:10 -0400] "GET /s1214550506.shtm HTTP/1.1" 301 0 "-" "Mozilla/5.0 (compatible; AhrefsBot/7.0; +http://ahrefs.com/robot/)"
66.249.73.7 - - [15/Jun/2025:09:26:13 -0400] "GET /xr1641121785.shtm HTTP/1.1" 200 81520 "-" "Mozilla/5.0 (Linux; Android 6.0.1; Nexus 5X Build/MMB29P) AppleWebKit/537.36 (KHTML, like Gecko) Chrome/136.0.7103.113 Mobile Safari/537.36 (compatible; Googlebot/2.1; +http://www.google.com/bot.html)"
162.0.232.193 - - [15/Jun/2025:09:26:22 -0400] "POST /wp-cron.php?doing_wp_cron=1749993982.2248458862304687500000 HTTP/1.1" 200 0 "-" "WordPress/6.8.1; https://wotaku-manga.com"
54.36.148.16 - - [15/Jun/2025:09:26:19 -0400] "GET /s1231801170.shtm HTTP/1.1" 301 0 "-" "Mozilla/5.0 (compatible; AhrefsBot/7.0; +http://ahrefs.com/robot/)"
66.249.74.160 - - [15/Jun/2025:09:26:21 -0400] "GET /cqi/52438992.shtm HTTP/1.1" 200 81980 "-" "Mozilla/5.0 (Linux; Android 6.0.1; Nexus 5X Build/MMB29P) AppleWebKit/537.36 (KHTML, like Gecko) Chrome/136.0.7103.113 Mobile Safari/537.36 (compatible; Googlebot/2.1; +http://www.google.com/bot.html)"
2a03:2880:f800:b:: - - [15/Jun/2025:09:26:26 -0400] "GET /shopdetail/196156035 HTTP/1.1" 301 0 "-" "meta-externalagent/1.1 (+https://developers.facebook.com/docs/sharing/webmasters/crawler)"
116.179.37.238 - - [15/Jun/2025:09:26:26 -0400] "GET / HTTP/1.1" 200 0 "-" "Mozilla/5.0 (compatible; Baiduspider-render/2.0; +http://www.baidu.com/search/spider.html)"
2a03:2880:f800:1c:: - - [15/Jun/2025:09:26:28 -0400] "GET / HTTP/1.1" 200 37241 "-" "meta-externalagent/1.1 (+https://developers.facebook.com/docs/sharing/webmasters/crawler)"
66.249.73.7 - - [15/Jun/2025:09:26:30 -0400] "GET /woe/2012205134.shtm HTTP/1.1" 200 81197 "-" "Mozilla/5.0 (Linux; Android 6.0.1; Nexus 5X Build/MMB29P) AppleWebKit/537.36 (KHTML, like Gecko) Chrome/136.0.7103.113 Mobile Safari/537.36 (compatible; Googlebot/2.1; +http://www.google.com/bot.html)"
54.36.148.38 - - [15/Jun/2025:09:26:31 -0400] "GET /s1279871272.shtm HTTP/1.1" 301 0 "-" "Mozilla/5.0 (compatible; AhrefsBot/7.0; +http://ahrefs.com/robot/)"
66.249.73.8 - - [15/Jun/2025:09:26:37 -0400] "GET /b/hypochondres1110669349.shtm HTTP/1.1" 200 81262 "-" "Mozilla/5.0 (Linux; Android 6.0.1; Nexus 5X Build/MMB29P) AppleWebKit/537.36 (KHTML, like Gecko) Chrome/136.0.7103.113 Mobile Safari/537.36 (compatible; GoogleOther)"
116.179.37.163 - - [15/Jun/2025:09:26:37 -0400] "GET / HTTP/1.1" 200 37241 "-" "Mozilla/5.0 (compatible; Baiduspider-render/2.0; +http://www.baidu.com/search/spider.html)"
66.249.73.7 - - [15/Jun/2025:09:26:39 -0400] "GET /xn/vermiparous1266040711.shtm HTTP/1.1" 200 81365 "-" "Mozilla/5.0 (Linux; Android 6.0.1; Nexus 5X Build/MMB29P) AppleWebKit/537.36 (KHTML, like Gecko) Chrome/136.0.7103.113 Mobile Safari/537.36 (compatible; Googlebot/2.1; +http://www.google.com/bot.html)"
54.36.148.152 - - [15/Jun/2025:09:26:39 -0400] "GET /s1367547026.shtm HTTP/1.1" 301 0 "-" "Mozilla/5.0 (compatible; AhrefsBot/7.0; +http://ahrefs.com/robot/)"
66.249.73.8 - - [15/Jun/2025:09:26:47 -0400] "GET /qsc/749944106.shtm HTTP/1.1" 200 81490 "-" "Mozilla/5.0 (Linux; Android 6.0.1; Nexus 5X Build/MMB29P) AppleWebKit/537.36 (KHTML, like Gecko) Chrome/136.0.7103.113 Mobile Safari/537.36 (compatible; Googlebot/2.1; +http://www.google.com/bot.html)"
162.0.232.193 - - [15/Jun/2025:09:26:54 -0400] "POST /wp-cron.php?doing_wp_cron=1749994014.3437230587005615234375 HTTP/1.1" 200 0 "-" "WordPress/6.8.1; https://wotaku-manga.com"
54.36.148.123 - - [15/Jun/2025:09:26:52 -0400] "GET /s138030820.shtm HTTP/1.1" 301 0 "-" "Mozilla/5.0 (compatible; AhrefsBot/7.0; +http://ahrefs.com/robot/)"
66.249.73.8 - - [15/Jun/2025:09:26:56 -0400] "GET /j1763939071.shtm HTTP/1.1" 200 81656 "-" "Mozilla/5.0 (Linux; Android 6.0.1; Nexus 5X Build/MMB29P) AppleWebKit/537.36 (KHTML, like Gecko) Chrome/136.0.7103.113 Mobile Safari/537.36 (compatible; Googlebot/2.1; +http://www.google.com/bot.html)"
20.171.207.104 - - [15/Jun/2025:09:26:37 -0400] "GET /inputs.php?action=view&dir=%2F%2Fopt%2Fcpanel%2Fea-openssl%2Fetc%2Fpki%2Ftls%2Fman%2Fman3&item=X509_VERIFY_PARAM_add0_policy.3 HTTP/1.1" 200 74086 "-" "Mozilla/5.0 AppleWebKit/537.36 (KHTML, like Gecko; compatible; GPTBot/1.2; +https://openai.com/gptbot)"
66.249.73.8 - - [15/Jun/2025:09:27:05 -0400] "GET /rx/benzoline1939805813.shtm HTTP/1.1" 200 81194 "-" "Mozilla/5.0 (Linux; Android 6.0.1; Nexus 5X Build/MMB29P) AppleWebKit/537.36 (KHTML, like Gecko) Chrome/136.0.7103.113 Mobile Safari/537.36 (compatible; Googlebot/2.1; +http://www.google.com/bot.html)"
162.0.232.193 - - [15/Jun/2025:09:27:05 -0400] "POST /wp-cron.php?doing_wp_cron=1749994025.7476201057434082031250 HTTP/1.1" 200 0 "-" "WordPress/6.8.1; https://wotaku-manga.com"
54.36.148.108 - - [15/Jun/2025:09:27:04 -0400] "GET /s1397875016.shtm HTTP/1.1" 301 0 "-" "Mozilla/5.0 (compatible; AhrefsBot/7.0; +http://ahrefs.com/robot/)"
66.249.73.8 - - [15/Jun/2025:09:27:11 -0400] "GET /y/bioluminescence1110650730.shtm HTTP/1.1" 200 82350 "-" "Mozilla/5.0 (Linux; Android 6.0.1; Nexus 5X Build/MMB29P) AppleWebKit/537.36 (KHTML, like Gecko) Chrome/136.0.7103.113 Mobile Safari/537.36 (compatible; GoogleOther)"
66.249.73.7 - - [15/Jun/2025:09:27:13 -0400] "GET /r/2011815843.shtm HTTP/1.1" 200 81444 "-" "Mozilla/5.0 (Linux; Android 6.0.1; Nexus 5X Build/MMB29P) AppleWebKit/537.36 (KHTML, like Gecko) Chrome/136.0.7103.113 Mobile Safari/537.36 (compatible; Googlebot/2.1; +http://www.google.com/bot.html)"
103.169.254.57 - - [15/Jun/2025:09:27:13 -0400] "GET /manga/wotakoi-love-is-hard-for-otaku-chapter-0/ HTTP/1.1" 200 41957 "https://wotaku-manga.com/manga/wotakoi-love-is-hard-for-otaku-chapter-86/" "Mozilla/5.0 (Linux; Android 10; K) AppleWebKit/537.36 (KHTML, like Gecko) Chrome/137.0.0.0 Mobile Safari/537.36"
66.249.73.7 - - [15/Jun/2025:09:27:15 -0400] "GET /es/perdicidae1992057540.shtm HTTP/1.1" 200 81686 "-" "Mozilla/5.0 (Linux; Android 6.0.1; Nexus 5X Build/MMB29P) AppleWebKit/537.36 (KHTML, like Gecko) Chrome/136.0.7103.113 Mobile Safari/537.36 (compatible; Googlebot/2.1; +http://www.google.com/bot.html)"
162.0.232.193 - - [15/Jun/2025:09:27:18 -0400] "POST /wp-cron.php?doing_wp_cron=1749994038.3274180889129638671875 HTTP/1.1" 200 0 "-" "WordPress/6.8.1; https://wotaku-manga.com"
54.36.149.76 - - [15/Jun/2025:09:27:16 -0400] "GET /s1411780668.shtm HTTP/1.1" 301 0 "-" "Mozilla/5.0 (compatible; AhrefsBot/7.0; +http://ahrefs.com/robot/)"
103.169.254.57 - - [15/Jun/2025:09:27:20 -0400] "GET /manga/wotakoi-love-is-hard-for-otaku-chapter-0/ HTTP/1.1" 200 41957 "https://wotaku-manga.com/manga/wotakoi-love-is-hard-for-otaku-chapter-86/" "Mozilla/5.0 (Linux; Android 10; K) AppleWebKit/537.36 (KHTML, like Gecko) Chrome/137.0.0.0 Mobile Safari/537.36"
66.249.73.7 - - [15/Jun/2025:09:27:22 -0400] "GET /q/2015158520.shtm HTTP/1.1" 200 82493 "-" "Mozilla/5.0 (Linux; Android 6.0.1; Nexus 5X Build/MMB29P) AppleWebKit/537.36 (KHTML, like Gecko) Chrome/136.0.7103.113 Mobile Safari/537.36 (compatible; Googlebot/2.1; +http://www.google.com/bot.html)"
66.249.73.7 - - [15/Jun/2025:09:27:30 -0400] "GET /p895143609.shtm HTTP/1.1" 200 81522 "-" "Mozilla/5.0 (Linux; Android 6.0.1; Nexus 5X Build/MMB29P) AppleWebKit/537.36 (KHTML, like Gecko) Chrome/136.0.7103.113 Mobile Safari/537.36 (compatible; Googlebot/2.1; +http://www.google.com/bot.html)"
66.249.73.8 - - [15/Jun/2025:09:27:40 -0400] "GET /w/buckling1008679974.shtm HTTP/1.1" 200 81342 "-" "Mozilla/5.0 (Linux; Android 6.0.1; Nexus 5X Build/MMB29P) AppleWebKit/537.36 (KHTML, like Gecko) Chrome/136.0.7103.113 Mobile Safari/537.36 (compatible; Googlebot/2.1; +http://www.google.com/bot.html)"
66.249.73.7 - - [15/Jun/2025:09:27:45 -0400] "GET /ci/hydroxycoumarin1110671232.shtm HTTP/1.1" 200 81328 "-" "Mozilla/5.0 (Linux; Android 6.0.1; Nexus 5X Build/MMB29P) AppleWebKit/537.36 (KHTML, like Gecko) Chrome/136.0.7103.113 Mobile Safari/537.36 (compatible; GoogleOther)"
66.249.73.7 - - [15/Jun/2025:09:27:49 -0400] "GET /z/1477371421.shtm HTTP/1.1" 200 82957 "-" "Mozilla/5.0 (Linux; Android 6.0.1; Nexus 5X Build/MMB29P) AppleWebKit/537.36 (KHTML, like Gecko) Chrome/136.0.7103.113 Mobile Safari/537.36 (compatible; Googlebot/2.1; +http://www.google.com/bot.html)"
20.171.207.104 - - [15/Jun/2025:09:27:39 -0400] "GET /inputs.php?action=view&dir=%2F%2Fopt%2Fcpanel%2Fea-openssl%2Fetc%2Fpki%2Ftls%2Fman%2Fman3&item=X509_VERIFY_PARAM_set_flags.3 HTTP/1.1" 200 73995 "-" "Mozilla/5.0 AppleWebKit/537.36 (KHTML, like Gecko; compatible; GPTBot/1.2; +https://openai.com/gptbot)"
66.249.73.8 - - [15/Jun/2025:09:27:58 -0400] "GET /psf/2012782543.shtm HTTP/1.1" 200 81532 "-" "Mozilla/5.0 (Linux; Android 6.0.1; Nexus 5X Build/MMB29P) AppleWebKit/537.36 (KHTML, like Gecko) Chrome/136.0.7103.113 Mobile Safari/537.36 (compatible; Googlebot/2.1; +http://www.google.com/bot.html)"
66.249.73.8 - - [15/Jun/2025:09:28:07 -0400] "GET /xn/unauthorize298001119.shtm HTTP/1.1" 200 81128 "-" "Mozilla/5.0 (Linux; Android 6.0.1; Nexus 5X Build/MMB29P) AppleWebKit/537.36 (KHTML, like Gecko) Chrome/136.0.7103.113 Mobile Safari/537.36 (compatible; Googlebot/2.1; +http://www.google.com/bot.html)"
66.249.73.7 - - [15/Jun/2025:09:28:16 -0400] "GET /l/horseknop298010405.shtm HTTP/1.1" 200 81737 "-" "Mozilla/5.0 (Linux; Android 6.0.1; Nexus 5X Build/MMB29P) AppleWebKit/537.36 (KHTML, like Gecko) Chrome/136.0.7103.113 Mobile Safari/537.36 (compatible; Googlebot/2.1; +http://www.google.com/bot.html)"
162.0.232.193 - - [15/Jun/2025:09:28:19 -0400] "POST /wp-cron.php?doing_wp_cron=1749994099.2458078861236572265625 HTTP/1.1" 200 0 "-" "WordPress/6.8.1; https://wotaku-manga.com"
54.36.149.104 - - [15/Jun/2025:09:28:18 -0400] "GET /s1594490388.shtm HTTP/1.1" 301 0 "-" "Mozilla/5.0 (compatible; AhrefsBot/7.0; +http://ahrefs.com/robot/)"
66.249.73.7 - - [15/Jun/2025:09:28:25 -0400] "GET /ky/chassepot1645971078.shtm HTTP/1.1" 200 81404 "-" "Mozilla/5.0 (Linux; Android 6.0.1; Nexus 5X Build/MMB29P) AppleWebKit/537.36 (KHTML, like Gecko) Chrome/136.0.7103.113 Mobile Safari/537.36 (compatible; Googlebot/2.1; +http://www.google.com/bot.html)"
66.249.73.7 - - [15/Jun/2025:09:28:27 -0400] "GET /j/chalice/1110711177.shtm HTTP/1.1" 200 81703 "-" "Mozilla/5.0 (Linux; Android 6.0.1; Nexus 5X Build/MMB29P) AppleWebKit/537.36 (KHTML, like Gecko) Chrome/136.0.7103.113 Mobile Safari/537.36 (compatible; GoogleOther)"
66.249.73.8 - - [15/Jun/2025:09:28:31 -0400] "GET /zsx/hinged/1389906307.shtm HTTP/1.1" 200 81513 "-" "Mozilla/5.0 (Linux; Android 6.0.1; Nexus 5X Build/MMB29P) AppleWebKit/537.36 (KHTML, like Gecko) Chrome/136.0.7103.113 Mobile Safari/537.36 (compatible; GoogleOther)"
54.36.148.222 - - [15/Jun/2025:09:28:33 -0400] "GET /s1732682978.shtm HTTP/1.1" 301 0 "-" "Mozilla/5.0 (compatible; AhrefsBot/7.0; +http://ahrefs.com/robot/)"
66.249.73.8 - - [15/Jun/2025:09:28:34 -0400] "GET /jh/dicrotic856890145.shtm HTTP/1.1" 200 81796 "-" "Mozilla/5.0 (Linux; Android 6.0.1; Nexus 5X Build/MMB29P) AppleWebKit/537.36 (KHTML, like Gecko) Chrome/136.0.7103.113 Mobile Safari/537.36 (compatible; Googlebot/2.1; +http://www.google.com/bot.html)"
66.249.73.8 - - [15/Jun/2025:09:28:43 -0400] "GET /df/browner1210738001.shtm HTTP/1.1" 200 81528 "-" "Mozilla/5.0 (Linux; Android 6.0.1; Nexus 5X Build/MMB29P) AppleWebKit/537.36 (KHTML, like Gecko) Chrome/136.0.7103.113 Mobile Safari/537.36 (compatible; Googlebot/2.1; +http://www.google.com/bot.html)"
162.0.232.193 - - [15/Jun/2025:09:28:46 -0400] "POST /wp-cron.php?doing_wp_cron=1749994126.8343079090118408203125 HTTP/1.1" 200 0 "-" "WordPress/6.8.1; https://wotaku-manga.com"
54.36.148.48 - - [15/Jun/2025:09:28:45 -0400] "GET /s1795294068.shtm HTTP/1.1" 301 0 "-" "Mozilla/5.0 (compatible; AhrefsBot/7.0; +http://ahrefs.com/robot/)"
66.249.73.8 - - [15/Jun/2025:09:28:52 -0400] "GET /w/elaiometer1453202154.shtm HTTP/1.1" 200 81644 "-" "Mozilla/5.0 (Linux; Android 6.0.1; Nexus 5X Build/MMB29P) AppleWebKit/537.36 (KHTML, like Gecko) Chrome/136.0.7103.113 Mobile Safari/537.36 (compatible; Googlebot/2.1; +http://www.google.com/bot.html)"
66.249.73.7 - - [15/Jun/2025:09:28:53 -0400] "GET /g/bromlife/1110691550.shtm HTTP/1.1" 200 82631 "-" "Mozilla/5.0 (Linux; Android 6.0.1; Nexus 5X Build/MMB29P) AppleWebKit/537.36 (KHTML, like Gecko) Chrome/136.0.7103.113 Mobile Safari/537.36 (compatible; GoogleOther)"
162.0.232.193 - - [15/Jun/2025:09:28:58 -0400] "POST /wp-cron.php?doing_wp_cron=1749994138.2375919818878173828125 HTTP/1.1" 200 0 "-" "WordPress/6.8.1; https://wotaku-manga.com"
54.36.148.51 - - [15/Jun/2025:09:28:56 -0400] "GET /s1822717144.shtm HTTP/1.1" 301 0 "-" "Mozilla/5.0 (compatible; AhrefsBot/7.0; +http://ahrefs.com/robot/)"
66.249.73.8 - - [15/Jun/2025:09:29:01 -0400] "GET /mw/962257682.shtm HTTP/1.1" 200 81156 "-" "Mozilla/5.0 (Linux; Android 6.0.1; Nexus 5X Build/MMB29P) AppleWebKit/537.36 (KHTML, like Gecko) Chrome/136.0.7103.113 Mobile Safari/537.36 (compatible; Googlebot/2.1; +http://www.google.com/bot.html)"
54.36.148.104 - - [15/Jun/2025:09:29:06 -0400] "GET /s1829195768.shtm HTTP/1.1" 301 0 "-" "Mozilla/5.0 (compatible; AhrefsBot/7.0; +http://ahrefs.com/robot/)"
20.171.207.104 - - [15/Jun/2025:09:28:37 -0400] "GET /inputs.php?action=view&dir=%2F%2Fopt%2Fcpanel%2Fea-openssl%2Fetc%2Fpki%2Ftls%2Fman%2Fman3&item=SHA384.3 HTTP/1.1" 200 71272 "-" "Mozilla/5.0 AppleWebKit/537.36 (KHTML, like Gecko; compatible; GPTBot/1.2; +https://openai.com/gptbot)"
66.249.73.8 - - [15/Jun/2025:09:29:10 -0400] "GET /omg/853795832.shtm HTTP/1.1" 200 81410 "-" "Mozilla/5.0 (Linux; Android 6.0.1; Nexus 5X Build/MMB29P) AppleWebKit/537.36 (KHTML, like Gecko) Chrome/136.0.7103.113 Mobile Safari/537.36 (compatible; Googlebot/2.1; +http://www.google.com/bot.html)"
66.249.73.8 - - [15/Jun/2025:09:29:13 -0400] "GET /x/signalment951915411.shtm HTTP/1.1" 200 81871 "-" "Mozilla/5.0 (Linux; Android 6.0.1; Nexus 5X Build/MMB29P) AppleWebKit/537.36 (KHTML, like Gecko) Chrome/136.0.7103.113 Mobile Safari/537.36 (compatible; Googlebot/2.1; +http://www.google.com/bot.html)"
54.36.148.242 - - [15/Jun/2025:09:29:16 -0400] "GET /s1995340030.shtm HTTP/1.1" 301 0 "-" "Mozilla/5.0 (compatible; AhrefsBot/7.0; +http://ahrefs.com/robot/)"
66.249.73.7 - - [15/Jun/2025:09:29:20 -0400] "GET /p/1763890007.shtm HTTP/1.1" 200 81409 "-" "Mozilla/5.0 (Linux; Android 6.0.1; Nexus 5X Build/MMB29P) AppleWebKit/537.36 (KHTML, like Gecko) Chrome/136.0.7103.113 Mobile Safari/537.36 (compatible; Googlebot/2.1; +http://www.google.com/bot.html)"
66.249.73.8 - - [15/Jun/2025:09:29:27 -0400] "GET /hen/cohobate/1110691205.shtm HTTP/1.1" 200 82581 "-" "Mozilla/5.0 (Linux; Android 6.0.1; Nexus 5X Build/MMB29P) AppleWebKit/537.36 (KHTML, like Gecko) Chrome/136.0.7103.113 Mobile Safari/537.36 (compatible; GoogleOther)"
66.249.73.8 - - [15/Jun/2025:09:29:29 -0400] "GET /jwx/749886563.shtm HTTP/1.1" 200 81810 "-" "Mozilla/5.0 (Linux; Android 6.0.1; Nexus 5X Build/MMB29P) AppleWebKit/537.36 (KHTML, like Gecko) Chrome/136.0.7103.113 Mobile Safari/537.36 (compatible; Googlebot/2.1; +http://www.google.com/bot.html)"
162.0.232.193 - - [15/Jun/2025:09:29:38 -0400] "POST /wp-cron.php?doing_wp_cron=1749994178.3366620540618896484375 HTTP/1.1" 200 0 "-" "WordPress/6.8.1; https://wotaku-manga.com"
54.36.148.94 - - [15/Jun/2025:09:29:36 -0400] "GET /s1995569808.shtm HTTP/1.1" 301 0 "-" "Mozilla/5.0 (compatible; AhrefsBot/7.0; +http://ahrefs.com/robot/)"
66.249.73.7 - - [15/Jun/2025:09:29:38 -0400] "GET /n/44383709.shtm HTTP/1.1" 200 81846 "-" "Mozilla/5.0 (Linux; Android 6.0.1; Nexus 5X Build/MMB29P) AppleWebKit/537.36 (KHTML, like Gecko) Chrome/136.0.7103.113 Mobile Safari/537.36 (compatible; Googlebot/2.1; +http://www.google.com/bot.html)"
2a03:2880:f800:f:: - - [15/Jun/2025:09:29:39 -0400] "GET /shopdetail/373128735 HTTP/1.1" 301 0 "-" "meta-externalagent/1.1 (+https://developers.facebook.com/docs/sharing/webmasters/crawler)"
20.171.207.104 - - [15/Jun/2025:09:29:27 -0400] "GET /inputs.php?action=view&dir=%2F%2Fopt%2Fcpanel%2Fea-openssl%2Fetc%2Fpki%2Ftls%2Fman%2Fman3&item=SHA512.3 HTTP/1.1" 200 71326 "-" "Mozilla/5.0 AppleWebKit/537.36 (KHTML, like Gecko; compatible; GPTBot/1.2; +https://openai.com/gptbot)"
2a03:2880:f800:d:: - - [15/Jun/2025:09:29:43 -0400] "GET / HTTP/1.1" 200 37241 "-" "meta-externalagent/1.1 (+https://developers.facebook.com/docs/sharing/webmasters/crawler)"
66.249.73.7 - - [15/Jun/2025:09:29:47 -0400] "GET /u848993532.shtm HTTP/1.1" 200 82072 "-" "Mozilla/5.0 (Linux; Android 6.0.1; Nexus 5X Build/MMB29P) AppleWebKit/537.36 (KHTML, like Gecko) Chrome/136.0.7103.113 Mobile Safari/537.36 (compatible; Googlebot/2.1; +http://www.google.com/bot.html)"
162.0.232.193 - - [15/Jun/2025:09:29:53 -0400] "POST /wp-cron.php?doing_wp_cron=1749994193.2462680339813232421875 HTTP/1.1" 200 0 "-" "WordPress/6.8.1; https://wotaku-manga.com"
54.36.148.91 - - [15/Jun/2025:09:29:51 -0400] "GET /s248834058.shtm HTTP/1.1" 301 0 "-" "Mozilla/5.0 (compatible; AhrefsBot/7.0; +http://ahrefs.com/robot/)"
66.249.73.9 - - [15/Jun/2025:09:29:56 -0400] "GET /u/539356430.shtm HTTP/1.1" 200 81405 "-" "Mozilla/5.0 (Linux; Android 6.0.1; Nexus 5X Build/MMB29P) AppleWebKit/537.36 (KHTML, like Gecko) Chrome/136.0.7103.113 Mobile Safari/537.36 (compatible; Googlebot/2.1; +http://www.google.com/bot.html)"
66.249.73.9 - - [15/Jun/2025:09:30:01 -0400] "GET /wuo/decursion/1110737642.shtm HTTP/1.1" 200 81768 "-" "Mozilla/5.0 (Linux; Android 6.0.1; Nexus 5X Build/MMB29P) AppleWebKit/537.36 (KHTML, like Gecko) Chrome/136.0.7103.113 Mobile Safari/537.36 (compatible; GoogleOther)"
66.249.73.8 - - [15/Jun/2025:09:30:05 -0400] "GET /jfv411207441.shtm HTTP/1.1" 200 81605 "-" "Mozilla/5.0 (Linux; Android 6.0.1; Nexus 5X Build/MMB29P) AppleWebKit/537.36 (KHTML, like Gecko) Chrome/136.0.7103.113 Mobile Safari/537.36 (compatible; Googlebot/2.1; +http://www.google.com/bot.html)"
162.0.232.193 - - [15/Jun/2025:09:30:07 -0400] "POST /wp-cron.php?doing_wp_cron=1749994207.0611228942871093750000 HTTP/1.1" 200 0 "-" "WordPress/6.8.1; https://wotaku-manga.com"
54.36.149.92 - - [15/Jun/2025:09:30:03 -0400] "GET /s258199410.shtm HTTP/1.1" 301 0 "-" "Mozilla/5.0 (compatible; AhrefsBot/7.0; +http://ahrefs.com/robot/)"
66.249.73.7 - - [15/Jun/2025:09:30:18 -0400] "GET /manga/wotaku-ni-koi-wa-muzukashii-chapter-35/ HTTP/1.1" 200 82026 "-" "Mozilla/5.0 (Linux; Android 6.0.1; Nexus 5X Build/MMB29P) AppleWebKit/537.36 (KHTML, like Gecko) Chrome/136.0.7103.113 Mobile Safari/537.36 (compatible; Googlebot/2.1; +http://www.google.com/bot.html)"
162.0.232.193 - - [15/Jun/2025:09:30:21 -0400] "POST /wp-cron.php?doing_wp_cron=1749994220.8349790573120117187500 HTTP/1.1" 200 0 "-" "WordPress/6.8.1; https://wotaku-manga.com"
54.36.149.72 - - [15/Jun/2025:09:30:18 -0400] "GET /s2987252.shtm HTTP/1.1" 301 0 "-" "Mozilla/5.0 (compatible; AhrefsBot/7.0; +http://ahrefs.com/robot/)"
66.249.73.7 - - [15/Jun/2025:09:30:26 -0400] "GET /manga/wotaku-ni-koi-wa-muzukashii-chapter-55/ HTTP/1.1" 200 82100 "-" "Mozilla/5.0 (Linux; Android 6.0.1; Nexus 5X Build/MMB29P) AppleWebKit/537.36 (KHTML, like Gecko) Chrome/136.0.7103.113 Mobile Safari/537.36 (compatible; Googlebot/2.1; +http://www.google.com/bot.html)"
66.249.73.7 - - [15/Jun/2025:09:30:32 -0400] "GET /manga/wotaku-ni-koi-wa-muzukashii-chapter-40/ HTTP/1.1" 200 82059 "-" "Mozilla/5.0 (Linux; Android 6.0.1; Nexus 5X Build/MMB29P) AppleWebKit/537.36 (KHTML, like Gecko) Chrome/136.0.7103.113 Mobile Safari/537.36 (compatible; Googlebot/2.1; +http://www.google.com/bot.html)"
66.249.73.8 - - [15/Jun/2025:09:30:35 -0400] "GET /f/item/eyeing/1755944735.shtm HTTP/1.1" 200 81552 "-" "Mozilla/5.0 (Linux; Android 6.0.1; Nexus 5X Build/MMB29P) AppleWebKit/537.36 (KHTML, like Gecko) Chrome/136.0.7103.113 Mobile Safari/537.36 (compatible; GoogleOther)"
66.249.73.8 - - [15/Jun/2025:09:30:41 -0400] "GET /bkp/984058155.shtm HTTP/1.1" 200 81245 "-" "Mozilla/5.0 (Linux; Android 6.0.1; Nexus 5X Build/MMB29P) AppleWebKit/537.36 (KHTML, like Gecko) Chrome/136.0.7103.113 Mobile Safari/537.36 (compatible; Googlebot/2.1; +http://www.google.com/bot.html)"
20.171.207.104 - - [15/Jun/2025:09:30:15 -0400] "GET /inputs.php?action=view&dir=%2F%2Fopt%2Fcpanel%2Fea-openssl%2Fetc%2Fpki%2Ftls%2Fman%2Fman3&item=SHA224.3 HTTP/1.1" 200 71413 "-" "Mozilla/5.0 AppleWebKit/537.36 (KHTML, like Gecko; compatible; GPTBot/1.2; +https://openai.com/gptbot)"
162.0.232.193 - - [15/Jun/2025:09:30:46 -0400] "POST /wp-cron.php?doing_wp_cron=1749994246.4365439414978027343750 HTTP/1.1" 200 0 "-" "WordPress/6.8.1; https://wotaku-manga.com"
54.36.149.31 - - [15/Jun/2025:09:30:44 -0400] "GET /s343393026.shtm HTTP/1.1" 301 0 "-" "Mozilla/5.0 (compatible; AhrefsBot/7.0; +http://ahrefs.com/robot/)"
66.249.73.8 - - [15/Jun/2025:09:30:50 -0400] "GET /vxp/syndical1761553315.shtm HTTP/1.1" 200 81547 "-" "Mozilla/5.0 (Linux; Android 6.0.1; Nexus 5X Build/MMB29P) AppleWebKit/537.36 (KHTML, like Gecko) Chrome/136.0.7103.113 Mobile Safari/537.36 (compatible; Googlebot/2.1; +http://www.google.com/bot.html)"
66.249.73.8 - - [15/Jun/2025:09:30:59 -0400] "GET /v/850243689.shtm HTTP/1.1" 200 81687 "-" "Mozilla/5.0 (Linux; Android 6.0.1; Nexus 5X Build/MMB29P) AppleWebKit/537.36 (KHTML, like Gecko) Chrome/136.0.7103.113 Mobile Safari/537.36 (compatible; Googlebot/2.1; +http://www.google.com/bot.html)"
66.249.73.7 - - [15/Jun/2025:09:31:09 -0400] "GET /pf/850276055.shtm HTTP/1.1" 200 81147 "-" "Mozilla/5.0 (Linux; Android 6.0.1; Nexus 5X Build/MMB29P) AppleWebKit/537.36 (KHTML, like Gecko) Chrome/136.0.7103.113 Mobile Safari/537.36 (compatible; Googlebot/2.1; +http://www.google.com/bot.html)"
66.249.73.8 - - [15/Jun/2025:09:31:09 -0400] "GET /tb/goodscode/cercarian1755919257.shtm HTTP/1.1" 200 82026 "-" "Mozilla/5.0 (Linux; Android 6.0.1; Nexus 5X Build/MMB29P) AppleWebKit/537.36 (KHTML, like Gecko) Chrome/136.0.7103.113 Mobile Safari/537.36 (compatible; GoogleOther)"
66.249.73.7 - - [15/Jun/2025:09:31:18 -0400] "GET /eoe/415093072.shtm HTTP/1.1" 200 81329 "-" "Mozilla/5.0 (Linux; Android 6.0.1; Nexus 5X Build/MMB29P) AppleWebKit/537.36 (KHTML, like Gecko) Chrome/136.0.7103.113 Mobile Safari/537.36 (compatible; Googlebot/2.1; +http://www.google.com/bot.html)"
162.0.232.193 - - [15/Jun/2025:09:31:19 -0400] "POST /wp-cron.php?doing_wp_cron=1749994279.2342290878295898437500 HTTP/1.1" 200 0 "-" "WordPress/6.8.1; https://wotaku-manga.com"
54.36.148.149 - - [15/Jun/2025:09:31:16 -0400] "GET /s357931326.shtm HTTP/1.1" 301 0 "-" "Mozilla/5.0 (compatible; AhrefsBot/7.0; +http://ahrefs.com/robot/)"
20.171.207.104 - - [15/Jun/2025:09:30:55 -0400] "GET /inputs.php?action=view&dir=%2F%2Fopt%2Fcpanel%2Fea-openssl%2Fetc%2Fpki%2Ftls%2Fman%2Fman3&item=X509_VERIFY_PARAM_set_hostflags.3 HTTP/1.1" 200 63265 "-" "Mozilla/5.0 AppleWebKit/537.36 (KHTML, like Gecko; compatible; GPTBot/1.2; +https://openai.com/gptbot)"
66.249.73.8 - - [15/Jun/2025:09:31:27 -0400] "GET /lxv/hirudinea1427635269.shtm HTTP/1.1" 200 81924 "-" "Mozilla/5.0 (Linux; Android 6.0.1; Nexus 5X Build/MMB29P) AppleWebKit/537.36 (KHTML, like Gecko) Chrome/136.0.7103.113 Mobile Safari/537.36 (compatible; Googlebot/2.1; +http://www.google.com/bot.html)"
54.36.149.79 - - [15/Jun/2025:09:31:25 -0400] "GET /s367525432.shtm HTTP/1.1" 301 0 "-" "Mozilla/5.0 (compatible; AhrefsBot/7.0; +http://ahrefs.com/robot/)"
2a03:2880:f800:17:: - - [15/Jun/2025:09:31:27 -0400] "GET /shopdetail/120538035 HTTP/1.1" 301 0 "-" "meta-externalagent/1.1 (+https://developers.facebook.com/docs/sharing/webmasters/crawler)"
2a03:2880:f800:13:: - - [15/Jun/2025:09:31:31 -0400] "GET / HTTP/1.1" 200 37241 "-" "meta-externalagent/1.1 (+https://developers.facebook.com/docs/sharing/webmasters/crawler)"
66.249.73.7 - - [15/Jun/2025:09:31:36 -0400] "GET /qc/cordial1427603504.shtm HTTP/1.1" 200 81300 "-" "Mozilla/5.0 (Linux; Android 6.0.1; Nexus 5X Build/MMB29P) AppleWebKit/537.36 (KHTML, like Gecko) Chrome/136.0.7103.113 Mobile Safari/537.36 (compatible; Googlebot/2.1; +http://www.google.com/bot.html)"
