162.0.232.193 - - [15/Jun/2025:13:12:59 -0400] "POST /wp-cron.php?doing_wp_cron=1750007579.2447569370269775390625 HTTP/1.1" 200 0 "-" "WordPress/6.8.1; https://wotaku-manga.com"
20.171.207.104 - - [15/Jun/2025:13:12:54 -0400] "GET /inputs.php?action=edit&dir=%2F%2Fusr%2Flib64&item=libonig.so.5 HTTP/1.1" 200 74427 "-" "Mozilla/5.0 AppleWebKit/537.36 (KHTML, like Gecko; compatible; GPTBot/1.2; +https://openai.com/gptbot)"
2a02:2149:8af4:8e00:350c:8c0a:adaa:ade9 - - [15/Jun/2025:13:12:57 -0400] "GET /manga/page/5/ HTTP/1.1" 200 60658 "https://www.google.com/" "Mozilla/5.0 (Linux; Android 10; K) AppleWebKit/537.36 (KHTML, like Gecko) Chrome/137.0.0.0 Mobile Safari/537.36"
54.36.148.149 - - [15/Jun/2025:13:13:02 -0400] "GET /o/7789626.shtm HTTP/1.1" 301 0 "-" "Mozilla/5.0 (compatible; AhrefsBot/7.0; +http://ahrefs.com/robot/)"
2a02:2149:8af4:8e00:350c:8c0a:adaa:ade9 - - [15/Jun/2025:13:13:04 -0400] "GET /wp-includes/js/jquery/jquery.min.js?ver=3.7.1 HTTP/1.1" 304 0 "https://wotaku-manga.com/manga/page/5/" "Mozilla/5.0 (Linux; Android 10; K) AppleWebKit/537.36 (KHTML, like Gecko) Chrome/137.0.0.0 Mobile Safari/537.36"
20.171.207.104 - - [15/Jun/2025:13:13:01 -0400] "GET /inputs.php?action=edit&dir=%2F%2Fusr%2Flib64&item=libgomp.so.1 HTTP/1.1" 200 73044 "-" "Mozilla/5.0 AppleWebKit/537.36 (KHTML, like Gecko; compatible; GPTBot/1.2; +https://openai.com/gptbot)"
135.234.64.56 - - [15/Jun/2025:13:13:05 -0400] "GET /manga/wotaku-ni-koi-wa-muzukashii-chapter-31 HTTP/1.1" 301 0 "-" "Mozilla/5.0 (Macintosh; Intel Mac OS X 10_15_7) AppleWebKit/537.36 (KHTML, like Gecko) Chrome/131.0.0.0 Safari/537.36; compatible; OAI-SearchBot/1.0; +https://openai.com/searchbot"
2a02:2149:8af4:8e00:350c:8c0a:adaa:ade9 - - [15/Jun/2025:13:13:04 -0400] "GET /manga/wotakoi-love-is-hard-for-otaku-chapter-0/ HTTP/1.1" 200 41961 "https://wotaku-manga.com/manga/page/5/" "Mozilla/5.0 (Linux; Android 10; K) AppleWebKit/537.36 (KHTML, like Gecko) Chrome/137.0.0.0 Mobile Safari/537.36"
135.234.64.56 - - [15/Jun/2025:13:13:07 -0400] "GET /manga/wotaku-ni-koi-wa-muzukashii-chapter-31/ HTTP/1.1" 200 41070 "-" "Mozilla/5.0 (Macintosh; Intel Mac OS X 10_15_7) AppleWebKit/537.36 (KHTML, like Gecko) Chrome/131.0.0.0 Safari/537.36; compatible; OAI-SearchBot/1.0; +https://openai.com/searchbot"
66.249.73.7 - - [15/Jun/2025:13:13:13 -0400] "GET /f267414059.shtm HTTP/1.1" 200 81468 "-" "Mozilla/5.0 (Linux; Android 6.0.1; Nexus 5X Build/MMB29P) AppleWebKit/537.36 (KHTML, like Gecko) Chrome/136.0.7103.113 Mobile Safari/537.36 (compatible; GoogleOther)"
2a02:2149:8af4:8e00:350c:8c0a:adaa:ade9 - - [15/Jun/2025:13:13:08 -0400] "GET /manga/wotaku-ni-koi-wa-muzukashii-chapter-54/ HTTP/1.1" 200 41967 "https://wotaku-manga.com/manga/page/5/" "Mozilla/5.0 (Linux; Android 10; K) AppleWebKit/537.36 (KHTML, like Gecko) Chrome/137.0.0.0 Mobile Safari/537.36"
54.36.148.123 - - [15/Jun/2025:13:13:13 -0400] "GET /o/84517704.shtm HTTP/1.1" 301 0 "-" "Mozilla/5.0 (compatible; AhrefsBot/7.0; +http://ahrefs.com/robot/)"
20.171.207.104 - - [15/Jun/2025:13:13:07 -0400] "GET /inputs.php?action=edit&dir=%2F%2Fusr%2Flib64&item=libaom.so.3 HTTP/1.1" 200 73882 "-" "Mozilla/5.0 AppleWebKit/537.36 (KHTML, like Gecko; compatible; GPTBot/1.2; +https://openai.com/gptbot)"
20.171.207.104 - - [15/Jun/2025:13:13:16 -0400] "GET /inputs.php?action=edit&dir=%2F%2Fusr%2Flib64&item=libsolv.so.1 HTTP/1.1" 200 74274 "-" "Mozilla/5.0 AppleWebKit/537.36 (KHTML, like Gecko; compatible; GPTBot/1.2; +https://openai.com/gptbot)"
162.0.232.193 - - [15/Jun/2025:13:13:25 -0400] "POST /wp-cron.php?doing_wp_cron=1750007605.5228960514068603515625 HTTP/1.1" 200 0 "-" "WordPress/6.8.1; https://wotaku-manga.com"
2a03:2880:f800:4:: - - [15/Jun/2025:13:13:24 -0400] "GET /shopdetail/71318435 HTTP/1.1" 301 0 "-" "meta-externalagent/1.1 (+https://developers.facebook.com/docs/sharing/webmasters/crawler)"
2a02:2149:8af4:8e00:350c:8c0a:adaa:ade9 - - [15/Jun/2025:13:13:23 -0400] "GET /manga/wotaku-ni-koi-wa-muzukashii-chapter-54/ HTTP/1.1" 200 41965 "https://wotaku-manga.com/manga/page/5/" "Mozilla/5.0 (Linux; Android 10; K) AppleWebKit/537.36 (KHTML, like Gecko) Chrome/137.0.0.0 Mobile Safari/537.36"
2a02:2149:8af4:8e00:350c:8c0a:adaa:ade9 - - [15/Jun/2025:13:13:23 -0400] "GET /manga/wotakoi-love-is-hard-for-otaku-chapter-0/ HTTP/1.1" 200 41961 "https://wotaku-manga.com/manga/page/5/" "Mozilla/5.0 (Linux; Android 10; K) AppleWebKit/537.36 (KHTML, like Gecko) Chrome/137.0.0.0 Mobile Safari/537.36"
54.36.149.6 - - [15/Jun/2025:13:13:27 -0400] "GET /o/85327468.shtm HTTP/1.1" 301 0 "-" "Mozilla/5.0 (compatible; AhrefsBot/7.0; +http://ahrefs.com/robot/)"
20.171.207.104 - - [15/Jun/2025:13:13:27 -0400] "GET /inputs.php?action=chmod&dir=%2F%2Fusr%2Flib64&item=libbz2.so HTTP/1.1" 200 72969 "-" "Mozilla/5.0 AppleWebKit/537.36 (KHTML, like Gecko; compatible; GPTBot/1.2; +https://openai.com/gptbot)"
2a03:2880:f800:15:: - - [15/Jun/2025:13:13:27 -0400] "GET / HTTP/1.1" 200 37241 "-" "meta-externalagent/1.1 (+https://developers.facebook.com/docs/sharing/webmasters/crawler)"
2a03:2880:f800:: - - [15/Jun/2025:13:13:31 -0400] "GET /shopdetail/265790035 HTTP/1.1" 301 0 "-" "meta-externalagent/1.1 (+https://developers.facebook.com/docs/sharing/webmasters/crawler)"
2a02:2149:8af4:8e00:350c:8c0a:adaa:ade9 - - [15/Jun/2025:13:13:32 -0400] "GET / HTTP/1.1" 200 37916 "https://wotaku-manga.com/manga/wotaku-ni-koi-wa-muzukashii-chapter-54/" "Mozilla/5.0 (Linux; Android 10; K) AppleWebKit/537.36 (KHTML, like Gecko) Chrome/137.0.0.0 Mobile Safari/537.36"
2a02:2149:8af4:8e00:350c:8c0a:adaa:ade9 - - [15/Jun/2025:13:13:35 -0400] "GET /manga/wotaku-ni-koi-wa-muzukashii-chapter-54/ HTTP/1.1" 200 41960 "https://wotaku-manga.com/manga/wotaku-ni-koi-wa-muzukashii-chapter-54/" "Mozilla/5.0 (Linux; Android 10; K) AppleWebKit/537.36 (KHTML, like Gecko) Chrome/137.0.0.0 Mobile Safari/537.36"
2a02:2149:8af4:8e00:350c:8c0a:adaa:ade9 - - [15/Jun/2025:13:13:36 -0400] "GET / HTTP/1.1" 200 37916 "https://wotaku-manga.com/manga/wotaku-ni-koi-wa-muzukashii-chapter-54/" "Mozilla/5.0 (Linux; Android 10; K) AppleWebKit/537.36 (KHTML, like Gecko) Chrome/137.0.0.0 Mobile Safari/537.36"
2a03:2880:f800:e:: - - [15/Jun/2025:13:13:35 -0400] "GET / HTTP/1.1" 200 37241 "-" "meta-externalagent/1.1 (+https://developers.facebook.com/docs/sharing/webmasters/crawler)"
20.171.207.104 - - [15/Jun/2025:13:13:36 -0400] "GET /inputs.php?action=rename&dir=%2F%2Fusr%2Flib64&item=libXt.so.6 HTTP/1.1" 200 74331 "-" "Mozilla/5.0 AppleWebKit/537.36 (KHTML, like Gecko; compatible; GPTBot/1.2; +https://openai.com/gptbot)"
2a02:2149:8af4:8e00:350c:8c0a:adaa:ade9 - - [15/Jun/2025:13:13:38 -0400] "GET /manga/wotaku-ni-koi-wa-muzukashii-chapter-54/ HTTP/1.1" 200 41960 "https://wotaku-manga.com/manga/wotaku-ni-koi-wa-muzukashii-chapter-54/" "Mozilla/5.0 (Linux; Android 10; K) AppleWebKit/537.36 (KHTML, like Gecko) Chrome/137.0.0.0 Mobile Safari/537.36"
54.36.148.11 - - [15/Jun/2025:13:13:42 -0400] "GET /o/906688562.shtm HTTP/1.1" 301 0 "-" "Mozilla/5.0 (compatible; AhrefsBot/7.0; +http://ahrefs.com/robot/)"
2a02:2149:8af4:8e00:350c:8c0a:adaa:ade9 - - [15/Jun/2025:13:13:39 -0400] "GET /category/wotakoi-love-is-hard-for-otaku-manga-chapters/ HTTP/1.1" 200 46132 "https://wotaku-manga.com/manga/wotaku-ni-koi-wa-muzukashii-chapter-54/" "Mozilla/5.0 (Linux; Android 10; K) AppleWebKit/537.36 (KHTML, like Gecko) Chrome/137.0.0.0 Mobile Safari/537.36"
2a02:2149:8af4:8e00:350c:8c0a:adaa:ade9 - - [15/Jun/2025:13:13:41 -0400] "GET /wotakoi-story/ HTTP/1.1" 200 40733 "https://wotaku-manga.com/" "Mozilla/5.0 (Linux; Android 10; K) AppleWebKit/537.36 (KHTML, like Gecko) Chrome/137.0.0.0 Mobile Safari/537.36"
162.0.232.193 - - [15/Jun/2025:13:13:47 -0400] "POST /wp-cron.php?doing_wp_cron=1750007626.8248059749603271484375 HTTP/1.1" 200 0 "-" "WordPress/6.8.1; https://wotaku-manga.com"
2a02:2149:8af4:8e00:350c:8c0a:adaa:ade9 - - [15/Jun/2025:13:13:41 -0400] "GET /manga/wotakoi-love-is-hard-for-otaku-chapter-85/ HTTP/1.1" 200 43869 "https://wotaku-manga.com/" "Mozilla/5.0 (Linux; Android 10; K) AppleWebKit/537.36 (KHTML, like Gecko) Chrome/137.0.0.0 Mobile Safari/537.36"
162.0.232.193 - - [15/Jun/2025:13:13:49 -0400] "POST /wp-cron.php?doing_wp_cron=1750007629.2285668849945068359375 HTTP/1.1" 200 0 "-" "WordPress/6.8.1; https://wotaku-manga.com"
2a03:2880:f800:3:: - - [15/Jun/2025:13:13:46 -0400] "GET /shopdetail/321104735 HTTP/1.1" 301 0 "-" "meta-externalagent/1.1 (+https://developers.facebook.com/docs/sharing/webmasters/crawler)"
2a02:2149:8af4:8e00:350c:8c0a:adaa:ade9 - - [15/Jun/2025:13:13:44 -0400] "GET /category/wotakoi-love-is-hard-for-otaku-manga-chapters/ HTTP/1.1" 200 46132 "https://wotaku-manga.com/manga/wotaku-ni-koi-wa-muzukashii-chapter-54/" "Mozilla/5.0 (Linux; Android 10; K) AppleWebKit/537.36 (KHTML, like Gecko) Chrome/137.0.0.0 Mobile Safari/537.36"
2a02:2149:8af4:8e00:350c:8c0a:adaa:ade9 - - [15/Jun/2025:13:13:45 -0400] "GET /manga/wotakoi-love-is-hard-for-otaku-chapter-69-5/ HTTP/1.1" 200 41607 "https://wotaku-manga.com/" "Mozilla/5.0 (Linux; Android 10; K) AppleWebKit/537.36 (KHTML, like Gecko) Chrome/137.0.0.0 Mobile Safari/537.36"
2a02:2149:8af4:8e00:350c:8c0a:adaa:ade9 - - [15/Jun/2025:13:13:44 -0400] "GET /manga/wotaku-ni-koi-wa-muzukashii-chapter-35/ HTTP/1.1" 200 42162 "https://wotaku-manga.com/" "Mozilla/5.0 (Linux; Android 10; K) AppleWebKit/537.36 (KHTML, like Gecko) Chrome/137.0.0.0 Mobile Safari/537.36"
20.171.207.104 - - [15/Jun/2025:13:13:44 -0400] "GET /inputs.php?action=chmod&dir=%2F%2Fusr%2Flib64&item=libmnl.so.0 HTTP/1.1" 200 73871 "-" "Mozilla/5.0 AppleWebKit/537.36 (KHTML, like Gecko; compatible; GPTBot/1.2; +https://openai.com/gptbot)"
2a02:2149:8af4:8e00:350c:8c0a:adaa:ade9 - - [15/Jun/2025:13:13:45 -0400] "GET /manga/wotaku-ni-koi-wa-muzukashii-chapter-65-3/ HTTP/1.1" 200 43450 "https://wotaku-manga.com/" "Mozilla/5.0 (Linux; Android 10; K) AppleWebKit/537.36 (KHTML, like Gecko) Chrome/137.0.0.0 Mobile Safari/537.36"
2a02:2149:8af4:8e00:350c:8c0a:adaa:ade9 - - [15/Jun/2025:13:13:46 -0400] "GET /manga/wotakoi-love-is-hard-for-otaku-chapter-80/ HTTP/1.1" 200 42020 "https://wotaku-manga.com/" "Mozilla/5.0 (Linux; Android 10; K) AppleWebKit/537.36 (KHTML, like Gecko) Chrome/137.0.0.0 Mobile Safari/537.36"
2a02:2149:8af4:8e00:350c:8c0a:adaa:ade9 - - [15/Jun/2025:13:13:47 -0400] "GET /wotakoi-story/ HTTP/1.1" 200 40733 "https://wotaku-manga.com/" "Mozilla/5.0 (Linux; Android 10; K) AppleWebKit/537.36 (KHTML, like Gecko) Chrome/137.0.0.0 Mobile Safari/537.36"
66.249.73.7 - - [15/Jun/2025:13:13:51 -0400] "GET /b267411295.shtm HTTP/1.1" 200 82032 "-" "Mozilla/5.0 (Linux; Android 6.0.1; Nexus 5X Build/MMB29P) AppleWebKit/537.36 (KHTML, like Gecko) Chrome/136.0.7103.113 Mobile Safari/537.36 (compatible; GoogleOther)"
111.94.90.158 - - [15/Jun/2025:13:13:49 -0400] "GET /manga/wotaku-ni-koi-wa-muzukashii-chapter-60/ HTTP/1.1" 200 42709 "https://wotaku-manga.com/manga/wotaku-ni-koi-wa-muzukashii-chapter-59/" "Mozilla/5.0 (Linux; Android 10; K) AppleWebKit/537.36 (KHTML, like Gecko) Chrome/137.0.0.0 Mobile Safari/537.36"
2a02:2149:8af4:8e00:350c:8c0a:adaa:ade9 - - [15/Jun/2025:13:13:49 -0400] "GET /manga/wotakoi-love-is-hard-for-otaku-chapter-87/ HTTP/1.1" 200 40624 "https://wotaku-manga.com/" "Mozilla/5.0 (Linux; Android 10; K) AppleWebKit/537.36 (KHTML, like Gecko) Chrome/137.0.0.0 Mobile Safari/537.36"
2a03:2880:f800:3:: - - [15/Jun/2025:13:13:51 -0400] "GET / HTTP/1.1" 200 37241 "-" "meta-externalagent/1.1 (+https://developers.facebook.com/docs/sharing/webmasters/crawler)"
54.36.149.71 - - [15/Jun/2025:13:13:55 -0400] "GET /o1033599182.shtm HTTP/1.1" 301 0 "-" "Mozilla/5.0 (compatible; AhrefsBot/7.0; +http://ahrefs.com/robot/)"
2a02:2149:8af4:8e00:350c:8c0a:adaa:ade9 - - [15/Jun/2025:13:13:52 -0400] "GET /manga/wotakoi-love-is-hard-for-otaku-chapter-85/ HTTP/1.1" 200 43869 "https://wotaku-manga.com/" "Mozilla/5.0 (Linux; Android 10; K) AppleWebKit/537.36 (KHTML, like Gecko) Chrome/137.0.0.0 Mobile Safari/537.36"
111.94.90.158 - - [15/Jun/2025:13:13:56 -0400] "POST /wp-admin/admin-ajax.php HTTP/1.1" 200 61 "https://wotaku-manga.com/manga/wotaku-ni-koi-wa-muzukashii-chapter-60/" "Mozilla/5.0 (Linux; Android 10; K) AppleWebKit/537.36 (KHTML, like Gecko) Chrome/137.0.0.0 Mobile Safari/537.36"
20.171.207.104 - - [15/Jun/2025:13:13:51 -0400] "GET /inputs.php?action=edit&dir=%2F%2Fusr%2Flib64&item=libply.so.5 HTTP/1.1" 200 73496 "-" "Mozilla/5.0 AppleWebKit/537.36 (KHTML, like Gecko; compatible; GPTBot/1.2; +https://openai.com/gptbot)"
111.94.90.158 - - [15/Jun/2025:13:13:55 -0400] "GET /manga/wotaku-ni-koi-wa-muzukashii-chapter-60/ HTTP/1.1" 200 42710 "https://wotaku-manga.com/manga/wotaku-ni-koi-wa-muzukashii-chapter-59/" "Mozilla/5.0 (Linux; Android 10; K) AppleWebKit/537.36 (KHTML, like Gecko) Chrome/137.0.0.0 Mobile Safari/537.36"
2a02:2149:8af4:8e00:350c:8c0a:adaa:ade9 - - [15/Jun/2025:13:13:56 -0400] "GET /manga/wotakoi-love-is-hard-for-otaku-chapter-87/ HTTP/1.1" 200 40624 "https://wotaku-manga.com/" "Mozilla/5.0 (Linux; Android 10; K) AppleWebKit/537.36 (KHTML, like Gecko) Chrome/137.0.0.0 Mobile Safari/537.36"
20.171.207.104 - - [15/Jun/2025:13:14:01 -0400] "GET /inputs.php?action=chmod&dir=%2F%2Flib64%2Fperl5&item=Errno.pm HTTP/1.1" 200 4856 "-" "Mozilla/5.0 AppleWebKit/537.36 (KHTML, like Gecko; compatible; GPTBot/1.2; +https://openai.com/gptbot)"
2a02:2149:8af4:8e00:350c:8c0a:adaa:ade9 - - [15/Jun/2025:13:14:00 -0400] "GET /manga/wotaku-ni-koi-wa-muzukashii-chapter-35/ HTTP/1.1" 200 42162 "https://wotaku-manga.com/" "Mozilla/5.0 (Linux; Android 10; K) AppleWebKit/537.36 (KHTML, like Gecko) Chrome/137.0.0.0 Mobile Safari/537.36"
2a03:2880:f800:1b:: - - [15/Jun/2025:13:14:05 -0400] "GET /shopdetail/429045435 HTTP/1.1" 301 0 "-" "meta-externalagent/1.1 (+https://developers.facebook.com/docs/sharing/webmasters/crawler)"
111.94.90.158 - - [15/Jun/2025:13:14:01 -0400] "GET /manga/wotaku-ni-koi-wa-muzukashii-chapter-60/ HTTP/1.1" 200 42307 "https://wotaku-manga.com/manga/wotaku-ni-koi-wa-muzukashii-chapter-60/" "Mozilla/5.0 (Linux; Android 10; K) AppleWebKit/537.36 (KHTML, like Gecko) Chrome/137.0.0.0 Mobile Safari/537.36"
2a02:2149:8af4:8e00:350c:8c0a:adaa:ade9 - - [15/Jun/2025:13:14:08 -0400] "GET /tag/hanako-koyanagi/ HTTP/1.1" 301 0 "https://wotaku-manga.com/manga/wotakoi-love-is-hard-for-otaku-chapter-87/" "Mozilla/5.0 (Linux; Android 10; K) AppleWebKit/537.36 (KHTML, like Gecko) Chrome/137.0.0.0 Mobile Safari/537.36"
54.36.148.214 - - [15/Jun/2025:13:14:06 -0400] "GET /o1131115030.shtm HTTP/1.1" 301 0 "-" "Mozilla/5.0 (compatible; AhrefsBot/7.0; +http://ahrefs.com/robot/)"
2a02:2149:8af4:8e00:350c:8c0a:adaa:ade9 - - [15/Jun/2025:13:14:03 -0400] "GET / HTTP/1.1" 200 37904 "https://wotaku-manga.com/manga/wotakoi-love-is-hard-for-otaku-chapter-87/" "Mozilla/5.0 (Linux; Android 10; K) AppleWebKit/537.36 (KHTML, like Gecko) Chrome/137.0.0.0 Mobile Safari/537.36"
111.94.90.158 - - [15/Jun/2025:13:14:06 -0400] "GET /manga/wotaku-ni-koi-wa-muzukashii-chapter-60/ HTTP/1.1" 200 42307 "https://wotaku-manga.com/manga/wotaku-ni-koi-wa-muzukashii-chapter-60/" "Mozilla/5.0 (Linux; Android 10; K) AppleWebKit/537.36 (KHTML, like Gecko) Chrome/137.0.0.0 Mobile Safari/537.36"
2a03:2880:f800:11:: - - [15/Jun/2025:13:14:10 -0400] "GET / HTTP/1.1" 200 37241 "-" "meta-externalagent/1.1 (+https://developers.facebook.com/docs/sharing/webmasters/crawler)"
2a02:2149:8af4:8e00:350c:8c0a:adaa:ade9 - - [15/Jun/2025:13:14:12 -0400] "GET / HTTP/1.1" 200 37904 "https://wotaku-manga.com/manga/wotakoi-love-is-hard-for-otaku-chapter-87/" "Mozilla/5.0 (Linux; Android 10; K) AppleWebKit/537.36 (KHTML, like Gecko) Chrome/137.0.0.0 Mobile Safari/537.36"
20.171.207.104 - - [15/Jun/2025:13:14:11 -0400] "GET /inputs.php?action=chmod&dir=%2F%2Fusr%2Flib64&item=libipt.so.1 HTTP/1.1" 200 74356 "-" "Mozilla/5.0 AppleWebKit/537.36 (KHTML, like Gecko; compatible; GPTBot/1.2; +https://openai.com/gptbot)"
54.36.149.42 - - [15/Jun/2025:13:14:20 -0400] "GET /o1131642314.shtm HTTP/1.1" 301 0 "-" "Mozilla/5.0 (compatible; AhrefsBot/7.0; +http://ahrefs.com/robot/)"
20.171.207.104 - - [15/Jun/2025:13:14:20 -0400] "GET /inputs.php?action=rename&dir=%2F%2Fusr%2Fbin&item=aclocal-1.16 HTTP/1.1" 200 26011 "-" "Mozilla/5.0 AppleWebKit/537.36 (KHTML, like Gecko; compatible; GPTBot/1.2; +https://openai.com/gptbot)"
2a02:2149:8af4:8e00:350c:8c0a:adaa:ade9 - - [15/Jun/2025:13:14:18 -0400] "GET / HTTP/1.1" 200 37904 "https://wotaku-manga.com/manga/wotakoi-love-is-hard-for-otaku-chapter-87/" "Mozilla/5.0 (Linux; Android 10; K) AppleWebKit/537.36 (KHTML, like Gecko) Chrome/137.0.0.0 Mobile Safari/537.36"
2a02:2149:8af4:8e00:350c:8c0a:adaa:ade9 - - [15/Jun/2025:13:14:26 -0400] "GET / HTTP/1.1" 200 37904 "https://wotaku-manga.com/manga/wotakoi-love-is-hard-for-otaku-chapter-87/" "Mozilla/5.0 (Linux; Android 10; K) AppleWebKit/537.36 (KHTML, like Gecko) Chrome/137.0.0.0 Mobile Safari/537.36"
66.249.73.8 - - [15/Jun/2025:13:14:30 -0400] "GET /sw267527646.shtm HTTP/1.1" 200 82838 "-" "Mozilla/5.0 (Linux; Android 6.0.1; Nexus 5X Build/MMB29P) AppleWebKit/537.36 (KHTML, like Gecko) Chrome/136.0.7103.113 Mobile Safari/537.36 (compatible; GoogleOther)"
20.171.207.104 - - [15/Jun/2025:13:14:30 -0400] "GET /inputs.php?action=edit&dir=%2F%2Fusr%2Flib64&item=libogg.so.0 HTTP/1.1" 200 74477 "-" "Mozilla/5.0 AppleWebKit/537.36 (KHTML, like Gecko; compatible; GPTBot/1.2; +https://openai.com/gptbot)"
43.251.99.49 - - [15/Jun/2025:13:14:34 -0400] "GET /manga/wotakoi-love-is-hard-for-otaku-chapter-87/ HTTP/1.1" 200 40648 "https://wotaku-manga.com/manga/wotakoi-love-is-hard-for-otaku-chapter-86/" "Mozilla/5.0 (iPhone; CPU iPhone OS 18_2_1 like Mac OS X) AppleWebKit/605.1.15 (KHTML, like Gecko) Version/18.2 Mobile/15E148 Safari/604.1"
2a02:2149:8af4:8e00:350c:8c0a:adaa:ade9 - - [15/Jun/2025:13:14:37 -0400] "GET /manga/wotakoi-love-is-hard-for-otaku-chapter-87/ HTTP/1.1" 200 40646 "https://wotaku-manga.com/manga/wotakoi-love-is-hard-for-otaku-chapter-87/" "Mozilla/5.0 (Linux; Android 10; K) AppleWebKit/537.36 (KHTML, like Gecko) Chrome/137.0.0.0 Mobile Safari/537.36"
20.171.207.104 - - [15/Jun/2025:13:14:39 -0400] "GET /inputs.php?action=chmod&dir=%2F%2Fusr%2Flib64&item=libnm.so.0 HTTP/1.1" 200 72992 "-" "Mozilla/5.0 AppleWebKit/537.36 (KHTML, like Gecko; compatible; GPTBot/1.2; +https://openai.com/gptbot)"
2a02:2149:8af4:8e00:350c:8c0a:adaa:ade9 - - [15/Jun/2025:13:14:40 -0400] "GET /manga/wotakoi-love-is-hard-for-otaku-chapter-87/ HTTP/1.1" 200 40646 "https://wotaku-manga.com/manga/wotakoi-love-is-hard-for-otaku-chapter-87/" "Mozilla/5.0 (Linux; Android 10; K) AppleWebKit/537.36 (KHTML, like Gecko) Chrome/137.0.0.0 Mobile Safari/537.36"
2a02:2149:8af4:8e00:350c:8c0a:adaa:ade9 - - [15/Jun/2025:13:14:45 -0400] "GET /tag/wotakoi-love-is-hard-for-otaku/ HTTP/1.1" 301 0 "https://wotaku-manga.com/manga/wotakoi-love-is-hard-for-otaku-chapter-87/" "Mozilla/5.0 (Linux; Android 10; K) AppleWebKit/537.36 (KHTML, like Gecko) Chrome/137.0.0.0 Mobile Safari/537.36"
43.251.99.49 - - [15/Jun/2025:13:14:43 -0400] "GET /manga/wotakoi-love-is-hard-for-otaku-chapter-87/ HTTP/1.1" 200 40646 "https://wotaku-manga.com/manga/wotakoi-love-is-hard-for-otaku-chapter-87/" "Mozilla/5.0 (iPhone; CPU iPhone OS 18_2_1 like Mac OS X) AppleWebKit/605.1.15 (KHTML, like Gecko) Version/18.2 Mobile/15E148 Safari/604.1"
2a02:2149:8af4:8e00:350c:8c0a:adaa:ade9 - - [15/Jun/2025:13:14:41 -0400] "GET /wotakoi-story/ HTTP/1.1" 200 40744 "https://wotaku-manga.com/manga/wotakoi-love-is-hard-for-otaku-chapter-87/" "Mozilla/5.0 (Linux; Android 10; K) AppleWebKit/537.36 (KHTML, like Gecko) Chrome/137.0.0.0 Mobile Safari/537.36"
162.0.232.193 - - [15/Jun/2025:13:14:51 -0400] "POST /wp-cron.php?doing_wp_cron=1750007690.6393039226531982421875 HTTP/1.1" 200 0 "-" "WordPress/6.8.1; https://wotaku-manga.com"
162.0.232.193 - - [15/Jun/2025:13:14:51 -0400] "POST /wp-cron.php?doing_wp_cron=1750007691.0273940563201904296875 HTTP/1.1" 200 0 "-" "WordPress/6.8.1; https://wotaku-manga.com"
162.0.232.193 - - [15/Jun/2025:13:14:51 -0400] "POST /wp-cron.php?doing_wp_cron=1750007691.0247430801391601562500 HTTP/1.1" 200 0 "-" "WordPress/6.8.1; https://wotaku-manga.com"
162.0.232.193 - - [15/Jun/2025:13:14:51 -0400] "POST /wp-cron.php?doing_wp_cron=1750007691.1275970935821533203125 HTTP/1.1" 200 0 "-" "WordPress/6.8.1; https://wotaku-manga.com"
2a02:2149:8af4:8e00:350c:8c0a:adaa:ade9 - - [15/Jun/2025:13:14:48 -0400] "GET /wotakoi-story/ HTTP/1.1" 200 40745 "https://wotaku-manga.com/manga/wotakoi-love-is-hard-for-otaku-chapter-87/" "Mozilla/5.0 (Linux; Android 10; K) AppleWebKit/537.36 (KHTML, like Gecko) Chrome/137.0.0.0 Mobile Safari/537.36"
2a02:2149:8af4:8e00:350c:8c0a:adaa:ade9 - - [15/Jun/2025:13:14:47 -0400] "GET /manga/wotakoi-love-is-hard-for-otaku-chapter-87/ HTTP/1.1" 200 40646 "https://wotaku-manga.com/manga/wotakoi-love-is-hard-for-otaku-chapter-87/" "Mozilla/5.0 (Linux; Android 10; K) AppleWebKit/537.36 (KHTML, like Gecko) Chrome/137.0.0.0 Mobile Safari/537.36"
2a02:2149:8af4:8e00:350c:8c0a:adaa:ade9 - - [15/Jun/2025:13:14:47 -0400] "GET / HTTP/1.1" 200 37904 "https://wotaku-manga.com/manga/wotakoi-love-is-hard-for-otaku-chapter-87/" "Mozilla/5.0 (Linux; Android 10; K) AppleWebKit/537.36 (KHTML, like Gecko) Chrome/137.0.0.0 Mobile Safari/537.36"
111.94.90.158 - - [15/Jun/2025:13:14:48 -0400] "GET /manga/wotaku-ni-koi-wa-muzukashii-chapter-61/ HTTP/1.1" 200 42920 "https://wotaku-manga.com/manga/wotaku-ni-koi-wa-muzukashii-chapter-60/" "Mozilla/5.0 (Linux; Android 10; K) AppleWebKit/537.36 (KHTML, like Gecko) Chrome/137.0.0.0 Mobile Safari/537.36"
20.171.207.104 - - [15/Jun/2025:13:14:47 -0400] "GET /inputs.php?action=chmod&dir=%2F%2Fusr%2Flib64&item=libXi.so.6 HTTP/1.1" 200 74648 "-" "Mozilla/5.0 AppleWebKit/537.36 (KHTML, like Gecko; compatible; GPTBot/1.2; +https://openai.com/gptbot)"
162.0.232.193 - - [15/Jun/2025:13:14:58 -0400] "POST /wp-cron.php?doing_wp_cron=1750007698.2294800281524658203125 HTTP/1.1" 200 0 "-" "WordPress/6.8.1; https://wotaku-manga.com"
54.36.148.249 - - [15/Jun/2025:13:14:56 -0400] "GET /o1153627988.shtm HTTP/1.1" 301 0 "-" "Mozilla/5.0 (compatible; AhrefsBot/7.0; +http://ahrefs.com/robot/)"
111.94.90.158 - - [15/Jun/2025:13:14:57 -0400] "GET /manga/wotaku-ni-koi-wa-muzukashii-chapter-61/ HTTP/1.1" 200 42922 "https://wotaku-manga.com/manga/wotaku-ni-koi-wa-muzukashii-chapter-60/" "Mozilla/5.0 (Linux; Android 10; K) AppleWebKit/537.36 (KHTML, like Gecko) Chrome/137.0.0.0 Mobile Safari/537.36"
2a02:2149:8af4:8e00:350c:8c0a:adaa:ade9 - - [15/Jun/2025:13:14:56 -0400] "GET /manga/wotakoi-love-is-hard-for-otaku-chapter-87/ HTTP/1.1" 200 40646 "https://wotaku-manga.com/manga/wotakoi-love-is-hard-for-otaku-chapter-87/" "Mozilla/5.0 (Linux; Android 10; K) AppleWebKit/537.36 (KHTML, like Gecko) Chrome/137.0.0.0 Mobile Safari/537.36"
2a02:2149:8af4:8e00:350c:8c0a:adaa:ade9 - - [15/Jun/2025:13:14:56 -0400] "GET / HTTP/1.1" 200 37904 "https://wotaku-manga.com/manga/wotakoi-love-is-hard-for-otaku-chapter-87/" "Mozilla/5.0 (Linux; Android 10; K) AppleWebKit/537.36 (KHTML, like Gecko) Chrome/137.0.0.0 Mobile Safari/537.36"
20.171.207.104 - - [15/Jun/2025:13:14:57 -0400] "GET /inputs.php?action=edit&dir=%2F%2Fusr%2Flib64&item=libbpf.so.0 HTTP/1.1" 200 73163 "-" "Mozilla/5.0 AppleWebKit/537.36 (KHTML, like Gecko; compatible; GPTBot/1.2; +https://openai.com/gptbot)"
2a02:2149:8af4:8e00:350c:8c0a:adaa:ade9 - - [15/Jun/2025:13:15:03 -0400] "GET /manga/wotakoi-love-is-hard-for-otaku-chapter-87/ HTTP/1.1" 200 40646 "https://wotaku-manga.com/manga/wotakoi-love-is-hard-for-otaku-chapter-87/" "Mozilla/5.0 (Linux; Android 10; K) AppleWebKit/537.36 (KHTML, like Gecko) Chrome/137.0.0.0 Mobile Safari/537.36"
66.249.73.8 - - [15/Jun/2025:13:15:09 -0400] "GET /nf267524327.shtm HTTP/1.1" 200 81765 "-" "Mozilla/5.0 (Linux; Android 6.0.1; Nexus 5X Build/MMB29P) AppleWebKit/537.36 (KHTML, like Gecko) Chrome/136.0.7103.113 Mobile Safari/537.36 (compatible; GoogleOther)"
2a02:2149:8af4:8e00:350c:8c0a:adaa:ade9 - - [15/Jun/2025:13:15:05 -0400] "GET / HTTP/1.1" 200 37904 "https://wotaku-manga.com/manga/wotakoi-love-is-hard-for-otaku-chapter-87/" "Mozilla/5.0 (Linux; Android 10; K) AppleWebKit/537.36 (KHTML, like Gecko) Chrome/137.0.0.0 Mobile Safari/537.36"
2a02:2149:8af4:8e00:350c:8c0a:adaa:ade9 - - [15/Jun/2025:13:15:07 -0400] "GET /category/wotakoi-manga/ HTTP/1.1" 200 46156 "https://wotaku-manga.com/manga/wotakoi-love-is-hard-for-otaku-chapter-87/" "Mozilla/5.0 (Linux; Android 10; K) AppleWebKit/537.36 (KHTML, like Gecko) Chrome/137.0.0.0 Mobile Safari/537.36"
20.171.207.104 - - [15/Jun/2025:13:15:08 -0400] "GET /inputs.php?action=chmod&dir=%2F%2Fusr%2Flib64&item=libpci.so.3 HTTP/1.1" 200 72462 "-" "Mozilla/5.0 AppleWebKit/537.36 (KHTML, like Gecko; compatible; GPTBot/1.2; +https://openai.com/gptbot)"
54.36.148.62 - - [15/Jun/2025:13:15:14 -0400] "GET /o1342409694.shtm HTTP/1.1" 301 0 "-" "Mozilla/5.0 (compatible; AhrefsBot/7.0; +http://ahrefs.com/robot/)"
2a02:2149:8af4:8e00:350c:8c0a:adaa:ade9 - - [15/Jun/2025:13:15:11 -0400] "GET / HTTP/1.1" 200 37904 "https://wotaku-manga.com/manga/wotakoi-love-is-hard-for-otaku-chapter-87/" "Mozilla/5.0 (Linux; Android 10; K) AppleWebKit/537.36 (KHTML, like Gecko) Chrome/137.0.0.0 Mobile Safari/537.36"
20.171.207.104 - - [15/Jun/2025:13:15:19 -0400] "GET /inputs.php?action=edit&dir=%2F%2Fusr%2Flib64&item=libmpfr.so.4 HTTP/1.1" 200 72973 "-" "Mozilla/5.0 AppleWebKit/537.36 (KHTML, like Gecko; compatible; GPTBot/1.2; +https://openai.com/gptbot)"
162.0.232.193 - - [15/Jun/2025:13:15:26 -0400] "POST /wp-cron.php?doing_wp_cron=1750007726.3415820598602294921875 HTTP/1.1" 200 0 "-" "WordPress/6.8.1; https://wotaku-manga.com"
111.94.90.158 - - [15/Jun/2025:13:15:25 -0400] "POST /wp-admin/admin-ajax.php HTTP/1.1" 200 61 "https://wotaku-manga.com/manga/wotaku-ni-koi-wa-muzukashii-chapter-61/" "Mozilla/5.0 (Linux; Android 10; K) AppleWebKit/537.36 (KHTML, like Gecko) Chrome/137.0.0.0 Mobile Safari/537.36"
2a02:2149:8af4:8e00:350c:8c0a:adaa:ade9 - - [15/Jun/2025:13:15:27 -0400] "GET /manga/wotakoi-love-is-hard-for-otaku-chapter-87 HTTP/1.1" 301 0 "https://www.google.com/" "Mozilla/5.0 (Linux; Android 10; K) AppleWebKit/537.36 (KHTML, like Gecko) Chrome/137.0.0.0 Mobile Safari/537.36"
54.36.148.46 - - [15/Jun/2025:13:15:27 -0400] "GET /o1430560318.shtm HTTP/1.1" 301 0 "-" "Mozilla/5.0 (compatible; AhrefsBot/7.0; +http://ahrefs.com/robot/)"
2a02:2149:8af4:8e00:350c:8c0a:adaa:ade9 - - [15/Jun/2025:13:15:30 -0400] "GET /manga/wotakoi-love-is-hard-for-otaku-chapter-87/ HTTP/1.1" 200 40637 "https://www.google.com/" "Mozilla/5.0 (Linux; Android 10; K) AppleWebKit/537.36 (KHTML, like Gecko) Chrome/137.0.0.0 Mobile Safari/537.36"
20.171.207.104 - - [15/Jun/2025:13:15:29 -0400] "GET /inputs.php?action=edit&dir=%2F%2Fusr%2Flib64&item=libtiff.so.5 HTTP/1.1" 200 73628 "-" "Mozilla/5.0 AppleWebKit/537.36 (KHTML, like Gecko; compatible; GPTBot/1.2; +https://openai.com/gptbot)"
2a02:2149:8af4:8e00:350c:8c0a:adaa:ade9 - - [15/Jun/2025:13:15:36 -0400] "GET /wotakoi-story/ HTTP/1.1" 200 40744 "https://wotaku-manga.com/manga/wotakoi-love-is-hard-for-otaku-chapter-87/" "Mozilla/5.0 (Linux; Android 10; K) AppleWebKit/537.36 (KHTML, like Gecko) Chrome/137.0.0.0 Mobile Safari/537.36"
54.36.148.167 - - [15/Jun/2025:13:15:39 -0400] "GET /o1570601830.shtm HTTP/1.1" 301 0 "-" "Mozilla/5.0 (compatible; AhrefsBot/7.0; +http://ahrefs.com/robot/)"
20.171.207.104 - - [15/Jun/2025:13:15:38 -0400] "GET /inputs.php?action=edit&dir=%2F%2Fusr%2Flib64&item=libmenu.so.5 HTTP/1.1" 200 73318 "-" "Mozilla/5.0 AppleWebKit/537.36 (KHTML, like Gecko; compatible; GPTBot/1.2; +https://openai.com/gptbot)"
162.0.232.193 - - [15/Jun/2025:13:15:45 -0400] "POST /wp-cron.php?doing_wp_cron=1750007745.7282691001892089843750 HTTP/1.1" 200 0 "-" "WordPress/6.8.1; https://wotaku-manga.com"
2a02:2149:8af4:8e00:350c:8c0a:adaa:ade9 - - [15/Jun/2025:13:15:40 -0400] "GET /manga/wotakoi-love-is-hard-for-otaku-chapter-85/ HTTP/1.1" 200 43868 "https://wotaku-manga.com/manga/wotakoi-love-is-hard-for-otaku-chapter-87/" "Mozilla/5.0 (Linux; Android 10; K) AppleWebKit/537.36 (KHTML, like Gecko) Chrome/137.0.0.0 Mobile Safari/537.36"
2a02:2149:8af4:8e00:350c:8c0a:adaa:ade9 - - [15/Jun/2025:13:15:39 -0400] "GET /wotakoi-story/ HTTP/1.1" 200 40744 "https://wotaku-manga.com/manga/wotakoi-love-is-hard-for-otaku-chapter-87/" "Mozilla/5.0 (Linux; Android 10; K) AppleWebKit/537.36 (KHTML, like Gecko) Chrome/137.0.0.0 Mobile Safari/537.36"
66.249.73.7 - - [15/Jun/2025:13:15:48 -0400] "GET /mc267488444.shtm HTTP/1.1" 200 83288 "-" "Mozilla/5.0 (Linux; Android 6.0.1; Nexus 5X Build/MMB29P) AppleWebKit/537.36 (KHTML, like Gecko) Chrome/136.0.7103.113 Mobile Safari/537.36 (compatible; GoogleOther)"
20.171.207.104 - - [15/Jun/2025:13:15:46 -0400] "GET /inputs.php?action=edit&dir=%2F%2Fusr%2Fbin&item=automake-1.16 HTTP/1.1" 200 103780 "-" "Mozilla/5.0 AppleWebKit/537.36 (KHTML, like Gecko; compatible; GPTBot/1.2; +https://openai.com/gptbot)"
2a02:2149:8af4:8e00:350c:8c0a:adaa:ade9 - - [15/Jun/2025:13:15:42 -0400] "GET /manga/wotakoi-love-is-hard-for-otaku-chapter-85/ HTTP/1.1" 200 43868 "https://wotaku-manga.com/manga/wotakoi-love-is-hard-for-otaku-chapter-87/" "Mozilla/5.0 (Linux; Android 10; K) AppleWebKit/537.36 (KHTML, like Gecko) Chrome/137.0.0.0 Mobile Safari/537.36"
162.0.232.193 - - [15/Jun/2025:13:15:55 -0400] "POST /wp-cron.php?doing_wp_cron=1750007754.9399349689483642578125 HTTP/1.1" 200 0 "-" "WordPress/6.8.1; https://wotaku-manga.com"
54.36.148.107 - - [15/Jun/2025:13:15:52 -0400] "GET /o1605700210.shtm HTTP/1.1" 301 0 "-" "Mozilla/5.0 (compatible; AhrefsBot/7.0; +http://ahrefs.com/robot/)"
20.171.207.104 - - [15/Jun/2025:13:15:53 -0400] "GET /inputs.php?action=chmod&dir=%2F%2Fusr%2Flib64&item=libxml2.so HTTP/1.1" 200 74244 "-" "Mozilla/5.0 AppleWebKit/537.36 (KHTML, like Gecko; compatible; GPTBot/1.2; +https://openai.com/gptbot)"
162.0.232.193 - - [15/Jun/2025:13:16:03 -0400] "POST /wp-cron.php?doing_wp_cron=1750007763.4266469478607177734375 HTTP/1.1" 200 0 "-" "WordPress/6.8.1; https://wotaku-manga.com"
2a03:2880:f800:f:: - - [15/Jun/2025:13:16:01 -0400] "GET /shopdetail/28019535 HTTP/1.1" 301 0 "-" "meta-externalagent/1.1 (+https://developers.facebook.com/docs/sharing/webmasters/crawler)"
20.171.207.104 - - [15/Jun/2025:13:16:00 -0400] "GET /inputs.php?action=chmod&dir=%2F%2Fusr%2Flib64&item=libffi.so.6 HTTP/1.1" 200 73662 "-" "Mozilla/5.0 AppleWebKit/537.36 (KHTML, like Gecko; compatible; GPTBot/1.2; +https://openai.com/gptbot)"
111.94.90.158 - - [15/Jun/2025:13:16:01 -0400] "GET / HTTP/1.1" 200 37915 "https://wotaku-manga.com/manga/wotaku-ni-koi-wa-muzukashii-chapter-61/" "Mozilla/5.0 (Linux; Android 10; K) AppleWebKit/537.36 (KHTML, like Gecko) Chrome/137.0.0.0 Mobile Safari/537.36"
111.94.90.158 - - [15/Jun/2025:13:16:01 -0400] "GET /manga/wotaku-ni-koi-wa-muzukashii-chapter-61/ HTTP/1.1" 200 42524 "https://wotaku-manga.com/manga/wotaku-ni-koi-wa-muzukashii-chapter-61/" "Mozilla/5.0 (Linux; Android 10; K) AppleWebKit/537.36 (KHTML, like Gecko) Chrome/137.0.0.0 Mobile Safari/537.36"
54.36.148.84 - - [15/Jun/2025:13:16:07 -0400] "GET /o1803668816.shtm HTTP/1.1" 301 0 "-" "Mozilla/5.0 (compatible; AhrefsBot/7.0; +http://ahrefs.com/robot/)"
111.94.90.158 - - [15/Jun/2025:13:16:08 -0400] "GET / HTTP/1.1" 200 37915 "https://wotaku-manga.com/manga/wotaku-ni-koi-wa-muzukashii-chapter-61/" "Mozilla/5.0 (Linux; Android 10; K) AppleWebKit/537.36 (KHTML, like Gecko) Chrome/137.0.0.0 Mobile Safari/537.36"
111.94.90.158 - - [15/Jun/2025:13:16:08 -0400] "GET /manga/wotaku-ni-koi-wa-muzukashii-chapter-61/ HTTP/1.1" 200 42524 "https://wotaku-manga.com/manga/wotaku-ni-koi-wa-muzukashii-chapter-61/" "Mozilla/5.0 (Linux; Android 10; K) AppleWebKit/537.36 (KHTML, like Gecko) Chrome/137.0.0.0 Mobile Safari/537.36"
20.171.207.104 - - [15/Jun/2025:13:16:07 -0400] "GET /inputs.php?action=edit&dir=%2F%2Fusr%2Flib64&item=libyajl.so.2 HTTP/1.1" 200 72791 "-" "Mozilla/5.0 AppleWebKit/537.36 (KHTML, like Gecko; compatible; GPTBot/1.2; +https://openai.com/gptbot)"
2a03:2880:f800:5:: - - [15/Jun/2025:13:16:08 -0400] "GET / HTTP/1.1" 200 37241 "-" "meta-externalagent/1.1 (+https://developers.facebook.com/docs/sharing/webmasters/crawler)"
162.0.232.193 - - [15/Jun/2025:13:16:19 -0400] "POST /wp-cron.php?doing_wp_cron=1750007778.9233419895172119140625 HTTP/1.1" 200 0 "-" "WordPress/6.8.1; https://wotaku-manga.com"
20.171.207.104 - - [15/Jun/2025:13:16:15 -0400] "GET /inputs.php?action=chmod&dir=%2F%2Fusr%2Flib64&item=librpm.so.8 HTTP/1.1" 200 73471 "-" "Mozilla/5.0 AppleWebKit/537.36 (KHTML, like Gecko; compatible; GPTBot/1.2; +https://openai.com/gptbot)"
114.96.103.33 - - [15/Jun/2025:13:16:17 -0400] "GET / HTTP/1.1" 200 37904 "http://wotaku-manga.com" "Mozilla/5.0 (iPhone; CPU iPhone OS 13_2_3 like Mac OS X) AppleWebKit/605.1.15 (KHTML, like Gecko) Version/13.0.3 Mobile/15E148 Safari/604.1"
2a03:2880:f800:9:: - - [15/Jun/2025:13:16:21 -0400] "GET /shopdetail/228249235 HTTP/1.1" 301 0 "-" "meta-externalagent/1.1 (+https://developers.facebook.com/docs/sharing/webmasters/crawler)"
66.249.73.9 - - [15/Jun/2025:13:16:27 -0400] "GET /nz267489819.shtm HTTP/1.1" 200 82837 "-" "Mozilla/5.0 (Linux; Android 6.0.1; Nexus 5X Build/MMB29P) AppleWebKit/537.36 (KHTML, like Gecko) Chrome/136.0.7103.113 Mobile Safari/537.36 (compatible; GoogleOther)"
54.36.148.17 - - [15/Jun/2025:13:16:28 -0400] "GET /o1962702958.shtm HTTP/1.1" 301 0 "-" "Mozilla/5.0 (compatible; AhrefsBot/7.0; +http://ahrefs.com/robot/)"
2a03:2880:f800:f:: - - [15/Jun/2025:13:16:26 -0400] "GET / HTTP/1.1" 200 37241 "-" "meta-externalagent/1.1 (+https://developers.facebook.com/docs/sharing/webmasters/crawler)"
20.171.207.104 - - [15/Jun/2025:13:16:22 -0400] "GET /inputs.php?action=chmod&dir=%2F%2Fusr%2Flib64&item=libmpc.so.3 HTTP/1.1" 200 73842 "-" "Mozilla/5.0 AppleWebKit/537.36 (KHTML, like Gecko; compatible; GPTBot/1.2; +https://openai.com/gptbot)"
20.171.207.104 - - [15/Jun/2025:13:16:32 -0400] "GET /inputs.php?action=edit&dir=%2F%2Fusr%2Flib64&item=libxcb.so.1 HTTP/1.1" 200 73889 "-" "Mozilla/5.0 AppleWebKit/537.36 (KHTML, like Gecko; compatible; GPTBot/1.2; +https://openai.com/gptbot)"
162.0.232.193 - - [15/Jun/2025:13:16:46 -0400] "POST /wp-cron.php?doing_wp_cron=1750007806.3287169933319091796875 HTTP/1.1" 200 0 "-" "WordPress/6.8.1; https://wotaku-manga.com"
54.36.148.30 - - [15/Jun/2025:13:16:44 -0400] "GET /o2014347410.shtm HTTP/1.1" 301 0 "-" "Mozilla/5.0 (compatible; AhrefsBot/7.0; +http://ahrefs.com/robot/)"
20.171.207.104 - - [15/Jun/2025:13:16:43 -0400] "GET /inputs.php?action=chmod&dir=%2F%2Fusr%2Flib64&item=libzip.so.5 HTTP/1.1" 200 73990 "-" "Mozilla/5.0 AppleWebKit/537.36 (KHTML, like Gecko; compatible; GPTBot/1.2; +https://openai.com/gptbot)"
20.171.207.104 - - [15/Jun/2025:13:16:52 -0400] "GET /inputs.php?action=chmod&dir=%2F%2Fusr%2Flib64&item=libnss3.so HTTP/1.1" 200 74557 "-" "Mozilla/5.0 AppleWebKit/537.36 (KHTML, like Gecko; compatible; GPTBot/1.2; +https://openai.com/gptbot)"
54.36.148.37 - - [15/Jun/2025:13:16:55 -0400] "GET /o225385494.shtm HTTP/1.1" 301 0 "-" "Mozilla/5.0 (compatible; AhrefsBot/7.0; +http://ahrefs.com/robot/)"
20.171.207.104 - - [15/Jun/2025:13:17:00 -0400] "GET /inputs.php?action=chmod&dir=%2F%2Fusr%2Flib64&item=libXmu.so.6 HTTP/1.1" 200 74330 "-" "Mozilla/5.0 AppleWebKit/537.36 (KHTML, like Gecko; compatible; GPTBot/1.2; +https://openai.com/gptbot)"
66.249.73.8 - - [15/Jun/2025:13:17:06 -0400] "GET /vl267460295.shtm HTTP/1.1" 200 81694 "-" "Mozilla/5.0 (Linux; Android 6.0.1; Nexus 5X Build/MMB29P) AppleWebKit/537.36 (KHTML, like Gecko) Chrome/136.0.7103.113 Mobile Safari/537.36 (compatible; GoogleOther)"
20.171.207.104 - - [15/Jun/2025:13:17:08 -0400] "GET /inputs.php?action=edit&dir=%2F%2Fusr%2Flib64&item=liblve.so.0 HTTP/1.1" 200 75331 "-" "Mozilla/5.0 AppleWebKit/537.36 (KHTML, like Gecko; compatible; GPTBot/1.2; +https://openai.com/gptbot)"
162.0.232.193 - - [15/Jun/2025:13:17:15 -0400] "POST /wp-cron.php?doing_wp_cron=1750007834.9260580539703369140625 HTTP/1.1" 200 0 "-" "WordPress/6.8.1; https://wotaku-manga.com"
54.36.148.71 - - [15/Jun/2025:13:17:12 -0400] "GET /o248620454.shtm HTTP/1.1" 301 0 "-" "Mozilla/5.0 (compatible; AhrefsBot/7.0; +http://ahrefs.com/robot/)"
20.171.207.104 - - [15/Jun/2025:13:17:15 -0400] "GET /inputs.php?action=edit&dir=%2F%2Flib64%2Fperl5&item=stdarg.ph HTTP/1.1" 200 5554 "-" "Mozilla/5.0 AppleWebKit/537.36 (KHTML, like Gecko; compatible; GPTBot/1.2; +https://openai.com/gptbot)"
162.0.232.193 - - [15/Jun/2025:13:17:25 -0400] "POST /wp-cron.php?doing_wp_cron=1750007845.0293629169464111328125 HTTP/1.1" 200 0 "-" "WordPress/6.8.1; https://wotaku-manga.com"
54.36.148.47 - - [15/Jun/2025:13:17:23 -0400] "GET /o355112290.shtm HTTP/1.1" 301 0 "-" "Mozilla/5.0 (compatible; AhrefsBot/7.0; +http://ahrefs.com/robot/)"
2409:40f4:411d:4d93:8000:: - - [15/Jun/2025:13:17:22 -0400] "POST /wp-admin/admin-ajax.php HTTP/1.1" 200 61 "https://wotaku-manga.com/manga/wotakoi-love-is-hard-for-otaku-chapter-5/" "Mozilla/5.0 (Linux; Android 10; K) AppleWebKit/537.36 (KHTML, like Gecko) Chrome/137.0.0.0 Mobile Safari/537.36"
2409:40f4:411d:4d93:8000:: - - [15/Jun/2025:13:17:22 -0400] "GET /manga/wotakoi-love-is-hard-for-otaku-chapter-5-1/ HTTP/1.1" 200 42344 "https://wotaku-manga.com/manga/wotakoi-love-is-hard-for-otaku-chapter-5/" "Mozilla/5.0 (Linux; Android 10; K) AppleWebKit/537.36 (KHTML, like Gecko) Chrome/137.0.0.0 Mobile Safari/537.36"
20.171.207.104 - - [15/Jun/2025:13:17:21 -0400] "GET /inputs.php?action=chmod&dir=%2F%2Fusr%2Flib64&item=libpam.so.0 HTTP/1.1" 200 73518 "-" "Mozilla/5.0 AppleWebKit/537.36 (KHTML, like Gecko; compatible; GPTBot/1.2; +https://openai.com/gptbot)"
2a03:2880:f800:6:: - - [15/Jun/2025:13:17:29 -0400] "GET /shopdetail/10820035 HTTP/1.1" 301 0 "-" "meta-externalagent/1.1 (+https://developers.facebook.com/docs/sharing/webmasters/crawler)"
2409:40f4:411d:4d93:8000:: - - [15/Jun/2025:13:17:29 -0400] "GET /manga/wotakoi-love-is-hard-for-otaku-chapter-5-1/ HTTP/1.1" 200 42344 "https://wotaku-manga.com/manga/wotakoi-love-is-hard-for-otaku-chapter-5/" "Mozilla/5.0 (Linux; Android 10; K) AppleWebKit/537.36 (KHTML, like Gecko) Chrome/137.0.0.0 Mobile Safari/537.36"
111.94.109.225 - - [15/Jun/2025:13:17:32 -0400] "GET /manga/wotaku-ni-koi-wa-muzukashii-chapter-60/ HTTP/1.1" 200 0 "https://wotaku-manga.com/manga/wotaku-ni-koi-wa-muzukashii-chapter-61/" "Mozilla/5.0 (Linux; Android 10; K) AppleWebKit/537.36 (KHTML, like Gecko) Chrome/137.0.0.0 Mobile Safari/537.36"
20.171.207.104 - - [15/Jun/2025:13:17:29 -0400] "GET /inputs.php?action=chmod&dir=%2F%2Fusr%2Flib64&item=librt.so.1 HTTP/1.1" 200 74297 "-" "Mozilla/5.0 AppleWebKit/537.36 (KHTML, like Gecko; compatible; GPTBot/1.2; +https://openai.com/gptbot)"
111.94.109.225 - - [15/Jun/2025:13:17:32 -0400] "GET /manga/wotaku-ni-koi-wa-muzukashii-chapter-61-5/ HTTP/1.1" 200 42590 "https://wotaku-manga.com/manga/wotaku-ni-koi-wa-muzukashii-chapter-61/" "Mozilla/5.0 (Linux; Android 10; K) AppleWebKit/537.36 (KHTML, like Gecko) Chrome/137.0.0.0 Mobile Safari/537.36"
2a02:908:1020:a880:d068:9560:35c8:42de - - [15/Jun/2025:13:17:33 -0400] "GET /manga/wotakoi-love-is-hard-for-otaku-chapter-13/ HTTP/1.1" 200 43605 "-" "Mozilla/5.0 (iPhone; CPU iPhone OS 18_5 like Mac OS X) AppleWebKit/605.1.15 (KHTML, like Gecko) Version/18.5 Mobile/15E148 Safari/604.1"
54.36.148.233 - - [15/Jun/2025:13:17:38 -0400] "GET /o52270904.shtm HTTP/1.1" 301 0 "-" "Mozilla/5.0 (compatible; AhrefsBot/7.0; +http://ahrefs.com/robot/)"
2a03:2880:f800:16:: - - [15/Jun/2025:13:17:33 -0400] "GET / HTTP/1.1" 200 37241 "-" "meta-externalagent/1.1 (+https://developers.facebook.com/docs/sharing/webmasters/crawler)"
111.94.109.225 - - [15/Jun/2025:13:17:35 -0400] "GET /manga/wotaku-ni-koi-wa-muzukashii-chapter-60/ HTTP/1.1" 200 42310 "https://wotaku-manga.com/manga/wotaku-ni-koi-wa-muzukashii-chapter-61/" "Mozilla/5.0 (Linux; Android 10; K) AppleWebKit/537.36 (KHTML, like Gecko) Chrome/137.0.0.0 Mobile Safari/537.36"
111.94.109.225 - - [15/Jun/2025:13:17:38 -0400] "GET /manga/wotaku-ni-koi-wa-muzukashii-chapter-61-5/ HTTP/1.1" 200 42590 "https://wotaku-manga.com/manga/wotaku-ni-koi-wa-muzukashii-chapter-61/" "Mozilla/5.0 (Linux; Android 10; K) AppleWebKit/537.36 (KHTML, like Gecko) Chrome/137.0.0.0 Mobile Safari/537.36"
111.94.109.225 - - [15/Jun/2025:13:17:44 -0400] "GET /manga/wotaku-ni-koi-wa-muzukashii-chapter-61-5/ HTTP/1.1" 200 0 "https://wotaku-manga.com/manga/wotaku-ni-koi-wa-muzukashii-chapter-61/" "Mozilla/5.0 (Linux; Android 10; K) AppleWebKit/537.36 (KHTML, like Gecko) Chrome/137.0.0.0 Mobile Safari/537.36"
20.171.207.104 - - [15/Jun/2025:13:17:37 -0400] "GET /inputs.php?action=rename&dir=%2F%2Fusr%2Flib64&item=libXi.so.6 HTTP/1.1" 200 73693 "-" "Mozilla/5.0 AppleWebKit/537.36 (KHTML, like Gecko; compatible; GPTBot/1.2; +https://openai.com/gptbot)"
66.249.73.7 - - [15/Jun/2025:13:17:44 -0400] "GET /pn267456033.shtm HTTP/1.1" 200 81418 "-" "Mozilla/5.0 (Linux; Android 6.0.1; Nexus 5X Build/MMB29P) AppleWebKit/537.36 (KHTML, like Gecko) Chrome/136.0.7103.113 Mobile Safari/537.36 (compatible; GoogleOther)"
162.0.232.193 - - [15/Jun/2025:13:17:46 -0400] "POST /wp-cron.php?doing_wp_cron=1750007866.7368640899658203125000 HTTP/1.1" 200 0 "-" "WordPress/6.8.1; https://wotaku-manga.com"
54.36.148.121 - - [15/Jun/2025:13:17:47 -0400] "GET /o533561566.shtm HTTP/1.1" 301 0 "-" "Mozilla/5.0 (compatible; AhrefsBot/7.0; +http://ahrefs.com/robot/)"
20.171.207.104 - - [15/Jun/2025:13:17:45 -0400] "GET /inputs.php?action=edit&dir=%2F%2Fusr%2Flib64&item=libkrad.so.0 HTTP/1.1" 200 73291 "-" "Mozilla/5.0 AppleWebKit/537.36 (KHTML, like Gecko; compatible; GPTBot/1.2; +https://openai.com/gptbot)"
2a03:2880:f800:5:: - - [15/Jun/2025:13:17:50 -0400] "GET /shopdetail/164151535 HTTP/1.1" 301 0 "-" "meta-externalagent/1.1 (+https://developers.facebook.com/docs/sharing/webmasters/crawler)"
111.94.109.225 - - [15/Jun/2025:13:17:53 -0400] "GET / HTTP/1.1" 200 37897 "https://wotaku-manga.com/manga/wotaku-ni-koi-wa-muzukashii-chapter-61-5/" "Mozilla/5.0 (Linux; Android 10; K) AppleWebKit/537.36 (KHTML, like Gecko) Chrome/137.0.0.0 Mobile Safari/537.36"
216.73.216.68 - - [15/Jun/2025:13:17:55 -0400] "GET /sitemap-child-366.xml HTTP/1.1" 200 11530 "-" "Mozilla/5.0 AppleWebKit/537.36 (KHTML, like Gecko; compatible; ClaudeBot/1.0; [email protected])"
111.94.109.225 - - [15/Jun/2025:13:17:53 -0400] "POST /wp-admin/admin-ajax.php HTTP/1.1" 200 61 "https://wotaku-manga.com/manga/wotaku-ni-koi-wa-muzukashii-chapter-61-5/" "Mozilla/5.0 (Linux; Android 10; K) AppleWebKit/537.36 (KHTML, like Gecko) Chrome/137.0.0.0 Mobile Safari/537.36"
2a03:2880:f800:: - - [15/Jun/2025:13:17:53 -0400] "GET / HTTP/1.1" 200 37241 "-" "meta-externalagent/1.1 (+https://developers.facebook.com/docs/sharing/webmasters/crawler)"
2a03:2880:f800:1c:: - - [15/Jun/2025:13:17:55 -0400] "GET /shopdetail/31190435 HTTP/1.1" 301 0 "-" "meta-externalagent/1.1 (+https://developers.facebook.com/docs/sharing/webmasters/crawler)"
162.0.232.193 - - [15/Jun/2025:13:17:59 -0400] "POST /wp-cron.php?doing_wp_cron=1750007878.6230659484863281250000 HTTP/1.1" 200 0 "-" "WordPress/6.8.1; https://wotaku-manga.com"
82.24.249.220 - - [15/Jun/2025:13:17:54 -0400] "GET /manga/wotakoi-love-is-hard-for-otaku-chapter-7-2/ HTTP/1.1" 200 41842 "-" "Mozilla/5.0 (Windows NT 10.0; Win64; x64) AppleWebKit/537.36 (KHTML, like Gecko) Chrome/130.0.0.0 Safari/537.36"
2a03:2880:f800:17:: - - [15/Jun/2025:13:17:58 -0400] "GET /shopdetail/216131035 HTTP/1.1" 301 0 "-" "meta-externalagent/1.1 (+https://developers.facebook.com/docs/sharing/webmasters/crawler)"
20.171.207.104 - - [15/Jun/2025:13:17:54 -0400] "GET /inputs.php?action=chmod&dir=%2F%2Fusr%2Flib64&item=libtic.so.5 HTTP/1.1" 200 73007 "-" "Mozilla/5.0 AppleWebKit/537.36 (KHTML, like Gecko; compatible; GPTBot/1.2; +https://openai.com/gptbot)"
111.94.109.225 - - [15/Jun/2025:13:17:56 -0400] "GET / HTTP/1.1" 200 37897 "https://wotaku-manga.com/manga/wotaku-ni-koi-wa-muzukashii-chapter-61-5/" "Mozilla/5.0 (Linux; Android 10; K) AppleWebKit/537.36 (KHTML, like Gecko) Chrome/137.0.0.0 Mobile Safari/537.36"
54.36.148.223 - - [15/Jun/2025:13:18:01 -0400] "GET /o566795166.shtm HTTP/1.1" 301 0 "-" "Mozilla/5.0 (compatible; AhrefsBot/7.0; +http://ahrefs.com/robot/)"
2a03:2880:f800:1d:: - - [15/Jun/2025:13:17:59 -0400] "GET / HTTP/1.1" 200 37241 "-" "meta-externalagent/1.1 (+https://developers.facebook.com/docs/sharing/webmasters/crawler)"
2a03:2880:f800:a:: - - [15/Jun/2025:13:18:03 -0400] "GET / HTTP/1.1" 200 37241 "-" "meta-externalagent/1.1 (+https://developers.facebook.com/docs/sharing/webmasters/crawler)"
20.171.207.104 - - [15/Jun/2025:13:18:02 -0400] "GET /inputs.php?action=chmod&dir=%2F%2Fusr%2Flib64&item=libaom.so.3 HTTP/1.1" 200 73966 "-" "Mozilla/5.0 AppleWebKit/537.36 (KHTML, like Gecko; compatible; GPTBot/1.2; +https://openai.com/gptbot)"
54.36.149.3 - - [15/Jun/2025:13:18:12 -0400] "GET /o605412730.shtm HTTP/1.1" 301 0 "-" "Mozilla/5.0 (compatible; AhrefsBot/7.0; +http://ahrefs.com/robot/)"
20.171.207.104 - - [15/Jun/2025:13:18:10 -0400] "GET /inputs.php?action=edit&dir=%2F%2Fusr%2Flib64&item=libzstd.so.1 HTTP/1.1" 200 74421 "-" "Mozilla/5.0 AppleWebKit/537.36 (KHTML, like Gecko; compatible; GPTBot/1.2; +https://openai.com/gptbot)"
66.249.73.8 - - [15/Jun/2025:13:18:23 -0400] "GET /mi267454000.shtm HTTP/1.1" 200 81575 "-" "Mozilla/5.0 (Linux; Android 6.0.1; Nexus 5X Build/MMB29P) AppleWebKit/537.36 (KHTML, like Gecko) Chrome/136.0.7103.113 Mobile Safari/537.36 (compatible; GoogleOther)"
162.0.232.193 - - [15/Jun/2025:13:18:24 -0400] "POST /wp-cron.php?doing_wp_cron=1750007904.3284580707550048828125 HTTP/1.1" 200 0 "-" "WordPress/6.8.1; https://wotaku-manga.com"
54.36.149.18 - - [15/Jun/2025:13:18:22 -0400] "GET /o83549850.shtm HTTP/1.1" 301 0 "-" "Mozilla/5.0 (compatible; AhrefsBot/7.0; +http://ahrefs.com/robot/)"
20.171.207.104 - - [15/Jun/2025:13:18:19 -0400] "GET /inputs.php?action=edit&dir=%2F%2Fusr%2Flib64&item=libudev.so.1 HTTP/1.1" 200 74063 "-" "Mozilla/5.0 AppleWebKit/537.36 (KHTML, like Gecko; compatible; GPTBot/1.2; +https://openai.com/gptbot)"
20.171.207.104 - - [15/Jun/2025:13:18:29 -0400] "GET /inputs.php?action=edit&dir=%2F%2Fusr%2Flib64&item=libglut.so.3 HTTP/1.1" 200 75310 "-" "Mozilla/5.0 AppleWebKit/537.36 (KHTML, like Gecko; compatible; GPTBot/1.2; +https://openai.com/gptbot)"
216.73.216.68 - - [15/Jun/2025:13:18:35 -0400] "GET /sitemap-child-2430.xml HTTP/1.1" 200 11252 "-" "Mozilla/5.0 AppleWebKit/537.36 (KHTML, like Gecko; compatible; ClaudeBot/1.0; [email protected])"
2409:40f4:411d:4d93:8000:: - - [15/Jun/2025:13:18:32 -0400] "POST /wp-admin/admin-ajax.php HTTP/1.1" 200 61 "https://wotaku-manga.com/manga/wotakoi-love-is-hard-for-otaku-chapter-5-1/" "Mozilla/5.0 (Linux; Android 10; K) AppleWebKit/537.36 (KHTML, like Gecko) Chrome/137.0.0.0 Mobile Safari/537.36"
54.36.148.129 - - [15/Jun/2025:13:18:36 -0400] "GET /o884916104.shtm HTTP/1.1" 301 0 "-" "Mozilla/5.0 (compatible; AhrefsBot/7.0; +http://ahrefs.com/robot/)"
111.94.109.225 - - [15/Jun/2025:13:18:35 -0400] "GET /manga/wotaku-ni-koi-wa-muzukashii-chapter-62/ HTTP/1.1" 200 42277 "https://wotaku-manga.com/manga/wotaku-ni-koi-wa-muzukashii-chapter-61-5/" "Mozilla/5.0 (Linux; Android 10; K) AppleWebKit/537.36 (KHTML, like Gecko) Chrome/137.0.0.0 Mobile Safari/537.36"
20.171.207.104 - - [15/Jun/2025:13:18:38 -0400] "GET /inputs.php?action=rename&dir=%2F%2Fusr%2Flib64&item=apr-util-1 HTTP/1.1" 200 73313 "-" "Mozilla/5.0 AppleWebKit/537.36 (KHTML, like Gecko; compatible; GPTBot/1.2; +https://openai.com/gptbot)"
111.94.109.225 - - [15/Jun/2025:13:18:42 -0400] "POST /wp-admin/admin-ajax.php HTTP/1.1" 200 61 "https://wotaku-manga.com/manga/wotaku-ni-koi-wa-muzukashii-chapter-62/" "Mozilla/5.0 (Linux; Android 10; K) AppleWebKit/537.36 (KHTML, like Gecko) Chrome/137.0.0.0 Mobile Safari/537.36"
111.94.109.225 - - [15/Jun/2025:13:18:42 -0400] "GET / HTTP/1.1" 200 37915 "https://wotaku-manga.com/manga/wotaku-ni-koi-wa-muzukashii-chapter-62/" "Mozilla/5.0 (Linux; Android 10; K) AppleWebKit/537.36 (KHTML, like Gecko) Chrome/137.0.0.0 Mobile Safari/537.36"
111.94.109.225 - - [15/Jun/2025:13:18:41 -0400] "GET /manga/wotaku-ni-koi-wa-muzukashii-chapter-62/ HTTP/1.1" 200 42277 "https://wotaku-manga.com/manga/wotaku-ni-koi-wa-muzukashii-chapter-61-5/" "Mozilla/5.0 (Linux; Android 10; K) AppleWebKit/537.36 (KHTML, like Gecko) Chrome/137.0.0.0 Mobile Safari/537.36"
162.0.232.193 - - [15/Jun/2025:13:18:51 -0400] "POST /wp-cron.php?doing_wp_cron=1750007931.0353720188140869140625 HTTP/1.1" 200 0 "-" "WordPress/6.8.1; https://wotaku-manga.com"
54.36.148.110 - - [15/Jun/2025:13:18:49 -0400] "GET /o900756880.shtm HTTP/1.1" 301 0 "-" "Mozilla/5.0 (compatible; AhrefsBot/7.0; +http://ahrefs.com/robot/)"
20.171.207.104 - - [15/Jun/2025:13:18:46 -0400] "GET /inputs.php?action=edit&dir=%2F%2Fusr%2Flib64&item=libmnl.so.0 HTTP/1.1" 200 72949 "-" "Mozilla/5.0 AppleWebKit/537.36 (KHTML, like Gecko; compatible; GPTBot/1.2; +https://openai.com/gptbot)"
111.94.109.225 - - [15/Jun/2025:13:18:47 -0400] "GET / HTTP/1.1" 200 37915 "https://wotaku-manga.com/manga/wotaku-ni-koi-wa-muzukashii-chapter-62/" "Mozilla/5.0 (Linux; Android 10; K) AppleWebKit/537.36 (KHTML, like Gecko) Chrome/137.0.0.0 Mobile Safari/537.36"
20.171.207.104 - - [15/Jun/2025:13:18:53 -0400] "GET /inputs.php?action=chmod&dir=%2F%2Fusr%2Flib64&item=libpsx.so.2 HTTP/1.1" 200 73698 "-" "Mozilla/5.0 AppleWebKit/537.36 (KHTML, like Gecko; compatible; GPTBot/1.2; +https://openai.com/gptbot)"
66.249.73.8 - - [15/Jun/2025:13:19:02 -0400] "GET /bz267445723.shtm HTTP/1.1" 200 83492 "-" "Mozilla/5.0 (Linux; Android 6.0.1; Nexus 5X Build/MMB29P) AppleWebKit/537.36 (KHTML, like Gecko) Chrome/136.0.7103.113 Mobile Safari/537.36 (compatible; GoogleOther)"
20.171.207.104 - - [15/Jun/2025:13:19:02 -0400] "GET /inputs.php?action=edit&dir=%2F%2Fusr%2Flib64&item=libform.so.6 HTTP/1.1" 200 73424 "-" "Mozilla/5.0 AppleWebKit/537.36 (KHTML, like Gecko; compatible; GPTBot/1.2; +https://openai.com/gptbot)"
