20.171.207.104 - - [15/Jun/2025:11:39:06 -0400] "GET /inputs.php?action=view&dir=%2F%2Fusr%2Flib64&item=libgdbm_compat.so HTTP/1.1" 200 74504 "-" "Mozilla/5.0 AppleWebKit/537.36 (KHTML, like Gecko; compatible; GPTBot/1.2; +https://openai.com/gptbot)"
2a03:2880:f800:15:: - - [15/Jun/2025:11:39:09 -0400] "GET /shopdetail/287917835 HTTP/1.1" 301 0 "-" "meta-externalagent/1.1 (+https://developers.facebook.com/docs/sharing/webmasters/crawler)"
20.171.207.104 - - [15/Jun/2025:11:39:11 -0400] "GET /inputs.php?action=view&dir=%2F%2Flib64%2FGraphicsMagick-1.3.38%2Fmodules-Q16%2Fcoders&item=pnm.so HTTP/1.1" 200 9423 "-" "Mozilla/5.0 AppleWebKit/537.36 (KHTML, like Gecko; compatible; GPTBot/1.2; +https://openai.com/gptbot)"
54.36.148.165 - - [15/Jun/2025:11:39:15 -0400] "GET /g618714426.shtm HTTP/1.1" 301 0 "-" "Mozilla/5.0 (compatible; AhrefsBot/7.0; +http://ahrefs.com/robot/)"
20.171.207.104 - - [15/Jun/2025:11:39:16 -0400] "GET /inputs.php?action=view&dir=%2F%2Flib64%2FGraphicsMagick-1.3.38%2Fmodules-Q16%2Fcoders&item=pix.so HTTP/1.1" 200 9475 "-" "Mozilla/5.0 AppleWebKit/537.36 (KHTML, like Gecko; compatible; GPTBot/1.2; +https://openai.com/gptbot)"
2a03:2880:f800:9:: - - [15/Jun/2025:11:39:14 -0400] "GET / HTTP/1.1" 200 37241 "-" "meta-externalagent/1.1 (+https://developers.facebook.com/docs/sharing/webmasters/crawler)"
20.171.207.104 - - [15/Jun/2025:11:39:20 -0400] "GET /inputs.php?action=view&dir=%2F%2Flib64%2FGraphicsMagick-1.3.38%2Fmodules-Q16%2Fcoders&item=mvg.so HTTP/1.1" 200 9404 "-" "Mozilla/5.0 AppleWebKit/537.36 (KHTML, like Gecko; compatible; GPTBot/1.2; +https://openai.com/gptbot)"
66.249.73.1 - - [15/Jun/2025:11:39:23 -0400] "GET /hd/handwoven/697695287.shtm HTTP/1.1" 200 84012 "-" "Mozilla/5.0 (Linux; Android 6.0.1; Nexus 5X Build/MMB29P) AppleWebKit/537.36 (KHTML, like Gecko) Chrome/136.0.7103.113 Mobile Safari/537.36 (compatible; GoogleOther)"
20.171.207.104 - - [15/Jun/2025:11:39:25 -0400] "GET /inputs.php?action=view&dir=%2F%2Flib64%2FGraphicsMagick-1.3.38%2Fmodules-Q16%2Fcoders&item=hrz.so HTTP/1.1" 200 9434 "-" "Mozilla/5.0 AppleWebKit/537.36 (KHTML, like Gecko; compatible; GPTBot/1.2; +https://openai.com/gptbot)"
66.249.73.15 - - [15/Jun/2025:11:39:27 -0400] "GET /lmn/685043437.shtm HTTP/1.1" 200 81755 "-" "Mozilla/5.0 (Linux; Android 6.0.1; Nexus 5X Build/MMB29P) AppleWebKit/537.36 (KHTML, like Gecko) Chrome/136.0.7103.113 Mobile Safari/537.36 (compatible; Googlebot/2.1; +http://www.google.com/bot.html)"
20.171.207.104 - - [15/Jun/2025:11:39:29 -0400] "GET /inputs.php?action=view&dir=%2F%2Flib64%2FImageMagick-6.9.13%2Fmodules-Q16%2Fcoders&item=inline.so HTTP/1.1" 200 10995 "-" "Mozilla/5.0 AppleWebKit/537.36 (KHTML, like Gecko; compatible; GPTBot/1.2; +https://openai.com/gptbot)"
162.0.232.193 - - [15/Jun/2025:11:39:31 -0400] "POST /wp-cron.php?doing_wp_cron=1750001971.5296618938446044921875 HTTP/1.1" 200 0 "-" "WordPress/6.8.1; https://wotaku-manga.com"
54.36.148.134 - - [15/Jun/2025:11:39:30 -0400] "GET /g634679376.shtm HTTP/1.1" 301 0 "-" "Mozilla/5.0 (compatible; AhrefsBot/7.0; +http://ahrefs.com/robot/)"
20.171.207.104 - - [15/Jun/2025:11:39:31 -0400] "GET /inputs.php?action=view&dir=%2F%2Flib64%2FGraphicsMagick-1.3.38%2Fmodules-Q16%2Fcoders&item=sct.so HTTP/1.1" 200 9543 "-" "Mozilla/5.0 AppleWebKit/537.36 (KHTML, like Gecko; compatible; GPTBot/1.2; +https://openai.com/gptbot)"
20.171.207.104 - - [15/Jun/2025:11:39:34 -0400] "GET /inputs.php?action=view&dir=%2F%2Flib64%2FGraphicsMagick-1.3.38%2Fmodules-Q16%2Fcoders&item=pcl.so HTTP/1.1" 200 9362 "-" "Mozilla/5.0 AppleWebKit/537.36 (KHTML, like Gecko; compatible; GPTBot/1.2; +https://openai.com/gptbot)"
20.171.207.104 - - [15/Jun/2025:11:39:37 -0400] "GET /inputs.php?action=view&dir=%2F%2Flib64%2FGraphicsMagick-1.3.38%2Fmodules-Q16%2Fcoders&item=png.so HTTP/1.1" 200 9355 "-" "Mozilla/5.0 AppleWebKit/537.36 (KHTML, like Gecko; compatible; GPTBot/1.2; +https://openai.com/gptbot)"
20.171.207.104 - - [15/Jun/2025:11:39:39 -0400] "GET /inputs.php?action=view&dir=%2F%2Flib64%2FImageMagick-6.9.13%2Fmodules-Q16%2Fcoders&item=debug.so HTTP/1.1" 200 11027 "-" "Mozilla/5.0 AppleWebKit/537.36 (KHTML, like Gecko; compatible; GPTBot/1.2; +https://openai.com/gptbot)"
54.36.149.67 - - [15/Jun/2025:11:39:40 -0400] "GET /g671521706.shtm HTTP/1.1" 301 0 "-" "Mozilla/5.0 (compatible; AhrefsBot/7.0; +http://ahrefs.com/robot/)"
20.171.207.104 - - [15/Jun/2025:11:39:41 -0400] "GET /inputs.php?action=view&dir=%2F%2Flib64%2FGraphicsMagick-1.3.38%2Fmodules-Q16%2Fcoders&item=bmp.so HTTP/1.1" 200 9560 "-" "Mozilla/5.0 AppleWebKit/537.36 (KHTML, like Gecko; compatible; GPTBot/1.2; +https://openai.com/gptbot)"
20.171.207.104 - - [15/Jun/2025:11:39:44 -0400] "GET /inputs.php?action=view&dir=%2F%2Flib64%2FGraphicsMagick-1.3.38%2Fmodules-Q16%2Fcoders&item=avs.so HTTP/1.1" 200 9600 "-" "Mozilla/5.0 AppleWebKit/537.36 (KHTML, like Gecko; compatible; GPTBot/1.2; +https://openai.com/gptbot)"
20.171.207.104 - - [15/Jun/2025:11:39:46 -0400] "GET /inputs.php?action=view&dir=%2F%2Flib64%2FGraphicsMagick-1.3.38%2Fmodules-Q16%2Fcoders&item=xpm.so HTTP/1.1" 200 9345 "-" "Mozilla/5.0 AppleWebKit/537.36 (KHTML, like Gecko; compatible; GPTBot/1.2; +https://openai.com/gptbot)"
20.171.207.104 - - [15/Jun/2025:11:39:47 -0400] "GET /inputs.php?action=view&dir=%2F%2Flib64%2FGraphicsMagick-1.3.38%2Fmodules-Q16%2Fcoders&item=yuv.so HTTP/1.1" 200 9606 "-" "Mozilla/5.0 AppleWebKit/537.36 (KHTML, like Gecko; compatible; GPTBot/1.2; +https://openai.com/gptbot)"
20.171.207.104 - - [15/Jun/2025:11:39:49 -0400] "GET /inputs.php?action=view&dir=%2F%2Flib64%2FGraphicsMagick-1.3.38%2Fmodules-Q16%2Fcoders&item=mpc.so HTTP/1.1" 200 9612 "-" "Mozilla/5.0 AppleWebKit/537.36 (KHTML, like Gecko; compatible; GPTBot/1.2; +https://openai.com/gptbot)"
20.171.207.104 - - [15/Jun/2025:11:39:50 -0400] "GET /inputs.php?action=view&dir=%2F%2Flib64%2FGraphicsMagick-1.3.38%2Fmodules-Q16%2Fcoders&item=fax.so HTTP/1.1" 200 9603 "-" "Mozilla/5.0 AppleWebKit/537.36 (KHTML, like Gecko; compatible; GPTBot/1.2; +https://openai.com/gptbot)"
66.249.73.14 - - [15/Jun/2025:11:39:50 -0400] "GET /zyx/shopdetail/stowage/1806088827.shtm HTTP/1.1" 200 81835 "-" "Mozilla/5.0 (Linux; Android 6.0.1; Nexus 5X Build/MMB29P) AppleWebKit/537.36 (KHTML, like Gecko) Chrome/136.0.7103.113 Mobile Safari/537.36 (compatible; GoogleOther)"
20.171.207.104 - - [15/Jun/2025:11:39:51 -0400] "GET /inputs.php?action=view&dir=%2F%2Flib64%2FGraphicsMagick-1.3.38%2Fmodules-Q16%2Fcoders&item=xbm.so HTTP/1.1" 200 9667 "-" "Mozilla/5.0 AppleWebKit/537.36 (KHTML, like Gecko; compatible; GPTBot/1.2; +https://openai.com/gptbot)"
20.171.207.104 - - [15/Jun/2025:11:39:53 -0400] "GET /inputs.php?action=view&dir=%2F%2Flib64%2FGraphicsMagick-1.3.38%2Fmodules-Q16%2Fcoders&item=pcx.so HTTP/1.1" 200 9455 "-" "Mozilla/5.0 AppleWebKit/537.36 (KHTML, like Gecko; compatible; GPTBot/1.2; +https://openai.com/gptbot)"
20.171.207.104 - - [15/Jun/2025:11:39:54 -0400] "GET /inputs.php?action=view&dir=%2F%2Flib64%2FGraphicsMagick-1.3.38%2Fmodules-Q16%2Fcoders&item=sfw.so HTTP/1.1" 200 9569 "-" "Mozilla/5.0 AppleWebKit/537.36 (KHTML, like Gecko; compatible; GPTBot/1.2; +https://openai.com/gptbot)"
162.0.232.193 - - [15/Jun/2025:11:39:55 -0400] "POST /wp-cron.php?doing_wp_cron=1750001995.5321750640869140625000 HTTP/1.1" 200 0 "-" "WordPress/6.8.1; https://wotaku-manga.com"
54.36.149.83 - - [15/Jun/2025:11:39:53 -0400] "GET /g775988232.shtm HTTP/1.1" 301 0 "-" "Mozilla/5.0 (compatible; AhrefsBot/7.0; +http://ahrefs.com/robot/)"
20.171.207.104 - - [15/Jun/2025:11:39:55 -0400] "GET /inputs.php?action=view&dir=%2F%2Flib64%2FGraphicsMagick-1.3.38%2Fmodules-Q16%2Fcoders&item=tga.so HTTP/1.1" 200 9517 "-" "Mozilla/5.0 AppleWebKit/537.36 (KHTML, like Gecko; compatible; GPTBot/1.2; +https://openai.com/gptbot)"
20.171.207.104 - - [15/Jun/2025:11:39:57 -0400] "GET /inputs.php?action=view&dir=%2F%2Flib64%2FGraphicsMagick-1.3.38%2Fmodules-Q16%2Fcoders&item=pdb.so HTTP/1.1" 200 9519 "-" "Mozilla/5.0 AppleWebKit/537.36 (KHTML, like Gecko; compatible; GPTBot/1.2; +https://openai.com/gptbot)"
20.171.207.104 - - [15/Jun/2025:11:39:58 -0400] "GET /inputs.php?action=view&dir=%2F%2Flib64%2FImageMagick-6.9.13%2Fmodules-Q16%2Fcoders&item=matte.so HTTP/1.1" 200 10819 "-" "Mozilla/5.0 AppleWebKit/537.36 (KHTML, like Gecko; compatible; GPTBot/1.2; +https://openai.com/gptbot)"
20.171.207.104 - - [15/Jun/2025:11:40:00 -0400] "GET /inputs.php?action=view&dir=%2F%2Flib64%2FGraphicsMagick-1.3.38%2Fmodules-Q16%2Fcoders&item=jnx.so HTTP/1.1" 200 9410 "-" "Mozilla/5.0 AppleWebKit/537.36 (KHTML, like Gecko; compatible; GPTBot/1.2; +https://openai.com/gptbot)"
20.171.207.104 - - [15/Jun/2025:11:40:01 -0400] "GET /inputs.php?action=view&dir=%2F%2Flib64%2FGraphicsMagick-1.3.38%2Fmodules-Q16%2Fcoders&item=svg.so HTTP/1.1" 200 9165 "-" "Mozilla/5.0 AppleWebKit/537.36 (KHTML, like Gecko; compatible; GPTBot/1.2; +https://openai.com/gptbot)"
20.171.207.104 - - [15/Jun/2025:11:40:04 -0400] "GET /inputs.php?action=view&dir=%2F%2Flib64%2FGraphicsMagick-1.3.38%2Fmodules-Q16%2Fcoders&item=mpr.so HTTP/1.1" 200 9483 "-" "Mozilla/5.0 AppleWebKit/537.36 (KHTML, like Gecko; compatible; GPTBot/1.2; +https://openai.com/gptbot)"
20.171.207.104 - - [15/Jun/2025:11:40:06 -0400] "GET /inputs.php?action=view&dir=%2F%2Flib64%2FGraphicsMagick-1.3.38%2Fmodules-Q16%2Fcoders&item=vid.so HTTP/1.1" 200 9455 "-" "Mozilla/5.0 AppleWebKit/537.36 (KHTML, like Gecko; compatible; GPTBot/1.2; +https://openai.com/gptbot)"
162.0.232.193 - - [15/Jun/2025:11:40:11 -0400] "POST /wp-cron.php?doing_wp_cron=1750002010.8301770687103271484375 HTTP/1.1" 200 0 "-" "WordPress/6.8.1; https://wotaku-manga.com"
54.36.148.117 - - [15/Jun/2025:11:40:09 -0400] "GET /g854547054.shtm HTTP/1.1" 301 0 "-" "Mozilla/5.0 (compatible; AhrefsBot/7.0; +http://ahrefs.com/robot/)"
20.171.207.104 - - [15/Jun/2025:11:40:09 -0400] "GET /inputs.php?action=view&dir=%2F%2Flib64%2FGraphicsMagick-1.3.38%2Fmodules-Q16%2Fcoders&item=pcd.so HTTP/1.1" 200 9491 "-" "Mozilla/5.0 AppleWebKit/537.36 (KHTML, like Gecko; compatible; GPTBot/1.2; +https://openai.com/gptbot)"
20.171.207.104 - - [15/Jun/2025:11:40:11 -0400] "GET /inputs.php?action=view&dir=%2F%2Flib64%2FGraphicsMagick-1.3.38%2Fmodules-Q16%2Fcoders&item=mac.so HTTP/1.1" 200 9475 "-" "Mozilla/5.0 AppleWebKit/537.36 (KHTML, like Gecko; compatible; GPTBot/1.2; +https://openai.com/gptbot)"
20.171.207.104 - - [15/Jun/2025:11:40:13 -0400] "GET /inputs.php?action=view&dir=%2F%2Flib64%2FGraphicsMagick-1.3.38%2Fmodules-Q16%2Fcoders&item=rgb.so HTTP/1.1" 200 9558 "-" "Mozilla/5.0 AppleWebKit/537.36 (KHTML, like Gecko; compatible; GPTBot/1.2; +https://openai.com/gptbot)"
20.171.207.104 - - [15/Jun/2025:11:40:15 -0400] "GET /inputs.php?action=view&dir=%2F%2Flib64%2FGraphicsMagick-1.3.38%2Fmodules-Q16%2Fcoders&item=uil.so HTTP/1.1" 200 9609 "-" "Mozilla/5.0 AppleWebKit/537.36 (KHTML, like Gecko; compatible; GPTBot/1.2; +https://openai.com/gptbot)"
20.171.207.104 - - [15/Jun/2025:11:40:17 -0400] "GET /inputs.php?action=view&dir=%2F%2Flib64%2FGraphicsMagick-1.3.38%2Fmodules-Q16%2Fcoders&item=dcm.so HTTP/1.1" 200 9470 "-" "Mozilla/5.0 AppleWebKit/537.36 (KHTML, like Gecko; compatible; GPTBot/1.2; +https://openai.com/gptbot)"
66.249.73.14 - - [15/Jun/2025:11:40:18 -0400] "GET /n/items/quilt1806063301.shtm HTTP/1.1" 200 81549 "-" "Mozilla/5.0 (Linux; Android 6.0.1; Nexus 5X Build/MMB29P) AppleWebKit/537.36 (KHTML, like Gecko) Chrome/136.0.7103.113 Mobile Safari/537.36 (compatible; GoogleOther)"
20.171.207.104 - - [15/Jun/2025:11:40:19 -0400] "GET /inputs.php?action=view&dir=%2F%2Flib64%2FGraphicsMagick-1.3.38%2Fmodules-Q16%2Fcoders&item=ps.so HTTP/1.1" 200 9331 "-" "Mozilla/5.0 AppleWebKit/537.36 (KHTML, like Gecko; compatible; GPTBot/1.2; +https://openai.com/gptbot)"
20.171.207.104 - - [15/Jun/2025:11:40:21 -0400] "GET /inputs.php?action=view&dir=%2F%2Flib64%2FGraphicsMagick-1.3.38%2Fmodules-Q16%2Fcoders&item=wpg.so HTTP/1.1" 200 9421 "-" "Mozilla/5.0 AppleWebKit/537.36 (KHTML, like Gecko; compatible; GPTBot/1.2; +https://openai.com/gptbot)"
162.0.232.193 - - [15/Jun/2025:11:40:22 -0400] "POST /wp-cron.php?doing_wp_cron=1750002022.2261400222778320312500 HTTP/1.1" 200 0 "-" "WordPress/6.8.1; https://wotaku-manga.com"
54.36.149.15 - - [15/Jun/2025:11:40:21 -0400] "GET /g881302030.shtm HTTP/1.1" 301 0 "-" "Mozilla/5.0 (compatible; AhrefsBot/7.0; +http://ahrefs.com/robot/)"
20.171.207.104 - - [15/Jun/2025:11:40:22 -0400] "GET /inputs.php?action=view&dir=%2F%2Flib64%2FGraphicsMagick-1.3.38%2Fmodules-Q16%2Fcoders&item=dib.so HTTP/1.1" 200 9465 "-" "Mozilla/5.0 AppleWebKit/537.36 (KHTML, like Gecko; compatible; GPTBot/1.2; +https://openai.com/gptbot)"
20.171.207.104 - - [15/Jun/2025:11:40:24 -0400] "GET /inputs.php?action=view&dir=%2F%2Flib64%2FGraphicsMagick-1.3.38%2Fmodules-Q16%2Fcoders&item=txt.so HTTP/1.1" 200 9334 "-" "Mozilla/5.0 AppleWebKit/537.36 (KHTML, like Gecko; compatible; GPTBot/1.2; +https://openai.com/gptbot)"
20.171.207.104 - - [15/Jun/2025:11:40:25 -0400] "GET /inputs.php?action=view&dir=%2F%2Flib64%2FGraphicsMagick-1.3.38%2Fmodules-Q16%2Fcoders&item=vid.so HTTP/1.1" 200 9674 "-" "Mozilla/5.0 AppleWebKit/537.36 (KHTML, like Gecko; compatible; GPTBot/1.2; +https://openai.com/gptbot)"
20.171.207.104 - - [15/Jun/2025:11:40:27 -0400] "GET /inputs.php?action=view&dir=%2F%2Flib64%2FGraphicsMagick-1.3.38%2Fmodules-Q16%2Fcoders&item=rla.so HTTP/1.1" 200 9298 "-" "Mozilla/5.0 AppleWebKit/537.36 (KHTML, like Gecko; compatible; GPTBot/1.2; +https://openai.com/gptbot)"
20.171.207.104 - - [15/Jun/2025:11:40:28 -0400] "GET /inputs.php?action=view&dir=%2F%2Flib64%2FGraphicsMagick-1.3.38%2Fmodules-Q16%2Fcoders&item=gif.so HTTP/1.1" 200 9170 "-" "Mozilla/5.0 AppleWebKit/537.36 (KHTML, like Gecko; compatible; GPTBot/1.2; +https://openai.com/gptbot)"
20.171.207.104 - - [15/Jun/2025:11:40:29 -0400] "GET /inputs.php?action=view&dir=%2F%2Flib64%2FGraphicsMagick-1.3.38%2Fmodules-Q16%2Fcoders&item=map.so HTTP/1.1" 200 9339 "-" "Mozilla/5.0 AppleWebKit/537.36 (KHTML, like Gecko; compatible; GPTBot/1.2; +https://openai.com/gptbot)"
20.171.207.104 - - [15/Jun/2025:11:40:30 -0400] "GET /inputs.php?action=view&dir=%2F%2Flib64%2FGraphicsMagick-1.3.38%2Fmodules-Q16%2Fcoders&item=ttf.so HTTP/1.1" 200 9419 "-" "Mozilla/5.0 AppleWebKit/537.36 (KHTML, like Gecko; compatible; GPTBot/1.2; +https://openai.com/gptbot)"
20.171.207.104 - - [15/Jun/2025:11:40:32 -0400] "GET /inputs.php?action=view&dir=%2F%2Flib64%2FGraphicsMagick-1.3.38%2Fmodules-Q16%2Fcoders&item=uil.so HTTP/1.1" 200 9601 "-" "Mozilla/5.0 AppleWebKit/537.36 (KHTML, like Gecko; compatible; GPTBot/1.2; +https://openai.com/gptbot)"
20.171.207.104 - - [15/Jun/2025:11:40:33 -0400] "GET /inputs.php?action=view&dir=%2F%2Flib64%2FGraphicsMagick-1.3.38%2Fmodules-Q16%2Fcoders&item=sgi.so HTTP/1.1" 200 9726 "-" "Mozilla/5.0 AppleWebKit/537.36 (KHTML, like Gecko; compatible; GPTBot/1.2; +https://openai.com/gptbot)"
20.171.207.104 - - [15/Jun/2025:11:40:34 -0400] "GET /inputs.php?action=view&dir=%2F%2Flib64%2FGraphicsMagick-1.3.38%2Fmodules-Q16%2Fcoders&item=mtv.so HTTP/1.1" 200 9712 "-" "Mozilla/5.0 AppleWebKit/537.36 (KHTML, like Gecko; compatible; GPTBot/1.2; +https://openai.com/gptbot)"
54.36.148.163 - - [15/Jun/2025:11:40:34 -0400] "GET /g884152778.shtm HTTP/1.1" 301 0 "-" "Mozilla/5.0 (compatible; AhrefsBot/7.0; +http://ahrefs.com/robot/)"
20.171.207.104 - - [15/Jun/2025:11:40:35 -0400] "GET /inputs.php?action=view&dir=%2F%2Flib64%2FGraphicsMagick-1.3.38%2Fmodules-Q16%2Fcoders&item=xwd.so HTTP/1.1" 200 9325 "-" "Mozilla/5.0 AppleWebKit/537.36 (KHTML, like Gecko; compatible; GPTBot/1.2; +https://openai.com/gptbot)"
20.171.207.104 - - [15/Jun/2025:11:40:36 -0400] "GET /inputs.php?action=view&dir=%2F%2Flib64%2FGraphicsMagick-1.3.38%2Fmodules-Q16%2Fcoders&item=msl.so HTTP/1.1" 200 9379 "-" "Mozilla/5.0 AppleWebKit/537.36 (KHTML, like Gecko; compatible; GPTBot/1.2; +https://openai.com/gptbot)"
20.171.207.104 - - [15/Jun/2025:11:40:37 -0400] "GET /inputs.php?action=view&dir=%2F%2Flib64%2FImageMagick-6.9.13%2Fmodules-Q16%2Fcoders&item=plasma.so HTTP/1.1" 200 11089 "-" "Mozilla/5.0 AppleWebKit/537.36 (KHTML, like Gecko; compatible; GPTBot/1.2; +https://openai.com/gptbot)"
2a03:2880:f800:15:: - - [15/Jun/2025:11:40:38 -0400] "GET /shopdetail/413563935 HTTP/1.1" 301 0 "-" "meta-externalagent/1.1 (+https://developers.facebook.com/docs/sharing/webmasters/crawler)"
20.171.207.104 - - [15/Jun/2025:11:40:39 -0400] "GET /inputs.php?action=view&dir=%2F%2Flib64%2FGraphicsMagick-1.3.38%2Fmodules-Q16%2Fcoders&item=dpx.so HTTP/1.1" 200 9464 "-" "Mozilla/5.0 AppleWebKit/537.36 (KHTML, like Gecko; compatible; GPTBot/1.2; +https://openai.com/gptbot)"
20.171.207.104 - - [15/Jun/2025:11:40:40 -0400] "GET /inputs.php?action=view&dir=%2F%2Flib64%2FGraphicsMagick-1.3.38%2Fmodules-Q16%2Fcoders&item=wmf.so HTTP/1.1" 200 9438 "-" "Mozilla/5.0 AppleWebKit/537.36 (KHTML, like Gecko; compatible; GPTBot/1.2; +https://openai.com/gptbot)"
20.171.207.104 - - [15/Jun/2025:11:40:42 -0400] "GET /inputs.php?action=view&dir=%2F%2Flib64%2FGraphicsMagick-1.3.38%2Fmodules-Q16%2Fcoders&item=pwp.so HTTP/1.1" 200 9373 "-" "Mozilla/5.0 AppleWebKit/537.36 (KHTML, like Gecko; compatible; GPTBot/1.2; +https://openai.com/gptbot)"
2a03:2880:f800:12:: - - [15/Jun/2025:11:40:41 -0400] "GET / HTTP/1.1" 200 37241 "-" "meta-externalagent/1.1 (+https://developers.facebook.com/docs/sharing/webmasters/crawler)"
20.171.207.104 - - [15/Jun/2025:11:40:43 -0400] "GET /inputs.php?action=view&dir=%2F%2Flib64%2FGraphicsMagick-1.3.38%2Fmodules-Q16%2Fcoders&item=otb.so HTTP/1.1" 200 9469 "-" "Mozilla/5.0 AppleWebKit/537.36 (KHTML, like Gecko; compatible; GPTBot/1.2; +https://openai.com/gptbot)"
20.171.207.104 - - [15/Jun/2025:11:40:44 -0400] "GET /inputs.php?action=view&dir=%2F%2Flib64%2FGraphicsMagick-1.3.38%2Fmodules-Q16%2Fcoders&item=sun.so HTTP/1.1" 200 9712 "-" "Mozilla/5.0 AppleWebKit/537.36 (KHTML, like Gecko; compatible; GPTBot/1.2; +https://openai.com/gptbot)"
66.249.73.14 - - [15/Jun/2025:11:40:45 -0400] "GET /s/goodscode/insufficiency697773076.shtm HTTP/1.1" 200 81708 "-" "Mozilla/5.0 (Linux; Android 6.0.1; Nexus 5X Build/MMB29P) AppleWebKit/537.36 (KHTML, like Gecko) Chrome/136.0.7103.113 Mobile Safari/537.36 (compatible; GoogleOther)"
20.171.207.104 - - [15/Jun/2025:11:40:46 -0400] "GET /inputs.php?dir=%2F%2Fopt%2Falt%2Fphp82%2Fusr%2Fshare%2Fdoc%2Fpear%2FStructures_LinkedList HTTP/1.1" 200 2548 "-" "Mozilla/5.0 AppleWebKit/537.36 (KHTML, like Gecko; compatible; GPTBot/1.2; +https://openai.com/gptbot)"
20.171.207.104 - - [15/Jun/2025:11:40:47 -0400] "GET /inputs.php?dir=%2F%2Fopt%2Falt%2Fphp72%2Fusr%2Fshare%2Fpear%2FPEAR%2FTask%2FPostinstallscript HTTP/1.1" 200 2389 "-" "Mozilla/5.0 AppleWebKit/537.36 (KHTML, like Gecko; compatible; GPTBot/1.2; +https://openai.com/gptbot)"
162.0.232.193 - - [15/Jun/2025:11:40:48 -0400] "POST /wp-cron.php?doing_wp_cron=1750002048.5313899517059326171875 HTTP/1.1" 200 0 "-" "WordPress/6.8.1; https://wotaku-manga.com"
54.36.148.117 - - [15/Jun/2025:11:40:47 -0400] "GET /g932839726.shtm HTTP/1.1" 301 0 "-" "Mozilla/5.0 (compatible; AhrefsBot/7.0; +http://ahrefs.com/robot/)"
20.171.207.104 - - [15/Jun/2025:11:40:49 -0400] "GET /inputs.php?dir=%2F%2Fopt%2Falt%2Fphp51%2Fusr%2Fshare%2Fpear%2Ftest%2FStructures_LinkedList HTTP/1.1" 200 2360 "-" "Mozilla/5.0 AppleWebKit/537.36 (KHTML, like Gecko; compatible; GPTBot/1.2; +https://openai.com/gptbot)"
20.171.207.104 - - [15/Jun/2025:11:40:50 -0400] "GET /inputs.php?action=view&dir=%2F%2Flib64%2FGraphicsMagick-1.3.38%2Fmodules-Q16%2Fcoders&item=msl.so HTTP/1.1" 200 9396 "-" "Mozilla/5.0 AppleWebKit/537.36 (KHTML, like Gecko; compatible; GPTBot/1.2; +https://openai.com/gptbot)"
20.171.207.104 - - [15/Jun/2025:11:40:51 -0400] "GET /inputs.php?dir=%2F%2Fopt%2Falt%2Fphp55%2Fusr%2Fshare%2Fpear%2Fezc%2FConsoleTools%2Finterfaces HTTP/1.1" 200 2702 "-" "Mozilla/5.0 AppleWebKit/537.36 (KHTML, like Gecko; compatible; GPTBot/1.2; +https://openai.com/gptbot)"
20.171.207.104 - - [15/Jun/2025:11:40:52 -0400] "GET /inputs.php?dir=%2F%2Fopt%2Falt%2Fphp71%2Fusr%2Fshare%2Fpear%2Ftest%2FStructures_LinkedList HTTP/1.1" 200 2339 "-" "Mozilla/5.0 AppleWebKit/537.36 (KHTML, like Gecko; compatible; GPTBot/1.2; +https://openai.com/gptbot)"
20.171.207.104 - - [15/Jun/2025:11:40:54 -0400] "GET /inputs.php?dir=%2F%2Fopt%2Falt%2Fphp54%2Fusr%2Fshare%2Fpear%2Fezc%2FConsoleTools%2Fexceptions HTTP/1.1" 200 3523 "-" "Mozilla/5.0 AppleWebKit/537.36 (KHTML, like Gecko; compatible; GPTBot/1.2; +https://openai.com/gptbot)"
20.171.207.104 - - [15/Jun/2025:11:40:55 -0400] "GET /inputs.php?dir=%2F%2Fopt%2Falt%2Fphp56%2Fusr%2Fshare%2Fpear%2Ftest%2FStructures_LinkedList HTTP/1.1" 200 2340 "-" "Mozilla/5.0 AppleWebKit/537.36 (KHTML, like Gecko; compatible; GPTBot/1.2; +https://openai.com/gptbot)"
20.171.207.104 - - [15/Jun/2025:11:40:56 -0400] "GET /inputs.php?dir=%2F%2Fopt%2Fcpanel%2Fea-ruby27%2Froot%2Fusr%2Fshare%2Fpassenger%2Ftemplates HTTP/1.1" 200 2522 "-" "Mozilla/5.0 AppleWebKit/537.36 (KHTML, like Gecko; compatible; GPTBot/1.2; +https://openai.com/gptbot)"
20.171.207.104 - - [15/Jun/2025:11:40:57 -0400] "GET /inputs.php?dir=%2F%2Fopt%2Falt%2Fphp54%2Fusr%2Fshare%2Fpear%2Ftest%2FTranslation%2FSymfony HTTP/1.1" 200 2348 "-" "Mozilla/5.0 AppleWebKit/537.36 (KHTML, like Gecko; compatible; GPTBot/1.2; +https://openai.com/gptbot)"
20.171.207.104 - - [15/Jun/2025:11:40:58 -0400] "GET /inputs.php?dir=%2F%2Fopt%2Falt%2Fphp80%2Fusr%2Fshare%2Fpear%2Ftest%2FStructures_LinkedList HTTP/1.1" 200 2338 "-" "Mozilla/5.0 AppleWebKit/537.36 (KHTML, like Gecko; compatible; GPTBot/1.2; +https://openai.com/gptbot)"
162.0.232.193 - - [15/Jun/2025:11:40:59 -0400] "POST /wp-cron.php?doing_wp_cron=1750002059.7873959541320800781250 HTTP/1.1" 200 0 "-" "WordPress/6.8.1; https://wotaku-manga.com"
20.171.207.104 - - [15/Jun/2025:11:41:00 -0400] "GET /inputs.php?dir=%2F%2Fopt%2Falt%2Fphp53%2Fusr%2Fshare%2Fpear%2Fezc%2FConsoleTools%2Fexceptions HTTP/1.1" 200 3549 "-" "Mozilla/5.0 AppleWebKit/537.36 (KHTML, like Gecko; compatible; GPTBot/1.2; +https://openai.com/gptbot)"
54.36.148.6 - - [15/Jun/2025:11:41:00 -0400] "GET /gc205982922.shtm HTTP/1.1" 301 0 "-" "Mozilla/5.0 (compatible; AhrefsBot/7.0; +http://ahrefs.com/robot/)"
80.67.32.161 - - [15/Jun/2025:11:40:59 -0400] "GET / HTTP/1.1" 200 37906 "https://www.google.com/" "Mozilla/5.0 (Linux; Android 10; K) AppleWebKit/537.36 (KHTML, like Gecko) Chrome/137.0.0.0 Mobile Safari/537.36"
80.67.32.161 - - [15/Jun/2025:11:41:01 -0400] "GET /wp-content/uploads/2021/11/Wotaku_ni_Koi_wa_Muzukashii-11-jp-1-1081x1536.jpg HTTP/1.1" 200 180746 "https://wotaku-manga.com/" "Mozilla/5.0 (Linux; Android 10; K) AppleWebKit/537.36 (KHTML, like Gecko) Chrome/137.0.0.0 Mobile Safari/537.36"
20.171.207.104 - - [15/Jun/2025:11:41:01 -0400] "GET /inputs.php?dir=%2F%2Fopt%2Falt%2Fphp72%2Fusr%2Fshare%2Fdoc%2Fpear%2FStructures_LinkedList HTTP/1.1" 200 2547 "-" "Mozilla/5.0 AppleWebKit/537.36 (KHTML, like Gecko; compatible; GPTBot/1.2; +https://openai.com/gptbot)"
80.67.32.161 - - [15/Jun/2025:11:41:01 -0400] "GET /wp-content/uploads/2021/11/Volume_1_English-1260x1817.jpg HTTP/1.1" 200 200550 "https://wotaku-manga.com/" "Mozilla/5.0 (Linux; Android 10; K) AppleWebKit/537.36 (KHTML, like Gecko) Chrome/137.0.0.0 Mobile Safari/537.36"
80.67.32.161 - - [15/Jun/2025:11:41:01 -0400] "GET /wp-content/uploads/2022/03/cropped-3612526.webp HTTP/1.1" 200 72576 "https://wotaku-manga.com/" "Mozilla/5.0 (Linux; Android 10; K) AppleWebKit/537.36 (KHTML, like Gecko) Chrome/137.0.0.0 Mobile Safari/537.36"
80.67.32.161 - - [15/Jun/2025:11:41:02 -0400] "GET /wp-includes/js/jquery/jquery.min.js?ver=3.7.1 HTTP/1.1" 200 29744 "https://wotaku-manga.com/" "Mozilla/5.0 (Linux; Android 10; K) AppleWebKit/537.36 (KHTML, like Gecko) Chrome/137.0.0.0 Mobile Safari/537.36"
20.171.207.104 - - [15/Jun/2025:11:41:02 -0400] "GET /inputs.php?dir=%2F%2Fopt%2Falt%2Fphp52%2Fusr%2Fshare%2Fdoc%2Fpear%2FStructures_LinkedList HTTP/1.1" 200 2532 "-" "Mozilla/5.0 AppleWebKit/537.36 (KHTML, like Gecko; compatible; GPTBot/1.2; +https://openai.com/gptbot)"
20.171.207.104 - - [15/Jun/2025:11:41:03 -0400] "GET /inputs.php?dir=%2F%2Fopt%2Falt%2Fphp51%2Fusr%2Fshare%2Fpear%2Ftest%2FStructures_LinkedList%2Ftests HTTP/1.1" 200 2918 "-" "Mozilla/5.0 AppleWebKit/537.36 (KHTML, like Gecko; compatible; GPTBot/1.2; +https://openai.com/gptbot)"
20.171.207.104 - - [15/Jun/2025:11:41:04 -0400] "GET /inputs.php?dir=%2F%2Fopt%2Falt%2Fphp73%2Fusr%2Fshare%2Fpear%2Ftest%2FStructures_LinkedList HTTP/1.1" 200 2340 "-" "Mozilla/5.0 AppleWebKit/537.36 (KHTML, like Gecko; compatible; GPTBot/1.2; +https://openai.com/gptbot)"
20.171.207.104 - - [15/Jun/2025:11:41:05 -0400] "GET /inputs.php?dir=%2F%2Fopt%2Falt%2Fphp54%2Fusr%2Fshare%2Fpear%2Ftest%2FStructures_LinkedList HTTP/1.1" 200 2340 "-" "Mozilla/5.0 AppleWebKit/537.36 (KHTML, like Gecko; compatible; GPTBot/1.2; +https://openai.com/gptbot)"
20.171.207.104 - - [15/Jun/2025:11:41:06 -0400] "GET /inputs.php?dir=%2F%2Fopt%2Falt%2Fphp82%2Fusr%2Fshare%2Fpear%2FPEAR%2FTask%2FPostinstallscript HTTP/1.1" 200 2429 "-" "Mozilla/5.0 AppleWebKit/537.36 (KHTML, like Gecko; compatible; GPTBot/1.2; +https://openai.com/gptbot)"
80.67.32.161 - - [15/Jun/2025:11:41:05 -0400] "GET /manga/wotakoi-love-is-hard-for-otaku-chapter-87/ HTTP/1.1" 200 40624 "https://wotaku-manga.com/" "Mozilla/5.0 (Linux; Android 10; K) AppleWebKit/537.36 (KHTML, like Gecko) Chrome/137.0.0.0 Mobile Safari/537.36"
20.171.207.104 - - [15/Jun/2025:11:41:08 -0400] "GET /inputs.php?dir=%2F%2Fopt%2Falt%2Fphp81%2Fusr%2Fshare%2Fpear%2Ftest%2FStructures_LinkedList HTTP/1.1" 200 2339 "-" "Mozilla/5.0 AppleWebKit/537.36 (KHTML, like Gecko; compatible; GPTBot/1.2; +https://openai.com/gptbot)"
20.171.207.104 - - [15/Jun/2025:11:41:09 -0400] "GET /inputs.php?dir=%2F%2Fopt%2Fcpanel%2Fea-ruby27%2Froot%2Fusr%2Fshare%2Fpassenger%2Ftemplates%2Fapache2 HTTP/1.1" 200 3205 "-" "Mozilla/5.0 AppleWebKit/537.36 (KHTML, like Gecko; compatible; GPTBot/1.2; +https://openai.com/gptbot)"
20.171.207.104 - - [15/Jun/2025:11:41:10 -0400] "GET /inputs.php?action=chmod&dir=%2F%2Fopt%2Falt%2Fphp54%2Fusr%2Fshare%2Fpear%2Fezc%2FConsoleTools%2Fexceptions&item=invalid_output_target.php HTTP/1.1" 200 3576 "-" "Mozilla/5.0 AppleWebKit/537.36 (KHTML, like Gecko; compatible; GPTBot/1.2; +https://openai.com/gptbot)"
216.73.216.68 - - [15/Jun/2025:11:41:10 -0400] "GET /sitemap-child-1093.xml HTTP/1.1" 200 11233 "-" "Mozilla/5.0 AppleWebKit/537.36 (KHTML, like Gecko; compatible; ClaudeBot/1.0; [email protected])"
20.171.207.104 - - [15/Jun/2025:11:41:11 -0400] "GET /inputs.php?dir=%2F%2Fopt%2Fcpanel%2Fea-ruby27%2Froot%2Fusr%2Fshare%2Fpassenger%2Ftemplates%2Fstandalone HTTP/1.1" 200 2855 "-" "Mozilla/5.0 AppleWebKit/537.36 (KHTML, like Gecko; compatible; GPTBot/1.2; +https://openai.com/gptbot)"
66.249.73.1 - - [15/Jun/2025:11:41:12 -0400] "GET /z/items/zephyrus/265104335.shtm HTTP/1.1" 200 81408 "-" "Mozilla/5.0 (Linux; Android 6.0.1; Nexus 5X Build/MMB29P) AppleWebKit/537.36 (KHTML, like Gecko) Chrome/136.0.7103.113 Mobile Safari/537.36 (compatible; GoogleOther)"
20.171.207.104 - - [15/Jun/2025:11:41:12 -0400] "GET /inputs.php?dir=%2F%2Fopt%2Fcpanel%2Fea-ruby27%2Froot%2Fusr%2Fshare%2Fpassenger%2Ftemplates%2Fnginx HTTP/1.1" 200 3265 "-" "Mozilla/5.0 AppleWebKit/537.36 (KHTML, like Gecko; compatible; GPTBot/1.2; +https://openai.com/gptbot)"
20.171.207.104 - - [15/Jun/2025:11:41:13 -0400] "GET /inputs.php?action=edit&dir=%2F%2Fopt%2Falt%2Fphp53%2Fusr%2Fshare%2Fpear%2Fezc%2FConsoleTools%2Fexceptions&item=argument_already_registered.php HTTP/1.1" 200 4204 "-" "Mozilla/5.0 AppleWebKit/537.36 (KHTML, like Gecko; compatible; GPTBot/1.2; +https://openai.com/gptbot)"
20.171.207.104 - - [15/Jun/2025:11:41:14 -0400] "GET /inputs.php?dir=%2F%2Fopt%2Fcpanel%2Fea-ruby27%2Froot%2Fusr%2Fshare%2Fpassenger%2Ftemplates%2Fconfig HTTP/1.1" 200 2440 "-" "Mozilla/5.0 AppleWebKit/537.36 (KHTML, like Gecko; compatible; GPTBot/1.2; +https://openai.com/gptbot)"
20.171.207.104 - - [15/Jun/2025:11:41:15 -0400] "GET /inputs.php?dir=%2F%2Fopt%2Falt%2Fphp74%2Fusr%2Fshare%2Fpear%2Ftest%2FStructures_LinkedList HTTP/1.1" 200 2340 "-" "Mozilla/5.0 AppleWebKit/537.36 (KHTML, like Gecko; compatible; GPTBot/1.2; +https://openai.com/gptbot)"
54.36.149.13 - - [15/Jun/2025:11:41:15 -0400] "GET /gc326503816.shtm HTTP/1.1" 301 0 "-" "Mozilla/5.0 (compatible; AhrefsBot/7.0; +http://ahrefs.com/robot/)"
20.171.207.104 - - [15/Jun/2025:11:41:17 -0400] "GET /inputs.php?dir=%2F%2Fopt%2Falt%2Fphp70%2Fusr%2Fshare%2Fpear%2Ftest%2FStructures_LinkedList HTTP/1.1" 200 2340 "-" "Mozilla/5.0 AppleWebKit/537.36 (KHTML, like Gecko; compatible; GPTBot/1.2; +https://openai.com/gptbot)"
20.171.207.104 - - [15/Jun/2025:11:41:18 -0400] "GET /inputs.php?dir=%2F%2Fopt%2Falt%2Fphp52%2Fusr%2Fshare%2Fpear%2FPEAR%2FTask%2FPostinstallscript HTTP/1.1" 200 2433 "-" "Mozilla/5.0 AppleWebKit/537.36 (KHTML, like Gecko; compatible; GPTBot/1.2; +https://openai.com/gptbot)"
20.171.207.104 - - [15/Jun/2025:11:41:19 -0400] "GET /inputs.php?dir=%2F%2Fopt%2Falt%2Fphp53%2Fusr%2Fshare%2Fpear%2Ftest%2FTranslation%2FSymfony HTTP/1.1" 200 2348 "-" "Mozilla/5.0 AppleWebKit/537.36 (KHTML, like Gecko; compatible; GPTBot/1.2; +https://openai.com/gptbot)"
20.171.207.104 - - [15/Jun/2025:11:41:20 -0400] "GET /inputs.php?dir=%2F%2Fopt%2Falt%2Fphp53%2Fusr%2Fshare%2Fpear%2Ftest%2FStructures_LinkedList HTTP/1.1" 200 2324 "-" "Mozilla/5.0 AppleWebKit/537.36 (KHTML, like Gecko; compatible; GPTBot/1.2; +https://openai.com/gptbot)"
20.171.207.104 - - [15/Jun/2025:11:41:21 -0400] "GET /inputs.php?action=chmod&dir=%2F%2Fusr%2Finclude&item=ieee754.h HTTP/1.1" 200 15039 "-" "Mozilla/5.0 AppleWebKit/537.36 (KHTML, like Gecko; compatible; GPTBot/1.2; +https://openai.com/gptbot)"
20.171.207.104 - - [15/Jun/2025:11:41:23 -0400] "GET /inputs.php?action=edit&dir=%2F%2Fopt%2Falt%2Fphp51%2Fusr%2Fshare%2Fpear%2Ftest%2FStructures_LinkedList%2Ftests&item=SingleLinkTester.php HTTP/1.1" 200 3185 "-" "Mozilla/5.0 AppleWebKit/537.36 (KHTML, like Gecko; compatible; GPTBot/1.2; +https://openai.com/gptbot)"
20.171.207.104 - - [15/Jun/2025:11:41:26 -0400] "GET /inputs.php?action=edit&dir=%2F%2Fopt%2Falt%2Fphp51%2Fusr%2Fshare%2Fpear%2Ftest%2FStructures_LinkedList%2Ftests&item=link_004.phpt HTTP/1.1" 200 3279 "-" "Mozilla/5.0 AppleWebKit/537.36 (KHTML, like Gecko; compatible; GPTBot/1.2; +https://openai.com/gptbot)"
162.0.232.193 - - [15/Jun/2025:11:41:27 -0400] "POST /wp-cron.php?doing_wp_cron=1750002087.8073809146881103515625 HTTP/1.1" 200 0 "-" "WordPress/6.8.1; https://wotaku-manga.com"
54.36.149.18 - - [15/Jun/2025:11:41:27 -0400] "GET /gc902177226.shtm HTTP/1.1" 301 0 "-" "Mozilla/5.0 (compatible; AhrefsBot/7.0; +http://ahrefs.com/robot/)"
20.171.207.104 - - [15/Jun/2025:11:41:28 -0400] "GET /inputs.php?action=view&dir=%2F%2Fopt%2Fcpanel%2Fea-ruby27%2Froot%2Fusr%2Fshare%2Fgems%2Fdoc%2Frack-2.2.17%2Frdoc%2Ffonts&item=SourceCodePro-Regular.ttf HTTP/1.1" 200 2800 "-" "Mozilla/5.0 AppleWebKit/537.36 (KHTML, like Gecko; compatible; GPTBot/1.2; +https://openai.com/gptbot)"
20.171.207.104 - - [15/Jun/2025:11:41:30 -0400] "GET /inputs.php?dir=%2F%2Fusr%2Flib%2Fmodules%2F4.18.0-553.lve.el8.x86_64%2Fkernel%2Fdrivers%2Fnet%2Fethernet%2Fmyricom%2Fmyri10ge HTTP/1.1" 200 2448 "-" "Mozilla/5.0 AppleWebKit/537.36 (KHTML, like Gecko; compatible; GPTBot/1.2; +https://openai.com/gptbot)"
20.171.207.104 - - [15/Jun/2025:11:41:31 -0400] "GET /inputs.php?dir=%2F%2Fopt%2Falt%2Fphp74%2Fusr%2Fshare%2Fpear%2Ftest%2FStructures_LinkedList HTTP/1.1" 200 2340 "-" "Mozilla/5.0 AppleWebKit/537.36 (KHTML, like Gecko; compatible; GPTBot/1.2; +https://openai.com/gptbot)"
20.171.207.104 - - [15/Jun/2025:11:41:33 -0400] "GET /inputs.php?dir=%2F%2Fopt%2Fcpanel%2Fea-ruby27%2Froot%2Fusr%2Fshare%2Fpassenger%2Ftemplates%2Fconfig%2Finstallation_utils HTTP/1.1" 200 2763 "-" "Mozilla/5.0 AppleWebKit/537.36 (KHTML, like Gecko; compatible; GPTBot/1.2; +https://openai.com/gptbot)"
20.171.207.104 - - [15/Jun/2025:11:41:34 -0400] "GET /inputs.php?action=chmod&dir=%2F%2Fopt%2Fimunify360%2Fvenv%2Flib64%2Fpython3.11%2Fsite-packages%2Furllib3%2Futil%2F__pycache__&item=url.cpython-311.pyc HTTP/1.1" 200 3092 "-" "Mozilla/5.0 AppleWebKit/537.36 (KHTML, like Gecko; compatible; GPTBot/1.2; +https://openai.com/gptbot)"
20.171.207.104 - - [15/Jun/2025:11:41:36 -0400] "GET /inputs.php?action=chmod&dir=%2F%2Fopt%2Fhc_python%2Flib64%2Fpython3.12%2Fsite-packages%2Fdistlib%2F__pycache__&item=index.cpython-312.pyc HTTP/1.1" 200 3044 "-" "Mozilla/5.0 AppleWebKit/537.36 (KHTML, like Gecko; compatible; GPTBot/1.2; +https://openai.com/gptbot)"
20.171.207.104 - - [15/Jun/2025:11:41:37 -0400] "GET /inputs.php?action=rename&dir=%2F%2Fopt%2Fhc_python%2Flib64%2Fpython3.12%2Fsite-packages%2Fdistlib%2F__pycache__&item=index.cpython-312.pyc HTTP/1.1" 200 2982 "-" "Mozilla/5.0 AppleWebKit/537.36 (KHTML, like Gecko; compatible; GPTBot/1.2; +https://openai.com/gptbot)"
20.171.207.104 - - [15/Jun/2025:11:41:38 -0400] "GET /inputs.php?action=view&dir=%2F%2Fopt%2Fhc_python%2Flib64%2Fpython3.12%2Fsite-packages%2Fpydantic%2Fv1%2F__pycache__&item=config.cpython-312.pyc HTTP/1.1" 200 3690 "-" "Mozilla/5.0 AppleWebKit/537.36 (KHTML, like Gecko; compatible; GPTBot/1.2; +https://openai.com/gptbot)"
20.171.207.104 - - [15/Jun/2025:11:41:39 -0400] "GET /inputs.php?action=edit&dir=%2F%2Fopt%2Fcpanel%2Fea-ruby27%2Froot%2Fusr%2Fshare%2Fpassenger%2Ftemplates%2Fnginx&item=welcome.txt.erb HTTP/1.1" 200 3614 "-" "Mozilla/5.0 AppleWebKit/537.36 (KHTML, like Gecko; compatible; GPTBot/1.2; +https://openai.com/gptbot)"
66.249.73.14 - - [15/Jun/2025:11:41:39 -0400] "GET /y/item/manifests1806052880.shtm HTTP/1.1" 200 81543 "-" "Mozilla/5.0 (Linux; Android 6.0.1; Nexus 5X Build/MMB29P) AppleWebKit/537.36 (KHTML, like Gecko) Chrome/136.0.7103.113 Mobile Safari/537.36 (compatible; GoogleOther)"
20.171.207.104 - - [15/Jun/2025:11:41:40 -0400] "GET /inputs.php?action=edit&dir=%2F%2Fopt%2Fcpanel%2Fea-ruby27%2Froot%2Fusr%2Fshare%2Fpassenger%2Ftemplates%2Fnginx&item=cannot_write_to_dir.txt.erb HTTP/1.1" 200 3597 "-" "Mozilla/5.0 AppleWebKit/537.36 (KHTML, like Gecko; compatible; GPTBot/1.2; +https://openai.com/gptbot)"
20.171.207.104 - - [15/Jun/2025:11:41:41 -0400] "GET /inputs.php?action=edit&dir=%2F%2Fopt%2Fcpanel%2Fea-ruby27%2Froot%2Fusr%2Fshare%2Fpassenger%2Ftemplates%2Fnginx&item=deployment_example.txt.erb HTTP/1.1" 200 3534 "-" "Mozilla/5.0 AppleWebKit/537.36 (KHTML, like Gecko; compatible; GPTBot/1.2; +https://openai.com/gptbot)"
54.36.148.104 - - [15/Jun/2025:11:41:40 -0400] "GET /gc959682960.shtm HTTP/1.1" 301 0 "-" "Mozilla/5.0 (compatible; AhrefsBot/7.0; +http://ahrefs.com/robot/)"
20.171.207.104 - - [15/Jun/2025:11:41:42 -0400] "GET /inputs.php?action=view&dir=%2F%2Fopt%2Fcloudlinux%2Fvenv%2Flib%2Fpython3.11%2Fsite-packages%2F_pytest%2F__pycache__&item=python.cpython-311.pyc HTTP/1.1" 200 4707 "-" "Mozilla/5.0 AppleWebKit/537.36 (KHTML, like Gecko; compatible; GPTBot/1.2; +https://openai.com/gptbot)"
2a03:2880:f800:a:: - - [15/Jun/2025:11:41:42 -0400] "GET /shopdetail/328280935 HTTP/1.1" 301 0 "-" "meta-externalagent/1.1 (+https://developers.facebook.com/docs/sharing/webmasters/crawler)"
20.171.207.104 - - [15/Jun/2025:11:41:43 -0400] "GET /inputs.php?action=view&dir=%2F%2Fopt%2Fhc_python%2Flib64%2Fpython3.12%2Fsite-packages%2Fsentry_sdk%2F__pycache__&item=transport.cpython-312.pyc HTTP/1.1" 200 3927 "-" "Mozilla/5.0 AppleWebKit/537.36 (KHTML, like Gecko; compatible; GPTBot/1.2; +https://openai.com/gptbot)"
20.171.207.104 - - [15/Jun/2025:11:41:45 -0400] "GET /inputs.php?action=view&dir=%2F%2Fusr%2Flib%2Fpython3.8%2Fsite-packages%2Fpip%2F_vendor%2Fchardet%2F__pycache__&item=latin1prober.cpython-38.pyc HTTP/1.1" 200 5565 "-" "Mozilla/5.0 AppleWebKit/537.36 (KHTML, like Gecko; compatible; GPTBot/1.2; +https://openai.com/gptbot)"
20.171.207.104 - - [15/Jun/2025:11:41:46 -0400] "GET /inputs.php?action=view&dir=%2F%2Fopt%2Fhc_python%2Flib64%2Fpython3.12%2Fsite-packages%2Fpackaging%2F__pycache__&item=_tokenizer.cpython-312.pyc HTTP/1.1" 200 3139 "-" "Mozilla/5.0 AppleWebKit/537.36 (KHTML, like Gecko; compatible; GPTBot/1.2; +https://openai.com/gptbot)"
162.0.232.193 - - [15/Jun/2025:11:41:47 -0400] "POST /wp-cron.php?doing_wp_cron=1750002107.3596189022064208984375 HTTP/1.1" 200 0 "-" "WordPress/6.8.1; https://wotaku-manga.com"
20.171.207.104 - - [15/Jun/2025:11:41:47 -0400] "GET /inputs.php?action=chmod&dir=%2F%2Fopt%2Fhc_python%2Flib64%2Fpython3.12%2Fsite-packages%2Fdistlib%2F__pycache__&item=index.cpython-312.pyc HTTP/1.1" 200 3044 "-" "Mozilla/5.0 AppleWebKit/537.36 (KHTML, like Gecko; compatible; GPTBot/1.2; +https://openai.com/gptbot)"
20.171.207.104 - - [15/Jun/2025:11:41:48 -0400] "GET /inputs.php?action=view&dir=%2F%2Fopt%2Fhc_python%2Flib64%2Fpython3.12%2Fsite-packages%2Fpydantic%2Fv1%2F__pycache__&item=errors.cpython-312.pyc HTTP/1.1" 200 3618 "-" "Mozilla/5.0 AppleWebKit/537.36 (KHTML, like Gecko; compatible; GPTBot/1.2; +https://openai.com/gptbot)"
20.171.207.104 - - [15/Jun/2025:11:41:49 -0400] "GET /inputs.php?action=view&dir=%2F%2Fusr%2Flib%2Fpython3.8%2Fsite-packages%2Fpip%2F_vendor%2Fcolorama%2F__pycache__&item=ansitowin32.cpython-38.pyc HTTP/1.1" 200 2928 "-" "Mozilla/5.0 AppleWebKit/537.36 (KHTML, like Gecko; compatible; GPTBot/1.2; +https://openai.com/gptbot)"
2a03:2880:f800:1d:: - - [15/Jun/2025:11:41:45 -0400] "GET / HTTP/1.1" 200 37241 "-" "meta-externalagent/1.1 (+https://developers.facebook.com/docs/sharing/webmasters/crawler)"
20.171.207.104 - - [15/Jun/2025:11:41:50 -0400] "GET /inputs.php?action=view&dir=%2F%2Fopt%2Fhc_python%2Flib64%2Fpython3.12%2Fsite-packages%2Fdns%2Frdtypes%2F__pycache__&item=nsbase.cpython-312.pyc HTTP/1.1" 200 2916 "-" "Mozilla/5.0 AppleWebKit/537.36 (KHTML, like Gecko; compatible; GPTBot/1.2; +https://openai.com/gptbot)"
2a03:2880:f800:1:: - - [15/Jun/2025:11:41:49 -0400] "GET /category/wotakoi-love-is-hard-for-otaku-manga-read-online/ HTTP/1.1" 200 45714 "-" "meta-externalagent/1.1 (+https://developers.facebook.com/docs/sharing/webmasters/crawler)"
20.171.207.104 - - [15/Jun/2025:11:41:52 -0400] "GET /inputs.php?action=view&dir=%2F%2Fopt%2Fhc_python%2Flib64%2Fpython3.12%2Fsite-packages%2Fpydantic%2Fv1%2F__pycache__&item=fields.cpython-312.pyc HTTP/1.1" 200 3601 "-" "Mozilla/5.0 AppleWebKit/537.36 (KHTML, like Gecko; compatible; GPTBot/1.2; +https://openai.com/gptbot)"
20.171.207.104 - - [15/Jun/2025:11:41:53 -0400] "GET /inputs.php?action=view&dir=%2F%2Fopt%2Fhc_python%2Flib64%2Fpython3.12%2Fsite-packages%2Fdns%2Frdtypes%2F__pycache__&item=dsbase.cpython-312.pyc HTTP/1.1" 200 2916 "-" "Mozilla/5.0 AppleWebKit/537.36 (KHTML, like Gecko; compatible; GPTBot/1.2; +https://openai.com/gptbot)"
54.36.148.4 - - [15/Jun/2025:11:41:53 -0400] "GET /gdg52371364.shtm HTTP/1.1" 301 0 "-" "Mozilla/5.0 (compatible; AhrefsBot/7.0; +http://ahrefs.com/robot/)"
20.171.207.104 - - [15/Jun/2025:11:41:54 -0400] "GET /inputs.php?action=view&dir=%2F%2Fopt%2Fhc_python%2Flib64%2Fpython3.12%2Fsite-packages%2Fpre_commit%2F__pycache__&item=clientlib.cpython-312.pyc HTTP/1.1" 200 3687 "-" "Mozilla/5.0 AppleWebKit/537.36 (KHTML, like Gecko; compatible; GPTBot/1.2; +https://openai.com/gptbot)"
20.171.207.104 - - [15/Jun/2025:11:41:55 -0400] "GET /inputs.php?action=view&dir=%2F%2Fopt%2Fhc_python%2Flib64%2Fpython3.12%2Fsite-packages%2Fnose%2Fplugins%2F__pycache__&item=debug.cpython-312.pyc HTTP/1.1" 200 3537 "-" "Mozilla/5.0 AppleWebKit/537.36 (KHTML, like Gecko; compatible; GPTBot/1.2; +https://openai.com/gptbot)"
20.171.207.104 - - [15/Jun/2025:11:41:56 -0400] "GET /inputs.php?action=view&dir=%2F%2Fopt%2Fhc_python%2Flib64%2Fpython3.12%2Fsite-packages%2Fnose%2Fplugins%2F__pycache__&item=xunit.cpython-312.pyc HTTP/1.1" 200 3538 "-" "Mozilla/5.0 AppleWebKit/537.36 (KHTML, like Gecko; compatible; GPTBot/1.2; +https://openai.com/gptbot)"
20.171.207.104 - - [15/Jun/2025:11:41:57 -0400] "GET /inputs.php?action=view&dir=%2F%2Fopt%2Fhc_python%2Flib64%2Fpython3.12%2Fsite-packages%2Furllib3%2F__pycache__&item=_collections.cpython-312.pyc HTTP/1.1" 200 3057 "-" "Mozilla/5.0 AppleWebKit/537.36 (KHTML, like Gecko; compatible; GPTBot/1.2; +https://openai.com/gptbot)"
20.171.207.104 - - [15/Jun/2025:11:41:58 -0400] "GET /inputs.php?action=view&dir=%2F%2Fopt%2Fcloudlinux%2Fvenv%2Flib%2Fpython3.11%2Fsite-packages%2F_pytest%2F__pycache__&item=compat.cpython-311.pyc HTTP/1.1" 200 4706 "-" "Mozilla/5.0 AppleWebKit/537.36 (KHTML, like Gecko; compatible; GPTBot/1.2; +https://openai.com/gptbot)"
20.171.207.104 - - [15/Jun/2025:11:42:00 -0400] "GET /inputs.php?action=view&dir=%2F%2Fusr%2Flib%2Fpython3.6%2Fsite-packages%2Fpip%2F_vendor%2Fchardet%2F__pycache__&item=latin1prober.cpython-36.pyc HTTP/1.1" 200 5626 "-" "Mozilla/5.0 AppleWebKit/537.36 (KHTML, like Gecko; compatible; GPTBot/1.2; +https://openai.com/gptbot)"
20.171.207.104 - - [15/Jun/2025:11:42:01 -0400] "GET /inputs.php?action=view&dir=%2F%2Fopt%2Fhc_python%2Flib64%2Fpython3.12%2Fsite-packages%2Fnose%2Fplugins%2F__pycache__&item=cover.cpython-312.pyc HTTP/1.1" 200 3536 "-" "Mozilla/5.0 AppleWebKit/537.36 (KHTML, like Gecko; compatible; GPTBot/1.2; +https://openai.com/gptbot)"
20.171.207.104 - - [15/Jun/2025:11:42:02 -0400] "GET /inputs.php?action=view&dir=%2F%2Fusr%2Flib%2Fpython3.6%2Fsite-packages%2Fpip%2F_vendor%2Fcolorama%2F__pycache__&item=ansitowin32.cpython-36.pyc HTTP/1.1" 200 2925 "-" "Mozilla/5.0 AppleWebKit/537.36 (KHTML, like Gecko; compatible; GPTBot/1.2; +https://openai.com/gptbot)"
20.171.207.104 - - [15/Jun/2025:11:42:03 -0400] "GET /inputs.php?action=view&dir=%2F%2Fusr%2Flib%2Fnode_modules%2Fnpm%2Fman%2Fman7&item=PREPARE_TRANSACTION.7.gz HTTP/1.1" 200 22944 "-" "Mozilla/5.0 AppleWebKit/537.36 (KHTML, like Gecko; compatible; GPTBot/1.2; +https://openai.com/gptbot)"
20.171.207.104 - - [15/Jun/2025:11:42:04 -0400] "GET /inputs.php?action=view&dir=%2F%2Fusr%2Flib%2Fnode_modules%2Fnpm%2Fman%2Fman7&item=CREATE_SUBSCRIPTION.7.gz HTTP/1.1" 200 22524 "-" "Mozilla/5.0 AppleWebKit/537.36 (KHTML, like Gecko; compatible; GPTBot/1.2; +https://openai.com/gptbot)"
20.171.207.104 - - [15/Jun/2025:11:42:05 -0400] "GET /inputs.php?dir=%2F%2Fusr%2Flib%2Fdracut%2Fmodules.d%2F71prefixdevname HTTP/1.1" 200 2376 "-" "Mozilla/5.0 AppleWebKit/537.36 (KHTML, like Gecko; compatible; GPTBot/1.2; +https://openai.com/gptbot)"
66.249.73.1 - - [15/Jun/2025:11:42:06 -0400] "GET /bil/dictionalrian/1806106703.shtm HTTP/1.1" 200 81491 "-" "Mozilla/5.0 (Linux; Android 6.0.1; Nexus 5X Build/MMB29P) AppleWebKit/537.36 (KHTML, like Gecko) Chrome/136.0.7103.113 Mobile Safari/537.36 (compatible; GoogleOther)"
162.0.232.193 - - [15/Jun/2025:11:42:07 -0400] "POST /wp-cron.php?doing_wp_cron=1750002127.3235421180725097656250 HTTP/1.1" 200 0 "-" "WordPress/6.8.1; https://wotaku-manga.com"
54.36.148.182 - - [15/Jun/2025:11:42:05 -0400] "GET /gg319181128.shtm HTTP/1.1" 301 0 "-" "Mozilla/5.0 (compatible; AhrefsBot/7.0; +http://ahrefs.com/robot/)"
20.171.207.104 - - [15/Jun/2025:11:42:07 -0400] "GET /inputs.php?action=view&dir=%2F%2Fusr%2Flib64%2Fpython3.6%2Flib2to3%2Fpgen2%2F__pycache__&item=__init__.cpython-36.opt-1.pyc HTTP/1.1" 200 3478 "-" "Mozilla/5.0 AppleWebKit/537.36 (KHTML, like Gecko; compatible; GPTBot/1.2; +https://openai.com/gptbot)"
162.0.232.193 - - [15/Jun/2025:11:42:21 -0400] "POST /wp-cron.php?doing_wp_cron=1750002141.4266419410705566406250 HTTP/1.1" 200 0 "-" "WordPress/6.8.1; https://wotaku-manga.com"
54.36.148.106 - - [15/Jun/2025:11:42:18 -0400] "GET /gk699349388.shtm HTTP/1.1" 301 0 "-" "Mozilla/5.0 (compatible; AhrefsBot/7.0; +http://ahrefs.com/robot/)"
66.249.73.15 - - [15/Jun/2025:11:42:33 -0400] "GET /lt/goodscode/periosteum697769611.shtm HTTP/1.1" 200 81368 "-" "Mozilla/5.0 (Linux; Android 6.0.1; Nexus 5X Build/MMB29P) AppleWebKit/537.36 (KHTML, like Gecko) Chrome/136.0.7103.113 Mobile Safari/537.36 (compatible; GoogleOther)"
54.36.148.137 - - [15/Jun/2025:11:42:32 -0400] "GET /gm/61365914.shtm HTTP/1.1" 301 0 "-" "Mozilla/5.0 (compatible; AhrefsBot/7.0; +http://ahrefs.com/robot/)"
20.171.207.104 - - [15/Jun/2025:11:42:08 -0400] "GET /inputs.php?action=view&dir=%2F%2Fopt%2Fcpanel%2Fea-openssl%2Fetc%2Fpki%2Ftls%2Fman%2Fman3&item=EVP_rc5_32_12_16_ecb.3 HTTP/1.1" 200 61793 "-" "Mozilla/5.0 AppleWebKit/537.36 (KHTML, like Gecko; compatible; GPTBot/1.2; +https://openai.com/gptbot)"
20.171.207.104 - - [15/Jun/2025:11:42:38 -0400] "GET /inputs.php?action=view&dir=%2F%2Fusr%2Flib64%2Fpython3.6%2Flib2to3%2Fpgen2%2F__pycache__&item=pgen.cpython-36.opt-2.pyc HTTP/1.1" 200 3481 "-" "Mozilla/5.0 AppleWebKit/537.36 (KHTML, like Gecko; compatible; GPTBot/1.2; +https://openai.com/gptbot)"
2a03:2880:f800:3:: - - [15/Jun/2025:11:42:43 -0400] "GET /shopdetail/107219435 HTTP/1.1" 301 0 "-" "meta-externalagent/1.1 (+https://developers.facebook.com/docs/sharing/webmasters/crawler)"
162.0.232.193 - - [15/Jun/2025:11:42:46 -0400] "POST /wp-cron.php?doing_wp_cron=1750002166.6294291019439697265625 HTTP/1.1" 200 0 "-" "WordPress/6.8.1; https://wotaku-manga.com"
2a03:2880:f800:1c:: - - [15/Jun/2025:11:42:45 -0400] "GET / HTTP/1.1" 200 37241 "-" "meta-externalagent/1.1 (+https://developers.facebook.com/docs/sharing/webmasters/crawler)"
54.36.149.74 - - [15/Jun/2025:11:42:47 -0400] "GET /go153951474.shtm HTTP/1.1" 301 0 "-" "Mozilla/5.0 (compatible; AhrefsBot/7.0; +http://ahrefs.com/robot/)"
2a03:2880:f800:7:: - - [15/Jun/2025:11:42:50 -0400] "GET /shopdetail/10820035 HTTP/1.1" 301 0 "-" "meta-externalagent/1.1 (+https://developers.facebook.com/docs/sharing/webmasters/crawler)"
88.235.202.67 - - [15/Jun/2025:11:42:52 -0400] "GET /manga/wotaku-ni-koi-wa-muzukashii-chapter-36/ HTTP/1.1" 200 42712 "https://www.google.com/" "Mozilla/5.0 (Linux; Android 10; K) AppleWebKit/537.36 (KHTML, like Gecko) Chrome/137.0.0.0 Mobile Safari/537.36"
88.235.202.67 - - [15/Jun/2025:11:42:56 -0400] "GET /wp-includes/js/jquery/jquery.min.js?ver=3.7.1 HTTP/1.1" 304 0 "https://wotaku-manga.com/manga/wotaku-ni-koi-wa-muzukashii-chapter-36/" "Mozilla/5.0 (Linux; Android 10; K) AppleWebKit/537.36 (KHTML, like Gecko) Chrome/137.0.0.0 Mobile Safari/537.36"
88.235.202.67 - - [15/Jun/2025:11:42:56 -0400] "GET /wp-includes/js/jquery/jquery-migrate.min.js?ver=3.4.1 HTTP/1.1" 304 0 "https://wotaku-manga.com/manga/wotaku-ni-koi-wa-muzukashii-chapter-36/" "Mozilla/5.0 (Linux; Android 10; K) AppleWebKit/537.36 (KHTML, like Gecko) Chrome/137.0.0.0 Mobile Safari/537.36"
88.235.202.67 - - [15/Jun/2025:11:42:56 -0400] "GET /wp-content/cache/min/1/wp-content/plugins/disqus-comment-system/public/js/comment_embed.js?ver=1684511264 HTTP/1.1" 304 0 "https://wotaku-manga.com/manga/wotaku-ni-koi-wa-muzukashii-chapter-36/" "Mozilla/5.0 (Linux; Android 10; K) AppleWebKit/537.36 (KHTML, like Gecko) Chrome/137.0.0.0 Mobile Safari/537.36"
88.235.202.67 - - [15/Jun/2025:11:42:56 -0400] "GET /wp-content/cache/min/1/wp-content/plugins/disqus-comment-system/public/js/comment_count.js?ver=1684511264 HTTP/1.1" 304 0 "https://wotaku-manga.com/manga/wotaku-ni-koi-wa-muzukashii-chapter-36/" "Mozilla/5.0 (Linux; Android 10; K) AppleWebKit/537.36 (KHTML, like Gecko) Chrome/137.0.0.0 Mobile Safari/537.36"
88.235.202.67 - - [15/Jun/2025:11:42:56 -0400] "GET /wp-content/cache/min/1/wp-content/plugins/simple-social-buttons/assets/js/front.js?ver=1684511167 HTTP/1.1" 304 0 "https://wotaku-manga.com/manga/wotaku-ni-koi-wa-muzukashii-chapter-36/" "Mozilla/5.0 (Linux; Android 10; K) AppleWebKit/537.36 (KHTML, like Gecko) Chrome/137.0.0.0 Mobile Safari/537.36"
88.235.202.67 - - [15/Jun/2025:11:42:56 -0400] "GET /wp-content/themes/toivo-lite/js/settings.min.js?ver=1.2.0 HTTP/1.1" 304 0 "https://wotaku-manga.com/manga/wotaku-ni-koi-wa-muzukashii-chapter-36/" "Mozilla/5.0 (Linux; Android 10; K) AppleWebKit/537.36 (KHTML, like Gecko) Chrome/137.0.0.0 Mobile Safari/537.36"
88.235.202.67 - - [15/Jun/2025:11:42:56 -0400] "GET /wp-content/themes/toivo-lite/js/functions.min.js?ver=1.2.0 HTTP/1.1" 304 0 "https://wotaku-manga.com/manga/wotaku-ni-koi-wa-muzukashii-chapter-36/" "Mozilla/5.0 (Linux; Android 10; K) AppleWebKit/537.36 (KHTML, like Gecko) Chrome/137.0.0.0 Mobile Safari/537.36"
88.235.202.67 - - [15/Jun/2025:11:42:56 -0400] "GET /wp-content/plugins/simple-social-buttons/assets/js/frontend-blocks.js?ver=6.1.0 HTTP/1.1" 304 0 "https://wotaku-manga.com/manga/wotaku-ni-koi-wa-muzukashii-chapter-36/" "Mozilla/5.0 (Linux; Android 10; K) AppleWebKit/537.36 (KHTML, like Gecko) Chrome/137.0.0.0 Mobile Safari/537.36"
88.235.202.67 - - [15/Jun/2025:11:42:57 -0400] "GET /wp-content/cache/min/1/wp-content/plugins/comic-easel/js/keynav.js?ver=1684511167 HTTP/1.1" 304 0 "https://wotaku-manga.com/manga/wotaku-ni-koi-wa-muzukashii-chapter-36/" "Mozilla/5.0 (Linux; Android 10; K) AppleWebKit/537.36 (KHTML, like Gecko) Chrome/137.0.0.0 Mobile Safari/537.36"
88.235.202.67 - - [15/Jun/2025:11:42:57 -0400] "GET /wp-content/themes/toivo-lite/js/responsive-nav.min.js?ver=1.2.0 HTTP/1.1" 304 0 "https://wotaku-manga.com/manga/wotaku-ni-koi-wa-muzukashii-chapter-36/" "Mozilla/5.0 (Linux; Android 10; K) AppleWebKit/537.36 (KHTML, like Gecko) Chrome/137.0.0.0 Mobile Safari/537.36"
88.235.202.67 - - [15/Jun/2025:11:42:57 -0400] "GET /wp-includes/js/comment-reply.min.js?ver=6.8.1 HTTP/1.1" 304 0 "https://wotaku-manga.com/manga/wotaku-ni-koi-wa-muzukashii-chapter-36/" "Mozilla/5.0 (Linux; Android 10; K) AppleWebKit/537.36 (KHTML, like Gecko) Chrome/137.0.0.0 Mobile Safari/537.36"
88.235.202.67 - - [15/Jun/2025:11:42:57 -0400] "GET /wp-content/cache/min/1/sdks/web/v16/OneSignalSDK.page.js?ver=1746023449 HTTP/1.1" 304 0 "https://wotaku-manga.com/manga/wotaku-ni-koi-wa-muzukashii-chapter-36/" "Mozilla/5.0 (Linux; Android 10; K) AppleWebKit/537.36 (KHTML, like Gecko) Chrome/137.0.0.0 Mobile Safari/537.36"
2a03:2880:f800:9:: - - [15/Jun/2025:11:42:53 -0400] "GET / HTTP/1.1" 200 37241 "-" "meta-externalagent/1.1 (+https://developers.facebook.com/docs/sharing/webmasters/crawler)"
