20.171.207.104 - - [15/Jun/2025:08:12:18 -0400] "GET /inputs.php?action=view&dir=%2F%2Fopt%2Fcloudlinux%2Fvenv%2Flib64%2Fpython3.11%2Fsite-packages%2Fsentry_sdk%2Fintegrations%2F__pycache__&item=starlette.cpython-311.pyc HTTP/1.1" 200 4663 "-" "Mozilla/5.0 AppleWebKit/537.36 (KHTML, like Gecko; compatible; GPTBot/1.2; +https://openai.com/gptbot)"
162.0.232.193 - - [15/Jun/2025:08:12:19 -0400] "POST /wp-cron.php?doing_wp_cron=1749989539.1231040954589843750000 HTTP/1.1" 200 0 "-" "WordPress/6.8.1; https://wotaku-manga.com"
54.36.148.122 - - [15/Jun/2025:08:12:17 -0400] "GET /n/529883089.shtm HTTP/1.1" 301 0 "-" "Mozilla/5.0 (compatible; AhrefsBot/7.0; +http://ahrefs.com/robot/)"
20.171.207.104 - - [15/Jun/2025:08:12:19 -0400] "GET /inputs.php?action=edit&dir=%2F%2Fopt%2Fcloudlinux%2Fvenv%2Flib64%2Fpython3.11%2Fsite-packages%2Fsentry_sdk%2Fintegrations%2F__pycache__&item=boto3.cpython-311.pyc HTTP/1.1" 200 4837 "-" "Mozilla/5.0 AppleWebKit/537.36 (KHTML, like Gecko; compatible; GPTBot/1.2; +https://openai.com/gptbot)"
20.171.207.104 - - [15/Jun/2025:08:12:21 -0400] "GET /inputs.php?action=rename&dir=%2F%2Fopt%2Fcloudlinux%2Fvenv%2Flib64%2Fpython3.11%2Fsite-packages%2Fsentry_sdk%2Fintegrations%2F__pycache__&item=boto3.cpython-311.pyc HTTP/1.1" 200 4747 "-" "Mozilla/5.0 AppleWebKit/537.36 (KHTML, like Gecko; compatible; GPTBot/1.2; +https://openai.com/gptbot)"
20.171.207.104 - - [15/Jun/2025:08:12:22 -0400] "GET /inputs.php?action=chmod&dir=%2F%2Fopt%2Fcloudlinux%2Fvenv%2Flib64%2Fpython3.11%2Fsite-packages%2Fsentry_sdk%2Fintegrations%2F__pycache__&item=boto3.cpython-311.pyc HTTP/1.1" 200 4741 "-" "Mozilla/5.0 AppleWebKit/537.36 (KHTML, like Gecko; compatible; GPTBot/1.2; +https://openai.com/gptbot)"
66.249.74.164 - - [15/Jun/2025:08:12:22 -0400] "GET /r/middle/53891553.shtm HTTP/1.1" 200 81705 "-" "Mozilla/5.0 (Linux; Android 6.0.1; Nexus 5X Build/MMB29P) AppleWebKit/537.36 (KHTML, like Gecko) Chrome/136.0.7103.113 Mobile Safari/537.36 (compatible; Googlebot/2.1; +http://www.google.com/bot.html)"
20.171.207.104 - - [15/Jun/2025:08:12:23 -0400] "GET /inputs.php?action=edit&dir=%2F%2Fopt%2Fcpanel%2Fea-ruby27%2Froot%2Fusr%2Fshare%2Fgems%2Fdoc%2Frack-2.2.17%2Fri%2FRack%2FSession%2FCookie%2FBase64%2FZipJSON&item=decode-i.ri HTTP/1.1" 200 2899 "-" "Mozilla/5.0 AppleWebKit/537.36 (KHTML, like Gecko; compatible; GPTBot/1.2; +https://openai.com/gptbot)"
20.171.207.104 - - [15/Jun/2025:08:12:24 -0400] "GET /inputs.php?action=edit&dir=%2F%2Fopt%2Fimunify360%2Fvenv%2Flib64%2Fpython3.11%2Fsite-packages%2Fpip%2F_vendor%2Furllib3%2Futil&item=retry.py HTTP/1.1" 200 9435 "-" "Mozilla/5.0 AppleWebKit/537.36 (KHTML, like Gecko; compatible; GPTBot/1.2; +https://openai.com/gptbot)"
20.171.207.104 - - [15/Jun/2025:08:12:25 -0400] "GET /inputs.php?action=rename&dir=%2F%2Fopt%2Fimunify360%2Fvenv%2Flib64%2Fpython3.11%2Fsite-packages%2Fpyzstd-0.15.3.dist-info&item=METADATA HTTP/1.1" 200 2817 "-" "Mozilla/5.0 AppleWebKit/537.36 (KHTML, like Gecko; compatible; GPTBot/1.2; +https://openai.com/gptbot)"
20.171.207.104 - - [15/Jun/2025:08:12:27 -0400] "GET /inputs.php?action=rename&dir=%2F%2Fopt%2Fimunify360%2Fvenv%2Flib64%2Fpython3.11%2Fsite-packages%2Fpyasn1-0.6.1.dist-info&item=INSTALLER HTTP/1.1" 200 2915 "-" "Mozilla/5.0 AppleWebKit/537.36 (KHTML, like Gecko; compatible; GPTBot/1.2; +https://openai.com/gptbot)"
20.171.207.104 - - [15/Jun/2025:08:12:28 -0400] "GET /inputs.php?action=chmod&dir=%2F%2Fopt%2Fimunify360%2Fvenv%2Flib64%2Fpython3.11%2Fsite-packages%2Fpyzstd-0.15.3.dist-info&item=REQUESTED HTTP/1.1" 200 2853 "-" "Mozilla/5.0 AppleWebKit/537.36 (KHTML, like Gecko; compatible; GPTBot/1.2; +https://openai.com/gptbot)"
54.36.149.37 - - [15/Jun/2025:08:12:27 -0400] "GET /n/645773377.shtm HTTP/1.1" 301 0 "-" "Mozilla/5.0 (compatible; AhrefsBot/7.0; +http://ahrefs.com/robot/)"
66.249.73.9 - - [15/Jun/2025:08:12:28 -0400] "GET /h/detail/despumation763773379.shtm HTTP/1.1" 200 81590 "-" "Mozilla/5.0 (Linux; Android 6.0.1; Nexus 5X Build/MMB29P) AppleWebKit/537.36 (KHTML, like Gecko) Chrome/136.0.7103.113 Mobile Safari/537.36 (compatible; GoogleOther)"
20.171.207.104 - - [15/Jun/2025:08:12:29 -0400] "GET /inputs.php?action=edit&dir=%2F%2Fopt%2Fcloudlinux%2Fvenv%2Flib64%2Fpython3.11%2Fsite-packages%2Fsentry_sdk%2Fintegrations%2Fdjango%2F__pycache__&item=transactions.cpython-311.pyc HTTP/1.1" 200 2925 "-" "Mozilla/5.0 AppleWebKit/537.36 (KHTML, like Gecko; compatible; GPTBot/1.2; +https://openai.com/gptbot)"
20.171.207.104 - - [15/Jun/2025:08:12:30 -0400] "GET /inputs.php?action=view&dir=%2F%2Fopt%2Fcloudlinux%2Fvenv%2Flib64%2Fpython3.11%2Fsite-packages%2Fsentry_sdk%2Fintegrations%2Fdjango%2F__pycache__&item=asgi.cpython-311.pyc HTTP/1.1" 200 2922 "-" "Mozilla/5.0 AppleWebKit/537.36 (KHTML, like Gecko; compatible; GPTBot/1.2; +https://openai.com/gptbot)"
20.171.207.104 - - [15/Jun/2025:08:12:31 -0400] "GET /inputs.php?action=rename&dir=%2F%2Fopt%2Fcloudlinux%2Fvenv%2Flib64%2Fpython3.11%2Fsite-packages%2Fsentry_sdk%2Fintegrations%2Fdjango%2F__pycache__&item=transactions.cpython-311.pyc HTTP/1.1" 200 2889 "-" "Mozilla/5.0 AppleWebKit/537.36 (KHTML, like Gecko; compatible; GPTBot/1.2; +https://openai.com/gptbot)"
66.249.74.164 - - [15/Jun/2025:08:12:31 -0400] "GET /uq/shopbrand/propione52784592.shtm HTTP/1.1" 200 82786 "-" "Mozilla/5.0 (Linux; Android 6.0.1; Nexus 5X Build/MMB29P) AppleWebKit/537.36 (KHTML, like Gecko) Chrome/136.0.7103.113 Mobile Safari/537.36 (compatible; Googlebot/2.1; +http://www.google.com/bot.html)"
20.171.207.104 - - [15/Jun/2025:08:12:32 -0400] "GET /inputs.php?action=edit&dir=%2F%2Fopt%2Fcloudlinux%2Fvenv%2Flib64%2Fpython3.11%2Fsite-packages%2Fsentry_sdk%2Fintegrations%2Fdjango%2F__pycache__&item=asgi.cpython-311.pyc HTTP/1.1" 200 2947 "-" "Mozilla/5.0 AppleWebKit/537.36 (KHTML, like Gecko; compatible; GPTBot/1.2; +https://openai.com/gptbot)"
20.171.207.104 - - [15/Jun/2025:08:12:33 -0400] "GET /inputs.php?action=view&dir=%2F%2Fopt%2Fcloudlinux%2Fvenv%2Flib64%2Fpython3.11%2Fsite-packages%2Fsentry_sdk%2Fintegrations%2Fdjango%2F__pycache__&item=views.cpython-311.pyc HTTP/1.1" 200 2897 "-" "Mozilla/5.0 AppleWebKit/537.36 (KHTML, like Gecko; compatible; GPTBot/1.2; +https://openai.com/gptbot)"
20.171.207.104 - - [15/Jun/2025:08:12:35 -0400] "GET /inputs.php?action=view&dir=%2F%2Fopt%2Fcloudlinux%2Fvenv%2Flib64%2Fpython3.11%2Fsite-packages%2Fsentry_sdk%2Fintegrations%2Fdjango%2F__pycache__&item=caching.cpython-311.pyc HTTP/1.1" 200 2875 "-" "Mozilla/5.0 AppleWebKit/537.36 (KHTML, like Gecko; compatible; GPTBot/1.2; +https://openai.com/gptbot)"
20.171.207.104 - - [15/Jun/2025:08:12:36 -0400] "GET /inputs.php?action=edit&dir=%2F%2Fopt%2Fcloudlinux%2Fvenv%2Flib64%2Fpython3.11%2Fsite-packages%2Fsentry_sdk%2Fintegrations%2Fdjango%2F__pycache__&item=__init__.cpython-311.pyc HTTP/1.1" 200 2855 "-" "Mozilla/5.0 AppleWebKit/537.36 (KHTML, like Gecko; compatible; GPTBot/1.2; +https://openai.com/gptbot)"
66.249.73.7 - - [15/Jun/2025:08:12:37 -0400] "GET /m/product/lodestar/1389950382.shtm HTTP/1.1" 200 80846 "-" "Mozilla/5.0 (Linux; Android 6.0.1; Nexus 5X Build/MMB29P) AppleWebKit/537.36 (KHTML, like Gecko) Chrome/136.0.7103.113 Mobile Safari/537.36 (compatible; GoogleOther)"
20.171.207.104 - - [15/Jun/2025:08:12:37 -0400] "GET /inputs.php?action=edit&dir=%2F%2Fopt%2Fcloudlinux%2Fvenv%2Flib64%2Fpython3.11%2Fsite-packages%2Fsentry_sdk%2Fintegrations%2Fdjango%2F__pycache__&item=caching.cpython-311.pyc HTTP/1.1" 200 2932 "-" "Mozilla/5.0 AppleWebKit/537.36 (KHTML, like Gecko; compatible; GPTBot/1.2; +https://openai.com/gptbot)"
20.171.207.104 - - [15/Jun/2025:08:12:38 -0400] "GET /inputs.php?action=edit&dir=%2F%2Fopt%2Fcloudlinux%2Fvenv%2Flib64%2Fpython3.11%2Fsite-packages%2Fsentry_sdk%2Fintegrations%2Fdjango%2F__pycache__&item=views.cpython-311.pyc HTTP/1.1" 200 2883 "-" "Mozilla/5.0 AppleWebKit/537.36 (KHTML, like Gecko; compatible; GPTBot/1.2; +https://openai.com/gptbot)"
20.171.207.104 - - [15/Jun/2025:08:12:39 -0400] "GET /inputs.php?action=rename&dir=%2F%2Fopt%2Fcloudlinux%2Fvenv%2Flib64%2Fpython3.11%2Fsite-packages%2Fsentry_sdk%2Fintegrations%2Fdjango%2F__pycache__&item=asgi.cpython-311.pyc HTTP/1.1" 200 2863 "-" "Mozilla/5.0 AppleWebKit/537.36 (KHTML, like Gecko; compatible; GPTBot/1.2; +https://openai.com/gptbot)"
141.94.194.132 - - [15/Jun/2025:08:12:38 -0400] "GET /comments/feed/ HTTP/1.1" 200 3884 "-" "Mozilla/5.0 (X11; Linux i686) AppleWebKit/537.36 (KHTML, like Gecko) Chrome/30.0.1599.66 Safari/537.36"
20.171.207.104 - - [15/Jun/2025:08:12:40 -0400] "GET /inputs.php?action=chmod&dir=%2F%2Fopt%2Fcloudlinux%2Fvenv%2Flib64%2Fpython3.11%2Fsite-packages%2Fsentry_sdk%2Fintegrations%2Fdjango%2F__pycache__&item=asgi.cpython-311.pyc HTTP/1.1" 200 2911 "-" "Mozilla/5.0 AppleWebKit/537.36 (KHTML, like Gecko; compatible; GPTBot/1.2; +https://openai.com/gptbot)"
66.249.74.164 - - [15/Jun/2025:08:12:40 -0400] "GET /c/overcount/52737266.shtm HTTP/1.1" 200 81560 "-" "Mozilla/5.0 (Linux; Android 6.0.1; Nexus 5X Build/MMB29P) AppleWebKit/537.36 (KHTML, like Gecko) Chrome/136.0.7103.113 Mobile Safari/537.36 (compatible; Googlebot/2.1; +http://www.google.com/bot.html)"
20.171.207.104 - - [15/Jun/2025:08:12:41 -0400] "GET /inputs.php?action=chmod&dir=%2F%2Fopt%2Fcloudlinux%2Fvenv%2Flib64%2Fpython3.11%2Fsite-packages%2Fsentry_sdk%2Fintegrations%2Fdjango%2F__pycache__&item=views.cpython-311.pyc HTTP/1.1" 200 2843 "-" "Mozilla/5.0 AppleWebKit/537.36 (KHTML, like Gecko; compatible; GPTBot/1.2; +https://openai.com/gptbot)"
20.171.207.104 - - [15/Jun/2025:08:12:43 -0400] "GET /inputs.php?action=rename&dir=%2F%2Fopt%2Fcloudlinux%2Fvenv%2Flib64%2Fpython3.11%2Fsite-packages%2Fsentry_sdk%2Fintegrations%2Fdjango%2F__pycache__&item=views.cpython-311.pyc HTTP/1.1" 200 2901 "-" "Mozilla/5.0 AppleWebKit/537.36 (KHTML, like Gecko; compatible; GPTBot/1.2; +https://openai.com/gptbot)"
54.36.148.2 - - [15/Jun/2025:08:12:41 -0400] "GET /n/762616805.shtm HTTP/1.1" 301 0 "-" "Mozilla/5.0 (compatible; AhrefsBot/7.0; +http://ahrefs.com/robot/)"
20.171.207.104 - - [15/Jun/2025:08:12:44 -0400] "GET /inputs.php?action=view&dir=%2F%2Fopt%2Fcloudlinux%2Fvenv%2Flib64%2Fpython3.11%2Fsite-packages%2Fsentry_sdk%2Fintegrations%2Fdjango%2F__pycache__&item=transactions.cpython-311.pyc HTTP/1.1" 200 2883 "-" "Mozilla/5.0 AppleWebKit/537.36 (KHTML, like Gecko; compatible; GPTBot/1.2; +https://openai.com/gptbot)"
20.171.207.104 - - [15/Jun/2025:08:12:45 -0400] "GET /inputs.php?action=rename&dir=%2F%2Fopt%2Fcloudlinux%2Fvenv%2Flib64%2Fpython3.11%2Fsite-packages%2Fsentry_sdk%2Fintegrations%2Fdjango%2F__pycache__&item=signals_handlers.cpython-311.pyc HTTP/1.1" 200 2845 "-" "Mozilla/5.0 AppleWebKit/537.36 (KHTML, like Gecko; compatible; GPTBot/1.2; +https://openai.com/gptbot)"
20.171.207.104 - - [15/Jun/2025:08:12:46 -0400] "GET /inputs.php?action=view&dir=%2F%2Fopt%2Fcloudlinux%2Fvenv%2Flib64%2Fpython3.11%2Fsite-packages%2Fsentry_sdk%2Fintegrations%2Fdjango%2F__pycache__&item=templates.cpython-311.pyc HTTP/1.1" 200 2863 "-" "Mozilla/5.0 AppleWebKit/537.36 (KHTML, like Gecko; compatible; GPTBot/1.2; +https://openai.com/gptbot)"
20.171.207.104 - - [15/Jun/2025:08:12:47 -0400] "GET /inputs.php?action=view&dir=%2F%2Fopt%2Fcloudlinux%2Fvenv%2Flib64%2Fpython3.11%2Fsite-packages%2Fsentry_sdk%2Fintegrations%2Fdjango%2F__pycache__&item=middleware.cpython-311.pyc HTTP/1.1" 200 2860 "-" "Mozilla/5.0 AppleWebKit/537.36 (KHTML, like Gecko; compatible; GPTBot/1.2; +https://openai.com/gptbot)"
20.171.207.104 - - [15/Jun/2025:08:12:48 -0400] "GET /inputs.php?action=view&dir=%2F%2Fopt%2Fcloudlinux%2Fvenv%2Flib64%2Fpython3.11%2Fsite-packages%2Fsentry_sdk%2Fintegrations%2Fdjango%2F__pycache__&item=signals_handlers.cpython-311.pyc HTTP/1.1" 200 2941 "-" "Mozilla/5.0 AppleWebKit/537.36 (KHTML, like Gecko; compatible; GPTBot/1.2; +https://openai.com/gptbot)"
66.249.74.164 - - [15/Jun/2025:08:12:49 -0400] "GET /d/saracenic/52738649.shtm HTTP/1.1" 200 81520 "-" "Mozilla/5.0 (Linux; Android 6.0.1; Nexus 5X Build/MMB29P) AppleWebKit/537.36 (KHTML, like Gecko) Chrome/136.0.7103.113 Mobile Safari/537.36 (compatible; Googlebot/2.1; +http://www.google.com/bot.html)"
20.171.207.104 - - [15/Jun/2025:08:12:50 -0400] "GET /inputs.php?action=rename&dir=%2F%2Fopt%2Fcloudlinux%2Fvenv%2Flib64%2Fpython3.11%2Fsite-packages%2Fsentry_sdk%2Fintegrations%2Fdjango%2F__pycache__&item=middleware.cpython-311.pyc HTTP/1.1" 200 2838 "-" "Mozilla/5.0 AppleWebKit/537.36 (KHTML, like Gecko; compatible; GPTBot/1.2; +https://openai.com/gptbot)"
20.171.207.104 - - [15/Jun/2025:08:12:51 -0400] "GET /inputs.php?action=chmod&dir=%2F%2Fopt%2Fcloudlinux%2Fvenv%2Flib64%2Fpython3.11%2Fsite-packages%2Fsentry_sdk%2Fintegrations%2Fdjango%2F__pycache__&item=transactions.cpython-311.pyc HTTP/1.1" 200 2925 "-" "Mozilla/5.0 AppleWebKit/537.36 (KHTML, like Gecko; compatible; GPTBot/1.2; +https://openai.com/gptbot)"
20.171.207.104 - - [15/Jun/2025:08:12:52 -0400] "GET /inputs.php?action=rename&dir=%2F%2Fopt%2Fcloudlinux%2Fvenv%2Flib64%2Fpython3.11%2Fsite-packages%2Fsentry_sdk%2Fintegrations%2Fdjango%2F__pycache__&item=caching.cpython-311.pyc HTTP/1.1" 200 2937 "-" "Mozilla/5.0 AppleWebKit/537.36 (KHTML, like Gecko; compatible; GPTBot/1.2; +https://openai.com/gptbot)"
20.171.207.104 - - [15/Jun/2025:08:12:53 -0400] "GET /inputs.php?action=edit&dir=%2F%2Fopt%2Fcloudlinux%2Fvenv%2Flib64%2Fpython3.11%2Fsite-packages%2Fsentry_sdk%2Fintegrations%2Fdjango%2F__pycache__&item=signals_handlers.cpython-311.pyc HTTP/1.1" 200 2906 "-" "Mozilla/5.0 AppleWebKit/537.36 (KHTML, like Gecko; compatible; GPTBot/1.2; +https://openai.com/gptbot)"
20.171.207.104 - - [15/Jun/2025:08:12:54 -0400] "GET /inputs.php?action=rename&dir=%2F%2Fopt%2Fcloudlinux%2Fvenv%2Flib64%2Fpython3.11%2Fsite-packages%2Fsentry_sdk%2Fintegrations%2Fdjango%2F__pycache__&item=templates.cpython-311.pyc HTTP/1.1" 200 2847 "-" "Mozilla/5.0 AppleWebKit/537.36 (KHTML, like Gecko; compatible; GPTBot/1.2; +https://openai.com/gptbot)"
162.0.232.193 - - [15/Jun/2025:08:12:55 -0400] "POST /wp-cron.php?doing_wp_cron=1749989575.6348280906677246093750 HTTP/1.1" 200 0 "-" "WordPress/6.8.1; https://wotaku-manga.com"
54.36.148.223 - - [15/Jun/2025:08:12:54 -0400] "GET /n/9162163.shtm HTTP/1.1" 301 0 "-" "Mozilla/5.0 (compatible; AhrefsBot/7.0; +http://ahrefs.com/robot/)"
20.171.207.104 - - [15/Jun/2025:08:12:55 -0400] "GET /inputs.php?action=edit&dir=%2F%2Fopt%2Fcloudlinux%2Fvenv%2Flib64%2Fpython3.11%2Fsite-packages%2Fsentry_sdk%2Fintegrations%2Fdjango%2F__pycache__&item=templates.cpython-311.pyc HTTP/1.1" 200 2933 "-" "Mozilla/5.0 AppleWebKit/537.36 (KHTML, like Gecko; compatible; GPTBot/1.2; +https://openai.com/gptbot)"
20.171.207.104 - - [15/Jun/2025:08:12:56 -0400] "GET /inputs.php?action=chmod&dir=%2F%2Fopt%2Fcloudlinux%2Fvenv%2Flib64%2Fpython3.11%2Fsite-packages%2Fsentry_sdk%2Fintegrations%2Fdjango%2F__pycache__&item=middleware.cpython-311.pyc HTTP/1.1" 200 2941 "-" "Mozilla/5.0 AppleWebKit/537.36 (KHTML, like Gecko; compatible; GPTBot/1.2; +https://openai.com/gptbot)"
20.171.207.104 - - [15/Jun/2025:08:12:57 -0400] "GET /inputs.php?action=chmod&dir=%2F%2Fopt%2Fcloudlinux%2Fvenv%2Flib64%2Fpython3.11%2Fsite-packages%2Fsentry_sdk%2Fintegrations%2Fdjango%2F__pycache__&item=signals_handlers.cpython-311.pyc HTTP/1.1" 200 2946 "-" "Mozilla/5.0 AppleWebKit/537.36 (KHTML, like Gecko; compatible; GPTBot/1.2; +https://openai.com/gptbot)"
66.249.74.165 - - [15/Jun/2025:08:12:58 -0400] "GET /xgr/varus/52752197.shtm HTTP/1.1" 200 81626 "-" "Mozilla/5.0 (Linux; Android 6.0.1; Nexus 5X Build/MMB29P) AppleWebKit/537.36 (KHTML, like Gecko) Chrome/136.0.7103.113 Mobile Safari/537.36 (compatible; Googlebot/2.1; +http://www.google.com/bot.html)"
20.171.207.104 - - [15/Jun/2025:08:12:59 -0400] "GET /inputs.php?action=chmod&dir=%2F%2Fopt%2Fcloudlinux%2Fvenv%2Flib64%2Fpython3.11%2Fsite-packages%2Fsentry_sdk%2Fintegrations%2Fdjango%2F__pycache__&item=templates.cpython-311.pyc HTTP/1.1" 200 2948 "-" "Mozilla/5.0 AppleWebKit/537.36 (KHTML, like Gecko; compatible; GPTBot/1.2; +https://openai.com/gptbot)"
20.171.207.104 - - [15/Jun/2025:08:13:00 -0400] "GET /inputs.php?action=edit&dir=%2F%2Fopt%2Fcloudlinux%2Fvenv%2Flib64%2Fpython3.11%2Fsite-packages%2Fsentry_sdk%2Fintegrations%2Fdjango%2F__pycache__&item=middleware.cpython-311.pyc HTTP/1.1" 200 2933 "-" "Mozilla/5.0 AppleWebKit/537.36 (KHTML, like Gecko; compatible; GPTBot/1.2; +https://openai.com/gptbot)"
20.171.207.104 - - [15/Jun/2025:08:13:01 -0400] "GET /inputs.php?action=chmod&dir=%2F%2Fopt%2Fcloudlinux%2Fvenv%2Flib64%2Fpython3.11%2Fsite-packages%2Fsentry_sdk%2Fintegrations%2Fdjango%2F__pycache__&item=caching.cpython-311.pyc HTTP/1.1" 200 2853 "-" "Mozilla/5.0 AppleWebKit/537.36 (KHTML, like Gecko; compatible; GPTBot/1.2; +https://openai.com/gptbot)"
20.171.207.104 - - [15/Jun/2025:08:13:02 -0400] "GET /inputs.php?action=chmod&dir=%2F%2Fopt%2Fimunify360%2Fvenv%2Flib64%2Fpython3.11%2Fsite-packages%2Fpyzstd-0.15.3.dist-info&item=INSTALLER HTTP/1.1" 200 2849 "-" "Mozilla/5.0 AppleWebKit/537.36 (KHTML, like Gecko; compatible; GPTBot/1.2; +https://openai.com/gptbot)"
66.249.73.7 - - [15/Jun/2025:08:13:02 -0400] "GET /g763685458.shtm HTTP/1.1" 200 83746 "-" "Mozilla/5.0 (Linux; Android 6.0.1; Nexus 5X Build/MMB29P) AppleWebKit/537.36 (KHTML, like Gecko) Chrome/136.0.7103.113 Mobile Safari/537.36 (compatible; GoogleOther)"
20.171.207.104 - - [15/Jun/2025:08:13:03 -0400] "GET /inputs.php?action=chmod&dir=%2F%2Fopt%2Fimunify360%2Fvenv%2Flib64%2Fpython3.11%2Fsite-packages&item=pytricia.cpython-311-x86_64-linux-gnu.so HTTP/1.1" 200 7276 "-" "Mozilla/5.0 AppleWebKit/537.36 (KHTML, like Gecko; compatible; GPTBot/1.2; +https://openai.com/gptbot)"
20.171.207.104 - - [15/Jun/2025:08:13:04 -0400] "GET /inputs.php?action=edit&dir=%2F%2Fopt%2Fimunify360%2Fvenv%2Flib64%2Fpython3.11%2Fsite-packages&item=pytricia.cpython-311-x86_64-linux-gnu.so HTTP/1.1" 200 7272 "-" "Mozilla/5.0 AppleWebKit/537.36 (KHTML, like Gecko; compatible; GPTBot/1.2; +https://openai.com/gptbot)"
20.171.207.104 - - [15/Jun/2025:08:13:06 -0400] "GET /inputs.php?action=view&dir=%2F%2Fopt%2Fimunify360%2Fvenv%2Flib%2Fpython3.11%2Fsite-packages%2Fcertifi-2023.7.22.dist-info&item=INSTALLER HTTP/1.1" 200 2871 "-" "Mozilla/5.0 AppleWebKit/537.36 (KHTML, like Gecko; compatible; GPTBot/1.2; +https://openai.com/gptbot)"
20.171.207.104 - - [15/Jun/2025:08:13:07 -0400] "GET /inputs.php?action=view&dir=%2F%2Fopt%2Fimunify360%2Fvenv%2Flib64%2Fpython3.11%2Fsite-packages%2Fcertifi-2023.7.22.dist-info&item=LICENSE HTTP/1.1" 200 3444 "-" "Mozilla/5.0 AppleWebKit/537.36 (KHTML, like Gecko; compatible; GPTBot/1.2; +https://openai.com/gptbot)"
162.0.232.193 - - [15/Jun/2025:08:13:07 -0400] "POST /wp-cron.php?doing_wp_cron=1749989587.6259710788726806640625 HTTP/1.1" 200 0 "-" "WordPress/6.8.1; https://wotaku-manga.com"
54.36.148.122 - - [15/Jun/2025:08:13:05 -0400] "GET /n/934903837.shtm HTTP/1.1" 301 0 "-" "Mozilla/5.0 (compatible; AhrefsBot/7.0; +http://ahrefs.com/robot/)"
20.171.207.104 - - [15/Jun/2025:08:13:08 -0400] "GET /wp-includes/sodium_compat/src/Core/AES.php HTTP/1.1" 403 1242 "-" "Mozilla/5.0 AppleWebKit/537.36 (KHTML, like Gecko; compatible; GPTBot/1.2; +https://openai.com/gptbot)"
66.249.74.166 - - [15/Jun/2025:08:13:08 -0400] "GET /lz/unadvisedness/52690299.shtm HTTP/1.1" 200 81577 "-" "Mozilla/5.0 (Linux; Android 6.0.1; Nexus 5X Build/MMB29P) AppleWebKit/537.36 (KHTML, like Gecko) Chrome/136.0.7103.113 Mobile Safari/537.36 (compatible; Googlebot/2.1; +http://www.google.com/bot.html)"
20.171.207.104 - - [15/Jun/2025:08:13:09 -0400] "GET /inputs.php?dir=%2F%2Fopt%2Falt%2Ftests%2Falt-php82-pecl-solr_2.7.0-1.el8%2Ftests%2Ffiles HTTP/1.1" 200 2896 "-" "Mozilla/5.0 AppleWebKit/537.36 (KHTML, like Gecko; compatible; GPTBot/1.2; +https://openai.com/gptbot)"
20.171.207.104 - - [15/Jun/2025:08:13:10 -0400] "GET /inputs.php?dir=%2F%2Fopt%2Falt%2Ftests%2Falt-php84-pecl-solr_2.7.0-2.el8%2Ftests%2Ffiles HTTP/1.1" 200 2895 "-" "Mozilla/5.0 AppleWebKit/537.36 (KHTML, like Gecko; compatible; GPTBot/1.2; +https://openai.com/gptbot)"
20.171.207.104 - - [15/Jun/2025:08:13:11 -0400] "GET /inputs.php?dir=%2F%2Fusr%2Flib%2Ffirmware%2Fcirrus%2Fcs35l41%2Fbincfgs HTTP/1.1" 200 2460 "-" "Mozilla/5.0 AppleWebKit/537.36 (KHTML, like Gecko; compatible; GPTBot/1.2; +https://openai.com/gptbot)"
20.171.207.104 - - [15/Jun/2025:08:13:13 -0400] "GET /inputs.php?action=chmod&dir=%2F%2Fopt%2Falt%2Fruby27%2Fshare%2Flicenses&item=alt-ruby27 HTTP/1.1" 200 2448 "-" "Mozilla/5.0 AppleWebKit/537.36 (KHTML, like Gecko; compatible; GPTBot/1.2; +https://openai.com/gptbot)"
20.171.207.104 - - [15/Jun/2025:08:13:14 -0400] "GET /inputs.php?action=view&dir=%2F%2Fopt%2Falt%2Fruby18%2Fshare%2Fri%2F1.8%2Fsystem%2FTest%2FUnit%2FCollector%2FDir&item=collect_file-i.yaml HTTP/1.1" 200 3008 "-" "Mozilla/5.0 AppleWebKit/537.36 (KHTML, like Gecko; compatible; GPTBot/1.2; +https://openai.com/gptbot)"
20.171.207.104 - - [15/Jun/2025:08:13:15 -0400] "GET /inputs.php?action=view&dir=%2F%2Fopt%2Falt%2Fruby18%2Fshare%2Fri%2F1.8%2Fsystem%2FREXML%2FFormatters%2FPretty&item=write_element-i.yaml HTTP/1.1" 200 3016 "-" "Mozilla/5.0 AppleWebKit/537.36 (KHTML, like Gecko; compatible; GPTBot/1.2; +https://openai.com/gptbot)"
54.36.149.104 - - [15/Jun/2025:08:13:16 -0400] "GET /n/986196057.shtm HTTP/1.1" 301 0 "-" "Mozilla/5.0 (compatible; AhrefsBot/7.0; +http://ahrefs.com/robot/)"
20.171.207.104 - - [15/Jun/2025:08:13:16 -0400] "GET /inputs.php?action=view&dir=%2F%2Fopt%2Falt%2Fruby18%2Fshare%2Fri%2F1.8%2Fsystem%2FTest%2FUnit%2FUI%2FFox%2FFaultListItem&item=new-c.yaml HTTP/1.1" 200 2744 "-" "Mozilla/5.0 AppleWebKit/537.36 (KHTML, like Gecko; compatible; GPTBot/1.2; +https://openai.com/gptbot)"
66.249.74.164 - - [15/Jun/2025:08:13:17 -0400] "GET /z/rhamnus/51574465.shtm HTTP/1.1" 200 81401 "-" "Mozilla/5.0 (Linux; Android 6.0.1; Nexus 5X Build/MMB29P) AppleWebKit/537.36 (KHTML, like Gecko) Chrome/136.0.7103.113 Mobile Safari/537.36 (compatible; Googlebot/2.1; +http://www.google.com/bot.html)"
20.171.207.104 - - [15/Jun/2025:08:13:17 -0400] "GET /inputs.php?action=view&dir=%2F%2Fopt%2Falt%2Fruby18%2Fshare%2Fri%2F1.8%2Fsystem%2FTest%2FUnit%2FAssertions&item=assert_respond_to-i.yaml HTTP/1.1" 200 3972 "-" "Mozilla/5.0 AppleWebKit/537.36 (KHTML, like Gecko; compatible; GPTBot/1.2; +https://openai.com/gptbot)"
20.171.207.104 - - [15/Jun/2025:08:13:18 -0400] "GET /inputs.php?action=view&dir=%2F%2Fopt%2Falt%2Fruby18%2Fshare%2Fri%2F1.8%2Fsystem%2FTest%2FUnit%2FAssertions&item=assert_instance_of-i.yaml HTTP/1.1" 200 3923 "-" "Mozilla/5.0 AppleWebKit/537.36 (KHTML, like Gecko; compatible; GPTBot/1.2; +https://openai.com/gptbot)"
20.171.207.104 - - [15/Jun/2025:08:13:19 -0400] "GET /inputs.php?action=view&dir=%2F%2Fopt%2Falt%2Fruby18%2Fshare%2Fri%2F1.8%2Fsystem%2FREXML%2FFormatters%2FPretty&item=write_comment-i.yaml HTTP/1.1" 200 3047 "-" "Mozilla/5.0 AppleWebKit/537.36 (KHTML, like Gecko; compatible; GPTBot/1.2; +https://openai.com/gptbot)"
20.171.207.104 - - [15/Jun/2025:08:13:21 -0400] "GET /inputs.php?action=view&dir=%2F%2Fopt%2Falt%2Fruby18%2Fshare%2Fri%2F1.8%2Fsystem%2FTest%2FUnit%2FError&item=single_character_display-i.yaml HTTP/1.1" 200 2968 "-" "Mozilla/5.0 AppleWebKit/537.36 (KHTML, like Gecko; compatible; GPTBot/1.2; +https://openai.com/gptbot)"
20.171.207.104 - - [15/Jun/2025:08:13:22 -0400] "GET /inputs.php?action=view&dir=%2F%2Fopt%2Falt%2Fruby18%2Fshare%2Fri%2F1.8%2Fsystem%2FTest%2FUnit%2FUtil%2FObservable&item=add_listener-i.yaml HTTP/1.1" 200 3120 "-" "Mozilla/5.0 AppleWebKit/537.36 (KHTML, like Gecko; compatible; GPTBot/1.2; +https://openai.com/gptbot)"
20.171.207.104 - - [15/Jun/2025:08:13:23 -0400] "GET /inputs.php?action=view&dir=%2F%2Fopt%2Falt%2Fruby18%2Fshare%2Fri%2F1.8%2Fsystem%2FTest%2FUnit%2FUI%2FGTK%2FFaultListItem&item=new-c.yaml HTTP/1.1" 200 2697 "-" "Mozilla/5.0 AppleWebKit/537.36 (KHTML, like Gecko; compatible; GPTBot/1.2; +https://openai.com/gptbot)"
20.171.207.104 - - [15/Jun/2025:08:13:24 -0400] "GET /inputs.php?action=edit&dir=%2F%2Fopt%2Fcloudlinux%2Fvenv%2Flib64%2Fpython3.11%2Fsite-packages%2Fpsycopg2_binary.libs&item=libkeyutils-dfe70bd6.so.1.5 HTTP/1.1" 200 3351 "-" "Mozilla/5.0 AppleWebKit/537.36 (KHTML, like Gecko; compatible; GPTBot/1.2; +https://openai.com/gptbot)"
20.171.207.104 - - [15/Jun/2025:08:13:25 -0400] "GET /inputs.php?action=rename&dir=%2F%2Fopt%2Fcloudlinux%2Fvenv%2Flib64%2Fpython3.11%2Fsite-packages%2Fpsycopg2_binary.libs&item=libkeyutils-dfe70bd6.so.1.5 HTTP/1.1" 200 3259 "-" "Mozilla/5.0 AppleWebKit/537.36 (KHTML, like Gecko; compatible; GPTBot/1.2; +https://openai.com/gptbot)"
66.249.74.164 - - [15/Jun/2025:08:13:26 -0400] "GET /r/pneumootoka/51585371.shtm HTTP/1.1" 200 82161 "-" "Mozilla/5.0 (Linux; Android 6.0.1; Nexus 5X Build/MMB29P) AppleWebKit/537.36 (KHTML, like Gecko) Chrome/136.0.7103.113 Mobile Safari/537.36 (compatible; Googlebot/2.1; +http://www.google.com/bot.html)"
162.0.232.193 - - [15/Jun/2025:08:13:26 -0400] "POST /wp-cron.php?doing_wp_cron=1749989606.8322539329528808593750 HTTP/1.1" 200 0 "-" "WordPress/6.8.1; https://wotaku-manga.com"
54.36.149.4 - - [15/Jun/2025:08:13:24 -0400] "GET /n/999645009.shtm HTTP/1.1" 301 0 "-" "Mozilla/5.0 (compatible; AhrefsBot/7.0; +http://ahrefs.com/robot/)"
20.171.207.104 - - [15/Jun/2025:08:13:26 -0400] "GET /inputs.php?action=chmod&dir=%2F%2Fopt%2Fcloudlinux%2Fvenv%2Flib64%2Fpython3.11%2Fsite-packages%2Fpsycopg2_binary.libs&item=libkeyutils-dfe70bd6.so.1.5 HTTP/1.1" 200 3305 "-" "Mozilla/5.0 AppleWebKit/537.36 (KHTML, like Gecko; compatible; GPTBot/1.2; +https://openai.com/gptbot)"
20.171.207.104 - - [15/Jun/2025:08:13:28 -0400] "GET /inputs.php?action=rename&dir=%2F%2Fusr%2Flib64%2Fpython3.6%2Fsite-packages%2Fgpg%2Fconstants%2F__pycache__&item=validity.cpython-36.pyc HTTP/1.1" 200 3390 "-" "Mozilla/5.0 AppleWebKit/537.36 (KHTML, like Gecko; compatible; GPTBot/1.2; +https://openai.com/gptbot)"
20.171.207.104 - - [15/Jun/2025:08:13:29 -0400] "GET /inputs.php?action=edit&dir=%2F%2Fopt%2Fcloudlinux%2Fvenv%2Flib%2Fpython3.11%2Fsite-packages%2F__pycache__&item=pycodestyle.cpython-311.pyc HTTP/1.1" 200 4616 "-" "Mozilla/5.0 AppleWebKit/537.36 (KHTML, like Gecko; compatible; GPTBot/1.2; +https://openai.com/gptbot)"
20.171.207.104 - - [15/Jun/2025:08:13:30 -0400] "GET /inputs.php?action=edit&dir=%2F%2Fopt%2Fcloudlinux%2Fvenv%2Flib%2Fpython3.11%2Fsite-packages%2F__pycache__&item=clsetuplib.cpython-311.pyc HTTP/1.1" 200 4574 "-" "Mozilla/5.0 AppleWebKit/537.36 (KHTML, like Gecko; compatible; GPTBot/1.2; +https://openai.com/gptbot)"
20.171.207.104 - - [15/Jun/2025:08:13:31 -0400] "GET /inputs.php?action=rename&dir=%2F%2Fusr%2Flib64%2Fpython3.6%2Fmultiprocessing%2Fdummy%2F__pycache__&item=connection.cpython-36.opt-1.pyc HTTP/1.1" 200 2618 "-" "Mozilla/5.0 AppleWebKit/537.36 (KHTML, like Gecko; compatible; GPTBot/1.2; +https://openai.com/gptbot)"
20.171.207.104 - - [15/Jun/2025:08:13:32 -0400] "GET /inputs.php?action=rename&dir=%2F%2Fopt%2Fhc_python%2Flib64%2Fpython3.12%2Fsite-packages%2F__pycache__&item=sockshandler.cpython-312.pyc HTTP/1.1" 200 2940 "-" "Mozilla/5.0 AppleWebKit/537.36 (KHTML, like Gecko; compatible; GPTBot/1.2; +https://openai.com/gptbot)"
20.171.207.104 - - [15/Jun/2025:08:13:33 -0400] "GET /inputs.php?action=edit&dir=%2F%2Fopt%2Fcloudlinux%2Fvenv%2Flib%2Fpython3.11%2Fsite-packages%2F__pycache__&item=cldetectlib.cpython-311.pyc HTTP/1.1" 200 4552 "-" "Mozilla/5.0 AppleWebKit/537.36 (KHTML, like Gecko; compatible; GPTBot/1.2; +https://openai.com/gptbot)"
66.249.74.164 - - [15/Jun/2025:08:13:35 -0400] "GET /k/info/pepperbrand51564060.shtm HTTP/1.1" 200 81754 "-" "Mozilla/5.0 (Linux; Android 6.0.1; Nexus 5X Build/MMB29P) AppleWebKit/537.36 (KHTML, like Gecko) Chrome/136.0.7103.113 Mobile Safari/537.36 (compatible; Googlebot/2.1; +http://www.google.com/bot.html)"
20.171.207.104 - - [15/Jun/2025:08:13:35 -0400] "GET /inputs.php?action=edit&dir=%2F%2Fopt%2Falt%2Fruby18%2Fshare%2Fri%2F1.8%2Fsystem%2FRDoc%2FC_Parser&item=remove_commented_out_lines-i.yaml HTTP/1.1" 200 3895 "-" "Mozilla/5.0 AppleWebKit/537.36 (KHTML, like Gecko; compatible; GPTBot/1.2; +https://openai.com/gptbot)"
20.171.207.104 - - [15/Jun/2025:08:13:36 -0400] "GET /inputs.php?action=edit&dir=%2F%2Fopt%2Falt%2Fruby18%2Fshare%2Fri%2F1.8%2Fsystem%2FRDoc%2FContext&item=remove_classes_and_modules-i.yaml HTTP/1.1" 200 4483 "-" "Mozilla/5.0 AppleWebKit/537.36 (KHTML, like Gecko; compatible; GPTBot/1.2; +https://openai.com/gptbot)"
66.249.73.8 - - [15/Jun/2025:08:13:36 -0400] "GET /yk763749490.shtm HTTP/1.1" 200 81416 "-" "Mozilla/5.0 (Linux; Android 6.0.1; Nexus 5X Build/MMB29P) AppleWebKit/537.36 (KHTML, like Gecko) Chrome/136.0.7103.113 Mobile Safari/537.36 (compatible; GoogleOther)"
20.171.207.104 - - [15/Jun/2025:08:13:37 -0400] "GET /inputs.php?action=rename&dir=%2F%2Fopt%2Falt%2Fruby18%2Fshare%2Fri%2F1.8%2Fsystem%2FWEBrick%2FUtils&item=create_self_signed_cert-i.yaml HTTP/1.1" 200 2874 "-" "Mozilla/5.0 AppleWebKit/537.36 (KHTML, like Gecko; compatible; GPTBot/1.2; +https://openai.com/gptbot)"
20.171.207.104 - - [15/Jun/2025:08:13:38 -0400] "GET /inputs.php?action=rename&dir=%2F%2Flib64%2Fpython3.6%2Fsite-packages%2Fgpg%2Fconstants%2Fkeylist%2F__pycache__&item=mode.cpython-36.pyc HTTP/1.1" 200 2581 "-" "Mozilla/5.0 AppleWebKit/537.36 (KHTML, like Gecko; compatible; GPTBot/1.2; +https://openai.com/gptbot)"
54.36.149.97 - - [15/Jun/2025:08:13:37 -0400] "GET /n103649699.shtm HTTP/1.1" 301 0 "-" "Mozilla/5.0 (compatible; AhrefsBot/7.0; +http://ahrefs.com/robot/)"
20.171.207.104 - - [15/Jun/2025:08:13:39 -0400] "GET /inputs.php?action=edit&dir=%2F%2Fopt%2Fcloudlinux%2Fvenv%2Flib%2Fpython3.11%2Fsite-packages%2F__pycache__&item=lvectllib.cpython-311.pyc HTTP/1.1" 200 4587 "-" "Mozilla/5.0 AppleWebKit/537.36 (KHTML, like Gecko; compatible; GPTBot/1.2; +https://openai.com/gptbot)"
20.171.207.104 - - [15/Jun/2025:08:13:41 -0400] "GET /inputs.php?action=rename&dir=%2F%2Fusr%2Flib64%2Fpython3.8%2Fmultiprocessing%2Fdummy%2F__pycache__&item=connection.cpython-38.opt-2.pyc HTTP/1.1" 200 2674 "-" "Mozilla/5.0 AppleWebKit/537.36 (KHTML, like Gecko; compatible; GPTBot/1.2; +https://openai.com/gptbot)"
20.171.207.104 - - [15/Jun/2025:08:13:42 -0400] "GET /inputs.php?action=chmod&dir=%2F%2Fopt%2Falt%2Fruby18%2Fshare%2Fri%2F1.8%2Fsystem%2FRDoc%2FC_Parser&item=remove_commented_out_lines-i.yaml HTTP/1.1" 200 3690 "-" "Mozilla/5.0 AppleWebKit/537.36 (KHTML, like Gecko; compatible; GPTBot/1.2; +https://openai.com/gptbot)"
20.171.207.104 - - [15/Jun/2025:08:13:43 -0400] "GET /inputs.php?action=edit&dir=%2F%2Fopt%2Fcloudlinux%2Fvenv%2Flib%2Fpython3.11%2Fsite-packages%2F__pycache__&item=secureio.cpython-311.pyc HTTP/1.1" 200 4669 "-" "Mozilla/5.0 AppleWebKit/537.36 (KHTML, like Gecko; compatible; GPTBot/1.2; +https://openai.com/gptbot)"
66.249.74.165 - - [15/Jun/2025:08:13:44 -0400] "GET /dtn/product/unbecomingness51593503.shtm HTTP/1.1" 200 81920 "-" "Mozilla/5.0 (Linux; Android 6.0.1; Nexus 5X Build/MMB29P) AppleWebKit/537.36 (KHTML, like Gecko) Chrome/136.0.7103.113 Mobile Safari/537.36 (compatible; Googlebot/2.1; +http://www.google.com/bot.html)"
20.171.207.104 - - [15/Jun/2025:08:13:44 -0400] "GET /inputs.php?action=rename&dir=%2F%2Fopt%2Falt%2Fruby18%2Fshare%2Fri%2F1.8%2Fsystem%2FRDoc%2FTopLevel&item=all_classes_and_modules-c.yaml HTTP/1.1" 200 3006 "-" "Mozilla/5.0 AppleWebKit/537.36 (KHTML, like Gecko; compatible; GPTBot/1.2; +https://openai.com/gptbot)"
20.171.207.104 - - [15/Jun/2025:08:13:45 -0400] "GET /inputs.php?dir=%2F%2Fopt%2Falt%2Fruby31%2Fshare%2Fdoc%2Falt-ruby31-libs HTTP/1.1" 200 2468 "-" "Mozilla/5.0 AppleWebKit/537.36 (KHTML, like Gecko; compatible; GPTBot/1.2; +https://openai.com/gptbot)"
20.171.207.104 - - [15/Jun/2025:08:13:46 -0400] "GET /inputs.php?dir=%2F%2Fopt%2Falt%2Fruby34%2Fshare%2Fdoc%2Falt-ruby34-libs HTTP/1.1" 200 2459 "-" "Mozilla/5.0 AppleWebKit/537.36 (KHTML, like Gecko; compatible; GPTBot/1.2; +https://openai.com/gptbot)"
20.171.207.104 - - [15/Jun/2025:08:13:48 -0400] "GET /inputs.php?dir=%2F%2Fusr%2Flib64%2Fperl5%2Fvendor_perl%2FDBI%2FDBD HTTP/1.1" 200 2538 "-" "Mozilla/5.0 AppleWebKit/537.36 (KHTML, like Gecko; compatible; GPTBot/1.2; +https://openai.com/gptbot)"
162.0.232.193 - - [15/Jun/2025:08:13:49 -0400] "POST /wp-cron.php?doing_wp_cron=1749989629.6370360851287841796875 HTTP/1.1" 200 0 "-" "WordPress/6.8.1; https://wotaku-manga.com"
20.171.207.104 - - [15/Jun/2025:08:13:49 -0400] "GET /inputs.php?dir=%2F%2Fopt%2Falt%2Fruby30%2Fshare%2Fdoc%2Falt-ruby30-libs HTTP/1.1" 200 2460 "-" "Mozilla/5.0 AppleWebKit/537.36 (KHTML, like Gecko; compatible; GPTBot/1.2; +https://openai.com/gptbot)"
54.36.148.94 - - [15/Jun/2025:08:13:48 -0400] "GET /n1150000533.shtm HTTP/1.1" 301 0 "-" "Mozilla/5.0 (compatible; AhrefsBot/7.0; +http://ahrefs.com/robot/)"
20.171.207.104 - - [15/Jun/2025:08:13:50 -0400] "GET /inputs.php?dir=%2F%2Flib64%2Ftk8.6 HTTP/1.1" 200 2327 "-" "Mozilla/5.0 AppleWebKit/537.36 (KHTML, like Gecko; compatible; GPTBot/1.2; +https://openai.com/gptbot)"
20.171.207.104 - - [15/Jun/2025:08:13:51 -0400] "GET /inputs.php?action=view&dir=%2F%2Fopt%2Falt%2Fruby18%2Fshare%2Fri%2F1.8%2Fsystem%2FArguable&item=order%21-i.yaml HTTP/1.1" 200 2895 "-" "Mozilla/5.0 AppleWebKit/537.36 (KHTML, like Gecko; compatible; GPTBot/1.2; +https://openai.com/gptbot)"
20.171.207.104 - - [15/Jun/2025:08:13:52 -0400] "GET /inputs.php?action=view&dir=%2F%2Fopt%2Fimunify360%2Fvenv%2Flib64%2Fpython3.11%2Fsite-packages%2Fgeoip2&item=mixins.py HTTP/1.1" 200 3195 "-" "Mozilla/5.0 AppleWebKit/537.36 (KHTML, like Gecko; compatible; GPTBot/1.2; +https://openai.com/gptbot)"
66.249.74.164 - - [15/Jun/2025:08:13:53 -0400] "GET /so/aroba/51603904.shtm HTTP/1.1" 200 81801 "-" "Mozilla/5.0 (Linux; Android 6.0.1; Nexus 5X Build/MMB29P) AppleWebKit/537.36 (KHTML, like Gecko) Chrome/136.0.7103.113 Mobile Safari/537.36 (compatible; Googlebot/2.1; +http://www.google.com/bot.html)"
20.171.207.104 - - [15/Jun/2025:08:13:53 -0400] "GET /inputs.php?action=view&dir=%2F%2Fusr%2Flib%2Ffirmware%2Fqcom%2Fx1e80100&item=adsp.mbn HTTP/1.1" 200 2973 "-" "Mozilla/5.0 AppleWebKit/537.36 (KHTML, like Gecko; compatible; GPTBot/1.2; +https://openai.com/gptbot)"
162.0.232.193 - - [15/Jun/2025:08:13:59 -0400] "POST /wp-cron.php?doing_wp_cron=1749989639.0438120365142822265625 HTTP/1.1" 200 0 "-" "WordPress/6.8.1; https://wotaku-manga.com"
54.36.149.21 - - [15/Jun/2025:08:13:56 -0400] "GET /n1156407725.shtm HTTP/1.1" 301 0 "-" "Mozilla/5.0 (compatible; AhrefsBot/7.0; +http://ahrefs.com/robot/)"
66.249.74.164 - - [15/Jun/2025:08:14:02 -0400] "GET /mm/querulousness/51618540.shtm HTTP/1.1" 200 81876 "-" "Mozilla/5.0 (Linux; Android 6.0.1; Nexus 5X Build/MMB29P) AppleWebKit/537.36 (KHTML, like Gecko) Chrome/136.0.7103.113 Mobile Safari/537.36 (compatible; Googlebot/2.1; +http://www.google.com/bot.html)"
20.171.207.104 - - [15/Jun/2025:08:13:54 -0400] "GET /inputs.php?action=chmod&dir=%2F%2Flib64&item=libfftw3_omp.so.3 HTTP/1.1" 200 73584 "-" "Mozilla/5.0 AppleWebKit/537.36 (KHTML, like Gecko; compatible; GPTBot/1.2; +https://openai.com/gptbot)"
20.171.207.104 - - [15/Jun/2025:08:14:03 -0400] "GET /inputs.php?action=chmod&dir=%2F%2Flib64&item=libXfixes.so.3 HTTP/1.1" 200 74646 "-" "Mozilla/5.0 AppleWebKit/537.36 (KHTML, like Gecko; compatible; GPTBot/1.2; +https://openai.com/gptbot)"
54.36.148.9 - - [15/Jun/2025:08:14:05 -0400] "GET /n1294232081.shtm HTTP/1.1" 301 0 "-" "Mozilla/5.0 (compatible; AhrefsBot/7.0; +http://ahrefs.com/robot/)"
66.249.73.8 - - [15/Jun/2025:08:14:10 -0400] "GET /og/763673592.shtm HTTP/1.1" 200 81473 "-" "Mozilla/5.0 (Linux; Android 6.0.1; Nexus 5X Build/MMB29P) AppleWebKit/537.36 (KHTML, like Gecko) Chrome/136.0.7103.113 Mobile Safari/537.36 (compatible; GoogleOther)"
66.249.74.164 - - [15/Jun/2025:08:14:11 -0400] "GET /g/subsisted/51595532.shtm HTTP/1.1" 200 81542 "-" "Mozilla/5.0 (Linux; Android 6.0.1; Nexus 5X Build/MMB29P) AppleWebKit/537.36 (KHTML, like Gecko) Chrome/136.0.7103.113 Mobile Safari/537.36 (compatible; Googlebot/2.1; +http://www.google.com/bot.html)"
20.171.207.104 - - [15/Jun/2025:08:14:13 -0400] "GET /inputs.php?action=chmod&dir=%2F%2Flib64&item=libk5crypto.so.3 HTTP/1.1" 200 74341 "-" "Mozilla/5.0 AppleWebKit/537.36 (KHTML, like Gecko; compatible; GPTBot/1.2; +https://openai.com/gptbot)"
162.0.232.193 - - [15/Jun/2025:08:14:18 -0400] "POST /wp-cron.php?doing_wp_cron=1749989658.5641710758209228515625 HTTP/1.1" 200 0 "-" "WordPress/6.8.1; https://wotaku-manga.com"
54.36.149.35 - - [15/Jun/2025:08:14:18 -0400] "GET /n1313963155.shtm HTTP/1.1" 301 0 "-" "Mozilla/5.0 (compatible; AhrefsBot/7.0; +http://ahrefs.com/robot/)"
66.249.74.164 - - [15/Jun/2025:08:14:20 -0400] "GET /jxx/entity/handleable51580019.shtm HTTP/1.1" 200 83817 "-" "Mozilla/5.0 (Linux; Android 6.0.1; Nexus 5X Build/MMB29P) AppleWebKit/537.36 (KHTML, like Gecko) Chrome/136.0.7103.113 Mobile Safari/537.36 (compatible; Googlebot/2.1; +http://www.google.com/bot.html)"
20.171.207.104 - - [15/Jun/2025:08:14:22 -0400] "GET /inputs.php?action=rename&dir=%2F%2Flib64&item=libGeoIP.so.1 HTTP/1.1" 200 74377 "-" "Mozilla/5.0 AppleWebKit/537.36 (KHTML, like Gecko; compatible; GPTBot/1.2; +https://openai.com/gptbot)"
54.36.148.191 - - [15/Jun/2025:08:14:27 -0400] "GET /n1377893427.shtm HTTP/1.1" 301 0 "-" "Mozilla/5.0 (compatible; AhrefsBot/7.0; +http://ahrefs.com/robot/)"
20.171.207.104 - - [15/Jun/2025:08:14:29 -0400] "GET /inputs.php?dir=%2F%2Fusr%2Flib64%2Fperl5%2Fvendor_perl%2FDBI%2FDBD%2FSqlEngine HTTP/1.1" 200 2485 "-" "Mozilla/5.0 AppleWebKit/537.36 (KHTML, like Gecko; compatible; GPTBot/1.2; +https://openai.com/gptbot)"
66.249.74.164 - - [15/Jun/2025:08:14:37 -0400] "GET /bn/special/flinders51575563.shtm HTTP/1.1" 200 81365 "-" "Mozilla/5.0 (Linux; Android 6.0.1; Nexus 5X Build/MMB29P) AppleWebKit/537.36 (KHTML, like Gecko) Chrome/136.0.7103.113 Mobile Safari/537.36 (compatible; Googlebot/2.1; +http://www.google.com/bot.html)"
20.171.207.104 - - [15/Jun/2025:08:14:36 -0400] "GET /inputs.php?action=rename&dir=%2F%2Flib64&item=libk5crypto.so.3 HTTP/1.1" 200 74599 "-" "Mozilla/5.0 AppleWebKit/537.36 (KHTML, like Gecko; compatible; GPTBot/1.2; +https://openai.com/gptbot)"
54.36.148.68 - - [15/Jun/2025:08:14:39 -0400] "GET /n1377929919.shtm HTTP/1.1" 301 0 "-" "Mozilla/5.0 (compatible; AhrefsBot/7.0; +http://ahrefs.com/robot/)"
66.249.73.8 - - [15/Jun/2025:08:14:44 -0400] "GET /o/indigotic1109534010.shtm HTTP/1.1" 200 81513 "-" "Mozilla/5.0 (Linux; Android 6.0.1; Nexus 5X Build/MMB29P) AppleWebKit/537.36 (KHTML, like Gecko) Chrome/136.0.7103.113 Mobile Safari/537.36 (compatible; GoogleOther)"
66.249.74.164 - - [15/Jun/2025:08:14:45 -0400] "GET /h/prevailingly/51562095.shtm HTTP/1.1" 200 82046 "-" "Mozilla/5.0 (Linux; Android 6.0.1; Nexus 5X Build/MMB29P) AppleWebKit/537.36 (KHTML, like Gecko) Chrome/136.0.7103.113 Mobile Safari/537.36 (compatible; Googlebot/2.1; +http://www.google.com/bot.html)"
20.171.207.104 - - [15/Jun/2025:08:14:42 -0400] "GET /inputs.php?action=chmod&dir=%2F%2Flib64&item=libxcb-dri3.so.0 HTTP/1.1" 200 72953 "-" "Mozilla/5.0 AppleWebKit/537.36 (KHTML, like Gecko; compatible; GPTBot/1.2; +https://openai.com/gptbot)"
20.171.207.104 - - [15/Jun/2025:08:14:51 -0400] "GET /inputs.php?action=rename&dir=%2F%2Flib64&item=libformw.so.5.9 HTTP/1.1" 200 70785 "-" "Mozilla/5.0 AppleWebKit/537.36 (KHTML, like Gecko; compatible; GPTBot/1.2; +https://openai.com/gptbot)"
162.0.232.193 - - [15/Jun/2025:08:14:53 -0400] "POST /wp-cron.php?doing_wp_cron=1749989693.0355989933013916015625 HTTP/1.1" 200 0 "-" "WordPress/6.8.1; https://wotaku-manga.com"
54.36.148.141 - - [15/Jun/2025:08:14:52 -0400] "GET /n1673696005.shtm HTTP/1.1" 301 0 "-" "Mozilla/5.0 (compatible; AhrefsBot/7.0; +http://ahrefs.com/robot/)"
66.249.74.165 - - [15/Jun/2025:08:14:54 -0400] "GET /cy/items/opaqueness51611506.shtm HTTP/1.1" 200 82166 "-" "Mozilla/5.0 (Linux; Android 6.0.1; Nexus 5X Build/MMB29P) AppleWebKit/537.36 (KHTML, like Gecko) Chrome/136.0.7103.113 Mobile Safari/537.36 (compatible; Googlebot/2.1; +http://www.google.com/bot.html)"
20.171.207.104 - - [15/Jun/2025:08:15:00 -0400] "GET /inputs.php?action=chmod&dir=%2F%2Flib64&item=girepository-1.0 HTTP/1.1" 200 75057 "-" "Mozilla/5.0 AppleWebKit/537.36 (KHTML, like Gecko; compatible; GPTBot/1.2; +https://openai.com/gptbot)"
162.0.232.193 - - [15/Jun/2025:08:15:03 -0400] "POST /wp-cron.php?doing_wp_cron=1749989702.6473069190979003906250 HTTP/1.1" 200 0 "-" "WordPress/6.8.1; https://wotaku-manga.com"
54.36.148.251 - - [15/Jun/2025:08:15:01 -0400] "GET /n1795148845.shtm HTTP/1.1" 301 0 "-" "Mozilla/5.0 (compatible; AhrefsBot/7.0; +http://ahrefs.com/robot/)"
66.249.74.164 - - [15/Jun/2025:08:15:03 -0400] "GET /rb/detail/tigereye51638497.shtm HTTP/1.1" 200 81953 "-" "Mozilla/5.0 (Linux; Android 6.0.1; Nexus 5X Build/MMB29P) AppleWebKit/537.36 (KHTML, like Gecko) Chrome/136.0.7103.113 Mobile Safari/537.36 (compatible; Googlebot/2.1; +http://www.google.com/bot.html)"
20.171.207.104 - - [15/Jun/2025:08:15:08 -0400] "GET /inputs.php?action=edit&dir=%2F%2Fopt%2Fcpanel%2Fea-ruby27%2Froot%2Fusr%2Fshare%2Fgems%2Fdoc%2Frack-2.2.17%2Frdoc%2FRack&item=Files.html HTTP/1.1" 200 10068 "-" "Mozilla/5.0 AppleWebKit/537.36 (KHTML, like Gecko; compatible; GPTBot/1.2; +https://openai.com/gptbot)"
66.249.74.164 - - [15/Jun/2025:08:15:11 -0400] "GET /pn/products/wearing51672283.shtm HTTP/1.1" 200 81448 "-" "Mozilla/5.0 (Linux; Android 6.0.1; Nexus 5X Build/MMB29P) AppleWebKit/537.36 (KHTML, like Gecko) Chrome/136.0.7103.113 Mobile Safari/537.36 (compatible; Googlebot/2.1; +http://www.google.com/bot.html)"
20.171.207.104 - - [15/Jun/2025:08:15:15 -0400] "GET /inputs.php?action=edit&dir=%2F%2Fopt%2Falt%2Fruby18%2Fshare%2Fri%2F1.8%2Fsystem%2FTest%2FUnit%2FCollector&item=sort-i.yaml HTTP/1.1" 200 3025 "-" "Mozilla/5.0 AppleWebKit/537.36 (KHTML, like Gecko; compatible; GPTBot/1.2; +https://openai.com/gptbot)"
54.36.149.98 - - [15/Jun/2025:08:15:15 -0400] "GET /n1822696999.shtm HTTP/1.1" 301 0 "-" "Mozilla/5.0 (compatible; AhrefsBot/7.0; +http://ahrefs.com/robot/)"
66.249.73.7 - - [15/Jun/2025:08:15:18 -0400] "GET /p/stringently1109622955.shtm HTTP/1.1" 200 81943 "-" "Mozilla/5.0 (Linux; Android 6.0.1; Nexus 5X Build/MMB29P) AppleWebKit/537.36 (KHTML, like Gecko) Chrome/136.0.7103.113 Mobile Safari/537.36 (compatible; GoogleOther)"
66.249.74.164 - - [15/Jun/2025:08:15:20 -0400] "GET /u/info/wedelia49035438.shtm HTTP/1.1" 200 83247 "-" "Mozilla/5.0 (Linux; Android 6.0.1; Nexus 5X Build/MMB29P) AppleWebKit/537.36 (KHTML, like Gecko) Chrome/136.0.7103.113 Mobile Safari/537.36 (compatible; Googlebot/2.1; +http://www.google.com/bot.html)"
20.171.207.104 - - [15/Jun/2025:08:15:21 -0400] "GET /inputs.php?action=rename&dir=%2Fhome%2Fhonehdyv%2Fwotaku-manga.com%2Fwp-content%2Fplugins%2Fwordpress-seo%2Fimages&item=question-mark.png HTTP/1.1" 200 4747 "-" "Mozilla/5.0 AppleWebKit/537.36 (KHTML, like Gecko; compatible; GPTBot/1.2; +https://openai.com/gptbot)"
162.0.232.193 - - [15/Jun/2025:08:15:22 -0400] "POST /wp-cron.php?doing_wp_cron=1749989722.5285561084747314453125 HTTP/1.1" 200 0 "-" "WordPress/6.8.1; https://wotaku-manga.com"
2a03:2880:f800:1a:: - - [15/Jun/2025:08:15:21 -0400] "GET / HTTP/1.1" 200 37241 "-" "meta-externalagent/1.1 (+https://developers.facebook.com/docs/sharing/webmasters/crawler)"
20.171.207.104 - - [15/Jun/2025:08:15:27 -0400] "GET /inputs.php?dir=%2Fhome%2Fhonehdyv%2Fwotaku-manga.com%2Fwp-content%2Fthemes%2Ftoivo-lite%2Ffonts%2Fgenericons%2Fsource%2Fsvg HTTP/1.1" 200 9294 "-" "Mozilla/5.0 AppleWebKit/537.36 (KHTML, like Gecko; compatible; GPTBot/1.2; +https://openai.com/gptbot)"
66.249.74.164 - - [15/Jun/2025:08:15:29 -0400] "GET /wa/diminutal/49072764.shtm HTTP/1.1" 200 81970 "-" "Mozilla/5.0 (Linux; Android 6.0.1; Nexus 5X Build/MMB29P) AppleWebKit/537.36 (KHTML, like Gecko) Chrome/136.0.7103.113 Mobile Safari/537.36 (compatible; Googlebot/2.1; +http://www.google.com/bot.html)"
54.36.148.177 - - [15/Jun/2025:08:15:29 -0400] "GET /n1964462411.shtm HTTP/1.1" 301 0 "-" "Mozilla/5.0 (compatible; AhrefsBot/7.0; +http://ahrefs.com/robot/)"
20.171.207.104 - - [15/Jun/2025:08:15:33 -0400] "GET /inputs.php?action=view&dir=%2F%2Flib64%2Fmysql%2Fplugin&item=ha_mroonga.so HTTP/1.1" 200 3911 "-" "Mozilla/5.0 AppleWebKit/537.36 (KHTML, like Gecko; compatible; GPTBot/1.2; +https://openai.com/gptbot)"
216.73.216.68 - - [15/Jun/2025:08:15:36 -0400] "GET /sitemap-child-2506.xml HTTP/1.1" 200 11426 "-" "Mozilla/5.0 AppleWebKit/537.36 (KHTML, like Gecko; compatible; ClaudeBot/1.0; [email protected])"
20.171.207.104 - - [15/Jun/2025:08:15:37 -0400] "GET /inputs.php?action=view&dir=%2F%2Flib64%2Fmysql%2Fplugin&item=ha_archive.so HTTP/1.1" 200 3906 "-" "Mozilla/5.0 AppleWebKit/537.36 (KHTML, like Gecko; compatible; GPTBot/1.2; +https://openai.com/gptbot)"
66.249.74.160 - - [15/Jun/2025:08:15:37 -0400] "GET /fp/items/phthiriasis84739423.shtm HTTP/1.1" 200 80509 "-" "Mozilla/5.0 (Linux; Android 6.0.1; Nexus 5X Build/MMB29P) AppleWebKit/537.36 (KHTML, like Gecko) Chrome/136.0.7103.113 Mobile Safari/537.36 (compatible; Googlebot/2.1; +http://www.google.com/bot.html)"
54.36.148.52 - - [15/Jun/2025:08:15:39 -0400] "GET /n1985656563.shtm HTTP/1.1" 301 0 "-" "Mozilla/5.0 (compatible; AhrefsBot/7.0; +http://ahrefs.com/robot/)"
20.171.207.104 - - [15/Jun/2025:08:15:42 -0400] "GET /inputs.php?action=view&dir=%2F%2Flib64%2Fmysql%2Fplugin&item=wsrep_info.so HTTP/1.1" 200 3735 "-" "Mozilla/5.0 AppleWebKit/537.36 (KHTML, like Gecko; compatible; GPTBot/1.2; +https://openai.com/gptbot)"
20.171.207.104 - - [15/Jun/2025:08:15:46 -0400] "GET /inputs.php?action=view&dir=%2F%2Fusr%2Flib64%2Fpkgconfig&item=xcb-xtest.pc HTTP/1.1" 200 8097 "-" "Mozilla/5.0 AppleWebKit/537.36 (KHTML, like Gecko; compatible; GPTBot/1.2; +https://openai.com/gptbot)"
66.249.74.161 - - [15/Jun/2025:08:15:46 -0400] "GET /ia/entity/maritimal84689670.shtm HTTP/1.1" 200 82302 "-" "Mozilla/5.0 (Linux; Android 6.0.1; Nexus 5X Build/MMB29P) AppleWebKit/537.36 (KHTML, like Gecko) Chrome/136.0.7103.113 Mobile Safari/537.36 (compatible; Googlebot/2.1; +http://www.google.com/bot.html)"
162.0.232.193 - - [15/Jun/2025:08:15:48 -0400] "POST /wp-cron.php?doing_wp_cron=1749989747.9735119342803955078125 HTTP/1.1" 200 0 "-" "WordPress/6.8.1; https://wotaku-manga.com"
54.36.149.74 - - [15/Jun/2025:08:15:47 -0400] "GET /n340378749.shtm HTTP/1.1" 301 0 "-" "Mozilla/5.0 (compatible; AhrefsBot/7.0; +http://ahrefs.com/robot/)"
20.171.207.104 - - [15/Jun/2025:08:15:49 -0400] "GET /inputs.php?action=rename&dir=%2F%2Fusr%2Flib%2Ffirmware%2Fintel%2Fipu&item=irci_irci_ecr-master_20161208_0213_20170112_1500.bin HTTP/1.1" 200 2820 "-" "Mozilla/5.0 AppleWebKit/537.36 (KHTML, like Gecko; compatible; GPTBot/1.2; +https://openai.com/gptbot)"
66.249.73.8 - - [15/Jun/2025:08:15:52 -0400] "GET /as/phototaxis1109595908.shtm HTTP/1.1" 200 81388 "-" "Mozilla/5.0 (Linux; Android 6.0.1; Nexus 5X Build/MMB29P) AppleWebKit/537.36 (KHTML, like Gecko) Chrome/136.0.7103.113 Mobile Safari/537.36 (compatible; GoogleOther)"
66.249.74.161 - - [15/Jun/2025:08:15:55 -0400] "GET /i/goods/valerian84777928.shtm HTTP/1.1" 200 82645 "-" "Mozilla/5.0 (Linux; Android 6.0.1; Nexus 5X Build/MMB29P) AppleWebKit/537.36 (KHTML, like Gecko) Chrome/136.0.7103.113 Mobile Safari/537.36 (compatible; Googlebot/2.1; +http://www.google.com/bot.html)"
20.171.207.104 - - [15/Jun/2025:08:15:52 -0400] "GET /inputs.php?action=edit&dir=%2F%2Fusr%2Flib%2Ffirmware%2Fintel&item=irci_irci_ecr-master_20161208_0213_20170112_1500.bin HTTP/1.1" 200 7508 "-" "Mozilla/5.0 AppleWebKit/537.36 (KHTML, like Gecko; compatible; GPTBot/1.2; +https://openai.com/gptbot)"
51.68.236.64 - - [15/Jun/2025:08:15:56 -0400] "GET /robots.txt HTTP/1.1" 304 0 "-" "Mozilla/5.0 (compatible; MJ12bot/v2.0.2; http://mj12bot.com/)"
20.171.207.104 - - [15/Jun/2025:08:15:56 -0400] "GET /inputs.php?action=rename&dir=%2F%2Fusr%2Flib%2Ffirmware%2Fintel&item=irci_irci_ecr-master_20161208_0213_20170112_1500.bin HTTP/1.1" 200 7500 "-" "Mozilla/5.0 AppleWebKit/537.36 (KHTML, like Gecko; compatible; GPTBot/1.2; +https://openai.com/gptbot)"
20.171.207.104 - - [15/Jun/2025:08:15:59 -0400] "GET /inputs.php?action=edit&dir=%2F%2Fusr%2Flib%2Ffirmware%2Fintel%2Fipu&item=irci_irci_ecr-master_20161208_0213_20170112_1500.bin HTTP/1.1" 200 2837 "-" "Mozilla/5.0 AppleWebKit/537.36 (KHTML, like Gecko; compatible; GPTBot/1.2; +https://openai.com/gptbot)"
20.171.207.104 - - [15/Jun/2025:08:16:02 -0400] "GET /inputs.php?action=view&dir=%2F%2Fusr%2Flib64%2Fpython2.7%2Flib2to3&item=pygram.pyo HTTP/1.1" 200 4063 "-" "Mozilla/5.0 AppleWebKit/537.36 (KHTML, like Gecko; compatible; GPTBot/1.2; +https://openai.com/gptbot)"
66.249.74.162 - - [15/Jun/2025:08:16:03 -0400] "GET /p/inlayer/84729615.shtm HTTP/1.1" 200 81338 "-" "Mozilla/5.0 (Linux; Android 6.0.1; Nexus 5X Build/MMB29P) AppleWebKit/537.36 (KHTML, like Gecko) Chrome/136.0.7103.113 Mobile Safari/537.36 (compatible; Googlebot/2.1; +http://www.google.com/bot.html)"
20.171.207.104 - - [15/Jun/2025:08:16:05 -0400] "GET /inputs.php?action=view&dir=%2F%2Fusr%2Flib64%2Fpython2.7%2Flib2to3&item=pytree.pyc HTTP/1.1" 200 3968 "-" "Mozilla/5.0 AppleWebKit/537.36 (KHTML, like Gecko; compatible; GPTBot/1.2; +https://openai.com/gptbot)"
162.0.232.193 - - [15/Jun/2025:08:16:06 -0400] "POST /wp-cron.php?doing_wp_cron=1749989766.3337459564208984375000 HTTP/1.1" 200 0 "-" "WordPress/6.8.1; https://wotaku-manga.com"
54.36.148.215 - - [15/Jun/2025:08:16:04 -0400] "GET /n533842259.shtm HTTP/1.1" 301 0 "-" "Mozilla/5.0 (compatible; AhrefsBot/7.0; +http://ahrefs.com/robot/)"
20.171.207.104 - - [15/Jun/2025:08:16:07 -0400] "GET /inputs.php?action=chmod&dir=%2Fhome%2Fhonehdyv%2Fwotaku-manga.com%2Fwp-content%2Fthemes%2Ftoivo-lite%2Ffonts%2Fgenericons%2Fsource%2Fsvg&item=codepen.svg HTTP/1.1" 200 9318 "-" "Mozilla/5.0 AppleWebKit/537.36 (KHTML, like Gecko; compatible; GPTBot/1.2; +https://openai.com/gptbot)"
