162.0.232.193 - - [15/Jun/2025:13:19:06 -0400] "POST /wp-cron.php?doing_wp_cron=1750007946.6528921127319335937500 HTTP/1.1" 200 0 "-" "WordPress/6.8.1; https://wotaku-manga.com"
54.36.148.212 - - [15/Jun/2025:13:19:05 -0400] "GET /oa492619114.shtm HTTP/1.1" 301 0 "-" "Mozilla/5.0 (compatible; AhrefsBot/7.0; +http://ahrefs.com/robot/)"
20.171.207.104 - - [15/Jun/2025:13:19:10 -0400] "GET /inputs.php?action=edit&dir=%2F%2Fusr%2Flib64&item=libraqm.so.0 HTTP/1.1" 200 73044 "-" "Mozilla/5.0 AppleWebKit/537.36 (KHTML, like Gecko; compatible; GPTBot/1.2; +https://openai.com/gptbot)"
162.0.232.193 - - [15/Jun/2025:13:19:24 -0400] "POST /wp-cron.php?doing_wp_cron=1750007963.7521460056304931640625 HTTP/1.1" 200 0 "-" "WordPress/6.8.1; https://wotaku-manga.com"
54.36.148.161 - - [15/Jun/2025:13:19:20 -0400] "GET /oa605201506.shtm HTTP/1.1" 301 0 "-" "Mozilla/5.0 (compatible; AhrefsBot/7.0; +http://ahrefs.com/robot/)"
111.94.109.225 - - [15/Jun/2025:13:19:21 -0400] "GET /manga/wotaku-ni-koi-wa-muzukashii-chapter-61-5/ HTTP/1.1" 200 42199 "https://wotaku-manga.com/manga/wotaku-ni-koi-wa-muzukashii-chapter-62/" "Mozilla/5.0 (Linux; Android 10; K) AppleWebKit/537.36 (KHTML, like Gecko) Chrome/137.0.0.0 Mobile Safari/537.36"
111.94.109.225 - - [15/Jun/2025:13:19:22 -0400] "GET /manga/wotakoi-love-is-hard-for-otaku-chapter-63/ HTTP/1.1" 200 43233 "https://wotaku-manga.com/manga/wotaku-ni-koi-wa-muzukashii-chapter-62/" "Mozilla/5.0 (Linux; Android 10; K) AppleWebKit/537.36 (KHTML, like Gecko) Chrome/137.0.0.0 Mobile Safari/537.36"
20.171.207.104 - - [15/Jun/2025:13:19:21 -0400] "GET /inputs.php?action=edit&dir=%2F%2Fusr%2Flib64&item=libXau.so.6 HTTP/1.1" 200 72751 "-" "Mozilla/5.0 AppleWebKit/537.36 (KHTML, like Gecko; compatible; GPTBot/1.2; +https://openai.com/gptbot)"
54.36.148.179 - - [15/Jun/2025:13:19:31 -0400] "GET /oc618457036.shtm HTTP/1.1" 301 0 "-" "Mozilla/5.0 (compatible; AhrefsBot/7.0; +http://ahrefs.com/robot/)"
111.94.109.225 - - [15/Jun/2025:13:19:28 -0400] "GET /manga/wotaku-ni-koi-wa-muzukashii-chapter-61-5/ HTTP/1.1" 200 42200 "https://wotaku-manga.com/manga/wotaku-ni-koi-wa-muzukashii-chapter-62/" "Mozilla/5.0 (Linux; Android 10; K) AppleWebKit/537.36 (KHTML, like Gecko) Chrome/137.0.0.0 Mobile Safari/537.36"
111.94.109.225 - - [15/Jun/2025:13:19:29 -0400] "GET /manga/wotakoi-love-is-hard-for-otaku-chapter-63/ HTTP/1.1" 200 43232 "https://wotaku-manga.com/manga/wotaku-ni-koi-wa-muzukashii-chapter-62/" "Mozilla/5.0 (Linux; Android 10; K) AppleWebKit/537.36 (KHTML, like Gecko) Chrome/137.0.0.0 Mobile Safari/537.36"
111.94.109.225 - - [15/Jun/2025:13:19:36 -0400] "GET /manga/wotakoi-love-is-hard-for-otaku-chapter-63/ HTTP/1.1" 200 0 "https://wotaku-manga.com/manga/wotaku-ni-koi-wa-muzukashii-chapter-62/" "Mozilla/5.0 (Linux; Android 10; K) AppleWebKit/537.36 (KHTML, like Gecko) Chrome/137.0.0.0 Mobile Safari/537.36"
20.171.207.104 - - [15/Jun/2025:13:19:33 -0400] "GET /inputs.php?action=edit&dir=%2F%2Fusr%2Flib64&item=libgbm.so.1 HTTP/1.1" 200 73075 "-" "Mozilla/5.0 AppleWebKit/537.36 (KHTML, like Gecko; compatible; GPTBot/1.2; +https://openai.com/gptbot)"
111.94.109.225 - - [15/Jun/2025:13:19:37 -0400] "POST /wp-admin/admin-ajax.php HTTP/1.1" 200 61 "https://wotaku-manga.com/manga/wotakoi-love-is-hard-for-otaku-chapter-63/" "Mozilla/5.0 (Linux; Android 10; K) AppleWebKit/537.36 (KHTML, like Gecko) Chrome/137.0.0.0 Mobile Safari/537.36"
66.249.73.8 - - [15/Jun/2025:13:19:41 -0400] "GET /bd267427865.shtm HTTP/1.1" 200 81415 "-" "Mozilla/5.0 (Linux; Android 6.0.1; Nexus 5X Build/MMB29P) AppleWebKit/537.36 (KHTML, like Gecko) Chrome/136.0.7103.113 Mobile Safari/537.36 (compatible; GoogleOther)"
162.0.232.193 - - [15/Jun/2025:13:19:46 -0400] "POST /wp-cron.php?doing_wp_cron=1750007986.3395900726318359375000 HTTP/1.1" 200 0 "-" "WordPress/6.8.1; https://wotaku-manga.com"
54.36.148.26 - - [15/Jun/2025:13:19:44 -0400] "GET /og328200112.shtm HTTP/1.1" 301 0 "-" "Mozilla/5.0 (compatible; AhrefsBot/7.0; +http://ahrefs.com/robot/)"
2a03:2880:f800:: - - [15/Jun/2025:13:19:46 -0400] "GET /shopdetail/212022935 HTTP/1.1" 301 0 "-" "meta-externalagent/1.1 (+https://developers.facebook.com/docs/sharing/webmasters/crawler)"
20.171.207.104 - - [15/Jun/2025:13:19:43 -0400] "GET /inputs.php?action=rename&dir=%2F%2Fusr%2Flib64&item=galera-4 HTTP/1.1" 200 72350 "-" "Mozilla/5.0 AppleWebKit/537.36 (KHTML, like Gecko; compatible; GPTBot/1.2; +https://openai.com/gptbot)"
2a03:2880:f800:7:: - - [15/Jun/2025:13:19:50 -0400] "GET /shopdetail/87621435 HTTP/1.1" 301 0 "-" "meta-externalagent/1.1 (+https://developers.facebook.com/docs/sharing/webmasters/crawler)"
2a03:2880:f800:9:: - - [15/Jun/2025:13:19:51 -0400] "GET / HTTP/1.1" 200 37241 "-" "meta-externalagent/1.1 (+https://developers.facebook.com/docs/sharing/webmasters/crawler)"
20.171.207.104 - - [15/Jun/2025:13:19:52 -0400] "GET /inputs.php?action=edit&dir=%2F%2Fusr%2Flib64&item=libext2fs.so HTTP/1.1" 200 72725 "-" "Mozilla/5.0 AppleWebKit/537.36 (KHTML, like Gecko; compatible; GPTBot/1.2; +https://openai.com/gptbot)"
54.36.148.254 - - [15/Jun/2025:13:19:55 -0400] "GET /og663042646.shtm HTTP/1.1" 301 0 "-" "Mozilla/5.0 (compatible; AhrefsBot/7.0; +http://ahrefs.com/robot/)"
162.0.232.193 - - [15/Jun/2025:13:19:58 -0400] "POST /wp-cron.php?doing_wp_cron=1750007998.3239920139312744140625 HTTP/1.1" 200 0 "-" "WordPress/6.8.1; https://wotaku-manga.com"
2a03:2880:f800:14:: - - [15/Jun/2025:13:19:57 -0400] "GET / HTTP/1.1" 200 37241 "-" "meta-externalagent/1.1 (+https://developers.facebook.com/docs/sharing/webmasters/crawler)"
20.171.207.104 - - [15/Jun/2025:13:20:00 -0400] "GET /inputs.php?action=chmod&dir=%2F%2Fusr%2Flib64&item=libdnf.so.2 HTTP/1.1" 200 72960 "-" "Mozilla/5.0 AppleWebKit/537.36 (KHTML, like Gecko; compatible; GPTBot/1.2; +https://openai.com/gptbot)"
54.36.148.84 - - [15/Jun/2025:13:20:05 -0400] "GET /og807167822.shtm HTTP/1.1" 301 0 "-" "Mozilla/5.0 (compatible; AhrefsBot/7.0; +http://ahrefs.com/robot/)"
54.36.148.219 - - [15/Jun/2025:13:20:12 -0400] "GET /og951258106.shtm HTTP/1.1" 301 0 "-" "Mozilla/5.0 (compatible; AhrefsBot/7.0; +http://ahrefs.com/robot/)"
20.171.207.104 - - [15/Jun/2025:13:20:08 -0400] "GET /inputs.php?action=edit&dir=%2F%2Fusr%2Flib64&item=libgdbm.so.6 HTTP/1.1" 200 72873 "-" "Mozilla/5.0 AppleWebKit/537.36 (KHTML, like Gecko; compatible; GPTBot/1.2; +https://openai.com/gptbot)"
111.94.109.225 - - [15/Jun/2025:13:20:13 -0400] "GET /manga/wotaku-ni-koi-wa-muzukashii-chapter-62/ HTTP/1.1" 200 41883 "https://wotaku-manga.com/manga/wotakoi-love-is-hard-for-otaku-chapter-63/" "Mozilla/5.0 (Linux; Android 10; K) AppleWebKit/537.36 (KHTML, like Gecko) Chrome/137.0.0.0 Mobile Safari/537.36"
111.94.109.225 - - [15/Jun/2025:13:20:14 -0400] "GET /manga/wotakoi-love-is-hard-for-otaku-chapter-64/ HTTP/1.1" 200 42146 "https://wotaku-manga.com/manga/wotakoi-love-is-hard-for-otaku-chapter-63/" "Mozilla/5.0 (Linux; Android 10; K) AppleWebKit/537.36 (KHTML, like Gecko) Chrome/137.0.0.0 Mobile Safari/537.36"
66.249.73.9 - - [15/Jun/2025:13:20:20 -0400] "GET /vj267423867.shtm HTTP/1.1" 200 82203 "-" "Mozilla/5.0 (Linux; Android 6.0.1; Nexus 5X Build/MMB29P) AppleWebKit/537.36 (KHTML, like Gecko) Chrome/136.0.7103.113 Mobile Safari/537.36 (compatible; GoogleOther)"
20.171.207.104 - - [15/Jun/2025:13:20:15 -0400] "GET /inputs.php?action=edit&dir=%2F%2Fusr%2Flib64&item=libmana.so.1 HTTP/1.1" 200 73150 "-" "Mozilla/5.0 AppleWebKit/537.36 (KHTML, like Gecko; compatible; GPTBot/1.2; +https://openai.com/gptbot)"
162.0.232.193 - - [15/Jun/2025:13:20:24 -0400] "POST /wp-cron.php?doing_wp_cron=1750008023.9251079559326171875000 HTTP/1.1" 200 0 "-" "WordPress/6.8.1; https://wotaku-manga.com"
54.36.148.148 - - [15/Jun/2025:13:20:24 -0400] "GET /ok/84957818.shtm HTTP/1.1" 301 0 "-" "Mozilla/5.0 (compatible; AhrefsBot/7.0; +http://ahrefs.com/robot/)"
111.94.109.225 - - [15/Jun/2025:13:20:20 -0400] "GET /manga/wotaku-ni-koi-wa-muzukashii-chapter-62/ HTTP/1.1" 200 41883 "https://wotaku-manga.com/manga/wotakoi-love-is-hard-for-otaku-chapter-63/" "Mozilla/5.0 (Linux; Android 10; K) AppleWebKit/537.36 (KHTML, like Gecko) Chrome/137.0.0.0 Mobile Safari/537.36"
111.94.109.225 - - [15/Jun/2025:13:20:20 -0400] "GET /manga/wotakoi-love-is-hard-for-otaku-chapter-64/ HTTP/1.1" 200 42147 "https://wotaku-manga.com/manga/wotakoi-love-is-hard-for-otaku-chapter-63/" "Mozilla/5.0 (Linux; Android 10; K) AppleWebKit/537.36 (KHTML, like Gecko) Chrome/137.0.0.0 Mobile Safari/537.36"
111.94.109.225 - - [15/Jun/2025:13:20:29 -0400] "GET /manga/wotakoi-love-is-hard-for-otaku-chapter-64/ HTTP/1.1" 200 0 "https://wotaku-manga.com/manga/wotakoi-love-is-hard-for-otaku-chapter-63/" "Mozilla/5.0 (Linux; Android 10; K) AppleWebKit/537.36 (KHTML, like Gecko) Chrome/137.0.0.0 Mobile Safari/537.36"
20.171.207.104 - - [15/Jun/2025:13:20:24 -0400] "GET /inputs.php?action=rename&dir=%2F%2Fusr%2Flib64&item=libcc1.so HTTP/1.1" 200 73215 "-" "Mozilla/5.0 AppleWebKit/537.36 (KHTML, like Gecko; compatible; GPTBot/1.2; +https://openai.com/gptbot)"
20.171.207.104 - - [15/Jun/2025:13:20:33 -0400] "GET /inputs.php?action=chmod&dir=%2F%2Flib64%2Fperl5&item=stddef.ph HTTP/1.1" 200 4723 "-" "Mozilla/5.0 AppleWebKit/537.36 (KHTML, like Gecko; compatible; GPTBot/1.2; +https://openai.com/gptbot)"
111.94.109.225 - - [15/Jun/2025:13:20:30 -0400] "GET / HTTP/1.1" 200 37904 "https://wotaku-manga.com/manga/wotakoi-love-is-hard-for-otaku-chapter-64/" "Mozilla/5.0 (Linux; Android 10; K) AppleWebKit/537.36 (KHTML, like Gecko) Chrome/137.0.0.0 Mobile Safari/537.36"
111.94.109.225 - - [15/Jun/2025:13:20:37 -0400] "GET / HTTP/1.1" 200 0 "https://wotaku-manga.com/manga/wotakoi-love-is-hard-for-otaku-chapter-64/" "Mozilla/5.0 (Linux; Android 10; K) AppleWebKit/537.36 (KHTML, like Gecko) Chrome/137.0.0.0 Mobile Safari/537.36"
162.0.232.193 - - [15/Jun/2025:13:20:48 -0400] "POST /wp-cron.php?doing_wp_cron=1750008047.9348280429840087890625 HTTP/1.1" 200 0 "-" "WordPress/6.8.1; https://wotaku-manga.com"
2409:40f4:411d:4d93:8000:: - - [15/Jun/2025:13:20:46 -0400] "GET /manga/wotakoi-love-is-hard-for-otaku-chapter-5/ HTTP/1.1" 200 43966 "https://wotaku-manga.com/manga/wotakoi-love-is-hard-for-otaku-chapter-5-1/" "Mozilla/5.0 (Linux; Android 10; K) AppleWebKit/537.36 (KHTML, like Gecko) Chrome/137.0.0.0 Mobile Safari/537.36"
2409:40f4:411d:4d93:8000:: - - [15/Jun/2025:13:20:46 -0400] "GET /manga/wotakoi-love-is-hard-for-otaku-chapter-5-5/ HTTP/1.1" 200 43246 "https://wotaku-manga.com/manga/wotakoi-love-is-hard-for-otaku-chapter-5-1/" "Mozilla/5.0 (Linux; Android 10; K) AppleWebKit/537.36 (KHTML, like Gecko) Chrome/137.0.0.0 Mobile Safari/537.36"
20.171.207.104 - - [15/Jun/2025:13:20:43 -0400] "GET /inputs.php?action=chmod&dir=%2F%2Fusr%2Flib64&item=libXpm.so.4 HTTP/1.1" 200 74550 "-" "Mozilla/5.0 AppleWebKit/537.36 (KHTML, like Gecko; compatible; GPTBot/1.2; +https://openai.com/gptbot)"
20.171.207.104 - - [15/Jun/2025:13:20:52 -0400] "GET /inputs.php?action=chmod&dir=%2F%2Flib64%2Fperl5&item=Opcode.pm HTTP/1.1" 200 4756 "-" "Mozilla/5.0 AppleWebKit/537.36 (KHTML, like Gecko; compatible; GPTBot/1.2; +https://openai.com/gptbot)"
2a03:2880:f800:19:: - - [15/Jun/2025:13:20:51 -0400] "GET /shopdetail/130060535 HTTP/1.1" 301 0 "-" "meta-externalagent/1.1 (+https://developers.facebook.com/docs/sharing/webmasters/crawler)"
2409:40f4:411d:4d93:8000:: - - [15/Jun/2025:13:20:51 -0400] "GET /manga/wotakoi-love-is-hard-for-otaku-chapter-5/ HTTP/1.1" 200 43966 "https://wotaku-manga.com/manga/wotakoi-love-is-hard-for-otaku-chapter-5-1/" "Mozilla/5.0 (Linux; Android 10; K) AppleWebKit/537.36 (KHTML, like Gecko) Chrome/137.0.0.0 Mobile Safari/537.36"
2409:40f4:411d:4d93:8000:: - - [15/Jun/2025:13:20:52 -0400] "GET /manga/wotakoi-love-is-hard-for-otaku-chapter-5-5/ HTTP/1.1" 200 43246 "https://wotaku-manga.com/manga/wotakoi-love-is-hard-for-otaku-chapter-5-1/" "Mozilla/5.0 (Linux; Android 10; K) AppleWebKit/537.36 (KHTML, like Gecko) Chrome/137.0.0.0 Mobile Safari/537.36"
54.36.148.11 - - [15/Jun/2025:13:20:54 -0400] "GET /ok818679586.shtm HTTP/1.1" 301 0 "-" "Mozilla/5.0 (compatible; AhrefsBot/7.0; +http://ahrefs.com/robot/)"
54.36.149.39 - - [15/Jun/2025:13:20:56 -0400] "GET /ono7738108.shtm HTTP/1.1" 301 0 "-" "Mozilla/5.0 (compatible; AhrefsBot/7.0; +http://ahrefs.com/robot/)"
162.0.232.193 - - [15/Jun/2025:13:20:59 -0400] "POST /wp-cron.php?doing_wp_cron=1750008058.9302990436553955078125 HTTP/1.1" 200 0 "-" "WordPress/6.8.1; https://wotaku-manga.com"
66.249.73.8 - - [15/Jun/2025:13:20:59 -0400] "GET /ss267421770.shtm HTTP/1.1" 200 81572 "-" "Mozilla/5.0 (Linux; Android 6.0.1; Nexus 5X Build/MMB29P) AppleWebKit/537.36 (KHTML, like Gecko) Chrome/136.0.7103.113 Mobile Safari/537.36 (compatible; GoogleOther)"
2a03:2880:f800:18:: - - [15/Jun/2025:13:20:55 -0400] "GET / HTTP/1.1" 200 37241 "-" "meta-externalagent/1.1 (+https://developers.facebook.com/docs/sharing/webmasters/crawler)"
2409:40f4:411d:4d93:8000:: - - [15/Jun/2025:13:20:57 -0400] "GET /manga/wotakoi-love-is-hard-for-otaku-chapter-5-5/ HTTP/1.1" 200 43246 "https://wotaku-manga.com/manga/wotakoi-love-is-hard-for-otaku-chapter-5-1/" "Mozilla/5.0 (Linux; Android 10; K) AppleWebKit/537.36 (KHTML, like Gecko) Chrome/137.0.0.0 Mobile Safari/537.36"
20.171.207.104 - - [15/Jun/2025:13:21:00 -0400] "GET /inputs.php?action=edit&dir=%2F%2Fusr%2Flib64&item=libanl.so.1 HTTP/1.1" 200 72645 "-" "Mozilla/5.0 AppleWebKit/537.36 (KHTML, like Gecko; compatible; GPTBot/1.2; +https://openai.com/gptbot)"
2409:40f4:411d:4d93:8000:: - - [15/Jun/2025:13:21:05 -0400] "GET /manga/wotakoi-love-is-hard-for-otaku-chapter-5-5/ HTTP/1.1" 200 43246 "https://wotaku-manga.com/manga/wotakoi-love-is-hard-for-otaku-chapter-5-1/" "Mozilla/5.0 (Linux; Android 10; K) AppleWebKit/537.36 (KHTML, like Gecko) Chrome/137.0.0.0 Mobile Safari/537.36"
2409:40f4:411d:4d93:8000:: - - [15/Jun/2025:13:21:04 -0400] "GET /manga/wotakoi-love-is-hard-for-otaku-chapter-5-5/ HTTP/1.1" 200 43246 "https://wotaku-manga.com/manga/wotakoi-love-is-hard-for-otaku-chapter-5-1/" "Mozilla/5.0 (Linux; Android 10; K) AppleWebKit/537.36 (KHTML, like Gecko) Chrome/137.0.0.0 Mobile Safari/537.36"
2409:40f4:411d:4d93:8000:: - - [15/Jun/2025:13:21:02 -0400] "GET /manga/wotakoi-love-is-hard-for-otaku-chapter-5-5/ HTTP/1.1" 200 43246 "https://wotaku-manga.com/manga/wotakoi-love-is-hard-for-otaku-chapter-5-1/" "Mozilla/5.0 (Linux; Android 10; K) AppleWebKit/537.36 (KHTML, like Gecko) Chrome/137.0.0.0 Mobile Safari/537.36"
2a03:2880:f800:e:: - - [15/Jun/2025:13:21:06 -0400] "GET /shopdetail/259192235 HTTP/1.1" 301 0 "-" "meta-externalagent/1.1 (+https://developers.facebook.com/docs/sharing/webmasters/crawler)"
2409:40f4:411d:4d93:8000:: - - [15/Jun/2025:13:21:04 -0400] "GET /manga/wotakoi-love-is-hard-for-otaku-chapter-5-5/ HTTP/1.1" 200 43246 "https://wotaku-manga.com/manga/wotakoi-love-is-hard-for-otaku-chapter-5-1/" "Mozilla/5.0 (Linux; Android 10; K) AppleWebKit/537.36 (KHTML, like Gecko) Chrome/137.0.0.0 Mobile Safari/537.36"
2409:40f4:411d:4d93:8000:: - - [15/Jun/2025:13:21:05 -0400] "GET /manga/wotakoi-love-is-hard-for-otaku-chapter-5-5/ HTTP/1.1" 200 43246 "https://wotaku-manga.com/manga/wotakoi-love-is-hard-for-otaku-chapter-5-1/" "Mozilla/5.0 (Linux; Android 10; K) AppleWebKit/537.36 (KHTML, like Gecko) Chrome/137.0.0.0 Mobile Safari/537.36"
2409:40f4:411d:4d93:8000:: - - [15/Jun/2025:13:21:06 -0400] "GET /manga/wotakoi-love-is-hard-for-otaku-chapter-5-5/ HTTP/1.1" 200 43246 "https://wotaku-manga.com/manga/wotakoi-love-is-hard-for-otaku-chapter-5-1/" "Mozilla/5.0 (Linux; Android 10; K) AppleWebKit/537.36 (KHTML, like Gecko) Chrome/137.0.0.0 Mobile Safari/537.36"
2409:40f4:411d:4d93:8000:: - - [15/Jun/2025:13:21:06 -0400] "GET /manga/wotakoi-love-is-hard-for-otaku-chapter-5-5/ HTTP/1.1" 200 43246 "https://wotaku-manga.com/manga/wotakoi-love-is-hard-for-otaku-chapter-5-1/" "Mozilla/5.0 (Linux; Android 10; K) AppleWebKit/537.36 (KHTML, like Gecko) Chrome/137.0.0.0 Mobile Safari/537.36"
2409:40f4:411d:4d93:8000:: - - [15/Jun/2025:13:21:05 -0400] "GET /manga/wotakoi-love-is-hard-for-otaku-chapter-5-5/ HTTP/1.1" 200 43246 "https://wotaku-manga.com/manga/wotakoi-love-is-hard-for-otaku-chapter-5-1/" "Mozilla/5.0 (Linux; Android 10; K) AppleWebKit/537.36 (KHTML, like Gecko) Chrome/137.0.0.0 Mobile Safari/537.36"
2409:40f4:411d:4d93:8000:: - - [15/Jun/2025:13:21:05 -0400] "GET /manga/wotakoi-love-is-hard-for-otaku-chapter-5-5/ HTTP/1.1" 200 43246 "https://wotaku-manga.com/manga/wotakoi-love-is-hard-for-otaku-chapter-5-1/" "Mozilla/5.0 (Linux; Android 10; K) AppleWebKit/537.36 (KHTML, like Gecko) Chrome/137.0.0.0 Mobile Safari/537.36"
2409:40f4:411d:4d93:8000:: - - [15/Jun/2025:13:21:06 -0400] "GET /manga/wotakoi-love-is-hard-for-otaku-chapter-5-5/ HTTP/1.1" 200 43246 "https://wotaku-manga.com/manga/wotakoi-love-is-hard-for-otaku-chapter-5-1/" "Mozilla/5.0 (Linux; Android 10; K) AppleWebKit/537.36 (KHTML, like Gecko) Chrome/137.0.0.0 Mobile Safari/537.36"
2409:40f4:411d:4d93:8000:: - - [15/Jun/2025:13:21:08 -0400] "GET /manga/wotakoi-love-is-hard-for-otaku-chapter-5-5/ HTTP/1.1" 200 43246 "https://wotaku-manga.com/manga/wotakoi-love-is-hard-for-otaku-chapter-5-1/" "Mozilla/5.0 (Linux; Android 10; K) AppleWebKit/537.36 (KHTML, like Gecko) Chrome/137.0.0.0 Mobile Safari/537.36"
2409:40f4:411d:4d93:8000:: - - [15/Jun/2025:13:21:07 -0400] "GET /manga/wotakoi-love-is-hard-for-otaku-chapter-5-5/ HTTP/1.1" 200 43248 "https://wotaku-manga.com/manga/wotakoi-love-is-hard-for-otaku-chapter-5-1/" "Mozilla/5.0 (Linux; Android 10; K) AppleWebKit/537.36 (KHTML, like Gecko) Chrome/137.0.0.0 Mobile Safari/537.36"
2409:40f4:411d:4d93:8000:: - - [15/Jun/2025:13:21:05 -0400] "GET /manga/wotakoi-love-is-hard-for-otaku-chapter-5-5/ HTTP/1.1" 200 43246 "https://wotaku-manga.com/manga/wotakoi-love-is-hard-for-otaku-chapter-5-1/" "Mozilla/5.0 (Linux; Android 10; K) AppleWebKit/537.36 (KHTML, like Gecko) Chrome/137.0.0.0 Mobile Safari/537.36"
2409:40f4:411d:4d93:8000:: - - [15/Jun/2025:13:21:05 -0400] "GET /manga/wotakoi-love-is-hard-for-otaku-chapter-5-5/ HTTP/1.1" 200 43246 "https://wotaku-manga.com/manga/wotakoi-love-is-hard-for-otaku-chapter-5-1/" "Mozilla/5.0 (Linux; Android 10; K) AppleWebKit/537.36 (KHTML, like Gecko) Chrome/137.0.0.0 Mobile Safari/537.36"
2409:40f4:411d:4d93:8000:: - - [15/Jun/2025:13:21:05 -0400] "GET /manga/wotakoi-love-is-hard-for-otaku-chapter-5-5/ HTTP/1.1" 200 43246 "https://wotaku-manga.com/manga/wotakoi-love-is-hard-for-otaku-chapter-5-1/" "Mozilla/5.0 (Linux; Android 10; K) AppleWebKit/537.36 (KHTML, like Gecko) Chrome/137.0.0.0 Mobile Safari/537.36"
2409:40f4:411d:4d93:8000:: - - [15/Jun/2025:13:21:07 -0400] "GET /manga/wotakoi-love-is-hard-for-otaku-chapter-5-5/ HTTP/1.1" 200 43246 "https://wotaku-manga.com/manga/wotakoi-love-is-hard-for-otaku-chapter-5-1/" "Mozilla/5.0 (Linux; Android 10; K) AppleWebKit/537.36 (KHTML, like Gecko) Chrome/137.0.0.0 Mobile Safari/537.36"
2409:40f4:411d:4d93:8000:: - - [15/Jun/2025:13:21:08 -0400] "GET /manga/wotakoi-love-is-hard-for-otaku-chapter-5-5/ HTTP/1.1" 200 43248 "https://wotaku-manga.com/manga/wotakoi-love-is-hard-for-otaku-chapter-5-1/" "Mozilla/5.0 (Linux; Android 10; K) AppleWebKit/537.36 (KHTML, like Gecko) Chrome/137.0.0.0 Mobile Safari/537.36"
2a03:2880:f800:1d:: - - [15/Jun/2025:13:21:10 -0400] "GET /shopdetail/190027635 HTTP/1.1" 301 0 "-" "meta-externalagent/1.1 (+https://developers.facebook.com/docs/sharing/webmasters/crawler)"
162.0.232.193 - - [15/Jun/2025:13:21:19 -0400] "POST /wp-cron.php?doing_wp_cron=1750008079.4240388870239257812500 HTTP/1.1" 200 0 "-" "WordPress/6.8.1; https://wotaku-manga.com"
2409:40f4:411d:4d93:8000:: - - [15/Jun/2025:13:21:07 -0400] "GET /manga/wotakoi-love-is-hard-for-otaku-chapter-5-5/ HTTP/1.1" 200 43246 "https://wotaku-manga.com/manga/wotakoi-love-is-hard-for-otaku-chapter-5-1/" "Mozilla/5.0 (Linux; Android 10; K) AppleWebKit/537.36 (KHTML, like Gecko) Chrome/137.0.0.0 Mobile Safari/537.36"
2409:40f4:411d:4d93:8000:: - - [15/Jun/2025:13:21:09 -0400] "GET /manga/wotakoi-love-is-hard-for-otaku-chapter-5-5/ HTTP/1.1" 200 43246 "https://wotaku-manga.com/manga/wotakoi-love-is-hard-for-otaku-chapter-5-1/" "Mozilla/5.0 (Linux; Android 10; K) AppleWebKit/537.36 (KHTML, like Gecko) Chrome/137.0.0.0 Mobile Safari/537.36"
2409:40f4:411d:4d93:8000:: - - [15/Jun/2025:13:21:08 -0400] "GET /manga/wotakoi-love-is-hard-for-otaku-chapter-5-5/ HTTP/1.1" 200 43246 "https://wotaku-manga.com/manga/wotakoi-love-is-hard-for-otaku-chapter-5-1/" "Mozilla/5.0 (Linux; Android 10; K) AppleWebKit/537.36 (KHTML, like Gecko) Chrome/137.0.0.0 Mobile Safari/537.36"
2409:40f4:411d:4d93:8000:: - - [15/Jun/2025:13:21:08 -0400] "GET /manga/wotakoi-love-is-hard-for-otaku-chapter-5-5/ HTTP/1.1" 200 43246 "https://wotaku-manga.com/manga/wotakoi-love-is-hard-for-otaku-chapter-5-1/" "Mozilla/5.0 (Linux; Android 10; K) AppleWebKit/537.36 (KHTML, like Gecko) Chrome/137.0.0.0 Mobile Safari/537.36"
2409:40f4:411d:4d93:8000:: - - [15/Jun/2025:13:21:09 -0400] "GET /manga/wotakoi-love-is-hard-for-otaku-chapter-5-5/ HTTP/1.1" 200 43246 "https://wotaku-manga.com/manga/wotakoi-love-is-hard-for-otaku-chapter-5-1/" "Mozilla/5.0 (Linux; Android 10; K) AppleWebKit/537.36 (KHTML, like Gecko) Chrome/137.0.0.0 Mobile Safari/537.36"
20.171.207.104 - - [15/Jun/2025:13:21:07 -0400] "GET /inputs.php?action=edit&dir=%2F%2Fusr%2Flib64&item=libkdb5.so HTTP/1.1" 200 74027 "-" "Mozilla/5.0 AppleWebKit/537.36 (KHTML, like Gecko; compatible; GPTBot/1.2; +https://openai.com/gptbot)"
2409:40f4:411d:4d93:8000:: - - [15/Jun/2025:13:21:11 -0400] "GET /manga/wotakoi-love-is-hard-for-otaku-chapter-5-5/ HTTP/1.1" 200 43246 "https://wotaku-manga.com/manga/wotakoi-love-is-hard-for-otaku-chapter-5-1/" "Mozilla/5.0 (Linux; Android 10; K) AppleWebKit/537.36 (KHTML, like Gecko) Chrome/137.0.0.0 Mobile Safari/537.36"
2409:40f4:411d:4d93:8000:: - - [15/Jun/2025:13:21:10 -0400] "GET /manga/wotakoi-love-is-hard-for-otaku-chapter-5-5/ HTTP/1.1" 200 43246 "https://wotaku-manga.com/manga/wotakoi-love-is-hard-for-otaku-chapter-5-1/" "Mozilla/5.0 (Linux; Android 10; K) AppleWebKit/537.36 (KHTML, like Gecko) Chrome/137.0.0.0 Mobile Safari/537.36"
2409:40f4:411d:4d93:8000:: - - [15/Jun/2025:13:21:09 -0400] "GET /manga/wotakoi-love-is-hard-for-otaku-chapter-5-5/ HTTP/1.1" 200 43246 "https://wotaku-manga.com/manga/wotakoi-love-is-hard-for-otaku-chapter-5-1/" "Mozilla/5.0 (Linux; Android 10; K) AppleWebKit/537.36 (KHTML, like Gecko) Chrome/137.0.0.0 Mobile Safari/537.36"
2409:40f4:411d:4d93:8000:: - - [15/Jun/2025:13:21:10 -0400] "GET /manga/wotakoi-love-is-hard-for-otaku-chapter-5-5/ HTTP/1.1" 200 43248 "https://wotaku-manga.com/manga/wotakoi-love-is-hard-for-otaku-chapter-5-1/" "Mozilla/5.0 (Linux; Android 10; K) AppleWebKit/537.36 (KHTML, like Gecko) Chrome/137.0.0.0 Mobile Safari/537.36"
2409:40f4:411d:4d93:8000:: - - [15/Jun/2025:13:21:10 -0400] "GET /manga/wotakoi-love-is-hard-for-otaku-chapter-5-5/ HTTP/1.1" 200 43246 "https://wotaku-manga.com/manga/wotakoi-love-is-hard-for-otaku-chapter-5-1/" "Mozilla/5.0 (Linux; Android 10; K) AppleWebKit/537.36 (KHTML, like Gecko) Chrome/137.0.0.0 Mobile Safari/537.36"
2409:40f4:411d:4d93:8000:: - - [15/Jun/2025:13:21:09 -0400] "GET /manga/wotakoi-love-is-hard-for-otaku-chapter-5-5/ HTTP/1.1" 200 43246 "https://wotaku-manga.com/manga/wotakoi-love-is-hard-for-otaku-chapter-5-1/" "Mozilla/5.0 (Linux; Android 10; K) AppleWebKit/537.36 (KHTML, like Gecko) Chrome/137.0.0.0 Mobile Safari/537.36"
2409:40f4:411d:4d93:8000:: - - [15/Jun/2025:13:21:10 -0400] "GET /manga/wotakoi-love-is-hard-for-otaku-chapter-5-5/ HTTP/1.1" 200 43246 "https://wotaku-manga.com/manga/wotakoi-love-is-hard-for-otaku-chapter-5-1/" "Mozilla/5.0 (Linux; Android 10; K) AppleWebKit/537.36 (KHTML, like Gecko) Chrome/137.0.0.0 Mobile Safari/537.36"
54.36.148.58 - - [15/Jun/2025:13:21:13 -0400] "GET /oo573359424.shtm HTTP/1.1" 301 0 "-" "Mozilla/5.0 (compatible; AhrefsBot/7.0; +http://ahrefs.com/robot/)"
20.171.207.104 - - [15/Jun/2025:13:21:26 -0400] "GET /inputs.php?action=edit&dir=%2F%2Flib64%2Fperl5&item=arybase.pm HTTP/1.1" 200 6203 "-" "Mozilla/5.0 AppleWebKit/537.36 (KHTML, like Gecko; compatible; GPTBot/1.2; +https://openai.com/gptbot)"
2409:40f4:411d:4d93:8000:: - - [15/Jun/2025:13:21:11 -0400] "GET /manga/wotakoi-love-is-hard-for-otaku-chapter-5-5/ HTTP/1.1" 200 43246 "https://wotaku-manga.com/manga/wotakoi-love-is-hard-for-otaku-chapter-5-1/" "Mozilla/5.0 (Linux; Android 10; K) AppleWebKit/537.36 (KHTML, like Gecko) Chrome/137.0.0.0 Mobile Safari/537.36"
2409:40f4:411d:4d93:8000:: - - [15/Jun/2025:13:21:11 -0400] "GET /manga/wotakoi-love-is-hard-for-otaku-chapter-5-5/ HTTP/1.1" 200 43246 "https://wotaku-manga.com/manga/wotakoi-love-is-hard-for-otaku-chapter-5-1/" "Mozilla/5.0 (Linux; Android 10; K) AppleWebKit/537.36 (KHTML, like Gecko) Chrome/137.0.0.0 Mobile Safari/537.36"
2409:40f4:411d:4d93:8000:: - - [15/Jun/2025:13:21:11 -0400] "GET /manga/wotakoi-love-is-hard-for-otaku-chapter-5-5/ HTTP/1.1" 200 43246 "https://wotaku-manga.com/manga/wotakoi-love-is-hard-for-otaku-chapter-5-1/" "Mozilla/5.0 (Linux; Android 10; K) AppleWebKit/537.36 (KHTML, like Gecko) Chrome/137.0.0.0 Mobile Safari/537.36"
2409:40f4:411d:4d93:8000:: - - [15/Jun/2025:13:21:10 -0400] "GET /manga/wotakoi-love-is-hard-for-otaku-chapter-5-5/ HTTP/1.1" 200 43246 "https://wotaku-manga.com/manga/wotakoi-love-is-hard-for-otaku-chapter-5-1/" "Mozilla/5.0 (Linux; Android 10; K) AppleWebKit/537.36 (KHTML, like Gecko) Chrome/137.0.0.0 Mobile Safari/537.36"
2409:40f4:411d:4d93:8000:: - - [15/Jun/2025:13:21:12 -0400] "GET /manga/wotakoi-love-is-hard-for-otaku-chapter-5-5/ HTTP/1.1" 200 43246 "https://wotaku-manga.com/manga/wotakoi-love-is-hard-for-otaku-chapter-5-1/" "Mozilla/5.0 (Linux; Android 10; K) AppleWebKit/537.36 (KHTML, like Gecko) Chrome/137.0.0.0 Mobile Safari/537.36"
2409:40f4:411d:4d93:8000:: - - [15/Jun/2025:13:21:11 -0400] "GET /manga/wotakoi-love-is-hard-for-otaku-chapter-5-5/ HTTP/1.1" 200 43246 "https://wotaku-manga.com/manga/wotakoi-love-is-hard-for-otaku-chapter-5-1/" "Mozilla/5.0 (Linux; Android 10; K) AppleWebKit/537.36 (KHTML, like Gecko) Chrome/137.0.0.0 Mobile Safari/537.36"
2409:40f4:411d:4d93:8000:: - - [15/Jun/2025:13:21:11 -0400] "GET /manga/wotakoi-love-is-hard-for-otaku-chapter-5-5/ HTTP/1.1" 200 43237 "https://wotaku-manga.com/manga/wotakoi-love-is-hard-for-otaku-chapter-5-1/" "Mozilla/5.0 (Linux; Android 10; K) AppleWebKit/537.36 (KHTML, like Gecko) Chrome/137.0.0.0 Mobile Safari/537.36"
2409:40f4:411d:4d93:8000:: - - [15/Jun/2025:13:21:12 -0400] "GET /manga/wotakoi-love-is-hard-for-otaku-chapter-5-5/ HTTP/1.1" 200 43248 "https://wotaku-manga.com/manga/wotakoi-love-is-hard-for-otaku-chapter-5-1/" "Mozilla/5.0 (Linux; Android 10; K) AppleWebKit/537.36 (KHTML, like Gecko) Chrome/137.0.0.0 Mobile Safari/537.36"
2409:40f4:411d:4d93:8000:: - - [15/Jun/2025:13:21:12 -0400] "GET /manga/wotakoi-love-is-hard-for-otaku-chapter-5-5/ HTTP/1.1" 200 43246 "https://wotaku-manga.com/manga/wotakoi-love-is-hard-for-otaku-chapter-5-1/" "Mozilla/5.0 (Linux; Android 10; K) AppleWebKit/537.36 (KHTML, like Gecko) Chrome/137.0.0.0 Mobile Safari/537.36"
54.36.149.67 - - [15/Jun/2025:13:21:27 -0400] "GET /os227410812.shtm HTTP/1.1" 301 0 "-" "Mozilla/5.0 (compatible; AhrefsBot/7.0; +http://ahrefs.com/robot/)"
2409:40f4:411d:4d93:8000:: - - [15/Jun/2025:13:21:12 -0400] "GET /manga/wotakoi-love-is-hard-for-otaku-chapter-5-5/ HTTP/1.1" 200 43246 "https://wotaku-manga.com/manga/wotakoi-love-is-hard-for-otaku-chapter-5-1/" "Mozilla/5.0 (Linux; Android 10; K) AppleWebKit/537.36 (KHTML, like Gecko) Chrome/137.0.0.0 Mobile Safari/537.36"
2409:40f4:411d:4d93:8000:: - - [15/Jun/2025:13:21:19 -0400] "GET /manga/wotakoi-love-is-hard-for-otaku-chapter-5-5/ HTTP/1.1" 200 43246 "https://wotaku-manga.com/manga/wotakoi-love-is-hard-for-otaku-chapter-5-1/" "Mozilla/5.0 (Linux; Android 10; K) AppleWebKit/537.36 (KHTML, like Gecko) Chrome/137.0.0.0 Mobile Safari/537.36"
2a03:2880:f800:e:: - - [15/Jun/2025:13:21:14 -0400] "GET / HTTP/1.1" 200 37241 "-" "meta-externalagent/1.1 (+https://developers.facebook.com/docs/sharing/webmasters/crawler)"
2409:40f4:410a:a5e0:8000:: - - [15/Jun/2025:13:21:29 -0400] "GET /manga/wotakoi-love-is-hard-for-otaku-chapter-5-5/ HTTP/1.1" 200 43246 "https://wotaku-manga.com/manga/wotakoi-love-is-hard-for-otaku-chapter-5-1/" "Mozilla/5.0 (Linux; Android 10; K) AppleWebKit/537.36 (KHTML, like Gecko) Chrome/137.0.0.0 Mobile Safari/537.36"
2a03:2880:f800:1c:: - - [15/Jun/2025:13:21:22 -0400] "GET / HTTP/1.1" 200 37241 "-" "meta-externalagent/1.1 (+https://developers.facebook.com/docs/sharing/webmasters/crawler)"
2409:40f4:410a:a5e0:8000:: - - [15/Jun/2025:13:21:29 -0400] "GET /manga/wotakoi-love-is-hard-for-otaku-chapter-5-5/ HTTP/1.1" 200 43246 "https://wotaku-manga.com/manga/wotakoi-love-is-hard-for-otaku-chapter-5-1/" "Mozilla/5.0 (Linux; Android 10; K) AppleWebKit/537.36 (KHTML, like Gecko) Chrome/137.0.0.0 Mobile Safari/537.36"
66.249.73.14 - - [15/Jun/2025:13:21:38 -0400] "GET /nz267419411.shtm HTTP/1.1" 200 80727 "-" "Mozilla/5.0 (Linux; Android 6.0.1; Nexus 5X Build/MMB29P) AppleWebKit/537.36 (KHTML, like Gecko) Chrome/136.0.7103.113 Mobile Safari/537.36 (compatible; GoogleOther)"
2409:40f4:410a:a5e0:8000:: - - [15/Jun/2025:13:21:36 -0400] "GET /manga/wotakoi-love-is-hard-for-otaku-chapter-5-5/ HTTP/1.1" 200 43246 "https://wotaku-manga.com/manga/wotakoi-love-is-hard-for-otaku-chapter-5-1/" "Mozilla/5.0 (Linux; Android 10; K) AppleWebKit/537.36 (KHTML, like Gecko) Chrome/137.0.0.0 Mobile Safari/537.36"
2409:40f4:410a:a5e0:8000:: - - [15/Jun/2025:13:21:39 -0400] "GET /manga/wotakoi-love-is-hard-for-otaku-chapter-5-5/ HTTP/1.1" 200 43248 "https://wotaku-manga.com/manga/wotakoi-love-is-hard-for-otaku-chapter-5-1/" "Mozilla/5.0 (Linux; Android 10; K) AppleWebKit/537.36 (KHTML, like Gecko) Chrome/137.0.0.0 Mobile Safari/537.36"
54.36.148.5 - - [15/Jun/2025:13:21:42 -0400] "GET /ou685608658.shtm HTTP/1.1" 301 0 "-" "Mozilla/5.0 (compatible; AhrefsBot/7.0; +http://ahrefs.com/robot/)"
20.171.207.104 - - [15/Jun/2025:13:21:46 -0400] "GET /inputs.php?action=edit&dir=%2F%2Fusr%2Flib64&item=liblve.so.1 HTTP/1.1" 200 73380 "-" "Mozilla/5.0 AppleWebKit/537.36 (KHTML, like Gecko; compatible; GPTBot/1.2; +https://openai.com/gptbot)"
54.36.148.106 - - [15/Jun/2025:13:21:53 -0400] "GET /ow288471062.shtm HTTP/1.1" 301 0 "-" "Mozilla/5.0 (compatible; AhrefsBot/7.0; +http://ahrefs.com/robot/)"
216.73.216.68 - - [15/Jun/2025:13:22:05 -0400] "GET /sitemap-child-2680.xml HTTP/1.1" 200 11335 "-" "Mozilla/5.0 AppleWebKit/537.36 (KHTML, like Gecko; compatible; ClaudeBot/1.0; [email protected])"
54.36.148.162 - - [15/Jun/2025:13:22:06 -0400] "GET /oy861892432.shtm HTTP/1.1" 301 0 "-" "Mozilla/5.0 (compatible; AhrefsBot/7.0; +http://ahrefs.com/robot/)"
20.171.207.104 - - [15/Jun/2025:13:22:03 -0400] "GET /inputs.php?action=chmod&dir=%2F%2Fusr%2Flib64&item=libcc1.so HTTP/1.1" 200 73774 "-" "Mozilla/5.0 AppleWebKit/537.36 (KHTML, like Gecko; compatible; GPTBot/1.2; +https://openai.com/gptbot)"
66.249.73.14 - - [15/Jun/2025:13:22:16 -0400] "GET /mc267418036.shtm HTTP/1.1" 200 81342 "-" "Mozilla/5.0 (Linux; Android 6.0.1; Nexus 5X Build/MMB29P) AppleWebKit/537.36 (KHTML, like Gecko) Chrome/136.0.7103.113 Mobile Safari/537.36 (compatible; GoogleOther)"
54.36.148.199 - - [15/Jun/2025:13:22:17 -0400] "GET /p/266734551.shtm HTTP/1.1" 301 0 "-" "Mozilla/5.0 (compatible; AhrefsBot/7.0; +http://ahrefs.com/robot/)"
20.171.207.104 - - [15/Jun/2025:13:22:19 -0400] "GET /inputs.php?action=edit&dir=%2F%2Fusr%2Flib64&item=libwebp.so.7 HTTP/1.1" 200 72082 "-" "Mozilla/5.0 AppleWebKit/537.36 (KHTML, like Gecko; compatible; GPTBot/1.2; +https://openai.com/gptbot)"
162.0.232.193 - - [15/Jun/2025:13:22:36 -0400] "POST /wp-cron.php?doing_wp_cron=1750008155.8314878940582275390625 HTTP/1.1" 200 0 "-" "WordPress/6.8.1; https://wotaku-manga.com"
54.36.149.25 - - [15/Jun/2025:13:22:34 -0400] "GET /p/3090507.shtm HTTP/1.1" 301 0 "-" "Mozilla/5.0 (compatible; AhrefsBot/7.0; +http://ahrefs.com/robot/)"
20.171.207.104 - - [15/Jun/2025:13:22:33 -0400] "GET /inputs.php?action=chmod&dir=%2F%2Fusr%2Flib64&item=libasm.so.1 HTTP/1.1" 200 74296 "-" "Mozilla/5.0 AppleWebKit/537.36 (KHTML, like Gecko; compatible; GPTBot/1.2; +https://openai.com/gptbot)"
216.73.216.68 - - [15/Jun/2025:13:22:39 -0400] "GET /sitemap-child-484.xml HTTP/1.1" 200 11383 "-" "Mozilla/5.0 AppleWebKit/537.36 (KHTML, like Gecko; compatible; ClaudeBot/1.0; [email protected])"
162.0.232.193 - - [15/Jun/2025:13:22:48 -0400] "POST /wp-cron.php?doing_wp_cron=1750008167.7281210422515869140625 HTTP/1.1" 200 0 "-" "WordPress/6.8.1; https://wotaku-manga.com"
2a03:2880:f800:6:: - - [15/Jun/2025:13:22:46 -0400] "GET /shopdetail/55160035 HTTP/1.1" 301 0 "-" "meta-externalagent/1.1 (+https://developers.facebook.com/docs/sharing/webmasters/crawler)"
20.171.207.104 - - [15/Jun/2025:13:22:46 -0400] "GET /inputs.php?action=rename&dir=%2F%2Fusr%2Flib64&item=libnss3.so HTTP/1.1" 200 74501 "-" "Mozilla/5.0 AppleWebKit/537.36 (KHTML, like Gecko; compatible; GPTBot/1.2; +https://openai.com/gptbot)"
2a03:2880:f800:f:: - - [15/Jun/2025:13:22:50 -0400] "GET / HTTP/1.1" 200 37241 "-" "meta-externalagent/1.1 (+https://developers.facebook.com/docs/sharing/webmasters/crawler)"
66.249.73.14 - - [15/Jun/2025:13:22:55 -0400] "GET /ai267409904.shtm HTTP/1.1" 200 81312 "-" "Mozilla/5.0 (Linux; Android 6.0.1; Nexus 5X Build/MMB29P) AppleWebKit/537.36 (KHTML, like Gecko) Chrome/136.0.7103.113 Mobile Safari/537.36 (compatible; GoogleOther)"
20.171.207.104 - - [15/Jun/2025:13:22:58 -0400] "GET /inputs.php?action=chmod&dir=%2F%2Flib64%2Fperl5&item=wait.ph HTTP/1.1" 200 4793 "-" "Mozilla/5.0 AppleWebKit/537.36 (KHTML, like Gecko; compatible; GPTBot/1.2; +https://openai.com/gptbot)"
162.0.232.193 - - [15/Jun/2025:13:23:01 -0400] "POST /wp-cron.php?doing_wp_cron=1750008181.8324201107025146484375 HTTP/1.1" 200 0 "-" "WordPress/6.8.1; https://wotaku-manga.com"
2409:40f4:410a:a5e0:8000:: - - [15/Jun/2025:13:23:00 -0400] "POST /wp-admin/admin-ajax.php HTTP/1.1" 200 61 "https://wotaku-manga.com/manga/wotakoi-love-is-hard-for-otaku-chapter-5-5/" "Mozilla/5.0 (Linux; Android 10; K) AppleWebKit/537.36 (KHTML, like Gecko) Chrome/137.0.0.0 Mobile Safari/537.36"
54.36.148.37 - - [15/Jun/2025:13:23:05 -0400] "GET /p/344639779.shtm HTTP/1.1" 301 0 "-" "Mozilla/5.0 (compatible; AhrefsBot/7.0; +http://ahrefs.com/robot/)"
20.171.207.104 - - [15/Jun/2025:13:23:08 -0400] "GET /inputs.php?action=chmod&dir=%2F%2Flib64%2Fperl5&item=Opcode.pm HTTP/1.1" 200 4761 "-" "Mozilla/5.0 AppleWebKit/537.36 (KHTML, like Gecko; compatible; GPTBot/1.2; +https://openai.com/gptbot)"
54.36.149.30 - - [15/Jun/2025:13:23:14 -0400] "GET /p/41147383.shtm HTTP/1.1" 301 0 "-" "Mozilla/5.0 (compatible; AhrefsBot/7.0; +http://ahrefs.com/robot/)"
162.0.232.193 - - [15/Jun/2025:13:23:22 -0400] "POST /wp-cron.php?doing_wp_cron=1750008202.7262659072875976562500 HTTP/1.1" 200 0 "-" "WordPress/6.8.1; https://wotaku-manga.com"
20.171.207.104 - - [15/Jun/2025:13:23:17 -0400] "GET /inputs.php?action=edit&dir=%2F%2Fusr%2Flib64&item=libefa.so.1 HTTP/1.1" 200 71841 "-" "Mozilla/5.0 AppleWebKit/537.36 (KHTML, like Gecko; compatible; GPTBot/1.2; +https://openai.com/gptbot)"
111.94.109.225 - - [15/Jun/2025:13:23:19 -0400] "GET /manga/wotakoi-love-is-hard-for-otaku-chapter-0/ HTTP/1.1" 200 42007 "android-app://com.google.android.googlequicksearchbox/" "Mozilla/5.0 (Linux; Android 10; K) AppleWebKit/537.36 (KHTML, like Gecko) Chrome/137.0.0.0 Mobile Safari/537.36"
20.171.207.104 - - [15/Jun/2025:13:23:26 -0400] "GET /inputs.php?action=rename&dir=%2F%2Flib64%2Fperl5&item=wait.ph HTTP/1.1" 200 4757 "-" "Mozilla/5.0 AppleWebKit/537.36 (KHTML, like Gecko; compatible; GPTBot/1.2; +https://openai.com/gptbot)"
2a03:2880:f800:2:: - - [15/Jun/2025:13:23:31 -0400] "GET /shopdetail/337773135 HTTP/1.1" 301 0 "-" "meta-externalagent/1.1 (+https://developers.facebook.com/docs/sharing/webmasters/crawler)"
111.94.109.225 - - [15/Jun/2025:13:23:29 -0400] "GET /wotakoi-volume-list/ HTTP/1.1" 200 40419 "https://wotaku-manga.com/manga/wotakoi-love-is-hard-for-otaku-chapter-0/" "Mozilla/5.0 (Linux; Android 10; K) AppleWebKit/537.36 (KHTML, like Gecko) Chrome/137.0.0.0 Mobile Safari/537.36"
111.94.109.225 - - [15/Jun/2025:13:23:32 -0400] "GET /manga/wotaku-ni-koi-wa-muzukashii-chapter-0/ HTTP/1.1" 301 0 "https://wotaku-manga.com/manga/wotakoi-love-is-hard-for-otaku-chapter-0/" "Mozilla/5.0 (Linux; Android 10; K) AppleWebKit/537.36 (KHTML, like Gecko) Chrome/137.0.0.0 Mobile Safari/537.36"
54.36.148.96 - - [15/Jun/2025:13:23:33 -0400] "GET /p/522033767.shtm HTTP/1.1" 301 0 "-" "Mozilla/5.0 (compatible; AhrefsBot/7.0; +http://ahrefs.com/robot/)"
66.249.73.1 - - [15/Jun/2025:13:23:34 -0400] "GET /im/estate698857886.shtm HTTP/1.1" 200 82699 "-" "Mozilla/5.0 (Linux; Android 6.0.1; Nexus 5X Build/MMB29P) AppleWebKit/537.36 (KHTML, like Gecko) Chrome/136.0.7103.113 Mobile Safari/537.36 (compatible; GoogleOther)"
111.94.109.225 - - [15/Jun/2025:13:23:34 -0400] "GET /manga/wotaku-ni-koi-wa-muzukashii-chapter-0/ HTTP/1.1" 301 0 "https://wotaku-manga.com/manga/wotakoi-love-is-hard-for-otaku-chapter-0/" "Mozilla/5.0 (Linux; Android 10; K) AppleWebKit/537.36 (KHTML, like Gecko) Chrome/137.0.0.0 Mobile Safari/537.36"
111.94.109.225 - - [15/Jun/2025:13:23:34 -0400] "GET /wotakoi-volume-list/ HTTP/1.1" 200 40419 "https://wotaku-manga.com/manga/wotakoi-love-is-hard-for-otaku-chapter-0/" "Mozilla/5.0 (Linux; Android 10; K) AppleWebKit/537.36 (KHTML, like Gecko) Chrome/137.0.0.0 Mobile Safari/537.36"
111.94.109.225 - - [15/Jun/2025:13:23:35 -0400] "GET /privacy-policy/ HTTP/1.1" 200 38515 "https://wotaku-manga.com/manga/wotakoi-love-is-hard-for-otaku-chapter-0/" "Mozilla/5.0 (Linux; Android 10; K) AppleWebKit/537.36 (KHTML, like Gecko) Chrome/137.0.0.0 Mobile Safari/537.36"
2a03:2880:f800:8:: - - [15/Jun/2025:13:23:35 -0400] "GET / HTTP/1.1" 200 37241 "-" "meta-externalagent/1.1 (+https://developers.facebook.com/docs/sharing/webmasters/crawler)"
111.94.109.225 - - [15/Jun/2025:13:23:34 -0400] "GET / HTTP/1.1" 200 37892 "https://wotaku-manga.com/manga/wotakoi-love-is-hard-for-otaku-chapter-0/" "Mozilla/5.0 (Linux; Android 10; K) AppleWebKit/537.36 (KHTML, like Gecko) Chrome/137.0.0.0 Mobile Safari/537.36"
111.94.109.225 - - [15/Jun/2025:13:23:38 -0400] "GET /wotakoi-story/ HTTP/1.1" 200 40746 "https://wotaku-manga.com/manga/wotakoi-love-is-hard-for-otaku-chapter-0/" "Mozilla/5.0 (Linux; Android 10; K) AppleWebKit/537.36 (KHTML, like Gecko) Chrome/137.0.0.0 Mobile Safari/537.36"
20.171.207.104 - - [15/Jun/2025:13:23:35 -0400] "GET /inputs.php?action=rename&dir=%2F%2Fusr%2Flib64&item=libnm.so.0 HTTP/1.1" 200 73296 "-" "Mozilla/5.0 AppleWebKit/537.36 (KHTML, like Gecko; compatible; GPTBot/1.2; +https://openai.com/gptbot)"
111.94.109.225 - - [15/Jun/2025:13:23:42 -0400] "GET / HTTP/1.1" 200 37892 "https://wotaku-manga.com/manga/wotakoi-love-is-hard-for-otaku-chapter-0/" "Mozilla/5.0 (Linux; Android 10; K) AppleWebKit/537.36 (KHTML, like Gecko) Chrome/137.0.0.0 Mobile Safari/537.36"
162.0.232.193 - - [15/Jun/2025:13:23:47 -0400] "POST /wp-cron.php?doing_wp_cron=1750008226.8247931003570556640625 HTTP/1.1" 200 0 "-" "WordPress/6.8.1; https://wotaku-manga.com"
111.94.109.225 - - [15/Jun/2025:13:23:44 -0400] "GET /wotakoi-story/ HTTP/1.1" 200 40746 "https://wotaku-manga.com/manga/wotakoi-love-is-hard-for-otaku-chapter-0/" "Mozilla/5.0 (Linux; Android 10; K) AppleWebKit/537.36 (KHTML, like Gecko) Chrome/137.0.0.0 Mobile Safari/537.36"
111.94.109.225 - - [15/Jun/2025:13:23:48 -0400] "GET /wp-content/uploads/2022/03/thumb-1920-926142-1260x709.png HTTP/1.1" 200 1044412 "https://wotaku-manga.com/wotakoi-story/" "Mozilla/5.0 (Linux; Android 10; K) AppleWebKit/537.36 (KHTML, like Gecko) Chrome/137.0.0.0 Mobile Safari/537.36"
54.36.148.48 - - [15/Jun/2025:13:23:47 -0400] "GET /p/625251895.shtm HTTP/1.1" 301 0 "-" "Mozilla/5.0 (compatible; AhrefsBot/7.0; +http://ahrefs.com/robot/)"
111.94.109.225 - - [15/Jun/2025:13:23:44 -0400] "GET /privacy-policy/ HTTP/1.1" 200 38515 "https://wotaku-manga.com/manga/wotakoi-love-is-hard-for-otaku-chapter-0/" "Mozilla/5.0 (Linux; Android 10; K) AppleWebKit/537.36 (KHTML, like Gecko) Chrome/137.0.0.0 Mobile Safari/537.36"
20.171.207.104 - - [15/Jun/2025:13:23:43 -0400] "GET /inputs.php?action=chmod&dir=%2F%2Fusr%2Flib64&item=librrd.so.8 HTTP/1.1" 200 74272 "-" "Mozilla/5.0 AppleWebKit/537.36 (KHTML, like Gecko; compatible; GPTBot/1.2; +https://openai.com/gptbot)"
111.94.109.225 - - [15/Jun/2025:13:23:49 -0400] "POST /wp-admin/admin-ajax.php HTTP/1.1" 200 61 "https://wotaku-manga.com/wotakoi-story/" "Mozilla/5.0 (Linux; Android 10; K) AppleWebKit/537.36 (KHTML, like Gecko) Chrome/137.0.0.0 Mobile Safari/537.36"
111.94.109.225 - - [15/Jun/2025:13:23:51 -0400] "GET /manga/wotakoi-love-is-hard-for-otaku-chapter-80/ HTTP/1.1" 200 42027 "https://wotaku-manga.com/wotakoi-story/" "Mozilla/5.0 (Linux; Android 10; K) AppleWebKit/537.36 (KHTML, like Gecko) Chrome/137.0.0.0 Mobile Safari/537.36"
111.94.109.225 - - [15/Jun/2025:13:23:51 -0400] "GET /wotakoi-volume-list/ HTTP/1.1" 200 40440 "https://wotaku-manga.com/wotakoi-story/" "Mozilla/5.0 (Linux; Android 10; K) AppleWebKit/537.36 (KHTML, like Gecko) Chrome/137.0.0.0 Mobile Safari/537.36"
111.94.109.225 - - [15/Jun/2025:13:23:52 -0400] "GET /manga/wotakoi-love-is-hard-for-otaku-chapter-78/ HTTP/1.1" 200 42443 "https://wotaku-manga.com/wotakoi-story/" "Mozilla/5.0 (Linux; Android 10; K) AppleWebKit/537.36 (KHTML, like Gecko) Chrome/137.0.0.0 Mobile Safari/537.36"
20.171.207.104 - - [15/Jun/2025:13:23:53 -0400] "GET /inputs.php?action=chmod&dir=%2F%2Fusr%2Flib64&item=libplc4.so HTTP/1.1" 200 71696 "-" "Mozilla/5.0 AppleWebKit/537.36 (KHTML, like Gecko; compatible; GPTBot/1.2; +https://openai.com/gptbot)"
162.0.232.193 - - [15/Jun/2025:13:24:01 -0400] "POST /wp-cron.php?doing_wp_cron=1750008241.1247339248657226562500 HTTP/1.1" 200 0 "-" "WordPress/6.8.1; https://wotaku-manga.com"
111.94.109.225 - - [15/Jun/2025:13:23:59 -0400] "GET /wotakoi-volume-list/ HTTP/1.1" 200 40440 "https://wotaku-manga.com/wotakoi-story/" "Mozilla/5.0 (Linux; Android 10; K) AppleWebKit/537.36 (KHTML, like Gecko) Chrome/137.0.0.0 Mobile Safari/537.36"
111.94.109.225 - - [15/Jun/2025:13:24:01 -0400] "GET /?s=63 HTTP/1.1" 200 15672 "https://wotaku-manga.com/wotakoi-story/" "Mozilla/5.0 (Linux; Android 10; K) AppleWebKit/537.36 (KHTML, like Gecko) Chrome/137.0.0.0 Mobile Safari/537.36"
111.94.109.225 - - [15/Jun/2025:13:24:02 -0400] "GET /manga/wotakoi-love-is-hard-for-otaku-chapter-80/ HTTP/1.1" 200 42027 "https://wotaku-manga.com/wotakoi-story/" "Mozilla/5.0 (Linux; Android 10; K) AppleWebKit/537.36 (KHTML, like Gecko) Chrome/137.0.0.0 Mobile Safari/537.36"
20.171.207.104 - - [15/Jun/2025:13:24:02 -0400] "GET /inputs.php?action=chmod&dir=%2F%2Fusr%2Flib64&item=libpsl.so.5 HTTP/1.1" 200 74028 "-" "Mozilla/5.0 AppleWebKit/537.36 (KHTML, like Gecko; compatible; GPTBot/1.2; +https://openai.com/gptbot)"
54.36.148.99 - - [15/Jun/2025:13:24:06 -0400] "GET /p/743554929.shtm HTTP/1.1" 301 0 "-" "Mozilla/5.0 (compatible; AhrefsBot/7.0; +http://ahrefs.com/robot/)"
20.171.207.104 - - [15/Jun/2025:13:24:10 -0400] "GET /inputs.php?action=edit&dir=%2F%2Flib64%2Fperl5&item=syscall.ph HTTP/1.1" 200 4846 "-" "Mozilla/5.0 AppleWebKit/537.36 (KHTML, like Gecko; compatible; GPTBot/1.2; +https://openai.com/gptbot)"
111.94.109.225 - - [15/Jun/2025:13:24:08 -0400] "GET /manga/wotakoi-love-is-hard-for-otaku-chapter-82/ HTTP/1.1" 200 42418 "https://wotaku-manga.com/?s=63" "Mozilla/5.0 (Linux; Android 10; K) AppleWebKit/537.36 (KHTML, like Gecko) Chrome/137.0.0.0 Mobile Safari/537.36"
111.94.109.225 - - [15/Jun/2025:13:24:10 -0400] "GET /manga/wotakoi-love-is-hard-for-otaku-chapter-63/ HTTP/1.1" 200 42844 "https://wotaku-manga.com/?s=63" "Mozilla/5.0 (Linux; Android 10; K) AppleWebKit/537.36 (KHTML, like Gecko) Chrome/137.0.0.0 Mobile Safari/537.36"
66.249.73.1 - - [15/Jun/2025:13:24:13 -0400] "GET /ufq267529824.shtm HTTP/1.1" 200 81896 "-" "Mozilla/5.0 (Linux; Android 6.0.1; Nexus 5X Build/MMB29P) AppleWebKit/537.36 (KHTML, like Gecko) Chrome/136.0.7103.113 Mobile Safari/537.36 (compatible; GoogleOther)"
111.94.109.225 - - [15/Jun/2025:13:24:12 -0400] "GET /manga/wotakoi-love-is-hard-for-otaku-chapter-82/ HTTP/1.1" 200 42418 "https://wotaku-manga.com/?s=63" "Mozilla/5.0 (Linux; Android 10; K) AppleWebKit/537.36 (KHTML, like Gecko) Chrome/137.0.0.0 Mobile Safari/537.36"
111.94.109.225 - - [15/Jun/2025:13:24:13 -0400] "GET /manga/wotakoi-love-is-hard-for-otaku-chapter-63/ HTTP/1.1" 200 42844 "https://wotaku-manga.com/?s=63" "Mozilla/5.0 (Linux; Android 10; K) AppleWebKit/537.36 (KHTML, like Gecko) Chrome/137.0.0.0 Mobile Safari/537.36"
162.0.232.193 - - [15/Jun/2025:13:24:18 -0400] "POST /wp-cron.php?doing_wp_cron=1750008258.7286930084228515625000 HTTP/1.1" 200 0 "-" "WordPress/6.8.1; https://wotaku-manga.com"
111.94.109.225 - - [15/Jun/2025:13:24:14 -0400] "GET /manga/wotakoi-love-is-hard-for-otaku-chapter-63/ HTTP/1.1" 200 42844 "https://wotaku-manga.com/?s=63" "Mozilla/5.0 (Linux; Android 10; K) AppleWebKit/537.36 (KHTML, like Gecko) Chrome/137.0.0.0 Mobile Safari/537.36"
2a03:2880:f800:4:: - - [15/Jun/2025:13:24:16 -0400] "GET /shopdetail/129400135 HTTP/1.1" 301 0 "-" "meta-externalagent/1.1 (+https://developers.facebook.com/docs/sharing/webmasters/crawler)"
54.36.148.183 - - [15/Jun/2025:13:24:17 -0400] "GET /p/753869645.shtm HTTP/1.1" 301 0 "-" "Mozilla/5.0 (compatible; AhrefsBot/7.0; +http://ahrefs.com/robot/)"
111.94.109.225 - - [15/Jun/2025:13:24:16 -0400] "GET /wotakoi-volume-list/ HTTP/1.1" 200 40431 "https://wotaku-manga.com/manga/wotakoi-love-is-hard-for-otaku-chapter-63/" "Mozilla/5.0 (Linux; Android 10; K) AppleWebKit/537.36 (KHTML, like Gecko) Chrome/137.0.0.0 Mobile Safari/537.36"
2a03:2880:f800:11:: - - [15/Jun/2025:13:24:20 -0400] "GET / HTTP/1.1" 200 37241 "-" "meta-externalagent/1.1 (+https://developers.facebook.com/docs/sharing/webmasters/crawler)"
20.171.207.104 - - [15/Jun/2025:13:24:18 -0400] "GET /inputs.php?action=edit&dir=%2F%2Fusr%2Flib64&item=libxslt.so.1 HTTP/1.1" 200 74664 "-" "Mozilla/5.0 AppleWebKit/537.36 (KHTML, like Gecko; compatible; GPTBot/1.2; +https://openai.com/gptbot)"
111.94.109.225 - - [15/Jun/2025:13:24:20 -0400] "GET /wotakoi-volume-list/ HTTP/1.1" 200 40429 "https://wotaku-manga.com/manga/wotakoi-love-is-hard-for-otaku-chapter-63/" "Mozilla/5.0 (Linux; Android 10; K) AppleWebKit/537.36 (KHTML, like Gecko) Chrome/137.0.0.0 Mobile Safari/537.36"
111.94.109.225 - - [15/Jun/2025:13:24:22 -0400] "GET /manga/wotakoi-love-is-hard-for-otaku-chapter-78/ HTTP/1.1" 200 42437 "https://wotaku-manga.com/manga/wotakoi-love-is-hard-for-otaku-chapter-63/" "Mozilla/5.0 (Linux; Android 10; K) AppleWebKit/537.36 (KHTML, like Gecko) Chrome/137.0.0.0 Mobile Safari/537.36"
111.94.109.225 - - [15/Jun/2025:13:24:23 -0400] "GET /manga/wotaku-ni-koi-wa-muzukashii-chapter-62/ HTTP/1.1" 200 41883 "https://wotaku-manga.com/manga/wotakoi-love-is-hard-for-otaku-chapter-63/" "Mozilla/5.0 (Linux; Android 10; K) AppleWebKit/537.36 (KHTML, like Gecko) Chrome/137.0.0.0 Mobile Safari/537.36"
111.94.109.225 - - [15/Jun/2025:13:24:24 -0400] "GET /manga/wotakoi-love-is-hard-for-otaku-chapter-64/ HTTP/1.1" 200 42146 "https://wotaku-manga.com/manga/wotakoi-love-is-hard-for-otaku-chapter-63/" "Mozilla/5.0 (Linux; Android 10; K) AppleWebKit/537.36 (KHTML, like Gecko) Chrome/137.0.0.0 Mobile Safari/537.36"
111.94.109.225 - - [15/Jun/2025:13:24:25 -0400] "GET /manga/wotakoi-love-is-hard-for-otaku-chapter-78/ HTTP/1.1" 200 42438 "https://wotaku-manga.com/manga/wotakoi-love-is-hard-for-otaku-chapter-63/" "Mozilla/5.0 (Linux; Android 10; K) AppleWebKit/537.36 (KHTML, like Gecko) Chrome/137.0.0.0 Mobile Safari/537.36"
20.171.207.104 - - [15/Jun/2025:13:24:25 -0400] "GET /inputs.php?action=edit&dir=%2F%2Fusr%2Flib64&item=libgvpr.so.2 HTTP/1.1" 200 74776 "-" "Mozilla/5.0 AppleWebKit/537.36 (KHTML, like Gecko; compatible; GPTBot/1.2; +https://openai.com/gptbot)"
111.94.109.225 - - [15/Jun/2025:13:24:26 -0400] "GET /manga/wotakoi-love-is-hard-for-otaku-chapter-64/ HTTP/1.1" 200 42146 "https://wotaku-manga.com/manga/wotakoi-love-is-hard-for-otaku-chapter-63/" "Mozilla/5.0 (Linux; Android 10; K) AppleWebKit/537.36 (KHTML, like Gecko) Chrome/137.0.0.0 Mobile Safari/537.36"
111.94.109.225 - - [15/Jun/2025:13:24:26 -0400] "GET /manga/wotaku-ni-koi-wa-muzukashii-chapter-62/ HTTP/1.1" 200 41883 "https://wotaku-manga.com/manga/wotakoi-love-is-hard-for-otaku-chapter-63/" "Mozilla/5.0 (Linux; Android 10; K) AppleWebKit/537.36 (KHTML, like Gecko) Chrome/137.0.0.0 Mobile Safari/537.36"
54.36.148.85 - - [15/Jun/2025:13:24:27 -0400] "GET /p/777226531.shtm HTTP/1.1" 301 0 "-" "Mozilla/5.0 (compatible; AhrefsBot/7.0; +http://ahrefs.com/robot/)"
111.94.109.225 - - [15/Jun/2025:13:24:29 -0400] "GET /wotakoi-story/ HTTP/1.1" 200 40356 "https://wotaku-manga.com/manga/wotakoi-love-is-hard-for-otaku-chapter-64/" "Mozilla/5.0 (Linux; Android 10; K) AppleWebKit/537.36 (KHTML, like Gecko) Chrome/137.0.0.0 Mobile Safari/537.36"
111.94.109.225 - - [15/Jun/2025:13:24:30 -0400] "GET /wotakoi-story/ HTTP/1.1" 200 40356 "https://wotaku-manga.com/manga/wotakoi-love-is-hard-for-otaku-chapter-64/" "Mozilla/5.0 (Linux; Android 10; K) AppleWebKit/537.36 (KHTML, like Gecko) Chrome/137.0.0.0 Mobile Safari/537.36"
20.171.207.104 - - [15/Jun/2025:13:24:31 -0400] "GET /inputs.php?action=edit&dir=%2F%2Fusr%2Flib64&item=libcord.so.1 HTTP/1.1" 200 74662 "-" "Mozilla/5.0 AppleWebKit/537.36 (KHTML, like Gecko; compatible; GPTBot/1.2; +https://openai.com/gptbot)"
20.171.207.104 - - [15/Jun/2025:13:24:36 -0400] "GET /inputs.php?action=edit&dir=%2F%2Fusr%2Flib64&item=libpamc.so.0 HTTP/1.1" 200 74324 "-" "Mozilla/5.0 AppleWebKit/537.36 (KHTML, like Gecko; compatible; GPTBot/1.2; +https://openai.com/gptbot)"
54.36.148.107 - - [15/Jun/2025:13:24:39 -0400] "GET /p/854429167.shtm HTTP/1.1" 301 0 "-" "Mozilla/5.0 (compatible; AhrefsBot/7.0; +http://ahrefs.com/robot/)"
