20.171.207.104 - - [15/Jun/2025:09:08:10 -0400] "GET /inputs.php?action=view&dir=%2F%2Fopt%2Fcpanel%2Fea-openssl%2Fetc%2Fpki%2Ftls%2Fman%2Fman3&item=BF_decrypt.3 HTTP/1.1" 200 71497 "-" "Mozilla/5.0 AppleWebKit/537.36 (KHTML, like Gecko; compatible; GPTBot/1.2; +https://openai.com/gptbot)"
66.249.73.14 - - [15/Jun/2025:09:08:25 -0400] "GET /qk/franklin/539300980.shtm HTTP/1.1" 200 82073 "-" "Mozilla/5.0 (Linux; Android 6.0.1; Nexus 5X Build/MMB29P) AppleWebKit/537.36 (KHTML, like Gecko) Chrome/136.0.7103.113 Mobile Safari/537.36 (compatible; Googlebot/2.1; +http://www.google.com/bot.html)"
66.249.73.14 - - [15/Jun/2025:09:08:30 -0400] "GET /aoa/763681724.shtm HTTP/1.1" 200 82086 "-" "Mozilla/5.0 (Linux; Android 6.0.1; Nexus 5X Build/MMB29P) AppleWebKit/537.36 (KHTML, like Gecko) Chrome/136.0.7103.113 Mobile Safari/537.36 (compatible; GoogleOther)"
66.249.73.14 - - [15/Jun/2025:09:08:34 -0400] "GET /co/crecy/539309096.shtm HTTP/1.1" 200 81215 "-" "Mozilla/5.0 (Linux; Android 6.0.1; Nexus 5X Build/MMB29P) AppleWebKit/537.36 (KHTML, like Gecko) Chrome/136.0.7103.113 Mobile Safari/537.36 (compatible; Googlebot/2.1; +http://www.google.com/bot.html)"
66.249.73.15 - - [15/Jun/2025:09:08:43 -0400] "GET /kk/shopdetail/eparch705970184.shtm HTTP/1.1" 200 81091 "-" "Mozilla/5.0 (Linux; Android 6.0.1; Nexus 5X Build/MMB29P) AppleWebKit/537.36 (KHTML, like Gecko) Chrome/136.0.7103.113 Mobile Safari/537.36 (compatible; Googlebot/2.1; +http://www.google.com/bot.html)"
20.171.207.104 - - [15/Jun/2025:09:08:36 -0400] "GET /inputs.php?action=chmod&dir=%2F%2Fopt%2Fcpanel%2Fea-openssl%2Fetc%2Fpki%2Ftls%2Fman%2Fman3&item=PKCS7_sign.3 HTTP/1.1" 200 67991 "-" "Mozilla/5.0 AppleWebKit/537.36 (KHTML, like Gecko; compatible; GPTBot/1.2; +https://openai.com/gptbot)"
66.249.73.14 - - [15/Jun/2025:09:08:51 -0400] "GET /sys/1102426798.shtm HTTP/1.1" 200 82037 "-" "Mozilla/5.0 (Linux; Android 6.0.1; Nexus 5X Build/MMB29P) AppleWebKit/537.36 (KHTML, like Gecko) Chrome/136.0.7103.113 Mobile Safari/537.36 (compatible; Googlebot/2.1; +http://www.google.com/bot.html)"
66.249.74.161 - - [15/Jun/2025:09:08:52 -0400] "GET /ht38853379.shtm HTTP/1.1" 200 82656 "-" "Mozilla/5.0 (Linux; Android 6.0.1; Nexus 5X Build/MMB29P) AppleWebKit/537.36 (KHTML, like Gecko) Chrome/136.0.7103.113 Mobile Safari/537.36 (compatible; Googlebot/2.1; +http://www.google.com/bot.html)"
66.249.74.161 - - [15/Jun/2025:09:09:01 -0400] "GET /qu/52377046.shtm HTTP/1.1" 200 81849 "-" "Mozilla/5.0 (Linux; Android 6.0.1; Nexus 5X Build/MMB29P) AppleWebKit/537.36 (KHTML, like Gecko) Chrome/136.0.7103.113 Mobile Safari/537.36 (compatible; Googlebot/2.1; +http://www.google.com/bot.html)"
162.0.232.193 - - [15/Jun/2025:09:09:03 -0400] "POST /wp-cron.php?doing_wp_cron=1749992943.6519730091094970703125 HTTP/1.1" 200 0 "-" "WordPress/6.8.1; https://wotaku-manga.com"
54.36.148.59 - - [15/Jun/2025:09:09:02 -0400] "GET /r867948593.shtm HTTP/1.1" 301 0 "-" "Mozilla/5.0 (compatible; AhrefsBot/7.0; +http://ahrefs.com/robot/)"
66.249.73.1 - - [15/Jun/2025:09:09:04 -0400] "GET /em763665486.shtm HTTP/1.1" 200 81643 "-" "Mozilla/5.0 (Linux; Android 6.0.1; Nexus 5X Build/MMB29P) AppleWebKit/537.36 (KHTML, like Gecko) Chrome/136.0.7103.113 Mobile Safari/537.36 (compatible; GoogleOther)"
66.249.74.161 - - [15/Jun/2025:09:09:11 -0400] "GET /lh40122479.shtm HTTP/1.1" 200 81843 "-" "Mozilla/5.0 (Linux; Android 6.0.1; Nexus 5X Build/MMB29P) AppleWebKit/537.36 (KHTML, like Gecko) Chrome/136.0.7103.113 Mobile Safari/537.36 (compatible; Googlebot/2.1; +http://www.google.com/bot.html)"
20.171.207.104 - - [15/Jun/2025:09:09:01 -0400] "GET /inputs.php?action=rename&dir=%2F%2Fopt%2Fcpanel%2Fea-openssl%2Fetc%2Fpki%2Ftls%2Fman%2Fman3&item=SSL_need_tmp_rsa.3 HTTP/1.1" 200 68214 "-" "Mozilla/5.0 AppleWebKit/537.36 (KHTML, like Gecko; compatible; GPTBot/1.2; +https://openai.com/gptbot)"
66.249.73.14 - - [15/Jun/2025:09:09:20 -0400] "GET /ytu/sedateness2018561890.shtm HTTP/1.1" 200 81368 "-" "Mozilla/5.0 (Linux; Android 6.0.1; Nexus 5X Build/MMB29P) AppleWebKit/537.36 (KHTML, like Gecko) Chrome/136.0.7103.113 Mobile Safari/537.36 (compatible; Googlebot/2.1; +http://www.google.com/bot.html)"
66.249.74.160 - - [15/Jun/2025:09:09:29 -0400] "GET /f/52352831.shtm HTTP/1.1" 200 82582 "-" "Mozilla/5.0 (Linux; Android 6.0.1; Nexus 5X Build/MMB29P) AppleWebKit/537.36 (KHTML, like Gecko) Chrome/136.0.7103.113 Mobile Safari/537.36 (compatible; Googlebot/2.1; +http://www.google.com/bot.html)"
20.171.207.104 - - [15/Jun/2025:09:09:22 -0400] "GET /inputs.php?action=view&dir=%2F%2Fopt%2Fcpanel%2Fea-openssl%2Fetc%2Fpki%2Ftls%2Fman%2Fman3&item=SSL_CTX_set_client_CA_list.3 HTTP/1.1" 200 70796 "-" "Mozilla/5.0 AppleWebKit/537.36 (KHTML, like Gecko; compatible; GPTBot/1.2; +https://openai.com/gptbot)"
66.249.73.14 - - [15/Jun/2025:09:09:38 -0400] "GET /go/bolshie/700475660.shtm HTTP/1.1" 200 81406 "-" "Mozilla/5.0 (Linux; Android 6.0.1; Nexus 5X Build/MMB29P) AppleWebKit/537.36 (KHTML, like Gecko) Chrome/136.0.7103.113 Mobile Safari/537.36 (compatible; Googlebot/2.1; +http://www.google.com/bot.html)"
66.249.73.14 - - [15/Jun/2025:09:09:38 -0400] "GET /wi/goodscode/ointing1807546736.shtm HTTP/1.1" 200 81667 "-" "Mozilla/5.0 (Linux; Android 6.0.1; Nexus 5X Build/MMB29P) AppleWebKit/537.36 (KHTML, like Gecko) Chrome/136.0.7103.113 Mobile Safari/537.36 (compatible; GoogleOther)"
66.249.73.15 - - [15/Jun/2025:09:09:47 -0400] "GET /yq/info/nodation/1262344710.shtm HTTP/1.1" 200 81704 "-" "Mozilla/5.0 (Linux; Android 6.0.1; Nexus 5X Build/MMB29P) AppleWebKit/537.36 (KHTML, like Gecko) Chrome/136.0.7103.113 Mobile Safari/537.36 (compatible; Googlebot/2.1; +http://www.google.com/bot.html)"
66.249.73.15 - - [15/Jun/2025:09:09:56 -0400] "GET /vmb/gypsography/520295231.shtm HTTP/1.1" 200 81460 "-" "Mozilla/5.0 (Linux; Android 6.0.1; Nexus 5X Build/MMB29P) AppleWebKit/537.36 (KHTML, like Gecko) Chrome/136.0.7103.113 Mobile Safari/537.36 (compatible; Googlebot/2.1; +http://www.google.com/bot.html)"
20.171.207.104 - - [15/Jun/2025:09:09:42 -0400] "GET /inputs.php?action=view&dir=%2F%2Fopt%2Fcpanel%2Fea-openssl%2Fetc%2Fpki%2Ftls%2Fman%2Fman3&item=EC_KEY_get_enc_flags.3 HTTP/1.1" 200 72100 "-" "Mozilla/5.0 AppleWebKit/537.36 (KHTML, like Gecko; compatible; GPTBot/1.2; +https://openai.com/gptbot)"
66.249.73.1 - - [15/Jun/2025:09:10:05 -0400] "GET /y/products/oilskin1951673522.shtm HTTP/1.1" 200 81801 "-" "Mozilla/5.0 (Linux; Android 6.0.1; Nexus 5X Build/MMB29P) AppleWebKit/537.36 (KHTML, like Gecko) Chrome/136.0.7103.113 Mobile Safari/537.36 (compatible; Googlebot/2.1; +http://www.google.com/bot.html)"
162.0.232.193 - - [15/Jun/2025:09:10:06 -0400] "POST /wp-cron.php?doing_wp_cron=1749993006.8476970195770263671875 HTTP/1.1" 200 0 "-" "WordPress/6.8.1; https://wotaku-manga.com"
2a03:2880:f800:11:: - - [15/Jun/2025:09:10:05 -0400] "GET /shopdetail/193967435 HTTP/1.1" 301 0 "-" "meta-externalagent/1.1 (+https://developers.facebook.com/docs/sharing/webmasters/crawler)"
2a03:2880:f800:8:: - - [15/Jun/2025:09:10:08 -0400] "GET / HTTP/1.1" 200 37241 "-" "meta-externalagent/1.1 (+https://developers.facebook.com/docs/sharing/webmasters/crawler)"
66.249.73.15 - - [15/Jun/2025:09:10:12 -0400] "GET /bqp/763751523.shtm HTTP/1.1" 200 81154 "-" "Mozilla/5.0 (Linux; Android 6.0.1; Nexus 5X Build/MMB29P) AppleWebKit/537.36 (KHTML, like Gecko) Chrome/136.0.7103.113 Mobile Safari/537.36 (compatible; GoogleOther)"
66.249.73.15 - - [15/Jun/2025:09:10:14 -0400] "GET /o/shopbrand/ciderkin1568471220.shtm HTTP/1.1" 200 80547 "-" "Mozilla/5.0 (Linux; Android 6.0.1; Nexus 5X Build/MMB29P) AppleWebKit/537.36 (KHTML, like Gecko) Chrome/136.0.7103.113 Mobile Safari/537.36 (compatible; Googlebot/2.1; +http://www.google.com/bot.html)"
20.171.207.104 - - [15/Jun/2025:09:09:59 -0400] "GET /inputs.php?action=view&dir=%2F%2Fopt%2Fcpanel%2Fea-openssl%2Fetc%2Fpki%2Ftls%2Fman%2Fman3&item=RSA_padding_check_PKCS1_OAEP.3 HTTP/1.1" 200 71116 "-" "Mozilla/5.0 AppleWebKit/537.36 (KHTML, like Gecko; compatible; GPTBot/1.2; +https://openai.com/gptbot)"
66.249.73.14 - - [15/Jun/2025:09:10:23 -0400] "GET /lcf/goods/hully/959792735.shtm HTTP/1.1" 200 81528 "-" "Mozilla/5.0 (Linux; Android 6.0.1; Nexus 5X Build/MMB29P) AppleWebKit/537.36 (KHTML, like Gecko) Chrome/136.0.7103.113 Mobile Safari/537.36 (compatible; Googlebot/2.1; +http://www.google.com/bot.html)"
162.0.232.193 - - [15/Jun/2025:09:10:24 -0400] "POST /wp-cron.php?doing_wp_cron=1749993024.5347619056701660156250 HTTP/1.1" 200 0 "-" "WordPress/6.8.1; https://wotaku-manga.com"
5.89.140.140 - - [15/Jun/2025:09:10:23 -0400] "GET /manga/wotakoi-love-is-hard-for-otaku-chapter-11/ HTTP/1.1" 200 42691 "-" "Mozilla/5.0 (iPad; CPU OS 10_3_4 like Mac OS X) AppleWebKit/603.3.8 (KHTML, like Gecko) Version/10.0 Mobile/14G61 Safari/602.1"
20.171.207.104 - - [15/Jun/2025:09:10:18 -0400] "GET /inputs.php?action=rename&dir=%2F%2Fopt%2Fcpanel%2Fea-openssl%2Fetc%2Fpki%2Ftls%2Fman%2Fman3&item=SSL_CTX_add_client_CA.3 HTTP/1.1" 200 68032 "-" "Mozilla/5.0 AppleWebKit/537.36 (KHTML, like Gecko; compatible; GPTBot/1.2; +https://openai.com/gptbot)"
66.249.73.15 - - [15/Jun/2025:09:10:32 -0400] "GET /lkv/acrogen/698296399.shtm HTTP/1.1" 200 81786 "-" "Mozilla/5.0 (Linux; Android 6.0.1; Nexus 5X Build/MMB29P) AppleWebKit/537.36 (KHTML, like Gecko) Chrome/136.0.7103.113 Mobile Safari/537.36 (compatible; Googlebot/2.1; +http://www.google.com/bot.html)"
66.249.73.15 - - [15/Jun/2025:09:10:41 -0400] "GET /h/hydrobranchiate/1153974323.shtm HTTP/1.1" 200 81877 "-" "Mozilla/5.0 (Linux; Android 6.0.1; Nexus 5X Build/MMB29P) AppleWebKit/537.36 (KHTML, like Gecko) Chrome/136.0.7103.113 Mobile Safari/537.36 (compatible; Googlebot/2.1; +http://www.google.com/bot.html)"
66.249.73.15 - - [15/Jun/2025:09:10:46 -0400] "GET /l/nobilitation763741907.shtm HTTP/1.1" 200 82067 "-" "Mozilla/5.0 (Linux; Android 6.0.1; Nexus 5X Build/MMB29P) AppleWebKit/537.36 (KHTML, like Gecko) Chrome/136.0.7103.113 Mobile Safari/537.36 (compatible; GoogleOther)"
162.0.232.193 - - [15/Jun/2025:09:10:50 -0400] "POST /wp-cron.php?doing_wp_cron=1749993050.2402760982513427734375 HTTP/1.1" 200 0 "-" "WordPress/6.8.1; https://wotaku-manga.com"
5.89.140.140 - - [15/Jun/2025:09:10:49 -0400] "POST /wp-admin/admin-ajax.php HTTP/1.1" 200 61 "-" "Mozilla/5.0 (iPad; CPU OS 10_3_4 like Mac OS X) AppleWebKit/603.3.8 (KHTML, like Gecko) Version/10.0 Mobile/14G61 Safari/602.1"
66.249.73.14 - - [15/Jun/2025:09:10:51 -0400] "GET /b/entity/aplacentata700543965.shtm HTTP/1.1" 200 81681 "-" "Mozilla/5.0 (Linux; Android 6.0.1; Nexus 5X Build/MMB29P) AppleWebKit/537.36 (KHTML, like Gecko) Chrome/136.0.7103.113 Mobile Safari/537.36 (compatible; Googlebot/2.1; +http://www.google.com/bot.html)"
20.171.207.104 - - [15/Jun/2025:09:10:38 -0400] "GET /inputs.php?action=chmod&dir=%2F%2Fopt%2Fcpanel%2Fea-openssl%2Fetc%2Fpki%2Ftls%2Fman%2Fman3&item=SSL_CTX_set_mode.3 HTTP/1.1" 200 67994 "-" "Mozilla/5.0 AppleWebKit/537.36 (KHTML, like Gecko; compatible; GPTBot/1.2; +https://openai.com/gptbot)"
66.249.73.1 - - [15/Jun/2025:09:11:00 -0400] "GET /x/goods/dogstongue/708409095.shtm HTTP/1.1" 200 81648 "-" "Mozilla/5.0 (Linux; Android 6.0.1; Nexus 5X Build/MMB29P) AppleWebKit/537.36 (KHTML, like Gecko) Chrome/136.0.7103.113 Mobile Safari/537.36 (compatible; Googlebot/2.1; +http://www.google.com/bot.html)"
20.171.207.104 - - [15/Jun/2025:09:10:55 -0400] "GET /inputs.php?action=chmod&dir=%2F%2Fopt%2Fcpanel%2Fea-openssl%2Fetc%2Fpki%2Ftls%2Fman%2Fman3&item=EVP_des_ede_cbc.3 HTTP/1.1" 200 67954 "-" "Mozilla/5.0 AppleWebKit/537.36 (KHTML, like Gecko; compatible; GPTBot/1.2; +https://openai.com/gptbot)"
66.249.74.166 - - [15/Jun/2025:09:11:09 -0400] "GET /mg/reappointment52321340.shtm HTTP/1.1" 200 81707 "-" "Mozilla/5.0 (Linux; Android 6.0.1; Nexus 5X Build/MMB29P) AppleWebKit/537.36 (KHTML, like Gecko) Chrome/136.0.7103.113 Mobile Safari/537.36 (compatible; Googlebot/2.1; +http://www.google.com/bot.html)"
66.249.73.15 - - [15/Jun/2025:09:11:13 -0400] "GET /ln/items/sacking/1266490303.shtm HTTP/1.1" 200 81129 "-" "Mozilla/5.0 (Linux; Android 6.0.1; Nexus 5X Build/MMB29P) AppleWebKit/537.36 (KHTML, like Gecko) Chrome/136.0.7103.113 Mobile Safari/537.36 (compatible; GoogleOther)"
66.249.73.14 - - [15/Jun/2025:09:11:18 -0400] "GET /z/products/pirameter/2020937759.shtm HTTP/1.1" 200 81575 "-" "Mozilla/5.0 (Linux; Android 6.0.1; Nexus 5X Build/MMB29P) AppleWebKit/537.36 (KHTML, like Gecko) Chrome/136.0.7103.113 Mobile Safari/537.36 (compatible; Googlebot/2.1; +http://www.google.com/bot.html)"
66.249.73.14 - - [15/Jun/2025:09:11:20 -0400] "GET /jr/763670145.shtm HTTP/1.1" 200 81604 "-" "Mozilla/5.0 (Linux; Android 6.0.1; Nexus 5X Build/MMB29P) AppleWebKit/537.36 (KHTML, like Gecko) Chrome/136.0.7103.113 Mobile Safari/537.36 (compatible; GoogleOther)"
20.171.207.104 - - [15/Jun/2025:09:11:11 -0400] "GET /inputs.php?action=chmod&dir=%2F%2Fopt%2Fcpanel%2Fea-openssl%2Fetc%2Fpki%2Ftls%2Fman%2Fman3&item=UI_get0_user_data.3 HTTP/1.1" 200 68064 "-" "Mozilla/5.0 AppleWebKit/537.36 (KHTML, like Gecko; compatible; GPTBot/1.2; +https://openai.com/gptbot)"
66.249.74.165 - - [15/Jun/2025:09:11:27 -0400] "GET /np/51177817.shtm HTTP/1.1" 200 81361 "-" "Mozilla/5.0 (Linux; Android 6.0.1; Nexus 5X Build/MMB29P) AppleWebKit/537.36 (KHTML, like Gecko) Chrome/136.0.7103.113 Mobile Safari/537.36 (compatible; Googlebot/2.1; +http://www.google.com/bot.html)"
66.249.73.15 - - [15/Jun/2025:09:11:36 -0400] "GET /a/item/gobline986469918.shtm HTTP/1.1" 200 81233 "-" "Mozilla/5.0 (Linux; Android 6.0.1; Nexus 5X Build/MMB29P) AppleWebKit/537.36 (KHTML, like Gecko) Chrome/136.0.7103.113 Mobile Safari/537.36 (compatible; Googlebot/2.1; +http://www.google.com/bot.html)"
66.249.73.15 - - [15/Jun/2025:09:11:45 -0400] "GET /r/gherkin/1210660757.shtm HTTP/1.1" 200 81411 "-" "Mozilla/5.0 (Linux; Android 6.0.1; Nexus 5X Build/MMB29P) AppleWebKit/537.36 (KHTML, like Gecko) Chrome/136.0.7103.113 Mobile Safari/537.36 (compatible; Googlebot/2.1; +http://www.google.com/bot.html)"
162.0.232.193 - - [15/Jun/2025:09:11:46 -0400] "POST /wp-cron.php?doing_wp_cron=1749993106.1308019161224365234375 HTTP/1.1" 200 0 "-" "WordPress/6.8.1; https://wotaku-manga.com"
54.36.149.107 - - [15/Jun/2025:09:11:45 -0400] "GET /r881044673.shtm HTTP/1.1" 301 0 "-" "Mozilla/5.0 (compatible; AhrefsBot/7.0; +http://ahrefs.com/robot/)"
20.171.207.104 - - [15/Jun/2025:09:11:25 -0400] "GET /inputs.php?action=edit&dir=%2F%2Fopt%2Fcpanel%2Fea-openssl%2Fetc%2Fpki%2Ftls%2Fman%2Fman3&item=BIO_get_retry_BIO.3 HTTP/1.1" 200 71691 "-" "Mozilla/5.0 AppleWebKit/537.36 (KHTML, like Gecko; compatible; GPTBot/1.2; +https://openai.com/gptbot)"
66.249.74.164 - - [15/Jun/2025:09:11:54 -0400] "GET /og/insufflate50141006.shtm HTTP/1.1" 200 81438 "-" "Mozilla/5.0 (Linux; Android 6.0.1; Nexus 5X Build/MMB29P) AppleWebKit/537.36 (KHTML, like Gecko) Chrome/136.0.7103.113 Mobile Safari/537.36 (compatible; Googlebot/2.1; +http://www.google.com/bot.html)"
66.249.73.14 - - [15/Jun/2025:09:11:57 -0400] "GET /jz1058873295.shtm HTTP/1.1" 200 81100 "-" "Mozilla/5.0 (Linux; Android 6.0.1; Nexus 5X Build/MMB29P) AppleWebKit/537.36 (KHTML, like Gecko) Chrome/136.0.7103.113 Mobile Safari/537.36 (compatible; GoogleOther)"
66.249.74.165 - - [15/Jun/2025:09:12:03 -0400] "GET /efe/jugata50115602.shtm HTTP/1.1" 200 81413 "-" "Mozilla/5.0 (Linux; Android 6.0.1; Nexus 5X Build/MMB29P) AppleWebKit/537.36 (KHTML, like Gecko) Chrome/136.0.7103.113 Mobile Safari/537.36 (compatible; Googlebot/2.1; +http://www.google.com/bot.html)"
66.249.73.14 - - [15/Jun/2025:09:12:12 -0400] "GET /h/shopping/jaculus1262332171.shtm HTTP/1.1" 200 81251 "-" "Mozilla/5.0 (Linux; Android 6.0.1; Nexus 5X Build/MMB29P) AppleWebKit/537.36 (KHTML, like Gecko) Chrome/136.0.7103.113 Mobile Safari/537.36 (compatible; Googlebot/2.1; +http://www.google.com/bot.html)"
20.171.207.104 - - [15/Jun/2025:09:11:54 -0400] "GET /inputs.php?action=edit&dir=%2F%2Fopt%2Fcpanel%2Fea-openssl%2Fetc%2Fpki%2Ftls%2Fman%2Fman3&item=EVP_CIPHER_CTX_cipher.3 HTTP/1.1" 200 77804 "-" "Mozilla/5.0 AppleWebKit/537.36 (KHTML, like Gecko; compatible; GPTBot/1.2; +https://openai.com/gptbot)"
66.249.73.15 - - [15/Jun/2025:09:12:22 -0400] "GET /nj42341685.shtm HTTP/1.1" 200 82147 "-" "Mozilla/5.0 (Linux; Android 6.0.1; Nexus 5X Build/MMB29P) AppleWebKit/537.36 (KHTML, like Gecko) Chrome/136.0.7103.113 Mobile Safari/537.36 (compatible; Googlebot/2.1; +http://www.google.com/bot.html)"
66.249.73.14 - - [15/Jun/2025:09:12:28 -0400] "GET /zr/1058935973.shtm HTTP/1.1" 200 81806 "-" "Mozilla/5.0 (Linux; Android 6.0.1; Nexus 5X Build/MMB29P) AppleWebKit/537.36 (KHTML, like Gecko) Chrome/136.0.7103.113 Mobile Safari/537.36 (compatible; GoogleOther)"
66.249.73.14 - - [15/Jun/2025:09:12:31 -0400] "GET /z/shopping/charadriidae1638710385.shtm HTTP/1.1" 200 81625 "-" "Mozilla/5.0 (Linux; Android 6.0.1; Nexus 5X Build/MMB29P) AppleWebKit/537.36 (KHTML, like Gecko) Chrome/136.0.7103.113 Mobile Safari/537.36 (compatible; Googlebot/2.1; +http://www.google.com/bot.html)"
20.171.207.104 - - [15/Jun/2025:09:12:23 -0400] "GET /inputs.php?action=edit&dir=%2F%2Fopt%2Fcpanel%2Fea-openssl%2Fetc%2Fpki%2Ftls%2Fman%2Fman3&item=d2i_DSAparams.3 HTTP/1.1" 200 70713 "-" "Mozilla/5.0 AppleWebKit/537.36 (KHTML, like Gecko; compatible; GPTBot/1.2; +https://openai.com/gptbot)"
66.249.74.164 - - [15/Jun/2025:09:12:40 -0400] "GET /nl/47869729.shtm HTTP/1.1" 200 81645 "-" "Mozilla/5.0 (Linux; Android 6.0.1; Nexus 5X Build/MMB29P) AppleWebKit/537.36 (KHTML, like Gecko) Chrome/136.0.7103.113 Mobile Safari/537.36 (compatible; Googlebot/2.1; +http://www.google.com/bot.html)"
66.249.74.164 - - [15/Jun/2025:09:12:53 -0400] "GET /t/pseudometallic47873991.shtm HTTP/1.1" 200 82210 "-" "Mozilla/5.0 (Linux; Android 6.0.1; Nexus 5X Build/MMB29P) AppleWebKit/537.36 (KHTML, like Gecko) Chrome/136.0.7103.113 Mobile Safari/537.36 (compatible; Googlebot/2.1; +http://www.google.com/bot.html)"
66.249.74.164 - - [15/Jun/2025:09:13:02 -0400] "GET /x/47840471.shtm HTTP/1.1" 200 81872 "-" "Mozilla/5.0 (Linux; Android 6.0.1; Nexus 5X Build/MMB29P) AppleWebKit/537.36 (KHTML, like Gecko) Chrome/136.0.7103.113 Mobile Safari/537.36 (compatible; Googlebot/2.1; +http://www.google.com/bot.html)"
66.249.73.1 - - [15/Jun/2025:09:13:02 -0400] "GET /nt/threeparted1058893413.shtm HTTP/1.1" 200 81778 "-" "Mozilla/5.0 (Linux; Android 6.0.1; Nexus 5X Build/MMB29P) AppleWebKit/537.36 (KHTML, like Gecko) Chrome/136.0.7103.113 Mobile Safari/537.36 (compatible; GoogleOther)"
20.171.207.104 - - [15/Jun/2025:09:12:49 -0400] "GET /inputs.php?action=edit&dir=%2F%2Fopt%2Fcpanel%2Fea-openssl%2Fetc%2Fpki%2Ftls%2Fman%2Fman3&item=UI_process.3 HTTP/1.1" 200 72568 "-" "Mozilla/5.0 AppleWebKit/537.36 (KHTML, like Gecko; compatible; GPTBot/1.2; +https://openai.com/gptbot)"
66.249.74.165 - - [15/Jun/2025:09:13:10 -0400] "GET /ia/47884200.shtm HTTP/1.1" 200 82501 "-" "Mozilla/5.0 (Linux; Android 6.0.1; Nexus 5X Build/MMB29P) AppleWebKit/537.36 (KHTML, like Gecko) Chrome/136.0.7103.113 Mobile Safari/537.36 (compatible; Googlebot/2.1; +http://www.google.com/bot.html)"
66.249.74.164 - - [15/Jun/2025:09:13:19 -0400] "GET /nt/45739895.shtm HTTP/1.1" 200 82007 "-" "Mozilla/5.0 (Linux; Android 6.0.1; Nexus 5X Build/MMB29P) AppleWebKit/537.36 (KHTML, like Gecko) Chrome/136.0.7103.113 Mobile Safari/537.36 (compatible; Googlebot/2.1; +http://www.google.com/bot.html)"
20.171.207.104 - - [15/Jun/2025:09:13:14 -0400] "GET /inputs.php?action=view&dir=%2F%2Fopt%2Fcpanel%2Fea-openssl%2Fetc%2Fpki%2Ftls%2Fman%2Fman3&item=SSL_CTX_check_private_key.3 HTTP/1.1" 200 72448 "-" "Mozilla/5.0 AppleWebKit/537.36 (KHTML, like Gecko; compatible; GPTBot/1.2; +https://openai.com/gptbot)"
66.249.74.164 - - [15/Jun/2025:09:13:28 -0400] "GET /b/scopelus50537053.shtm HTTP/1.1" 200 81442 "-" "Mozilla/5.0 (Linux; Android 6.0.1; Nexus 5X Build/MMB29P) AppleWebKit/537.36 (KHTML, like Gecko) Chrome/136.0.7103.113 Mobile Safari/537.36 (compatible; Googlebot/2.1; +http://www.google.com/bot.html)"
66.249.73.14 - - [15/Jun/2025:09:13:36 -0400] "GET /x/extinguished1058864907.shtm HTTP/1.1" 200 81677 "-" "Mozilla/5.0 (Linux; Android 6.0.1; Nexus 5X Build/MMB29P) AppleWebKit/537.36 (KHTML, like Gecko) Chrome/136.0.7103.113 Mobile Safari/537.36 (compatible; GoogleOther)"
66.249.73.14 - - [15/Jun/2025:09:13:37 -0400] "GET /ysm/impoverishment/855791572.shtm HTTP/1.1" 200 81105 "-" "Mozilla/5.0 (Linux; Android 6.0.1; Nexus 5X Build/MMB29P) AppleWebKit/537.36 (KHTML, like Gecko) Chrome/136.0.7103.113 Mobile Safari/537.36 (compatible; Googlebot/2.1; +http://www.google.com/bot.html)"
66.249.73.14 - - [15/Jun/2025:09:13:45 -0400] "GET /me/goods/oleaceae963261004.shtm HTTP/1.1" 200 81494 "-" "Mozilla/5.0 (Linux; Android 6.0.1; Nexus 5X Build/MMB29P) AppleWebKit/537.36 (KHTML, like Gecko) Chrome/136.0.7103.113 Mobile Safari/537.36 (compatible; Googlebot/2.1; +http://www.google.com/bot.html)"
66.249.74.165 - - [15/Jun/2025:09:13:54 -0400] "GET /pgb/49331985.shtm HTTP/1.1" 200 81151 "-" "Mozilla/5.0 (Linux; Android 6.0.1; Nexus 5X Build/MMB29P) AppleWebKit/537.36 (KHTML, like Gecko) Chrome/136.0.7103.113 Mobile Safari/537.36 (compatible; Googlebot/2.1; +http://www.google.com/bot.html)"
20.171.207.104 - - [15/Jun/2025:09:13:36 -0400] "GET /inputs.php?action=view&dir=%2F%2Fopt%2Fcpanel%2Fea-openssl%2Fetc%2Fpki%2Ftls%2Fman%2Fman3&item=CMS_get0_type.3 HTTP/1.1" 200 70714 "-" "Mozilla/5.0 AppleWebKit/537.36 (KHTML, like Gecko; compatible; GPTBot/1.2; +https://openai.com/gptbot)"
66.249.74.165 - - [15/Jun/2025:09:14:03 -0400] "GET /hr/44661023.shtm HTTP/1.1" 200 81203 "-" "Mozilla/5.0 (Linux; Android 6.0.1; Nexus 5X Build/MMB29P) AppleWebKit/537.36 (KHTML, like Gecko) Chrome/136.0.7103.113 Mobile Safari/537.36 (compatible; Googlebot/2.1; +http://www.google.com/bot.html)"
66.249.73.1 - - [15/Jun/2025:09:14:10 -0400] "GET /og/discrediting1058929228.shtm HTTP/1.1" 200 81619 "-" "Mozilla/5.0 (Linux; Android 6.0.1; Nexus 5X Build/MMB29P) AppleWebKit/537.36 (KHTML, like Gecko) Chrome/136.0.7103.113 Mobile Safari/537.36 (compatible; GoogleOther)"
66.249.74.165 - - [15/Jun/2025:09:14:11 -0400] "GET /a/dolman49321132.shtm HTTP/1.1" 200 81605 "-" "Mozilla/5.0 (Linux; Android 6.0.1; Nexus 5X Build/MMB29P) AppleWebKit/537.36 (KHTML, like Gecko) Chrome/136.0.7103.113 Mobile Safari/537.36 (compatible; Googlebot/2.1; +http://www.google.com/bot.html)"
20.171.207.104 - - [15/Jun/2025:09:14:01 -0400] "GET /inputs.php?action=rename&dir=%2F%2Fopt%2Fcpanel%2Fea-openssl%2Fetc%2Fpki%2Ftls%2Fman%2Fman3&item=EVP_PKEY_get_default_digest_nid.3 HTTP/1.1" 200 68258 "-" "Mozilla/5.0 AppleWebKit/537.36 (KHTML, like Gecko; compatible; GPTBot/1.2; +https://openai.com/gptbot)"
66.249.74.164 - - [15/Jun/2025:09:14:20 -0400] "GET /zt/bailpiece49285957.shtm HTTP/1.1" 200 81622 "-" "Mozilla/5.0 (Linux; Android 6.0.1; Nexus 5X Build/MMB29P) AppleWebKit/537.36 (KHTML, like Gecko) Chrome/136.0.7103.113 Mobile Safari/537.36 (compatible; Googlebot/2.1; +http://www.google.com/bot.html)"
66.249.74.164 - - [15/Jun/2025:09:14:29 -0400] "GET /uhm/arolite50426700.shtm HTTP/1.1" 200 81899 "-" "Mozilla/5.0 (Linux; Android 6.0.1; Nexus 5X Build/MMB29P) AppleWebKit/537.36 (KHTML, like Gecko) Chrome/136.0.7103.113 Mobile Safari/537.36 (compatible; Googlebot/2.1; +http://www.google.com/bot.html)"
162.0.232.193 - - [15/Jun/2025:09:14:38 -0400] "POST /wp-cron.php?doing_wp_cron=1749993278.5374290943145751953125 HTTP/1.1" 200 0 "-" "WordPress/6.8.1; https://wotaku-manga.com"
54.36.148.116 - - [15/Jun/2025:09:14:36 -0400] "GET /r897010463.shtm HTTP/1.1" 301 0 "-" "Mozilla/5.0 (compatible; AhrefsBot/7.0; +http://ahrefs.com/robot/)"
66.249.73.14 - - [15/Jun/2025:09:14:44 -0400] "GET /b/special/leucoxene1058919469.shtm HTTP/1.1" 200 83102 "-" "Mozilla/5.0 (Linux; Android 6.0.1; Nexus 5X Build/MMB29P) AppleWebKit/537.36 (KHTML, like Gecko) Chrome/136.0.7103.113 Mobile Safari/537.36 (compatible; GoogleOther)"
66.249.73.15 - - [15/Jun/2025:09:14:45 -0400] "GET /e/stultiloquy/2015221516.shtm HTTP/1.1" 200 81399 "-" "Mozilla/5.0 (Linux; Android 6.0.1; Nexus 5X Build/MMB29P) AppleWebKit/537.36 (KHTML, like Gecko) Chrome/136.0.7103.113 Mobile Safari/537.36 (compatible; Googlebot/2.1; +http://www.google.com/bot.html)"
162.0.232.193 - - [15/Jun/2025:09:14:47 -0400] "POST /wp-cron.php?doing_wp_cron=1749993287.2365279197692871093750 HTTP/1.1" 200 0 "-" "WordPress/6.8.1; https://wotaku-manga.com"
2a03:2880:f800:13:: - - [15/Jun/2025:09:14:45 -0400] "GET /shopdetail/318284335 HTTP/1.1" 301 0 "-" "meta-externalagent/1.1 (+https://developers.facebook.com/docs/sharing/webmasters/crawler)"
20.171.207.104 - - [15/Jun/2025:09:14:26 -0400] "GET /inputs.php?action=rename&dir=%2F%2Fopt%2Fcpanel%2Fea-openssl%2Fetc%2Fpki%2Ftls%2Fman%2Fman3&item=EVP_PKEY_CTX_set_dsa_paramgen_bits.3 HTTP/1.1" 200 67948 "-" "Mozilla/5.0 AppleWebKit/537.36 (KHTML, like Gecko; compatible; GPTBot/1.2; +https://openai.com/gptbot)"
2a03:2880:f800:3:: - - [15/Jun/2025:09:14:49 -0400] "GET / HTTP/1.1" 200 37241 "-" "meta-externalagent/1.1 (+https://developers.facebook.com/docs/sharing/webmasters/crawler)"
66.249.74.164 - - [15/Jun/2025:09:14:54 -0400] "GET /vrf/indoctrinating46782741.shtm HTTP/1.1" 200 81199 "-" "Mozilla/5.0 (Linux; Android 6.0.1; Nexus 5X Build/MMB29P) AppleWebKit/537.36 (KHTML, like Gecko) Chrome/136.0.7103.113 Mobile Safari/537.36 (compatible; Googlebot/2.1; +http://www.google.com/bot.html)"
66.249.74.165 - - [15/Jun/2025:09:15:03 -0400] "GET /otc/convival46761678.shtm HTTP/1.1" 200 81640 "-" "Mozilla/5.0 (Linux; Android 6.0.1; Nexus 5X Build/MMB29P) AppleWebKit/537.36 (KHTML, like Gecko) Chrome/136.0.7103.113 Mobile Safari/537.36 (compatible; Googlebot/2.1; +http://www.google.com/bot.html)"
20.171.207.104 - - [15/Jun/2025:09:14:49 -0400] "GET /inputs.php?action=rename&dir=%2F%2Fopt%2Fcpanel%2Fea-openssl%2Fetc%2Fpki%2Ftls%2Fman%2Fman3&item=i2d_PKCS8PrivateKey_fp.3 HTTP/1.1" 200 67994 "-" "Mozilla/5.0 AppleWebKit/537.36 (KHTML, like Gecko; compatible; GPTBot/1.2; +https://openai.com/gptbot)"
66.249.74.165 - - [15/Jun/2025:09:15:11 -0400] "GET /m/sappy42254212.shtm HTTP/1.1" 200 81648 "-" "Mozilla/5.0 (Linux; Android 6.0.1; Nexus 5X Build/MMB29P) AppleWebKit/537.36 (KHTML, like Gecko) Chrome/136.0.7103.113 Mobile Safari/537.36 (compatible; Googlebot/2.1; +http://www.google.com/bot.html)"
162.0.232.193 - - [15/Jun/2025:09:15:15 -0400] "POST /wp-cron.php?doing_wp_cron=1749993314.8288888931274414062500 HTTP/1.1" 200 0 "-" "WordPress/6.8.1; https://wotaku-manga.com"
175.176.24.164 - - [15/Jun/2025:09:15:14 -0400] "GET /manga/wotaku-ni-koi-wa-muzukashii-chapter-48/ HTTP/1.1" 200 42767 "https://www.google.com/" "Mozilla/5.0 (iPhone; CPU iPhone OS 18_5 like Mac OS X) AppleWebKit/605.1.15 (KHTML, like Gecko) Version/18.5 Mobile/15E148 Safari/604.1"
175.176.24.164 - - [15/Jun/2025:09:15:18 -0400] "GET /wp-content/cache/min/1/wp-content/plugins/disqus-comment-system/public/js/comment_embed.js?ver=1684511264 HTTP/1.1" 304 0 "https://wotaku-manga.com/manga/wotaku-ni-koi-wa-muzukashii-chapter-48/" "Mozilla/5.0 (iPhone; CPU iPhone OS 18_5 like Mac OS X) AppleWebKit/605.1.15 (KHTML, like Gecko) Version/18.5 Mobile/15E148 Safari/604.1"
175.176.24.164 - - [15/Jun/2025:09:15:18 -0400] "GET /wp-content/cache/min/1/sdks/web/v16/OneSignalSDK.page.js?ver=1746023449 HTTP/1.1" 304 0 "https://wotaku-manga.com/manga/wotaku-ni-koi-wa-muzukashii-chapter-48/" "Mozilla/5.0 (iPhone; CPU iPhone OS 18_5 like Mac OS X) AppleWebKit/605.1.15 (KHTML, like Gecko) Version/18.5 Mobile/15E148 Safari/604.1"
66.249.73.14 - - [15/Jun/2025:09:15:18 -0400] "GET /ai/items/minniebush1058883834.shtm HTTP/1.1" 200 81503 "-" "Mozilla/5.0 (Linux; Android 6.0.1; Nexus 5X Build/MMB29P) AppleWebKit/537.36 (KHTML, like Gecko) Chrome/136.0.7103.113 Mobile Safari/537.36 (compatible; GoogleOther)"
66.249.74.164 - - [15/Jun/2025:09:15:20 -0400] "GET /wea/42190382.shtm HTTP/1.1" 200 82021 "-" "Mozilla/5.0 (Linux; Android 6.0.1; Nexus 5X Build/MMB29P) AppleWebKit/537.36 (KHTML, like Gecko) Chrome/136.0.7103.113 Mobile Safari/537.36 (compatible; Googlebot/2.1; +http://www.google.com/bot.html)"
162.0.232.193 - - [15/Jun/2025:09:15:21 -0400] "POST /wp-cron.php?doing_wp_cron=1749993321.6283628940582275390625 HTTP/1.1" 200 0 "-" "WordPress/6.8.1; https://wotaku-manga.com"
2a03:2880:f800:1:: - - [15/Jun/2025:09:15:21 -0400] "GET /shopdetail/232814935 HTTP/1.1" 301 0 "-" "meta-externalagent/1.1 (+https://developers.facebook.com/docs/sharing/webmasters/crawler)"
66.249.73.14 - - [15/Jun/2025:09:15:24 -0400] "GET /ciu/detail/brunneus/1239834460.shtm HTTP/1.1" 200 81765 "-" "Mozilla/5.0 (Linux; Android 6.0.1; Nexus 5X Build/MMB29P) AppleWebKit/537.36 (KHTML, like Gecko) Chrome/136.0.7103.113 Mobile Safari/537.36 (compatible; GoogleOther)"
2a03:2880:f800:17:: - - [15/Jun/2025:09:15:23 -0400] "GET / HTTP/1.1" 200 37241 "-" "meta-externalagent/1.1 (+https://developers.facebook.com/docs/sharing/webmasters/crawler)"
66.249.73.14 - - [15/Jun/2025:09:15:29 -0400] "GET /bd1531744321.shtm HTTP/1.1" 200 81332 "-" "Mozilla/5.0 (Linux; Android 6.0.1; Nexus 5X Build/MMB29P) AppleWebKit/537.36 (KHTML, like Gecko) Chrome/136.0.7103.113 Mobile Safari/537.36 (compatible; Googlebot/2.1; +http://www.google.com/bot.html)"
20.171.207.104 - - [15/Jun/2025:09:15:13 -0400] "GET /inputs.php?action=rename&dir=%2F%2Fopt%2Fcpanel%2Fea-openssl%2Fetc%2Fpki%2Ftls%2Fman%2Fman3&item=bn_mul_low_recursive.3 HTTP/1.1" 200 67883 "-" "Mozilla/5.0 AppleWebKit/537.36 (KHTML, like Gecko; compatible; GPTBot/1.2; +https://openai.com/gptbot)"
175.176.24.164 - - [15/Jun/2025:09:15:36 -0400] "GET / HTTP/1.1" 200 37916 "https://wotaku-manga.com/manga/wotaku-ni-koi-wa-muzukashii-chapter-48/" "Mozilla/5.0 (iPhone; CPU iPhone OS 18_5 like Mac OS X) AppleWebKit/605.1.15 (KHTML, like Gecko) Version/18.5 Mobile/15E148 Safari/604.1"
66.249.74.164 - - [15/Jun/2025:09:15:37 -0400] "GET /kww/45684024.shtm HTTP/1.1" 200 81732 "-" "Mozilla/5.0 (Linux; Android 6.0.1; Nexus 5X Build/MMB29P) AppleWebKit/537.36 (KHTML, like Gecko) Chrome/136.0.7103.113 Mobile Safari/537.36 (compatible; Googlebot/2.1; +http://www.google.com/bot.html)"
175.176.24.164 - - [15/Jun/2025:09:15:38 -0400] "GET /wp-content/uploads/2021/11/Volume_1_English-1421x2048.jpg HTTP/1.1" 200 238009 "https://wotaku-manga.com/" "Mozilla/5.0 (iPhone; CPU iPhone OS 18_5 like Mac OS X) AppleWebKit/605.1.15 (KHTML, like Gecko) Version/18.5 Mobile/15E148 Safari/604.1"
66.249.74.165 - - [15/Jun/2025:09:15:46 -0400] "GET /jab/item/hereditably/41459133.shtm HTTP/1.1" 200 81657 "-" "Mozilla/5.0 (Linux; Android 6.0.1; Nexus 5X Build/MMB29P) AppleWebKit/537.36 (KHTML, like Gecko) Chrome/136.0.7103.113 Mobile Safari/537.36 (compatible; Googlebot/2.1; +http://www.google.com/bot.html)"
66.249.73.14 - - [15/Jun/2025:09:15:52 -0400] "GET /gy/goodscode/aerially1058853404.shtm HTTP/1.1" 200 81663 "-" "Mozilla/5.0 (Linux; Android 6.0.1; Nexus 5X Build/MMB29P) AppleWebKit/537.36 (KHTML, like Gecko) Chrome/136.0.7103.113 Mobile Safari/537.36 (compatible; GoogleOther)"
66.249.74.165 - - [15/Jun/2025:09:15:55 -0400] "GET /zj/49126827.shtm HTTP/1.1" 200 81899 "-" "Mozilla/5.0 (Linux; Android 6.0.1; Nexus 5X Build/MMB29P) AppleWebKit/537.36 (KHTML, like Gecko) Chrome/136.0.7103.113 Mobile Safari/537.36 (compatible; Googlebot/2.1; +http://www.google.com/bot.html)"
66.249.73.15 - - [15/Jun/2025:09:16:03 -0400] "GET /vp749931171.shtm HTTP/1.1" 200 81320 "-" "Mozilla/5.0 (Linux; Android 6.0.1; Nexus 5X Build/MMB29P) AppleWebKit/537.36 (KHTML, like Gecko) Chrome/136.0.7103.113 Mobile Safari/537.36 (compatible; Googlebot/2.1; +http://www.google.com/bot.html)"
20.171.207.104 - - [15/Jun/2025:09:15:37 -0400] "GET /inputs.php?action=view&dir=%2F%2Fopt%2Fcpanel%2Fea-openssl%2Fetc%2Fpki%2Ftls%2Fman%2Fman3&item=lh_insert.3 HTTP/1.1" 200 74740 "-" "Mozilla/5.0 AppleWebKit/537.36 (KHTML, like Gecko; compatible; GPTBot/1.2; +https://openai.com/gptbot)"
216.73.216.68 - - [15/Jun/2025:09:16:10 -0400] "GET /sitemap-child-2411.xml HTTP/1.1" 200 11380 "-" "Mozilla/5.0 AppleWebKit/537.36 (KHTML, like Gecko; compatible; ClaudeBot/1.0; [email protected])"
66.249.73.14 - - [15/Jun/2025:09:16:12 -0400] "GET /h/cheapen/703855979.shtm HTTP/1.1" 200 81340 "-" "Mozilla/5.0 (Linux; Android 6.0.1; Nexus 5X Build/MMB29P) AppleWebKit/537.36 (KHTML, like Gecko) Chrome/136.0.7103.113 Mobile Safari/537.36 (compatible; Googlebot/2.1; +http://www.google.com/bot.html)"
66.249.73.14 - - [15/Jun/2025:09:16:21 -0400] "GET /xh/falsefaced952125675.shtm HTTP/1.1" 200 81443 "-" "Mozilla/5.0 (Linux; Android 6.0.1; Nexus 5X Build/MMB29P) AppleWebKit/537.36 (KHTML, like Gecko) Chrome/136.0.7103.113 Mobile Safari/537.36 (compatible; Googlebot/2.1; +http://www.google.com/bot.html)"
66.249.74.160 - - [15/Jun/2025:09:16:21 -0400] "GET /zqt/49180657.shtm HTTP/1.1" 200 81092 "-" "Mozilla/5.0 (Linux; Android 6.0.1; Nexus 5X Build/MMB29P) AppleWebKit/537.36 (KHTML, like Gecko) Chrome/136.0.7103.113 Mobile Safari/537.36 (compatible; Googlebot/2.1; +http://www.google.com/bot.html)"
66.249.73.14 - - [15/Jun/2025:09:16:26 -0400] "GET /wm/shopdetail/receptary/1058933940.shtm HTTP/1.1" 200 81870 "-" "Mozilla/5.0 (Linux; Android 6.0.1; Nexus 5X Build/MMB29P) AppleWebKit/537.36 (KHTML, like Gecko) Chrome/136.0.7103.113 Mobile Safari/537.36 (compatible; GoogleOther)"
20.171.207.104 - - [15/Jun/2025:09:16:05 -0400] "GET /inputs.php?action=edit&dir=%2F%2Fopt%2Fcpanel%2Fea-openssl%2Fetc%2Fpki%2Ftls%2Fman%2Fman3&item=X509_VERIFY_PARAM_set_depth.3 HTTP/1.1" 200 74209 "-" "Mozilla/5.0 AppleWebKit/537.36 (KHTML, like Gecko; compatible; GPTBot/1.2; +https://openai.com/gptbot)"
66.249.74.161 - - [15/Jun/2025:09:16:27 -0400] "GET /vf/envies46959073.shtm HTTP/1.1" 200 83166 "-" "Mozilla/5.0 (Linux; Android 6.0.1; Nexus 5X Build/MMB29P) AppleWebKit/537.36 (KHTML, like Gecko) Chrome/136.0.7103.113 Mobile Safari/537.36 (compatible; Googlebot/2.1; +http://www.google.com/bot.html)"
66.249.74.160 - - [15/Jun/2025:09:16:36 -0400] "GET /khg/gateman38925880.shtm HTTP/1.1" 200 81731 "-" "Mozilla/5.0 (Linux; Android 6.0.1; Nexus 5X Build/MMB29P) AppleWebKit/537.36 (KHTML, like Gecko) Chrome/136.0.7103.113 Mobile Safari/537.36 (compatible; Googlebot/2.1; +http://www.google.com/bot.html)"
162.0.232.193 - - [15/Jun/2025:09:16:45 -0400] "POST /wp-cron.php?doing_wp_cron=1749993405.5272459983825683593750 HTTP/1.1" 200 0 "-" "WordPress/6.8.1; https://wotaku-manga.com"
2a03:2880:f800:14:: - - [15/Jun/2025:09:16:43 -0400] "GET /shopdetail/127431835 HTTP/1.1" 301 0 "-" "meta-externalagent/1.1 (+https://developers.facebook.com/docs/sharing/webmasters/crawler)"
66.249.73.15 - - [15/Jun/2025:09:16:45 -0400] "GET /hwv/info/countrify/1568466219.shtm HTTP/1.1" 200 81644 "-" "Mozilla/5.0 (Linux; Android 6.0.1; Nexus 5X Build/MMB29P) AppleWebKit/537.36 (KHTML, like Gecko) Chrome/136.0.7103.113 Mobile Safari/537.36 (compatible; Googlebot/2.1; +http://www.google.com/bot.html)"
2a03:2880:f800:13:: - - [15/Jun/2025:09:16:47 -0400] "GET / HTTP/1.1" 200 37241 "-" "meta-externalagent/1.1 (+https://developers.facebook.com/docs/sharing/webmasters/crawler)"
20.171.207.104 - - [15/Jun/2025:09:16:34 -0400] "GET /inputs.php?action=view&dir=%2F%2Fopt%2Fcpanel%2Fea-openssl%2Fetc%2Fpki%2Ftls%2Fman%2Fman3&item=BN_ucmp.3 HTTP/1.1" 200 70225 "-" "Mozilla/5.0 AppleWebKit/537.36 (KHTML, like Gecko; compatible; GPTBot/1.2; +https://openai.com/gptbot)"
66.249.73.14 - - [15/Jun/2025:09:16:54 -0400] "GET /d854949103.shtm HTTP/1.1" 200 81694 "-" "Mozilla/5.0 (Linux; Android 6.0.1; Nexus 5X Build/MMB29P) AppleWebKit/537.36 (KHTML, like Gecko) Chrome/136.0.7103.113 Mobile Safari/537.36 (compatible; Googlebot/2.1; +http://www.google.com/bot.html)"
66.249.73.15 - - [15/Jun/2025:09:17:00 -0400] "GET /sa/shopdetail/subserved/1058842902.shtm HTTP/1.1" 200 81379 "-" "Mozilla/5.0 (Linux; Android 6.0.1; Nexus 5X Build/MMB29P) AppleWebKit/537.36 (KHTML, like Gecko) Chrome/136.0.7103.113 Mobile Safari/537.36 (compatible; GoogleOther)"
66.249.74.161 - - [15/Jun/2025:09:17:03 -0400] "GET /j/41389749.shtm HTTP/1.1" 200 82038 "-" "Mozilla/5.0 (Linux; Android 6.0.1; Nexus 5X Build/MMB29P) AppleWebKit/537.36 (KHTML, like Gecko) Chrome/136.0.7103.113 Mobile Safari/537.36 (compatible; Googlebot/2.1; +http://www.google.com/bot.html)"
66.249.73.14 - - [15/Jun/2025:09:17:16 -0400] "GET /t/special/brilliantine/1207299865.shtm HTTP/1.1" 200 81501 "-" "Mozilla/5.0 (Linux; Android 6.0.1; Nexus 5X Build/MMB29P) AppleWebKit/537.36 (KHTML, like Gecko) Chrome/136.0.7103.113 Mobile Safari/537.36 (compatible; Googlebot/2.1; +http://www.google.com/bot.html)"
66.249.73.14 - - [15/Jun/2025:09:17:23 -0400] "GET /d1955603179.shtm HTTP/1.1" 200 81317 "-" "Mozilla/5.0 (Linux; Android 6.0.1; Nexus 5X Build/MMB29P) AppleWebKit/537.36 (KHTML, like Gecko) Chrome/136.0.7103.113 Mobile Safari/537.36 (compatible; Googlebot/2.1; +http://www.google.com/bot.html)"
20.171.207.104 - - [15/Jun/2025:09:17:01 -0400] "GET /inputs.php?action=view&dir=%2F%2Fopt%2Fcpanel%2Fea-openssl%2Fetc%2Fpki%2Ftls%2Fman%2Fman3&item=SHA512.3 HTTP/1.1" 200 67524 "-" "Mozilla/5.0 AppleWebKit/537.36 (KHTML, like Gecko; compatible; GPTBot/1.2; +https://openai.com/gptbot)"
66.249.73.14 - - [15/Jun/2025:09:17:30 -0400] "GET /g/cippi2018778786.shtm HTTP/1.1" 200 81407 "-" "Mozilla/5.0 (Linux; Android 6.0.1; Nexus 5X Build/MMB29P) AppleWebKit/537.36 (KHTML, like Gecko) Chrome/136.0.7103.113 Mobile Safari/537.36 (compatible; Googlebot/2.1; +http://www.google.com/bot.html)"
66.249.73.14 - - [15/Jun/2025:09:17:34 -0400] "GET /y/goodscode/intendancies/1058865910.shtm HTTP/1.1" 200 81404 "-" "Mozilla/5.0 (Linux; Android 6.0.1; Nexus 5X Build/MMB29P) AppleWebKit/537.36 (KHTML, like Gecko) Chrome/136.0.7103.113 Mobile Safari/537.36 (compatible; GoogleOther)"
66.249.73.15 - - [15/Jun/2025:09:17:40 -0400] "GET /i/friseur2018620634.shtm HTTP/1.1" 200 81540 "-" "Mozilla/5.0 (Linux; Android 6.0.1; Nexus 5X Build/MMB29P) AppleWebKit/537.36 (KHTML, like Gecko) Chrome/136.0.7103.113 Mobile Safari/537.36 (compatible; Googlebot/2.1; +http://www.google.com/bot.html)"
162.0.232.193 - - [15/Jun/2025:09:17:48 -0400] "POST /wp-cron.php?doing_wp_cron=1749993468.5634570121765136718750 HTTP/1.1" 200 0 "-" "WordPress/6.8.1; https://wotaku-manga.com"
54.36.148.222 - - [15/Jun/2025:09:17:46 -0400] "GET /r909648755.shtm HTTP/1.1" 301 0 "-" "Mozilla/5.0 (compatible; AhrefsBot/7.0; +http://ahrefs.com/robot/)"
66.249.73.14 - - [15/Jun/2025:09:17:49 -0400] "GET /m/2018606836.shtm HTTP/1.1" 200 82088 "-" "Mozilla/5.0 (Linux; Android 6.0.1; Nexus 5X Build/MMB29P) AppleWebKit/537.36 (KHTML, like Gecko) Chrome/136.0.7103.113 Mobile Safari/537.36 (compatible; Googlebot/2.1; +http://www.google.com/bot.html)"
66.249.73.14 - - [15/Jun/2025:09:17:58 -0400] "GET /xr1959242731.shtm HTTP/1.1" 200 80378 "-" "Mozilla/5.0 (Linux; Android 6.0.1; Nexus 5X Build/MMB29P) AppleWebKit/537.36 (KHTML, like Gecko) Chrome/136.0.7103.113 Mobile Safari/537.36 (compatible; Googlebot/2.1; +http://www.google.com/bot.html)"
20.171.207.104 - - [15/Jun/2025:09:17:31 -0400] "GET /inputs.php?action=view&dir=%2F%2Fopt%2Fcpanel%2Fea-openssl%2Fetc%2Fpki%2Ftls%2Fman%2Fman3&item=SHA384.3 HTTP/1.1" 200 69801 "-" "Mozilla/5.0 AppleWebKit/537.36 (KHTML, like Gecko; compatible; GPTBot/1.2; +https://openai.com/gptbot)"
66.249.73.15 - - [15/Jun/2025:09:18:07 -0400] "GET /csm/412452442.shtm HTTP/1.1" 200 81659 "-" "Mozilla/5.0 (Linux; Android 6.0.1; Nexus 5X Build/MMB29P) AppleWebKit/537.36 (KHTML, like Gecko) Chrome/136.0.7103.113 Mobile Safari/537.36 (compatible; Googlebot/2.1; +http://www.google.com/bot.html)"
66.249.73.15 - - [15/Jun/2025:09:18:08 -0400] "GET /b/culmen/763769133.shtm HTTP/1.1" 200 81264 "-" "Mozilla/5.0 (Linux; Android 6.0.1; Nexus 5X Build/MMB29P) AppleWebKit/537.36 (KHTML, like Gecko) Chrome/136.0.7103.113 Mobile Safari/537.36 (compatible; GoogleOther)"
66.249.73.14 - - [15/Jun/2025:09:18:16 -0400] "GET /b1264511853.shtm HTTP/1.1" 200 81419 "-" "Mozilla/5.0 (Linux; Android 6.0.1; Nexus 5X Build/MMB29P) AppleWebKit/537.36 (KHTML, like Gecko) Chrome/136.0.7103.113 Mobile Safari/537.36 (compatible; Googlebot/2.1; +http://www.google.com/bot.html)"
162.0.232.193 - - [15/Jun/2025:09:18:19 -0400] "POST /wp-cron.php?doing_wp_cron=1749993499.6395909786224365234375 HTTP/1.1" 200 0 "-" "WordPress/6.8.1; https://wotaku-manga.com"
2a03:2880:f800:19:: - - [15/Jun/2025:09:18:18 -0400] "GET /shopdetail/285145135 HTTP/1.1" 301 0 "-" "meta-externalagent/1.1 (+https://developers.facebook.com/docs/sharing/webmasters/crawler)"
2a03:2880:f800:15:: - - [15/Jun/2025:09:18:21 -0400] "GET / HTTP/1.1" 200 37241 "-" "meta-externalagent/1.1 (+https://developers.facebook.com/docs/sharing/webmasters/crawler)"
66.249.73.14 - - [15/Jun/2025:09:18:26 -0400] "GET /r/product/sardius14340819.shtm HTTP/1.1" 200 81534 "-" "Mozilla/5.0 (Linux; Android 6.0.1; Nexus 5X Build/MMB29P) AppleWebKit/537.36 (KHTML, like Gecko) Chrome/136.0.7103.113 Mobile Safari/537.36 (compatible; Googlebot/2.1; +http://www.google.com/bot.html)"
66.249.73.14 - - [15/Jun/2025:09:18:35 -0400] "GET /xf854893187.shtm HTTP/1.1" 200 84209 "-" "Mozilla/5.0 (Linux; Android 6.0.1; Nexus 5X Build/MMB29P) AppleWebKit/537.36 (KHTML, like Gecko) Chrome/136.0.7103.113 Mobile Safari/537.36 (compatible; Googlebot/2.1; +http://www.google.com/bot.html)"
66.249.73.15 - - [15/Jun/2025:09:18:42 -0400] "GET /nj763759655.shtm HTTP/1.1" 200 81804 "-" "Mozilla/5.0 (Linux; Android 6.0.1; Nexus 5X Build/MMB29P) AppleWebKit/537.36 (KHTML, like Gecko) Chrome/136.0.7103.113 Mobile Safari/537.36 (compatible; GoogleOther)"
66.249.73.14 - - [15/Jun/2025:09:18:43 -0400] "GET /c/pignorative/1262030646.shtm HTTP/1.1" 200 81776 "-" "Mozilla/5.0 (Linux; Android 6.0.1; Nexus 5X Build/MMB29P) AppleWebKit/537.36 (KHTML, like Gecko) Chrome/136.0.7103.113 Mobile Safari/537.36 (compatible; Googlebot/2.1; +http://www.google.com/bot.html)"
20.171.207.104 - - [15/Jun/2025:09:18:33 -0400] "GET /inputs.php?action=view&dir=%2F%2Fopt%2Fcpanel%2Fea-openssl%2Fetc%2Fpki%2Ftls%2Fman%2Fman3&item=SHA256.3 HTTP/1.1" 200 71186 "-" "Mozilla/5.0 AppleWebKit/537.36 (KHTML, like Gecko; compatible; GPTBot/1.2; +https://openai.com/gptbot)"
66.249.73.15 - - [15/Jun/2025:09:19:00 -0400] "GET /xt/entity/pertinent1956882791.shtm HTTP/1.1" 200 81569 "-" "Mozilla/5.0 (Linux; Android 6.0.1; Nexus 5X Build/MMB29P) AppleWebKit/537.36 (KHTML, like Gecko) Chrome/136.0.7103.113 Mobile Safari/537.36 (compatible; Googlebot/2.1; +http://www.google.com/bot.html)"
66.249.73.14 - - [15/Jun/2025:09:19:08 -0400] "GET /p/detail/resentful520572793.shtm HTTP/1.1" 200 81844 "-" "Mozilla/5.0 (Linux; Android 6.0.1; Nexus 5X Build/MMB29P) AppleWebKit/537.36 (KHTML, like Gecko) Chrome/136.0.7103.113 Mobile Safari/537.36 (compatible; Googlebot/2.1; +http://www.google.com/bot.html)"
66.249.73.14 - - [15/Jun/2025:09:19:16 -0400] "GET /y/entity/blamelessly763697716.shtm HTTP/1.1" 200 81854 "-" "Mozilla/5.0 (Linux; Android 6.0.1; Nexus 5X Build/MMB29P) AppleWebKit/537.36 (KHTML, like Gecko) Chrome/136.0.7103.113 Mobile Safari/537.36 (compatible; GoogleOther)"
66.249.74.160 - - [15/Jun/2025:09:19:17 -0400] "GET /pl/mannitol53537911.shtm HTTP/1.1" 200 81633 "-" "Mozilla/5.0 (Linux; Android 6.0.1; Nexus 5X Build/MMB29P) AppleWebKit/537.36 (KHTML, like Gecko) Chrome/136.0.7103.113 Mobile Safari/537.36 (compatible; Googlebot/2.1; +http://www.google.com/bot.html)"
66.249.73.14 - - [15/Jun/2025:09:19:26 -0400] "GET /cu/shopping/fraudulent1956887134.shtm HTTP/1.1" 200 81454 "-" "Mozilla/5.0 (Linux; Android 6.0.1; Nexus 5X Build/MMB29P) AppleWebKit/537.36 (KHTML, like Gecko) Chrome/136.0.7103.113 Mobile Safari/537.36 (compatible; Googlebot/2.1; +http://www.google.com/bot.html)"
66.249.73.14 - - [15/Jun/2025:09:19:26 -0400] "GET /ioi/1991831486.shtm HTTP/1.1" 200 81762 "-" "Mozilla/5.0 (Linux; Android 6.0.1; Nexus 5X Build/MMB29P) AppleWebKit/537.36 (KHTML, like Gecko) Chrome/136.0.7103.113 Mobile Safari/537.36 (compatible; Googlebot/2.1; +http://www.google.com/bot.html)"
66.249.73.15 - - [15/Jun/2025:09:19:30 -0400] "GET /akw/quinquevalve/1568480104.shtm HTTP/1.1" 200 81240 "-" "Mozilla/5.0 (Linux; Android 6.0.1; Nexus 5X Build/MMB29P) AppleWebKit/537.36 (KHTML, like Gecko) Chrome/136.0.7103.113 Mobile Safari/537.36 (compatible; Googlebot/2.1; +http://www.google.com/bot.html)"
66.249.73.15 - - [15/Jun/2025:09:19:35 -0400] "GET /l/detail/isochronous/1046746679.shtm HTTP/1.1" 200 81723 "-" "Mozilla/5.0 (Linux; Android 6.0.1; Nexus 5X Build/MMB29P) AppleWebKit/537.36 (KHTML, like Gecko) Chrome/136.0.7103.113 Mobile Safari/537.36 (compatible; GoogleOther)"
66.249.73.15 - - [15/Jun/2025:09:19:38 -0400] "GET /fl/bagatelle851324381.shtm HTTP/1.1" 200 81424 "-" "Mozilla/5.0 (Linux; Android 6.0.1; Nexus 5X Build/MMB29P) AppleWebKit/537.36 (KHTML, like Gecko) Chrome/136.0.7103.113 Mobile Safari/537.36 (compatible; Googlebot/2.1; +http://www.google.com/bot.html)"
66.249.74.160 - - [15/Jun/2025:09:19:47 -0400] "GET /t/oviform46835209.shtm HTTP/1.1" 200 81866 "-" "Mozilla/5.0 (Linux; Android 6.0.1; Nexus 5X Build/MMB29P) AppleWebKit/537.36 (KHTML, like Gecko) Chrome/136.0.7103.113 Mobile Safari/537.36 (compatible; Googlebot/2.1; +http://www.google.com/bot.html)"
66.249.73.1 - - [15/Jun/2025:09:19:49 -0400] "GET /k763723690.shtm HTTP/1.1" 200 81855 "-" "Mozilla/5.0 (Linux; Android 6.0.1; Nexus 5X Build/MMB29P) AppleWebKit/537.36 (KHTML, like Gecko) Chrome/136.0.7103.113 Mobile Safari/537.36 (compatible; GoogleOther)"
162.0.232.193 - - [15/Jun/2025:09:19:52 -0400] "POST /wp-cron.php?doing_wp_cron=1749993592.3436899185180664062500 HTTP/1.1" 200 0 "-" "WordPress/6.8.1; https://wotaku-manga.com"
2a03:2880:f800:d:: - - [15/Jun/2025:09:19:50 -0400] "GET /shopdetail/408158635 HTTP/1.1" 301 0 "-" "meta-externalagent/1.1 (+https://developers.facebook.com/docs/sharing/webmasters/crawler)"
66.249.74.160 - - [15/Jun/2025:09:19:56 -0400] "GET /d/46841275.shtm HTTP/1.1" 200 82323 "-" "Mozilla/5.0 (Linux; Android 6.0.1; Nexus 5X Build/MMB29P) AppleWebKit/537.36 (KHTML, like Gecko) Chrome/136.0.7103.113 Mobile Safari/537.36 (compatible; Googlebot/2.1; +http://www.google.com/bot.html)"
2a03:2880:f800:1c:: - - [15/Jun/2025:09:19:54 -0400] "GET / HTTP/1.1" 200 37241 "-" "meta-externalagent/1.1 (+https://developers.facebook.com/docs/sharing/webmasters/crawler)"
66.249.74.161 - - [15/Jun/2025:09:20:05 -0400] "GET /q/tartarea45724250.shtm HTTP/1.1" 200 81451 "-" "Mozilla/5.0 (Linux; Android 6.0.1; Nexus 5X Build/MMB29P) AppleWebKit/537.36 (KHTML, like Gecko) Chrome/136.0.7103.113 Mobile Safari/537.36 (compatible; Googlebot/2.1; +http://www.google.com/bot.html)"
20.171.207.104 - - [15/Jun/2025:09:19:38 -0400] "GET /inputs.php?action=view&dir=%2F%2Fopt%2Fcpanel%2Fea-openssl%2Fetc%2Fpki%2Ftls%2Fman%2Fman3&item=SHA224.3 HTTP/1.1" 200 61768 "-" "Mozilla/5.0 AppleWebKit/537.36 (KHTML, like Gecko; compatible; GPTBot/1.2; +https://openai.com/gptbot)"
66.249.74.161 - - [15/Jun/2025:09:20:14 -0400] "GET /y/45712320.shtm HTTP/1.1" 200 81646 "-" "Mozilla/5.0 (Linux; Android 6.0.1; Nexus 5X Build/MMB29P) AppleWebKit/537.36 (KHTML, like Gecko) Chrome/136.0.7103.113 Mobile Safari/537.36 (compatible; Googlebot/2.1; +http://www.google.com/bot.html)"
162.0.232.193 - - [15/Jun/2025:09:20:21 -0400] "POST /wp-cron.php?doing_wp_cron=1749993621.1490149497985839843750 HTTP/1.1" 200 0 "-" "WordPress/6.8.1; https://wotaku-manga.com"
2a03:2880:f800:e:: - - [15/Jun/2025:09:20:20 -0400] "GET /shopdetail/410660835 HTTP/1.1" 301 0 "-" "meta-externalagent/1.1 (+https://developers.facebook.com/docs/sharing/webmasters/crawler)"
2a03:2880:f800:3:: - - [15/Jun/2025:09:20:23 -0400] "GET / HTTP/1.1" 200 37241 "-" "meta-externalagent/1.1 (+https://developers.facebook.com/docs/sharing/webmasters/crawler)"
66.249.74.160 - - [15/Jun/2025:09:20:23 -0400] "GET /i/deturpate45788282.shtm HTTP/1.1" 200 81563 "-" "Mozilla/5.0 (Linux; Android 6.0.1; Nexus 5X Build/MMB29P) AppleWebKit/537.36 (KHTML, like Gecko) Chrome/136.0.7103.113 Mobile Safari/537.36 (compatible; Googlebot/2.1; +http://www.google.com/bot.html)"
66.249.73.15 - - [15/Jun/2025:09:20:24 -0400] "GET /cxc763716930.shtm HTTP/1.1" 200 82616 "-" "Mozilla/5.0 (Linux; Android 6.0.1; Nexus 5X Build/MMB29P) AppleWebKit/537.36 (KHTML, like Gecko) Chrome/136.0.7103.113 Mobile Safari/537.36 (compatible; GoogleOther)"
66.249.74.160 - - [15/Jun/2025:09:20:32 -0400] "GET /kkk/44645442.shtm HTTP/1.1" 200 81720 "-" "Mozilla/5.0 (Linux; Android 6.0.1; Nexus 5X Build/MMB29P) AppleWebKit/537.36 (KHTML, like Gecko) Chrome/136.0.7103.113 Mobile Safari/537.36 (compatible; Googlebot/2.1; +http://www.google.com/bot.html)"
54.36.149.82 - - [15/Jun/2025:09:20:33 -0400] "GET /r911760995.shtm HTTP/1.1" 301 0 "-" "Mozilla/5.0 (compatible; AhrefsBot/7.0; +http://ahrefs.com/robot/)"
66.249.74.160 - - [15/Jun/2025:09:20:41 -0400] "GET /i/baptist43501310.shtm HTTP/1.1" 200 81852 "-" "Mozilla/5.0 (Linux; Android 6.0.1; Nexus 5X Build/MMB29P) AppleWebKit/537.36 (KHTML, like Gecko) Chrome/136.0.7103.113 Mobile Safari/537.36 (compatible; Googlebot/2.1; +http://www.google.com/bot.html)"
66.249.74.160 - - [15/Jun/2025:09:20:50 -0400] "GET /r/knuckled43507341.shtm HTTP/1.1" 200 81517 "-" "Mozilla/5.0 (Linux; Android 6.0.1; Nexus 5X Build/MMB29P) AppleWebKit/537.36 (KHTML, like Gecko) Chrome/136.0.7103.113 Mobile Safari/537.36 (compatible; Googlebot/2.1; +http://www.google.com/bot.html)"
66.249.73.14 - - [15/Jun/2025:09:20:57 -0400] "GET /jvp763721935.shtm HTTP/1.1" 200 82334 "-" "Mozilla/5.0 (Linux; Android 6.0.1; Nexus 5X Build/MMB29P) AppleWebKit/537.36 (KHTML, like Gecko) Chrome/136.0.7103.113 Mobile Safari/537.36 (compatible; GoogleOther)"
66.249.74.161 - - [15/Jun/2025:09:21:00 -0400] "GET /f/beclip43516811.shtm HTTP/1.1" 200 82229 "-" "Mozilla/5.0 (Linux; Android 6.0.1; Nexus 5X Build/MMB29P) AppleWebKit/537.36 (KHTML, like Gecko) Chrome/136.0.7103.113 Mobile Safari/537.36 (compatible; Googlebot/2.1; +http://www.google.com/bot.html)"
