2409:40f4:4114:4ab:8000:: - - [15/Jun/2025:12:33:47 -0400] "GET /wp-content/cache/min/1/sdks/web/v16/OneSignalSDK.page.js?ver=1746023449 HTTP/1.1" 304 0 "https://wotaku-manga.com/manga/wotakoi-love-is-hard-for-otaku-chapter-0/" "Mozilla/5.0 (Linux; Android 10; K) AppleWebKit/537.36 (KHTML, like Gecko) Chrome/137.0.0.0 Mobile Safari/537.36"
2409:40f4:4114:4ab:8000:: - - [15/Jun/2025:12:33:47 -0400] "GET /wp-content/themes/toivo-lite/js/responsive-nav.min.js?ver=1.2.0 HTTP/1.1" 304 0 "https://wotaku-manga.com/manga/wotakoi-love-is-hard-for-otaku-chapter-0/" "Mozilla/5.0 (Linux; Android 10; K) AppleWebKit/537.36 (KHTML, like Gecko) Chrome/137.0.0.0 Mobile Safari/537.36"
2409:40f4:4114:4ab:8000:: - - [15/Jun/2025:12:33:47 -0400] "GET /wp-includes/js/comment-reply.min.js?ver=6.8.1 HTTP/1.1" 304 0 "https://wotaku-manga.com/manga/wotakoi-love-is-hard-for-otaku-chapter-0/" "Mozilla/5.0 (Linux; Android 10; K) AppleWebKit/537.36 (KHTML, like Gecko) Chrome/137.0.0.0 Mobile Safari/537.36"
2409:40f4:4114:4ab:8000:: - - [15/Jun/2025:12:33:47 -0400] "GET /wp-content/themes/toivo-lite/js/settings.min.js?ver=1.2.0 HTTP/1.1" 304 0 "https://wotaku-manga.com/manga/wotakoi-love-is-hard-for-otaku-chapter-0/" "Mozilla/5.0 (Linux; Android 10; K) AppleWebKit/537.36 (KHTML, like Gecko) Chrome/137.0.0.0 Mobile Safari/537.36"
2409:40f4:4114:4ab:8000:: - - [15/Jun/2025:12:33:47 -0400] "GET /wp-content/themes/toivo-lite/js/functions.min.js?ver=1.2.0 HTTP/1.1" 304 0 "https://wotaku-manga.com/manga/wotakoi-love-is-hard-for-otaku-chapter-0/" "Mozilla/5.0 (Linux; Android 10; K) AppleWebKit/537.36 (KHTML, like Gecko) Chrome/137.0.0.0 Mobile Safari/537.36"
2409:40f4:4114:4ab:8000:: - - [15/Jun/2025:12:33:47 -0400] "GET /wp-content/cache/min/1/wp-content/plugins/disqus-comment-system/public/js/comment_count.js?ver=1684511264 HTTP/1.1" 304 0 "https://wotaku-manga.com/manga/wotakoi-love-is-hard-for-otaku-chapter-0/" "Mozilla/5.0 (Linux; Android 10; K) AppleWebKit/537.36 (KHTML, like Gecko) Chrome/137.0.0.0 Mobile Safari/537.36"
2409:40f4:4114:4ab:8000:: - - [15/Jun/2025:12:33:47 -0400] "GET /wp-content/cache/min/1/wp-content/plugins/disqus-comment-system/public/js/comment_embed.js?ver=1684511264 HTTP/1.1" 304 0 "https://wotaku-manga.com/manga/wotakoi-love-is-hard-for-otaku-chapter-0/" "Mozilla/5.0 (Linux; Android 10; K) AppleWebKit/537.36 (KHTML, like Gecko) Chrome/137.0.0.0 Mobile Safari/537.36"
52.178.192.161 - - [15/Jun/2025:12:33:46 -0400] "GET / HTTP/1.1" 200 37241 "-" "-"
54.36.148.49 - - [15/Jun/2025:12:33:48 -0400] "GET /k2026982682.shtm HTTP/1.1" 301 0 "-" "Mozilla/5.0 (compatible; AhrefsBot/7.0; +http://ahrefs.com/robot/)"
2409:40f4:4114:4ab:8000:: - - [15/Jun/2025:12:33:46 -0400] "GET /wotakoi-volume-list/ HTTP/1.1" 200 40419 "https://wotaku-manga.com/manga/wotakoi-love-is-hard-for-otaku-chapter-0/" "Mozilla/5.0 (Linux; Android 10; K) AppleWebKit/537.36 (KHTML, like Gecko) Chrome/137.0.0.0 Mobile Safari/537.36"
52.178.192.161 - - [15/Jun/2025:12:33:49 -0400] "GET /defaults.php HTTP/1.1" 301 0 "-" "-"
2409:40f4:4114:4ab:8000:: - - [15/Jun/2025:12:33:50 -0400] "GET /category/wotakoi-love-is-hard-for-otaku-manga-ending/ HTTP/1.1" 200 46126 "https://wotaku-manga.com/manga/wotakoi-love-is-hard-for-otaku-chapter-0/" "Mozilla/5.0 (Linux; Android 10; K) AppleWebKit/537.36 (KHTML, like Gecko) Chrome/137.0.0.0 Mobile Safari/537.36"
2409:40f4:4114:4ab:8000:: - - [15/Jun/2025:12:33:50 -0400] "GET /wotakoi-volume-list/ HTTP/1.1" 200 40419 "https://wotaku-manga.com/manga/wotakoi-love-is-hard-for-otaku-chapter-0/" "Mozilla/5.0 (Linux; Android 10; K) AppleWebKit/537.36 (KHTML, like Gecko) Chrome/137.0.0.0 Mobile Safari/537.36"
52.178.192.161 - - [15/Jun/2025:12:33:50 -0400] "GET / HTTP/1.1" 200 37241 "-" "-"
52.178.192.161 - - [15/Jun/2025:12:33:52 -0400] "GET /aks.php HTTP/1.1" 301 0 "-" "-"
2409:40f4:4114:4ab:8000:: - - [15/Jun/2025:12:33:51 -0400] "GET /category/wotakoi-love-is-hard-for-otaku-manga-ending/ HTTP/1.1" 200 46126 "https://wotaku-manga.com/manga/wotakoi-love-is-hard-for-otaku-chapter-0/" "Mozilla/5.0 (Linux; Android 10; K) AppleWebKit/537.36 (KHTML, like Gecko) Chrome/137.0.0.0 Mobile Safari/537.36"
2409:40f4:4114:4ab:8000:: - - [15/Jun/2025:12:33:53 -0400] "GET /manga/wotakoi-love-is-hard-for-otaku-chapter-78/ HTTP/1.1" 200 42435 "https://wotaku-manga.com/manga/wotakoi-love-is-hard-for-otaku-chapter-0/" "Mozilla/5.0 (Linux; Android 10; K) AppleWebKit/537.36 (KHTML, like Gecko) Chrome/137.0.0.0 Mobile Safari/537.36"
52.178.192.161 - - [15/Jun/2025:12:33:53 -0400] "GET / HTTP/1.1" 200 37241 "-" "-"
52.178.192.161 - - [15/Jun/2025:12:33:56 -0400] "GET /wp-content/uploads/index.php HTTP/1.1" 200 0 "-" "-"
2409:40f4:4114:4ab:8000:: - - [15/Jun/2025:12:33:54 -0400] "GET /manga/wotakoi-love-is-hard-for-otaku-chapter-85/ HTTP/1.1" 200 43871 "https://wotaku-manga.com/manga/wotakoi-love-is-hard-for-otaku-chapter-0/" "Mozilla/5.0 (Linux; Android 10; K) AppleWebKit/537.36 (KHTML, like Gecko) Chrome/137.0.0.0 Mobile Safari/537.36"
20.171.207.104 - - [15/Jun/2025:12:33:55 -0400] "GET /inputs.php?action=rename&dir=%2F%2Fusr%2Flib64%2Fgconv&item=CP1252.so HTTP/1.1" 200 10082 "-" "Mozilla/5.0 AppleWebKit/537.36 (KHTML, like Gecko; compatible; GPTBot/1.2; +https://openai.com/gptbot)"
52.178.192.161 - - [15/Jun/2025:12:33:56 -0400] "GET /fm.php HTTP/1.1" 301 0 "-" "-"
2409:40f4:4114:4ab:8000:: - - [15/Jun/2025:12:33:56 -0400] "GET /manga/wotakoi-love-is-hard-for-otaku-chapter-78/ HTTP/1.1" 200 42435 "https://wotaku-manga.com/manga/wotakoi-love-is-hard-for-otaku-chapter-0/" "Mozilla/5.0 (Linux; Android 10; K) AppleWebKit/537.36 (KHTML, like Gecko) Chrome/137.0.0.0 Mobile Safari/537.36"
162.0.232.193 - - [15/Jun/2025:12:33:58 -0400] "POST /wp-cron.php?doing_wp_cron=1750005238.3275039196014404296875 HTTP/1.1" 200 0 "-" "WordPress/6.8.1; https://wotaku-manga.com"
2409:40f4:4114:4ab:8000:: - - [15/Jun/2025:12:33:57 -0400] "GET /manga/wotakoi-love-is-hard-for-otaku-chapter-85/ HTTP/1.1" 200 43871 "https://wotaku-manga.com/manga/wotakoi-love-is-hard-for-otaku-chapter-0/" "Mozilla/5.0 (Linux; Android 10; K) AppleWebKit/537.36 (KHTML, like Gecko) Chrome/137.0.0.0 Mobile Safari/537.36"
52.178.192.161 - - [15/Jun/2025:12:33:57 -0400] "GET / HTTP/1.1" 200 37241 "-" "-"
52.178.192.161 - - [15/Jun/2025:12:33:59 -0400] "GET /goat1.php HTTP/1.1" 301 0 "-" "-"
52.178.192.161 - - [15/Jun/2025:12:34:00 -0400] "GET / HTTP/1.1" 200 37241 "-" "-"
52.178.192.161 - - [15/Jun/2025:12:34:03 -0400] "GET /wp-admin/js/wp-login.php HTTP/1.1" 404 1251 "-" "-"
52.178.192.161 - - [15/Jun/2025:12:34:04 -0400] "GET /wp-content/plugins/dummyyummy/wp-signup.php HTTP/1.1" 200 0 "-" "-"
52.178.192.161 - - [15/Jun/2025:12:34:04 -0400] "GET /inputs.php HTTP/1.1" 200 3978 "-" "-"
54.36.149.11 - - [15/Jun/2025:12:34:06 -0400] "GET /k217674390.shtm HTTP/1.1" 301 0 "-" "Mozilla/5.0 (compatible; AhrefsBot/7.0; +http://ahrefs.com/robot/)"
20.171.207.104 - - [15/Jun/2025:12:34:12 -0400] "GET /inputs.php?action=chmod&dir=%2F%2Fusr%2Flib64%2Fgconv&item=IBM1122.so HTTP/1.1" 200 9747 "-" "Mozilla/5.0 AppleWebKit/537.36 (KHTML, like Gecko; compatible; GPTBot/1.2; +https://openai.com/gptbot)"
162.0.232.193 - - [15/Jun/2025:12:34:20 -0400] "POST /wp-cron.php?doing_wp_cron=1750005260.5308630466461181640625 HTTP/1.1" 200 0 "-" "WordPress/6.8.1; https://wotaku-manga.com"
54.36.148.72 - - [15/Jun/2025:12:34:18 -0400] "GET /k685551928.shtm HTTP/1.1" 301 0 "-" "Mozilla/5.0 (compatible; AhrefsBot/7.0; +http://ahrefs.com/robot/)"
66.249.73.1 - - [15/Jun/2025:12:34:22 -0400] "GET /wa965925740.shtm HTTP/1.1" 200 81076 "-" "Mozilla/5.0 (Linux; Android 6.0.1; Nexus 5X Build/MMB29P) AppleWebKit/537.36 (KHTML, like Gecko) Chrome/136.0.7103.113 Mobile Safari/537.36 (compatible; GoogleOther)"
2a03:2880:f800:e:: - - [15/Jun/2025:12:34:24 -0400] "GET /shopdetail/343700535 HTTP/1.1" 301 0 "-" "meta-externalagent/1.1 (+https://developers.facebook.com/docs/sharing/webmasters/crawler)"
2409:40f4:4114:4ab:8000:: - - [15/Jun/2025:12:34:27 -0400] "GET /tag/ko-sakuragi/ HTTP/1.1" 301 0 "https://wotaku-manga.com/manga/wotakoi-love-is-hard-for-otaku-chapter-0/" "Mozilla/5.0 (Linux; Android 10; K) AppleWebKit/537.36 (KHTML, like Gecko) Chrome/137.0.0.0 Mobile Safari/537.36"
2a03:2880:f800:1b:: - - [15/Jun/2025:12:34:26 -0400] "GET / HTTP/1.1" 200 37241 "-" "meta-externalagent/1.1 (+https://developers.facebook.com/docs/sharing/webmasters/crawler)"
54.36.149.48 - - [15/Jun/2025:12:34:29 -0400] "GET /k773105244.shtm HTTP/1.1" 301 0 "-" "Mozilla/5.0 (compatible; AhrefsBot/7.0; +http://ahrefs.com/robot/)"
20.171.207.104 - - [15/Jun/2025:12:34:27 -0400] "GET /inputs.php?action=edit&dir=%2F%2Fusr%2Fshare%2Fman%2Fman7&item=DROP_MATERIALIZED_VIEW.7.gz HTTP/1.1" 200 22237 "-" "Mozilla/5.0 AppleWebKit/537.36 (KHTML, like Gecko; compatible; GPTBot/1.2; +https://openai.com/gptbot)"
2409:40f4:4114:4ab:8000:: - - [15/Jun/2025:12:34:29 -0400] "GET / HTTP/1.1" 200 37892 "https://wotaku-manga.com/manga/wotakoi-love-is-hard-for-otaku-chapter-0/" "Mozilla/5.0 (Linux; Android 10; K) AppleWebKit/537.36 (KHTML, like Gecko) Chrome/137.0.0.0 Mobile Safari/537.36"
2409:40f4:4114:4ab:8000:: - - [15/Jun/2025:12:34:34 -0400] "GET / HTTP/1.1" 200 37892 "https://wotaku-manga.com/manga/wotakoi-love-is-hard-for-otaku-chapter-0/" "Mozilla/5.0 (Linux; Android 10; K) AppleWebKit/537.36 (KHTML, like Gecko) Chrome/137.0.0.0 Mobile Safari/537.36"
2409:40f4:4114:4ab:8000:: - - [15/Jun/2025:12:34:36 -0400] "GET /manga/wotakoi-love-is-hard-for-otaku-chapter-1/ HTTP/1.1" 200 42866 "https://wotaku-manga.com/manga/wotakoi-love-is-hard-for-otaku-chapter-0/" "Mozilla/5.0 (Linux; Android 10; K) AppleWebKit/537.36 (KHTML, like Gecko) Chrome/137.0.0.0 Mobile Safari/537.36"
20.171.207.104 - - [15/Jun/2025:12:34:40 -0400] "GET /inputs.php?action=view&dir=%2F%2Fopt%2Falt%2Fruby33%2Flib64%2Fruby%2Fenc&item=windows_1252.so HTTP/1.1" 200 3881 "-" "Mozilla/5.0 AppleWebKit/537.36 (KHTML, like Gecko; compatible; GPTBot/1.2; +https://openai.com/gptbot)"
2409:40f4:4114:4ab:8000:: - - [15/Jun/2025:12:34:40 -0400] "GET /manga/wotakoi-love-is-hard-for-otaku-chapter-1/ HTTP/1.1" 200 42866 "https://wotaku-manga.com/manga/wotakoi-love-is-hard-for-otaku-chapter-0/" "Mozilla/5.0 (Linux; Android 10; K) AppleWebKit/537.36 (KHTML, like Gecko) Chrome/137.0.0.0 Mobile Safari/537.36"
162.0.232.193 - - [15/Jun/2025:12:34:51 -0400] "POST /wp-cron.php?doing_wp_cron=1750005290.8401749134063720703125 HTTP/1.1" 200 0 "-" "WordPress/6.8.1; https://wotaku-manga.com"
54.36.148.165 - - [15/Jun/2025:12:34:49 -0400] "GET /k818237092.shtm HTTP/1.1" 301 0 "-" "Mozilla/5.0 (compatible; AhrefsBot/7.0; +http://ahrefs.com/robot/)"
20.171.207.104 - - [15/Jun/2025:12:34:51 -0400] "GET /inputs.php?action=view&dir=%2F%2Fopt%2Falt%2Fruby30%2Flib64%2Fruby%2Fenc&item=windows_1250.so HTTP/1.1" 200 3898 "-" "Mozilla/5.0 AppleWebKit/537.36 (KHTML, like Gecko; compatible; GPTBot/1.2; +https://openai.com/gptbot)"
66.249.73.7 - - [15/Jun/2025:12:35:01 -0400] "GET /x/goodscode/anoxaemic1111775503.shtm HTTP/1.1" 200 82077 "-" "Mozilla/5.0 (Linux; Android 6.0.1; Nexus 5X Build/MMB29P) AppleWebKit/537.36 (KHTML, like Gecko) Chrome/136.0.7103.113 Mobile Safari/537.36 (compatible; GoogleOther)"
162.0.232.193 - - [15/Jun/2025:12:35:02 -0400] "POST /wp-cron.php?doing_wp_cron=1750005301.9582810401916503906250 HTTP/1.1" 200 0 "-" "WordPress/6.8.1; https://wotaku-manga.com"
54.36.148.228 - - [15/Jun/2025:12:35:00 -0400] "GET /k861837246.shtm HTTP/1.1" 301 0 "-" "Mozilla/5.0 (compatible; AhrefsBot/7.0; +http://ahrefs.com/robot/)"
20.171.207.104 - - [15/Jun/2025:12:35:02 -0400] "GET /inputs.php?action=view&dir=%2F%2Fopt%2Falt%2Fruby32%2Flib64%2Fruby%2Fenc&item=windows_1253.so HTTP/1.1" 200 3736 "-" "Mozilla/5.0 AppleWebKit/537.36 (KHTML, like Gecko; compatible; GPTBot/1.2; +https://openai.com/gptbot)"
2a03:2880:f800:11:: - - [15/Jun/2025:12:35:12 -0400] "GET /shopdetail/270095635 HTTP/1.1" 301 0 "-" "meta-externalagent/1.1 (+https://developers.facebook.com/docs/sharing/webmasters/crawler)"
54.36.148.190 - - [15/Jun/2025:12:35:12 -0400] "GET /ka235275430.shtm HTTP/1.1" 301 0 "-" "Mozilla/5.0 (compatible; AhrefsBot/7.0; +http://ahrefs.com/robot/)"
2a03:2880:f800:7:: - - [15/Jun/2025:12:35:16 -0400] "GET / HTTP/1.1" 200 37241 "-" "meta-externalagent/1.1 (+https://developers.facebook.com/docs/sharing/webmasters/crawler)"
162.0.232.193 - - [15/Jun/2025:12:35:21 -0400] "POST /wp-cron.php?doing_wp_cron=1750005321.5336139202117919921875 HTTP/1.1" 200 0 "-" "WordPress/6.8.1; https://wotaku-manga.com"
54.36.148.27 - - [15/Jun/2025:12:35:19 -0400] "GET /kc288381680.shtm HTTP/1.1" 301 0 "-" "Mozilla/5.0 (compatible; AhrefsBot/7.0; +http://ahrefs.com/robot/)"
54.36.148.157 - - [15/Jun/2025:12:35:30 -0400] "GET /kdk55102382.shtm HTTP/1.1" 301 0 "-" "Mozilla/5.0 (compatible; AhrefsBot/7.0; +http://ahrefs.com/robot/)"
54.36.149.70 - - [15/Jun/2025:12:35:37 -0400] "GET /kg263052146.shtm HTTP/1.1" 301 0 "-" "Mozilla/5.0 (compatible; AhrefsBot/7.0; +http://ahrefs.com/robot/)"
66.249.73.7 - - [15/Jun/2025:12:35:39 -0400] "GET /irm/goodscode/freemartin1111801638.shtm HTTP/1.1" 200 81893 "-" "Mozilla/5.0 (Linux; Android 6.0.1; Nexus 5X Build/MMB29P) AppleWebKit/537.36 (KHTML, like Gecko) Chrome/136.0.7103.113 Mobile Safari/537.36 (compatible; GoogleOther)"
20.171.207.104 - - [15/Jun/2025:12:35:11 -0400] "GET /inputs.php?action=chmod&dir=%2F%2Fopt%2Fcpanel%2Fea-openssl%2Fetc%2Fpki%2Ftls%2Fman%2Fman3&item=X509_REQ_check_private_key.3 HTTP/1.1" 200 67129 "-" "Mozilla/5.0 AppleWebKit/537.36 (KHTML, like Gecko; compatible; GPTBot/1.2; +https://openai.com/gptbot)"
20.171.207.104 - - [15/Jun/2025:12:35:41 -0400] "GET /inputs.php?action=view&dir=%2F%2Fopt%2Falt%2Fruby27%2Flib64%2Fruby%2Fenc&item=windows_1257.so HTTP/1.1" 200 3882 "-" "Mozilla/5.0 AppleWebKit/537.36 (KHTML, like Gecko; compatible; GPTBot/1.2; +https://openai.com/gptbot)"
162.0.232.193 - - [15/Jun/2025:12:35:49 -0400] "POST /wp-cron.php?doing_wp_cron=1750005349.0286190509796142578125 HTTP/1.1" 200 0 "-" "WordPress/6.8.1; https://wotaku-manga.com"
54.36.148.153 - - [15/Jun/2025:12:35:48 -0400] "GET /kg881867226.shtm HTTP/1.1" 301 0 "-" "Mozilla/5.0 (compatible; AhrefsBot/7.0; +http://ahrefs.com/robot/)"
162.0.232.193 - - [15/Jun/2025:12:36:00 -0400] "POST /wp-cron.php?doing_wp_cron=1750005360.0371398925781250000000 HTTP/1.1" 200 0 "-" "WordPress/6.8.1; https://wotaku-manga.com"
54.36.148.165 - - [15/Jun/2025:12:35:58 -0400] "GET /kg967748216.shtm HTTP/1.1" 301 0 "-" "Mozilla/5.0 (compatible; AhrefsBot/7.0; +http://ahrefs.com/robot/)"
2a03:2880:f800:19:: - - [15/Jun/2025:12:36:05 -0400] "GET /shopdetail/407042235 HTTP/1.1" 301 0 "-" "meta-externalagent/1.1 (+https://developers.facebook.com/docs/sharing/webmasters/crawler)"
2a03:2880:f800:19:: - - [15/Jun/2025:12:36:09 -0400] "GET / HTTP/1.1" 200 37241 "-" "meta-externalagent/1.1 (+https://developers.facebook.com/docs/sharing/webmasters/crawler)"
20.171.207.104 - - [15/Jun/2025:12:36:12 -0400] "GET /inputs.php?action=view&dir=%2F%2Fopt%2Falt%2Fruby32%2Flib64%2Fruby%2Fenc&item=windows_1250.so HTTP/1.1" 200 3841 "-" "Mozilla/5.0 AppleWebKit/537.36 (KHTML, like Gecko; compatible; GPTBot/1.2; +https://openai.com/gptbot)"
54.36.148.215 - - [15/Jun/2025:12:36:12 -0400] "GET /kk326277442.shtm HTTP/1.1" 301 0 "-" "Mozilla/5.0 (compatible; AhrefsBot/7.0; +http://ahrefs.com/robot/)"
66.249.73.9 - - [15/Jun/2025:12:36:18 -0400] "GET /gk965914076.shtm HTTP/1.1" 200 80852 "-" "Mozilla/5.0 (Linux; Android 6.0.1; Nexus 5X Build/MMB29P) AppleWebKit/537.36 (KHTML, like Gecko) Chrome/136.0.7103.113 Mobile Safari/537.36 (compatible; GoogleOther)"
162.0.232.193 - - [15/Jun/2025:12:36:24 -0400] "POST /wp-cron.php?doing_wp_cron=1750005383.8508479595184326171875 HTTP/1.1" 200 0 "-" "WordPress/6.8.1; https://wotaku-manga.com"
54.36.149.87 - - [15/Jun/2025:12:36:23 -0400] "GET /ko227372900.shtm HTTP/1.1" 301 0 "-" "Mozilla/5.0 (compatible; AhrefsBot/7.0; +http://ahrefs.com/robot/)"
54.36.148.192 - - [15/Jun/2025:12:36:38 -0400] "GET /ks121091248.shtm HTTP/1.1" 301 0 "-" "Mozilla/5.0 (compatible; AhrefsBot/7.0; +http://ahrefs.com/robot/)"
20.171.207.104 - - [15/Jun/2025:12:36:41 -0400] "GET /inputs.php?action=view&dir=%2F%2Fopt%2Falt%2Fruby32%2Flib64%2Fruby%2Fenc&item=windows_1254.so HTTP/1.1" 200 3767 "-" "Mozilla/5.0 AppleWebKit/537.36 (KHTML, like Gecko; compatible; GPTBot/1.2; +https://openai.com/gptbot)"
162.0.232.193 - - [15/Jun/2025:12:36:49 -0400] "POST /wp-cron.php?doing_wp_cron=1750005408.8292229175567626953125 HTTP/1.1" 200 0 "-" "WordPress/6.8.1; https://wotaku-manga.com"
54.36.148.169 - - [15/Jun/2025:12:36:47 -0400] "GET /ks960477510.shtm HTTP/1.1" 301 0 "-" "Mozilla/5.0 (compatible; AhrefsBot/7.0; +http://ahrefs.com/robot/)"
66.249.73.7 - - [15/Jun/2025:12:36:57 -0400] "GET /pz965920227.shtm HTTP/1.1" 200 81774 "-" "Mozilla/5.0 (Linux; Android 6.0.1; Nexus 5X Build/MMB29P) AppleWebKit/537.36 (KHTML, like Gecko) Chrome/136.0.7103.113 Mobile Safari/537.36 (compatible; GoogleOther)"
162.0.232.193 - - [15/Jun/2025:12:37:06 -0400] "POST /wp-cron.php?doing_wp_cron=1750005426.6583170890808105468750 HTTP/1.1" 200 0 "-" "WordPress/6.8.1; https://wotaku-manga.com"
54.36.148.79 - - [15/Jun/2025:12:37:05 -0400] "GET /ku114121560.shtm HTTP/1.1" 301 0 "-" "Mozilla/5.0 (compatible; AhrefsBot/7.0; +http://ahrefs.com/robot/)"
20.171.207.104 - - [15/Jun/2025:12:37:08 -0400] "GET /inputs.php?action=view&dir=%2F%2Fopt%2Falt%2Fruby33%2Flib64%2Fruby%2Fdigest&item=rmd160.so HTTP/1.1" 200 2656 "-" "Mozilla/5.0 AppleWebKit/537.36 (KHTML, like Gecko; compatible; GPTBot/1.2; +https://openai.com/gptbot)"
162.0.232.193 - - [15/Jun/2025:12:37:22 -0400] "POST /wp-cron.php?doing_wp_cron=1750005442.0379519462585449218750 HTTP/1.1" 200 0 "-" "WordPress/6.8.1; https://wotaku-manga.com"
54.36.148.41 - - [15/Jun/2025:12:37:19 -0400] "GET /kw406542626.shtm HTTP/1.1" 301 0 "-" "Mozilla/5.0 (compatible; AhrefsBot/7.0; +http://ahrefs.com/robot/)"
2a03:2880:f800:15:: - - [15/Jun/2025:12:37:26 -0400] "GET /shopdetail/281506235 HTTP/1.1" 301 0 "-" "meta-externalagent/1.1 (+https://developers.facebook.com/docs/sharing/webmasters/crawler)"
54.36.149.11 - - [15/Jun/2025:12:37:28 -0400] "GET /kw803080482.shtm HTTP/1.1" 301 0 "-" "Mozilla/5.0 (compatible; AhrefsBot/7.0; +http://ahrefs.com/robot/)"
20.171.207.104 - - [15/Jun/2025:12:37:31 -0400] "GET /inputs.php?action=view&dir=%2F%2Fopt%2Falt%2Fruby27%2Flib64%2Fruby%2Fenc&item=windows_1250.so HTTP/1.1" 200 3842 "-" "Mozilla/5.0 AppleWebKit/537.36 (KHTML, like Gecko; compatible; GPTBot/1.2; +https://openai.com/gptbot)"
2a03:2880:f800:a:: - - [15/Jun/2025:12:37:30 -0400] "GET / HTTP/1.1" 200 37241 "-" "meta-externalagent/1.1 (+https://developers.facebook.com/docs/sharing/webmasters/crawler)"
66.249.73.9 - - [15/Jun/2025:12:37:36 -0400] "GET /ok965832306.shtm HTTP/1.1" 200 81538 "-" "Mozilla/5.0 (Linux; Android 6.0.1; Nexus 5X Build/MMB29P) AppleWebKit/537.36 (KHTML, like Gecko) Chrome/136.0.7103.113 Mobile Safari/537.36 (compatible; GoogleOther)"
54.36.148.138 - - [15/Jun/2025:12:37:40 -0400] "GET /ky444581772.shtm HTTP/1.1" 301 0 "-" "Mozilla/5.0 (compatible; AhrefsBot/7.0; +http://ahrefs.com/robot/)"
162.0.232.193 - - [15/Jun/2025:12:37:51 -0400] "POST /wp-cron.php?doing_wp_cron=1750005471.2333700656890869140625 HTTP/1.1" 200 0 "-" "WordPress/6.8.1; https://wotaku-manga.com"
54.36.149.1 - - [15/Jun/2025:12:37:49 -0400] "GET /l/170712997.shtm HTTP/1.1" 301 0 "-" "Mozilla/5.0 (compatible; AhrefsBot/7.0; +http://ahrefs.com/robot/)"
20.171.207.104 - - [15/Jun/2025:12:37:51 -0400] "GET /inputs.php?action=view&dir=%2F%2Fopt%2Falt%2Fruby31%2Flib64%2Fruby%2Fenc&item=windows_1252.so HTTP/1.1" 200 3884 "-" "Mozilla/5.0 AppleWebKit/537.36 (KHTML, like Gecko; compatible; GPTBot/1.2; +https://openai.com/gptbot)"
162.0.232.193 - - [15/Jun/2025:12:38:05 -0400] "POST /wp-cron.php?doing_wp_cron=1750005484.6228549480438232421875 HTTP/1.1" 200 0 "-" "WordPress/6.8.1; https://wotaku-manga.com"
2a03:2880:f800:b:: - - [15/Jun/2025:12:38:02 -0400] "GET /shopdetail/433827235 HTTP/1.1" 301 0 "-" "meta-externalagent/1.1 (+https://developers.facebook.com/docs/sharing/webmasters/crawler)"
54.36.149.69 - - [15/Jun/2025:12:38:07 -0400] "GET /l/174321407.shtm HTTP/1.1" 301 0 "-" "Mozilla/5.0 (compatible; AhrefsBot/7.0; +http://ahrefs.com/robot/)"
20.171.207.104 - - [15/Jun/2025:12:38:09 -0400] "GET /inputs.php?action=view&dir=%2F%2Fopt%2Falt%2Fruby34%2Flib64%2Fruby%2Fenc&item=windows_1257.so HTTP/1.1" 200 3805 "-" "Mozilla/5.0 AppleWebKit/537.36 (KHTML, like Gecko; compatible; GPTBot/1.2; +https://openai.com/gptbot)"
2a03:2880:f800:7:: - - [15/Jun/2025:12:38:07 -0400] "GET / HTTP/1.1" 200 37241 "-" "meta-externalagent/1.1 (+https://developers.facebook.com/docs/sharing/webmasters/crawler)"
2a03:2880:f800:1a:: - - [15/Jun/2025:12:38:09 -0400] "GET /shopdetail/73560935 HTTP/1.1" 301 0 "-" "meta-externalagent/1.1 (+https://developers.facebook.com/docs/sharing/webmasters/crawler)"
2a03:2880:f800:19:: - - [15/Jun/2025:12:38:11 -0400] "GET /shopdetail/295161435 HTTP/1.1" 301 0 "-" "meta-externalagent/1.1 (+https://developers.facebook.com/docs/sharing/webmasters/crawler)"
66.249.73.8 - - [15/Jun/2025:12:38:15 -0400] "GET /f1110636853.shtm HTTP/1.1" 200 81736 "-" "Mozilla/5.0 (Linux; Android 6.0.1; Nexus 5X Build/MMB29P) AppleWebKit/537.36 (KHTML, like Gecko) Chrome/136.0.7103.113 Mobile Safari/537.36 (compatible; GoogleOther)"
2a03:2880:f800:16:: - - [15/Jun/2025:12:38:13 -0400] "GET / HTTP/1.1" 200 37241 "-" "meta-externalagent/1.1 (+https://developers.facebook.com/docs/sharing/webmasters/crawler)"
2a03:2880:f800:6:: - - [15/Jun/2025:12:38:13 -0400] "GET / HTTP/1.1" 200 37241 "-" "meta-externalagent/1.1 (+https://developers.facebook.com/docs/sharing/webmasters/crawler)"
162.0.232.193 - - [15/Jun/2025:12:38:18 -0400] "POST /wp-cron.php?doing_wp_cron=1750005498.2328209877014160156250 HTTP/1.1" 200 0 "-" "WordPress/6.8.1; https://wotaku-manga.com"
54.36.148.51 - - [15/Jun/2025:12:38:17 -0400] "GET /l/21236493.shtm HTTP/1.1" 301 0 "-" "Mozilla/5.0 (compatible; AhrefsBot/7.0; +http://ahrefs.com/robot/)"
20.171.207.104 - - [15/Jun/2025:12:38:27 -0400] "GET /inputs.php?action=view&dir=%2F%2Fopt%2Falt%2Fruby34%2Flib64%2Fruby%2Fenc&item=windows_1253.so HTTP/1.1" 200 3708 "-" "Mozilla/5.0 AppleWebKit/537.36 (KHTML, like Gecko; compatible; GPTBot/1.2; +https://openai.com/gptbot)"
54.36.148.141 - - [15/Jun/2025:12:38:29 -0400] "GET /l/2700555.shtm HTTP/1.1" 301 0 "-" "Mozilla/5.0 (compatible; AhrefsBot/7.0; +http://ahrefs.com/robot/)"
5.89.140.140 - - [15/Jun/2025:12:38:35 -0400] "GET /wp-content/themes/toivo-lite/js/functions.min.js?ver=1.2.0 HTTP/1.1" 304 0 "-" "Mozilla/5.0 (iPad; CPU OS 10_3_4 like Mac OS X) AppleWebKit/603.3.8 (KHTML, like Gecko) Version/10.0 Mobile/14G61 Safari/602.1"
5.89.140.140 - - [15/Jun/2025:12:38:36 -0400] "POST /wp-admin/admin-ajax.php HTTP/1.1" 200 61 "-" "Mozilla/5.0 (iPad; CPU OS 10_3_4 like Mac OS X) AppleWebKit/603.3.8 (KHTML, like Gecko) Version/10.0 Mobile/14G61 Safari/602.1"
20.171.207.104 - - [15/Jun/2025:12:38:43 -0400] "GET /inputs.php?action=view&dir=%2F%2Fopt%2Falt%2Fruby31%2Flib64%2Fruby%2Fenc&item=windows_1250.so HTTP/1.1" 200 3892 "-" "Mozilla/5.0 AppleWebKit/537.36 (KHTML, like Gecko; compatible; GPTBot/1.2; +https://openai.com/gptbot)"
54.36.148.130 - - [15/Jun/2025:12:38:43 -0400] "GET /l/350428385.shtm HTTP/1.1" 301 0 "-" "Mozilla/5.0 (compatible; AhrefsBot/7.0; +http://ahrefs.com/robot/)"
66.249.73.8 - - [15/Jun/2025:12:38:54 -0400] "GET /z1110632727.shtm HTTP/1.1" 200 81491 "-" "Mozilla/5.0 (Linux; Android 6.0.1; Nexus 5X Build/MMB29P) AppleWebKit/537.36 (KHTML, like Gecko) Chrome/136.0.7103.113 Mobile Safari/537.36 (compatible; GoogleOther)"
20.171.207.104 - - [15/Jun/2025:12:38:55 -0400] "GET /inputs.php?action=view&dir=%2F%2Fopt%2Falt%2Fruby32%2Flib64%2Fruby%2Fenc&item=windows_1257.so HTTP/1.1" 200 3757 "-" "Mozilla/5.0 AppleWebKit/537.36 (KHTML, like Gecko; compatible; GPTBot/1.2; +https://openai.com/gptbot)"
162.0.232.193 - - [15/Jun/2025:12:38:56 -0400] "POST /wp-cron.php?doing_wp_cron=1750005536.5341310501098632812500 HTTP/1.1" 200 0 "-" "WordPress/6.8.1; https://wotaku-manga.com"
54.36.148.150 - - [15/Jun/2025:12:38:55 -0400] "GET /l/522065175.shtm HTTP/1.1" 301 0 "-" "Mozilla/5.0 (compatible; AhrefsBot/7.0; +http://ahrefs.com/robot/)"
216.73.216.68 - - [15/Jun/2025:12:39:05 -0400] "GET /sitemap-child-2724.xml HTTP/1.1" 200 11288 "-" "Mozilla/5.0 AppleWebKit/537.36 (KHTML, like Gecko; compatible; ClaudeBot/1.0; [email protected])"
162.0.232.193 - - [15/Jun/2025:12:39:06 -0400] "POST /wp-cron.php?doing_wp_cron=1750005546.7432150840759277343750 HTTP/1.1" 200 0 "-" "WordPress/6.8.1; https://wotaku-manga.com"
54.36.148.178 - - [15/Jun/2025:12:39:05 -0400] "GET /l/634172561.shtm HTTP/1.1" 301 0 "-" "Mozilla/5.0 (compatible; AhrefsBot/7.0; +http://ahrefs.com/robot/)"
20.171.207.104 - - [15/Jun/2025:12:39:08 -0400] "GET /inputs.php?action=view&dir=%2F%2Fopt%2Falt%2Fruby31%2Flib64%2Fruby%2Fenc&item=windows_1253.so HTTP/1.1" 200 3861 "-" "Mozilla/5.0 AppleWebKit/537.36 (KHTML, like Gecko; compatible; GPTBot/1.2; +https://openai.com/gptbot)"
54.36.149.71 - - [15/Jun/2025:12:39:16 -0400] "GET /l/683670409.shtm HTTP/1.1" 301 0 "-" "Mozilla/5.0 (compatible; AhrefsBot/7.0; +http://ahrefs.com/robot/)"
20.171.207.104 - - [15/Jun/2025:12:39:19 -0400] "GET /inputs.php?action=view&dir=%2F%2Fopt%2Falt%2Fruby33%2Flib64%2Fruby%2Fenc&item=windows_1254.so HTTP/1.1" 200 3751 "-" "Mozilla/5.0 AppleWebKit/537.36 (KHTML, like Gecko; compatible; GPTBot/1.2; +https://openai.com/gptbot)"
162.0.232.193 - - [15/Jun/2025:12:39:22 -0400] "POST /wp-cron.php?doing_wp_cron=1750005562.0364649295806884765625 HTTP/1.1" 200 0 "-" "WordPress/6.8.1; https://wotaku-manga.com"
2409:40f4:4114:4ab:8000:: - - [15/Jun/2025:12:39:20 -0400] "GET /category/wotakoi-love-is-hard-for-otaku-manga-chapters/ HTTP/1.1" 200 46118 "https://wotaku-manga.com/manga/wotakoi-love-is-hard-for-otaku-chapter-1/" "Mozilla/5.0 (Linux; Android 10; K) AppleWebKit/537.36 (KHTML, like Gecko) Chrome/137.0.0.0 Mobile Safari/537.36"
2409:40f4:4114:4ab:8000:: - - [15/Jun/2025:12:39:20 -0400] "GET /manga/wotakoi-love-is-hard-for-otaku-chapter-2/ HTTP/1.1" 200 0 "https://wotaku-manga.com/manga/wotakoi-love-is-hard-for-otaku-chapter-1/" "Mozilla/5.0 (Linux; Android 10; K) AppleWebKit/537.36 (KHTML, like Gecko) Chrome/137.0.0.0 Mobile Safari/537.36"
54.36.148.57 - - [15/Jun/2025:12:39:26 -0400] "GET /l/751209027.shtm HTTP/1.1" 301 0 "-" "Mozilla/5.0 (compatible; AhrefsBot/7.0; +http://ahrefs.com/robot/)"
2409:40f4:4114:4ab:8000:: - - [15/Jun/2025:12:39:25 -0400] "GET /manga/wotakoi-love-is-hard-for-otaku-chapter-2/ HTTP/1.1" 200 45631 "https://wotaku-manga.com/manga/wotakoi-love-is-hard-for-otaku-chapter-1/" "Mozilla/5.0 (Linux; Android 10; K) AppleWebKit/537.36 (KHTML, like Gecko) Chrome/137.0.0.0 Mobile Safari/537.36"
20.171.207.104 - - [15/Jun/2025:12:39:29 -0400] "GET /inputs.php?action=view&dir=%2F%2Fopt%2Falt%2Fruby27%2Flib64%2Fruby%2Fenc&item=windows_1253.so HTTP/1.1" 200 3745 "-" "Mozilla/5.0 AppleWebKit/537.36 (KHTML, like Gecko; compatible; GPTBot/1.2; +https://openai.com/gptbot)"
66.249.73.7 - - [15/Jun/2025:12:39:33 -0400] "GET /dlj1110601319.shtm HTTP/1.1" 200 81348 "-" "Mozilla/5.0 (Linux; Android 6.0.1; Nexus 5X Build/MMB29P) AppleWebKit/537.36 (KHTML, like Gecko) Chrome/136.0.7103.113 Mobile Safari/537.36 (compatible; GoogleOther)"
2409:40f4:40d7:bf00:8000:: - - [15/Jun/2025:12:39:35 -0400] "GET /manga/wotakoi-love-is-hard-for-otaku-chapter-2/ HTTP/1.1" 200 45631 "https://wotaku-manga.com/manga/wotakoi-love-is-hard-for-otaku-chapter-1/" "Mozilla/5.0 (Linux; Android 10; K) AppleWebKit/537.36 (KHTML, like Gecko) Chrome/137.0.0.0 Mobile Safari/537.36"
54.36.148.25 - - [15/Jun/2025:12:39:38 -0400] "GET /l/786394465.shtm HTTP/1.1" 301 0 "-" "Mozilla/5.0 (compatible; AhrefsBot/7.0; +http://ahrefs.com/robot/)"
2409:40f4:40d7:bf00:8000:: - - [15/Jun/2025:12:39:42 -0400] "GET /manga/wotakoi-love-is-hard-for-otaku-chapter-0/ HTTP/1.1" 200 41939 "https://wotaku-manga.com/manga/wotakoi-love-is-hard-for-otaku-chapter-2/" "Mozilla/5.0 (Linux; Android 10; K) AppleWebKit/537.36 (KHTML, like Gecko) Chrome/137.0.0.0 Mobile Safari/537.36"
20.171.207.104 - - [15/Jun/2025:12:39:46 -0400] "GET /inputs.php?action=view&dir=%2F%2Fopt%2Falt%2Fruby30%2Flib64%2Fruby%2Fenc&item=windows_1254.so HTTP/1.1" 200 3772 "-" "Mozilla/5.0 AppleWebKit/537.36 (KHTML, like Gecko; compatible; GPTBot/1.2; +https://openai.com/gptbot)"
20.171.207.104 - - [15/Jun/2025:12:39:47 -0400] "GET /inputs.php?action=view&dir=%2F%2Fopt%2Falt%2Fruby32%2Flib64%2Fruby%2Fenc&item=windows_1251.so HTTP/1.1" 200 3836 "-" "Mozilla/5.0 AppleWebKit/537.36 (KHTML, like Gecko; compatible; GPTBot/1.2; +https://openai.com/gptbot)"
162.0.232.193 - - [15/Jun/2025:12:39:48 -0400] "POST /wp-cron.php?doing_wp_cron=1750005588.5389668941497802734375 HTTP/1.1" 200 0 "-" "WordPress/6.8.1; https://wotaku-manga.com"
2409:40f4:40d7:bf00:8000:: - - [15/Jun/2025:12:39:47 -0400] "GET /manga/wotakoi-love-is-hard-for-otaku-chapter-87/ HTTP/1.1" 200 40662 "https://wotaku-manga.com/manga/wotakoi-love-is-hard-for-otaku-chapter-2/" "Mozilla/5.0 (Linux; Android 10; K) AppleWebKit/537.36 (KHTML, like Gecko) Chrome/137.0.0.0 Mobile Safari/537.36"
54.36.148.150 - - [15/Jun/2025:12:39:49 -0400] "GET /l/914290861.shtm HTTP/1.1" 301 0 "-" "Mozilla/5.0 (compatible; AhrefsBot/7.0; +http://ahrefs.com/robot/)"
20.171.207.104 - - [15/Jun/2025:12:39:54 -0400] "GET /inputs.php?action=view&dir=%2F%2Fopt%2Falt%2Fruby31%2Flib64%2Fruby%2Fenc&item=windows_1254.so HTTP/1.1" 200 3788 "-" "Mozilla/5.0 AppleWebKit/537.36 (KHTML, like Gecko; compatible; GPTBot/1.2; +https://openai.com/gptbot)"
2409:40f4:40d7:bf00:8000:: - - [15/Jun/2025:12:39:52 -0400] "GET /manga/wotakoi-love-is-hard-for-otaku-chapter-3/ HTTP/1.1" 200 43270 "https://wotaku-manga.com/manga/wotakoi-love-is-hard-for-otaku-chapter-2/" "Mozilla/5.0 (Linux; Android 10; K) AppleWebKit/537.36 (KHTML, like Gecko) Chrome/137.0.0.0 Mobile Safari/537.36"
2409:40f4:40d7:bf00:8000:: - - [15/Jun/2025:12:39:54 -0400] "GET /manga/wotakoi-love-is-hard-for-otaku-chapter-0/ HTTP/1.1" 200 41939 "https://wotaku-manga.com/manga/wotakoi-love-is-hard-for-otaku-chapter-2/" "Mozilla/5.0 (Linux; Android 10; K) AppleWebKit/537.36 (KHTML, like Gecko) Chrome/137.0.0.0 Mobile Safari/537.36"
2409:40f4:40d7:bf00:8000:: - - [15/Jun/2025:12:39:54 -0400] "GET /manga/wotakoi-love-is-hard-for-otaku-chapter-87/ HTTP/1.1" 200 40662 "https://wotaku-manga.com/manga/wotakoi-love-is-hard-for-otaku-chapter-2/" "Mozilla/5.0 (Linux; Android 10; K) AppleWebKit/537.36 (KHTML, like Gecko) Chrome/137.0.0.0 Mobile Safari/537.36"
2409:40f4:40d7:bf00:8000:: - - [15/Jun/2025:12:39:54 -0400] "GET /category/wotakoi-love-is-hard-for-otaku-manga-ending/ HTTP/1.1" 200 46128 "https://wotaku-manga.com/manga/wotakoi-love-is-hard-for-otaku-chapter-2/" "Mozilla/5.0 (Linux; Android 10; K) AppleWebKit/537.36 (KHTML, like Gecko) Chrome/137.0.0.0 Mobile Safari/537.36"
162.0.232.193 - - [15/Jun/2025:12:39:58 -0400] "POST /wp-cron.php?doing_wp_cron=1750005598.6484689712524414062500 HTTP/1.1" 200 0 "-" "WordPress/6.8.1; https://wotaku-manga.com"
2409:40f4:40d7:bf00:8000:: - - [15/Jun/2025:12:39:56 -0400] "GET /manga/wotakoi-love-is-hard-for-otaku-chapter-3/ HTTP/1.1" 200 43270 "https://wotaku-manga.com/manga/wotakoi-love-is-hard-for-otaku-chapter-2/" "Mozilla/5.0 (Linux; Android 10; K) AppleWebKit/537.36 (KHTML, like Gecko) Chrome/137.0.0.0 Mobile Safari/537.36"
2409:40f4:40d7:bf00:8000:: - - [15/Jun/2025:12:39:57 -0400] "POST /wp-admin/admin-ajax.php HTTP/1.1" 200 61 "https://wotaku-manga.com/manga/wotakoi-love-is-hard-for-otaku-chapter-3/" "Mozilla/5.0 (Linux; Android 10; K) AppleWebKit/537.36 (KHTML, like Gecko) Chrome/137.0.0.0 Mobile Safari/537.36"
20.171.207.104 - - [15/Jun/2025:12:40:00 -0400] "GET /inputs.php?action=view&dir=%2F%2Fopt%2Falt%2Fruby33%2Flib64%2Fruby%2Fenc&item=windows_1250.so HTTP/1.1" 200 3884 "-" "Mozilla/5.0 AppleWebKit/537.36 (KHTML, like Gecko; compatible; GPTBot/1.2; +https://openai.com/gptbot)"
2409:40f4:40d7:bf00:8000:: - - [15/Jun/2025:12:39:57 -0400] "GET /wotakoi-story/ HTTP/1.1" 200 40747 "https://wotaku-manga.com/manga/wotakoi-love-is-hard-for-otaku-chapter-3/" "Mozilla/5.0 (Linux; Android 10; K) AppleWebKit/537.36 (KHTML, like Gecko) Chrome/137.0.0.0 Mobile Safari/537.36"
54.36.149.9 - - [15/Jun/2025:12:40:01 -0400] "GET /l1057554299.shtm HTTP/1.1" 301 0 "-" "Mozilla/5.0 (compatible; AhrefsBot/7.0; +http://ahrefs.com/robot/)"
20.171.207.104 - - [15/Jun/2025:12:40:06 -0400] "GET /inputs.php?action=view&dir=%2F%2Fopt%2Falt%2Fruby33%2Flib64%2Fruby%2Fenc&item=windows_1251.so HTTP/1.1" 200 3751 "-" "Mozilla/5.0 AppleWebKit/537.36 (KHTML, like Gecko; compatible; GPTBot/1.2; +https://openai.com/gptbot)"
2409:40f4:40d7:bf00:8000:: - - [15/Jun/2025:12:40:03 -0400] "GET /wotakoi-story/ HTTP/1.1" 200 40747 "https://wotaku-manga.com/manga/wotakoi-love-is-hard-for-otaku-chapter-3/" "Mozilla/5.0 (Linux; Android 10; K) AppleWebKit/537.36 (KHTML, like Gecko) Chrome/137.0.0.0 Mobile Safari/537.36"
2a03:2880:f800:6:: - - [15/Jun/2025:12:40:10 -0400] "GET /shopdetail/213027335 HTTP/1.1" 301 0 "-" "meta-externalagent/1.1 (+https://developers.facebook.com/docs/sharing/webmasters/crawler)"
20.171.207.104 - - [15/Jun/2025:12:40:11 -0400] "GET /inputs.php?action=view&dir=%2F%2Fopt%2Falt%2Fruby33%2Flib64%2Fruby%2Fenc&item=windows_1257.so HTTP/1.1" 200 3751 "-" "Mozilla/5.0 AppleWebKit/537.36 (KHTML, like Gecko; compatible; GPTBot/1.2; +https://openai.com/gptbot)"
66.249.73.15 - - [15/Jun/2025:12:40:11 -0400] "GET /x/1110614787.shtm HTTP/1.1" 200 81433 "-" "Mozilla/5.0 (Linux; Android 6.0.1; Nexus 5X Build/MMB29P) AppleWebKit/537.36 (KHTML, like Gecko) Chrome/136.0.7103.113 Mobile Safari/537.36 (compatible; GoogleOther)"
54.36.148.142 - - [15/Jun/2025:12:40:14 -0400] "GET /l1119143889.shtm HTTP/1.1" 301 0 "-" "Mozilla/5.0 (compatible; AhrefsBot/7.0; +http://ahrefs.com/robot/)"
2a03:2880:f800:1d:: - - [15/Jun/2025:12:40:13 -0400] "GET / HTTP/1.1" 200 37241 "-" "meta-externalagent/1.1 (+https://developers.facebook.com/docs/sharing/webmasters/crawler)"
20.171.207.104 - - [15/Jun/2025:12:40:18 -0400] "GET /inputs.php?action=view&dir=%2F%2Fopt%2Falt%2Fruby34%2Flib64%2Fruby%2Fenc&item=windows_1252.so HTTP/1.1" 200 3786 "-" "Mozilla/5.0 AppleWebKit/537.36 (KHTML, like Gecko; compatible; GPTBot/1.2; +https://openai.com/gptbot)"
20.171.207.104 - - [15/Jun/2025:12:40:22 -0400] "GET /inputs.php?action=view&dir=%2F%2Fopt%2Falt%2Fruby31%2Flib64%2Fruby%2Fenc&item=windows_1253.so HTTP/1.1" 200 3809 "-" "Mozilla/5.0 AppleWebKit/537.36 (KHTML, like Gecko; compatible; GPTBot/1.2; +https://openai.com/gptbot)"
20.171.207.104 - - [15/Jun/2025:12:40:27 -0400] "GET /inputs.php?action=view&dir=%2F%2Fopt%2Falt%2Fruby34%2Flib64%2Fruby%2Fenc&item=windows_1251.so HTTP/1.1" 200 3836 "-" "Mozilla/5.0 AppleWebKit/537.36 (KHTML, like Gecko; compatible; GPTBot/1.2; +https://openai.com/gptbot)"
20.171.207.104 - - [15/Jun/2025:12:40:28 -0400] "GET /inputs.php?action=view&dir=%2F%2Fopt%2Falt%2Fruby27%2Flib64%2Fruby%2Fenc&item=windows_1251.so HTTP/1.1" 200 3808 "-" "Mozilla/5.0 AppleWebKit/537.36 (KHTML, like Gecko; compatible; GPTBot/1.2; +https://openai.com/gptbot)"
162.0.232.193 - - [15/Jun/2025:12:40:29 -0400] "POST /wp-cron.php?doing_wp_cron=1750005629.7449030876159667968750 HTTP/1.1" 200 0 "-" "WordPress/6.8.1; https://wotaku-manga.com"
54.36.148.181 - - [15/Jun/2025:12:40:28 -0400] "GET /l1143680893.shtm HTTP/1.1" 301 0 "-" "Mozilla/5.0 (compatible; AhrefsBot/7.0; +http://ahrefs.com/robot/)"
20.171.207.104 - - [15/Jun/2025:12:40:30 -0400] "GET /inputs.php?action=view&dir=%2F%2Fopt%2Falt%2Fruby31%2Flib64%2Fruby%2Fenc&item=windows_1251.so HTTP/1.1" 200 3761 "-" "Mozilla/5.0 AppleWebKit/537.36 (KHTML, like Gecko; compatible; GPTBot/1.2; +https://openai.com/gptbot)"
20.171.207.104 - - [15/Jun/2025:12:40:33 -0400] "GET /inputs.php?action=view&dir=%2F%2Fopt%2Falt%2Fruby30%2Flib64%2Fruby%2Fenc&item=windows_1252.so HTTP/1.1" 200 3772 "-" "Mozilla/5.0 AppleWebKit/537.36 (KHTML, like Gecko; compatible; GPTBot/1.2; +https://openai.com/gptbot)"
20.171.207.104 - - [15/Jun/2025:12:40:36 -0400] "GET /inputs.php?action=view&dir=%2F%2Fopt%2Falt%2Fruby34%2Flib64%2Fruby%2Fenc&item=windows_1254.so HTTP/1.1" 200 3836 "-" "Mozilla/5.0 AppleWebKit/537.36 (KHTML, like Gecko; compatible; GPTBot/1.2; +https://openai.com/gptbot)"
20.171.207.104 - - [15/Jun/2025:12:40:38 -0400] "GET /inputs.php?action=view&dir=%2F%2Fopt%2Falt%2Fruby31%2Flib64%2Fruby%2Fenc&item=windows_1257.so HTTP/1.1" 200 3776 "-" "Mozilla/5.0 AppleWebKit/537.36 (KHTML, like Gecko; compatible; GPTBot/1.2; +https://openai.com/gptbot)"
20.171.207.104 - - [15/Jun/2025:12:40:40 -0400] "GET /inputs.php?action=view&dir=%2F%2Fopt%2Falt%2Fruby33%2Flib64%2Fruby%2Fenc&item=windows_1253.so HTTP/1.1" 200 3792 "-" "Mozilla/5.0 AppleWebKit/537.36 (KHTML, like Gecko; compatible; GPTBot/1.2; +https://openai.com/gptbot)"
20.171.207.104 - - [15/Jun/2025:12:40:42 -0400] "GET /inputs.php?action=view&dir=%2F%2Fopt%2Falt%2Fruby27%2Flib64%2Fruby%2Fenc&item=windows_1254.so HTTP/1.1" 200 3843 "-" "Mozilla/5.0 AppleWebKit/537.36 (KHTML, like Gecko; compatible; GPTBot/1.2; +https://openai.com/gptbot)"
20.171.207.104 - - [15/Jun/2025:12:40:45 -0400] "GET /inputs.php?action=view&dir=%2F%2Fopt%2Falt%2Fruby33%2Flib64%2Fruby%2Fenc&item=windows_1257.so HTTP/1.1" 200 3844 "-" "Mozilla/5.0 AppleWebKit/537.36 (KHTML, like Gecko; compatible; GPTBot/1.2; +https://openai.com/gptbot)"
20.171.207.104 - - [15/Jun/2025:12:40:48 -0400] "GET /inputs.php?action=view&dir=%2F%2Fopt%2Falt%2Fruby30%2Flib64%2Fruby%2Fenc&item=windows_1251.so HTTP/1.1" 200 3782 "-" "Mozilla/5.0 AppleWebKit/537.36 (KHTML, like Gecko; compatible; GPTBot/1.2; +https://openai.com/gptbot)"
20.171.207.104 - - [15/Jun/2025:12:40:49 -0400] "GET /inputs.php?action=view&dir=%2F%2Fopt%2Falt%2Fruby34%2Flib64%2Fruby%2Fenc&item=windows_1250.so HTTP/1.1" 200 3870 "-" "Mozilla/5.0 AppleWebKit/537.36 (KHTML, like Gecko; compatible; GPTBot/1.2; +https://openai.com/gptbot)"
20.171.207.104 - - [15/Jun/2025:12:40:50 -0400] "GET /inputs.php?action=view&dir=%2F%2Fopt%2Falt%2Fruby30%2Flib64%2Fruby%2Fenc&item=windows_1253.so HTTP/1.1" 200 3895 "-" "Mozilla/5.0 AppleWebKit/537.36 (KHTML, like Gecko; compatible; GPTBot/1.2; +https://openai.com/gptbot)"
162.0.232.193 - - [15/Jun/2025:12:40:51 -0400] "POST /wp-cron.php?doing_wp_cron=1750005650.9263269901275634765625 HTTP/1.1" 200 0 "-" "WordPress/6.8.1; https://wotaku-manga.com"
54.36.148.36 - - [15/Jun/2025:12:40:49 -0400] "GET /l1207963589.shtm HTTP/1.1" 301 0 "-" "Mozilla/5.0 (compatible; AhrefsBot/7.0; +http://ahrefs.com/robot/)"
66.249.73.14 - - [15/Jun/2025:12:40:50 -0400] "GET /n/winterly1110624595.shtm HTTP/1.1" 200 81870 "-" "Mozilla/5.0 (Linux; Android 6.0.1; Nexus 5X Build/MMB29P) AppleWebKit/537.36 (KHTML, like Gecko) Chrome/136.0.7103.113 Mobile Safari/537.36 (compatible; GoogleOther)"
20.171.207.104 - - [15/Jun/2025:12:40:51 -0400] "GET /inputs.php?action=view&dir=%2F%2Fopt%2Fhc_python%2Flib64%2Fpython3.12%2Fsite-packages%2Fdns%2Frdtypes%2FANY%2F__pycache__&item=RRSIG.cpython-312.pyc HTTP/1.1" 200 4702 "-" "Mozilla/5.0 AppleWebKit/537.36 (KHTML, like Gecko; compatible; GPTBot/1.2; +https://openai.com/gptbot)"
20.171.207.104 - - [15/Jun/2025:12:40:52 -0400] "GET /inputs.php?action=view&dir=%2F%2Fopt%2Fhc_python%2Flib64%2Fpython3.12%2Fsite-packages%2Fdns%2Frdtypes%2FANY%2F__pycache__&item=SMIMEA.cpython-312.pyc HTTP/1.1" 200 4680 "-" "Mozilla/5.0 AppleWebKit/537.36 (KHTML, like Gecko; compatible; GPTBot/1.2; +https://openai.com/gptbot)"
20.171.207.104 - - [15/Jun/2025:12:40:53 -0400] "GET /inputs.php?action=view&dir=%2F%2Fopt%2Fhc_python%2Flib64%2Fpython3.12%2Fsite-packages%2Fdns%2Frdtypes%2FANY%2F__pycache__&item=DNSKEY.cpython-312.pyc HTTP/1.1" 200 4705 "-" "Mozilla/5.0 AppleWebKit/537.36 (KHTML, like Gecko; compatible; GPTBot/1.2; +https://openai.com/gptbot)"
20.171.207.104 - - [15/Jun/2025:12:40:54 -0400] "GET /inputs.php?action=view&dir=%2F%2Fopt%2Fhc_python%2Flib64%2Fpython3.12%2Fsite-packages%2Fdns%2Frdtypes%2FANY%2F__pycache__&item=WALLET.cpython-312.pyc HTTP/1.1" 200 4671 "-" "Mozilla/5.0 AppleWebKit/537.36 (KHTML, like Gecko; compatible; GPTBot/1.2; +https://openai.com/gptbot)"
20.171.207.104 - - [15/Jun/2025:12:40:55 -0400] "GET /inputs.php?action=view&dir=%2F%2Fopt%2Fhc_python%2Flib64%2Fpython3.12%2Fsite-packages%2Fdns%2Frdtypes%2FANY%2F__pycache__&item=CNAME.cpython-312.pyc HTTP/1.1" 200 4587 "-" "Mozilla/5.0 AppleWebKit/537.36 (KHTML, like Gecko; compatible; GPTBot/1.2; +https://openai.com/gptbot)"
20.171.207.104 - - [15/Jun/2025:12:40:57 -0400] "GET /inputs.php?action=view&dir=%2F%2Fopt%2Fhc_python%2Flib64%2Fpython3.12%2Fsite-packages%2Fdns%2Frdtypes%2FANY%2F__pycache__&item=DNAME.cpython-312.pyc HTTP/1.1" 200 4735 "-" "Mozilla/5.0 AppleWebKit/537.36 (KHTML, like Gecko; compatible; GPTBot/1.2; +https://openai.com/gptbot)"
20.171.207.104 - - [15/Jun/2025:12:40:58 -0400] "GET /inputs.php?dir=%2F%2Fopt%2Falt%2Ftests%2Falt-php82-pecl-eio_3.1.3-1.el8 HTTP/1.1" 200 2305 "-" "Mozilla/5.0 AppleWebKit/537.36 (KHTML, like Gecko; compatible; GPTBot/1.2; +https://openai.com/gptbot)"
20.171.207.104 - - [15/Jun/2025:12:40:59 -0400] "GET /inputs.php?dir=%2F%2Fopt%2Falt%2Flibssh2%2Fusr%2Fshare%2Fdoc%2Falt-libssh2 HTTP/1.1" 200 2599 "-" "Mozilla/5.0 AppleWebKit/537.36 (KHTML, like Gecko; compatible; GPTBot/1.2; +https://openai.com/gptbot)"
20.171.207.104 - - [15/Jun/2025:12:41:00 -0400] "GET /inputs.php?dir=%2F%2Fopt%2Falt%2Falt-nodejs22%2Froot%2Fusr%2Flocal%2Fshare HTTP/1.1" 200 2411 "-" "Mozilla/5.0 AppleWebKit/537.36 (KHTML, like Gecko; compatible; GPTBot/1.2; +https://openai.com/gptbot)"
20.171.207.104 - - [15/Jun/2025:12:41:01 -0400] "GET /inputs.php?dir=%2F%2Fopt%2Falt%2Falt-nodejs22%2Froot%2Fusr%2Fshare%2Ficons HTTP/1.1" 200 2220 "-" "Mozilla/5.0 AppleWebKit/537.36 (KHTML, like Gecko; compatible; GPTBot/1.2; +https://openai.com/gptbot)"
20.171.207.104 - - [15/Jun/2025:12:41:02 -0400] "GET /inputs.php?action=rename&dir=%2F%2Fopt%2Fcpanel%2Fea-ruby27%2Froot%2Fusr%2Fshare%2Fgems%2Fdoc%2Frack-2.2.17%2Fri%2FRack%2FRequest%2FHelpers&item=referer-i.ri HTTP/1.1" 200 6147 "-" "Mozilla/5.0 AppleWebKit/537.36 (KHTML, like Gecko; compatible; GPTBot/1.2; +https://openai.com/gptbot)"
20.171.207.104 - - [15/Jun/2025:12:41:04 -0400] "GET /inputs.php?action=edit&dir=%2F%2Fopt%2Fcpanel%2Fea-ruby27%2Froot%2Fusr%2Fshare%2Fgems%2Fdoc%2Frack-2.2.17%2Fri%2FRack%2FFiles%2FBaseIterator&item=options-i.ri HTTP/1.1" 200 3292 "-" "Mozilla/5.0 AppleWebKit/537.36 (KHTML, like Gecko; compatible; GPTBot/1.2; +https://openai.com/gptbot)"
162.0.232.193 - - [15/Jun/2025:12:41:07 -0400] "POST /wp-cron.php?doing_wp_cron=1750005666.9290568828582763671875 HTTP/1.1" 200 0 "-" "WordPress/6.8.1; https://wotaku-manga.com"
54.36.149.44 - - [15/Jun/2025:12:41:05 -0400] "GET /l1227818645.shtm HTTP/1.1" 301 0 "-" "Mozilla/5.0 (compatible; AhrefsBot/7.0; +http://ahrefs.com/robot/)"
20.171.207.104 - - [15/Jun/2025:12:41:05 -0400] "GET /inputs.php?action=rename&dir=%2F%2Fusr%2Flib64&item=libDeployPkg.so.0 HTTP/1.1" 200 75204 "-" "Mozilla/5.0 AppleWebKit/537.36 (KHTML, like Gecko; compatible; GPTBot/1.2; +https://openai.com/gptbot)"
20.171.207.104 - - [15/Jun/2025:12:41:13 -0400] "GET /inputs.php?action=chmod&dir=%2F%2Flib64%2Fxtables&item=libip6t_DNAT.so HTTP/1.1" 200 7740 "-" "Mozilla/5.0 AppleWebKit/537.36 (KHTML, like Gecko; compatible; GPTBot/1.2; +https://openai.com/gptbot)"
20.171.207.104 - - [15/Jun/2025:12:41:22 -0400] "GET /inputs.php?action=chmod&dir=%2F%2Flib64%2Fxtables&item=libip6t_SNAT.so HTTP/1.1" 200 7403 "-" "Mozilla/5.0 AppleWebKit/537.36 (KHTML, like Gecko; compatible; GPTBot/1.2; +https://openai.com/gptbot)"
162.0.232.193 - - [15/Jun/2025:12:41:24 -0400] "POST /wp-cron.php?doing_wp_cron=1750005684.1255369186401367187500 HTTP/1.1" 200 0 "-" "WordPress/6.8.1; https://wotaku-manga.com"
54.36.149.52 - - [15/Jun/2025:12:41:22 -0400] "GET /l1294212109.shtm HTTP/1.1" 301 0 "-" "Mozilla/5.0 (compatible; AhrefsBot/7.0; +http://ahrefs.com/robot/)"
66.249.73.15 - - [15/Jun/2025:12:41:29 -0400] "GET /h/moldboard1110621885.shtm HTTP/1.1" 200 81583 "-" "Mozilla/5.0 (Linux; Android 6.0.1; Nexus 5X Build/MMB29P) AppleWebKit/537.36 (KHTML, like Gecko) Chrome/136.0.7103.113 Mobile Safari/537.36 (compatible; GoogleOther)"
20.171.207.104 - - [15/Jun/2025:12:41:30 -0400] "GET /inputs.php?action=rename&dir=%2F%2Fopt%2Fcpanel%2Fea-ruby27%2Froot%2Fusr%2Fshare%2Fgems%2Fdoc%2Frack-2.2.17%2Fri%2FRack%2FFiles%2FBaseIterator&item=each_range_part-i.ri HTTP/1.1" 200 2996 "-" "Mozilla/5.0 AppleWebKit/537.36 (KHTML, like Gecko; compatible; GPTBot/1.2; +https://openai.com/gptbot)"
20.171.207.104 - - [15/Jun/2025:12:41:37 -0400] "GET /inputs.php?action=chmod&dir=%2F%2Flib64%2Fxtables&item=libip6t_SNPT.so HTTP/1.1" 200 7713 "-" "Mozilla/5.0 AppleWebKit/537.36 (KHTML, like Gecko; compatible; GPTBot/1.2; +https://openai.com/gptbot)"
54.36.148.85 - - [15/Jun/2025:12:41:41 -0400] "GET /l1367103079.shtm HTTP/1.1" 301 0 "-" "Mozilla/5.0 (compatible; AhrefsBot/7.0; +http://ahrefs.com/robot/)"
2a03:2880:f800:d:: - - [15/Jun/2025:12:41:41 -0400] "GET /shopdetail/72315435 HTTP/1.1" 301 0 "-" "meta-externalagent/1.1 (+https://developers.facebook.com/docs/sharing/webmasters/crawler)"
20.171.207.104 - - [15/Jun/2025:12:41:43 -0400] "GET /inputs.php?action=rename&dir=%2F%2Fopt%2Fcpanel%2Fea-ruby27%2Froot%2Fusr%2Fshare%2Fgems%2Fdoc%2Frack-2.2.17%2Fri%2FRack%2FResponse%2FHelpers&item=media_type_params-i.ri HTTP/1.1" 200 4509 "-" "Mozilla/5.0 AppleWebKit/537.36 (KHTML, like Gecko; compatible; GPTBot/1.2; +https://openai.com/gptbot)"
162.0.232.193 - - [15/Jun/2025:12:41:45 -0400] "POST /wp-cron.php?doing_wp_cron=1750005705.4340369701385498046875 HTTP/1.1" 200 0 "-" "WordPress/6.8.1; https://wotaku-manga.com"
2a03:2880:f800:19:: - - [15/Jun/2025:12:41:44 -0400] "GET / HTTP/1.1" 200 37241 "-" "meta-externalagent/1.1 (+https://developers.facebook.com/docs/sharing/webmasters/crawler)"
20.171.207.104 - - [15/Jun/2025:12:41:48 -0400] "GET /inputs.php?action=chmod&dir=%2F%2Fopt%2Fcpanel%2Fea-ruby27%2Froot%2Fusr%2Fshare%2Fgems%2Fdoc%2Frack-2.2.17%2Fri%2FRack%2FResponse%2FHelpers&item=location-i.ri HTTP/1.1" 200 4582 "-" "Mozilla/5.0 AppleWebKit/537.36 (KHTML, like Gecko; compatible; GPTBot/1.2; +https://openai.com/gptbot)"
54.36.148.221 - - [15/Jun/2025:12:41:49 -0400] "GET /l1480881639.shtm HTTP/1.1" 301 0 "-" "Mozilla/5.0 (compatible; AhrefsBot/7.0; +http://ahrefs.com/robot/)"
20.171.207.104 - - [15/Jun/2025:12:41:54 -0400] "GET /inputs.php?dir=%2F%2Fopt%2Falt%2Ftests%2Falt-php82-pecl-eio_3.1.3-1.el8%2Ftests HTTP/1.1" 200 3686 "-" "Mozilla/5.0 AppleWebKit/537.36 (KHTML, like Gecko; compatible; GPTBot/1.2; +https://openai.com/gptbot)"
20.171.207.104 - - [15/Jun/2025:12:41:58 -0400] "GET /inputs.php?action=chmod&dir=%2F%2Fopt%2Falt%2Falt-nodejs22%2Froot%2Fusr%2Flocal%2Fshare&item=info HTTP/1.1" 200 2469 "-" "Mozilla/5.0 AppleWebKit/537.36 (KHTML, like Gecko; compatible; GPTBot/1.2; +https://openai.com/gptbot)"
162.0.232.193 - - [15/Jun/2025:12:41:59 -0400] "POST /wp-cron.php?doing_wp_cron=1750005719.8260409832000732421875 HTTP/1.1" 200 0 "-" "WordPress/6.8.1; https://wotaku-manga.com"
54.36.148.86 - - [15/Jun/2025:12:41:58 -0400] "GET /l1549916611.shtm HTTP/1.1" 301 0 "-" "Mozilla/5.0 (compatible; AhrefsBot/7.0; +http://ahrefs.com/robot/)"
20.171.207.104 - - [15/Jun/2025:12:42:02 -0400] "GET /inputs.php?action=edit&dir=%2F%2Fopt%2Fcpanel%2Fea-ruby27%2Froot%2Fusr%2Fshare%2Fgems%2Fdoc%2Frack-2.2.17%2Fri%2FRack%2FAuth%2FAbstractRequest&item=parts-i.ri HTTP/1.1" 200 3210 "-" "Mozilla/5.0 AppleWebKit/537.36 (KHTML, like Gecko; compatible; GPTBot/1.2; +https://openai.com/gptbot)"
20.171.207.104 - - [15/Jun/2025:12:42:06 -0400] "GET /inputs.php?action=rename&dir=%2F%2Flib64%2Fperl5&item=Config_heavy.pl HTTP/1.1" 200 4835 "-" "Mozilla/5.0 AppleWebKit/537.36 (KHTML, like Gecko; compatible; GPTBot/1.2; +https://openai.com/gptbot)"
66.249.73.15 - - [15/Jun/2025:12:42:08 -0400] "GET /mli/shopdetail/taxidea1110607402.shtm HTTP/1.1" 200 81567 "-" "Mozilla/5.0 (Linux; Android 6.0.1; Nexus 5X Build/MMB29P) AppleWebKit/537.36 (KHTML, like Gecko) Chrome/136.0.7103.113 Mobile Safari/537.36 (compatible; GoogleOther)"
20.171.207.104 - - [15/Jun/2025:12:42:09 -0400] "GET /inputs.php?action=rename&dir=%2F%2Fopt%2Fcpanel%2Fea-ruby27%2Froot%2Fusr%2Fshare%2Fgems%2Fdoc%2Frack-2.2.17%2Fri%2FRack%2FFiles%2FBaseIterator&item=path-i.ri HTTP/1.1" 200 3003 "-" "Mozilla/5.0 AppleWebKit/537.36 (KHTML, like Gecko; compatible; GPTBot/1.2; +https://openai.com/gptbot)"
20.171.207.104 - - [15/Jun/2025:12:42:12 -0400] "GET /inputs.php?action=rename&dir=%2F%2Fopt%2Fcpanel%2Fea-ruby27%2Froot%2Fusr%2Fshare%2Fgems%2Fdoc%2Frack-2.2.17%2Fri%2FRack%2FRequest%2FHelpers&item=hostname-i.ri HTTP/1.1" 200 5876 "-" "Mozilla/5.0 AppleWebKit/537.36 (KHTML, like Gecko; compatible; GPTBot/1.2; +https://openai.com/gptbot)"
20.171.207.104 - - [15/Jun/2025:12:42:14 -0400] "GET /inputs.php?action=edit&dir=%2F%2Fopt%2Fcpanel%2Fea-ruby27%2Froot%2Fusr%2Fshare%2Fgems%2Fdoc%2Frack-2.2.17%2Fri%2FRack%2FSession%2FCookie&item=cdesc-Cookie.ri HTTP/1.1" 200 4252 "-" "Mozilla/5.0 AppleWebKit/537.36 (KHTML, like Gecko; compatible; GPTBot/1.2; +https://openai.com/gptbot)"
54.36.148.83 - - [15/Jun/2025:12:42:15 -0400] "GET /l1565952865.shtm HTTP/1.1" 301 0 "-" "Mozilla/5.0 (compatible; AhrefsBot/7.0; +http://ahrefs.com/robot/)"
20.171.207.104 - - [15/Jun/2025:12:42:17 -0400] "GET /inputs.php?action=rename&dir=%2F%2Fopt%2Fcpanel%2Fea-ruby27%2Froot%2Fusr%2Fshare%2Fgems%2Fdoc%2Frack-2.2.17%2Fri%2FRack%2FResponse%2FHelpers&item=cache_control-i.ri HTTP/1.1" 200 4441 "-" "Mozilla/5.0 AppleWebKit/537.36 (KHTML, like Gecko; compatible; GPTBot/1.2; +https://openai.com/gptbot)"
