20.171.207.104 - - [15/Jun/2025:12:59:02 -0400] "GET /inputs.php?action=view&dir=%2F%2Fopt%2Fcloudlinux%2Fvenv%2Flib%2Fpython3.11%2Fsite-packages%2Fssa%2Fmodules%2F__pycache__&item=stat_sender.cpython-311.pyc HTTP/1.1" 200 2870 "-" "Mozilla/5.0 AppleWebKit/537.36 (KHTML, like Gecko; compatible; GPTBot/1.2; +https://openai.com/gptbot)"
20.171.207.104 - - [15/Jun/2025:12:59:03 -0400] "GET /inputs.php?action=view&dir=%2F%2Fopt%2Fcloudlinux%2Fvenv%2Flib%2Fpython3.11%2Fsite-packages%2Fnumpy%2Fmatrixlib%2F__pycache__&item=setup.cpython-311.pyc HTTP/1.1" 200 2669 "-" "Mozilla/5.0 AppleWebKit/537.36 (KHTML, like Gecko; compatible; GPTBot/1.2; +https://openai.com/gptbot)"
20.171.207.104 - - [15/Jun/2025:12:59:04 -0400] "GET /inputs.php?action=view&dir=%2F%2Fopt%2Fcloudlinux%2Fvenv%2Flib%2Fpython3.11%2Fsite-packages%2Fpip%2F_vendor%2Frich%2F__pycache__&item=filesize.cpython-311.pyc HTTP/1.1" 200 6391 "-" "Mozilla/5.0 AppleWebKit/537.36 (KHTML, like Gecko; compatible; GPTBot/1.2; +https://openai.com/gptbot)"
20.171.207.104 - - [15/Jun/2025:12:59:06 -0400] "GET /inputs.php?action=view&dir=%2F%2Fopt%2Fcloudlinux%2Fvenv%2Flib%2Fpython3.11%2Fsite-packages%2Fraven%2Futils%2F__pycache__&item=basic.cpython-311.pyc HTTP/1.1" 200 3212 "-" "Mozilla/5.0 AppleWebKit/537.36 (KHTML, like Gecko; compatible; GPTBot/1.2; +https://openai.com/gptbot)"
54.36.149.83 - - [15/Jun/2025:12:59:05 -0400] "GET /me337316594.shtm HTTP/1.1" 301 0 "-" "Mozilla/5.0 (compatible; AhrefsBot/7.0; +http://ahrefs.com/robot/)"
20.171.207.104 - - [15/Jun/2025:12:59:07 -0400] "GET /inputs.php?action=view&dir=%2F%2Fopt%2Fhc_python%2Flib64%2Fpython3.12%2Fsite-packages%2Fsqlalchemy%2Fsql%2F__pycache__&item=functions.cpython-312.pyc HTTP/1.1" 200 3963 "-" "Mozilla/5.0 AppleWebKit/537.36 (KHTML, like Gecko; compatible; GPTBot/1.2; +https://openai.com/gptbot)"
20.171.207.104 - - [15/Jun/2025:12:59:08 -0400] "GET /inputs.php?action=view&dir=%2F%2Fopt%2Fcloudlinux%2Fvenv%2Flib%2Fpython3.11%2Fsite-packages%2Fcoverage%2F__pycache__&item=plugin_support.cpython-311.pyc HTTP/1.1" 200 4300 "-" "Mozilla/5.0 AppleWebKit/537.36 (KHTML, like Gecko; compatible; GPTBot/1.2; +https://openai.com/gptbot)"
20.171.207.104 - - [15/Jun/2025:12:59:09 -0400] "GET /inputs.php?action=view&dir=%2F%2Fopt%2Fcloudlinux%2Fvenv%2Flib%2Fpython3.11%2Fsite-packages%2Fssa%2Fssa_utils%2F__pycache__&item=cmdline_parser.cpython-311.pyc HTTP/1.1" 200 2835 "-" "Mozilla/5.0 AppleWebKit/537.36 (KHTML, like Gecko; compatible; GPTBot/1.2; +https://openai.com/gptbot)"
111.94.90.158 - - [15/Jun/2025:12:59:06 -0400] "GET /manga/wotaku-ni-koi-wa-muzukashii-chapter-51/ HTTP/1.1" 200 42930 "https://wotaku-manga.com/manga/wotaku-ni-koi-wa-muzukashii-chapter-50/" "Mozilla/5.0 (Linux; Android 10; K) AppleWebKit/537.36 (KHTML, like Gecko) Chrome/137.0.0.0 Mobile Safari/537.36"
2a03:2880:f800:18:: - - [15/Jun/2025:12:59:05 -0400] "GET / HTTP/1.1" 200 37241 "-" "meta-externalagent/1.1 (+https://developers.facebook.com/docs/sharing/webmasters/crawler)"
20.171.207.104 - - [15/Jun/2025:12:59:10 -0400] "GET /inputs.php?action=view&dir=%2F%2Fopt%2Fcloudlinux%2Fvenv%2Flib%2Fpython3.11%2Fsite-packages%2Fnumpy%2Fcore%2F__pycache__&item=function_base.cpython-311.pyc HTTP/1.1" 200 4177 "-" "Mozilla/5.0 AppleWebKit/537.36 (KHTML, like Gecko; compatible; GPTBot/1.2; +https://openai.com/gptbot)"
20.171.207.104 - - [15/Jun/2025:12:59:11 -0400] "GET /inputs.php?action=view&dir=%2F%2Fopt%2Fcloudlinux%2Fvenv%2Flib64%2Fpython3.11%2Fsite-packages%2Fpsutil%2Ftests%2F__pycache__&item=test_process.cpython-311.pyc HTTP/1.1" 200 3422 "-" "Mozilla/5.0 AppleWebKit/537.36 (KHTML, like Gecko; compatible; GPTBot/1.2; +https://openai.com/gptbot)"
20.171.207.104 - - [15/Jun/2025:12:59:13 -0400] "GET /inputs.php?action=view&dir=%2F%2Fopt%2Fcloudlinux%2Fvenv%2Flib64%2Fpython3.11%2Fsite-packages%2Fdill%2Ftests%2F__pycache__&item=test_check.cpython-311.pyc HTTP/1.1" 200 3926 "-" "Mozilla/5.0 AppleWebKit/537.36 (KHTML, like Gecko; compatible; GPTBot/1.2; +https://openai.com/gptbot)"
111.94.90.158 - - [15/Jun/2025:12:59:10 -0400] "GET /manga/wotaku-ni-koi-wa-muzukashii-chapter-51/ HTTP/1.1" 200 42929 "https://wotaku-manga.com/manga/wotaku-ni-koi-wa-muzukashii-chapter-50/" "Mozilla/5.0 (Linux; Android 10; K) AppleWebKit/537.36 (KHTML, like Gecko) Chrome/137.0.0.0 Mobile Safari/537.36"
20.171.207.104 - - [15/Jun/2025:12:59:14 -0400] "GET /inputs.php?action=view&dir=%2F%2Fusr%2Flib%2Fpython3.6%2Fsite-packages%2Fpip%2F_vendor%2Fhtml5lib%2Ftreewalkers%2F__pycache__&item=etree.cpython-36.pyc HTTP/1.1" 200 3026 "-" "Mozilla/5.0 AppleWebKit/537.36 (KHTML, like Gecko; compatible; GPTBot/1.2; +https://openai.com/gptbot)"
20.171.207.104 - - [15/Jun/2025:12:59:15 -0400] "GET /inputs.php?action=view&dir=%2F%2Fopt%2Fcloudlinux%2Fvenv%2Flib%2Fpython3.11%2Fsite-packages%2Fpip%2F_vendor%2Frequests%2F__pycache__&item=hooks.cpython-311.pyc HTTP/1.1" 200 3375 "-" "Mozilla/5.0 AppleWebKit/537.36 (KHTML, like Gecko; compatible; GPTBot/1.2; +https://openai.com/gptbot)"
20.171.207.104 - - [15/Jun/2025:12:59:16 -0400] "GET /inputs.php?action=view&dir=%2F%2Fopt%2Fhc_python%2Flib64%2Fpython3.12%2Fsite-packages%2Fnose%2Fplugins%2F__pycache__&item=failuredetail.cpython-312.pyc HTTP/1.1" 200 3524 "-" "Mozilla/5.0 AppleWebKit/537.36 (KHTML, like Gecko; compatible; GPTBot/1.2; +https://openai.com/gptbot)"
20.171.207.104 - - [15/Jun/2025:12:59:17 -0400] "GET /inputs.php?action=view&dir=%2F%2Fopt%2Fcloudlinux%2Fvenv%2Flib%2Fpython3.11%2Fsite-packages%2Fgitdb%2Futils%2F__pycache__&item=encoding.cpython-311.pyc HTTP/1.1" 200 2609 "-" "Mozilla/5.0 AppleWebKit/537.36 (KHTML, like Gecko; compatible; GPTBot/1.2; +https://openai.com/gptbot)"
20.171.207.104 - - [15/Jun/2025:12:59:18 -0400] "GET /inputs.php?action=view&dir=%2F%2Fopt%2Fcloudlinux%2Fvenv%2Flib%2Fpython3.11%2Fsite-packages%2Fnumpy%2Farray_api%2F__pycache__&item=setup.cpython-311.pyc HTTP/1.1" 200 3406 "-" "Mozilla/5.0 AppleWebKit/537.36 (KHTML, like Gecko; compatible; GPTBot/1.2; +https://openai.com/gptbot)"
162.0.232.193 - - [15/Jun/2025:12:59:19 -0400] "POST /wp-cron.php?doing_wp_cron=1750006759.1251280307769775390625 HTTP/1.1" 200 0 "-" "WordPress/6.8.1; https://wotaku-manga.com"
54.36.148.234 - - [15/Jun/2025:12:59:17 -0400] "GET /mi911563154.shtm HTTP/1.1" 301 0 "-" "Mozilla/5.0 (compatible; AhrefsBot/7.0; +http://ahrefs.com/robot/)"
20.171.207.104 - - [15/Jun/2025:12:59:19 -0400] "GET /inputs.php?action=view&dir=%2F%2Fopt%2Fcloudlinux%2Fvenv%2Flib%2Fpython3.11%2Fsite-packages%2Fprometheus_client%2F__pycache__&item=mmap_dict.cpython-311.pyc HTTP/1.1" 200 3435 "-" "Mozilla/5.0 AppleWebKit/537.36 (KHTML, like Gecko; compatible; GPTBot/1.2; +https://openai.com/gptbot)"
20.171.207.104 - - [15/Jun/2025:12:59:21 -0400] "GET /inputs.php?action=view&dir=%2F%2Fopt%2Fcloudlinux%2Fvenv%2Flib%2Fpython3.11%2Fsite-packages%2Fnumpy%2Ff2py%2F__pycache__&item=use_rules.cpython-311.pyc HTTP/1.1" 200 3256 "-" "Mozilla/5.0 AppleWebKit/537.36 (KHTML, like Gecko; compatible; GPTBot/1.2; +https://openai.com/gptbot)"
20.171.207.104 - - [15/Jun/2025:12:59:22 -0400] "GET /inputs.php?action=view&dir=%2F%2Fopt%2Fcloudlinux%2Fvenv%2Flib%2Fpython3.11%2Fsite-packages%2Fnumpy%2Fcore%2F__pycache__&item=_internal.cpython-311.pyc HTTP/1.1" 200 4131 "-" "Mozilla/5.0 AppleWebKit/537.36 (KHTML, like Gecko; compatible; GPTBot/1.2; +https://openai.com/gptbot)"
20.171.207.104 - - [15/Jun/2025:12:59:23 -0400] "GET /inputs.php?action=view&dir=%2F%2Fopt%2Fcloudlinux%2Fvenv%2Flib64%2Fpython3.11%2Fsite-packages%2Ftap%2Ftests%2F__pycache__&item=test_example.cpython-311.pyc HTTP/1.1" 200 2719 "-" "Mozilla/5.0 AppleWebKit/537.36 (KHTML, like Gecko; compatible; GPTBot/1.2; +https://openai.com/gptbot)"
20.171.207.104 - - [15/Jun/2025:12:59:24 -0400] "GET /inputs.php?action=view&dir=%2F%2Fusr%2Flib64%2Fpython3.6%2Fsite-packages%2Fcryptography%2Fhazmat%2Fprimitives%2F__pycache__&item=hashes.cpython-36.opt-1.pyc HTTP/1.1" 200 3227 "-" "Mozilla/5.0 AppleWebKit/537.36 (KHTML, like Gecko; compatible; GPTBot/1.2; +https://openai.com/gptbot)"
20.171.207.104 - - [15/Jun/2025:12:59:25 -0400] "GET /inputs.php?action=view&dir=%2F%2Fopt%2Fcloudlinux%2Fvenv%2Flib64%2Fpython3.11%2Fsite-packages%2Fnumpy%2Ftests%2F__pycache__&item=test_scripts.cpython-311.pyc HTTP/1.1" 200 3082 "-" "Mozilla/5.0 AppleWebKit/537.36 (KHTML, like Gecko; compatible; GPTBot/1.2; +https://openai.com/gptbot)"
20.171.207.104 - - [15/Jun/2025:12:59:26 -0400] "GET /inputs.php?action=view&dir=%2F%2Fopt%2Fcloudlinux%2Fvenv%2Flib%2Fpython3.11%2Fsite-packages%2Fnumpy%2Fcore%2F__pycache__&item=overrides.cpython-311.pyc HTTP/1.1" 200 4152 "-" "Mozilla/5.0 AppleWebKit/537.36 (KHTML, like Gecko; compatible; GPTBot/1.2; +https://openai.com/gptbot)"
20.171.207.104 - - [15/Jun/2025:12:59:27 -0400] "GET /inputs.php?action=view&dir=%2F%2Fopt%2Fcloudlinux%2Fvenv%2Flib%2Fpython3.11%2Fsite-packages%2Fnumpy%2Farray_api%2F__pycache__&item=_creation_functions.cpython-311.pyc HTTP/1.1" 200 3392 "-" "Mozilla/5.0 AppleWebKit/537.36 (KHTML, like Gecko; compatible; GPTBot/1.2; +https://openai.com/gptbot)"
20.171.207.104 - - [15/Jun/2025:12:59:29 -0400] "GET /inputs.php?action=view&dir=%2F%2Fopt%2Fcloudlinux%2Fvenv%2Flib%2Fpython3.11%2Fsite-packages%2F_pytest%2F__pycache__&item=cacheprovider.cpython-311.pyc HTTP/1.1" 200 4767 "-" "Mozilla/5.0 AppleWebKit/537.36 (KHTML, like Gecko; compatible; GPTBot/1.2; +https://openai.com/gptbot)"
20.171.207.104 - - [15/Jun/2025:12:59:30 -0400] "GET /inputs.php?action=view&dir=%2F%2Fopt%2Fcloudlinux%2Fvenv%2Flib64%2Fpython3.11%2Fsite-packages%2Fdill%2Ftests%2F__pycache__&item=test_pycapsule.cpython-311.pyc HTTP/1.1" 200 3965 "-" "Mozilla/5.0 AppleWebKit/537.36 (KHTML, like Gecko; compatible; GPTBot/1.2; +https://openai.com/gptbot)"
20.171.207.104 - - [15/Jun/2025:12:59:31 -0400] "GET /inputs.php?action=view&dir=%2F%2Fopt%2Fcloudlinux%2Fvenv%2Flib64%2Fpython3.11%2Fsite-packages%2Fpsutil%2Ftests%2F__pycache__&item=test_posix.cpython-311.pyc HTTP/1.1" 200 3420 "-" "Mozilla/5.0 AppleWebKit/537.36 (KHTML, like Gecko; compatible; GPTBot/1.2; +https://openai.com/gptbot)"
20.171.207.104 - - [15/Jun/2025:12:59:32 -0400] "GET /inputs.php?action=view&dir=%2F%2Fopt%2Fcloudlinux%2Fvenv%2Flib%2Fpython3.11%2Fsite-packages%2Fnumpy%2F_pyinstaller%2F__pycache__&item=hook-numpy.cpython-311.pyc HTTP/1.1" 200 2712 "-" "Mozilla/5.0 AppleWebKit/537.36 (KHTML, like Gecko; compatible; GPTBot/1.2; +https://openai.com/gptbot)"
54.36.149.71 - - [15/Jun/2025:12:59:32 -0400] "GET /mm110145190.shtm HTTP/1.1" 301 0 "-" "Mozilla/5.0 (compatible; AhrefsBot/7.0; +http://ahrefs.com/robot/)"
20.171.207.104 - - [15/Jun/2025:12:59:33 -0400] "GET /inputs.php?action=view&dir=%2F%2Fopt%2Fcloudlinux%2Fvenv%2Flib%2Fpython3.11%2Fsite-packages%2Fguppy%2Fheapy%2F__pycache__&item=Console.cpython-311.pyc HTTP/1.1" 200 3524 "-" "Mozilla/5.0 AppleWebKit/537.36 (KHTML, like Gecko; compatible; GPTBot/1.2; +https://openai.com/gptbot)"
20.171.207.104 - - [15/Jun/2025:12:59:34 -0400] "GET /inputs.php?action=view&dir=%2F%2Fopt%2Fhc_python%2Flib64%2Fpython3.12%2Fsite-packages%2Fpip%2F_vendor%2Fmsgpack%2F__pycache__&item=fallback.cpython-312.pyc HTTP/1.1" 200 2670 "-" "Mozilla/5.0 AppleWebKit/537.36 (KHTML, like Gecko; compatible; GPTBot/1.2; +https://openai.com/gptbot)"
20.171.207.104 - - [15/Jun/2025:12:59:36 -0400] "GET /inputs.php?action=view&dir=%2F%2Fopt%2Fcloudlinux%2Fvenv%2Flib64%2Fpython3.11%2Fsite-packages%2Fpsutil%2Ftests%2F__pycache__&item=test_bsd.cpython-311.pyc HTTP/1.1" 200 3423 "-" "Mozilla/5.0 AppleWebKit/537.36 (KHTML, like Gecko; compatible; GPTBot/1.2; +https://openai.com/gptbot)"
20.171.207.104 - - [15/Jun/2025:12:59:37 -0400] "GET /inputs.php?action=view&dir=%2F%2Fopt%2Fcloudlinux%2Fvenv%2Flib%2Fpython3.11%2Fsite-packages%2Fpip%2F_vendor%2Furllib3%2F__pycache__&item=filepost.cpython-311.pyc HTTP/1.1" 200 3062 "-" "Mozilla/5.0 AppleWebKit/537.36 (KHTML, like Gecko; compatible; GPTBot/1.2; +https://openai.com/gptbot)"
66.249.73.1 - - [15/Jun/2025:12:59:37 -0400] "GET /s267493202.shtm HTTP/1.1" 200 81781 "-" "Mozilla/5.0 (Linux; Android 6.0.1; Nexus 5X Build/MMB29P) AppleWebKit/537.36 (KHTML, like Gecko) Chrome/136.0.7103.113 Mobile Safari/537.36 (compatible; GoogleOther)"
20.171.207.104 - - [15/Jun/2025:12:59:38 -0400] "GET /inputs.php?action=view&dir=%2F%2Fopt%2Fcloudlinux%2Fvenv%2Flib%2Fpython3.11%2Fsite-packages%2Fnumpy%2Ff2py%2F__pycache__&item=symbolic.cpython-311.pyc HTTP/1.1" 200 3252 "-" "Mozilla/5.0 AppleWebKit/537.36 (KHTML, like Gecko; compatible; GPTBot/1.2; +https://openai.com/gptbot)"
20.171.207.104 - - [15/Jun/2025:12:59:39 -0400] "GET /inputs.php?action=view&dir=%2F%2Fopt%2Fcloudlinux%2Fvenv%2Flib64%2Fpython3.11%2Fsite-packages%2Fpsutil%2Ftests%2F__pycache__&item=test_misc.cpython-311.pyc HTTP/1.1" 200 3445 "-" "Mozilla/5.0 AppleWebKit/537.36 (KHTML, like Gecko; compatible; GPTBot/1.2; +https://openai.com/gptbot)"
20.171.207.104 - - [15/Jun/2025:12:59:40 -0400] "GET /inputs.php?action=view&dir=%2F%2Fopt%2Fcloudlinux%2Fvenv%2Flib%2Fpython3.11%2Fsite-packages%2Fdill%2Ftests%2F__pycache__&item=test_functors.cpython-311.pyc HTTP/1.1" 200 3956 "-" "Mozilla/5.0 AppleWebKit/537.36 (KHTML, like Gecko; compatible; GPTBot/1.2; +https://openai.com/gptbot)"
20.171.207.104 - - [15/Jun/2025:12:59:41 -0400] "GET /inputs.php?action=view&dir=%2F%2Fopt%2Fcloudlinux%2Fvenv%2Flib%2Fpython3.11%2Fsite-packages%2Fpip%2F_vendor%2Frequests%2F__pycache__&item=certs.cpython-311.pyc HTTP/1.1" 200 3431 "-" "Mozilla/5.0 AppleWebKit/537.36 (KHTML, like Gecko; compatible; GPTBot/1.2; +https://openai.com/gptbot)"
20.171.207.104 - - [15/Jun/2025:12:59:43 -0400] "GET /inputs.php?action=view&dir=%2F%2Fopt%2Fimunify360%2Fvenv%2Flib%2Fpython3.11%2Fsite-packages%2Fjsonschema%2Ftests%2F__pycache__&item=test_jsonschema_test_suite.cpython-311.pyc HTTP/1.1" 200 2977 "-" "Mozilla/5.0 AppleWebKit/537.36 (KHTML, like Gecko; compatible; GPTBot/1.2; +https://openai.com/gptbot)"
20.171.207.104 - - [15/Jun/2025:12:59:44 -0400] "GET /inputs.php?action=edit&dir=%2F%2Fopt%2Fcpanel%2Fea-ruby27%2Froot%2Fusr%2Fshare%2Fgems%2Fdoc%2Frack-2.2.17%2Frdoc%2Fimages&item=zoom.png HTTP/1.1" 200 3694 "-" "Mozilla/5.0 AppleWebKit/537.36 (KHTML, like Gecko; compatible; GPTBot/1.2; +https://openai.com/gptbot)"
162.0.232.193 - - [15/Jun/2025:12:59:45 -0400] "POST /wp-cron.php?doing_wp_cron=1750006785.0254459381103515625000 HTTP/1.1" 200 0 "-" "WordPress/6.8.1; https://wotaku-manga.com"
54.36.148.27 - - [15/Jun/2025:12:59:43 -0400] "GET /mm842827088.shtm HTTP/1.1" 301 0 "-" "Mozilla/5.0 (compatible; AhrefsBot/7.0; +http://ahrefs.com/robot/)"
20.171.207.104 - - [15/Jun/2025:12:59:45 -0400] "GET /inputs.php?action=chmod&dir=%2F%2Fopt%2Fcpanel%2Fea-ruby27%2Froot%2Fusr%2Fshare%2Fgems%2Fdoc%2Frack-2.2.17%2Frdoc%2Fimages&item=bug.png HTTP/1.1" 200 3599 "-" "Mozilla/5.0 AppleWebKit/537.36 (KHTML, like Gecko; compatible; GPTBot/1.2; +https://openai.com/gptbot)"
20.171.207.104 - - [15/Jun/2025:12:59:46 -0400] "GET /inputs.php?action=edit&dir=%2F%2Fopt%2Fcpanel%2Fea-ruby27%2Froot%2Fusr%2Fshare%2Fgems%2Fdoc%2Frack-2.2.17%2Frdoc%2Fimages&item=find.png HTTP/1.1" 200 3732 "-" "Mozilla/5.0 AppleWebKit/537.36 (KHTML, like Gecko; compatible; GPTBot/1.2; +https://openai.com/gptbot)"
20.171.207.104 - - [15/Jun/2025:12:59:47 -0400] "GET /inputs.php?action=chmod&dir=%2F%2Fopt%2Fcpanel%2Fea-ruby27%2Froot%2Fusr%2Fshare%2Fgems%2Fdoc%2Frack-2.2.17%2Frdoc%2Fimages&item=add.png HTTP/1.1" 200 3598 "-" "Mozilla/5.0 AppleWebKit/537.36 (KHTML, like Gecko; compatible; GPTBot/1.2; +https://openai.com/gptbot)"
20.171.207.104 - - [15/Jun/2025:12:59:48 -0400] "GET /inputs.php?action=chmod&dir=%2F%2Fopt%2Fcpanel%2Fea-ruby27%2Froot%2Fusr%2Fshare%2Fgems%2Fdoc%2Frack-2.2.17%2Frdoc%2Fjs&item=searcher.js HTTP/1.1" 200 2893 "-" "Mozilla/5.0 AppleWebKit/537.36 (KHTML, like Gecko; compatible; GPTBot/1.2; +https://openai.com/gptbot)"
20.171.207.104 - - [15/Jun/2025:12:59:50 -0400] "GET /inputs.php?action=edit&dir=%2F%2Fopt%2Fcpanel%2Fea-ruby27%2Froot%2Fusr%2Fshare%2Fgems%2Fdoc%2Frack-2.2.17%2Frdoc%2Fimages&item=ruby.png HTTP/1.1" 200 3645 "-" "Mozilla/5.0 AppleWebKit/537.36 (KHTML, like Gecko; compatible; GPTBot/1.2; +https://openai.com/gptbot)"
20.171.207.104 - - [15/Jun/2025:12:59:51 -0400] "GET /inputs.php?action=chmod&dir=%2F%2Flib64%2Fgawk&item=readdir.so HTTP/1.1" 403 1242 "-" "Mozilla/5.0 AppleWebKit/537.36 (KHTML, like Gecko; compatible; GPTBot/1.2; +https://openai.com/gptbot)"
111.94.109.225 - - [15/Jun/2025:12:59:50 -0400] "GET /category/wotakoi-love-is-hard-for-otaku-manga-ending/ HTTP/1.1" 200 46133 "https://wotaku-manga.com/manga/wotaku-ni-koi-wa-muzukashii-chapter-50/" "Mozilla/5.0 (Linux; Android 10; K) AppleWebKit/537.36 (KHTML, like Gecko) Chrome/137.0.0.0 Mobile Safari/537.36"
20.171.207.104 - - [15/Jun/2025:12:59:52 -0400] "GET /inputs.php?action=chmod&dir=%2F%2Flib64%2Fruby&item=syslog.so HTTP/1.1" 200 3850 "-" "Mozilla/5.0 AppleWebKit/537.36 (KHTML, like Gecko; compatible; GPTBot/1.2; +https://openai.com/gptbot)"
111.94.109.225 - - [15/Jun/2025:12:59:52 -0400] "GET /category/wotakoi-love-is-hard-for-otaku-manga-ending/ HTTP/1.1" 200 46133 "https://wotaku-manga.com/manga/wotaku-ni-koi-wa-muzukashii-chapter-50/" "Mozilla/5.0 (Linux; Android 10; K) AppleWebKit/537.36 (KHTML, like Gecko) Chrome/137.0.0.0 Mobile Safari/537.36"
54.36.148.167 - - [15/Jun/2025:12:59:55 -0400] "GET /mq151755230.shtm HTTP/1.1" 301 0 "-" "Mozilla/5.0 (compatible; AhrefsBot/7.0; +http://ahrefs.com/robot/)"
111.94.109.225 - - [15/Jun/2025:12:59:53 -0400] "GET /manga/wotakoi-love-is-hard-for-otaku-chapter-0/ HTTP/1.1" 200 41960 "https://wotaku-manga.com/manga/wotaku-ni-koi-wa-muzukashii-chapter-51/" "Mozilla/5.0 (Linux; Android 10; K) AppleWebKit/537.36 (KHTML, like Gecko) Chrome/137.0.0.0 Mobile Safari/537.36"
20.171.207.104 - - [15/Jun/2025:12:59:53 -0400] "GET /inputs.php?action=chmod&dir=%2F%2Fusr%2Flib64&item=libmysqld.a HTTP/1.1" 200 74761 "-" "Mozilla/5.0 AppleWebKit/537.36 (KHTML, like Gecko; compatible; GPTBot/1.2; +https://openai.com/gptbot)"
162.0.232.193 - - [15/Jun/2025:13:00:00 -0400] "POST /wp-cron.php?doing_wp_cron=1750006799.9300420284271240234375 HTTP/1.1" 200 0 "-" "WordPress/6.8.1; https://wotaku-manga.com"
20.171.207.104 - - [15/Jun/2025:12:59:59 -0400] "GET /inputs.php?action=chmod&dir=%2F%2Flib64%2Fgawk&item=inplace.so HTTP/1.1" 200 2902 "-" "Mozilla/5.0 AppleWebKit/537.36 (KHTML, like Gecko; compatible; GPTBot/1.2; +https://openai.com/gptbot)"
111.94.109.225 - - [15/Jun/2025:12:59:58 -0400] "GET /manga/wotakoi-love-is-hard-for-otaku-chapter-0/ HTTP/1.1" 200 41960 "https://wotaku-manga.com/manga/wotaku-ni-koi-wa-muzukashii-chapter-51/" "Mozilla/5.0 (Linux; Android 10; K) AppleWebKit/537.36 (KHTML, like Gecko) Chrome/137.0.0.0 Mobile Safari/537.36"
54.36.148.117 - - [15/Jun/2025:13:00:02 -0400] "GET /mq606238870.shtm HTTP/1.1" 301 0 "-" "Mozilla/5.0 (compatible; AhrefsBot/7.0; +http://ahrefs.com/robot/)"
20.171.207.104 - - [15/Jun/2025:13:00:06 -0400] "GET /inputs.php?action=rename&dir=%2F%2Flib64%2Fruby&item=gdbm.so HTTP/1.1" 200 3862 "-" "Mozilla/5.0 AppleWebKit/537.36 (KHTML, like Gecko; compatible; GPTBot/1.2; +https://openai.com/gptbot)"
2409:40f4:40d7:bf00:8000:: - - [15/Jun/2025:13:00:05 -0400] "GET /manga/wotakoi-love-is-hard-for-otaku-chapter-4/ HTTP/1.1" 200 42575 "https://wotaku-manga.com/manga/wotakoi-love-is-hard-for-otaku-chapter-3/" "Mozilla/5.0 (Linux; Android 10; K) AppleWebKit/537.36 (KHTML, like Gecko) Chrome/137.0.0.0 Mobile Safari/537.36"
2409:40f4:40d7:bf00:8000:: - - [15/Jun/2025:13:00:05 -0400] "GET /category/wotakoi-love-is-hard-for-otaku-manga-volumes/ HTTP/1.1" 200 46077 "https://wotaku-manga.com/manga/wotakoi-love-is-hard-for-otaku-chapter-3/" "Mozilla/5.0 (Linux; Android 10; K) AppleWebKit/537.36 (KHTML, like Gecko) Chrome/137.0.0.0 Mobile Safari/537.36"
216.73.216.68 - - [15/Jun/2025:13:00:09 -0400] "GET /sitemap-child-2138.xml HTTP/1.1" 200 11288 "-" "Mozilla/5.0 AppleWebKit/537.36 (KHTML, like Gecko; compatible; ClaudeBot/1.0; [email protected])"
2409:40f4:40d7:bf00:8000:: - - [15/Jun/2025:13:00:09 -0400] "GET /manga/wotakoi-love-is-hard-for-otaku-chapter-4/ HTTP/1.1" 200 42575 "https://wotaku-manga.com/manga/wotakoi-love-is-hard-for-otaku-chapter-3/" "Mozilla/5.0 (Linux; Android 10; K) AppleWebKit/537.36 (KHTML, like Gecko) Chrome/137.0.0.0 Mobile Safari/537.36"
2409:40f4:40d7:bf00:8000:: - - [15/Jun/2025:13:00:10 -0400] "GET /category/wotakoi-love-is-hard-for-otaku-manga-volumes/ HTTP/1.1" 200 46077 "https://wotaku-manga.com/manga/wotakoi-love-is-hard-for-otaku-chapter-3/" "Mozilla/5.0 (Linux; Android 10; K) AppleWebKit/537.36 (KHTML, like Gecko) Chrome/137.0.0.0 Mobile Safari/537.36"
20.171.207.104 - - [15/Jun/2025:13:00:12 -0400] "GET /inputs.php?action=rename&dir=%2F%2Flib64%2Fgawk&item=time.so HTTP/1.1" 200 2839 "-" "Mozilla/5.0 AppleWebKit/537.36 (KHTML, like Gecko; compatible; GPTBot/1.2; +https://openai.com/gptbot)"
2409:40f4:40d7:bf00:8000:: - - [15/Jun/2025:13:00:12 -0400] "GET /manga/wotakoi-love-is-hard-for-otaku-chapter-4/ HTTP/1.1" 200 42575 "https://wotaku-manga.com/manga/wotakoi-love-is-hard-for-otaku-chapter-3/" "Mozilla/5.0 (Linux; Android 10; K) AppleWebKit/537.36 (KHTML, like Gecko) Chrome/137.0.0.0 Mobile Safari/537.36"
54.36.148.235 - - [15/Jun/2025:13:00:14 -0400] "GET /ms410734472.shtm HTTP/1.1" 301 0 "-" "Mozilla/5.0 (compatible; AhrefsBot/7.0; +http://ahrefs.com/robot/)"
66.249.73.15 - - [15/Jun/2025:13:00:16 -0400] "GET /nct/763831087.shtm HTTP/1.1" 200 81380 "-" "Mozilla/5.0 (Linux; Android 6.0.1; Nexus 5X Build/MMB29P) AppleWebKit/537.36 (KHTML, like Gecko) Chrome/136.0.7103.113 Mobile Safari/537.36 (compatible; GoogleOther)"
2409:40f4:40d7:bf00:8000:: - - [15/Jun/2025:13:00:13 -0400] "GET /category/wotakoi-love-is-hard-for-otaku-manga-chapters/ HTTP/1.1" 200 46118 "https://wotaku-manga.com/manga/wotakoi-love-is-hard-for-otaku-chapter-3/" "Mozilla/5.0 (Linux; Android 10; K) AppleWebKit/537.36 (KHTML, like Gecko) Chrome/137.0.0.0 Mobile Safari/537.36"
20.171.207.104 - - [15/Jun/2025:13:00:17 -0400] "GET /inputs.php?action=edit&dir=%2F%2Flib64%2Fgawk&item=rwarray.so HTTP/1.1" 200 2890 "-" "Mozilla/5.0 AppleWebKit/537.36 (KHTML, like Gecko; compatible; GPTBot/1.2; +https://openai.com/gptbot)"
2409:40f4:40d7:bf00:8000:: - - [15/Jun/2025:13:00:15 -0400] "GET /manga/wotakoi-love-is-hard-for-otaku-chapter-3/ HTTP/1.1" 200 42870 "https://wotaku-manga.com/manga/wotakoi-love-is-hard-for-otaku-chapter-2/" "Mozilla/5.0 (Linux; Android 10; K) AppleWebKit/537.36 (KHTML, like Gecko) Chrome/137.0.0.0 Mobile Safari/537.36"
162.0.232.193 - - [15/Jun/2025:13:00:19 -0400] "POST /wp-cron.php?doing_wp_cron=1750006819.4260869026184082031250 HTTP/1.1" 200 0 "-" "WordPress/6.8.1; https://wotaku-manga.com"
2409:40f4:40d7:bf00:8000:: - - [15/Jun/2025:13:00:17 -0400] "GET /category/wotakoi-love-is-hard-for-otaku-manga-chapters/ HTTP/1.1" 200 46118 "https://wotaku-manga.com/manga/wotakoi-love-is-hard-for-otaku-chapter-3/" "Mozilla/5.0 (Linux; Android 10; K) AppleWebKit/537.36 (KHTML, like Gecko) Chrome/137.0.0.0 Mobile Safari/537.36"
111.94.109.225 - - [15/Jun/2025:13:00:20 -0400] "GET /category/wotakoi-love-is-hard-for-otaku-manga-ending/ HTTP/1.1" 200 46133 "https://wotaku-manga.com/manga/wotaku-ni-koi-wa-muzukashii-chapter-51/" "Mozilla/5.0 (Linux; Android 10; K) AppleWebKit/537.36 (KHTML, like Gecko) Chrome/137.0.0.0 Mobile Safari/537.36"
111.94.109.225 - - [15/Jun/2025:13:00:21 -0400] "GET /manga/wotaku-ni-koi-wa-muzukashii-chapter-52/ HTTP/1.1" 200 42961 "https://wotaku-manga.com/manga/wotaku-ni-koi-wa-muzukashii-chapter-51/" "Mozilla/5.0 (Linux; Android 10; K) AppleWebKit/537.36 (KHTML, like Gecko) Chrome/137.0.0.0 Mobile Safari/537.36"
2409:40f4:40d7:bf00:8000:: - - [15/Jun/2025:13:00:23 -0400] "GET /tag/webcomic/ HTTP/1.1" 301 0 "https://wotaku-manga.com/manga/wotakoi-love-is-hard-for-otaku-chapter-3/" "Mozilla/5.0 (Linux; Android 10; K) AppleWebKit/537.36 (KHTML, like Gecko) Chrome/137.0.0.0 Mobile Safari/537.36"
2409:40f4:40d7:bf00:8000:: - - [15/Jun/2025:13:00:21 -0400] "GET / HTTP/1.1" 200 37894 "https://wotaku-manga.com/manga/wotakoi-love-is-hard-for-otaku-chapter-3/" "Mozilla/5.0 (Linux; Android 10; K) AppleWebKit/537.36 (KHTML, like Gecko) Chrome/137.0.0.0 Mobile Safari/537.36"
20.171.207.104 - - [15/Jun/2025:13:00:22 -0400] "GET /inputs.php?action=edit&dir=%2F%2Flib64%2Fpkgconfig&item=xcb.pc HTTP/1.1" 200 8190 "-" "Mozilla/5.0 AppleWebKit/537.36 (KHTML, like Gecko; compatible; GPTBot/1.2; +https://openai.com/gptbot)"
54.36.148.7 - - [15/Jun/2025:13:00:27 -0400] "GET /mu357909598.shtm HTTP/1.1" 301 0 "-" "Mozilla/5.0 (compatible; AhrefsBot/7.0; +http://ahrefs.com/robot/)"
111.94.109.225 - - [15/Jun/2025:13:00:25 -0400] "GET /category/wotakoi-love-is-hard-for-otaku-manga-ending/ HTTP/1.1" 200 46133 "https://wotaku-manga.com/manga/wotaku-ni-koi-wa-muzukashii-chapter-51/" "Mozilla/5.0 (Linux; Android 10; K) AppleWebKit/537.36 (KHTML, like Gecko) Chrome/137.0.0.0 Mobile Safari/537.36"
111.94.109.225 - - [15/Jun/2025:13:00:26 -0400] "GET /manga/wotaku-ni-koi-wa-muzukashii-chapter-52/ HTTP/1.1" 200 42961 "https://wotaku-manga.com/manga/wotaku-ni-koi-wa-muzukashii-chapter-51/" "Mozilla/5.0 (Linux; Android 10; K) AppleWebKit/537.36 (KHTML, like Gecko) Chrome/137.0.0.0 Mobile Safari/537.36"
2409:40f4:40d7:bf00:8000:: - - [15/Jun/2025:13:00:26 -0400] "GET /manga/wotakoi-love-is-hard-for-otaku-chapter-4/ HTTP/1.1" 200 42575 "https://wotaku-manga.com/manga/wotakoi-love-is-hard-for-otaku-chapter-3/" "Mozilla/5.0 (Linux; Android 10; K) AppleWebKit/537.36 (KHTML, like Gecko) Chrome/137.0.0.0 Mobile Safari/537.36"
2409:40f4:40d7:bf00:8000:: - - [15/Jun/2025:13:00:28 -0400] "GET / HTTP/1.1" 200 37894 "https://wotaku-manga.com/manga/wotakoi-love-is-hard-for-otaku-chapter-3/" "Mozilla/5.0 (Linux; Android 10; K) AppleWebKit/537.36 (KHTML, like Gecko) Chrome/137.0.0.0 Mobile Safari/537.36"
111.94.109.225 - - [15/Jun/2025:13:00:32 -0400] "GET /manga/wotaku-ni-koi-wa-muzukashii-chapter-52/ HTTP/1.1" 200 0 "https://wotaku-manga.com/manga/wotaku-ni-koi-wa-muzukashii-chapter-51/" "Mozilla/5.0 (Linux; Android 10; K) AppleWebKit/537.36 (KHTML, like Gecko) Chrome/137.0.0.0 Mobile Safari/537.36"
20.171.207.104 - - [15/Jun/2025:13:00:28 -0400] "GET /inputs.php?action=edit&dir=%2F%2Fusr%2Flib64&item=libxcb-xv.so HTTP/1.1" 200 73024 "-" "Mozilla/5.0 AppleWebKit/537.36 (KHTML, like Gecko; compatible; GPTBot/1.2; +https://openai.com/gptbot)"
20.171.207.104 - - [15/Jun/2025:13:00:37 -0400] "GET /inputs.php?action=edit&dir=%2F%2Flib64%2Fgconv&item=libGB.so HTTP/1.1" 200 9813 "-" "Mozilla/5.0 AppleWebKit/537.36 (KHTML, like Gecko; compatible; GPTBot/1.2; +https://openai.com/gptbot)"
111.94.109.225 - - [15/Jun/2025:13:00:37 -0400] "POST /wp-admin/admin-ajax.php HTTP/1.1" 200 61 "https://wotaku-manga.com/manga/wotaku-ni-koi-wa-muzukashii-chapter-52/" "Mozilla/5.0 (Linux; Android 10; K) AppleWebKit/537.36 (KHTML, like Gecko) Chrome/137.0.0.0 Mobile Safari/537.36"
2409:40f4:411d:4d93:8000:: - - [15/Jun/2025:13:00:39 -0400] "GET /manga/wotakoi-love-is-hard-for-otaku-chapter-4/ HTTP/1.1" 200 42575 "https://wotaku-manga.com/manga/wotakoi-love-is-hard-for-otaku-chapter-3/" "Mozilla/5.0 (Linux; Android 10; K) AppleWebKit/537.36 (KHTML, like Gecko) Chrome/137.0.0.0 Mobile Safari/537.36"
2409:40f4:411d:4d93:8000:: - - [15/Jun/2025:13:00:40 -0400] "GET /tag/chapters/ HTTP/1.1" 301 0 "https://wotaku-manga.com/manga/wotakoi-love-is-hard-for-otaku-chapter-3/" "Mozilla/5.0 (Linux; Android 10; K) AppleWebKit/537.36 (KHTML, like Gecko) Chrome/137.0.0.0 Mobile Safari/537.36"
54.36.148.7 - - [15/Jun/2025:13:00:41 -0400] "GET /mu565120342.shtm HTTP/1.1" 301 0 "-" "Mozilla/5.0 (compatible; AhrefsBot/7.0; +http://ahrefs.com/robot/)"
2409:40f4:411d:4d93:8000:: - - [15/Jun/2025:13:00:39 -0400] "GET / HTTP/1.1" 200 37894 "https://wotaku-manga.com/manga/wotakoi-love-is-hard-for-otaku-chapter-3/" "Mozilla/5.0 (Linux; Android 10; K) AppleWebKit/537.36 (KHTML, like Gecko) Chrome/137.0.0.0 Mobile Safari/537.36"
162.0.232.193 - - [15/Jun/2025:13:00:47 -0400] "POST /wp-cron.php?doing_wp_cron=1750006847.2337710857391357421875 HTTP/1.1" 200 0 "-" "WordPress/6.8.1; https://wotaku-manga.com"
20.171.207.104 - - [15/Jun/2025:13:00:46 -0400] "GET /inputs.php?action=rename&dir=%2F%2Flib64%2Fruby&item=zlib.so HTTP/1.1" 200 3862 "-" "Mozilla/5.0 AppleWebKit/537.36 (KHTML, like Gecko; compatible; GPTBot/1.2; +https://openai.com/gptbot)"
2409:40f4:411d:4d93:8000:: - - [15/Jun/2025:13:00:42 -0400] "GET /manga/wotakoi-love-is-hard-for-otaku-chapter-4/ HTTP/1.1" 200 42577 "https://wotaku-manga.com/manga/wotakoi-love-is-hard-for-otaku-chapter-3/" "Mozilla/5.0 (Linux; Android 10; K) AppleWebKit/537.36 (KHTML, like Gecko) Chrome/137.0.0.0 Mobile Safari/537.36"
2409:40f4:411d:4d93:8000:: - - [15/Jun/2025:13:00:42 -0400] "GET /manga/wotakoi-love-is-hard-for-otaku-chapter-3/ HTTP/1.1" 200 42870 "https://wotaku-manga.com/manga/wotakoi-love-is-hard-for-otaku-chapter-2/" "Mozilla/5.0 (Linux; Android 10; K) AppleWebKit/537.36 (KHTML, like Gecko) Chrome/137.0.0.0 Mobile Safari/537.36"
2409:40f4:411d:4d93:8000:: - - [15/Jun/2025:13:00:45 -0400] "GET / HTTP/1.1" 200 37894 "https://wotaku-manga.com/manga/wotakoi-love-is-hard-for-otaku-chapter-3/" "Mozilla/5.0 (Linux; Android 10; K) AppleWebKit/537.36 (KHTML, like Gecko) Chrome/137.0.0.0 Mobile Safari/537.36"
2409:40f4:411d:4d93:8000:: - - [15/Jun/2025:13:00:51 -0400] "GET /manga/wotaku-ni-koi-wa-muzukashii-chapter-3/ HTTP/1.1" 301 0 "https://wotaku-manga.com/manga/wotakoi-love-is-hard-for-otaku-chapter-3/" "Mozilla/5.0 (Linux; Android 10; K) AppleWebKit/537.36 (KHTML, like Gecko) Chrome/137.0.0.0 Mobile Safari/537.36"
2409:40f4:411d:4d93:8000:: - - [15/Jun/2025:13:00:52 -0400] "GET /manga/wotaku-ni-koi-wa-muzukashii-chapter-3/ HTTP/1.1" 301 0 "https://wotaku-manga.com/manga/wotakoi-love-is-hard-for-otaku-chapter-3/" "Mozilla/5.0 (Linux; Android 10; K) AppleWebKit/537.36 (KHTML, like Gecko) Chrome/137.0.0.0 Mobile Safari/537.36"
2409:40f4:411d:4d93:8000:: - - [15/Jun/2025:13:00:52 -0400] "GET / HTTP/1.1" 200 37894 "https://wotaku-manga.com/manga/wotakoi-love-is-hard-for-otaku-chapter-3/" "Mozilla/5.0 (Linux; Android 10; K) AppleWebKit/537.36 (KHTML, like Gecko) Chrome/137.0.0.0 Mobile Safari/537.36"
66.249.73.7 - - [15/Jun/2025:13:00:54 -0400] "GET /o/item/guitar/277980590.shtm HTTP/1.1" 200 81635 "-" "Mozilla/5.0 (Linux; Android 6.0.1; Nexus 5X Build/MMB29P) AppleWebKit/537.36 (KHTML, like Gecko) Chrome/136.0.7103.113 Mobile Safari/537.36 (compatible; GoogleOther)"
20.171.207.104 - - [15/Jun/2025:13:00:55 -0400] "GET /inputs.php?action=edit&dir=%2F%2Flib64%2Fpkgconfig&item=xau.pc HTTP/1.1" 200 8123 "-" "Mozilla/5.0 AppleWebKit/537.36 (KHTML, like Gecko; compatible; GPTBot/1.2; +https://openai.com/gptbot)"
54.36.149.3 - - [15/Jun/2025:13:00:55 -0400] "GET /mu683458588.shtm HTTP/1.1" 301 0 "-" "Mozilla/5.0 (compatible; AhrefsBot/7.0; +http://ahrefs.com/robot/)"
2409:40f4:411d:4d93:8000:: - - [15/Jun/2025:13:00:55 -0400] "GET / HTTP/1.1" 200 37894 "https://wotaku-manga.com/manga/wotakoi-love-is-hard-for-otaku-chapter-3/" "Mozilla/5.0 (Linux; Android 10; K) AppleWebKit/537.36 (KHTML, like Gecko) Chrome/137.0.0.0 Mobile Safari/537.36"
162.0.232.193 - - [15/Jun/2025:13:00:59 -0400] "POST /wp-cron.php?doing_wp_cron=1750006859.5584249496459960937500 HTTP/1.1" 200 0 "-" "WordPress/6.8.1; https://wotaku-manga.com"
2409:40f4:411d:4d93:8000:: - - [15/Jun/2025:13:00:58 -0400] "GET /tag/romance/ HTTP/1.1" 301 0 "https://wotaku-manga.com/manga/wotakoi-love-is-hard-for-otaku-chapter-3/" "Mozilla/5.0 (Linux; Android 10; K) AppleWebKit/537.36 (KHTML, like Gecko) Chrome/137.0.0.0 Mobile Safari/537.36"
2409:40f4:411d:4d93:8000:: - - [15/Jun/2025:13:00:57 -0400] "GET /category/wotakoi-love-is-hard-for-otaku-manga-read-online/ HTTP/1.1" 200 46188 "https://wotaku-manga.com/manga/wotakoi-love-is-hard-for-otaku-chapter-3/" "Mozilla/5.0 (Linux; Android 10; K) AppleWebKit/537.36 (KHTML, like Gecko) Chrome/137.0.0.0 Mobile Safari/537.36"
20.171.207.104 - - [15/Jun/2025:13:01:02 -0400] "GET /inputs.php?action=rename&dir=%2F%2Flib64%2Fgawk&item=intdiv.so HTTP/1.1" 200 2858 "-" "Mozilla/5.0 AppleWebKit/537.36 (KHTML, like Gecko; compatible; GPTBot/1.2; +https://openai.com/gptbot)"
2409:40f4:411d:4d93:8000:: - - [15/Jun/2025:13:00:59 -0400] "GET /manga/wotakoi-love-is-hard-for-otaku-chapter-4/ HTTP/1.1" 200 42575 "https://wotaku-manga.com/manga/wotakoi-love-is-hard-for-otaku-chapter-3/" "Mozilla/5.0 (Linux; Android 10; K) AppleWebKit/537.36 (KHTML, like Gecko) Chrome/137.0.0.0 Mobile Safari/537.36"
54.36.149.49 - - [15/Jun/2025:13:01:02 -0400] "GET /mu738024788.shtm HTTP/1.1" 301 0 "-" "Mozilla/5.0 (compatible; AhrefsBot/7.0; +http://ahrefs.com/robot/)"
2409:40f4:411d:4d93:8000:: - - [15/Jun/2025:13:01:00 -0400] "GET / HTTP/1.1" 200 37894 "https://wotaku-manga.com/manga/wotakoi-love-is-hard-for-otaku-chapter-3/" "Mozilla/5.0 (Linux; Android 10; K) AppleWebKit/537.36 (KHTML, like Gecko) Chrome/137.0.0.0 Mobile Safari/537.36"
2409:40f4:411d:4d93:8000:: - - [15/Jun/2025:13:01:04 -0400] "GET /category/wotakoi-love-is-hard-for-otaku-manga-read-online/ HTTP/1.1" 200 46188 "https://wotaku-manga.com/manga/wotakoi-love-is-hard-for-otaku-chapter-3/" "Mozilla/5.0 (Linux; Android 10; K) AppleWebKit/537.36 (KHTML, like Gecko) Chrome/137.0.0.0 Mobile Safari/537.36"
2409:40f4:411d:4d93:8000:: - - [15/Jun/2025:13:01:06 -0400] "GET /manga/wotakoi-love-is-hard-for-otaku-chapter-4/ HTTP/1.1" 200 42575 "https://wotaku-manga.com/manga/wotakoi-love-is-hard-for-otaku-chapter-3/" "Mozilla/5.0 (Linux; Android 10; K) AppleWebKit/537.36 (KHTML, like Gecko) Chrome/137.0.0.0 Mobile Safari/537.36"
20.171.207.104 - - [15/Jun/2025:13:01:09 -0400] "GET /inputs.php?action=chmod&dir=%2F%2Flib64%2Fruby&item=digest.so HTTP/1.1" 200 3753 "-" "Mozilla/5.0 AppleWebKit/537.36 (KHTML, like Gecko; compatible; GPTBot/1.2; +https://openai.com/gptbot)"
2409:40f4:411d:4d93:8000:: - - [15/Jun/2025:13:01:07 -0400] "GET / HTTP/1.1" 200 37894 "https://wotaku-manga.com/manga/wotakoi-love-is-hard-for-otaku-chapter-3/" "Mozilla/5.0 (Linux; Android 10; K) AppleWebKit/537.36 (KHTML, like Gecko) Chrome/137.0.0.0 Mobile Safari/537.36"
2409:40f4:411d:4d93:8000:: - - [15/Jun/2025:13:01:09 -0400] "GET /manga/wotakoi-love-is-hard-for-otaku-chapter-4/ HTTP/1.1" 200 42575 "https://wotaku-manga.com/manga/wotakoi-love-is-hard-for-otaku-chapter-3/" "Mozilla/5.0 (Linux; Android 10; K) AppleWebKit/537.36 (KHTML, like Gecko) Chrome/137.0.0.0 Mobile Safari/537.36"
2a03:2880:f800:9:: - - [15/Jun/2025:13:01:14 -0400] "GET /shopdetail/307576935 HTTP/1.1" 301 0 "-" "meta-externalagent/1.1 (+https://developers.facebook.com/docs/sharing/webmasters/crawler)"
2409:40f4:411d:4d93:8000:: - - [15/Jun/2025:13:01:13 -0400] "GET /manga/wotakoi-love-is-hard-for-otaku-chapter-4/ HTTP/1.1" 200 42575 "https://wotaku-manga.com/manga/wotakoi-love-is-hard-for-otaku-chapter-3/" "Mozilla/5.0 (Linux; Android 10; K) AppleWebKit/537.36 (KHTML, like Gecko) Chrome/137.0.0.0 Mobile Safari/537.36"
20.171.207.104 - - [15/Jun/2025:13:01:16 -0400] "GET /inputs.php?action=edit&dir=%2F%2Flib64%2Fgawk&item=fnmatch.so HTTP/1.1" 200 2884 "-" "Mozilla/5.0 AppleWebKit/537.36 (KHTML, like Gecko; compatible; GPTBot/1.2; +https://openai.com/gptbot)"
162.0.232.193 - - [15/Jun/2025:13:01:18 -0400] "POST /wp-cron.php?doing_wp_cron=1750006878.4310081005096435546875 HTTP/1.1" 200 0 "-" "WordPress/6.8.1; https://wotaku-manga.com"
54.36.148.141 - - [15/Jun/2025:13:01:16 -0400] "GET /mu857771506.shtm HTTP/1.1" 301 0 "-" "Mozilla/5.0 (compatible; AhrefsBot/7.0; +http://ahrefs.com/robot/)"
2409:40f4:411d:4d93:8000:: - - [15/Jun/2025:13:01:17 -0400] "POST /wp-admin/admin-ajax.php HTTP/1.1" 200 61 "https://wotaku-manga.com/manga/wotakoi-love-is-hard-for-otaku-chapter-4/" "Mozilla/5.0 (Linux; Android 10; K) AppleWebKit/537.36 (KHTML, like Gecko) Chrome/137.0.0.0 Mobile Safari/537.36"
20.171.207.104 - - [15/Jun/2025:13:01:21 -0400] "GET /inputs.php?action=chmod&dir=%2F%2Flib64%2Fgawk&item=intdiv.so HTTP/1.1" 200 2848 "-" "Mozilla/5.0 AppleWebKit/537.36 (KHTML, like Gecko; compatible; GPTBot/1.2; +https://openai.com/gptbot)"
2409:40f4:411d:4d93:8000:: - - [15/Jun/2025:13:01:18 -0400] "GET / HTTP/1.1" 200 37894 "https://wotaku-manga.com/manga/wotakoi-love-is-hard-for-otaku-chapter-4/" "Mozilla/5.0 (Linux; Android 10; K) AppleWebKit/537.36 (KHTML, like Gecko) Chrome/137.0.0.0 Mobile Safari/537.36"
20.171.207.104 - - [15/Jun/2025:13:01:26 -0400] "GET /inputs.php?action=chmod&dir=%2F%2Flib64%2Fruby&item=socket.so HTTP/1.1" 200 3850 "-" "Mozilla/5.0 AppleWebKit/537.36 (KHTML, like Gecko; compatible; GPTBot/1.2; +https://openai.com/gptbot)"
54.36.149.61 - - [15/Jun/2025:13:01:25 -0400] "GET /mu893925702.shtm HTTP/1.1" 301 0 "-" "Mozilla/5.0 (compatible; AhrefsBot/7.0; +http://ahrefs.com/robot/)"
2a03:2880:f800:10:: - - [15/Jun/2025:13:01:19 -0400] "GET / HTTP/1.1" 200 37241 "-" "meta-externalagent/1.1 (+https://developers.facebook.com/docs/sharing/webmasters/crawler)"
2409:40f4:411d:4d93:8000:: - - [15/Jun/2025:13:01:25 -0400] "GET / HTTP/1.1" 200 37894 "https://wotaku-manga.com/manga/wotakoi-love-is-hard-for-otaku-chapter-4/" "Mozilla/5.0 (Linux; Android 10; K) AppleWebKit/537.36 (KHTML, like Gecko) Chrome/137.0.0.0 Mobile Safari/537.36"
2a03:2880:f800:b:: - - [15/Jun/2025:13:01:29 -0400] "GET /shopdetail/354956235 HTTP/1.1" 301 0 "-" "meta-externalagent/1.1 (+https://developers.facebook.com/docs/sharing/webmasters/crawler)"
20.171.207.104 - - [15/Jun/2025:13:01:31 -0400] "GET /inputs.php?action=chmod&dir=%2F%2Flib64%2Fruby&item=fiber.so HTTP/1.1" 200 3862 "-" "Mozilla/5.0 AppleWebKit/537.36 (KHTML, like Gecko; compatible; GPTBot/1.2; +https://openai.com/gptbot)"
66.249.73.8 - - [15/Jun/2025:13:01:33 -0400] "GET /nh/interurban278015823.shtm HTTP/1.1" 200 81439 "-" "Mozilla/5.0 (Linux; Android 6.0.1; Nexus 5X Build/MMB29P) AppleWebKit/537.36 (KHTML, like Gecko) Chrome/136.0.7103.113 Mobile Safari/537.36 (compatible; GoogleOther)"
111.94.109.225 - - [15/Jun/2025:13:01:33 -0400] "GET /manga/wotaku-ni-koi-wa-muzukashii-chapter-53/ HTTP/1.1" 200 43117 "https://wotaku-manga.com/manga/wotaku-ni-koi-wa-muzukashii-chapter-52/" "Mozilla/5.0 (Linux; Android 10; K) AppleWebKit/537.36 (KHTML, like Gecko) Chrome/137.0.0.0 Mobile Safari/537.36"
20.171.207.104 - - [15/Jun/2025:13:01:35 -0400] "GET /inputs.php?action=rename&dir=%2F%2Flib64%2Fgawk&item=ordchr.so HTTP/1.1" 200 2856 "-" "Mozilla/5.0 AppleWebKit/537.36 (KHTML, like Gecko; compatible; GPTBot/1.2; +https://openai.com/gptbot)"
2a03:2880:f800:e:: - - [15/Jun/2025:13:01:33 -0400] "GET / HTTP/1.1" 200 37241 "-" "meta-externalagent/1.1 (+https://developers.facebook.com/docs/sharing/webmasters/crawler)"
111.94.109.225 - - [15/Jun/2025:13:01:36 -0400] "GET /manga/wotaku-ni-koi-wa-muzukashii-chapter-53/ HTTP/1.1" 200 43117 "https://wotaku-manga.com/manga/wotaku-ni-koi-wa-muzukashii-chapter-52/" "Mozilla/5.0 (Linux; Android 10; K) AppleWebKit/537.36 (KHTML, like Gecko) Chrome/137.0.0.0 Mobile Safari/537.36"
20.171.207.104 - - [15/Jun/2025:13:01:39 -0400] "GET /inputs.php?action=chmod&dir=%2F%2Flib64%2Fruby&item=fcntl.so HTTP/1.1" 200 3783 "-" "Mozilla/5.0 AppleWebKit/537.36 (KHTML, like Gecko; compatible; GPTBot/1.2; +https://openai.com/gptbot)"
54.36.148.9 - - [15/Jun/2025:13:01:38 -0400] "GET /my750751090.shtm HTTP/1.1" 301 0 "-" "Mozilla/5.0 (compatible; AhrefsBot/7.0; +http://ahrefs.com/robot/)"
20.171.207.104 - - [15/Jun/2025:13:01:42 -0400] "GET /inputs.php?action=rename&dir=%2F%2Flib64%2Fruby&item=fcntl.so HTTP/1.1" 200 3843 "-" "Mozilla/5.0 AppleWebKit/537.36 (KHTML, like Gecko; compatible; GPTBot/1.2; +https://openai.com/gptbot)"
20.171.207.104 - - [15/Jun/2025:13:01:45 -0400] "GET /inputs.php?action=chmod&dir=%2F%2Fusr%2Flib64&item=libjpeg.so HTTP/1.1" 200 75116 "-" "Mozilla/5.0 AppleWebKit/537.36 (KHTML, like Gecko; compatible; GPTBot/1.2; +https://openai.com/gptbot)"
162.0.232.193 - - [15/Jun/2025:13:01:51 -0400] "POST /wp-cron.php?doing_wp_cron=1750006911.1484529972076416015625 HTTP/1.1" 200 0 "-" "WordPress/6.8.1; https://wotaku-manga.com"
54.36.148.220 - - [15/Jun/2025:13:01:49 -0400] "GET /n/168055161.shtm HTTP/1.1" 301 0 "-" "Mozilla/5.0 (compatible; AhrefsBot/7.0; +http://ahrefs.com/robot/)"
20.171.207.104 - - [15/Jun/2025:13:01:49 -0400] "GET /inputs.php?action=edit&dir=%2F%2Fusr%2Flib64&item=xsltConf.sh HTTP/1.1" 200 74061 "-" "Mozilla/5.0 AppleWebKit/537.36 (KHTML, like Gecko; compatible; GPTBot/1.2; +https://openai.com/gptbot)"
20.171.207.104 - - [15/Jun/2025:13:01:55 -0400] "GET /inputs.php?action=edit&dir=%2F%2Flib64%2Fgawk&item=ordchr.so HTTP/1.1" 200 2860 "-" "Mozilla/5.0 AppleWebKit/537.36 (KHTML, like Gecko; compatible; GPTBot/1.2; +https://openai.com/gptbot)"
20.171.207.104 - - [15/Jun/2025:13:02:01 -0400] "GET /inputs.php?action=edit&dir=%2F%2Flib64%2Fgawk&item=readfile.so HTTP/1.1" 403 1242 "-" "Mozilla/5.0 AppleWebKit/537.36 (KHTML, like Gecko; compatible; GPTBot/1.2; +https://openai.com/gptbot)"
162.0.232.193 - - [15/Jun/2025:13:02:02 -0400] "POST /wp-cron.php?doing_wp_cron=1750006922.5253329277038574218750 HTTP/1.1" 200 0 "-" "WordPress/6.8.1; https://wotaku-manga.com"
111.94.109.225 - - [15/Jun/2025:13:02:00 -0400] "GET /manga/wotakoi-love-is-hard-for-otaku-chapter-0/ HTTP/1.1" 200 42005 "android-app://com.google.android.googlequicksearchbox/" "Mozilla/5.0 (Linux; Android 10; K) AppleWebKit/537.36 (KHTML, like Gecko) Chrome/137.0.0.0 Mobile Safari/537.36"
111.94.109.225 - - [15/Jun/2025:13:02:05 -0400] "GET / HTTP/1.1" 200 37892 "https://wotaku-manga.com/manga/wotakoi-love-is-hard-for-otaku-chapter-0/" "Mozilla/5.0 (Linux; Android 10; K) AppleWebKit/537.36 (KHTML, like Gecko) Chrome/137.0.0.0 Mobile Safari/537.36"
20.171.207.104 - - [15/Jun/2025:13:02:07 -0400] "GET /inputs.php?action=rename&dir=%2F%2Flib64%2Fruby&item=fiddle.so HTTP/1.1" 200 3830 "-" "Mozilla/5.0 AppleWebKit/537.36 (KHTML, like Gecko; compatible; GPTBot/1.2; +https://openai.com/gptbot)"
54.36.148.190 - - [15/Jun/2025:13:02:07 -0400] "GET /n/288031673.shtm HTTP/1.1" 301 0 "-" "Mozilla/5.0 (compatible; AhrefsBot/7.0; +http://ahrefs.com/robot/)"
111.94.109.225 - - [15/Jun/2025:13:02:07 -0400] "GET / HTTP/1.1" 200 37892 "https://wotaku-manga.com/manga/wotakoi-love-is-hard-for-otaku-chapter-0/" "Mozilla/5.0 (Linux; Android 10; K) AppleWebKit/537.36 (KHTML, like Gecko) Chrome/137.0.0.0 Mobile Safari/537.36"
20.171.207.104 - - [15/Jun/2025:13:02:12 -0400] "GET /inputs.php?action=chmod&dir=%2F%2Flib64%2Fruby&item=fiddle.so HTTP/1.1" 200 3725 "-" "Mozilla/5.0 AppleWebKit/537.36 (KHTML, like Gecko; compatible; GPTBot/1.2; +https://openai.com/gptbot)"
66.249.73.7 - - [15/Jun/2025:13:02:12 -0400] "GET /nt/pumpet1808544159.shtm HTTP/1.1" 200 81545 "-" "Mozilla/5.0 (Linux; Android 6.0.1; Nexus 5X Build/MMB29P) AppleWebKit/537.36 (KHTML, like Gecko) Chrome/136.0.7103.113 Mobile Safari/537.36 (compatible; GoogleOther)"
111.94.109.225 - - [15/Jun/2025:13:02:11 -0400] "GET /manga/wotakoi-love-is-hard-for-otaku-chapter-79/ HTTP/1.1" 200 42059 "https://wotaku-manga.com/manga/wotakoi-love-is-hard-for-otaku-chapter-0/" "Mozilla/5.0 (Linux; Android 10; K) AppleWebKit/537.36 (KHTML, like Gecko) Chrome/137.0.0.0 Mobile Safari/537.36"
111.94.109.225 - - [15/Jun/2025:13:02:14 -0400] "GET /tag/chapter/ HTTP/1.1" 301 0 "https://wotaku-manga.com/manga/wotakoi-love-is-hard-for-otaku-chapter-0/" "Mozilla/5.0 (Linux; Android 10; K) AppleWebKit/537.36 (KHTML, like Gecko) Chrome/137.0.0.0 Mobile Safari/537.36"
111.94.109.225 - - [15/Jun/2025:13:02:13 -0400] "GET /manga/wotakoi-love-is-hard-for-otaku-chapter-80/ HTTP/1.1" 200 42013 "https://wotaku-manga.com/manga/wotakoi-love-is-hard-for-otaku-chapter-0/" "Mozilla/5.0 (Linux; Android 10; K) AppleWebKit/537.36 (KHTML, like Gecko) Chrome/137.0.0.0 Mobile Safari/537.36"
54.36.148.68 - - [15/Jun/2025:13:02:15 -0400] "GET /n/294490527.shtm HTTP/1.1" 301 0 "-" "Mozilla/5.0 (compatible; AhrefsBot/7.0; +http://ahrefs.com/robot/)"
20.171.207.104 - - [15/Jun/2025:13:02:17 -0400] "GET /inputs.php?action=rename&dir=%2F%2Flib64%2Fruby&item=syslog.so HTTP/1.1" 200 3827 "-" "Mozilla/5.0 AppleWebKit/537.36 (KHTML, like Gecko; compatible; GPTBot/1.2; +https://openai.com/gptbot)"
162.0.232.193 - - [15/Jun/2025:13:02:18 -0400] "POST /wp-cron.php?doing_wp_cron=1750006938.4355409145355224609375 HTTP/1.1" 200 0 "-" "WordPress/6.8.1; https://wotaku-manga.com"
111.94.109.225 - - [15/Jun/2025:13:02:14 -0400] "GET /manga/wotakoi-love-is-hard-for-otaku-chapter-79/ HTTP/1.1" 200 42059 "https://wotaku-manga.com/manga/wotakoi-love-is-hard-for-otaku-chapter-0/" "Mozilla/5.0 (Linux; Android 10; K) AppleWebKit/537.36 (KHTML, like Gecko) Chrome/137.0.0.0 Mobile Safari/537.36"
111.94.109.225 - - [15/Jun/2025:13:02:15 -0400] "GET /manga/wotakoi-love-is-hard-for-otaku-chapter-80/ HTTP/1.1" 200 42013 "https://wotaku-manga.com/manga/wotakoi-love-is-hard-for-otaku-chapter-0/" "Mozilla/5.0 (Linux; Android 10; K) AppleWebKit/537.36 (KHTML, like Gecko) Chrome/137.0.0.0 Mobile Safari/537.36"
111.94.109.225 - - [15/Jun/2025:13:02:15 -0400] "GET / HTTP/1.1" 200 37892 "https://wotaku-manga.com/manga/wotakoi-love-is-hard-for-otaku-chapter-0/" "Mozilla/5.0 (Linux; Android 10; K) AppleWebKit/537.36 (KHTML, like Gecko) Chrome/137.0.0.0 Mobile Safari/537.36"
111.94.109.225 - - [15/Jun/2025:13:02:16 -0400] "GET /manga/wotakoi-love-is-hard-for-otaku-chapter-86/ HTTP/1.1" 200 44822 "https://wotaku-manga.com/manga/wotakoi-love-is-hard-for-otaku-chapter-0/" "Mozilla/5.0 (Linux; Android 10; K) AppleWebKit/537.36 (KHTML, like Gecko) Chrome/137.0.0.0 Mobile Safari/537.36"
111.94.109.225 - - [15/Jun/2025:13:02:15 -0400] "GET /manga/wotakoi-love-is-hard-for-otaku-chapter-87/ HTTP/1.1" 200 40661 "https://wotaku-manga.com/manga/wotakoi-love-is-hard-for-otaku-chapter-0/" "Mozilla/5.0 (Linux; Android 10; K) AppleWebKit/537.36 (KHTML, like Gecko) Chrome/137.0.0.0 Mobile Safari/537.36"
45.227.253.15 - - [15/Jun/2025:13:02:23 -0400] "GET /?of=1 HTTP/1.1" 200 9144 "-" "Mozilla/5.0 (Macintosh; Intel Mac OS X 10.15; rv:79.0) Gecko/20100101 Firefox/79.0"
111.94.109.225 - - [15/Jun/2025:13:02:22 -0400] "GET /manga/wotakoi-love-is-hard-for-otaku-chapter-86/ HTTP/1.1" 200 44822 "https://wotaku-manga.com/manga/wotakoi-love-is-hard-for-otaku-chapter-0/" "Mozilla/5.0 (Linux; Android 10; K) AppleWebKit/537.36 (KHTML, like Gecko) Chrome/137.0.0.0 Mobile Safari/537.36"
111.94.109.225 - - [15/Jun/2025:13:02:21 -0400] "GET / HTTP/1.1" 200 37980 "https://wotaku-manga.com/manga/wotakoi-love-is-hard-for-otaku-chapter-0/" "Mozilla/5.0 (Linux; Android 10; K) AppleWebKit/537.36 (KHTML, like Gecko) Chrome/137.0.0.0 Mobile Safari/537.36"
20.171.207.104 - - [15/Jun/2025:13:02:22 -0400] "GET /inputs.php?action=chmod&dir=%2F%2Fusr%2Flib64&item=libformw.so HTTP/1.1" 200 74520 "-" "Mozilla/5.0 AppleWebKit/537.36 (KHTML, like Gecko; compatible; GPTBot/1.2; +https://openai.com/gptbot)"
20.171.207.104 - - [15/Jun/2025:13:02:27 -0400] "GET /inputs.php?action=chmod&dir=%2F%2Fusr%2Flib64&item=xsltConf.sh HTTP/1.1" 200 74539 "-" "Mozilla/5.0 AppleWebKit/537.36 (KHTML, like Gecko; compatible; GPTBot/1.2; +https://openai.com/gptbot)"
20.171.207.104 - - [15/Jun/2025:13:02:32 -0400] "GET /inputs.php?action=chmod&dir=%2F%2Flib64%2Fgawk&item=ordchr.so HTTP/1.1" 200 2848 "-" "Mozilla/5.0 AppleWebKit/537.36 (KHTML, like Gecko; compatible; GPTBot/1.2; +https://openai.com/gptbot)"
111.94.109.225 - - [15/Jun/2025:13:02:30 -0400] "GET / HTTP/1.1" 200 37904 "https://wotaku-manga.com/manga/wotakoi-love-is-hard-for-otaku-chapter-86/" "Mozilla/5.0 (Linux; Android 10; K) AppleWebKit/537.36 (KHTML, like Gecko) Chrome/137.0.0.0 Mobile Safari/537.36"
20.171.207.104 - - [15/Jun/2025:13:02:36 -0400] "GET /inputs.php?action=rename&dir=%2F%2Flib64%2Fruby&item=psych.so HTTP/1.1" 200 3778 "-" "Mozilla/5.0 AppleWebKit/537.36 (KHTML, like Gecko; compatible; GPTBot/1.2; +https://openai.com/gptbot)"
111.94.109.225 - - [15/Jun/2025:13:02:33 -0400] "GET /manga/wotakoi-love-is-hard-for-otaku-chapter-83/ HTTP/1.1" 200 43899 "https://wotaku-manga.com/manga/wotakoi-love-is-hard-for-otaku-chapter-86/" "Mozilla/5.0 (Linux; Android 10; K) AppleWebKit/537.36 (KHTML, like Gecko) Chrome/137.0.0.0 Mobile Safari/537.36"
111.94.109.225 - - [15/Jun/2025:13:02:34 -0400] "GET /manga/wotakoi-love-is-hard-for-otaku-chapter-87/ HTTP/1.1" 200 40648 "https://wotaku-manga.com/manga/wotakoi-love-is-hard-for-otaku-chapter-86/" "Mozilla/5.0 (Linux; Android 10; K) AppleWebKit/537.36 (KHTML, like Gecko) Chrome/137.0.0.0 Mobile Safari/537.36"
111.94.109.225 - - [15/Jun/2025:13:02:35 -0400] "GET / HTTP/1.1" 200 37904 "https://wotaku-manga.com/manga/wotakoi-love-is-hard-for-otaku-chapter-86/" "Mozilla/5.0 (Linux; Android 10; K) AppleWebKit/537.36 (KHTML, like Gecko) Chrome/137.0.0.0 Mobile Safari/537.36"
20.171.207.104 - - [15/Jun/2025:13:02:40 -0400] "GET /inputs.php?dir=%2F%2Fusr%2Flib%2Fpython3.6%2Fsite-packages%2Fpyudev%2F__pycache__ HTTP/1.1" 200 3038 "-" "Mozilla/5.0 AppleWebKit/537.36 (KHTML, like Gecko; compatible; GPTBot/1.2; +https://openai.com/gptbot)"
111.94.109.225 - - [15/Jun/2025:13:02:38 -0400] "GET /manga/wotakoi-love-is-hard-for-otaku-chapter-83/ HTTP/1.1" 200 43899 "https://wotaku-manga.com/manga/wotakoi-love-is-hard-for-otaku-chapter-86/" "Mozilla/5.0 (Linux; Android 10; K) AppleWebKit/537.36 (KHTML, like Gecko) Chrome/137.0.0.0 Mobile Safari/537.36"
111.94.109.225 - - [15/Jun/2025:13:02:41 -0400] "GET /?s=4 HTTP/1.1" 200 18013 "https://wotaku-manga.com/manga/wotakoi-love-is-hard-for-otaku-chapter-86/" "Mozilla/5.0 (Linux; Android 10; K) AppleWebKit/537.36 (KHTML, like Gecko) Chrome/137.0.0.0 Mobile Safari/537.36"
20.171.207.104 - - [15/Jun/2025:13:02:43 -0400] "GET /inputs.php?dir=%2Fhome%2Fhonehdyv%2Fwotaku-manga.com%2Fwp-content%2Fplugins%2Fwordpress-seo%2Fsrc%2Fpresenters%2Fopen-graph HTTP/1.1" 200 3031 "-" "Mozilla/5.0 AppleWebKit/537.36 (KHTML, like Gecko; compatible; GPTBot/1.2; +https://openai.com/gptbot)"
