66.249.66.76 - - [12/Jun/2025:09:17:14 -0400] "GET /%3EARTFX%20J%20%E5%91%AA%E8%A1%93%E5%BB%BB%E6%88%A6%20%E4%BA%94%E6%9D%A1%20%E6%82%9F%201/8%E3%82%B9%E3%82%B1%E3%83%BC%E3%83%AB%20%3CBR%3EPVC%E8%A3%BD%20%E5%A1%97%E8%A3%85%E6%B8%88%E3%81%BF%20%E5%AE%8C%E6%88%90%E5%93%81%E3%83%95%E3%82%A3%E3%82%AE%E3%83%A5%E3%82%A2%3CBR%3E%3CBR%3E%E3%82%B3%E3%83%88%E3%83%96%E3%82%AD%E3%83%A4%E7%9B%B4%E6%8E%A5%E3%81%AE%E8%B3%BC%E5%85%A5%E5%93%81%E3%81%AB%E3%81%AA%E3%82%8A%E3%81%BE%E3%81%99%E3%80%80%3CBR%3E%E4%B8%AD%E3%81%AE%E7%B4%8D%E5%93%81%E6%9B%B8%E3%82%92%E5%8F%96%E3%81%A3%E3%81%A6%E3%81%AE%E7%99%BA%E9%80%81%E3%81%AB%E3%81%AA%E3%82%8A%E3%81%BE%E3%81%99%E3%80%80%3CBR%3E%E5%88%9D%E6%9C%9F%E4%B8%8D%E8%89%AF%E5%AF%BE%E5%BF%9C%E4%B8%8D%E5%8F%AF%3CBR%3E%E3%81%9D%E3%81%AE%E7%82%BA%E3%81%AE1%E5%86%86%E3%82%B9%E3%82%BF%E3%83%BC%E3%83%88%E3%82%92%3CBR%3E%E3%81%94%E7%90%86%E8%A7%A3%E3%81%AE%E4%B8%8A%E3%82%88%E3%82%8D%E3%81%97%E3%81%8F%E3%81%8A%E9%A1%98%E3%81%84%E3%81%97%E3%81%BE%E3%81%99%20%20%20%20%3C/div%3E%20%20%20%20%3Cdiv%20class= HTTP/1.1" 200 25544 "-" "Googlebot-Image/1.0"
162.0.232.193 - - [12/Jun/2025:09:17:20 -0400] "POST /wp-cron.php?doing_wp_cron=1749734240.1962749958038330078125 HTTP/1.1" 200 0 "-" "WordPress/6.6.2; https://remonster.online"
2a03:2880:f800:4:: - - [12/Jun/2025:09:17:18 -0400] "GET /shopdetail/205122018 HTTP/1.1" 301 0 "-" "meta-externalagent/1.1 (+https://developers.facebook.com/docs/sharing/webmasters/crawler)"
66.249.66.162 - - [12/Jun/2025:09:17:20 -0400] "GET /item/875078506.phtml HTTP/1.1" 200 24004 "-" "Mozilla/5.0 (Linux; Android 6.0.1; Nexus 5X Build/MMB29P) AppleWebKit/537.36 (KHTML, like Gecko) Chrome/136.0.7103.113 Mobile Safari/537.36 (compatible; GoogleOther)"
2a03:2880:f800:9:: - - [12/Jun/2025:09:17:22 -0400] "GET / HTTP/1.1" 200 10845 "-" "meta-externalagent/1.1 (+https://developers.facebook.com/docs/sharing/webmasters/crawler)"
66.249.66.38 - - [12/Jun/2025:09:17:25 -0400] "GET /item/sk/auxins1376285778.phtml HTTP/1.1" 200 23707 "-" "Mozilla/5.0 (Linux; Android 6.0.1; Nexus 5X Build/MMB29P) AppleWebKit/537.36 (KHTML, like Gecko) Chrome/136.0.7103.113 Mobile Safari/537.36 (compatible; GoogleOther)"
31.56.240.149 - - [12/Jun/2025:09:17:26 -0400] "GET / HTTP/1.1" 200 10845 "-" "Mozilla/5.0 (Windows NT 10.0; Win64; x64) AppleWebKit/537.36 (KHTML, like Gecko) Chrome/109.0.0.0 Safari/537.36"
31.56.240.149 - - [12/Jun/2025:09:17:27 -0400] "GET /wp-content/themes/toivo-lite/style.css?ver=1.2.0 HTTP/1.1" 200 13718 "https://remonster.online/" "Mozilla/5.0 (Windows NT 10.0; Win64; x64) AppleWebKit/537.36 (KHTML, like Gecko) Chrome/109.0.0.0 Safari/537.36"
31.56.240.149 - - [12/Jun/2025:09:17:27 -0400] "GET /wp-content/plugins/links-auto-replacer/public/js/lar-public.js?ver=2.0.0 HTTP/1.1" 200 393 "https://remonster.online/" "Mozilla/5.0 (Windows NT 10.0; Win64; x64) AppleWebKit/537.36 (KHTML, like Gecko) Chrome/109.0.0.0 Safari/537.36"
31.56.240.149 - - [12/Jun/2025:09:17:27 -0400] "GET /wp-includes/css/dist/block-library/style.min.css?ver=6.6.2 HTTP/1.1" 200 13903 "https://remonster.online/" "Mozilla/5.0 (Windows NT 10.0; Win64; x64) AppleWebKit/537.36 (KHTML, like Gecko) Chrome/109.0.0.0 Safari/537.36"
31.56.240.149 - - [12/Jun/2025:09:17:27 -0400] "GET /wp-content/plugins/simple-social-buttons/assets/css/front.css?ver=5.3.1 HTTP/1.1" 200 10295 "https://remonster.online/" "Mozilla/5.0 (Windows NT 10.0; Win64; x64) AppleWebKit/537.36 (KHTML, like Gecko) Chrome/109.0.0.0 Safari/537.36"
31.56.240.149 - - [12/Jun/2025:09:17:27 -0400] "GET /wp-content/plugins/widgets-on-pages/public/css/widgets-on-pages-public.css?ver=1.4.0 HTTP/1.1" 200 83 "https://remonster.online/" "Mozilla/5.0 (Windows NT 10.0; Win64; x64) AppleWebKit/537.36 (KHTML, like Gecko) Chrome/109.0.0.0 Safari/537.36"
31.56.240.149 - - [12/Jun/2025:09:17:27 -0400] "GET /wp-content/themes/toivo-lite/fonts/genericons/genericons/genericons.min.css?ver=3.3 HTTP/1.1" 200 15959 "https://remonster.online/" "Mozilla/5.0 (Windows NT 10.0; Win64; x64) AppleWebKit/537.36 (KHTML, like Gecko) Chrome/109.0.0.0 Safari/537.36"
31.56.240.149 - - [12/Jun/2025:09:17:27 -0400] "GET /wp-content/plugins/simple-social-buttons/assets/js/front.js?ver=5.3.1 HTTP/1.1" 200 1932 "https://remonster.online/" "Mozilla/5.0 (Windows NT 10.0; Win64; x64) AppleWebKit/537.36 (KHTML, like Gecko) Chrome/109.0.0.0 Safari/537.36"
31.56.240.149 - - [12/Jun/2025:09:17:27 -0400] "GET /wp-content/plugins/simple-social-buttons/assets/js/frontend-blocks.js?ver=5.3.1 HTTP/1.1" 200 0 "https://remonster.online/" "Mozilla/5.0 (Windows NT 10.0; Win64; x64) AppleWebKit/537.36 (KHTML, like Gecko) Chrome/109.0.0.0 Safari/537.36"
31.56.240.149 - - [12/Jun/2025:09:17:27 -0400] "GET /wp-includes/js/jquery/jquery-migrate.min.js?ver=3.4.1 HTTP/1.1" 200 4678 "https://remonster.online/" "Mozilla/5.0 (Windows NT 10.0; Win64; x64) AppleWebKit/537.36 (KHTML, like Gecko) Chrome/109.0.0.0 Safari/537.36"
31.56.240.149 - - [12/Jun/2025:09:17:27 -0400] "GET /wp-includes/js/jquery/jquery.min.js?ver=3.7.1 HTTP/1.1" 200 29744 "https://remonster.online/" "Mozilla/5.0 (Windows NT 10.0; Win64; x64) AppleWebKit/537.36 (KHTML, like Gecko) Chrome/109.0.0.0 Safari/537.36"
31.56.240.149 - - [12/Jun/2025:09:17:27 -0400] "GET /wp-content/uploads/2021/11/LN_v09_001-697x1024.jpeg HTTP/1.1" 200 214016 "https://remonster.online/" "Mozilla/5.0 (Windows NT 10.0; Win64; x64) AppleWebKit/537.36 (KHTML, like Gecko) Chrome/109.0.0.0 Safari/537.36"
31.56.240.149 - - [12/Jun/2025:09:17:27 -0400] "GET /wp-content/plugins/comic-easel/js/keynav.js HTTP/1.1" 200 302 "https://remonster.online/" "Mozilla/5.0 (Windows NT 10.0; Win64; x64) AppleWebKit/537.36 (KHTML, like Gecko) Chrome/109.0.0.0 Safari/537.36"
31.56.240.149 - - [12/Jun/2025:09:17:27 -0400] "GET /wp-content/uploads/2021/11/8168f-bSGoS-717x1024.jpeg HTTP/1.1" 200 200846 "https://remonster.online/" "Mozilla/5.0 (Windows NT 10.0; Win64; x64) AppleWebKit/537.36 (KHTML, like Gecko) Chrome/109.0.0.0 Safari/537.36"
31.56.240.149 - - [12/Jun/2025:09:17:28 -0400] "GET /wp-content/uploads/2021/11/cropped-670x300.jpg HTTP/1.1" 200 233958 "https://remonster.online/" "Mozilla/5.0 (Windows NT 10.0; Win64; x64) AppleWebKit/537.36 (KHTML, like Gecko) Chrome/109.0.0.0 Safari/537.36"
2001:fd8:b73a:6600:c498:dbc2:1f3a:154c - - [12/Jun/2025:09:17:28 -0400] "GET /manga/remonster-chapter-79/ HTTP/1.1" 200 17830 "https://remonster.online/manga/remonster-chapter-78/" "Mozilla/5.0 (iPhone; CPU iPhone OS 17_5_1 like Mac OS X) AppleWebKit/605.1.15 (KHTML, like Gecko) Version/17.5 Mobile/15E148 Safari/604.1"
31.56.240.149 - - [12/Jun/2025:09:17:29 -0400] "GET /wp-content/themes/toivo-lite/js/functions.min.js?ver=1.2.0 HTTP/1.1" 200 593 "https://remonster.online/" "Mozilla/5.0 (Windows NT 10.0; Win64; x64) AppleWebKit/537.36 (KHTML, like Gecko) Chrome/109.0.0.0 Safari/537.36"
31.56.240.149 - - [12/Jun/2025:09:17:29 -0400] "GET /wp-content/themes/toivo-lite/js/settings.min.js?ver=1.2.0 HTTP/1.1" 200 307 "https://remonster.online/" "Mozilla/5.0 (Windows NT 10.0; Win64; x64) AppleWebKit/537.36 (KHTML, like Gecko) Chrome/109.0.0.0 Safari/537.36"
31.56.240.149 - - [12/Jun/2025:09:17:30 -0400] "GET /wp-content/themes/toivo-lite/js/responsive-nav.min.js?ver=1.2.0 HTTP/1.1" 200 2102 "https://remonster.online/" "Mozilla/5.0 (Windows NT 10.0; Win64; x64) AppleWebKit/537.36 (KHTML, like Gecko) Chrome/109.0.0.0 Safari/537.36"
66.249.66.76 - - [12/Jun/2025:09:17:31 -0400] "GET /item/874328978.phtml HTTP/1.1" 200 23852 "-" "Mozilla/5.0 (Linux; Android 6.0.1; Nexus 5X Build/MMB29P) AppleWebKit/537.36 (KHTML, like Gecko) Chrome/136.0.7103.113 Mobile Safari/537.36 (compatible; GoogleOther)"
66.249.66.76 - - [12/Jun/2025:09:17:36 -0400] "GET /goods/lamination/1376278846.phtml HTTP/1.1" 200 24725 "-" "Mozilla/5.0 (Linux; Android 6.0.1; Nexus 5X Build/MMB29P) AppleWebKit/537.36 (KHTML, like Gecko) Chrome/136.0.7103.113 Mobile Safari/537.36 (compatible; GoogleOther)"
66.249.66.76 - - [12/Jun/2025:09:17:42 -0400] "GET /item/874675248.phtml HTTP/1.1" 200 24413 "-" "Mozilla/5.0 (Linux; Android 6.0.1; Nexus 5X Build/MMB29P) AppleWebKit/537.36 (KHTML, like Gecko) Chrome/136.0.7103.113 Mobile Safari/537.36 (compatible; GoogleOther)"
66.249.66.162 - - [12/Jun/2025:09:17:48 -0400] "GET /special18028836.phtml HTTP/1.1" 200 26070 "-" "Mozilla/5.0 (Linux; Android 6.0.1; Nexus 5X Build/MMB29P) AppleWebKit/537.36 (KHTML, like Gecko) Chrome/136.0.7103.113 Mobile Safari/537.36 (compatible; GoogleOther)"
66.249.66.162 - - [12/Jun/2025:09:17:54 -0400] "GET /item/x/squamulose/873520724.phtml HTTP/1.1" 200 23903 "-" "Mozilla/5.0 (Linux; Android 6.0.1; Nexus 5X Build/MMB29P) AppleWebKit/537.36 (KHTML, like Gecko) Chrome/136.0.7103.113 Mobile Safari/537.36 (compatible; GoogleOther)"
162.0.232.193 - - [12/Jun/2025:09:17:55 -0400] "POST /wp-cron.php?doing_wp_cron=1749734274.9539411067962646484375 HTTP/1.1" 200 0 "-" "WordPress/6.6.2; https://remonster.online"
2a03:2880:f800:8:: - - [12/Jun/2025:09:17:53 -0400] "GET /shopdetail/321789018 HTTP/1.1" 301 0 "-" "meta-externalagent/1.1 (+https://developers.facebook.com/docs/sharing/webmasters/crawler)"
2a03:2880:f800:5:: - - [12/Jun/2025:09:17:57 -0400] "GET / HTTP/1.1" 200 10845 "-" "meta-externalagent/1.1 (+https://developers.facebook.com/docs/sharing/webmasters/crawler)"
66.249.66.40 - - [12/Jun/2025:09:18:02 -0400] "GET /special17973186.phtml HTTP/1.1" 200 23840 "-" "Mozilla/5.0 (Linux; Android 6.0.1; Nexus 5X Build/MMB29P) AppleWebKit/537.36 (KHTML, like Gecko) Chrome/136.0.7103.113 Mobile Safari/537.36 (compatible; GoogleOther)"
66.249.66.77 - - [12/Jun/2025:09:18:07 -0400] "GET /products/nu/costa/873165924.phtml HTTP/1.1" 200 24737 "-" "Mozilla/5.0 (Linux; Android 6.0.1; Nexus 5X Build/MMB29P) AppleWebKit/537.36 (KHTML, like Gecko) Chrome/136.0.7103.113 Mobile Safari/537.36 (compatible; GoogleOther)"
2a03:2880:f800:8:: - - [12/Jun/2025:09:18:12 -0400] "GET /shopdetail/13697018 HTTP/1.1" 301 0 "-" "meta-externalagent/1.1 (+https://developers.facebook.com/docs/sharing/webmasters/crawler)"
66.249.66.76 - - [12/Jun/2025:09:18:13 -0400] "GET /shopping/%3E%3CFONT%20COLOR=000000%3E%E3%80%90%E7%8A%B6%E6%85%8B%E3%80%91%3CBR%3E%3C/FONT%3E%3CDIV%3E%3CFONT%20COLOR=000000%3ECPU4%E5%9F%BA2.8GHz(%E5%86%85%3C/FONT%3E%3CFONT%20COLOR=000000%3E%3CFONT%20COLOR=000000%3E42%E3%82%B3%E3%82%A2%E6%9C%89%E5%8A%B9%3C/FONT%3E)%3C/FONT%3E%3C/DIV%3E%3CDIV%3E%3CFONT%20COLOR=000000%3E%E9%9B%BB%E6%BA%902%E5%9F%BA%E5%85%B1%E6%AD%A3%E5%B8%B8%3CBR%3E%3C/FONT%3E%3C/DIV%3E%3CDIV%3E%3CFONT%20COLOR=000000%3E%E3%83%A1%E3%83%A2%E3%83%AA%E7%84%A1%E3%81%97(DDR3%20Resistered%20ECC%E3%83%A1%E3%83%A2%E3%83%AA%E3%81%8C%E5%AF%BE%E5%BF%9C%E3%81%97%E3%81%BE%E3%81%99)%3C/FONT%3E%3C/DIV%3E%3CDIV%3E%3CFONT%20COLOR=000000%3EHDD%E5%8F%8A%E3%81%B3%E3%83%9E%E3%82%A6%E3%83%B3%E3%82%BFx2%E7%84%A1%E3%81%97%3C/FONT%3E%3C/DIV%3E%20%20%20%20%3C/div%3E%20%20%20%20%3Cdiv%20class= HTTP/1.1" 200 25306 "-" "Googlebot-Image/1.0"
2a03:2880:f800:12:: - - [12/Jun/2025:09:18:15 -0400] "GET / HTTP/1.1" 200 10845 "-" "meta-externalagent/1.1 (+https://developers.facebook.com/docs/sharing/webmasters/crawler)"
66.249.66.76 - - [12/Jun/2025:09:18:19 -0400] "GET /items2060435626.phtml HTTP/1.1" 200 24498 "-" "Mozilla/5.0 (Linux; Android 6.0.1; Nexus 5X Build/MMB29P) AppleWebKit/537.36 (KHTML, like Gecko) Chrome/136.0.7103.113 Mobile Safari/537.36 (compatible; GoogleOther)"
154.205.148.198 - - [12/Jun/2025:09:18:22 -0400] "GET / HTTP/1.1" 200 10845 "-" "Mozilla/5.0 (X11; Linux x86_64) AppleWebKit/537.36 (KHTML, like Gecko) Chrome/127.0.0.0 Safari/537.36"
154.205.148.198 - - [12/Jun/2025:09:18:23 -0400] "GET /wp-content/plugins/simple-social-buttons/assets/css/front.css?ver=5.3.1 HTTP/1.1" 200 10295 "https://remonster.online/" "Mozilla/5.0 (X11; Linux x86_64) AppleWebKit/537.36 (KHTML, like Gecko) Chrome/127.0.0.0 Safari/537.36"
154.205.148.198 - - [12/Jun/2025:09:18:23 -0400] "GET /wp-content/uploads/2021/11/cropped-670x300.jpg HTTP/1.1" 200 233958 "https://remonster.online/" "Mozilla/5.0 (X11; Linux x86_64) AppleWebKit/537.36 (KHTML, like Gecko) Chrome/127.0.0.0 Safari/537.36"
154.205.148.198 - - [12/Jun/2025:09:18:23 -0400] "GET /wp-content/plugins/widgets-on-pages/public/css/widgets-on-pages-public.css?ver=1.4.0 HTTP/1.1" 200 83 "https://remonster.online/" "Mozilla/5.0 (X11; Linux x86_64) AppleWebKit/537.36 (KHTML, like Gecko) Chrome/127.0.0.0 Safari/537.36"
154.205.148.198 - - [12/Jun/2025:09:18:23 -0400] "GET /wp-includes/css/dist/block-library/style.min.css?ver=6.6.2 HTTP/1.1" 200 13903 "https://remonster.online/" "Mozilla/5.0 (X11; Linux x86_64) AppleWebKit/537.36 (KHTML, like Gecko) Chrome/127.0.0.0 Safari/537.36"
154.205.148.198 - - [12/Jun/2025:09:18:23 -0400] "GET /wp-content/themes/toivo-lite/fonts/genericons/genericons/genericons.min.css?ver=3.3 HTTP/1.1" 200 15959 "https://remonster.online/" "Mozilla/5.0 (X11; Linux x86_64) AppleWebKit/537.36 (KHTML, like Gecko) Chrome/127.0.0.0 Safari/537.36"
154.205.148.198 - - [12/Jun/2025:09:18:23 -0400] "GET /wp-content/themes/toivo-lite/style.css?ver=1.2.0 HTTP/1.1" 200 13718 "https://remonster.online/" "Mozilla/5.0 (X11; Linux x86_64) AppleWebKit/537.36 (KHTML, like Gecko) Chrome/127.0.0.0 Safari/537.36"
154.205.148.198 - - [12/Jun/2025:09:18:23 -0400] "GET /wp-content/uploads/2021/11/8168f-bSGoS-717x1024.jpeg HTTP/1.1" 200 200846 "https://remonster.online/" "Mozilla/5.0 (X11; Linux x86_64) AppleWebKit/537.36 (KHTML, like Gecko) Chrome/127.0.0.0 Safari/537.36"
154.205.148.198 - - [12/Jun/2025:09:18:23 -0400] "GET /wp-content/plugins/links-auto-replacer/public/js/lar-public.js?ver=2.0.0 HTTP/1.1" 200 393 "https://remonster.online/" "Mozilla/5.0 (X11; Linux x86_64) AppleWebKit/537.36 (KHTML, like Gecko) Chrome/127.0.0.0 Safari/537.36"
154.205.148.198 - - [12/Jun/2025:09:18:23 -0400] "GET /wp-content/plugins/comic-easel/js/keynav.js HTTP/1.1" 200 302 "https://remonster.online/" "Mozilla/5.0 (X11; Linux x86_64) AppleWebKit/537.36 (KHTML, like Gecko) Chrome/127.0.0.0 Safari/537.36"
154.205.148.198 - - [12/Jun/2025:09:18:23 -0400] "GET /wp-includes/js/jquery/jquery.min.js?ver=3.7.1 HTTP/1.1" 200 29744 "https://remonster.online/" "Mozilla/5.0 (X11; Linux x86_64) AppleWebKit/537.36 (KHTML, like Gecko) Chrome/127.0.0.0 Safari/537.36"
154.205.148.198 - - [12/Jun/2025:09:18:23 -0400] "GET /wp-content/plugins/simple-social-buttons/assets/js/frontend-blocks.js?ver=5.3.1 HTTP/1.1" 200 0 "https://remonster.online/" "Mozilla/5.0 (X11; Linux x86_64) AppleWebKit/537.36 (KHTML, like Gecko) Chrome/127.0.0.0 Safari/537.36"
154.205.148.198 - - [12/Jun/2025:09:18:23 -0400] "GET /wp-content/plugins/simple-social-buttons/assets/js/front.js?ver=5.3.1 HTTP/1.1" 200 1932 "https://remonster.online/" "Mozilla/5.0 (X11; Linux x86_64) AppleWebKit/537.36 (KHTML, like Gecko) Chrome/127.0.0.0 Safari/537.36"
154.205.148.198 - - [12/Jun/2025:09:18:23 -0400] "GET /wp-includes/js/jquery/jquery-migrate.min.js?ver=3.4.1 HTTP/1.1" 200 4678 "https://remonster.online/" "Mozilla/5.0 (X11; Linux x86_64) AppleWebKit/537.36 (KHTML, like Gecko) Chrome/127.0.0.0 Safari/537.36"
154.205.148.198 - - [12/Jun/2025:09:18:23 -0400] "GET /wp-content/uploads/2021/11/LN_v09_001-697x1024.jpeg HTTP/1.1" 200 214016 "https://remonster.online/" "Mozilla/5.0 (X11; Linux x86_64) AppleWebKit/537.36 (KHTML, like Gecko) Chrome/127.0.0.0 Safari/537.36"
154.205.148.198 - - [12/Jun/2025:09:18:24 -0400] "GET /wp-content/themes/toivo-lite/js/responsive-nav.min.js?ver=1.2.0 HTTP/1.1" 200 2102 "https://remonster.online/" "Mozilla/5.0 (X11; Linux x86_64) AppleWebKit/537.36 (KHTML, like Gecko) Chrome/127.0.0.0 Safari/537.36"
154.205.148.198 - - [12/Jun/2025:09:18:24 -0400] "GET /wp-content/themes/toivo-lite/js/settings.min.js?ver=1.2.0 HTTP/1.1" 200 307 "https://remonster.online/" "Mozilla/5.0 (X11; Linux x86_64) AppleWebKit/537.36 (KHTML, like Gecko) Chrome/127.0.0.0 Safari/537.36"
154.205.148.198 - - [12/Jun/2025:09:18:25 -0400] "GET /wp-content/themes/toivo-lite/js/functions.min.js?ver=1.2.0 HTTP/1.1" 200 593 "https://remonster.online/" "Mozilla/5.0 (X11; Linux x86_64) AppleWebKit/537.36 (KHTML, like Gecko) Chrome/127.0.0.0 Safari/537.36"
66.249.66.162 - - [12/Jun/2025:09:18:24 -0400] "GET /item/v/deiformity/873172596.phtml HTTP/1.1" 200 24390 "-" "Mozilla/5.0 (Linux; Android 6.0.1; Nexus 5X Build/MMB29P) AppleWebKit/537.36 (KHTML, like Gecko) Chrome/136.0.7103.113 Mobile Safari/537.36 (compatible; GoogleOther)"
66.249.66.76 - - [12/Jun/2025:09:18:29 -0400] "GET /detail108067690.phtml HTTP/1.1" 200 25514 "-" "Mozilla/5.0 (Linux; Android 6.0.1; Nexus 5X Build/MMB29P) AppleWebKit/537.36 (KHTML, like Gecko) Chrome/136.0.7103.113 Mobile Safari/537.36 (compatible; GoogleOther)"
66.249.66.76 - - [12/Jun/2025:09:18:35 -0400] "GET /shopdetail/calamander874931014.phtml HTTP/1.1" 200 23766 "-" "Mozilla/5.0 (Linux; Android 6.0.1; Nexus 5X Build/MMB29P) AppleWebKit/537.36 (KHTML, like Gecko) Chrome/136.0.7103.113 Mobile Safari/537.36 (compatible; GoogleOther)"
66.249.66.76 - - [12/Jun/2025:09:18:42 -0400] "GET /items/874521080.phtml HTTP/1.1" 200 26611 "-" "Mozilla/5.0 (Linux; Android 6.0.1; Nexus 5X Build/MMB29P) AppleWebKit/537.36 (KHTML, like Gecko) Chrome/136.0.7103.113 Mobile Safari/537.36 (compatible; GoogleOther)"
162.0.232.193 - - [12/Jun/2025:09:18:44 -0400] "POST /wp-cron.php?doing_wp_cron=1749734323.5457921028137207031250 HTTP/1.1" 200 0 "-" "WordPress/6.6.2; https://remonster.online"
2a03:2880:f800:6:: - - [12/Jun/2025:09:18:41 -0400] "GET /shopdetail/242538818 HTTP/1.1" 301 0 "-" "meta-externalagent/1.1 (+https://developers.facebook.com/docs/sharing/webmasters/crawler)"
2a03:2880:f800:d:: - - [12/Jun/2025:09:18:47 -0400] "GET / HTTP/1.1" 200 10845 "-" "meta-externalagent/1.1 (+https://developers.facebook.com/docs/sharing/webmasters/crawler)"
2a09:bac3:8943:197d::28a:e8 - - [12/Jun/2025:09:18:48 -0400] "GET /manga/re-monster-chapter-55/ HTTP/1.1" 200 17452 "https://remonster.online/" "Mozilla/5.0 (iPhone; CPU iPhone OS 18_5 like Mac OS X) AppleWebKit/605.1.15 (KHTML, like Gecko) Version/18.5 Mobile/15E148 Safari/604.1"
66.249.66.162 - - [12/Jun/2025:09:18:49 -0400] "GET /items2060509372.phtml HTTP/1.1" 200 23611 "-" "Mozilla/5.0 (Linux; Android 6.0.1; Nexus 5X Build/MMB29P) AppleWebKit/537.36 (KHTML, like Gecko) Chrome/136.0.7103.113 Mobile Safari/537.36 (compatible; GoogleOther)"
2a03:2880:f800:1c:: - - [12/Jun/2025:09:18:47 -0400] "GET /shopdetail/266529718 HTTP/1.1" 301 0 "-" "meta-externalagent/1.1 (+https://developers.facebook.com/docs/sharing/webmasters/crawler)"
2a03:2880:f800:14:: - - [12/Jun/2025:09:18:55 -0400] "GET / HTTP/1.1" 200 10840 "-" "meta-externalagent/1.1 (+https://developers.facebook.com/docs/sharing/webmasters/crawler)"
66.249.66.76 - - [12/Jun/2025:09:18:56 -0400] "GET /items/874488026.phtml HTTP/1.1" 200 24542 "-" "Mozilla/5.0 (Linux; Android 6.0.1; Nexus 5X Build/MMB29P) AppleWebKit/537.36 (KHTML, like Gecko) Chrome/136.0.7103.113 Mobile Safari/537.36 (compatible; GoogleOther)"
2a03:2880:f800:2:: - - [12/Jun/2025:09:18:55 -0400] "GET /shopdetail/242058118 HTTP/1.1" 301 0 "-" "meta-externalagent/1.1 (+https://developers.facebook.com/docs/sharing/webmasters/crawler)"
2a03:2880:f800:10:: - - [12/Jun/2025:09:19:00 -0400] "GET / HTTP/1.1" 200 10845 "-" "meta-externalagent/1.1 (+https://developers.facebook.com/docs/sharing/webmasters/crawler)"
2a03:2880:f800:1b:: - - [12/Jun/2025:09:19:00 -0400] "GET /shopdetail/116446218 HTTP/1.1" 301 0 "-" "meta-externalagent/1.1 (+https://developers.facebook.com/docs/sharing/webmasters/crawler)"
66.249.66.78 - - [12/Jun/2025:09:19:04 -0400] "GET /shopping17940004.phtml HTTP/1.1" 200 23730 "-" "Mozilla/5.0 (Linux; Android 6.0.1; Nexus 5X Build/MMB29P) AppleWebKit/537.36 (KHTML, like Gecko) Chrome/136.0.7103.113 Mobile Safari/537.36 (compatible; GoogleOther)"
2a03:2880:f800:a:: - - [12/Jun/2025:09:19:08 -0400] "GET / HTTP/1.1" 200 10845 "-" "meta-externalagent/1.1 (+https://developers.facebook.com/docs/sharing/webmasters/crawler)"
3.80.75.225 - - [12/Jun/2025:09:19:18 -0400] "GET / HTTP/1.1" 200 10845 "-" "Mozilla/5.0 (Windows NT 10.0; Win64; x64) AppleWebKit/537.36 (KHTML, like Gecko) Chrome/133.0.0.0 Safari/537.36 OPR/118.0.0.0"
66.249.66.76 - - [12/Jun/2025:09:19:18 -0400] "GET /item/de/abrogative/873616228.phtml HTTP/1.1" 200 25100 "-" "Mozilla/5.0 (Linux; Android 6.0.1; Nexus 5X Build/MMB29P) AppleWebKit/537.36 (KHTML, like Gecko) Chrome/136.0.7103.113 Mobile Safari/537.36 (compatible; GoogleOther)"
66.249.66.198 - - [12/Jun/2025:09:19:25 -0400] "GET /item/ig/purples106396114.phtml HTTP/1.1" 200 23831 "-" "Mozilla/5.0 (Linux; Android 6.0.1; Nexus 5X Build/MMB29P) AppleWebKit/537.36 (KHTML, like Gecko) Chrome/136.0.7103.113 Mobile Safari/537.36 (compatible; GoogleOther)"
162.0.232.193 - - [12/Jun/2025:09:19:27 -0400] "POST /wp-cron.php?doing_wp_cron=1749734367.4477570056915283203125 HTTP/1.1" 200 0 "-" "WordPress/6.6.2; https://remonster.online"
2a03:2880:f800:12:: - - [12/Jun/2025:09:19:25 -0400] "GET /shopdetail/178785718 HTTP/1.1" 301 0 "-" "meta-externalagent/1.1 (+https://developers.facebook.com/docs/sharing/webmasters/crawler)"
2a03:2880:f800:c:: - - [12/Jun/2025:09:19:26 -0400] "GET /shopdetail/381564418 HTTP/1.1" 301 0 "-" "meta-externalagent/1.1 (+https://developers.facebook.com/docs/sharing/webmasters/crawler)"
2a03:2880:f800:8:: - - [12/Jun/2025:09:19:25 -0400] "GET /shopdetail/365594818 HTTP/1.1" 301 0 "-" "meta-externalagent/1.1 (+https://developers.facebook.com/docs/sharing/webmasters/crawler)"
2a03:2880:f800:9:: - - [12/Jun/2025:09:19:26 -0400] "GET /shopdetail/85026218 HTTP/1.1" 301 0 "-" "meta-externalagent/1.1 (+https://developers.facebook.com/docs/sharing/webmasters/crawler)"
2a03:2880:f800:2:: - - [12/Jun/2025:09:19:30 -0400] "GET / HTTP/1.1" 200 10845 "-" "meta-externalagent/1.1 (+https://developers.facebook.com/docs/sharing/webmasters/crawler)"
2a03:2880:f800:: - - [12/Jun/2025:09:19:31 -0400] "GET / HTTP/1.1" 200 10888 "-" "meta-externalagent/1.1 (+https://developers.facebook.com/docs/sharing/webmasters/crawler)"
2a03:2880:f800:13:: - - [12/Jun/2025:09:19:32 -0400] "GET / HTTP/1.1" 200 10845 "-" "meta-externalagent/1.1 (+https://developers.facebook.com/docs/sharing/webmasters/crawler)"
2a03:2880:f800:11:: - - [12/Jun/2025:09:19:32 -0400] "GET / HTTP/1.1" 200 10845 "-" "meta-externalagent/1.1 (+https://developers.facebook.com/docs/sharing/webmasters/crawler)"
66.249.66.76 - - [12/Jun/2025:09:19:32 -0400] "GET /items/to/cabriolet/873170416.phtml HTTP/1.1" 200 24017 "-" "Mozilla/5.0 (Linux; Android 6.0.1; Nexus 5X Build/MMB29P) AppleWebKit/537.36 (KHTML, like Gecko) Chrome/136.0.7103.113 Mobile Safari/537.36 (compatible; GoogleOther)"
66.249.66.76 - - [12/Jun/2025:09:19:38 -0400] "GET /item/114622880.phtml HTTP/1.1" 200 24454 "-" "Mozilla/5.0 (Linux; Android 6.0.1; Nexus 5X Build/MMB29P) AppleWebKit/537.36 (KHTML, like Gecko) Chrome/136.0.7103.113 Mobile Safari/537.36 (compatible; GoogleOther)"
154.188.190.13 - - [12/Jun/2025:09:19:45 -0400] "GET / HTTP/1.1" 200 10788 "https://www.google.com/" "Mozilla/5.0 (Android 10; Mobile; rv:139.0) Gecko/139.0 Firefox/139.0"
66.249.66.76 - - [12/Jun/2025:09:19:45 -0400] "GET /products/aerographical875003604.phtml HTTP/1.1" 200 24272 "-" "Mozilla/5.0 (Linux; Android 6.0.1; Nexus 5X Build/MMB29P) AppleWebKit/537.36 (KHTML, like Gecko) Chrome/136.0.7103.113 Mobile Safari/537.36 (compatible; GoogleOther)"
154.188.190.13 - - [12/Jun/2025:09:19:46 -0400] "GET /wp-includes/js/jquery/jquery.min.js?ver=3.7.1 HTTP/1.1" 304 0 "https://remonster.online/" "Mozilla/5.0 (Android 10; Mobile; rv:139.0) Gecko/139.0 Firefox/139.0"
154.188.190.13 - - [12/Jun/2025:09:19:46 -0400] "GET /wp-content/plugins/simple-social-buttons/assets/js/frontend-blocks.js?ver=5.3.1 HTTP/1.1" 304 0 "https://remonster.online/" "Mozilla/5.0 (Android 10; Mobile; rv:139.0) Gecko/139.0 Firefox/139.0"
154.188.190.13 - - [12/Jun/2025:09:19:46 -0400] "GET /wp-content/plugins/comic-easel/js/keynav.js HTTP/1.1" 304 0 "https://remonster.online/" "Mozilla/5.0 (Android 10; Mobile; rv:139.0) Gecko/139.0 Firefox/139.0"
154.188.190.13 - - [12/Jun/2025:09:19:48 -0400] "GET /wp-content/themes/toivo-lite/fonts/genericons/genericons/Genericons.eot HTTP/1.1" 304 0 "https://remonster.online/wp-content/themes/toivo-lite/fonts/genericons/genericons/genericons.min.css?ver=3.3" "Mozilla/5.0 (Android 10; Mobile; rv:139.0) Gecko/139.0 Firefox/139.0"
66.249.66.76 - - [12/Jun/2025:09:19:51 -0400] "GET /info/119162020.phtml HTTP/1.1" 200 25051 "-" "Mozilla/5.0 (Linux; Android 6.0.1; Nexus 5X Build/MMB29P) AppleWebKit/537.36 (KHTML, like Gecko) Chrome/136.0.7103.113 Mobile Safari/537.36 (compatible; GoogleOther)"
162.0.232.193 - - [12/Jun/2025:09:19:52 -0400] "POST /wp-cron.php?doing_wp_cron=1749734392.6053850650787353515625 HTTP/1.1" 200 0 "-" "WordPress/6.6.2; https://remonster.online"
2a03:2880:f800:3:: - - [12/Jun/2025:09:19:51 -0400] "GET /shopdetail/324965418 HTTP/1.1" 301 0 "-" "meta-externalagent/1.1 (+https://developers.facebook.com/docs/sharing/webmasters/crawler)"
2a03:2880:f800:14:: - - [12/Jun/2025:09:19:54 -0400] "GET / HTTP/1.1" 200 10845 "-" "meta-externalagent/1.1 (+https://developers.facebook.com/docs/sharing/webmasters/crawler)"
66.249.66.76 - - [12/Jun/2025:09:19:57 -0400] "GET /products/i/prunella/873601786.phtml HTTP/1.1" 200 24254 "-" "Mozilla/5.0 (Linux; Android 6.0.1; Nexus 5X Build/MMB29P) AppleWebKit/537.36 (KHTML, like Gecko) Chrome/136.0.7103.113 Mobile Safari/537.36 (compatible; GoogleOther)"
66.249.66.38 - - [12/Jun/2025:09:20:03 -0400] "GET /%3E%3CCENTER%3E%3CTABLE%20CELLSPACING=0%20CELLPADDING=10%20BORDER=0%3E%3CTR%3E%3CTD%20BGCOLOR= HTTP/1.1" 200 24815 "-" "Googlebot-Image/1.0"
2a03:2880:f800:10:: - - [12/Jun/2025:09:20:03 -0400] "GET /shopdetail/427237218 HTTP/1.1" 301 0 "-" "meta-externalagent/1.1 (+https://developers.facebook.com/docs/sharing/webmasters/crawler)"
2a03:2880:f800:1c:: - - [12/Jun/2025:09:20:07 -0400] "GET / HTTP/1.1" 200 10845 "-" "meta-externalagent/1.1 (+https://developers.facebook.com/docs/sharing/webmasters/crawler)"
154.188.190.13 - - [12/Jun/2025:09:20:07 -0400] "GET /manga/remonster-chapter-82/ HTTP/1.1" 200 14425 "https://remonster.online/" "Mozilla/5.0 (Android 10; Mobile; rv:139.0) Gecko/139.0 Firefox/139.0"
66.249.66.13 - - [12/Jun/2025:09:20:09 -0400] "GET /item/118658952.phtml HTTP/1.1" 200 23824 "-" "Mozilla/5.0 (Linux; Android 6.0.1; Nexus 5X Build/MMB29P) AppleWebKit/537.36 (KHTML, like Gecko) Chrome/136.0.7103.113 Mobile Safari/537.36 (compatible; GoogleOther)"
154.188.190.13 - - [12/Jun/2025:09:20:09 -0400] "GET /wp-content/plugins/wp-automatic/js/main-front.js?ver=6.6.2 HTTP/1.1" 304 0 "https://remonster.online/manga/remonster-chapter-82/" "Mozilla/5.0 (Android 10; Mobile; rv:139.0) Gecko/139.0 Firefox/139.0"
154.188.190.13 - - [12/Jun/2025:09:20:09 -0400] "GET /wp-content/plugins/disqus-comment-system/public/js/comment_embed.js?ver=3.1.2 HTTP/1.1" 304 0 "https://remonster.online/manga/remonster-chapter-82/" "Mozilla/5.0 (Android 10; Mobile; rv:139.0) Gecko/139.0 Firefox/139.0"
154.188.190.13 - - [12/Jun/2025:09:20:09 -0400] "GET /wp-includes/js/comment-reply.min.js?ver=6.6.2 HTTP/1.1" 304 0 "https://remonster.online/manga/remonster-chapter-82/" "Mozilla/5.0 (Android 10; Mobile; rv:139.0) Gecko/139.0 Firefox/139.0"
2a03:2880:f800:1c:: - - [12/Jun/2025:09:20:08 -0400] "GET /shopdetail/418584218 HTTP/1.1" 301 0 "-" "meta-externalagent/1.1 (+https://developers.facebook.com/docs/sharing/webmasters/crawler)"
2a03:2880:f800:c:: - - [12/Jun/2025:09:20:08 -0400] "GET /shopdetail/234835518 HTTP/1.1" 301 0 "-" "meta-externalagent/1.1 (+https://developers.facebook.com/docs/sharing/webmasters/crawler)"
2a03:2880:f800:: - - [12/Jun/2025:09:20:13 -0400] "GET / HTTP/1.1" 200 10845 "-" "meta-externalagent/1.1 (+https://developers.facebook.com/docs/sharing/webmasters/crawler)"
2a03:2880:f800:d:: - - [12/Jun/2025:09:20:13 -0400] "GET / HTTP/1.1" 200 10845 "-" "meta-externalagent/1.1 (+https://developers.facebook.com/docs/sharing/webmasters/crawler)"
154.188.190.13 - - [12/Jun/2025:09:20:11 -0400] "POST /wp-admin/admin-ajax.php HTTP/1.1" 200 69 "https://remonster.online/manga/remonster-chapter-82/" "Mozilla/5.0 (Android 10; Mobile; rv:139.0) Gecko/139.0 Firefox/139.0"
66.249.66.76 - - [12/Jun/2025:09:20:14 -0400] "GET /item/taw/leucophyll/873498648.phtml HTTP/1.1" 200 25146 "-" "Mozilla/5.0 (Linux; Android 6.0.1; Nexus 5X Build/MMB29P) AppleWebKit/537.36 (KHTML, like Gecko) Chrome/136.0.7103.113 Mobile Safari/537.36 (compatible; GoogleOther)"
66.249.66.76 - - [12/Jun/2025:09:20:20 -0400] "GET /item/128008918.phtml HTTP/1.1" 200 24813 "-" "Mozilla/5.0 (Linux; Android 6.0.1; Nexus 5X Build/MMB29P) AppleWebKit/537.36 (KHTML, like Gecko) Chrome/136.0.7103.113 Mobile Safari/537.36 (compatible; GoogleOther)"
66.249.66.162 - - [12/Jun/2025:09:20:25 -0400] "GET /entity/874958420.phtml HTTP/1.1" 200 24296 "-" "Mozilla/5.0 (Linux; Android 6.0.1; Nexus 5X Build/MMB29P) AppleWebKit/537.36 (KHTML, like Gecko) Chrome/136.0.7103.113 Mobile Safari/537.36 (compatible; GoogleOther)"
66.249.66.13 - - [12/Jun/2025:09:20:31 -0400] "GET /item/127934854.phtml HTTP/1.1" 200 26246 "-" "Mozilla/5.0 (Linux; Android 6.0.1; Nexus 5X Build/MMB29P) AppleWebKit/537.36 (KHTML, like Gecko) Chrome/136.0.7103.113 Mobile Safari/537.36 (compatible; GoogleOther)"
154.188.190.13 - - [12/Jun/2025:09:20:35 -0400] "GET /manga/remonster-chapter-82/ HTTP/1.1" 304 0 "https://remonster.online/" "Mozilla/5.0 (Android 10; Mobile; rv:139.0) Gecko/139.0 Firefox/139.0"
66.249.66.162 - - [12/Jun/2025:09:20:37 -0400] "GET /entity/874516588.phtml HTTP/1.1" 200 23585 "-" "Mozilla/5.0 (Linux; Android 6.0.1; Nexus 5X Build/MMB29P) AppleWebKit/537.36 (KHTML, like Gecko) Chrome/136.0.7103.113 Mobile Safari/537.36 (compatible; GoogleOther)"
162.0.232.193 - - [12/Jun/2025:09:20:38 -0400] "POST /wp-cron.php?doing_wp_cron=1749734437.8914940357208251953125 HTTP/1.1" 200 0 "-" "WordPress/6.6.2; https://remonster.online"
2a03:2880:f800:1:: - - [12/Jun/2025:09:20:37 -0400] "GET /shopdetail/383714718 HTTP/1.1" 301 0 "-" "meta-externalagent/1.1 (+https://developers.facebook.com/docs/sharing/webmasters/crawler)"
47.211.72.56 - - [12/Jun/2025:09:20:38 -0400] "GET /manga/remonster-chapter-80/ HTTP/1.1" 200 14383 "https://remonster.online/manga/remonster-chapter-79/" "Mozilla/5.0 (iPhone; CPU iPhone OS 17_6_1 like Mac OS X) AppleWebKit/605.1.15 (KHTML, like Gecko) CriOS/137.0.7151.79 Mobile/15E148 Safari/604.1"
154.188.190.13 - - [12/Jun/2025:09:20:37 -0400] "POST /wp-admin/admin-ajax.php HTTP/1.1" 200 69 "https://remonster.online/manga/remonster-chapter-82/" "Mozilla/5.0 (Android 10; Mobile; rv:139.0) Gecko/139.0 Firefox/139.0"
2a03:2880:f800:13:: - - [12/Jun/2025:09:20:40 -0400] "GET / HTTP/1.1" 200 10845 "-" "meta-externalagent/1.1 (+https://developers.facebook.com/docs/sharing/webmasters/crawler)"
47.211.72.56 - - [12/Jun/2025:09:20:39 -0400] "POST /wp-admin/admin-ajax.php HTTP/1.1" 200 69 "https://remonster.online/manga/remonster-chapter-80/" "Mozilla/5.0 (iPhone; CPU iPhone OS 17_6_1 like Mac OS X) AppleWebKit/605.1.15 (KHTML, like Gecko) CriOS/137.0.7151.79 Mobile/15E148 Safari/604.1"
62.60.160.33 - - [12/Jun/2025:09:20:40 -0400] "POST /wp-login.php HTTP/1.1" 200 1875 "https://remonster.online" "Mozilla/5.0 (Windows NT 10.0; Win64; x64) AppleWebKit/537.36 (KHTML, like Gecko) Chrome/126.0.0.0 Safari/537.36"
66.249.66.13 - - [12/Jun/2025:09:20:42 -0400] "GET /item/127894612.phtml HTTP/1.1" 200 23608 "-" "Mozilla/5.0 (Linux; Android 6.0.1; Nexus 5X Build/MMB29P) AppleWebKit/537.36 (KHTML, like Gecko) Chrome/136.0.7103.113 Mobile Safari/537.36 (compatible; GoogleOther)"
154.188.190.13 - - [12/Jun/2025:09:20:47 -0400] "GET /manga/remonster-chapter-83/ HTTP/1.1" 200 14017 "https://remonster.online/manga/remonster-chapter-82/" "Mozilla/5.0 (Android 10; Mobile; rv:139.0) Gecko/139.0 Firefox/139.0"
66.249.66.13 - - [12/Jun/2025:09:20:48 -0400] "GET /detail/874485264.phtml HTTP/1.1" 200 25135 "-" "Mozilla/5.0 (Linux; Android 6.0.1; Nexus 5X Build/MMB29P) AppleWebKit/537.36 (KHTML, like Gecko) Chrome/136.0.7103.113 Mobile Safari/537.36 (compatible; GoogleOther)"
2a03:2880:f800:3:: - - [12/Jun/2025:09:20:49 -0400] "GET /shopdetail/114667818 HTTP/1.1" 301 0 "-" "meta-externalagent/1.1 (+https://developers.facebook.com/docs/sharing/webmasters/crawler)"
47.211.72.56 - - [12/Jun/2025:09:20:49 -0400] "GET /manga/remonster-chapter-80/ HTTP/1.1" 200 14383 "https://remonster.online/manga/remonster-chapter-79/" "Mozilla/5.0 (iPhone; CPU iPhone OS 17_6_1 like Mac OS X) AppleWebKit/605.1.15 (KHTML, like Gecko) CriOS/137.0.7151.79 Mobile/15E148 Safari/604.1"
2a03:2880:f800:1b:: - - [12/Jun/2025:09:20:51 -0400] "GET / HTTP/1.1" 200 10845 "-" "meta-externalagent/1.1 (+https://developers.facebook.com/docs/sharing/webmasters/crawler)"
47.211.72.56 - - [12/Jun/2025:09:20:50 -0400] "POST /wp-admin/admin-ajax.php HTTP/1.1" 200 69 "https://remonster.online/manga/remonster-chapter-80/" "Mozilla/5.0 (iPhone; CPU iPhone OS 17_6_1 like Mac OS X) AppleWebKit/605.1.15 (KHTML, like Gecko) CriOS/137.0.7151.79 Mobile/15E148 Safari/604.1"
47.211.72.56 - - [12/Jun/2025:09:20:52 -0400] "GET /manga/remonster-chapter-81/ HTTP/1.1" 200 13998 "https://remonster.online/manga/remonster-chapter-80/" "Mozilla/5.0 (iPhone; CPU iPhone OS 17_6_1 like Mac OS X) AppleWebKit/605.1.15 (KHTML, like Gecko) CriOS/137.0.7151.79 Mobile/15E148 Safari/604.1"
66.249.66.38 - - [12/Jun/2025:09:20:53 -0400] "GET /goodscode/%3E%3CCENTER%3E%3CB%3E%E3%83%84%E3%82%A4%E3%82%B9%E3%83%86%E3%83%83%E3%83%89%E3%83%BB%E3%83%AF%E3%83%B3%E3%83%80%E3%83%BC%E3%83%A9%E3%83%B3%E3%83%89%20%E3%82%B0%E3%83%83%E3%82%BA%20%E3%81%BE%E3%81%A8%E3%82%81%E3%81%A6%20%E7%B4%84150%E7%82%B9%20%E3%83%80%E3%83%96%E3%82%8A%E6%9C%89%20%E3%82%AF%E3%83%AA%E3%82%A2%E3%82%B1%E3%83%BC%E3%82%B9%20%E3%83%9F%E3%83%8B%E8%89%B2%E7%B4%99%20%E3%83%8E%E3%83%BC%E3%83%88%20%E3%82%AF%E3%83%AA%E3%82%A2%E3%83%9D%E3%82%B9%E3%82%BF%E3%83%BC%20%E3%82%AD%E3%83%A3%E3%83%B3%E3%83%90%E3%82%B9%E3%82%A2%E3%83%BC%E3%83%88%20%E7%AD%89%20%E2%91%A2%20%E7%9B%B4%E6%8E%A5%E5%BC%95%E5%8F%96%EF%BC%88%E6%9D%B1%E5%A4%A7%E9%98%AA%EF%BC%89%E6%AD%93%E8%BF%8E%3C/B%3E%3CBR%3E%3CBR%3E%3CTABLE%20BGCOLOR= HTTP/1.1" 200 25293 "-" "Googlebot-Image/1.0"
47.211.72.56 - - [12/Jun/2025:09:20:57 -0400] "GET /manga/remonster-chapter-82/ HTTP/1.1" 200 14425 "https://remonster.online/manga/remonster-chapter-81/" "Mozilla/5.0 (iPhone; CPU iPhone OS 17_6_1 like Mac OS X) AppleWebKit/605.1.15 (KHTML, like Gecko) CriOS/137.0.7151.79 Mobile/15E148 Safari/604.1"
66.249.66.163 - - [12/Jun/2025:09:20:59 -0400] "GET /special/874838718.phtml HTTP/1.1" 200 24059 "-" "Mozilla/5.0 (Linux; Android 6.0.1; Nexus 5X Build/MMB29P) AppleWebKit/537.36 (KHTML, like Gecko) Chrome/136.0.7103.113 Mobile Safari/537.36 (compatible; GoogleOther)"
2a03:2880:f800:d:: - - [12/Jun/2025:09:20:59 -0400] "GET /shopdetail/188286718 HTTP/1.1" 301 0 "-" "meta-externalagent/1.1 (+https://developers.facebook.com/docs/sharing/webmasters/crawler)"
47.211.72.56 - - [12/Jun/2025:09:20:58 -0400] "POST /wp-admin/admin-ajax.php HTTP/1.1" 200 69 "https://remonster.online/manga/remonster-chapter-82/" "Mozilla/5.0 (iPhone; CPU iPhone OS 17_6_1 like Mac OS X) AppleWebKit/605.1.15 (KHTML, like Gecko) CriOS/137.0.7151.79 Mobile/15E148 Safari/604.1"
2a03:2880:f800:10:: - - [12/Jun/2025:09:21:02 -0400] "GET / HTTP/1.1" 200 10845 "-" "meta-externalagent/1.1 (+https://developers.facebook.com/docs/sharing/webmasters/crawler)"
47.211.72.56 - - [12/Jun/2025:09:21:02 -0400] "GET /manga/remonster-chapter-83/ HTTP/1.1" 200 14017 "https://remonster.online/manga/remonster-chapter-82/" "Mozilla/5.0 (iPhone; CPU iPhone OS 17_6_1 like Mac OS X) AppleWebKit/605.1.15 (KHTML, like Gecko) CriOS/137.0.7151.79 Mobile/15E148 Safari/604.1"
154.188.190.13 - - [12/Jun/2025:09:21:04 -0400] "GET /wp-content/uploads/2021/11/8168f-bSGoS.jpeg HTTP/1.1" 200 428790 "https://remonster.online/" "Mozilla/5.0 (Android 10; Mobile; rv:139.0) Gecko/139.0 Firefox/139.0"
66.249.66.164 - - [12/Jun/2025:09:21:04 -0400] "GET /item/107720078.phtml HTTP/1.1" 200 24744 "-" "Mozilla/5.0 (Linux; Android 6.0.1; Nexus 5X Build/MMB29P) AppleWebKit/537.36 (KHTML, like Gecko) Chrome/136.0.7103.113 Mobile Safari/537.36 (compatible; GoogleOther)"
47.211.72.56 - - [12/Jun/2025:09:21:05 -0400] "GET /manga/remonster-chapter-84/ HTTP/1.1" 200 14083 "https://remonster.online/manga/remonster-chapter-83/" "Mozilla/5.0 (iPhone; CPU iPhone OS 17_6_1 like Mac OS X) AppleWebKit/605.1.15 (KHTML, like Gecko) CriOS/137.0.7151.79 Mobile/15E148 Safari/604.1"
66.249.66.39 - - [12/Jun/2025:09:21:09 -0400] "GET /special/874740390.phtml HTTP/1.1" 200 23978 "-" "Mozilla/5.0 (Linux; Android 6.0.1; Nexus 5X Build/MMB29P) AppleWebKit/537.36 (KHTML, like Gecko) Chrome/136.0.7103.113 Mobile Safari/537.36 (compatible; GoogleOther)"
2a03:2880:f800:d:: - - [12/Jun/2025:09:21:11 -0400] "GET /shopdetail/187681918 HTTP/1.1" 301 0 "-" "meta-externalagent/1.1 (+https://developers.facebook.com/docs/sharing/webmasters/crawler)"
47.211.72.56 - - [12/Jun/2025:09:21:11 -0400] "POST /wp-admin/admin-ajax.php HTTP/1.1" 200 69 "https://remonster.online/manga/remonster-chapter-82/" "Mozilla/5.0 (iPhone; CPU iPhone OS 17_6_1 like Mac OS X) AppleWebKit/605.1.15 (KHTML, like Gecko) CriOS/137.0.7151.79 Mobile/15E148 Safari/604.1"
66.249.66.198 - - [12/Jun/2025:09:21:14 -0400] "GET /shopping106632818.phtml HTTP/1.1" 200 24209 "-" "Mozilla/5.0 (Linux; Android 6.0.1; Nexus 5X Build/MMB29P) AppleWebKit/537.36 (KHTML, like Gecko) Chrome/136.0.7103.113 Mobile Safari/537.36 (compatible; GoogleOther)"
2a03:2880:f800:d:: - - [12/Jun/2025:09:21:16 -0400] "GET / HTTP/1.1" 200 10845 "-" "meta-externalagent/1.1 (+https://developers.facebook.com/docs/sharing/webmasters/crawler)"
66.249.66.76 - - [12/Jun/2025:09:21:20 -0400] "GET /product/874492006.phtml HTTP/1.1" 200 24279 "-" "Mozilla/5.0 (Linux; Android 6.0.1; Nexus 5X Build/MMB29P) AppleWebKit/537.36 (KHTML, like Gecko) Chrome/136.0.7103.113 Mobile Safari/537.36 (compatible; GoogleOther)"
66.249.66.76 - - [12/Jun/2025:09:21:25 -0400] "GET /product/106588146.phtml HTTP/1.1" 200 23802 "-" "Mozilla/5.0 (Linux; Android 6.0.1; Nexus 5X Build/MMB29P) AppleWebKit/537.36 (KHTML, like Gecko) Chrome/136.0.7103.113 Mobile Safari/537.36 (compatible; GoogleOther)"
66.249.66.162 - - [12/Jun/2025:09:21:30 -0400] "GET /product/874479294.phtml HTTP/1.1" 200 24015 "-" "Mozilla/5.0 (Linux; Android 6.0.1; Nexus 5X Build/MMB29P) AppleWebKit/537.36 (KHTML, like Gecko) Chrome/136.0.7103.113 Mobile Safari/537.36 (compatible; GoogleOther)"
66.249.66.198 - - [12/Jun/2025:09:21:35 -0400] "GET /info/personalty/106713752.phtml HTTP/1.1" 200 25127 "-" "Mozilla/5.0 (Linux; Android 6.0.1; Nexus 5X Build/MMB29P) AppleWebKit/537.36 (KHTML, like Gecko) Chrome/136.0.7103.113 Mobile Safari/537.36 (compatible; GoogleOther)"
162.0.232.193 - - [12/Jun/2025:09:21:39 -0400] "POST /wp-cron.php?doing_wp_cron=1749734499.0584840774536132812500 HTTP/1.1" 200 0 "-" "WordPress/6.6.2; https://remonster.online"
2a03:2880:f800:2:: - - [12/Jun/2025:09:21:37 -0400] "GET /shopdetail/128260418 HTTP/1.1" 301 0 "-" "meta-externalagent/1.1 (+https://developers.facebook.com/docs/sharing/webmasters/crawler)"
2a03:2880:f800:12:: - - [12/Jun/2025:09:21:38 -0400] "GET /shopdetail/226203818 HTTP/1.1" 301 0 "-" "meta-externalagent/1.1 (+https://developers.facebook.com/docs/sharing/webmasters/crawler)"
2a03:2880:f800:9:: - - [12/Jun/2025:09:21:41 -0400] "GET / HTTP/1.1" 200 10845 "-" "meta-externalagent/1.1 (+https://developers.facebook.com/docs/sharing/webmasters/crawler)"
2a03:2880:f800:2:: - - [12/Jun/2025:09:21:41 -0400] "GET / HTTP/1.1" 200 10845 "-" "meta-externalagent/1.1 (+https://developers.facebook.com/docs/sharing/webmasters/crawler)"
66.249.66.13 - - [12/Jun/2025:09:21:41 -0400] "GET /special/874684554.phtml HTTP/1.1" 200 23710 "-" "Mozilla/5.0 (Linux; Android 6.0.1; Nexus 5X Build/MMB29P) AppleWebKit/537.36 (KHTML, like Gecko) Chrome/136.0.7103.113 Mobile Safari/537.36 (compatible; GoogleOther)"
66.249.66.38 - - [12/Jun/2025:09:21:46 -0400] "GET /detail/indulger/116906442.phtml HTTP/1.1" 200 24161 "-" "Mozilla/5.0 (Linux; Android 6.0.1; Nexus 5X Build/MMB29P) AppleWebKit/537.36 (KHTML, like Gecko) Chrome/136.0.7103.113 Mobile Safari/537.36 (compatible; GoogleOther)"
2a03:2880:f800:16:: - - [12/Jun/2025:09:21:49 -0400] "GET /shopdetail/46865918 HTTP/1.1" 301 0 "-" "meta-externalagent/1.1 (+https://developers.facebook.com/docs/sharing/webmasters/crawler)"
66.249.66.38 - - [12/Jun/2025:09:21:52 -0400] "GET /special/%3E%E3%83%AB%E3%82%A4%E3%83%B4%E3%82%A3%E3%83%88%E3%83%B3%E3%80%80%E3%82%BB%E3%82%AB%E3%83%B3%E3%83%89%E3%83%90%E3%83%83%E3%82%B0%3CBR%3E%3CBR%3E%E3%82%B5%E3%82%A4%E3%82%BA%3CBR%3E%E5%B9%8529%20%E3%8E%9D%E3%80%81%E9%AB%98%E3%81%9518%E3%8E%9D%E3%80%81%E5%A5%A5%E8%A1%8C8%E3%8E%9D%3CBR%3E%3CBR%3E%3CBR%3E%E3%81%BB%E3%81%A8%E3%82%93%E3%81%A9%E4%BD%BF%E7%94%A8%E3%81%97%E3%81%AA%E3%81%8B%E3%81%A3%E3%81%9F%E3%81%AE%E3%81%A7%E3%80%80%3CBR%3E%E5%86%85%E5%81%B4%E3%81%AF%E7%B6%BA%E9%BA%97%E3%81%A0%E3%81%A8%E6%80%9D%E3%81%84%E3%81%BE%E3%81%99%E3%81%8C%3CBR%3E%E5%A4%96%E5%81%B4%E3%81%AE%E3%83%9D%E3%82%B1%E3%83%83%E3%83%88%E3%81%AE%E4%B8%AD%E3%81%AF%3CBR%3E%E5%A4%89%E8%89%B2%E3%81%A8%E7%9A%AE%E3%81%AB%E5%82%B7%E3%81%BF%E3%81%8C%E3%81%94%E3%81%96%E3%81%84%E3%81%BE%E3%81%99%3CBR%3E%3CBR%3E%E4%B8%AD%E5%8F%A4%E3%81%AB%E3%81%94%E7%90%86%E8%A7%A3%E3%81%84%E3%81%9F%E3%81%A0%E3%81%8D%3CBR%3E%E8%BF%94%E5%93%81%E8%BF%94%E9%87%91%E3%81%AF%E3%81%A7%E3%81%8D%E3%81%BE%E3%81%9B%E3%82%93%E3%81%AE%E3%81%A7%3CBR%3E%E7%A5%9E%E7%B5%8C%E8%B3%AA%E3%81%AA%E6%96%B9%E3%81%AF%E3%81%8A%E6%8E%A7%E3%81%88%E3%81%8F%E3%81%A0%E3%81%95%E3%81%84%20%20%20%20%3C/div%3E%20%20%20%20%3Cdiv%20class= HTTP/1.1" 200 25654 "-" "Googlebot-Image/1.0"
2a03:2880:f800:1a:: - - [12/Jun/2025:09:21:53 -0400] "GET / HTTP/1.1" 200 10845 "-" "meta-externalagent/1.1 (+https://developers.facebook.com/docs/sharing/webmasters/crawler)"
66.249.66.199 - - [12/Jun/2025:09:21:57 -0400] "GET /shopdetail/myy/hurling/873476758.phtml HTTP/1.1" 200 23581 "-" "Mozilla/5.0 (Linux; Android 6.0.1; Nexus 5X Build/MMB29P) AppleWebKit/537.36 (KHTML, like Gecko) Chrome/136.0.7103.113 Mobile Safari/537.36 (compatible; GoogleOther)"
66.249.66.77 - - [12/Jun/2025:09:22:02 -0400] "GET /special1378625564.phtml HTTP/1.1" 200 25421 "-" "Mozilla/5.0 (Linux; Android 6.0.1; Nexus 5X Build/MMB29P) AppleWebKit/537.36 (KHTML, like Gecko) Chrome/136.0.7103.113 Mobile Safari/537.36 (compatible; GoogleOther)"
66.249.66.14 - - [12/Jun/2025:09:22:08 -0400] "GET /products/874791354.phtml HTTP/1.1" 200 25242 "-" "Mozilla/5.0 (Linux; Android 6.0.1; Nexus 5X Build/MMB29P) AppleWebKit/537.36 (KHTML, like Gecko) Chrome/136.0.7103.113 Mobile Safari/537.36 (compatible; GoogleOther)"
66.249.66.38 - - [12/Jun/2025:09:22:14 -0400] "GET /info/1377937908.phtml HTTP/1.1" 200 23615 "-" "Mozilla/5.0 (Linux; Android 6.0.1; Nexus 5X Build/MMB29P) AppleWebKit/537.36 (KHTML, like Gecko) Chrome/136.0.7103.113 Mobile Safari/537.36 (compatible; GoogleOther)"
2601:85:ca80:8df0:3cf0:d00d:b8d2:b335 - - [12/Jun/2025:09:22:15 -0400] "GET /category/remonster/ HTTP/1.1" 200 24977 "https://remonster.online/manga/re-monster-chapter-49/" "Mozilla/5.0 (Linux; Android 10; K) AppleWebKit/537.36 (KHTML, like Gecko) Chrome/137.0.0.0 Mobile Safari/537.36"
66.249.66.38 - - [12/Jun/2025:09:22:19 -0400] "GET /products/874789554.phtml HTTP/1.1" 200 23772 "-" "Mozilla/5.0 (Linux; Android 6.0.1; Nexus 5X Build/MMB29P) AppleWebKit/537.36 (KHTML, like Gecko) Chrome/136.0.7103.113 Mobile Safari/537.36 (compatible; GoogleOther)"
2601:85:ca80:8df0:3cf0:d00d:b8d2:b335 - - [12/Jun/2025:09:22:23 -0400] "GET /manga/re-monster-chapter-50/ HTTP/1.1" 200 17781 "https://remonster.online/manga/re-monster-chapter-49/" "Mozilla/5.0 (Linux; Android 10; K) AppleWebKit/537.36 (KHTML, like Gecko) Chrome/137.0.0.0 Mobile Safari/537.36"
2601:85:ca80:8df0:3cf0:d00d:b8d2:b335 - - [12/Jun/2025:09:22:22 -0400] "GET /tag/chapters/ HTTP/1.1" 301 0 "https://remonster.online/manga/re-monster-chapter-49/" "Mozilla/5.0 (Linux; Android 10; K) AppleWebKit/537.36 (KHTML, like Gecko) Chrome/137.0.0.0 Mobile Safari/537.36"
66.249.66.162 - - [12/Jun/2025:09:22:25 -0400] "GET /goods107739462.phtml HTTP/1.1" 200 24181 "-" "Mozilla/5.0 (Linux; Android 6.0.1; Nexus 5X Build/MMB29P) AppleWebKit/537.36 (KHTML, like Gecko) Chrome/136.0.7103.113 Mobile Safari/537.36 (compatible; GoogleOther)"
162.0.232.193 - - [12/Jun/2025:09:22:28 -0400] "POST /wp-cron.php?doing_wp_cron=1749734548.2489581108093261718750 HTTP/1.1" 200 0 "-" "WordPress/6.6.2; https://remonster.online"
2601:85:ca80:8df0:3cf0:d00d:b8d2:b335 - - [12/Jun/2025:09:22:25 -0400] "POST /wp-admin/admin-ajax.php HTTP/1.1" 200 69 "https://remonster.online/manga/re-monster-chapter-50/" "Mozilla/5.0 (Linux; Android 10; K) AppleWebKit/537.36 (KHTML, like Gecko) Chrome/137.0.0.0 Mobile Safari/537.36"
66.249.66.13 - - [12/Jun/2025:09:22:30 -0400] "GET /products/874779414.phtml HTTP/1.1" 200 23617 "-" "Mozilla/5.0 (Linux; Android 6.0.1; Nexus 5X Build/MMB29P) AppleWebKit/537.36 (KHTML, like Gecko) Chrome/136.0.7103.113 Mobile Safari/537.36 (compatible; GoogleOther)"
66.249.66.38 - - [12/Jun/2025:09:22:37 -0400] "GET /goods/132066880.phtml HTTP/1.1" 200 24998 "-" "Mozilla/5.0 (Linux; Android 6.0.1; Nexus 5X Build/MMB29P) AppleWebKit/537.36 (KHTML, like Gecko) Chrome/136.0.7103.113 Mobile Safari/537.36 (compatible; GoogleOther)"
2a03:2880:f800:: - - [12/Jun/2025:09:22:38 -0400] "GET /shopdetail/66574118 HTTP/1.1" 301 0 "-" "meta-externalagent/1.1 (+https://developers.facebook.com/docs/sharing/webmasters/crawler)"
2a03:2880:f800:7:: - - [12/Jun/2025:09:22:41 -0400] "GET / HTTP/1.1" 200 10845 "-" "meta-externalagent/1.1 (+https://developers.facebook.com/docs/sharing/webmasters/crawler)"
66.249.66.162 - - [12/Jun/2025:09:22:42 -0400] "GET /products/874715808.phtml HTTP/1.1" 200 24171 "-" "Mozilla/5.0 (Linux; Android 6.0.1; Nexus 5X Build/MMB29P) AppleWebKit/537.36 (KHTML, like Gecko) Chrome/136.0.7103.113 Mobile Safari/537.36 (compatible; GoogleOther)"
103.137.204.91 - - [12/Jun/2025:09:22:46 -0400] "GET /manga/re-monster-chapter-70/ HTTP/1.1" 200 17711 "https://www.google.com/" "Mozilla/5.0 (Windows NT 10.0; Win64; x64) AppleWebKit/537.36 (KHTML, like Gecko) Chrome/134.0.0.0 Safari/537.36 OPR/119.0.0.0"
209.141.49.135 - - [12/Jun/2025:09:22:46 -0400] "GET /wp-login.php HTTP/1.1" 200 1749 "-" "Mozilla/5.0 (Windows NT 6.3; WOW64) AppleWebKit/537.36 (KHTML, like Gecko) Chrome/35.0.1916.153 Safari/537.36"
103.137.204.91 - - [12/Jun/2025:09:22:47 -0400] "GET /wp-content/plugins/simple-social-buttons/assets/js/frontend-blocks.js?ver=5.3.1 HTTP/1.1" 304 0 "https://remonster.online/manga/re-monster-chapter-70/" "Mozilla/5.0 (Windows NT 10.0; Win64; x64) AppleWebKit/537.36 (KHTML, like Gecko) Chrome/134.0.0.0 Safari/537.36 OPR/119.0.0.0"
66.249.66.76 - - [12/Jun/2025:09:22:47 -0400] "GET /products/xuc/bename/%3E%3CDIV%20ALIGN=left%3E%3CDIV%20ALIGN=center%3E%3CTABLE%20BORDER=0%20WIDTH=600%20CELLSPACING=0%20CELLPADDING=0%3E%3CTR%3E%3CTD%3E%3CDIV%20ALIGN=center%3E%3CFONT%20SIZE=1%20COLOR= HTTP/1.1" 200 24898 "-" "Googlebot-Image/1.0"
209.141.49.135 - - [12/Jun/2025:09:22:47 -0400] "POST /wp-login.php HTTP/1.1" 200 1888 "-" "Mozilla/5.0 (Windows NT 6.3; WOW64) AppleWebKit/537.36 (KHTML, like Gecko) Chrome/35.0.1916.153 Safari/537.36"
103.137.204.91 - - [12/Jun/2025:09:22:49 -0400] "GET /wp-content/plugins/comic-easel/js/keynav.js HTTP/1.1" 304 0 "https://remonster.online/manga/re-monster-chapter-70/" "Mozilla/5.0 (Windows NT 10.0; Win64; x64) AppleWebKit/537.36 (KHTML, like Gecko) Chrome/134.0.0.0 Safari/537.36 OPR/119.0.0.0"
103.137.204.91 - - [12/Jun/2025:09:22:49 -0400] "GET /wp-content/plugins/disqus-comment-system/public/js/comment_count.js?ver=3.1.2 HTTP/1.1" 304 0 "https://remonster.online/manga/re-monster-chapter-70/" "Mozilla/5.0 (Windows NT 10.0; Win64; x64) AppleWebKit/537.36 (KHTML, like Gecko) Chrome/134.0.0.0 Safari/537.36 OPR/119.0.0.0"
2a03:2880:f800:9:: - - [12/Jun/2025:09:22:48 -0400] "GET /shopdetail/104740218 HTTP/1.1" 301 0 "-" "meta-externalagent/1.1 (+https://developers.facebook.com/docs/sharing/webmasters/crawler)"
103.137.204.91 - - [12/Jun/2025:09:22:49 -0400] "GET /wp-content/plugins/disqus-comment-system/public/js/comment_embed.js?ver=3.1.2 HTTP/1.1" 304 0 "https://remonster.online/manga/re-monster-chapter-70/" "Mozilla/5.0 (Windows NT 10.0; Win64; x64) AppleWebKit/537.36 (KHTML, like Gecko) Chrome/134.0.0.0 Safari/537.36 OPR/119.0.0.0"
103.137.204.91 - - [12/Jun/2025:09:22:50 -0400] "GET /category/remonster/ HTTP/1.1" 200 24979 "https://remonster.online/manga/re-monster-chapter-70/" "Mozilla/5.0 (Windows NT 10.0; Win64; x64) AppleWebKit/537.36 (KHTML, like Gecko) Chrome/134.0.0.0 Safari/537.36 OPR/119.0.0.0"
103.137.204.91 - - [12/Jun/2025:09:22:50 -0400] "GET /manga/remonster-chapter-105/ HTTP/1.1" 200 18185 "https://remonster.online/manga/re-monster-chapter-70/" "Mozilla/5.0 (Windows NT 10.0; Win64; x64) AppleWebKit/537.36 (KHTML, like Gecko) Chrome/134.0.0.0 Safari/537.36 OPR/119.0.0.0"
2a03:2880:f800:16:: - - [12/Jun/2025:09:22:51 -0400] "GET / HTTP/1.1" 200 10845 "-" "meta-externalagent/1.1 (+https://developers.facebook.com/docs/sharing/webmasters/crawler)"
103.137.204.91 - - [12/Jun/2025:09:22:53 -0400] "GET /wp-content/uploads/2021/11/cropped-CeDzRGZ-180x180.png HTTP/1.1" 200 60430 "https://remonster.online/manga/re-monster-chapter-70/" "Mozilla/5.0 (Windows NT 10.0; Win64; x64) AppleWebKit/537.36 (KHTML, like Gecko) Chrome/134.0.0.0 Safari/537.36 OPR/119.0.0.0"
103.137.204.91 - - [12/Jun/2025:09:22:52 -0400] "GET /category/remonster-manga/ HTTP/1.1" 200 25018 "https://remonster.online/manga/re-monster-chapter-70/" "Mozilla/5.0 (Windows NT 10.0; Win64; x64) AppleWebKit/537.36 (KHTML, like Gecko) Chrome/134.0.0.0 Safari/537.36 OPR/119.0.0.0"
66.249.66.76 - - [12/Jun/2025:09:22:52 -0400] "GET /item/1377927318.phtml HTTP/1.1" 200 24203 "-" "Mozilla/5.0 (Linux; Android 6.0.1; Nexus 5X Build/MMB29P) AppleWebKit/537.36 (KHTML, like Gecko) Chrome/136.0.7103.113 Mobile Safari/537.36 (compatible; GoogleOther)"
