112.201.172.171 - - [12/Jun/2025:10:12:30 -0400] "POST /wp-admin/admin-ajax.php HTTP/1.1" 200 69 "https://remonster.online/manga/remonster-chapter-80/" "Mozilla/5.0 (Windows NT 10.0; Win64; x64) AppleWebKit/537.36 (KHTML, like Gecko) Chrome/134.0.0.0 Safari/537.36 OPR/119.0.0.0"
66.249.66.69 - - [12/Jun/2025:10:12:40 -0400] "GET /special69996152.phtml HTTP/1.1" 200 23485 "-" "Mozilla/5.0 (Linux; Android 6.0.1; Nexus 5X Build/MMB29P) AppleWebKit/537.36 (KHTML, like Gecko) Chrome/136.0.7103.113 Mobile Safari/537.36 (compatible; GoogleOther)"
2a03:2880:f800:c:: - - [12/Jun/2025:10:12:43 -0400] "GET /shopdetail/306030018 HTTP/1.1" 301 0 "-" "meta-externalagent/1.1 (+https://developers.facebook.com/docs/sharing/webmasters/crawler)"
2a03:2880:f800:15:: - - [12/Jun/2025:10:12:44 -0400] "GET /shopdetail/115998718 HTTP/1.1" 301 0 "-" "meta-externalagent/1.1 (+https://developers.facebook.com/docs/sharing/webmasters/crawler)"
2a03:2880:f800:1c:: - - [12/Jun/2025:10:12:46 -0400] "GET / HTTP/1.1" 200 10888 "-" "meta-externalagent/1.1 (+https://developers.facebook.com/docs/sharing/webmasters/crawler)"
66.249.66.69 - - [12/Jun/2025:10:12:46 -0400] "GET /goodscode/2061531032.phtml HTTP/1.1" 200 25729 "-" "Mozilla/5.0 (Linux; Android 6.0.1; Nexus 5X Build/MMB29P) AppleWebKit/537.36 (KHTML, like Gecko) Chrome/136.0.7103.113 Mobile Safari/537.36 (compatible; GoogleOther)"
2a03:2880:f800:5:: - - [12/Jun/2025:10:12:49 -0400] "GET / HTTP/1.1" 200 10845 "-" "meta-externalagent/1.1 (+https://developers.facebook.com/docs/sharing/webmasters/crawler)"
2a03:2880:f800:c:: - - [12/Jun/2025:10:12:50 -0400] "GET /shopdetail/91878918 HTTP/1.1" 500 891 "-" "meta-externalagent/1.1 (+https://developers.facebook.com/docs/sharing/webmasters/crawler)"
2a03:2880:f800:a:: - - [12/Jun/2025:10:12:45 -0400] "GET /shopdetail/315022718 HTTP/1.1" 301 0 "-" "meta-externalagent/1.1 (+https://developers.facebook.com/docs/sharing/webmasters/crawler)"
2a03:2880:f800:4:: - - [12/Jun/2025:10:12:45 -0400] "GET /shopdetail/242854118 HTTP/1.1" 301 0 "-" "meta-externalagent/1.1 (+https://developers.facebook.com/docs/sharing/webmasters/crawler)"
2a03:2880:f800:14:: - - [12/Jun/2025:10:12:58 -0400] "GET / HTTP/1.1" 200 10845 "-" "meta-externalagent/1.1 (+https://developers.facebook.com/docs/sharing/webmasters/crawler)"
2a03:2880:f800:5:: - - [12/Jun/2025:10:12:59 -0400] "GET / HTTP/1.1" 200 10845 "-" "meta-externalagent/1.1 (+https://developers.facebook.com/docs/sharing/webmasters/crawler)"
66.249.66.160 - - [12/Jun/2025:10:12:58 -0400] "GET /item/%3E%3CFONT%20SIZE=5%3E%3CB%3ETRIAD%20%E3%83%88%E3%83%A9%E3%82%A4%E3%82%A2%E3%83%83%E3%83%89%E3%82%A2%E3%82%A6%E3%83%88%E3%83%97%E3%83%83%E3%83%88%E3%83%88%E3%83%A9%E3%83%B3%E3%82%B9HS-54%20%E3%83%9A%E3%82%A2%E3%83%BC%E3%81%A7%E3%81%99%E3%80%82%3C/B%3E%3C/FONT%3E%3CDIV%3E%3CFONT%20SIZE=5%3E%3CB%3E%E3%82%A4%E3%83%B3%E3%83%94%E3%83%BC%E3%83%80%E3%83%B3%E3%82%B9%E3%81%AF%E4%B8%80%E6%AC%A1%E3%81%AF20K%CE%A9%E3%80%81%E4%BA%8C%E6%AC%A1%E3%81%AF250%CE%A9%E3%81%AB%E9%85%8D%E7%B7%9A%E3%81%97%E3%81%A6%E3%81%82%E3%82%8A%E3%81%BE%E3%81%99%E3%80%82%3C/B%3E%3C/FONT%3E%3C/DIV%3E%3CDIV%3E%3CFONT%20SIZE=5%3E%3CB%3E%E3%83%8F%E3%82%A4%E3%82%A4%E3%83%B3%E3%83%94%E3%83%BC%E3%83%80%E3%83%B3%E3%82%B9%E5%87%BA%E5%8A%9B%E3%81%AE%E7%9C%9F%E7%A9%BA%E7%AE%A1%E3%83%97%E3%82%8A%E3%82%A2%E3%83%B3%E3%83%97(%E3%83%9E%E3%83%A9%E3%83%B3%E3%83%84 HTTP/1.1" 200 25312 "-" "Googlebot-Image/1.0"
2a03:2880:f800:2:: - - [12/Jun/2025:10:13:03 -0400] "GET /shopdetail/210083218 HTTP/1.1" 301 0 "-" "meta-externalagent/1.1 (+https://developers.facebook.com/docs/sharing/webmasters/crawler)"
112.201.172.171 - - [12/Jun/2025:10:13:08 -0400] "GET /category/remonster-manga/ HTTP/1.1" 200 18193 "https://remonster.online/manga/remonster-chapter-79/" "Mozilla/5.0 (Windows NT 10.0; Win64; x64) AppleWebKit/537.36 (KHTML, like Gecko) Chrome/134.0.0.0 Safari/537.36 OPR/119.0.0.0"
66.249.66.196 - - [12/Jun/2025:10:13:08 -0400] "GET /item/baw/buirdly/870694496.phtml HTTP/1.1" 200 25662 "-" "Mozilla/5.0 (Linux; Android 6.0.1; Nexus 5X Build/MMB29P) AppleWebKit/537.36 (KHTML, like Gecko) Chrome/136.0.7103.113 Mobile Safari/537.36 (compatible; GoogleOther)"
2a03:2880:f800:1b:: - - [12/Jun/2025:10:13:09 -0400] "GET /shopdetail/342963818 HTTP/1.1" 301 0 "-" "meta-externalagent/1.1 (+https://developers.facebook.com/docs/sharing/webmasters/crawler)"
2a03:2880:f800:6:: - - [12/Jun/2025:10:13:12 -0400] "GET / HTTP/1.1" 200 10845 "-" "meta-externalagent/1.1 (+https://developers.facebook.com/docs/sharing/webmasters/crawler)"
112.201.172.171 - - [12/Jun/2025:10:13:12 -0400] "GET / HTTP/1.1" 200 10845 "https://remonster.online/manga/remonster-chapter-79/" "Mozilla/5.0 (Windows NT 10.0; Win64; x64) AppleWebKit/537.36 (KHTML, like Gecko) Chrome/134.0.0.0 Safari/537.36 OPR/119.0.0.0"
112.201.172.171 - - [12/Jun/2025:10:13:14 -0400] "GET / HTTP/1.1" 200 10845 "https://remonster.online/manga/remonster-chapter-79/" "Mozilla/5.0 (Windows NT 10.0; Win64; x64) AppleWebKit/537.36 (KHTML, like Gecko) Chrome/134.0.0.0 Safari/537.36 OPR/119.0.0.0"
112.201.172.171 - - [12/Jun/2025:10:13:14 -0400] "GET /manga/re-monster-chapter-1/ HTTP/1.1" 200 17995 "https://remonster.online/manga/remonster-chapter-79/" "Mozilla/5.0 (Windows NT 10.0; Win64; x64) AppleWebKit/537.36 (KHTML, like Gecko) Chrome/134.0.0.0 Safari/537.36 OPR/119.0.0.0"
112.201.172.171 - - [12/Jun/2025:10:13:16 -0400] "GET /wp-content/uploads/2021/11/LN_v09_001-697x1024.jpeg HTTP/1.1" 200 214016 "https://remonster.online/" "Mozilla/5.0 (Windows NT 10.0; Win64; x64) AppleWebKit/537.36 (KHTML, like Gecko) Chrome/134.0.0.0 Safari/537.36 OPR/119.0.0.0"
112.201.172.171 - - [12/Jun/2025:10:13:16 -0400] "GET /wp-content/uploads/2021/11/8168f-bSGoS-717x1024.jpeg HTTP/1.1" 200 200846 "https://remonster.online/" "Mozilla/5.0 (Windows NT 10.0; Win64; x64) AppleWebKit/537.36 (KHTML, like Gecko) Chrome/134.0.0.0 Safari/537.36 OPR/119.0.0.0"
2a03:2880:f800:19:: - - [12/Jun/2025:10:13:16 -0400] "GET / HTTP/1.1" 200 10845 "-" "meta-externalagent/1.1 (+https://developers.facebook.com/docs/sharing/webmasters/crawler)"
112.201.172.171 - - [12/Jun/2025:10:13:19 -0400] "GET /manga/remonster-chapter-106/ HTTP/1.1" 200 14266 "https://remonster.online/" "Mozilla/5.0 (Windows NT 10.0; Win64; x64) AppleWebKit/537.36 (KHTML, like Gecko) Chrome/134.0.0.0 Safari/537.36 OPR/119.0.0.0"
66.249.66.43 - - [12/Jun/2025:10:13:19 -0400] "GET /products/cowhiding2068095144.phtml HTTP/1.1" 200 26363 "-" "Mozilla/5.0 (Linux; Android 6.0.1; Nexus 5X Build/MMB29P) AppleWebKit/537.36 (KHTML, like Gecko) Chrome/136.0.7103.113 Mobile Safari/537.36 (compatible; GoogleOther)"
66.249.66.6 - - [12/Jun/2025:10:13:31 -0400] "GET /shopping69710346.phtml HTTP/1.1" 200 23575 "-" "Mozilla/5.0 (Linux; Android 6.0.1; Nexus 5X Build/MMB29P) AppleWebKit/537.36 (KHTML, like Gecko) Chrome/136.0.7103.113 Mobile Safari/537.36 (compatible; GoogleOther)"
2405:acc0:1504:861a:4909:208a:9dc2:c96c - - [12/Jun/2025:10:13:36 -0400] "GET /manga/re-monster-chapter-2/ HTTP/1.1" 200 18907 "https://remonster.online/manga/re-monster-chapter-1/" "Mozilla/5.0 (Linux; U; Android 4.0.4; en-gb; SHW-M380K Build/IMM76D) AppleWebKit/534.30 (KHTML, like Gecko) Version/4.0 Safari/534.30"
2405:acc0:1504:861a:4909:208a:9dc2:c96c - - [12/Jun/2025:10:13:38 -0400] "GET /wp-content/plugins/wp-rocket/assets/js/wpr-beacon.min.js HTTP/1.1" 200 3530 "https://remonster.online/manga/re-monster-chapter-2/" "Mozilla/5.0 (Linux; U; Android 4.0.4; en-gb; SHW-M380K Build/IMM76D) AppleWebKit/534.30 (KHTML, like Gecko) Version/4.0 Safari/534.30"
66.249.66.69 - - [12/Jun/2025:10:13:43 -0400] "GET /products/us/ephydra2059004602.phtml HTTP/1.1" 200 24193 "-" "Mozilla/5.0 (Linux; Android 6.0.1; Nexus 5X Build/MMB29P) AppleWebKit/537.36 (KHTML, like Gecko) Chrome/136.0.7103.113 Mobile Safari/537.36 (compatible; GoogleOther)"
162.0.232.193 - - [12/Jun/2025:10:13:48 -0400] "POST /wp-cron.php?doing_wp_cron=1749737628.7291231155395507812500 HTTP/1.1" 200 0 "-" "WordPress/6.6.2; https://remonster.online"
2405:acc0:1504:861a:4909:208a:9dc2:c96c - - [12/Jun/2025:10:13:45 -0400] "POST /wp-admin/admin-ajax.php HTTP/1.1" 200 72 "https://remonster.online/manga/re-monster-chapter-2/" "Mozilla/5.0 (Linux; U; Android 4.0.4; en-gb; SHW-M380K Build/IMM76D) AppleWebKit/534.30 (KHTML, like Gecko) Version/4.0 Safari/534.30"
2a03:2880:f800:17:: - - [12/Jun/2025:10:13:49 -0400] "GET /shopdetail/403190318 HTTP/1.1" 301 0 "-" "meta-externalagent/1.1 (+https://developers.facebook.com/docs/sharing/webmasters/crawler)"
49.145.217.125 - - [12/Jun/2025:10:13:51 -0400] "GET /manga/re-monster-chapter-72/ HTTP/1.1" 200 17570 "https://remonster.online/manga/re-monster-chapter-71/" "Mozilla/5.0 (iPhone; CPU iPhone OS 12_5_7 like Mac OS X) AppleWebKit/605.1.15 (KHTML, like Gecko) Version/12.1.2 Mobile/15E148 Safari/604.1"
2a03:2880:f800:3:: - - [12/Jun/2025:10:13:51 -0400] "GET / HTTP/1.1" 200 10845 "-" "meta-externalagent/1.1 (+https://developers.facebook.com/docs/sharing/webmasters/crawler)"
114.119.144.17 - - [12/Jun/2025:10:13:52 -0400] "GET /remonster-chapter-97/ HTTP/1.1" 200 13219 "https://remonster.online/category/re-monster/" "Mozilla/5.0 (Linux; Android 7.0;) AppleWebKit/537.36 (KHTML, like Gecko) Mobile Safari/537.36 (compatible; PetalBot;+https://webmaster.petalsearch.com/site/petalbot)"
66.249.66.6 - - [12/Jun/2025:10:13:53 -0400] "GET /products/ru/%3E30%E3%83%97%E3%83%AA%E3%82%A6%E3%82%B9%E7%94%A8%E3%81%AE%E8%AA%BF%E6%95%B4%E5%BC%8F%E3%82%BF%E3%82%A4%E3%83%AD%E3%83%83%E3%83%89%E3%81%A7%E3%81%99%E3%80%82%E4%BD%BF%E3%81%86%E3%81%A4%E3%82%82%E3%82%8A%E3%81%A7%E3%81%97%E3%81%9F%E3%81%8C%E4%BB%96%E3%81%AE%E3%83%A1%E3%83%BC%E3%82%AB%E3%83%BC%E3%81%AB%E5%A4%89%E3%81%88%E3%81%9F%E3%81%9F%E3%82%81%E5%87%BA%E5%93%81%E3%81%97%E3%81%BE%E3%81%99!%E5%AE%8C%E5%85%A8%E3%81%AB%E6%96%B0%E5%93%81%E6%9C%AA%E4%BD%BF%E7%94%A8%E3%81%A7%E3%81%99%E3%80%82%3CBR%3E%3CBR%3E%E7%99%BA%E9%80%81%E3%81%AF%E3%82%AF%E3%83%AD%E3%83%8D%E3%82%B3%E3%83%A4%E3%83%9E%E3%83%88%E9%80%81%E6%96%99%E7%9D%80%E6%89%95%E3%81%84%E3%81%A7%E3%81%99%E3%80%82%E3%81%8A%E6%94%AF%E6%89%95%E3%81%84%E6%96%B9%E6%B3%95%E3%81%AFYahoo%E3%81%8B%E3%82%93%E3%81%9F%E3%82%93%E6%B1%BA%E6%B8%88%E3%81%AE%E3%81%BF%E3%81%A7%E3%81%99%E3%80%82%3CBR%3E%3CBR%3E%E4%BD%95%E3%81%8B%E6%B0%97%E3%81%AB%E3%81%AA%E3%82%8B%E4%BA%8B%E3%81%82%E3%82%8A%E3%81%BE%E3%81%97%E3%81%9F%E3%82%89%E8%B3%AA%E5%95%8F%E3%82%88%E3%82%8A%E3%81%8A%E9%A1%98%E3%81%84%E3%81%97%E3%81%BE%E3%81%99%E3%80%82%3CBR%3E%3CBR%3E%E4%BB%A5%E4%B8%8A%E3%80%81%E3%83%8E%E3%83%BC%E3%82%AF%E3%83%AC%E3%83%BC%E3%83%A0%E3%80%81%E3%83%8E%E3%83%BC%E3%83%AA%E3%82%BF%E3%83%BC%E3%83%B3%E5%8E%B3%E5%AE%88%E3%81%A7%E3%81%8A%E9%A1%98%E3%81%84%E3%81%84%E3%81%9F%E3%81%97%E3%81%BE%E3%81%99%E3%80%82%20%20%20%20%3C/div%3E%20%20%20%20%3Cdiv%20class= HTTP/1.1" 200 25728 "-" "Googlebot-Image/1.0"
66.249.66.42 - - [12/Jun/2025:10:14:03 -0400] "GET /product872169742.phtml HTTP/1.1" 200 23966 "-" "Mozilla/5.0 (Linux; Android 6.0.1; Nexus 5X Build/MMB29P) AppleWebKit/537.36 (KHTML, like Gecko) Chrome/136.0.7103.113 Mobile Safari/537.36 (compatible; GoogleOther)"
66.249.66.69 - - [12/Jun/2025:10:14:13 -0400] "GET /products/zo/microweber871732720.phtml HTTP/1.1" 200 24322 "-" "Mozilla/5.0 (Linux; Android 6.0.1; Nexus 5X Build/MMB29P) AppleWebKit/537.36 (KHTML, like Gecko) Chrome/136.0.7103.113 Mobile Safari/537.36 (compatible; GoogleOther)"
66.249.66.194 - - [12/Jun/2025:10:14:21 -0400] "GET /shopping102765868.phtml HTTP/1.1" 200 24098 "-" "Mozilla/5.0 (Linux; Android 6.0.1; Nexus 5X Build/MMB29P) AppleWebKit/537.36 (KHTML, like Gecko) Chrome/136.0.7103.113 Mobile Safari/537.36 (compatible; GoogleOther)"
2600:1702:680:24c0:64e:3d44:acaf:f667 - - [12/Jun/2025:10:14:22 -0400] "GET /manga/remonster-chapter-104/ HTTP/1.1" 200 18997 "https://remonster.online/manga/remonster-chapter-103/" "Mozilla/5.0 (Linux; Android 10; K) AppleWebKit/537.36 (KHTML, like Gecko) Chrome/137.0.0.0 Mobile Safari/537.36"
2600:1702:680:24c0:64e:3d44:acaf:f667 - - [12/Jun/2025:10:14:25 -0400] "GET /wp-content/uploads/2021/11/cropped-CeDzRGZ-192x192.png HTTP/1.1" 200 68304 "https://remonster.online/manga/remonster-chapter-104/" "Mozilla/5.0 (Linux; Android 10; K) AppleWebKit/537.36 (KHTML, like Gecko) Chrome/137.0.0.0 Mobile Safari/537.36"
162.0.232.193 - - [12/Jun/2025:10:14:26 -0400] "POST /wp-cron.php?doing_wp_cron=1749737666.3195719718933105468750 HTTP/1.1" 200 0 "-" "WordPress/6.6.2; https://remonster.online"
2600:1702:680:24c0:64e:3d44:acaf:f667 - - [12/Jun/2025:10:14:22 -0400] "POST /wp-admin/admin-ajax.php HTTP/1.1" 200 69 "https://remonster.online/manga/remonster-chapter-104/" "Mozilla/5.0 (Linux; Android 10; K) AppleWebKit/537.36 (KHTML, like Gecko) Chrome/137.0.0.0 Mobile Safari/537.36"
2600:1702:680:24c0:64e:3d44:acaf:f667 - - [12/Jun/2025:10:14:23 -0400] "POST /wp-admin/admin-ajax.php HTTP/1.1" 200 69 "https://remonster.online/manga/remonster-chapter-104/" "Mozilla/5.0 (Linux; Android 10; K) AppleWebKit/537.36 (KHTML, like Gecko) Chrome/137.0.0.0 Mobile Safari/537.36"
66.249.66.42 - - [12/Jun/2025:10:14:30 -0400] "GET /products/l/heartener872983256.phtml HTTP/1.1" 200 25037 "-" "Mozilla/5.0 (Linux; Android 6.0.1; Nexus 5X Build/MMB29P) AppleWebKit/537.36 (KHTML, like Gecko) Chrome/136.0.7103.113 Mobile Safari/537.36 (compatible; GoogleOther)"
2600:1702:680:24c0:64e:3d44:acaf:f667 - - [12/Jun/2025:10:14:36 -0400] "GET /manga/remonster-chapter-104/ HTTP/1.1" 304 0 "https://remonster.online/manga/remonster-chapter-103/" "Mozilla/5.0 (Linux; Android 10; K) AppleWebKit/537.36 (KHTML, like Gecko) Chrome/137.0.0.0 Mobile Safari/537.36"
162.0.232.193 - - [12/Jun/2025:10:14:38 -0400] "POST /wp-cron.php?doing_wp_cron=1749737678.0837550163269042968750 HTTP/1.1" 200 0 "-" "WordPress/6.6.2; https://remonster.online"
66.249.66.69 - - [12/Jun/2025:10:14:38 -0400] "GET /entity/io/calcified/101706398.phtml HTTP/1.1" 200 24278 "-" "Mozilla/5.0 (Linux; Android 6.0.1; Nexus 5X Build/MMB29P) AppleWebKit/537.36 (KHTML, like Gecko) Chrome/136.0.7103.113 Mobile Safari/537.36 (compatible; GoogleOther)"
2600:1702:680:24c0:64e:3d44:acaf:f667 - - [12/Jun/2025:10:14:37 -0400] "POST /wp-admin/admin-ajax.php HTTP/1.1" 200 69 "https://remonster.online/manga/remonster-chapter-104/" "Mozilla/5.0 (Linux; Android 10; K) AppleWebKit/537.36 (KHTML, like Gecko) Chrome/137.0.0.0 Mobile Safari/537.36"
2a03:2880:f800:12:: - - [12/Jun/2025:10:14:43 -0400] "GET /shopdetail/321997718 HTTP/1.1" 301 0 "-" "meta-externalagent/1.1 (+https://developers.facebook.com/docs/sharing/webmasters/crawler)"
2a02:ce0:3002:77b8:d95c:fa99:69cc:28b5 - - [12/Jun/2025:10:14:44 -0400] "GET /manga/remonster-chapter-98/ HTTP/1.1" 200 15028 "https://www.google.com/" "Mozilla/5.0 (Linux; Android 10; K) AppleWebKit/537.36 (KHTML, like Gecko) Chrome/137.0.0.0 Mobile Safari/537.36"
66.249.66.160 - - [12/Jun/2025:10:14:45 -0400] "GET /special/%3E%E3%81%94%E8%A6%A7%E9%A0%82%E3%81%8D%E3%81%82%E3%82%8A%E3%81%8C%E3%81%A8%E3%81%86%E3%81%94%E3%81%96%E3%81%84%E3%81%BE%E3%81%99%E3%80%82%3CBR%3E%3CBR%3E%E4%B8%AD%E5%8F%A4%E5%93%81%E3%81%AB%E3%81%AA%E3%82%8A%E3%81%BE%E3%81%99%E3%80%82%E3%80%80%3CBR%3E%3CBR%3E%E5%8B%95%E4%BD%9C%E7%A2%BA%E8%AA%8D%E6%B8%88%E3%81%BF%3CBR%3E%3CBR%3E%E5%82%B7%E3%80%81%E6%B1%9A%E3%82%8C%E3%80%81%E9%8C%86%E3%81%AA%E3%81%A9%E3%81%94%E3%81%96%E3%81%84%E3%81%BE%E3%81%99%E3%80%82%3CBR%3E%3CBR%3E%E3%81%8B%E3%82%93%E3%81%9F%E3%82%93%E6%B1%BA%E6%B8%88%E3%81%A7%E3%81%8A%E9%A1%98%E3%81%84%E8%87%B4%E3%81%97%E3%81%BE%E3%81%99%E3%80%82%3CBR%3E%3CBR%3E%E7%9B%B4%E6%8E%A5%E6%8C%AF%E3%82%8A%E8%BE%BC%E3%81%BF%E3%81%AF%E5%AF%BE%E5%BF%9C%E3%81%97%E3%81%A6%E3%81%8A%E3%82%8A%E3%81%BE%E3%81%9B%E3%82%93%E3%80%82%3CBR%3E%3CBR%3E24%E6%99%82%E9%96%93%E4%BB%A5%E5%86%85%E3%81%AB%E3%81%94%E9%80%A3%E7%B5%A1%E5%8F%96%E3%82%8C%E3%82%8B%E6%96%B9%E3%80%8148%E6%99%82%E9%96%93%E4%BB%A5%E5%86%85%E3%81%AB%E3%81%8A%E6%94%AF%E6%89%95%E5%8F%AF%E8%83%BD%E3%81%AA%E6%96%B9%E3%81%AE%E3%81%8A%E5%8F%96%E5%BC%95%E3%81%8A%E9%A1%98%E3%81%84%E8%87%B4%E3%81%97%E3%81%BE%E3%81%99%E3%80%82%3CBR%3E%3CBR%3E%E5%95%86%E5%93%81%E5%8F%97%E3%81%91%E5%8F%96%E3%82%8A%E6%AC%A1%E7%AC%AC%E5%8F%97%E3%81%91%E5%8F%96%E3%82%8A%E9%80%A3%E7%B5%A1%E3%82%92%E3%82%B9%E3%83%A0%E3%83%BC%E3%82%BA%E3%81%AB%E3%81%97%E3%81%A6%E4%B8%8B%E3%81%95%E3%82%8B%E6%96%B9%3CBR%3E%E3%81%AE%E3%81%8A%E5%8F%96%E5%BC%95%E3%81%8A%E9%A1%98%E3%81%84%E8%87%B4%E3%81%97%E3%81%BE%E3%81%99%E3%80%82%3CBR%3E%3CBR%3E%E3%83%8E%E3%83%BC%E3%82%AF%E3%83%AC%E3%83%BC%E3%83%A0%E3%83%8E%E3%83%BC%E3%83%AA%E3%82%BF%E3%83%BC%E3%83%B3%E3%83%8E%E3%83%BC%E3%82%AD%E3%83%A3%E3%83%B3%E3%82%BB%E3%83%AB%E3%81%A7%E3%81%8A%E9%A1%98%E3%81%84%E8%87%B4%E3%81%97%E3%81%BE%E3%81%99%E3%80%82%3CBR%3E%3CBR%3E%3CBR%3E%3CBR%3E%20%20%20%20%3C/div%3E%20%20%20%20%3Cdiv%20class= HTTP/1.1" 200 25815 "-" "Googlebot-Image/1.0"
2a03:2880:f800:e:: - - [12/Jun/2025:10:14:46 -0400] "GET / HTTP/1.1" 200 10845 "-" "meta-externalagent/1.1 (+https://developers.facebook.com/docs/sharing/webmasters/crawler)"
2a02:ce0:3002:77b8:d95c:fa99:69cc:28b5 - - [12/Jun/2025:10:14:49 -0400] "GET / HTTP/1.1" 200 10788 "https://remonster.online/manga/remonster-chapter-98/" "Mozilla/5.0 (Linux; Android 10; K) AppleWebKit/537.36 (KHTML, like Gecko) Chrome/137.0.0.0 Mobile Safari/537.36"
66.249.66.160 - - [12/Jun/2025:10:14:52 -0400] "GET /goodscode/867377272.phtml HTTP/1.1" 200 25490 "-" "Mozilla/5.0 (Linux; Android 6.0.1; Nexus 5X Build/MMB29P) AppleWebKit/537.36 (KHTML, like Gecko) Chrome/136.0.7103.113 Mobile Safari/537.36 (compatible; GoogleOther)"
2a02:ce0:3002:77b8:d95c:fa99:69cc:28b5 - - [12/Jun/2025:10:14:54 -0400] "GET /manga/remonster-chapter-98/ HTTP/1.1" 304 0 "https://www.google.com/" "Mozilla/5.0 (Linux; Android 10; K) AppleWebKit/537.36 (KHTML, like Gecko) Chrome/137.0.0.0 Mobile Safari/537.36"
2a03:2880:f800:13:: - - [12/Jun/2025:10:14:55 -0400] "GET /shopdetail/21780818 HTTP/1.1" 301 0 "-" "meta-externalagent/1.1 (+https://developers.facebook.com/docs/sharing/webmasters/crawler)"
2a02:ce0:3002:77b8:d95c:fa99:69cc:28b5 - - [12/Jun/2025:10:14:55 -0400] "GET /manga/ HTTP/1.1" 301 0 "https://remonster.online/manga/remonster-chapter-98/" "Mozilla/5.0 (Linux; Android 10; K) AppleWebKit/537.36 (KHTML, like Gecko) Chrome/137.0.0.0 Mobile Safari/537.36"
2a03:2880:f800:e:: - - [12/Jun/2025:10:14:57 -0400] "GET / HTTP/1.1" 200 10845 "-" "meta-externalagent/1.1 (+https://developers.facebook.com/docs/sharing/webmasters/crawler)"
2a02:ce0:3002:77b8:d95c:fa99:69cc:28b5 - - [12/Jun/2025:10:14:58 -0400] "GET /manga/remonster-chapter-98/ HTTP/1.1" 304 0 "https://www.google.com/" "Mozilla/5.0 (Linux; Android 10; K) AppleWebKit/537.36 (KHTML, like Gecko) Chrome/137.0.0.0 Mobile Safari/537.36"
66.249.66.160 - - [12/Jun/2025:10:14:59 -0400] "GET /detail/68514490.phtml HTTP/1.1" 200 24391 "-" "Mozilla/5.0 (Linux; Android 6.0.1; Nexus 5X Build/MMB29P) AppleWebKit/537.36 (KHTML, like Gecko) Chrome/136.0.7103.113 Mobile Safari/537.36 (compatible; GoogleOther)"
2a02:ce0:3002:77b8:d95c:fa99:69cc:28b5 - - [12/Jun/2025:10:15:02 -0400] "GET /manga/re-monster-chapter-1/ HTTP/1.1" 200 17990 "https://remonster.online/manga/remonster-chapter-98/" "Mozilla/5.0 (Linux; Android 10; K) AppleWebKit/537.36 (KHTML, like Gecko) Chrome/137.0.0.0 Mobile Safari/537.36"
66.249.66.69 - - [12/Jun/2025:10:15:06 -0400] "GET /goodscode/beneficially/574730272.phtml HTTP/1.1" 200 24143 "-" "Mozilla/5.0 (Linux; Android 6.0.1; Nexus 5X Build/MMB29P) AppleWebKit/537.36 (KHTML, like Gecko) Chrome/136.0.7103.113 Mobile Safari/537.36 (compatible; GoogleOther)"
66.249.66.194 - - [12/Jun/2025:10:15:12 -0400] "GET /products1372926062.phtml HTTP/1.1" 200 23391 "-" "Mozilla/5.0 (Linux; Android 6.0.1; Nexus 5X Build/MMB29P) AppleWebKit/537.36 (KHTML, like Gecko) Chrome/136.0.7103.113 Mobile Safari/537.36 (compatible; GoogleOther)"
2a03:2880:f800:4:: - - [12/Jun/2025:10:15:12 -0400] "GET /shopdetail/244799118 HTTP/1.1" 301 0 "-" "meta-externalagent/1.1 (+https://developers.facebook.com/docs/sharing/webmasters/crawler)"
2a03:2880:f800:12:: - - [12/Jun/2025:10:15:15 -0400] "GET / HTTP/1.1" 200 10845 "-" "meta-externalagent/1.1 (+https://developers.facebook.com/docs/sharing/webmasters/crawler)"
66.249.66.194 - - [12/Jun/2025:10:15:17 -0400] "GET /goodscode/qeg/stool/2066594354.phtml HTTP/1.1" 200 25247 "-" "Mozilla/5.0 (Linux; Android 6.0.1; Nexus 5X Build/MMB29P) AppleWebKit/537.36 (KHTML, like Gecko) Chrome/136.0.7103.113 Mobile Safari/537.36 (compatible; GoogleOther)"
66.249.66.194 - - [12/Jun/2025:10:15:23 -0400] "GET /item/1372859632.phtml HTTP/1.1" 200 26162 "-" "Mozilla/5.0 (Linux; Android 6.0.1; Nexus 5X Build/MMB29P) AppleWebKit/537.36 (KHTML, like Gecko) Chrome/136.0.7103.113 Mobile Safari/537.36 (compatible; GoogleOther)"
66.249.66.160 - - [12/Jun/2025:10:15:29 -0400] "GET /shopdetail/go/graze/870953474.phtml HTTP/1.1" 200 23704 "-" "Mozilla/5.0 (Linux; Android 6.0.1; Nexus 5X Build/MMB29P) AppleWebKit/537.36 (KHTML, like Gecko) Chrome/136.0.7103.113 Mobile Safari/537.36 (compatible; GoogleOther)"
66.249.66.42 - - [12/Jun/2025:10:15:34 -0400] "GET /item/organizing866997758.phtml HTTP/1.1" 200 25689 "-" "Mozilla/5.0 (Linux; Android 6.0.1; Nexus 5X Build/MMB29P) AppleWebKit/537.36 (KHTML, like Gecko) Chrome/136.0.7103.113 Mobile Safari/537.36 (compatible; GoogleOther)"
66.249.66.160 - - [12/Jun/2025:10:15:39 -0400] "GET /%3E%E3%80%90%E5%95%86%E5%93%81%E3%81%AE%E8%AA%AC%E6%98%8E%E3%80%91%3CBR%3E%E5%95%86%E5%93%81%E5%90%8D%EF%BC%9A%E3%82%B9%E3%83%9D%E3%83%BC%E3%83%84%E7%94%A8%E7%9F%AD%E3%83%91%E3%83%B3%3CBR%3E%E3%82%B5%E3%82%A4%E3%82%BA%EF%BC%9A%E3%83%A1%E3%83%B3%E3%82%BAL%E7%9B%B8%E5%BD%93%3CBR%3E%3CBR%3E%E4%BD%BF%E7%94%A8%E7%8A%B6%E6%B3%81%20%EF%BC%9A%E3%83%8F%E3%83%BC%E3%83%95%E3%83%91%E3%83%B3%E3%83%84%E3%81%AE%E4%B8%88%E3%82%92%E7%9F%AD%E3%81%8F%E3%81%97%E3%81%9F%E3%83%AA%E3%83%A1%E3%82%A4%E3%82%AF%E5%93%81%E3%81%A8%E3%81%AA%E3%82%8A%E3%81%BE%E3%81%99%E3%80%82%E7%B8%AB%E8%A3%BD%E7%AD%89%E3%81%AF%E5%AE%B6%E5%BA%AD%E7%94%A8%E3%83%9F%E3%82%B7%E3%83%B3%E3%81%A7%E8%A1%8C%E3%81%A3%E3%81%A6%E3%81%BE%E3%81%99%E3%80%82%3CBR%3E%E3%81%94%E7%90%86%E8%A7%A3%E3%81%AE%E4%B8%8A%E3%81%94%E8%B3%BC%E5%85%A5%E3%81%8F%E3%81%A0%E3%81%95%E3%81%84%E3%80%82%3CBR%3E%3CBR%3E%E2%80%BB%E5%90%8C%E6%A2%B1%E7%99%BA%E9%80%81%E3%81%AF%E3%81%8A%E6%96%AD%E3%82%8A%E3%81%95%E3%81%9B%E3%81%A6%E3%81%84%E3%81%9F%E3%81%A0%E3%81%84%E3%81%A6%E3%81%8A%E3%82%8A%E3%81%BE%E3%81%99%E3%80%82%20%20%20%20%3C/div%3E%20%20%20%20%3Cdiv%20class= HTTP/1.1" 200 25530 "-" "Googlebot-Image/1.0"
66.249.66.6 - - [12/Jun/2025:10:15:45 -0400] "GET /item/1372906678.phtml HTTP/1.1" 200 27226 "-" "Mozilla/5.0 (Linux; Android 6.0.1; Nexus 5X Build/MMB29P) AppleWebKit/537.36 (KHTML, like Gecko) Chrome/136.0.7103.113 Mobile Safari/537.36 (compatible; GoogleOther)"
66.249.66.42 - - [12/Jun/2025:10:15:49 -0400] "GET /products/2063682378.phtml HTTP/1.1" 200 23932 "-" "Mozilla/5.0 (Linux; Android 6.0.1; Nexus 5X Build/MMB29P) AppleWebKit/537.36 (KHTML, like Gecko) Chrome/136.0.7103.113 Mobile Safari/537.36 (compatible; GoogleOther)"
66.249.66.70 - - [12/Jun/2025:10:15:55 -0400] "GET /product/z/efflorescence/871330936.phtml HTTP/1.1" 200 24593 "-" "Mozilla/5.0 (Linux; Android 6.0.1; Nexus 5X Build/MMB29P) AppleWebKit/537.36 (KHTML, like Gecko) Chrome/136.0.7103.113 Mobile Safari/537.36 (compatible; GoogleOther)"
66.249.66.42 - - [12/Jun/2025:10:15:59 -0400] "GET /item/defamation872237134.phtml HTTP/1.1" 200 24660 "-" "Mozilla/5.0 (Linux; Android 6.0.1; Nexus 5X Build/MMB29P) AppleWebKit/537.36 (KHTML, like Gecko) Chrome/136.0.7103.113 Mobile Safari/537.36 (compatible; GoogleOther)"
66.249.66.42 - - [12/Jun/2025:10:16:05 -0400] "GET /detail103012522.phtml HTTP/1.1" 200 23780 "-" "Mozilla/5.0 (Linux; Android 6.0.1; Nexus 5X Build/MMB29P) AppleWebKit/537.36 (KHTML, like Gecko) Chrome/136.0.7103.113 Mobile Safari/537.36 (compatible; GoogleOther)"
66.249.66.69 - - [12/Jun/2025:10:16:09 -0400] "GET /product103058218.phtml HTTP/1.1" 200 23972 "-" "Mozilla/5.0 (Linux; Android 6.0.1; Nexus 5X Build/MMB29P) AppleWebKit/537.36 (KHTML, like Gecko) Chrome/136.0.7103.113 Mobile Safari/537.36 (compatible; GoogleOther)"
66.249.66.69 - - [12/Jun/2025:10:16:14 -0400] "GET /item/acromonogrammatic2055364472.phtml HTTP/1.1" 200 24595 "-" "Mozilla/5.0 (Linux; Android 6.0.1; Nexus 5X Build/MMB29P) AppleWebKit/537.36 (KHTML, like Gecko) Chrome/136.0.7103.113 Mobile Safari/537.36 (compatible; GoogleOther)"
162.0.232.193 - - [12/Jun/2025:10:16:16 -0400] "POST /wp-cron.php?doing_wp_cron=1749737776.4726240634918212890625 HTTP/1.1" 200 0 "-" "WordPress/6.6.2; https://remonster.online"
2a03:2880:f800:9:: - - [12/Jun/2025:10:16:15 -0400] "GET /shopdetail/407265218 HTTP/1.1" 301 0 "-" "meta-externalagent/1.1 (+https://developers.facebook.com/docs/sharing/webmasters/crawler)"
2a03:2880:f800:9:: - - [12/Jun/2025:10:16:18 -0400] "GET / HTTP/1.1" 200 10845 "-" "meta-externalagent/1.1 (+https://developers.facebook.com/docs/sharing/webmasters/crawler)"
66.249.66.69 - - [12/Jun/2025:10:16:19 -0400] "GET /products/sugar2063587258.phtml HTTP/1.1" 200 25189 "-" "Mozilla/5.0 (Linux; Android 6.0.1; Nexus 5X Build/MMB29P) AppleWebKit/537.36 (KHTML, like Gecko) Chrome/136.0.7103.113 Mobile Safari/537.36 (compatible; GoogleOther)"
66.249.66.6 - - [12/Jun/2025:10:16:24 -0400] "GET /info573562462.phtml HTTP/1.1" 200 25261 "-" "Mozilla/5.0 (Linux; Android 6.0.1; Nexus 5X Build/MMB29P) AppleWebKit/537.36 (KHTML, like Gecko) Chrome/136.0.7103.113 Mobile Safari/537.36 (compatible; GoogleOther)"
66.249.66.160 - - [12/Jun/2025:10:16:29 -0400] "GET /goodscode/tw/spoon2066377608.phtml HTTP/1.1" 200 24124 "-" "Mozilla/5.0 (Linux; Android 6.0.1; Nexus 5X Build/MMB29P) AppleWebKit/537.36 (KHTML, like Gecko) Chrome/136.0.7103.113 Mobile Safari/537.36 (compatible; GoogleOther)"
66.249.66.69 - - [12/Jun/2025:10:16:34 -0400] "GET /goodscode/lithofellic/%3E%E2%98%85%E5%85%A5%E6%9C%AD%E3%81%A8%E5%90%8C%E6%99%82%E3%81%AB%E8%90%BD%E6%9C%AD%E3%81%A7%E3%81%99%E3%80%82%3CDIV%3E%E2%80%BB1%E5%9B%9E%E3%81%AE%E7%9D%80%E7%94%A8%E3%81%A7%E3%81%99%3C/DIV%3E%3CDIV%3E%E2%80%BB%E3%81%82%E3%81%A0%E3%81%A1%E3%82%84%E3%81%AE%E3%83%9B%E3%83%BC%E3%83%A0%E3%83%9A%E3%83%BC%E3%82%B8%E3%81%A7%E8%AA%BF%E3%81%B9%E3%81%BE%E3%81%97%E3%81%9F%E3%82%89%E3%83%BB%E3%83%BB%E8%BA%AB%E9%95%B7%EF%BC%91%EF%BC%97%EF%BC%90%E3%81%8B%E3%82%89%EF%BC%91%EF%BC%98%EF%BC%90%E3%83%BB%E8%83%B8%E5%9B%B2%EF%BC%97%EF%BC%98%E3%81%8B%E3%82%89%EF%BC%91%EF%BC%90%EF%BC%90%E3%83%BB%E3%82%A6%E3%82%A8%E3%82%B9%E3%83%88%EF%BC%97%EF%BC%98%E3%81%8B%E3%82%89%EF%BC%99%EF%BC%95%E3%81%A8%E3%81%AA%E3%81%A3%E3%81%A6%E3%81%84%E3%81%BE%E3%81%97%E3%81%9F%3C/DIV%3E%3CDIV%3E%3CBR%3E%3C/DIV%3E%3CDIV%3E%3CSPAN%3E%E2%98%85%E5%AE%9A%E5%BD%A2%E5%A4%96%E3%82%82%E7%99%BA%E9%80%81%E3%81%97%E3%81%A6%E3%81%84%E3%81%BE%E3%81%99%E3%81%8C%E3%80%81%E8%A3%9C%E5%84%9F%E3%81%8C%E7%84%A1%E3%81%84%E3%81%93%E3%81%A8%E3%82%92%E3%81%94%E7%90%86%E8%A7%A3%E3%81%97%E3%81%A6%E3%81%84%E3%81%9F%E3%81%A0%E3%81%84%E3%81%9F%E6%96%B9%E3%81%AB%E9%99%90%E3%82%8A%E3%81%BE%E3%81%99%E3%83%BB%E3%83%BB%E3%83%BB%3C/SPAN%3E%3CBR%3E%3CSPAN%3E%E2%98%85%E4%BD%90%E5%B7%9D%E6%80%A5%E4%BE%BF%E3%81%AF%E9%9B%A2%E5%B3%B6%E3%81%AA%E3%81%A9%E3%81%AF%E3%81%AE%E3%81%9E%E3%81%8D%E3%81%BE%E3%81%99%E3%81%8C%E3%83%BB%E3%83%BB%E3%83%BB%E3%82%86%E3%81%86%E3%83%91%E3%83%83%E3%82%AF%E3%82%88%E3%82%8A%E5%AE%89%E3%81%8F%E9%80%81%E3%82%8C%E3%81%BE%E3%81%99%3C/SPAN%3E%3CBR%3E%3CSPAN%3E%E2%98%85%E3%83%8E%E3%83%BC%E3%82%AF%E3%83%AC%E3%83%BC%E3%83%A0%E3%80%81%E3%83%8E%E3%83%BC%E3%83%AA%E3%82%BF%E3%83%BC%E3%83%B3%E3%81%A7%E3%81%8A%E9%A1%98%E3%81%84%E3%81%84%E3%81%9F%E3%81%97%E3%81%BE%E3%81%99%EF%BC%88%E7%B4%B0%E3%81%8B%E3%81%84%E7%82%B9%E3%81%8C%E6%B0%97%E3%81%AB%E3%81%AA%E3%82%8B%E6%96%B9%E3%81%AF%E5%85%A5%E6%9C%AD%E3%81%AF%E3%81%97%E3%81%AA%E3%81%84%E3%81%A7%E3%81%8F%E3%81%A0%E3%81%95%E3%81%84%EF%BC%89%3C/SPAN%3E%3C/DIV%3E%20%20%20%20%3C/div%3E%20%20%20%20%3Cdiv%20class= HTTP/1.1" 200 26056 "-" "Googlebot-Image/1.0"
66.249.66.6 - - [12/Jun/2025:10:16:39 -0400] "GET /product573526394.phtml HTTP/1.1" 200 25003 "-" "Mozilla/5.0 (Linux; Android 6.0.1; Nexus 5X Build/MMB29P) AppleWebKit/537.36 (KHTML, like Gecko) Chrome/136.0.7103.113 Mobile Safari/537.36 (compatible; GoogleOther)"
66.249.66.42 - - [12/Jun/2025:10:16:44 -0400] "GET /products/2061836800.phtml HTTP/1.1" 200 23434 "-" "Mozilla/5.0 (Linux; Android 6.0.1; Nexus 5X Build/MMB29P) AppleWebKit/537.36 (KHTML, like Gecko) Chrome/136.0.7103.113 Mobile Safari/537.36 (compatible; GoogleOther)"
66.249.66.160 - - [12/Jun/2025:10:16:49 -0400] "GET /products/f/sanskritic/869529192.phtml HTTP/1.1" 200 25693 "-" "Mozilla/5.0 (Linux; Android 6.0.1; Nexus 5X Build/MMB29P) AppleWebKit/537.36 (KHTML, like Gecko) Chrome/136.0.7103.113 Mobile Safari/537.36 (compatible; GoogleOther)"
66.249.66.160 - - [12/Jun/2025:10:16:54 -0400] "GET /item/precipitate573533900.phtml HTTP/1.1" 200 23819 "-" "Mozilla/5.0 (Linux; Android 6.0.1; Nexus 5X Build/MMB29P) AppleWebKit/537.36 (KHTML, like Gecko) Chrome/136.0.7103.113 Mobile Safari/537.36 (compatible; GoogleOther)"
162.0.232.193 - - [12/Jun/2025:10:16:57 -0400] "POST /wp-cron.php?doing_wp_cron=1749737816.9462308883666992187500 HTTP/1.1" 200 0 "-" "WordPress/6.6.2; https://remonster.online"
2a03:2880:f800:15:: - - [12/Jun/2025:10:16:56 -0400] "GET /shopdetail/281457518 HTTP/1.1" 301 0 "-" "meta-externalagent/1.1 (+https://developers.facebook.com/docs/sharing/webmasters/crawler)"
2a03:2880:f800:19:: - - [12/Jun/2025:10:16:59 -0400] "GET / HTTP/1.1" 200 10845 "-" "meta-externalagent/1.1 (+https://developers.facebook.com/docs/sharing/webmasters/crawler)"
66.249.66.7 - - [12/Jun/2025:10:16:59 -0400] "GET /goodscode/2065263718.phtml HTTP/1.1" 200 24133 "-" "Mozilla/5.0 (Linux; Android 6.0.1; Nexus 5X Build/MMB29P) AppleWebKit/537.36 (KHTML, like Gecko) Chrome/136.0.7103.113 Mobile Safari/537.36 (compatible; GoogleOther)"
66.249.66.42 - - [12/Jun/2025:10:17:04 -0400] "GET /entity/qq/leiger573544234.phtml HTTP/1.1" 200 24484 "-" "Mozilla/5.0 (Linux; Android 6.0.1; Nexus 5X Build/MMB29P) AppleWebKit/537.36 (KHTML, like Gecko) Chrome/136.0.7103.113 Mobile Safari/537.36 (compatible; GoogleOther)"
2405:acc0:1504:861a:4909:208a:9dc2:c96c - - [12/Jun/2025:10:17:08 -0400] "GET /manga/re-monster-chapter-3/ HTTP/1.1" 200 18042 "https://remonster.online/manga/re-monster-chapter-2/" "Mozilla/5.0 (Linux; U; Android 4.0.4; en-gb; SHW-M380K Build/IMM76D) AppleWebKit/534.30 (KHTML, like Gecko) Version/4.0 Safari/534.30"
66.249.66.160 - - [12/Jun/2025:10:17:09 -0400] "GET /products/nativity/2063241252.phtml HTTP/1.1" 200 24324 "-" "Mozilla/5.0 (Linux; Android 6.0.1; Nexus 5X Build/MMB29P) AppleWebKit/537.36 (KHTML, like Gecko) Chrome/136.0.7103.113 Mobile Safari/537.36 (compatible; GoogleOther)"
66.249.66.160 - - [12/Jun/2025:10:17:14 -0400] "GET /products/polianthes/869944394.phtml HTTP/1.1" 200 24980 "-" "Mozilla/5.0 (Linux; Android 6.0.1; Nexus 5X Build/MMB29P) AppleWebKit/537.36 (KHTML, like Gecko) Chrome/136.0.7103.113 Mobile Safari/537.36 (compatible; GoogleOther)"
66.249.66.160 - - [12/Jun/2025:10:17:19 -0400] "GET /special/pacated/573486598.phtml HTTP/1.1" 200 23615 "-" "Mozilla/5.0 (Linux; Android 6.0.1; Nexus 5X Build/MMB29P) AppleWebKit/537.36 (KHTML, like Gecko) Chrome/136.0.7103.113 Mobile Safari/537.36 (compatible; GoogleOther)"
66.249.66.160 - - [12/Jun/2025:10:17:24 -0400] "GET /item/rnu/birdsmouth869957420.phtml HTTP/1.1" 200 23961 "-" "Mozilla/5.0 (Linux; Android 6.0.1; Nexus 5X Build/MMB29P) AppleWebKit/537.36 (KHTML, like Gecko) Chrome/136.0.7103.113 Mobile Safari/537.36 (compatible; GoogleOther)"
162.0.232.193 - - [12/Jun/2025:10:17:28 -0400] "POST /wp-cron.php?doing_wp_cron=1749737848.5569310188293457031250 HTTP/1.1" 200 0 "-" "WordPress/6.6.2; https://remonster.online"
2a03:2880:f800:e:: - - [12/Jun/2025:10:17:27 -0400] "GET /shopdetail/55498818 HTTP/1.1" 301 0 "-" "meta-externalagent/1.1 (+https://developers.facebook.com/docs/sharing/webmasters/crawler)"
66.249.66.160 - - [12/Jun/2025:10:17:28 -0400] "GET /%3E%E8%87%AA%E5%88%86%E7%94%A8%E3%81%AB%E8%B3%BC%E5%85%A5%E3%81%97%E3%81%BE%E3%81%97%E3%81%9F%E3%81%8C%E3%80%81%E3%81%BB%E3%81%A8%E3%82%93%E3%81%A9%E4%BD%BF%E7%94%A8%E3%81%97%E3%81%AA%E3%81%84%E7%82%BA%E3%80%81%E5%87%BA%E5%93%81%E3%81%97%E3%81%BE%E3%81%97%E3%81%9F%E3%80%82%E5%86%99%E7%9C%9F%E3%81%AE%E3%82%82%E3%81%AE%E3%81%8C%E5%85%A8%E3%81%A6%E3%81%A7%E3%81%99%E3%80%82%E6%9C%AC%E4%BD%93%E3%81%AE%E3%82%B1%E3%83%BC%E3%83%96%E3%83%AB%E3%81%AF%E6%AC%A0%E5%93%81%E3%81%A7%E3%81%99%E3%80%82%E7%AE%B1%E3%82%82%E3%81%82%E3%82%8A%E3%81%BE%E3%81%99%E3%80%82used%E3%81%AA%E3%81%AE%E3%81%A7%E3%83%8E%E3%83%BC%E3%82%AF%E3%83%AC%E3%83%BC%E3%83%A0%E3%80%81%E3%83%8E%E3%83%BC%E3%83%AA%E3%82%BF%E3%83%BC%E3%83%B3%E3%82%92%E3%81%94%E7%90%86%E8%A7%A3%E3%81%84%E3%81%9F%E3%81%A0%E3%81%91%E3%82%8B%E6%96%B9%E3%81%AE%E5%85%A5%E6%9C%AD%E3%82%92%E3%81%8A%E5%BE%85%E3%81%A1%E3%81%97%E3%81%A6%E3%81%8A%E3%82%8A%E3%81%BE%E3%81%99%E3%80%82%20%20%20%20%3C/div%3E%20%20%20%20%3Cdiv%20class= HTTP/1.1" 200 25401 "-" "Googlebot-Image/1.0"
2a03:2880:f800:16:: - - [12/Jun/2025:10:17:30 -0400] "GET / HTTP/1.1" 200 10845 "-" "meta-externalagent/1.1 (+https://developers.facebook.com/docs/sharing/webmasters/crawler)"
66.249.66.194 - - [12/Jun/2025:10:17:33 -0400] "GET /item/disman/872955982.phtml HTTP/1.1" 200 24017 "-" "Mozilla/5.0 (Linux; Android 6.0.1; Nexus 5X Build/MMB29P) AppleWebKit/537.36 (KHTML, like Gecko) Chrome/136.0.7103.113 Mobile Safari/537.36 (compatible; GoogleOther)"
66.249.66.69 - - [12/Jun/2025:10:17:38 -0400] "GET /items872072248.phtml HTTP/1.1" 200 24597 "-" "Mozilla/5.0 (Linux; Android 6.0.1; Nexus 5X Build/MMB29P) AppleWebKit/537.36 (KHTML, like Gecko) Chrome/136.0.7103.113 Mobile Safari/537.36 (compatible; GoogleOther)"
66.249.66.160 - - [12/Jun/2025:10:17:43 -0400] "GET /item/restaurate/2067790854.phtml HTTP/1.1" 200 24223 "-" "Mozilla/5.0 (Linux; Android 6.0.1; Nexus 5X Build/MMB29P) AppleWebKit/537.36 (KHTML, like Gecko) Chrome/136.0.7103.113 Mobile Safari/537.36 (compatible; GoogleOther)"
66.249.66.42 - - [12/Jun/2025:10:17:48 -0400] "GET /categories/13913642?num=88302 HTTP/1.1" 200 26900 "-" "Mozilla/5.0 (Linux; Android 6.0.1; Nexus 5X Build/MMB29P) AppleWebKit/537.36 (KHTML, like Gecko) Chrome/136.0.7103.113 Mobile Safari/537.36 (compatible; GoogleOther)"
162.0.232.193 - - [12/Jun/2025:10:17:49 -0400] "POST /wp-cron.php?doing_wp_cron=1749737869.7892689704895019531250 HTTP/1.1" 200 0 "-" "WordPress/6.6.2; https://remonster.online"
2a03:2880:f800:f:: - - [12/Jun/2025:10:17:49 -0400] "GET /shopdetail/94739718 HTTP/1.1" 301 0 "-" "meta-externalagent/1.1 (+https://developers.facebook.com/docs/sharing/webmasters/crawler)"
2a03:2880:f800:2:: - - [12/Jun/2025:10:17:52 -0400] "GET / HTTP/1.1" 200 10845 "-" "meta-externalagent/1.1 (+https://developers.facebook.com/docs/sharing/webmasters/crawler)"
66.249.66.69 - - [12/Jun/2025:10:17:52 -0400] "GET /goodscode/872920488.phtml HTTP/1.1" 200 25754 "-" "Mozilla/5.0 (Linux; Android 6.0.1; Nexus 5X Build/MMB29P) AppleWebKit/537.36 (KHTML, like Gecko) Chrome/136.0.7103.113 Mobile Safari/537.36 (compatible; GoogleOther)"
2a03:2880:f800:1c:: - - [12/Jun/2025:10:17:54 -0400] "GET /shopdetail/346879718 HTTP/1.1" 301 0 "-" "meta-externalagent/1.1 (+https://developers.facebook.com/docs/sharing/webmasters/crawler)"
2a03:2880:f800:10:: - - [12/Jun/2025:10:17:54 -0400] "GET /shopdetail/305813518 HTTP/1.1" 301 0 "-" "meta-externalagent/1.1 (+https://developers.facebook.com/docs/sharing/webmasters/crawler)"
2a03:2880:f800:11:: - - [12/Jun/2025:10:17:57 -0400] "GET / HTTP/1.1" 200 10845 "-" "meta-externalagent/1.1 (+https://developers.facebook.com/docs/sharing/webmasters/crawler)"
66.249.66.69 - - [12/Jun/2025:10:17:57 -0400] "GET /categories/1112069072?num=104193 HTTP/1.1" 200 23464 "-" "Mozilla/5.0 (Linux; Android 6.0.1; Nexus 5X Build/MMB29P) AppleWebKit/537.36 (KHTML, like Gecko) Chrome/136.0.7103.113 Mobile Safari/537.36 (compatible; GoogleOther)"
2a03:2880:f800:1a:: - - [12/Jun/2025:10:17:58 -0400] "GET / HTTP/1.1" 200 10845 "-" "meta-externalagent/1.1 (+https://developers.facebook.com/docs/sharing/webmasters/crawler)"
2a03:2880:f800:a:: - - [12/Jun/2025:10:17:59 -0400] "GET /shopdetail/398052118 HTTP/1.1" 301 0 "-" "meta-externalagent/1.1 (+https://developers.facebook.com/docs/sharing/webmasters/crawler)"
2a03:2880:f800:15:: - - [12/Jun/2025:10:18:01 -0400] "GET / HTTP/1.1" 200 10845 "-" "meta-externalagent/1.1 (+https://developers.facebook.com/docs/sharing/webmasters/crawler)"
66.249.66.70 - - [12/Jun/2025:10:18:02 -0400] "GET /goodscode/2058865008.phtml HTTP/1.1" 200 24283 "-" "Mozilla/5.0 (Linux; Android 6.0.1; Nexus 5X Build/MMB29P) AppleWebKit/537.36 (KHTML, like Gecko) Chrome/136.0.7103.113 Mobile Safari/537.36 (compatible; GoogleOther)"
66.249.66.69 - - [12/Jun/2025:10:18:07 -0400] "GET /shopbrand2055340596.phtml HTTP/1.1" 200 25794 "-" "Mozilla/5.0 (Linux; Android 6.0.1; Nexus 5X Build/MMB29P) AppleWebKit/537.36 (KHTML, like Gecko) Chrome/136.0.7103.113 Mobile Safari/537.36 (compatible; GoogleOther)"
66.249.66.69 - - [12/Jun/2025:10:18:11 -0400] "GET /item/kak/unpracticable/872489498.phtml HTTP/1.1" 200 23847 "-" "Mozilla/5.0 (Linux; Android 6.0.1; Nexus 5X Build/MMB29P) AppleWebKit/537.36 (KHTML, like Gecko) Chrome/136.0.7103.113 Mobile Safari/537.36 (compatible; GoogleOther)"
66.249.66.160 - - [12/Jun/2025:10:18:16 -0400] "GET /info/872038356.phtml HTTP/1.1" 200 25619 "-" "Mozilla/5.0 (Linux; Android 6.0.1; Nexus 5X Build/MMB29P) AppleWebKit/537.36 (KHTML, like Gecko) Chrome/136.0.7103.113 Mobile Safari/537.36 (compatible; GoogleOther)"
49.145.217.125 - - [12/Jun/2025:10:18:16 -0400] "GET /manga/re-monster-chapter-73/ HTTP/1.1" 200 17443 "https://remonster.online/manga/re-monster-chapter-72/" "Mozilla/5.0 (iPhone; CPU iPhone OS 12_5_7 like Mac OS X) AppleWebKit/605.1.15 (KHTML, like Gecko) Version/12.1.2 Mobile/15E148 Safari/604.1"
66.249.66.6 - - [12/Jun/2025:10:18:21 -0400] "GET /goodscode/aec/epopee/872902578.phtml HTTP/1.1" 200 24170 "-" "Mozilla/5.0 (Linux; Android 6.0.1; Nexus 5X Build/MMB29P) AppleWebKit/537.36 (KHTML, like Gecko) Chrome/136.0.7103.113 Mobile Safari/537.36 (compatible; GoogleOther)"
66.249.66.69 - - [12/Jun/2025:10:18:30 -0400] "GET /item/871938170.phtml HTTP/1.1" 200 25546 "-" "Mozilla/5.0 (Linux; Android 6.0.1; Nexus 5X Build/MMB29P) AppleWebKit/537.36 (KHTML, like Gecko) Chrome/136.0.7103.113 Mobile Safari/537.36 (compatible; GoogleOther)"
2a03:2880:f800:13:: - - [12/Jun/2025:10:18:33 -0400] "GET /shopdetail/296620618 HTTP/1.1" 301 0 "-" "meta-externalagent/1.1 (+https://developers.facebook.com/docs/sharing/webmasters/crawler)"
52.167.144.146 - - [12/Jun/2025:10:18:34 -0400] "GET /?s=2 HTTP/1.1" 200 24636 "-" "Mozilla/5.0 AppleWebKit/537.36 (KHTML, like Gecko; compatible; bingbot/2.0; +http://www.bing.com/bingbot.htm) Chrome/116.0.1938.76 Safari/537.36"
162.0.232.193 - - [12/Jun/2025:10:18:34 -0400] "POST /wp-cron.php?doing_wp_cron=1749737914.5736279487609863281250 HTTP/1.1" 200 0 "-" "WordPress/6.6.2; https://remonster.online"
66.249.66.42 - - [12/Jun/2025:10:18:34 -0400] "GET /goodscode/2067911258.phtml HTTP/1.1" 200 24079 "-" "Mozilla/5.0 (Linux; Android 6.0.1; Nexus 5X Build/MMB29P) AppleWebKit/537.36 (KHTML, like Gecko) Chrome/136.0.7103.113 Mobile Safari/537.36 (compatible; GoogleOther)"
2a03:2880:f800:1c:: - - [12/Jun/2025:10:18:33 -0400] "GET /shopdetail/59536118 HTTP/1.1" 301 0 "-" "meta-externalagent/1.1 (+https://developers.facebook.com/docs/sharing/webmasters/crawler)"
2a03:2880:f800:13:: - - [12/Jun/2025:10:18:36 -0400] "GET / HTTP/1.1" 200 10845 "-" "meta-externalagent/1.1 (+https://developers.facebook.com/docs/sharing/webmasters/crawler)"
2a03:2880:f800:4:: - - [12/Jun/2025:10:18:37 -0400] "GET / HTTP/1.1" 200 10845 "-" "meta-externalagent/1.1 (+https://developers.facebook.com/docs/sharing/webmasters/crawler)"
66.249.66.69 - - [12/Jun/2025:10:18:38 -0400] "GET /detail/69757648.phtml HTTP/1.1" 200 25021 "-" "Mozilla/5.0 (Linux; Android 6.0.1; Nexus 5X Build/MMB29P) AppleWebKit/537.36 (KHTML, like Gecko) Chrome/136.0.7103.113 Mobile Safari/537.36 (compatible; GoogleOther)"
66.249.66.69 - - [12/Jun/2025:10:18:43 -0400] "GET /products/inducible/2067797526.phtml HTTP/1.1" 200 24247 "-" "Mozilla/5.0 (Linux; Android 6.0.1; Nexus 5X Build/MMB29P) AppleWebKit/537.36 (KHTML, like Gecko) Chrome/136.0.7103.113 Mobile Safari/537.36 (compatible; GoogleOther)"
66.249.66.160 - - [12/Jun/2025:10:18:47 -0400] "GET /goods/872674796.phtml HTTP/1.1" 200 23742 "-" "Mozilla/5.0 (Linux; Android 6.0.1; Nexus 5X Build/MMB29P) AppleWebKit/537.36 (KHTML, like Gecko) Chrome/136.0.7103.113 Mobile Safari/537.36 (compatible; GoogleOther)"
2605:a601:a072:d400:d187:3e5b:a7e5:3b71 - - [12/Jun/2025:10:18:48 -0400] "GET /manga/remonster-chapter-106/ HTTP/1.1" 200 14313 "https://remonster.online/manga/remonster-chapter-105/" "Mozilla/5.0 (Linux; Android 10; K) AppleWebKit/537.36 (KHTML, like Gecko) Chrome/137.0.0.0 Mobile Safari/537.36"
2605:a601:a072:d400:d187:3e5b:a7e5:3b71 - - [12/Jun/2025:10:18:48 -0400] "GET /wp-content/plugins/wp-automatic/js/main-front.js?ver=6.6.2 HTTP/1.1" 200 316 "https://remonster.online/manga/remonster-chapter-106/" "Mozilla/5.0 (Linux; Android 10; K) AppleWebKit/537.36 (KHTML, like Gecko) Chrome/137.0.0.0 Mobile Safari/537.36"
2605:a601:a072:d400:d187:3e5b:a7e5:3b71 - - [12/Jun/2025:10:18:48 -0400] "GET /wp-content/themes/toivo-lite/js/settings.min.js?ver=1.2.0 HTTP/1.1" 304 0 "https://remonster.online/manga/remonster-chapter-106/" "Mozilla/5.0 (Linux; Android 10; K) AppleWebKit/537.36 (KHTML, like Gecko) Chrome/137.0.0.0 Mobile Safari/537.36"
2605:a601:a072:d400:d187:3e5b:a7e5:3b71 - - [12/Jun/2025:10:18:49 -0400] "GET /wp-content/plugins/simple-social-buttons/assets/fonts/ssb-icon.ttf?eahqa2 HTTP/1.1" 200 6624 "https://remonster.online/wp-content/plugins/simple-social-buttons/assets/css/front.css?ver=5.3.1" "Mozilla/5.0 (Linux; Android 10; K) AppleWebKit/537.36 (KHTML, like Gecko) Chrome/137.0.0.0 Mobile Safari/537.36"
66.249.66.69 - - [12/Jun/2025:10:18:52 -0400] "GET /products/vui/effortless/2059369996.phtml HTTP/1.1" 200 23884 "-" "Mozilla/5.0 (Linux; Android 6.0.1; Nexus 5X Build/MMB29P) AppleWebKit/537.36 (KHTML, like Gecko) Chrome/136.0.7103.113 Mobile Safari/537.36 (compatible; GoogleOther)"
2a03:2880:f800:7:: - - [12/Jun/2025:10:18:54 -0400] "GET /shopdetail/307942618 HTTP/1.1" 301 0 "-" "meta-externalagent/1.1 (+https://developers.facebook.com/docs/sharing/webmasters/crawler)"
66.249.66.69 - - [12/Jun/2025:10:18:56 -0400] "GET /goods/872326858.phtml HTTP/1.1" 200 24064 "-" "Mozilla/5.0 (Linux; Android 6.0.1; Nexus 5X Build/MMB29P) AppleWebKit/537.36 (KHTML, like Gecko) Chrome/136.0.7103.113 Mobile Safari/537.36 (compatible; GoogleOther)"
2a03:2880:f800:1c:: - - [12/Jun/2025:10:18:58 -0400] "GET / HTTP/1.1" 200 10845 "-" "meta-externalagent/1.1 (+https://developers.facebook.com/docs/sharing/webmasters/crawler)"
66.249.66.69 - - [12/Jun/2025:10:19:01 -0400] "GET /special/wi/ichtyosauria2065320070.phtml HTTP/1.1" 200 24418 "-" "Mozilla/5.0 (Linux; Android 6.0.1; Nexus 5X Build/MMB29P) AppleWebKit/537.36 (KHTML, like Gecko) Chrome/136.0.7103.113 Mobile Safari/537.36 (compatible; GoogleOther)"
2a03:2880:f800:14:: - - [12/Jun/2025:10:19:07 -0400] "GET /shopdetail/339528518 HTTP/1.1" 301 0 "-" "meta-externalagent/1.1 (+https://developers.facebook.com/docs/sharing/webmasters/crawler)"
2a03:2880:f800:7:: - - [12/Jun/2025:10:19:07 -0400] "GET /shopdetail/145222018 HTTP/1.1" 301 0 "-" "meta-externalagent/1.1 (+https://developers.facebook.com/docs/sharing/webmasters/crawler)"
2a03:2880:f800:17:: - - [12/Jun/2025:10:19:10 -0400] "GET / HTTP/1.1" 200 10845 "-" "meta-externalagent/1.1 (+https://developers.facebook.com/docs/sharing/webmasters/crawler)"
66.249.66.13 - - [12/Jun/2025:10:19:10 -0400] "GET /entity/1372870156.phtml HTTP/1.1" 200 25256 "-" "Mozilla/5.0 (Linux; Android 6.0.1; Nexus 5X Build/MMB29P) AppleWebKit/537.36 (KHTML, like Gecko) Chrome/136.0.7103.113 Mobile Safari/537.36 (compatible; GoogleOther)"
2a03:2880:f800:1a:: - - [12/Jun/2025:10:19:12 -0400] "GET / HTTP/1.1" 200 10845 "-" "meta-externalagent/1.1 (+https://developers.facebook.com/docs/sharing/webmasters/crawler)"
2a03:2880:f800:12:: - - [12/Jun/2025:10:19:11 -0400] "GET /shopdetail/236396818 HTTP/1.1" 301 0 "-" "meta-externalagent/1.1 (+https://developers.facebook.com/docs/sharing/webmasters/crawler)"
2a03:2880:f800:17:: - - [12/Jun/2025:10:19:13 -0400] "GET / HTTP/1.1" 200 10888 "-" "meta-externalagent/1.1 (+https://developers.facebook.com/docs/sharing/webmasters/crawler)"
66.249.66.162 - - [12/Jun/2025:10:19:15 -0400] "GET /products/gladeye/872998404.phtml HTTP/1.1" 200 24211 "-" "Mozilla/5.0 (Linux; Android 6.0.1; Nexus 5X Build/MMB29P) AppleWebKit/537.36 (KHTML, like Gecko) Chrome/136.0.7103.113 Mobile Safari/537.36 (compatible; GoogleOther)"
66.249.66.76 - - [12/Jun/2025:10:19:20 -0400] "GET /products/incompatibly/%3E%3CBR%3E%3CFONT%20COLOR= HTTP/1.1" 200 24743 "-" "Googlebot-Image/1.0"
162.0.232.193 - - [12/Jun/2025:10:19:21 -0400] "POST /wp-cron.php?doing_wp_cron=1749737961.3629350662231445312500 HTTP/1.1" 200 0 "-" "WordPress/6.6.2; https://remonster.online"
2a03:2880:f800:2:: - - [12/Jun/2025:10:19:19 -0400] "GET /shopdetail/178412118 HTTP/1.1" 301 0 "-" "meta-externalagent/1.1 (+https://developers.facebook.com/docs/sharing/webmasters/crawler)"
2a03:2880:f800:18:: - - [12/Jun/2025:10:19:23 -0400] "GET / HTTP/1.1" 200 10845 "-" "meta-externalagent/1.1 (+https://developers.facebook.com/docs/sharing/webmasters/crawler)"
66.249.66.198 - - [12/Jun/2025:10:19:25 -0400] "GET /goodscode/2061835454.phtml HTTP/1.1" 200 23775 "-" "Mozilla/5.0 (Linux; Android 6.0.1; Nexus 5X Build/MMB29P) AppleWebKit/537.36 (KHTML, like Gecko) Chrome/136.0.7103.113 Mobile Safari/537.36 (compatible; GoogleOther)"
2a03:2880:f800:f:: - - [12/Jun/2025:10:19:26 -0400] "GET /shopdetail/431218718 HTTP/1.1" 301 0 "-" "meta-externalagent/1.1 (+https://developers.facebook.com/docs/sharing/webmasters/crawler)"
2a03:2880:f800:c:: - - [12/Jun/2025:10:19:28 -0400] "GET / HTTP/1.1" 200 10845 "-" "meta-externalagent/1.1 (+https://developers.facebook.com/docs/sharing/webmasters/crawler)"
66.249.66.76 - - [12/Jun/2025:10:19:30 -0400] "GET /product/871951456.phtml HTTP/1.1" 200 24323 "-" "Mozilla/5.0 (Linux; Android 6.0.1; Nexus 5X Build/MMB29P) AppleWebKit/537.36 (KHTML, like Gecko) Chrome/136.0.7103.113 Mobile Safari/537.36 (compatible; GoogleOther)"
66.249.66.76 - - [12/Jun/2025:10:19:36 -0400] "GET /goodscode/officialism2054856082.phtml HTTP/1.1" 200 24190 "-" "Mozilla/5.0 (Linux; Android 6.0.1; Nexus 5X Build/MMB29P) AppleWebKit/537.36 (KHTML, like Gecko) Chrome/136.0.7103.113 Mobile Safari/537.36 (compatible; GoogleOther)"
66.249.66.162 - - [12/Jun/2025:10:19:41 -0400] "GET /goodscode/102663560.phtml HTTP/1.1" 200 23976 "-" "Mozilla/5.0 (Linux; Android 6.0.1; Nexus 5X Build/MMB29P) AppleWebKit/537.36 (KHTML, like Gecko) Chrome/136.0.7103.113 Mobile Safari/537.36 (compatible; GoogleOther)"
96.2.176.61 - - [12/Jun/2025:10:19:48 -0400] "GET /manga/re-monster-chapter-55/ HTTP/1.1" 200 17452 "-" "Mozilla/5.0 (iPhone; CPU iPhone OS 18_5 like Mac OS X) AppleWebKit/605.1.15 (KHTML, like Gecko) Mobile/15E148"
96.2.176.61 - - [12/Jun/2025:10:19:48 -0400] "GET /wp-content/uploads/2021/11/cropped-670x300.jpg HTTP/1.1" 200 233958 "https://remonster.online/manga/re-monster-chapter-55/" "Mozilla/5.0 (iPhone; CPU iPhone OS 18_5 like Mac OS X) AppleWebKit/605.1.15 (KHTML, like Gecko) Mobile/15E148"
96.2.176.61 - - [12/Jun/2025:10:19:48 -0400] "GET /wp-content/plugins/wp-automatic/css/wp-automatic.css?ver=1.0.0 HTTP/1.1" 200 537 "https://remonster.online/manga/re-monster-chapter-55/" "Mozilla/5.0 (iPhone; CPU iPhone OS 18_5 like Mac OS X) AppleWebKit/605.1.15 (KHTML, like Gecko) Mobile/15E148"
96.2.176.61 - - [12/Jun/2025:10:19:48 -0400] "GET /wp-content/plugins/simple-social-buttons/assets/css/front.css?ver=5.3.1 HTTP/1.1" 200 10295 "https://remonster.online/manga/re-monster-chapter-55/" "Mozilla/5.0 (iPhone; CPU iPhone OS 18_5 like Mac OS X) AppleWebKit/605.1.15 (KHTML, like Gecko) Mobile/15E148"
96.2.176.61 - - [12/Jun/2025:10:19:48 -0400] "GET /wp-content/plugins/widgets-on-pages/public/css/widgets-on-pages-public.css?ver=1.4.0 HTTP/1.1" 200 83 "https://remonster.online/manga/re-monster-chapter-55/" "Mozilla/5.0 (iPhone; CPU iPhone OS 18_5 like Mac OS X) AppleWebKit/605.1.15 (KHTML, like Gecko) Mobile/15E148"
96.2.176.61 - - [12/Jun/2025:10:19:48 -0400] "GET /wp-includes/css/dist/block-library/style.min.css?ver=6.6.2 HTTP/1.1" 200 13903 "https://remonster.online/manga/re-monster-chapter-55/" "Mozilla/5.0 (iPhone; CPU iPhone OS 18_5 like Mac OS X) AppleWebKit/605.1.15 (KHTML, like Gecko) Mobile/15E148"
96.2.176.61 - - [12/Jun/2025:10:19:48 -0400] "GET /wp-content/themes/toivo-lite/fonts/genericons/genericons/genericons.min.css?ver=3.3 HTTP/1.1" 200 15959 "https://remonster.online/manga/re-monster-chapter-55/" "Mozilla/5.0 (iPhone; CPU iPhone OS 18_5 like Mac OS X) AppleWebKit/605.1.15 (KHTML, like Gecko) Mobile/15E148"
96.2.176.61 - - [12/Jun/2025:10:19:49 -0400] "GET /wp-content/themes/toivo-lite/fonts/genericons/genericons/Genericons.svg HTTP/1.1" 200 23714 "https://remonster.online/manga/re-monster-chapter-55/" "Mozilla/5.0 (iPhone; CPU iPhone OS 18_5 like Mac OS X) AppleWebKit/605.1.15 (KHTML, like Gecko) Mobile/15E148"
96.2.176.61 - - [12/Jun/2025:10:19:49 -0400] "GET /wp-content/plugins/simple-social-buttons/assets/fonts/ssb-icon.ttf?eahqa2 HTTP/1.1" 200 6624 "https://remonster.online/manga/re-monster-chapter-55/" "Mozilla/5.0 (iPhone; CPU iPhone OS 18_5 like Mac OS X) AppleWebKit/605.1.15 (KHTML, like Gecko) Mobile/15E148"
66.249.66.198 - - [12/Jun/2025:10:19:48 -0400] "GET /item/flindosa/872741226.phtml HTTP/1.1" 200 24130 "-" "Mozilla/5.0 (Linux; Android 6.0.1; Nexus 5X Build/MMB29P) AppleWebKit/537.36 (KHTML, like Gecko) Chrome/136.0.7103.113 Mobile Safari/537.36 (compatible; GoogleOther)"
