103.137.204.91 - - [12/Jun/2025:09:22:53 -0400] "GET / HTTP/1.1" 200 10845 "https://remonster.online/manga/re-monster-chapter-70/" "Mozilla/5.0 (Windows NT 10.0; Win64; x64) AppleWebKit/537.36 (KHTML, like Gecko) Chrome/134.0.0.0 Safari/537.36 OPR/119.0.0.0"
2a03:2880:f800:5:: - - [12/Jun/2025:09:22:56 -0400] "GET /shopdetail/402682318 HTTP/1.1" 301 0 "-" "meta-externalagent/1.1 (+https://developers.facebook.com/docs/sharing/webmasters/crawler)"
66.249.66.77 - - [12/Jun/2025:09:22:57 -0400] "GET /products/874686028.phtml HTTP/1.1" 200 24338 "-" "Mozilla/5.0 (Linux; Android 6.0.1; Nexus 5X Build/MMB29P) AppleWebKit/537.36 (KHTML, like Gecko) Chrome/136.0.7103.113 Mobile Safari/537.36 (compatible; GoogleOther)"
2a03:2880:f800:1:: - - [12/Jun/2025:09:22:59 -0400] "GET / HTTP/1.1" 200 10845 "-" "meta-externalagent/1.1 (+https://developers.facebook.com/docs/sharing/webmasters/crawler)"
66.249.66.76 - - [12/Jun/2025:09:23:04 -0400] "GET /products/874422814.phtml HTTP/1.1" 200 23950 "-" "Mozilla/5.0 (Linux; Android 6.0.1; Nexus 5X Build/MMB29P) AppleWebKit/537.36 (KHTML, like Gecko) Chrome/136.0.7103.113 Mobile Safari/537.36 (compatible; GoogleOther)"
66.249.66.76 - - [12/Jun/2025:09:23:09 -0400] "GET /items/120766464.phtml HTTP/1.1" 200 24226 "-" "Mozilla/5.0 (Linux; Android 6.0.1; Nexus 5X Build/MMB29P) AppleWebKit/537.36 (KHTML, like Gecko) Chrome/136.0.7103.113 Mobile Safari/537.36 (compatible; GoogleOther)"
66.249.66.76 - - [12/Jun/2025:09:23:16 -0400] "GET /products/874402856.phtml HTTP/1.1" 200 24671 "-" "Mozilla/5.0 (Linux; Android 6.0.1; Nexus 5X Build/MMB29P) AppleWebKit/537.36 (KHTML, like Gecko) Chrome/136.0.7103.113 Mobile Safari/537.36 (compatible; GoogleOther)"
66.249.66.76 - - [12/Jun/2025:09:23:21 -0400] "GET /goodscode/lifeless122573018.phtml HTTP/1.1" 200 24087 "-" "Mozilla/5.0 (Linux; Android 6.0.1; Nexus 5X Build/MMB29P) AppleWebKit/537.36 (KHTML, like Gecko) Chrome/136.0.7103.113 Mobile Safari/537.36 (compatible; GoogleOther)"
162.0.232.193 - - [12/Jun/2025:09:23:24 -0400] "POST /wp-cron.php?doing_wp_cron=1749734604.6242520809173583984375 HTTP/1.1" 200 0 "-" "WordPress/6.6.2; https://remonster.online"
2a03:2880:f800:1c:: - - [12/Jun/2025:09:23:22 -0400] "GET /shopdetail/53982118 HTTP/1.1" 301 0 "-" "meta-externalagent/1.1 (+https://developers.facebook.com/docs/sharing/webmasters/crawler)"
2a03:2880:f800:a:: - - [12/Jun/2025:09:23:27 -0400] "GET / HTTP/1.1" 200 10845 "-" "meta-externalagent/1.1 (+https://developers.facebook.com/docs/sharing/webmasters/crawler)"
66.249.66.76 - - [12/Jun/2025:09:23:29 -0400] "GET /products/874373588.phtml HTTP/1.1" 200 24082 "-" "Mozilla/5.0 (Linux; Android 6.0.1; Nexus 5X Build/MMB29P) AppleWebKit/537.36 (KHTML, like Gecko) Chrome/136.0.7103.113 Mobile Safari/537.36 (compatible; GoogleOther)"
66.249.66.76 - - [12/Jun/2025:09:23:33 -0400] "GET /items/o/flagwaver/106418578.phtml HTTP/1.1" 200 23897 "-" "Mozilla/5.0 (Linux; Android 6.0.1; Nexus 5X Build/MMB29P) AppleWebKit/537.36 (KHTML, like Gecko) Chrome/136.0.7103.113 Mobile Safari/537.36 (compatible; GoogleOther)"
162.0.232.193 - - [12/Jun/2025:09:23:36 -0400] "POST /wp-cron.php?doing_wp_cron=1749734616.2856409549713134765625 HTTP/1.1" 200 0 "-" "WordPress/6.6.2; https://remonster.online"
2a03:2880:f800:a:: - - [12/Jun/2025:09:23:35 -0400] "GET /shopdetail/24964018 HTTP/1.1" 301 0 "-" "meta-externalagent/1.1 (+https://developers.facebook.com/docs/sharing/webmasters/crawler)"
2a03:2880:f800:1:: - - [12/Jun/2025:09:23:38 -0400] "GET / HTTP/1.1" 200 10845 "-" "meta-externalagent/1.1 (+https://developers.facebook.com/docs/sharing/webmasters/crawler)"
66.249.66.76 - - [12/Jun/2025:09:23:38 -0400] "GET /products/g/%3E1%E5%B9%B4%E3%81%8F%E3%82%89%E3%81%84%E4%BD%BF%E7%94%A8%E3%81%97%E3%81%BE%E3%81%97%E3%81%9F%E3%80%82%3CBR%3E%E5%82%B7%E3%82%84%E6%B1%9A%E3%82%8C%E3%81%AA%E3%81%A9%E3%81%82%E3%82%8A%E3%81%BE%E3%81%99%E3%81%8C%E3%80%81%E3%81%BE%E3%81%A0%E3%81%BE%E3%81%A0%E5%B1%A5%E3%81%84%E3%81%A6%E3%81%84%E3%81%9F%E3%81%A0%E3%81%91%E3%82%8B%E3%81%A8%E6%80%9D%E3%81%84%E3%81%BE%E3%81%99%E3%80%82%3CBR%3E%E6%B1%9A%E3%82%8C%E3%82%84%E3%82%B9%E3%82%BF%E3%83%83%E3%83%89%E3%81%AE%E7%8A%B6%E6%85%8B%E3%81%AA%E3%81%A9%E3%81%AF%E3%80%81%E7%94%BB%E5%83%8F%E3%81%A7%E3%81%94%E5%88%A4%E6%96%AD%E4%B8%8B%E3%81%95%E3%81%84%E3%80%82%3CBR%3E%E3%82%B5%E3%82%A4%E3%82%BA%E3%81%AF%E3%80%81%E3%83%AF%E3%82%A4%E3%83%89%E3%82%BF%E3%82%A4%E3%83%97%E3%81%A726.5cm%E3%81%A7%E3%81%99%E3%80%82%3CBR%3EUSED%E5%93%81%E3%81%AB%E3%81%AA%E3%82%8A%E3%81%BE%E3%81%99%E3%81%AE%E3%81%A7%E3%80%81%E3%81%94%E7%90%86%E8%A7%A3%E3%81%84%E3%81%9F%E3%81%A0%E3%81%91%E3%82%8B%E6%96%B9%E3%81%AE%E5%85%A5%E6%9C%AD%E3%82%92%E3%81%8A%E9%A1%98%E3%81%84%E3%81%97%E3%81%BE%E3%81%99%E3%80%82%3CBR%3E%3CBR%3E%E5%AE%9A%E5%BD%A2%E5%A4%96%E9%83%B5%E4%BE%BF%E3%81%A7%E7%99%BA%E9%80%81%E3%81%AE%E5%A0%B4%E5%90%88%E3%80%81%E8%BF%BD%E8%B7%A1%E3%82%84%E8%A3%9C%E5%84%9F%E3%81%AA%E3%81%A9%E3%81%AF%E3%81%94%E3%81%96%E3%81%84%E3%81%BE%E3%81%9B%E3%82%93%E3%81%AE%E3%81%A7%E3%81%94%E4%BA%86%E6%89%BF%E4%B8%8B%E3%81%95%E3%81%84%E3%80%82%3CBR%3E%3CBR%3E%E3%81%94%E8%B3%AA%E5%95%8F%E3%81%8C%E3%81%82%E3%82%8C%E3%81%B0%E3%80%81%E3%81%8A%E6%B0%97%E8%BB%BD%E3%81%AB%E3%81%8A%E5%B0%8B%E3%81%AD%E4%B8%8B%E3%81%95%E3%81%84%E3%80%82%3CBR%3E%E6%A2%B1%E5%8C%85%E6%9D%90%E3%81%AF%E3%80%81%E3%83%AA%E3%82%B5%E3%82%A4%E3%82%AF%E3%83%AB%E5%93%81%E3%82%92%E4%BD%BF%E7%94%A8%E3%81%99%E3%82%8B%E5%A0%B4%E5%90%88%E3%81%8C%E3%81%94%E3%81%96%E3%81%84%E3%81%BE%E3%81%99%E3%80%82%3CBR%3E%E3%83%8E%E3%83%BC%E3%82%AF%E3%83%AC%E3%83%BC%E3%83%A0%E3%80%81%E3%83%8E%E3%83%BC%E3%83%AA%E3%82%BF%E3%83%BC%E3%83%B3%E3%81%A7%E3%81%8A%E9%A1%98%E3%81%84%E3%81%97%E3%81%BE%E3%81%99%E3%80%82%20%20%20%20%3C/div%3E%20%20%20%20%3Cdiv%20class= HTTP/1.1" 200 26074 "-" "Googlebot-Image/1.0"
66.249.66.76 - - [12/Jun/2025:09:23:43 -0400] "GET /products/874349006.phtml HTTP/1.1" 200 25106 "-" "Mozilla/5.0 (Linux; Android 6.0.1; Nexus 5X Build/MMB29P) AppleWebKit/537.36 (KHTML, like Gecko) Chrome/136.0.7103.113 Mobile Safari/537.36 (compatible; GoogleOther)"
2a03:2880:f800:c:: - - [12/Jun/2025:09:23:46 -0400] "GET /shopdetail/236578918 HTTP/1.1" 301 0 "-" "meta-externalagent/1.1 (+https://developers.facebook.com/docs/sharing/webmasters/crawler)"
2a03:2880:f800:2:: - - [12/Jun/2025:09:23:47 -0400] "GET /shopdetail/113528318 HTTP/1.1" 301 0 "-" "meta-externalagent/1.1 (+https://developers.facebook.com/docs/sharing/webmasters/crawler)"
66.249.66.76 - - [12/Jun/2025:09:23:48 -0400] "GET /entity/zks/plowed/117997872.phtml HTTP/1.1" 200 24104 "-" "Mozilla/5.0 (Linux; Android 6.0.1; Nexus 5X Build/MMB29P) AppleWebKit/537.36 (KHTML, like Gecko) Chrome/136.0.7103.113 Mobile Safari/537.36 (compatible; GoogleOther)"
2a03:2880:f800:7:: - - [12/Jun/2025:09:23:50 -0400] "GET / HTTP/1.1" 200 10845 "-" "meta-externalagent/1.1 (+https://developers.facebook.com/docs/sharing/webmasters/crawler)"
2a03:2880:f800:c:: - - [12/Jun/2025:09:23:52 -0400] "GET / HTTP/1.1" 200 10845 "-" "meta-externalagent/1.1 (+https://developers.facebook.com/docs/sharing/webmasters/crawler)"
66.249.66.76 - - [12/Jun/2025:09:23:54 -0400] "GET /shopping/874820106.phtml HTTP/1.1" 200 24177 "-" "Mozilla/5.0 (Linux; Android 6.0.1; Nexus 5X Build/MMB29P) AppleWebKit/537.36 (KHTML, like Gecko) Chrome/136.0.7103.113 Mobile Safari/537.36 (compatible; GoogleOther)"
66.249.66.76 - - [12/Jun/2025:09:23:59 -0400] "GET /goodscode118194012.phtml HTTP/1.1" 200 24230 "-" "Mozilla/5.0 (Linux; Android 6.0.1; Nexus 5X Build/MMB29P) AppleWebKit/537.36 (KHTML, like Gecko) Chrome/136.0.7103.113 Mobile Safari/537.36 (compatible; GoogleOther)"
66.249.66.76 - - [12/Jun/2025:09:24:06 -0400] "GET /shopping/874512608.phtml HTTP/1.1" 200 24987 "-" "Mozilla/5.0 (Linux; Android 6.0.1; Nexus 5X Build/MMB29P) AppleWebKit/537.36 (KHTML, like Gecko) Chrome/136.0.7103.113 Mobile Safari/537.36 (compatible; GoogleOther)"
66.249.66.76 - - [12/Jun/2025:09:24:13 -0400] "GET /detail119285570.phtml HTTP/1.1" 200 25739 "-" "Mozilla/5.0 (Linux; Android 6.0.1; Nexus 5X Build/MMB29P) AppleWebKit/537.36 (KHTML, like Gecko) Chrome/136.0.7103.113 Mobile Safari/537.36 (compatible; GoogleOther)"
66.249.66.76 - - [12/Jun/2025:09:24:19 -0400] "GET /shopping/874507984.phtml HTTP/1.1" 200 24883 "-" "Mozilla/5.0 (Linux; Android 6.0.1; Nexus 5X Build/MMB29P) AppleWebKit/537.36 (KHTML, like Gecko) Chrome/136.0.7103.113 Mobile Safari/537.36 (compatible; GoogleOther)"
162.0.232.193 - - [12/Jun/2025:09:24:21 -0400] "POST /wp-cron.php?doing_wp_cron=1749734661.4418790340423583984375 HTTP/1.1" 200 0 "-" "WordPress/6.6.2; https://remonster.online"
2a03:2880:f800:e:: - - [12/Jun/2025:09:24:20 -0400] "GET /shopdetail/229712118 HTTP/1.1" 301 0 "-" "meta-externalagent/1.1 (+https://developers.facebook.com/docs/sharing/webmasters/crawler)"
2a03:2880:f800:1c:: - - [12/Jun/2025:09:24:22 -0400] "GET /shopdetail/435212318 HTTP/1.1" 301 0 "-" "meta-externalagent/1.1 (+https://developers.facebook.com/docs/sharing/webmasters/crawler)"
2a03:2880:f800:17:: - - [12/Jun/2025:09:24:24 -0400] "GET / HTTP/1.1" 200 10845 "-" "meta-externalagent/1.1 (+https://developers.facebook.com/docs/sharing/webmasters/crawler)"
2a03:2880:f800:2:: - - [12/Jun/2025:09:24:25 -0400] "GET / HTTP/1.1" 200 10845 "-" "meta-externalagent/1.1 (+https://developers.facebook.com/docs/sharing/webmasters/crawler)"
66.249.66.76 - - [12/Jun/2025:09:24:26 -0400] "GET /goodscode/119330754.phtml HTTP/1.1" 200 24549 "-" "Mozilla/5.0 (Linux; Android 6.0.1; Nexus 5X Build/MMB29P) AppleWebKit/537.36 (KHTML, like Gecko) Chrome/136.0.7103.113 Mobile Safari/537.36 (compatible; GoogleOther)"
66.249.66.76 - - [12/Jun/2025:09:24:31 -0400] "GET /shopdetail/pyu/tensiled/873112780.phtml HTTP/1.1" 200 23707 "-" "Mozilla/5.0 (Linux; Android 6.0.1; Nexus 5X Build/MMB29P) AppleWebKit/537.36 (KHTML, like Gecko) Chrome/136.0.7103.113 Mobile Safari/537.36 (compatible; GoogleOther)"
95.32.205.139 - - [12/Jun/2025:09:24:32 -0400] "GET / HTTP/1.1" 200 10845 "-" "Mozilla/5.0 (X11; Linux x86_64; rv:138.0) Gecko/20100101 Firefox/138.0"
95.32.205.139 - - [12/Jun/2025:09:24:33 -0400] "GET /wp-content/plugins/simple-social-buttons/assets/js/frontend-blocks.js?ver=5.3.1 HTTP/1.1" 200 0 "https://remonster.online/" "Mozilla/5.0 (X11; Linux x86_64; rv:138.0) Gecko/20100101 Firefox/138.0"
95.32.205.139 - - [12/Jun/2025:09:24:33 -0400] "GET /wp-content/plugins/comic-easel/js/keynav.js HTTP/1.1" 200 302 "https://remonster.online/" "Mozilla/5.0 (X11; Linux x86_64; rv:138.0) Gecko/20100101 Firefox/138.0"
95.32.205.139 - - [12/Jun/2025:09:24:33 -0400] "GET /wp-includes/js/jquery/jquery.min.js?ver=3.7.1 HTTP/1.1" 200 29744 "https://remonster.online/" "Mozilla/5.0 (X11; Linux x86_64; rv:138.0) Gecko/20100101 Firefox/138.0"
95.32.205.139 - - [12/Jun/2025:09:24:33 -0400] "GET /wp-content/plugins/links-auto-replacer/public/js/lar-public.js?ver=2.0.0 HTTP/1.1" 200 393 "https://remonster.online/" "Mozilla/5.0 (X11; Linux x86_64; rv:138.0) Gecko/20100101 Firefox/138.0"
95.32.205.139 - - [12/Jun/2025:09:24:33 -0400] "GET /wp-content/plugins/widgets-on-pages/public/css/widgets-on-pages-public.css?ver=1.4.0 HTTP/1.1" 200 83 "https://remonster.online/" "Mozilla/5.0 (X11; Linux x86_64; rv:138.0) Gecko/20100101 Firefox/138.0"
95.32.205.139 - - [12/Jun/2025:09:24:33 -0400] "GET /wp-content/plugins/simple-social-buttons/assets/js/front.js?ver=5.3.1 HTTP/1.1" 200 1932 "https://remonster.online/" "Mozilla/5.0 (X11; Linux x86_64; rv:138.0) Gecko/20100101 Firefox/138.0"
95.32.205.139 - - [12/Jun/2025:09:24:33 -0400] "GET /wp-content/uploads/2021/11/cropped-670x300.jpg HTTP/1.1" 200 233958 "https://remonster.online/" "Mozilla/5.0 (X11; Linux x86_64; rv:138.0) Gecko/20100101 Firefox/138.0"
95.32.205.139 - - [12/Jun/2025:09:24:33 -0400] "GET /wp-content/uploads/2021/11/8168f-bSGoS-717x1024.jpeg HTTP/1.1" 200 200846 "https://remonster.online/" "Mozilla/5.0 (X11; Linux x86_64; rv:138.0) Gecko/20100101 Firefox/138.0"
95.32.205.139 - - [12/Jun/2025:09:24:33 -0400] "GET /wp-includes/css/dist/block-library/style.min.css?ver=6.6.2 HTTP/1.1" 200 13903 "https://remonster.online/" "Mozilla/5.0 (X11; Linux x86_64; rv:138.0) Gecko/20100101 Firefox/138.0"
95.32.205.139 - - [12/Jun/2025:09:24:33 -0400] "GET /wp-content/themes/toivo-lite/style.css?ver=1.2.0 HTTP/1.1" 200 13718 "https://remonster.online/" "Mozilla/5.0 (X11; Linux x86_64; rv:138.0) Gecko/20100101 Firefox/138.0"
95.32.205.139 - - [12/Jun/2025:09:24:33 -0400] "GET /wp-content/plugins/simple-social-buttons/assets/css/front.css?ver=5.3.1 HTTP/1.1" 200 10295 "https://remonster.online/" "Mozilla/5.0 (X11; Linux x86_64; rv:138.0) Gecko/20100101 Firefox/138.0"
95.32.205.139 - - [12/Jun/2025:09:24:33 -0400] "GET /wp-content/uploads/2021/11/LN_v09_001-697x1024.jpeg HTTP/1.1" 200 214016 "https://remonster.online/" "Mozilla/5.0 (X11; Linux x86_64; rv:138.0) Gecko/20100101 Firefox/138.0"
95.32.205.139 - - [12/Jun/2025:09:24:33 -0400] "GET /wp-includes/js/jquery/jquery-migrate.min.js?ver=3.4.1 HTTP/1.1" 200 4678 "https://remonster.online/" "Mozilla/5.0 (X11; Linux x86_64; rv:138.0) Gecko/20100101 Firefox/138.0"
95.32.205.139 - - [12/Jun/2025:09:24:33 -0400] "GET /wp-content/themes/toivo-lite/fonts/genericons/genericons/genericons.min.css?ver=3.3 HTTP/1.1" 200 15959 "https://remonster.online/" "Mozilla/5.0 (X11; Linux x86_64; rv:138.0) Gecko/20100101 Firefox/138.0"
95.32.205.139 - - [12/Jun/2025:09:24:34 -0400] "GET /wp-content/themes/toivo-lite/js/settings.min.js?ver=1.2.0 HTTP/1.1" 304 0 "https://remonster.online/" "Mozilla/5.0 (X11; Linux x86_64; rv:138.0) Gecko/20100101 Firefox/138.0"
95.32.205.139 - - [12/Jun/2025:09:24:34 -0400] "GET /wp-content/themes/toivo-lite/js/functions.min.js?ver=1.2.0 HTTP/1.1" 304 0 "https://remonster.online/" "Mozilla/5.0 (X11; Linux x86_64; rv:138.0) Gecko/20100101 Firefox/138.0"
66.249.66.76 - - [12/Jun/2025:09:24:40 -0400] "GET /detail/prenotion119256880.phtml HTTP/1.1" 200 23792 "-" "Mozilla/5.0 (Linux; Android 6.0.1; Nexus 5X Build/MMB29P) AppleWebKit/537.36 (KHTML, like Gecko) Chrome/136.0.7103.113 Mobile Safari/537.36 (compatible; GoogleOther)"
66.249.66.76 - - [12/Jun/2025:09:24:44 -0400] "GET /goodscode/874331096.phtml HTTP/1.1" 200 26048 "-" "Mozilla/5.0 (Linux; Android 6.0.1; Nexus 5X Build/MMB29P) AppleWebKit/537.36 (KHTML, like Gecko) Chrome/136.0.7103.113 Mobile Safari/537.36 (compatible; GoogleOther)"
66.249.66.76 - - [12/Jun/2025:09:24:54 -0400] "GET /detail/127916944.phtml HTTP/1.1" 200 24449 "-" "Mozilla/5.0 (Linux; Android 6.0.1; Nexus 5X Build/MMB29P) AppleWebKit/537.36 (KHTML, like Gecko) Chrome/136.0.7103.113 Mobile Safari/537.36 (compatible; GoogleOther)"
66.249.66.76 - - [12/Jun/2025:09:24:58 -0400] "GET /goodscode/874889872.phtml HTTP/1.1" 200 23377 "-" "Mozilla/5.0 (Linux; Android 6.0.1; Nexus 5X Build/MMB29P) AppleWebKit/537.36 (KHTML, like Gecko) Chrome/136.0.7103.113 Mobile Safari/537.36 (compatible; GoogleOther)"
66.249.66.78 - - [12/Jun/2025:09:25:04 -0400] "GET /info/cascabel/871152892.phtml HTTP/1.1" 200 24252 "-" "Mozilla/5.0 (Linux; Android 6.0.1; Nexus 5X Build/MMB29P) AppleWebKit/537.36 (KHTML, like Gecko) Chrome/136.0.7103.113 Mobile Safari/537.36 (compatible; GoogleOther)"
49.147.196.29 - - [12/Jun/2025:09:25:09 -0400] "GET /manga/re-monster-chapter-2/ HTTP/1.1" 200 18907 "-" "Mozilla/5.0 (Macintosh; Intel Mac OS X 10_15_7) AppleWebKit/605.1.15 (KHTML, like Gecko) Version/18.5 Safari/605.1.15"
66.249.66.76 - - [12/Jun/2025:09:25:09 -0400] "GET /goodscode/v/wound74045192.phtml HTTP/1.1" 200 23840 "-" "Mozilla/5.0 (Linux; Android 6.0.1; Nexus 5X Build/MMB29P) AppleWebKit/537.36 (KHTML, like Gecko) Chrome/136.0.7103.113 Mobile Safari/537.36 (compatible; GoogleOther)"
49.147.196.29 - - [12/Jun/2025:09:25:12 -0400] "GET /wp-content/plugins/wp-rocket/assets/js/wpr-beacon.min.js HTTP/1.1" 304 0 "https://remonster.online/manga/re-monster-chapter-2/" "Mozilla/5.0 (Macintosh; Intel Mac OS X 10_15_7) AppleWebKit/605.1.15 (KHTML, like Gecko) Version/18.5 Safari/605.1.15"
66.249.66.76 - - [12/Jun/2025:09:25:13 -0400] "GET /item/plantain/869382344.phtml HTTP/1.1" 200 23996 "-" "Mozilla/5.0 (Linux; Android 6.0.1; Nexus 5X Build/MMB29P) AppleWebKit/537.36 (KHTML, like Gecko) Chrome/136.0.7103.113 Mobile Safari/537.36 (compatible; GoogleOther)"
49.147.196.29 - - [12/Jun/2025:09:25:14 -0400] "GET /manga/re-monster-chapter-2/ HTTP/1.1" 200 18907 "-" "Mozilla/5.0 (Macintosh; Intel Mac OS X 10_15_7) AppleWebKit/605.1.15 (KHTML, like Gecko) Version/18.5 Safari/605.1.15"
49.147.196.29 - - [12/Jun/2025:09:25:15 -0400] "GET /wp-content/uploads/2021/11/cropped-CeDzRGZ-180x180.png HTTP/1.1" 200 60430 "-" "Mozilla/5.0 (iPad; CPU OS 18_5 like Mac OS X) AppleWebKit/605.1.15 (KHTML, like Gecko) Version/18.5 Mobile/15E148 Safari/604.1"
162.0.232.193 - - [12/Jun/2025:09:25:17 -0400] "POST /wp-cron.php?doing_wp_cron=1749734717.3905038833618164062500 HTTP/1.1" 200 0 "-" "WordPress/6.6.2; https://remonster.online"
49.147.196.29 - - [12/Jun/2025:09:25:14 -0400] "POST /wp-admin/admin-ajax.php HTTP/1.1" 200 72 "https://remonster.online/manga/re-monster-chapter-2/" "Mozilla/5.0 (Macintosh; Intel Mac OS X 10_15_7) AppleWebKit/605.1.15 (KHTML, like Gecko) Version/18.5 Safari/605.1.15"
49.147.196.29 - - [12/Jun/2025:09:25:18 -0400] "POST /wp-admin/admin-ajax.php HTTP/1.1" 200 72 "https://remonster.online/manga/re-monster-chapter-2/" "Mozilla/5.0 (Macintosh; Intel Mac OS X 10_15_7) AppleWebKit/605.1.15 (KHTML, like Gecko) Version/18.5 Safari/605.1.15"
66.249.66.76 - - [12/Jun/2025:09:25:21 -0400] "GET /products/869904408.phtml HTTP/1.1" 200 23357 "-" "Mozilla/5.0 (Linux; Android 6.0.1; Nexus 5X Build/MMB29P) AppleWebKit/537.36 (KHTML, like Gecko) Chrome/136.0.7103.113 Mobile Safari/537.36 (compatible; GoogleOther)"
2a03:2880:f800:a:: - - [12/Jun/2025:09:25:23 -0400] "GET /shopdetail/272131218 HTTP/1.1" 301 0 "-" "meta-externalagent/1.1 (+https://developers.facebook.com/docs/sharing/webmasters/crawler)"
66.249.66.76 - - [12/Jun/2025:09:25:26 -0400] "GET /goodscode/fungus1369150954.phtml HTTP/1.1" 200 24372 "-" "Mozilla/5.0 (Linux; Android 6.0.1; Nexus 5X Build/MMB29P) AppleWebKit/537.36 (KHTML, like Gecko) Chrome/136.0.7103.113 Mobile Safari/537.36 (compatible; GoogleOther)"
2a03:2880:f800:4:: - - [12/Jun/2025:09:25:26 -0400] "GET / HTTP/1.1" 200 10845 "-" "meta-externalagent/1.1 (+https://developers.facebook.com/docs/sharing/webmasters/crawler)"
66.249.66.76 - - [12/Jun/2025:09:25:30 -0400] "GET /products/tc/%3E%E3%83%89%E3%83%A9%E3%82%B4%E3%83%B3%E3%82%AF%E3%82%A8%E3%82%B9%E3%83%88%20%E3%82%AF%E3%83%AD%E3%82%B9%E3%83%96%E3%83%AC%E3%82%A4%E3%83%89%20%E6%96%B03%E5%BC%BE%20%E3%81%BE%E3%81%A8%E3%82%81%E5%A3%B2%E3%82%8A%20%20%20%20%3C/div%3E%20%20%20%20%3Cdiv%20class= HTTP/1.1" 200 24881 "-" "Googlebot-Image/1.0"
66.249.66.76 - - [12/Jun/2025:09:25:35 -0400] "GET /products/leptodactylus/2066773042.phtml HTTP/1.1" 200 25361 "-" "Mozilla/5.0 (Linux; Android 6.0.1; Nexus 5X Build/MMB29P) AppleWebKit/537.36 (KHTML, like Gecko) Chrome/136.0.7103.113 Mobile Safari/537.36 (compatible; GoogleOther)"
162.0.232.193 - - [12/Jun/2025:09:25:36 -0400] "POST /wp-cron.php?doing_wp_cron=1749734735.8732690811157226562500 HTTP/1.1" 200 0 "-" "WordPress/6.6.2; https://remonster.online"
2a03:2880:f800:1:: - - [12/Jun/2025:09:25:34 -0400] "GET /shopdetail/52446118 HTTP/1.1" 301 0 "-" "meta-externalagent/1.1 (+https://developers.facebook.com/docs/sharing/webmasters/crawler)"
2a03:2880:f800:f:: - - [12/Jun/2025:09:25:38 -0400] "GET / HTTP/1.1" 200 10845 "-" "meta-externalagent/1.1 (+https://developers.facebook.com/docs/sharing/webmasters/crawler)"
66.249.66.76 - - [12/Jun/2025:09:25:40 -0400] "GET /goodscode/alternated1373252300.phtml HTTP/1.1" 200 25447 "-" "Mozilla/5.0 (Linux; Android 6.0.1; Nexus 5X Build/MMB29P) AppleWebKit/537.36 (KHTML, like Gecko) Chrome/136.0.7103.113 Mobile Safari/537.36 (compatible; GoogleOther)"
66.249.66.76 - - [12/Jun/2025:09:25:46 -0400] "GET /products/b/judas/870730184.phtml HTTP/1.1" 200 25136 "-" "Mozilla/5.0 (Linux; Android 6.0.1; Nexus 5X Build/MMB29P) AppleWebKit/537.36 (KHTML, like Gecko) Chrome/136.0.7103.113 Mobile Safari/537.36 (compatible; GoogleOther)"
66.249.66.76 - - [12/Jun/2025:09:25:51 -0400] "GET /item2064737418.phtml HTTP/1.1" 200 24039 "-" "Mozilla/5.0 (Linux; Android 6.0.1; Nexus 5X Build/MMB29P) AppleWebKit/537.36 (KHTML, like Gecko) Chrome/136.0.7103.113 Mobile Safari/537.36 (compatible; GoogleOther)"
66.249.66.76 - - [12/Jun/2025:09:25:58 -0400] "GET /products/splanchnotomy/2061952332.phtml HTTP/1.1" 200 24576 "-" "Mozilla/5.0 (Linux; Android 6.0.1; Nexus 5X Build/MMB29P) AppleWebKit/537.36 (KHTML, like Gecko) Chrome/136.0.7103.113 Mobile Safari/537.36 (compatible; GoogleOther)"
66.249.66.77 - - [12/Jun/2025:09:26:03 -0400] "GET /entity75113002.phtml HTTP/1.1" 200 26039 "-" "Mozilla/5.0 (Linux; Android 6.0.1; Nexus 5X Build/MMB29P) AppleWebKit/537.36 (KHTML, like Gecko) Chrome/136.0.7103.113 Mobile Safari/537.36 (compatible; GoogleOther)"
66.249.66.77 - - [12/Jun/2025:09:26:11 -0400] "GET /goodscode/shammy2057682310.phtml HTTP/1.1" 200 23922 "-" "Mozilla/5.0 (Linux; Android 6.0.1; Nexus 5X Build/MMB29P) AppleWebKit/537.36 (KHTML, like Gecko) Chrome/136.0.7103.113 Mobile Safari/537.36 (compatible; GoogleOther)"
66.249.66.76 - - [12/Jun/2025:09:26:16 -0400] "GET /goodscode/72483240.phtml HTTP/1.1" 200 24188 "-" "Mozilla/5.0 (Linux; Android 6.0.1; Nexus 5X Build/MMB29P) AppleWebKit/537.36 (KHTML, like Gecko) Chrome/136.0.7103.113 Mobile Safari/537.36 (compatible; GoogleOther)"
66.249.66.76 - - [12/Jun/2025:09:26:23 -0400] "GET /products/edacity/2057287198.phtml HTTP/1.1" 200 23624 "-" "Mozilla/5.0 (Linux; Android 6.0.1; Nexus 5X Build/MMB29P) AppleWebKit/537.36 (KHTML, like Gecko) Chrome/136.0.7103.113 Mobile Safari/537.36 (compatible; GoogleOther)"
66.249.66.76 - - [12/Jun/2025:09:26:28 -0400] "GET /shopdetail/%3E%3CFONT%20COLOR= HTTP/1.1" 200 24711 "-" "Googlebot-Image/1.0"
162.0.232.193 - - [12/Jun/2025:09:26:32 -0400] "POST /wp-cron.php?doing_wp_cron=1749734791.9899179935455322265625 HTTP/1.1" 200 0 "-" "WordPress/6.6.2; https://remonster.online"
190.8.36.103 - - [12/Jun/2025:09:26:30 -0400] "POST /wp-admin/admin-ajax.php HTTP/1.1" 200 69 "https://remonster.online/manga/remonster-chapter-79/" "Mozilla/5.0 (Windows NT 10.0; Win64; x64) AppleWebKit/537.36 (KHTML, like Gecko) Chrome/134.0.0.0 Safari/537.36 OPR/119.0.0.0"
66.249.66.76 - - [12/Jun/2025:09:26:33 -0400] "GET /item121965140.phtml HTTP/1.1" 200 24322 "-" "Mozilla/5.0 (Linux; Android 6.0.1; Nexus 5X Build/MMB29P) AppleWebKit/537.36 (KHTML, like Gecko) Chrome/136.0.7103.113 Mobile Safari/537.36 (compatible; GoogleOther)"
66.249.66.76 - - [12/Jun/2025:09:26:38 -0400] "GET /products/j/impersonally/869987460.phtml HTTP/1.1" 200 23639 "-" "Mozilla/5.0 (Linux; Android 6.0.1; Nexus 5X Build/MMB29P) AppleWebKit/537.36 (KHTML, like Gecko) Chrome/136.0.7103.113 Mobile Safari/537.36 (compatible; GoogleOther)"
2a03:2880:f800:8:: - - [12/Jun/2025:09:26:38 -0400] "GET /shopdetail/339717718 HTTP/1.1" 301 0 "-" "meta-externalagent/1.1 (+https://developers.facebook.com/docs/sharing/webmasters/crawler)"
2a03:2880:f800:5:: - - [12/Jun/2025:09:26:41 -0400] "GET / HTTP/1.1" 200 10845 "-" "meta-externalagent/1.1 (+https://developers.facebook.com/docs/sharing/webmasters/crawler)"
66.249.66.76 - - [12/Jun/2025:09:26:44 -0400] "GET /goodscode/scopiferous21581228.phtml HTTP/1.1" 200 25383 "-" "Mozilla/5.0 (Linux; Android 6.0.1; Nexus 5X Build/MMB29P) AppleWebKit/537.36 (KHTML, like Gecko) Chrome/136.0.7103.113 Mobile Safari/537.36 (compatible; GoogleOther)"
2a03:2880:f800:11:: - - [12/Jun/2025:09:26:45 -0400] "GET /shopdetail/374216118 HTTP/1.1" 301 0 "-" "meta-externalagent/1.1 (+https://developers.facebook.com/docs/sharing/webmasters/crawler)"
66.249.66.76 - - [12/Jun/2025:09:26:49 -0400] "GET /products/pleading/2057193362.phtml HTTP/1.1" 200 23988 "-" "Mozilla/5.0 (Linux; Android 6.0.1; Nexus 5X Build/MMB29P) AppleWebKit/537.36 (KHTML, like Gecko) Chrome/136.0.7103.113 Mobile Safari/537.36 (compatible; GoogleOther)"
49.145.217.125 - - [12/Jun/2025:09:26:49 -0400] "GET /manga/re-monster-chapter-67/ HTTP/1.1" 200 17567 "https://remonster.online/manga/re-monster-chapter-66/" "Mozilla/5.0 (iPhone; CPU iPhone OS 12_5_7 like Mac OS X) AppleWebKit/605.1.15 (KHTML, like Gecko) Version/12.1.2 Mobile/15E148 Safari/604.1"
2a03:2880:f800:d:: - - [12/Jun/2025:09:26:51 -0400] "GET / HTTP/1.1" 200 10845 "-" "meta-externalagent/1.1 (+https://developers.facebook.com/docs/sharing/webmasters/crawler)"
66.249.66.76 - - [12/Jun/2025:09:26:58 -0400] "GET /goodscode/68268798.phtml HTTP/1.1" 200 24542 "-" "Mozilla/5.0 (Linux; Android 6.0.1; Nexus 5X Build/MMB29P) AppleWebKit/537.36 (KHTML, like Gecko) Chrome/136.0.7103.113 Mobile Safari/537.36 (compatible; GoogleOther)"
2a03:2880:f800:15:: - - [12/Jun/2025:09:26:57 -0400] "GET /shopdetail/403932618 HTTP/1.1" 301 0 "-" "meta-externalagent/1.1 (+https://developers.facebook.com/docs/sharing/webmasters/crawler)"
2a03:2880:f800:6:: - - [12/Jun/2025:09:27:04 -0400] "GET / HTTP/1.1" 200 10845 "-" "meta-externalagent/1.1 (+https://developers.facebook.com/docs/sharing/webmasters/crawler)"
66.249.66.77 - - [12/Jun/2025:09:27:03 -0400] "GET /items/we/paralogizing2057235210.phtml HTTP/1.1" 200 24048 "-" "Mozilla/5.0 (Linux; Android 6.0.1; Nexus 5X Build/MMB29P) AppleWebKit/537.36 (KHTML, like Gecko) Chrome/136.0.7103.113 Mobile Safari/537.36 (compatible; GoogleOther)"
66.249.66.76 - - [12/Jun/2025:09:27:11 -0400] "GET /item/zna/though137636928.phtml HTTP/1.1" 200 23967 "-" "Mozilla/5.0 (Linux; Android 6.0.1; Nexus 5X Build/MMB29P) AppleWebKit/537.36 (KHTML, like Gecko) Chrome/136.0.7103.113 Mobile Safari/537.36 (compatible; GoogleOther)"
66.249.66.76 - - [12/Jun/2025:09:27:18 -0400] "GET /goodscode/tucked2055402984.phtml HTTP/1.1" 200 23978 "-" "Mozilla/5.0 (Linux; Android 6.0.1; Nexus 5X Build/MMB29P) AppleWebKit/537.36 (KHTML, like Gecko) Chrome/136.0.7103.113 Mobile Safari/537.36 (compatible; GoogleOther)"
66.249.66.76 - - [12/Jun/2025:09:27:24 -0400] "GET /special/%3E%3CCENTER%3E%3CFONT%20SIZE=3%20COLOR= HTTP/1.1" 200 24690 "-" "Googlebot-Image/1.0"
66.249.66.76 - - [12/Jun/2025:09:27:30 -0400] "GET /item/119351488.phtml HTTP/1.1" 200 24125 "-" "Mozilla/5.0 (Linux; Android 6.0.1; Nexus 5X Build/MMB29P) AppleWebKit/537.36 (KHTML, like Gecko) Chrome/136.0.7103.113 Mobile Safari/537.36 (compatible; GoogleOther)"
66.249.66.76 - - [12/Jun/2025:09:27:37 -0400] "GET /products/2057264416.phtml HTTP/1.1" 200 24688 "-" "Mozilla/5.0 (Linux; Android 6.0.1; Nexus 5X Build/MMB29P) AppleWebKit/537.36 (KHTML, like Gecko) Chrome/136.0.7103.113 Mobile Safari/537.36 (compatible; GoogleOther)"
66.249.66.76 - - [12/Jun/2025:09:27:43 -0400] "GET /products/confragose/2068060422.phtml HTTP/1.1" 200 24303 "-" "Mozilla/5.0 (Linux; Android 6.0.1; Nexus 5X Build/MMB29P) AppleWebKit/537.36 (KHTML, like Gecko) Chrome/136.0.7103.113 Mobile Safari/537.36 (compatible; GoogleOther)"
66.249.66.76 - - [12/Jun/2025:09:27:50 -0400] "GET /shopping97506080.phtml HTTP/1.1" 200 26379 "-" "Mozilla/5.0 (Linux; Android 6.0.1; Nexus 5X Build/MMB29P) AppleWebKit/537.36 (KHTML, like Gecko) Chrome/136.0.7103.113 Mobile Safari/537.36 (compatible; GoogleOther)"
162.0.232.193 - - [12/Jun/2025:09:27:55 -0400] "POST /wp-cron.php?doing_wp_cron=1749734874.2426850795745849609375 HTTP/1.1" 200 0 "-" "WordPress/6.6.2; https://remonster.online"
2a03:2880:f800:1:: - - [12/Jun/2025:09:27:41 -0400] "GET /shopdetail/414206318 HTTP/1.1" 301 0 "-" "meta-externalagent/1.1 (+https://developers.facebook.com/docs/sharing/webmasters/crawler)"
2a03:2880:f800:1a:: - - [12/Jun/2025:09:27:57 -0400] "GET / HTTP/1.1" 200 10845 "-" "meta-externalagent/1.1 (+https://developers.facebook.com/docs/sharing/webmasters/crawler)"
66.249.66.76 - - [12/Jun/2025:09:27:57 -0400] "GET /products/vinosity872938716.phtml HTTP/1.1" 200 26261 "-" "Mozilla/5.0 (Linux; Android 6.0.1; Nexus 5X Build/MMB29P) AppleWebKit/537.36 (KHTML, like Gecko) Chrome/136.0.7103.113 Mobile Safari/537.36 (compatible; GoogleOther)"
66.249.66.78 - - [12/Jun/2025:09:28:04 -0400] "GET /goodscode/116674482.phtml HTTP/1.1" 200 25333 "-" "Mozilla/5.0 (Linux; Android 6.0.1; Nexus 5X Build/MMB29P) AppleWebKit/537.36 (KHTML, like Gecko) Chrome/136.0.7103.113 Mobile Safari/537.36 (compatible; GoogleOther)"
66.249.66.76 - - [12/Jun/2025:09:28:10 -0400] "GET /item/zna/oestrual870236744.phtml HTTP/1.1" 200 24789 "-" "Mozilla/5.0 (Linux; Android 6.0.1; Nexus 5X Build/MMB29P) AppleWebKit/537.36 (KHTML, like Gecko) Chrome/136.0.7103.113 Mobile Safari/537.36 (compatible; GoogleOther)"
2a03:2880:f800:2:: - - [12/Jun/2025:09:28:12 -0400] "GET /shopdetail/52907218 HTTP/1.1" 301 0 "-" "meta-externalagent/1.1 (+https://developers.facebook.com/docs/sharing/webmasters/crawler)"
2a03:2880:f800:15:: - - [12/Jun/2025:09:28:16 -0400] "GET / HTTP/1.1" 200 10845 "-" "meta-externalagent/1.1 (+https://developers.facebook.com/docs/sharing/webmasters/crawler)"
66.249.66.76 - - [12/Jun/2025:09:28:17 -0400] "GET /item/peter23094016.phtml HTTP/1.1" 200 25926 "-" "Mozilla/5.0 (Linux; Android 6.0.1; Nexus 5X Build/MMB29P) AppleWebKit/537.36 (KHTML, like Gecko) Chrome/136.0.7103.113 Mobile Safari/537.36 (compatible; GoogleOther)"
66.249.66.76 - - [12/Jun/2025:09:28:23 -0400] "GET /special/%3E%E3%81%94%E8%A6%A7%E9%A0%82%E3%81%8D%E3%81%82%E3%82%8A%E3%81%8C%E3%81%A8%E3%81%86%E3%81%94%E3%81%96%E3%81%84%E3%81%BE%E3%81%99%EF%BC%81%3CBR%3E%3CBR%3E%E3%81%93%E3%81%A1%E3%82%89%E5%91%AA%E8%A1%93%E5%BB%BB%E6%88%A6%20%E4%B8%80%E7%95%AA%E3%81%8F%E3%81%98%20%EF%BD%9E%E5%AE%A3%E6%88%A6%E5%B8%83%E5%91%8A%EF%BD%9E%20A%E8%B3%9E%20%E4%B9%99%E9%AA%A8%E6%86%82%E5%A4%AA%E3%83%95%E3%82%A3%E3%82%AE%E3%83%A5%E3%82%A2%E3%81%A7%E3%81%99%E2%97%8E%3CBR%3E%E3%81%93%E3%81%A1%E3%82%89%E6%9C%AA%E9%96%8B%E5%B0%81%E5%93%81%E3%81%A7%E3%81%99%E3%81%8C%E3%80%81%E5%88%9D%E6%9C%9F%E3%81%AE%E5%82%B7%E3%82%84%E3%82%B9%E3%83%AC%E3%81%AA%E3%81%A9%E3%81%8C%E3%81%82%E3%82%8B%E5%A0%B4%E5%90%88%E3%81%8C%E3%81%82%E3%82%8A%E3%81%BE%E3%81%99%E3%80%82%E7%B4%A0%E4%BA%BA%E4%BF%9D%E7%AE%A1%E3%81%AE%E3%81%9F%E3%82%81%E7%8A%B6%E6%85%8B%E3%82%92%E6%A5%B5%E7%AB%AF%E3%81%AB%E6%B0%97%E3%81%AB%E3%81%95%E3%82%8C%E3%82%8B%E6%96%B9%E3%81%AF%E8%B3%BC%E5%85%A5%E3%82%92%E3%81%94%E9%81%A0%E6%85%AE%E4%B8%8B%E3%81%95%E3%81%84%E3%80%82%3CBR%3E%3CBR%3E%E3%83%8E%E3%83%BC%E3%82%AF%E3%83%AC%E3%83%BC%E3%83%A0%E3%80%81%E3%83%8E%E3%83%BC%E3%83%AA%E3%82%BF%E3%83%BC%E3%83%B3%E3%81%A7%E3%81%8A%E9%A1%98%E3%81%84%E3%81%97%E3%81%BE%E3%81%99%E2%97%8E%20%20%20%20%3C/div%3E%20%20%20%20%3Cdiv%20class= HTTP/1.1" 200 25780 "-" "Googlebot-Image/1.0"
66.249.66.76 - - [12/Jun/2025:09:28:28 -0400] "GET /products/impuberty2066425042.phtml HTTP/1.1" 200 24302 "-" "Mozilla/5.0 (Linux; Android 6.0.1; Nexus 5X Build/MMB29P) AppleWebKit/537.36 (KHTML, like Gecko) Chrome/136.0.7103.113 Mobile Safari/537.36 (compatible; GoogleOther)"
66.249.66.76 - - [12/Jun/2025:09:28:34 -0400] "GET /goodscode/improvisatorial/77360496.phtml HTTP/1.1" 200 25361 "-" "Mozilla/5.0 (Linux; Android 6.0.1; Nexus 5X Build/MMB29P) AppleWebKit/537.36 (KHTML, like Gecko) Chrome/136.0.7103.113 Mobile Safari/537.36 (compatible; GoogleOther)"
66.249.66.76 - - [12/Jun/2025:09:28:39 -0400] "GET /products/2061962472.phtml HTTP/1.1" 200 23922 "-" "Mozilla/5.0 (Linux; Android 6.0.1; Nexus 5X Build/MMB29P) AppleWebKit/537.36 (KHTML, like Gecko) Chrome/136.0.7103.113 Mobile Safari/537.36 (compatible; GoogleOther)"
66.249.66.76 - - [12/Jun/2025:09:28:45 -0400] "GET /goodscode/stercoration16430680.phtml HTTP/1.1" 200 25914 "-" "Mozilla/5.0 (Linux; Android 6.0.1; Nexus 5X Build/MMB29P) AppleWebKit/537.36 (KHTML, like Gecko) Chrome/136.0.7103.113 Mobile Safari/537.36 (compatible; GoogleOther)"
66.249.66.76 - - [12/Jun/2025:09:28:50 -0400] "GET /products/g/hassock868835570.phtml HTTP/1.1" 200 24228 "-" "Mozilla/5.0 (Linux; Android 6.0.1; Nexus 5X Build/MMB29P) AppleWebKit/537.36 (KHTML, like Gecko) Chrome/136.0.7103.113 Mobile Safari/537.36 (compatible; GoogleOther)"
66.249.66.76 - - [12/Jun/2025:09:28:55 -0400] "GET /product12714046.phtml HTTP/1.1" 200 23862 "-" "Mozilla/5.0 (Linux; Android 6.0.1; Nexus 5X Build/MMB29P) AppleWebKit/537.36 (KHTML, like Gecko) Chrome/136.0.7103.113 Mobile Safari/537.36 (compatible; GoogleOther)"
66.249.66.78 - - [12/Jun/2025:09:29:01 -0400] "GET /item/vs/terpsichore2061834104.phtml HTTP/1.1" 200 23991 "-" "Mozilla/5.0 (Linux; Android 6.0.1; Nexus 5X Build/MMB29P) AppleWebKit/537.36 (KHTML, like Gecko) Chrome/136.0.7103.113 Mobile Safari/537.36 (compatible; GoogleOther)"
66.249.66.77 - - [12/Jun/2025:09:29:06 -0400] "GET /goodscode/97920254.phtml HTTP/1.1" 200 23976 "-" "Mozilla/5.0 (Linux; Android 6.0.1; Nexus 5X Build/MMB29P) AppleWebKit/537.36 (KHTML, like Gecko) Chrome/136.0.7103.113 Mobile Safari/537.36 (compatible; GoogleOther)"
66.249.66.76 - - [12/Jun/2025:09:29:12 -0400] "GET /goodscode/x/barroom2060994852.phtml HTTP/1.1" 200 25634 "-" "Mozilla/5.0 (Linux; Android 6.0.1; Nexus 5X Build/MMB29P) AppleWebKit/537.36 (KHTML, like Gecko) Chrome/136.0.7103.113 Mobile Safari/537.36 (compatible; GoogleOther)"
66.249.66.76 - - [12/Jun/2025:09:29:18 -0400] "GET /goodscode/h/indefiniteness/15481932.phtml HTTP/1.1" 200 24873 "-" "Mozilla/5.0 (Linux; Android 6.0.1; Nexus 5X Build/MMB29P) AppleWebKit/537.36 (KHTML, like Gecko) Chrome/136.0.7103.113 Mobile Safari/537.36 (compatible; GoogleOther)"
66.249.66.76 - - [12/Jun/2025:09:29:28 -0400] "GET /goodscode/2058807946.phtml HTTP/1.1" 200 24909 "-" "Mozilla/5.0 (Linux; Android 6.0.1; Nexus 5X Build/MMB29P) AppleWebKit/537.36 (KHTML, like Gecko) Chrome/136.0.7103.113 Mobile Safari/537.36 (compatible; GoogleOther)"
66.249.66.76 - - [12/Jun/2025:09:29:33 -0400] "GET /goodscode/anacoluthia2063370644.phtml HTTP/1.1" 200 24857 "-" "Mozilla/5.0 (Linux; Android 6.0.1; Nexus 5X Build/MMB29P) AppleWebKit/537.36 (KHTML, like Gecko) Chrome/136.0.7103.113 Mobile Safari/537.36 (compatible; GoogleOther)"
66.249.66.76 - - [12/Jun/2025:09:29:38 -0400] "GET /products/872747898.phtml HTTP/1.1" 200 23580 "-" "Mozilla/5.0 (Linux; Android 6.0.1; Nexus 5X Build/MMB29P) AppleWebKit/537.36 (KHTML, like Gecko) Chrome/136.0.7103.113 Mobile Safari/537.36 (compatible; GoogleOther)"
162.0.232.193 - - [12/Jun/2025:09:29:40 -0400] "POST /wp-cron.php?doing_wp_cron=1749734980.6339099407196044921875 HTTP/1.1" 200 0 "-" "WordPress/6.6.2; https://remonster.online"
2a03:2880:f800:4:: - - [12/Jun/2025:09:29:39 -0400] "GET /shopdetail/408646718 HTTP/1.1" 301 0 "-" "meta-externalagent/1.1 (+https://developers.facebook.com/docs/sharing/webmasters/crawler)"
2a03:2880:f800:: - - [12/Jun/2025:09:29:43 -0400] "GET / HTTP/1.1" 200 10845 "-" "meta-externalagent/1.1 (+https://developers.facebook.com/docs/sharing/webmasters/crawler)"
66.249.66.76 - - [12/Jun/2025:09:29:43 -0400] "GET /goodscode/bilection75290984.phtml HTTP/1.1" 200 24408 "-" "Mozilla/5.0 (Linux; Android 6.0.1; Nexus 5X Build/MMB29P) AppleWebKit/537.36 (KHTML, like Gecko) Chrome/136.0.7103.113 Mobile Safari/537.36 (compatible; GoogleOther)"
66.249.66.76 - - [12/Jun/2025:09:29:48 -0400] "GET /products/869962362.phtml HTTP/1.1" 200 24225 "-" "Mozilla/5.0 (Linux; Android 6.0.1; Nexus 5X Build/MMB29P) AppleWebKit/537.36 (KHTML, like Gecko) Chrome/136.0.7103.113 Mobile Safari/537.36 (compatible; GoogleOther)"
66.249.66.76 - - [12/Jun/2025:09:29:55 -0400] "GET /products/i/penning2058812570.phtml HTTP/1.1" 200 26831 "-" "Mozilla/5.0 (Linux; Android 6.0.1; Nexus 5X Build/MMB29P) AppleWebKit/537.36 (KHTML, like Gecko) Chrome/136.0.7103.113 Mobile Safari/537.36 (compatible; GoogleOther)"
66.249.66.76 - - [12/Jun/2025:09:30:00 -0400] "GET /goodscode/127713100.phtml HTTP/1.1" 200 24484 "-" "Mozilla/5.0 (Linux; Android 6.0.1; Nexus 5X Build/MMB29P) AppleWebKit/537.36 (KHTML, like Gecko) Chrome/136.0.7103.113 Mobile Safari/537.36 (compatible; GoogleOther)"
66.249.66.77 - - [12/Jun/2025:09:30:08 -0400] "GET /goodscode/2057686290.phtml HTTP/1.1" 200 25238 "-" "Mozilla/5.0 (Linux; Android 6.0.1; Nexus 5X Build/MMB29P) AppleWebKit/537.36 (KHTML, like Gecko) Chrome/136.0.7103.113 Mobile Safari/537.36 (compatible; GoogleOther)"
66.249.66.76 - - [12/Jun/2025:09:30:13 -0400] "GET /special/h/sachet121983624.phtml HTTP/1.1" 200 23807 "-" "Mozilla/5.0 (Linux; Android 6.0.1; Nexus 5X Build/MMB29P) AppleWebKit/537.36 (KHTML, like Gecko) Chrome/136.0.7103.113 Mobile Safari/537.36 (compatible; GoogleOther)"
66.249.66.76 - - [12/Jun/2025:09:30:18 -0400] "GET /item/r/%3E%E6%9C%AA%E9%96%8B%E5%B0%81%E5%93%81%E3%81%AE%E3%82%BB%E3%83%83%E3%83%88%E8%B2%A9%E5%A3%B2%E3%81%AB%E3%81%AA%E3%82%8A%E3%81%BE%E3%81%99%E3%80%82%3CBR%3E%E5%86%99%E7%9C%9F%E3%81%AB%E3%81%82%E3%82%8B%E7%89%A9%E3%81%8C%E5%85%A8%E3%81%A6%E3%81%AB%E3%81%AA%E3%82%8A%E3%81%BE%E3%81%99%E3%80%82%3CBR%3E%E2%98%85%E3%83%90%E3%83%A9%E5%A3%B2%E3%82%8A%E3%81%AF%E8%87%B4%E3%81%97%E3%81%BE%E3%81%9B%E3%82%93%E3%81%AE%E3%81%A7%E3%81%94%E4%BA%86%E6%89%BF%E4%B8%8B%E3%81%95%E3%81%84%E3%80%82%3CBR%3E%3CBR%3E[[[%E3%81%94%E6%B3%A8%E6%84%8F%EF%BC%81]]]%3CBR%3E%E7%AE%B1%E3%81%AF%E7%BE%8E%E5%93%81%E3%81%A7%E7%84%A1%E3%81%84%E3%82%82%E3%81%AE%E3%81%8C%E5%90%AB%E3%81%BE%E3%82%8C%E3%81%A6%E3%81%84%E3%81%BE%E3%81%99%E3%80%82%3CBR%3E(%E9%95%B7%E5%B9%B4%E3%81%AE%E4%BF%9D%E7%AE%A1%E3%82%84%E5%BC%95%E3%81%A3%E8%B6%8A%E3%81%97%E4%BD%9C%E6%A5%AD%E6%99%82%E3%81%AE%E9%81%8B%E6%90%AC%E3%81%AE%E3%81%9F%E3%82%81%E3%81%A7%E3%81%99)%3CBR%3E%E5%AE%8C%E5%93%81%E3%82%92%E3%81%8A%E6%B1%82%E3%82%81%E3%81%AE%E6%96%B9%E3%81%AF%E5%85%A5%E6%9C%AD%E3%81%94%E9%81%A0%E6%85%AE%E3%81%8F%E3%81%A0%E3%81%95%E3%81%84%E3%80%82%3CBR%3E%3CBR%3E%E3%82%A8%E3%82%A2%E3%83%91%E3%83%83%E3%82%AD%E3%83%B3%E3%82%92%E4%BD%BF%E7%94%A8%E3%81%97%E3%81%AA%E3%81%84%E7%B0%A1%E6%98%93%E6%A2%B1%E5%8C%85%E3%81%AB%E3%81%AA%E3%82%8A%E3%81%BE%E3%81%99%E3%81%AE%E3%81%A7%E3%81%94%E4%BA%86%E6%89%BF%E4%B8%8B%E3%81%95%E3%81%84%E3%80%82%3CBR%3E%3CBR%3E%E8%90%BD%E6%9C%AD%E5%BE%8C%E3%81%AF%E5%8F%96%E3%82%8A%E5%BC%95%E3%81%8D%E3%83%8A%E3%83%93%E3%82%88%E3%82%8A%E6%89%8B%E7%B6%9A%E3%81%8D%E3%82%92%E9%80%B2%E3%82%81%E3%81%A6%E4%B8%8B%E3%81%95%E3%81%84%E3%80%82%3CBR%3E%E3%82%88%E3%82%8D%E3%81%97%E3%81%8F%E3%81%8A%E9%A1%98%E3%81%84%E3%81%97%E3%81%BE%E3%81%99%E3%80%82%20%20%20%20%3C/div%3E%20%20%20%20%3Cdiv%20class= HTTP/1.1" 200 25873 "-" "Googlebot-Image/1.0"
66.249.66.76 - - [12/Jun/2025:09:30:22 -0400] "GET /products/amphipodous869585544.phtml HTTP/1.1" 200 24504 "-" "Mozilla/5.0 (Linux; Android 6.0.1; Nexus 5X Build/MMB29P) AppleWebKit/537.36 (KHTML, like Gecko) Chrome/136.0.7103.113 Mobile Safari/537.36 (compatible; GoogleOther)"
66.249.66.76 - - [12/Jun/2025:09:30:27 -0400] "GET /item/anthropomorphite/18513160.phtml HTTP/1.1" 200 24061 "-" "Mozilla/5.0 (Linux; Android 6.0.1; Nexus 5X Build/MMB29P) AppleWebKit/537.36 (KHTML, like Gecko) Chrome/136.0.7103.113 Mobile Safari/537.36 (compatible; GoogleOther)"
66.249.66.76 - - [12/Jun/2025:09:30:33 -0400] "GET /products/idealogic869922186.phtml HTTP/1.1" 200 24929 "-" "Mozilla/5.0 (Linux; Android 6.0.1; Nexus 5X Build/MMB29P) AppleWebKit/537.36 (KHTML, like Gecko) Chrome/136.0.7103.113 Mobile Safari/537.36 (compatible; GoogleOther)"
66.249.66.76 - - [12/Jun/2025:09:30:37 -0400] "GET /info1377120088.phtml HTTP/1.1" 200 24671 "-" "Mozilla/5.0 (Linux; Android 6.0.1; Nexus 5X Build/MMB29P) AppleWebKit/537.36 (KHTML, like Gecko) Chrome/136.0.7103.113 Mobile Safari/537.36 (compatible; GoogleOther)"
66.249.66.76 - - [12/Jun/2025:09:30:45 -0400] "GET /shopping/oc/cypress/2066792938.phtml HTTP/1.1" 200 23669 "-" "Mozilla/5.0 (Linux; Android 6.0.1; Nexus 5X Build/MMB29P) AppleWebKit/537.36 (KHTML, like Gecko) Chrome/136.0.7103.113 Mobile Safari/537.36 (compatible; GoogleOther)"
66.249.66.76 - - [12/Jun/2025:09:30:51 -0400] "GET /goodscode/105282154.phtml HTTP/1.1" 200 24677 "-" "Mozilla/5.0 (Linux; Android 6.0.1; Nexus 5X Build/MMB29P) AppleWebKit/537.36 (KHTML, like Gecko) Chrome/136.0.7103.113 Mobile Safari/537.36 (compatible; GoogleOther)"
66.249.66.76 - - [12/Jun/2025:09:30:58 -0400] "GET /goodscode/postable2061988916.phtml HTTP/1.1" 200 24874 "-" "Mozilla/5.0 (Linux; Android 6.0.1; Nexus 5X Build/MMB29P) AppleWebKit/537.36 (KHTML, like Gecko) Chrome/136.0.7103.113 Mobile Safari/537.36 (compatible; GoogleOther)"
66.249.66.77 - - [12/Jun/2025:09:31:08 -0400] "GET /entity/hi/pasteurize132714616.phtml HTTP/1.1" 200 24296 "-" "Mozilla/5.0 (Linux; Android 6.0.1; Nexus 5X Build/MMB29P) AppleWebKit/537.36 (KHTML, like Gecko) Chrome/136.0.7103.113 Mobile Safari/537.36 (compatible; GoogleOther)"
66.249.66.76 - - [12/Jun/2025:09:31:12 -0400] "GET /special/zo/lorikeet2061928324.phtml HTTP/1.1" 200 25417 "-" "Mozilla/5.0 (Linux; Android 6.0.1; Nexus 5X Build/MMB29P) AppleWebKit/537.36 (KHTML, like Gecko) Chrome/136.0.7103.113 Mobile Safari/537.36 (compatible; GoogleOther)"
66.249.66.76 - - [12/Jun/2025:09:31:19 -0400] "GET /goodscode/139684232.phtml HTTP/1.1" 200 25367 "-" "Mozilla/5.0 (Linux; Android 6.0.1; Nexus 5X Build/MMB29P) AppleWebKit/537.36 (KHTML, like Gecko) Chrome/136.0.7103.113 Mobile Safari/537.36 (compatible; GoogleOther)"
66.249.66.76 - - [12/Jun/2025:09:31:23 -0400] "GET /item/2056689080.phtml HTTP/1.1" 200 24504 "-" "Mozilla/5.0 (Linux; Android 6.0.1; Nexus 5X Build/MMB29P) AppleWebKit/537.36 (KHTML, like Gecko) Chrome/136.0.7103.113 Mobile Safari/537.36 (compatible; GoogleOther)"
162.0.232.193 - - [12/Jun/2025:09:31:28 -0400] "POST /wp-cron.php?doing_wp_cron=1749735087.8787889480590820312500 HTTP/1.1" 200 0 "-" "WordPress/6.6.2; https://remonster.online"
2a03:2880:f800:e:: - - [12/Jun/2025:09:31:25 -0400] "GET /shopdetail/438075018 HTTP/1.1" 301 0 "-" "meta-externalagent/1.1 (+https://developers.facebook.com/docs/sharing/webmasters/crawler)"
2a03:2880:f800:1d:: - - [12/Jun/2025:09:31:30 -0400] "GET / HTTP/1.1" 200 10845 "-" "meta-externalagent/1.1 (+https://developers.facebook.com/docs/sharing/webmasters/crawler)"
66.249.66.69 - - [12/Jun/2025:09:31:33 -0400] "GET /item/concordant103988998.phtml HTTP/1.1" 200 24554 "-" "Mozilla/5.0 (Linux; Android 6.0.1; Nexus 5X Build/MMB29P) AppleWebKit/537.36 (KHTML, like Gecko) Chrome/136.0.7103.113 Mobile Safari/537.36 (compatible; GoogleOther)"
66.249.66.69 - - [12/Jun/2025:09:31:37 -0400] "GET /products/spectrophotometer2057209472.phtml HTTP/1.1" 200 24456 "-" "Mozilla/5.0 (Linux; Android 6.0.1; Nexus 5X Build/MMB29P) AppleWebKit/537.36 (KHTML, like Gecko) Chrome/136.0.7103.113 Mobile Safari/537.36 (compatible; GoogleOther)"
66.249.66.69 - - [12/Jun/2025:09:31:46 -0400] "GET /detail16192048.phtml HTTP/1.1" 200 25200 "-" "Mozilla/5.0 (Linux; Android 6.0.1; Nexus 5X Build/MMB29P) AppleWebKit/537.36 (KHTML, like Gecko) Chrome/136.0.7103.113 Mobile Safari/537.36 (compatible; GoogleOther)"
66.249.66.69 - - [12/Jun/2025:09:31:51 -0400] "GET /products/2057351448.phtml HTTP/1.1" 200 23969 "-" "Mozilla/5.0 (Linux; Android 6.0.1; Nexus 5X Build/MMB29P) AppleWebKit/537.36 (KHTML, like Gecko) Chrome/136.0.7103.113 Mobile Safari/537.36 (compatible; GoogleOther)"
113.211.213.67 - - [12/Jun/2025:09:31:49 -0400] "POST /wp-admin/admin-ajax.php HTTP/1.1" 200 69 "https://remonster.online/manga/re-monster-chapter-59/" "Mozilla/5.0 (Linux; Android 10; K) AppleWebKit/537.36 (KHTML, like Gecko) Chrome/137.0.0.0 Safari/537.36"
66.249.66.69 - - [12/Jun/2025:09:31:59 -0400] "GET /%3E%3CDIV%3E%E2%96%A0%E4%BC%8A%E8%B1%86%E6%80%A5%20100%E7%B3%BB%E9%9B%BB%E8%BB%8A%E3%81%AE%E3%81%95%E3%82%88%E3%81%AA%E3%82%89%E3%82%A4%E3%83%99%E3%83%B3%E3%83%88%E3%81%AB%E3%81%A6%E9%85%8D%E5%B8%83%E3%81%95%E3%82%8C%E3%81%9F%E3%82%B0%E3%83%83%E3%82%BA%E3%81%A7%E3%81%99%E3%80%82%3C/DIV%3E%3CDIV%3E%3CBR%3E%3C/DIV%3E%3CDIV%3E%E2%96%A0%E4%B8%8B%E6%95%B7%E3%83%BB%E3%82%B7%E3%83%BC%E3%83%AB%E3%83%BB%E3%82%B9%E3%82%B1%E3%83%BC%E3%83%AB%E3%83%BB%E3%83%9D%E3%82%B9%E3%83%88%E3%82%AB%E3%83%BC%E3%83%89%EF%BC%92%E6%9E%9A%E3%83%BB%E4%B9%97%E8%BB%8A%E8%A8%98%E5%BF%B5%E3%82%AB%E3%83%BC%E3%83%89%EF%BC%93%E6%9E%9A%E3%80%82%3C/DIV%3E%3CDIV%3E%3CBR%3E%3C/DIV%3E%3CDIV%3E%E2%96%A0%E5%8F%A4%E3%81%84%E3%82%82%E3%81%AE%E3%81%AA%E3%81%AE%E3%81%A7%E3%80%81%E4%BF%9D%E7%AE%A1%E4%B8%8A%E3%81%AE%E3%82%AD%E3%82%BA%E3%81%AA%E3%81%A9%E3%81%AF%E3%81%82%E3%82%8A%E3%81%BE%E3%81%99%E3%80%82%3C/DIV%3E%3CDIV%3E%3CBR%3E%3C/DIV%3E%3CDIV%3E%E2%96%A0NC/NR%E3%81%AB%E3%81%A6%E3%81%8A%E9%A1%98%E3%81%84%E3%81%84%E3%81%9F%E3%81%97%E3%81%BE%E3%81%99%E3%80%82%3C/DIV%3E%20%20%20%20%3C/div%3E%20%20%20%20%3Cdiv%20class= HTTP/1.1" 200 25440 "-" "Googlebot-Image/1.0"
66.249.66.69 - - [12/Jun/2025:09:32:04 -0400] "GET /manga/re-monster-chapter-34/ HTTP/1.1" 200 24655 "-" "Mozilla/5.0 (Linux; Android 6.0.1; Nexus 5X Build/MMB29P) AppleWebKit/537.36 (KHTML, like Gecko) Chrome/136.0.7103.113 Mobile Safari/537.36 (compatible; Googlebot/2.1; +http://www.google.com/bot.html)"
66.249.66.69 - - [12/Jun/2025:09:32:06 -0400] "GET /shopbrand137230842.phtml HTTP/1.1" 200 23285 "-" "Mozilla/5.0 (Linux; Android 6.0.1; Nexus 5X Build/MMB29P) AppleWebKit/537.36 (KHTML, like Gecko) Chrome/136.0.7103.113 Mobile Safari/537.36 (compatible; GoogleOther)"
66.249.66.69 - - [12/Jun/2025:09:32:11 -0400] "GET /products/sidewheel2064548718.phtml HTTP/1.1" 200 23748 "-" "Mozilla/5.0 (Linux; Android 6.0.1; Nexus 5X Build/MMB29P) AppleWebKit/537.36 (KHTML, like Gecko) Chrome/136.0.7103.113 Mobile Safari/537.36 (compatible; GoogleOther)"
66.249.66.69 - - [12/Jun/2025:09:32:16 -0400] "GET /products/w/latchkey870636538.phtml HTTP/1.1" 200 24144 "-" "Mozilla/5.0 (Linux; Android 6.0.1; Nexus 5X Build/MMB29P) AppleWebKit/537.36 (KHTML, like Gecko) Chrome/136.0.7103.113 Mobile Safari/537.36 (compatible; GoogleOther)"
162.0.232.193 - - [12/Jun/2025:09:32:21 -0400] "POST /wp-cron.php?doing_wp_cron=1749735141.1425569057464599609375 HTTP/1.1" 200 0 "-" "WordPress/6.6.2; https://remonster.online"
2a03:2880:f800:1b:: - - [12/Jun/2025:09:32:18 -0400] "GET /shopdetail/76063418 HTTP/1.1" 301 0 "-" "meta-externalagent/1.1 (+https://developers.facebook.com/docs/sharing/webmasters/crawler)"
66.249.66.69 - - [12/Jun/2025:09:32:22 -0400] "GET /item/clincher/125039178.phtml HTTP/1.1" 200 25136 "-" "Mozilla/5.0 (Linux; Android 6.0.1; Nexus 5X Build/MMB29P) AppleWebKit/537.36 (KHTML, like Gecko) Chrome/136.0.7103.113 Mobile Safari/537.36 (compatible; GoogleOther)"
2a03:2880:f800:4:: - - [12/Jun/2025:09:32:20 -0400] "GET /shopdetail/397363018 HTTP/1.1" 301 0 "-" "meta-externalagent/1.1 (+https://developers.facebook.com/docs/sharing/webmasters/crawler)"
2a03:2880:f800:b:: - - [12/Jun/2025:09:32:24 -0400] "GET / HTTP/1.1" 200 10845 "-" "meta-externalagent/1.1 (+https://developers.facebook.com/docs/sharing/webmasters/crawler)"
2a03:2880:f800:5:: - - [12/Jun/2025:09:32:26 -0400] "GET / HTTP/1.1" 200 10845 "-" "meta-externalagent/1.1 (+https://developers.facebook.com/docs/sharing/webmasters/crawler)"
66.249.66.69 - - [12/Jun/2025:09:32:28 -0400] "GET /products/bachmani/2060836766.phtml HTTP/1.1" 200 23657 "-" "Mozilla/5.0 (Linux; Android 6.0.1; Nexus 5X Build/MMB29P) AppleWebKit/537.36 (KHTML, like Gecko) Chrome/136.0.7103.113 Mobile Safari/537.36 (compatible; GoogleOther)"
66.249.66.69 - - [12/Jun/2025:09:32:33 -0400] "GET /shopping/hu/persuadedness80752172.phtml HTTP/1.1" 200 24115 "-" "Mozilla/5.0 (Linux; Android 6.0.1; Nexus 5X Build/MMB29P) AppleWebKit/537.36 (KHTML, like Gecko) Chrome/136.0.7103.113 Mobile Safari/537.36 (compatible; GoogleOther)"
66.249.66.69 - - [12/Jun/2025:09:32:40 -0400] "GET /item/hnm/curtailing2059049212.phtml HTTP/1.1" 200 24055 "-" "Mozilla/5.0 (Linux; Android 6.0.1; Nexus 5X Build/MMB29P) AppleWebKit/537.36 (KHTML, like Gecko) Chrome/136.0.7103.113 Mobile Safari/537.36 (compatible; GoogleOther)"
2601:85:ca80:8df0:3cf0:d00d:b8d2:b335 - - [12/Jun/2025:09:32:42 -0400] "GET /manga/re-monster-chapter-51/ HTTP/1.1" 200 17557 "https://remonster.online/manga/re-monster-chapter-50/" "Mozilla/5.0 (Linux; Android 10; K) AppleWebKit/537.36 (KHTML, like Gecko) Chrome/137.0.0.0 Mobile Safari/537.36"
162.0.232.193 - - [12/Jun/2025:09:32:43 -0400] "POST /wp-cron.php?doing_wp_cron=1749735162.1845951080322265625000 HTTP/1.1" 200 0 "-" "WordPress/6.6.2; https://remonster.online"
2601:85:ca80:8df0:3cf0:d00d:b8d2:b335 - - [12/Jun/2025:09:32:40 -0400] "POST /wp-admin/admin-ajax.php HTTP/1.1" 200 69 "https://remonster.online/manga/re-monster-chapter-50/" "Mozilla/5.0 (Linux; Android 10; K) AppleWebKit/537.36 (KHTML, like Gecko) Chrome/137.0.0.0 Mobile Safari/537.36"
2a03:2880:f800:4:: - - [12/Jun/2025:09:32:43 -0400] "GET /shopdetail/164809518 HTTP/1.1" 301 0 "-" "meta-externalagent/1.1 (+https://developers.facebook.com/docs/sharing/webmasters/crawler)"
66.249.66.42 - - [12/Jun/2025:09:32:47 -0400] "GET /shopping2067834688.phtml HTTP/1.1" 200 24878 "-" "Mozilla/5.0 (Linux; Android 6.0.1; Nexus 5X Build/MMB29P) AppleWebKit/537.36 (KHTML, like Gecko) Chrome/136.0.7103.113 Mobile Safari/537.36 (compatible; GoogleOther)"
2a03:2880:f800:18:: - - [12/Jun/2025:09:32:47 -0400] "GET / HTTP/1.1" 200 10845 "-" "meta-externalagent/1.1 (+https://developers.facebook.com/docs/sharing/webmasters/crawler)"
2a03:2880:f800:4:: - - [12/Jun/2025:09:32:47 -0400] "GET /shopdetail/23085918 HTTP/1.1" 301 0 "-" "meta-externalagent/1.1 (+https://developers.facebook.com/docs/sharing/webmasters/crawler)"
2a03:2880:f800:11:: - - [12/Jun/2025:09:32:52 -0400] "GET / HTTP/1.1" 200 10845 "-" "meta-externalagent/1.1 (+https://developers.facebook.com/docs/sharing/webmasters/crawler)"
66.249.66.69 - - [12/Jun/2025:09:32:54 -0400] "GET /products/capuched2059057874.phtml HTTP/1.1" 200 23992 "-" "Mozilla/5.0 (Linux; Android 6.0.1; Nexus 5X Build/MMB29P) AppleWebKit/537.36 (KHTML, like Gecko) Chrome/136.0.7103.113 Mobile Safari/537.36 (compatible; GoogleOther)"
