2405:acc0:1504:861a:4909:208a:9dc2:c96c - - [12/Jun/2025:09:41:20 -0400] "GET /wp-content/plugins/wp-automatic/css/wp-automatic.css?ver=1.0.0 HTTP/1.1" 200 537 "https://remonster.online/manga/re-monster-chapter-14/" "Mozilla/5.0 (Linux; U; Android 4.0.4; en-gb; SHW-M380K Build/IMM76D) AppleWebKit/534.30 (KHTML, like Gecko) Version/4.0 Safari/534.30"
2405:acc0:1504:861a:4909:208a:9dc2:c96c - - [12/Jun/2025:09:41:20 -0400] "GET /wp-includes/css/dist/block-library/style.min.css?ver=6.6.2 HTTP/1.1" 200 13903 "https://remonster.online/manga/re-monster-chapter-14/" "Mozilla/5.0 (Linux; U; Android 4.0.4; en-gb; SHW-M380K Build/IMM76D) AppleWebKit/534.30 (KHTML, like Gecko) Version/4.0 Safari/534.30"
2405:acc0:1504:861a:4909:208a:9dc2:c96c - - [12/Jun/2025:09:41:20 -0400] "GET /wp-content/plugins/links-auto-replacer/public/js/lar-public.js?ver=2.0.0 HTTP/1.1" 200 393 "https://remonster.online/manga/re-monster-chapter-14/" "Mozilla/5.0 (Linux; U; Android 4.0.4; en-gb; SHW-M380K Build/IMM76D) AppleWebKit/534.30 (KHTML, like Gecko) Version/4.0 Safari/534.30"
2405:acc0:1504:861a:4909:208a:9dc2:c96c - - [12/Jun/2025:09:41:20 -0400] "GET /wp-content/plugins/disqus-comment-system/public/js/comment_count.js?ver=3.1.2 HTTP/1.1" 200 354 "https://remonster.online/manga/re-monster-chapter-14/" "Mozilla/5.0 (Linux; U; Android 4.0.4; en-gb; SHW-M380K Build/IMM76D) AppleWebKit/534.30 (KHTML, like Gecko) Version/4.0 Safari/534.30"
2405:acc0:1504:861a:4909:208a:9dc2:c96c - - [12/Jun/2025:09:41:20 -0400] "GET /wp-content/plugins/wp-automatic/js/main-front.js?ver=6.6.2 HTTP/1.1" 200 316 "https://remonster.online/manga/re-monster-chapter-14/" "Mozilla/5.0 (Linux; U; Android 4.0.4; en-gb; SHW-M380K Build/IMM76D) AppleWebKit/534.30 (KHTML, like Gecko) Version/4.0 Safari/534.30"
2405:acc0:1504:861a:4909:208a:9dc2:c96c - - [12/Jun/2025:09:41:20 -0400] "GET /wp-content/plugins/simple-social-buttons/assets/js/front.js?ver=5.3.1 HTTP/1.1" 200 1932 "https://remonster.online/manga/re-monster-chapter-14/" "Mozilla/5.0 (Linux; U; Android 4.0.4; en-gb; SHW-M380K Build/IMM76D) AppleWebKit/534.30 (KHTML, like Gecko) Version/4.0 Safari/534.30"
2405:acc0:1504:861a:4909:208a:9dc2:c96c - - [12/Jun/2025:09:41:20 -0400] "GET /wp-content/plugins/comic-easel/js/keynav.js HTTP/1.1" 200 302 "https://remonster.online/manga/re-monster-chapter-14/" "Mozilla/5.0 (Linux; U; Android 4.0.4; en-gb; SHW-M380K Build/IMM76D) AppleWebKit/534.30 (KHTML, like Gecko) Version/4.0 Safari/534.30"
2405:acc0:1504:861a:4909:208a:9dc2:c96c - - [12/Jun/2025:09:41:20 -0400] "GET /wp-content/plugins/disqus-comment-system/public/js/comment_embed.js?ver=3.1.2 HTTP/1.1" 200 653 "https://remonster.online/manga/re-monster-chapter-14/" "Mozilla/5.0 (Linux; U; Android 4.0.4; en-gb; SHW-M380K Build/IMM76D) AppleWebKit/534.30 (KHTML, like Gecko) Version/4.0 Safari/534.30"
2405:acc0:1504:861a:4909:208a:9dc2:c96c - - [12/Jun/2025:09:41:20 -0400] "GET /wp-content/themes/toivo-lite/fonts/genericons/genericons/genericons.min.css?ver=3.3 HTTP/1.1" 200 15959 "https://remonster.online/manga/re-monster-chapter-14/" "Mozilla/5.0 (Linux; U; Android 4.0.4; en-gb; SHW-M380K Build/IMM76D) AppleWebKit/534.30 (KHTML, like Gecko) Version/4.0 Safari/534.30"
2405:acc0:1504:861a:4909:208a:9dc2:c96c - - [12/Jun/2025:09:41:20 -0400] "GET /wp-content/plugins/simple-social-buttons/assets/css/front.css?ver=5.3.1 HTTP/1.1" 200 10295 "https://remonster.online/manga/re-monster-chapter-14/" "Mozilla/5.0 (Linux; U; Android 4.0.4; en-gb; SHW-M380K Build/IMM76D) AppleWebKit/534.30 (KHTML, like Gecko) Version/4.0 Safari/534.30"
2405:acc0:1504:861a:4909:208a:9dc2:c96c - - [12/Jun/2025:09:41:20 -0400] "GET /wp-includes/js/jquery/jquery-migrate.min.js?ver=3.4.1 HTTP/1.1" 200 4678 "https://remonster.online/manga/re-monster-chapter-14/" "Mozilla/5.0 (Linux; U; Android 4.0.4; en-gb; SHW-M380K Build/IMM76D) AppleWebKit/534.30 (KHTML, like Gecko) Version/4.0 Safari/534.30"
2405:acc0:1504:861a:4909:208a:9dc2:c96c - - [12/Jun/2025:09:41:20 -0400] "GET /wp-content/themes/toivo-lite/style.css?ver=1.2.0 HTTP/1.1" 200 13718 "https://remonster.online/manga/re-monster-chapter-14/" "Mozilla/5.0 (Linux; U; Android 4.0.4; en-gb; SHW-M380K Build/IMM76D) AppleWebKit/534.30 (KHTML, like Gecko) Version/4.0 Safari/534.30"
2405:acc0:1504:861a:4909:208a:9dc2:c96c - - [12/Jun/2025:09:41:20 -0400] "GET /wp-content/themes/toivo-lite/js/responsive-nav.min.js?ver=1.2.0 HTTP/1.1" 200 2102 "https://remonster.online/manga/re-monster-chapter-14/" "Mozilla/5.0 (Linux; U; Android 4.0.4; en-gb; SHW-M380K Build/IMM76D) AppleWebKit/534.30 (KHTML, like Gecko) Version/4.0 Safari/534.30"
2405:acc0:1504:861a:4909:208a:9dc2:c96c - - [12/Jun/2025:09:41:20 -0400] "GET /wp-content/themes/toivo-lite/js/functions.min.js?ver=1.2.0 HTTP/1.1" 200 593 "https://remonster.online/manga/re-monster-chapter-14/" "Mozilla/5.0 (Linux; U; Android 4.0.4; en-gb; SHW-M380K Build/IMM76D) AppleWebKit/534.30 (KHTML, like Gecko) Version/4.0 Safari/534.30"
2405:acc0:1504:861a:4909:208a:9dc2:c96c - - [12/Jun/2025:09:41:20 -0400] "GET /wp-content/themes/toivo-lite/js/settings.min.js?ver=1.2.0 HTTP/1.1" 200 307 "https://remonster.online/manga/re-monster-chapter-14/" "Mozilla/5.0 (Linux; U; Android 4.0.4; en-gb; SHW-M380K Build/IMM76D) AppleWebKit/534.30 (KHTML, like Gecko) Version/4.0 Safari/534.30"
2405:acc0:1504:861a:4909:208a:9dc2:c96c - - [12/Jun/2025:09:41:21 -0400] "GET /wp-includes/js/comment-reply.min.js?ver=6.6.2 HTTP/1.1" 200 1228 "https://remonster.online/manga/re-monster-chapter-14/" "Mozilla/5.0 (Linux; U; Android 4.0.4; en-gb; SHW-M380K Build/IMM76D) AppleWebKit/534.30 (KHTML, like Gecko) Version/4.0 Safari/534.30"
66.249.66.160 - - [12/Jun/2025:09:41:22 -0400] "GET /%3E%E5%95%86%E5%93%81%E3%81%AB%E8%88%88%E5%91%B3%E3%82%92%E3%82%82%E3%81%A3%E3%81%A6%E3%81%84%E3%81%9F%E3%81%A0%E3%81%8D%E3%80%81%E3%81%82%E3%82%8A%E3%81%8C%E3%81%A8%E3%81%86%E3%81%94%E3%81%96%E3%81%84%E3%81%BE%E3%81%99%E3%80%82%3CBR%3E%E4%BB%A5%E4%B8%8B%E3%81%8A%E8%AA%AD%E3%81%BF%E3%81%84%E3%81%9F%E3%81%A0%E3%81%8D%E3%80%81%E5%85%A5%E6%9C%AD%E3%82%92%E3%81%8A%E5%BE%85%E3%81%A1%E3%81%97%E3%81%A6%E3%81%84%E3%81%BE%E3%81%99%E3%80%82%3CBR%3E%3CBR%3E%E4%B8%8D%E6%98%8E%E7%82%B9%E3%81%AF%E3%81%94%E8%B3%AA%E5%95%8F%E3%81%8F%E3%81%A0%E3%81%95%E3%81%84%E3%80%82%E8%BF%94%E5%93%81%E3%81%AF%E5%8F%97%E3%81%91%E4%BB%98%E3%81%91%E3%81%A6%E3%81%84%E3%81%BE%E3%81%9B%E3%82%93%E3%80%82%E3%81%86%E3%81%91%E3%81%A8%E3%82%8A%E6%8B%92%E5%90%A6%E3%81%AE%E5%A0%B4%E5%90%88%E3%81%A7%E3%82%82%E8%BF%94%E9%87%91%E3%81%97%E3%81%BE%E3%81%9B%E3%82%93%E3%80%82%20%20%20%20%3C/div%3E%20%20%20%20%3Cdiv%20class= HTTP/1.1" 200 25333 "-" "Googlebot-Image/1.0"
2405:acc0:1504:861a:4909:208a:9dc2:c96c - - [12/Jun/2025:09:41:24 -0400] "GET /wp-content/themes/toivo-lite/fonts/genericons/genericons/Genericons.svg HTTP/1.1" 200 23714 "https://remonster.online/manga/re-monster-chapter-14/" "Mozilla/5.0 (Linux; U; Android 4.0.4; en-gb; SHW-M380K Build/IMM76D) AppleWebKit/534.30 (KHTML, like Gecko) Version/4.0 Safari/534.30"
2405:acc0:1504:861a:4909:208a:9dc2:c96c - - [12/Jun/2025:09:41:24 -0400] "GET /wp-content/plugins/simple-social-buttons/assets/fonts/ssb-icon.ttf?eahqa2 HTTP/1.1" 200 6624 "https://remonster.online/manga/re-monster-chapter-14/" "Mozilla/5.0 (Linux; U; Android 4.0.4; en-gb; SHW-M380K Build/IMM76D) AppleWebKit/534.30 (KHTML, like Gecko) Version/4.0 Safari/534.30"
2405:acc0:1504:861a:4909:208a:9dc2:c96c - - [12/Jun/2025:09:41:25 -0400] "GET /wp-content/uploads/2021/11/cropped-670x300.jpg HTTP/1.1" 200 233958 "https://remonster.online/manga/re-monster-chapter-14/" "Mozilla/5.0 (Linux; U; Android 4.0.4; en-gb; SHW-M380K Build/IMM76D) AppleWebKit/534.30 (KHTML, like Gecko) Version/4.0 Safari/534.30"
2405:acc0:1504:861a:4909:208a:9dc2:c96c - - [12/Jun/2025:09:41:25 -0400] "GET /wp-content/uploads/2021/11/CeDzRGZ.png HTTP/1.1" 200 1728239 "https://remonster.online/manga/re-monster-chapter-14/" "Mozilla/5.0 (Linux; U; Android 4.0.4; en-gb; SHW-M380K Build/IMM76D) AppleWebKit/534.30 (KHTML, like Gecko) Version/4.0 Safari/534.30"
66.249.66.69 - - [12/Jun/2025:09:41:28 -0400] "GET /products/i/lobelin2058775858.phtml HTTP/1.1" 200 25809 "-" "Mozilla/5.0 (Linux; Android 6.0.1; Nexus 5X Build/MMB29P) AppleWebKit/537.36 (KHTML, like Gecko) Chrome/136.0.7103.113 Mobile Safari/537.36 (compatible; GoogleOther)"
2405:acc0:1504:861a:4909:208a:9dc2:c96c - - [12/Jun/2025:09:41:34 -0400] "GET /wp-content/uploads/2021/11/cropped-CeDzRGZ-32x32.png HTTP/1.1" 200 2410 "https://remonster.online/manga/re-monster-chapter-14/" "Mozilla/5.0 (Linux; U; Android 4.0.4; en-gb; SHW-M380K Build/IMM76D) AppleWebKit/534.30 (KHTML, like Gecko) Version/4.0 Safari/534.30"
66.249.66.69 - - [12/Jun/2025:09:41:34 -0400] "GET /products83044912.phtml HTTP/1.1" 200 25021 "-" "Mozilla/5.0 (Linux; Android 6.0.1; Nexus 5X Build/MMB29P) AppleWebKit/537.36 (KHTML, like Gecko) Chrome/136.0.7103.113 Mobile Safari/537.36 (compatible; GoogleOther)"
66.249.66.42 - - [12/Jun/2025:09:41:40 -0400] "GET /products/2066658604.phtml HTTP/1.1" 200 23989 "-" "Mozilla/5.0 (Linux; Android 6.0.1; Nexus 5X Build/MMB29P) AppleWebKit/537.36 (KHTML, like Gecko) Chrome/136.0.7103.113 Mobile Safari/537.36 (compatible; GoogleOther)"
2405:acc0:1504:861a:4909:208a:9dc2:c96c - - [12/Jun/2025:09:41:41 -0400] "GET / HTTP/1.1" 200 10845 "https://remonster.online/manga/re-monster-chapter-14/" "Mozilla/5.0 (Linux; U; Android 4.0.4; en-gb; SHW-M380K Build/IMM76D) AppleWebKit/534.30 (KHTML, like Gecko) Version/4.0 Safari/534.30"
162.0.232.193 - - [12/Jun/2025:09:41:42 -0400] "POST /wp-cron.php?doing_wp_cron=1749735702.5803430080413818359375 HTTP/1.1" 200 0 "-" "WordPress/6.6.2; https://remonster.online"
2a03:2880:f800:5:: - - [12/Jun/2025:09:41:41 -0400] "GET /shopdetail/366832718 HTTP/1.1" 301 0 "-" "meta-externalagent/1.1 (+https://developers.facebook.com/docs/sharing/webmasters/crawler)"
2405:acc0:1504:861a:4909:208a:9dc2:c96c - - [12/Jun/2025:09:41:43 -0400] "GET /wp-content/uploads/2021/11/8168f-bSGoS-717x1024.jpeg HTTP/1.1" 200 200846 "https://remonster.online/" "Mozilla/5.0 (Linux; U; Android 4.0.4; en-gb; SHW-M380K Build/IMM76D) AppleWebKit/534.30 (KHTML, like Gecko) Version/4.0 Safari/534.30"
2405:acc0:1504:861a:4909:208a:9dc2:c96c - - [12/Jun/2025:09:41:43 -0400] "GET /wp-content/uploads/2021/11/LN_v09_001-697x1024.jpeg HTTP/1.1" 200 214016 "https://remonster.online/" "Mozilla/5.0 (Linux; U; Android 4.0.4; en-gb; SHW-M380K Build/IMM76D) AppleWebKit/534.30 (KHTML, like Gecko) Version/4.0 Safari/534.30"
2a03:2880:f800:14:: - - [12/Jun/2025:09:41:45 -0400] "GET / HTTP/1.1" 200 10845 "-" "meta-externalagent/1.1 (+https://developers.facebook.com/docs/sharing/webmasters/crawler)"
66.249.66.160 - - [12/Jun/2025:09:41:46 -0400] "GET /goodscode/1375546196.phtml HTTP/1.1" 200 26259 "-" "Mozilla/5.0 (Linux; Android 6.0.1; Nexus 5X Build/MMB29P) AppleWebKit/537.36 (KHTML, like Gecko) Chrome/136.0.7103.113 Mobile Safari/537.36 (compatible; GoogleOther)"
2a03:2880:f800:4:: - - [12/Jun/2025:09:41:47 -0400] "GET /shopdetail/420182518 HTTP/1.1" 301 0 "-" "meta-externalagent/1.1 (+https://developers.facebook.com/docs/sharing/webmasters/crawler)"
2a03:2880:f800:1b:: - - [12/Jun/2025:09:41:51 -0400] "GET / HTTP/1.1" 200 10845 "-" "meta-externalagent/1.1 (+https://developers.facebook.com/docs/sharing/webmasters/crawler)"
66.249.66.69 - - [12/Jun/2025:09:41:52 -0400] "GET /products/2068109586.phtml HTTP/1.1" 200 26010 "-" "Mozilla/5.0 (Linux; Android 6.0.1; Nexus 5X Build/MMB29P) AppleWebKit/537.36 (KHTML, like Gecko) Chrome/136.0.7103.113 Mobile Safari/537.36 (compatible; GoogleOther)"
66.249.66.160 - - [12/Jun/2025:09:41:58 -0400] "GET /goodscode/paralicthys70128368.phtml HTTP/1.1" 200 24604 "-" "Mozilla/5.0 (Linux; Android 6.0.1; Nexus 5X Build/MMB29P) AppleWebKit/537.36 (KHTML, like Gecko) Chrome/136.0.7103.113 Mobile Safari/537.36 (compatible; GoogleOther)"
2a03:2880:f800:b:: - - [12/Jun/2025:09:41:57 -0400] "GET /shopdetail/95610318 HTTP/1.1" 301 0 "-" "meta-externalagent/1.1 (+https://developers.facebook.com/docs/sharing/webmasters/crawler)"
2405:acc0:1504:861a:4909:208a:9dc2:c96c - - [12/Jun/2025:09:41:59 -0400] "GET /manga/re-monster-chapter-1/ HTTP/1.1" 200 17995 "-" "Mozilla/5.0 (Linux; U; Android 4.0.4; en-gb; SHW-M380K Build/IMM76D) AppleWebKit/534.30 (KHTML, like Gecko) Version/4.0 Safari/534.30"
2a03:2880:f800:10:: - - [12/Jun/2025:09:42:01 -0400] "GET / HTTP/1.1" 200 10845 "-" "meta-externalagent/1.1 (+https://developers.facebook.com/docs/sharing/webmasters/crawler)"
66.249.66.6 - - [12/Jun/2025:09:42:04 -0400] "GET /goodscode/musclebuilder872744050.phtml HTTP/1.1" 200 24965 "-" "Mozilla/5.0 (Linux; Android 6.0.1; Nexus 5X Build/MMB29P) AppleWebKit/537.36 (KHTML, like Gecko) Chrome/136.0.7103.113 Mobile Safari/537.36 (compatible; GoogleOther)"
66.249.66.70 - - [12/Jun/2025:09:42:10 -0400] "GET /goods120425008.phtml HTTP/1.1" 200 24625 "-" "Mozilla/5.0 (Linux; Android 6.0.1; Nexus 5X Build/MMB29P) AppleWebKit/537.36 (KHTML, like Gecko) Chrome/136.0.7103.113 Mobile Safari/537.36 (compatible; GoogleOther)"
66.249.66.69 - - [12/Jun/2025:09:42:15 -0400] "GET /goods/%3E%E3%82%AB%E3%83%B3%E3%83%91%E3%83%8B%E3%83%A7%E3%83%BC%E3%83%AD%E3%81%AE%E3%82%BE%E3%83%B3%E3%83%80C17%E3%81%A7%E3%81%99%E3%80%82%3CBR%3E2017%E5%B9%B4%E3%81%AB%E8%B3%BC%E5%85%A5%E3%81%973000km%E3%81%BB%E3%81%A9%E4%B9%97%E3%82%8A%E3%81%BE%E3%81%97%E3%81%9F%E3%80%82%3CBR%3E%E4%B8%80%E5%B9%B4%E5%89%8D%E3%81%8B%E3%82%89%E3%81%AF%E5%BE%8C%E8%BC%AA%E3%81%AE%E3%81%BF%E3%83%AD%E3%83%BC%E3%83%A9%E3%83%BC%E3%81%A7%E4%BD%BF%E7%94%A8%E3%81%97%E3%81%A6%E3%81%8A%E3%82%8A%E3%81%BE%E3%81%99%E3%80%82%3CBR%3E%3CBR%3E%E7%94%BB%E5%83%8F%E3%81%AE%E9%80%9A%E3%82%8A%E3%82%B9%E3%83%9D%E3%83%BC%E3%82%AF%E3%81%AB%E5%82%B7%E3%80%81%E3%83%96%E3%83%AC%E3%83%BC%E3%82%AD%E9%9D%A2%E3%81%AB%E6%B1%9A%E3%82%8C%E3%81%94%E3%81%96%E3%81%84%E3%81%BE%E3%81%99%E3%80%82%E7%A3%A8%E3%81%91%E3%81%B0%E5%95%8F%E9%A1%8C%E3%81%82%E3%82%8A%E3%81%BE%E3%81%9B%E3%82%93%E3%80%82%3CBR%3E%E3%83%95%E3%83%AC%E3%81%AA%E3%81%A9%E3%81%AF%E7%84%A1%E3%81%8F%E3%80%81%E3%83%AC%E3%83%BC%E3%82%B9%E3%81%AB%E3%82%82%E4%BD%BF%E7%94%A8%E3%81%97%E3%81%A6%E3%81%8A%E3%82%8A%E3%81%BE%E3%81%97%E3%81%9F%E3%80%82%3CBR%3E%E5%95%8F%E9%A1%8C%E3%81%AA%E3%81%8F%E4%BD%BF%E7%94%A8%E3%81%A7%E3%81%8D%E3%81%BE%E3%81%99%E3%80%82%3CBR%3E%3CBR%3E%E3%82%B3%E3%83%B3%E3%83%81%E3%83%8D%E3%83%B3%E3%82%BF%E3%83%AB%E3%81%AE%E3%82%B0%E3%83%A9%E3%83%B3%E3%83%97%E3%83%AA5000%E3%81%A8%E3%82%B9%E3%83%97%E3%83%AD%E3%82%B1%E3%83%83%E3%83%88%E3%82%82%E3%81%8A%E4%BB%98%E3%81%91%E3%81%97%E3%81%BE%E3%81%99%E3%81%AE%E3%81%A7%E3%80%81%E8%B3%BC%E5%85%A5%E5%BE%8C%E3%81%99%E3%81%90%E3%81%AB%E4%BD%BF%E7%94%A8%E5%8F%AF%E8%83%BD%E3%81%A7%E3%81%99%E3%80%82%3CBR%3E%3CBR%3E%E5%82%B7%E3%81%8C%E5%A4%9A%E3%81%84%E3%81%93%E3%81%A8%E3%81%94%E4%BA%86%E6%89%BF%E3%81%AE%E4%B8%8A%E3%80%81%E3%81%94%E8%90%BD%E6%9C%AD%E3%81%8F%E3%81%A0%E3%81%95%E3%81%84%E3%80%82%3CBR%3E%E5%AE%9C%E3%81%97%E3%81%8F%E3%81%8A%E9%A1%98%E3%81%84%E8%87%B4%E3%81%97%E3%81%BE%E3%81%99%E3%80%82%20%20%20%20%3C/div%3E%20%20%20%20%3Cdiv%20class= HTTP/1.1" 200 25990 "-" "Googlebot-Image/1.0"
162.0.232.193 - - [12/Jun/2025:09:42:20 -0400] "POST /wp-cron.php?doing_wp_cron=1749735739.9500989913940429687500 HTTP/1.1" 200 0 "-" "WordPress/6.6.2; https://remonster.online"
2a03:2880:f800:2:: - - [12/Jun/2025:09:42:19 -0400] "GET /shopdetail/1233218 HTTP/1.1" 301 0 "-" "meta-externalagent/1.1 (+https://developers.facebook.com/docs/sharing/webmasters/crawler)"
66.249.66.69 - - [12/Jun/2025:09:42:20 -0400] "GET /products/hyperbola2058689788.phtml HTTP/1.1" 200 24027 "-" "Mozilla/5.0 (Linux; Android 6.0.1; Nexus 5X Build/MMB29P) AppleWebKit/537.36 (KHTML, like Gecko) Chrome/136.0.7103.113 Mobile Safari/537.36 (compatible; GoogleOther)"
2a03:2880:f800:16:: - - [12/Jun/2025:09:42:20 -0400] "GET /shopdetail/340095418 HTTP/1.1" 301 0 "-" "meta-externalagent/1.1 (+https://developers.facebook.com/docs/sharing/webmasters/crawler)"
2a03:2880:f800:13:: - - [12/Jun/2025:09:42:22 -0400] "GET / HTTP/1.1" 200 10845 "-" "meta-externalagent/1.1 (+https://developers.facebook.com/docs/sharing/webmasters/crawler)"
2a03:2880:f800:10:: - - [12/Jun/2025:09:42:24 -0400] "GET / HTTP/1.1" 200 10845 "-" "meta-externalagent/1.1 (+https://developers.facebook.com/docs/sharing/webmasters/crawler)"
66.249.66.69 - - [12/Jun/2025:09:42:26 -0400] "GET /goodscode/120014240.phtml HTTP/1.1" 200 24733 "-" "Mozilla/5.0 (Linux; Android 6.0.1; Nexus 5X Build/MMB29P) AppleWebKit/537.36 (KHTML, like Gecko) Chrome/136.0.7103.113 Mobile Safari/537.36 (compatible; GoogleOther)"
66.249.66.194 - - [12/Jun/2025:09:42:31 -0400] "GET /goodscode/vivace2061931148.phtml HTTP/1.1" 200 23812 "-" "Mozilla/5.0 (Linux; Android 6.0.1; Nexus 5X Build/MMB29P) AppleWebKit/537.36 (KHTML, like Gecko) Chrome/136.0.7103.113 Mobile Safari/537.36 (compatible; GoogleOther)"
66.249.66.69 - - [12/Jun/2025:09:42:36 -0400] "GET /goodscode133221404.phtml HTTP/1.1" 200 23843 "-" "Mozilla/5.0 (Linux; Android 6.0.1; Nexus 5X Build/MMB29P) AppleWebKit/537.36 (KHTML, like Gecko) Chrome/136.0.7103.113 Mobile Safari/537.36 (compatible; GoogleOther)"
66.249.66.42 - - [12/Jun/2025:09:42:41 -0400] "GET /item/cc/cedar2060852302.phtml HTTP/1.1" 200 24140 "-" "Mozilla/5.0 (Linux; Android 6.0.1; Nexus 5X Build/MMB29P) AppleWebKit/537.36 (KHTML, like Gecko) Chrome/136.0.7103.113 Mobile Safari/537.36 (compatible; GoogleOther)"
66.249.66.69 - - [12/Jun/2025:09:42:46 -0400] "GET /goodscode/870045414.phtml HTTP/1.1" 200 23247 "-" "Mozilla/5.0 (Linux; Android 6.0.1; Nexus 5X Build/MMB29P) AppleWebKit/537.36 (KHTML, like Gecko) Chrome/136.0.7103.113 Mobile Safari/537.36 (compatible; GoogleOther)"
66.249.66.160 - - [12/Jun/2025:09:42:51 -0400] "GET /products/2067866586.phtml HTTP/1.1" 200 24203 "-" "Mozilla/5.0 (Linux; Android 6.0.1; Nexus 5X Build/MMB29P) AppleWebKit/537.36 (KHTML, like Gecko) Chrome/136.0.7103.113 Mobile Safari/537.36 (compatible; GoogleOther)"
58.104.47.128 - - [12/Jun/2025:09:42:54 -0400] "GET /manga/re-monster-chapter-18/ HTTP/1.1" 200 18277 "https://remonster.online/manga/re-monster-chapter-17/" "Mozilla/5.0 (Windows NT 10.0; Win64; x64; rv:138.0) Gecko/20100101 Firefox/138.0"
58.104.47.128 - - [12/Jun/2025:09:42:58 -0400] "GET /wp-content/themes/toivo-lite/fonts/genericons/genericons/Genericons.eot HTTP/1.1" 200 22760 "https://remonster.online/wp-content/themes/toivo-lite/fonts/genericons/genericons/genericons.min.css?ver=3.3" "Mozilla/5.0 (Windows NT 10.0; Win64; x64; rv:138.0) Gecko/20100101 Firefox/138.0"
66.249.66.69 - - [12/Jun/2025:09:42:59 -0400] "GET /goodscode17521920.phtml HTTP/1.1" 200 24300 "-" "Mozilla/5.0 (Linux; Android 6.0.1; Nexus 5X Build/MMB29P) AppleWebKit/537.36 (KHTML, like Gecko) Chrome/136.0.7103.113 Mobile Safari/537.36 (compatible; GoogleOther)"
66.249.66.6 - - [12/Jun/2025:09:43:04 -0400] "GET /goodscode/2058850438.phtml HTTP/1.1" 200 23740 "-" "Mozilla/5.0 (Linux; Android 6.0.1; Nexus 5X Build/MMB29P) AppleWebKit/537.36 (KHTML, like Gecko) Chrome/136.0.7103.113 Mobile Safari/537.36 (compatible; GoogleOther)"
66.249.66.6 - - [12/Jun/2025:09:43:09 -0400] "GET /shopdetail/%3E%E5%95%86%E5%93%81%E3%81%AB%E8%88%88%E5%91%B3%E3%82%92%E3%82%82%E3%81%A3%E3%81%A6%E3%81%84%E3%81%9F%E3%81%A0%E3%81%8D%E3%80%81%E3%81%82%E3%82%8A%E3%81%8C%E3%81%A8%E3%81%86%E3%81%94%E3%81%96%E3%81%84%E3%81%BE%E3%81%99%E3%80%82%3CBR%3E%E4%BB%A5%E4%B8%8B%E3%81%8A%E8%AA%AD%E3%81%BF%E3%81%84%E3%81%9F%E3%81%A0%E3%81%8D%E3%80%81%E5%85%A5%E6%9C%AD%E3%82%92%E3%81%8A%E5%BE%85%E3%81%A1%E3%81%97%E3%81%A6%E3%81%84%E3%81%BE%E3%81%99%E3%80%82%3CBR%3E%3CBR%3E%E3%80%90%E5%95%86%E5%93%81%E3%81%AE%E8%AA%AC%E6%98%8E%E3%80%91%3CBR%3E%E3%83%96%E3%83%A9%E3%83%B3%E3%83%89%E3%83%BB%E3%83%A1%E3%83%BC%E3%82%AB%E3%83%BC%20:%20supreme%20north%20face%20%3CBR%3E%E5%9E%8B%E7%95%AA:%20%E3%82%B7%E3%83%A5%E3%83%97%E3%83%AA%E3%83%BC%E3%83%A0%20THE%20NORTH%20FACE%2018AW%20The%20North%20Expedition%20Jacket%20%E3%82%B5%E3%82%A4%E3%82%BAM%3CBR%3E%E3%81%9D%E3%81%AE%E4%BB%96%20:%3CBR%3E%3CBR%3E%E3%80%90%E5%95%86%E5%93%81%E3%81%AE%E7%8A%B6%E6%85%8B%E3%80%91%3CBR%3E%E4%BD%BF%E7%94%A8%E7%8A%B6%E6%B3%81%20:%E6%95%B0%E5%9B%9E%E7%9D%80%E7%94%A8%3CBR%3E%E6%B3%A8%E6%84%8F%E4%BA%8B%E9%A0%85%20:%E6%9C%AA%E4%BD%BF%E7%94%A8%E5%93%81%E3%81%A7%E3%81%AF%E3%81%AA%E3%81%84%E3%81%AE%E3%81%A7%E3%81%94%E4%BA%86%E6%89%BF%E4%B8%8B%E3%81%95%E3%81%84%E3%80%82%E3%83%8E%E3%83%BC%E3%82%AF%E3%83%AC%E3%83%BC%E3%83%A0%E3%83%8E%E3%83%BC%E3%83%AA%E3%82%BF%E3%83%BC%E3%83%B3%E3%81%A7%E3%81%8A%E9%A1%98%E3%81%84%E3%81%97%E3%81%BE%E3%81%99%E3%80%82%3CBR%3E%3CBR%3E%E3%80%90%E3%81%9D%E3%81%AE%E4%BB%96%E3%80%91%3CBR%3E%3CBR%3E%E4%B8%8D%E6%98%8E%E7%82%B9%E3%81%AF%E3%81%94%E8%B3%AA%E5%95%8F%E3%81%8F%E3%81%A0%E3%81%95%E3%81%84%E3%80%82%20%20%20%20%3C/div%3E%20%20%20%20%3Cdiv%20class= HTTP/1.1" 200 25902 "-" "Googlebot-Image/1.0"
66.249.66.69 - - [12/Jun/2025:09:43:14 -0400] "GET /item/qae/insuppressibly/78859486.phtml HTTP/1.1" 200 23865 "-" "Mozilla/5.0 (Linux; Android 6.0.1; Nexus 5X Build/MMB29P) AppleWebKit/537.36 (KHTML, like Gecko) Chrome/136.0.7103.113 Mobile Safari/537.36 (compatible; GoogleOther)"
5.91.138.178 - - [12/Jun/2025:09:43:18 -0400] "GET /manga/re-monster-chapter-57/ HTTP/1.1" 200 17455 "-" "Mozilla/5.0 (Windows NT 10.0; Win64; x64) AppleWebKit/537.36 (KHTML, like Gecko) Chrome/137.0.0.0 Safari/537.36"
66.249.66.69 - - [12/Jun/2025:09:43:19 -0400] "GET /products/i/crassitude869549794.phtml HTTP/1.1" 200 24922 "-" "Mozilla/5.0 (Linux; Android 6.0.1; Nexus 5X Build/MMB29P) AppleWebKit/537.36 (KHTML, like Gecko) Chrome/136.0.7103.113 Mobile Safari/537.36 (compatible; GoogleOther)"
162.0.232.193 - - [12/Jun/2025:09:43:25 -0400] "POST /wp-cron.php?doing_wp_cron=1749735805.3983969688415527343750 HTTP/1.1" 200 0 "-" "WordPress/6.6.2; https://remonster.online"
2a03:2880:f800:1a:: - - [12/Jun/2025:09:43:23 -0400] "GET /shopdetail/215842918 HTTP/1.1" 301 0 "-" "meta-externalagent/1.1 (+https://developers.facebook.com/docs/sharing/webmasters/crawler)"
162.0.232.193 - - [12/Jun/2025:09:43:26 -0400] "GET /manga/re-monster-chapter-71/ HTTP/1.1" 200 18136 "-" "WP Rocket/Preload"
66.249.66.69 - - [12/Jun/2025:09:43:26 -0400] "GET /goodscode/2061865300.phtml HTTP/1.1" 200 24224 "-" "Mozilla/5.0 (Linux; Android 6.0.1; Nexus 5X Build/MMB29P) AppleWebKit/537.36 (KHTML, like Gecko) Chrome/136.0.7103.113 Mobile Safari/537.36 (compatible; GoogleOther)"
162.0.232.193 - - [12/Jun/2025:09:43:27 -0400] "GET /manga/re-monster-chapter-71/ HTTP/1.1" 200 0 "-" "WP Rocket/Preload Mozilla/5.0 (iPhone; CPU iPhone OS 9_1 like Mac OS X) AppleWebKit/601.1.46 (KHTML, like Gecko) Version/9.0 Mobile/13B143 Safari/601.1"
2a03:2880:f800:10:: - - [12/Jun/2025:09:43:28 -0400] "GET / HTTP/1.1" 200 10845 "-" "meta-externalagent/1.1 (+https://developers.facebook.com/docs/sharing/webmasters/crawler)"
162.0.232.193 - - [12/Jun/2025:09:43:28 -0400] "GET /remonster-chapter-34/ HTTP/1.1" 200 0 "-" "WP Rocket/Preload"
162.0.232.193 - - [12/Jun/2025:09:43:30 -0400] "GET /remonster-chapter-34/ HTTP/1.1" 200 0 "-" "WP Rocket/Preload Mozilla/5.0 (iPhone; CPU iPhone OS 9_1 like Mac OS X) AppleWebKit/601.1.46 (KHTML, like Gecko) Version/9.0 Mobile/13B143 Safari/601.1"
66.249.66.160 - - [12/Jun/2025:09:43:31 -0400] "GET /item/ie/anthropidae/14279334.phtml HTTP/1.1" 200 24024 "-" "Mozilla/5.0 (Linux; Android 6.0.1; Nexus 5X Build/MMB29P) AppleWebKit/537.36 (KHTML, like Gecko) Chrome/136.0.7103.113 Mobile Safari/537.36 (compatible; GoogleOther)"
66.249.66.160 - - [12/Jun/2025:09:43:36 -0400] "GET /entity/biology/867472648.phtml HTTP/1.1" 200 25958 "-" "Mozilla/5.0 (Linux; Android 6.0.1; Nexus 5X Build/MMB29P) AppleWebKit/537.36 (KHTML, like Gecko) Chrome/136.0.7103.113 Mobile Safari/537.36 (compatible; GoogleOther)"
66.249.66.194 - - [12/Jun/2025:09:43:41 -0400] "GET /products/ji/pondering872378528.phtml HTTP/1.1" 200 24471 "-" "Mozilla/5.0 (Linux; Android 6.0.1; Nexus 5X Build/MMB29P) AppleWebKit/537.36 (KHTML, like Gecko) Chrome/136.0.7103.113 Mobile Safari/537.36 (compatible; GoogleOther)"
66.249.66.69 - - [12/Jun/2025:09:43:46 -0400] "GET /entity/m/selfignorance2061881410.phtml HTTP/1.1" 200 25517 "-" "Mozilla/5.0 (Linux; Android 6.0.1; Nexus 5X Build/MMB29P) AppleWebKit/537.36 (KHTML, like Gecko) Chrome/136.0.7103.113 Mobile Safari/537.36 (compatible; GoogleOther)"
66.249.66.69 - - [12/Jun/2025:09:43:51 -0400] "GET /products/2055404846.phtml HTTP/1.1" 200 25252 "-" "Mozilla/5.0 (Linux; Android 6.0.1; Nexus 5X Build/MMB29P) AppleWebKit/537.36 (KHTML, like Gecko) Chrome/136.0.7103.113 Mobile Safari/537.36 (compatible; GoogleOther)"
66.249.66.69 - - [12/Jun/2025:09:43:56 -0400] "GET /special/p/covenanted17422564.phtml HTTP/1.1" 200 24949 "-" "Mozilla/5.0 (Linux; Android 6.0.1; Nexus 5X Build/MMB29P) AppleWebKit/537.36 (KHTML, like Gecko) Chrome/136.0.7103.113 Mobile Safari/537.36 (compatible; GoogleOther)"
66.249.66.70 - - [12/Jun/2025:09:44:03 -0400] "GET /%3E%E4%B8%AD%E5%8F%A4%E5%93%81%E3%83%90%E3%83%83%E3%83%86%E3%83%AA%E3%83%BC%E6%AC%A0%E5%93%81%E5%8B%95%E4%BD%9C%E6%9C%AA%E7%A2%BA%E8%AA%8D%E3%81%AB%E3%81%AA%E3%82%8A%E3%81%BE%E3%81%99%E3%80%82%3CDIV%3E%3CBR%3E%3C/DIV%3E%3CDIV%3E%E3%83%8D%E3%82%B3%E3%83%9D%E3%82%B9%E3%81%A7%E7%99%BA%E9%80%81%E4%BA%88%E5%AE%9A%3C/DIV%3E%20%20%20%20%3C/div%3E%20%20%20%20%3Cdiv%20class= HTTP/1.1" 200 25021 "-" "Googlebot-Image/1.0"
66.249.66.6 - - [12/Jun/2025:09:44:08 -0400] "GET /products/2061251452.phtml HTTP/1.1" 200 24973 "-" "Mozilla/5.0 (Linux; Android 6.0.1; Nexus 5X Build/MMB29P) AppleWebKit/537.36 (KHTML, like Gecko) Chrome/136.0.7103.113 Mobile Safari/537.36 (compatible; GoogleOther)"
162.0.232.193 - - [12/Jun/2025:09:44:12 -0400] "POST /wp-cron.php?doing_wp_cron=1749735852.1599040031433105468750 HTTP/1.1" 200 0 "-" "WordPress/6.6.2; https://remonster.online"
2a03:2880:f800:1d:: - - [12/Jun/2025:09:44:11 -0400] "GET /shopdetail/20083118 HTTP/1.1" 301 0 "-" "meta-externalagent/1.1 (+https://developers.facebook.com/docs/sharing/webmasters/crawler)"
2a03:2880:f800:15:: - - [12/Jun/2025:09:44:11 -0400] "GET /shopdetail/369800118 HTTP/1.1" 301 0 "-" "meta-externalagent/1.1 (+https://developers.facebook.com/docs/sharing/webmasters/crawler)"
66.249.66.194 - - [12/Jun/2025:09:44:13 -0400] "GET /detail/poliomyelitis126564550.phtml HTTP/1.1" 200 24190 "-" "Mozilla/5.0 (Linux; Android 6.0.1; Nexus 5X Build/MMB29P) AppleWebKit/537.36 (KHTML, like Gecko) Chrome/136.0.7103.113 Mobile Safari/537.36 (compatible; GoogleOther)"
2a03:2880:f800:18:: - - [12/Jun/2025:09:44:13 -0400] "GET / HTTP/1.1" 200 10845 "-" "meta-externalagent/1.1 (+https://developers.facebook.com/docs/sharing/webmasters/crawler)"
2a03:2880:f800:1d:: - - [12/Jun/2025:09:44:14 -0400] "GET / HTTP/1.1" 200 10845 "-" "meta-externalagent/1.1 (+https://developers.facebook.com/docs/sharing/webmasters/crawler)"
66.249.66.42 - - [12/Jun/2025:09:44:18 -0400] "GET /products/tripartita/872757204.phtml HTTP/1.1" 200 23711 "-" "Mozilla/5.0 (Linux; Android 6.0.1; Nexus 5X Build/MMB29P) AppleWebKit/537.36 (KHTML, like Gecko) Chrome/136.0.7103.113 Mobile Safari/537.36 (compatible; GoogleOther)"
49.145.217.125 - - [12/Jun/2025:09:44:22 -0400] "GET /manga/re-monster-chapter-69/ HTTP/1.1" 200 18002 "https://remonster.online/manga/re-monster-chapter-68/" "Mozilla/5.0 (iPhone; CPU iPhone OS 12_5_7 like Mac OS X) AppleWebKit/605.1.15 (KHTML, like Gecko) Version/12.1.2 Mobile/15E148 Safari/604.1"
66.249.66.69 - - [12/Jun/2025:09:44:23 -0400] "GET /goodscode/105025422.phtml HTTP/1.1" 200 23516 "-" "Mozilla/5.0 (Linux; Android 6.0.1; Nexus 5X Build/MMB29P) AppleWebKit/537.36 (KHTML, like Gecko) Chrome/136.0.7103.113 Mobile Safari/537.36 (compatible; GoogleOther)"
5.91.138.178 - - [12/Jun/2025:09:44:29 -0400] "GET /wp-content/plugins/simple-social-buttons/assets/js/frontend-blocks.js?ver=5.3.1 HTTP/1.1" 304 0 "https://remonster.online/manga/re-monster-chapter-57/" "Mozilla/5.0 (Windows NT 10.0; Win64; x64) AppleWebKit/537.36 (KHTML, like Gecko) Chrome/137.0.0.0 Safari/537.36"
66.249.66.160 - - [12/Jun/2025:09:44:28 -0400] "GET /special/wafer/2064226006.phtml HTTP/1.1" 200 26114 "-" "Mozilla/5.0 (Linux; Android 6.0.1; Nexus 5X Build/MMB29P) AppleWebKit/537.36 (KHTML, like Gecko) Chrome/136.0.7103.113 Mobile Safari/537.36 (compatible; GoogleOther)"
5.91.138.178 - - [12/Jun/2025:09:44:30 -0400] "GET /wp-content/plugins/wp-automatic/js/main-front.js?ver=6.6.2 HTTP/1.1" 304 0 "https://remonster.online/manga/re-monster-chapter-57/" "Mozilla/5.0 (Windows NT 10.0; Win64; x64) AppleWebKit/537.36 (KHTML, like Gecko) Chrome/137.0.0.0 Safari/537.36"
216.244.91.82 - - [12/Jun/2025:09:44:34 -0400] "GET / HTTP/1.1" 200 10845 "-" "-"
5.91.138.178 - - [12/Jun/2025:09:44:35 -0400] "GET /wp-content/plugins/comic-easel/js/keynav.js HTTP/1.1" 200 302 "https://remonster.online/manga/re-monster-chapter-57/" "Mozilla/5.0 (Windows NT 10.0; Win64; x64) AppleWebKit/537.36 (KHTML, like Gecko) Chrome/137.0.0.0 Safari/537.36"
66.249.66.194 - - [12/Jun/2025:09:44:36 -0400] "GET /goodscode/qre/brith16785162.phtml HTTP/1.1" 200 24928 "-" "Mozilla/5.0 (Linux; Android 6.0.1; Nexus 5X Build/MMB29P) AppleWebKit/537.36 (KHTML, like Gecko) Chrome/136.0.7103.113 Mobile Safari/537.36 (compatible; GoogleOther)"
5.91.138.178 - - [12/Jun/2025:09:44:37 -0400] "GET /wp-content/themes/toivo-lite/js/responsive-nav.min.js?ver=1.2.0 HTTP/1.1" 304 0 "https://remonster.online/manga/re-monster-chapter-57/" "Mozilla/5.0 (Windows NT 10.0; Win64; x64) AppleWebKit/537.36 (KHTML, like Gecko) Chrome/137.0.0.0 Safari/537.36"
66.249.66.6 - - [12/Jun/2025:09:44:41 -0400] "GET /goodscode/2066657448.phtml HTTP/1.1" 200 24161 "-" "Mozilla/5.0 (Linux; Android 6.0.1; Nexus 5X Build/MMB29P) AppleWebKit/537.36 (KHTML, like Gecko) Chrome/136.0.7103.113 Mobile Safari/537.36 (compatible; GoogleOther)"
66.249.66.6 - - [12/Jun/2025:09:44:49 -0400] "GET /goods/116549198.phtml HTTP/1.1" 200 25675 "-" "Mozilla/5.0 (Linux; Android 6.0.1; Nexus 5X Build/MMB29P) AppleWebKit/537.36 (KHTML, like Gecko) Chrome/136.0.7103.113 Mobile Safari/537.36 (compatible; GoogleOther)"
66.249.66.6 - - [12/Jun/2025:09:44:54 -0400] "GET /products/2065274886.phtml HTTP/1.1" 200 24426 "-" "Mozilla/5.0 (Linux; Android 6.0.1; Nexus 5X Build/MMB29P) AppleWebKit/537.36 (KHTML, like Gecko) Chrome/136.0.7103.113 Mobile Safari/537.36 (compatible; GoogleOther)"
5.91.138.178 - - [12/Jun/2025:09:44:56 -0400] "GET /wp-includes/js/comment-reply.min.js?ver=6.6.2 HTTP/1.1" 200 1228 "https://remonster.online/manga/re-monster-chapter-57/" "Mozilla/5.0 (Windows NT 10.0; Win64; x64) AppleWebKit/537.36 (KHTML, like Gecko) Chrome/137.0.0.0 Safari/537.36"
162.0.232.193 - - [12/Jun/2025:09:44:57 -0400] "POST /wp-cron.php?doing_wp_cron=1749735896.9902100563049316406250 HTTP/1.1" 200 0 "-" "WordPress/6.6.2; https://remonster.online"
2a03:2880:f800:1a:: - - [12/Jun/2025:09:44:55 -0400] "GET /shopdetail/95996118 HTTP/1.1" 301 0 "-" "meta-externalagent/1.1 (+https://developers.facebook.com/docs/sharing/webmasters/crawler)"
66.249.66.161 - - [12/Jun/2025:09:44:59 -0400] "GET /goodscode/%3E%3CBR%3E%3CDIV%20ALIGN=center%3E%3CBR%3E%3CBR%3E%3CTABLE%20BORDER=0%20CELLSPACING=1%20CELLPADDING=6%20BGCOLOR= HTTP/1.1" 200 24821 "-" "Googlebot-Image/1.0"
2a03:2880:f800:7:: - - [12/Jun/2025:09:45:00 -0400] "GET / HTTP/1.1" 200 10845 "-" "meta-externalagent/1.1 (+https://developers.facebook.com/docs/sharing/webmasters/crawler)"
66.249.66.42 - - [12/Jun/2025:09:45:04 -0400] "GET /item/extemporaneously/1377245822.phtml HTTP/1.1" 200 28019 "-" "Mozilla/5.0 (Linux; Android 6.0.1; Nexus 5X Build/MMB29P) AppleWebKit/537.36 (KHTML, like Gecko) Chrome/136.0.7103.113 Mobile Safari/537.36 (compatible; GoogleOther)"
66.249.66.6 - - [12/Jun/2025:09:45:09 -0400] "GET /products/mulch2062268108.phtml HTTP/1.1" 200 23697 "-" "Mozilla/5.0 (Linux; Android 6.0.1; Nexus 5X Build/MMB29P) AppleWebKit/537.36 (KHTML, like Gecko) Chrome/136.0.7103.113 Mobile Safari/537.36 (compatible; GoogleOther)"
66.249.66.69 - - [12/Jun/2025:09:45:17 -0400] "GET /info15100618.phtml HTTP/1.1" 200 23430 "-" "Mozilla/5.0 (Linux; Android 6.0.1; Nexus 5X Build/MMB29P) AppleWebKit/537.36 (KHTML, like Gecko) Chrome/136.0.7103.113 Mobile Safari/537.36 (compatible; GoogleOther)"
66.249.66.42 - - [12/Jun/2025:09:45:22 -0400] "GET /goodscode/2055458692.phtml HTTP/1.1" 200 25705 "-" "Mozilla/5.0 (Linux; Android 6.0.1; Nexus 5X Build/MMB29P) AppleWebKit/537.36 (KHTML, like Gecko) Chrome/136.0.7103.113 Mobile Safari/537.36 (compatible; GoogleOther)"
162.0.232.193 - - [12/Jun/2025:09:45:24 -0400] "POST /wp-cron.php?doing_wp_cron=1749735924.0445790290832519531250 HTTP/1.1" 200 0 "-" "WordPress/6.6.2; https://remonster.online"
2a03:2880:f800:4:: - - [12/Jun/2025:09:45:21 -0400] "GET /shopdetail/334183418 HTTP/1.1" 301 0 "-" "meta-externalagent/1.1 (+https://developers.facebook.com/docs/sharing/webmasters/crawler)"
2a03:2880:f800:f:: - - [12/Jun/2025:09:45:27 -0400] "GET / HTTP/1.1" 200 10845 "-" "meta-externalagent/1.1 (+https://developers.facebook.com/docs/sharing/webmasters/crawler)"
66.249.66.6 - - [12/Jun/2025:09:45:31 -0400] "GET /items1380780246.phtml HTTP/1.1" 200 24152 "-" "Mozilla/5.0 (Linux; Android 6.0.1; Nexus 5X Build/MMB29P) AppleWebKit/537.36 (KHTML, like Gecko) Chrome/136.0.7103.113 Mobile Safari/537.36 (compatible; GoogleOther)"
162.0.232.193 - - [12/Jun/2025:09:45:36 -0400] "POST /wp-cron.php?doing_wp_cron=1749735936.5680809020996093750000 HTTP/1.1" 200 0 "-" "WordPress/6.6.2; https://remonster.online"
2a03:2880:f800:a:: - - [12/Jun/2025:09:45:35 -0400] "GET /shopdetail/423389718 HTTP/1.1" 301 0 "-" "meta-externalagent/1.1 (+https://developers.facebook.com/docs/sharing/webmasters/crawler)"
66.249.66.160 - - [12/Jun/2025:09:45:37 -0400] "GET /products/sensism872972476.phtml HTTP/1.1" 200 23630 "-" "Mozilla/5.0 (Linux; Android 6.0.1; Nexus 5X Build/MMB29P) AppleWebKit/537.36 (KHTML, like Gecko) Chrome/136.0.7103.113 Mobile Safari/537.36 (compatible; GoogleOther)"
2a03:2880:f800:a:: - - [12/Jun/2025:09:45:39 -0400] "GET / HTTP/1.1" 200 10845 "-" "meta-externalagent/1.1 (+https://developers.facebook.com/docs/sharing/webmasters/crawler)"
2a03:2880:f800:e:: - - [12/Jun/2025:09:45:38 -0400] "GET /shopdetail/285356418 HTTP/1.1" 301 0 "-" "meta-externalagent/1.1 (+https://developers.facebook.com/docs/sharing/webmasters/crawler)"
54.156.124.2 - - [12/Jun/2025:09:45:41 -0400] "GET /remonster-chapter-37/ HTTP/1.1" 200 13172 "-" "Mozilla/5.0 AppleWebKit/537.36 (KHTML, like Gecko; compatible; Amazonbot/0.1; +https://developer.amazon.com/support/amazonbot) Chrome/119.0.6045.214 Safari/537.36"
2a03:2880:f800:1:: - - [12/Jun/2025:09:45:41 -0400] "GET / HTTP/1.1" 200 10845 "-" "meta-externalagent/1.1 (+https://developers.facebook.com/docs/sharing/webmasters/crawler)"
66.249.66.42 - - [12/Jun/2025:09:45:43 -0400] "GET /products/2066375234.phtml HTTP/1.1" 200 23506 "-" "Mozilla/5.0 (Linux; Android 6.0.1; Nexus 5X Build/MMB29P) AppleWebKit/537.36 (KHTML, like Gecko) Chrome/136.0.7103.113 Mobile Safari/537.36 (compatible; GoogleOther)"
3.219.80.71 - - [12/Jun/2025:09:45:45 -0400] "GET /page/17/?s HTTP/1.1" 200 15428 "-" "Mozilla/5.0 AppleWebKit/537.36 (KHTML, like Gecko; compatible; Amazonbot/0.1; +https://developer.amazon.com/support/amazonbot) Chrome/119.0.6045.214 Safari/537.36"
66.249.66.69 - - [12/Jun/2025:09:45:49 -0400] "GET /goods/conspicuousness/1371582714.phtml HTTP/1.1" 200 23996 "-" "Mozilla/5.0 (Linux; Android 6.0.1; Nexus 5X Build/MMB29P) AppleWebKit/537.36 (KHTML, like Gecko) Chrome/136.0.7103.113 Mobile Safari/537.36 (compatible; GoogleOther)"
100.29.155.89 - - [12/Jun/2025:09:45:50 -0400] "GET /manga/re-monster-chapter-66/ HTTP/1.1" 200 17864 "-" "Mozilla/5.0 AppleWebKit/537.36 (KHTML, like Gecko; compatible; Amazonbot/0.1; +https://developer.amazon.com/support/amazonbot) Chrome/119.0.6045.214 Safari/537.36"
2a03:2880:f800:1:: - - [12/Jun/2025:09:45:50 -0400] "GET /shopdetail/398574018 HTTP/1.1" 301 0 "-" "meta-externalagent/1.1 (+https://developers.facebook.com/docs/sharing/webmasters/crawler)"
2a03:2880:f800:13:: - - [12/Jun/2025:09:45:50 -0400] "GET /shopdetail/417317518 HTTP/1.1" 301 0 "-" "meta-externalagent/1.1 (+https://developers.facebook.com/docs/sharing/webmasters/crawler)"
54.225.98.148 - - [12/Jun/2025:09:45:53 -0400] "GET /manga/remonster-chapter-88/ HTTP/1.1" 200 14394 "-" "Mozilla/5.0 AppleWebKit/537.36 (KHTML, like Gecko; compatible; Amazonbot/0.1; +https://developer.amazon.com/support/amazonbot) Chrome/119.0.6045.214 Safari/537.36"
2a03:2880:f800:a:: - - [12/Jun/2025:09:45:54 -0400] "GET / HTTP/1.1" 200 10845 "-" "meta-externalagent/1.1 (+https://developers.facebook.com/docs/sharing/webmasters/crawler)"
2a03:2880:f800:10:: - - [12/Jun/2025:09:45:54 -0400] "GET / HTTP/1.1" 200 10845 "-" "meta-externalagent/1.1 (+https://developers.facebook.com/docs/sharing/webmasters/crawler)"
66.249.66.6 - - [12/Jun/2025:09:45:55 -0400] "GET /product/%3E%3CB%3E%3CFONT%20COLOR= HTTP/1.1" 200 24678 "-" "Googlebot-Image/1.0"
3.232.39.98 - - [12/Jun/2025:09:45:57 -0400] "GET /?s= HTTP/1.1" 200 13880 "-" "Mozilla/5.0 AppleWebKit/537.36 (KHTML, like Gecko; compatible; Amazonbot/0.1; +https://developer.amazon.com/support/amazonbot) Chrome/119.0.6045.214 Safari/537.36"
35.174.141.243 - - [12/Jun/2025:09:46:01 -0400] "GET /manga/re-monster-chapter-31/ HTTP/1.1" 200 17378 "-" "Mozilla/5.0 AppleWebKit/537.36 (KHTML, like Gecko; compatible; Amazonbot/0.1; +https://developer.amazon.com/support/amazonbot) Chrome/119.0.6045.214 Safari/537.36"
66.249.66.160 - - [12/Jun/2025:09:46:01 -0400] "GET /products/2065326036.phtml HTTP/1.1" 200 25867 "-" "Mozilla/5.0 (Linux; Android 6.0.1; Nexus 5X Build/MMB29P) AppleWebKit/537.36 (KHTML, like Gecko) Chrome/136.0.7103.113 Mobile Safari/537.36 (compatible; GoogleOther)"
44.212.131.50 - - [12/Jun/2025:09:46:05 -0400] "GET /manga/re-monster-chapter-28/ HTTP/1.1" 200 17777 "-" "Mozilla/5.0 AppleWebKit/537.36 (KHTML, like Gecko; compatible; Amazonbot/0.1; +https://developer.amazon.com/support/amazonbot) Chrome/119.0.6045.214 Safari/537.36"
66.249.66.69 - - [12/Jun/2025:09:46:06 -0400] "GET /item/103094356.phtml HTTP/1.1" 200 23440 "-" "Mozilla/5.0 (Linux; Android 6.0.1; Nexus 5X Build/MMB29P) AppleWebKit/537.36 (KHTML, like Gecko) Chrome/136.0.7103.113 Mobile Safari/537.36 (compatible; GoogleOther)"
34.234.206.30 - - [12/Jun/2025:09:46:09 -0400] "GET /manga/remonster-chapter-94/ HTTP/1.1" 200 15431 "-" "Mozilla/5.0 AppleWebKit/537.36 (KHTML, like Gecko; compatible; Amazonbot/0.1; +https://developer.amazon.com/support/amazonbot) Chrome/119.0.6045.214 Safari/537.36"
66.249.66.69 - - [12/Jun/2025:09:46:11 -0400] "GET /goodscode/2061927750.phtml HTTP/1.1" 200 25075 "-" "Mozilla/5.0 (Linux; Android 6.0.1; Nexus 5X Build/MMB29P) AppleWebKit/537.36 (KHTML, like Gecko) Chrome/136.0.7103.113 Mobile Safari/537.36 (compatible; GoogleOther)"
52.200.58.199 - - [12/Jun/2025:09:46:14 -0400] "GET /page/9/?s HTTP/1.1" 200 16205 "-" "Mozilla/5.0 AppleWebKit/537.36 (KHTML, like Gecko; compatible; Amazonbot/0.1; +https://developer.amazon.com/support/amazonbot) Chrome/119.0.6045.214 Safari/537.36"
66.249.66.69 - - [12/Jun/2025:09:46:16 -0400] "GET /entity/134147688.phtml HTTP/1.1" 200 24368 "-" "Mozilla/5.0 (Linux; Android 6.0.1; Nexus 5X Build/MMB29P) AppleWebKit/537.36 (KHTML, like Gecko) Chrome/136.0.7103.113 Mobile Safari/537.36 (compatible; GoogleOther)"
34.233.114.237 - - [12/Jun/2025:09:46:17 -0400] "GET /manga/remonster-chapter-89/ HTTP/1.1" 200 15003 "-" "Mozilla/5.0 AppleWebKit/537.36 (KHTML, like Gecko; compatible; Amazonbot/0.1; +https://developer.amazon.com/support/amazonbot) Chrome/119.0.6045.214 Safari/537.36"
66.249.66.160 - - [12/Jun/2025:09:46:22 -0400] "GET /products/duy/slabbing/872083028.phtml HTTP/1.1" 200 27518 "-" "Mozilla/5.0 (Linux; Android 6.0.1; Nexus 5X Build/MMB29P) AppleWebKit/537.36 (KHTML, like Gecko) Chrome/136.0.7103.113 Mobile Safari/537.36 (compatible; GoogleOther)"
162.0.232.193 - - [12/Jun/2025:09:46:23 -0400] "POST /wp-cron.php?doing_wp_cron=1749735983.0622611045837402343750 HTTP/1.1" 200 0 "-" "WordPress/6.6.2; https://remonster.online"
54.83.180.239 - - [12/Jun/2025:09:46:26 -0400] "GET /remonster-chapter-90/ HTTP/1.1" 200 12811 "-" "Mozilla/5.0 AppleWebKit/537.36 (KHTML, like Gecko; compatible; Amazonbot/0.1; +https://developer.amazon.com/support/amazonbot) Chrome/119.0.6045.214 Safari/537.36"
44.193.115.232 - - [12/Jun/2025:09:46:21 -0400] "GET /category/manga/page/6/ HTTP/1.1" 200 18715 "-" "Mozilla/5.0 AppleWebKit/537.36 (KHTML, like Gecko; compatible; Amazonbot/0.1; +https://developer.amazon.com/support/amazonbot) Chrome/119.0.6045.214 Safari/537.36"
66.249.66.69 - - [12/Jun/2025:09:46:27 -0400] "GET /entity/74220090.phtml HTTP/1.1" 200 23897 "-" "Mozilla/5.0 (Linux; Android 6.0.1; Nexus 5X Build/MMB29P) AppleWebKit/537.36 (KHTML, like Gecko) Chrome/136.0.7103.113 Mobile Safari/537.36 (compatible; GoogleOther)"
23.23.99.55 - - [12/Jun/2025:09:46:29 -0400] "GET /remonster-chapter-55-55/ HTTP/1.1" 200 12906 "-" "Mozilla/5.0 AppleWebKit/537.36 (KHTML, like Gecko; compatible; Amazonbot/0.1; +https://developer.amazon.com/support/amazonbot) Chrome/119.0.6045.214 Safari/537.36"
66.249.66.194 - - [12/Jun/2025:09:46:33 -0400] "GET /item/xe/tuwhit/2061871972.phtml HTTP/1.1" 200 25993 "-" "Mozilla/5.0 (Linux; Android 6.0.1; Nexus 5X Build/MMB29P) AppleWebKit/537.36 (KHTML, like Gecko) Chrome/136.0.7103.113 Mobile Safari/537.36 (compatible; GoogleOther)"
162.0.232.193 - - [12/Jun/2025:09:46:37 -0400] "POST /wp-cron.php?doing_wp_cron=1749735997.1549348831176757812500 HTTP/1.1" 200 0 "-" "WordPress/6.6.2; https://remonster.online"
66.249.66.69 - - [12/Jun/2025:09:46:39 -0400] "GET /info/succory/112705030.phtml HTTP/1.1" 200 24066 "-" "Mozilla/5.0 (Linux; Android 6.0.1; Nexus 5X Build/MMB29P) AppleWebKit/537.36 (KHTML, like Gecko) Chrome/136.0.7103.113 Mobile Safari/537.36 (compatible; GoogleOther)"
44.223.232.55 - - [12/Jun/2025:09:46:34 -0400] "GET /category/remonster-manga/page/2/ HTTP/1.1" 200 19342 "-" "Mozilla/5.0 AppleWebKit/537.36 (KHTML, like Gecko; compatible; Amazonbot/0.1; +https://developer.amazon.com/support/amazonbot) Chrome/119.0.6045.214 Safari/537.36"
2a03:2880:f800:11:: - - [12/Jun/2025:09:46:44 -0400] "GET /shopdetail/222535418 HTTP/1.1" 301 0 "-" "meta-externalagent/1.1 (+https://developers.facebook.com/docs/sharing/webmasters/crawler)"
2a03:2880:f800:6:: - - [12/Jun/2025:09:46:45 -0400] "GET /shopdetail/400287118 HTTP/1.1" 301 0 "-" "meta-externalagent/1.1 (+https://developers.facebook.com/docs/sharing/webmasters/crawler)"
66.249.66.6 - - [12/Jun/2025:09:46:46 -0400] "GET /goodscode/discontinuity873016310.phtml HTTP/1.1" 200 24106 "-" "Mozilla/5.0 (Linux; Android 6.0.1; Nexus 5X Build/MMB29P) AppleWebKit/537.36 (KHTML, like Gecko) Chrome/136.0.7103.113 Mobile Safari/537.36 (compatible; GoogleOther)"
2a03:2880:f800:4:: - - [12/Jun/2025:09:46:49 -0400] "GET / HTTP/1.1" 200 10845 "-" "meta-externalagent/1.1 (+https://developers.facebook.com/docs/sharing/webmasters/crawler)"
2a03:2880:f800:11:: - - [12/Jun/2025:09:46:49 -0400] "GET / HTTP/1.1" 200 10845 "-" "meta-externalagent/1.1 (+https://developers.facebook.com/docs/sharing/webmasters/crawler)"
66.249.66.160 - - [12/Jun/2025:09:46:52 -0400] "GET /items/p/crampbark/%3E%3CBR%3E%3CCENTER%3E%3CTABLE%20WIDTH=800%20CELLSPACING=0%20CELLPADDING=0%20BORDER=0%3E%3CTR%3E%3CTD%20BGCOLOR= HTTP/1.1" 200 24844 "-" "Googlebot-Image/1.0"
66.249.66.70 - - [12/Jun/2025:09:46:58 -0400] "GET /products121194948.phtml HTTP/1.1" 200 24219 "-" "Mozilla/5.0 (Linux; Android 6.0.1; Nexus 5X Build/MMB29P) AppleWebKit/537.36 (KHTML, like Gecko) Chrome/136.0.7103.113 Mobile Safari/537.36 (compatible; GoogleOther)"
2a03:2880:f800:6:: - - [12/Jun/2025:09:47:00 -0400] "GET /shopdetail/91006218 HTTP/1.1" 301 0 "-" "meta-externalagent/1.1 (+https://developers.facebook.com/docs/sharing/webmasters/crawler)"
2a03:2880:f800:d:: - - [12/Jun/2025:09:47:04 -0400] "GET / HTTP/1.1" 200 10845 "-" "meta-externalagent/1.1 (+https://developers.facebook.com/docs/sharing/webmasters/crawler)"
66.249.66.69 - - [12/Jun/2025:09:47:04 -0400] "GET /goodscode/chaudmedley2063740720.phtml HTTP/1.1" 200 23637 "-" "Mozilla/5.0 (Linux; Android 6.0.1; Nexus 5X Build/MMB29P) AppleWebKit/537.36 (KHTML, like Gecko) Chrome/136.0.7103.113 Mobile Safari/537.36 (compatible; GoogleOther)"
66.249.66.69 - - [12/Jun/2025:09:47:10 -0400] "GET /detail/fie/horrifying/72190564.phtml HTTP/1.1" 200 24280 "-" "Mozilla/5.0 (Linux; Android 6.0.1; Nexus 5X Build/MMB29P) AppleWebKit/537.36 (KHTML, like Gecko) Chrome/136.0.7103.113 Mobile Safari/537.36 (compatible; GoogleOther)"
66.249.66.160 - - [12/Jun/2025:09:47:15 -0400] "GET /goodscode/classically2058819242.phtml HTTP/1.1" 200 24052 "-" "Mozilla/5.0 (Linux; Android 6.0.1; Nexus 5X Build/MMB29P) AppleWebKit/537.36 (KHTML, like Gecko) Chrome/136.0.7103.113 Mobile Safari/537.36 (compatible; GoogleOther)"
66.249.66.6 - - [12/Jun/2025:09:47:21 -0400] "GET /info/p/ptolemaist130239208.phtml HTTP/1.1" 200 24407 "-" "Mozilla/5.0 (Linux; Android 6.0.1; Nexus 5X Build/MMB29P) AppleWebKit/537.36 (KHTML, like Gecko) Chrome/136.0.7103.113 Mobile Safari/537.36 (compatible; GoogleOther)"
66.249.66.160 - - [12/Jun/2025:09:47:26 -0400] "GET /goodscode/fellow2062988756.phtml HTTP/1.1" 200 25421 "-" "Mozilla/5.0 (Linux; Android 6.0.1; Nexus 5X Build/MMB29P) AppleWebKit/537.36 (KHTML, like Gecko) Chrome/136.0.7103.113 Mobile Safari/537.36 (compatible; GoogleOther)"
162.0.232.193 - - [12/Jun/2025:09:47:33 -0400] "POST /wp-cron.php?doing_wp_cron=1749736053.2267329692840576171875 HTTP/1.1" 200 0 "-" "WordPress/6.6.2; https://remonster.online"
2a03:2880:f800:f:: - - [12/Jun/2025:09:47:31 -0400] "GET /shopdetail/406482018 HTTP/1.1" 301 0 "-" "meta-externalagent/1.1 (+https://developers.facebook.com/docs/sharing/webmasters/crawler)"
66.249.66.69 - - [12/Jun/2025:09:47:34 -0400] "GET /entity150560656.phtml HTTP/1.1" 200 23992 "-" "Mozilla/5.0 (Linux; Android 6.0.1; Nexus 5X Build/MMB29P) AppleWebKit/537.36 (KHTML, like Gecko) Chrome/136.0.7103.113 Mobile Safari/537.36 (compatible; GoogleOther)"
2a03:2880:f800:10:: - - [12/Jun/2025:09:47:36 -0400] "GET / HTTP/1.1" 200 10845 "-" "meta-externalagent/1.1 (+https://developers.facebook.com/docs/sharing/webmasters/crawler)"
66.249.66.69 - - [12/Jun/2025:09:47:39 -0400] "GET /goodscode/luggage2061228220.phtml HTTP/1.1" 200 24698 "-" "Mozilla/5.0 (Linux; Android 6.0.1; Nexus 5X Build/MMB29P) AppleWebKit/537.36 (KHTML, like Gecko) Chrome/136.0.7103.113 Mobile Safari/537.36 (compatible; GoogleOther)"
2a03:2880:f800:10:: - - [12/Jun/2025:09:47:40 -0400] "GET /shopdetail/55802418 HTTP/1.1" 301 0 "-" "meta-externalagent/1.1 (+https://developers.facebook.com/docs/sharing/webmasters/crawler)"
2a03:2880:f800:17:: - - [12/Jun/2025:09:47:44 -0400] "GET / HTTP/1.1" 200 10845 "-" "meta-externalagent/1.1 (+https://developers.facebook.com/docs/sharing/webmasters/crawler)"
66.249.66.194 - - [12/Jun/2025:09:47:46 -0400] "GET /%3E%3CCENTER%3E%3CB%3EECLIPSE%20%E3%83%A1%E3%83%A2%E3%83%AA%E3%83%BC%E3%83%8A%E3%83%93%20AVN133MW%E3%80%80CD%E3%83%BB%E3%83%AF%E3%83%B3%E3%82%BB%E3%82%B0%E6%90%AD%E8%BC%89%E3%80%80%E3%83%88%E3%83%A8%E3%82%BF%E3%83%BB%E3%83%80%E3%82%A4%E3%83%8F%E3%83%84%E7%B4%94%E6%AD%A3%3C/B%3E%3CBR%3E%3CBR%3E%3CTABLE%20WIDTH=640%20BGCOLOR= HTTP/1.1" 200 25044 "-" "Googlebot-Image/1.0"
209.141.36.186 - - [12/Jun/2025:09:47:50 -0400] "GET /wp-login.php HTTP/1.1" 200 1749 "-" "Mozilla/5.0 (Macintosh; Intel Mac OS X 10_9_2) AppleWebKit/537.36 (KHTML, like Gecko) Chrome/36.0.1985.125 Safari/537.36"
66.249.66.160 - - [12/Jun/2025:09:47:51 -0400] "GET /products/2057202928.phtml HTTP/1.1" 200 24067 "-" "Mozilla/5.0 (Linux; Android 6.0.1; Nexus 5X Build/MMB29P) AppleWebKit/537.36 (KHTML, like Gecko) Chrome/136.0.7103.113 Mobile Safari/537.36 (compatible; GoogleOther)"
66.249.66.160 - - [12/Jun/2025:09:47:56 -0400] "GET /goods/crinoline/78517328.phtml HTTP/1.1" 200 24095 "-" "Mozilla/5.0 (Linux; Android 6.0.1; Nexus 5X Build/MMB29P) AppleWebKit/537.36 (KHTML, like Gecko) Chrome/136.0.7103.113 Mobile Safari/537.36 (compatible; GoogleOther)"
2a03:2880:f800:16:: - - [12/Jun/2025:09:48:00 -0400] "GET /shopdetail/67128018 HTTP/1.1" 301 0 "-" "meta-externalagent/1.1 (+https://developers.facebook.com/docs/sharing/webmasters/crawler)"
209.141.36.186 - - [12/Jun/2025:09:48:00 -0400] "POST /wp-login.php HTTP/1.1" 200 1888 "-" "Mozilla/5.0 (Macintosh; Intel Mac OS X 10_9_2) AppleWebKit/537.36 (KHTML, like Gecko) Chrome/36.0.1985.125 Safari/537.36"
66.249.66.70 - - [12/Jun/2025:09:48:01 -0400] "GET /goodscode/2064238458.phtml HTTP/1.1" 200 23927 "-" "Mozilla/5.0 (Linux; Android 6.0.1; Nexus 5X Build/MMB29P) AppleWebKit/537.36 (KHTML, like Gecko) Chrome/136.0.7103.113 Mobile Safari/537.36 (compatible; GoogleOther)"
2a03:2880:f800:15:: - - [12/Jun/2025:09:48:03 -0400] "GET / HTTP/1.1" 200 10845 "-" "meta-externalagent/1.1 (+https://developers.facebook.com/docs/sharing/webmasters/crawler)"
2a03:2880:f800:11:: - - [12/Jun/2025:09:48:04 -0400] "GET /shopdetail/195853418 HTTP/1.1" 301 0 "-" "meta-externalagent/1.1 (+https://developers.facebook.com/docs/sharing/webmasters/crawler)"
2a03:2880:f800:: - - [12/Jun/2025:09:48:06 -0400] "GET / HTTP/1.1" 200 10845 "-" "meta-externalagent/1.1 (+https://developers.facebook.com/docs/sharing/webmasters/crawler)"
66.249.66.160 - - [12/Jun/2025:09:48:06 -0400] "GET /products1374314594.phtml HTTP/1.1" 200 23616 "-" "Mozilla/5.0 (Linux; Android 6.0.1; Nexus 5X Build/MMB29P) AppleWebKit/537.36 (KHTML, like Gecko) Chrome/136.0.7103.113 Mobile Safari/537.36 (compatible; GoogleOther)"
66.249.66.194 - - [12/Jun/2025:09:48:13 -0400] "GET /products/brahmapootra/2061576348.phtml HTTP/1.1" 200 24603 "-" "Mozilla/5.0 (Linux; Android 6.0.1; Nexus 5X Build/MMB29P) AppleWebKit/537.36 (KHTML, like Gecko) Chrome/136.0.7103.113 Mobile Safari/537.36 (compatible; GoogleOther)"
