66.249.66.38 - - [12/Jun/2025:10:36:24 -0400] "GET /shopping/etherin/102645076.phtml HTTP/1.1" 200 24219 "-" "Mozilla/5.0 (Linux; Android 6.0.1; Nexus 5X Build/MMB29P) AppleWebKit/537.36 (KHTML, like Gecko) Chrome/136.0.7103.113 Mobile Safari/537.36 (compatible; GoogleOther)"
162.0.232.193 - - [12/Jun/2025:10:36:25 -0400] "POST /wp-cron.php?doing_wp_cron=1749738985.6616919040679931640625 HTTP/1.1" 200 0 "-" "WordPress/6.6.2; https://remonster.online"
2a03:2880:f800:15:: - - [12/Jun/2025:10:36:25 -0400] "GET /shopdetail/100640118 HTTP/1.1" 301 0 "-" "meta-externalagent/1.1 (+https://developers.facebook.com/docs/sharing/webmasters/crawler)"
2a03:2880:f800:1b:: - - [12/Jun/2025:10:36:27 -0400] "GET / HTTP/1.1" 200 10845 "-" "meta-externalagent/1.1 (+https://developers.facebook.com/docs/sharing/webmasters/crawler)"
66.249.66.76 - - [12/Jun/2025:10:36:29 -0400] "GET /goodscode/jeg/chlormethane/2061935128.phtml HTTP/1.1" 200 23664 "-" "Mozilla/5.0 (Linux; Android 6.0.1; Nexus 5X Build/MMB29P) AppleWebKit/537.36 (KHTML, like Gecko) Chrome/136.0.7103.113 Mobile Safari/537.36 (compatible; GoogleOther)"
162.0.232.193 - - [12/Jun/2025:10:36:33 -0400] "POST /wp-cron.php?doing_wp_cron=1749738993.4475889205932617187500 HTTP/1.1" 200 0 "-" "WordPress/6.6.2; https://remonster.online"
2a03:2880:f800:13:: - - [12/Jun/2025:10:36:32 -0400] "GET /shopdetail/385000218 HTTP/1.1" 301 0 "-" "meta-externalagent/1.1 (+https://developers.facebook.com/docs/sharing/webmasters/crawler)"
66.249.66.198 - - [12/Jun/2025:10:36:34 -0400] "GET /info/purpurogenous/872313572.phtml HTTP/1.1" 200 25017 "-" "Mozilla/5.0 (Linux; Android 6.0.1; Nexus 5X Build/MMB29P) AppleWebKit/537.36 (KHTML, like Gecko) Chrome/136.0.7103.113 Mobile Safari/537.36 (compatible; GoogleOther)"
2a03:2880:f800:b:: - - [12/Jun/2025:10:36:36 -0400] "GET / HTTP/1.1" 200 10845 "-" "meta-externalagent/1.1 (+https://developers.facebook.com/docs/sharing/webmasters/crawler)"
2a03:2880:f800:f:: - - [12/Jun/2025:10:36:37 -0400] "GET /shopdetail/208419018 HTTP/1.1" 301 0 "-" "meta-externalagent/1.1 (+https://developers.facebook.com/docs/sharing/webmasters/crawler)"
2a03:2880:f800:1d:: - - [12/Jun/2025:10:36:39 -0400] "GET / HTTP/1.1" 200 10845 "-" "meta-externalagent/1.1 (+https://developers.facebook.com/docs/sharing/webmasters/crawler)"
66.249.66.162 - - [12/Jun/2025:10:36:40 -0400] "GET /products/pebbling/869476048.phtml HTTP/1.1" 200 24664 "-" "Mozilla/5.0 (Linux; Android 6.0.1; Nexus 5X Build/MMB29P) AppleWebKit/537.36 (KHTML, like Gecko) Chrome/136.0.7103.113 Mobile Safari/537.36 (compatible; GoogleOther)"
66.249.66.76 - - [12/Jun/2025:10:36:48 -0400] "GET /product/calorifere/872490142.phtml HTTP/1.1" 200 25369 "-" "Mozilla/5.0 (Linux; Android 6.0.1; Nexus 5X Build/MMB29P) AppleWebKit/537.36 (KHTML, like Gecko) Chrome/136.0.7103.113 Mobile Safari/537.36 (compatible; GoogleOther)"
66.249.66.77 - - [12/Jun/2025:10:36:53 -0400] "GET /goodscode/colours/870213962.phtml HTTP/1.1" 200 23659 "-" "Mozilla/5.0 (Linux; Android 6.0.1; Nexus 5X Build/MMB29P) AppleWebKit/537.36 (KHTML, like Gecko) Chrome/136.0.7103.113 Mobile Safari/537.36 (compatible; GoogleOther)"
2a03:2880:f800:4:: - - [12/Jun/2025:10:36:55 -0400] "GET /shopdetail/382339118 HTTP/1.1" 301 0 "-" "meta-externalagent/1.1 (+https://developers.facebook.com/docs/sharing/webmasters/crawler)"
2a03:2880:f800:16:: - - [12/Jun/2025:10:36:58 -0400] "GET / HTTP/1.1" 200 10845 "-" "meta-externalagent/1.1 (+https://developers.facebook.com/docs/sharing/webmasters/crawler)"
66.249.66.162 - - [12/Jun/2025:10:36:58 -0400] "GET /products/p/%3E%E3%81%94%E8%A6%A7%E3%81%AE%E7%89%A9%E3%81%A7%E3%81%99%E3%80%82%E6%9C%AA%E4%BD%BF%E7%94%A8%E9%95%B7%E6%9C%9F%E4%BF%9D%E7%AE%A1%E5%93%81%E3%81%A7%E3%81%93%E3%81%93%E3%81%8B%E3%82%89%E8%B3%BC%E5%85%A5%E3%81%97%E3%81%BE%E3%81%97%E3%81%9F%E3%81%8C%E3%82%AC%E3%82%B9%E7%A8%AE%E3%82%92%E9%96%93%E9%81%95%E3%81%88%E3%81%9F%E3%81%AE%E3%81%A7%E5%87%BA%E5%93%81%E3%81%84%E3%81%9F%E3%81%97%E3%81%BE%E3%81%99%E3%80%82%EF%BC%95%EF%BD%8D%E3%81%AE%E3%83%9B%E3%83%BC%E3%82%B9%E3%81%8C%E4%BB%98%E3%81%84%E3%81%A6%E3%81%84%E3%81%BE%E3%81%99%E3%80%82%E3%82%AC%E3%82%B9%E3%81%8C%E9%81%95%E3%81%86%E3%81%AE%E3%81%A7%E5%8B%95%E4%BD%9C%E7%A2%BA%E8%AA%8D%E3%81%A7%E3%81%8D%E3%81%AA%E3%81%84%E3%81%AE%E3%81%A7%E3%82%B8%E3%83%A3%E3%83%B3%E3%82%AF%E5%93%81%E3%81%A7%E3%81%AE%E5%87%BA%E5%93%81%E3%81%A7%E3%81%99%E3%80%82%E7%99%BA%E9%80%81%E3%81%AF%E3%82%86%E3%81%86%E3%83%91%E3%83%83%E3%82%AF140%E3%82%B5%E3%82%A4%E3%82%BA%E3%81%A7%E3%81%99%E3%80%82%20%20%20%20%3C/div%3E%20%20%20%20%3Cdiv%20class= HTTP/1.1" 200 25415 "-" "Googlebot-Image/1.0"
66.249.66.200 - - [12/Jun/2025:10:37:04 -0400] "GET /goodscode/q/floured871945358.phtml HTTP/1.1" 200 25206 "-" "Mozilla/5.0 (Linux; Android 6.0.1; Nexus 5X Build/MMB29P) AppleWebKit/537.36 (KHTML, like Gecko) Chrome/136.0.7103.113 Mobile Safari/537.36 (compatible; GoogleOther)"
66.249.66.38 - - [12/Jun/2025:10:37:09 -0400] "GET /goodscode/2063579942.phtml HTTP/1.1" 200 25139 "-" "Mozilla/5.0 (Linux; Android 6.0.1; Nexus 5X Build/MMB29P) AppleWebKit/537.36 (KHTML, like Gecko) Chrome/136.0.7103.113 Mobile Safari/537.36 (compatible; GoogleOther)"
66.249.66.13 - - [12/Jun/2025:10:37:16 -0400] "GET /shopbrand/excision/871916280.phtml HTTP/1.1" 200 24652 "-" "Mozilla/5.0 (Linux; Android 6.0.1; Nexus 5X Build/MMB29P) AppleWebKit/537.36 (KHTML, like Gecko) Chrome/136.0.7103.113 Mobile Safari/537.36 (compatible; GoogleOther)"
66.249.66.198 - - [12/Jun/2025:10:37:22 -0400] "GET /item/xylophilous2059037272.phtml HTTP/1.1" 200 23983 "-" "Mozilla/5.0 (Linux; Android 6.0.1; Nexus 5X Build/MMB29P) AppleWebKit/537.36 (KHTML, like Gecko) Chrome/136.0.7103.113 Mobile Safari/537.36 (compatible; GoogleOther)"
66.249.66.198 - - [12/Jun/2025:10:37:28 -0400] "GET /products/2062988112.phtml HTTP/1.1" 200 23576 "-" "Mozilla/5.0 (Linux; Android 6.0.1; Nexus 5X Build/MMB29P) AppleWebKit/537.36 (KHTML, like Gecko) Chrome/136.0.7103.113 Mobile Safari/537.36 (compatible; GoogleOther)"
66.249.66.13 - - [12/Jun/2025:10:37:33 -0400] "GET /product/v/francophobe69955976.phtml HTTP/1.1" 200 24853 "-" "Mozilla/5.0 (Linux; Android 6.0.1; Nexus 5X Build/MMB29P) AppleWebKit/537.36 (KHTML, like Gecko) Chrome/136.0.7103.113 Mobile Safari/537.36 (compatible; GoogleOther)"
66.249.66.198 - - [12/Jun/2025:10:37:41 -0400] "GET /special/basicerite2061586938.phtml HTTP/1.1" 200 24059 "-" "Mozilla/5.0 (Linux; Android 6.0.1; Nexus 5X Build/MMB29P) AppleWebKit/537.36 (KHTML, like Gecko) Chrome/136.0.7103.113 Mobile Safari/537.36 (compatible; GoogleOther)"
162.0.232.193 - - [12/Jun/2025:10:37:45 -0400] "POST /wp-cron.php?doing_wp_cron=1749739064.6747140884399414062500 HTTP/1.1" 200 0 "-" "WordPress/6.6.2; https://remonster.online"
2a03:2880:f800:1c:: - - [12/Jun/2025:10:37:43 -0400] "GET /shopdetail/248515418 HTTP/1.1" 301 0 "-" "meta-externalagent/1.1 (+https://developers.facebook.com/docs/sharing/webmasters/crawler)"
66.249.66.13 - - [12/Jun/2025:10:37:46 -0400] "GET /item/uk/irretrievably14105270.phtml HTTP/1.1" 200 23812 "-" "Mozilla/5.0 (Linux; Android 6.0.1; Nexus 5X Build/MMB29P) AppleWebKit/537.36 (KHTML, like Gecko) Chrome/136.0.7103.113 Mobile Safari/537.36 (compatible; GoogleOther)"
2a03:2880:f800:1a:: - - [12/Jun/2025:10:37:47 -0400] "GET / HTTP/1.1" 200 10845 "-" "meta-externalagent/1.1 (+https://developers.facebook.com/docs/sharing/webmasters/crawler)"
66.249.66.162 - - [12/Jun/2025:10:37:53 -0400] "GET /item/worldlyminded2065752596.phtml HTTP/1.1" 200 23925 "-" "Mozilla/5.0 (Linux; Android 6.0.1; Nexus 5X Build/MMB29P) AppleWebKit/537.36 (KHTML, like Gecko) Chrome/136.0.7103.113 Mobile Safari/537.36 (compatible; GoogleOther)"
2a03:2880:f800:: - - [12/Jun/2025:10:37:55 -0400] "GET /shopdetail/113899018 HTTP/1.1" 301 0 "-" "meta-externalagent/1.1 (+https://developers.facebook.com/docs/sharing/webmasters/crawler)"
2a03:2880:f800:10:: - - [12/Jun/2025:10:37:58 -0400] "GET / HTTP/1.1" 200 10845 "-" "meta-externalagent/1.1 (+https://developers.facebook.com/docs/sharing/webmasters/crawler)"
66.249.66.13 - - [12/Jun/2025:10:37:58 -0400] "GET /products/%3E%E3%80%90%E5%95%86%E5%93%81%E3%81%AE%E8%AA%AC%E6%98%8E%E3%80%91%3CBR%3E%E3%83%96%E3%83%A9%E3%83%B3%E3%83%89%E3%83%BB%E3%83%A1%E3%83%BC%E3%82%AB%E3%83%BC%20:%20%E7%AC%AC7%E4%B8%96%E4%BB%A3%20iPod%20nano%2016GB%20%E3%82%B9%E3%83%9A%E3%83%BC%E3%82%B9%E3%82%B0%E3%83%AC%E3%82%A4%20%EF%BC%88MKN52J/A%EF%BC%89%3CBR%3E%3CBR%3E%E3%80%90%E5%95%86%E5%93%81%E3%81%AE%E7%8A%B6%E6%85%8B%E3%80%91%3CBR%3E%E4%BD%BF%E7%94%A8%E7%8A%B6%E6%B3%81%20:%20%E5%88%9D%E6%9C%9F%E5%8C%96%E3%80%81%E5%8B%95%E4%BD%9C%E7%A2%BA%E8%AA%8D%E6%B8%88%E3%81%BF%3CBR%3E%E4%BF%9D%E8%AD%B7%E3%82%B7%E3%83%BC%E3%83%AB%E3%81%A8%E3%82%B1%E3%83%BC%E3%82%B9%E3%82%92%E4%BB%98%E3%81%91%E3%81%A6%E3%81%84%E3%81%9F%E3%81%AE%E3%81%A7%E3%80%81%E3%81%8B%E3%81%AA%E3%82%8A%E7%BE%8E%E5%93%81%E3%81%AE%E7%8A%B6%E6%85%8B%E3%81%A7%E3%81%99%E3%80%82%3CBR%3E%3CBR%3E%E6%B3%A8%E6%84%8F%E4%BA%8B%E9%A0%85%20:%20%E4%BB%98%E5%B1%9E%E5%93%81%E3%81%AF%E5%86%99%E7%9C%9F%E3%81%AE%E3%82%82%E3%81%AE%E3%81%8C%E5%85%A8%E3%81%A6%E3%81%AB%E3%81%AA%E3%82%8A%E3%81%BE%E3%81%99%E3%80%82%3CBR%3ELightning%20USB%E3%82%B1%E3%83%BC%E3%83%96%E3%83%AB%E7%84%A1%E3%81%97%3CBR%3E%E3%82%A4%E3%83%A4%E3%83%9B%E3%83%B3%E3%81%AF%E6%9C%AA%E4%BD%BF%E7%94%A8%E3%81%A7%E3%81%99%E3%80%82%3CBR%3E%3CBR%3E%E7%84%A1%E6%B0%B4%E3%82%A8%E3%82%BF%E3%83%8E%E3%83%BC%E3%83%AB%E3%81%A7%E3%82%AF%E3%83%AA%E3%83%BC%E3%83%8B%E3%83%B3%E3%82%B0%E3%81%97%E3%81%A6%E3%81%82%E3%82%8A%E3%81%BE%E3%81%99%E3%81%8C%E3%80%81%E7%B4%B0%E3%81%8B%E3%81%84%E3%82%AD%E3%82%BA%E3%82%84%E3%83%9B%E3%82%B3%E3%83%AA%E7%AD%89%E3%81%82%E3%82%8B%E5%A0%B4%E5%90%88%E3%81%8C%E3%81%94%E3%81%96%E3%81%84%E3%81%BE%E3%81%99%E3%81%AE%E3%81%A7%E3%80%81%E6%B0%97%E3%81%AB%E3%81%AA%E3%82%8B%E6%96%B9%E3%81%AF%E3%81%94%E5%85%A5%E6%9C%AD%E3%82%92%E3%81%8A%E6%8E%A7%E3%81%88%E4%B8%8B%E3%81%95%E3%81%84%E3%80%82%20%20%20%20%3C/div%3E%20%20%20%20%3Cdiv%20class= HTTP/1.1" 200 25963 "-" "Googlebot-Image/1.0"
66.249.66.163 - - [12/Jun/2025:10:38:03 -0400] "GET /categories/122773212?num=90951 HTTP/1.1" 200 23918 "-" "Mozilla/5.0 (Linux; Android 6.0.1; Nexus 5X Build/MMB29P) AppleWebKit/537.36 (KHTML, like Gecko) Chrome/136.0.7103.113 Mobile Safari/537.36 (compatible; GoogleOther)"
2001:e68:5425:3bbe:4d67:3df0:23e2:19de - - [12/Jun/2025:10:38:06 -0400] "GET /wp-content/uploads/2021/11/CeDzRGZ.png HTTP/1.1" 200 1728239 "https://remonster.online/manga/re-monster-chapter-5/" "Mozilla/5.0 (Linux; Android 10; K) AppleWebKit/537.36 (KHTML, like Gecko) SamsungBrowser/28.0 Chrome/130.0.0.0 Mobile Safari/537.36"
2a03:2880:f800:1a:: - - [12/Jun/2025:10:38:07 -0400] "GET /shopdetail/194385818 HTTP/1.1" 301 0 "-" "meta-externalagent/1.1 (+https://developers.facebook.com/docs/sharing/webmasters/crawler)"
66.249.66.163 - - [12/Jun/2025:10:38:08 -0400] "GET /products/2068032694.phtml HTTP/1.1" 200 24402 "-" "Mozilla/5.0 (Linux; Android 6.0.1; Nexus 5X Build/MMB29P) AppleWebKit/537.36 (KHTML, like Gecko) Chrome/136.0.7103.113 Mobile Safari/537.36 (compatible; GoogleOther)"
2a03:2880:f800:11:: - - [12/Jun/2025:10:38:10 -0400] "GET / HTTP/1.1" 200 10845 "-" "meta-externalagent/1.1 (+https://developers.facebook.com/docs/sharing/webmasters/crawler)"
83.22.214.19 - - [12/Jun/2025:10:38:13 -0400] "GET /manga/re-monster-chapter-73/ HTTP/1.1" 200 17443 "https://www.google.com/" "Mozilla/5.0 (Linux; Android 10; K) AppleWebKit/537.36 (KHTML, like Gecko) Chrome/137.0.0.0 Mobile Safari/537.36"
66.249.66.13 - - [12/Jun/2025:10:38:14 -0400] "GET /categories/123230320?num=91601 HTTP/1.1" 200 24984 "-" "Mozilla/5.0 (Linux; Android 6.0.1; Nexus 5X Build/MMB29P) AppleWebKit/537.36 (KHTML, like Gecko) Chrome/136.0.7103.113 Mobile Safari/537.36 (compatible; GoogleOther)"
83.22.214.19 - - [12/Jun/2025:10:38:14 -0400] "GET /wp-includes/js/jquery/jquery-migrate.min.js?ver=3.4.1 HTTP/1.1" 200 4678 "https://remonster.online/manga/re-monster-chapter-73/" "Mozilla/5.0 (Linux; Android 10; K) AppleWebKit/537.36 (KHTML, like Gecko) Chrome/137.0.0.0 Mobile Safari/537.36"
83.22.214.19 - - [12/Jun/2025:10:38:15 -0400] "GET /wp-content/plugins/wp-automatic/js/main-front.js?ver=6.6.2 HTTP/1.1" 304 0 "https://remonster.online/manga/re-monster-chapter-73/" "Mozilla/5.0 (Linux; Android 10; K) AppleWebKit/537.36 (KHTML, like Gecko) Chrome/137.0.0.0 Mobile Safari/537.36"
83.22.214.19 - - [12/Jun/2025:10:38:15 -0400] "GET /wp-content/plugins/simple-social-buttons/assets/js/front.js?ver=5.3.1 HTTP/1.1" 304 0 "https://remonster.online/manga/re-monster-chapter-73/" "Mozilla/5.0 (Linux; Android 10; K) AppleWebKit/537.36 (KHTML, like Gecko) Chrome/137.0.0.0 Mobile Safari/537.36"
83.22.214.19 - - [12/Jun/2025:10:38:15 -0400] "GET /wp-includes/js/comment-reply.min.js?ver=6.6.2 HTTP/1.1" 304 0 "https://remonster.online/manga/re-monster-chapter-73/" "Mozilla/5.0 (Linux; Android 10; K) AppleWebKit/537.36 (KHTML, like Gecko) Chrome/137.0.0.0 Mobile Safari/537.36"
2a03:2880:f800:d:: - - [12/Jun/2025:10:38:16 -0400] "GET /shopdetail/393224018 HTTP/1.1" 301 0 "-" "meta-externalagent/1.1 (+https://developers.facebook.com/docs/sharing/webmasters/crawler)"
2a03:2880:f800:f:: - - [12/Jun/2025:10:38:18 -0400] "GET / HTTP/1.1" 200 10845 "-" "meta-externalagent/1.1 (+https://developers.facebook.com/docs/sharing/webmasters/crawler)"
66.249.66.76 - - [12/Jun/2025:10:38:19 -0400] "GET /products/counseled/2065397664.phtml HTTP/1.1" 200 24201 "-" "Mozilla/5.0 (Linux; Android 6.0.1; Nexus 5X Build/MMB29P) AppleWebKit/537.36 (KHTML, like Gecko) Chrome/136.0.7103.113 Mobile Safari/537.36 (compatible; GoogleOther)"
83.22.214.19 - - [12/Jun/2025:10:38:22 -0400] "GET /manga/re-monster-chapter-73/ HTTP/1.1" 200 17443 "-" "Mozilla/5.0 (Linux; Android 10; K) AppleWebKit/537.36 (KHTML, like Gecko) Chrome/137.0.0.0 Mobile Safari/537.36"
66.249.66.198 - - [12/Jun/2025:10:38:24 -0400] "GET /goodscode/q/tirralirra872402466.phtml HTTP/1.1" 200 24127 "-" "Mozilla/5.0 (Linux; Android 6.0.1; Nexus 5X Build/MMB29P) AppleWebKit/537.36 (KHTML, like Gecko) Chrome/136.0.7103.113 Mobile Safari/537.36 (compatible; GoogleOther)"
66.249.66.162 - - [12/Jun/2025:10:38:31 -0400] "GET /products/ze/smilingly2061818828.phtml HTTP/1.1" 200 23670 "-" "Mozilla/5.0 (Linux; Android 6.0.1; Nexus 5X Build/MMB29P) AppleWebKit/537.36 (KHTML, like Gecko) Chrome/136.0.7103.113 Mobile Safari/537.36 (compatible; GoogleOther)"
83.22.214.19 - - [12/Jun/2025:10:38:35 -0400] "GET /manga/ HTTP/1.1" 301 0 "-" "Mozilla/5.0 (Linux; Android 10; K) AppleWebKit/537.36 (KHTML, like Gecko) Chrome/137.0.0.0 Mobile Safari/537.36"
162.0.232.193 - - [12/Jun/2025:10:38:37 -0400] "POST /wp-cron.php?doing_wp_cron=1749739116.6574389934539794921875 HTTP/1.1" 200 0 "-" "WordPress/6.6.2; https://remonster.online"
2a01:7c8:aac8:46::1 - - [12/Jun/2025:10:38:36 -0400] "POST /xmlrpc.php HTTP/1.1" 200 205 "-" "Mozilla/5.0 (X11; Ubuntu; Linux x86_64; rv:85.0) Gecko/20100101 Firefox/91.0"
83.22.214.19 - - [12/Jun/2025:10:38:37 -0400] "GET / HTTP/1.1" 200 10788 "https://remonster.online/manga/re-monster-chapter-73/" "Mozilla/5.0 (Linux; Android 10; K) AppleWebKit/537.36 (KHTML, like Gecko) Chrome/137.0.0.0 Mobile Safari/537.36"
83.22.214.19 - - [12/Jun/2025:10:38:38 -0400] "GET /wp-content/uploads/2021/11/LN_v09_001.jpeg HTTP/1.1" 200 1105440 "https://remonster.online/" "Mozilla/5.0 (Linux; Android 10; K) AppleWebKit/537.36 (KHTML, like Gecko) Chrome/137.0.0.0 Mobile Safari/537.36"
66.249.66.76 - - [12/Jun/2025:10:38:38 -0400] "GET /entity/g/epicedium/124628282.phtml HTTP/1.1" 200 24412 "-" "Mozilla/5.0 (Linux; Android 6.0.1; Nexus 5X Build/MMB29P) AppleWebKit/537.36 (KHTML, like Gecko) Chrome/136.0.7103.113 Mobile Safari/537.36 (compatible; GoogleOther)"
83.22.214.19 - - [12/Jun/2025:10:38:43 -0400] "GET /manga/remonster-chapter-93/ HTTP/1.1" 200 15427 "-" "Mozilla/5.0 (Linux; Android 10; K) AppleWebKit/537.36 (KHTML, like Gecko) Chrome/137.0.0.0 Mobile Safari/537.36"
66.249.66.76 - - [12/Jun/2025:10:38:43 -0400] "GET /products/robbed2063935386.phtml HTTP/1.1" 200 24122 "-" "Mozilla/5.0 (Linux; Android 6.0.1; Nexus 5X Build/MMB29P) AppleWebKit/537.36 (KHTML, like Gecko) Chrome/136.0.7103.113 Mobile Safari/537.36 (compatible; GoogleOther)"
83.22.214.19 - - [12/Jun/2025:10:38:44 -0400] "GET /manga/re-monster-chapter-28/ HTTP/1.1" 200 17768 "-" "Mozilla/5.0 (Linux; Android 10; K) AppleWebKit/537.36 (KHTML, like Gecko) Chrome/137.0.0.0 Mobile Safari/537.36"
83.22.214.19 - - [12/Jun/2025:10:38:46 -0400] "GET /manga/re-monster-chapter-1/ HTTP/1.1" 200 17990 "-" "Mozilla/5.0 (Linux; Android 10; K) AppleWebKit/537.36 (KHTML, like Gecko) Chrome/137.0.0.0 Mobile Safari/537.36"
66.249.66.198 - - [12/Jun/2025:10:38:49 -0400] "GET /detail/jim/mente/%3E%3CBR%3E%3CCENTER%3E%3CFONT%20COLOR= HTTP/1.1" 200 24724 "-" "Googlebot-Image/1.0"
66.249.66.162 - - [12/Jun/2025:10:38:54 -0400] "GET /detail/xio/tantalium/872298168.phtml HTTP/1.1" 200 25875 "-" "Mozilla/5.0 (Linux; Android 6.0.1; Nexus 5X Build/MMB29P) AppleWebKit/537.36 (KHTML, like Gecko) Chrome/136.0.7103.113 Mobile Safari/537.36 (compatible; GoogleOther)"
2001:268:720f:31dd:e123:7dd4:9e1:8ec6 - - [12/Jun/2025:10:38:59 -0400] "GET /category/remonster/ HTTP/1.1" 200 24977 "-" "Mozilla/5.0 (Linux; Android 10; K) AppleWebKit/537.36 (KHTML, like Gecko) Chrome/137.0.0.0 Mobile Safari/537.36"
2001:268:720f:31dd:e123:7dd4:9e1:8ec6 - - [12/Jun/2025:10:38:59 -0400] "GET /manga/re-monster-chapter-44/ HTTP/1.1" 200 18092 "-" "Mozilla/5.0 (Linux; Android 10; K) AppleWebKit/537.36 (KHTML, like Gecko) Chrome/137.0.0.0 Mobile Safari/537.36"
66.249.66.14 - - [12/Jun/2025:10:38:59 -0400] "GET /item/sne/precentor2065408258.phtml HTTP/1.1" 200 27080 "-" "Mozilla/5.0 (Linux; Android 6.0.1; Nexus 5X Build/MMB29P) AppleWebKit/537.36 (KHTML, like Gecko) Chrome/136.0.7103.113 Mobile Safari/537.36 (compatible; GoogleOther)"
2a03:2880:f800:4:: - - [12/Jun/2025:10:39:01 -0400] "GET /shopdetail/354405318 HTTP/1.1" 301 0 "-" "meta-externalagent/1.1 (+https://developers.facebook.com/docs/sharing/webmasters/crawler)"
2001:268:720f:31dd:e123:7dd4:9e1:8ec6 - - [12/Jun/2025:10:39:01 -0400] "POST /wp-admin/admin-ajax.php HTTP/1.1" 200 69 "https://remonster.online/manga/re-monster-chapter-44/" "Mozilla/5.0 (Linux; Android 10; K) AppleWebKit/537.36 (KHTML, like Gecko) Chrome/137.0.0.0 Mobile Safari/537.36"
2a03:2880:f800:1a:: - - [12/Jun/2025:10:39:04 -0400] "GET / HTTP/1.1" 200 10845 "-" "meta-externalagent/1.1 (+https://developers.facebook.com/docs/sharing/webmasters/crawler)"
66.249.66.76 - - [12/Jun/2025:10:39:06 -0400] "GET /goods70967306.phtml HTTP/1.1" 200 25510 "-" "Mozilla/5.0 (Linux; Android 6.0.1; Nexus 5X Build/MMB29P) AppleWebKit/537.36 (KHTML, like Gecko) Chrome/136.0.7103.113 Mobile Safari/537.36 (compatible; GoogleOther)"
66.249.66.38 - - [12/Jun/2025:10:39:11 -0400] "GET /item/abstruseness/2058675668.phtml HTTP/1.1" 200 24135 "-" "Mozilla/5.0 (Linux; Android 6.0.1; Nexus 5X Build/MMB29P) AppleWebKit/537.36 (KHTML, like Gecko) Chrome/136.0.7103.113 Mobile Safari/537.36 (compatible; GoogleOther)"
66.249.66.160 - - [12/Jun/2025:10:39:19 -0400] "GET /entity873933804.phtml HTTP/1.1" 200 25074 "-" "Mozilla/5.0 (Linux; Android 6.0.1; Nexus 5X Build/MMB29P) AppleWebKit/537.36 (KHTML, like Gecko) Chrome/136.0.7103.113 Mobile Safari/537.36 (compatible; GoogleOther)"
66.249.66.194 - - [12/Jun/2025:10:39:25 -0400] "GET /item/tay/numismatologist/867676236.phtml HTTP/1.1" 200 24496 "-" "Mozilla/5.0 (Linux; Android 6.0.1; Nexus 5X Build/MMB29P) AppleWebKit/537.36 (KHTML, like Gecko) Chrome/136.0.7103.113 Mobile Safari/537.36 (compatible; GoogleOther)"
162.0.232.193 - - [12/Jun/2025:10:39:28 -0400] "POST /wp-cron.php?doing_wp_cron=1749739168.5858809947967529296875 HTTP/1.1" 200 0 "-" "WordPress/6.6.2; https://remonster.online"
2a03:2880:f800:16:: - - [12/Jun/2025:10:39:27 -0400] "GET /shopdetail/435282118 HTTP/1.1" 301 0 "-" "meta-externalagent/1.1 (+https://developers.facebook.com/docs/sharing/webmasters/crawler)"
2a03:2880:f800:16:: - - [12/Jun/2025:10:39:31 -0400] "GET / HTTP/1.1" 200 10845 "-" "meta-externalagent/1.1 (+https://developers.facebook.com/docs/sharing/webmasters/crawler)"
162.0.232.193 - - [12/Jun/2025:10:39:33 -0400] "POST /wp-cron.php?doing_wp_cron=1749739172.9743349552154541015625 HTTP/1.1" 200 0 "-" "WordPress/6.6.2; https://remonster.online"
2a03:2880:f800:: - - [12/Jun/2025:10:39:31 -0400] "GET /shopdetail/390434618 HTTP/1.1" 301 0 "-" "meta-externalagent/1.1 (+https://developers.facebook.com/docs/sharing/webmasters/crawler)"
66.249.66.160 - - [12/Jun/2025:10:39:33 -0400] "GET /goodscode/incorporation869598958.phtml HTTP/1.1" 200 25300 "-" "Mozilla/5.0 (Linux; Android 6.0.1; Nexus 5X Build/MMB29P) AppleWebKit/537.36 (KHTML, like Gecko) Chrome/136.0.7103.113 Mobile Safari/537.36 (compatible; GoogleOther)"
2a03:2880:f800:16:: - - [12/Jun/2025:10:39:35 -0400] "GET / HTTP/1.1" 200 10845 "-" "meta-externalagent/1.1 (+https://developers.facebook.com/docs/sharing/webmasters/crawler)"
66.249.66.69 - - [12/Jun/2025:10:39:38 -0400] "GET /info104213188.phtml HTTP/1.1" 200 24207 "-" "Mozilla/5.0 (Linux; Android 6.0.1; Nexus 5X Build/MMB29P) AppleWebKit/537.36 (KHTML, like Gecko) Chrome/136.0.7103.113 Mobile Safari/537.36 (compatible; GoogleOther)"
66.249.66.69 - - [12/Jun/2025:10:39:45 -0400] "GET /shopdetail/pyu/tensiled/%3E%3CBR%3E%3CCENTER%3E%3CTABLE%20BORDER=0%20CELLPADDING=0%20CELLSPACING=0%3E%3CTR%3E%3CTD%20WIDTH=50%3E%3C/TD%3E%3CTD%20WIDTH=30%3E%3C/TD%3E%3CTD%3E%3CFONT%20COLOR= HTTP/1.1" 200 24856 "-" "Googlebot-Image/1.0"
2a03:2880:f800:8:: - - [12/Jun/2025:10:39:50 -0400] "GET /shopdetail/232282318 HTTP/1.1" 301 0 "-" "meta-externalagent/1.1 (+https://developers.facebook.com/docs/sharing/webmasters/crawler)"
66.249.66.69 - - [12/Jun/2025:10:39:50 -0400] "GET /item/glycocholate869613400.phtml HTTP/1.1" 200 23907 "-" "Mozilla/5.0 (Linux; Android 6.0.1; Nexus 5X Build/MMB29P) AppleWebKit/537.36 (KHTML, like Gecko) Chrome/136.0.7103.113 Mobile Safari/537.36 (compatible; GoogleOther)"
2a03:2880:f800:d:: - - [12/Jun/2025:10:39:52 -0400] "GET / HTTP/1.1" 200 10868 "-" "meta-externalagent/1.1 (+https://developers.facebook.com/docs/sharing/webmasters/crawler)"
66.249.66.69 - - [12/Jun/2025:10:39:55 -0400] "GET /goods104189762.phtml HTTP/1.1" 200 27504 "-" "Mozilla/5.0 (Linux; Android 6.0.1; Nexus 5X Build/MMB29P) AppleWebKit/537.36 (KHTML, like Gecko) Chrome/136.0.7103.113 Mobile Safari/537.36 (compatible; GoogleOther)"
2a03:2880:f800:10:: - - [12/Jun/2025:10:39:56 -0400] "GET /shopdetail/409163718 HTTP/1.1" 301 0 "-" "meta-externalagent/1.1 (+https://developers.facebook.com/docs/sharing/webmasters/crawler)"
2a03:2880:f800:d:: - - [12/Jun/2025:10:39:58 -0400] "GET / HTTP/1.1" 200 10845 "-" "meta-externalagent/1.1 (+https://developers.facebook.com/docs/sharing/webmasters/crawler)"
66.249.66.161 - - [12/Jun/2025:10:40:00 -0400] "GET /products/kw/eelgrass2066791138.phtml HTTP/1.1" 200 25005 "-" "Mozilla/5.0 (Linux; Android 6.0.1; Nexus 5X Build/MMB29P) AppleWebKit/537.36 (KHTML, like Gecko) Chrome/136.0.7103.113 Mobile Safari/537.36 (compatible; GoogleOther)"
66.249.66.43 - - [12/Jun/2025:10:40:05 -0400] "GET /detail873282030.phtml HTTP/1.1" 200 30488 "-" "Mozilla/5.0 (Linux; Android 6.0.1; Nexus 5X Build/MMB29P) AppleWebKit/537.36 (KHTML, like Gecko) Chrome/136.0.7103.113 Mobile Safari/537.36 (compatible; GoogleOther)"
66.249.66.160 - - [12/Jun/2025:10:40:10 -0400] "GET /products/2062986956.phtml HTTP/1.1" 200 23453 "-" "Mozilla/5.0 (Linux; Android 6.0.1; Nexus 5X Build/MMB29P) AppleWebKit/537.36 (KHTML, like Gecko) Chrome/136.0.7103.113 Mobile Safari/537.36 (compatible; GoogleOther)"
2a03:2880:f800:4:: - - [12/Jun/2025:10:40:12 -0400] "GET /shopdetail/119630418 HTTP/1.1" 301 0 "-" "meta-externalagent/1.1 (+https://developers.facebook.com/docs/sharing/webmasters/crawler)"
66.249.66.69 - - [12/Jun/2025:10:40:15 -0400] "GET /entity873881948.phtml HTTP/1.1" 200 23723 "-" "Mozilla/5.0 (Linux; Android 6.0.1; Nexus 5X Build/MMB29P) AppleWebKit/537.36 (KHTML, like Gecko) Chrome/136.0.7103.113 Mobile Safari/537.36 (compatible; GoogleOther)"
2a03:2880:f800:18:: - - [12/Jun/2025:10:40:16 -0400] "GET / HTTP/1.1" 200 10845 "-" "meta-externalagent/1.1 (+https://developers.facebook.com/docs/sharing/webmasters/crawler)"
162.0.232.193 - - [12/Jun/2025:10:40:18 -0400] "POST /wp-cron.php?doing_wp_cron=1749739217.6541969776153564453125 HTTP/1.1" 200 0 "-" "WordPress/6.6.2; https://remonster.online"
2a03:2880:f800:17:: - - [12/Jun/2025:10:40:16 -0400] "GET /shopdetail/37228218 HTTP/1.1" 301 0 "-" "meta-externalagent/1.1 (+https://developers.facebook.com/docs/sharing/webmasters/crawler)"
2a03:2880:f800:10:: - - [12/Jun/2025:10:40:16 -0400] "GET /shopdetail/380938818 HTTP/1.1" 301 0 "-" "meta-externalagent/1.1 (+https://developers.facebook.com/docs/sharing/webmasters/crawler)"
2a03:2880:f800:3:: - - [12/Jun/2025:10:40:18 -0400] "GET /shopdetail/270772018 HTTP/1.1" 301 0 "-" "meta-externalagent/1.1 (+https://developers.facebook.com/docs/sharing/webmasters/crawler)"
2a03:2880:f800:4:: - - [12/Jun/2025:10:40:20 -0400] "GET / HTTP/1.1" 200 10845 "-" "meta-externalagent/1.1 (+https://developers.facebook.com/docs/sharing/webmasters/crawler)"
2a03:2880:f800:e:: - - [12/Jun/2025:10:40:22 -0400] "GET / HTTP/1.1" 200 10845 "-" "meta-externalagent/1.1 (+https://developers.facebook.com/docs/sharing/webmasters/crawler)"
66.249.66.160 - - [12/Jun/2025:10:40:23 -0400] "GET /item/epidemy/2061032720.phtml HTTP/1.1" 200 24097 "-" "Mozilla/5.0 (Linux; Android 6.0.1; Nexus 5X Build/MMB29P) AppleWebKit/537.36 (KHTML, like Gecko) Chrome/136.0.7103.113 Mobile Safari/537.36 (compatible; GoogleOther)"
66.249.66.69 - - [12/Jun/2025:10:40:28 -0400] "GET /item/redundantly872554710.phtml HTTP/1.1" 200 25183 "-" "Mozilla/5.0 (Linux; Android 6.0.1; Nexus 5X Build/MMB29P) AppleWebKit/537.36 (KHTML, like Gecko) Chrome/136.0.7103.113 Mobile Safari/537.36 (compatible; GoogleOther)"
66.249.66.160 - - [12/Jun/2025:10:40:35 -0400] "GET /products/habituation869519696.phtml HTTP/1.1" 200 24854 "-" "Mozilla/5.0 (Linux; Android 6.0.1; Nexus 5X Build/MMB29P) AppleWebKit/537.36 (KHTML, like Gecko) Chrome/136.0.7103.113 Mobile Safari/537.36 (compatible; GoogleOther)"
66.249.66.69 - - [12/Jun/2025:10:40:40 -0400] "GET /goodscode/ho/%3E%3CCENTER%3E%3CBR%3E%E2%98%86D108%E2%98%86%20%E3%82%A2%E3%82%BE%E3%83%B3%20%20%E3%81%B4%E3%81%82%E3%82%AD%E3%83%A3%E3%83%AD%E3%83%83%E3%83%88%E3%81%B8%E3%82%88%E3%81%86%E3%81%93%E3%81%9D%E3%80%80%20%E3%81%B1%E3%82%8D%E3%81%B1%E3%82%8D%E3%82%BF%E3%82%A4%E3%83%97%20%E2%98%861/3C-ZONE%E3%80%80%E3%82%B3%E3%82%B9%E3%83%81%E3%83%A5%E3%83%BC%E3%83%A0%E3%80%80%E5%88%B6%E6%9C%8D%E3%80%80DOLL%20%E3%80%80%E4%BA%BA%E5%BD%A2%E7%94%A8%3CBR%3E%3CTABLE%20BGCOLOR= HTTP/1.1" 200 25110 "-" "Googlebot-Image/1.0"
66.249.66.69 - - [12/Jun/2025:10:40:45 -0400] "GET /goods/annominate872433790.phtml HTTP/1.1" 200 23873 "-" "Mozilla/5.0 (Linux; Android 6.0.1; Nexus 5X Build/MMB29P) AppleWebKit/537.36 (KHTML, like Gecko) Chrome/136.0.7103.113 Mobile Safari/537.36 (compatible; GoogleOther)"
66.249.66.42 - - [12/Jun/2025:10:40:50 -0400] "GET /products/shoggle872517998.phtml HTTP/1.1" 200 24497 "-" "Mozilla/5.0 (Linux; Android 6.0.1; Nexus 5X Build/MMB29P) AppleWebKit/537.36 (KHTML, like Gecko) Chrome/136.0.7103.113 Mobile Safari/537.36 (compatible; GoogleOther)"
162.0.232.193 - - [12/Jun/2025:10:40:53 -0400] "POST /wp-cron.php?doing_wp_cron=1749739253.2426459789276123046875 HTTP/1.1" 200 0 "-" "WordPress/6.6.2; https://remonster.online"
2a03:2880:f800:a:: - - [12/Jun/2025:10:40:51 -0400] "GET /shopdetail/406425618 HTTP/1.1" 301 0 "-" "meta-externalagent/1.1 (+https://developers.facebook.com/docs/sharing/webmasters/crawler)"
2a03:2880:f800:8:: - - [12/Jun/2025:10:40:53 -0400] "GET /shopdetail/95897218 HTTP/1.1" 301 0 "-" "meta-externalagent/1.1 (+https://developers.facebook.com/docs/sharing/webmasters/crawler)"
2a03:2880:f800:14:: - - [12/Jun/2025:10:40:55 -0400] "GET / HTTP/1.1" 200 10888 "-" "meta-externalagent/1.1 (+https://developers.facebook.com/docs/sharing/webmasters/crawler)"
66.249.66.69 - - [12/Jun/2025:10:40:55 -0400] "GET /shopping17477698.phtml HTTP/1.1" 200 24178 "-" "Mozilla/5.0 (Linux; Android 6.0.1; Nexus 5X Build/MMB29P) AppleWebKit/537.36 (KHTML, like Gecko) Chrome/136.0.7103.113 Mobile Safari/537.36 (compatible; GoogleOther)"
2a03:2880:f800:13:: - - [12/Jun/2025:10:40:56 -0400] "GET / HTTP/1.1" 200 10845 "-" "meta-externalagent/1.1 (+https://developers.facebook.com/docs/sharing/webmasters/crawler)"
66.249.66.160 - - [12/Jun/2025:10:41:00 -0400] "GET /item/copartneries2056104054.phtml HTTP/1.1" 200 25566 "-" "Mozilla/5.0 (Linux; Android 6.0.1; Nexus 5X Build/MMB29P) AppleWebKit/537.36 (KHTML, like Gecko) Chrome/136.0.7103.113 Mobile Safari/537.36 (compatible; GoogleOther)"
208.127.198.101 - - [12/Jun/2025:10:41:01 -0400] "GET /manga/remonster-chapter-95/ HTTP/1.1" 200 15333 "-" "Mozilla/5.0 (iPhone; CPU iPhone OS 18_4_1 like Mac OS X) AppleWebKit/605.1.15 (KHTML, like Gecko) Mobile/15E148"
208.127.198.101 - - [12/Jun/2025:10:41:09 -0400] "GET /manga/remonster-chapter-95/ HTTP/1.1" 200 15333 "-" "Mozilla/5.0 (iPhone; CPU iPhone OS 18_4_1 like Mac OS X) AppleWebKit/605.1.15 (KHTML, like Gecko) Mobile/15E148"
66.249.66.194 - - [12/Jun/2025:10:41:09 -0400] "GET /product873342362.phtml HTTP/1.1" 200 25225 "-" "Mozilla/5.0 (Linux; Android 6.0.1; Nexus 5X Build/MMB29P) AppleWebKit/537.36 (KHTML, like Gecko) Chrome/136.0.7103.113 Mobile Safari/537.36 (compatible; GoogleOther)"
2a03:2880:f800:12:: - - [12/Jun/2025:10:41:10 -0400] "GET /shopdetail/30466618 HTTP/1.1" 301 0 "-" "meta-externalagent/1.1 (+https://developers.facebook.com/docs/sharing/webmasters/crawler)"
2a03:2880:f800:7:: - - [12/Jun/2025:10:41:13 -0400] "GET / HTTP/1.1" 200 10845 "-" "meta-externalagent/1.1 (+https://developers.facebook.com/docs/sharing/webmasters/crawler)"
66.249.66.160 - - [12/Jun/2025:10:41:14 -0400] "GET /products/heelball/2066118630.phtml HTTP/1.1" 200 25439 "-" "Mozilla/5.0 (Linux; Android 6.0.1; Nexus 5X Build/MMB29P) AppleWebKit/537.36 (KHTML, like Gecko) Chrome/136.0.7103.113 Mobile Safari/537.36 (compatible; GoogleOther)"
216.73.216.121 - - [12/Jun/2025:10:41:17 -0400] "GET /sitemap-detail-1941.xml HTTP/1.1" 200 10763 "-" "Mozilla/5.0 AppleWebKit/537.36 (KHTML, like Gecko; compatible; ClaudeBot/1.0; [email protected])"
216.73.216.121 - - [12/Jun/2025:10:41:17 -0400] "GET /sitemap-detail-1030.xml HTTP/1.1" 200 11201 "-" "Mozilla/5.0 AppleWebKit/537.36 (KHTML, like Gecko; compatible; ClaudeBot/1.0; [email protected])"
216.73.216.121 - - [12/Jun/2025:10:41:17 -0400] "GET /sitemap-detail-2401.xml HTTP/1.1" 200 11201 "-" "Mozilla/5.0 AppleWebKit/537.36 (KHTML, like Gecko; compatible; ClaudeBot/1.0; [email protected])"
66.249.66.194 - - [12/Jun/2025:10:41:23 -0400] "GET /special873828866.phtml HTTP/1.1" 200 25365 "-" "Mozilla/5.0 (Linux; Android 6.0.1; Nexus 5X Build/MMB29P) AppleWebKit/537.36 (KHTML, like Gecko) Chrome/136.0.7103.113 Mobile Safari/537.36 (compatible; GoogleOther)"
162.0.232.193 - - [12/Jun/2025:10:41:27 -0400] "POST /wp-cron.php?doing_wp_cron=1749739287.0818510055541992187500 HTTP/1.1" 200 0 "-" "WordPress/6.6.2; https://remonster.online"
2a03:2880:f800:9:: - - [12/Jun/2025:10:41:26 -0400] "GET /shopdetail/75591618 HTTP/1.1" 301 0 "-" "meta-externalagent/1.1 (+https://developers.facebook.com/docs/sharing/webmasters/crawler)"
66.249.66.194 - - [12/Jun/2025:10:41:27 -0400] "GET /item/o/palmidactyles2056735870.phtml HTTP/1.1" 200 24736 "-" "Mozilla/5.0 (Linux; Android 6.0.1; Nexus 5X Build/MMB29P) AppleWebKit/537.36 (KHTML, like Gecko) Chrome/136.0.7103.113 Mobile Safari/537.36 (compatible; GoogleOther)"
2a03:2880:f800:f:: - - [12/Jun/2025:10:41:29 -0400] "GET /shopdetail/333602418 HTTP/1.1" 301 0 "-" "meta-externalagent/1.1 (+https://developers.facebook.com/docs/sharing/webmasters/crawler)"
2a03:2880:f800:: - - [12/Jun/2025:10:41:29 -0400] "GET / HTTP/1.1" 200 10845 "-" "meta-externalagent/1.1 (+https://developers.facebook.com/docs/sharing/webmasters/crawler)"
2a03:2880:f800:9:: - - [12/Jun/2025:10:41:31 -0400] "GET / HTTP/1.1" 200 10845 "-" "meta-externalagent/1.1 (+https://developers.facebook.com/docs/sharing/webmasters/crawler)"
66.249.66.6 - - [12/Jun/2025:10:41:36 -0400] "GET /item/kak/unpracticable/%3E%3CCENTER%3E%3CB%3E%E2%98%85%E2%98%86X1175/%E6%9C%AA%E4%BD%BF%E7%94%A8%E4%BF%9D%E7%AE%A1%E5%93%81%20%E3%83%A6%E3%83%BC%E3%82%B8%E3%83%B3%20%E5%8E%9F%E8%89%B2%E6%B7%A1%E6%B0%B4%E9%AD%9A%E5%9B%B3%E9%91%91I%20%E6%94%B9%E8%A8%82%E7%89%88%20%E3%82%B7%E3%83%BC%E3%82%AF%E3%83%AC%E3%83%83%E3%83%88%20%E5%90%AB%E3%82%80%2016%E7%A8%AE%20%E3%81%BE%E3%81%A8%E3%82%81/%E3%82%A2%E3%82%B8%E3%82%A2%E3%82%A2%E3%83%AD%E3%83%AF%E3%83%8A%20%E9%81%8E%E8%83%8C%E9%87%91%E9%BE%8D%20%E4%BB%96/Yujin%20%E3%83%95%E3%82%A3%E3%82%AE%E3%83%A5%E3%82%A2%E2%98%86%E2%98%85%3C/B%3E%3CBR%3E%3CBR%3E%3CTABLE%20BGCOLOR= HTTP/1.1" 200 25385 "-" "Googlebot-Image/1.0"
66.249.66.160 - - [12/Jun/2025:10:41:41 -0400] "GET /shopping104052926.phtml HTTP/1.1" 200 23795 "-" "Mozilla/5.0 (Linux; Android 6.0.1; Nexus 5X Build/MMB29P) AppleWebKit/537.36 (KHTML, like Gecko) Chrome/136.0.7103.113 Mobile Safari/537.36 (compatible; GoogleOther)"
66.249.66.160 - - [12/Jun/2025:10:41:46 -0400] "GET /item/generousness/2064285764.phtml HTTP/1.1" 200 25892 "-" "Mozilla/5.0 (Linux; Android 6.0.1; Nexus 5X Build/MMB29P) AppleWebKit/537.36 (KHTML, like Gecko) Chrome/136.0.7103.113 Mobile Safari/537.36 (compatible; GoogleOther)"
66.249.66.69 - - [12/Jun/2025:10:41:51 -0400] "GET /item/2063917608.phtml HTTP/1.1" 200 24278 "-" "Mozilla/5.0 (Linux; Android 6.0.1; Nexus 5X Build/MMB29P) AppleWebKit/537.36 (KHTML, like Gecko) Chrome/136.0.7103.113 Mobile Safari/537.36 (compatible; GoogleOther)"
66.249.66.194 - - [12/Jun/2025:10:41:55 -0400] "GET /product1374093096.phtml HTTP/1.1" 200 24629 "-" "Mozilla/5.0 (Linux; Android 6.0.1; Nexus 5X Build/MMB29P) AppleWebKit/537.36 (KHTML, like Gecko) Chrome/136.0.7103.113 Mobile Safari/537.36 (compatible; GoogleOther)"
66.249.66.42 - - [12/Jun/2025:10:42:03 -0400] "GET /item/2055365178.phtml HTTP/1.1" 200 24376 "-" "Mozilla/5.0 (Linux; Android 6.0.1; Nexus 5X Build/MMB29P) AppleWebKit/537.36 (KHTML, like Gecko) Chrome/136.0.7103.113 Mobile Safari/537.36 (compatible; GoogleOther)"
66.249.66.195 - - [12/Jun/2025:10:42:08 -0400] "GET /item/gq/sicer69525758.phtml HTTP/1.1" 200 25248 "-" "Mozilla/5.0 (Linux; Android 6.0.1; Nexus 5X Build/MMB29P) AppleWebKit/537.36 (KHTML, like Gecko) Chrome/136.0.7103.113 Mobile Safari/537.36 (compatible; GoogleOther)"
66.249.66.42 - - [12/Jun/2025:10:42:16 -0400] "GET /item/coadunation/2059001204.phtml HTTP/1.1" 200 24092 "-" "Mozilla/5.0 (Linux; Android 6.0.1; Nexus 5X Build/MMB29P) AppleWebKit/537.36 (KHTML, like Gecko) Chrome/136.0.7103.113 Mobile Safari/537.36 (compatible; GoogleOther)"
2a03:2880:f800:d:: - - [12/Jun/2025:10:42:17 -0400] "GET /shopdetail/384908718 HTTP/1.1" 301 0 "-" "meta-externalagent/1.1 (+https://developers.facebook.com/docs/sharing/webmasters/crawler)"
162.0.232.193 - - [12/Jun/2025:10:42:19 -0400] "POST /wp-cron.php?doing_wp_cron=1749739338.8477919101715087890625 HTTP/1.1" 200 0 "-" "WordPress/6.6.2; https://remonster.online"
2a03:2880:f800:15:: - - [12/Jun/2025:10:42:16 -0400] "GET /shopdetail/411711018 HTTP/1.1" 301 0 "-" "meta-externalagent/1.1 (+https://developers.facebook.com/docs/sharing/webmasters/crawler)"
2a03:2880:f800:1c:: - - [12/Jun/2025:10:42:20 -0400] "GET / HTTP/1.1" 200 10845 "-" "meta-externalagent/1.1 (+https://developers.facebook.com/docs/sharing/webmasters/crawler)"
2a03:2880:f800:15:: - - [12/Jun/2025:10:42:21 -0400] "GET / HTTP/1.1" 200 10845 "-" "meta-externalagent/1.1 (+https://developers.facebook.com/docs/sharing/webmasters/crawler)"
2a03:2880:f800:b:: - - [12/Jun/2025:10:42:22 -0400] "GET /shopdetail/116746518 HTTP/1.1" 301 0 "-" "meta-externalagent/1.1 (+https://developers.facebook.com/docs/sharing/webmasters/crawler)"
66.249.66.42 - - [12/Jun/2025:10:42:24 -0400] "GET /shopbrand873256804.phtml HTTP/1.1" 200 24105 "-" "Mozilla/5.0 (Linux; Android 6.0.1; Nexus 5X Build/MMB29P) AppleWebKit/537.36 (KHTML, like Gecko) Chrome/136.0.7103.113 Mobile Safari/537.36 (compatible; GoogleOther)"
2a03:2880:f800:1b:: - - [12/Jun/2025:10:42:24 -0400] "GET / HTTP/1.1" 200 10845 "-" "meta-externalagent/1.1 (+https://developers.facebook.com/docs/sharing/webmasters/crawler)"
35.230.31.109 - - [12/Jun/2025:10:42:25 -0400] "HEAD /wordpress HTTP/1.1" 301 0 "http://remonster.online/wordpress" "Mozilla/5.0 (Windows NT 10.0; Win64; x64) AppleWebKit/537.36 (KHTML, like Gecko) Chrome/74.0.3729.169 Safari/537.36"
35.230.31.109 - - [12/Jun/2025:10:42:25 -0400] "HEAD / HTTP/1.1" 200 0 "https://remonster.online/wordpress" "Mozilla/5.0 (Windows NT 10.0; Win64; x64) AppleWebKit/537.36 (KHTML, like Gecko) Chrome/74.0.3729.169 Safari/537.36"
35.230.31.109 - - [12/Jun/2025:10:42:26 -0400] "HEAD / HTTP/1.1" 200 0 "http://remonster.online/" "Mozilla/5.0 (Windows NT 10.0; Win64; x64) AppleWebKit/537.36 (KHTML, like Gecko) Chrome/74.0.3729.169 Safari/537.36"
35.230.31.109 - - [12/Jun/2025:10:42:26 -0400] "HEAD /wp HTTP/1.1" 301 0 "http://remonster.online/wp" "Mozilla/5.0 (Windows NT 10.0; Win64; x64) AppleWebKit/537.36 (KHTML, like Gecko) Chrome/74.0.3729.169 Safari/537.36"
35.230.31.109 - - [12/Jun/2025:10:42:28 -0400] "HEAD / HTTP/1.1" 200 0 "https://remonster.online/wp" "Mozilla/5.0 (Windows NT 10.0; Win64; x64) AppleWebKit/537.36 (KHTML, like Gecko) Chrome/74.0.3729.169 Safari/537.36"
66.249.66.6 - - [12/Jun/2025:10:42:28 -0400] "GET /goodscode/verbascum2063613830.phtml HTTP/1.1" 200 23568 "-" "Mozilla/5.0 (Linux; Android 6.0.1; Nexus 5X Build/MMB29P) AppleWebKit/537.36 (KHTML, like Gecko) Chrome/136.0.7103.113 Mobile Safari/537.36 (compatible; GoogleOther)"
35.230.31.109 - - [12/Jun/2025:10:42:28 -0400] "HEAD /bc HTTP/1.1" 301 0 "http://remonster.online/bc" "Mozilla/5.0 (Windows NT 10.0; Win64; x64) AppleWebKit/537.36 (KHTML, like Gecko) Chrome/74.0.3729.169 Safari/537.36"
35.230.31.109 - - [12/Jun/2025:10:42:29 -0400] "HEAD / HTTP/1.1" 200 0 "https://remonster.online/bc" "Mozilla/5.0 (Windows NT 10.0; Win64; x64) AppleWebKit/537.36 (KHTML, like Gecko) Chrome/74.0.3729.169 Safari/537.36"
162.0.232.193 - - [12/Jun/2025:10:42:30 -0400] "POST /wp-cron.php?doing_wp_cron=1749739350.6591091156005859375000 HTTP/1.1" 200 0 "-" "WordPress/6.6.2; https://remonster.online"
35.230.31.109 - - [12/Jun/2025:10:42:30 -0400] "HEAD /bk HTTP/1.1" 301 0 "http://remonster.online/bk" "Mozilla/5.0 (Windows NT 10.0; Win64; x64) AppleWebKit/537.36 (KHTML, like Gecko) Chrome/74.0.3729.169 Safari/537.36"
35.230.31.109 - - [12/Jun/2025:10:42:31 -0400] "HEAD / HTTP/1.1" 200 0 "https://remonster.online/bk" "Mozilla/5.0 (Windows NT 10.0; Win64; x64) AppleWebKit/537.36 (KHTML, like Gecko) Chrome/74.0.3729.169 Safari/537.36"
35.230.31.109 - - [12/Jun/2025:10:42:31 -0400] "HEAD /backup HTTP/1.1" 301 0 "http://remonster.online/backup" "Mozilla/5.0 (Windows NT 10.0; Win64; x64) AppleWebKit/537.36 (KHTML, like Gecko) Chrome/74.0.3729.169 Safari/537.36"
35.230.31.109 - - [12/Jun/2025:10:42:33 -0400] "HEAD / HTTP/1.1" 200 0 "https://remonster.online/backup" "Mozilla/5.0 (Windows NT 10.0; Win64; x64) AppleWebKit/537.36 (KHTML, like Gecko) Chrome/74.0.3729.169 Safari/537.36"
35.230.31.109 - - [12/Jun/2025:10:42:33 -0400] "HEAD /old HTTP/1.1" 301 0 "http://remonster.online/old" "Mozilla/5.0 (Windows NT 10.0; Win64; x64) AppleWebKit/537.36 (KHTML, like Gecko) Chrome/74.0.3729.169 Safari/537.36"
66.249.66.69 - - [12/Jun/2025:10:42:33 -0400] "GET /shopping/oc/cypress/%3E%E5%95%86%E5%93%81%E3%81%AB%E8%88%88%E5%91%B3%E3%82%92%E3%82%82%E3%81%A3%E3%81%A6%E3%81%84%E3%81%9F%E3%81%A0%E3%81%8D%E3%80%81%E3%81%82%E3%82%8A%E3%81%8C%E3%81%A8%E3%81%86%E3%81%94%E3%81%96%E3%81%84%E3%81%BE%E3%81%99%E3%80%82%3CBR%3E%E4%BB%A5%E4%B8%8B%E3%81%8A%E8%AA%AD%E3%81%BF%E3%81%84%E3%81%9F%E3%81%A0%E3%81%8D%E3%80%81%E5%85%A5%E6%9C%AD%E3%82%92%E3%81%8A%E5%BE%85%E3%81%A1%E3%81%97%E3%81%A6%E3%81%84%E3%81%BE%E3%81%99%E3%80%82%3CBR%3E%3CBR%3E%E3%80%90%E5%95%86%E5%93%81%E3%81%AE%E8%AA%AC%E6%98%8E%E3%80%91%3CBR%3E%E3%83%96%E3%83%A9%E3%83%B3%E3%83%89%E3%83%BB%E3%83%A1%E3%83%BC%E3%82%AB%E3%83%BC%20:%20YAMAZEN%20electric%20saw%3CBR%3E%E5%9E%8B%E7%95%AA:YES-280SET(NV)%3CBR%3E%E3%81%9D%E3%81%AE%E4%BB%96%20:%3CBR%3E%3CBR%3E%E3%80%90%E5%95%86%E5%93%81%E3%81%AE%E7%8A%B6%E6%85%8B%E3%80%91%3CBR%3E%E4%BD%BF%E7%94%A8%E7%8A%B6%E6%B3%81%20:%E4%B8%AD%E5%8F%A4%20%E9%80%9A%E9%9B%BB%E7%A2%BA%E8%AA%8D%E6%B8%88%E3%81%BF%3CBR%3E%E6%B3%A8%E6%84%8F%E4%BA%8B%E9%A0%85%20:%E3%83%8E%E3%83%BC%E3%82%AF%E3%83%AC%E3%83%BC%E3%83%A0%E3%83%8E%E3%83%BC%E3%83%AA%E3%82%BF%E3%83%BC%E3%83%B3%E3%81%A7%E3%81%8A%E9%A1%98%E3%81%84%E3%81%97%E3%81%BE%E3%81%99%E3%80%82%3CBR%3E%3CBR%3E%E3%80%90%E3%81%9D%E3%81%AE%E4%BB%96%E3%80%91%3CBR%3E%3CBR%3E%E4%B8%8D%E6%98%8E%E7%82%B9%E3%81%AF%E3%81%94%E8%B3%AA%E5%95%8F%E3%81%8F%E3%81%A0%E3%81%95%E3%81%84%E3%80%82%20%20%20%20%3C/div%3E%20%20%20%20%3Cdiv%20class= HTTP/1.1" 200 25762 "-" "Googlebot-Image/1.0"
35.230.31.109 - - [12/Jun/2025:10:42:34 -0400] "HEAD / HTTP/1.1" 200 0 "https://remonster.online/old" "Mozilla/5.0 (Windows NT 10.0; Win64; x64) AppleWebKit/537.36 (KHTML, like Gecko) Chrome/74.0.3729.169 Safari/537.36"
35.230.31.109 - - [12/Jun/2025:10:42:34 -0400] "HEAD /new HTTP/1.1" 301 0 "http://remonster.online/new" "Mozilla/5.0 (Windows NT 10.0; Win64; x64) AppleWebKit/537.36 (KHTML, like Gecko) Chrome/74.0.3729.169 Safari/537.36"
35.230.31.109 - - [12/Jun/2025:10:42:35 -0400] "HEAD / HTTP/1.1" 200 0 "https://remonster.online/new" "Mozilla/5.0 (Windows NT 10.0; Win64; x64) AppleWebKit/537.36 (KHTML, like Gecko) Chrome/74.0.3729.169 Safari/537.36"
35.230.31.109 - - [12/Jun/2025:10:42:35 -0400] "HEAD /main HTTP/1.1" 301 0 "http://remonster.online/main" "Mozilla/5.0 (Windows NT 10.0; Win64; x64) AppleWebKit/537.36 (KHTML, like Gecko) Chrome/74.0.3729.169 Safari/537.36"
35.230.31.109 - - [12/Jun/2025:10:42:36 -0400] "HEAD / HTTP/1.1" 200 0 "https://remonster.online/main" "Mozilla/5.0 (Windows NT 10.0; Win64; x64) AppleWebKit/537.36 (KHTML, like Gecko) Chrome/74.0.3729.169 Safari/537.36"
35.230.31.109 - - [12/Jun/2025:10:42:37 -0400] "HEAD /home HTTP/1.1" 301 0 "http://remonster.online/home" "Mozilla/5.0 (Windows NT 10.0; Win64; x64) AppleWebKit/537.36 (KHTML, like Gecko) Chrome/74.0.3729.169 Safari/537.36"
35.230.31.109 - - [12/Jun/2025:10:42:38 -0400] "HEAD / HTTP/1.1" 200 0 "https://remonster.online/home" "Mozilla/5.0 (Windows NT 10.0; Win64; x64) AppleWebKit/537.36 (KHTML, like Gecko) Chrome/74.0.3729.169 Safari/537.36"
66.249.66.160 - - [12/Jun/2025:10:42:38 -0400] "GET /goodscode1374178972.phtml HTTP/1.1" 200 23849 "-" "Mozilla/5.0 (Linux; Android 6.0.1; Nexus 5X Build/MMB29P) AppleWebKit/537.36 (KHTML, like Gecko) Chrome/136.0.7103.113 Mobile Safari/537.36 (compatible; GoogleOther)"
66.249.66.160 - - [12/Jun/2025:10:42:43 -0400] "GET /products/871954148.phtml HTTP/1.1" 200 24363 "-" "Mozilla/5.0 (Linux; Android 6.0.1; Nexus 5X Build/MMB29P) AppleWebKit/537.36 (KHTML, like Gecko) Chrome/136.0.7103.113 Mobile Safari/537.36 (compatible; GoogleOther)"
66.249.66.69 - - [12/Jun/2025:10:42:48 -0400] "GET /shopping124023166.phtml HTTP/1.1" 200 26151 "-" "Mozilla/5.0 (Linux; Android 6.0.1; Nexus 5X Build/MMB29P) AppleWebKit/537.36 (KHTML, like Gecko) Chrome/136.0.7103.113 Mobile Safari/537.36 (compatible; GoogleOther)"
66.249.66.6 - - [12/Jun/2025:10:42:53 -0400] "GET /items/loq/nightclub/2060841708.phtml HTTP/1.1" 200 23893 "-" "Mozilla/5.0 (Linux; Android 6.0.1; Nexus 5X Build/MMB29P) AppleWebKit/537.36 (KHTML, like Gecko) Chrome/136.0.7103.113 Mobile Safari/537.36 (compatible; GoogleOther)"
49.145.217.125 - - [12/Jun/2025:10:42:54 -0400] "GET /manga/remonster-chapter-75/ HTTP/1.1" 200 17422 "https://remonster.online/manga/re-monster-chapter-74/" "Mozilla/5.0 (iPhone; CPU iPhone OS 12_5_7 like Mac OS X) AppleWebKit/605.1.15 (KHTML, like Gecko) Version/12.1.2 Mobile/15E148 Safari/604.1"
66.249.66.161 - - [12/Jun/2025:10:42:59 -0400] "GET /shopdetail123983370.phtml HTTP/1.1" 200 25694 "-" "Mozilla/5.0 (Linux; Android 6.0.1; Nexus 5X Build/MMB29P) AppleWebKit/537.36 (KHTML, like Gecko) Chrome/136.0.7103.113 Mobile Safari/537.36 (compatible; GoogleOther)"
2601:85:ca80:8df0:3cf0:d00d:b8d2:b335 - - [12/Jun/2025:10:43:00 -0400] "GET /manga/re-monster-chapter-58/ HTTP/1.1" 200 17388 "https://remonster.online/manga/re-monster-chapter-57/" "Mozilla/5.0 (Linux; Android 10; K) AppleWebKit/537.36 (KHTML, like Gecko) Chrome/137.0.0.0 Mobile Safari/537.36"
66.249.66.69 - - [12/Jun/2025:10:43:05 -0400] "GET /item/parapodium/2068096300.phtml HTTP/1.1" 200 24231 "-" "Mozilla/5.0 (Linux; Android 6.0.1; Nexus 5X Build/MMB29P) AppleWebKit/537.36 (KHTML, like Gecko) Chrome/136.0.7103.113 Mobile Safari/537.36 (compatible; GoogleOther)"
216.73.216.121 - - [12/Jun/2025:10:43:07 -0400] "GET /sitemap-detail-2967.xml HTTP/1.1" 200 10956 "-" "Mozilla/5.0 AppleWebKit/537.36 (KHTML, like Gecko; compatible; ClaudeBot/1.0; [email protected])"
216.73.216.121 - - [12/Jun/2025:10:43:07 -0400] "GET /sitemap-detail-1713.xml HTTP/1.1" 200 10956 "-" "Mozilla/5.0 AppleWebKit/537.36 (KHTML, like Gecko; compatible; ClaudeBot/1.0; [email protected])"
216.73.216.121 - - [12/Jun/2025:10:43:07 -0400] "GET /sitemap-detail-1790.xml HTTP/1.1" 200 10956 "-" "Mozilla/5.0 AppleWebKit/537.36 (KHTML, like Gecko; compatible; ClaudeBot/1.0; [email protected])"
66.249.66.69 - - [12/Jun/2025:10:43:13 -0400] "GET /shopdetail1374133082.phtml HTTP/1.1" 200 23286 "-" "Mozilla/5.0 (Linux; Android 6.0.1; Nexus 5X Build/MMB29P) AppleWebKit/537.36 (KHTML, like Gecko) Chrome/136.0.7103.113 Mobile Safari/537.36 (compatible; GoogleOther)"
66.249.66.160 - - [12/Jun/2025:10:43:18 -0400] "GET /products/acarpous/872447650.phtml HTTP/1.1" 200 24293 "-" "Mozilla/5.0 (Linux; Android 6.0.1; Nexus 5X Build/MMB29P) AppleWebKit/537.36 (KHTML, like Gecko) Chrome/136.0.7103.113 Mobile Safari/537.36 (compatible; GoogleOther)"
162.0.232.193 - - [12/Jun/2025:10:43:24 -0400] "POST /wp-cron.php?doing_wp_cron=1749739403.8491311073303222656250 HTTP/1.1" 200 0 "-" "WordPress/6.6.2; https://remonster.online"
2a03:2880:f800:1a:: - - [12/Jun/2025:10:43:22 -0400] "GET /shopdetail/189682118 HTTP/1.1" 301 0 "-" "meta-externalagent/1.1 (+https://developers.facebook.com/docs/sharing/webmasters/crawler)"
2a03:2880:f800:4:: - - [12/Jun/2025:10:43:26 -0400] "GET / HTTP/1.1" 200 10845 "-" "meta-externalagent/1.1 (+https://developers.facebook.com/docs/sharing/webmasters/crawler)"
66.249.66.160 - - [12/Jun/2025:10:43:26 -0400] "GET /item/scanning/1113325980.phtml HTTP/1.1" 200 24371 "-" "Mozilla/5.0 (Linux; Android 6.0.1; Nexus 5X Build/MMB29P) AppleWebKit/537.36 (KHTML, like Gecko) Chrome/136.0.7103.113 Mobile Safari/537.36 (compatible; GoogleOther)"
66.249.66.194 - - [12/Jun/2025:10:43:32 -0400] "GET /products/%3E%E3%82%B9%E3%82%AB%E3%83%BC%E3%83%88/1407002/MAX/NELLA%20S/34.100%E5%86%86(%E7%A8%8E%E8%BE%BC)%3CBR%3E2021AW%3CBR%3E%3CBR%3E%3CBR%3E%E5%B1%A5%E3%81%8F%E3%81%A0%E3%81%91%E3%81%A7%E5%A5%B3%E6%80%A7%E3%82%89%E3%81%97%E3%81%95%E3%81%8C%E3%81%9F%E3%81%A0%E3%82%88%E3%81%86%E3%83%9E%E3%83%BC%E3%83%A1%E3%82%A4%E3%83%89%E3%82%B7%E3%83%AB%E3%82%A8%E3%83%83%E3%83%88%E3%81%AE%E3%82%B9%E3%82%AB%E3%83%BC%E3%83%88%E3%80%82%3CBR%3E%3CBR%3E%E3%82%A6%E3%82%A8%E3%82%B9%E3%83%88%E3%81%AF%E7%B7%A0%E3%82%81%E3%81%A4%E3%81%91%E3%82%92%E6%84%9F%E3%81%98%E3%81%AB%E3%81%8F%E3%81%8F%E3%80%81%E3%82%AF%E3%83%AA%E3%83%BC%E3%83%B3%E3%81%AA%E5%8D%B0%E8%B1%A1%E3%82%92%E3%82%AD%E3%83%BC%E3%83%97%E3%81%A7%E3%81%8D%E3%82%8B%E3%82%88%E3%81%86%E3%83%8A%E3%83%AD%E3%83%BC%E5%B9%85%E3%81%AB%E8%A8%AD%E5%AE%9A%E3%81%95%E3%82%8C%E3%81%A6%E3%81%84%E3%81%BE%E3%81%99%E3%80%82%3CBR%3E%E7%84%A1%E9%A7%84%E3%82%92%E7%9C%81%E3%81%84%E3%81%9F%E3%82%B7%E3%83%B3%E3%83%97%E3%83%AB%E3%81%AA%E4%BD%87%E3%81%BE%E3%81%84%E3%81%A7%E3%80%81%E3%81%95%E3%81%BE%E3%81%96%E3%81%BE%E3%81%AA%E3%83%88%E3%83%83%E3%83%97%E3%82%B9%E3%81%A8%E5%90%88%E3%82%8F%E3%81%9B%E3%82%84%E3%81%99%E3%81%84%E3%81%AE%E3%82%82%E7%89%B9%E9%95%B7%E3%80%82%3CBR%3E%3CBR%3E%E6%95%B0%E5%9B%9E%E7%9D%80%E7%94%A8%E3%81%97%E3%81%BE%E3%81%97%E3%81%9F%E3%80%82%3CBR%3E%E3%82%A6%E3%82%A9%E3%83%83%E3%82%B7%E3%83%A3%E3%83%96%E3%83%AB%E7%B4%A0%E6%9D%90%E3%81%AE%E3%81%9F%E3%82%81%E8%87%AA%E5%AE%85%E3%81%AB%E3%81%A6%E3%83%9B%E3%83%BC%E3%83%A0%E3%82%AF%E3%83%AA%E3%83%BC%E3%83%8B%E3%83%B3%E3%82%B0%E6%B8%88%E3%81%BF%E3%81%A7%E3%81%99%E3%80%82%3CBR%3E%E4%B8%AD%E5%8F%A4%E5%93%81%E3%81%94%E7%90%86%E8%A7%A3%E3%81%84%E3%81%9F%E3%81%A0%E3%81%91%E3%81%BE%E3%81%99%E6%96%B9%E3%81%AB%E3%80%82%3CBR%3E%20%20%20%20%3C/div%3E%20%20%20%20%3Cdiv%20class= HTTP/1.1" 200 26025 "-" "Googlebot-Image/1.0"
162.0.232.193 - - [12/Jun/2025:10:43:37 -0400] "POST /wp-cron.php?doing_wp_cron=1749739416.5668020248413085937500 HTTP/1.1" 200 0 "-" "WordPress/6.6.2; https://remonster.online"
2a03:2880:f800:17:: - - [12/Jun/2025:10:43:34 -0400] "GET /shopdetail/344660718 HTTP/1.1" 301 0 "-" "meta-externalagent/1.1 (+https://developers.facebook.com/docs/sharing/webmasters/crawler)"
66.249.66.194 - - [12/Jun/2025:10:43:36 -0400] "GET /entity/h/crimsoned2061970300.phtml HTTP/1.1" 200 26047 "-" "Mozilla/5.0 (Linux; Android 6.0.1; Nexus 5X Build/MMB29P) AppleWebKit/537.36 (KHTML, like Gecko) Chrome/136.0.7103.113 Mobile Safari/537.36 (compatible; GoogleOther)"
2a03:2880:f800:4:: - - [12/Jun/2025:10:43:35 -0400] "GET /shopdetail/387912718 HTTP/1.1" 301 0 "-" "meta-externalagent/1.1 (+https://developers.facebook.com/docs/sharing/webmasters/crawler)"
2a03:2880:f800:5:: - - [12/Jun/2025:10:43:38 -0400] "GET / HTTP/1.1" 200 10845 "-" "meta-externalagent/1.1 (+https://developers.facebook.com/docs/sharing/webmasters/crawler)"
2a03:2880:f800:7:: - - [12/Jun/2025:10:43:39 -0400] "GET / HTTP/1.1" 200 10845 "-" "meta-externalagent/1.1 (+https://developers.facebook.com/docs/sharing/webmasters/crawler)"
66.249.66.160 - - [12/Jun/2025:10:43:41 -0400] "GET /item/575966816.phtml HTTP/1.1" 200 23870 "-" "Mozilla/5.0 (Linux; Android 6.0.1; Nexus 5X Build/MMB29P) AppleWebKit/537.36 (KHTML, like Gecko) Chrome/136.0.7103.113 Mobile Safari/537.36 (compatible; GoogleOther)"
