66.249.66.6 - - [12/Jun/2025:09:56:35 -0400] "GET /goodscode/transpierce872992434.phtml HTTP/1.1" 200 25087 "-" "Mozilla/5.0 (Linux; Android 6.0.1; Nexus 5X Build/MMB29P) AppleWebKit/537.36 (KHTML, like Gecko) Chrome/136.0.7103.113 Mobile Safari/537.36 (compatible; GoogleOther)"
66.249.66.69 - - [12/Jun/2025:09:56:44 -0400] "GET /item/100383590.phtml HTTP/1.1" 200 27388 "-" "Mozilla/5.0 (Linux; Android 6.0.1; Nexus 5X Build/MMB29P) AppleWebKit/537.36 (KHTML, like Gecko) Chrome/136.0.7103.113 Mobile Safari/537.36 (compatible; GoogleOther)"
66.249.66.69 - - [12/Jun/2025:09:56:49 -0400] "GET /goodscode/2063767936.phtml HTTP/1.1" 200 25967 "-" "Mozilla/5.0 (Linux; Android 6.0.1; Nexus 5X Build/MMB29P) AppleWebKit/537.36 (KHTML, like Gecko) Chrome/136.0.7103.113 Mobile Safari/537.36 (compatible; GoogleOther)"
66.249.66.194 - - [12/Jun/2025:09:56:57 -0400] "GET /entity/jkw/poisonous/2062117664.phtml HTTP/1.1" 200 24255 "-" "Mozilla/5.0 (Linux; Android 6.0.1; Nexus 5X Build/MMB29P) AppleWebKit/537.36 (KHTML, like Gecko) Chrome/136.0.7103.113 Mobile Safari/537.36 (compatible; GoogleOther)"
66.249.66.161 - - [12/Jun/2025:09:57:01 -0400] "GET /entity/sarcobases/1370438524.phtml HTTP/1.1" 200 24610 "-" "Mozilla/5.0 (Linux; Android 6.0.1; Nexus 5X Build/MMB29P) AppleWebKit/537.36 (KHTML, like Gecko) Chrome/136.0.7103.113 Mobile Safari/537.36 (compatible; GoogleOther)"
66.249.66.43 - - [12/Jun/2025:09:57:03 -0400] "GET /manga/re-monster-chapter-21/ HTTP/1.1" 200 24653 "-" "Mozilla/5.0 (Linux; Android 6.0.1; Nexus 5X Build/MMB29P) AppleWebKit/537.36 (KHTML, like Gecko) Chrome/136.0.7103.113 Mobile Safari/537.36 (compatible; Googlebot/2.1; +http://www.google.com/bot.html)"
66.249.66.7 - - [12/Jun/2025:09:57:06 -0400] "GET /entity/%3E%E3%83%9B%E3%83%B3%E3%83%80%E7%B4%94%E6%AD%A3%E3%83%8A%E3%83%93%E3%80%80%3CBR%3E8%E3%82%A4%E3%83%B3%E3%83%81%E3%83%97%E3%83%AC%E3%83%9F%E3%82%A2%E3%83%A0%E3%83%8A%E3%83%93%E3%80%80%3CBR%3EVXU-227NBI%20%3CBR%3E%E6%96%B0%E5%93%81%E6%9C%AA%E4%BD%BF%E7%94%A8%E3%80%80%3CBR%3E%E4%BB%98%E5%B1%9E%E5%93%81%E3%80%80%3CBR%3ETV%E3%83%8A%E3%83%93%E3%82%AD%E3%83%83%E3%83%88%E4%BB%98%3CBR%3E%3CBR%3E%E6%9C%AC%E4%BD%93%E3%80%8008A60-TTA-B20L%3CBR%3EATT%2008B40-TTA-B10A%3CBR%3ETV%E3%83%8A%E3%83%93%E3%82%AD%E3%83%83%E3%83%88%20HDN-7400%20%20%20%20%3C/div%3E%20%20%20%20%3Cdiv%20class= HTTP/1.1" 200 25138 "-" "Googlebot-Image/1.0"
162.0.232.193 - - [12/Jun/2025:09:57:09 -0400] "POST /wp-cron.php?doing_wp_cron=1749736629.5304419994354248046875 HTTP/1.1" 200 0 "-" "WordPress/6.6.2; https://remonster.online"
2a03:2880:f800:1c:: - - [12/Jun/2025:09:57:07 -0400] "GET /shopdetail/291387218 HTTP/1.1" 301 0 "-" "meta-externalagent/1.1 (+https://developers.facebook.com/docs/sharing/webmasters/crawler)"
66.249.66.160 - - [12/Jun/2025:09:57:09 -0400] "POST /get-message-notify HTTP/1.1" 200 24585 "https://remonster.online/manga/re-monster-chapter-21/" "Mozilla/5.0 (Linux; Android 6.0.1; Nexus 5X Build/MMB29P) AppleWebKit/537.36 (KHTML, like Gecko) Chrome/136.0.7103.113 Mobile Safari/537.36 (compatible; Googlebot/2.1; +http://www.google.com/bot.html)"
66.249.66.160 - - [12/Jun/2025:09:57:11 -0400] "GET /products/lambus/2061265444.phtml HTTP/1.1" 200 25221 "-" "Mozilla/5.0 (Linux; Android 6.0.1; Nexus 5X Build/MMB29P) AppleWebKit/537.36 (KHTML, like Gecko) Chrome/136.0.7103.113 Mobile Safari/537.36 (compatible; GoogleOther)"
2a03:2880:f800:4:: - - [12/Jun/2025:09:57:13 -0400] "GET / HTTP/1.1" 200 10845 "-" "meta-externalagent/1.1 (+https://developers.facebook.com/docs/sharing/webmasters/crawler)"
66.249.66.160 - - [12/Jun/2025:09:57:16 -0400] "GET /products/hum/admonitive/67227432.phtml HTTP/1.1" 200 24946 "-" "Mozilla/5.0 (Linux; Android 6.0.1; Nexus 5X Build/MMB29P) AppleWebKit/537.36 (KHTML, like Gecko) Chrome/136.0.7103.113 Mobile Safari/537.36 (compatible; GoogleOther)"
162.0.232.193 - - [12/Jun/2025:09:57:22 -0400] "POST /wp-cron.php?doing_wp_cron=1749736641.9440629482269287109375 HTTP/1.1" 200 0 "-" "WordPress/6.6.2; https://remonster.online"
2a03:2880:f800:1c:: - - [12/Jun/2025:09:57:20 -0400] "GET /shopdetail/188163018 HTTP/1.1" 301 0 "-" "meta-externalagent/1.1 (+https://developers.facebook.com/docs/sharing/webmasters/crawler)"
66.249.66.69 - - [12/Jun/2025:09:57:23 -0400] "GET /goodscode/869993426.phtml HTTP/1.1" 200 24161 "-" "Mozilla/5.0 (Linux; Android 6.0.1; Nexus 5X Build/MMB29P) AppleWebKit/537.36 (KHTML, like Gecko) Chrome/136.0.7103.113 Mobile Safari/537.36 (compatible; GoogleOther)"
2a03:2880:f800:18:: - - [12/Jun/2025:09:57:25 -0400] "GET / HTTP/1.1" 200 10845 "-" "meta-externalagent/1.1 (+https://developers.facebook.com/docs/sharing/webmasters/crawler)"
66.249.66.69 - - [12/Jun/2025:09:57:28 -0400] "GET /goodscode871054564.phtml HTTP/1.1" 200 24211 "-" "Mozilla/5.0 (Linux; Android 6.0.1; Nexus 5X Build/MMB29P) AppleWebKit/537.36 (KHTML, like Gecko) Chrome/136.0.7103.113 Mobile Safari/537.36 (compatible; GoogleOther)"
66.249.66.160 - - [12/Jun/2025:09:57:34 -0400] "GET /goodscode/unharmoniously872996414.phtml HTTP/1.1" 200 23993 "-" "Mozilla/5.0 (Linux; Android 6.0.1; Nexus 5X Build/MMB29P) AppleWebKit/537.36 (KHTML, like Gecko) Chrome/136.0.7103.113 Mobile Safari/537.36 (compatible; GoogleOther)"
162.0.232.193 - - [12/Jun/2025:09:57:35 -0400] "POST /wp-cron.php?doing_wp_cron=1749736654.9457759857177734375000 HTTP/1.1" 200 0 "-" "WordPress/6.6.2; https://remonster.online"
2a03:2880:f800:f:: - - [12/Jun/2025:09:57:33 -0400] "GET /shopdetail/208738318 HTTP/1.1" 301 0 "-" "meta-externalagent/1.1 (+https://developers.facebook.com/docs/sharing/webmasters/crawler)"
2a03:2880:f800:4:: - - [12/Jun/2025:09:57:37 -0400] "GET / HTTP/1.1" 200 10845 "-" "meta-externalagent/1.1 (+https://developers.facebook.com/docs/sharing/webmasters/crawler)"
2a03:2880:f800:a:: - - [12/Jun/2025:09:57:37 -0400] "GET /shopdetail/65727918 HTTP/1.1" 301 0 "-" "meta-externalagent/1.1 (+https://developers.facebook.com/docs/sharing/webmasters/crawler)"
66.249.66.42 - - [12/Jun/2025:09:57:39 -0400] "GET /detail/qii/sunshiny/869610126.phtml HTTP/1.1" 200 24180 "-" "Mozilla/5.0 (Linux; Android 6.0.1; Nexus 5X Build/MMB29P) AppleWebKit/537.36 (KHTML, like Gecko) Chrome/136.0.7103.113 Mobile Safari/537.36 (compatible; GoogleOther)"
2a03:2880:f800:9:: - - [12/Jun/2025:09:57:40 -0400] "GET / HTTP/1.1" 200 10845 "-" "meta-externalagent/1.1 (+https://developers.facebook.com/docs/sharing/webmasters/crawler)"
66.249.66.42 - - [12/Jun/2025:09:57:46 -0400] "GET /item/nonalienation/2067842004.phtml HTTP/1.1" 200 25036 "-" "Mozilla/5.0 (Linux; Android 6.0.1; Nexus 5X Build/MMB29P) AppleWebKit/537.36 (KHTML, like Gecko) Chrome/136.0.7103.113 Mobile Safari/537.36 (compatible; GoogleOther)"
66.249.66.70 - - [12/Jun/2025:09:57:53 -0400] "GET /item/say/technicolor/869482534.phtml HTTP/1.1" 200 28220 "-" "Mozilla/5.0 (Linux; Android 6.0.1; Nexus 5X Build/MMB29P) AppleWebKit/537.36 (KHTML, like Gecko) Chrome/136.0.7103.113 Mobile Safari/537.36 (compatible; GoogleOther)"
198.98.61.147 - - [12/Jun/2025:09:57:56 -0400] "GET /wp-login.php HTTP/1.1" 200 1749 "-" "Mozilla/5.0 (Macintosh; Intel Mac OS X 10.8; rv:30.0) Gecko/20100101 Firefox/30.0"
66.249.66.69 - - [12/Jun/2025:09:57:59 -0400] "GET /items/%3E%E2%97%86%20%E5%95%86%E5%93%81%E8%A9%B3%E7%B4%B0%20%E2%97%86%20%E3%80%90100%E3%82%B9%E3%82%BF%E3%80%91K14WG%20%E5%A4%A9%E7%84%B6%E3%83%80%E3%82%A4%E3%83%A4%E3%83%A2%E3%83%B3%E3%83%89%E3%83%94%E3%82%A2%E3%82%B9%E3%80%80%E3%82%AF%E3%83%AD%E3%82%B9%E3%83%87%E3%82%B6%E3%82%A4%E3%83%B3%EF%BC%81%E3%81%95%E3%82%8A%E3%81%92%E3%81%AA%E3%81%84%EF%BC%81%E6%99%AE%E6%AE%B5%E4%BD%BF%E3%81%84OK%EF%BC%81%E7%B4%840.41g%20%20%20%E3%80%90%E5%95%86%E5%93%81%E7%8A%B6%E6%85%8B%E3%80%91%E7%9B%AE%E7%AB%8B%E3%81%A3%E3%81%9F%E5%82%B7%E3%82%84%E6%B1%9A%E3%82%8C%E7%84%A1%E3%81%97%E3%80%82%20%20%20%20%3C/div%3E%20%20%20%20%3Cdiv%20class= HTTP/1.1" 200 25307 "-" "Googlebot-Image/1.0"
66.249.66.162 - - [12/Jun/2025:09:58:03 -0400] "GET /goodscode/codicil2067819928.phtml HTTP/1.1" 200 25264 "-" "Mozilla/5.0 (Linux; Android 6.0.1; Nexus 5X Build/MMB29P) AppleWebKit/537.36 (KHTML, like Gecko) Chrome/136.0.7103.113 Mobile Safari/537.36 (compatible; GoogleOther)"
198.98.61.147 - - [12/Jun/2025:09:58:05 -0400] "POST /wp-login.php HTTP/1.1" 200 1888 "-" "Mozilla/5.0 (Macintosh; Intel Mac OS X 10.8; rv:30.0) Gecko/20100101 Firefox/30.0"
66.249.66.69 - - [12/Jun/2025:09:58:08 -0400] "GET /item/871011110.phtml HTTP/1.1" 200 23755 "-" "Mozilla/5.0 (Linux; Android 6.0.1; Nexus 5X Build/MMB29P) AppleWebKit/537.36 (KHTML, like Gecko) Chrome/136.0.7103.113 Mobile Safari/537.36 (compatible; GoogleOther)"
103.131.71.137 - - [12/Jun/2025:09:58:09 -0400] "GET /manga/remonster-chapter-82/ HTTP/1.1" 200 14480 "-" "Mozilla/5.0 (compatible; coccocbot-web/1.0; +http://help.coccoc.com/searchengine)"
2a03:2880:f800:9:: - - [12/Jun/2025:09:58:08 -0400] "GET /shopdetail/322447218 HTTP/1.1" 301 0 "-" "meta-externalagent/1.1 (+https://developers.facebook.com/docs/sharing/webmasters/crawler)"
66.249.66.69 - - [12/Jun/2025:09:58:13 -0400] "GET /item/nu/gastful2057684428.phtml HTTP/1.1" 200 24092 "-" "Mozilla/5.0 (Linux; Android 6.0.1; Nexus 5X Build/MMB29P) AppleWebKit/537.36 (KHTML, like Gecko) Chrome/136.0.7103.113 Mobile Safari/537.36 (compatible; GoogleOther)"
2a03:2880:f800:6:: - - [12/Jun/2025:09:58:15 -0400] "GET / HTTP/1.1" 200 10845 "-" "meta-externalagent/1.1 (+https://developers.facebook.com/docs/sharing/webmasters/crawler)"
162.0.232.193 - - [12/Jun/2025:09:58:17 -0400] "POST /wp-cron.php?doing_wp_cron=1749736697.0814290046691894531250 HTTP/1.1" 200 0 "-" "WordPress/6.6.2; https://remonster.online"
2a03:2880:f800:1c:: - - [12/Jun/2025:09:58:16 -0400] "GET /shopdetail/80628918 HTTP/1.1" 301 0 "-" "meta-externalagent/1.1 (+https://developers.facebook.com/docs/sharing/webmasters/crawler)"
2a03:2880:f800:a:: - - [12/Jun/2025:09:58:19 -0400] "GET / HTTP/1.1" 200 10845 "-" "meta-externalagent/1.1 (+https://developers.facebook.com/docs/sharing/webmasters/crawler)"
66.249.66.6 - - [12/Jun/2025:09:58:20 -0400] "GET /detail573456046.phtml HTTP/1.1" 200 26070 "-" "Mozilla/5.0 (Linux; Android 6.0.1; Nexus 5X Build/MMB29P) AppleWebKit/537.36 (KHTML, like Gecko) Chrome/136.0.7103.113 Mobile Safari/537.36 (compatible; GoogleOther)"
162.0.232.193 - - [12/Jun/2025:09:58:23 -0400] "POST /wp-cron.php?doing_wp_cron=1749736703.0139470100402832031250 HTTP/1.1" 200 0 "-" "WordPress/6.6.2; https://remonster.online"
2a03:2880:f800:11:: - - [12/Jun/2025:09:58:22 -0400] "GET /shopdetail/5417518 HTTP/1.1" 301 0 "-" "meta-externalagent/1.1 (+https://developers.facebook.com/docs/sharing/webmasters/crawler)"
66.249.66.160 - - [12/Jun/2025:09:58:25 -0400] "GET /products/flopping2064236340.phtml HTTP/1.1" 200 24307 "-" "Mozilla/5.0 (Linux; Android 6.0.1; Nexus 5X Build/MMB29P) AppleWebKit/537.36 (KHTML, like Gecko) Chrome/136.0.7103.113 Mobile Safari/537.36 (compatible; GoogleOther)"
2a03:2880:f800:12:: - - [12/Jun/2025:09:58:26 -0400] "GET / HTTP/1.1" 200 10845 "-" "meta-externalagent/1.1 (+https://developers.facebook.com/docs/sharing/webmasters/crawler)"
66.249.66.42 - - [12/Jun/2025:09:58:34 -0400] "GET /goodscode/573520296.phtml HTTP/1.1" 200 23796 "-" "Mozilla/5.0 (Linux; Android 6.0.1; Nexus 5X Build/MMB29P) AppleWebKit/537.36 (KHTML, like Gecko) Chrome/136.0.7103.113 Mobile Safari/537.36 (compatible; GoogleOther)"
52.167.144.215 - - [12/Jun/2025:09:58:34 -0400] "GET /manga/re-monster-chapter-29/ HTTP/1.1" 200 24657 "-" "Mozilla/5.0 AppleWebKit/537.36 (KHTML, like Gecko; compatible; bingbot/2.0; +http://www.bing.com/bingbot.htm) Chrome/116.0.1938.76 Safari/537.36"
66.249.66.160 - - [12/Jun/2025:09:58:38 -0400] "GET /item/iy/basane2058794086.phtml HTTP/1.1" 200 23996 "-" "Mozilla/5.0 (Linux; Android 6.0.1; Nexus 5X Build/MMB29P) AppleWebKit/537.36 (KHTML, like Gecko) Chrome/136.0.7103.113 Mobile Safari/537.36 (compatible; GoogleOther)"
2405:201:c42a:780d:30d9:6b81:8595:309d - - [12/Jun/2025:09:58:40 -0400] "GET /manga/re-monster-chapter-54/ HTTP/1.1" 200 0 "https://www.google.com/" "Mozilla/5.0 (Windows NT 10.0; Win64; x64) AppleWebKit/537.36 (KHTML, like Gecko) Chrome/134.0.0.0 Safari/537.36"
2405:201:c42a:780d:30d9:6b81:8595:309d - - [12/Jun/2025:09:58:41 -0400] "GET /manga/re-monster-chapter-54/ HTTP/1.1" 200 17868 "https://www.google.com/" "Mozilla/5.0 (Windows NT 10.0; Win64; x64) AppleWebKit/537.36 (KHTML, like Gecko) Chrome/134.0.0.0 Safari/537.36"
162.0.232.193 - - [12/Jun/2025:09:58:42 -0400] "POST /wp-cron.php?doing_wp_cron=1749736721.9821429252624511718750 HTTP/1.1" 200 0 "-" "WordPress/6.6.2; https://remonster.online"
2a03:2880:f800:11:: - - [12/Jun/2025:09:58:41 -0400] "GET /shopdetail/99047818 HTTP/1.1" 301 0 "-" "meta-externalagent/1.1 (+https://developers.facebook.com/docs/sharing/webmasters/crawler)"
2405:201:c42a:780d:30d9:6b81:8595:309d - - [12/Jun/2025:09:58:43 -0400] "GET /category/remonster-manga/ HTTP/1.1" 200 25018 "https://remonster.online/manga/re-monster-chapter-54/" "Mozilla/5.0 (Windows NT 10.0; Win64; x64) AppleWebKit/537.36 (KHTML, like Gecko) Chrome/134.0.0.0 Safari/537.36"
2a03:2880:f800:1a:: - - [12/Jun/2025:09:58:43 -0400] "GET / HTTP/1.1" 200 10845 "-" "meta-externalagent/1.1 (+https://developers.facebook.com/docs/sharing/webmasters/crawler)"
2405:201:c42a:780d:30d9:6b81:8595:309d - - [12/Jun/2025:09:58:45 -0400] "GET / HTTP/1.1" 200 10845 "https://remonster.online/manga/re-monster-chapter-54/" "Mozilla/5.0 (Windows NT 10.0; Win64; x64) AppleWebKit/537.36 (KHTML, like Gecko) Chrome/134.0.0.0 Safari/537.36"
2405:201:c42a:780d:30d9:6b81:8595:309d - - [12/Jun/2025:09:58:43 -0400] "POST /wp-admin/admin-ajax.php HTTP/1.1" 200 69 "https://remonster.online/manga/re-monster-chapter-54/" "Mozilla/5.0 (Windows NT 10.0; Win64; x64) AppleWebKit/537.36 (KHTML, like Gecko) Chrome/134.0.0.0 Safari/537.36"
66.249.66.160 - - [12/Jun/2025:09:58:47 -0400] "GET /goods/aridity573506626.phtml HTTP/1.1" 200 24248 "-" "Mozilla/5.0 (Linux; Android 6.0.1; Nexus 5X Build/MMB29P) AppleWebKit/537.36 (KHTML, like Gecko) Chrome/136.0.7103.113 Mobile Safari/537.36 (compatible; GoogleOther)"
66.249.66.160 - - [12/Jun/2025:09:58:52 -0400] "GET /item/hydage/2059512802.phtml HTTP/1.1" 200 24538 "-" "Mozilla/5.0 (Linux; Android 6.0.1; Nexus 5X Build/MMB29P) AppleWebKit/537.36 (KHTML, like Gecko) Chrome/136.0.7103.113 Mobile Safari/537.36 (compatible; GoogleOther)"
66.249.66.160 - - [12/Jun/2025:09:58:57 -0400] "GET /item/%3E%E4%BB%A5%E5%89%8D%E4%B8%AD%E5%8F%A4%E3%81%A7%E8%B3%BC%E5%85%A5%E3%81%97%E3%81%A6%E4%BB%98%E3%81%91%E3%81%9A%E3%81%AB%E4%BF%9D%E7%AE%A1%E3%81%97%E3%81%A6%E3%81%82%E3%82%8A%E3%81%BE%E3%81%97%E3%81%9F%E3%80%82%3CBR%3E%E3%81%B2%E3%81%B3%E5%89%B2%E3%82%8C%E3%80%81%E3%82%AF%E3%83%AA%E3%82%A2%E3%83%BC%E5%89%A5%E3%81%92%E7%84%A1%E3%81%97%E3%81%A7%E7%9B%AE%E7%AB%8B%E3%81%A3%E3%81%9F%E5%82%B7%E3%82%82%E3%81%AA%E3%81%8F%E7%B6%BA%E9%BA%97%E3%81%8B%E3%81%A8%E6%80%9D%E3%81%84%E3%81%BE%E3%81%99%E3%80%82%3CBR%3E%E7%94%BB%E5%83%8F%E5%8F%82%E8%80%83%E3%81%AB%E3%81%8A%E9%A1%98%E3%81%84%E3%81%97%E3%81%BE%E3%81%99%E3%80%82%3CBR%3E%E3%83%8F%E3%83%B3%E3%83%89%E3%83%AB%E6%9C%AC%E4%BD%93%3CBR%3E%E3%83%9B%E3%83%BC%E3%83%B3%E3%83%9C%E3%82%BF%E3%83%B3%E3%81%AB%E3%81%AA%E3%82%8A%E3%81%BE%E3%81%99%E3%80%82%3CBR%3E%3CBR%3E%E4%B8%AD%E5%8F%A4%E5%93%81%E3%80%81%E5%B9%B4%E4%BB%A3%E7%89%A9%E3%81%AA%E3%81%AE%E3%81%A7%E7%90%86%E8%A7%A3%E3%81%97%E3%81%A6%E5%85%A5%E6%9C%AD%E3%81%8A%E9%A1%98%E3%81%84%E3%81%97%E3%81%BE%E3%81%99%E3%80%82%3CBR%3E%20%20%20%20%3C/div%3E%20%20%20%20%3Cdiv%20class= HTTP/1.1" 200 25468 "-" "Googlebot-Image/1.0"
66.249.66.71 - - [12/Jun/2025:09:59:02 -0400] "GET /item/arranging573500012.phtml HTTP/1.1" 200 24644 "-" "Mozilla/5.0 (Linux; Android 6.0.1; Nexus 5X Build/MMB29P) AppleWebKit/537.36 (KHTML, like Gecko) Chrome/136.0.7103.113 Mobile Safari/537.36 (compatible; GoogleOther)"
66.249.66.69 - - [12/Jun/2025:09:59:06 -0400] "GET /item/k/conveyance2066772910.phtml HTTP/1.1" 200 24760 "-" "Mozilla/5.0 (Linux; Android 6.0.1; Nexus 5X Build/MMB29P) AppleWebKit/537.36 (KHTML, like Gecko) Chrome/136.0.7103.113 Mobile Safari/537.36 (compatible; GoogleOther)"
66.249.66.42 - - [12/Jun/2025:09:59:14 -0400] "GET /products/2056751530.phtml HTTP/1.1" 200 23888 "-" "Mozilla/5.0 (Linux; Android 6.0.1; Nexus 5X Build/MMB29P) AppleWebKit/537.36 (KHTML, like Gecko) Chrome/136.0.7103.113 Mobile Safari/537.36 (compatible; GoogleOther)"
66.249.66.160 - - [12/Jun/2025:09:59:19 -0400] "GET /item1371769102.phtml HTTP/1.1" 200 25630 "-" "Mozilla/5.0 (Linux; Android 6.0.1; Nexus 5X Build/MMB29P) AppleWebKit/537.36 (KHTML, like Gecko) Chrome/136.0.7103.113 Mobile Safari/537.36 (compatible; GoogleOther)"
66.249.66.69 - - [12/Jun/2025:09:59:26 -0400] "GET /goodscode/monestrous2066395002.phtml HTTP/1.1" 200 24085 "-" "Mozilla/5.0 (Linux; Android 6.0.1; Nexus 5X Build/MMB29P) AppleWebKit/537.36 (KHTML, like Gecko) Chrome/136.0.7103.113 Mobile Safari/537.36 (compatible; GoogleOther)"
162.0.232.193 - - [12/Jun/2025:09:59:29 -0400] "POST /wp-cron.php?doing_wp_cron=1749736769.4290869235992431640625 HTTP/1.1" 200 0 "-" "WordPress/6.6.2; https://remonster.online"
2a03:2880:f800:16:: - - [12/Jun/2025:09:59:29 -0400] "GET /shopdetail/76077518 HTTP/1.1" 301 0 "-" "meta-externalagent/1.1 (+https://developers.facebook.com/docs/sharing/webmasters/crawler)"
2a03:2880:f800:8:: - - [12/Jun/2025:09:59:31 -0400] "GET / HTTP/1.1" 200 10845 "-" "meta-externalagent/1.1 (+https://developers.facebook.com/docs/sharing/webmasters/crawler)"
66.249.66.69 - - [12/Jun/2025:09:59:31 -0400] "GET /goodscode1371649718.phtml HTTP/1.1" 200 24440 "-" "Mozilla/5.0 (Linux; Android 6.0.1; Nexus 5X Build/MMB29P) AppleWebKit/537.36 (KHTML, like Gecko) Chrome/136.0.7103.113 Mobile Safari/537.36 (compatible; GoogleOther)"
66.249.66.6 - - [12/Jun/2025:09:59:39 -0400] "GET /item/2063180920.phtml HTTP/1.1" 200 23636 "-" "Mozilla/5.0 (Linux; Android 6.0.1; Nexus 5X Build/MMB29P) AppleWebKit/537.36 (KHTML, like Gecko) Chrome/136.0.7103.113 Mobile Safari/537.36 (compatible; GoogleOther)"
66.249.66.160 - - [12/Jun/2025:09:59:44 -0400] "GET /shopping/kc/flincher573465934.phtml HTTP/1.1" 200 23733 "-" "Mozilla/5.0 (Linux; Android 6.0.1; Nexus 5X Build/MMB29P) AppleWebKit/537.36 (KHTML, like Gecko) Chrome/136.0.7103.113 Mobile Safari/537.36 (compatible; GoogleOther)"
66.249.66.194 - - [12/Jun/2025:09:59:50 -0400] "GET /goodscode/%3ELOUIS%20VUITTON%20%20%E3%83%AB%E3%82%A4%E3%83%B4%E3%82%A3%E3%83%88%E3%83%B3%3CBR%3E%E3%83%A2%E3%83%8E%E3%82%B0%E3%83%A9%E3%83%A0%20%E3%83%B4%E3%82%A7%E3%83%AB%E3%83%8B%20%3CBR%3E%E3%83%AA%E3%83%BC%E3%83%89PM%3CBR%3E%3CBR%3E%3CBR%3E%E3%82%AB%E3%83%A9%E3%83%BC%E2%80%A6%E3%83%9D%E3%83%A0%E3%83%80%E3%83%A0%E3%83%BC%E3%83%AB%20(%E3%83%AC%E3%83%83%E3%83%89)%E3%82%92%E3%83%9E%E3%83%83%E3%83%88%E3%83%96%E3%83%A9%E3%83%83%E3%82%AF%E3%81%AB%E4%BB%95%E4%B8%8A%E3%81%92%E3%81%9F%E5%95%86%E5%93%81%E3%81%AB%E3%81%AA%E3%82%8A%E3%81%BE%E3%81%99%E3%80%82%E3%83%AA%E3%82%AB%E3%83%A9%E3%83%BC%E5%BE%8C%E3%81%AF%E6%9C%AA%E4%BD%BF%E7%94%A8%E3%81%A7%E3%81%99%E3%80%82%3CBR%3E%3CBR%3EW%20%E7%B4%8422cm%E3%80%80H%20%E7%B4%8418cm%E3%80%80D%20%E7%B4%8410cm%E3%80%80%3CBR%3E%E3%83%8F%E3%83%B3%E3%83%89%E3%83%AB%20%E7%B4%8425cm%3CBR%3E%3CBR%3E%E4%B8%AD%20%E3%83%95%E3%82%A1%E3%82%B9%E3%83%8A%E3%83%BC%E3%83%9D%E3%82%B1%E3%83%83%E3%83%88%C3%971%3CBR%3E%E4%BB%98%E5%B1%9E%E5%93%81%E2%80%A6%E3%81%AA%E3%81%97%3CBR%3E%3CBR%3E%3CBR%3E%3CBR%3E%E5%95%86%E5%93%81%E3%81%AF%E3%81%82%E3%81%8F%E3%81%BE%E3%81%A7%E4%B8%AD%E5%8F%A4%E5%93%81%E3%81%AB%E3%81%AA%E3%82%8A%E3%81%BE%E3%81%99%E3%81%AE%E3%81%A7%E3%83%80%E3%83%A1%E3%83%BC%E3%82%B8%E3%82%84%E6%B1%9A%E3%82%8C%E7%AD%89%E8%A6%8B%E8%90%BD%E3%81%A8%E3%81%97%E3%81%8C%E3%81%82%E3%82%8B%E5%A0%B4%E5%90%88%E3%81%8C%E3%81%94%E3%81%96%E3%81%84%E3%81%BE%E3%81%99%E3%80%82%E3%81%94%E5%AE%B9%E8%B5%A6%E3%81%8F%E3%81%A0%E3%81%95%E3%81%84%E3%81%BE%E3%81%99%E3%82%88%E3%81%86%E3%81%8A%E9%A1%98%E3%81%84%E7%94%B3%E3%81%97%E4%B8%8A%E3%81%92%E3%81%BE%E3%81%99%E3%80%82%20%20%20%20%3C/div%3E%20%20%20%20%3Cdiv%20class= HTTP/1.1" 200 25870 "-" "Googlebot-Image/1.0"
66.249.66.160 - - [12/Jun/2025:09:59:55 -0400] "GET /goodscode/tophi2063116220.phtml HTTP/1.1" 200 23716 "-" "Mozilla/5.0 (Linux; Android 6.0.1; Nexus 5X Build/MMB29P) AppleWebKit/537.36 (KHTML, like Gecko) Chrome/136.0.7103.113 Mobile Safari/537.36 (compatible; GoogleOther)"
66.249.66.70 - - [12/Jun/2025:10:00:00 -0400] "GET /detail871302374.phtml HTTP/1.1" 200 23933 "-" "Mozilla/5.0 (Linux; Android 6.0.1; Nexus 5X Build/MMB29P) AppleWebKit/537.36 (KHTML, like Gecko) Chrome/136.0.7103.113 Mobile Safari/537.36 (compatible; GoogleOther)"
66.249.66.43 - - [12/Jun/2025:10:00:05 -0400] "GET /goodscode/kinknaust2055322496.phtml HTTP/1.1" 200 23989 "-" "Mozilla/5.0 (Linux; Android 6.0.1; Nexus 5X Build/MMB29P) AppleWebKit/537.36 (KHTML, like Gecko) Chrome/136.0.7103.113 Mobile Safari/537.36 (compatible; GoogleOther)"
66.249.66.6 - - [12/Jun/2025:10:00:11 -0400] "GET /item/1371725454.phtml HTTP/1.1" 200 24459 "-" "Mozilla/5.0 (Linux; Android 6.0.1; Nexus 5X Build/MMB29P) AppleWebKit/537.36 (KHTML, like Gecko) Chrome/136.0.7103.113 Mobile Safari/537.36 (compatible; GoogleOther)"
66.249.66.160 - - [12/Jun/2025:10:00:16 -0400] "GET /products/2059175268.phtml HTTP/1.1" 200 24786 "-" "Mozilla/5.0 (Linux; Android 6.0.1; Nexus 5X Build/MMB29P) AppleWebKit/537.36 (KHTML, like Gecko) Chrome/136.0.7103.113 Mobile Safari/537.36 (compatible; GoogleOther)"
162.0.232.193 - - [12/Jun/2025:10:00:23 -0400] "POST /wp-cron.php?doing_wp_cron=1749736823.1732759475708007812500 HTTP/1.1" 200 0 "-" "WordPress/6.6.2; https://remonster.online"
2a03:2880:f800:e:: - - [12/Jun/2025:10:00:21 -0400] "GET /shopdetail/263623318 HTTP/1.1" 301 0 "-" "meta-externalagent/1.1 (+https://developers.facebook.com/docs/sharing/webmasters/crawler)"
66.249.66.69 - - [12/Jun/2025:10:00:24 -0400] "GET /product871174006.phtml HTTP/1.1" 200 24064 "-" "Mozilla/5.0 (Linux; Android 6.0.1; Nexus 5X Build/MMB29P) AppleWebKit/537.36 (KHTML, like Gecko) Chrome/136.0.7103.113 Mobile Safari/537.36 (compatible; GoogleOther)"
2a03:2880:f800:11:: - - [12/Jun/2025:10:00:26 -0400] "GET / HTTP/1.1" 200 10845 "-" "meta-externalagent/1.1 (+https://developers.facebook.com/docs/sharing/webmasters/crawler)"
2600:4040:139d:1d00:39bc:7f02:247a:58e2 - - [12/Jun/2025:10:00:29 -0400] "GET / HTTP/1.1" 200 10845 "-" "Mozilla/5.0 (Windows NT 10.0; Win64; x64) AppleWebKit/537.36 (KHTML, like Gecko) Chrome/122.0.0.0 Safari/537.36"
66.249.66.160 - - [12/Jun/2025:10:00:30 -0400] "GET /item/piscicapture/2066699164.phtml HTTP/1.1" 200 24055 "-" "Mozilla/5.0 (Linux; Android 6.0.1; Nexus 5X Build/MMB29P) AppleWebKit/537.36 (KHTML, like Gecko) Chrome/136.0.7103.113 Mobile Safari/537.36 (compatible; GoogleOther)"
162.0.232.193 - - [12/Jun/2025:10:00:36 -0400] "POST /wp-cron.php?doing_wp_cron=1749736836.5502269268035888671875 HTTP/1.1" 200 0 "-" "WordPress/6.6.2; https://remonster.online"
2a03:2880:f800:4:: - - [12/Jun/2025:10:00:35 -0400] "GET /shopdetail/424348918 HTTP/1.1" 301 0 "-" "meta-externalagent/1.1 (+https://developers.facebook.com/docs/sharing/webmasters/crawler)"
66.249.66.160 - - [12/Jun/2025:10:00:37 -0400] "GET /shopbrand68703640.phtml HTTP/1.1" 200 25830 "-" "Mozilla/5.0 (Linux; Android 6.0.1; Nexus 5X Build/MMB29P) AppleWebKit/537.36 (KHTML, like Gecko) Chrome/136.0.7103.113 Mobile Safari/537.36 (compatible; GoogleOther)"
2a03:2880:f800:15:: - - [12/Jun/2025:10:00:38 -0400] "GET / HTTP/1.1" 200 10845 "-" "meta-externalagent/1.1 (+https://developers.facebook.com/docs/sharing/webmasters/crawler)"
66.249.66.42 - - [12/Jun/2025:10:00:43 -0400] "GET /goodscode/ungenitured2063103194.phtml HTTP/1.1" 200 24253 "-" "Mozilla/5.0 (Linux; Android 6.0.1; Nexus 5X Build/MMB29P) AppleWebKit/537.36 (KHTML, like Gecko) Chrome/136.0.7103.113 Mobile Safari/537.36 (compatible; GoogleOther)"
66.249.66.194 - - [12/Jun/2025:10:00:49 -0400] "GET /shopping/%3E%3CDIV%20ALIGN=center%3E%20%20%3CFONT%20COLOR= HTTP/1.1" 200 24771 "-" "Googlebot-Image/1.0"
66.249.66.42 - - [12/Jun/2025:10:00:55 -0400] "GET /products870676268.phtml HTTP/1.1" 200 27101 "-" "Mozilla/5.0 (Linux; Android 6.0.1; Nexus 5X Build/MMB29P) AppleWebKit/537.36 (KHTML, like Gecko) Chrome/136.0.7103.113 Mobile Safari/537.36 (compatible; GoogleOther)"
2a03:2880:f800:10:: - - [12/Jun/2025:10:00:59 -0400] "GET /shopdetail/210566418 HTTP/1.1" 301 0 "-" "meta-externalagent/1.1 (+https://developers.facebook.com/docs/sharing/webmasters/crawler)"
2a03:2880:f800:f:: - - [12/Jun/2025:10:01:01 -0400] "GET / HTTP/1.1" 200 10888 "-" "meta-externalagent/1.1 (+https://developers.facebook.com/docs/sharing/webmasters/crawler)"
66.249.66.161 - - [12/Jun/2025:10:01:01 -0400] "GET /goodscode/primely2063125014.phtml HTTP/1.1" 200 26263 "-" "Mozilla/5.0 (Linux; Android 6.0.1; Nexus 5X Build/MMB29P) AppleWebKit/537.36 (KHTML, like Gecko) Chrome/136.0.7103.113 Mobile Safari/537.36 (compatible; GoogleOther)"
66.249.66.69 - - [12/Jun/2025:10:01:07 -0400] "GET /shopping871160592.phtml HTTP/1.1" 200 24388 "-" "Mozilla/5.0 (Linux; Android 6.0.1; Nexus 5X Build/MMB29P) AppleWebKit/537.36 (KHTML, like Gecko) Chrome/136.0.7103.113 Mobile Safari/537.36 (compatible; GoogleOther)"
66.249.66.69 - - [12/Jun/2025:10:01:12 -0400] "GET /item/2057222568.phtml HTTP/1.1" 200 24361 "-" "Mozilla/5.0 (Linux; Android 6.0.1; Nexus 5X Build/MMB29P) AppleWebKit/537.36 (KHTML, like Gecko) Chrome/136.0.7103.113 Mobile Safari/537.36 (compatible; GoogleOther)"
66.249.66.69 - - [12/Jun/2025:10:01:18 -0400] "GET /products/unresistance2062206814.phtml HTTP/1.1" 200 25435 "-" "Mozilla/5.0 (Linux; Android 6.0.1; Nexus 5X Build/MMB29P) AppleWebKit/537.36 (KHTML, like Gecko) Chrome/136.0.7103.113 Mobile Safari/537.36 (compatible; GoogleOther)"
66.249.66.69 - - [12/Jun/2025:10:01:25 -0400] "GET /goodscode101594784.phtml HTTP/1.1" 200 24768 "-" "Mozilla/5.0 (Linux; Android 6.0.1; Nexus 5X Build/MMB29P) AppleWebKit/537.36 (KHTML, like Gecko) Chrome/136.0.7103.113 Mobile Safari/537.36 (compatible; GoogleOther)"
66.249.66.69 - - [12/Jun/2025:10:01:31 -0400] "GET /goodscode/heterophony2066460276.phtml HTTP/1.1" 200 24508 "-" "Mozilla/5.0 (Linux; Android 6.0.1; Nexus 5X Build/MMB29P) AppleWebKit/537.36 (KHTML, like Gecko) Chrome/136.0.7103.113 Mobile Safari/537.36 (compatible; GoogleOther)"
162.0.232.193 - - [12/Jun/2025:10:01:37 -0400] "POST /wp-cron.php?doing_wp_cron=1749736897.5011739730834960937500 HTTP/1.1" 200 0 "-" "WordPress/6.6.2; https://remonster.online"
66.249.66.69 - - [12/Jun/2025:10:01:37 -0400] "GET /shopbrand871172850.phtml HTTP/1.1" 200 24414 "-" "Mozilla/5.0 (Linux; Android 6.0.1; Nexus 5X Build/MMB29P) AppleWebKit/537.36 (KHTML, like Gecko) Chrome/136.0.7103.113 Mobile Safari/537.36 (compatible; GoogleOther)"
2a03:2880:f800:13:: - - [12/Jun/2025:10:01:36 -0400] "GET /shopdetail/47953618 HTTP/1.1" 301 0 "-" "meta-externalagent/1.1 (+https://developers.facebook.com/docs/sharing/webmasters/crawler)"
2a03:2880:f800:10:: - - [12/Jun/2025:10:01:37 -0400] "GET /shopdetail/415107318 HTTP/1.1" 301 0 "-" "meta-externalagent/1.1 (+https://developers.facebook.com/docs/sharing/webmasters/crawler)"
2a03:2880:f800:7:: - - [12/Jun/2025:10:01:39 -0400] "GET / HTTP/1.1" 200 10845 "-" "meta-externalagent/1.1 (+https://developers.facebook.com/docs/sharing/webmasters/crawler)"
2a03:2880:f800:4:: - - [12/Jun/2025:10:01:40 -0400] "GET / HTTP/1.1" 200 10845 "-" "meta-externalagent/1.1 (+https://developers.facebook.com/docs/sharing/webmasters/crawler)"
2601:85:ca80:8df0:3cf0:d00d:b8d2:b335 - - [12/Jun/2025:10:01:46 -0400] "GET /manga/re-monster-chapter-54/ HTTP/1.1" 200 17819 "https://remonster.online/manga/re-monster-chapter-53/" "Mozilla/5.0 (Linux; Android 10; K) AppleWebKit/537.36 (KHTML, like Gecko) Chrome/137.0.0.0 Mobile Safari/537.36"
66.249.66.194 - - [12/Jun/2025:10:01:48 -0400] "GET /goodscode/2066387174.phtml HTTP/1.1" 200 24107 "-" "Mozilla/5.0 (Linux; Android 6.0.1; Nexus 5X Build/MMB29P) AppleWebKit/537.36 (KHTML, like Gecko) Chrome/136.0.7103.113 Mobile Safari/537.36 (compatible; GoogleOther)"
66.249.66.42 - - [12/Jun/2025:10:01:53 -0400] "GET /shopping/1371756778.phtml HTTP/1.1" 200 27856 "-" "Mozilla/5.0 (Linux; Android 6.0.1; Nexus 5X Build/MMB29P) AppleWebKit/537.36 (KHTML, like Gecko) Chrome/136.0.7103.113 Mobile Safari/537.36 (compatible; GoogleOther)"
66.249.66.6 - - [12/Jun/2025:10:01:59 -0400] "GET /item/xe/extendlessness2058696332.phtml HTTP/1.1" 200 24875 "-" "Mozilla/5.0 (Linux; Android 6.0.1; Nexus 5X Build/MMB29P) AppleWebKit/537.36 (KHTML, like Gecko) Chrome/136.0.7103.113 Mobile Safari/537.36 (compatible; GoogleOther)"
2601:85:ca80:8df0:3cf0:d00d:b8d2:b335 - - [12/Jun/2025:10:02:02 -0400] "GET /manga/re-monster-chapter-54/ HTTP/1.1" 200 17819 "https://remonster.online/manga/re-monster-chapter-53/" "Mozilla/5.0 (Linux; Android 10; K) AppleWebKit/537.36 (KHTML, like Gecko) Chrome/137.0.0.0 Mobile Safari/537.36"
2601:85:ca80:8df0:3cf0:d00d:b8d2:b335 - - [12/Jun/2025:10:02:00 -0400] "POST /wp-admin/admin-ajax.php HTTP/1.1" 200 69 "https://remonster.online/manga/re-monster-chapter-53/" "Mozilla/5.0 (Linux; Android 10; K) AppleWebKit/537.36 (KHTML, like Gecko) Chrome/137.0.0.0 Mobile Safari/537.36"
66.249.66.194 - - [12/Jun/2025:10:02:04 -0400] "GET /entity/swearer871086974.phtml HTTP/1.1" 200 26623 "-" "Mozilla/5.0 (Linux; Android 6.0.1; Nexus 5X Build/MMB29P) AppleWebKit/537.36 (KHTML, like Gecko) Chrome/136.0.7103.113 Mobile Safari/537.36 (compatible; GoogleOther)"
2601:85:ca80:8df0:3cf0:d00d:b8d2:b335 - - [12/Jun/2025:10:02:03 -0400] "POST /wp-admin/admin-ajax.php HTTP/1.1" 200 69 "https://remonster.online/manga/re-monster-chapter-54/" "Mozilla/5.0 (Linux; Android 10; K) AppleWebKit/537.36 (KHTML, like Gecko) Chrome/137.0.0.0 Mobile Safari/537.36"
66.249.66.161 - - [12/Jun/2025:10:02:09 -0400] "GET /products/2068110548.phtml HTTP/1.1" 200 23458 "-" "Mozilla/5.0 (Linux; Android 6.0.1; Nexus 5X Build/MMB29P) AppleWebKit/537.36 (KHTML, like Gecko) Chrome/136.0.7103.113 Mobile Safari/537.36 (compatible; GoogleOther)"
2a03:2880:f800:18:: - - [12/Jun/2025:10:02:14 -0400] "GET /shopdetail/371236718 HTTP/1.1" 301 0 "-" "meta-externalagent/1.1 (+https://developers.facebook.com/docs/sharing/webmasters/crawler)"
66.249.66.69 - - [12/Jun/2025:10:02:15 -0400] "GET /entity101252564.phtml HTTP/1.1" 200 27406 "-" "Mozilla/5.0 (Linux; Android 6.0.1; Nexus 5X Build/MMB29P) AppleWebKit/537.36 (KHTML, like Gecko) Chrome/136.0.7103.113 Mobile Safari/537.36 (compatible; GoogleOther)"
2a03:2880:f800:6:: - - [12/Jun/2025:10:02:17 -0400] "GET / HTTP/1.1" 200 10845 "-" "meta-externalagent/1.1 (+https://developers.facebook.com/docs/sharing/webmasters/crawler)"
66.249.66.69 - - [12/Jun/2025:10:02:21 -0400] "GET /goodscode/manufacture2061533282.phtml HTTP/1.1" 200 25026 "-" "Mozilla/5.0 (Linux; Android 6.0.1; Nexus 5X Build/MMB29P) AppleWebKit/537.36 (KHTML, like Gecko) Chrome/136.0.7103.113 Mobile Safari/537.36 (compatible; GoogleOther)"
66.249.66.42 - - [12/Jun/2025:10:02:27 -0400] "GET /info/871388762.phtml HTTP/1.1" 200 23985 "-" "Mozilla/5.0 (Linux; Android 6.0.1; Nexus 5X Build/MMB29P) AppleWebKit/537.36 (KHTML, like Gecko) Chrome/136.0.7103.113 Mobile Safari/537.36 (compatible; GoogleOther)"
162.0.232.193 - - [12/Jun/2025:10:02:33 -0400] "POST /wp-cron.php?doing_wp_cron=1749736953.4493629932403564453125 HTTP/1.1" 200 0 "-" "WordPress/6.6.2; https://remonster.online"
2a03:2880:f800:e:: - - [12/Jun/2025:10:02:32 -0400] "GET /shopdetail/363082718 HTTP/1.1" 301 0 "-" "meta-externalagent/1.1 (+https://developers.facebook.com/docs/sharing/webmasters/crawler)"
66.249.66.160 - - [12/Jun/2025:10:02:33 -0400] "GET /item/2054197694.phtml HTTP/1.1" 200 23499 "-" "Mozilla/5.0 (Linux; Android 6.0.1; Nexus 5X Build/MMB29P) AppleWebKit/537.36 (KHTML, like Gecko) Chrome/136.0.7103.113 Mobile Safari/537.36 (compatible; GoogleOther)"
2a03:2880:f800:15:: - - [12/Jun/2025:10:02:36 -0400] "GET / HTTP/1.1" 200 10845 "-" "meta-externalagent/1.1 (+https://developers.facebook.com/docs/sharing/webmasters/crawler)"
2a03:2880:f800:8:: - - [12/Jun/2025:10:02:38 -0400] "GET /shopdetail/301243918 HTTP/1.1" 301 0 "-" "meta-externalagent/1.1 (+https://developers.facebook.com/docs/sharing/webmasters/crawler)"
66.249.66.160 - - [12/Jun/2025:10:02:38 -0400] "GET /entity/%3E%3CDIV%3EGREAT%20JOURNEY%20OF%20KARATE%204%20SPECIAL%20%E3%82%B0%E3%83%AC%E3%83%BC%E3%83%88%E3%83%BB%E3%82%B8%E3%83%A3%E3%83%BC%E3%83%8B%E3%83%BC%E3%83%BB%E3%82%AA%E3%83%96%E3%83%BB%E3%82%AB%E3%83%A9%E3%83%86%20%E7%89%B9%E5%88%A5%E7%89%88%20DVD%E3%81%A7%E3%81%99%E3%80%82%3C/DIV%3E%3CDIV%3E4%E6%9E%9A%E7%B5%84%E3%81%A7%E3%81%99%E3%80%82%3C/DIV%3E%3CDIV%3E%E3%82%88%E3%82%8D%E3%81%97%E3%81%8F%E3%81%8A%E9%A1%98%E3%81%84%E3%81%84%E3%81%9F%E3%81%97%E3%81%BE%E3%81%99%E3%80%82%3C/DIV%3E%20%20%20%20%3C/div%3E%20%20%20%20%3Cdiv%20class= HTTP/1.1" 200 25132 "-" "Googlebot-Image/1.0"
2a03:2880:f800:19:: - - [12/Jun/2025:10:02:42 -0400] "GET /shopdetail/49492218 HTTP/1.1" 301 0 "-" "meta-externalagent/1.1 (+https://developers.facebook.com/docs/sharing/webmasters/crawler)"
66.249.66.160 - - [12/Jun/2025:10:02:43 -0400] "GET /item/101746384.phtml HTTP/1.1" 200 24987 "-" "Mozilla/5.0 (Linux; Android 6.0.1; Nexus 5X Build/MMB29P) AppleWebKit/537.36 (KHTML, like Gecko) Chrome/136.0.7103.113 Mobile Safari/537.36 (compatible; GoogleOther)"
66.249.66.69 - - [12/Jun/2025:10:02:48 -0400] "GET /products/2066752952.phtml HTTP/1.1" 200 24112 "-" "Mozilla/5.0 (Linux; Android 6.0.1; Nexus 5X Build/MMB29P) AppleWebKit/537.36 (KHTML, like Gecko) Chrome/136.0.7103.113 Mobile Safari/537.36 (compatible; GoogleOther)"
2a03:2880:f800:1d:: - - [12/Jun/2025:10:02:51 -0400] "GET /shopdetail/26408718 HTTP/1.1" 301 0 "-" "meta-externalagent/1.1 (+https://developers.facebook.com/docs/sharing/webmasters/crawler)"
66.249.66.194 - - [12/Jun/2025:10:02:55 -0400] "GET /item/101696902.phtml HTTP/1.1" 200 23726 "-" "Mozilla/5.0 (Linux; Android 6.0.1; Nexus 5X Build/MMB29P) AppleWebKit/537.36 (KHTML, like Gecko) Chrome/136.0.7103.113 Mobile Safari/537.36 (compatible; GoogleOther)"
66.249.66.69 - - [12/Jun/2025:10:02:59 -0400] "GET /goodscode/preludial870205230.phtml HTTP/1.1" 200 24767 "-" "Mozilla/5.0 (Linux; Android 6.0.1; Nexus 5X Build/MMB29P) AppleWebKit/537.36 (KHTML, like Gecko) Chrome/136.0.7103.113 Mobile Safari/537.36 (compatible; GoogleOther)"
66.249.66.76 - - [12/Jun/2025:10:03:09 -0400] "GET /info/870826394.phtml HTTP/1.1" 200 27586 "-" "Mozilla/5.0 (Linux; Android 6.0.1; Nexus 5X Build/MMB29P) AppleWebKit/537.36 (KHTML, like Gecko) Chrome/136.0.7103.113 Mobile Safari/537.36 (compatible; GoogleOther)"
66.249.66.38 - - [12/Jun/2025:10:03:13 -0400] "GET /products/raphanistrum/2058995106.phtml HTTP/1.1" 200 24830 "-" "Mozilla/5.0 (Linux; Android 6.0.1; Nexus 5X Build/MMB29P) AppleWebKit/537.36 (KHTML, like Gecko) Chrome/136.0.7103.113 Mobile Safari/537.36 (compatible; GoogleOther)"
66.249.66.76 - - [12/Jun/2025:10:03:22 -0400] "GET /detail/68750298.phtml HTTP/1.1" 200 25912 "-" "Mozilla/5.0 (Linux; Android 6.0.1; Nexus 5X Build/MMB29P) AppleWebKit/537.36 (KHTML, like Gecko) Chrome/136.0.7103.113 Mobile Safari/537.36 (compatible; GoogleOther)"
66.249.66.162 - - [12/Jun/2025:10:03:27 -0400] "GET /products/homogenetic/2067842136.phtml HTTP/1.1" 200 24870 "-" "Mozilla/5.0 (Linux; Android 6.0.1; Nexus 5X Build/MMB29P) AppleWebKit/537.36 (KHTML, like Gecko) Chrome/136.0.7103.113 Mobile Safari/537.36 (compatible; GoogleOther)"
66.249.66.162 - - [12/Jun/2025:10:03:33 -0400] "GET /product/h/%3E%E2%80%BB%E8%A9%B3%E7%B4%B0%E3%81%AA%E7%8A%B6%E6%85%8B%E3%81%AF%E5%95%86%E5%93%81%E8%AA%AC%E6%98%8E%E5%86%85%E3%82%92%E3%81%94%E7%A2%BA%E8%AA%8D%E3%81%8F%E3%81%A0%E3%81%95%E3%81%84%3CBR%3E%20%3CCENTER%3E%3CTABLE%20BGCOLOR= HTTP/1.1" 200 24991 "-" "Googlebot-Image/1.0"
66.249.66.76 - - [12/Jun/2025:10:03:37 -0400] "GET /products/le/orthopedics2063687708.phtml HTTP/1.1" 200 23890 "-" "Mozilla/5.0 (Linux; Android 6.0.1; Nexus 5X Build/MMB29P) AppleWebKit/537.36 (KHTML, like Gecko) Chrome/136.0.7103.113 Mobile Safari/537.36 (compatible; GoogleOther)"
66.249.66.76 - - [12/Jun/2025:10:03:42 -0400] "GET /shopping574732258.phtml HTTP/1.1" 200 24187 "-" "Mozilla/5.0 (Linux; Android 6.0.1; Nexus 5X Build/MMB29P) AppleWebKit/537.36 (KHTML, like Gecko) Chrome/136.0.7103.113 Mobile Safari/537.36 (compatible; GoogleOther)"
66.249.66.38 - - [12/Jun/2025:10:03:48 -0400] "GET /item/z/prompting2059061536.phtml HTTP/1.1" 200 25208 "-" "Mozilla/5.0 (Linux; Android 6.0.1; Nexus 5X Build/MMB29P) AppleWebKit/537.36 (KHTML, like Gecko) Chrome/136.0.7103.113 Mobile Safari/537.36 (compatible; GoogleOther)"
105.113.26.220 - - [12/Jun/2025:10:03:52 -0400] "GET /manga/re-monster-chapter-54/ HTTP/1.1" 200 17819 "-" "Mozilla/5.0 (Linux; U; Android 11; Infinix X689B Build/RP1A.200720.011; wv) AppleWebKit/537.36 (KHTML, like Gecko) Version/4.0 Chrome/136.0.7103.125 Mobile Safari/537.36 OPR/91.0.2254.77465"
162.0.232.193 - - [12/Jun/2025:10:03:53 -0400] "POST /wp-cron.php?doing_wp_cron=1749737032.9103250503540039062500 HTTP/1.1" 200 0 "-" "WordPress/6.6.2; https://remonster.online"
2a03:2880:f800:: - - [12/Jun/2025:10:03:52 -0400] "GET /shopdetail/10228618 HTTP/1.1" 301 0 "-" "meta-externalagent/1.1 (+https://developers.facebook.com/docs/sharing/webmasters/crawler)"
66.249.66.76 - - [12/Jun/2025:10:03:53 -0400] "GET /detail/871255072.phtml HTTP/1.1" 200 24581 "-" "Mozilla/5.0 (Linux; Android 6.0.1; Nexus 5X Build/MMB29P) AppleWebKit/537.36 (KHTML, like Gecko) Chrome/136.0.7103.113 Mobile Safari/537.36 (compatible; GoogleOther)"
105.113.26.220 - - [12/Jun/2025:10:03:53 -0400] "GET /wp-content/plugins/simple-social-buttons/assets/js/front.js?ver=5.3.1 HTTP/1.1" 304 0 "https://remonster.online/manga/re-monster-chapter-54/" "Mozilla/5.0 (Linux; U; Android 11; Infinix X689B Build/RP1A.200720.011; wv) AppleWebKit/537.36 (KHTML, like Gecko) Version/4.0 Chrome/136.0.7103.125 Mobile Safari/537.36 OPR/91.0.2254.77465"
2a03:2880:f800:13:: - - [12/Jun/2025:10:03:55 -0400] "GET / HTTP/1.1" 200 10845 "-" "meta-externalagent/1.1 (+https://developers.facebook.com/docs/sharing/webmasters/crawler)"
2a03:2880:f800:1a:: - - [12/Jun/2025:10:03:56 -0400] "GET /shopdetail/59844618 HTTP/1.1" 301 0 "-" "meta-externalagent/1.1 (+https://developers.facebook.com/docs/sharing/webmasters/crawler)"
2a03:2880:f800:18:: - - [12/Jun/2025:10:03:57 -0400] "GET /shopdetail/254301218 HTTP/1.1" 301 0 "-" "meta-externalagent/1.1 (+https://developers.facebook.com/docs/sharing/webmasters/crawler)"
2a03:2880:f800:8:: - - [12/Jun/2025:10:03:59 -0400] "GET / HTTP/1.1" 200 10845 "-" "meta-externalagent/1.1 (+https://developers.facebook.com/docs/sharing/webmasters/crawler)"
2a03:2880:f800:c:: - - [12/Jun/2025:10:03:59 -0400] "GET / HTTP/1.1" 200 10845 "-" "meta-externalagent/1.1 (+https://developers.facebook.com/docs/sharing/webmasters/crawler)"
66.249.66.77 - - [12/Jun/2025:10:04:01 -0400] "GET /goodscode/2057842444.phtml HTTP/1.1" 200 23881 "-" "Mozilla/5.0 (Linux; Android 6.0.1; Nexus 5X Build/MMB29P) AppleWebKit/537.36 (KHTML, like Gecko) Chrome/136.0.7103.113 Mobile Safari/537.36 (compatible; GoogleOther)"
2001:268:720f:31dd:e123:7dd4:9e1:8ec6 - - [12/Jun/2025:10:04:05 -0400] "GET /manga/re-monster-chapter-40/ HTTP/1.1" 200 16591 "-" "Mozilla/5.0 (Linux; Android 10; K) AppleWebKit/537.36 (KHTML, like Gecko) Chrome/137.0.0.0 Mobile Safari/537.36"
66.249.66.198 - - [12/Jun/2025:10:04:06 -0400] "GET /special/101670648.phtml HTTP/1.1" 200 23256 "-" "Mozilla/5.0 (Linux; Android 6.0.1; Nexus 5X Build/MMB29P) AppleWebKit/537.36 (KHTML, like Gecko) Chrome/136.0.7103.113 Mobile Safari/537.36 (compatible; GoogleOther)"
2001:268:720f:31dd:e123:7dd4:9e1:8ec6 - - [12/Jun/2025:10:04:07 -0400] "GET /manga/re-monster-chapter-42/ HTTP/1.1" 304 0 "-" "Mozilla/5.0 (Linux; Android 10; K) AppleWebKit/537.36 (KHTML, like Gecko) Chrome/137.0.0.0 Mobile Safari/537.36"
162.0.232.193 - - [12/Jun/2025:10:04:08 -0400] "POST /wp-cron.php?doing_wp_cron=1749737048.2478380203247070312500 HTTP/1.1" 200 0 "-" "WordPress/6.6.2; https://remonster.online"
2001:268:720f:31dd:e123:7dd4:9e1:8ec6 - - [12/Jun/2025:10:04:06 -0400] "GET /tag/gobue/ HTTP/1.1" 301 0 "-" "Mozilla/5.0 (Linux; Android 10; K) AppleWebKit/537.36 (KHTML, like Gecko) Chrome/137.0.0.0 Mobile Safari/537.36"
2001:268:720f:31dd:e123:7dd4:9e1:8ec6 - - [12/Jun/2025:10:04:08 -0400] "GET /manga/re-monster-chapter-42/ HTTP/1.1" 304 0 "https://remonster.online/manga/re-monster-chapter-41/" "Mozilla/5.0 (Linux; Android 10; K) AppleWebKit/537.36 (KHTML, like Gecko) Chrome/137.0.0.0 Mobile Safari/537.36"
2001:268:720f:31dd:e123:7dd4:9e1:8ec6 - - [12/Jun/2025:10:04:05 -0400] "POST /wp-admin/admin-ajax.php HTTP/1.1" 200 69 "https://remonster.online/manga/re-monster-chapter-41/" "Mozilla/5.0 (Linux; Android 10; K) AppleWebKit/537.36 (KHTML, like Gecko) Chrome/137.0.0.0 Mobile Safari/537.36"
66.249.66.13 - - [12/Jun/2025:10:04:13 -0400] "GET /products/869631310.phtml HTTP/1.1" 200 25926 "-" "Mozilla/5.0 (Linux; Android 6.0.1; Nexus 5X Build/MMB29P) AppleWebKit/537.36 (KHTML, like Gecko) Chrome/136.0.7103.113 Mobile Safari/537.36 (compatible; GoogleOther)"
66.249.66.38 - - [12/Jun/2025:10:04:18 -0400] "GET /shopping/870734164.phtml HTTP/1.1" 200 23977 "-" "Mozilla/5.0 (Linux; Android 6.0.1; Nexus 5X Build/MMB29P) AppleWebKit/537.36 (KHTML, like Gecko) Chrome/136.0.7103.113 Mobile Safari/537.36 (compatible; GoogleOther)"
105.113.26.220 - - [12/Jun/2025:10:04:24 -0400] "GET /wp-content/themes/toivo-lite/js/functions.min.js?ver=1.2.0 HTTP/1.1" 304 0 "https://remonster.online/manga/re-monster-chapter-54/" "Mozilla/5.0 (Linux; U; Android 11; Infinix X689B Build/RP1A.200720.011; wv) AppleWebKit/537.36 (KHTML, like Gecko) Version/4.0 Chrome/136.0.7103.125 Mobile Safari/537.36 OPR/91.0.2254.77465"
162.0.232.193 - - [12/Jun/2025:10:04:24 -0400] "POST /wp-cron.php?doing_wp_cron=1749737064.6606009006500244140625 HTTP/1.1" 200 0 "-" "WordPress/6.6.2; https://remonster.online"
105.113.26.220 - - [12/Jun/2025:10:04:24 -0400] "GET / HTTP/1.1" 200 10788 "-" "Mozilla/5.0 (Linux; U; Android 11; Infinix X689B Build/RP1A.200720.011; wv) AppleWebKit/537.36 (KHTML, like Gecko) Version/4.0 Chrome/136.0.7103.125 Mobile Safari/537.36 OPR/91.0.2254.77465"
2a03:2880:f800:2:: - - [12/Jun/2025:10:04:23 -0400] "GET /shopdetail/272710218 HTTP/1.1" 301 0 "-" "meta-externalagent/1.1 (+https://developers.facebook.com/docs/sharing/webmasters/crawler)"
105.113.26.220 - - [12/Jun/2025:10:04:24 -0400] "GET /dmca/ HTTP/1.1" 200 11114 "https://remonster.online/manga/re-monster-chapter-54/" "Mozilla/5.0 (Linux; U; Android 11; Infinix X689B Build/RP1A.200720.011; wv) AppleWebKit/537.36 (KHTML, like Gecko) Version/4.0 Chrome/136.0.7103.125 Mobile Safari/537.36 OPR/91.0.2254.77465"
66.249.66.198 - - [12/Jun/2025:10:04:25 -0400] "GET /products/ze/affined2058606476.phtml HTTP/1.1" 200 23442 "-" "Mozilla/5.0 (Linux; Android 6.0.1; Nexus 5X Build/MMB29P) AppleWebKit/537.36 (KHTML, like Gecko) Chrome/136.0.7103.113 Mobile Safari/537.36 (compatible; GoogleOther)"
2a03:2880:f800:2:: - - [12/Jun/2025:10:04:26 -0400] "GET / HTTP/1.1" 200 10845 "-" "meta-externalagent/1.1 (+https://developers.facebook.com/docs/sharing/webmasters/crawler)"
162.0.232.193 - - [12/Jun/2025:10:04:31 -0400] "POST /wp-cron.php?doing_wp_cron=1749737070.8427350521087646484375 HTTP/1.1" 200 0 "-" "WordPress/6.6.2; https://remonster.online"
2a03:2880:f800:1a:: - - [12/Jun/2025:10:04:29 -0400] "GET /shopdetail/346392018 HTTP/1.1" 301 0 "-" "meta-externalagent/1.1 (+https://developers.facebook.com/docs/sharing/webmasters/crawler)"
66.249.66.38 - - [12/Jun/2025:10:04:30 -0400] "GET /%3E%3CCENTER%3E%3CTABLE%20WIDTH=500%20BORDER=0%20CELLSPACING=0%20CELLPADDING=5%3E%3CTR%20ALIGN=center%3E%20%3CTD%3E%3CFONT%20SIZE=2%3E%EF%BC%8B%EF%BC%8B%EF%BC%8B%E3%81%94%E8%A6%A7%E9%A0%82%E3%81%82%E3%82%8A%E3%81%8C%E3%81%A8%E3%81%86%E3%81%94%E3%81%96%E3%81%84%E3%81%BE%E3%81%99%EF%BC%8B%EF%BC%8B%EF%BC%8B%3C/FONT%3E%3C/TD%3E%3C/TR%3E%3C/CENTER%3E%20%20%20%20%3C/div%3E%20%20%20%20%3Cdiv%20class= HTTP/1.1" 200 25117 "-" "Googlebot-Image/1.0"
2a03:2880:f800:8:: - - [12/Jun/2025:10:04:31 -0400] "GET /shopdetail/303440118 HTTP/1.1" 301 0 "-" "meta-externalagent/1.1 (+https://developers.facebook.com/docs/sharing/webmasters/crawler)"
2a03:2880:f800:e:: - - [12/Jun/2025:10:04:33 -0400] "GET / HTTP/1.1" 200 10845 "-" "meta-externalagent/1.1 (+https://developers.facebook.com/docs/sharing/webmasters/crawler)"
2a03:2880:f800:1:: - - [12/Jun/2025:10:04:33 -0400] "GET / HTTP/1.1" 200 10845 "-" "meta-externalagent/1.1 (+https://developers.facebook.com/docs/sharing/webmasters/crawler)"
66.249.66.76 - - [12/Jun/2025:10:04:36 -0400] "GET /goodscode/870748858.phtml HTTP/1.1" 200 24160 "-" "Mozilla/5.0 (Linux; Android 6.0.1; Nexus 5X Build/MMB29P) AppleWebKit/537.36 (KHTML, like Gecko) Chrome/136.0.7103.113 Mobile Safari/537.36 (compatible; GoogleOther)"
66.249.66.76 - - [12/Jun/2025:10:04:41 -0400] "GET /products/macrocephalus869999912.phtml HTTP/1.1" 200 24235 "-" "Mozilla/5.0 (Linux; Android 6.0.1; Nexus 5X Build/MMB29P) AppleWebKit/537.36 (KHTML, like Gecko) Chrome/136.0.7103.113 Mobile Safari/537.36 (compatible; GoogleOther)"
66.249.66.162 - - [12/Jun/2025:10:04:46 -0400] "GET /items/calappa871376120.phtml HTTP/1.1" 200 26750 "-" "Mozilla/5.0 (Linux; Android 6.0.1; Nexus 5X Build/MMB29P) AppleWebKit/537.36 (KHTML, like Gecko) Chrome/136.0.7103.113 Mobile Safari/537.36 (compatible; GoogleOther)"
105.113.26.220 - - [12/Jun/2025:10:04:49 -0400] "GET / HTTP/1.1" 200 10788 "https://remonster.online/manga/re-monster-chapter-54/" "Mozilla/5.0 (Linux; U; Android 11; Infinix X689B Build/RP1A.200720.011; wv) AppleWebKit/537.36 (KHTML, like Gecko) Version/4.0 Chrome/136.0.7103.125 Mobile Safari/537.36 OPR/91.0.2254.77465"
66.249.66.38 - - [12/Jun/2025:10:04:51 -0400] "GET /goodscode/873019134.phtml HTTP/1.1" 200 26221 "-" "Mozilla/5.0 (Linux; Android 6.0.1; Nexus 5X Build/MMB29P) AppleWebKit/537.36 (KHTML, like Gecko) Chrome/136.0.7103.113 Mobile Safari/537.36 (compatible; GoogleOther)"
2a03:2880:f800:6:: - - [12/Jun/2025:10:04:54 -0400] "GET /shopdetail/87390618 HTTP/1.1" 301 0 "-" "meta-externalagent/1.1 (+https://developers.facebook.com/docs/sharing/webmasters/crawler)"
2a03:2880:f800:1b:: - - [12/Jun/2025:10:04:58 -0400] "GET / HTTP/1.1" 200 10845 "-" "meta-externalagent/1.1 (+https://developers.facebook.com/docs/sharing/webmasters/crawler)"
66.249.66.162 - - [12/Jun/2025:10:04:58 -0400] "GET /special/erratic68699016.phtml HTTP/1.1" 200 23632 "-" "Mozilla/5.0 (Linux; Android 6.0.1; Nexus 5X Build/MMB29P) AppleWebKit/537.36 (KHTML, like Gecko) Chrome/136.0.7103.113 Mobile Safari/537.36 (compatible; GoogleOther)"
2a03:2880:f800:1a:: - - [12/Jun/2025:10:04:57 -0400] "GET /shopdetail/433145418 HTTP/1.1" 301 0 "-" "meta-externalagent/1.1 (+https://developers.facebook.com/docs/sharing/webmasters/crawler)"
66.249.66.39 - - [12/Jun/2025:10:05:03 -0400] "GET /goodscode/872893400.phtml HTTP/1.1" 200 23760 "-" "Mozilla/5.0 (Linux; Android 6.0.1; Nexus 5X Build/MMB29P) AppleWebKit/537.36 (KHTML, like Gecko) Chrome/136.0.7103.113 Mobile Safari/537.36 (compatible; GoogleOther)"
66.249.66.77 - - [12/Jun/2025:10:05:12 -0400] "GET /detail/raptatores101421876.phtml HTTP/1.1" 200 27352 "-" "Mozilla/5.0 (Linux; Android 6.0.1; Nexus 5X Build/MMB29P) AppleWebKit/537.36 (KHTML, like Gecko) Chrome/136.0.7103.113 Mobile Safari/537.36 (compatible; GoogleOther)"
2405:acc0:1504:861a:4909:208a:9dc2:c96c - - [12/Jun/2025:10:05:13 -0400] "GET / HTTP/1.1" 200 10845 "https://remonster.online/manga/re-monster-chapter-1/" "Mozilla/5.0 (Linux; U; Android 4.0.4; en-gb; SHW-M380K Build/IMM76D) AppleWebKit/534.30 (KHTML, like Gecko) Version/4.0 Safari/534.30"
2405:acc0:1504:861a:4909:208a:9dc2:c96c - - [12/Jun/2025:10:05:15 -0400] "GET /wp-content/uploads/2021/11/8168f-bSGoS-717x1024.jpeg HTTP/1.1" 200 200846 "https://remonster.online/" "Mozilla/5.0 (Linux; U; Android 4.0.4; en-gb; SHW-M380K Build/IMM76D) AppleWebKit/534.30 (KHTML, like Gecko) Version/4.0 Safari/534.30"
2405:acc0:1504:861a:4909:208a:9dc2:c96c - - [12/Jun/2025:10:05:15 -0400] "GET /wp-content/uploads/2021/11/LN_v09_001-697x1024.jpeg HTTP/1.1" 200 214016 "https://remonster.online/" "Mozilla/5.0 (Linux; U; Android 4.0.4; en-gb; SHW-M380K Build/IMM76D) AppleWebKit/534.30 (KHTML, like Gecko) Version/4.0 Safari/534.30"
66.249.66.162 - - [12/Jun/2025:10:05:18 -0400] "GET /goodscode/2063040100.phtml HTTP/1.1" 200 24892 "-" "Mozilla/5.0 (Linux; Android 6.0.1; Nexus 5X Build/MMB29P) AppleWebKit/537.36 (KHTML, like Gecko) Chrome/136.0.7103.113 Mobile Safari/537.36 (compatible; GoogleOther)"
162.0.232.193 - - [12/Jun/2025:10:05:19 -0400] "POST /wp-cron.php?doing_wp_cron=1749737119.6454899311065673828125 HTTP/1.1" 200 0 "-" "WordPress/6.6.2; https://remonster.online"
2a03:2880:f800:e:: - - [12/Jun/2025:10:05:17 -0400] "GET /shopdetail/270908518 HTTP/1.1" 301 0 "-" "meta-externalagent/1.1 (+https://developers.facebook.com/docs/sharing/webmasters/crawler)"
2a03:2880:f800:9:: - - [12/Jun/2025:10:05:22 -0400] "GET / HTTP/1.1" 200 10845 "-" "meta-externalagent/1.1 (+https://developers.facebook.com/docs/sharing/webmasters/crawler)"
2a03:2880:f800:17:: - - [12/Jun/2025:10:05:21 -0400] "GET /shopdetail/101886618 HTTP/1.1" 301 0 "-" "meta-externalagent/1.1 (+https://developers.facebook.com/docs/sharing/webmasters/crawler)"
82.145.211.118 - - [12/Jun/2025:10:05:23 -0400] "GET / HTTP/1.1" 200 10788 "-" "Mozilla/5.0 (Linux; U; Android 11; Infinix X689B Build/RP1A.200720.011; wv) AppleWebKit/537.36 (KHTML, like Gecko) Version/4.0 Chrome/136.0.7103.125 Mobile Safari/537.36 OPR/91.0.2254.77465"
