2a00:1e:e901:d801:2407:8517:8d09:9ad5 - - [12/Jun/2025:11:07:47 -0400] "GET /manga/re-monster-chapter-70/ HTTP/1.1" 200 17711 "-" "Mozilla/5.0 (Windows NT 10.0; Win64; x64) AppleWebKit/537.36 (KHTML, like Gecko) Chrome/137.0.0.0 Safari/537.36"
2a00:1e:e901:d801:2407:8517:8d09:9ad5 - - [12/Jun/2025:11:07:48 -0400] "GET /manga/re-monster-chapter-72/ HTTP/1.1" 200 17580 "-" "Mozilla/5.0 (Windows NT 10.0; Win64; x64) AppleWebKit/537.36 (KHTML, like Gecko) Chrome/137.0.0.0 Safari/537.36"
2a00:1e:e901:d801:2407:8517:8d09:9ad5 - - [12/Jun/2025:11:07:49 -0400] "GET /category/remonster-manga/ HTTP/1.1" 200 25018 "-" "Mozilla/5.0 (Windows NT 10.0; Win64; x64) AppleWebKit/537.36 (KHTML, like Gecko) Chrome/137.0.0.0 Safari/537.36"
66.249.66.6 - - [12/Jun/2025:11:07:54 -0400] "GET /entity/104150738.phtml HTTP/1.1" 200 23866 "-" "Mozilla/5.0 (Linux; Android 6.0.1; Nexus 5X Build/MMB29P) AppleWebKit/537.36 (KHTML, like Gecko) Chrome/136.0.7103.113 Mobile Safari/537.36 (compatible; GoogleOther)"
66.249.66.8 - - [12/Jun/2025:11:08:00 -0400] "GET /special/b/flail/2057274556.phtml HTTP/1.1" 200 23972 "-" "Mozilla/5.0 (Linux; Android 6.0.1; Nexus 5X Build/MMB29P) AppleWebKit/537.36 (KHTML, like Gecko) Chrome/136.0.7103.113 Mobile Safari/537.36 (compatible; GoogleOther)"
66.249.66.70 - - [12/Jun/2025:11:08:08 -0400] "GET /goodscode/salpingitis/2057668380.phtml HTTP/1.1" 200 23733 "-" "Mozilla/5.0 (Linux; Android 6.0.1; Nexus 5X Build/MMB29P) AppleWebKit/537.36 (KHTML, like Gecko) Chrome/136.0.7103.113 Mobile Safari/537.36 (compatible; GoogleOther)"
66.249.66.42 - - [12/Jun/2025:11:08:15 -0400] "GET /special/70811338.phtml HTTP/1.1" 200 23801 "-" "Mozilla/5.0 (Linux; Android 6.0.1; Nexus 5X Build/MMB29P) AppleWebKit/537.36 (KHTML, like Gecko) Chrome/136.0.7103.113 Mobile Safari/537.36 (compatible; GoogleOther)"
66.249.66.42 - - [12/Jun/2025:11:08:22 -0400] "GET /detail/577426270.phtml HTTP/1.1" 200 24796 "-" "Mozilla/5.0 (Linux; Android 6.0.1; Nexus 5X Build/MMB29P) AppleWebKit/537.36 (KHTML, like Gecko) Chrome/136.0.7103.113 Mobile Safari/537.36 (compatible; GoogleOther)"
66.249.66.160 - - [12/Jun/2025:11:08:30 -0400] "GET /goodscode/exquire/2063694318.phtml HTTP/1.1" 200 25690 "-" "Mozilla/5.0 (Linux; Android 6.0.1; Nexus 5X Build/MMB29P) AppleWebKit/537.36 (KHTML, like Gecko) Chrome/136.0.7103.113 Mobile Safari/537.36 (compatible; GoogleOther)"
162.0.232.193 - - [12/Jun/2025:11:08:34 -0400] "POST /wp-cron.php?doing_wp_cron=1749740914.0885829925537109375000 HTTP/1.1" 200 0 "-" "WordPress/6.6.2; https://remonster.online"
2a03:2880:f800:d:: - - [12/Jun/2025:11:08:31 -0400] "GET /shopdetail/224727718 HTTP/1.1" 301 0 "-" "meta-externalagent/1.1 (+https://developers.facebook.com/docs/sharing/webmasters/crawler)"
2a03:2880:f800:11:: - - [12/Jun/2025:11:08:36 -0400] "GET / HTTP/1.1" 200 10845 "-" "meta-externalagent/1.1 (+https://developers.facebook.com/docs/sharing/webmasters/crawler)"
78.110.121.156 - - [12/Jun/2025:11:08:36 -0400] "POST /wp-login.php HTTP/1.1" 200 1875 "https://remonster.online" "Mozilla/5.0 (Windows NT 10.0; Win64; x64; rv:125.0.1) Gecko/20100101 Firefox/125.0.1"
66.249.66.13 - - [12/Jun/2025:11:08:37 -0400] "GET /item/gaulish/%3E%3CCENTER%3E%3CB%3EK5398%20%E3%83%9E%E3%82%AD%E3%82%BF%20%E5%85%85%E9%9B%BB%E5%BC%8F%E3%82%AF%E3%83%AA%E3%83%BC%E3%83%8A%20CL281FDZCW%20%E7%99%BD%20%E6%9C%AA%E4%BD%BF%E7%94%A8%E5%93%81%2018V%20makita%20%E8%8F%85104%3C/B%3E%3CBR%3E%3CBR%3E%3CTABLE%20WIDTH=640%20BGCOLOR= HTTP/1.1" 200 25065 "-" "Googlebot-Image/1.0"
66.249.66.198 - - [12/Jun/2025:11:08:45 -0400] "GET /shopping/barbata/873553778.phtml HTTP/1.1" 200 24204 "-" "Mozilla/5.0 (Linux; Android 6.0.1; Nexus 5X Build/MMB29P) AppleWebKit/537.36 (KHTML, like Gecko) Chrome/136.0.7103.113 Mobile Safari/537.36 (compatible; GoogleOther)"
66.249.66.76 - - [12/Jun/2025:11:08:52 -0400] "GET /goodscode/cahincic/2059020006.phtml HTTP/1.1" 200 25751 "-" "Mozilla/5.0 (Linux; Android 6.0.1; Nexus 5X Build/MMB29P) AppleWebKit/537.36 (KHTML, like Gecko) Chrome/136.0.7103.113 Mobile Safari/537.36 (compatible; GoogleOther)"
66.249.66.13 - - [12/Jun/2025:11:08:59 -0400] "GET /goodscode/volley/576086902.phtml HTTP/1.1" 200 23819 "-" "Mozilla/5.0 (Linux; Android 6.0.1; Nexus 5X Build/MMB29P) AppleWebKit/537.36 (KHTML, like Gecko) Chrome/136.0.7103.113 Mobile Safari/537.36 (compatible; GoogleOther)"
66.249.66.38 - - [12/Jun/2025:11:09:07 -0400] "GET /item/winkle872047534.phtml HTTP/1.1" 200 24359 "-" "Mozilla/5.0 (Linux; Android 6.0.1; Nexus 5X Build/MMB29P) AppleWebKit/537.36 (KHTML, like Gecko) Chrome/136.0.7103.113 Mobile Safari/537.36 (compatible; GoogleOther)"
66.249.66.13 - - [12/Jun/2025:11:09:14 -0400] "GET /detail/z/suberose124441060.phtml HTTP/1.1" 200 24226 "-" "Mozilla/5.0 (Linux; Android 6.0.1; Nexus 5X Build/MMB29P) AppleWebKit/537.36 (KHTML, like Gecko) Chrome/136.0.7103.113 Mobile Safari/537.36 (compatible; GoogleOther)"
66.249.66.162 - - [12/Jun/2025:11:09:21 -0400] "GET /entity/ku/auntrous575949550.phtml HTTP/1.1" 200 24247 "-" "Mozilla/5.0 (Linux; Android 6.0.1; Nexus 5X Build/MMB29P) AppleWebKit/537.36 (KHTML, like Gecko) Chrome/136.0.7103.113 Mobile Safari/537.36 (compatible; GoogleOther)"
47.128.113.108 - - [12/Jun/2025:11:09:26 -0400] "GET /robots.txt HTTP/1.1" 304 0 "-" "Mozilla/5.0 (Linux; Android 5.0) AppleWebKit/537.36 (KHTML, like Gecko) Mobile Safari/537.36 (compatible; Bytespider; [email protected])"
162.0.232.193 - - [12/Jun/2025:11:09:26 -0400] "POST /wp-cron.php?doing_wp_cron=1749740966.3688089847564697265625 HTTP/1.1" 200 0 "-" "WordPress/6.6.2; https://remonster.online"
2a03:2880:f800:5:: - - [12/Jun/2025:11:09:25 -0400] "GET /shopdetail/167372518 HTTP/1.1" 301 0 "-" "meta-externalagent/1.1 (+https://developers.facebook.com/docs/sharing/webmasters/crawler)"
216.73.216.121 - - [12/Jun/2025:11:09:26 -0400] "GET /sitemap-detail-2768.xml HTTP/1.1" 200 10634 "-" "Mozilla/5.0 AppleWebKit/537.36 (KHTML, like Gecko; compatible; ClaudeBot/1.0; [email protected])"
2a03:2880:f800:5:: - - [12/Jun/2025:11:09:27 -0400] "GET /shopdetail/287763718 HTTP/1.1" 301 0 "-" "meta-externalagent/1.1 (+https://developers.facebook.com/docs/sharing/webmasters/crawler)"
2a03:2880:f800:3:: - - [12/Jun/2025:11:09:28 -0400] "GET / HTTP/1.1" 200 10845 "-" "meta-externalagent/1.1 (+https://developers.facebook.com/docs/sharing/webmasters/crawler)"
66.249.66.13 - - [12/Jun/2025:11:09:28 -0400] "GET /goodscode/70830978.phtml HTTP/1.1" 200 25258 "-" "Mozilla/5.0 (Linux; Android 6.0.1; Nexus 5X Build/MMB29P) AppleWebKit/537.36 (KHTML, like Gecko) Chrome/136.0.7103.113 Mobile Safari/537.36 (compatible; GoogleOther)"
2a03:2880:f800:f:: - - [12/Jun/2025:11:09:30 -0400] "GET / HTTP/1.1" 200 10845 "-" "meta-externalagent/1.1 (+https://developers.facebook.com/docs/sharing/webmasters/crawler)"
66.249.66.76 - - [12/Jun/2025:11:09:34 -0400] "GET /products/%3E%3CBR%3E%3CCENTER%3E%3CTABLE%20WIDTH=690%20CELLPADDING=10%20CELLSPACING=0%3E%3CTR%3E%3CTD%20BGCOLOR= HTTP/1.1" 200 24778 "-" "Googlebot-Image/1.0"
66.249.66.162 - - [12/Jun/2025:11:09:41 -0400] "GET /goodscode/20035898.phtml HTTP/1.1" 200 24190 "-" "Mozilla/5.0 (Linux; Android 6.0.1; Nexus 5X Build/MMB29P) AppleWebKit/537.36 (KHTML, like Gecko) Chrome/136.0.7103.113 Mobile Safari/537.36 (compatible; GoogleOther)"
66.249.66.76 - - [12/Jun/2025:11:09:47 -0400] "GET /goodscode/70850878.phtml HTTP/1.1" 200 25089 "-" "Mozilla/5.0 (Linux; Android 6.0.1; Nexus 5X Build/MMB29P) AppleWebKit/537.36 (KHTML, like Gecko) Chrome/136.0.7103.113 Mobile Safari/537.36 (compatible; GoogleOther)"
66.249.66.76 - - [12/Jun/2025:11:09:53 -0400] "GET /item125918486.phtml HTTP/1.1" 200 23805 "-" "Mozilla/5.0 (Linux; Android 6.0.1; Nexus 5X Build/MMB29P) AppleWebKit/537.36 (KHTML, like Gecko) Chrome/136.0.7103.113 Mobile Safari/537.36 (compatible; GoogleOther)"
162.0.232.193 - - [12/Jun/2025:11:09:54 -0400] "POST /wp-cron.php?doing_wp_cron=1749740994.4739599227905273437500 HTTP/1.1" 200 0 "-" "WordPress/6.6.2; https://remonster.online"
2a03:2880:f800:13:: - - [12/Jun/2025:11:09:53 -0400] "GET /shopdetail/101835818 HTTP/1.1" 301 0 "-" "meta-externalagent/1.1 (+https://developers.facebook.com/docs/sharing/webmasters/crawler)"
2a03:2880:f800:f:: - - [12/Jun/2025:11:09:57 -0400] "GET / HTTP/1.1" 200 10845 "-" "meta-externalagent/1.1 (+https://developers.facebook.com/docs/sharing/webmasters/crawler)"
66.249.66.198 - - [12/Jun/2025:11:09:59 -0400] "GET /entity125940562.phtml HTTP/1.1" 200 25711 "-" "Mozilla/5.0 (Linux; Android 6.0.1; Nexus 5X Build/MMB29P) AppleWebKit/537.36 (KHTML, like Gecko) Chrome/136.0.7103.113 Mobile Safari/537.36 (compatible; GoogleOther)"
66.249.66.76 - - [12/Jun/2025:11:10:06 -0400] "GET /entity/py/drawnwork102732108.phtml HTTP/1.1" 200 23971 "-" "Mozilla/5.0 (Linux; Android 6.0.1; Nexus 5X Build/MMB29P) AppleWebKit/537.36 (KHTML, like Gecko) Chrome/136.0.7103.113 Mobile Safari/537.36 (compatible; GoogleOther)"
2a03:2880:f800:8:: - - [12/Jun/2025:11:10:14 -0400] "GET /shopdetail/17812018 HTTP/1.1" 301 0 "-" "meta-externalagent/1.1 (+https://developers.facebook.com/docs/sharing/webmasters/crawler)"
66.249.66.76 - - [12/Jun/2025:11:10:14 -0400] "GET /goodscode/q/airscrew/872603230.phtml HTTP/1.1" 200 24464 "-" "Mozilla/5.0 (Linux; Android 6.0.1; Nexus 5X Build/MMB29P) AppleWebKit/537.36 (KHTML, like Gecko) Chrome/136.0.7103.113 Mobile Safari/537.36 (compatible; GoogleOther)"
2a03:2880:f800:10:: - - [12/Jun/2025:11:10:18 -0400] "GET / HTTP/1.1" 200 10845 "-" "meta-externalagent/1.1 (+https://developers.facebook.com/docs/sharing/webmasters/crawler)"
2a03:2880:f800:e:: - - [12/Jun/2025:11:10:17 -0400] "GET /shopdetail/391586918 HTTP/1.1" 301 0 "-" "meta-externalagent/1.1 (+https://developers.facebook.com/docs/sharing/webmasters/crawler)"
162.0.232.193 - - [12/Jun/2025:11:10:20 -0400] "POST /wp-cron.php?doing_wp_cron=1749741019.2200889587402343750000 HTTP/1.1" 200 0 "-" "WordPress/6.6.2; https://remonster.online"
2a03:2880:f800:1a:: - - [12/Jun/2025:11:10:23 -0400] "GET / HTTP/1.1" 200 10845 "-" "meta-externalagent/1.1 (+https://developers.facebook.com/docs/sharing/webmasters/crawler)"
66.249.66.76 - - [12/Jun/2025:11:10:23 -0400] "GET /entity/lindheimera/576219824.phtml HTTP/1.1" 200 23776 "-" "Mozilla/5.0 (Linux; Android 6.0.1; Nexus 5X Build/MMB29P) AppleWebKit/537.36 (KHTML, like Gecko) Chrome/136.0.7103.113 Mobile Safari/537.36 (compatible; GoogleOther)"
66.249.66.76 - - [12/Jun/2025:11:10:32 -0400] "GET /goodscode/103960696.phtml HTTP/1.1" 200 24193 "-" "Mozilla/5.0 (Linux; Android 6.0.1; Nexus 5X Build/MMB29P) AppleWebKit/537.36 (KHTML, like Gecko) Chrome/136.0.7103.113 Mobile Safari/537.36 (compatible; GoogleOther)"
66.249.66.76 - - [12/Jun/2025:11:10:41 -0400] "GET /goodscode/%3E%3CCENTER%3E%3CTABLE%20BORDER=0%20WIDTH=600%20CELLPADDING=5%20CELLSPACING=0%3E%3CTR%3E%3CTD%20BGCOLOR= HTTP/1.1" 200 24802 "-" "Googlebot-Image/1.0"
66.249.66.76 - - [12/Jun/2025:11:10:50 -0400] "GET /goodscode/873844786.phtml HTTP/1.1" 200 23886 "-" "Mozilla/5.0 (Linux; Android 6.0.1; Nexus 5X Build/MMB29P) AppleWebKit/537.36 (KHTML, like Gecko) Chrome/136.0.7103.113 Mobile Safari/537.36 (compatible; GoogleOther)"
2a03:2880:f800:19:: - - [12/Jun/2025:11:10:53 -0400] "GET /shopdetail/43967118 HTTP/1.1" 301 0 "-" "meta-externalagent/1.1 (+https://developers.facebook.com/docs/sharing/webmasters/crawler)"
2a03:2880:f800:7:: - - [12/Jun/2025:11:10:56 -0400] "GET / HTTP/1.1" 200 10845 "-" "meta-externalagent/1.1 (+https://developers.facebook.com/docs/sharing/webmasters/crawler)"
66.249.66.198 - - [12/Jun/2025:11:10:58 -0400] "GET /item/membranaceous/1374194376.phtml HTTP/1.1" 200 24155 "-" "Mozilla/5.0 (Linux; Android 6.0.1; Nexus 5X Build/MMB29P) AppleWebKit/537.36 (KHTML, like Gecko) Chrome/136.0.7103.113 Mobile Safari/537.36 (compatible; GoogleOther)"
66.249.66.163 - - [12/Jun/2025:11:11:06 -0400] "GET /goodscode/gonococcus/102744110.phtml HTTP/1.1" 200 23835 "-" "Mozilla/5.0 (Linux; Android 6.0.1; Nexus 5X Build/MMB29P) AppleWebKit/537.36 (KHTML, like Gecko) Chrome/136.0.7103.113 Mobile Safari/537.36 (compatible; GoogleOther)"
216.73.216.121 - - [12/Jun/2025:11:11:10 -0400] "GET /sitemap-detail-2382.xml HTTP/1.1" 200 10754 "-" "Mozilla/5.0 AppleWebKit/537.36 (KHTML, like Gecko; compatible; ClaudeBot/1.0; [email protected])"
66.249.66.163 - - [12/Jun/2025:11:11:12 -0400] "GET /goodscode/dogtooth/571066778.phtml HTTP/1.1" 200 24753 "-" "Mozilla/5.0 (Linux; Android 6.0.1; Nexus 5X Build/MMB29P) AppleWebKit/537.36 (KHTML, like Gecko) Chrome/136.0.7103.113 Mobile Safari/537.36 (compatible; Googlebot/2.1; +http://www.google.com/bot.html)"
66.249.66.38 - - [12/Jun/2025:11:11:14 -0400] "GET /product873406286.phtml HTTP/1.1" 200 23606 "-" "Mozilla/5.0 (Linux; Android 6.0.1; Nexus 5X Build/MMB29P) AppleWebKit/537.36 (KHTML, like Gecko) Chrome/136.0.7103.113 Mobile Safari/537.36 (compatible; GoogleOther)"
2a03:2880:f800:1d:: - - [12/Jun/2025:11:11:16 -0400] "GET /shopdetail/126257018 HTTP/1.1" 301 0 "-" "meta-externalagent/1.1 (+https://developers.facebook.com/docs/sharing/webmasters/crawler)"
2a03:2880:f800:f:: - - [12/Jun/2025:11:11:18 -0400] "GET / HTTP/1.1" 200 10845 "-" "meta-externalagent/1.1 (+https://developers.facebook.com/docs/sharing/webmasters/crawler)"
66.249.66.162 - - [12/Jun/2025:11:11:21 -0400] "GET /info/hangover70698762.phtml HTTP/1.1" 200 25084 "-" "Mozilla/5.0 (Linux; Android 6.0.1; Nexus 5X Build/MMB29P) AppleWebKit/537.36 (KHTML, like Gecko) Chrome/136.0.7103.113 Mobile Safari/537.36 (compatible; GoogleOther)"
162.0.232.193 - - [12/Jun/2025:11:11:26 -0400] "POST /wp-cron.php?doing_wp_cron=1749741086.7904310226440429687500 HTTP/1.1" 200 0 "-" "WordPress/6.6.2; https://remonster.online"
2a03:2880:f800:17:: - - [12/Jun/2025:11:11:26 -0400] "GET /shopdetail/39644118 HTTP/1.1" 301 0 "-" "meta-externalagent/1.1 (+https://developers.facebook.com/docs/sharing/webmasters/crawler)"
2a03:2880:f800:10:: - - [12/Jun/2025:11:11:29 -0400] "GET / HTTP/1.1" 200 10845 "-" "meta-externalagent/1.1 (+https://developers.facebook.com/docs/sharing/webmasters/crawler)"
162.0.232.193 - - [12/Jun/2025:11:11:33 -0400] "POST /wp-cron.php?doing_wp_cron=1749741093.5315060615539550781250 HTTP/1.1" 200 0 "-" "WordPress/6.6.2; https://remonster.online"
2a03:2880:f800:1d:: - - [12/Jun/2025:11:11:33 -0400] "GET /shopdetail/33684918 HTTP/1.1" 301 0 "-" "meta-externalagent/1.1 (+https://developers.facebook.com/docs/sharing/webmasters/crawler)"
66.249.66.198 - - [12/Jun/2025:11:11:33 -0400] "GET /item/biwreye873609556.phtml HTTP/1.1" 200 24538 "-" "Mozilla/5.0 (Linux; Android 6.0.1; Nexus 5X Build/MMB29P) AppleWebKit/537.36 (KHTML, like Gecko) Chrome/136.0.7103.113 Mobile Safari/537.36 (compatible; GoogleOther)"
2a03:2880:f800:5:: - - [12/Jun/2025:11:11:35 -0400] "GET / HTTP/1.1" 200 10845 "-" "meta-externalagent/1.1 (+https://developers.facebook.com/docs/sharing/webmasters/crawler)"
66.249.66.198 - - [12/Jun/2025:11:11:39 -0400] "GET /detail/ea/lectularius1374232054.phtml HTTP/1.1" 200 26971 "-" "Mozilla/5.0 (Linux; Android 6.0.1; Nexus 5X Build/MMB29P) AppleWebKit/537.36 (KHTML, like Gecko) Chrome/136.0.7103.113 Mobile Safari/537.36 (compatible; GoogleOther)"
66.249.66.198 - - [12/Jun/2025:11:11:44 -0400] "GET /entity/cowled103951130.phtml HTTP/1.1" 200 26977 "-" "Mozilla/5.0 (Linux; Android 6.0.1; Nexus 5X Build/MMB29P) AppleWebKit/537.36 (KHTML, like Gecko) Chrome/136.0.7103.113 Mobile Safari/537.36 (compatible; GoogleOther)"
66.249.66.76 - - [12/Jun/2025:11:11:50 -0400] "GET /special/abandum71292710.phtml HTTP/1.1" 200 24605 "-" "Mozilla/5.0 (Linux; Android 6.0.1; Nexus 5X Build/MMB29P) AppleWebKit/537.36 (KHTML, like Gecko) Chrome/136.0.7103.113 Mobile Safari/537.36 (compatible; GoogleOther)"
216.73.216.121 - - [12/Jun/2025:11:11:52 -0400] "GET /sitemap-detail-2925.xml HTTP/1.1" 200 10928 "-" "Mozilla/5.0 AppleWebKit/537.36 (KHTML, like Gecko; compatible; ClaudeBot/1.0; [email protected])"
216.73.216.121 - - [12/Jun/2025:11:11:52 -0400] "GET /sitemap-detail-2893.xml HTTP/1.1" 200 10928 "-" "Mozilla/5.0 AppleWebKit/537.36 (KHTML, like Gecko; compatible; ClaudeBot/1.0; [email protected])"
216.73.216.121 - - [12/Jun/2025:11:11:52 -0400] "GET /sitemap-detail-2983.xml HTTP/1.1" 200 10928 "-" "Mozilla/5.0 AppleWebKit/537.36 (KHTML, like Gecko; compatible; ClaudeBot/1.0; [email protected])"
2a03:2880:f800:6:: - - [12/Jun/2025:11:11:53 -0400] "GET /shopdetail/163129218 HTTP/1.1" 301 0 "-" "meta-externalagent/1.1 (+https://developers.facebook.com/docs/sharing/webmasters/crawler)"
2a03:2880:f800:1d:: - - [12/Jun/2025:11:11:53 -0400] "GET /shopdetail/146603718 HTTP/1.1" 301 0 "-" "meta-externalagent/1.1 (+https://developers.facebook.com/docs/sharing/webmasters/crawler)"
2a03:2880:f800:e:: - - [12/Jun/2025:11:11:55 -0400] "GET / HTTP/1.1" 200 10868 "-" "meta-externalagent/1.1 (+https://developers.facebook.com/docs/sharing/webmasters/crawler)"
66.249.66.38 - - [12/Jun/2025:11:11:56 -0400] "GET /item/impuberty873183058.phtml HTTP/1.1" 200 24741 "-" "Mozilla/5.0 (Linux; Android 6.0.1; Nexus 5X Build/MMB29P) AppleWebKit/537.36 (KHTML, like Gecko) Chrome/136.0.7103.113 Mobile Safari/537.36 (compatible; GoogleOther)"
2a03:2880:f800:3:: - - [12/Jun/2025:11:11:58 -0400] "GET / HTTP/1.1" 200 10845 "-" "meta-externalagent/1.1 (+https://developers.facebook.com/docs/sharing/webmasters/crawler)"
66.249.66.13 - - [12/Jun/2025:11:12:01 -0400] "GET /products127762264.phtml HTTP/1.1" 200 24647 "-" "Mozilla/5.0 (Linux; Android 6.0.1; Nexus 5X Build/MMB29P) AppleWebKit/537.36 (KHTML, like Gecko) Chrome/136.0.7103.113 Mobile Safari/537.36 (compatible; GoogleOther)"
66.249.66.162 - - [12/Jun/2025:11:12:06 -0400] "GET /shopping577413690.phtml HTTP/1.1" 200 24681 "-" "Mozilla/5.0 (Linux; Android 6.0.1; Nexus 5X Build/MMB29P) AppleWebKit/537.36 (KHTML, like Gecko) Chrome/136.0.7103.113 Mobile Safari/537.36 (compatible; GoogleOther)"
2a03:2880:f800:19:: - - [12/Jun/2025:11:12:09 -0400] "GET /shopdetail/44135618 HTTP/1.1" 301 0 "-" "meta-externalagent/1.1 (+https://developers.facebook.com/docs/sharing/webmasters/crawler)"
2a03:2880:f800:7:: - - [12/Jun/2025:11:12:11 -0400] "GET / HTTP/1.1" 200 10845 "-" "meta-externalagent/1.1 (+https://developers.facebook.com/docs/sharing/webmasters/crawler)"
66.249.66.198 - - [12/Jun/2025:11:12:12 -0400] "GET /shopping577505474.phtml HTTP/1.1" 200 24634 "-" "Mozilla/5.0 (Linux; Android 6.0.1; Nexus 5X Build/MMB29P) AppleWebKit/537.36 (KHTML, like Gecko) Chrome/136.0.7103.113 Mobile Safari/537.36 (compatible; GoogleOther)"
66.249.66.162 - - [12/Jun/2025:11:12:15 -0400] "GET /items63798722.phtml HTTP/1.1" 200 23974 "-" "Mozilla/5.0 (Linux; Android 6.0.1; Nexus 5X Build/MMB29P) AppleWebKit/537.36 (KHTML, like Gecko) Chrome/136.0.7103.113 Mobile Safari/537.36 (compatible; Googlebot/2.1; +http://www.google.com/bot.html)"
66.249.66.76 - - [12/Jun/2025:11:12:17 -0400] "GET /goodscode/pasque19989558.phtml HTTP/1.1" 200 23482 "-" "Mozilla/5.0 (Linux; Android 6.0.1; Nexus 5X Build/MMB29P) AppleWebKit/537.36 (KHTML, like Gecko) Chrome/136.0.7103.113 Mobile Safari/537.36 (compatible; GoogleOther)"
66.249.66.166 - - [12/Jun/2025:11:12:22 -0400] "GET /special/%3E%E5%80%8B%E4%BA%BA%E3%81%AE%E3%82%B3%E3%83%AC%E3%82%AF%E3%82%B7%E3%83%A7%E3%83%B3%E5%93%81%E3%81%AE%E5%87%BA%E5%93%81%E3%81%A7%E3%81%99%E3%80%82%3CBR%3E%E6%95%B0%E5%B9%B4%E5%89%8D%E3%81%AB%E8%B3%BC%E5%85%A5%E3%81%97%E5%A4%A7%E5%88%87%E3%81%AB%E4%BF%9D%E7%AE%A1%E3%81%97%E3%81%A6%E3%81%8A%E3%82%8A%E3%81%BE%E3%81%97%E3%81%9F%E3%80%82%3CBR%3E%E9%83%BD%E5%90%88%E3%81%AB%E3%82%88%E3%82%8A%E6%89%8B%E6%94%BE%E3%81%99%E3%81%93%E3%81%A8%E3%81%A8%E3%81%AA%E3%82%8A%E3%81%BE%E3%81%97%E3%81%9F%E3%80%82%3CBR%3E%E9%9D%9E%E5%96%AB%E7%85%99%E8%80%85%E3%81%A7%E3%80%81%E3%83%9A%E3%83%83%E3%83%88%E3%81%AF%E9%A3%BC%E3%81%A3%E3%81%A6%E3%81%8A%E3%82%8A%E3%81%BE%E3%81%9B%E3%82%93%E3%80%82%3CBR%3E%E4%BB%98%E5%B1%9E%E5%93%81%E3%81%AA%E3%81%A9%E3%81%AF%E7%94%BB%E5%83%8F%E3%81%A7%E3%81%94%E7%A2%BA%E8%AA%8D%E9%A1%98%E3%81%84%E3%81%BE%E3%81%99%E3%80%82%3CBR%3E%3CBR%3E%E8%80%B3%E3%81%AF4%E7%AE%87%E6%89%80%E4%BB%98%E3%81%84%E3%81%A6%E3%81%8A%E3%82%8A%E3%81%BE%E3%81%99%E3%80%82%3CBR%3E%3CBR%3E%E3%83%90%E3%83%83%E3%83%86%E3%83%AA%E3%83%BC%E3%83%90%E3%83%83%E3%82%AF%E3%82%A2%E3%83%83%E3%83%97%E3%81%AF%E4%BF%9D%E8%A8%BC%E3%81%97%E3%81%A6%E3%81%8A%E3%82%8A%E3%81%BE%E3%81%9B%E3%82%93%E3%80%82%3CBR%3E%3CBR%3E%E5%90%8C%E6%A2%B1%E3%81%AF%E4%BD%95%E6%9C%AC%E3%81%A7%E3%82%82%E5%8F%AF%E8%83%BD%E3%81%A7%E3%81%99%E3%81%8C%E3%80%81%E9%80%81%E6%96%99%E3%81%8C%E5%A4%89%E3%82%8F%E3%82%8B%E5%A0%B4%E5%90%88%E3%81%8C%E3%81%94%E3%81%96%E3%81%84%E3%81%BE%E3%81%99%E3%81%AE%E3%81%A7%E3%81%94%E5%AE%B9%E8%B5%A6%E3%81%8F%E3%81%A0%E3%81%95%E3%81%84%E3%81%BE%E3%81%9B%E3%80%82%3CBR%3E%20%20%20%20%3C/div%3E%20%20%20%20%3Cdiv%20class= HTTP/1.1" 200 25793 "-" "Googlebot-Image/1.0"
66.249.66.162 - - [12/Jun/2025:11:12:27 -0400] "GET /detail/syllabic104308824.phtml HTTP/1.1" 200 24244 "-" "Mozilla/5.0 (Linux; Android 6.0.1; Nexus 5X Build/MMB29P) AppleWebKit/537.36 (KHTML, like Gecko) Chrome/136.0.7103.113 Mobile Safari/537.36 (compatible; GoogleOther)"
2601:85:ca80:8df0:3cf0:d00d:b8d2:b335 - - [12/Jun/2025:11:12:32 -0400] "GET /category/re-monster/ HTTP/1.1" 200 25313 "https://remonster.online/manga/re-monster-chapter-60/" "Mozilla/5.0 (Linux; Android 10; K) AppleWebKit/537.36 (KHTML, like Gecko) Chrome/137.0.0.0 Mobile Safari/537.36"
66.249.66.76 - - [12/Jun/2025:11:12:32 -0400] "GET /detail/columbine13761250.phtml HTTP/1.1" 200 23974 "-" "Mozilla/5.0 (Linux; Android 6.0.1; Nexus 5X Build/MMB29P) AppleWebKit/537.36 (KHTML, like Gecko) Chrome/136.0.7103.113 Mobile Safari/537.36 (compatible; GoogleOther)"
2601:85:ca80:8df0:3cf0:d00d:b8d2:b335 - - [12/Jun/2025:11:12:35 -0400] "GET /manga/re-monster-chapter-61/ HTTP/1.1" 200 17377 "https://remonster.online/manga/re-monster-chapter-60/" "Mozilla/5.0 (Linux; Android 10; K) AppleWebKit/537.36 (KHTML, like Gecko) Chrome/137.0.0.0 Mobile Safari/537.36"
162.0.232.193 - - [12/Jun/2025:11:12:37 -0400] "POST /wp-cron.php?doing_wp_cron=1749741157.3982589244842529296875 HTTP/1.1" 200 0 "-" "WordPress/6.6.2; https://remonster.online"
66.249.66.38 - - [12/Jun/2025:11:12:37 -0400] "GET /item/skeelduck1114531270.phtml HTTP/1.1" 200 24078 "-" "Mozilla/5.0 (Linux; Android 6.0.1; Nexus 5X Build/MMB29P) AppleWebKit/537.36 (KHTML, like Gecko) Chrome/136.0.7103.113 Mobile Safari/537.36 (compatible; GoogleOther)"
5.92.16.54 - - [12/Jun/2025:11:12:36 -0400] "POST /wp-admin/admin-ajax.php HTTP/1.1" 200 69 "https://remonster.online/manga/remonster-chapter-79/" "Mozilla/5.0 (Linux; Android 10; K) AppleWebKit/537.36 (KHTML, like Gecko) Chrome/137.0.0.0 Mobile Safari/537.36"
66.249.66.13 - - [12/Jun/2025:11:12:42 -0400] "GET /detail/shatter1114613550.phtml HTTP/1.1" 200 24725 "-" "Mozilla/5.0 (Linux; Android 6.0.1; Nexus 5X Build/MMB29P) AppleWebKit/537.36 (KHTML, like Gecko) Chrome/136.0.7103.113 Mobile Safari/537.36 (compatible; GoogleOther)"
5.92.16.54 - - [12/Jun/2025:11:12:44 -0400] "GET /wp-content/uploads/2021/11/cropped-CeDzRGZ-192x192.png HTTP/1.1" 200 68304 "https://remonster.online/manga/remonster-chapter-79/" "Mozilla/5.0 (Linux; Android 10; K) AppleWebKit/537.36 (KHTML, like Gecko) Chrome/137.0.0.0 Mobile Safari/537.36"
216.73.216.121 - - [12/Jun/2025:11:12:46 -0400] "GET /sitemap-detail-1764.xml HTTP/1.1" 200 10825 "-" "Mozilla/5.0 AppleWebKit/537.36 (KHTML, like Gecko; compatible; ClaudeBot/1.0; [email protected])"
66.249.66.13 - - [12/Jun/2025:11:12:47 -0400] "GET /shopbrand127816052.phtml HTTP/1.1" 200 27601 "-" "Mozilla/5.0 (Linux; Android 6.0.1; Nexus 5X Build/MMB29P) AppleWebKit/537.36 (KHTML, like Gecko) Chrome/136.0.7103.113 Mobile Safari/537.36 (compatible; GoogleOther)"
66.249.66.13 - - [12/Jun/2025:11:12:52 -0400] "GET /goodscode577476784.phtml HTTP/1.1" 200 23477 "-" "Mozilla/5.0 (Linux; Android 6.0.1; Nexus 5X Build/MMB29P) AppleWebKit/537.36 (KHTML, like Gecko) Chrome/136.0.7103.113 Mobile Safari/537.36 (compatible; GoogleOther)"
66.249.66.38 - - [12/Jun/2025:11:12:56 -0400] "GET /info/pk/calippic/575861556.phtml HTTP/1.1" 200 24550 "-" "Mozilla/5.0 (Linux; Android 6.0.1; Nexus 5X Build/MMB29P) AppleWebKit/537.36 (KHTML, like Gecko) Chrome/136.0.7103.113 Mobile Safari/537.36 (compatible; GoogleOther)"
2a03:2880:f800:8:: - - [12/Jun/2025:11:12:57 -0400] "GET /shopdetail/43582218 HTTP/1.1" 301 0 "-" "meta-externalagent/1.1 (+https://developers.facebook.com/docs/sharing/webmasters/crawler)"
2a03:2880:f800:3:: - - [12/Jun/2025:11:12:59 -0400] "GET / HTTP/1.1" 200 10845 "-" "meta-externalagent/1.1 (+https://developers.facebook.com/docs/sharing/webmasters/crawler)"
66.249.66.39 - - [12/Jun/2025:11:13:01 -0400] "GET /detail/remaining104355870.phtml HTTP/1.1" 200 24345 "-" "Mozilla/5.0 (Linux; Android 6.0.1; Nexus 5X Build/MMB29P) AppleWebKit/537.36 (KHTML, like Gecko) Chrome/136.0.7103.113 Mobile Safari/537.36 (compatible; GoogleOther)"
66.249.66.39 - - [12/Jun/2025:11:13:06 -0400] "GET /item/squilgeeing104380452.phtml HTTP/1.1" 200 24628 "-" "Mozilla/5.0 (Linux; Android 6.0.1; Nexus 5X Build/MMB29P) AppleWebKit/537.36 (KHTML, like Gecko) Chrome/136.0.7103.113 Mobile Safari/537.36 (compatible; GoogleOther)"
66.249.66.162 - - [12/Jun/2025:11:13:11 -0400] "GET /items/friendship577304710.phtml HTTP/1.1" 200 24891 "-" "Mozilla/5.0 (Linux; Android 6.0.1; Nexus 5X Build/MMB29P) AppleWebKit/537.36 (KHTML, like Gecko) Chrome/136.0.7103.113 Mobile Safari/537.36 (compatible; GoogleOther)"
66.249.66.198 - - [12/Jun/2025:11:13:15 -0400] "GET /entity/midwives1114584988.phtml HTTP/1.1" 200 24270 "-" "Mozilla/5.0 (Linux; Android 6.0.1; Nexus 5X Build/MMB29P) AppleWebKit/537.36 (KHTML, like Gecko) Chrome/136.0.7103.113 Mobile Safari/537.36 (compatible; GoogleOther)"
2a00:1e:e901:d801:2407:8517:8d09:9ad5 - - [12/Jun/2025:11:13:18 -0400] "GET /manga/re-monster-chapter-73/ HTTP/1.1" 200 17454 "-" "Mozilla/5.0 (Windows NT 10.0; Win64; x64) AppleWebKit/537.36 (KHTML, like Gecko) Chrome/137.0.0.0 Safari/537.36"
2a00:1e:e901:d801:2407:8517:8d09:9ad5 - - [12/Jun/2025:11:13:18 -0400] "GET /manga/re-monster-chapter-71/ HTTP/1.1" 304 0 "-" "Mozilla/5.0 (Windows NT 10.0; Win64; x64) AppleWebKit/537.36 (KHTML, like Gecko) Chrome/137.0.0.0 Safari/537.36"
66.249.66.38 - - [12/Jun/2025:11:13:20 -0400] "GET /entity/advocates1374051380.phtml HTTP/1.1" 200 24982 "-" "Mozilla/5.0 (Linux; Android 6.0.1; Nexus 5X Build/MMB29P) AppleWebKit/537.36 (KHTML, like Gecko) Chrome/136.0.7103.113 Mobile Safari/537.36 (compatible; GoogleOther)"
162.0.232.193 - - [12/Jun/2025:11:13:23 -0400] "POST /wp-cron.php?doing_wp_cron=1749741203.4556539058685302734375 HTTP/1.1" 200 0 "-" "WordPress/6.6.2; https://remonster.online"
2a03:2880:f800:2:: - - [12/Jun/2025:11:13:23 -0400] "GET /shopdetail/384242718 HTTP/1.1" 301 0 "-" "meta-externalagent/1.1 (+https://developers.facebook.com/docs/sharing/webmasters/crawler)"
2a03:2880:f800:5:: - - [12/Jun/2025:11:13:25 -0400] "GET / HTTP/1.1" 200 10845 "-" "meta-externalagent/1.1 (+https://developers.facebook.com/docs/sharing/webmasters/crawler)"
66.249.66.198 - - [12/Jun/2025:11:13:25 -0400] "GET /goods/thriftiness873657564.phtml HTTP/1.1" 200 24667 "-" "Mozilla/5.0 (Linux; Android 6.0.1; Nexus 5X Build/MMB29P) AppleWebKit/537.36 (KHTML, like Gecko) Chrome/136.0.7103.113 Mobile Safari/537.36 (compatible; GoogleOther)"
66.249.66.198 - - [12/Jun/2025:11:13:29 -0400] "GET /goodscode/departed13818758.phtml HTTP/1.1" 200 23349 "-" "Mozilla/5.0 (Linux; Android 6.0.1; Nexus 5X Build/MMB29P) AppleWebKit/537.36 (KHTML, like Gecko) Chrome/136.0.7103.113 Mobile Safari/537.36 (compatible; GoogleOther)"
2a00:1e:e901:d801:2407:8517:8d09:9ad5 - - [12/Jun/2025:11:13:32 -0400] "GET /tag/chapters/ HTTP/1.1" 301 0 "-" "Mozilla/5.0 (Windows NT 10.0; Win64; x64) AppleWebKit/537.36 (KHTML, like Gecko) Chrome/137.0.0.0 Safari/537.36"
66.249.66.198 - - [12/Jun/2025:11:13:34 -0400] "GET /goodscode/bounding13790456.phtml HTTP/1.1" 200 23738 "-" "Mozilla/5.0 (Linux; Android 6.0.1; Nexus 5X Build/MMB29P) AppleWebKit/537.36 (KHTML, like Gecko) Chrome/136.0.7103.113 Mobile Safari/537.36 (compatible; GoogleOther)"
2a00:1e:e901:d801:2407:8517:8d09:9ad5 - - [12/Jun/2025:11:13:35 -0400] "GET / HTTP/1.1" 200 10845 "-" "Mozilla/5.0 (Windows NT 10.0; Win64; x64) AppleWebKit/537.36 (KHTML, like Gecko) Chrome/137.0.0.0 Safari/537.36"
216.73.216.121 - - [12/Jun/2025:11:13:38 -0400] "GET /sitemap-detail-2550.xml HTTP/1.1" 200 10823 "-" "Mozilla/5.0 AppleWebKit/537.36 (KHTML, like Gecko; compatible; ClaudeBot/1.0; [email protected])"
66.249.66.198 - - [12/Jun/2025:11:13:39 -0400] "GET /item/d/dismalness/2055561000.phtml HTTP/1.1" 200 23731 "-" "Mozilla/5.0 (Linux; Android 6.0.1; Nexus 5X Build/MMB29P) AppleWebKit/537.36 (KHTML, like Gecko) Chrome/136.0.7103.113 Mobile Safari/537.36 (compatible; GoogleOther)"
66.249.66.76 - - [12/Jun/2025:11:13:43 -0400] "GET /info/x/weatherbeaten/102866504.phtml HTTP/1.1" 200 24297 "-" "Mozilla/5.0 (Linux; Android 6.0.1; Nexus 5X Build/MMB29P) AppleWebKit/537.36 (KHTML, like Gecko) Chrome/136.0.7103.113 Mobile Safari/537.36 (compatible; GoogleOther)"
162.0.232.193 - - [12/Jun/2025:11:13:47 -0400] "POST /wp-cron.php?doing_wp_cron=1749741227.6271839141845703125000 HTTP/1.1" 200 0 "-" "WordPress/6.6.2; https://remonster.online"
2a03:2880:f800:1d:: - - [12/Jun/2025:11:13:47 -0400] "GET /shopdetail/315365518 HTTP/1.1" 301 0 "-" "meta-externalagent/1.1 (+https://developers.facebook.com/docs/sharing/webmasters/crawler)"
66.249.66.163 - - [12/Jun/2025:11:13:48 -0400] "GET /products/%3E%E3%83%BB%E4%BA%8C%E9%9A%8E%E5%A0%82%E5%A4%A2%E3%83%95%E3%82%A9%E3%83%88%E3%83%96%E3%83%83%E3%82%AF%E5%88%B6%E4%BD%9C%E3%83%97%E3%83%AD%E3%82%B8%E3%82%A7%E3%82%AF%E3%83%88%E3%81%AE%E3%82%AF%E3%83%A9%E3%82%A6%E3%83%89%E3%83%95%E3%82%A1%E3%83%B3%E3%83%87%E3%82%A3%E3%83%B3%E3%82%B0%E3%81%AB%E3%82%88%E3%82%8A%E5%88%B6%E4%BD%9C%E3%81%95%E3%82%8C%E3%81%9F%E5%86%99%E7%9C%9F%E9%9B%86%E3%81%A7%E3%81%99%E3%80%82%3CBR%3E%E3%83%BB%E5%A4%A7%E5%88%87%E3%81%AB%E4%BF%9D%E7%AE%A1%E3%81%97%E3%81%A6%E3%81%84%E3%81%BE%E3%81%97%E3%81%A6%E3%81%AE%E3%81%A7%E7%BE%8E%E5%93%81%E3%81%A7%E3%81%99%E3%80%82%20%20%20%20%3C/div%3E%20%20%20%20%3Cdiv%20class= HTTP/1.1" 200 25199 "-" "Googlebot-Image/1.0"
2a03:2880:f800:11:: - - [12/Jun/2025:11:13:49 -0400] "GET /shopdetail/176347518 HTTP/1.1" 301 0 "-" "meta-externalagent/1.1 (+https://developers.facebook.com/docs/sharing/webmasters/crawler)"
2a03:2880:f800:1d:: - - [12/Jun/2025:11:13:50 -0400] "GET / HTTP/1.1" 200 10845 "-" "meta-externalagent/1.1 (+https://developers.facebook.com/docs/sharing/webmasters/crawler)"
2a03:2880:f800:d:: - - [12/Jun/2025:11:13:51 -0400] "GET / HTTP/1.1" 200 10845 "-" "meta-externalagent/1.1 (+https://developers.facebook.com/docs/sharing/webmasters/crawler)"
66.249.66.77 - - [12/Jun/2025:11:13:53 -0400] "GET /goodscode/successful104092268.phtml HTTP/1.1" 200 24554 "-" "Mozilla/5.0 (Linux; Android 6.0.1; Nexus 5X Build/MMB29P) AppleWebKit/537.36 (KHTML, like Gecko) Chrome/136.0.7103.113 Mobile Safari/537.36 (compatible; GoogleOther)"
2a03:2880:f800:15:: - - [12/Jun/2025:11:13:54 -0400] "GET /shopdetail/68427318 HTTP/1.1" 301 0 "-" "meta-externalagent/1.1 (+https://developers.facebook.com/docs/sharing/webmasters/crawler)"
2a03:2880:f800:1c:: - - [12/Jun/2025:11:13:54 -0400] "GET /shopdetail/117112718 HTTP/1.1" 301 0 "-" "meta-externalagent/1.1 (+https://developers.facebook.com/docs/sharing/webmasters/crawler)"
66.249.66.163 - - [12/Jun/2025:11:13:57 -0400] "GET /item/104257542.phtml HTTP/1.1" 200 23626 "-" "Mozilla/5.0 (Linux; Android 6.0.1; Nexus 5X Build/MMB29P) AppleWebKit/537.36 (KHTML, like Gecko) Chrome/136.0.7103.113 Mobile Safari/537.36 (compatible; GoogleOther)"
2a03:2880:f800:14:: - - [12/Jun/2025:11:14:00 -0400] "GET /shopdetail/250557518 HTTP/1.1" 301 0 "-" "meta-externalagent/1.1 (+https://developers.facebook.com/docs/sharing/webmasters/crawler)"
2a03:2880:f800:16:: - - [12/Jun/2025:11:14:00 -0400] "GET /shopdetail/430678018 HTTP/1.1" 301 0 "-" "meta-externalagent/1.1 (+https://developers.facebook.com/docs/sharing/webmasters/crawler)"
66.249.66.38 - - [12/Jun/2025:11:14:02 -0400] "GET /info/z/dysnomy19949056.phtml HTTP/1.1" 200 24199 "-" "Mozilla/5.0 (Linux; Android 6.0.1; Nexus 5X Build/MMB29P) AppleWebKit/537.36 (KHTML, like Gecko) Chrome/136.0.7103.113 Mobile Safari/537.36 (compatible; GoogleOther)"
2a03:2880:f800:11:: - - [12/Jun/2025:11:14:03 -0400] "GET / HTTP/1.1" 200 10845 "-" "meta-externalagent/1.1 (+https://developers.facebook.com/docs/sharing/webmasters/crawler)"
2a03:2880:f800:4:: - - [12/Jun/2025:11:14:04 -0400] "GET /shopdetail/250570618 HTTP/1.1" 301 0 "-" "meta-externalagent/1.1 (+https://developers.facebook.com/docs/sharing/webmasters/crawler)"
2a03:2880:f800:d:: - - [12/Jun/2025:11:14:04 -0400] "GET / HTTP/1.1" 200 10845 "-" "meta-externalagent/1.1 (+https://developers.facebook.com/docs/sharing/webmasters/crawler)"
2a03:2880:f800:15:: - - [12/Jun/2025:11:14:06 -0400] "GET / HTTP/1.1" 200 10845 "-" "meta-externalagent/1.1 (+https://developers.facebook.com/docs/sharing/webmasters/crawler)"
66.249.66.199 - - [12/Jun/2025:11:14:07 -0400] "GET /goods/577348676.phtml HTTP/1.1" 200 23547 "-" "Mozilla/5.0 (Linux; Android 6.0.1; Nexus 5X Build/MMB29P) AppleWebKit/537.36 (KHTML, like Gecko) Chrome/136.0.7103.113 Mobile Safari/537.36 (compatible; GoogleOther)"
2601:603:602:d7e0:7594:e7:5afd:1915 - - [12/Jun/2025:11:14:10 -0400] "GET /manga/re-monster-chapter-38/ HTTP/1.1" 200 17365 "-" "Mozilla/5.0 (Windows NT 10.0; Win64; x64) AppleWebKit/537.36 (KHTML, like Gecko) Chrome/137.0.0.0 Safari/537.36"
2601:603:602:d7e0:7594:e7:5afd:1915 - - [12/Jun/2025:11:14:11 -0400] "GET /wp-content/plugins/wp-automatic/css/wp-automatic.css?ver=1.0.0 HTTP/1.1" 200 537 "https://remonster.online/manga/re-monster-chapter-38/" "Mozilla/5.0 (Windows NT 10.0; Win64; x64) AppleWebKit/537.36 (KHTML, like Gecko) Chrome/137.0.0.0 Safari/537.36"
2601:603:602:d7e0:7594:e7:5afd:1915 - - [12/Jun/2025:11:14:11 -0400] "GET /wp-content/plugins/simple-social-buttons/assets/js/frontend-blocks.js?ver=5.3.1 HTTP/1.1" 304 0 "https://remonster.online/manga/re-monster-chapter-38/" "Mozilla/5.0 (Windows NT 10.0; Win64; x64) AppleWebKit/537.36 (KHTML, like Gecko) Chrome/137.0.0.0 Safari/537.36"
2601:603:602:d7e0:7594:e7:5afd:1915 - - [12/Jun/2025:11:14:11 -0400] "GET /wp-includes/js/jquery/jquery.min.js?ver=3.7.1 HTTP/1.1" 304 0 "https://remonster.online/manga/re-monster-chapter-38/" "Mozilla/5.0 (Windows NT 10.0; Win64; x64) AppleWebKit/537.36 (KHTML, like Gecko) Chrome/137.0.0.0 Safari/537.36"
2601:603:602:d7e0:7594:e7:5afd:1915 - - [12/Jun/2025:11:14:11 -0400] "GET /wp-includes/js/jquery/jquery-migrate.min.js?ver=3.4.1 HTTP/1.1" 304 0 "https://remonster.online/manga/re-monster-chapter-38/" "Mozilla/5.0 (Windows NT 10.0; Win64; x64) AppleWebKit/537.36 (KHTML, like Gecko) Chrome/137.0.0.0 Safari/537.36"
2601:603:602:d7e0:7594:e7:5afd:1915 - - [12/Jun/2025:11:14:11 -0400] "GET /wp-content/plugins/links-auto-replacer/public/js/lar-public.js?ver=2.0.0 HTTP/1.1" 304 0 "https://remonster.online/manga/re-monster-chapter-38/" "Mozilla/5.0 (Windows NT 10.0; Win64; x64) AppleWebKit/537.36 (KHTML, like Gecko) Chrome/137.0.0.0 Safari/537.36"
2601:603:602:d7e0:7594:e7:5afd:1915 - - [12/Jun/2025:11:14:11 -0400] "GET /wp-content/plugins/simple-social-buttons/assets/js/front.js?ver=5.3.1 HTTP/1.1" 304 0 "https://remonster.online/manga/re-monster-chapter-38/" "Mozilla/5.0 (Windows NT 10.0; Win64; x64) AppleWebKit/537.36 (KHTML, like Gecko) Chrome/137.0.0.0 Safari/537.36"
2601:603:602:d7e0:7594:e7:5afd:1915 - - [12/Jun/2025:11:14:12 -0400] "GET /wp-content/plugins/wp-automatic/js/main-front.js?ver=6.6.2 HTTP/1.1" 304 0 "https://remonster.online/manga/re-monster-chapter-38/" "Mozilla/5.0 (Windows NT 10.0; Win64; x64) AppleWebKit/537.36 (KHTML, like Gecko) Chrome/137.0.0.0 Safari/537.36"
66.249.66.76 - - [12/Jun/2025:11:14:11 -0400] "GET /items/577275314.phtml HTTP/1.1" 200 25217 "-" "Mozilla/5.0 (Linux; Android 6.0.1; Nexus 5X Build/MMB29P) AppleWebKit/537.36 (KHTML, like Gecko) Chrome/136.0.7103.113 Mobile Safari/537.36 (compatible; GoogleOther)"
2601:603:602:d7e0:7594:e7:5afd:1915 - - [12/Jun/2025:11:14:12 -0400] "GET /wp-content/plugins/comic-easel/js/keynav.js HTTP/1.1" 304 0 "https://remonster.online/manga/re-monster-chapter-38/" "Mozilla/5.0 (Windows NT 10.0; Win64; x64) AppleWebKit/537.36 (KHTML, like Gecko) Chrome/137.0.0.0 Safari/537.36"
2601:603:602:d7e0:7594:e7:5afd:1915 - - [12/Jun/2025:11:14:13 -0400] "GET /wp-content/plugins/disqus-comment-system/public/js/comment_count.js?ver=3.1.2 HTTP/1.1" 304 0 "https://remonster.online/manga/re-monster-chapter-38/" "Mozilla/5.0 (Windows NT 10.0; Win64; x64) AppleWebKit/537.36 (KHTML, like Gecko) Chrome/137.0.0.0 Safari/537.36"
2601:603:602:d7e0:7594:e7:5afd:1915 - - [12/Jun/2025:11:14:13 -0400] "GET /wp-content/plugins/disqus-comment-system/public/js/comment_embed.js?ver=3.1.2 HTTP/1.1" 304 0 "https://remonster.online/manga/re-monster-chapter-38/" "Mozilla/5.0 (Windows NT 10.0; Win64; x64) AppleWebKit/537.36 (KHTML, like Gecko) Chrome/137.0.0.0 Safari/537.36"
2601:603:602:d7e0:7594:e7:5afd:1915 - - [12/Jun/2025:11:14:13 -0400] "GET /wp-content/themes/toivo-lite/js/responsive-nav.min.js?ver=1.2.0 HTTP/1.1" 304 0 "https://remonster.online/manga/re-monster-chapter-38/" "Mozilla/5.0 (Windows NT 10.0; Win64; x64) AppleWebKit/537.36 (KHTML, like Gecko) Chrome/137.0.0.0 Safari/537.36"
2601:603:602:d7e0:7594:e7:5afd:1915 - - [12/Jun/2025:11:14:13 -0400] "GET /wp-content/themes/toivo-lite/js/settings.min.js?ver=1.2.0 HTTP/1.1" 304 0 "https://remonster.online/manga/re-monster-chapter-38/" "Mozilla/5.0 (Windows NT 10.0; Win64; x64) AppleWebKit/537.36 (KHTML, like Gecko) Chrome/137.0.0.0 Safari/537.36"
2601:603:602:d7e0:7594:e7:5afd:1915 - - [12/Jun/2025:11:14:13 -0400] "GET /wp-content/themes/toivo-lite/js/functions.min.js?ver=1.2.0 HTTP/1.1" 200 593 "https://remonster.online/manga/re-monster-chapter-38/" "Mozilla/5.0 (Windows NT 10.0; Win64; x64) AppleWebKit/537.36 (KHTML, like Gecko) Chrome/137.0.0.0 Safari/537.36"
2601:603:602:d7e0:7594:e7:5afd:1915 - - [12/Jun/2025:11:14:15 -0400] "GET /wp-includes/js/comment-reply.min.js?ver=6.6.2 HTTP/1.1" 304 0 "https://remonster.online/manga/re-monster-chapter-38/" "Mozilla/5.0 (Windows NT 10.0; Win64; x64) AppleWebKit/537.36 (KHTML, like Gecko) Chrome/137.0.0.0 Safari/537.36"
2601:603:602:d7e0:7594:e7:5afd:1915 - - [12/Jun/2025:11:14:15 -0400] "GET /wp-content/uploads/2021/11/CeDzRGZ-300x266.png HTTP/1.1" 200 144941 "https://remonster.online/manga/re-monster-chapter-38/" "Mozilla/5.0 (Windows NT 10.0; Win64; x64) AppleWebKit/537.36 (KHTML, like Gecko) Chrome/137.0.0.0 Safari/537.36"
66.249.66.162 - - [12/Jun/2025:11:14:16 -0400] "GET /detail/trinal/71368574.phtml HTTP/1.1" 200 24206 "-" "Mozilla/5.0 (Linux; Android 6.0.1; Nexus 5X Build/MMB29P) AppleWebKit/537.36 (KHTML, like Gecko) Chrome/136.0.7103.113 Mobile Safari/537.36 (compatible; GoogleOther)"
66.249.66.162 - - [12/Jun/2025:11:14:21 -0400] "GET /goodscode/selfindignation19899702.phtml HTTP/1.1" 200 24076 "-" "Mozilla/5.0 (Linux; Android 6.0.1; Nexus 5X Build/MMB29P) AppleWebKit/537.36 (KHTML, like Gecko) Chrome/136.0.7103.113 Mobile Safari/537.36 (compatible; GoogleOther)"
66.249.66.76 - - [12/Jun/2025:11:14:25 -0400] "GET /special/gansa/873248014.phtml HTTP/1.1" 200 23927 "-" "Mozilla/5.0 (Linux; Android 6.0.1; Nexus 5X Build/MMB29P) AppleWebKit/537.36 (KHTML, like Gecko) Chrome/136.0.7103.113 Mobile Safari/537.36 (compatible; GoogleOther)"
66.249.66.76 - - [12/Jun/2025:11:14:30 -0400] "GET /special/18970912.phtml HTTP/1.1" 200 24144 "-" "Mozilla/5.0 (Linux; Android 6.0.1; Nexus 5X Build/MMB29P) AppleWebKit/537.36 (KHTML, like Gecko) Chrome/136.0.7103.113 Mobile Safari/537.36 (compatible; GoogleOther)"
66.249.66.162 - - [12/Jun/2025:11:14:34 -0400] "GET /item/moonblind/104413696.phtml HTTP/1.1" 200 24037 "-" "Mozilla/5.0 (Linux; Android 6.0.1; Nexus 5X Build/MMB29P) AppleWebKit/537.36 (KHTML, like Gecko) Chrome/136.0.7103.113 Mobile Safari/537.36 (compatible; GoogleOther)"
162.0.232.193 - - [12/Jun/2025:11:14:38 -0400] "POST /wp-cron.php?doing_wp_cron=1749741277.8553590774536132812500 HTTP/1.1" 200 0 "-" "WordPress/6.6.2; https://remonster.online"
2a03:2880:f800:f:: - - [12/Jun/2025:11:14:37 -0400] "GET /shopdetail/158258918 HTTP/1.1" 301 0 "-" "meta-externalagent/1.1 (+https://developers.facebook.com/docs/sharing/webmasters/crawler)"
66.249.66.76 - - [12/Jun/2025:11:14:38 -0400] "GET /shopdetail/cloudier2064241154.phtml HTTP/1.1" 200 24064 "-" "Mozilla/5.0 (Linux; Android 6.0.1; Nexus 5X Build/MMB29P) AppleWebKit/537.36 (KHTML, like Gecko) Chrome/136.0.7103.113 Mobile Safari/537.36 (compatible; GoogleOther)"
2a03:2880:f800:6:: - - [12/Jun/2025:11:14:39 -0400] "GET / HTTP/1.1" 200 10845 "-" "meta-externalagent/1.1 (+https://developers.facebook.com/docs/sharing/webmasters/crawler)"
66.249.66.38 - - [12/Jun/2025:11:14:43 -0400] "GET /entity/overhigh/873226124.phtml HTTP/1.1" 200 23702 "-" "Mozilla/5.0 (Linux; Android 6.0.1; Nexus 5X Build/MMB29P) AppleWebKit/537.36 (KHTML, like Gecko) Chrome/136.0.7103.113 Mobile Safari/537.36 (compatible; GoogleOther)"
66.249.66.163 - - [12/Jun/2025:11:14:47 -0400] "GET /entity/krameria/124104418.phtml HTTP/1.1" 200 25079 "-" "Mozilla/5.0 (Linux; Android 6.0.1; Nexus 5X Build/MMB29P) AppleWebKit/537.36 (KHTML, like Gecko) Chrome/136.0.7103.113 Mobile Safari/537.36 (compatible; GoogleOther)"
2a03:2880:f800:6:: - - [12/Jun/2025:11:14:50 -0400] "GET /shopdetail/20605618 HTTP/1.1" 301 0 "-" "meta-externalagent/1.1 (+https://developers.facebook.com/docs/sharing/webmasters/crawler)"
66.249.66.14 - - [12/Jun/2025:11:14:52 -0400] "GET /item127271842.phtml HTTP/1.1" 200 24259 "-" "Mozilla/5.0 (Linux; Android 6.0.1; Nexus 5X Build/MMB29P) AppleWebKit/537.36 (KHTML, like Gecko) Chrome/136.0.7103.113 Mobile Safari/537.36 (compatible; GoogleOther)"
2a03:2880:f800:17:: - - [12/Jun/2025:11:14:52 -0400] "GET / HTTP/1.1" 200 10845 "-" "meta-externalagent/1.1 (+https://developers.facebook.com/docs/sharing/webmasters/crawler)"
2a03:2880:f800:1a:: - - [12/Jun/2025:11:14:56 -0400] "GET /shopdetail/287457818 HTTP/1.1" 301 0 "-" "meta-externalagent/1.1 (+https://developers.facebook.com/docs/sharing/webmasters/crawler)"
66.249.66.38 - - [12/Jun/2025:11:14:56 -0400] "GET /goodscode/18673938.phtml HTTP/1.1" 200 23717 "-" "Mozilla/5.0 (Linux; Android 6.0.1; Nexus 5X Build/MMB29P) AppleWebKit/537.36 (KHTML, like Gecko) Chrome/136.0.7103.113 Mobile Safari/537.36 (compatible; GoogleOther)"
2a03:2880:f800:12:: - - [12/Jun/2025:11:14:58 -0400] "GET / HTTP/1.1" 200 10845 "-" "meta-externalagent/1.1 (+https://developers.facebook.com/docs/sharing/webmasters/crawler)"
2a03:2880:f800:6:: - - [12/Jun/2025:11:15:00 -0400] "GET /shopdetail/87156518 HTTP/1.1" 301 0 "-" "meta-externalagent/1.1 (+https://developers.facebook.com/docs/sharing/webmasters/crawler)"
66.249.66.40 - - [12/Jun/2025:11:15:01 -0400] "GET /item/2055318132.phtml HTTP/1.1" 200 25552 "-" "Mozilla/5.0 (Linux; Android 6.0.1; Nexus 5X Build/MMB29P) AppleWebKit/537.36 (KHTML, like Gecko) Chrome/136.0.7103.113 Mobile Safari/537.36 (compatible; GoogleOther)"
2a03:2880:f800:1:: - - [12/Jun/2025:11:15:03 -0400] "GET / HTTP/1.1" 200 10845 "-" "meta-externalagent/1.1 (+https://developers.facebook.com/docs/sharing/webmasters/crawler)"
66.249.66.163 - - [12/Jun/2025:11:15:06 -0400] "GET /products/577304004.phtml HTTP/1.1" 200 24170 "-" "Mozilla/5.0 (Linux; Android 6.0.1; Nexus 5X Build/MMB29P) AppleWebKit/537.36 (KHTML, like Gecko) Chrome/136.0.7103.113 Mobile Safari/537.36 (compatible; GoogleOther)"
66.249.66.76 - - [12/Jun/2025:11:15:10 -0400] "GET /goodscode/kochia/125973166.phtml HTTP/1.1" 200 29979 "-" "Mozilla/5.0 (Linux; Android 6.0.1; Nexus 5X Build/MMB29P) AppleWebKit/537.36 (KHTML, like Gecko) Chrome/136.0.7103.113 Mobile Safari/537.36 (compatible; GoogleOther)"
2a03:2880:f800:12:: - - [12/Jun/2025:11:15:11 -0400] "GET /shopdetail/42025818 HTTP/1.1" 301 0 "-" "meta-externalagent/1.1 (+https://developers.facebook.com/docs/sharing/webmasters/crawler)"
2a03:2880:f800:b:: - - [12/Jun/2025:11:15:13 -0400] "GET / HTTP/1.1" 200 10845 "-" "meta-externalagent/1.1 (+https://developers.facebook.com/docs/sharing/webmasters/crawler)"
66.249.66.76 - - [12/Jun/2025:11:15:15 -0400] "GET /detail/y/followon104235078.phtml HTTP/1.1" 200 24703 "-" "Mozilla/5.0 (Linux; Android 6.0.1; Nexus 5X Build/MMB29P) AppleWebKit/537.36 (KHTML, like Gecko) Chrome/136.0.7103.113 Mobile Safari/537.36 (compatible; GoogleOther)"
216.73.216.121 - - [12/Jun/2025:11:15:18 -0400] "GET /sitemap-detail-2015.xml HTTP/1.1" 200 10972 "-" "Mozilla/5.0 AppleWebKit/537.36 (KHTML, like Gecko; compatible; ClaudeBot/1.0; [email protected])"
66.249.66.76 - - [12/Jun/2025:11:15:19 -0400] "GET /item/k/%3EChristian%20Dior%20PRET-A-PORTER%3CBR%3E%E3%83%AA%E3%83%9C%E3%83%B3%E3%82%AB%E3%83%BC%E3%83%87%E3%82%A3%E3%82%AC%E3%83%B3%E3%81%A7%E3%81%99%E3%80%82%3CBR%3E%E5%89%8D%E5%BE%8C%E3%81%AB%E3%82%B7%E3%83%AB%E3%82%AF%E3%81%AE%E3%83%AA%E3%83%9C%E3%83%B3%E3%81%8C%E3%81%82%E3%81%97%E3%82%89%E3%82%8F%E3%82%8C%E3%80%81%3CBR%3E1%E6%9E%9A%E3%81%A7%E4%B8%BB%E5%BD%B9%E3%81%AB%E3%81%AA%E3%82%8B%E3%81%8A%E6%B4%8B%E6%9C%8D%E3%81%A7%E3%81%99%E3%80%82%3CBR%3E%3CBR%3E%E2%96%A0%E3%82%B5%E3%82%A4%E3%82%BA%3CBR%3EM%E3%82%B5%E3%82%A4%E3%82%BA%3CBR%3E%E7%9D%80%E4%B8%88%E3%80%80%E7%B4%8458cm%3CBR%3E%E8%A2%96%E4%B8%88%E3%80%80%E7%B4%8458cm%3CBR%3E%E2%80%BB%E7%B4%A0%E4%BA%BA%E5%AF%B8%E6%B3%95%E3%81%AE%E3%81%9F%E3%82%81%E5%A4%9A%E5%B0%91%E3%81%AE%E8%AA%A4%E5%B7%AE%E3%81%AF%E3%81%94%E4%BA%86%E6%89%BF%E3%81%8F%E3%81%A0%E3%81%95%E3%81%84%E3%80%82%3CBR%3E%3CBR%3E%E2%96%A0%E7%8A%B6%E6%85%8B%3CBR%3E%E7%9B%AE%E7%AB%8B%E3%81%A4%E3%81%BB%E3%81%A4%E3%82%8C%E3%82%84%E6%AF%9B%E7%8E%89%E3%82%84%E3%83%A8%E3%83%AC%E3%81%AF%E3%81%AA%E3%81%8F%3CBR%3E%E7%8A%B6%E6%85%8B%E3%81%AF%E7%BE%8E%E5%93%81%E3%81%AB%E8%BF%91%E3%81%84%E3%81%A7%E3%81%99%E3%80%82%3CBR%3E%E3%81%9F%E3%81%9F%E3%81%BF%E7%9A%BA%E3%81%AB%E3%82%88%E3%82%8B%E3%83%AA%E3%83%9C%E3%83%B3%E3%81%AE%E6%8A%98%E3%82%8C%E3%81%AF%E5%A4%9A%E5%B0%91%E3%81%94%E3%81%96%E3%81%84%E3%81%BE%E3%81%99%E3%81%8C%3CBR%3E%E7%9D%80%E7%94%A8%E3%81%AB%E3%81%AF%E6%B0%97%E3%81%AB%E3%81%AA%E3%82%89%E3%81%AA%E3%81%84%E3%81%8B%E3%81%A8%E6%80%9D%E3%82%8F%E3%82%8C%E3%81%BE%E3%81%99%E3%80%82%3CBR%3E%E7%8F%BE%E7%8A%B6%E3%81%8A%E6%B8%A1%E3%81%97%E3%81%A8%E3%81%AA%E3%82%8B%E3%81%9F%E3%82%81NCNR%E3%81%A7%E3%81%8A%E9%A1%98%E3%81%84%E3%81%84%E3%81%9F%E3%81%97%E3%81%BE%E3%81%99%E3%80%82%3CBR%3E%3CBR%3E%E4%B8%81%E5%AF%A7%E3%81%AB%E6%A2%B1%E5%8C%85%E3%81%97%E3%81%A6%E9%85%8D%E9%80%81%E3%81%84%E3%81%9F%E3%81%97%E3%81%BE%E3%81%99%E3%80%82%20%20%20%20%3C/div%3E%20%20%20%20%3Cdiv%20class= HTTP/1.1" 200 26086 "-" "Googlebot-Image/1.0"
66.249.66.76 - - [12/Jun/2025:11:15:24 -0400] "GET /info/permissible/873369062.phtml HTTP/1.1" 200 24709 "-" "Mozilla/5.0 (Linux; Android 6.0.1; Nexus 5X Build/MMB29P) AppleWebKit/537.36 (KHTML, like Gecko) Chrome/136.0.7103.113 Mobile Safari/537.36 (compatible; GoogleOther)"
66.249.66.76 - - [12/Jun/2025:11:15:29 -0400] "GET /shopdetail/hyperthyrion/2061298626.phtml HTTP/1.1" 200 23397 "-" "Mozilla/5.0 (Linux; Android 6.0.1; Nexus 5X Build/MMB29P) AppleWebKit/537.36 (KHTML, like Gecko) Chrome/136.0.7103.113 Mobile Safari/537.36 (compatible; GoogleOther)"
162.0.232.193 - - [12/Jun/2025:11:15:31 -0400] "POST /wp-cron.php?doing_wp_cron=1749741331.3768410682678222656250 HTTP/1.1" 200 0 "-" "WordPress/6.6.2; https://remonster.online"
2a03:2880:f800:a:: - - [12/Jun/2025:11:15:30 -0400] "GET /shopdetail/115316918 HTTP/1.1" 301 0 "-" "meta-externalagent/1.1 (+https://developers.facebook.com/docs/sharing/webmasters/crawler)"
66.249.66.76 - - [12/Jun/2025:11:15:34 -0400] "GET /items874554324.phtml HTTP/1.1" 200 24209 "-" "Mozilla/5.0 (Linux; Android 6.0.1; Nexus 5X Build/MMB29P) AppleWebKit/537.36 (KHTML, like Gecko) Chrome/136.0.7103.113 Mobile Safari/537.36 (compatible; GoogleOther)"
2a03:2880:f800:13:: - - [12/Jun/2025:11:15:34 -0400] "GET / HTTP/1.1" 200 10845 "-" "meta-externalagent/1.1 (+https://developers.facebook.com/docs/sharing/webmasters/crawler)"
2a03:2880:f800:d:: - - [12/Jun/2025:11:15:37 -0400] "GET /shopdetail/92036718 HTTP/1.1" 301 0 "-" "meta-externalagent/1.1 (+https://developers.facebook.com/docs/sharing/webmasters/crawler)"
66.249.66.13 - - [12/Jun/2025:11:15:38 -0400] "GET /items874840708.phtml HTTP/1.1" 200 25463 "-" "Mozilla/5.0 (Linux; Android 6.0.1; Nexus 5X Build/MMB29P) AppleWebKit/537.36 (KHTML, like Gecko) Chrome/136.0.7103.113 Mobile Safari/537.36 (compatible; GoogleOther)"
2a03:2880:f800:f:: - - [12/Jun/2025:11:15:39 -0400] "GET / HTTP/1.1" 200 10845 "-" "meta-externalagent/1.1 (+https://developers.facebook.com/docs/sharing/webmasters/crawler)"
66.249.66.76 - - [12/Jun/2025:11:15:43 -0400] "GET /product72179268.phtml HTTP/1.1" 200 23386 "-" "Mozilla/5.0 (Linux; Android 6.0.1; Nexus 5X Build/MMB29P) AppleWebKit/537.36 (KHTML, like Gecko) Chrome/136.0.7103.113 Mobile Safari/537.36 (compatible; GoogleOther)"
66.249.66.76 - - [12/Jun/2025:11:15:47 -0400] "GET /goods1375388886.phtml HTTP/1.1" 200 24595 "-" "Mozilla/5.0 (Linux; Android 6.0.1; Nexus 5X Build/MMB29P) AppleWebKit/537.36 (KHTML, like Gecko) Chrome/136.0.7103.113 Mobile Safari/537.36 (compatible; GoogleOther)"
2a03:2880:f800:b:: - - [12/Jun/2025:11:15:49 -0400] "GET /shopdetail/245787618 HTTP/1.1" 301 0 "-" "meta-externalagent/1.1 (+https://developers.facebook.com/docs/sharing/webmasters/crawler)"
2a03:2880:f800:9:: - - [12/Jun/2025:11:15:51 -0400] "GET /shopdetail/228831218 HTTP/1.1" 301 0 "-" "meta-externalagent/1.1 (+https://developers.facebook.com/docs/sharing/webmasters/crawler)"
2a03:2880:f800:1:: - - [12/Jun/2025:11:15:51 -0400] "GET / HTTP/1.1" 200 10845 "-" "meta-externalagent/1.1 (+https://developers.facebook.com/docs/sharing/webmasters/crawler)"
66.249.66.77 - - [12/Jun/2025:11:15:52 -0400] "GET /special21344330.phtml HTTP/1.1" 200 23702 "-" "Mozilla/5.0 (Linux; Android 6.0.1; Nexus 5X Build/MMB29P) AppleWebKit/537.36 (KHTML, like Gecko) Chrome/136.0.7103.113 Mobile Safari/537.36 (compatible; GoogleOther)"
