66.249.66.69 - - [12/Jun/2025:13:03:30 -0400] "POST /get-message-notify HTTP/1.1" 200 24590 "https://remonster.online/products/2049337316.phtml" "Mozilla/5.0 (Linux; Android 6.0.1; Nexus 5X Build/MMB29P) AppleWebKit/537.36 (KHTML, like Gecko) Chrome/136.0.7103.113 Mobile Safari/537.36 (compatible; Googlebot/2.1; +http://www.google.com/bot.html)"
66.249.66.42 - - [12/Jun/2025:13:03:31 -0400] "GET /products/2065451452.phtml HTTP/1.1" 200 24573 "-" "Mozilla/5.0 (Linux; Android 6.0.1; Nexus 5X Build/MMB29P) AppleWebKit/537.36 (KHTML, like Gecko) Chrome/136.0.7103.113 Mobile Safari/537.36 (compatible; GoogleOther)"
66.249.66.6 - - [12/Jun/2025:13:03:36 -0400] "GET /shopdetail117243146.phtml HTTP/1.1" 200 24732 "-" "Mozilla/5.0 (Linux; Android 6.0.1; Nexus 5X Build/MMB29P) AppleWebKit/537.36 (KHTML, like Gecko) Chrome/136.0.7103.113 Mobile Safari/537.36 (compatible; GoogleOther)"
66.249.66.69 - - [12/Jun/2025:13:03:41 -0400] "GET /goodscode/2063885648.phtml HTTP/1.1" 200 24458 "-" "Mozilla/5.0 (Linux; Android 6.0.1; Nexus 5X Build/MMB29P) AppleWebKit/537.36 (KHTML, like Gecko) Chrome/136.0.7103.113 Mobile Safari/537.36 (compatible; GoogleOther)"
162.0.232.193 - - [12/Jun/2025:13:03:44 -0400] "POST /wp-cron.php?doing_wp_cron=1749747824.6565270423889160156250 HTTP/1.1" 200 0 "-" "WordPress/6.6.2; https://remonster.online"
2a03:2880:f800:8:: - - [12/Jun/2025:13:03:43 -0400] "GET /shopdetail/93361418 HTTP/1.1" 301 0 "-" "meta-externalagent/1.1 (+https://developers.facebook.com/docs/sharing/webmasters/crawler)"
2a03:2880:f800:15:: - - [12/Jun/2025:13:03:44 -0400] "GET /shopdetail/89356518 HTTP/1.1" 301 0 "-" "meta-externalagent/1.1 (+https://developers.facebook.com/docs/sharing/webmasters/crawler)"
2a03:2880:f800:7:: - - [12/Jun/2025:13:03:46 -0400] "GET / HTTP/1.1" 200 10845 "-" "meta-externalagent/1.1 (+https://developers.facebook.com/docs/sharing/webmasters/crawler)"
66.249.66.42 - - [12/Jun/2025:13:03:46 -0400] "GET /shopdetail72260012.phtml HTTP/1.1" 200 24423 "-" "Mozilla/5.0 (Linux; Android 6.0.1; Nexus 5X Build/MMB29P) AppleWebKit/537.36 (KHTML, like Gecko) Chrome/136.0.7103.113 Mobile Safari/537.36 (compatible; GoogleOther)"
2a03:2880:f800:11:: - - [12/Jun/2025:13:03:48 -0400] "GET / HTTP/1.1" 200 10845 "-" "meta-externalagent/1.1 (+https://developers.facebook.com/docs/sharing/webmasters/crawler)"
66.249.66.69 - - [12/Jun/2025:13:03:51 -0400] "GET /shopbrand/eze/boroughmaster2064303414.phtml HTTP/1.1" 200 23876 "-" "Mozilla/5.0 (Linux; Android 6.0.1; Nexus 5X Build/MMB29P) AppleWebKit/537.36 (KHTML, like Gecko) Chrome/136.0.7103.113 Mobile Safari/537.36 (compatible; GoogleOther)"
2a03:2880:f800:1c:: - - [12/Jun/2025:13:03:51 -0400] "GET /shopdetail/211471618 HTTP/1.1" 301 0 "-" "meta-externalagent/1.1 (+https://developers.facebook.com/docs/sharing/webmasters/crawler)"
2a03:2880:f800:3:: - - [12/Jun/2025:13:03:54 -0400] "GET / HTTP/1.1" 200 10845 "-" "meta-externalagent/1.1 (+https://developers.facebook.com/docs/sharing/webmasters/crawler)"
66.249.66.70 - - [12/Jun/2025:13:03:56 -0400] "GET /detail121190840.phtml HTTP/1.1" 200 23684 "-" "Mozilla/5.0 (Linux; Android 6.0.1; Nexus 5X Build/MMB29P) AppleWebKit/537.36 (KHTML, like Gecko) Chrome/136.0.7103.113 Mobile Safari/537.36 (compatible; GoogleOther)"
66.249.66.43 - - [12/Jun/2025:13:04:00 -0400] "GET /item/a/hauteur/2061290026.phtml HTTP/1.1" 200 23929 "-" "Mozilla/5.0 (Linux; Android 6.0.1; Nexus 5X Build/MMB29P) AppleWebKit/537.36 (KHTML, like Gecko) Chrome/136.0.7103.113 Mobile Safari/537.36 (compatible; GoogleOther)"
2a03:2880:f800:d:: - - [12/Jun/2025:13:04:00 -0400] "GET /shopdetail/25574018 HTTP/1.1" 301 0 "-" "meta-externalagent/1.1 (+https://developers.facebook.com/docs/sharing/webmasters/crawler)"
2a03:2880:f800:a:: - - [12/Jun/2025:13:04:03 -0400] "GET / HTTP/1.1" 200 10845 "-" "meta-externalagent/1.1 (+https://developers.facebook.com/docs/sharing/webmasters/crawler)"
66.249.66.195 - - [12/Jun/2025:13:04:05 -0400] "GET /items/finfooted/102379356.phtml HTTP/1.1" 200 24293 "-" "Mozilla/5.0 (Linux; Android 6.0.1; Nexus 5X Build/MMB29P) AppleWebKit/537.36 (KHTML, like Gecko) Chrome/136.0.7103.113 Mobile Safari/537.36 (compatible; GoogleOther)"
162.0.232.193 - - [12/Jun/2025:13:04:08 -0400] "POST /wp-cron.php?doing_wp_cron=1749747848.0892009735107421875000 HTTP/1.1" 200 0 "-" "WordPress/6.6.2; https://remonster.online"
2a01:4ff:1f0:84b0::1 - - [12/Jun/2025:13:04:07 -0400] "POST /xmlrpc.php HTTP/1.1" 200 186 "-" "Mozilla/5.0 (Windows NT 10.0; Win64; x64; rv:65.0) Gecko/20100101 Firefox/65.0"
66.249.66.6 - - [12/Jun/2025:13:04:10 -0400] "GET /shopping/sayanus/2063684884.phtml HTTP/1.1" 200 25140 "-" "Mozilla/5.0 (Linux; Android 6.0.1; Nexus 5X Build/MMB29P) AppleWebKit/537.36 (KHTML, like Gecko) Chrome/136.0.7103.113 Mobile Safari/537.36 (compatible; GoogleOther)"
120.26.119.102 - - [12/Jun/2025:13:04:13 -0400] "POST /xmlrpc.php HTTP/1.1" 200 186 "-" "Mozilla/5.0 (Windows NT 10.0; Win64; x64) AppleWebKit/537.36 (KHTML, like Gecko) Chrome/70.0.3538.102 Safari/537.36"
66.249.66.163 - - [12/Jun/2025:12:59:05 -0400] "GET /shopdetail/870627104.phtml HTTP/1.1" 200 24246 "-" "Mozilla/5.0 (Linux; Android 6.0.1; Nexus 5X Build/MMB29P) AppleWebKit/537.36 (KHTML, like Gecko) Chrome/136.0.7103.113 Mobile Safari/537.36 (compatible; GoogleOther)"
66.249.66.162 - - [12/Jun/2025:12:59:10 -0400] "GET /special72581184.phtml HTTP/1.1" 200 23741 "-" "Mozilla/5.0 (Linux; Android 6.0.1; Nexus 5X Build/MMB29P) AppleWebKit/537.36 (KHTML, like Gecko) Chrome/136.0.7103.113 Mobile Safari/537.36 (compatible; GoogleOther)"
66.249.66.198 - - [12/Jun/2025:12:59:16 -0400] "GET /shopdetail/2066484540.phtml HTTP/1.1" 200 24604 "-" "Mozilla/5.0 (Linux; Android 6.0.1; Nexus 5X Build/MMB29P) AppleWebKit/537.36 (KHTML, like Gecko) Chrome/136.0.7103.113 Mobile Safari/537.36 (compatible; GoogleOther)"
66.249.66.198 - - [12/Jun/2025:12:59:21 -0400] "GET /product/anilide/571115942.phtml HTTP/1.1" 200 26121 "-" "Mozilla/5.0 (Linux; Android 6.0.1; Nexus 5X Build/MMB29P) AppleWebKit/537.36 (KHTML, like Gecko) Chrome/136.0.7103.113 Mobile Safari/537.36 (compatible; GoogleOther)"
66.249.66.76 - - [12/Jun/2025:12:59:27 -0400] "GET /info2057257930.phtml HTTP/1.1" 200 24331 "-" "Mozilla/5.0 (Linux; Android 6.0.1; Nexus 5X Build/MMB29P) AppleWebKit/537.36 (KHTML, like Gecko) Chrome/136.0.7103.113 Mobile Safari/537.36 (compatible; GoogleOther)"
58.8.153.232 - - [12/Jun/2025:12:59:32 -0400] "GET /manga/remonster-chapter-106/ HTTP/1.1" 200 14313 "https://remonster.online/manga/remonster-chapter-106/" "Mozilla/5.0 (iPhone; CPU iPhone OS 18_5 like Mac OS X) AppleWebKit/605.1.15 (KHTML, like Gecko) Version/18.5 Mobile/15E148 Safari/604.1"
66.249.66.76 - - [12/Jun/2025:12:59:33 -0400] "GET /goodscode/vra/intercommunity22994660.phtml HTTP/1.1" 200 24635 "-" "Mozilla/5.0 (Linux; Android 6.0.1; Nexus 5X Build/MMB29P) AppleWebKit/537.36 (KHTML, like Gecko) Chrome/136.0.7103.113 Mobile Safari/537.36 (compatible; GoogleOther)"
66.249.66.6 - - [12/Jun/2025:13:04:15 -0400] "GET /categories/11944194?num=88346 HTTP/1.1" 200 24118 "-" "Mozilla/5.0 (Linux; Android 6.0.1; Nexus 5X Build/MMB29P) AppleWebKit/537.36 (KHTML, like Gecko) Chrome/136.0.7103.113 Mobile Safari/537.36 (compatible; GoogleOther)"
162.0.232.193 - - [12/Jun/2025:13:04:19 -0400] "POST /wp-cron.php?doing_wp_cron=1749747859.0772609710693359375000 HTTP/1.1" 200 0 "-" "WordPress/6.6.2; https://remonster.online"
212.175.153.56 - - [12/Jun/2025:13:04:18 -0400] "POST /xmlrpc.php HTTP/1.1" 200 186 "-" "Mozilla/5.0 (Windows NT 6.1; WOW64; rv:45.0) Gecko/20100101 Firefox/45.0"
66.249.66.194 - - [12/Jun/2025:13:04:20 -0400] "GET /shopping/rsi/initially/2066685304.phtml HTTP/1.1" 200 23713 "-" "Mozilla/5.0 (Linux; Android 6.0.1; Nexus 5X Build/MMB29P) AppleWebKit/537.36 (KHTML, like Gecko) Chrome/136.0.7103.113 Mobile Safari/537.36 (compatible; GoogleOther)"
23.101.201.119 - - [12/Jun/2025:13:04:24 -0400] "POST /xmlrpc.php HTTP/1.1" 200 186 "-" "Mozilla/5.0 (Windows NT 6.1; WOW64; rv:42.0) Gecko/20100101 Firefox/42.0"
66.249.66.6 - - [12/Jun/2025:13:04:25 -0400] "GET /shopbrand139550154.phtml HTTP/1.1" 200 24484 "-" "Mozilla/5.0 (Linux; Android 6.0.1; Nexus 5X Build/MMB29P) AppleWebKit/537.36 (KHTML, like Gecko) Chrome/136.0.7103.113 Mobile Safari/537.36 (compatible; GoogleOther)"
66.249.66.6 - - [12/Jun/2025:13:04:30 -0400] "GET /shopdetail/2057200810.phtml HTTP/1.1" 200 25184 "-" "Mozilla/5.0 (Linux; Android 6.0.1; Nexus 5X Build/MMB29P) AppleWebKit/537.36 (KHTML, like Gecko) Chrome/136.0.7103.113 Mobile Safari/537.36 (compatible; GoogleOther)"
162.0.232.193 - - [12/Jun/2025:13:04:34 -0400] "POST /wp-cron.php?doing_wp_cron=1749747873.9931719303131103515625 HTTP/1.1" 200 0 "-" "WordPress/6.6.2; https://remonster.online"
54.251.104.161 - - [12/Jun/2025:13:04:32 -0400] "POST /xmlrpc.php HTTP/1.1" 200 186 "-" "Mozilla/5.0 (Windows NT 10.0; WOW64) AppleWebKit/537.36 (KHTML, like Gecko) Chrome/72.0.3626.121 Safari/537.36"
66.249.66.42 - - [12/Jun/2025:13:04:35 -0400] "GET /items/y/precontracted14417330.phtml HTTP/1.1" 200 24147 "-" "Mozilla/5.0 (Linux; Android 6.0.1; Nexus 5X Build/MMB29P) AppleWebKit/537.36 (KHTML, like Gecko) Chrome/136.0.7103.113 Mobile Safari/537.36 (compatible; GoogleOther)"
66.249.66.160 - - [12/Jun/2025:13:04:40 -0400] "GET /goodscode/m/fregata870682882.phtml HTTP/1.1" 200 26126 "-" "Mozilla/5.0 (Linux; Android 6.0.1; Nexus 5X Build/MMB29P) AppleWebKit/537.36 (KHTML, like Gecko) Chrome/136.0.7103.113 Mobile Safari/537.36 (compatible; GoogleOther)"
193.202.110.28 - - [12/Jun/2025:13:04:41 -0400] "POST /xmlrpc.php HTTP/1.1" 200 186 "-" "Mozilla/5.0 (Windows NT 6.1; WOW64; rv:52.0) Gecko/20100101 Firefox/52.0"
66.249.66.160 - - [12/Jun/2025:13:04:45 -0400] "GET /entity/124110772.phtml HTTP/1.1" 200 25575 "-" "Mozilla/5.0 (Linux; Android 6.0.1; Nexus 5X Build/MMB29P) AppleWebKit/537.36 (KHTML, like Gecko) Chrome/136.0.7103.113 Mobile Safari/537.36 (compatible; GoogleOther)"
66.249.66.70 - - [12/Jun/2025:13:04:51 -0400] "GET /item/z/deepening/%3E%E4%BD%BF%E7%94%A8%E6%9C%9F%E9%96%93%E7%9F%AD%E3%81%84%E3%81%AE%E3%81%A7%E3%81%84%E3%81%8B%E3%81%8C%E3%81%A7%E3%81%97%E3%82%87%E3%81%86%E3%80%82%3CBR%3E%3CBR%3E%E5%8F%96%E4%BB%98%E3%81%8B%E3%82%8950%E3%82%AD%E3%83%AD%E4%BD%8D%E3%81%97%E3%81%8B%E8%B5%B0%E3%81%A3%E3%81%A6%E3%81%84%E3%81%BE%E3%81%9B%E3%82%93%E3%80%82%3CBR%3E%3CBR%3E%E5%AE%9C%E3%81%97%E3%81%8F%E3%81%8A%E9%A1%98%E3%81%84%E8%87%B4%E3%81%97%E3%81%BE%E3%81%99%E3%80%82%3CBR%3E%3CBR%3E%3CSPAN%3E%EF%BC%882022%E5%B9%B4%209%E6%9C%88%20%208%E6%97%A5%2021%E6%99%82%2023%E5%88%86%20%E8%BF%BD%E5%8A%A0%EF%BC%89%3C/SPAN%3E%3CBR%3E%E8%96%84%E3%81%84%E3%83%93%E3%83%8B%E3%83%BC%E3%83%AB%E3%81%AE%E3%83%A9%E3%83%83%E3%83%97%E3%81%A7%E5%8C%85%E3%82%93%E3%81%A7%E7%99%BA%E9%80%81%E3%81%97%E3%81%BE%E3%81%99%E3%80%82%20%20%20%20%3C/div%3E%20%20%20%20%3Cdiv%20class= HTTP/1.1" 200 25467 "-" "Googlebot-Image/1.0"
51.178.146.199 - - [12/Jun/2025:13:04:51 -0400] "POST /xmlrpc.php HTTP/1.1" 200 186 "-" "Mozilla/5.0 (Windows NT 6.1; WOW64; rv:18.0) Gecko/20100101 Firefox/18.0"
66.249.66.6 - - [12/Jun/2025:13:04:56 -0400] "GET /shopdetail/categorical/2058780668.phtml HTTP/1.1" 200 24942 "-" "Mozilla/5.0 (Linux; Android 6.0.1; Nexus 5X Build/MMB29P) AppleWebKit/537.36 (KHTML, like Gecko) Chrome/136.0.7103.113 Mobile Safari/537.36 (compatible; GoogleOther)"
77.68.64.31 - - [12/Jun/2025:13:04:55 -0400] "POST /xmlrpc.php HTTP/1.1" 200 186 "-" "Mozilla/5.0 (Windows NT 10.0; WOW64; rv:52.0) Gecko/20100101 Firefox/52.0"
2a03:2880:f800:1a:: - - [12/Jun/2025:13:05:01 -0400] "GET /shopdetail/34209418 HTTP/1.1" 301 0 "-" "meta-externalagent/1.1 (+https://developers.facebook.com/docs/sharing/webmasters/crawler)"
66.249.66.69 - - [12/Jun/2025:13:05:02 -0400] "GET /categories/111893586?num=89698 HTTP/1.1" 200 23869 "-" "Mozilla/5.0 (Linux; Android 6.0.1; Nexus 5X Build/MMB29P) AppleWebKit/537.36 (KHTML, like Gecko) Chrome/136.0.7103.113 Mobile Safari/537.36 (compatible; GoogleOther)"
2a03:2880:f800:15:: - - [12/Jun/2025:13:05:04 -0400] "GET / HTTP/1.1" 200 10845 "-" "meta-externalagent/1.1 (+https://developers.facebook.com/docs/sharing/webmasters/crawler)"
66.249.66.42 - - [12/Jun/2025:13:05:08 -0400] "GET /products/vhk/opencast2059843796.phtml HTTP/1.1" 200 23702 "-" "Mozilla/5.0 (Linux; Android 6.0.1; Nexus 5X Build/MMB29P) AppleWebKit/537.36 (KHTML, like Gecko) Chrome/136.0.7103.113 Mobile Safari/537.36 (compatible; GoogleOther)"
66.249.66.160 - - [12/Jun/2025:13:05:13 -0400] "GET /goodscode76619890.phtml HTTP/1.1" 200 23588 "-" "Mozilla/5.0 (Linux; Android 6.0.1; Nexus 5X Build/MMB29P) AppleWebKit/537.36 (KHTML, like Gecko) Chrome/136.0.7103.113 Mobile Safari/537.36 (compatible; GoogleOther)"
66.249.66.160 - - [12/Jun/2025:13:05:19 -0400] "GET /goodscode/872793214.phtml HTTP/1.1" 200 24302 "-" "Mozilla/5.0 (Linux; Android 6.0.1; Nexus 5X Build/MMB29P) AppleWebKit/537.36 (KHTML, like Gecko) Chrome/136.0.7103.113 Mobile Safari/537.36 (compatible; GoogleOther)"
162.0.232.193 - - [12/Jun/2025:13:05:24 -0400] "POST /wp-cron.php?doing_wp_cron=1749747924.1926438808441162109375 HTTP/1.1" 200 0 "-" "WordPress/6.6.2; https://remonster.online"
2a03:2880:f800:11:: - - [12/Jun/2025:13:05:23 -0400] "GET /shopdetail/387079218 HTTP/1.1" 301 0 "-" "meta-externalagent/1.1 (+https://developers.facebook.com/docs/sharing/webmasters/crawler)"
2a03:2880:f800:1c:: - - [12/Jun/2025:13:05:25 -0400] "GET / HTTP/1.1" 200 10845 "-" "meta-externalagent/1.1 (+https://developers.facebook.com/docs/sharing/webmasters/crawler)"
66.249.66.194 - - [12/Jun/2025:13:05:25 -0400] "GET /entity/99012968.phtml HTTP/1.1" 200 24875 "-" "Mozilla/5.0 (Linux; Android 6.0.1; Nexus 5X Build/MMB29P) AppleWebKit/537.36 (KHTML, like Gecko) Chrome/136.0.7103.113 Mobile Safari/537.36 (compatible; GoogleOther)"
66.249.66.160 - - [12/Jun/2025:13:05:31 -0400] "GET /products/2062030632.phtml HTTP/1.1" 200 24668 "-" "Mozilla/5.0 (Linux; Android 6.0.1; Nexus 5X Build/MMB29P) AppleWebKit/537.36 (KHTML, like Gecko) Chrome/136.0.7103.113 Mobile Safari/537.36 (compatible; GoogleOther)"
66.249.66.42 - - [12/Jun/2025:13:05:37 -0400] "GET /item/untimeous76925208.phtml HTTP/1.1" 200 23701 "-" "Mozilla/5.0 (Linux; Android 6.0.1; Nexus 5X Build/MMB29P) AppleWebKit/537.36 (KHTML, like Gecko) Chrome/136.0.7103.113 Mobile Safari/537.36 (compatible; GoogleOther)"
2401:4900:8840:3da6:ad31:8286:da17:1ef5 - - [12/Jun/2025:13:05:41 -0400] "GET / HTTP/1.1" 200 10845 "-" "Mozilla/5.0 (Windows NT 10.0; Win64; x64) AppleWebKit/537.36 (KHTML, like Gecko) Chrome/137.0.0.0 Safari/537.36"
2401:4900:8840:3da6:ad31:8286:da17:1ef5 - - [12/Jun/2025:13:05:42 -0400] "GET /wp-content/plugins/simple-social-buttons/assets/js/frontend-blocks.js?ver=5.3.1 HTTP/1.1" 304 0 "https://remonster.online/" "Mozilla/5.0 (Windows NT 10.0; Win64; x64) AppleWebKit/537.36 (KHTML, like Gecko) Chrome/137.0.0.0 Safari/537.36"
2401:4900:8840:3da6:ad31:8286:da17:1ef5 - - [12/Jun/2025:13:05:42 -0400] "GET /wp-includes/js/jquery/jquery.min.js?ver=3.7.1 HTTP/1.1" 304 0 "https://remonster.online/" "Mozilla/5.0 (Windows NT 10.0; Win64; x64) AppleWebKit/537.36 (KHTML, like Gecko) Chrome/137.0.0.0 Safari/537.36"
2401:4900:8840:3da6:ad31:8286:da17:1ef5 - - [12/Jun/2025:13:05:42 -0400] "GET /wp-content/plugins/comic-easel/js/keynav.js HTTP/1.1" 304 0 "https://remonster.online/" "Mozilla/5.0 (Windows NT 10.0; Win64; x64) AppleWebKit/537.36 (KHTML, like Gecko) Chrome/137.0.0.0 Safari/537.36"
66.249.66.6 - - [12/Jun/2025:13:05:43 -0400] "GET /products/discreetest/2061157748.phtml HTTP/1.1" 200 24084 "-" "Mozilla/5.0 (Linux; Android 6.0.1; Nexus 5X Build/MMB29P) AppleWebKit/537.36 (KHTML, like Gecko) Chrome/136.0.7103.113 Mobile Safari/537.36 (compatible; GoogleOther)"
66.249.66.42 - - [12/Jun/2025:13:05:49 -0400] "GET /goods142039612.phtml HTTP/1.1" 200 24848 "-" "Mozilla/5.0 (Linux; Android 6.0.1; Nexus 5X Build/MMB29P) AppleWebKit/537.36 (KHTML, like Gecko) Chrome/136.0.7103.113 Mobile Safari/537.36 (compatible; GoogleOther)"
162.0.232.193 - - [12/Jun/2025:13:05:50 -0400] "POST /wp-cron.php?doing_wp_cron=1749747950.5472950935363769531250 HTTP/1.1" 200 0 "-" "WordPress/6.6.2; https://remonster.online"
2a03:2880:f800:a:: - - [12/Jun/2025:13:05:50 -0400] "GET /shopdetail/322593118 HTTP/1.1" 301 0 "-" "meta-externalagent/1.1 (+https://developers.facebook.com/docs/sharing/webmasters/crawler)"
2401:4900:8840:3da6:ad31:8286:da17:1ef5 - - [12/Jun/2025:13:05:50 -0400] "GET /manga/re-monster-chapter-1/ HTTP/1.1" 200 17995 "https://remonster.online/" "Mozilla/5.0 (Windows NT 10.0; Win64; x64) AppleWebKit/537.36 (KHTML, like Gecko) Chrome/137.0.0.0 Safari/537.36"
2401:4900:8840:3da6:ad31:8286:da17:1ef5 - - [12/Jun/2025:13:05:52 -0400] "GET /wp-content/plugins/wp-automatic/js/main-front.js?ver=6.6.2 HTTP/1.1" 304 0 "https://remonster.online/manga/re-monster-chapter-1/" "Mozilla/5.0 (Windows NT 10.0; Win64; x64) AppleWebKit/537.36 (KHTML, like Gecko) Chrome/137.0.0.0 Safari/537.36"
2a03:2880:f800:17:: - - [12/Jun/2025:13:05:52 -0400] "GET / HTTP/1.1" 200 10845 "-" "meta-externalagent/1.1 (+https://developers.facebook.com/docs/sharing/webmasters/crawler)"
2401:4900:8840:3da6:ad31:8286:da17:1ef5 - - [12/Jun/2025:13:05:54 -0400] "GET /wp-content/plugins/disqus-comment-system/public/js/comment_embed.js?ver=3.1.2 HTTP/1.1" 304 0 "https://remonster.online/manga/re-monster-chapter-1/" "Mozilla/5.0 (Windows NT 10.0; Win64; x64) AppleWebKit/537.36 (KHTML, like Gecko) Chrome/137.0.0.0 Safari/537.36"
66.249.66.160 - - [12/Jun/2025:13:05:54 -0400] "GET /products/amice/2066434220.phtml HTTP/1.1" 200 24432 "-" "Mozilla/5.0 (Linux; Android 6.0.1; Nexus 5X Build/MMB29P) AppleWebKit/537.36 (KHTML, like Gecko) Chrome/136.0.7103.113 Mobile Safari/537.36 (compatible; GoogleOther)"
66.249.66.6 - - [12/Jun/2025:13:06:00 -0400] "GET /goods126378356.phtml HTTP/1.1" 200 23762 "-" "Mozilla/5.0 (Linux; Android 6.0.1; Nexus 5X Build/MMB29P) AppleWebKit/537.36 (KHTML, like Gecko) Chrome/136.0.7103.113 Mobile Safari/537.36 (compatible; GoogleOther)"
66.249.66.160 - - [12/Jun/2025:13:06:05 -0400] "GET /products/o/representment869535546.phtml HTTP/1.1" 200 24036 "-" "Mozilla/5.0 (Linux; Android 6.0.1; Nexus 5X Build/MMB29P) AppleWebKit/537.36 (KHTML, like Gecko) Chrome/136.0.7103.113 Mobile Safari/537.36 (compatible; GoogleOther)"
2401:4900:8840:3da6:ad31:8286:da17:1ef5 - - [12/Jun/2025:13:06:06 -0400] "GET /wp-includes/js/comment-reply.min.js?ver=6.6.2 HTTP/1.1" 304 0 "https://remonster.online/manga/re-monster-chapter-1/" "Mozilla/5.0 (Windows NT 10.0; Win64; x64) AppleWebKit/537.36 (KHTML, like Gecko) Chrome/137.0.0.0 Safari/537.36"
66.249.66.194 - - [12/Jun/2025:13:06:10 -0400] "GET /entity/zs/xyloidin120554400.phtml HTTP/1.1" 200 23829 "-" "Mozilla/5.0 (Linux; Android 6.0.1; Nexus 5X Build/MMB29P) AppleWebKit/537.36 (KHTML, like Gecko) Chrome/136.0.7103.113 Mobile Safari/537.36 (compatible; GoogleOther)"
66.249.66.69 - - [12/Jun/2025:13:06:15 -0400] "GET /item/lered2065205116.phtml HTTP/1.1" 200 24227 "-" "Mozilla/5.0 (Linux; Android 6.0.1; Nexus 5X Build/MMB29P) AppleWebKit/537.36 (KHTML, like Gecko) Chrome/136.0.7103.113 Mobile Safari/537.36 (compatible; GoogleOther)"
66.249.66.194 - - [12/Jun/2025:13:01:14 -0400] "GET /item/%3E%3CCENTER%3E%20%20%20%20%20%20%20%20%20%20%20%20%20%3CBR%3E%3CB%3E%E2%98%85%E2%98%85%E2%98%85%20%E3%81%AF%E3%81%98%E3%82%81%E3%81%AB%20%E2%98%85%E2%98%85%E2%98%85%3CBR%3E%3CBR%3E%3C/B%3E%3CFONT%20COLOR= HTTP/1.1" 200 24827 "-" "Googlebot-Image/1.0"
66.249.66.194 - - [12/Jun/2025:13:01:21 -0400] "GET /shopdetail/matrilineal2059126104.phtml HTTP/1.1" 200 24771 "-" "Mozilla/5.0 (Linux; Android 6.0.1; Nexus 5X Build/MMB29P) AppleWebKit/537.36 (KHTML, like Gecko) Chrome/136.0.7103.113 Mobile Safari/537.36 (compatible; GoogleOther)"
162.0.232.193 - - [12/Jun/2025:13:06:19 -0400] "POST /wp-cron.php?doing_wp_cron=1749747979.0445990562438964843750 HTTP/1.1" 200 0 "-" "WordPress/6.6.2; https://remonster.online"
198.98.53.81 - - [12/Jun/2025:13:06:18 -0400] "GET /wp-login.php HTTP/1.1" 200 1749 "-" "Mozilla/5.0 (Windows NT 6.1; WOW64; rv:30.0) Gecko/20100101 Firefox/30.0"
198.98.53.81 - - [12/Jun/2025:13:06:19 -0400] "POST /wp-login.php HTTP/1.1" 200 1888 "-" "Mozilla/5.0 (Windows NT 6.1; WOW64; rv:30.0) Gecko/20100101 Firefox/30.0"
2a03:2880:f800:15:: - - [12/Jun/2025:13:06:19 -0400] "GET /shopdetail/423279918 HTTP/1.1" 301 0 "-" "meta-externalagent/1.1 (+https://developers.facebook.com/docs/sharing/webmasters/crawler)"
66.249.66.69 - - [12/Jun/2025:13:06:20 -0400] "GET /item/zag/muset/145649900.phtml HTTP/1.1" 200 23781 "-" "Mozilla/5.0 (Linux; Android 6.0.1; Nexus 5X Build/MMB29P) AppleWebKit/537.36 (KHTML, like Gecko) Chrome/136.0.7103.113 Mobile Safari/537.36 (compatible; GoogleOther)"
2a03:2880:f800:e:: - - [12/Jun/2025:13:06:22 -0400] "GET / HTTP/1.1" 200 10845 "-" "meta-externalagent/1.1 (+https://developers.facebook.com/docs/sharing/webmasters/crawler)"
66.249.66.69 - - [12/Jun/2025:13:06:26 -0400] "GET /products/umlauted2062839274.phtml HTTP/1.1" 200 24088 "-" "Mozilla/5.0 (Linux; Android 6.0.1; Nexus 5X Build/MMB29P) AppleWebKit/537.36 (KHTML, like Gecko) Chrome/136.0.7103.113 Mobile Safari/537.36 (compatible; GoogleOther)"
66.249.66.160 - - [12/Jun/2025:13:06:31 -0400] "GET /info21663768.phtml HTTP/1.1" 200 27062 "-" "Mozilla/5.0 (Linux; Android 6.0.1; Nexus 5X Build/MMB29P) AppleWebKit/537.36 (KHTML, like Gecko) Chrome/136.0.7103.113 Mobile Safari/537.36 (compatible; GoogleOther)"
66.249.66.160 - - [12/Jun/2025:13:06:36 -0400] "GET /shopdetail/%3E%3CTABLE%20WIDTH=840%20BORDER=0%20CELLSPACING=0%20CELLPADDING=2%20BGCOLOR= HTTP/1.1" 200 24773 "-" "Googlebot-Image/1.0"
66.249.66.6 - - [12/Jun/2025:13:06:41 -0400] "GET /special/m/lollingly/869899078.phtml HTTP/1.1" 200 24050 "-" "Mozilla/5.0 (Linux; Android 6.0.1; Nexus 5X Build/MMB29P) AppleWebKit/537.36 (KHTML, like Gecko) Chrome/136.0.7103.113 Mobile Safari/537.36 (compatible; GoogleOther)"
66.249.66.69 - - [12/Jun/2025:13:06:47 -0400] "GET /special/intermobility19333028.phtml HTTP/1.1" 200 25188 "-" "Mozilla/5.0 (Linux; Android 6.0.1; Nexus 5X Build/MMB29P) AppleWebKit/537.36 (KHTML, like Gecko) Chrome/136.0.7103.113 Mobile Safari/537.36 (compatible; GoogleOther)"
66.249.66.43 - - [12/Jun/2025:13:06:52 -0400] "GET /products/jo/diabrotiea2058630484.phtml HTTP/1.1" 200 24002 "-" "Mozilla/5.0 (Linux; Android 6.0.1; Nexus 5X Build/MMB29P) AppleWebKit/537.36 (KHTML, like Gecko) Chrome/136.0.7103.113 Mobile Safari/537.36 (compatible; GoogleOther)"
2401:4900:1cab:9e9:acb5:14b2:819:fcc7 - - [12/Jun/2025:13:06:57 -0400] "GET /manga/re-monster-chapter-54/ HTTP/1.1" 200 17819 "https://www.google.com/" "Mozilla/5.0 (Linux; Android 10; K) AppleWebKit/537.36 (KHTML, like Gecko) Chrome/137.0.0.0 Mobile Safari/537.36"
66.249.66.7 - - [12/Jun/2025:13:06:58 -0400] "GET /info/138518284.phtml HTTP/1.1" 200 24127 "-" "Mozilla/5.0 (Linux; Android 6.0.1; Nexus 5X Build/MMB29P) AppleWebKit/537.36 (KHTML, like Gecko) Chrome/136.0.7103.113 Mobile Safari/537.36 (compatible; GoogleOther)"
66.249.66.70 - - [12/Jun/2025:13:07:03 -0400] "GET /goodscode/j/stypticity870370760.phtml HTTP/1.1" 200 24122 "-" "Mozilla/5.0 (Linux; Android 6.0.1; Nexus 5X Build/MMB29P) AppleWebKit/537.36 (KHTML, like Gecko) Chrome/136.0.7103.113 Mobile Safari/537.36 (compatible; GoogleOther)"
162.0.232.193 - - [12/Jun/2025:13:07:05 -0400] "POST /wp-cron.php?doing_wp_cron=1749748024.5129930973052978515625 HTTP/1.1" 200 0 "-" "WordPress/6.6.2; https://remonster.online"
2401:4900:1cab:9e9:acb5:14b2:819:fcc7 - - [12/Jun/2025:13:07:05 -0400] "GET /manga/re-monster-chapter-54/ HTTP/1.1" 200 17819 "https://remonster.online/manga/re-monster-chapter-54/" "Mozilla/5.0 (Linux; Android 10; K) AppleWebKit/537.36 (KHTML, like Gecko) Chrome/137.0.0.0 Mobile Safari/537.36"
2401:4900:1cab:9e9:acb5:14b2:819:fcc7 - - [12/Jun/2025:13:07:00 -0400] "POST /wp-admin/admin-ajax.php HTTP/1.1" 200 69 "https://remonster.online/manga/re-monster-chapter-54/" "Mozilla/5.0 (Linux; Android 10; K) AppleWebKit/537.36 (KHTML, like Gecko) Chrome/137.0.0.0 Mobile Safari/537.36"
2a03:2880:f800:1a:: - - [12/Jun/2025:13:07:08 -0400] "GET /shopdetail/383493718 HTTP/1.1" 301 0 "-" "meta-externalagent/1.1 (+https://developers.facebook.com/docs/sharing/webmasters/crawler)"
66.249.66.160 - - [12/Jun/2025:13:07:10 -0400] "GET /items/d/haematolytic16866356.phtml HTTP/1.1" 200 24784 "-" "Mozilla/5.0 (Linux; Android 6.0.1; Nexus 5X Build/MMB29P) AppleWebKit/537.36 (KHTML, like Gecko) Chrome/136.0.7103.113 Mobile Safari/537.36 (compatible; GoogleOther)"
2a03:2880:f800:1a:: - - [12/Jun/2025:13:07:12 -0400] "GET / HTTP/1.1" 200 10845 "-" "meta-externalagent/1.1 (+https://developers.facebook.com/docs/sharing/webmasters/crawler)"
2a03:2880:f800:4:: - - [12/Jun/2025:13:07:15 -0400] "GET /shopdetail/210973718 HTTP/1.1" 301 0 "-" "meta-externalagent/1.1 (+https://developers.facebook.com/docs/sharing/webmasters/crawler)"
2a03:2880:f800:2:: - - [12/Jun/2025:13:07:14 -0400] "GET /shopdetail/427086318 HTTP/1.1" 301 0 "-" "meta-externalagent/1.1 (+https://developers.facebook.com/docs/sharing/webmasters/crawler)"
66.249.66.69 - - [12/Jun/2025:13:07:16 -0400] "GET /special/2054198012.phtml HTTP/1.1" 200 23997 "-" "Mozilla/5.0 (Linux; Android 6.0.1; Nexus 5X Build/MMB29P) AppleWebKit/537.36 (KHTML, like Gecko) Chrome/136.0.7103.113 Mobile Safari/537.36 (compatible; GoogleOther)"
2a03:2880:f800:2:: - - [12/Jun/2025:13:07:18 -0400] "GET / HTTP/1.1" 200 10845 "-" "meta-externalagent/1.1 (+https://developers.facebook.com/docs/sharing/webmasters/crawler)"
2a03:2880:f800:1a:: - - [12/Jun/2025:13:07:22 -0400] "GET / HTTP/1.1" 200 10845 "-" "meta-externalagent/1.1 (+https://developers.facebook.com/docs/sharing/webmasters/crawler)"
66.249.66.160 - - [12/Jun/2025:13:07:22 -0400] "GET /item/xnc/subjectmatter123929392.phtml HTTP/1.1" 200 25694 "-" "Mozilla/5.0 (Linux; Android 6.0.1; Nexus 5X Build/MMB29P) AppleWebKit/537.36 (KHTML, like Gecko) Chrome/136.0.7103.113 Mobile Safari/537.36 (compatible; GoogleOther)"
43.159.128.155 - - [12/Jun/2025:13:07:27 -0400] "GET /manga/re-monster-chapter-32/ HTTP/1.1" 200 17756 "-" "Mozilla/5.0 (iPhone; CPU iPhone OS 13_2_3 like Mac OS X) AppleWebKit/605.1.15 (KHTML, like Gecko) Version/13.0.3 Mobile/15E148 Safari/604.1"
66.249.66.160 - - [12/Jun/2025:13:07:28 -0400] "GET /products/872473388.phtml HTTP/1.1" 200 25651 "-" "Mozilla/5.0 (Linux; Android 6.0.1; Nexus 5X Build/MMB29P) AppleWebKit/537.36 (KHTML, like Gecko) Chrome/136.0.7103.113 Mobile Safari/537.36 (compatible; GoogleOther)"
66.249.66.160 - - [12/Jun/2025:13:07:34 -0400] "GET /special14156424.phtml HTTP/1.1" 200 24502 "-" "Mozilla/5.0 (Linux; Android 6.0.1; Nexus 5X Build/MMB29P) AppleWebKit/537.36 (KHTML, like Gecko) Chrome/136.0.7103.113 Mobile Safari/537.36 (compatible; GoogleOther)"
162.0.232.193 - - [12/Jun/2025:13:07:34 -0400] "POST /wp-cron.php?doing_wp_cron=1749748054.6441049575805664062500 HTTP/1.1" 200 0 "-" "WordPress/6.6.2; https://remonster.online"
2a03:2880:f800:3:: - - [12/Jun/2025:13:07:33 -0400] "GET /shopdetail/423580018 HTTP/1.1" 301 0 "-" "meta-externalagent/1.1 (+https://developers.facebook.com/docs/sharing/webmasters/crawler)"
2a03:2880:f800:16:: - - [12/Jun/2025:13:07:37 -0400] "GET / HTTP/1.1" 200 10845 "-" "meta-externalagent/1.1 (+https://developers.facebook.com/docs/sharing/webmasters/crawler)"
2a03:2880:f800:14:: - - [12/Jun/2025:13:07:37 -0400] "GET /shopdetail/73789118 HTTP/1.1" 301 0 "-" "meta-externalagent/1.1 (+https://developers.facebook.com/docs/sharing/webmasters/crawler)"
66.249.66.42 - - [12/Jun/2025:13:07:39 -0400] "GET /item/lamella2066551800.phtml HTTP/1.1" 200 24211 "-" "Mozilla/5.0 (Linux; Android 6.0.1; Nexus 5X Build/MMB29P) AppleWebKit/537.36 (KHTML, like Gecko) Chrome/136.0.7103.113 Mobile Safari/537.36 (compatible; GoogleOther)"
2a03:2880:f800:a:: - - [12/Jun/2025:13:07:41 -0400] "GET / HTTP/1.1" 200 10845 "-" "meta-externalagent/1.1 (+https://developers.facebook.com/docs/sharing/webmasters/crawler)"
66.249.66.160 - - [12/Jun/2025:13:07:45 -0400] "GET /items/appetence/1383096924.phtml HTTP/1.1" 200 25188 "-" "Mozilla/5.0 (Linux; Android 6.0.1; Nexus 5X Build/MMB29P) AppleWebKit/537.36 (KHTML, like Gecko) Chrome/136.0.7103.113 Mobile Safari/537.36 (compatible; GoogleOther)"
2601:205:4889:7c50:84bb:9859:8d98:c578 - - [12/Jun/2025:13:07:50 -0400] "GET /wp-content/plugins/disqus-comment-system/public/js/comment_count.js?ver=3.1.2 HTTP/1.1" 304 0 "https://remonster.online/manga/re-monster-chapter-26/" "Mozilla/5.0 (iPhone; CPU iPhone OS 18_5 like Mac OS X) AppleWebKit/605.1.15 (KHTML, like Gecko) Version/18.5 Mobile/15E148 Safari/604.1"
66.249.66.69 - - [12/Jun/2025:13:07:51 -0400] "GET /products/2064896846.phtml HTTP/1.1" 200 26165 "-" "Mozilla/5.0 (Linux; Android 6.0.1; Nexus 5X Build/MMB29P) AppleWebKit/537.36 (KHTML, like Gecko) Chrome/136.0.7103.113 Mobile Safari/537.36 (compatible; GoogleOther)"
2a03:2880:f800:13:: - - [12/Jun/2025:13:08:00 -0400] "GET /shopdetail/167202618 HTTP/1.1" 301 0 "-" "meta-externalagent/1.1 (+https://developers.facebook.com/docs/sharing/webmasters/crawler)"
66.249.66.71 - - [12/Jun/2025:13:08:02 -0400] "GET /goodscode2060330684.phtml HTTP/1.1" 200 25934 "-" "Mozilla/5.0 (Linux; Android 6.0.1; Nexus 5X Build/MMB29P) AppleWebKit/537.36 (KHTML, like Gecko) Chrome/136.0.7103.113 Mobile Safari/537.36 (compatible; GoogleOther)"
2a03:2880:f800:1:: - - [12/Jun/2025:13:08:03 -0400] "GET / HTTP/1.1" 200 10845 "-" "meta-externalagent/1.1 (+https://developers.facebook.com/docs/sharing/webmasters/crawler)"
2600:1007:b0a4:b59b:0:2d:71cf:7501 - - [12/Jun/2025:13:08:04 -0400] "GET /manga/re-monster-chapter-49/ HTTP/1.1" 200 17402 "https://remonster.online/manga/re-monster-chapter-48/" "Mozilla/5.0 (Linux; Android 10; K) AppleWebKit/537.36 (KHTML, like Gecko) Chrome/137.0.0.0 Mobile Safari/537.36"
2a03:2880:f800:7:: - - [12/Jun/2025:13:08:05 -0400] "GET /shopdetail/68854818 HTTP/1.1" 301 0 "-" "meta-externalagent/1.1 (+https://developers.facebook.com/docs/sharing/webmasters/crawler)"
66.249.66.195 - - [12/Jun/2025:13:08:07 -0400] "GET /item/2065401644.phtml HTTP/1.1" 200 23983 "-" "Mozilla/5.0 (Linux; Android 6.0.1; Nexus 5X Build/MMB29P) AppleWebKit/537.36 (KHTML, like Gecko) Chrome/136.0.7103.113 Mobile Safari/537.36 (compatible; GoogleOther)"
2a03:2880:f800:15:: - - [12/Jun/2025:13:08:08 -0400] "GET / HTTP/1.1" 200 10845 "-" "meta-externalagent/1.1 (+https://developers.facebook.com/docs/sharing/webmasters/crawler)"
66.249.66.160 - - [12/Jun/2025:13:08:13 -0400] "GET /shopping2064444292.phtml HTTP/1.1" 200 24134 "-" "Mozilla/5.0 (Linux; Android 6.0.1; Nexus 5X Build/MMB29P) AppleWebKit/537.36 (KHTML, like Gecko) Chrome/136.0.7103.113 Mobile Safari/537.36 (compatible; GoogleOther)"
66.249.66.69 - - [12/Jun/2025:13:08:20 -0400] "GET /item/eaw/causelessness/869509234.phtml HTTP/1.1" 200 23755 "-" "Mozilla/5.0 (Linux; Android 6.0.1; Nexus 5X Build/MMB29P) AppleWebKit/537.36 (KHTML, like Gecko) Chrome/136.0.7103.113 Mobile Safari/537.36 (compatible; GoogleOther)"
66.249.66.69 - - [12/Jun/2025:13:08:25 -0400] "GET /entity/prochein/130304164.phtml HTTP/1.1" 200 24644 "-" "Mozilla/5.0 (Linux; Android 6.0.1; Nexus 5X Build/MMB29P) AppleWebKit/537.36 (KHTML, like Gecko) Chrome/136.0.7103.113 Mobile Safari/537.36 (compatible; GoogleOther)"
66.249.66.160 - - [12/Jun/2025:13:08:32 -0400] "GET /entity/masula/2065187148.phtml HTTP/1.1" 200 29016 "-" "Mozilla/5.0 (Linux; Android 6.0.1; Nexus 5X Build/MMB29P) AppleWebKit/537.36 (KHTML, like Gecko) Chrome/136.0.7103.113 Mobile Safari/537.36 (compatible; GoogleOther)"
66.249.66.69 - - [12/Jun/2025:13:08:39 -0400] "GET /item/armadillidium133948724.phtml HTTP/1.1" 200 23797 "-" "Mozilla/5.0 (Linux; Android 6.0.1; Nexus 5X Build/MMB29P) AppleWebKit/537.36 (KHTML, like Gecko) Chrome/136.0.7103.113 Mobile Safari/537.36 (compatible; GoogleOther)"
66.249.66.69 - - [12/Jun/2025:13:08:41 -0400] "POST /get-message-notify HTTP/1.1" 200 24590 "https://remonster.online/entity/masula/2065187148.phtml" "Mozilla/5.0 (Linux; Android 6.0.1; Nexus 5X Build/MMB29P) AppleWebKit/537.36 (KHTML, like Gecko) Chrome/136.0.7103.113 Mobile Safari/537.36 (compatible; Googlebot/2.1; +http://www.google.com/bot.html)"
66.249.66.69 - - [12/Jun/2025:13:08:46 -0400] "GET /shopdetail/tyu/celluliferous/2062234220.phtml HTTP/1.1" 200 23733 "-" "Mozilla/5.0 (Linux; Android 6.0.1; Nexus 5X Build/MMB29P) AppleWebKit/537.36 (KHTML, like Gecko) Chrome/136.0.7103.113 Mobile Safari/537.36 (compatible; GoogleOther)"
162.0.232.193 - - [12/Jun/2025:13:08:52 -0400] "POST /wp-cron.php?doing_wp_cron=1749748131.7761900424957275390625 HTTP/1.1" 200 0 "-" "WordPress/6.6.2; https://remonster.online"
2a03:2880:f800:e:: - - [12/Jun/2025:13:08:49 -0400] "GET /shopdetail/365591518 HTTP/1.1" 301 0 "-" "meta-externalagent/1.1 (+https://developers.facebook.com/docs/sharing/webmasters/crawler)"
66.249.66.69 - - [12/Jun/2025:13:08:52 -0400] "GET /info/bww/gracefully/1375654536.phtml HTTP/1.1" 200 24161 "-" "Mozilla/5.0 (Linux; Android 6.0.1; Nexus 5X Build/MMB29P) AppleWebKit/537.36 (KHTML, like Gecko) Chrome/136.0.7103.113 Mobile Safari/537.36 (compatible; GoogleOther)"
2a03:2880:f800:f:: - - [12/Jun/2025:13:08:52 -0400] "GET /shopdetail/274322118 HTTP/1.1" 301 0 "-" "meta-externalagent/1.1 (+https://developers.facebook.com/docs/sharing/webmasters/crawler)"
2a03:2880:f800:f:: - - [12/Jun/2025:13:08:54 -0400] "GET / HTTP/1.1" 200 10845 "-" "meta-externalagent/1.1 (+https://developers.facebook.com/docs/sharing/webmasters/crawler)"
2a03:2880:f800:f:: - - [12/Jun/2025:13:08:55 -0400] "GET / HTTP/1.1" 200 10845 "-" "meta-externalagent/1.1 (+https://developers.facebook.com/docs/sharing/webmasters/crawler)"
66.249.66.160 - - [12/Jun/2025:13:08:59 -0400] "GET /special/2063159030.phtml HTTP/1.1" 200 24154 "-" "Mozilla/5.0 (Linux; Android 6.0.1; Nexus 5X Build/MMB29P) AppleWebKit/537.36 (KHTML, like Gecko) Chrome/136.0.7103.113 Mobile Safari/537.36 (compatible; GoogleOther)"
2a03:2880:f800:16:: - - [12/Jun/2025:13:09:03 -0400] "GET /shopdetail/28203318 HTTP/1.1" 301 0 "-" "meta-externalagent/1.1 (+https://developers.facebook.com/docs/sharing/webmasters/crawler)"
66.249.66.6 - - [12/Jun/2025:13:09:05 -0400] "GET /shopping72808966.phtml HTTP/1.1" 200 25030 "-" "Mozilla/5.0 (Linux; Android 6.0.1; Nexus 5X Build/MMB29P) AppleWebKit/537.36 (KHTML, like Gecko) Chrome/136.0.7103.113 Mobile Safari/537.36 (compatible; GoogleOther)"
2a03:2880:f800:4:: - - [12/Jun/2025:13:09:06 -0400] "GET / HTTP/1.1" 200 10845 "-" "meta-externalagent/1.1 (+https://developers.facebook.com/docs/sharing/webmasters/crawler)"
2a03:2880:f800:d:: - - [12/Jun/2025:13:09:07 -0400] "GET /shopdetail/3066618 HTTP/1.1" 301 0 "-" "meta-externalagent/1.1 (+https://developers.facebook.com/docs/sharing/webmasters/crawler)"
2a03:2880:f800:9:: - - [12/Jun/2025:13:09:10 -0400] "GET / HTTP/1.1" 200 10888 "-" "meta-externalagent/1.1 (+https://developers.facebook.com/docs/sharing/webmasters/crawler)"
66.249.66.160 - - [12/Jun/2025:13:09:12 -0400] "GET /products/2065502606.phtml HTTP/1.1" 200 23823 "-" "Mozilla/5.0 (Linux; Android 6.0.1; Nexus 5X Build/MMB29P) AppleWebKit/537.36 (KHTML, like Gecko) Chrome/136.0.7103.113 Mobile Safari/537.36 (compatible; GoogleOther)"
2a03:2880:f800:1b:: - - [12/Jun/2025:13:09:14 -0400] "GET /shopdetail/436323018 HTTP/1.1" 301 0 "-" "meta-externalagent/1.1 (+https://developers.facebook.com/docs/sharing/webmasters/crawler)"
2a03:2880:f800:: - - [12/Jun/2025:13:09:17 -0400] "GET / HTTP/1.1" 200 10845 "-" "meta-externalagent/1.1 (+https://developers.facebook.com/docs/sharing/webmasters/crawler)"
66.249.66.42 - - [12/Jun/2025:13:09:18 -0400] "GET /products149770312.phtml HTTP/1.1" 200 24338 "-" "Mozilla/5.0 (Linux; Android 6.0.1; Nexus 5X Build/MMB29P) AppleWebKit/537.36 (KHTML, like Gecko) Chrome/136.0.7103.113 Mobile Safari/537.36 (compatible; GoogleOther)"
66.249.66.69 - - [12/Jun/2025:13:09:24 -0400] "GET /special/%3E%3CCENTER%3E%3CTABLE%20CELLPADDING=10%20WIDTH=900px%3E%20%20%20%20%20%20%3CTR%3E%20%20%20%20%20%20%3CTD%20BGCOLOR= HTTP/1.1" 200 24787 "-" "Googlebot-Image/1.0"
66.249.66.160 - - [12/Jun/2025:13:09:29 -0400] "GET /entity/overcoat/871113546.phtml HTTP/1.1" 200 23468 "-" "Mozilla/5.0 (Linux; Android 6.0.1; Nexus 5X Build/MMB29P) AppleWebKit/537.36 (KHTML, like Gecko) Chrome/136.0.7103.113 Mobile Safari/537.36 (compatible; GoogleOther)"
2601:205:4889:7c50:84bb:9859:8d98:c578 - - [12/Jun/2025:13:09:32 -0400] "GET /manga/re-monster-chapter-27/ HTTP/1.1" 200 17316 "https://remonster.online/manga/re-monster-chapter-26/" "Mozilla/5.0 (iPhone; CPU iPhone OS 18_5 like Mac OS X) AppleWebKit/605.1.15 (KHTML, like Gecko) Version/18.5 Mobile/15E148 Safari/604.1"
162.0.232.193 - - [12/Jun/2025:13:09:34 -0400] "POST /wp-cron.php?doing_wp_cron=1749748174.1684329509735107421875 HTTP/1.1" 200 0 "-" "WordPress/6.6.2; https://remonster.online"
2a03:2880:f800:12:: - - [12/Jun/2025:13:09:33 -0400] "GET /shopdetail/141077218 HTTP/1.1" 301 0 "-" "meta-externalagent/1.1 (+https://developers.facebook.com/docs/sharing/webmasters/crawler)"
66.249.66.69 - - [12/Jun/2025:13:09:35 -0400] "GET /categories/113254902?num=91636 HTTP/1.1" 200 23735 "-" "Mozilla/5.0 (Linux; Android 6.0.1; Nexus 5X Build/MMB29P) AppleWebKit/537.36 (KHTML, like Gecko) Chrome/136.0.7103.113 Mobile Safari/537.36 (compatible; GoogleOther)"
2a03:2880:f800:7:: - - [12/Jun/2025:13:09:36 -0400] "GET / HTTP/1.1" 200 10845 "-" "meta-externalagent/1.1 (+https://developers.facebook.com/docs/sharing/webmasters/crawler)"
66.249.66.160 - - [12/Jun/2025:13:09:41 -0400] "GET /products/silverboom/2056439470.phtml HTTP/1.1" 200 23161 "-" "Mozilla/5.0 (Linux; Android 6.0.1; Nexus 5X Build/MMB29P) AppleWebKit/537.36 (KHTML, like Gecko) Chrome/136.0.7103.113 Mobile Safari/537.36 (compatible; GoogleOther)"
2a03:2880:f800:7:: - - [12/Jun/2025:13:09:44 -0400] "GET /shopdetail/89388118 HTTP/1.1" 301 0 "-" "meta-externalagent/1.1 (+https://developers.facebook.com/docs/sharing/webmasters/crawler)"
2a03:2880:f800:c:: - - [12/Jun/2025:13:09:46 -0400] "GET / HTTP/1.1" 200 10845 "-" "meta-externalagent/1.1 (+https://developers.facebook.com/docs/sharing/webmasters/crawler)"
66.249.66.160 - - [12/Jun/2025:13:09:46 -0400] "GET /goodscode2055593158.phtml HTTP/1.1" 200 25400 "-" "Mozilla/5.0 (Linux; Android 6.0.1; Nexus 5X Build/MMB29P) AppleWebKit/537.36 (KHTML, like Gecko) Chrome/136.0.7103.113 Mobile Safari/537.36 (compatible; GoogleOther)"
20.171.207.247 - - [12/Jun/2025:13:09:49 -0400] "GET /wp-admin/comment.php?action=approve&c=27 HTTP/1.1" 403 1242 "-" "Mozilla/5.0 AppleWebKit/537.36 (KHTML, like Gecko; compatible; GPTBot/1.2; +https://openai.com/gptbot)"
2a03:2880:f800:2:: - - [12/Jun/2025:13:09:48 -0400] "GET /shopdetail/3027018 HTTP/1.1" 301 0 "-" "meta-externalagent/1.1 (+https://developers.facebook.com/docs/sharing/webmasters/crawler)"
2a03:2880:f800:3:: - - [12/Jun/2025:13:09:50 -0400] "GET / HTTP/1.1" 200 10845 "-" "meta-externalagent/1.1 (+https://developers.facebook.com/docs/sharing/webmasters/crawler)"
20.171.207.247 - - [12/Jun/2025:13:09:52 -0400] "GET /wp-admin/comment.php?action=spam&c=27 HTTP/1.1" 403 1242 "-" "Mozilla/5.0 AppleWebKit/537.36 (KHTML, like Gecko; compatible; GPTBot/1.2; +https://openai.com/gptbot)"
66.249.66.69 - - [12/Jun/2025:13:09:52 -0400] "GET /item/2059088236.phtml HTTP/1.1" 200 24685 "-" "Mozilla/5.0 (Linux; Android 6.0.1; Nexus 5X Build/MMB29P) AppleWebKit/537.36 (KHTML, like Gecko) Chrome/136.0.7103.113 Mobile Safari/537.36 (compatible; GoogleOther)"
5.9.65.154 - - [12/Jun/2025:13:09:52 -0400] "POST /xmlrpc.php HTTP/1.1" 200 205 "-" "Mozilla/5.0 (X11; Ubuntu; Linux x86_64; rv:85.0) Gecko/20100101 Firefox/91.0"
20.171.207.247 - - [12/Jun/2025:13:09:55 -0400] "GET /wp-admin/comment.php?action=trash&c=27 HTTP/1.1" 403 1242 "-" "Mozilla/5.0 AppleWebKit/537.36 (KHTML, like Gecko; compatible; GPTBot/1.2; +https://openai.com/gptbot)"
66.249.66.161 - - [12/Jun/2025:13:09:57 -0400] "GET /item/g/lyrist/18056110.phtml HTTP/1.1" 200 23636 "-" "Mozilla/5.0 (Linux; Android 6.0.1; Nexus 5X Build/MMB29P) AppleWebKit/537.36 (KHTML, like Gecko) Chrome/136.0.7103.113 Mobile Safari/537.36 (compatible; GoogleOther)"
66.249.66.43 - - [12/Jun/2025:13:10:02 -0400] "GET /shopdetail/2059109544.phtml HTTP/1.1" 200 24188 "-" "Mozilla/5.0 (Linux; Android 6.0.1; Nexus 5X Build/MMB29P) AppleWebKit/537.36 (KHTML, like Gecko) Chrome/136.0.7103.113 Mobile Safari/537.36 (compatible; GoogleOther)"
66.249.66.70 - - [12/Jun/2025:13:10:08 -0400] "GET /products139256004.phtml HTTP/1.1" 200 23989 "-" "Mozilla/5.0 (Linux; Android 6.0.1; Nexus 5X Build/MMB29P) AppleWebKit/537.36 (KHTML, like Gecko) Chrome/136.0.7103.113 Mobile Safari/537.36 (compatible; GoogleOther)"
66.249.66.42 - - [12/Jun/2025:13:10:14 -0400] "GET /shopdetail/y/simultaneously872353302.phtml HTTP/1.1" 200 24021 "-" "Mozilla/5.0 (Linux; Android 6.0.1; Nexus 5X Build/MMB29P) AppleWebKit/537.36 (KHTML, like Gecko) Chrome/136.0.7103.113 Mobile Safari/537.36 (compatible; GoogleOther)"
66.249.66.69 - - [12/Jun/2025:13:10:16 -0400] "POST /get-message-notify HTTP/1.1" 200 24590 "https://remonster.online/shopdetail/2059109544.phtml" "Mozilla/5.0 (Linux; Android 6.0.1; Nexus 5X Build/MMB29P) AppleWebKit/537.36 (KHTML, like Gecko) Chrome/136.0.7103.113 Mobile Safari/537.36 (compatible; Googlebot/2.1; +http://www.google.com/bot.html)"
162.0.232.193 - - [12/Jun/2025:13:10:17 -0400] "POST /wp-cron.php?doing_wp_cron=1749748217.7673060894012451171875 HTTP/1.1" 200 0 "-" "WordPress/6.6.2; https://remonster.online"
2a03:2880:f800:13:: - - [12/Jun/2025:13:10:16 -0400] "GET /shopdetail/334393518 HTTP/1.1" 301 0 "-" "meta-externalagent/1.1 (+https://developers.facebook.com/docs/sharing/webmasters/crawler)"
2a03:2880:f800:19:: - - [12/Jun/2025:13:10:19 -0400] "GET / HTTP/1.1" 200 10845 "-" "meta-externalagent/1.1 (+https://developers.facebook.com/docs/sharing/webmasters/crawler)"
66.249.66.42 - - [12/Jun/2025:13:10:20 -0400] "GET /goodscode/schwanns139649188.phtml HTTP/1.1" 200 24887 "-" "Mozilla/5.0 (Linux; Android 6.0.1; Nexus 5X Build/MMB29P) AppleWebKit/537.36 (KHTML, like Gecko) Chrome/136.0.7103.113 Mobile Safari/537.36 (compatible; GoogleOther)"
2a03:2880:f800:b:: - - [12/Jun/2025:13:10:21 -0400] "GET /shopdetail/112308218 HTTP/1.1" 301 0 "-" "meta-externalagent/1.1 (+https://developers.facebook.com/docs/sharing/webmasters/crawler)"
2a03:2880:f800:1:: - - [12/Jun/2025:13:10:23 -0400] "GET / HTTP/1.1" 200 10845 "-" "meta-externalagent/1.1 (+https://developers.facebook.com/docs/sharing/webmasters/crawler)"
2a03:2880:f800:c:: - - [12/Jun/2025:13:10:23 -0400] "GET /shopdetail/272019118 HTTP/1.1" 301 0 "-" "meta-externalagent/1.1 (+https://developers.facebook.com/docs/sharing/webmasters/crawler)"
66.249.66.69 - - [12/Jun/2025:13:10:25 -0400] "GET /item/profanely2060939908.phtml HTTP/1.1" 200 24555 "-" "Mozilla/5.0 (Linux; Android 6.0.1; Nexus 5X Build/MMB29P) AppleWebKit/537.36 (KHTML, like Gecko) Chrome/136.0.7103.113 Mobile Safari/537.36 (compatible; GoogleOther)"
2a03:2880:f800:a:: - - [12/Jun/2025:13:10:27 -0400] "GET / HTTP/1.1" 200 10845 "-" "meta-externalagent/1.1 (+https://developers.facebook.com/docs/sharing/webmasters/crawler)"
66.249.66.42 - - [12/Jun/2025:13:10:28 -0400] "POST /get-message-notify HTTP/1.1" 200 24590 "https://remonster.online/shopdetail/y/simultaneously872353302.phtml" "Mozilla/5.0 (Linux; Android 6.0.1; Nexus 5X Build/MMB29P) AppleWebKit/537.36 (KHTML, like Gecko) Chrome/136.0.7103.113 Mobile Safari/537.36 (compatible; Googlebot/2.1; +http://www.google.com/bot.html)"
66.249.66.160 - - [12/Jun/2025:13:10:31 -0400] "GET /goods1379577074.phtml HTTP/1.1" 200 23612 "-" "Mozilla/5.0 (Linux; Android 6.0.1; Nexus 5X Build/MMB29P) AppleWebKit/537.36 (KHTML, like Gecko) Chrome/136.0.7103.113 Mobile Safari/537.36 (compatible; GoogleOther)"
66.249.66.42 - - [12/Jun/2025:13:10:36 -0400] "GET /item/lns/yield2066809048.phtml HTTP/1.1" 200 24837 "-" "Mozilla/5.0 (Linux; Android 6.0.1; Nexus 5X Build/MMB29P) AppleWebKit/537.36 (KHTML, like Gecko) Chrome/136.0.7103.113 Mobile Safari/537.36 (compatible; GoogleOther)"
162.0.232.193 - - [12/Jun/2025:13:10:40 -0400] "POST /wp-cron.php?doing_wp_cron=1749748239.8395609855651855468750 HTTP/1.1" 200 0 "-" "WordPress/6.6.2; https://remonster.online"
2a03:2880:f800:e:: - - [12/Jun/2025:13:10:39 -0400] "GET /shopdetail/33793418 HTTP/1.1" 301 0 "-" "meta-externalagent/1.1 (+https://developers.facebook.com/docs/sharing/webmasters/crawler)"
66.249.66.160 - - [12/Jun/2025:13:10:42 -0400] "GET /shopdetail72458658.phtml HTTP/1.1" 200 26511 "-" "Mozilla/5.0 (Linux; Android 6.0.1; Nexus 5X Build/MMB29P) AppleWebKit/537.36 (KHTML, like Gecko) Chrome/136.0.7103.113 Mobile Safari/537.36 (compatible; GoogleOther)"
2a03:2880:f800:8:: - - [12/Jun/2025:13:10:42 -0400] "GET / HTTP/1.1" 200 10845 "-" "meta-externalagent/1.1 (+https://developers.facebook.com/docs/sharing/webmasters/crawler)"
66.249.66.70 - - [12/Jun/2025:13:10:47 -0400] "GET /special/promuscis/2066464066.phtml HTTP/1.1" 200 24556 "-" "Mozilla/5.0 (Linux; Android 6.0.1; Nexus 5X Build/MMB29P) AppleWebKit/537.36 (KHTML, like Gecko) Chrome/136.0.7103.113 Mobile Safari/537.36 (compatible; GoogleOther)"
2a03:2880:f800:8:: - - [12/Jun/2025:13:10:47 -0400] "GET /shopdetail/179372318 HTTP/1.1" 301 0 "-" "meta-externalagent/1.1 (+https://developers.facebook.com/docs/sharing/webmasters/crawler)"
2a03:2880:f800:17:: - - [12/Jun/2025:13:10:50 -0400] "GET / HTTP/1.1" 200 10845 "-" "meta-externalagent/1.1 (+https://developers.facebook.com/docs/sharing/webmasters/crawler)"
66.249.66.69 - - [12/Jun/2025:13:10:53 -0400] "GET /shopdetail/hlu/%3E%3CTABLE%20BORDER=0%20WIDTH=500%20CELLPADDING=5%20CELLSPACING=0%3E%3CTR%3E%3CTD%20BGCOLOR= HTTP/1.1" 200 24811 "-" "Googlebot-Image/1.0"
66.249.66.70 - - [12/Jun/2025:13:10:58 -0400] "GET /detail/d/inmate107396532.phtml HTTP/1.1" 200 23847 "-" "Mozilla/5.0 (Linux; Android 6.0.1; Nexus 5X Build/MMB29P) AppleWebKit/537.36 (KHTML, like Gecko) Chrome/136.0.7103.113 Mobile Safari/537.36 (compatible; GoogleOther)"
2a03:2880:f800:3:: - - [12/Jun/2025:13:10:59 -0400] "GET /shopdetail/354619818 HTTP/1.1" 301 0 "-" "meta-externalagent/1.1 (+https://developers.facebook.com/docs/sharing/webmasters/crawler)"
2a03:2880:f800:7:: - - [12/Jun/2025:13:11:01 -0400] "GET / HTTP/1.1" 200 10845 "-" "meta-externalagent/1.1 (+https://developers.facebook.com/docs/sharing/webmasters/crawler)"
66.249.66.71 - - [12/Jun/2025:13:11:03 -0400] "GET /shopdetail/v/undershut2061905992.phtml HTTP/1.1" 200 24573 "-" "Mozilla/5.0 (Linux; Android 6.0.1; Nexus 5X Build/MMB29P) AppleWebKit/537.36 (KHTML, like Gecko) Chrome/136.0.7103.113 Mobile Safari/537.36 (compatible; GoogleOther)"
71.215.196.97 - - [12/Jun/2025:13:11:06 -0400] "GET /manga/re-monster-chapter-48/ HTTP/1.1" 200 17418 "-" "Mozilla/5.0 (Linux; Android 13; NX729J Build/TKQ1.221220.001) AppleWebKit/537.36 (KHTML, like Gecko) Version/4.0 Chrome/137.0.7151.61 Mobile Safari/537.36"
71.215.196.97 - - [12/Jun/2025:13:11:09 -0400] "GET /wp-content/uploads/2021/11/cropped-CeDzRGZ-192x192.png HTTP/1.1" 200 68304 "https://remonster.online/manga/re-monster-chapter-48/" "Mozilla/5.0 (Linux; Android 13; NX729J Build/TKQ1.221220.001) AppleWebKit/537.36 (KHTML, like Gecko) Version/4.0 Chrome/137.0.7151.61 Mobile Safari/537.36"
66.249.66.69 - - [12/Jun/2025:13:11:09 -0400] "GET /products20889786.phtml HTTP/1.1" 200 23546 "-" "Mozilla/5.0 (Linux; Android 6.0.1; Nexus 5X Build/MMB29P) AppleWebKit/537.36 (KHTML, like Gecko) Chrome/136.0.7103.113 Mobile Safari/537.36 (compatible; GoogleOther)"
66.249.66.6 - - [12/Jun/2025:13:11:14 -0400] "GET /shopdetail/l/nickelanddime872764008.phtml HTTP/1.1" 200 23702 "-" "Mozilla/5.0 (Linux; Android 6.0.1; Nexus 5X Build/MMB29P) AppleWebKit/537.36 (KHTML, like Gecko) Chrome/136.0.7103.113 Mobile Safari/537.36 (compatible; GoogleOther)"
66.249.66.194 - - [12/Jun/2025:13:11:19 -0400] "GET /item101149484.phtml HTTP/1.1" 200 24461 "-" "Mozilla/5.0 (Linux; Android 6.0.1; Nexus 5X Build/MMB29P) AppleWebKit/537.36 (KHTML, like Gecko) Chrome/136.0.7103.113 Mobile Safari/537.36 (compatible; GoogleOther)"
2a03:2880:f800:10:: - - [12/Jun/2025:13:11:21 -0400] "GET /shopdetail/225369118 HTTP/1.1" 301 0 "-" "meta-externalagent/1.1 (+https://developers.facebook.com/docs/sharing/webmasters/crawler)"
162.0.232.193 - - [12/Jun/2025:13:11:22 -0400] "POST /wp-cron.php?doing_wp_cron=1749748282.2010319232940673828125 HTTP/1.1" 200 0 "-" "WordPress/6.6.2; https://remonster.online"
2a03:2880:f800:13:: - - [12/Jun/2025:13:11:20 -0400] "GET /shopdetail/423992218 HTTP/1.1" 301 0 "-" "meta-externalagent/1.1 (+https://developers.facebook.com/docs/sharing/webmasters/crawler)"
2a03:2880:f800:1c:: - - [12/Jun/2025:13:11:23 -0400] "GET / HTTP/1.1" 200 10845 "-" "meta-externalagent/1.1 (+https://developers.facebook.com/docs/sharing/webmasters/crawler)"
2a03:2880:f800:8:: - - [12/Jun/2025:13:11:24 -0400] "GET / HTTP/1.1" 200 10845 "-" "meta-externalagent/1.1 (+https://developers.facebook.com/docs/sharing/webmasters/crawler)"
66.249.66.6 - - [12/Jun/2025:13:11:24 -0400] "GET /goodscode/872534108.phtml HTTP/1.1" 200 23787 "-" "Mozilla/5.0 (Linux; Android 6.0.1; Nexus 5X Build/MMB29P) AppleWebKit/537.36 (KHTML, like Gecko) Chrome/136.0.7103.113 Mobile Safari/537.36 (compatible; GoogleOther)"
2a03:2880:f800:d:: - - [12/Jun/2025:13:11:25 -0400] "GET /shopdetail/30958318 HTTP/1.1" 301 0 "-" "meta-externalagent/1.1 (+https://developers.facebook.com/docs/sharing/webmasters/crawler)"
2a03:2880:f800:16:: - - [12/Jun/2025:13:11:29 -0400] "GET / HTTP/1.1" 200 10845 "-" "meta-externalagent/1.1 (+https://developers.facebook.com/docs/sharing/webmasters/crawler)"
66.249.66.42 - - [12/Jun/2025:13:11:30 -0400] "GET /detail/103871414.phtml HTTP/1.1" 200 24079 "-" "Mozilla/5.0 (Linux; Android 6.0.1; Nexus 5X Build/MMB29P) AppleWebKit/537.36 (KHTML, like Gecko) Chrome/136.0.7103.113 Mobile Safari/537.36 (compatible; GoogleOther)"
