136.158.29.119 - - [12/Jun/2025:08:28:30 -0400] "GET /wp-includes/js/jquery/jquery.min.js?ver=3.7.1 HTTP/1.1" 200 29744 "https://remonster.online/manga/re-monster-chapter-49/" "Mozilla/5.0 (iPhone; CPU iPhone OS 14_6 like Mac OS X) AppleWebKit/605.1.15 (KHTML, like Gecko) Version/14.1.1 Mobile/15E148 Safari/604.1"
136.158.29.119 - - [12/Jun/2025:08:28:30 -0400] "GET /wp-content/themes/toivo-lite/js/settings.min.js?ver=1.2.0 HTTP/1.1" 200 307 "https://remonster.online/manga/re-monster-chapter-49/" "Mozilla/5.0 (iPhone; CPU iPhone OS 14_6 like Mac OS X) AppleWebKit/605.1.15 (KHTML, like Gecko) Version/14.1.1 Mobile/15E148 Safari/604.1"
136.158.29.119 - - [12/Jun/2025:08:28:31 -0400] "GET /wp-content/plugins/wp-automatic/js/main-front.js?ver=6.6.2 HTTP/1.1" 200 316 "https://remonster.online/manga/re-monster-chapter-49/" "Mozilla/5.0 (iPhone; CPU iPhone OS 14_6 like Mac OS X) AppleWebKit/605.1.15 (KHTML, like Gecko) Version/14.1.1 Mobile/15E148 Safari/604.1"
136.158.29.119 - - [12/Jun/2025:08:28:31 -0400] "GET /wp-content/plugins/disqus-comment-system/public/js/comment_embed.js?ver=3.1.2 HTTP/1.1" 200 653 "https://remonster.online/manga/re-monster-chapter-49/" "Mozilla/5.0 (iPhone; CPU iPhone OS 14_6 like Mac OS X) AppleWebKit/605.1.15 (KHTML, like Gecko) Version/14.1.1 Mobile/15E148 Safari/604.1"
136.158.29.119 - - [12/Jun/2025:08:28:31 -0400] "GET /wp-includes/js/comment-reply.min.js?ver=6.6.2 HTTP/1.1" 200 1228 "https://remonster.online/manga/re-monster-chapter-49/" "Mozilla/5.0 (iPhone; CPU iPhone OS 14_6 like Mac OS X) AppleWebKit/605.1.15 (KHTML, like Gecko) Version/14.1.1 Mobile/15E148 Safari/604.1"
136.158.29.119 - - [12/Jun/2025:08:28:31 -0400] "GET /wp-content/uploads/2021/11/CeDzRGZ.png HTTP/1.1" 200 1728239 "https://remonster.online/manga/re-monster-chapter-49/" "Mozilla/5.0 (iPhone; CPU iPhone OS 14_6 like Mac OS X) AppleWebKit/605.1.15 (KHTML, like Gecko) Version/14.1.1 Mobile/15E148 Safari/604.1"
66.249.66.76 - - [12/Jun/2025:08:28:33 -0400] "GET /shopping/%3E%E3%83%AF%E3%82%B4%E3%83%B3%EF%BC%B2%E3%80%80%EF%BC%AD%EF%BC%A8%EF%BC%92%EF%BC%91%EF%BC%B3%E3%80%80%EF%BC%B4%EF%BD%85%EF%BD%92%EF%BD%9A%EF%BD%8F%E3%83%99%E3%83%BC%E3%82%B9%E3%82%AD%E3%83%A3%E3%83%AA%E3%82%A2%E4%B8%AD%E5%8F%A4%E5%93%81%3CBR%3E%E3%83%AF%E3%82%B4%E3%83%B3R%E3%80%80MH21S%E3%81%AB%E4%BB%98%E3%81%84%E3%81%A6%E3%81%84%E3%81%9FTerzo%E3%83%99%E3%83%BC%E3%82%B9%E3%82%AD%E3%83%A3%E3%83%AA%E3%82%A2%E3%81%A7%E3%82%AD%E3%82%BA%E3%80%81%E6%B1%9A%E3%82%8C%E3%80%81%E3%82%B5%E3%83%93%E3%80%81%E3%82%B5%E3%83%93%E3%81%AB%E3%82%88%E3%82%8B%E3%83%90%E3%83%BC%E3%82%AB%E3%83%90%E3%83%BC%E6%B5%AE%E3%81%8D%E6%9C%89%E3%82%8A%E3%81%BE%E3%81%99%E3%80%82%E3%83%90%E3%83%BC%E3%82%A8%E3%83%B3%E3%83%89%E3%82%AD%E3%83%A3%E3%83%83%E3%83%97%EF%BC%92%E5%80%8B%E6%AC%A0%E5%93%81%E3%80%81%E3%82%AD%E3%83%BC%E3%82%82%E6%9C%89%E3%82%8A%E3%81%BE%E3%81%9B%E3%82%93%E3%81%8C%E3%80%813%E3%81%A4%E7%A9%B4%E3%81%8C%E6%9C%89%E3%82%8B%E3%82%AD%E3%83%BC%E3%81%AE%E9%83%A8%E5%88%86%E3%81%AB%E3%81%86%E3%81%A12%E3%81%8B%E6%89%80%E3%81%AB%E5%85%88%E3%81%AE%E5%B0%96%E3%81%A3%E3%81%9F%E7%B4%B0%E3%81%84%E3%83%A9%E3%82%B8%E3%82%AA%E3%83%9A%E3%83%B3%E3%83%81%E7%AD%89%E3%82%92%E5%B7%AE%E3%81%97%E8%BE%BC%E3%81%BF%E5%9B%9E%E3%81%9B%E3%81%B0%E3%82%AD%E3%83%BC%E3%83%AD%E3%83%83%E3%82%AF%E3%81%AF%E8%A7%A3%E9%99%A4%E5%87%BA%E6%9D%A5%E3%81%BE%E3%81%99%E3%80%82%3CBR%3E%E4%B8%AD%E5%8F%A4%E5%93%81%E3%81%AE%E7%82%BA%E3%80%81%E5%B0%8F%E3%82%AD%E3%82%BA%E3%80%81%E3%83%A8%E3%82%B4%E3%83%AC%E3%81%82%E3%82%8A%E3%81%BE%E3%81%99%E3%80%82%20%E3%81%94%E7%90%86%E8%A7%A3%E3%80%81%E3%81%94%E7%B4%8D%E5%BE%97%E9%A0%82%E3%81%91%E3%82%8B%E6%96%B9%E3%81%AE%E5%85%A5%E6%9C%AD%E3%81%8A%E5%BE%85%E3%81%A1%E3%81%97%E3%81%A6%E3%81%8A%E3%82%8A%E3%81%BE%E3%81%99%E3%80%82%E5%A4%A7%E9%98%AA%E3%82%88%E3%82%8A%E5%87%BA%E5%93%81%E3%80%82%E3%83%8E%E3%83%BC%E3%82%AF%E3%83%AC%E3%83%BC%E3%83%A0%E3%80%81%E3%83%8E%E3%83%BC%E3%83%AA%E3%82%BF%E3%83%BC%E3%83%B3%E3%81%A7%E3%81%8A%E9%A1%98%E3%81%84%E8%87%B4%E3%81%97%E3%81%BE%E3%81%99%E3%80%82%20%20%20%20%3C/div%3E%20%20%20%20%3Cdiv%20class= HTTP/1.1" 200 26056 "-" "Googlebot-Image/1.0"
162.0.232.193 - - [12/Jun/2025:08:28:40 -0400] "POST /wp-cron.php?doing_wp_cron=1749731319.8122689723968505859375 HTTP/1.1" 200 0 "-" "WordPress/6.6.2; https://remonster.online"
2a03:2880:f800:13:: - - [12/Jun/2025:08:28:37 -0400] "GET /shopdetail/79795118 HTTP/1.1" 301 0 "-" "meta-externalagent/1.1 (+https://developers.facebook.com/docs/sharing/webmasters/crawler)"
66.249.66.162 - - [12/Jun/2025:08:28:40 -0400] "GET /goodscode/e/pluck/2057860354.phtml HTTP/1.1" 200 26676 "-" "Mozilla/5.0 (Linux; Android 6.0.1; Nexus 5X Build/MMB29P) AppleWebKit/537.36 (KHTML, like Gecko) Chrome/136.0.7103.113 Mobile Safari/537.36 (compatible; GoogleOther)"
2a03:2880:f800:1a:: - - [12/Jun/2025:08:28:42 -0400] "GET / HTTP/1.1" 200 10845 "-" "meta-externalagent/1.1 (+https://developers.facebook.com/docs/sharing/webmasters/crawler)"
66.249.66.76 - - [12/Jun/2025:08:28:51 -0400] "GET /products/lu/meconia2059234444.phtml HTTP/1.1" 200 24002 "-" "Mozilla/5.0 (Linux; Android 6.0.1; Nexus 5X Build/MMB29P) AppleWebKit/537.36 (KHTML, like Gecko) Chrome/136.0.7103.113 Mobile Safari/537.36 (compatible; GoogleOther)"
66.249.66.78 - - [12/Jun/2025:08:29:06 -0400] "GET /goodscode/2054210980.phtml HTTP/1.1" 200 23943 "-" "Mozilla/5.0 (Linux; Android 6.0.1; Nexus 5X Build/MMB29P) AppleWebKit/537.36 (KHTML, like Gecko) Chrome/136.0.7103.113 Mobile Safari/537.36 (compatible; GoogleOther)"
2a03:2880:f800:8:: - - [12/Jun/2025:08:29:08 -0400] "GET /shopdetail/87048018 HTTP/1.1" 301 0 "-" "meta-externalagent/1.1 (+https://developers.facebook.com/docs/sharing/webmasters/crawler)"
2a03:2880:f800:13:: - - [12/Jun/2025:08:29:13 -0400] "GET / HTTP/1.1" 200 10888 "-" "meta-externalagent/1.1 (+https://developers.facebook.com/docs/sharing/webmasters/crawler)"
66.249.66.76 - - [12/Jun/2025:08:29:18 -0400] "GET /product/interrupt2057530322.phtml HTTP/1.1" 200 23493 "-" "Mozilla/5.0 (Linux; Android 6.0.1; Nexus 5X Build/MMB29P) AppleWebKit/537.36 (KHTML, like Gecko) Chrome/136.0.7103.113 Mobile Safari/537.36 (compatible; GoogleOther)"
162.0.232.193 - - [12/Jun/2025:08:29:19 -0400] "POST /wp-cron.php?doing_wp_cron=1749731359.2428770065307617187500 HTTP/1.1" 200 0 "-" "WordPress/6.6.2; https://remonster.online"
2a03:2880:f800:d:: - - [12/Jun/2025:08:29:17 -0400] "GET /shopdetail/227787418 HTTP/1.1" 301 0 "-" "meta-externalagent/1.1 (+https://developers.facebook.com/docs/sharing/webmasters/crawler)"
2a03:2880:f800:8:: - - [12/Jun/2025:08:29:21 -0400] "GET / HTTP/1.1" 200 10845 "-" "meta-externalagent/1.1 (+https://developers.facebook.com/docs/sharing/webmasters/crawler)"
66.249.66.76 - - [12/Jun/2025:08:29:37 -0400] "GET /product2064270228.phtml HTTP/1.1" 200 25585 "-" "Mozilla/5.0 (Linux; Android 6.0.1; Nexus 5X Build/MMB29P) AppleWebKit/537.36 (KHTML, like Gecko) Chrome/136.0.7103.113 Mobile Safari/537.36 (compatible; GoogleOther)"
66.249.66.76 - - [12/Jun/2025:08:29:43 -0400] "GET /products/advisership873331194.phtml HTTP/1.1" 200 25587 "-" "Mozilla/5.0 (Linux; Android 6.0.1; Nexus 5X Build/MMB29P) AppleWebKit/537.36 (KHTML, like Gecko) Chrome/136.0.7103.113 Mobile Safari/537.36 (compatible; GoogleOther)"
66.249.66.69 - - [12/Jun/2025:08:29:53 -0400] "GET /products/%3E%E7%B4%94%E6%AD%A3%E3%82%AA%E3%83%97%E3%82%B7%E3%83%A7%E3%83%B3%E5%93%81%E3%81%AE%E3%83%88%E3%83%A9%E3%83%B3%E3%82%AF%E3%83%9E%E3%83%83%E3%83%88%E3%81%A7%E3%81%99%E3%80%82%3CDIV%3E%3CSPAN%3E%E5%88%A5%E3%81%AE%E8%BB%8A%E3%81%AB%E8%B2%B7%E3%81%84%E6%9B%BF%E3%81%88%E3%81%AE%E3%81%9F%E3%82%81%E3%80%81NB%E3%83%AD%E3%83%BC%E3%83%89%E3%82%B9%E3%82%BF%E3%83%BC%E3%82%AA%E3%83%BC%E3%83%8A%E3%83%BC%E3%81%AE%E6%96%B9%E3%81%AB%E3%81%8A%E8%AD%B2%E3%82%8A%E3%81%84%E3%81%9F%E3%81%97%E3%81%BE%E3%81%99%E3%80%82%3C/SPAN%3E%3C/DIV%3E%3CDIV%3E%3CBR%3E%E4%B8%8D%E6%98%8E%E7%82%B9%E3%81%AF%E3%81%94%E8%B3%AA%E5%95%8F%E3%81%8F%E3%81%A0%E3%81%95%E3%81%84%E3%80%82%3C/DIV%3E%20%20%20%20%3C/div%3E%20%20%20%20%3Cdiv%20class= HTTP/1.1" 200 25291 "-" "Googlebot-Image/1.0"
66.249.66.69 - - [12/Jun/2025:08:30:04 -0400] "GET /goodscode/hexdecylic873313288.phtml HTTP/1.1" 200 25978 "-" "Mozilla/5.0 (Linux; Android 6.0.1; Nexus 5X Build/MMB29P) AppleWebKit/537.36 (KHTML, like Gecko) Chrome/136.0.7103.113 Mobile Safari/537.36 (compatible; GoogleOther)"
162.0.232.193 - - [12/Jun/2025:08:30:08 -0400] "POST /wp-cron.php?doing_wp_cron=1749731407.8209331035614013671875 HTTP/1.1" 200 0 "-" "WordPress/6.6.2; https://remonster.online"
2a03:2880:f800:d:: - - [12/Jun/2025:08:30:06 -0400] "GET /shopdetail/75182318 HTTP/1.1" 301 0 "-" "meta-externalagent/1.1 (+https://developers.facebook.com/docs/sharing/webmasters/crawler)"
52.167.144.214 - - [12/Jun/2025:08:30:08 -0400] "GET /remonster-chapter-35/feed/ HTTP/1.1" 200 24681 "-" "Mozilla/5.0 AppleWebKit/537.36 (KHTML, like Gecko; compatible; bingbot/2.0; +http://www.bing.com/bingbot.htm) Chrome/116.0.1938.76 Safari/537.36"
66.249.66.70 - - [12/Jun/2025:08:30:09 -0400] "GET /item112812792.phtml HTTP/1.1" 200 24377 "-" "Mozilla/5.0 (Linux; Android 6.0.1; Nexus 5X Build/MMB29P) AppleWebKit/537.36 (KHTML, like Gecko) Chrome/136.0.7103.113 Mobile Safari/537.36 (compatible; GoogleOther)"
2a03:2880:f800:7:: - - [12/Jun/2025:08:30:10 -0400] "GET / HTTP/1.1" 200 10845 "-" "meta-externalagent/1.1 (+https://developers.facebook.com/docs/sharing/webmasters/crawler)"
66.249.66.69 - - [12/Jun/2025:08:30:28 -0400] "GET /products/q/sacredness/872127894.phtml HTTP/1.1" 200 24425 "-" "Mozilla/5.0 (Linux; Android 6.0.1; Nexus 5X Build/MMB29P) AppleWebKit/537.36 (KHTML, like Gecko) Chrome/136.0.7103.113 Mobile Safari/537.36 (compatible; GoogleOther)"
66.249.66.69 - - [12/Jun/2025:08:30:33 -0400] "GET /entity/gkq/conductress/%3EAE86%E3%83%88%E3%83%AC%E3%83%8E%E3%82%A2%E3%83%B3%E3%83%80%E3%83%BC%E3%82%AB%E3%83%90%E3%83%BC%E3%83%98%E3%83%83%E3%83%89%E3%83%A9%E3%82%A4%E3%83%88%E4%B8%8B%E3%81%AE%E3%82%AB%E3%83%90%E3%83%BC%E5%B8%8C%E5%B0%91%E5%B7%A6%E5%8F%B3%E3%82%BB%E3%83%83%E3%83%88%3CDIV%3E%3CBR%3E%3C/DIV%3E%3CDIV%3E%3CDIV%3E%E5%86%99%E7%9C%9F%E3%81%AB%E3%81%A6%E7%8A%B6%E6%85%8B%E7%A2%BA%E8%AA%8D%E3%81%AE%E4%B8%8A%E5%85%A5%E6%9C%AD%E3%81%8A%E9%A1%98%E3%81%84%E3%81%97%E3%81%BE%E3%81%99%3C/DIV%3E%3CDIV%3E%3CBR%3E%3C/DIV%3E%3CDIV%3E%E3%83%8E%E3%83%BC%E3%82%AF%E3%83%AC%E3%83%BC%E3%83%A0%E3%83%8E%E3%83%BC%E3%83%AA%E3%82%BF%E3%83%BC%E3%83%B3%E3%81%A7%3C/DIV%3E%3C/DIV%3E%20%20%20%20%3C/div%3E%20%20%20%20%3Cdiv%20class= HTTP/1.1" 200 25306 "-" "Googlebot-Image/1.0"
66.249.66.69 - - [12/Jun/2025:08:30:41 -0400] "GET /items119209834.phtml HTTP/1.1" 200 24438 "-" "Mozilla/5.0 (Linux; Android 6.0.1; Nexus 5X Build/MMB29P) AppleWebKit/537.36 (KHTML, like Gecko) Chrome/136.0.7103.113 Mobile Safari/537.36 (compatible; GoogleOther)"
162.0.232.193 - - [12/Jun/2025:08:30:46 -0400] "POST /wp-cron.php?doing_wp_cron=1749731445.6834189891815185546875 HTTP/1.1" 200 0 "-" "WordPress/6.6.2; https://remonster.online"
2a03:2880:f800:1b:: - - [12/Jun/2025:08:30:44 -0400] "GET /shopdetail/130920618 HTTP/1.1" 301 0 "-" "meta-externalagent/1.1 (+https://developers.facebook.com/docs/sharing/webmasters/crawler)"
2a03:2880:f800:10:: - - [12/Jun/2025:08:30:48 -0400] "GET / HTTP/1.1" 200 10845 "-" "meta-externalagent/1.1 (+https://developers.facebook.com/docs/sharing/webmasters/crawler)"
66.249.66.69 - - [12/Jun/2025:08:30:52 -0400] "GET /products/discalceated873250706.phtml HTTP/1.1" 200 24732 "-" "Mozilla/5.0 (Linux; Android 6.0.1; Nexus 5X Build/MMB29P) AppleWebKit/537.36 (KHTML, like Gecko) Chrome/136.0.7103.113 Mobile Safari/537.36 (compatible; GoogleOther)"
2a03:2880:f800:8:: - - [12/Jun/2025:08:30:55 -0400] "GET /shopdetail/119586718 HTTP/1.1" 301 0 "-" "meta-externalagent/1.1 (+https://developers.facebook.com/docs/sharing/webmasters/crawler)"
2a03:2880:f800:16:: - - [12/Jun/2025:08:30:59 -0400] "GET / HTTP/1.1" 200 10845 "-" "meta-externalagent/1.1 (+https://developers.facebook.com/docs/sharing/webmasters/crawler)"
1.140.47.40 - - [12/Jun/2025:08:31:04 -0400] "GET /manga/re-monster-chapter-35/ HTTP/1.1" 200 17373 "https://remonster.online/manga/re-monster-chapter-34/" "Mozilla/5.0 (Linux; Android 10; K) AppleWebKit/537.36 (KHTML, like Gecko) Chrome/137.0.0.0 Safari/537.36"
66.249.66.71 - - [12/Jun/2025:08:31:04 -0400] "GET /manga/remonster-chapter-75/ HTTP/1.1" 200 24004 "-" "Mozilla/5.0 (Linux; Android 6.0.1; Nexus 5X Build/MMB29P) AppleWebKit/537.36 (KHTML, like Gecko) Chrome/136.0.7103.113 Mobile Safari/537.36 (compatible; Googlebot/2.1; +http://www.google.com/bot.html)"
66.249.66.69 - - [12/Jun/2025:08:31:12 -0400] "GET /goodscode121949030.phtml HTTP/1.1" 200 25954 "-" "Mozilla/5.0 (Linux; Android 6.0.1; Nexus 5X Build/MMB29P) AppleWebKit/537.36 (KHTML, like Gecko) Chrome/136.0.7103.113 Mobile Safari/537.36 (compatible; GoogleOther)"
162.0.232.193 - - [12/Jun/2025:08:31:18 -0400] "POST /wp-cron.php?doing_wp_cron=1749731478.1526820659637451171875 HTTP/1.1" 200 0 "-" "WordPress/6.6.2; https://remonster.online"
2a03:2880:f800:7:: - - [12/Jun/2025:08:31:17 -0400] "GET /shopdetail/23136018 HTTP/1.1" 301 0 "-" "meta-externalagent/1.1 (+https://developers.facebook.com/docs/sharing/webmasters/crawler)"
66.249.66.69 - - [12/Jun/2025:08:31:18 -0400] "GET /products/%3E%E3%82%AA%E3%82%AC%E3%83%AF%E3%80%80%E3%83%B4%E3%82%A3%E3%82%AC%E3%82%B9%E3%81%AE%E5%87%BA%E5%93%81%E3%81%AB%E3%81%AA%E3%82%8A%E3%81%BE%E3%81%99%E3%80%81%E6%96%B0%E5%93%81%E8%B3%BC%E5%85%A5%E5%BE%8C%E3%80%81%E8%8A%9D%E7%94%9F%E3%81%AE%E4%B8%8A%E3%81%A7%E3%81%99%E3%82%A2%E3%82%A6%E3%82%BF%E3%83%BC%E3%81%AE%E3%81%BF%E8%A9%A6%E3%81%97%E5%BC%B5%E3%82%8A%E3%80%81%E3%82%A4%E3%83%B3%E3%83%8A%E3%83%BC%E3%80%81%E3%83%9A%E3%82%B0%E3%80%81%E3%83%8F%E3%83%B3%E3%83%9E%E3%83%BC%E3%80%81%E3%83%AD%E3%83%BC%E3%83%97%E3%81%AF%E6%9C%AA%E4%BD%BF%E7%94%A8%E3%81%A7%E3%81%99%E3%80%82%E3%80%80%E3%83%A2%E3%83%87%E3%83%AB%E3%81%AF%E3%83%9E%E3%82%A4%E3%83%8A%E3%83%BC%E5%BE%8C%E3%81%AE%E5%BE%8C%E9%83%A8%E3%81%AB%E3%82%82%E3%83%A1%E3%83%83%E3%82%B7%E3%83%A5%E3%81%8C%E3%81%82%E3%82%8B%E3%82%BF%E3%82%A4%E3%83%97%E3%81%AB%E3%81%AA%E3%82%8A%E3%81%BE%E3%81%99%E3%80%82%E3%80%80%E4%BB%A5%E4%B8%8A%E5%AE%9C%E3%81%97%E3%81%8F%E3%81%8A%E9%A1%98%E3%81%84%E8%87%B4%E3%81%97%E3%81%BE%E3%81%99%E3%80%82%20%20%20%20%3C/div%3E%20%20%20%20%3Cdiv%20class= HTTP/1.1" 200 25456 "-" "Googlebot-Image/1.0"
2a03:2880:f800:10:: - - [12/Jun/2025:08:31:20 -0400] "GET / HTTP/1.1" 200 10845 "-" "meta-externalagent/1.1 (+https://developers.facebook.com/docs/sharing/webmasters/crawler)"
66.249.66.69 - - [12/Jun/2025:08:31:23 -0400] "GET /item/h/guenon873637536.phtml HTTP/1.1" 200 23856 "-" "Mozilla/5.0 (Linux; Android 6.0.1; Nexus 5X Build/MMB29P) AppleWebKit/537.36 (KHTML, like Gecko) Chrome/136.0.7103.113 Mobile Safari/537.36 (compatible; GoogleOther)"
2a03:2880:f800:6:: - - [12/Jun/2025:08:31:24 -0400] "GET /shopdetail/12225518 HTTP/1.1" 301 0 "-" "meta-externalagent/1.1 (+https://developers.facebook.com/docs/sharing/webmasters/crawler)"
2a03:2880:f800:11:: - - [12/Jun/2025:08:31:27 -0400] "GET / HTTP/1.1" 200 10845 "-" "meta-externalagent/1.1 (+https://developers.facebook.com/docs/sharing/webmasters/crawler)"
213.55.184.191 - - [12/Jun/2025:08:31:30 -0400] "GET /manga/re-monster-chapter-61/ HTTP/1.1" 200 17377 "https://remonster.online/manga/re-monster-chapter-60/" "Mozilla/5.0 (Windows NT 10.0; Win64; x64) AppleWebKit/537.36 (KHTML, like Gecko) Chrome/137.0.0.0 Safari/537.36"
213.55.184.191 - - [12/Jun/2025:08:31:33 -0400] "GET /wp-includes/js/jquery/jquery-migrate.min.js?ver=3.4.1 HTTP/1.1" 304 0 "https://remonster.online/manga/re-monster-chapter-61/" "Mozilla/5.0 (Windows NT 10.0; Win64; x64) AppleWebKit/537.36 (KHTML, like Gecko) Chrome/137.0.0.0 Safari/537.36"
213.55.184.191 - - [12/Jun/2025:08:31:33 -0400] "GET /wp-content/plugins/links-auto-replacer/public/js/lar-public.js?ver=2.0.0 HTTP/1.1" 304 0 "https://remonster.online/manga/re-monster-chapter-61/" "Mozilla/5.0 (Windows NT 10.0; Win64; x64) AppleWebKit/537.36 (KHTML, like Gecko) Chrome/137.0.0.0 Safari/537.36"
213.55.184.191 - - [12/Jun/2025:08:31:33 -0400] "GET /wp-content/plugins/wp-automatic/js/main-front.js?ver=6.6.2 HTTP/1.1" 304 0 "https://remonster.online/manga/re-monster-chapter-61/" "Mozilla/5.0 (Windows NT 10.0; Win64; x64) AppleWebKit/537.36 (KHTML, like Gecko) Chrome/137.0.0.0 Safari/537.36"
213.55.184.191 - - [12/Jun/2025:08:31:35 -0400] "GET /wp-content/themes/toivo-lite/js/responsive-nav.min.js?ver=1.2.0 HTTP/1.1" 304 0 "https://remonster.online/manga/re-monster-chapter-61/" "Mozilla/5.0 (Windows NT 10.0; Win64; x64) AppleWebKit/537.36 (KHTML, like Gecko) Chrome/137.0.0.0 Safari/537.36"
213.55.184.191 - - [12/Jun/2025:08:31:35 -0400] "GET /wp-content/themes/toivo-lite/js/functions.min.js?ver=1.2.0 HTTP/1.1" 304 0 "https://remonster.online/manga/re-monster-chapter-61/" "Mozilla/5.0 (Windows NT 10.0; Win64; x64) AppleWebKit/537.36 (KHTML, like Gecko) Chrome/137.0.0.0 Safari/537.36"
66.249.66.69 - - [12/Jun/2025:08:31:41 -0400] "GET /item/taxfree/873540364.phtml HTTP/1.1" 200 24165 "-" "Mozilla/5.0 (Linux; Android 6.0.1; Nexus 5X Build/MMB29P) AppleWebKit/537.36 (KHTML, like Gecko) Chrome/136.0.7103.113 Mobile Safari/537.36 (compatible; GoogleOther)"
66.249.66.69 - - [12/Jun/2025:08:31:46 -0400] "GET /shopdetail132187610.phtml HTTP/1.1" 200 23608 "-" "Mozilla/5.0 (Linux; Android 6.0.1; Nexus 5X Build/MMB29P) AppleWebKit/537.36 (KHTML, like Gecko) Chrome/136.0.7103.113 Mobile Safari/537.36 (compatible; GoogleOther)"
66.249.66.69 - - [12/Jun/2025:08:31:54 -0400] "GET /products/%3E%3CCENTER%3E%20%20%20%20%20%20%20%20%20%20%20%20%20%3CBR%3E%3CB%3E%E2%98%85%E2%98%85%E2%98%85%20%E3%81%AF%E3%81%98%E3%82%81%E3%81%AB%20%E2%98%85%E2%98%85%E2%98%85%3CBR%3E%3CBR%3E%3C/B%3E%3CFONT%20COLOR= HTTP/1.1" 200 24831 "-" "Googlebot-Image/1.0"
66.249.66.70 - - [12/Jun/2025:08:32:05 -0400] "GET /item/f/camera873161300.phtml HTTP/1.1" 200 24471 "-" "Mozilla/5.0 (Linux; Android 6.0.1; Nexus 5X Build/MMB29P) AppleWebKit/537.36 (KHTML, like Gecko) Chrome/136.0.7103.113 Mobile Safari/537.36 (compatible; GoogleOther)"
162.0.232.193 - - [12/Jun/2025:08:32:12 -0400] "POST /wp-cron.php?doing_wp_cron=1749731531.8641390800476074218750 HTTP/1.1" 200 0 "-" "WordPress/6.6.2; https://remonster.online"
2a03:2880:f800:16:: - - [12/Jun/2025:08:32:11 -0400] "GET /shopdetail/335328918 HTTP/1.1" 301 0 "-" "meta-externalagent/1.1 (+https://developers.facebook.com/docs/sharing/webmasters/crawler)"
2a03:2880:f800:11:: - - [12/Jun/2025:08:32:13 -0400] "GET / HTTP/1.1" 200 10845 "-" "meta-externalagent/1.1 (+https://developers.facebook.com/docs/sharing/webmasters/crawler)"
66.249.66.70 - - [12/Jun/2025:08:32:15 -0400] "GET /item/1375589394.phtml HTTP/1.1" 200 24897 "-" "Mozilla/5.0 (Linux; Android 6.0.1; Nexus 5X Build/MMB29P) AppleWebKit/537.36 (KHTML, like Gecko) Chrome/136.0.7103.113 Mobile Safari/537.36 (compatible; GoogleOther)"
66.249.66.70 - - [12/Jun/2025:08:32:19 -0400] "POST /get-message-notify HTTP/1.1" 200 24585 "https://remonster.online/goods116831412.phtml" "Mozilla/5.0 (Linux; Android 6.0.1; Nexus 5X Build/MMB29P) AppleWebKit/537.36 (KHTML, like Gecko) Chrome/136.0.7103.113 Mobile Safari/537.36 (compatible; Googlebot/2.1; +http://www.google.com/bot.html)"
66.249.66.69 - - [12/Jun/2025:08:32:29 -0400] "GET /item/vernine/873168616.phtml HTTP/1.1" 200 24386 "-" "Mozilla/5.0 (Linux; Android 6.0.1; Nexus 5X Build/MMB29P) AppleWebKit/537.36 (KHTML, like Gecko) Chrome/136.0.7103.113 Mobile Safari/537.36 (compatible; GoogleOther)"
66.249.66.69 - - [12/Jun/2025:08:32:34 -0400] "GET /product/oviparous/%3E%3CCENTER%3E%3CTABLE%20BORDER=0%20CELLSPACING=5%20CELLPADDING=2%3E%20%20%20%20%3CTR%3E%20%20%20%20%20%20%20%20%3CTD%20WIDTH=20%20ALIGN=left%20VALIGN=top%3E%3C/TD%3E%20%20%20%20%20%20%20%20%3CTD%20COLSPAN=2%20ALIGN=center%20VALIGN=bottom%3E%20%20%20%20%20%20%20%20%20%20%20%20%3CFONT%20SIZE=4%20COLOR= HTTP/1.1" 200 25038 "-" "Googlebot-Image/1.0"
66.249.66.69 - - [12/Jun/2025:08:32:47 -0400] "GET /info/1375548702.phtml HTTP/1.1" 200 24115 "-" "Mozilla/5.0 (Linux; Android 6.0.1; Nexus 5X Build/MMB29P) AppleWebKit/537.36 (KHTML, like Gecko) Chrome/136.0.7103.113 Mobile Safari/537.36 (compatible; GoogleOther)"
66.249.66.69 - - [12/Jun/2025:08:32:53 -0400] "GET /goodscode/histographical873232222.phtml HTTP/1.1" 200 23700 "-" "Mozilla/5.0 (Linux; Android 6.0.1; Nexus 5X Build/MMB29P) AppleWebKit/537.36 (KHTML, like Gecko) Chrome/136.0.7103.113 Mobile Safari/537.36 (compatible; GoogleOther)"
162.0.232.193 - - [12/Jun/2025:08:32:58 -0400] "POST /wp-cron.php?doing_wp_cron=1749731578.1717960834503173828125 HTTP/1.1" 200 0 "-" "WordPress/6.6.2; https://remonster.online"
2a03:2880:f800:1:: - - [12/Jun/2025:08:32:57 -0400] "GET /shopdetail/321407118 HTTP/1.1" 301 0 "-" "meta-externalagent/1.1 (+https://developers.facebook.com/docs/sharing/webmasters/crawler)"
2a03:2880:f800:5:: - - [12/Jun/2025:08:33:00 -0400] "GET / HTTP/1.1" 200 10845 "-" "meta-externalagent/1.1 (+https://developers.facebook.com/docs/sharing/webmasters/crawler)"
2a03:2880:f800:9:: - - [12/Jun/2025:08:33:02 -0400] "GET /shopdetail/417208618 HTTP/1.1" 301 0 "-" "meta-externalagent/1.1 (+https://developers.facebook.com/docs/sharing/webmasters/crawler)"
2a03:2880:f800:5:: - - [12/Jun/2025:08:33:10 -0400] "GET / HTTP/1.1" 200 10845 "-" "meta-externalagent/1.1 (+https://developers.facebook.com/docs/sharing/webmasters/crawler)"
66.249.66.69 - - [12/Jun/2025:08:33:14 -0400] "GET /item/%3E%3CSPAN%3E%E3%83%BB%E7%82%B9%E7%81%AB%E7%A2%BA%E8%AA%8D%E3%81%97%E3%81%A6%E3%81%84%E3%81%BE%E3%81%9B%E3%82%93%E3%81%8C%E3%80%81%E6%81%90%E3%82%89%E3%81%8F%E5%A4%A7%E4%B8%88%E5%A4%AB%E3%81%A8%E6%80%9D%E3%81%84%E3%81%BE%E3%81%99%E3%80%82%3C/SPAN%3E%3CDIV%3E%3CBR%3E%3C/DIV%3E%3CDIV%3E%E3%83%BB%E3%82%B8%E3%83%A3%E3%83%B3%E3%82%AF%E3%81%A7%E3%81%82%E3%82%8B%E4%BA%8B%E3%82%92%E3%81%94%E7%90%86%E8%A7%A3%E3%81%AE%E4%B8%8A%E3%80%81%E3%83%8E%E3%83%BC%E3%82%AF%E3%83%AC%E3%83%BC%E3%83%A0%E3%83%8E%E3%83%BC%E3%83%AA%E3%82%BF%E3%83%BC%E3%83%B3%E3%81%A7%E3%81%8A%E9%A1%98%E3%81%84%E8%87%B4%E3%81%97%E3%81%BE%E3%81%99%E3%80%82%3C/DIV%3E%3CDIV%3E%3CBR%3E%3C/DIV%3E%3CDIV%3E%E3%83%BB%E7%99%BA%E9%80%81%E3%81%AF%E3%83%AC%E3%82%BF%E3%83%BC%E3%83%91%E3%83%83%E3%82%AF%E3%83%A9%E3%82%A4%E3%83%88%E3%81%A7%E3%81%99%E3%80%82%3C/DIV%3E%20%20%20%20%3C/div%3E%20%20%20%20%3Cdiv%20class= HTTP/1.1" 200 25356 "-" "Googlebot-Image/1.0"
2a03:2880:f800:1d:: - - [12/Jun/2025:08:33:16 -0400] "GET /shopdetail/91724818 HTTP/1.1" 301 0 "-" "meta-externalagent/1.1 (+https://developers.facebook.com/docs/sharing/webmasters/crawler)"
2a03:2880:f800:a:: - - [12/Jun/2025:08:33:18 -0400] "GET / HTTP/1.1" 200 10845 "-" "meta-externalagent/1.1 (+https://developers.facebook.com/docs/sharing/webmasters/crawler)"
66.249.66.70 - - [12/Jun/2025:08:33:19 -0400] "GET /items/x/carries873647424.phtml HTTP/1.1" 200 24497 "-" "Mozilla/5.0 (Linux; Android 6.0.1; Nexus 5X Build/MMB29P) AppleWebKit/537.36 (KHTML, like Gecko) Chrome/136.0.7103.113 Mobile Safari/537.36 (compatible; GoogleOther)"
66.249.66.69 - - [12/Jun/2025:08:33:24 -0400] "GET /goodscode/ge/featherless106138998.phtml HTTP/1.1" 200 24620 "-" "Mozilla/5.0 (Linux; Android 6.0.1; Nexus 5X Build/MMB29P) AppleWebKit/537.36 (KHTML, like Gecko) Chrome/136.0.7103.113 Mobile Safari/537.36 (compatible; GoogleOther)"
162.0.232.193 - - [12/Jun/2025:08:33:24 -0400] "POST /wp-cron.php?doing_wp_cron=1749731604.8227379322052001953125 HTTP/1.1" 200 0 "-" "WordPress/6.6.2; https://remonster.online"
2a03:2880:f800:5:: - - [12/Jun/2025:08:33:24 -0400] "GET /shopdetail/307840718 HTTP/1.1" 301 0 "-" "meta-externalagent/1.1 (+https://developers.facebook.com/docs/sharing/webmasters/crawler)"
2a03:2880:f800:c:: - - [12/Jun/2025:08:33:26 -0400] "GET / HTTP/1.1" 200 10845 "-" "meta-externalagent/1.1 (+https://developers.facebook.com/docs/sharing/webmasters/crawler)"
66.249.66.69 - - [12/Jun/2025:08:33:42 -0400] "GET /item/inunction/873516744.phtml HTTP/1.1" 200 23919 "-" "Mozilla/5.0 (Linux; Android 6.0.1; Nexus 5X Build/MMB29P) AppleWebKit/537.36 (KHTML, like Gecko) Chrome/136.0.7103.113 Mobile Safari/537.36 (compatible; GoogleOther)"
162.0.232.193 - - [12/Jun/2025:08:33:47 -0400] "POST /wp-cron.php?doing_wp_cron=1749731627.1543860435485839843750 HTTP/1.1" 200 0 "-" "WordPress/6.6.2; https://remonster.online"
2a03:2880:f800:7:: - - [12/Jun/2025:08:33:46 -0400] "GET /shopdetail/115390118 HTTP/1.1" 301 0 "-" "meta-externalagent/1.1 (+https://developers.facebook.com/docs/sharing/webmasters/crawler)"
2a03:2880:f800:1c:: - - [12/Jun/2025:08:33:49 -0400] "GET / HTTP/1.1" 200 10845 "-" "meta-externalagent/1.1 (+https://developers.facebook.com/docs/sharing/webmasters/crawler)"
66.249.66.69 - - [12/Jun/2025:08:33:51 -0400] "GET /info/applecart/117424844.phtml HTTP/1.1" 200 26475 "-" "Mozilla/5.0 (Linux; Android 6.0.1; Nexus 5X Build/MMB29P) AppleWebKit/537.36 (KHTML, like Gecko) Chrome/136.0.7103.113 Mobile Safari/537.36 (compatible; GoogleOther)"
66.249.66.69 - - [12/Jun/2025:08:33:55 -0400] "GET /goodscode/%3E%E3%82%B9%E3%83%86%E3%83%83%E3%83%97%E3%83%AF%E3%82%B4%E3%83%B3RP5%E3%81%AE%E3%82%A8%E3%82%A2%E3%82%B3%E3%83%B3%E3%83%91%E3%83%8D%E3%83%AB%E3%81%A7%E3%81%99%E3%80%82%E3%83%94%E3%82%A2%E3%83%8E%E3%83%96%E3%83%A9%E3%83%83%E3%82%AF%E3%81%AE%E3%82%B7%E3%83%BC%E3%83%88%E3%82%92%E8%B2%BC%E3%82%8A%E4%BB%98%E3%81%91%E3%81%A6%E3%81%82%E3%82%8A%E3%81%BE%E3%81%99%E3%80%82%E5%89%A5%E3%81%8C%E3%81%97%E3%81%A6%E5%A1%97%E8%A3%85%E3%81%99%E3%82%8B%E3%82%82%E3%82%88%E3%81%97%E3%81%9D%E3%81%AE%E3%81%BE%E3%81%BE%E4%BD%BF%E7%94%A8%E3%81%97%E3%81%A6%E3%82%82%E8%89%AF%E3%81%84%E3%81%A7%E3%81%99%E3%80%82%3CBR%3E%E5%B0%91%E3%81%97%E3%82%A8%E3%82%A2%E3%83%BC%E3%81%8C%E5%85%A5%E3%81%A3%E3%81%A6%E3%81%BE%E3%81%99%E3%81%8C%E3%81%82%E3%81%BE%E3%82%8A%E7%9B%AE%E7%AB%8B%E3%81%9F%E3%81%AA%E3%81%84%E3%81%A8%E6%80%9D%E3%81%84%E3%81%BE%E3%81%99%20%20%20%20%3C/div%3E%20%20%20%20%3Cdiv%20class= HTTP/1.1" 200 25347 "-" "Googlebot-Image/1.0"
2a03:2880:f800:9:: - - [12/Jun/2025:08:33:59 -0400] "GET /shopdetail/290985118 HTTP/1.1" 301 0 "-" "meta-externalagent/1.1 (+https://developers.facebook.com/docs/sharing/webmasters/crawler)"
2a03:2880:f800:2:: - - [12/Jun/2025:08:34:02 -0400] "GET / HTTP/1.1" 200 10845 "-" "meta-externalagent/1.1 (+https://developers.facebook.com/docs/sharing/webmasters/crawler)"
66.249.66.69 - - [12/Jun/2025:08:34:05 -0400] "GET /tag/gobujii/ HTTP/1.1" 200 25446 "-" "Mozilla/5.0 (Linux; Android 6.0.1; Nexus 5X Build/MMB29P) AppleWebKit/537.36 (KHTML, like Gecko) Chrome/136.0.7103.113 Mobile Safari/537.36 (compatible; Googlebot/2.1; +http://www.google.com/bot.html)"
66.249.66.71 - - [12/Jun/2025:08:34:07 -0400] "GET /item/me/diaphote873621558.phtml HTTP/1.1" 200 23505 "-" "Mozilla/5.0 (Linux; Android 6.0.1; Nexus 5X Build/MMB29P) AppleWebKit/537.36 (KHTML, like Gecko) Chrome/136.0.7103.113 Mobile Safari/537.36 (compatible; GoogleOther)"
66.249.66.70 - - [12/Jun/2025:08:34:22 -0400] "GET /products118090420.phtml HTTP/1.1" 200 23771 "-" "Mozilla/5.0 (Linux; Android 6.0.1; Nexus 5X Build/MMB29P) AppleWebKit/537.36 (KHTML, like Gecko) Chrome/136.0.7103.113 Mobile Safari/537.36 (compatible; GoogleOther)"
66.249.66.69 - - [12/Jun/2025:08:34:30 -0400] "GET /shopping/tennis/873621426.phtml HTTP/1.1" 200 25689 "-" "Mozilla/5.0 (Linux; Android 6.0.1; Nexus 5X Build/MMB29P) AppleWebKit/537.36 (KHTML, like Gecko) Chrome/136.0.7103.113 Mobile Safari/537.36 (compatible; GoogleOther)"
66.249.66.69 - - [12/Jun/2025:08:34:35 -0400] "GET /entity/%3E%3CCENTER%3E%3CB%3E%E3%81%8A%E3%81%A8%E3%81%B2%E3%82%81B2%20%E9%A1%86%E7%B2%92%201kg%20%EF%BC%88500%EF%BD%87%C3%972%E8%A2%8B%EF%BC%89%20%E3%82%81%E3%81%A0%E3%81%8B%20%E3%82%B0%E3%83%83%E3%83%94%E3%83%BC%20%E5%B0%8F%E5%9E%8B%E8%A6%B3%E8%B3%9E%E9%AD%9A%E3%83%BB%E7%A8%9A%E9%AD%9A%E5%B9%BC%E9%AD%9A%E7%AD%89%E3%81%AB%20%E6%97%A5%E6%B8%85%E4%B8%B8%E7%B4%85%E9%A3%BC%E6%96%99%20%E5%9B%BD%E7%94%A3%3C/B%3E%3CBR%3E%3CBR%3E%3CTABLE%20BGCOLOR= HTTP/1.1" 200 25165 "-" "Googlebot-Image/1.0"
162.0.232.193 - - [12/Jun/2025:08:34:43 -0400] "POST /wp-cron.php?doing_wp_cron=1749731683.0825669765472412109375 HTTP/1.1" 200 0 "-" "WordPress/6.6.2; https://remonster.online"
2a03:2880:f800:8:: - - [12/Jun/2025:08:34:42 -0400] "GET /shopdetail/183045418 HTTP/1.1" 301 0 "-" "meta-externalagent/1.1 (+https://developers.facebook.com/docs/sharing/webmasters/crawler)"
2a03:2880:f800:2:: - - [12/Jun/2025:08:34:45 -0400] "GET / HTTP/1.1" 200 10845 "-" "meta-externalagent/1.1 (+https://developers.facebook.com/docs/sharing/webmasters/crawler)"
66.249.66.76 - - [12/Jun/2025:08:34:54 -0400] "GET /items/2055422942.phtml HTTP/1.1" 200 23810 "-" "Mozilla/5.0 (Linux; Android 6.0.1; Nexus 5X Build/MMB29P) AppleWebKit/537.36 (KHTML, like Gecko) Chrome/136.0.7103.113 Mobile Safari/537.36 (compatible; GoogleOther)"
66.249.66.76 - - [12/Jun/2025:08:34:59 -0400] "GET /info874501052.phtml HTTP/1.1" 200 24087 "-" "Mozilla/5.0 (Linux; Android 6.0.1; Nexus 5X Build/MMB29P) AppleWebKit/537.36 (KHTML, like Gecko) Chrome/136.0.7103.113 Mobile Safari/537.36 (compatible; GoogleOther)"
2601:447:c089:7980:9cd6:70bf:8a30:dc3b - - [12/Jun/2025:08:35:06 -0400] "GET /manga/re-monster-chapter-68/ HTTP/1.1" 200 17523 "https://remonster.online/manga/re-monster-chapter-67/" "Mozilla/5.0 (iPhone; CPU iPhone OS 18_3_2 like Mac OS X) AppleWebKit/605.1.15 (KHTML, like Gecko) Version/18.3.1 Mobile/15E148 Safari/604.1"
2a03:2880:f800:6:: - - [12/Jun/2025:08:35:09 -0400] "GET /shopdetail/304563518 HTTP/1.1" 301 0 "-" "meta-externalagent/1.1 (+https://developers.facebook.com/docs/sharing/webmasters/crawler)"
2a03:2880:f800:8:: - - [12/Jun/2025:08:35:09 -0400] "GET /shopdetail/73614018 HTTP/1.1" 301 0 "-" "meta-externalagent/1.1 (+https://developers.facebook.com/docs/sharing/webmasters/crawler)"
2a03:2880:f800:10:: - - [12/Jun/2025:08:35:12 -0400] "GET / HTTP/1.1" 200 10845 "-" "meta-externalagent/1.1 (+https://developers.facebook.com/docs/sharing/webmasters/crawler)"
2a03:2880:f800:4:: - - [12/Jun/2025:08:35:12 -0400] "GET / HTTP/1.1" 200 10845 "-" "meta-externalagent/1.1 (+https://developers.facebook.com/docs/sharing/webmasters/crawler)"
66.249.66.76 - - [12/Jun/2025:08:35:19 -0400] "GET /products/873451602.phtml HTTP/1.1" 200 24325 "-" "Mozilla/5.0 (Linux; Android 6.0.1; Nexus 5X Build/MMB29P) AppleWebKit/537.36 (KHTML, like Gecko) Chrome/136.0.7103.113 Mobile Safari/537.36 (compatible; GoogleOther)"
66.249.66.76 - - [12/Jun/2025:08:35:26 -0400] "GET /special118629688.phtml HTTP/1.1" 200 24929 "-" "Mozilla/5.0 (Linux; Android 6.0.1; Nexus 5X Build/MMB29P) AppleWebKit/537.36 (KHTML, like Gecko) Chrome/136.0.7103.113 Mobile Safari/537.36 (compatible; GoogleOther)"
162.0.232.193 - - [12/Jun/2025:08:35:27 -0400] "POST /wp-cron.php?doing_wp_cron=1749731726.9965219497680664062500 HTTP/1.1" 200 0 "-" "WordPress/6.6.2; https://remonster.online"
2a03:2880:f800:9:: - - [12/Jun/2025:08:35:25 -0400] "GET /shopdetail/75695618 HTTP/1.1" 301 0 "-" "meta-externalagent/1.1 (+https://developers.facebook.com/docs/sharing/webmasters/crawler)"
2a03:2880:f800:7:: - - [12/Jun/2025:08:35:30 -0400] "GET / HTTP/1.1" 200 10845 "-" "meta-externalagent/1.1 (+https://developers.facebook.com/docs/sharing/webmasters/crawler)"
1.140.47.40 - - [12/Jun/2025:08:35:41 -0400] "GET /manga/re-monster-chapter-36/ HTTP/1.1" 200 17919 "https://remonster.online/manga/re-monster-chapter-35/" "Mozilla/5.0 (Linux; Android 10; K) AppleWebKit/537.36 (KHTML, like Gecko) Chrome/137.0.0.0 Safari/537.36"
66.249.66.76 - - [12/Jun/2025:08:35:43 -0400] "GET /products/873424902.phtml HTTP/1.1" 200 23603 "-" "Mozilla/5.0 (Linux; Android 6.0.1; Nexus 5X Build/MMB29P) AppleWebKit/537.36 (KHTML, like Gecko) Chrome/136.0.7103.113 Mobile Safari/537.36 (compatible; GoogleOther)"
162.0.232.193 - - [12/Jun/2025:08:35:44 -0400] "POST /wp-cron.php?doing_wp_cron=1749731743.8372080326080322265625 HTTP/1.1" 200 0 "-" "WordPress/6.6.2; https://remonster.online"
1.140.47.40 - - [12/Jun/2025:08:35:42 -0400] "POST /wp-admin/admin-ajax.php HTTP/1.1" 200 69 "https://remonster.online/manga/re-monster-chapter-36/" "Mozilla/5.0 (Linux; Android 10; K) AppleWebKit/537.36 (KHTML, like Gecko) Chrome/137.0.0.0 Safari/537.36"
66.249.66.76 - - [12/Jun/2025:08:35:53 -0400] "GET /%3E%E3%81%8A%E5%86%99%E7%9C%9F%E3%81%AE%E9%80%9A%E3%82%8A%E3%81%A7%E3%81%99%E3%80%81%E3%82%88%E3%82%8D%E3%81%97%E3%81%8F%E3%81%8A%E9%A1%98%E3%81%84%E3%81%84%E3%81%9F%E3%81%97%E3%81%BE%E3%81%99%EF%BC%81%20%20%20%20%3C/div%3E%20%20%20%20%3Cdiv%20class= HTTP/1.1" 200 24903 "-" "Googlebot-Image/1.0"
66.249.66.76 - - [12/Jun/2025:08:35:59 -0400] "GET /entity/mxs/monarda106254010.phtml HTTP/1.1" 200 23954 "-" "Mozilla/5.0 (Linux; Android 6.0.1; Nexus 5X Build/MMB29P) AppleWebKit/537.36 (KHTML, like Gecko) Chrome/136.0.7103.113 Mobile Safari/537.36 (compatible; GoogleOther)"
2a03:2880:f800:c:: - - [12/Jun/2025:08:36:05 -0400] "GET /shopdetail/240111218 HTTP/1.1" 301 0 "-" "meta-externalagent/1.1 (+https://developers.facebook.com/docs/sharing/webmasters/crawler)"
2a03:2880:f800:1a:: - - [12/Jun/2025:08:36:07 -0400] "GET / HTTP/1.1" 200 10845 "-" "meta-externalagent/1.1 (+https://developers.facebook.com/docs/sharing/webmasters/crawler)"
66.249.66.76 - - [12/Jun/2025:08:36:07 -0400] "GET /products/873466746.phtml HTTP/1.1" 200 25067 "-" "Mozilla/5.0 (Linux; Android 6.0.1; Nexus 5X Build/MMB29P) AppleWebKit/537.36 (KHTML, like Gecko) Chrome/136.0.7103.113 Mobile Safari/537.36 (compatible; GoogleOther)"
2a03:2880:f800:e:: - - [12/Jun/2025:08:36:10 -0400] "GET /shopdetail/76334518 HTTP/1.1" 301 0 "-" "meta-externalagent/1.1 (+https://developers.facebook.com/docs/sharing/webmasters/crawler)"
2a03:2880:f800:13:: - - [12/Jun/2025:08:36:10 -0400] "GET /shopdetail/87990018 HTTP/1.1" 301 0 "-" "meta-externalagent/1.1 (+https://developers.facebook.com/docs/sharing/webmasters/crawler)"
2a03:2880:f800:: - - [12/Jun/2025:08:36:11 -0400] "GET / HTTP/1.1" 200 10845 "-" "meta-externalagent/1.1 (+https://developers.facebook.com/docs/sharing/webmasters/crawler)"
2a03:2880:f800:10:: - - [12/Jun/2025:08:36:12 -0400] "GET / HTTP/1.1" 200 10845 "-" "meta-externalagent/1.1 (+https://developers.facebook.com/docs/sharing/webmasters/crawler)"
66.249.66.77 - - [12/Jun/2025:08:36:29 -0400] "GET /entity/retrievement106430192.phtml HTTP/1.1" 200 23930 "-" "Mozilla/5.0 (Linux; Android 6.0.1; Nexus 5X Build/MMB29P) AppleWebKit/537.36 (KHTML, like Gecko) Chrome/136.0.7103.113 Mobile Safari/537.36 (compatible; GoogleOther)"
66.249.66.76 - - [12/Jun/2025:08:36:34 -0400] "GET /product/i/critter873163674.phtml HTTP/1.1" 200 24007 "-" "Mozilla/5.0 (Linux; Android 6.0.1; Nexus 5X Build/MMB29P) AppleWebKit/537.36 (KHTML, like Gecko) Chrome/136.0.7103.113 Mobile Safari/537.36 (compatible; GoogleOther)"
66.249.66.76 - - [12/Jun/2025:08:36:53 -0400] "GET /%3E%E6%9C%AC%E7%89%A9%3CBR%3E%E8%B1%AA%E8%8F%AF%E5%93%81%E3%80%81%E5%B9%B4%E4%BB%A3%E7%89%A9%E3%81%AE%E3%81%9F%E3%82%81%E3%80%81%E4%BF%9D%E7%AE%A1%E3%81%AB%E3%82%88%E3%82%8A%E5%A4%9A%E5%B0%91%E3%82%B9%E3%83%AC%E3%80%81%E3%82%AD%E3%82%BA%E3%80%81%E6%B1%9A%E3%82%8C%E3%81%AA%E3%81%A9%E3%81%8C%E3%81%82%E3%82%8A%E3%81%BE%E3%81%99%E3%80%81%E5%86%99%E7%9C%9F%E3%81%AE%E5%86%85%E5%AE%B9%E3%81%AF%E5%85%A8%E3%81%A6%E7%8F%BE%E7%8A%B6%E6%B8%A1%E3%81%97%E3%81%A8%E3%81%AA%E3%82%8A%E3%81%BE%E3%81%99%E3%80%81%E3%82%88%E3%81%8F%E7%A2%BA%E8%AA%8D%E3%81%97%E3%81%A6%E3%81%8B%E3%82%89%E3%81%94%E5%85%A5%E6%9C%AD%E3%81%8F%E3%81%A0%E3%81%95%E3%81%84%E3%80%81%3CBR%3E%E7%B4%A0%E4%BA%BA%E6%A2%B1%E5%8C%85%E3%81%A7%E3%81%99%E3%80%82%E7%AE%B1%E3%82%84%E6%AE%B5%E3%83%9C%E3%83%BC%E3%83%AB%20%E7%B7%A9%E8%A1%9D%E6%9D%90%E3%81%AA%E3%81%A9%E3%81%AF%20%E5%86%8D%E5%88%A9%E7%94%A8%EF%BC%88%E3%83%AA%E3%82%B5%E3%82%A4%E3%82%AF%E3%83%AB%EF%BC%89%E5%93%81%E3%82%92%E4%BD%BF%E7%94%A8%E3%81%97%E3%81%A6%E3%81%84%E3%81%BE%E3%81%99%E3%80%81%E5%95%86%E5%93%81%E7%94%BB%E5%83%8F%E3%81%AF%E3%80%81%E5%AE%9F%E9%9A%9B%E3%81%AE%E5%95%86%E5%93%81%E3%81%A8%E8%89%B2%E3%83%BB%E8%B3%AA%E6%84%9F%E7%AD%89%E3%81%8C%E8%8B%A5%E5%B9%B2%E7%95%B0%E3%81%AA%E3%82%8B%E5%A0%B4%E5%90%88%E3%81%8C%E3%81%82%E3%82%8A%E3%81%BE%E3%81%99%E3%80%82%E3%81%94%E7%90%86%E8%A7%A3%E3%81%82%E3%82%8B%E6%96%B9%E3%81%AB%E3%82%88%E3%82%8D%E3%81%97%E3%81%8F%E3%81%8A%E9%A1%98%E3%81%84%E8%87%B4%E3%81%97%E3%81%BE%E3%81%99%E3%80%82%3CBR%3E%E5%B0%9A%E3%80%81%E8%BF%94%E5%93%81%E3%82%84%E4%BA%A4%E6%8F%9B%E3%81%AF%E6%89%BF%E3%81%A3%E3%81%A6%E3%81%8A%E3%82%8A%E3%81%BE%E3%81%9B%E3%82%93%E3%81%AE%E3%81%A7%E4%BA%86%E6%89%BF%E3%81%8F%E3%81%A0%E3%81%95%E3%81%84%3CBR%3E HTTP/1.1" 200 25967 "-" "Googlebot-Image/1.0"
66.249.66.76 - - [12/Jun/2025:08:36:58 -0400] "GET /items874503174.phtml HTTP/1.1" 200 24295 "-" "Mozilla/5.0 (Linux; Android 6.0.1; Nexus 5X Build/MMB29P) AppleWebKit/537.36 (KHTML, like Gecko) Chrome/136.0.7103.113 Mobile Safari/537.36 (compatible; GoogleOther)"
66.249.66.78 - - [12/Jun/2025:08:37:04 -0400] "GET /goods/xck/asexually/125809564.phtml HTTP/1.1" 200 24179 "-" "Mozilla/5.0 (Linux; Android 6.0.1; Nexus 5X Build/MMB29P) AppleWebKit/537.36 (KHTML, like Gecko) Chrome/136.0.7103.113 Mobile Safari/537.36 (compatible; GoogleOther)"
66.249.66.76 - - [12/Jun/2025:08:37:20 -0400] "GET /goodscode/873438316.phtml HTTP/1.1" 200 23756 "-" "Mozilla/5.0 (Linux; Android 6.0.1; Nexus 5X Build/MMB29P) AppleWebKit/537.36 (KHTML, like Gecko) Chrome/136.0.7103.113 Mobile Safari/537.36 (compatible; GoogleOther)"
93.37.186.175 - - [12/Jun/2025:08:37:31 -0400] "GET /wp-content/uploads/2021/11/cropped-CeDzRGZ-32x32.png HTTP/1.1" 200 2410 "https://remonster.online/manga/re-monster-chapter-14/" "Mozilla/5.0 (iPhone; CPU iPhone OS 18_5 like Mac OS X) AppleWebKit/605.1.15 (KHTML, like Gecko) Version/18.5 Mobile/15E148 Safari/604.1"
66.249.66.76 - - [12/Jun/2025:08:37:33 -0400] "GET /goodscode106112616.phtml HTTP/1.1" 200 24534 "-" "Mozilla/5.0 (Linux; Android 6.0.1; Nexus 5X Build/MMB29P) AppleWebKit/537.36 (KHTML, like Gecko) Chrome/136.0.7103.113 Mobile Safari/537.36 (compatible; GoogleOther)"
2a03:2880:f800:c:: - - [12/Jun/2025:08:37:31 -0400] "GET /shopdetail/103651618 HTTP/1.1" 301 0 "-" "meta-externalagent/1.1 (+https://developers.facebook.com/docs/sharing/webmasters/crawler)"
162.0.232.193 - - [12/Jun/2025:08:37:34 -0400] "POST /wp-cron.php?doing_wp_cron=1749731854.2891759872436523437500 HTTP/1.1" 200 0 "-" "WordPress/6.6.2; https://remonster.online"
93.37.186.175 - - [12/Jun/2025:08:37:31 -0400] "POST /wp-admin/admin-ajax.php HTTP/1.1" 200 69 "https://remonster.online/manga/re-monster-chapter-14/" "Mozilla/5.0 (iPhone; CPU iPhone OS 18_5 like Mac OS X) AppleWebKit/605.1.15 (KHTML, like Gecko) Version/18.5 Mobile/15E148 Safari/604.1"
2a03:2880:f800:10:: - - [12/Jun/2025:08:37:36 -0400] "GET / HTTP/1.1" 200 10845 "-" "meta-externalagent/1.1 (+https://developers.facebook.com/docs/sharing/webmasters/crawler)"
2a03:2880:f800:c:: - - [12/Jun/2025:08:37:36 -0400] "GET /shopdetail/204937618 HTTP/1.1" 301 0 "-" "meta-externalagent/1.1 (+https://developers.facebook.com/docs/sharing/webmasters/crawler)"
66.249.66.76 - - [12/Jun/2025:08:37:38 -0400] "GET /item/%3EOVA%E3%83%A1%E3%82%AC%E3%83%8Dno%E3%83%A1%E3%82%AC%E3%83%9F%E3%81%A8%E3%82%89%E3%81%AE%E3%81%82%E3%81%AA%EF%BC%91%E3%83%BB%EF%BC%92%E5%B7%BB%E9%80%A3%E5%8B%95%E8%B3%BC%E5%85%A5%E7%89%B9%E5%85%B8%E3%82%BF%E3%83%9A%E3%82%B9%E3%83%88%E3%83%AA%E3%83%BC%E3%80%90%E6%A1%82%E3%82%88%E3%81%97%E3%81%B2%E3%82%8D%E5%85%88%E7%94%9F%E6%8F%8F%E3%81%8D%E4%B8%8B%E3%82%8D%E3%81%97%E3%80%91%3CBR%3E%3CBR%3E%E7%8A%B6%E6%85%8B%E3%81%AF%E6%96%B0%E5%93%81%E6%9C%AA%E4%BD%BF%E7%94%A8%E3%80%82%3CBR%3E%3CBR%3E%E3%82%86%E3%81%86%E3%83%91%E3%83%83%E3%82%AF%EF%BC%88%E3%81%8A%E3%81%A6%E3%81%8C%E3%82%8B%E7%89%88%EF%BC%89100%E3%82%B5%E3%82%A4%E3%82%BA%E3%81%A7%E7%99%BA%E9%80%81%E8%87%B4%E3%81%97%E3%81%BE%E3%81%99%E3%80%82%3CBR%3E%3CBR%3E%E2%80%BB%E6%94%AF%E6%89%95%E3%81%84%E6%96%B9%E6%B3%95%E3%81%AF%E3%81%8B%E3%82%93%E3%81%9F%E3%82%93%E6%B1%BA%E6%B8%88%E3%81%AE%E3%81%BF%E3%81%A8%E3%81%AA%E3%82%8A%E3%81%BE%E3%81%99%E3%80%82%3CBR%3E%E3%80%80%E3%82%AA%E3%83%BC%E3%82%AF%E3%82%B7%E3%83%A7%E3%83%B3%E7%B5%82%E4%BA%86%E5%BE%8C%E3%80%81%E3%81%8B%E3%82%93%E3%81%9F%E3%82%93%E6%B1%BA%E6%B8%88%E6%94%AF%E6%89%95%E3%81%84%E6%9C%9F%E9%99%90%E3%81%BE%E3%81%A7%E3%81%AB%E3%81%94%E5%AF%BE%E5%BF%9C%E9%A0%82%E3%81%91%E3%81%AB%E5%A0%B4%E5%90%88%E3%81%AF%E8%90%BD%E6%9C%AD%E8%80%85%E9%83%BD%E5%90%88%E3%81%AE%E3%82%AD%E3%83%A3%E3%83%B3%E3%82%BB%E3%83%AB%E3%81%A8%E3%81%95%E3%81%9B%E3%81%A6%E9%A0%82%E3%81%8D%E3%81%BE%E3%81%99%E3%80%82%3CBR%3E%E3%80%80%E4%BA%88%E3%82%81%E3%81%94%E4%BA%86%E6%89%BF%E3%81%8F%E3%81%A0%E3%81%95%E3%81%84%E3%81%BE%E3%81%9B%E3%80%82%20%20%20%20%3C/div%3E%20%20%20%20%3Cdiv%20class= HTTP/1.1" 200 25802 "-" "Googlebot-Image/1.0"
2a03:2880:f800:6:: - - [12/Jun/2025:08:37:39 -0400] "GET / HTTP/1.1" 200 10845 "-" "meta-externalagent/1.1 (+https://developers.facebook.com/docs/sharing/webmasters/crawler)"
66.249.66.76 - - [12/Jun/2025:08:37:44 -0400] "GET /special/ck/poetics873488054.phtml HTTP/1.1" 200 23994 "-" "Mozilla/5.0 (Linux; Android 6.0.1; Nexus 5X Build/MMB29P) AppleWebKit/537.36 (KHTML, like Gecko) Chrome/136.0.7103.113 Mobile Safari/537.36 (compatible; GoogleOther)"
2a03:2880:f800:15:: - - [12/Jun/2025:08:37:53 -0400] "GET /shopdetail/403759218 HTTP/1.1" 301 0 "-" "meta-externalagent/1.1 (+https://developers.facebook.com/docs/sharing/webmasters/crawler)"
66.249.66.76 - - [12/Jun/2025:08:37:55 -0400] "GET /item/lysichitum/%3E%3CBR%3E%3CCENTER%3E%3CFONT%20COLOR= HTTP/1.1" 200 24724 "-" "Googlebot-Image/1.0"
2a03:2880:f800:1c:: - - [12/Jun/2025:08:37:57 -0400] "GET / HTTP/1.1" 200 10845 "-" "meta-externalagent/1.1 (+https://developers.facebook.com/docs/sharing/webmasters/crawler)"
66.249.66.78 - - [12/Jun/2025:08:38:04 -0400] "GET /product/106233536.phtml HTTP/1.1" 200 23736 "-" "Mozilla/5.0 (Linux; Android 6.0.1; Nexus 5X Build/MMB29P) AppleWebKit/537.36 (KHTML, like Gecko) Chrome/136.0.7103.113 Mobile Safari/537.36 (compatible; GoogleOther)"
172.213.11.147 - - [12/Jun/2025:08:38:06 -0400] "GET /manga/re-monster-chapter-31/ HTTP/1.1" 200 17378 "-" "Mozilla/5.0 AppleWebKit/537.36 (KHTML, like Gecko); compatible; ChatGPT-User/1.0; +https://openai.com/bot"
172.213.11.145 - - [12/Jun/2025:08:38:06 -0400] "GET /manga/re-monster-chapter-1/ HTTP/1.1" 200 17995 "-" "Mozilla/5.0 AppleWebKit/537.36 (KHTML, like Gecko); compatible; ChatGPT-User/1.0; +https://openai.com/bot"
104.234.190.51 - - [12/Jun/2025:08:38:07 -0400] "POST /wp-admin/admin-ajax.php HTTP/1.1" 200 69 "https://remonster.online/manga/re-monster-chapter-45/" "Mozilla/5.0 (Linux; Android 10; K) AppleWebKit/537.36 (KHTML, like Gecko) Chrome/137.0.0.0 Mobile Safari/537.36"
66.249.66.77 - - [12/Jun/2025:08:38:09 -0400] "GET /products/jugulate/873650822.phtml HTTP/1.1" 200 24059 "-" "Mozilla/5.0 (Linux; Android 6.0.1; Nexus 5X Build/MMB29P) AppleWebKit/537.36 (KHTML, like Gecko) Chrome/136.0.7103.113 Mobile Safari/537.36 (compatible; GoogleOther)"
2a03:2880:f800:1b:: - - [12/Jun/2025:08:38:11 -0400] "GET /shopdetail/390112818 HTTP/1.1" 301 0 "-" "meta-externalagent/1.1 (+https://developers.facebook.com/docs/sharing/webmasters/crawler)"
2a03:2880:f800:11:: - - [12/Jun/2025:08:38:14 -0400] "GET / HTTP/1.1" 200 10845 "-" "meta-externalagent/1.1 (+https://developers.facebook.com/docs/sharing/webmasters/crawler)"
66.249.66.76 - - [12/Jun/2025:08:38:16 -0400] "GET /detail/yiu/divergence/870928702.phtml HTTP/1.1" 200 30518 "-" "Mozilla/5.0 (Linux; Android 6.0.1; Nexus 5X Build/MMB29P) AppleWebKit/537.36 (KHTML, like Gecko) Chrome/136.0.7103.113 Mobile Safari/537.36 (compatible; GoogleOther)"
47.211.72.56 - - [12/Jun/2025:08:38:18 -0400] "GET /manga/re-monster-chapter-74/ HTTP/1.1" 200 17658 "https://remonster.online/manga/re-monster-chapter-73/" "Mozilla/5.0 (iPhone; CPU iPhone OS 17_6_1 like Mac OS X) AppleWebKit/605.1.15 (KHTML, like Gecko) CriOS/137.0.7151.79 Mobile/15E148 Safari/604.1"
52.167.144.238 - - [12/Jun/2025:08:38:23 -0400] "GET /search/9/ HTTP/1.1" 200 24645 "-" "Mozilla/5.0 AppleWebKit/537.36 (KHTML, like Gecko; compatible; bingbot/2.0; +http://www.bing.com/bingbot.htm) Chrome/116.0.1938.76 Safari/537.36"
162.0.232.193 - - [12/Jun/2025:08:38:28 -0400] "POST /wp-cron.php?doing_wp_cron=1749731908.6746740341186523437500 HTTP/1.1" 200 0 "-" "WordPress/6.6.2; https://remonster.online"
2a03:2880:f800:11:: - - [12/Jun/2025:08:38:26 -0400] "GET /shopdetail/258281518 HTTP/1.1" 301 0 "-" "meta-externalagent/1.1 (+https://developers.facebook.com/docs/sharing/webmasters/crawler)"
2a03:2880:f800:10:: - - [12/Jun/2025:08:38:31 -0400] "GET / HTTP/1.1" 200 10845 "-" "meta-externalagent/1.1 (+https://developers.facebook.com/docs/sharing/webmasters/crawler)"
66.249.66.76 - - [12/Jun/2025:08:38:33 -0400] "GET /products/tc/sickly873608400.phtml HTTP/1.1" 200 23517 "-" "Mozilla/5.0 (Linux; Android 6.0.1; Nexus 5X Build/MMB29P) AppleWebKit/537.36 (KHTML, like Gecko) Chrome/136.0.7103.113 Mobile Safari/537.36 (compatible; GoogleOther)"
66.249.66.76 - - [12/Jun/2025:08:38:38 -0400] "GET /products/huu/tonous/%3E%3CCENTER%3E%3CTABLE%20BORDER=0%3E%3CTABLE%3E%3CTR%3E%3CTD%20VALIGN=top%3E%3CFONT%20SIZE=6%3E%3CB%3E%E5%96%B6%E6%A5%AD%E6%99%82%E9%96%93%E3%81%AE%E3%81%94%E6%A1%88%E5%86%85%3C/B%3E%3C/FONT%3E%3CTR%3E%3CTD%3E%3CTABLE%20BORDER=0%20CELLPADDING=2%20CELLSPACING=1%20BGCOLOR= HTTP/1.1" 200 25025 "-" "Googlebot-Image/1.0"
66.249.66.162 - - [12/Jun/2025:08:38:43 -0400] "GET /item/dispensatories106152284.phtml HTTP/1.1" 200 24290 "-" "Mozilla/5.0 (Linux; Android 6.0.1; Nexus 5X Build/MMB29P) AppleWebKit/537.36 (KHTML, like Gecko) Chrome/136.0.7103.113 Mobile Safari/537.36 (compatible; GoogleOther)"
1.140.47.40 - - [12/Jun/2025:08:38:47 -0400] "GET /manga/re-monster-chapter-37/ HTTP/1.1" 200 17371 "https://remonster.online/manga/re-monster-chapter-36/" "Mozilla/5.0 (Linux; Android 10; K) AppleWebKit/537.36 (KHTML, like Gecko) Chrome/137.0.0.0 Safari/537.36"
66.249.66.198 - - [12/Jun/2025:08:38:57 -0400] "GET /item/uns/triclinium873628358.phtml HTTP/1.1" 200 23567 "-" "Mozilla/5.0 (Linux; Android 6.0.1; Nexus 5X Build/MMB29P) AppleWebKit/537.36 (KHTML, like Gecko) Chrome/136.0.7103.113 Mobile Safari/537.36 (compatible; GoogleOther)"
2a03:2880:f800:1b:: - - [12/Jun/2025:08:38:57 -0400] "GET /shopdetail/108196718 HTTP/1.1" 301 0 "-" "meta-externalagent/1.1 (+https://developers.facebook.com/docs/sharing/webmasters/crawler)"
2a03:2880:f800:16:: - - [12/Jun/2025:08:38:59 -0400] "GET / HTTP/1.1" 200 10845 "-" "meta-externalagent/1.1 (+https://developers.facebook.com/docs/sharing/webmasters/crawler)"
66.249.66.164 - - [12/Jun/2025:08:39:07 -0400] "GET /item/106709198.phtml HTTP/1.1" 200 24115 "-" "Mozilla/5.0 (Linux; Android 6.0.1; Nexus 5X Build/MMB29P) AppleWebKit/537.36 (KHTML, like Gecko) Chrome/136.0.7103.113 Mobile Safari/537.36 (compatible; GoogleOther)"
66.249.66.199 - - [12/Jun/2025:08:39:16 -0400] "GET /goodscode/g/taping/%3E%3CDIV%20ALIGN=left%3E%3CDIV%20ALIGN=center%3E%3CTABLE%20BORDER=0%20WIDTH=600%20CELLSPACING=0%20CELLPADDING=0%3E%3CTR%3E%3CTD%3E%3CDIV%20ALIGN=center%3E%3CFONT%20SIZE=1%20COLOR= HTTP/1.1" 200 24900 "-" "Googlebot-Image/1.0"
162.0.232.193 - - [12/Jun/2025:08:39:17 -0400] "POST /wp-cron.php?doing_wp_cron=1749731957.3611090183258056640625 HTTP/1.1" 200 0 "-" "WordPress/6.6.2; https://remonster.online"
2a03:2880:f800:: - - [12/Jun/2025:08:39:14 -0400] "GET /shopdetail/54908318 HTTP/1.1" 301 0 "-" "meta-externalagent/1.1 (+https://developers.facebook.com/docs/sharing/webmasters/crawler)"
2a03:2880:f800:1b:: - - [12/Jun/2025:08:39:19 -0400] "GET / HTTP/1.1" 200 10845 "-" "meta-externalagent/1.1 (+https://developers.facebook.com/docs/sharing/webmasters/crawler)"
66.249.66.38 - - [12/Jun/2025:08:39:21 -0400] "GET /goodscode/conepatl/873489210.phtml HTTP/1.1" 200 25326 "-" "Mozilla/5.0 (Linux; Android 6.0.1; Nexus 5X Build/MMB29P) AppleWebKit/537.36 (KHTML, like Gecko) Chrome/136.0.7103.113 Mobile Safari/537.36 (compatible; GoogleOther)"
162.0.232.193 - - [12/Jun/2025:08:39:37 -0400] "POST /wp-cron.php?doing_wp_cron=1749731977.6267299652099609375000 HTTP/1.1" 200 0 "-" "WordPress/6.6.2; https://remonster.online"
2a03:2880:f800:16:: - - [12/Jun/2025:08:39:37 -0400] "GET /shopdetail/360840918 HTTP/1.1" 301 0 "-" "meta-externalagent/1.1 (+https://developers.facebook.com/docs/sharing/webmasters/crawler)"
2a03:2880:f800:c:: - - [12/Jun/2025:08:39:37 -0400] "GET /shopdetail/91073018 HTTP/1.1" 301 0 "-" "meta-externalagent/1.1 (+https://developers.facebook.com/docs/sharing/webmasters/crawler)"
2a03:2880:f800:10:: - - [12/Jun/2025:08:39:38 -0400] "GET /shopdetail/112695918 HTTP/1.1" 301 0 "-" "meta-externalagent/1.1 (+https://developers.facebook.com/docs/sharing/webmasters/crawler)"
66.249.66.13 - - [12/Jun/2025:08:39:39 -0400] "GET /goodscode/wellconnected/106188352.phtml HTTP/1.1" 200 24763 "-" "Mozilla/5.0 (Linux; Android 6.0.1; Nexus 5X Build/MMB29P) AppleWebKit/537.36 (KHTML, like Gecko) Chrome/136.0.7103.113 Mobile Safari/537.36 (compatible; GoogleOther)"
2a03:2880:f800:1c:: - - [12/Jun/2025:08:39:40 -0400] "GET / HTTP/1.1" 200 10845 "-" "meta-externalagent/1.1 (+https://developers.facebook.com/docs/sharing/webmasters/crawler)"
2a03:2880:f800:1a:: - - [12/Jun/2025:08:39:40 -0400] "GET / HTTP/1.1" 200 10845 "-" "meta-externalagent/1.1 (+https://developers.facebook.com/docs/sharing/webmasters/crawler)"
2a03:2880:f800:1d:: - - [12/Jun/2025:08:39:41 -0400] "GET / HTTP/1.1" 200 10845 "-" "meta-externalagent/1.1 (+https://developers.facebook.com/docs/sharing/webmasters/crawler)"
66.249.66.76 - - [12/Jun/2025:08:39:45 -0400] "GET /goodscode/tc/tappoon873571688.phtml HTTP/1.1" 200 25085 "-" "Mozilla/5.0 (Linux; Android 6.0.1; Nexus 5X Build/MMB29P) AppleWebKit/537.36 (KHTML, like Gecko) Chrome/136.0.7103.113 Mobile Safari/537.36 (compatible; GoogleOther)"
