66.249.66.76 - - [12/Jun/2025:12:28:49 -0400] "GET /goods/105118552.phtml HTTP/1.1" 200 24324 "-" "Mozilla/5.0 (Linux; Android 6.0.1; Nexus 5X Build/MMB29P) AppleWebKit/537.36 (KHTML, like Gecko) Chrome/136.0.7103.113 Mobile Safari/537.36 (compatible; GoogleOther)"
162.0.232.193 - - [12/Jun/2025:12:28:52 -0400] "POST /wp-cron.php?doing_wp_cron=1749745732.4308168888092041015625 HTTP/1.1" 200 0 "-" "WordPress/6.6.2; https://remonster.online"
2a03:2880:f800:16:: - - [12/Jun/2025:12:28:51 -0400] "GET /shopdetail/367293518 HTTP/1.1" 301 0 "-" "meta-externalagent/1.1 (+https://developers.facebook.com/docs/sharing/webmasters/crawler)"
2a03:2880:f800:f:: - - [12/Jun/2025:12:28:54 -0400] "GET / HTTP/1.1" 200 10845 "-" "meta-externalagent/1.1 (+https://developers.facebook.com/docs/sharing/webmasters/crawler)"
66.249.66.76 - - [12/Jun/2025:12:28:54 -0400] "GET /products/2065368528.phtml HTTP/1.1" 200 23805 "-" "Mozilla/5.0 (Linux; Android 6.0.1; Nexus 5X Build/MMB29P) AppleWebKit/537.36 (KHTML, like Gecko) Chrome/136.0.7103.113 Mobile Safari/537.36 (compatible; GoogleOther)"
66.249.66.77 - - [12/Jun/2025:12:28:59 -0400] "GET /goods/hcw/octogamy/104241432.phtml HTTP/1.1" 200 23834 "-" "Mozilla/5.0 (Linux; Android 6.0.1; Nexus 5X Build/MMB29P) AppleWebKit/537.36 (KHTML, like Gecko) Chrome/136.0.7103.113 Mobile Safari/537.36 (compatible; GoogleOther)"
66.249.66.76 - - [12/Jun/2025:12:29:04 -0400] "GET /item/rnw/precautional2066777852.phtml HTTP/1.1" 200 23787 "-" "Mozilla/5.0 (Linux; Android 6.0.1; Nexus 5X Build/MMB29P) AppleWebKit/537.36 (KHTML, like Gecko) Chrome/136.0.7103.113 Mobile Safari/537.36 (compatible; GoogleOther)"
66.249.66.76 - - [12/Jun/2025:12:29:09 -0400] "GET /items/iw/excussion/873125938.phtml HTTP/1.1" 200 24454 "-" "Mozilla/5.0 (Linux; Android 6.0.1; Nexus 5X Build/MMB29P) AppleWebKit/537.36 (KHTML, like Gecko) Chrome/136.0.7103.113 Mobile Safari/537.36 (compatible; GoogleOther)"
66.249.66.76 - - [12/Jun/2025:12:29:13 -0400] "GET /goods2066309960.phtml HTTP/1.1" 200 24611 "-" "Mozilla/5.0 (Linux; Android 6.0.1; Nexus 5X Build/MMB29P) AppleWebKit/537.36 (KHTML, like Gecko) Chrome/136.0.7103.113 Mobile Safari/537.36 (compatible; GoogleOther)"
2001:56b:fff3:f941:3498:7fe8:f7b8:9083 - - [12/Jun/2025:12:29:14 -0400] "GET /manga/re-monster-chapter-21/ HTTP/1.1" 200 16396 "https://remonster.online/manga/re-monster-chapter-20/" "Mozilla/5.0 (Linux; Android 15; SM-S918W Build/AP3A.240905.015.A2; wv) AppleWebKit/537.36 (KHTML, like Gecko) Version/4.0 Chrome/136.0.7103.125 Mobile Safari/537.36"
2001:56b:fff3:f941:3498:7fe8:f7b8:9083 - - [12/Jun/2025:12:29:16 -0400] "GET /manga/re-monster-chapter-21/ HTTP/1.1" 304 0 "https://remonster.online/manga/re-monster-chapter-21/" "Mozilla/5.0 (Linux; Android 15; SM-S918W Build/AP3A.240905.015.A2; wv) AppleWebKit/537.36 (KHTML, like Gecko) Version/4.0 Chrome/136.0.7103.125 Mobile Safari/537.36"
2001:56b:fff3:f941:3498:7fe8:f7b8:9083 - - [12/Jun/2025:12:29:15 -0400] "POST /wp-admin/admin-ajax.php HTTP/1.1" 200 69 "https://remonster.online/manga/re-monster-chapter-21/" "Mozilla/5.0 (Linux; Android 15; SM-S918W Build/AP3A.240905.015.A2; wv) AppleWebKit/537.36 (KHTML, like Gecko) Version/4.0 Chrome/136.0.7103.125 Mobile Safari/537.36"
162.0.232.193 - - [12/Jun/2025:12:29:18 -0400] "POST /wp-cron.php?doing_wp_cron=1749745758.3548529148101806640625 HTTP/1.1" 200 0 "-" "WordPress/6.6.2; https://remonster.online"
2001:56b:fff3:f941:3498:7fe8:f7b8:9083 - - [12/Jun/2025:12:29:18 -0400] "GET /manga/re-monster-chapter-22/ HTTP/1.1" 200 16300 "https://remonster.online/manga/re-monster-chapter-21/" "Mozilla/5.0 (Linux; Android 15; SM-S918W Build/AP3A.240905.015.A2; wv) AppleWebKit/537.36 (KHTML, like Gecko) Version/4.0 Chrome/136.0.7103.125 Mobile Safari/537.36"
66.249.66.76 - - [12/Jun/2025:12:29:18 -0400] "GET /goodscode/a/isagoge/873266242.phtml HTTP/1.1" 200 24516 "-" "Mozilla/5.0 (Linux; Android 6.0.1; Nexus 5X Build/MMB29P) AppleWebKit/537.36 (KHTML, like Gecko) Chrome/136.0.7103.113 Mobile Safari/537.36 (compatible; GoogleOther)"
2001:56b:fff3:f941:3498:7fe8:f7b8:9083 - - [12/Jun/2025:12:29:16 -0400] "POST /wp-admin/admin-ajax.php HTTP/1.1" 200 69 "https://remonster.online/manga/re-monster-chapter-21/" "Mozilla/5.0 (Linux; Android 15; SM-S918W Build/AP3A.240905.015.A2; wv) AppleWebKit/537.36 (KHTML, like Gecko) Version/4.0 Chrome/136.0.7103.125 Mobile Safari/537.36"
2001:56b:fff3:f941:3498:7fe8:f7b8:9083 - - [12/Jun/2025:12:29:19 -0400] "GET /manga/re-monster-chapter-22/ HTTP/1.1" 304 0 "https://remonster.online/manga/re-monster-chapter-22/" "Mozilla/5.0 (Linux; Android 15; SM-S918W Build/AP3A.240905.015.A2; wv) AppleWebKit/537.36 (KHTML, like Gecko) Version/4.0 Chrome/136.0.7103.125 Mobile Safari/537.36"
66.249.66.76 - - [12/Jun/2025:12:29:23 -0400] "GET /products/2058593322.phtml HTTP/1.1" 200 24036 "-" "Mozilla/5.0 (Linux; Android 6.0.1; Nexus 5X Build/MMB29P) AppleWebKit/537.36 (KHTML, like Gecko) Chrome/136.0.7103.113 Mobile Safari/537.36 (compatible; GoogleOther)"
66.249.66.76 - - [12/Jun/2025:12:29:27 -0400] "GET /goods/pca/supremity/873661412.phtml HTTP/1.1" 200 26072 "-" "Mozilla/5.0 (Linux; Android 6.0.1; Nexus 5X Build/MMB29P) AppleWebKit/537.36 (KHTML, like Gecko) Chrome/136.0.7103.113 Mobile Safari/537.36 (compatible; GoogleOther)"
2a03:2880:f800:: - - [12/Jun/2025:12:29:28 -0400] "GET /shopdetail/353625618 HTTP/1.1" 301 0 "-" "meta-externalagent/1.1 (+https://developers.facebook.com/docs/sharing/webmasters/crawler)"
2a03:2880:f800:d:: - - [12/Jun/2025:12:29:31 -0400] "GET / HTTP/1.1" 200 10845 "-" "meta-externalagent/1.1 (+https://developers.facebook.com/docs/sharing/webmasters/crawler)"
66.249.66.76 - - [12/Jun/2025:12:29:32 -0400] "GET /products/loxia871845040.phtml HTTP/1.1" 200 23960 "-" "Mozilla/5.0 (Linux; Android 6.0.1; Nexus 5X Build/MMB29P) AppleWebKit/537.36 (KHTML, like Gecko) Chrome/136.0.7103.113 Mobile Safari/537.36 (compatible; GoogleOther)"
66.249.66.198 - - [12/Jun/2025:12:29:37 -0400] "GET /detail/pk/statehood/103974556.phtml HTTP/1.1" 200 27114 "-" "Mozilla/5.0 (Linux; Android 6.0.1; Nexus 5X Build/MMB29P) AppleWebKit/537.36 (KHTML, like Gecko) Chrome/136.0.7103.113 Mobile Safari/537.36 (compatible; GoogleOther)"
66.249.66.76 - - [12/Jun/2025:12:29:41 -0400] "GET /shopdetail/ryy/aerugo/2066448980.phtml HTTP/1.1" 200 24069 "-" "Mozilla/5.0 (Linux; Android 6.0.1; Nexus 5X Build/MMB29P) AppleWebKit/537.36 (KHTML, like Gecko) Chrome/136.0.7103.113 Mobile Safari/537.36 (compatible; GoogleOther)"
162.0.232.193 - - [12/Jun/2025:12:29:43 -0400] "POST /wp-cron.php?doing_wp_cron=1749745783.0745649337768554687500 HTTP/1.1" 200 0 "-" "WordPress/6.6.2; https://remonster.online"
2a03:2880:f800:e:: - - [12/Jun/2025:12:29:41 -0400] "GET /shopdetail/413827918 HTTP/1.1" 301 0 "-" "meta-externalagent/1.1 (+https://developers.facebook.com/docs/sharing/webmasters/crawler)"
2a03:2880:f800:: - - [12/Jun/2025:12:29:44 -0400] "GET / HTTP/1.1" 200 10845 "-" "meta-externalagent/1.1 (+https://developers.facebook.com/docs/sharing/webmasters/crawler)"
66.249.66.77 - - [12/Jun/2025:12:29:46 -0400] "GET /detail/125269404.phtml HTTP/1.1" 200 25307 "-" "Mozilla/5.0 (Linux; Android 6.0.1; Nexus 5X Build/MMB29P) AppleWebKit/537.36 (KHTML, like Gecko) Chrome/136.0.7103.113 Mobile Safari/537.36 (compatible; GoogleOther)"
66.249.66.77 - - [12/Jun/2025:12:29:51 -0400] "GET /products/%3E%E3%81%94%E8%A6%A7%E9%A0%82%E3%81%84%E3%81%A6%E3%81%82%E3%82%8A%E3%81%8C%E3%81%A8%E3%81%86%E3%81%94%E3%81%96%E3%81%84%E3%81%BE%E3%81%99%EF%BC%81%3CBR%3E%E3%80%8A%E5%95%86%E5%93%81%E8%AA%AC%E6%98%8E%E3%80%8B%3CBR%3E%E6%96%B0%E5%93%81%E6%9C%AA%E9%96%8B%E5%B0%81%E9%87%91%E3%83%91%E3%83%A930g%E3%81%A7%E3%81%99%20%E3%80%82%3CBR%3E%E3%83%88%E3%82%AF%E3%83%AA%E3%82%AD%E3%81%AE%E3%82%AD%E3%83%B3%E3%83%91%E3%83%A9%E3%82%A8%E3%83%BC%E3%82%B912S%3CBR%3E%E5%86%99%E7%9C%9F%E3%81%AE%E7%94%BB%E5%83%8F%E3%82%92%E3%81%94%E7%A2%BA%E8%AA%8D%E3%81%8A%E9%A1%98%E3%81%84%E3%81%97%E3%81%BE%E3%81%99%E3%80%82%3CBR%3E%3CBR%3E%E9%A0%98%E5%8F%8E%E6%9B%B8%E3%81%AF%E5%87%BA%E3%81%9B%E3%81%BE%E3%81%9B%E3%82%93%E3%81%AE%E3%81%A7%E5%AE%9C%E3%81%97%E3%81%8F%E3%81%8A%E9%A1%98%E3%81%84%E8%87%B4%E3%81%97%E3%81%BE%E3%81%99%E3%80%82%3CBR%3E%E3%80%8A%E7%99%BA%E9%80%81%E6%96%B9%E6%B3%95%E3%80%8B%3CBR%3E%3CBR%3E%E3%83%AC%E3%82%BF%E3%83%BC%E3%83%91%E3%83%83%E3%82%AF520%E3%81%AE%E3%81%BF%E9%80%81%E6%96%99%E7%84%A1%E6%96%99%E3%81%A7%E3%81%8A%E9%80%81%E3%82%8A%E8%87%B4%E3%81%97%E3%81%BE%E3%81%99%20%E3%81%9D%E3%81%AE%E4%BB%96%E3%80%81%E6%9C%89%E6%96%99%E3%81%A7%E3%81%99%E3%81%8C%E3%81%AA%E3%82%8B%E3%81%B9%E3%81%8F%E5%AF%BE%E5%BF%9C%E8%87%B4%E3%81%97%E3%81%BE%E3%81%99%E3%80%82%3CBR%3E%3CBR%3E%E3%81%9D%E3%81%AE%E4%BB%96%E3%80%81%E3%81%94%E8%B3%AA%E5%95%8F%E3%80%81%E3%81%94%E8%A6%81%E6%9C%9B%E3%81%8C%E3%81%82%E3%82%8A%E3%81%BE%E3%81%97%E3%81%9F%E3%82%89%E3%81%8A%E6%B0%97%E8%BB%BD%E3%81%AB%E8%B3%AA%E5%95%8F%E6%AC%84%E3%81%8B%E3%82%89%E5%AE%9C%E3%81%97%E3%81%8F%E3%81%8A%E9%A1%98%E3%81%84%E8%87%B4%E3%81%97%E3%81%BE%E3%81%99%EF%BC%81%20%20%20%20%3C/div%3E%20%20%20%20%3Cdiv%20class= HTTP/1.1" 200 25810 "-" "Googlebot-Image/1.0"
96.2.176.61 - - [12/Jun/2025:12:29:55 -0400] "GET /manga/re-monster-chapter-55/ HTTP/1.1" 200 17452 "-" "Mozilla/5.0 (iPhone; CPU iPhone OS 18_5 like Mac OS X) AppleWebKit/605.1.15 (KHTML, like Gecko) Mobile/15E148"
66.249.66.76 - - [12/Jun/2025:12:29:56 -0400] "GET /shopdetail/expeditionist/2059120324.phtml HTTP/1.1" 200 24337 "-" "Mozilla/5.0 (Linux; Android 6.0.1; Nexus 5X Build/MMB29P) AppleWebKit/537.36 (KHTML, like Gecko) Chrome/136.0.7103.113 Mobile Safari/537.36 (compatible; GoogleOther)"
2a03:2880:f800:13:: - - [12/Jun/2025:12:29:57 -0400] "GET /shopdetail/427244518 HTTP/1.1" 301 0 "-" "meta-externalagent/1.1 (+https://developers.facebook.com/docs/sharing/webmasters/crawler)"
2a03:2880:f800:1:: - - [12/Jun/2025:12:29:57 -0400] "GET /shopdetail/87569618 HTTP/1.1" 301 0 "-" "meta-externalagent/1.1 (+https://developers.facebook.com/docs/sharing/webmasters/crawler)"
2a03:2880:f800:f:: - - [12/Jun/2025:12:29:59 -0400] "GET / HTTP/1.1" 200 10845 "-" "meta-externalagent/1.1 (+https://developers.facebook.com/docs/sharing/webmasters/crawler)"
2a03:2880:f800:11:: - - [12/Jun/2025:12:30:00 -0400] "GET / HTTP/1.1" 200 10845 "-" "meta-externalagent/1.1 (+https://developers.facebook.com/docs/sharing/webmasters/crawler)"
66.249.66.78 - - [12/Jun/2025:12:30:00 -0400] "GET /detail/874493736.phtml HTTP/1.1" 200 23837 "-" "Mozilla/5.0 (Linux; Android 6.0.1; Nexus 5X Build/MMB29P) AppleWebKit/537.36 (KHTML, like Gecko) Chrome/136.0.7103.113 Mobile Safari/537.36 (compatible; GoogleOther)"
66.249.66.77 - - [12/Jun/2025:12:30:05 -0400] "GET /goodscode/teenful/2062990936.phtml HTTP/1.1" 200 23751 "-" "Mozilla/5.0 (Linux; Android 6.0.1; Nexus 5X Build/MMB29P) AppleWebKit/537.36 (KHTML, like Gecko) Chrome/136.0.7103.113 Mobile Safari/537.36 (compatible; GoogleOther)"
2601:205:4889:7c50:84bb:9859:8d98:c578 - - [12/Jun/2025:12:30:06 -0400] "GET /manga/re-monster-chapter-25/ HTTP/1.1" 200 17761 "https://remonster.online/manga/re-monster-chapter-24/" "Mozilla/5.0 (iPhone; CPU iPhone OS 18_5 like Mac OS X) AppleWebKit/605.1.15 (KHTML, like Gecko) Version/18.5 Mobile/15E148 Safari/604.1"
2601:205:4889:7c50:84bb:9859:8d98:c578 - - [12/Jun/2025:12:30:08 -0400] "POST /wp-admin/admin-ajax.php HTTP/1.1" 200 69 "https://remonster.online/manga/re-monster-chapter-25/" "Mozilla/5.0 (iPhone; CPU iPhone OS 18_5 like Mac OS X) AppleWebKit/605.1.15 (KHTML, like Gecko) Version/18.5 Mobile/15E148 Safari/604.1"
66.249.66.76 - - [12/Jun/2025:12:30:10 -0400] "GET /entity/105446722.phtml HTTP/1.1" 200 23882 "-" "Mozilla/5.0 (Linux; Android 6.0.1; Nexus 5X Build/MMB29P) AppleWebKit/537.36 (KHTML, like Gecko) Chrome/136.0.7103.113 Mobile Safari/537.36 (compatible; GoogleOther)"
66.249.66.76 - - [12/Jun/2025:12:30:15 -0400] "GET /shopdetail/friendlessness/2061560556.phtml HTTP/1.1" 200 23948 "-" "Mozilla/5.0 (Linux; Android 6.0.1; Nexus 5X Build/MMB29P) AppleWebKit/537.36 (KHTML, like Gecko) Chrome/136.0.7103.113 Mobile Safari/537.36 (compatible; GoogleOther)"
66.249.66.76 - - [12/Jun/2025:12:30:20 -0400] "GET /entity/k/mercurifying/71043170.phtml HTTP/1.1" 200 25208 "-" "Mozilla/5.0 (Linux; Android 6.0.1; Nexus 5X Build/MMB29P) AppleWebKit/537.36 (KHTML, like Gecko) Chrome/136.0.7103.113 Mobile Safari/537.36 (compatible; GoogleOther)"
162.0.232.193 - - [12/Jun/2025:12:30:25 -0400] "POST /wp-cron.php?doing_wp_cron=1749745825.0559689998626708984375 HTTP/1.1" 200 0 "-" "WordPress/6.6.2; https://remonster.online"
20.171.207.247 - - [12/Jun/2025:12:30:23 -0400] "GET /remonster/ HTTP/1.1" 301 0 "-" "Mozilla/5.0 AppleWebKit/537.36 (KHTML, like Gecko; compatible; GPTBot/1.2; +https://openai.com/gptbot)"
66.249.66.76 - - [12/Jun/2025:12:30:25 -0400] "GET /shopdetail/2062294552.phtml HTTP/1.1" 200 24927 "-" "Mozilla/5.0 (Linux; Android 6.0.1; Nexus 5X Build/MMB29P) AppleWebKit/537.36 (KHTML, like Gecko) Chrome/136.0.7103.113 Mobile Safari/537.36 (compatible; GoogleOther)"
20.171.207.247 - - [12/Jun/2025:12:30:25 -0400] "GET / HTTP/1.1" 200 10845 "-" "Mozilla/5.0 AppleWebKit/537.36 (KHTML, like Gecko; compatible; GPTBot/1.2; +https://openai.com/gptbot)"
20.171.207.247 - - [12/Jun/2025:12:30:26 -0400] "GET /wp-admin/comment.php?action=spam&c=19 HTTP/1.1" 403 1242 "-" "Mozilla/5.0 AppleWebKit/537.36 (KHTML, like Gecko; compatible; GPTBot/1.2; +https://openai.com/gptbot)"
20.171.207.247 - - [12/Jun/2025:12:30:29 -0400] "GET /wp-admin/comment.php?action=trash&c=19 HTTP/1.1" 403 1242 "-" "Mozilla/5.0 AppleWebKit/537.36 (KHTML, like Gecko; compatible; GPTBot/1.2; +https://openai.com/gptbot)"
66.249.66.76 - - [12/Jun/2025:12:30:30 -0400] "GET /item/y/grunter18634270.phtml HTTP/1.1" 200 23966 "-" "Mozilla/5.0 (Linux; Android 6.0.1; Nexus 5X Build/MMB29P) AppleWebKit/537.36 (KHTML, like Gecko) Chrome/136.0.7103.113 Mobile Safari/537.36 (compatible; GoogleOther)"
20.171.207.247 - - [12/Jun/2025:12:30:32 -0400] "GET /wp-admin/comment.php?action=approve&c=19 HTTP/1.1" 403 1242 "-" "Mozilla/5.0 AppleWebKit/537.36 (KHTML, like Gecko; compatible; GPTBot/1.2; +https://openai.com/gptbot)"
66.249.66.76 - - [12/Jun/2025:12:30:35 -0400] "GET /goodscode/geophagist2056054758.phtml HTTP/1.1" 200 24265 "-" "Mozilla/5.0 (Linux; Android 6.0.1; Nexus 5X Build/MMB29P) AppleWebKit/537.36 (KHTML, like Gecko) Chrome/136.0.7103.113 Mobile Safari/537.36 (compatible; GoogleOther)"
162.0.232.193 - - [12/Jun/2025:12:30:36 -0400] "POST /wp-cron.php?doing_wp_cron=1749745836.5778288841247558593750 HTTP/1.1" 200 0 "-" "WordPress/6.6.2; https://remonster.online"
20.171.207.247 - - [12/Jun/2025:12:30:35 -0400] "GET /wp-admin/edit-comments.php?comment_status=moderated HTTP/1.1" 302 0 "-" "Mozilla/5.0 AppleWebKit/537.36 (KHTML, like Gecko; compatible; GPTBot/1.2; +https://openai.com/gptbot)"
20.171.207.247 - - [12/Jun/2025:12:30:36 -0400] "GET /wp-login.php?redirect_to=https%3A%2F%2Fremonster.online%2Fwp-admin%2Fedit-comments.php%3Fcomment_status%3Dmoderated&reauth=1 HTTP/1.1" 200 1772 "-" "Mozilla/5.0 AppleWebKit/537.36 (KHTML, like Gecko; compatible; GPTBot/1.2; +https://openai.com/gptbot)"
66.249.66.76 - - [12/Jun/2025:12:30:39 -0400] "GET /info2057795398.phtml HTTP/1.1" 200 24130 "-" "Mozilla/5.0 (Linux; Android 6.0.1; Nexus 5X Build/MMB29P) AppleWebKit/537.36 (KHTML, like Gecko) Chrome/136.0.7103.113 Mobile Safari/537.36 (compatible; GoogleOther)"
66.249.66.76 - - [12/Jun/2025:12:30:44 -0400] "GET /entity/ecloque/2066737032.phtml HTTP/1.1" 200 24474 "-" "Mozilla/5.0 (Linux; Android 6.0.1; Nexus 5X Build/MMB29P) AppleWebKit/537.36 (KHTML, like Gecko) Chrome/136.0.7103.113 Mobile Safari/537.36 (compatible; GoogleOther)"
66.249.66.77 - - [12/Jun/2025:12:30:49 -0400] "GET /special/125193284.phtml HTTP/1.1" 200 24592 "-" "Mozilla/5.0 (Linux; Android 6.0.1; Nexus 5X Build/MMB29P) AppleWebKit/537.36 (KHTML, like Gecko) Chrome/136.0.7103.113 Mobile Safari/537.36 (compatible; GoogleOther)"
66.249.66.77 - - [12/Jun/2025:12:30:54 -0400] "GET /products/iho/cathead2058320798.phtml HTTP/1.1" 200 26010 "-" "Mozilla/5.0 (Linux; Android 6.0.1; Nexus 5X Build/MMB29P) AppleWebKit/537.36 (KHTML, like Gecko) Chrome/136.0.7103.113 Mobile Safari/537.36 (compatible; GoogleOther)"
66.249.66.76 - - [12/Jun/2025:12:30:58 -0400] "GET /products/16812568.phtml HTTP/1.1" 200 24014 "-" "Mozilla/5.0 (Linux; Android 6.0.1; Nexus 5X Build/MMB29P) AppleWebKit/537.36 (KHTML, like Gecko) Chrome/136.0.7103.113 Mobile Safari/537.36 (compatible; GoogleOther)"
66.249.66.76 - - [12/Jun/2025:12:31:03 -0400] "GET /special/2063549006.phtml HTTP/1.1" 200 24092 "-" "Mozilla/5.0 (Linux; Android 6.0.1; Nexus 5X Build/MMB29P) AppleWebKit/537.36 (KHTML, like Gecko) Chrome/136.0.7103.113 Mobile Safari/537.36 (compatible; GoogleOther)"
2a03:2880:f800:7:: - - [12/Jun/2025:12:31:06 -0400] "GET /shopdetail/85364918 HTTP/1.1" 301 0 "-" "meta-externalagent/1.1 (+https://developers.facebook.com/docs/sharing/webmasters/crawler)"
2a03:2880:f800:13:: - - [12/Jun/2025:12:31:08 -0400] "GET / HTTP/1.1" 200 10845 "-" "meta-externalagent/1.1 (+https://developers.facebook.com/docs/sharing/webmasters/crawler)"
66.249.66.76 - - [12/Jun/2025:12:31:08 -0400] "GET /special/eqy/endurably/103856270.phtml HTTP/1.1" 200 23649 "-" "Mozilla/5.0 (Linux; Android 6.0.1; Nexus 5X Build/MMB29P) AppleWebKit/537.36 (KHTML, like Gecko) Chrome/136.0.7103.113 Mobile Safari/537.36 (compatible; GoogleOther)"
66.249.66.76 - - [12/Jun/2025:12:31:12 -0400] "GET /shopdetail/focus2066482034.phtml HTTP/1.1" 200 24239 "-" "Mozilla/5.0 (Linux; Android 6.0.1; Nexus 5X Build/MMB29P) AppleWebKit/537.36 (KHTML, like Gecko) Chrome/136.0.7103.113 Mobile Safari/537.36 (compatible; GoogleOther)"
66.249.66.76 - - [12/Jun/2025:12:31:17 -0400] "GET /goodscode/lec/sirocco/873967824.phtml HTTP/1.1" 200 24640 "-" "Mozilla/5.0 (Linux; Android 6.0.1; Nexus 5X Build/MMB29P) AppleWebKit/537.36 (KHTML, like Gecko) Chrome/136.0.7103.113 Mobile Safari/537.36 (compatible; GoogleOther)"
66.249.66.76 - - [12/Jun/2025:12:31:22 -0400] "GET /special/chicalote/%3E%E3%80%8EDEALERSHIP%E3%80%8F%3CBR%3ENauga%20Black%20Edition%20/%20DEALERSHIP%E3%83%BBFreeDesign%E5%88%A5%E6%B3%A8%20100%E4%BD%93%E9%99%90%E5%AE%9A%E5%93%81%3CBR%3E%3CBR%3E%E8%B3%BC%E5%85%A5%E5%BE%8C%E3%80%81%E6%A3%9A%E3%81%AB%E9%A3%BE%E3%81%A3%E3%81%A6%E3%81%8A%E3%82%8A%E3%81%BE%E3%81%97%E3%81%9F%EF%BC%81%E5%9F%83%E7%AD%89%E3%81%AF%E5%A4%9A%E5%B0%91%E3%81%82%E3%82%8A%E3%81%BE%E3%81%99%E3%81%8C%E3%80%81%E7%BE%8E%E5%93%81%E3%81%A0%E3%81%A8%E6%80%9D%E3%81%84%E3%81%BE%E3%81%99%E3%81%8C%E3%80%81%E4%B8%80%E5%BF%9C%E4%B8%AD%E5%8F%A4%E5%93%81%E3%81%A8%E3%81%84%E3%81%86%E3%81%93%E3%81%A8%E3%82%92%E3%81%94%E7%90%86%E8%A7%A3%E3%81%8F%E3%81%A0%E3%81%95%E3%81%84%E3%80%82%3CBR%3E%3CBR%3E%E3%83%8A%E3%82%A6%E3%82%AC%E3%83%A2%E3%83%B3%E3%82%B9%E3%82%BF%E3%83%BC%E3%81%A8%E3%81%AF%3CBR%3E%E3%82%A2%E3%83%A1%E3%83%AA%E3%82%AB%E3%81%AE%E3%83%93%E3%83%8B%E3%83%BC%E3%83%AB%E3%83%AC%E3%82%B6%E3%83%BC%EF%BC%88%E5%90%88%E6%88%90%E7%9A%AE%E9%9D%A9%EF%BC%89%E3%83%96%E3%83%A9%E3%83%B3%E3%83%89%E3%80%8C%E3%83%8A%E3%82%A6%E3%82%AC%E3%83%8F%E3%82%A4%E3%83%89/NAUGAHYDE%E3%80%8D%E3%81%8C%E3%80%81%E3%80%8E%E5%8B%95%E7%89%A9%E3%82%92%E8%99%90%E6%AE%BA%E3%81%97%E3%81%AA%E3%81%8F%E3%81%A6%E3%82%82%E7%94%9F%E7%94%A3%E3%81%A7%E3%81%8D%E3%82%8B%E3%80%81%E9%AB%98%E5%93%81%E4%BD%8D%E3%81%AA%E9%9D%A9%E3%80%8F%E3%81%A8%E3%81%97%E3%81%A6%E8%A3%BD%E5%93%81%E3%82%92%E3%83%97%E3%83%AD%E3%83%A2%E3%83%BC%E3%82%B7%E3%83%A7%E3%83%B3%E3%81%99%E3%82%8B%E3%81%9F%E3%82%81%E3%81%AB1960%E5%B9%B4%E4%BB%A3%E3%81%AB%E7%94%9F%E3%81%BF%E5%87%BA%E3%81%97%E3%81%9F%E3%83%9E%E3%82%B9%E3%82%B3%E3%83%83%E3%83%88%E3%82%AD%E3%83%A3%E3%83%A9%E3%82%AF%E3%82%BF%E3%83%BC%E3%80%8C%E3%83%8A%E3%82%A6%E3%82%AC/Nauga%E3%80%8D%3CBR%3E%3CBR%3E%E3%82%A4%E3%83%BC%E3%83%A0%E3%82%BA%E3%80%81%E3%83%8F%E3%83%BC%E3%83%9E%E3%83%B3%E3%83%9F%E3%83%A9%E3%83%BC%E3%80%81%E3%83%9F%E3%83%83%E3%83%89%E3%82%BB%E3%83%B3%E3%83%81%E3%83%A5%E3%83%AA%E3%83%BC%E3%80%81%E3%83%A2%E3%83%80%E3%83%B3%E3%80%81%E3%82%A4%E3%83%B3%E3%83%86%E3%83%AA%E3%82%A2%20%20%20%20%3C/div%3E%20%20%20%20%3Cdiv%20class= HTTP/1.1" 200 26201 "-" "Googlebot-Image/1.0"
66.249.66.76 - - [12/Jun/2025:12:31:26 -0400] "GET /products/868409072.phtml HTTP/1.1" 200 24326 "-" "Mozilla/5.0 (Linux; Android 6.0.1; Nexus 5X Build/MMB29P) AppleWebKit/537.36 (KHTML, like Gecko) Chrome/136.0.7103.113 Mobile Safari/537.36 (compatible; GoogleOther)"
162.0.232.193 - - [12/Jun/2025:12:31:27 -0400] "POST /wp-cron.php?doing_wp_cron=1749745887.8608069419860839843750 HTTP/1.1" 200 0 "-" "WordPress/6.6.2; https://remonster.online"
2a03:2880:f800:19:: - - [12/Jun/2025:12:31:26 -0400] "GET /shopdetail/438319218 HTTP/1.1" 301 0 "-" "meta-externalagent/1.1 (+https://developers.facebook.com/docs/sharing/webmasters/crawler)"
2a03:2880:f800:2:: - - [12/Jun/2025:12:31:29 -0400] "GET / HTTP/1.1" 200 10845 "-" "meta-externalagent/1.1 (+https://developers.facebook.com/docs/sharing/webmasters/crawler)"
66.249.66.76 - - [12/Jun/2025:12:31:31 -0400] "GET /goodscode/jeu/caribaea/873857940.phtml HTTP/1.1" 200 23797 "-" "Mozilla/5.0 (Linux; Android 6.0.1; Nexus 5X Build/MMB29P) AppleWebKit/537.36 (KHTML, like Gecko) Chrome/136.0.7103.113 Mobile Safari/537.36 (compatible; GoogleOther)"
66.249.66.76 - - [12/Jun/2025:12:31:36 -0400] "GET /shopdetail/indivinity/2066462076.phtml HTTP/1.1" 200 25588 "-" "Mozilla/5.0 (Linux; Android 6.0.1; Nexus 5X Build/MMB29P) AppleWebKit/537.36 (KHTML, like Gecko) Chrome/136.0.7103.113 Mobile Safari/537.36 (compatible; GoogleOther)"
162.0.232.193 - - [12/Jun/2025:12:31:40 -0400] "POST /wp-cron.php?doing_wp_cron=1749745899.7474639415740966796875 HTTP/1.1" 200 0 "-" "WordPress/6.6.2; https://remonster.online"
2a03:2880:f800:b:: - - [12/Jun/2025:12:31:39 -0400] "GET /shopdetail/288663918 HTTP/1.1" 301 0 "-" "meta-externalagent/1.1 (+https://developers.facebook.com/docs/sharing/webmasters/crawler)"
66.249.66.76 - - [12/Jun/2025:12:31:40 -0400] "GET /goodscode/l/lenticular/873456800.phtml HTTP/1.1" 200 24642 "-" "Mozilla/5.0 (Linux; Android 6.0.1; Nexus 5X Build/MMB29P) AppleWebKit/537.36 (KHTML, like Gecko) Chrome/136.0.7103.113 Mobile Safari/537.36 (compatible; GoogleOther)"
2a03:2880:f800:1b:: - - [12/Jun/2025:12:31:41 -0400] "GET / HTTP/1.1" 200 10845 "-" "meta-externalagent/1.1 (+https://developers.facebook.com/docs/sharing/webmasters/crawler)"
2a03:2880:f800:11:: - - [12/Jun/2025:12:31:42 -0400] "GET /shopdetail/222452518 HTTP/1.1" 301 0 "-" "meta-externalagent/1.1 (+https://developers.facebook.com/docs/sharing/webmasters/crawler)"
66.249.66.76 - - [12/Jun/2025:12:31:45 -0400] "GET /products/qui/zaitha/2064276326.phtml HTTP/1.1" 200 24271 "-" "Mozilla/5.0 (Linux; Android 6.0.1; Nexus 5X Build/MMB29P) AppleWebKit/537.36 (KHTML, like Gecko) Chrome/136.0.7103.113 Mobile Safari/537.36 (compatible; GoogleOther)"
2a03:2880:f800:5:: - - [12/Jun/2025:12:31:46 -0400] "GET / HTTP/1.1" 200 10845 "-" "meta-externalagent/1.1 (+https://developers.facebook.com/docs/sharing/webmasters/crawler)"
2a03:2880:f800:d:: - - [12/Jun/2025:12:31:47 -0400] "GET /shopdetail/112187918 HTTP/1.1" 301 0 "-" "meta-externalagent/1.1 (+https://developers.facebook.com/docs/sharing/webmasters/crawler)"
2a03:2880:f800:1c:: - - [12/Jun/2025:12:31:50 -0400] "GET / HTTP/1.1" 200 10845 "-" "meta-externalagent/1.1 (+https://developers.facebook.com/docs/sharing/webmasters/crawler)"
66.249.66.163 - - [12/Jun/2025:12:31:50 -0400] "GET /shopping/875020552.phtml HTTP/1.1" 200 23842 "-" "Mozilla/5.0 (Linux; Android 6.0.1; Nexus 5X Build/MMB29P) AppleWebKit/537.36 (KHTML, like Gecko) Chrome/136.0.7103.113 Mobile Safari/537.36 (compatible; GoogleOther)"
66.249.66.162 - - [12/Jun/2025:12:31:55 -0400] "GET /items/2057661708.phtml HTTP/1.1" 200 25833 "-" "Mozilla/5.0 (Linux; Android 6.0.1; Nexus 5X Build/MMB29P) AppleWebKit/537.36 (KHTML, like Gecko) Chrome/136.0.7103.113 Mobile Safari/537.36 (compatible; GoogleOther)"
66.249.66.77 - - [12/Jun/2025:12:32:00 -0400] "GET /shopping/105234790.phtml HTTP/1.1" 200 23724 "-" "Mozilla/5.0 (Linux; Android 6.0.1; Nexus 5X Build/MMB29P) AppleWebKit/537.36 (KHTML, like Gecko) Chrome/136.0.7103.113 Mobile Safari/537.36 (compatible; GoogleOther)"
66.249.66.77 - - [12/Jun/2025:12:32:05 -0400] "GET /goodscode/weariness872460230.phtml HTTP/1.1" 200 24713 "-" "Mozilla/5.0 (Linux; Android 6.0.1; Nexus 5X Build/MMB29P) AppleWebKit/537.36 (KHTML, like Gecko) Chrome/136.0.7103.113 Mobile Safari/537.36 (compatible; GoogleOther)"
66.249.66.76 - - [12/Jun/2025:12:32:10 -0400] "GET /entity105400122.phtml HTTP/1.1" 200 24106 "-" "Mozilla/5.0 (Linux; Android 6.0.1; Nexus 5X Build/MMB29P) AppleWebKit/537.36 (KHTML, like Gecko) Chrome/136.0.7103.113 Mobile Safari/537.36 (compatible; GoogleOther)"
66.249.66.76 - - [12/Jun/2025:12:32:15 -0400] "GET /goodscode/enambush/869623222.phtml HTTP/1.1" 200 24173 "-" "Mozilla/5.0 (Linux; Android 6.0.1; Nexus 5X Build/MMB29P) AppleWebKit/537.36 (KHTML, like Gecko) Chrome/136.0.7103.113 Mobile Safari/537.36 (compatible; GoogleOther)"
66.249.66.76 - - [12/Jun/2025:12:32:20 -0400] "GET /entity578606210.phtml HTTP/1.1" 200 24267 "-" "Mozilla/5.0 (Linux; Android 6.0.1; Nexus 5X Build/MMB29P) AppleWebKit/537.36 (KHTML, like Gecko) Chrome/136.0.7103.113 Mobile Safari/537.36 (compatible; GoogleOther)"
162.0.232.193 - - [12/Jun/2025:12:32:22 -0400] "POST /wp-cron.php?doing_wp_cron=1749745942.7253949642181396484375 HTTP/1.1" 200 0 "-" "WordPress/6.6.2; https://remonster.online"
20.171.207.247 - - [12/Jun/2025:12:32:22 -0400] "GET /wp-admin/ HTTP/1.1" 302 0 "-" "Mozilla/5.0 AppleWebKit/537.36 (KHTML, like Gecko; compatible; GPTBot/1.2; +https://openai.com/gptbot)"
20.171.207.247 - - [12/Jun/2025:12:32:24 -0400] "GET /wp-login.php?redirect_to=https%3A%2F%2Fremonster.online%2Fwp-admin%2F&reauth=1 HTTP/1.1" 200 1749 "-" "Mozilla/5.0 AppleWebKit/537.36 (KHTML, like Gecko; compatible; GPTBot/1.2; +https://openai.com/gptbot)"
66.249.66.76 - - [12/Jun/2025:12:32:25 -0400] "GET /shopdetail/2063696180.phtml HTTP/1.1" 200 23602 "-" "Mozilla/5.0 (Linux; Android 6.0.1; Nexus 5X Build/MMB29P) AppleWebKit/537.36 (KHTML, like Gecko) Chrome/136.0.7103.113 Mobile Safari/537.36 (compatible; GoogleOther)"
66.249.66.162 - - [12/Jun/2025:12:32:31 -0400] "GET /detail105531764.phtml HTTP/1.1" 200 25333 "-" "Mozilla/5.0 (Linux; Android 6.0.1; Nexus 5X Build/MMB29P) AppleWebKit/537.36 (KHTML, like Gecko) Chrome/136.0.7103.113 Mobile Safari/537.36 (compatible; GoogleOther)"
66.249.66.160 - - [12/Jun/2025:12:32:36 -0400] "GET /special/ascendable2057692962.phtml HTTP/1.1" 200 24057 "-" "Mozilla/5.0 (Linux; Android 6.0.1; Nexus 5X Build/MMB29P) AppleWebKit/537.36 (KHTML, like Gecko) Chrome/136.0.7103.113 Mobile Safari/537.36 (compatible; GoogleOther)"
66.249.66.76 - - [12/Jun/2025:12:32:41 -0400] "GET /detail578480666.phtml HTTP/1.1" 200 23623 "-" "Mozilla/5.0 (Linux; Android 6.0.1; Nexus 5X Build/MMB29P) AppleWebKit/537.36 (KHTML, like Gecko) Chrome/136.0.7103.113 Mobile Safari/537.36 (compatible; GoogleOther)"
66.249.66.198 - - [12/Jun/2025:12:32:46 -0400] "GET /shopdetail/dartars/2066383706.phtml HTTP/1.1" 200 24419 "-" "Mozilla/5.0 (Linux; Android 6.0.1; Nexus 5X Build/MMB29P) AppleWebKit/537.36 (KHTML, like Gecko) Chrome/136.0.7103.113 Mobile Safari/537.36 (compatible; GoogleOther)"
66.249.66.76 - - [12/Jun/2025:12:32:52 -0400] "GET /items/we/%3E%E5%8F%A4%E3%81%84%E8%96%AC%E8%A2%8B%E5%9B%B3%E9%91%91%3CBR%3E%E3%81%8F%E3%81%99%E3%82%8A%E3%81%A8%E3%81%BB%E3%81%BB%E3%81%88%E3%82%80%E5%85%83%E6%B0%97%E3%81%AE%E7%B4%A0%3CBR%3E%E6%96%B0%E5%90%8C%E5%93%81%3CBR%3EB5%E3%82%B5%E3%82%A4%E3%82%BA%E5%8E%9A%E5%8F%A3%E6%9C%AC%3CBR%3E%E5%A4%A7%E9%98%AA%E8%8A%B8%E5%A4%A7%E6%95%99%E6%8E%88%E8%91%97%E3%80%81%E9%9D%9E%E5%B8%B8%E3%81%AB%E8%B3%87%E6%96%99%E6%80%A7%E9%AB%98%E3%81%84%3CBR%3E%E6%98%AD%E5%92%8C%E3%83%AC%E3%83%88%E3%83%AD%E3%83%9E%E3%83%8B%E3%82%A2%E5%BF%85%E8%A6%8B%20%20%20%20%3C/div%3E%20%20%20%20%3Cdiv%20class= HTTP/1.1" 200 25256 "-" "Googlebot-Image/1.0"
66.249.66.76 - - [12/Jun/2025:12:32:57 -0400] "GET /entity105129848.phtml HTTP/1.1" 200 24502 "-" "Mozilla/5.0 (Linux; Android 6.0.1; Nexus 5X Build/MMB29P) AppleWebKit/537.36 (KHTML, like Gecko) Chrome/136.0.7103.113 Mobile Safari/537.36 (compatible; GoogleOther)"
66.249.66.162 - - [12/Jun/2025:12:33:02 -0400] "GET /item/exciple2056126518.phtml HTTP/1.1" 200 23788 "-" "Mozilla/5.0 (Linux; Android 6.0.1; Nexus 5X Build/MMB29P) AppleWebKit/537.36 (KHTML, like Gecko) Chrome/136.0.7103.113 Mobile Safari/537.36 (compatible; GoogleOther)"
162.0.232.193 - - [12/Jun/2025:12:33:07 -0400] "POST /wp-cron.php?doing_wp_cron=1749745987.6730580329895019531250 HTTP/1.1" 200 0 "-" "WordPress/6.6.2; https://remonster.online"
18.213.27.222 - - [12/Jun/2025:12:33:08 -0400] "GET /manga/re-monster-chapter-51/ HTTP/1.1" 200 17558 "-" "Mozilla/5.0 AppleWebKit/537.36 (KHTML, like Gecko; compatible; Amazonbot/0.1; +https://developer.amazon.com/support/amazonbot) Chrome/119.0.6045.214 Safari/537.36"
66.249.66.198 - - [12/Jun/2025:12:33:08 -0400] "GET /goodscode/vek/cerastles/124092160.phtml HTTP/1.1" 200 25185 "-" "Mozilla/5.0 (Linux; Android 6.0.1; Nexus 5X Build/MMB29P) AppleWebKit/537.36 (KHTML, like Gecko) Chrome/136.0.7103.113 Mobile Safari/537.36 (compatible; GoogleOther)"
3.227.180.70 - - [12/Jun/2025:12:33:04 -0400] "GET /page/14/?s HTTP/1.1" 200 15977 "-" "Mozilla/5.0 AppleWebKit/537.36 (KHTML, like Gecko; compatible; Amazonbot/0.1; +https://developer.amazon.com/support/amazonbot) Chrome/119.0.6045.214 Safari/537.36"
52.203.152.231 - - [12/Jun/2025:12:33:11 -0400] "GET /remonster-chapter-62/ HTTP/1.1" 200 12773 "-" "Mozilla/5.0 AppleWebKit/537.36 (KHTML, like Gecko; compatible; Amazonbot/0.1; +https://developer.amazon.com/support/amazonbot) Chrome/119.0.6045.214 Safari/537.36"
66.249.66.38 - - [12/Jun/2025:12:33:13 -0400] "GET /item/no/peregrine/872984412.phtml HTTP/1.1" 200 24329 "-" "Mozilla/5.0 (Linux; Android 6.0.1; Nexus 5X Build/MMB29P) AppleWebKit/537.36 (KHTML, like Gecko) Chrome/136.0.7103.113 Mobile Safari/537.36 (compatible; GoogleOther)"
44.223.193.255 - - [12/Jun/2025:12:33:16 -0400] "GET /category/manga/page/10/ HTTP/1.1" 200 16900 "-" "Mozilla/5.0 AppleWebKit/537.36 (KHTML, like Gecko; compatible; Amazonbot/0.1; +https://developer.amazon.com/support/amazonbot) Chrome/119.0.6045.214 Safari/537.36"
34.230.124.21 - - [12/Jun/2025:12:33:19 -0400] "GET /manga/re-monster-chapter-36/ HTTP/1.1" 200 17912 "-" "Mozilla/5.0 AppleWebKit/537.36 (KHTML, like Gecko; compatible; Amazonbot/0.1; +https://developer.amazon.com/support/amazonbot) Chrome/119.0.6045.214 Safari/537.36"
66.249.66.198 - - [12/Jun/2025:12:33:19 -0400] "GET /goodscode/874933520.phtml HTTP/1.1" 200 23453 "-" "Mozilla/5.0 (Linux; Android 6.0.1; Nexus 5X Build/MMB29P) AppleWebKit/537.36 (KHTML, like Gecko) Chrome/136.0.7103.113 Mobile Safari/537.36 (compatible; GoogleOther)"
44.210.204.255 - - [12/Jun/2025:12:33:23 -0400] "GET /manga/remonster-chapter-102/ HTTP/1.1" 200 15649 "-" "Mozilla/5.0 AppleWebKit/537.36 (KHTML, like Gecko; compatible; Amazonbot/0.1; +https://developer.amazon.com/support/amazonbot) Chrome/119.0.6045.214 Safari/537.36"
66.249.66.38 - - [12/Jun/2025:12:33:24 -0400] "GET /goodscode/calefaction2054183892.phtml HTTP/1.1" 200 24478 "-" "Mozilla/5.0 (Linux; Android 6.0.1; Nexus 5X Build/MMB29P) AppleWebKit/537.36 (KHTML, like Gecko) Chrome/136.0.7103.113 Mobile Safari/537.36 (compatible; GoogleOther)"
162.0.232.193 - - [12/Jun/2025:12:33:28 -0400] "POST /wp-cron.php?doing_wp_cron=1749746008.2922360897064208984375 HTTP/1.1" 200 0 "-" "WordPress/6.6.2; https://remonster.online"
98.82.66.172 - - [12/Jun/2025:12:33:27 -0400] "GET /page/12/?s HTTP/1.1" 200 15677 "-" "Mozilla/5.0 AppleWebKit/537.36 (KHTML, like Gecko; compatible; Amazonbot/0.1; +https://developer.amazon.com/support/amazonbot) Chrome/119.0.6045.214 Safari/537.36"
2605:8d80:401:4188:34c8:98d8:dc7b:70a7 - - [12/Jun/2025:12:33:29 -0400] "GET /manga/re-monster-chapter-46/ HTTP/1.1" 200 17406 "https://remonster.online/manga/re-monster-chapter-45/" "Mozilla/5.0 (Linux; Android 10; K) AppleWebKit/537.36 (KHTML, like Gecko) SamsungBrowser/28.0 Chrome/130.0.0.0 Mobile Safari/537.36"
66.249.66.76 - - [12/Jun/2025:12:33:30 -0400] "GET /goodscode/105418350.phtml HTTP/1.1" 200 24460 "-" "Mozilla/5.0 (Linux; Android 6.0.1; Nexus 5X Build/MMB29P) AppleWebKit/537.36 (KHTML, like Gecko) Chrome/136.0.7103.113 Mobile Safari/537.36 (compatible; GoogleOther)"
2605:8d80:401:4188:34c8:98d8:dc7b:70a7 - - [12/Jun/2025:12:33:30 -0400] "GET /wp-content/uploads/2021/11/CeDzRGZ-768x682.png HTTP/1.1" 200 1056180 "https://remonster.online/manga/re-monster-chapter-46/" "Mozilla/5.0 (Linux; Android 10; K) AppleWebKit/537.36 (KHTML, like Gecko) SamsungBrowser/28.0 Chrome/130.0.0.0 Mobile Safari/537.36"
162.0.232.193 - - [12/Jun/2025:12:33:32 -0400] "POST /wp-cron.php?doing_wp_cron=1749746012.3462760448455810546875 HTTP/1.1" 200 0 "-" "WordPress/6.6.2; https://remonster.online"
34.236.135.14 - - [12/Jun/2025:12:33:31 -0400] "GET /category/re-monster/page/8/ HTTP/1.1" 200 17840 "-" "Mozilla/5.0 AppleWebKit/537.36 (KHTML, like Gecko; compatible; Amazonbot/0.1; +https://developer.amazon.com/support/amazonbot) Chrome/119.0.6045.214 Safari/537.36"
2a03:2880:f800:13:: - - [12/Jun/2025:12:33:33 -0400] "GET /shopdetail/39360418 HTTP/1.1" 301 0 "-" "meta-externalagent/1.1 (+https://developers.facebook.com/docs/sharing/webmasters/crawler)"
54.86.59.155 - - [12/Jun/2025:12:33:35 -0400] "GET /remonster-chapter-38/ HTTP/1.1" 200 12812 "-" "Mozilla/5.0 AppleWebKit/537.36 (KHTML, like Gecko; compatible; Amazonbot/0.1; +https://developer.amazon.com/support/amazonbot) Chrome/119.0.6045.214 Safari/537.36"
66.249.66.76 - - [12/Jun/2025:12:33:35 -0400] "GET /item/gratuity2064206048.phtml HTTP/1.1" 200 23732 "-" "Mozilla/5.0 (Linux; Android 6.0.1; Nexus 5X Build/MMB29P) AppleWebKit/537.36 (KHTML, like Gecko) Chrome/136.0.7103.113 Mobile Safari/537.36 (compatible; GoogleOther)"
2a03:2880:f800:1:: - - [12/Jun/2025:12:33:37 -0400] "GET / HTTP/1.1" 200 10845 "-" "meta-externalagent/1.1 (+https://developers.facebook.com/docs/sharing/webmasters/crawler)"
2605:8d80:401:4188:34c8:98d8:dc7b:70a7 - - [12/Jun/2025:12:33:40 -0400] "GET /manga/re-monster-chapter-45/ HTTP/1.1" 200 17786 "https://remonster.online/manga/re-monster-chapter-44/" "Mozilla/5.0 (Linux; Android 10; K) AppleWebKit/537.36 (KHTML, like Gecko) SamsungBrowser/28.0 Chrome/130.0.0.0 Mobile Safari/537.36"
66.249.66.162 - - [12/Jun/2025:12:33:41 -0400] "GET /goodscode/874896614.phtml HTTP/1.1" 200 24180 "-" "Mozilla/5.0 (Linux; Android 6.0.1; Nexus 5X Build/MMB29P) AppleWebKit/537.36 (KHTML, like Gecko) Chrome/136.0.7103.113 Mobile Safari/537.36 (compatible; GoogleOther)"
2600:1010:a105:9dcc:615c:f1a4:a3ed:c241 - - [12/Jun/2025:12:33:43 -0400] "GET /manga/re-monster-chapter-1/ HTTP/1.1" 200 17990 "https://search.brave.com/" "Mozilla/5.0 (iPhone; CPU iPhone OS 18_5 like Mac OS X) AppleWebKit/605.1.15 (KHTML, like Gecko) Brave/1 Mobile/15E148 Safari/604.1"
2605:8d80:401:4188:34c8:98d8:dc7b:70a7 - - [12/Jun/2025:12:33:40 -0400] "POST /wp-admin/admin-ajax.php HTTP/1.1" 200 69 "https://remonster.online/manga/re-monster-chapter-45/" "Mozilla/5.0 (Linux; Android 10; K) AppleWebKit/537.36 (KHTML, like Gecko) SamsungBrowser/28.0 Chrome/130.0.0.0 Mobile Safari/537.36"
2600:1010:a105:9dcc:615c:f1a4:a3ed:c241 - - [12/Jun/2025:12:33:44 -0400] "GET /wp-includes/js/jquery/jquery.min.js?ver=3.7.1 HTTP/1.1" 304 0 "https://remonster.online/manga/re-monster-chapter-1/" "Mozilla/5.0 (iPhone; CPU iPhone OS 18_5 like Mac OS X) AppleWebKit/605.1.15 (KHTML, like Gecko) Brave/1 Mobile/15E148 Safari/604.1"
2600:1010:a105:9dcc:615c:f1a4:a3ed:c241 - - [12/Jun/2025:12:33:44 -0400] "GET /wp-includes/css/dist/block-library/style.min.css?ver=6.6.2 HTTP/1.1" 200 13903 "https://remonster.online/manga/re-monster-chapter-1/" "Mozilla/5.0 (iPhone; CPU iPhone OS 18_5 like Mac OS X) AppleWebKit/605.1.15 (KHTML, like Gecko) Brave/1 Mobile/15E148 Safari/604.1"
2600:1010:a105:9dcc:615c:f1a4:a3ed:c241 - - [12/Jun/2025:12:33:44 -0400] "GET /wp-content/themes/toivo-lite/js/settings.min.js?ver=1.2.0 HTTP/1.1" 304 0 "https://remonster.online/manga/re-monster-chapter-1/" "Mozilla/5.0 (iPhone; CPU iPhone OS 18_5 like Mac OS X) AppleWebKit/605.1.15 (KHTML, like Gecko) Brave/1 Mobile/15E148 Safari/604.1"
2600:1010:a105:9dcc:615c:f1a4:a3ed:c241 - - [12/Jun/2025:12:33:44 -0400] "GET /wp-content/plugins/links-auto-replacer/public/js/lar-public.js?ver=2.0.0 HTTP/1.1" 304 0 "https://remonster.online/manga/re-monster-chapter-1/" "Mozilla/5.0 (iPhone; CPU iPhone OS 18_5 like Mac OS X) AppleWebKit/605.1.15 (KHTML, like Gecko) Brave/1 Mobile/15E148 Safari/604.1"
2600:1010:a105:9dcc:615c:f1a4:a3ed:c241 - - [12/Jun/2025:12:33:44 -0400] "GET /wp-content/plugins/comic-easel/js/keynav.js HTTP/1.1" 304 0 "https://remonster.online/manga/re-monster-chapter-1/" "Mozilla/5.0 (iPhone; CPU iPhone OS 18_5 like Mac OS X) AppleWebKit/605.1.15 (KHTML, like Gecko) Brave/1 Mobile/15E148 Safari/604.1"
2600:1010:a105:9dcc:615c:f1a4:a3ed:c241 - - [12/Jun/2025:12:33:45 -0400] "GET /wp-content/uploads/2021/11/cropped-CeDzRGZ-180x180.png HTTP/1.1" 200 60430 "-" "Mozilla/5.0 (iPhone; CPU iPhone OS 18_5 like Mac OS X) AppleWebKit/605.1.15 (KHTML, like Gecko) Brave/1 Mobile/15E148 Safari/604.1"
2600:1010:a105:9dcc:615c:f1a4:a3ed:c241 - - [12/Jun/2025:12:33:45 -0400] "GET /wp-content/uploads/2021/11/cropped-CeDzRGZ-192x192.png HTTP/1.1" 200 68304 "-" "Mozilla/5.0 (iPhone; CPU iPhone OS 18_5 like Mac OS X) AppleWebKit/605.1.15 (KHTML, like Gecko) Brave/1 Mobile/15E148 Safari/604.1"
66.249.66.162 - - [12/Jun/2025:12:33:46 -0400] "GET /item/p/voluptuary2062651152.phtml HTTP/1.1" 200 24576 "-" "Mozilla/5.0 (Linux; Android 6.0.1; Nexus 5X Build/MMB29P) AppleWebKit/537.36 (KHTML, like Gecko) Chrome/136.0.7103.113 Mobile Safari/537.36 (compatible; GoogleOther)"
66.249.66.198 - - [12/Jun/2025:12:33:51 -0400] "GET /goodscode/124483614.phtml HTTP/1.1" 200 24222 "-" "Mozilla/5.0 (Linux; Android 6.0.1; Nexus 5X Build/MMB29P) AppleWebKit/537.36 (KHTML, like Gecko) Chrome/136.0.7103.113 Mobile Safari/537.36 (compatible; GoogleOther)"
2605:8d80:401:4188:34c8:98d8:dc7b:70a7 - - [12/Jun/2025:12:33:53 -0400] "GET /wp-content/uploads/2021/11/cropped-CeDzRGZ-180x180.png HTTP/1.1" 200 60430 "https://remonster.online/manga/re-monster-chapter-45/" "Mozilla/5.0 (Linux; Android 10; K) AppleWebKit/537.36 (KHTML, like Gecko) SamsungBrowser/28.0 Chrome/130.0.0.0 Mobile Safari/537.36"
2605:8d80:401:4188:34c8:98d8:dc7b:70a7 - - [12/Jun/2025:12:33:53 -0400] "GET /wp-content/uploads/2021/11/cropped-CeDzRGZ-192x192.png HTTP/1.1" 200 68304 "https://remonster.online/manga/re-monster-chapter-45/" "Mozilla/5.0 (Linux; Android 10; K) AppleWebKit/537.36 (KHTML, like Gecko) SamsungBrowser/28.0 Chrome/130.0.0.0 Mobile Safari/537.36"
2600:1007:b0a4:b59b:0:2d:71cf:7501 - - [12/Jun/2025:12:33:52 -0400] "GET /manga/re-monster-chapter-37/ HTTP/1.1" 200 17371 "https://remonster.online/manga/re-monster-chapter-36/" "Mozilla/5.0 (Linux; Android 10; K) AppleWebKit/537.36 (KHTML, like Gecko) Chrome/137.0.0.0 Mobile Safari/537.36"
66.249.66.77 - - [12/Jun/2025:12:33:57 -0400] "GET /goodscode/fluxive/2060942026.phtml HTTP/1.1" 200 25178 "-" "Mozilla/5.0 (Linux; Android 6.0.1; Nexus 5X Build/MMB29P) AppleWebKit/537.36 (KHTML, like Gecko) Chrome/136.0.7103.113 Mobile Safari/537.36 (compatible; GoogleOther)"
47.128.96.157 - - [12/Jun/2025:12:34:00 -0400] "GET /manga/re-monster-chapter-44 HTTP/1.1" 301 0 "-" "Mozilla/5.0 (Linux; Android 5.0) AppleWebKit/537.36 (KHTML, like Gecko) Mobile Safari/537.36 (compatible; TikTokSpider; [email protected])"
47.128.96.157 - - [12/Jun/2025:12:34:01 -0400] "GET /manga/re-monster-chapter-44/ HTTP/1.1" 200 18092 "-" "Mozilla/5.0 (Linux; Android 5.0) AppleWebKit/537.36 (KHTML, like Gecko) Mobile Safari/537.36 (compatible; TikTokSpider; [email protected])"
66.249.66.77 - - [12/Jun/2025:12:34:03 -0400] "GET /product/samian/2056713980.phtml HTTP/1.1" 200 24663 "-" "Mozilla/5.0 (Linux; Android 6.0.1; Nexus 5X Build/MMB29P) AppleWebKit/537.36 (KHTML, like Gecko) Chrome/136.0.7103.113 Mobile Safari/537.36 (compatible; GoogleOther)"
66.249.66.76 - - [12/Jun/2025:12:34:09 -0400] "GET /goodscode/qk/caned/2055880694.phtml HTTP/1.1" 200 24303 "-" "Mozilla/5.0 (Linux; Android 6.0.1; Nexus 5X Build/MMB29P) AppleWebKit/537.36 (KHTML, like Gecko) Chrome/136.0.7103.113 Mobile Safari/537.36 (compatible; GoogleOther)"
66.249.66.76 - - [12/Jun/2025:12:34:14 -0400] "GET /product1115817366.phtml HTTP/1.1" 200 23576 "-" "Mozilla/5.0 (Linux; Android 6.0.1; Nexus 5X Build/MMB29P) AppleWebKit/537.36 (KHTML, like Gecko) Chrome/136.0.7103.113 Mobile Safari/537.36 (compatible; GoogleOther)"
66.249.66.76 - - [12/Jun/2025:12:34:20 -0400] "GET /products/2062805258.phtml HTTP/1.1" 200 26191 "-" "Mozilla/5.0 (Linux; Android 6.0.1; Nexus 5X Build/MMB29P) AppleWebKit/537.36 (KHTML, like Gecko) Chrome/136.0.7103.113 Mobile Safari/537.36 (compatible; GoogleOther)"
162.0.232.193 - - [12/Jun/2025:12:34:26 -0400] "POST /wp-cron.php?doing_wp_cron=1749746066.1004889011383056640625 HTTP/1.1" 200 0 "-" "WordPress/6.6.2; https://remonster.online"
2a03:2880:f800:4:: - - [12/Jun/2025:12:34:25 -0400] "GET /shopdetail/390434618 HTTP/1.1" 301 0 "-" "meta-externalagent/1.1 (+https://developers.facebook.com/docs/sharing/webmasters/crawler)"
66.249.66.162 - - [12/Jun/2025:12:34:26 -0400] "GET /goodscode/%3E%E5%9C%A8%E5%BA%AB%E5%87%A6%E5%88%86%E3%81%AE%E7%82%BA%E3%80%81%E6%A0%BC%E5%AE%89%E3%81%AB%E3%81%A6%E5%87%BA%E5%93%81%E8%87%B4%E3%81%97%E3%81%BE%E3%81%99%E3%80%82%3CBR%3E%3CBR%3E%E3%80%90%E5%95%86%E5%93%81%E3%80%91CBR250RR%20MC51%3CBR%3EPGM-FI%E3%83%A6%E3%83%8B%E3%83%83%E3%83%88(ECU)%3CBR%3E%3CBR%3E%E3%80%90%E5%93%81%E7%95%AA%E3%80%91%3CBR%3E38770-K64-R02%3CBR%3E%3CBR%3E%E3%80%90%E5%AE%9A%E4%BE%A1%E3%80%91%3CBR%3E%C2%A530250%3CBR%3E%3CBR%3E%E3%80%90%E7%99%BA%E9%80%81%E3%80%91%3CBR%3E%E3%83%8D%E3%82%B3%E3%83%9D%E3%82%B9%3CBR%3E%3CBR%3E%E3%83%8E%E3%83%BC%E3%82%AF%E3%83%AC%E3%83%BC%E3%83%A0%E3%83%8E%E3%83%BC%E3%83%AA%E3%82%BF%E3%83%BC%E3%83%B3%E3%81%A7%E3%81%8A%E9%A1%98%E3%81%84%E8%87%B4%E3%81%97%E3%81%BE%E3%81%99%E3%80%82%20%20%20%20%3C/div%3E%20%20%20%20%3Cdiv%20class= HTTP/1.1" 200 25359 "-" "Googlebot-Image/1.0"
2a03:2880:f800:13:: - - [12/Jun/2025:12:34:28 -0400] "GET / HTTP/1.1" 200 10845 "-" "meta-externalagent/1.1 (+https://developers.facebook.com/docs/sharing/webmasters/crawler)"
66.249.66.76 - - [12/Jun/2025:12:34:31 -0400] "GET /items/w/mummychog113961990.phtml HTTP/1.1" 200 26208 "-" "Mozilla/5.0 (Linux; Android 6.0.1; Nexus 5X Build/MMB29P) AppleWebKit/537.36 (KHTML, like Gecko) Chrome/136.0.7103.113 Mobile Safari/537.36 (compatible; GoogleOther)"
66.249.66.76 - - [12/Jun/2025:12:34:37 -0400] "GET /item/binoxalate2056898638.phtml HTTP/1.1" 200 23789 "-" "Mozilla/5.0 (Linux; Android 6.0.1; Nexus 5X Build/MMB29P) AppleWebKit/537.36 (KHTML, like Gecko) Chrome/136.0.7103.113 Mobile Safari/537.36 (compatible; GoogleOther)"
66.249.66.38 - - [12/Jun/2025:12:34:43 -0400] "GET /entity/venew105331962.phtml HTTP/1.1" 200 23915 "-" "Mozilla/5.0 (Linux; Android 6.0.1; Nexus 5X Build/MMB29P) AppleWebKit/537.36 (KHTML, like Gecko) Chrome/136.0.7103.113 Mobile Safari/537.36 (compatible; GoogleOther)"
66.249.66.76 - - [12/Jun/2025:12:34:49 -0400] "GET /item/2065173862.phtml HTTP/1.1" 200 24029 "-" "Mozilla/5.0 (Linux; Android 6.0.1; Nexus 5X Build/MMB29P) AppleWebKit/537.36 (KHTML, like Gecko) Chrome/136.0.7103.113 Mobile Safari/537.36 (compatible; GoogleOther)"
2600:1007:b0a4:b59b:0:2d:71cf:7501 - - [12/Jun/2025:12:34:52 -0400] "GET /manga/re-monster-chapter-38/ HTTP/1.1" 200 17746 "https://remonster.online/manga/re-monster-chapter-37/" "Mozilla/5.0 (Linux; Android 10; K) AppleWebKit/537.36 (KHTML, like Gecko) Chrome/137.0.0.0 Mobile Safari/537.36"
162.0.232.193 - - [12/Jun/2025:12:34:53 -0400] "POST /wp-cron.php?doing_wp_cron=1749746093.8265409469604492187500 HTTP/1.1" 200 0 "-" "WordPress/6.6.2; https://remonster.online"
2a03:2880:f800:c:: - - [12/Jun/2025:12:34:53 -0400] "GET /shopdetail/383220318 HTTP/1.1" 301 0 "-" "meta-externalagent/1.1 (+https://developers.facebook.com/docs/sharing/webmasters/crawler)"
2600:1007:b0a4:b59b:0:2d:71cf:7501 - - [12/Jun/2025:12:34:53 -0400] "POST /wp-admin/admin-ajax.php HTTP/1.1" 200 69 "https://remonster.online/manga/re-monster-chapter-38/" "Mozilla/5.0 (Linux; Android 10; K) AppleWebKit/537.36 (KHTML, like Gecko) Chrome/137.0.0.0 Mobile Safari/537.36"
66.249.66.198 - - [12/Jun/2025:12:34:54 -0400] "GET /shopdetail19885900.phtml HTTP/1.1" 200 23875 "-" "Mozilla/5.0 (Linux; Android 6.0.1; Nexus 5X Build/MMB29P) AppleWebKit/537.36 (KHTML, like Gecko) Chrome/136.0.7103.113 Mobile Safari/537.36 (compatible; GoogleOther)"
2a03:2880:f800:1a:: - - [12/Jun/2025:12:34:56 -0400] "GET / HTTP/1.1" 200 10845 "-" "meta-externalagent/1.1 (+https://developers.facebook.com/docs/sharing/webmasters/crawler)"
43.135.172.89 - - [12/Jun/2025:12:34:58 -0400] "GET /manga/re-monster-chapter-65/ HTTP/1.1" 200 17808 "-" "Mozilla/5.0 (iPhone; CPU iPhone OS 13_2_3 like Mac OS X) AppleWebKit/605.1.15 (KHTML, like Gecko) Version/13.0.3 Mobile/15E148 Safari/604.1"
66.249.66.40 - - [12/Jun/2025:12:35:00 -0400] "GET /item/elastic2055969588.phtml HTTP/1.1" 200 24212 "-" "Mozilla/5.0 (Linux; Android 6.0.1; Nexus 5X Build/MMB29P) AppleWebKit/537.36 (KHTML, like Gecko) Chrome/136.0.7103.113 Mobile Safari/537.36 (compatible; GoogleOther)"
66.249.66.39 - - [12/Jun/2025:12:35:06 -0400] "GET /products1115788292.phtml HTTP/1.1" 200 24577 "-" "Mozilla/5.0 (Linux; Android 6.0.1; Nexus 5X Build/MMB29P) AppleWebKit/537.36 (KHTML, like Gecko) Chrome/136.0.7103.113 Mobile Safari/537.36 (compatible; GoogleOther)"
66.249.66.76 - - [12/Jun/2025:12:35:12 -0400] "GET /shopdetail/antitoxin/2064299434.phtml HTTP/1.1" 200 25016 "-" "Mozilla/5.0 (Linux; Android 6.0.1; Nexus 5X Build/MMB29P) AppleWebKit/537.36 (KHTML, like Gecko) Chrome/136.0.7103.113 Mobile Safari/537.36 (compatible; GoogleOther)"
2a03:2880:f800:13:: - - [12/Jun/2025:12:35:13 -0400] "GET /shopdetail/324655518 HTTP/1.1" 301 0 "-" "meta-externalagent/1.1 (+https://developers.facebook.com/docs/sharing/webmasters/crawler)"
2a03:2880:f800:8:: - - [12/Jun/2025:12:35:18 -0400] "GET / HTTP/1.1" 200 10845 "-" "meta-externalagent/1.1 (+https://developers.facebook.com/docs/sharing/webmasters/crawler)"
66.249.66.162 - - [12/Jun/2025:12:35:18 -0400] "GET /shopdetail874420634.phtml HTTP/1.1" 200 24087 "-" "Mozilla/5.0 (Linux; Android 6.0.1; Nexus 5X Build/MMB29P) AppleWebKit/537.36 (KHTML, like Gecko) Chrome/136.0.7103.113 Mobile Safari/537.36 (compatible; GoogleOther)"
66.249.66.13 - - [12/Jun/2025:12:35:26 -0400] "GET /item/2067817554.phtml HTTP/1.1" 200 24091 "-" "Mozilla/5.0 (Linux; Android 6.0.1; Nexus 5X Build/MMB29P) AppleWebKit/537.36 (KHTML, like Gecko) Chrome/136.0.7103.113 Mobile Safari/537.36 (compatible; GoogleOther)"
162.0.232.193 - - [12/Jun/2025:12:35:29 -0400] "POST /wp-cron.php?doing_wp_cron=1749746128.7662160396575927734375 HTTP/1.1" 200 0 "-" "WordPress/6.6.2; https://remonster.online"
2a03:2880:f800:15:: - - [12/Jun/2025:12:35:27 -0400] "GET /shopdetail/287919118 HTTP/1.1" 301 0 "-" "meta-externalagent/1.1 (+https://developers.facebook.com/docs/sharing/webmasters/crawler)"
2a03:2880:f800:1b:: - - [12/Jun/2025:12:35:30 -0400] "GET / HTTP/1.1" 200 10845 "-" "meta-externalagent/1.1 (+https://developers.facebook.com/docs/sharing/webmasters/crawler)"
66.249.66.13 - - [12/Jun/2025:12:35:31 -0400] "GET /shopdetail115247698.phtml HTTP/1.1" 200 25772 "-" "Mozilla/5.0 (Linux; Android 6.0.1; Nexus 5X Build/MMB29P) AppleWebKit/537.36 (KHTML, like Gecko) Chrome/136.0.7103.113 Mobile Safari/537.36 (compatible; GoogleOther)"
2001:4958:3225:c501:4d17:946e:70c2:3be5 - - [12/Jun/2025:12:35:38 -0400] "GET /manga/re-monster-chapter-18/ HTTP/1.1" 200 18291 "-" "Mozilla/5.0 (iPhone; CPU iPhone OS 18_5 like Mac OS X) AppleWebKit/605.1.15 (KHTML, like Gecko) Mobile/15E148"
66.249.66.76 - - [12/Jun/2025:12:35:38 -0400] "GET /shopdetail/2066755132.phtml HTTP/1.1" 200 23711 "-" "Mozilla/5.0 (Linux; Android 6.0.1; Nexus 5X Build/MMB29P) AppleWebKit/537.36 (KHTML, like Gecko) Chrome/136.0.7103.113 Mobile Safari/537.36 (compatible; GoogleOther)"
2001:4958:3225:c501:4d17:946e:70c2:3be5 - - [12/Jun/2025:12:35:39 -0400] "GET /wp-content/plugins/simple-social-buttons/assets/fonts/ssb-icon.ttf?eahqa2 HTTP/1.1" 200 6624 "https://remonster.online/manga/re-monster-chapter-18/" "Mozilla/5.0 (iPhone; CPU iPhone OS 18_5 like Mac OS X) AppleWebKit/605.1.15 (KHTML, like Gecko) Mobile/15E148"
2001:4958:3225:c501:4d17:946e:70c2:3be5 - - [12/Jun/2025:12:35:39 -0400] "GET /wp-content/themes/toivo-lite/fonts/genericons/genericons/Genericons.svg HTTP/1.1" 200 23714 "https://remonster.online/manga/re-monster-chapter-18/" "Mozilla/5.0 (iPhone; CPU iPhone OS 18_5 like Mac OS X) AppleWebKit/605.1.15 (KHTML, like Gecko) Mobile/15E148"
66.249.66.76 - - [12/Jun/2025:12:35:44 -0400] "GET /item/antiimperialism/18768604.phtml HTTP/1.1" 200 24373 "-" "Mozilla/5.0 (Linux; Android 6.0.1; Nexus 5X Build/MMB29P) AppleWebKit/537.36 (KHTML, like Gecko) Chrome/136.0.7103.113 Mobile Safari/537.36 (compatible; GoogleOther)"
66.249.66.76 - - [12/Jun/2025:12:35:51 -0400] "GET /product/qw/opaca2066776890.phtml HTTP/1.1" 200 23751 "-" "Mozilla/5.0 (Linux; Android 6.0.1; Nexus 5X Build/MMB29P) AppleWebKit/537.36 (KHTML, like Gecko) Chrome/136.0.7103.113 Mobile Safari/537.36 (compatible; GoogleOther)"
