66.249.66.76 - - [12/Jun/2025:11:31:42 -0400] "GET /detail/p/serena117736260.phtml HTTP/1.1" 200 24081 "-" "Mozilla/5.0 (Linux; Android 6.0.1; Nexus 5X Build/MMB29P) AppleWebKit/537.36 (KHTML, like Gecko) Chrome/136.0.7103.113 Mobile Safari/537.36 (compatible; GoogleOther)"
162.0.232.193 - - [12/Jun/2025:11:31:45 -0400] "POST /wp-cron.php?doing_wp_cron=1749742304.9671680927276611328125 HTTP/1.1" 200 0 "-" "WordPress/6.6.2; https://remonster.online"
2a03:2880:f800:c:: - - [12/Jun/2025:11:31:42 -0400] "GET /shopdetail/189841218 HTTP/1.1" 301 0 "-" "meta-externalagent/1.1 (+https://developers.facebook.com/docs/sharing/webmasters/crawler)"
2a03:2880:f800:9:: - - [12/Jun/2025:11:31:47 -0400] "GET / HTTP/1.1" 200 10845 "-" "meta-externalagent/1.1 (+https://developers.facebook.com/docs/sharing/webmasters/crawler)"
66.249.66.76 - - [12/Jun/2025:11:31:47 -0400] "GET /products/2066326454.phtml HTTP/1.1" 200 24980 "-" "Mozilla/5.0 (Linux; Android 6.0.1; Nexus 5X Build/MMB29P) AppleWebKit/537.36 (KHTML, like Gecko) Chrome/136.0.7103.113 Mobile Safari/537.36 (compatible; GoogleOther)"
66.249.66.77 - - [12/Jun/2025:11:31:52 -0400] "GET /detail/eirie869536508.phtml HTTP/1.1" 200 24314 "-" "Mozilla/5.0 (Linux; Android 6.0.1; Nexus 5X Build/MMB29P) AppleWebKit/537.36 (KHTML, like Gecko) Chrome/136.0.7103.113 Mobile Safari/537.36 (compatible; GoogleOther)"
66.249.66.76 - - [12/Jun/2025:11:31:57 -0400] "GET /item/jovinianist866994996.phtml HTTP/1.1" 200 24101 "-" "Mozilla/5.0 (Linux; Android 6.0.1; Nexus 5X Build/MMB29P) AppleWebKit/537.36 (KHTML, like Gecko) Chrome/136.0.7103.113 Mobile Safari/537.36 (compatible; GoogleOther)"
66.249.66.78 - - [12/Jun/2025:11:32:02 -0400] "GET /item/k/%3E%3CBR%3E%3CCENTER%3E%3CTABLE%20WIDTH=800%20CELLSPACING=0%20CELLPADDING=10%20BORDER=0%3E%3CTR%3E%3CTD%20BGCOLOR= HTTP/1.1" 200 24843 "-" "Googlebot-Image/1.0"
2a03:2880:f800:1:: - - [12/Jun/2025:11:32:04 -0400] "GET /shopdetail/309027218 HTTP/1.1" 301 0 "-" "meta-externalagent/1.1 (+https://developers.facebook.com/docs/sharing/webmasters/crawler)"
66.249.66.76 - - [12/Jun/2025:11:32:07 -0400] "GET /shopdetail21707602.phtml HTTP/1.1" 200 23789 "-" "Mozilla/5.0 (Linux; Android 6.0.1; Nexus 5X Build/MMB29P) AppleWebKit/537.36 (KHTML, like Gecko) Chrome/136.0.7103.113 Mobile Safari/537.36 (compatible; GoogleOther)"
2a03:2880:f800:16:: - - [12/Jun/2025:11:32:08 -0400] "GET / HTTP/1.1" 200 10845 "-" "meta-externalagent/1.1 (+https://developers.facebook.com/docs/sharing/webmasters/crawler)"
66.249.66.76 - - [12/Jun/2025:11:32:12 -0400] "GET /shopdetail/b/bizarre2057365696.phtml HTTP/1.1" 200 26224 "-" "Mozilla/5.0 (Linux; Android 6.0.1; Nexus 5X Build/MMB29P) AppleWebKit/537.36 (KHTML, like Gecko) Chrome/136.0.7103.113 Mobile Safari/537.36 (compatible; GoogleOther)"
66.249.66.76 - - [12/Jun/2025:11:32:17 -0400] "GET /special/127525750.phtml HTTP/1.1" 200 23917 "-" "Mozilla/5.0 (Linux; Android 6.0.1; Nexus 5X Build/MMB29P) AppleWebKit/537.36 (KHTML, like Gecko) Chrome/136.0.7103.113 Mobile Safari/537.36 (compatible; GoogleOther)"
66.249.66.76 - - [12/Jun/2025:11:32:22 -0400] "GET /item/i/macon/2057443422.phtml HTTP/1.1" 200 23240 "-" "Mozilla/5.0 (Linux; Android 6.0.1; Nexus 5X Build/MMB29P) AppleWebKit/537.36 (KHTML, like Gecko) Chrome/136.0.7103.113 Mobile Safari/537.36 (compatible; GoogleOther)"
2601:85:ca80:8df0:3cf0:d00d:b8d2:b335 - - [12/Jun/2025:11:32:24 -0400] "GET /manga/re-monster-chapter-63/ HTTP/1.1" 200 17410 "https://remonster.online/manga/re-monster-chapter-62/" "Mozilla/5.0 (Linux; Android 10; K) AppleWebKit/537.36 (KHTML, like Gecko) Chrome/137.0.0.0 Mobile Safari/537.36"
66.249.66.76 - - [12/Jun/2025:11:32:27 -0400] "GET /item/cc/tricuspis21063850.phtml HTTP/1.1" 200 25489 "-" "Mozilla/5.0 (Linux; Android 6.0.1; Nexus 5X Build/MMB29P) AppleWebKit/537.36 (KHTML, like Gecko) Chrome/136.0.7103.113 Mobile Safari/537.36 (compatible; GoogleOther)"
66.249.66.76 - - [12/Jun/2025:11:32:32 -0400] "GET /products/2058657758.phtml HTTP/1.1" 200 23513 "-" "Mozilla/5.0 (Linux; Android 6.0.1; Nexus 5X Build/MMB29P) AppleWebKit/537.36 (KHTML, like Gecko) Chrome/136.0.7103.113 Mobile Safari/537.36 (compatible; GoogleOther)"
66.249.66.76 - - [12/Jun/2025:11:32:37 -0400] "GET /item17645148.phtml HTTP/1.1" 200 24488 "-" "Mozilla/5.0 (Linux; Android 6.0.1; Nexus 5X Build/MMB29P) AppleWebKit/537.36 (KHTML, like Gecko) Chrome/136.0.7103.113 Mobile Safari/537.36 (compatible; GoogleOther)"
66.249.66.76 - - [12/Jun/2025:11:32:42 -0400] "GET /shopdetail/stephanomeria869964996.phtml HTTP/1.1" 200 23628 "-" "Mozilla/5.0 (Linux; Android 6.0.1; Nexus 5X Build/MMB29P) AppleWebKit/537.36 (KHTML, like Gecko) Chrome/136.0.7103.113 Mobile Safari/537.36 (compatible; GoogleOther)"
66.249.66.76 - - [12/Jun/2025:11:32:46 -0400] "GET /goodscode/cumacea/132846188.phtml HTTP/1.1" 200 25296 "-" "Mozilla/5.0 (Linux; Android 6.0.1; Nexus 5X Build/MMB29P) AppleWebKit/537.36 (KHTML, like Gecko) Chrome/136.0.7103.113 Mobile Safari/537.36 (compatible; GoogleOther)"
66.249.66.77 - - [12/Jun/2025:11:32:51 -0400] "GET /item/depraver2061266088.phtml HTTP/1.1" 200 24286 "-" "Mozilla/5.0 (Linux; Android 6.0.1; Nexus 5X Build/MMB29P) AppleWebKit/537.36 (KHTML, like Gecko) Chrome/136.0.7103.113 Mobile Safari/537.36 (compatible; GoogleOther)"
66.249.66.76 - - [12/Jun/2025:11:32:56 -0400] "GET /shopbrand73712468.phtml HTTP/1.1" 200 24202 "-" "Mozilla/5.0 (Linux; Android 6.0.1; Nexus 5X Build/MMB29P) AppleWebKit/537.36 (KHTML, like Gecko) Chrome/136.0.7103.113 Mobile Safari/537.36 (compatible; GoogleOther)"
66.249.66.77 - - [12/Jun/2025:11:33:01 -0400] "GET /shopdetail/saururae2056733620.phtml HTTP/1.1" 200 24110 "-" "Mozilla/5.0 (Linux; Android 6.0.1; Nexus 5X Build/MMB29P) AppleWebKit/537.36 (KHTML, like Gecko) Chrome/136.0.7103.113 Mobile Safari/537.36 (compatible; GoogleOther)"
66.249.66.76 - - [12/Jun/2025:11:33:06 -0400] "GET /shopbrand70215082.phtml HTTP/1.1" 200 23889 "-" "Mozilla/5.0 (Linux; Android 6.0.1; Nexus 5X Build/MMB29P) AppleWebKit/537.36 (KHTML, like Gecko) Chrome/136.0.7103.113 Mobile Safari/537.36 (compatible; GoogleOther)"
162.0.232.193 - - [12/Jun/2025:11:33:08 -0400] "POST /wp-cron.php?doing_wp_cron=1749742388.4428620338439941406250 HTTP/1.1" 200 0 "-" "WordPress/6.6.2; https://remonster.online"
2a03:2880:f800:12:: - - [12/Jun/2025:11:33:04 -0400] "GET /shopdetail/74144818 HTTP/1.1" 301 0 "-" "meta-externalagent/1.1 (+https://developers.facebook.com/docs/sharing/webmasters/crawler)"
66.249.66.76 - - [12/Jun/2025:11:33:11 -0400] "GET /products/spiritless2057384820.phtml HTTP/1.1" 200 25668 "-" "Mozilla/5.0 (Linux; Android 6.0.1; Nexus 5X Build/MMB29P) AppleWebKit/537.36 (KHTML, like Gecko) Chrome/136.0.7103.113 Mobile Safari/537.36 (compatible; GoogleOther)"
66.249.66.76 - - [12/Jun/2025:11:33:16 -0400] "GET /detail/h/thecophora/113203412.phtml HTTP/1.1" 200 23191 "-" "Mozilla/5.0 (Linux; Android 6.0.1; Nexus 5X Build/MMB29P) AppleWebKit/537.36 (KHTML, like Gecko) Chrome/136.0.7103.113 Mobile Safari/537.36 (compatible; GoogleOther)"
2a03:2880:f800:11:: - - [12/Jun/2025:11:33:18 -0400] "GET / HTTP/1.1" 200 10845 "-" "meta-externalagent/1.1 (+https://developers.facebook.com/docs/sharing/webmasters/crawler)"
66.249.66.76 - - [12/Jun/2025:11:33:21 -0400] "GET /items/x/coarsened2059662416.phtml HTTP/1.1" 200 24137 "-" "Mozilla/5.0 (Linux; Android 6.0.1; Nexus 5X Build/MMB29P) AppleWebKit/537.36 (KHTML, like Gecko) Chrome/136.0.7103.113 Mobile Safari/537.36 (compatible; GoogleOther)"
66.249.66.76 - - [12/Jun/2025:11:33:27 -0400] "GET /goodscode16379398.phtml HTTP/1.1" 200 24690 "-" "Mozilla/5.0 (Linux; Android 6.0.1; Nexus 5X Build/MMB29P) AppleWebKit/537.36 (KHTML, like Gecko) Chrome/136.0.7103.113 Mobile Safari/537.36 (compatible; GoogleOther)"
162.0.232.193 - - [12/Jun/2025:11:33:29 -0400] "POST /wp-cron.php?doing_wp_cron=1749742409.1710209846496582031250 HTTP/1.1" 200 0 "-" "WordPress/6.6.2; https://remonster.online"
2a03:2880:f800:d:: - - [12/Jun/2025:11:33:28 -0400] "GET /shopdetail/386643918 HTTP/1.1" 301 0 "-" "meta-externalagent/1.1 (+https://developers.facebook.com/docs/sharing/webmasters/crawler)"
2a03:2880:f800:f:: - - [12/Jun/2025:11:33:31 -0400] "GET / HTTP/1.1" 200 10845 "-" "meta-externalagent/1.1 (+https://developers.facebook.com/docs/sharing/webmasters/crawler)"
66.249.66.76 - - [12/Jun/2025:11:33:32 -0400] "GET /special/%3E%3CCENTER%3E%3CBR%3E%3CTABLE%20WIDTH=650%20BORDER=0%20CELLPADDING=0%20CELLSPACING=0%3E%3CTR%3E%3CTD%20WIDTH=1%20BGCOLOR= HTTP/1.1" 200 24830 "-" "Googlebot-Image/1.0"
66.249.66.76 - - [12/Jun/2025:11:33:37 -0400] "GET /special/achroous/2056695368.phtml HTTP/1.1" 200 23633 "-" "Mozilla/5.0 (Linux; Android 6.0.1; Nexus 5X Build/MMB29P) AppleWebKit/537.36 (KHTML, like Gecko) Chrome/136.0.7103.113 Mobile Safari/537.36 (compatible; GoogleOther)"
66.249.66.76 - - [12/Jun/2025:11:33:41 -0400] "GET /detail70081004.phtml HTTP/1.1" 200 24837 "-" "Mozilla/5.0 (Linux; Android 6.0.1; Nexus 5X Build/MMB29P) AppleWebKit/537.36 (KHTML, like Gecko) Chrome/136.0.7103.113 Mobile Safari/537.36 (compatible; GoogleOther)"
66.249.66.76 - - [12/Jun/2025:11:33:46 -0400] "GET /shopdetail/2055401184.phtml HTTP/1.1" 200 24059 "-" "Mozilla/5.0 (Linux; Android 6.0.1; Nexus 5X Build/MMB29P) AppleWebKit/537.36 (KHTML, like Gecko) Chrome/136.0.7103.113 Mobile Safari/537.36 (compatible; GoogleOther)"
66.249.66.76 - - [12/Jun/2025:11:33:49 -0400] "POST /get-message-notify HTTP/1.1" 200 24585 "https://remonster.online/shopdetail/2055401184.phtml" "Mozilla/5.0 (Linux; Android 6.0.1; Nexus 5X Build/MMB29P) AppleWebKit/537.36 (KHTML, like Gecko) Chrome/136.0.7103.113 Mobile Safari/537.36 (compatible; Googlebot/2.1; +http://www.google.com/bot.html)"
66.249.66.77 - - [12/Jun/2025:11:33:51 -0400] "GET /items17716070.phtml HTTP/1.1" 200 27247 "-" "Mozilla/5.0 (Linux; Android 6.0.1; Nexus 5X Build/MMB29P) AppleWebKit/537.36 (KHTML, like Gecko) Chrome/136.0.7103.113 Mobile Safari/537.36 (compatible; GoogleOther)"
66.249.66.77 - - [12/Jun/2025:11:33:55 -0400] "GET /shopdetail/w/degrease2061944562.phtml HTTP/1.1" 200 24015 "-" "Mozilla/5.0 (Linux; Android 6.0.1; Nexus 5X Build/MMB29P) AppleWebKit/537.36 (KHTML, like Gecko) Chrome/136.0.7103.113 Mobile Safari/537.36 (compatible; GoogleOther)"
162.0.232.193 - - [12/Jun/2025:11:34:00 -0400] "POST /wp-cron.php?doing_wp_cron=1749742440.2661809921264648437500 HTTP/1.1" 200 0 "-" "WordPress/6.6.2; https://remonster.online"
2a03:2880:f800:14:: - - [12/Jun/2025:11:33:58 -0400] "GET /shopdetail/118675518 HTTP/1.1" 301 0 "-" "meta-externalagent/1.1 (+https://developers.facebook.com/docs/sharing/webmasters/crawler)"
66.249.66.78 - - [12/Jun/2025:11:34:00 -0400] "GET /entity/1372676002.phtml HTTP/1.1" 200 24864 "-" "Mozilla/5.0 (Linux; Android 6.0.1; Nexus 5X Build/MMB29P) AppleWebKit/537.36 (KHTML, like Gecko) Chrome/136.0.7103.113 Mobile Safari/537.36 (compatible; GoogleOther)"
2a03:2880:f800:d:: - - [12/Jun/2025:11:34:01 -0400] "GET /shopdetail/305718118 HTTP/1.1" 301 0 "-" "meta-externalagent/1.1 (+https://developers.facebook.com/docs/sharing/webmasters/crawler)"
2a03:2880:f800:18:: - - [12/Jun/2025:11:34:04 -0400] "GET /shopdetail/113308518 HTTP/1.1" 301 0 "-" "meta-externalagent/1.1 (+https://developers.facebook.com/docs/sharing/webmasters/crawler)"
2a03:2880:f800:13:: - - [12/Jun/2025:11:34:05 -0400] "GET / HTTP/1.1" 200 10845 "-" "meta-externalagent/1.1 (+https://developers.facebook.com/docs/sharing/webmasters/crawler)"
66.249.66.77 - - [12/Jun/2025:11:34:05 -0400] "GET /item/2065232332.phtml HTTP/1.1" 200 23725 "-" "Mozilla/5.0 (Linux; Android 6.0.1; Nexus 5X Build/MMB29P) AppleWebKit/537.36 (KHTML, like Gecko) Chrome/136.0.7103.113 Mobile Safari/537.36 (compatible; GoogleOther)"
2a03:2880:f800:11:: - - [12/Jun/2025:11:34:07 -0400] "GET / HTTP/1.1" 200 10845 "-" "meta-externalagent/1.1 (+https://developers.facebook.com/docs/sharing/webmasters/crawler)"
2a03:2880:f800:a:: - - [12/Jun/2025:11:34:08 -0400] "GET /shopdetail/409245418 HTTP/1.1" 301 0 "-" "meta-externalagent/1.1 (+https://developers.facebook.com/docs/sharing/webmasters/crawler)"
66.249.66.76 - - [12/Jun/2025:11:34:10 -0400] "GET /entity119794992.phtml HTTP/1.1" 200 23531 "-" "Mozilla/5.0 (Linux; Android 6.0.1; Nexus 5X Build/MMB29P) AppleWebKit/537.36 (KHTML, like Gecko) Chrome/136.0.7103.113 Mobile Safari/537.36 (compatible; GoogleOther)"
2a03:2880:f800:4:: - - [12/Jun/2025:11:34:11 -0400] "GET / HTTP/1.1" 200 10845 "-" "meta-externalagent/1.1 (+https://developers.facebook.com/docs/sharing/webmasters/crawler)"
66.249.66.76 - - [12/Jun/2025:11:34:14 -0400] "GET /item/r/flatworm/2059075140.phtml HTTP/1.1" 200 24894 "-" "Mozilla/5.0 (Linux; Android 6.0.1; Nexus 5X Build/MMB29P) AppleWebKit/537.36 (KHTML, like Gecko) Chrome/136.0.7103.113 Mobile Safari/537.36 (compatible; GoogleOther)"
66.249.66.76 - - [12/Jun/2025:11:34:19 -0400] "GET /goodscode/103005206.phtml HTTP/1.1" 200 23914 "-" "Mozilla/5.0 (Linux; Android 6.0.1; Nexus 5X Build/MMB29P) AppleWebKit/537.36 (KHTML, like Gecko) Chrome/136.0.7103.113 Mobile Safari/537.36 (compatible; GoogleOther)"
66.249.66.76 - - [12/Jun/2025:11:34:24 -0400] "GET /goodscode/thane2063901498.phtml HTTP/1.1" 200 23847 "-" "Mozilla/5.0 (Linux; Android 6.0.1; Nexus 5X Build/MMB29P) AppleWebKit/537.36 (KHTML, like Gecko) Chrome/136.0.7103.113 Mobile Safari/537.36 (compatible; GoogleOther)"
66.249.66.76 - - [12/Jun/2025:11:34:29 -0400] "GET /detail/seely132323162.phtml HTTP/1.1" 200 24152 "-" "Mozilla/5.0 (Linux; Android 6.0.1; Nexus 5X Build/MMB29P) AppleWebKit/537.36 (KHTML, like Gecko) Chrome/136.0.7103.113 Mobile Safari/537.36 (compatible; GoogleOther)"
66.249.66.76 - - [12/Jun/2025:11:34:33 -0400] "GET /special/flatteries/869895932.phtml HTTP/1.1" 200 23927 "-" "Mozilla/5.0 (Linux; Android 6.0.1; Nexus 5X Build/MMB29P) AppleWebKit/537.36 (KHTML, like Gecko) Chrome/136.0.7103.113 Mobile Safari/537.36 (compatible; GoogleOther)"
66.249.66.76 - - [12/Jun/2025:11:34:38 -0400] "GET /entity124577318.phtml HTTP/1.1" 200 23646 "-" "Mozilla/5.0 (Linux; Android 6.0.1; Nexus 5X Build/MMB29P) AppleWebKit/537.36 (KHTML, like Gecko) Chrome/136.0.7103.113 Mobile Safari/537.36 (compatible; GoogleOther)"
162.0.232.193 - - [12/Jun/2025:11:34:40 -0400] "POST /wp-cron.php?doing_wp_cron=1749742480.1420578956604003906250 HTTP/1.1" 200 0 "-" "WordPress/6.6.2; https://remonster.online"
2a03:2880:f800:1a:: - - [12/Jun/2025:11:34:38 -0400] "GET /shopdetail/28584318 HTTP/1.1" 301 0 "-" "meta-externalagent/1.1 (+https://developers.facebook.com/docs/sharing/webmasters/crawler)"
2a03:2880:f800:d:: - - [12/Jun/2025:11:34:42 -0400] "GET / HTTP/1.1" 200 10845 "-" "meta-externalagent/1.1 (+https://developers.facebook.com/docs/sharing/webmasters/crawler)"
66.249.66.76 - - [12/Jun/2025:11:34:43 -0400] "GET /goodscode/extraprovincial/2059249014.phtml HTTP/1.1" 200 25313 "-" "Mozilla/5.0 (Linux; Android 6.0.1; Nexus 5X Build/MMB29P) AppleWebKit/537.36 (KHTML, like Gecko) Chrome/136.0.7103.113 Mobile Safari/537.36 (compatible; GoogleOther)"
2a03:2880:f800:a:: - - [12/Jun/2025:11:34:44 -0400] "GET /shopdetail/14512418 HTTP/1.1" 301 0 "-" "meta-externalagent/1.1 (+https://developers.facebook.com/docs/sharing/webmasters/crawler)"
2a03:2880:f800:9:: - - [12/Jun/2025:11:34:47 -0400] "GET / HTTP/1.1" 200 10845 "-" "meta-externalagent/1.1 (+https://developers.facebook.com/docs/sharing/webmasters/crawler)"
66.249.66.77 - - [12/Jun/2025:11:34:47 -0400] "GET /detail/canholic114776660.phtml HTTP/1.1" 200 24069 "-" "Mozilla/5.0 (Linux; Android 6.0.1; Nexus 5X Build/MMB29P) AppleWebKit/537.36 (KHTML, like Gecko) Chrome/136.0.7103.113 Mobile Safari/537.36 (compatible; GoogleOther)"
66.249.66.77 - - [12/Jun/2025:11:34:52 -0400] "GET /item/v/karat2066286728.phtml HTTP/1.1" 200 24334 "-" "Mozilla/5.0 (Linux; Android 6.0.1; Nexus 5X Build/MMB29P) AppleWebKit/537.36 (KHTML, like Gecko) Chrome/136.0.7103.113 Mobile Safari/537.36 (compatible; GoogleOther)"
2401:4900:666f:918a::5df1:1ebb - - [12/Jun/2025:11:34:54 -0400] "GET /manga/re-monster-chapter-1/ HTTP/1.1" 200 17990 "-" "Mozilla/5.0 (Linux; Android 10; K) AppleWebKit/537.36 (KHTML, like Gecko) Chrome/137.0.0.0 Mobile Safari/537.36"
66.249.66.77 - - [12/Jun/2025:11:34:57 -0400] "GET /goodscode2064471698.phtml HTTP/1.1" 200 25040 "-" "Mozilla/5.0 (Linux; Android 6.0.1; Nexus 5X Build/MMB29P) AppleWebKit/537.36 (KHTML, like Gecko) Chrome/136.0.7103.113 Mobile Safari/537.36 (compatible; GoogleOther)"
66.249.66.77 - - [12/Jun/2025:11:35:01 -0400] "GET /item/defervescency/2057891608.phtml HTTP/1.1" 200 25839 "-" "Mozilla/5.0 (Linux; Android 6.0.1; Nexus 5X Build/MMB29P) AppleWebKit/537.36 (KHTML, like Gecko) Chrome/136.0.7103.113 Mobile Safari/537.36 (compatible; GoogleOther)"
2a03:2880:f800:a:: - - [12/Jun/2025:11:35:06 -0400] "GET /shopdetail/259461818 HTTP/1.1" 301 0 "-" "meta-externalagent/1.1 (+https://developers.facebook.com/docs/sharing/webmasters/crawler)"
66.249.66.76 - - [12/Jun/2025:11:35:06 -0400] "GET /products/%3E%E9%80%81%E6%96%99%E5%B7%AE%E9%A1%8D%E5%88%86%20%20%20%20%3C/div%3E%20%20%20%20%3Cdiv%20class= HTTP/1.1" 200 24775 "-" "Googlebot-Image/1.0"
66.249.66.76 - - [12/Jun/2025:11:35:11 -0400] "GET /shopping1381661734.phtml HTTP/1.1" 200 23780 "-" "Mozilla/5.0 (Linux; Android 6.0.1; Nexus 5X Build/MMB29P) AppleWebKit/537.36 (KHTML, like Gecko) Chrome/136.0.7103.113 Mobile Safari/537.36 (compatible; GoogleOther)"
2a03:2880:f800:14:: - - [12/Jun/2025:11:35:11 -0400] "GET /shopdetail/404851718 HTTP/1.1" 301 0 "-" "meta-externalagent/1.1 (+https://developers.facebook.com/docs/sharing/webmasters/crawler)"
2a03:2880:f800:9:: - - [12/Jun/2025:11:35:15 -0400] "GET / HTTP/1.1" 200 10845 "-" "meta-externalagent/1.1 (+https://developers.facebook.com/docs/sharing/webmasters/crawler)"
2a03:2880:f800:2:: - - [12/Jun/2025:11:35:14 -0400] "GET /shopdetail/186834418 HTTP/1.1" 301 0 "-" "meta-externalagent/1.1 (+https://developers.facebook.com/docs/sharing/webmasters/crawler)"
66.249.66.76 - - [12/Jun/2025:11:35:16 -0400] "GET /products/nuc/zooecia/2062010992.phtml HTTP/1.1" 200 23602 "-" "Mozilla/5.0 (Linux; Android 6.0.1; Nexus 5X Build/MMB29P) AppleWebKit/537.36 (KHTML, like Gecko) Chrome/136.0.7103.113 Mobile Safari/537.36 (compatible; GoogleOther)"
66.249.66.76 - - [12/Jun/2025:11:35:21 -0400] "GET /entity/decarburize22344748.phtml HTTP/1.1" 200 24979 "-" "Mozilla/5.0 (Linux; Android 6.0.1; Nexus 5X Build/MMB29P) AppleWebKit/537.36 (KHTML, like Gecko) Chrome/136.0.7103.113 Mobile Safari/537.36 (compatible; GoogleOther)"
66.249.66.76 - - [12/Jun/2025:11:35:25 -0400] "GET /products/z/catacaustic/2066161828.phtml HTTP/1.1" 200 23551 "-" "Mozilla/5.0 (Linux; Android 6.0.1; Nexus 5X Build/MMB29P) AppleWebKit/537.36 (KHTML, like Gecko) Chrome/136.0.7103.113 Mobile Safari/537.36 (compatible; GoogleOther)"
66.249.66.76 - - [12/Jun/2025:11:35:30 -0400] "GET /entity/ua/disheartening/1371742658.phtml HTTP/1.1" 200 24169 "-" "Mozilla/5.0 (Linux; Android 6.0.1; Nexus 5X Build/MMB29P) AppleWebKit/537.36 (KHTML, like Gecko) Chrome/136.0.7103.113 Mobile Safari/537.36 (compatible; GoogleOther)"
66.249.66.76 - - [12/Jun/2025:11:35:35 -0400] "GET /item/sismograph2056783044.phtml HTTP/1.1" 200 24624 "-" "Mozilla/5.0 (Linux; Android 6.0.1; Nexus 5X Build/MMB29P) AppleWebKit/537.36 (KHTML, like Gecko) Chrome/136.0.7103.113 Mobile Safari/537.36 (compatible; GoogleOther)"
66.249.66.76 - - [12/Jun/2025:11:35:39 -0400] "GET /goodscode/eximium/18624774.phtml HTTP/1.1" 200 24591 "-" "Mozilla/5.0 (Linux; Android 6.0.1; Nexus 5X Build/MMB29P) AppleWebKit/537.36 (KHTML, like Gecko) Chrome/136.0.7103.113 Mobile Safari/537.36 (compatible; GoogleOther)"
66.249.66.76 - - [12/Jun/2025:11:35:44 -0400] "GET /goodscode/fadingness/2055311460.phtml HTTP/1.1" 200 24398 "-" "Mozilla/5.0 (Linux; Android 6.0.1; Nexus 5X Build/MMB29P) AppleWebKit/537.36 (KHTML, like Gecko) Chrome/136.0.7103.113 Mobile Safari/537.36 (compatible; GoogleOther)"
66.249.66.76 - - [12/Jun/2025:11:35:49 -0400] "GET /item/z/inirritative/2060285500.phtml HTTP/1.1" 200 25637 "-" "Mozilla/5.0 (Linux; Android 6.0.1; Nexus 5X Build/MMB29P) AppleWebKit/537.36 (KHTML, like Gecko) Chrome/136.0.7103.113 Mobile Safari/537.36 (compatible; GoogleOther)"
162.0.232.193 - - [12/Jun/2025:11:35:50 -0400] "POST /wp-cron.php?doing_wp_cron=1749742550.5430510044097900390625 HTTP/1.1" 200 0 "-" "WordPress/6.6.2; https://remonster.online"
2a03:2880:f800:b:: - - [12/Jun/2025:11:35:49 -0400] "GET /shopdetail/259524318 HTTP/1.1" 301 0 "-" "meta-externalagent/1.1 (+https://developers.facebook.com/docs/sharing/webmasters/crawler)"
2a03:2880:f800:1a:: - - [12/Jun/2025:11:35:52 -0400] "GET / HTTP/1.1" 200 10845 "-" "meta-externalagent/1.1 (+https://developers.facebook.com/docs/sharing/webmasters/crawler)"
2a03:2880:f800:6:: - - [12/Jun/2025:11:35:52 -0400] "GET /shopdetail/164805618 HTTP/1.1" 301 0 "-" "meta-externalagent/1.1 (+https://developers.facebook.com/docs/sharing/webmasters/crawler)"
66.249.66.76 - - [12/Jun/2025:11:35:53 -0400] "GET /item/ka/stromatology2059051202.phtml HTTP/1.1" 200 23493 "-" "Mozilla/5.0 (Linux; Android 6.0.1; Nexus 5X Build/MMB29P) AppleWebKit/537.36 (KHTML, like Gecko) Chrome/136.0.7103.113 Mobile Safari/537.36 (compatible; GoogleOther)"
2a03:2880:f800:e:: - - [12/Jun/2025:11:35:56 -0400] "GET / HTTP/1.1" 200 10845 "-" "meta-externalagent/1.1 (+https://developers.facebook.com/docs/sharing/webmasters/crawler)"
66.249.66.76 - - [12/Jun/2025:11:35:58 -0400] "GET /items/z/drail/571049000.phtml HTTP/1.1" 200 23966 "-" "Mozilla/5.0 (Linux; Android 6.0.1; Nexus 5X Build/MMB29P) AppleWebKit/537.36 (KHTML, like Gecko) Chrome/136.0.7103.113 Mobile Safari/537.36 (compatible; GoogleOther)"
66.249.66.77 - - [12/Jun/2025:11:36:02 -0400] "GET /item/2059084318.phtml HTTP/1.1" 200 25089 "-" "Mozilla/5.0 (Linux; Android 6.0.1; Nexus 5X Build/MMB29P) AppleWebKit/537.36 (KHTML, like Gecko) Chrome/136.0.7103.113 Mobile Safari/537.36 (compatible; GoogleOther)"
66.249.66.76 - - [12/Jun/2025:11:36:07 -0400] "GET /detail/subincusation17716776.phtml HTTP/1.1" 200 24497 "-" "Mozilla/5.0 (Linux; Android 6.0.1; Nexus 5X Build/MMB29P) AppleWebKit/537.36 (KHTML, like Gecko) Chrome/136.0.7103.113 Mobile Safari/537.36 (compatible; GoogleOther)"
43.245.86.108 - - [12/Jun/2025:11:36:09 -0400] "GET /wp-content/uploads/2021/11/CeDzRGZ.png HTTP/1.1" 200 1728239 "https://remonster.online/manga/re-monster-chapter-56/" "Mozilla/5.0 (Linux; Android 10; K) AppleWebKit/537.36 (KHTML, like Gecko) Chrome/137.0.0.0 Mobile Safari/537.36"
66.249.66.76 - - [12/Jun/2025:11:36:12 -0400] "GET /shopdetail/prickingup/2059237718.phtml HTTP/1.1" 200 24737 "-" "Mozilla/5.0 (Linux; Android 6.0.1; Nexus 5X Build/MMB29P) AppleWebKit/537.36 (KHTML, like Gecko) Chrome/136.0.7103.113 Mobile Safari/537.36 (compatible; GoogleOther)"
2a03:2880:f800:9:: - - [12/Jun/2025:11:36:10 -0400] "GET /shopdetail/17383218 HTTP/1.1" 301 0 "-" "meta-externalagent/1.1 (+https://developers.facebook.com/docs/sharing/webmasters/crawler)"
2a03:2880:f800:1c:: - - [12/Jun/2025:11:36:14 -0400] "GET / HTTP/1.1" 200 10845 "-" "meta-externalagent/1.1 (+https://developers.facebook.com/docs/sharing/webmasters/crawler)"
66.249.66.76 - - [12/Jun/2025:11:36:16 -0400] "GET /special2059235918.phtml HTTP/1.1" 200 24947 "-" "Mozilla/5.0 (Linux; Android 6.0.1; Nexus 5X Build/MMB29P) AppleWebKit/537.36 (KHTML, like Gecko) Chrome/136.0.7103.113 Mobile Safari/537.36 (compatible; GoogleOther)"
162.0.232.193 - - [12/Jun/2025:11:36:17 -0400] "POST /wp-cron.php?doing_wp_cron=1749742577.2507629394531250000000 HTTP/1.1" 200 0 "-" "WordPress/6.6.2; https://remonster.online"
2a03:2880:f800:16:: - - [12/Jun/2025:11:36:15 -0400] "GET /shopdetail/209035118 HTTP/1.1" 301 0 "-" "meta-externalagent/1.1 (+https://developers.facebook.com/docs/sharing/webmasters/crawler)"
2a03:2880:f800:12:: - - [12/Jun/2025:11:36:19 -0400] "GET / HTTP/1.1" 200 10845 "-" "meta-externalagent/1.1 (+https://developers.facebook.com/docs/sharing/webmasters/crawler)"
2a03:2880:f800:15:: - - [12/Jun/2025:11:36:18 -0400] "GET /shopdetail/294910218 HTTP/1.1" 301 0 "-" "meta-externalagent/1.1 (+https://developers.facebook.com/docs/sharing/webmasters/crawler)"
66.249.66.76 - - [12/Jun/2025:11:36:21 -0400] "GET /item/beclouding2066381588.phtml HTTP/1.1" 200 23964 "-" "Mozilla/5.0 (Linux; Android 6.0.1; Nexus 5X Build/MMB29P) AppleWebKit/537.36 (KHTML, like Gecko) Chrome/136.0.7103.113 Mobile Safari/537.36 (compatible; GoogleOther)"
2a03:2880:f800:13:: - - [12/Jun/2025:11:36:22 -0400] "GET / HTTP/1.1" 200 10845 "-" "meta-externalagent/1.1 (+https://developers.facebook.com/docs/sharing/webmasters/crawler)"
66.249.66.76 - - [12/Jun/2025:11:36:26 -0400] "GET /item/bedash68829374.phtml HTTP/1.1" 200 24509 "-" "Mozilla/5.0 (Linux; Android 6.0.1; Nexus 5X Build/MMB29P) AppleWebKit/537.36 (KHTML, like Gecko) Chrome/136.0.7103.113 Mobile Safari/537.36 (compatible; GoogleOther)"
66.249.66.76 - - [12/Jun/2025:11:36:30 -0400] "GET /special/previousness2054241660.phtml HTTP/1.1" 200 24671 "-" "Mozilla/5.0 (Linux; Android 6.0.1; Nexus 5X Build/MMB29P) AppleWebKit/537.36 (KHTML, like Gecko) Chrome/136.0.7103.113 Mobile Safari/537.36 (compatible; GoogleOther)"
162.0.232.193 - - [12/Jun/2025:11:36:32 -0400] "POST /wp-cron.php?doing_wp_cron=1749742591.9492690563201904296875 HTTP/1.1" 200 0 "-" "WordPress/6.6.2; https://remonster.online"
2a03:2880:f800:8:: - - [12/Jun/2025:11:36:29 -0400] "GET /shopdetail/367970018 HTTP/1.1" 301 0 "-" "meta-externalagent/1.1 (+https://developers.facebook.com/docs/sharing/webmasters/crawler)"
2a03:2880:f800:18:: - - [12/Jun/2025:11:36:34 -0400] "GET / HTTP/1.1" 200 10845 "-" "meta-externalagent/1.1 (+https://developers.facebook.com/docs/sharing/webmasters/crawler)"
66.249.66.76 - - [12/Jun/2025:11:36:35 -0400] "GET /item/parapodium/%3E%3CBR%3E%3CTABLE%20BORDER=0%20CELLPADDING=0%20CELLSPACING=0%20WIDTH=655%3E%3CTR%20HEIGHT=146%3E%20%20%20%3CTD%20HEIGHT=146%20WIDTH=655%3E%3CFONT%20SIZE=5%3E%3CFONT%20COLOR= HTTP/1.1" 200 24907 "-" "Googlebot-Image/1.0"
66.249.66.76 - - [12/Jun/2025:11:36:40 -0400] "GET /detail/2058110856.phtml HTTP/1.1" 200 26179 "-" "Mozilla/5.0 (Linux; Android 6.0.1; Nexus 5X Build/MMB29P) AppleWebKit/537.36 (KHTML, like Gecko) Chrome/136.0.7103.113 Mobile Safari/537.36 (compatible; GoogleOther)"
2a03:2880:f800:18:: - - [12/Jun/2025:11:36:42 -0400] "GET /shopdetail/362476318 HTTP/1.1" 301 0 "-" "meta-externalagent/1.1 (+https://developers.facebook.com/docs/sharing/webmasters/crawler)"
2a03:2880:f800:a:: - - [12/Jun/2025:11:36:45 -0400] "GET / HTTP/1.1" 200 10845 "-" "meta-externalagent/1.1 (+https://developers.facebook.com/docs/sharing/webmasters/crawler)"
66.249.66.76 - - [12/Jun/2025:11:36:45 -0400] "GET /goodscode/accomplisher/2060928422.phtml HTTP/1.1" 200 25302 "-" "Mozilla/5.0 (Linux; Android 6.0.1; Nexus 5X Build/MMB29P) AppleWebKit/537.36 (KHTML, like Gecko) Chrome/136.0.7103.113 Mobile Safari/537.36 (compatible; GoogleOther)"
66.249.66.77 - - [12/Jun/2025:11:36:50 -0400] "GET /goodscode/rea/rifely/107534908.phtml HTTP/1.1" 200 24062 "-" "Mozilla/5.0 (Linux; Android 6.0.1; Nexus 5X Build/MMB29P) AppleWebKit/537.36 (KHTML, like Gecko) Chrome/136.0.7103.113 Mobile Safari/537.36 (compatible; GoogleOther)"
2a03:2880:f800:13:: - - [12/Jun/2025:11:36:50 -0400] "GET /shopdetail/392846018 HTTP/1.1" 301 0 "-" "meta-externalagent/1.1 (+https://developers.facebook.com/docs/sharing/webmasters/crawler)"
2a03:2880:f800:a:: - - [12/Jun/2025:11:36:54 -0400] "GET / HTTP/1.1" 200 10845 "-" "meta-externalagent/1.1 (+https://developers.facebook.com/docs/sharing/webmasters/crawler)"
2a03:2880:f800:9:: - - [12/Jun/2025:11:36:53 -0400] "GET /shopdetail/422799418 HTTP/1.1" 301 0 "-" "meta-externalagent/1.1 (+https://developers.facebook.com/docs/sharing/webmasters/crawler)"
66.249.66.77 - - [12/Jun/2025:11:36:55 -0400] "GET /products/calistheneum2062538382.phtml HTTP/1.1" 200 25099 "-" "Mozilla/5.0 (Linux; Android 6.0.1; Nexus 5X Build/MMB29P) AppleWebKit/537.36 (KHTML, like Gecko) Chrome/136.0.7103.113 Mobile Safari/537.36 (compatible; GoogleOther)"
2a03:2880:f800:16:: - - [12/Jun/2025:11:36:57 -0400] "GET / HTTP/1.1" 200 10845 "-" "meta-externalagent/1.1 (+https://developers.facebook.com/docs/sharing/webmasters/crawler)"
66.249.66.76 - - [12/Jun/2025:11:36:59 -0400] "GET /detail122339650.phtml HTTP/1.1" 200 23758 "-" "Mozilla/5.0 (Linux; Android 6.0.1; Nexus 5X Build/MMB29P) AppleWebKit/537.36 (KHTML, like Gecko) Chrome/136.0.7103.113 Mobile Safari/537.36 (compatible; GoogleOther)"
2a09:bac3:7e17:19cd::292:103 - - [12/Jun/2025:11:37:00 -0400] "GET / HTTP/1.1" 200 10788 "-" "Mozilla/5.0 (iPhone; CPU iPhone OS 18_5 like Mac OS X) AppleWebKit/605.1.15 (KHTML, like Gecko) Mobile/15E148"
66.249.66.76 - - [12/Jun/2025:11:37:04 -0400] "GET /products/2066384412.phtml HTTP/1.1" 200 24913 "-" "Mozilla/5.0 (Linux; Android 6.0.1; Nexus 5X Build/MMB29P) AppleWebKit/537.36 (KHTML, like Gecko) Chrome/136.0.7103.113 Mobile Safari/537.36 (compatible; GoogleOther)"
66.249.66.76 - - [12/Jun/2025:11:37:09 -0400] "GET /item/2063836484.phtml HTTP/1.1" 200 23950 "-" "Mozilla/5.0 (Linux; Android 6.0.1; Nexus 5X Build/MMB29P) AppleWebKit/537.36 (KHTML, like Gecko) Chrome/136.0.7103.113 Mobile Safari/537.36 (compatible; GoogleOther)"
66.249.66.76 - - [12/Jun/2025:11:37:14 -0400] "GET /products/lw/squaimous2054872192.phtml HTTP/1.1" 200 24159 "-" "Mozilla/5.0 (Linux; Android 6.0.1; Nexus 5X Build/MMB29P) AppleWebKit/537.36 (KHTML, like Gecko) Chrome/136.0.7103.113 Mobile Safari/537.36 (compatible; GoogleOther)"
162.0.232.193 - - [12/Jun/2025:11:37:20 -0400] "POST /wp-cron.php?doing_wp_cron=1749742639.7862520217895507812500 HTTP/1.1" 200 0 "-" "WordPress/6.6.2; https://remonster.online"
66.249.66.76 - - [12/Jun/2025:11:37:20 -0400] "GET /detail/seaside136826234.phtml HTTP/1.1" 200 24646 "-" "Mozilla/5.0 (Linux; Android 6.0.1; Nexus 5X Build/MMB29P) AppleWebKit/537.36 (KHTML, like Gecko) Chrome/136.0.7103.113 Mobile Safari/537.36 (compatible; GoogleOther)"
2a03:2880:f800:f:: - - [12/Jun/2025:11:37:18 -0400] "GET /shopdetail/369880918 HTTP/1.1" 301 0 "-" "meta-externalagent/1.1 (+https://developers.facebook.com/docs/sharing/webmasters/crawler)"
2a03:2880:f800:9:: - - [12/Jun/2025:11:37:22 -0400] "GET / HTTP/1.1" 200 10845 "-" "meta-externalagent/1.1 (+https://developers.facebook.com/docs/sharing/webmasters/crawler)"
66.249.66.76 - - [12/Jun/2025:11:37:25 -0400] "GET /item/g/bromal2066732350.phtml HTTP/1.1" 200 23925 "-" "Mozilla/5.0 (Linux; Android 6.0.1; Nexus 5X Build/MMB29P) AppleWebKit/537.36 (KHTML, like Gecko) Chrome/136.0.7103.113 Mobile Safari/537.36 (compatible; GoogleOther)"
2a03:2880:f800:10:: - - [12/Jun/2025:11:37:27 -0400] "GET /shopdetail/79799118 HTTP/1.1" 301 0 "-" "meta-externalagent/1.1 (+https://developers.facebook.com/docs/sharing/webmasters/crawler)"
2a03:2880:f800:e:: - - [12/Jun/2025:11:37:31 -0400] "GET / HTTP/1.1" 200 10845 "-" "meta-externalagent/1.1 (+https://developers.facebook.com/docs/sharing/webmasters/crawler)"
66.249.66.76 - - [12/Jun/2025:11:37:30 -0400] "GET /goods/vck/bloodberry/125570676.phtml HTTP/1.1" 200 23334 "-" "Mozilla/5.0 (Linux; Android 6.0.1; Nexus 5X Build/MMB29P) AppleWebKit/537.36 (KHTML, like Gecko) Chrome/136.0.7103.113 Mobile Safari/537.36 (compatible; GoogleOther)"
162.0.232.193 - - [12/Jun/2025:11:37:34 -0400] "POST /wp-cron.php?doing_wp_cron=1749742654.7431280612945556640625 HTTP/1.1" 200 0 "-" "WordPress/6.6.2; https://remonster.online"
2a03:2880:f800:f:: - - [12/Jun/2025:11:37:32 -0400] "GET /shopdetail/49400218 HTTP/1.1" 301 0 "-" "meta-externalagent/1.1 (+https://developers.facebook.com/docs/sharing/webmasters/crawler)"
66.249.66.76 - - [12/Jun/2025:11:37:36 -0400] "GET /products/diabolic/2067775062.phtml HTTP/1.1" 200 23550 "-" "Mozilla/5.0 (Linux; Android 6.0.1; Nexus 5X Build/MMB29P) AppleWebKit/537.36 (KHTML, like Gecko) Chrome/136.0.7103.113 Mobile Safari/537.36 (compatible; GoogleOther)"
2a03:2880:f800:3:: - - [12/Jun/2025:11:37:37 -0400] "GET / HTTP/1.1" 200 10845 "-" "meta-externalagent/1.1 (+https://developers.facebook.com/docs/sharing/webmasters/crawler)"
2a03:2880:f800:16:: - - [12/Jun/2025:11:37:35 -0400] "GET /shopdetail/415199818 HTTP/1.1" 301 0 "-" "meta-externalagent/1.1 (+https://developers.facebook.com/docs/sharing/webmasters/crawler)"
2a03:2880:f800:1a:: - - [12/Jun/2025:11:37:36 -0400] "GET /shopdetail/214627318 HTTP/1.1" 301 0 "-" "meta-externalagent/1.1 (+https://developers.facebook.com/docs/sharing/webmasters/crawler)"
2a03:2880:f800:a:: - - [12/Jun/2025:11:37:40 -0400] "GET / HTTP/1.1" 200 10845 "-" "meta-externalagent/1.1 (+https://developers.facebook.com/docs/sharing/webmasters/crawler)"
216.73.216.121 - - [12/Jun/2025:11:37:39 -0400] "GET /sitemap-detail-2103.xml HTTP/1.1" 200 10811 "-" "Mozilla/5.0 AppleWebKit/537.36 (KHTML, like Gecko; compatible; ClaudeBot/1.0; [email protected])"
216.73.216.121 - - [12/Jun/2025:11:37:39 -0400] "GET /sitemap-detail-856.xml HTTP/1.1" 200 10811 "-" "Mozilla/5.0 AppleWebKit/537.36 (KHTML, like Gecko; compatible; ClaudeBot/1.0; [email protected])"
2a03:2880:f800:6:: - - [12/Jun/2025:11:37:41 -0400] "GET / HTTP/1.1" 200 10845 "-" "meta-externalagent/1.1 (+https://developers.facebook.com/docs/sharing/webmasters/crawler)"
66.249.66.76 - - [12/Jun/2025:11:37:41 -0400] "GET /item/n/caricous/122699648.phtml HTTP/1.1" 200 24584 "-" "Mozilla/5.0 (Linux; Android 6.0.1; Nexus 5X Build/MMB29P) AppleWebKit/537.36 (KHTML, like Gecko) Chrome/136.0.7103.113 Mobile Safari/537.36 (compatible; GoogleOther)"
66.249.66.76 - - [12/Jun/2025:11:37:47 -0400] "GET /special/chicalote/2060850052.phtml HTTP/1.1" 200 23928 "-" "Mozilla/5.0 (Linux; Android 6.0.1; Nexus 5X Build/MMB29P) AppleWebKit/537.36 (KHTML, like Gecko) Chrome/136.0.7103.113 Mobile Safari/537.36 (compatible; GoogleOther)"
66.249.66.77 - - [12/Jun/2025:11:37:52 -0400] "GET /shopping/577375632.phtml HTTP/1.1" 200 23534 "-" "Mozilla/5.0 (Linux; Android 6.0.1; Nexus 5X Build/MMB29P) AppleWebKit/537.36 (KHTML, like Gecko) Chrome/136.0.7103.113 Mobile Safari/537.36 (compatible; GoogleOther)"
2a03:2880:f800:8:: - - [12/Jun/2025:11:37:56 -0400] "GET /shopdetail/306821818 HTTP/1.1" 301 0 "-" "meta-externalagent/1.1 (+https://developers.facebook.com/docs/sharing/webmasters/crawler)"
66.249.66.76 - - [12/Jun/2025:11:37:57 -0400] "GET /products/imhausi/2058920716.phtml HTTP/1.1" 200 24240 "-" "Mozilla/5.0 (Linux; Android 6.0.1; Nexus 5X Build/MMB29P) AppleWebKit/537.36 (KHTML, like Gecko) Chrome/136.0.7103.113 Mobile Safari/537.36 (compatible; GoogleOther)"
2a03:2880:f800:16:: - - [12/Jun/2025:11:37:58 -0400] "GET /shopdetail/9523318 HTTP/1.1" 301 0 "-" "meta-externalagent/1.1 (+https://developers.facebook.com/docs/sharing/webmasters/crawler)"
2a03:2880:f800:1d:: - - [12/Jun/2025:11:37:59 -0400] "GET / HTTP/1.1" 200 10845 "-" "meta-externalagent/1.1 (+https://developers.facebook.com/docs/sharing/webmasters/crawler)"
2a03:2880:f800:3:: - - [12/Jun/2025:11:38:02 -0400] "GET / HTTP/1.1" 200 10845 "-" "meta-externalagent/1.1 (+https://developers.facebook.com/docs/sharing/webmasters/crawler)"
66.249.66.78 - - [12/Jun/2025:11:38:02 -0400] "GET /item/a/ovoplasma/120445610.phtml HTTP/1.1" 200 25551 "-" "Mozilla/5.0 (Linux; Android 6.0.1; Nexus 5X Build/MMB29P) AppleWebKit/537.36 (KHTML, like Gecko) Chrome/136.0.7103.113 Mobile Safari/537.36 (compatible; GoogleOther)"
66.249.66.77 - - [12/Jun/2025:11:38:07 -0400] "GET /shopdetail/myy/hurling/%3E%3CBR%3E%3CDIV%20ALIGN=center%3E%3CBR%3E%3CBR%3E%3CTABLE%20BORDER=0%20CELLSPACING=1%20CELLPADDING=6%20BGCOLOR= HTTP/1.1" 200 24842 "-" "Googlebot-Image/1.0"
2a03:2880:f800:: - - [12/Jun/2025:11:38:07 -0400] "GET /shopdetail/173356118 HTTP/1.1" 301 0 "-" "meta-externalagent/1.1 (+https://developers.facebook.com/docs/sharing/webmasters/crawler)"
2a03:2880:f800:14:: - - [12/Jun/2025:11:38:09 -0400] "GET /shopdetail/423663018 HTTP/1.1" 301 0 "-" "meta-externalagent/1.1 (+https://developers.facebook.com/docs/sharing/webmasters/crawler)"
2a03:2880:f800:12:: - - [12/Jun/2025:11:38:10 -0400] "GET / HTTP/1.1" 200 10845 "-" "meta-externalagent/1.1 (+https://developers.facebook.com/docs/sharing/webmasters/crawler)"
66.249.66.76 - - [12/Jun/2025:11:38:12 -0400] "GET /shopdetail/2061885964.phtml HTTP/1.1" 200 24358 "-" "Mozilla/5.0 (Linux; Android 6.0.1; Nexus 5X Build/MMB29P) AppleWebKit/537.36 (KHTML, like Gecko) Chrome/136.0.7103.113 Mobile Safari/537.36 (compatible; GoogleOther)"
2a03:2880:f800:: - - [12/Jun/2025:11:38:15 -0400] "GET / HTTP/1.1" 200 10845 "-" "meta-externalagent/1.1 (+https://developers.facebook.com/docs/sharing/webmasters/crawler)"
66.249.66.76 - - [12/Jun/2025:11:38:17 -0400] "GET /info572605626.phtml HTTP/1.1" 200 24575 "-" "Mozilla/5.0 (Linux; Android 6.0.1; Nexus 5X Build/MMB29P) AppleWebKit/537.36 (KHTML, like Gecko) Chrome/136.0.7103.113 Mobile Safari/537.36 (compatible; GoogleOther)"
66.249.66.76 - - [12/Jun/2025:11:38:22 -0400] "GET /products/p/sacristy2055277312.phtml HTTP/1.1" 200 24293 "-" "Mozilla/5.0 (Linux; Android 6.0.1; Nexus 5X Build/MMB29P) AppleWebKit/537.36 (KHTML, like Gecko) Chrome/136.0.7103.113 Mobile Safari/537.36 (compatible; GoogleOther)"
66.249.66.76 - - [12/Jun/2025:11:38:27 -0400] "GET /goodscode/ueg/inhaled/25548178.phtml HTTP/1.1" 200 25457 "-" "Mozilla/5.0 (Linux; Android 6.0.1; Nexus 5X Build/MMB29P) AppleWebKit/537.36 (KHTML, like Gecko) Chrome/136.0.7103.113 Mobile Safari/537.36 (compatible; GoogleOther)"
66.249.66.76 - - [12/Jun/2025:11:38:32 -0400] "GET /goodscode/j/millenarianism2062992736.phtml HTTP/1.1" 200 24543 "-" "Mozilla/5.0 (Linux; Android 6.0.1; Nexus 5X Build/MMB29P) AppleWebKit/537.36 (KHTML, like Gecko) Chrome/136.0.7103.113 Mobile Safari/537.36 (compatible; GoogleOther)"
66.249.66.76 - - [12/Jun/2025:11:38:37 -0400] "GET /detail120548046.phtml HTTP/1.1" 200 24167 "-" "Mozilla/5.0 (Linux; Android 6.0.1; Nexus 5X Build/MMB29P) AppleWebKit/537.36 (KHTML, like Gecko) Chrome/136.0.7103.113 Mobile Safari/537.36 (compatible; GoogleOther)"
66.249.66.76 - - [12/Jun/2025:11:38:42 -0400] "GET /shopdetail/lavrock872950012.phtml HTTP/1.1" 200 24354 "-" "Mozilla/5.0 (Linux; Android 6.0.1; Nexus 5X Build/MMB29P) AppleWebKit/537.36 (KHTML, like Gecko) Chrome/136.0.7103.113 Mobile Safari/537.36 (compatible; GoogleOther)"
216.73.216.121 - - [12/Jun/2025:11:38:43 -0400] "GET /sitemap-detail-1145.xml HTTP/1.1" 200 10927 "-" "Mozilla/5.0 AppleWebKit/537.36 (KHTML, like Gecko; compatible; ClaudeBot/1.0; [email protected])"
66.249.66.76 - - [12/Jun/2025:11:38:47 -0400] "GET /detail/g/orthtoluidine/76206678.phtml HTTP/1.1" 200 25780 "-" "Mozilla/5.0 (Linux; Android 6.0.1; Nexus 5X Build/MMB29P) AppleWebKit/537.36 (KHTML, like Gecko) Chrome/136.0.7103.113 Mobile Safari/537.36 (compatible; GoogleOther)"
162.0.232.193 - - [12/Jun/2025:11:38:49 -0400] "POST /wp-cron.php?doing_wp_cron=1749742729.6531519889831542968750 HTTP/1.1" 200 0 "-" "WordPress/6.6.2; https://remonster.online"
2a03:2880:f800:a:: - - [12/Jun/2025:11:38:48 -0400] "GET /shopdetail/51847118 HTTP/1.1" 301 0 "-" "meta-externalagent/1.1 (+https://developers.facebook.com/docs/sharing/webmasters/crawler)"
66.249.66.76 - - [12/Jun/2025:11:38:51 -0400] "GET /shopdetail/brainish/2063101076.phtml HTTP/1.1" 200 23862 "-" "Mozilla/5.0 (Linux; Android 6.0.1; Nexus 5X Build/MMB29P) AppleWebKit/537.36 (KHTML, like Gecko) Chrome/136.0.7103.113 Mobile Safari/537.36 (compatible; GoogleOther)"
2a03:2880:f800:c:: - - [12/Jun/2025:11:38:52 -0400] "GET / HTTP/1.1" 200 10845 "-" "meta-externalagent/1.1 (+https://developers.facebook.com/docs/sharing/webmasters/crawler)"
66.249.66.77 - - [12/Jun/2025:11:38:56 -0400] "GET /entity/102504962.phtml HTTP/1.1" 200 25045 "-" "Mozilla/5.0 (Linux; Android 6.0.1; Nexus 5X Build/MMB29P) AppleWebKit/537.36 (KHTML, like Gecko) Chrome/136.0.7103.113 Mobile Safari/537.36 (compatible; GoogleOther)"
2a03:2880:f800:17:: - - [12/Jun/2025:11:38:56 -0400] "GET /shopdetail/320562718 HTTP/1.1" 301 0 "-" "meta-externalagent/1.1 (+https://developers.facebook.com/docs/sharing/webmasters/crawler)"
2a03:2880:f800:1a:: - - [12/Jun/2025:11:38:58 -0400] "GET /shopdetail/225562218 HTTP/1.1" 301 0 "-" "meta-externalagent/1.1 (+https://developers.facebook.com/docs/sharing/webmasters/crawler)"
2a03:2880:f800:4:: - - [12/Jun/2025:11:39:00 -0400] "GET / HTTP/1.1" 200 10845 "-" "meta-externalagent/1.1 (+https://developers.facebook.com/docs/sharing/webmasters/crawler)"
66.249.66.78 - - [12/Jun/2025:11:39:01 -0400] "GET /special/suppurate2055539180.phtml HTTP/1.1" 200 23736 "-" "Mozilla/5.0 (Linux; Android 6.0.1; Nexus 5X Build/MMB29P) AppleWebKit/537.36 (KHTML, like Gecko) Chrome/136.0.7103.113 Mobile Safari/537.36 (compatible; GoogleOther)"
2a03:2880:f800:18:: - - [12/Jun/2025:11:39:02 -0400] "GET / HTTP/1.1" 200 10845 "-" "meta-externalagent/1.1 (+https://developers.facebook.com/docs/sharing/webmasters/crawler)"
66.249.66.76 - - [12/Jun/2025:11:39:05 -0400] "GET /detail/q/parochially1374533198.phtml HTTP/1.1" 200 24308 "-" "Mozilla/5.0 (Linux; Android 6.0.1; Nexus 5X Build/MMB29P) AppleWebKit/537.36 (KHTML, like Gecko) Chrome/136.0.7103.113 Mobile Safari/537.36 (compatible; GoogleOther)"
2a03:2880:f800:9:: - - [12/Jun/2025:11:39:09 -0400] "GET /shopdetail/248314718 HTTP/1.1" 301 0 "-" "meta-externalagent/1.1 (+https://developers.facebook.com/docs/sharing/webmasters/crawler)"
66.249.66.76 - - [12/Jun/2025:11:39:10 -0400] "GET /products/a/beneficed2064227806.phtml HTTP/1.1" 200 24584 "-" "Mozilla/5.0 (Linux; Android 6.0.1; Nexus 5X Build/MMB29P) AppleWebKit/537.36 (KHTML, like Gecko) Chrome/136.0.7103.113 Mobile Safari/537.36 (compatible; GoogleOther)"
2a03:2880:f800:1d:: - - [12/Jun/2025:11:39:13 -0400] "GET / HTTP/1.1" 200 10845 "-" "meta-externalagent/1.1 (+https://developers.facebook.com/docs/sharing/webmasters/crawler)"
66.249.66.76 - - [12/Jun/2025:11:39:16 -0400] "GET /detail118103706.phtml HTTP/1.1" 200 24462 "-" "Mozilla/5.0 (Linux; Android 6.0.1; Nexus 5X Build/MMB29P) AppleWebKit/537.36 (KHTML, like Gecko) Chrome/136.0.7103.113 Mobile Safari/537.36 (compatible; GoogleOther)"
66.249.66.76 - - [12/Jun/2025:11:39:21 -0400] "GET /shopdetail/forfete2056472784.phtml HTTP/1.1" 200 24276 "-" "Mozilla/5.0 (Linux; Android 6.0.1; Nexus 5X Build/MMB29P) AppleWebKit/537.36 (KHTML, like Gecko) Chrome/136.0.7103.113 Mobile Safari/537.36 (compatible; GoogleOther)"
162.0.232.193 - - [12/Jun/2025:11:39:24 -0400] "POST /wp-cron.php?doing_wp_cron=1749742764.6421709060668945312500 HTTP/1.1" 200 0 "-" "WordPress/6.6.2; https://remonster.online"
2a03:2880:f800:1b:: - - [12/Jun/2025:11:39:22 -0400] "GET /shopdetail/101908618 HTTP/1.1" 301 0 "-" "meta-externalagent/1.1 (+https://developers.facebook.com/docs/sharing/webmasters/crawler)"
66.249.66.76 - - [12/Jun/2025:11:39:26 -0400] "GET /info/maintainer75443158.phtml HTTP/1.1" 200 24264 "-" "Mozilla/5.0 (Linux; Android 6.0.1; Nexus 5X Build/MMB29P) AppleWebKit/537.36 (KHTML, like Gecko) Chrome/136.0.7103.113 Mobile Safari/537.36 (compatible; GoogleOther)"
2a03:2880:f800:1c:: - - [12/Jun/2025:11:39:28 -0400] "GET / HTTP/1.1" 200 10845 "-" "meta-externalagent/1.1 (+https://developers.facebook.com/docs/sharing/webmasters/crawler)"
66.249.66.76 - - [12/Jun/2025:11:39:31 -0400] "GET /item/leucophyll2066741656.phtml HTTP/1.1" 200 24531 "-" "Mozilla/5.0 (Linux; Android 6.0.1; Nexus 5X Build/MMB29P) AppleWebKit/537.36 (KHTML, like Gecko) Chrome/136.0.7103.113 Mobile Safari/537.36 (compatible; GoogleOther)"
162.0.232.193 - - [12/Jun/2025:11:39:34 -0400] "POST /wp-cron.php?doing_wp_cron=1749742774.4548768997192382812500 HTTP/1.1" 200 0 "-" "WordPress/6.6.2; https://remonster.online"
2a03:2880:f800:5:: - - [12/Jun/2025:11:39:33 -0400] "GET /shopdetail/378905118 HTTP/1.1" 301 0 "-" "meta-externalagent/1.1 (+https://developers.facebook.com/docs/sharing/webmasters/crawler)"
66.249.66.76 - - [12/Jun/2025:11:39:36 -0400] "GET /detail/123309000.phtml HTTP/1.1" 200 24936 "-" "Mozilla/5.0 (Linux; Android 6.0.1; Nexus 5X Build/MMB29P) AppleWebKit/537.36 (KHTML, like Gecko) Chrome/136.0.7103.113 Mobile Safari/537.36 (compatible; GoogleOther)"
2a03:2880:f800:14:: - - [12/Jun/2025:11:39:36 -0400] "GET /shopdetail/128945918 HTTP/1.1" 301 0 "-" "meta-externalagent/1.1 (+https://developers.facebook.com/docs/sharing/webmasters/crawler)"
2a03:2880:f800:16:: - - [12/Jun/2025:11:39:37 -0400] "GET / HTTP/1.1" 200 10845 "-" "meta-externalagent/1.1 (+https://developers.facebook.com/docs/sharing/webmasters/crawler)"
2a03:2880:f800:a:: - - [12/Jun/2025:11:39:39 -0400] "GET / HTTP/1.1" 200 10845 "-" "meta-externalagent/1.1 (+https://developers.facebook.com/docs/sharing/webmasters/crawler)"
66.249.66.76 - - [12/Jun/2025:11:39:41 -0400] "GET /goodscode/%3E%E3%82%AB%E3%82%B7%E3%83%9F%E3%83%A4%E5%86%99%E7%9C%9F1%E6%9E%9A%E7%9B%AE%3CBR%3E%E3%82%A6%E3%83%BC%E3%83%AB%E5%86%99%E7%9C%9F2%E6%9E%9A%E7%9B%AE3%E6%9E%9A%E7%9B%AE%3CBR%3E21%E7%82%B9%E3%82%BB%E3%83%83%E3%83%88%E3%81%A7%E3%81%99%E3%80%82%20%20%20%20%3C/div%3E%20%20%20%20%3Cdiv%20class= HTTP/1.1" 200 24959 "-" "Googlebot-Image/1.0"
66.249.66.76 - - [12/Jun/2025:11:39:46 -0400] "GET /item/qs/boozed/868861882.phtml HTTP/1.1" 200 23787 "-" "Mozilla/5.0 (Linux; Android 6.0.1; Nexus 5X Build/MMB29P) AppleWebKit/537.36 (KHTML, like Gecko) Chrome/136.0.7103.113 Mobile Safari/537.36 (compatible; GoogleOther)"
66.249.66.77 - - [12/Jun/2025:11:39:51 -0400] "GET /item24383192.phtml HTTP/1.1" 200 23629 "-" "Mozilla/5.0 (Linux; Android 6.0.1; Nexus 5X Build/MMB29P) AppleWebKit/537.36 (KHTML, like Gecko) Chrome/136.0.7103.113 Mobile Safari/537.36 (compatible; GoogleOther)"
2a03:2880:f800:b:: - - [12/Jun/2025:11:39:54 -0400] "GET /shopdetail/128270118 HTTP/1.1" 301 0 "-" "meta-externalagent/1.1 (+https://developers.facebook.com/docs/sharing/webmasters/crawler)"
66.249.66.77 - - [12/Jun/2025:11:39:56 -0400] "GET /goodscode/animalcute/873009700.phtml HTTP/1.1" 200 24148 "-" "Mozilla/5.0 (Linux; Android 6.0.1; Nexus 5X Build/MMB29P) AppleWebKit/537.36 (KHTML, like Gecko) Chrome/136.0.7103.113 Mobile Safari/537.36 (compatible; GoogleOther)"
2a03:2880:f800:1:: - - [12/Jun/2025:11:39:57 -0400] "GET / HTTP/1.1" 200 10845 "-" "meta-externalagent/1.1 (+https://developers.facebook.com/docs/sharing/webmasters/crawler)"
2a03:2880:22ff:3:: - - [12/Jun/2025:11:40:01 -0400] "GET / HTTP/1.1" 200 10845 "-" "meta-externalagent/1.1 (+https://developers.facebook.com/docs/sharing/webmasters/crawler)"
2a03:2880:22ff:3:: - - [12/Jun/2025:11:40:01 -0400] "GET /manga/re-monster-chapter-56/ HTTP/1.1" 200 17783 "-" "meta-externalagent/1.1 (+https://developers.facebook.com/docs/sharing/webmasters/crawler)"
2a03:2880:22ff:71:: - - [12/Jun/2025:11:40:01 -0400] "GET /manga/re-monster-chapter-7/ HTTP/1.1" 200 18114 "-" "meta-externalagent/1.1 (+https://developers.facebook.com/docs/sharing/webmasters/crawler)"
2a03:2880:22ff:9:: - - [12/Jun/2025:11:40:01 -0400] "GET /manga/re-monster-chapter-54/ HTTP/1.1" 200 17868 "-" "meta-externalagent/1.1 (+https://developers.facebook.com/docs/sharing/webmasters/crawler)"
66.249.66.78 - - [12/Jun/2025:11:40:01 -0400] "GET /special/uqm/crustalogist/1370428578.phtml HTTP/1.1" 200 26527 "-" "Mozilla/5.0 (Linux; Android 6.0.1; Nexus 5X Build/MMB29P) AppleWebKit/537.36 (KHTML, like Gecko) Chrome/136.0.7103.113 Mobile Safari/537.36 (compatible; GoogleOther)"
66.249.66.77 - - [12/Jun/2025:11:40:07 -0400] "GET /item/hairsbreadth/2064247764.phtml HTTP/1.1" 200 24912 "-" "Mozilla/5.0 (Linux; Android 6.0.1; Nexus 5X Build/MMB29P) AppleWebKit/537.36 (KHTML, like Gecko) Chrome/136.0.7103.113 Mobile Safari/537.36 (compatible; GoogleOther)"
2a03:2880:f800:7:: - - [12/Jun/2025:11:40:07 -0400] "GET /shopdetail/420290618 HTTP/1.1" 301 0 "-" "meta-externalagent/1.1 (+https://developers.facebook.com/docs/sharing/webmasters/crawler)"
2a03:2880:f800:1d:: - - [12/Jun/2025:11:40:11 -0400] "GET / HTTP/1.1" 200 10845 "-" "meta-externalagent/1.1 (+https://developers.facebook.com/docs/sharing/webmasters/crawler)"
66.249.66.76 - - [12/Jun/2025:11:40:12 -0400] "GET /product17935318.phtml HTTP/1.1" 200 25167 "-" "Mozilla/5.0 (Linux; Android 6.0.1; Nexus 5X Build/MMB29P) AppleWebKit/537.36 (KHTML, like Gecko) Chrome/136.0.7103.113 Mobile Safari/537.36 (compatible; GoogleOther)"
66.249.66.76 - - [12/Jun/2025:11:40:17 -0400] "GET /shopdetail/2061977488.phtml HTTP/1.1" 200 23579 "-" "Mozilla/5.0 (Linux; Android 6.0.1; Nexus 5X Build/MMB29P) AppleWebKit/537.36 (KHTML, like Gecko) Chrome/136.0.7103.113 Mobile Safari/537.36 (compatible; GoogleOther)"
2600:4040:139d:1d00:39bc:7f02:247a:58e2 - - [12/Jun/2025:11:40:20 -0400] "GET / HTTP/1.1" 200 10845 "-" "Mozilla/5.0 (Windows NT 10.0; Win64; x64) AppleWebKit/537.36 (KHTML, like Gecko) Chrome/122.0.0.0 Safari/537.36"
66.249.66.76 - - [12/Jun/2025:11:40:23 -0400] "GET /entity144206618.phtml HTTP/1.1" 200 24231 "-" "Mozilla/5.0 (Linux; Android 6.0.1; Nexus 5X Build/MMB29P) AppleWebKit/537.36 (KHTML, like Gecko) Chrome/136.0.7103.113 Mobile Safari/537.36 (compatible; GoogleOther)"
66.249.66.76 - - [12/Jun/2025:11:40:28 -0400] "GET /shopdetail/democraty/2061729104.phtml HTTP/1.1" 200 23801 "-" "Mozilla/5.0 (Linux; Android 6.0.1; Nexus 5X Build/MMB29P) AppleWebKit/537.36 (KHTML, like Gecko) Chrome/136.0.7103.113 Mobile Safari/537.36 (compatible; GoogleOther)"
2a03:2880:22ff:71:: - - [12/Jun/2025:11:40:29 -0400] "GET /manga/re-monster-chapter-56/ HTTP/1.1" 200 17783 "-" "meta-externalagent/1.1 (+https://developers.facebook.com/docs/sharing/webmasters/crawler)"
2a03:2880:22ff:70:: - - [12/Jun/2025:11:40:29 -0400] "GET /manga/re-monster-chapter-54/ HTTP/1.1" 200 17868 "-" "meta-externalagent/1.1 (+https://developers.facebook.com/docs/sharing/webmasters/crawler)"
2a03:2880:22ff:1:: - - [12/Jun/2025:11:40:29 -0400] "GET /manga/re-monster-chapter-7/ HTTP/1.1" 200 18114 "-" "meta-externalagent/1.1 (+https://developers.facebook.com/docs/sharing/webmasters/crawler)"
162.0.232.193 - - [12/Jun/2025:11:40:31 -0400] "POST /wp-cron.php?doing_wp_cron=1749742830.9741170406341552734375 HTTP/1.1" 200 0 "-" "WordPress/6.6.2; https://remonster.online"
