2001:44c8:4445:b881:7163:3359:afad:49c5 - - [12/Jun/2025:09:00:27 -0400] "GET /manga/re-monster-chapter-38/ HTTP/1.1" 200 17365 "https://remonster.online/manga/re-monster-chapter-37/" "Mozilla/5.0 (Windows NT 10.0; Win64; x64) AppleWebKit/537.36 (KHTML, like Gecko) Chrome/137.0.0.0 Safari/537.36"
66.249.66.76 - - [12/Jun/2025:09:00:43 -0400] "GET /shopdetail/x/%3E%3CCENTER%3E%3CB%3EIF06178%20%E7%A7%8B%E7%94%B0%E6%9C%A8%E5%B7%A5%20AKITAMOKKO%20%E3%82%B9%E3%83%84%E3%83%BC%E3%83%AB%20%E5%89%A3%E6%8C%81%E5%8B%87%20%E6%9B%B2%E6%9C%A8%20%E3%82%B9%E3%82%BF%E3%83%83%E3%82%AD%E3%83%B3%E3%82%B0%20%E3%83%81%E3%82%A7%E3%82%A2%20%E6%A4%85%E5%AD%90%20%E4%B8%AD%E5%8F%A4%3C/B%3E%3CBR%3E%3CBR%3E%3CTABLE%20BGCOLOR= HTTP/1.1" 200 25066 "-" "Googlebot-Image/1.0"
66.249.66.76 - - [12/Jun/2025:09:00:56 -0400] "GET /products/iuu/exophthalmia/873728486.phtml HTTP/1.1" 200 23536 "-" "Mozilla/5.0 (Linux; Android 6.0.1; Nexus 5X Build/MMB29P) AppleWebKit/537.36 (KHTML, like Gecko) Chrome/136.0.7103.113 Mobile Safari/537.36 (compatible; GoogleOther)"
1.140.47.40 - - [12/Jun/2025:09:01:03 -0400] "GET /manga/re-monster-chapter-42/ HTTP/1.1" 200 17660 "https://remonster.online/manga/re-monster-chapter-41/" "Mozilla/5.0 (Linux; Android 10; K) AppleWebKit/537.36 (KHTML, like Gecko) Chrome/137.0.0.0 Safari/537.36"
162.0.232.193 - - [12/Jun/2025:09:01:10 -0400] "POST /wp-cron.php?doing_wp_cron=1749733269.9648089408874511718750 HTTP/1.1" 200 0 "-" "WordPress/6.6.2; https://remonster.online"
2a03:2880:f800:12:: - - [12/Jun/2025:09:00:58 -0400] "GET /shopdetail/339058918 HTTP/1.1" 301 0 "-" "meta-externalagent/1.1 (+https://developers.facebook.com/docs/sharing/webmasters/crawler)"
66.249.66.77 - - [12/Jun/2025:09:01:09 -0400] "GET /shopdetail1372606236.phtml HTTP/1.1" 200 24399 "-" "Mozilla/5.0 (Linux; Android 6.0.1; Nexus 5X Build/MMB29P) AppleWebKit/537.36 (KHTML, like Gecko) Chrome/136.0.7103.113 Mobile Safari/537.36 (compatible; GoogleOther)"
2a03:2880:f800:1c:: - - [12/Jun/2025:09:01:15 -0400] "GET / HTTP/1.1" 200 10845 "-" "meta-externalagent/1.1 (+https://developers.facebook.com/docs/sharing/webmasters/crawler)"
66.249.66.76 - - [12/Jun/2025:09:01:22 -0400] "GET /products/874992180.phtml HTTP/1.1" 200 25045 "-" "Mozilla/5.0 (Linux; Android 6.0.1; Nexus 5X Build/MMB29P) AppleWebKit/537.36 (KHTML, like Gecko) Chrome/136.0.7103.113 Mobile Safari/537.36 (compatible; GoogleOther)"
162.0.232.193 - - [12/Jun/2025:09:01:27 -0400] "POST /wp-cron.php?doing_wp_cron=1749733286.4774680137634277343750 HTTP/1.1" 200 0 "-" "WordPress/6.6.2; https://remonster.online"
2a03:2880:f800:1c:: - - [12/Jun/2025:09:01:25 -0400] "GET /shopdetail/400246018 HTTP/1.1" 301 0 "-" "meta-externalagent/1.1 (+https://developers.facebook.com/docs/sharing/webmasters/crawler)"
2a03:2880:f800:14:: - - [12/Jun/2025:09:01:31 -0400] "GET / HTTP/1.1" 200 10845 "-" "meta-externalagent/1.1 (+https://developers.facebook.com/docs/sharing/webmasters/crawler)"
66.249.66.76 - - [12/Jun/2025:09:01:34 -0400] "GET /goods/enfiercing/%3E%3CBR%3E%3CCENTER%3E%3CFONT%20COLOR= HTTP/1.1" 200 24722 "-" "Googlebot-Image/1.0"
66.249.66.76 - - [12/Jun/2025:09:01:47 -0400] "GET /shopping/1372559190.phtml HTTP/1.1" 200 23727 "-" "Mozilla/5.0 (Linux; Android 6.0.1; Nexus 5X Build/MMB29P) AppleWebKit/537.36 (KHTML, like Gecko) Chrome/136.0.7103.113 Mobile Safari/537.36 (compatible; GoogleOther)"
66.249.66.76 - - [12/Jun/2025:09:01:58 -0400] "GET /shopping/874933838.phtml HTTP/1.1" 200 24516 "-" "Mozilla/5.0 (Linux; Android 6.0.1; Nexus 5X Build/MMB29P) AppleWebKit/537.36 (KHTML, like Gecko) Chrome/136.0.7103.113 Mobile Safari/537.36 (compatible; GoogleOther)"
162.0.232.193 - - [12/Jun/2025:09:02:02 -0400] "POST /wp-cron.php?doing_wp_cron=1749733321.7620899677276611328125 HTTP/1.1" 200 0 "-" "WordPress/6.6.2; https://remonster.online"
2a03:2880:f800:1a:: - - [12/Jun/2025:09:02:00 -0400] "GET /shopdetail/312725518 HTTP/1.1" 301 0 "-" "meta-externalagent/1.1 (+https://developers.facebook.com/docs/sharing/webmasters/crawler)"
2a03:2880:f800:e:: - - [12/Jun/2025:09:02:04 -0400] "GET / HTTP/1.1" 200 10845 "-" "meta-externalagent/1.1 (+https://developers.facebook.com/docs/sharing/webmasters/crawler)"
66.249.66.77 - - [12/Jun/2025:09:02:09 -0400] "GET /entity/uq/%3E%E3%82%88%E3%82%8D%E3%81%97%E3%81%8F%E3%81%8A%E9%A1%98%E3%81%84%E3%81%97%E3%81%BE%E3%81%99%20%20%20%20%3C/div%3E%20%20%20%20%3Cdiv%20class= HTTP/1.1" 200 24792 "-" "Googlebot-Image/1.0"
47.211.72.56 - - [12/Jun/2025:09:02:10 -0400] "GET /manga/remonster-chapter-77/ HTTP/1.1" 200 17436 "https://remonster.online/manga/remonster-chapter-76/" "Mozilla/5.0 (iPhone; CPU iPhone OS 17_6_1 like Mac OS X) AppleWebKit/605.1.15 (KHTML, like Gecko) CriOS/137.0.7151.79 Mobile/15E148 Safari/604.1"
66.249.66.77 - - [12/Jun/2025:09:02:19 -0400] "GET /items/outfall1372599882.phtml HTTP/1.1" 200 23959 "-" "Mozilla/5.0 (Linux; Android 6.0.1; Nexus 5X Build/MMB29P) AppleWebKit/537.36 (KHTML, like Gecko) Chrome/136.0.7103.113 Mobile Safari/537.36 (compatible; GoogleOther)"
66.249.66.76 - - [12/Jun/2025:09:02:29 -0400] "GET /shopping/874906432.phtml HTTP/1.1" 200 26626 "-" "Mozilla/5.0 (Linux; Android 6.0.1; Nexus 5X Build/MMB29P) AppleWebKit/537.36 (KHTML, like Gecko) Chrome/136.0.7103.113 Mobile Safari/537.36 (compatible; GoogleOther)"
66.249.66.76 - - [12/Jun/2025:09:02:38 -0400] "GET /item/signora/1372679982.phtml HTTP/1.1" 200 24172 "-" "Mozilla/5.0 (Linux; Android 6.0.1; Nexus 5X Build/MMB29P) AppleWebKit/537.36 (KHTML, like Gecko) Chrome/136.0.7103.113 Mobile Safari/537.36 (compatible; GoogleOther)"
66.249.66.76 - - [12/Jun/2025:09:02:47 -0400] "GET /special/edq/%3E%E3%83%9E%E3%82%A4%E3%82%AD%E3%83%BC%E3%82%B7%E3%83%A5%E3%82%AC%E3%83%BC%E9%8C%A6%E3%80%806%E9%89%A2%3CBR%3E%E6%8A%9C%E3%81%8D%E8%8B%97%3CBR%3E%E7%99%BA%E9%80%81%E6%96%B9%E6%B3%95:%E3%82%86%E3%81%86%E3%83%91%E3%83%83%E3%82%AF%E5%85%A8%E5%9B%BD%E4%B8%80%E5%BE%8B800%E5%86%86%3CBR%3E9/6%E3%81%BE%E3%81%A7%E3%81%AE%E5%85%A5%E6%9C%AD%E3%81%AF%E5%90%8C%E6%A2%B1%E3%81%A7%E3%81%8D%E3%81%BE%E3%81%99%E3%80%82%3CBR%3E%E7%99%BA%E9%80%81%E5%9C%B0%E5%9F%9F:%E6%9D%B1%E4%BA%AC%3CBR%3E%3CBR%3E%E5%87%BA%E5%93%81%E3%81%95%E3%82%8C%E3%81%A6%E3%81%84%E3%82%8B%E3%81%AE%E6%A4%8D%E7%89%A9%E3%81%AF%E5%85%A8%E3%81%A6%E8%A3%B8%E8%8B%97%E3%81%A7%E7%99%BA%E9%80%81(%E5%9C%9F%E3%81%A8%E9%89%A2%E3%81%AF%E4%BB%98%E3%81%8D%E3%81%BE%E3%81%9B%E3%82%93)%3CBR%3E%E6%A4%8D%E7%89%A9%E3%81%AF%E6%97%A5%E3%80%85%E5%A4%89%E5%8C%96%E3%81%99%E3%82%8B%E3%81%9F%E3%82%81%E3%80%81%E5%86%99%E7%9C%9F%E3%81%A8%E3%81%AE%E9%81%95%E3%81%84%EF%BC%88%E8%89%B2%E5%91%B3%E3%81%AA%E3%81%A9%EF%BC%89%E3%81%8C%E3%81%82%E3%82%8B%E5%A0%B4%E5%90%88%E3%81%8C%E3%81%82%E3%82%8A%E3%81%BE%E3%81%99%E3%80%82%3CBR%3E%E3%82%AD%E3%82%BA%E3%80%81%E6%B1%9A%E3%82%8C%E3%80%81%E8%99%AB%E9%A3%9F%E3%81%84%E3%81%AA%E3%81%A9%E3%81%82%E3%82%8B%E5%A0%B4%E5%90%88%E3%82%82%E3%81%82%E3%82%8A%E3%81%BE%E3%81%99%E3%80%82%3CBR%3E%3CBR%3E%E5%AE%8C%E3%81%BA%E3%81%8D%E3%82%92%E6%B1%82%E3%82%81%E3%82%8B%E6%96%B9%E3%80%81%E7%A5%9E%E7%B5%8C%E8%B3%AA%E3%81%AA%E6%96%B9%E3%81%AF%E5%85%A5%E6%9C%AD%E3%82%92%E3%81%94%E9%81%A0%E6%85%AE%E3%81%8F%E3%81%A0%E3%81%95%E3%81%84%E3%80%82%20%20%20%20%3C/div%3E%20%20%20%20%3Cdiv%20class= HTTP/1.1" 200 25901 "-" "Googlebot-Image/1.0"
66.249.66.76 - - [12/Jun/2025:09:02:56 -0400] "GET /items/busyness/2057536808.phtml HTTP/1.1" 200 24488 "-" "Mozilla/5.0 (Linux; Android 6.0.1; Nexus 5X Build/MMB29P) AppleWebKit/537.36 (KHTML, like Gecko) Chrome/136.0.7103.113 Mobile Safari/537.36 (compatible; GoogleOther)"
162.0.232.193 - - [12/Jun/2025:09:03:05 -0400] "POST /wp-cron.php?doing_wp_cron=1749733384.6544508934020996093750 HTTP/1.1" 200 0 "-" "WordPress/6.6.2; https://remonster.online"
66.249.66.77 - - [12/Jun/2025:09:03:05 -0400] "GET /products/incide/873344480.phtml HTTP/1.1" 200 25870 "-" "Mozilla/5.0 (Linux; Android 6.0.1; Nexus 5X Build/MMB29P) AppleWebKit/537.36 (KHTML, like Gecko) Chrome/136.0.7103.113 Mobile Safari/537.36 (compatible; GoogleOther)"
45.8.132.132 - - [12/Jun/2025:09:03:00 -0400] "POST /wp-login.php HTTP/1.1" 200 1875 "https://remonster.online" "Mozilla/5.0 (Windows NT 11.0; Win64; x64) AppleWebKit/537.36 (KHTML, like Gecko) Chrome/126.0.0.0 Safari/537.36 Edg/126.0.0.0"
66.249.66.163 - - [12/Jun/2025:09:03:14 -0400] "GET /detail1373770384.phtml HTTP/1.1" 200 23750 "-" "Mozilla/5.0 (Linux; Android 6.0.1; Nexus 5X Build/MMB29P) AppleWebKit/537.36 (KHTML, like Gecko) Chrome/136.0.7103.113 Mobile Safari/537.36 (compatible; GoogleOther)"
162.0.232.193 - - [12/Jun/2025:09:03:18 -0400] "POST /wp-cron.php?doing_wp_cron=1749733397.8457551002502441406250 HTTP/1.1" 200 0 "-" "WordPress/6.6.2; https://remonster.online"
2a03:2880:f800:1:: - - [12/Jun/2025:09:03:15 -0400] "GET /shopdetail/389990318 HTTP/1.1" 301 0 "-" "meta-externalagent/1.1 (+https://developers.facebook.com/docs/sharing/webmasters/crawler)"
2a03:2880:f800:12:: - - [12/Jun/2025:09:03:23 -0400] "GET / HTTP/1.1" 200 10845 "-" "meta-externalagent/1.1 (+https://developers.facebook.com/docs/sharing/webmasters/crawler)"
66.249.66.76 - - [12/Jun/2025:09:03:23 -0400] "GET /detail874317810.phtml HTTP/1.1" 200 23481 "-" "Mozilla/5.0 (Linux; Android 6.0.1; Nexus 5X Build/MMB29P) AppleWebKit/537.36 (KHTML, like Gecko) Chrome/136.0.7103.113 Mobile Safari/537.36 (compatible; GoogleOther)"
66.249.66.76 - - [12/Jun/2025:09:03:32 -0400] "GET /item/%3E%3CBR%3E%3CBR%3E%3CCENTER%3E%3CTABLE%20CELLSPACING=0%20CELLPADDING=0%3E%3CTR%20VALIGN=top%3E%3CTD%3E%3C/TD%3E%3CTD%20ROWSPAN=2%3E%3CFONT%20COLOR= HTTP/1.1" 200 24882 "-" "Googlebot-Image/1.0"
162.0.232.193 - - [12/Jun/2025:09:03:34 -0400] "POST /wp-cron.php?doing_wp_cron=1749733413.7778429985046386718750 HTTP/1.1" 200 0 "-" "WordPress/6.6.2; https://remonster.online"
2a03:2880:f800:6:: - - [12/Jun/2025:09:03:32 -0400] "GET /shopdetail/11197718 HTTP/1.1" 301 0 "-" "meta-externalagent/1.1 (+https://developers.facebook.com/docs/sharing/webmasters/crawler)"
2a03:2880:f800:18:: - - [12/Jun/2025:09:03:36 -0400] "GET / HTTP/1.1" 200 10845 "-" "meta-externalagent/1.1 (+https://developers.facebook.com/docs/sharing/webmasters/crawler)"
66.249.66.38 - - [12/Jun/2025:09:03:40 -0400] "GET /info/1373816150.phtml HTTP/1.1" 200 24763 "-" "Mozilla/5.0 (Linux; Android 6.0.1; Nexus 5X Build/MMB29P) AppleWebKit/537.36 (KHTML, like Gecko) Chrome/136.0.7103.113 Mobile Safari/537.36 (compatible; GoogleOther)"
2a03:2880:f800:2:: - - [12/Jun/2025:09:03:47 -0400] "GET /shopdetail/302702018 HTTP/1.1" 301 0 "-" "meta-externalagent/1.1 (+https://developers.facebook.com/docs/sharing/webmasters/crawler)"
2405:3800:8ee:dac7:d473:7334:6a59:7541 - - [12/Jun/2025:09:03:48 -0400] "GET /apple-touch-icon.png HTTP/1.1" 301 0 "-" "Opera/0 CFNetwork/1568.100.1.2.1 Darwin/24.0.0"
2405:3800:8ee:dac7:d473:7334:6a59:7541 - - [12/Jun/2025:09:03:48 -0400] "GET /manga/re-monster-chapter-68/ HTTP/1.1" 200 17554 "-" "Mozilla/5.0 (iPhone; CPU iPhone OS 18_0_1 like Mac OS X) AppleWebKit/605.1.15 (KHTML, like Gecko) Version/18.0 Mobile/15E148 Safari/604.1 OPT/5.5.0"
2405:3800:8ee:dac7:d473:7334:6a59:7541 - - [12/Jun/2025:09:03:49 -0400] "GET / HTTP/1.1" 200 10845 "-" "Opera/0 CFNetwork/1568.100.1.2.1 Darwin/24.0.0"
2405:3800:8ee:dac7:d473:7334:6a59:7541 - - [12/Jun/2025:09:03:49 -0400] "GET /wp-content/plugins/simple-social-buttons/assets/js/front.js?ver=5.3.1 HTTP/1.1" 304 0 "https://remonster.online/manga/re-monster-chapter-68/" "Mozilla/5.0 (iPhone; CPU iPhone OS 18_0_1 like Mac OS X) AppleWebKit/605.1.15 (KHTML, like Gecko) Version/18.0 Mobile/15E148 Safari/604.1 OPT/5.5.0"
2405:3800:8ee:dac7:d473:7334:6a59:7541 - - [12/Jun/2025:09:03:49 -0400] "GET /wp-content/plugins/links-auto-replacer/public/js/lar-public.js?ver=2.0.0 HTTP/1.1" 304 0 "https://remonster.online/manga/re-monster-chapter-68/" "Mozilla/5.0 (iPhone; CPU iPhone OS 18_0_1 like Mac OS X) AppleWebKit/605.1.15 (KHTML, like Gecko) Version/18.0 Mobile/15E148 Safari/604.1 OPT/5.5.0"
2405:3800:8ee:dac7:d473:7334:6a59:7541 - - [12/Jun/2025:09:03:49 -0400] "GET /wp-content/plugins/wp-automatic/js/main-front.js?ver=6.6.2 HTTP/1.1" 304 0 "https://remonster.online/manga/re-monster-chapter-68/" "Mozilla/5.0 (iPhone; CPU iPhone OS 18_0_1 like Mac OS X) AppleWebKit/605.1.15 (KHTML, like Gecko) Version/18.0 Mobile/15E148 Safari/604.1 OPT/5.5.0"
2405:3800:8ee:dac7:d473:7334:6a59:7541 - - [12/Jun/2025:09:03:49 -0400] "GET /wp-content/plugins/simple-social-buttons/assets/js/frontend-blocks.js?ver=5.3.1 HTTP/1.1" 304 0 "https://remonster.online/manga/re-monster-chapter-68/" "Mozilla/5.0 (iPhone; CPU iPhone OS 18_0_1 like Mac OS X) AppleWebKit/605.1.15 (KHTML, like Gecko) Version/18.0 Mobile/15E148 Safari/604.1 OPT/5.5.0"
2405:3800:8ee:dac7:d473:7334:6a59:7541 - - [12/Jun/2025:09:03:49 -0400] "GET /wp-content/plugins/disqus-comment-system/public/js/comment_count.js?ver=3.1.2 HTTP/1.1" 304 0 "https://remonster.online/manga/re-monster-chapter-68/" "Mozilla/5.0 (iPhone; CPU iPhone OS 18_0_1 like Mac OS X) AppleWebKit/605.1.15 (KHTML, like Gecko) Version/18.0 Mobile/15E148 Safari/604.1 OPT/5.5.0"
2405:3800:8ee:dac7:d473:7334:6a59:7541 - - [12/Jun/2025:09:03:49 -0400] "GET /wp-content/plugins/disqus-comment-system/public/js/comment_embed.js?ver=3.1.2 HTTP/1.1" 304 0 "https://remonster.online/manga/re-monster-chapter-68/" "Mozilla/5.0 (iPhone; CPU iPhone OS 18_0_1 like Mac OS X) AppleWebKit/605.1.15 (KHTML, like Gecko) Version/18.0 Mobile/15E148 Safari/604.1 OPT/5.5.0"
2405:3800:8ee:dac7:d473:7334:6a59:7541 - - [12/Jun/2025:09:03:49 -0400] "GET /wp-content/plugins/comic-easel/js/keynav.js HTTP/1.1" 304 0 "https://remonster.online/manga/re-monster-chapter-68/" "Mozilla/5.0 (iPhone; CPU iPhone OS 18_0_1 like Mac OS X) AppleWebKit/605.1.15 (KHTML, like Gecko) Version/18.0 Mobile/15E148 Safari/604.1 OPT/5.5.0"
2405:3800:8ee:dac7:d473:7334:6a59:7541 - - [12/Jun/2025:09:03:49 -0400] "GET /wp-content/themes/toivo-lite/js/responsive-nav.min.js?ver=1.2.0 HTTP/1.1" 304 0 "https://remonster.online/manga/re-monster-chapter-68/" "Mozilla/5.0 (iPhone; CPU iPhone OS 18_0_1 like Mac OS X) AppleWebKit/605.1.15 (KHTML, like Gecko) Version/18.0 Mobile/15E148 Safari/604.1 OPT/5.5.0"
2a03:2880:f800:f:: - - [12/Jun/2025:09:03:49 -0400] "GET /shopdetail/223774518 HTTP/1.1" 301 0 "-" "meta-externalagent/1.1 (+https://developers.facebook.com/docs/sharing/webmasters/crawler)"
2405:3800:8ee:dac7:d473:7334:6a59:7541 - - [12/Jun/2025:09:03:50 -0400] "GET /wp-includes/js/comment-reply.min.js?ver=6.6.2 HTTP/1.1" 304 0 "https://remonster.online/manga/re-monster-chapter-68/" "Mozilla/5.0 (iPhone; CPU iPhone OS 18_0_1 like Mac OS X) AppleWebKit/605.1.15 (KHTML, like Gecko) Version/18.0 Mobile/15E148 Safari/604.1 OPT/5.5.0"
2405:3800:8ee:dac7:d473:7334:6a59:7541 - - [12/Jun/2025:09:03:50 -0400] "GET /wp-content/themes/toivo-lite/js/settings.min.js?ver=1.2.0 HTTP/1.1" 304 0 "https://remonster.online/manga/re-monster-chapter-68/" "Mozilla/5.0 (iPhone; CPU iPhone OS 18_0_1 like Mac OS X) AppleWebKit/605.1.15 (KHTML, like Gecko) Version/18.0 Mobile/15E148 Safari/604.1 OPT/5.5.0"
2405:3800:8ee:dac7:d473:7334:6a59:7541 - - [12/Jun/2025:09:03:49 -0400] "GET /apple-touch-icon-precomposed.png HTTP/1.1" 301 0 "-" "Opera/0 CFNetwork/1568.100.1.2.1 Darwin/24.0.0"
2405:3800:8ee:dac7:d473:7334:6a59:7541 - - [12/Jun/2025:09:03:51 -0400] "GET / HTTP/1.1" 200 10845 "-" "Opera/0 CFNetwork/1568.100.1.2.1 Darwin/24.0.0"
2405:3800:8ee:dac7:d473:7334:6a59:7541 - - [12/Jun/2025:09:03:52 -0400] "GET /favicon.ico HTTP/1.1" 404 1251 "-" "Opera/0 CFNetwork/1568.100.1.2.1 Darwin/24.0.0"
66.249.66.162 - - [12/Jun/2025:09:03:57 -0400] "GET /detail874448040.phtml HTTP/1.1" 200 26766 "-" "Mozilla/5.0 (Linux; Android 6.0.1; Nexus 5X Build/MMB29P) AppleWebKit/537.36 (KHTML, like Gecko) Chrome/136.0.7103.113 Mobile Safari/537.36 (compatible; GoogleOther)"
66.249.66.38 - - [12/Jun/2025:09:03:58 -0400] "GET /item/1373955170.phtml HTTP/1.1" 200 24501 "-" "Mozilla/5.0 (Linux; Android 6.0.1; Nexus 5X Build/MMB29P) AppleWebKit/537.36 (KHTML, like Gecko) Chrome/136.0.7103.113 Mobile Safari/537.36 (compatible; GoogleOther)"
66.249.66.78 - - [12/Jun/2025:09:04:05 -0400] "GET /shopdetail/cls/%3E%3CCENTER%3E%20%20%3CTABLE%20WIDTH=640%20BGCOLOR= HTTP/1.1" 200 24752 "-" "Googlebot-Image/1.0"
162.0.232.193 - - [12/Jun/2025:09:04:08 -0400] "POST /wp-cron.php?doing_wp_cron=1749733448.2445209026336669921875 HTTP/1.1" 200 0 "-" "WordPress/6.6.2; https://remonster.online"
2a03:2880:f800:5:: - - [12/Jun/2025:09:04:07 -0400] "GET /shopdetail/220905418 HTTP/1.1" 301 0 "-" "meta-externalagent/1.1 (+https://developers.facebook.com/docs/sharing/webmasters/crawler)"
2a03:2880:f800:8:: - - [12/Jun/2025:09:04:12 -0400] "GET / HTTP/1.1" 200 10845 "-" "meta-externalagent/1.1 (+https://developers.facebook.com/docs/sharing/webmasters/crawler)"
66.249.66.76 - - [12/Jun/2025:09:04:11 -0400] "GET /entity874400032.phtml HTTP/1.1" 200 28837 "-" "Mozilla/5.0 (Linux; Android 6.0.1; Nexus 5X Build/MMB29P) AppleWebKit/537.36 (KHTML, like Gecko) Chrome/136.0.7103.113 Mobile Safari/537.36 (compatible; GoogleOther)"
66.249.66.76 - - [12/Jun/2025:09:04:22 -0400] "GET /goodscode/875065092.phtml HTTP/1.1" 200 24165 "-" "Mozilla/5.0 (Linux; Android 6.0.1; Nexus 5X Build/MMB29P) AppleWebKit/537.36 (KHTML, like Gecko) Chrome/136.0.7103.113 Mobile Safari/537.36 (compatible; GoogleOther)"
66.249.66.162 - - [12/Jun/2025:09:04:28 -0400] "GET /items/indignation/1373893294.phtml HTTP/1.1" 200 23821 "-" "Mozilla/5.0 (Linux; Android 6.0.1; Nexus 5X Build/MMB29P) AppleWebKit/537.36 (KHTML, like Gecko) Chrome/136.0.7103.113 Mobile Safari/537.36 (compatible; GoogleOther)"
66.249.66.198 - - [12/Jun/2025:09:04:48 -0400] "GET /goodscode/875014582.phtml HTTP/1.1" 200 24078 "-" "Mozilla/5.0 (Linux; Android 6.0.1; Nexus 5X Build/MMB29P) AppleWebKit/537.36 (KHTML, like Gecko) Chrome/136.0.7103.113 Mobile Safari/537.36 (compatible; GoogleOther)"
66.249.66.76 - - [12/Jun/2025:09:04:59 -0400] "GET /product2057965354.phtml HTTP/1.1" 200 23917 "-" "Mozilla/5.0 (Linux; Android 6.0.1; Nexus 5X Build/MMB29P) AppleWebKit/537.36 (KHTML, like Gecko) Chrome/136.0.7103.113 Mobile Safari/537.36 (compatible; GoogleOther)"
66.249.66.76 - - [12/Jun/2025:09:05:11 -0400] "GET /goodscode/874933520.phtml HTTP/1.1" 200 23451 "-" "Mozilla/5.0 (Linux; Android 6.0.1; Nexus 5X Build/MMB29P) AppleWebKit/537.36 (KHTML, like Gecko) Chrome/136.0.7103.113 Mobile Safari/537.36 (compatible; GoogleOther)"
162.0.232.193 - - [12/Jun/2025:09:05:13 -0400] "POST /wp-cron.php?doing_wp_cron=1749733512.1815979480743408203125 HTTP/1.1" 200 0 "-" "WordPress/6.6.2; https://remonster.online"
2a03:2880:f800:18:: - - [12/Jun/2025:09:05:09 -0400] "GET /shopdetail/249073418 HTTP/1.1" 301 0 "-" "meta-externalagent/1.1 (+https://developers.facebook.com/docs/sharing/webmasters/crawler)"
2a03:2880:f800:5:: - - [12/Jun/2025:09:05:15 -0400] "GET / HTTP/1.1" 200 10845 "-" "meta-externalagent/1.1 (+https://developers.facebook.com/docs/sharing/webmasters/crawler)"
49.145.217.125 - - [12/Jun/2025:09:05:17 -0400] "GET /manga/re-monster-chapter-65/ HTTP/1.1" 200 17808 "https://remonster.online/manga/re-monster-chapter-64/" "Mozilla/5.0 (iPhone; CPU iPhone OS 12_5_7 like Mac OS X) AppleWebKit/605.1.15 (KHTML, like Gecko) Version/12.1.2 Mobile/15E148 Safari/604.1"
162.0.232.193 - - [12/Jun/2025:09:05:20 -0400] "POST /wp-cron.php?doing_wp_cron=1749733520.5087609291076660156250 HTTP/1.1" 200 0 "-" "WordPress/6.6.2; https://remonster.online"
49.145.217.125 - - [12/Jun/2025:09:05:18 -0400] "POST /wp-admin/admin-ajax.php HTTP/1.1" 200 69 "https://remonster.online/manga/re-monster-chapter-65/" "Mozilla/5.0 (iPhone; CPU iPhone OS 12_5_7 like Mac OS X) AppleWebKit/605.1.15 (KHTML, like Gecko) Version/12.1.2 Mobile/15E148 Safari/604.1"
2a02:9130:80a0:a5c7:1848:46f6:e722:418c - - [12/Jun/2025:09:05:18 -0400] "POST /wp-admin/admin-ajax.php HTTP/1.1" 200 69 "https://remonster.online/manga/re-monster-chapter-30/" "Mozilla/5.0 (Linux; Android 10; K) AppleWebKit/537.36 (KHTML, like Gecko) Chrome/137.0.0.0 Mobile Safari/537.36"
66.249.66.76 - - [12/Jun/2025:09:05:31 -0400] "GET /items/behooveful18527148.phtml HTTP/1.1" 200 24182 "-" "Mozilla/5.0 (Linux; Android 6.0.1; Nexus 5X Build/MMB29P) AppleWebKit/537.36 (KHTML, like Gecko) Chrome/136.0.7103.113 Mobile Safari/537.36 (compatible; GoogleOther)"
66.249.66.38 - - [12/Jun/2025:09:05:36 -0400] "GET /goodscode/874915610.phtml HTTP/1.1" 200 25037 "-" "Mozilla/5.0 (Linux; Android 6.0.1; Nexus 5X Build/MMB29P) AppleWebKit/537.36 (KHTML, like Gecko) Chrome/136.0.7103.113 Mobile Safari/537.36 (compatible; GoogleOther)"
162.0.232.193 - - [12/Jun/2025:09:05:40 -0400] "POST /wp-cron.php?doing_wp_cron=1749733540.1561191082000732421875 HTTP/1.1" 200 0 "-" "WordPress/6.6.2; https://remonster.online"
2a03:2880:f800:11:: - - [12/Jun/2025:09:05:38 -0400] "GET /shopdetail/431851318 HTTP/1.1" 301 0 "-" "meta-externalagent/1.1 (+https://developers.facebook.com/docs/sharing/webmasters/crawler)"
2a03:2880:f800:f:: - - [12/Jun/2025:09:05:39 -0400] "GET /shopdetail/260010018 HTTP/1.1" 301 0 "-" "meta-externalagent/1.1 (+https://developers.facebook.com/docs/sharing/webmasters/crawler)"
2a03:2880:f800:1d:: - - [12/Jun/2025:09:05:42 -0400] "GET / HTTP/1.1" 200 10845 "-" "meta-externalagent/1.1 (+https://developers.facebook.com/docs/sharing/webmasters/crawler)"
2a03:2880:f800:d:: - - [12/Jun/2025:09:05:43 -0400] "GET / HTTP/1.1" 200 10845 "-" "meta-externalagent/1.1 (+https://developers.facebook.com/docs/sharing/webmasters/crawler)"
2a03:2880:f800:a:: - - [12/Jun/2025:09:05:51 -0400] "GET /shopdetail/276948518 HTTP/1.1" 301 0 "-" "meta-externalagent/1.1 (+https://developers.facebook.com/docs/sharing/webmasters/crawler)"
2a03:2880:f800:1a:: - - [12/Jun/2025:09:05:52 -0400] "GET /shopdetail/204854518 HTTP/1.1" 301 0 "-" "meta-externalagent/1.1 (+https://developers.facebook.com/docs/sharing/webmasters/crawler)"
2a03:2880:f800:b:: - - [12/Jun/2025:09:05:55 -0400] "GET / HTTP/1.1" 200 10845 "-" "meta-externalagent/1.1 (+https://developers.facebook.com/docs/sharing/webmasters/crawler)"
2a03:2880:f800:e:: - - [12/Jun/2025:09:05:55 -0400] "GET / HTTP/1.1" 200 10845 "-" "meta-externalagent/1.1 (+https://developers.facebook.com/docs/sharing/webmasters/crawler)"
66.249.66.42 - - [12/Jun/2025:09:05:59 -0400] "GET /shopdetail/875038520.phtml HTTP/1.1" 200 24015 "-" "Mozilla/5.0 (Linux; Android 6.0.1; Nexus 5X Build/MMB29P) AppleWebKit/537.36 (KHTML, like Gecko) Chrome/136.0.7103.113 Mobile Safari/537.36 (compatible; GoogleOther)"
66.249.66.42 - - [12/Jun/2025:09:06:06 -0400] "GET /shopping/xy/hazed1375103208.phtml HTTP/1.1" 200 24000 "-" "Mozilla/5.0 (Linux; Android 6.0.1; Nexus 5X Build/MMB29P) AppleWebKit/537.36 (KHTML, like Gecko) Chrome/136.0.7103.113 Mobile Safari/537.36 (compatible; GoogleOther)"
66.249.66.69 - - [12/Jun/2025:09:06:12 -0400] "GET /%3E%E3%80%90%E5%95%86%E5%93%81%E3%81%AE%E8%AA%AC%E6%98%8E%E3%80%91%3CBR%3E%E3%83%96%E3%83%A9%E3%83%B3%E3%83%89%E3%80%81%E3%83%A1%E3%83%BC%E3%82%AB%E3%83%BC%EF%BC%9A%E3%83%95%E3%82%A7%E3%83%8B%E3%83%83%E3%82%AF%E3%82%B9%E3%82%B9%E3%82%AD%E3%83%BC%E3%82%A6%E3%82%A7%E3%82%A2%E4%B8%8A%E4%B8%8B%3CBR%3E%E5%9E%8B%E7%95%AA%EF%BC%9APS6G22P82%3CBR%3E%E3%82%B5%E3%82%A4%E3%82%BA%EF%BC%9A140cm(125-145cm%E3%82%B5%E3%82%A4%E3%82%BA%E8%AA%BF%E6%95%B4%E5%8F%AF%E8%83%BD%EF%BC%89%3CBR%3E%3CBR%3E%E3%80%90%E5%95%86%E5%93%81%E3%81%AE%E7%8A%B6%E6%85%8B%E3%80%91%3CBR%3E%E4%BD%BF%E7%94%A8%E7%8A%B6%E6%B3%81%EF%BC%9A2%E3%82%B7%E3%83%BC%E3%82%BA%E3%83%B3%E7%A8%8B%E4%BD%BF%E7%94%A8%E3%81%97%E3%81%BE%E3%81%97%E3%81%9F%E3%80%82%3CBR%3E%E6%B3%A8%E6%84%8F%E4%BA%8B%E9%A0%85%EF%BC%9A%E3%82%BA%E3%83%9C%E3%83%B3%E3%81%AE%E8%A3%BE%E4%BB%98%E8%BF%91%E3%81%AB%E3%82%B9%E3%82%AD%E3%83%BC%E6%9D%BF%E7%AD%89%E3%81%AB%E3%82%88%E3%82%8B%E6%93%A6%E3%82%8C%E5%82%B7%E3%81%8C%E3%81%82%E3%82%8A%E3%81%BE%E3%81%99%E3%81%8C%E3%80%81%3CDIV%3E%E7%A0%B4%E3%81%91%E3%81%A6%E3%81%84%E3%82%8B%E3%81%8D%E3%81%9A%E3%81%A7%E3%81%AF%E3%81%82%E3%82%8A%E3%81%BE%E3%81%9B%E3%82%93%E3%80%82%E3%82%B5%E3%82%A4%E3%82%BA%E3%81%8C%E5%90%88%E3%81%88%E3%81%B0%E6%99%AE%E9%80%9A%E3%81%AB%E3%81%9D%E3%81%AE%E3%81%BE%E3%81%BE%E4%BD%BF%E7%94%A8%E3%81%97%E3%81%A6%E3%81%84%E3%81%BE%E3%81%97%E3%81%9F%E3%80%82%3CBR%3E%3CDIV%3E%3CBR%3E%E4%B8%8D%E6%98%8E%E7%82%B9%E3%81%AF%E3%81%94%E8%B3%AA%E5%95%8F%E3%81%8F%E3%81%A0%E3%81%95%E3%81%84%E3%80%82%E4%B8%AD%E5%8F%A4%E5%93%81%E3%81%A7%E3%81%82%E3%82%8B%E3%81%9F%E3%82%81%E4%BD%BF%E7%94%A8%E3%81%A7%E3%81%8D%E3%81%AA%E3%81%84%E3%81%AA%E3%81%A9%E3%81%AE%E5%A4%A7%E3%81%8D%E3%81%AA%E3%83%88%E3%83%A9%E3%83%96%E3%83%AB%E4%BB%A5%E5%A4%96%E3%81%AF%E3%80%81%E3%83%8E%E3%83%BC%E3%82%AF%E3%83%AC%E3%83%BC%E3%83%A0%E3%83%8E%E3%83%BC%E3%83%AA%E3%83%BC%E3%82%BF%E3%83%BC%E3%83%B3%E3%81%A7%E3%81%8A%E9%A1%98%E3%81%84%E3%81%97%E3%81%BE%E3%81%99%E3%80%82%3C/DIV%3E%3C/DIV%3E%20%20%20%20%3C/div%3E%20%20%20%20%3Cdiv%20class= HTTP/1.1" 200 26114 "-" "Googlebot-Image/1.0"
2a03:2880:f800:e:: - - [12/Jun/2025:09:06:12 -0400] "GET /shopdetail/252912518 HTTP/1.1" 301 0 "-" "meta-externalagent/1.1 (+https://developers.facebook.com/docs/sharing/webmasters/crawler)"
2a03:2880:f800:17:: - - [12/Jun/2025:09:06:14 -0400] "GET /shopdetail/31181818 HTTP/1.1" 301 0 "-" "meta-externalagent/1.1 (+https://developers.facebook.com/docs/sharing/webmasters/crawler)"
2a03:2880:f800:b:: - - [12/Jun/2025:09:06:16 -0400] "GET / HTTP/1.1" 200 10845 "-" "meta-externalagent/1.1 (+https://developers.facebook.com/docs/sharing/webmasters/crawler)"
2a03:2880:f800:3:: - - [12/Jun/2025:09:06:18 -0400] "GET / HTTP/1.1" 200 10845 "-" "meta-externalagent/1.1 (+https://developers.facebook.com/docs/sharing/webmasters/crawler)"
66.249.66.42 - - [12/Jun/2025:09:06:23 -0400] "GET /shopdetail/875025362.phtml HTTP/1.1" 200 23162 "-" "Mozilla/5.0 (Linux; Android 6.0.1; Nexus 5X Build/MMB29P) AppleWebKit/537.36 (KHTML, like Gecko) Chrome/136.0.7103.113 Mobile Safari/537.36 (compatible; GoogleOther)"
66.249.66.6 - - [12/Jun/2025:09:06:34 -0400] "GET /shopdetail19824156.phtml HTTP/1.1" 200 24947 "-" "Mozilla/5.0 (Linux; Android 6.0.1; Nexus 5X Build/MMB29P) AppleWebKit/537.36 (KHTML, like Gecko) Chrome/136.0.7103.113 Mobile Safari/537.36 (compatible; GoogleOther)"
66.249.66.194 - - [12/Jun/2025:09:06:44 -0400] "GET /products/%3E40%E6%95%B0%E5%B9%B4%E7%B5%8C%E9%81%8E%E3%81%97%E3%81%A6%E3%81%84%E3%82%8B%E3%81%AB%E9%96%A2%E3%82%8F%E3%82%89%E3%81%9A%E3%81%93%E3%82%93%E3%81%AA%E8%89%AF%E3%81%84%E7%8A%B6%E6%85%8B%E3%81%AE%E3%82%A6%E3%82%A4%E3%83%B3%E3%82%AB%E3%83%BC%E3%81%AF%E4%B8%AD%E3%80%85%E3%81%8A%E7%9B%AE%E3%81%AB%E3%81%8B%E3%81%8B%E3%82%8C%E3%81%BE%E3%81%9B%E3%82%93%E3%80%82%E3%81%8A%E6%8E%A2%E3%81%97%E6%96%B9%E5%A6%82%E4%BD%95%E3%81%A7%E3%81%99%E3%81%8B%EF%BC%9F%3CBR%3E%E3%83%91%E3%83%83%E3%81%A8%E8%A6%8B%E3%81%AF%E3%81%BE%E3%82%8B%E3%81%A7%E6%96%B0%E5%93%81%E3%81%AE%E6%A7%98%E3%81%A7%E3%81%99%E3%80%82%3CBR%3E%E3%83%8E%E3%83%B3%E3%83%AC%E3%82%B9%E3%83%88%E3%82%A2%E6%B4%BE%E3%81%AB%E3%81%AF%E3%81%8A%E5%8B%A7%E3%82%81%E3%81%A7%E3%81%99%E3%80%82%20%20%20%20%3C/div%3E%20%20%20%20%3Cdiv%20class= HTTP/1.1" 200 25379 "-" "Googlebot-Image/1.0"
66.249.66.42 - - [12/Jun/2025:09:06:50 -0400] "GET /shopdetail/874983002.phtml HTTP/1.1" 200 24012 "-" "Mozilla/5.0 (Linux; Android 6.0.1; Nexus 5X Build/MMB29P) AppleWebKit/537.36 (KHTML, like Gecko) Chrome/136.0.7103.113 Mobile Safari/537.36 (compatible; GoogleOther)"
66.249.66.164 - - [12/Jun/2025:09:07:06 -0400] "GET /item/voiding/18573938.phtml HTTP/1.1" 200 26538 "-" "Mozilla/5.0 (Linux; Android 6.0.1; Nexus 5X Build/MMB29P) AppleWebKit/537.36 (KHTML, like Gecko) Chrome/136.0.7103.113 Mobile Safari/537.36 (compatible; GoogleOther)"
66.249.66.6 - - [12/Jun/2025:09:07:13 -0400] "GET /special874333920.phtml HTTP/1.1" 200 25210 "-" "Mozilla/5.0 (Linux; Android 6.0.1; Nexus 5X Build/MMB29P) AppleWebKit/537.36 (KHTML, like Gecko) Chrome/136.0.7103.113 Mobile Safari/537.36 (compatible; GoogleOther)"
162.0.232.193 - - [12/Jun/2025:09:07:15 -0400] "POST /wp-cron.php?doing_wp_cron=1749733635.5833470821380615234375 HTTP/1.1" 200 0 "-" "WordPress/6.6.2; https://remonster.online"
2a03:2880:f800:c:: - - [12/Jun/2025:09:07:12 -0400] "GET /shopdetail/200891618 HTTP/1.1" 301 0 "-" "meta-externalagent/1.1 (+https://developers.facebook.com/docs/sharing/webmasters/crawler)"
2a03:2880:f800:11:: - - [12/Jun/2025:09:07:18 -0400] "GET / HTTP/1.1" 200 10845 "-" "meta-externalagent/1.1 (+https://developers.facebook.com/docs/sharing/webmasters/crawler)"
66.249.66.69 - - [12/Jun/2025:09:07:26 -0400] "GET /item/%3E%E5%95%86%E5%93%81%E8%A9%B3%E7%B4%B0%3CBR%3E%3CBR%3E%E5%B0%8F%E5%A4%8F%E5%B1%8B%20%E3%83%8D%E3%82%B4%E3%83%A9%20%E3%82%AF%E3%83%AA%E3%82%A2%E3%80%80%E6%A1%9C%E3%80%80%E3%83%A9%E3%83%A1%20%20%E6%97%A5%E6%9C%AC%E8%A3%BD%20MAXTOY%20%E3%83%9E%E3%83%83%E3%82%AF%E3%82%B9%E3%83%88%E3%82%A4%20%E3%82%BD%E3%83%95%E3%83%93%3CBR%3E%E7%8A%B6%E6%85%8B%E3%81%AF%E6%96%B0%E5%93%81%E6%9C%AA%E4%BD%BF%E7%94%A8%E3%81%A7%E3%81%99%3CBR%3E%E7%99%BA%E9%80%81%E3%81%AF%E5%AE%9A%E5%BD%A2%E5%A4%96%E3%81%A7%E3%81%84%E3%81%9F%E3%81%97%E3%81%BE%E3%81%99%20%20%20%20%3C/div%3E%20%20%20%20%3Cdiv%20class= HTTP/1.1" 200 25275 "-" "Googlebot-Image/1.0"
162.0.232.193 - - [12/Jun/2025:09:07:27 -0400] "POST /wp-cron.php?doing_wp_cron=1749733647.0726699829101562500000 HTTP/1.1" 200 0 "-" "WordPress/6.6.2; https://remonster.online"
2a03:2880:f800:6:: - - [12/Jun/2025:09:07:25 -0400] "GET /shopdetail/237580518 HTTP/1.1" 301 0 "-" "meta-externalagent/1.1 (+https://developers.facebook.com/docs/sharing/webmasters/crawler)"
2a03:2880:f800:1:: - - [12/Jun/2025:09:07:29 -0400] "GET / HTTP/1.1" 200 10845 "-" "meta-externalagent/1.1 (+https://developers.facebook.com/docs/sharing/webmasters/crawler)"
66.249.66.160 - - [12/Jun/2025:09:07:36 -0400] "GET /special874302666.phtml HTTP/1.1" 200 24421 "-" "Mozilla/5.0 (Linux; Android 6.0.1; Nexus 5X Build/MMB29P) AppleWebKit/537.36 (KHTML, like Gecko) Chrome/136.0.7103.113 Mobile Safari/537.36 (compatible; GoogleOther)"
66.249.66.160 - - [12/Jun/2025:09:07:42 -0400] "GET /categories/129568954?num=100630 HTTP/1.1" 200 24025 "-" "Mozilla/5.0 (Linux; Android 6.0.1; Nexus 5X Build/MMB29P) AppleWebKit/537.36 (KHTML, like Gecko) Chrome/136.0.7103.113 Mobile Safari/537.36 (compatible; GoogleOther)"
2001:fd8:b73a:6600:c498:dbc2:1f3a:154c - - [12/Jun/2025:09:07:45 -0400] "GET /manga/remonster-chapter-76/ HTTP/1.1" 200 17797 "https://remonster.online/manga/remonster-chapter-75/" "Mozilla/5.0 (iPhone; CPU iPhone OS 17_5_1 like Mac OS X) AppleWebKit/605.1.15 (KHTML, like Gecko) Version/17.5 Mobile/15E148 Safari/604.1"
162.0.232.193 - - [12/Jun/2025:09:07:52 -0400] "POST /wp-cron.php?doing_wp_cron=1749733671.7460110187530517578125 HTTP/1.1" 200 0 "-" "WordPress/6.6.2; https://remonster.online"
2001:fd8:b73a:6600:c498:dbc2:1f3a:154c - - [12/Jun/2025:09:07:48 -0400] "POST /wp-admin/admin-ajax.php HTTP/1.1" 200 69 "https://remonster.online/manga/remonster-chapter-76/" "Mozilla/5.0 (iPhone; CPU iPhone OS 17_5_1 like Mac OS X) AppleWebKit/605.1.15 (KHTML, like Gecko) Version/17.5 Mobile/15E148 Safari/604.1"
2001:fd8:b73a:6600:c498:dbc2:1f3a:154c - - [12/Jun/2025:09:08:00 -0400] "GET /manga/remonster-chapter-77/ HTTP/1.1" 200 17436 "https://remonster.online/manga/remonster-chapter-76/" "Mozilla/5.0 (iPhone; CPU iPhone OS 17_5_1 like Mac OS X) AppleWebKit/605.1.15 (KHTML, like Gecko) Version/17.5 Mobile/15E148 Safari/604.1"
66.249.66.8 - - [12/Jun/2025:09:08:00 -0400] "GET /special874422108.phtml HTTP/1.1" 200 24541 "-" "Mozilla/5.0 (Linux; Android 6.0.1; Nexus 5X Build/MMB29P) AppleWebKit/537.36 (KHTML, like Gecko) Chrome/136.0.7103.113 Mobile Safari/537.36 (compatible; GoogleOther)"
66.249.66.160 - - [12/Jun/2025:09:08:03 -0400] "GET /manga/re-monster-chapter-68/ HTTP/1.1" 200 24025 "-" "Mozilla/5.0 (Linux; Android 6.0.1; Nexus 5X Build/MMB29P) AppleWebKit/537.36 (KHTML, like Gecko) Chrome/136.0.7103.113 Mobile Safari/537.36 (compatible; Googlebot/2.1; +http://www.google.com/bot.html)"
66.249.66.160 - - [12/Jun/2025:09:08:07 -0400] "GET /products/%3E%E5%8F%8E%E5%85%A5%E5%8D%B0%E7%B4%99200000%E5%86%86%E5%88%86(%20%E6%97%A7%E5%9E%8B100000%E5%86%86%C3%971%E6%9E%9A%E3%83%BB%E6%97%A7%E5%9E%8B50000%E5%86%86%C3%971%E6%9E%9A%E3%83%BB%E6%97%A7%E5%9E%8B10000%E5%86%86%C3%972%E6%9E%9A%E3%83%BB%E6%97%A7%E5%9E%8B5000%E5%86%86%C3%971%E6%9E%9A%E3%83%BB%E6%97%A7%E5%9E%8B4000%E5%86%86%C3%976%E6%9E%9A%E3%83%BB%E6%97%A7%E5%9E%8B400%E5%86%86%C3%972%E6%9E%9A%E3%83%BB%E6%97%A7%E5%9E%8B200%E5%86%86%C3%971%E6%9E%9A)%E3%81%AB%E3%81%AA%E3%82%8A%E3%81%BE%E3%81%99%E3%80%82%E7%BE%8E%E5%93%81%E3%81%A7%E3%81%99%E3%80%82%E4%BB%A5%E5%89%8D%E5%A5%91%E7%B4%84%E6%9B%B8%E3%81%AB%E8%B2%BC%E3%81%A3%E3%81%A6%E3%81%84%E3%81%9F%E3%82%82%E3%80%82%E3%81%A7%E3%81%99%E3%81%AE%E3%81%A7%E4%BD%BF%E7%94%A8%E5%87%BA%E6%9D%A5%E3%82%8B%E3%81%8B%E3%81%A9%E3%81%86%E3%81%8B%E4%B8%8D%E6%98%8E%E3%80%82%E5%86%99%E7%9C%9F%E3%82%92%E8%A6%8B%E3%81%A6%E5%80%8B%E4%BA%BA%E3%81%A7%E5%88%A4%E6%96%AD%E3%81%97%E3%81%A6%E4%B8%8B%E3%81%95%E3%81%84%E3%80%82%E3%80%80%E9%83%B5%E9%80%81%E3%81%AF%E3%80%81%E3%83%AC%E3%82%BF%E3%83%BC%E3%83%91%E3%83%83%E3%82%AF%E3%83%A9%E3%82%A4%E3%83%88%E3%82%92%E4%BA%88%E5%AE%9A%E3%81%97%E3%81%A6%E3%81%8A%E3%82%8A%E3%81%BE%E3%81%99%E3%80%82%E3%83%8E%E3%83%BC%E3%82%AF%E3%83%AC%E3%83%BC%E3%83%A0%E3%83%BB%E3%83%8E%E3%83%BC%E3%83%AA%E3%82%BF%E3%83%BC%E3%83%B3%E3%81%A7%E3%81%8A%E9%A1%98%E3%81%84%E8%87%B4%E3%81%97%E3%81%BE%E3%81%99%E3%80%82%20%20%20%20%3C/div%3E%20%20%20%20%3Cdiv%20class= HTTP/1.1" 200 25685 "-" "Googlebot-Image/1.0"
66.249.66.42 - - [12/Jun/2025:09:08:14 -0400] "GET /items122081952.phtml HTTP/1.1" 200 24011 "-" "Mozilla/5.0 (Linux; Android 6.0.1; Nexus 5X Build/MMB29P) AppleWebKit/537.36 (KHTML, like Gecko) Chrome/136.0.7103.113 Mobile Safari/537.36 (compatible; GoogleOther)"
2001:fd8:b73a:6600:c498:dbc2:1f3a:154c - - [12/Jun/2025:09:08:15 -0400] "GET /manga/remonster-chapter-78/ HTTP/1.1" 200 17182 "https://remonster.online/manga/remonster-chapter-77/" "Mozilla/5.0 (iPhone; CPU iPhone OS 17_5_1 like Mac OS X) AppleWebKit/605.1.15 (KHTML, like Gecko) Version/17.5 Mobile/15E148 Safari/604.1"
162.0.232.193 - - [12/Jun/2025:09:08:18 -0400] "POST /wp-cron.php?doing_wp_cron=1749733698.0566909313201904296875 HTTP/1.1" 200 0 "-" "WordPress/6.6.2; https://remonster.online"
2a03:2880:f800:6:: - - [12/Jun/2025:09:08:13 -0400] "GET /shopdetail/243937218 HTTP/1.1" 301 0 "-" "meta-externalagent/1.1 (+https://developers.facebook.com/docs/sharing/webmasters/crawler)"
2a03:2880:f800:8:: - - [12/Jun/2025:09:08:21 -0400] "GET / HTTP/1.1" 200 10845 "-" "meta-externalagent/1.1 (+https://developers.facebook.com/docs/sharing/webmasters/crawler)"
2001:fd8:b73a:6600:c498:dbc2:1f3a:154c - - [12/Jun/2025:09:08:16 -0400] "POST /wp-admin/admin-ajax.php HTTP/1.1" 200 69 "https://remonster.online/manga/remonster-chapter-78/" "Mozilla/5.0 (iPhone; CPU iPhone OS 17_5_1 like Mac OS X) AppleWebKit/605.1.15 (KHTML, like Gecko) Version/17.5 Mobile/15E148 Safari/604.1"
66.249.66.69 - - [12/Jun/2025:09:08:24 -0400] "GET /product874405548.phtml HTTP/1.1" 200 25273 "-" "Mozilla/5.0 (Linux; Android 6.0.1; Nexus 5X Build/MMB29P) AppleWebKit/537.36 (KHTML, like Gecko) Chrome/136.0.7103.113 Mobile Safari/537.36 (compatible; GoogleOther)"
8.217.214.117 - - [12/Jun/2025:09:08:34 -0400] "GET / HTTP/1.1" 200 10888 "-" "AliyunSecBot/Aliyun ([email protected])"
162.0.232.193 - - [12/Jun/2025:09:08:38 -0400] "POST /wp-cron.php?doing_wp_cron=1749733718.1476500034332275390625 HTTP/1.1" 200 0 "-" "WordPress/6.6.2; https://remonster.online"
103.150.197.114 - - [12/Jun/2025:09:08:36 -0400] "POST /xmlrpc.php HTTP/1.1" 200 205 "-" "Mozilla/5.0 (X11; Ubuntu; Linux x86_64; rv:85.0) Gecko/20100101 Firefox/91.0"
66.249.66.160 - - [12/Jun/2025:09:08:41 -0400] "GET /info/ballotage130779182.phtml HTTP/1.1" 200 24658 "-" "Mozilla/5.0 (Linux; Android 6.0.1; Nexus 5X Build/MMB29P) AppleWebKit/537.36 (KHTML, like Gecko) Chrome/136.0.7103.113 Mobile Safari/537.36 (compatible; GoogleOther)"
66.249.66.6 - - [12/Jun/2025:09:08:48 -0400] "GET /special/%3E%3CCENTER%3E%3CTABLE%20WIDTH=640%20BGCOLOR= HTTP/1.1" 200 24745 "-" "Googlebot-Image/1.0"
66.249.66.6 - - [12/Jun/2025:09:08:54 -0400] "GET /goods/yc/hazarded2057527630.phtml HTTP/1.1" 200 23901 "-" "Mozilla/5.0 (Linux; Android 6.0.1; Nexus 5X Build/MMB29P) AppleWebKit/537.36 (KHTML, like Gecko) Chrome/136.0.7103.113 Mobile Safari/537.36 (compatible; GoogleOther)"
66.249.66.42 - - [12/Jun/2025:09:09:05 -0400] "POST /get-message-notify HTTP/1.1" 200 24585 "https://remonster.online/manga/re-monster-chapter-68/" "Mozilla/5.0 (Linux; Android 6.0.1; Nexus 5X Build/MMB29P) AppleWebKit/537.36 (KHTML, like Gecko) Chrome/136.0.7103.113 Mobile Safari/537.36 (compatible; Googlebot/2.1; +http://www.google.com/bot.html)"
66.249.66.43 - - [12/Jun/2025:09:09:13 -0400] "GET /info19859844.phtml HTTP/1.1" 200 24316 "-" "Mozilla/5.0 (Linux; Android 6.0.1; Nexus 5X Build/MMB29P) AppleWebKit/537.36 (KHTML, like Gecko) Chrome/136.0.7103.113 Mobile Safari/537.36 (compatible; GoogleOther)"
66.249.66.6 - - [12/Jun/2025:09:09:19 -0400] "GET /products/axillars/873324584.phtml HTTP/1.1" 200 24944 "-" "Mozilla/5.0 (Linux; Android 6.0.1; Nexus 5X Build/MMB29P) AppleWebKit/537.36 (KHTML, like Gecko) Chrome/136.0.7103.113 Mobile Safari/537.36 (compatible; GoogleOther)"
162.0.232.193 - - [12/Jun/2025:09:09:27 -0400] "POST /wp-cron.php?doing_wp_cron=1749733767.0540990829467773437500 HTTP/1.1" 200 0 "-" "WordPress/6.6.2; https://remonster.online"
2a03:2880:f800:4:: - - [12/Jun/2025:09:09:23 -0400] "GET /shopdetail/423844018 HTTP/1.1" 301 0 "-" "meta-externalagent/1.1 (+https://developers.facebook.com/docs/sharing/webmasters/crawler)"
2a03:2880:f800:6:: - - [12/Jun/2025:09:09:30 -0400] "GET / HTTP/1.1" 200 10845 "-" "meta-externalagent/1.1 (+https://developers.facebook.com/docs/sharing/webmasters/crawler)"
162.0.232.193 - - [12/Jun/2025:09:09:32 -0400] "POST /wp-cron.php?doing_wp_cron=1749733771.9821939468383789062500 HTTP/1.1" 200 0 "-" "WordPress/6.6.2; https://remonster.online"
2a03:2880:f800:7:: - - [12/Jun/2025:09:09:31 -0400] "GET /shopdetail/394549818 HTTP/1.1" 301 0 "-" "meta-externalagent/1.1 (+https://developers.facebook.com/docs/sharing/webmasters/crawler)"
2a03:2880:f800:b:: - - [12/Jun/2025:09:09:32 -0400] "GET /shopdetail/401200618 HTTP/1.1" 301 0 "-" "meta-externalagent/1.1 (+https://developers.facebook.com/docs/sharing/webmasters/crawler)"
2a03:2880:f800:5:: - - [12/Jun/2025:09:09:33 -0400] "GET / HTTP/1.1" 200 10845 "-" "meta-externalagent/1.1 (+https://developers.facebook.com/docs/sharing/webmasters/crawler)"
2a03:2880:f800:15:: - - [12/Jun/2025:09:09:35 -0400] "GET / HTTP/1.1" 200 10845 "-" "meta-externalagent/1.1 (+https://developers.facebook.com/docs/sharing/webmasters/crawler)"
66.249.66.42 - - [12/Jun/2025:09:09:37 -0400] "GET /products/ghe/roamed873288706.phtml HTTP/1.1" 200 25289 "-" "Mozilla/5.0 (Linux; Android 6.0.1; Nexus 5X Build/MMB29P) AppleWebKit/537.36 (KHTML, like Gecko) Chrome/136.0.7103.113 Mobile Safari/537.36 (compatible; GoogleOther)"
2a03:2880:f800:b:: - - [12/Jun/2025:09:09:39 -0400] "GET /shopdetail/266399418 HTTP/1.1" 301 0 "-" "meta-externalagent/1.1 (+https://developers.facebook.com/docs/sharing/webmasters/crawler)"
2a03:2880:f800:10:: - - [12/Jun/2025:09:09:41 -0400] "GET /shopdetail/319319218 HTTP/1.1" 301 0 "-" "meta-externalagent/1.1 (+https://developers.facebook.com/docs/sharing/webmasters/crawler)"
2a03:2880:f800:7:: - - [12/Jun/2025:09:09:44 -0400] "GET / HTTP/1.1" 200 10845 "-" "meta-externalagent/1.1 (+https://developers.facebook.com/docs/sharing/webmasters/crawler)"
66.249.66.194 - - [12/Jun/2025:09:09:44 -0400] "GET /categories/12565386?num=87806 HTTP/1.1" 200 26043 "-" "Mozilla/5.0 (Linux; Android 6.0.1; Nexus 5X Build/MMB29P) AppleWebKit/537.36 (KHTML, like Gecko) Chrome/136.0.7103.113 Mobile Safari/537.36 (compatible; GoogleOther)"
47.211.72.56 - - [12/Jun/2025:09:09:45 -0400] "GET /manga/remonster-chapter-78/ HTTP/1.1" 200 17182 "https://remonster.online/manga/remonster-chapter-77/" "Mozilla/5.0 (iPhone; CPU iPhone OS 17_6_1 like Mac OS X) AppleWebKit/605.1.15 (KHTML, like Gecko) CriOS/137.0.7151.79 Mobile/15E148 Safari/604.1"
2a03:2880:f800:4:: - - [12/Jun/2025:09:09:46 -0400] "GET / HTTP/1.1" 200 10845 "-" "meta-externalagent/1.1 (+https://developers.facebook.com/docs/sharing/webmasters/crawler)"
47.211.72.56 - - [12/Jun/2025:09:09:45 -0400] "POST /wp-admin/admin-ajax.php HTTP/1.1" 200 69 "https://remonster.online/manga/remonster-chapter-78/" "Mozilla/5.0 (iPhone; CPU iPhone OS 17_6_1 like Mac OS X) AppleWebKit/605.1.15 (KHTML, like Gecko) CriOS/137.0.7151.79 Mobile/15E148 Safari/604.1"
2a03:2880:f800:14:: - - [12/Jun/2025:09:09:58 -0400] "GET /shopdetail/385037218 HTTP/1.1" 301 0 "-" "meta-externalagent/1.1 (+https://developers.facebook.com/docs/sharing/webmasters/crawler)"
20.171.207.247 - - [12/Jun/2025:09:09:58 -0400] "GET /sitemap-hot-2970995.xml HTTP/1.1" 301 0 "-" "Mozilla/5.0 AppleWebKit/537.36 (KHTML, like Gecko; compatible; GPTBot/1.2; +https://openai.com/gptbot)"
20.171.207.247 - - [12/Jun/2025:09:09:59 -0400] "GET / HTTP/1.1" 200 10845 "-" "Mozilla/5.0 AppleWebKit/537.36 (KHTML, like Gecko; compatible; GPTBot/1.2; +https://openai.com/gptbot)"
2a03:2880:f800:d:: - - [12/Jun/2025:09:10:00 -0400] "GET / HTTP/1.1" 200 10845 "-" "meta-externalagent/1.1 (+https://developers.facebook.com/docs/sharing/webmasters/crawler)"
66.249.66.70 - - [12/Jun/2025:09:10:01 -0400] "GET /item/eu/paracelsian873215662.phtml HTTP/1.1" 200 24554 "-" "Mozilla/5.0 (Linux; Android 6.0.1; Nexus 5X Build/MMB29P) AppleWebKit/537.36 (KHTML, like Gecko) Chrome/136.0.7103.113 Mobile Safari/537.36 (compatible; GoogleOther)"
2a03:2880:f800:1c:: - - [12/Jun/2025:09:10:02 -0400] "GET /shopdetail/179638518 HTTP/1.1" 301 0 "-" "meta-externalagent/1.1 (+https://developers.facebook.com/docs/sharing/webmasters/crawler)"
20.171.207.247 - - [12/Jun/2025:09:10:01 -0400] "GET /sitemap-hot-2966995.xml HTTP/1.1" 301 0 "-" "Mozilla/5.0 AppleWebKit/537.36 (KHTML, like Gecko; compatible; GPTBot/1.2; +https://openai.com/gptbot)"
20.171.207.247 - - [12/Jun/2025:09:10:03 -0400] "GET / HTTP/1.1" 200 10845 "-" "Mozilla/5.0 AppleWebKit/537.36 (KHTML, like Gecko; compatible; GPTBot/1.2; +https://openai.com/gptbot)"
66.249.66.160 - - [12/Jun/2025:09:10:06 -0400] "GET /special/rdg/%3E%E4%BB%A5%E5%89%8D%E3%82%A2%E3%83%83%E3%83%97%E3%82%AC%E3%83%AC%E3%83%BC%E3%82%B8%E3%81%A7%E8%B3%BC%E5%85%A5%E3%81%97%E3%81%9FZRX400%E7%94%A8%E3%81%AE%E3%83%8F%E3%83%B3%E3%83%89%E3%83%AB%E3%82%B9%E3%83%88%E3%83%83%E3%83%91%E3%83%BC%E3%81%AB%E3%81%AA%E3%82%8A%E3%81%BE%E3%81%99%E3%80%82%3CBR%3EZRX1200R%E3%81%AE%E3%82%BB%E3%83%91%E3%83%8F%E3%83%B3%E3%81%AB%E4%BD%BF%E7%94%A8%E3%81%97%E3%81%A6%E3%81%BE%E3%81%97%E3%81%9F%E3%80%82%3CBR%3EZRX400%201100%201200%20%E3%83%80%E3%82%A8%E3%82%B0%E3%81%AB%E5%8F%96%E3%82%8A%E4%BB%98%E3%81%91%E5%8F%AF%E8%83%BD%E3%81%A7%E3%81%99%E3%80%82%3CBR%3E%E3%82%B9%E3%83%88%E3%83%83%E3%83%91%E3%83%BC%E3%81%AB%E3%81%B6%E3%81%A4%E3%81%8B%E3%82%8B%E9%83%A8%E5%88%86%E3%81%8C%E5%B0%91%E3%81%97%E5%89%8A%E3%82%8C%E3%81%A6%E3%81%84%E3%81%BE%E3%81%99%E3%81%8C%E4%BD%BF%E7%94%A8%E3%81%AB%E3%81%AF%E5%95%8F%E9%A1%8C%E3%81%82%E3%82%8A%E3%81%BE%E3%81%9B%E3%82%93%E3%80%82%20%3CBR%3E%E5%AE%8C%E7%92%A7%E3%82%92%E6%B1%82%E3%82%81%E3%82%8B%E6%96%B9%E3%81%AF%E5%85%A5%E6%9C%AD%E3%81%94%E9%81%A0%E6%85%AE%E4%B8%8B%E3%81%95%E3%81%84%E3%80%82%20%20%20%20%3C/div%3E%20%20%20%20%3Cdiv%20class= HTTP/1.1" 200 25551 "-" "Googlebot-Image/1.0"
2a03:2880:f800:7:: - - [12/Jun/2025:09:10:07 -0400] "GET / HTTP/1.1" 200 10845 "-" "meta-externalagent/1.1 (+https://developers.facebook.com/docs/sharing/webmasters/crawler)"
66.249.66.69 - - [12/Jun/2025:09:10:16 -0400] "GET /info/19784108.phtml HTTP/1.1" 200 24911 "-" "Mozilla/5.0 (Linux; Android 6.0.1; Nexus 5X Build/MMB29P) AppleWebKit/537.36 (KHTML, like Gecko) Chrome/136.0.7103.113 Mobile Safari/537.36 (compatible; GoogleOther)"
66.249.66.69 - - [12/Jun/2025:09:10:25 -0400] "GET /shopping874371470.phtml HTTP/1.1" 200 29098 "-" "Mozilla/5.0 (Linux; Android 6.0.1; Nexus 5X Build/MMB29P) AppleWebKit/537.36 (KHTML, like Gecko) Chrome/136.0.7103.113 Mobile Safari/537.36 (compatible; GoogleOther)"
162.0.232.193 - - [12/Jun/2025:09:10:33 -0400] "POST /wp-cron.php?doing_wp_cron=1749733833.2664289474487304687500 HTTP/1.1" 200 0 "-" "WordPress/6.6.2; https://remonster.online"
20.171.207.247 - - [12/Jun/2025:09:10:32 -0400] "GET /sitemapindex.xml HTTP/1.1" 301 0 "-" "Mozilla/5.0 AppleWebKit/537.36 (KHTML, like Gecko; compatible; GPTBot/1.2; +https://openai.com/gptbot)"
20.171.207.247 - - [12/Jun/2025:09:10:33 -0400] "GET / HTTP/1.1" 200 10845 "-" "Mozilla/5.0 AppleWebKit/537.36 (KHTML, like Gecko; compatible; GPTBot/1.2; +https://openai.com/gptbot)"
2a03:2880:f800:10:: - - [12/Jun/2025:09:10:34 -0400] "GET /shopdetail/202530618 HTTP/1.1" 301 0 "-" "meta-externalagent/1.1 (+https://developers.facebook.com/docs/sharing/webmasters/crawler)"
20.171.207.247 - - [12/Jun/2025:09:10:35 -0400] "GET /sitemap_index.xml HTTP/1.1" 200 340 "-" "Mozilla/5.0 AppleWebKit/537.36 (KHTML, like Gecko; compatible; GPTBot/1.2; +https://openai.com/gptbot)"
2a03:2880:f800:1a:: - - [12/Jun/2025:09:10:37 -0400] "GET / HTTP/1.1" 200 10845 "-" "meta-externalagent/1.1 (+https://developers.facebook.com/docs/sharing/webmasters/crawler)"
20.171.207.247 - - [12/Jun/2025:09:10:37 -0400] "GET /sitemap-hot-2994995.xml HTTP/1.1" 301 0 "-" "Mozilla/5.0 AppleWebKit/537.36 (KHTML, like Gecko; compatible; GPTBot/1.2; +https://openai.com/gptbot)"
20.171.207.247 - - [12/Jun/2025:09:10:39 -0400] "GET / HTTP/1.1" 200 10845 "-" "Mozilla/5.0 AppleWebKit/537.36 (KHTML, like Gecko; compatible; GPTBot/1.2; +https://openai.com/gptbot)"
2a03:2880:f800:1:: - - [12/Jun/2025:09:10:38 -0400] "GET /shopdetail/297112218 HTTP/1.1" 301 0 "-" "meta-externalagent/1.1 (+https://developers.facebook.com/docs/sharing/webmasters/crawler)"
20.171.207.247 - - [12/Jun/2025:09:10:39 -0400] "GET /sitemap-hot-2986995.xml HTTP/1.1" 301 0 "-" "Mozilla/5.0 AppleWebKit/537.36 (KHTML, like Gecko; compatible; GPTBot/1.2; +https://openai.com/gptbot)"
20.171.207.247 - - [12/Jun/2025:09:10:40 -0400] "GET / HTTP/1.1" 200 10845 "-" "Mozilla/5.0 AppleWebKit/537.36 (KHTML, like Gecko; compatible; GPTBot/1.2; +https://openai.com/gptbot)"
2a03:2880:f800:3:: - - [12/Jun/2025:09:10:41 -0400] "GET / HTTP/1.1" 200 10845 "-" "meta-externalagent/1.1 (+https://developers.facebook.com/docs/sharing/webmasters/crawler)"
66.249.66.42 - - [12/Jun/2025:09:10:45 -0400] "GET /special/%3E%E6%9C%AA%E4%BD%BF%E7%94%A8%E3%80%81%E3%83%9B%E3%83%B3%E3%83%80%20B18C%20%E3%82%A8%E3%83%B3%E3%82%B8%E3%83%B3%20%E3%83%94%E3%82%B9%E3%83%88%E3%83%B3%20ASSY%E3%81%AE%E5%87%BA%E5%93%81%E3%81%A7%E3%81%99%E2%98%85%3CBR%3E%E3%83%9B%E3%83%B3%E3%83%80%E7%B4%94%E6%AD%A3%E5%93%81%E3%81%AB%E3%81%AA%E3%82%8A%E3%81%BE%E3%81%99%E3%80%82%3CBR%3E%3CBR%3E%E9%81%A9%E5%90%88%E8%BB%8A%E7%A8%AE%EF%BC%9A%E3%82%A4%E3%83%B3%E3%83%86%E3%82%B0%E3%83%A9%20%E3%82%BF%E3%82%A4%E3%83%97R%20DC2%20DB8%E3%80%81%E4%BB%96%E8%BB%8A%E7%A8%AE%EF%BC%A2%E5%9E%8B%E3%82%A8%E3%83%B3%E3%82%B8%E3%83%B3%3CBR%3E%E3%83%94%E3%82%B9%E3%83%88%E3%83%B3%E3%82%B5%E3%82%A4%E3%82%BA:%E7%B4%94%E6%AD%A3%E3%82%B9%E3%82%BF%E3%83%B3%E3%83%80%E3%83%BC%E3%83%89%3CBR%3E%3CBR%3E%E7%B4%94%E6%AD%A3%E5%93%81%E3%81%AE%E7%AE%B1%E3%81%AB%E3%81%8A%E5%85%A5%E3%82%8C%E3%81%A6%E3%81%97%E3%81%A6%E7%99%BA%E9%80%81%E8%87%B4%E3%81%97%E3%81%BE%E3%81%99%E3%80%82%3CBR%3E%E7%99%BA%E9%80%81%E3%81%AF%E3%80%81%E5%AE%85%E6%80%A5%E4%BE%BF%E3%81%A7%E9%80%81%E6%96%99%E7%84%A1%E6%96%99%E3%81%A7%E3%81%99%E2%98%85%20%20%20%20%3C/div%3E%20%20%20%20%3Cdiv%20class= HTTP/1.1" 200 25495 "-" "Googlebot-Image/1.0"
66.249.66.160 - - [12/Jun/2025:09:10:50 -0400] "GET /goodscode/13861250.phtml HTTP/1.1" 200 23457 "-" "Mozilla/5.0 (Linux; Android 6.0.1; Nexus 5X Build/MMB29P) AppleWebKit/537.36 (KHTML, like Gecko) Chrome/136.0.7103.113 Mobile Safari/537.36 (compatible; GoogleOther)"
20.171.207.247 - - [12/Jun/2025:09:10:53 -0400] "GET /sitemapmobileindex.xml HTTP/1.1" 301 0 "-" "Mozilla/5.0 AppleWebKit/537.36 (KHTML, like Gecko; compatible; GPTBot/1.2; +https://openai.com/gptbot)"
20.171.207.247 - - [12/Jun/2025:09:10:54 -0400] "GET / HTTP/1.1" 200 10845 "-" "Mozilla/5.0 AppleWebKit/537.36 (KHTML, like Gecko; compatible; GPTBot/1.2; +https://openai.com/gptbot)"
2601:85:ca80:8df0:3cf0:d00d:b8d2:b335 - - [12/Jun/2025:09:10:54 -0400] "GET /manga/re-monster-chapter-49/ HTTP/1.1" 200 17402 "https://remonster.online/manga/re-monster-chapter-48/" "Mozilla/5.0 (Linux; Android 10; K) AppleWebKit/537.36 (KHTML, like Gecko) Chrome/137.0.0.0 Mobile Safari/537.36"
2601:85:ca80:8df0:3cf0:d00d:b8d2:b335 - - [12/Jun/2025:09:10:53 -0400] "GET /tag/reincarnated-monster/ HTTP/1.1" 301 0 "https://remonster.online/manga/re-monster-chapter-48/" "Mozilla/5.0 (Linux; Android 10; K) AppleWebKit/537.36 (KHTML, like Gecko) Chrome/137.0.0.0 Mobile Safari/537.36"
2a03:2880:f800:1a:: - - [12/Jun/2025:09:10:53 -0400] "GET /shopdetail/290833418 HTTP/1.1" 301 0 "-" "meta-externalagent/1.1 (+https://developers.facebook.com/docs/sharing/webmasters/crawler)"
66.249.66.42 - - [12/Jun/2025:09:10:55 -0400] "GET /products874370826.phtml HTTP/1.1" 200 23633 "-" "Mozilla/5.0 (Linux; Android 6.0.1; Nexus 5X Build/MMB29P) AppleWebKit/537.36 (KHTML, like Gecko) Chrome/136.0.7103.113 Mobile Safari/537.36 (compatible; GoogleOther)"
2a03:2880:f800:18:: - - [12/Jun/2025:09:10:58 -0400] "GET / HTTP/1.1" 200 10845 "-" "meta-externalagent/1.1 (+https://developers.facebook.com/docs/sharing/webmasters/crawler)"
2a03:2880:f800:a:: - - [12/Jun/2025:09:10:58 -0400] "GET /shopdetail/255530918 HTTP/1.1" 301 0 "-" "meta-externalagent/1.1 (+https://developers.facebook.com/docs/sharing/webmasters/crawler)"
2a03:2880:f800:: - - [12/Jun/2025:09:11:01 -0400] "GET / HTTP/1.1" 200 10845 "-" "meta-externalagent/1.1 (+https://developers.facebook.com/docs/sharing/webmasters/crawler)"
