66.249.66.162 - - [12/Jun/2025:10:05:24 -0400] "GET /products/xug/badgering/%3E%E3%83%9D%E3%83%AA%E3%83%97%E3%83%86%E3%83%AB%E3%82%B9%20%E3%83%93%E3%82%AD%E3%83%BC%E3%83%AB%E3%83%93%E3%82%AD%E3%83%BC%E3%83%AB45%E3%82%BB%E3%83%B3%E3%83%81%C2%B1%3CBR%3E%3CBR%3E%3CBR%3E%E3%82%B7%E3%83%A7%E3%83%83%E3%83%97%E3%81%A7%E3%83%81%E3%83%A3%E3%83%89%E7%94%A3%E3%81%A8%E3%81%97%E3%81%A6%E8%B3%BC%E5%85%A5%E3%81%97%E3%81%BE%E3%81%97%E3%81%9F%E3%80%82%E5%99%9B%E3%81%BF%E3%82%B0%E3%82%BB%E3%81%AF%E3%81%AA%E3%81%8F%E3%81%AA%E3%82%8A%E3%81%BE%E3%81%97%E3%81%9F%E3%80%81%E3%81%AA%E3%82%93%E3%81%A7%E3%82%82%E9%A3%9F%E3%81%B9%E3%81%BE%E3%81%99%E3%80%82%E7%99%BA%E8%89%B2%E3%81%8B%E3%81%AA%E3%82%8A%E3%82%88%E3%81%8F%E7%B7%91%E8%89%B2%E3%81%A7%E3%81%99%3CBR%3E%E3%83%A1%E3%82%B9%E5%80%8B%E4%BD%93%E3%80%82%E8%83%8C%E9%B0%AD16%E6%9E%9A%E5%B0%BE%E3%81%B3%E3%82%8C%E3%81%BE%E3%81%A717%E6%9E%9A%3CBR%3E%3CBR%3E%3CBR%3E%3CBR%3E%E6%97%A5%E6%9B%9C%E6%97%A5%E7%99%BA%E9%80%81%E4%BA%88%E5%AE%9A%E3%81%A7%E3%81%99%E3%80%82%E5%9C%9F%E6%9B%9C%E6%97%A5%E3%81%BE%E3%81%A7%E3%81%AB%E5%85%A5%E9%87%91%E3%82%92%E3%81%8A%E9%A1%98%E3%81%84%E3%81%97%E3%81%BE%E3%81%99%E3%80%82%E3%82%82%E3%81%97%E5%9C%9F%E6%9B%9C%E6%97%A5%E3%81%BE%E3%81%A7%E3%81%AB%E5%85%A5%E9%87%91%E7%A2%BA%E8%AA%8D%E5%87%BA%E6%9D%A5%E3%81%AA%E3%81%8B%E3%81%A3%E3%81%9F%E5%A0%B4%E5%90%88%E6%AC%A1%E3%81%AE%E6%97%A5%E6%9B%9C%E6%97%A5%E3%81%AB%E7%99%BA%E9%80%81%E3%81%A7%E3%81%99%3CBR%3E%E3%81%84%E3%81%9F%E3%81%9A%E3%82%89%E5%85%A5%E6%9C%AD%E3%81%8C%E5%A2%97%E3%81%88%E3%81%A6%E3%81%BE%E3%81%99%E3%81%8B%E3%81%AA%E3%82%8A%E8%BF%B7%E6%83%91%E3%81%A7%E3%81%99%E6%82%AA%E8%A9%95%E4%BE%A1%E3%80%81%E6%96%B0%E8%A6%8F%E3%81%AE%E6%96%B9%E3%81%AF%E3%81%93%E3%81%A1%E3%82%89%E3%81%AE%E9%83%BD%E5%90%88%E3%81%A7%E5%89%8A%E9%99%A4%E3%81%99%E3%82%8B%E5%A0%B4%E5%90%88%E3%81%8C%E3%81%82%E3%82%8A%E3%81%BE%E3%81%99%3CBR%3E%20%20%20%20%3C/div%3E%20%20%20%20%3Cdiv%20class= HTTP/1.1" 200 26007 "-" "Googlebot-Image/1.0"
82.145.211.118 - - [12/Jun/2025:10:05:25 -0400] "GET /wp-content/uploads/2021/11/8168f-bSGoS-768x1097.jpeg HTTP/1.1" 200 223084 "https://remonster.online/" "Mozilla/5.0 (Linux; U; Android 11; Infinix X689B Build/RP1A.200720.011; wv) AppleWebKit/537.36 (KHTML, like Gecko) Version/4.0 Chrome/136.0.7103.125 Mobile Safari/537.36 OPR/91.0.2254.77465"
2a03:2880:f800:1:: - - [12/Jun/2025:10:05:25 -0400] "GET / HTTP/1.1" 200 10845 "-" "meta-externalagent/1.1 (+https://developers.facebook.com/docs/sharing/webmasters/crawler)"
82.145.211.118 - - [12/Jun/2025:10:05:25 -0400] "GET /wp-content/uploads/2021/11/LN_v09_001-768x1128.jpeg HTTP/1.1" 200 243388 "https://remonster.online/" "Mozilla/5.0 (Linux; U; Android 11; Infinix X689B Build/RP1A.200720.011; wv) AppleWebKit/537.36 (KHTML, like Gecko) Version/4.0 Chrome/136.0.7103.125 Mobile Safari/537.36 OPR/91.0.2254.77465"
162.0.232.193 - - [12/Jun/2025:10:05:30 -0400] "POST /wp-cron.php?doing_wp_cron=1749737130.4445400238037109375000 HTTP/1.1" 200 0 "-" "WordPress/6.6.2; https://remonster.online"
66.249.66.76 - - [12/Jun/2025:10:05:30 -0400] "GET /goodscode/truncheon68784190.phtml HTTP/1.1" 200 24476 "-" "Mozilla/5.0 (Linux; Android 6.0.1; Nexus 5X Build/MMB29P) AppleWebKit/537.36 (KHTML, like Gecko) Chrome/136.0.7103.113 Mobile Safari/537.36 (compatible; GoogleOther)"
2a03:2880:f800:14:: - - [12/Jun/2025:10:05:28 -0400] "GET /shopdetail/4601018 HTTP/1.1" 301 0 "-" "meta-externalagent/1.1 (+https://developers.facebook.com/docs/sharing/webmasters/crawler)"
2a03:2880:f800:e:: - - [12/Jun/2025:10:05:33 -0400] "GET / HTTP/1.1" 200 10845 "-" "meta-externalagent/1.1 (+https://developers.facebook.com/docs/sharing/webmasters/crawler)"
66.249.66.162 - - [12/Jun/2025:10:05:35 -0400] "GET /goodscode/devilishly869567704.phtml HTTP/1.1" 200 24361 "-" "Mozilla/5.0 (Linux; Android 6.0.1; Nexus 5X Build/MMB29P) AppleWebKit/537.36 (KHTML, like Gecko) Chrome/136.0.7103.113 Mobile Safari/537.36 (compatible; GoogleOther)"
82.145.211.118 - - [12/Jun/2025:10:05:37 -0400] "GET /manga/remonster-chapter-79/ HTTP/1.1" 200 17830 "https://remonster.online/" "Mozilla/5.0 (Linux; U; Android 11; Infinix X689B Build/RP1A.200720.011; wv) AppleWebKit/537.36 (KHTML, like Gecko) Version/4.0 Chrome/136.0.7103.125 Mobile Safari/537.36 OPR/91.0.2254.77465"
82.145.211.118 - - [12/Jun/2025:10:05:37 -0400] "GET /manga/remonster-chapter-95/ HTTP/1.1" 200 15333 "https://remonster.online/" "Mozilla/5.0 (Linux; U; Android 11; Infinix X689B Build/RP1A.200720.011; wv) AppleWebKit/537.36 (KHTML, like Gecko) Version/4.0 Chrome/136.0.7103.125 Mobile Safari/537.36 OPR/91.0.2254.77465"
82.145.211.118 - - [12/Jun/2025:10:05:38 -0400] "GET /manga/remonster-chapter-102/ HTTP/1.1" 200 15265 "https://remonster.online/" "Mozilla/5.0 (Linux; U; Android 11; Infinix X689B Build/RP1A.200720.011; wv) AppleWebKit/537.36 (KHTML, like Gecko) Version/4.0 Chrome/136.0.7103.125 Mobile Safari/537.36 OPR/91.0.2254.77465"
82.145.211.118 - - [12/Jun/2025:10:05:38 -0400] "GET /manga/remonster-chapter-87/ HTTP/1.1" 200 14397 "https://remonster.online/" "Mozilla/5.0 (Linux; U; Android 11; Infinix X689B Build/RP1A.200720.011; wv) AppleWebKit/537.36 (KHTML, like Gecko) Version/4.0 Chrome/136.0.7103.125 Mobile Safari/537.36 OPR/91.0.2254.77465"
66.249.66.162 - - [12/Jun/2025:10:05:41 -0400] "GET /goodscode/a/subatom871132158.phtml HTTP/1.1" 200 24149 "-" "Mozilla/5.0 (Linux; Android 6.0.1; Nexus 5X Build/MMB29P) AppleWebKit/537.36 (KHTML, like Gecko) Chrome/136.0.7103.113 Mobile Safari/537.36 (compatible; GoogleOther)"
66.249.66.76 - - [12/Jun/2025:10:05:46 -0400] "GET /products/ingulfed/2060807692.phtml HTTP/1.1" 200 24059 "-" "Mozilla/5.0 (Linux; Android 6.0.1; Nexus 5X Build/MMB29P) AppleWebKit/537.36 (KHTML, like Gecko) Chrome/136.0.7103.113 Mobile Safari/537.36 (compatible; GoogleOther)"
141.0.12.236 - - [12/Jun/2025:10:05:46 -0400] "GET / HTTP/1.1" 200 10788 "-" "Opera/9.80 (X11; Linux zvav; U; en) Presto/2.12.423 Version/12.16"
141.0.12.236 - - [12/Jun/2025:10:05:48 -0400] "GET /wp-content/uploads/2021/11/CeDzRGZ.png HTTP/1.1" 200 1728239 "https://remonster.online/" "Opera/9.80 (X11; Linux zvav; U; en) Presto/2.12.423 Version/12.16"
66.249.66.162 - - [12/Jun/2025:10:05:53 -0400] "GET /products/868806364.phtml HTTP/1.1" 200 24045 "-" "Mozilla/5.0 (Linux; Android 6.0.1; Nexus 5X Build/MMB29P) AppleWebKit/537.36 (KHTML, like Gecko) Chrome/136.0.7103.113 Mobile Safari/537.36 (compatible; GoogleOther)"
66.249.66.76 - - [12/Jun/2025:10:05:58 -0400] "GET /goodscode/nuttalli/871039160.phtml HTTP/1.1" 200 24115 "-" "Mozilla/5.0 (Linux; Android 6.0.1; Nexus 5X Build/MMB29P) AppleWebKit/537.36 (KHTML, like Gecko) Chrome/136.0.7103.113 Mobile Safari/537.36 (compatible; GoogleOther)"
2a03:2880:f800:18:: - - [12/Jun/2025:10:05:57 -0400] "GET /shopdetail/55863918 HTTP/1.1" 301 0 "-" "meta-externalagent/1.1 (+https://developers.facebook.com/docs/sharing/webmasters/crawler)"
2a03:2880:f800:17:: - - [12/Jun/2025:10:06:02 -0400] "GET / HTTP/1.1" 200 10845 "-" "meta-externalagent/1.1 (+https://developers.facebook.com/docs/sharing/webmasters/crawler)"
66.249.66.78 - - [12/Jun/2025:10:06:05 -0400] "GET /products/prelusorily2061256266.phtml HTTP/1.1" 200 24034 "-" "Mozilla/5.0 (Linux; Android 6.0.1; Nexus 5X Build/MMB29P) AppleWebKit/537.36 (KHTML, like Gecko) Chrome/136.0.7103.113 Mobile Safari/537.36 (compatible; GoogleOther)"
66.249.66.38 - - [12/Jun/2025:10:06:11 -0400] "GET /goodscode/rammishness101435162.phtml HTTP/1.1" 200 24657 "-" "Mozilla/5.0 (Linux; Android 6.0.1; Nexus 5X Build/MMB29P) AppleWebKit/537.36 (KHTML, like Gecko) Chrome/136.0.7103.113 Mobile Safari/537.36 (compatible; GoogleOther)"
49.145.217.125 - - [12/Jun/2025:10:06:12 -0400] "GET /manga/re-monster-chapter-71/ HTTP/1.1" 200 18134 "https://remonster.online/manga/re-monster-chapter-70/" "Mozilla/5.0 (iPhone; CPU iPhone OS 12_5_7 like Mac OS X) AppleWebKit/605.1.15 (KHTML, like Gecko) Version/12.1.2 Mobile/15E148 Safari/604.1"
162.0.232.193 - - [12/Jun/2025:10:06:18 -0400] "POST /wp-cron.php?doing_wp_cron=1749737178.3472979068756103515625 HTTP/1.1" 200 0 "-" "WordPress/6.6.2; https://remonster.online"
66.249.66.13 - - [12/Jun/2025:10:06:18 -0400] "GET /goodscode/2063680904.phtml HTTP/1.1" 200 25127 "-" "Mozilla/5.0 (Linux; Android 6.0.1; Nexus 5X Build/MMB29P) AppleWebKit/537.36 (KHTML, like Gecko) Chrome/136.0.7103.113 Mobile Safari/537.36 (compatible; GoogleOther)"
49.145.217.125 - - [12/Jun/2025:10:06:15 -0400] "POST /wp-admin/admin-ajax.php HTTP/1.1" 200 69 "https://remonster.online/manga/re-monster-chapter-71/" "Mozilla/5.0 (iPhone; CPU iPhone OS 12_5_7 like Mac OS X) AppleWebKit/605.1.15 (KHTML, like Gecko) Version/12.1.2 Mobile/15E148 Safari/604.1"
2a03:2880:f800:13:: - - [12/Jun/2025:10:06:17 -0400] "GET /shopdetail/251097618 HTTP/1.1" 301 0 "-" "meta-externalagent/1.1 (+https://developers.facebook.com/docs/sharing/webmasters/crawler)"
2a03:2880:f800:a:: - - [12/Jun/2025:10:06:20 -0400] "GET /shopdetail/222548918 HTTP/1.1" 301 0 "-" "meta-externalagent/1.1 (+https://developers.facebook.com/docs/sharing/webmasters/crawler)"
2a03:2880:f800:13:: - - [12/Jun/2025:10:06:22 -0400] "GET / HTTP/1.1" 200 10845 "-" "meta-externalagent/1.1 (+https://developers.facebook.com/docs/sharing/webmasters/crawler)"
2a03:2880:f800:c:: - - [12/Jun/2025:10:06:23 -0400] "GET / HTTP/1.1" 200 10845 "-" "meta-externalagent/1.1 (+https://developers.facebook.com/docs/sharing/webmasters/crawler)"
66.249.66.76 - - [12/Jun/2025:10:06:23 -0400] "GET /goodscode/cognizant/871065088.phtml HTTP/1.1" 200 24528 "-" "Mozilla/5.0 (Linux; Android 6.0.1; Nexus 5X Build/MMB29P) AppleWebKit/537.36 (KHTML, like Gecko) Chrome/136.0.7103.113 Mobile Safari/537.36 (compatible; GoogleOther)"
2a03:2880:f800:4:: - - [12/Jun/2025:10:06:25 -0400] "GET /shopdetail/235449118 HTTP/1.1" 301 0 "-" "meta-externalagent/1.1 (+https://developers.facebook.com/docs/sharing/webmasters/crawler)"
2a03:2880:f800:13:: - - [12/Jun/2025:10:06:25 -0400] "GET /shopdetail/19494018 HTTP/1.1" 301 0 "-" "meta-externalagent/1.1 (+https://developers.facebook.com/docs/sharing/webmasters/crawler)"
66.249.66.198 - - [12/Jun/2025:10:06:28 -0400] "GET /entity/%3E%3CCENTER%3E%3CTABLE%20WIDTH=984%20BORDER=0%20CELLSPACING=1%20CELLPADDING=0%20BGCOLOR= HTTP/1.1" 200 24794 "-" "Googlebot-Image/1.0"
2a03:2880:f800:2:: - - [12/Jun/2025:10:06:30 -0400] "GET / HTTP/1.1" 200 10845 "-" "meta-externalagent/1.1 (+https://developers.facebook.com/docs/sharing/webmasters/crawler)"
2a03:2880:f800:9:: - - [12/Jun/2025:10:06:30 -0400] "GET / HTTP/1.1" 200 10845 "-" "meta-externalagent/1.1 (+https://developers.facebook.com/docs/sharing/webmasters/crawler)"
66.249.66.162 - - [12/Jun/2025:10:06:34 -0400] "GET /products/decandrian872527304.phtml HTTP/1.1" 200 24354 "-" "Mozilla/5.0 (Linux; Android 6.0.1; Nexus 5X Build/MMB29P) AppleWebKit/537.36 (KHTML, like Gecko) Chrome/136.0.7103.113 Mobile Safari/537.36 (compatible; GoogleOther)"
66.249.66.162 - - [12/Jun/2025:10:06:39 -0400] "GET /item/574807866.phtml HTTP/1.1" 200 23311 "-" "Mozilla/5.0 (Linux; Android 6.0.1; Nexus 5X Build/MMB29P) AppleWebKit/537.36 (KHTML, like Gecko) Chrome/136.0.7103.113 Mobile Safari/537.36 (compatible; GoogleOther)"
66.249.66.162 - - [12/Jun/2025:10:06:44 -0400] "GET /item/z/virtuosos868812144.phtml HTTP/1.1" 200 25517 "-" "Mozilla/5.0 (Linux; Android 6.0.1; Nexus 5X Build/MMB29P) AppleWebKit/537.36 (KHTML, like Gecko) Chrome/136.0.7103.113 Mobile Safari/537.36 (compatible; GoogleOther)"
66.249.66.13 - - [12/Jun/2025:10:06:50 -0400] "GET /shopbrand574707676.phtml HTTP/1.1" 200 24114 "-" "Mozilla/5.0 (Linux; Android 6.0.1; Nexus 5X Build/MMB29P) AppleWebKit/537.36 (KHTML, like Gecko) Chrome/136.0.7103.113 Mobile Safari/537.36 (compatible; GoogleOther)"
66.249.66.198 - - [12/Jun/2025:10:06:56 -0400] "GET /special/ji/haemorrhoidal2054195320.phtml HTTP/1.1" 200 26122 "-" "Mozilla/5.0 (Linux; Android 6.0.1; Nexus 5X Build/MMB29P) AppleWebKit/537.36 (KHTML, like Gecko) Chrome/136.0.7103.113 Mobile Safari/537.36 (compatible; GoogleOther)"
66.249.66.200 - - [12/Jun/2025:10:07:02 -0400] "GET /goodscode/2054214960.phtml HTTP/1.1" 200 25549 "-" "Mozilla/5.0 (Linux; Android 6.0.1; Nexus 5X Build/MMB29P) AppleWebKit/537.36 (KHTML, like Gecko) Chrome/136.0.7103.113 Mobile Safari/537.36 (compatible; GoogleOther)"
162.0.232.193 - - [12/Jun/2025:10:07:03 -0400] "POST /wp-cron.php?doing_wp_cron=1749737223.0427711009979248046875 HTTP/1.1" 200 0 "-" "WordPress/6.6.2; https://remonster.online"
2a03:2880:f800:1d:: - - [12/Jun/2025:10:07:00 -0400] "GET /shopdetail/192076818 HTTP/1.1" 301 0 "-" "meta-externalagent/1.1 (+https://developers.facebook.com/docs/sharing/webmasters/crawler)"
2a03:2880:f800:c:: - - [12/Jun/2025:10:07:05 -0400] "GET / HTTP/1.1" 200 10845 "-" "meta-externalagent/1.1 (+https://developers.facebook.com/docs/sharing/webmasters/crawler)"
66.249.66.165 - - [12/Jun/2025:10:07:08 -0400] "GET /goodscode/j/snappishness2054233056.phtml HTTP/1.1" 200 23484 "-" "Mozilla/5.0 (Linux; Android 6.0.1; Nexus 5X Build/MMB29P) AppleWebKit/537.36 (KHTML, like Gecko) Chrome/136.0.7103.113 Mobile Safari/537.36 (compatible; GoogleOther)"
66.249.66.13 - - [12/Jun/2025:10:07:16 -0400] "GET /products/iuu/exophthalmia/%3E%E3%83%91%E3%82%BF%E3%82%B4%E3%83%8B%E3%82%A2%E3%81%AE%E3%83%AC%E3%83%87%E3%82%A3%E3%83%BC%E3%82%B9%E3%80%81%E3%83%AA%E3%83%90%E3%83%BC%E3%82%B7%E3%83%96%E3%83%AB%E3%83%96%E3%83%AB%E3%82%BE%E3%83%B3%E3%81%A7%E3%81%99%E3%80%82%3CBR%3E%3CBR%3E%E3%82%AD%E3%83%AB%E3%83%86%E3%82%A3%E3%83%B3%E3%82%B0%E5%81%B4%E3%81%AE%E8%82%A9%E4%BB%98%E8%BF%91%E3%81%AB%E3%82%84%E3%82%84%E5%82%B7%E3%81%82%E3%82%8A%E3%81%BE%E3%81%99%E3%81%8C%E4%BD%BF%E7%94%A8%E3%81%AB%E3%81%AF%E5%95%8F%E9%A1%8C%E3%81%AA%E3%81%84%E3%81%A7%E3%81%99%E3%80%81%3CBR%3E%3CBR%3E%E3%82%B5%E3%82%A4%E3%82%BAS%3CBR%3E%3CBR%3E%E5%B9%B3%E7%BD%AE%E3%81%8D%E8%BA%AB%E5%B9%8547%E7%9D%80%E4%B8%8862%20%20%20%20%3C/div%3E%20%20%20%20%3Cdiv%20class= HTTP/1.1" 200 25261 "-" "Googlebot-Image/1.0"
66.249.66.162 - - [12/Jun/2025:10:07:22 -0400] "GET /goodscode/2054128890.phtml HTTP/1.1" 200 25011 "-" "Mozilla/5.0 (Linux; Android 6.0.1; Nexus 5X Build/MMB29P) AppleWebKit/537.36 (KHTML, like Gecko) Chrome/136.0.7103.113 Mobile Safari/537.36 (compatible; GoogleOther)"
66.249.66.76 - - [12/Jun/2025:10:07:28 -0400] "GET /products/h/enecate/2067792840.phtml HTTP/1.1" 200 23868 "-" "Mozilla/5.0 (Linux; Android 6.0.1; Nexus 5X Build/MMB29P) AppleWebKit/537.36 (KHTML, like Gecko) Chrome/136.0.7103.113 Mobile Safari/537.36 (compatible; GoogleOther)"
66.249.66.198 - - [12/Jun/2025:10:07:35 -0400] "GET /info/intern/871114896.phtml HTTP/1.1" 200 23920 "-" "Mozilla/5.0 (Linux; Android 6.0.1; Nexus 5X Build/MMB29P) AppleWebKit/537.36 (KHTML, like Gecko) Chrome/136.0.7103.113 Mobile Safari/537.36 (compatible; GoogleOther)"
66.249.66.76 - - [12/Jun/2025:10:07:41 -0400] "GET /goodscode/quadrigae2063075788.phtml HTTP/1.1" 200 24421 "-" "Mozilla/5.0 (Linux; Android 6.0.1; Nexus 5X Build/MMB29P) AppleWebKit/537.36 (KHTML, like Gecko) Chrome/136.0.7103.113 Mobile Safari/537.36 (compatible; GoogleOther)"
66.249.66.76 - - [12/Jun/2025:10:07:47 -0400] "GET /item/lnw/peaty101725464.phtml HTTP/1.1" 200 23640 "-" "Mozilla/5.0 (Linux; Android 6.0.1; Nexus 5X Build/MMB29P) AppleWebKit/537.36 (KHTML, like Gecko) Chrome/136.0.7103.113 Mobile Safari/537.36 (compatible; GoogleOther)"
66.249.66.162 - - [12/Jun/2025:10:07:53 -0400] "GET /products/2066413618.phtml HTTP/1.1" 200 25059 "-" "Mozilla/5.0 (Linux; Android 6.0.1; Nexus 5X Build/MMB29P) AppleWebKit/537.36 (KHTML, like Gecko) Chrome/136.0.7103.113 Mobile Safari/537.36 (compatible; GoogleOther)"
66.249.66.13 - - [12/Jun/2025:10:07:58 -0400] "GET /categories/12720834?num=88026 HTTP/1.1" 200 24716 "-" "Mozilla/5.0 (Linux; Android 6.0.1; Nexus 5X Build/MMB29P) AppleWebKit/537.36 (KHTML, like Gecko) Chrome/136.0.7103.113 Mobile Safari/537.36 (compatible; GoogleOther)"
66.249.66.13 - - [12/Jun/2025:10:08:00 -0400] "POST /get-message-notify HTTP/1.1" 200 24585 "https://remonster.online/tag/chapter/" "Mozilla/5.0 (Linux; Android 6.0.1; Nexus 5X Build/MMB29P) AppleWebKit/537.36 (KHTML, like Gecko) Chrome/136.0.7103.113 Mobile Safari/537.36 (compatible; Googlebot/2.1; +http://www.google.com/bot.html)"
66.249.66.198 - - [12/Jun/2025:10:08:04 -0400] "GET /goodscode/unreliable2059129502.phtml HTTP/1.1" 200 24035 "-" "Mozilla/5.0 (Linux; Android 6.0.1; Nexus 5X Build/MMB29P) AppleWebKit/537.36 (KHTML, like Gecko) Chrome/136.0.7103.113 Mobile Safari/537.36 (compatible; GoogleOther)"
66.249.66.162 - - [12/Jun/2025:10:08:10 -0400] "GET /item/w/vitalism2057344962.phtml HTTP/1.1" 200 25567 "-" "Mozilla/5.0 (Linux; Android 6.0.1; Nexus 5X Build/MMB29P) AppleWebKit/537.36 (KHTML, like Gecko) Chrome/136.0.7103.113 Mobile Safari/537.36 (compatible; GoogleOther)"
66.249.66.38 - - [12/Jun/2025:10:08:16 -0400] "GET /categories/123297262?num=91696 HTTP/1.1" 200 23682 "-" "Mozilla/5.0 (Linux; Android 6.0.1; Nexus 5X Build/MMB29P) AppleWebKit/537.36 (KHTML, like Gecko) Chrome/136.0.7103.113 Mobile Safari/537.36 (compatible; GoogleOther)"
162.0.232.193 - - [12/Jun/2025:10:08:18 -0400] "POST /wp-cron.php?doing_wp_cron=1749737297.8603758811950683593750 HTTP/1.1" 200 0 "-" "WordPress/6.6.2; https://remonster.online"
2a03:2880:f800:1d:: - - [12/Jun/2025:10:08:16 -0400] "GET /shopdetail/320048318 HTTP/1.1" 301 0 "-" "meta-externalagent/1.1 (+https://developers.facebook.com/docs/sharing/webmasters/crawler)"
2a03:2880:f800:a:: - - [12/Jun/2025:10:08:20 -0400] "GET / HTTP/1.1" 200 10845 "-" "meta-externalagent/1.1 (+https://developers.facebook.com/docs/sharing/webmasters/crawler)"
66.249.66.38 - - [12/Jun/2025:10:08:21 -0400] "GET /products/%3E%E3%82%AC%E3%83%BC%E3%83%9F%E3%83%B3%E3%81%AE%E3%83%A9%E3%83%B3%E3%83%8B%E3%83%B3%E3%82%B0%E3%82%A6%E3%82%A9%E3%83%83%E3%83%81%E3%80%81ForeAthlete%20630J%E3%81%AE%E3%82%B8%E3%83%A3%E3%83%B3%E3%82%AF%E5%93%81%E3%81%A7%E3%81%99%E3%80%82%3CBR%3E%E5%8B%95%E4%BD%9C%E3%81%AF%E3%81%97%E3%81%BE%E3%81%99%E3%81%8C%E3%80%81%E7%94%BB%E9%9D%A2%E3%81%AB%E3%81%AF%E5%82%B7%E3%80%81%E6%93%A6%E3%82%8C%E3%80%81%E6%B5%AE%E3%81%8D%E3%81%8C%E3%81%82%E3%82%8A%E3%81%BE%E3%81%99%E3%80%82%3CBR%3E%E3%83%90%E3%83%B3%E3%83%89%E3%81%AF%E7%B4%94%E6%AD%A3%E5%93%81%E3%81%A7%E3%81%AF%E3%81%AA%E3%81%8F%E3%80%81%E5%8A%A3%E5%8C%96%E3%81%8C%E9%80%B2%E3%81%BF%E5%89%B2%E3%82%8C%E3%81%8C%E3%81%82%E3%82%8A%E3%81%BE%E3%81%99%E3%80%82%3CBR%3E%E6%9C%AC%E4%BD%93%E3%81%A8%E5%85%85%E9%9B%BB%E3%82%B1%E3%83%BC%E3%83%96%E3%83%AB%E3%81%AE%E3%81%BF%E5%87%BA%E5%93%81%E3%81%A7%E3%80%81%E7%AE%B1%E3%82%84%E8%AA%AC%E6%98%8E%E6%9B%B8%E3%81%AA%E3%81%A9%E3%81%AF%E3%81%82%E3%82%8A%E3%81%BE%E3%81%9B%E3%82%93%E3%80%82%3CBR%3E%3CBR%3E%E4%BB%A5%E4%B8%8A%E3%81%AE%E3%82%88%E3%81%86%E3%81%AA%E7%8A%B6%E6%85%8B%E3%81%A7%E3%81%99%E3%81%AE%E3%81%A7%E3%80%81%E3%82%B8%E3%83%A3%E3%83%B3%E3%82%AF%E6%89%B1%E3%81%84%E3%81%A8%E3%81%97%E3%83%8E%E3%83%BC%E3%82%AF%E3%83%AC%E3%83%BC%E3%83%A0%E3%83%8E%E3%83%BC%E3%83%AA%E3%82%BF%E3%83%BC%E3%83%B3%E3%81%A7%E3%81%8A%E9%A1%98%E3%81%84%E3%81%97%E3%81%BE%E3%81%99%E3%80%82%3CBR%3E%E7%99%BA%E9%80%81%E3%81%AF%E3%83%8D%E3%82%B3%E3%83%9D%E3%82%B9%EF%BC%92%EF%BC%91%EF%BC%90%E5%86%86%E3%81%AB%E3%81%AA%E3%82%8A%E3%81%BE%E3%81%99%E3%80%82%20%20%20%20%3C/div%3E%20%20%20%20%3Cdiv%20class= HTTP/1.1" 200 25815 "-" "Googlebot-Image/1.0"
66.249.66.198 - - [12/Jun/2025:10:08:26 -0400] "GET /goodscode/2063082592.phtml HTTP/1.1" 200 25313 "-" "Mozilla/5.0 (Linux; Android 6.0.1; Nexus 5X Build/MMB29P) AppleWebKit/537.36 (KHTML, like Gecko) Chrome/136.0.7103.113 Mobile Safari/537.36 (compatible; GoogleOther)"
66.249.66.198 - - [12/Jun/2025:10:08:32 -0400] "GET /item/q/solanaceae870741542.phtml HTTP/1.1" 200 24879 "-" "Mozilla/5.0 (Linux; Android 6.0.1; Nexus 5X Build/MMB29P) AppleWebKit/537.36 (KHTML, like Gecko) Chrome/136.0.7103.113 Mobile Safari/537.36 (compatible; GoogleOther)"
162.0.232.193 - - [12/Jun/2025:10:08:35 -0400] "POST /wp-cron.php?doing_wp_cron=1749737315.2418749332427978515625 HTTP/1.1" 200 0 "-" "WordPress/6.6.2; https://remonster.online"
2a03:2880:f800:a:: - - [12/Jun/2025:10:08:32 -0400] "GET /shopdetail/45534318 HTTP/1.1" 301 0 "-" "meta-externalagent/1.1 (+https://developers.facebook.com/docs/sharing/webmasters/crawler)"
2a03:2880:f800:15:: - - [12/Jun/2025:10:08:34 -0400] "GET /shopdetail/233222918 HTTP/1.1" 301 0 "-" "meta-externalagent/1.1 (+https://developers.facebook.com/docs/sharing/webmasters/crawler)"
2a03:2880:f800:2:: - - [12/Jun/2025:10:08:35 -0400] "GET /shopdetail/294416518 HTTP/1.1" 301 0 "-" "meta-externalagent/1.1 (+https://developers.facebook.com/docs/sharing/webmasters/crawler)"
66.249.66.76 - - [12/Jun/2025:10:08:38 -0400] "GET /products/2055316658.phtml HTTP/1.1" 200 23660 "-" "Mozilla/5.0 (Linux; Android 6.0.1; Nexus 5X Build/MMB29P) AppleWebKit/537.36 (KHTML, like Gecko) Chrome/136.0.7103.113 Mobile Safari/537.36 (compatible; GoogleOther)"
2a03:2880:f800:f:: - - [12/Jun/2025:10:08:38 -0400] "GET / HTTP/1.1" 200 10845 "-" "meta-externalagent/1.1 (+https://developers.facebook.com/docs/sharing/webmasters/crawler)"
2a03:2880:f800:3:: - - [12/Jun/2025:10:08:39 -0400] "GET / HTTP/1.1" 200 10845 "-" "meta-externalagent/1.1 (+https://developers.facebook.com/docs/sharing/webmasters/crawler)"
2a03:2880:f800:c:: - - [12/Jun/2025:10:08:40 -0400] "GET / HTTP/1.1" 200 10845 "-" "meta-externalagent/1.1 (+https://developers.facebook.com/docs/sharing/webmasters/crawler)"
2a03:2880:f800:c:: - - [12/Jun/2025:10:08:39 -0400] "GET /shopdetail/291060918 HTTP/1.1" 301 0 "-" "meta-externalagent/1.1 (+https://developers.facebook.com/docs/sharing/webmasters/crawler)"
2a03:2880:f800:: - - [12/Jun/2025:10:08:38 -0400] "GET /shopdetail/42012618 HTTP/1.1" 301 0 "-" "meta-externalagent/1.1 (+https://developers.facebook.com/docs/sharing/webmasters/crawler)"
2a03:2880:f800:11:: - - [12/Jun/2025:10:08:43 -0400] "GET / HTTP/1.1" 200 10845 "-" "meta-externalagent/1.1 (+https://developers.facebook.com/docs/sharing/webmasters/crawler)"
2a03:2880:f800:5:: - - [12/Jun/2025:10:08:44 -0400] "GET / HTTP/1.1" 200 10845 "-" "meta-externalagent/1.1 (+https://developers.facebook.com/docs/sharing/webmasters/crawler)"
66.249.66.198 - - [12/Jun/2025:10:08:44 -0400] "GET /goodscode/qq/kimbo870704318.phtml HTTP/1.1" 200 24098 "-" "Mozilla/5.0 (Linux; Android 6.0.1; Nexus 5X Build/MMB29P) AppleWebKit/537.36 (KHTML, like Gecko) Chrome/136.0.7103.113 Mobile Safari/537.36 (compatible; GoogleOther)"
66.249.66.76 - - [12/Jun/2025:10:08:50 -0400] "GET /products/2064231786.phtml HTTP/1.1" 200 25045 "-" "Mozilla/5.0 (Linux; Android 6.0.1; Nexus 5X Build/MMB29P) AppleWebKit/537.36 (KHTML, like Gecko) Chrome/136.0.7103.113 Mobile Safari/537.36 (compatible; GoogleOther)"
66.249.66.199 - - [12/Jun/2025:10:08:56 -0400] "GET /goodscode/develope/871239280.phtml HTTP/1.1" 200 25131 "-" "Mozilla/5.0 (Linux; Android 6.0.1; Nexus 5X Build/MMB29P) AppleWebKit/537.36 (KHTML, like Gecko) Chrome/136.0.7103.113 Mobile Safari/537.36 (compatible; GoogleOther)"
2a03:2880:f800:17:: - - [12/Jun/2025:10:08:57 -0400] "GET /shopdetail/343046718 HTTP/1.1" 301 0 "-" "meta-externalagent/1.1 (+https://developers.facebook.com/docs/sharing/webmasters/crawler)"
66.249.66.76 - - [12/Jun/2025:10:09:02 -0400] "GET /items/bok/overchange/2067714412.phtml HTTP/1.1" 200 24070 "-" "Mozilla/5.0 (Linux; Android 6.0.1; Nexus 5X Build/MMB29P) AppleWebKit/537.36 (KHTML, like Gecko) Chrome/136.0.7103.113 Mobile Safari/537.36 (compatible; GoogleOther)"
2a03:2880:f800:17:: - - [12/Jun/2025:10:09:03 -0400] "GET / HTTP/1.1" 200 10845 "-" "meta-externalagent/1.1 (+https://developers.facebook.com/docs/sharing/webmasters/crawler)"
2a03:2880:f800:4:: - - [12/Jun/2025:10:09:02 -0400] "GET /shopdetail/415324218 HTTP/1.1" 301 0 "-" "meta-externalagent/1.1 (+https://developers.facebook.com/docs/sharing/webmasters/crawler)"
2a03:2880:f800:5:: - - [12/Jun/2025:10:09:06 -0400] "GET / HTTP/1.1" 200 10845 "-" "meta-externalagent/1.1 (+https://developers.facebook.com/docs/sharing/webmasters/crawler)"
66.249.66.199 - - [12/Jun/2025:10:09:07 -0400] "GET /goodscode/2064538772.phtml HTTP/1.1" 200 24267 "-" "Mozilla/5.0 (Linux; Android 6.0.1; Nexus 5X Build/MMB29P) AppleWebKit/537.36 (KHTML, like Gecko) Chrome/136.0.7103.113 Mobile Safari/537.36 (compatible; GoogleOther)"
66.249.66.198 - - [12/Jun/2025:10:09:13 -0400] "GET /entity/jkw/though/%3E%E5%95%86%E5%93%81%E3%81%AB%E8%88%88%E5%91%B3%E3%82%92%E3%82%82%E3%81%A3%E3%81%A6%E3%81%84%E3%81%9F%E3%81%A0%E3%81%8D%E3%80%81%E3%81%82%E3%82%8A%E3%81%8C%E3%81%A8%E3%81%86%E3%81%94%E3%81%96%E3%81%84%E3%81%BE%E3%81%99%E3%80%82%3CBR%3E%E4%BB%A5%E4%B8%8B%E3%81%8A%E8%AA%AD%E3%81%BF%E3%81%84%E3%81%9F%E3%81%A0%E3%81%8D%E3%80%81%E5%85%A5%E6%9C%AD%E3%82%92%E3%81%8A%E5%BE%85%E3%81%A1%E3%81%97%E3%81%A6%E3%81%84%E3%81%BE%E3%81%99%E3%80%82%3CBR%3E%3CBR%3E%E3%80%90%E5%95%86%E5%93%81%E3%81%AE%E8%AA%AC%E6%98%8E%E3%80%91%3CBR%3E%E5%95%86%E5%93%81%E5%90%8D%20:%20%E3%82%A4%E3%83%BC%E3%82%B0%E3%83%AB%E3%83%97%E3%83%AC%E3%83%BC%E3%83%A4%E3%83%BC50slim%20%3CBR%3E%E3%83%96%E3%83%A9%E3%83%B3%E3%83%89%E3%83%BB%E3%83%A1%E3%83%BC%E3%82%AB%E3%83%BC%EF%BC%9A%E3%83%87%E3%82%A3%E3%82%B9%E3%83%97%E3%83%A9%E3%82%A6%E3%83%97%E3%83%88%E3%80%80%E5%9F%8E%E5%B3%B0%E3%82%AA%E3%83%AA%E3%82%AB%E3%83%A9%3CBR%3E%3CBR%3E%E3%80%90%E5%95%86%E5%93%81%E3%81%AE%E7%8A%B6%E6%85%8B%E3%80%91%3CBR%3E%E4%BD%BF%E7%94%A8%E7%8A%B6%E6%B3%81%20:%E6%9C%AA%E4%BD%BF%E7%94%A8%3CBR%3E%3CBR%3E%E3%80%90%E3%81%9D%E3%81%AE%E4%BB%96%E3%80%91%3CBR%3ENCNR%E3%81%A7%E3%81%8A%E9%A1%98%E3%81%84%E3%81%97%E3%81%BE%E3%81%99%E3%80%82%20%20%20%20%3C/div%3E%20%20%20%20%3Cdiv%20class= HTTP/1.1" 200 25624 "-" "Googlebot-Image/1.0"
66.249.66.198 - - [12/Jun/2025:10:09:18 -0400] "GET /goodscode/calefaction2054183892.phtml HTTP/1.1" 200 24477 "-" "Mozilla/5.0 (Linux; Android 6.0.1; Nexus 5X Build/MMB29P) AppleWebKit/537.36 (KHTML, like Gecko) Chrome/136.0.7103.113 Mobile Safari/537.36 (compatible; GoogleOther)"
162.0.232.193 - - [12/Jun/2025:10:09:24 -0400] "POST /wp-cron.php?doing_wp_cron=1749737363.6517519950866699218750 HTTP/1.1" 200 0 "-" "WordPress/6.6.2; https://remonster.online"
2a03:2880:f800:1c:: - - [12/Jun/2025:10:09:22 -0400] "GET /shopdetail/128951618 HTTP/1.1" 301 0 "-" "meta-externalagent/1.1 (+https://developers.facebook.com/docs/sharing/webmasters/crawler)"
66.249.66.162 - - [12/Jun/2025:10:09:24 -0400] "GET /goodscode/873007520.phtml HTTP/1.1" 200 24980 "-" "Mozilla/5.0 (Linux; Android 6.0.1; Nexus 5X Build/MMB29P) AppleWebKit/537.36 (KHTML, like Gecko) Chrome/136.0.7103.113 Mobile Safari/537.36 (compatible; GoogleOther)"
2a03:2880:f800:1:: - - [12/Jun/2025:10:09:27 -0400] "GET / HTTP/1.1" 200 10845 "-" "meta-externalagent/1.1 (+https://developers.facebook.com/docs/sharing/webmasters/crawler)"
66.249.66.38 - - [12/Jun/2025:10:09:29 -0400] "GET /items/trichotomous2069288878.phtml HTTP/1.1" 200 26304 "-" "Mozilla/5.0 (Linux; Android 6.0.1; Nexus 5X Build/MMB29P) AppleWebKit/537.36 (KHTML, like Gecko) Chrome/136.0.7103.113 Mobile Safari/537.36 (compatible; GoogleOther)"
66.249.66.76 - - [12/Jun/2025:10:09:35 -0400] "GET /items/rom/mistrist/871142752.phtml HTTP/1.1" 200 27005 "-" "Mozilla/5.0 (Linux; Android 6.0.1; Nexus 5X Build/MMB29P) AppleWebKit/537.36 (KHTML, like Gecko) Chrome/136.0.7103.113 Mobile Safari/537.36 (compatible; GoogleOther)"
66.249.66.38 - - [12/Jun/2025:10:09:40 -0400] "GET /goodscode/2065161150.phtml HTTP/1.1" 200 24035 "-" "Mozilla/5.0 (Linux; Android 6.0.1; Nexus 5X Build/MMB29P) AppleWebKit/537.36 (KHTML, like Gecko) Chrome/136.0.7103.113 Mobile Safari/537.36 (compatible; GoogleOther)"
66.249.66.38 - - [12/Jun/2025:10:09:45 -0400] "GET /items1373100126.phtml HTTP/1.1" 200 23962 "-" "Mozilla/5.0 (Linux; Android 6.0.1; Nexus 5X Build/MMB29P) AppleWebKit/537.36 (KHTML, like Gecko) Chrome/136.0.7103.113 Mobile Safari/537.36 (compatible; GoogleOther)"
162.0.232.193 - - [12/Jun/2025:10:09:50 -0400] "POST /wp-cron.php?doing_wp_cron=1749737390.3537099361419677734375 HTTP/1.1" 200 0 "-" "WordPress/6.6.2; https://remonster.online"
2a03:2880:f800:8:: - - [12/Jun/2025:10:09:48 -0400] "GET /shopdetail/281501018 HTTP/1.1" 301 0 "-" "meta-externalagent/1.1 (+https://developers.facebook.com/docs/sharing/webmasters/crawler)"
66.249.66.38 - - [12/Jun/2025:10:09:50 -0400] "GET /goodscode/pedicellate869626046.phtml HTTP/1.1" 200 23973 "-" "Mozilla/5.0 (Linux; Android 6.0.1; Nexus 5X Build/MMB29P) AppleWebKit/537.36 (KHTML, like Gecko) Chrome/136.0.7103.113 Mobile Safari/537.36 (compatible; GoogleOther)"
66.249.66.199 - - [12/Jun/2025:10:09:56 -0400] "GET /goodscode/vew/gratuity/870964064.phtml HTTP/1.1" 200 24058 "-" "Mozilla/5.0 (Linux; Android 6.0.1; Nexus 5X Build/MMB29P) AppleWebKit/537.36 (KHTML, like Gecko) Chrome/136.0.7103.113 Mobile Safari/537.36 (compatible; GoogleOther)"
2a03:2880:f800:13:: - - [12/Jun/2025:10:09:56 -0400] "GET /shopdetail/395160518 HTTP/1.1" 301 0 "-" "meta-externalagent/1.1 (+https://developers.facebook.com/docs/sharing/webmasters/crawler)"
2a03:2880:f800:7:: - - [12/Jun/2025:10:09:58 -0400] "GET / HTTP/1.1" 200 10845 "-" "meta-externalagent/1.1 (+https://developers.facebook.com/docs/sharing/webmasters/crawler)"
2a03:2880:f800:5:: - - [12/Jun/2025:10:09:56 -0400] "GET /shopdetail/87638218 HTTP/1.1" 301 0 "-" "meta-externalagent/1.1 (+https://developers.facebook.com/docs/sharing/webmasters/crawler)"
2a03:2880:f800:4:: - - [12/Jun/2025:10:09:59 -0400] "GET / HTTP/1.1" 200 10845 "-" "meta-externalagent/1.1 (+https://developers.facebook.com/docs/sharing/webmasters/crawler)"
2a03:2880:f800:12:: - - [12/Jun/2025:10:10:00 -0400] "GET / HTTP/1.1" 200 10845 "-" "meta-externalagent/1.1 (+https://developers.facebook.com/docs/sharing/webmasters/crawler)"
66.249.66.78 - - [12/Jun/2025:10:10:01 -0400] "GET /products/2060195904.phtml HTTP/1.1" 200 24030 "-" "Mozilla/5.0 (Linux; Android 6.0.1; Nexus 5X Build/MMB29P) AppleWebKit/537.36 (KHTML, like Gecko) Chrome/136.0.7103.113 Mobile Safari/537.36 (compatible; GoogleOther)"
2a03:2880:f800:e:: - - [12/Jun/2025:10:09:59 -0400] "GET /shopdetail/219893618 HTTP/1.1" 301 0 "-" "meta-externalagent/1.1 (+https://developers.facebook.com/docs/sharing/webmasters/crawler)"
2a03:2880:f800:e:: - - [12/Jun/2025:10:09:59 -0400] "GET /shopdetail/251416618 HTTP/1.1" 301 0 "-" "meta-externalagent/1.1 (+https://developers.facebook.com/docs/sharing/webmasters/crawler)"
2a03:2880:f800:3:: - - [12/Jun/2025:10:10:04 -0400] "GET / HTTP/1.1" 200 10845 "-" "meta-externalagent/1.1 (+https://developers.facebook.com/docs/sharing/webmasters/crawler)"
216.247.88.4 - - [12/Jun/2025:10:10:04 -0400] "GET /manga/re-monster-chapter-55/ HTTP/1.1" 200 17452 "https://remonster.online/manga/re-monster-chapter-54/" "Mozilla/5.0 (Linux; Android 10; K) AppleWebKit/537.36 (KHTML, like Gecko) Chrome/137.0.0.0 Mobile Safari/537.36"
66.249.66.39 - - [12/Jun/2025:10:10:06 -0400] "GET /item/574665960.phtml HTTP/1.1" 200 28678 "-" "Mozilla/5.0 (Linux; Android 6.0.1; Nexus 5X Build/MMB29P) AppleWebKit/537.36 (KHTML, like Gecko) Chrome/136.0.7103.113 Mobile Safari/537.36 (compatible; GoogleOther)"
2a03:2880:f800:13:: - - [12/Jun/2025:10:10:08 -0400] "GET / HTTP/1.1" 200 10845 "-" "meta-externalagent/1.1 (+https://developers.facebook.com/docs/sharing/webmasters/crawler)"
66.249.66.198 - - [12/Jun/2025:10:10:12 -0400] "GET /detail/%3E%E3%82%A2%E3%82%AC%E3%83%99%E3%81%AE%E5%93%81%E7%A8%AE%E3%81%AB%E8%A9%B3%E3%81%97%E3%81%8F%E3%81%82%E3%82%8A%E3%81%BE%E3%81%9B%E3%82%93%E3%81%AE%E3%81%A7%E3%80%81%E5%90%8D%E5%89%8D%E3%81%8C%E9%96%93%E9%81%95%E3%81%A3%E3%81%A6%E3%81%84%E3%81%9F%E3%82%89%E7%94%B3%E3%81%97%E8%A8%B3%E3%81%82%E3%82%8A%E3%81%BE%E3%81%9B%E3%82%93%E3%80%82%3CDIV%3E%E9%89%A2%E3%81%AE%E5%A4%A7%E3%81%8D%E3%81%95%E3%81%AF%E7%9B%B4%E5%BE%8424%EF%BD%83%EF%BD%8D%E3%81%8F%E3%82%89%E3%81%84%E3%81%A7%E3%81%99%E3%80%82%3C/DIV%3E%3CDIV%3E%E8%B3%BC%E5%85%A5%E6%99%82%E3%81%AB%E3%81%A4%E3%81%84%E3%81%A6%E3%81%84%E3%81%9F%E7%97%9B%E3%81%BF%E3%81%8C%E3%81%82%E3%82%8A%E3%81%BE%E3%81%99%E3%80%82%3CBR%3E%3CDIV%3E%E7%8F%BE%E7%89%A9%E3%82%92%E5%86%99%E7%9C%9F%E3%81%A7%E7%A2%BA%E8%AA%8D%E3%81%97%E3%81%A6%E8%B3%BC%E5%85%A5%E3%81%8A%E9%A1%98%E3%81%84%E8%87%B4%E3%81%97%E3%81%BE%E3%81%99%E3%80%82%3C/DIV%3E%3C/DIV%3E%20%20%20%20%3C/div%3E%20%20%20%20%3Cdiv%20class= HTTP/1.1" 200 25410 "-" "Googlebot-Image/1.0"
162.0.232.193 - - [12/Jun/2025:10:10:18 -0400] "POST /wp-cron.php?doing_wp_cron=1749737417.2516880035400390625000 HTTP/1.1" 200 0 "-" "WordPress/6.6.2; https://remonster.online"
66.249.66.38 - - [12/Jun/2025:10:10:17 -0400] "GET /products/ghm/radicule2056640234.phtml HTTP/1.1" 200 25091 "-" "Mozilla/5.0 (Linux; Android 6.0.1; Nexus 5X Build/MMB29P) AppleWebKit/537.36 (KHTML, like Gecko) Chrome/136.0.7103.113 Mobile Safari/537.36 (compatible; GoogleOther)"
2a03:2880:f800:8:: - - [12/Jun/2025:10:10:15 -0400] "GET /shopdetail/259172418 HTTP/1.1" 301 0 "-" "meta-externalagent/1.1 (+https://developers.facebook.com/docs/sharing/webmasters/crawler)"
2a03:2880:f800:12:: - - [12/Jun/2025:10:10:13 -0400] "GET /shopdetail/197912318 HTTP/1.1" 301 0 "-" "meta-externalagent/1.1 (+https://developers.facebook.com/docs/sharing/webmasters/crawler)"
2a03:2880:f800:e:: - - [12/Jun/2025:10:10:19 -0400] "GET / HTTP/1.1" 200 10845 "-" "meta-externalagent/1.1 (+https://developers.facebook.com/docs/sharing/webmasters/crawler)"
2a03:2880:f800:14:: - - [12/Jun/2025:10:10:20 -0400] "GET / HTTP/1.1" 200 10845 "-" "meta-externalagent/1.1 (+https://developers.facebook.com/docs/sharing/webmasters/crawler)"
66.249.66.162 - - [12/Jun/2025:10:10:23 -0400] "GET /shopping1372981064.phtml HTTP/1.1" 200 24644 "-" "Mozilla/5.0 (Linux; Android 6.0.1; Nexus 5X Build/MMB29P) AppleWebKit/537.36 (KHTML, like Gecko) Chrome/136.0.7103.113 Mobile Safari/537.36 (compatible; GoogleOther)"
66.249.66.13 - - [12/Jun/2025:10:10:29 -0400] "GET /goodscode/2068036802.phtml HTTP/1.1" 200 24784 "-" "Mozilla/5.0 (Linux; Android 6.0.1; Nexus 5X Build/MMB29P) AppleWebKit/537.36 (KHTML, like Gecko) Chrome/136.0.7103.113 Mobile Safari/537.36 (compatible; GoogleOther)"
162.0.232.193 - - [12/Jun/2025:10:10:33 -0400] "POST /wp-cron.php?doing_wp_cron=1749737432.8535110950469970703125 HTTP/1.1" 200 0 "-" "WordPress/6.6.2; https://remonster.online"
2a03:2880:f800:8:: - - [12/Jun/2025:10:10:30 -0400] "GET /shopdetail/334914618 HTTP/1.1" 301 0 "-" "meta-externalagent/1.1 (+https://developers.facebook.com/docs/sharing/webmasters/crawler)"
66.249.66.198 - - [12/Jun/2025:10:10:34 -0400] "GET /item/vaw/hilar/2059242272.phtml HTTP/1.1" 200 23987 "-" "Mozilla/5.0 (Linux; Android 6.0.1; Nexus 5X Build/MMB29P) AppleWebKit/537.36 (KHTML, like Gecko) Chrome/136.0.7103.113 Mobile Safari/537.36 (compatible; GoogleOther)"
2a03:2880:f800:1b:: - - [12/Jun/2025:10:10:35 -0400] "GET / HTTP/1.1" 200 10845 "-" "meta-externalagent/1.1 (+https://developers.facebook.com/docs/sharing/webmasters/crawler)"
2a03:2880:f800:6:: - - [12/Jun/2025:10:10:34 -0400] "GET /shopdetail/146974718 HTTP/1.1" 301 0 "-" "meta-externalagent/1.1 (+https://developers.facebook.com/docs/sharing/webmasters/crawler)"
2a03:2880:f800:d:: - - [12/Jun/2025:10:10:39 -0400] "GET / HTTP/1.1" 200 10845 "-" "meta-externalagent/1.1 (+https://developers.facebook.com/docs/sharing/webmasters/crawler)"
66.249.66.76 - - [12/Jun/2025:10:10:40 -0400] "GET /info872645722.phtml HTTP/1.1" 200 25568 "-" "Mozilla/5.0 (Linux; Android 6.0.1; Nexus 5X Build/MMB29P) AppleWebKit/537.36 (KHTML, like Gecko) Chrome/136.0.7103.113 Mobile Safari/537.36 (compatible; GoogleOther)"
2a03:2880:f800:15:: - - [12/Jun/2025:10:10:41 -0400] "GET /shopdetail/4732318 HTTP/1.1" 301 0 "-" "meta-externalagent/1.1 (+https://developers.facebook.com/docs/sharing/webmasters/crawler)"
2a03:2880:f800:15:: - - [12/Jun/2025:10:10:44 -0400] "GET / HTTP/1.1" 200 10845 "-" "meta-externalagent/1.1 (+https://developers.facebook.com/docs/sharing/webmasters/crawler)"
66.249.66.162 - - [12/Jun/2025:10:10:45 -0400] "GET /goodscode/methyle2061572880.phtml HTTP/1.1" 200 23675 "-" "Mozilla/5.0 (Linux; Android 6.0.1; Nexus 5X Build/MMB29P) AppleWebKit/537.36 (KHTML, like Gecko) Chrome/136.0.7103.113 Mobile Safari/537.36 (compatible; GoogleOther)"
40.77.167.5 - - [12/Jun/2025:10:10:48 -0400] "GET /manga/re-monster-chapter-45/ HTTP/1.1" 200 24633 "-" "Mozilla/5.0 AppleWebKit/537.36 (KHTML, like Gecko; compatible; bingbot/2.0; +http://www.bing.com/bingbot.htm) Chrome/116.0.1938.76 Safari/537.36"
2a03:2880:f800:13:: - - [12/Jun/2025:10:10:50 -0400] "GET /shopdetail/141583318 HTTP/1.1" 301 0 "-" "meta-externalagent/1.1 (+https://developers.facebook.com/docs/sharing/webmasters/crawler)"
66.249.66.38 - - [12/Jun/2025:10:10:51 -0400] "GET /items70035820.phtml HTTP/1.1" 200 24144 "-" "Mozilla/5.0 (Linux; Android 6.0.1; Nexus 5X Build/MMB29P) AppleWebKit/537.36 (KHTML, like Gecko) Chrome/136.0.7103.113 Mobile Safari/537.36 (compatible; GoogleOther)"
2a03:2880:f800:1d:: - - [12/Jun/2025:10:10:53 -0400] "GET / HTTP/1.1" 200 10845 "-" "meta-externalagent/1.1 (+https://developers.facebook.com/docs/sharing/webmasters/crawler)"
66.249.66.38 - - [12/Jun/2025:10:10:56 -0400] "GET /goodscode/suspection2062216636.phtml HTTP/1.1" 200 26229 "-" "Mozilla/5.0 (Linux; Android 6.0.1; Nexus 5X Build/MMB29P) AppleWebKit/537.36 (KHTML, like Gecko) Chrome/136.0.7103.113 Mobile Safari/537.36 (compatible; GoogleOther)"
2003:d1:df27:5f4b:451c:4c79:b8af:d82d - - [12/Jun/2025:10:10:57 -0400] "GET / HTTP/1.1" 200 10845 "https://www.google.com/" "Mozilla/5.0 (Windows NT 10.0; Win64; x64) AppleWebKit/537.36 (KHTML, like Gecko) Chrome/137.0.0.0 Safari/537.36"
66.249.66.76 - - [12/Jun/2025:10:11:02 -0400] "GET /categories/12852348?num=88215 HTTP/1.1" 200 24362 "-" "Mozilla/5.0 (Linux; Android 6.0.1; Nexus 5X Build/MMB29P) AppleWebKit/537.36 (KHTML, like Gecko) Chrome/136.0.7103.113 Mobile Safari/537.36 (compatible; GoogleOther)"
66.249.66.76 - - [12/Jun/2025:10:11:12 -0400] "GET /products/otter870651686.phtml HTTP/1.1" 200 24538 "-" "Mozilla/5.0 (Linux; Android 6.0.1; Nexus 5X Build/MMB29P) AppleWebKit/537.36 (KHTML, like Gecko) Chrome/136.0.7103.113 Mobile Safari/537.36 (compatible; GoogleOther)"
112.201.172.171 - - [12/Jun/2025:10:11:14 -0400] "GET /manga/remonster-chapter-80/ HTTP/1.1" 200 14390 "https://remonster.online/manga/remonster-chapter-79/" "Mozilla/5.0 (Windows NT 10.0; Win64; x64) AppleWebKit/537.36 (KHTML, like Gecko) Chrome/134.0.0.0 Safari/537.36 OPR/119.0.0.0"
112.201.172.171 - - [12/Jun/2025:10:11:15 -0400] "GET /wp-content/plugins/simple-social-buttons/assets/js/frontend-blocks.js?ver=5.3.1 HTTP/1.1" 304 0 "https://remonster.online/manga/remonster-chapter-80/" "Mozilla/5.0 (Windows NT 10.0; Win64; x64) AppleWebKit/537.36 (KHTML, like Gecko) Chrome/134.0.0.0 Safari/537.36 OPR/119.0.0.0"
112.201.172.171 - - [12/Jun/2025:10:11:15 -0400] "GET /wp-content/plugins/links-auto-replacer/public/js/lar-public.js?ver=2.0.0 HTTP/1.1" 304 0 "https://remonster.online/manga/remonster-chapter-80/" "Mozilla/5.0 (Windows NT 10.0; Win64; x64) AppleWebKit/537.36 (KHTML, like Gecko) Chrome/134.0.0.0 Safari/537.36 OPR/119.0.0.0"
112.201.172.171 - - [12/Jun/2025:10:11:16 -0400] "GET /wp-content/themes/toivo-lite/js/settings.min.js?ver=1.2.0 HTTP/1.1" 304 0 "https://remonster.online/manga/remonster-chapter-80/" "Mozilla/5.0 (Windows NT 10.0; Win64; x64) AppleWebKit/537.36 (KHTML, like Gecko) Chrome/134.0.0.0 Safari/537.36 OPR/119.0.0.0"
66.249.66.76 - - [12/Jun/2025:10:11:17 -0400] "GET /item/deformities/101172336.phtml HTTP/1.1" 200 23441 "-" "Mozilla/5.0 (Linux; Android 6.0.1; Nexus 5X Build/MMB29P) AppleWebKit/537.36 (KHTML, like Gecko) Chrome/136.0.7103.113 Mobile Safari/537.36 (compatible; GoogleOther)"
162.0.232.193 - - [12/Jun/2025:10:11:19 -0400] "POST /wp-cron.php?doing_wp_cron=1749737479.1200470924377441406250 HTTP/1.1" 200 0 "-" "WordPress/6.6.2; https://remonster.online"
112.201.172.171 - - [12/Jun/2025:10:11:16 -0400] "POST /wp-admin/admin-ajax.php HTTP/1.1" 200 69 "https://remonster.online/manga/remonster-chapter-80/" "Mozilla/5.0 (Windows NT 10.0; Win64; x64) AppleWebKit/537.36 (KHTML, like Gecko) Chrome/134.0.0.0 Safari/537.36 OPR/119.0.0.0"
66.249.66.13 - - [12/Jun/2025:10:11:22 -0400] "GET /item/geodesist/2063069174.phtml HTTP/1.1" 200 23954 "-" "Mozilla/5.0 (Linux; Android 6.0.1; Nexus 5X Build/MMB29P) AppleWebKit/537.36 (KHTML, like Gecko) Chrome/136.0.7103.113 Mobile Safari/537.36 (compatible; GoogleOther)"
66.249.66.198 - - [12/Jun/2025:10:11:27 -0400] "GET /entity69956294.phtml HTTP/1.1" 200 25482 "-" "Mozilla/5.0 (Linux; Android 6.0.1; Nexus 5X Build/MMB29P) AppleWebKit/537.36 (KHTML, like Gecko) Chrome/136.0.7103.113 Mobile Safari/537.36 (compatible; GoogleOther)"
66.249.66.162 - - [12/Jun/2025:10:11:33 -0400] "GET /products/2058293524.phtml HTTP/1.1" 200 26023 "-" "Mozilla/5.0 (Linux; Android 6.0.1; Nexus 5X Build/MMB29P) AppleWebKit/537.36 (KHTML, like Gecko) Chrome/136.0.7103.113 Mobile Safari/537.36 (compatible; GoogleOther)"
112.201.172.171 - - [12/Jun/2025:10:11:36 -0400] "GET /manga/remonster-chapter-81/ HTTP/1.1" 200 14021 "https://remonster.online/manga/remonster-chapter-80/" "Mozilla/5.0 (Windows NT 10.0; Win64; x64) AppleWebKit/537.36 (KHTML, like Gecko) Chrome/134.0.0.0 Safari/537.36 OPR/119.0.0.0"
66.249.66.13 - - [12/Jun/2025:10:11:38 -0400] "GET /special18692166.phtml HTTP/1.1" 200 23894 "-" "Mozilla/5.0 (Linux; Android 6.0.1; Nexus 5X Build/MMB29P) AppleWebKit/537.36 (KHTML, like Gecko) Chrome/136.0.7103.113 Mobile Safari/537.36 (compatible; GoogleOther)"
162.0.232.193 - - [12/Jun/2025:10:11:39 -0400] "POST /wp-cron.php?doing_wp_cron=1749737499.0558950901031494140625 HTTP/1.1" 200 0 "-" "WordPress/6.6.2; https://remonster.online"
2a03:2880:f800:1c:: - - [12/Jun/2025:10:11:36 -0400] "GET /shopdetail/21850718 HTTP/1.1" 301 0 "-" "meta-externalagent/1.1 (+https://developers.facebook.com/docs/sharing/webmasters/crawler)"
112.201.172.171 - - [12/Jun/2025:10:11:41 -0400] "GET /manga/remonster-chapter-79/ HTTP/1.1" 200 17826 "https://remonster.online/manga/remonster-chapter-80/" "Mozilla/5.0 (Windows NT 10.0; Win64; x64) AppleWebKit/537.36 (KHTML, like Gecko) Chrome/134.0.0.0 Safari/537.36 OPR/119.0.0.0"
2a03:2880:f800:11:: - - [12/Jun/2025:10:11:42 -0400] "GET / HTTP/1.1" 200 10845 "-" "meta-externalagent/1.1 (+https://developers.facebook.com/docs/sharing/webmasters/crawler)"
24.0.214.233 - - [12/Jun/2025:10:11:43 -0400] "GET /manga/re-monster-chapter-55/ HTTP/1.1" 200 17452 "https://remonster.online/manga/re-monster-chapter-54/" "Mozilla/5.0 (Linux; Android 10; K) AppleWebKit/537.36 (KHTML, like Gecko) Chrome/137.0.0.0 Mobile Safari/537.36"
66.249.66.162 - - [12/Jun/2025:10:11:43 -0400] "GET /goodscode/2055345348.phtml HTTP/1.1" 200 26140 "-" "Mozilla/5.0 (Linux; Android 6.0.1; Nexus 5X Build/MMB29P) AppleWebKit/537.36 (KHTML, like Gecko) Chrome/136.0.7103.113 Mobile Safari/537.36 (compatible; GoogleOther)"
112.201.172.171 - - [12/Jun/2025:10:11:44 -0400] "GET /manga/remonster-chapter-80/ HTTP/1.1" 304 0 "https://remonster.online/manga/remonster-chapter-79/" "Mozilla/5.0 (Windows NT 10.0; Win64; x64) AppleWebKit/537.36 (KHTML, like Gecko) Chrome/134.0.0.0 Safari/537.36 OPR/119.0.0.0"
112.201.172.171 - - [12/Jun/2025:10:11:46 -0400] "GET /wp-content/uploads/2021/11/cropped-CeDzRGZ-180x180.png HTTP/1.1" 200 60430 "https://remonster.online/manga/remonster-chapter-80/" "Mozilla/5.0 (Windows NT 10.0; Win64; x64) AppleWebKit/537.36 (KHTML, like Gecko) Chrome/134.0.0.0 Safari/537.36 OPR/119.0.0.0"
112.201.172.171 - - [12/Jun/2025:10:11:46 -0400] "GET /wp-content/uploads/2021/11/cropped-CeDzRGZ-32x32.png HTTP/1.1" 200 2410 "https://remonster.online/manga/remonster-chapter-80/" "Mozilla/5.0 (Windows NT 10.0; Win64; x64) AppleWebKit/537.36 (KHTML, like Gecko) Chrome/134.0.0.0 Safari/537.36 OPR/119.0.0.0"
112.201.172.171 - - [12/Jun/2025:10:11:45 -0400] "POST /wp-admin/admin-ajax.php HTTP/1.1" 200 69 "https://remonster.online/manga/remonster-chapter-80/" "Mozilla/5.0 (Windows NT 10.0; Win64; x64) AppleWebKit/537.36 (KHTML, like Gecko) Chrome/134.0.0.0 Safari/537.36 OPR/119.0.0.0"
2a03:2880:f800:2:: - - [12/Jun/2025:10:11:47 -0400] "GET /shopdetail/313524218 HTTP/1.1" 301 0 "-" "meta-externalagent/1.1 (+https://developers.facebook.com/docs/sharing/webmasters/crawler)"
2a03:2880:f800:9:: - - [12/Jun/2025:10:11:48 -0400] "GET /shopdetail/313467918 HTTP/1.1" 301 0 "-" "meta-externalagent/1.1 (+https://developers.facebook.com/docs/sharing/webmasters/crawler)"
2a03:2880:f800:6:: - - [12/Jun/2025:10:11:50 -0400] "GET / HTTP/1.1" 200 10845 "-" "meta-externalagent/1.1 (+https://developers.facebook.com/docs/sharing/webmasters/crawler)"
66.249.66.163 - - [12/Jun/2025:10:11:51 -0400] "GET /items1372794420.phtml HTTP/1.1" 200 25177 "-" "Mozilla/5.0 (Linux; Android 6.0.1; Nexus 5X Build/MMB29P) AppleWebKit/537.36 (KHTML, like Gecko) Chrome/136.0.7103.113 Mobile Safari/537.36 (compatible; GoogleOther)"
2a03:2880:f800:19:: - - [12/Jun/2025:10:11:51 -0400] "GET / HTTP/1.1" 200 10845 "-" "meta-externalagent/1.1 (+https://developers.facebook.com/docs/sharing/webmasters/crawler)"
2a03:2880:f800:c:: - - [12/Jun/2025:10:11:53 -0400] "GET /shopdetail/3314618 HTTP/1.1" 301 0 "-" "meta-externalagent/1.1 (+https://developers.facebook.com/docs/sharing/webmasters/crawler)"
2a03:2880:f800:2:: - - [12/Jun/2025:10:11:55 -0400] "GET /shopdetail/313569918 HTTP/1.1" 301 0 "-" "meta-externalagent/1.1 (+https://developers.facebook.com/docs/sharing/webmasters/crawler)"
49.145.217.125 - - [12/Jun/2025:10:11:54 -0400] "POST /wp-admin/admin-ajax.php HTTP/1.1" 200 69 "https://remonster.online/manga/re-monster-chapter-71/" "Mozilla/5.0 (iPhone; CPU iPhone OS 12_5_7 like Mac OS X) AppleWebKit/605.1.15 (KHTML, like Gecko) Version/12.1.2 Mobile/15E148 Safari/604.1"
2a03:2880:f800:10:: - - [12/Jun/2025:10:11:58 -0400] "GET / HTTP/1.1" 200 10845 "-" "meta-externalagent/1.1 (+https://developers.facebook.com/docs/sharing/webmasters/crawler)"
2a03:2880:f800:12:: - - [12/Jun/2025:10:12:00 -0400] "GET / HTTP/1.1" 200 10845 "-" "meta-externalagent/1.1 (+https://developers.facebook.com/docs/sharing/webmasters/crawler)"
2a03:2880:f800:7:: - - [12/Jun/2025:10:11:59 -0400] "GET /shopdetail/88095018 HTTP/1.1" 301 0 "-" "meta-externalagent/1.1 (+https://developers.facebook.com/docs/sharing/webmasters/crawler)"
66.249.66.162 - - [12/Jun/2025:10:12:01 -0400] "GET /products/bliny2064922072.phtml HTTP/1.1" 200 24116 "-" "Mozilla/5.0 (Linux; Android 6.0.1; Nexus 5X Build/MMB29P) AppleWebKit/537.36 (KHTML, like Gecko) Chrome/136.0.7103.113 Mobile Safari/537.36 (compatible; GoogleOther)"
2a03:2880:f800:15:: - - [12/Jun/2025:10:12:06 -0400] "GET / HTTP/1.1" 200 10845 "-" "meta-externalagent/1.1 (+https://developers.facebook.com/docs/sharing/webmasters/crawler)"
66.249.66.13 - - [12/Jun/2025:10:12:06 -0400] "GET /product70036394.phtml HTTP/1.1" 200 24328 "-" "Mozilla/5.0 (Linux; Android 6.0.1; Nexus 5X Build/MMB29P) AppleWebKit/537.36 (KHTML, like Gecko) Chrome/136.0.7103.113 Mobile Safari/537.36 (compatible; GoogleOther)"
66.249.66.76 - - [12/Jun/2025:10:12:11 -0400] "GET /products/paleface2059158064.phtml HTTP/1.1" 200 24260 "-" "Mozilla/5.0 (Linux; Android 6.0.1; Nexus 5X Build/MMB29P) AppleWebKit/537.36 (KHTML, like Gecko) Chrome/136.0.7103.113 Mobile Safari/537.36 (compatible; GoogleOther)"
66.249.66.162 - - [12/Jun/2025:10:12:18 -0400] "GET /detail872085402.phtml HTTP/1.1" 200 25555 "-" "Mozilla/5.0 (Linux; Android 6.0.1; Nexus 5X Build/MMB29P) AppleWebKit/537.36 (KHTML, like Gecko) Chrome/136.0.7103.113 Mobile Safari/537.36 (compatible; GoogleOther)"
66.249.66.162 - - [12/Jun/2025:10:12:23 -0400] "GET /goodscode/2060992990.phtml HTTP/1.1" 200 24612 "-" "Mozilla/5.0 (Linux; Android 6.0.1; Nexus 5X Build/MMB29P) AppleWebKit/537.36 (KHTML, like Gecko) Chrome/136.0.7103.113 Mobile Safari/537.36 (compatible; GoogleOther)"
162.0.232.193 - - [12/Jun/2025:10:12:24 -0400] "POST /wp-cron.php?doing_wp_cron=1749737543.5542180538177490234375 HTTP/1.1" 200 0 "-" "WordPress/6.6.2; https://remonster.online"
2a03:2880:f800:1a:: - - [12/Jun/2025:10:12:21 -0400] "GET /shopdetail/92340018 HTTP/1.1" 301 0 "-" "meta-externalagent/1.1 (+https://developers.facebook.com/docs/sharing/webmasters/crawler)"
2a03:2880:f800:e:: - - [12/Jun/2025:10:12:23 -0400] "GET /shopdetail/311412018 HTTP/1.1" 301 0 "-" "meta-externalagent/1.1 (+https://developers.facebook.com/docs/sharing/webmasters/crawler)"
2a03:2880:f800:18:: - - [12/Jun/2025:10:12:26 -0400] "GET / HTTP/1.1" 200 10845 "-" "meta-externalagent/1.1 (+https://developers.facebook.com/docs/sharing/webmasters/crawler)"
2a03:2880:f800:: - - [12/Jun/2025:10:12:27 -0400] "GET / HTTP/1.1" 200 10845 "-" "meta-externalagent/1.1 (+https://developers.facebook.com/docs/sharing/webmasters/crawler)"
112.201.172.171 - - [12/Jun/2025:10:12:29 -0400] "GET /manga/remonster-chapter-78/ HTTP/1.1" 200 17136 "https://remonster.online/manga/remonster-chapter-79/" "Mozilla/5.0 (Windows NT 10.0; Win64; x64) AppleWebKit/537.36 (KHTML, like Gecko) Chrome/134.0.0.0 Safari/537.36 OPR/119.0.0.0"
112.201.172.171 - - [12/Jun/2025:10:12:29 -0400] "GET /manga/remonster-chapter-80/ HTTP/1.1" 304 0 "https://remonster.online/manga/remonster-chapter-79/" "Mozilla/5.0 (Windows NT 10.0; Win64; x64) AppleWebKit/537.36 (KHTML, like Gecko) Chrome/134.0.0.0 Safari/537.36 OPR/119.0.0.0"
112.201.172.171 - - [12/Jun/2025:10:12:30 -0400] "GET /manga/remonster-chapter-80/ HTTP/1.1" 304 0 "https://remonster.online/manga/remonster-chapter-79/" "Mozilla/5.0 (Windows NT 10.0; Win64; x64) AppleWebKit/537.36 (KHTML, like Gecko) Chrome/134.0.0.0 Safari/537.36 OPR/119.0.0.0"
162.0.232.193 - - [12/Jun/2025:10:12:32 -0400] "POST /wp-cron.php?doing_wp_cron=1749737552.4570300579071044921875 HTTP/1.1" 200 0 "-" "WordPress/6.6.2; https://remonster.online"
66.249.66.194 - - [12/Jun/2025:10:12:32 -0400] "GET /products/2054865578.phtml HTTP/1.1" 200 23152 "-" "Mozilla/5.0 (Linux; Android 6.0.1; Nexus 5X Build/MMB29P) AppleWebKit/537.36 (KHTML, like Gecko) Chrome/136.0.7103.113 Mobile Safari/537.36 (compatible; GoogleOther)"
