66.249.66.71 - - [12/Jun/2025:09:33:02 -0400] "GET /products/xhw/%3E%E5%BE%A1%E8%A6%A7%E9%A0%82%E3%81%8D%E3%81%BE%E3%81%97%E3%81%A6%E3%80%81%E3%81%82%E3%82%8A%E3%81%8C%E3%81%A8%E3%81%86%E3%81%94%E3%81%96%E3%81%84%E3%81%BE%E3%81%99%E3%80%82%3CBR%3E%E3%82%B3%E3%83%90%E3%82%B7%20%E9%99%A4%E9%9B%AA%E6%A9%9F%20ST%2010%2010%E9%A6%AC%E5%8A%9B%E3%80%81%E3%82%A8%E3%83%B3%E3%82%B8%E3%83%B3%E5%A7%8B%E5%8B%95%E7%A2%BA%E8%AA%8D%E6%B8%88%E3%81%BF%E3%80%81%E4%BD%9C%E5%8B%95%E3%81%97%E3%81%BE%E3%81%99%E3%80%82%3CBR%3E%E4%BD%BF%E3%81%88%E3%81%BE%E3%81%99%E3%80%82%3CBR%3E%E7%8F%BE%E7%8A%B6%E5%93%81%E3%81%8A%E6%B8%A1%E3%81%97%E3%81%A7%E3%81%99%E3%80%82%E7%94%BB%E5%83%8F%E3%81%94%E7%A2%BA%E8%AA%8D%E3%81%AB%E3%81%A6%E3%80%81%E3%81%94%E5%88%A4%E6%96%AD%E3%81%A8%E3%81%94%E7%90%86%E8%A7%A3%E9%A0%82%E3%81%84%E3%81%9F%E4%B8%8A%E3%81%A7%E3%81%94%E5%85%A5%E6%9C%AD%E3%82%92%E3%81%8A%E5%BE%85%E3%81%A1%E3%81%97%E3%81%A6%E3%81%8A%E3%82%8A%E3%81%BE%E3%81%99%E3%80%82%E3%83%8E%E3%83%BC%E3%82%AF%E3%83%AC%E3%83%BC%E3%83%A0%E3%80%81%E3%83%8E%E3%83%BC%E3%83%AA%E3%82%BF%E3%83%BC%E3%83%B3%E3%81%A7%E5%AE%9C%E3%81%97%E3%81%8F%E3%81%8A%E9%A1%98%E3%81%84%E8%87%B4%E3%81%97%E3%81%BE%E3%81%99%E3%80%82%20%20%20%20%3C/div%3E%20%20%20%20%3Cdiv%20class= HTTP/1.1" 200 25658 "-" "Googlebot-Image/1.0"
66.249.66.70 - - [12/Jun/2025:09:33:09 -0400] "GET /goodscode/frothless2063099726.phtml HTTP/1.1" 200 25677 "-" "Mozilla/5.0 (Linux; Android 6.0.1; Nexus 5X Build/MMB29P) AppleWebKit/537.36 (KHTML, like Gecko) Chrome/136.0.7103.113 Mobile Safari/537.36 (compatible; GoogleOther)"
66.249.66.69 - - [12/Jun/2025:09:33:17 -0400] "GET /goodscode/involucellate870018140.phtml HTTP/1.1" 200 23376 "-" "Mozilla/5.0 (Linux; Android 6.0.1; Nexus 5X Build/MMB29P) AppleWebKit/537.36 (KHTML, like Gecko) Chrome/136.0.7103.113 Mobile Safari/537.36 (compatible; GoogleOther)"
2a03:2880:f800:12:: - - [12/Jun/2025:09:33:19 -0400] "GET /shopdetail/165180018 HTTP/1.1" 301 0 "-" "meta-externalagent/1.1 (+https://developers.facebook.com/docs/sharing/webmasters/crawler)"
2a03:2880:f800:16:: - - [12/Jun/2025:09:33:23 -0400] "GET / HTTP/1.1" 200 10845 "-" "meta-externalagent/1.1 (+https://developers.facebook.com/docs/sharing/webmasters/crawler)"
2a03:2880:f800:7:: - - [12/Jun/2025:09:33:20 -0400] "GET /shopdetail/127610718 HTTP/1.1" 301 0 "-" "meta-externalagent/1.1 (+https://developers.facebook.com/docs/sharing/webmasters/crawler)"
66.249.66.69 - - [12/Jun/2025:09:33:24 -0400] "GET /goodscode/drq/rolliche868542444.phtml HTTP/1.1" 200 23774 "-" "Mozilla/5.0 (Linux; Android 6.0.1; Nexus 5X Build/MMB29P) AppleWebKit/537.36 (KHTML, like Gecko) Chrome/136.0.7103.113 Mobile Safari/537.36 (compatible; GoogleOther)"
66.249.66.69 - - [12/Jun/2025:09:33:31 -0400] "GET /products/873009638.phtml HTTP/1.1" 200 23810 "-" "Mozilla/5.0 (Linux; Android 6.0.1; Nexus 5X Build/MMB29P) AppleWebKit/537.36 (KHTML, like Gecko) Chrome/136.0.7103.113 Mobile Safari/537.36 (compatible; GoogleOther)"
2a03:2880:f800:10:: - - [12/Jun/2025:09:33:31 -0400] "GET /shopdetail/400455618 HTTP/1.1" 301 0 "-" "meta-externalagent/1.1 (+https://developers.facebook.com/docs/sharing/webmasters/crawler)"
2a03:2880:f800:15:: - - [12/Jun/2025:09:33:33 -0400] "GET /shopdetail/333821718 HTTP/1.1" 301 0 "-" "meta-externalagent/1.1 (+https://developers.facebook.com/docs/sharing/webmasters/crawler)"
66.249.66.69 - - [12/Jun/2025:09:33:38 -0400] "GET /goodscode19359728.phtml HTTP/1.1" 200 23697 "-" "Mozilla/5.0 (Linux; Android 6.0.1; Nexus 5X Build/MMB29P) AppleWebKit/537.36 (KHTML, like Gecko) Chrome/136.0.7103.113 Mobile Safari/537.36 (compatible; GoogleOther)"
2a03:2880:f800:12:: - - [12/Jun/2025:09:33:34 -0400] "GET /shopdetail/252931318 HTTP/1.1" 301 0 "-" "meta-externalagent/1.1 (+https://developers.facebook.com/docs/sharing/webmasters/crawler)"
2a03:2880:f800:1d:: - - [12/Jun/2025:09:33:40 -0400] "GET / HTTP/1.1" 200 10845 "-" "meta-externalagent/1.1 (+https://developers.facebook.com/docs/sharing/webmasters/crawler)"
2a03:2880:f800:12:: - - [12/Jun/2025:09:33:36 -0400] "GET /shopdetail/23027318 HTTP/1.1" 301 0 "-" "meta-externalagent/1.1 (+https://developers.facebook.com/docs/sharing/webmasters/crawler)"
2a03:2880:f800:a:: - - [12/Jun/2025:09:33:41 -0400] "GET / HTTP/1.1" 200 10845 "-" "meta-externalagent/1.1 (+https://developers.facebook.com/docs/sharing/webmasters/crawler)"
107.155.100.50 - - [12/Jun/2025:09:33:36 -0400] "GET /ads.txt HTTP/1.1" 301 0 "-" "scan ads.txt"
107.155.100.50 - - [12/Jun/2025:09:33:43 -0400] "GET / HTTP/1.1" 200 10845 "https://remonster.online/ads.txt" "scan ads.txt"
66.249.66.69 - - [12/Jun/2025:09:33:45 -0400] "GET /item/i/handseled/2060419834.phtml HTTP/1.1" 200 24788 "-" "Mozilla/5.0 (Linux; Android 6.0.1; Nexus 5X Build/MMB29P) AppleWebKit/537.36 (KHTML, like Gecko) Chrome/136.0.7103.113 Mobile Safari/537.36 (compatible; GoogleOther)"
162.0.232.193 - - [12/Jun/2025:09:33:58 -0400] "POST /wp-cron.php?doing_wp_cron=1749735238.2538518905639648437500 HTTP/1.1" 200 0 "-" "WordPress/6.6.2; https://remonster.online"
66.249.66.69 - - [12/Jun/2025:09:33:58 -0400] "GET /shopbrand73637438.phtml HTTP/1.1" 200 24674 "-" "Mozilla/5.0 (Linux; Android 6.0.1; Nexus 5X Build/MMB29P) AppleWebKit/537.36 (KHTML, like Gecko) Chrome/136.0.7103.113 Mobile Safari/537.36 (compatible; GoogleOther)"
2a03:2880:f800:1c:: - - [12/Jun/2025:09:33:56 -0400] "GET /shopdetail/101422118 HTTP/1.1" 301 0 "-" "meta-externalagent/1.1 (+https://developers.facebook.com/docs/sharing/webmasters/crawler)"
2a03:2880:f800:10:: - - [12/Jun/2025:09:34:00 -0400] "GET / HTTP/1.1" 200 10845 "-" "meta-externalagent/1.1 (+https://developers.facebook.com/docs/sharing/webmasters/crawler)"
2a03:2880:f800:b:: - - [12/Jun/2025:09:34:02 -0400] "GET /shopdetail/384421918 HTTP/1.1" 301 0 "-" "meta-externalagent/1.1 (+https://developers.facebook.com/docs/sharing/webmasters/crawler)"
66.249.66.69 - - [12/Jun/2025:09:34:04 -0400] "GET /products/overstocked/2057685134.phtml HTTP/1.1" 200 25939 "-" "Mozilla/5.0 (Linux; Android 6.0.1; Nexus 5X Build/MMB29P) AppleWebKit/537.36 (KHTML, like Gecko) Chrome/136.0.7103.113 Mobile Safari/537.36 (compatible; GoogleOther)"
2a03:2880:f800:1c:: - - [12/Jun/2025:09:34:05 -0400] "GET / HTTP/1.1" 200 10845 "-" "meta-externalagent/1.1 (+https://developers.facebook.com/docs/sharing/webmasters/crawler)"
66.249.66.69 - - [12/Jun/2025:09:34:09 -0400] "GET /item/stormcock871224004.phtml HTTP/1.1" 200 24438 "-" "Mozilla/5.0 (Linux; Android 6.0.1; Nexus 5X Build/MMB29P) AppleWebKit/537.36 (KHTML, like Gecko) Chrome/136.0.7103.113 Mobile Safari/537.36 (compatible; GoogleOther)"
66.249.66.69 - - [12/Jun/2025:09:34:15 -0400] "GET /products/duennas2065163140.phtml HTTP/1.1" 200 26054 "-" "Mozilla/5.0 (Linux; Android 6.0.1; Nexus 5X Build/MMB29P) AppleWebKit/537.36 (KHTML, like Gecko) Chrome/136.0.7103.113 Mobile Safari/537.36 (compatible; GoogleOther)"
66.249.66.69 - - [12/Jun/2025:09:34:20 -0400] "GET /goodscode/14270156.phtml HTTP/1.1" 200 23681 "-" "Mozilla/5.0 (Linux; Android 6.0.1; Nexus 5X Build/MMB29P) AppleWebKit/537.36 (KHTML, like Gecko) Chrome/136.0.7103.113 Mobile Safari/537.36 (compatible; GoogleOther)"
66.249.66.69 - - [12/Jun/2025:09:34:26 -0400] "GET /products/2057201966.phtml HTTP/1.1" 200 24618 "-" "Mozilla/5.0 (Linux; Android 6.0.1; Nexus 5X Build/MMB29P) AppleWebKit/537.36 (KHTML, like Gecko) Chrome/136.0.7103.113 Mobile Safari/537.36 (compatible; GoogleOther)"
162.0.232.193 - - [12/Jun/2025:09:34:30 -0400] "POST /wp-cron.php?doing_wp_cron=1749735270.1741020679473876953125 HTTP/1.1" 200 0 "-" "WordPress/6.6.2; https://remonster.online"
2a03:2880:f800:10:: - - [12/Jun/2025:09:34:28 -0400] "GET /shopdetail/144810418 HTTP/1.1" 301 0 "-" "meta-externalagent/1.1 (+https://developers.facebook.com/docs/sharing/webmasters/crawler)"
66.249.66.69 - - [12/Jun/2025:09:34:31 -0400] "GET /goodscode/2056742414.phtml HTTP/1.1" 200 24192 "-" "Mozilla/5.0 (Linux; Android 6.0.1; Nexus 5X Build/MMB29P) AppleWebKit/537.36 (KHTML, like Gecko) Chrome/136.0.7103.113 Mobile Safari/537.36 (compatible; GoogleOther)"
66.249.66.69 - - [12/Jun/2025:09:34:36 -0400] "GET /item/71986976.phtml HTTP/1.1" 200 23323 "-" "Mozilla/5.0 (Linux; Android 6.0.1; Nexus 5X Build/MMB29P) AppleWebKit/537.36 (KHTML, like Gecko) Chrome/136.0.7103.113 Mobile Safari/537.36 (compatible; GoogleOther)"
66.249.66.69 - - [12/Jun/2025:09:34:42 -0400] "GET /products/columbium2067862094.phtml HTTP/1.1" 200 24026 "-" "Mozilla/5.0 (Linux; Android 6.0.1; Nexus 5X Build/MMB29P) AppleWebKit/537.36 (KHTML, like Gecko) Chrome/136.0.7103.113 Mobile Safari/537.36 (compatible; GoogleOther)"
66.249.66.69 - - [12/Jun/2025:09:34:47 -0400] "GET /item/%3ENIKE%20REACT%20INFINITY%20RUN%20FLYKNIT%202%20%3CDIV%3E%3CDIV%3E%E5%93%81%E7%95%AA%20CD%204372-002%20%20%E3%82%B5%E3%82%A4%E3%82%BA%2024.5%EF%BD%83%EF%BD%8D%3C/DIV%3E%3CDIV%3E%3CSPAN%3E%E3%81%8A%E8%89%B2%20%E3%83%96%E3%83%A9%E3%83%83%E3%82%AF%3C/SPAN%3E%3C/DIV%3E%3CDIV%3E%3CSPAN%3E%3CBR%3E%3C/SPAN%3E%3C/DIV%3E%3CDIV%3E%E3%82%B9%E3%83%AA%E3%83%83%E3%83%9D%E3%83%B3%E3%81%AE%E6%A7%98%E3%81%AB%E8%B6%B3%E5%85%A5%E3%82%8C%E3%81%97%E3%82%84%E3%81%99%E3%81%84%E3%81%A7%E3%81%99%E3%80%82%3C/DIV%3E%3CDIV%3E%3CBR%3E%3C/DIV%3E%3CDIV%3E%E7%BE%8E%E5%93%81%E3%81%A0%E3%81%A8%E6%80%9D%E3%81%84%E3%81%BE%E3%81%99%E3%80%82%20%20%E3%81%8A%E7%AE%B1%E3%81%AF%E3%81%94%E3%81%96%E3%81%84%E3%81%BE%E3%81%9B%E3%82%93%E3%80%82%3C/DIV%3E%3C/DIV%3E%20%20%20%20%3C/div%3E%20%20%20%20%3Cdiv%20class= HTTP/1.1" 200 25382 "-" "Googlebot-Image/1.0"
66.249.66.69 - - [12/Jun/2025:09:34:52 -0400] "GET /goodscode/mudarin135969390.phtml HTTP/1.1" 200 24487 "-" "Mozilla/5.0 (Linux; Android 6.0.1; Nexus 5X Build/MMB29P) AppleWebKit/537.36 (KHTML, like Gecko) Chrome/136.0.7103.113 Mobile Safari/537.36 (compatible; GoogleOther)"
66.249.66.69 - - [12/Jun/2025:09:34:57 -0400] "GET /products/deifying/2061975758.phtml HTTP/1.1" 200 23516 "-" "Mozilla/5.0 (Linux; Android 6.0.1; Nexus 5X Build/MMB29P) AppleWebKit/537.36 (KHTML, like Gecko) Chrome/136.0.7103.113 Mobile Safari/537.36 (compatible; GoogleOther)"
2a03:2880:f800:13:: - - [12/Jun/2025:09:34:59 -0400] "GET /shopdetail/114409418 HTTP/1.1" 301 0 "-" "meta-externalagent/1.1 (+https://developers.facebook.com/docs/sharing/webmasters/crawler)"
83.23.90.48 - - [12/Jun/2025:09:34:56 -0400] "POST /wp-admin/admin-ajax.php HTTP/1.1" 200 69 "https://remonster.online/manga/re-monster-chapter-68/" "Mozilla/5.0 (Windows NT 10.0; Win64; x64) AppleWebKit/537.36 (KHTML, like Gecko) Chrome/134.0.0.0 Safari/537.36 OPR/119.0.0.0"
66.249.66.70 - - [12/Jun/2025:09:35:02 -0400] "GET /item120337976.phtml HTTP/1.1" 200 23747 "-" "Mozilla/5.0 (Linux; Android 6.0.1; Nexus 5X Build/MMB29P) AppleWebKit/537.36 (KHTML, like Gecko) Chrome/136.0.7103.113 Mobile Safari/537.36 (compatible; GoogleOther)"
2a03:2880:f800:19:: - - [12/Jun/2025:09:35:03 -0400] "GET / HTTP/1.1" 200 10845 "-" "meta-externalagent/1.1 (+https://developers.facebook.com/docs/sharing/webmasters/crawler)"
66.249.66.69 - - [12/Jun/2025:09:35:07 -0400] "GET /products/tamul867721420.phtml HTTP/1.1" 200 24969 "-" "Mozilla/5.0 (Linux; Android 6.0.1; Nexus 5X Build/MMB29P) AppleWebKit/537.36 (KHTML, like Gecko) Chrome/136.0.7103.113 Mobile Safari/537.36 (compatible; GoogleOther)"
66.249.66.69 - - [12/Jun/2025:09:35:12 -0400] "GET /goodscode/135575888.phtml HTTP/1.1" 200 26877 "-" "Mozilla/5.0 (Linux; Android 6.0.1; Nexus 5X Build/MMB29P) AppleWebKit/537.36 (KHTML, like Gecko) Chrome/136.0.7103.113 Mobile Safari/537.36 (compatible; GoogleOther)"
2a03:2880:f800:b:: - - [12/Jun/2025:09:35:13 -0400] "GET /shopdetail/87420018 HTTP/1.1" 301 0 "-" "meta-externalagent/1.1 (+https://developers.facebook.com/docs/sharing/webmasters/crawler)"
2a03:2880:f800:d:: - - [12/Jun/2025:09:35:17 -0400] "GET / HTTP/1.1" 200 10845 "-" "meta-externalagent/1.1 (+https://developers.facebook.com/docs/sharing/webmasters/crawler)"
66.249.66.69 - - [12/Jun/2025:09:35:18 -0400] "GET /goodscode/2055322628.phtml HTTP/1.1" 200 24754 "-" "Mozilla/5.0 (Linux; Android 6.0.1; Nexus 5X Build/MMB29P) AppleWebKit/537.36 (KHTML, like Gecko) Chrome/136.0.7103.113 Mobile Safari/537.36 (compatible; GoogleOther)"
66.249.66.69 - - [12/Jun/2025:09:35:23 -0400] "GET /item/katsuwonus17406516.phtml HTTP/1.1" 200 23897 "-" "Mozilla/5.0 (Linux; Android 6.0.1; Nexus 5X Build/MMB29P) AppleWebKit/537.36 (KHTML, like Gecko) Chrome/136.0.7103.113 Mobile Safari/537.36 (compatible; GoogleOther)"
66.249.66.69 - - [12/Jun/2025:09:35:28 -0400] "GET /item/paralbumin/872348748.phtml HTTP/1.1" 200 23375 "-" "Mozilla/5.0 (Linux; Android 6.0.1; Nexus 5X Build/MMB29P) AppleWebKit/537.36 (KHTML, like Gecko) Chrome/136.0.7103.113 Mobile Safari/537.36 (compatible; GoogleOther)"
162.0.232.193 - - [12/Jun/2025:09:35:31 -0400] "POST /wp-cron.php?doing_wp_cron=1749735331.1421689987182617187500 HTTP/1.1" 200 0 "-" "WordPress/6.6.2; https://remonster.online"
2a03:2880:f800:7:: - - [12/Jun/2025:09:35:30 -0400] "GET /shopdetail/299685318 HTTP/1.1" 301 0 "-" "meta-externalagent/1.1 (+https://developers.facebook.com/docs/sharing/webmasters/crawler)"
66.249.66.69 - - [12/Jun/2025:09:35:34 -0400] "GET /items103859544.phtml HTTP/1.1" 200 24644 "-" "Mozilla/5.0 (Linux; Android 6.0.1; Nexus 5X Build/MMB29P) AppleWebKit/537.36 (KHTML, like Gecko) Chrome/136.0.7103.113 Mobile Safari/537.36 (compatible; GoogleOther)"
2a03:2880:f800:10:: - - [12/Jun/2025:09:35:35 -0400] "GET / HTTP/1.1" 200 10845 "-" "meta-externalagent/1.1 (+https://developers.facebook.com/docs/sharing/webmasters/crawler)"
2a03:2880:f800:1:: - - [12/Jun/2025:09:35:39 -0400] "GET /shopdetail/332443718 HTTP/1.1" 301 0 "-" "meta-externalagent/1.1 (+https://developers.facebook.com/docs/sharing/webmasters/crawler)"
66.249.66.69 - - [12/Jun/2025:09:35:39 -0400] "GET /products/jugata2059241116.phtml HTTP/1.1" 200 23852 "-" "Mozilla/5.0 (Linux; Android 6.0.1; Nexus 5X Build/MMB29P) AppleWebKit/537.36 (KHTML, like Gecko) Chrome/136.0.7103.113 Mobile Safari/537.36 (compatible; GoogleOther)"
2a03:2880:f800:7:: - - [12/Jun/2025:09:35:40 -0400] "GET /shopdetail/314941018 HTTP/1.1" 301 0 "-" "meta-externalagent/1.1 (+https://developers.facebook.com/docs/sharing/webmasters/crawler)"
2a03:2880:f800:15:: - - [12/Jun/2025:09:35:40 -0400] "GET /shopdetail/106397018 HTTP/1.1" 301 0 "-" "meta-externalagent/1.1 (+https://developers.facebook.com/docs/sharing/webmasters/crawler)"
2a03:2880:f800:7:: - - [12/Jun/2025:09:35:40 -0400] "GET /shopdetail/395270018 HTTP/1.1" 301 0 "-" "meta-externalagent/1.1 (+https://developers.facebook.com/docs/sharing/webmasters/crawler)"
2a03:2880:f800:d:: - - [12/Jun/2025:09:35:41 -0400] "GET / HTTP/1.1" 200 10845 "-" "meta-externalagent/1.1 (+https://developers.facebook.com/docs/sharing/webmasters/crawler)"
2a03:2880:f800:9:: - - [12/Jun/2025:09:35:42 -0400] "GET / HTTP/1.1" 200 10845 "-" "meta-externalagent/1.1 (+https://developers.facebook.com/docs/sharing/webmasters/crawler)"
2a03:2880:f800:15:: - - [12/Jun/2025:09:35:42 -0400] "GET / HTTP/1.1" 200 10845 "-" "meta-externalagent/1.1 (+https://developers.facebook.com/docs/sharing/webmasters/crawler)"
2a03:2880:f800:c:: - - [12/Jun/2025:09:35:43 -0400] "GET / HTTP/1.1" 200 10845 "-" "meta-externalagent/1.1 (+https://developers.facebook.com/docs/sharing/webmasters/crawler)"
66.249.66.69 - - [12/Jun/2025:09:35:44 -0400] "GET /special/dqs/obstacle/%3E%E8%90%BD%E6%9C%AD%E3%81%97%E3%81%BE%E3%81%97%E3%81%9F%E3%81%8C%E4%BC%BC%E5%90%88%E3%82%8F%E3%81%AA%E3%81%8B%E3%81%A3%E3%81%9F%E3%81%AE%E3%81%A7%E5%87%BA%E5%93%81%E8%87%B4%E3%81%97%E3%81%BE%E3%81%99%E3%80%82%3CBR%3E%3CBR%3E%E8%A9%A6%E7%9D%80%E3%81%AE%E3%81%BF%3CBR%3E%3CBR%3EMARNI%3CBR%3E%3CBR%3E%3CBR%3E%E8%BA%AB%E5%B9%85%EF%BC%94%EF%BC%95%E3%8E%9D~%E3%83%95%E3%83%AD%E3%83%B3%E3%83%88%E3%83%AA%E3%83%9C%E3%83%B3%E3%81%AE%E9%83%A8%E5%88%86%E3%81%A7%E5%A4%9A%E5%B0%91%E3%81%AE%E8%AA%BF%E7%AF%80%E3%81%A7%E3%81%8D%E3%81%BE%E3%81%99%E3%80%82%3CBR%3E%E7%94%BB%E5%83%8F%E3%81%AE%E7%8A%B6%E6%85%8B%E3%81%A7%EF%BC%94%EF%BC%95%E3%8E%9D%E7%A8%8B%E3%81%A8%E3%81%AA%E3%82%8A%E3%81%BE%E3%81%99%E3%80%82%3CBR%3E%3CBR%3E%3CBR%3E%E4%B8%88%EF%BC%91%EF%BC%90%EF%BC%95%E3%8E%9D~%EF%BC%91%EF%BC%91%EF%BC%91%E3%8E%9D%3CBR%3E%3CBR%3ENC%20%20NR%E3%81%A7%E5%AE%9C%E3%81%97%E3%81%8F%E3%81%8A%E9%A1%98%E3%81%84%E8%87%B4%E3%81%97%E3%81%BE%E3%81%99%E3%80%82%20%20%20%20%3C/div%3E%20%20%20%20%3Cdiv%20class= HTTP/1.1" 200 25456 "-" "Googlebot-Image/1.0"
66.249.66.69 - - [12/Jun/2025:09:35:48 -0400] "GET /goodscode2056583436.phtml HTTP/1.1" 200 24487 "-" "Mozilla/5.0 (Linux; Android 6.0.1; Nexus 5X Build/MMB29P) AppleWebKit/537.36 (KHTML, like Gecko) Chrome/136.0.7103.113 Mobile Safari/537.36 (compatible; GoogleOther)"
2001:fd8:b73a:6600:c498:dbc2:1f3a:154c - - [12/Jun/2025:09:35:49 -0400] "GET /manga/remonster-chapter-80/ HTTP/1.1" 200 14383 "https://remonster.online/manga/remonster-chapter-79/" "Mozilla/5.0 (iPhone; CPU iPhone OS 17_5_1 like Mac OS X) AppleWebKit/605.1.15 (KHTML, like Gecko) Version/17.5 Mobile/15E148 Safari/604.1"
66.249.66.70 - - [12/Jun/2025:09:35:53 -0400] "GET /products/xug/badgering/869632016.phtml HTTP/1.1" 200 23970 "-" "Mozilla/5.0 (Linux; Android 6.0.1; Nexus 5X Build/MMB29P) AppleWebKit/537.36 (KHTML, like Gecko) Chrome/136.0.7103.113 Mobile Safari/537.36 (compatible; GoogleOther)"
2001:fd8:b73a:6600:c498:dbc2:1f3a:154c - - [12/Jun/2025:09:35:50 -0400] "POST /wp-admin/admin-ajax.php HTTP/1.1" 200 69 "https://remonster.online/manga/remonster-chapter-80/" "Mozilla/5.0 (iPhone; CPU iPhone OS 17_5_1 like Mac OS X) AppleWebKit/605.1.15 (KHTML, like Gecko) Version/17.5 Mobile/15E148 Safari/604.1"
66.249.66.69 - - [12/Jun/2025:09:35:58 -0400] "GET /info/19047482.phtml HTTP/1.1" 200 24060 "-" "Mozilla/5.0 (Linux; Android 6.0.1; Nexus 5X Build/MMB29P) AppleWebKit/537.36 (KHTML, like Gecko) Chrome/136.0.7103.113 Mobile Safari/537.36 (compatible; GoogleOther)"
2a03:2880:f800:7:: - - [12/Jun/2025:09:36:01 -0400] "GET /shopdetail/244499818 HTTP/1.1" 301 0 "-" "meta-externalagent/1.1 (+https://developers.facebook.com/docs/sharing/webmasters/crawler)"
2a03:2880:f800:2:: - - [12/Jun/2025:09:36:01 -0400] "GET /shopdetail/265328718 HTTP/1.1" 301 0 "-" "meta-externalagent/1.1 (+https://developers.facebook.com/docs/sharing/webmasters/crawler)"
2a03:2880:f800:6:: - - [12/Jun/2025:09:36:02 -0400] "GET /shopdetail/434595118 HTTP/1.1" 301 0 "-" "meta-externalagent/1.1 (+https://developers.facebook.com/docs/sharing/webmasters/crawler)"
66.249.66.70 - - [12/Jun/2025:09:36:02 -0400] "GET /products/869998050.phtml HTTP/1.1" 200 24784 "-" "Mozilla/5.0 (Linux; Android 6.0.1; Nexus 5X Build/MMB29P) AppleWebKit/537.36 (KHTML, like Gecko) Chrome/136.0.7103.113 Mobile Safari/537.36 (compatible; GoogleOther)"
2a03:2880:f800:1:: - - [12/Jun/2025:09:36:04 -0400] "GET / HTTP/1.1" 200 10845 "-" "meta-externalagent/1.1 (+https://developers.facebook.com/docs/sharing/webmasters/crawler)"
2a03:2880:f800:14:: - - [12/Jun/2025:09:36:05 -0400] "GET / HTTP/1.1" 200 10845 "-" "meta-externalagent/1.1 (+https://developers.facebook.com/docs/sharing/webmasters/crawler)"
2a03:2880:f800:6:: - - [12/Jun/2025:09:36:06 -0400] "GET / HTTP/1.1" 200 10845 "-" "meta-externalagent/1.1 (+https://developers.facebook.com/docs/sharing/webmasters/crawler)"
66.249.66.69 - - [12/Jun/2025:09:36:07 -0400] "GET /products101400762.phtml HTTP/1.1" 200 23966 "-" "Mozilla/5.0 (Linux; Android 6.0.1; Nexus 5X Build/MMB29P) AppleWebKit/537.36 (KHTML, like Gecko) Chrome/136.0.7103.113 Mobile Safari/537.36 (compatible; GoogleOther)"
2a03:2880:f800:1a:: - - [12/Jun/2025:09:36:08 -0400] "GET /shopdetail/435817018 HTTP/1.1" 301 0 "-" "meta-externalagent/1.1 (+https://developers.facebook.com/docs/sharing/webmasters/crawler)"
2a03:2880:f800:13:: - - [12/Jun/2025:09:36:11 -0400] "GET / HTTP/1.1" 200 10845 "-" "meta-externalagent/1.1 (+https://developers.facebook.com/docs/sharing/webmasters/crawler)"
66.249.66.69 - - [12/Jun/2025:09:36:12 -0400] "GET /products/enucurus2066678562.phtml HTTP/1.1" 200 23623 "-" "Mozilla/5.0 (Linux; Android 6.0.1; Nexus 5X Build/MMB29P) AppleWebKit/537.36 (KHTML, like Gecko) Chrome/136.0.7103.113 Mobile Safari/537.36 (compatible; GoogleOther)"
66.249.66.69 - - [12/Jun/2025:09:36:21 -0400] "GET /goods136897990.phtml HTTP/1.1" 200 24980 "-" "Mozilla/5.0 (Linux; Android 6.0.1; Nexus 5X Build/MMB29P) AppleWebKit/537.36 (KHTML, like Gecko) Chrome/136.0.7103.113 Mobile Safari/537.36 (compatible; GoogleOther)"
66.249.66.69 - - [12/Jun/2025:09:36:25 -0400] "GET /products/emetocathartic872931400.phtml HTTP/1.1" 200 24418 "-" "Mozilla/5.0 (Linux; Android 6.0.1; Nexus 5X Build/MMB29P) AppleWebKit/537.36 (KHTML, like Gecko) Chrome/136.0.7103.113 Mobile Safari/537.36 (compatible; GoogleOther)"
66.249.66.69 - - [12/Jun/2025:09:36:34 -0400] "GET /products/dimer2061941738.phtml HTTP/1.1" 200 24074 "-" "Mozilla/5.0 (Linux; Android 6.0.1; Nexus 5X Build/MMB29P) AppleWebKit/537.36 (KHTML, like Gecko) Chrome/136.0.7103.113 Mobile Safari/537.36 (compatible; GoogleOther)"
66.249.66.69 - - [12/Jun/2025:09:36:43 -0400] "GET /products114493488.phtml HTTP/1.1" 200 23748 "-" "Mozilla/5.0 (Linux; Android 6.0.1; Nexus 5X Build/MMB29P) AppleWebKit/537.36 (KHTML, like Gecko) Chrome/136.0.7103.113 Mobile Safari/537.36 (compatible; GoogleOther)"
162.0.232.193 - - [12/Jun/2025:09:36:45 -0400] "POST /wp-cron.php?doing_wp_cron=1749735405.4474549293518066406250 HTTP/1.1" 200 0 "-" "WordPress/6.6.2; https://remonster.online"
2a03:2880:f800:9:: - - [12/Jun/2025:09:36:43 -0400] "GET /shopdetail/355198618 HTTP/1.1" 301 0 "-" "meta-externalagent/1.1 (+https://developers.facebook.com/docs/sharing/webmasters/crawler)"
66.249.66.69 - - [12/Jun/2025:09:36:47 -0400] "GET /products/imperatival872454392.phtml HTTP/1.1" 200 23494 "-" "Mozilla/5.0 (Linux; Android 6.0.1; Nexus 5X Build/MMB29P) AppleWebKit/537.36 (KHTML, like Gecko) Chrome/136.0.7103.113 Mobile Safari/537.36 (compatible; GoogleOther)"
2a03:2880:f800:14:: - - [12/Jun/2025:09:36:48 -0400] "GET / HTTP/1.1" 200 10845 "-" "meta-externalagent/1.1 (+https://developers.facebook.com/docs/sharing/webmasters/crawler)"
66.249.66.69 - - [12/Jun/2025:09:36:51 -0400] "GET /goodscode/68498640.phtml HTTP/1.1" 200 24082 "-" "Mozilla/5.0 (Linux; Android 6.0.1; Nexus 5X Build/MMB29P) AppleWebKit/537.36 (KHTML, like Gecko) Chrome/136.0.7103.113 Mobile Safari/537.36 (compatible; GoogleOther)"
2a03:2880:f800:16:: - - [12/Jun/2025:09:36:51 -0400] "GET /shopdetail/337335818 HTTP/1.1" 301 0 "-" "meta-externalagent/1.1 (+https://developers.facebook.com/docs/sharing/webmasters/crawler)"
2a03:2880:f800:6:: - - [12/Jun/2025:09:36:56 -0400] "GET / HTTP/1.1" 200 10845 "-" "meta-externalagent/1.1 (+https://developers.facebook.com/docs/sharing/webmasters/crawler)"
66.249.66.69 - - [12/Jun/2025:09:36:59 -0400] "GET /products/qw/clamorer871781946.phtml HTTP/1.1" 200 24376 "-" "Mozilla/5.0 (Linux; Android 6.0.1; Nexus 5X Build/MMB29P) AppleWebKit/537.36 (KHTML, like Gecko) Chrome/136.0.7103.113 Mobile Safari/537.36 (compatible; GoogleOther)"
66.249.66.69 - - [12/Jun/2025:09:37:03 -0400] "GET /goodscode/d/numerative/67498668.phtml HTTP/1.1" 200 26640 "-" "Mozilla/5.0 (Linux; Android 6.0.1; Nexus 5X Build/MMB29P) AppleWebKit/537.36 (KHTML, like Gecko) Chrome/136.0.7103.113 Mobile Safari/537.36 (compatible; GoogleOther)"
66.249.66.69 - - [12/Jun/2025:09:37:12 -0400] "GET /products/2068043474.phtml HTTP/1.1" 200 24207 "-" "Mozilla/5.0 (Linux; Android 6.0.1; Nexus 5X Build/MMB29P) AppleWebKit/537.36 (KHTML, like Gecko) Chrome/136.0.7103.113 Mobile Safari/537.36 (compatible; GoogleOther)"
2a03:2880:f800:16:: - - [12/Jun/2025:09:37:14 -0400] "GET /shopdetail/401565218 HTTP/1.1" 301 0 "-" "meta-externalagent/1.1 (+https://developers.facebook.com/docs/sharing/webmasters/crawler)"
2a03:2880:f800:10:: - - [12/Jun/2025:09:37:16 -0400] "GET / HTTP/1.1" 200 10845 "-" "meta-externalagent/1.1 (+https://developers.facebook.com/docs/sharing/webmasters/crawler)"
66.249.66.69 - - [12/Jun/2025:09:37:16 -0400] "GET /item/staggered/17761254.phtml HTTP/1.1" 200 24876 "-" "Mozilla/5.0 (Linux; Android 6.0.1; Nexus 5X Build/MMB29P) AppleWebKit/537.36 (KHTML, like Gecko) Chrome/136.0.7103.113 Mobile Safari/537.36 (compatible; GoogleOther)"
66.249.66.69 - - [12/Jun/2025:09:37:25 -0400] "GET /info/fwo/doubleacting/2059030468.phtml HTTP/1.1" 200 23438 "-" "Mozilla/5.0 (Linux; Android 6.0.1; Nexus 5X Build/MMB29P) AppleWebKit/537.36 (KHTML, like Gecko) Chrome/136.0.7103.113 Mobile Safari/537.36 (compatible; GoogleOther)"
66.249.66.69 - - [12/Jun/2025:09:37:30 -0400] "GET /shopbrand120204542.phtml HTTP/1.1" 200 24126 "-" "Mozilla/5.0 (Linux; Android 6.0.1; Nexus 5X Build/MMB29P) AppleWebKit/537.36 (KHTML, like Gecko) Chrome/136.0.7103.113 Mobile Safari/537.36 (compatible; GoogleOther)"
66.249.66.69 - - [12/Jun/2025:09:37:34 -0400] "GET /special/%3EALPHA%20%E3%82%A2%E3%83%AB%E3%83%95%E3%82%A1%20MA-1%20%E3%83%95%E3%83%A9%E3%82%A4%E3%83%88%20%E3%82%B8%E3%83%A3%E3%82%B1%E3%83%83%E3%83%88%20%E3%82%B8%E3%83%A3%E3%83%91%E3%83%B3%E3%83%95%E3%82%A3%E3%83%83%E3%83%88%E3%83%A1%E3%83%B3%E3%82%BA/%E3%83%AC%E3%83%87%E3%82%A3%E3%83%BC%E3%82%B920004%20%E3%83%93%E3%83%B3%E3%83%86%E3%83%BC%E3%82%B8%E3%82%B0%E3%83%AA%E3%83%BC%E3%83%B3%20XS%E3%82%B5%E3%82%A4%E3%82%BA%E3%80%822%E5%B9%B4%E3%81%BB%E3%81%A9%E5%89%8D%E3%81%AB%E8%B3%BC%E5%85%A5%E3%81%97%E3%81%BB%E3%81%A8%E3%82%93%E3%81%A9%E7%9D%80%E3%81%A6%E3%81%84%E3%81%BE%E3%81%9B%E3%82%93%E3%81%A7%E3%81%97%E3%81%9F%E3%80%82%20%20%20%20%3C/div%3E%20%20%20%20%3Cdiv%20class= HTTP/1.1" 200 25189 "-" "Googlebot-Image/1.0"
162.0.232.193 - - [12/Jun/2025:09:37:35 -0400] "POST /wp-cron.php?doing_wp_cron=1749735455.1541030406951904296875 HTTP/1.1" 200 0 "-" "WordPress/6.6.2; https://remonster.online"
2a03:2880:f800:15:: - - [12/Jun/2025:09:37:34 -0400] "GET /shopdetail/109057918 HTTP/1.1" 301 0 "-" "meta-externalagent/1.1 (+https://developers.facebook.com/docs/sharing/webmasters/crawler)"
49.229.127.149 - - [12/Jun/2025:09:37:36 -0400] "GET /favicon.ico HTTP/1.1" 404 1251 "-" "NetworkingExtension/8621.2.5.10.10 Network/4277.122.6 iOS/18.5"
49.229.127.149 - - [12/Jun/2025:09:37:36 -0400] "GET /apple-touch-icon-precomposed.png HTTP/1.1" 301 0 "-" "NetworkingExtension/8621.2.5.10.10 Network/4277.122.6 iOS/18.5"
49.229.127.149 - - [12/Jun/2025:09:37:36 -0400] "GET /apple-touch-icon.png HTTP/1.1" 301 0 "-" "NetworkingExtension/8621.2.5.10.10 Network/4277.122.6 iOS/18.5"
2a03:2880:f800:a:: - - [12/Jun/2025:09:37:37 -0400] "GET / HTTP/1.1" 200 10845 "-" "meta-externalagent/1.1 (+https://developers.facebook.com/docs/sharing/webmasters/crawler)"
49.229.127.149 - - [12/Jun/2025:09:37:37 -0400] "GET / HTTP/1.1" 200 10845 "-" "NetworkingExtension/8621.2.5.10.10 Network/4277.122.6 iOS/18.5"
49.229.127.149 - - [12/Jun/2025:09:37:37 -0400] "GET / HTTP/1.1" 200 10845 "-" "NetworkingExtension/8621.2.5.10.10 Network/4277.122.6 iOS/18.5"
49.229.127.149 - - [12/Jun/2025:09:37:36 -0400] "GET /manga/remonster-chapter-87/ HTTP/1.1" 200 13799 "-" "Mozilla/5.0 (Macintosh; Intel Mac OS X 10_11_1) AppleWebKit/601.2.4 (KHTML, like Gecko) Version/9.0.1 Safari/601.2.4 facebookexternalhit/1.1 Facebot Twitterbot/1.0"
66.249.72.165 - - [12/Jun/2025:09:37:39 -0400] "GET /products/ga/resell2066386530.phtml HTTP/1.1" 200 23900 "-" "Mozilla/5.0 (Linux; Android 6.0.1; Nexus 5X Build/MMB29P) AppleWebKit/537.36 (KHTML, like Gecko) Chrome/136.0.7103.113 Mobile Safari/537.36 (compatible; GoogleOther)"
66.249.66.69 - - [12/Jun/2025:09:37:43 -0400] "GET /item/571044314.phtml HTTP/1.1" 200 27074 "-" "Mozilla/5.0 (Linux; Android 6.0.1; Nexus 5X Build/MMB29P) AppleWebKit/537.36 (KHTML, like Gecko) Chrome/136.0.7103.113 Mobile Safari/537.36 (compatible; GoogleOther)"
49.145.217.125 - - [12/Jun/2025:09:37:45 -0400] "GET /manga/re-monster-chapter-68/ HTTP/1.1" 200 17523 "https://remonster.online/manga/re-monster-chapter-67/" "Mozilla/5.0 (iPhone; CPU iPhone OS 12_5_7 like Mac OS X) AppleWebKit/605.1.15 (KHTML, like Gecko) Version/12.1.2 Mobile/15E148 Safari/604.1"
66.249.66.194 - - [12/Jun/2025:09:37:49 -0400] "GET /products/amomum872699378.phtml HTTP/1.1" 200 24747 "-" "Mozilla/5.0 (Linux; Android 6.0.1; Nexus 5X Build/MMB29P) AppleWebKit/537.36 (KHTML, like Gecko) Chrome/136.0.7103.113 Mobile Safari/537.36 (compatible; GoogleOther)"
2a03:2880:f800:17:: - - [12/Jun/2025:09:37:51 -0400] "GET /shopdetail/82741218 HTTP/1.1" 301 0 "-" "meta-externalagent/1.1 (+https://developers.facebook.com/docs/sharing/webmasters/crawler)"
2a03:2880:f800:10:: - - [12/Jun/2025:09:37:54 -0400] "GET / HTTP/1.1" 200 10845 "-" "meta-externalagent/1.1 (+https://developers.facebook.com/docs/sharing/webmasters/crawler)"
66.249.66.160 - - [12/Jun/2025:09:37:57 -0400] "GET /goodscode/z/asexual77059604.phtml HTTP/1.1" 200 23949 "-" "Mozilla/5.0 (Linux; Android 6.0.1; Nexus 5X Build/MMB29P) AppleWebKit/537.36 (KHTML, like Gecko) Chrome/136.0.7103.113 Mobile Safari/537.36 (compatible; GoogleOther)"
2001:fd8:b73a:6600:c498:dbc2:1f3a:154c - - [12/Jun/2025:09:37:58 -0400] "GET /manga/remonster-chapter-80/ HTTP/1.1" 200 14383 "https://remonster.online/manga/remonster-chapter-79/" "Mozilla/5.0 (iPhone; CPU iPhone OS 17_5_1 like Mac OS X) AppleWebKit/605.1.15 (KHTML, like Gecko) Version/17.5 Mobile/15E148 Safari/604.1"
2001:fd8:b73a:6600:c498:dbc2:1f3a:154c - - [12/Jun/2025:09:37:59 -0400] "POST /wp-admin/admin-ajax.php HTTP/1.1" 200 69 "https://remonster.online/manga/remonster-chapter-80/" "Mozilla/5.0 (iPhone; CPU iPhone OS 17_5_1 like Mac OS X) AppleWebKit/605.1.15 (KHTML, like Gecko) Version/17.5 Mobile/15E148 Safari/604.1"
66.249.66.71 - - [12/Jun/2025:09:38:02 -0400] "GET /products/nonslaveholding2066645446.phtml HTTP/1.1" 200 24435 "-" "Mozilla/5.0 (Linux; Android 6.0.1; Nexus 5X Build/MMB29P) AppleWebKit/537.36 (KHTML, like Gecko) Chrome/136.0.7103.113 Mobile Safari/537.36 (compatible; GoogleOther)"
2a03:2880:f800:1a:: - - [12/Jun/2025:09:38:03 -0400] "GET /shopdetail/383477318 HTTP/1.1" 301 0 "-" "meta-externalagent/1.1 (+https://developers.facebook.com/docs/sharing/webmasters/crawler)"
2001:fd8:b73a:6600:c498:dbc2:1f3a:154c - - [12/Jun/2025:09:38:04 -0400] "GET /manga/remonster-chapter-80/ HTTP/1.1" 200 14383 "https://remonster.online/manga/remonster-chapter-79/" "Mozilla/5.0 (iPhone; CPU iPhone OS 17_5_1 like Mac OS X) AppleWebKit/605.1.15 (KHTML, like Gecko) Version/17.5 Mobile/15E148 Safari/604.1"
2a03:2880:f800:2:: - - [12/Jun/2025:09:38:06 -0400] "GET / HTTP/1.1" 200 10845 "-" "meta-externalagent/1.1 (+https://developers.facebook.com/docs/sharing/webmasters/crawler)"
2001:fd8:b73a:6600:c498:dbc2:1f3a:154c - - [12/Jun/2025:09:38:05 -0400] "POST /wp-admin/admin-ajax.php HTTP/1.1" 200 0 "https://remonster.online/manga/remonster-chapter-80/" "Mozilla/5.0 (iPhone; CPU iPhone OS 17_5_1 like Mac OS X) AppleWebKit/605.1.15 (KHTML, like Gecko) Version/17.5 Mobile/15E148 Safari/604.1"
2001:fd8:b73a:6600:c498:dbc2:1f3a:154c - - [12/Jun/2025:09:38:06 -0400] "GET /manga/remonster-chapter-80/ HTTP/1.1" 200 14383 "https://remonster.online/manga/remonster-chapter-79/" "Mozilla/5.0 (iPhone; CPU iPhone OS 17_5_1 like Mac OS X) AppleWebKit/605.1.15 (KHTML, like Gecko) Version/17.5 Mobile/15E148 Safari/604.1"
2a03:2880:f800:12:: - - [12/Jun/2025:09:38:07 -0400] "GET /shopdetail/427053018 HTTP/1.1" 301 0 "-" "meta-externalagent/1.1 (+https://developers.facebook.com/docs/sharing/webmasters/crawler)"
2001:fd8:b73a:6600:c498:dbc2:1f3a:154c - - [12/Jun/2025:09:38:07 -0400] "POST /wp-admin/admin-ajax.php HTTP/1.1" 200 69 "https://remonster.online/manga/remonster-chapter-80/" "Mozilla/5.0 (iPhone; CPU iPhone OS 17_5_1 like Mac OS X) AppleWebKit/605.1.15 (KHTML, like Gecko) Version/17.5 Mobile/15E148 Safari/604.1"
2a03:2880:f800:c:: - - [12/Jun/2025:09:38:09 -0400] "GET /shopdetail/21281218 HTTP/1.1" 301 0 "-" "meta-externalagent/1.1 (+https://developers.facebook.com/docs/sharing/webmasters/crawler)"
2a03:2880:f800:d:: - - [12/Jun/2025:09:38:10 -0400] "GET / HTTP/1.1" 200 10845 "-" "meta-externalagent/1.1 (+https://developers.facebook.com/docs/sharing/webmasters/crawler)"
66.249.66.42 - - [12/Jun/2025:09:38:11 -0400] "GET /goodscode/ari/hatred136561030.phtml HTTP/1.1" 200 24788 "-" "Mozilla/5.0 (Linux; Android 6.0.1; Nexus 5X Build/MMB29P) AppleWebKit/537.36 (KHTML, like Gecko) Chrome/136.0.7103.113 Mobile Safari/537.36 (compatible; GoogleOther)"
2a03:2880:f800:12:: - - [12/Jun/2025:09:38:12 -0400] "GET / HTTP/1.1" 200 10845 "-" "meta-externalagent/1.1 (+https://developers.facebook.com/docs/sharing/webmasters/crawler)"
66.249.66.194 - - [12/Jun/2025:09:38:16 -0400] "GET /products/conder2062021454.phtml HTTP/1.1" 200 24327 "-" "Mozilla/5.0 (Linux; Android 6.0.1; Nexus 5X Build/MMB29P) AppleWebKit/537.36 (KHTML, like Gecko) Chrome/136.0.7103.113 Mobile Safari/537.36 (compatible; GoogleOther)"
162.0.232.193 - - [12/Jun/2025:09:38:18 -0400] "POST /wp-cron.php?doing_wp_cron=1749735498.5633931159973144531250 HTTP/1.1" 200 0 "-" "WordPress/6.6.2; https://remonster.online"
2001:fd8:b73a:6600:c498:dbc2:1f3a:154c - - [12/Jun/2025:09:38:17 -0400] "POST /wp-admin/admin-ajax.php HTTP/1.1" 200 69 "https://remonster.online/manga/remonster-chapter-80/" "Mozilla/5.0 (iPhone; CPU iPhone OS 17_5_1 like Mac OS X) AppleWebKit/605.1.15 (KHTML, like Gecko) Version/17.5 Mobile/15E148 Safari/604.1"
2001:fd8:b73a:6600:c498:dbc2:1f3a:154c - - [12/Jun/2025:09:38:20 -0400] "GET /manga/remonster-chapter-80/ HTTP/1.1" 200 14383 "https://remonster.online/manga/remonster-chapter-79/" "Mozilla/5.0 (iPhone; CPU iPhone OS 17_5_1 like Mac OS X) AppleWebKit/605.1.15 (KHTML, like Gecko) Version/17.5 Mobile/15E148 Safari/604.1"
2a03:2880:f800:16:: - - [12/Jun/2025:09:38:20 -0400] "GET /shopdetail/214999018 HTTP/1.1" 301 0 "-" "meta-externalagent/1.1 (+https://developers.facebook.com/docs/sharing/webmasters/crawler)"
2001:fd8:b73a:6600:c498:dbc2:1f3a:154c - - [12/Jun/2025:09:38:20 -0400] "POST /wp-admin/admin-ajax.php HTTP/1.1" 200 69 "https://remonster.online/manga/remonster-chapter-80/" "Mozilla/5.0 (iPhone; CPU iPhone OS 17_5_1 like Mac OS X) AppleWebKit/605.1.15 (KHTML, like Gecko) Version/17.5 Mobile/15E148 Safari/604.1"
2a03:2880:f800:a:: - - [12/Jun/2025:09:38:22 -0400] "GET / HTTP/1.1" 200 10845 "-" "meta-externalagent/1.1 (+https://developers.facebook.com/docs/sharing/webmasters/crawler)"
66.249.66.69 - - [12/Jun/2025:09:38:25 -0400] "GET /shopping129950838.phtml HTTP/1.1" 200 23743 "-" "Mozilla/5.0 (Linux; Android 6.0.1; Nexus 5X Build/MMB29P) AppleWebKit/537.36 (KHTML, like Gecko) Chrome/136.0.7103.113 Mobile Safari/537.36 (compatible; GoogleOther)"
38.57.3.35 - - [12/Jun/2025:09:38:27 -0400] "POST /wp-login.php HTTP/1.1" 200 1875 "https://remonster.online" "Mozilla/5.0 (Macintosh; Intel Mac OS X 10_15_7; rv:128.0) Gecko/20100101 Firefox/128.0"
66.249.66.69 - - [12/Jun/2025:09:38:29 -0400] "GET /special/ndi/%3EYST-SW015%20%EF%BC%88MC%EF%BC%89%20%E3%83%81%E3%82%A7%E3%83%AA%E3%83%BC%3CBR%3E%E3%83%96%E3%83%A9%E3%83%B3%E3%83%89%EF%BC%9AYAMAHA%3CBR%3E%E7%99%BA%E5%A3%B2%E6%97%A5%EF%BC%9A2003/03%3CDIV%3E%3CBR%3E%3CDIV%3E%3CSPAN%3E%E5%BF%85%E8%A6%81%E3%81%AA%E3%81%84%E3%82%82%E3%81%AE%E3%81%A7%E3%81%99%E3%81%AE%E3%81%A7%E5%87%BA%E5%93%81%E8%87%B4%E3%81%97%E3%81%BE%E3%81%99%E3%80%82%3C/SPAN%3E%3CBR%3E%3CBR%3E%3CSPAN%3E%E3%83%8E%E3%83%BC%E3%82%AF%E3%83%AC%E3%83%BC%E3%83%A0%E3%80%81%E3%83%8E%E3%83%BC%E3%83%AA%E3%82%BF%E3%83%BC%E3%83%B3%E3%81%8A%E9%A1%98%E3%81%84%E8%87%B4%E3%81%97%E3%81%BE%E3%81%99%E3%80%82%3C/SPAN%3E%3C/DIV%3E%3C/DIV%3E%20%20%20%20%3C/div%3E%20%20%20%20%3Cdiv%20class= HTTP/1.1" 200 25238 "-" "Googlebot-Image/1.0"
66.249.66.69 - - [12/Jun/2025:09:38:34 -0400] "GET /products/p/orthophosphoric870010692.phtml HTTP/1.1" 200 24044 "-" "Mozilla/5.0 (Linux; Android 6.0.1; Nexus 5X Build/MMB29P) AppleWebKit/537.36 (KHTML, like Gecko) Chrome/136.0.7103.113 Mobile Safari/537.36 (compatible; GoogleOther)"
162.0.232.193 - - [12/Jun/2025:09:38:37 -0400] "POST /wp-cron.php?doing_wp_cron=1749735517.5737609863281250000000 HTTP/1.1" 200 0 "-" "WordPress/6.6.2; https://remonster.online"
2a03:2880:f800:15:: - - [12/Jun/2025:09:38:36 -0400] "GET /shopdetail/365375118 HTTP/1.1" 301 0 "-" "meta-externalagent/1.1 (+https://developers.facebook.com/docs/sharing/webmasters/crawler)"
66.249.66.42 - - [12/Jun/2025:09:38:39 -0400] "GET /goods2063472952.phtml HTTP/1.1" 200 24037 "-" "Mozilla/5.0 (Linux; Android 6.0.1; Nexus 5X Build/MMB29P) AppleWebKit/537.36 (KHTML, like Gecko) Chrome/136.0.7103.113 Mobile Safari/537.36 (compatible; GoogleOther)"
2a03:2880:f800:4:: - - [12/Jun/2025:09:38:40 -0400] "GET / HTTP/1.1" 200 10845 "-" "meta-externalagent/1.1 (+https://developers.facebook.com/docs/sharing/webmasters/crawler)"
66.249.66.160 - - [12/Jun/2025:09:38:43 -0400] "GET /products/snell2063674422.phtml HTTP/1.1" 200 24312 "-" "Mozilla/5.0 (Linux; Android 6.0.1; Nexus 5X Build/MMB29P) AppleWebKit/537.36 (KHTML, like Gecko) Chrome/136.0.7103.113 Mobile Safari/537.36 (compatible; GoogleOther)"
2a03:2880:f800:e:: - - [12/Jun/2025:09:38:44 -0400] "GET /shopdetail/58412518 HTTP/1.1" 301 0 "-" "meta-externalagent/1.1 (+https://developers.facebook.com/docs/sharing/webmasters/crawler)"
2a03:2880:f800:2:: - - [12/Jun/2025:09:38:47 -0400] "GET / HTTP/1.1" 200 10845 "-" "meta-externalagent/1.1 (+https://developers.facebook.com/docs/sharing/webmasters/crawler)"
66.249.66.42 - - [12/Jun/2025:09:38:51 -0400] "GET /products/2055365116.phtml HTTP/1.1" 200 26441 "-" "Mozilla/5.0 (Linux; Android 6.0.1; Nexus 5X Build/MMB29P) AppleWebKit/537.36 (KHTML, like Gecko) Chrome/136.0.7103.113 Mobile Safari/537.36 (compatible; GoogleOther)"
2a03:2880:f800:1d:: - - [12/Jun/2025:09:38:52 -0400] "GET /shopdetail/258705618 HTTP/1.1" 301 0 "-" "meta-externalagent/1.1 (+https://developers.facebook.com/docs/sharing/webmasters/crawler)"
2a03:2880:f800:13:: - - [12/Jun/2025:09:38:55 -0400] "GET / HTTP/1.1" 200 10845 "-" "meta-externalagent/1.1 (+https://developers.facebook.com/docs/sharing/webmasters/crawler)"
66.249.66.160 - - [12/Jun/2025:09:38:56 -0400] "GET /goodscode/gambison/99921858.phtml HTTP/1.1" 200 23974 "-" "Mozilla/5.0 (Linux; Android 6.0.1; Nexus 5X Build/MMB29P) AppleWebKit/537.36 (KHTML, like Gecko) Chrome/136.0.7103.113 Mobile Safari/537.36 (compatible; GoogleOther)"
66.249.66.161 - - [12/Jun/2025:09:39:04 -0400] "GET /products/assisting2056520986.phtml HTTP/1.1" 200 25101 "-" "Mozilla/5.0 (Linux; Android 6.0.1; Nexus 5X Build/MMB29P) AppleWebKit/537.36 (KHTML, like Gecko) Chrome/136.0.7103.113 Mobile Safari/537.36 (compatible; GoogleOther)"
66.249.66.70 - - [12/Jun/2025:09:39:09 -0400] "GET /item73388922.phtml HTTP/1.1" 200 24754 "-" "Mozilla/5.0 (Linux; Android 6.0.1; Nexus 5X Build/MMB29P) AppleWebKit/537.36 (KHTML, like Gecko) Chrome/136.0.7103.113 Mobile Safari/537.36 (compatible; GoogleOther)"
66.249.66.69 - - [12/Jun/2025:09:39:17 -0400] "GET /item/k/flavin/2055347078.phtml HTTP/1.1" 200 25115 "-" "Mozilla/5.0 (Linux; Android 6.0.1; Nexus 5X Build/MMB29P) AppleWebKit/537.36 (KHTML, like Gecko) Chrome/136.0.7103.113 Mobile Safari/537.36 (compatible; GoogleOther)"
66.249.66.69 - - [12/Jun/2025:09:39:21 -0400] "GET /entity1383090252.phtml HTTP/1.1" 200 24232 "-" "Mozilla/5.0 (Linux; Android 6.0.1; Nexus 5X Build/MMB29P) AppleWebKit/537.36 (KHTML, like Gecko) Chrome/136.0.7103.113 Mobile Safari/537.36 (compatible; GoogleOther)"
162.0.232.193 - - [12/Jun/2025:09:39:25 -0400] "POST /wp-cron.php?doing_wp_cron=1749735564.8916049003601074218750 HTTP/1.1" 200 0 "-" "WordPress/6.6.2; https://remonster.online"
2a03:2880:f800:1b:: - - [12/Jun/2025:09:39:24 -0400] "GET /shopdetail/302516018 HTTP/1.1" 301 0 "-" "meta-externalagent/1.1 (+https://developers.facebook.com/docs/sharing/webmasters/crawler)"
2a03:2880:f800:e:: - - [12/Jun/2025:09:39:26 -0400] "GET / HTTP/1.1" 200 10845 "-" "meta-externalagent/1.1 (+https://developers.facebook.com/docs/sharing/webmasters/crawler)"
2a03:2880:f800:13:: - - [12/Jun/2025:09:39:28 -0400] "GET /shopdetail/293427718 HTTP/1.1" 301 0 "-" "meta-externalagent/1.1 (+https://developers.facebook.com/docs/sharing/webmasters/crawler)"
2a03:2880:f800:1d:: - - [12/Jun/2025:09:39:28 -0400] "GET /shopdetail/164175018 HTTP/1.1" 301 0 "-" "meta-externalagent/1.1 (+https://developers.facebook.com/docs/sharing/webmasters/crawler)"
2a03:2880:f800:18:: - - [12/Jun/2025:09:39:29 -0400] "GET / HTTP/1.1" 200 10845 "-" "meta-externalagent/1.1 (+https://developers.facebook.com/docs/sharing/webmasters/crawler)"
2a03:2880:f800:11:: - - [12/Jun/2025:09:39:30 -0400] "GET / HTTP/1.1" 200 10845 "-" "meta-externalagent/1.1 (+https://developers.facebook.com/docs/sharing/webmasters/crawler)"
66.249.66.160 - - [12/Jun/2025:09:39:31 -0400] "GET /goodscode/nefasch2062189680.phtml HTTP/1.1" 200 24545 "-" "Mozilla/5.0 (Linux; Android 6.0.1; Nexus 5X Build/MMB29P) AppleWebKit/537.36 (KHTML, like Gecko) Chrome/136.0.7103.113 Mobile Safari/537.36 (compatible; GoogleOther)"
162.0.232.193 - - [12/Jun/2025:09:39:32 -0400] "POST /wp-cron.php?doing_wp_cron=1749735572.1690371036529541015625 HTTP/1.1" 200 0 "-" "WordPress/6.6.2; https://remonster.online"
2a03:2880:f800:c:: - - [12/Jun/2025:09:39:31 -0400] "GET /shopdetail/198686118 HTTP/1.1" 301 0 "-" "meta-externalagent/1.1 (+https://developers.facebook.com/docs/sharing/webmasters/crawler)"
2a03:2880:f800:a:: - - [12/Jun/2025:09:39:34 -0400] "GET / HTTP/1.1" 200 10888 "-" "meta-externalagent/1.1 (+https://developers.facebook.com/docs/sharing/webmasters/crawler)"
66.249.66.194 - - [12/Jun/2025:09:39:35 -0400] "GET /goodscode/71371914.phtml HTTP/1.1" 200 23884 "-" "Mozilla/5.0 (Linux; Android 6.0.1; Nexus 5X Build/MMB29P) AppleWebKit/537.36 (KHTML, like Gecko) Chrome/136.0.7103.113 Mobile Safari/537.36 (compatible; GoogleOther)"
66.249.66.160 - - [12/Jun/2025:09:39:41 -0400] "GET /goodscode/columbate2063001914.phtml HTTP/1.1" 200 24780 "-" "Mozilla/5.0 (Linux; Android 6.0.1; Nexus 5X Build/MMB29P) AppleWebKit/537.36 (KHTML, like Gecko) Chrome/136.0.7103.113 Mobile Safari/537.36 (compatible; GoogleOther)"
2a03:2880:f800:f:: - - [12/Jun/2025:09:39:41 -0400] "GET /shopdetail/211212918 HTTP/1.1" 301 0 "-" "meta-externalagent/1.1 (+https://developers.facebook.com/docs/sharing/webmasters/crawler)"
2a03:2880:f800:e:: - - [12/Jun/2025:09:39:42 -0400] "GET /shopdetail/67063018 HTTP/1.1" 301 0 "-" "meta-externalagent/1.1 (+https://developers.facebook.com/docs/sharing/webmasters/crawler)"
2a03:2880:f800:3:: - - [12/Jun/2025:09:39:44 -0400] "GET / HTTP/1.1" 200 10845 "-" "meta-externalagent/1.1 (+https://developers.facebook.com/docs/sharing/webmasters/crawler)"
66.249.66.160 - - [12/Jun/2025:09:39:47 -0400] "GET /item/b/greyhound132309876.phtml HTTP/1.1" 200 23939 "-" "Mozilla/5.0 (Linux; Android 6.0.1; Nexus 5X Build/MMB29P) AppleWebKit/537.36 (KHTML, like Gecko) Chrome/136.0.7103.113 Mobile Safari/537.36 (compatible; GoogleOther)"
2a03:2880:f800:15:: - - [12/Jun/2025:09:39:48 -0400] "GET / HTTP/1.1" 200 10845 "-" "meta-externalagent/1.1 (+https://developers.facebook.com/docs/sharing/webmasters/crawler)"
66.249.66.69 - - [12/Jun/2025:09:39:54 -0400] "GET /products/thermochemical/2066783504.phtml HTTP/1.1" 200 23865 "-" "Mozilla/5.0 (Linux; Android 6.0.1; Nexus 5X Build/MMB29P) AppleWebKit/537.36 (KHTML, like Gecko) Chrome/136.0.7103.113 Mobile Safari/537.36 (compatible; GoogleOther)"
66.249.66.7 - - [12/Jun/2025:09:40:01 -0400] "GET /items73552396.phtml HTTP/1.1" 200 24898 "-" "Mozilla/5.0 (Linux; Android 6.0.1; Nexus 5X Build/MMB29P) AppleWebKit/537.36 (KHTML, like Gecko) Chrome/136.0.7103.113 Mobile Safari/537.36 (compatible; GoogleOther)"
66.249.66.194 - - [12/Jun/2025:09:40:06 -0400] "GET /items/x/unseam2065522564.phtml HTTP/1.1" 200 27236 "-" "Mozilla/5.0 (Linux; Android 6.0.1; Nexus 5X Build/MMB29P) AppleWebKit/537.36 (KHTML, like Gecko) Chrome/136.0.7103.113 Mobile Safari/537.36 (compatible; GoogleOther)"
66.249.66.160 - - [12/Jun/2025:09:40:15 -0400] "GET /products20556290.phtml HTTP/1.1" 200 25087 "-" "Mozilla/5.0 (Linux; Android 6.0.1; Nexus 5X Build/MMB29P) AppleWebKit/537.36 (KHTML, like Gecko) Chrome/136.0.7103.113 Mobile Safari/537.36 (compatible; GoogleOther)"
66.249.66.6 - - [12/Jun/2025:09:40:21 -0400] "GET /products/schillerization2061240156.phtml HTTP/1.1" 200 23535 "-" "Mozilla/5.0 (Linux; Android 6.0.1; Nexus 5X Build/MMB29P) AppleWebKit/537.36 (KHTML, like Gecko) Chrome/136.0.7103.113 Mobile Safari/537.36 (compatible; GoogleOther)"
66.249.66.6 - - [12/Jun/2025:09:40:32 -0400] "GET /goodscode/suckerel/2052917568.phtml HTTP/1.1" 200 24411 "-" "Mozilla/5.0 (Linux; Android 6.0.1; Nexus 5X Build/MMB29P) AppleWebKit/537.36 (KHTML, like Gecko) Chrome/136.0.7103.113 Mobile Safari/537.36 (compatible; GoogleOther)"
66.249.66.160 - - [12/Jun/2025:09:40:38 -0400] "GET /products/2063687576.phtml HTTP/1.1" 200 24948 "-" "Mozilla/5.0 (Linux; Android 6.0.1; Nexus 5X Build/MMB29P) AppleWebKit/537.36 (KHTML, like Gecko) Chrome/136.0.7103.113 Mobile Safari/537.36 (compatible; GoogleOther)"
66.249.66.69 - - [12/Jun/2025:09:40:43 -0400] "GET /goodscode/113794598.phtml HTTP/1.1" 200 23640 "-" "Mozilla/5.0 (Linux; Android 6.0.1; Nexus 5X Build/MMB29P) AppleWebKit/537.36 (KHTML, like Gecko) Chrome/136.0.7103.113 Mobile Safari/537.36 (compatible; GoogleOther)"
162.0.232.193 - - [12/Jun/2025:09:40:47 -0400] "POST /wp-cron.php?doing_wp_cron=1749735647.3711540699005126953125 HTTP/1.1" 200 0 "-" "WordPress/6.6.2; https://remonster.online"
2a03:2880:f800:1a:: - - [12/Jun/2025:09:40:44 -0400] "GET /shopdetail/77517018 HTTP/1.1" 301 0 "-" "meta-externalagent/1.1 (+https://developers.facebook.com/docs/sharing/webmasters/crawler)"
2a03:2880:f800:6:: - - [12/Jun/2025:09:40:47 -0400] "GET /shopdetail/23882018 HTTP/1.1" 301 0 "-" "meta-externalagent/1.1 (+https://developers.facebook.com/docs/sharing/webmasters/crawler)"
2a03:2880:f800:14:: - - [12/Jun/2025:09:40:49 -0400] "GET / HTTP/1.1" 200 10845 "-" "meta-externalagent/1.1 (+https://developers.facebook.com/docs/sharing/webmasters/crawler)"
66.249.66.6 - - [12/Jun/2025:09:40:49 -0400] "GET /goodscode/872723316.phtml HTTP/1.1" 200 23740 "-" "Mozilla/5.0 (Linux; Android 6.0.1; Nexus 5X Build/MMB29P) AppleWebKit/537.36 (KHTML, like Gecko) Chrome/136.0.7103.113 Mobile Safari/537.36 (compatible; GoogleOther)"
2a03:2880:f800:9:: - - [12/Jun/2025:09:40:53 -0400] "GET / HTTP/1.1" 200 10845 "-" "meta-externalagent/1.1 (+https://developers.facebook.com/docs/sharing/webmasters/crawler)"
66.249.66.69 - - [12/Jun/2025:09:40:56 -0400] "GET /item/elying119663606.phtml HTTP/1.1" 200 26518 "-" "Mozilla/5.0 (Linux; Android 6.0.1; Nexus 5X Build/MMB29P) AppleWebKit/537.36 (KHTML, like Gecko) Chrome/136.0.7103.113 Mobile Safari/537.36 (compatible; GoogleOther)"
66.249.66.70 - - [12/Jun/2025:09:41:02 -0400] "GET /products/promanation2055462672.phtml HTTP/1.1" 200 27177 "-" "Mozilla/5.0 (Linux; Android 6.0.1; Nexus 5X Build/MMB29P) AppleWebKit/537.36 (KHTML, like Gecko) Chrome/136.0.7103.113 Mobile Safari/537.36 (compatible; GoogleOther)"
2a03:2880:f800:c:: - - [12/Jun/2025:09:41:08 -0400] "GET /shopdetail/46261618 HTTP/1.1" 301 0 "-" "meta-externalagent/1.1 (+https://developers.facebook.com/docs/sharing/webmasters/crawler)"
66.249.66.42 - - [12/Jun/2025:09:41:09 -0400] "GET /products/m/partitioning2065277578.phtml HTTP/1.1" 200 24451 "-" "Mozilla/5.0 (Linux; Android 6.0.1; Nexus 5X Build/MMB29P) AppleWebKit/537.36 (KHTML, like Gecko) Chrome/136.0.7103.113 Mobile Safari/537.36 (compatible; GoogleOther)"
2a03:2880:f800:1c:: - - [12/Jun/2025:09:41:08 -0400] "GET /shopdetail/25911418 HTTP/1.1" 301 0 "-" "meta-externalagent/1.1 (+https://developers.facebook.com/docs/sharing/webmasters/crawler)"
2a03:2880:f800:3:: - - [12/Jun/2025:09:41:11 -0400] "GET / HTTP/1.1" 200 10845 "-" "meta-externalagent/1.1 (+https://developers.facebook.com/docs/sharing/webmasters/crawler)"
2a03:2880:f800:18:: - - [12/Jun/2025:09:41:12 -0400] "GET / HTTP/1.1" 200 10845 "-" "meta-externalagent/1.1 (+https://developers.facebook.com/docs/sharing/webmasters/crawler)"
66.249.66.42 - - [12/Jun/2025:09:41:15 -0400] "GET /info/js/corindine114080920.phtml HTTP/1.1" 200 25066 "-" "Mozilla/5.0 (Linux; Android 6.0.1; Nexus 5X Build/MMB29P) AppleWebKit/537.36 (KHTML, like Gecko) Chrome/136.0.7103.113 Mobile Safari/537.36 (compatible; GoogleOther)"
2a03:2880:f800:c:: - - [12/Jun/2025:09:41:14 -0400] "GET /shopdetail/335097618 HTTP/1.1" 301 0 "-" "meta-externalagent/1.1 (+https://developers.facebook.com/docs/sharing/webmasters/crawler)"
2a03:2880:f800:4:: - - [12/Jun/2025:09:41:18 -0400] "GET / HTTP/1.1" 200 10845 "-" "meta-externalagent/1.1 (+https://developers.facebook.com/docs/sharing/webmasters/crawler)"
2405:acc0:1504:861a:4909:208a:9dc2:c96c - - [12/Jun/2025:09:41:18 -0400] "GET /manga/re-monster-chapter-14/ HTTP/1.1" 200 17336 "-" "Mozilla/5.0 (Linux; U; Android 4.0.4; en-gb; SHW-M380K Build/IMM76D) AppleWebKit/534.30 (KHTML, like Gecko) Version/4.0 Safari/534.30"
2405:acc0:1504:861a:4909:208a:9dc2:c96c - - [12/Jun/2025:09:41:20 -0400] "GET /wp-includes/js/jquery/jquery.min.js?ver=3.7.1 HTTP/1.1" 200 29744 "https://remonster.online/manga/re-monster-chapter-14/" "Mozilla/5.0 (Linux; U; Android 4.0.4; en-gb; SHW-M380K Build/IMM76D) AppleWebKit/534.30 (KHTML, like Gecko) Version/4.0 Safari/534.30"
2405:acc0:1504:861a:4909:208a:9dc2:c96c - - [12/Jun/2025:09:41:20 -0400] "GET /wp-content/plugins/widgets-on-pages/public/css/widgets-on-pages-public.css?ver=1.4.0 HTTP/1.1" 200 83 "https://remonster.online/manga/re-monster-chapter-14/" "Mozilla/5.0 (Linux; U; Android 4.0.4; en-gb; SHW-M380K Build/IMM76D) AppleWebKit/534.30 (KHTML, like Gecko) Version/4.0 Safari/534.30"
2405:acc0:1504:861a:4909:208a:9dc2:c96c - - [12/Jun/2025:09:41:20 -0400] "GET /wp-content/plugins/simple-social-buttons/assets/js/frontend-blocks.js?ver=5.3.1 HTTP/1.1" 200 0 "https://remonster.online/manga/re-monster-chapter-14/" "Mozilla/5.0 (Linux; U; Android 4.0.4; en-gb; SHW-M380K Build/IMM76D) AppleWebKit/534.30 (KHTML, like Gecko) Version/4.0 Safari/534.30"
