66.249.66.7 - - [12/Jun/2025:10:58:03 -0400] "GET /products/eua/tarras/2062259446.phtml HTTP/1.1" 200 25289 "-" "Mozilla/5.0 (Linux; Android 6.0.1; Nexus 5X Build/MMB29P) AppleWebKit/537.36 (KHTML, like Gecko) Chrome/136.0.7103.113 Mobile Safari/537.36 (compatible; GoogleOther)"
197.214.21.30 - - [12/Jun/2025:10:58:06 -0400] "POST /wp-admin/admin-ajax.php HTTP/1.1" 200 69 "https://remonster.online/manga/remonster-chapter-99/" "Mozilla/5.0 (iPhone; CPU iPhone OS 18_0_0 like Mac OS X) AppleWebKit/605.1.15 (KHTML, like Gecko) CriOS/135.0.7049.83 Mobile/15E148 Safari/604.1"
66.249.66.69 - - [12/Jun/2025:10:58:08 -0400] "GET /items577263374.phtml HTTP/1.1" 200 23844 "-" "Mozilla/5.0 (Linux; Android 6.0.1; Nexus 5X Build/MMB29P) AppleWebKit/537.36 (KHTML, like Gecko) Chrome/136.0.7103.113 Mobile Safari/537.36 (compatible; GoogleOther)"
2a03:2880:f800:13:: - - [12/Jun/2025:10:58:08 -0400] "GET /shopdetail/278003618 HTTP/1.1" 301 0 "-" "meta-externalagent/1.1 (+https://developers.facebook.com/docs/sharing/webmasters/crawler)"
2a03:2880:f800:14:: - - [12/Jun/2025:10:58:09 -0400] "GET /shopdetail/323675318 HTTP/1.1" 301 0 "-" "meta-externalagent/1.1 (+https://developers.facebook.com/docs/sharing/webmasters/crawler)"
2a03:2880:f800:10:: - - [12/Jun/2025:10:58:12 -0400] "GET / HTTP/1.1" 200 10845 "-" "meta-externalagent/1.1 (+https://developers.facebook.com/docs/sharing/webmasters/crawler)"
66.249.66.69 - - [12/Jun/2025:10:58:15 -0400] "GET /goodscode/payen2066264264.phtml HTTP/1.1" 200 25625 "-" "Mozilla/5.0 (Linux; Android 6.0.1; Nexus 5X Build/MMB29P) AppleWebKit/537.36 (KHTML, like Gecko) Chrome/136.0.7103.113 Mobile Safari/537.36 (compatible; GoogleOther)"
66.249.66.160 - - [12/Jun/2025:10:58:20 -0400] "GET /goodscode/cowboy/%3E%3CCENTER%3E%3CTABLE%20BORDER=0%20CELLPADDING=5%20CELLSPACING=0%20WIDTH=800%3E%3CTR%3E%20%20%20%20%20%3CTD%20ALIGN=center%20BGCOLOR=RED%20WIDTH=800%3E%3CFONT%20SIZE=4%20COLOR= HTTP/1.1" 200 24985 "-" "Googlebot-Image/1.0"
162.0.232.193 - - [12/Jun/2025:10:58:21 -0400] "POST /wp-cron.php?doing_wp_cron=1749740301.7765378952026367187500 HTTP/1.1" 200 0 "-" "WordPress/6.6.2; https://remonster.online"
2a03:2880:f800:19:: - - [12/Jun/2025:10:58:21 -0400] "GET /shopdetail/89423318 HTTP/1.1" 301 0 "-" "meta-externalagent/1.1 (+https://developers.facebook.com/docs/sharing/webmasters/crawler)"
2a03:2880:f800:9:: - - [12/Jun/2025:10:58:21 -0400] "GET /shopdetail/52749118 HTTP/1.1" 301 0 "-" "meta-externalagent/1.1 (+https://developers.facebook.com/docs/sharing/webmasters/crawler)"
2a03:2880:f800:16:: - - [12/Jun/2025:10:58:23 -0400] "GET / HTTP/1.1" 200 10888 "-" "meta-externalagent/1.1 (+https://developers.facebook.com/docs/sharing/webmasters/crawler)"
2a03:2880:f800:16:: - - [12/Jun/2025:10:58:23 -0400] "GET / HTTP/1.1" 200 10888 "-" "meta-externalagent/1.1 (+https://developers.facebook.com/docs/sharing/webmasters/crawler)"
66.249.66.160 - - [12/Jun/2025:10:58:25 -0400] "GET /detail/nestor872663562.phtml HTTP/1.1" 200 24844 "-" "Mozilla/5.0 (Linux; Android 6.0.1; Nexus 5X Build/MMB29P) AppleWebKit/537.36 (KHTML, like Gecko) Chrome/136.0.7103.113 Mobile Safari/537.36 (compatible; GoogleOther)"
66.249.66.69 - - [12/Jun/2025:10:58:30 -0400] "GET /products/j/achromatically/2057188808.phtml HTTP/1.1" 200 23988 "-" "Mozilla/5.0 (Linux; Android 6.0.1; Nexus 5X Build/MMB29P) AppleWebKit/537.36 (KHTML, like Gecko) Chrome/136.0.7103.113 Mobile Safari/537.36 (compatible; GoogleOther)"
66.249.66.194 - - [12/Jun/2025:10:58:35 -0400] "GET /info/fi/ecthyma/102945448.phtml HTTP/1.1" 200 24506 "-" "Mozilla/5.0 (Linux; Android 6.0.1; Nexus 5X Build/MMB29P) AppleWebKit/537.36 (KHTML, like Gecko) Chrome/136.0.7103.113 Mobile Safari/537.36 (compatible; GoogleOther)"
162.0.232.193 - - [12/Jun/2025:10:58:40 -0400] "POST /wp-cron.php?doing_wp_cron=1749740320.7988100051879882812500 HTTP/1.1" 200 0 "-" "WordPress/6.6.2; https://remonster.online"
2a03:2880:f800:5:: - - [12/Jun/2025:10:58:40 -0400] "GET /shopdetail/25811718 HTTP/1.1" 301 0 "-" "meta-externalagent/1.1 (+https://developers.facebook.com/docs/sharing/webmasters/crawler)"
66.249.66.42 - - [12/Jun/2025:10:58:40 -0400] "GET /item/fervidness869634134.phtml HTTP/1.1" 200 23837 "-" "Mozilla/5.0 (Linux; Android 6.0.1; Nexus 5X Build/MMB29P) AppleWebKit/537.36 (KHTML, like Gecko) Chrome/136.0.7103.113 Mobile Safari/537.36 (compatible; GoogleOther)"
2a03:2880:f800:2:: - - [12/Jun/2025:10:58:42 -0400] "GET / HTTP/1.1" 200 10845 "-" "meta-externalagent/1.1 (+https://developers.facebook.com/docs/sharing/webmasters/crawler)"
2a03:2880:f800:1b:: - - [12/Jun/2025:10:58:45 -0400] "GET /shopdetail/321713718 HTTP/1.1" 301 0 "-" "meta-externalagent/1.1 (+https://developers.facebook.com/docs/sharing/webmasters/crawler)"
2a03:2880:f800:1d:: - - [12/Jun/2025:10:58:47 -0400] "GET / HTTP/1.1" 200 10845 "-" "meta-externalagent/1.1 (+https://developers.facebook.com/docs/sharing/webmasters/crawler)"
109.186.71.171 - - [12/Jun/2025:10:58:47 -0400] "GET /manga/re-monster-chapter-24/ HTTP/1.1" 200 18126 "https://remonster.online/manga/re-monster-chapter-23/" "Mozilla/5.0 (Windows NT 10.0; Win64; x64) AppleWebKit/537.36 (KHTML, like Gecko) Chrome/137.0.0.0 Safari/537.36"
66.249.66.69 - - [12/Jun/2025:10:58:47 -0400] "GET /goods/basinet873810894.phtml HTTP/1.1" 200 23335 "-" "Mozilla/5.0 (Linux; Android 6.0.1; Nexus 5X Build/MMB29P) AppleWebKit/537.36 (KHTML, like Gecko) Chrome/136.0.7103.113 Mobile Safari/537.36 (compatible; GoogleOther)"
109.186.71.171 - - [12/Jun/2025:10:58:48 -0400] "POST /wp-admin/admin-ajax.php HTTP/1.1" 200 69 "https://remonster.online/manga/re-monster-chapter-24/" "Mozilla/5.0 (Windows NT 10.0; Win64; x64) AppleWebKit/537.36 (KHTML, like Gecko) Chrome/137.0.0.0 Safari/537.36"
66.249.66.160 - - [12/Jun/2025:10:58:53 -0400] "GET /entity/hm/selves/2054213160.phtml HTTP/1.1" 200 24032 "-" "Mozilla/5.0 (Linux; Android 6.0.1; Nexus 5X Build/MMB29P) AppleWebKit/537.36 (KHTML, like Gecko) Chrome/136.0.7103.113 Mobile Safari/537.36 (compatible; GoogleOther)"
66.249.66.160 - - [12/Jun/2025:10:59:01 -0400] "GET /entity/a/lisping/576087546.phtml HTTP/1.1" 200 23947 "-" "Mozilla/5.0 (Linux; Android 6.0.1; Nexus 5X Build/MMB29P) AppleWebKit/537.36 (KHTML, like Gecko) Chrome/136.0.7103.113 Mobile Safari/537.36 (compatible; GoogleOther)"
162.0.232.193 - - [12/Jun/2025:10:59:03 -0400] "POST /wp-cron.php?doing_wp_cron=1749740343.5772058963775634765625 HTTP/1.1" 200 0 "-" "WordPress/6.6.2; https://remonster.online"
2a03:2880:f800:c:: - - [12/Jun/2025:10:59:03 -0400] "GET /shopdetail/423511718 HTTP/1.1" 301 0 "-" "meta-externalagent/1.1 (+https://developers.facebook.com/docs/sharing/webmasters/crawler)"
66.249.66.161 - - [12/Jun/2025:10:59:05 -0400] "GET /special/to/avant873006876.phtml HTTP/1.1" 200 23753 "-" "Mozilla/5.0 (Linux; Android 6.0.1; Nexus 5X Build/MMB29P) AppleWebKit/537.36 (KHTML, like Gecko) Chrome/136.0.7103.113 Mobile Safari/537.36 (compatible; GoogleOther)"
2a03:2880:f800:f:: - - [12/Jun/2025:10:59:14 -0400] "GET /shopdetail/47847918 HTTP/1.1" 301 0 "-" "meta-externalagent/1.1 (+https://developers.facebook.com/docs/sharing/webmasters/crawler)"
2a03:2880:f800:1:: - - [12/Jun/2025:10:59:15 -0400] "GET /shopdetail/84156518 HTTP/1.1" 301 0 "-" "meta-externalagent/1.1 (+https://developers.facebook.com/docs/sharing/webmasters/crawler)"
2a03:2880:f800:12:: - - [12/Jun/2025:10:59:15 -0400] "GET /shopdetail/147357818 HTTP/1.1" 301 0 "-" "meta-externalagent/1.1 (+https://developers.facebook.com/docs/sharing/webmasters/crawler)"
2a03:2880:f800:15:: - - [12/Jun/2025:10:59:16 -0400] "GET / HTTP/1.1" 200 10888 "-" "meta-externalagent/1.1 (+https://developers.facebook.com/docs/sharing/webmasters/crawler)"
2a03:2880:f800:f:: - - [12/Jun/2025:10:59:17 -0400] "GET / HTTP/1.1" 200 10845 "-" "meta-externalagent/1.1 (+https://developers.facebook.com/docs/sharing/webmasters/crawler)"
2a03:2880:f800:5:: - - [12/Jun/2025:10:59:17 -0400] "GET / HTTP/1.1" 200 10845 "-" "meta-externalagent/1.1 (+https://developers.facebook.com/docs/sharing/webmasters/crawler)"
66.249.66.42 - - [12/Jun/2025:10:59:18 -0400] "GET /item/amphicerus20034742.phtml HTTP/1.1" 200 23818 "-" "Mozilla/5.0 (Linux; Android 6.0.1; Nexus 5X Build/MMB29P) AppleWebKit/537.36 (KHTML, like Gecko) Chrome/136.0.7103.113 Mobile Safari/537.36 (compatible; GoogleOther)"
162.0.232.193 - - [12/Jun/2025:10:59:20 -0400] "POST /wp-cron.php?doing_wp_cron=1749740360.2805290222167968750000 HTTP/1.1" 200 0 "-" "WordPress/6.6.2; https://remonster.online"
2a03:2880:f800:1b:: - - [12/Jun/2025:10:59:19 -0400] "GET /shopdetail/101262018 HTTP/1.1" 301 0 "-" "meta-externalagent/1.1 (+https://developers.facebook.com/docs/sharing/webmasters/crawler)"
2a03:2880:f800:f:: - - [12/Jun/2025:10:59:20 -0400] "GET /shopdetail/348012018 HTTP/1.1" 301 0 "-" "meta-externalagent/1.1 (+https://developers.facebook.com/docs/sharing/webmasters/crawler)"
2a03:2880:f800:14:: - - [12/Jun/2025:10:59:22 -0400] "GET / HTTP/1.1" 200 10888 "-" "meta-externalagent/1.1 (+https://developers.facebook.com/docs/sharing/webmasters/crawler)"
2a03:2880:f800:18:: - - [12/Jun/2025:10:59:22 -0400] "GET / HTTP/1.1" 200 10845 "-" "meta-externalagent/1.1 (+https://developers.facebook.com/docs/sharing/webmasters/crawler)"
66.249.66.69 - - [12/Jun/2025:10:59:23 -0400] "GET /item/869994132.phtml HTTP/1.1" 200 24448 "-" "Mozilla/5.0 (Linux; Android 6.0.1; Nexus 5X Build/MMB29P) AppleWebKit/537.36 (KHTML, like Gecko) Chrome/136.0.7103.113 Mobile Safari/537.36 (compatible; GoogleOther)"
66.249.66.42 - - [12/Jun/2025:10:59:28 -0400] "GET /info/battening873749150.phtml HTTP/1.1" 200 25463 "-" "Mozilla/5.0 (Linux; Android 6.0.1; Nexus 5X Build/MMB29P) AppleWebKit/537.36 (KHTML, like Gecko) Chrome/136.0.7103.113 Mobile Safari/537.36 (compatible; GoogleOther)"
66.249.66.160 - - [12/Jun/2025:10:59:33 -0400] "GET /product/zo/dunnage2063406840.phtml HTTP/1.1" 200 24521 "-" "Mozilla/5.0 (Linux; Android 6.0.1; Nexus 5X Build/MMB29P) AppleWebKit/537.36 (KHTML, like Gecko) Chrome/136.0.7103.113 Mobile Safari/537.36 (compatible; GoogleOther)"
162.0.232.193 - - [12/Jun/2025:10:59:36 -0400] "POST /wp-cron.php?doing_wp_cron=1749740376.1853430271148681640625 HTTP/1.1" 200 0 "-" "WordPress/6.6.2; https://remonster.online"
2a03:2880:f800:13:: - - [12/Jun/2025:10:59:35 -0400] "GET /shopdetail/371967418 HTTP/1.1" 301 0 "-" "meta-externalagent/1.1 (+https://developers.facebook.com/docs/sharing/webmasters/crawler)"
2a03:2880:f800:4:: - - [12/Jun/2025:10:59:37 -0400] "GET / HTTP/1.1" 200 10845 "-" "meta-externalagent/1.1 (+https://developers.facebook.com/docs/sharing/webmasters/crawler)"
2a03:2880:f800:9:: - - [12/Jun/2025:10:59:38 -0400] "GET /shopdetail/53978218 HTTP/1.1" 301 0 "-" "meta-externalagent/1.1 (+https://developers.facebook.com/docs/sharing/webmasters/crawler)"
2a03:2880:f800:15:: - - [12/Jun/2025:10:59:40 -0400] "GET / HTTP/1.1" 200 10868 "-" "meta-externalagent/1.1 (+https://developers.facebook.com/docs/sharing/webmasters/crawler)"
66.249.66.69 - - [12/Jun/2025:10:59:42 -0400] "GET /product104188288.phtml HTTP/1.1" 200 24225 "-" "Mozilla/5.0 (Linux; Android 6.0.1; Nexus 5X Build/MMB29P) AppleWebKit/537.36 (KHTML, like Gecko) Chrome/136.0.7103.113 Mobile Safari/537.36 (compatible; GoogleOther)"
66.249.66.69 - - [12/Jun/2025:10:59:46 -0400] "GET /products/2066156630.phtml HTTP/1.1" 200 24445 "-" "Mozilla/5.0 (Linux; Android 6.0.1; Nexus 5X Build/MMB29P) AppleWebKit/537.36 (KHTML, like Gecko) Chrome/136.0.7103.113 Mobile Safari/537.36 (compatible; GoogleOther)"
66.249.66.6 - - [12/Jun/2025:10:59:55 -0400] "GET /products/p/chesstree/2061974796.phtml HTTP/1.1" 200 26108 "-" "Mozilla/5.0 (Linux; Android 6.0.1; Nexus 5X Build/MMB29P) AppleWebKit/537.36 (KHTML, like Gecko) Chrome/136.0.7103.113 Mobile Safari/537.36 (compatible; GoogleOther)"
2a03:2880:f800:1b:: - - [12/Jun/2025:10:59:57 -0400] "GET /shopdetail/329092618 HTTP/1.1" 301 0 "-" "meta-externalagent/1.1 (+https://developers.facebook.com/docs/sharing/webmasters/crawler)"
66.249.66.69 - - [12/Jun/2025:10:59:59 -0400] "GET /entity/b/excusable/103070348.phtml HTTP/1.1" 200 23847 "-" "Mozilla/5.0 (Linux; Android 6.0.1; Nexus 5X Build/MMB29P) AppleWebKit/537.36 (KHTML, like Gecko) Chrome/136.0.7103.113 Mobile Safari/537.36 (compatible; GoogleOther)"
66.249.66.42 - - [12/Jun/2025:11:00:08 -0400] "GET /special/angustation/2058838308.phtml HTTP/1.1" 200 23651 "-" "Mozilla/5.0 (Linux; Android 6.0.1; Nexus 5X Build/MMB29P) AppleWebKit/537.36 (KHTML, like Gecko) Chrome/136.0.7103.113 Mobile Safari/537.36 (compatible; GoogleOther)"
66.249.66.42 - - [12/Jun/2025:11:00:13 -0400] "GET /goodscode/%3E2021%E5%B9%B49%E6%9C%88%E3%81%AB%E8%B3%BC%E5%85%A5%E3%81%97%E3%81%A61%E5%9B%9E%E3%81%A0%E3%81%91%E4%BD%BF%E7%94%A8%E3%81%97%E3%81%BE%E3%81%97%E3%81%9F%E3%80%82%3CBR%3E%E4%BD%BF%E7%94%A8%E5%BE%8C%E3%81%AF%E7%9C%9F%E6%B0%B4%E3%81%A7%E6%B4%97%E3%81%A3%E3%81%A6%E3%83%AD%E3%83%83%E3%83%89%E3%82%B9%E3%82%BF%E3%83%B3%E3%83%89%E3%81%AB%E7%AB%8B%E3%81%A6%E3%81%A6%E3%81%84%E3%81%BE%E3%81%97%E3%81%9F%E3%81%8C%E3%80%81%E3%81%93%E3%82%8C%E3%81%8B%E3%82%89%E4%BD%BF%E7%94%A8%E3%81%99%E3%82%8B%E6%A9%9F%E4%BC%9A%E3%81%8C%E3%81%AA%E3%81%84%E3%81%9F%E3%82%81%E5%87%BA%E5%93%81%E3%81%97%E3%81%BE%E3%81%99%E3%80%82%3CBR%3E%3CBR%3E%E7%89%B9%E3%81%AB%E5%82%B7%E3%82%82%E3%81%AA%E3%81%8F%E3%80%81%E3%82%B0%E3%83%AA%E3%83%83%E3%83%97%E9%83%A8%E3%82%82%E7%B6%BA%E9%BA%97%E3%81%A0%E3%81%A8%E6%80%9D%E3%81%84%E3%81%BE%E3%81%99%E3%81%8C%E3%80%811%E5%9B%9E%E3%81%AF%E4%BD%BF%E7%94%A8%E3%81%97%E3%81%A6%E3%81%84%E3%82%8B%E3%81%AE%E3%81%A7%E7%A5%9E%E7%B5%8C%E8%B3%AA%E3%81%AA%E6%96%B9%E3%81%AF%E3%81%94%E9%81%A0%E6%85%AE%E9%A1%98%E3%81%84%E3%81%BE%E3%81%99%E3%80%82%3CBR%3E%E4%BF%9D%E8%A8%BC%E6%9B%B8%E3%81%AB%E3%80%81%E8%B3%BC%E5%85%A5%E5%BA%97%E3%81%A8%E3%81%97%E3%81%A6%E3%80%81%E3%81%8B%E3%82%81%E3%82%84%E9%87%A3%E5%85%B7%E3%81%AE%E5%90%8D%E5%89%8D%E3%81%8C%E8%A8%98%E8%BC%89%E3%81%95%E3%82%8C%E3%81%A6%E3%81%84%E3%81%A6%E8%B3%BC%E5%85%A5%E6%97%A5%E3%81%AF2021%E5%B9%B49%E6%9C%8811%E6%97%A5%E3%81%AB%E3%81%AA%E3%82%8A%E3%81%BE%E3%81%99%E3%81%AE%E3%81%A7%E3%80%81%E3%81%9D%E3%81%93%E3%81%8B%E3%82%891%E5%B9%B4%E9%96%93%E6%9C%89%E5%8A%B9%E3%81%AB%E3%81%AA%E3%82%8A%E3%81%BE%E3%81%99%E3%80%82%20%20%20%20%3C/div%3E%20%20%20%20%3Cdiv%20class= HTTP/1.1" 200 25856 "-" "Googlebot-Image/1.0"
66.249.66.6 - - [12/Jun/2025:11:00:19 -0400] "GET /shopping114035736.phtml HTTP/1.1" 200 25202 "-" "Mozilla/5.0 (Linux; Android 6.0.1; Nexus 5X Build/MMB29P) AppleWebKit/537.36 (KHTML, like Gecko) Chrome/136.0.7103.113 Mobile Safari/537.36 (compatible; GoogleOther)"
66.249.66.194 - - [12/Jun/2025:11:00:25 -0400] "GET /goodscode/moralizing2063819280.phtml HTTP/1.1" 200 24639 "-" "Mozilla/5.0 (Linux; Android 6.0.1; Nexus 5X Build/MMB29P) AppleWebKit/537.36 (KHTML, like Gecko) Chrome/136.0.7103.113 Mobile Safari/537.36 (compatible; GoogleOther)"
66.249.66.42 - - [12/Jun/2025:11:00:30 -0400] "GET /products577122624.phtml HTTP/1.1" 200 23393 "-" "Mozilla/5.0 (Linux; Android 6.0.1; Nexus 5X Build/MMB29P) AppleWebKit/537.36 (KHTML, like Gecko) Chrome/136.0.7103.113 Mobile Safari/537.36 (compatible; GoogleOther)"
66.249.66.69 - - [12/Jun/2025:11:00:36 -0400] "GET /item/2061293944.phtml HTTP/1.1" 200 24216 "-" "Mozilla/5.0 (Linux; Android 6.0.1; Nexus 5X Build/MMB29P) AppleWebKit/537.36 (KHTML, like Gecko) Chrome/136.0.7103.113 Mobile Safari/537.36 (compatible; GoogleOther)"
66.249.66.6 - - [12/Jun/2025:11:00:42 -0400] "GET /shopbrand71247014.phtml HTTP/1.1" 200 24276 "-" "Mozilla/5.0 (Linux; Android 6.0.1; Nexus 5X Build/MMB29P) AppleWebKit/537.36 (KHTML, like Gecko) Chrome/136.0.7103.113 Mobile Safari/537.36 (compatible; GoogleOther)"
162.0.232.193 - - [12/Jun/2025:11:00:49 -0400] "POST /wp-cron.php?doing_wp_cron=1749740448.7135980129241943359375 HTTP/1.1" 200 0 "-" "WordPress/6.6.2; https://remonster.online"
2a03:2880:f800:14:: - - [12/Jun/2025:11:00:45 -0400] "GET /shopdetail/423106418 HTTP/1.1" 301 0 "-" "meta-externalagent/1.1 (+https://developers.facebook.com/docs/sharing/webmasters/crawler)"
66.249.66.160 - - [12/Jun/2025:11:00:49 -0400] "GET /shopdetail/tenonian/2069274890.phtml HTTP/1.1" 200 25333 "-" "Mozilla/5.0 (Linux; Android 6.0.1; Nexus 5X Build/MMB29P) AppleWebKit/537.36 (KHTML, like Gecko) Chrome/136.0.7103.113 Mobile Safari/537.36 (compatible; GoogleOther)"
2a03:2880:f800:14:: - - [12/Jun/2025:11:00:51 -0400] "GET / HTTP/1.1" 200 10845 "-" "meta-externalagent/1.1 (+https://developers.facebook.com/docs/sharing/webmasters/crawler)"
66.249.66.69 - - [12/Jun/2025:11:00:55 -0400] "GET /items/b/dodge/2057237972.phtml HTTP/1.1" 200 24018 "-" "Mozilla/5.0 (Linux; Android 6.0.1; Nexus 5X Build/MMB29P) AppleWebKit/537.36 (KHTML, like Gecko) Chrome/136.0.7103.113 Mobile Safari/537.36 (compatible; GoogleOther)"
43.155.140.157 - - [12/Jun/2025:11:00:58 -0400] "GET / HTTP/1.1" 301 0 "http://www.remonster.online" "Mozilla/5.0 (iPhone; CPU iPhone OS 13_2_3 like Mac OS X) AppleWebKit/605.1.15 (KHTML, like Gecko) Version/13.0.3 Mobile/15E148 Safari/604.1"
2a03:2880:f800:19:: - - [12/Jun/2025:11:00:59 -0400] "GET /shopdetail/213928118 HTTP/1.1" 301 0 "-" "meta-externalagent/1.1 (+https://developers.facebook.com/docs/sharing/webmasters/crawler)"
43.155.140.157 - - [12/Jun/2025:11:00:59 -0400] "GET / HTTP/1.1" 200 10788 "https://www.remonster.online/" "Mozilla/5.0 (iPhone; CPU iPhone OS 13_2_3 like Mac OS X) AppleWebKit/605.1.15 (KHTML, like Gecko) Version/13.0.3 Mobile/15E148 Safari/604.1"
66.249.66.162 - - [12/Jun/2025:11:01:00 -0400] "GET /items/polyhedron123315804.phtml HTTP/1.1" 200 24710 "-" "Mozilla/5.0 (Linux; Android 6.0.1; Nexus 5X Build/MMB29P) AppleWebKit/537.36 (KHTML, like Gecko) Chrome/136.0.7103.113 Mobile Safari/537.36 (compatible; GoogleOther)"
2a03:2880:f800:d:: - - [12/Jun/2025:11:01:02 -0400] "GET / HTTP/1.1" 200 10845 "-" "meta-externalagent/1.1 (+https://developers.facebook.com/docs/sharing/webmasters/crawler)"
66.249.66.161 - - [12/Jun/2025:11:01:06 -0400] "GET /item/2066735302.phtml HTTP/1.1" 200 24826 "-" "Mozilla/5.0 (Linux; Android 6.0.1; Nexus 5X Build/MMB29P) AppleWebKit/537.36 (KHTML, like Gecko) Chrome/136.0.7103.113 Mobile Safari/537.36 (compatible; GoogleOther)"
66.249.66.6 - - [12/Jun/2025:11:01:12 -0400] "GET /item/nation/%3E%E3%83%97%E3%83%AD%E3%83%9E%E3%83%8D%E3%83%BC%E3%82%B8%20%E3%83%89%E3%83%83%E3%82%B0%E3%83%95%E3%83%BC%E3%83%89%20%E7%8A%AC%E7%A8%AE%E5%88%A5%2011%E6%AD%B3%E3%81%8B%E3%82%89%E3%81%AE%E3%83%9F%E3%83%8B%E3%83%81%E3%83%A5%E3%82%A2%E3%83%80%E3%83%83%E3%82%AF%E3%82%B9%E3%83%95%E3%83%B3%E3%83%89%E5%B0%82%E7%94%A8%204kg%C3%973%20(%E3%82%B1%E3%83%BC%E3%82%B9%E8%B2%A9%E5%A3%B2)%3CDIV%3E%3CBR%3E%3C/DIV%3E%3CDIV%3E%E9%A3%9F%E6%96%99%E5%82%99%E8%93%84%E3%81%A8%E3%81%97%E3%81%A66%E6%9C%88%E7%B5%82%E3%82%8F%E3%82%8A%E3%81%AB%E8%B3%BC%E5%85%A5%E4%BF%9D%E7%AE%A1%E3%81%97%E3%81%A6%E3%81%84%E3%81%9F%E3%82%82%E3%81%AE%E3%81%A7%E3%80%81%E6%AE%B5%E3%83%9C%E3%83%BC%E3%83%AB%E3%82%B1%E3%83%BC%E3%82%B9%E5%85%A5%E3%82%8A%E6%9C%AA%E9%96%8B%E5%B0%81%E3%81%A7%E3%81%99%3C/DIV%3E%3CDIV%3E%E8%82%9D%E5%BF%83%E3%81%AE%E6%84%9B%E7%8A%AC%E3%81%8C%E4%BB%96%E7%95%8C%E3%81%97%E3%81%BE%E3%81%97%E3%81%9F%E3%81%AE%E3%81%A7%E5%87%BA%E5%93%81%E3%81%99%E3%82%8B%E3%81%93%E3%81%A8%E3%81%AB%E3%81%97%E3%81%BE%E3%81%97%E3%81%9F%3C/DIV%3E%3CDIV%3E%3CBR%3E%3C/DIV%3E%3CDIV%3E%E8%B3%9E%E5%91%B3%E6%9C%9F%E9%99%90%E7%AD%89%E3%81%AF%E4%B8%8D%E6%98%8E%E3%81%A7%E3%81%99%E3%81%8C%E3%80%81%E3%83%8E%E3%83%BC%E3%82%AF%E3%83%AC%E3%83%BC%E3%83%A0%E3%80%81%E3%83%8E%E3%83%BC%E3%83%AA%E3%82%BF%E3%83%BC%E3%83%B3%E3%81%A7%E3%81%8A%E9%A1%98%E3%81%84%E3%81%97%E3%81%BE%E3%81%99%3CBR%3E%3CDIV%3E%3CBR%3E%3C/DIV%3E%3C/DIV%3E%20%20%20%20%3C/div%3E%20%20%20%20%3Cdiv%20class= HTTP/1.1" 200 25814 "-" "Googlebot-Image/1.0"
162.0.232.193 - - [12/Jun/2025:11:01:17 -0400] "POST /wp-cron.php?doing_wp_cron=1749740477.5662689208984375000000 HTTP/1.1" 200 0 "-" "WordPress/6.6.2; https://remonster.online"
2a03:2880:f800:1a:: - - [12/Jun/2025:11:01:16 -0400] "GET /shopdetail/126259518 HTTP/1.1" 301 0 "-" "meta-externalagent/1.1 (+https://developers.facebook.com/docs/sharing/webmasters/crawler)"
66.249.66.42 - - [12/Jun/2025:11:01:18 -0400] "GET /items/destemprer123287242.phtml HTTP/1.1" 200 24583 "-" "Mozilla/5.0 (Linux; Android 6.0.1; Nexus 5X Build/MMB29P) AppleWebKit/537.36 (KHTML, like Gecko) Chrome/136.0.7103.113 Mobile Safari/537.36 (compatible; GoogleOther)"
2a03:2880:f800:13:: - - [12/Jun/2025:11:01:19 -0400] "GET / HTTP/1.1" 200 10845 "-" "meta-externalagent/1.1 (+https://developers.facebook.com/docs/sharing/webmasters/crawler)"
2a03:2880:f800:12:: - - [12/Jun/2025:11:01:23 -0400] "GET /shopdetail/192218418 HTTP/1.1" 301 0 "-" "meta-externalagent/1.1 (+https://developers.facebook.com/docs/sharing/webmasters/crawler)"
66.249.66.42 - - [12/Jun/2025:11:01:24 -0400] "GET /item/2056461228.phtml HTTP/1.1" 200 24301 "-" "Mozilla/5.0 (Linux; Android 6.0.1; Nexus 5X Build/MMB29P) AppleWebKit/537.36 (KHTML, like Gecko) Chrome/136.0.7103.113 Mobile Safari/537.36 (compatible; GoogleOther)"
47.128.115.61 - - [12/Jun/2025:11:01:25 -0400] "GET /robots.txt HTTP/1.1" 200 125 "-" "Mozilla/5.0 (Linux; Android 5.0) AppleWebKit/537.36 (KHTML, like Gecko) Mobile Safari/537.36 (compatible; Bytespider; [email protected])"
2a03:2880:f800:f:: - - [12/Jun/2025:11:01:26 -0400] "GET / HTTP/1.1" 200 10845 "-" "meta-externalagent/1.1 (+https://developers.facebook.com/docs/sharing/webmasters/crawler)"
66.249.66.42 - - [12/Jun/2025:11:01:30 -0400] "GET /shopping870877676.phtml HTTP/1.1" 200 24712 "-" "Mozilla/5.0 (Linux; Android 6.0.1; Nexus 5X Build/MMB29P) AppleWebKit/537.36 (KHTML, like Gecko) Chrome/136.0.7103.113 Mobile Safari/537.36 (compatible; GoogleOther)"
162.0.232.193 - - [12/Jun/2025:11:01:36 -0400] "POST /wp-cron.php?doing_wp_cron=1749740496.3603570461273193359375 HTTP/1.1" 200 0 "-" "WordPress/6.6.2; https://remonster.online"
2a03:2880:f800:2:: - - [12/Jun/2025:11:01:35 -0400] "GET /shopdetail/34930918 HTTP/1.1" 301 0 "-" "meta-externalagent/1.1 (+https://developers.facebook.com/docs/sharing/webmasters/crawler)"
66.249.66.194 - - [12/Jun/2025:11:01:37 -0400] "GET /products/lacwork/869515072.phtml HTTP/1.1" 200 23910 "-" "Mozilla/5.0 (Linux; Android 6.0.1; Nexus 5X Build/MMB29P) AppleWebKit/537.36 (KHTML, like Gecko) Chrome/136.0.7103.113 Mobile Safari/537.36 (compatible; GoogleOther)"
2a03:2880:f800:12:: - - [12/Jun/2025:11:01:39 -0400] "GET / HTTP/1.1" 200 10845 "-" "meta-externalagent/1.1 (+https://developers.facebook.com/docs/sharing/webmasters/crawler)"
2a03:2880:f800:8:: - - [12/Jun/2025:11:01:42 -0400] "GET /shopdetail/321980218 HTTP/1.1" 301 0 "-" "meta-externalagent/1.1 (+https://developers.facebook.com/docs/sharing/webmasters/crawler)"
66.249.66.194 - - [12/Jun/2025:11:01:43 -0400] "GET /goodscode/heterography870820040.phtml HTTP/1.1" 200 25194 "-" "Mozilla/5.0 (Linux; Android 6.0.1; Nexus 5X Build/MMB29P) AppleWebKit/537.36 (KHTML, like Gecko) Chrome/136.0.7103.113 Mobile Safari/537.36 (compatible; GoogleOther)"
66.249.66.194 - - [12/Jun/2025:11:01:49 -0400] "GET /products/crayon/2060816808.phtml HTTP/1.1" 200 27659 "-" "Mozilla/5.0 (Linux; Android 6.0.1; Nexus 5X Build/MMB29P) AppleWebKit/537.36 (KHTML, like Gecko) Chrome/136.0.7103.113 Mobile Safari/537.36 (compatible; GoogleOther)"
66.249.66.6 - - [12/Jun/2025:11:01:56 -0400] "GET /categories/123415490?num=91866 HTTP/1.1" 200 24689 "-" "Mozilla/5.0 (Linux; Android 6.0.1; Nexus 5X Build/MMB29P) AppleWebKit/537.36 (KHTML, like Gecko) Chrome/136.0.7103.113 Mobile Safari/537.36 (compatible; GoogleOther)"
66.249.66.162 - - [12/Jun/2025:11:02:02 -0400] "GET /products/%3E%3CFONT%20SIZE=2%3E%E5%95%86%E5%93%81%E7%AE%A1%E7%90%86ID%EF%BC%9A10-07%EF%BC%BB0081422%EF%BC%BD%3C/FONT%3E%3CBR%3E%3CBR%3E%3CCENTER%3E%3CB%3E%3CFONT%20COLOR= HTTP/1.1" 200 24850 "-" "Googlebot-Image/1.0"
66.249.66.42 - - [12/Jun/2025:11:02:09 -0400] "GET /item/maq/crotchetiness/2066115938.phtml HTTP/1.1" 200 24343 "-" "Mozilla/5.0 (Linux; Android 6.0.1; Nexus 5X Build/MMB29P) AppleWebKit/537.36 (KHTML, like Gecko) Chrome/136.0.7103.113 Mobile Safari/537.36 (compatible; GoogleOther)"
2a03:2880:f800:9:: - - [12/Jun/2025:11:02:10 -0400] "GET /shopdetail/222366618 HTTP/1.1" 301 0 "-" "meta-externalagent/1.1 (+https://developers.facebook.com/docs/sharing/webmasters/crawler)"
34.79.242.244 - - [12/Jun/2025:11:02:12 -0400] "GET /ads.txt HTTP/1.1" 200 23659 "-" "+http://www.google.com/adsbot.html"
2a03:2880:f800:1a:: - - [12/Jun/2025:11:02:13 -0400] "GET / HTTP/1.1" 200 10845 "-" "meta-externalagent/1.1 (+https://developers.facebook.com/docs/sharing/webmasters/crawler)"
34.79.242.244 - - [12/Jun/2025:11:02:13 -0400] "GET /ads.txt HTTP/1.1" 200 23659 "http://remonster.online/ads.txt" "+http://www.google.com/adsbot.html"
66.249.66.69 - - [12/Jun/2025:11:02:15 -0400] "GET /detail/f/bolete/870861628.phtml HTTP/1.1" 200 23565 "-" "Mozilla/5.0 (Linux; Android 6.0.1; Nexus 5X Build/MMB29P) AppleWebKit/537.36 (KHTML, like Gecko) Chrome/136.0.7103.113 Mobile Safari/537.36 (compatible; GoogleOther)"
162.0.232.193 - - [12/Jun/2025:11:02:21 -0400] "POST /wp-cron.php?doing_wp_cron=1749740541.3779959678649902343750 HTTP/1.1" 200 0 "-" "WordPress/6.6.2; https://remonster.online"
2a03:2880:f800:d:: - - [12/Jun/2025:11:02:20 -0400] "GET /shopdetail/228653418 HTTP/1.1" 301 0 "-" "meta-externalagent/1.1 (+https://developers.facebook.com/docs/sharing/webmasters/crawler)"
66.249.66.160 - - [12/Jun/2025:11:02:21 -0400] "GET /products/flourished/2058595308.phtml HTTP/1.1" 200 24879 "-" "Mozilla/5.0 (Linux; Android 6.0.1; Nexus 5X Build/MMB29P) AppleWebKit/537.36 (KHTML, like Gecko) Chrome/136.0.7103.113 Mobile Safari/537.36 (compatible; GoogleOther)"
2a03:2880:f800:11:: - - [12/Jun/2025:11:02:24 -0400] "GET / HTTP/1.1" 200 10845 "-" "meta-externalagent/1.1 (+https://developers.facebook.com/docs/sharing/webmasters/crawler)"
66.249.66.160 - - [12/Jun/2025:11:02:28 -0400] "GET /info/124701512.phtml HTTP/1.1" 200 24168 "-" "Mozilla/5.0 (Linux; Android 6.0.1; Nexus 5X Build/MMB29P) AppleWebKit/537.36 (KHTML, like Gecko) Chrome/136.0.7103.113 Mobile Safari/537.36 (compatible; GoogleOther)"
162.0.232.193 - - [12/Jun/2025:11:02:31 -0400] "POST /wp-cron.php?doing_wp_cron=1749740551.2195758819580078125000 HTTP/1.1" 200 0 "-" "WordPress/6.6.2; https://remonster.online"
2a03:2880:f800:8:: - - [12/Jun/2025:11:02:29 -0400] "GET /shopdetail/55239118 HTTP/1.1" 301 0 "-" "meta-externalagent/1.1 (+https://developers.facebook.com/docs/sharing/webmasters/crawler)"
2a03:2880:f800:19:: - - [12/Jun/2025:11:02:34 -0400] "GET / HTTP/1.1" 200 10845 "-" "meta-externalagent/1.1 (+https://developers.facebook.com/docs/sharing/webmasters/crawler)"
66.249.66.160 - - [12/Jun/2025:11:02:35 -0400] "GET /special/dk/biotechnology2065288300.phtml HTTP/1.1" 200 23810 "-" "Mozilla/5.0 (Linux; Android 6.0.1; Nexus 5X Build/MMB29P) AppleWebKit/537.36 (KHTML, like Gecko) Chrome/136.0.7103.113 Mobile Safari/537.36 (compatible; GoogleOther)"
66.249.66.42 - - [12/Jun/2025:11:02:42 -0400] "GET /shopdetail/2056718476.phtml HTTP/1.1" 200 25010 "-" "Mozilla/5.0 (Linux; Android 6.0.1; Nexus 5X Build/MMB29P) AppleWebKit/537.36 (KHTML, like Gecko) Chrome/136.0.7103.113 Mobile Safari/537.36 (compatible; GoogleOther)"
66.249.66.6 - - [12/Jun/2025:11:02:50 -0400] "GET /goodscode/physics124672822.phtml HTTP/1.1" 200 25397 "-" "Mozilla/5.0 (Linux; Android 6.0.1; Nexus 5X Build/MMB29P) AppleWebKit/537.36 (KHTML, like Gecko) Chrome/136.0.7103.113 Mobile Safari/537.36 (compatible; GoogleOther)"
196.251.83.121 - - [12/Jun/2025:11:02:56 -0400] "GET / HTTP/1.1" 200 10845 "-" "-"
196.251.83.121 - - [12/Jun/2025:11:02:58 -0400] "GET /wp-admin/install.php HTTP/1.1" 403 1242 "-" "-"
66.249.66.42 - - [12/Jun/2025:11:02:58 -0400] "GET /item/2062325876.phtml HTTP/1.1" 200 26070 "-" "Mozilla/5.0 (Linux; Android 6.0.1; Nexus 5X Build/MMB29P) AppleWebKit/537.36 (KHTML, like Gecko) Chrome/136.0.7103.113 Mobile Safari/537.36 (compatible; GoogleOther)"
196.251.83.121 - - [12/Jun/2025:11:03:00 -0400] "GET /wp-admin/setup-config.php HTTP/1.1" 409 1036 "-" "-"
66.249.66.160 - - [12/Jun/2025:11:03:08 -0400] "GET /special/e/%3E%3CDIV%20ALIGN=left%3E%3CDIV%20ALIGN=center%3E%3CTABLE%20BORDER=0%20WIDTH=600%20CELLSPACING=0%20CELLPADDING=0%3E%3CTR%3E%3CTD%3E%3CDIV%20ALIGN=center%3E%3CFONT%20SIZE=1%20COLOR= HTTP/1.1" 200 24894 "-" "Googlebot-Image/1.0"
2a03:2880:f800:a:: - - [12/Jun/2025:11:03:13 -0400] "GET /shopdetail/224646018 HTTP/1.1" 301 0 "-" "meta-externalagent/1.1 (+https://developers.facebook.com/docs/sharing/webmasters/crawler)"
2a03:2880:f800:14:: - - [12/Jun/2025:11:03:17 -0400] "GET / HTTP/1.1" 200 10845 "-" "meta-externalagent/1.1 (+https://developers.facebook.com/docs/sharing/webmasters/crawler)"
66.249.66.42 - - [12/Jun/2025:11:03:17 -0400] "GET /special/q/vitagraph/576063026.phtml HTTP/1.1" 200 23617 "-" "Mozilla/5.0 (Linux; Android 6.0.1; Nexus 5X Build/MMB29P) AppleWebKit/537.36 (KHTML, like Gecko) Chrome/136.0.7103.113 Mobile Safari/537.36 (compatible; GoogleOther)"
162.0.232.193 - - [12/Jun/2025:11:03:20 -0400] "POST /wp-cron.php?doing_wp_cron=1749740599.5479240417480468750000 HTTP/1.1" 200 0 "-" "WordPress/6.6.2; https://remonster.online"
2a03:2880:f800:d:: - - [12/Jun/2025:11:03:18 -0400] "GET /shopdetail/133403818 HTTP/1.1" 301 0 "-" "meta-externalagent/1.1 (+https://developers.facebook.com/docs/sharing/webmasters/crawler)"
2a03:2880:f800:d:: - - [12/Jun/2025:11:03:22 -0400] "GET / HTTP/1.1" 200 10845 "-" "meta-externalagent/1.1 (+https://developers.facebook.com/docs/sharing/webmasters/crawler)"
66.249.66.160 - - [12/Jun/2025:11:03:26 -0400] "GET /special/rhizome/2062316310.phtml HTTP/1.1" 200 24053 "-" "Mozilla/5.0 (Linux; Android 6.0.1; Nexus 5X Build/MMB29P) AppleWebKit/537.36 (KHTML, like Gecko) Chrome/136.0.7103.113 Mobile Safari/537.36 (compatible; GoogleOther)"
2a03:2880:f800:4:: - - [12/Jun/2025:11:03:27 -0400] "GET /shopdetail/346637618 HTTP/1.1" 301 0 "-" "meta-externalagent/1.1 (+https://developers.facebook.com/docs/sharing/webmasters/crawler)"
66.249.66.160 - - [12/Jun/2025:11:03:36 -0400] "GET /goodscode577129296.phtml HTTP/1.1" 200 25019 "-" "Mozilla/5.0 (Linux; Android 6.0.1; Nexus 5X Build/MMB29P) AppleWebKit/537.36 (KHTML, like Gecko) Chrome/136.0.7103.113 Mobile Safari/537.36 (compatible; GoogleOther)"
162.0.232.193 - - [12/Jun/2025:11:03:44 -0400] "POST /wp-cron.php?doing_wp_cron=1749740624.2053968906402587890625 HTTP/1.1" 200 0 "-" "WordPress/6.6.2; https://remonster.online"
2a03:2880:f800:1a:: - - [12/Jun/2025:11:03:43 -0400] "GET /shopdetail/188354218 HTTP/1.1" 301 0 "-" "meta-externalagent/1.1 (+https://developers.facebook.com/docs/sharing/webmasters/crawler)"
66.249.66.160 - - [12/Jun/2025:11:03:44 -0400] "GET /products/b/semivowel869435356.phtml HTTP/1.1" 200 24462 "-" "Mozilla/5.0 (Linux; Android 6.0.1; Nexus 5X Build/MMB29P) AppleWebKit/537.36 (KHTML, like Gecko) Chrome/136.0.7103.113 Mobile Safari/537.36 (compatible; GoogleOther)"
2a03:2880:f800:1d:: - - [12/Jun/2025:11:03:46 -0400] "GET / HTTP/1.1" 200 10845 "-" "meta-externalagent/1.1 (+https://developers.facebook.com/docs/sharing/webmasters/crawler)"
2a09:bac2:7e16:f9b::18e:17f - - [12/Jun/2025:11:03:51 -0400] "GET / HTTP/1.1" 200 10788 "-" "Mozilla/5.0 (iPhone; CPU iPhone OS 18_5 like Mac OS X) AppleWebKit/605.1.15 (KHTML, like Gecko) Mobile/15E148"
66.249.66.69 - - [12/Jun/2025:11:03:53 -0400] "GET /special/chronicle873704610.phtml HTTP/1.1" 200 25126 "-" "Mozilla/5.0 (Linux; Android 6.0.1; Nexus 5X Build/MMB29P) AppleWebKit/537.36 (KHTML, like Gecko) Chrome/136.0.7103.113 Mobile Safari/537.36 (compatible; GoogleOther)"
66.249.66.42 - - [12/Jun/2025:11:04:08 -0400] "GET /goods104280262.phtml HTTP/1.1" 200 24216 "-" "Mozilla/5.0 (Linux; Android 6.0.1; Nexus 5X Build/MMB29P) AppleWebKit/537.36 (KHTML, like Gecko) Chrome/136.0.7103.113 Mobile Safari/537.36 (compatible; GoogleOther)"
162.0.232.193 - - [12/Jun/2025:11:04:13 -0400] "POST /wp-cron.php?doing_wp_cron=1749740653.7670149803161621093750 HTTP/1.1" 200 0 "-" "WordPress/6.6.2; https://remonster.online"
2a03:2880:f800:: - - [12/Jun/2025:11:04:12 -0400] "GET /shopdetail/223221718 HTTP/1.1" 301 0 "-" "meta-externalagent/1.1 (+https://developers.facebook.com/docs/sharing/webmasters/crawler)"
66.249.66.42 - - [12/Jun/2025:11:04:15 -0400] "GET /products/ds/dutes/868852704.phtml HTTP/1.1" 200 24189 "-" "Mozilla/5.0 (Linux; Android 6.0.1; Nexus 5X Build/MMB29P) AppleWebKit/537.36 (KHTML, like Gecko) Chrome/136.0.7103.113 Mobile Safari/537.36 (compatible; GoogleOther)"
2a03:2880:f800:18:: - - [12/Jun/2025:11:04:16 -0400] "GET / HTTP/1.1" 200 10845 "-" "meta-externalagent/1.1 (+https://developers.facebook.com/docs/sharing/webmasters/crawler)"
216.73.216.121 - - [12/Jun/2025:11:04:17 -0400] "GET /sitemap-detail-2466.xml HTTP/1.1" 200 10973 "-" "Mozilla/5.0 AppleWebKit/537.36 (KHTML, like Gecko; compatible; ClaudeBot/1.0; [email protected])"
66.249.66.69 - - [12/Jun/2025:11:04:22 -0400] "GET /goodscode/vivarium20093724.phtml HTTP/1.1" 200 24526 "-" "Mozilla/5.0 (Linux; Android 6.0.1; Nexus 5X Build/MMB29P) AppleWebKit/537.36 (KHTML, like Gecko) Chrome/136.0.7103.113 Mobile Safari/537.36 (compatible; GoogleOther)"
66.249.66.160 - - [12/Jun/2025:11:04:29 -0400] "GET /goodscode/2060708018.phtml HTTP/1.1" 200 24695 "-" "Mozilla/5.0 (Linux; Android 6.0.1; Nexus 5X Build/MMB29P) AppleWebKit/537.36 (KHTML, like Gecko) Chrome/136.0.7103.113 Mobile Safari/537.36 (compatible; GoogleOther)"
162.0.232.193 - - [12/Jun/2025:11:04:35 -0400] "POST /wp-cron.php?doing_wp_cron=1749740674.6654551029205322265625 HTTP/1.1" 200 0 "-" "WordPress/6.6.2; https://remonster.online"
2a03:2880:f800:8:: - - [12/Jun/2025:11:04:34 -0400] "GET /shopdetail/124304818 HTTP/1.1" 301 0 "-" "meta-externalagent/1.1 (+https://developers.facebook.com/docs/sharing/webmasters/crawler)"
66.249.66.160 - - [12/Jun/2025:11:04:35 -0400] "GET /item/invertebrates71288730.phtml HTTP/1.1" 200 24045 "-" "Mozilla/5.0 (Linux; Android 6.0.1; Nexus 5X Build/MMB29P) AppleWebKit/537.36 (KHTML, like Gecko) Chrome/136.0.7103.113 Mobile Safari/537.36 (compatible; GoogleOther)"
2a03:2880:f800:1c:: - - [12/Jun/2025:11:04:37 -0400] "GET / HTTP/1.1" 200 10845 "-" "meta-externalagent/1.1 (+https://developers.facebook.com/docs/sharing/webmasters/crawler)"
2a03:2880:f800:9:: - - [12/Jun/2025:11:04:41 -0400] "GET /shopdetail/288358718 HTTP/1.1" 301 0 "-" "meta-externalagent/1.1 (+https://developers.facebook.com/docs/sharing/webmasters/crawler)"
66.249.66.42 - - [12/Jun/2025:11:04:41 -0400] "GET /goods/phalangides1374046050.phtml HTTP/1.1" 200 25657 "-" "Mozilla/5.0 (Linux; Android 6.0.1; Nexus 5X Build/MMB29P) AppleWebKit/537.36 (KHTML, like Gecko) Chrome/136.0.7103.113 Mobile Safari/537.36 (compatible; GoogleOther)"
2a03:2880:f800:3:: - - [12/Jun/2025:11:04:45 -0400] "GET / HTTP/1.1" 200 10845 "-" "meta-externalagent/1.1 (+https://developers.facebook.com/docs/sharing/webmasters/crawler)"
66.249.66.160 - - [12/Jun/2025:11:04:47 -0400] "GET /products/ironsided/868846738.phtml HTTP/1.1" 200 23842 "-" "Mozilla/5.0 (Linux; Android 6.0.1; Nexus 5X Build/MMB29P) AppleWebKit/537.36 (KHTML, like Gecko) Chrome/136.0.7103.113 Mobile Safari/537.36 (compatible; GoogleOther)"
66.249.66.42 - - [12/Jun/2025:11:04:59 -0400] "GET /products/laundress873886502.phtml HTTP/1.1" 200 23628 "-" "Mozilla/5.0 (Linux; Android 6.0.1; Nexus 5X Build/MMB29P) AppleWebKit/537.36 (KHTML, like Gecko) Chrome/136.0.7103.113 Mobile Safari/537.36 (compatible; GoogleOther)"
2a03:2880:f800:10:: - - [12/Jun/2025:11:05:01 -0400] "GET /shopdetail/205653418 HTTP/1.1" 301 0 "-" "meta-externalagent/1.1 (+https://developers.facebook.com/docs/sharing/webmasters/crawler)"
66.249.66.42 - - [12/Jun/2025:11:05:04 -0400] "GET /shopdetail/i/plasmator2057224686.phtml HTTP/1.1" 200 24426 "-" "Mozilla/5.0 (Linux; Android 6.0.1; Nexus 5X Build/MMB29P) AppleWebKit/537.36 (KHTML, like Gecko) Chrome/136.0.7103.113 Mobile Safari/537.36 (compatible; GoogleOther)"
2a03:2880:f800:b:: - - [12/Jun/2025:11:05:05 -0400] "GET / HTTP/1.1" 200 10845 "-" "meta-externalagent/1.1 (+https://developers.facebook.com/docs/sharing/webmasters/crawler)"
66.249.66.69 - - [12/Jun/2025:11:05:09 -0400] "GET /goodscode/dispnoea873873344.phtml HTTP/1.1" 200 26554 "-" "Mozilla/5.0 (Linux; Android 6.0.1; Nexus 5X Build/MMB29P) AppleWebKit/537.36 (KHTML, like Gecko) Chrome/136.0.7103.113 Mobile Safari/537.36 (compatible; GoogleOther)"
66.249.66.160 - - [12/Jun/2025:11:05:15 -0400] "GET /special/crotchetiness/872873442.phtml HTTP/1.1" 200 25708 "-" "Mozilla/5.0 (Linux; Android 6.0.1; Nexus 5X Build/MMB29P) AppleWebKit/537.36 (KHTML, like Gecko) Chrome/136.0.7103.113 Mobile Safari/537.36 (compatible; GoogleOther)"
66.249.66.160 - - [12/Jun/2025:11:05:20 -0400] "GET /goodscode/a/recoverable/124642530.phtml HTTP/1.1" 200 24282 "-" "Mozilla/5.0 (Linux; Android 6.0.1; Nexus 5X Build/MMB29P) AppleWebKit/537.36 (KHTML, like Gecko) Chrome/136.0.7103.113 Mobile Safari/537.36 (compatible; GoogleOther)"
162.0.232.193 - - [12/Jun/2025:11:05:23 -0400] "POST /wp-cron.php?doing_wp_cron=1749740723.6404120922088623046875 HTTP/1.1" 200 0 "-" "WordPress/6.6.2; https://remonster.online"
47.128.114.21 - - [12/Jun/2025:11:05:22 -0400] "GET /.well-known/security.txt HTTP/1.1" 301 0 "-" "Mozilla/5.0 (Linux; Android 5.0) AppleWebKit/537.36 (KHTML, like Gecko) Mobile Safari/537.36 (compatible; Bytespider; [email protected])"
47.128.114.21 - - [12/Jun/2025:11:05:24 -0400] "GET / HTTP/1.1" 200 10788 "-" "Mozilla/5.0 (Linux; Android 5.0) AppleWebKit/537.36 (KHTML, like Gecko) Mobile Safari/537.36 (compatible; Bytespider; [email protected])"
66.249.66.69 - - [12/Jun/2025:11:05:26 -0400] "GET /goodscode/vermeology873197178.phtml HTTP/1.1" 200 24936 "-" "Mozilla/5.0 (Linux; Android 6.0.1; Nexus 5X Build/MMB29P) AppleWebKit/537.36 (KHTML, like Gecko) Chrome/136.0.7103.113 Mobile Safari/537.36 (compatible; GoogleOther)"
66.249.66.160 - - [12/Jun/2025:11:05:31 -0400] "GET /goodscode/grinned/2066317276.phtml HTTP/1.1" 200 24019 "-" "Mozilla/5.0 (Linux; Android 6.0.1; Nexus 5X Build/MMB29P) AppleWebKit/537.36 (KHTML, like Gecko) Chrome/136.0.7103.113 Mobile Safari/537.36 (compatible; GoogleOther)"
66.249.66.42 - - [12/Jun/2025:11:05:36 -0400] "GET /products/mylitta/2063547532.phtml HTTP/1.1" 200 25030 "-" "Mozilla/5.0 (Linux; Android 6.0.1; Nexus 5X Build/MMB29P) AppleWebKit/537.36 (KHTML, like Gecko) Chrome/136.0.7103.113 Mobile Safari/537.36 (compatible; GoogleOther)"
66.249.66.69 - - [12/Jun/2025:11:05:41 -0400] "GET /info/70996380.phtml HTTP/1.1" 200 23911 "-" "Mozilla/5.0 (Linux; Android 6.0.1; Nexus 5X Build/MMB29P) AppleWebKit/537.36 (KHTML, like Gecko) Chrome/136.0.7103.113 Mobile Safari/537.36 (compatible; GoogleOther)"
66.249.66.69 - - [12/Jun/2025:11:05:46 -0400] "GET /goodscode/%3E%3CTABLE%3E%20%20%20%20%20%20%3CTR%3E%20%20%20%20%20%20%3CTD%20ALIGN=center%20BGCOLOR= HTTP/1.1" 200 24749 "-" "Googlebot-Image/1.0"
66.249.66.160 - - [12/Jun/2025:11:05:51 -0400] "GET /products/leporid2065307940.phtml HTTP/1.1" 200 23290 "-" "Mozilla/5.0 (Linux; Android 6.0.1; Nexus 5X Build/MMB29P) AppleWebKit/537.36 (KHTML, like Gecko) Chrome/136.0.7103.113 Mobile Safari/537.36 (compatible; GoogleOther)"
162.0.232.193 - - [12/Jun/2025:11:05:57 -0400] "POST /wp-cron.php?doing_wp_cron=1749740756.8250100612640380859375 HTTP/1.1" 200 0 "-" "WordPress/6.6.2; https://remonster.online"
66.249.66.69 - - [12/Jun/2025:11:05:56 -0400] "GET /items/71241816.phtml HTTP/1.1" 200 23993 "-" "Mozilla/5.0 (Linux; Android 6.0.1; Nexus 5X Build/MMB29P) AppleWebKit/537.36 (KHTML, like Gecko) Chrome/136.0.7103.113 Mobile Safari/537.36 (compatible; GoogleOther)"
2a03:2880:f800:11:: - - [12/Jun/2025:11:05:56 -0400] "GET /shopdetail/258709418 HTTP/1.1" 301 0 "-" "meta-externalagent/1.1 (+https://developers.facebook.com/docs/sharing/webmasters/crawler)"
2a03:2880:f800:1b:: - - [12/Jun/2025:11:05:59 -0400] "GET / HTTP/1.1" 200 10845 "-" "meta-externalagent/1.1 (+https://developers.facebook.com/docs/sharing/webmasters/crawler)"
66.249.66.195 - - [12/Jun/2025:11:06:01 -0400] "GET /shopdetail/x/subseptuple2057418708.phtml HTTP/1.1" 200 23756 "-" "Mozilla/5.0 (Linux; Android 6.0.1; Nexus 5X Build/MMB29P) AppleWebKit/537.36 (KHTML, like Gecko) Chrome/136.0.7103.113 Mobile Safari/537.36 (compatible; GoogleOther)"
66.249.66.70 - - [12/Jun/2025:11:06:07 -0400] "GET /shopdetail/syi/castlet/2058801402.phtml HTTP/1.1" 200 23350 "-" "Mozilla/5.0 (Linux; Android 6.0.1; Nexus 5X Build/MMB29P) AppleWebKit/537.36 (KHTML, like Gecko) Chrome/136.0.7103.113 Mobile Safari/537.36 (compatible; GoogleOther)"
2003:e9:5f46:9d00:b1e9:33c:77d:4000 - - [12/Jun/2025:11:06:08 -0400] "GET /manga/remonster-chapter-106/ HTTP/1.1" 200 14266 "-" "Mozilla/5.0 (Macintosh; Intel Mac OS X 10_15_7) AppleWebKit/605.1.15 (KHTML, like Gecko)"
66.249.66.194 - - [12/Jun/2025:11:06:12 -0400] "GET /item/873210464.phtml HTTP/1.1" 200 24246 "-" "Mozilla/5.0 (Linux; Android 6.0.1; Nexus 5X Build/MMB29P) AppleWebKit/537.36 (KHTML, like Gecko) Chrome/136.0.7103.113 Mobile Safari/537.36 (compatible; GoogleOther)"
66.249.66.42 - - [12/Jun/2025:11:06:18 -0400] "GET /products/872360618.phtml HTTP/1.1" 200 24007 "-" "Mozilla/5.0 (Linux; Android 6.0.1; Nexus 5X Build/MMB29P) AppleWebKit/537.36 (KHTML, like Gecko) Chrome/136.0.7103.113 Mobile Safari/537.36 (compatible; GoogleOther)"
66.249.66.194 - - [12/Jun/2025:11:06:24 -0400] "GET /goods/70897408.phtml HTTP/1.1" 200 24782 "-" "Mozilla/5.0 (Linux; Android 6.0.1; Nexus 5X Build/MMB29P) AppleWebKit/537.36 (KHTML, like Gecko) Chrome/136.0.7103.113 Mobile Safari/537.36 (compatible; GoogleOther)"
66.249.66.42 - - [12/Jun/2025:11:06:29 -0400] "GET /item/chylaceous/2062007012.phtml HTTP/1.1" 200 24313 "-" "Mozilla/5.0 (Linux; Android 6.0.1; Nexus 5X Build/MMB29P) AppleWebKit/537.36 (KHTML, like Gecko) Chrome/136.0.7103.113 Mobile Safari/537.36 (compatible; GoogleOther)"
162.0.232.193 - - [12/Jun/2025:11:06:35 -0400] "POST /wp-cron.php?doing_wp_cron=1749740795.3705830574035644531250 HTTP/1.1" 200 0 "-" "WordPress/6.6.2; https://remonster.online"
2a03:2880:f800:1d:: - - [12/Jun/2025:11:06:34 -0400] "GET /shopdetail/397844818 HTTP/1.1" 301 0 "-" "meta-externalagent/1.1 (+https://developers.facebook.com/docs/sharing/webmasters/crawler)"
216.73.216.121 - - [12/Jun/2025:11:06:35 -0400] "GET /sitemap-detail-520.xml HTTP/1.1" 200 11060 "-" "Mozilla/5.0 AppleWebKit/537.36 (KHTML, like Gecko; compatible; ClaudeBot/1.0; [email protected])"
66.249.66.160 - - [12/Jun/2025:11:06:35 -0400] "GET /entity/70851712.phtml HTTP/1.1" 200 24221 "-" "Mozilla/5.0 (Linux; Android 6.0.1; Nexus 5X Build/MMB29P) AppleWebKit/537.36 (KHTML, like Gecko) Chrome/136.0.7103.113 Mobile Safari/537.36 (compatible; GoogleOther)"
2a03:2880:f800:a:: - - [12/Jun/2025:11:06:38 -0400] "GET / HTTP/1.1" 200 10845 "-" "meta-externalagent/1.1 (+https://developers.facebook.com/docs/sharing/webmasters/crawler)"
52.167.144.142 - - [12/Jun/2025:11:06:38 -0400] "GET /manga/remonster-chapter-79/ HTTP/1.1" 200 24004 "-" "Mozilla/5.0 AppleWebKit/537.36 (KHTML, like Gecko; compatible; bingbot/2.0; +http://www.bing.com/bingbot.htm) Chrome/116.0.1938.76 Safari/537.36"
66.249.66.69 - - [12/Jun/2025:11:06:41 -0400] "GET /info/fwo/doubleacting/%3E%3CTABLE%20BORDER=1%20CELLSPACING=0%20CELLPADDING=5%3E%20%3CTR%20ALIGN=center%20BGCOLOR= HTTP/1.1" 200 24869 "-" "Googlebot-Image/1.0"
66.249.66.160 - - [12/Jun/2025:11:06:47 -0400] "GET /item/2066462650.phtml HTTP/1.1" 200 23792 "-" "Mozilla/5.0 (Linux; Android 6.0.1; Nexus 5X Build/MMB29P) AppleWebKit/537.36 (KHTML, like Gecko) Chrome/136.0.7103.113 Mobile Safari/537.36 (compatible; GoogleOther)"
66.249.66.69 - - [12/Jun/2025:11:06:53 -0400] "GET /product/2063761454.phtml HTTP/1.1" 200 23643 "-" "Mozilla/5.0 (Linux; Android 6.0.1; Nexus 5X Build/MMB29P) AppleWebKit/537.36 (KHTML, like Gecko) Chrome/136.0.7103.113 Mobile Safari/537.36 (compatible; GoogleOther)"
2a03:2880:f800:1a:: - - [12/Jun/2025:11:06:57 -0400] "GET /shopdetail/317417518 HTTP/1.1" 301 0 "-" "meta-externalagent/1.1 (+https://developers.facebook.com/docs/sharing/webmasters/crawler)"
66.249.66.161 - - [12/Jun/2025:11:06:59 -0400] "GET /entity/104224484.phtml HTTP/1.1" 200 23606 "-" "Mozilla/5.0 (Linux; Android 6.0.1; Nexus 5X Build/MMB29P) AppleWebKit/537.36 (KHTML, like Gecko) Chrome/136.0.7103.113 Mobile Safari/537.36 (compatible; GoogleOther)"
18.206.187.251 - - [12/Jun/2025:11:06:59 -0400] "GET / HTTP/1.1" 200 10845 "-" "Mozilla/5.0 (X11; Linux x86_64) AppleWebKit/537.36 (KHTML, like Gecko) Chrome/137.0.0.0 Safari/537.36"
2a03:2880:f800:5:: - - [12/Jun/2025:11:07:00 -0400] "GET / HTTP/1.1" 200 10845 "-" "meta-externalagent/1.1 (+https://developers.facebook.com/docs/sharing/webmasters/crawler)"
66.249.66.162 - - [12/Jun/2025:11:07:05 -0400] "GET /goodscode/complot869428746.phtml HTTP/1.1" 200 24242 "-" "Mozilla/5.0 (Linux; Android 6.0.1; Nexus 5X Build/MMB29P) AppleWebKit/537.36 (KHTML, like Gecko) Chrome/136.0.7103.113 Mobile Safari/537.36 (compatible; GoogleOther)"
2a03:2880:f800:c:: - - [12/Jun/2025:11:07:09 -0400] "GET /shopdetail/39217218 HTTP/1.1" 301 0 "-" "meta-externalagent/1.1 (+https://developers.facebook.com/docs/sharing/webmasters/crawler)"
66.249.66.70 - - [12/Jun/2025:11:07:10 -0400] "GET /product872071542.phtml HTTP/1.1" 200 24178 "-" "Mozilla/5.0 (Linux; Android 6.0.1; Nexus 5X Build/MMB29P) AppleWebKit/537.36 (KHTML, like Gecko) Chrome/136.0.7103.113 Mobile Safari/537.36 (compatible; GoogleOther)"
2a03:2880:f800:2:: - - [12/Jun/2025:11:07:10 -0400] "GET /shopdetail/202971918 HTTP/1.1" 301 0 "-" "meta-externalagent/1.1 (+https://developers.facebook.com/docs/sharing/webmasters/crawler)"
2a03:2880:f800:15:: - - [12/Jun/2025:11:07:12 -0400] "GET / HTTP/1.1" 200 10845 "-" "meta-externalagent/1.1 (+https://developers.facebook.com/docs/sharing/webmasters/crawler)"
2a03:2880:f800:10:: - - [12/Jun/2025:11:07:13 -0400] "GET / HTTP/1.1" 200 10845 "-" "meta-externalagent/1.1 (+https://developers.facebook.com/docs/sharing/webmasters/crawler)"
66.249.66.160 - - [12/Jun/2025:11:07:16 -0400] "GET /item/diplogenic872192462.phtml HTTP/1.1" 200 23750 "-" "Mozilla/5.0 (Linux; Android 6.0.1; Nexus 5X Build/MMB29P) AppleWebKit/537.36 (KHTML, like Gecko) Chrome/136.0.7103.113 Mobile Safari/537.36 (compatible; GoogleOther)"
66.249.66.194 - - [12/Jun/2025:11:07:22 -0400] "GET /goodscode/li/conject/2056733752.phtml HTTP/1.1" 200 24225 "-" "Mozilla/5.0 (Linux; Android 6.0.1; Nexus 5X Build/MMB29P) AppleWebKit/537.36 (KHTML, like Gecko) Chrome/136.0.7103.113 Mobile Safari/537.36 (compatible; GoogleOther)"
18.206.187.251 - - [12/Jun/2025:11:07:22 -0400] "GET /manga/remonster-chapter-93/ HTTP/1.1" 200 15465 "https://remonster.online/" "Mozilla/5.0 (X11; Linux x86_64) AppleWebKit/537.36 (KHTML, like Gecko) Chrome/137.0.0.0 Safari/537.36"
66.249.66.160 - - [12/Jun/2025:11:07:28 -0400] "GET /product/ugg/kaaba/871419698.phtml HTTP/1.1" 200 23683 "-" "Mozilla/5.0 (Linux; Android 6.0.1; Nexus 5X Build/MMB29P) AppleWebKit/537.36 (KHTML, like Gecko) Chrome/136.0.7103.113 Mobile Safari/537.36 (compatible; GoogleOther)"
18.206.187.251 - - [12/Jun/2025:11:07:31 -0400] "GET /manga/re-monster-chapter-60/ HTTP/1.1" 200 17429 "https://remonster.online/" "Mozilla/5.0 (X11; Linux x86_64) AppleWebKit/537.36 (KHTML, like Gecko) Chrome/137.0.0.0 Safari/537.36"
162.0.232.193 - - [12/Jun/2025:11:07:33 -0400] "POST /wp-cron.php?doing_wp_cron=1749740853.0240058898925781250000 HTTP/1.1" 200 0 "-" "WordPress/6.6.2; https://remonster.online"
2a03:2880:f800:c:: - - [12/Jun/2025:11:07:32 -0400] "GET /shopdetail/224908718 HTTP/1.1" 301 0 "-" "meta-externalagent/1.1 (+https://developers.facebook.com/docs/sharing/webmasters/crawler)"
66.249.66.160 - - [12/Jun/2025:11:07:34 -0400] "GET /goods/d/counterpoise/872118588.phtml HTTP/1.1" 200 24853 "-" "Mozilla/5.0 (Linux; Android 6.0.1; Nexus 5X Build/MMB29P) AppleWebKit/537.36 (KHTML, like Gecko) Chrome/136.0.7103.113 Mobile Safari/537.36 (compatible; GoogleOther)"
2a03:2880:f800:13:: - - [12/Jun/2025:11:07:35 -0400] "GET / HTTP/1.1" 200 10845 "-" "meta-externalagent/1.1 (+https://developers.facebook.com/docs/sharing/webmasters/crawler)"
2601:85:ca80:8df0:3cf0:d00d:b8d2:b335 - - [12/Jun/2025:11:07:38 -0400] "GET /category/remonster/ HTTP/1.1" 304 0 "https://remonster.online/manga/re-monster-chapter-59/" "Mozilla/5.0 (Linux; Android 10; K) AppleWebKit/537.36 (KHTML, like Gecko) Chrome/137.0.0.0 Mobile Safari/537.36"
2601:85:ca80:8df0:3cf0:d00d:b8d2:b335 - - [12/Jun/2025:11:07:39 -0400] "GET /manga/re-monster-chapter-60/ HTTP/1.1" 200 17446 "https://remonster.online/manga/re-monster-chapter-59/" "Mozilla/5.0 (Linux; Android 10; K) AppleWebKit/537.36 (KHTML, like Gecko) Chrome/137.0.0.0 Mobile Safari/537.36"
2a03:2880:f800:d:: - - [12/Jun/2025:11:07:38 -0400] "GET /shopdetail/106193218 HTTP/1.1" 301 0 "-" "meta-externalagent/1.1 (+https://developers.facebook.com/docs/sharing/webmasters/crawler)"
66.249.66.42 - - [12/Jun/2025:11:07:41 -0400] "GET /goodscode/%3E%E3%80%90%E5%8D%B3%E6%B1%BA%E4%BE%A1%E6%A0%BC%E3%81%82%E3%82%8A%E3%80%91%3CBR%3E%E6%97%A9%E3%81%84%E8%80%85%E5%8B%9D%E3%81%A1%3CBR%3E%3CBR%3E%E3%80%90%E3%82%B5%E3%82%A4%E3%82%BA%E3%80%91%3CBR%3EL%E3%82%B5%E3%82%A4%E3%82%BA%3CBR%3E%E7%B4%84%E8%BA%AB%E5%B9%8557%E3%8E%9D/%E7%9D%80%E4%B8%8872%E3%8E%9D%3CBR%3E%3CBR%3E%E6%9C%AA%E4%BD%BF%E7%94%A8%E3%83%BB%E3%82%BF%E3%82%B0%E4%BB%98%E3%81%8D%3CBR%3E%E6%AD%A3%E8%A6%8F%E5%93%81%3CBR%3E%3CBR%3E%E3%83%8E%E3%83%BC%E3%82%AF%E3%83%AC%E3%83%BC%E3%83%A0%E3%83%BB%E3%83%8E%E3%83%BC%E3%83%AA%E3%82%BF%E3%83%BC%E3%83%B3%E3%81%A7%E3%81%8A%E9%A1%98%E3%81%84%E3%81%97%E3%81%BE%E3%81%99%E3%80%82%20%20%20%20%3C/div%3E%20%20%20%20%3Cdiv%20class= HTTP/1.1" 200 25286 "-" "Googlebot-Image/1.0"
2a03:2880:f800:5:: - - [12/Jun/2025:11:07:42 -0400] "GET / HTTP/1.1" 200 10845 "-" "meta-externalagent/1.1 (+https://developers.facebook.com/docs/sharing/webmasters/crawler)"
66.249.66.194 - - [12/Jun/2025:11:07:47 -0400] "GET /item/bolthead/872737246.phtml HTTP/1.1" 200 24073 "-" "Mozilla/5.0 (Linux; Android 6.0.1; Nexus 5X Build/MMB29P) AppleWebKit/537.36 (KHTML, like Gecko) Chrome/136.0.7103.113 Mobile Safari/537.36 (compatible; GoogleOther)"
