2a03:2880:f800:5:: - - [12/Jun/2025:11:40:28 -0400] "GET /shopdetail/71148118 HTTP/1.1" 301 0 "-" "meta-externalagent/1.1 (+https://developers.facebook.com/docs/sharing/webmasters/crawler)"
2a03:2880:f800:f:: - - [12/Jun/2025:11:40:32 -0400] "GET /shopdetail/407359118 HTTP/1.1" 301 0 "-" "meta-externalagent/1.1 (+https://developers.facebook.com/docs/sharing/webmasters/crawler)"
114.119.146.179 - - [12/Jun/2025:11:40:33 -0400] "GET /tag/remonster-chapter-105-manga-scan/ HTTP/1.1" 301 0 "https://remonster.online/manga/remonster-chapter-105/" "Mozilla/5.0 (Linux; Android 7.0;) AppleWebKit/537.36 (KHTML, like Gecko) Mobile Safari/537.36 (compatible; PetalBot;+https://webmaster.petalsearch.com/site/petalbot)"
2a03:2880:f800:5:: - - [12/Jun/2025:11:40:34 -0400] "GET / HTTP/1.1" 200 10845 "-" "meta-externalagent/1.1 (+https://developers.facebook.com/docs/sharing/webmasters/crawler)"
66.249.66.76 - - [12/Jun/2025:11:40:34 -0400] "GET /info17243876.phtml HTTP/1.1" 200 25089 "-" "Mozilla/5.0 (Linux; Android 6.0.1; Nexus 5X Build/MMB29P) AppleWebKit/537.36 (KHTML, like Gecko) Chrome/136.0.7103.113 Mobile Safari/537.36 (compatible; GoogleOther)"
2a03:2880:f800:19:: - - [12/Jun/2025:11:40:33 -0400] "GET /shopdetail/179152018 HTTP/1.1" 301 0 "-" "meta-externalagent/1.1 (+https://developers.facebook.com/docs/sharing/webmasters/crawler)"
2a03:2880:f800:7:: - - [12/Jun/2025:11:40:34 -0400] "GET /shopdetail/282277218 HTTP/1.1" 301 0 "-" "meta-externalagent/1.1 (+https://developers.facebook.com/docs/sharing/webmasters/crawler)"
2a03:2880:f800:16:: - - [12/Jun/2025:11:40:35 -0400] "GET / HTTP/1.1" 200 10845 "-" "meta-externalagent/1.1 (+https://developers.facebook.com/docs/sharing/webmasters/crawler)"
2a03:2880:f800:1a:: - - [12/Jun/2025:11:40:37 -0400] "GET / HTTP/1.1" 200 10845 "-" "meta-externalagent/1.1 (+https://developers.facebook.com/docs/sharing/webmasters/crawler)"
2a03:2880:f800:a:: - - [12/Jun/2025:11:40:37 -0400] "GET / HTTP/1.1" 200 10845 "-" "meta-externalagent/1.1 (+https://developers.facebook.com/docs/sharing/webmasters/crawler)"
66.249.66.76 - - [12/Jun/2025:11:40:39 -0400] "GET /special/orval2067844828.phtml HTTP/1.1" 200 24399 "-" "Mozilla/5.0 (Linux; Android 6.0.1; Nexus 5X Build/MMB29P) AppleWebKit/537.36 (KHTML, like Gecko) Chrome/136.0.7103.113 Mobile Safari/537.36 (compatible; GoogleOther)"
114.119.146.179 - - [12/Jun/2025:11:40:40 -0400] "GET / HTTP/1.1" 200 10788 "https://remonster.online/manga/remonster-chapter-105/" "Mozilla/5.0 (Linux; Android 7.0;) AppleWebKit/537.36 (KHTML, like Gecko) Mobile Safari/537.36 (compatible; PetalBot;+https://webmaster.petalsearch.com/site/petalbot)"
66.249.66.76 - - [12/Jun/2025:11:40:45 -0400] "GET /entity/b/insectivore66401912.phtml HTTP/1.1" 200 24480 "-" "Mozilla/5.0 (Linux; Android 6.0.1; Nexus 5X Build/MMB29P) AppleWebKit/537.36 (KHTML, like Gecko) Chrome/136.0.7103.113 Mobile Safari/537.36 (compatible; GoogleOther)"
66.249.66.76 - - [12/Jun/2025:11:40:50 -0400] "GET /products/2063488356.phtml HTTP/1.1" 200 25015 "-" "Mozilla/5.0 (Linux; Android 6.0.1; Nexus 5X Build/MMB29P) AppleWebKit/537.36 (KHTML, like Gecko) Chrome/136.0.7103.113 Mobile Safari/537.36 (compatible; GoogleOther)"
2a03:2880:f800:d:: - - [12/Jun/2025:11:40:52 -0400] "GET /shopdetail/228765718 HTTP/1.1" 301 0 "-" "meta-externalagent/1.1 (+https://developers.facebook.com/docs/sharing/webmasters/crawler)"
2a03:2880:f800:16:: - - [12/Jun/2025:11:40:56 -0400] "GET / HTTP/1.1" 200 10845 "-" "meta-externalagent/1.1 (+https://developers.facebook.com/docs/sharing/webmasters/crawler)"
66.249.66.77 - - [12/Jun/2025:11:40:56 -0400] "GET /item/ba/azorian871315016.phtml HTTP/1.1" 200 24433 "-" "Mozilla/5.0 (Linux; Android 6.0.1; Nexus 5X Build/MMB29P) AppleWebKit/537.36 (KHTML, like Gecko) Chrome/136.0.7103.113 Mobile Safari/537.36 (compatible; GoogleOther)"
66.249.66.78 - - [12/Jun/2025:11:41:01 -0400] "GET /goodscode/2061841292.phtml HTTP/1.1" 200 25099 "-" "Mozilla/5.0 (Linux; Android 6.0.1; Nexus 5X Build/MMB29P) AppleWebKit/537.36 (KHTML, like Gecko) Chrome/136.0.7103.113 Mobile Safari/537.36 (compatible; GoogleOther)"
66.249.66.77 - - [12/Jun/2025:11:41:06 -0400] "GET /info/l/stockaded/2066608284.phtml HTTP/1.1" 200 24765 "-" "Mozilla/5.0 (Linux; Android 6.0.1; Nexus 5X Build/MMB29P) AppleWebKit/537.36 (KHTML, like Gecko) Chrome/136.0.7103.113 Mobile Safari/537.36 (compatible; GoogleOther)"
66.249.66.76 - - [12/Jun/2025:11:41:12 -0400] "GET /item/summoner/%3E%3CBR%3E%3CCENTER%3E%3CFONT%20COLOR= HTTP/1.1" 200 24709 "-" "Googlebot-Image/1.0"
66.249.66.76 - - [12/Jun/2025:11:41:17 -0400] "GET /item/prolegate/2066292826.phtml HTTP/1.1" 200 25544 "-" "Mozilla/5.0 (Linux; Android 6.0.1; Nexus 5X Build/MMB29P) AppleWebKit/537.36 (KHTML, like Gecko) Chrome/136.0.7103.113 Mobile Safari/537.36 (compatible; GoogleOther)"
162.0.232.193 - - [12/Jun/2025:11:41:21 -0400] "POST /wp-cron.php?doing_wp_cron=1749742880.9487419128417968750000 HTTP/1.1" 200 0 "-" "WordPress/6.6.2; https://remonster.online"
2a03:2880:f800:7:: - - [12/Jun/2025:11:41:18 -0400] "GET /shopdetail/126813518 HTTP/1.1" 301 0 "-" "meta-externalagent/1.1 (+https://developers.facebook.com/docs/sharing/webmasters/crawler)"
2a03:2880:f800:1b:: - - [12/Jun/2025:11:41:23 -0400] "GET / HTTP/1.1" 200 10845 "-" "meta-externalagent/1.1 (+https://developers.facebook.com/docs/sharing/webmasters/crawler)"
66.249.66.76 - - [12/Jun/2025:11:41:23 -0400] "GET /entity/d/mannide/141363256.phtml HTTP/1.1" 200 25882 "-" "Mozilla/5.0 (Linux; Android 6.0.1; Nexus 5X Build/MMB29P) AppleWebKit/537.36 (KHTML, like Gecko) Chrome/136.0.7103.113 Mobile Safari/537.36 (compatible; GoogleOther)"
2a03:2880:f800:15:: - - [12/Jun/2025:11:41:22 -0400] "GET /shopdetail/34090318 HTTP/1.1" 301 0 "-" "meta-externalagent/1.1 (+https://developers.facebook.com/docs/sharing/webmasters/crawler)"
2a03:2880:f800:1:: - - [12/Jun/2025:11:41:26 -0400] "GET / HTTP/1.1" 200 10845 "-" "meta-externalagent/1.1 (+https://developers.facebook.com/docs/sharing/webmasters/crawler)"
66.249.66.76 - - [12/Jun/2025:11:41:28 -0400] "GET /special/mitering872355102.phtml HTTP/1.1" 200 23815 "-" "Mozilla/5.0 (Linux; Android 6.0.1; Nexus 5X Build/MMB29P) AppleWebKit/537.36 (KHTML, like Gecko) Chrome/136.0.7103.113 Mobile Safari/537.36 (compatible; GoogleOther)"
162.0.232.193 - - [12/Jun/2025:11:41:32 -0400] "POST /wp-cron.php?doing_wp_cron=1749742892.4793560504913330078125 HTTP/1.1" 200 0 "-" "WordPress/6.6.2; https://remonster.online"
2a03:2880:f800:8:: - - [12/Jun/2025:11:41:30 -0400] "GET /shopdetail/259353818 HTTP/1.1" 301 0 "-" "meta-externalagent/1.1 (+https://developers.facebook.com/docs/sharing/webmasters/crawler)"
66.249.66.76 - - [12/Jun/2025:11:41:34 -0400] "GET /entity/131837682.phtml HTTP/1.1" 200 24905 "-" "Mozilla/5.0 (Linux; Android 6.0.1; Nexus 5X Build/MMB29P) AppleWebKit/537.36 (KHTML, like Gecko) Chrome/136.0.7103.113 Mobile Safari/537.36 (compatible; GoogleOther)"
2a03:2880:f800:10:: - - [12/Jun/2025:11:41:35 -0400] "GET / HTTP/1.1" 200 10845 "-" "meta-externalagent/1.1 (+https://developers.facebook.com/docs/sharing/webmasters/crawler)"
66.249.66.76 - - [12/Jun/2025:11:41:40 -0400] "GET /item/2063712290.phtml HTTP/1.1" 200 23872 "-" "Mozilla/5.0 (Linux; Android 6.0.1; Nexus 5X Build/MMB29P) AppleWebKit/537.36 (KHTML, like Gecko) Chrome/136.0.7103.113 Mobile Safari/537.36 (compatible; GoogleOther)"
66.249.66.76 - - [12/Jun/2025:11:41:45 -0400] "GET /items1379572450.phtml HTTP/1.1" 200 28343 "-" "Mozilla/5.0 (Linux; Android 6.0.1; Nexus 5X Build/MMB29P) AppleWebKit/537.36 (KHTML, like Gecko) Chrome/136.0.7103.113 Mobile Safari/537.36 (compatible; GoogleOther)"
66.249.66.76 - - [12/Jun/2025:11:41:50 -0400] "GET /products/2066815402.phtml HTTP/1.1" 200 24439 "-" "Mozilla/5.0 (Linux; Android 6.0.1; Nexus 5X Build/MMB29P) AppleWebKit/537.36 (KHTML, like Gecko) Chrome/136.0.7103.113 Mobile Safari/537.36 (compatible; GoogleOther)"
66.249.66.77 - - [12/Jun/2025:11:41:56 -0400] "GET /items/a/morale2057985382.phtml HTTP/1.1" 200 24450 "-" "Mozilla/5.0 (Linux; Android 6.0.1; Nexus 5X Build/MMB29P) AppleWebKit/537.36 (KHTML, like Gecko) Chrome/136.0.7103.113 Mobile Safari/537.36 (compatible; GoogleOther)"
114.119.144.17 - - [12/Jun/2025:11:41:55 -0400] "GET /tag/read-remonster-chapter-99-online/ HTTP/1.1" 301 0 "https://remonster.online/manga/remonster-chapter-99/" "Mozilla/5.0 (Linux; Android 7.0;) AppleWebKit/537.36 (KHTML, like Gecko) Mobile Safari/537.36 (compatible; PetalBot;+https://webmaster.petalsearch.com/site/petalbot)"
66.249.66.77 - - [12/Jun/2025:11:42:01 -0400] "GET /goodscode/w/glycosometer2061287202.phtml HTTP/1.1" 200 25772 "-" "Mozilla/5.0 (Linux; Android 6.0.1; Nexus 5X Build/MMB29P) AppleWebKit/537.36 (KHTML, like Gecko) Chrome/136.0.7103.113 Mobile Safari/537.36 (compatible; GoogleOther)"
114.119.144.17 - - [12/Jun/2025:11:42:05 -0400] "GET / HTTP/1.1" 200 10788 "https://remonster.online/manga/remonster-chapter-99/" "Mozilla/5.0 (Linux; Android 7.0;) AppleWebKit/537.36 (KHTML, like Gecko) Mobile Safari/537.36 (compatible; PetalBot;+https://webmaster.petalsearch.com/site/petalbot)"
66.249.66.77 - - [12/Jun/2025:11:42:06 -0400] "GET /categories/111817850?num=89590 HTTP/1.1" 200 24710 "-" "Mozilla/5.0 (Linux; Android 6.0.1; Nexus 5X Build/MMB29P) AppleWebKit/537.36 (KHTML, like Gecko) Chrome/136.0.7103.113 Mobile Safari/537.36 (compatible; GoogleOther)"
2a03:2880:f800:4:: - - [12/Jun/2025:11:42:09 -0400] "GET /shopdetail/204860418 HTTP/1.1" 301 0 "-" "meta-externalagent/1.1 (+https://developers.facebook.com/docs/sharing/webmasters/crawler)"
66.249.66.76 - - [12/Jun/2025:11:42:12 -0400] "GET /item/yw/bohemion867734578.phtml HTTP/1.1" 200 26055 "-" "Mozilla/5.0 (Linux; Android 6.0.1; Nexus 5X Build/MMB29P) AppleWebKit/537.36 (KHTML, like Gecko) Chrome/136.0.7103.113 Mobile Safari/537.36 (compatible; GoogleOther)"
2a03:2880:f800:12:: - - [12/Jun/2025:11:42:13 -0400] "GET / HTTP/1.1" 200 10845 "-" "meta-externalagent/1.1 (+https://developers.facebook.com/docs/sharing/webmasters/crawler)"
66.249.66.76 - - [12/Jun/2025:11:42:17 -0400] "GET /entity/101272654.phtml HTTP/1.1" 200 24534 "-" "Mozilla/5.0 (Linux; Android 6.0.1; Nexus 5X Build/MMB29P) AppleWebKit/537.36 (KHTML, like Gecko) Chrome/136.0.7103.113 Mobile Safari/537.36 (compatible; GoogleOther)"
66.249.66.76 - - [12/Jun/2025:11:42:23 -0400] "GET /products/s/osteoid2061885902.phtml HTTP/1.1" 200 25586 "-" "Mozilla/5.0 (Linux; Android 6.0.1; Nexus 5X Build/MMB29P) AppleWebKit/537.36 (KHTML, like Gecko) Chrome/136.0.7103.113 Mobile Safari/537.36 (compatible; GoogleOther)"
162.0.232.193 - - [12/Jun/2025:11:42:27 -0400] "POST /wp-cron.php?doing_wp_cron=1749742946.5630090236663818359375 HTTP/1.1" 200 0 "-" "WordPress/6.6.2; https://remonster.online"
2a03:2880:f800:1d:: - - [12/Jun/2025:11:42:24 -0400] "GET /shopdetail/385714018 HTTP/1.1" 301 0 "-" "meta-externalagent/1.1 (+https://developers.facebook.com/docs/sharing/webmasters/crawler)"
66.249.66.76 - - [12/Jun/2025:11:42:29 -0400] "GET /detail/speechmaker125954364.phtml HTTP/1.1" 200 23560 "-" "Mozilla/5.0 (Linux; Android 6.0.1; Nexus 5X Build/MMB29P) AppleWebKit/537.36 (KHTML, like Gecko) Chrome/136.0.7103.113 Mobile Safari/537.36 (compatible; GoogleOther)"
2a03:2880:f800:6:: - - [12/Jun/2025:11:42:29 -0400] "GET / HTTP/1.1" 200 10845 "-" "meta-externalagent/1.1 (+https://developers.facebook.com/docs/sharing/webmasters/crawler)"
66.249.66.76 - - [12/Jun/2025:11:42:35 -0400] "GET /shopdetail/loriculus/2060785872.phtml HTTP/1.1" 200 24206 "-" "Mozilla/5.0 (Linux; Android 6.0.1; Nexus 5X Build/MMB29P) AppleWebKit/537.36 (KHTML, like Gecko) Chrome/136.0.7103.113 Mobile Safari/537.36 (compatible; GoogleOther)"
162.0.232.193 - - [12/Jun/2025:11:42:39 -0400] "POST /wp-cron.php?doing_wp_cron=1749742959.3586111068725585937500 HTTP/1.1" 200 0 "-" "WordPress/6.6.2; https://remonster.online"
2a03:2880:f800:10:: - - [12/Jun/2025:11:42:36 -0400] "GET /shopdetail/319395318 HTTP/1.1" 301 0 "-" "meta-externalagent/1.1 (+https://developers.facebook.com/docs/sharing/webmasters/crawler)"
66.249.66.76 - - [12/Jun/2025:11:42:42 -0400] "GET /items/to/cabriolet/%3E%3CCENTER%3E%3CB%3E%E3%80%90%E5%B2%A1%E5%B1%B1%E7%9C%8C%E7%9B%B4%E6%8E%A5%E5%BC%95%E5%8F%96%E5%93%81%E3%80%91JBL%E3%82%B9%E3%83%94%E3%83%BC%E3%82%AB%E3%83%BC%E3%80%802395%20%E3%83%9B%E3%83%BC%E3%83%B3%20%E3%80%80375%20%E3%83%89%E3%83%A9%E3%82%A4%E3%83%90%E3%83%BC%E3%83%A6%E3%83%8B%E3%83%83%E3%83%88%E3%80%80%E4%B8%AD%E5%8F%A4%E5%93%81%E3%80%80%E3%82%B8%E3%83%A3%E3%83%B3%E3%82%AF%3C/B%3E%3CBR%3E%3CBR%3E%3CTABLE%20BGCOLOR= HTTP/1.1" 200 25119 "-" "Googlebot-Image/1.0"
2a03:2880:f800:10:: - - [12/Jun/2025:11:42:42 -0400] "GET / HTTP/1.1" 200 10845 "-" "meta-externalagent/1.1 (+https://developers.facebook.com/docs/sharing/webmasters/crawler)"
162.0.232.193 - - [12/Jun/2025:11:42:42 -0400] "GET /manga/re-monster-chapter-60/ HTTP/1.1" 200 17429 "-" "WP Rocket/Preload"
162.0.232.193 - - [12/Jun/2025:11:42:44 -0400] "GET /manga/re-monster-chapter-60/ HTTP/1.1" 200 0 "-" "WP Rocket/Preload Mozilla/5.0 (iPhone; CPU iPhone OS 9_1 like Mac OS X) AppleWebKit/601.1.46 (KHTML, like Gecko) Version/9.0 Mobile/13B143 Safari/601.1"
162.0.232.193 - - [12/Jun/2025:11:42:46 -0400] "GET /manga/re-monster-chapter-38/ HTTP/1.1" 200 0 "-" "WP Rocket/Preload"
162.0.232.193 - - [12/Jun/2025:11:42:47 -0400] "GET /manga/re-monster-chapter-38/ HTTP/1.1" 200 17746 "-" "WP Rocket/Preload Mozilla/5.0 (iPhone; CPU iPhone OS 9_1 like Mac OS X) AppleWebKit/601.1.46 (KHTML, like Gecko) Version/9.0 Mobile/13B143 Safari/601.1"
66.249.66.76 - - [12/Jun/2025:11:42:48 -0400] "GET /goodscode20204182.phtml HTTP/1.1" 200 24525 "-" "Mozilla/5.0 (Linux; Android 6.0.1; Nexus 5X Build/MMB29P) AppleWebKit/537.36 (KHTML, like Gecko) Chrome/136.0.7103.113 Mobile Safari/537.36 (compatible; GoogleOther)"
2a03:2880:f800:c:: - - [12/Jun/2025:11:42:48 -0400] "GET /shopdetail/321461518 HTTP/1.1" 301 0 "-" "meta-externalagent/1.1 (+https://developers.facebook.com/docs/sharing/webmasters/crawler)"
2a03:2880:f800:c:: - - [12/Jun/2025:11:42:53 -0400] "GET / HTTP/1.1" 200 10845 "-" "meta-externalagent/1.1 (+https://developers.facebook.com/docs/sharing/webmasters/crawler)"
66.249.66.76 - - [12/Jun/2025:11:42:55 -0400] "GET /item/z/deepening/869488500.phtml HTTP/1.1" 200 23670 "-" "Mozilla/5.0 (Linux; Android 6.0.1; Nexus 5X Build/MMB29P) AppleWebKit/537.36 (KHTML, like Gecko) Chrome/136.0.7103.113 Mobile Safari/537.36 (compatible; GoogleOther)"
66.249.66.78 - - [12/Jun/2025:11:43:02 -0400] "GET /entity/lepidium574872434.phtml HTTP/1.1" 200 25512 "-" "Mozilla/5.0 (Linux; Android 6.0.1; Nexus 5X Build/MMB29P) AppleWebKit/537.36 (KHTML, like Gecko) Chrome/136.0.7103.113 Mobile Safari/537.36 (compatible; GoogleOther)"
66.249.66.77 - - [12/Jun/2025:11:43:08 -0400] "GET /goodscode/2068089946.phtml HTTP/1.1" 200 24400 "-" "Mozilla/5.0 (Linux; Android 6.0.1; Nexus 5X Build/MMB29P) AppleWebKit/537.36 (KHTML, like Gecko) Chrome/136.0.7103.113 Mobile Safari/537.36 (compatible; GoogleOther)"
2a03:2880:f800:11:: - - [12/Jun/2025:11:43:05 -0400] "GET /shopdetail/312817518 HTTP/1.1" 301 0 "-" "meta-externalagent/1.1 (+https://developers.facebook.com/docs/sharing/webmasters/crawler)"
2a03:2880:f800:a:: - - [12/Jun/2025:11:43:11 -0400] "GET / HTTP/1.1" 200 10845 "-" "meta-externalagent/1.1 (+https://developers.facebook.com/docs/sharing/webmasters/crawler)"
2a03:2880:f800:1a:: - - [12/Jun/2025:11:43:13 -0400] "GET /shopdetail/236759918 HTTP/1.1" 301 0 "-" "meta-externalagent/1.1 (+https://developers.facebook.com/docs/sharing/webmasters/crawler)"
66.249.66.76 - - [12/Jun/2025:11:43:15 -0400] "GET /special67098684.phtml HTTP/1.1" 200 24195 "-" "Mozilla/5.0 (Linux; Android 6.0.1; Nexus 5X Build/MMB29P) AppleWebKit/537.36 (KHTML, like Gecko) Chrome/136.0.7103.113 Mobile Safari/537.36 (compatible; GoogleOther)"
2a03:2880:f800:a:: - - [12/Jun/2025:11:43:15 -0400] "GET /shopdetail/172689918 HTTP/1.1" 301 0 "-" "meta-externalagent/1.1 (+https://developers.facebook.com/docs/sharing/webmasters/crawler)"
2a03:2880:f800:1:: - - [12/Jun/2025:11:43:17 -0400] "GET / HTTP/1.1" 200 10845 "-" "meta-externalagent/1.1 (+https://developers.facebook.com/docs/sharing/webmasters/crawler)"
2a03:2880:f800:6:: - - [12/Jun/2025:11:43:18 -0400] "GET / HTTP/1.1" 200 10845 "-" "meta-externalagent/1.1 (+https://developers.facebook.com/docs/sharing/webmasters/crawler)"
114.119.142.210 - - [12/Jun/2025:11:43:19 -0400] "GET /tag/read-remonster-chapter-89-online/ HTTP/1.1" 301 0 "https://remonster.online/manga/remonster-chapter-89/" "Mozilla/5.0 (Linux; Android 7.0;) AppleWebKit/537.36 (KHTML, like Gecko) Mobile Safari/537.36 (compatible; PetalBot;+https://webmaster.petalsearch.com/site/petalbot)"
114.119.142.210 - - [12/Jun/2025:11:43:20 -0400] "GET / HTTP/1.1" 200 10788 "https://remonster.online/manga/remonster-chapter-89/" "Mozilla/5.0 (Linux; Android 7.0;) AppleWebKit/537.36 (KHTML, like Gecko) Mobile Safari/537.36 (compatible; PetalBot;+https://webmaster.petalsearch.com/site/petalbot)"
66.249.66.76 - - [12/Jun/2025:11:43:21 -0400] "GET /shopdetail/sleepwaker2060847360.phtml HTTP/1.1" 200 23890 "-" "Mozilla/5.0 (Linux; Android 6.0.1; Nexus 5X Build/MMB29P) AppleWebKit/537.36 (KHTML, like Gecko) Chrome/136.0.7103.113 Mobile Safari/537.36 (compatible; GoogleOther)"
162.0.232.193 - - [12/Jun/2025:11:43:28 -0400] "POST /wp-cron.php?doing_wp_cron=1749743008.3628699779510498046875 HTTP/1.1" 200 0 "-" "WordPress/6.6.2; https://remonster.online"
2a03:2880:f800:14:: - - [12/Jun/2025:11:43:26 -0400] "GET /shopdetail/215792518 HTTP/1.1" 301 0 "-" "meta-externalagent/1.1 (+https://developers.facebook.com/docs/sharing/webmasters/crawler)"
66.249.66.76 - - [12/Jun/2025:11:43:28 -0400] "GET /shopping115658660.phtml HTTP/1.1" 200 24133 "-" "Mozilla/5.0 (Linux; Android 6.0.1; Nexus 5X Build/MMB29P) AppleWebKit/537.36 (KHTML, like Gecko) Chrome/136.0.7103.113 Mobile Safari/537.36 (compatible; GoogleOther)"
2a03:2880:f800:8:: - - [12/Jun/2025:11:43:30 -0400] "GET / HTTP/1.1" 200 10845 "-" "meta-externalagent/1.1 (+https://developers.facebook.com/docs/sharing/webmasters/crawler)"
2a03:2880:f800:5:: - - [12/Jun/2025:11:43:29 -0400] "GET /shopdetail/277532318 HTTP/1.1" 301 0 "-" "meta-externalagent/1.1 (+https://developers.facebook.com/docs/sharing/webmasters/crawler)"
2a03:2880:f800:7:: - - [12/Jun/2025:11:43:33 -0400] "GET / HTTP/1.1" 200 10845 "-" "meta-externalagent/1.1 (+https://developers.facebook.com/docs/sharing/webmasters/crawler)"
66.249.66.76 - - [12/Jun/2025:11:43:34 -0400] "GET /goodscode/2060963916.phtml HTTP/1.1" 200 25864 "-" "Mozilla/5.0 (Linux; Android 6.0.1; Nexus 5X Build/MMB29P) AppleWebKit/537.36 (KHTML, like Gecko) Chrome/136.0.7103.113 Mobile Safari/537.36 (compatible; GoogleOther)"
162.0.232.193 - - [12/Jun/2025:11:43:40 -0400] "POST /wp-cron.php?doing_wp_cron=1749743019.7657580375671386718750 HTTP/1.1" 200 0 "-" "WordPress/6.6.2; https://remonster.online"
2a03:2880:f800:8:: - - [12/Jun/2025:11:43:38 -0400] "GET /shopdetail/253887418 HTTP/1.1" 301 0 "-" "meta-externalagent/1.1 (+https://developers.facebook.com/docs/sharing/webmasters/crawler)"
66.249.66.76 - - [12/Jun/2025:11:43:40 -0400] "GET /entity/b/disventure/19292468.phtml HTTP/1.1" 200 24022 "-" "Mozilla/5.0 (Linux; Android 6.0.1; Nexus 5X Build/MMB29P) AppleWebKit/537.36 (KHTML, like Gecko) Chrome/136.0.7103.113 Mobile Safari/537.36 (compatible; GoogleOther)"
216.73.216.121 - - [12/Jun/2025:11:43:41 -0400] "GET /sitemap-detail-979.xml HTTP/1.1" 200 10840 "-" "Mozilla/5.0 AppleWebKit/537.36 (KHTML, like Gecko; compatible; ClaudeBot/1.0; [email protected])"
2a03:2880:f800:12:: - - [12/Jun/2025:11:43:42 -0400] "GET / HTTP/1.1" 200 10845 "-" "meta-externalagent/1.1 (+https://developers.facebook.com/docs/sharing/webmasters/crawler)"
66.249.66.76 - - [12/Jun/2025:11:43:47 -0400] "GET /shopdetail/872766514.phtml HTTP/1.1" 200 24049 "-" "Mozilla/5.0 (Linux; Android 6.0.1; Nexus 5X Build/MMB29P) AppleWebKit/537.36 (KHTML, like Gecko) Chrome/136.0.7103.113 Mobile Safari/537.36 (compatible; GoogleOther)"
66.249.66.76 - - [12/Jun/2025:11:43:53 -0400] "GET /detail/578681430.phtml HTTP/1.1" 200 24313 "-" "Mozilla/5.0 (Linux; Android 6.0.1; Nexus 5X Build/MMB29P) AppleWebKit/537.36 (KHTML, like Gecko) Chrome/136.0.7103.113 Mobile Safari/537.36 (compatible; GoogleOther)"
66.249.66.76 - - [12/Jun/2025:11:43:59 -0400] "GET /item/p/rankness/2066464772.phtml HTTP/1.1" 200 24967 "-" "Mozilla/5.0 (Linux; Android 6.0.1; Nexus 5X Build/MMB29P) AppleWebKit/537.36 (KHTML, like Gecko) Chrome/136.0.7103.113 Mobile Safari/537.36 (compatible; GoogleOther)"
66.249.66.76 - - [12/Jun/2025:11:44:05 -0400] "GET /item129267608.phtml HTTP/1.1" 200 23913 "-" "Mozilla/5.0 (Linux; Android 6.0.1; Nexus 5X Build/MMB29P) AppleWebKit/537.36 (KHTML, like Gecko) Chrome/136.0.7103.113 Mobile Safari/537.36 (compatible; GoogleOther)"
198.186.130.214 - - [12/Jun/2025:11:44:06 -0400] "POST /wp-login.php HTTP/1.1" 200 1875 "https://remonster.online" "Mozilla/5.0 (Windows NT 10.0; Win64; x64; rv:125.0.1) Gecko/20100101 Firefox/125.0.1"
66.249.66.76 - - [12/Jun/2025:11:44:10 -0400] "GET /goodscode/%3E%3CCENTER%3E%3CBR%3E%3C/CENTER%3E%3CCENTER%3E%3CCENTER%3E%3CSPAN%3E%3CBR%3E%3C/SPAN%3E%3C/CENTER%3E%3CCENTER%3E%3CSPAN%3E%E2%98%85%E2%98%85%E2%98%85%20%E3%81%AF%E3%81%98%E3%82%81%E3%81%AB%20%E2%98%85%E2%98%85%E2%98%85%3CBR%3E%3CBR%3E%3C/SPAN%3E%3CFONT%20COLOR= HTTP/1.1" 200 24854 "-" "Googlebot-Image/1.0"
66.249.66.76 - - [12/Jun/2025:11:44:16 -0400] "GET /products/x/izing/2060010284.phtml HTTP/1.1" 200 25855 "-" "Mozilla/5.0 (Linux; Android 6.0.1; Nexus 5X Build/MMB29P) AppleWebKit/537.36 (KHTML, like Gecko) Chrome/136.0.7103.113 Mobile Safari/537.36 (compatible; GoogleOther)"
162.0.232.193 - - [12/Jun/2025:11:44:19 -0400] "POST /wp-cron.php?doing_wp_cron=1749743059.3673911094665527343750 HTTP/1.1" 200 0 "-" "WordPress/6.6.2; https://remonster.online"
2a03:2880:f800:11:: - - [12/Jun/2025:11:44:18 -0400] "GET /shopdetail/107902618 HTTP/1.1" 301 0 "-" "meta-externalagent/1.1 (+https://developers.facebook.com/docs/sharing/webmasters/crawler)"
2a03:2880:f800:1b:: - - [12/Jun/2025:11:44:21 -0400] "GET / HTTP/1.1" 200 10845 "-" "meta-externalagent/1.1 (+https://developers.facebook.com/docs/sharing/webmasters/crawler)"
66.249.66.76 - - [12/Jun/2025:11:44:21 -0400] "GET /special/68842016.phtml HTTP/1.1" 200 24035 "-" "Mozilla/5.0 (Linux; Android 6.0.1; Nexus 5X Build/MMB29P) AppleWebKit/537.36 (KHTML, like Gecko) Chrome/136.0.7103.113 Mobile Safari/537.36 (compatible; GoogleOther)"
66.249.66.76 - - [12/Jun/2025:11:44:26 -0400] "GET /remonster-chapter-80/%3E%3CDIV%3E%3CDIV%3E4265RcFk10nn%3CBR%3E%3CCENTER%3E%3CFONT%20COLOR=white%3E%E8%AA%AC%E6%98%8E%E6%96%87%E3%81%AB%E7%94%BB%E5%83%8F%E3%81%8C%E3%81%82%E3%82%8A%E3%81%BE%E3%81%99%E3%80%82%E7%B6%9A%E3%81%8D%E3%82%92%E3%81%BF%E3%82%8B%E3%82%92%E3%82%AF%E3%83%AA%E3%83%83%E3%82%AF%E3%81%97%E3%81%A6%E3%81%8F%E3%81%A0%E3%81%95%E3%81%84%E3%80%82%3C/FONT%3E%3CBR%3E%3CCENTER%3E%3CTABLE%3E%3CTR%3E%3CTD%3E%3CCENTER%3E%3CBR%3E%3CCENTER%3E%3CTABLE%20BORDER=1%20CELLPADDING=10%3E%3CTR%3E%3CTD%20ALIGN=center%20BGCOLOR=pink%3E%3CB%3E%E6%98%A5%3C/B%3E%3C/TD%3E%3CTD%20ALIGN=center%20BGCOLOR=deepskyblue%3E%3CB%3E%E5%A4%8F%3C/B%3E%3C/TD%3E%3CTD%20ALIGN=center%20BGCOLOR=chocolate%3E%3CB%3E%E7%A7%8B%3C/B%3E%3C/TD%3E%3CTD%20ALIGN=center%3E%3CB%3E%E5%86%AC%3C/B%3E%3C/TD%3E%3C/TR%3E%3C/CENTER%3E%20%20%20%20%3C/div%3E%20%20%20%20%3Cdiv%20class= HTTP/1.1" 200 24680 "-" "Googlebot-Image/1.0"
66.249.66.76 - - [12/Jun/2025:11:44:27 -0400] "GET /shopdetail/2059247214.phtml HTTP/1.1" 200 24425 "-" "Mozilla/5.0 (Linux; Android 6.0.1; Nexus 5X Build/MMB29P) AppleWebKit/537.36 (KHTML, like Gecko) Chrome/136.0.7103.113 Mobile Safari/537.36 (compatible; GoogleOther)"
66.249.66.76 - - [12/Jun/2025:11:44:32 -0400] "GET /goodscode/r/peribranchial122117128.phtml HTTP/1.1" 200 25183 "-" "Mozilla/5.0 (Linux; Android 6.0.1; Nexus 5X Build/MMB29P) AppleWebKit/537.36 (KHTML, like Gecko) Chrome/136.0.7103.113 Mobile Safari/537.36 (compatible; GoogleOther)"
2a0e:42d:4a33:0:2097:63d1:f19a:5a3b - - [12/Jun/2025:11:44:37 -0400] "GET /manga/re-monster-chapter-14/ HTTP/1.1" 200 17338 "-" "Mozilla/5.0 (iPhone; CPU iPhone OS 18_5 like Mac OS X) AppleWebKit/605.1.15 (KHTML, like Gecko) Mobile/15E148"
66.249.66.76 - - [12/Jun/2025:11:44:37 -0400] "GET /special/straithandedness/2057313580.phtml HTTP/1.1" 200 23965 "-" "Mozilla/5.0 (Linux; Android 6.0.1; Nexus 5X Build/MMB29P) AppleWebKit/537.36 (KHTML, like Gecko) Chrome/136.0.7103.113 Mobile Safari/537.36 (compatible; GoogleOther)"
2a0e:42d:4a33:0:2097:63d1:f19a:5a3b - - [12/Jun/2025:11:44:39 -0400] "GET /wp-content/themes/toivo-lite/style.css?ver=1.2.0 HTTP/1.1" 200 13718 "https://remonster.online/manga/re-monster-chapter-14/" "Mozilla/5.0 (iPhone; CPU iPhone OS 18_5 like Mac OS X) AppleWebKit/605.1.15 (KHTML, like Gecko) Mobile/15E148"
2a0e:42d:4a33:0:2097:63d1:f19a:5a3b - - [12/Jun/2025:11:44:39 -0400] "GET /wp-content/themes/toivo-lite/fonts/genericons/genericons/Genericons.svg HTTP/1.1" 200 23714 "https://remonster.online/manga/re-monster-chapter-14/" "Mozilla/5.0 (iPhone; CPU iPhone OS 18_5 like Mac OS X) AppleWebKit/605.1.15 (KHTML, like Gecko) Mobile/15E148"
66.249.66.76 - - [12/Jun/2025:11:44:43 -0400] "GET /detail/gm/implausibly143318330.phtml HTTP/1.1" 200 24387 "-" "Mozilla/5.0 (Linux; Android 6.0.1; Nexus 5X Build/MMB29P) AppleWebKit/537.36 (KHTML, like Gecko) Chrome/136.0.7103.113 Mobile Safari/537.36 (compatible; GoogleOther)"
66.249.66.77 - - [12/Jun/2025:11:44:48 -0400] "GET /products/867644722.phtml HTTP/1.1" 200 25102 "-" "Mozilla/5.0 (Linux; Android 6.0.1; Nexus 5X Build/MMB29P) AppleWebKit/537.36 (KHTML, like Gecko) Chrome/136.0.7103.113 Mobile Safari/537.36 (compatible; GoogleOther)"
66.249.66.77 - - [12/Jun/2025:11:44:53 -0400] "GET /info/70359366.phtml HTTP/1.1" 200 24118 "-" "Mozilla/5.0 (Linux; Android 6.0.1; Nexus 5X Build/MMB29P) AppleWebKit/537.36 (KHTML, like Gecko) Chrome/136.0.7103.113 Mobile Safari/537.36 (compatible; GoogleOther)"
66.249.66.77 - - [12/Jun/2025:11:44:58 -0400] "GET /products/synonymicon2064714310.phtml HTTP/1.1" 200 24281 "-" "Mozilla/5.0 (Linux; Android 6.0.1; Nexus 5X Build/MMB29P) AppleWebKit/537.36 (KHTML, like Gecko) Chrome/136.0.7103.113 Mobile Safari/537.36 (compatible; GoogleOther)"
66.249.66.76 - - [12/Jun/2025:11:45:04 -0400] "GET /detail/x/englishspeaking573584864.phtml HTTP/1.1" 200 25573 "-" "Mozilla/5.0 (Linux; Android 6.0.1; Nexus 5X Build/MMB29P) AppleWebKit/537.36 (KHTML, like Gecko) Chrome/136.0.7103.113 Mobile Safari/537.36 (compatible; GoogleOther)"
66.249.66.76 - - [12/Jun/2025:11:45:10 -0400] "GET /item/blushy/2063554204.phtml HTTP/1.1" 200 25405 "-" "Mozilla/5.0 (Linux; Android 6.0.1; Nexus 5X Build/MMB29P) AppleWebKit/537.36 (KHTML, like Gecko) Chrome/136.0.7103.113 Mobile Safari/537.36 (compatible; GoogleOther)"
66.249.66.76 - - [12/Jun/2025:11:45:17 -0400] "GET /product/t/chomp/15216856.phtml HTTP/1.1" 200 24671 "-" "Mozilla/5.0 (Linux; Android 6.0.1; Nexus 5X Build/MMB29P) AppleWebKit/537.36 (KHTML, like Gecko) Chrome/136.0.7103.113 Mobile Safari/537.36 (compatible; GoogleOther)"
2401:4900:666f:918a::5df1:1ebb - - [12/Jun/2025:11:45:17 -0400] "GET /tag/chapters/ HTTP/1.1" 301 0 "https://remonster.online/manga/re-monster-chapter-12/" "Mozilla/5.0 (Linux; Android 10; K) AppleWebKit/537.36 (KHTML, like Gecko) Chrome/137.0.0.0 Mobile Safari/537.36"
2401:4900:666f:918a::5df1:1ebb - - [12/Jun/2025:11:45:17 -0400] "GET /tag/haruyoshi-kobayakawa/ HTTP/1.1" 301 0 "https://remonster.online/manga/re-monster-chapter-12/" "Mozilla/5.0 (Linux; Android 10; K) AppleWebKit/537.36 (KHTML, like Gecko) Chrome/137.0.0.0 Mobile Safari/537.36"
2401:4900:666f:918a::5df1:1ebb - - [12/Jun/2025:11:45:16 -0400] "GET /tag/goblin/ HTTP/1.1" 301 0 "https://remonster.online/manga/re-monster-chapter-12/" "Mozilla/5.0 (Linux; Android 10; K) AppleWebKit/537.36 (KHTML, like Gecko) Chrome/137.0.0.0 Mobile Safari/537.36"
2401:4900:666f:918a::5df1:1ebb - - [12/Jun/2025:11:45:20 -0400] "GET /manga/re-monster-chapter-11/ HTTP/1.1" 304 0 "https://remonster.online/manga/re-monster-chapter-12/" "Mozilla/5.0 (Linux; Android 10; K) AppleWebKit/537.36 (KHTML, like Gecko) Chrome/137.0.0.0 Mobile Safari/537.36"
2401:4900:666f:918a::5df1:1ebb - - [12/Jun/2025:11:45:20 -0400] "GET /manga/re-monster-chapter-13/ HTTP/1.1" 200 17406 "https://remonster.online/manga/re-monster-chapter-12/" "Mozilla/5.0 (Linux; Android 10; K) AppleWebKit/537.36 (KHTML, like Gecko) Chrome/137.0.0.0 Mobile Safari/537.36"
2401:4900:666f:918a::5df1:1ebb - - [12/Jun/2025:11:45:21 -0400] "GET / HTTP/1.1" 304 0 "https://remonster.online/manga/re-monster-chapter-12/" "Mozilla/5.0 (Linux; Android 10; K) AppleWebKit/537.36 (KHTML, like Gecko) Chrome/137.0.0.0 Mobile Safari/537.36"
2401:4900:666f:918a::5df1:1ebb - - [12/Jun/2025:11:45:19 -0400] "GET /tag/gobujii/ HTTP/1.1" 301 0 "https://remonster.online/manga/re-monster-chapter-12/" "Mozilla/5.0 (Linux; Android 10; K) AppleWebKit/537.36 (KHTML, like Gecko) Chrome/137.0.0.0 Mobile Safari/537.36"
2401:4900:666f:918a::5df1:1ebb - - [12/Jun/2025:11:45:22 -0400] "GET / HTTP/1.1" 304 0 "https://remonster.online/manga/re-monster-chapter-12/" "Mozilla/5.0 (Linux; Android 10; K) AppleWebKit/537.36 (KHTML, like Gecko) Chrome/137.0.0.0 Mobile Safari/537.36"
2401:4900:666f:918a::5df1:1ebb - - [12/Jun/2025:11:45:19 -0400] "GET /tag/gobue/ HTTP/1.1" 301 0 "https://remonster.online/manga/re-monster-chapter-12/" "Mozilla/5.0 (Linux; Android 10; K) AppleWebKit/537.36 (KHTML, like Gecko) Chrome/137.0.0.0 Mobile Safari/537.36"
66.249.66.76 - - [12/Jun/2025:11:45:24 -0400] "GET /goodscode/871942534.phtml HTTP/1.1" 200 25750 "-" "Mozilla/5.0 (Linux; Android 6.0.1; Nexus 5X Build/MMB29P) AppleWebKit/537.36 (KHTML, like Gecko) Chrome/136.0.7103.113 Mobile Safari/537.36 (compatible; GoogleOther)"
162.0.232.193 - - [12/Jun/2025:11:45:30 -0400] "POST /wp-cron.php?doing_wp_cron=1749743129.9702160358428955078125 HTTP/1.1" 200 0 "-" "WordPress/6.6.2; https://remonster.online"
2a03:2880:f800:: - - [12/Jun/2025:11:45:28 -0400] "GET /shopdetail/319972718 HTTP/1.1" 301 0 "-" "meta-externalagent/1.1 (+https://developers.facebook.com/docs/sharing/webmasters/crawler)"
66.249.66.76 - - [12/Jun/2025:11:45:32 -0400] "GET /items/j/polygonous/78343264.phtml HTTP/1.1" 200 23844 "-" "Mozilla/5.0 (Linux; Android 6.0.1; Nexus 5X Build/MMB29P) AppleWebKit/537.36 (KHTML, like Gecko) Chrome/136.0.7103.113 Mobile Safari/537.36 (compatible; GoogleOther)"
2a03:2880:f800:4:: - - [12/Jun/2025:11:45:34 -0400] "GET / HTTP/1.1" 200 10845 "-" "meta-externalagent/1.1 (+https://developers.facebook.com/docs/sharing/webmasters/crawler)"
2a03:2880:f800:a:: - - [12/Jun/2025:11:45:37 -0400] "GET /shopdetail/169677118 HTTP/1.1" 301 0 "-" "meta-externalagent/1.1 (+https://developers.facebook.com/docs/sharing/webmasters/crawler)"
66.249.66.76 - - [12/Jun/2025:11:45:39 -0400] "GET /shopdetail/2057291116.phtml HTTP/1.1" 200 25006 "-" "Mozilla/5.0 (Linux; Android 6.0.1; Nexus 5X Build/MMB29P) AppleWebKit/537.36 (KHTML, like Gecko) Chrome/136.0.7103.113 Mobile Safari/537.36 (compatible; GoogleOther)"
2a03:2880:f800:1b:: - - [12/Jun/2025:11:45:42 -0400] "GET / HTTP/1.1" 200 10845 "-" "meta-externalagent/1.1 (+https://developers.facebook.com/docs/sharing/webmasters/crawler)"
66.249.66.76 - - [12/Jun/2025:11:45:46 -0400] "GET /products/straightforth/%3E%E3%80%90%E7%99%BA%E9%80%81%E6%96%B9%E6%B3%95%E3%80%91%3CBR%3E%E3%83%A4%E3%83%9E%E3%83%88%E6%80%A5%E4%BE%BF%EF%BC%88%E3%83%A4%E3%83%95%E3%83%8D%E3%82%B3%EF%BC%89%E3%82%92%E5%88%A9%E7%94%A8%E3%81%84%E3%81%9F%E3%81%97%E3%81%BE%E3%81%99%E3%80%82%3CBR%3E%E5%BE%B3%E5%B3%B6%E7%9C%8C%E3%81%8B%E3%82%89%E3%81%AE%E7%99%BA%E9%80%81%E3%81%A8%E3%81%AA%E3%82%8A%E3%81%BE%E3%81%99%E3%80%82%3CBR%3E%E7%99%BA%E9%80%81%E3%82%B5%E3%82%A4%E3%82%BA%E3%82%92%E8%A8%98%E8%BC%89%E3%81%97%E3%81%A6%E3%81%84%E3%81%BE%E3%81%99%E3%81%AE%E3%81%A7%E3%81%94%E7%A2%BA%E8%AA%8D%E3%82%92%E3%82%88%E3%82%8D%E3%81%97%E3%81%8F%E3%81%8A%E9%A1%98%E3%81%84%E3%81%97%E3%81%BE%E3%81%99%E3%80%82%3CBR%3E%3CBR%3E%E7%99%BA%E9%80%81%E3%82%B5%E3%82%A4%E3%82%BA%3CBR%3E80%E3%82%B5%E3%82%A4%E3%82%BA%3CBR%3E%3CBR%3E%E3%82%B5%E3%82%A4%E3%82%BA%3CBR%3E%E9%AB%98%E3%81%95%E7%B4%848%E3%8E%9D%20%20%E6%A8%AA%E7%B4%8413.2%E3%8E%9D%3CBR%3E%3CBR%3E%E7%8A%B6%E6%85%8B%3CBR%3E%E7%9B%AE%E7%AB%8B%E3%81%A3%E3%81%9F%E3%82%A4%E3%82%BF%E3%83%9F%E3%81%AA%E3%81%A9%E7%84%A1%E3%81%8F%E8%89%AF%E3%81%84%E7%8A%B6%E6%85%8B%E3%81%A7%E3%81%99%E3%80%82%3CBR%3E%3CBR%3E%20%20%20%20%3C/div%3E%20%20%20%20%3Cdiv%20class= HTTP/1.1" 200 25537 "-" "Googlebot-Image/1.0"
2a03:2880:f800:14:: - - [12/Jun/2025:11:45:49 -0400] "GET /shopdetail/209948018 HTTP/1.1" 301 0 "-" "meta-externalagent/1.1 (+https://developers.facebook.com/docs/sharing/webmasters/crawler)"
2a03:2880:f800:: - - [12/Jun/2025:11:45:52 -0400] "GET / HTTP/1.1" 200 10845 "-" "meta-externalagent/1.1 (+https://developers.facebook.com/docs/sharing/webmasters/crawler)"
66.249.66.76 - - [12/Jun/2025:11:45:53 -0400] "GET /special2057240152.phtml HTTP/1.1" 200 23812 "-" "Mozilla/5.0 (Linux; Android 6.0.1; Nexus 5X Build/MMB29P) AppleWebKit/537.36 (KHTML, like Gecko) Chrome/136.0.7103.113 Mobile Safari/537.36 (compatible; GoogleOther)"
2a03:2880:f800:11:: - - [12/Jun/2025:11:45:52 -0400] "GET /shopdetail/397647218 HTTP/1.1" 301 0 "-" "meta-externalagent/1.1 (+https://developers.facebook.com/docs/sharing/webmasters/crawler)"
2a03:2880:f800:11:: - - [12/Jun/2025:11:45:57 -0400] "GET / HTTP/1.1" 200 10845 "-" "meta-externalagent/1.1 (+https://developers.facebook.com/docs/sharing/webmasters/crawler)"
2a03:2880:f800:c:: - - [12/Jun/2025:11:45:56 -0400] "GET /shopdetail/438464118 HTTP/1.1" 301 0 "-" "meta-externalagent/1.1 (+https://developers.facebook.com/docs/sharing/webmasters/crawler)"
66.249.66.76 - - [12/Jun/2025:11:45:59 -0400] "GET /products/872514080.phtml HTTP/1.1" 200 24364 "-" "Mozilla/5.0 (Linux; Android 6.0.1; Nexus 5X Build/MMB29P) AppleWebKit/537.36 (KHTML, like Gecko) Chrome/136.0.7103.113 Mobile Safari/537.36 (compatible; GoogleOther)"
2a03:2880:f800:1d:: - - [12/Jun/2025:11:46:01 -0400] "GET / HTTP/1.1" 200 10845 "-" "meta-externalagent/1.1 (+https://developers.facebook.com/docs/sharing/webmasters/crawler)"
66.249.66.76 - - [12/Jun/2025:11:46:05 -0400] "GET /goodscode/neo/admonitively/2056753648.phtml HTTP/1.1" 200 25112 "-" "Mozilla/5.0 (Linux; Android 6.0.1; Nexus 5X Build/MMB29P) AppleWebKit/537.36 (KHTML, like Gecko) Chrome/136.0.7103.113 Mobile Safari/537.36 (compatible; GoogleOther)"
2a03:2880:f800:10:: - - [12/Jun/2025:11:46:04 -0400] "GET /shopdetail/104967718 HTTP/1.1" 301 0 "-" "meta-externalagent/1.1 (+https://developers.facebook.com/docs/sharing/webmasters/crawler)"
2a03:2880:f800:a:: - - [12/Jun/2025:11:46:08 -0400] "GET / HTTP/1.1" 200 10845 "-" "meta-externalagent/1.1 (+https://developers.facebook.com/docs/sharing/webmasters/crawler)"
66.249.66.76 - - [12/Jun/2025:11:46:11 -0400] "GET /products/auk/schrode/2064245778.phtml HTTP/1.1" 200 24456 "-" "Mozilla/5.0 (Linux; Android 6.0.1; Nexus 5X Build/MMB29P) AppleWebKit/537.36 (KHTML, like Gecko) Chrome/136.0.7103.113 Mobile Safari/537.36 (compatible; GoogleOther)"
66.249.66.76 - - [12/Jun/2025:11:46:17 -0400] "GET /item/qi/argent140222662.phtml HTTP/1.1" 200 26565 "-" "Mozilla/5.0 (Linux; Android 6.0.1; Nexus 5X Build/MMB29P) AppleWebKit/537.36 (KHTML, like Gecko) Chrome/136.0.7103.113 Mobile Safari/537.36 (compatible; GoogleOther)"
66.249.66.76 - - [12/Jun/2025:11:46:23 -0400] "GET /item/modenese872898730.phtml HTTP/1.1" 200 23732 "-" "Mozilla/5.0 (Linux; Android 6.0.1; Nexus 5X Build/MMB29P) AppleWebKit/537.36 (KHTML, like Gecko) Chrome/136.0.7103.113 Mobile Safari/537.36 (compatible; GoogleOther)"
216.73.216.121 - - [12/Jun/2025:11:46:24 -0400] "GET /sitemap-detail-830.xml HTTP/1.1" 200 10844 "-" "Mozilla/5.0 AppleWebKit/537.36 (KHTML, like Gecko; compatible; ClaudeBot/1.0; [email protected])"
66.249.66.76 - - [12/Jun/2025:11:46:29 -0400] "GET /goodscode/so/confessly16676310.phtml HTTP/1.1" 200 25137 "-" "Mozilla/5.0 (Linux; Android 6.0.1; Nexus 5X Build/MMB29P) AppleWebKit/537.36 (KHTML, like Gecko) Chrome/136.0.7103.113 Mobile Safari/537.36 (compatible; GoogleOther)"
66.249.66.76 - - [12/Jun/2025:11:46:34 -0400] "GET /shopdetail/diandria2061203638.phtml HTTP/1.1" 200 24980 "-" "Mozilla/5.0 (Linux; Android 6.0.1; Nexus 5X Build/MMB29P) AppleWebKit/537.36 (KHTML, like Gecko) Chrome/136.0.7103.113 Mobile Safari/537.36 (compatible; GoogleOther)"
162.0.232.193 - - [12/Jun/2025:11:46:39 -0400] "POST /wp-cron.php?doing_wp_cron=1749743199.1562590599060058593750 HTTP/1.1" 200 0 "-" "WordPress/6.6.2; https://remonster.online"
2a03:2880:f800:1b:: - - [12/Jun/2025:11:46:37 -0400] "GET /shopdetail/418814318 HTTP/1.1" 301 0 "-" "meta-externalagent/1.1 (+https://developers.facebook.com/docs/sharing/webmasters/crawler)"
66.249.66.76 - - [12/Jun/2025:11:46:40 -0400] "GET /info71221788.phtml HTTP/1.1" 200 24354 "-" "Mozilla/5.0 (Linux; Android 6.0.1; Nexus 5X Build/MMB29P) AppleWebKit/537.36 (KHTML, like Gecko) Chrome/136.0.7103.113 Mobile Safari/537.36 (compatible; GoogleOther)"
2a03:2880:f800:15:: - - [12/Jun/2025:11:46:42 -0400] "GET / HTTP/1.1" 200 10845 "-" "meta-externalagent/1.1 (+https://developers.facebook.com/docs/sharing/webmasters/crawler)"
66.249.66.76 - - [12/Jun/2025:11:46:46 -0400] "GET /item/orangeism872712020.phtml HTTP/1.1" 200 23322 "-" "Mozilla/5.0 (Linux; Android 6.0.1; Nexus 5X Build/MMB29P) AppleWebKit/537.36 (KHTML, like Gecko) Chrome/136.0.7103.113 Mobile Safari/537.36 (compatible; GoogleOther)"
66.249.66.76 - - [12/Jun/2025:11:46:51 -0400] "GET /detail/onedimensional/2057919658.phtml HTTP/1.1" 200 24859 "-" "Mozilla/5.0 (Linux; Android 6.0.1; Nexus 5X Build/MMB29P) AppleWebKit/537.36 (KHTML, like Gecko) Chrome/136.0.7103.113 Mobile Safari/537.36 (compatible; GoogleOther)"
2600:100e:b31a:336:1912:20b7:a03d:e2a - - [12/Jun/2025:11:46:53 -0400] "GET /manga/re-monster-chapter-25/ HTTP/1.1" 200 17761 "-" "Mozilla/5.0 (iPhone; CPU iPhone OS 18_5 like Mac OS X) AppleWebKit/605.1.15 (KHTML, like Gecko) Mobile/15E148"
2600:100e:b31a:336:1912:20b7:a03d:e2a - - [12/Jun/2025:11:46:54 -0400] "GET /wp-content/themes/toivo-lite/fonts/genericons/genericons/Genericons.svg HTTP/1.1" 200 23714 "https://remonster.online/manga/re-monster-chapter-25/" "Mozilla/5.0 (iPhone; CPU iPhone OS 18_5 like Mac OS X) AppleWebKit/605.1.15 (KHTML, like Gecko) Mobile/15E148"
2a03:2880:f800:8:: - - [12/Jun/2025:11:46:53 -0400] "GET /shopdetail/425527518 HTTP/1.1" 301 0 "-" "meta-externalagent/1.1 (+https://developers.facebook.com/docs/sharing/webmasters/crawler)"
66.249.66.77 - - [12/Jun/2025:11:46:57 -0400] "GET /shopdetail/tranship/873021124.phtml HTTP/1.1" 200 24229 "-" "Mozilla/5.0 (Linux; Android 6.0.1; Nexus 5X Build/MMB29P) AppleWebKit/537.36 (KHTML, like Gecko) Chrome/136.0.7103.113 Mobile Safari/537.36 (compatible; GoogleOther)"
2a03:2880:f800:9:: - - [12/Jun/2025:11:46:57 -0400] "GET / HTTP/1.1" 200 10845 "-" "meta-externalagent/1.1 (+https://developers.facebook.com/docs/sharing/webmasters/crawler)"
2a03:2880:f800:c:: - - [12/Jun/2025:11:46:56 -0400] "GET /shopdetail/43287418 HTTP/1.1" 301 0 "-" "meta-externalagent/1.1 (+https://developers.facebook.com/docs/sharing/webmasters/crawler)"
209.97.162.13 - - [12/Jun/2025:11:46:56 -0400] "POST /xmlrpc.php HTTP/1.1" 200 205 "-" "Mozilla/5.0 (X11; Ubuntu; Linux x86_64; rv:85.0) Gecko/20100101 Firefox/91.0"
2a03:2880:f800:4:: - - [12/Jun/2025:11:46:58 -0400] "GET /shopdetail/4668718 HTTP/1.1" 301 0 "-" "meta-externalagent/1.1 (+https://developers.facebook.com/docs/sharing/webmasters/crawler)"
2a03:2880:f800:16:: - - [12/Jun/2025:11:47:01 -0400] "GET / HTTP/1.1" 200 10845 "-" "meta-externalagent/1.1 (+https://developers.facebook.com/docs/sharing/webmasters/crawler)"
2a03:2880:f800:16:: - - [12/Jun/2025:11:47:02 -0400] "GET / HTTP/1.1" 200 10845 "-" "meta-externalagent/1.1 (+https://developers.facebook.com/docs/sharing/webmasters/crawler)"
66.249.66.77 - - [12/Jun/2025:11:47:02 -0400] "GET /items/136567834.phtml HTTP/1.1" 200 25835 "-" "Mozilla/5.0 (Linux; Android 6.0.1; Nexus 5X Build/MMB29P) AppleWebKit/537.36 (KHTML, like Gecko) Chrome/136.0.7103.113 Mobile Safari/537.36 (compatible; GoogleOther)"
2a03:2880:f800:1a:: - - [12/Jun/2025:11:47:03 -0400] "GET /shopdetail/315900018 HTTP/1.1" 301 0 "-" "meta-externalagent/1.1 (+https://developers.facebook.com/docs/sharing/webmasters/crawler)"
2a03:2880:f800:12:: - - [12/Jun/2025:11:47:06 -0400] "GET / HTTP/1.1" 200 10845 "-" "meta-externalagent/1.1 (+https://developers.facebook.com/docs/sharing/webmasters/crawler)"
2a03:2880:f800:15:: - - [12/Jun/2025:11:47:06 -0400] "GET /shopdetail/217663218 HTTP/1.1" 301 0 "-" "meta-externalagent/1.1 (+https://developers.facebook.com/docs/sharing/webmasters/crawler)"
66.249.66.77 - - [12/Jun/2025:11:47:08 -0400] "GET /shopdetail/2057224748.phtml HTTP/1.1" 200 24236 "-" "Mozilla/5.0 (Linux; Android 6.0.1; Nexus 5X Build/MMB29P) AppleWebKit/537.36 (KHTML, like Gecko) Chrome/136.0.7103.113 Mobile Safari/537.36 (compatible; GoogleOther)"
216.73.216.121 - - [12/Jun/2025:11:47:08 -0400] "GET /sitemap-detail-418.xml HTTP/1.1" 200 10849 "-" "Mozilla/5.0 AppleWebKit/537.36 (KHTML, like Gecko; compatible; ClaudeBot/1.0; [email protected])"
216.73.216.121 - - [12/Jun/2025:11:47:08 -0400] "GET /sitemap-detail-788.xml HTTP/1.1" 200 10829 "-" "Mozilla/5.0 AppleWebKit/537.36 (KHTML, like Gecko; compatible; ClaudeBot/1.0; [email protected])"
2a03:2880:f800:3:: - - [12/Jun/2025:11:47:10 -0400] "GET / HTTP/1.1" 200 10845 "-" "meta-externalagent/1.1 (+https://developers.facebook.com/docs/sharing/webmasters/crawler)"
2a03:2880:f800:1a:: - - [12/Jun/2025:11:47:12 -0400] "GET /shopdetail/276009618 HTTP/1.1" 301 0 "-" "meta-externalagent/1.1 (+https://developers.facebook.com/docs/sharing/webmasters/crawler)"
66.249.66.76 - - [12/Jun/2025:11:47:13 -0400] "GET /shopdetail/li/overbrim/%3E%E4%BD%BF%E7%94%A8%E6%84%9F%E3%81%BB%E3%81%A8%E3%82%93%E3%81%A9%E3%81%82%E3%82%8A%E3%81%BE%E3%81%9B%E3%82%93%E3%80%82%E9%9D%9E%E5%B8%B8%E3%81%AB%E3%81%8D%E3%82%8C%E3%81%84%E3%81%AA%E7%8A%B6%E6%85%8B%E3%81%A7%E3%81%99%E3%80%82%3CDIV%3E%E4%BB%98%E5%B1%9E%E5%93%81%E5%85%A8%E3%81%A6%E6%8F%83%E3%81%A3%E3%81%A6%E3%81%84%E3%81%BE%E3%81%99%E3%80%82%3C/DIV%3E%3CDIV%3E%3CDIV%3E%E5%B9%B3%E6%97%A52-3%E6%97%A5%E3%81%A7%E7%99%BA%E9%80%81%E3%81%97%E3%81%BE%E3%81%99%E3%80%82%3C/DIV%3E%3CDIV%3E%E9%A0%98%E5%8F%8E%E6%9B%B8%E3%81%AF%E7%99%BA%E8%A1%8C%E3%81%97%E3%81%A6%E3%81%8A%E3%82%8A%E3%81%BE%E3%81%9B%E3%82%93%E3%80%82%3C/DIV%3E%3C/DIV%3E%20%20%20%20%3C/div%3E%20%20%20%20%3Cdiv%20class= HTTP/1.1" 200 25250 "-" "Googlebot-Image/1.0"
2a03:2880:f800:e:: - - [12/Jun/2025:11:47:14 -0400] "GET / HTTP/1.1" 200 10845 "-" "meta-externalagent/1.1 (+https://developers.facebook.com/docs/sharing/webmasters/crawler)"
194.87.252.147 - - [12/Jun/2025:11:47:18 -0400] "GET / HTTP/1.1" 200 10845 "-" "Mozilla/5.0 (compatible; MSIE 10.0; Windows NT 5.1; WOW64; Trident/6.0)"
66.249.66.76 - - [12/Jun/2025:11:47:19 -0400] "GET /info74959540.phtml HTTP/1.1" 200 26374 "-" "Mozilla/5.0 (Linux; Android 6.0.1; Nexus 5X Build/MMB29P) AppleWebKit/537.36 (KHTML, like Gecko) Chrome/136.0.7103.113 Mobile Safari/537.36 (compatible; GoogleOther)"
2a03:2880:f800:7:: - - [12/Jun/2025:11:47:20 -0400] "GET /shopdetail/189209818 HTTP/1.1" 301 0 "-" "meta-externalagent/1.1 (+https://developers.facebook.com/docs/sharing/webmasters/crawler)"
162.0.232.193 - - [12/Jun/2025:11:47:22 -0400] "POST /wp-cron.php?doing_wp_cron=1749743241.9584228992462158203125 HTTP/1.1" 200 0 "-" "WordPress/6.6.2; https://remonster.online"
2a03:2880:f800:d:: - - [12/Jun/2025:11:47:20 -0400] "GET /shopdetail/396838618 HTTP/1.1" 301 0 "-" "meta-externalagent/1.1 (+https://developers.facebook.com/docs/sharing/webmasters/crawler)"
2a03:2880:f800:e:: - - [12/Jun/2025:11:47:24 -0400] "GET / HTTP/1.1" 200 10845 "-" "meta-externalagent/1.1 (+https://developers.facebook.com/docs/sharing/webmasters/crawler)"
2a03:2880:f800:f:: - - [12/Jun/2025:11:47:25 -0400] "GET / HTTP/1.1" 200 10845 "-" "meta-externalagent/1.1 (+https://developers.facebook.com/docs/sharing/webmasters/crawler)"
66.249.66.76 - - [12/Jun/2025:11:47:24 -0400] "GET /shopdetail/869917822.phtml HTTP/1.1" 200 24241 "-" "Mozilla/5.0 (Linux; Android 6.0.1; Nexus 5X Build/MMB29P) AppleWebKit/537.36 (KHTML, like Gecko) Chrome/136.0.7103.113 Mobile Safari/537.36 (compatible; GoogleOther)"
194.87.252.147 - - [12/Jun/2025:11:47:30 -0400] "POST /wp-content/plugins/wp-automatic/inc/csv.php HTTP/1.1" 403 1242 "https://remonster.online/" "Mozilla/5.0 (compatible; MSIE 10.0; Windows NT 5.1; WOW64; Trident/6.0)"
66.249.66.76 - - [12/Jun/2025:11:47:30 -0400] "GET /shopping142677336.phtml HTTP/1.1" 200 25237 "-" "Mozilla/5.0 (Linux; Android 6.0.1; Nexus 5X Build/MMB29P) AppleWebKit/537.36 (KHTML, like Gecko) Chrome/136.0.7103.113 Mobile Safari/537.36 (compatible; GoogleOther)"
162.0.232.193 - - [12/Jun/2025:11:47:32 -0400] "POST /wp-cron.php?doing_wp_cron=1749743252.6468510627746582031250 HTTP/1.1" 200 0 "-" "WordPress/6.6.2; https://remonster.online"
162.0.232.193 - - [12/Jun/2025:11:47:32 -0400] "POST /wp-cron.php?doing_wp_cron=1749743252.5871999263763427734375 HTTP/1.1" 200 0 "-" "WordPress/6.6.2; https://remonster.online"
2a03:2880:f800:5:: - - [12/Jun/2025:11:47:30 -0400] "GET /shopdetail/105108618 HTTP/1.1" 301 0 "-" "meta-externalagent/1.1 (+https://developers.facebook.com/docs/sharing/webmasters/crawler)"
2a03:2880:f800:6:: - - [12/Jun/2025:11:47:30 -0400] "GET /shopdetail/424210818 HTTP/1.1" 301 0 "-" "meta-externalagent/1.1 (+https://developers.facebook.com/docs/sharing/webmasters/crawler)"
2a03:2880:f800:c:: - - [12/Jun/2025:11:47:35 -0400] "GET / HTTP/1.1" 200 10845 "-" "meta-externalagent/1.1 (+https://developers.facebook.com/docs/sharing/webmasters/crawler)"
2a03:2880:f800:19:: - - [12/Jun/2025:11:47:35 -0400] "GET / HTTP/1.1" 200 10845 "-" "meta-externalagent/1.1 (+https://developers.facebook.com/docs/sharing/webmasters/crawler)"
66.249.66.76 - - [12/Jun/2025:11:47:35 -0400] "GET /products/w/crustalogical/2062637866.phtml HTTP/1.1" 200 24071 "-" "Mozilla/5.0 (Linux; Android 6.0.1; Nexus 5X Build/MMB29P) AppleWebKit/537.36 (KHTML, like Gecko) Chrome/136.0.7103.113 Mobile Safari/537.36 (compatible; GoogleOther)"
66.249.66.76 - - [12/Jun/2025:11:47:41 -0400] "GET /items/hoe/dirtiest/125651036.phtml HTTP/1.1" 200 23890 "-" "Mozilla/5.0 (Linux; Android 6.0.1; Nexus 5X Build/MMB29P) AppleWebKit/537.36 (KHTML, like Gecko) Chrome/136.0.7103.113 Mobile Safari/537.36 (compatible; GoogleOther)"
2a03:2880:f800:19:: - - [12/Jun/2025:11:47:43 -0400] "GET /shopdetail/135842918 HTTP/1.1" 301 0 "-" "meta-externalagent/1.1 (+https://developers.facebook.com/docs/sharing/webmasters/crawler)"
66.249.66.76 - - [12/Jun/2025:11:47:46 -0400] "GET /goodscode/a/pomacentridae2066455334.phtml HTTP/1.1" 200 24666 "-" "Mozilla/5.0 (Linux; Android 6.0.1; Nexus 5X Build/MMB29P) AppleWebKit/537.36 (KHTML, like Gecko) Chrome/136.0.7103.113 Mobile Safari/537.36 (compatible; GoogleOther)"
2a03:2880:f800:17:: - - [12/Jun/2025:11:47:47 -0400] "GET / HTTP/1.1" 200 10845 "-" "meta-externalagent/1.1 (+https://developers.facebook.com/docs/sharing/webmasters/crawler)"
194.87.252.147 - - [12/Jun/2025:11:47:48 -0400] "POST /wp-content/plugins/wp-automatic/inc/csv.php0f14c9ed1e64.php HTTP/1.1" 403 1242 "https://remonster.online/wp-content/plugins/wp-automatic/inc/csv.php" "Mozilla/5.0 (compatible; MSIE 10.0; Windows NT 5.1; WOW64; Trident/6.0)"
194.87.252.147 - - [12/Jun/2025:11:47:49 -0400] "POST /wp-content/plugins/wp-automatic/inc/csv.php0f14c9ed1e64.php HTTP/1.1" 403 1242 "https://remonster.online/wp-content/plugins/wp-automatic/inc/csv.php0f14c9ed1e64.php" "Mozilla/5.0 (compatible; MSIE 10.0; Windows NT 5.1; WOW64; Trident/6.0)"
194.87.252.147 - xtw18387ea29 [12/Jun/2025:11:47:50 -0400] "GET /wp-json/wp/v2/settings HTTP/1.1" 401 98 "https://remonster.online/wp-content/plugins/wp-automatic/inc/csv.php0f14c9ed1e64.php" "Mozilla/5.0 (compatible; MSIE 10.0; Windows NT 5.1; WOW64; Trident/6.0)"
66.249.66.198 - - [12/Jun/2025:11:47:52 -0400] "GET /entity116622626.phtml HTTP/1.1" 200 25810 "-" "Mozilla/5.0 (Linux; Android 6.0.1; Nexus 5X Build/MMB29P) AppleWebKit/537.36 (KHTML, like Gecko) Chrome/136.0.7103.113 Mobile Safari/537.36 (compatible; GoogleOther)"
66.249.66.164 - - [12/Jun/2025:11:47:57 -0400] "GET /goodscode/prognathy/2065165964.phtml HTTP/1.1" 200 23942 "-" "Mozilla/5.0 (Linux; Android 6.0.1; Nexus 5X Build/MMB29P) AppleWebKit/537.36 (KHTML, like Gecko) Chrome/136.0.7103.113 Mobile Safari/537.36 (compatible; GoogleOther)"
66.249.66.163 - - [12/Jun/2025:11:48:03 -0400] "GET /info115238904.phtml HTTP/1.1" 200 25877 "-" "Mozilla/5.0 (Linux; Android 6.0.1; Nexus 5X Build/MMB29P) AppleWebKit/537.36 (KHTML, like Gecko) Chrome/136.0.7103.113 Mobile Safari/537.36 (compatible; GoogleOther)"
66.249.66.77 - - [12/Jun/2025:11:48:09 -0400] "GET /item/unwillingly2058859228.phtml HTTP/1.1" 200 24937 "-" "Mozilla/5.0 (Linux; Android 6.0.1; Nexus 5X Build/MMB29P) AppleWebKit/537.36 (KHTML, like Gecko) Chrome/136.0.7103.113 Mobile Safari/537.36 (compatible; GoogleOther)"
66.249.66.76 - - [12/Jun/2025:11:48:15 -0400] "GET /items/roa/carum/2060169332.phtml HTTP/1.1" 200 25545 "-" "Mozilla/5.0 (Linux; Android 6.0.1; Nexus 5X Build/MMB29P) AppleWebKit/537.36 (KHTML, like Gecko) Chrome/136.0.7103.113 Mobile Safari/537.36 (compatible; GoogleOther)"
66.249.66.38 - - [12/Jun/2025:11:48:20 -0400] "GET /goodscode/titrated2066574264.phtml HTTP/1.1" 200 24029 "-" "Mozilla/5.0 (Linux; Android 6.0.1; Nexus 5X Build/MMB29P) AppleWebKit/537.36 (KHTML, like Gecko) Chrome/136.0.7103.113 Mobile Safari/537.36 (compatible; GoogleOther)"
162.0.232.193 - - [12/Jun/2025:11:48:27 -0400] "POST /wp-cron.php?doing_wp_cron=1749743306.9617960453033447265625 HTTP/1.1" 200 0 "-" "WordPress/6.6.2; https://remonster.online"
2a03:2880:f800:b:: - - [12/Jun/2025:11:48:25 -0400] "GET /shopdetail/275577218 HTTP/1.1" 301 0 "-" "meta-externalagent/1.1 (+https://developers.facebook.com/docs/sharing/webmasters/crawler)"
