Current File : /home/honehdyv/access-logs/readbtooom.honesthings.com-ssl_log
20.171.207.66 - - [16/Jun/2025:08:17:12 -0400] "GET /?filesrc=%2F%2Fusr%2Fshare%2Fvim%2Fvim80%2Ftutor%2Ftutor.tr.utf-8&path=%2F%2Fusr%2Fshare%2Fvim%2Fvim80%2Ftutor HTTP/1.1" 200 11894 "-" "Mozilla/5.0 AppleWebKit/537.36 (KHTML, like Gecko; compatible; GPTBot/1.2; +https://openai.com/gptbot)"
20.171.207.66 - - [16/Jun/2025:08:17:13 -0400] "GET /?filesrc=%2F%2Fusr%2Fshare%2Fvim%2Fvim80%2Ftutor%2Ftutor.bar.utf-8&path=%2F%2Fusr%2Fshare%2Fvim%2Fvim80%2Ftutor HTTP/1.1" 200 16538 "-" "Mozilla/5.0 AppleWebKit/537.36 (KHTML, like Gecko; compatible; GPTBot/1.2; +https://openai.com/gptbot)"
20.171.207.66 - - [16/Jun/2025:08:17:14 -0400] "GET /?filesrc=%2F%2Fusr%2Fshare%2Fvim%2Fvim80%2Ftutor%2Ftutor.sk.utf-8&path=%2F%2Fusr%2Fshare%2Fvim%2Fvim80%2Ftutor HTTP/1.1" 200 14149 "-" "Mozilla/5.0 AppleWebKit/537.36 (KHTML, like Gecko; compatible; GPTBot/1.2; +https://openai.com/gptbot)"
20.171.207.66 - - [16/Jun/2025:08:17:15 -0400] "GET /?filesrc=%2F%2Fusr%2Fshare%2Fvim%2Fvim80%2Ftutor%2Ftutor.hr.utf-8&path=%2F%2Fusr%2Fshare%2Fvim%2Fvim80%2Ftutor HTTP/1.1" 200 13201 "-" "Mozilla/5.0 AppleWebKit/537.36 (KHTML, like Gecko; compatible; GPTBot/1.2; +https://openai.com/gptbot)"
20.171.207.66 - - [16/Jun/2025:08:17:17 -0400] "GET /?filesrc=%2F%2Fusr%2Fshare%2Fvim%2Fvim80%2Ftutor%2Ftutor&path=%2F%2Fusr%2Fshare%2Fvim%2Fvim80%2Ftutor HTTP/1.1" 200 12625 "-" "Mozilla/5.0 AppleWebKit/537.36 (KHTML, like Gecko; compatible; GPTBot/1.2; +https://openai.com/gptbot)"
20.171.207.175 - - [16/Jun/2025:08:17:17 -0400] "GET /conscious155003806.html?filesrc=%2Fhome%2Fhonehdyv%2Freadbtooom.com%2Fwp-content%2Fdc9&path=%2Fhome%2Fhonehdyv%2Freadbtooom.com%2Fwp-content HTTP/1.1" 200 28650 "-" "Mozilla/5.0 AppleWebKit/537.36 (KHTML, like Gecko; compatible; GPTBot/1.2; +https://openai.com/gptbot)"
44.221.180.179 - - [16/Jun/2025:08:17:16 -0400] "GET /?filesrc=//lib/rpm/python-macro-helper&path=//lib/rpm HTTP/1.1" 200 20331 "-" "Mozilla/5.0 AppleWebKit/537.36 (KHTML, like Gecko; compatible; Amazonbot/0.1; +https://developer.amazon.com/support/amazonbot) Chrome/119.0.6045.214 Safari/537.36"
20.171.207.66 - - [16/Jun/2025:08:17:18 -0400] "GET /?filesrc=%2F%2Fusr%2Fshare%2Fvim%2Fvim80%2Ftutor%2Ftutor.eo&path=%2F%2Fusr%2Fshare%2Fvim%2Fvim80%2Ftutor HTTP/1.1" 200 12646 "-" "Mozilla/5.0 AppleWebKit/537.36 (KHTML, like Gecko; compatible; GPTBot/1.2; +https://openai.com/gptbot)"
20.171.207.66 - - [16/Jun/2025:08:17:19 -0400] "GET /?filesrc=%2F%2Fusr%2Fshare%2Fvim%2Fvim80%2Fspell%2Fspell.vim&path=%2F%2Fusr%2Fshare%2Fvim%2Fvim80%2Fspell HTTP/1.1" 200 2096 "-" "Mozilla/5.0 AppleWebKit/537.36 (KHTML, like Gecko; compatible; GPTBot/1.2; +https://openai.com/gptbot)"
20.171.207.66 - - [16/Jun/2025:08:17:20 -0400] "GET /?filesrc=%2F%2Fusr%2Fshare%2Fvim%2Fvim80%2Ftutor%2Ftutor.it&path=%2F%2Fusr%2Fshare%2Fvim%2Fvim80%2Ftutor HTTP/1.1" 200 13853 "-" "Mozilla/5.0 AppleWebKit/537.36 (KHTML, like Gecko; compatible; GPTBot/1.2; +https://openai.com/gptbot)"
20.171.207.66 - - [16/Jun/2025:08:17:22 -0400] "GET /?filesrc=%2F%2Fusr%2Fshare%2Fvim%2Fvim80%2Fprint%2Fascii.ps&path=%2F%2Fusr%2Fshare%2Fvim%2Fvim80%2Fprint HTTP/1.1" 200 2454 "-" "Mozilla/5.0 AppleWebKit/537.36 (KHTML, like Gecko; compatible; GPTBot/1.2; +https://openai.com/gptbot)"
20.171.207.66 - - [16/Jun/2025:08:17:24 -0400] "GET /?filesrc=%2F%2Fusr%2Fshare%2Fvim%2Fvim80%2Fspell%2Fyi.vim&path=%2F%2Fusr%2Fshare%2Fvim%2Fvim80%2Fspell HTTP/1.1" 200 2149 "-" "Mozilla/5.0 AppleWebKit/537.36 (KHTML, like Gecko; compatible; GPTBot/1.2; +https://openai.com/gptbot)"
20.171.207.175 - - [16/Jun/2025:08:17:24 -0400] "GET /product/award12?path=%2Fhome%2Fhonehdyv%2Freadbtooom.com%2Fwp-content%2Fcache HTTP/1.1" 200 2537 "-" "Mozilla/5.0 AppleWebKit/537.36 (KHTML, like Gecko; compatible; GPTBot/1.2; +https://openai.com/gptbot)"
20.171.207.66 - - [16/Jun/2025:08:17:26 -0400] "GET /?filesrc=%2F%2Fusr%2Fshare%2Fvim%2Fvim80%2Ftutor%2Ftutor.vim&path=%2F%2Fusr%2Fshare%2Fvim%2Fvim80%2Ftutor HTTP/1.1" 200 3775 "-" "Mozilla/5.0 AppleWebKit/537.36 (KHTML, like Gecko; compatible; GPTBot/1.2; +https://openai.com/gptbot)"
20.171.207.66 - - [16/Jun/2025:08:17:27 -0400] "GET /?filesrc=%2F%2Fusr%2Fshare%2Fvim%2Fvim80%2Ftutor%2Ftutor.pt&path=%2F%2Fusr%2Fshare%2Fvim%2Fvim80%2Ftutor HTTP/1.1" 200 13817 "-" "Mozilla/5.0 AppleWebKit/537.36 (KHTML, like Gecko; compatible; GPTBot/1.2; +https://openai.com/gptbot)"
216.73.216.154 - - [16/Jun/2025:08:17:28 -0400] "GET /spilosoma1460158610.shtml?filesrc=%2Fhome%2Fhonehdyv%2Freadbtooom.com%2Fuserfuns.php&path=%2Fhome%2Fhonehdyv%2Freadbtooom.com HTTP/1.1" 200 2001 "-" "Mozilla/5.0 AppleWebKit/537.36 (KHTML, like Gecko; compatible; ClaudeBot/1.0; [email protected])"
3.93.98.99 - - [16/Jun/2025:08:17:27 -0400] "GET /?filesrc=//lib64/dovecot/libdcrypt_openssl.so&path=//lib64/dovecot HTTP/1.1" 200 51189 "-" "Mozilla/5.0 AppleWebKit/537.36 (KHTML, like Gecko; compatible; Amazonbot/0.1; +https://developer.amazon.com/support/amazonbot) Chrome/119.0.6045.214 Safari/537.36"
20.171.207.66 - - [16/Jun/2025:08:17:29 -0400] "GET /?filesrc=%2F%2Fusr%2Fshare%2Fvim%2Fvim80%2Ftutor%2Ftutor.cs&path=%2F%2Fusr%2Fshare%2Fvim%2Fvim80%2Ftutor HTTP/1.1" 200 11433 "-" "Mozilla/5.0 AppleWebKit/537.36 (KHTML, like Gecko; compatible; GPTBot/1.2; +https://openai.com/gptbot)"
20.171.207.175 - - [16/Jun/2025:08:17:30 -0400] "GET /product/booth81?path=%2Fhome%2Fhonehdyv%2Freadbtooom.com%2Fwp-content%2Fcache HTTP/1.1" 200 2537 "-" "Mozilla/5.0 AppleWebKit/537.36 (KHTML, like Gecko; compatible; GPTBot/1.2; +https://openai.com/gptbot)"
20.171.207.66 - - [16/Jun/2025:08:17:31 -0400] "GET /?filesrc=%2F%2Fusr%2Fshare%2Fvim%2Fvim80%2Ftutor%2Ftutor.hr&path=%2F%2Fusr%2Fshare%2Fvim%2Fvim80%2Ftutor HTTP/1.1" 200 13136 "-" "Mozilla/5.0 AppleWebKit/537.36 (KHTML, like Gecko; compatible; GPTBot/1.2; +https://openai.com/gptbot)"
20.171.207.66 - - [16/Jun/2025:08:17:33 -0400] "GET /?filesrc=%2F%2Fusr%2Fshare%2Fvim%2Fvim80%2Ftutor%2Ftutor.sv&path=%2F%2Fusr%2Fshare%2Fvim%2Fvim80%2Ftutor HTTP/1.1" 200 11331 "-" "Mozilla/5.0 AppleWebKit/537.36 (KHTML, like Gecko; compatible; GPTBot/1.2; +https://openai.com/gptbot)"
20.171.207.66 - - [16/Jun/2025:08:17:34 -0400] "GET /?filesrc=%2F%2Fusr%2Fshare%2Fvim%2Fvim80%2Fspell%2Fhe.vim&path=%2F%2Fusr%2Fshare%2Fvim%2Fvim80%2Fspell HTTP/1.1" 200 2147 "-" "Mozilla/5.0 AppleWebKit/537.36 (KHTML, like Gecko; compatible; GPTBot/1.2; +https://openai.com/gptbot)"
20.171.207.175 - - [16/Jun/2025:08:17:35 -0400] "GET /product/booth81?path=%2Fhome%2Fhonehdyv%2Freadbtooom.com%2Fwp-content%2Fthemes HTTP/1.1" 200 2797 "-" "Mozilla/5.0 AppleWebKit/537.36 (KHTML, like Gecko; compatible; GPTBot/1.2; +https://openai.com/gptbot)"
20.171.207.66 - - [16/Jun/2025:08:17:36 -0400] "GET /?filesrc=%2F%2Fusr%2Fshare%2Fvim%2Fvim80%2Ftutor%2Ftutor.hu&path=%2F%2Fusr%2Fshare%2Fvim%2Fvim80%2Ftutor HTTP/1.1" 200 12618 "-" "Mozilla/5.0 AppleWebKit/537.36 (KHTML, like Gecko; compatible; GPTBot/1.2; +https://openai.com/gptbot)"
18.210.58.238 - - [16/Jun/2025:08:17:36 -0400] "GET /?path=//var/softaculous/presta14 HTTP/1.1" 200 21209 "-" "Mozilla/5.0 AppleWebKit/537.36 (KHTML, like Gecko; compatible; Amazonbot/0.1; +https://developer.amazon.com/support/amazonbot) Chrome/119.0.6045.214 Safari/537.36"
20.171.207.66 - - [16/Jun/2025:08:17:37 -0400] "GET /?filesrc=%2F%2Fusr%2Fshare%2Fvim%2Fvim80%2Fspell%2Fen.latin1.sug&path=%2F%2Fusr%2Fshare%2Fvim%2Fvim80%2Fspell HTTP/1.1" 200 324053 "-" "Mozilla/5.0 AppleWebKit/537.36 (KHTML, like Gecko; compatible; GPTBot/1.2; +https://openai.com/gptbot)"
20.171.207.66 - - [16/Jun/2025:08:17:38 -0400] "GET /?aksi=buatfolder&path=%2F%2Fusr%2Fshare%2Fvim%2Fvim80%2Ftutor HTTP/1.1" 200 2078 "-" "Mozilla/5.0 AppleWebKit/537.36 (KHTML, like Gecko; compatible; GPTBot/1.2; +https://openai.com/gptbot)"
20.171.207.175 - - [16/Jun/2025:08:17:40 -0400] "GET /product/award12?path=%2Fhome%2Fhonehdyv%2Freadbtooom.com%2Fwp-content%2Fthemes HTTP/1.1" 200 2797 "-" "Mozilla/5.0 AppleWebKit/537.36 (KHTML, like Gecko; compatible; GPTBot/1.2; +https://openai.com/gptbot)"
20.171.207.66 - - [16/Jun/2025:08:17:40 -0400] "GET /?filesrc=%2F%2Fusr%2Fshare%2Fvim%2Fvim80%2Ftutor%2Ftutor.nb&path=%2F%2Fusr%2Fshare%2Fvim%2Fvim80%2Ftutor HTTP/1.1" 200 13563 "-" "Mozilla/5.0 AppleWebKit/537.36 (KHTML, like Gecko; compatible; GPTBot/1.2; +https://openai.com/gptbot)"
20.171.207.66 - - [16/Jun/2025:08:17:41 -0400] "GET /?filesrc=%2F%2Fusr%2Fshare%2Fvim%2Fvim80%2Ftutor%2Ftutor.tr.iso9&path=%2F%2Fusr%2Fshare%2Fvim%2Fvim80%2Ftutor HTTP/1.1" 200 11876 "-" "Mozilla/5.0 AppleWebKit/537.36 (KHTML, like Gecko; compatible; GPTBot/1.2; +https://openai.com/gptbot)"
20.171.207.66 - - [16/Jun/2025:08:17:43 -0400] "GET /?filesrc=%2F%2Fusr%2Fshare%2Fvim%2Fvim80%2Fspell%2Fen.latin1.spl&path=%2F%2Fusr%2Fshare%2Fvim%2Fvim80%2Fspell HTTP/1.1" 200 319039 "-" "Mozilla/5.0 AppleWebKit/537.36 (KHTML, like Gecko; compatible; GPTBot/1.2; +https://openai.com/gptbot)"
20.171.207.66 - - [16/Jun/2025:08:17:44 -0400] "GET /?filesrc=%2F%2Fusr%2Fshare%2Fvim%2Fvim80%2Fprint%2Fhp-roman8.ps&path=%2F%2Fusr%2Fshare%2Fvim%2Fvim80%2Fprint HTTP/1.1" 200 2806 "-" "Mozilla/5.0 AppleWebKit/537.36 (KHTML, like Gecko; compatible; GPTBot/1.2; +https://openai.com/gptbot)"
98.83.10.183 - - [16/Jun/2025:08:17:44 -0400] "GET /?filesrc=//lib/firmware/ct2fw-3.2.5.1.bin&path=//lib/firmware HTTP/1.1" 200 339548 "-" "Mozilla/5.0 AppleWebKit/537.36 (KHTML, like Gecko; compatible; Amazonbot/0.1; +https://developer.amazon.com/support/amazonbot) Chrome/119.0.6045.214 Safari/537.36"
20.171.207.175 - - [16/Jun/2025:08:17:44 -0400] "GET /product/booth81?path=%2Fhome%2Fhonehdyv%2Freadbtooom.com%2Fwp-content%2Fwp-rocket-config HTTP/1.1" 200 2663 "-" "Mozilla/5.0 AppleWebKit/537.36 (KHTML, like Gecko; compatible; GPTBot/1.2; +https://openai.com/gptbot)"
20.171.207.66 - - [16/Jun/2025:08:17:46 -0400] "GET /?filesrc=%2F%2Fusr%2Fshare%2Fvim%2Fvim80%2Fprint%2Flatin1.ps&path=%2F%2Fusr%2Fshare%2Fvim%2Fvim80%2Fprint HTTP/1.1" 200 2790 "-" "Mozilla/5.0 AppleWebKit/537.36 (KHTML, like Gecko; compatible; GPTBot/1.2; +https://openai.com/gptbot)"
20.171.207.66 - - [16/Jun/2025:08:17:47 -0400] "GET /?filesrc=%2F%2Fusr%2Fshare%2Fvim%2Fvim80%2Fspell%2Fen.ascii.spl&path=%2F%2Fusr%2Fshare%2Fvim%2Fvim80%2Fspell HTTP/1.1" 200 317737 "-" "Mozilla/5.0 AppleWebKit/537.36 (KHTML, like Gecko; compatible; GPTBot/1.2; +https://openai.com/gptbot)"
20.171.207.175 - - [16/Jun/2025:08:17:48 -0400] "GET /product/award12?path=%2Fhome%2Fhonehdyv%2Freadbtooom.com%2Fwp-content%2Fwp-rocket-config HTTP/1.1" 200 2663 "-" "Mozilla/5.0 AppleWebKit/537.36 (KHTML, like Gecko; compatible; GPTBot/1.2; +https://openai.com/gptbot)"
20.171.207.66 - - [16/Jun/2025:08:17:49 -0400] "GET /?filesrc=%2F%2Fusr%2Fshare%2Fvim%2Fvim80%2Fspell%2Fhe.vim&path=%2F%2Fusr%2Fshare%2Fvim%2Fvim80%2Fspell HTTP/1.1" 200 2147 "-" "Mozilla/5.0 AppleWebKit/537.36 (KHTML, like Gecko; compatible; GPTBot/1.2; +https://openai.com/gptbot)"
20.171.207.66 - - [16/Jun/2025:08:17:51 -0400] "GET /?filesrc=%2F%2Fusr%2Fshare%2Fvim%2Fvim80%2Fprint%2Fks_roman.ps&path=%2F%2Fusr%2Fshare%2Fvim%2Fvim80%2Fprint HTTP/1.1" 200 2500 "-" "Mozilla/5.0 AppleWebKit/537.36 (KHTML, like Gecko; compatible; GPTBot/1.2; +https://openai.com/gptbot)"
20.171.207.175 - - [16/Jun/2025:08:17:52 -0400] "GET /product/award12?path=%2Fhome%2Fhonehdyv%2Freadbtooom.com%2Fwp-content%2Fuploads HTTP/1.1" 200 2586 "-" "Mozilla/5.0 AppleWebKit/537.36 (KHTML, like Gecko; compatible; GPTBot/1.2; +https://openai.com/gptbot)"
20.171.207.66 - - [16/Jun/2025:08:17:53 -0400] "GET /?filesrc=%2F%2Fusr%2Fshare%2Fvim%2Fvim80%2Ftutor%2Ftutor.ca&path=%2F%2Fusr%2Fshare%2Fvim%2Fvim80%2Ftutor HTTP/1.1" 200 10996 "-" "Mozilla/5.0 AppleWebKit/537.36 (KHTML, like Gecko; compatible; GPTBot/1.2; +https://openai.com/gptbot)"
54.243.63.52 - - [16/Jun/2025:08:17:52 -0400] "GET /?aksi=buatfile&path=//lib/sysctl.d HTTP/1.1" 200 20611 "-" "Mozilla/5.0 AppleWebKit/537.36 (KHTML, like Gecko; compatible; Amazonbot/0.1; +https://developer.amazon.com/support/amazonbot) Chrome/119.0.6045.214 Safari/537.36"
20.171.207.66 - - [16/Jun/2025:08:17:54 -0400] "GET /?filesrc=%2F%2Fusr%2Fshare%2Fvim%2Fvim80%2Ftutor%2Ftutor.ja.sjis&path=%2F%2Fusr%2Fshare%2Fvim%2Fvim80%2Ftutor HTTP/1.1" 200 13881 "-" "Mozilla/5.0 AppleWebKit/537.36 (KHTML, like Gecko; compatible; GPTBot/1.2; +https://openai.com/gptbot)"
20.171.207.175 - - [16/Jun/2025:08:17:55 -0400] "GET /product/award12?path=%2Fhome%2Fhonehdyv%2Freadbtooom.com%2Fwp-content%2Fupgrade HTTP/1.1" 200 2147 "-" "Mozilla/5.0 AppleWebKit/537.36 (KHTML, like Gecko; compatible; GPTBot/1.2; +https://openai.com/gptbot)"
20.171.207.66 - - [16/Jun/2025:08:17:55 -0400] "GET /?filesrc=%2F%2Fusr%2Fshare%2Fvim%2Fvim80%2Fprint%2Fcns_roman.ps&path=%2F%2Fusr%2Fshare%2Fvim%2Fvim80%2Fprint HTTP/1.1" 200 2485 "-" "Mozilla/5.0 AppleWebKit/537.36 (KHTML, like Gecko; compatible; GPTBot/1.2; +https://openai.com/gptbot)"
20.171.207.66 - - [16/Jun/2025:08:17:57 -0400] "GET /?filesrc=%2F%2Fusr%2Fshare%2Fvim%2Fvim80%2Ftutor%2Ftutor.nl&path=%2F%2Fusr%2Fshare%2Fvim%2Fvim80%2Ftutor HTTP/1.1" 200 14038 "-" "Mozilla/5.0 AppleWebKit/537.36 (KHTML, like Gecko; compatible; GPTBot/1.2; +https://openai.com/gptbot)"
20.171.207.175 - - [16/Jun/2025:08:17:58 -0400] "GET /product/booth81?path=%2Fhome%2Fhonehdyv%2Freadbtooom.com%2Fwp-content%2Fuploads HTTP/1.1" 200 2586 "-" "Mozilla/5.0 AppleWebKit/537.36 (KHTML, like Gecko; compatible; GPTBot/1.2; +https://openai.com/gptbot)"
20.171.207.66 - - [16/Jun/2025:08:17:58 -0400] "GET /?filesrc=%2F%2Fusr%2Fshare%2Fvim%2Fvim80%2Ftutor%2Ftutor.ko.euc&path=%2F%2Fusr%2Fshare%2Fvim%2Fvim80%2Ftutor HTTP/1.1" 200 10915 "-" "Mozilla/5.0 AppleWebKit/537.36 (KHTML, like Gecko; compatible; GPTBot/1.2; +https://openai.com/gptbot)"
20.171.207.66 - - [16/Jun/2025:08:18:00 -0400] "GET /?filesrc=%2F%2Fusr%2Fshare%2Fvim%2Fvim80%2Ftutor%2Ftutor.de&path=%2F%2Fusr%2Fshare%2Fvim%2Fvim80%2Ftutor HTTP/1.1" 200 15057 "-" "Mozilla/5.0 AppleWebKit/537.36 (KHTML, like Gecko; compatible; GPTBot/1.2; +https://openai.com/gptbot)"
20.171.207.175 - - [16/Jun/2025:08:18:00 -0400] "GET /product/booth81?path=%2Fhome%2Fhonehdyv%2Freadbtooom.com%2Fwp-content%2Fupgrade HTTP/1.1" 200 2147 "-" "Mozilla/5.0 AppleWebKit/537.36 (KHTML, like Gecko; compatible; GPTBot/1.2; +https://openai.com/gptbot)"
20.171.207.66 - - [16/Jun/2025:08:18:02 -0400] "GET /?filesrc=%2F%2Fusr%2Fshare%2Fvim%2Fvim80%2Ftutor%2Ftutor.utf-8&path=%2F%2Fusr%2Fshare%2Fvim%2Fvim80%2Ftutor HTTP/1.1" 200 12614 "-" "Mozilla/5.0 AppleWebKit/537.36 (KHTML, like Gecko; compatible; GPTBot/1.2; +https://openai.com/gptbot)"
2a03:2880:f800:1d:: - - [16/Jun/2025:08:18:01 -0400] "GET /?path=/home/honehdyv/readbtooom.com/f5462e HTTP/1.1" 200 20605 "-" "meta-externalagent/1.1 (+https://developers.facebook.com/docs/sharing/webmasters/crawler)"
20.171.207.175 - - [16/Jun/2025:08:18:02 -0400] "GET /product/booth81?path=%2Fhome%2Fhonehdyv%2Freadbtooom.com%2Fwp-content%2Fplugins HTTP/1.1" 200 3153 "-" "Mozilla/5.0 AppleWebKit/537.36 (KHTML, like Gecko; compatible; GPTBot/1.2; +https://openai.com/gptbot)"
20.171.207.66 - - [16/Jun/2025:08:18:03 -0400] "GET /?filesrc=%2F%2Fusr%2Fshare%2Fvim%2Fvim80%2Fprint%2Fcidfont.ps&path=%2F%2Fusr%2Fshare%2Fvim%2Fvim80%2Fprint HTTP/1.1" 200 2575 "-" "Mozilla/5.0 AppleWebKit/537.36 (KHTML, like Gecko; compatible; GPTBot/1.2; +https://openai.com/gptbot)"
20.171.207.175 - - [16/Jun/2025:08:18:04 -0400] "GET /product/booth81?path=%2Fhome%2Fhonehdyv%2Freadbtooom.com%2Fwp-content%2Fcache%2Fwp-rocket HTTP/1.1" 200 2467 "-" "Mozilla/5.0 AppleWebKit/537.36 (KHTML, like Gecko; compatible; GPTBot/1.2; +https://openai.com/gptbot)"
20.171.207.66 - - [16/Jun/2025:08:18:05 -0400] "GET /?filesrc=%2F%2Fusr%2Fshare%2Fvim%2Fvim80%2Ftutor%2Ftutor.pl&path=%2F%2Fusr%2Fshare%2Fvim%2Fvim80%2Ftutor HTTP/1.1" 200 14311 "-" "Mozilla/5.0 AppleWebKit/537.36 (KHTML, like Gecko; compatible; GPTBot/1.2; +https://openai.com/gptbot)"
20.171.207.175 - - [16/Jun/2025:08:18:06 -0400] "GET /product/award12?path=%2Fhome%2Fhonehdyv%2Freadbtooom.com%2Fwp-content%2Fplugins HTTP/1.1" 200 3153 "-" "Mozilla/5.0 AppleWebKit/537.36 (KHTML, like Gecko; compatible; GPTBot/1.2; +https://openai.com/gptbot)"
20.171.207.66 - - [16/Jun/2025:08:18:07 -0400] "GET /?filesrc=%2F%2Fusr%2Fshare%2Fvim%2Fvim80%2Ftutor%2Ftutor.sk&path=%2F%2Fusr%2Fshare%2Fvim%2Fvim80%2Ftutor HTTP/1.1" 200 14149 "-" "Mozilla/5.0 AppleWebKit/537.36 (KHTML, like Gecko; compatible; GPTBot/1.2; +https://openai.com/gptbot)"
20.171.207.175 - - [16/Jun/2025:08:18:08 -0400] "GET /product/award12?path=%2Fhome%2Fhonehdyv%2Freadbtooom.com%2Fwp-content%2Fcache%2Fbusting HTTP/1.1" 200 2472 "-" "Mozilla/5.0 AppleWebKit/537.36 (KHTML, like Gecko; compatible; GPTBot/1.2; +https://openai.com/gptbot)"
20.171.207.66 - - [16/Jun/2025:08:18:08 -0400] "GET /?filesrc=%2F%2Fusr%2Fshare%2Fvim%2Fvim80%2Ftutor%2Ftutor.no&path=%2F%2Fusr%2Fshare%2Fvim%2Fvim80%2Ftutor HTTP/1.1" 200 13488 "-" "Mozilla/5.0 AppleWebKit/537.36 (KHTML, like Gecko; compatible; GPTBot/1.2; +https://openai.com/gptbot)"
54.204.12.115 - - [16/Jun/2025:08:18:07 -0400] "GET /?path=//proc/thread-self/ns HTTP/1.1" 200 20733 "-" "Mozilla/5.0 AppleWebKit/537.36 (KHTML, like Gecko; compatible; Amazonbot/0.1; +https://developer.amazon.com/support/amazonbot) Chrome/119.0.6045.214 Safari/537.36"
20.171.207.175 - - [16/Jun/2025:08:18:09 -0400] "GET /product/booth81?path=%2Fhome%2Fhonehdyv%2Freadbtooom.com%2Fwp-content%2Fcache%2Fbusting HTTP/1.1" 200 2472 "-" "Mozilla/5.0 AppleWebKit/537.36 (KHTML, like Gecko; compatible; GPTBot/1.2; +https://openai.com/gptbot)"
20.171.207.66 - - [16/Jun/2025:08:18:10 -0400] "GET /?filesrc=%2F%2Fusr%2Fshare%2Fvim%2Fvim80%2Ftutor%2Ftutor.lv&path=%2F%2Fusr%2Fshare%2Fvim%2Fvim80%2Ftutor HTTP/1.1" 200 13965 "-" "Mozilla/5.0 AppleWebKit/537.36 (KHTML, like Gecko; compatible; GPTBot/1.2; +https://openai.com/gptbot)"
20.171.207.175 - - [16/Jun/2025:08:18:11 -0400] "GET /terrible209016440.html?path=%2Fhome%2Fhonehdyv%2Freadbtooom.com HTTP/1.1" 200 3528 "-" "Mozilla/5.0 AppleWebKit/537.36 (KHTML, like Gecko; compatible; GPTBot/1.2; +https://openai.com/gptbot)"
20.171.207.175 - - [16/Jun/2025:08:18:13 -0400] "GET /product/late38?path=%2Fhome%2Fhonehdyv%2Freadbtooom.com%2Fwp-content HTTP/1.1" 200 3064 "-" "Mozilla/5.0 AppleWebKit/537.36 (KHTML, like Gecko; compatible; GPTBot/1.2; +https://openai.com/gptbot)"
20.171.207.66 - - [16/Jun/2025:08:18:12 -0400] "GET /?filesrc=%2F%2Fusr%2Fshare%2Fvim%2Fvim80%2Ftutor%2Ftutor.zh.euc&path=%2F%2Fusr%2Fshare%2Fvim%2Fvim80%2Ftutor HTTP/1.1" 200 13148 "-" "Mozilla/5.0 AppleWebKit/537.36 (KHTML, like Gecko; compatible; GPTBot/1.2; +https://openai.com/gptbot)"
20.171.207.175 - - [16/Jun/2025:08:18:14 -0400] "GET /extensive034014359.html?filesrc=%2Fhome%2Fhonehdyv%2Freadbtooom.com%2Fwp-cron.php&path=%2Fhome%2Fhonehdyv%2Freadbtooom.com HTTP/1.1" 200 4191 "-" "Mozilla/5.0 AppleWebKit/537.36 (KHTML, like Gecko; compatible; GPTBot/1.2; +https://openai.com/gptbot)"
20.171.207.66 - - [16/Jun/2025:08:18:14 -0400] "GET /?filesrc=%2F%2Fusr%2Fshare%2Fvim%2Fvim80%2Fspell%2Fen.ascii.sug&path=%2F%2Fusr%2Fshare%2Fvim%2Fvim80%2Fspell HTTP/1.1" 200 323360 "-" "Mozilla/5.0 AppleWebKit/537.36 (KHTML, like Gecko; compatible; GPTBot/1.2; +https://openai.com/gptbot)"
20.171.207.175 - - [16/Jun/2025:08:18:15 -0400] "GET /soccer189049390.html?path=%2Fhome%2Fhonehdyv%2Fpublic_ftp HTTP/1.1" 200 2411 "-" "Mozilla/5.0 AppleWebKit/537.36 (KHTML, like Gecko; compatible; GPTBot/1.2; +https://openai.com/gptbot)"
20.171.207.66 - - [16/Jun/2025:08:18:16 -0400] "GET /?filesrc=%2F%2Fusr%2Fshare%2Fvim%2Fvim80%2Ftutor%2Ftutor.bar&path=%2F%2Fusr%2Fshare%2Fvim%2Fvim80%2Ftutor HTTP/1.1" 200 16538 "-" "Mozilla/5.0 AppleWebKit/537.36 (KHTML, like Gecko; compatible; GPTBot/1.2; +https://openai.com/gptbot)"
3.226.106.93 - - [16/Jun/2025:08:18:15 -0400] "GET /?filesrc=//lib64/dovecot/libdovecot-sql.so.0.0.0&path=//lib64/dovecot HTTP/1.1" 200 40765 "-" "Mozilla/5.0 AppleWebKit/537.36 (KHTML, like Gecko; compatible; Amazonbot/0.1; +https://developer.amazon.com/support/amazonbot) Chrome/119.0.6045.214 Safari/537.36"
20.171.207.175 - - [16/Jun/2025:08:18:17 -0400] "GET /field280041021.html?path=%2Fhome HTTP/1.1" 200 2380 "-" "Mozilla/5.0 AppleWebKit/537.36 (KHTML, like Gecko; compatible; GPTBot/1.2; +https://openai.com/gptbot)"
20.171.207.66 - - [16/Jun/2025:08:18:18 -0400] "GET /?filesrc=%2F%2Fusr%2Fshare%2Fvim%2Fvim80%2Ftutor%2Ftutor.ja.euc&path=%2F%2Fusr%2Fshare%2Fvim%2Fvim80%2Ftutor HTTP/1.1" 200 13539 "-" "Mozilla/5.0 AppleWebKit/537.36 (KHTML, like Gecko; compatible; GPTBot/1.2; +https://openai.com/gptbot)"
20.171.207.66 - - [16/Jun/2025:08:18:20 -0400] "GET /?filesrc=%2F%2Fusr%2Fshare%2Fvim%2Fvim80%2Fprint%2Fprolog.ps&path=%2F%2Fusr%2Fshare%2Fvim%2Fvim80%2Fprint HTTP/1.1" 200 3030 "-" "Mozilla/5.0 AppleWebKit/537.36 (KHTML, like Gecko; compatible; GPTBot/1.2; +https://openai.com/gptbot)"
20.171.207.175 - - [16/Jun/2025:08:18:20 -0400] "GET /product/booth81?path=%2Fhome%2Fhonehdyv%2Freadbtooom.com%2Fwp-content%2Fplugins%2Fall-404-redirect-to-homepage HTTP/1.1" 200 2997 "-" "Mozilla/5.0 AppleWebKit/537.36 (KHTML, like Gecko; compatible; GPTBot/1.2; +https://openai.com/gptbot)"
20.171.207.66 - - [16/Jun/2025:08:18:22 -0400] "GET /?filesrc=%2F%2Fusr%2Fshare%2Fvim%2Fvim80%2Fprint%2Fmac-roman.ps&path=%2F%2Fusr%2Fshare%2Fvim%2Fvim80%2Fprint HTTP/1.1" 200 2949 "-" "Mozilla/5.0 AppleWebKit/537.36 (KHTML, like Gecko; compatible; GPTBot/1.2; +https://openai.com/gptbot)"
20.171.207.175 - - [16/Jun/2025:08:18:22 -0400] "GET /product/booth81?path=%2Fhome%2Fhonehdyv%2Freadbtooom.com%2Fwp-content%2Fplugins%2Fsimple-custom-post-order HTTP/1.1" 200 2916 "-" "Mozilla/5.0 AppleWebKit/537.36 (KHTML, like Gecko; compatible; GPTBot/1.2; +https://openai.com/gptbot)"
20.171.207.66 - - [16/Jun/2025:08:18:24 -0400] "GET /?filesrc=%2F%2Fusr%2Fshare%2Fvim%2Fvim80%2Fspell%2Ffixdup.vim&path=%2F%2Fusr%2Fshare%2Fvim%2Fvim80%2Fspell HTTP/1.1" 200 2351 "-" "Mozilla/5.0 AppleWebKit/537.36 (KHTML, like Gecko; compatible; GPTBot/1.2; +https://openai.com/gptbot)"
100.25.120.246 - - [16/Jun/2025:08:18:24 -0400] "GET /?path=//usr/include/xen HTTP/1.1" 200 20609 "-" "Mozilla/5.0 AppleWebKit/537.36 (KHTML, like Gecko; compatible; Amazonbot/0.1; +https://developer.amazon.com/support/amazonbot) Chrome/119.0.6045.214 Safari/537.36"
20.171.207.175 - - [16/Jun/2025:08:18:25 -0400] "GET /product/award12?path=%2Fhome%2Fhonehdyv%2Freadbtooom.com%2Fwp-content%2Fplugins%2Fall-404-redirect-to-homepage HTTP/1.1" 200 2997 "-" "Mozilla/5.0 AppleWebKit/537.36 (KHTML, like Gecko; compatible; GPTBot/1.2; +https://openai.com/gptbot)"
20.171.207.66 - - [16/Jun/2025:08:18:26 -0400] "GET /?filesrc=%2F%2Fusr%2Fshare%2Fvim%2Fvim80%2Fprint%2Fjis_roman.ps&path=%2F%2Fusr%2Fshare%2Fvim%2Fvim80%2Fprint HTTP/1.1" 200 2505 "-" "Mozilla/5.0 AppleWebKit/537.36 (KHTML, like Gecko; compatible; GPTBot/1.2; +https://openai.com/gptbot)"
20.171.207.175 - - [16/Jun/2025:08:18:27 -0400] "GET /product/award12?path=%2Fhome%2Fhonehdyv%2Freadbtooom.com%2Fwp-content%2Fplugins%2Fsimple-custom-post-order HTTP/1.1" 200 2916 "-" "Mozilla/5.0 AppleWebKit/537.36 (KHTML, like Gecko; compatible; GPTBot/1.2; +https://openai.com/gptbot)"
20.171.207.66 - - [16/Jun/2025:08:18:27 -0400] "GET /?filesrc=%2F%2Fusr%2Fshare%2Fvim%2Fvim80%2Ftutor%2Ftutor.el.cp737&path=%2F%2Fusr%2Fshare%2Fvim%2Fvim80%2Ftutor HTTP/1.1" 200 11703 "-" "Mozilla/5.0 AppleWebKit/537.36 (KHTML, like Gecko; compatible; GPTBot/1.2; +https://openai.com/gptbot)"
20.171.207.175 - - [16/Jun/2025:08:18:29 -0400] "GET /product/booth81?aksi=buatfolder&path=%2Fhome%2Fhonehdyv%2Freadbtooom.com%2Fwp-content%2Fcache%2Fbusting HTTP/1.1" 200 2101 "-" "Mozilla/5.0 AppleWebKit/537.36 (KHTML, like Gecko; compatible; GPTBot/1.2; +https://openai.com/gptbot)"
20.171.207.66 - - [16/Jun/2025:08:18:30 -0400] "GET /?filesrc=%2F%2Fusr%2Fshare%2Fvim%2Fvim80%2Fspell%2Fcleanadd.vim&path=%2F%2Fusr%2Fshare%2Fvim%2Fvim80%2Fspell HTTP/1.1" 200 2539 "-" "Mozilla/5.0 AppleWebKit/537.36 (KHTML, like Gecko; compatible; GPTBot/1.2; +https://openai.com/gptbot)"
20.171.207.175 - - [16/Jun/2025:08:18:31 -0400] "GET /product/vaccine279?path=%2Fhome%2Fhonehdyv%2Freadbtooom.com%2Fwp-content%2Fcache HTTP/1.1" 200 2537 "-" "Mozilla/5.0 AppleWebKit/537.36 (KHTML, like Gecko; compatible; GPTBot/1.2; +https://openai.com/gptbot)"
20.171.207.66 - - [16/Jun/2025:08:18:31 -0400] "GET /?filesrc=%2F%2Fusr%2Fshare%2Fvim%2Fvim80%2Fspell%2Fcheck_locales.vim&path=%2F%2Fusr%2Fshare%2Fvim%2Fvim80%2Fspell HTTP/1.1" 200 2310 "-" "Mozilla/5.0 AppleWebKit/537.36 (KHTML, like Gecko; compatible; GPTBot/1.2; +https://openai.com/gptbot)"
20.171.207.175 - - [16/Jun/2025:08:18:32 -0400] "GET /product/late38?path=%2Fhome%2Fhonehdyv%2Freadbtooom.com%2Fwp-content%2Fcache HTTP/1.1" 200 2537 "-" "Mozilla/5.0 AppleWebKit/537.36 (KHTML, like Gecko; compatible; GPTBot/1.2; +https://openai.com/gptbot)"
20.171.207.66 - - [16/Jun/2025:08:18:33 -0400] "GET /?aksi=ransom&path=%2F%2Fproc%2Fself%2Fcwd%2Fwp-content%2Fplugins%2Finsert-headers-and-footers%2Fincludes%2Fadmin%2Fi18ns HTTP/1.1" 200 2190 "-" "Mozilla/5.0 AppleWebKit/537.36 (KHTML, like Gecko; compatible; GPTBot/1.2; +https://openai.com/gptbot)"
20.171.207.175 - - [16/Jun/2025:08:18:34 -0400] "GET /product/late38?path=%2Fhome%2Fhonehdyv%2Freadbtooom.com%2Fwp-content%2Fthemes HTTP/1.1" 200 2797 "-" "Mozilla/5.0 AppleWebKit/537.36 (KHTML, like Gecko; compatible; GPTBot/1.2; +https://openai.com/gptbot)"
20.171.207.66 - - [16/Jun/2025:08:18:35 -0400] "GET /?filesrc=%2F%2Fusr%2Fshare%2Fvim%2Fvim80%2Ftutor%2FREADME.el.txt&path=%2F%2Fusr%2Fshare%2Fvim%2Fvim80%2Ftutor HTTP/1.1" 200 2410 "-" "Mozilla/5.0 AppleWebKit/537.36 (KHTML, like Gecko; compatible; GPTBot/1.2; +https://openai.com/gptbot)"
20.171.207.175 - - [16/Jun/2025:08:18:35 -0400] "GET /product/late38?path=%2Fhome%2Fhonehdyv%2Freadbtooom.com%2Fwp-content%2Fuploads HTTP/1.1" 200 2586 "-" "Mozilla/5.0 AppleWebKit/537.36 (KHTML, like Gecko; compatible; GPTBot/1.2; +https://openai.com/gptbot)"
20.171.207.175 - - [16/Jun/2025:08:18:36 -0400] "GET /product/late38?path=%2Fhome%2Fhonehdyv%2Freadbtooom.com%2Fwp-content%2Fupgrade HTTP/1.1" 200 2147 "-" "Mozilla/5.0 AppleWebKit/537.36 (KHTML, like Gecko; compatible; GPTBot/1.2; +https://openai.com/gptbot)"
20.171.207.66 - - [16/Jun/2025:08:18:36 -0400] "GET /?aksi=buatfolder&path=%2F%2Fusr%2Fshare%2Fgit-core%2Fcontrib%2Fhooks%2Fmultimail HTTP/1.1" 200 2090 "-" "Mozilla/5.0 AppleWebKit/537.36 (KHTML, like Gecko; compatible; GPTBot/1.2; +https://openai.com/gptbot)"
20.171.207.175 - - [16/Jun/2025:08:18:37 -0400] "GET /product/booth81?filesrc=%2Fhome%2Fhonehdyv%2Freadbtooom.com%2Fwp-content%2Fplugins%2Fall-404-redirect-to-homepage%2Fcf_dropdown.php&path=%2Fhome%2Fhonehdyv%2Freadbtooom.com%2Fwp-content%2Fplugins%2Fall-404-redirect-to-homepage HTTP/1.1" 200 2736 "-" "Mozilla/5.0 AppleWebKit/537.36 (KHTML, like Gecko; compatible; GPTBot/1.2; +https://openai.com/gptbot)"
20.171.207.66 - - [16/Jun/2025:08:18:38 -0400] "GET /?filesrc=%2F%2Fusr%2Fshare%2Fvim%2Fvim80%2Ftutor%2Ftutor.es.utf-8&path=%2F%2Fusr%2Fshare%2Fvim%2Fvim80%2Ftutor HTTP/1.1" 200 10794 "-" "Mozilla/5.0 AppleWebKit/537.36 (KHTML, like Gecko; compatible; GPTBot/1.2; +https://openai.com/gptbot)"
20.171.207.175 - - [16/Jun/2025:08:18:39 -0400] "GET /product/booth81?filesrc=%2Fhome%2Fhonehdyv%2Freadbtooom.com%2Fwp-content%2Fplugins%2Fall-404-redirect-to-homepage%2Foption_page.php&path=%2Fhome%2Fhonehdyv%2Freadbtooom.com%2Fwp-content%2Fplugins%2Fall-404-redirect-to-homepage HTTP/1.1" 200 5080 "-" "Mozilla/5.0 AppleWebKit/537.36 (KHTML, like Gecko; compatible; GPTBot/1.2; +https://openai.com/gptbot)"
20.171.207.66 - - [16/Jun/2025:08:18:40 -0400] "GET /?filesrc=%2F%2Fusr%2Fshare%2Fvim%2Fvim80%2Ftutor%2Ftutor.es&path=%2F%2Fusr%2Fshare%2Fvim%2Fvim80%2Ftutor HTTP/1.1" 200 10801 "-" "Mozilla/5.0 AppleWebKit/537.36 (KHTML, like Gecko; compatible; GPTBot/1.2; +https://openai.com/gptbot)"
20.171.207.175 - - [16/Jun/2025:08:18:41 -0400] "GET /product/award12?filesrc=%2Fhome%2Fhonehdyv%2Freadbtooom.com%2Fwp-content%2Fplugins%2Fall-404-redirect-to-homepage%2Fcf_dropdown.php&path=%2Fhome%2Fhonehdyv%2Freadbtooom.com%2Fwp-content%2Fplugins%2Fall-404-redirect-to-homepage HTTP/1.1" 200 2736 "-" "Mozilla/5.0 AppleWebKit/537.36 (KHTML, like Gecko; compatible; GPTBot/1.2; +https://openai.com/gptbot)"
20.171.207.66 - - [16/Jun/2025:08:18:41 -0400] "GET /?aksi=ransom&path=%2F%2Fproc%2Fself%2Fcwd%2Fwp-content%2Fplugins%2Fwp-rocket%2Finc%2Fdeprecated%2FEngine%2FMedia%2FEmbeds HTTP/1.1" 200 2595 "-" "Mozilla/5.0 AppleWebKit/537.36 (KHTML, like Gecko; compatible; GPTBot/1.2; +https://openai.com/gptbot)"
20.171.207.66 - - [16/Jun/2025:08:18:42 -0400] "GET /?aksi=buatfolder&path=%2F%2Fusr%2Fshare%2Fvim%2Fvim80%2Fprint HTTP/1.1" 200 2078 "-" "Mozilla/5.0 AppleWebKit/537.36 (KHTML, like Gecko; compatible; GPTBot/1.2; +https://openai.com/gptbot)"
20.171.207.175 - - [16/Jun/2025:08:18:42 -0400] "GET /product/award12?filesrc=%2Fhome%2Fhonehdyv%2Freadbtooom.com%2Fwp-content%2Fplugins%2Fall-404-redirect-to-homepage%2Foption_page.php&path=%2Fhome%2Fhonehdyv%2Freadbtooom.com%2Fwp-content%2Fplugins%2Fall-404-redirect-to-homepage HTTP/1.1" 200 5080 "-" "Mozilla/5.0 AppleWebKit/537.36 (KHTML, like Gecko; compatible; GPTBot/1.2; +https://openai.com/gptbot)"
20.171.207.66 - - [16/Jun/2025:08:18:43 -0400] "GET /?filesrc=%2F%2Fusr%2Fshare%2Fvim%2Fvim80%2Ftutor%2Ftutor.pl.cp1250&path=%2F%2Fusr%2Fshare%2Fvim%2Fvim80%2Ftutor HTTP/1.1" 200 14272 "-" "Mozilla/5.0 AppleWebKit/537.36 (KHTML, like Gecko; compatible; GPTBot/1.2; +https://openai.com/gptbot)"
20.171.207.175 - - [16/Jun/2025:08:18:43 -0400] "GET /product/booth81?filesrc=%2Fhome%2Fhonehdyv%2Freadbtooom.com%2Fwp-content%2Fplugins%2Fall-404-redirect-to-homepage%2Funinstall.php&path=%2Fhome%2Fhonehdyv%2Freadbtooom.com%2Fwp-content%2Fplugins%2Fall-404-redirect-to-homepage HTTP/1.1" 200 2692 "-" "Mozilla/5.0 AppleWebKit/537.36 (KHTML, like Gecko; compatible; GPTBot/1.2; +https://openai.com/gptbot)"
20.171.207.175 - - [16/Jun/2025:08:18:45 -0400] "GET /product/award12?filesrc=%2Fhome%2Fhonehdyv%2Freadbtooom.com%2Fwp-content%2Fplugins%2Fall-404-redirect-to-homepage%2Funinstall.php&path=%2Fhome%2Fhonehdyv%2Freadbtooom.com%2Fwp-content%2Fplugins%2Fall-404-redirect-to-homepage HTTP/1.1" 200 2692 "-" "Mozilla/5.0 AppleWebKit/537.36 (KHTML, like Gecko; compatible; GPTBot/1.2; +https://openai.com/gptbot)"
20.171.207.66 - - [16/Jun/2025:08:18:45 -0400] "GET /?filesrc=%2F%2Fusr%2Fshare%2Fvim%2Fvim80%2Ftutor%2Ftutor.hr.cp1250&path=%2F%2Fusr%2Fshare%2Fvim%2Fvim80%2Ftutor HTTP/1.1" 200 13130 "-" "Mozilla/5.0 AppleWebKit/537.36 (KHTML, like Gecko; compatible; GPTBot/1.2; +https://openai.com/gptbot)"
20.171.207.66 - - [16/Jun/2025:08:18:46 -0400] "GET /?filesrc=%2F%2Fusr%2Fshare%2Fvim%2Fvim80%2Ftutor%2Ftutor.hu.cp1250&path=%2F%2Fusr%2Fshare%2Fvim%2Fvim80%2Ftutor HTTP/1.1" 200 12628 "-" "Mozilla/5.0 AppleWebKit/537.36 (KHTML, like Gecko; compatible; GPTBot/1.2; +https://openai.com/gptbot)"
20.171.207.175 - - [16/Jun/2025:08:18:46 -0400] "GET /product/award12?filesrc=%2Fhome%2Fhonehdyv%2Freadbtooom.com%2Fwp-content%2Fplugins%2Fall-404-redirect-to-homepage%2Ffunctions.php&path=%2Fhome%2Fhonehdyv%2Freadbtooom.com%2Fwp-content%2Fplugins%2Fall-404-redirect-to-homepage HTTP/1.1" 200 4467 "-" "Mozilla/5.0 AppleWebKit/537.36 (KHTML, like Gecko; compatible; GPTBot/1.2; +https://openai.com/gptbot)"
20.171.207.66 - - [16/Jun/2025:08:18:52 -0400] "GET /?filesrc=%2F%2Fusr%2Fshare%2Fvim%2Fvim80%2Ftutor%2Ftutor.fr.utf-8&path=%2F%2Fusr%2Fshare%2Fvim%2Fvim80%2Ftutor HTTP/1.1" 200 13893 "-" "Mozilla/5.0 AppleWebKit/537.36 (KHTML, like Gecko; compatible; GPTBot/1.2; +https://openai.com/gptbot)"
20.171.207.175 - - [16/Jun/2025:08:18:52 -0400] "GET /product/award12?filesrc=%2Fhome%2Fhonehdyv%2Freadbtooom.com%2Fwp-content%2Fplugins%2Fall-404-redirect-to-homepage%2Fall-404-redirect-to-homepage.php&path=%2Fhome%2Fhonehdyv%2Freadbtooom.com%2Fwp-content%2Fplugins%2Fall-404-redirect-to-homepage HTTP/1.1" 200 4853 "-" "Mozilla/5.0 AppleWebKit/537.36 (KHTML, like Gecko; compatible; GPTBot/1.2; +https://openai.com/gptbot)"
20.171.207.175 - - [16/Jun/2025:08:18:54 -0400] "GET /product/booth81?filesrc=%2Fhome%2Fhonehdyv%2Freadbtooom.com%2Fwp-content%2Fplugins%2Fall-404-redirect-to-homepage%2Freadme.txt&path=%2Fhome%2Fhonehdyv%2Freadbtooom.com%2Fwp-content%2Fplugins%2Fall-404-redirect-to-homepage HTTP/1.1" 200 3436 "-" "Mozilla/5.0 AppleWebKit/537.36 (KHTML, like Gecko; compatible; GPTBot/1.2; +https://openai.com/gptbot)"
20.171.207.66 - - [16/Jun/2025:08:18:54 -0400] "GET /?filesrc=%2F%2Fusr%2Fshare%2Fvim%2Fvim80%2Ftutor%2Ftutor.zh.big5&path=%2F%2Fusr%2Fshare%2Fvim%2Fvim80%2Ftutor HTTP/1.1" 200 12194 "-" "Mozilla/5.0 AppleWebKit/537.36 (KHTML, like Gecko; compatible; GPTBot/1.2; +https://openai.com/gptbot)"
20.171.207.66 - - [16/Jun/2025:08:18:56 -0400] "GET /?filesrc=%2F%2Fusr%2Fshare%2Fvim%2Fvim80%2Fprint%2Fgb_roman.ps&path=%2F%2Fusr%2Fshare%2Fvim%2Fvim80%2Fprint HTTP/1.1" 200 2486 "-" "Mozilla/5.0 AppleWebKit/537.36 (KHTML, like Gecko; compatible; GPTBot/1.2; +https://openai.com/gptbot)"
20.171.207.175 - - [16/Jun/2025:08:18:57 -0400] "GET /product/award12?filesrc=%2Fhome%2Fhonehdyv%2Freadbtooom.com%2Fwp-content%2Fplugins%2Fall-404-redirect-to-homepage%2Freadme.txt&path=%2Fhome%2Fhonehdyv%2Freadbtooom.com%2Fwp-content%2Fplugins%2Fall-404-redirect-to-homepage HTTP/1.1" 200 3436 "-" "Mozilla/5.0 AppleWebKit/537.36 (KHTML, like Gecko; compatible; GPTBot/1.2; +https://openai.com/gptbot)"
20.171.207.66 - - [16/Jun/2025:08:18:59 -0400] "GET /?filesrc=%2F%2Fusr%2Fshare%2Fvim%2Fvim80%2Fprint%2Febcdic-uk.ps&path=%2F%2Fusr%2Fshare%2Fvim%2Fvim80%2Fprint HTTP/1.1" 200 2491 "-" "Mozilla/5.0 AppleWebKit/537.36 (KHTML, like Gecko; compatible; GPTBot/1.2; +https://openai.com/gptbot)"
20.171.207.175 - - [16/Jun/2025:08:18:59 -0400] "GET /product/booth81?filesrc=%2Fhome%2Fhonehdyv%2Freadbtooom.com%2Fwp-content%2Fplugins%2Fall-404-redirect-to-homepage%2Fscreenshot-2.png&path=%2Fhome%2Fhonehdyv%2Freadbtooom.com%2Fwp-content%2Fplugins%2Fall-404-redirect-to-homepage HTTP/1.1" 200 84526 "-" "Mozilla/5.0 AppleWebKit/537.36 (KHTML, like Gecko; compatible; GPTBot/1.2; +https://openai.com/gptbot)"
20.171.207.66 - - [16/Jun/2025:08:19:00 -0400] "GET /?filesrc=%2F%2Fusr%2Fshare%2Fvim%2Fvim80%2Fprint%2Fcp1250.ps&path=%2F%2Fusr%2Fshare%2Fvim%2Fvim80%2Fprint HTTP/1.1" 200 2884 "-" "Mozilla/5.0 AppleWebKit/537.36 (KHTML, like Gecko; compatible; GPTBot/1.2; +https://openai.com/gptbot)"
52.205.113.104 - - [16/Jun/2025:08:19:00 -0400] "GET /?aksi=buatfile&path=//opt/hc_python HTTP/1.1" 200 20849 "-" "Mozilla/5.0 AppleWebKit/537.36 (KHTML, like Gecko; compatible; Amazonbot/0.1; +https://developer.amazon.com/support/amazonbot) Chrome/119.0.6045.214 Safari/537.36"
20.171.207.175 - - [16/Jun/2025:08:19:02 -0400] "GET /product/award12?filesrc=%2Fhome%2Fhonehdyv%2Freadbtooom.com%2Fwp-content%2Fplugins%2Fall-404-redirect-to-homepage%2Fscreenshot-1.png&path=%2Fhome%2Fhonehdyv%2Freadbtooom.com%2Fwp-content%2Fplugins%2Fall-404-redirect-to-homepage HTTP/1.1" 200 78229 "-" "Mozilla/5.0 AppleWebKit/537.36 (KHTML, like Gecko; compatible; GPTBot/1.2; +https://openai.com/gptbot)"
20.171.207.66 - - [16/Jun/2025:08:19:03 -0400] "GET /?filesrc=%2F%2Fusr%2Fshare%2Fvim%2Fvim80%2Fprint%2Fcp1257.ps&path=%2F%2Fusr%2Fshare%2Fvim%2Fvim80%2Fprint HTTP/1.1" 200 2868 "-" "Mozilla/5.0 AppleWebKit/537.36 (KHTML, like Gecko; compatible; GPTBot/1.2; +https://openai.com/gptbot)"
20.171.207.175 - - [16/Jun/2025:08:19:04 -0400] "GET /product/award12?filesrc=%2Fhome%2Fhonehdyv%2Freadbtooom.com%2Fwp-content%2Fplugins%2Fall-404-redirect-to-homepage%2Fscreenshot-2.png&path=%2Fhome%2Fhonehdyv%2Freadbtooom.com%2Fwp-content%2Fplugins%2Fall-404-redirect-to-homepage HTTP/1.1" 200 84526 "-" "Mozilla/5.0 AppleWebKit/537.36 (KHTML, like Gecko; compatible; GPTBot/1.2; +https://openai.com/gptbot)"
20.171.207.66 - - [16/Jun/2025:08:19:05 -0400] "GET /?filesrc=%2F%2Fusr%2Fshare%2Fvim%2Fvim80%2Fprint%2Fcp1253.ps&path=%2F%2Fusr%2Fshare%2Fvim%2Fvim80%2Fprint HTTP/1.1" 200 2896 "-" "Mozilla/5.0 AppleWebKit/537.36 (KHTML, like Gecko; compatible; GPTBot/1.2; +https://openai.com/gptbot)"
20.171.207.66 - - [16/Jun/2025:08:19:07 -0400] "GET /?filesrc=%2F%2Fusr%2Fshare%2Fvim%2Fvim80%2Fprint%2Fcp1251.ps&path=%2F%2Fusr%2Fshare%2Fvim%2Fvim80%2Fprint HTTP/1.1" 200 2855 "-" "Mozilla/5.0 AppleWebKit/537.36 (KHTML, like Gecko; compatible; GPTBot/1.2; +https://openai.com/gptbot)"
20.171.207.175 - - [16/Jun/2025:08:19:07 -0400] "GET /product/award12?filesrc=%2Fhome%2Fhonehdyv%2Freadbtooom.com%2Fwp-content%2Fplugins%2Fall-404-redirect-to-homepage%2Flicense.txt&path=%2Fhome%2Fhonehdyv%2Freadbtooom.com%2Fwp-content%2Fplugins%2Fall-404-redirect-to-homepage HTTP/1.1" 200 14365 "-" "Mozilla/5.0 AppleWebKit/537.36 (KHTML, like Gecko; compatible; GPTBot/1.2; +https://openai.com/gptbot)"
20.171.207.66 - - [16/Jun/2025:08:19:08 -0400] "GET /?filesrc=%2F%2Fusr%2Fshare%2Fvim%2Fvim80%2Fprint%2Fcp1255.ps&path=%2F%2Fusr%2Fshare%2Fvim%2Fvim80%2Fprint HTTP/1.1" 200 2895 "-" "Mozilla/5.0 AppleWebKit/537.36 (KHTML, like Gecko; compatible; GPTBot/1.2; +https://openai.com/gptbot)"
20.171.207.175 - - [16/Jun/2025:08:19:09 -0400] "GET /product/booth81?filesrc=%2Fhome%2Fhonehdyv%2Freadbtooom.com%2Fwp-content%2Fplugins%2Fall-404-redirect-to-homepage%2Flicense.txt&path=%2Fhome%2Fhonehdyv%2Freadbtooom.com%2Fwp-content%2Fplugins%2Fall-404-redirect-to-homepage HTTP/1.1" 200 14365 "-" "Mozilla/5.0 AppleWebKit/537.36 (KHTML, like Gecko; compatible; GPTBot/1.2; +https://openai.com/gptbot)"
20.171.207.66 - - [16/Jun/2025:08:19:10 -0400] "GET /?filesrc=%2F%2Fusr%2Fshare%2Fvim%2Fvim80%2Fprint%2Fcp1254.ps&path=%2F%2Fusr%2Fshare%2Fvim%2Fvim80%2Fprint HTTP/1.1" 200 2903 "-" "Mozilla/5.0 AppleWebKit/537.36 (KHTML, like Gecko; compatible; GPTBot/1.2; +https://openai.com/gptbot)"
20.171.207.175 - - [16/Jun/2025:08:19:11 -0400] "GET /product/booth81?filesrc=%2Fhome%2Fhonehdyv%2Freadbtooom.com%2Fwp-content%2Fplugins%2Fall-404-redirect-to-homepage%2Fscreenshot-1.png&path=%2Fhome%2Fhonehdyv%2Freadbtooom.com%2Fwp-content%2Fplugins%2Fall-404-redirect-to-homepage HTTP/1.1" 200 78229 "-" "Mozilla/5.0 AppleWebKit/537.36 (KHTML, like Gecko; compatible; GPTBot/1.2; +https://openai.com/gptbot)"
20.171.207.66 - - [16/Jun/2025:08:19:12 -0400] "GET /?filesrc=%2F%2Fusr%2Fshare%2Fvim%2Fvim80%2Fprint%2Fcp1252.ps&path=%2F%2Fusr%2Fshare%2Fvim%2Fvim80%2Fprint HTTP/1.1" 200 2896 "-" "Mozilla/5.0 AppleWebKit/537.36 (KHTML, like Gecko; compatible; GPTBot/1.2; +https://openai.com/gptbot)"
34.202.88.37 - - [16/Jun/2025:08:19:12 -0400] "GET /?path=//lib64/python3.8/site-packages HTTP/1.1" 200 20606 "-" "Mozilla/5.0 AppleWebKit/537.36 (KHTML, like Gecko; compatible; Amazonbot/0.1; +https://developer.amazon.com/support/amazonbot) Chrome/119.0.6045.214 Safari/537.36"
20.171.207.175 - - [16/Jun/2025:08:19:12 -0400] "GET /product/award12?aksi=ransom&path=%2Fhome%2Fhonehdyv%2Freadbtooom.com%2Fwp-content%2Fplugins%2Fall-404-redirect-to-homepage HTTP/1.1" 200 2997 "-" "Mozilla/5.0 AppleWebKit/537.36 (KHTML, like Gecko; compatible; GPTBot/1.2; +https://openai.com/gptbot)"
20.171.207.66 - - [16/Jun/2025:08:19:13 -0400] "GET /?filesrc=%2F%2Fusr%2Fshare%2Fvim%2Fvim80%2Ftutor%2Ftutor.fr&path=%2F%2Fusr%2Fshare%2Fvim%2Fvim80%2Ftutor HTTP/1.1" 200 13933 "-" "Mozilla/5.0 AppleWebKit/537.36 (KHTML, like Gecko; compatible; GPTBot/1.2; +https://openai.com/gptbot)"
20.171.207.175 - - [16/Jun/2025:08:19:14 -0400] "GET /product/booth81?aksi=ransom&path=%2Fhome%2Fhonehdyv%2Freadbtooom.com%2Fwp-content%2Fplugins%2Fall-404-redirect-to-homepage HTTP/1.1" 200 2997 "-" "Mozilla/5.0 AppleWebKit/537.36 (KHTML, like Gecko; compatible; GPTBot/1.2; +https://openai.com/gptbot)"
20.171.207.66 - - [16/Jun/2025:08:19:15 -0400] "GET /?filesrc=%2F%2Fusr%2Fshare%2Fvim%2Fvim80%2Fprint%2Fiso-8859-3.ps&path=%2F%2Fusr%2Fshare%2Fvim%2Fvim80%2Fprint HTTP/1.1" 200 2746 "-" "Mozilla/5.0 AppleWebKit/537.36 (KHTML, like Gecko; compatible; GPTBot/1.2; +https://openai.com/gptbot)"
20.171.207.175 - - [16/Jun/2025:08:19:16 -0400] "GET /product/booth81?aksi=buatfile&path=%2Fhome%2Fhonehdyv%2Freadbtooom.com%2Fwp-content%2Fplugins%2Fall-404-redirect-to-homepage HTTP/1.1" 200 2997 "-" "Mozilla/5.0 AppleWebKit/537.36 (KHTML, like Gecko; compatible; GPTBot/1.2; +https://openai.com/gptbot)"
44.197.76.210 - - [16/Jun/2025:08:19:16 -0400] "GET /?path=//var/softaculous/thbees HTTP/1.1" 200 21363 "-" "Mozilla/5.0 AppleWebKit/537.36 (KHTML, like Gecko; compatible; Amazonbot/0.1; +https://developer.amazon.com/support/amazonbot) Chrome/119.0.6045.214 Safari/537.36"
20.171.207.66 - - [16/Jun/2025:08:19:17 -0400] "GET /?filesrc=%2F%2Fusr%2Fshare%2Fvim%2Fvim80%2Fprint%2Fiso-8859-5.ps&path=%2F%2Fusr%2Fshare%2Fvim%2Fvim80%2Fprint HTTP/1.1" 200 2674 "-" "Mozilla/5.0 AppleWebKit/537.36 (KHTML, like Gecko; compatible; GPTBot/1.2; +https://openai.com/gptbot)"
20.171.207.175 - - [16/Jun/2025:08:19:18 -0400] "GET /product/award12?aksi=buatfile&path=%2Fhome%2Fhonehdyv%2Freadbtooom.com%2Fwp-content%2Fplugins%2Fall-404-redirect-to-homepage HTTP/1.1" 200 2997 "-" "Mozilla/5.0 AppleWebKit/537.36 (KHTML, like Gecko; compatible; GPTBot/1.2; +https://openai.com/gptbot)"
20.171.207.66 - - [16/Jun/2025:08:19:19 -0400] "GET /?filesrc=%2F%2Fusr%2Fshare%2Fvim%2Fvim80%2Fprint%2Fiso-8859-10.ps&path=%2F%2Fusr%2Fshare%2Fvim%2Fvim80%2Fprint HTTP/1.1" 200 2741 "-" "Mozilla/5.0 AppleWebKit/537.36 (KHTML, like Gecko; compatible; GPTBot/1.2; +https://openai.com/gptbot)"
20.171.207.175 - - [16/Jun/2025:08:19:20 -0400] "GET /product/award12?aksi=buatfolder&path=%2Fhome%2Fhonehdyv%2Freadbtooom.com%2Fwp-content%2Fplugins%2Fall-404-redirect-to-homepage HTTP/1.1" 200 2112 "-" "Mozilla/5.0 AppleWebKit/537.36 (KHTML, like Gecko; compatible; GPTBot/1.2; +https://openai.com/gptbot)"
20.171.207.66 - - [16/Jun/2025:08:19:21 -0400] "GET /?filesrc=%2F%2Fusr%2Fshare%2Fvim%2Fvim80%2Fprint%2Fiso-8859-9.ps&path=%2F%2Fusr%2Fshare%2Fvim%2Fvim80%2Fprint HTTP/1.1" 200 2793 "-" "Mozilla/5.0 AppleWebKit/537.36 (KHTML, like Gecko; compatible; GPTBot/1.2; +https://openai.com/gptbot)"
23.21.250.48 - - [16/Jun/2025:08:19:19 -0400] "GET /?aksi=buatfile&path=//lib64/bind9-export HTTP/1.1" 200 20722 "-" "Mozilla/5.0 AppleWebKit/537.36 (KHTML, like Gecko; compatible; Amazonbot/0.1; +https://developer.amazon.com/support/amazonbot) Chrome/119.0.6045.214 Safari/537.36"
20.171.207.175 - - [16/Jun/2025:08:19:21 -0400] "GET /product/booth81?aksi=buatfolder&path=%2Fhome%2Fhonehdyv%2Freadbtooom.com%2Fwp-content%2Fplugins%2Fall-404-redirect-to-homepage HTTP/1.1" 200 2112 "-" "Mozilla/5.0 AppleWebKit/537.36 (KHTML, like Gecko; compatible; GPTBot/1.2; +https://openai.com/gptbot)"
20.171.207.66 - - [16/Jun/2025:08:19:22 -0400] "GET /?filesrc=%2F%2Fusr%2Fshare%2Fvim%2Fvim80%2Fprint%2Fiso-8859-4.ps&path=%2F%2Fusr%2Fshare%2Fvim%2Fvim80%2Fprint HTTP/1.1" 200 2752 "-" "Mozilla/5.0 AppleWebKit/537.36 (KHTML, like Gecko; compatible; GPTBot/1.2; +https://openai.com/gptbot)"
20.171.207.175 - - [16/Jun/2025:08:19:22 -0400] "GET /product/booth81?path=%2Fhome%2Fhonehdyv%2Freadbtooom.com%2Fwp-content%2Fplugins%2Fall-404-redirect-to-homepage%2Fimages HTTP/1.1" 200 2783 "-" "Mozilla/5.0 AppleWebKit/537.36 (KHTML, like Gecko; compatible; GPTBot/1.2; +https://openai.com/gptbot)"
20.171.207.66 - - [16/Jun/2025:08:19:24 -0400] "GET /?filesrc=%2F%2Fusr%2Fshare%2Fvim%2Fvim80%2Fprint%2Fiso-8859-7.ps&path=%2F%2Fusr%2Fshare%2Fvim%2Fvim80%2Fprint HTTP/1.1" 200 2787 "-" "Mozilla/5.0 AppleWebKit/537.36 (KHTML, like Gecko; compatible; GPTBot/1.2; +https://openai.com/gptbot)"
20.171.207.175 - - [16/Jun/2025:08:19:24 -0400] "GET /product/award12?path=%2Fhome%2Fhonehdyv%2Freadbtooom.com%2Fwp-content%2Fplugins%2Fall-404-redirect-to-homepage%2Fimages HTTP/1.1" 200 2783 "-" "Mozilla/5.0 AppleWebKit/537.36 (KHTML, like Gecko; compatible; GPTBot/1.2; +https://openai.com/gptbot)"
20.171.207.66 - - [16/Jun/2025:08:19:26 -0400] "GET /?filesrc=%2F%2Fusr%2Fshare%2Fman%2Fmann%2Fmenubutton.n.gz&path=%2F%2Fusr%2Fshare%2Fman%2Fmann HTTP/1.1" 200 7274 "-" "Mozilla/5.0 AppleWebKit/537.36 (KHTML, like Gecko; compatible; GPTBot/1.2; +https://openai.com/gptbot)"
20.171.207.175 - - [16/Jun/2025:08:19:26 -0400] "GET /product/booth81?path=%2Fhome%2Fhonehdyv%2Freadbtooom.com%2Fwp-content%2Fplugins%2Fall-404-redirect-to-homepage%2Fjs HTTP/1.1" 200 2500 "-" "Mozilla/5.0 AppleWebKit/537.36 (KHTML, like Gecko; compatible; GPTBot/1.2; +https://openai.com/gptbot)"
20.171.207.66 - - [16/Jun/2025:08:19:27 -0400] "GET /?filesrc=%2F%2Fusr%2Fshare%2Fvim%2Fvim80%2Fprint%2Fiso-8859-15.ps&path=%2F%2Fusr%2Fshare%2Fvim%2Fvim80%2Fprint HTTP/1.1" 200 2770 "-" "Mozilla/5.0 AppleWebKit/537.36 (KHTML, like Gecko; compatible; GPTBot/1.2; +https://openai.com/gptbot)"
20.171.207.175 - - [16/Jun/2025:08:19:27 -0400] "GET /product/award12?path=%2Fhome%2Fhonehdyv%2Freadbtooom.com%2Fwp-content%2Fplugins%2Fall-404-redirect-to-homepage%2Fjs HTTP/1.1" 200 2500 "-" "Mozilla/5.0 AppleWebKit/537.36 (KHTML, like Gecko; compatible; GPTBot/1.2; +https://openai.com/gptbot)"
20.171.207.66 - - [16/Jun/2025:08:19:28 -0400] "GET /?filesrc=%2F%2Fusr%2Fshare%2Fvim%2Fvim80%2Fprint%2Fiso-8859-11.ps&path=%2F%2Fusr%2Fshare%2Fvim%2Fvim80%2Fprint HTTP/1.1" 200 2615 "-" "Mozilla/5.0 AppleWebKit/537.36 (KHTML, like Gecko; compatible; GPTBot/1.2; +https://openai.com/gptbot)"
20.171.207.175 - - [16/Jun/2025:08:19:29 -0400] "GET /product/booth81?path=%2Fhome%2Fhonehdyv%2Freadbtooom.com%2Fwp-content%2Fplugins%2Fsimple-custom-post-order%2Fassets HTTP/1.1" 200 2730 "-" "Mozilla/5.0 AppleWebKit/537.36 (KHTML, like Gecko; compatible; GPTBot/1.2; +https://openai.com/gptbot)"
20.171.207.66 - - [16/Jun/2025:08:19:30 -0400] "GET /?filesrc=%2F%2Fusr%2Fshare%2Fvim%2Fvim80%2Fprint%2Fiso-8859-13.ps&path=%2F%2Fusr%2Fshare%2Fvim%2Fvim80%2Fprint HTTP/1.1" 200 2794 "-" "Mozilla/5.0 AppleWebKit/537.36 (KHTML, like Gecko; compatible; GPTBot/1.2; +https://openai.com/gptbot)"
20.171.207.175 - - [16/Jun/2025:08:19:30 -0400] "GET /product/award12?path=%2Fhome%2Fhonehdyv%2Freadbtooom.com%2Fwp-content%2Fplugins%2Fsimple-custom-post-order%2Fassets HTTP/1.1" 200 2730 "-" "Mozilla/5.0 AppleWebKit/537.36 (KHTML, like Gecko; compatible; GPTBot/1.2; +https://openai.com/gptbot)"
20.171.207.66 - - [16/Jun/2025:08:19:31 -0400] "GET /?filesrc=%2F%2Fusr%2Fshare%2Fvim%2Fvim80%2Fprint%2Fiso-8859-14.ps&path=%2F%2Fusr%2Fshare%2Fvim%2Fvim80%2Fprint HTTP/1.1" 200 2747 "-" "Mozilla/5.0 AppleWebKit/537.36 (KHTML, like Gecko; compatible; GPTBot/1.2; +https://openai.com/gptbot)"
20.171.207.175 - - [16/Jun/2025:08:19:32 -0400] "GET /product/booth81?path=%2Fhome%2Fhonehdyv%2Freadbtooom.com%2Fwp-content%2Fplugins%2Fsimple-custom-post-order%2Flanguages HTTP/1.1" 200 2533 "-" "Mozilla/5.0 AppleWebKit/537.36 (KHTML, like Gecko; compatible; GPTBot/1.2; +https://openai.com/gptbot)"
20.171.207.66 - - [16/Jun/2025:08:19:32 -0400] "GET /?aksi=buatfile&path=%2F%2Fproc%2Fself%2Fcwd%2Fwp-content%2Fplugins%2Fwp-rocket%2Finc%2Fdeprecated%2FEngine%2FMedia%2FEmbeds HTTP/1.1" 200 2595 "-" "Mozilla/5.0 AppleWebKit/537.36 (KHTML, like Gecko; compatible; GPTBot/1.2; +https://openai.com/gptbot)"
20.171.207.175 - - [16/Jun/2025:08:19:33 -0400] "GET /product/award12?path=%2Fhome%2Fhonehdyv%2Freadbtooom.com%2Fwp-content%2Fplugins%2Fsimple-custom-post-order%2Flanguages HTTP/1.1" 200 2533 "-" "Mozilla/5.0 AppleWebKit/537.36 (KHTML, like Gecko; compatible; GPTBot/1.2; +https://openai.com/gptbot)"
20.171.207.66 - - [16/Jun/2025:08:19:34 -0400] "GET /?aksi=buatfolder&path=%2F%2Fusr%2Fshare%2Fvim%2Fvim80%2Fspell HTTP/1.1" 200 2078 "-" "Mozilla/5.0 AppleWebKit/537.36 (KHTML, like Gecko; compatible; GPTBot/1.2; +https://openai.com/gptbot)"
20.171.207.175 - - [16/Jun/2025:08:19:35 -0400] "GET /product/late38?path=%2Fhome%2Fhonehdyv%2Freadbtooom.com%2Fwp-content%2Fcache%2Fwp-rocket HTTP/1.1" 200 2467 "-" "Mozilla/5.0 AppleWebKit/537.36 (KHTML, like Gecko; compatible; GPTBot/1.2; +https://openai.com/gptbot)"
20.171.207.66 - - [16/Jun/2025:08:19:36 -0400] "GET /?filesrc=%2F%2Fusr%2Fshare%2Fvim%2Fvim80%2Fprint%2Fiso-8859-2.ps&path=%2F%2Fusr%2Fshare%2Fvim%2Fvim80%2Fprint HTTP/1.1" 200 2749 "-" "Mozilla/5.0 AppleWebKit/537.36 (KHTML, like Gecko; compatible; GPTBot/1.2; +https://openai.com/gptbot)"
20.171.207.175 - - [16/Jun/2025:08:19:36 -0400] "GET /product/late38?path=%2Fhome%2Fhonehdyv%2Freadbtooom.com%2Fwp-content%2Fuploads%2Fwpcode HTTP/1.1" 200 2594 "-" "Mozilla/5.0 AppleWebKit/537.36 (KHTML, like Gecko; compatible; GPTBot/1.2; +https://openai.com/gptbot)"
20.171.207.175 - - [16/Jun/2025:08:19:38 -0400] "GET /product/late38?path=%2Fhome%2Fhonehdyv%2Freadbtooom.com%2Fwp-content%2Fwp-rocket-config HTTP/1.1" 200 2663 "-" "Mozilla/5.0 AppleWebKit/537.36 (KHTML, like Gecko; compatible; GPTBot/1.2; +https://openai.com/gptbot)"
20.171.207.66 - - [16/Jun/2025:08:19:38 -0400] "GET /?filesrc=%2F%2Fusr%2Fshare%2Fvim%2Fvim80%2Fprint%2Fiso-8859-8.ps&path=%2F%2Fusr%2Fshare%2Fvim%2Fvim80%2Fprint HTTP/1.1" 200 2720 "-" "Mozilla/5.0 AppleWebKit/537.36 (KHTML, like Gecko; compatible; GPTBot/1.2; +https://openai.com/gptbot)"
20.171.207.175 - - [16/Jun/2025:08:19:40 -0400] "GET /product/booth81?filesrc=%2Fhome%2Fhonehdyv%2Freadbtooom.com%2Fwp-content%2Fplugins%2Fall-404-redirect-to-homepage%2Fimages%2Fgray_bg.gif&path=%2Fhome%2Fhonehdyv%2Freadbtooom.com%2Fwp-content%2Fplugins%2Fall-404-redirect-to-homepage%2Fimages HTTP/1.1" 200 2253 "-" "Mozilla/5.0 AppleWebKit/537.36 (KHTML, like Gecko; compatible; GPTBot/1.2; +https://openai.com/gptbot)"
20.171.207.66 - - [16/Jun/2025:08:19:40 -0400] "GET /?filesrc=%2F%2Fusr%2Fshare%2Fvim%2Fvim80%2Ftutor%2Ftutor.sk.cp1250&path=%2F%2Fusr%2Fshare%2Fvim%2Fvim80%2Ftutor HTTP/1.1" 200 13880 "-" "Mozilla/5.0 AppleWebKit/537.36 (KHTML, like Gecko; compatible; GPTBot/1.2; +https://openai.com/gptbot)"
