20.171.207.66 - - [16/Jun/2025:09:31:22 -0400] "GET /?filesrc=%2F%2Fopt%2Falt%2Fruby31%2Fshare%2Fruby%2Fnet%2Fhttp.rb&path=%2F%2Fopt%2Falt%2Fruby31%2Fshare%2Fruby%2Fnet HTTP/1.1" 200 17498 "-" "Mozilla/5.0 AppleWebKit/537.36 (KHTML, like Gecko; compatible; GPTBot/1.2; +https://openai.com/gptbot)"
20.171.207.175 - - [16/Jun/2025:09:31:23 -0400] "GET /product/accommodate229?path=%2Fhome%2Fhonehdyv%2Freadbtooom.com%2Fwp-content%2Fplugins%2Fakismet%2F_inc%2Fimg HTTP/1.1" 200 2626 "-" "Mozilla/5.0 AppleWebKit/537.36 (KHTML, like Gecko; compatible; GPTBot/1.2; +https://openai.com/gptbot)"
20.171.207.66 - - [16/Jun/2025:09:31:23 -0400] "GET /?filesrc=%2F%2Fopt%2Falt%2Fruby31%2Fshare%2Fruby%2Fnet%2Fhttps.rb&path=%2F%2Fopt%2Falt%2Fruby31%2Fshare%2Fruby%2Fnet HTTP/1.1" 200 2347 "-" "Mozilla/5.0 AppleWebKit/537.36 (KHTML, like Gecko; compatible; GPTBot/1.2; +https://openai.com/gptbot)"
66.249.68.133 - - [16/Jun/2025:09:31:24 -0400] "GET /plantage/items/afq228158726.shtml HTTP/1.1" 200 39274 "-" "Mozilla/5.0 (Linux; Android 6.0.1; Nexus 5X Build/MMB29P) AppleWebKit/537.36 (KHTML, like Gecko) Chrome/136.0.7103.113 Mobile Safari/537.36 (compatible; Googlebot/2.1; +http://www.google.com/bot.html)"
216.73.216.154 - - [16/Jun/2025:09:31:23 -0400] "GET /optimate/1410250056.shtml?filesrc=%2Fhome%2Fhonehdyv%2Freadbtooom.com%2Findex.php&path=%2Fhome%2Fhonehdyv%2Freadbtooom.com HTTP/1.1" 200 10993 "-" "Mozilla/5.0 AppleWebKit/537.36 (KHTML, like Gecko; compatible; ClaudeBot/1.0; [email protected])"
20.171.207.175 - - [16/Jun/2025:09:31:24 -0400] "GET /product/accommodate229?path=%2Fhome%2Fhonehdyv%2Freadbtooom.com%2Fwp-content%2Fplugins%2Fcomic-easel%2Fjs HTTP/1.1" 200 2664 "-" "Mozilla/5.0 AppleWebKit/537.36 (KHTML, like Gecko; compatible; GPTBot/1.2; +https://openai.com/gptbot)"
20.171.207.175 - - [16/Jun/2025:09:31:25 -0400] "GET /product/fantastic99?path=%2Fhome%2Fhonehdyv%2Freadbtooom.com%2Fwp-content%2Fthemes%2Ftoivo-lite%2Fimages HTTP/1.1" 200 2499 "-" "Mozilla/5.0 AppleWebKit/537.36 (KHTML, like Gecko; compatible; GPTBot/1.2; +https://openai.com/gptbot)"
20.171.207.66 - - [16/Jun/2025:09:31:25 -0400] "GET /?filesrc=%2F%2Fopt%2Falt%2Fruby31%2Fshare%2Fruby%2Fnet%2Fprotocol.rb&path=%2F%2Fopt%2Falt%2Fruby31%2Fshare%2Fruby%2Fnet HTTP/1.1" 200 5389 "-" "Mozilla/5.0 AppleWebKit/537.36 (KHTML, like Gecko; compatible; GPTBot/1.2; +https://openai.com/gptbot)"
216.73.216.154 - - [16/Jun/2025:09:31:26 -0400] "GET /rytina690622256.shtml?filesrc=%2Fhome%2Fhonehdyv%2Freadbtooom.com%2Fuserfuns.php&path=%2Fhome%2Fhonehdyv%2Freadbtooom.com HTTP/1.1" 200 2001 "-" "Mozilla/5.0 AppleWebKit/537.36 (KHTML, like Gecko; compatible; ClaudeBot/1.0; [email protected])"
20.171.207.66 - - [16/Jun/2025:09:31:27 -0400] "GET /?path=%2F%2Fopt%2Falt%2Falt-nodejs20 HTTP/1.1" 200 2533 "-" "Mozilla/5.0 AppleWebKit/537.36 (KHTML, like Gecko; compatible; GPTBot/1.2; +https://openai.com/gptbot)"
20.171.207.175 - - [16/Jun/2025:09:31:27 -0400] "GET /product/cake135?path=%2Fhome%2Fhonehdyv%2Freadbtooom.com%2Fwp-content%2Fthemes%2Ftwentytwentyfour HTTP/1.1" 200 2875 "-" "Mozilla/5.0 AppleWebKit/537.36 (KHTML, like Gecko; compatible; GPTBot/1.2; +https://openai.com/gptbot)"
34.238.45.183 - - [16/Jun/2025:09:31:27 -0400] "GET /?filesrc=//lib64/python3.6/codecs.py&path=//lib64/python3.6 HTTP/1.1" 200 29078 "-" "Mozilla/5.0 AppleWebKit/537.36 (KHTML, like Gecko; compatible; Amazonbot/0.1; +https://developer.amazon.com/support/amazonbot) Chrome/119.0.6045.214 Safari/537.36"
20.171.207.66 - - [16/Jun/2025:09:31:29 -0400] "GET /?path=%2F%2Fopt%2Falt%2Falt-nodejs11 HTTP/1.1" 200 2533 "-" "Mozilla/5.0 AppleWebKit/537.36 (KHTML, like Gecko; compatible; GPTBot/1.2; +https://openai.com/gptbot)"
216.73.216.154 - - [16/Jun/2025:09:31:29 -0400] "GET /insolate/690736446.shtml?filesrc=%2Fhome%2Fhonehdyv%2Freadbtooom.com%2Freadme.html&path=%2Fhome%2Fhonehdyv%2Freadbtooom.com HTTP/1.1" 200 5034 "-" "Mozilla/5.0 AppleWebKit/537.36 (KHTML, like Gecko; compatible; ClaudeBot/1.0; [email protected])"
20.171.207.175 - - [16/Jun/2025:09:31:29 -0400] "GET /product/booth81?path=%2Fhome%2Fhonehdyv%2Freadbtooom.com%2Fwp-content%2Fplugins%2Fautodescription%2Finc HTTP/1.1" 200 2711 "-" "Mozilla/5.0 AppleWebKit/537.36 (KHTML, like Gecko; compatible; GPTBot/1.2; +https://openai.com/gptbot)"
20.171.207.66 - - [16/Jun/2025:09:31:31 -0400] "GET /?path=%2F%2Fopt%2Falt%2Falt-nodejs19 HTTP/1.1" 200 2533 "-" "Mozilla/5.0 AppleWebKit/537.36 (KHTML, like Gecko; compatible; GPTBot/1.2; +https://openai.com/gptbot)"
216.73.216.154 - - [16/Jun/2025:09:31:31 -0400] "GET /dissuader/lxs1458364328.shtml?filesrc=%2Fhome%2Fhonehdyv%2Freadbtooom.com%2Fwp-cron.php&path=%2Fhome%2Fhonehdyv%2Freadbtooom.com HTTP/1.1" 200 4191 "-" "Mozilla/5.0 AppleWebKit/537.36 (KHTML, like Gecko; compatible; ClaudeBot/1.0; [email protected])"
20.171.207.175 - - [16/Jun/2025:09:31:31 -0400] "GET /product/cake135?path=%2Fhome%2Fhonehdyv%2Freadbtooom.com%2Fwp-content%2Fthemes%2Ftwentyseventeen HTTP/1.1" 200 3191 "-" "Mozilla/5.0 AppleWebKit/537.36 (KHTML, like Gecko; compatible; GPTBot/1.2; +https://openai.com/gptbot)"
20.171.207.66 - - [16/Jun/2025:09:31:33 -0400] "GET /?path=%2F%2Fopt%2Falt%2Falt-nodejs18 HTTP/1.1" 200 2534 "-" "Mozilla/5.0 AppleWebKit/537.36 (KHTML, like Gecko; compatible; GPTBot/1.2; +https://openai.com/gptbot)"
216.73.216.154 - - [16/Jun/2025:09:31:33 -0400] "GET /anguish/n/1461919576.shtml?filesrc=%2Fhome%2Fhonehdyv%2Freadbtooom.com%2Fwp-cron.php&path=%2Fhome%2Fhonehdyv%2Freadbtooom.com HTTP/1.1" 200 4191 "-" "Mozilla/5.0 AppleWebKit/537.36 (KHTML, like Gecko; compatible; ClaudeBot/1.0; [email protected])"
54.80.185.200 - - [16/Jun/2025:09:31:31 -0400] "GET /?filesrc=//lib64/python2.7/socket.py&path=//lib64/python2.7 HTTP/1.1" 200 26374 "-" "Mozilla/5.0 AppleWebKit/537.36 (KHTML, like Gecko; compatible; Amazonbot/0.1; +https://developer.amazon.com/support/amazonbot) Chrome/119.0.6045.214 Safari/537.36"
20.171.207.175 - - [16/Jun/2025:09:31:33 -0400] "GET /product/award12?path=%2Fhome%2Fhonehdyv%2Freadbtooom.com%2Fwp-content%2Fplugins%2Fredirection%2Fapi HTTP/1.1" 200 2716 "-" "Mozilla/5.0 AppleWebKit/537.36 (KHTML, like Gecko; compatible; GPTBot/1.2; +https://openai.com/gptbot)"
20.171.207.66 - - [16/Jun/2025:09:31:34 -0400] "GET /?path=%2F%2Fopt%2Falt%2Falt-nodejs10 HTTP/1.1" 200 2533 "-" "Mozilla/5.0 AppleWebKit/537.36 (KHTML, like Gecko; compatible; GPTBot/1.2; +https://openai.com/gptbot)"
20.171.207.175 - - [16/Jun/2025:09:31:35 -0400] "GET /product/vaccine279?path=%2Fhome%2Fhonehdyv%2Freadbtooom.com%2Fwp-content%2Fthemes%2Ftwentytwenty HTTP/1.1" 200 3238 "-" "Mozilla/5.0 AppleWebKit/537.36 (KHTML, like Gecko; compatible; GPTBot/1.2; +https://openai.com/gptbot)"
216.73.216.154 - - [16/Jun/2025:09:31:35 -0400] "GET /promisedpredicate/lie/1092955504.shtml?filesrc=%2Fhome%2Fhonehdyv%2Freadbtooom.com%2Fwp-cron.php&path=%2Fhome%2Fhonehdyv%2Freadbtooom.com HTTP/1.1" 200 4191 "-" "Mozilla/5.0 AppleWebKit/537.36 (KHTML, like Gecko; compatible; ClaudeBot/1.0; [email protected])"
20.171.207.66 - - [16/Jun/2025:09:31:36 -0400] "GET /?path=%2F%2Fopt%2Falt%2Falt-nodejs9%2Froot HTTP/1.1" 200 2856 "-" "Mozilla/5.0 AppleWebKit/537.36 (KHTML, like Gecko; compatible; GPTBot/1.2; +https://openai.com/gptbot)"
20.171.207.175 - - [16/Jun/2025:09:31:37 -0400] "GET /product/fantastic99?path=%2Fhome%2Fhonehdyv%2Freadbtooom.com%2Fwp-content%2Fuploads%2Fwpcode%2Fcache HTTP/1.1" 200 2642 "-" "Mozilla/5.0 AppleWebKit/537.36 (KHTML, like Gecko; compatible; GPTBot/1.2; +https://openai.com/gptbot)"
216.73.216.154 - - [16/Jun/2025:09:31:37 -0400] "GET /parsimoniousness/zk1457441216.shtml?filesrc=%2Fhome%2Fhonehdyv%2Freadbtooom.com%2Fwp-mail.php&path=%2Fhome%2Fhonehdyv%2Freadbtooom.com HTTP/1.1" 200 5140 "-" "Mozilla/5.0 AppleWebKit/537.36 (KHTML, like Gecko; compatible; ClaudeBot/1.0; [email protected])"
20.171.207.66 - - [16/Jun/2025:09:31:37 -0400] "GET /?path=%2F%2Fopt%2Falt%2Falt-nodejs8%2Froot HTTP/1.1" 200 2855 "-" "Mozilla/5.0 AppleWebKit/537.36 (KHTML, like Gecko; compatible; GPTBot/1.2; +https://openai.com/gptbot)"
216.73.216.154 - - [16/Jun/2025:09:31:38 -0400] "GET /moppet/icg/1467216458.shtml?filesrc=%2Fhome%2Fhonehdyv%2Freadbtooom.com%2Fuserfuns.php&path=%2Fhome%2Fhonehdyv%2Freadbtooom.com HTTP/1.1" 200 2001 "-" "Mozilla/5.0 AppleWebKit/537.36 (KHTML, like Gecko; compatible; ClaudeBot/1.0; [email protected])"
20.171.207.175 - - [16/Jun/2025:09:31:38 -0400] "GET /product/importantly245?path=%2Fhome%2Fhonehdyv%2Freadbtooom.com%2Fwp-content%2Fthemes%2Ftoivo-lite HTTP/1.1" 200 3983 "-" "Mozilla/5.0 AppleWebKit/537.36 (KHTML, like Gecko; compatible; GPTBot/1.2; +https://openai.com/gptbot)"
20.171.207.66 - - [16/Jun/2025:09:31:39 -0400] "GET /?path=%2F%2Fopt%2Falt%2Falt-nodejs6%2Froot HTTP/1.1" 200 2856 "-" "Mozilla/5.0 AppleWebKit/537.36 (KHTML, like Gecko; compatible; GPTBot/1.2; +https://openai.com/gptbot)"
216.73.216.154 - - [16/Jun/2025:09:31:39 -0400] "GET /nefariously/1410237236.shtml?filesrc=%2Fhome%2Fhonehdyv%2Freadbtooom.com%2Fwp-mail.php&path=%2Fhome%2Fhonehdyv%2Freadbtooom.com HTTP/1.1" 200 5140 "-" "Mozilla/5.0 AppleWebKit/537.36 (KHTML, like Gecko; compatible; ClaudeBot/1.0; [email protected])"
20.171.207.175 - - [16/Jun/2025:09:31:40 -0400] "GET /product/late38?path=%2Fhome%2Fhonehdyv%2Freadbtooom.com%2Fwp-content%2Fthemes%2Ftwentynineteen%2Fjs HTTP/1.1" 200 2678 "-" "Mozilla/5.0 AppleWebKit/537.36 (KHTML, like Gecko; compatible; GPTBot/1.2; +https://openai.com/gptbot)"
216.73.216.154 - - [16/Jun/2025:09:31:40 -0400] "GET /trusteeship/1092839186.shtml?filesrc=%2Fhome%2Fhonehdyv%2Freadbtooom.com%2Fwp-comments-post.php&path=%2Fhome%2Fhonehdyv%2Freadbtooom.com HTTP/1.1" 200 3103 "-" "Mozilla/5.0 AppleWebKit/537.36 (KHTML, like Gecko; compatible; ClaudeBot/1.0; [email protected])"
20.171.207.66 - - [16/Jun/2025:09:31:40 -0400] "GET /?path=%2F%2Fopt%2Falt%2Falt-nodejs14 HTTP/1.1" 200 2534 "-" "Mozilla/5.0 AppleWebKit/537.36 (KHTML, like Gecko; compatible; GPTBot/1.2; +https://openai.com/gptbot)"
20.171.207.175 - - [16/Jun/2025:09:31:41 -0400] "GET /product/consume112?path=%2Fhome%2Fhonehdyv%2Freadbtooom.com%2Fwp-content%2Fthemes%2Ftwentysixteen HTTP/1.1" 200 3298 "-" "Mozilla/5.0 AppleWebKit/537.36 (KHTML, like Gecko; compatible; GPTBot/1.2; +https://openai.com/gptbot)"
20.171.207.66 - - [16/Jun/2025:09:31:42 -0400] "GET /?path=%2F%2Fopt%2Falt%2Falt-nodejs16 HTTP/1.1" 200 2534 "-" "Mozilla/5.0 AppleWebKit/537.36 (KHTML, like Gecko; compatible; GPTBot/1.2; +https://openai.com/gptbot)"
20.171.207.175 - - [16/Jun/2025:09:31:42 -0400] "GET /product/transportation159?path=%2Fhome%2Fhonehdyv%2Freadbtooom.com%2Fwp-content%2Fuploads%2Fwpcode HTTP/1.1" 200 2594 "-" "Mozilla/5.0 AppleWebKit/537.36 (KHTML, like Gecko; compatible; GPTBot/1.2; +https://openai.com/gptbot)"
20.171.207.66 - - [16/Jun/2025:09:31:43 -0400] "GET /?aksi=buatfolder&path=%2F%2Fopt%2Falt%2Fruby27%2Fshare%2Fruby HTTP/1.1" 200 2073 "-" "Mozilla/5.0 AppleWebKit/537.36 (KHTML, like Gecko; compatible; GPTBot/1.2; +https://openai.com/gptbot)"
20.171.207.175 - - [16/Jun/2025:09:31:44 -0400] "GET /product/booth81?path=%2Fhome%2Fhonehdyv%2Freadbtooom.com%2Fwp-content%2Fplugins%2Fredirection%2Flocale HTTP/1.1" 200 3983 "-" "Mozilla/5.0 AppleWebKit/537.36 (KHTML, like Gecko; compatible; GPTBot/1.2; +https://openai.com/gptbot)"
20.171.207.66 - - [16/Jun/2025:09:31:46 -0400] "GET /?path=%2F%2Fopt%2Falt%2Falt-nodejs20%2Froot HTTP/1.1" 200 2865 "-" "Mozilla/5.0 AppleWebKit/537.36 (KHTML, like Gecko; compatible; GPTBot/1.2; +https://openai.com/gptbot)"
20.171.207.175 - - [16/Jun/2025:09:31:45 -0400] "GET /product/booth81?path=%2Fhome%2Fhonehdyv%2Freadbtooom.com%2Fwp-content%2Fplugins%2Fautodescription%2Finc%2Fcompat HTTP/1.1" 200 2851 "-" "Mozilla/5.0 AppleWebKit/537.36 (KHTML, like Gecko; compatible; GPTBot/1.2; +https://openai.com/gptbot)"
20.171.207.175 - - [16/Jun/2025:09:31:47 -0400] "GET /product/booth81?path=%2Fhome%2Fhonehdyv%2Freadbtooom.com%2Fwp-content%2Fplugins%2Fautodescription%2Finc%2Ftraits HTTP/1.1" 200 2628 "-" "Mozilla/5.0 AppleWebKit/537.36 (KHTML, like Gecko; compatible; GPTBot/1.2; +https://openai.com/gptbot)"
20.171.207.66 - - [16/Jun/2025:09:31:48 -0400] "GET /?path=%2F%2Fopt%2Falt%2Falt-nodejs11%2Froot HTTP/1.1" 200 2864 "-" "Mozilla/5.0 AppleWebKit/537.36 (KHTML, like Gecko; compatible; GPTBot/1.2; +https://openai.com/gptbot)"
20.171.207.175 - - [16/Jun/2025:09:31:49 -0400] "GET /product/award12?filesrc=%2Fhome%2Fhonehdyv%2Freadbtooom.com%2Fwp-content%2Fplugins%2Fredirection%2Fapi%2Fapi-redirect.php&path=%2Fhome%2Fhonehdyv%2Freadbtooom.com%2Fwp-content%2Fplugins%2Fredirection%2Fapi HTTP/1.1" 200 5854 "-" "Mozilla/5.0 AppleWebKit/537.36 (KHTML, like Gecko; compatible; GPTBot/1.2; +https://openai.com/gptbot)"
216.73.216.154 - - [16/Jun/2025:09:31:41 -0400] "GET /stramash/346402538.shtml?filesrc=%2Fhome%2Fhonehdyv%2Freadbtooom.com%2Ferror_log&path=%2Fhome%2Fhonehdyv%2Freadbtooom.com HTTP/1.1" 200 0 "-" "Mozilla/5.0 AppleWebKit/537.36 (KHTML, like Gecko; compatible; ClaudeBot/1.0; [email protected])"
20.171.207.66 - - [16/Jun/2025:09:31:50 -0400] "GET /?path=%2F%2Fopt%2Falt%2Falt-nodejs18%2Froot HTTP/1.1" 200 2864 "-" "Mozilla/5.0 AppleWebKit/537.36 (KHTML, like Gecko; compatible; GPTBot/1.2; +https://openai.com/gptbot)"
20.171.207.175 - - [16/Jun/2025:09:31:51 -0400] "GET /product/cake135?path=%2Fhome%2Fhonehdyv%2Freadbtooom.com%2Fwp-content%2Fthemes%2Ftwentyseventeen%2Finc HTTP/1.1" 200 2737 "-" "Mozilla/5.0 AppleWebKit/537.36 (KHTML, like Gecko; compatible; GPTBot/1.2; +https://openai.com/gptbot)"
20.171.207.66 - - [16/Jun/2025:09:31:52 -0400] "GET /?path=%2F%2Fopt%2Falt%2Falt-nodejs19%2Froot HTTP/1.1" 200 2865 "-" "Mozilla/5.0 AppleWebKit/537.36 (KHTML, like Gecko; compatible; GPTBot/1.2; +https://openai.com/gptbot)"
20.171.207.175 - - [16/Jun/2025:09:31:53 -0400] "GET /product/vaccine279?path=%2Fhome%2Fhonehdyv%2Freadbtooom.com%2Fwp-content%2Fthemes%2Ftwentytwenty%2Finc HTTP/1.1" 200 2630 "-" "Mozilla/5.0 AppleWebKit/537.36 (KHTML, like Gecko; compatible; GPTBot/1.2; +https://openai.com/gptbot)"
20.171.207.66 - - [16/Jun/2025:09:31:54 -0400] "GET /?path=%2F%2Fopt%2Falt%2Falt-nodejs10%2Froot HTTP/1.1" 200 2864 "-" "Mozilla/5.0 AppleWebKit/537.36 (KHTML, like Gecko; compatible; GPTBot/1.2; +https://openai.com/gptbot)"
20.171.207.175 - - [16/Jun/2025:09:31:55 -0400] "GET /product/cake135?path=%2Fhome%2Fhonehdyv%2Freadbtooom.com%2Fwp-content%2Fthemes%2Ftwentyseventeen%2Ftemplate-parts HTTP/1.1" 200 2575 "-" "Mozilla/5.0 AppleWebKit/537.36 (KHTML, like Gecko; compatible; GPTBot/1.2; +https://openai.com/gptbot)"
20.171.207.66 - - [16/Jun/2025:09:31:56 -0400] "GET /?filesrc=%2F%2Fopt%2Falt%2Fruby32%2Fshare%2Fruby%2Fbase64.rb&path=%2F%2Fopt%2Falt%2Fruby32%2Fshare%2Fruby HTTP/1.1" 200 3345 "-" "Mozilla/5.0 AppleWebKit/537.36 (KHTML, like Gecko; compatible; GPTBot/1.2; +https://openai.com/gptbot)"
20.171.207.66 - - [16/Jun/2025:09:31:58 -0400] "GET /?path=%2F%2Fopt%2Falt%2Falt-nodejs9%2Froot%2Froot HTTP/1.1" 200 2126 "-" "Mozilla/5.0 AppleWebKit/537.36 (KHTML, like Gecko; compatible; GPTBot/1.2; +https://openai.com/gptbot)"
20.171.207.175 - - [16/Jun/2025:09:31:57 -0400] "GET /product/importantly245?filesrc=%2Fhome%2Fhonehdyv%2Freadbtooom.com%2Fwp-content%2Fthemes%2Ftoivo-lite%2Fimage.php&path=%2Fhome%2Fhonehdyv%2Freadbtooom.com%2Fwp-content%2Fthemes%2Ftoivo-lite HTTP/1.1" 200 2723 "-" "Mozilla/5.0 AppleWebKit/537.36 (KHTML, like Gecko; compatible; GPTBot/1.2; +https://openai.com/gptbot)"
20.171.207.66 - - [16/Jun/2025:09:32:00 -0400] "GET /?path=%2F%2Fopt%2Falt%2Falt-nodejs6%2Froot%2Froot HTTP/1.1" 200 2126 "-" "Mozilla/5.0 AppleWebKit/537.36 (KHTML, like Gecko; compatible; GPTBot/1.2; +https://openai.com/gptbot)"
20.171.207.175 - - [16/Jun/2025:09:32:00 -0400] "GET /product/importantly245?path=%2Fhome%2Fhonehdyv%2Freadbtooom.com%2Fwp-content%2Fthemes%2Ftoivo-lite%2Fimages HTTP/1.1" 200 2499 "-" "Mozilla/5.0 AppleWebKit/537.36 (KHTML, like Gecko; compatible; GPTBot/1.2; +https://openai.com/gptbot)"
20.171.207.66 - - [16/Jun/2025:09:32:02 -0400] "GET /?path=%2F%2Fopt%2Falt%2Falt-nodejs8%2Froot%2Froot HTTP/1.1" 200 2126 "-" "Mozilla/5.0 AppleWebKit/537.36 (KHTML, like Gecko; compatible; GPTBot/1.2; +https://openai.com/gptbot)"
20.171.207.175 - - [16/Jun/2025:09:32:03 -0400] "GET /product/importantly245?path=%2Fhome%2Fhonehdyv%2Freadbtooom.com%2Fwp-content%2Fthemes%2Ftoivo-lite%2Finc HTTP/1.1" 200 2846 "-" "Mozilla/5.0 AppleWebKit/537.36 (KHTML, like Gecko; compatible; GPTBot/1.2; +https://openai.com/gptbot)"
20.171.207.66 - - [16/Jun/2025:09:32:04 -0400] "GET /?path=%2F%2Fopt%2Falt%2Falt-nodejs8%2Froot%2Fhome HTTP/1.1" 200 2134 "-" "Mozilla/5.0 AppleWebKit/537.36 (KHTML, like Gecko; compatible; GPTBot/1.2; +https://openai.com/gptbot)"
20.171.207.175 - - [16/Jun/2025:09:32:05 -0400] "GET /product/consume112?path=%2Fhome%2Fhonehdyv%2Freadbtooom.com%2Fwp-content%2Fthemes%2Ftwentysixteen%2Finc HTTP/1.1" 200 2604 "-" "Mozilla/5.0 AppleWebKit/537.36 (KHTML, like Gecko; compatible; GPTBot/1.2; +https://openai.com/gptbot)"
20.171.207.66 - - [16/Jun/2025:09:32:06 -0400] "GET /?path=%2F%2Fopt%2Falt%2Falt-nodejs6%2Froot%2Fsrv HTTP/1.1" 200 2133 "-" "Mozilla/5.0 AppleWebKit/537.36 (KHTML, like Gecko; compatible; GPTBot/1.2; +https://openai.com/gptbot)"
20.171.207.175 - - [16/Jun/2025:09:32:07 -0400] "GET /product/importantly245?path=%2Fhome%2Fhonehdyv%2Freadbtooom.com%2Fwp-content%2Fthemes%2Ftoivo-lite%2Fcss HTTP/1.1" 200 2490 "-" "Mozilla/5.0 AppleWebKit/537.36 (KHTML, like Gecko; compatible; GPTBot/1.2; +https://openai.com/gptbot)"
20.171.207.66 - - [16/Jun/2025:09:32:07 -0400] "GET /?path=%2F%2Fopt%2Falt%2Falt-nodejs9%2Froot%2Fhome HTTP/1.1" 200 2134 "-" "Mozilla/5.0 AppleWebKit/537.36 (KHTML, like Gecko; compatible; GPTBot/1.2; +https://openai.com/gptbot)"
20.171.207.175 - - [16/Jun/2025:09:32:09 -0400] "GET /product/booth81?path=%2Fhome%2Fhonehdyv%2Freadbtooom.com%2Fwp-content%2Fplugins%2Fautodescription%2Finc%2Ftraits%2Fcomment-editor HTTP/1.1" 200 2193 "-" "Mozilla/5.0 AppleWebKit/537.36 (KHTML, like Gecko; compatible; GPTBot/1.2; +https://openai.com/gptbot)"
20.171.207.66 - - [16/Jun/2025:09:32:09 -0400] "GET /?path=%2F%2Fopt%2Falt%2Falt-nodejs11%2Froot%2Ftmp HTTP/1.1" 200 2132 "-" "Mozilla/5.0 AppleWebKit/537.36 (KHTML, like Gecko; compatible; GPTBot/1.2; +https://openai.com/gptbot)"
20.171.207.66 - - [16/Jun/2025:09:32:11 -0400] "GET /?path=%2F%2Fopt%2Falt%2Falt-nodejs8%2Froot%2Fsrv HTTP/1.1" 200 2133 "-" "Mozilla/5.0 AppleWebKit/537.36 (KHTML, like Gecko; compatible; GPTBot/1.2; +https://openai.com/gptbot)"
20.171.207.175 - - [16/Jun/2025:09:32:11 -0400] "GET /product/consume112?path=%2Fhome%2Fhonehdyv%2Freadbtooom.com%2Fwp-content%2Fthemes%2Ftwentysixteen%2Fcss HTTP/1.1" 200 2662 "-" "Mozilla/5.0 AppleWebKit/537.36 (KHTML, like Gecko; compatible; GPTBot/1.2; +https://openai.com/gptbot)"
20.171.207.66 - - [16/Jun/2025:09:32:13 -0400] "GET /?path=%2F%2Fopt%2Falt%2Falt-nodejs9%2Froot%2Fboot HTTP/1.1" 200 2131 "-" "Mozilla/5.0 AppleWebKit/537.36 (KHTML, like Gecko; compatible; GPTBot/1.2; +https://openai.com/gptbot)"
20.171.207.175 - - [16/Jun/2025:09:32:13 -0400] "GET /product/consume112?path=%2Fhome%2Fhonehdyv%2Freadbtooom.com%2Fwp-content%2Fthemes%2Ftwentysixteen%2Fjs HTTP/1.1" 200 2716 "-" "Mozilla/5.0 AppleWebKit/537.36 (KHTML, like Gecko; compatible; GPTBot/1.2; +https://openai.com/gptbot)"
20.171.207.66 - - [16/Jun/2025:09:32:14 -0400] "GET /?path=%2F%2Fopt%2Falt%2Falt-nodejs8%2Froot%2Fmnt HTTP/1.1" 200 2132 "-" "Mozilla/5.0 AppleWebKit/537.36 (KHTML, like Gecko; compatible; GPTBot/1.2; +https://openai.com/gptbot)"
20.171.207.175 - - [16/Jun/2025:09:32:14 -0400] "GET /product/vaccine279?path=%2Fhome%2Fhonehdyv%2Freadbtooom.com%2Fwp-content%2Fthemes%2Ftwentytwenty%2Finc HTTP/1.1" 200 2630 "-" "Mozilla/5.0 AppleWebKit/537.36 (KHTML, like Gecko; compatible; GPTBot/1.2; +https://openai.com/gptbot)"
20.171.207.66 - - [16/Jun/2025:09:32:16 -0400] "GET /?aksi=buatfile&path=%2F%2Fopt%2Falt%2Falt-nodejs9%2Froot%2Froot HTTP/1.1" 200 2126 "-" "Mozilla/5.0 AppleWebKit/537.36 (KHTML, like Gecko; compatible; GPTBot/1.2; +https://openai.com/gptbot)"
20.171.207.175 - - [16/Jun/2025:09:32:16 -0400] "GET /product/importantly245?path=%2Fhome%2Fhonehdyv%2Freadbtooom.com%2Fwp-content%2Fthemes%2Ftoivo-lite%2Fjs HTTP/1.1" 200 2715 "-" "Mozilla/5.0 AppleWebKit/537.36 (KHTML, like Gecko; compatible; GPTBot/1.2; +https://openai.com/gptbot)"
20.171.207.66 - - [16/Jun/2025:09:32:17 -0400] "GET /?aksi=buatfile&path=%2F%2Fopt%2Falt%2Falt-nodejs6%2Froot%2Froot HTTP/1.1" 200 2126 "-" "Mozilla/5.0 AppleWebKit/537.36 (KHTML, like Gecko; compatible; GPTBot/1.2; +https://openai.com/gptbot)"
20.171.207.175 - - [16/Jun/2025:09:32:18 -0400] "GET /product/vaccine279?path=%2Fhome%2Fhonehdyv%2Freadbtooom.com%2Fwp-content%2Fthemes%2Ftwentytwenty%2Ftemplate-parts HTTP/1.1" 200 2777 "-" "Mozilla/5.0 AppleWebKit/537.36 (KHTML, like Gecko; compatible; GPTBot/1.2; +https://openai.com/gptbot)"
20.171.207.66 - - [16/Jun/2025:09:32:18 -0400] "GET /?aksi=buatfile&path=%2F%2Fopt%2Falt%2Falt-nodejs8%2Froot%2Froot HTTP/1.1" 200 2126 "-" "Mozilla/5.0 AppleWebKit/537.36 (KHTML, like Gecko; compatible; GPTBot/1.2; +https://openai.com/gptbot)"
20.171.207.66 - - [16/Jun/2025:09:32:19 -0400] "GET /?aksi=buatfolder&path=%2F%2Fopt%2Falt%2Falt-nodejs9%2Froot%2Froot HTTP/1.1" 200 2065 "-" "Mozilla/5.0 AppleWebKit/537.36 (KHTML, like Gecko; compatible; GPTBot/1.2; +https://openai.com/gptbot)"
20.171.207.175 - - [16/Jun/2025:09:32:19 -0400] "GET /product/consume112?path=%2Fhome%2Fhonehdyv%2Freadbtooom.com%2Fwp-content%2Fthemes%2Ftwentysixteen%2Ftemplate-parts HTTP/1.1" 200 2640 "-" "Mozilla/5.0 AppleWebKit/537.36 (KHTML, like Gecko; compatible; GPTBot/1.2; +https://openai.com/gptbot)"
20.171.207.175 - - [16/Jun/2025:09:32:21 -0400] "GET /product/cake135?path=%2Fhome%2Fhonehdyv%2Freadbtooom.com%2Fwp-content%2Fthemes%2Ftwentytwentyfour%2Fassets HTTP/1.1" 200 2518 "-" "Mozilla/5.0 AppleWebKit/537.36 (KHTML, like Gecko; compatible; GPTBot/1.2; +https://openai.com/gptbot)"
20.171.207.66 - - [16/Jun/2025:09:32:21 -0400] "GET /?aksi=buatfolder&path=%2F%2Fopt%2Falt%2Falt-nodejs6%2Froot%2Froot HTTP/1.1" 200 2065 "-" "Mozilla/5.0 AppleWebKit/537.36 (KHTML, like Gecko; compatible; GPTBot/1.2; +https://openai.com/gptbot)"
20.171.207.66 - - [16/Jun/2025:09:32:22 -0400] "GET /?aksi=buatfolder&path=%2F%2Fopt%2Falt%2Falt-nodejs8%2Froot%2Froot HTTP/1.1" 200 2065 "-" "Mozilla/5.0 AppleWebKit/537.36 (KHTML, like Gecko; compatible; GPTBot/1.2; +https://openai.com/gptbot)"
20.171.207.175 - - [16/Jun/2025:09:32:22 -0400] "GET /product/booth81?path=%2Fhome%2Fhonehdyv%2Freadbtooom.com%2Fwp-content%2Fplugins%2Fautodescription%2Finc%2Ffunctions HTTP/1.1" 200 2600 "-" "Mozilla/5.0 AppleWebKit/537.36 (KHTML, like Gecko; compatible; GPTBot/1.2; +https://openai.com/gptbot)"
20.171.207.66 - - [16/Jun/2025:09:32:23 -0400] "GET /?path=%2F%2Fopt%2Falt%2Falt-nodejs9%2Froot%2Fetc HTTP/1.1" 200 2607 "-" "Mozilla/5.0 AppleWebKit/537.36 (KHTML, like Gecko; compatible; GPTBot/1.2; +https://openai.com/gptbot)"
20.171.207.175 - - [16/Jun/2025:09:32:23 -0400] "GET /product/vaccine279?path=%2Fhome%2Fhonehdyv%2Freadbtooom.com%2Fwp-content%2Fthemes%2Ftwentytwenty%2Fclasses HTTP/1.1" 200 2704 "-" "Mozilla/5.0 AppleWebKit/537.36 (KHTML, like Gecko; compatible; GPTBot/1.2; +https://openai.com/gptbot)"
20.171.207.175 - - [16/Jun/2025:09:32:25 -0400] "GET /product/transportation159?path=%2Fhome%2Fhonehdyv%2Freadbtooom.com%2Fwp-content%2Fuploads%2Fwpcode%2Fcache HTTP/1.1" 200 2642 "-" "Mozilla/5.0 AppleWebKit/537.36 (KHTML, like Gecko; compatible; GPTBot/1.2; +https://openai.com/gptbot)"
20.171.207.66 - - [16/Jun/2025:09:32:25 -0400] "GET /?path=%2F%2Fopt%2Falt%2Falt-nodejs8%2Froot%2Fsys HTTP/1.1" 200 2133 "-" "Mozilla/5.0 AppleWebKit/537.36 (KHTML, like Gecko; compatible; GPTBot/1.2; +https://openai.com/gptbot)"
20.171.207.175 - - [16/Jun/2025:09:32:26 -0400] "GET /product/cake135?path=%2Fhome%2Fhonehdyv%2Freadbtooom.com%2Fwp-content%2Fthemes%2Ftwentyseventeen%2Fassets HTTP/1.1" 200 2557 "-" "Mozilla/5.0 AppleWebKit/537.36 (KHTML, like Gecko; compatible; GPTBot/1.2; +https://openai.com/gptbot)"
20.171.207.66 - - [16/Jun/2025:09:32:26 -0400] "GET /?path=%2F%2Fopt%2Falt%2Falt-nodejs9%2Froot%2Fproc HTTP/1.1" 200 2135 "-" "Mozilla/5.0 AppleWebKit/537.36 (KHTML, like Gecko; compatible; GPTBot/1.2; +https://openai.com/gptbot)"
20.171.207.66 - - [16/Jun/2025:09:32:28 -0400] "GET /?path=%2F%2Fopt%2Falt%2Falt-nodejs6%2Froot%2Fopt HTTP/1.1" 200 2126 "-" "Mozilla/5.0 AppleWebKit/537.36 (KHTML, like Gecko; compatible; GPTBot/1.2; +https://openai.com/gptbot)"
20.171.207.175 - - [16/Jun/2025:09:32:28 -0400] "GET /product/vaccine279?path=%2Fhome%2Fhonehdyv%2Freadbtooom.com%2Fwp-content%2Fthemes%2Ftwentytwenty%2Fassets HTTP/1.1" 200 2547 "-" "Mozilla/5.0 AppleWebKit/537.36 (KHTML, like Gecko; compatible; GPTBot/1.2; +https://openai.com/gptbot)"
20.171.207.175 - - [16/Jun/2025:09:32:29 -0400] "GET /product/cake135?path=%2Fhome%2Fhonehdyv%2Freadbtooom.com%2Fwp-content%2Fthemes%2Ftwentytwentyfour%2Fparts HTTP/1.1" 200 2605 "-" "Mozilla/5.0 AppleWebKit/537.36 (KHTML, like Gecko; compatible; GPTBot/1.2; +https://openai.com/gptbot)"
20.171.207.66 - - [16/Jun/2025:09:32:30 -0400] "GET /?path=%2F%2Fopt%2Falt%2Falt-nodejs6%2Froot%2Fproc HTTP/1.1" 200 2135 "-" "Mozilla/5.0 AppleWebKit/537.36 (KHTML, like Gecko; compatible; GPTBot/1.2; +https://openai.com/gptbot)"
20.171.207.66 - - [16/Jun/2025:09:32:31 -0400] "GET /?path=%2F%2Fopt%2Falt%2Falt-nodejs6%2Froot%2Ftmp HTTP/1.1" 200 2133 "-" "Mozilla/5.0 AppleWebKit/537.36 (KHTML, like Gecko; compatible; GPTBot/1.2; +https://openai.com/gptbot)"
20.171.207.175 - - [16/Jun/2025:09:32:31 -0400] "GET /product/importantly245?path=%2Fhome%2Fhonehdyv%2Freadbtooom.com%2Fwp-content%2Fthemes%2Ftoivo-lite%2Ffonts HTTP/1.1" 200 2465 "-" "Mozilla/5.0 AppleWebKit/537.36 (KHTML, like Gecko; compatible; GPTBot/1.2; +https://openai.com/gptbot)"
20.171.207.66 - - [16/Jun/2025:09:32:32 -0400] "GET /?path=%2F%2Fopt%2Falt%2Falt-nodejs9%2Froot%2Fdev HTTP/1.1" 200 2133 "-" "Mozilla/5.0 AppleWebKit/537.36 (KHTML, like Gecko; compatible; GPTBot/1.2; +https://openai.com/gptbot)"
20.171.207.175 - - [16/Jun/2025:09:32:33 -0400] "GET /product/consume112?path=%2Fhome%2Fhonehdyv%2Freadbtooom.com%2Fwp-content%2Fthemes%2Ftwentysixteen%2Ffonts HTTP/1.1" 200 2845 "-" "Mozilla/5.0 AppleWebKit/537.36 (KHTML, like Gecko; compatible; GPTBot/1.2; +https://openai.com/gptbot)"
52.0.63.151 - - [16/Jun/2025:09:27:31 -0400] "GET /?filesrc=//lib64/xtables/libxt_TCPOPTSTRIP.so&path=//lib64/xtables HTTP/1.1" 200 24283 "-" "Mozilla/5.0 AppleWebKit/537.36 (KHTML, like Gecko; compatible; Amazonbot/0.1; +https://developer.amazon.com/support/amazonbot) Chrome/119.0.6045.214 Safari/537.36"
20.171.207.175 - - [16/Jun/2025:09:27:35 -0400] "GET /product/late38?filesrc=%2Fhome%2Fhonehdyv%2Freadbtooom.com%2Fwp-content%2Fplugins%2Fwp-rocket%2Finc%2FEngine%2FPreload%2FController%2FLoadInitialSitemap.php&path=%2Fhome%2Fhonehdyv%2Freadbtooom.com%2Fwp-content%2Fplugins%2Fwp-rocket%2Finc%2FEngine%2FPreload%2FController HTTP/1.1" 200 3389 "-" "Mozilla/5.0 AppleWebKit/537.36 (KHTML, like Gecko; compatible; GPTBot/1.2; +https://openai.com/gptbot)"
20.171.207.66 - - [16/Jun/2025:09:27:37 -0400] "GET /?path=%2F%2Fopt%2Falt%2Fruby34%2Fshare HTTP/1.1" 200 2559 "-" "Mozilla/5.0 AppleWebKit/537.36 (KHTML, like Gecko; compatible; GPTBot/1.2; +https://openai.com/gptbot)"
20.171.207.175 - - [16/Jun/2025:09:27:38 -0400] "GET /product/late38?path=%2Fhome%2Fhonehdyv%2Freadbtooom.com%2Fwp-content%2Fthemes%2Ftwentynineteen%2Fimages HTTP/1.1" 200 2591 "-" "Mozilla/5.0 AppleWebKit/537.36 (KHTML, like Gecko; compatible; GPTBot/1.2; +https://openai.com/gptbot)"
20.171.207.66 - - [16/Jun/2025:09:27:40 -0400] "GET /?aksi=buatfile&path=%2F%2Fopt%2Falt%2Falt-nodejs22%2Froot%2Fvar%2Fyp HTTP/1.1" 200 2144 "-" "Mozilla/5.0 AppleWebKit/537.36 (KHTML, like Gecko; compatible; GPTBot/1.2; +https://openai.com/gptbot)"
20.171.207.175 - - [16/Jun/2025:09:27:40 -0400] "GET /product/employment44?path=%2Fhome%2Fhonehdyv%2Freadbtooom.com%2Fwp-content%2Fthemes%2Ftoivo-lite%2Fpages HTTP/1.1" 200 2551 "-" "Mozilla/5.0 AppleWebKit/537.36 (KHTML, like Gecko; compatible; GPTBot/1.2; +https://openai.com/gptbot)"
20.171.207.66 - - [16/Jun/2025:09:27:42 -0400] "GET /?aksi=buatfile&path=%2F%2Fopt%2Falt%2Falt-nodejs12%2Froot%2Fvar%2Fdb HTTP/1.1" 200 2143 "-" "Mozilla/5.0 AppleWebKit/537.36 (KHTML, like Gecko; compatible; GPTBot/1.2; +https://openai.com/gptbot)"
20.171.207.175 - - [16/Jun/2025:09:27:43 -0400] "GET /product/award12?path=%2Fhome%2Fhonehdyv%2Freadbtooom.com%2Fwp-content%2Fuploads%2Fwpdiscuz%2Fcache HTTP/1.1" 200 2612 "-" "Mozilla/5.0 AppleWebKit/537.36 (KHTML, like Gecko; compatible; GPTBot/1.2; +https://openai.com/gptbot)"
20.171.207.66 - - [16/Jun/2025:09:27:44 -0400] "GET /?filesrc=%2F%2Fopt%2Falt%2Falt-nodejs12%2Fenable&path=%2F%2Fopt%2Falt%2Falt-nodejs12 HTTP/1.1" 200 2148 "-" "Mozilla/5.0 AppleWebKit/537.36 (KHTML, like Gecko; compatible; GPTBot/1.2; +https://openai.com/gptbot)"
20.171.207.175 - - [16/Jun/2025:09:27:46 -0400] "GET /product/award12?path=%2Fhome%2Fhonehdyv%2Freadbtooom.com%2Fwp-content%2Fplugins%2Fredirection%2Fmatches HTTP/1.1" 200 2888 "-" "Mozilla/5.0 AppleWebKit/537.36 (KHTML, like Gecko; compatible; GPTBot/1.2; +https://openai.com/gptbot)"
20.171.207.66 - - [16/Jun/2025:09:27:47 -0400] "GET /?filesrc=%2F%2Fusr%2Flib%2Fdracut%2Fmodules.d%2F10i18n%2FREADME&path=%2F%2Fusr%2Flib%2Fdracut%2Fmodules.d%2F10i18n HTTP/1.1" 200 3862 "-" "Mozilla/5.0 AppleWebKit/537.36 (KHTML, like Gecko; compatible; GPTBot/1.2; +https://openai.com/gptbot)"
20.171.207.175 - - [16/Jun/2025:09:27:49 -0400] "GET /product/late38?path=%2Fhome%2Fhonehdyv%2Freadbtooom.com%2Fwp-content%2Fthemes%2Ftwentytwentytwo%2Fassets%2Fvideos%2Fnextjs HTTP/1.1" 200 2192 "-" "Mozilla/5.0 AppleWebKit/537.36 (KHTML, like Gecko; compatible; GPTBot/1.2; +https://openai.com/gptbot)"
20.171.207.66 - - [16/Jun/2025:09:27:50 -0400] "GET /?aksi=buatfolder&path=%2F%2Fopt%2Falt%2Falt-nodejs22%2Froot HTTP/1.1" 200 2065 "-" "Mozilla/5.0 AppleWebKit/537.36 (KHTML, like Gecko; compatible; GPTBot/1.2; +https://openai.com/gptbot)"
35.174.141.243 - - [16/Jun/2025:09:27:51 -0400] "GET /?path=//var/softaculous/churchcrm HTTP/1.1" 200 21292 "-" "Mozilla/5.0 AppleWebKit/537.36 (KHTML, like Gecko; compatible; Amazonbot/0.1; +https://developer.amazon.com/support/amazonbot) Chrome/119.0.6045.214 Safari/537.36"
20.171.207.66 - - [16/Jun/2025:09:32:34 -0400] "GET /?path=%2F%2Fopt%2Falt%2Falt-nodejs9%2Froot%2Fsrv HTTP/1.1" 200 2133 "-" "Mozilla/5.0 AppleWebKit/537.36 (KHTML, like Gecko; compatible; GPTBot/1.2; +https://openai.com/gptbot)"
20.171.207.175 - - [16/Jun/2025:09:32:34 -0400] "GET /product/importantly245?path=%2Fhome%2Fhonehdyv%2Freadbtooom.com%2Fwp-content%2Fthemes%2Ftoivo-lite%2Fpages HTTP/1.1" 200 2551 "-" "Mozilla/5.0 AppleWebKit/537.36 (KHTML, like Gecko; compatible; GPTBot/1.2; +https://openai.com/gptbot)"
20.171.207.66 - - [16/Jun/2025:09:32:35 -0400] "GET /?path=%2F%2Fopt%2Falt%2Falt-nodejs8%2Froot%2Ftmp HTTP/1.1" 200 2133 "-" "Mozilla/5.0 AppleWebKit/537.36 (KHTML, like Gecko; compatible; GPTBot/1.2; +https://openai.com/gptbot)"
20.171.207.175 - - [16/Jun/2025:09:32:36 -0400] "GET /product/late38?path=%2Fhome%2Fhonehdyv%2Freadbtooom.com%2Fwp-content%2Fthemes%2Ftwentysixteen%2Fcss HTTP/1.1" 200 2662 "-" "Mozilla/5.0 AppleWebKit/537.36 (KHTML, like Gecko; compatible; GPTBot/1.2; +https://openai.com/gptbot)"
20.171.207.66 - - [16/Jun/2025:09:32:36 -0400] "GET /?path=%2F%2Fopt%2Falt%2Falt-nodejs9%2Froot%2Fmnt HTTP/1.1" 200 2132 "-" "Mozilla/5.0 AppleWebKit/537.36 (KHTML, like Gecko; compatible; GPTBot/1.2; +https://openai.com/gptbot)"
20.171.207.175 - - [16/Jun/2025:09:32:37 -0400] "GET /product/vaccine279?path=%2Fhome%2Fhonehdyv%2Freadbtooom.com%2Fwp-content%2Fthemes%2Ftwentysixteen HTTP/1.1" 200 3298 "-" "Mozilla/5.0 AppleWebKit/537.36 (KHTML, like Gecko; compatible; GPTBot/1.2; +https://openai.com/gptbot)"
20.171.207.66 - - [16/Jun/2025:09:32:38 -0400] "GET /?path=%2F%2Fopt%2Falt%2Falt-nodejs8%2Froot%2Fproc HTTP/1.1" 200 2135 "-" "Mozilla/5.0 AppleWebKit/537.36 (KHTML, like Gecko; compatible; GPTBot/1.2; +https://openai.com/gptbot)"
20.171.207.175 - - [16/Jun/2025:09:32:39 -0400] "GET /product/booth81?path=%2Fhome%2Fhonehdyv%2Freadbtooom.com%2Fwp-content%2Fplugins%2Fredirection%2Fmatches HTTP/1.1" 200 2888 "-" "Mozilla/5.0 AppleWebKit/537.36 (KHTML, like Gecko; compatible; GPTBot/1.2; +https://openai.com/gptbot)"
20.171.207.66 - - [16/Jun/2025:09:32:40 -0400] "GET /?path=%2F%2Fopt%2Falt%2Falt-nodejs8%2Froot%2Fdev HTTP/1.1" 200 2133 "-" "Mozilla/5.0 AppleWebKit/537.36 (KHTML, like Gecko; compatible; GPTBot/1.2; +https://openai.com/gptbot)"
20.171.207.175 - - [16/Jun/2025:09:32:40 -0400] "GET /product/vaccine279?filesrc=%2Fhome%2Fhonehdyv%2Freadbtooom.com%2Fwp-content%2Fthemes%2Ftwentytwenty%2Fclasses%2Fclass-twentytwenty-walker-comment.php&path=%2Fhome%2Fhonehdyv%2Freadbtooom.com%2Fwp-content%2Fthemes%2Ftwentytwenty%2Fclasses HTTP/1.1" 200 3677 "-" "Mozilla/5.0 AppleWebKit/537.36 (KHTML, like Gecko; compatible; GPTBot/1.2; +https://openai.com/gptbot)"
20.171.207.66 - - [16/Jun/2025:09:32:42 -0400] "GET /?path=%2F%2Fopt%2Falt%2Falt-nodejs8%2Froot%2Frun HTTP/1.1" 200 2408 "-" "Mozilla/5.0 AppleWebKit/537.36 (KHTML, like Gecko; compatible; GPTBot/1.2; +https://openai.com/gptbot)"
20.171.207.175 - - [16/Jun/2025:09:32:42 -0400] "GET /product/accommodate229?path=%2Fhome%2Fhonehdyv%2Freadbtooom.com%2Fwp-content%2Fplugins%2Fwp-rocket HTTP/1.1" 200 3034 "-" "Mozilla/5.0 AppleWebKit/537.36 (KHTML, like Gecko; compatible; GPTBot/1.2; +https://openai.com/gptbot)"
20.171.207.175 - - [16/Jun/2025:09:32:44 -0400] "GET /product/booth81?path=%2Fhome%2Fhonehdyv%2Freadbtooom.com%2Fwp-content%2Fplugins%2Fredirection%2Fapi HTTP/1.1" 200 2716 "-" "Mozilla/5.0 AppleWebKit/537.36 (KHTML, like Gecko; compatible; GPTBot/1.2; +https://openai.com/gptbot)"
20.171.207.66 - - [16/Jun/2025:09:32:46 -0400] "GET /?path=%2F%2Fopt%2Falt%2Falt-nodejs6%2Froot%2Fopt HTTP/1.1" 200 2126 "-" "Mozilla/5.0 AppleWebKit/537.36 (KHTML, like Gecko; compatible; GPTBot/1.2; +https://openai.com/gptbot)"
20.171.207.175 - - [16/Jun/2025:09:32:46 -0400] "GET /product/consume112?path=%2Fhome%2Fhonehdyv%2Freadbtooom.com%2Fwp-content%2Fplugins%2Fredirection HTTP/1.1" 200 3209 "-" "Mozilla/5.0 AppleWebKit/537.36 (KHTML, like Gecko; compatible; GPTBot/1.2; +https://openai.com/gptbot)"
20.171.207.66 - - [16/Jun/2025:09:32:49 -0400] "GET /?path=%2F%2Fopt%2Falt%2Falt-nodejs6%2Froot%2Fhome HTTP/1.1" 200 2134 "-" "Mozilla/5.0 AppleWebKit/537.36 (KHTML, like Gecko; compatible; GPTBot/1.2; +https://openai.com/gptbot)"
20.171.207.175 - - [16/Jun/2025:09:32:48 -0400] "GET /product/late38?path=%2Fhome%2Fhonehdyv%2Freadbtooom.com%2Fwp-content%2Fthemes%2Ftwentysixteen%2Finc HTTP/1.1" 200 2604 "-" "Mozilla/5.0 AppleWebKit/537.36 (KHTML, like Gecko; compatible; GPTBot/1.2; +https://openai.com/gptbot)"
20.171.207.175 - - [16/Jun/2025:09:32:50 -0400] "GET /shrink063047510.html?path=%2F HTTP/1.1" 200 2738 "-" "Mozilla/5.0 AppleWebKit/537.36 (KHTML, like Gecko; compatible; GPTBot/1.2; +https://openai.com/gptbot)"
20.171.207.175 - - [16/Jun/2025:09:32:52 -0400] "GET /projection159006216.html?filesrc=%2Fhome%2Fhonehdyv%2Freadbtooom.com%2Fwp-links-opml.php&path=%2Fhome%2Fhonehdyv%2Freadbtooom.com HTTP/1.1" 200 3192 "-" "Mozilla/5.0 AppleWebKit/537.36 (KHTML, like Gecko; compatible; GPTBot/1.2; +https://openai.com/gptbot)"
20.171.207.66 - - [16/Jun/2025:09:32:51 -0400] "GET /?path=%2F%2Fopt%2Falt%2Falt-nodejs8%2Froot%2Fusr HTTP/1.1" 200 2740 "-" "Mozilla/5.0 AppleWebKit/537.36 (KHTML, like Gecko; compatible; GPTBot/1.2; +https://openai.com/gptbot)"
20.171.207.175 - - [16/Jun/2025:09:32:54 -0400] "GET /aggression130017763.html?filesrc=%2Fhome%2Fhonehdyv%2Freadbtooom.com%2Fwp-links-opml.php&path=%2Fhome%2Fhonehdyv%2Freadbtooom.com HTTP/1.1" 200 3192 "-" "Mozilla/5.0 AppleWebKit/537.36 (KHTML, like Gecko; compatible; GPTBot/1.2; +https://openai.com/gptbot)"
20.171.207.66 - - [16/Jun/2025:09:32:55 -0400] "GET /?path=%2F%2Fopt%2Falt%2Falt-nodejs6%2Froot%2Fetc HTTP/1.1" 200 2607 "-" "Mozilla/5.0 AppleWebKit/537.36 (KHTML, like Gecko; compatible; GPTBot/1.2; +https://openai.com/gptbot)"
20.171.207.175 - - [16/Jun/2025:09:32:55 -0400] "GET /visible019009698.html?filesrc=%2Fhome%2Fhonehdyv%2Freadbtooom.com%2Fwp-config-sample.php&path=%2Fhome%2Fhonehdyv%2Freadbtooom.com HTTP/1.1" 200 3225 "-" "Mozilla/5.0 AppleWebKit/537.36 (KHTML, like Gecko; compatible; GPTBot/1.2; +https://openai.com/gptbot)"
20.171.207.66 - - [16/Jun/2025:09:32:56 -0400] "GET /?path=%2F%2Fopt%2Falt%2Falt-nodejs6%2Froot%2Fmnt HTTP/1.1" 200 2132 "-" "Mozilla/5.0 AppleWebKit/537.36 (KHTML, like Gecko; compatible; GPTBot/1.2; +https://openai.com/gptbot)"
20.171.207.175 - - [16/Jun/2025:09:32:57 -0400] "GET /product/vaccine279?path=%2Fhome%2Fhonehdyv%2Freadbtooom.com%2Fwp-content%2Fthemes%2Ftwentysixteen%2Fjs HTTP/1.1" 200 2716 "-" "Mozilla/5.0 AppleWebKit/537.36 (KHTML, like Gecko; compatible; GPTBot/1.2; +https://openai.com/gptbot)"
20.171.207.66 - - [16/Jun/2025:09:32:58 -0400] "GET /?path=%2F%2Fopt%2Falt%2Falt-nodejs6%2Froot%2Fdev HTTP/1.1" 200 2133 "-" "Mozilla/5.0 AppleWebKit/537.36 (KHTML, like Gecko; compatible; GPTBot/1.2; +https://openai.com/gptbot)"
20.171.207.175 - - [16/Jun/2025:09:32:58 -0400] "GET /product/vaccine279?path=%2Fhome%2Fhonehdyv%2Freadbtooom.com%2Fwp-content%2Fthemes%2Ftwentysixteen%2Finc HTTP/1.1" 200 2604 "-" "Mozilla/5.0 AppleWebKit/537.36 (KHTML, like Gecko; compatible; GPTBot/1.2; +https://openai.com/gptbot)"
20.171.207.175 - - [16/Jun/2025:09:32:59 -0400] "GET /product/vaccine279?path=%2Fhome%2Fhonehdyv%2Freadbtooom.com%2Fwp-content%2Fthemes%2Ftwentysixteen%2Fcss HTTP/1.1" 200 2662 "-" "Mozilla/5.0 AppleWebKit/537.36 (KHTML, like Gecko; compatible; GPTBot/1.2; +https://openai.com/gptbot)"
20.171.207.66 - - [16/Jun/2025:09:33:00 -0400] "GET /?path=%2F%2Fopt%2Falt%2Falt-nodejs6%2Froot%2Fusr HTTP/1.1" 200 2740 "-" "Mozilla/5.0 AppleWebKit/537.36 (KHTML, like Gecko; compatible; GPTBot/1.2; +https://openai.com/gptbot)"
66.249.68.132 - - [16/Jun/2025:09:33:00 -0400] "GET /isogeothermic89630102.shtml HTTP/1.1" 200 38606 "-" "Mozilla/5.0 (Linux; Android 6.0.1; Nexus 5X Build/MMB29P) AppleWebKit/537.36 (KHTML, like Gecko) Chrome/136.0.7103.113 Mobile Safari/537.36 (compatible; Googlebot/2.1; +http://www.google.com/bot.html)"
20.171.207.175 - - [16/Jun/2025:09:33:01 -0400] "GET /product/booth81?filesrc=%2Fhome%2Fhonehdyv%2Freadbtooom.com%2Fwp-content%2Fplugins%2Fredirection%2Fapi%2Fapi-redirect.php&path=%2Fhome%2Fhonehdyv%2Freadbtooom.com%2Fwp-content%2Fplugins%2Fredirection%2Fapi HTTP/1.1" 200 5854 "-" "Mozilla/5.0 AppleWebKit/537.36 (KHTML, like Gecko; compatible; GPTBot/1.2; +https://openai.com/gptbot)"
18.214.138.148 - - [16/Jun/2025:09:32:59 -0400] "GET /?filesrc=//lib64/xtables/libip6t_srh.so&path=//lib64/xtables HTTP/1.1" 200 25307 "-" "Mozilla/5.0 AppleWebKit/537.36 (KHTML, like Gecko; compatible; Amazonbot/0.1; +https://developer.amazon.com/support/amazonbot) Chrome/119.0.6045.214 Safari/537.36"
20.171.207.66 - - [16/Jun/2025:09:33:01 -0400] "GET /?path=%2F%2Fopt%2Falt%2Falt-nodejs9%2Froot%2Fvar HTTP/1.1" 200 2791 "-" "Mozilla/5.0 AppleWebKit/537.36 (KHTML, like Gecko; compatible; GPTBot/1.2; +https://openai.com/gptbot)"
20.171.207.175 - - [16/Jun/2025:09:33:02 -0400] "GET /product/accommodate229?path=%2Fhome%2Fhonehdyv%2Freadbtooom.com%2Fwp-content%2Fplugins%2Fwp-rocket%2Finc HTTP/1.1" 200 3065 "-" "Mozilla/5.0 AppleWebKit/537.36 (KHTML, like Gecko; compatible; GPTBot/1.2; +https://openai.com/gptbot)"
20.171.207.66 - - [16/Jun/2025:09:33:03 -0400] "GET /?path=%2F%2Fopt%2Falt%2Falt-nodejs6%2Froot%2Fboot HTTP/1.1" 200 2131 "-" "Mozilla/5.0 AppleWebKit/537.36 (KHTML, like Gecko; compatible; GPTBot/1.2; +https://openai.com/gptbot)"
20.171.207.175 - - [16/Jun/2025:09:33:03 -0400] "GET /product/consume112?path=%2Fhome%2Fhonehdyv%2Freadbtooom.com%2Fwp-content%2Fplugins%2Fredirection%2Fapi HTTP/1.1" 200 2716 "-" "Mozilla/5.0 AppleWebKit/537.36 (KHTML, like Gecko; compatible; GPTBot/1.2; +https://openai.com/gptbot)"
20.171.207.66 - - [16/Jun/2025:09:33:04 -0400] "GET /?path=%2F%2Fopt%2Falt%2Falt-nodejs8%2Froot%2Fetc HTTP/1.1" 200 2607 "-" "Mozilla/5.0 AppleWebKit/537.36 (KHTML, like Gecko; compatible; GPTBot/1.2; +https://openai.com/gptbot)"
20.171.207.175 - - [16/Jun/2025:09:33:04 -0400] "GET /product/consume112?path=%2Fhome%2Fhonehdyv%2Freadbtooom.com%2Fwp-content%2Fplugins%2Fredirection%2Factions HTTP/1.1" 200 2608 "-" "Mozilla/5.0 AppleWebKit/537.36 (KHTML, like Gecko; compatible; GPTBot/1.2; +https://openai.com/gptbot)"
20.171.207.66 - - [16/Jun/2025:09:33:06 -0400] "GET /?path=%2F%2Fopt%2Falt%2Falt-nodejs9%2Froot%2Fusr HTTP/1.1" 200 2740 "-" "Mozilla/5.0 AppleWebKit/537.36 (KHTML, like Gecko; compatible; GPTBot/1.2; +https://openai.com/gptbot)"
20.171.207.175 - - [16/Jun/2025:09:33:06 -0400] "GET /shrink063047510.html?path=%2F%2Flib64 HTTP/1.1" 200 42569 "-" "Mozilla/5.0 AppleWebKit/537.36 (KHTML, like Gecko; compatible; GPTBot/1.2; +https://openai.com/gptbot)"
20.171.207.66 - - [16/Jun/2025:09:33:07 -0400] "GET /?path=%2F%2Fopt%2Falt%2Falt-nodejs9%2Froot%2Fsys HTTP/1.1" 200 2133 "-" "Mozilla/5.0 AppleWebKit/537.36 (KHTML, like Gecko; compatible; GPTBot/1.2; +https://openai.com/gptbot)"
20.171.207.175 - - [16/Jun/2025:09:33:08 -0400] "GET /product/accommodate229?path=%2Fhome%2Fhonehdyv%2Freadbtooom.com%2Fwp-content%2Fplugins%2Fwp-rocket%2Fassets HTTP/1.1" 200 2551 "-" "Mozilla/5.0 AppleWebKit/537.36 (KHTML, like Gecko; compatible; GPTBot/1.2; +https://openai.com/gptbot)"
20.171.207.66 - - [16/Jun/2025:09:33:09 -0400] "GET /?path=%2F%2Fopt%2Falt%2Falt-nodejs9%2Froot%2Ftmp HTTP/1.1" 200 2133 "-" "Mozilla/5.0 AppleWebKit/537.36 (KHTML, like Gecko; compatible; GPTBot/1.2; +https://openai.com/gptbot)"
20.171.207.175 - - [16/Jun/2025:09:33:10 -0400] "GET /product/vaccine279?path=%2Fhome%2Fhonehdyv%2Freadbtooom.com%2Fwp-content%2Fthemes%2Ftwentysixteen%2Ftemplate-parts HTTP/1.1" 200 2640 "-" "Mozilla/5.0 AppleWebKit/537.36 (KHTML, like Gecko; compatible; GPTBot/1.2; +https://openai.com/gptbot)"
20.171.207.66 - - [16/Jun/2025:09:33:11 -0400] "GET /?path=%2F%2Fopt%2Falt%2Falt-nodejs8%2Froot%2Fvar HTTP/1.1" 200 2792 "-" "Mozilla/5.0 AppleWebKit/537.36 (KHTML, like Gecko; compatible; GPTBot/1.2; +https://openai.com/gptbot)"
20.171.207.175 - - [16/Jun/2025:09:33:11 -0400] "GET /product/vaccine279?aksi=buatfolder&path=%2Fhome%2Fhonehdyv%2Freadbtooom.com%2Fwp-content%2Fthemes%2Ftwentysixteen%2Fjs HTTP/1.1" 200 2116 "-" "Mozilla/5.0 AppleWebKit/537.36 (KHTML, like Gecko; compatible; GPTBot/1.2; +https://openai.com/gptbot)"
20.171.207.66 - - [16/Jun/2025:09:33:12 -0400] "GET /?path=%2F%2Fopt%2Falt%2Falt-nodejs8%2Froot%2Fboot HTTP/1.1" 200 2131 "-" "Mozilla/5.0 AppleWebKit/537.36 (KHTML, like Gecko; compatible; GPTBot/1.2; +https://openai.com/gptbot)"
52.45.15.233 - - [16/Jun/2025:09:33:11 -0400] "GET /?path=//proc/3536306 HTTP/1.1" 200 20138 "-" "Mozilla/5.0 AppleWebKit/537.36 (KHTML, like Gecko; compatible; Amazonbot/0.1; +https://developer.amazon.com/support/amazonbot) Chrome/119.0.6045.214 Safari/537.36"
20.171.207.175 - - [16/Jun/2025:09:33:13 -0400] "GET /product/consume112?path=%2Fhome%2Fhonehdyv%2Freadbtooom.com%2Fwp-content%2Fplugins%2Fredirection%2Fmatches HTTP/1.1" 200 2888 "-" "Mozilla/5.0 AppleWebKit/537.36 (KHTML, like Gecko; compatible; GPTBot/1.2; +https://openai.com/gptbot)"
20.171.207.66 - - [16/Jun/2025:09:33:14 -0400] "GET /?path=%2F%2Fopt%2Falt%2Falt-nodejs9%2Froot%2Frun HTTP/1.1" 200 2406 "-" "Mozilla/5.0 AppleWebKit/537.36 (KHTML, like Gecko; compatible; GPTBot/1.2; +https://openai.com/gptbot)"
20.171.207.175 - - [16/Jun/2025:09:33:15 -0400] "GET /product/accommodate229?path=%2Fhome%2Fhonehdyv%2Freadbtooom.com%2Fwp-content%2Fplugins%2Fwp-rocket%2Fvendor HTTP/1.1" 200 2620 "-" "Mozilla/5.0 AppleWebKit/537.36 (KHTML, like Gecko; compatible; GPTBot/1.2; +https://openai.com/gptbot)"
20.171.207.66 - - [16/Jun/2025:09:33:15 -0400] "GET /?path=%2F%2Fopt%2Falt%2Falt-nodejs8%2Froot%2Fopt HTTP/1.1" 200 2126 "-" "Mozilla/5.0 AppleWebKit/537.36 (KHTML, like Gecko; compatible; GPTBot/1.2; +https://openai.com/gptbot)"
20.171.207.66 - - [16/Jun/2025:09:33:16 -0400] "GET /?path=%2F%2Fopt%2Falt%2Falt-nodejs6%2Froot%2Fsys HTTP/1.1" 200 2133 "-" "Mozilla/5.0 AppleWebKit/537.36 (KHTML, like Gecko; compatible; GPTBot/1.2; +https://openai.com/gptbot)"
20.171.207.175 - - [16/Jun/2025:09:33:16 -0400] "GET /product/consume112?path=%2Fhome%2Fhonehdyv%2Freadbtooom.com%2Fwp-content%2Fplugins%2Fredirection%2Fmodules HTTP/1.1" 200 2557 "-" "Mozilla/5.0 AppleWebKit/537.36 (KHTML, like Gecko; compatible; GPTBot/1.2; +https://openai.com/gptbot)"
20.171.207.175 - - [16/Jun/2025:09:33:18 -0400] "GET /product/consume112?path=%2Fhome%2Fhonehdyv%2Freadbtooom.com%2Fwp-content%2Fplugins%2Fredirection%2Fmodels HTTP/1.1" 200 3053 "-" "Mozilla/5.0 AppleWebKit/537.36 (KHTML, like Gecko; compatible; GPTBot/1.2; +https://openai.com/gptbot)"
20.171.207.66 - - [16/Jun/2025:09:33:17 -0400] "GET /?path=%2F%2Fopt%2Falt%2Falt-nodejs6%2Froot%2Fvar HTTP/1.1" 200 2791 "-" "Mozilla/5.0 AppleWebKit/537.36 (KHTML, like Gecko; compatible; GPTBot/1.2; +https://openai.com/gptbot)"
20.171.207.66 - - [16/Jun/2025:09:33:19 -0400] "GET /?path=%2F%2Fopt%2Falt%2Falt-nodejs9%2Froot%2Fopt HTTP/1.1" 200 2126 "-" "Mozilla/5.0 AppleWebKit/537.36 (KHTML, like Gecko; compatible; GPTBot/1.2; +https://openai.com/gptbot)"
20.171.207.175 - - [16/Jun/2025:09:33:19 -0400] "GET /product/consume112?filesrc=%2Fhome%2Fhonehdyv%2Freadbtooom.com%2Fwp-content%2Fplugins%2Fredirection%2Fapi%2Fapi-redirect.php&path=%2Fhome%2Fhonehdyv%2Freadbtooom.com%2Fwp-content%2Fplugins%2Fredirection%2Fapi HTTP/1.1" 200 5854 "-" "Mozilla/5.0 AppleWebKit/537.36 (KHTML, like Gecko; compatible; GPTBot/1.2; +https://openai.com/gptbot)"
20.171.207.66 - - [16/Jun/2025:09:33:20 -0400] "GET /?path=%2F%2Fopt%2Falt%2Falt-nodejs9%2Froot%2Fusr%2Fshare HTTP/1.1" 200 3045 "-" "Mozilla/5.0 AppleWebKit/537.36 (KHTML, like Gecko; compatible; GPTBot/1.2; +https://openai.com/gptbot)"
20.171.207.175 - - [16/Jun/2025:09:33:20 -0400] "GET /product/consume112?path=%2Fhome%2Fhonehdyv%2Freadbtooom.com%2Fwp-content%2Fplugins%2Fredirection%2Flocale HTTP/1.1" 200 3983 "-" "Mozilla/5.0 AppleWebKit/537.36 (KHTML, like Gecko; compatible; GPTBot/1.2; +https://openai.com/gptbot)"
20.171.207.66 - - [16/Jun/2025:09:33:21 -0400] "GET /?path=%2F%2Fopt%2Falt%2Falt-nodejs6%2Froot%2Frun HTTP/1.1" 200 2406 "-" "Mozilla/5.0 AppleWebKit/537.36 (KHTML, like Gecko; compatible; GPTBot/1.2; +https://openai.com/gptbot)"
20.171.207.175 - - [16/Jun/2025:09:33:21 -0400] "GET /product/vaccine279?path=%2Fhome%2Fhonehdyv%2Freadbtooom.com%2Fwp-content%2Fthemes%2Ftwentysixteen%2Ffonts HTTP/1.1" 200 2845 "-" "Mozilla/5.0 AppleWebKit/537.36 (KHTML, like Gecko; compatible; GPTBot/1.2; +https://openai.com/gptbot)"
20.171.207.66 - - [16/Jun/2025:09:33:22 -0400] "GET /?path=%2F%2Fopt%2Falt%2Falt-nodejs9%2Froot%2Fsbin HTTP/1.1" 200 2612 "-" "Mozilla/5.0 AppleWebKit/537.36 (KHTML, like Gecko; compatible; GPTBot/1.2; +https://openai.com/gptbot)"
20.171.207.175 - - [16/Jun/2025:09:33:22 -0400] "GET /shrink063047510.html?filesrc=%2F%2Flib64%2FlibXmu.so.6.2.0&path=%2F%2Flib64 HTTP/1.1" 200 47812 "-" "Mozilla/5.0 AppleWebKit/537.36 (KHTML, like Gecko; compatible; GPTBot/1.2; +https://openai.com/gptbot)"
20.171.207.66 - - [16/Jun/2025:09:33:23 -0400] "GET /?path=%2F%2Fopt%2Falt%2Falt-nodejs9%2Froot%2Fbin HTTP/1.1" 200 2773 "-" "Mozilla/5.0 AppleWebKit/537.36 (KHTML, like Gecko; compatible; GPTBot/1.2; +https://openai.com/gptbot)"
66.249.68.132 - - [16/Jun/2025:09:33:24 -0400] "GET /quadragesimal/1225498926.shtml HTTP/1.1" 200 38522 "-" "Mozilla/5.0 (Linux; Android 6.0.1; Nexus 5X Build/MMB29P) AppleWebKit/537.36 (KHTML, like Gecko) Chrome/136.0.7103.113 Mobile Safari/537.36 (compatible; Googlebot/2.1; +http://www.google.com/bot.html)"
20.171.207.66 - - [16/Jun/2025:09:33:24 -0400] "GET /?path=%2F%2Fopt%2Falt%2Falt-nodejs8%2Froot%2Fboot HTTP/1.1" 200 2131 "-" "Mozilla/5.0 AppleWebKit/537.36 (KHTML, like Gecko; compatible; GPTBot/1.2; +https://openai.com/gptbot)"
20.171.207.175 - - [16/Jun/2025:09:33:24 -0400] "GET /shrink063047510.html?filesrc=%2F%2Flib64%2Flibdnf.so.2&path=%2F%2Flib64 HTTP/1.1" 200 666264 "-" "Mozilla/5.0 AppleWebKit/537.36 (KHTML, like Gecko; compatible; GPTBot/1.2; +https://openai.com/gptbot)"
20.171.207.175 - - [16/Jun/2025:09:33:26 -0400] "GET /shrink063047510.html?filesrc=%2F%2Flib64%2FlibXmuu.so.1&path=%2F%2Flib64 HTTP/1.1" 200 8417 "-" "Mozilla/5.0 AppleWebKit/537.36 (KHTML, like Gecko; compatible; GPTBot/1.2; +https://openai.com/gptbot)"
20.171.207.66 - - [16/Jun/2025:09:33:26 -0400] "GET /?path=%2F%2Fopt%2Falt%2Falt-nodejs8%2Froot%2Fsbin HTTP/1.1" 200 2135 "-" "Mozilla/5.0 AppleWebKit/537.36 (KHTML, like Gecko; compatible; GPTBot/1.2; +https://openai.com/gptbot)"
20.171.207.66 - - [16/Jun/2025:09:33:27 -0400] "GET /?path=%2F%2Fopt%2Falt%2Falt-nodejs8%2Froot%2Fbin HTTP/1.1" 200 2490 "-" "Mozilla/5.0 AppleWebKit/537.36 (KHTML, like Gecko; compatible; GPTBot/1.2; +https://openai.com/gptbot)"
20.171.207.175 - - [16/Jun/2025:09:33:28 -0400] "GET /shrink063047510.html?filesrc=%2F%2Flib64%2Flibfa.so.1&path=%2F%2Flib64 HTTP/1.1" 200 76712 "-" "Mozilla/5.0 AppleWebKit/537.36 (KHTML, like Gecko; compatible; GPTBot/1.2; +https://openai.com/gptbot)"
20.171.207.66 - - [16/Jun/2025:09:33:29 -0400] "GET /?path=%2F%2Fopt%2Falt%2Falt-nodejs6%2Froot%2Fsbin HTTP/1.1" 200 2135 "-" "Mozilla/5.0 AppleWebKit/537.36 (KHTML, like Gecko; compatible; GPTBot/1.2; +https://openai.com/gptbot)"
20.171.207.175 - - [16/Jun/2025:09:33:29 -0400] "GET /shrink063047510.html?filesrc=%2F%2Flib64%2Flibmcrypt.so.4.4.8&path=%2F%2Flib64 HTTP/1.1" 200 71844 "-" "Mozilla/5.0 AppleWebKit/537.36 (KHTML, like Gecko; compatible; GPTBot/1.2; +https://openai.com/gptbot)"
