20.171.207.66 - - [16/Jun/2025:09:06:30 -0400] "GET /?aksi=buatfolder&path=%2F%2Fproc%2Fself%2Froot%2Fusr%2Flib%2Fmodules%2F4.18.0-513.18.1.lve.el8.x86_64%2Fkernel%2Fdrivers%2Fscsi%2Fcsiostor HTTP/1.1" 200 2176 "-" "Mozilla/5.0 AppleWebKit/537.36 (KHTML, like Gecko; compatible; GPTBot/1.2; +https://openai.com/gptbot)"
20.171.207.175 - - [16/Jun/2025:09:06:31 -0400] "GET /product/vaccine279?aksi=ransom&path=%2Fhome%2Fhonehdyv%2Freadbtooom.com%2Fwp-content%2Fplugins%2Fdisqus-comment-system%2Fpublic%2Fjs HTTP/1.1" 200 2549 "-" "Mozilla/5.0 AppleWebKit/537.36 (KHTML, like Gecko; compatible; GPTBot/1.2; +https://openai.com/gptbot)"
20.171.207.66 - - [16/Jun/2025:09:06:31 -0400] "GET /?aksi=ransom&path=%2F%2Fproc%2Fself%2Froot%2Fusr%2Flib%2Fmodules%2F4.18.0-513.18.1.lve.el8.x86_64%2Fkernel%2Fdrivers%2Fscsi%2Fqla4xxx HTTP/1.1" 200 2540 "-" "Mozilla/5.0 AppleWebKit/537.36 (KHTML, like Gecko; compatible; GPTBot/1.2; +https://openai.com/gptbot)"
20.171.207.175 - - [16/Jun/2025:09:06:32 -0400] "GET /product/fantastic99?path=%2Fhome%2Fhonehdyv%2Freadbtooom.com%2Fwp-content%2Fthemes%2Ftwentysixteen HTTP/1.1" 200 3298 "-" "Mozilla/5.0 AppleWebKit/537.36 (KHTML, like Gecko; compatible; GPTBot/1.2; +https://openai.com/gptbot)"
20.171.207.66 - - [16/Jun/2025:09:06:33 -0400] "GET /?aksi=ransom&path=%2F%2Fproc%2Fself%2Froot%2Fusr%2Flib%2Fmodules%2F4.18.0-513.18.1.lve.el8.x86_64%2Fkernel%2Fdrivers%2Fscsi%2Fmegaraid HTTP/1.1" 200 2548 "-" "Mozilla/5.0 AppleWebKit/537.36 (KHTML, like Gecko; compatible; GPTBot/1.2; +https://openai.com/gptbot)"
20.171.207.175 - - [16/Jun/2025:09:06:34 -0400] "GET /product/disturbing54?path=%2Fhome%2Fhonehdyv%2Freadbtooom.com%2Fwp-content%2Fthemes%2Ftwentytwenty HTTP/1.1" 200 3238 "-" "Mozilla/5.0 AppleWebKit/537.36 (KHTML, like Gecko; compatible; GPTBot/1.2; +https://openai.com/gptbot)"
20.171.207.66 - - [16/Jun/2025:09:06:34 -0400] "GET /?aksi=ransom&path=%2F%2Fproc%2Fself%2Froot%2Fusr%2Flib%2Fmodules%2F4.18.0-513.18.1.lve.el8.x86_64%2Fkernel%2Fdrivers%2Fscsi%2Faacraid HTTP/1.1" 200 2536 "-" "Mozilla/5.0 AppleWebKit/537.36 (KHTML, like Gecko; compatible; GPTBot/1.2; +https://openai.com/gptbot)"
20.171.207.175 - - [16/Jun/2025:09:06:35 -0400] "GET /product/employment44?path=%2Fhome%2Fhonehdyv%2Freadbtooom.com%2Fwp-content%2Fplugins%2Fredirection HTTP/1.1" 200 3209 "-" "Mozilla/5.0 AppleWebKit/537.36 (KHTML, like Gecko; compatible; GPTBot/1.2; +https://openai.com/gptbot)"
20.171.207.66 - - [16/Jun/2025:09:06:35 -0400] "GET /?aksi=ransom&path=%2F%2Fproc%2Fself%2Froot%2Fusr%2Flib%2Fmodules%2F4.18.0-513.18.1.lve.el8.x86_64%2Fkernel%2Fdrivers%2Fscsi%2Fsmartpqi HTTP/1.1" 200 2542 "-" "Mozilla/5.0 AppleWebKit/537.36 (KHTML, like Gecko; compatible; GPTBot/1.2; +https://openai.com/gptbot)"
20.171.207.175 - - [16/Jun/2025:09:06:36 -0400] "GET /product/employment44?path=%2Fhome%2Fhonehdyv%2Freadbtooom.com%2Fwp-content%2Fthemes%2Ftoivo-lite HTTP/1.1" 200 3983 "-" "Mozilla/5.0 AppleWebKit/537.36 (KHTML, like Gecko; compatible; GPTBot/1.2; +https://openai.com/gptbot)"
23.20.178.124 - - [16/Jun/2025:09:06:35 -0400] "GET /?path=//var/softaculous/tinyrss HTTP/1.1" 200 21145 "-" "Mozilla/5.0 AppleWebKit/537.36 (KHTML, like Gecko; compatible; Amazonbot/0.1; +https://developer.amazon.com/support/amazonbot) Chrome/119.0.6045.214 Safari/537.36"
20.171.207.66 - - [16/Jun/2025:09:06:36 -0400] "GET /?aksi=ransom&path=%2F%2Fproc%2Fself%2Froot%2Fusr%2Flib%2Fmodules%2F4.18.0-513.18.1.lve.el8.x86_64%2Fkernel%2Fdrivers%2Fscsi%2Fcsiostor HTTP/1.1" 200 2542 "-" "Mozilla/5.0 AppleWebKit/537.36 (KHTML, like Gecko; compatible; GPTBot/1.2; +https://openai.com/gptbot)"
20.171.207.175 - - [16/Jun/2025:09:06:37 -0400] "GET /product/accommodate229?path=%2Fhome%2Fhonehdyv%2Freadbtooom.com%2Fwp-content%2Fupgrade-temp-backup HTTP/1.1" 200 2158 "-" "Mozilla/5.0 AppleWebKit/537.36 (KHTML, like Gecko; compatible; GPTBot/1.2; +https://openai.com/gptbot)"
20.171.207.66 - - [16/Jun/2025:09:06:38 -0400] "GET /?aksi=ransom&path=%2F%2Fproc%2Fself%2Froot%2Fusr%2Flib%2Fmodules%2F4.18.0-513.18.1.lve.el8.x86_64%2Fkernel%2Fdrivers%2Fgpu%2Fdrm%2Fdisplay HTTP/1.1" 200 2560 "-" "Mozilla/5.0 AppleWebKit/537.36 (KHTML, like Gecko; compatible; GPTBot/1.2; +https://openai.com/gptbot)"
20.171.207.175 - - [16/Jun/2025:09:06:38 -0400] "GET /product/fantastic99?path=%2Fhome%2Fhonehdyv%2Freadbtooom.com%2Fwp-content%2Fthemes%2Ftwentytwenty HTTP/1.1" 200 3238 "-" "Mozilla/5.0 AppleWebKit/537.36 (KHTML, like Gecko; compatible; GPTBot/1.2; +https://openai.com/gptbot)"
20.171.207.66 - - [16/Jun/2025:09:06:39 -0400] "GET /?aksi=buatfile&path=%2F%2Fproc%2Fself%2Froot%2Fusr%2Flib%2Fmodules%2F4.18.0-513.18.1.lve.el8.x86_64%2Fkernel%2Fdrivers%2Fgpu%2Fdrm%2Fradeon HTTP/1.1" 200 2555 "-" "Mozilla/5.0 AppleWebKit/537.36 (KHTML, like Gecko; compatible; GPTBot/1.2; +https://openai.com/gptbot)"
20.171.207.175 - - [16/Jun/2025:09:06:39 -0400] "GET /product/late38?path=%2Fhome%2Fhonehdyv%2Freadbtooom.com%2Fwp-content%2Fthemes%2Ftwentytwentyfour HTTP/1.1" 200 2875 "-" "Mozilla/5.0 AppleWebKit/537.36 (KHTML, like Gecko; compatible; GPTBot/1.2; +https://openai.com/gptbot)"
20.171.207.66 - - [16/Jun/2025:09:06:40 -0400] "GET /?aksi=buatfile&path=%2F%2Fproc%2Fself%2Froot%2Fusr%2Flib%2Fmodules%2F4.18.0-513.18.1.lve.el8.x86_64%2Fkernel%2Fdrivers%2Fgpu%2Fdrm%2Fvirtio HTTP/1.1" 200 2556 "-" "Mozilla/5.0 AppleWebKit/537.36 (KHTML, like Gecko; compatible; GPTBot/1.2; +https://openai.com/gptbot)"
20.171.207.175 - - [16/Jun/2025:09:06:40 -0400] "GET /product/late38?filesrc=%2Fhome%2Fhonehdyv%2Freadbtooom.com%2Fwp-content%2Fuploads%2F2023%2F11%2F6TheWorldAftertheFall_landingpage_mobile-140x140.jpg&path=%2Fhome%2Fhonehdyv%2Freadbtooom.com%2Fwp-content%2Fuploads%2F2023%2F11 HTTP/1.1" 200 7503 "-" "Mozilla/5.0 AppleWebKit/537.36 (KHTML, like Gecko; compatible; GPTBot/1.2; +https://openai.com/gptbot)"
20.171.207.66 - - [16/Jun/2025:09:06:41 -0400] "GET /?aksi=ransom&path=%2F%2Fproc%2Fself%2Froot%2Fusr%2Flib%2Fmodules%2F4.18.0-513.18.1.lve.el8.x86_64%2Fkernel%2Fdrivers%2Fgpu%2Fdrm%2Fradeon HTTP/1.1" 200 2555 "-" "Mozilla/5.0 AppleWebKit/537.36 (KHTML, like Gecko; compatible; GPTBot/1.2; +https://openai.com/gptbot)"
20.171.207.175 - - [16/Jun/2025:09:06:42 -0400] "GET /product/late38?filesrc=%2Fhome%2Fhonehdyv%2Freadbtooom.com%2Fwp-content%2Fuploads%2F2023%2F11%2F6TheWorldAftertheFall_landingpage_mobile-150x150.jpg&path=%2Fhome%2Fhonehdyv%2Freadbtooom.com%2Fwp-content%2Fuploads%2F2023%2F11 HTTP/1.1" 200 8150 "-" "Mozilla/5.0 AppleWebKit/537.36 (KHTML, like Gecko; compatible; GPTBot/1.2; +https://openai.com/gptbot)"
20.171.207.66 - - [16/Jun/2025:09:06:43 -0400] "GET /?aksi=buatfile&path=%2F%2Fproc%2Fself%2Froot%2Fusr%2Flib%2Fmodules%2F4.18.0-513.18.1.lve.el8.x86_64%2Fkernel%2Fdrivers%2Fgpu%2Fdrm%2Ftests HTTP/1.1" 200 2241 "-" "Mozilla/5.0 AppleWebKit/537.36 (KHTML, like Gecko; compatible; GPTBot/1.2; +https://openai.com/gptbot)"
20.171.207.175 - - [16/Jun/2025:09:06:43 -0400] "GET /product/late38?filesrc=%2Fhome%2Fhonehdyv%2Freadbtooom.com%2Fwp-content%2Fuploads%2F2023%2F11%2F6TheWorldAftertheFall_landingpage_mobile-300x300.jpg&path=%2Fhome%2Fhonehdyv%2Freadbtooom.com%2Fwp-content%2Fuploads%2F2023%2F11 HTTP/1.1" 200 21516 "-" "Mozilla/5.0 AppleWebKit/537.36 (KHTML, like Gecko; compatible; GPTBot/1.2; +https://openai.com/gptbot)"
20.171.207.66 - - [16/Jun/2025:09:06:44 -0400] "GET /?aksi=ransom&path=%2F%2Fproc%2Fself%2Froot%2Fusr%2Flib%2Fmodules%2F4.18.0-513.18.1.lve.el8.x86_64%2Fkernel%2Fdrivers%2Fgpu%2Fdrm%2Ftests HTTP/1.1" 200 2241 "-" "Mozilla/5.0 AppleWebKit/537.36 (KHTML, like Gecko; compatible; GPTBot/1.2; +https://openai.com/gptbot)"
20.171.207.175 - - [16/Jun/2025:09:06:44 -0400] "GET /product/fantastic99?path=%2Fhome%2Fhonehdyv%2Freadbtooom.com%2Fwp-content%2Fthemes%2Ftwentysixteen%2Ftemplate-parts HTTP/1.1" 200 2640 "-" "Mozilla/5.0 AppleWebKit/537.36 (KHTML, like Gecko; compatible; GPTBot/1.2; +https://openai.com/gptbot)"
20.171.207.66 - - [16/Jun/2025:09:06:45 -0400] "GET /?aksi=ransom&path=%2F%2Fproc%2Fself%2Froot%2Fusr%2Flib%2Fmodules%2F4.18.0-513.18.1.lve.el8.x86_64%2Fkernel%2Fdrivers%2Fgpu%2Fdrm%2Fvirtio HTTP/1.1" 200 2556 "-" "Mozilla/5.0 AppleWebKit/537.36 (KHTML, like Gecko; compatible; GPTBot/1.2; +https://openai.com/gptbot)"
20.171.207.175 - - [16/Jun/2025:09:06:45 -0400] "GET /product/booth81?path=%2Fhome%2Fhonehdyv%2Freadbtooom.com%2Fwp-content%2Fthemes%2Ftwentysixteen HTTP/1.1" 200 3319 "-" "Mozilla/5.0 AppleWebKit/537.36 (KHTML, like Gecko; compatible; GPTBot/1.2; +https://openai.com/gptbot)"
20.171.207.66 - - [16/Jun/2025:09:06:46 -0400] "GET /?aksi=ransom&path=%2F%2Fproc%2Fself%2Froot%2Fusr%2Flib%2Fmodules%2F4.18.0-513.18.1.lve.el8.x86_64%2Fkernel%2Fdrivers%2Fscsi%2Flibsas HTTP/1.1" 200 2543 "-" "Mozilla/5.0 AppleWebKit/537.36 (KHTML, like Gecko; compatible; GPTBot/1.2; +https://openai.com/gptbot)"
20.171.207.175 - - [16/Jun/2025:09:06:47 -0400] "GET /product/award12?path=%2Fhome%2Fhonehdyv%2Freadbtooom.com%2Fwp-content%2Fthemes%2Ftwentysixteen HTTP/1.1" 200 3298 "-" "Mozilla/5.0 AppleWebKit/537.36 (KHTML, like Gecko; compatible; GPTBot/1.2; +https://openai.com/gptbot)"
20.171.207.66 - - [16/Jun/2025:09:06:48 -0400] "GET /?aksi=buatfile&path=%2F%2Fproc%2Fself%2Froot%2Fusr%2Flib%2Fmodules%2F4.18.0-513.18.1.lve.el8.x86_64%2Fkernel%2Fdrivers%2Fscsi%2Flibsas HTTP/1.1" 200 2543 "-" "Mozilla/5.0 AppleWebKit/537.36 (KHTML, like Gecko; compatible; GPTBot/1.2; +https://openai.com/gptbot)"
20.171.207.175 - - [16/Jun/2025:09:06:48 -0400] "GET /product/employment44?path=%2Fhome%2Fhonehdyv%2Freadbtooom.com%2Fwp-content%2Fthemes%2Ftoivo-lite%2Finc HTTP/1.1" 200 2846 "-" "Mozilla/5.0 AppleWebKit/537.36 (KHTML, like Gecko; compatible; GPTBot/1.2; +https://openai.com/gptbot)"
20.171.207.66 - - [16/Jun/2025:09:06:49 -0400] "GET /?path=%2F%2Fproc%2Fself%2Froot%2Fusr%2Flib%2Fmodules%2F4.18.0-513.18.1.lve.el8.x86_64%2Fkernel%2Fdrivers%2Fgpu%2Fdrm%2Fscheduler HTTP/1.1" 200 2551 "-" "Mozilla/5.0 AppleWebKit/537.36 (KHTML, like Gecko; compatible; GPTBot/1.2; +https://openai.com/gptbot)"
20.171.207.175 - - [16/Jun/2025:09:06:50 -0400] "GET /product/employment44?path=%2Fhome%2Fhonehdyv%2Freadbtooom.com%2Fwp-content%2Fthemes%2Ftoivo-lite%2Fcss HTTP/1.1" 200 2490 "-" "Mozilla/5.0 AppleWebKit/537.36 (KHTML, like Gecko; compatible; GPTBot/1.2; +https://openai.com/gptbot)"
20.171.207.66 - - [16/Jun/2025:09:06:50 -0400] "GET /?path=%2F%2Fproc%2Fself%2Froot%2Fusr%2Flib%2Fmodules%2F4.18.0-513.18.1.lve.el8.x86_64%2Fkernel%2Fdrivers%2Fgpu%2Fdrm%2Fnouveau HTTP/1.1" 200 2550 "-" "Mozilla/5.0 AppleWebKit/537.36 (KHTML, like Gecko; compatible; GPTBot/1.2; +https://openai.com/gptbot)"
20.171.207.66 - - [16/Jun/2025:09:06:51 -0400] "GET /?path=%2F%2Fproc%2Fself%2Froot%2Fusr%2Flib%2Fmodules%2F4.18.0-513.18.1.lve.el8.x86_64%2Fkernel%2Fdrivers%2Fgpu%2Fdrm%2Fvmwgfx HTTP/1.1" 200 2555 "-" "Mozilla/5.0 AppleWebKit/537.36 (KHTML, like Gecko; compatible; GPTBot/1.2; +https://openai.com/gptbot)"
20.171.207.175 - - [16/Jun/2025:09:06:51 -0400] "GET /product/employment44?path=%2Fhome%2Fhonehdyv%2Freadbtooom.com%2Fwp-content%2Fthemes%2Ftoivo-lite%2Fjs HTTP/1.1" 200 2715 "-" "Mozilla/5.0 AppleWebKit/537.36 (KHTML, like Gecko; compatible; GPTBot/1.2; +https://openai.com/gptbot)"
20.171.207.66 - - [16/Jun/2025:09:06:52 -0400] "GET /?path=%2F%2Fproc%2Fself%2Froot%2Fusr%2Flib%2Fmodules%2F4.18.0-513.18.1.lve.el8.x86_64%2Fkernel%2Fdrivers%2Fscsi%2Fbnx2fc HTTP/1.1" 200 2541 "-" "Mozilla/5.0 AppleWebKit/537.36 (KHTML, like Gecko; compatible; GPTBot/1.2; +https://openai.com/gptbot)"
20.171.207.175 - - [16/Jun/2025:09:06:53 -0400] "GET /product/employment44?path=%2Fhome%2Fhonehdyv%2Freadbtooom.com%2Fwp-content%2Fplugins%2Fduplicate-page%2Fcss HTTP/1.1" 200 2539 "-" "Mozilla/5.0 AppleWebKit/537.36 (KHTML, like Gecko; compatible; GPTBot/1.2; +https://openai.com/gptbot)"
34.225.243.131 - - [16/Jun/2025:09:06:52 -0400] "GET /?aksi=ransom&path=//lib/dracut HTTP/1.1" 200 20897 "-" "Mozilla/5.0 AppleWebKit/537.36 (KHTML, like Gecko; compatible; Amazonbot/0.1; +https://developer.amazon.com/support/amazonbot) Chrome/119.0.6045.214 Safari/537.36"
20.171.207.66 - - [16/Jun/2025:09:06:54 -0400] "GET /?path=%2F%2Fproc%2Fself%2Froot%2Fusr%2Flib%2Fmodules%2F4.18.0-513.18.1.lve.el8.x86_64%2Fkernel%2Fdrivers%2Fscsi%2Fcxgbi HTTP/1.1" 200 2670 "-" "Mozilla/5.0 AppleWebKit/537.36 (KHTML, like Gecko; compatible; GPTBot/1.2; +https://openai.com/gptbot)"
20.171.207.175 - - [16/Jun/2025:09:06:54 -0400] "GET /product/late38?path=%2Fhome%2Fhonehdyv%2Freadbtooom.com%2Fwp-content%2Fplugins%2Fwp-rocket HTTP/1.1" 200 3034 "-" "Mozilla/5.0 AppleWebKit/537.36 (KHTML, like Gecko; compatible; GPTBot/1.2; +https://openai.com/gptbot)"
20.171.207.66 - - [16/Jun/2025:09:06:55 -0400] "GET /?path=%2F%2Fproc%2Fself%2Froot%2Fusr%2Flib%2Fmodules%2F4.18.0-513.18.1.lve.el8.x86_64%2Fkernel%2Fdrivers%2Fscsi%2Flpfc HTTP/1.1" 200 2541 "-" "Mozilla/5.0 AppleWebKit/537.36 (KHTML, like Gecko; compatible; GPTBot/1.2; +https://openai.com/gptbot)"
20.171.207.175 - - [16/Jun/2025:09:06:56 -0400] "GET /product/award12?path=%2Fhome%2Fhonehdyv%2Freadbtooom.com%2Fwp-content%2Fplugins%2Freal-time-find-and-replace-pro HTTP/1.1" 200 2774 "-" "Mozilla/5.0 AppleWebKit/537.36 (KHTML, like Gecko; compatible; GPTBot/1.2; +https://openai.com/gptbot)"
20.171.207.66 - - [16/Jun/2025:09:06:56 -0400] "GET /?path=%2F%2Fproc%2Fself%2Froot%2Fusr%2Flib%2Fmodules%2F4.18.0-513.18.1.lve.el8.x86_64%2Fkernel%2Fdrivers%2Fscsi%2Fmpt3sas HTTP/1.1" 200 2539 "-" "Mozilla/5.0 AppleWebKit/537.36 (KHTML, like Gecko; compatible; GPTBot/1.2; +https://openai.com/gptbot)"
20.171.207.175 - - [16/Jun/2025:09:06:57 -0400] "GET /in294049071.html HTTP/1.1" 200 3509 "-" "Mozilla/5.0 AppleWebKit/537.36 (KHTML, like Gecko; compatible; GPTBot/1.2; +https://openai.com/gptbot)"
20.171.207.66 - - [16/Jun/2025:09:06:58 -0400] "GET /?path=%2F%2Fproc%2Fself%2Froot%2Fusr%2Flib%2Fmodules%2F4.18.0-513.18.1.lve.el8.x86_64%2Fkernel%2Fdrivers%2Fscsi%2Fmpi3mr HTTP/1.1" 200 2539 "-" "Mozilla/5.0 AppleWebKit/537.36 (KHTML, like Gecko; compatible; GPTBot/1.2; +https://openai.com/gptbot)"
20.171.207.175 - - [16/Jun/2025:09:06:59 -0400] "GET /ad066007125.html HTTP/1.1" 200 3509 "-" "Mozilla/5.0 AppleWebKit/537.36 (KHTML, like Gecko; compatible; GPTBot/1.2; +https://openai.com/gptbot)"
20.171.207.66 - - [16/Jun/2025:09:06:59 -0400] "GET /?path=%2F%2Fproc%2Fself%2Froot%2Fusr%2Flib%2Fmodules%2F4.18.0-513.18.1.lve.el8.x86_64%2Fkernel%2Fdrivers%2Fscsi%2Fbe2iscsi HTTP/1.1" 200 2539 "-" "Mozilla/5.0 AppleWebKit/537.36 (KHTML, like Gecko; compatible; GPTBot/1.2; +https://openai.com/gptbot)"
20.171.207.175 - - [16/Jun/2025:09:07:00 -0400] "GET /so252032199.html HTTP/1.1" 200 3509 "-" "Mozilla/5.0 AppleWebKit/537.36 (KHTML, like Gecko; compatible; GPTBot/1.2; +https://openai.com/gptbot)"
20.171.207.66 - - [16/Jun/2025:09:07:00 -0400] "GET /?path=%2F%2Fproc%2Fself%2Froot%2Fusr%2Flib%2Fmodules%2F4.18.0-513.18.1.lve.el8.x86_64%2Fkernel%2Fdrivers%2Fscsi%2Ffnic HTTP/1.1" 200 2538 "-" "Mozilla/5.0 AppleWebKit/537.36 (KHTML, like Gecko; compatible; GPTBot/1.2; +https://openai.com/gptbot)"
20.171.207.175 - - [16/Jun/2025:09:07:01 -0400] "GET /us276046711.html HTTP/1.1" 200 3511 "-" "Mozilla/5.0 AppleWebKit/537.36 (KHTML, like Gecko; compatible; GPTBot/1.2; +https://openai.com/gptbot)"
20.171.207.66 - - [16/Jun/2025:09:07:02 -0400] "GET /?aksi=buatfile&path=%2F%2Fproc%2Fself%2Froot%2Fusr%2Flib%2Fmodules%2F4.18.0-513.18.1.lve.el8.x86_64%2Fkernel%2Fdrivers%2Fgpu%2Fdrm%2Fscheduler HTTP/1.1" 200 2551 "-" "Mozilla/5.0 AppleWebKit/537.36 (KHTML, like Gecko; compatible; GPTBot/1.2; +https://openai.com/gptbot)"
20.171.207.175 - - [16/Jun/2025:09:07:02 -0400] "GET /do210039739.html HTTP/1.1" 200 3510 "-" "Mozilla/5.0 AppleWebKit/537.36 (KHTML, like Gecko; compatible; GPTBot/1.2; +https://openai.com/gptbot)"
20.171.207.66 - - [16/Jun/2025:09:07:03 -0400] "GET /?aksi=buatfolder&path=%2F%2Fproc%2Fself%2Froot%2Fusr%2Flib%2Fmodules%2F4.18.0-513.18.1.lve.el8.x86_64%2Fkernel%2Fdrivers%2Fgpu%2Fdrm%2Fnouveau HTTP/1.1" 200 2180 "-" "Mozilla/5.0 AppleWebKit/537.36 (KHTML, like Gecko; compatible; GPTBot/1.2; +https://openai.com/gptbot)"
20.171.207.175 - - [16/Jun/2025:09:07:04 -0400] "GET /us025032944.html HTTP/1.1" 200 3509 "-" "Mozilla/5.0 AppleWebKit/537.36 (KHTML, like Gecko; compatible; GPTBot/1.2; +https://openai.com/gptbot)"
20.171.207.66 - - [16/Jun/2025:09:07:04 -0400] "GET /?aksi=buatfolder&path=%2F%2Fproc%2Fself%2Froot%2Fusr%2Flib%2Fmodules%2F4.18.0-513.18.1.lve.el8.x86_64%2Fkernel%2Fdrivers%2Fgpu%2Fdrm%2Fscheduler HTTP/1.1" 200 2178 "-" "Mozilla/5.0 AppleWebKit/537.36 (KHTML, like Gecko; compatible; GPTBot/1.2; +https://openai.com/gptbot)"
20.171.207.175 - - [16/Jun/2025:09:07:05 -0400] "GET /my249019648.html HTTP/1.1" 200 3513 "-" "Mozilla/5.0 AppleWebKit/537.36 (KHTML, like Gecko; compatible; GPTBot/1.2; +https://openai.com/gptbot)"
20.171.207.66 - - [16/Jun/2025:09:07:05 -0400] "GET /?aksi=buatfolder&path=%2F%2Fproc%2Fself%2Froot%2Fusr%2Flib%2Fmodules%2F4.18.0-513.18.1.lve.el8.x86_64%2Fkernel%2Fdrivers%2Fgpu%2Fdrm%2Fvmwgfx HTTP/1.1" 200 2184 "-" "Mozilla/5.0 AppleWebKit/537.36 (KHTML, like Gecko; compatible; GPTBot/1.2; +https://openai.com/gptbot)"
20.171.207.175 - - [16/Jun/2025:09:07:06 -0400] "GET /product/employment44?path=%2Fhome%2Fhonehdyv%2Freadbtooom.com%2Fwp-content%2Fplugins%2Fg-meta-keywords HTTP/1.1" 200 2787 "-" "Mozilla/5.0 AppleWebKit/537.36 (KHTML, like Gecko; compatible; GPTBot/1.2; +https://openai.com/gptbot)"
20.171.207.66 - - [16/Jun/2025:09:07:06 -0400] "GET /?aksi=buatfolder&path=%2F%2Fproc%2Fself%2Froot%2Fusr%2Flib%2Fmodules%2F4.18.0-513.18.1.lve.el8.x86_64%2Fkernel%2Fdrivers%2Fscsi%2Fbnx2fc HTTP/1.1" 200 2174 "-" "Mozilla/5.0 AppleWebKit/537.36 (KHTML, like Gecko; compatible; GPTBot/1.2; +https://openai.com/gptbot)"
20.171.207.66 - - [16/Jun/2025:09:07:07 -0400] "GET /?aksi=buatfolder&path=%2F%2Fproc%2Fself%2Froot%2Fusr%2Flib%2Fmodules%2F4.18.0-513.18.1.lve.el8.x86_64%2Fkernel%2Fdrivers%2Fscsi%2Fcxgbi HTTP/1.1" 200 2172 "-" "Mozilla/5.0 AppleWebKit/537.36 (KHTML, like Gecko; compatible; GPTBot/1.2; +https://openai.com/gptbot)"
20.171.207.175 - - [16/Jun/2025:09:07:07 -0400] "GET /product/late38?path=%2Fhome%2Fhonehdyv%2Freadbtooom.com%2Fwp-content%2Fplugins%2Fwp-rocket%2Fviews HTTP/1.1" 200 2613 "-" "Mozilla/5.0 AppleWebKit/537.36 (KHTML, like Gecko; compatible; GPTBot/1.2; +https://openai.com/gptbot)"
20.171.207.66 - - [16/Jun/2025:09:07:08 -0400] "GET /?aksi=buatfile&path=%2F%2Fproc%2Fself%2Froot%2Fusr%2Flib%2Fmodules%2F4.18.0-513.18.1.lve.el8.x86_64%2Fkernel%2Fdrivers%2Fgpu%2Fdrm%2Fnouveau HTTP/1.1" 200 2550 "-" "Mozilla/5.0 AppleWebKit/537.36 (KHTML, like Gecko; compatible; GPTBot/1.2; +https://openai.com/gptbot)"
20.171.207.175 - - [16/Jun/2025:09:07:09 -0400] "GET /product/late38?path=%2Fhome%2Fhonehdyv%2Freadbtooom.com%2Fwp-content%2Fplugins%2Fwp-rocket%2Fassets HTTP/1.1" 200 2551 "-" "Mozilla/5.0 AppleWebKit/537.36 (KHTML, like Gecko; compatible; GPTBot/1.2; +https://openai.com/gptbot)"
20.171.207.66 - - [16/Jun/2025:09:07:10 -0400] "GET /?aksi=buatfolder&path=%2F%2Fproc%2Fself%2Froot%2Fusr%2Flib%2Fmodules%2F4.18.0-513.18.1.lve.el8.x86_64%2Fkernel%2Fdrivers%2Fscsi%2Fmpt3sas HTTP/1.1" 200 2175 "-" "Mozilla/5.0 AppleWebKit/537.36 (KHTML, like Gecko; compatible; GPTBot/1.2; +https://openai.com/gptbot)"
20.171.207.175 - - [16/Jun/2025:09:07:10 -0400] "GET /product/late38?path=%2Fhome%2Fhonehdyv%2Freadbtooom.com%2Fwp-content%2Fplugins%2Fwp-rocket%2Fvendor HTTP/1.1" 200 2620 "-" "Mozilla/5.0 AppleWebKit/537.36 (KHTML, like Gecko; compatible; GPTBot/1.2; +https://openai.com/gptbot)"
20.171.207.66 - - [16/Jun/2025:09:07:11 -0400] "GET /?aksi=buatfolder&path=%2F%2Fproc%2Fself%2Froot%2Fusr%2Flib%2Fmodules%2F4.18.0-513.18.1.lve.el8.x86_64%2Fkernel%2Fdrivers%2Fscsi%2Fmpi3mr HTTP/1.1" 200 2175 "-" "Mozilla/5.0 AppleWebKit/537.36 (KHTML, like Gecko; compatible; GPTBot/1.2; +https://openai.com/gptbot)"
20.171.207.175 - - [16/Jun/2025:09:07:12 -0400] "GET /product/late38?path=%2Fhome%2Fhonehdyv%2Freadbtooom.com%2Fwp-content%2Fplugins%2Fwp-rocket%2Finc HTTP/1.1" 200 3065 "-" "Mozilla/5.0 AppleWebKit/537.36 (KHTML, like Gecko; compatible; GPTBot/1.2; +https://openai.com/gptbot)"
20.171.207.66 - - [16/Jun/2025:09:07:12 -0400] "GET /?aksi=buatfile&path=%2F%2Fproc%2Fself%2Froot%2Fusr%2Flib%2Fmodules%2F4.18.0-513.18.1.lve.el8.x86_64%2Fkernel%2Fdrivers%2Fscsi%2Fbe2iscsi HTTP/1.1" 200 2539 "-" "Mozilla/5.0 AppleWebKit/537.36 (KHTML, like Gecko; compatible; GPTBot/1.2; +https://openai.com/gptbot)"
20.171.207.66 - - [16/Jun/2025:09:07:13 -0400] "GET /?aksi=buatfile&path=%2F%2Fproc%2Fself%2Froot%2Fusr%2Flib%2Fmodules%2F4.18.0-513.18.1.lve.el8.x86_64%2Fkernel%2Fdrivers%2Fscsi%2Fmpt3sas HTTP/1.1" 200 2539 "-" "Mozilla/5.0 AppleWebKit/537.36 (KHTML, like Gecko; compatible; GPTBot/1.2; +https://openai.com/gptbot)"
20.171.207.175 - - [16/Jun/2025:09:07:13 -0400] "GET /so252032199.html?path=%2Fhome%2Fhonehdyv%2Freadbtooom.com%2F.well-known HTTP/1.1" 200 2579 "-" "Mozilla/5.0 AppleWebKit/537.36 (KHTML, like Gecko; compatible; GPTBot/1.2; +https://openai.com/gptbot)"
23.23.214.190 - - [16/Jun/2025:09:07:13 -0400] "GET /?filesrc=//lib64/aspell-0.60/iso-8859-2.cmap&path=//lib64/aspell-0.60 HTTP/1.1" 200 26120 "-" "Mozilla/5.0 AppleWebKit/537.36 (KHTML, like Gecko; compatible; Amazonbot/0.1; +https://developer.amazon.com/support/amazonbot) Chrome/119.0.6045.214 Safari/537.36"
20.171.207.175 - - [16/Jun/2025:09:07:14 -0400] "GET /product/late38?path=%2Fhome%2Fhonehdyv%2Freadbtooom.com%2Fwp-content%2Fplugins%2Fga-google-analytics HTTP/1.1" 200 2846 "-" "Mozilla/5.0 AppleWebKit/537.36 (KHTML, like Gecko; compatible; GPTBot/1.2; +https://openai.com/gptbot)"
20.171.207.66 - - [16/Jun/2025:09:07:15 -0400] "GET /?aksi=ransom&path=%2F%2Fproc%2Fself%2Froot%2Fusr%2Flib%2Fmodules%2F4.18.0-513.18.1.lve.el8.x86_64%2Fkernel%2Fdrivers%2Fgpu%2Fdrm%2Fscheduler HTTP/1.1" 200 2551 "-" "Mozilla/5.0 AppleWebKit/537.36 (KHTML, like Gecko; compatible; GPTBot/1.2; +https://openai.com/gptbot)"
20.171.207.175 - - [16/Jun/2025:09:07:16 -0400] "GET /product/booth81?path=%2Fhome%2Fhonehdyv%2Freadbtooom.com%2Fwp-content%2Fplugins%2Fga-google-analytics HTTP/1.1" 200 2846 "-" "Mozilla/5.0 AppleWebKit/537.36 (KHTML, like Gecko; compatible; GPTBot/1.2; +https://openai.com/gptbot)"
20.171.207.66 - - [16/Jun/2025:09:07:16 -0400] "GET /?aksi=buatfolder&path=%2F%2Fproc%2Fself%2Froot%2Fusr%2Flib%2Fmodules%2F4.18.0-513.18.1.lve.el8.x86_64%2Fkernel%2Fdrivers%2Fscsi%2Fbe2iscsi HTTP/1.1" 200 2174 "-" "Mozilla/5.0 AppleWebKit/537.36 (KHTML, like Gecko; compatible; GPTBot/1.2; +https://openai.com/gptbot)"
20.171.207.175 - - [16/Jun/2025:09:07:17 -0400] "GET /product/award12?path=%2Fhome%2Fhonehdyv%2Freadbtooom.com%2Fwp-content%2Fplugins%2Fga-google-analytics HTTP/1.1" 200 2846 "-" "Mozilla/5.0 AppleWebKit/537.36 (KHTML, like Gecko; compatible; GPTBot/1.2; +https://openai.com/gptbot)"
20.171.207.66 - - [16/Jun/2025:09:07:17 -0400] "GET /?aksi=buatfile&path=%2F%2Fproc%2Fself%2Froot%2Fusr%2Flib%2Fmodules%2F4.18.0-513.18.1.lve.el8.x86_64%2Fkernel%2Fdrivers%2Fscsi%2Fcxgbi HTTP/1.1" 200 2670 "-" "Mozilla/5.0 AppleWebKit/537.36 (KHTML, like Gecko; compatible; GPTBot/1.2; +https://openai.com/gptbot)"
20.171.207.66 - - [16/Jun/2025:09:07:18 -0400] "GET /?aksi=buatfolder&path=%2F%2Fproc%2Fself%2Froot%2Fusr%2Flib%2Fmodules%2F4.18.0-513.18.1.lve.el8.x86_64%2Fkernel%2Fdrivers%2Fscsi%2Ffnic HTTP/1.1" 200 2174 "-" "Mozilla/5.0 AppleWebKit/537.36 (KHTML, like Gecko; compatible; GPTBot/1.2; +https://openai.com/gptbot)"
20.171.207.175 - - [16/Jun/2025:09:07:18 -0400] "GET /product/importantly245?path=%2Fhome%2Fhonehdyv%2Freadbtooom.com%2Fwp-content%2Fwp-rocket-config HTTP/1.1" 200 2663 "-" "Mozilla/5.0 AppleWebKit/537.36 (KHTML, like Gecko; compatible; GPTBot/1.2; +https://openai.com/gptbot)"
20.171.207.175 - - [16/Jun/2025:09:07:19 -0400] "GET /product/fantastic99?path=%2Fhome%2Fhonehdyv%2Freadbtooom.com%2Fwp-content%2Fplugins%2Fwidgets-on-pages HTTP/1.1" 200 2965 "-" "Mozilla/5.0 AppleWebKit/537.36 (KHTML, like Gecko; compatible; GPTBot/1.2; +https://openai.com/gptbot)"
20.171.207.66 - - [16/Jun/2025:09:07:19 -0400] "GET /?aksi=ransom&path=%2F%2Fproc%2Fself%2Froot%2Fusr%2Flib%2Fmodules%2F4.18.0-513.18.1.lve.el8.x86_64%2Fkernel%2Fdrivers%2Fscsi%2Fcxgbi HTTP/1.1" 200 2670 "-" "Mozilla/5.0 AppleWebKit/537.36 (KHTML, like Gecko; compatible; GPTBot/1.2; +https://openai.com/gptbot)"
54.163.169.168 - - [16/Jun/2025:09:07:19 -0400] "GET /?aksi=buatfolder&path=//lib64/engines-1.1 HTTP/1.1" 200 20088 "-" "Mozilla/5.0 AppleWebKit/537.36 (KHTML, like Gecko; compatible; Amazonbot/0.1; +https://developer.amazon.com/support/amazonbot) Chrome/119.0.6045.214 Safari/537.36"
20.171.207.175 - - [16/Jun/2025:09:07:20 -0400] "GET /product/employment44?path=%2Fhome%2Fhonehdyv%2Freadbtooom.com%2Fwp-content%2Fplugins%2Fwidgets-in-menu HTTP/1.1" 200 2765 "-" "Mozilla/5.0 AppleWebKit/537.36 (KHTML, like Gecko; compatible; GPTBot/1.2; +https://openai.com/gptbot)"
20.171.207.66 - - [16/Jun/2025:09:07:21 -0400] "GET /?aksi=buatfile&path=%2F%2Fproc%2Fself%2Froot%2Fusr%2Flib%2Fmodules%2F4.18.0-513.18.1.lve.el8.x86_64%2Fkernel%2Fdrivers%2Fscsi%2Fmpi3mr HTTP/1.1" 200 2539 "-" "Mozilla/5.0 AppleWebKit/537.36 (KHTML, like Gecko; compatible; GPTBot/1.2; +https://openai.com/gptbot)"
20.171.207.175 - - [16/Jun/2025:09:07:22 -0400] "GET /product/late38?path=%2Fhome%2Fhonehdyv%2Freadbtooom.com%2Fwp-content%2Fplugins%2Fwp-rocket%2Fassets%2Fcss HTTP/1.1" 200 2681 "-" "Mozilla/5.0 AppleWebKit/537.36 (KHTML, like Gecko; compatible; GPTBot/1.2; +https://openai.com/gptbot)"
20.171.207.66 - - [16/Jun/2025:09:07:22 -0400] "GET /?aksi=buatfile&path=%2F%2Fproc%2Fself%2Froot%2Fusr%2Flib%2Fmodules%2F4.18.0-513.18.1.lve.el8.x86_64%2Fkernel%2Fdrivers%2Fscsi%2Fbnx2fc HTTP/1.1" 200 2541 "-" "Mozilla/5.0 AppleWebKit/537.36 (KHTML, like Gecko; compatible; GPTBot/1.2; +https://openai.com/gptbot)"
20.171.207.175 - - [16/Jun/2025:09:07:23 -0400] "GET /product/late38?path=%2Fhome%2Fhonehdyv%2Freadbtooom.com%2Fwp-content%2Fplugins%2Fwp-rocket%2Fassets%2Fjs HTTP/1.1" 200 3292 "-" "Mozilla/5.0 AppleWebKit/537.36 (KHTML, like Gecko; compatible; GPTBot/1.2; +https://openai.com/gptbot)"
20.171.207.66 - - [16/Jun/2025:09:07:23 -0400] "GET /?aksi=ransom&path=%2F%2Fproc%2Fself%2Froot%2Fusr%2Flib%2Fmodules%2F4.18.0-513.18.1.lve.el8.x86_64%2Fkernel%2Fdrivers%2Fscsi%2Ffnic HTTP/1.1" 200 2538 "-" "Mozilla/5.0 AppleWebKit/537.36 (KHTML, like Gecko; compatible; GPTBot/1.2; +https://openai.com/gptbot)"
52.204.89.12 - - [16/Jun/2025:09:07:23 -0400] "GET /?path=//var/softaculous/sentrifugo HTTP/1.1" 200 21190 "-" "Mozilla/5.0 AppleWebKit/537.36 (KHTML, like Gecko; compatible; Amazonbot/0.1; +https://developer.amazon.com/support/amazonbot) Chrome/119.0.6045.214 Safari/537.36"
20.171.207.175 - - [16/Jun/2025:09:07:24 -0400] "GET /product/late38?path=%2Fhome%2Fhonehdyv%2Freadbtooom.com%2Fwp-content%2Fplugins%2Fwp-rocket%2Finc%2Fcommon HTTP/1.1" 200 2518 "-" "Mozilla/5.0 AppleWebKit/537.36 (KHTML, like Gecko; compatible; GPTBot/1.2; +https://openai.com/gptbot)"
20.171.207.66 - - [16/Jun/2025:09:07:24 -0400] "GET /?aksi=buatfolder&path=%2F%2Fproc%2Fself%2Froot%2Fusr%2Flib%2Fmodules%2F4.18.0-513.18.1.lve.el8.x86_64%2Fkernel%2Fdrivers%2Fscsi%2Flpfc HTTP/1.1" 200 2175 "-" "Mozilla/5.0 AppleWebKit/537.36 (KHTML, like Gecko; compatible; GPTBot/1.2; +https://openai.com/gptbot)"
20.171.207.175 - - [16/Jun/2025:09:07:25 -0400] "GET /product/late38?path=%2Fhome%2Fhonehdyv%2Freadbtooom.com%2Fwp-content%2Fplugins%2Fwp-rocket%2Finc%2Ffront HTTP/1.1" 200 2689 "-" "Mozilla/5.0 AppleWebKit/537.36 (KHTML, like Gecko; compatible; GPTBot/1.2; +https://openai.com/gptbot)"
20.171.207.66 - - [16/Jun/2025:09:07:26 -0400] "GET /?aksi=buatfile&path=%2F%2Fproc%2Fself%2Froot%2Fusr%2Flib%2Fmodules%2F4.18.0-513.18.1.lve.el8.x86_64%2Fkernel%2Fdrivers%2Fscsi%2Ffnic HTTP/1.1" 200 2538 "-" "Mozilla/5.0 AppleWebKit/537.36 (KHTML, like Gecko; compatible; GPTBot/1.2; +https://openai.com/gptbot)"
20.171.207.175 - - [16/Jun/2025:09:07:26 -0400] "GET /product/late38?path=%2Fhome%2Fhonehdyv%2Freadbtooom.com%2Fwp-content%2Fplugins%2Fwp-rocket%2Finc%2Fadmin HTTP/1.1" 200 2683 "-" "Mozilla/5.0 AppleWebKit/537.36 (KHTML, like Gecko; compatible; GPTBot/1.2; +https://openai.com/gptbot)"
20.171.207.66 - - [16/Jun/2025:09:07:27 -0400] "GET /?aksi=ransom&path=%2F%2Fproc%2Fself%2Froot%2Fusr%2Flib%2Fmodules%2F4.18.0-513.18.1.lve.el8.x86_64%2Fkernel%2Fdrivers%2Fscsi%2Fbnx2fc HTTP/1.1" 200 2541 "-" "Mozilla/5.0 AppleWebKit/537.36 (KHTML, like Gecko; compatible; GPTBot/1.2; +https://openai.com/gptbot)"
20.171.207.175 - - [16/Jun/2025:09:07:28 -0400] "GET /product/booth81?path=%2Fhome%2Fhonehdyv%2Freadbtooom.com%2Fwp-content%2Fplugins%2Fga-google-analytics%2Fcss HTTP/1.1" 200 2498 "-" "Mozilla/5.0 AppleWebKit/537.36 (KHTML, like Gecko; compatible; GPTBot/1.2; +https://openai.com/gptbot)"
20.171.207.66 - - [16/Jun/2025:09:07:28 -0400] "GET /?aksi=ransom&path=%2F%2Fproc%2Fself%2Froot%2Fusr%2Flib%2Fmodules%2F4.18.0-513.18.1.lve.el8.x86_64%2Fkernel%2Fdrivers%2Fscsi%2Fbe2iscsi HTTP/1.1" 200 2539 "-" "Mozilla/5.0 AppleWebKit/537.36 (KHTML, like Gecko; compatible; GPTBot/1.2; +https://openai.com/gptbot)"
20.171.207.66 - - [16/Jun/2025:09:07:29 -0400] "GET /?aksi=ransom&path=%2F%2Fproc%2Fself%2Froot%2Fusr%2Flib%2Fmodules%2F4.18.0-513.18.1.lve.el8.x86_64%2Fkernel%2Fdrivers%2Fscsi%2Flpfc HTTP/1.1" 200 2541 "-" "Mozilla/5.0 AppleWebKit/537.36 (KHTML, like Gecko; compatible; GPTBot/1.2; +https://openai.com/gptbot)"
20.171.207.175 - - [16/Jun/2025:09:07:29 -0400] "GET /product/award12?path=%2Fhome%2Fhonehdyv%2Freadbtooom.com%2Fwp-content%2Fplugins%2Fga-google-analytics%2Finc HTTP/1.1" 200 2571 "-" "Mozilla/5.0 AppleWebKit/537.36 (KHTML, like Gecko; compatible; GPTBot/1.2; +https://openai.com/gptbot)"
54.83.23.103 - - [16/Jun/2025:09:07:28 -0400] "GET /?path=//lib/.build-id/3b HTTP/1.1" 200 21145 "-" "Mozilla/5.0 AppleWebKit/537.36 (KHTML, like Gecko; compatible; Amazonbot/0.1; +https://developer.amazon.com/support/amazonbot) Chrome/119.0.6045.214 Safari/537.36"
20.171.207.66 - - [16/Jun/2025:09:07:30 -0400] "GET /?aksi=buatfile&path=%2F%2Fproc%2Fself%2Froot%2Fusr%2Flib%2Fmodules%2F4.18.0-513.18.1.lve.el8.x86_64%2Fkernel%2Fdrivers%2Fscsi%2Flpfc HTTP/1.1" 200 2541 "-" "Mozilla/5.0 AppleWebKit/537.36 (KHTML, like Gecko; compatible; GPTBot/1.2; +https://openai.com/gptbot)"
20.171.207.175 - - [16/Jun/2025:09:07:30 -0400] "GET /product/booth81?path=%2Fhome%2Fhonehdyv%2Freadbtooom.com%2Fwp-content%2Fplugins%2Fga-google-analytics%2Fimg HTTP/1.1" 200 2973 "-" "Mozilla/5.0 AppleWebKit/537.36 (KHTML, like Gecko; compatible; GPTBot/1.2; +https://openai.com/gptbot)"
20.171.207.66 - - [16/Jun/2025:09:07:31 -0400] "GET /?aksi=ransom&path=%2F%2Fproc%2Fself%2Froot%2Fusr%2Flib%2Fmodules%2F4.18.0-513.18.1.lve.el8.x86_64%2Fkernel%2Fdrivers%2Fscsi%2Fmpt3sas HTTP/1.1" 200 2539 "-" "Mozilla/5.0 AppleWebKit/537.36 (KHTML, like Gecko; compatible; GPTBot/1.2; +https://openai.com/gptbot)"
20.171.207.175 - - [16/Jun/2025:09:07:32 -0400] "GET /product/fantastic99?path=%2Fhome%2Fhonehdyv%2Freadbtooom.com%2Fwp-content%2Fplugins%2Fwidgets-on-pages%2Flanguages HTTP/1.1" 200 2499 "-" "Mozilla/5.0 AppleWebKit/537.36 (KHTML, like Gecko; compatible; GPTBot/1.2; +https://openai.com/gptbot)"
20.171.207.66 - - [16/Jun/2025:09:07:33 -0400] "GET /?aksi=ransom&path=%2F%2Fproc%2Fself%2Froot%2Fusr%2Flib%2Fmodules%2F4.18.0-513.18.1.lve.el8.x86_64%2Fkernel%2Fdrivers%2Fscsi%2Fmpi3mr HTTP/1.1" 200 2539 "-" "Mozilla/5.0 AppleWebKit/537.36 (KHTML, like Gecko; compatible; GPTBot/1.2; +https://openai.com/gptbot)"
54.163.136.244 - - [16/Jun/2025:09:07:33 -0400] "GET /?path=//var/softaculous/ninja HTTP/1.1" 200 21424 "-" "Mozilla/5.0 AppleWebKit/537.36 (KHTML, like Gecko; compatible; Amazonbot/0.1; +https://developer.amazon.com/support/amazonbot) Chrome/119.0.6045.214 Safari/537.36"
20.171.207.66 - - [16/Jun/2025:09:07:34 -0400] "GET /?aksi=buatfile&path=%2F%2Fproc%2Fself%2Froot%2Fusr%2Flib%2Fmodules%2F4.18.0-513.18.1.lve.el8.x86_64%2Fkernel%2Fdrivers%2Fgpu%2Fdrm%2Fvmwgfx HTTP/1.1" 200 2555 "-" "Mozilla/5.0 AppleWebKit/537.36 (KHTML, like Gecko; compatible; GPTBot/1.2; +https://openai.com/gptbot)"
20.171.207.175 - - [16/Jun/2025:09:07:34 -0400] "GET /product/award12?path=%2Fhome%2Fhonehdyv%2Freadbtooom.com%2Fwp-content%2Fplugins%2Fga-google-analytics%2Fcss HTTP/1.1" 200 2498 "-" "Mozilla/5.0 AppleWebKit/537.36 (KHTML, like Gecko; compatible; GPTBot/1.2; +https://openai.com/gptbot)"
20.171.207.175 - - [16/Jun/2025:09:07:36 -0400] "GET /product/award12?path=%2Fhome%2Fhonehdyv%2Freadbtooom.com%2Fwp-content%2Fplugins%2Fga-google-analytics%2Fimg HTTP/1.1" 200 2973 "-" "Mozilla/5.0 AppleWebKit/537.36 (KHTML, like Gecko; compatible; GPTBot/1.2; +https://openai.com/gptbot)"
20.171.207.66 - - [16/Jun/2025:09:07:36 -0400] "GET /?aksi=ransom&path=%2F%2Fproc%2Fself%2Froot%2Fusr%2Flib%2Fmodules%2F4.18.0-513.18.1.lve.el8.x86_64%2Fkernel%2Fdrivers%2Fgpu%2Fdrm%2Fvmwgfx HTTP/1.1" 200 2555 "-" "Mozilla/5.0 AppleWebKit/537.36 (KHTML, like Gecko; compatible; GPTBot/1.2; +https://openai.com/gptbot)"
20.171.207.175 - - [16/Jun/2025:09:07:37 -0400] "GET /product/late38?path=%2Fhome%2Fhonehdyv%2Freadbtooom.com%2Fwp-content%2Fplugins%2Fwp-rocket%2Fassets%2Fjs%2Fquery-content HTTP/1.1" 200 2192 "-" "Mozilla/5.0 AppleWebKit/537.36 (KHTML, like Gecko; compatible; GPTBot/1.2; +https://openai.com/gptbot)"
20.171.207.66 - - [16/Jun/2025:09:07:38 -0400] "GET /?aksi=ransom&path=%2F%2Fproc%2Fself%2Froot%2Fusr%2Flib%2Fmodules%2F4.18.0-513.18.1.lve.el8.x86_64%2Fkernel%2Fdrivers%2Fgpu%2Fdrm%2Fnouveau HTTP/1.1" 200 2550 "-" "Mozilla/5.0 AppleWebKit/537.36 (KHTML, like Gecko; compatible; GPTBot/1.2; +https://openai.com/gptbot)"
20.171.207.175 - - [16/Jun/2025:09:07:39 -0400] "GET /product/late38?aksi=buatfile&path=%2Fhome%2Fhonehdyv%2Freadbtooom.com%2Fwp-content%2Fplugins%2Fwp-rocket%2Fassets%2Fjs HTTP/1.1" 200 3292 "-" "Mozilla/5.0 AppleWebKit/537.36 (KHTML, like Gecko; compatible; GPTBot/1.2; +https://openai.com/gptbot)"
20.171.207.66 - - [16/Jun/2025:09:07:39 -0400] "GET /?path=%2F%2Fproc%2Fself%2Froot%2Fusr%2Flib%2Fmodules%2F4.18.0-513.18.1.lve.el8.x86_64%2Fkernel%2Fdrivers%2Fscsi%2Fqedf HTTP/1.1" 200 2539 "-" "Mozilla/5.0 AppleWebKit/537.36 (KHTML, like Gecko; compatible; GPTBot/1.2; +https://openai.com/gptbot)"
20.171.207.66 - - [16/Jun/2025:09:07:40 -0400] "GET /?path=%2F%2Fproc%2Fself%2Froot%2Fusr%2Flib%2Fmodules%2F4.18.0-513.18.1.lve.el8.x86_64%2Fkernel%2Fdrivers%2Fscsi%2Fbnx2i HTTP/1.1" 200 2539 "-" "Mozilla/5.0 AppleWebKit/537.36 (KHTML, like Gecko; compatible; GPTBot/1.2; +https://openai.com/gptbot)"
20.171.207.175 - - [16/Jun/2025:09:07:40 -0400] "GET /product/booth81?path=%2Fhome%2Fhonehdyv%2Freadbtooom.com%2Fwp-content%2Fplugins%2Fga-google-analytics%2Finc HTTP/1.1" 200 2571 "-" "Mozilla/5.0 AppleWebKit/537.36 (KHTML, like Gecko; compatible; GPTBot/1.2; +https://openai.com/gptbot)"
20.171.207.66 - - [16/Jun/2025:09:07:42 -0400] "GET /?path=%2F%2Fproc%2Fself%2Froot%2Fusr%2Flib%2Fmodules%2F4.18.0-513.18.1.lve.el8.x86_64%2Fkernel%2Fdrivers%2Fscsi%2Ffcoe HTTP/1.1" 200 2543 "-" "Mozilla/5.0 AppleWebKit/537.36 (KHTML, like Gecko; compatible; GPTBot/1.2; +https://openai.com/gptbot)"
20.171.207.175 - - [16/Jun/2025:09:07:42 -0400] "GET /product/employment44?path=%2Fhome%2Fhonehdyv%2Freadbtooom.com%2Fwp-content%2Fplugins%2Fwidgets-in-menu%2Fjs HTTP/1.1" 200 2531 "-" "Mozilla/5.0 AppleWebKit/537.36 (KHTML, like Gecko; compatible; GPTBot/1.2; +https://openai.com/gptbot)"
20.171.207.66 - - [16/Jun/2025:09:07:43 -0400] "GET /?path=%2F%2Fproc%2Fself%2Froot%2Fusr%2Flib%2Fmodules%2F4.18.0-513.18.1.lve.el8.x86_64%2Fkernel%2Fdrivers%2Fscsi%2Fqedi HTTP/1.1" 200 2539 "-" "Mozilla/5.0 AppleWebKit/537.36 (KHTML, like Gecko; compatible; GPTBot/1.2; +https://openai.com/gptbot)"
20.171.207.175 - - [16/Jun/2025:09:07:43 -0400] "GET /product/late38?path=%2Fhome%2Fhonehdyv%2Freadbtooom.com%2Fwp-content%2Fplugins%2Fwp-rocket%2Finc%2FAddon HTTP/1.1" 200 2726 "-" "Mozilla/5.0 AppleWebKit/537.36 (KHTML, like Gecko; compatible; GPTBot/1.2; +https://openai.com/gptbot)"
20.171.207.66 - - [16/Jun/2025:09:07:45 -0400] "GET /?path=%2F%2Fproc%2Fself%2Froot%2Fusr%2Flib%2Fmodules%2F4.18.0-513.18.1.lve.el8.x86_64%2Fkernel%2Fdrivers%2Fscsi%2Fqla2xxx HTTP/1.1" 200 2540 "-" "Mozilla/5.0 AppleWebKit/537.36 (KHTML, like Gecko; compatible; GPTBot/1.2; +https://openai.com/gptbot)"
20.171.207.175 - - [16/Jun/2025:09:07:45 -0400] "GET /product/late38?path=%2Fhome%2Fhonehdyv%2Freadbtooom.com%2Fwp-content%2Fplugins%2Fwp-rocket%2Fassets%2Ffonts HTTP/1.1" 200 2606 "-" "Mozilla/5.0 AppleWebKit/537.36 (KHTML, like Gecko; compatible; GPTBot/1.2; +https://openai.com/gptbot)"
34.203.111.15 - - [16/Jun/2025:09:07:43 -0400] "GET /?filesrc=//lib/firmware/iwlwifi-Qu-c0-jf-b0-66.ucode&path=//lib/firmware HTTP/1.1" 200 485572 "-" "Mozilla/5.0 AppleWebKit/537.36 (KHTML, like Gecko; compatible; Amazonbot/0.1; +https://developer.amazon.com/support/amazonbot) Chrome/119.0.6045.214 Safari/537.36"
20.171.207.66 - - [16/Jun/2025:09:07:46 -0400] "GET /?path=%2F%2Fproc%2Fself%2Froot%2Fusr%2Flib%2Fmodules%2F4.18.0-513.18.1.lve.el8.x86_64%2Fkernel%2Fdrivers%2Fgpu%2Fdrm%2Fudl HTTP/1.1" 200 2549 "-" "Mozilla/5.0 AppleWebKit/537.36 (KHTML, like Gecko; compatible; GPTBot/1.2; +https://openai.com/gptbot)"
66.249.68.134 - - [16/Jun/2025:09:07:47 -0400] "GET /index.php?psaltery/228458942.shtml HTTP/1.1" 200 38796 "-" "Mozilla/5.0 (Linux; Android 6.0.1; Nexus 5X Build/MMB29P) AppleWebKit/537.36 (KHTML, like Gecko) Chrome/136.0.7103.113 Mobile Safari/537.36 (compatible; Googlebot/2.1; +http://www.google.com/bot.html)"
20.171.207.175 - - [16/Jun/2025:09:07:46 -0400] "GET /product/disturbing54?path=%2Fhome%2Fhonehdyv%2Freadbtooom.com%2Fwp-content%2Fplugins%2Fwidgets-in-menu HTTP/1.1" 200 2765 "-" "Mozilla/5.0 AppleWebKit/537.36 (KHTML, like Gecko; compatible; GPTBot/1.2; +https://openai.com/gptbot)"
20.171.207.66 - - [16/Jun/2025:09:07:47 -0400] "GET /?path=%2F%2Fproc%2Fself%2Froot%2Fusr%2Flib%2Fmodules%2F4.18.0-513.18.1.lve.el8.x86_64%2Fkernel%2Fdrivers%2Fgpu%2Fdrm%2Fi915 HTTP/1.1" 200 2583 "-" "Mozilla/5.0 AppleWebKit/537.36 (KHTML, like Gecko; compatible; GPTBot/1.2; +https://openai.com/gptbot)"
20.171.207.175 - - [16/Jun/2025:09:07:48 -0400] "GET /product/late38?path=%2Fhome%2Fhonehdyv%2Freadbtooom.com%2Fwp-content%2Fplugins%2Fsimple-social-buttons HTTP/1.1" 200 2841 "-" "Mozilla/5.0 AppleWebKit/537.36 (KHTML, like Gecko; compatible; GPTBot/1.2; +https://openai.com/gptbot)"
20.171.207.66 - - [16/Jun/2025:09:07:48 -0400] "GET /?path=%2F%2Fproc%2Fself%2Froot%2Fusr%2Flib%2Fmodules%2F4.18.0-513.18.1.lve.el8.x86_64%2Fkernel%2Fdrivers%2Fgpu%2Fdrm%2Fast HTTP/1.1" 200 2551 "-" "Mozilla/5.0 AppleWebKit/537.36 (KHTML, like Gecko; compatible; GPTBot/1.2; +https://openai.com/gptbot)"
20.171.207.175 - - [16/Jun/2025:09:07:49 -0400] "GET /product/fantastic99?path=%2Fhome%2Fhonehdyv%2Freadbtooom.com%2Fwp-content%2Fplugins%2Fwidgets-in-menu HTTP/1.1" 200 2765 "-" "Mozilla/5.0 AppleWebKit/537.36 (KHTML, like Gecko; compatible; GPTBot/1.2; +https://openai.com/gptbot)"
20.171.207.66 - - [16/Jun/2025:09:07:49 -0400] "GET /?path=%2F%2Fproc%2Fself%2Froot%2Fusr%2Flib%2Fmodules%2F4.18.0-513.18.1.lve.el8.x86_64%2Fkernel%2Fdrivers%2Fgpu%2Fdrm%2Fmgag200 HTTP/1.1" 200 2552 "-" "Mozilla/5.0 AppleWebKit/537.36 (KHTML, like Gecko; compatible; GPTBot/1.2; +https://openai.com/gptbot)"
20.171.207.175 - - [16/Jun/2025:09:07:50 -0400] "GET /product/fantastic99?path=%2Fhome%2Fhonehdyv%2Freadbtooom.com%2Fwp-content%2Fplugins%2Fwp-rocket HTTP/1.1" 200 3034 "-" "Mozilla/5.0 AppleWebKit/537.36 (KHTML, like Gecko; compatible; GPTBot/1.2; +https://openai.com/gptbot)"
20.171.207.66 - - [16/Jun/2025:09:07:51 -0400] "GET /?path=%2F%2Fproc%2Fself%2Froot%2Fusr%2Flib%2Fmodules%2F4.18.0-513.18.1.lve.el8.x86_64%2Fkernel%2Fdrivers%2Fgpu%2Fdrm%2Fi2c HTTP/1.1" 200 2586 "-" "Mozilla/5.0 AppleWebKit/537.36 (KHTML, like Gecko; compatible; GPTBot/1.2; +https://openai.com/gptbot)"
20.171.207.175 - - [16/Jun/2025:09:07:51 -0400] "GET /product/fantastic99?path=%2Fhome%2Fhonehdyv%2Freadbtooom.com%2Fwp-content%2Fplugins%2Fg-meta-keywords HTTP/1.1" 200 2787 "-" "Mozilla/5.0 AppleWebKit/537.36 (KHTML, like Gecko; compatible; GPTBot/1.2; +https://openai.com/gptbot)"
34.206.212.24 - - [16/Jun/2025:09:07:51 -0400] "GET /?filesrc=//lib/firmware/f2255usb.bin&path=//lib/firmware HTTP/1.1" 200 85938 "-" "Mozilla/5.0 AppleWebKit/537.36 (KHTML, like Gecko; compatible; Amazonbot/0.1; +https://developer.amazon.com/support/amazonbot) Chrome/119.0.6045.214 Safari/537.36"
20.171.207.66 - - [16/Jun/2025:09:07:52 -0400] "GET /?path=%2F%2Fproc%2Fself%2Froot%2Fusr%2Flib%2Fmodules%2F4.18.0-513.18.1.lve.el8.x86_64%2Fkernel%2Fdrivers%2Fgpu%2Fdrm%2Fgma500 HTTP/1.1" 200 2557 "-" "Mozilla/5.0 AppleWebKit/537.36 (KHTML, like Gecko; compatible; GPTBot/1.2; +https://openai.com/gptbot)"
20.171.207.175 - - [16/Jun/2025:09:07:53 -0400] "GET /product/disturbing54?path=%2Fhome%2Fhonehdyv%2Freadbtooom.com%2Fwp-content%2Fplugins%2Fg-meta-keywords HTTP/1.1" 200 2787 "-" "Mozilla/5.0 AppleWebKit/537.36 (KHTML, like Gecko; compatible; GPTBot/1.2; +https://openai.com/gptbot)"
20.171.207.66 - - [16/Jun/2025:09:07:53 -0400] "GET /?aksi=buatfolder&path=%2F%2Fproc%2Fself%2Froot%2Fusr%2Flib%2Fmodules%2F4.18.0-513.18.1.lve.el8.x86_64%2Fkernel%2Fdrivers%2Fscsi%2Fqedf HTTP/1.1" 200 2175 "-" "Mozilla/5.0 AppleWebKit/537.36 (KHTML, like Gecko; compatible; GPTBot/1.2; +https://openai.com/gptbot)"
20.171.207.175 - - [16/Jun/2025:09:07:54 -0400] "GET /product/regulation180?path=%2Fhome%2Fhonehdyv%2Freadbtooom.com%2Fwp-content%2Fwp-rocket-config HTTP/1.1" 200 2663 "-" "Mozilla/5.0 AppleWebKit/537.36 (KHTML, like Gecko; compatible; GPTBot/1.2; +https://openai.com/gptbot)"
20.171.207.66 - - [16/Jun/2025:09:07:55 -0400] "GET /?aksi=buatfolder&path=%2F%2Fproc%2Fself%2Froot%2Fusr%2Flib%2Fmodules%2F4.18.0-513.18.1.lve.el8.x86_64%2Fkernel%2Fdrivers%2Fscsi%2Fbnx2i HTTP/1.1" 200 2170 "-" "Mozilla/5.0 AppleWebKit/537.36 (KHTML, like Gecko; compatible; GPTBot/1.2; +https://openai.com/gptbot)"
20.171.207.175 - - [16/Jun/2025:09:07:56 -0400] "GET /product/disturbing54?path=%2Fhome%2Fhonehdyv%2Freadbtooom.com%2Fwp-content%2Fcache%2Fwp-rocket HTTP/1.1" 200 2467 "-" "Mozilla/5.0 AppleWebKit/537.36 (KHTML, like Gecko; compatible; GPTBot/1.2; +https://openai.com/gptbot)"
20.171.207.66 - - [16/Jun/2025:09:07:56 -0400] "GET /?aksi=buatfolder&path=%2F%2Fproc%2Fself%2Froot%2Fusr%2Flib%2Fmodules%2F4.18.0-513.18.1.lve.el8.x86_64%2Fkernel%2Fdrivers%2Fscsi%2Fqedi HTTP/1.1" 200 2174 "-" "Mozilla/5.0 AppleWebKit/537.36 (KHTML, like Gecko; compatible; GPTBot/1.2; +https://openai.com/gptbot)"
20.171.207.175 - - [16/Jun/2025:09:07:57 -0400] "GET /product/grandchild219?path=%2Fhome%2Fhonehdyv%2Freadbtooom.com%2Fwp-content%2Fwp-rocket-config HTTP/1.1" 200 2663 "-" "Mozilla/5.0 AppleWebKit/537.36 (KHTML, like Gecko; compatible; GPTBot/1.2; +https://openai.com/gptbot)"
20.171.207.66 - - [16/Jun/2025:09:07:57 -0400] "GET /?aksi=buatfile&path=%2F%2Fproc%2Fself%2Froot%2Fusr%2Flib%2Fmodules%2F4.18.0-513.18.1.lve.el8.x86_64%2Fkernel%2Fdrivers%2Fscsi%2Fqla2xxx HTTP/1.1" 200 2540 "-" "Mozilla/5.0 AppleWebKit/537.36 (KHTML, like Gecko; compatible; GPTBot/1.2; +https://openai.com/gptbot)"
20.171.207.175 - - [16/Jun/2025:09:07:58 -0400] "GET /product/vaccine279?filesrc=%2Fhome%2Fhonehdyv%2Freadbtooom.com%2Fwp-content%2Fwp-configs.php&path=%2Fhome%2Fhonehdyv%2Freadbtooom.com%2Fwp-content HTTP/1.1" 200 4695 "-" "Mozilla/5.0 AppleWebKit/537.36 (KHTML, like Gecko; compatible; GPTBot/1.2; +https://openai.com/gptbot)"
20.171.207.66 - - [16/Jun/2025:09:07:58 -0400] "GET /?aksi=buatfolder&path=%2F%2Fproc%2Fself%2Froot%2Fusr%2Flib%2Fmodules%2F4.18.0-513.18.1.lve.el8.x86_64%2Fkernel%2Fdrivers%2Fscsi%2Fqla2xxx HTTP/1.1" 200 2175 "-" "Mozilla/5.0 AppleWebKit/537.36 (KHTML, like Gecko; compatible; GPTBot/1.2; +https://openai.com/gptbot)"
20.171.207.175 - - [16/Jun/2025:09:08:00 -0400] "GET /product/disturbing54?path=%2Fhome%2Fhonehdyv%2Freadbtooom.com%2Fwp-content%2Fplugins%2Fwidgets-in-menu%2Fjs HTTP/1.1" 200 2531 "-" "Mozilla/5.0 AppleWebKit/537.36 (KHTML, like Gecko; compatible; GPTBot/1.2; +https://openai.com/gptbot)"
20.171.207.66 - - [16/Jun/2025:09:08:00 -0400] "GET /?aksi=ransom&path=%2F%2Fproc%2Fself%2Froot%2Fusr%2Flib%2Fmodules%2F4.18.0-513.18.1.lve.el8.x86_64%2Fkernel%2Fdrivers%2Fscsi%2Fqla2xxx HTTP/1.1" 200 2540 "-" "Mozilla/5.0 AppleWebKit/537.36 (KHTML, like Gecko; compatible; GPTBot/1.2; +https://openai.com/gptbot)"
20.171.207.175 - - [16/Jun/2025:09:08:01 -0400] "GET /product/booth81?path=%2Fhome%2Fhonehdyv%2Freadbtooom.com%2Fwp-content%2Fthemes%2Ftwentytwentyfour HTTP/1.1" 200 2875 "-" "Mozilla/5.0 AppleWebKit/537.36 (KHTML, like Gecko; compatible; GPTBot/1.2; +https://openai.com/gptbot)"
20.171.207.66 - - [16/Jun/2025:09:08:01 -0400] "GET /?aksi=buatfile&path=%2F%2Fproc%2Fself%2Froot%2Fusr%2Flib%2Fmodules%2F4.18.0-513.18.1.lve.el8.x86_64%2Fkernel%2Fdrivers%2Fscsi%2Fqedf HTTP/1.1" 200 2539 "-" "Mozilla/5.0 AppleWebKit/537.36 (KHTML, like Gecko; compatible; GPTBot/1.2; +https://openai.com/gptbot)"
20.171.207.175 - - [16/Jun/2025:09:08:02 -0400] "GET /product/award12?path=%2Fhome%2Fhonehdyv%2Freadbtooom.com%2Fwp-content%2Fthemes%2Ftwentytwentyfour HTTP/1.1" 200 2875 "-" "Mozilla/5.0 AppleWebKit/537.36 (KHTML, like Gecko; compatible; GPTBot/1.2; +https://openai.com/gptbot)"
20.171.207.66 - - [16/Jun/2025:09:08:02 -0400] "GET /?aksi=buatfolder&path=%2F%2Fproc%2Fself%2Froot%2Fusr%2Flib%2Fmodules%2F4.18.0-513.18.1.lve.el8.x86_64%2Fkernel%2Fdrivers%2Fgpu%2Fdrm%2Fmgag200 HTTP/1.1" 200 2180 "-" "Mozilla/5.0 AppleWebKit/537.36 (KHTML, like Gecko; compatible; GPTBot/1.2; +https://openai.com/gptbot)"
20.171.207.175 - - [16/Jun/2025:09:08:03 -0400] "GET /product/employment44?path=%2Fhome%2Fhonehdyv%2Freadbtooom.com%2Fwp-content%2Fplugins%2Freal-time-find-and-replace-pro HTTP/1.1" 200 2774 "-" "Mozilla/5.0 AppleWebKit/537.36 (KHTML, like Gecko; compatible; GPTBot/1.2; +https://openai.com/gptbot)"
20.171.207.66 - - [16/Jun/2025:09:08:04 -0400] "GET /?aksi=buatfile&path=%2F%2Fproc%2Fself%2Froot%2Fusr%2Flib%2Fmodules%2F4.18.0-513.18.1.lve.el8.x86_64%2Fkernel%2Fdrivers%2Fgpu%2Fdrm%2Fmgag200 HTTP/1.1" 200 2552 "-" "Mozilla/5.0 AppleWebKit/537.36 (KHTML, like Gecko; compatible; GPTBot/1.2; +https://openai.com/gptbot)"
20.171.207.175 - - [16/Jun/2025:09:08:05 -0400] "GET /product/fantastic99?path=%2Fhome%2Fhonehdyv%2Freadbtooom.com%2Fwp-content%2Fplugins%2Fg-meta-keywords%2Fcss HTTP/1.1" 200 2495 "-" "Mozilla/5.0 AppleWebKit/537.36 (KHTML, like Gecko; compatible; GPTBot/1.2; +https://openai.com/gptbot)"
20.171.207.66 - - [16/Jun/2025:09:08:05 -0400] "GET /?aksi=ransom&path=%2F%2Fproc%2Fself%2Froot%2Fusr%2Flib%2Fmodules%2F4.18.0-513.18.1.lve.el8.x86_64%2Fkernel%2Fdrivers%2Fscsi%2Fqedf HTTP/1.1" 200 2539 "-" "Mozilla/5.0 AppleWebKit/537.36 (KHTML, like Gecko; compatible; GPTBot/1.2; +https://openai.com/gptbot)"
20.171.207.175 - - [16/Jun/2025:09:08:06 -0400] "GET /product/employment44?aksi=buatfile&path=%2Fhome%2Fhonehdyv%2Freadbtooom.com%2Fwp-content%2Fplugins%2Fdisqus-comment-system%2Fadmin%2Fbundles%2Fjs HTTP/1.1" 200 2690 "-" "Mozilla/5.0 AppleWebKit/537.36 (KHTML, like Gecko; compatible; GPTBot/1.2; +https://openai.com/gptbot)"
20.171.207.66 - - [16/Jun/2025:09:08:06 -0400] "GET /?aksi=buatfolder&path=%2F%2Fproc%2Fself%2Froot%2Fusr%2Flib%2Fmodules%2F4.18.0-513.18.1.lve.el8.x86_64%2Fkernel%2Fdrivers%2Fgpu%2Fdrm%2Fgma500 HTTP/1.1" 200 2184 "-" "Mozilla/5.0 AppleWebKit/537.36 (KHTML, like Gecko; compatible; GPTBot/1.2; +https://openai.com/gptbot)"
20.171.207.175 - - [16/Jun/2025:09:08:07 -0400] "GET /product/regulation180?filesrc=%2Fhome%2Fhonehdyv%2Freadbtooom.com%2Fwp-content%2Fwp-rocket-config%2Findex.html&path=%2Fhome%2Fhonehdyv%2Freadbtooom.com%2Fwp-content%2Fwp-rocket-config HTTP/1.1" 200 2030 "-" "Mozilla/5.0 AppleWebKit/537.36 (KHTML, like Gecko; compatible; GPTBot/1.2; +https://openai.com/gptbot)"
20.171.207.66 - - [16/Jun/2025:09:08:07 -0400] "GET /?aksi=ransom&path=%2F%2Fproc%2Fself%2Froot%2Fusr%2Flib%2Fmodules%2F4.18.0-513.18.1.lve.el8.x86_64%2Fkernel%2Fdrivers%2Fscsi%2Fbnx2i HTTP/1.1" 200 2539 "-" "Mozilla/5.0 AppleWebKit/537.36 (KHTML, like Gecko; compatible; GPTBot/1.2; +https://openai.com/gptbot)"
20.171.207.175 - - [16/Jun/2025:09:08:08 -0400] "GET /product/consume112?aksi=buatfolder&path=%2Fhome%2Fhonehdyv%2Freadbtooom.com%2Fwp-content%2Fplugins%2Fdisqus-comment-system%2Fadmin%2Fbundles%2Fjs HTTP/1.1" 200 2140 "-" "Mozilla/5.0 AppleWebKit/537.36 (KHTML, like Gecko; compatible; GPTBot/1.2; +https://openai.com/gptbot)"
20.171.207.66 - - [16/Jun/2025:09:08:08 -0400] "GET /?aksi=buatfolder&path=%2F%2Fproc%2Fself%2Froot%2Fusr%2Flib%2Fmodules%2F4.18.0-513.18.1.lve.el8.x86_64%2Fkernel%2Fdrivers%2Fscsi%2Ffcoe HTTP/1.1" 200 2174 "-" "Mozilla/5.0 AppleWebKit/537.36 (KHTML, like Gecko; compatible; GPTBot/1.2; +https://openai.com/gptbot)"
44.205.192.249 - - [16/Jun/2025:09:08:08 -0400] "GET /?filesrc=//lib/firmware/qat_402xx.bin&path=//lib/firmware HTTP/1.1" 200 146693 "-" "Mozilla/5.0 AppleWebKit/537.36 (KHTML, like Gecko; compatible; Amazonbot/0.1; +https://developer.amazon.com/support/amazonbot) Chrome/119.0.6045.214 Safari/537.36"
20.171.207.175 - - [16/Jun/2025:09:08:09 -0400] "GET /product/grandchild219?filesrc=%2Fhome%2Fhonehdyv%2Freadbtooom.com%2Fwp-content%2Fwp-rocket-config%2Findex.html&path=%2Fhome%2Fhonehdyv%2Freadbtooom.com%2Fwp-content%2Fwp-rocket-config HTTP/1.1" 200 2030 "-" "Mozilla/5.0 AppleWebKit/537.36 (KHTML, like Gecko; compatible; GPTBot/1.2; +https://openai.com/gptbot)"
20.171.207.66 - - [16/Jun/2025:09:08:10 -0400] "GET /?aksi=buatfile&path=%2F%2Fproc%2Fself%2Froot%2Fusr%2Flib%2Fmodules%2F4.18.0-513.18.1.lve.el8.x86_64%2Fkernel%2Fdrivers%2Fscsi%2Fbnx2i HTTP/1.1" 200 2539 "-" "Mozilla/5.0 AppleWebKit/537.36 (KHTML, like Gecko; compatible; GPTBot/1.2; +https://openai.com/gptbot)"
