20.171.207.175 - - [16/Jun/2025:09:35:48 -0400] "GET /product/late38?filesrc=%2Fhome%2Fhonehdyv%2Freadbtooom.com%2Fwp-content%2Fplugins%2Fsimple-social-buttons%2Flang%2Fsimplesocialbuttons-nl_NL.mo&path=%2Fhome%2Fhonehdyv%2Freadbtooom.com%2Fwp-content%2Fplugins%2Fsimple-social-buttons%2Flang HTTP/1.1" 200 2476 "-" "Mozilla/5.0 AppleWebKit/537.36 (KHTML, like Gecko; compatible; GPTBot/1.2; +https://openai.com/gptbot)"
20.171.207.175 - - [16/Jun/2025:09:35:49 -0400] "GET /product/vaccine279?path=%2Fhome%2Fhonehdyv%2Freadbtooom.com%2Fwp-content%2Fthemes%2Ftwentynineteen%2Fimages HTTP/1.1" 200 2591 "-" "Mozilla/5.0 AppleWebKit/537.36 (KHTML, like Gecko; compatible; GPTBot/1.2; +https://openai.com/gptbot)"
20.171.207.66 - - [16/Jun/2025:09:35:49 -0400] "GET /?filesrc=%2F%2Fopt%2Falt%2Fruby33%2Fshare%2Fruby%2Fun.rb&path=%2F%2Fopt%2Falt%2Fruby33%2Fshare%2Fruby HTTP/1.1" 200 5796 "-" "Mozilla/5.0 AppleWebKit/537.36 (KHTML, like Gecko; compatible; GPTBot/1.2; +https://openai.com/gptbot)"
20.171.207.175 - - [16/Jun/2025:09:35:51 -0400] "GET /product/late38?path=%2Fhome%2Fhonehdyv%2Freadbtooom.com%2Fwp-content%2Fthemes%2Ftwentynineteen%2Fsass%2Fvariables-site HTTP/1.1" 200 2843 "-" "Mozilla/5.0 AppleWebKit/537.36 (KHTML, like Gecko; compatible; GPTBot/1.2; +https://openai.com/gptbot)"
20.171.207.66 - - [16/Jun/2025:09:35:51 -0400] "GET /?filesrc=%2F%2Fopt%2Falt%2Fruby32%2Fshare%2Fruby%2Fset.rb&path=%2F%2Fopt%2Falt%2Fruby32%2Fshare%2Fruby HTTP/1.1" 200 9253 "-" "Mozilla/5.0 AppleWebKit/537.36 (KHTML, like Gecko; compatible; GPTBot/1.2; +https://openai.com/gptbot)"
54.225.98.148 - - [16/Jun/2025:09:35:51 -0400] "GET /?filesrc=//lib/firmware/qat_4xxx.bin&path=//lib/firmware HTTP/1.1" 200 168463 "-" "Mozilla/5.0 AppleWebKit/537.36 (KHTML, like Gecko; compatible; Amazonbot/0.1; +https://developer.amazon.com/support/amazonbot) Chrome/119.0.6045.214 Safari/537.36"
20.171.207.175 - - [16/Jun/2025:09:35:52 -0400] "GET /product/late38?path=%2Fhome%2Fhonehdyv%2Freadbtooom.com%2Fwp-content%2Fthemes%2Ftwentynineteen%2Fsass%2Fnavigation%2Fpost-catalog HTTP/1.1" 200 2196 "-" "Mozilla/5.0 AppleWebKit/537.36 (KHTML, like Gecko; compatible; GPTBot/1.2; +https://openai.com/gptbot)"
20.171.207.66 - - [16/Jun/2025:09:35:53 -0400] "GET /?filesrc=%2F%2Fopt%2Falt%2Fruby32%2Fshare%2Fruby%2Fripper.rb&path=%2F%2Fopt%2Falt%2Fruby32%2Fshare%2Fruby HTTP/1.1" 200 3126 "-" "Mozilla/5.0 AppleWebKit/537.36 (KHTML, like Gecko; compatible; GPTBot/1.2; +https://openai.com/gptbot)"
20.171.207.175 - - [16/Jun/2025:09:35:53 -0400] "GET /product/late38?path=%2Fhome%2Fhonehdyv%2Freadbtooom.com%2Fwp-content%2Fthemes%2Ftwentynineteen%2Fsass%2Fforms HTTP/1.1" 200 2591 "-" "Mozilla/5.0 AppleWebKit/537.36 (KHTML, like Gecko; compatible; GPTBot/1.2; +https://openai.com/gptbot)"
20.171.207.66 - - [16/Jun/2025:09:35:54 -0400] "GET /?filesrc=%2F%2Fopt%2Falt%2Fruby27%2Fshare%2Fruby%2Ferb.rb&path=%2F%2Fopt%2Falt%2Fruby27%2Fshare%2Fruby HTTP/1.1" 200 11329 "-" "Mozilla/5.0 AppleWebKit/537.36 (KHTML, like Gecko; compatible; GPTBot/1.2; +https://openai.com/gptbot)"
20.171.207.175 - - [16/Jun/2025:09:35:54 -0400] "GET /product/late38?path=%2Fhome%2Fhonehdyv%2Freadbtooom.com%2Fwp-content%2Fthemes%2Ftwentynineteen%2Fsass%2Ftypography HTTP/1.1" 200 2603 "-" "Mozilla/5.0 AppleWebKit/537.36 (KHTML, like Gecko; compatible; GPTBot/1.2; +https://openai.com/gptbot)"
20.171.207.66 - - [16/Jun/2025:09:35:55 -0400] "GET /?filesrc=%2F%2Fopt%2Falt%2Fruby32%2Fshare%2Fruby%2Ftime.rb&path=%2F%2Fopt%2Falt%2Fruby32%2Fshare%2Fruby HTTP/1.1" 200 9535 "-" "Mozilla/5.0 AppleWebKit/537.36 (KHTML, like Gecko; compatible; GPTBot/1.2; +https://openai.com/gptbot)"
20.171.207.175 - - [16/Jun/2025:09:35:56 -0400] "GET /product/late38?path=%2Fhome%2Fhonehdyv%2Freadbtooom.com%2Fwp-content%2Fthemes%2Ftwentynineteen%2Fsass%2Fmodules HTTP/1.1" 200 2607 "-" "Mozilla/5.0 AppleWebKit/537.36 (KHTML, like Gecko; compatible; GPTBot/1.2; +https://openai.com/gptbot)"
20.171.207.66 - - [16/Jun/2025:09:35:57 -0400] "GET /?filesrc=%2F%2Fopt%2Falt%2Fruby32%2Fshare%2Fruby%2Fresolv.rb&path=%2F%2Fopt%2Falt%2Fruby32%2Fshare%2Fruby HTTP/1.1" 200 19503 "-" "Mozilla/5.0 AppleWebKit/537.36 (KHTML, like Gecko; compatible; GPTBot/1.2; +https://openai.com/gptbot)"
20.171.207.175 - - [16/Jun/2025:09:35:57 -0400] "GET /product/vaccine279?path=%2Fhome%2Fhonehdyv%2Freadbtooom.com%2Fwp-content%2Fthemes%2Ftwentynineteen%2Finc HTTP/1.1" 200 2724 "-" "Mozilla/5.0 AppleWebKit/537.36 (KHTML, like Gecko; compatible; GPTBot/1.2; +https://openai.com/gptbot)"
20.171.207.66 - - [16/Jun/2025:09:35:58 -0400] "GET /?filesrc=%2F%2Fopt%2Falt%2Fruby27%2Fshare%2Fruby%2Firb.rb&path=%2F%2Fopt%2Falt%2Fruby27%2Fshare%2Fruby HTTP/1.1" 200 10862 "-" "Mozilla/5.0 AppleWebKit/537.36 (KHTML, like Gecko; compatible; GPTBot/1.2; +https://openai.com/gptbot)"
20.171.207.175 - - [16/Jun/2025:09:35:58 -0400] "GET /product/vaccine279?path=%2Fhome%2Fhonehdyv%2Freadbtooom.com%2Fwp-content%2Fthemes%2Ftwentynineteen%2Fsass HTTP/1.1" 200 2898 "-" "Mozilla/5.0 AppleWebKit/537.36 (KHTML, like Gecko; compatible; GPTBot/1.2; +https://openai.com/gptbot)"
20.171.207.175 - - [16/Jun/2025:09:36:00 -0400] "GET /product/vaccine279?path=%2Fhome%2Fhonehdyv%2Freadbtooom.com%2Fwp-content%2Fthemes%2Ftwentynineteen%2Ffonts HTTP/1.1" 200 2543 "-" "Mozilla/5.0 AppleWebKit/537.36 (KHTML, like Gecko; compatible; GPTBot/1.2; +https://openai.com/gptbot)"
20.171.207.66 - - [16/Jun/2025:09:36:00 -0400] "GET /?filesrc=%2F%2Fopt%2Falt%2Fruby33%2Fshare%2Fruby%2Fyaml.rb&path=%2F%2Fopt%2Falt%2Fruby33%2Fshare%2Fruby HTTP/1.1" 200 3139 "-" "Mozilla/5.0 AppleWebKit/537.36 (KHTML, like Gecko; compatible; GPTBot/1.2; +https://openai.com/gptbot)"
20.171.207.175 - - [16/Jun/2025:09:36:01 -0400] "GET /product/late38?path=%2Fhome%2Fhonehdyv%2Freadbtooom.com%2Fwp-content%2Fthemes%2Ftwentynineteen%2Fsass%2Fsite HTTP/1.1" 200 2724 "-" "Mozilla/5.0 AppleWebKit/537.36 (KHTML, like Gecko; compatible; GPTBot/1.2; +https://openai.com/gptbot)"
20.171.207.66 - - [16/Jun/2025:09:36:02 -0400] "GET /?filesrc=%2F%2Fopt%2Falt%2Fruby32%2Fshare%2Fruby%2Fipaddr.rb&path=%2F%2Fopt%2Falt%2Fruby32%2Fshare%2Fruby HTTP/1.1" 200 7788 "-" "Mozilla/5.0 AppleWebKit/537.36 (KHTML, like Gecko; compatible; GPTBot/1.2; +https://openai.com/gptbot)"
20.171.207.175 - - [16/Jun/2025:09:36:02 -0400] "GET /product/late38?path=%2Fhome%2Fhonehdyv%2Freadbtooom.com%2Fwp-content%2Fthemes%2Ftwentynineteen%2Fsass%2Fmedia HTTP/1.1" 200 2714 "-" "Mozilla/5.0 AppleWebKit/537.36 (KHTML, like Gecko; compatible; GPTBot/1.2; +https://openai.com/gptbot)"
20.171.207.66 - - [16/Jun/2025:09:36:03 -0400] "GET /?filesrc=%2F%2Fopt%2Falt%2Fruby32%2Fshare%2Fruby%2Ftsort.rb&path=%2F%2Fopt%2Falt%2Fruby32%2Fshare%2Fruby HTTP/1.1" 200 5149 "-" "Mozilla/5.0 AppleWebKit/537.36 (KHTML, like Gecko; compatible; GPTBot/1.2; +https://openai.com/gptbot)"
20.171.207.175 - - [16/Jun/2025:09:36:03 -0400] "GET /product/late38?path=%2Fhome%2Fhonehdyv%2Freadbtooom.com%2Fwp-content%2Fthemes%2Ftwentynineteen%2Fsass%2Fvariables-site%2Flist-grid HTTP/1.1" 200 2202 "-" "Mozilla/5.0 AppleWebKit/537.36 (KHTML, like Gecko; compatible; GPTBot/1.2; +https://openai.com/gptbot)"
3.229.164.203 - - [16/Jun/2025:09:36:03 -0400] "GET /?filesrc=//lib/firmware/TAS2XXX2234.bin&path=//lib/firmware HTTP/1.1" 200 24633 "-" "Mozilla/5.0 AppleWebKit/537.36 (KHTML, like Gecko; compatible; Amazonbot/0.1; +https://developer.amazon.com/support/amazonbot) Chrome/119.0.6045.214 Safari/537.36"
20.171.207.66 - - [16/Jun/2025:09:36:04 -0400] "GET /?filesrc=%2F%2Fopt%2Falt%2Fruby27%2Fshare%2Fruby%2Fopenssl.rb&path=%2F%2Fopt%2Falt%2Fruby27%2Fshare%2Fruby HTTP/1.1" 200 2255 "-" "Mozilla/5.0 AppleWebKit/537.36 (KHTML, like Gecko; compatible; GPTBot/1.2; +https://openai.com/gptbot)"
20.171.207.175 - - [16/Jun/2025:09:36:05 -0400] "GET /product/late38?path=%2Fhome%2Fhonehdyv%2Freadbtooom.com%2Fwp-content%2Fthemes%2Ftwentynineteen%2Fsass%2Fvariables-site%2Faudits HTTP/1.1" 200 2200 "-" "Mozilla/5.0 AppleWebKit/537.36 (KHTML, like Gecko; compatible; GPTBot/1.2; +https://openai.com/gptbot)"
20.171.207.175 - - [16/Jun/2025:09:36:06 -0400] "GET /product/cake135?path=%2Fhome%2Fhonehdyv%2Freadbtooom.com%2Fwp-content%2Fplugins%2Fcomic-easel%2Flang HTTP/1.1" 200 2537 "-" "Mozilla/5.0 AppleWebKit/537.36 (KHTML, like Gecko; compatible; GPTBot/1.2; +https://openai.com/gptbot)"
20.171.207.66 - - [16/Jun/2025:09:36:05 -0400] "GET /?filesrc=%2F%2Fopt%2Falt%2Fruby33%2Fshare%2Fruby%2Ftsort.rb&path=%2F%2Fopt%2Falt%2Fruby33%2Fshare%2Fruby HTTP/1.1" 200 5171 "-" "Mozilla/5.0 AppleWebKit/537.36 (KHTML, like Gecko; compatible; GPTBot/1.2; +https://openai.com/gptbot)"
20.171.207.66 - - [16/Jun/2025:09:36:07 -0400] "GET /?filesrc=%2F%2Fopt%2Falt%2Fruby27%2Fshare%2Fruby%2Fyaml.rb&path=%2F%2Fopt%2Falt%2Fruby27%2Fshare%2Fruby HTTP/1.1" 200 2960 "-" "Mozilla/5.0 AppleWebKit/537.36 (KHTML, like Gecko; compatible; GPTBot/1.2; +https://openai.com/gptbot)"
20.171.207.175 - - [16/Jun/2025:09:36:07 -0400] "GET /product/cake135?path=%2Fhome%2Fhonehdyv%2Freadbtooom.com%2Fwp-content%2Fplugins%2Fcomic-easel%2Fimages HTTP/1.1" 200 2896 "-" "Mozilla/5.0 AppleWebKit/537.36 (KHTML, like Gecko; compatible; GPTBot/1.2; +https://openai.com/gptbot)"
20.171.207.66 - - [16/Jun/2025:09:36:08 -0400] "GET /?filesrc=%2F%2Fopt%2Falt%2Fruby27%2Fshare%2Fruby%2Foptparse.rb&path=%2F%2Fopt%2Falt%2Fruby27%2Fshare%2Fruby HTTP/1.1" 200 20501 "-" "Mozilla/5.0 AppleWebKit/537.36 (KHTML, like Gecko; compatible; GPTBot/1.2; +https://openai.com/gptbot)"
20.171.207.175 - - [16/Jun/2025:09:36:08 -0400] "GET /product/booth81?path=%2Fhome%2Fhonehdyv%2Freadbtooom.com%2Fwp-content%2Fplugins%2Fwidgets-on-pages%2Fadmin%2Fpartials HTTP/1.1" 200 2496 "-" "Mozilla/5.0 AppleWebKit/537.36 (KHTML, like Gecko; compatible; GPTBot/1.2; +https://openai.com/gptbot)"
20.171.207.66 - - [16/Jun/2025:09:36:09 -0400] "GET /?filesrc=%2F%2Fopt%2Falt%2Fruby27%2Fshare%2Fruby%2Fmatrix.rb&path=%2F%2Fopt%2Falt%2Fruby27%2Fshare%2Fruby HTTP/1.1" 200 16823 "-" "Mozilla/5.0 AppleWebKit/537.36 (KHTML, like Gecko; compatible; GPTBot/1.2; +https://openai.com/gptbot)"
20.171.207.175 - - [16/Jun/2025:09:36:09 -0400] "GET /product/vaccine279?filesrc=%2Fhome%2Fhonehdyv%2Freadbtooom.com%2Fwp-content%2Fthemes%2Ftwentynineteen%2Finc%2Ficon-functions.php&path=%2Fhome%2Fhonehdyv%2Freadbtooom.com%2Fwp-content%2Fthemes%2Ftwentynineteen%2Finc HTTP/1.1" 200 3257 "-" "Mozilla/5.0 AppleWebKit/537.36 (KHTML, like Gecko; compatible; GPTBot/1.2; +https://openai.com/gptbot)"
20.171.207.175 - - [16/Jun/2025:09:36:10 -0400] "GET /product/late38?path=%2Fhome%2Fhonehdyv%2Freadbtooom.com%2Fwp-content%2Fplugins%2Fwidgets-on-pages%2Flanguages HTTP/1.1" 200 2499 "-" "Mozilla/5.0 AppleWebKit/537.36 (KHTML, like Gecko; compatible; GPTBot/1.2; +https://openai.com/gptbot)"
20.171.207.66 - - [16/Jun/2025:09:36:10 -0400] "GET /?filesrc=%2F%2Fopt%2Falt%2Fruby33%2Fshare%2Fruby%2Fdrb.rb&path=%2F%2Fopt%2Falt%2Fruby33%2Fshare%2Fruby HTTP/1.1" 200 2050 "-" "Mozilla/5.0 AppleWebKit/537.36 (KHTML, like Gecko; compatible; GPTBot/1.2; +https://openai.com/gptbot)"
20.171.207.175 - - [16/Jun/2025:09:36:12 -0400] "GET /product/vaccine279?path=%2Fhome%2Fhonehdyv%2Freadbtooom.com%2Fwp-content%2Fplugins%2Fwidgets-on-pages%2Fadmin HTTP/1.1" 200 2712 "-" "Mozilla/5.0 AppleWebKit/537.36 (KHTML, like Gecko; compatible; GPTBot/1.2; +https://openai.com/gptbot)"
20.171.207.66 - - [16/Jun/2025:09:36:12 -0400] "GET /?filesrc=%2F%2Fopt%2Falt%2Fruby27%2Fshare%2Fruby%2Fcsv.rb&path=%2F%2Fopt%2Falt%2Fruby27%2Fshare%2Fruby HTTP/1.1" 200 17521 "-" "Mozilla/5.0 AppleWebKit/537.36 (KHTML, like Gecko; compatible; GPTBot/1.2; +https://openai.com/gptbot)"
20.171.207.175 - - [16/Jun/2025:09:36:13 -0400] "GET /product/fantastic99?path=%2Fhome%2Fhonehdyv%2Freadbtooom.com%2Fwp-content%2Fplugins%2Fwp-rocket%2Finc%2Fadmin HTTP/1.1" 200 2683 "-" "Mozilla/5.0 AppleWebKit/537.36 (KHTML, like Gecko; compatible; GPTBot/1.2; +https://openai.com/gptbot)"
20.171.207.66 - - [16/Jun/2025:09:36:13 -0400] "GET /?filesrc=%2F%2Fopt%2Falt%2Fruby27%2Fshare%2Fruby%2Ftime.rb&path=%2F%2Fopt%2Falt%2Fruby27%2Fshare%2Fruby HTTP/1.1" 200 9640 "-" "Mozilla/5.0 AppleWebKit/537.36 (KHTML, like Gecko; compatible; GPTBot/1.2; +https://openai.com/gptbot)"
20.171.207.66 - - [16/Jun/2025:09:36:14 -0400] "GET /?filesrc=%2F%2Fopt%2Falt%2Fruby27%2Fshare%2Fruby%2Fdrb.rb&path=%2F%2Fopt%2Falt%2Fruby27%2Fshare%2Fruby HTTP/1.1" 200 2050 "-" "Mozilla/5.0 AppleWebKit/537.36 (KHTML, like Gecko; compatible; GPTBot/1.2; +https://openai.com/gptbot)"
20.171.207.175 - - [16/Jun/2025:09:36:14 -0400] "GET /product/booth81?path=%2Fhome%2Fhonehdyv%2Freadbtooom.com%2Fwp-content%2Fplugins%2Fwidgets-on-pages%2Ffreemius HTTP/1.1" 200 2945 "-" "Mozilla/5.0 AppleWebKit/537.36 (KHTML, like Gecko; compatible; GPTBot/1.2; +https://openai.com/gptbot)"
34.206.249.188 - - [16/Jun/2025:09:36:14 -0400] "GET /?path=//usr/share/zsh HTTP/1.1" 200 20496 "-" "Mozilla/5.0 AppleWebKit/537.36 (KHTML, like Gecko; compatible; Amazonbot/0.1; +https://developer.amazon.com/support/amazonbot) Chrome/119.0.6045.214 Safari/537.36"
20.171.207.175 - - [16/Jun/2025:09:36:15 -0400] "GET /product/late38?path=%2Fhome%2Fhonehdyv%2Freadbtooom.com%2Fwp-content%2Fplugins%2Fwidgets-on-pages%2Fadmin%2Fpartials HTTP/1.1" 200 2496 "-" "Mozilla/5.0 AppleWebKit/537.36 (KHTML, like Gecko; compatible; GPTBot/1.2; +https://openai.com/gptbot)"
20.171.207.66 - - [16/Jun/2025:09:36:15 -0400] "GET /?filesrc=%2F%2Fopt%2Falt%2Fruby27%2Fshare%2Fruby%2Furi.rb&path=%2F%2Fopt%2Falt%2Fruby27%2Fshare%2Fruby HTTP/1.1" 200 3186 "-" "Mozilla/5.0 AppleWebKit/537.36 (KHTML, like Gecko; compatible; GPTBot/1.2; +https://openai.com/gptbot)"
20.171.207.175 - - [16/Jun/2025:09:36:16 -0400] "GET /product/award12?path=%2Fhome%2Fhonehdyv%2Freadbtooom.com%2Fwp-content%2Fplugins%2Fwidgets-on-pages%2Ffreemius HTTP/1.1" 200 2945 "-" "Mozilla/5.0 AppleWebKit/537.36 (KHTML, like Gecko; compatible; GPTBot/1.2; +https://openai.com/gptbot)"
20.171.207.66 - - [16/Jun/2025:09:36:17 -0400] "GET /?filesrc=%2F%2Fopt%2Falt%2Fruby27%2Fshare%2Fruby%2Ftimeout.rb&path=%2F%2Fopt%2Falt%2Fruby27%2Fshare%2Fruby HTTP/1.1" 200 3781 "-" "Mozilla/5.0 AppleWebKit/537.36 (KHTML, like Gecko; compatible; GPTBot/1.2; +https://openai.com/gptbot)"
54.235.172.108 - - [16/Jun/2025:09:36:17 -0400] "GET /?filesrc=//lib/firmware/TAS2XXX38B8.bin&path=//lib/firmware HTTP/1.1" 200 24893 "-" "Mozilla/5.0 AppleWebKit/537.36 (KHTML, like Gecko; compatible; Amazonbot/0.1; +https://developer.amazon.com/support/amazonbot) Chrome/119.0.6045.214 Safari/537.36"
20.171.207.175 - - [16/Jun/2025:09:36:18 -0400] "GET /product/late38?path=%2Fhome%2Fhonehdyv%2Freadbtooom.com%2Fwp-content%2Fplugins%2Fwp-rocket%2Fviews%2Fsettings HTTP/1.1" 200 2858 "-" "Mozilla/5.0 AppleWebKit/537.36 (KHTML, like Gecko; compatible; GPTBot/1.2; +https://openai.com/gptbot)"
20.171.207.66 - - [16/Jun/2025:09:36:18 -0400] "GET /?filesrc=%2F%2Fopt%2Falt%2Fruby32%2Fshare%2Fruby%2Fdate.rb&path=%2F%2Fopt%2Falt%2Fruby32%2Fshare%2Fruby HTTP/1.1" 200 2489 "-" "Mozilla/5.0 AppleWebKit/537.36 (KHTML, like Gecko; compatible; GPTBot/1.2; +https://openai.com/gptbot)"
20.171.207.175 - - [16/Jun/2025:09:36:19 -0400] "GET /product/late38?path=%2Fhome%2Fhonehdyv%2Freadbtooom.com%2Fwp-content%2Fplugins%2Fwidgets-on-pages%2Fincludes HTTP/1.1" 200 2673 "-" "Mozilla/5.0 AppleWebKit/537.36 (KHTML, like Gecko; compatible; GPTBot/1.2; +https://openai.com/gptbot)"
20.171.207.66 - - [16/Jun/2025:09:36:19 -0400] "GET /?filesrc=%2F%2Fopt%2Falt%2Fruby32%2Fshare%2Fruby%2Fcsv.rb&path=%2F%2Fopt%2Falt%2Fruby32%2Fshare%2Fruby HTTP/1.1" 200 24229 "-" "Mozilla/5.0 AppleWebKit/537.36 (KHTML, like Gecko; compatible; GPTBot/1.2; +https://openai.com/gptbot)"
20.171.207.66 - - [16/Jun/2025:09:36:20 -0400] "GET /?filesrc=%2F%2Fopt%2Falt%2Fruby32%2Fshare%2Fruby%2Ftimeout.rb&path=%2F%2Fopt%2Falt%2Fruby32%2Fshare%2Fruby HTTP/1.1" 200 4334 "-" "Mozilla/5.0 AppleWebKit/537.36 (KHTML, like Gecko; compatible; GPTBot/1.2; +https://openai.com/gptbot)"
20.171.207.175 - - [16/Jun/2025:09:36:20 -0400] "GET /product/cake135?aksi=buatfile&path=%2Fhome%2Fhonehdyv%2Freadbtooom.com%2Fwp-content%2Fplugins%2Fcomic-easel%2Fimages HTTP/1.1" 200 2896 "-" "Mozilla/5.0 AppleWebKit/537.36 (KHTML, like Gecko; compatible; GPTBot/1.2; +https://openai.com/gptbot)"
20.171.207.66 - - [16/Jun/2025:09:36:21 -0400] "GET /?filesrc=%2F%2Fopt%2Falt%2Fruby32%2Fshare%2Fruby%2Fobserver.rb&path=%2F%2Fopt%2Falt%2Fruby32%2Fshare%2Fruby HTTP/1.1" 200 4338 "-" "Mozilla/5.0 AppleWebKit/537.36 (KHTML, like Gecko; compatible; GPTBot/1.2; +https://openai.com/gptbot)"
20.171.207.175 - - [16/Jun/2025:09:36:21 -0400] "GET /product/disturbing54?path=%2Fhome%2Fhonehdyv%2Freadbtooom.com%2Fwp-content%2Fplugins%2Fg-meta-keywords%2Fcss HTTP/1.1" 200 2495 "-" "Mozilla/5.0 AppleWebKit/537.36 (KHTML, like Gecko; compatible; GPTBot/1.2; +https://openai.com/gptbot)"
52.203.65.83 - - [16/Jun/2025:09:36:21 -0400] "GET /?path=//lib/locale/en_ZW.utf8 HTTP/1.1" 200 21039 "-" "Mozilla/5.0 AppleWebKit/537.36 (KHTML, like Gecko; compatible; Amazonbot/0.1; +https://developer.amazon.com/support/amazonbot) Chrome/119.0.6045.214 Safari/537.36"
20.171.207.175 - - [16/Jun/2025:09:36:22 -0400] "GET /product/late38?path=%2Fhome%2Fhonehdyv%2Freadbtooom.com%2Fwp-content%2Fplugins%2Fwidgets-in-menu%2Flanguages HTTP/1.1" 200 2583 "-" "Mozilla/5.0 AppleWebKit/537.36 (KHTML, like Gecko; compatible; GPTBot/1.2; +https://openai.com/gptbot)"
20.171.207.66 - - [16/Jun/2025:09:36:22 -0400] "GET /?filesrc=%2F%2Fopt%2Falt%2Fruby27%2Fshare%2Fruby%2Fexpect.rb&path=%2F%2Fopt%2Falt%2Fruby27%2Fshare%2Fruby HTTP/1.1" 200 2983 "-" "Mozilla/5.0 AppleWebKit/537.36 (KHTML, like Gecko; compatible; GPTBot/1.2; +https://openai.com/gptbot)"
20.171.207.175 - - [16/Jun/2025:09:36:23 -0400] "GET /product/vaccine279?path=%2Fhome%2Fhonehdyv%2Freadbtooom.com%2Fwp-content%2Fplugins%2Fwidgets-on-pages%2Fadmin%2Fjs HTTP/1.1" 200 2612 "-" "Mozilla/5.0 AppleWebKit/537.36 (KHTML, like Gecko; compatible; GPTBot/1.2; +https://openai.com/gptbot)"
20.171.207.66 - - [16/Jun/2025:09:36:24 -0400] "GET /?filesrc=%2F%2Fopt%2Falt%2Fruby31%2Fshare%2Fruby%2Ferb.rb&path=%2F%2Fopt%2Falt%2Fruby31%2Fshare%2Fruby HTTP/1.1" 200 11295 "-" "Mozilla/5.0 AppleWebKit/537.36 (KHTML, like Gecko; compatible; GPTBot/1.2; +https://openai.com/gptbot)"
52.45.92.83 - - [16/Jun/2025:09:36:23 -0400] "GET /?path=//opt/cloudlinux/alt-php70 HTTP/1.1" 200 20582 "-" "Mozilla/5.0 AppleWebKit/537.36 (KHTML, like Gecko; compatible; Amazonbot/0.1; +https://developer.amazon.com/support/amazonbot) Chrome/119.0.6045.214 Safari/537.36"
20.171.207.175 - - [16/Jun/2025:09:36:25 -0400] "GET /product/vaccine279?path=%2Fhome%2Fhonehdyv%2Freadbtooom.com%2Fwp-content%2Fplugins%2Fwidgets-on-pages%2Fadmin%2Fcss HTTP/1.1" 200 2506 "-" "Mozilla/5.0 AppleWebKit/537.36 (KHTML, like Gecko; compatible; GPTBot/1.2; +https://openai.com/gptbot)"
20.171.207.66 - - [16/Jun/2025:09:36:25 -0400] "GET /?filesrc=%2F%2Fopt%2Falt%2Fruby32%2Fshare%2Fruby%2Fabbrev.rb&path=%2F%2Fopt%2Falt%2Fruby32%2Fshare%2Fruby HTTP/1.1" 200 3336 "-" "Mozilla/5.0 AppleWebKit/537.36 (KHTML, like Gecko; compatible; GPTBot/1.2; +https://openai.com/gptbot)"
20.171.207.175 - - [16/Jun/2025:09:36:26 -0400] "GET /product/booth81?path=%2Fhome%2Fhonehdyv%2Freadbtooom.com%2Fwp-content%2Fplugins%2Fwidgets-on-pages%2Ffreemius%2Fincludes HTTP/1.1" 200 3313 "-" "Mozilla/5.0 AppleWebKit/537.36 (KHTML, like Gecko; compatible; GPTBot/1.2; +https://openai.com/gptbot)"
20.171.207.66 - - [16/Jun/2025:09:36:27 -0400] "GET /?filesrc=%2F%2Fopt%2Falt%2Fruby32%2Fshare%2Fruby%2Fsocket.rb&path=%2F%2Fopt%2Falt%2Fruby32%2Fshare%2Fruby HTTP/1.1" 200 11946 "-" "Mozilla/5.0 AppleWebKit/537.36 (KHTML, like Gecko; compatible; GPTBot/1.2; +https://openai.com/gptbot)"
20.171.207.175 - - [16/Jun/2025:09:36:27 -0400] "GET /product/fantastic99?path=%2Fhome%2Fhonehdyv%2Freadbtooom.com%2Fwp-content%2Fplugins%2Fwp-rocket%2Finc%2Fadmin%2Fui HTTP/1.1" 200 2658 "-" "Mozilla/5.0 AppleWebKit/537.36 (KHTML, like Gecko; compatible; GPTBot/1.2; +https://openai.com/gptbot)"
20.171.207.66 - - [16/Jun/2025:09:36:28 -0400] "GET /?filesrc=%2F%2Fopt%2Falt%2Fruby33%2Fshare%2Fruby%2Fpp.rb&path=%2F%2Fopt%2Falt%2Fruby33%2Fshare%2Fruby HTTP/1.1" 200 7282 "-" "Mozilla/5.0 AppleWebKit/537.36 (KHTML, like Gecko; compatible; GPTBot/1.2; +https://openai.com/gptbot)"
20.171.207.175 - - [16/Jun/2025:09:36:29 -0400] "GET /product/award12?path=%2Fhome%2Fhonehdyv%2Freadbtooom.com%2Fwp-content%2Fplugins%2Fwidgets-on-pages%2Fincludes HTTP/1.1" 200 2673 "-" "Mozilla/5.0 AppleWebKit/537.36 (KHTML, like Gecko; compatible; GPTBot/1.2; +https://openai.com/gptbot)"
34.233.219.155 - - [16/Jun/2025:09:36:28 -0400] "GET /?filesrc=//lib/firmware/TAS2XXX103C8DE8-0.bin&path=//lib/firmware HTTP/1.1" 200 27443 "-" "Mozilla/5.0 AppleWebKit/537.36 (KHTML, like Gecko; compatible; Amazonbot/0.1; +https://developer.amazon.com/support/amazonbot) Chrome/119.0.6045.214 Safari/537.36"
20.171.207.175 - - [16/Jun/2025:09:36:30 -0400] "GET /product/cake135?path=%2Fhome%2Fhonehdyv%2Freadbtooom.com%2Fwp-content%2Fplugins%2Fwidgets-in-menu%2Flanguages HTTP/1.1" 200 2583 "-" "Mozilla/5.0 AppleWebKit/537.36 (KHTML, like Gecko; compatible; GPTBot/1.2; +https://openai.com/gptbot)"
20.171.207.66 - - [16/Jun/2025:09:36:30 -0400] "GET /?filesrc=%2F%2Fopt%2Falt%2Fruby32%2Fshare%2Fruby%2Fpstore.rb&path=%2F%2Fopt%2Falt%2Fruby32%2Fshare%2Fruby HTTP/1.1" 200 8535 "-" "Mozilla/5.0 AppleWebKit/537.36 (KHTML, like Gecko; compatible; GPTBot/1.2; +https://openai.com/gptbot)"
20.171.207.175 - - [16/Jun/2025:09:36:31 -0400] "GET /product/late38?path=%2Fhome%2Fhonehdyv%2Freadbtooom.com%2Fwp-content%2Fplugins%2Fsimple-social-buttons%2Finc HTTP/1.1" 200 2775 "-" "Mozilla/5.0 AppleWebKit/537.36 (KHTML, like Gecko; compatible; GPTBot/1.2; +https://openai.com/gptbot)"
20.171.207.175 - - [16/Jun/2025:09:36:32 -0400] "GET /product/award12?path=%2Fhome%2Fhonehdyv%2Freadbtooom.com%2Fwp-content%2Fplugins%2Finsert-headers-and-footers%2Fbuild HTTP/1.1" 200 2897 "-" "Mozilla/5.0 AppleWebKit/537.36 (KHTML, like Gecko; compatible; GPTBot/1.2; +https://openai.com/gptbot)"
20.171.207.66 - - [16/Jun/2025:09:36:32 -0400] "GET /?filesrc=%2F%2Fopt%2Falt%2Fruby32%2Fshare%2Fruby%2Freline.rb&path=%2F%2Fopt%2Falt%2Fruby32%2Fshare%2Fruby HTTP/1.1" 200 6616 "-" "Mozilla/5.0 AppleWebKit/537.36 (KHTML, like Gecko; compatible; GPTBot/1.2; +https://openai.com/gptbot)"
20.171.207.175 - - [16/Jun/2025:09:36:33 -0400] "GET /product/fantastic99?path=%2Fhome%2Fhonehdyv%2Freadbtooom.com%2Fwp-content%2Fplugins%2Fwp-rocket%2Finc%2FAddon HTTP/1.1" 200 2726 "-" "Mozilla/5.0 AppleWebKit/537.36 (KHTML, like Gecko; compatible; GPTBot/1.2; +https://openai.com/gptbot)"
20.171.207.66 - - [16/Jun/2025:09:36:33 -0400] "GET /?filesrc=%2F%2Fopt%2Falt%2Fruby31%2Fshare%2Fruby%2Fpp.rb&path=%2F%2Fopt%2Falt%2Fruby31%2Fshare%2Fruby HTTP/1.1" 200 7215 "-" "Mozilla/5.0 AppleWebKit/537.36 (KHTML, like Gecko; compatible; GPTBot/1.2; +https://openai.com/gptbot)"
20.171.207.175 - - [16/Jun/2025:09:36:34 -0400] "GET /product/late38?path=%2Fhome%2Fhonehdyv%2Freadbtooom.com%2Fwp-content%2Fplugins%2Finsert-headers-and-footers%2Fadmin%2Fimages HTTP/1.1" 200 2773 "-" "Mozilla/5.0 AppleWebKit/537.36 (KHTML, like Gecko; compatible; GPTBot/1.2; +https://openai.com/gptbot)"
20.171.207.175 - - [16/Jun/2025:09:36:35 -0400] "GET /product/cake135?path=%2Fhome%2Fhonehdyv%2Freadbtooom.com%2Fwp-content%2Fplugins%2Finsert-headers-and-footers HTTP/1.1" 200 2818 "-" "Mozilla/5.0 AppleWebKit/537.36 (KHTML, like Gecko; compatible; GPTBot/1.2; +https://openai.com/gptbot)"
20.171.207.66 - - [16/Jun/2025:09:36:36 -0400] "GET /?filesrc=%2F%2Fopt%2Falt%2Fruby33%2Fshare%2Fruby%2Ferb.rb&path=%2F%2Fopt%2Falt%2Fruby33%2Fshare%2Fruby HTTP/1.1" 200 7411 "-" "Mozilla/5.0 AppleWebKit/537.36 (KHTML, like Gecko; compatible; GPTBot/1.2; +https://openai.com/gptbot)"
20.171.207.175 - - [16/Jun/2025:09:36:37 -0400] "GET /product/late38?filesrc=%2Fhome%2Fhonehdyv%2Freadbtooom.com%2Fwp-content%2F2fa&path=%2Fhome%2Fhonehdyv%2Freadbtooom.com%2Fwp-content HTTP/1.1" 200 28644 "-" "Mozilla/5.0 AppleWebKit/537.36 (KHTML, like Gecko; compatible; GPTBot/1.2; +https://openai.com/gptbot)"
20.171.207.66 - - [16/Jun/2025:09:36:37 -0400] "GET /?filesrc=%2F%2Fopt%2Falt%2Fruby27%2Fshare%2Fruby%2Fun.rb&path=%2F%2Fopt%2Falt%2Fruby27%2Fshare%2Fruby HTTP/1.1" 200 5344 "-" "Mozilla/5.0 AppleWebKit/537.36 (KHTML, like Gecko; compatible; GPTBot/1.2; +https://openai.com/gptbot)"
20.171.207.175 - - [16/Jun/2025:09:36:38 -0400] "GET /product/booth81?filesrc=%2Fhome%2Fhonehdyv%2Freadbtooom.com%2Fwp-content%2Fplugins%2Fwidgets-on-pages%2Ffreemius%2Fincludes%2Ffs-plugin-info-dialog.php&path=%2Fhome%2Fhonehdyv%2Freadbtooom.com%2Fwp-content%2Fplugins%2Fwidgets-on-pages%2Ffreemius%2Fincludes HTTP/1.1" 200 17434 "-" "Mozilla/5.0 AppleWebKit/537.36 (KHTML, like Gecko; compatible; GPTBot/1.2; +https://openai.com/gptbot)"
20.171.207.175 - - [16/Jun/2025:09:36:39 -0400] "GET /product/booth81?path=%2Fhome%2Fhonehdyv%2Freadbtooom.com%2Fwp-content%2Fplugins%2Fwidgets-on-pages%2Ffreemius%2Fincludes%2Fdebug HTTP/1.1" 200 2689 "-" "Mozilla/5.0 AppleWebKit/537.36 (KHTML, like Gecko; compatible; GPTBot/1.2; +https://openai.com/gptbot)"
20.171.207.66 - - [16/Jun/2025:09:36:39 -0400] "GET /?filesrc=%2F%2Fopt%2Falt%2Fruby33%2Fshare%2Fruby%2Fset.rb&path=%2F%2Fopt%2Falt%2Fruby33%2Fshare%2Fruby HTTP/1.1" 200 9222 "-" "Mozilla/5.0 AppleWebKit/537.36 (KHTML, like Gecko; compatible; GPTBot/1.2; +https://openai.com/gptbot)"
20.171.207.175 - - [16/Jun/2025:09:36:40 -0400] "GET /product/booth81?path=%2Fhome%2Fhonehdyv%2Freadbtooom.com%2Fwp-content%2Fplugins%2Fwidgets-on-pages%2Ffreemius%2Fincludes%2Fentities HTTP/1.1" 200 3072 "-" "Mozilla/5.0 AppleWebKit/537.36 (KHTML, like Gecko; compatible; GPTBot/1.2; +https://openai.com/gptbot)"
20.171.207.66 - - [16/Jun/2025:09:36:41 -0400] "GET /?filesrc=%2F%2Fopt%2Falt%2Fruby32%2Fshare%2Fruby%2Fdrb.rb&path=%2F%2Fopt%2Falt%2Fruby32%2Fshare%2Fruby HTTP/1.1" 200 2050 "-" "Mozilla/5.0 AppleWebKit/537.36 (KHTML, like Gecko; compatible; GPTBot/1.2; +https://openai.com/gptbot)"
20.171.207.175 - - [16/Jun/2025:09:36:42 -0400] "GET /product/booth81?path=%2Fhome%2Fhonehdyv%2Freadbtooom.com%2Fwp-content%2Fplugins%2Fwidgets-on-pages%2Ffreemius%2Fincludes%2Fsupplements HTTP/1.1" 200 2715 "-" "Mozilla/5.0 AppleWebKit/537.36 (KHTML, like Gecko; compatible; GPTBot/1.2; +https://openai.com/gptbot)"
20.171.207.175 - - [16/Jun/2025:09:36:43 -0400] "GET /product/booth81?path=%2Fhome%2Fhonehdyv%2Freadbtooom.com%2Fwp-content%2Fplugins%2Fwidgets-on-pages%2Ffreemius%2Fincludes%2Fmanagers HTTP/1.1" 200 3009 "-" "Mozilla/5.0 AppleWebKit/537.36 (KHTML, like Gecko; compatible; GPTBot/1.2; +https://openai.com/gptbot)"
20.171.207.66 - - [16/Jun/2025:09:36:43 -0400] "GET /?filesrc=%2F%2Fopt%2Falt%2Fruby32%2Fshare%2Fruby%2Fracc.rb&path=%2F%2Fopt%2Falt%2Fruby32%2Fshare%2Fruby HTTP/1.1" 200 2062 "-" "Mozilla/5.0 AppleWebKit/537.36 (KHTML, like Gecko; compatible; GPTBot/1.2; +https://openai.com/gptbot)"
20.171.207.66 - - [16/Jun/2025:09:36:45 -0400] "GET /?filesrc=%2F%2Fopt%2Falt%2Fruby32%2Fshare%2Fruby%2Flogger.rb&path=%2F%2Fopt%2Falt%2Fruby32%2Fshare%2Fruby HTTP/1.1" 200 8643 "-" "Mozilla/5.0 AppleWebKit/537.36 (KHTML, like Gecko; compatible; GPTBot/1.2; +https://openai.com/gptbot)"
20.171.207.175 - - [16/Jun/2025:09:36:45 -0400] "GET /product/booth81?path=%2Fhome%2Fhonehdyv%2Freadbtooom.com%2Fwp-content%2Fplugins%2Fwidgets-on-pages%2Ffreemius%2Fincludes%2Fsdk HTTP/1.1" 200 2860 "-" "Mozilla/5.0 AppleWebKit/537.36 (KHTML, like Gecko; compatible; GPTBot/1.2; +https://openai.com/gptbot)"
20.171.207.175 - - [16/Jun/2025:09:36:47 -0400] "GET /product/booth81?path=%2Fhome%2Fhonehdyv%2Freadbtooom.com%2Fwp-content%2Fplugins%2Fwidgets-on-pages%2Ffreemius%2Fincludes%2Fcustomizer HTTP/1.1" 200 2693 "-" "Mozilla/5.0 AppleWebKit/537.36 (KHTML, like Gecko; compatible; GPTBot/1.2; +https://openai.com/gptbot)"
20.171.207.66 - - [16/Jun/2025:09:36:47 -0400] "GET /?filesrc=%2F%2Fopt%2Falt%2Fruby27%2Fshare%2Fruby%2Fpsych.rb&path=%2F%2Fopt%2Falt%2Fruby27%2Fshare%2Fruby HTTP/1.1" 200 7882 "-" "Mozilla/5.0 AppleWebKit/537.36 (KHTML, like Gecko; compatible; GPTBot/1.2; +https://openai.com/gptbot)"
20.171.207.66 - - [16/Jun/2025:09:36:49 -0400] "GET /?filesrc=%2F%2Fopt%2Falt%2Fruby27%2Fshare%2Fruby%2Fprime.rb&path=%2F%2Fopt%2Falt%2Fruby27%2Fshare%2Fruby HTTP/1.1" 200 6060 "-" "Mozilla/5.0 AppleWebKit/537.36 (KHTML, like Gecko; compatible; GPTBot/1.2; +https://openai.com/gptbot)"
20.171.207.175 - - [16/Jun/2025:09:36:48 -0400] "GET /product/booth81?filesrc=%2Fhome%2Fhonehdyv%2Freadbtooom.com%2Fwp-content%2Fdc9&path=%2Fhome%2Fhonehdyv%2Freadbtooom.com%2Fwp-content HTTP/1.1" 200 28650 "-" "Mozilla/5.0 AppleWebKit/537.36 (KHTML, like Gecko; compatible; GPTBot/1.2; +https://openai.com/gptbot)"
20.171.207.175 - - [16/Jun/2025:09:36:50 -0400] "GET /product/cake135?path=%2Fhome%2Fhonehdyv%2Freadbtooom.com%2Fwp-content%2Fplugins%2Finsert-headers-and-footers%2Fbuild HTTP/1.1" 200 2897 "-" "Mozilla/5.0 AppleWebKit/537.36 (KHTML, like Gecko; compatible; GPTBot/1.2; +https://openai.com/gptbot)"
20.171.207.66 - - [16/Jun/2025:09:36:51 -0400] "GET /?filesrc=%2F%2Fopt%2Falt%2Fruby33%2Fshare%2Fruby%2Fostruct.rb&path=%2F%2Fopt%2Falt%2Fruby33%2Fshare%2Fruby HTTP/1.1" 200 7011 "-" "Mozilla/5.0 AppleWebKit/537.36 (KHTML, like Gecko; compatible; GPTBot/1.2; +https://openai.com/gptbot)"
20.171.207.175 - - [16/Jun/2025:09:36:52 -0400] "GET /product/cake135?path=%2Fhome%2Fhonehdyv%2Freadbtooom.com%2Fwp-content%2Fplugins%2Finsert-headers-and-footers%2Fadmin HTTP/1.1" 200 2472 "-" "Mozilla/5.0 AppleWebKit/537.36 (KHTML, like Gecko; compatible; GPTBot/1.2; +https://openai.com/gptbot)"
20.171.207.66 - - [16/Jun/2025:09:36:53 -0400] "GET /?filesrc=%2F%2Fopt%2Falt%2Fruby27%2Fshare%2Fruby%2Fset.rb&path=%2F%2Fopt%2Falt%2Fruby27%2Fshare%2Fruby HTTP/1.1" 200 8808 "-" "Mozilla/5.0 AppleWebKit/537.36 (KHTML, like Gecko; compatible; GPTBot/1.2; +https://openai.com/gptbot)"
54.235.172.108 - - [16/Jun/2025:09:36:52 -0400] "GET /?path=//opt/alt/python36 HTTP/1.1" 200 20542 "-" "Mozilla/5.0 AppleWebKit/537.36 (KHTML, like Gecko; compatible; Amazonbot/0.1; +https://developer.amazon.com/support/amazonbot) Chrome/119.0.6045.214 Safari/537.36"
20.171.207.175 - - [16/Jun/2025:09:36:53 -0400] "GET /product/award12?filesrc=%2Fhome%2Fhonehdyv%2Freadbtooom.com%2Fwp-content%2F2fa&path=%2Fhome%2Fhonehdyv%2Freadbtooom.com%2Fwp-content HTTP/1.1" 200 28644 "-" "Mozilla/5.0 AppleWebKit/537.36 (KHTML, like Gecko; compatible; GPTBot/1.2; +https://openai.com/gptbot)"
20.171.207.66 - - [16/Jun/2025:09:36:54 -0400] "GET /?filesrc=%2F%2Fopt%2Falt%2Fruby27%2Fshare%2Fruby%2Fresolv.rb&path=%2F%2Fopt%2Falt%2Fruby27%2Fshare%2Fruby HTTP/1.1" 200 19383 "-" "Mozilla/5.0 AppleWebKit/537.36 (KHTML, like Gecko; compatible; GPTBot/1.2; +https://openai.com/gptbot)"
20.171.207.175 - - [16/Jun/2025:09:36:55 -0400] "GET /product/booth81?filesrc=%2Fhome%2Fhonehdyv%2Freadbtooom.com%2Fwp-content%2F2fa&path=%2Fhome%2Fhonehdyv%2Freadbtooom.com%2Fwp-content HTTP/1.1" 200 28644 "-" "Mozilla/5.0 AppleWebKit/537.36 (KHTML, like Gecko; compatible; GPTBot/1.2; +https://openai.com/gptbot)"
20.171.207.175 - - [16/Jun/2025:09:36:56 -0400] "GET /product/award12?filesrc=%2Fhome%2Fhonehdyv%2Freadbtooom.com%2Fwp-content%2Fdc9&path=%2Fhome%2Fhonehdyv%2Freadbtooom.com%2Fwp-content HTTP/1.1" 200 28650 "-" "Mozilla/5.0 AppleWebKit/537.36 (KHTML, like Gecko; compatible; GPTBot/1.2; +https://openai.com/gptbot)"
20.171.207.66 - - [16/Jun/2025:09:36:56 -0400] "GET /?filesrc=%2F%2Fopt%2Falt%2Fruby32%2Fshare%2Fruby%2Fpsych.rb&path=%2F%2Fopt%2Falt%2Fruby32%2Fshare%2Fruby HTTP/1.1" 200 8074 "-" "Mozilla/5.0 AppleWebKit/537.36 (KHTML, like Gecko; compatible; GPTBot/1.2; +https://openai.com/gptbot)"
20.171.207.175 - - [16/Jun/2025:09:36:57 -0400] "GET /product/booth81?path=%2Fhome%2Fhonehdyv%2Freadbtooom.com%2Fwp-content%2Fthemes%2Ftwentynineteen%2Finc HTTP/1.1" 200 2724 "-" "Mozilla/5.0 AppleWebKit/537.36 (KHTML, like Gecko; compatible; GPTBot/1.2; +https://openai.com/gptbot)"
20.171.207.66 - - [16/Jun/2025:09:36:57 -0400] "GET /?filesrc=%2F%2Fopt%2Falt%2Fruby27%2Fshare%2Fruby%2Fcgi.rb&path=%2F%2Fopt%2Falt%2Fruby27%2Fshare%2Fruby HTTP/1.1" 200 5789 "-" "Mozilla/5.0 AppleWebKit/537.36 (KHTML, like Gecko; compatible; GPTBot/1.2; +https://openai.com/gptbot)"
20.171.207.175 - - [16/Jun/2025:09:36:59 -0400] "GET /product/award12?path=%2Fhome%2Fhonehdyv%2Freadbtooom.com%2Fwp-content%2Fthemes%2Ftwentytwentyone%2Finc HTTP/1.1" 200 2731 "-" "Mozilla/5.0 AppleWebKit/537.36 (KHTML, like Gecko; compatible; GPTBot/1.2; +https://openai.com/gptbot)"
20.171.207.66 - - [16/Jun/2025:09:36:59 -0400] "GET /?filesrc=%2F%2Fopt%2Falt%2Fruby32%2Fshare%2Fruby%2Fopenssl.rb&path=%2F%2Fopt%2Falt%2Fruby32%2Fshare%2Fruby HTTP/1.1" 200 2503 "-" "Mozilla/5.0 AppleWebKit/537.36 (KHTML, like Gecko; compatible; GPTBot/1.2; +https://openai.com/gptbot)"
20.171.207.175 - - [16/Jun/2025:09:37:00 -0400] "GET /product/booth81?path=%2Fhome%2Fhonehdyv%2Freadbtooom.com%2Fwp-content%2Fplugins%2Fwidgets-on-pages%2Ffreemius%2Fincludes%2Fsdk%2FExceptions HTTP/1.1" 200 2792 "-" "Mozilla/5.0 AppleWebKit/537.36 (KHTML, like Gecko; compatible; GPTBot/1.2; +https://openai.com/gptbot)"
20.171.207.66 - - [16/Jun/2025:09:37:00 -0400] "GET /?filesrc=%2F%2Fopt%2Falt%2Fruby27%2Fshare%2Fruby%2Fobserver.rb&path=%2F%2Fopt%2Falt%2Fruby27%2Fshare%2Fruby HTTP/1.1" 200 4129 "-" "Mozilla/5.0 AppleWebKit/537.36 (KHTML, like Gecko; compatible; GPTBot/1.2; +https://openai.com/gptbot)"
20.171.207.175 - - [16/Jun/2025:09:37:01 -0400] "GET /product/booth81?path=%2Fhome%2Fhonehdyv%2Freadbtooom.com%2Fwp-content%2Fthemes%2Ftwentytwentyone%2Finc HTTP/1.1" 200 2731 "-" "Mozilla/5.0 AppleWebKit/537.36 (KHTML, like Gecko; compatible; GPTBot/1.2; +https://openai.com/gptbot)"
20.171.207.66 - - [16/Jun/2025:09:37:01 -0400] "GET /?filesrc=%2F%2Fopt%2Falt%2Fruby27%2Fshare%2Fruby%2Fripper.rb&path=%2F%2Fopt%2Falt%2Fruby27%2Fshare%2Fruby HTTP/1.1" 200 3125 "-" "Mozilla/5.0 AppleWebKit/537.36 (KHTML, like Gecko; compatible; GPTBot/1.2; +https://openai.com/gptbot)"
20.171.207.175 - - [16/Jun/2025:09:37:02 -0400] "GET /product/award12?path=%2Fhome%2Fhonehdyv%2Freadbtooom.com%2Fwp-content%2Fthemes%2Ftwentytwenty%2Fassets HTTP/1.1" 200 2547 "-" "Mozilla/5.0 AppleWebKit/537.36 (KHTML, like Gecko; compatible; GPTBot/1.2; +https://openai.com/gptbot)"
20.171.207.66 - - [16/Jun/2025:09:37:02 -0400] "GET /?filesrc=%2F%2Fopt%2Falt%2Fruby33%2Fshare%2Fruby%2Foptparse.rb&path=%2F%2Fopt%2Falt%2Fruby33%2Fshare%2Fruby HTTP/1.1" 200 20912 "-" "Mozilla/5.0 AppleWebKit/537.36 (KHTML, like Gecko; compatible; GPTBot/1.2; +https://openai.com/gptbot)"
20.171.207.175 - - [16/Jun/2025:09:37:03 -0400] "GET /product/booth81?path=%2Fhome%2Fhonehdyv%2Freadbtooom.com%2Fwp-content%2Fthemes%2Ftwentytwenty%2Fassets HTTP/1.1" 200 2547 "-" "Mozilla/5.0 AppleWebKit/537.36 (KHTML, like Gecko; compatible; GPTBot/1.2; +https://openai.com/gptbot)"
20.171.207.66 - - [16/Jun/2025:09:37:04 -0400] "GET /?filesrc=%2F%2Fopt%2Falt%2Fruby34%2Fshare%2Fruby%2Ferb.rb&path=%2F%2Fopt%2Falt%2Fruby34%2Fshare%2Fruby HTTP/1.1" 200 7411 "-" "Mozilla/5.0 AppleWebKit/537.36 (KHTML, like Gecko; compatible; GPTBot/1.2; +https://openai.com/gptbot)"
20.171.207.175 - - [16/Jun/2025:09:37:05 -0400] "GET /product/award12?path=%2Fhome%2Fhonehdyv%2Freadbtooom.com%2Fwp-content%2Fplugins%2Freal-time-find-and-replace-pro%2Finc HTTP/1.1" 200 2499 "-" "Mozilla/5.0 AppleWebKit/537.36 (KHTML, like Gecko; compatible; GPTBot/1.2; +https://openai.com/gptbot)"
20.171.207.66 - - [16/Jun/2025:09:37:05 -0400] "GET /?filesrc=%2F%2Fopt%2Falt%2Fruby27%2Fshare%2Fruby%2Fracc.rb&path=%2F%2Fopt%2Falt%2Fruby27%2Fshare%2Fruby HTTP/1.1" 200 2062 "-" "Mozilla/5.0 AppleWebKit/537.36 (KHTML, like Gecko; compatible; GPTBot/1.2; +https://openai.com/gptbot)"
20.171.207.175 - - [16/Jun/2025:09:37:06 -0400] "GET /product/accommodate229?filesrc=%2Fhome%2Fhonehdyv%2Freadbtooom.com%2Fwp-content%2Fplugins%2Fdisqus-comment-system%2Fadmin%2Fbundles%2Fjs%2F.htaccess&path=%2Fhome%2Fhonehdyv%2Freadbtooom.com%2Fwp-content%2Fplugins%2Fdisqus-comment-system%2Fadmin%2Fbundles%2Fjs HTTP/1.1" 403 1242 "-" "Mozilla/5.0 AppleWebKit/537.36 (KHTML, like Gecko; compatible; GPTBot/1.2; +https://openai.com/gptbot)"
20.171.207.66 - - [16/Jun/2025:09:37:07 -0400] "GET /?filesrc=%2F%2Fopt%2Falt%2Fruby27%2Fshare%2Fruby%2Ftsort.rb&path=%2F%2Fopt%2Falt%2Fruby27%2Fshare%2Fruby HTTP/1.1" 200 5121 "-" "Mozilla/5.0 AppleWebKit/537.36 (KHTML, like Gecko; compatible; GPTBot/1.2; +https://openai.com/gptbot)"
20.171.207.175 - - [16/Jun/2025:09:37:08 -0400] "GET /product/disturbing54?path=%2Fhome%2Fhonehdyv%2Freadbtooom.com%2Fwp-content%2Fplugins%2Fwidgets-on-pages HTTP/1.1" 200 2965 "-" "Mozilla/5.0 AppleWebKit/537.36 (KHTML, like Gecko; compatible; GPTBot/1.2; +https://openai.com/gptbot)"
20.171.207.66 - - [16/Jun/2025:09:37:09 -0400] "GET /?filesrc=%2F%2Fopt%2Falt%2Fruby33%2Fshare%2Fruby%2Fabbrev.rb&path=%2F%2Fopt%2Falt%2Fruby33%2Fshare%2Fruby HTTP/1.1" 200 3360 "-" "Mozilla/5.0 AppleWebKit/537.36 (KHTML, like Gecko; compatible; GPTBot/1.2; +https://openai.com/gptbot)"
20.171.207.175 - - [16/Jun/2025:09:37:09 -0400] "GET /product/award12?path=%2Fhome%2Fhonehdyv%2Freadbtooom.com%2Fwp-content%2Fthemes%2Ftwentytwentytwo%2Fassets HTTP/1.1" 200 2514 "-" "Mozilla/5.0 AppleWebKit/537.36 (KHTML, like Gecko; compatible; GPTBot/1.2; +https://openai.com/gptbot)"
20.171.207.175 - - [16/Jun/2025:09:37:11 -0400] "GET /product/booth81?path=%2Fhome%2Fhonehdyv%2Freadbtooom.com%2Fwp-content%2Fthemes%2Ftwentytwentytwo%2Fassets HTTP/1.1" 200 2514 "-" "Mozilla/5.0 AppleWebKit/537.36 (KHTML, like Gecko; compatible; GPTBot/1.2; +https://openai.com/gptbot)"
20.171.207.66 - - [16/Jun/2025:09:37:11 -0400] "GET /?filesrc=%2F%2Fopt%2Falt%2Fruby32%2Fshare%2Fruby%2Foptparse.rb&path=%2F%2Fopt%2Falt%2Fruby32%2Fshare%2Fruby HTTP/1.1" 200 20708 "-" "Mozilla/5.0 AppleWebKit/537.36 (KHTML, like Gecko; compatible; GPTBot/1.2; +https://openai.com/gptbot)"
20.171.207.66 - - [16/Jun/2025:09:37:12 -0400] "GET /?filesrc=%2F%2Fopt%2Falt%2Fruby27%2Fshare%2Fruby%2Fdate.rb&path=%2F%2Fopt%2Falt%2Fruby27%2Fshare%2Fruby HTTP/1.1" 200 2455 "-" "Mozilla/5.0 AppleWebKit/537.36 (KHTML, like Gecko; compatible; GPTBot/1.2; +https://openai.com/gptbot)"
20.171.207.175 - - [16/Jun/2025:09:37:12 -0400] "GET /product/late38?path=%2Fhome%2Fhonehdyv%2Freadbtooom.com%2Fwp-content%2Fplugins%2Fwidgets-on-pages%2Ffreemius HTTP/1.1" 200 2945 "-" "Mozilla/5.0 AppleWebKit/537.36 (KHTML, like Gecko; compatible; GPTBot/1.2; +https://openai.com/gptbot)"
3.213.106.226 - - [16/Jun/2025:09:37:11 -0400] "GET /?path=//var/softaculous/easyapmt HTTP/1.1" 200 21303 "-" "Mozilla/5.0 AppleWebKit/537.36 (KHTML, like Gecko; compatible; Amazonbot/0.1; +https://developer.amazon.com/support/amazonbot) Chrome/119.0.6045.214 Safari/537.36"
20.171.207.175 - - [16/Jun/2025:09:37:13 -0400] "GET /product/award12?filesrc=%2Fhome%2Fhonehdyv%2Freadbtooom.com%2Fwp-content%2Fthemes%2Ftwentytwentyone%2Finc%2Fblock-patterns.php&path=%2Fhome%2Fhonehdyv%2Freadbtooom.com%2Fwp-content%2Fthemes%2Ftwentytwentyone%2Finc HTTP/1.1" 200 5535 "-" "Mozilla/5.0 AppleWebKit/537.36 (KHTML, like Gecko; compatible; GPTBot/1.2; +https://openai.com/gptbot)"
20.171.207.66 - - [16/Jun/2025:09:37:14 -0400] "GET /?filesrc=%2F%2Fopt%2Falt%2Fruby32%2Fshare%2Fruby%2Fyaml.rb&path=%2F%2Fopt%2Falt%2Fruby32%2Fshare%2Fruby HTTP/1.1" 200 3109 "-" "Mozilla/5.0 AppleWebKit/537.36 (KHTML, like Gecko; compatible; GPTBot/1.2; +https://openai.com/gptbot)"
20.171.207.66 - - [16/Jun/2025:09:37:14 -0400] "GET /?filesrc=%2F%2Fopt%2Falt%2Fruby27%2Fshare%2Fruby%2Fpstore.rb&path=%2F%2Fopt%2Falt%2Fruby27%2Fshare%2Fruby HTTP/1.1" 200 6824 "-" "Mozilla/5.0 AppleWebKit/537.36 (KHTML, like Gecko; compatible; GPTBot/1.2; +https://openai.com/gptbot)"
20.171.207.175 - - [16/Jun/2025:09:37:15 -0400] "GET /product/cake135?path=%2Fhome%2Fhonehdyv%2Freadbtooom.com%2Fwp-content%2Fplugins%2Fwidgets-on-pages%2Ffreemius HTTP/1.1" 200 2945 "-" "Mozilla/5.0 AppleWebKit/537.36 (KHTML, like Gecko; compatible; GPTBot/1.2; +https://openai.com/gptbot)"
20.171.207.175 - - [16/Jun/2025:09:37:16 -0400] "GET /product/award12?path=%2Fhome%2Fhonehdyv%2Freadbtooom.com%2Fwp-content%2Fthemes%2Ftwentytwenty%2Fassets%2Fimages HTTP/1.1" 200 2696 "-" "Mozilla/5.0 AppleWebKit/537.36 (KHTML, like Gecko; compatible; GPTBot/1.2; +https://openai.com/gptbot)"
20.171.207.66 - - [16/Jun/2025:09:37:16 -0400] "GET /?filesrc=%2F%2Fopt%2Falt%2Fruby27%2Fshare%2Fruby%2Fripper.rb&path=%2F%2Fopt%2Falt%2Fruby27%2Fshare%2Fruby HTTP/1.1" 200 3125 "-" "Mozilla/5.0 AppleWebKit/537.36 (KHTML, like Gecko; compatible; GPTBot/1.2; +https://openai.com/gptbot)"
34.238.45.183 - - [16/Jun/2025:09:37:16 -0400] "GET /?path=//var/softaculous/cumulus HTTP/1.1" 200 21165 "-" "Mozilla/5.0 AppleWebKit/537.36 (KHTML, like Gecko; compatible; Amazonbot/0.1; +https://developer.amazon.com/support/amazonbot) Chrome/119.0.6045.214 Safari/537.36"
20.171.207.175 - - [16/Jun/2025:09:37:17 -0400] "GET /product/booth81?path=%2Fhome%2Fhonehdyv%2Freadbtooom.com%2Fwp-content%2Fthemes%2Ftwentytwenty%2Fassets%2Fimages HTTP/1.1" 200 2696 "-" "Mozilla/5.0 AppleWebKit/537.36 (KHTML, like Gecko; compatible; GPTBot/1.2; +https://openai.com/gptbot)"
20.171.207.66 - - [16/Jun/2025:09:37:17 -0400] "GET /?filesrc=%2F%2Fopt%2Falt%2Fruby33%2Fshare%2Fruby%2Furi.rb&path=%2F%2Fopt%2Falt%2Fruby33%2Fshare%2Fruby HTTP/1.1" 200 3186 "-" "Mozilla/5.0 AppleWebKit/537.36 (KHTML, like Gecko; compatible; GPTBot/1.2; +https://openai.com/gptbot)"
20.171.207.175 - - [16/Jun/2025:09:37:18 -0400] "GET /product/award12?path=%2Fhome%2Fhonehdyv%2Freadbtooom.com%2Fwp-content%2Fthemes%2Ftwentytwenty%2Fassets%2Fcss HTTP/1.1" 200 2604 "-" "Mozilla/5.0 AppleWebKit/537.36 (KHTML, like Gecko; compatible; GPTBot/1.2; +https://openai.com/gptbot)"
20.171.207.66 - - [16/Jun/2025:09:37:19 -0400] "GET /?filesrc=%2F%2Fopt%2Falt%2Fruby33%2Fshare%2Fruby%2Fripper.rb&path=%2F%2Fopt%2Falt%2Fruby33%2Fshare%2Fruby HTTP/1.1" 200 3126 "-" "Mozilla/5.0 AppleWebKit/537.36 (KHTML, like Gecko; compatible; GPTBot/1.2; +https://openai.com/gptbot)"
20.171.207.175 - - [16/Jun/2025:09:37:20 -0400] "GET /product/booth81?path=%2Fhome%2Fhonehdyv%2Freadbtooom.com%2Fwp-content%2Fthemes%2Ftwentytwenty%2Fassets%2Fcss HTTP/1.1" 200 2604 "-" "Mozilla/5.0 AppleWebKit/537.36 (KHTML, like Gecko; compatible; GPTBot/1.2; +https://openai.com/gptbot)"
20.171.207.66 - - [16/Jun/2025:09:37:21 -0400] "GET /?filesrc=%2F%2Fopt%2Falt%2Fruby32%2Fshare%2Fruby%2Fobjspace.rb&path=%2F%2Fopt%2Falt%2Fruby32%2Fshare%2Fruby HTTP/1.1" 200 3299 "-" "Mozilla/5.0 AppleWebKit/537.36 (KHTML, like Gecko; compatible; GPTBot/1.2; +https://openai.com/gptbot)"
20.171.207.175 - - [16/Jun/2025:09:37:22 -0400] "GET /product/booth81?path=%2Fhome%2Fhonehdyv%2Freadbtooom.com%2Fwp-content%2Fthemes%2Ftwentytwenty%2Fassets%2Ffonts HTTP/1.1" 200 2470 "-" "Mozilla/5.0 AppleWebKit/537.36 (KHTML, like Gecko; compatible; GPTBot/1.2; +https://openai.com/gptbot)"
20.171.207.66 - - [16/Jun/2025:09:37:22 -0400] "GET /?filesrc=%2F%2Fopt%2Falt%2Fruby32%2Fshare%2Fruby%2Fpp.rb&path=%2F%2Fopt%2Falt%2Fruby32%2Fshare%2Fruby HTTP/1.1" 200 7296 "-" "Mozilla/5.0 AppleWebKit/537.36 (KHTML, like Gecko; compatible; GPTBot/1.2; +https://openai.com/gptbot)"
20.171.207.175 - - [16/Jun/2025:09:37:23 -0400] "GET /product/award12?path=%2Fhome%2Fhonehdyv%2Freadbtooom.com%2Fwp-content%2Fthemes%2Ftwentytwenty%2Fassets%2Ffonts HTTP/1.1" 200 2470 "-" "Mozilla/5.0 AppleWebKit/537.36 (KHTML, like Gecko; compatible; GPTBot/1.2; +https://openai.com/gptbot)"
20.171.207.66 - - [16/Jun/2025:09:37:24 -0400] "GET /?filesrc=%2F%2Fopt%2Falt%2Fruby33%2Fshare%2Fruby%2Fpsych.rb&path=%2F%2Fopt%2Falt%2Fruby33%2Fshare%2Fruby HTTP/1.1" 200 7867 "-" "Mozilla/5.0 AppleWebKit/537.36 (KHTML, like Gecko; compatible; GPTBot/1.2; +https://openai.com/gptbot)"
20.171.207.175 - - [16/Jun/2025:09:37:25 -0400] "GET /product/award12?path=%2Fhome%2Fhonehdyv%2Freadbtooom.com%2Fwp-content%2Fthemes%2Ftwentytwentytwo%2Fassets%2Fimages HTTP/1.1" 200 3010 "-" "Mozilla/5.0 AppleWebKit/537.36 (KHTML, like Gecko; compatible; GPTBot/1.2; +https://openai.com/gptbot)"
20.171.207.66 - - [16/Jun/2025:09:37:26 -0400] "GET /?filesrc=%2F%2Fopt%2Falt%2Fruby27%2Fshare%2Fruby%2Flogger.rb&path=%2F%2Fopt%2Falt%2Fruby27%2Fshare%2Fruby HTTP/1.1" 200 7840 "-" "Mozilla/5.0 AppleWebKit/537.36 (KHTML, like Gecko; compatible; GPTBot/1.2; +https://openai.com/gptbot)"
20.171.207.175 - - [16/Jun/2025:09:37:26 -0400] "GET /product/booth81?path=%2Fhome%2Fhonehdyv%2Freadbtooom.com%2Fwp-content%2Fthemes%2Ftwentytwentytwo%2Fassets%2Fimages HTTP/1.1" 200 3010 "-" "Mozilla/5.0 AppleWebKit/537.36 (KHTML, like Gecko; compatible; GPTBot/1.2; +https://openai.com/gptbot)"
20.171.207.175 - - [16/Jun/2025:09:37:27 -0400] "GET /product/booth81?path=%2Fhome%2Fhonehdyv%2Freadbtooom.com%2Fwp-content%2Fthemes%2Ftwentytwentytwo%2Fassets%2Ffonts HTTP/1.1" 200 2820 "-" "Mozilla/5.0 AppleWebKit/537.36 (KHTML, like Gecko; compatible; GPTBot/1.2; +https://openai.com/gptbot)"
20.171.207.66 - - [16/Jun/2025:09:37:27 -0400] "GET /?filesrc=%2F%2Fopt%2Falt%2Fruby32%2Fshare%2Fruby%2Furi.rb&path=%2F%2Fopt%2Falt%2Fruby32%2Fshare%2Fruby HTTP/1.1" 200 3187 "-" "Mozilla/5.0 AppleWebKit/537.36 (KHTML, like Gecko; compatible; GPTBot/1.2; +https://openai.com/gptbot)"
216.73.216.154 - - [16/Jun/2025:09:37:28 -0400] "GET /green/r/1457283648.shtml?path=%2Fhome%2Fhonehdyv%2Freadbtooom.com%2Fwp-content HTTP/1.1" 200 3064 "-" "Mozilla/5.0 AppleWebKit/537.36 (KHTML, like Gecko; compatible; ClaudeBot/1.0; [email protected])"
20.171.207.66 - - [16/Jun/2025:09:37:28 -0400] "GET /?filesrc=%2F%2Fopt%2Falt%2Fruby27%2Fshare%2Fruby%2Freline.rb&path=%2F%2Fopt%2Falt%2Fruby27%2Fshare%2Fruby HTTP/1.1" 200 5352 "-" "Mozilla/5.0 AppleWebKit/537.36 (KHTML, like Gecko; compatible; GPTBot/1.2; +https://openai.com/gptbot)"
20.171.207.175 - - [16/Jun/2025:09:37:28 -0400] "GET /product/award12?path=%2Fhome%2Fhonehdyv%2Freadbtooom.com%2Fwp-content%2Fthemes%2Ftwentytwentytwo%2Fassets%2Ffonts HTTP/1.1" 200 2820 "-" "Mozilla/5.0 AppleWebKit/537.36 (KHTML, like Gecko; compatible; GPTBot/1.2; +https://openai.com/gptbot)"
20.171.207.66 - - [16/Jun/2025:09:37:29 -0400] "GET /?filesrc=%2F%2Fopt%2Falt%2Fruby33%2Fshare%2Fruby%2Fdate.rb&path=%2F%2Fopt%2Falt%2Fruby33%2Fshare%2Fruby HTTP/1.1" 200 2489 "-" "Mozilla/5.0 AppleWebKit/537.36 (KHTML, like Gecko; compatible; GPTBot/1.2; +https://openai.com/gptbot)"
35.173.18.61 - - [16/Jun/2025:09:37:29 -0400] "GET /?path=//var/softaculous/openeshop HTTP/1.1" 200 21269 "-" "Mozilla/5.0 AppleWebKit/537.36 (KHTML, like Gecko; compatible; Amazonbot/0.1; +https://developer.amazon.com/support/amazonbot) Chrome/119.0.6045.214 Safari/537.36"
20.171.207.175 - - [16/Jun/2025:09:37:29 -0400] "GET /product/award12?path=%2Fhome%2Fhonehdyv%2Freadbtooom.com%2Fwp-content%2Fthemes%2Ftwentytwentytwo%2Fassets%2Fvideos HTTP/1.1" 200 2639 "-" "Mozilla/5.0 AppleWebKit/537.36 (KHTML, like Gecko; compatible; GPTBot/1.2; +https://openai.com/gptbot)"
20.171.207.175 - - [16/Jun/2025:09:37:31 -0400] "GET /product/booth81?path=%2Fhome%2Fhonehdyv%2Freadbtooom.com%2Fwp-content%2Fthemes%2Ftwentytwentytwo%2Fassets%2Fvideos HTTP/1.1" 200 2639 "-" "Mozilla/5.0 AppleWebKit/537.36 (KHTML, like Gecko; compatible; GPTBot/1.2; +https://openai.com/gptbot)"
20.171.207.66 - - [16/Jun/2025:09:37:31 -0400] "GET /?filesrc=%2F%2Fopt%2Falt%2Fruby27%2Fshare%2Fruby%2Ftracer.rb&path=%2F%2Fopt%2Falt%2Fruby27%2Fshare%2Fruby HTTP/1.1" 200 4396 "-" "Mozilla/5.0 AppleWebKit/537.36 (KHTML, like Gecko; compatible; GPTBot/1.2; +https://openai.com/gptbot)"
34.227.234.246 - - [16/Jun/2025:09:37:31 -0400] "GET /?path=//proc/thread-self/cwd HTTP/1.1" 200 21703 "-" "Mozilla/5.0 AppleWebKit/537.36 (KHTML, like Gecko; compatible; Amazonbot/0.1; +https://developer.amazon.com/support/amazonbot) Chrome/119.0.6045.214 Safari/537.36"
20.171.207.66 - - [16/Jun/2025:09:37:32 -0400] "GET /?filesrc=%2F%2Fopt%2Falt%2Fruby27%2Fshare%2Fruby%2Fpp.rb&path=%2F%2Fopt%2Falt%2Fruby27%2Fshare%2Fruby HTTP/1.1" 200 6806 "-" "Mozilla/5.0 AppleWebKit/537.36 (KHTML, like Gecko; compatible; GPTBot/1.2; +https://openai.com/gptbot)"
20.171.207.175 - - [16/Jun/2025:09:37:33 -0400] "GET /product/late38?path=%2Fhome%2Fhonehdyv%2Freadbtooom.com%2Fwp-content%2Fplugins%2Fwidgets-on-pages%2Ffreemius%2Fassets HTTP/1.1" 200 2693 "-" "Mozilla/5.0 AppleWebKit/537.36 (KHTML, like Gecko; compatible; GPTBot/1.2; +https://openai.com/gptbot)"
20.171.207.66 - - [16/Jun/2025:09:37:34 -0400] "GET /?filesrc=%2F%2Fopt%2Falt%2Fruby33%2Fshare%2Fruby%2Fripper.rb&path=%2F%2Fopt%2Falt%2Fruby33%2Fshare%2Fruby HTTP/1.1" 200 3126 "-" "Mozilla/5.0 AppleWebKit/537.36 (KHTML, like Gecko; compatible; GPTBot/1.2; +https://openai.com/gptbot)"
20.171.207.175 - - [16/Jun/2025:09:37:34 -0400] "GET /product/employment44?path=%2Fhome%2Fhonehdyv%2Freadbtooom.com%2Fwp-content%2Fplugins%2Fg-meta-keywords%2Fcss HTTP/1.1" 200 2495 "-" "Mozilla/5.0 AppleWebKit/537.36 (KHTML, like Gecko; compatible; GPTBot/1.2; +https://openai.com/gptbot)"
20.171.207.66 - - [16/Jun/2025:09:37:35 -0400] "GET /?filesrc=%2F%2Fopt%2Falt%2Fruby27%2Fshare%2Fruby%2Fabbrev.rb&path=%2F%2Fopt%2Falt%2Fruby27%2Fshare%2Fruby HTTP/1.1" 200 3336 "-" "Mozilla/5.0 AppleWebKit/537.36 (KHTML, like Gecko; compatible; GPTBot/1.2; +https://openai.com/gptbot)"
20.171.207.175 - - [16/Jun/2025:09:37:35 -0400] "GET /product/employment44?path=%2Fhome%2Fhonehdyv%2Freadbtooom.com%2Fwp-content%2Fplugins%2Fwp-rocket%2Finc%2FAPI HTTP/1.1" 200 2480 "-" "Mozilla/5.0 AppleWebKit/537.36 (KHTML, like Gecko; compatible; GPTBot/1.2; +https://openai.com/gptbot)"
20.171.207.66 - - [16/Jun/2025:09:37:36 -0400] "GET /?filesrc=%2F%2Fopt%2Falt%2Fruby27%2Fshare%2Fruby%2Fdebug.rb&path=%2F%2Fopt%2Falt%2Fruby27%2Fshare%2Fruby HTTP/1.1" 200 9799 "-" "Mozilla/5.0 AppleWebKit/537.36 (KHTML, like Gecko; compatible; GPTBot/1.2; +https://openai.com/gptbot)"
