45.156.128.106 - - [17/Jun/2025:11:45:22 -0400] "GET /wp-content/plugins/iwp-client/readme.txt HTTP/1.1" 200 0 "https://windbreakermanga.com/wp-content/plugins/iwp-client/readme.txt" "Mozilla/5.0 (Windows NT 10.0; Win64; x64) AppleWebKit/537.36 (KHTML, like Gecko) Chrome/60.0.3112.113 Safari/537.36"
45.156.128.108 - - [17/Jun/2025:11:45:28 -0400] "GET /wp-content/plugins/smart-slider-3/readme.txt HTTP/1.1" 200 0 "https://windbreakermanga.com/wp-content/plugins/smart-slider-3/readme.txt" "Mozilla/5.0 (Windows NT 10.0; Win64; x64) AppleWebKit/537.36 (KHTML, like Gecko) Chrome/60.0.3112.113 Safari/537.36"
45.156.128.107 - - [17/Jun/2025:11:45:28 -0400] "GET /wp-content/plugins/sg-security/readme.txt HTTP/1.1" 200 0 "https://windbreakermanga.com/wp-content/plugins/sg-security/readme.txt" "Mozilla/5.0 (Windows NT 10.0; Win64; x64) AppleWebKit/537.36 (KHTML, like Gecko) Chrome/60.0.3112.113 Safari/537.36"
45.156.128.109 - - [17/Jun/2025:11:45:28 -0400] "GET /wp-content/plugins/woocommerce/readme.txt HTTP/1.1" 200 0 "https://windbreakermanga.com/wp-content/plugins/woocommerce/readme.txt" "Mozilla/5.0 (Windows NT 10.0; Win64; x64) AppleWebKit/537.36 (KHTML, like Gecko) Chrome/60.0.3112.113 Safari/537.36"
45.156.128.106 - - [17/Jun/2025:11:45:28 -0400] "GET /wp-content/plugins/contact-form-7/readme.txt HTTP/1.1" 200 0 "https://windbreakermanga.com/wp-content/plugins/contact-form-7/readme.txt" "Mozilla/5.0 (Windows NT 10.0; Win64; x64) AppleWebKit/537.36 (KHTML, like Gecko) Chrome/60.0.3112.113 Safari/537.36"
45.156.128.108 - - [17/Jun/2025:11:45:28 -0400] "GET /wp-content/plugins/all-in-one-wp-security-and-firewall/readme.txt HTTP/1.1" 200 0 "https://windbreakermanga.com/wp-content/plugins/all-in-one-wp-security-and-firewall/readme.txt" "Mozilla/5.0 (Windows NT 10.0; Win64; x64) AppleWebKit/537.36 (KHTML, like Gecko) Chrome/60.0.3112.113 Safari/537.36"
45.156.128.107 - - [17/Jun/2025:11:45:28 -0400] "GET /wp-content/plugins/litespeed-cache/readme.txt HTTP/1.1" 200 13428 "https://windbreakermanga.com/wp-content/plugins/litespeed-cache/readme.txt" "Mozilla/5.0 (Windows NT 10.0; Win64; x64) AppleWebKit/537.36 (KHTML, like Gecko) Chrome/60.0.3112.113 Safari/537.36"
45.156.128.109 - - [17/Jun/2025:11:45:28 -0400] "GET /wp-content/plugins/really-simple-ssl/readme.txt HTTP/1.1" 200 0 "https://windbreakermanga.com/wp-content/plugins/really-simple-ssl/readme.txt" "Mozilla/5.0 (Windows NT 10.0; Win64; x64) AppleWebKit/537.36 (KHTML, like Gecko) Chrome/60.0.3112.113 Safari/537.36"
45.156.128.106 - - [17/Jun/2025:11:45:28 -0400] "GET /wp-content/plugins/duplicate-page/readme.txt HTTP/1.1" 200 1941 "https://windbreakermanga.com/wp-content/plugins/duplicate-page/readme.txt" "Mozilla/5.0 (Windows NT 10.0; Win64; x64) AppleWebKit/537.36 (KHTML, like Gecko) Chrome/60.0.3112.113 Safari/537.36"
45.156.128.108 - - [17/Jun/2025:11:45:28 -0400] "GET /wp-content/plugins/wordpress-seo/readme.txt HTTP/1.1" 200 8503 "https://windbreakermanga.com/wp-content/plugins/wordpress-seo/readme.txt" "Mozilla/5.0 (Windows NT 10.0; Win64; x64) AppleWebKit/537.36 (KHTML, like Gecko) Chrome/60.0.3112.113 Safari/537.36"
45.156.128.108 - - [17/Jun/2025:11:45:28 -0400] "GET /wp-content/plugins/all-in-one-seo-pack/readme.txt HTTP/1.1" 200 0 "https://windbreakermanga.com/wp-content/plugins/all-in-one-seo-pack/readme.txt" "Mozilla/5.0 (Windows NT 10.0; Win64; x64) AppleWebKit/537.36 (KHTML, like Gecko) Chrome/60.0.3112.113 Safari/537.36"
45.156.128.107 - - [17/Jun/2025:11:45:28 -0400] "GET /wp-content/plugins/wordfence/readme.txt HTTP/1.1" 200 0 "https://windbreakermanga.com/wp-content/plugins/wordfence/readme.txt" "Mozilla/5.0 (Windows NT 10.0; Win64; x64) AppleWebKit/537.36 (KHTML, like Gecko) Chrome/60.0.3112.113 Safari/537.36"
45.156.128.106 - - [17/Jun/2025:11:45:28 -0400] "GET /wp-content/plugins/jetpack/readme.txt HTTP/1.1" 200 0 "https://windbreakermanga.com/wp-content/plugins/jetpack/readme.txt" "Mozilla/5.0 (Windows NT 10.0; Win64; x64) AppleWebKit/537.36 (KHTML, like Gecko) Chrome/60.0.3112.113 Safari/537.36"
45.156.128.107 - - [17/Jun/2025:11:45:28 -0400] "GET /wp-content/plugins/duplicate-post/readme.txt HTTP/1.1" 200 0 "https://windbreakermanga.com/wp-content/plugins/duplicate-post/readme.txt" "Mozilla/5.0 (Windows NT 10.0; Win64; x64) AppleWebKit/537.36 (KHTML, like Gecko) Chrome/60.0.3112.113 Safari/537.36"
45.156.128.106 - - [17/Jun/2025:11:45:28 -0400] "GET /wp-content/plugins/seo-by-rank-math/readme.txt HTTP/1.1" 200 0 "https://windbreakermanga.com/wp-content/plugins/seo-by-rank-math/readme.txt" "Mozilla/5.0 (Windows NT 10.0; Win64; x64) AppleWebKit/537.36 (KHTML, like Gecko) Chrome/60.0.3112.113 Safari/537.36"
45.156.128.106 - - [17/Jun/2025:11:45:28 -0400] "GET /wp-content/plugins/google-site-kit/readme.txt HTTP/1.1" 200 0 "https://windbreakermanga.com/wp-content/plugins/google-site-kit/readme.txt" "Mozilla/5.0 (Windows NT 10.0; Win64; x64) AppleWebKit/537.36 (KHTML, like Gecko) Chrome/60.0.3112.113 Safari/537.36"
45.156.128.106 - - [17/Jun/2025:11:45:28 -0400] "GET /wp-content/plugins/akismet/readme.txt HTTP/1.1" 200 0 "https://windbreakermanga.com/wp-content/plugins/akismet/readme.txt" "Mozilla/5.0 (Windows NT 10.0; Win64; x64) AppleWebKit/537.36 (KHTML, like Gecko) Chrome/60.0.3112.113 Safari/537.36"
45.156.128.109 - - [17/Jun/2025:11:45:28 -0400] "GET /wp-content/plugins/wpforms-lite/readme.txt HTTP/1.1" 200 0 "https://windbreakermanga.com/wp-content/plugins/wpforms-lite/readme.txt" "Mozilla/5.0 (Windows NT 10.0; Win64; x64) AppleWebKit/537.36 (KHTML, like Gecko) Chrome/60.0.3112.113 Safari/537.36"
45.156.128.107 - - [17/Jun/2025:11:45:28 -0400] "GET /wp-content/plugins/google-analytics-for-wordpress/readme.txt HTTP/1.1" 200 0 "https://windbreakermanga.com/wp-content/plugins/google-analytics-for-wordpress/readme.txt" "Mozilla/5.0 (Windows NT 10.0; Win64; x64) AppleWebKit/537.36 (KHTML, like Gecko) Chrome/60.0.3112.113 Safari/537.36"
45.156.128.109 - - [17/Jun/2025:11:45:28 -0400] "GET /wp-content/plugins/updraftplus/readme.txt HTTP/1.1" 200 0 "https://windbreakermanga.com/wp-content/plugins/updraftplus/readme.txt" "Mozilla/5.0 (Windows NT 10.0; Win64; x64) AppleWebKit/537.36 (KHTML, like Gecko) Chrome/60.0.3112.113 Safari/537.36"
45.156.128.108 - - [17/Jun/2025:11:45:28 -0400] "GET /wp-content/plugins/insert-headers-and-footers/readme.txt HTTP/1.1" 200 6917 "https://windbreakermanga.com/wp-content/plugins/insert-headers-and-footers/readme.txt" "Mozilla/5.0 (Windows NT 10.0; Win64; x64) AppleWebKit/537.36 (KHTML, like Gecko) Chrome/60.0.3112.113 Safari/537.36"
45.156.128.107 - - [17/Jun/2025:11:45:28 -0400] "GET /wp-content/plugins/redirection/readme.txt HTTP/1.1" 200 10605 "https://windbreakermanga.com/wp-content/plugins/redirection/readme.txt" "Mozilla/5.0 (Windows NT 10.0; Win64; x64) AppleWebKit/537.36 (KHTML, like Gecko) Chrome/60.0.3112.113 Safari/537.36"
45.156.128.106 - - [17/Jun/2025:11:45:28 -0400] "GET /wp-content/plugins/limit-login-attempts-reloaded/readme.txt HTTP/1.1" 200 0 "https://windbreakermanga.com/wp-content/plugins/limit-login-attempts-reloaded/readme.txt" "Mozilla/5.0 (Windows NT 10.0; Win64; x64) AppleWebKit/537.36 (KHTML, like Gecko) Chrome/60.0.3112.113 Safari/537.36"
45.156.128.107 - - [17/Jun/2025:11:45:28 -0400] "GET /wp-content/plugins/coming-soon/readme.txt HTTP/1.1" 200 0 "https://windbreakermanga.com/wp-content/plugins/coming-soon/readme.txt" "Mozilla/5.0 (Windows NT 10.0; Win64; x64) AppleWebKit/537.36 (KHTML, like Gecko) Chrome/60.0.3112.113 Safari/537.36"
45.156.128.106 - - [17/Jun/2025:11:45:28 -0400] "GET /wp-content/plugins/hostinger/readme.txt HTTP/1.1" 200 0 "https://windbreakermanga.com/wp-content/plugins/hostinger/readme.txt" "Mozilla/5.0 (Windows NT 10.0; Win64; x64) AppleWebKit/537.36 (KHTML, like Gecko) Chrome/60.0.3112.113 Safari/537.36"
45.156.128.107 - - [17/Jun/2025:11:45:29 -0400] "GET /wp-content/plugins/mailchimp-for-wp/readme.txt HTTP/1.1" 200 0 "https://windbreakermanga.com/wp-content/plugins/mailchimp-for-wp/readme.txt" "Mozilla/5.0 (Windows NT 10.0; Win64; x64) AppleWebKit/537.36 (KHTML, like Gecko) Chrome/60.0.3112.113 Safari/537.36"
45.156.128.106 - - [17/Jun/2025:11:45:29 -0400] "GET /wp-content/plugins/header-footer-elementor/readme.txt HTTP/1.1" 200 0 "https://windbreakermanga.com/wp-content/plugins/header-footer-elementor/readme.txt" "Mozilla/5.0 (Windows NT 10.0; Win64; x64) AppleWebKit/537.36 (KHTML, like Gecko) Chrome/60.0.3112.113 Safari/537.36"
45.156.128.108 - - [17/Jun/2025:11:45:29 -0400] "GET /wp-content/plugins/ultimate-addons-for-gutenberg/readme.txt HTTP/1.1" 200 0 "https://windbreakermanga.com/wp-content/plugins/ultimate-addons-for-gutenberg/readme.txt" "Mozilla/5.0 (Windows NT 10.0; Win64; x64) AppleWebKit/537.36 (KHTML, like Gecko) Chrome/60.0.3112.113 Safari/537.36"
45.156.128.109 - - [17/Jun/2025:11:45:29 -0400] "GET /wp-content/plugins/ewww-image-optimizer/readme.txt HTTP/1.1" 200 0 "https://windbreakermanga.com/wp-content/plugins/ewww-image-optimizer/readme.txt" "Mozilla/5.0 (Windows NT 10.0; Win64; x64) AppleWebKit/537.36 (KHTML, like Gecko) Chrome/60.0.3112.113 Safari/537.36"
45.156.128.108 - - [17/Jun/2025:11:45:29 -0400] "GET /wp-content/plugins/wp-optimize/readme.txt HTTP/1.1" 200 0 "https://windbreakermanga.com/wp-content/plugins/wp-optimize/readme.txt" "Mozilla/5.0 (Windows NT 10.0; Win64; x64) AppleWebKit/537.36 (KHTML, like Gecko) Chrome/60.0.3112.113 Safari/537.36"
45.156.128.108 - - [17/Jun/2025:11:45:29 -0400] "GET /wp-content/plugins/wps-hide-login/readme.txt HTTP/1.1" 200 0 "https://windbreakermanga.com/wp-content/plugins/wps-hide-login/readme.txt" "Mozilla/5.0 (Windows NT 10.0; Win64; x64) AppleWebKit/537.36 (KHTML, like Gecko) Chrome/60.0.3112.113 Safari/537.36"
45.156.128.109 - - [17/Jun/2025:11:45:29 -0400] "GET /wp-content/plugins/loginizer/readme.txt HTTP/1.1" 200 0 "https://windbreakermanga.com/wp-content/plugins/loginizer/readme.txt" "Mozilla/5.0 (Windows NT 10.0; Win64; x64) AppleWebKit/537.36 (KHTML, like Gecko) Chrome/60.0.3112.113 Safari/537.36"
45.156.128.108 - - [17/Jun/2025:11:45:29 -0400] "GET /wp-content/plugins/astra-sites/readme.txt HTTP/1.1" 200 0 "https://windbreakermanga.com/wp-content/plugins/astra-sites/readme.txt" "Mozilla/5.0 (Windows NT 10.0; Win64; x64) AppleWebKit/537.36 (KHTML, like Gecko) Chrome/60.0.3112.113 Safari/537.36"
45.156.128.106 - - [17/Jun/2025:11:45:29 -0400] "GET /wp-content/plugins/better-wp-security/readme.txt HTTP/1.1" 200 0 "https://windbreakermanga.com/wp-content/plugins/better-wp-security/readme.txt" "Mozilla/5.0 (Windows NT 10.0; Win64; x64) AppleWebKit/537.36 (KHTML, like Gecko) Chrome/60.0.3112.113 Safari/537.36"
45.156.128.107 - - [17/Jun/2025:11:45:29 -0400] "GET /wp-content/plugins/disable-comments/readme.txt HTTP/1.1" 200 0 "https://windbreakermanga.com/wp-content/plugins/disable-comments/readme.txt" "Mozilla/5.0 (Windows NT 10.0; Win64; x64) AppleWebKit/537.36 (KHTML, like Gecko) Chrome/60.0.3112.113 Safari/537.36"
45.156.128.107 - - [17/Jun/2025:11:45:29 -0400] "GET /wp-content/plugins/complianz-gdpr/readme.txt HTTP/1.1" 200 0 "https://windbreakermanga.com/wp-content/plugins/complianz-gdpr/readme.txt" "Mozilla/5.0 (Windows NT 10.0; Win64; x64) AppleWebKit/537.36 (KHTML, like Gecko) Chrome/60.0.3112.113 Safari/537.36"
45.156.128.106 - - [17/Jun/2025:11:45:29 -0400] "GET /wp-content/plugins/wp-file-manager/readme.txt HTTP/1.1" 200 0 "https://windbreakermanga.com/wp-content/plugins/wp-file-manager/readme.txt" "Mozilla/5.0 (Windows NT 10.0; Win64; x64) AppleWebKit/537.36 (KHTML, like Gecko) Chrome/60.0.3112.113 Safari/537.36"
45.156.128.107 - - [17/Jun/2025:11:45:29 -0400] "GET /wp-content/plugins/essential-addons-for-elementor-lite/readme.txt HTTP/1.1" 200 0 "https://windbreakermanga.com/wp-content/plugins/essential-addons-for-elementor-lite/readme.txt" "Mozilla/5.0 (Windows NT 10.0; Win64; x64) AppleWebKit/537.36 (KHTML, like Gecko) Chrome/60.0.3112.113 Safari/537.36"
45.156.128.108 - - [17/Jun/2025:11:45:29 -0400] "GET /wp-content/plugins/duplicator/readme.txt HTTP/1.1" 200 0 "https://windbreakermanga.com/wp-content/plugins/duplicator/readme.txt" "Mozilla/5.0 (Windows NT 10.0; Win64; x64) AppleWebKit/537.36 (KHTML, like Gecko) Chrome/60.0.3112.113 Safari/537.36"
45.156.128.109 - - [17/Jun/2025:11:45:29 -0400] "GET /wp-content/plugins/all-in-one-wp-migration/readme.txt HTTP/1.1" 200 0 "https://windbreakermanga.com/wp-content/plugins/all-in-one-wp-migration/readme.txt" "Mozilla/5.0 (Windows NT 10.0; Win64; x64) AppleWebKit/537.36 (KHTML, like Gecko) Chrome/60.0.3112.113 Safari/537.36"
45.156.128.108 - - [17/Jun/2025:11:45:29 -0400] "GET /wp-content/plugins/envato-elements/readme.txt HTTP/1.1" 200 0 "https://windbreakermanga.com/wp-content/plugins/envato-elements/readme.txt" "Mozilla/5.0 (Windows NT 10.0; Win64; x64) AppleWebKit/537.36 (KHTML, like Gecko) Chrome/60.0.3112.113 Safari/537.36"
45.156.128.106 - - [17/Jun/2025:11:45:29 -0400] "GET /wp-content/plugins/advanced-custom-fields/readme.txt HTTP/1.1" 200 0 "https://windbreakermanga.com/wp-content/plugins/advanced-custom-fields/readme.txt" "Mozilla/5.0 (Windows NT 10.0; Win64; x64) AppleWebKit/537.36 (KHTML, like Gecko) Chrome/60.0.3112.113 Safari/537.36"
45.156.128.106 - - [17/Jun/2025:11:45:29 -0400] "GET /wp-content/plugins/autoptimize/readme.txt HTTP/1.1" 200 0 "https://windbreakermanga.com/wp-content/plugins/autoptimize/readme.txt" "Mozilla/5.0 (Windows NT 10.0; Win64; x64) AppleWebKit/537.36 (KHTML, like Gecko) Chrome/60.0.3112.113 Safari/537.36"
45.156.128.108 - - [17/Jun/2025:11:45:29 -0400] "GET /wp-content/plugins/better-search-replace/readme.txt HTTP/1.1" 200 0 "https://windbreakermanga.com/wp-content/plugins/better-search-replace/readme.txt" "Mozilla/5.0 (Windows NT 10.0; Win64; x64) AppleWebKit/537.36 (KHTML, like Gecko) Chrome/60.0.3112.113 Safari/537.36"
45.156.128.108 - - [17/Jun/2025:11:45:29 -0400] "GET /wp-content/plugins/wp-super-cache/readme.txt HTTP/1.1" 200 0 "https://windbreakermanga.com/wp-content/plugins/wp-super-cache/readme.txt" "Mozilla/5.0 (Windows NT 10.0; Win64; x64) AppleWebKit/537.36 (KHTML, like Gecko) Chrome/60.0.3112.113 Safari/537.36"
45.156.128.109 - - [17/Jun/2025:11:45:29 -0400] "GET /wp-content/plugins/redux-framework/readme.txt HTTP/1.1" 200 0 "https://windbreakermanga.com/wp-content/plugins/redux-framework/readme.txt" "Mozilla/5.0 (Windows NT 10.0; Win64; x64) AppleWebKit/537.36 (KHTML, like Gecko) Chrome/60.0.3112.113 Safari/537.36"
45.156.128.107 - - [17/Jun/2025:11:45:29 -0400] "GET /wp-content/plugins/w3-total-cache/readme.txt HTTP/1.1" 200 0 "https://windbreakermanga.com/wp-content/plugins/w3-total-cache/readme.txt" "Mozilla/5.0 (Windows NT 10.0; Win64; x64) AppleWebKit/537.36 (KHTML, like Gecko) Chrome/60.0.3112.113 Safari/537.36"
45.156.128.107 - - [17/Jun/2025:11:45:29 -0400] "GET /wp-content/plugins/svg-support/readme.txt HTTP/1.1" 200 0 "https://windbreakermanga.com/wp-content/plugins/svg-support/readme.txt" "Mozilla/5.0 (Windows NT 10.0; Win64; x64) AppleWebKit/537.36 (KHTML, like Gecko) Chrome/60.0.3112.113 Safari/537.36"
45.156.128.106 - - [17/Jun/2025:11:45:38 -0400] "GET /wp-content/plugins/optinmonster/readme.txt HTTP/1.1" 200 0 "https://windbreakermanga.com/wp-content/plugins/optinmonster/readme.txt" "Mozilla/5.0 (Windows NT 10.0; Win64; x64) AppleWebKit/537.36 (KHTML, like Gecko) Chrome/60.0.3112.113 Safari/537.36"
162.0.232.193 - - [17/Jun/2025:11:45:47 -0400] "POST /wp-cron.php?doing_wp_cron=1750175147.3841960430145263671875 HTTP/1.1" 200 0 "-" "WordPress/6.8.1; https://read11.windbreakermanga.com"
45.156.128.106 - - [17/Jun/2025:11:45:51 -0400] "GET /favicon.ico HTTP/1.1" 404 1251 "-" "Mozilla/5.0 (Windows NT 10.0; WOW64) AppleWebKit/537.36 (KHTML, like Gecko) Chrome/66.0.3359.117 Safari/537.36"
114.119.135.251 - - [17/Jun/2025:11:45:54 -0400] "GET / HTTP/1.1" 200 12649 "https://windbreakermanga.com/wp-content/uploads/2021/11/wbr-685x1024.jpeg" "Mozilla/5.0 (Linux; Android 7.0;) AppleWebKit/537.36 (KHTML, like Gecko) Mobile Safari/537.36 (compatible; PetalBot;+https://webmaster.petalsearch.com/site/petalbot)"
162.0.232.193 - - [17/Jun/2025:11:47:03 -0400] "POST /wp-cron.php?doing_wp_cron=1750175223.2899329662322998046875 HTTP/1.1" 200 0 "-" "WordPress/6.8.1; https://read11.windbreakermanga.com"
47.128.122.56 - - [17/Jun/2025:11:47:08 -0400] "GET /wp-includes/ms-deprecated.php HTTP/1.1" 403 1242 "-" "Mozilla/5.0 (Linux; Android 5.0) AppleWebKit/537.36 (KHTML, like Gecko) Mobile Safari/537.36 (compatible; Bytespider; [email protected])"
47.82.60.122 - - [17/Jun/2025:11:47:38 -0400] "GET /wind-breaker-chapter-41/ HTTP/1.1" 200 12302 "https://read11.windbreakermanga.com/wind-breaker-chapter-41/" "Mozilla/5.0 (Windows NT 10.0; Win64; x64) AppleWebKit/537.36 (KHTML, like Gecko) Chrome/114.0.0.0 Safari/537.36 Edg/114.0.1823.43"
162.0.232.193 - - [17/Jun/2025:11:48:16 -0400] "POST /wp-cron.php?doing_wp_cron=1750175296.5939788818359375000000 HTTP/1.1" 200 0 "-" "WordPress/6.8.1; https://read11.windbreakermanga.com"
162.0.232.193 - - [17/Jun/2025:11:48:20 -0400] "GET /wp-content/uploads/f979bbbcbe9df560cb74049269d2541e_4104.xml HTTP/1.1" 200 2276 "-" "Mozilla/5.0 (X11; Linux x86_64) AppleWebKit/537.36 (KHTML, like Gecko) Ubuntu Chromium/41.0.2272.76"
114.119.130.178 - - [17/Jun/2025:11:48:35 -0400] "GET / HTTP/1.1" 200 12649 "https://read8.windbreakermanga.com/wind-breaker/page/32/" "Mozilla/5.0 (Linux; Android 7.0;) AppleWebKit/537.36 (KHTML, like Gecko) Mobile Safari/537.36 (compatible; PetalBot;+https://webmaster.petalsearch.com/site/petalbot)"
170.106.72.93 - - [17/Jun/2025:11:48:48 -0400] "GET /wind-breaker-chapter-68/ HTTP/1.1" 200 12273 "-" "Mozilla/5.0 (iPhone; CPU iPhone OS 13_2_3 like Mac OS X) AppleWebKit/605.1.15 (KHTML, like Gecko) Version/13.0.3 Mobile/15E148 Safari/604.1"
2a03:2880:f800:d:: - - [17/Jun/2025:11:48:55 -0400] "GET /shopdetail/98198720 HTTP/1.1" 301 0 "-" "meta-externalagent/1.1 (+https://developers.facebook.com/docs/sharing/webmasters/crawler)"
140.213.7.231 - - [17/Jun/2025:11:49:04 -0400] "GET / HTTP/1.1" 200 12649 "https://yandex.com/" "Mozilla/5.0 (iPhone; CPU iPhone OS 16_0 like Mac OS X) AppleWebKit/605.1.15 (KHTML, like Gecko) Version/16.0 Mobile/15E148 Safari/604.1"
140.213.7.231 - - [17/Jun/2025:11:49:05 -0400] "GET /wp-content/cache/min/1/wp-content/plugins/simple-social-buttons/assets/js/front.js?ver=1746140519 HTTP/1.1" 304 0 "https://read11.windbreakermanga.com/" "Mozilla/5.0 (iPhone; CPU iPhone OS 16_0 like Mac OS X) AppleWebKit/605.1.15 (KHTML, like Gecko) Version/16.0 Mobile/15E148 Safari/604.1"
140.213.7.231 - - [17/Jun/2025:11:49:05 -0400] "GET /wp-includes/js/jquery/jquery-migrate.min.js?ver=3.4.1 HTTP/1.1" 304 0 "https://read11.windbreakermanga.com/" "Mozilla/5.0 (iPhone; CPU iPhone OS 16_0 like Mac OS X) AppleWebKit/605.1.15 (KHTML, like Gecko) Version/16.0 Mobile/15E148 Safari/604.1"
140.213.7.231 - - [17/Jun/2025:11:49:06 -0400] "GET /wp-content/uploads/2024/02/is-wind-breaker-worth-reading-right-now-v0-caa0pw3v7f8b1-864x1536.webp HTTP/1.1" 200 118876 "https://read11.windbreakermanga.com/" "Mozilla/5.0 (iPhone; CPU iPhone OS 16_0 like Mac OS X) AppleWebKit/605.1.15 (KHTML, like Gecko) Version/16.0 Mobile/15E148 Safari/604.1"
140.213.7.231 - - [17/Jun/2025:11:49:11 -0400] "GET /wind-breaker-chapter-552/ HTTP/1.1" 200 11624 "https://read11.windbreakermanga.com/" "Mozilla/5.0 (iPhone; CPU iPhone OS 16_0 like Mac OS X) AppleWebKit/605.1.15 (KHTML, like Gecko) Version/16.0 Mobile/15E148 Safari/604.1"
140.213.7.231 - - [17/Jun/2025:11:49:12 -0400] "GET /wp-content/cache/min/1/agent.js?ver=1746140939 HTTP/1.1" 200 20526 "https://read11.windbreakermanga.com/wind-breaker-chapter-552/" "Mozilla/5.0 (iPhone; CPU iPhone OS 16_0 like Mac OS X) AppleWebKit/605.1.15 (KHTML, like Gecko) Version/16.0 Mobile/15E148 Safari/604.1"
140.213.7.231 - - [17/Jun/2025:11:49:12 -0400] "GET /wp-content/cache/min/1/wp-content/plugins/disqus-comment-system/public/js/comment_embed.js?ver=1746140935 HTTP/1.1" 200 494 "https://read11.windbreakermanga.com/wind-breaker-chapter-552/" "Mozilla/5.0 (iPhone; CPU iPhone OS 16_0 like Mac OS X) AppleWebKit/605.1.15 (KHTML, like Gecko) Version/16.0 Mobile/15E148 Safari/604.1"
140.213.7.231 - - [17/Jun/2025:11:49:12 -0400] "GET /wp-includes/js/comment-reply.min.js?ver=6.8.1 HTTP/1.1" 304 0 "https://read11.windbreakermanga.com/wind-breaker-chapter-552/" "Mozilla/5.0 (iPhone; CPU iPhone OS 16_0 like Mac OS X) AppleWebKit/605.1.15 (KHTML, like Gecko) Version/16.0 Mobile/15E148 Safari/604.1"
162.0.232.193 - - [17/Jun/2025:11:49:17 -0400] "POST /wp-cron.php?doing_wp_cron=1750175357.1836938858032226562500 HTTP/1.1" 200 0 "-" "WordPress/6.8.1; https://read11.windbreakermanga.com"
162.0.232.193 - - [17/Jun/2025:11:49:17 -0400] "POST /wp-cron.php?doing_wp_cron=1750175357.1765170097351074218750 HTTP/1.1" 200 0 "-" "WordPress/6.8.1; https://read11.windbreakermanga.com"
162.0.232.193 - - [17/Jun/2025:11:49:17 -0400] "POST /wp-cron.php?doing_wp_cron=1750175357.2770540714263916015625 HTTP/1.1" 200 0 "-" "WordPress/6.8.1; https://read11.windbreakermanga.com"
162.0.232.193 - - [17/Jun/2025:11:49:18 -0400] "POST /wp-cron.php?doing_wp_cron=1750175357.5848178863525390625000 HTTP/1.1" 200 0 "-" "WordPress/6.8.1; https://read11.windbreakermanga.com"
162.0.232.193 - - [17/Jun/2025:11:49:20 -0400] "POST /wp-cron.php?doing_wp_cron=1750175359.7753019332885742187500 HTTP/1.1" 200 0 "-" "WordPress/6.8.1; https://read11.windbreakermanga.com"
162.0.232.193 - - [17/Jun/2025:11:49:23 -0400] "POST /wp-cron.php?doing_wp_cron=1750175362.7740349769592285156250 HTTP/1.1" 200 0 "-" "WordPress/6.8.1; https://read11.windbreakermanga.com"
140.213.7.231 - - [17/Jun/2025:11:49:12 -0400] "POST /wp-admin/admin-ajax.php HTTP/1.1" 200 61 "https://read11.windbreakermanga.com/wind-breaker-chapter-552/" "Mozilla/5.0 (iPhone; CPU iPhone OS 16_0 like Mac OS X) AppleWebKit/605.1.15 (KHTML, like Gecko) Version/16.0 Mobile/15E148 Safari/604.1"
2a03:2880:f800:12:: - - [17/Jun/2025:11:49:31 -0400] "GET /shopdetail/98182700 HTTP/1.1" 301 0 "-" "meta-externalagent/1.1 (+https://developers.facebook.com/docs/sharing/webmasters/crawler)"
114.119.129.189 - - [17/Jun/2025:11:49:40 -0400] "GET / HTTP/1.1" 200 12649 "https://read8.windbreakermanga.com/wind-breaker/page/19/" "Mozilla/5.0 (Linux; Android 7.0;) AppleWebKit/537.36 (KHTML, like Gecko) Mobile Safari/537.36 (compatible; PetalBot;+https://webmaster.petalsearch.com/site/petalbot)"
162.0.232.193 - - [17/Jun/2025:11:49:43 -0400] "POST /wp-cron.php?doing_wp_cron=1750175382.6732940673828125000000 HTTP/1.1" 200 0 "-" "WordPress/6.8.1; https://read11.windbreakermanga.com"
162.0.232.193 - - [17/Jun/2025:11:50:12 -0400] "POST /wp-cron.php?doing_wp_cron=1750175411.9840319156646728515625 HTTP/1.1" 200 0 "-" "WordPress/6.8.1; https://read11.windbreakermanga.com"
47.128.35.145 - - [17/Jun/2025:11:50:28 -0400] "GET /wp-includes/script-modules.php HTTP/1.1" 403 1242 "-" "Mozilla/5.0 (Linux; Android 5.0) AppleWebKit/537.36 (KHTML, like Gecko) Mobile Safari/537.36 (compatible; Bytespider; [email protected])"
162.0.232.193 - - [17/Jun/2025:11:50:29 -0400] "POST /wp-cron.php?doing_wp_cron=1750175428.7798740863800048828125 HTTP/1.1" 200 0 "-" "WordPress/6.8.1; https://read11.windbreakermanga.com"
162.0.232.193 - - [17/Jun/2025:11:50:43 -0400] "POST /wp-cron.php?doing_wp_cron=1750175442.7908270359039306640625 HTTP/1.1" 200 0 "-" "WordPress/6.8.1; https://read11.windbreakermanga.com"
114.119.151.50 - - [17/Jun/2025:11:50:54 -0400] "GET /wind-breaker-chapter-98/ HTTP/1.1" 200 12222 "https://read8.windbreakermanga.com/wind-breaker/wind-breaker-chapter-371/" "Mozilla/5.0 (Linux; Android 7.0;) AppleWebKit/537.36 (KHTML, like Gecko) Mobile Safari/537.36 (compatible; PetalBot;+https://webmaster.petalsearch.com/site/petalbot)"
47.82.60.174 - - [17/Jun/2025:11:50:59 -0400] "GET /wind-breaker-chapter-57/ HTTP/1.1" 200 12226 "https://read11.windbreakermanga.com/wind-breaker-chapter-57/" "Mozilla/5.0 (Windows NT 10.0; Win64; x64) AppleWebKit/537.36 (KHTML, like Gecko) Chrome/114.0.0.0 Safari/537.36 Edg/114.0.1823.43"
162.0.232.193 - - [17/Jun/2025:11:51:11 -0400] "POST /wp-cron.php?doing_wp_cron=1750175471.0744209289550781250000 HTTP/1.1" 200 0 "-" "WordPress/6.8.1; https://read11.windbreakermanga.com"
162.0.232.193 - - [17/Jun/2025:11:51:25 -0400] "POST /wp-cron.php?doing_wp_cron=1750175484.7736880779266357421875 HTTP/1.1" 200 0 "-" "WordPress/6.8.1; https://read11.windbreakermanga.com"
162.0.232.193 - - [17/Jun/2025:11:51:43 -0400] "POST /wp-cron.php?doing_wp_cron=1750175503.2747380733489990234375 HTTP/1.1" 200 0 "-" "WordPress/6.8.1; https://read11.windbreakermanga.com"
2a03:2880:f800:10:: - - [17/Jun/2025:11:51:45 -0400] "GET /shopdetail/98177776 HTTP/1.1" 301 0 "-" "meta-externalagent/1.1 (+https://developers.facebook.com/docs/sharing/webmasters/crawler)"
162.0.232.193 - - [17/Jun/2025:11:52:11 -0400] "POST /wp-cron.php?doing_wp_cron=1750175531.3883979320526123046875 HTTP/1.1" 200 0 "-" "WordPress/6.8.1; https://read11.windbreakermanga.com"
162.0.232.193 - - [17/Jun/2025:11:52:15 -0400] "GET /wp-content/uploads/f979bbbcbe9df560cb74049269d2541e_4104.xml HTTP/1.1" 200 2533 "-" "Mozilla/5.0 (X11; Linux x86_64) AppleWebKit/537.36 (KHTML, like Gecko) Ubuntu Chromium/41.0.2272.76"
2a03:2880:f800:8:: - - [17/Jun/2025:11:52:20 -0400] "GET / HTTP/1.1" 200 12660 "-" "meta-externalagent/1.1 (+https://developers.facebook.com/docs/sharing/webmasters/crawler)"
114.119.129.189 - - [17/Jun/2025:11:52:40 -0400] "GET / HTTP/1.1" 200 12649 "https://read8.windbreakermanga.com/wind-breaker/wind-breaker-chapter-414/" "Mozilla/5.0 (Linux; Android 7.0;) AppleWebKit/537.36 (KHTML, like Gecko) Mobile Safari/537.36 (compatible; PetalBot;+https://webmaster.petalsearch.com/site/petalbot)"
2a03:2880:f800:2:: - - [17/Jun/2025:11:52:49 -0400] "GET /shopdetail/98216048 HTTP/1.1" 301 0 "-" "meta-externalagent/1.1 (+https://developers.facebook.com/docs/sharing/webmasters/crawler)"
2a03:2880:f800:1d:: - - [17/Jun/2025:11:52:50 -0400] "GET /wind-breaker-chapter-430/ HTTP/1.1" 301 0 "-" "meta-externalagent/1.1 (+https://developers.facebook.com/docs/sharing/webmasters/crawler)"
2a03:2880:f800:1c:: - - [17/Jun/2025:11:52:55 -0400] "GET / HTTP/1.1" 200 12660 "-" "meta-externalagent/1.1 (+https://developers.facebook.com/docs/sharing/webmasters/crawler)"
162.0.232.193 - - [17/Jun/2025:11:53:11 -0400] "POST /wp-cron.php?doing_wp_cron=1750175591.6749958992004394531250 HTTP/1.1" 200 0 "-" "WordPress/6.8.1; https://read11.windbreakermanga.com"
162.0.232.193 - - [17/Jun/2025:11:53:12 -0400] "POST /wp-cron.php?doing_wp_cron=1750175591.9845430850982666015625 HTTP/1.1" 200 0 "-" "WordPress/6.8.1; https://read11.windbreakermanga.com"
162.0.232.193 - - [17/Jun/2025:11:53:12 -0400] "POST /wp-cron.php?doing_wp_cron=1750175592.4800779819488525390625 HTTP/1.1" 200 0 "-" "WordPress/6.8.1; https://read11.windbreakermanga.com"
8.210.11.248 - - [17/Jun/2025:11:53:09 -0400] "GET /category/wind-breaker-webtoon HTTP/1.1" 301 0 "-" "Mozilla/5.0 (Macintosh; Intel Mac OS X 10_15_7) AppleWebKit/537.36 (KHTML, like Gecko) Chrome/109.0.0.0 Safari/537.36"
8.210.11.248 - - [17/Jun/2025:11:53:13 -0400] "GET /category/wind-breaker-webtoon/ HTTP/1.1" 200 11967 "https://read11.windbreakermanga.com/category/wind-breaker-webtoon" "Mozilla/5.0 (Macintosh; Intel Mac OS X 10_15_7) AppleWebKit/537.36 (KHTML, like Gecko) Chrome/109.0.0.0 Safari/537.36"
162.0.232.193 - - [17/Jun/2025:11:53:24 -0400] "POST /wp-cron.php?doing_wp_cron=1750175604.5046980381011962890625 HTTP/1.1" 200 0 "-" "WordPress/6.8.1; https://read11.windbreakermanga.com"
2a03:2880:f800:a:: - - [17/Jun/2025:11:53:27 -0400] "GET /shopdetail/98253756 HTTP/1.1" 301 0 "-" "meta-externalagent/1.1 (+https://developers.facebook.com/docs/sharing/webmasters/crawler)"
2a03:2880:f800:16:: - - [17/Jun/2025:11:53:32 -0400] "GET /sitemap-subitems-700.xml HTTP/1.1" 301 0 "-" "meta-externalagent/1.1 (+https://developers.facebook.com/docs/sharing/webmasters/crawler)"
162.0.232.193 - - [17/Jun/2025:11:53:41 -0400] "POST /wp-cron.php?doing_wp_cron=1750175621.2857890129089355468750 HTTP/1.1" 200 0 "-" "WordPress/6.8.1; https://read11.windbreakermanga.com"
47.128.33.131 - - [17/Jun/2025:11:53:48 -0400] "GET /wp-includes/sitemaps.php HTTP/1.1" 403 1242 "-" "Mozilla/5.0 (Linux; Android 5.0) AppleWebKit/537.36 (KHTML, like Gecko) Mobile Safari/537.36 (compatible; Bytespider; [email protected])"
68.183.145.0 - - [17/Jun/2025:11:53:45 -0400] "POST /xmlrpc.php HTTP/1.1" 200 186 "https://read11.windbreakermanga.com" "Mozilla/5.0 (Macintosh; Intel Mac OS X 10.15; rv:126.0) Gecko/20100101 Firefox/126.0"
114.119.129.189 - - [17/Jun/2025:11:53:49 -0400] "GET / HTTP/1.1" 200 12649 "https://read9.windbreakermanga.com/wind-breaker/wind-breaker-chapter-483/" "Mozilla/5.0 (Linux; Android 7.0;) AppleWebKit/537.36 (KHTML, like Gecko) Mobile Safari/537.36 (compatible; PetalBot;+https://webmaster.petalsearch.com/site/petalbot)"
47.82.60.7 - - [17/Jun/2025:11:54:05 -0400] "GET /wind-breaker-chapter-506-2/ HTTP/1.1" 200 11218 "https://read11.windbreakermanga.com/wind-breaker-chapter-506-2/" "Mozilla/5.0 (Windows NT 10.0; Win64; x64) AppleWebKit/537.36 (KHTML, like Gecko) Chrome/114.0.0.0 Safari/537.36 Edg/114.0.1823.43"
162.0.232.193 - - [17/Jun/2025:11:54:11 -0400] "POST /wp-cron.php?doing_wp_cron=1750175651.3405239582061767578125 HTTP/1.1" 200 0 "-" "WordPress/6.8.1; https://read11.windbreakermanga.com"
162.0.232.193 - - [17/Jun/2025:11:54:24 -0400] "POST /wp-cron.php?doing_wp_cron=1750175664.0931589603424072265625 HTTP/1.1" 200 0 "-" "WordPress/6.8.1; https://read11.windbreakermanga.com"
162.0.232.193 - - [17/Jun/2025:11:54:43 -0400] "POST /wp-cron.php?doing_wp_cron=1750175683.5860290527343750000000 HTTP/1.1" 200 0 "-" "WordPress/6.8.1; https://read11.windbreakermanga.com"
162.0.232.193 - - [17/Jun/2025:11:55:11 -0400] "POST /wp-cron.php?doing_wp_cron=1750175711.4757900238037109375000 HTTP/1.1" 200 0 "-" "WordPress/6.8.1; https://read11.windbreakermanga.com"
47.82.60.187 - - [17/Jun/2025:11:55:11 -0400] "GET /wind-breaker-chapter-49/ HTTP/1.1" 200 12252 "https://read11.windbreakermanga.com/wind-breaker-chapter-49/" "Mozilla/5.0 (Windows NT 10.0; Win64; x64) AppleWebKit/537.36 (KHTML, like Gecko) Chrome/114.0.0.0 Safari/537.36 Edg/114.0.1823.43"
162.0.232.193 - - [17/Jun/2025:11:55:24 -0400] "POST /wp-cron.php?doing_wp_cron=1750175724.6796579360961914062500 HTTP/1.1" 200 0 "-" "WordPress/6.8.1; https://read11.windbreakermanga.com"
45.227.253.15 - - [17/Jun/2025:11:55:49 -0400] "GET /index.php/jk HTTP/1.1" 200 47 "https://windbreakermanga.com/index.php/jk" "Mozilla/5.0 (iPhone; CPU iPhone OS 13_5_1 like Mac OS X) AppleWebKit/605.1.15 (KHTML, like Gecko) Version/13.1.1 Mobile/15E148 Safari/604.1"
2a03:2880:f800:18:: - - [17/Jun/2025:11:55:50 -0400] "GET /shopdetail/98208488 HTTP/1.1" 301 0 "-" "meta-externalagent/1.1 (+https://developers.facebook.com/docs/sharing/webmasters/crawler)"
2a03:2880:f800:16:: - - [17/Jun/2025:11:56:01 -0400] "GET /wind-breaker-chapter-179-part-2-ep-111/ HTTP/1.1" 301 0 "-" "meta-externalagent/1.1 (+https://developers.facebook.com/docs/sharing/webmasters/crawler)"
2a03:2880:f800:1b:: - - [17/Jun/2025:11:56:10 -0400] "GET / HTTP/1.1" 200 12662 "-" "meta-externalagent/1.1 (+https://developers.facebook.com/docs/sharing/webmasters/crawler)"
2a03:2880:f800:13:: - - [17/Jun/2025:11:56:10 -0400] "GET /shopdetail/98176504 HTTP/1.1" 301 0 "-" "meta-externalagent/1.1 (+https://developers.facebook.com/docs/sharing/webmasters/crawler)"
47.82.60.42 - - [17/Jun/2025:11:56:10 -0400] "GET /category/wind-breaker/page/7/ HTTP/1.1" 200 12995 "https://read11.windbreakermanga.com/category/wind-breaker/page/7/" "Mozilla/5.0 (Windows NT 10.0; Win64; x64) AppleWebKit/537.36 (KHTML, like Gecko) Chrome/114.0.0.0 Safari/537.36 Edg/114.0.1823.43"
47.82.62.94 - - [17/Jun/2025:11:56:42 -0400] "GET /wind-breaker-chapter-336/ HTTP/1.1" 200 11570 "https://read11.windbreakermanga.com/wind-breaker-chapter-336/" "Mozilla/5.0 (Windows NT 10.0; Win64; x64) AppleWebKit/537.36 (KHTML, like Gecko) Chrome/114.0.0.0 Safari/537.36 Edg/114.0.1823.43"
162.0.232.193 - - [17/Jun/2025:11:56:45 -0400] "POST /wp-cron.php?doing_wp_cron=1750175804.9812920093536376953125 HTTP/1.1" 200 0 "-" "WordPress/6.8.1; https://read11.windbreakermanga.com"
162.0.232.193 - - [17/Jun/2025:11:56:45 -0400] "POST /wp-cron.php?doing_wp_cron=1750175805.0744600296020507812500 HTTP/1.1" 200 0 "-" "WordPress/6.8.1; https://read11.windbreakermanga.com"
162.0.232.193 - - [17/Jun/2025:11:56:50 -0400] "GET /wp-content/uploads/f979bbbcbe9df560cb74049269d2541e_4104.xml HTTP/1.1" 200 2276 "-" "Mozilla/5.0 (X11; Linux x86_64) AppleWebKit/537.36 (KHTML, like Gecko) Ubuntu Chromium/41.0.2272.76"
114.119.145.123 - - [17/Jun/2025:11:56:53 -0400] "GET / HTTP/1.1" 200 12649 "https://windbreakermanga.com/wp-content/uploads/2021/11/wbr-685x1024.jpeg" "Mozilla/5.0 (Linux; Android 7.0;) AppleWebKit/537.36 (KHTML, like Gecko) Mobile Safari/537.36 (compatible; PetalBot;+https://webmaster.petalsearch.com/site/petalbot)"
47.128.33.78 - - [17/Jun/2025:11:57:09 -0400] "GET /category/wind-breaker/page/17/ HTTP/1.1" 200 13284 "-" "Mozilla/5.0 (compatible; Bytespider; [email protected]) AppleWebKit/537.36 (KHTML, like Gecko) Chrome/70.0.0.0 Safari/537.36"
162.0.232.193 - - [17/Jun/2025:11:57:48 -0400] "POST /wp-cron.php?doing_wp_cron=1750175867.8834779262542724609375 HTTP/1.1" 200 0 "-" "WordPress/6.8.1; https://read11.windbreakermanga.com"
47.82.62.95 - - [17/Jun/2025:11:57:59 -0400] "GET /wind-breaker-chapter-497/ HTTP/1.1" 200 12094 "https://read11.windbreakermanga.com/wind-breaker-chapter-497/" "Mozilla/5.0 (Windows NT 10.0; Win64; x64) AppleWebKit/537.36 (KHTML, like Gecko) Chrome/114.0.0.0 Safari/537.36 Edg/114.0.1823.43"
2a03:2880:f800:3:: - - [17/Jun/2025:11:58:04 -0400] "GET /shopdetail/98246860 HTTP/1.1" 301 0 "-" "meta-externalagent/1.1 (+https://developers.facebook.com/docs/sharing/webmasters/crawler)"
162.0.232.193 - - [17/Jun/2025:11:58:12 -0400] "POST /wp-cron.php?doing_wp_cron=1750175891.7779300212860107421875 HTTP/1.1" 200 0 "-" "WordPress/6.8.1; https://read11.windbreakermanga.com"
162.0.232.193 - - [17/Jun/2025:11:58:25 -0400] "POST /wp-cron.php?doing_wp_cron=1750175905.4777059555053710937500 HTTP/1.1" 200 0 "-" "WordPress/6.8.1; https://read11.windbreakermanga.com"
2a03:2880:f800:16:: - - [17/Jun/2025:11:58:23 -0400] "GET /shopdetail/98235156 HTTP/1.1" 301 0 "-" "meta-externalagent/1.1 (+https://developers.facebook.com/docs/sharing/webmasters/crawler)"
162.0.232.193 - - [17/Jun/2025:11:58:42 -0400] "POST /wp-cron.php?doing_wp_cron=1750175922.6850678920745849609375 HTTP/1.1" 200 0 "-" "WordPress/6.8.1; https://read11.windbreakermanga.com"
2a03:2880:f800:4:: - - [17/Jun/2025:11:58:50 -0400] "GET /shopdetail/98210568 HTTP/1.1" 301 0 "-" "meta-externalagent/1.1 (+https://developers.facebook.com/docs/sharing/webmasters/crawler)"
43.130.31.17 - - [17/Jun/2025:11:59:07 -0400] "GET /wind-breaker-chapter-98/ HTTP/1.1" 200 12222 "-" "Mozilla/5.0 (iPhone; CPU iPhone OS 13_2_3 like Mac OS X) AppleWebKit/605.1.15 (KHTML, like Gecko) Version/13.0.3 Mobile/15E148 Safari/604.1"
162.0.232.193 - - [17/Jun/2025:11:59:11 -0400] "POST /wp-cron.php?doing_wp_cron=1750175951.0757019519805908203125 HTTP/1.1" 200 0 "-" "WordPress/6.8.1; https://read11.windbreakermanga.com"
162.0.232.193 - - [17/Jun/2025:11:59:26 -0400] "POST /wp-cron.php?doing_wp_cron=1750175965.8870029449462890625000 HTTP/1.1" 200 0 "-" "WordPress/6.8.1; https://read11.windbreakermanga.com"
162.0.232.193 - - [17/Jun/2025:11:59:41 -0400] "POST /wp-cron.php?doing_wp_cron=1750175981.5825591087341308593750 HTTP/1.1" 200 0 "-" "WordPress/6.8.1; https://read11.windbreakermanga.com"
114.119.129.189 - - [17/Jun/2025:11:59:42 -0400] "GET / HTTP/1.1" 200 12649 "https://windbreakermanga.com/wp-content/uploads/2021/11/wbr-685x1024.jpeg" "Mozilla/5.0 (Linux; Android 7.0;) AppleWebKit/537.36 (KHTML, like Gecko) Mobile Safari/537.36 (compatible; PetalBot;+https://webmaster.petalsearch.com/site/petalbot)"
162.0.232.193 - - [17/Jun/2025:12:00:12 -0400] "POST /wp-cron.php?doing_wp_cron=1750176011.8936679363250732421875 HTTP/1.1" 200 0 "-" "WordPress/6.8.1; https://read11.windbreakermanga.com"
162.0.232.193 - - [17/Jun/2025:12:00:21 -0400] "GET /wp-content/uploads/f979bbbcbe9df560cb74049269d2541e_4104.xml HTTP/1.1" 200 2276 "-" "Mozilla/5.0 (X11; Linux x86_64) AppleWebKit/537.36 (KHTML, like Gecko) Ubuntu Chromium/41.0.2272.76"
2a03:2880:f800:c:: - - [17/Jun/2025:12:00:27 -0400] "GET /shopdetail/98207216 HTTP/1.1" 301 0 "-" "meta-externalagent/1.1 (+https://developers.facebook.com/docs/sharing/webmasters/crawler)"
47.128.18.167 - - [17/Jun/2025:12:00:29 -0400] "GET /category/manga/page/17/ HTTP/1.1" 200 13070 "-" "Mozilla/5.0 (compatible; Bytespider; [email protected]) AppleWebKit/537.36 (KHTML, like Gecko) Chrome/70.0.0.0 Safari/537.36"
114.119.145.123 - - [17/Jun/2025:12:00:56 -0400] "GET /wind-breaker-chapter-41/ HTTP/1.1" 200 12257 "https://read8.windbreakermanga.com/wind-breaker/wind-breaker-chapter-371/" "Mozilla/5.0 (Linux; Android 7.0;) AppleWebKit/537.36 (KHTML, like Gecko) Mobile Safari/537.36 (compatible; PetalBot;+https://webmaster.petalsearch.com/site/petalbot)"
162.0.232.193 - - [17/Jun/2025:12:01:15 -0400] "POST /wp-cron.php?doing_wp_cron=1750176074.5981330871582031250000 HTTP/1.1" 200 0 "-" "WordPress/6.8.1; https://read11.windbreakermanga.com"
2a03:2880:f800:14:: - - [17/Jun/2025:12:01:16 -0400] "GET /shopdetail/98210896 HTTP/1.1" 301 0 "-" "meta-externalagent/1.1 (+https://developers.facebook.com/docs/sharing/webmasters/crawler)"
162.0.232.193 - - [17/Jun/2025:12:01:19 -0400] "GET /category/manga/ HTTP/1.1" 200 11948 "-" "WP Rocket/Preload"
162.0.232.193 - - [17/Jun/2025:12:01:28 -0400] "GET /category/manga/ HTTP/1.1" 200 0 "-" "WP Rocket/Preload Mozilla/5.0 (iPhone; CPU iPhone OS 9_1 like Mac OS X) AppleWebKit/601.1.46 (KHTML, like Gecko) Version/9.0 Mobile/13B143 Safari/601.1"
162.0.232.193 - - [17/Jun/2025:12:01:36 -0400] "POST /wp-cron.php?doing_wp_cron=1750176096.3767390251159667968750 HTTP/1.1" 200 0 "-" "WordPress/6.8.1; https://read11.windbreakermanga.com"
162.0.232.193 - - [17/Jun/2025:12:01:39 -0400] "GET /category/wind-breaker/ HTTP/1.1" 200 0 "-" "WP Rocket/Preload"
162.0.232.193 - - [17/Jun/2025:12:01:41 -0400] "GET /category/wind-breaker/ HTTP/1.1" 200 0 "-" "WP Rocket/Preload Mozilla/5.0 (iPhone; CPU iPhone OS 9_1 like Mac OS X) AppleWebKit/601.1.46 (KHTML, like Gecko) Version/9.0 Mobile/13B143 Safari/601.1"
162.0.232.193 - - [17/Jun/2025:12:01:42 -0400] "GET /category/wind-breaker-manga/ HTTP/1.1" 200 0 "-" "WP Rocket/Preload"
162.0.232.193 - - [17/Jun/2025:12:01:44 -0400] "GET /category/wind-breaker-manga/ HTTP/1.1" 200 0 "-" "WP Rocket/Preload Mozilla/5.0 (iPhone; CPU iPhone OS 9_1 like Mac OS X) AppleWebKit/601.1.46 (KHTML, like Gecko) Version/9.0 Mobile/13B143 Safari/601.1"
162.0.232.193 - - [17/Jun/2025:12:01:46 -0400] "GET /category/wind-breaker-manhwa/ HTTP/1.1" 200 0 "-" "WP Rocket/Preload"
162.0.232.193 - - [17/Jun/2025:12:01:48 -0400] "GET /category/wind-breaker-manhwa/ HTTP/1.1" 200 0 "-" "WP Rocket/Preload Mozilla/5.0 (iPhone; CPU iPhone OS 9_1 like Mac OS X) AppleWebKit/601.1.46 (KHTML, like Gecko) Version/9.0 Mobile/13B143 Safari/601.1"
162.0.232.193 - - [17/Jun/2025:12:01:49 -0400] "GET /category/wind-breaker-webtoon/ HTTP/1.1" 200 0 "-" "WP Rocket/Preload"
162.0.232.193 - - [17/Jun/2025:12:01:51 -0400] "GET /category/wind-breaker-webtoon/ HTTP/1.1" 200 0 "-" "WP Rocket/Preload Mozilla/5.0 (iPhone; CPU iPhone OS 9_1 like Mac OS X) AppleWebKit/601.1.46 (KHTML, like Gecko) Version/9.0 Mobile/13B143 Safari/601.1"
162.0.232.193 - - [17/Jun/2025:12:01:52 -0400] "GET /wind-breaker-chapter-210/ HTTP/1.1" 200 0 "-" "WP Rocket/Preload"
162.0.232.193 - - [17/Jun/2025:12:01:54 -0400] "GET /wind-breaker-chapter-210/ HTTP/1.1" 200 0 "-" "WP Rocket/Preload Mozilla/5.0 (iPhone; CPU iPhone OS 9_1 like Mac OS X) AppleWebKit/601.1.46 (KHTML, like Gecko) Version/9.0 Mobile/13B143 Safari/601.1"
162.0.232.193 - - [17/Jun/2025:12:01:56 -0400] "GET /wind-breaker-chapter-308/ HTTP/1.1" 200 0 "-" "WP Rocket/Preload"
162.0.232.193 - - [17/Jun/2025:12:01:57 -0400] "GET /wind-breaker-chapter-308/ HTTP/1.1" 200 0 "-" "WP Rocket/Preload Mozilla/5.0 (iPhone; CPU iPhone OS 9_1 like Mac OS X) AppleWebKit/601.1.46 (KHTML, like Gecko) Version/9.0 Mobile/13B143 Safari/601.1"
162.0.232.193 - - [17/Jun/2025:12:02:05 -0400] "POST /wp-cron.php?doing_wp_cron=1750176124.9768040180206298828125 HTTP/1.1" 200 0 "-" "WordPress/6.8.1; https://read11.windbreakermanga.com"
162.0.232.193 - - [17/Jun/2025:12:02:12 -0400] "POST /wp-cron.php?doing_wp_cron=1750176132.6764171123504638671875 HTTP/1.1" 200 0 "-" "WordPress/6.8.1; https://read11.windbreakermanga.com"
45.227.253.15 - - [17/Jun/2025:12:02:23 -0400] "GET /index.php/jk HTTP/1.1" 200 47 "-" "Mozilla/5.0 (Windows NT 6.1; WOW64; rv:71.0) Gecko/20100101 Firefox/71.0"
162.0.232.193 - - [17/Jun/2025:12:02:28 -0400] "POST /wp-cron.php?doing_wp_cron=1750176148.1836159229278564453125 HTTP/1.1" 200 0 "-" "WordPress/6.8.1; https://read11.windbreakermanga.com"
162.0.232.193 - - [17/Jun/2025:12:02:31 -0400] "GET /wind-breaker-chapter-305/ HTTP/1.1" 200 12716 "-" "WP Rocket/Preload"
114.119.152.134 - - [17/Jun/2025:12:02:36 -0400] "GET / HTTP/1.1" 200 0 "https://read8.windbreakermanga.com/wind-breaker/wind-breaker-chapter-433/" "Mozilla/5.0 (Linux; Android 7.0;) AppleWebKit/537.36 (KHTML, like Gecko) Mobile Safari/537.36 (compatible; PetalBot;+https://webmaster.petalsearch.com/site/petalbot)"
162.0.232.193 - - [17/Jun/2025:12:02:36 -0400] "GET /wind-breaker-chapter-305/ HTTP/1.1" 200 0 "-" "WP Rocket/Preload Mozilla/5.0 (iPhone; CPU iPhone OS 9_1 like Mac OS X) AppleWebKit/601.1.46 (KHTML, like Gecko) Version/9.0 Mobile/13B143 Safari/601.1"
162.0.232.193 - - [17/Jun/2025:12:02:42 -0400] "POST /wp-cron.php?doing_wp_cron=1750176162.3753759860992431640625 HTTP/1.1" 200 0 "-" "WordPress/6.8.1; https://read11.windbreakermanga.com"
103.163.214.43 - - [17/Jun/2025:12:02:42 -0400] "POST /xmlrpc.php HTTP/1.1" 200 186 "https://read11.windbreakermanga.com" "Mozilla/5.0 (Macintosh; Intel Mac OS X 10.15; rv:126.0) Gecko/20100101 Firefox/126.0"
162.0.232.193 - - [17/Jun/2025:12:03:12 -0400] "POST /wp-cron.php?doing_wp_cron=1750176191.8759419918060302734375 HTTP/1.1" 200 0 "-" "WordPress/6.8.1; https://read11.windbreakermanga.com"
162.0.232.193 - - [17/Jun/2025:12:03:24 -0400] "POST /wp-cron.php?doing_wp_cron=1750176204.2757070064544677734375 HTTP/1.1" 200 0 "-" "WordPress/6.8.1; https://read11.windbreakermanga.com"
162.0.232.193 - - [17/Jun/2025:12:03:26 -0400] "GET /wind-breaker-chapter-296/ HTTP/1.1" 200 0 "-" "WP Rocket/Preload"
162.0.232.193 - - [17/Jun/2025:12:03:27 -0400] "GET /wind-breaker-chapter-296/ HTTP/1.1" 200 0 "-" "WP Rocket/Preload Mozilla/5.0 (iPhone; CPU iPhone OS 9_1 like Mac OS X) AppleWebKit/601.1.46 (KHTML, like Gecko) Version/9.0 Mobile/13B143 Safari/601.1"
162.0.232.193 - - [17/Jun/2025:12:03:29 -0400] "GET /wind-breaker-chapter-272/ HTTP/1.1" 200 0 "-" "WP Rocket/Preload"
162.0.232.193 - - [17/Jun/2025:12:03:30 -0400] "GET /wind-breaker-chapter-272/ HTTP/1.1" 200 0 "-" "WP Rocket/Preload Mozilla/5.0 (iPhone; CPU iPhone OS 9_1 like Mac OS X) AppleWebKit/601.1.46 (KHTML, like Gecko) Version/9.0 Mobile/13B143 Safari/601.1"
162.0.232.193 - - [17/Jun/2025:12:03:32 -0400] "GET /wind-breaker-chapter-265/ HTTP/1.1" 200 0 "-" "WP Rocket/Preload"
162.0.232.193 - - [17/Jun/2025:12:03:33 -0400] "GET /wind-breaker-chapter-265/ HTTP/1.1" 200 0 "-" "WP Rocket/Preload Mozilla/5.0 (iPhone; CPU iPhone OS 9_1 like Mac OS X) AppleWebKit/601.1.46 (KHTML, like Gecko) Version/9.0 Mobile/13B143 Safari/601.1"
114.119.130.178 - - [17/Jun/2025:12:03:35 -0400] "GET /wind-breaker-chapter-344/ HTTP/1.1" 200 11685 "https://read8.windbreakermanga.com/wind-breaker/wind-breaker-chapter-371/" "Mozilla/5.0 (Linux; Android 7.0;) AppleWebKit/537.36 (KHTML, like Gecko) Mobile Safari/537.36 (compatible; PetalBot;+https://webmaster.petalsearch.com/site/petalbot)"
162.0.232.193 - - [17/Jun/2025:12:03:35 -0400] "GET /wind-breaker-chapter-252/ HTTP/1.1" 200 0 "-" "WP Rocket/Preload"
162.0.232.193 - - [17/Jun/2025:12:03:37 -0400] "GET /wind-breaker-chapter-252/ HTTP/1.1" 200 0 "-" "WP Rocket/Preload Mozilla/5.0 (iPhone; CPU iPhone OS 9_1 like Mac OS X) AppleWebKit/601.1.46 (KHTML, like Gecko) Version/9.0 Mobile/13B143 Safari/601.1"
162.0.232.193 - - [17/Jun/2025:12:03:38 -0400] "GET /wind-breaker-chapter-251/ HTTP/1.1" 200 12448 "-" "WP Rocket/Preload"
162.0.232.193 - - [17/Jun/2025:12:03:46 -0400] "GET /wind-breaker-chapter-251/ HTTP/1.1" 200 0 "-" "WP Rocket/Preload Mozilla/5.0 (iPhone; CPU iPhone OS 9_1 like Mac OS X) AppleWebKit/601.1.46 (KHTML, like Gecko) Version/9.0 Mobile/13B143 Safari/601.1"
162.0.232.193 - - [17/Jun/2025:12:03:51 -0400] "POST /wp-cron.php?doing_wp_cron=1750176231.1840689182281494140625 HTTP/1.1" 200 0 "-" "WordPress/6.8.1; https://read11.windbreakermanga.com"
162.0.232.193 - - [17/Jun/2025:12:03:51 -0400] "POST /wp-cron.php?doing_wp_cron=1750176231.1934878826141357421875 HTTP/1.1" 200 0 "-" "WordPress/6.8.1; https://read11.windbreakermanga.com"
47.128.124.198 - - [17/Jun/2025:12:03:49 -0400] "GET /category/wind-breaker-webtoon/page/20/ HTTP/1.1" 200 13318 "-" "Mozilla/5.0 (compatible; Bytespider; [email protected]) AppleWebKit/537.36 (KHTML, like Gecko) Chrome/70.0.0.0 Safari/537.36"
162.0.232.193 - - [17/Jun/2025:12:04:11 -0400] "POST /wp-cron.php?doing_wp_cron=1750176251.4147820472717285156250 HTTP/1.1" 200 0 "-" "WordPress/6.8.1; https://read11.windbreakermanga.com"
162.0.232.193 - - [17/Jun/2025:12:04:13 -0400] "GET /wp-content/uploads/f979bbbcbe9df560cb74049269d2541e_4104.xml HTTP/1.1" 200 2533 "-" "Mozilla/5.0 (X11; Linux x86_64) AppleWebKit/537.36 (KHTML, like Gecko) Ubuntu Chromium/41.0.2272.76"
2a03:2880:f800:19:: - - [17/Jun/2025:12:04:27 -0400] "GET /shopdetail/98178812 HTTP/1.1" 301 0 "-" "meta-externalagent/1.1 (+https://developers.facebook.com/docs/sharing/webmasters/crawler)"
2a03:2880:f800:10:: - - [17/Jun/2025:12:04:44 -0400] "GET / HTTP/1.1" 200 12743 "-" "meta-externalagent/1.1 (+https://developers.facebook.com/docs/sharing/webmasters/crawler)"
2a03:2880:f800:6:: - - [17/Jun/2025:12:04:54 -0400] "GET /shopdetail/98187552 HTTP/1.1" 301 0 "-" "meta-externalagent/1.1 (+https://developers.facebook.com/docs/sharing/webmasters/crawler)"
162.0.232.193 - - [17/Jun/2025:12:05:12 -0400] "POST /wp-cron.php?doing_wp_cron=1750176312.2764000892639160156250 HTTP/1.1" 200 0 "-" "WordPress/6.8.1; https://read11.windbreakermanga.com"
162.0.232.193 - - [17/Jun/2025:12:05:15 -0400] "POST /wp-cron.php?doing_wp_cron=1750176314.0831809043884277343750 HTTP/1.1" 200 0 "-" "WordPress/6.8.1; https://read11.windbreakermanga.com"
162.0.232.193 - - [17/Jun/2025:12:05:20 -0400] "POST /wp-cron.php?doing_wp_cron=1750176320.2783749103546142578125 HTTP/1.1" 200 0 "-" "WordPress/6.8.1; https://read11.windbreakermanga.com"
162.0.232.193 - - [17/Jun/2025:12:05:18 -0400] "GET /wind-breaker-chapter-552/ HTTP/1.1" 200 11586 "-" "WP Rocket/Preload"
162.0.232.193 - - [17/Jun/2025:12:05:27 -0400] "GET /wind-breaker-chapter-552/ HTTP/1.1" 200 0 "-" "WP Rocket/Preload Mozilla/5.0 (iPhone; CPU iPhone OS 9_1 like Mac OS X) AppleWebKit/601.1.46 (KHTML, like Gecko) Version/9.0 Mobile/13B143 Safari/601.1"
162.0.232.193 - - [17/Jun/2025:12:05:31 -0400] "POST /wp-cron.php?doing_wp_cron=1750176331.2773449420928955078125 HTTP/1.1" 200 0 "-" "WordPress/6.8.1; https://read11.windbreakermanga.com"
162.0.232.193 - - [17/Jun/2025:12:05:42 -0400] "POST /wp-cron.php?doing_wp_cron=1750176341.7761631011962890625000 HTTP/1.1" 200 0 "-" "WordPress/6.8.1; https://read11.windbreakermanga.com"
162.0.232.193 - - [17/Jun/2025:12:06:11 -0400] "POST /wp-cron.php?doing_wp_cron=1750176371.5894548892974853515625 HTTP/1.1" 200 0 "-" "WordPress/6.8.1; https://read11.windbreakermanga.com"
47.128.96.156 - - [17/Jun/2025:12:06:12 -0400] "GET / HTTP/1.1" 200 12638 "-" "Mozilla/5.0 (Linux; Android 5.0) AppleWebKit/537.36 (KHTML, like Gecko) Mobile Safari/537.36 (compatible; TikTokSpider; [email protected])"
114.119.152.134 - - [17/Jun/2025:12:06:23 -0400] "GET /wind-breaker-chapter-329/ HTTP/1.1" 200 12917 "https://read8.windbreakermanga.com/wind-breaker/wind-breaker-chapter-371/" "Mozilla/5.0 (Linux; Android 7.0;) AppleWebKit/537.36 (KHTML, like Gecko) Mobile Safari/537.36 (compatible; PetalBot;+https://webmaster.petalsearch.com/site/petalbot)"
162.0.232.193 - - [17/Jun/2025:12:06:25 -0400] "POST /wp-cron.php?doing_wp_cron=1750176385.3012208938598632812500 HTTP/1.1" 200 0 "-" "WordPress/6.8.1; https://read11.windbreakermanga.com"
162.0.232.193 - - [17/Jun/2025:12:06:26 -0400] "GET /wind-breaker-chapter-359/ HTTP/1.1" 200 0 "-" "WP Rocket/Preload"
162.0.232.193 - - [17/Jun/2025:12:06:27 -0400] "GET /wind-breaker-chapter-359/ HTTP/1.1" 200 0 "-" "WP Rocket/Preload Mozilla/5.0 (iPhone; CPU iPhone OS 9_1 like Mac OS X) AppleWebKit/601.1.46 (KHTML, like Gecko) Version/9.0 Mobile/13B143 Safari/601.1"
162.0.232.193 - - [17/Jun/2025:12:06:29 -0400] "GET /wind-breaker-chapter-355/ HTTP/1.1" 200 11891 "-" "WP Rocket/Preload"
162.0.232.193 - - [17/Jun/2025:12:06:32 -0400] "GET /wind-breaker-chapter-355/ HTTP/1.1" 200 0 "-" "WP Rocket/Preload Mozilla/5.0 (iPhone; CPU iPhone OS 9_1 like Mac OS X) AppleWebKit/601.1.46 (KHTML, like Gecko) Version/9.0 Mobile/13B143 Safari/601.1"
162.0.232.193 - - [17/Jun/2025:12:06:33 -0400] "GET /wind-breaker-chapter-348/ HTTP/1.1" 200 0 "-" "WP Rocket/Preload"
162.0.232.193 - - [17/Jun/2025:12:06:35 -0400] "GET /wind-breaker-chapter-348/ HTTP/1.1" 200 0 "-" "WP Rocket/Preload Mozilla/5.0 (iPhone; CPU iPhone OS 9_1 like Mac OS X) AppleWebKit/601.1.46 (KHTML, like Gecko) Version/9.0 Mobile/13B143 Safari/601.1"
162.0.232.193 - - [17/Jun/2025:12:06:37 -0400] "GET /wind-breaker-chapter-327/ HTTP/1.1" 200 0 "-" "WP Rocket/Preload"
