162.0.232.193 - - [17/Jun/2025:09:51:25 -0400] "POST /wp-cron.php?doing_wp_cron=1750168284.1970219612121582031250 HTTP/1.1" 200 0 "-" "WordPress/6.8.1; https://read11.windbreakermanga.com"
66.249.77.198 - - [17/Jun/2025:09:51:27 -0400] "GET /goodscode/sectorial112930568 HTTP/1.1" 200 80977 "-" "Mozilla/5.0 (Linux; Android 6.0.1; Nexus 5X Build/MMB29P) AppleWebKit/537.36 (KHTML, like Gecko) Chrome/136.0.7103.113 Mobile Safari/537.36 (compatible; Googlebot/2.1; +http://www.google.com/bot.html)"
162.0.232.193 - - [17/Jun/2025:09:51:41 -0400] "POST /wp-cron.php?doing_wp_cron=1750168301.1766901016235351562500 HTTP/1.1" 200 0 "-" "WordPress/6.8.1; https://read11.windbreakermanga.com"
2a03:2880:f800:3:: - - [17/Jun/2025:09:51:45 -0400] "GET /sitemap-subitems-2620.xml HTTP/1.1" 301 0 "-" "meta-externalagent/1.1 (+https://developers.facebook.com/docs/sharing/webmasters/crawler)"
47.236.12.137 - - [17/Jun/2025:09:51:50 -0400] "POST /xmlrpc.php HTTP/1.1" 200 186 "https://read11.windbreakermanga.com" "Mozilla/5.0 (Macintosh; Intel Mac OS X 10_15_7) AppleWebKit/537.36 (KHTML, like Gecko) Chrome/112.0.5615.138 Safari/537.36"
162.0.232.193 - - [17/Jun/2025:09:52:12 -0400] "POST /wp-cron.php?doing_wp_cron=1750168332.0890409946441650390625 HTTP/1.1" 200 0 "-" "WordPress/6.8.1; https://read11.windbreakermanga.com"
2a03:2880:f800:18:: - - [17/Jun/2025:09:52:13 -0400] "GET /shopdetail/98222980 HTTP/1.1" 301 0 "-" "meta-externalagent/1.1 (+https://developers.facebook.com/docs/sharing/webmasters/crawler)"
162.0.232.193 - - [17/Jun/2025:09:52:24 -0400] "POST /wp-cron.php?doing_wp_cron=1750168344.4839930534362792968750 HTTP/1.1" 200 0 "-" "WordPress/6.8.1; https://read11.windbreakermanga.com"
162.0.232.193 - - [17/Jun/2025:09:52:42 -0400] "POST /wp-cron.php?doing_wp_cron=1750168362.2766110897064208984375 HTTP/1.1" 200 0 "-" "WordPress/6.8.1; https://read11.windbreakermanga.com"
2a03:2880:f800:11:: - - [17/Jun/2025:09:52:39 -0400] "GET /shopdetail/98209860 HTTP/1.1" 301 0 "-" "meta-externalagent/1.1 (+https://developers.facebook.com/docs/sharing/webmasters/crawler)"
2a03:2880:f800:1:: - - [17/Jun/2025:09:53:06 -0400] "GET /shopdetail/98177240 HTTP/1.1" 301 0 "-" "meta-externalagent/1.1 (+https://developers.facebook.com/docs/sharing/webmasters/crawler)"
162.0.232.193 - - [17/Jun/2025:09:53:12 -0400] "POST /wp-cron.php?doing_wp_cron=1750168392.1823639869689941406250 HTTP/1.1" 200 0 "-" "WordPress/6.8.1; https://read11.windbreakermanga.com"
2a03:2880:f800:19:: - - [17/Jun/2025:09:53:11 -0400] "GET /shopdetail/98204980 HTTP/1.1" 301 0 "-" "meta-externalagent/1.1 (+https://developers.facebook.com/docs/sharing/webmasters/crawler)"
2a03:2880:f800:d:: - - [17/Jun/2025:09:53:17 -0400] "GET /shopdetail/98191860 HTTP/1.1" 301 0 "-" "meta-externalagent/1.1 (+https://developers.facebook.com/docs/sharing/webmasters/crawler)"
40.77.167.131 - - [17/Jun/2025:09:53:19 -0400] "GET /wind-breaker-chapter-504/feed/ HTTP/1.1" 200 81830 "-" "Mozilla/5.0 AppleWebKit/537.36 (KHTML, like Gecko; compatible; bingbot/2.0; +http://www.bing.com/bingbot.htm) Chrome/116.0.1938.76 Safari/537.36"
162.0.232.193 - - [17/Jun/2025:09:53:28 -0400] "POST /wp-cron.php?doing_wp_cron=1750168408.5644860267639160156250 HTTP/1.1" 200 0 "-" "WordPress/6.8.1; https://read11.windbreakermanga.com"
66.249.77.194 - - [17/Jun/2025:09:53:29 -0400] "GET /shopping/115223844 HTTP/1.1" 200 81232 "-" "Mozilla/5.0 (Linux; Android 6.0.1; Nexus 5X Build/MMB29P) AppleWebKit/537.36 (KHTML, like Gecko) Chrome/136.0.7103.113 Mobile Safari/537.36 (compatible; Googlebot/2.1; +http://www.google.com/bot.html)"
2a03:2880:f800:1d:: - - [17/Jun/2025:09:53:29 -0400] "GET /shopdetail/98204980 HTTP/1.1" 301 0 "-" "meta-externalagent/1.1 (+https://developers.facebook.com/docs/sharing/webmasters/crawler)"
2a03:2880:f800:1d:: - - [17/Jun/2025:09:53:33 -0400] "GET /shopdetail/98253756 HTTP/1.1" 301 0 "-" "meta-externalagent/1.1 (+https://developers.facebook.com/docs/sharing/webmasters/crawler)"
2a03:2880:f800:1d:: - - [17/Jun/2025:09:53:34 -0400] "GET /shopdetail/98209860 HTTP/1.1" 301 0 "-" "meta-externalagent/1.1 (+https://developers.facebook.com/docs/sharing/webmasters/crawler)"
47.128.38.74 - - [17/Jun/2025:09:53:41 -0400] "GET /wp-includes/class-wp-feed-cache.php HTTP/1.1" 403 1242 "-" "Mozilla/5.0 (Linux; Android 5.0) AppleWebKit/537.36 (KHTML, like Gecko) Mobile Safari/537.36 (compatible; Bytespider; [email protected])"
162.0.232.193 - - [17/Jun/2025:09:53:42 -0400] "POST /wp-cron.php?doing_wp_cron=1750168422.1975069046020507812500 HTTP/1.1" 200 0 "-" "WordPress/6.8.1; https://read11.windbreakermanga.com"
162.0.232.193 - - [17/Jun/2025:09:54:12 -0400] "POST /wp-cron.php?doing_wp_cron=1750168451.9752221107482910156250 HTTP/1.1" 200 0 "-" "WordPress/6.8.1; https://read11.windbreakermanga.com"
162.0.232.193 - - [17/Jun/2025:09:54:21 -0400] "GET /wp-content/uploads/f979bbbcbe9df560cb74049269d2541e_4104.xml HTTP/1.1" 200 2276 "-" "Mozilla/5.0 (X11; Linux x86_64) AppleWebKit/537.36 (KHTML, like Gecko) Ubuntu Chromium/41.0.2272.76"
104.210.140.133 - - [17/Jun/2025:09:54:30 -0400] "GET /robots.txt HTTP/1.1" 304 0 "-" "Mozilla/5.0 (Macintosh; Intel Mac OS X 10_15_7) AppleWebKit/537.36 (KHTML, like Gecko) Chrome/131.0.0.0 Safari/537.36; compatible; OAI-SearchBot/1.0; +https://openai.com/searchbot"
194.87.252.147 - - [17/Jun/2025:09:54:46 -0400] "GET / HTTP/1.1" 200 12660 "-" "Mozilla/5.0 (Macintosh; Intel Mac OS X 10_10_3) AppleWebKit/537.36 (KHTML, like Gecko) Chrome/54.0.2881.59 Safari/537.36"
194.87.252.147 - - [17/Jun/2025:09:54:57 -0400] "POST /wp-content/plugins/wp-automatic/inc/csv.php HTTP/1.1" 403 1242 "https://read11.windbreakermanga.com/" "Mozilla/5.0 (Macintosh; Intel Mac OS X 10_10_3) AppleWebKit/537.36 (KHTML, like Gecko) Chrome/54.0.2881.59 Safari/537.36"
194.87.252.147 - - [17/Jun/2025:09:54:58 -0400] "POST /wp-content/plugins/wp-automatic/inc/csv.php HTTP/1.1" 403 1242 "https://read11.windbreakermanga.com/wp-content/plugins/wp-automatic/inc/csv.php" "Mozilla/5.0 (Macintosh; Intel Mac OS X 10_10_3) AppleWebKit/537.36 (KHTML, like Gecko) Chrome/54.0.2881.59 Safari/537.36"
194.87.252.147 - - [17/Jun/2025:09:54:59 -0400] "POST /wp-content/plugins/wp-automatic/inc/csv.php HTTP/1.1" 403 1242 "https://read11.windbreakermanga.com/wp-content/plugins/wp-automatic/inc/csv.php" "Mozilla/5.0 (Macintosh; Intel Mac OS X 10_10_3) AppleWebKit/537.36 (KHTML, like Gecko) Chrome/54.0.2881.59 Safari/537.36"
194.87.252.147 - - [17/Jun/2025:09:55:00 -0400] "POST /wp-content/plugins/wp-automatic/inc/csv.php HTTP/1.1" 403 1242 "https://read11.windbreakermanga.com/wp-content/plugins/wp-automatic/inc/csv.php" "Mozilla/5.0 (Macintosh; Intel Mac OS X 10_10_3) AppleWebKit/537.36 (KHTML, like Gecko) Chrome/54.0.2881.59 Safari/537.36"
194.87.252.147 - - [17/Jun/2025:09:55:00 -0400] "POST /wp-content/plugins/wp-automatic/inc/csv.php188609b1580a.php HTTP/1.1" 200 0 "https://read11.windbreakermanga.com/wp-content/plugins/wp-automatic/inc/csv.php" "Mozilla/5.0 (Macintosh; Intel Mac OS X 10_10_3) AppleWebKit/537.36 (KHTML, like Gecko) Chrome/54.0.2881.59 Safari/537.36"
194.87.252.147 - - [17/Jun/2025:09:55:01 -0400] "POST /wp-content/plugins/wp-automatic/inc/csv.php188609b1580a.php HTTP/1.1" 200 0 "https://read11.windbreakermanga.com/wp-content/plugins/wp-automatic/inc/csv.php188609b1580a.php" "Mozilla/5.0 (Macintosh; Intel Mac OS X 10_10_3) AppleWebKit/537.36 (KHTML, like Gecko) Chrome/54.0.2881.59 Safari/537.36"
194.87.252.147 - - [17/Jun/2025:09:55:02 -0400] "POST /wp-content/plugins/wp-automatic/inc/csv.php188609b1580a.php HTTP/1.1" 200 0 "https://read11.windbreakermanga.com/wp-content/plugins/wp-automatic/inc/csv.php188609b1580a.php" "Mozilla/5.0 (Macintosh; Intel Mac OS X 10_10_3) AppleWebKit/537.36 (KHTML, like Gecko) Chrome/54.0.2881.59 Safari/537.36"
194.87.252.147 - - [17/Jun/2025:09:55:03 -0400] "POST /wp-content/plugins/wp-automatic/inc/csv.php188609b1580a.php HTTP/1.1" 200 0 "https://read11.windbreakermanga.com/wp-content/plugins/wp-automatic/inc/csv.php188609b1580a.php" "Mozilla/5.0 (Macintosh; Intel Mac OS X 10_10_3) AppleWebKit/537.36 (KHTML, like Gecko) Chrome/54.0.2881.59 Safari/537.36"
194.87.252.147 - - [17/Jun/2025:09:55:03 -0400] "GET /wp-login.php HTTP/1.1" 200 1886 "https://read11.windbreakermanga.com/wp-content/plugins/wp-automatic/inc/csv.php188609b1580a.php" "Mozilla/5.0 (Macintosh; Intel Mac OS X 10_10_3) AppleWebKit/537.36 (KHTML, like Gecko) Chrome/54.0.2881.59 Safari/537.36"
194.87.252.147 - - [17/Jun/2025:09:55:08 -0400] "POST /wp-login.php HTTP/1.1" 200 2044 "https://read11.windbreakermanga.com/wp-login.php" "Mozilla/5.0 (Macintosh; Intel Mac OS X 10_10_3) AppleWebKit/537.36 (KHTML, like Gecko) Chrome/54.0.2881.59 Safari/537.36"
162.0.232.193 - - [17/Jun/2025:09:55:12 -0400] "POST /wp-cron.php?doing_wp_cron=1750168512.1981730461120605468750 HTTP/1.1" 200 0 "-" "WordPress/6.8.1; https://read11.windbreakermanga.com"
194.87.252.147 - - [17/Jun/2025:09:55:10 -0400] "GET /wp-admin/plugins.php HTTP/1.1" 302 0 "https://read11.windbreakermanga.com/wp-login.php" "Mozilla/5.0 (Macintosh; Intel Mac OS X 10_10_3) AppleWebKit/537.36 (KHTML, like Gecko) Chrome/54.0.2881.59 Safari/537.36"
194.87.252.147 - - [17/Jun/2025:09:55:12 -0400] "GET /wp-login.php?redirect_to=https%3A%2F%2Fread11.windbreakermanga.com%2Fwp-admin%2Fplugins.php&reauth=1 HTTP/1.1" 200 1891 "https://read11.windbreakermanga.com/wp-login.php" "Mozilla/5.0 (Macintosh; Intel Mac OS X 10_10_3) AppleWebKit/537.36 (KHTML, like Gecko) Chrome/54.0.2881.59 Safari/537.36"
162.0.232.193 - - [17/Jun/2025:09:55:25 -0400] "POST /wp-cron.php?doing_wp_cron=1750168524.7769138813018798828125 HTTP/1.1" 200 0 "-" "WordPress/6.8.1; https://read11.windbreakermanga.com"
66.249.77.192 - - [17/Jun/2025:09:55:33 -0400] "GET /items/9672712 HTTP/1.1" 200 81210 "-" "Mozilla/5.0 (Linux; Android 6.0.1; Nexus 5X Build/MMB29P) AppleWebKit/537.36 (KHTML, like Gecko) Chrome/136.0.7103.113 Mobile Safari/537.36 (compatible; Googlebot/2.1; +http://www.google.com/bot.html)"
162.0.232.193 - - [17/Jun/2025:09:55:45 -0400] "POST /wp-cron.php?doing_wp_cron=1750168544.7181611061096191406250 HTTP/1.1" 200 0 "-" "WordPress/6.8.1; https://read11.windbreakermanga.com"
162.0.232.193 - - [17/Jun/2025:09:56:12 -0400] "POST /wp-cron.php?doing_wp_cron=1750168571.7870249748229980468750 HTTP/1.1" 200 0 "-" "WordPress/6.8.1; https://read11.windbreakermanga.com"
162.0.232.193 - - [17/Jun/2025:09:56:27 -0400] "POST /wp-cron.php?doing_wp_cron=1750168587.4864981174468994140625 HTTP/1.1" 200 0 "-" "WordPress/6.8.1; https://read11.windbreakermanga.com"
162.0.232.193 - - [17/Jun/2025:09:56:43 -0400] "POST /wp-cron.php?doing_wp_cron=1750168603.4797689914703369140625 HTTP/1.1" 200 0 "-" "WordPress/6.8.1; https://read11.windbreakermanga.com"
47.128.39.1 - - [17/Jun/2025:09:57:02 -0400] "GET /wp-includes/class-wp-customize-setting.php HTTP/1.1" 403 1242 "-" "Mozilla/5.0 (Linux; Android 5.0) AppleWebKit/537.36 (KHTML, like Gecko) Mobile Safari/537.36 (compatible; Bytespider; [email protected])"
162.0.232.193 - - [17/Jun/2025:09:57:11 -0400] "POST /wp-cron.php?doing_wp_cron=1750168631.3873310089111328125000 HTTP/1.1" 200 0 "-" "WordPress/6.8.1; https://read11.windbreakermanga.com"
162.0.232.193 - - [17/Jun/2025:09:57:32 -0400] "POST /wp-cron.php?doing_wp_cron=1750168652.5845260620117187500000 HTTP/1.1" 200 0 "-" "WordPress/6.8.1; https://read11.windbreakermanga.com"
66.249.77.194 - - [17/Jun/2025:09:57:34 -0400] "GET /info/rustful9673676 HTTP/1.1" 200 81167 "-" "Mozilla/5.0 (Linux; Android 6.0.1; Nexus 5X Build/MMB29P) AppleWebKit/537.36 (KHTML, like Gecko) Chrome/136.0.7103.113 Mobile Safari/537.36 (compatible; Googlebot/2.1; +http://www.google.com/bot.html)"
162.0.232.193 - - [17/Jun/2025:09:57:41 -0400] "POST /wp-cron.php?doing_wp_cron=1750168661.2829179763793945312500 HTTP/1.1" 200 0 "-" "WordPress/6.8.1; https://read11.windbreakermanga.com"
205.169.39.28 - - [17/Jun/2025:09:57:53 -0400] "GET / HTTP/1.1" 200 12649 "https://bing.com/" "Mozilla/5.0 (iPhone; CPU iPhone OS 10_3_1 like Mac OS X) AppleWebKit/603.1.30 (KHTML, like Gecko) Version/10.0 Mobile/14E304 Safari/602.1"
205.169.39.5 - - [17/Jun/2025:09:57:56 -0400] "GET / HTTP/1.1" 200 12649 "https://bing.com/" "Mozilla/5.0 (Linux; Android 7.0; SM-G930V Build/NRD90M) AppleWebKit/537.36 (KHTML, like Gecko) Chrome/59.0.3071.125 Mobile Safari/537.36"
205.169.39.22 - - [17/Jun/2025:09:57:56 -0400] "GET / HTTP/1.1" 200 12660 "https://bing.com/" "Mozilla/5.0 (Windows NT 10.0; Win64; x64) AppleWebKit/537.36 (KHTML, like Gecko) Chrome/117.0.5938.132 Safari/537.36"
162.0.232.193 - - [17/Jun/2025:09:58:16 -0400] "POST /wp-cron.php?doing_wp_cron=1750168696.1206889152526855468750 HTTP/1.1" 200 0 "-" "WordPress/6.8.1; https://read11.windbreakermanga.com"
2a03:2880:f800:19:: - - [17/Jun/2025:09:58:10 -0400] "GET /wind-breaker-chapter-32-5/ HTTP/1.1" 301 0 "-" "meta-externalagent/1.1 (+https://developers.facebook.com/docs/sharing/webmasters/crawler)"
2a03:2880:f800:c:: - - [17/Jun/2025:09:58:21 -0400] "GET / HTTP/1.1" 200 12662 "-" "meta-externalagent/1.1 (+https://developers.facebook.com/docs/sharing/webmasters/crawler)"
162.0.232.193 - - [17/Jun/2025:09:58:22 -0400] "GET /wp-content/uploads/f979bbbcbe9df560cb74049269d2541e_4104.xml HTTP/1.1" 200 2533 "-" "Mozilla/5.0 (X11; Linux x86_64) AppleWebKit/537.36 (KHTML, like Gecko) Ubuntu Chromium/41.0.2272.76"
47.82.61.130 - - [17/Jun/2025:09:59:02 -0400] "GET /wind-breaker-chapter-364/ HTTP/1.1" 200 11829 "https://read11.windbreakermanga.com/wind-breaker-chapter-364/" "Mozilla/5.0 (Windows NT 10.0; Win64; x64) AppleWebKit/537.36 (KHTML, like Gecko) Chrome/114.0.0.0 Safari/537.36 Edg/114.0.1823.43"
162.0.232.193 - - [17/Jun/2025:09:59:18 -0400] "POST /wp-cron.php?doing_wp_cron=1750168758.2955050468444824218750 HTTP/1.1" 200 0 "-" "WordPress/6.8.1; https://read11.windbreakermanga.com"
205.169.39.22 - - [17/Jun/2025:09:59:19 -0400] "GET / HTTP/1.1" 200 12660 "https://bing.com/" "Mozilla/5.0 (Windows NT 10.0; Win64; x64) AppleWebKit/537.36 (KHTML, like Gecko) Chrome/117.0.5938.132 Safari/537.36"
91.150.219.162 - - [17/Jun/2025:09:59:19 -0400] "GET /wind-breaker-chapter-248-part-2-ep-180/ HTTP/1.1" 301 0 "-" "Mozilla/5.0 (Windows NT 10.0; Win64; x64; rv:123.0) Gecko/20100101 Firefox/123.0 Config/92.2.7601.2"
24.144.157.106 - - [17/Jun/2025:09:59:24 -0400] "GET / HTTP/1.1" 200 12660 "-" "Mozilla/5.0 (Windows NT 10.0; Win64; x64; rv:123.0) Gecko/20100101 Firefox/123.0 Config/92.2.7601.2"
162.0.232.193 - - [17/Jun/2025:09:59:28 -0400] "POST /wp-cron.php?doing_wp_cron=1750168768.1842970848083496093750 HTTP/1.1" 200 0 "-" "WordPress/6.8.1; https://read11.windbreakermanga.com"
66.249.77.196 - - [17/Jun/2025:09:59:35 -0400] "GET /entity/113444496 HTTP/1.1" 200 81951 "-" "Mozilla/5.0 (Linux; Android 6.0.1; Nexus 5X Build/MMB29P) AppleWebKit/537.36 (KHTML, like Gecko) Chrome/136.0.7103.113 Mobile Safari/537.36 (compatible; Googlebot/2.1; +http://www.google.com/bot.html)"
162.0.232.193 - - [17/Jun/2025:09:59:47 -0400] "POST /wp-cron.php?doing_wp_cron=1750168787.2859768867492675781250 HTTP/1.1" 200 0 "-" "WordPress/6.8.1; https://read11.windbreakermanga.com"
45.8.132.132 - - [17/Jun/2025:10:00:06 -0400] "POST /xmlrpc.php HTTP/1.1" 200 186 "https://read11.windbreakermanga.com" "Mozilla/5.0 (Windows NT 10.0; Win64; x64) AppleWebKit/537.36 (KHTML, like Gecko) Chrome/114.0.5735.134 Safari/537.36"
47.128.58.128 - - [17/Jun/2025:10:00:22 -0400] "GET /wp-includes/class-wp-object-cache.php HTTP/1.1" 403 1242 "-" "Mozilla/5.0 (Linux; Android 5.0) AppleWebKit/537.36 (KHTML, like Gecko) Mobile Safari/537.36 (compatible; Bytespider; [email protected])"
162.0.232.193 - - [17/Jun/2025:10:00:26 -0400] "POST /wp-cron.php?doing_wp_cron=1750168825.8792951107025146484375 HTTP/1.1" 200 0 "-" "WordPress/6.8.1; https://read11.windbreakermanga.com"
47.82.60.32 - - [17/Jun/2025:10:00:22 -0400] "GET /category/wind-breaker/page/9/ HTTP/1.1" 200 13126 "https://read11.windbreakermanga.com/category/wind-breaker/page/9/" "Mozilla/5.0 (Windows NT 10.0; Win64; x64) AppleWebKit/537.36 (KHTML, like Gecko) Chrome/114.0.0.0 Safari/537.36 Edg/114.0.1823.43"
162.0.232.193 - - [17/Jun/2025:10:00:29 -0400] "GET /wind-breaker-chapter-276/ HTTP/1.1" 200 12181 "-" "WP Rocket/Preload"
162.0.232.193 - - [17/Jun/2025:10:00:35 -0400] "GET /wind-breaker-chapter-276/ HTTP/1.1" 200 0 "-" "WP Rocket/Preload Mozilla/5.0 (iPhone; CPU iPhone OS 9_1 like Mac OS X) AppleWebKit/601.1.46 (KHTML, like Gecko) Version/9.0 Mobile/13B143 Safari/601.1"
162.0.232.193 - - [17/Jun/2025:10:00:42 -0400] "POST /wp-cron.php?doing_wp_cron=1750168841.6784150600433349609375 HTTP/1.1" 200 0 "-" "WordPress/6.8.1; https://read11.windbreakermanga.com"
162.0.232.193 - - [17/Jun/2025:10:00:42 -0400] "POST /wp-cron.php?doing_wp_cron=1750168841.6828939914703369140625 HTTP/1.1" 200 0 "-" "WordPress/6.8.1; https://read11.windbreakermanga.com"
2a03:2880:f800:e:: - - [17/Jun/2025:10:01:02 -0400] "GET /shopdetail/98183836 HTTP/1.1" 301 0 "-" "meta-externalagent/1.1 (+https://developers.facebook.com/docs/sharing/webmasters/crawler)"
162.0.232.193 - - [17/Jun/2025:10:01:11 -0400] "POST /wp-cron.php?doing_wp_cron=1750168871.2877690792083740234375 HTTP/1.1" 200 0 "-" "WordPress/6.8.1; https://read11.windbreakermanga.com"
2a03:2880:f800:f:: - - [17/Jun/2025:10:01:19 -0400] "GET /shopdetail/98219400 HTTP/1.1" 301 0 "-" "meta-externalagent/1.1 (+https://developers.facebook.com/docs/sharing/webmasters/crawler)"
162.0.232.193 - - [17/Jun/2025:10:01:24 -0400] "POST /wp-cron.php?doing_wp_cron=1750168884.3826680183410644531250 HTTP/1.1" 200 0 "-" "WordPress/6.8.1; https://read11.windbreakermanga.com"
162.0.232.193 - - [17/Jun/2025:10:01:24 -0400] "POST /wp-cron.php?doing_wp_cron=1750168884.3744740486145019531250 HTTP/1.1" 200 0 "-" "WordPress/6.8.1; https://read11.windbreakermanga.com"
162.0.232.193 - - [17/Jun/2025:10:01:28 -0400] "GET /wind-breaker-chapter-201/ HTTP/1.1" 200 0 "-" "WP Rocket/Preload"
162.0.232.193 - - [17/Jun/2025:10:01:29 -0400] "GET /wind-breaker-chapter-201/ HTTP/1.1" 200 0 "-" "WP Rocket/Preload Mozilla/5.0 (iPhone; CPU iPhone OS 9_1 like Mac OS X) AppleWebKit/601.1.46 (KHTML, like Gecko) Version/9.0 Mobile/13B143 Safari/601.1"
162.0.232.193 - - [17/Jun/2025:10:01:32 -0400] "GET /wind-breaker-chapter-340/ HTTP/1.1" 200 0 "-" "WP Rocket/Preload"
162.0.232.193 - - [17/Jun/2025:10:01:33 -0400] "GET /wind-breaker-chapter-340/ HTTP/1.1" 200 0 "-" "WP Rocket/Preload Mozilla/5.0 (iPhone; CPU iPhone OS 9_1 like Mac OS X) AppleWebKit/601.1.46 (KHTML, like Gecko) Version/9.0 Mobile/13B143 Safari/601.1"
162.0.232.193 - - [17/Jun/2025:10:01:35 -0400] "GET /wind-breaker-chapter-292/ HTTP/1.1" 200 0 "-" "WP Rocket/Preload"
162.0.232.193 - - [17/Jun/2025:10:01:36 -0400] "GET /wind-breaker-chapter-292/ HTTP/1.1" 200 0 "-" "WP Rocket/Preload Mozilla/5.0 (iPhone; CPU iPhone OS 9_1 like Mac OS X) AppleWebKit/601.1.46 (KHTML, like Gecko) Version/9.0 Mobile/13B143 Safari/601.1"
66.249.77.197 - - [17/Jun/2025:10:01:37 -0400] "GET /items/8491196 HTTP/1.1" 200 81259 "-" "Mozilla/5.0 (Linux; Android 6.0.1; Nexus 5X Build/MMB29P) AppleWebKit/537.36 (KHTML, like Gecko) Chrome/136.0.7103.113 Mobile Safari/537.36 (compatible; Googlebot/2.1; +http://www.google.com/bot.html)"
162.0.232.193 - - [17/Jun/2025:10:01:39 -0400] "GET /wind-breaker-chapter-264/ HTTP/1.1" 200 12412 "-" "WP Rocket/Preload"
162.0.232.193 - - [17/Jun/2025:10:01:46 -0400] "GET /wind-breaker-chapter-264/ HTTP/1.1" 200 0 "-" "WP Rocket/Preload Mozilla/5.0 (iPhone; CPU iPhone OS 9_1 like Mac OS X) AppleWebKit/601.1.46 (KHTML, like Gecko) Version/9.0 Mobile/13B143 Safari/601.1"
162.0.232.193 - - [17/Jun/2025:10:01:51 -0400] "POST /wp-cron.php?doing_wp_cron=1750168911.4887740612030029296875 HTTP/1.1" 200 0 "-" "WordPress/6.8.1; https://read11.windbreakermanga.com"
47.82.62.13 - - [17/Jun/2025:10:01:56 -0400] "GET /wind-breaker-chapter-482/ HTTP/1.1" 200 11953 "https://read11.windbreakermanga.com/wind-breaker-chapter-482/" "Mozilla/5.0 (Windows NT 10.0; Win64; x64) AppleWebKit/537.36 (KHTML, like Gecko) Chrome/114.0.0.0 Safari/537.36 Edg/114.0.1823.43"
43.133.187.11 - - [17/Jun/2025:10:02:03 -0400] "GET /wp-json/oembed/1.0/embed?url=https%3A%2F%2Fread11.windbreakermanga.com%2Fwind-breaker-chapter-48%2F&format=xml HTTP/1.1" 200 1177 "-" "Mozilla/5.0 (iPhone; CPU iPhone OS 13_2_3 like Mac OS X) AppleWebKit/605.1.15 (KHTML, like Gecko) Version/13.0.3 Mobile/15E148 Safari/604.1"
162.0.232.193 - - [17/Jun/2025:10:02:12 -0400] "POST /wp-cron.php?doing_wp_cron=1750168932.0807509422302246093750 HTTP/1.1" 200 0 "-" "WordPress/6.8.1; https://read11.windbreakermanga.com"
162.0.232.193 - - [17/Jun/2025:10:02:16 -0400] "GET /wp-content/uploads/f979bbbcbe9df560cb74049269d2541e_4104.xml HTTP/1.1" 200 2533 "-" "Mozilla/5.0 (X11; Linux x86_64) AppleWebKit/537.36 (KHTML, like Gecko) Ubuntu Chromium/41.0.2272.76"
47.243.56.196 - - [17/Jun/2025:10:02:30 -0400] "GET /post_tag-sitemap.xml HTTP/1.1" 200 10025 "https://read10.windbreakermanga.com/post_tag-sitemap.xml" "Mozilla/5.0 (Macintosh; Intel Mac OS X 10_15_7) AppleWebKit/537.36 (KHTML, like Gecko) Chrome/109.0.0.0 Safari/537.36"
47.82.60.129 - - [17/Jun/2025:10:03:13 -0400] "GET /category/wind-breaker-manga/page/6/ HTTP/1.1" 200 13096 "https://read11.windbreakermanga.com/category/wind-breaker-manga/page/6/" "Mozilla/5.0 (Windows NT 10.0; Win64; x64) AppleWebKit/537.36 (KHTML, like Gecko) Chrome/114.0.0.0 Safari/537.36 Edg/114.0.1823.43"
162.0.232.193 - - [17/Jun/2025:10:03:16 -0400] "POST /wp-cron.php?doing_wp_cron=1750168995.8755400180816650390625 HTTP/1.1" 200 0 "-" "WordPress/6.8.1; https://read11.windbreakermanga.com"
162.0.232.193 - - [17/Jun/2025:10:03:17 -0400] "POST /wp-cron.php?doing_wp_cron=1750168996.7854299545288085937500 HTTP/1.1" 200 0 "-" "WordPress/6.8.1; https://read11.windbreakermanga.com"
162.0.232.193 - - [17/Jun/2025:10:03:19 -0400] "GET /chapter-236/ HTTP/1.1" 200 11080 "-" "WP Rocket/Preload"
162.0.232.193 - - [17/Jun/2025:10:03:25 -0400] "GET /chapter-236/ HTTP/1.1" 200 0 "-" "WP Rocket/Preload Mozilla/5.0 (iPhone; CPU iPhone OS 9_1 like Mac OS X) AppleWebKit/601.1.46 (KHTML, like Gecko) Version/9.0 Mobile/13B143 Safari/601.1"
162.0.232.193 - - [17/Jun/2025:10:03:28 -0400] "POST /wp-cron.php?doing_wp_cron=1750169008.1745650768280029296875 HTTP/1.1" 200 0 "-" "WordPress/6.8.1; https://read11.windbreakermanga.com"
162.0.232.193 - - [17/Jun/2025:10:03:30 -0400] "GET /wind-breaker-chapter-219/ HTTP/1.1" 200 0 "-" "WP Rocket/Preload"
162.0.232.193 - - [17/Jun/2025:10:03:32 -0400] "GET /wind-breaker-chapter-219/ HTTP/1.1" 200 0 "-" "WP Rocket/Preload Mozilla/5.0 (iPhone; CPU iPhone OS 9_1 like Mac OS X) AppleWebKit/601.1.46 (KHTML, like Gecko) Version/9.0 Mobile/13B143 Safari/601.1"
162.0.232.193 - - [17/Jun/2025:10:03:33 -0400] "GET /wind-breaker-chapter-203/ HTTP/1.1" 200 12242 "-" "WP Rocket/Preload"
162.0.232.193 - - [17/Jun/2025:10:03:35 -0400] "GET /wind-breaker-chapter-203/ HTTP/1.1" 200 0 "-" "WP Rocket/Preload Mozilla/5.0 (iPhone; CPU iPhone OS 9_1 like Mac OS X) AppleWebKit/601.1.46 (KHTML, like Gecko) Version/9.0 Mobile/13B143 Safari/601.1"
162.0.232.193 - - [17/Jun/2025:10:03:37 -0400] "GET /wind-breaker-chapter-209/ HTTP/1.1" 200 0 "-" "WP Rocket/Preload"
162.0.232.193 - - [17/Jun/2025:10:03:38 -0400] "GET /wind-breaker-chapter-209/ HTTP/1.1" 200 0 "-" "WP Rocket/Preload Mozilla/5.0 (iPhone; CPU iPhone OS 9_1 like Mac OS X) AppleWebKit/601.1.46 (KHTML, like Gecko) Version/9.0 Mobile/13B143 Safari/601.1"
162.0.232.193 - - [17/Jun/2025:10:03:40 -0400] "GET /wind-breaker-chapter-300/ HTTP/1.1" 200 0 "-" "WP Rocket/Preload"
47.128.96.8 - - [17/Jun/2025:10:03:42 -0400] "GET /wp-includes/class-wp-block-type.php HTTP/1.1" 403 1242 "-" "Mozilla/5.0 (Linux; Android 5.0) AppleWebKit/537.36 (KHTML, like Gecko) Mobile Safari/537.36 (compatible; Bytespider; [email protected])"
162.0.232.193 - - [17/Jun/2025:10:03:42 -0400] "GET /wind-breaker-chapter-300/ HTTP/1.1" 200 0 "-" "WP Rocket/Preload Mozilla/5.0 (iPhone; CPU iPhone OS 9_1 like Mac OS X) AppleWebKit/601.1.46 (KHTML, like Gecko) Version/9.0 Mobile/13B143 Safari/601.1"
162.0.232.193 - - [17/Jun/2025:10:03:43 -0400] "GET /wind-breaker-chapter-271/ HTTP/1.1" 200 0 "-" "WP Rocket/Preload"
162.0.232.193 - - [17/Jun/2025:10:03:45 -0400] "GET /wind-breaker-chapter-271/ HTTP/1.1" 200 0 "-" "WP Rocket/Preload Mozilla/5.0 (iPhone; CPU iPhone OS 9_1 like Mac OS X) AppleWebKit/601.1.46 (KHTML, like Gecko) Version/9.0 Mobile/13B143 Safari/601.1"
162.0.232.193 - - [17/Jun/2025:10:03:47 -0400] "GET /wind-breaker-chapter-211/ HTTP/1.1" 200 0 "-" "WP Rocket/Preload"
162.0.232.193 - - [17/Jun/2025:10:03:48 -0400] "GET /wind-breaker-chapter-211/ HTTP/1.1" 200 0 "-" "WP Rocket/Preload Mozilla/5.0 (iPhone; CPU iPhone OS 9_1 like Mac OS X) AppleWebKit/601.1.46 (KHTML, like Gecko) Version/9.0 Mobile/13B143 Safari/601.1"
162.0.232.193 - - [17/Jun/2025:10:03:55 -0400] "POST /wp-cron.php?doing_wp_cron=1750169035.1846690177917480468750 HTTP/1.1" 200 0 "-" "WordPress/6.8.1; https://read11.windbreakermanga.com"
162.0.232.193 - - [17/Jun/2025:10:04:12 -0400] "POST /wp-cron.php?doing_wp_cron=1750169052.5872519016265869140625 HTTP/1.1" 200 0 "-" "WordPress/6.8.1; https://read11.windbreakermanga.com"
162.0.232.193 - - [17/Jun/2025:10:04:24 -0400] "POST /wp-cron.php?doing_wp_cron=1750169064.4885981082916259765625 HTTP/1.1" 200 0 "-" "WordPress/6.8.1; https://read11.windbreakermanga.com"
162.0.232.193 - - [17/Jun/2025:10:04:27 -0400] "GET /wind-breaker-chapter-345/ HTTP/1.1" 200 11829 "-" "WP Rocket/Preload"
162.0.232.193 - - [17/Jun/2025:10:04:34 -0400] "GET /wind-breaker-chapter-345/ HTTP/1.1" 200 0 "-" "WP Rocket/Preload Mozilla/5.0 (iPhone; CPU iPhone OS 9_1 like Mac OS X) AppleWebKit/601.1.46 (KHTML, like Gecko) Version/9.0 Mobile/13B143 Safari/601.1"
162.0.232.193 - - [17/Jun/2025:10:04:41 -0400] "POST /wp-cron.php?doing_wp_cron=1750169081.7802278995513916015625 HTTP/1.1" 200 0 "-" "WordPress/6.8.1; https://read11.windbreakermanga.com"
66.249.77.196 - - [17/Jun/2025:10:05:06 -0400] "GET /shopping/a/sorbile/6409388 HTTP/1.1" 200 81914 "-" "Mozilla/5.0 (Linux; Android 6.0.1; Nexus 5X Build/MMB29P) AppleWebKit/537.36 (KHTML, like Gecko) Chrome/136.0.7103.113 Mobile Safari/537.36 (compatible; Googlebot/2.1; +http://www.google.com/bot.html)"
162.0.232.193 - - [17/Jun/2025:10:05:15 -0400] "POST /wp-cron.php?doing_wp_cron=1750169115.6862928867340087890625 HTTP/1.1" 200 0 "-" "WordPress/6.8.1; https://read11.windbreakermanga.com"
2a03:2880:f800:12:: - - [17/Jun/2025:10:05:22 -0400] "GET /shopdetail/98215512 HTTP/1.1" 301 0 "-" "meta-externalagent/1.1 (+https://developers.facebook.com/docs/sharing/webmasters/crawler)"
162.0.232.193 - - [17/Jun/2025:10:05:25 -0400] "POST /wp-cron.php?doing_wp_cron=1750169125.0812599658966064453125 HTTP/1.1" 200 0 "-" "WordPress/6.8.1; https://read11.windbreakermanga.com"
162.0.232.193 - - [17/Jun/2025:10:05:27 -0400] "GET /wind-breaker-chapter-336/ HTTP/1.1" 200 0 "-" "WP Rocket/Preload"
162.0.232.193 - - [17/Jun/2025:10:05:29 -0400] "GET /wind-breaker-chapter-336/ HTTP/1.1" 200 0 "-" "WP Rocket/Preload Mozilla/5.0 (iPhone; CPU iPhone OS 9_1 like Mac OS X) AppleWebKit/601.1.46 (KHTML, like Gecko) Version/9.0 Mobile/13B143 Safari/601.1"
162.0.232.193 - - [17/Jun/2025:10:05:31 -0400] "GET /wind-breaker-chapter-337/ HTTP/1.1" 200 0 "-" "WP Rocket/Preload"
162.0.232.193 - - [17/Jun/2025:10:05:32 -0400] "GET /wind-breaker-chapter-337/ HTTP/1.1" 200 0 "-" "WP Rocket/Preload Mozilla/5.0 (iPhone; CPU iPhone OS 9_1 like Mac OS X) AppleWebKit/601.1.46 (KHTML, like Gecko) Version/9.0 Mobile/13B143 Safari/601.1"
162.0.232.193 - - [17/Jun/2025:10:05:34 -0400] "GET /wind-breaker-chapter-222/ HTTP/1.1" 200 12388 "-" "WP Rocket/Preload"
162.0.232.193 - - [17/Jun/2025:10:05:40 -0400] "GET /wind-breaker-chapter-222/ HTTP/1.1" 200 0 "-" "WP Rocket/Preload Mozilla/5.0 (iPhone; CPU iPhone OS 9_1 like Mac OS X) AppleWebKit/601.1.46 (KHTML, like Gecko) Version/9.0 Mobile/13B143 Safari/601.1"
162.0.232.193 - - [17/Jun/2025:10:05:47 -0400] "POST /wp-cron.php?doing_wp_cron=1750169147.5741889476776123046875 HTTP/1.1" 200 0 "-" "WordPress/6.8.1; https://read11.windbreakermanga.com"
47.82.62.14 - - [17/Jun/2025:10:05:59 -0400] "GET /category/wind-breaker-manga/page/56/ HTTP/1.1" 200 12419 "https://read11.windbreakermanga.com/category/wind-breaker-manga/page/56/" "Mozilla/5.0 (Windows NT 10.0; Win64; x64) AppleWebKit/537.36 (KHTML, like Gecko) Chrome/114.0.0.0 Safari/537.36 Edg/114.0.1823.43"
162.0.232.193 - - [17/Jun/2025:10:06:16 -0400] "POST /wp-cron.php?doing_wp_cron=1750169175.7746651172637939453125 HTTP/1.1" 200 0 "-" "WordPress/6.8.1; https://read11.windbreakermanga.com"
2a03:2880:f800:1d:: - - [17/Jun/2025:10:06:15 -0400] "GET /shopdetail/98180720 HTTP/1.1" 301 0 "-" "meta-externalagent/1.1 (+https://developers.facebook.com/docs/sharing/webmasters/crawler)"
162.0.232.193 - - [17/Jun/2025:10:06:22 -0400] "GET /wp-content/uploads/f979bbbcbe9df560cb74049269d2541e_4104.xml HTTP/1.1" 200 2276 "-" "Mozilla/5.0 (X11; Linux x86_64) AppleWebKit/537.36 (KHTML, like Gecko) Ubuntu Chromium/41.0.2272.76"
47.82.60.122 - - [17/Jun/2025:10:06:54 -0400] "GET /category/wind-breaker/page/8/ HTTP/1.1" 200 13269 "https://read11.windbreakermanga.com/category/wind-breaker/page/8/" "Mozilla/5.0 (Windows NT 10.0; Win64; x64) AppleWebKit/537.36 (KHTML, like Gecko) Chrome/114.0.0.0 Safari/537.36 Edg/114.0.1823.43"
47.128.113.189 - - [17/Jun/2025:10:07:02 -0400] "GET /wp-includes/class-wp-hook.php HTTP/1.1" 403 1242 "-" "Mozilla/5.0 (Linux; Android 5.0) AppleWebKit/537.36 (KHTML, like Gecko) Mobile Safari/537.36 (compatible; Bytespider; [email protected])"
47.82.62.111 - - [17/Jun/2025:10:07:08 -0400] "GET /category/wind-breaker-webtoon/page/53/ HTTP/1.1" 200 12218 "https://read11.windbreakermanga.com/category/wind-breaker-webtoon/page/53/" "Mozilla/5.0 (Windows NT 10.0; Win64; x64) AppleWebKit/537.36 (KHTML, like Gecko) Chrome/114.0.0.0 Safari/537.36 Edg/114.0.1823.43"
207.46.13.36 - - [17/Jun/2025:10:07:12 -0400] "GET /wind-breaker-chapter-342/ HTTP/1.1" 200 81557 "-" "Mozilla/5.0 AppleWebKit/537.36 (KHTML, like Gecko; compatible; bingbot/2.0; +http://www.bing.com/bingbot.htm) Chrome/116.0.1938.76 Safari/537.36"
162.0.232.193 - - [17/Jun/2025:10:07:16 -0400] "POST /wp-cron.php?doing_wp_cron=1750169236.1017389297485351562500 HTTP/1.1" 200 0 "-" "WordPress/6.8.1; https://read11.windbreakermanga.com"
162.0.232.193 - - [17/Jun/2025:10:07:18 -0400] "GET /wind-breaker-chapter-197/ HTTP/1.1" 200 12374 "-" "WP Rocket/Preload"
162.0.232.193 - - [17/Jun/2025:10:07:24 -0400] "GET /wind-breaker-chapter-197/ HTTP/1.1" 200 0 "-" "WP Rocket/Preload Mozilla/5.0 (iPhone; CPU iPhone OS 9_1 like Mac OS X) AppleWebKit/601.1.46 (KHTML, like Gecko) Version/9.0 Mobile/13B143 Safari/601.1"
162.0.232.193 - - [17/Jun/2025:10:07:32 -0400] "POST /wp-cron.php?doing_wp_cron=1750169251.5797278881072998046875 HTTP/1.1" 200 0 "-" "WordPress/6.8.1; https://read11.windbreakermanga.com"
162.0.232.193 - - [17/Jun/2025:10:07:33 -0400] "GET /wind-breaker-chapter-163/ HTTP/1.1" 200 0 "-" "WP Rocket/Preload"
162.0.232.193 - - [17/Jun/2025:10:07:34 -0400] "GET /wind-breaker-chapter-163/ HTTP/1.1" 200 0 "-" "WP Rocket/Preload Mozilla/5.0 (iPhone; CPU iPhone OS 9_1 like Mac OS X) AppleWebKit/601.1.46 (KHTML, like Gecko) Version/9.0 Mobile/13B143 Safari/601.1"
162.0.232.193 - - [17/Jun/2025:10:07:36 -0400] "GET /wind-breaker-chapter-225/ HTTP/1.1" 200 0 "-" "WP Rocket/Preload"
162.0.232.193 - - [17/Jun/2025:10:07:38 -0400] "GET /wind-breaker-chapter-225/ HTTP/1.1" 200 0 "-" "WP Rocket/Preload Mozilla/5.0 (iPhone; CPU iPhone OS 9_1 like Mac OS X) AppleWebKit/601.1.46 (KHTML, like Gecko) Version/9.0 Mobile/13B143 Safari/601.1"
162.0.232.193 - - [17/Jun/2025:10:07:39 -0400] "GET /wind-breaker-chapter-181/ HTTP/1.1" 200 0 "-" "WP Rocket/Preload"
162.0.232.193 - - [17/Jun/2025:10:07:41 -0400] "GET /wind-breaker-chapter-181/ HTTP/1.1" 200 0 "-" "WP Rocket/Preload Mozilla/5.0 (iPhone; CPU iPhone OS 9_1 like Mac OS X) AppleWebKit/601.1.46 (KHTML, like Gecko) Version/9.0 Mobile/13B143 Safari/601.1"
162.0.232.193 - - [17/Jun/2025:10:07:43 -0400] "GET /wind-breaker-chapter-353/ HTTP/1.1" 200 11987 "-" "WP Rocket/Preload"
162.0.232.193 - - [17/Jun/2025:10:07:44 -0400] "GET /wind-breaker-chapter-353/ HTTP/1.1" 200 0 "-" "WP Rocket/Preload Mozilla/5.0 (iPhone; CPU iPhone OS 9_1 like Mac OS X) AppleWebKit/601.1.46 (KHTML, like Gecko) Version/9.0 Mobile/13B143 Safari/601.1"
162.0.232.193 - - [17/Jun/2025:10:07:46 -0400] "GET /wind-breaker-chapter-338/ HTTP/1.1" 200 0 "-" "WP Rocket/Preload"
162.0.232.193 - - [17/Jun/2025:10:07:47 -0400] "GET /wind-breaker-chapter-338/ HTTP/1.1" 200 0 "-" "WP Rocket/Preload Mozilla/5.0 (iPhone; CPU iPhone OS 9_1 like Mac OS X) AppleWebKit/601.1.46 (KHTML, like Gecko) Version/9.0 Mobile/13B143 Safari/601.1"
162.0.232.193 - - [17/Jun/2025:10:07:49 -0400] "GET /wind-breaker-chapter-329/ HTTP/1.1" 200 0 "-" "WP Rocket/Preload"
162.0.232.193 - - [17/Jun/2025:10:07:51 -0400] "GET /wind-breaker-chapter-329/ HTTP/1.1" 200 0 "-" "WP Rocket/Preload Mozilla/5.0 (iPhone; CPU iPhone OS 9_1 like Mac OS X) AppleWebKit/601.1.46 (KHTML, like Gecko) Version/9.0 Mobile/13B143 Safari/601.1"
162.0.232.193 - - [17/Jun/2025:10:07:57 -0400] "POST /wp-cron.php?doing_wp_cron=1750169276.2948920726776123046875 HTTP/1.1" 200 0 "-" "WordPress/6.8.1; https://read11.windbreakermanga.com"
2602:fb54:372:: - - [17/Jun/2025:10:07:54 -0400] "GET /law.php HTTP/1.1" 301 0 "www.google.com" "Mozilla/5.0 (Linux; Android 7.0; SM-G892A Build/NRD90M; wv) AppleWebKit/537.36 (KHTML, like Gecko) Version/4.0 Chrome/60.0.3112.107 Mobile Safari/537.36"
2602:fb54:372:: - - [17/Jun/2025:10:07:57 -0400] "GET / HTTP/1.1" 200 12575 "www.google.com" "Mozilla/5.0 (Linux; Android 7.0; SM-G892A Build/NRD90M; wv) AppleWebKit/537.36 (KHTML, like Gecko) Version/4.0 Chrome/60.0.3112.107 Mobile Safari/537.36"
162.0.232.193 - - [17/Jun/2025:10:08:13 -0400] "POST /wp-cron.php?doing_wp_cron=1750169292.6873450279235839843750 HTTP/1.1" 200 0 "-" "WordPress/6.8.1; https://read11.windbreakermanga.com"
162.0.232.193 - - [17/Jun/2025:10:08:24 -0400] "POST /wp-cron.php?doing_wp_cron=1750169304.6895129680633544921875 HTTP/1.1" 200 0 "-" "WordPress/6.8.1; https://read11.windbreakermanga.com"
162.0.232.193 - - [17/Jun/2025:10:08:25 -0400] "GET /wind-breaker-chapter-189/ HTTP/1.1" 200 12380 "-" "WP Rocket/Preload"
162.0.232.193 - - [17/Jun/2025:10:08:27 -0400] "GET /wind-breaker-chapter-189/ HTTP/1.1" 200 0 "-" "WP Rocket/Preload Mozilla/5.0 (iPhone; CPU iPhone OS 9_1 like Mac OS X) AppleWebKit/601.1.46 (KHTML, like Gecko) Version/9.0 Mobile/13B143 Safari/601.1"
2604:a880:400:d1:0:1:345e:5001 - - [17/Jun/2025:10:08:26 -0400] "POST /xmlrpc.php HTTP/1.1" 200 186 "https://read11.windbreakermanga.com" "Mozilla/5.0 (Macintosh; Intel Mac OS X 13.3; rv:126.0) Gecko/20100101 Firefox/126.0"
162.0.232.193 - - [17/Jun/2025:10:08:29 -0400] "GET /chapter-403/ HTTP/1.1" 200 0 "-" "WP Rocket/Preload"
162.0.232.193 - - [17/Jun/2025:10:08:30 -0400] "GET /chapter-403/ HTTP/1.1" 200 0 "-" "WP Rocket/Preload Mozilla/5.0 (iPhone; CPU iPhone OS 9_1 like Mac OS X) AppleWebKit/601.1.46 (KHTML, like Gecko) Version/9.0 Mobile/13B143 Safari/601.1"
162.0.232.193 - - [17/Jun/2025:10:08:32 -0400] "GET /chapter-232/ HTTP/1.1" 200 11099 "-" "WP Rocket/Preload"
162.0.232.193 - - [17/Jun/2025:10:08:34 -0400] "GET /chapter-232/ HTTP/1.1" 200 0 "-" "WP Rocket/Preload Mozilla/5.0 (iPhone; CPU iPhone OS 9_1 like Mac OS X) AppleWebKit/601.1.46 (KHTML, like Gecko) Version/9.0 Mobile/13B143 Safari/601.1"
162.0.232.193 - - [17/Jun/2025:10:08:35 -0400] "GET /wind-breaker-chapter-515/ HTTP/1.1" 200 0 "-" "WP Rocket/Preload"
162.0.232.193 - - [17/Jun/2025:10:08:37 -0400] "GET /wind-breaker-chapter-515/ HTTP/1.1" 200 0 "-" "WP Rocket/Preload Mozilla/5.0 (iPhone; CPU iPhone OS 9_1 like Mac OS X) AppleWebKit/601.1.46 (KHTML, like Gecko) Version/9.0 Mobile/13B143 Safari/601.1"
162.0.232.193 - - [17/Jun/2025:10:08:39 -0400] "GET /chapter-416/ HTTP/1.1" 200 0 "-" "WP Rocket/Preload"
162.0.232.193 - - [17/Jun/2025:10:08:41 -0400] "GET /chapter-416/ HTTP/1.1" 200 0 "-" "WP Rocket/Preload Mozilla/5.0 (iPhone; CPU iPhone OS 9_1 like Mac OS X) AppleWebKit/601.1.46 (KHTML, like Gecko) Version/9.0 Mobile/13B143 Safari/601.1"
162.0.232.193 - - [17/Jun/2025:10:08:42 -0400] "GET /wind-breaker-chapter-376/ HTTP/1.1" 200 0 "-" "WP Rocket/Preload"
162.0.232.193 - - [17/Jun/2025:10:08:44 -0400] "GET /wind-breaker-chapter-376/ HTTP/1.1" 200 0 "-" "WP Rocket/Preload Mozilla/5.0 (iPhone; CPU iPhone OS 9_1 like Mac OS X) AppleWebKit/601.1.46 (KHTML, like Gecko) Version/9.0 Mobile/13B143 Safari/601.1"
162.0.232.193 - - [17/Jun/2025:10:08:45 -0400] "GET /wind-breaker-chapter-373/ HTTP/1.1" 200 0 "-" "WP Rocket/Preload"
162.0.232.193 - - [17/Jun/2025:10:08:47 -0400] "GET /wind-breaker-chapter-373/ HTTP/1.1" 200 0 "-" "WP Rocket/Preload Mozilla/5.0 (iPhone; CPU iPhone OS 9_1 like Mac OS X) AppleWebKit/601.1.46 (KHTML, like Gecko) Version/9.0 Mobile/13B143 Safari/601.1"
162.0.232.193 - - [17/Jun/2025:10:08:53 -0400] "POST /wp-cron.php?doing_wp_cron=1750169332.6865730285644531250000 HTTP/1.1" 200 0 "-" "WordPress/6.8.1; https://read11.windbreakermanga.com"
162.0.232.193 - - [17/Jun/2025:10:09:11 -0400] "POST /wp-cron.php?doing_wp_cron=1750169351.3802239894866943359375 HTTP/1.1" 200 0 "-" "WordPress/6.8.1; https://read11.windbreakermanga.com"
47.82.61.185 - - [17/Jun/2025:10:09:14 -0400] "GET /wind-breaker-chapter-120/ HTTP/1.1" 200 12256 "https://read11.windbreakermanga.com/wind-breaker-chapter-120/" "Mozilla/5.0 (Windows NT 10.0; Win64; x64) AppleWebKit/537.36 (KHTML, like Gecko) Chrome/114.0.0.0 Safari/537.36 Edg/114.0.1823.43"
162.0.232.193 - - [17/Jun/2025:10:09:25 -0400] "POST /wp-cron.php?doing_wp_cron=1750169365.5819630622863769531250 HTTP/1.1" 200 0 "-" "WordPress/6.8.1; https://read11.windbreakermanga.com"
162.0.232.193 - - [17/Jun/2025:10:09:26 -0400] "GET /wind-breaker-chapter-499/ HTTP/1.1" 200 0 "-" "WP Rocket/Preload"
162.0.232.193 - - [17/Jun/2025:10:09:27 -0400] "GET /wind-breaker-chapter-499/ HTTP/1.1" 200 0 "-" "WP Rocket/Preload Mozilla/5.0 (iPhone; CPU iPhone OS 9_1 like Mac OS X) AppleWebKit/601.1.46 (KHTML, like Gecko) Version/9.0 Mobile/13B143 Safari/601.1"
162.0.232.193 - - [17/Jun/2025:10:09:29 -0400] "GET /wind-breaker-chapter-472/ HTTP/1.1" 200 11929 "-" "WP Rocket/Preload"
162.0.232.193 - - [17/Jun/2025:10:09:31 -0400] "GET /wind-breaker-chapter-472/ HTTP/1.1" 200 0 "-" "WP Rocket/Preload Mozilla/5.0 (iPhone; CPU iPhone OS 9_1 like Mac OS X) AppleWebKit/601.1.46 (KHTML, like Gecko) Version/9.0 Mobile/13B143 Safari/601.1"
162.0.232.193 - - [17/Jun/2025:10:09:33 -0400] "GET /chapter-425/ HTTP/1.1" 200 0 "-" "WP Rocket/Preload"
162.0.232.193 - - [17/Jun/2025:10:09:34 -0400] "GET /chapter-425/ HTTP/1.1" 200 0 "-" "WP Rocket/Preload Mozilla/5.0 (iPhone; CPU iPhone OS 9_1 like Mac OS X) AppleWebKit/601.1.46 (KHTML, like Gecko) Version/9.0 Mobile/13B143 Safari/601.1"
162.0.232.193 - - [17/Jun/2025:10:09:36 -0400] "GET /chapter-395/ HTTP/1.1" 200 0 "-" "WP Rocket/Preload"
2a03:2880:f800:3:: - - [17/Jun/2025:10:09:33 -0400] "GET /shopdetail/98203972 HTTP/1.1" 301 0 "-" "meta-externalagent/1.1 (+https://developers.facebook.com/docs/sharing/webmasters/crawler)"
47.82.62.34 - - [17/Jun/2025:10:09:37 -0400] "GET /wind-breaker-chapter-501/ HTTP/1.1" 200 11721 "https://read11.windbreakermanga.com/wind-breaker-chapter-501/" "Mozilla/5.0 (Windows NT 10.0; Win64; x64) AppleWebKit/537.36 (KHTML, like Gecko) Chrome/114.0.0.0 Safari/537.36 Edg/114.0.1823.43"
162.0.232.193 - - [17/Jun/2025:10:09:38 -0400] "GET /chapter-395/ HTTP/1.1" 200 0 "-" "WP Rocket/Preload Mozilla/5.0 (iPhone; CPU iPhone OS 9_1 like Mac OS X) AppleWebKit/601.1.46 (KHTML, like Gecko) Version/9.0 Mobile/13B143 Safari/601.1"
2602:fb54:372:: - - [17/Jun/2025:10:09:35 -0400] "GET /file88.php HTTP/1.1" 301 0 "www.google.com" "Mozilla/5.0 (Linux; Android 7.0; SM-G892A Build/NRD90M; wv) AppleWebKit/537.36 (KHTML, like Gecko) Version/4.0 Chrome/60.0.3112.107 Mobile Safari/537.36"
2602:fb54:372:: - - [17/Jun/2025:10:09:39 -0400] "GET / HTTP/1.1" 200 12649 "www.google.com" "Mozilla/5.0 (Linux; Android 7.0; SM-G892A Build/NRD90M; wv) AppleWebKit/537.36 (KHTML, like Gecko) Version/4.0 Chrome/60.0.3112.107 Mobile Safari/537.36"
162.0.232.193 - - [17/Jun/2025:10:09:40 -0400] "GET /wind-breaker-chapter-349/ HTTP/1.1" 200 0 "-" "WP Rocket/Preload"
162.0.232.193 - - [17/Jun/2025:10:09:41 -0400] "GET /wind-breaker-chapter-349/ HTTP/1.1" 200 0 "-" "WP Rocket/Preload Mozilla/5.0 (iPhone; CPU iPhone OS 9_1 like Mac OS X) AppleWebKit/601.1.46 (KHTML, like Gecko) Version/9.0 Mobile/13B143 Safari/601.1"
162.0.232.193 - - [17/Jun/2025:10:09:43 -0400] "GET /chapter-401/ HTTP/1.1" 200 0 "-" "WP Rocket/Preload"
162.0.232.193 - - [17/Jun/2025:10:09:45 -0400] "GET /chapter-401/ HTTP/1.1" 200 0 "-" "WP Rocket/Preload Mozilla/5.0 (iPhone; CPU iPhone OS 9_1 like Mac OS X) AppleWebKit/601.1.46 (KHTML, like Gecko) Version/9.0 Mobile/13B143 Safari/601.1"
162.0.232.193 - - [17/Jun/2025:10:09:50 -0400] "POST /wp-cron.php?doing_wp_cron=1750169389.4858770370483398437500 HTTP/1.1" 200 0 "-" "WordPress/6.8.1; https://read11.windbreakermanga.com"
162.0.232.193 - - [17/Jun/2025:10:09:57 -0400] "POST /wp-cron.php?doing_wp_cron=1750169397.4778699874877929687500 HTTP/1.1" 200 0 "-" "WordPress/6.8.1; https://read11.windbreakermanga.com"
49.51.180.2 - - [17/Jun/2025:10:10:05 -0400] "GET /wp-content/uploads/2024/02/cropped-jay-jo-180x180.webp HTTP/1.1" 200 6282 "-" "Mozilla/5.0 (iPhone; CPU iPhone OS 13_2_3 like Mac OS X) AppleWebKit/605.1.15 (KHTML, like Gecko) Version/13.0.3 Mobile/15E148 Safari/604.1"
47.82.61.151 - - [17/Jun/2025:10:10:07 -0400] "GET /wind-breaker-chapter-64/ HTTP/1.1" 200 12349 "https://read11.windbreakermanga.com/wind-breaker-chapter-64/" "Mozilla/5.0 (Windows NT 10.0; Win64; x64) AppleWebKit/537.36 (KHTML, like Gecko) Chrome/114.0.0.0 Safari/537.36 Edg/114.0.1823.43"
47.128.54.93 - - [17/Jun/2025:10:10:22 -0400] "GET /wp-includes/class-walker-comment.php HTTP/1.1" 403 1242 "-" "Mozilla/5.0 (Linux; Android 5.0) AppleWebKit/537.36 (KHTML, like Gecko) Mobile Safari/537.36 (compatible; Bytespider; [email protected])"
162.0.232.193 - - [17/Jun/2025:10:10:58 -0400] "POST /wp-cron.php?doing_wp_cron=1750169457.4910790920257568359375 HTTP/1.1" 200 0 "-" "WordPress/6.8.1; https://read11.windbreakermanga.com"
2602:fb54:372:: - - [17/Jun/2025:10:10:55 -0400] "GET /file5.php HTTP/1.1" 301 0 "www.google.com" "Mozilla/5.0 (Linux; Android 7.0; SM-G892A Build/NRD90M; wv) AppleWebKit/537.36 (KHTML, like Gecko) Version/4.0 Chrome/60.0.3112.107 Mobile Safari/537.36"
2602:fb54:372:: - - [17/Jun/2025:10:10:59 -0400] "GET / HTTP/1.1" 200 12649 "www.google.com" "Mozilla/5.0 (Linux; Android 7.0; SM-G892A Build/NRD90M; wv) AppleWebKit/537.36 (KHTML, like Gecko) Version/4.0 Chrome/60.0.3112.107 Mobile Safari/537.36"
162.0.232.193 - - [17/Jun/2025:10:11:01 -0400] "GET /wp-content/uploads/f979bbbcbe9df560cb74049269d2541e_4104.xml HTTP/1.1" 200 2276 "-" "Mozilla/5.0 (X11; Linux x86_64) AppleWebKit/537.36 (KHTML, like Gecko) Ubuntu Chromium/41.0.2272.76"
47.82.61.181 - - [17/Jun/2025:10:11:33 -0400] "GET /author/admin/page/44/ HTTP/1.1" 200 10365 "https://read11.windbreakermanga.com/author/admin/page/44/" "Mozilla/5.0 (Windows NT 10.0; Win64; x64) AppleWebKit/537.36 (KHTML, like Gecko) Chrome/114.0.0.0 Safari/537.36 Edg/114.0.1823.43"
162.0.232.193 - - [17/Jun/2025:10:11:59 -0400] "POST /wp-cron.php?doing_wp_cron=1750169519.3888149261474609375000 HTTP/1.1" 200 0 "-" "WordPress/6.8.1; https://read11.windbreakermanga.com"
162.0.232.193 - - [17/Jun/2025:10:11:59 -0400] "POST /wp-cron.php?doing_wp_cron=1750169519.6084120273590087890625 HTTP/1.1" 200 0 "-" "WordPress/6.8.1; https://read11.windbreakermanga.com"
162.0.232.193 - - [17/Jun/2025:10:12:00 -0400] "GET /chapter-391/ HTTP/1.1" 200 11081 "-" "WP Rocket/Preload"
162.0.232.193 - - [17/Jun/2025:10:12:02 -0400] "GET /chapter-391/ HTTP/1.1" 200 0 "-" "WP Rocket/Preload Mozilla/5.0 (iPhone; CPU iPhone OS 9_1 like Mac OS X) AppleWebKit/601.1.46 (KHTML, like Gecko) Version/9.0 Mobile/13B143 Safari/601.1"
162.0.232.193 - - [17/Jun/2025:10:12:05 -0400] "GET /wind-breaker-chapter-139/ HTTP/1.1" 200 11939 "-" "WP Rocket/Preload"
162.0.232.193 - - [17/Jun/2025:10:12:06 -0400] "GET /wind-breaker-chapter-139/ HTTP/1.1" 200 0 "-" "WP Rocket/Preload Mozilla/5.0 (iPhone; CPU iPhone OS 9_1 like Mac OS X) AppleWebKit/601.1.46 (KHTML, like Gecko) Version/9.0 Mobile/13B143 Safari/601.1"
162.0.232.193 - - [17/Jun/2025:10:12:07 -0400] "GET /wind-breaker-chapter-497/ HTTP/1.1" 200 0 "-" "WP Rocket/Preload"
162.0.232.193 - - [17/Jun/2025:10:12:09 -0400] "GET /wind-breaker-chapter-497/ HTTP/1.1" 200 0 "-" "WP Rocket/Preload Mozilla/5.0 (iPhone; CPU iPhone OS 9_1 like Mac OS X) AppleWebKit/601.1.46 (KHTML, like Gecko) Version/9.0 Mobile/13B143 Safari/601.1"
162.0.232.193 - - [17/Jun/2025:10:12:11 -0400] "GET /wind-breaker-chapter-493/ HTTP/1.1" 200 0 "-" "WP Rocket/Preload"
162.0.232.193 - - [17/Jun/2025:10:12:12 -0400] "GET /wind-breaker-chapter-493/ HTTP/1.1" 200 0 "-" "WP Rocket/Preload Mozilla/5.0 (iPhone; CPU iPhone OS 9_1 like Mac OS X) AppleWebKit/601.1.46 (KHTML, like Gecko) Version/9.0 Mobile/13B143 Safari/601.1"
162.0.232.193 - - [17/Jun/2025:10:12:14 -0400] "GET /wind-breaker-chapter-454/ HTTP/1.1" 200 0 "-" "WP Rocket/Preload"
162.0.232.193 - - [17/Jun/2025:10:12:15 -0400] "GET /wind-breaker-chapter-454/ HTTP/1.1" 200 0 "-" "WP Rocket/Preload Mozilla/5.0 (iPhone; CPU iPhone OS 9_1 like Mac OS X) AppleWebKit/601.1.46 (KHTML, like Gecko) Version/9.0 Mobile/13B143 Safari/601.1"
162.0.232.193 - - [17/Jun/2025:10:12:17 -0400] "GET /wind-breaker-chapter-508/ HTTP/1.1" 200 0 "-" "WP Rocket/Preload"
162.0.232.193 - - [17/Jun/2025:10:12:19 -0400] "GET /wind-breaker-chapter-508/ HTTP/1.1" 200 0 "-" "WP Rocket/Preload Mozilla/5.0 (iPhone; CPU iPhone OS 9_1 like Mac OS X) AppleWebKit/601.1.46 (KHTML, like Gecko) Version/9.0 Mobile/13B143 Safari/601.1"
162.0.232.193 - - [17/Jun/2025:10:12:20 -0400] "GET /wind-breaker-chapter-457/ HTTP/1.1" 200 0 "-" "WP Rocket/Preload"
162.0.232.193 - - [17/Jun/2025:10:12:22 -0400] "GET /wind-breaker-chapter-457/ HTTP/1.1" 200 0 "-" "WP Rocket/Preload Mozilla/5.0 (iPhone; CPU iPhone OS 9_1 like Mac OS X) AppleWebKit/601.1.46 (KHTML, like Gecko) Version/9.0 Mobile/13B143 Safari/601.1"
162.0.232.193 - - [17/Jun/2025:10:12:30 -0400] "POST /wp-cron.php?doing_wp_cron=1750169550.1764938831329345703125 HTTP/1.1" 200 0 "-" "WordPress/6.8.1; https://read11.windbreakermanga.com"
162.0.232.193 - - [17/Jun/2025:10:12:33 -0400] "GET /chapter-390/ HTTP/1.1" 200 0 "-" "WP Rocket/Preload"
162.0.232.193 - - [17/Jun/2025:10:12:34 -0400] "GET /chapter-390/ HTTP/1.1" 200 0 "-" "WP Rocket/Preload Mozilla/5.0 (iPhone; CPU iPhone OS 9_1 like Mac OS X) AppleWebKit/601.1.46 (KHTML, like Gecko) Version/9.0 Mobile/13B143 Safari/601.1"
162.0.232.193 - - [17/Jun/2025:10:12:36 -0400] "GET /chapter-413/ HTTP/1.1" 200 0 "-" "WP Rocket/Preload"
162.0.232.193 - - [17/Jun/2025:10:12:38 -0400] "GET /chapter-413/ HTTP/1.1" 200 0 "-" "WP Rocket/Preload Mozilla/5.0 (iPhone; CPU iPhone OS 9_1 like Mac OS X) AppleWebKit/601.1.46 (KHTML, like Gecko) Version/9.0 Mobile/13B143 Safari/601.1"
162.0.232.193 - - [17/Jun/2025:10:12:39 -0400] "GET /chapter-430/ HTTP/1.1" 200 0 "-" "WP Rocket/Preload"
162.0.232.193 - - [17/Jun/2025:10:12:41 -0400] "GET /chapter-430/ HTTP/1.1" 200 0 "-" "WP Rocket/Preload Mozilla/5.0 (iPhone; CPU iPhone OS 9_1 like Mac OS X) AppleWebKit/601.1.46 (KHTML, like Gecko) Version/9.0 Mobile/13B143 Safari/601.1"
162.0.232.193 - - [17/Jun/2025:10:12:43 -0400] "GET /chapter-409/ HTTP/1.1" 200 0 "-" "WP Rocket/Preload"
162.0.232.193 - - [17/Jun/2025:10:12:44 -0400] "GET /chapter-409/ HTTP/1.1" 200 0 "-" "WP Rocket/Preload Mozilla/5.0 (iPhone; CPU iPhone OS 9_1 like Mac OS X) AppleWebKit/601.1.46 (KHTML, like Gecko) Version/9.0 Mobile/13B143 Safari/601.1"
162.0.232.193 - - [17/Jun/2025:10:12:46 -0400] "GET /wind-breaker-chapter-370/ HTTP/1.1" 200 0 "-" "WP Rocket/Preload"
51.222.71.146 - - [17/Jun/2025:10:12:46 -0400] "POST /xmlrpc.php HTTP/1.1" 200 205 "-" "Mozilla/5.0 (X11; Ubuntu; Linux x86_64; rv:85.0) Gecko/20100101 Firefox/91.0"
162.0.232.193 - - [17/Jun/2025:10:12:47 -0400] "GET /wind-breaker-chapter-370/ HTTP/1.1" 200 0 "-" "WP Rocket/Preload Mozilla/5.0 (iPhone; CPU iPhone OS 9_1 like Mac OS X) AppleWebKit/601.1.46 (KHTML, like Gecko) Version/9.0 Mobile/13B143 Safari/601.1"
162.0.232.193 - - [17/Jun/2025:10:12:50 -0400] "GET /chapter-414/ HTTP/1.1" 200 0 "-" "WP Rocket/Preload"
162.0.232.193 - - [17/Jun/2025:10:12:51 -0400] "GET /chapter-414/ HTTP/1.1" 200 0 "-" "WP Rocket/Preload Mozilla/5.0 (iPhone; CPU iPhone OS 9_1 like Mac OS X) AppleWebKit/601.1.46 (KHTML, like Gecko) Version/9.0 Mobile/13B143 Safari/601.1"
2602:fb54:372:: - - [17/Jun/2025:10:12:48 -0400] "GET /wp-admin/admin-wolf.php HTTP/1.1" 302 0 "www.google.com" "Mozilla/5.0 (Linux; Android 7.0; SM-G892A Build/NRD90M; wv) AppleWebKit/537.36 (KHTML, like Gecko) Version/4.0 Chrome/60.0.3112.107 Mobile Safari/537.36"
162.0.232.193 - - [17/Jun/2025:10:12:55 -0400] "POST /wp-cron.php?doing_wp_cron=1750169575.2771739959716796875000 HTTP/1.1" 200 0 "-" "WordPress/6.8.1; https://read11.windbreakermanga.com"
2602:fb54:372:: - - [17/Jun/2025:10:12:53 -0400] "GET /wp-login.php?redirect_to=https%3A%2F%2Fread11.windbreakermanga.com%2Fwp-admin%2Fadmin-wolf.php&reauth=1 HTTP/1.1" 200 1891 "www.google.com" "Mozilla/5.0 (Linux; Android 7.0; SM-G892A Build/NRD90M; wv) AppleWebKit/537.36 (KHTML, like Gecko) Version/4.0 Chrome/60.0.3112.107 Mobile Safari/537.36"
47.128.96.135 - - [17/Jun/2025:10:13:02 -0400] "GET / HTTP/1.1" 200 12649 "-" "Mozilla/5.0 (Linux; Android 5.0) AppleWebKit/537.36 (KHTML, like Gecko) Mobile Safari/537.36 (compatible; TikTokSpider; [email protected])"
