162.0.232.193 - - [17/Jun/2025:13:23:15 -0400] "POST /wp-cron.php?doing_wp_cron=1750180994.9824869632720947265625 HTTP/1.1" 200 0 "-" "WordPress/6.8.1; https://read11.windbreakermanga.com"
162.0.232.193 - - [17/Jun/2025:13:23:17 -0400] "POST /wp-cron.php?doing_wp_cron=1750180996.3992888927459716796875 HTTP/1.1" 200 0 "-" "WordPress/6.8.1; https://read11.windbreakermanga.com"
162.0.232.193 - - [17/Jun/2025:13:23:24 -0400] "GET /wind-breaker-chapter-40/ HTTP/1.1" 200 12190 "-" "WP Rocket/Preload"
162.0.232.193 - - [17/Jun/2025:13:23:33 -0400] "GET /wind-breaker-chapter-40/ HTTP/1.1" 200 0 "-" "WP Rocket/Preload Mozilla/5.0 (iPhone; CPU iPhone OS 9_1 like Mac OS X) AppleWebKit/601.1.46 (KHTML, like Gecko) Version/9.0 Mobile/13B143 Safari/601.1"
114.119.151.50 - - [17/Jun/2025:13:23:24 -0400] "GET /category/manga/page/53/ HTTP/1.1" 200 12250 "https://read10.windbreakermanga.com/category/manga/page/52/" "Mozilla/5.0 (Linux; Android 7.0;) AppleWebKit/537.36 (KHTML, like Gecko) Mobile Safari/537.36 (compatible; PetalBot;+https://webmaster.petalsearch.com/site/petalbot)"
162.0.232.193 - - [17/Jun/2025:13:23:43 -0400] "POST /wp-cron.php?doing_wp_cron=1750181022.4856779575347900390625 HTTP/1.1" 200 0 "-" "WordPress/6.8.1; https://read11.windbreakermanga.com"
162.0.232.193 - - [17/Jun/2025:13:23:47 -0400] "GET /wind-breaker-chapter-1/ HTTP/1.1" 200 0 "-" "WP Rocket/Preload"
162.0.232.193 - - [17/Jun/2025:13:23:48 -0400] "GET /wind-breaker-chapter-1/ HTTP/1.1" 200 0 "-" "WP Rocket/Preload Mozilla/5.0 (iPhone; CPU iPhone OS 9_1 like Mac OS X) AppleWebKit/601.1.46 (KHTML, like Gecko) Version/9.0 Mobile/13B143 Safari/601.1"
162.0.232.193 - - [17/Jun/2025:13:23:50 -0400] "GET /wind-breaker-chapter-155/ HTTP/1.1" 200 0 "-" "WP Rocket/Preload"
162.0.232.193 - - [17/Jun/2025:13:23:52 -0400] "GET /wind-breaker-chapter-155/ HTTP/1.1" 200 0 "-" "WP Rocket/Preload Mozilla/5.0 (iPhone; CPU iPhone OS 9_1 like Mac OS X) AppleWebKit/601.1.46 (KHTML, like Gecko) Version/9.0 Mobile/13B143 Safari/601.1"
162.0.232.193 - - [17/Jun/2025:13:23:53 -0400] "GET /wind-breaker-chapter-21/ HTTP/1.1" 200 0 "-" "WP Rocket/Preload"
162.0.232.193 - - [17/Jun/2025:13:23:55 -0400] "GET /wind-breaker-chapter-21/ HTTP/1.1" 200 0 "-" "WP Rocket/Preload Mozilla/5.0 (iPhone; CPU iPhone OS 9_1 like Mac OS X) AppleWebKit/601.1.46 (KHTML, like Gecko) Version/9.0 Mobile/13B143 Safari/601.1"
162.0.232.193 - - [17/Jun/2025:13:23:57 -0400] "GET /wind-breaker-chapter-551/ HTTP/1.1" 200 0 "-" "WP Rocket/Preload"
162.0.232.193 - - [17/Jun/2025:13:23:59 -0400] "GET /wind-breaker-chapter-551/ HTTP/1.1" 200 0 "-" "WP Rocket/Preload Mozilla/5.0 (iPhone; CPU iPhone OS 9_1 like Mac OS X) AppleWebKit/601.1.46 (KHTML, like Gecko) Version/9.0 Mobile/13B143 Safari/601.1"
162.0.232.193 - - [17/Jun/2025:13:24:00 -0400] "GET /wind-breaker-chapter-78/ HTTP/1.1" 200 0 "-" "WP Rocket/Preload"
162.0.232.193 - - [17/Jun/2025:13:24:02 -0400] "GET /wind-breaker-chapter-78/ HTTP/1.1" 200 0 "-" "WP Rocket/Preload Mozilla/5.0 (iPhone; CPU iPhone OS 9_1 like Mac OS X) AppleWebKit/601.1.46 (KHTML, like Gecko) Version/9.0 Mobile/13B143 Safari/601.1"
162.0.232.193 - - [17/Jun/2025:13:24:15 -0400] "POST /wp-cron.php?doing_wp_cron=1750181054.7754719257354736328125 HTTP/1.1" 200 0 "-" "WordPress/6.8.1; https://read11.windbreakermanga.com"
2a03:2880:f800:3:: - - [17/Jun/2025:13:24:10 -0400] "GET /shopdetail/98240644 HTTP/1.1" 301 0 "-" "meta-externalagent/1.1 (+https://developers.facebook.com/docs/sharing/webmasters/crawler)"
2a03:2880:f800:f:: - - [17/Jun/2025:13:24:12 -0400] "GET /shopdetail/98248204 HTTP/1.1" 301 0 "-" "meta-externalagent/1.1 (+https://developers.facebook.com/docs/sharing/webmasters/crawler)"
162.0.232.193 - - [17/Jun/2025:13:24:24 -0400] "GET /wp-content/uploads/f979bbbcbe9df560cb74049269d2541e_4104.xml HTTP/1.1" 200 2276 "-" "Mozilla/5.0 (X11; Linux x86_64) AppleWebKit/537.36 (KHTML, like Gecko) Ubuntu Chromium/41.0.2272.76"
2a03:2880:f800:3:: - - [17/Jun/2025:13:24:37 -0400] "GET /shopdetail/98254092 HTTP/1.1" 301 0 "-" "meta-externalagent/1.1 (+https://developers.facebook.com/docs/sharing/webmasters/crawler)"
114.119.129.189 - - [17/Jun/2025:13:24:46 -0400] "GET /wind-breaker-chapter-101/ HTTP/1.1" 200 12241 "https://read10.windbreakermanga.com/tag/windbreaker-manga/" "Mozilla/5.0 (Linux; Android 7.0;) AppleWebKit/537.36 (KHTML, like Gecko) Mobile Safari/537.36 (compatible; PetalBot;+https://webmaster.petalsearch.com/site/petalbot)"
51.210.60.82 - - [17/Jun/2025:13:24:38 -0400] "POST /xmlrpc.php HTTP/1.1" 200 186 "https://read11.windbreakermanga.com" "Mozilla/5.0 (Macintosh; Intel Mac OS X 10_15_7; rv:126.0) Gecko/20100101 Firefox/126.0"
47.82.62.4 - - [17/Jun/2025:13:24:52 -0400] "GET /category/manga/page/41/ HTTP/1.1" 200 10191 "https://read11.windbreakermanga.com/category/manga/page/41/" "Mozilla/5.0 (Windows NT 10.0; Win64; x64) AppleWebKit/537.36 (KHTML, like Gecko) Chrome/114.0.0.0 Safari/537.36 Edg/114.0.1823.43"
162.0.232.193 - - [17/Jun/2025:13:25:15 -0400] "POST /wp-cron.php?doing_wp_cron=1750181115.2916760444641113281250 HTTP/1.1" 200 0 "-" "WordPress/6.8.1; https://read11.windbreakermanga.com"
162.0.232.193 - - [17/Jun/2025:13:25:16 -0400] "POST /wp-cron.php?doing_wp_cron=1750181115.6888990402221679687500 HTTP/1.1" 200 0 "-" "WordPress/6.8.1; https://read11.windbreakermanga.com"
162.0.232.193 - - [17/Jun/2025:13:25:16 -0400] "POST /wp-cron.php?doing_wp_cron=1750181115.5867369174957275390625 HTTP/1.1" 200 0 "-" "WordPress/6.8.1; https://read11.windbreakermanga.com"
162.0.232.193 - - [17/Jun/2025:13:25:17 -0400] "POST /wp-cron.php?doing_wp_cron=1750181116.7821159362792968750000 HTTP/1.1" 200 0 "-" "WordPress/6.8.1; https://read11.windbreakermanga.com"
162.0.232.193 - - [17/Jun/2025:13:25:19 -0400] "POST /wp-cron.php?doing_wp_cron=1750181118.4791140556335449218750 HTTP/1.1" 200 0 "-" "WordPress/6.8.1; https://read11.windbreakermanga.com"
47.82.61.124 - - [17/Jun/2025:13:25:27 -0400] "GET /wind-breaker-chapter-498/ HTTP/1.1" 200 11987 "https://read11.windbreakermanga.com/wind-breaker-chapter-498/" "Mozilla/5.0 (Windows NT 10.0; Win64; x64) AppleWebKit/537.36 (KHTML, like Gecko) Chrome/114.0.0.0 Safari/537.36 Edg/114.0.1823.43"
2a03:2880:f800:1b:: - - [17/Jun/2025:13:25:25 -0400] "GET /shopdetail/98202772 HTTP/1.1" 301 0 "-" "meta-externalagent/1.1 (+https://developers.facebook.com/docs/sharing/webmasters/crawler)"
162.0.232.193 - - [17/Jun/2025:13:25:31 -0400] "POST /wp-cron.php?doing_wp_cron=1750181130.5927090644836425781250 HTTP/1.1" 200 0 "-" "WordPress/6.8.1; https://read11.windbreakermanga.com"
162.0.232.193 - - [17/Jun/2025:13:25:24 -0400] "GET /wind-breaker-chapter-154/ HTTP/1.1" 200 12278 "-" "WP Rocket/Preload"
162.0.232.193 - - [17/Jun/2025:13:25:39 -0400] "GET /wind-breaker-chapter-154/ HTTP/1.1" 200 0 "-" "WP Rocket/Preload Mozilla/5.0 (iPhone; CPU iPhone OS 9_1 like Mac OS X) AppleWebKit/601.1.46 (KHTML, like Gecko) Version/9.0 Mobile/13B143 Safari/601.1"
162.0.232.193 - - [17/Jun/2025:13:25:42 -0400] "POST /wp-cron.php?doing_wp_cron=1750181142.4899148941040039062500 HTTP/1.1" 200 0 "-" "WordPress/6.8.1; https://read11.windbreakermanga.com"
114.119.129.189 - - [17/Jun/2025:13:25:58 -0400] "GET /tag/chapter/ HTTP/1.1" 301 0 "https://read10.windbreakermanga.com/wind-breaker/" "Mozilla/5.0 (Linux; Android 7.0;) AppleWebKit/537.36 (KHTML, like Gecko) Mobile Safari/537.36 (compatible; PetalBot;+https://webmaster.petalsearch.com/site/petalbot)"
114.119.129.189 - - [17/Jun/2025:13:26:13 -0400] "GET / HTTP/1.1" 200 12638 "https://read10.windbreakermanga.com/wind-breaker/" "Mozilla/5.0 (Linux; Android 7.0;) AppleWebKit/537.36 (KHTML, like Gecko) Mobile Safari/537.36 (compatible; PetalBot;+https://webmaster.petalsearch.com/site/petalbot)"
162.0.232.193 - - [17/Jun/2025:13:26:14 -0400] "POST /wp-cron.php?doing_wp_cron=1750181173.9848039150238037109375 HTTP/1.1" 200 0 "-" "WordPress/6.8.1; https://read11.windbreakermanga.com"
47.82.61.140 - - [17/Jun/2025:13:26:25 -0400] "GET /wind-breaker-chapter-492/ HTTP/1.1" 200 11951 "https://read11.windbreakermanga.com/wind-breaker-chapter-492/" "Mozilla/5.0 (Windows NT 10.0; Win64; x64) AppleWebKit/537.36 (KHTML, like Gecko) Chrome/114.0.0.0 Safari/537.36 Edg/114.0.1823.43"
162.0.232.193 - - [17/Jun/2025:13:26:26 -0400] "POST /wp-cron.php?doing_wp_cron=1750181184.9778120517730712890625 HTTP/1.1" 200 0 "-" "WordPress/6.8.1; https://read11.windbreakermanga.com"
162.0.232.193 - - [17/Jun/2025:13:26:30 -0400] "GET /wind-breaker-chapter-122/ HTTP/1.1" 200 0 "-" "WP Rocket/Preload"
162.0.232.193 - - [17/Jun/2025:13:26:32 -0400] "GET /wind-breaker-chapter-122/ HTTP/1.1" 200 0 "-" "WP Rocket/Preload Mozilla/5.0 (iPhone; CPU iPhone OS 9_1 like Mac OS X) AppleWebKit/601.1.46 (KHTML, like Gecko) Version/9.0 Mobile/13B143 Safari/601.1"
162.0.232.193 - - [17/Jun/2025:13:26:34 -0400] "GET /wind-breaker-chapter-22/ HTTP/1.1" 200 0 "-" "WP Rocket/Preload"
162.0.232.193 - - [17/Jun/2025:13:26:36 -0400] "GET /wind-breaker-chapter-22/ HTTP/1.1" 200 0 "-" "WP Rocket/Preload Mozilla/5.0 (iPhone; CPU iPhone OS 9_1 like Mac OS X) AppleWebKit/601.1.46 (KHTML, like Gecko) Version/9.0 Mobile/13B143 Safari/601.1"
162.0.232.193 - - [17/Jun/2025:13:26:38 -0400] "GET /wind-breaker-chapter-82/ HTTP/1.1" 200 0 "-" "WP Rocket/Preload"
162.0.232.193 - - [17/Jun/2025:13:26:39 -0400] "GET /wind-breaker-chapter-82/ HTTP/1.1" 200 0 "-" "WP Rocket/Preload Mozilla/5.0 (iPhone; CPU iPhone OS 9_1 like Mac OS X) AppleWebKit/601.1.46 (KHTML, like Gecko) Version/9.0 Mobile/13B143 Safari/601.1"
47.82.62.8 - - [17/Jun/2025:13:26:41 -0400] "GET /wind-breaker-chapter-302/ HTTP/1.1" 200 12948 "https://read11.windbreakermanga.com/wind-breaker-chapter-302/" "Mozilla/5.0 (Windows NT 10.0; Win64; x64) AppleWebKit/537.36 (KHTML, like Gecko) Chrome/114.0.0.0 Safari/537.36 Edg/114.0.1823.43"
47.82.61.136 - - [17/Jun/2025:13:26:51 -0400] "GET /wind-breaker-chapter-485/ HTTP/1.1" 200 11953 "https://read11.windbreakermanga.com/wind-breaker-chapter-485/" "Mozilla/5.0 (Windows NT 10.0; Win64; x64) AppleWebKit/537.36 (KHTML, like Gecko) Chrome/114.0.0.0 Safari/537.36 Edg/114.0.1823.43"
162.0.232.193 - - [17/Jun/2025:13:26:41 -0400] "GET /wind-breaker-chapter-23/ HTTP/1.1" 200 11779 "-" "WP Rocket/Preload"
160.30.113.129 - - [17/Jun/2025:13:26:46 -0400] "POST /xmlrpc.php HTTP/1.1" 200 186 "https://read11.windbreakermanga.com" "Mozilla/5.0 (Windows NT 10.0; Win64; x64) AppleWebKit/537.36 (KHTML, like Gecko) Chrome/112.0.5615.138 Safari/537.36"
162.0.232.193 - - [17/Jun/2025:13:26:56 -0400] "GET /wind-breaker-chapter-23/ HTTP/1.1" 200 0 "-" "WP Rocket/Preload Mozilla/5.0 (iPhone; CPU iPhone OS 9_1 like Mac OS X) AppleWebKit/601.1.46 (KHTML, like Gecko) Version/9.0 Mobile/13B143 Safari/601.1"
47.82.60.78 - - [17/Jun/2025:13:26:58 -0400] "GET /wind-breaker-chapter-476/ HTTP/1.1" 200 11747 "https://read11.windbreakermanga.com/wind-breaker-chapter-476/" "Mozilla/5.0 (Windows NT 10.0; Win64; x64) AppleWebKit/537.36 (KHTML, like Gecko) Chrome/114.0.0.0 Safari/537.36 Edg/114.0.1823.43"
162.0.232.193 - - [17/Jun/2025:13:27:02 -0400] "POST /wp-cron.php?doing_wp_cron=1750181222.0957069396972656250000 HTTP/1.1" 200 0 "-" "WordPress/6.8.1; https://read11.windbreakermanga.com"
162.0.232.193 - - [17/Jun/2025:13:27:13 -0400] "POST /wp-cron.php?doing_wp_cron=1750181232.6806008815765380859375 HTTP/1.1" 200 0 "-" "WordPress/6.8.1; https://read11.windbreakermanga.com"
216.244.66.250 - - [17/Jun/2025:13:27:23 -0400] "GET /wind-breaker-chapter-136/ HTTP/1.1" 200 12283 "-" "Mozilla/5.0 (compatible; DotBot/1.2; +https://opensiteexplorer.org/dotbot; [email protected])"
162.0.232.193 - - [17/Jun/2025:13:27:27 -0400] "POST /wp-cron.php?doing_wp_cron=1750181246.9794709682464599609375 HTTP/1.1" 200 0 "-" "WordPress/6.8.1; https://read11.windbreakermanga.com"
162.0.232.193 - - [17/Jun/2025:13:27:30 -0400] "GET /wind-breaker-chapter-120/ HTTP/1.1" 200 0 "-" "WP Rocket/Preload"
162.0.232.193 - - [17/Jun/2025:13:27:32 -0400] "GET /wind-breaker-chapter-120/ HTTP/1.1" 200 0 "-" "WP Rocket/Preload Mozilla/5.0 (iPhone; CPU iPhone OS 9_1 like Mac OS X) AppleWebKit/601.1.46 (KHTML, like Gecko) Version/9.0 Mobile/13B143 Safari/601.1"
216.73.216.244 - - [17/Jun/2025:13:27:33 -0400] "GET /sitemap-subitems-697.xml HTTP/1.1" 200 10122 "-" "Mozilla/5.0 AppleWebKit/537.36 (KHTML, like Gecko; compatible; ClaudeBot/1.0; [email protected])"
162.0.232.193 - - [17/Jun/2025:13:27:33 -0400] "GET /wind-breaker-chapter-42/ HTTP/1.1" 200 0 "-" "WP Rocket/Preload"
216.73.216.244 - - [17/Jun/2025:13:27:33 -0400] "GET /sitemap-subitems-300.xml HTTP/1.1" 200 9929 "-" "Mozilla/5.0 AppleWebKit/537.36 (KHTML, like Gecko; compatible; ClaudeBot/1.0; [email protected])"
162.0.232.193 - - [17/Jun/2025:13:27:35 -0400] "GET /wind-breaker-chapter-42/ HTTP/1.1" 200 0 "-" "WP Rocket/Preload Mozilla/5.0 (iPhone; CPU iPhone OS 9_1 like Mac OS X) AppleWebKit/601.1.46 (KHTML, like Gecko) Version/9.0 Mobile/13B143 Safari/601.1"
162.0.232.193 - - [17/Jun/2025:13:27:37 -0400] "GET /wind-breaker-chapter-9/ HTTP/1.1" 200 0 "-" "WP Rocket/Preload"
162.0.232.193 - - [17/Jun/2025:13:27:38 -0400] "GET /wind-breaker-chapter-9/ HTTP/1.1" 200 0 "-" "WP Rocket/Preload Mozilla/5.0 (iPhone; CPU iPhone OS 9_1 like Mac OS X) AppleWebKit/601.1.46 (KHTML, like Gecko) Version/9.0 Mobile/13B143 Safari/601.1"
162.0.232.193 - - [17/Jun/2025:13:27:40 -0400] "GET /wind-breaker-chapter-4/ HTTP/1.1" 200 0 "-" "WP Rocket/Preload"
162.0.232.193 - - [17/Jun/2025:13:27:42 -0400] "GET /wind-breaker-chapter-4/ HTTP/1.1" 200 0 "-" "WP Rocket/Preload Mozilla/5.0 (iPhone; CPU iPhone OS 9_1 like Mac OS X) AppleWebKit/601.1.46 (KHTML, like Gecko) Version/9.0 Mobile/13B143 Safari/601.1"
162.0.232.193 - - [17/Jun/2025:13:27:44 -0400] "GET /wind-breaker-chapter-160/ HTTP/1.1" 200 0 "-" "WP Rocket/Preload"
2a03:2880:f800:1a:: - - [17/Jun/2025:13:27:45 -0400] "GET / HTTP/1.1" 200 12660 "-" "meta-externalagent/1.1 (+https://developers.facebook.com/docs/sharing/webmasters/crawler)"
162.0.232.193 - - [17/Jun/2025:13:27:45 -0400] "GET /wind-breaker-chapter-160/ HTTP/1.1" 200 0 "-" "WP Rocket/Preload Mozilla/5.0 (iPhone; CPU iPhone OS 9_1 like Mac OS X) AppleWebKit/601.1.46 (KHTML, like Gecko) Version/9.0 Mobile/13B143 Safari/601.1"
162.0.232.193 - - [17/Jun/2025:13:27:51 -0400] "POST /wp-cron.php?doing_wp_cron=1750181271.2906529903411865234375 HTTP/1.1" 200 0 "-" "WordPress/6.8.1; https://read11.windbreakermanga.com"
178.128.55.15 - - [17/Jun/2025:13:27:58 -0400] "GET //wp-includes/wlwmanifest.xml HTTP/1.1" 301 0 "-" "Mozilla/5.0 (Windows NT 10.0; Win64; x64) AppleWebKit/537.36 (KHTML, like Gecko) Chrome/89.0.4389.114 Safari/537.36"
178.128.55.15 - - [17/Jun/2025:13:28:05 -0400] "GET / HTTP/1.1" 200 12660 "-" "Mozilla/5.0 (Windows NT 10.0; Win64; x64) AppleWebKit/537.36 (KHTML, like Gecko) Chrome/89.0.4389.114 Safari/537.36"
162.0.232.193 - - [17/Jun/2025:13:28:11 -0400] "POST /wp-cron.php?doing_wp_cron=1750181291.3800790309906005859375 HTTP/1.1" 200 0 "-" "WordPress/6.8.1; https://read11.windbreakermanga.com"
178.128.55.15 - - [17/Jun/2025:13:28:05 -0400] "GET //?author=1 HTTP/1.1" 301 0 "-" "Mozilla/5.0 (Windows NT 10.0; Win64; x64) AppleWebKit/537.36 (KHTML, like Gecko) Chrome/89.0.4389.114 Safari/537.36"
178.128.55.15 - - [17/Jun/2025:13:28:12 -0400] "GET //?author=2 HTTP/1.1" 301 0 "-" "Mozilla/5.0 (Windows NT 10.0; Win64; x64) AppleWebKit/537.36 (KHTML, like Gecko) Chrome/89.0.4389.114 Safari/537.36"
162.0.232.193 - - [17/Jun/2025:13:28:19 -0400] "GET /wp-content/uploads/f979bbbcbe9df560cb74049269d2541e_4104.xml HTTP/1.1" 200 2276 "-" "Mozilla/5.0 (X11; Linux x86_64) AppleWebKit/537.36 (KHTML, like Gecko) Ubuntu Chromium/41.0.2272.76"
178.128.55.15 - - [17/Jun/2025:13:28:17 -0400] "GET //?author=3 HTTP/1.1" 301 0 "-" "Mozilla/5.0 (Windows NT 10.0; Win64; x64) AppleWebKit/537.36 (KHTML, like Gecko) Chrome/89.0.4389.114 Safari/537.36"
178.128.55.15 - - [17/Jun/2025:13:28:21 -0400] "GET //wp-json/wp/v2/users/ HTTP/1.1" 200 6725 "-" "Mozilla/5.0 (Windows NT 10.0; Win64; x64) AppleWebKit/537.36 (KHTML, like Gecko) Chrome/89.0.4389.114 Safari/537.36"
178.128.55.15 - - [17/Jun/2025:13:28:33 -0400] "GET //wp-json/oembed/1.0/embed?url=https://read11.windbreakermanga.com/ HTTP/1.1" 200 2527 "-" "Mozilla/5.0 (Windows NT 10.0; Win64; x64) AppleWebKit/537.36 (KHTML, like Gecko) Chrome/89.0.4389.114 Safari/537.36"
47.82.61.124 - - [17/Jun/2025:13:28:38 -0400] "GET /category/wind-breaker-webtoon/page/6/ HTTP/1.1" 200 13142 "https://read11.windbreakermanga.com/category/wind-breaker-webtoon/page/6/" "Mozilla/5.0 (Windows NT 10.0; Win64; x64) AppleWebKit/537.36 (KHTML, like Gecko) Chrome/114.0.0.0 Safari/537.36 Edg/114.0.1823.43"
47.82.62.33 - - [17/Jun/2025:13:28:45 -0400] "GET /category/manga/page/39/ HTTP/1.1" 200 12294 "https://read11.windbreakermanga.com/category/manga/page/39/" "Mozilla/5.0 (Windows NT 10.0; Win64; x64) AppleWebKit/537.36 (KHTML, like Gecko) Chrome/114.0.0.0 Safari/537.36 Edg/114.0.1823.43"
47.82.61.210 - - [17/Jun/2025:13:28:56 -0400] "GET /wind-breaker-chapter-275/ HTTP/1.1" 200 12470 "https://read11.windbreakermanga.com/wind-breaker-chapter-275/" "Mozilla/5.0 (Windows NT 10.0; Win64; x64) AppleWebKit/537.36 (KHTML, like Gecko) Chrome/114.0.0.0 Safari/537.36 Edg/114.0.1823.43"
51.81.240.50 - - [17/Jun/2025:13:28:53 -0400] "POST /xmlrpc.php HTTP/1.1" 200 186 "https://read11.windbreakermanga.com" "Mozilla/5.0 (Macintosh; Intel Mac OS X 13_3) AppleWebKit/537.36 (KHTML, like Gecko) Chrome/126.0.0.0 Safari/537.36"
162.0.232.193 - - [17/Jun/2025:13:29:13 -0400] "POST /wp-cron.php?doing_wp_cron=1750181352.4790260791778564453125 HTTP/1.1" 200 0 "-" "WordPress/6.8.1; https://read11.windbreakermanga.com"
162.0.232.193 - - [17/Jun/2025:13:29:13 -0400] "POST /wp-cron.php?doing_wp_cron=1750181353.4829249382019042968750 HTTP/1.1" 200 0 "-" "WordPress/6.8.1; https://read11.windbreakermanga.com"
162.0.232.193 - - [17/Jun/2025:13:29:15 -0400] "POST /wp-cron.php?doing_wp_cron=1750181355.3758730888366699218750 HTTP/1.1" 200 0 "-" "WordPress/6.8.1; https://read11.windbreakermanga.com"
162.0.232.193 - - [17/Jun/2025:13:29:15 -0400] "POST /wp-cron.php?doing_wp_cron=1750181355.0831298828125000000000 HTTP/1.1" 200 0 "-" "WordPress/6.8.1; https://read11.windbreakermanga.com"
2a03:2880:f800:16:: - - [17/Jun/2025:13:29:18 -0400] "GET /shopdetail/98197448 HTTP/1.1" 301 0 "-" "meta-externalagent/1.1 (+https://developers.facebook.com/docs/sharing/webmasters/crawler)"
162.0.232.193 - - [17/Jun/2025:13:29:21 -0400] "GET /wind-breaker-chapter-35/ HTTP/1.1" 200 12181 "-" "WP Rocket/Preload"
162.0.232.193 - - [17/Jun/2025:13:29:31 -0400] "GET /wind-breaker-chapter-35/ HTTP/1.1" 200 0 "-" "WP Rocket/Preload Mozilla/5.0 (iPhone; CPU iPhone OS 9_1 like Mac OS X) AppleWebKit/601.1.46 (KHTML, like Gecko) Version/9.0 Mobile/13B143 Safari/601.1"
2a03:2880:f800:13:: - - [17/Jun/2025:13:29:29 -0400] "GET /shopdetail/98205616 HTTP/1.1" 301 0 "-" "meta-externalagent/1.1 (+https://developers.facebook.com/docs/sharing/webmasters/crawler)"
162.0.232.193 - - [17/Jun/2025:13:29:39 -0400] "POST /wp-cron.php?doing_wp_cron=1750181378.3786160945892333984375 HTTP/1.1" 200 0 "-" "WordPress/6.8.1; https://read11.windbreakermanga.com"
162.0.232.193 - - [17/Jun/2025:13:29:43 -0400] "GET /wind-breaker-chapter-25/ HTTP/1.1" 200 0 "-" "WP Rocket/Preload"
162.0.232.193 - - [17/Jun/2025:13:29:45 -0400] "GET /wind-breaker-chapter-25/ HTTP/1.1" 200 0 "-" "WP Rocket/Preload Mozilla/5.0 (iPhone; CPU iPhone OS 9_1 like Mac OS X) AppleWebKit/601.1.46 (KHTML, like Gecko) Version/9.0 Mobile/13B143 Safari/601.1"
162.0.232.193 - - [17/Jun/2025:13:29:47 -0400] "GET /wind-breaker-chapter-102/ HTTP/1.1" 200 12283 "-" "WP Rocket/Preload"
162.0.232.193 - - [17/Jun/2025:13:29:48 -0400] "GET /wind-breaker-chapter-102/ HTTP/1.1" 200 0 "-" "WP Rocket/Preload Mozilla/5.0 (iPhone; CPU iPhone OS 9_1 like Mac OS X) AppleWebKit/601.1.46 (KHTML, like Gecko) Version/9.0 Mobile/13B143 Safari/601.1"
162.0.232.193 - - [17/Jun/2025:13:29:50 -0400] "GET /wind-breaker-chapter-49/ HTTP/1.1" 200 12266 "-" "WP Rocket/Preload"
162.0.232.193 - - [17/Jun/2025:13:29:52 -0400] "GET /wind-breaker-chapter-49/ HTTP/1.1" 200 0 "-" "WP Rocket/Preload Mozilla/5.0 (iPhone; CPU iPhone OS 9_1 like Mac OS X) AppleWebKit/601.1.46 (KHTML, like Gecko) Version/9.0 Mobile/13B143 Safari/601.1"
162.0.232.193 - - [17/Jun/2025:13:29:54 -0400] "GET /wind-breaker-chapter-12/ HTTP/1.1" 200 0 "-" "WP Rocket/Preload"
162.0.232.193 - - [17/Jun/2025:13:29:55 -0400] "GET /wind-breaker-chapter-12/ HTTP/1.1" 200 0 "-" "WP Rocket/Preload Mozilla/5.0 (iPhone; CPU iPhone OS 9_1 like Mac OS X) AppleWebKit/601.1.46 (KHTML, like Gecko) Version/9.0 Mobile/13B143 Safari/601.1"
162.0.232.193 - - [17/Jun/2025:13:29:58 -0400] "GET /wind-breaker-chapter-115/ HTTP/1.1" 200 0 "-" "WP Rocket/Preload"
2a03:2880:f800:f:: - - [17/Jun/2025:13:29:53 -0400] "GET /shopdetail/98185036 HTTP/1.1" 301 0 "-" "meta-externalagent/1.1 (+https://developers.facebook.com/docs/sharing/webmasters/crawler)"
162.0.232.193 - - [17/Jun/2025:13:29:59 -0400] "GET /wind-breaker-chapter-115/ HTTP/1.1" 200 0 "-" "WP Rocket/Preload Mozilla/5.0 (iPhone; CPU iPhone OS 9_1 like Mac OS X) AppleWebKit/601.1.46 (KHTML, like Gecko) Version/9.0 Mobile/13B143 Safari/601.1"
2a03:2880:f800:13:: - - [17/Jun/2025:13:30:04 -0400] "GET /shopdetail/98248768 HTTP/1.1" 301 0 "-" "meta-externalagent/1.1 (+https://developers.facebook.com/docs/sharing/webmasters/crawler)"
162.0.232.193 - - [17/Jun/2025:13:30:12 -0400] "POST /wp-cron.php?doing_wp_cron=1750181412.0855100154876708984375 HTTP/1.1" 200 0 "-" "WordPress/6.8.1; https://read11.windbreakermanga.com"
162.0.232.193 - - [17/Jun/2025:13:30:25 -0400] "POST /wp-cron.php?doing_wp_cron=1750181424.9757039546966552734375 HTTP/1.1" 200 0 "-" "WordPress/6.8.1; https://read11.windbreakermanga.com"
162.0.232.193 - - [17/Jun/2025:13:30:25 -0400] "POST /wp-cron.php?doing_wp_cron=1750181424.9781830310821533203125 HTTP/1.1" 200 0 "-" "WordPress/6.8.1; https://read11.windbreakermanga.com"
47.82.60.52 - - [17/Jun/2025:13:30:10 -0400] "GET /category/wind-breaker/page/16/ HTTP/1.1" 200 13198 "https://read11.windbreakermanga.com/category/wind-breaker/page/16/" "Mozilla/5.0 (Windows NT 10.0; Win64; x64) AppleWebKit/537.36 (KHTML, like Gecko) Chrome/114.0.0.0 Safari/537.36 Edg/114.0.1823.43"
2a03:2880:f800:4:: - - [17/Jun/2025:13:30:29 -0400] "GET /wind-breaker-chapter-158/ HTTP/1.1" 200 12595 "-" "meta-externalagent/1.1 (+https://developers.facebook.com/docs/sharing/webmasters/crawler)"
162.0.232.193 - - [17/Jun/2025:13:30:30 -0400] "GET /wind-breaker-chapter-91/ HTTP/1.1" 200 0 "-" "WP Rocket/Preload"
162.0.232.193 - - [17/Jun/2025:13:30:32 -0400] "GET /wind-breaker-chapter-91/ HTTP/1.1" 200 0 "-" "WP Rocket/Preload Mozilla/5.0 (iPhone; CPU iPhone OS 9_1 like Mac OS X) AppleWebKit/601.1.46 (KHTML, like Gecko) Version/9.0 Mobile/13B143 Safari/601.1"
114.119.130.178 - - [17/Jun/2025:13:30:33 -0400] "GET /wind-breaker-chapter-454/ HTTP/1.1" 200 11928 "https://read8.windbreakermanga.com/wind-breaker/wind-breaker-chapter-371/" "Mozilla/5.0 (Linux; Android 7.0;) AppleWebKit/537.36 (KHTML, like Gecko) Mobile Safari/537.36 (compatible; PetalBot;+https://webmaster.petalsearch.com/site/petalbot)"
162.0.232.193 - - [17/Jun/2025:13:30:43 -0400] "POST /wp-cron.php?doing_wp_cron=1750181442.7792680263519287109375 HTTP/1.1" 200 0 "-" "WordPress/6.8.1; https://read11.windbreakermanga.com"
170.106.107.87 - - [17/Jun/2025:13:30:41 -0400] "GET /wp-json/ HTTP/1.1" 200 214915 "-" "Mozilla/5.0 (iPhone; CPU iPhone OS 13_2_3 like Mac OS X) AppleWebKit/605.1.15 (KHTML, like Gecko) Version/13.0.3 Mobile/15E148 Safari/604.1"
47.82.60.95 - - [17/Jun/2025:13:30:44 -0400] "GET /category/wind-breaker-manhwa/page/16/ HTTP/1.1" 200 13212 "https://read11.windbreakermanga.com/category/wind-breaker-manhwa/page/16/" "Mozilla/5.0 (Windows NT 10.0; Win64; x64) AppleWebKit/537.36 (KHTML, like Gecko) Chrome/114.0.0.0 Safari/537.36 Edg/114.0.1823.43"
162.0.232.193 - - [17/Jun/2025:13:30:59 -0400] "POST /wp-cron.php?doing_wp_cron=1750181458.8765780925750732421875 HTTP/1.1" 200 0 "-" "WordPress/6.8.1; https://read11.windbreakermanga.com"
2a03:2880:f800:6:: - - [17/Jun/2025:13:31:02 -0400] "GET /shopdetail/98215012 HTTP/1.1" 301 0 "-" "meta-externalagent/1.1 (+https://developers.facebook.com/docs/sharing/webmasters/crawler)"
152.53.103.246 - - [17/Jun/2025:13:31:01 -0400] "POST /xmlrpc.php HTTP/1.1" 200 186 "https://read11.windbreakermanga.com" "Mozilla/5.0 (Windows NT 10.0; Win64; x64) AppleWebKit/537.36 (KHTML, like Gecko) Chrome/115.0.5790.102 Safari/537.36"
2a03:2880:f800:1a:: - - [17/Jun/2025:13:31:16 -0400] "GET /shopdetail/98248532 HTTP/1.1" 301 0 "-" "meta-externalagent/1.1 (+https://developers.facebook.com/docs/sharing/webmasters/crawler)"
2a01:cb00:bb3:5100:d9a:f9d2:9206:a285 - - [17/Jun/2025:13:31:21 -0400] "GET /wind-breaker-chapter-551/ HTTP/1.1" 200 11503 "https://read11.windbreakermanga.com/wind-breaker-chapter-550/" "Mozilla/5.0 (iPhone; CPU iPhone OS 18_5_0 like Mac OS X) AppleWebKit/605.1.15 (KHTML, like Gecko) CriOS/137.0.7151.107 Mobile/15E148 Safari/604.1"
2a01:cb00:bb3:5100:d9a:f9d2:9206:a285 - - [17/Jun/2025:13:31:21 -0400] "GET /wp-includes/js/jquery/jquery.min.js?ver=3.7.1 HTTP/1.1" 304 0 "https://read11.windbreakermanga.com/wind-breaker-chapter-551/" "Mozilla/5.0 (iPhone; CPU iPhone OS 18_5_0 like Mac OS X) AppleWebKit/605.1.15 (KHTML, like Gecko) CriOS/137.0.7151.107 Mobile/15E148 Safari/604.1"
2a01:cb00:bb3:5100:d9a:f9d2:9206:a285 - - [17/Jun/2025:13:31:22 -0400] "GET /wp-content/plugins/simple-social-buttons/assets/js/frontend-blocks.js?ver=6.1.0 HTTP/1.1" 200 0 "https://read11.windbreakermanga.com/wind-breaker-chapter-551/" "Mozilla/5.0 (iPhone; CPU iPhone OS 18_5_0 like Mac OS X) AppleWebKit/605.1.15 (KHTML, like Gecko) CriOS/137.0.7151.107 Mobile/15E148 Safari/604.1"
2a01:cb00:bb3:5100:d9a:f9d2:9206:a285 - - [17/Jun/2025:13:31:22 -0400] "GET /wp-content/cache/min/1/wp-content/plugins/wp-automatic/js/main-front.js?ver=1746140935 HTTP/1.1" 304 0 "https://read11.windbreakermanga.com/wind-breaker-chapter-551/" "Mozilla/5.0 (iPhone; CPU iPhone OS 18_5_0 like Mac OS X) AppleWebKit/605.1.15 (KHTML, like Gecko) CriOS/137.0.7151.107 Mobile/15E148 Safari/604.1"
2a01:cb00:bb3:5100:d9a:f9d2:9206:a285 - - [17/Jun/2025:13:31:22 -0400] "GET /wp-content/cache/min/1/wp-content/plugins/widgets-on-pages/public/css/widgets-on-pages-public.css?ver=1746140519 HTTP/1.1" 200 75 "https://read11.windbreakermanga.com/wind-breaker-chapter-551/" "Mozilla/5.0 (iPhone; CPU iPhone OS 18_5_0 like Mac OS X) AppleWebKit/605.1.15 (KHTML, like Gecko) CriOS/137.0.7151.107 Mobile/15E148 Safari/604.1"
2a01:cb00:bb3:5100:d9a:f9d2:9206:a285 - - [17/Jun/2025:13:31:22 -0400] "GET /wp-content/cache/min/1/wp-content/plugins/disqus-comment-system/public/js/comment_count.js?ver=1746140935 HTTP/1.1" 304 0 "https://read11.windbreakermanga.com/wind-breaker-chapter-551/" "Mozilla/5.0 (iPhone; CPU iPhone OS 18_5_0 like Mac OS X) AppleWebKit/605.1.15 (KHTML, like Gecko) CriOS/137.0.7151.107 Mobile/15E148 Safari/604.1"
2a01:cb00:bb3:5100:d9a:f9d2:9206:a285 - - [17/Jun/2025:13:31:22 -0400] "GET /wp-content/cache/min/1/wp-content/plugins/simple-social-buttons/assets/js/front.js?ver=1746140519 HTTP/1.1" 304 0 "https://read11.windbreakermanga.com/wind-breaker-chapter-551/" "Mozilla/5.0 (iPhone; CPU iPhone OS 18_5_0 like Mac OS X) AppleWebKit/605.1.15 (KHTML, like Gecko) CriOS/137.0.7151.107 Mobile/15E148 Safari/604.1"
2a01:cb00:bb3:5100:d9a:f9d2:9206:a285 - - [17/Jun/2025:13:31:22 -0400] "GET /wp-content/cache/min/1/wp-content/plugins/comic-easel/js/keynav.js?ver=1746140519 HTTP/1.1" 304 0 "https://read11.windbreakermanga.com/wind-breaker-chapter-551/" "Mozilla/5.0 (iPhone; CPU iPhone OS 18_5_0 like Mac OS X) AppleWebKit/605.1.15 (KHTML, like Gecko) CriOS/137.0.7151.107 Mobile/15E148 Safari/604.1"
2a01:cb00:bb3:5100:d9a:f9d2:9206:a285 - - [17/Jun/2025:13:31:22 -0400] "GET /wp-content/themes/toivo-lite/js/functions.min.js?ver=1.2.0 HTTP/1.1" 200 593 "https://read11.windbreakermanga.com/wind-breaker-chapter-551/" "Mozilla/5.0 (iPhone; CPU iPhone OS 18_5_0 like Mac OS X) AppleWebKit/605.1.15 (KHTML, like Gecko) CriOS/137.0.7151.107 Mobile/15E148 Safari/604.1"
2a01:cb00:bb3:5100:d9a:f9d2:9206:a285 - - [17/Jun/2025:13:31:22 -0400] "GET /wp-includes/js/comment-reply.min.js?ver=6.8.1 HTTP/1.1" 304 0 "https://read11.windbreakermanga.com/wind-breaker-chapter-551/" "Mozilla/5.0 (iPhone; CPU iPhone OS 18_5_0 like Mac OS X) AppleWebKit/605.1.15 (KHTML, like Gecko) CriOS/137.0.7151.107 Mobile/15E148 Safari/604.1"
2a01:cb00:bb3:5100:d9a:f9d2:9206:a285 - - [17/Jun/2025:13:31:22 -0400] "GET /wp-content/plugins/simple-social-buttons/assets/fonts/ssb-icon.ttf?eahqa2 HTTP/1.1" 200 7412 "https://read11.windbreakermanga.com/wind-breaker-chapter-551/" "Mozilla/5.0 (iPhone; CPU iPhone OS 18_5_0 like Mac OS X) AppleWebKit/605.1.15 (KHTML, like Gecko) CriOS/137.0.7151.107 Mobile/15E148 Safari/604.1"
2a01:cb00:bb3:5100:d9a:f9d2:9206:a285 - - [17/Jun/2025:13:31:22 -0400] "GET /wp-content/uploads/2024/02/cropped-jay-jo-192x192.webp HTTP/1.1" 200 6674 "-" "Mozilla/5.0 (iPhone; CPU iPhone OS 18_5_0 like Mac OS X) AppleWebKit/605.1.15 (KHTML, like Gecko) CriOS/137.0.7151.107 Mobile/15E148 Safari/604.1"
2a01:cb00:bb3:5100:d9a:f9d2:9206:a285 - - [17/Jun/2025:13:31:22 -0400] "POST /wp-admin/admin-ajax.php HTTP/1.1" 200 61 "https://read11.windbreakermanga.com/wind-breaker-chapter-551/" "Mozilla/5.0 (iPhone; CPU iPhone OS 18_5_0 like Mac OS X) AppleWebKit/605.1.15 (KHTML, like Gecko) CriOS/137.0.7151.107 Mobile/15E148 Safari/604.1"
162.0.232.193 - - [17/Jun/2025:13:31:33 -0400] "POST /wp-admin/admin-ajax.php?action=as_async_request_queue_runner&nonce=28b36f4a68 HTTP/1.1" 200 0 "-" "WordPress/6.8.1; https://read11.windbreakermanga.com"
2a01:cb00:bb3:5100:d9a:f9d2:9206:a285 - - [17/Jun/2025:13:31:38 -0400] "GET /wind-breaker-chapter-552/ HTTP/1.1" 200 11625 "https://read11.windbreakermanga.com/wind-breaker-chapter-551/" "Mozilla/5.0 (iPhone; CPU iPhone OS 18_5_0 like Mac OS X) AppleWebKit/605.1.15 (KHTML, like Gecko) CriOS/137.0.7151.107 Mobile/15E148 Safari/604.1"
2a01:cb00:bb3:5100:d9a:f9d2:9206:a285 - - [17/Jun/2025:13:31:39 -0400] "POST /wp-admin/admin-ajax.php HTTP/1.1" 200 61 "https://read11.windbreakermanga.com/wind-breaker-chapter-552/" "Mozilla/5.0 (iPhone; CPU iPhone OS 18_5_0 like Mac OS X) AppleWebKit/605.1.15 (KHTML, like Gecko) CriOS/137.0.7151.107 Mobile/15E148 Safari/604.1"
162.0.232.193 - - [17/Jun/2025:13:31:40 -0400] "GET /wind-breaker-chapter-69/ HTTP/1.1" 200 12194 "-" "WP Rocket/Preload"
162.0.232.193 - - [17/Jun/2025:13:31:47 -0400] "GET /wind-breaker-chapter-69/ HTTP/1.1" 200 0 "-" "WP Rocket/Preload Mozilla/5.0 (iPhone; CPU iPhone OS 9_1 like Mac OS X) AppleWebKit/601.1.46 (KHTML, like Gecko) Version/9.0 Mobile/13B143 Safari/601.1"
114.119.152.134 - - [17/Jun/2025:13:31:46 -0400] "GET /category/wind-breaker/page/2/ HTTP/1.1" 200 12304 "https://read10.windbreakermanga.com/category/wind-breaker/page/2/" "Mozilla/5.0 (Linux; Android 7.0;) AppleWebKit/537.36 (KHTML, like Gecko) Mobile Safari/537.36 (compatible; PetalBot;+https://webmaster.petalsearch.com/site/petalbot)"
162.0.232.193 - - [17/Jun/2025:13:31:54 -0400] "POST /wp-admin/admin-ajax.php?action=as_async_request_queue_runner&nonce=28b36f4a68 HTTP/1.1" 200 0 "-" "WordPress/6.8.1; https://read11.windbreakermanga.com"
162.0.232.193 - - [17/Jun/2025:13:31:59 -0400] "GET /wind-breaker-chapter-50/ HTTP/1.1" 200 0 "-" "WP Rocket/Preload"
162.0.232.193 - - [17/Jun/2025:13:32:01 -0400] "POST /wp-cron.php?doing_wp_cron=1750181520.8866820335388183593750 HTTP/1.1" 200 0 "-" "WordPress/6.8.1; https://read11.windbreakermanga.com"
162.0.232.193 - - [17/Jun/2025:13:32:00 -0400] "GET /wind-breaker-chapter-50/ HTTP/1.1" 200 0 "-" "WP Rocket/Preload Mozilla/5.0 (iPhone; CPU iPhone OS 9_1 like Mac OS X) AppleWebKit/601.1.46 (KHTML, like Gecko) Version/9.0 Mobile/13B143 Safari/601.1"
162.0.232.193 - - [17/Jun/2025:13:32:02 -0400] "GET /wind-breaker-chapter-20/ HTTP/1.1" 200 0 "-" "WP Rocket/Preload"
162.0.232.193 - - [17/Jun/2025:13:32:03 -0400] "POST /wp-cron.php?doing_wp_cron=1750181523.7740509510040283203125 HTTP/1.1" 200 0 "-" "WordPress/6.8.1; https://read11.windbreakermanga.com"
162.0.232.193 - - [17/Jun/2025:13:32:04 -0400] "GET /wind-breaker-chapter-20/ HTTP/1.1" 200 0 "-" "WP Rocket/Preload Mozilla/5.0 (iPhone; CPU iPhone OS 9_1 like Mac OS X) AppleWebKit/601.1.46 (KHTML, like Gecko) Version/9.0 Mobile/13B143 Safari/601.1"
162.0.232.193 - - [17/Jun/2025:13:32:06 -0400] "GET /chapter-247/ HTTP/1.1" 200 0 "-" "WP Rocket/Preload"
162.0.232.193 - - [17/Jun/2025:13:32:07 -0400] "GET /chapter-247/ HTTP/1.1" 200 0 "-" "WP Rocket/Preload Mozilla/5.0 (iPhone; CPU iPhone OS 9_1 like Mac OS X) AppleWebKit/601.1.46 (KHTML, like Gecko) Version/9.0 Mobile/13B143 Safari/601.1"
162.0.232.193 - - [17/Jun/2025:13:32:09 -0400] "GET /wp-content/uploads/f979bbbcbe9df560cb74049269d2541e_4104.xml HTTP/1.1" 200 2276 "-" "Mozilla/5.0 (X11; Linux x86_64) AppleWebKit/537.36 (KHTML, like Gecko) Ubuntu Chromium/41.0.2272.76"
162.0.232.193 - - [17/Jun/2025:13:32:09 -0400] "GET /wind-breaker-chapter-108/ HTTP/1.1" 200 0 "-" "WP Rocket/Preload"
162.0.232.193 - - [17/Jun/2025:13:32:11 -0400] "GET /wind-breaker-chapter-108/ HTTP/1.1" 200 0 "-" "WP Rocket/Preload Mozilla/5.0 (iPhone; CPU iPhone OS 9_1 like Mac OS X) AppleWebKit/601.1.46 (KHTML, like Gecko) Version/9.0 Mobile/13B143 Safari/601.1"
162.0.232.193 - - [17/Jun/2025:13:32:12 -0400] "POST /wp-cron.php?doing_wp_cron=1750181532.2790648937225341796875 HTTP/1.1" 200 0 "-" "WordPress/6.8.1; https://read11.windbreakermanga.com"
162.0.232.193 - - [17/Jun/2025:13:32:13 -0400] "GET /wind-breaker-chapter-106/ HTTP/1.1" 200 0 "-" "WP Rocket/Preload"
162.0.232.193 - - [17/Jun/2025:13:32:14 -0400] "GET /wind-breaker-chapter-106/ HTTP/1.1" 200 0 "-" "WP Rocket/Preload Mozilla/5.0 (iPhone; CPU iPhone OS 9_1 like Mac OS X) AppleWebKit/601.1.46 (KHTML, like Gecko) Version/9.0 Mobile/13B143 Safari/601.1"
47.82.60.84 - - [17/Jun/2025:13:32:19 -0400] "GET /wind-breaker-chapter-496/ HTTP/1.1" 200 12147 "https://read11.windbreakermanga.com/wind-breaker-chapter-496/" "Mozilla/5.0 (Windows NT 10.0; Win64; x64) AppleWebKit/537.36 (KHTML, like Gecko) Chrome/114.0.0.0 Safari/537.36 Edg/114.0.1823.43"
162.0.232.193 - - [17/Jun/2025:13:32:24 -0400] "POST /wp-cron.php?doing_wp_cron=1750181544.2896718978881835937500 HTTP/1.1" 200 0 "-" "WordPress/6.8.1; https://read11.windbreakermanga.com"
2a03:2880:f800:8:: - - [17/Jun/2025:13:32:26 -0400] "GET /shopdetail/98197520 HTTP/1.1" 301 0 "-" "meta-externalagent/1.1 (+https://developers.facebook.com/docs/sharing/webmasters/crawler)"
162.0.232.193 - - [17/Jun/2025:13:32:43 -0400] "POST /wp-cron.php?doing_wp_cron=1750181562.0830159187316894531250 HTTP/1.1" 200 0 "-" "WordPress/6.8.1; https://read11.windbreakermanga.com"
52.200.142.199 - - [17/Jun/2025:13:32:58 -0400] "GET /manga/wind-breaker-chapter-116/ HTTP/1.1" 500 1034 "-" "Mozilla/5.0 AppleWebKit/537.36 (KHTML, like Gecko; compatible; Amazonbot/0.1; +https://developer.amazon.com/support/amazonbot) Chrome/119.0.6045.214 Safari/537.36"
47.82.61.139 - - [17/Jun/2025:13:33:11 -0400] "GET /wind-breaker-chapter-289/ HTTP/1.1" 200 12560 "https://read11.windbreakermanga.com/wind-breaker-chapter-289/" "Mozilla/5.0 (Windows NT 10.0; Win64; x64) AppleWebKit/537.36 (KHTML, like Gecko) Chrome/114.0.0.0 Safari/537.36 Edg/114.0.1823.43"
162.0.232.193 - - [17/Jun/2025:13:33:11 -0400] "POST /wp-cron.php?doing_wp_cron=1750181591.5816590785980224609375 HTTP/1.1" 200 0 "-" "WordPress/6.8.1; https://read11.windbreakermanga.com"
114.119.130.178 - - [17/Jun/2025:13:33:13 -0400] "GET /category/manga/page/19/ HTTP/1.1" 200 13316 "https://read10.windbreakermanga.com/category/manga/page/20/" "Mozilla/5.0 (Linux; Android 7.0;) AppleWebKit/537.36 (KHTML, like Gecko) Mobile Safari/537.36 (compatible; PetalBot;+https://webmaster.petalsearch.com/site/petalbot)"
162.0.232.193 - - [17/Jun/2025:13:33:24 -0400] "POST /wp-cron.php?doing_wp_cron=1750181604.3763310909271240234375 HTTP/1.1" 200 0 "-" "WordPress/6.8.1; https://read11.windbreakermanga.com"
162.0.232.193 - - [17/Jun/2025:13:33:29 -0400] "GET /wind-breaker-chapter-262/ HTTP/1.1" 200 12516 "-" "WP Rocket/Preload"
162.0.232.193 - - [17/Jun/2025:13:33:31 -0400] "GET /wind-breaker-chapter-262/ HTTP/1.1" 200 0 "-" "WP Rocket/Preload Mozilla/5.0 (iPhone; CPU iPhone OS 9_1 like Mac OS X) AppleWebKit/601.1.46 (KHTML, like Gecko) Version/9.0 Mobile/13B143 Safari/601.1"
47.82.60.22 - - [17/Jun/2025:13:33:31 -0400] "GET /category/wind-breaker-manhwa/page/51/ HTTP/1.1" 200 12387 "https://read11.windbreakermanga.com/category/wind-breaker-manhwa/page/51/" "Mozilla/5.0 (Windows NT 10.0; Win64; x64) AppleWebKit/537.36 (KHTML, like Gecko) Chrome/114.0.0.0 Safari/537.36 Edg/114.0.1823.43"
162.0.232.193 - - [17/Jun/2025:13:33:33 -0400] "GET /wind-breaker-chapter-51/ HTTP/1.1" 200 0 "-" "WP Rocket/Preload"
162.0.232.193 - - [17/Jun/2025:13:33:34 -0400] "GET /wind-breaker-chapter-51/ HTTP/1.1" 200 12233 "-" "WP Rocket/Preload Mozilla/5.0 (iPhone; CPU iPhone OS 9_1 like Mac OS X) AppleWebKit/601.1.46 (KHTML, like Gecko) Version/9.0 Mobile/13B143 Safari/601.1"
2a03:2880:f800:13:: - - [17/Jun/2025:13:33:35 -0400] "GET /wind-breaker-chapter-538/ HTTP/1.1" 200 11683 "-" "meta-externalagent/1.1 (+https://developers.facebook.com/docs/sharing/webmasters/crawler)"
2a03:2880:f800:b:: - - [17/Jun/2025:13:33:34 -0400] "GET /wind-breaker-chapter-293-part-3-ep-43/ HTTP/1.1" 301 0 "-" "meta-externalagent/1.1 (+https://developers.facebook.com/docs/sharing/webmasters/crawler)"
2a03:2880:f800:e:: - - [17/Jun/2025:13:33:39 -0400] "GET /wind-breaker-chapter-227/ HTTP/1.1" 200 12327 "-" "meta-externalagent/1.1 (+https://developers.facebook.com/docs/sharing/webmasters/crawler)"
2a03:2880:f800:17:: - - [17/Jun/2025:13:33:43 -0400] "GET / HTTP/1.1" 200 12660 "-" "meta-externalagent/1.1 (+https://developers.facebook.com/docs/sharing/webmasters/crawler)"
162.0.232.193 - - [17/Jun/2025:13:33:43 -0400] "POST /wp-cron.php?doing_wp_cron=1750181623.2863600254058837890625 HTTP/1.1" 200 0 "-" "WordPress/6.8.1; https://read11.windbreakermanga.com"
162.0.232.193 - - [17/Jun/2025:13:33:43 -0400] "POST /wp-cron.php?doing_wp_cron=1750181623.2812120914459228515625 HTTP/1.1" 200 0 "-" "WordPress/6.8.1; https://read11.windbreakermanga.com"
2a03:2880:f800:b:: - - [17/Jun/2025:13:33:37 -0400] "GET /wind-breaker-chapter-419/ HTTP/1.1" 301 0 "-" "meta-externalagent/1.1 (+https://developers.facebook.com/docs/sharing/webmasters/crawler)"
2a03:2880:f800:f:: - - [17/Jun/2025:13:33:46 -0400] "GET / HTTP/1.1" 200 12660 "-" "meta-externalagent/1.1 (+https://developers.facebook.com/docs/sharing/webmasters/crawler)"
2a03:2880:f800:8:: - - [17/Jun/2025:13:33:48 -0400] "GET / HTTP/1.1" 200 12660 "-" "meta-externalagent/1.1 (+https://developers.facebook.com/docs/sharing/webmasters/crawler)"
2a03:2880:f800:1:: - - [17/Jun/2025:13:33:50 -0400] "GET / HTTP/1.1" 200 12660 "-" "meta-externalagent/1.1 (+https://developers.facebook.com/docs/sharing/webmasters/crawler)"
2a03:2880:f800:13:: - - [17/Jun/2025:13:33:52 -0400] "GET / HTTP/1.1" 200 12660 "-" "meta-externalagent/1.1 (+https://developers.facebook.com/docs/sharing/webmasters/crawler)"
2a03:2880:f800:4:: - - [17/Jun/2025:13:33:52 -0400] "GET / HTTP/1.1" 200 12660 "-" "meta-externalagent/1.1 (+https://developers.facebook.com/docs/sharing/webmasters/crawler)"
2a03:2880:f800:8:: - - [17/Jun/2025:13:33:54 -0400] "GET / HTTP/1.1" 200 12660 "-" "meta-externalagent/1.1 (+https://developers.facebook.com/docs/sharing/webmasters/crawler)"
2a03:2880:f800:18:: - - [17/Jun/2025:13:33:57 -0400] "GET / HTTP/1.1" 200 12660 "-" "meta-externalagent/1.1 (+https://developers.facebook.com/docs/sharing/webmasters/crawler)"
2a03:2880:f800:18:: - - [17/Jun/2025:13:34:00 -0400] "GET / HTTP/1.1" 200 12660 "-" "meta-externalagent/1.1 (+https://developers.facebook.com/docs/sharing/webmasters/crawler)"
2a03:2880:f800:1b:: - - [17/Jun/2025:13:34:02 -0400] "GET / HTTP/1.1" 200 12630 "-" "meta-externalagent/1.1 (+https://developers.facebook.com/docs/sharing/webmasters/crawler)"
47.82.60.98 - - [17/Jun/2025:13:34:03 -0400] "GET /category/wind-breaker-webtoon/page/52/ HTTP/1.1" 200 12314 "https://read11.windbreakermanga.com/category/wind-breaker-webtoon/page/52/" "Mozilla/5.0 (Windows NT 10.0; Win64; x64) AppleWebKit/537.36 (KHTML, like Gecko) Chrome/114.0.0.0 Safari/537.36 Edg/114.0.1823.43"
2a03:2880:f800:16:: - - [17/Jun/2025:13:34:03 -0400] "GET / HTTP/1.1" 200 12660 "-" "meta-externalagent/1.1 (+https://developers.facebook.com/docs/sharing/webmasters/crawler)"
2a03:2880:f800:1:: - - [17/Jun/2025:13:34:04 -0400] "GET / HTTP/1.1" 200 12660 "-" "meta-externalagent/1.1 (+https://developers.facebook.com/docs/sharing/webmasters/crawler)"
2a03:2880:f800:13:: - - [17/Jun/2025:13:34:05 -0400] "GET /wind-breaker-chapter-158/ HTTP/1.1" 200 12533 "-" "meta-externalagent/1.1 (+https://developers.facebook.com/docs/sharing/webmasters/crawler)"
2a03:2880:f800:14:: - - [17/Jun/2025:13:34:04 -0400] "GET /shopdetail/98252748 HTTP/1.1" 301 0 "-" "meta-externalagent/1.1 (+https://developers.facebook.com/docs/sharing/webmasters/crawler)"
2a03:2880:f800:13:: - - [17/Jun/2025:13:34:09 -0400] "GET / HTTP/1.1" 200 12660 "-" "meta-externalagent/1.1 (+https://developers.facebook.com/docs/sharing/webmasters/crawler)"
2a03:2880:f800:: - - [17/Jun/2025:13:34:10 -0400] "GET / HTTP/1.1" 200 12660 "-" "meta-externalagent/1.1 (+https://developers.facebook.com/docs/sharing/webmasters/crawler)"
162.0.232.193 - - [17/Jun/2025:13:34:13 -0400] "POST /wp-cron.php?doing_wp_cron=1750181652.8975470066070556640625 HTTP/1.1" 200 0 "-" "WordPress/6.8.1; https://read11.windbreakermanga.com"
51.68.111.219 - - [17/Jun/2025:13:34:21 -0400] "GET / HTTP/1.1" 200 12660 "-" "Mozilla/5.0 (compatible; MJ12bot/v2.0.2; http://mj12bot.com/)"
162.0.232.193 - - [17/Jun/2025:13:34:26 -0400] "POST /wp-cron.php?doing_wp_cron=1750181665.7763340473175048828125 HTTP/1.1" 200 0 "-" "WordPress/6.8.1; https://read11.windbreakermanga.com"
162.0.232.193 - - [17/Jun/2025:13:34:26 -0400] "POST /wp-cron.php?doing_wp_cron=1750181665.7782349586486816406250 HTTP/1.1" 200 0 "-" "WordPress/6.8.1; https://read11.windbreakermanga.com"
170.106.140.110 - - [17/Jun/2025:13:34:35 -0400] "GET / HTTP/1.1" 200 12638 "https://windbreakermanga.com/" "Mozilla/5.0 (iPhone; CPU iPhone OS 13_2_3 like Mac OS X) AppleWebKit/605.1.15 (KHTML, like Gecko) Version/13.0.3 Mobile/15E148 Safari/604.1"
162.0.232.193 - - [17/Jun/2025:13:34:43 -0400] "POST /wp-cron.php?doing_wp_cron=1750181683.3729350566864013671875 HTTP/1.1" 200 0 "-" "WordPress/6.8.1; https://read11.windbreakermanga.com"
47.82.61.197 - - [17/Jun/2025:13:35:10 -0400] "GET /wind-breaker-chapter-495/ HTTP/1.1" 200 12100 "https://read11.windbreakermanga.com/wind-breaker-chapter-495/" "Mozilla/5.0 (Windows NT 10.0; Win64; x64) AppleWebKit/537.36 (KHTML, like Gecko) Chrome/114.0.0.0 Safari/537.36 Edg/114.0.1823.43"
162.0.232.193 - - [17/Jun/2025:13:35:12 -0400] "POST /wp-cron.php?doing_wp_cron=1750181711.8957979679107666015625 HTTP/1.1" 200 0 "-" "WordPress/6.8.1; https://read11.windbreakermanga.com"
162.0.232.193 - - [17/Jun/2025:13:35:25 -0400] "POST /wp-cron.php?doing_wp_cron=1750181724.3843688964843750000000 HTTP/1.1" 200 0 "-" "WordPress/6.8.1; https://read11.windbreakermanga.com"
47.82.61.138 - - [17/Jun/2025:13:35:20 -0400] "GET /category/wind-breaker-manhwa/page/50/ HTTP/1.1" 200 12474 "https://read11.windbreakermanga.com/category/wind-breaker-manhwa/page/50/" "Mozilla/5.0 (Windows NT 10.0; Win64; x64) AppleWebKit/537.36 (KHTML, like Gecko) Chrome/114.0.0.0 Safari/537.36 Edg/114.0.1823.43"
162.0.232.193 - - [17/Jun/2025:13:35:41 -0400] "POST /wp-cron.php?doing_wp_cron=1750181741.6818070411682128906250 HTTP/1.1" 200 0 "-" "WordPress/6.8.1; https://read11.windbreakermanga.com"
162.0.232.193 - - [17/Jun/2025:13:36:12 -0400] "POST /wp-cron.php?doing_wp_cron=1750181771.6913790702819824218750 HTTP/1.1" 200 0 "-" "WordPress/6.8.1; https://read11.windbreakermanga.com"
162.0.232.193 - - [17/Jun/2025:13:36:16 -0400] "GET /wp-content/uploads/f979bbbcbe9df560cb74049269d2541e_4104.xml HTTP/1.1" 200 2276 "-" "Mozilla/5.0 (X11; Linux x86_64) AppleWebKit/537.36 (KHTML, like Gecko) Ubuntu Chromium/41.0.2272.76"
2a03:2880:f800:b:: - - [17/Jun/2025:13:36:41 -0400] "GET /shopdetail/98214448 HTTP/1.1" 301 0 "-" "meta-externalagent/1.1 (+https://developers.facebook.com/docs/sharing/webmasters/crawler)"
216.244.66.250 - - [17/Jun/2025:13:36:55 -0400] "GET /robots.txt HTTP/1.1" 304 0 "-" "Mozilla/5.0 (compatible; DotBot/1.2; +https://opensiteexplorer.org/dotbot; [email protected])"
216.244.66.250 - - [17/Jun/2025:13:36:55 -0400] "GET /robots.txt HTTP/1.1" 304 0 "-" "Mozilla/5.0 (compatible; DotBot/1.2; +https://opensiteexplorer.org/dotbot; [email protected])"
216.244.66.250 - - [17/Jun/2025:13:36:55 -0400] "GET /robots.txt HTTP/1.1" 304 0 "-" "Mozilla/5.0 (compatible; DotBot/1.2; +https://opensiteexplorer.org/dotbot; [email protected])"
47.82.61.143 - - [17/Jun/2025:13:37:08 -0400] "GET /wind-breaker-chapter-42/ HTTP/1.1" 200 12250 "https://read11.windbreakermanga.com/wind-breaker-chapter-42/" "Mozilla/5.0 (Windows NT 10.0; Win64; x64) AppleWebKit/537.36 (KHTML, like Gecko) Chrome/114.0.0.0 Safari/537.36 Edg/114.0.1823.43"
162.0.232.193 - - [17/Jun/2025:13:37:12 -0400] "POST /wp-cron.php?doing_wp_cron=1750181831.9752330780029296875000 HTTP/1.1" 200 0 "-" "WordPress/6.8.1; https://read11.windbreakermanga.com"
162.0.232.193 - - [17/Jun/2025:13:37:12 -0400] "POST /wp-cron.php?doing_wp_cron=1750181832.6802198886871337890625 HTTP/1.1" 200 0 "-" "WordPress/6.8.1; https://read11.windbreakermanga.com"
216.73.216.244 - - [17/Jun/2025:13:37:12 -0400] "GET /sitemap-subitems-2696.xml HTTP/1.1" 200 10188 "-" "Mozilla/5.0 AppleWebKit/537.36 (KHTML, like Gecko; compatible; ClaudeBot/1.0; [email protected])"
162.0.232.193 - - [17/Jun/2025:13:37:25 -0400] "POST /wp-cron.php?doing_wp_cron=1750181845.5797960758209228515625 HTTP/1.1" 200 0 "-" "WordPress/6.8.1; https://read11.windbreakermanga.com"
162.0.232.193 - - [17/Jun/2025:13:37:42 -0400] "POST /wp-cron.php?doing_wp_cron=1750181862.7811770439147949218750 HTTP/1.1" 200 0 "-" "WordPress/6.8.1; https://read11.windbreakermanga.com"
162.0.232.193 - - [17/Jun/2025:13:37:43 -0400] "POST /wp-cron.php?doing_wp_cron=1750181862.7809009552001953125000 HTTP/1.1" 200 0 "-" "WordPress/6.8.1; https://read11.windbreakermanga.com"
47.82.62.27 - - [17/Jun/2025:13:37:41 -0400] "GET /category/wind-breaker-manhwa/page/49/ HTTP/1.1" 200 12326 "https://read11.windbreakermanga.com/category/wind-breaker-manhwa/page/49/" "Mozilla/5.0 (Windows NT 10.0; Win64; x64) AppleWebKit/537.36 (KHTML, like Gecko) Chrome/114.0.0.0 Safari/537.36 Edg/114.0.1823.43"
47.82.60.120 - - [17/Jun/2025:13:37:56 -0400] "GET /wind-breaker-chapter-155/ HTTP/1.1" 200 12273 "https://read11.windbreakermanga.com/wind-breaker-chapter-155/" "Mozilla/5.0 (Windows NT 10.0; Win64; x64) AppleWebKit/537.36 (KHTML, like Gecko) Chrome/114.0.0.0 Safari/537.36 Edg/114.0.1823.43"
47.82.61.144 - - [17/Jun/2025:13:38:01 -0400] "GET /wind-breaker-chapter-58/ HTTP/1.1" 200 12232 "https://read11.windbreakermanga.com/wind-breaker-chapter-58/" "Mozilla/5.0 (Windows NT 10.0; Win64; x64) AppleWebKit/537.36 (KHTML, like Gecko) Chrome/114.0.0.0 Safari/537.36 Edg/114.0.1823.43"
162.0.232.193 - - [17/Jun/2025:13:38:12 -0400] "POST /wp-cron.php?doing_wp_cron=1750181892.2844541072845458984375 HTTP/1.1" 200 0 "-" "WordPress/6.8.1; https://read11.windbreakermanga.com"
162.0.232.193 - - [17/Jun/2025:13:38:24 -0400] "POST /wp-cron.php?doing_wp_cron=1750181904.3073909282684326171875 HTTP/1.1" 200 0 "-" "WordPress/6.8.1; https://read11.windbreakermanga.com"
2a03:2880:f800:d:: - - [17/Jun/2025:13:38:36 -0400] "GET /shopdetail/98230840 HTTP/1.1" 301 0 "-" "meta-externalagent/1.1 (+https://developers.facebook.com/docs/sharing/webmasters/crawler)"
162.0.232.193 - - [17/Jun/2025:13:38:41 -0400] "POST /wp-cron.php?doing_wp_cron=1750181921.1895990371704101562500 HTTP/1.1" 200 0 "-" "WordPress/6.8.1; https://read11.windbreakermanga.com"
2a03:2880:f800:d:: - - [17/Jun/2025:13:38:48 -0400] "GET /shopdetail/98207288 HTTP/1.1" 301 0 "-" "meta-externalagent/1.1 (+https://developers.facebook.com/docs/sharing/webmasters/crawler)"
162.0.232.193 - - [17/Jun/2025:13:38:59 -0400] "POST /wp-cron.php?doing_wp_cron=1750181938.7777969837188720703125 HTTP/1.1" 200 0 "-" "WordPress/6.8.1; https://read11.windbreakermanga.com"
47.82.60.168 - - [17/Jun/2025:13:39:13 -0400] "GET /wind-breaker-chapter-43/ HTTP/1.1" 200 12293 "https://read11.windbreakermanga.com/wind-breaker-chapter-43/" "Mozilla/5.0 (Windows NT 10.0; Win64; x64) AppleWebKit/537.36 (KHTML, like Gecko) Chrome/114.0.0.0 Safari/537.36 Edg/114.0.1823.43"
2a03:2880:f800:7:: - - [17/Jun/2025:13:39:55 -0400] "GET /wind-breaker-chapter-293-part-3-ep-43/ HTTP/1.1" 301 0 "-" "meta-externalagent/1.1 (+https://developers.facebook.com/docs/sharing/webmasters/crawler)"
162.0.232.193 - - [17/Jun/2025:13:40:00 -0400] "POST /wp-cron.php?doing_wp_cron=1750182000.3890318870544433593750 HTTP/1.1" 200 0 "-" "WordPress/6.8.1; https://read11.windbreakermanga.com"
2a03:2880:f800:16:: - - [17/Jun/2025:13:40:00 -0400] "GET / HTTP/1.1" 200 12554 "-" "meta-externalagent/1.1 (+https://developers.facebook.com/docs/sharing/webmasters/crawler)"
162.0.232.193 - - [17/Jun/2025:13:40:02 -0400] "POST /wp-cron.php?doing_wp_cron=1750182002.4905219078063964843750 HTTP/1.1" 200 0 "-" "WordPress/6.8.1; https://read11.windbreakermanga.com"
162.0.232.193 - - [17/Jun/2025:13:40:06 -0400] "GET /wp-content/uploads/f979bbbcbe9df560cb74049269d2541e_4104.xml HTTP/1.1" 200 2276 "-" "Mozilla/5.0 (X11; Linux x86_64) AppleWebKit/537.36 (KHTML, like Gecko) Ubuntu Chromium/41.0.2272.76"
162.0.232.193 - - [17/Jun/2025:13:40:11 -0400] "POST /wp-cron.php?doing_wp_cron=1750182011.4740600585937500000000 HTTP/1.1" 200 0 "-" "WordPress/6.8.1; https://read11.windbreakermanga.com"
