162.0.232.193 - - [17/Jun/2025:14:07:25 -0400] "GET /wind-breaker-chapter-94/ HTTP/1.1" 200 0 "-" "WP Rocket/Preload"
162.0.232.193 - - [17/Jun/2025:14:07:27 -0400] "GET /wind-breaker-chapter-94/ HTTP/1.1" 200 0 "-" "WP Rocket/Preload Mozilla/5.0 (iPhone; CPU iPhone OS 9_1 like Mac OS X) AppleWebKit/601.1.46 (KHTML, like Gecko) Version/9.0 Mobile/13B143 Safari/601.1"
162.0.232.193 - - [17/Jun/2025:14:07:29 -0400] "GET /wind-breaker-chapter-298/ HTTP/1.1" 200 0 "-" "WP Rocket/Preload"
162.0.232.193 - - [17/Jun/2025:14:07:30 -0400] "GET /wind-breaker-chapter-298/ HTTP/1.1" 200 0 "-" "WP Rocket/Preload Mozilla/5.0 (iPhone; CPU iPhone OS 9_1 like Mac OS X) AppleWebKit/601.1.46 (KHTML, like Gecko) Version/9.0 Mobile/13B143 Safari/601.1"
162.0.232.193 - - [17/Jun/2025:14:07:32 -0400] "GET /wind-breaker-chapter-172/ HTTP/1.1" 200 12383 "-" "WP Rocket/Preload"
162.0.232.193 - - [17/Jun/2025:14:07:36 -0400] "GET /wind-breaker-chapter-172/ HTTP/1.1" 200 0 "-" "WP Rocket/Preload Mozilla/5.0 (iPhone; CPU iPhone OS 9_1 like Mac OS X) AppleWebKit/601.1.46 (KHTML, like Gecko) Version/9.0 Mobile/13B143 Safari/601.1"
162.0.232.193 - - [17/Jun/2025:14:07:38 -0400] "GET /wind-breaker-chapter-32/ HTTP/1.1" 200 0 "-" "WP Rocket/Preload"
162.0.232.193 - - [17/Jun/2025:14:07:39 -0400] "GET /wind-breaker-chapter-32/ HTTP/1.1" 200 0 "-" "WP Rocket/Preload Mozilla/5.0 (iPhone; CPU iPhone OS 9_1 like Mac OS X) AppleWebKit/601.1.46 (KHTML, like Gecko) Version/9.0 Mobile/13B143 Safari/601.1"
162.0.232.193 - - [17/Jun/2025:14:07:41 -0400] "GET /wind-breaker-chapter-311/ HTTP/1.1" 200 0 "-" "WP Rocket/Preload"
162.0.232.193 - - [17/Jun/2025:14:07:43 -0400] "GET /wind-breaker-chapter-311/ HTTP/1.1" 200 0 "-" "WP Rocket/Preload Mozilla/5.0 (iPhone; CPU iPhone OS 9_1 like Mac OS X) AppleWebKit/601.1.46 (KHTML, like Gecko) Version/9.0 Mobile/13B143 Safari/601.1"
162.0.232.193 - - [17/Jun/2025:14:07:46 -0400] "POST /wp-cron.php?doing_wp_cron=1750183666.3796799182891845703125 HTTP/1.1" 200 0 "-" "WordPress/6.8.1; https://read11.windbreakermanga.com"
162.0.232.193 - - [17/Jun/2025:14:08:11 -0400] "POST /wp-cron.php?doing_wp_cron=1750183691.1043291091918945312500 HTTP/1.1" 200 0 "-" "WordPress/6.8.1; https://read11.windbreakermanga.com"
162.0.232.193 - - [17/Jun/2025:14:08:14 -0400] "GET /wp-content/uploads/f979bbbcbe9df560cb74049269d2541e_4104.xml HTTP/1.1" 200 2276 "-" "Mozilla/5.0 (X11; Linux x86_64) AppleWebKit/537.36 (KHTML, like Gecko) Ubuntu Chromium/41.0.2272.76"
114.119.145.123 - - [17/Jun/2025:14:08:22 -0400] "GET /wind-breaker-chapter-342/ HTTP/1.1" 200 12064 "https://read10.windbreakermanga.com/tag/windbreaker-manga/" "Mozilla/5.0 (Linux; Android 7.0;) AppleWebKit/537.36 (KHTML, like Gecko) Mobile Safari/537.36 (compatible; PetalBot;+https://webmaster.petalsearch.com/site/petalbot)"
2a03:2880:f800:3:: - - [17/Jun/2025:14:08:24 -0400] "GET /shopdetail/98191960 HTTP/1.1" 301 0 "-" "meta-externalagent/1.1 (+https://developers.facebook.com/docs/sharing/webmasters/crawler)"
2a03:2880:f800:1c:: - - [17/Jun/2025:14:09:01 -0400] "GET /shopdetail/98172196 HTTP/1.1" 301 0 "-" "meta-externalagent/1.1 (+https://developers.facebook.com/docs/sharing/webmasters/crawler)"
162.0.232.193 - - [17/Jun/2025:14:09:13 -0400] "POST /wp-cron.php?doing_wp_cron=1750183753.3913550376892089843750 HTTP/1.1" 200 0 "-" "WordPress/6.8.1; https://read11.windbreakermanga.com"
162.0.232.193 - - [17/Jun/2025:14:09:14 -0400] "GET /wind-breaker-chapter-175/ HTTP/1.1" 200 12234 "-" "WP Rocket/Preload"
162.0.232.193 - - [17/Jun/2025:14:09:17 -0400] "GET /wind-breaker-chapter-175/ HTTP/1.1" 200 0 "-" "WP Rocket/Preload Mozilla/5.0 (iPhone; CPU iPhone OS 9_1 like Mac OS X) AppleWebKit/601.1.46 (KHTML, like Gecko) Version/9.0 Mobile/13B143 Safari/601.1"
162.0.232.193 - - [17/Jun/2025:14:09:19 -0400] "GET /wind-breaker-chapter-150/ HTTP/1.1" 200 0 "-" "WP Rocket/Preload"
162.0.232.193 - - [17/Jun/2025:14:09:21 -0400] "GET /wind-breaker-chapter-150/ HTTP/1.1" 200 0 "-" "WP Rocket/Preload Mozilla/5.0 (iPhone; CPU iPhone OS 9_1 like Mac OS X) AppleWebKit/601.1.46 (KHTML, like Gecko) Version/9.0 Mobile/13B143 Safari/601.1"
162.0.232.193 - - [17/Jun/2025:14:09:22 -0400] "GET /wind-breaker-chapter-325/ HTTP/1.1" 200 0 "-" "WP Rocket/Preload"
162.0.232.193 - - [17/Jun/2025:14:09:24 -0400] "GET /wind-breaker-chapter-325/ HTTP/1.1" 200 0 "-" "WP Rocket/Preload Mozilla/5.0 (iPhone; CPU iPhone OS 9_1 like Mac OS X) AppleWebKit/601.1.46 (KHTML, like Gecko) Version/9.0 Mobile/13B143 Safari/601.1"
162.0.232.193 - - [17/Jun/2025:14:09:26 -0400] "GET /wind-breaker-chapter-286/ HTTP/1.1" 200 0 "-" "WP Rocket/Preload"
162.0.232.193 - - [17/Jun/2025:14:09:27 -0400] "GET /wind-breaker-chapter-286/ HTTP/1.1" 200 0 "-" "WP Rocket/Preload Mozilla/5.0 (iPhone; CPU iPhone OS 9_1 like Mac OS X) AppleWebKit/601.1.46 (KHTML, like Gecko) Version/9.0 Mobile/13B143 Safari/601.1"
162.0.232.193 - - [17/Jun/2025:14:09:29 -0400] "GET /wind-breaker-chapter-273/ HTTP/1.1" 200 0 "-" "WP Rocket/Preload"
2a03:2880:f800:6:: - - [17/Jun/2025:14:09:26 -0400] "GET /sitemap-subitems-590.xml HTTP/1.1" 301 0 "-" "meta-externalagent/1.1 (+https://developers.facebook.com/docs/sharing/webmasters/crawler)"
162.0.232.193 - - [17/Jun/2025:14:09:31 -0400] "GET /wind-breaker-chapter-273/ HTTP/1.1" 200 0 "-" "WP Rocket/Preload Mozilla/5.0 (iPhone; CPU iPhone OS 9_1 like Mac OS X) AppleWebKit/601.1.46 (KHTML, like Gecko) Version/9.0 Mobile/13B143 Safari/601.1"
162.0.232.193 - - [17/Jun/2025:14:09:32 -0400] "GET /wind-breaker-chapter-48/ HTTP/1.1" 200 0 "-" "WP Rocket/Preload"
162.0.232.193 - - [17/Jun/2025:14:09:35 -0400] "GET /wind-breaker-chapter-48/ HTTP/1.1" 200 0 "-" "WP Rocket/Preload Mozilla/5.0 (iPhone; CPU iPhone OS 9_1 like Mac OS X) AppleWebKit/601.1.46 (KHTML, like Gecko) Version/9.0 Mobile/13B143 Safari/601.1"
43.153.76.247 - - [17/Jun/2025:14:09:41 -0400] "GET /wind-breaker-chapter-549/ HTTP/1.1" 200 11669 "-" "Mozilla/5.0 (iPhone; CPU iPhone OS 13_2_3 like Mac OS X) AppleWebKit/605.1.15 (KHTML, like Gecko) Version/13.0.3 Mobile/15E148 Safari/604.1"
114.119.129.189 - - [17/Jun/2025:14:09:37 -0400] "GET /wind-breaker-chapter-329-part-3-ep-79/ HTTP/1.1" 301 0 "https://read10.windbreakermanga.com/tag/windbreaker-manga/" "Mozilla/5.0 (Linux; Android 7.0;) AppleWebKit/537.36 (KHTML, like Gecko) Mobile Safari/537.36 (compatible; PetalBot;+https://webmaster.petalsearch.com/site/petalbot)"
162.0.232.193 - - [17/Jun/2025:14:09:47 -0400] "POST /wp-cron.php?doing_wp_cron=1750183787.0812969207763671875000 HTTP/1.1" 200 0 "-" "WordPress/6.8.1; https://read11.windbreakermanga.com"
114.119.129.189 - - [17/Jun/2025:14:09:53 -0400] "GET / HTTP/1.1" 200 12638 "https://read10.windbreakermanga.com/tag/windbreaker-manga/" "Mozilla/5.0 (Linux; Android 7.0;) AppleWebKit/537.36 (KHTML, like Gecko) Mobile Safari/537.36 (compatible; PetalBot;+https://webmaster.petalsearch.com/site/petalbot)"
162.0.232.193 - - [17/Jun/2025:14:09:53 -0400] "GET /wind-breaker-chapter-322/ HTTP/1.1" 200 0 "-" "WP Rocket/Preload"
162.0.232.193 - - [17/Jun/2025:14:09:55 -0400] "GET /wind-breaker-chapter-322/ HTTP/1.1" 200 0 "-" "WP Rocket/Preload Mozilla/5.0 (iPhone; CPU iPhone OS 9_1 like Mac OS X) AppleWebKit/601.1.46 (KHTML, like Gecko) Version/9.0 Mobile/13B143 Safari/601.1"
162.0.232.193 - - [17/Jun/2025:14:09:56 -0400] "GET /wind-breaker-chapter-174/ HTTP/1.1" 200 0 "-" "WP Rocket/Preload"
162.0.232.193 - - [17/Jun/2025:14:09:58 -0400] "GET /wind-breaker-chapter-174/ HTTP/1.1" 200 0 "-" "WP Rocket/Preload Mozilla/5.0 (iPhone; CPU iPhone OS 9_1 like Mac OS X) AppleWebKit/601.1.46 (KHTML, like Gecko) Version/9.0 Mobile/13B143 Safari/601.1"
162.0.232.193 - - [17/Jun/2025:14:10:00 -0400] "GET /chapter-238/ HTTP/1.1" 200 0 "-" "WP Rocket/Preload"
162.0.232.193 - - [17/Jun/2025:14:10:02 -0400] "GET /chapter-238/ HTTP/1.1" 200 0 "-" "WP Rocket/Preload Mozilla/5.0 (iPhone; CPU iPhone OS 9_1 like Mac OS X) AppleWebKit/601.1.46 (KHTML, like Gecko) Version/9.0 Mobile/13B143 Safari/601.1"
162.0.232.193 - - [17/Jun/2025:14:10:04 -0400] "GET /wind-breaker-chapter-162/ HTTP/1.1" 200 0 "-" "WP Rocket/Preload"
162.0.232.193 - - [17/Jun/2025:14:10:06 -0400] "GET /wind-breaker-chapter-162/ HTTP/1.1" 200 0 "-" "WP Rocket/Preload Mozilla/5.0 (iPhone; CPU iPhone OS 9_1 like Mac OS X) AppleWebKit/601.1.46 (KHTML, like Gecko) Version/9.0 Mobile/13B143 Safari/601.1"
47.82.60.142 - - [17/Jun/2025:14:10:06 -0400] "GET /category/wind-breaker/page/8/ HTTP/1.1" 200 13269 "https://read11.windbreakermanga.com/category/wind-breaker/page/8/" "Mozilla/5.0 (Windows NT 10.0; Win64; x64) AppleWebKit/537.36 (KHTML, like Gecko) Chrome/114.0.0.0 Safari/537.36 Edg/114.0.1823.43"
162.0.232.193 - - [17/Jun/2025:14:10:16 -0400] "POST /wp-cron.php?doing_wp_cron=1750183815.5783350467681884765625 HTTP/1.1" 200 0 "-" "WordPress/6.8.1; https://read11.windbreakermanga.com"
162.0.232.193 - - [17/Jun/2025:14:10:24 -0400] "POST /wp-cron.php?doing_wp_cron=1750183824.0804889202117919921875 HTTP/1.1" 200 0 "-" "WordPress/6.8.1; https://read11.windbreakermanga.com"
162.0.232.193 - - [17/Jun/2025:14:10:27 -0400] "GET /wind-breaker-chapter-141/ HTTP/1.1" 200 12314 "-" "WP Rocket/Preload"
162.0.232.193 - - [17/Jun/2025:14:10:34 -0400] "GET /wind-breaker-chapter-141/ HTTP/1.1" 200 0 "-" "WP Rocket/Preload Mozilla/5.0 (iPhone; CPU iPhone OS 9_1 like Mac OS X) AppleWebKit/601.1.46 (KHTML, like Gecko) Version/9.0 Mobile/13B143 Safari/601.1"
162.0.232.193 - - [17/Jun/2025:14:10:42 -0400] "POST /wp-cron.php?doing_wp_cron=1750183841.9831650257110595703125 HTTP/1.1" 200 0 "-" "WordPress/6.8.1; https://read11.windbreakermanga.com"
114.119.154.207 - - [17/Jun/2025:14:11:03 -0400] "GET /wind-breaker-chapter-30/ HTTP/1.1" 200 11428 "https://read10.windbreakermanga.com/tag/windbreaker-manga/" "Mozilla/5.0 (Linux; Android 7.0;) AppleWebKit/537.36 (KHTML, like Gecko) Mobile Safari/537.36 (compatible; PetalBot;+https://webmaster.petalsearch.com/site/petalbot)"
162.0.232.193 - - [17/Jun/2025:14:11:11 -0400] "POST /wp-cron.php?doing_wp_cron=1750183871.0769701004028320312500 HTTP/1.1" 200 0 "-" "WordPress/6.8.1; https://read11.windbreakermanga.com"
18.207.79.144 - - [17/Jun/2025:14:11:18 -0400] "GET /manga/wind-breaker-chapter-399/ HTTP/1.1" 500 1034 "-" "Mozilla/5.0 AppleWebKit/537.36 (KHTML, like Gecko; compatible; Amazonbot/0.1; +https://developer.amazon.com/support/amazonbot) Chrome/119.0.6045.214 Safari/537.36"
162.0.232.193 - - [17/Jun/2025:14:11:26 -0400] "POST /wp-cron.php?doing_wp_cron=1750183885.5763659477233886718750 HTTP/1.1" 200 0 "-" "WordPress/6.8.1; https://read11.windbreakermanga.com"
162.0.232.193 - - [17/Jun/2025:14:11:28 -0400] "GET /wind-breaker-chapter-18/ HTTP/1.1" 200 0 "-" "WP Rocket/Preload"
162.0.232.193 - - [17/Jun/2025:14:11:30 -0400] "GET /wind-breaker-chapter-18/ HTTP/1.1" 200 0 "-" "WP Rocket/Preload Mozilla/5.0 (iPhone; CPU iPhone OS 9_1 like Mac OS X) AppleWebKit/601.1.46 (KHTML, like Gecko) Version/9.0 Mobile/13B143 Safari/601.1"
162.0.232.193 - - [17/Jun/2025:14:11:32 -0400] "GET /wind-breaker-chapter-261/ HTTP/1.1" 200 0 "-" "WP Rocket/Preload"
162.0.232.193 - - [17/Jun/2025:14:11:34 -0400] "GET /wind-breaker-chapter-261/ HTTP/1.1" 200 0 "-" "WP Rocket/Preload Mozilla/5.0 (iPhone; CPU iPhone OS 9_1 like Mac OS X) AppleWebKit/601.1.46 (KHTML, like Gecko) Version/9.0 Mobile/13B143 Safari/601.1"
162.0.232.193 - - [17/Jun/2025:14:11:36 -0400] "GET /wind-breaker-chapter-58/ HTTP/1.1" 200 12185 "-" "WP Rocket/Preload"
162.0.232.193 - - [17/Jun/2025:14:11:46 -0400] "GET /wind-breaker-chapter-58/ HTTP/1.1" 200 0 "-" "WP Rocket/Preload Mozilla/5.0 (iPhone; CPU iPhone OS 9_1 like Mac OS X) AppleWebKit/601.1.46 (KHTML, like Gecko) Version/9.0 Mobile/13B143 Safari/601.1"
162.0.232.193 - - [17/Jun/2025:14:11:52 -0400] "POST /wp-cron.php?doing_wp_cron=1750183911.9870328903198242187500 HTTP/1.1" 200 0 "-" "WordPress/6.8.1; https://read11.windbreakermanga.com"
162.0.232.193 - - [17/Jun/2025:14:12:12 -0400] "POST /wp-cron.php?doing_wp_cron=1750183932.2840549945831298828125 HTTP/1.1" 200 0 "-" "WordPress/6.8.1; https://read11.windbreakermanga.com"
66.249.77.201 - - [17/Jun/2025:14:12:12 -0400] "GET /product/extended/693_.jpg HTTP/1.1" 301 0 "-" "Googlebot-Image/1.0"
162.0.232.193 - - [17/Jun/2025:14:12:20 -0400] "GET /wp-content/uploads/f979bbbcbe9df560cb74049269d2541e_4104.xml HTTP/1.1" 200 2276 "-" "Mozilla/5.0 (X11; Linux x86_64) AppleWebKit/537.36 (KHTML, like Gecko) Ubuntu Chromium/41.0.2272.76"
66.249.77.199 - - [17/Jun/2025:14:12:20 -0400] "GET / HTTP/1.1" 200 81512 "-" "Googlebot-Image/1.0"
114.119.154.207 - - [17/Jun/2025:14:12:26 -0400] "GET / HTTP/1.1" 200 12638 "https://read8.windbreakermanga.com/wind-breaker/wind-breaker-chapter-256/" "Mozilla/5.0 (Linux; Android 7.0;) AppleWebKit/537.36 (KHTML, like Gecko) Mobile Safari/537.36 (compatible; PetalBot;+https://webmaster.petalsearch.com/site/petalbot)"
2a03:2880:f800:c:: - - [17/Jun/2025:14:12:47 -0400] "GET /shopdetail/98225588 HTTP/1.1" 301 0 "-" "meta-externalagent/1.1 (+https://developers.facebook.com/docs/sharing/webmasters/crawler)"
2a03:2880:f800:2:: - - [17/Jun/2025:14:13:06 -0400] "GET /shopdetail/98173332 HTTP/1.1" 301 0 "-" "meta-externalagent/1.1 (+https://developers.facebook.com/docs/sharing/webmasters/crawler)"
162.0.232.193 - - [17/Jun/2025:14:13:14 -0400] "POST /wp-cron.php?doing_wp_cron=1750183994.5386650562286376953125 HTTP/1.1" 200 0 "-" "WordPress/6.8.1; https://read11.windbreakermanga.com"
162.0.232.193 - - [17/Jun/2025:14:13:15 -0400] "POST /wp-cron.php?doing_wp_cron=1750183994.7102849483489990234375 HTTP/1.1" 200 0 "-" "WordPress/6.8.1; https://read11.windbreakermanga.com"
162.0.232.193 - - [17/Jun/2025:14:13:15 -0400] "GET /wind-breaker-chapter-41/ HTTP/1.1" 200 12258 "-" "WP Rocket/Preload"
162.0.232.193 - - [17/Jun/2025:14:13:21 -0400] "GET /wind-breaker-chapter-41/ HTTP/1.1" 200 0 "-" "WP Rocket/Preload Mozilla/5.0 (iPhone; CPU iPhone OS 9_1 like Mac OS X) AppleWebKit/601.1.46 (KHTML, like Gecko) Version/9.0 Mobile/13B143 Safari/601.1"
162.0.232.193 - - [17/Jun/2025:14:13:22 -0400] "GET /wind-breaker-chapter-277/ HTTP/1.1" 200 0 "-" "WP Rocket/Preload"
162.0.232.193 - - [17/Jun/2025:14:13:24 -0400] "GET /wind-breaker-chapter-277/ HTTP/1.1" 200 0 "-" "WP Rocket/Preload Mozilla/5.0 (iPhone; CPU iPhone OS 9_1 like Mac OS X) AppleWebKit/601.1.46 (KHTML, like Gecko) Version/9.0 Mobile/13B143 Safari/601.1"
162.0.232.193 - - [17/Jun/2025:14:13:26 -0400] "GET /wind-breaker-chapter-178/ HTTP/1.1" 200 0 "-" "WP Rocket/Preload"
162.0.232.193 - - [17/Jun/2025:14:13:27 -0400] "GET /wind-breaker-chapter-178/ HTTP/1.1" 200 0 "-" "WP Rocket/Preload Mozilla/5.0 (iPhone; CPU iPhone OS 9_1 like Mac OS X) AppleWebKit/601.1.46 (KHTML, like Gecko) Version/9.0 Mobile/13B143 Safari/601.1"
162.0.232.193 - - [17/Jun/2025:14:13:29 -0400] "GET /wind-breaker-chapter-104/ HTTP/1.1" 200 0 "-" "WP Rocket/Preload"
162.0.232.193 - - [17/Jun/2025:14:13:31 -0400] "GET /wind-breaker-chapter-104/ HTTP/1.1" 200 0 "-" "WP Rocket/Preload Mozilla/5.0 (iPhone; CPU iPhone OS 9_1 like Mac OS X) AppleWebKit/601.1.46 (KHTML, like Gecko) Version/9.0 Mobile/13B143 Safari/601.1"
162.0.232.193 - - [17/Jun/2025:14:13:33 -0400] "GET /wind-breaker-chapter-67/ HTTP/1.1" 200 0 "-" "WP Rocket/Preload"
162.0.232.193 - - [17/Jun/2025:14:13:34 -0400] "GET /wind-breaker-chapter-67/ HTTP/1.1" 200 0 "-" "WP Rocket/Preload Mozilla/5.0 (iPhone; CPU iPhone OS 9_1 like Mac OS X) AppleWebKit/601.1.46 (KHTML, like Gecko) Version/9.0 Mobile/13B143 Safari/601.1"
162.0.232.193 - - [17/Jun/2025:14:13:46 -0400] "POST /wp-cron.php?doing_wp_cron=1750184025.4788079261779785156250 HTTP/1.1" 200 0 "-" "WordPress/6.8.1; https://read11.windbreakermanga.com"
162.0.232.193 - - [17/Jun/2025:14:13:50 -0400] "GET /wind-breaker-chapter-284/ HTTP/1.1" 200 0 "-" "WP Rocket/Preload"
162.0.232.193 - - [17/Jun/2025:14:13:52 -0400] "GET /wind-breaker-chapter-284/ HTTP/1.1" 200 0 "-" "WP Rocket/Preload Mozilla/5.0 (iPhone; CPU iPhone OS 9_1 like Mac OS X) AppleWebKit/601.1.46 (KHTML, like Gecko) Version/9.0 Mobile/13B143 Safari/601.1"
162.0.232.193 - - [17/Jun/2025:14:13:54 -0400] "GET /wind-breaker-chapter-72/ HTTP/1.1" 200 0 "-" "WP Rocket/Preload"
114.119.152.134 - - [17/Jun/2025:14:13:54 -0400] "GET / HTTP/1.1" 200 12638 "https://windbreakermanga.com/wp-content/uploads/2021/11/wbr-685x1024.jpeg" "Mozilla/5.0 (Linux; Android 7.0;) AppleWebKit/537.36 (KHTML, like Gecko) Mobile Safari/537.36 (compatible; PetalBot;+https://webmaster.petalsearch.com/site/petalbot)"
162.0.232.193 - - [17/Jun/2025:14:13:55 -0400] "GET /wind-breaker-chapter-72/ HTTP/1.1" 200 0 "-" "WP Rocket/Preload Mozilla/5.0 (iPhone; CPU iPhone OS 9_1 like Mac OS X) AppleWebKit/601.1.46 (KHTML, like Gecko) Version/9.0 Mobile/13B143 Safari/601.1"
162.0.232.193 - - [17/Jun/2025:14:13:57 -0400] "GET /wind-breaker-chapter-43/ HTTP/1.1" 200 0 "-" "WP Rocket/Preload"
162.0.232.193 - - [17/Jun/2025:14:13:59 -0400] "GET /wind-breaker-chapter-43/ HTTP/1.1" 200 0 "-" "WP Rocket/Preload Mozilla/5.0 (iPhone; CPU iPhone OS 9_1 like Mac OS X) AppleWebKit/601.1.46 (KHTML, like Gecko) Version/9.0 Mobile/13B143 Safari/601.1"
162.0.232.193 - - [17/Jun/2025:14:14:01 -0400] "GET /wind-breaker-chapter-36/ HTTP/1.1" 200 0 "-" "WP Rocket/Preload"
162.0.232.193 - - [17/Jun/2025:14:14:03 -0400] "GET /wind-breaker-chapter-36/ HTTP/1.1" 200 0 "-" "WP Rocket/Preload Mozilla/5.0 (iPhone; CPU iPhone OS 9_1 like Mac OS X) AppleWebKit/601.1.46 (KHTML, like Gecko) Version/9.0 Mobile/13B143 Safari/601.1"
2a03:2880:f800:14:: - - [17/Jun/2025:14:14:02 -0400] "GET /shopdetail/98236756 HTTP/1.1" 301 0 "-" "meta-externalagent/1.1 (+https://developers.facebook.com/docs/sharing/webmasters/crawler)"
162.0.232.193 - - [17/Jun/2025:14:14:13 -0400] "POST /wp-cron.php?doing_wp_cron=1750184053.1787528991699218750000 HTTP/1.1" 200 0 "-" "WordPress/6.8.1; https://read11.windbreakermanga.com"
162.0.232.193 - - [17/Jun/2025:14:14:25 -0400] "POST /wp-cron.php?doing_wp_cron=1750184064.7785689830780029296875 HTTP/1.1" 200 0 "-" "WordPress/6.8.1; https://read11.windbreakermanga.com"
162.0.232.193 - - [17/Jun/2025:14:14:29 -0400] "GET /wind-breaker-chapter-346/ HTTP/1.1" 200 11826 "-" "WP Rocket/Preload"
162.0.232.193 - - [17/Jun/2025:14:14:40 -0400] "GET /wind-breaker-chapter-346/ HTTP/1.1" 200 0 "-" "WP Rocket/Preload Mozilla/5.0 (iPhone; CPU iPhone OS 9_1 like Mac OS X) AppleWebKit/601.1.46 (KHTML, like Gecko) Version/9.0 Mobile/13B143 Safari/601.1"
162.0.232.193 - - [17/Jun/2025:14:14:46 -0400] "POST /wp-cron.php?doing_wp_cron=1750184085.7772939205169677734375 HTTP/1.1" 200 0 "-" "WordPress/6.8.1; https://read11.windbreakermanga.com"
162.0.232.193 - - [17/Jun/2025:14:14:46 -0400] "POST /wp-cron.php?doing_wp_cron=1750184085.7024409770965576171875 HTTP/1.1" 200 0 "-" "WordPress/6.8.1; https://read11.windbreakermanga.com"
140.143.98.18 - - [17/Jun/2025:14:14:50 -0400] "GET / HTTP/1.1" 200 12638 "https://windbreakermanga.com/" "Mozilla/5.0 (iPhone; CPU iPhone OS 13_2_3 like Mac OS X) AppleWebKit/605.1.15 (KHTML, like Gecko) Version/13.0.3 Mobile/15E148 Safari/604.1"
114.119.152.134 - - [17/Jun/2025:14:15:01 -0400] "GET /wind-breaker-chapter-192-part-2-ep-124/ HTTP/1.1" 301 0 "https://read10.windbreakermanga.com/tag/windbreaker-manga/" "Mozilla/5.0 (Linux; Android 7.0;) AppleWebKit/537.36 (KHTML, like Gecko) Mobile Safari/537.36 (compatible; PetalBot;+https://webmaster.petalsearch.com/site/petalbot)"
47.82.61.181 - - [17/Jun/2025:14:15:07 -0400] "GET /category/wind-breaker-webtoon/page/4/ HTTP/1.1" 200 12773 "https://read11.windbreakermanga.com/category/wind-breaker-webtoon/page/4/" "Mozilla/5.0 (Windows NT 10.0; Win64; x64) AppleWebKit/537.36 (KHTML, like Gecko) Chrome/114.0.0.0 Safari/537.36 Edg/114.0.1823.43"
47.82.60.178 - - [17/Jun/2025:14:15:07 -0400] "GET /wind-breaker-chapter-63/ HTTP/1.1" 200 12283 "https://read11.windbreakermanga.com/wind-breaker-chapter-63/" "Mozilla/5.0 (Windows NT 10.0; Win64; x64) AppleWebKit/537.36 (KHTML, like Gecko) Chrome/114.0.0.0 Safari/537.36 Edg/114.0.1823.43"
162.0.232.193 - - [17/Jun/2025:14:15:12 -0400] "POST /wp-cron.php?doing_wp_cron=1750184112.4856669902801513671875 HTTP/1.1" 200 0 "-" "WordPress/6.8.1; https://read11.windbreakermanga.com"
162.0.232.193 - - [17/Jun/2025:14:15:25 -0400] "POST /wp-cron.php?doing_wp_cron=1750184124.7746770381927490234375 HTTP/1.1" 200 0 "-" "WordPress/6.8.1; https://read11.windbreakermanga.com"
162.0.232.193 - - [17/Jun/2025:14:15:29 -0400] "GET /wind-breaker-chapter-319/ HTTP/1.1" 200 0 "-" "WP Rocket/Preload"
162.0.232.193 - - [17/Jun/2025:14:15:30 -0400] "GET /wind-breaker-chapter-319/ HTTP/1.1" 200 0 "-" "WP Rocket/Preload Mozilla/5.0 (iPhone; CPU iPhone OS 9_1 like Mac OS X) AppleWebKit/601.1.46 (KHTML, like Gecko) Version/9.0 Mobile/13B143 Safari/601.1"
162.0.232.193 - - [17/Jun/2025:14:15:32 -0400] "GET /wind-breaker-chapter-221/ HTTP/1.1" 200 0 "-" "WP Rocket/Preload"
162.0.232.193 - - [17/Jun/2025:14:15:34 -0400] "GET /wind-breaker-chapter-221/ HTTP/1.1" 200 0 "-" "WP Rocket/Preload Mozilla/5.0 (iPhone; CPU iPhone OS 9_1 like Mac OS X) AppleWebKit/601.1.46 (KHTML, like Gecko) Version/9.0 Mobile/13B143 Safari/601.1"
162.0.232.193 - - [17/Jun/2025:14:15:35 -0400] "GET /wind-breaker-chapter-188/ HTTP/1.1" 200 12329 "-" "WP Rocket/Preload"
162.0.232.193 - - [17/Jun/2025:14:15:37 -0400] "GET /wind-breaker-chapter-188/ HTTP/1.1" 200 0 "-" "WP Rocket/Preload Mozilla/5.0 (iPhone; CPU iPhone OS 9_1 like Mac OS X) AppleWebKit/601.1.46 (KHTML, like Gecko) Version/9.0 Mobile/13B143 Safari/601.1"
2a03:2880:f800:2:: - - [17/Jun/2025:14:15:39 -0400] "GET / HTTP/1.1" 200 12547 "-" "meta-externalagent/1.1 (+https://developers.facebook.com/docs/sharing/webmasters/crawler)"
162.0.232.193 - - [17/Jun/2025:14:15:39 -0400] "GET /wind-breaker-chapter-113/ HTTP/1.1" 200 0 "-" "WP Rocket/Preload"
162.0.232.193 - - [17/Jun/2025:14:15:40 -0400] "GET /wind-breaker-chapter-113/ HTTP/1.1" 200 0 "-" "WP Rocket/Preload Mozilla/5.0 (iPhone; CPU iPhone OS 9_1 like Mac OS X) AppleWebKit/601.1.46 (KHTML, like Gecko) Version/9.0 Mobile/13B143 Safari/601.1"
2a03:2880:f800:14:: - - [17/Jun/2025:14:15:39 -0400] "GET /shopdetail/98184700 HTTP/1.1" 301 0 "-" "meta-externalagent/1.1 (+https://developers.facebook.com/docs/sharing/webmasters/crawler)"
162.0.232.193 - - [17/Jun/2025:14:15:43 -0400] "GET /wind-breaker-chapter-100/ HTTP/1.1" 200 11880 "-" "WP Rocket/Preload"
162.0.232.193 - - [17/Jun/2025:14:15:57 -0400] "GET /wind-breaker-chapter-100/ HTTP/1.1" 200 0 "-" "WP Rocket/Preload Mozilla/5.0 (iPhone; CPU iPhone OS 9_1 like Mac OS X) AppleWebKit/601.1.46 (KHTML, like Gecko) Version/9.0 Mobile/13B143 Safari/601.1"
2a03:2880:f800:1b:: - - [17/Jun/2025:14:15:55 -0400] "GET /shopdetail/98179856 HTTP/1.1" 301 0 "-" "meta-externalagent/1.1 (+https://developers.facebook.com/docs/sharing/webmasters/crawler)"
47.82.60.151 - - [17/Jun/2025:14:15:53 -0400] "GET /category/wind-breaker-webtoon/page/53/ HTTP/1.1" 200 12290 "https://read11.windbreakermanga.com/category/wind-breaker-webtoon/page/53/" "Mozilla/5.0 (Windows NT 10.0; Win64; x64) AppleWebKit/537.36 (KHTML, like Gecko) Chrome/114.0.0.0 Safari/537.36 Edg/114.0.1823.43"
162.0.232.193 - - [17/Jun/2025:14:16:05 -0400] "POST /wp-cron.php?doing_wp_cron=1750184164.7797429561614990234375 HTTP/1.1" 200 0 "-" "WordPress/6.8.1; https://read11.windbreakermanga.com"
162.0.232.193 - - [17/Jun/2025:14:16:05 -0400] "POST /wp-cron.php?doing_wp_cron=1750184164.7810909748077392578125 HTTP/1.1" 200 0 "-" "WordPress/6.8.1; https://read11.windbreakermanga.com"
162.0.232.193 - - [17/Jun/2025:14:16:11 -0400] "POST /wp-cron.php?doing_wp_cron=1750184171.2736289501190185546875 HTTP/1.1" 200 0 "-" "WordPress/6.8.1; https://read11.windbreakermanga.com"
2a03:2880:f800:a:: - - [17/Jun/2025:14:16:14 -0400] "GET /shopdetail/98189224 HTTP/1.1" 301 0 "-" "meta-externalagent/1.1 (+https://developers.facebook.com/docs/sharing/webmasters/crawler)"
162.0.232.193 - - [17/Jun/2025:14:16:19 -0400] "GET /wp-content/uploads/f979bbbcbe9df560cb74049269d2541e_4104.xml HTTP/1.1" 200 2276 "-" "Mozilla/5.0 (X11; Linux x86_64) AppleWebKit/537.36 (KHTML, like Gecko) Ubuntu Chromium/41.0.2272.76"
114.119.151.50 - - [17/Jun/2025:14:16:22 -0400] "GET /category/wind-breaker-manhwa/page/48/ HTTP/1.1" 200 12286 "https://read10.windbreakermanga.com/category/wind-breaker-manhwa/page/48/" "Mozilla/5.0 (Linux; Android 7.0;) AppleWebKit/537.36 (KHTML, like Gecko) Mobile Safari/537.36 (compatible; PetalBot;+https://webmaster.petalsearch.com/site/petalbot)"
2a03:2880:f800:10:: - - [17/Jun/2025:14:17:04 -0400] "GET /shopdetail/98183364 HTTP/1.1" 301 0 "-" "meta-externalagent/1.1 (+https://developers.facebook.com/docs/sharing/webmasters/crawler)"
162.0.232.193 - - [17/Jun/2025:14:17:13 -0400] "POST /wp-cron.php?doing_wp_cron=1750184233.3828039169311523437500 HTTP/1.1" 200 0 "-" "WordPress/6.8.1; https://read11.windbreakermanga.com"
162.0.232.193 - - [17/Jun/2025:14:17:13 -0400] "POST /wp-cron.php?doing_wp_cron=1750184233.3743350505828857421875 HTTP/1.1" 200 0 "-" "WordPress/6.8.1; https://read11.windbreakermanga.com"
162.0.232.193 - - [17/Jun/2025:14:17:14 -0400] "POST /wp-cron.php?doing_wp_cron=1750184234.4988689422607421875000 HTTP/1.1" 200 0 "-" "WordPress/6.8.1; https://read11.windbreakermanga.com"
162.0.232.193 - - [17/Jun/2025:14:17:16 -0400] "POST /wp-cron.php?doing_wp_cron=1750184236.4834709167480468750000 HTTP/1.1" 200 0 "-" "WordPress/6.8.1; https://read11.windbreakermanga.com"
2a03:2880:f800:1:: - - [17/Jun/2025:14:17:13 -0400] "GET /shopdetail/98195612 HTTP/1.1" 301 0 "-" "meta-externalagent/1.1 (+https://developers.facebook.com/docs/sharing/webmasters/crawler)"
162.0.232.193 - - [17/Jun/2025:14:17:19 -0400] "GET /wind-breaker-chapter-13/ HTTP/1.1" 200 12067 "-" "WP Rocket/Preload"
162.0.232.193 - - [17/Jun/2025:14:17:28 -0400] "POST /wp-cron.php?doing_wp_cron=1750184247.5774779319763183593750 HTTP/1.1" 200 0 "-" "WordPress/6.8.1; https://read11.windbreakermanga.com"
162.0.232.193 - - [17/Jun/2025:14:17:28 -0400] "GET /wind-breaker-chapter-13/ HTTP/1.1" 200 0 "-" "WP Rocket/Preload Mozilla/5.0 (iPhone; CPU iPhone OS 9_1 like Mac OS X) AppleWebKit/601.1.46 (KHTML, like Gecko) Version/9.0 Mobile/13B143 Safari/601.1"
162.0.232.193 - - [17/Jun/2025:14:17:31 -0400] "GET /wind-breaker-chapter-3/ HTTP/1.1" 200 0 "-" "WP Rocket/Preload"
162.0.232.193 - - [17/Jun/2025:14:17:33 -0400] "GET /wind-breaker-chapter-3/ HTTP/1.1" 200 0 "-" "WP Rocket/Preload Mozilla/5.0 (iPhone; CPU iPhone OS 9_1 like Mac OS X) AppleWebKit/601.1.46 (KHTML, like Gecko) Version/9.0 Mobile/13B143 Safari/601.1"
162.0.232.193 - - [17/Jun/2025:14:17:35 -0400] "GET /wind-breaker-chapter-314/ HTTP/1.1" 200 0 "-" "WP Rocket/Preload"
162.0.232.193 - - [17/Jun/2025:14:17:36 -0400] "GET /wind-breaker-chapter-314/ HTTP/1.1" 200 0 "-" "WP Rocket/Preload Mozilla/5.0 (iPhone; CPU iPhone OS 9_1 like Mac OS X) AppleWebKit/601.1.46 (KHTML, like Gecko) Version/9.0 Mobile/13B143 Safari/601.1"
162.0.232.193 - - [17/Jun/2025:14:17:38 -0400] "GET /wind-breaker-chapter-262/ HTTP/1.1" 200 0 "-" "WP Rocket/Preload"
162.0.232.193 - - [17/Jun/2025:14:17:40 -0400] "GET /wind-breaker-chapter-262/ HTTP/1.1" 200 12833 "-" "WP Rocket/Preload Mozilla/5.0 (iPhone; CPU iPhone OS 9_1 like Mac OS X) AppleWebKit/601.1.46 (KHTML, like Gecko) Version/9.0 Mobile/13B143 Safari/601.1"
162.0.232.193 - - [17/Jun/2025:14:17:42 -0400] "GET /wind-breaker-chapter-218/ HTTP/1.1" 200 0 "-" "WP Rocket/Preload"
162.0.232.193 - - [17/Jun/2025:14:17:43 -0400] "GET /wind-breaker-chapter-218/ HTTP/1.1" 200 0 "-" "WP Rocket/Preload Mozilla/5.0 (iPhone; CPU iPhone OS 9_1 like Mac OS X) AppleWebKit/601.1.46 (KHTML, like Gecko) Version/9.0 Mobile/13B143 Safari/601.1"
162.0.232.193 - - [17/Jun/2025:14:17:45 -0400] "GET /wind-breaker-chapter-135/ HTTP/1.1" 200 12266 "-" "WP Rocket/Preload"
162.0.232.193 - - [17/Jun/2025:14:17:46 -0400] "GET /wind-breaker-chapter-135/ HTTP/1.1" 200 0 "-" "WP Rocket/Preload Mozilla/5.0 (iPhone; CPU iPhone OS 9_1 like Mac OS X) AppleWebKit/601.1.46 (KHTML, like Gecko) Version/9.0 Mobile/13B143 Safari/601.1"
162.0.232.193 - - [17/Jun/2025:14:17:48 -0400] "GET /wind-breaker-chapter-547/ HTTP/1.1" 200 0 "-" "WP Rocket/Preload"
2a03:2880:f800:6:: - - [17/Jun/2025:14:17:43 -0400] "GET /shopdetail/98240944 HTTP/1.1" 301 0 "-" "meta-externalagent/1.1 (+https://developers.facebook.com/docs/sharing/webmasters/crawler)"
162.0.232.193 - - [17/Jun/2025:14:17:50 -0400] "GET /wind-breaker-chapter-547/ HTTP/1.1" 200 0 "-" "WP Rocket/Preload Mozilla/5.0 (iPhone; CPU iPhone OS 9_1 like Mac OS X) AppleWebKit/601.1.46 (KHTML, like Gecko) Version/9.0 Mobile/13B143 Safari/601.1"
162.0.232.193 - - [17/Jun/2025:14:17:57 -0400] "POST /wp-cron.php?doing_wp_cron=1750184277.4819099903106689453125 HTTP/1.1" 200 0 "-" "WordPress/6.8.1; https://read11.windbreakermanga.com"
114.119.130.178 - - [17/Jun/2025:14:17:51 -0400] "GET /category/wind-breaker-manga/page/38/ HTTP/1.1" 200 12042 "https://read10.windbreakermanga.com/category/wind-breaker-manga/page/38/" "Mozilla/5.0 (Linux; Android 7.0;) AppleWebKit/537.36 (KHTML, like Gecko) Mobile Safari/537.36 (compatible; PetalBot;+https://webmaster.petalsearch.com/site/petalbot)"
47.82.60.150 - - [17/Jun/2025:14:17:55 -0400] "GET /category/wind-breaker-manga/page/5/ HTTP/1.1" 200 13057 "https://read11.windbreakermanga.com/category/wind-breaker-manga/page/5/" "Mozilla/5.0 (Windows NT 10.0; Win64; x64) AppleWebKit/537.36 (KHTML, like Gecko) Chrome/114.0.0.0 Safari/537.36 Edg/114.0.1823.43"
162.0.232.193 - - [17/Jun/2025:14:18:13 -0400] "POST /wp-cron.php?doing_wp_cron=1750184292.6791980266571044921875 HTTP/1.1" 200 0 "-" "WordPress/6.8.1; https://read11.windbreakermanga.com"
162.0.232.193 - - [17/Jun/2025:14:18:24 -0400] "POST /wp-cron.php?doing_wp_cron=1750184304.5994598865509033203125 HTTP/1.1" 200 0 "-" "WordPress/6.8.1; https://read11.windbreakermanga.com"
162.0.232.193 - - [17/Jun/2025:14:18:28 -0400] "GET /wind-breaker-chapter-360/ HTTP/1.1" 200 11568 "-" "WP Rocket/Preload"
162.0.232.193 - - [17/Jun/2025:14:18:39 -0400] "GET /wind-breaker-chapter-360/ HTTP/1.1" 200 0 "-" "WP Rocket/Preload Mozilla/5.0 (iPhone; CPU iPhone OS 9_1 like Mac OS X) AppleWebKit/601.1.46 (KHTML, like Gecko) Version/9.0 Mobile/13B143 Safari/601.1"
162.0.232.193 - - [17/Jun/2025:14:18:42 -0400] "POST /wp-cron.php?doing_wp_cron=1750184322.5892550945281982421875 HTTP/1.1" 200 0 "-" "WordPress/6.8.1; https://read11.windbreakermanga.com"
162.0.232.193 - - [17/Jun/2025:14:18:53 -0400] "POST /wp-cron.php?doing_wp_cron=1750184333.5764539241790771484375 HTTP/1.1" 200 0 "-" "WordPress/6.8.1; https://read11.windbreakermanga.com"
2a03:2880:f800:c:: - - [17/Jun/2025:14:18:55 -0400] "GET /shopdetail/98200156 HTTP/1.1" 301 0 "-" "meta-externalagent/1.1 (+https://developers.facebook.com/docs/sharing/webmasters/crawler)"
114.119.152.134 - - [17/Jun/2025:14:19:08 -0400] "GET /chapter-249/ HTTP/1.1" 200 11104 "https://read8.windbreakermanga.com/wind-breaker/wind-breaker-chapter-371/" "Mozilla/5.0 (Linux; Android 7.0;) AppleWebKit/537.36 (KHTML, like Gecko) Mobile Safari/537.36 (compatible; PetalBot;+https://webmaster.petalsearch.com/site/petalbot)"
162.0.232.193 - - [17/Jun/2025:14:19:11 -0400] "POST /wp-cron.php?doing_wp_cron=1750184351.4845669269561767578125 HTTP/1.1" 200 0 "-" "WordPress/6.8.1; https://read11.windbreakermanga.com"
162.0.232.193 - - [17/Jun/2025:14:19:25 -0400] "POST /wp-cron.php?doing_wp_cron=1750184364.7918939590454101562500 HTTP/1.1" 200 0 "-" "WordPress/6.8.1; https://read11.windbreakermanga.com"
162.0.232.193 - - [17/Jun/2025:14:19:30 -0400] "GET /chapter-233/ HTTP/1.1" 200 0 "-" "WP Rocket/Preload"
43.157.158.178 - - [17/Jun/2025:14:19:28 -0400] "GET /?p=4543 HTTP/1.1" 301 0 "-" "Mozilla/5.0 (iPhone; CPU iPhone OS 13_2_3 like Mac OS X) AppleWebKit/605.1.15 (KHTML, like Gecko) Version/13.0.3 Mobile/15E148 Safari/604.1"
162.0.232.193 - - [17/Jun/2025:14:19:32 -0400] "GET /chapter-233/ HTTP/1.1" 200 11084 "-" "WP Rocket/Preload Mozilla/5.0 (iPhone; CPU iPhone OS 9_1 like Mac OS X) AppleWebKit/601.1.46 (KHTML, like Gecko) Version/9.0 Mobile/13B143 Safari/601.1"
162.0.232.193 - - [17/Jun/2025:14:19:33 -0400] "GET /wind-breaker-chapter-151/ HTTP/1.1" 200 0 "-" "WP Rocket/Preload"
43.157.158.178 - - [17/Jun/2025:14:19:35 -0400] "GET /wind-breaker-chapter-117/ HTTP/1.1" 200 12271 "https://read11.windbreakermanga.com/?p=4543" "Mozilla/5.0 (iPhone; CPU iPhone OS 13_2_3 like Mac OS X) AppleWebKit/605.1.15 (KHTML, like Gecko) Version/13.0.3 Mobile/15E148 Safari/604.1"
162.0.232.193 - - [17/Jun/2025:14:19:35 -0400] "GET /wind-breaker-chapter-151/ HTTP/1.1" 200 0 "-" "WP Rocket/Preload Mozilla/5.0 (iPhone; CPU iPhone OS 9_1 like Mac OS X) AppleWebKit/601.1.46 (KHTML, like Gecko) Version/9.0 Mobile/13B143 Safari/601.1"
162.0.232.193 - - [17/Jun/2025:14:19:37 -0400] "GET /wind-breaker-chapter-125/ HTTP/1.1" 200 0 "-" "WP Rocket/Preload"
162.0.232.193 - - [17/Jun/2025:14:19:38 -0400] "GET /wind-breaker-chapter-125/ HTTP/1.1" 200 12246 "-" "WP Rocket/Preload Mozilla/5.0 (iPhone; CPU iPhone OS 9_1 like Mac OS X) AppleWebKit/601.1.46 (KHTML, like Gecko) Version/9.0 Mobile/13B143 Safari/601.1"
162.0.232.193 - - [17/Jun/2025:14:19:40 -0400] "GET /wind-breaker-chapter-14/ HTTP/1.1" 200 12180 "-" "WP Rocket/Preload"
162.0.232.193 - - [17/Jun/2025:14:19:50 -0400] "GET /wind-breaker-chapter-14/ HTTP/1.1" 200 0 "-" "WP Rocket/Preload Mozilla/5.0 (iPhone; CPU iPhone OS 9_1 like Mac OS X) AppleWebKit/601.1.46 (KHTML, like Gecko) Version/9.0 Mobile/13B143 Safari/601.1"
162.0.232.193 - - [17/Jun/2025:14:19:56 -0400] "POST /wp-cron.php?doing_wp_cron=1750184395.5788009166717529296875 HTTP/1.1" 200 0 "-" "WordPress/6.8.1; https://read11.windbreakermanga.com"
162.0.232.193 - - [17/Jun/2025:14:20:11 -0400] "POST /wp-cron.php?doing_wp_cron=1750184411.6113998889923095703125 HTTP/1.1" 200 0 "-" "WordPress/6.8.1; https://read11.windbreakermanga.com"
162.0.232.193 - - [17/Jun/2025:14:20:17 -0400] "GET /wp-content/uploads/f979bbbcbe9df560cb74049269d2541e_4104.xml HTTP/1.1" 200 2276 "-" "Mozilla/5.0 (X11; Linux x86_64) AppleWebKit/537.36 (KHTML, like Gecko) Ubuntu Chromium/41.0.2272.76"
2a03:2880:f800:d:: - - [17/Jun/2025:14:20:16 -0400] "GET /shopdetail/98240308 HTTP/1.1" 301 0 "-" "meta-externalagent/1.1 (+https://developers.facebook.com/docs/sharing/webmasters/crawler)"
2a03:2880:f800:19:: - - [17/Jun/2025:14:20:44 -0400] "GET /shopdetail/98210468 HTTP/1.1" 301 0 "-" "meta-externalagent/1.1 (+https://developers.facebook.com/docs/sharing/webmasters/crawler)"
2a03:2880:f800:1:: - - [17/Jun/2025:14:20:49 -0400] "GET /shopdetail/98190896 HTTP/1.1" 301 0 "-" "meta-externalagent/1.1 (+https://developers.facebook.com/docs/sharing/webmasters/crawler)"
162.0.232.193 - - [17/Jun/2025:14:21:14 -0400] "POST /wp-cron.php?doing_wp_cron=1750184473.9732260704040527343750 HTTP/1.1" 200 0 "-" "WordPress/6.8.1; https://read11.windbreakermanga.com"
162.0.232.193 - - [17/Jun/2025:14:21:14 -0400] "POST /wp-cron.php?doing_wp_cron=1750184474.4744811058044433593750 HTTP/1.1" 200 0 "-" "WordPress/6.8.1; https://read11.windbreakermanga.com"
162.0.232.193 - - [17/Jun/2025:14:21:15 -0400] "POST /wp-cron.php?doing_wp_cron=1750184475.3810739517211914062500 HTTP/1.1" 200 0 "-" "WordPress/6.8.1; https://read11.windbreakermanga.com"
162.0.232.193 - - [17/Jun/2025:14:21:19 -0400] "GET /wind-breaker-chapter-6/ HTTP/1.1" 200 11923 "-" "WP Rocket/Preload"
162.0.232.193 - - [17/Jun/2025:14:21:27 -0400] "POST /wp-cron.php?doing_wp_cron=1750184487.0855090618133544921875 HTTP/1.1" 200 0 "-" "WordPress/6.8.1; https://read11.windbreakermanga.com"
162.0.232.193 - - [17/Jun/2025:14:21:27 -0400] "GET /wind-breaker-chapter-6/ HTTP/1.1" 200 0 "-" "WP Rocket/Preload Mozilla/5.0 (iPhone; CPU iPhone OS 9_1 like Mac OS X) AppleWebKit/601.1.46 (KHTML, like Gecko) Version/9.0 Mobile/13B143 Safari/601.1"
162.0.232.193 - - [17/Jun/2025:14:21:31 -0400] "GET /wind-breaker-chapter-351/ HTTP/1.1" 200 0 "-" "WP Rocket/Preload"
162.0.232.193 - - [17/Jun/2025:14:21:32 -0400] "GET /wind-breaker-chapter-351/ HTTP/1.1" 200 0 "-" "WP Rocket/Preload Mozilla/5.0 (iPhone; CPU iPhone OS 9_1 like Mac OS X) AppleWebKit/601.1.46 (KHTML, like Gecko) Version/9.0 Mobile/13B143 Safari/601.1"
162.0.232.193 - - [17/Jun/2025:14:21:34 -0400] "GET /wind-breaker-chapter-220/ HTTP/1.1" 200 0 "-" "WP Rocket/Preload"
162.0.232.193 - - [17/Jun/2025:14:21:36 -0400] "GET /wind-breaker-chapter-220/ HTTP/1.1" 200 0 "-" "WP Rocket/Preload Mozilla/5.0 (iPhone; CPU iPhone OS 9_1 like Mac OS X) AppleWebKit/601.1.46 (KHTML, like Gecko) Version/9.0 Mobile/13B143 Safari/601.1"
162.0.232.193 - - [17/Jun/2025:14:21:38 -0400] "GET /wind-breaker-chapter-180/ HTTP/1.1" 200 0 "-" "WP Rocket/Preload"
162.0.232.193 - - [17/Jun/2025:14:21:40 -0400] "GET /wind-breaker-chapter-180/ HTTP/1.1" 200 0 "-" "WP Rocket/Preload Mozilla/5.0 (iPhone; CPU iPhone OS 9_1 like Mac OS X) AppleWebKit/601.1.46 (KHTML, like Gecko) Version/9.0 Mobile/13B143 Safari/601.1"
162.0.232.193 - - [17/Jun/2025:14:21:41 -0400] "GET /wind-breaker-chapter-121/ HTTP/1.1" 200 0 "-" "WP Rocket/Preload"
162.0.232.193 - - [17/Jun/2025:14:21:43 -0400] "GET /wind-breaker-chapter-121/ HTTP/1.1" 200 0 "-" "WP Rocket/Preload Mozilla/5.0 (iPhone; CPU iPhone OS 9_1 like Mac OS X) AppleWebKit/601.1.46 (KHTML, like Gecko) Version/9.0 Mobile/13B143 Safari/601.1"
162.0.232.193 - - [17/Jun/2025:14:21:45 -0400] "GET /wind-breaker-chapter-119/ HTTP/1.1" 200 0 "-" "WP Rocket/Preload"
162.0.232.193 - - [17/Jun/2025:14:21:46 -0400] "GET /wind-breaker-chapter-119/ HTTP/1.1" 200 0 "-" "WP Rocket/Preload Mozilla/5.0 (iPhone; CPU iPhone OS 9_1 like Mac OS X) AppleWebKit/601.1.46 (KHTML, like Gecko) Version/9.0 Mobile/13B143 Safari/601.1"
2a03:2880:f800:4:: - - [17/Jun/2025:14:21:44 -0400] "GET /shopdetail/98232212 HTTP/1.1" 301 0 "-" "meta-externalagent/1.1 (+https://developers.facebook.com/docs/sharing/webmasters/crawler)"
162.0.232.193 - - [17/Jun/2025:14:21:51 -0400] "POST /wp-cron.php?doing_wp_cron=1750184511.4799730777740478515625 HTTP/1.1" 200 0 "-" "WordPress/6.8.1; https://read11.windbreakermanga.com"
66.249.77.193 - - [17/Jun/2025:14:22:07 -0400] "GET /item/cornutus35405244 HTTP/1.1" 200 80937 "-" "Mozilla/5.0 (Linux; Android 6.0.1; Nexus 5X Build/MMB29P) AppleWebKit/537.36 (KHTML, like Gecko) Chrome/136.0.7103.113 Mobile Safari/537.36 (compatible; Googlebot/2.1; +http://www.google.com/bot.html)"
114.119.130.178 - - [17/Jun/2025:14:22:01 -0400] "GET /category/wind-breaker-manhwa/page/53/ HTTP/1.1" 200 12270 "https://read10.windbreakermanga.com/category/wind-breaker-manhwa/page/53/" "Mozilla/5.0 (Linux; Android 7.0;) AppleWebKit/537.36 (KHTML, like Gecko) Mobile Safari/537.36 (compatible; PetalBot;+https://webmaster.petalsearch.com/site/petalbot)"
162.0.232.193 - - [17/Jun/2025:14:22:12 -0400] "POST /wp-cron.php?doing_wp_cron=1750184531.9801640510559082031250 HTTP/1.1" 200 0 "-" "WordPress/6.8.1; https://read11.windbreakermanga.com"
162.0.232.193 - - [17/Jun/2025:14:22:25 -0400] "POST /wp-cron.php?doing_wp_cron=1750184544.9746110439300537109375 HTTP/1.1" 200 0 "-" "WordPress/6.8.1; https://read11.windbreakermanga.com"
162.0.232.193 - - [17/Jun/2025:14:22:32 -0400] "GET /wind-breaker-chapter-266/ HTTP/1.1" 200 12517 "-" "WP Rocket/Preload"
162.0.232.193 - - [17/Jun/2025:14:22:42 -0400] "GET /wind-breaker-chapter-266/ HTTP/1.1" 200 0 "-" "WP Rocket/Preload Mozilla/5.0 (iPhone; CPU iPhone OS 9_1 like Mac OS X) AppleWebKit/601.1.46 (KHTML, like Gecko) Version/9.0 Mobile/13B143 Safari/601.1"
47.82.62.38 - - [17/Jun/2025:14:22:41 -0400] "GET /wind-breaker-chapter-45/ HTTP/1.1" 200 12245 "https://read11.windbreakermanga.com/wind-breaker-chapter-45/" "Mozilla/5.0 (Windows NT 10.0; Win64; x64) AppleWebKit/537.36 (KHTML, like Gecko) Chrome/114.0.0.0 Safari/537.36 Edg/114.0.1823.43"
162.0.232.193 - - [17/Jun/2025:14:22:49 -0400] "POST /wp-cron.php?doing_wp_cron=1750184568.9739720821380615234375 HTTP/1.1" 200 0 "-" "WordPress/6.8.1; https://read11.windbreakermanga.com"
2a03:2880:f800:1d:: - - [17/Jun/2025:14:22:54 -0400] "GET /sitemap-subitems-2120.xml HTTP/1.1" 301 0 "-" "meta-externalagent/1.1 (+https://developers.facebook.com/docs/sharing/webmasters/crawler)"
162.0.232.193 - - [17/Jun/2025:14:23:12 -0400] "POST /wp-cron.php?doing_wp_cron=1750184592.2919731140136718750000 HTTP/1.1" 200 0 "-" "WordPress/6.8.1; https://read11.windbreakermanga.com"
162.0.232.193 - - [17/Jun/2025:14:23:25 -0400] "POST /wp-cron.php?doing_wp_cron=1750184604.5990650653839111328125 HTTP/1.1" 200 0 "-" "WordPress/6.8.1; https://read11.windbreakermanga.com"
2a03:2880:f800:f:: - - [17/Jun/2025:14:23:27 -0400] "GET /shopdetail/98203236 HTTP/1.1" 301 0 "-" "meta-externalagent/1.1 (+https://developers.facebook.com/docs/sharing/webmasters/crawler)"
47.128.121.120 - - [17/Jun/2025:14:23:33 -0400] "GET / HTTP/1.1" 200 12638 "-" "Mozilla/5.0 (Linux; Android 5.0) AppleWebKit/537.36 (KHTML, like Gecko) Mobile Safari/537.36 (compatible; TikTokSpider; [email protected])"
114.119.130.178 - - [17/Jun/2025:14:23:20 -0400] "GET /category/manga/page/12/ HTTP/1.1" 200 13101 "https://read10.windbreakermanga.com/category/manga/page/11/" "Mozilla/5.0 (Linux; Android 7.0;) AppleWebKit/537.36 (KHTML, like Gecko) Mobile Safari/537.36 (compatible; PetalBot;+https://webmaster.petalsearch.com/site/petalbot)"
162.0.232.193 - - [17/Jun/2025:14:23:34 -0400] "GET /wind-breaker-chapter-255/ HTTP/1.1" 200 0 "-" "WP Rocket/Preload"
162.0.232.193 - - [17/Jun/2025:14:23:44 -0400] "POST /wp-cron.php?doing_wp_cron=1750184624.0760231018066406250000 HTTP/1.1" 200 0 "-" "WordPress/6.8.1; https://read11.windbreakermanga.com"
2a03:2880:f800:1b:: - - [17/Jun/2025:14:24:05 -0400] "GET /shopdetail/98189652 HTTP/1.1" 301 0 "-" "meta-externalagent/1.1 (+https://developers.facebook.com/docs/sharing/webmasters/crawler)"
162.0.232.193 - - [17/Jun/2025:14:24:12 -0400] "POST /wp-cron.php?doing_wp_cron=1750184651.7763869762420654296875 HTTP/1.1" 200 0 "-" "WordPress/6.8.1; https://read11.windbreakermanga.com"
162.0.232.193 - - [17/Jun/2025:14:24:19 -0400] "GET /wp-content/uploads/f979bbbcbe9df560cb74049269d2541e_4104.xml HTTP/1.1" 200 2276 "-" "Mozilla/5.0 (X11; Linux x86_64) AppleWebKit/537.36 (KHTML, like Gecko) Ubuntu Chromium/41.0.2272.76"
2a03:2880:f800:f:: - - [17/Jun/2025:14:24:37 -0400] "GET /shopdetail/98203336 HTTP/1.1" 301 0 "-" "meta-externalagent/1.1 (+https://developers.facebook.com/docs/sharing/webmasters/crawler)"
2a03:2880:f800:9:: - - [17/Jun/2025:14:24:59 -0400] "GET /shopdetail/98225824 HTTP/1.1" 301 0 "-" "meta-externalagent/1.1 (+https://developers.facebook.com/docs/sharing/webmasters/crawler)"
2a03:2880:f800:1b:: - - [17/Jun/2025:14:25:00 -0400] "GET /shopdetail/98183128 HTTP/1.1" 301 0 "-" "meta-externalagent/1.1 (+https://developers.facebook.com/docs/sharing/webmasters/crawler)"
162.0.232.193 - - [17/Jun/2025:14:25:13 -0400] "POST /wp-cron.php?doing_wp_cron=1750184712.5758829116821289062500 HTTP/1.1" 200 0 "-" "WordPress/6.8.1; https://read11.windbreakermanga.com"
2a03:2880:f800:12:: - - [17/Jun/2025:14:25:15 -0400] "GET /shopdetail/98251076 HTTP/1.1" 301 0 "-" "meta-externalagent/1.1 (+https://developers.facebook.com/docs/sharing/webmasters/crawler)"
47.82.60.10 - - [17/Jun/2025:14:25:20 -0400] "GET /chapter-425/ HTTP/1.1" 200 11101 "https://read11.windbreakermanga.com/chapter-425/" "Mozilla/5.0 (Windows NT 10.0; Win64; x64) AppleWebKit/537.36 (KHTML, like Gecko) Chrome/114.0.0.0 Safari/537.36 Edg/114.0.1823.43"
162.0.232.193 - - [17/Jun/2025:14:25:18 -0400] "GET /wind-breaker-chapter-84/ HTTP/1.1" 200 12182 "-" "WP Rocket/Preload"
162.0.232.193 - - [17/Jun/2025:14:25:30 -0400] "GET /wind-breaker-chapter-84/ HTTP/1.1" 200 0 "-" "WP Rocket/Preload Mozilla/5.0 (iPhone; CPU iPhone OS 9_1 like Mac OS X) AppleWebKit/601.1.46 (KHTML, like Gecko) Version/9.0 Mobile/13B143 Safari/601.1"
2a03:2880:f800:e:: - - [17/Jun/2025:14:25:28 -0400] "GET /shopdetail/98218764 HTTP/1.1" 301 0 "-" "meta-externalagent/1.1 (+https://developers.facebook.com/docs/sharing/webmasters/crawler)"
162.0.232.193 - - [17/Jun/2025:14:25:41 -0400] "POST /wp-cron.php?doing_wp_cron=1750184740.4762609004974365234375 HTTP/1.1" 200 0 "-" "WordPress/6.8.1; https://read11.windbreakermanga.com"
162.0.232.193 - - [17/Jun/2025:14:25:46 -0400] "GET /wind-breaker-chapter-216/ HTTP/1.1" 200 0 "-" "WP Rocket/Preload"
162.0.232.193 - - [17/Jun/2025:14:25:47 -0400] "GET /wind-breaker-chapter-216/ HTTP/1.1" 200 0 "-" "WP Rocket/Preload Mozilla/5.0 (iPhone; CPU iPhone OS 9_1 like Mac OS X) AppleWebKit/601.1.46 (KHTML, like Gecko) Version/9.0 Mobile/13B143 Safari/601.1"
162.0.232.193 - - [17/Jun/2025:14:25:49 -0400] "GET /wind-breaker-chapter-205/ HTTP/1.1" 200 0 "-" "WP Rocket/Preload"
162.0.232.193 - - [17/Jun/2025:14:25:50 -0400] "GET /wind-breaker-chapter-205/ HTTP/1.1" 200 0 "-" "WP Rocket/Preload Mozilla/5.0 (iPhone; CPU iPhone OS 9_1 like Mac OS X) AppleWebKit/601.1.46 (KHTML, like Gecko) Version/9.0 Mobile/13B143 Safari/601.1"
162.0.232.193 - - [17/Jun/2025:14:25:52 -0400] "GET /wind-breaker-chapter-186/ HTTP/1.1" 200 0 "-" "WP Rocket/Preload"
162.0.232.193 - - [17/Jun/2025:14:25:54 -0400] "GET /wind-breaker-chapter-186/ HTTP/1.1" 200 0 "-" "WP Rocket/Preload Mozilla/5.0 (iPhone; CPU iPhone OS 9_1 like Mac OS X) AppleWebKit/601.1.46 (KHTML, like Gecko) Version/9.0 Mobile/13B143 Safari/601.1"
162.0.232.193 - - [17/Jun/2025:14:25:55 -0400] "GET /wind-breaker-chapter-152/ HTTP/1.1" 200 0 "-" "WP Rocket/Preload"
162.0.232.193 - - [17/Jun/2025:14:25:57 -0400] "GET /wind-breaker-chapter-152/ HTTP/1.1" 200 0 "-" "WP Rocket/Preload Mozilla/5.0 (iPhone; CPU iPhone OS 9_1 like Mac OS X) AppleWebKit/601.1.46 (KHTML, like Gecko) Version/9.0 Mobile/13B143 Safari/601.1"
162.0.232.193 - - [17/Jun/2025:14:26:00 -0400] "GET /wind-breaker-chapter-137/ HTTP/1.1" 200 0 "-" "WP Rocket/Preload"
162.0.232.193 - - [17/Jun/2025:14:26:01 -0400] "GET /wind-breaker-chapter-137/ HTTP/1.1" 200 0 "-" "WP Rocket/Preload Mozilla/5.0 (iPhone; CPU iPhone OS 9_1 like Mac OS X) AppleWebKit/601.1.46 (KHTML, like Gecko) Version/9.0 Mobile/13B143 Safari/601.1"
162.0.232.193 - - [17/Jun/2025:14:26:13 -0400] "POST /wp-cron.php?doing_wp_cron=1750184772.3901870250701904296875 HTTP/1.1" 200 0 "-" "WordPress/6.8.1; https://read11.windbreakermanga.com"
162.0.232.193 - - [17/Jun/2025:14:26:25 -0400] "POST /wp-cron.php?doing_wp_cron=1750184784.6810660362243652343750 HTTP/1.1" 200 0 "-" "WordPress/6.8.1; https://read11.windbreakermanga.com"
162.0.232.193 - - [17/Jun/2025:14:26:30 -0400] "GET /wind-breaker-chapter-124/ HTTP/1.1" 200 0 "-" "WP Rocket/Preload"
162.0.232.193 - - [17/Jun/2025:14:26:31 -0400] "GET /wind-breaker-chapter-124/ HTTP/1.1" 200 0 "-" "WP Rocket/Preload Mozilla/5.0 (iPhone; CPU iPhone OS 9_1 like Mac OS X) AppleWebKit/601.1.46 (KHTML, like Gecko) Version/9.0 Mobile/13B143 Safari/601.1"
2a03:2880:f800:6:: - - [17/Jun/2025:14:26:34 -0400] "GET /shopdetail/98242616 HTTP/1.1" 301 0 "-" "meta-externalagent/1.1 (+https://developers.facebook.com/docs/sharing/webmasters/crawler)"
114.119.129.189 - - [17/Jun/2025:14:26:42 -0400] "GET /wind-breaker-chapter-349/ HTTP/1.1" 200 11947 "https://read8.windbreakermanga.com/wind-breaker/wind-breaker-chapter-371/" "Mozilla/5.0 (Linux; Android 7.0;) AppleWebKit/537.36 (KHTML, like Gecko) Mobile Safari/537.36 (compatible; PetalBot;+https://webmaster.petalsearch.com/site/petalbot)"
162.0.232.193 - - [17/Jun/2025:14:26:33 -0400] "GET /wind-breaker-chapter-123/ HTTP/1.1" 200 12227 "-" "WP Rocket/Preload"
162.0.232.193 - - [17/Jun/2025:14:26:44 -0400] "GET /wind-breaker-chapter-123/ HTTP/1.1" 200 0 "-" "WP Rocket/Preload Mozilla/5.0 (iPhone; CPU iPhone OS 9_1 like Mac OS X) AppleWebKit/601.1.46 (KHTML, like Gecko) Version/9.0 Mobile/13B143 Safari/601.1"
162.0.232.193 - - [17/Jun/2025:14:26:49 -0400] "POST /wp-cron.php?doing_wp_cron=1750184809.1736071109771728515625 HTTP/1.1" 200 0 "-" "WordPress/6.8.1; https://read11.windbreakermanga.com"
2a03:2880:f800:e:: - - [17/Jun/2025:14:26:46 -0400] "GET /shopdetail/98194268 HTTP/1.1" 301 0 "-" "meta-externalagent/1.1 (+https://developers.facebook.com/docs/sharing/webmasters/crawler)"
2a03:2880:f800:1d:: - - [17/Jun/2025:14:26:57 -0400] "GET /shopdetail/98212168 HTTP/1.1" 301 0 "-" "meta-externalagent/1.1 (+https://developers.facebook.com/docs/sharing/webmasters/crawler)"
66.249.77.200 - - [17/Jun/2025:14:27:09 -0400] "GET /items/11441748 HTTP/1.1" 200 82389 "-" "Mozilla/5.0 (Linux; Android 6.0.1; Nexus 5X Build/MMB29P) AppleWebKit/537.36 (KHTML, like Gecko) Chrome/136.0.7103.113 Mobile Safari/537.36 (compatible; Googlebot/2.1; +http://www.google.com/bot.html)"
162.0.232.193 - - [17/Jun/2025:14:27:12 -0400] "POST /wp-cron.php?doing_wp_cron=1750184831.3028800487518310546875 HTTP/1.1" 200 0 "-" "WordPress/6.8.1; https://read11.windbreakermanga.com"
162.0.232.193 - - [17/Jun/2025:14:27:17 -0400] "POST /wp-cron.php?doing_wp_cron=1750184837.4764640331268310546875 HTTP/1.1" 200 0 "-" "WordPress/6.8.1; https://read11.windbreakermanga.com"
47.82.61.179 - - [17/Jun/2025:14:27:23 -0400] "GET /category/manga/page/6/ HTTP/1.1" 200 13066 "https://read11.windbreakermanga.com/category/manga/page/6/" "Mozilla/5.0 (Windows NT 10.0; Win64; x64) AppleWebKit/537.36 (KHTML, like Gecko) Chrome/114.0.0.0 Safari/537.36 Edg/114.0.1823.43"
47.82.60.134 - - [17/Jun/2025:14:27:28 -0400] "GET /author/admin/page/50/ HTTP/1.1" 200 12580 "https://read11.windbreakermanga.com/author/admin/page/50/" "Mozilla/5.0 (Windows NT 10.0; Win64; x64) AppleWebKit/537.36 (KHTML, like Gecko) Chrome/114.0.0.0 Safari/537.36 Edg/114.0.1823.43"
2a03:2880:f800:19:: - - [17/Jun/2025:14:27:40 -0400] "GET /wind-breaker-chapter-520/ HTTP/1.1" 200 11691 "-" "meta-externalagent/1.1 (+https://developers.facebook.com/docs/sharing/webmasters/crawler)"
2a03:2880:f800:: - - [17/Jun/2025:14:27:38 -0400] "GET /shopdetail/98240336 HTTP/1.1" 301 0 "-" "meta-externalagent/1.1 (+https://developers.facebook.com/docs/sharing/webmasters/crawler)"
