2a03:2880:f800:b:: - - [17/Jun/2025:14:27:55 -0400] "GET /shopdetail/98238664 HTTP/1.1" 301 0 "-" "meta-externalagent/1.1 (+https://developers.facebook.com/docs/sharing/webmasters/crawler)"
162.0.232.193 - - [17/Jun/2025:14:28:18 -0400] "POST /wp-cron.php?doing_wp_cron=1750184897.8787031173706054687500 HTTP/1.1" 200 0 "-" "WordPress/6.8.1; https://read11.windbreakermanga.com"
162.0.232.193 - - [17/Jun/2025:14:28:18 -0400] "POST /wp-cron.php?doing_wp_cron=1750184898.6808090209960937500000 HTTP/1.1" 200 0 "-" "WordPress/6.8.1; https://read11.windbreakermanga.com"
162.0.232.193 - - [17/Jun/2025:14:28:19 -0400] "POST /wp-cron.php?doing_wp_cron=1750184899.2874419689178466796875 HTTP/1.1" 200 0 "-" "WordPress/6.8.1; https://read11.windbreakermanga.com"
162.0.232.193 - - [17/Jun/2025:14:28:20 -0400] "GET /wind-breaker-chapter-112/ HTTP/1.1" 200 11828 "-" "WP Rocket/Preload"
162.0.232.193 - - [17/Jun/2025:14:28:25 -0400] "GET /wp-content/uploads/f979bbbcbe9df560cb74049269d2541e_4104.xml HTTP/1.1" 200 2276 "-" "Mozilla/5.0 (X11; Linux x86_64) AppleWebKit/537.36 (KHTML, like Gecko) Ubuntu Chromium/41.0.2272.76"
162.0.232.193 - - [17/Jun/2025:14:28:25 -0400] "GET /wind-breaker-chapter-112/ HTTP/1.1" 200 0 "-" "WP Rocket/Preload Mozilla/5.0 (iPhone; CPU iPhone OS 9_1 like Mac OS X) AppleWebKit/601.1.46 (KHTML, like Gecko) Version/9.0 Mobile/13B143 Safari/601.1"
2a03:2880:f800:18:: - - [17/Jun/2025:14:28:26 -0400] "GET /wind-breaker-chapter-195-part-2-ep-127/ HTTP/1.1" 301 0 "-" "meta-externalagent/1.1 (+https://developers.facebook.com/docs/sharing/webmasters/crawler)"
2a03:2880:f800:d:: - - [17/Jun/2025:14:28:31 -0400] "GET / HTTP/1.1" 200 12660 "-" "meta-externalagent/1.1 (+https://developers.facebook.com/docs/sharing/webmasters/crawler)"
47.82.60.3 - - [17/Jun/2025:14:28:34 -0400] "GET /wind-breaker-chapter-47/ HTTP/1.1" 200 12232 "https://read11.windbreakermanga.com/wind-breaker-chapter-47/" "Mozilla/5.0 (Windows NT 10.0; Win64; x64) AppleWebKit/537.36 (KHTML, like Gecko) Chrome/114.0.0.0 Safari/537.36 Edg/114.0.1823.43"
162.0.232.193 - - [17/Jun/2025:14:29:21 -0400] "POST /wp-cron.php?doing_wp_cron=1750184961.0734329223632812500000 HTTP/1.1" 200 0 "-" "WordPress/6.8.1; https://read11.windbreakermanga.com"
162.0.232.193 - - [17/Jun/2025:14:29:23 -0400] "POST /wp-cron.php?doing_wp_cron=1750184962.8773450851440429687500 HTTP/1.1" 200 0 "-" "WordPress/6.8.1; https://read11.windbreakermanga.com"
162.0.232.193 - - [17/Jun/2025:14:29:23 -0400] "POST /wp-cron.php?doing_wp_cron=1750184963.4871439933776855468750 HTTP/1.1" 200 0 "-" "WordPress/6.8.1; https://read11.windbreakermanga.com"
162.0.232.193 - - [17/Jun/2025:14:29:26 -0400] "POST /wp-cron.php?doing_wp_cron=1750184965.7820339202880859375000 HTTP/1.1" 200 0 "-" "WordPress/6.8.1; https://read11.windbreakermanga.com"
162.0.232.193 - - [17/Jun/2025:14:29:27 -0400] "GET /wind-breaker-chapter-93/ HTTP/1.1" 200 12162 "-" "WP Rocket/Preload"
162.0.232.193 - - [17/Jun/2025:14:29:37 -0400] "GET /wind-breaker-chapter-93/ HTTP/1.1" 200 0 "-" "WP Rocket/Preload Mozilla/5.0 (iPhone; CPU iPhone OS 9_1 like Mac OS X) AppleWebKit/601.1.46 (KHTML, like Gecko) Version/9.0 Mobile/13B143 Safari/601.1"
162.0.232.193 - - [17/Jun/2025:14:29:44 -0400] "POST /wp-cron.php?doing_wp_cron=1750184983.6940259933471679687500 HTTP/1.1" 200 0 "-" "WordPress/6.8.1; https://read11.windbreakermanga.com"
162.0.232.193 - - [17/Jun/2025:14:30:13 -0400] "POST /wp-cron.php?doing_wp_cron=1750185013.2866880893707275390625 HTTP/1.1" 200 0 "-" "WordPress/6.8.1; https://read11.windbreakermanga.com"
162.0.232.193 - - [17/Jun/2025:14:30:24 -0400] "POST /wp-cron.php?doing_wp_cron=1750185024.0799219608306884765625 HTTP/1.1" 200 0 "-" "WordPress/6.8.1; https://read11.windbreakermanga.com"
100.28.204.82 - - [17/Jun/2025:14:30:26 -0400] "GET /wind-breaker-chapter-192-part-2-ep-124/ HTTP/1.1" 500 1034 "-" "Mozilla/5.0 AppleWebKit/537.36 (KHTML, like Gecko; compatible; Amazonbot/0.1; +https://developer.amazon.com/support/amazonbot) Chrome/119.0.6045.214 Safari/537.36"
162.0.232.193 - - [17/Jun/2025:14:30:27 -0400] "GET /wind-breaker-chapter-73/ HTTP/1.1" 200 0 "-" "WP Rocket/Preload"
47.82.61.187 - - [17/Jun/2025:14:30:28 -0400] "GET /category/manga/page/7/ HTTP/1.1" 200 12839 "https://read11.windbreakermanga.com/category/manga/page/7/" "Mozilla/5.0 (Windows NT 10.0; Win64; x64) AppleWebKit/537.36 (KHTML, like Gecko) Chrome/114.0.0.0 Safari/537.36 Edg/114.0.1823.43"
162.0.232.193 - - [17/Jun/2025:14:30:28 -0400] "GET /wind-breaker-chapter-73/ HTTP/1.1" 200 0 "-" "WP Rocket/Preload Mozilla/5.0 (iPhone; CPU iPhone OS 9_1 like Mac OS X) AppleWebKit/601.1.46 (KHTML, like Gecko) Version/9.0 Mobile/13B143 Safari/601.1"
162.0.232.193 - - [17/Jun/2025:14:30:30 -0400] "GET /wind-breaker-chapter-62/ HTTP/1.1" 200 0 "-" "WP Rocket/Preload"
162.0.232.193 - - [17/Jun/2025:14:30:32 -0400] "GET /wind-breaker-chapter-62/ HTTP/1.1" 200 0 "-" "WP Rocket/Preload Mozilla/5.0 (iPhone; CPU iPhone OS 9_1 like Mac OS X) AppleWebKit/601.1.46 (KHTML, like Gecko) Version/9.0 Mobile/13B143 Safari/601.1"
162.0.232.193 - - [17/Jun/2025:14:30:34 -0400] "GET /wind-breaker-chapter-30/ HTTP/1.1" 200 0 "-" "WP Rocket/Preload"
162.0.232.193 - - [17/Jun/2025:14:30:35 -0400] "GET /wind-breaker-chapter-30/ HTTP/1.1" 200 11504 "-" "WP Rocket/Preload Mozilla/5.0 (iPhone; CPU iPhone OS 9_1 like Mac OS X) AppleWebKit/601.1.46 (KHTML, like Gecko) Version/9.0 Mobile/13B143 Safari/601.1"
47.82.60.202 - - [17/Jun/2025:14:30:37 -0400] "GET /wind-breaker-chapter-45/ HTTP/1.1" 200 12249 "https://read11.windbreakermanga.com/wind-breaker-chapter-45/" "Mozilla/5.0 (Windows NT 10.0; Win64; x64) AppleWebKit/537.36 (KHTML, like Gecko) Chrome/114.0.0.0 Safari/537.36 Edg/114.0.1823.43"
162.0.232.193 - - [17/Jun/2025:14:30:37 -0400] "GET /wind-breaker-chapter-10/ HTTP/1.1" 200 0 "-" "WP Rocket/Preload"
47.82.60.202 - - [17/Jun/2025:14:30:38 -0400] "GET /wind-breaker-chapter-45/ HTTP/1.1" 304 0 "https://read11.windbreakermanga.com/wind-breaker-chapter-45/" "Mozilla/5.0 (Windows NT 10.0; Win64; x64) AppleWebKit/537.36 (KHTML, like Gecko) Chrome/114.0.0.0 Safari/537.36 Edg/114.0.1823.43"
47.82.60.202 - - [17/Jun/2025:14:30:38 -0400] "GET /wind-breaker-chapter-45/ HTTP/1.1" 304 0 "https://read11.windbreakermanga.com/wind-breaker-chapter-45/" "Mozilla/5.0 (Windows NT 10.0; Win64; x64) AppleWebKit/537.36 (KHTML, like Gecko) Chrome/114.0.0.0 Safari/537.36 Edg/114.0.1823.43"
47.82.62.12 - - [17/Jun/2025:14:30:39 -0400] "GET /wind-breaker-chapter-41/ HTTP/1.1" 200 12280 "https://read11.windbreakermanga.com/wind-breaker-chapter-41/" "Mozilla/5.0 (Windows NT 10.0; Win64; x64) AppleWebKit/537.36 (KHTML, like Gecko) Chrome/114.0.0.0 Safari/537.36 Edg/114.0.1823.43"
162.0.232.193 - - [17/Jun/2025:14:30:38 -0400] "GET /wind-breaker-chapter-10/ HTTP/1.1" 200 0 "-" "WP Rocket/Preload Mozilla/5.0 (iPhone; CPU iPhone OS 9_1 like Mac OS X) AppleWebKit/601.1.46 (KHTML, like Gecko) Version/9.0 Mobile/13B143 Safari/601.1"
162.0.232.193 - - [17/Jun/2025:14:30:40 -0400] "GET /wind-breaker-chapter-2/ HTTP/1.1" 200 11681 "-" "WP Rocket/Preload"
162.0.232.193 - - [17/Jun/2025:14:30:47 -0400] "GET /wind-breaker-chapter-2/ HTTP/1.1" 200 12043 "-" "WP Rocket/Preload Mozilla/5.0 (iPhone; CPU iPhone OS 9_1 like Mac OS X) AppleWebKit/601.1.46 (KHTML, like Gecko) Version/9.0 Mobile/13B143 Safari/601.1"
162.0.232.193 - - [17/Jun/2025:14:30:53 -0400] "POST /wp-cron.php?doing_wp_cron=1750185053.0852620601654052734375 HTTP/1.1" 200 0 "-" "WordPress/6.8.1; https://read11.windbreakermanga.com"
162.0.232.193 - - [17/Jun/2025:14:31:11 -0400] "POST /wp-cron.php?doing_wp_cron=1750185071.0794041156768798828125 HTTP/1.1" 200 0 "-" "WordPress/6.8.1; https://read11.windbreakermanga.com"
2a03:2880:f800:16:: - - [17/Jun/2025:14:31:11 -0400] "GET /shopdetail/98237292 HTTP/1.1" 301 0 "-" "meta-externalagent/1.1 (+https://developers.facebook.com/docs/sharing/webmasters/crawler)"
2a03:2880:f800:e:: - - [17/Jun/2025:14:31:17 -0400] "GET /shopdetail/98238328 HTTP/1.1" 301 0 "-" "meta-externalagent/1.1 (+https://developers.facebook.com/docs/sharing/webmasters/crawler)"
162.0.232.193 - - [17/Jun/2025:14:31:26 -0400] "POST /wp-cron.php?doing_wp_cron=1750185085.9823400974273681640625 HTTP/1.1" 200 0 "-" "WordPress/6.8.1; https://read11.windbreakermanga.com"
162.0.232.193 - - [17/Jun/2025:14:31:29 -0400] "GET /wind-breaker-chapter-202/ HTTP/1.1" 200 0 "-" "WP Rocket/Preload"
162.0.232.193 - - [17/Jun/2025:14:31:31 -0400] "GET /wind-breaker-chapter-202/ HTTP/1.1" 200 0 "-" "WP Rocket/Preload Mozilla/5.0 (iPhone; CPU iPhone OS 9_1 like Mac OS X) AppleWebKit/601.1.46 (KHTML, like Gecko) Version/9.0 Mobile/13B143 Safari/601.1"
162.0.232.193 - - [17/Jun/2025:14:31:33 -0400] "GET /wind-breaker-chapter-335/ HTTP/1.1" 200 0 "-" "WP Rocket/Preload"
162.0.232.193 - - [17/Jun/2025:14:31:34 -0400] "GET /wind-breaker-chapter-335/ HTTP/1.1" 200 0 "-" "WP Rocket/Preload Mozilla/5.0 (iPhone; CPU iPhone OS 9_1 like Mac OS X) AppleWebKit/601.1.46 (KHTML, like Gecko) Version/9.0 Mobile/13B143 Safari/601.1"
162.0.232.193 - - [17/Jun/2025:14:31:36 -0400] "GET /wind-breaker-chapter-302/ HTTP/1.1" 200 0 "-" "WP Rocket/Preload"
162.0.232.193 - - [17/Jun/2025:14:31:38 -0400] "GET /wind-breaker-chapter-302/ HTTP/1.1" 200 12937 "-" "WP Rocket/Preload Mozilla/5.0 (iPhone; CPU iPhone OS 9_1 like Mac OS X) AppleWebKit/601.1.46 (KHTML, like Gecko) Version/9.0 Mobile/13B143 Safari/601.1"
162.0.232.193 - - [17/Jun/2025:14:31:40 -0400] "GET /wind-breaker-chapter-297/ HTTP/1.1" 200 12833 "-" "WP Rocket/Preload"
47.82.62.37 - - [17/Jun/2025:14:31:41 -0400] "GET /wind-breaker-chapter-496/ HTTP/1.1" 200 12147 "https://read11.windbreakermanga.com/wind-breaker-chapter-496/" "Mozilla/5.0 (Windows NT 10.0; Win64; x64) AppleWebKit/537.36 (KHTML, like Gecko) Chrome/114.0.0.0 Safari/537.36 Edg/114.0.1823.43"
162.0.232.193 - - [17/Jun/2025:14:31:41 -0400] "GET /wind-breaker-chapter-297/ HTTP/1.1" 200 0 "-" "WP Rocket/Preload Mozilla/5.0 (iPhone; CPU iPhone OS 9_1 like Mac OS X) AppleWebKit/601.1.46 (KHTML, like Gecko) Version/9.0 Mobile/13B143 Safari/601.1"
162.0.232.193 - - [17/Jun/2025:14:31:43 -0400] "GET /wind-breaker-chapter-270/ HTTP/1.1" 200 0 "-" "WP Rocket/Preload"
162.0.232.193 - - [17/Jun/2025:14:31:44 -0400] "GET /wind-breaker-chapter-270/ HTTP/1.1" 200 0 "-" "WP Rocket/Preload Mozilla/5.0 (iPhone; CPU iPhone OS 9_1 like Mac OS X) AppleWebKit/601.1.46 (KHTML, like Gecko) Version/9.0 Mobile/13B143 Safari/601.1"
162.0.232.193 - - [17/Jun/2025:14:31:50 -0400] "POST /wp-cron.php?doing_wp_cron=1750185110.0880460739135742187500 HTTP/1.1" 200 0 "-" "WordPress/6.8.1; https://read11.windbreakermanga.com"
47.82.60.76 - - [17/Jun/2025:14:31:53 -0400] "GET /wind-breaker-chapter-499/ HTTP/1.1" 200 11668 "https://read11.windbreakermanga.com/wind-breaker-chapter-499/" "Mozilla/5.0 (Windows NT 10.0; Win64; x64) AppleWebKit/537.36 (KHTML, like Gecko) Chrome/114.0.0.0 Safari/537.36 Edg/114.0.1823.43"
162.0.232.193 - - [17/Jun/2025:14:32:15 -0400] "POST /wp-cron.php?doing_wp_cron=1750185135.1940090656280517578125 HTTP/1.1" 200 0 "-" "WordPress/6.8.1; https://read11.windbreakermanga.com"
17.241.219.55 - - [17/Jun/2025:14:32:17 -0400] "GET /wind-breaker-chapter-200/ HTTP/1.1" 200 12315 "-" "Mozilla/5.0 (Macintosh; Intel Mac OS X 10_15_7) AppleWebKit/605.1.15 (KHTML, like Gecko) Version/17.4 Safari/605.1.15 (Applebot/0.1; +http://www.apple.com/go/applebot)"
162.0.232.193 - - [17/Jun/2025:14:32:18 -0400] "GET /wp-content/uploads/f979bbbcbe9df560cb74049269d2541e_4104.xml HTTP/1.1" 200 2533 "-" "Mozilla/5.0 (X11; Linux x86_64) AppleWebKit/537.36 (KHTML, like Gecko) Ubuntu Chromium/41.0.2272.76"
47.82.61.197 - - [17/Jun/2025:14:32:22 -0400] "GET /wind-breaker-chapter-501/ HTTP/1.1" 200 11721 "https://read11.windbreakermanga.com/wind-breaker-chapter-501/" "Mozilla/5.0 (Windows NT 10.0; Win64; x64) AppleWebKit/537.36 (KHTML, like Gecko) Chrome/114.0.0.0 Safari/537.36 Edg/114.0.1823.43"
49.51.39.209 - - [17/Jun/2025:14:32:40 -0400] "GET /wind-breaker-chapter-176/ HTTP/1.1" 200 12353 "-" "Mozilla/5.0 (iPhone; CPU iPhone OS 13_2_3 like Mac OS X) AppleWebKit/605.1.15 (KHTML, like Gecko) Version/13.0.3 Mobile/15E148 Safari/604.1"
2a03:2880:f800:14:: - - [17/Jun/2025:14:32:53 -0400] "GET /shopdetail/98223380 HTTP/1.1" 301 0 "-" "meta-externalagent/1.1 (+https://developers.facebook.com/docs/sharing/webmasters/crawler)"
162.0.232.193 - - [17/Jun/2025:14:33:16 -0400] "POST /wp-cron.php?doing_wp_cron=1750185196.0799970626831054687500 HTTP/1.1" 200 0 "-" "WordPress/6.8.1; https://read11.windbreakermanga.com"
162.0.232.193 - - [17/Jun/2025:14:33:16 -0400] "POST /wp-cron.php?doing_wp_cron=1750185196.4761300086975097656250 HTTP/1.1" 200 0 "-" "WordPress/6.8.1; https://read11.windbreakermanga.com"
147.45.45.88 - - [17/Jun/2025:14:33:13 -0400] "GET /wp-login.php HTTP/1.1" 200 1886 "https://read10.windbreakermanga.com" "Mozilla/5.0 (Windows NT 6.1; Win64; x64) AppleWebKit/537.36 (KHTML, like Gecko) Chrome/95.0.4638.69 Safari/537.36"
162.0.232.193 - - [17/Jun/2025:14:33:18 -0400] "POST /wp-cron.php?doing_wp_cron=1750185197.7759709358215332031250 HTTP/1.1" 200 0 "-" "WordPress/6.8.1; https://read11.windbreakermanga.com"
162.0.232.193 - - [17/Jun/2025:14:33:18 -0400] "POST /wp-cron.php?doing_wp_cron=1750185197.5978190898895263671875 HTTP/1.1" 200 0 "-" "WordPress/6.8.1; https://read11.windbreakermanga.com"
147.45.45.88 - - [17/Jun/2025:14:33:18 -0400] "POST /wp-login.php HTTP/1.1" 302 0 "https://read11.windbreakermanga.com/wp-login.php" "Mozilla/5.0 (Windows NT 6.1; Win64; x64) AppleWebKit/537.36 (KHTML, like Gecko) Chrome/95.0.4638.69 Safari/537.36"
162.0.232.193 - - [17/Jun/2025:14:33:28 -0400] "POST /wp-cron.php?doing_wp_cron=1750185208.3889160156250000000000 HTTP/1.1" 200 0 "-" "WordPress/6.8.1; https://read11.windbreakermanga.com"
162.0.232.193 - - [17/Jun/2025:14:33:21 -0400] "GET /wind-breaker-chapter-263/ HTTP/1.1" 200 12362 "-" "WP Rocket/Preload"
162.0.232.193 - - [17/Jun/2025:14:33:30 -0400] "GET /wind-breaker-chapter-263/ HTTP/1.1" 200 0 "-" "WP Rocket/Preload Mozilla/5.0 (iPhone; CPU iPhone OS 9_1 like Mac OS X) AppleWebKit/601.1.46 (KHTML, like Gecko) Version/9.0 Mobile/13B143 Safari/601.1"
162.0.232.193 - - [17/Jun/2025:14:33:32 -0400] "POST /wp-cron.php?doing_wp_cron=1750185211.8845059871673583984375 HTTP/1.1" 200 0 "-" "WordPress/6.8.1; https://read11.windbreakermanga.com"
147.45.45.88 - - [17/Jun/2025:14:33:26 -0400] "GET /wp-admin/profile.php HTTP/1.1" 200 21326 "https://read11.windbreakermanga.com/wp-login.php" "Mozilla/5.0 (Windows NT 6.1; Win64; x64) AppleWebKit/537.36 (KHTML, like Gecko) Chrome/95.0.4638.69 Safari/537.36"
162.0.232.193 - - [17/Jun/2025:14:33:36 -0400] "POST /wp-admin/admin-ajax.php?action=as_async_request_queue_runner&nonce=a3b3aed9d7 HTTP/1.1" 200 0 "-" "WordPress/6.8.1; https://read11.windbreakermanga.com"
44.223.116.149 - - [17/Jun/2025:14:33:38 -0400] "GET /wind-breaker-chapter-77-part-2-ep-11/ HTTP/1.1" 500 1034 "-" "Mozilla/5.0 AppleWebKit/537.36 (KHTML, like Gecko; compatible; Amazonbot/0.1; +https://developer.amazon.com/support/amazonbot) Chrome/119.0.6045.214 Safari/537.36"
162.0.232.193 - - [17/Jun/2025:14:33:37 -0400] "GET /wind-breaker-chapter-227/ HTTP/1.1" 200 0 "-" "WP Rocket/Preload"
162.0.232.193 - - [17/Jun/2025:14:33:39 -0400] "GET /wind-breaker-chapter-227/ HTTP/1.1" 200 0 "-" "WP Rocket/Preload Mozilla/5.0 (iPhone; CPU iPhone OS 9_1 like Mac OS X) AppleWebKit/601.1.46 (KHTML, like Gecko) Version/9.0 Mobile/13B143 Safari/601.1"
162.0.232.193 - - [17/Jun/2025:14:33:41 -0400] "GET /wind-breaker-chapter-215/ HTTP/1.1" 200 0 "-" "WP Rocket/Preload"
162.0.232.193 - - [17/Jun/2025:14:33:42 -0400] "GET /wind-breaker-chapter-215/ HTTP/1.1" 200 0 "-" "WP Rocket/Preload Mozilla/5.0 (iPhone; CPU iPhone OS 9_1 like Mac OS X) AppleWebKit/601.1.46 (KHTML, like Gecko) Version/9.0 Mobile/13B143 Safari/601.1"
162.0.232.193 - - [17/Jun/2025:14:33:44 -0400] "GET /wind-breaker-chapter-179/ HTTP/1.1" 200 0 "-" "WP Rocket/Preload"
162.0.232.193 - - [17/Jun/2025:14:33:46 -0400] "GET /wind-breaker-chapter-179/ HTTP/1.1" 200 0 "-" "WP Rocket/Preload Mozilla/5.0 (iPhone; CPU iPhone OS 9_1 like Mac OS X) AppleWebKit/601.1.46 (KHTML, like Gecko) Version/9.0 Mobile/13B143 Safari/601.1"
162.0.232.193 - - [17/Jun/2025:14:33:47 -0400] "GET /wind-breaker-chapter-159/ HTTP/1.1" 200 0 "-" "WP Rocket/Preload"
162.0.232.193 - - [17/Jun/2025:14:33:49 -0400] "GET /wind-breaker-chapter-159/ HTTP/1.1" 200 0 "-" "WP Rocket/Preload Mozilla/5.0 (iPhone; CPU iPhone OS 9_1 like Mac OS X) AppleWebKit/601.1.46 (KHTML, like Gecko) Version/9.0 Mobile/13B143 Safari/601.1"
162.0.232.193 - - [17/Jun/2025:14:33:50 -0400] "GET /wind-breaker-chapter-142/ HTTP/1.1" 200 0 "-" "WP Rocket/Preload"
144.76.22.21 - - [17/Jun/2025:14:33:52 -0400] "GET /robots.txt HTTP/1.1" 304 0 "https://windbreakermanga.com/robots.txt" "Mozilla/5.0 (Windows NT 10.0; Win64; x64; trendictionbot0.5.0; trendiction search; http://www.trendiction.de/bot; please let us know of any problems; web at trendiction.com) Gecko/20100101 Firefox/125.0"
162.0.232.193 - - [17/Jun/2025:14:33:52 -0400] "GET /wind-breaker-chapter-142/ HTTP/1.1" 200 0 "-" "WP Rocket/Preload Mozilla/5.0 (iPhone; CPU iPhone OS 9_1 like Mac OS X) AppleWebKit/601.1.46 (KHTML, like Gecko) Version/9.0 Mobile/13B143 Safari/601.1"
162.0.232.193 - - [17/Jun/2025:14:33:54 -0400] "GET /wind-breaker-chapter-118/ HTTP/1.1" 200 0 "-" "WP Rocket/Preload"
162.0.232.193 - - [17/Jun/2025:14:33:56 -0400] "GET /wind-breaker-chapter-118/ HTTP/1.1" 200 12270 "-" "WP Rocket/Preload Mozilla/5.0 (iPhone; CPU iPhone OS 9_1 like Mac OS X) AppleWebKit/601.1.46 (KHTML, like Gecko) Version/9.0 Mobile/13B143 Safari/601.1"
144.76.22.21 - - [17/Jun/2025:14:33:55 -0400] "GET /feed/ HTTP/1.1" 200 3707 "https://windbreakermanga.com/feed/" "Mozilla/5.0 (Windows NT 10.0; Win64; x64; trendictionbot0.5.0; trendiction search; http://www.trendiction.de/bot; please let us know of any problems; web at trendiction.com) Gecko/20100101 Firefox/125.0"
162.0.232.193 - - [17/Jun/2025:14:34:02 -0400] "POST /wp-admin/admin-ajax.php?action=as_async_request_queue_runner&nonce=a3b3aed9d7 HTTP/1.1" 200 0 "-" "WordPress/6.8.1; https://read11.windbreakermanga.com"
162.0.232.193 - - [17/Jun/2025:14:34:08 -0400] "GET /wind-breaker-chapter-99/ HTTP/1.1" 200 0 "-" "WP Rocket/Preload"
162.0.232.193 - - [17/Jun/2025:14:34:10 -0400] "GET /wind-breaker-chapter-99/ HTTP/1.1" 200 0 "-" "WP Rocket/Preload Mozilla/5.0 (iPhone; CPU iPhone OS 9_1 like Mac OS X) AppleWebKit/601.1.46 (KHTML, like Gecko) Version/9.0 Mobile/13B143 Safari/601.1"
2a03:2880:f800:f:: - - [17/Jun/2025:14:34:11 -0400] "GET / HTTP/1.1" 200 12660 "-" "meta-externalagent/1.1 (+https://developers.facebook.com/docs/sharing/webmasters/crawler)"
162.0.232.193 - - [17/Jun/2025:14:34:16 -0400] "POST /wp-admin/admin-ajax.php?action=as_async_request_queue_runner&nonce=a3b3aed9d7 HTTP/1.1" 200 0 "-" "WordPress/6.8.1; https://read11.windbreakermanga.com"
162.0.232.193 - - [17/Jun/2025:14:34:19 -0400] "GET /wind-breaker-chapter-95/ HTTP/1.1" 200 0 "-" "WP Rocket/Preload"
162.0.232.193 - - [17/Jun/2025:14:34:21 -0400] "GET /wind-breaker-chapter-95/ HTTP/1.1" 200 0 "-" "WP Rocket/Preload Mozilla/5.0 (iPhone; CPU iPhone OS 9_1 like Mac OS X) AppleWebKit/601.1.46 (KHTML, like Gecko) Version/9.0 Mobile/13B143 Safari/601.1"
162.0.232.193 - - [17/Jun/2025:14:34:22 -0400] "GET /wind-breaker-chapter-8/ HTTP/1.1" 200 0 "-" "WP Rocket/Preload"
162.0.232.193 - - [17/Jun/2025:14:34:24 -0400] "GET /wind-breaker-chapter-8/ HTTP/1.1" 200 0 "-" "WP Rocket/Preload Mozilla/5.0 (iPhone; CPU iPhone OS 9_1 like Mac OS X) AppleWebKit/601.1.46 (KHTML, like Gecko) Version/9.0 Mobile/13B143 Safari/601.1"
162.0.232.193 - - [17/Jun/2025:14:34:26 -0400] "GET /wind-breaker-chapter-341/ HTTP/1.1" 200 0 "-" "WP Rocket/Preload"
162.0.232.193 - - [17/Jun/2025:14:34:27 -0400] "GET /wind-breaker-chapter-341/ HTTP/1.1" 200 0 "-" "WP Rocket/Preload Mozilla/5.0 (iPhone; CPU iPhone OS 9_1 like Mac OS X) AppleWebKit/601.1.46 (KHTML, like Gecko) Version/9.0 Mobile/13B143 Safari/601.1"
162.0.232.193 - - [17/Jun/2025:14:34:29 -0400] "GET /wind-breaker-chapter-213/ HTTP/1.1" 200 0 "-" "WP Rocket/Preload"
162.0.232.193 - - [17/Jun/2025:14:34:30 -0400] "GET /wind-breaker-chapter-213/ HTTP/1.1" 200 0 "-" "WP Rocket/Preload Mozilla/5.0 (iPhone; CPU iPhone OS 9_1 like Mac OS X) AppleWebKit/601.1.46 (KHTML, like Gecko) Version/9.0 Mobile/13B143 Safari/601.1"
162.0.232.193 - - [17/Jun/2025:14:34:33 -0400] "POST /wp-cron.php?doing_wp_cron=1750185272.8812539577484130859375 HTTP/1.1" 200 0 "-" "WordPress/6.8.1; https://read11.windbreakermanga.com"
162.0.232.193 - - [17/Jun/2025:14:34:33 -0400] "POST /wp-cron.php?doing_wp_cron=1750185273.0853888988494873046875 HTTP/1.1" 200 0 "-" "WordPress/6.8.1; https://read11.windbreakermanga.com"
162.0.232.193 - - [17/Jun/2025:14:34:33 -0400] "POST /wp-cron.php?doing_wp_cron=1750185273.3839790821075439453125 HTTP/1.1" 200 0 "-" "WordPress/6.8.1; https://read11.windbreakermanga.com"
162.0.232.193 - - [17/Jun/2025:14:34:35 -0400] "POST /wp-cron.php?doing_wp_cron=1750185274.8834979534149169921875 HTTP/1.1" 200 0 "-" "WordPress/6.8.1; https://read11.windbreakermanga.com"
162.0.232.193 - - [17/Jun/2025:14:34:32 -0400] "GET /wind-breaker-chapter-274/ HTTP/1.1" 200 12520 "-" "WP Rocket/Preload"
162.0.232.193 - - [17/Jun/2025:14:34:43 -0400] "GET /wind-breaker-chapter-274/ HTTP/1.1" 200 0 "-" "WP Rocket/Preload Mozilla/5.0 (iPhone; CPU iPhone OS 9_1 like Mac OS X) AppleWebKit/601.1.46 (KHTML, like Gecko) Version/9.0 Mobile/13B143 Safari/601.1"
162.0.232.193 - - [17/Jun/2025:14:34:46 -0400] "POST /wp-cron.php?doing_wp_cron=1750185285.9929869174957275390625 HTTP/1.1" 200 0 "-" "WordPress/6.8.1; https://read11.windbreakermanga.com"
162.0.232.193 - - [17/Jun/2025:14:34:50 -0400] "POST /wp-admin/admin-ajax.php?action=as_async_request_queue_runner&nonce=a3b3aed9d7 HTTP/1.1" 200 0 "-" "WordPress/6.8.1; https://read11.windbreakermanga.com"
162.0.232.193 - - [17/Jun/2025:14:34:51 -0400] "GET /wind-breaker-chapter-182/ HTTP/1.1" 200 0 "-" "WP Rocket/Preload"
162.0.232.193 - - [17/Jun/2025:14:34:52 -0400] "GET /wind-breaker-chapter-182/ HTTP/1.1" 200 0 "-" "WP Rocket/Preload Mozilla/5.0 (iPhone; CPU iPhone OS 9_1 like Mac OS X) AppleWebKit/601.1.46 (KHTML, like Gecko) Version/9.0 Mobile/13B143 Safari/601.1"
162.0.232.193 - - [17/Jun/2025:14:34:54 -0400] "GET /wind-breaker-chapter-60/ HTTP/1.1" 200 0 "-" "WP Rocket/Preload"
162.0.232.193 - - [17/Jun/2025:14:34:56 -0400] "GET /wind-breaker-chapter-60/ HTTP/1.1" 200 0 "-" "WP Rocket/Preload Mozilla/5.0 (iPhone; CPU iPhone OS 9_1 like Mac OS X) AppleWebKit/601.1.46 (KHTML, like Gecko) Version/9.0 Mobile/13B143 Safari/601.1"
162.0.232.193 - - [17/Jun/2025:14:34:57 -0400] "GET /wind-breaker-chapter-147/ HTTP/1.1" 200 0 "-" "WP Rocket/Preload"
162.0.232.193 - - [17/Jun/2025:14:34:59 -0400] "GET /wind-breaker-chapter-147/ HTTP/1.1" 200 12279 "-" "WP Rocket/Preload Mozilla/5.0 (iPhone; CPU iPhone OS 9_1 like Mac OS X) AppleWebKit/601.1.46 (KHTML, like Gecko) Version/9.0 Mobile/13B143 Safari/601.1"
162.0.232.193 - - [17/Jun/2025:14:35:00 -0400] "GET /wind-breaker-chapter-81/ HTTP/1.1" 200 0 "-" "WP Rocket/Preload"
162.0.232.193 - - [17/Jun/2025:14:35:02 -0400] "GET /wind-breaker-chapter-81/ HTTP/1.1" 200 0 "-" "WP Rocket/Preload Mozilla/5.0 (iPhone; CPU iPhone OS 9_1 like Mac OS X) AppleWebKit/601.1.46 (KHTML, like Gecko) Version/9.0 Mobile/13B143 Safari/601.1"
162.0.232.193 - - [17/Jun/2025:14:35:11 -0400] "POST /wp-cron.php?doing_wp_cron=1750185311.1773018836975097656250 HTTP/1.1" 200 0 "-" "WordPress/6.8.1; https://read11.windbreakermanga.com"
2001:ee0:5540:fedb:253b:254f:20cb:a0fb - - [17/Jun/2025:14:35:27 -0400] "GET /manga/wind-breaker-chapter-345/ HTTP/1.1" 301 0 "-" "Mozilla/5.0 (iPhone; CPU iPhone OS 17_0_3 like Mac OS X) AppleWebKit/605.1.15 (KHTML, like Gecko) Version/17.0 Mobile/15E148 Safari/604.1 OPX/2.2.0"
162.0.232.193 - - [17/Jun/2025:14:35:30 -0400] "POST /wp-cron.php?doing_wp_cron=1750185330.0839769840240478515625 HTTP/1.1" 200 0 "-" "WordPress/6.8.1; https://read11.windbreakermanga.com"
100.29.164.178 - - [17/Jun/2025:14:35:30 -0400] "GET /wind-breaker-chapter-232-part-2-ep-164/ HTTP/1.1" 500 1034 "-" "Mozilla/5.0 AppleWebKit/537.36 (KHTML, like Gecko; compatible; Amazonbot/0.1; +https://developer.amazon.com/support/amazonbot) Chrome/119.0.6045.214 Safari/537.36"
2001:ee0:4f36:d932:c495:38f:1abc:c23b - - [17/Jun/2025:14:35:32 -0400] "GET / HTTP/1.1" 200 12638 "-" "Mozilla/5.0 (iPhone; CPU iPhone OS 17_0_3 like Mac OS X) AppleWebKit/605.1.15 (KHTML, like Gecko) Version/17.0 Mobile/15E148 Safari/604.1 OPX/2.2.0"
47.82.61.164 - - [17/Jun/2025:14:35:27 -0400] "GET /category/wind-breaker-manhwa/page/17/ HTTP/1.1" 200 13061 "https://read11.windbreakermanga.com/category/wind-breaker-manhwa/page/17/" "Mozilla/5.0 (Windows NT 10.0; Win64; x64) AppleWebKit/537.36 (KHTML, like Gecko) Chrome/114.0.0.0 Safari/537.36 Edg/114.0.1823.43"
162.0.232.193 - - [17/Jun/2025:14:35:43 -0400] "POST /wp-cron.php?doing_wp_cron=1750185342.6783449649810791015625 HTTP/1.1" 200 0 "-" "WordPress/6.8.1; https://read11.windbreakermanga.com"
2a03:2880:f800:14:: - - [17/Jun/2025:14:36:01 -0400] "GET /sitemap-subitems-1478.xml HTTP/1.1" 301 0 "-" "meta-externalagent/1.1 (+https://developers.facebook.com/docs/sharing/webmasters/crawler)"
66.249.77.201 - - [17/Jun/2025:14:36:07 -0400] "GET /shopdetail/11180340 HTTP/1.1" 200 81116 "-" "Mozilla/5.0 (Linux; Android 6.0.1; Nexus 5X Build/MMB29P) AppleWebKit/537.36 (KHTML, like Gecko) Chrome/136.0.7103.113 Mobile Safari/537.36 (compatible; Googlebot/2.1; +http://www.google.com/bot.html)"
162.0.232.193 - - [17/Jun/2025:14:36:12 -0400] "POST /wp-cron.php?doing_wp_cron=1750185372.1895658969879150390625 HTTP/1.1" 200 0 "-" "WordPress/6.8.1; https://read11.windbreakermanga.com"
162.0.232.193 - - [17/Jun/2025:14:36:24 -0400] "GET /wp-content/uploads/f979bbbcbe9df560cb74049269d2541e_4104.xml HTTP/1.1" 200 2533 "-" "Mozilla/5.0 (X11; Linux x86_64) AppleWebKit/537.36 (KHTML, like Gecko) Ubuntu Chromium/41.0.2272.76"
162.0.232.193 - - [17/Jun/2025:14:37:15 -0400] "POST /wp-cron.php?doing_wp_cron=1750185435.6862709522247314453125 HTTP/1.1" 200 0 "-" "WordPress/6.8.1; https://read11.windbreakermanga.com"
162.0.232.193 - - [17/Jun/2025:14:37:24 -0400] "POST /wp-cron.php?doing_wp_cron=1750185444.1745679378509521484375 HTTP/1.1" 200 0 "-" "WordPress/6.8.1; https://read11.windbreakermanga.com"
162.0.232.193 - - [17/Jun/2025:14:37:42 -0400] "POST /wp-cron.php?doing_wp_cron=1750185461.8775029182434082031250 HTTP/1.1" 200 0 "-" "WordPress/6.8.1; https://read11.windbreakermanga.com"
2a03:2880:f800:c:: - - [17/Jun/2025:14:37:39 -0400] "GET /shopdetail/98215112 HTTP/1.1" 301 0 "-" "meta-externalagent/1.1 (+https://developers.facebook.com/docs/sharing/webmasters/crawler)"
2a03:2880:f800:10:: - - [17/Jun/2025:14:37:41 -0400] "GET /shopdetail/98211932 HTTP/1.1" 301 0 "-" "meta-externalagent/1.1 (+https://developers.facebook.com/docs/sharing/webmasters/crawler)"
2a03:2880:f800:f:: - - [17/Jun/2025:14:37:46 -0400] "GET /shopdetail/98214148 HTTP/1.1" 301 0 "-" "meta-externalagent/1.1 (+https://developers.facebook.com/docs/sharing/webmasters/crawler)"
49.51.183.15 - - [17/Jun/2025:14:37:59 -0400] "GET /wind-breaker-chapter-1/ HTTP/1.1" 200 12047 "-" "Mozilla/5.0 (iPhone; CPU iPhone OS 13_2_3 like Mac OS X) AppleWebKit/605.1.15 (KHTML, like Gecko) Version/13.0.3 Mobile/15E148 Safari/604.1"
162.0.232.193 - - [17/Jun/2025:14:38:16 -0400] "POST /wp-cron.php?doing_wp_cron=1750185495.6748778820037841796875 HTTP/1.1" 200 0 "-" "WordPress/6.8.1; https://read11.windbreakermanga.com"
47.82.61.94 - - [17/Jun/2025:14:38:21 -0400] "GET /category/wind-breaker/page/8/ HTTP/1.1" 200 13269 "https://read11.windbreakermanga.com/category/wind-breaker/page/8/" "Mozilla/5.0 (Windows NT 10.0; Win64; x64) AppleWebKit/537.36 (KHTML, like Gecko) Chrome/114.0.0.0 Safari/537.36 Edg/114.0.1823.43"
162.0.232.193 - - [17/Jun/2025:14:38:25 -0400] "POST /wp-cron.php?doing_wp_cron=1750185504.8765540122985839843750 HTTP/1.1" 200 0 "-" "WordPress/6.8.1; https://read11.windbreakermanga.com"
162.0.232.193 - - [17/Jun/2025:14:38:42 -0400] "POST /wp-cron.php?doing_wp_cron=1750185521.5854139328002929687500 HTTP/1.1" 200 0 "-" "WordPress/6.8.1; https://read11.windbreakermanga.com"
47.82.61.184 - - [17/Jun/2025:14:38:48 -0400] "GET /category/manga/page/50/ HTTP/1.1" 200 12462 "https://read11.windbreakermanga.com/category/manga/page/50/" "Mozilla/5.0 (Windows NT 10.0; Win64; x64) AppleWebKit/537.36 (KHTML, like Gecko) Chrome/114.0.0.0 Safari/537.36 Edg/114.0.1823.43"
162.0.232.193 - - [17/Jun/2025:14:39:14 -0400] "POST /wp-cron.php?doing_wp_cron=1750185554.6813650131225585937500 HTTP/1.1" 200 0 "-" "WordPress/6.8.1; https://read11.windbreakermanga.com"
162.0.232.193 - - [17/Jun/2025:14:39:26 -0400] "POST /wp-cron.php?doing_wp_cron=1750185566.3842248916625976562500 HTTP/1.1" 200 0 "-" "WordPress/6.8.1; https://read11.windbreakermanga.com"
162.0.232.193 - - [17/Jun/2025:14:39:41 -0400] "POST /wp-cron.php?doing_wp_cron=1750185581.5760719776153564453125 HTTP/1.1" 200 0 "-" "WordPress/6.8.1; https://read11.windbreakermanga.com"
20.171.207.97 - - [17/Jun/2025:14:40:05 -0400] "GET /?p=3967 HTTP/1.1" 301 0 "-" "Mozilla/5.0 AppleWebKit/537.36 (KHTML, like Gecko; compatible; GPTBot/1.2; +https://openai.com/gptbot)"
162.0.232.193 - - [17/Jun/2025:14:40:12 -0400] "POST /wp-cron.php?doing_wp_cron=1750185611.8811419010162353515625 HTTP/1.1" 200 0 "-" "WordPress/6.8.1; https://read11.windbreakermanga.com"
162.0.232.193 - - [17/Jun/2025:14:40:15 -0400] "GET /wp-content/uploads/f979bbbcbe9df560cb74049269d2541e_4104.xml HTTP/1.1" 200 2533 "-" "Mozilla/5.0 (X11; Linux x86_64) AppleWebKit/537.36 (KHTML, like Gecko) Ubuntu Chromium/41.0.2272.76"
2a03:2880:f800:f:: - - [17/Jun/2025:14:40:28 -0400] "GET / HTTP/1.1" 200 12660 "-" "meta-externalagent/1.1 (+https://developers.facebook.com/docs/sharing/webmasters/crawler)"
2a03:2880:f800:7:: - - [17/Jun/2025:14:40:58 -0400] "GET / HTTP/1.1" 200 12660 "-" "meta-externalagent/1.1 (+https://developers.facebook.com/docs/sharing/webmasters/crawler)"
2a03:2880:f800:e:: - - [17/Jun/2025:14:41:03 -0400] "GET /shopdetail/98201500 HTTP/1.1" 301 0 "-" "meta-externalagent/1.1 (+https://developers.facebook.com/docs/sharing/webmasters/crawler)"
162.0.232.193 - - [17/Jun/2025:14:41:12 -0400] "POST /wp-cron.php?doing_wp_cron=1750185672.5077519416809082031250 HTTP/1.1" 200 0 "-" "WordPress/6.8.1; https://read11.windbreakermanga.com"
17.241.75.74 - - [17/Jun/2025:14:41:22 -0400] "GET /wp-content/cache/min/1/wp-content/plugins/wp-automatic/css/wp-automatic.css?ver=1746140935 HTTP/1.1" 200 484 "https://read11.windbreakermanga.com/wind-breaker-chapter-200/" "Mozilla/5.0 (Macintosh; Intel Mac OS X 10_15_7) AppleWebKit/605.1.15 (KHTML, like Gecko) Version/17.4 Safari/605.1.15 (Applebot/0.1; +http://www.apple.com/go/applebot)"
17.241.75.138 - - [17/Jun/2025:14:41:22 -0400] "GET /wp-content/cache/min/1/wp-content/themes/toivo-lite/fonts/genericons/genericons/genericons.min.css?ver=1746140519 HTTP/1.1" 200 15990 "https://read11.windbreakermanga.com/wind-breaker-chapter-200/" "Mozilla/5.0 (Macintosh; Intel Mac OS X 10_15_7) AppleWebKit/605.1.15 (KHTML, like Gecko) Version/17.4 Safari/605.1.15 (Applebot/0.1; +http://www.apple.com/go/applebot)"
162.0.232.193 - - [17/Jun/2025:14:41:25 -0400] "POST /wp-cron.php?doing_wp_cron=1750185684.7097640037536621093750 HTTP/1.1" 200 0 "-" "WordPress/6.8.1; https://read11.windbreakermanga.com"
2a03:2880:f800:15:: - - [17/Jun/2025:14:41:36 -0400] "GET /shopdetail/98200292 HTTP/1.1" 301 0 "-" "meta-externalagent/1.1 (+https://developers.facebook.com/docs/sharing/webmasters/crawler)"
162.0.232.193 - - [17/Jun/2025:14:41:42 -0400] "POST /wp-cron.php?doing_wp_cron=1750185701.7073431015014648437500 HTTP/1.1" 200 0 "-" "WordPress/6.8.1; https://read11.windbreakermanga.com"
162.0.232.193 - - [17/Jun/2025:14:42:12 -0400] "POST /wp-cron.php?doing_wp_cron=1750185731.6893260478973388671875 HTTP/1.1" 200 0 "-" "WordPress/6.8.1; https://read11.windbreakermanga.com"
2a03:2880:f800:b:: - - [17/Jun/2025:14:42:18 -0400] "GET /sitemap-subitems-3019.xml HTTP/1.1" 301 0 "-" "meta-externalagent/1.1 (+https://developers.facebook.com/docs/sharing/webmasters/crawler)"
162.0.232.193 - - [17/Jun/2025:14:42:24 -0400] "POST /wp-cron.php?doing_wp_cron=1750185744.0763530731201171875000 HTTP/1.1" 200 0 "-" "WordPress/6.8.1; https://read11.windbreakermanga.com"
47.82.62.15 - - [17/Jun/2025:14:42:31 -0400] "GET /wind-breaker-chapter-497/ HTTP/1.1" 200 12094 "https://read11.windbreakermanga.com/wind-breaker-chapter-497/" "Mozilla/5.0 (Windows NT 10.0; Win64; x64) AppleWebKit/537.36 (KHTML, like Gecko) Chrome/114.0.0.0 Safari/537.36 Edg/114.0.1823.43"
162.0.232.193 - - [17/Jun/2025:14:42:44 -0400] "POST /wp-cron.php?doing_wp_cron=1750185764.1803529262542724609375 HTTP/1.1" 200 0 "-" "WordPress/6.8.1; https://read11.windbreakermanga.com"
162.0.232.193 - - [17/Jun/2025:14:43:12 -0400] "POST /wp-cron.php?doing_wp_cron=1750185792.1734631061553955078125 HTTP/1.1" 200 0 "-" "WordPress/6.8.1; https://read11.windbreakermanga.com"
162.0.232.193 - - [17/Jun/2025:14:43:27 -0400] "POST /wp-cron.php?doing_wp_cron=1750185806.5788350105285644531250 HTTP/1.1" 200 0 "-" "WordPress/6.8.1; https://read11.windbreakermanga.com"
162.0.232.193 - - [17/Jun/2025:14:43:45 -0400] "POST /wp-cron.php?doing_wp_cron=1750185825.4747459888458251953125 HTTP/1.1" 200 0 "-" "WordPress/6.8.1; https://read11.windbreakermanga.com"
162.0.232.193 - - [17/Jun/2025:14:44:04 -0400] "POST /wp-cron.php?doing_wp_cron=1750185843.8774380683898925781250 HTTP/1.1" 200 0 "-" "WordPress/6.8.1; https://read11.windbreakermanga.com"
170.79.54.198 - - [17/Jun/2025:14:44:04 -0400] "GET /manga/wind-breaker-chapter-270/ HTTP/1.1" 301 0 "-" "Mozilla/5.0 (Windows NT 10.0; Win64; x64) AppleWebKit/537.36 (KHTML, like Gecko) Chrome/122.0.0.0 Safari/537.36"
179.108.59.158 - - [17/Jun/2025:14:44:17 -0400] "GET / HTTP/1.1" 200 12660 "-" "Mozilla/5.0 (Windows NT 10.0; Win64; x64) AppleWebKit/537.36 (KHTML, like Gecko) Chrome/122.0.0.0 Safari/537.36"
216.73.216.244 - - [17/Jun/2025:14:45:06 -0400] "GET /sitemap_index.xml HTTP/1.1" 200 555 "-" "Mozilla/5.0 AppleWebKit/537.36 (KHTML, like Gecko; compatible; ClaudeBot/1.0; [email protected])"
162.0.232.193 - - [17/Jun/2025:14:45:10 -0400] "POST /wp-cron.php?doing_wp_cron=1750185909.2815170288085937500000 HTTP/1.1" 200 0 "-" "WordPress/6.8.1; https://read11.windbreakermanga.com"
162.0.232.193 - - [17/Jun/2025:14:45:11 -0400] "POST /wp-cron.php?doing_wp_cron=1750185910.7730629444122314453125 HTTP/1.1" 200 0 "-" "WordPress/6.8.1; https://read11.windbreakermanga.com"
162.0.232.193 - - [17/Jun/2025:14:45:12 -0400] "POST /wp-cron.php?doing_wp_cron=1750185911.4842491149902343750000 HTTP/1.1" 200 0 "-" "WordPress/6.8.1; https://read11.windbreakermanga.com"
162.0.232.193 - - [17/Jun/2025:14:45:12 -0400] "POST /wp-cron.php?doing_wp_cron=1750185911.7752640247344970703125 HTTP/1.1" 200 0 "-" "WordPress/6.8.1; https://read11.windbreakermanga.com"
162.0.232.193 - - [17/Jun/2025:14:45:16 -0400] "GET /wp-content/uploads/f979bbbcbe9df560cb74049269d2541e_4104.xml HTTP/1.1" 200 2533 "-" "Mozilla/5.0 (X11; Linux x86_64) AppleWebKit/537.36 (KHTML, like Gecko) Ubuntu Chromium/41.0.2272.76"
162.0.232.193 - - [17/Jun/2025:14:45:17 -0400] "GET /wp-content/uploads/f979bbbcbe9df560cb74049269d2541e_4104.xml HTTP/1.1" 200 2276 "-" "Mozilla/5.0 (X11; Linux x86_64) AppleWebKit/537.36 (KHTML, like Gecko) Ubuntu Chromium/41.0.2272.76"
177.203.125.203 - - [17/Jun/2025:14:45:51 -0400] "GET /wind-breaker-chapter-386/ HTTP/1.1" 200 12143 "-" "Mozilla/5.0 (Macintosh; Intel Mac OS X 13_6) AppleWebKit/605.1.15 (KHTML, like Gecko) Version/17.0 Safari/605.1.15"
2a03:2880:f800:6:: - - [17/Jun/2025:14:45:53 -0400] "GET / HTTP/1.1" 200 12660 "-" "meta-externalagent/1.1 (+https://developers.facebook.com/docs/sharing/webmasters/crawler)"
162.0.232.193 - - [17/Jun/2025:14:46:13 -0400] "POST /wp-cron.php?doing_wp_cron=1750185972.5946710109710693359375 HTTP/1.1" 200 0 "-" "WordPress/6.8.1; https://read11.windbreakermanga.com"
162.0.232.193 - - [17/Jun/2025:14:46:13 -0400] "POST /wp-cron.php?doing_wp_cron=1750185972.7871210575103759765625 HTTP/1.1" 200 0 "-" "WordPress/6.8.1; https://read11.windbreakermanga.com"
162.0.232.193 - - [17/Jun/2025:14:46:13 -0400] "POST /wp-cron.php?doing_wp_cron=1750185973.0803959369659423828125 HTTP/1.1" 200 0 "-" "WordPress/6.8.1; https://read11.windbreakermanga.com"
162.0.232.193 - - [17/Jun/2025:14:46:14 -0400] "POST /wp-cron.php?doing_wp_cron=1750185973.9807150363922119140625 HTTP/1.1" 200 0 "-" "WordPress/6.8.1; https://read11.windbreakermanga.com"
162.0.232.193 - - [17/Jun/2025:14:46:24 -0400] "POST /wp-cron.php?doing_wp_cron=1750185984.0846920013427734375000 HTTP/1.1" 200 0 "-" "WordPress/6.8.1; https://read11.windbreakermanga.com"
162.0.232.193 - - [17/Jun/2025:14:46:42 -0400] "POST /wp-cron.php?doing_wp_cron=1750186001.6825020313262939453125 HTTP/1.1" 200 0 "-" "WordPress/6.8.1; https://read11.windbreakermanga.com"
4.227.36.32 - - [17/Jun/2025:14:46:49 -0400] "GET /robots.txt HTTP/1.1" 304 0 "https://windbreakermanga.com:8443/robots.txt" "Mozilla/5.0 AppleWebKit/537.36 (KHTML, like Gecko; compatible; GPTBot/1.2; +https://openai.com/gptbot)"
162.0.232.193 - - [17/Jun/2025:14:47:11 -0400] "POST /wp-cron.php?doing_wp_cron=1750186031.0860641002655029296875 HTTP/1.1" 200 0 "-" "WordPress/6.8.1; https://read11.windbreakermanga.com"
162.0.232.193 - - [17/Jun/2025:14:47:25 -0400] "POST /wp-cron.php?doing_wp_cron=1750186045.1858930587768554687500 HTTP/1.1" 200 0 "-" "WordPress/6.8.1; https://read11.windbreakermanga.com"
47.82.60.180 - - [17/Jun/2025:14:47:25 -0400] "GET /wind-breaker-chapter-292/ HTTP/1.1" 200 12724 "https://read11.windbreakermanga.com/wind-breaker-chapter-292/" "Mozilla/5.0 (Windows NT 10.0; Win64; x64) AppleWebKit/537.36 (KHTML, like Gecko) Chrome/114.0.0.0 Safari/537.36 Edg/114.0.1823.43"
162.0.232.193 - - [17/Jun/2025:14:47:41 -0400] "POST /wp-cron.php?doing_wp_cron=1750186061.2726650238037109375000 HTTP/1.1" 200 0 "-" "WordPress/6.8.1; https://read11.windbreakermanga.com"
2a03:2880:f800:a:: - - [17/Jun/2025:14:47:49 -0400] "GET / HTTP/1.1" 200 12660 "-" "meta-externalagent/1.1 (+https://developers.facebook.com/docs/sharing/webmasters/crawler)"
47.82.61.128 - - [17/Jun/2025:14:47:55 -0400] "GET /wind-breaker-chapter-48/ HTTP/1.1" 200 11884 "https://read11.windbreakermanga.com/wind-breaker-chapter-48/" "Mozilla/5.0 (Windows NT 10.0; Win64; x64) AppleWebKit/537.36 (KHTML, like Gecko) Chrome/114.0.0.0 Safari/537.36 Edg/114.0.1823.43"
47.82.61.106 - - [17/Jun/2025:14:47:59 -0400] "GET /wind-breaker-chapter-503/ HTTP/1.1" 200 11662 "https://read11.windbreakermanga.com/wind-breaker-chapter-503/" "Mozilla/5.0 (Windows NT 10.0; Win64; x64) AppleWebKit/537.36 (KHTML, like Gecko) Chrome/114.0.0.0 Safari/537.36 Edg/114.0.1823.43"
162.0.232.193 - - [17/Jun/2025:14:48:11 -0400] "POST /wp-cron.php?doing_wp_cron=1750186091.3782839775085449218750 HTTP/1.1" 200 0 "-" "WordPress/6.8.1; https://read11.windbreakermanga.com"
162.0.232.193 - - [17/Jun/2025:14:48:26 -0400] "POST /wp-cron.php?doing_wp_cron=1750186106.1722140312194824218750 HTTP/1.1" 200 0 "-" "WordPress/6.8.1; https://read11.windbreakermanga.com"
47.82.60.140 - - [17/Jun/2025:14:48:29 -0400] "GET /author/admin/page/51/ HTTP/1.1" 200 12577 "https://read11.windbreakermanga.com/author/admin/page/51/" "Mozilla/5.0 (Windows NT 10.0; Win64; x64) AppleWebKit/537.36 (KHTML, like Gecko) Chrome/114.0.0.0 Safari/537.36 Edg/114.0.1823.43"
162.0.232.193 - - [17/Jun/2025:14:48:43 -0400] "POST /wp-cron.php?doing_wp_cron=1750186122.6894280910491943359375 HTTP/1.1" 200 0 "-" "WordPress/6.8.1; https://read11.windbreakermanga.com"
162.0.232.193 - - [17/Jun/2025:14:49:11 -0400] "POST /wp-cron.php?doing_wp_cron=1750186151.2746410369873046875000 HTTP/1.1" 200 0 "-" "WordPress/6.8.1; https://read11.windbreakermanga.com"
2a03:2880:f800:17:: - - [17/Jun/2025:14:49:14 -0400] "GET /shopdetail/98186608 HTTP/1.1" 301 0 "-" "meta-externalagent/1.1 (+https://developers.facebook.com/docs/sharing/webmasters/crawler)"
162.0.232.193 - - [17/Jun/2025:14:49:19 -0400] "GET /wp-content/uploads/f979bbbcbe9df560cb74049269d2541e_4104.xml HTTP/1.1" 200 2276 "-" "Mozilla/5.0 (X11; Linux x86_64) AppleWebKit/537.36 (KHTML, like Gecko) Ubuntu Chromium/41.0.2272.76"
2a03:2880:f800:: - - [17/Jun/2025:14:49:35 -0400] "GET /shopdetail/98238636 HTTP/1.1" 301 0 "-" "meta-externalagent/1.1 (+https://developers.facebook.com/docs/sharing/webmasters/crawler)"
47.82.60.14 - - [17/Jun/2025:14:49:50 -0400] "GET /category/wind-breaker-manga/page/4/ HTTP/1.1" 200 12967 "https://read11.windbreakermanga.com/category/wind-breaker-manga/page/4/" "Mozilla/5.0 (Windows NT 10.0; Win64; x64) AppleWebKit/537.36 (KHTML, like Gecko) Chrome/114.0.0.0 Safari/537.36 Edg/114.0.1823.43"
162.0.232.193 - - [17/Jun/2025:14:50:12 -0400] "POST /wp-cron.php?doing_wp_cron=1750186212.1929149627685546875000 HTTP/1.1" 200 0 "-" "WordPress/6.8.1; https://read11.windbreakermanga.com"
162.0.232.193 - - [17/Jun/2025:14:50:13 -0400] "POST /wp-cron.php?doing_wp_cron=1750186213.1898770332336425781250 HTTP/1.1" 200 0 "-" "WordPress/6.8.1; https://read11.windbreakermanga.com"
162.0.232.193 - - [17/Jun/2025:14:50:26 -0400] "POST /wp-cron.php?doing_wp_cron=1750186226.0824489593505859375000 HTTP/1.1" 200 0 "-" "WordPress/6.8.1; https://read11.windbreakermanga.com"
43.153.104.196 - - [17/Jun/2025:14:50:32 -0400] "GET /wind-breaker-chapter-1/feed/ HTTP/1.1" 200 420 "-" "Mozilla/5.0 (iPhone; CPU iPhone OS 13_2_3 like Mac OS X) AppleWebKit/605.1.15 (KHTML, like Gecko) Version/13.0.3 Mobile/15E148 Safari/604.1"
162.0.232.193 - - [17/Jun/2025:14:50:41 -0400] "POST /wp-cron.php?doing_wp_cron=1750186241.2930619716644287109375 HTTP/1.1" 200 0 "-" "WordPress/6.8.1; https://read11.windbreakermanga.com"
162.0.232.193 - - [17/Jun/2025:14:51:11 -0400] "POST /wp-cron.php?doing_wp_cron=1750186271.3863658905029296875000 HTTP/1.1" 200 0 "-" "WordPress/6.8.1; https://read11.windbreakermanga.com"
162.0.232.193 - - [17/Jun/2025:14:51:24 -0400] "POST /wp-cron.php?doing_wp_cron=1750186284.2803120613098144531250 HTTP/1.1" 200 0 "-" "WordPress/6.8.1; https://read11.windbreakermanga.com"
2a03:2880:f800:1:: - - [17/Jun/2025:14:51:20 -0400] "GET /shopdetail/98188280 HTTP/1.1" 301 0 "-" "meta-externalagent/1.1 (+https://developers.facebook.com/docs/sharing/webmasters/crawler)"
162.0.232.193 - - [17/Jun/2025:14:51:45 -0400] "POST /wp-cron.php?doing_wp_cron=1750186305.2781140804290771484375 HTTP/1.1" 200 0 "-" "WordPress/6.8.1; https://read11.windbreakermanga.com"
162.0.232.193 - - [17/Jun/2025:14:52:12 -0400] "POST /wp-cron.php?doing_wp_cron=1750186331.9815700054168701171875 HTTP/1.1" 200 0 "-" "WordPress/6.8.1; https://read11.windbreakermanga.com"
47.82.61.106 - - [17/Jun/2025:14:52:15 -0400] "GET /wind-breaker-chapter-44/ HTTP/1.1" 200 12339 "https://read11.windbreakermanga.com/wind-breaker-chapter-44/" "Mozilla/5.0 (Windows NT 10.0; Win64; x64) AppleWebKit/537.36 (KHTML, like Gecko) Chrome/114.0.0.0 Safari/537.36 Edg/114.0.1823.43"
162.0.232.193 - - [17/Jun/2025:14:52:25 -0400] "POST /wp-cron.php?doing_wp_cron=1750186344.8890340328216552734375 HTTP/1.1" 200 0 "-" "WordPress/6.8.1; https://read11.windbreakermanga.com"
162.0.232.193 - - [17/Jun/2025:14:52:48 -0400] "POST /wp-cron.php?doing_wp_cron=1750186367.6999390125274658203125 HTTP/1.1" 200 0 "-" "WordPress/6.8.1; https://read11.windbreakermanga.com"
47.82.61.88 - - [17/Jun/2025:14:52:54 -0400] "GET /category/wind-breaker-manga/page/6/ HTTP/1.1" 200 13157 "https://read11.windbreakermanga.com/category/wind-breaker-manga/page/6/" "Mozilla/5.0 (Windows NT 10.0; Win64; x64) AppleWebKit/537.36 (KHTML, like Gecko) Chrome/114.0.0.0 Safari/537.36 Edg/114.0.1823.43"
162.0.232.193 - - [17/Jun/2025:14:53:12 -0400] "POST /wp-cron.php?doing_wp_cron=1750186391.6782400608062744140625 HTTP/1.1" 200 0 "-" "WordPress/6.8.1; https://read11.windbreakermanga.com"
162.0.232.193 - - [17/Jun/2025:14:53:19 -0400] "GET /wp-content/uploads/f979bbbcbe9df560cb74049269d2541e_4104.xml HTTP/1.1" 200 2533 "-" "Mozilla/5.0 (X11; Linux x86_64) AppleWebKit/537.36 (KHTML, like Gecko) Ubuntu Chromium/41.0.2272.76"
162.0.232.193 - - [17/Jun/2025:14:54:15 -0400] "POST /wp-cron.php?doing_wp_cron=1750186454.6825480461120605468750 HTTP/1.1" 200 0 "-" "WordPress/6.8.1; https://read11.windbreakermanga.com"
162.0.232.193 - - [17/Jun/2025:14:54:16 -0400] "POST /wp-cron.php?doing_wp_cron=1750186456.0756928920745849609375 HTTP/1.1" 200 0 "-" "WordPress/6.8.1; https://read11.windbreakermanga.com"
162.0.232.193 - - [17/Jun/2025:14:54:16 -0400] "POST /wp-cron.php?doing_wp_cron=1750186455.8872530460357666015625 HTTP/1.1" 200 0 "-" "WordPress/6.8.1; https://read11.windbreakermanga.com"
162.0.232.193 - - [17/Jun/2025:14:54:18 -0400] "POST /wp-cron.php?doing_wp_cron=1750186457.7841970920562744140625 HTTP/1.1" 200 0 "-" "WordPress/6.8.1; https://read11.windbreakermanga.com"
162.0.232.193 - - [17/Jun/2025:14:54:25 -0400] "POST /wp-cron.php?doing_wp_cron=1750186465.0089581012725830078125 HTTP/1.1" 200 0 "-" "WordPress/6.8.1; https://read11.windbreakermanga.com"
162.0.232.193 - - [17/Jun/2025:14:54:42 -0400] "POST /wp-cron.php?doing_wp_cron=1750186482.0881540775299072265625 HTTP/1.1" 200 0 "-" "WordPress/6.8.1; https://read11.windbreakermanga.com"
66.249.77.192 - - [17/Jun/2025:14:55:08 -0400] "GET /shopdetail/muttonhead6698964 HTTP/1.1" 200 82048 "-" "Mozilla/5.0 (Linux; Android 6.0.1; Nexus 5X Build/MMB29P) AppleWebKit/537.36 (KHTML, like Gecko) Chrome/136.0.7103.113 Mobile Safari/537.36 (compatible; Googlebot/2.1; +http://www.google.com/bot.html)"
36.68.54.3 - - [17/Jun/2025:14:55:10 -0400] "GET /wind-breaker-chapter-378/ HTTP/1.1" 200 12143 "-" "Mozilla/5.0 (Windows NT 10.0; Win64; x64) AppleWebKit/537.36 (KHTML, like Gecko) Chrome/121.0.0.0 Safari/537.36 Edg/121.0.0.0"
162.0.232.193 - - [17/Jun/2025:14:55:11 -0400] "POST /wp-cron.php?doing_wp_cron=1750186511.3762359619140625000000 HTTP/1.1" 200 0 "-" "WordPress/6.8.1; https://read11.windbreakermanga.com"
162.0.232.193 - - [17/Jun/2025:14:55:26 -0400] "POST /wp-cron.php?doing_wp_cron=1750186526.4240839481353759765625 HTTP/1.1" 200 0 "-" "WordPress/6.8.1; https://read11.windbreakermanga.com"
2a03:2880:f800:4:: - - [17/Jun/2025:14:55:22 -0400] "GET /shopdetail/98226552 HTTP/1.1" 301 0 "-" "meta-externalagent/1.1 (+https://developers.facebook.com/docs/sharing/webmasters/crawler)"
162.0.232.193 - - [17/Jun/2025:14:55:44 -0400] "POST /wp-cron.php?doing_wp_cron=1750186543.9810800552368164062500 HTTP/1.1" 200 0 "-" "WordPress/6.8.1; https://read11.windbreakermanga.com"
162.0.232.193 - - [17/Jun/2025:14:55:49 -0400] "POST /wp-cron.php?doing_wp_cron=1750186549.5819959640502929687500 HTTP/1.1" 200 0 "-" "WordPress/6.8.1; https://read11.windbreakermanga.com"
2a03:2880:f800:19:: - - [17/Jun/2025:14:56:11 -0400] "GET / HTTP/1.1" 200 12660 "-" "meta-externalagent/1.1 (+https://developers.facebook.com/docs/sharing/webmasters/crawler)"
162.0.232.193 - - [17/Jun/2025:14:56:50 -0400] "POST /wp-cron.php?doing_wp_cron=1750186610.2756741046905517578125 HTTP/1.1" 200 0 "-" "WordPress/6.8.1; https://read11.windbreakermanga.com"
162.0.232.193 - - [17/Jun/2025:14:56:55 -0400] "GET /wp-content/uploads/f979bbbcbe9df560cb74049269d2541e_4104.xml HTTP/1.1" 200 2276 "-" "Mozilla/5.0 (X11; Linux x86_64) AppleWebKit/537.36 (KHTML, like Gecko) Ubuntu Chromium/41.0.2272.76"
66.249.77.201 - - [17/Jun/2025:14:57:10 -0400] "GET /products/e/voussoir113664660 HTTP/1.1" 200 81096 "-" "Mozilla/5.0 (Linux; Android 6.0.1; Nexus 5X Build/MMB29P) AppleWebKit/537.36 (KHTML, like Gecko) Chrome/136.0.7103.113 Mobile Safari/537.36 (compatible; Googlebot/2.1; +http://www.google.com/bot.html)"
66.249.77.192 - - [17/Jun/2025:14:57:11 -0400] "GET /item/qny/oogenesis6169252 HTTP/1.1" 200 81041 "-" "Mozilla/5.0 (Linux; Android 6.0.1; Nexus 5X Build/MMB29P) AppleWebKit/537.36 (KHTML, like Gecko) Chrome/136.0.7103.113 Mobile Safari/537.36 (compatible; Googlebot/2.1; +http://www.google.com/bot.html)"
47.82.61.134 - - [17/Jun/2025:14:57:09 -0400] "GET /category/manga/page/47/ HTTP/1.1" 200 12749 "https://read11.windbreakermanga.com/category/manga/page/47/" "Mozilla/5.0 (Windows NT 10.0; Win64; x64) AppleWebKit/537.36 (KHTML, like Gecko) Chrome/114.0.0.0 Safari/537.36 Edg/114.0.1823.43"
54.36.148.229 - - [17/Jun/2025:14:57:31 -0400] "GET /sitemap.xml HTTP/1.1" 200 10201 "-" "Mozilla/5.0 (compatible; AhrefsBot/7.0; +http://ahrefs.com/robot/)"
162.0.232.193 - - [17/Jun/2025:14:57:51 -0400] "POST /wp-cron.php?doing_wp_cron=1750186670.9098510742187500000000 HTTP/1.1" 200 0 "-" "WordPress/6.8.1; https://read11.windbreakermanga.com"
162.0.232.193 - - [17/Jun/2025:14:57:52 -0400] "POST /wp-cron.php?doing_wp_cron=1750186671.7747468948364257812500 HTTP/1.1" 200 0 "-" "WordPress/6.8.1; https://read11.windbreakermanga.com"
2a03:2880:f800:1b:: - - [17/Jun/2025:14:57:57 -0400] "GET /sitemap-subitems-2797.xml HTTP/1.1" 301 0 "-" "meta-externalagent/1.1 (+https://developers.facebook.com/docs/sharing/webmasters/crawler)"
2a03:2880:f800:2:: - - [17/Jun/2025:14:58:00 -0400] "GET /wind-breaker-chapter-238-part-2-ep-170/ HTTP/1.1" 301 0 "-" "meta-externalagent/1.1 (+https://developers.facebook.com/docs/sharing/webmasters/crawler)"
2a03:2880:f800:17:: - - [17/Jun/2025:14:58:04 -0400] "GET / HTTP/1.1" 200 12660 "-" "meta-externalagent/1.1 (+https://developers.facebook.com/docs/sharing/webmasters/crawler)"
47.82.61.230 - - [17/Jun/2025:14:58:10 -0400] "GET /wind-breaker-chapter-505/ HTTP/1.1" 200 11190 "https://read11.windbreakermanga.com/wind-breaker-chapter-505/" "Mozilla/5.0 (Windows NT 10.0; Win64; x64) AppleWebKit/537.36 (KHTML, like Gecko) Chrome/114.0.0.0 Safari/537.36 Edg/114.0.1823.43"
162.0.232.193 - - [17/Jun/2025:14:58:11 -0400] "POST /wp-cron.php?doing_wp_cron=1750186691.4749419689178466796875 HTTP/1.1" 200 0 "-" "WordPress/6.8.1; https://read11.windbreakermanga.com"
