162.0.232.193 - - [17/Jun/2025:19:00:49 -0400] "POST /wp-cron.php?doing_wp_cron=1750201249.2296450138092041015625 HTTP/1.1" 200 0 "-" "WordPress/6.8.1; https://read11.windbreakermanga.com"
162.0.232.193 - - [17/Jun/2025:19:01:12 -0400] "POST /wp-cron.php?doing_wp_cron=1750201272.4765069484710693359375 HTTP/1.1" 200 0 "-" "WordPress/6.8.1; https://read11.windbreakermanga.com"
47.82.61.195 - - [17/Jun/2025:19:01:19 -0400] "GET /chapter-410/ HTTP/1.1" 200 10757 "https://read11.windbreakermanga.com/chapter-410/" "Mozilla/5.0 (Windows NT 10.0; Win64; x64) AppleWebKit/537.36 (KHTML, like Gecko) Chrome/114.0.0.0 Safari/537.36 Edg/114.0.1823.43"
162.0.232.193 - - [17/Jun/2025:19:01:20 -0400] "POST /wp-cron.php?doing_wp_cron=1750201279.5738339424133300781250 HTTP/1.1" 200 0 "-" "WordPress/6.8.1; https://read11.windbreakermanga.com"
66.249.77.196 - - [17/Jun/2025:19:01:21 -0400] "GET /goods/174434308 HTTP/1.1" 200 81094 "-" "Mozilla/5.0 (Linux; Android 6.0.1; Nexus 5X Build/MMB29P) AppleWebKit/537.36 (KHTML, like Gecko) Chrome/136.0.7103.113 Mobile Safari/537.36 (compatible; Googlebot/2.1; +http://www.google.com/bot.html)"
162.0.232.193 - - [17/Jun/2025:19:01:22 -0400] "GET /wind-breaker-chapter-539/ HTTP/1.1" 200 0 "-" "WP Rocket/Preload"
162.0.232.193 - - [17/Jun/2025:19:01:23 -0400] "GET /wind-breaker-chapter-539/ HTTP/1.1" 200 0 "-" "WP Rocket/Preload Mozilla/5.0 (iPhone; CPU iPhone OS 9_1 like Mac OS X) AppleWebKit/601.1.46 (KHTML, like Gecko) Version/9.0 Mobile/13B143 Safari/601.1"
47.128.16.136 - - [17/Jun/2025:19:01:24 -0400] "GET / HTTP/1.1" 200 12638 "-" "Mozilla/5.0 (Linux; Android 5.0) AppleWebKit/537.36 (KHTML, like Gecko) Mobile Safari/537.36 (compatible; TikTokSpider; [email protected])"
162.0.232.193 - - [17/Jun/2025:19:01:25 -0400] "GET /wind-breaker-chapter-529/ HTTP/1.1" 200 0 "-" "WP Rocket/Preload"
162.0.232.193 - - [17/Jun/2025:19:01:26 -0400] "GET /wind-breaker-chapter-529/ HTTP/1.1" 200 0 "-" "WP Rocket/Preload Mozilla/5.0 (iPhone; CPU iPhone OS 9_1 like Mac OS X) AppleWebKit/601.1.46 (KHTML, like Gecko) Version/9.0 Mobile/13B143 Safari/601.1"
162.0.232.193 - - [17/Jun/2025:19:01:28 -0400] "GET /chapter-428/ HTTP/1.1" 200 0 "-" "WP Rocket/Preload"
162.0.232.193 - - [17/Jun/2025:19:01:29 -0400] "GET /chapter-428/ HTTP/1.1" 200 0 "-" "WP Rocket/Preload Mozilla/5.0 (iPhone; CPU iPhone OS 9_1 like Mac OS X) AppleWebKit/601.1.46 (KHTML, like Gecko) Version/9.0 Mobile/13B143 Safari/601.1"
162.0.232.193 - - [17/Jun/2025:19:01:31 -0400] "GET /chapter-422/ HTTP/1.1" 200 0 "-" "WP Rocket/Preload"
162.0.232.193 - - [17/Jun/2025:19:01:32 -0400] "GET /chapter-422/ HTTP/1.1" 200 0 "-" "WP Rocket/Preload Mozilla/5.0 (iPhone; CPU iPhone OS 9_1 like Mac OS X) AppleWebKit/601.1.46 (KHTML, like Gecko) Version/9.0 Mobile/13B143 Safari/601.1"
162.0.232.193 - - [17/Jun/2025:19:01:34 -0400] "GET /chapter-420/ HTTP/1.1" 200 11081 "-" "WP Rocket/Preload"
162.0.232.193 - - [17/Jun/2025:19:01:36 -0400] "GET /chapter-420/ HTTP/1.1" 200 0 "-" "WP Rocket/Preload Mozilla/5.0 (iPhone; CPU iPhone OS 9_1 like Mac OS X) AppleWebKit/601.1.46 (KHTML, like Gecko) Version/9.0 Mobile/13B143 Safari/601.1"
162.0.232.193 - - [17/Jun/2025:19:01:38 -0400] "GET /wind-breaker-chapter-134/ HTTP/1.1" 200 12296 "-" "WP Rocket/Preload"
162.0.232.193 - - [17/Jun/2025:19:01:39 -0400] "GET /wind-breaker-chapter-134/ HTTP/1.1" 200 0 "-" "WP Rocket/Preload Mozilla/5.0 (iPhone; CPU iPhone OS 9_1 like Mac OS X) AppleWebKit/601.1.46 (KHTML, like Gecko) Version/9.0 Mobile/13B143 Safari/601.1"
162.0.232.193 - - [17/Jun/2025:19:01:40 -0400] "GET /wind-breaker-chapter-528/ HTTP/1.1" 200 0 "-" "WP Rocket/Preload"
162.0.232.193 - - [17/Jun/2025:19:01:42 -0400] "GET /wind-breaker-chapter-528/ HTTP/1.1" 200 0 "-" "WP Rocket/Preload Mozilla/5.0 (iPhone; CPU iPhone OS 9_1 like Mac OS X) AppleWebKit/601.1.46 (KHTML, like Gecko) Version/9.0 Mobile/13B143 Safari/601.1"
162.0.232.193 - - [17/Jun/2025:19:01:44 -0400] "POST /wp-cron.php?doing_wp_cron=1750201304.7770519256591796875000 HTTP/1.1" 200 0 "-" "WordPress/6.8.1; https://read11.windbreakermanga.com"
162.0.232.193 - - [17/Jun/2025:19:02:12 -0400] "POST /wp-cron.php?doing_wp_cron=1750201332.5935070514678955078125 HTTP/1.1" 200 0 "-" "WordPress/6.8.1; https://read11.windbreakermanga.com"
162.0.232.193 - - [17/Jun/2025:19:02:22 -0400] "POST /wp-cron.php?doing_wp_cron=1750201342.2865300178527832031250 HTTP/1.1" 200 0 "-" "WordPress/6.8.1; https://read11.windbreakermanga.com"
162.0.232.193 - - [17/Jun/2025:19:02:23 -0400] "GET /wind-breaker-chapter-521/ HTTP/1.1" 200 0 "-" "WP Rocket/Preload"
162.0.232.193 - - [17/Jun/2025:19:02:24 -0400] "GET /wind-breaker-chapter-521/ HTTP/1.1" 200 0 "-" "WP Rocket/Preload Mozilla/5.0 (iPhone; CPU iPhone OS 9_1 like Mac OS X) AppleWebKit/601.1.46 (KHTML, like Gecko) Version/9.0 Mobile/13B143 Safari/601.1"
162.0.232.193 - - [17/Jun/2025:19:02:26 -0400] "GET /wind-breaker-chapter-475/ HTTP/1.1" 200 0 "-" "WP Rocket/Preload"
162.0.232.193 - - [17/Jun/2025:19:02:28 -0400] "GET /wind-breaker-chapter-475/ HTTP/1.1" 200 0 "-" "WP Rocket/Preload Mozilla/5.0 (iPhone; CPU iPhone OS 9_1 like Mac OS X) AppleWebKit/601.1.46 (KHTML, like Gecko) Version/9.0 Mobile/13B143 Safari/601.1"
162.0.232.193 - - [17/Jun/2025:19:02:29 -0400] "GET /wind-breaker-chapter-456/ HTTP/1.1" 200 0 "-" "WP Rocket/Preload"
162.0.232.193 - - [17/Jun/2025:19:02:31 -0400] "GET /wind-breaker-chapter-456/ HTTP/1.1" 200 0 "-" "WP Rocket/Preload Mozilla/5.0 (iPhone; CPU iPhone OS 9_1 like Mac OS X) AppleWebKit/601.1.46 (KHTML, like Gecko) Version/9.0 Mobile/13B143 Safari/601.1"
162.0.232.193 - - [17/Jun/2025:19:02:32 -0400] "GET /chapter-417/ HTTP/1.1" 200 0 "-" "WP Rocket/Preload"
162.0.232.193 - - [17/Jun/2025:19:02:34 -0400] "GET /chapter-417/ HTTP/1.1" 200 0 "-" "WP Rocket/Preload Mozilla/5.0 (iPhone; CPU iPhone OS 9_1 like Mac OS X) AppleWebKit/601.1.46 (KHTML, like Gecko) Version/9.0 Mobile/13B143 Safari/601.1"
162.0.232.193 - - [17/Jun/2025:19:02:36 -0400] "GET /wind-breaker-chapter-377/ HTTP/1.1" 200 0 "-" "WP Rocket/Preload"
162.0.232.193 - - [17/Jun/2025:19:02:37 -0400] "GET /wind-breaker-chapter-377/ HTTP/1.1" 200 0 "-" "WP Rocket/Preload Mozilla/5.0 (iPhone; CPU iPhone OS 9_1 like Mac OS X) AppleWebKit/601.1.46 (KHTML, like Gecko) Version/9.0 Mobile/13B143 Safari/601.1"
162.0.232.193 - - [17/Jun/2025:19:02:39 -0400] "GET /wind-breaker-chapter-455/ HTTP/1.1" 200 12153 "-" "WP Rocket/Preload"
162.0.232.193 - - [17/Jun/2025:19:02:41 -0400] "GET /wind-breaker-chapter-455/ HTTP/1.1" 200 0 "-" "WP Rocket/Preload Mozilla/5.0 (iPhone; CPU iPhone OS 9_1 like Mac OS X) AppleWebKit/601.1.46 (KHTML, like Gecko) Version/9.0 Mobile/13B143 Safari/601.1"
162.0.232.193 - - [17/Jun/2025:19:02:42 -0400] "GET /wind-breaker-chapter-517/ HTTP/1.1" 200 11713 "-" "WP Rocket/Preload"
162.0.232.193 - - [17/Jun/2025:19:02:44 -0400] "GET /wind-breaker-chapter-517/ HTTP/1.1" 200 0 "-" "WP Rocket/Preload Mozilla/5.0 (iPhone; CPU iPhone OS 9_1 like Mac OS X) AppleWebKit/601.1.46 (KHTML, like Gecko) Version/9.0 Mobile/13B143 Safari/601.1"
216.69.160.244 - - [17/Jun/2025:19:02:45 -0400] "GET /xmlrpc.php HTTP/1.1" 405 46 "https://read10.windbreakermanga.com/xmlrpc.php" "Mozilla/5.0 (X11; Ubuntu; Linux x86_64; rv:85.0) Gecko/20100101 Firefox/91.0"
162.0.232.193 - - [17/Jun/2025:19:02:48 -0400] "POST /wp-cron.php?doing_wp_cron=1750201368.2203819751739501953125 HTTP/1.1" 200 0 "-" "WordPress/6.8.1; https://read11.windbreakermanga.com"
162.0.232.193 - - [17/Jun/2025:19:03:12 -0400] "POST /wp-cron.php?doing_wp_cron=1750201392.0761981010437011718750 HTTP/1.1" 200 0 "-" "WordPress/6.8.1; https://read11.windbreakermanga.com"
162.0.232.193 - - [17/Jun/2025:19:03:14 -0400] "GET /wp-content/uploads/f979bbbcbe9df560cb74049269d2541e_4104.xml HTTP/1.1" 200 2533 "-" "Mozilla/5.0 (X11; Linux x86_64) AppleWebKit/537.36 (KHTML, like Gecko) Ubuntu Chromium/41.0.2272.76"
162.0.232.193 - - [17/Jun/2025:19:04:14 -0400] "POST /wp-cron.php?doing_wp_cron=1750201454.2840509414672851562500 HTTP/1.1" 200 0 "-" "WordPress/6.8.1; https://read11.windbreakermanga.com"
162.0.232.193 - - [17/Jun/2025:19:04:15 -0400] "GET /wind-breaker-chapter-479/ HTTP/1.1" 200 11863 "-" "WP Rocket/Preload"
162.0.232.193 - - [17/Jun/2025:19:04:17 -0400] "GET /wind-breaker-chapter-479/ HTTP/1.1" 200 0 "-" "WP Rocket/Preload Mozilla/5.0 (iPhone; CPU iPhone OS 9_1 like Mac OS X) AppleWebKit/601.1.46 (KHTML, like Gecko) Version/9.0 Mobile/13B143 Safari/601.1"
162.0.232.193 - - [17/Jun/2025:19:04:19 -0400] "GET /wind-breaker-chapter-471/ HTTP/1.1" 200 0 "-" "WP Rocket/Preload"
162.0.232.193 - - [17/Jun/2025:19:04:20 -0400] "GET /wind-breaker-chapter-471/ HTTP/1.1" 200 11634 "-" "WP Rocket/Preload Mozilla/5.0 (iPhone; CPU iPhone OS 9_1 like Mac OS X) AppleWebKit/601.1.46 (KHTML, like Gecko) Version/9.0 Mobile/13B143 Safari/601.1"
162.0.232.193 - - [17/Jun/2025:19:04:22 -0400] "GET /wind-breaker-chapter-385/ HTTP/1.1" 200 0 "-" "WP Rocket/Preload"
162.0.232.193 - - [17/Jun/2025:19:04:23 -0400] "GET /wind-breaker-chapter-385/ HTTP/1.1" 200 0 "-" "WP Rocket/Preload Mozilla/5.0 (iPhone; CPU iPhone OS 9_1 like Mac OS X) AppleWebKit/601.1.46 (KHTML, like Gecko) Version/9.0 Mobile/13B143 Safari/601.1"
162.0.232.193 - - [17/Jun/2025:19:04:25 -0400] "GET /wind-breaker-chapter-158/ HTTP/1.1" 200 0 "-" "WP Rocket/Preload"
162.0.232.193 - - [17/Jun/2025:19:04:26 -0400] "GET /wind-breaker-chapter-158/ HTTP/1.1" 200 12539 "-" "WP Rocket/Preload Mozilla/5.0 (iPhone; CPU iPhone OS 9_1 like Mac OS X) AppleWebKit/601.1.46 (KHTML, like Gecko) Version/9.0 Mobile/13B143 Safari/601.1"
162.0.232.193 - - [17/Jun/2025:19:04:27 -0400] "GET /wind-breaker-chapter-530/ HTTP/1.1" 200 0 "-" "WP Rocket/Preload"
162.0.232.193 - - [17/Jun/2025:19:04:29 -0400] "GET /wind-breaker-chapter-530/ HTTP/1.1" 200 0 "-" "WP Rocket/Preload Mozilla/5.0 (iPhone; CPU iPhone OS 9_1 like Mac OS X) AppleWebKit/601.1.46 (KHTML, like Gecko) Version/9.0 Mobile/13B143 Safari/601.1"
162.0.232.193 - - [17/Jun/2025:19:04:30 -0400] "GET /wind-breaker-chapter-525/ HTTP/1.1" 200 0 "-" "WP Rocket/Preload"
162.0.232.193 - - [17/Jun/2025:19:04:32 -0400] "GET /wind-breaker-chapter-525/ HTTP/1.1" 200 0 "-" "WP Rocket/Preload Mozilla/5.0 (iPhone; CPU iPhone OS 9_1 like Mac OS X) AppleWebKit/601.1.46 (KHTML, like Gecko) Version/9.0 Mobile/13B143 Safari/601.1"
162.0.232.193 - - [17/Jun/2025:19:04:33 -0400] "GET /wind-breaker-chapter-514/ HTTP/1.1" 200 0 "-" "WP Rocket/Preload"
162.0.232.193 - - [17/Jun/2025:19:04:35 -0400] "GET /wind-breaker-chapter-514/ HTTP/1.1" 200 0 "-" "WP Rocket/Preload Mozilla/5.0 (iPhone; CPU iPhone OS 9_1 like Mac OS X) AppleWebKit/601.1.46 (KHTML, like Gecko) Version/9.0 Mobile/13B143 Safari/601.1"
162.0.232.193 - - [17/Jun/2025:19:04:41 -0400] "POST /wp-cron.php?doing_wp_cron=1750201481.2154309749603271484375 HTTP/1.1" 200 0 "-" "WordPress/6.8.1; https://read11.windbreakermanga.com"
162.0.232.193 - - [17/Jun/2025:19:04:41 -0400] "GET /wind-breaker-chapter-510/ HTTP/1.1" 200 0 "-" "WP Rocket/Preload"
162.0.232.193 - - [17/Jun/2025:19:04:43 -0400] "GET /wind-breaker-chapter-510/ HTTP/1.1" 200 0 "-" "WP Rocket/Preload Mozilla/5.0 (iPhone; CPU iPhone OS 9_1 like Mac OS X) AppleWebKit/601.1.46 (KHTML, like Gecko) Version/9.0 Mobile/13B143 Safari/601.1"
162.0.232.193 - - [17/Jun/2025:19:04:44 -0400] "GET /wind-breaker-chapter-505/ HTTP/1.1" 200 0 "-" "WP Rocket/Preload"
162.0.232.193 - - [17/Jun/2025:19:04:46 -0400] "GET /wind-breaker-chapter-505/ HTTP/1.1" 200 0 "-" "WP Rocket/Preload Mozilla/5.0 (iPhone; CPU iPhone OS 9_1 like Mac OS X) AppleWebKit/601.1.46 (KHTML, like Gecko) Version/9.0 Mobile/13B143 Safari/601.1"
162.0.232.193 - - [17/Jun/2025:19:04:47 -0400] "GET /wind-breaker-chapter-504/ HTTP/1.1" 200 0 "-" "WP Rocket/Preload"
162.0.232.193 - - [17/Jun/2025:19:04:49 -0400] "GET /wind-breaker-chapter-504/ HTTP/1.1" 200 11629 "-" "WP Rocket/Preload Mozilla/5.0 (iPhone; CPU iPhone OS 9_1 like Mac OS X) AppleWebKit/601.1.46 (KHTML, like Gecko) Version/9.0 Mobile/13B143 Safari/601.1"
162.0.232.193 - - [17/Jun/2025:19:04:50 -0400] "GET /wind-breaker-chapter-490/ HTTP/1.1" 200 0 "-" "WP Rocket/Preload"
162.0.232.193 - - [17/Jun/2025:19:04:52 -0400] "GET /wind-breaker-chapter-490/ HTTP/1.1" 200 0 "-" "WP Rocket/Preload Mozilla/5.0 (iPhone; CPU iPhone OS 9_1 like Mac OS X) AppleWebKit/601.1.46 (KHTML, like Gecko) Version/9.0 Mobile/13B143 Safari/601.1"
162.0.232.193 - - [17/Jun/2025:19:04:53 -0400] "GET /wind-breaker-chapter-487/ HTTP/1.1" 200 0 "-" "WP Rocket/Preload"
162.0.232.193 - - [17/Jun/2025:19:04:55 -0400] "GET /wind-breaker-chapter-487/ HTTP/1.1" 200 0 "-" "WP Rocket/Preload Mozilla/5.0 (iPhone; CPU iPhone OS 9_1 like Mac OS X) AppleWebKit/601.1.46 (KHTML, like Gecko) Version/9.0 Mobile/13B143 Safari/601.1"
162.0.232.193 - - [17/Jun/2025:19:04:57 -0400] "GET /wind-breaker-chapter-480/ HTTP/1.1" 200 0 "-" "WP Rocket/Preload"
2a03:2880:f800:a:: - - [17/Jun/2025:19:04:57 -0400] "GET /wind-breaker-chapter-137/ HTTP/1.1" 200 12273 "-" "meta-externalagent/1.1 (+https://developers.facebook.com/docs/sharing/webmasters/crawler)"
162.0.232.193 - - [17/Jun/2025:19:04:58 -0400] "GET /wind-breaker-chapter-480/ HTTP/1.1" 200 0 "-" "WP Rocket/Preload Mozilla/5.0 (iPhone; CPU iPhone OS 9_1 like Mac OS X) AppleWebKit/601.1.46 (KHTML, like Gecko) Version/9.0 Mobile/13B143 Safari/601.1"
162.0.232.193 - - [17/Jun/2025:19:04:59 -0400] "GET /return-policy/ HTTP/1.1" 200 0 "-" "WP Rocket/Preload"
162.0.232.193 - - [17/Jun/2025:19:05:01 -0400] "GET /return-policy/ HTTP/1.1" 200 0 "-" "WP Rocket/Preload Mozilla/5.0 (iPhone; CPU iPhone OS 9_1 like Mac OS X) AppleWebKit/601.1.46 (KHTML, like Gecko) Version/9.0 Mobile/13B143 Safari/601.1"
162.0.232.193 - - [17/Jun/2025:19:05:11 -0400] "POST /wp-cron.php?doing_wp_cron=1750201511.7075469493865966796875 HTTP/1.1" 200 0 "-" "WordPress/6.8.1; https://read11.windbreakermanga.com"
66.249.77.195 - - [17/Jun/2025:19:05:11 -0400] "GET /products/jk/fratercula8914760 HTTP/1.1" 200 81797 "-" "Mozilla/5.0 (Linux; Android 6.0.1; Nexus 5X Build/MMB29P) AppleWebKit/537.36 (KHTML, like Gecko) Chrome/136.0.7103.113 Mobile Safari/537.36 (compatible; Googlebot/2.1; +http://www.google.com/bot.html)"
162.0.232.193 - - [17/Jun/2025:19:05:19 -0400] "POST /wp-cron.php?doing_wp_cron=1750201519.2859919071197509765625 HTTP/1.1" 200 0 "-" "WordPress/6.8.1; https://read11.windbreakermanga.com"
162.0.232.193 - - [17/Jun/2025:19:05:19 -0400] "GET /wind-breaker-chapter-531/ HTTP/1.1" 200 11654 "-" "WP Rocket/Preload"
162.0.232.193 - - [17/Jun/2025:19:05:21 -0400] "GET /wind-breaker-chapter-531/ HTTP/1.1" 200 11653 "-" "WP Rocket/Preload Mozilla/5.0 (iPhone; CPU iPhone OS 9_1 like Mac OS X) AppleWebKit/601.1.46 (KHTML, like Gecko) Version/9.0 Mobile/13B143 Safari/601.1"
162.0.232.193 - - [17/Jun/2025:19:05:23 -0400] "GET /wind-breaker-chapter-516/ HTTP/1.1" 200 11685 "-" "WP Rocket/Preload"
162.0.232.193 - - [17/Jun/2025:19:05:24 -0400] "GET /wind-breaker-chapter-516/ HTTP/1.1" 200 11687 "-" "WP Rocket/Preload Mozilla/5.0 (iPhone; CPU iPhone OS 9_1 like Mac OS X) AppleWebKit/601.1.46 (KHTML, like Gecko) Version/9.0 Mobile/13B143 Safari/601.1"
162.0.232.193 - - [17/Jun/2025:19:05:26 -0400] "GET /wind-breaker-chapter-502/ HTTP/1.1" 200 11604 "-" "WP Rocket/Preload"
162.0.232.193 - - [17/Jun/2025:19:05:27 -0400] "GET /wind-breaker-chapter-502/ HTTP/1.1" 200 0 "-" "WP Rocket/Preload Mozilla/5.0 (iPhone; CPU iPhone OS 9_1 like Mac OS X) AppleWebKit/601.1.46 (KHTML, like Gecko) Version/9.0 Mobile/13B143 Safari/601.1"
216.244.66.250 - - [17/Jun/2025:19:05:29 -0400] "GET /robots.txt HTTP/1.1" 304 0 "-" "Mozilla/5.0 (compatible; DotBot/1.2; +https://opensiteexplorer.org/dotbot; [email protected])"
162.0.232.193 - - [17/Jun/2025:19:05:29 -0400] "GET /wind-breaker-chapter-447/ HTTP/1.1" 200 0 "-" "WP Rocket/Preload"
162.0.232.193 - - [17/Jun/2025:19:05:30 -0400] "GET /wind-breaker-chapter-447/ HTTP/1.1" 200 0 "-" "WP Rocket/Preload Mozilla/5.0 (iPhone; CPU iPhone OS 9_1 like Mac OS X) AppleWebKit/601.1.46 (KHTML, like Gecko) Version/9.0 Mobile/13B143 Safari/601.1"
162.0.232.193 - - [17/Jun/2025:19:05:32 -0400] "GET /privacy-policy/ HTTP/1.1" 200 0 "-" "WP Rocket/Preload"
162.0.232.193 - - [17/Jun/2025:19:05:33 -0400] "GET /privacy-policy/ HTTP/1.1" 200 0 "-" "WP Rocket/Preload Mozilla/5.0 (iPhone; CPU iPhone OS 9_1 like Mac OS X) AppleWebKit/601.1.46 (KHTML, like Gecko) Version/9.0 Mobile/13B143 Safari/601.1"
162.0.232.193 - - [17/Jun/2025:19:05:35 -0400] "GET /wind-breaker-chapter-537/ HTTP/1.1" 200 0 "-" "WP Rocket/Preload"
162.0.232.193 - - [17/Jun/2025:19:05:36 -0400] "GET /wind-breaker-chapter-537/ HTTP/1.1" 200 11549 "-" "WP Rocket/Preload Mozilla/5.0 (iPhone; CPU iPhone OS 9_1 like Mac OS X) AppleWebKit/601.1.46 (KHTML, like Gecko) Version/9.0 Mobile/13B143 Safari/601.1"
162.0.232.193 - - [17/Jun/2025:19:05:45 -0400] "POST /wp-cron.php?doing_wp_cron=1750201545.3041739463806152343750 HTTP/1.1" 200 0 "-" "WordPress/6.8.1; https://read11.windbreakermanga.com"
2a03:2880:f800:b:: - - [17/Jun/2025:19:05:50 -0400] "GET /shopdetail/98188288 HTTP/1.1" 301 0 "-" "meta-externalagent/1.1 (+https://developers.facebook.com/docs/sharing/webmasters/crawler)"
2a03:2880:f800:12:: - - [17/Jun/2025:19:06:05 -0400] "GET /shopdetail/98239200 HTTP/1.1" 301 0 "-" "meta-externalagent/1.1 (+https://developers.facebook.com/docs/sharing/webmasters/crawler)"
216.73.216.244 - - [17/Jun/2025:19:06:08 -0400] "GET /sitemap-subitems-2603.xml HTTP/1.1" 200 10191 "-" "Mozilla/5.0 AppleWebKit/537.36 (KHTML, like Gecko; compatible; ClaudeBot/1.0; [email protected])"
162.0.232.193 - - [17/Jun/2025:19:06:13 -0400] "POST /wp-cron.php?doing_wp_cron=1750201573.8031940460205078125000 HTTP/1.1" 200 0 "-" "WordPress/6.8.1; https://read11.windbreakermanga.com"
162.0.232.193 - - [17/Jun/2025:19:06:20 -0400] "POST /wp-cron.php?doing_wp_cron=1750201580.0956408977508544921875 HTTP/1.1" 200 0 "-" "WordPress/6.8.1; https://read11.windbreakermanga.com"
78.46.73.151 - - [17/Jun/2025:19:06:35 -0400] "GET /wind-breaker-chapter-125/ HTTP/1.1" 200 12254 "-" "Mozilla/5.0 (Windows NT 10.0; Win64; x64) AppleWebKit/537.36 (KHTML, like Gecko) Chrome/137.0.0.0 Safari/537.36"
78.46.73.151 - - [17/Jun/2025:19:06:35 -0400] "GET /wp-content/cache/min/1/wp-content/plugins/wp-automatic/js/main-front.js?ver=1746140935 HTTP/1.1" 200 276 "https://read11.windbreakermanga.com/wind-breaker-chapter-125/" "Mozilla/5.0 (Windows NT 10.0; Win64; x64) AppleWebKit/537.36 (KHTML, like Gecko) Chrome/137.0.0.0 Safari/537.36"
78.46.73.151 - - [17/Jun/2025:19:06:35 -0400] "GET /wp-content/cache/min/1/wp-content/plugins/comic-easel/css/comiceasel.css?ver=1746140519 HTTP/1.1" 200 1064 "https://read11.windbreakermanga.com/wind-breaker-chapter-125/" "Mozilla/5.0 (Windows NT 10.0; Win64; x64) AppleWebKit/537.36 (KHTML, like Gecko) Chrome/137.0.0.0 Safari/537.36"
78.46.73.151 - - [17/Jun/2025:19:06:35 -0400] "GET /wp-includes/css/dist/block-library/style.min.css?ver=6.8.1 HTTP/1.1" 200 14358 "https://read11.windbreakermanga.com/wind-breaker-chapter-125/" "Mozilla/5.0 (Windows NT 10.0; Win64; x64) AppleWebKit/537.36 (KHTML, like Gecko) Chrome/137.0.0.0 Safari/537.36"
78.46.73.151 - - [17/Jun/2025:19:06:35 -0400] "GET /wp-includes/js/jquery/jquery-migrate.min.js?ver=3.4.1 HTTP/1.1" 304 0 "https://read11.windbreakermanga.com/wind-breaker-chapter-125/" "Mozilla/5.0 (Windows NT 10.0; Win64; x64) AppleWebKit/537.36 (KHTML, like Gecko) Chrome/137.0.0.0 Safari/537.36"
78.46.73.151 - - [17/Jun/2025:19:06:35 -0400] "GET /wp-includes/js/jquery/jquery.min.js?ver=3.7.1 HTTP/1.1" 304 0 "https://read11.windbreakermanga.com/wind-breaker-chapter-125/" "Mozilla/5.0 (Windows NT 10.0; Win64; x64) AppleWebKit/537.36 (KHTML, like Gecko) Chrome/137.0.0.0 Safari/537.36"
78.46.73.151 - - [17/Jun/2025:19:06:35 -0400] "GET /wp-content/cache/min/1/wp-content/themes/toivo-lite/style.css?ver=1746140519 HTTP/1.1" 200 10061 "https://read11.windbreakermanga.com/wind-breaker-chapter-125/" "Mozilla/5.0 (Windows NT 10.0; Win64; x64) AppleWebKit/537.36 (KHTML, like Gecko) Chrome/137.0.0.0 Safari/537.36"
78.46.73.151 - - [17/Jun/2025:19:06:36 -0400] "GET /wp-content/cache/min/1/wp-content/plugins/simple-social-buttons/assets/js/front.js?ver=1746140519 HTTP/1.1" 304 0 "https://read11.windbreakermanga.com/wind-breaker-chapter-125/" "Mozilla/5.0 (Windows NT 10.0; Win64; x64) AppleWebKit/537.36 (KHTML, like Gecko) Chrome/137.0.0.0 Safari/537.36"
78.46.73.151 - - [17/Jun/2025:19:06:36 -0400] "GET /wp-content/themes/toivo-lite/js/settings.min.js?ver=1.2.0 HTTP/1.1" 304 0 "https://read11.windbreakermanga.com/wind-breaker-chapter-125/" "Mozilla/5.0 (Windows NT 10.0; Win64; x64) AppleWebKit/537.36 (KHTML, like Gecko) Chrome/137.0.0.0 Safari/537.36"
78.46.73.151 - - [17/Jun/2025:19:06:36 -0400] "GET /wp-content/cache/min/1/wp-content/plugins/disqus-comment-system/public/js/comment_count.js?ver=1746140935 HTTP/1.1" 304 0 "https://read11.windbreakermanga.com/wind-breaker-chapter-125/" "Mozilla/5.0 (Windows NT 10.0; Win64; x64) AppleWebKit/537.36 (KHTML, like Gecko) Chrome/137.0.0.0 Safari/537.36"
78.46.73.151 - - [17/Jun/2025:19:06:36 -0400] "GET /wp-content/cache/min/1/wp-content/plugins/comic-easel/js/keynav.js?ver=1746140519 HTTP/1.1" 304 0 "https://read11.windbreakermanga.com/wind-breaker-chapter-125/" "Mozilla/5.0 (Windows NT 10.0; Win64; x64) AppleWebKit/537.36 (KHTML, like Gecko) Chrome/137.0.0.0 Safari/537.36"
78.46.73.151 - - [17/Jun/2025:19:06:36 -0400] "GET /wp-content/cache/min/1/wp-content/plugins/disqus-comment-system/public/js/comment_embed.js?ver=1746140935 HTTP/1.1" 304 0 "https://read11.windbreakermanga.com/wind-breaker-chapter-125/" "Mozilla/5.0 (Windows NT 10.0; Win64; x64) AppleWebKit/537.36 (KHTML, like Gecko) Chrome/137.0.0.0 Safari/537.36"
78.46.73.151 - - [17/Jun/2025:19:06:36 -0400] "GET /wp-content/themes/toivo-lite/js/functions.min.js?ver=1.2.0 HTTP/1.1" 304 0 "https://read11.windbreakermanga.com/wind-breaker-chapter-125/" "Mozilla/5.0 (Windows NT 10.0; Win64; x64) AppleWebKit/537.36 (KHTML, like Gecko) Chrome/137.0.0.0 Safari/537.36"
78.46.73.151 - - [17/Jun/2025:19:06:36 -0400] "GET /wp-content/themes/toivo-lite/js/responsive-nav.min.js?ver=1.2.0 HTTP/1.1" 200 2102 "https://read11.windbreakermanga.com/wind-breaker-chapter-125/" "Mozilla/5.0 (Windows NT 10.0; Win64; x64) AppleWebKit/537.36 (KHTML, like Gecko) Chrome/137.0.0.0 Safari/537.36"
78.46.73.151 - - [17/Jun/2025:19:06:36 -0400] "GET /wp-content/plugins/wp-rocket/assets/js/wpr-beacon.min.js HTTP/1.1" 304 0 "https://read11.windbreakermanga.com/wind-breaker-chapter-125/" "Mozilla/5.0 (Windows NT 10.0; Win64; x64) AppleWebKit/537.36 (KHTML, like Gecko) Chrome/137.0.0.0 Safari/537.36"
78.46.73.151 - - [17/Jun/2025:19:06:36 -0400] "GET /wp-content/plugins/simple-social-buttons/assets/js/frontend-blocks.js?ver=6.1.0 HTTP/1.1" 304 0 "https://read11.windbreakermanga.com/wind-breaker-chapter-125/" "Mozilla/5.0 (Windows NT 10.0; Win64; x64) AppleWebKit/537.36 (KHTML, like Gecko) Chrome/137.0.0.0 Safari/537.36"
78.46.73.151 - - [17/Jun/2025:19:06:36 -0400] "GET /wp-includes/js/comment-reply.min.js?ver=6.8.1 HTTP/1.1" 304 0 "https://read11.windbreakermanga.com/wind-breaker-chapter-125/" "Mozilla/5.0 (Windows NT 10.0; Win64; x64) AppleWebKit/537.36 (KHTML, like Gecko) Chrome/137.0.0.0 Safari/537.36"
78.46.73.151 - - [17/Jun/2025:19:06:36 -0400] "GET /wp-content/plugins/simple-social-buttons/assets/fonts/ssb-icon.ttf?eahqa2 HTTP/1.1" 200 7412 "https://read11.windbreakermanga.com/wp-content/cache/min/1/wp-content/plugins/simple-social-buttons/assets/css/front.css?ver=1746140519" "Mozilla/5.0 (Windows NT 10.0; Win64; x64) AppleWebKit/537.36 (KHTML, like Gecko) Chrome/137.0.0.0 Safari/537.36"
78.46.73.151 - - [17/Jun/2025:19:06:36 -0400] "GET /wp-content/uploads/2024/02/cropped-Wind-Breaker-1024x538-1.webp HTTP/1.1" 200 27262 "https://read11.windbreakermanga.com/" "Mozilla/5.0 (Windows NT 10.0; Win64; x64) AppleWebKit/537.36 (KHTML, like Gecko) Chrome/137.0.0.0 Safari/537.36"
78.46.73.151 - - [17/Jun/2025:19:06:38 -0400] "GET /wp-content/uploads/2024/02/cropped-jay-jo-32x32.webp HTTP/1.1" 200 540 "https://read11.windbreakermanga.com/wind-breaker-chapter-125/" "Mozilla/5.0 (Windows NT 10.0; Win64; x64) AppleWebKit/537.36 (KHTML, like Gecko) Chrome/137.0.0.0 Safari/537.36"
2a03:2880:f800:b:: - - [17/Jun/2025:19:06:36 -0400] "GET /shopdetail/98209832 HTTP/1.1" 301 0 "-" "meta-externalagent/1.1 (+https://developers.facebook.com/docs/sharing/webmasters/crawler)"
78.46.73.151 - - [17/Jun/2025:19:06:37 -0400] "POST /wp-admin/admin-ajax.php HTTP/1.1" 200 49 "https://read11.windbreakermanga.com/wind-breaker-chapter-125/" "Mozilla/5.0 (Windows NT 10.0; Win64; x64) AppleWebKit/537.36 (KHTML, like Gecko) Chrome/137.0.0.0 Safari/537.36"
78.46.73.151 - - [17/Jun/2025:19:06:36 -0400] "POST /wp-admin/admin-ajax.php HTTP/1.1" 200 61 "https://read11.windbreakermanga.com/wind-breaker-chapter-125/" "Mozilla/5.0 (Windows NT 10.0; Win64; x64) AppleWebKit/537.36 (KHTML, like Gecko) Chrome/137.0.0.0 Safari/537.36"
78.46.73.151 - - [17/Jun/2025:19:06:39 -0400] "POST /wp-admin/admin-ajax.php HTTP/1.1" 200 759 "https://read11.windbreakermanga.com/wind-breaker-chapter-125/" "Mozilla/5.0 (Windows NT 10.0; Win64; x64) AppleWebKit/537.36 (KHTML, like Gecko) Chrome/137.0.0.0 Safari/537.36"
162.0.232.193 - - [17/Jun/2025:19:06:41 -0400] "POST /wp-cron.php?doing_wp_cron=1750201601.7904350757598876953125 HTTP/1.1" 200 0 "-" "WordPress/6.8.1; https://read11.windbreakermanga.com"
2a03:2880:f800:4:: - - [17/Jun/2025:19:06:41 -0400] "GET /wind-breaker-chapter-76-part-2-ep-10/ HTTP/1.1" 301 0 "-" "meta-externalagent/1.1 (+https://developers.facebook.com/docs/sharing/webmasters/crawler)"
2a03:2880:f800:4:: - - [17/Jun/2025:19:06:45 -0400] "GET / HTTP/1.1" 200 12660 "-" "meta-externalagent/1.1 (+https://developers.facebook.com/docs/sharing/webmasters/crawler)"
2a03:2880:f800:1d:: - - [17/Jun/2025:19:06:47 -0400] "GET /shopdetail/98186708 HTTP/1.1" 301 0 "-" "meta-externalagent/1.1 (+https://developers.facebook.com/docs/sharing/webmasters/crawler)"
162.0.232.193 - - [17/Jun/2025:19:07:12 -0400] "POST /wp-cron.php?doing_wp_cron=1750201631.8821780681610107421875 HTTP/1.1" 200 0 "-" "WordPress/6.8.1; https://read11.windbreakermanga.com"
162.0.232.193 - - [17/Jun/2025:19:07:17 -0400] "GET /wp-content/uploads/f979bbbcbe9df560cb74049269d2541e_4104.xml HTTP/1.1" 200 2276 "-" "Mozilla/5.0 (X11; Linux x86_64) AppleWebKit/537.36 (KHTML, like Gecko) Ubuntu Chromium/41.0.2272.76"
216.73.216.244 - - [17/Jun/2025:19:07:44 -0400] "GET /sitemap-subitems-608.xml HTTP/1.1" 200 10262 "-" "Mozilla/5.0 AppleWebKit/537.36 (KHTML, like Gecko; compatible; ClaudeBot/1.0; [email protected])"
162.0.232.193 - - [17/Jun/2025:19:08:14 -0400] "POST /wp-cron.php?doing_wp_cron=1750201694.4959540367126464843750 HTTP/1.1" 200 0 "-" "WordPress/6.8.1; https://read11.windbreakermanga.com"
162.0.232.193 - - [17/Jun/2025:19:08:15 -0400] "POST /wp-cron.php?doing_wp_cron=1750201695.0844120979309082031250 HTTP/1.1" 200 0 "-" "WordPress/6.8.1; https://read11.windbreakermanga.com"
2a03:2880:f800:13:: - - [17/Jun/2025:19:08:15 -0400] "GET /shopdetail/98248432 HTTP/1.1" 301 0 "-" "meta-externalagent/1.1 (+https://developers.facebook.com/docs/sharing/webmasters/crawler)"
162.0.232.193 - - [17/Jun/2025:19:08:25 -0400] "POST /wp-cron.php?doing_wp_cron=1750201705.5811669826507568359375 HTTP/1.1" 200 0 "-" "WordPress/6.8.1; https://read11.windbreakermanga.com"
87.236.176.188 - - [17/Jun/2025:19:08:27 -0400] "GET / HTTP/1.1" 200 12660 "https://www.windbreakermanga.com/" "Mozilla/5.0 (compatible; InternetMeasurement/1.0; +https://internet-measurement.com/)"
87.236.176.181 - - [17/Jun/2025:19:08:28 -0400] "GET /wp-content/uploads/2024/02/cropped-jay-jo-192x192.webp HTTP/1.1" 200 6674 "-" "Mozilla/5.0 (compatible; InternetMeasurement/1.0; +https://internet-measurement.com/)"
185.247.137.78 - - [17/Jun/2025:19:08:28 -0400] "GET /wp-content/uploads/2024/02/cropped-jay-jo-180x180.webp HTTP/1.1" 200 6282 "-" "Mozilla/5.0 (compatible; InternetMeasurement/1.0; +https://internet-measurement.com/)"
185.247.137.19 - - [17/Jun/2025:19:08:28 -0400] "GET /favicon.ico HTTP/1.1" 404 1251 "-" "Mozilla/5.0 (compatible; InternetMeasurement/1.0; +https://internet-measurement.com/)"
162.0.232.193 - - [17/Jun/2025:19:08:44 -0400] "POST /wp-cron.php?doing_wp_cron=1750201724.3742759227752685546875 HTTP/1.1" 200 0 "-" "WordPress/6.8.1; https://read11.windbreakermanga.com"
162.0.232.193 - - [17/Jun/2025:19:09:11 -0400] "POST /wp-cron.php?doing_wp_cron=1750201751.7116780281066894531250 HTTP/1.1" 200 0 "-" "WordPress/6.8.1; https://read11.windbreakermanga.com"
162.0.232.193 - - [17/Jun/2025:19:09:22 -0400] "POST /wp-cron.php?doing_wp_cron=1750201761.7786960601806640625000 HTTP/1.1" 200 0 "-" "WordPress/6.8.1; https://read11.windbreakermanga.com"
2a03:2880:f800:3:: - - [17/Jun/2025:19:09:26 -0400] "GET / HTTP/1.1" 200 12660 "-" "meta-externalagent/1.1 (+https://developers.facebook.com/docs/sharing/webmasters/crawler)"
162.0.232.193 - - [17/Jun/2025:19:09:46 -0400] "POST /wp-cron.php?doing_wp_cron=1750201786.3014841079711914062500 HTTP/1.1" 200 0 "-" "WordPress/6.8.1; https://read11.windbreakermanga.com"
119.156.243.110 - - [17/Jun/2025:19:10:02 -0400] "GET /xmlrpc.php HTTP/1.1" 405 46 "https://read10.windbreakermanga.com" "Mozilla/5.0 (Macintosh; Intel Mac OS X 13_3) AppleWebKit/537.36 (KHTML, like Gecko) Chrome/126.0.0.0 Safari/537.36 Edg/126.0.0.0"
162.0.232.193 - - [17/Jun/2025:19:10:13 -0400] "POST /wp-cron.php?doing_wp_cron=1750201812.8837199211120605468750 HTTP/1.1" 200 0 "-" "WordPress/6.8.1; https://read11.windbreakermanga.com"
162.0.232.193 - - [17/Jun/2025:19:10:20 -0400] "POST /wp-cron.php?doing_wp_cron=1750201820.2445299625396728515625 HTTP/1.1" 200 0 "-" "WordPress/6.8.1; https://read11.windbreakermanga.com"
2a03:2880:f800:7:: - - [17/Jun/2025:19:10:26 -0400] "GET /wind-breaker-chapter-132/ HTTP/1.1" 200 12227 "-" "meta-externalagent/1.1 (+https://developers.facebook.com/docs/sharing/webmasters/crawler)"
162.0.232.193 - - [17/Jun/2025:19:10:41 -0400] "POST /wp-cron.php?doing_wp_cron=1750201841.6975760459899902343750 HTTP/1.1" 200 0 "-" "WordPress/6.8.1; https://read11.windbreakermanga.com"
2a03:2880:f800:e:: - - [17/Jun/2025:19:10:42 -0400] "GET /shopdetail/98193540 HTTP/1.1" 301 0 "-" "meta-externalagent/1.1 (+https://developers.facebook.com/docs/sharing/webmasters/crawler)"
162.0.232.193 - - [17/Jun/2025:19:11:12 -0400] "POST /wp-cron.php?doing_wp_cron=1750201871.5875060558319091796875 HTTP/1.1" 200 0 "-" "WordPress/6.8.1; https://read11.windbreakermanga.com"
2a03:2880:f800:14:: - - [17/Jun/2025:19:11:09 -0400] "GET /shopdetail/98208160 HTTP/1.1" 301 0 "-" "meta-externalagent/1.1 (+https://developers.facebook.com/docs/sharing/webmasters/crawler)"
162.0.232.193 - - [17/Jun/2025:19:11:18 -0400] "GET /wp-content/uploads/f979bbbcbe9df560cb74049269d2541e_4104.xml HTTP/1.1" 200 2276 "-" "Mozilla/5.0 (X11; Linux x86_64) AppleWebKit/537.36 (KHTML, like Gecko) Ubuntu Chromium/41.0.2272.76"
2a03:2880:f800:5:: - - [17/Jun/2025:19:11:29 -0400] "GET /shopdetail/98250976 HTTP/1.1" 301 0 "-" "meta-externalagent/1.1 (+https://developers.facebook.com/docs/sharing/webmasters/crawler)"
47.82.61.232 - - [17/Jun/2025:19:11:42 -0400] "GET /wind-breaker-chapter-504/ HTTP/1.1" 200 11966 "https://read11.windbreakermanga.com/wind-breaker-chapter-504/" "Mozilla/5.0 (Windows NT 10.0; Win64; x64) AppleWebKit/537.36 (KHTML, like Gecko) Chrome/114.0.0.0 Safari/537.36 Edg/114.0.1823.43"
47.82.61.232 - - [17/Jun/2025:19:11:43 -0400] "GET /wind-breaker-chapter-504/ HTTP/1.1" 304 0 "https://read11.windbreakermanga.com/wind-breaker-chapter-504/" "Mozilla/5.0 (Windows NT 10.0; Win64; x64) AppleWebKit/537.36 (KHTML, like Gecko) Chrome/114.0.0.0 Safari/537.36 Edg/114.0.1823.43"
47.82.62.89 - - [17/Jun/2025:19:11:43 -0400] "GET /wind-breaker-chapter-352/ HTTP/1.1" 200 11951 "https://read11.windbreakermanga.com/wind-breaker-chapter-352/" "Mozilla/5.0 (Windows NT 10.0; Win64; x64) AppleWebKit/537.36 (KHTML, like Gecko) Chrome/114.0.0.0 Safari/537.36 Edg/114.0.1823.43"
47.82.61.232 - - [17/Jun/2025:19:11:44 -0400] "GET /wind-breaker-chapter-504/ HTTP/1.1" 304 0 "https://read11.windbreakermanga.com/wind-breaker-chapter-504/" "Mozilla/5.0 (Windows NT 10.0; Win64; x64) AppleWebKit/537.36 (KHTML, like Gecko) Chrome/114.0.0.0 Safari/537.36 Edg/114.0.1823.43"
162.0.232.193 - - [17/Jun/2025:19:12:14 -0400] "POST /wp-cron.php?doing_wp_cron=1750201934.0798161029815673828125 HTTP/1.1" 200 0 "-" "WordPress/6.8.1; https://read11.windbreakermanga.com"
162.0.232.193 - - [17/Jun/2025:19:12:17 -0400] "POST /wp-cron.php?doing_wp_cron=1750201936.7815599441528320312500 HTTP/1.1" 200 0 "-" "WordPress/6.8.1; https://read11.windbreakermanga.com"
103.105.78.227 - - [17/Jun/2025:19:12:30 -0400] "GET /manga/wind-breaker-chapter-48/ HTTP/1.1" 301 0 "-" "Mozilla/5.0 (Windows NT 10.0; Win64; x64) AppleWebKit/537.36 (KHTML, like Gecko) Chrome/121.0.0.0 Safari/537.36 Edg/121.0.0.0"
2a03:2880:f800:14:: - - [17/Jun/2025:19:12:40 -0400] "GET /shopdetail/98232448 HTTP/1.1" 301 0 "-" "meta-externalagent/1.1 (+https://developers.facebook.com/docs/sharing/webmasters/crawler)"
162.0.232.193 - - [17/Jun/2025:19:12:43 -0400] "POST /wp-cron.php?doing_wp_cron=1750201962.6806991100311279296875 HTTP/1.1" 200 0 "-" "WordPress/6.8.1; https://read11.windbreakermanga.com"
162.0.232.193 - - [17/Jun/2025:19:13:12 -0400] "POST /wp-cron.php?doing_wp_cron=1750201992.6759970188140869140625 HTTP/1.1" 200 0 "-" "WordPress/6.8.1; https://read11.windbreakermanga.com"
162.0.232.193 - - [17/Jun/2025:19:13:28 -0400] "POST /wp-cron.php?doing_wp_cron=1750202007.9093348979949951171875 HTTP/1.1" 200 0 "-" "WordPress/6.8.1; https://read11.windbreakermanga.com"
162.0.232.193 - - [17/Jun/2025:19:13:42 -0400] "POST /wp-cron.php?doing_wp_cron=1750202022.3745460510253906250000 HTTP/1.1" 200 0 "-" "WordPress/6.8.1; https://read11.windbreakermanga.com"
66.249.77.201 - - [17/Jun/2025:19:13:49 -0400] "GET /sitemap-subitems-444.xml HTTP/1.1" 200 9977 "-" "Mozilla/5.0 (compatible; Googlebot/2.1; +http://www.google.com/bot.html)"
162.0.232.193 - - [17/Jun/2025:19:14:11 -0400] "POST /wp-cron.php?doing_wp_cron=1750202051.7559070587158203125000 HTTP/1.1" 200 0 "-" "WordPress/6.8.1; https://read11.windbreakermanga.com"
162.0.232.193 - - [17/Jun/2025:19:14:24 -0400] "POST /wp-cron.php?doing_wp_cron=1750202063.9834270477294921875000 HTTP/1.1" 200 0 "-" "WordPress/6.8.1; https://read11.windbreakermanga.com"
2401:e120:2029:e952:f48b:1619:654c:727c - - [17/Jun/2025:19:14:30 -0400] "GET /wp-content/uploads/2024/02/cropped-jay-jo-192x192.webp HTTP/1.1" 200 6674 "-" "Mozilla/5.0 (Linux; Android 10; JNY-LX2 Build/HUAWEIJNY-L22) AppleWebKit/537.36 (KHTML, like Gecko) Chrome/114.0.5735.196 Mobile Safari/537.36 OPX/2.8"
162.0.232.193 - - [17/Jun/2025:19:14:42 -0400] "POST /wp-cron.php?doing_wp_cron=1750202082.6815629005432128906250 HTTP/1.1" 200 0 "-" "WordPress/6.8.1; https://read11.windbreakermanga.com"
20.171.207.97 - - [17/Jun/2025:19:14:45 -0400] "GET /?p=4084 HTTP/1.1" 301 0 "-" "Mozilla/5.0 AppleWebKit/537.36 (KHTML, like Gecko; compatible; GPTBot/1.2; +https://openai.com/gptbot)"
162.0.232.193 - - [17/Jun/2025:19:15:13 -0400] "POST /wp-cron.php?doing_wp_cron=1750202113.0126171112060546875000 HTTP/1.1" 200 0 "-" "WordPress/6.8.1; https://read11.windbreakermanga.com"
162.0.232.193 - - [17/Jun/2025:19:15:16 -0400] "GET /wp-content/uploads/f979bbbcbe9df560cb74049269d2541e_4104.xml HTTP/1.1" 200 2533 "-" "Mozilla/5.0 (X11; Linux x86_64) AppleWebKit/537.36 (KHTML, like Gecko) Ubuntu Chromium/41.0.2272.76"
95.108.213.108 - - [17/Jun/2025:19:15:24 -0400] "GET /robots.txt HTTP/1.1" 304 0 "-" "Mozilla/5.0 (compatible; YandexBot/3.0; +http://yandex.com/bots)"
87.250.224.116 - - [17/Jun/2025:19:15:25 -0400] "GET /wind-breaker-chapter-395/ HTTP/1.1" 500 1034 "-" "Mozilla/5.0 (compatible; YandexBot/3.0; +http://yandex.com/bots)"
47.82.60.181 - - [17/Jun/2025:19:15:30 -0400] "GET /wind-breaker-chapter-196/ HTTP/1.1" 200 12409 "https://read11.windbreakermanga.com/wind-breaker-chapter-196/" "Mozilla/5.0 (Windows NT 10.0; Win64; x64) AppleWebKit/537.36 (KHTML, like Gecko) Chrome/114.0.0.0 Safari/537.36 Edg/114.0.1823.43"
162.0.232.193 - - [17/Jun/2025:19:16:13 -0400] "POST /wp-cron.php?doing_wp_cron=1750202173.1029179096221923828125 HTTP/1.1" 200 0 "-" "WordPress/6.8.1; https://read11.windbreakermanga.com"
162.0.232.193 - - [17/Jun/2025:19:16:20 -0400] "POST /wp-cron.php?doing_wp_cron=1750202180.7166750431060791015625 HTTP/1.1" 200 0 "-" "WordPress/6.8.1; https://read11.windbreakermanga.com"
162.0.232.193 - - [17/Jun/2025:19:16:43 -0400] "POST /wp-cron.php?doing_wp_cron=1750202202.8791720867156982421875 HTTP/1.1" 200 0 "-" "WordPress/6.8.1; https://read11.windbreakermanga.com"
2a03:2880:f800:13:: - - [17/Jun/2025:19:16:56 -0400] "GET /wp-json/wp/v2/posts/4507 HTTP/1.1" 200 29013 "-" "meta-externalagent/1.1 (+https://developers.facebook.com/docs/sharing/webmasters/crawler)"
162.0.232.193 - - [17/Jun/2025:19:17:13 -0400] "POST /wp-cron.php?doing_wp_cron=1750202232.6796400547027587890625 HTTP/1.1" 200 0 "-" "WordPress/6.8.1; https://read11.windbreakermanga.com"
162.0.232.193 - - [17/Jun/2025:19:17:21 -0400] "POST /wp-cron.php?doing_wp_cron=1750202240.8763880729675292968750 HTTP/1.1" 200 0 "-" "WordPress/6.8.1; https://read11.windbreakermanga.com"
216.73.216.244 - - [17/Jun/2025:19:17:33 -0400] "GET /sitemap-subitems-2329.xml HTTP/1.1" 200 10113 "-" "Mozilla/5.0 AppleWebKit/537.36 (KHTML, like Gecko; compatible; ClaudeBot/1.0; [email protected])"
162.0.232.193 - - [17/Jun/2025:19:17:42 -0400] "POST /wp-cron.php?doing_wp_cron=1750202261.8916399478912353515625 HTTP/1.1" 200 0 "-" "WordPress/6.8.1; https://read11.windbreakermanga.com"
162.0.232.193 - - [17/Jun/2025:19:18:13 -0400] "POST /wp-cron.php?doing_wp_cron=1750202292.7767219543457031250000 HTTP/1.1" 200 0 "-" "WordPress/6.8.1; https://read11.windbreakermanga.com"
162.0.232.193 - - [17/Jun/2025:19:18:22 -0400] "POST /wp-cron.php?doing_wp_cron=1750202302.0765719413757324218750 HTTP/1.1" 200 0 "-" "WordPress/6.8.1; https://read11.windbreakermanga.com"
162.0.232.193 - - [17/Jun/2025:19:18:42 -0400] "POST /wp-cron.php?doing_wp_cron=1750202321.6745400428771972656250 HTTP/1.1" 200 0 "-" "WordPress/6.8.1; https://read11.windbreakermanga.com"
103.218.122.203 - - [17/Jun/2025:19:18:37 -0400] "POST /xmlrpc.php HTTP/1.1" 200 186 "https://read11.windbreakermanga.com" "Mozilla/5.0 (Windows NT 10.0; Win64; x64) AppleWebKit/537.36 (KHTML, like Gecko) Chrome/112.0.5615.138 Safari/537.36 Edg/112.0.1722.68"
162.0.232.193 - - [17/Jun/2025:19:18:53 -0400] "POST /wp-cron.php?doing_wp_cron=1750202333.4936211109161376953125 HTTP/1.1" 200 0 "-" "WordPress/6.8.1; https://read11.windbreakermanga.com"
47.82.61.7 - - [17/Jun/2025:19:18:56 -0400] "GET /category/wind-breaker-webtoon/page/4/ HTTP/1.1" 200 12773 "https://read11.windbreakermanga.com/category/wind-breaker-webtoon/page/4/" "Mozilla/5.0 (Windows NT 10.0; Win64; x64) AppleWebKit/537.36 (KHTML, like Gecko) Chrome/114.0.0.0 Safari/537.36 Edg/114.0.1823.43"
176.106.28.26 - - [17/Jun/2025:19:18:56 -0400] "GET /manga/wind-breaker-chapter-340/ HTTP/1.1" 301 0 "-" "Mozilla/5.0 (Windows NT 10.0; Win64; x64) AppleWebKit/537.36 (KHTML, like Gecko) Chrome/121.0.0.0 Safari/537.36 Edg/121.0.0.0"
38.158.115.71 - - [17/Jun/2025:19:19:07 -0400] "GET / HTTP/1.1" 200 12660 "-" "Mozilla/5.0 (Windows NT 10.0; Win64; x64) AppleWebKit/537.36 (KHTML, like Gecko) Chrome/121.0.0.0 Safari/537.36 Edg/121.0.0.0"
162.0.232.193 - - [17/Jun/2025:19:19:12 -0400] "POST /wp-cron.php?doing_wp_cron=1750202352.6833720207214355468750 HTTP/1.1" 200 0 "-" "WordPress/6.8.1; https://read11.windbreakermanga.com"
162.0.232.193 - - [17/Jun/2025:19:19:22 -0400] "GET /wp-content/uploads/f979bbbcbe9df560cb74049269d2541e_4104.xml HTTP/1.1" 200 2276 "-" "Mozilla/5.0 (X11; Linux x86_64) AppleWebKit/537.36 (KHTML, like Gecko) Ubuntu Chromium/41.0.2272.76"
2a03:2880:f800:16:: - - [17/Jun/2025:19:19:38 -0400] "GET /shopdetail/98251712 HTTP/1.1" 301 0 "-" "meta-externalagent/1.1 (+https://developers.facebook.com/docs/sharing/webmasters/crawler)"
216.73.216.244 - - [17/Jun/2025:19:19:43 -0400] "GET /sitemap-subitems-1309.xml HTTP/1.1" 200 10224 "-" "Mozilla/5.0 AppleWebKit/537.36 (KHTML, like Gecko; compatible; ClaudeBot/1.0; [email protected])"
162.0.232.193 - - [17/Jun/2025:19:20:16 -0400] "POST /wp-cron.php?doing_wp_cron=1750202416.4840440750122070312500 HTTP/1.1" 200 0 "-" "WordPress/6.8.1; https://read11.windbreakermanga.com"
162.0.232.193 - - [17/Jun/2025:19:20:18 -0400] "POST /wp-cron.php?doing_wp_cron=1750202417.2841389179229736328125 HTTP/1.1" 200 0 "-" "WordPress/6.8.1; https://read11.windbreakermanga.com"
162.0.232.193 - - [17/Jun/2025:19:20:42 -0400] "POST /wp-cron.php?doing_wp_cron=1750202442.0797998905181884765625 HTTP/1.1" 200 0 "-" "WordPress/6.8.1; https://read11.windbreakermanga.com"
162.0.232.193 - - [17/Jun/2025:19:21:13 -0400] "POST /wp-cron.php?doing_wp_cron=1750202473.1930239200592041015625 HTTP/1.1" 200 0 "-" "WordPress/6.8.1; https://read11.windbreakermanga.com"
35.86.103.17 - - [17/Jun/2025:19:21:18 -0400] "GET / HTTP/1.1" 200 12660 "-" "Mozilla/5.0 (Windows NT 10.0; Win64; x64; rv:109.0) Gecko/20100101 Firefox/109.0"
35.86.103.17 - - [17/Jun/2025:19:21:19 -0400] "GET /wp-includes/js/jquery/jquery-migrate.min.js?ver=3.4.1 HTTP/1.1" 304 0 "https://read11.windbreakermanga.com/" "Mozilla/5.0 (Windows NT 10.0; Win64; x64; rv:109.0) Gecko/20100101 Firefox/109.0"
35.86.103.17 - - [17/Jun/2025:19:21:19 -0400] "GET /wp-includes/js/jquery/jquery.min.js?ver=3.7.1 HTTP/1.1" 304 0 "https://read11.windbreakermanga.com/" "Mozilla/5.0 (Windows NT 10.0; Win64; x64; rv:109.0) Gecko/20100101 Firefox/109.0"
35.86.103.17 - - [17/Jun/2025:19:21:19 -0400] "GET /wp-content/cache/min/1/wp-content/plugins/comic-easel/js/keynav.js?ver=1746140519 HTTP/1.1" 304 0 "https://read11.windbreakermanga.com/" "Mozilla/5.0 (Windows NT 10.0; Win64; x64; rv:109.0) Gecko/20100101 Firefox/109.0"
35.86.103.17 - - [17/Jun/2025:19:21:19 -0400] "GET /wp-content/cache/min/1/wp-content/plugins/simple-social-buttons/assets/js/front.js?ver=1746140519 HTTP/1.1" 304 0 "https://read11.windbreakermanga.com/" "Mozilla/5.0 (Windows NT 10.0; Win64; x64; rv:109.0) Gecko/20100101 Firefox/109.0"
35.86.103.17 - - [17/Jun/2025:19:21:19 -0400] "GET /wp-content/themes/toivo-lite/js/responsive-nav.min.js?ver=1.2.0 HTTP/1.1" 304 0 "https://read11.windbreakermanga.com/" "Mozilla/5.0 (Windows NT 10.0; Win64; x64; rv:109.0) Gecko/20100101 Firefox/109.0"
35.86.103.17 - - [17/Jun/2025:19:21:19 -0400] "GET /wp-content/themes/toivo-lite/js/functions.min.js?ver=1.2.0 HTTP/1.1" 304 0 "https://read11.windbreakermanga.com/" "Mozilla/5.0 (Windows NT 10.0; Win64; x64; rv:109.0) Gecko/20100101 Firefox/109.0"
162.0.232.193 - - [17/Jun/2025:19:21:20 -0400] "POST /wp-cron.php?doing_wp_cron=1750202480.0733931064605712890625 HTTP/1.1" 200 0 "-" "WordPress/6.8.1; https://read11.windbreakermanga.com"
35.86.103.17 - - [17/Jun/2025:19:21:21 -0400] "GET /wp-content/uploads/2024/02/cropped-jay-jo-32x32.webp HTTP/1.1" 200 540 "https://read11.windbreakermanga.com/" "Mozilla/5.0 (Windows NT 10.0; Win64; x64; rv:109.0) Gecko/20100101 Firefox/109.0"
44.239.149.248 - - [17/Jun/2025:19:21:27 -0400] "GET /wp-content/uploads/2024/02/te926m2lqxc91.webp HTTP/1.1" 200 51244 "-" "curl/7.58.0"
66.249.77.194 - - [17/Jun/2025:19:21:29 -0400] "GET /sitemap-subitems-1485.xml HTTP/1.1" 200 10126 "-" "Mozilla/5.0 (compatible; Googlebot/2.1; +http://www.google.com/bot.html)"
162.0.232.193 - - [17/Jun/2025:19:21:44 -0400] "POST /wp-cron.php?doing_wp_cron=1750202503.8795979022979736328125 HTTP/1.1" 200 0 "-" "WordPress/6.8.1; https://read11.windbreakermanga.com"
47.82.60.167 - - [17/Jun/2025:19:22:02 -0400] "GET /wind-breaker-chapter-107/ HTTP/1.1" 200 11898 "https://read11.windbreakermanga.com/wind-breaker-chapter-107/" "Mozilla/5.0 (Windows NT 10.0; Win64; x64) AppleWebKit/537.36 (KHTML, like Gecko) Chrome/114.0.0.0 Safari/537.36 Edg/114.0.1823.43"
162.0.232.193 - - [17/Jun/2025:19:22:11 -0400] "POST /wp-cron.php?doing_wp_cron=1750202531.1866819858551025390625 HTTP/1.1" 200 0 "-" "WordPress/6.8.1; https://read11.windbreakermanga.com"
162.0.232.193 - - [17/Jun/2025:19:22:21 -0400] "POST /wp-cron.php?doing_wp_cron=1750202541.5887429714202880859375 HTTP/1.1" 200 0 "-" "WordPress/6.8.1; https://read11.windbreakermanga.com"
162.0.232.193 - - [17/Jun/2025:19:22:42 -0400] "POST /wp-cron.php?doing_wp_cron=1750202561.7929599285125732421875 HTTP/1.1" 200 0 "-" "WordPress/6.8.1; https://read11.windbreakermanga.com"
162.0.232.193 - - [17/Jun/2025:19:23:13 -0400] "POST /wp-cron.php?doing_wp_cron=1750202592.9764020442962646484375 HTTP/1.1" 200 0 "-" "WordPress/6.8.1; https://read11.windbreakermanga.com"
162.0.232.193 - - [17/Jun/2025:19:23:20 -0400] "GET /wp-content/uploads/f979bbbcbe9df560cb74049269d2541e_4104.xml HTTP/1.1" 200 2276 "-" "Mozilla/5.0 (X11; Linux x86_64) AppleWebKit/537.36 (KHTML, like Gecko) Ubuntu Chromium/41.0.2272.76"
51.68.236.91 - - [17/Jun/2025:19:23:26 -0400] "GET / HTTP/1.1" 200 12660 "-" "Mozilla/5.0 (compatible; MJ12bot/v2.0.2; http://mj12bot.com/)"
2a03:2880:f800:a:: - - [17/Jun/2025:19:23:53 -0400] "GET /shopdetail/98237392 HTTP/1.1" 301 0 "-" "meta-externalagent/1.1 (+https://developers.facebook.com/docs/sharing/webmasters/crawler)"
177.234.154.90 - - [17/Jun/2025:19:23:58 -0400] "GET /xmlrpc.php HTTP/1.1" 405 46 "https://read10.windbreakermanga.com" "Mozilla/5.0 (Macintosh; Intel Mac OS X 14.3) AppleWebKit/614.31.14 (KHTML, like Gecko) Version/17.0.96 Safari/614.31.14"
162.0.232.193 - - [17/Jun/2025:19:24:13 -0400] "POST /wp-cron.php?doing_wp_cron=1750202653.5746350288391113281250 HTTP/1.1" 200 0 "-" "WordPress/6.8.1; https://read11.windbreakermanga.com"
162.0.232.193 - - [17/Jun/2025:19:24:14 -0400] "POST /wp-cron.php?doing_wp_cron=1750202653.7854061126708984375000 HTTP/1.1" 200 0 "-" "WordPress/6.8.1; https://read11.windbreakermanga.com"
2a03:2880:f800:10:: - - [17/Jun/2025:19:24:16 -0400] "GET /shopdetail/98218028 HTTP/1.1" 301 0 "-" "meta-externalagent/1.1 (+https://developers.facebook.com/docs/sharing/webmasters/crawler)"
162.0.232.193 - - [17/Jun/2025:19:24:22 -0400] "POST /wp-cron.php?doing_wp_cron=1750202661.9872241020202636718750 HTTP/1.1" 200 0 "-" "WordPress/6.8.1; https://read11.windbreakermanga.com"
162.0.232.193 - - [17/Jun/2025:19:24:42 -0400] "POST /wp-cron.php?doing_wp_cron=1750202682.2788269519805908203125 HTTP/1.1" 200 0 "-" "WordPress/6.8.1; https://read11.windbreakermanga.com"
162.0.232.193 - - [17/Jun/2025:19:25:19 -0400] "POST /wp-cron.php?doing_wp_cron=1750202719.2860939502716064453125 HTTP/1.1" 200 0 "-" "WordPress/6.8.1; https://read11.windbreakermanga.com"
162.0.232.193 - - [17/Jun/2025:19:25:42 -0400] "POST /wp-cron.php?doing_wp_cron=1750202742.2730400562286376953125 HTTP/1.1" 200 0 "-" "WordPress/6.8.1; https://read11.windbreakermanga.com"
162.0.232.193 - - [17/Jun/2025:19:25:53 -0400] "POST /wp-cron.php?doing_wp_cron=1750202753.5778911113739013671875 HTTP/1.1" 200 0 "-" "WordPress/6.8.1; https://read11.windbreakermanga.com"
187.183.212.25 - - [17/Jun/2025:19:25:55 -0400] "GET /wind-breaker-chapter-445/ HTTP/1.1" 200 12139 "-" "Mozilla/5.0 (Windows NT 10.0; Win64; x64) AppleWebKit/537.36 (KHTML, like Gecko) Chrome/121.0.0.0 Safari/537.36 Edg/121.0.0.0"
2a03:2880:f800:: - - [17/Jun/2025:19:26:21 -0400] "GET /wind-breaker-chapter-550/ HTTP/1.1" 200 11605 "-" "meta-externalagent/1.1 (+https://developers.facebook.com/docs/sharing/webmasters/crawler)"
162.0.232.193 - - [17/Jun/2025:19:26:54 -0400] "POST /wp-cron.php?doing_wp_cron=1750202814.4742400646209716796875 HTTP/1.1" 200 0 "-" "WordPress/6.8.1; https://read11.windbreakermanga.com"
162.0.232.193 - - [17/Jun/2025:19:26:55 -0400] "POST /wp-cron.php?doing_wp_cron=1750202814.5738420486450195312500 HTTP/1.1" 200 0 "-" "WordPress/6.8.1; https://read11.windbreakermanga.com"
162.0.232.193 - - [17/Jun/2025:19:26:55 -0400] "POST /wp-cron.php?doing_wp_cron=1750202814.8818778991699218750000 HTTP/1.1" 200 0 "-" "WordPress/6.8.1; https://read11.windbreakermanga.com"
162.0.232.193 - - [17/Jun/2025:19:26:56 -0400] "POST /wp-cron.php?doing_wp_cron=1750202816.1959888935089111328125 HTTP/1.1" 200 0 "-" "WordPress/6.8.1; https://read11.windbreakermanga.com"
162.0.232.193 - - [17/Jun/2025:19:26:57 -0400] "POST /wp-cron.php?doing_wp_cron=1750202817.1875998973846435546875 HTTP/1.1" 200 0 "-" "WordPress/6.8.1; https://read11.windbreakermanga.com"
162.0.232.193 - - [17/Jun/2025:19:27:03 -0400] "GET /wp-content/uploads/f979bbbcbe9df560cb74049269d2541e_4104.xml HTTP/1.1" 200 2276 "-" "Mozilla/5.0 (X11; Linux x86_64) AppleWebKit/537.36 (KHTML, like Gecko) Ubuntu Chromium/41.0.2272.76"
162.0.232.193 - - [17/Jun/2025:19:27:12 -0400] "POST /wp-cron.php?doing_wp_cron=1750202831.9847788810729980468750 HTTP/1.1" 200 0 "-" "WordPress/6.8.1; https://read11.windbreakermanga.com"
162.0.232.193 - - [17/Jun/2025:19:27:21 -0400] "POST /wp-cron.php?doing_wp_cron=1750202841.5942299365997314453125 HTTP/1.1" 200 0 "-" "WordPress/6.8.1; https://read11.windbreakermanga.com"
216.73.216.244 - - [17/Jun/2025:19:27:39 -0400] "GET /sitemap-subitems-2873.xml HTTP/1.1" 200 10024 "-" "Mozilla/5.0 AppleWebKit/537.36 (KHTML, like Gecko; compatible; ClaudeBot/1.0; [email protected])"
162.0.232.193 - - [17/Jun/2025:19:27:41 -0400] "POST /wp-cron.php?doing_wp_cron=1750202861.5439600944519042968750 HTTP/1.1" 200 0 "-" "WordPress/6.8.1; https://read11.windbreakermanga.com"
2a03:2880:f800:16:: - - [17/Jun/2025:19:27:47 -0400] "GET /shopdetail/98245896 HTTP/1.1" 301 0 "-" "meta-externalagent/1.1 (+https://developers.facebook.com/docs/sharing/webmasters/crawler)"
162.0.232.193 - - [17/Jun/2025:19:28:11 -0400] "POST /wp-cron.php?doing_wp_cron=1750202891.2933800220489501953125 HTTP/1.1" 200 0 "-" "WordPress/6.8.1; https://read11.windbreakermanga.com"
