47.82.60.13 - - [17/Jun/2025:10:43:57 -0400] "GET /wind-breaker-chapter-66/ HTTP/1.1" 200 12360 "https://read11.windbreakermanga.com/wind-breaker-chapter-66/" "Mozilla/5.0 (Windows NT 10.0; Win64; x64) AppleWebKit/537.36 (KHTML, like Gecko) Chrome/114.0.0.0 Safari/537.36 Edg/114.0.1823.43"
114.119.152.134 - - [17/Jun/2025:10:44:02 -0400] "GET / HTTP/1.1" 200 12614 "https://windbreakermanga.com/wp-content/uploads/2021/11/wbr-685x1024.jpeg" "Mozilla/5.0 (Linux; Android 7.0;) AppleWebKit/537.36 (KHTML, like Gecko) Mobile Safari/537.36 (compatible; PetalBot;+https://webmaster.petalsearch.com/site/petalbot)"
162.0.232.193 - - [17/Jun/2025:10:44:12 -0400] "POST /wp-cron.php?doing_wp_cron=1750171452.4802041053771972656250 HTTP/1.1" 200 0 "-" "WordPress/6.8.1; https://read11.windbreakermanga.com"
162.0.232.193 - - [17/Jun/2025:10:44:13 -0400] "POST /wp-cron.php?doing_wp_cron=1750171452.9764420986175537109375 HTTP/1.1" 200 0 "-" "WordPress/6.8.1; https://read11.windbreakermanga.com"
47.82.62.27 - - [17/Jun/2025:10:44:15 -0400] "GET /wind-breaker-chapter-168/ HTTP/1.1" 200 11934 "https://read11.windbreakermanga.com/wind-breaker-chapter-168/" "Mozilla/5.0 (Windows NT 10.0; Win64; x64) AppleWebKit/537.36 (KHTML, like Gecko) Chrome/114.0.0.0 Safari/537.36 Edg/114.0.1823.43"
162.0.232.193 - - [17/Jun/2025:10:44:24 -0400] "POST /wp-cron.php?doing_wp_cron=1750171464.5749731063842773437500 HTTP/1.1" 200 0 "-" "WordPress/6.8.1; https://read11.windbreakermanga.com"
2a03:2880:f800:f:: - - [17/Jun/2025:10:44:25 -0400] "GET /shopdetail/98222644 HTTP/1.1" 301 0 "-" "meta-externalagent/1.1 (+https://developers.facebook.com/docs/sharing/webmasters/crawler)"
162.0.232.193 - - [17/Jun/2025:10:44:42 -0400] "POST /wp-cron.php?doing_wp_cron=1750171482.4847989082336425781250 HTTP/1.1" 200 0 "-" "WordPress/6.8.1; https://read11.windbreakermanga.com"
2a03:2880:f800:16:: - - [17/Jun/2025:10:45:02 -0400] "GET /shopdetail/98220036 HTTP/1.1" 301 0 "-" "meta-externalagent/1.1 (+https://developers.facebook.com/docs/sharing/webmasters/crawler)"
162.0.232.193 - - [17/Jun/2025:10:45:12 -0400] "POST /wp-cron.php?doing_wp_cron=1750171512.6801669597625732421875 HTTP/1.1" 200 0 "-" "WordPress/6.8.1; https://read11.windbreakermanga.com"
162.0.232.193 - - [17/Jun/2025:10:45:24 -0400] "POST /wp-cron.php?doing_wp_cron=1750171524.1773600578308105468750 HTTP/1.1" 200 0 "-" "WordPress/6.8.1; https://read11.windbreakermanga.com"
2a03:2880:f800:d:: - - [17/Jun/2025:10:45:30 -0400] "GET /shopdetail/98177140 HTTP/1.1" 301 0 "-" "meta-externalagent/1.1 (+https://developers.facebook.com/docs/sharing/webmasters/crawler)"
114.119.139.202 - - [17/Jun/2025:10:45:35 -0400] "GET /wind-breaker-chapter-155/ HTTP/1.1" 200 12271 "https://read10.windbreakermanga.com/tag/windbreaker-manga/" "Mozilla/5.0 (Linux; Android 7.0;) AppleWebKit/537.36 (KHTML, like Gecko) Mobile Safari/537.36 (compatible; PetalBot;+https://webmaster.petalsearch.com/site/petalbot)"
47.82.62.15 - - [17/Jun/2025:10:45:38 -0400] "GET /wind-breaker-chapter-339/ HTTP/1.1" 200 11837 "https://read11.windbreakermanga.com/wind-breaker-chapter-339/" "Mozilla/5.0 (Windows NT 10.0; Win64; x64) AppleWebKit/537.36 (KHTML, like Gecko) Chrome/114.0.0.0 Safari/537.36 Edg/114.0.1823.43"
162.0.232.193 - - [17/Jun/2025:10:45:46 -0400] "POST /wp-cron.php?doing_wp_cron=1750171545.9869849681854248046875 HTTP/1.1" 200 0 "-" "WordPress/6.8.1; https://read11.windbreakermanga.com"
162.0.232.193 - - [17/Jun/2025:10:46:14 -0400] "POST /wp-cron.php?doing_wp_cron=1750171574.0767929553985595703125 HTTP/1.1" 200 0 "-" "WordPress/6.8.1; https://read11.windbreakermanga.com"
162.0.232.193 - - [17/Jun/2025:10:46:24 -0400] "POST /wp-cron.php?doing_wp_cron=1750171584.4983570575714111328125 HTTP/1.1" 200 0 "-" "WordPress/6.8.1; https://read11.windbreakermanga.com"
162.0.232.193 - - [17/Jun/2025:10:46:44 -0400] "POST /wp-cron.php?doing_wp_cron=1750171604.1784250736236572265625 HTTP/1.1" 200 0 "-" "WordPress/6.8.1; https://read11.windbreakermanga.com"
162.0.232.193 - - [17/Jun/2025:10:46:44 -0400] "POST /wp-cron.php?doing_wp_cron=1750171604.1785149574279785156250 HTTP/1.1" 200 0 "-" "WordPress/6.8.1; https://read11.windbreakermanga.com"
18.138.22.45 - - [17/Jun/2025:10:46:42 -0400] "POST /xmlrpc.php HTTP/1.1" 200 205 "-" "Mozilla/5.0 (X11; Ubuntu; Linux x86_64; rv:85.0) Gecko/20100101 Firefox/91.0"
2a03:2880:f800:1b:: - - [17/Jun/2025:10:46:50 -0400] "GET /shopdetail/98177240 HTTP/1.1" 301 0 "-" "meta-externalagent/1.1 (+https://developers.facebook.com/docs/sharing/webmasters/crawler)"
47.82.61.171 - - [17/Jun/2025:10:47:01 -0400] "GET /wind-breaker-chapter-51/ HTTP/1.1" 200 12244 "https://read11.windbreakermanga.com/wind-breaker-chapter-51/" "Mozilla/5.0 (Windows NT 10.0; Win64; x64) AppleWebKit/537.36 (KHTML, like Gecko) Chrome/114.0.0.0 Safari/537.36 Edg/114.0.1823.43"
47.128.98.251 - - [17/Jun/2025:10:47:05 -0400] "GET /wp-includes/ms-site.php HTTP/1.1" 403 1242 "-" "Mozilla/5.0 (Linux; Android 5.0) AppleWebKit/537.36 (KHTML, like Gecko) Mobile Safari/537.36 (compatible; Bytespider; [email protected])"
162.0.232.193 - - [17/Jun/2025:10:47:12 -0400] "POST /wp-cron.php?doing_wp_cron=1750171632.1881520748138427734375 HTTP/1.1" 200 0 "-" "WordPress/6.8.1; https://read11.windbreakermanga.com"
162.0.232.193 - - [17/Jun/2025:10:47:16 -0400] "GET /wp-content/uploads/f979bbbcbe9df560cb74049269d2541e_4104.xml HTTP/1.1" 200 2533 "-" "Mozilla/5.0 (X11; Linux x86_64) AppleWebKit/537.36 (KHTML, like Gecko) Ubuntu Chromium/41.0.2272.76"
162.0.232.193 - - [17/Jun/2025:10:48:14 -0400] "POST /wp-cron.php?doing_wp_cron=1750171693.6858301162719726562500 HTTP/1.1" 200 0 "-" "WordPress/6.8.1; https://read11.windbreakermanga.com"
162.0.232.193 - - [17/Jun/2025:10:48:16 -0400] "POST /wp-cron.php?doing_wp_cron=1750171695.7824549674987792968750 HTTP/1.1" 200 0 "-" "WordPress/6.8.1; https://read11.windbreakermanga.com"
162.0.232.193 - - [17/Jun/2025:10:48:24 -0400] "POST /wp-cron.php?doing_wp_cron=1750171704.2860579490661621093750 HTTP/1.1" 200 0 "-" "WordPress/6.8.1; https://read11.windbreakermanga.com"
2a03:2880:f800:16:: - - [17/Jun/2025:10:48:22 -0400] "GET /shopdetail/98193532 HTTP/1.1" 301 0 "-" "meta-externalagent/1.1 (+https://developers.facebook.com/docs/sharing/webmasters/crawler)"
2a03:2880:f800:13:: - - [17/Jun/2025:10:48:30 -0400] "GET / HTTP/1.1" 200 12660 "-" "meta-externalagent/1.1 (+https://developers.facebook.com/docs/sharing/webmasters/crawler)"
162.0.232.193 - - [17/Jun/2025:10:48:42 -0400] "POST /wp-cron.php?doing_wp_cron=1750171721.9795711040496826171875 HTTP/1.1" 200 0 "-" "WordPress/6.8.1; https://read11.windbreakermanga.com"
162.0.232.193 - - [17/Jun/2025:10:49:12 -0400] "POST /wp-cron.php?doing_wp_cron=1750171751.7777879238128662109375 HTTP/1.1" 200 0 "-" "WordPress/6.8.1; https://read11.windbreakermanga.com"
47.82.62.31 - - [17/Jun/2025:10:49:19 -0400] "GET /category/wind-breaker-manga/page/4/ HTTP/1.1" 200 12762 "https://read11.windbreakermanga.com/category/wind-breaker-manga/page/4/" "Mozilla/5.0 (Windows NT 10.0; Win64; x64) AppleWebKit/537.36 (KHTML, like Gecko) Chrome/114.0.0.0 Safari/537.36 Edg/114.0.1823.43"
162.0.232.193 - - [17/Jun/2025:10:49:24 -0400] "POST /wp-cron.php?doing_wp_cron=1750171764.4818780422210693359375 HTTP/1.1" 200 0 "-" "WordPress/6.8.1; https://read11.windbreakermanga.com"
162.0.232.193 - - [17/Jun/2025:10:49:43 -0400] "POST /wp-cron.php?doing_wp_cron=1750171782.9758350849151611328125 HTTP/1.1" 200 0 "-" "WordPress/6.8.1; https://read11.windbreakermanga.com"
47.82.60.238 - - [17/Jun/2025:10:50:08 -0400] "GET /wind-breaker-chapter-65-5/ HTTP/1.1" 200 11909 "https://read11.windbreakermanga.com/wind-breaker-chapter-65-5/" "Mozilla/5.0 (Windows NT 10.0; Win64; x64) AppleWebKit/537.36 (KHTML, like Gecko) Chrome/114.0.0.0 Safari/537.36 Edg/114.0.1823.43"
162.0.232.193 - - [17/Jun/2025:10:50:14 -0400] "POST /wp-cron.php?doing_wp_cron=1750171813.9839301109313964843750 HTTP/1.1" 200 0 "-" "WordPress/6.8.1; https://read11.windbreakermanga.com"
162.0.232.193 - - [17/Jun/2025:10:50:24 -0400] "POST /wp-cron.php?doing_wp_cron=1750171824.1803560256958007812500 HTTP/1.1" 200 0 "-" "WordPress/6.8.1; https://read11.windbreakermanga.com"
47.128.25.124 - - [17/Jun/2025:10:50:25 -0400] "GET /wp-includes/class-wp-http-proxy.php HTTP/1.1" 403 1242 "-" "Mozilla/5.0 (Linux; Android 5.0) AppleWebKit/537.36 (KHTML, like Gecko) Mobile Safari/537.36 (compatible; Bytespider; [email protected])"
162.0.232.193 - - [17/Jun/2025:10:50:35 -0400] "POST /wp-cron.php?doing_wp_cron=1750171835.1847040653228759765625 HTTP/1.1" 200 0 "-" "WordPress/6.8.1; https://read11.windbreakermanga.com"
2604:a880:400:d1::899:4001 - - [17/Jun/2025:10:51:12 -0400] "POST /xmlrpc.php HTTP/1.1" 200 186 "https://read11.windbreakermanga.com" "Mozilla/5.0 (Windows NT 10.0; Win64; x64) AppleWebKit/537.36 (KHTML, like Gecko) Chrome/114.0.5735.134 Safari/537.36"
162.0.232.193 - - [17/Jun/2025:10:51:36 -0400] "POST /wp-cron.php?doing_wp_cron=1750171895.7762660980224609375000 HTTP/1.1" 200 0 "-" "WordPress/6.8.1; https://read11.windbreakermanga.com"
162.0.232.193 - - [17/Jun/2025:10:51:36 -0400] "POST /wp-cron.php?doing_wp_cron=1750171896.4748630523681640625000 HTTP/1.1" 200 0 "-" "WordPress/6.8.1; https://read11.windbreakermanga.com"
162.0.232.193 - - [17/Jun/2025:10:51:37 -0400] "POST /wp-cron.php?doing_wp_cron=1750171896.9864330291748046875000 HTTP/1.1" 200 0 "-" "WordPress/6.8.1; https://read11.windbreakermanga.com"
162.0.232.193 - - [17/Jun/2025:10:51:44 -0400] "GET /wp-content/uploads/f979bbbcbe9df560cb74049269d2541e_4104.xml HTTP/1.1" 200 2276 "-" "Mozilla/5.0 (X11; Linux x86_64) AppleWebKit/537.36 (KHTML, like Gecko) Ubuntu Chromium/41.0.2272.76"
47.82.60.24 - - [17/Jun/2025:10:51:49 -0400] "GET /category/manga/page/49/ HTTP/1.1" 200 12207 "https://read11.windbreakermanga.com/category/manga/page/49/" "Mozilla/5.0 (Windows NT 10.0; Win64; x64) AppleWebKit/537.36 (KHTML, like Gecko) Chrome/114.0.0.0 Safari/537.36 Edg/114.0.1823.43"
2a03:2880:f800:12:: - - [17/Jun/2025:10:51:58 -0400] "GET /shopdetail/98215084 HTTP/1.1" 301 0 "-" "meta-externalagent/1.1 (+https://developers.facebook.com/docs/sharing/webmasters/crawler)"
47.82.60.24 - - [17/Jun/2025:10:52:36 -0400] "GET /wind-breaker-chapter-123/ HTTP/1.1" 200 12277 "https://read11.windbreakermanga.com/wind-breaker-chapter-123/" "Mozilla/5.0 (Windows NT 10.0; Win64; x64) AppleWebKit/537.36 (KHTML, like Gecko) Chrome/114.0.0.0 Safari/537.36 Edg/114.0.1823.43"
162.0.232.193 - - [17/Jun/2025:10:52:37 -0400] "POST /wp-cron.php?doing_wp_cron=1750171956.9865059852600097656250 HTTP/1.1" 200 0 "-" "WordPress/6.8.1; https://read11.windbreakermanga.com"
162.0.232.193 - - [17/Jun/2025:10:52:41 -0400] "POST /wp-cron.php?doing_wp_cron=1750171961.6065959930419921875000 HTTP/1.1" 200 0 "-" "WordPress/6.8.1; https://read11.windbreakermanga.com"
47.82.61.211 - - [17/Jun/2025:10:52:51 -0400] "GET /chapter-425/ HTTP/1.1" 200 11101 "https://read11.windbreakermanga.com/chapter-425/" "Mozilla/5.0 (Windows NT 10.0; Win64; x64) AppleWebKit/537.36 (KHTML, like Gecko) Chrome/114.0.0.0 Safari/537.36 Edg/114.0.1823.43"
162.0.232.193 - - [17/Jun/2025:10:53:11 -0400] "POST /wp-cron.php?doing_wp_cron=1750171991.4782929420471191406250 HTTP/1.1" 200 0 "-" "WordPress/6.8.1; https://read11.windbreakermanga.com"
2a03:2880:f800:c:: - - [17/Jun/2025:10:53:19 -0400] "GET /shopdetail/98188688 HTTP/1.1" 301 0 "-" "meta-externalagent/1.1 (+https://developers.facebook.com/docs/sharing/webmasters/crawler)"
162.0.232.193 - - [17/Jun/2025:10:53:26 -0400] "POST /wp-cron.php?doing_wp_cron=1750172006.2879650592803955078125 HTTP/1.1" 200 0 "-" "WordPress/6.8.1; https://read11.windbreakermanga.com"
47.128.127.122 - - [17/Jun/2025:10:53:45 -0400] "GET /wp-includes/cache.php HTTP/1.1" 403 1242 "-" "Mozilla/5.0 (Linux; Android 5.0) AppleWebKit/537.36 (KHTML, like Gecko) Mobile Safari/537.36 (compatible; Bytespider; [email protected])"
162.0.232.193 - - [17/Jun/2025:10:53:48 -0400] "POST /wp-cron.php?doing_wp_cron=1750172027.8828480243682861328125 HTTP/1.1" 200 0 "-" "WordPress/6.8.1; https://read11.windbreakermanga.com"
162.0.232.193 - - [17/Jun/2025:10:53:48 -0400] "POST /wp-cron.php?doing_wp_cron=1750172027.8838798999786376953125 HTTP/1.1" 200 0 "-" "WordPress/6.8.1; https://read11.windbreakermanga.com"
47.82.61.190 - - [17/Jun/2025:10:53:50 -0400] "GET /wind-breaker-chapter-48/ HTTP/1.1" 200 11883 "https://read11.windbreakermanga.com/wind-breaker-chapter-48/" "Mozilla/5.0 (Windows NT 10.0; Win64; x64) AppleWebKit/537.36 (KHTML, like Gecko) Chrome/114.0.0.0 Safari/537.36 Edg/114.0.1823.43"
162.0.232.193 - - [17/Jun/2025:10:54:12 -0400] "POST /wp-cron.php?doing_wp_cron=1750172051.9818310737609863281250 HTTP/1.1" 200 0 "-" "WordPress/6.8.1; https://read11.windbreakermanga.com"
162.0.232.193 - - [17/Jun/2025:10:54:24 -0400] "POST /wp-cron.php?doing_wp_cron=1750172064.4818389415740966796875 HTTP/1.1" 200 0 "-" "WordPress/6.8.1; https://read11.windbreakermanga.com"
162.0.232.193 - - [17/Jun/2025:10:54:43 -0400] "POST /wp-cron.php?doing_wp_cron=1750172083.0786819458007812500000 HTTP/1.1" 200 0 "-" "WordPress/6.8.1; https://read11.windbreakermanga.com"
162.0.232.193 - - [17/Jun/2025:10:55:11 -0400] "POST /wp-cron.php?doing_wp_cron=1750172111.6777079105377197265625 HTTP/1.1" 200 0 "-" "WordPress/6.8.1; https://read11.windbreakermanga.com"
162.0.232.193 - - [17/Jun/2025:10:55:16 -0400] "GET /wp-content/uploads/f979bbbcbe9df560cb74049269d2541e_4104.xml HTTP/1.1" 200 2533 "-" "Mozilla/5.0 (X11; Linux x86_64) AppleWebKit/537.36 (KHTML, like Gecko) Ubuntu Chromium/41.0.2272.76"
2a03:2880:f800:5:: - - [17/Jun/2025:10:55:55 -0400] "GET /chapter-401/ HTTP/1.1" 200 11098 "-" "meta-externalagent/1.1 (+https://developers.facebook.com/docs/sharing/webmasters/crawler)"
162.0.232.193 - - [17/Jun/2025:10:56:13 -0400] "POST /wp-cron.php?doing_wp_cron=1750172173.1774098873138427734375 HTTP/1.1" 200 0 "-" "WordPress/6.8.1; https://read11.windbreakermanga.com"
162.0.232.193 - - [17/Jun/2025:10:56:15 -0400] "POST /wp-cron.php?doing_wp_cron=1750172174.6756150722503662109375 HTTP/1.1" 200 0 "-" "WordPress/6.8.1; https://read11.windbreakermanga.com"
162.0.232.193 - - [17/Jun/2025:10:56:25 -0400] "POST /wp-cron.php?doing_wp_cron=1750172184.7866809368133544921875 HTTP/1.1" 200 0 "-" "WordPress/6.8.1; https://read11.windbreakermanga.com"
162.0.232.193 - - [17/Jun/2025:10:56:41 -0400] "POST /wp-cron.php?doing_wp_cron=1750172201.7819700241088867187500 HTTP/1.1" 200 0 "-" "WordPress/6.8.1; https://read11.windbreakermanga.com"
2a03:2880:f800:1b:: - - [17/Jun/2025:10:56:58 -0400] "GET /shopdetail/98220672 HTTP/1.1" 301 0 "-" "meta-externalagent/1.1 (+https://developers.facebook.com/docs/sharing/webmasters/crawler)"
47.128.109.82 - - [17/Jun/2025:10:57:05 -0400] "GET /wp-includes/fonts.php HTTP/1.1" 403 1242 "-" "Mozilla/5.0 (Linux; Android 5.0) AppleWebKit/537.36 (KHTML, like Gecko) Mobile Safari/537.36 (compatible; Bytespider; [email protected])"
162.0.232.193 - - [17/Jun/2025:10:57:13 -0400] "POST /wp-cron.php?doing_wp_cron=1750172233.1837170124053955078125 HTTP/1.1" 200 0 "-" "WordPress/6.8.1; https://read11.windbreakermanga.com"
2a03:2880:f800:17:: - - [17/Jun/2025:10:57:18 -0400] "GET /shopdetail/98251548 HTTP/1.1" 301 0 "-" "meta-externalagent/1.1 (+https://developers.facebook.com/docs/sharing/webmasters/crawler)"
162.0.232.193 - - [17/Jun/2025:10:57:27 -0400] "POST /wp-cron.php?doing_wp_cron=1750172246.8815810680389404296875 HTTP/1.1" 200 0 "-" "WordPress/6.8.1; https://read11.windbreakermanga.com"
2a03:2880:f800:5:: - - [17/Jun/2025:10:57:30 -0400] "GET /shopdetail/98180420 HTTP/1.1" 301 0 "-" "meta-externalagent/1.1 (+https://developers.facebook.com/docs/sharing/webmasters/crawler)"
162.0.232.193 - - [17/Jun/2025:10:57:44 -0400] "POST /wp-cron.php?doing_wp_cron=1750172264.4829421043395996093750 HTTP/1.1" 200 0 "-" "WordPress/6.8.1; https://read11.windbreakermanga.com"
47.82.62.107 - - [17/Jun/2025:10:57:57 -0400] "GET /category/wind-breaker-manhwa/page/5/ HTTP/1.1" 200 12886 "https://read11.windbreakermanga.com/category/wind-breaker-manhwa/page/5/" "Mozilla/5.0 (Windows NT 10.0; Win64; x64) AppleWebKit/537.36 (KHTML, like Gecko) Chrome/114.0.0.0 Safari/537.36 Edg/114.0.1823.43"
162.0.232.193 - - [17/Jun/2025:10:58:11 -0400] "POST /wp-cron.php?doing_wp_cron=1750172291.2727189064025878906250 HTTP/1.1" 200 0 "-" "WordPress/6.8.1; https://read11.windbreakermanga.com"
162.0.232.193 - - [17/Jun/2025:10:58:24 -0400] "POST /wp-cron.php?doing_wp_cron=1750172304.2835230827331542968750 HTTP/1.1" 200 0 "-" "WordPress/6.8.1; https://read11.windbreakermanga.com"
162.0.232.193 - - [17/Jun/2025:10:58:41 -0400] "POST /wp-cron.php?doing_wp_cron=1750172321.3865320682525634765625 HTTP/1.1" 200 0 "-" "WordPress/6.8.1; https://read11.windbreakermanga.com"
47.82.61.210 - - [17/Jun/2025:10:58:56 -0400] "GET /wind-breaker-chapter-488/ HTTP/1.1" 200 11982 "https://read11.windbreakermanga.com/wind-breaker-chapter-488/" "Mozilla/5.0 (Windows NT 10.0; Win64; x64) AppleWebKit/537.36 (KHTML, like Gecko) Chrome/114.0.0.0 Safari/537.36 Edg/114.0.1823.43"
47.82.62.104 - - [17/Jun/2025:10:58:58 -0400] "GET /wind-breaker-chapter-504/ HTTP/1.1" 200 11569 "https://read11.windbreakermanga.com/wind-breaker-chapter-504/" "Mozilla/5.0 (Windows NT 10.0; Win64; x64) AppleWebKit/537.36 (KHTML, like Gecko) Chrome/114.0.0.0 Safari/537.36 Edg/114.0.1823.43"
162.0.232.193 - - [17/Jun/2025:10:59:12 -0400] "POST /wp-cron.php?doing_wp_cron=1750172352.2909159660339355468750 HTTP/1.1" 200 0 "-" "WordPress/6.8.1; https://read11.windbreakermanga.com"
162.0.232.193 - - [17/Jun/2025:10:59:15 -0400] "GET /wp-content/uploads/f979bbbcbe9df560cb74049269d2541e_4104.xml HTTP/1.1" 200 2533 "-" "Mozilla/5.0 (X11; Linux x86_64) AppleWebKit/537.36 (KHTML, like Gecko) Ubuntu Chromium/41.0.2272.76"
2a03:2880:f800:7:: - - [17/Jun/2025:10:59:20 -0400] "GET /shopdetail/98176512 HTTP/1.1" 301 0 "-" "meta-externalagent/1.1 (+https://developers.facebook.com/docs/sharing/webmasters/crawler)"
2a03:2880:f800:4:: - - [17/Jun/2025:10:59:31 -0400] "GET /shopdetail/98247868 HTTP/1.1" 301 0 "-" "meta-externalagent/1.1 (+https://developers.facebook.com/docs/sharing/webmasters/crawler)"
47.82.60.24 - - [17/Jun/2025:10:59:56 -0400] "GET /wind-breaker-chapter-50/ HTTP/1.1" 200 11882 "https://read11.windbreakermanga.com/wind-breaker-chapter-50/" "Mozilla/5.0 (Windows NT 10.0; Win64; x64) AppleWebKit/537.36 (KHTML, like Gecko) Chrome/114.0.0.0 Safari/537.36 Edg/114.0.1823.43"
15.204.43.173 - - [17/Jun/2025:11:00:06 -0400] "POST /xmlrpc.php HTTP/1.1" 200 186 "https://read11.windbreakermanga.com" "Mozilla/5.0 (Macintosh; Intel Mac OS X 10.15; rv:126.0) Gecko/20100101 Firefox/126.0"
47.82.61.140 - - [17/Jun/2025:11:00:19 -0400] "GET /wind-breaker-chapter-156/ HTTP/1.1" 200 12269 "https://read11.windbreakermanga.com/wind-breaker-chapter-156/" "Mozilla/5.0 (Windows NT 10.0; Win64; x64) AppleWebKit/537.36 (KHTML, like Gecko) Chrome/114.0.0.0 Safari/537.36 Edg/114.0.1823.43"
162.0.232.193 - - [17/Jun/2025:11:00:19 -0400] "POST /wp-cron.php?doing_wp_cron=1750172419.3747880458831787109375 HTTP/1.1" 200 0 "-" "WordPress/6.8.1; https://read11.windbreakermanga.com"
47.128.54.94 - - [17/Jun/2025:11:00:25 -0400] "GET /wp-includes/class-wp-ajax-response.php HTTP/1.1" 403 1242 "-" "Mozilla/5.0 (Linux; Android 5.0) AppleWebKit/537.36 (KHTML, like Gecko) Mobile Safari/537.36 (compatible; Bytespider; [email protected])"
162.0.232.193 - - [17/Jun/2025:11:00:49 -0400] "POST /wp-cron.php?doing_wp_cron=1750172449.1806759834289550781250 HTTP/1.1" 200 0 "-" "WordPress/6.8.1; https://read11.windbreakermanga.com"
162.0.232.193 - - [17/Jun/2025:11:00:51 -0400] "GET /wind-breaker-chapter-111/ HTTP/1.1" 200 12156 "-" "WP Rocket/Preload"
162.0.232.193 - - [17/Jun/2025:11:00:56 -0400] "GET /wind-breaker-chapter-111/ HTTP/1.1" 200 0 "-" "WP Rocket/Preload Mozilla/5.0 (iPhone; CPU iPhone OS 9_1 like Mac OS X) AppleWebKit/601.1.46 (KHTML, like Gecko) Version/9.0 Mobile/13B143 Safari/601.1"
162.0.232.193 - - [17/Jun/2025:11:01:14 -0400] "POST /wp-cron.php?doing_wp_cron=1750172473.8895161151885986328125 HTTP/1.1" 200 0 "-" "WordPress/6.8.1; https://read11.windbreakermanga.com"
114.119.152.134 - - [17/Jun/2025:11:01:17 -0400] "GET /category/wind-breaker-manhwa/page/24/ HTTP/1.1" 200 13284 "https://read10.windbreakermanga.com/category/wind-breaker-manhwa/page/25/" "Mozilla/5.0 (Linux; Android 7.0;) AppleWebKit/537.36 (KHTML, like Gecko) Mobile Safari/537.36 (compatible; PetalBot;+https://webmaster.petalsearch.com/site/petalbot)"
162.0.232.193 - - [17/Jun/2025:11:01:24 -0400] "POST /wp-cron.php?doing_wp_cron=1750172484.4933059215545654296875 HTTP/1.1" 200 0 "-" "WordPress/6.8.1; https://read11.windbreakermanga.com"
162.0.232.193 - - [17/Jun/2025:11:01:27 -0400] "GET /wind-breaker-chapter-105/ HTTP/1.1" 200 0 "-" "WP Rocket/Preload"
162.0.232.193 - - [17/Jun/2025:11:01:29 -0400] "GET /wind-breaker-chapter-105/ HTTP/1.1" 200 0 "-" "WP Rocket/Preload Mozilla/5.0 (iPhone; CPU iPhone OS 9_1 like Mac OS X) AppleWebKit/601.1.46 (KHTML, like Gecko) Version/9.0 Mobile/13B143 Safari/601.1"
162.0.232.193 - - [17/Jun/2025:11:01:30 -0400] "GET /wind-breaker-chapter-146/ HTTP/1.1" 200 0 "-" "WP Rocket/Preload"
162.0.232.193 - - [17/Jun/2025:11:01:32 -0400] "GET /wind-breaker-chapter-146/ HTTP/1.1" 200 0 "-" "WP Rocket/Preload Mozilla/5.0 (iPhone; CPU iPhone OS 9_1 like Mac OS X) AppleWebKit/601.1.46 (KHTML, like Gecko) Version/9.0 Mobile/13B143 Safari/601.1"
162.0.232.193 - - [17/Jun/2025:11:01:33 -0400] "GET /wind-breaker-chapter-143/ HTTP/1.1" 200 0 "-" "WP Rocket/Preload"
162.0.232.193 - - [17/Jun/2025:11:01:35 -0400] "GET /wind-breaker-chapter-143/ HTTP/1.1" 200 0 "-" "WP Rocket/Preload Mozilla/5.0 (iPhone; CPU iPhone OS 9_1 like Mac OS X) AppleWebKit/601.1.46 (KHTML, like Gecko) Version/9.0 Mobile/13B143 Safari/601.1"
162.0.232.193 - - [17/Jun/2025:11:01:37 -0400] "GET /wind-breaker-chapter-136/ HTTP/1.1" 200 0 "-" "WP Rocket/Preload"
162.0.232.193 - - [17/Jun/2025:11:01:38 -0400] "GET /wind-breaker-chapter-136/ HTTP/1.1" 200 0 "-" "WP Rocket/Preload Mozilla/5.0 (iPhone; CPU iPhone OS 9_1 like Mac OS X) AppleWebKit/601.1.46 (KHTML, like Gecko) Version/9.0 Mobile/13B143 Safari/601.1"
162.0.232.193 - - [17/Jun/2025:11:01:44 -0400] "POST /wp-cron.php?doing_wp_cron=1750172503.8824899196624755859375 HTTP/1.1" 200 0 "-" "WordPress/6.8.1; https://read11.windbreakermanga.com"
162.0.232.193 - - [17/Jun/2025:11:02:15 -0400] "POST /wp-cron.php?doing_wp_cron=1750172535.0746490955352783203125 HTTP/1.1" 200 0 "-" "WordPress/6.8.1; https://read11.windbreakermanga.com"
162.0.232.193 - - [17/Jun/2025:11:02:25 -0400] "POST /wp-cron.php?doing_wp_cron=1750172545.3809509277343750000000 HTTP/1.1" 200 0 "-" "WordPress/6.8.1; https://read11.windbreakermanga.com"
162.0.232.193 - - [17/Jun/2025:11:02:26 -0400] "GET /wind-breaker-chapter-134/ HTTP/1.1" 200 12278 "-" "WP Rocket/Preload"
162.0.232.193 - - [17/Jun/2025:11:02:28 -0400] "GET /wind-breaker-chapter-134/ HTTP/1.1" 200 12308 "-" "WP Rocket/Preload Mozilla/5.0 (iPhone; CPU iPhone OS 9_1 like Mac OS X) AppleWebKit/601.1.46 (KHTML, like Gecko) Version/9.0 Mobile/13B143 Safari/601.1"
162.0.232.193 - - [17/Jun/2025:11:02:29 -0400] "GET /wind-breaker-chapter-117/ HTTP/1.1" 200 0 "-" "WP Rocket/Preload"
162.0.232.193 - - [17/Jun/2025:11:02:31 -0400] "GET /wind-breaker-chapter-117/ HTTP/1.1" 200 0 "-" "WP Rocket/Preload Mozilla/5.0 (iPhone; CPU iPhone OS 9_1 like Mac OS X) AppleWebKit/601.1.46 (KHTML, like Gecko) Version/9.0 Mobile/13B143 Safari/601.1"
162.0.232.193 - - [17/Jun/2025:11:02:33 -0400] "GET /chapter-241/ HTTP/1.1" 200 0 "-" "WP Rocket/Preload"
162.0.232.193 - - [17/Jun/2025:11:02:34 -0400] "GET /chapter-241/ HTTP/1.1" 200 0 "-" "WP Rocket/Preload Mozilla/5.0 (iPhone; CPU iPhone OS 9_1 like Mac OS X) AppleWebKit/601.1.46 (KHTML, like Gecko) Version/9.0 Mobile/13B143 Safari/601.1"
47.82.61.140 - - [17/Jun/2025:11:02:35 -0400] "GET /wind-breaker-chapter-60/ HTTP/1.1" 200 12174 "https://read11.windbreakermanga.com/wind-breaker-chapter-60/" "Mozilla/5.0 (Windows NT 10.0; Win64; x64) AppleWebKit/537.36 (KHTML, like Gecko) Chrome/114.0.0.0 Safari/537.36 Edg/114.0.1823.43"
162.0.232.193 - - [17/Jun/2025:11:02:36 -0400] "GET /wind-breaker-chapter-212/ HTTP/1.1" 200 0 "-" "WP Rocket/Preload"
162.0.232.193 - - [17/Jun/2025:11:02:37 -0400] "GET /wind-breaker-chapter-212/ HTTP/1.1" 200 0 "-" "WP Rocket/Preload Mozilla/5.0 (iPhone; CPU iPhone OS 9_1 like Mac OS X) AppleWebKit/601.1.46 (KHTML, like Gecko) Version/9.0 Mobile/13B143 Safari/601.1"
162.0.232.193 - - [17/Jun/2025:11:02:39 -0400] "GET /wind-breaker-chapter-86/ HTTP/1.1" 200 0 "-" "WP Rocket/Preload"
162.0.232.193 - - [17/Jun/2025:11:02:40 -0400] "GET /wind-breaker-chapter-86/ HTTP/1.1" 200 0 "-" "WP Rocket/Preload Mozilla/5.0 (iPhone; CPU iPhone OS 9_1 like Mac OS X) AppleWebKit/601.1.46 (KHTML, like Gecko) Version/9.0 Mobile/13B143 Safari/601.1"
162.0.232.193 - - [17/Jun/2025:11:02:42 -0400] "GET /wind-breaker-chapter-194/ HTTP/1.1" 200 0 "-" "WP Rocket/Preload"
162.0.232.193 - - [17/Jun/2025:11:02:43 -0400] "GET /wind-breaker-chapter-194/ HTTP/1.1" 200 0 "-" "WP Rocket/Preload Mozilla/5.0 (iPhone; CPU iPhone OS 9_1 like Mac OS X) AppleWebKit/601.1.46 (KHTML, like Gecko) Version/9.0 Mobile/13B143 Safari/601.1"
162.0.232.193 - - [17/Jun/2025:11:02:45 -0400] "GET /wind-breaker-chapter-185/ HTTP/1.1" 200 0 "-" "WP Rocket/Preload"
2a03:2880:f800:1b:: - - [17/Jun/2025:11:02:44 -0400] "GET /shopdetail/98205952 HTTP/1.1" 301 0 "-" "meta-externalagent/1.1 (+https://developers.facebook.com/docs/sharing/webmasters/crawler)"
2a03:2880:f800:4:: - - [17/Jun/2025:11:02:43 -0400] "GET /shopdetail/98211840 HTTP/1.1" 301 0 "-" "meta-externalagent/1.1 (+https://developers.facebook.com/docs/sharing/webmasters/crawler)"
162.0.232.193 - - [17/Jun/2025:11:02:47 -0400] "GET /wind-breaker-chapter-185/ HTTP/1.1" 200 0 "-" "WP Rocket/Preload Mozilla/5.0 (iPhone; CPU iPhone OS 9_1 like Mac OS X) AppleWebKit/601.1.46 (KHTML, like Gecko) Version/9.0 Mobile/13B143 Safari/601.1"
162.0.232.193 - - [17/Jun/2025:11:02:51 -0400] "POST /wp-cron.php?doing_wp_cron=1750172571.0796909332275390625000 HTTP/1.1" 200 0 "-" "WordPress/6.8.1; https://read11.windbreakermanga.com"
114.119.135.251 - - [17/Jun/2025:11:03:07 -0400] "GET / HTTP/1.1" 200 12649 "https://windbreakermanga.com/wp-content/uploads/2021/11/wbr-685x1024.jpeg" "Mozilla/5.0 (Linux; Android 7.0;) AppleWebKit/537.36 (KHTML, like Gecko) Mobile Safari/537.36 (compatible; PetalBot;+https://webmaster.petalsearch.com/site/petalbot)"
162.0.232.193 - - [17/Jun/2025:11:03:11 -0400] "POST /wp-cron.php?doing_wp_cron=1750172591.4884319305419921875000 HTTP/1.1" 200 0 "-" "WordPress/6.8.1; https://read11.windbreakermanga.com"
162.0.232.193 - - [17/Jun/2025:11:03:16 -0400] "GET /wp-content/uploads/f979bbbcbe9df560cb74049269d2541e_4104.xml HTTP/1.1" 200 2533 "-" "Mozilla/5.0 (X11; Linux x86_64) AppleWebKit/537.36 (KHTML, like Gecko) Ubuntu Chromium/41.0.2272.76"
47.128.40.219 - - [17/Jun/2025:11:03:46 -0400] "GET /wp-includes/ms-default-filters.php HTTP/1.1" 403 1242 "-" "Mozilla/5.0 (Linux; Android 5.0) AppleWebKit/537.36 (KHTML, like Gecko) Mobile Safari/537.36 (compatible; Bytespider; [email protected])"
2a03:2880:f800:a:: - - [17/Jun/2025:11:03:58 -0400] "GET /shopdetail/98228232 HTTP/1.1" 301 0 "-" "meta-externalagent/1.1 (+https://developers.facebook.com/docs/sharing/webmasters/crawler)"
162.0.232.193 - - [17/Jun/2025:11:04:04 -0400] "POST /wp-admin/admin-ajax.php?action=as_async_request_queue_runner&nonce=28b36f4a68 HTTP/1.1" 200 0 "-" "WordPress/6.8.1; https://read11.windbreakermanga.com"
45.227.254.34 - - [17/Jun/2025:11:03:59 -0400] "GET /wp-admin/css/listtemplates.php HTTP/1.1" 302 0 "-" "Mozilla/5.0 (Macintosh; Intel Mac OS X 10_15_7) AppleWebKit/537.36 (KHTML, like Gecko) Chrome/120.0.0.0 Safari/537.36"
2a03:2880:f800:1b:: - - [17/Jun/2025:11:04:04 -0400] "GET /shopdetail/98192196 HTTP/1.1" 301 0 "-" "meta-externalagent/1.1 (+https://developers.facebook.com/docs/sharing/webmasters/crawler)"
45.227.254.34 - - [17/Jun/2025:11:04:05 -0400] "GET /wp-login.php?redirect_to=https%3A%2F%2Fread11.windbreakermanga.com%2Fwp-admin%2Fcss%2Flisttemplates.php&reauth=1 HTTP/1.1" 200 1895 "-" "Mozilla/5.0 (Macintosh; Intel Mac OS X 10_15_7) AppleWebKit/537.36 (KHTML, like Gecko) Chrome/120.0.0.0 Safari/537.36"
162.0.232.193 - - [17/Jun/2025:11:04:12 -0400] "POST /wp-cron.php?doing_wp_cron=1750172652.4762320518493652343750 HTTP/1.1" 200 0 "-" "WordPress/6.8.1; https://read11.windbreakermanga.com"
162.0.232.193 - - [17/Jun/2025:11:04:13 -0400] "POST /wp-cron.php?doing_wp_cron=1750172653.1759340763092041015625 HTTP/1.1" 200 0 "-" "WordPress/6.8.1; https://read11.windbreakermanga.com"
162.0.232.193 - - [17/Jun/2025:11:04:13 -0400] "POST /wp-cron.php?doing_wp_cron=1750172653.1784050464630126953125 HTTP/1.1" 200 0 "-" "WordPress/6.8.1; https://read11.windbreakermanga.com"
162.0.232.193 - - [17/Jun/2025:11:04:14 -0400] "POST /wp-cron.php?doing_wp_cron=1750172654.2790648937225341796875 HTTP/1.1" 200 0 "-" "WordPress/6.8.1; https://read11.windbreakermanga.com"
162.0.232.193 - - [17/Jun/2025:11:04:14 -0400] "POST /wp-cron.php?doing_wp_cron=1750172654.5804169178009033203125 HTTP/1.1" 200 0 "-" "WordPress/6.8.1; https://read11.windbreakermanga.com"
162.0.232.193 - - [17/Jun/2025:11:04:10 -0400] "GET /wind-breaker-chapter-157/ HTTP/1.1" 200 12256 "-" "WP Rocket/Preload"
162.0.232.193 - - [17/Jun/2025:11:04:18 -0400] "GET /wind-breaker-chapter-157/ HTTP/1.1" 200 0 "-" "WP Rocket/Preload Mozilla/5.0 (iPhone; CPU iPhone OS 9_1 like Mac OS X) AppleWebKit/601.1.46 (KHTML, like Gecko) Version/9.0 Mobile/13B143 Safari/601.1"
162.0.232.193 - - [17/Jun/2025:11:04:24 -0400] "POST /wp-admin/admin-ajax.php?action=as_async_request_queue_runner&nonce=28b36f4a68 HTTP/1.1" 200 0 "-" "WordPress/6.8.1; https://read11.windbreakermanga.com"
114.119.130.178 - - [17/Jun/2025:11:04:21 -0400] "GET /category/manga/page/36/ HTTP/1.1" 200 12134 "https://read10.windbreakermanga.com/category/manga/page/37/" "Mozilla/5.0 (Linux; Android 7.0;) AppleWebKit/537.36 (KHTML, like Gecko) Mobile Safari/537.36 (compatible; PetalBot;+https://webmaster.petalsearch.com/site/petalbot)"
162.0.232.193 - - [17/Jun/2025:11:04:26 -0400] "POST /wp-cron.php?doing_wp_cron=1750172666.1816070079803466796875 HTTP/1.1" 200 0 "-" "WordPress/6.8.1; https://read11.windbreakermanga.com"
162.0.232.193 - - [17/Jun/2025:11:04:29 -0400] "GET /wind-breaker-chapter-144/ HTTP/1.1" 200 0 "-" "WP Rocket/Preload"
162.0.232.193 - - [17/Jun/2025:11:04:31 -0400] "GET /wind-breaker-chapter-144/ HTTP/1.1" 200 0 "-" "WP Rocket/Preload Mozilla/5.0 (iPhone; CPU iPhone OS 9_1 like Mac OS X) AppleWebKit/601.1.46 (KHTML, like Gecko) Version/9.0 Mobile/13B143 Safari/601.1"
162.0.232.193 - - [17/Jun/2025:11:04:32 -0400] "GET /wind-breaker-chapter-129/ HTTP/1.1" 200 0 "-" "WP Rocket/Preload"
162.0.232.193 - - [17/Jun/2025:11:04:34 -0400] "GET /wind-breaker-chapter-129/ HTTP/1.1" 200 0 "-" "WP Rocket/Preload Mozilla/5.0 (iPhone; CPU iPhone OS 9_1 like Mac OS X) AppleWebKit/601.1.46 (KHTML, like Gecko) Version/9.0 Mobile/13B143 Safari/601.1"
162.0.232.193 - - [17/Jun/2025:11:04:36 -0400] "GET /wind-breaker-chapter-96/ HTTP/1.1" 200 0 "-" "WP Rocket/Preload"
162.0.232.193 - - [17/Jun/2025:11:04:37 -0400] "GET /wind-breaker-chapter-96/ HTTP/1.1" 200 0 "-" "WP Rocket/Preload Mozilla/5.0 (iPhone; CPU iPhone OS 9_1 like Mac OS X) AppleWebKit/601.1.46 (KHTML, like Gecko) Version/9.0 Mobile/13B143 Safari/601.1"
162.0.232.193 - - [17/Jun/2025:11:04:39 -0400] "GET /wind-breaker-chapter-198/ HTTP/1.1" 200 0 "-" "WP Rocket/Preload"
162.0.232.193 - - [17/Jun/2025:11:04:40 -0400] "GET /wind-breaker-chapter-198/ HTTP/1.1" 200 0 "-" "WP Rocket/Preload Mozilla/5.0 (iPhone; CPU iPhone OS 9_1 like Mac OS X) AppleWebKit/601.1.46 (KHTML, like Gecko) Version/9.0 Mobile/13B143 Safari/601.1"
162.0.232.193 - - [17/Jun/2025:11:04:43 -0400] "GET /wind-breaker-chapter-109/ HTTP/1.1" 200 0 "-" "WP Rocket/Preload"
47.82.60.147 - - [17/Jun/2025:11:04:38 -0400] "GET /wind-breaker-chapter-46/ HTTP/1.1" 200 12217 "https://read11.windbreakermanga.com/wind-breaker-chapter-46/" "Mozilla/5.0 (Windows NT 10.0; Win64; x64) AppleWebKit/537.36 (KHTML, like Gecko) Chrome/114.0.0.0 Safari/537.36 Edg/114.0.1823.43"
162.0.232.193 - - [17/Jun/2025:11:04:44 -0400] "GET /wind-breaker-chapter-109/ HTTP/1.1" 200 0 "-" "WP Rocket/Preload Mozilla/5.0 (iPhone; CPU iPhone OS 9_1 like Mac OS X) AppleWebKit/601.1.46 (KHTML, like Gecko) Version/9.0 Mobile/13B143 Safari/601.1"
162.0.232.193 - - [17/Jun/2025:11:04:46 -0400] "GET /wind-breaker-chapter-184/ HTTP/1.1" 200 0 "-" "WP Rocket/Preload"
162.0.232.193 - - [17/Jun/2025:11:04:47 -0400] "GET /wind-breaker-chapter-184/ HTTP/1.1" 200 0 "-" "WP Rocket/Preload Mozilla/5.0 (iPhone; CPU iPhone OS 9_1 like Mac OS X) AppleWebKit/601.1.46 (KHTML, like Gecko) Version/9.0 Mobile/13B143 Safari/601.1"
119.45.20.16 - - [17/Jun/2025:11:04:49 -0400] "GET / HTTP/1.1" 200 12649 "https://www.windbreakermanga.com/" "Mozilla/5.0 (iPhone; CPU iPhone OS 13_2_3 like Mac OS X) AppleWebKit/605.1.15 (KHTML, like Gecko) Version/13.0.3 Mobile/15E148 Safari/604.1"
162.0.232.193 - - [17/Jun/2025:11:04:51 -0400] "POST /wp-cron.php?doing_wp_cron=1750172691.4729049205780029296875 HTTP/1.1" 200 0 "-" "WordPress/6.8.1; https://read11.windbreakermanga.com"
162.0.232.193 - - [17/Jun/2025:11:05:11 -0400] "POST /wp-cron.php?doing_wp_cron=1750172711.3774199485778808593750 HTTP/1.1" 200 0 "-" "WordPress/6.8.1; https://read11.windbreakermanga.com"
2a03:2880:f800:1c:: - - [17/Jun/2025:11:05:18 -0400] "GET /shopdetail/98241908 HTTP/1.1" 301 0 "-" "meta-externalagent/1.1 (+https://developers.facebook.com/docs/sharing/webmasters/crawler)"
162.0.232.193 - - [17/Jun/2025:11:05:24 -0400] "POST /wp-cron.php?doing_wp_cron=1750172724.2760500907897949218750 HTTP/1.1" 200 0 "-" "WordPress/6.8.1; https://read11.windbreakermanga.com"
162.0.232.193 - - [17/Jun/2025:11:05:26 -0400] "GET /wind-breaker-chapter-158/ HTTP/1.1" 200 12533 "-" "WP Rocket/Preload"
162.0.232.193 - - [17/Jun/2025:11:05:27 -0400] "GET /wind-breaker-chapter-158/ HTTP/1.1" 200 0 "-" "WP Rocket/Preload Mozilla/5.0 (iPhone; CPU iPhone OS 9_1 like Mac OS X) AppleWebKit/601.1.46 (KHTML, like Gecko) Version/9.0 Mobile/13B143 Safari/601.1"
162.0.232.193 - - [17/Jun/2025:11:05:29 -0400] "GET /wind-breaker-chapter-149/ HTTP/1.1" 200 0 "-" "WP Rocket/Preload"
162.0.232.193 - - [17/Jun/2025:11:05:31 -0400] "GET /wind-breaker-chapter-149/ HTTP/1.1" 200 12262 "-" "WP Rocket/Preload Mozilla/5.0 (iPhone; CPU iPhone OS 9_1 like Mac OS X) AppleWebKit/601.1.46 (KHTML, like Gecko) Version/9.0 Mobile/13B143 Safari/601.1"
162.0.232.193 - - [17/Jun/2025:11:05:32 -0400] "GET /wind-breaker-chapter-148/ HTTP/1.1" 200 0 "-" "WP Rocket/Preload"
162.0.232.193 - - [17/Jun/2025:11:05:33 -0400] "GET /wind-breaker-chapter-148/ HTTP/1.1" 200 0 "-" "WP Rocket/Preload Mozilla/5.0 (iPhone; CPU iPhone OS 9_1 like Mac OS X) AppleWebKit/601.1.46 (KHTML, like Gecko) Version/9.0 Mobile/13B143 Safari/601.1"
162.0.232.193 - - [17/Jun/2025:11:05:35 -0400] "GET /wind-breaker-chapter-361/ HTTP/1.1" 200 11831 "-" "WP Rocket/Preload"
162.0.232.193 - - [17/Jun/2025:11:05:36 -0400] "GET /wind-breaker-chapter-361/ HTTP/1.1" 200 0 "-" "WP Rocket/Preload Mozilla/5.0 (iPhone; CPU iPhone OS 9_1 like Mac OS X) AppleWebKit/601.1.46 (KHTML, like Gecko) Version/9.0 Mobile/13B143 Safari/601.1"
114.119.129.189 - - [17/Jun/2025:11:05:37 -0400] "GET /wind-breaker-chapter-308/ HTTP/1.1" 200 13020 "https://read10.windbreakermanga.com/tag/windbreaker-manga/" "Mozilla/5.0 (Linux; Android 7.0;) AppleWebKit/537.36 (KHTML, like Gecko) Mobile Safari/537.36 (compatible; PetalBot;+https://webmaster.petalsearch.com/site/petalbot)"
162.0.232.193 - - [17/Jun/2025:11:05:37 -0400] "GET /wind-breaker-chapter-353/ HTTP/1.1" 200 0 "-" "WP Rocket/Preload"
162.0.232.193 - - [17/Jun/2025:11:05:39 -0400] "GET /wind-breaker-chapter-353/ HTTP/1.1" 200 11937 "-" "WP Rocket/Preload Mozilla/5.0 (iPhone; CPU iPhone OS 9_1 like Mac OS X) AppleWebKit/601.1.46 (KHTML, like Gecko) Version/9.0 Mobile/13B143 Safari/601.1"
162.0.232.193 - - [17/Jun/2025:11:05:40 -0400] "GET /wind-breaker-chapter-315/ HTTP/1.1" 200 0 "-" "WP Rocket/Preload"
162.0.232.193 - - [17/Jun/2025:11:05:42 -0400] "GET /wind-breaker-chapter-315/ HTTP/1.1" 200 0 "-" "WP Rocket/Preload Mozilla/5.0 (iPhone; CPU iPhone OS 9_1 like Mac OS X) AppleWebKit/601.1.46 (KHTML, like Gecko) Version/9.0 Mobile/13B143 Safari/601.1"
162.0.232.193 - - [17/Jun/2025:11:05:43 -0400] "GET /wind-breaker-chapter-323/ HTTP/1.1" 200 0 "-" "WP Rocket/Preload"
162.0.232.193 - - [17/Jun/2025:11:05:45 -0400] "GET /wind-breaker-chapter-323/ HTTP/1.1" 200 0 "-" "WP Rocket/Preload Mozilla/5.0 (iPhone; CPU iPhone OS 9_1 like Mac OS X) AppleWebKit/601.1.46 (KHTML, like Gecko) Version/9.0 Mobile/13B143 Safari/601.1"
162.0.232.193 - - [17/Jun/2025:11:05:49 -0400] "POST /wp-cron.php?doing_wp_cron=1750172748.7840549945831298828125 HTTP/1.1" 200 0 "-" "WordPress/6.8.1; https://read11.windbreakermanga.com"
2a03:2880:f800:16:: - - [17/Jun/2025:11:05:57 -0400] "GET /shopdetail/98241280 HTTP/1.1" 301 0 "-" "meta-externalagent/1.1 (+https://developers.facebook.com/docs/sharing/webmasters/crawler)"
162.0.232.193 - - [17/Jun/2025:11:06:11 -0400] "POST /wp-cron.php?doing_wp_cron=1750172771.3770749568939208984375 HTTP/1.1" 200 0 "-" "WordPress/6.8.1; https://read11.windbreakermanga.com"
162.0.232.193 - - [17/Jun/2025:11:06:27 -0400] "POST /wp-cron.php?doing_wp_cron=1750172787.5746300220489501953125 HTTP/1.1" 200 0 "-" "WordPress/6.8.1; https://read11.windbreakermanga.com"
162.0.232.193 - - [17/Jun/2025:11:06:29 -0400] "GET /wind-breaker-chapter-228/ HTTP/1.1" 200 12526 "-" "WP Rocket/Preload"
162.0.232.193 - - [17/Jun/2025:11:06:33 -0400] "GET /wind-breaker-chapter-228/ HTTP/1.1" 200 0 "-" "WP Rocket/Preload Mozilla/5.0 (iPhone; CPU iPhone OS 9_1 like Mac OS X) AppleWebKit/601.1.46 (KHTML, like Gecko) Version/9.0 Mobile/13B143 Safari/601.1"
162.0.232.193 - - [17/Jun/2025:11:06:35 -0400] "GET /chapter-234/ HTTP/1.1" 200 0 "-" "WP Rocket/Preload"
162.0.232.193 - - [17/Jun/2025:11:06:37 -0400] "GET /chapter-234/ HTTP/1.1" 200 0 "-" "WP Rocket/Preload Mozilla/5.0 (iPhone; CPU iPhone OS 9_1 like Mac OS X) AppleWebKit/601.1.46 (KHTML, like Gecko) Version/9.0 Mobile/13B143 Safari/601.1"
162.0.232.193 - - [17/Jun/2025:11:06:38 -0400] "GET /wind-breaker-chapter-187/ HTTP/1.1" 200 0 "-" "WP Rocket/Preload"
162.0.232.193 - - [17/Jun/2025:11:06:40 -0400] "GET /wind-breaker-chapter-187/ HTTP/1.1" 200 0 "-" "WP Rocket/Preload Mozilla/5.0 (iPhone; CPU iPhone OS 9_1 like Mac OS X) AppleWebKit/601.1.46 (KHTML, like Gecko) Version/9.0 Mobile/13B143 Safari/601.1"
162.0.232.193 - - [17/Jun/2025:11:06:41 -0400] "GET /wind-breaker-chapter-167/ HTTP/1.1" 200 0 "-" "WP Rocket/Preload"
162.0.232.193 - - [17/Jun/2025:11:06:43 -0400] "GET /wind-breaker-chapter-167/ HTTP/1.1" 200 0 "-" "WP Rocket/Preload Mozilla/5.0 (iPhone; CPU iPhone OS 9_1 like Mac OS X) AppleWebKit/601.1.46 (KHTML, like Gecko) Version/9.0 Mobile/13B143 Safari/601.1"
162.0.232.193 - - [17/Jun/2025:11:06:45 -0400] "GET /wind-breaker-chapter-46/ HTTP/1.1" 200 12232 "-" "WP Rocket/Preload"
162.0.232.193 - - [17/Jun/2025:11:06:46 -0400] "GET /wind-breaker-chapter-46/ HTTP/1.1" 200 0 "-" "WP Rocket/Preload Mozilla/5.0 (iPhone; CPU iPhone OS 9_1 like Mac OS X) AppleWebKit/601.1.46 (KHTML, like Gecko) Version/9.0 Mobile/13B143 Safari/601.1"
162.0.232.193 - - [17/Jun/2025:11:06:50 -0400] "POST /wp-cron.php?doing_wp_cron=1750172809.6835930347442626953125 HTTP/1.1" 200 0 "-" "WordPress/6.8.1; https://read11.windbreakermanga.com"
114.119.135.251 - - [17/Jun/2025:11:07:03 -0400] "GET /wind-breaker-chapter-19/ HTTP/1.1" 200 12238 "https://read10.windbreakermanga.com/tag/windbreaker-manga/" "Mozilla/5.0 (Linux; Android 7.0;) AppleWebKit/537.36 (KHTML, like Gecko) Mobile Safari/537.36 (compatible; PetalBot;+https://webmaster.petalsearch.com/site/petalbot)"
47.128.42.94 - - [17/Jun/2025:11:07:06 -0400] "GET /wp-includes/class.wp-scripts.php HTTP/1.1" 403 1242 "-" "Mozilla/5.0 (Linux; Android 5.0) AppleWebKit/537.36 (KHTML, like Gecko) Mobile Safari/537.36 (compatible; Bytespider; [email protected])"
162.0.232.193 - - [17/Jun/2025:11:07:12 -0400] "POST /wp-cron.php?doing_wp_cron=1750172831.9739251136779785156250 HTTP/1.1" 200 0 "-" "WordPress/6.8.1; https://read11.windbreakermanga.com"
156.228.115.188 - - [17/Jun/2025:11:07:13 -0400] "GET /wp-admin/css/listtemplates.php HTTP/1.1" 302 0 "-" "Mozilla/5.0 (Macintosh; Intel Mac OS X 10_15_7) AppleWebKit/537.36 (KHTML, like Gecko) Chrome/120.0.0.0 Safari/537.36"
162.0.232.193 - - [17/Jun/2025:11:07:14 -0400] "POST /wp-admin/admin-ajax.php?action=as_async_request_queue_runner&nonce=28b36f4a68 HTTP/1.1" 200 0 "-" "WordPress/6.8.1; https://read11.windbreakermanga.com"
162.0.232.193 - - [17/Jun/2025:11:07:16 -0400] "GET /wp-content/uploads/f979bbbcbe9df560cb74049269d2541e_4104.xml HTTP/1.1" 200 2276 "-" "Mozilla/5.0 (X11; Linux x86_64) AppleWebKit/537.36 (KHTML, like Gecko) Ubuntu Chromium/41.0.2272.76"
162.0.232.193 - - [17/Jun/2025:11:07:17 -0400] "GET /wind-breaker-chapter-110/ HTTP/1.1" 200 0 "-" "WP Rocket/Preload"
162.0.232.193 - - [17/Jun/2025:11:07:18 -0400] "GET /wind-breaker-chapter-110/ HTTP/1.1" 200 0 "-" "WP Rocket/Preload Mozilla/5.0 (iPhone; CPU iPhone OS 9_1 like Mac OS X) AppleWebKit/601.1.46 (KHTML, like Gecko) Version/9.0 Mobile/13B143 Safari/601.1"
156.228.115.188 - - [17/Jun/2025:11:07:19 -0400] "GET /wp-login.php?redirect_to=https%3A%2F%2Fread11.windbreakermanga.com%2Fwp-admin%2Fcss%2Flisttemplates.php&reauth=1 HTTP/1.1" 200 1895 "-" "Mozilla/5.0 (Macintosh; Intel Mac OS X 10_15_7) AppleWebKit/537.36 (KHTML, like Gecko) Chrome/120.0.0.0 Safari/537.36"
162.0.232.193 - - [17/Jun/2025:11:07:20 -0400] "GET /wind-breaker-chapter-0/ HTTP/1.1" 200 0 "-" "WP Rocket/Preload"
162.0.232.193 - - [17/Jun/2025:11:07:21 -0400] "GET /wind-breaker-chapter-0/ HTTP/1.1" 200 11573 "-" "WP Rocket/Preload Mozilla/5.0 (iPhone; CPU iPhone OS 9_1 like Mac OS X) AppleWebKit/601.1.46 (KHTML, like Gecko) Version/9.0 Mobile/13B143 Safari/601.1"
162.0.232.193 - - [17/Jun/2025:11:07:22 -0400] "GET /wind-breaker-chapter-289/ HTTP/1.1" 200 0 "-" "WP Rocket/Preload"
162.0.232.193 - - [17/Jun/2025:11:07:24 -0400] "GET /wind-breaker-chapter-289/ HTTP/1.1" 200 0 "-" "WP Rocket/Preload Mozilla/5.0 (iPhone; CPU iPhone OS 9_1 like Mac OS X) AppleWebKit/601.1.46 (KHTML, like Gecko) Version/9.0 Mobile/13B143 Safari/601.1"
162.0.232.193 - - [17/Jun/2025:11:07:26 -0400] "GET /wind-breaker-chapter-275/ HTTP/1.1" 200 0 "-" "WP Rocket/Preload"
162.0.232.193 - - [17/Jun/2025:11:07:27 -0400] "GET /wind-breaker-chapter-275/ HTTP/1.1" 200 0 "-" "WP Rocket/Preload Mozilla/5.0 (iPhone; CPU iPhone OS 9_1 like Mac OS X) AppleWebKit/601.1.46 (KHTML, like Gecko) Version/9.0 Mobile/13B143 Safari/601.1"
162.0.232.193 - - [17/Jun/2025:11:07:29 -0400] "GET /chapter-248/ HTTP/1.1" 200 0 "-" "WP Rocket/Preload"
162.0.232.193 - - [17/Jun/2025:11:07:30 -0400] "GET /chapter-248/ HTTP/1.1" 200 0 "-" "WP Rocket/Preload Mozilla/5.0 (iPhone; CPU iPhone OS 9_1 like Mac OS X) AppleWebKit/601.1.46 (KHTML, like Gecko) Version/9.0 Mobile/13B143 Safari/601.1"
162.0.232.193 - - [17/Jun/2025:11:07:32 -0400] "GET /wind-breaker-chapter-171/ HTTP/1.1" 200 0 "-" "WP Rocket/Preload"
162.0.232.193 - - [17/Jun/2025:11:07:33 -0400] "GET /wind-breaker-chapter-171/ HTTP/1.1" 200 0 "-" "WP Rocket/Preload Mozilla/5.0 (iPhone; CPU iPhone OS 9_1 like Mac OS X) AppleWebKit/601.1.46 (KHTML, like Gecko) Version/9.0 Mobile/13B143 Safari/601.1"
2a03:2880:f800:2:: - - [17/Jun/2025:11:07:36 -0400] "GET /shopdetail/98253356 HTTP/1.1" 301 0 "-" "meta-externalagent/1.1 (+https://developers.facebook.com/docs/sharing/webmasters/crawler)"
162.0.232.193 - - [17/Jun/2025:11:07:40 -0400] "POST /wp-admin/admin-ajax.php?action=as_async_request_queue_runner&nonce=28b36f4a68 HTTP/1.1" 200 0 "-" "WordPress/6.8.1; https://read11.windbreakermanga.com"
162.0.232.193 - - [17/Jun/2025:11:07:41 -0400] "GET /wind-breaker-chapter-291/ HTTP/1.1" 200 12877 "-" "WP Rocket/Preload"
162.0.232.193 - - [17/Jun/2025:11:07:42 -0400] "GET /wind-breaker-chapter-291/ HTTP/1.1" 200 0 "-" "WP Rocket/Preload Mozilla/5.0 (iPhone; CPU iPhone OS 9_1 like Mac OS X) AppleWebKit/601.1.46 (KHTML, like Gecko) Version/9.0 Mobile/13B143 Safari/601.1"
162.0.232.193 - - [17/Jun/2025:11:07:44 -0400] "GET /wind-breaker-chapter-259/ HTTP/1.1" 200 0 "-" "WP Rocket/Preload"
162.0.232.193 - - [17/Jun/2025:11:07:45 -0400] "GET /wind-breaker-chapter-259/ HTTP/1.1" 200 0 "-" "WP Rocket/Preload Mozilla/5.0 (iPhone; CPU iPhone OS 9_1 like Mac OS X) AppleWebKit/601.1.46 (KHTML, like Gecko) Version/9.0 Mobile/13B143 Safari/601.1"
162.0.232.193 - - [17/Jun/2025:11:07:47 -0400] "GET /wind-breaker-chapter-256/ HTTP/1.1" 200 0 "-" "WP Rocket/Preload"
162.0.232.193 - - [17/Jun/2025:11:07:49 -0400] "GET /wind-breaker-chapter-256/ HTTP/1.1" 200 0 "-" "WP Rocket/Preload Mozilla/5.0 (iPhone; CPU iPhone OS 9_1 like Mac OS X) AppleWebKit/601.1.46 (KHTML, like Gecko) Version/9.0 Mobile/13B143 Safari/601.1"
162.0.232.193 - - [17/Jun/2025:11:07:50 -0400] "GET /wind-breaker-chapter-217/ HTTP/1.1" 200 0 "-" "WP Rocket/Preload"
162.0.232.193 - - [17/Jun/2025:11:07:52 -0400] "GET /wind-breaker-chapter-217/ HTTP/1.1" 200 0 "-" "WP Rocket/Preload Mozilla/5.0 (iPhone; CPU iPhone OS 9_1 like Mac OS X) AppleWebKit/601.1.46 (KHTML, like Gecko) Version/9.0 Mobile/13B143 Safari/601.1"
162.0.232.193 - - [17/Jun/2025:11:07:54 -0400] "GET /wind-breaker-chapter-196/ HTTP/1.1" 200 0 "-" "WP Rocket/Preload"
162.0.232.193 - - [17/Jun/2025:11:07:55 -0400] "GET /wind-breaker-chapter-196/ HTTP/1.1" 200 0 "-" "WP Rocket/Preload Mozilla/5.0 (iPhone; CPU iPhone OS 9_1 like Mac OS X) AppleWebKit/601.1.46 (KHTML, like Gecko) Version/9.0 Mobile/13B143 Safari/601.1"
162.0.232.193 - - [17/Jun/2025:11:07:57 -0400] "GET /wind-breaker-chapter-190/ HTTP/1.1" 200 0 "-" "WP Rocket/Preload"
162.0.232.193 - - [17/Jun/2025:11:07:58 -0400] "GET /wind-breaker-chapter-190/ HTTP/1.1" 200 0 "-" "WP Rocket/Preload Mozilla/5.0 (iPhone; CPU iPhone OS 9_1 like Mac OS X) AppleWebKit/601.1.46 (KHTML, like Gecko) Version/9.0 Mobile/13B143 Safari/601.1"
162.0.232.193 - - [17/Jun/2025:11:08:00 -0400] "GET /wind-breaker-chapter-153/ HTTP/1.1" 200 0 "-" "WP Rocket/Preload"
162.0.232.193 - - [17/Jun/2025:11:08:02 -0400] "GET /wind-breaker-chapter-153/ HTTP/1.1" 200 0 "-" "WP Rocket/Preload Mozilla/5.0 (iPhone; CPU iPhone OS 9_1 like Mac OS X) AppleWebKit/601.1.46 (KHTML, like Gecko) Version/9.0 Mobile/13B143 Safari/601.1"
162.0.232.193 - - [17/Jun/2025:11:08:09 -0400] "POST /wp-admin/admin-ajax.php?action=as_async_request_queue_runner&nonce=28b36f4a68 HTTP/1.1" 200 0 "-" "WordPress/6.8.1; https://read11.windbreakermanga.com"
162.0.232.193 - - [17/Jun/2025:11:08:12 -0400] "GET /wind-breaker-chapter-114/ HTTP/1.1" 200 0 "-" "WP Rocket/Preload"
162.0.232.193 - - [17/Jun/2025:11:08:14 -0400] "POST /wp-cron.php?doing_wp_cron=1750172893.7836740016937255859375 HTTP/1.1" 200 0 "-" "WordPress/6.8.1; https://read11.windbreakermanga.com"
162.0.232.193 - - [17/Jun/2025:11:08:13 -0400] "GET /wind-breaker-chapter-114/ HTTP/1.1" 200 0 "-" "WP Rocket/Preload Mozilla/5.0 (iPhone; CPU iPhone OS 9_1 like Mac OS X) AppleWebKit/601.1.46 (KHTML, like Gecko) Version/9.0 Mobile/13B143 Safari/601.1"
162.0.232.193 - - [17/Jun/2025:11:08:15 -0400] "POST /wp-cron.php?doing_wp_cron=1750172895.0738120079040527343750 HTTP/1.1" 200 0 "-" "WordPress/6.8.1; https://read11.windbreakermanga.com"
162.0.232.193 - - [17/Jun/2025:11:08:15 -0400] "GET /wind-breaker-chapter-352/ HTTP/1.1" 200 0 "-" "WP Rocket/Preload"
162.0.232.193 - - [17/Jun/2025:11:08:17 -0400] "GET /wind-breaker-chapter-352/ HTTP/1.1" 200 0 "-" "WP Rocket/Preload Mozilla/5.0 (iPhone; CPU iPhone OS 9_1 like Mac OS X) AppleWebKit/601.1.46 (KHTML, like Gecko) Version/9.0 Mobile/13B143 Safari/601.1"
162.0.232.193 - - [17/Jun/2025:11:08:18 -0400] "GET /wind-breaker-chapter-344/ HTTP/1.1" 200 0 "-" "WP Rocket/Preload"
2a03:2880:f800:8:: - - [17/Jun/2025:11:08:17 -0400] "GET /shopdetail/98238028 HTTP/1.1" 301 0 "-" "meta-externalagent/1.1 (+https://developers.facebook.com/docs/sharing/webmasters/crawler)"
162.0.232.193 - - [17/Jun/2025:11:08:20 -0400] "GET /wind-breaker-chapter-344/ HTTP/1.1" 200 0 "-" "WP Rocket/Preload Mozilla/5.0 (iPhone; CPU iPhone OS 9_1 like Mac OS X) AppleWebKit/601.1.46 (KHTML, like Gecko) Version/9.0 Mobile/13B143 Safari/601.1"
162.0.232.193 - - [17/Jun/2025:11:08:22 -0400] "GET /wind-breaker-chapter-316/ HTTP/1.1" 200 0 "-" "WP Rocket/Preload"
162.0.232.193 - - [17/Jun/2025:11:08:23 -0400] "GET /wind-breaker-chapter-316/ HTTP/1.1" 200 0 "-" "WP Rocket/Preload Mozilla/5.0 (iPhone; CPU iPhone OS 9_1 like Mac OS X) AppleWebKit/601.1.46 (KHTML, like Gecko) Version/9.0 Mobile/13B143 Safari/601.1"
162.0.232.193 - - [17/Jun/2025:11:08:25 -0400] "POST /wp-cron.php?doing_wp_cron=1750172905.2751750946044921875000 HTTP/1.1" 200 0 "-" "WordPress/6.8.1; https://read11.windbreakermanga.com"
162.0.232.193 - - [17/Jun/2025:11:08:25 -0400] "GET /wind-breaker-chapter-306/ HTTP/1.1" 200 0 "-" "WP Rocket/Preload"
162.0.232.193 - - [17/Jun/2025:11:08:26 -0400] "GET /wind-breaker-chapter-306/ HTTP/1.1" 200 0 "-" "WP Rocket/Preload Mozilla/5.0 (iPhone; CPU iPhone OS 9_1 like Mac OS X) AppleWebKit/601.1.46 (KHTML, like Gecko) Version/9.0 Mobile/13B143 Safari/601.1"
162.0.232.193 - - [17/Jun/2025:11:08:28 -0400] "GET /wind-breaker-chapter-280/ HTTP/1.1" 200 0 "-" "WP Rocket/Preload"
162.0.232.193 - - [17/Jun/2025:11:08:29 -0400] "GET /wind-breaker-chapter-280/ HTTP/1.1" 200 0 "-" "WP Rocket/Preload Mozilla/5.0 (iPhone; CPU iPhone OS 9_1 like Mac OS X) AppleWebKit/601.1.46 (KHTML, like Gecko) Version/9.0 Mobile/13B143 Safari/601.1"
162.0.232.193 - - [17/Jun/2025:11:08:36 -0400] "POST /wp-admin/admin-ajax.php?action=as_async_request_queue_runner&nonce=28b36f4a68 HTTP/1.1" 200 0 "-" "WordPress/6.8.1; https://read11.windbreakermanga.com"
