37.27.48.197 - - [17/Jun/2025:13:02:36 -0400] "GET /wp-includes/js/underscore.min.js?ver=1.13.7 HTTP/1.1" 200 7185 "https://read11.windbreakermanga.com/wp-login.php?registration=disabled" "Mozilla/5.0 (Windows NT 10.0; Win64; x64) AppleWebKit/537.36 (KHTML, like Gecko) Chrome/137.0.0.0 Safari/537.36"
37.27.48.197 - - [17/Jun/2025:13:02:36 -0400] "GET /wp-admin/load-scripts.php?c=1&load%5Bchunk_0%5D=clipboard,jquery-core,jquery-migrate,zxcvbn-async,wp-hooks&ver=6.8.1 HTTP/1.1" 200 39842 "https://read11.windbreakermanga.com/wp-login.php?registration=disabled" "Mozilla/5.0 (Windows NT 10.0; Win64; x64) AppleWebKit/537.36 (KHTML, like Gecko) Chrome/137.0.0.0 Safari/537.36"
37.27.48.197 - - [17/Jun/2025:13:02:36 -0400] "GET /wp-admin/images/wordpress-logo.svg?ver=20131107 HTTP/1.1" 200 759 "https://read11.windbreakermanga.com/wp-admin/load-styles.php?c=1&dir=ltr&load%5Bchunk_0%5D=dashicons,buttons,forms,l10n,login&ver=6.8.1" "Mozilla/5.0 (Windows NT 10.0; Win64; x64) AppleWebKit/537.36 (KHTML, like Gecko) Chrome/137.0.0.0 Safari/537.36"
162.0.232.193 - - [17/Jun/2025:13:02:36 -0400] "GET /wind-breaker-chapter-68/ HTTP/1.1" 200 0 "-" "WP Rocket/Preload"
37.27.48.197 - - [17/Jun/2025:13:02:37 -0400] "GET /wp-includes/js/zxcvbn.min.js HTTP/1.1" 200 389493 "https://read11.windbreakermanga.com/wp-login.php?registration=disabled" "Mozilla/5.0 (Windows NT 10.0; Win64; x64) AppleWebKit/537.36 (KHTML, like Gecko) Chrome/137.0.0.0 Safari/537.36"
162.0.232.193 - - [17/Jun/2025:13:02:37 -0400] "GET /wind-breaker-chapter-68/ HTTP/1.1" 200 0 "-" "WP Rocket/Preload Mozilla/5.0 (iPhone; CPU iPhone OS 9_1 like Mac OS X) AppleWebKit/601.1.46 (KHTML, like Gecko) Version/9.0 Mobile/13B143 Safari/601.1"
162.0.232.193 - - [17/Jun/2025:13:02:41 -0400] "GET /wind-breaker-chapter-55/ HTTP/1.1" 200 0 "-" "WP Rocket/Preload Mozilla/5.0 (iPhone; CPU iPhone OS 9_1 like Mac OS X) AppleWebKit/601.1.46 (KHTML, like Gecko) Version/9.0 Mobile/13B143 Safari/601.1"
2a03:2880:f800:4:: - - [17/Jun/2025:13:02:38 -0400] "GET /shopdetail/98192496 HTTP/1.1" 301 0 "-" "meta-externalagent/1.1 (+https://developers.facebook.com/docs/sharing/webmasters/crawler)"
162.0.232.193 - - [17/Jun/2025:13:02:47 -0400] "POST /wp-cron.php?doing_wp_cron=1750179766.9759368896484375000000 HTTP/1.1" 200 0 "-" "WordPress/6.8.1; https://read11.windbreakermanga.com"
162.62.213.187 - - [17/Jun/2025:13:03:01 -0400] "GET / HTTP/1.1" 200 12638 "http://read11.windbreakermanga.com" "Mozilla/5.0 (iPhone; CPU iPhone OS 13_2_3 like Mac OS X) AppleWebKit/605.1.15 (KHTML, like Gecko) Version/13.0.3 Mobile/15E148 Safari/604.1"
2a03:2880:f800:6:: - - [17/Jun/2025:13:02:56 -0400] "GET /shopdetail/98211432 HTTP/1.1" 301 0 "-" "meta-externalagent/1.1 (+https://developers.facebook.com/docs/sharing/webmasters/crawler)"
66.249.77.192 - - [17/Jun/2025:13:03:05 -0400] "GET /products/10433536 HTTP/1.1" 200 81418 "-" "Mozilla/5.0 (Linux; Android 6.0.1; Nexus 5X Build/MMB29P) AppleWebKit/537.36 (KHTML, like Gecko) Chrome/136.0.7103.113 Mobile Safari/537.36 (compatible; Googlebot/2.1; +http://www.google.com/bot.html)"
162.0.232.193 - - [17/Jun/2025:13:03:12 -0400] "POST /wp-cron.php?doing_wp_cron=1750179792.1783080101013183593750 HTTP/1.1" 200 0 "-" "WordPress/6.8.1; https://read11.windbreakermanga.com"
162.0.232.193 - - [17/Jun/2025:13:03:17 -0400] "POST /wp-cron.php?doing_wp_cron=1750179796.3784220218658447265625 HTTP/1.1" 200 0 "-" "WordPress/6.8.1; https://read11.windbreakermanga.com"
2a03:2880:f800:1a:: - - [17/Jun/2025:13:03:17 -0400] "GET / HTTP/1.1" 200 12660 "-" "meta-externalagent/1.1 (+https://developers.facebook.com/docs/sharing/webmasters/crawler)"
2a03:2880:f800:d:: - - [17/Jun/2025:13:03:29 -0400] "GET /shopdetail/98204372 HTTP/1.1" 301 0 "-" "meta-externalagent/1.1 (+https://developers.facebook.com/docs/sharing/webmasters/crawler)"
2a03:2880:f800:c:: - - [17/Jun/2025:13:03:42 -0400] "GET /shopdetail/98235056 HTTP/1.1" 301 0 "-" "meta-externalagent/1.1 (+https://developers.facebook.com/docs/sharing/webmasters/crawler)"
2a03:2880:f800:a:: - - [17/Jun/2025:13:03:51 -0400] "GET /shopdetail/98175004 HTTP/1.1" 301 0 "-" "meta-externalagent/1.1 (+https://developers.facebook.com/docs/sharing/webmasters/crawler)"
162.0.232.193 - - [17/Jun/2025:13:04:18 -0400] "POST /wp-cron.php?doing_wp_cron=1750179857.5730690956115722656250 HTTP/1.1" 200 0 "-" "WordPress/6.8.1; https://read11.windbreakermanga.com"
162.0.232.193 - - [17/Jun/2025:13:04:18 -0400] "POST /wp-cron.php?doing_wp_cron=1750179858.2899119853973388671875 HTTP/1.1" 200 0 "-" "WordPress/6.8.1; https://read11.windbreakermanga.com"
162.0.232.193 - - [17/Jun/2025:13:04:19 -0400] "POST /wp-cron.php?doing_wp_cron=1750179858.6748149394989013671875 HTTP/1.1" 200 0 "-" "WordPress/6.8.1; https://read11.windbreakermanga.com"
162.0.232.193 - - [17/Jun/2025:13:04:24 -0400] "GET /wp-content/uploads/f979bbbcbe9df560cb74049269d2541e_4104.xml HTTP/1.1" 200 2533 "-" "Mozilla/5.0 (X11; Linux x86_64) AppleWebKit/537.36 (KHTML, like Gecko) Ubuntu Chromium/41.0.2272.76"
162.0.232.193 - - [17/Jun/2025:13:04:21 -0400] "GET /activate-windows-10-txt/ HTTP/1.1" 200 13324 "-" "WP Rocket/Preload"
162.0.232.193 - - [17/Jun/2025:13:04:27 -0400] "GET /activate-windows-10-txt/ HTTP/1.1" 200 0 "-" "WP Rocket/Preload Mozilla/5.0 (iPhone; CPU iPhone OS 9_1 like Mac OS X) AppleWebKit/601.1.46 (KHTML, like Gecko) Version/9.0 Mobile/13B143 Safari/601.1"
2a03:2880:f800:12:: - - [17/Jun/2025:13:04:27 -0400] "GET /sitemap-subitems-2580.xml HTTP/1.1" 301 0 "-" "meta-externalagent/1.1 (+https://developers.facebook.com/docs/sharing/webmasters/crawler)"
103.157.146.27 - - [17/Jun/2025:13:04:44 -0400] "POST /xmlrpc.php HTTP/1.1" 200 186 "https://read11.windbreakermanga.com" "Mozilla/5.0 (Macintosh; Intel Mac OS X 10_15_7) AppleWebKit/537.36 (KHTML, like Gecko) Chrome/113.0.5672.93 Safari/537.36"
2a03:2880:f800:1:: - - [17/Jun/2025:13:05:07 -0400] "GET /shopdetail/98181428 HTTP/1.1" 301 0 "-" "meta-externalagent/1.1 (+https://developers.facebook.com/docs/sharing/webmasters/crawler)"
162.0.232.193 - - [17/Jun/2025:13:05:21 -0400] "POST /wp-cron.php?doing_wp_cron=1750179919.8795781135559082031250 HTTP/1.1" 200 0 "-" "WordPress/6.8.1; https://read11.windbreakermanga.com"
162.0.232.193 - - [17/Jun/2025:13:05:22 -0400] "POST /wp-cron.php?doing_wp_cron=1750179921.9773530960083007812500 HTTP/1.1" 200 0 "-" "WordPress/6.8.1; https://read11.windbreakermanga.com"
162.0.232.193 - - [17/Jun/2025:13:05:23 -0400] "POST /wp-cron.php?doing_wp_cron=1750179922.6741929054260253906250 HTTP/1.1" 200 0 "-" "WordPress/6.8.1; https://read11.windbreakermanga.com"
114.119.135.251 - - [17/Jun/2025:13:05:17 -0400] "GET /wind-breaker-chapter-215-part-2-ep-147/ HTTP/1.1" 301 0 "https://read10.windbreakermanga.com/tag/windbreaker-manga/" "Mozilla/5.0 (Linux; Android 7.0;) AppleWebKit/537.36 (KHTML, like Gecko) Mobile Safari/537.36 (compatible; PetalBot;+https://webmaster.petalsearch.com/site/petalbot)"
162.0.232.193 - - [17/Jun/2025:13:05:24 -0400] "POST /wp-cron.php?doing_wp_cron=1750179923.9775600433349609375000 HTTP/1.1" 200 0 "-" "WordPress/6.8.1; https://read11.windbreakermanga.com"
2a03:2880:f800:e:: - - [17/Jun/2025:13:05:20 -0400] "GET /shopdetail/98175140 HTTP/1.1" 301 0 "-" "meta-externalagent/1.1 (+https://developers.facebook.com/docs/sharing/webmasters/crawler)"
114.119.135.251 - - [17/Jun/2025:13:05:33 -0400] "GET / HTTP/1.1" 200 12638 "https://read10.windbreakermanga.com/tag/windbreaker-manga/" "Mozilla/5.0 (Linux; Android 7.0;) AppleWebKit/537.36 (KHTML, like Gecko) Mobile Safari/537.36 (compatible; PetalBot;+https://webmaster.petalsearch.com/site/petalbot)"
162.0.232.193 - - [17/Jun/2025:13:05:28 -0400] "GET /wind-breaker-chapter-85/ HTTP/1.1" 200 12115 "-" "WP Rocket/Preload"
162.0.232.193 - - [17/Jun/2025:13:05:41 -0400] "POST /wp-cron.php?doing_wp_cron=1750179941.3744809627532958984375 HTTP/1.1" 200 0 "-" "WordPress/6.8.1; https://read11.windbreakermanga.com"
162.0.232.193 - - [17/Jun/2025:13:05:42 -0400] "GET /wind-breaker-chapter-85/ HTTP/1.1" 200 0 "-" "WP Rocket/Preload Mozilla/5.0 (iPhone; CPU iPhone OS 9_1 like Mac OS X) AppleWebKit/601.1.46 (KHTML, like Gecko) Version/9.0 Mobile/13B143 Safari/601.1"
23.23.99.55 - - [17/Jun/2025:13:05:42 -0400] "GET /manga/wind-breaker-chapter-110/ HTTP/1.1" 500 1034 "-" "Mozilla/5.0 AppleWebKit/537.36 (KHTML, like Gecko; compatible; Amazonbot/0.1; +https://developer.amazon.com/support/amazonbot) Chrome/119.0.6045.214 Safari/537.36"
47.82.60.120 - - [17/Jun/2025:13:05:49 -0400] "GET /wind-breaker-chapter-61/ HTTP/1.1" 200 12103 "https://read11.windbreakermanga.com/wind-breaker-chapter-61/" "Mozilla/5.0 (Windows NT 10.0; Win64; x64) AppleWebKit/537.36 (KHTML, like Gecko) Chrome/114.0.0.0 Safari/537.36 Edg/114.0.1823.43"
2a03:2880:f800:1c:: - - [17/Jun/2025:13:06:00 -0400] "GET /shopdetail/98233812 HTTP/1.1" 301 0 "-" "meta-externalagent/1.1 (+https://developers.facebook.com/docs/sharing/webmasters/crawler)"
2a03:2880:f800:5:: - - [17/Jun/2025:13:06:06 -0400] "GET / HTTP/1.1" 200 12660 "-" "meta-externalagent/1.1 (+https://developers.facebook.com/docs/sharing/webmasters/crawler)"
162.0.232.193 - - [17/Jun/2025:13:06:11 -0400] "POST /wp-cron.php?doing_wp_cron=1750179971.0815129280090332031250 HTTP/1.1" 200 0 "-" "WordPress/6.8.1; https://read11.windbreakermanga.com"
162.0.232.193 - - [17/Jun/2025:13:06:31 -0400] "POST /wp-cron.php?doing_wp_cron=1750179990.7756910324096679687500 HTTP/1.1" 200 0 "-" "WordPress/6.8.1; https://read11.windbreakermanga.com"
162.0.232.193 - - [17/Jun/2025:13:06:36 -0400] "GET /wind-breaker-chapter-31/ HTTP/1.1" 200 0 "-" "WP Rocket/Preload"
162.0.232.193 - - [17/Jun/2025:13:06:38 -0400] "GET /wind-breaker-chapter-31/ HTTP/1.1" 200 0 "-" "WP Rocket/Preload Mozilla/5.0 (iPhone; CPU iPhone OS 9_1 like Mac OS X) AppleWebKit/601.1.46 (KHTML, like Gecko) Version/9.0 Mobile/13B143 Safari/601.1"
114.119.151.50 - - [17/Jun/2025:13:06:35 -0400] "GET /wind-breaker-chapter-430/ HTTP/1.1" 301 0 "https://read10.windbreakermanga.com/tag/windbreaker-manga/" "Mozilla/5.0 (Linux; Android 7.0;) AppleWebKit/537.36 (KHTML, like Gecko) Mobile Safari/537.36 (compatible; PetalBot;+https://webmaster.petalsearch.com/site/petalbot)"
162.0.232.193 - - [17/Jun/2025:13:06:40 -0400] "GET /wind-breaker-chapter-26/ HTTP/1.1" 200 0 "-" "WP Rocket/Preload"
114.119.151.50 - - [17/Jun/2025:13:06:41 -0400] "GET / HTTP/1.1" 200 12638 "https://read10.windbreakermanga.com/tag/windbreaker-manga/" "Mozilla/5.0 (Linux; Android 7.0;) AppleWebKit/537.36 (KHTML, like Gecko) Mobile Safari/537.36 (compatible; PetalBot;+https://webmaster.petalsearch.com/site/petalbot)"
162.0.232.193 - - [17/Jun/2025:13:06:41 -0400] "GET /wind-breaker-chapter-26/ HTTP/1.1" 200 0 "-" "WP Rocket/Preload Mozilla/5.0 (iPhone; CPU iPhone OS 9_1 like Mac OS X) AppleWebKit/601.1.46 (KHTML, like Gecko) Version/9.0 Mobile/13B143 Safari/601.1"
47.82.60.32 - - [17/Jun/2025:13:06:34 -0400] "GET /wind-breaker-chapter-49/ HTTP/1.1" 200 12227 "https://read11.windbreakermanga.com/wind-breaker-chapter-49/" "Mozilla/5.0 (Windows NT 10.0; Win64; x64) AppleWebKit/537.36 (KHTML, like Gecko) Chrome/114.0.0.0 Safari/537.36 Edg/114.0.1823.43"
162.0.232.193 - - [17/Jun/2025:13:06:43 -0400] "GET /wind-breaker-chapter-53/ HTTP/1.1" 200 11863 "-" "WP Rocket/Preload"
162.0.232.193 - - [17/Jun/2025:13:06:53 -0400] "GET /wind-breaker-chapter-53/ HTTP/1.1" 200 0 "-" "WP Rocket/Preload Mozilla/5.0 (iPhone; CPU iPhone OS 9_1 like Mac OS X) AppleWebKit/601.1.46 (KHTML, like Gecko) Version/9.0 Mobile/13B143 Safari/601.1"
162.0.232.193 - - [17/Jun/2025:13:06:58 -0400] "POST /wp-cron.php?doing_wp_cron=1750180017.9818410873413085937500 HTTP/1.1" 200 0 "-" "WordPress/6.8.1; https://read11.windbreakermanga.com"
44.223.116.149 - - [17/Jun/2025:13:06:58 -0400] "GET /wind-breaker-chapter-391/ HTTP/1.1" 500 1034 "-" "Mozilla/5.0 AppleWebKit/537.36 (KHTML, like Gecko; compatible; Amazonbot/0.1; +https://developer.amazon.com/support/amazonbot) Chrome/119.0.6045.214 Safari/537.36"
162.0.232.193 - - [17/Jun/2025:13:07:11 -0400] "POST /wp-cron.php?doing_wp_cron=1750180031.2749669551849365234375 HTTP/1.1" 200 0 "-" "WordPress/6.8.1; https://read11.windbreakermanga.com"
45.130.104.29 - - [17/Jun/2025:13:07:08 -0400] "POST /xmlrpc.php HTTP/1.1" 200 186 "https://read11.windbreakermanga.com" "Mozilla/5.0 (Macintosh; Intel Mac OS X 10_15_7) AppleWebKit/537.36 (KHTML, like Gecko) Chrome/116.0.5845.96 Safari/537.36"
162.0.232.193 - - [17/Jun/2025:13:07:27 -0400] "POST /wp-cron.php?doing_wp_cron=1750180047.3783249855041503906250 HTTP/1.1" 200 0 "-" "WordPress/6.8.1; https://read11.windbreakermanga.com"
43.156.202.34 - - [17/Jun/2025:13:07:30 -0400] "GET /author/admin/ HTTP/1.1" 200 12519 "-" "Mozilla/5.0 (iPhone; CPU iPhone OS 13_2_3 like Mac OS X) AppleWebKit/605.1.15 (KHTML, like Gecko) Version/13.0.3 Mobile/15E148 Safari/604.1"
162.0.232.193 - - [17/Jun/2025:13:07:31 -0400] "GET /wind-breaker-chapter-28/ HTTP/1.1" 200 0 "-" "WP Rocket/Preload"
162.0.232.193 - - [17/Jun/2025:13:07:33 -0400] "GET /wind-breaker-chapter-28/ HTTP/1.1" 200 0 "-" "WP Rocket/Preload Mozilla/5.0 (iPhone; CPU iPhone OS 9_1 like Mac OS X) AppleWebKit/601.1.46 (KHTML, like Gecko) Version/9.0 Mobile/13B143 Safari/601.1"
162.0.232.193 - - [17/Jun/2025:13:07:34 -0400] "GET /wind-breaker-chapter-71/ HTTP/1.1" 200 0 "-" "WP Rocket/Preload"
162.0.232.193 - - [17/Jun/2025:13:07:36 -0400] "GET /wind-breaker-chapter-71/ HTTP/1.1" 200 0 "-" "WP Rocket/Preload Mozilla/5.0 (iPhone; CPU iPhone OS 9_1 like Mac OS X) AppleWebKit/601.1.46 (KHTML, like Gecko) Version/9.0 Mobile/13B143 Safari/601.1"
162.0.232.193 - - [17/Jun/2025:13:07:38 -0400] "GET /wind-breaker-chapter-15/ HTTP/1.1" 200 0 "-" "WP Rocket/Preload"
162.0.232.193 - - [17/Jun/2025:13:07:39 -0400] "GET /wind-breaker-chapter-15/ HTTP/1.1" 200 0 "-" "WP Rocket/Preload Mozilla/5.0 (iPhone; CPU iPhone OS 9_1 like Mac OS X) AppleWebKit/601.1.46 (KHTML, like Gecko) Version/9.0 Mobile/13B143 Safari/601.1"
162.0.232.193 - - [17/Jun/2025:13:07:41 -0400] "GET /wind-breaker-chapter-0/ HTTP/1.1" 200 0 "-" "WP Rocket/Preload"
162.0.232.193 - - [17/Jun/2025:13:07:43 -0400] "GET /wind-breaker-chapter-0/ HTTP/1.1" 200 0 "-" "WP Rocket/Preload Mozilla/5.0 (iPhone; CPU iPhone OS 9_1 like Mac OS X) AppleWebKit/601.1.46 (KHTML, like Gecko) Version/9.0 Mobile/13B143 Safari/601.1"
162.0.232.193 - - [17/Jun/2025:13:07:44 -0400] "GET /wind-breaker-chapter-87/ HTTP/1.1" 200 0 "-" "WP Rocket/Preload"
162.0.232.193 - - [17/Jun/2025:13:07:46 -0400] "GET /wind-breaker-chapter-87/ HTTP/1.1" 200 0 "-" "WP Rocket/Preload Mozilla/5.0 (iPhone; CPU iPhone OS 9_1 like Mac OS X) AppleWebKit/601.1.46 (KHTML, like Gecko) Version/9.0 Mobile/13B143 Safari/601.1"
162.0.232.193 - - [17/Jun/2025:13:07:52 -0400] "POST /wp-cron.php?doing_wp_cron=1750180072.4774129390716552734375 HTTP/1.1" 200 0 "-" "WordPress/6.8.1; https://read11.windbreakermanga.com"
2a03:2880:f800:c:: - - [17/Jun/2025:13:08:04 -0400] "GET / HTTP/1.1" 200 12660 "-" "meta-externalagent/1.1 (+https://developers.facebook.com/docs/sharing/webmasters/crawler)"
77.90.185.47 - - [17/Jun/2025:13:08:05 -0400] "GET /.env HTTP/1.1" 301 0 "https://windbreakermanga.com/.env" "Mozilla/5.0 zgrab/0.x"
162.0.232.193 - - [17/Jun/2025:13:08:12 -0400] "POST /wp-cron.php?doing_wp_cron=1750180091.3885860443115234375000 HTTP/1.1" 200 0 "-" "WordPress/6.8.1; https://read11.windbreakermanga.com"
162.0.232.193 - - [17/Jun/2025:13:08:12 -0400] "POST /wp-cron.php?doing_wp_cron=1750180091.4829070568084716796875 HTTP/1.1" 200 0 "-" "WordPress/6.8.1; https://read11.windbreakermanga.com"
162.0.232.193 - - [17/Jun/2025:13:08:20 -0400] "GET /wp-content/uploads/f979bbbcbe9df560cb74049269d2541e_4104.xml HTTP/1.1" 200 2276 "-" "Mozilla/5.0 (X11; Linux x86_64) AppleWebKit/537.36 (KHTML, like Gecko) Ubuntu Chromium/41.0.2272.76"
2a03:2880:f800:1d:: - - [17/Jun/2025:13:08:25 -0400] "GET / HTTP/1.1" 200 12662 "-" "meta-externalagent/1.1 (+https://developers.facebook.com/docs/sharing/webmasters/crawler)"
216.73.216.244 - - [17/Jun/2025:13:08:26 -0400] "GET /sitemap-subitems-2478.xml HTTP/1.1" 200 10186 "-" "Mozilla/5.0 AppleWebKit/537.36 (KHTML, like Gecko; compatible; ClaudeBot/1.0; [email protected])"
162.0.232.193 - - [17/Jun/2025:13:09:13 -0400] "POST /wp-cron.php?doing_wp_cron=1750180153.3761839866638183593750 HTTP/1.1" 200 0 "-" "WordPress/6.8.1; https://read11.windbreakermanga.com"
162.0.232.193 - - [17/Jun/2025:13:09:13 -0400] "POST /wp-cron.php?doing_wp_cron=1750180153.3848950862884521484375 HTTP/1.1" 200 0 "-" "WordPress/6.8.1; https://read11.windbreakermanga.com"
216.73.216.244 - - [17/Jun/2025:13:09:14 -0400] "GET /sitemap-subitems-2099.xml HTTP/1.1" 200 10131 "-" "Mozilla/5.0 AppleWebKit/537.36 (KHTML, like Gecko; compatible; ClaudeBot/1.0; [email protected])"
162.0.232.193 - - [17/Jun/2025:13:09:15 -0400] "POST /wp-cron.php?doing_wp_cron=1750180154.7743959426879882812500 HTTP/1.1" 200 0 "-" "WordPress/6.8.1; https://read11.windbreakermanga.com"
162.0.232.193 - - [17/Jun/2025:13:09:25 -0400] "POST /wp-cron.php?doing_wp_cron=1750180164.7787749767303466796875 HTTP/1.1" 200 0 "-" "WordPress/6.8.1; https://read11.windbreakermanga.com"
162.0.232.193 - - [17/Jun/2025:13:09:17 -0400] "GET /wind-breaker-chapter-75/ HTTP/1.1" 200 12228 "-" "WP Rocket/Preload"
162.0.232.193 - - [17/Jun/2025:13:09:27 -0400] "GET /wind-breaker-chapter-75/ HTTP/1.1" 200 0 "-" "WP Rocket/Preload Mozilla/5.0 (iPhone; CPU iPhone OS 9_1 like Mac OS X) AppleWebKit/601.1.46 (KHTML, like Gecko) Version/9.0 Mobile/13B143 Safari/601.1"
77.247.74.210 - - [17/Jun/2025:13:09:25 -0400] "POST /xmlrpc.php HTTP/1.1" 200 186 "https://read11.windbreakermanga.com" "Mozilla/5.0 (Macintosh; Intel Mac OS X 10_15_7) AppleWebKit/537.36 (KHTML, like Gecko) Chrome/115.0.5790.102 Safari/537.36"
2a03:2880:f800:f:: - - [17/Jun/2025:13:09:35 -0400] "GET /shopdetail/98191632 HTTP/1.1" 301 0 "-" "meta-externalagent/1.1 (+https://developers.facebook.com/docs/sharing/webmasters/crawler)"
162.0.232.193 - - [17/Jun/2025:13:09:42 -0400] "POST /wp-cron.php?doing_wp_cron=1750180182.4886829853057861328125 HTTP/1.1" 200 0 "-" "WordPress/6.8.1; https://read11.windbreakermanga.com"
114.119.130.178 - - [17/Jun/2025:13:09:44 -0400] "GET /wind-breaker-chapter-516/ HTTP/1.1" 200 11708 "https://read10.windbreakermanga.com/author/admin/page/54/" "Mozilla/5.0 (Linux; Android 7.0;) AppleWebKit/537.36 (KHTML, like Gecko) Mobile Safari/537.36 (compatible; PetalBot;+https://webmaster.petalsearch.com/site/petalbot)"
2a03:2880:f800:1:: - - [17/Jun/2025:13:09:53 -0400] "GET /chapter-249/ HTTP/1.1" 200 10754 "-" "meta-externalagent/1.1 (+https://developers.facebook.com/docs/sharing/webmasters/crawler)"
2a03:2880:f800:1d:: - - [17/Jun/2025:13:09:55 -0400] "GET /shopdetail/98225216 HTTP/1.1" 301 0 "-" "meta-externalagent/1.1 (+https://developers.facebook.com/docs/sharing/webmasters/crawler)"
162.0.232.193 - - [17/Jun/2025:13:10:12 -0400] "POST /wp-cron.php?doing_wp_cron=1750180211.7763020992279052734375 HTTP/1.1" 200 0 "-" "WordPress/6.8.1; https://read11.windbreakermanga.com"
216.73.216.244 - - [17/Jun/2025:13:10:15 -0400] "GET /sitemap_index.xml HTTP/1.1" 200 549 "-" "Mozilla/5.0 AppleWebKit/537.36 (KHTML, like Gecko; compatible; ClaudeBot/1.0; [email protected])"
216.73.216.244 - - [17/Jun/2025:13:10:15 -0400] "GET /sitemap-subitems-447.xml HTTP/1.1" 200 10146 "-" "Mozilla/5.0 AppleWebKit/537.36 (KHTML, like Gecko; compatible; ClaudeBot/1.0; [email protected])"
162.0.232.193 - - [17/Jun/2025:13:10:31 -0400] "POST /wp-cron.php?doing_wp_cron=1750180231.1803660392761230468750 HTTP/1.1" 200 0 "-" "WordPress/6.8.1; https://read11.windbreakermanga.com"
47.82.60.3 - - [17/Jun/2025:13:10:31 -0400] "GET /wind-breaker-chapter-296/ HTTP/1.1" 200 12708 "https://read11.windbreakermanga.com/wind-breaker-chapter-296/" "Mozilla/5.0 (Windows NT 10.0; Win64; x64) AppleWebKit/537.36 (KHTML, like Gecko) Chrome/114.0.0.0 Safari/537.36 Edg/114.0.1823.43"
162.0.232.193 - - [17/Jun/2025:13:10:32 -0400] "GET /wind-breaker-chapter-7/ HTTP/1.1" 200 12003 "-" "WP Rocket/Preload"
162.0.232.193 - - [17/Jun/2025:13:10:37 -0400] "GET /wind-breaker-chapter-7/ HTTP/1.1" 200 0 "-" "WP Rocket/Preload Mozilla/5.0 (iPhone; CPU iPhone OS 9_1 like Mac OS X) AppleWebKit/601.1.46 (KHTML, like Gecko) Version/9.0 Mobile/13B143 Safari/601.1"
162.0.232.193 - - [17/Jun/2025:13:10:39 -0400] "GET /wind-breaker-chapter-92/ HTTP/1.1" 200 0 "-" "WP Rocket/Preload"
162.0.232.193 - - [17/Jun/2025:13:10:40 -0400] "GET /wind-breaker-chapter-92/ HTTP/1.1" 200 0 "-" "WP Rocket/Preload Mozilla/5.0 (iPhone; CPU iPhone OS 9_1 like Mac OS X) AppleWebKit/601.1.46 (KHTML, like Gecko) Version/9.0 Mobile/13B143 Safari/601.1"
162.0.232.193 - - [17/Jun/2025:13:10:41 -0400] "GET /wind-breaker-chapter-24/ HTTP/1.1" 200 0 "-" "WP Rocket/Preload"
162.0.232.193 - - [17/Jun/2025:13:10:43 -0400] "GET /wind-breaker-chapter-24/ HTTP/1.1" 200 0 "-" "WP Rocket/Preload Mozilla/5.0 (iPhone; CPU iPhone OS 9_1 like Mac OS X) AppleWebKit/601.1.46 (KHTML, like Gecko) Version/9.0 Mobile/13B143 Safari/601.1"
162.0.232.193 - - [17/Jun/2025:13:10:45 -0400] "GET /wind-breaker-chapter-61/ HTTP/1.1" 200 12157 "-" "WP Rocket/Preload"
162.0.232.193 - - [17/Jun/2025:13:10:47 -0400] "GET /wind-breaker-chapter-61/ HTTP/1.1" 200 0 "-" "WP Rocket/Preload Mozilla/5.0 (iPhone; CPU iPhone OS 9_1 like Mac OS X) AppleWebKit/601.1.46 (KHTML, like Gecko) Version/9.0 Mobile/13B143 Safari/601.1"
162.0.232.193 - - [17/Jun/2025:13:10:48 -0400] "GET /wind-breaker-chapter-38/ HTTP/1.1" 200 0 "-" "WP Rocket/Preload"
162.0.232.193 - - [17/Jun/2025:13:10:50 -0400] "GET /wind-breaker-chapter-38/ HTTP/1.1" 200 0 "-" "WP Rocket/Preload Mozilla/5.0 (iPhone; CPU iPhone OS 9_1 like Mac OS X) AppleWebKit/601.1.46 (KHTML, like Gecko) Version/9.0 Mobile/13B143 Safari/601.1"
162.0.232.193 - - [17/Jun/2025:13:10:56 -0400] "POST /wp-cron.php?doing_wp_cron=1750180255.5774209499359130859375 HTTP/1.1" 200 0 "-" "WordPress/6.8.1; https://read11.windbreakermanga.com"
162.0.232.193 - - [17/Jun/2025:13:11:12 -0400] "POST /wp-cron.php?doing_wp_cron=1750180271.7743039131164550781250 HTTP/1.1" 200 0 "-" "WordPress/6.8.1; https://read11.windbreakermanga.com"
162.0.232.193 - - [17/Jun/2025:13:11:25 -0400] "POST /wp-cron.php?doing_wp_cron=1750180285.1816039085388183593750 HTTP/1.1" 200 0 "-" "WordPress/6.8.1; https://read11.windbreakermanga.com"
162.0.232.193 - - [17/Jun/2025:13:11:30 -0400] "GET /wind-breaker-chapter-66/ HTTP/1.1" 200 0 "-" "WP Rocket/Preload"
162.0.232.193 - - [17/Jun/2025:13:11:32 -0400] "GET /wind-breaker-chapter-66/ HTTP/1.1" 200 0 "-" "WP Rocket/Preload Mozilla/5.0 (iPhone; CPU iPhone OS 9_1 like Mac OS X) AppleWebKit/601.1.46 (KHTML, like Gecko) Version/9.0 Mobile/13B143 Safari/601.1"
162.0.232.193 - - [17/Jun/2025:13:11:33 -0400] "GET /wind-breaker-chapter-65-5/ HTTP/1.1" 200 0 "-" "WP Rocket/Preload"
162.0.232.193 - - [17/Jun/2025:13:11:35 -0400] "GET /wind-breaker-chapter-65-5/ HTTP/1.1" 200 0 "-" "WP Rocket/Preload Mozilla/5.0 (iPhone; CPU iPhone OS 9_1 like Mac OS X) AppleWebKit/601.1.46 (KHTML, like Gecko) Version/9.0 Mobile/13B143 Safari/601.1"
162.0.232.193 - - [17/Jun/2025:13:11:37 -0400] "GET /wind-breaker-chapter-64/ HTTP/1.1" 200 0 "-" "WP Rocket/Preload"
162.0.232.193 - - [17/Jun/2025:13:11:38 -0400] "GET /wind-breaker-chapter-64/ HTTP/1.1" 200 0 "-" "WP Rocket/Preload Mozilla/5.0 (iPhone; CPU iPhone OS 9_1 like Mac OS X) AppleWebKit/601.1.46 (KHTML, like Gecko) Version/9.0 Mobile/13B143 Safari/601.1"
2a03:2880:f800:12:: - - [17/Jun/2025:13:11:40 -0400] "GET /sitemap-subitems-613.xml HTTP/1.1" 301 0 "-" "meta-externalagent/1.1 (+https://developers.facebook.com/docs/sharing/webmasters/crawler)"
34.93.16.66 - - [17/Jun/2025:13:11:40 -0400] "POST /xmlrpc.php HTTP/1.1" 200 0 "https://read11.windbreakermanga.com" "Mozilla/5.0 (Macintosh; Intel Mac OS X 10_15_7; rv:125.0.1) Gecko/20100101 Firefox/125.0.1"
162.0.232.193 - - [17/Jun/2025:13:11:40 -0400] "GET /wind-breaker-chapter-77/ HTTP/1.1" 200 12194 "-" "WP Rocket/Preload"
162.0.232.193 - - [17/Jun/2025:13:11:53 -0400] "GET /wind-breaker-chapter-77/ HTTP/1.1" 200 0 "-" "WP Rocket/Preload Mozilla/5.0 (iPhone; CPU iPhone OS 9_1 like Mac OS X) AppleWebKit/601.1.46 (KHTML, like Gecko) Version/9.0 Mobile/13B143 Safari/601.1"
162.0.232.193 - - [17/Jun/2025:13:12:00 -0400] "POST /wp-cron.php?doing_wp_cron=1750180320.0914220809936523437500 HTTP/1.1" 200 0 "-" "WordPress/6.8.1; https://read11.windbreakermanga.com"
162.0.232.193 - - [17/Jun/2025:13:12:12 -0400] "POST /wp-cron.php?doing_wp_cron=1750180332.3901939392089843750000 HTTP/1.1" 200 0 "-" "WordPress/6.8.1; https://read11.windbreakermanga.com"
114.119.151.50 - - [17/Jun/2025:13:12:20 -0400] "GET / HTTP/1.1" 200 12638 "https://windbreakermanga.com/wp-content/uploads/2021/11/wbr-685x1024.jpeg" "Mozilla/5.0 (Linux; Android 7.0;) AppleWebKit/537.36 (KHTML, like Gecko) Mobile Safari/537.36 (compatible; PetalBot;+https://webmaster.petalsearch.com/site/petalbot)"
162.0.232.193 - - [17/Jun/2025:13:12:22 -0400] "GET /wp-content/uploads/f979bbbcbe9df560cb74049269d2541e_4104.xml HTTP/1.1" 200 2276 "-" "Mozilla/5.0 (X11; Linux x86_64) AppleWebKit/537.36 (KHTML, like Gecko) Ubuntu Chromium/41.0.2272.76"
2a03:2880:f800:1a:: - - [17/Jun/2025:13:12:19 -0400] "GET /sitemap-subitems-2420.xml HTTP/1.1" 301 0 "-" "meta-externalagent/1.1 (+https://developers.facebook.com/docs/sharing/webmasters/crawler)"
216.73.216.244 - - [17/Jun/2025:13:12:25 -0400] "GET /sitemap-subitems-1206.xml HTTP/1.1" 200 10196 "-" "Mozilla/5.0 AppleWebKit/537.36 (KHTML, like Gecko; compatible; ClaudeBot/1.0; [email protected])"
2a03:2880:f800:f:: - - [17/Jun/2025:13:12:29 -0400] "GET /shopdetail/98203408 HTTP/1.1" 301 0 "-" "meta-externalagent/1.1 (+https://developers.facebook.com/docs/sharing/webmasters/crawler)"
2a03:2880:f800:4:: - - [17/Jun/2025:13:12:39 -0400] "GET /shopdetail/98222272 HTTP/1.1" 301 0 "-" "meta-externalagent/1.1 (+https://developers.facebook.com/docs/sharing/webmasters/crawler)"
43.134.119.86 - - [17/Jun/2025:13:13:02 -0400] "GET / HTTP/1.1" 200 12660 "-" "Mozilla/5.0 (Windows NT 10.0; Win64; x64) AppleWebKit/537.36 (KHTML, like Gecko) Chrome/107.0.0.0 Safari/537.36"
2001:470:1:b95::6876 - - [17/Jun/2025:13:13:06 -0400] "GET / HTTP/1.1" 200 12660 "https://windbreakermanga.com/" "Mozilla/5.0 (compatible; ev-crawler/1.0; +https://headline.com/legal/crawler)"
162.0.232.193 - - [17/Jun/2025:13:13:15 -0400] "POST /wp-cron.php?doing_wp_cron=1750180395.6743760108947753906250 HTTP/1.1" 200 0 "-" "WordPress/6.8.1; https://read11.windbreakermanga.com"
162.0.232.193 - - [17/Jun/2025:13:13:17 -0400] "POST /wp-cron.php?doing_wp_cron=1750180397.0833239555358886718750 HTTP/1.1" 200 0 "-" "WordPress/6.8.1; https://read11.windbreakermanga.com"
162.0.232.193 - - [17/Jun/2025:13:13:17 -0400] "POST /wp-cron.php?doing_wp_cron=1750180397.3768570423126220703125 HTTP/1.1" 200 0 "-" "WordPress/6.8.1; https://read11.windbreakermanga.com"
162.0.232.193 - - [17/Jun/2025:13:13:18 -0400] "GET /wind-breaker-chapter-16/ HTTP/1.1" 200 12206 "-" "WP Rocket/Preload"
162.0.232.193 - - [17/Jun/2025:13:13:27 -0400] "POST /wp-cron.php?doing_wp_cron=1750180407.1736819744110107421875 HTTP/1.1" 200 0 "-" "WordPress/6.8.1; https://read11.windbreakermanga.com"
162.0.232.193 - - [17/Jun/2025:13:13:28 -0400] "GET /wind-breaker-chapter-16/ HTTP/1.1" 200 12252 "-" "WP Rocket/Preload Mozilla/5.0 (iPhone; CPU iPhone OS 9_1 like Mac OS X) AppleWebKit/601.1.46 (KHTML, like Gecko) Version/9.0 Mobile/13B143 Safari/601.1"
162.0.232.193 - - [17/Jun/2025:13:13:33 -0400] "GET /wind-breaker-chapter-54/ HTTP/1.1" 200 0 "-" "WP Rocket/Preload"
114.119.154.207 - - [17/Jun/2025:13:13:33 -0400] "GET /wind-breaker-chapter-388/ HTTP/1.1" 200 12007 "https://read10.windbreakermanga.com/tag/windbreaker-manga/" "Mozilla/5.0 (Linux; Android 7.0;) AppleWebKit/537.36 (KHTML, like Gecko) Mobile Safari/537.36 (compatible; PetalBot;+https://webmaster.petalsearch.com/site/petalbot)"
162.0.232.193 - - [17/Jun/2025:13:13:34 -0400] "GET /wind-breaker-chapter-54/ HTTP/1.1" 200 12249 "-" "WP Rocket/Preload Mozilla/5.0 (iPhone; CPU iPhone OS 9_1 like Mac OS X) AppleWebKit/601.1.46 (KHTML, like Gecko) Version/9.0 Mobile/13B143 Safari/601.1"
162.0.232.193 - - [17/Jun/2025:13:13:36 -0400] "GET /wind-breaker-chapter-29/ HTTP/1.1" 200 0 "-" "WP Rocket/Preload"
162.0.232.193 - - [17/Jun/2025:13:13:37 -0400] "GET /wind-breaker-chapter-29/ HTTP/1.1" 200 12249 "-" "WP Rocket/Preload Mozilla/5.0 (iPhone; CPU iPhone OS 9_1 like Mac OS X) AppleWebKit/601.1.46 (KHTML, like Gecko) Version/9.0 Mobile/13B143 Safari/601.1"
162.0.232.193 - - [17/Jun/2025:13:13:39 -0400] "GET /wind-breaker-chapter-34/ HTTP/1.1" 200 0 "-" "WP Rocket/Preload"
162.0.232.193 - - [17/Jun/2025:13:13:40 -0400] "GET /wind-breaker-chapter-34/ HTTP/1.1" 200 0 "-" "WP Rocket/Preload Mozilla/5.0 (iPhone; CPU iPhone OS 9_1 like Mac OS X) AppleWebKit/601.1.46 (KHTML, like Gecko) Version/9.0 Mobile/13B143 Safari/601.1"
162.0.232.193 - - [17/Jun/2025:13:13:43 -0400] "GET /wind-breaker-chapter-19/ HTTP/1.1" 200 0 "-" "WP Rocket/Preload"
162.0.232.193 - - [17/Jun/2025:13:13:44 -0400] "GET /wind-breaker-chapter-19/ HTTP/1.1" 200 0 "-" "WP Rocket/Preload Mozilla/5.0 (iPhone; CPU iPhone OS 9_1 like Mac OS X) AppleWebKit/601.1.46 (KHTML, like Gecko) Version/9.0 Mobile/13B143 Safari/601.1"
162.0.232.193 - - [17/Jun/2025:13:13:48 -0400] "GET /wind-breaker-chapter-5/ HTTP/1.1" 200 0 "-" "WP Rocket/Preload Mozilla/5.0 (iPhone; CPU iPhone OS 9_1 like Mac OS X) AppleWebKit/601.1.46 (KHTML, like Gecko) Version/9.0 Mobile/13B143 Safari/601.1"
2a03:2880:f800:f:: - - [17/Jun/2025:13:13:48 -0400] "GET /shopdetail/98207552 HTTP/1.1" 301 0 "-" "meta-externalagent/1.1 (+https://developers.facebook.com/docs/sharing/webmasters/crawler)"
162.0.232.193 - - [17/Jun/2025:13:13:55 -0400] "POST /wp-cron.php?doing_wp_cron=1750180434.5782389640808105468750 HTTP/1.1" 200 0 "-" "WordPress/6.8.1; https://read11.windbreakermanga.com"
2a03:2880:f800:1b:: - - [17/Jun/2025:13:14:05 -0400] "GET / HTTP/1.1" 200 12660 "-" "meta-externalagent/1.1 (+https://developers.facebook.com/docs/sharing/webmasters/crawler)"
162.0.232.193 - - [17/Jun/2025:13:14:11 -0400] "POST /wp-cron.php?doing_wp_cron=1750180451.5907289981842041015625 HTTP/1.1" 200 0 "-" "WordPress/6.8.1; https://read11.windbreakermanga.com"
162.0.232.193 - - [17/Jun/2025:13:14:25 -0400] "POST /wp-cron.php?doing_wp_cron=1750180465.0747900009155273437500 HTTP/1.1" 200 0 "-" "WordPress/6.8.1; https://read11.windbreakermanga.com"
162.0.232.193 - - [17/Jun/2025:13:14:29 -0400] "GET /wind-breaker-chapter-59/ HTTP/1.1" 200 12091 "-" "WP Rocket/Preload"
162.0.232.193 - - [17/Jun/2025:13:14:32 -0400] "GET /wind-breaker-chapter-59/ HTTP/1.1" 200 0 "-" "WP Rocket/Preload Mozilla/5.0 (iPhone; CPU iPhone OS 9_1 like Mac OS X) AppleWebKit/601.1.46 (KHTML, like Gecko) Version/9.0 Mobile/13B143 Safari/601.1"
162.0.232.193 - - [17/Jun/2025:13:14:34 -0400] "GET /wind-breaker-chapter-39/ HTTP/1.1" 200 0 "-" "WP Rocket/Preload"
162.0.232.193 - - [17/Jun/2025:13:14:35 -0400] "GET /wind-breaker-chapter-39/ HTTP/1.1" 200 0 "-" "WP Rocket/Preload Mozilla/5.0 (iPhone; CPU iPhone OS 9_1 like Mac OS X) AppleWebKit/601.1.46 (KHTML, like Gecko) Version/9.0 Mobile/13B143 Safari/601.1"
162.0.232.193 - - [17/Jun/2025:13:14:37 -0400] "GET /wind-breaker-chapter-546/ HTTP/1.1" 200 0 "-" "WP Rocket/Preload"
47.82.62.35 - - [17/Jun/2025:13:14:38 -0400] "GET /category/wind-breaker-manhwa/page/6/ HTTP/1.1" 200 13088 "https://read11.windbreakermanga.com/category/wind-breaker-manhwa/page/6/" "Mozilla/5.0 (Windows NT 10.0; Win64; x64) AppleWebKit/537.36 (KHTML, like Gecko) Chrome/114.0.0.0 Safari/537.36 Edg/114.0.1823.43"
162.0.232.193 - - [17/Jun/2025:13:14:38 -0400] "GET /wind-breaker-chapter-546/ HTTP/1.1" 200 0 "-" "WP Rocket/Preload Mozilla/5.0 (iPhone; CPU iPhone OS 9_1 like Mac OS X) AppleWebKit/601.1.46 (KHTML, like Gecko) Version/9.0 Mobile/13B143 Safari/601.1"
162.0.232.193 - - [17/Jun/2025:13:14:40 -0400] "GET /wind-breaker-chapter-37/ HTTP/1.1" 200 0 "-" "WP Rocket/Preload"
162.0.232.193 - - [17/Jun/2025:13:14:42 -0400] "GET /wind-breaker-chapter-37/ HTTP/1.1" 200 0 "-" "WP Rocket/Preload Mozilla/5.0 (iPhone; CPU iPhone OS 9_1 like Mac OS X) AppleWebKit/601.1.46 (KHTML, like Gecko) Version/9.0 Mobile/13B143 Safari/601.1"
47.82.62.29 - - [17/Jun/2025:13:14:43 -0400] "GET /wind-breaker-chapter-494/ HTTP/1.1" 200 12037 "https://read11.windbreakermanga.com/wind-breaker-chapter-494/" "Mozilla/5.0 (Windows NT 10.0; Win64; x64) AppleWebKit/537.36 (KHTML, like Gecko) Chrome/114.0.0.0 Safari/537.36 Edg/114.0.1823.43"
162.0.232.193 - - [17/Jun/2025:13:14:44 -0400] "GET /wind-breaker-chapter-33/ HTTP/1.1" 200 0 "-" "WP Rocket/Preload"
162.0.232.193 - - [17/Jun/2025:13:14:45 -0400] "GET /wind-breaker-chapter-33/ HTTP/1.1" 200 0 "-" "WP Rocket/Preload Mozilla/5.0 (iPhone; CPU iPhone OS 9_1 like Mac OS X) AppleWebKit/601.1.46 (KHTML, like Gecko) Version/9.0 Mobile/13B143 Safari/601.1"
162.0.232.193 - - [17/Jun/2025:13:14:51 -0400] "POST /wp-cron.php?doing_wp_cron=1750180490.5872440338134765625000 HTTP/1.1" 200 0 "-" "WordPress/6.8.1; https://read11.windbreakermanga.com"
100.28.57.133 - - [17/Jun/2025:13:14:55 -0400] "GET /wind-breaker-chapter-260-part-3-ep-10/ HTTP/1.1" 500 1034 "-" "Mozilla/5.0 AppleWebKit/537.36 (KHTML, like Gecko; compatible; Amazonbot/0.1; +https://developer.amazon.com/support/amazonbot) Chrome/119.0.6045.214 Safari/537.36"
54.164.106.236 - - [17/Jun/2025:13:15:03 -0400] "GET /wind-breaker-chapter-432/ HTTP/1.1" 500 1034 "-" "Mozilla/5.0 AppleWebKit/537.36 (KHTML, like Gecko; compatible; Amazonbot/0.1; +https://developer.amazon.com/support/amazonbot) Chrome/119.0.6045.214 Safari/537.36"
162.0.232.193 - - [17/Jun/2025:13:15:11 -0400] "POST /wp-cron.php?doing_wp_cron=1750180511.2733349800109863281250 HTTP/1.1" 200 0 "-" "WordPress/6.8.1; https://read11.windbreakermanga.com"
162.0.232.193 - - [17/Jun/2025:13:15:24 -0400] "POST /wp-cron.php?doing_wp_cron=1750180524.0797588825225830078125 HTTP/1.1" 200 0 "-" "WordPress/6.8.1; https://read11.windbreakermanga.com"
162.0.232.193 - - [17/Jun/2025:13:15:30 -0400] "GET /wind-breaker-chapter-166/ HTTP/1.1" 200 0 "-" "WP Rocket/Preload"
162.0.232.193 - - [17/Jun/2025:13:15:31 -0400] "GET /wind-breaker-chapter-166/ HTTP/1.1" 200 0 "-" "WP Rocket/Preload Mozilla/5.0 (iPhone; CPU iPhone OS 9_1 like Mac OS X) AppleWebKit/601.1.46 (KHTML, like Gecko) Version/9.0 Mobile/13B143 Safari/601.1"
162.0.232.193 - - [17/Jun/2025:13:15:33 -0400] "GET /wind-breaker-chapter-79/ HTTP/1.1" 200 12203 "-" "WP Rocket/Preload"
162.0.232.193 - - [17/Jun/2025:13:15:46 -0400] "GET /wind-breaker-chapter-79/ HTTP/1.1" 200 0 "-" "WP Rocket/Preload Mozilla/5.0 (iPhone; CPU iPhone OS 9_1 like Mac OS X) AppleWebKit/601.1.46 (KHTML, like Gecko) Version/9.0 Mobile/13B143 Safari/601.1"
162.0.232.193 - - [17/Jun/2025:13:15:54 -0400] "POST /wp-cron.php?doing_wp_cron=1750180554.2962729930877685546875 HTTP/1.1" 200 0 "-" "WordPress/6.8.1; https://read11.windbreakermanga.com"
47.82.60.188 - - [17/Jun/2025:13:16:02 -0400] "GET /wind-breaker-chapter-504/ HTTP/1.1" 200 11569 "https://read11.windbreakermanga.com/wind-breaker-chapter-504/" "Mozilla/5.0 (Windows NT 10.0; Win64; x64) AppleWebKit/537.36 (KHTML, like Gecko) Chrome/114.0.0.0 Safari/537.36 Edg/114.0.1823.43"
2a03:2880:f800:2:: - - [17/Jun/2025:13:16:02 -0400] "GET /shopdetail/98186072 HTTP/1.1" 301 0 "-" "meta-externalagent/1.1 (+https://developers.facebook.com/docs/sharing/webmasters/crawler)"
47.82.60.174 - - [17/Jun/2025:13:15:55 -0400] "GET /category/wind-breaker-manhwa/page/29/ HTTP/1.1" 200 13995 "https://read11.windbreakermanga.com/category/wind-breaker-manhwa/page/29/" "Mozilla/5.0 (Windows NT 10.0; Win64; x64) AppleWebKit/537.36 (KHTML, like Gecko) Chrome/114.0.0.0 Safari/537.36 Edg/114.0.1823.43"
185.87.64.191 - - [17/Jun/2025:13:16:03 -0400] "POST /xmlrpc.php HTTP/1.1" 200 186 "https://read11.windbreakermanga.com" "Mozilla/5.0 (Macintosh; Intel Mac OS X 10_15_7) AppleWebKit/537.36 (KHTML, like Gecko) Chrome/113.0.5672.93 Safari/537.36"
162.0.232.193 - - [17/Jun/2025:13:16:11 -0400] "POST /wp-cron.php?doing_wp_cron=1750180571.2731890678405761718750 HTTP/1.1" 200 0 "-" "WordPress/6.8.1; https://read11.windbreakermanga.com"
162.0.232.193 - - [17/Jun/2025:13:16:19 -0400] "GET /wp-content/uploads/f979bbbcbe9df560cb74049269d2541e_4104.xml HTTP/1.1" 200 2276 "-" "Mozilla/5.0 (X11; Linux x86_64) AppleWebKit/537.36 (KHTML, like Gecko) Ubuntu Chromium/41.0.2272.76"
114.119.129.189 - - [17/Jun/2025:13:16:24 -0400] "GET /wind-breaker-chapter-220-part-2-ep-152/ HTTP/1.1" 301 0 "https://read10.windbreakermanga.com/tag/windbreaker-manga/" "Mozilla/5.0 (Linux; Android 7.0;) AppleWebKit/537.36 (KHTML, like Gecko) Mobile Safari/537.36 (compatible; PetalBot;+https://webmaster.petalsearch.com/site/petalbot)"
114.119.129.189 - - [17/Jun/2025:13:16:33 -0400] "GET / HTTP/1.1" 200 12638 "https://read10.windbreakermanga.com/tag/windbreaker-manga/" "Mozilla/5.0 (Linux; Android 7.0;) AppleWebKit/537.36 (KHTML, like Gecko) Mobile Safari/537.36 (compatible; PetalBot;+https://webmaster.petalsearch.com/site/petalbot)"
162.0.232.193 - - [17/Jun/2025:13:17:12 -0400] "POST /wp-cron.php?doing_wp_cron=1750180631.6778550148010253906250 HTTP/1.1" 200 0 "-" "WordPress/6.8.1; https://read11.windbreakermanga.com"
162.0.232.193 - - [17/Jun/2025:13:17:13 -0400] "POST /wp-cron.php?doing_wp_cron=1750180632.7803599834442138671875 HTTP/1.1" 200 0 "-" "WordPress/6.8.1; https://read11.windbreakermanga.com"
162.0.232.193 - - [17/Jun/2025:13:17:15 -0400] "POST /wp-cron.php?doing_wp_cron=1750180634.2822499275207519531250 HTTP/1.1" 200 0 "-" "WordPress/6.8.1; https://read11.windbreakermanga.com"
162.0.232.193 - - [17/Jun/2025:13:17:25 -0400] "POST /wp-cron.php?doing_wp_cron=1750180644.7760899066925048828125 HTTP/1.1" 200 0 "-" "WordPress/6.8.1; https://read11.windbreakermanga.com"
216.73.216.244 - - [17/Jun/2025:13:17:26 -0400] "GET /sitemap-subitems-2698.xml HTTP/1.1" 200 10247 "-" "Mozilla/5.0 AppleWebKit/537.36 (KHTML, like Gecko; compatible; ClaudeBot/1.0; [email protected])"
162.0.232.193 - - [17/Jun/2025:13:17:17 -0400] "GET /wind-breaker-chapter-17/ HTTP/1.1" 200 12187 "-" "WP Rocket/Preload"
162.0.232.193 - - [17/Jun/2025:13:17:29 -0400] "GET /wind-breaker-chapter-17/ HTTP/1.1" 200 0 "-" "WP Rocket/Preload Mozilla/5.0 (iPhone; CPU iPhone OS 9_1 like Mac OS X) AppleWebKit/601.1.46 (KHTML, like Gecko) Version/9.0 Mobile/13B143 Safari/601.1"
162.0.232.193 - - [17/Jun/2025:13:17:41 -0400] "POST /wp-cron.php?doing_wp_cron=1750180661.1809439659118652343750 HTTP/1.1" 200 0 "-" "WordPress/6.8.1; https://read11.windbreakermanga.com"
2a03:2880:f800:15:: - - [17/Jun/2025:13:17:45 -0400] "GET / HTTP/1.1" 200 12660 "-" "meta-externalagent/1.1 (+https://developers.facebook.com/docs/sharing/webmasters/crawler)"
114.119.129.189 - - [17/Jun/2025:13:17:51 -0400] "GET /wind-breaker-chapter-214-part-2-ep-146/ HTTP/1.1" 301 0 "https://read10.windbreakermanga.com/tag/windbreaker-manga/" "Mozilla/5.0 (Linux; Android 7.0;) AppleWebKit/537.36 (KHTML, like Gecko) Mobile Safari/537.36 (compatible; PetalBot;+https://webmaster.petalsearch.com/site/petalbot)"
114.119.129.189 - - [17/Jun/2025:13:18:00 -0400] "GET / HTTP/1.1" 200 12544 "https://read10.windbreakermanga.com/tag/windbreaker-manga/" "Mozilla/5.0 (Linux; Android 7.0;) AppleWebKit/537.36 (KHTML, like Gecko) Mobile Safari/537.36 (compatible; PetalBot;+https://webmaster.petalsearch.com/site/petalbot)"
162.0.232.193 - - [17/Jun/2025:13:18:13 -0400] "POST /wp-cron.php?doing_wp_cron=1750180692.6727631092071533203125 HTTP/1.1" 200 0 "-" "WordPress/6.8.1; https://read11.windbreakermanga.com"
103.90.232.143 - - [17/Jun/2025:13:18:14 -0400] "POST /xmlrpc.php HTTP/1.1" 200 0 "https://read11.windbreakermanga.com" "Mozilla/5.0 (Windows NT 10.0; Win64; x64) AppleWebKit/537.36 (KHTML, like Gecko) Chrome/113.0.5672.93 Safari/537.36"
162.0.232.193 - - [17/Jun/2025:13:18:26 -0400] "POST /wp-cron.php?doing_wp_cron=1750180705.7931170463562011718750 HTTP/1.1" 200 0 "-" "WordPress/6.8.1; https://read11.windbreakermanga.com"
47.82.62.109 - - [17/Jun/2025:13:18:14 -0400] "GET /category/wind-breaker/page/18/ HTTP/1.1" 200 13215 "https://read11.windbreakermanga.com/category/wind-breaker/page/18/" "Mozilla/5.0 (Windows NT 10.0; Win64; x64) AppleWebKit/537.36 (KHTML, like Gecko) Chrome/114.0.0.0 Safari/537.36 Edg/114.0.1823.43"
47.82.60.115 - - [17/Jun/2025:13:18:32 -0400] "GET /category/wind-breaker-manga/page/16/ HTTP/1.1" 200 13214 "https://read11.windbreakermanga.com/category/wind-breaker-manga/page/16/" "Mozilla/5.0 (Windows NT 10.0; Win64; x64) AppleWebKit/537.36 (KHTML, like Gecko) Chrome/114.0.0.0 Safari/537.36 Edg/114.0.1823.43"
47.82.61.108 - - [17/Jun/2025:13:18:42 -0400] "GET /wind-breaker-chapter-52/ HTTP/1.1" 200 12233 "https://read11.windbreakermanga.com/wind-breaker-chapter-52/" "Mozilla/5.0 (Windows NT 10.0; Win64; x64) AppleWebKit/537.36 (KHTML, like Gecko) Chrome/114.0.0.0 Safari/537.36 Edg/114.0.1823.43"
162.0.232.193 - - [17/Jun/2025:13:18:32 -0400] "GET /wind-breaker-chapter-44/ HTTP/1.1" 200 12343 "-" "WP Rocket/Preload"
162.0.232.193 - - [17/Jun/2025:13:18:45 -0400] "GET /wind-breaker-chapter-44/ HTTP/1.1" 200 0 "-" "WP Rocket/Preload Mozilla/5.0 (iPhone; CPU iPhone OS 9_1 like Mac OS X) AppleWebKit/601.1.46 (KHTML, like Gecko) Version/9.0 Mobile/13B143 Safari/601.1"
162.0.232.193 - - [17/Jun/2025:13:18:51 -0400] "POST /wp-cron.php?doing_wp_cron=1750180731.5756158828735351562500 HTTP/1.1" 200 0 "-" "WordPress/6.8.1; https://read11.windbreakermanga.com"
2a03:2880:f800:3:: - - [17/Jun/2025:13:18:52 -0400] "GET /shopdetail/98187316 HTTP/1.1" 301 0 "-" "meta-externalagent/1.1 (+https://developers.facebook.com/docs/sharing/webmasters/crawler)"
2a03:2880:f800:2:: - - [17/Jun/2025:13:19:00 -0400] "GET / HTTP/1.1" 200 12660 "-" "meta-externalagent/1.1 (+https://developers.facebook.com/docs/sharing/webmasters/crawler)"
162.0.232.193 - - [17/Jun/2025:13:19:16 -0400] "POST /wp-cron.php?doing_wp_cron=1750180755.8755710124969482421875 HTTP/1.1" 200 0 "-" "WordPress/6.8.1; https://read11.windbreakermanga.com"
162.0.232.193 - - [17/Jun/2025:13:19:25 -0400] "POST /wp-cron.php?doing_wp_cron=1750180765.1853280067443847656250 HTTP/1.1" 200 0 "-" "WordPress/6.8.1; https://read11.windbreakermanga.com"
43.153.135.208 - - [17/Jun/2025:13:19:29 -0400] "GET /wind-breaker-chapter-117/ HTTP/1.1" 200 12271 "-" "Mozilla/5.0 (iPhone; CPU iPhone OS 13_2_3 like Mac OS X) AppleWebKit/605.1.15 (KHTML, like Gecko) Version/13.0.3 Mobile/15E148 Safari/604.1"
162.0.232.193 - - [17/Jun/2025:13:19:29 -0400] "GET /wind-breaker-chapter-88/ HTTP/1.1" 200 0 "-" "WP Rocket/Preload"
162.0.232.193 - - [17/Jun/2025:13:19:31 -0400] "GET /wind-breaker-chapter-88/ HTTP/1.1" 200 0 "-" "WP Rocket/Preload Mozilla/5.0 (iPhone; CPU iPhone OS 9_1 like Mac OS X) AppleWebKit/601.1.46 (KHTML, like Gecko) Version/9.0 Mobile/13B143 Safari/601.1"
162.0.232.193 - - [17/Jun/2025:13:19:32 -0400] "GET /wind-breaker-chapter-63/ HTTP/1.1" 200 0 "-" "WP Rocket/Preload"
47.82.60.8 - - [17/Jun/2025:13:19:34 -0400] "GET /wind-breaker-chapter-93/ HTTP/1.1" 200 12230 "https://read11.windbreakermanga.com/wind-breaker-chapter-93/" "Mozilla/5.0 (Windows NT 10.0; Win64; x64) AppleWebKit/537.36 (KHTML, like Gecko) Chrome/114.0.0.0 Safari/537.36 Edg/114.0.1823.43"
162.0.232.193 - - [17/Jun/2025:13:19:34 -0400] "GET /wind-breaker-chapter-63/ HTTP/1.1" 200 0 "-" "WP Rocket/Preload Mozilla/5.0 (iPhone; CPU iPhone OS 9_1 like Mac OS X) AppleWebKit/601.1.46 (KHTML, like Gecko) Version/9.0 Mobile/13B143 Safari/601.1"
162.0.232.193 - - [17/Jun/2025:13:19:36 -0400] "GET /wind-breaker-chapter-161/ HTTP/1.1" 200 0 "-" "WP Rocket/Preload"
162.0.232.193 - - [17/Jun/2025:13:19:38 -0400] "GET /wind-breaker-chapter-161/ HTTP/1.1" 200 0 "-" "WP Rocket/Preload Mozilla/5.0 (iPhone; CPU iPhone OS 9_1 like Mac OS X) AppleWebKit/601.1.46 (KHTML, like Gecko) Version/9.0 Mobile/13B143 Safari/601.1"
162.0.232.193 - - [17/Jun/2025:13:19:40 -0400] "GET /wind-breaker-chapter-65/ HTTP/1.1" 200 0 "-" "WP Rocket/Preload"
162.0.232.193 - - [17/Jun/2025:13:19:42 -0400] "GET /wind-breaker-chapter-65/ HTTP/1.1" 200 0 "-" "WP Rocket/Preload Mozilla/5.0 (iPhone; CPU iPhone OS 9_1 like Mac OS X) AppleWebKit/601.1.46 (KHTML, like Gecko) Version/9.0 Mobile/13B143 Safari/601.1"
162.0.232.193 - - [17/Jun/2025:13:19:43 -0400] "GET /wind-breaker-chapter-139/ HTTP/1.1" 200 0 "-" "WP Rocket/Preload"
2a03:2880:f800:c:: - - [17/Jun/2025:13:19:39 -0400] "GET /shopdetail/98210496 HTTP/1.1" 301 0 "-" "meta-externalagent/1.1 (+https://developers.facebook.com/docs/sharing/webmasters/crawler)"
162.0.232.193 - - [17/Jun/2025:13:19:44 -0400] "GET /wind-breaker-chapter-139/ HTTP/1.1" 200 0 "-" "WP Rocket/Preload Mozilla/5.0 (iPhone; CPU iPhone OS 9_1 like Mac OS X) AppleWebKit/601.1.46 (KHTML, like Gecko) Version/9.0 Mobile/13B143 Safari/601.1"
162.0.232.193 - - [17/Jun/2025:13:19:50 -0400] "POST /wp-cron.php?doing_wp_cron=1750180789.7731850147247314453125 HTTP/1.1" 200 0 "-" "WordPress/6.8.1; https://read11.windbreakermanga.com"
47.82.61.213 - - [17/Jun/2025:13:20:10 -0400] "GET /wind-breaker-chapter-491/ HTTP/1.1" 200 12159 "https://read11.windbreakermanga.com/wind-breaker-chapter-491/" "Mozilla/5.0 (Windows NT 10.0; Win64; x64) AppleWebKit/537.36 (KHTML, like Gecko) Chrome/114.0.0.0 Safari/537.36 Edg/114.0.1823.43"
162.0.232.193 - - [17/Jun/2025:13:20:14 -0400] "POST /wp-cron.php?doing_wp_cron=1750180813.6784849166870117187500 HTTP/1.1" 200 0 "-" "WordPress/6.8.1; https://read11.windbreakermanga.com"
162.0.232.193 - - [17/Jun/2025:13:20:23 -0400] "GET /wp-content/uploads/f979bbbcbe9df560cb74049269d2541e_4104.xml HTTP/1.1" 200 2276 "-" "Mozilla/5.0 (X11; Linux x86_64) AppleWebKit/537.36 (KHTML, like Gecko) Ubuntu Chromium/41.0.2272.76"
91.229.236.38 - - [17/Jun/2025:13:20:23 -0400] "POST /xmlrpc.php HTTP/1.1" 200 0 "https://read11.windbreakermanga.com" "Mozilla/5.0 (Macintosh; Intel Mac OS X 14_4_1) AppleWebKit/605.1.15 (KHTML, like Gecko) Version/17.3.1 Safari/605.1.15"
47.82.61.113 - - [17/Jun/2025:13:20:33 -0400] "GET /wind-breaker-chapter-165/ HTTP/1.1" 200 12310 "https://read11.windbreakermanga.com/wind-breaker-chapter-165/" "Mozilla/5.0 (Windows NT 10.0; Win64; x64) AppleWebKit/537.36 (KHTML, like Gecko) Chrome/114.0.0.0 Safari/537.36 Edg/114.0.1823.43"
47.82.61.253 - - [17/Jun/2025:13:20:42 -0400] "GET /category/wind-breaker-webtoon/page/39/ HTTP/1.1" 200 12307 "https://read11.windbreakermanga.com/category/wind-breaker-webtoon/page/39/" "Mozilla/5.0 (Windows NT 10.0; Win64; x64) AppleWebKit/537.36 (KHTML, like Gecko) Chrome/114.0.0.0 Safari/537.36 Edg/114.0.1823.43"
114.119.152.134 - - [17/Jun/2025:13:20:46 -0400] "GET /wind-breaker-chapter-113/ HTTP/1.1" 200 12247 "https://read10.windbreakermanga.com/tag/windbreaker-manga/" "Mozilla/5.0 (Linux; Android 7.0;) AppleWebKit/537.36 (KHTML, like Gecko) Mobile Safari/537.36 (compatible; PetalBot;+https://webmaster.petalsearch.com/site/petalbot)"
162.0.232.193 - - [17/Jun/2025:13:21:15 -0400] "POST /wp-cron.php?doing_wp_cron=1750180874.5748040676116943359375 HTTP/1.1" 200 0 "-" "WordPress/6.8.1; https://read11.windbreakermanga.com"
162.0.232.193 - - [17/Jun/2025:13:21:17 -0400] "POST /wp-cron.php?doing_wp_cron=1750180876.9787719249725341796875 HTTP/1.1" 200 0 "-" "WordPress/6.8.1; https://read11.windbreakermanga.com"
162.0.232.193 - - [17/Jun/2025:13:21:27 -0400] "POST /wp-cron.php?doing_wp_cron=1750180886.8816390037536621093750 HTTP/1.1" 200 0 "-" "WordPress/6.8.1; https://read11.windbreakermanga.com"
162.0.232.193 - - [17/Jun/2025:13:21:21 -0400] "GET /wind-breaker-chapter-11/ HTTP/1.1" 200 12223 "-" "WP Rocket/Preload"
162.0.232.193 - - [17/Jun/2025:13:21:34 -0400] "GET /wind-breaker-chapter-11/ HTTP/1.1" 200 0 "-" "WP Rocket/Preload Mozilla/5.0 (iPhone; CPU iPhone OS 9_1 like Mac OS X) AppleWebKit/601.1.46 (KHTML, like Gecko) Version/9.0 Mobile/13B143 Safari/601.1"
47.82.62.28 - - [17/Jun/2025:13:21:39 -0400] "GET /wind-breaker-chapter-53/ HTTP/1.1" 200 11917 "https://read11.windbreakermanga.com/wind-breaker-chapter-53/" "Mozilla/5.0 (Windows NT 10.0; Win64; x64) AppleWebKit/537.36 (KHTML, like Gecko) Chrome/114.0.0.0 Safari/537.36 Edg/114.0.1823.43"
2a03:2880:f800:17:: - - [17/Jun/2025:13:21:33 -0400] "GET /shopdetail/98177548 HTTP/1.1" 301 0 "-" "meta-externalagent/1.1 (+https://developers.facebook.com/docs/sharing/webmasters/crawler)"
162.0.232.193 - - [17/Jun/2025:13:21:42 -0400] "POST /wp-cron.php?doing_wp_cron=1750180901.1730909347534179687500 HTTP/1.1" 200 0 "-" "WordPress/6.8.1; https://read11.windbreakermanga.com"
114.119.135.251 - - [17/Jun/2025:13:21:56 -0400] "GET /category/wind-breaker-manhwa/page/18/ HTTP/1.1" 200 13209 "https://read10.windbreakermanga.com/category/wind-breaker-manhwa/page/19/" "Mozilla/5.0 (Linux; Android 7.0;) AppleWebKit/537.36 (KHTML, like Gecko) Mobile Safari/537.36 (compatible; PetalBot;+https://webmaster.petalsearch.com/site/petalbot)"
103.218.122.203 - - [17/Jun/2025:13:22:33 -0400] "POST /xmlrpc.php HTTP/1.1" 200 0 "https://read11.windbreakermanga.com" "Mozilla/5.0 (Windows NT 10.0; Win64; x64; rv:127.0) Gecko/20100101 Firefox/127.0"
2a03:2880:f800:2:: - - [17/Jun/2025:13:22:49 -0400] "GET /shopdetail/98231404 HTTP/1.1" 301 0 "-" "meta-externalagent/1.1 (+https://developers.facebook.com/docs/sharing/webmasters/crawler)"
47.82.62.127 - - [17/Jun/2025:13:22:54 -0400] "GET /wind-breaker-chapter-46/ HTTP/1.1" 200 12232 "https://read11.windbreakermanga.com/wind-breaker-chapter-46/" "Mozilla/5.0 (Windows NT 10.0; Win64; x64) AppleWebKit/537.36 (KHTML, like Gecko) Chrome/114.0.0.0 Safari/537.36 Edg/114.0.1823.43"
162.0.232.193 - - [17/Jun/2025:13:23:14 -0400] "POST /wp-cron.php?doing_wp_cron=1750180993.7806661128997802734375 HTTP/1.1" 200 0 "-" "WordPress/6.8.1; https://read11.windbreakermanga.com"
162.0.232.193 - - [17/Jun/2025:13:23:14 -0400] "POST /wp-cron.php?doing_wp_cron=1750180993.7888839244842529296875 HTTP/1.1" 200 0 "-" "WordPress/6.8.1; https://read11.windbreakermanga.com"
