2a03:2880:f800:17:: - - [17/Jun/2025:16:16:11 -0400] "GET / HTTP/1.1" 200 12660 "-" "meta-externalagent/1.1 (+https://developers.facebook.com/docs/sharing/webmasters/crawler)"
162.0.232.193 - - [17/Jun/2025:16:16:14 -0400] "POST /wp-cron.php?doing_wp_cron=1750191374.0724918842315673828125 HTTP/1.1" 200 0 "-" "WordPress/6.8.1; https://read11.windbreakermanga.com"
162.0.232.193 - - [17/Jun/2025:16:16:19 -0400] "POST /wp-cron.php?doing_wp_cron=1750191379.5777139663696289062500 HTTP/1.1" 200 0 "-" "WordPress/6.8.1; https://read11.windbreakermanga.com"
2a03:2880:f800:16:: - - [17/Jun/2025:16:16:17 -0400] "GET /wind-breaker-chapter-424/ HTTP/1.1" 301 0 "-" "meta-externalagent/1.1 (+https://developers.facebook.com/docs/sharing/webmasters/crawler)"
2a03:2880:f800:1b:: - - [17/Jun/2025:16:16:22 -0400] "GET / HTTP/1.1" 200 12660 "-" "meta-externalagent/1.1 (+https://developers.facebook.com/docs/sharing/webmasters/crawler)"
2a03:2880:f800:1a:: - - [17/Jun/2025:16:16:35 -0400] "GET / HTTP/1.1" 200 12660 "-" "meta-externalagent/1.1 (+https://developers.facebook.com/docs/sharing/webmasters/crawler)"
34.32.140.37 - - [17/Jun/2025:16:16:36 -0400] "GET /wp-login.php HTTP/1.1" 200 1886 "https://windbreakermanga.com/wp-login.php" "Mozilla/5.0 (X11; Ubuntu; Linux x86_64; rv:85.0) Gecko/20100101 Firefox/91.0"
162.0.232.193 - - [17/Jun/2025:16:16:41 -0400] "POST /wp-cron.php?doing_wp_cron=1750191401.0768969058990478515625 HTTP/1.1" 200 0 "-" "WordPress/6.8.1; https://read11.windbreakermanga.com"
34.32.140.37 - - [17/Jun/2025:16:16:40 -0400] "GET /?author=1 HTTP/1.1" 301 0 "https://windbreakermanga.com///?author=1" "Mozilla/5.0 (X11; Ubuntu; Linux x86_64; rv:85.0) Gecko/20100101 Firefox/91.0"
34.32.140.37 - - [17/Jun/2025:16:16:44 -0400] "GET /author/admin/ HTTP/1.1" 200 12471 "https://read11.windbreakermanga.com/?author=1" "Mozilla/5.0 (X11; Ubuntu; Linux x86_64; rv:85.0) Gecko/20100101 Firefox/91.0"
34.32.140.37 - - [17/Jun/2025:16:16:46 -0400] "GET /wp-json/wp/v2/users/ HTTP/1.1" 200 6725 "https://windbreakermanga.com///wp-json/wp/v2/users/" "Mozilla/5.0 (X11; Ubuntu; Linux x86_64; rv:85.0) Gecko/20100101 Firefox/91.0"
34.32.140.37 - - [17/Jun/2025:16:16:52 -0400] "GET /?author=2 HTTP/1.1" 301 0 "https://windbreakermanga.com///?author=2" "Mozilla/5.0 (X11; Ubuntu; Linux x86_64; rv:85.0) Gecko/20100101 Firefox/91.0"
34.32.140.37 - - [17/Jun/2025:16:16:56 -0400] "GET / HTTP/1.1" 200 12660 "https://windbreakermanga.com" "Mozilla/5.0 (X11; Ubuntu; Linux x86_64; rv:85.0) Gecko/20100101 Firefox/91.0"
2a03:2880:f800:17:: - - [17/Jun/2025:16:16:56 -0400] "GET /shopdetail/98223280 HTTP/1.1" 301 0 "-" "meta-externalagent/1.1 (+https://developers.facebook.com/docs/sharing/webmasters/crawler)"
43.135.183.82 - - [17/Jun/2025:16:16:56 -0400] "GET /wp-json/wp/v2/posts/4484 HTTP/1.1" 200 30917 "-" "Mozilla/5.0 (iPhone; CPU iPhone OS 13_2_3 like Mac OS X) AppleWebKit/605.1.15 (KHTML, like Gecko) Version/13.0.3 Mobile/15E148 Safari/604.1"
2a03:2880:f800:c:: - - [17/Jun/2025:16:17:01 -0400] "GET /wind-breaker-chapter-248-part-2-ep-180/ HTTP/1.1" 301 0 "-" "meta-externalagent/1.1 (+https://developers.facebook.com/docs/sharing/webmasters/crawler)"
2a03:2880:f800:4:: - - [17/Jun/2025:16:17:06 -0400] "GET / HTTP/1.1" 200 12660 "-" "meta-externalagent/1.1 (+https://developers.facebook.com/docs/sharing/webmasters/crawler)"
162.0.232.193 - - [17/Jun/2025:16:17:12 -0400] "POST /wp-cron.php?doing_wp_cron=1750191431.7849240303039550781250 HTTP/1.1" 200 0 "-" "WordPress/6.8.1; https://read11.windbreakermanga.com"
162.0.232.193 - - [17/Jun/2025:16:17:19 -0400] "GET /wp-content/uploads/f979bbbcbe9df560cb74049269d2541e_4104.xml HTTP/1.1" 200 2276 "-" "Mozilla/5.0 (X11; Linux x86_64) AppleWebKit/537.36 (KHTML, like Gecko) Ubuntu Chromium/41.0.2272.76"
2a03:2880:f800:15:: - - [17/Jun/2025:16:17:59 -0400] "GET /shopdetail/98172932 HTTP/1.1" 301 0 "-" "meta-externalagent/1.1 (+https://developers.facebook.com/docs/sharing/webmasters/crawler)"
162.0.232.193 - - [17/Jun/2025:16:18:15 -0400] "POST /wp-cron.php?doing_wp_cron=1750191494.8769960403442382812500 HTTP/1.1" 200 0 "-" "WordPress/6.8.1; https://read11.windbreakermanga.com"
162.0.232.193 - - [17/Jun/2025:16:18:18 -0400] "POST /wp-cron.php?doing_wp_cron=1750191497.8787879943847656250000 HTTP/1.1" 200 0 "-" "WordPress/6.8.1; https://read11.windbreakermanga.com"
162.0.232.193 - - [17/Jun/2025:16:18:41 -0400] "POST /wp-cron.php?doing_wp_cron=1750191521.0812630653381347656250 HTTP/1.1" 200 0 "-" "WordPress/6.8.1; https://read11.windbreakermanga.com"
2a03:2880:f800:19:: - - [17/Jun/2025:16:18:39 -0400] "GET /shopdetail/98241272 HTTP/1.1" 301 0 "-" "meta-externalagent/1.1 (+https://developers.facebook.com/docs/sharing/webmasters/crawler)"
162.0.232.193 - - [17/Jun/2025:16:18:54 -0400] "POST /wp-cron.php?doing_wp_cron=1750191533.2880270481109619140625 HTTP/1.1" 200 0 "-" "WordPress/6.8.1; https://read11.windbreakermanga.com"
162.0.232.193 - - [17/Jun/2025:16:19:14 -0400] "POST /wp-cron.php?doing_wp_cron=1750191554.7823619842529296875000 HTTP/1.1" 200 0 "-" "WordPress/6.8.1; https://read11.windbreakermanga.com"
162.0.232.193 - - [17/Jun/2025:16:19:22 -0400] "POST /wp-cron.php?doing_wp_cron=1750191562.3928260803222656250000 HTTP/1.1" 200 0 "-" "WordPress/6.8.1; https://read11.windbreakermanga.com"
162.0.232.193 - - [17/Jun/2025:16:19:41 -0400] "POST /wp-cron.php?doing_wp_cron=1750191581.1940639019012451171875 HTTP/1.1" 200 0 "-" "WordPress/6.8.1; https://read11.windbreakermanga.com"
162.0.232.193 - - [17/Jun/2025:16:20:12 -0400] "POST /wp-cron.php?doing_wp_cron=1750191611.6773440837860107421875 HTTP/1.1" 200 0 "-" "WordPress/6.8.1; https://read11.windbreakermanga.com"
2a03:2880:f800:18:: - - [17/Jun/2025:16:20:13 -0400] "GET / HTTP/1.1" 200 12660 "-" "meta-externalagent/1.1 (+https://developers.facebook.com/docs/sharing/webmasters/crawler)"
162.0.232.193 - - [17/Jun/2025:16:20:19 -0400] "POST /wp-cron.php?doing_wp_cron=1750191619.2819659709930419921875 HTTP/1.1" 200 0 "-" "WordPress/6.8.1; https://read11.windbreakermanga.com"
162.0.232.193 - - [17/Jun/2025:16:20:42 -0400] "POST /wp-cron.php?doing_wp_cron=1750191641.6834280490875244140625 HTTP/1.1" 200 0 "-" "WordPress/6.8.1; https://read11.windbreakermanga.com"
47.82.61.31 - - [17/Jun/2025:16:21:05 -0400] "GET /category/wind-breaker-webtoon/page/6/ HTTP/1.1" 200 13046 "https://read11.windbreakermanga.com/category/wind-breaker-webtoon/page/6/" "Mozilla/5.0 (Windows NT 10.0; Win64; x64) AppleWebKit/537.36 (KHTML, like Gecko) Chrome/114.0.0.0 Safari/537.36 Edg/114.0.1823.43"
162.0.232.193 - - [17/Jun/2025:16:21:12 -0400] "POST /wp-cron.php?doing_wp_cron=1750191672.0779249668121337890625 HTTP/1.1" 200 0 "-" "WordPress/6.8.1; https://read11.windbreakermanga.com"
162.0.232.193 - - [17/Jun/2025:16:21:19 -0400] "GET /wp-content/uploads/f979bbbcbe9df560cb74049269d2541e_4104.xml HTTP/1.1" 200 2533 "-" "Mozilla/5.0 (X11; Linux x86_64) AppleWebKit/537.36 (KHTML, like Gecko) Ubuntu Chromium/41.0.2272.76"
162.0.232.193 - - [17/Jun/2025:16:22:13 -0400] "POST /wp-cron.php?doing_wp_cron=1750191732.8783609867095947265625 HTTP/1.1" 200 0 "-" "WordPress/6.8.1; https://read11.windbreakermanga.com"
162.0.232.193 - - [17/Jun/2025:16:22:13 -0400] "POST /wp-cron.php?doing_wp_cron=1750191733.0739510059356689453125 HTTP/1.1" 200 0 "-" "WordPress/6.8.1; https://read11.windbreakermanga.com"
162.0.232.193 - - [17/Jun/2025:16:22:14 -0400] "POST /wp-cron.php?doing_wp_cron=1750191733.8985099792480468750000 HTTP/1.1" 200 0 "-" "WordPress/6.8.1; https://read11.windbreakermanga.com"
162.0.232.193 - - [17/Jun/2025:16:22:14 -0400] "POST /wp-cron.php?doing_wp_cron=1750191733.9793500900268554687500 HTTP/1.1" 200 0 "-" "WordPress/6.8.1; https://read11.windbreakermanga.com"
162.0.232.193 - - [17/Jun/2025:16:22:17 -0400] "POST /wp-cron.php?doing_wp_cron=1750191736.2786109447479248046875 HTTP/1.1" 200 0 "-" "WordPress/6.8.1; https://read11.windbreakermanga.com"
43.153.122.76 - - [17/Jun/2025:16:22:21 -0400] "POST /xmlrpc.php HTTP/1.1" 200 186 "https://read11.windbreakermanga.com" "Mozilla/5.0 (Macintosh; Intel Mac OS X 10_15_7; rv:127.0) Gecko/20100101 Firefox/127.0"
162.0.232.193 - - [17/Jun/2025:16:22:42 -0400] "POST /wp-cron.php?doing_wp_cron=1750191761.8871400356292724609375 HTTP/1.1" 200 0 "-" "WordPress/6.8.1; https://read11.windbreakermanga.com"
47.82.60.178 - - [17/Jun/2025:16:22:49 -0400] "GET /wind-breaker-chapter-65/ HTTP/1.1" 200 12542 "https://read11.windbreakermanga.com/wind-breaker-chapter-65/" "Mozilla/5.0 (Windows NT 10.0; Win64; x64) AppleWebKit/537.36 (KHTML, like Gecko) Chrome/114.0.0.0 Safari/537.36 Edg/114.0.1823.43"
2a03:2880:f800:16:: - - [17/Jun/2025:16:22:52 -0400] "GET /sitemap-subitems-3069.xml HTTP/1.1" 301 0 "-" "meta-externalagent/1.1 (+https://developers.facebook.com/docs/sharing/webmasters/crawler)"
162.0.232.193 - - [17/Jun/2025:16:23:15 -0400] "POST /wp-cron.php?doing_wp_cron=1750191795.0852239131927490234375 HTTP/1.1" 200 0 "-" "WordPress/6.8.1; https://read11.windbreakermanga.com"
162.0.232.193 - - [17/Jun/2025:16:23:22 -0400] "POST /wp-cron.php?doing_wp_cron=1750191802.0969419479370117187500 HTTP/1.1" 200 0 "-" "WordPress/6.8.1; https://read11.windbreakermanga.com"
162.0.232.193 - - [17/Jun/2025:16:23:42 -0400] "POST /wp-cron.php?doing_wp_cron=1750191821.4808049201965332031250 HTTP/1.1" 200 0 "-" "WordPress/6.8.1; https://read11.windbreakermanga.com"
2a03:2880:f800:19:: - - [17/Jun/2025:16:23:51 -0400] "GET /shopdetail/98242216 HTTP/1.1" 301 0 "-" "meta-externalagent/1.1 (+https://developers.facebook.com/docs/sharing/webmasters/crawler)"
66.249.77.196 - - [17/Jun/2025:16:24:12 -0400] "GET /wind-breaker-chapter-405/ HTTP/1.1" 200 81738 "-" "Mozilla/5.0 (Linux; Android 6.0.1; Nexus 5X Build/MMB29P) AppleWebKit/537.36 (KHTML, like Gecko) Chrome/136.0.7103.113 Mobile Safari/537.36 (compatible; Googlebot/2.1; +http://www.google.com/bot.html)"
162.0.232.193 - - [17/Jun/2025:16:24:13 -0400] "POST /wp-cron.php?doing_wp_cron=1750191852.9102029800415039062500 HTTP/1.1" 200 0 "-" "WordPress/6.8.1; https://read11.windbreakermanga.com"
66.249.77.198 - - [17/Jun/2025:16:24:13 -0400] "GET /products/xk/letts/5146112 HTTP/1.1" 200 81209 "-" "Mozilla/5.0 (Linux; Android 6.0.1; Nexus 5X Build/MMB29P) AppleWebKit/537.36 (KHTML, like Gecko) Chrome/136.0.7103.113 Mobile Safari/537.36 (compatible; Googlebot/2.1; +http://www.google.com/bot.html)"
66.249.77.197 - - [17/Jun/2025:16:24:15 -0400] "GET /shopping5249780 HTTP/1.1" 200 80995 "-" "Mozilla/5.0 (Linux; Android 6.0.1; Nexus 5X Build/MMB29P) AppleWebKit/537.36 (KHTML, like Gecko) Chrome/136.0.7103.113 Mobile Safari/537.36 (compatible; Googlebot/2.1; +http://www.google.com/bot.html)"
66.249.77.197 - - [17/Jun/2025:16:24:16 -0400] "GET /goodscode/s/shortsighted/526740 HTTP/1.1" 200 81334 "-" "Mozilla/5.0 (Linux; Android 6.0.1; Nexus 5X Build/MMB29P) AppleWebKit/537.36 (KHTML, like Gecko) Chrome/136.0.7103.113 Mobile Safari/537.36 (compatible; Googlebot/2.1; +http://www.google.com/bot.html)"
47.82.61.167 - - [17/Jun/2025:16:24:16 -0400] "GET /wind-breaker-chapter-498/ HTTP/1.1" 200 11987 "https://read11.windbreakermanga.com/wind-breaker-chapter-498/" "Mozilla/5.0 (Windows NT 10.0; Win64; x64) AppleWebKit/537.36 (KHTML, like Gecko) Chrome/114.0.0.0 Safari/537.36 Edg/114.0.1823.43"
162.0.232.193 - - [17/Jun/2025:16:24:22 -0400] "POST /wp-cron.php?doing_wp_cron=1750191862.0870099067687988281250 HTTP/1.1" 200 0 "-" "WordPress/6.8.1; https://read11.windbreakermanga.com"
162.0.232.193 - - [17/Jun/2025:16:24:42 -0400] "POST /wp-cron.php?doing_wp_cron=1750191881.9967610836029052734375 HTTP/1.1" 200 0 "-" "WordPress/6.8.1; https://read11.windbreakermanga.com"
38.250.151.109 - - [17/Jun/2025:16:24:42 -0400] "GET /wind-breaker-chapter-474/ HTTP/1.1" 200 11956 "-" "Mozilla/5.0 (Windows NT 10.0; Win64; x64) AppleWebKit/537.36 (KHTML, like Gecko) Chrome/121.0.0.0 Safari/537.36 Edg/121.0.0.0"
47.82.61.123 - - [17/Jun/2025:16:24:55 -0400] "GET /wind-breaker-chapter-355/ HTTP/1.1" 200 11914 "https://read11.windbreakermanga.com/wind-breaker-chapter-355/" "Mozilla/5.0 (Windows NT 10.0; Win64; x64) AppleWebKit/537.36 (KHTML, like Gecko) Chrome/114.0.0.0 Safari/537.36 Edg/114.0.1823.43"
2a03:2880:f800:1a:: - - [17/Jun/2025:16:25:08 -0400] "GET /shopdetail/98173796 HTTP/1.1" 301 0 "-" "meta-externalagent/1.1 (+https://developers.facebook.com/docs/sharing/webmasters/crawler)"
178.115.67.224 - - [17/Jun/2025:16:25:03 -0400] "POST /wp-admin/admin-ajax.php HTTP/1.1" 200 61 "https://read11.windbreakermanga.com/wind-breaker-chapter-35/" "Mozilla/5.0 (Linux; Android 10; K) AppleWebKit/537.36 (KHTML, like Gecko) Chrome/137.0.0.0 Mobile Safari/537.36"
162.0.232.193 - - [17/Jun/2025:16:25:13 -0400] "POST /wp-cron.php?doing_wp_cron=1750191913.3842890262603759765625 HTTP/1.1" 200 0 "-" "WordPress/6.8.1; https://read11.windbreakermanga.com"
162.0.232.193 - - [17/Jun/2025:16:25:21 -0400] "GET /wp-content/uploads/f979bbbcbe9df560cb74049269d2541e_4104.xml HTTP/1.1" 200 2276 "-" "Mozilla/5.0 (X11; Linux x86_64) AppleWebKit/537.36 (KHTML, like Gecko) Ubuntu Chromium/41.0.2272.76"
162.0.232.193 - - [17/Jun/2025:16:26:17 -0400] "POST /wp-cron.php?doing_wp_cron=1750191977.2837090492248535156250 HTTP/1.1" 200 0 "-" "WordPress/6.8.1; https://read11.windbreakermanga.com"
162.0.232.193 - - [17/Jun/2025:16:26:21 -0400] "POST /wp-cron.php?doing_wp_cron=1750191980.9729149341583251953125 HTTP/1.1" 200 0 "-" "WordPress/6.8.1; https://read11.windbreakermanga.com"
47.82.60.89 - - [17/Jun/2025:16:26:27 -0400] "GET /category/wind-breaker-webtoon/page/52/ HTTP/1.1" 200 12273 "https://read11.windbreakermanga.com/category/wind-breaker-webtoon/page/52/" "Mozilla/5.0 (Windows NT 10.0; Win64; x64) AppleWebKit/537.36 (KHTML, like Gecko) Chrome/114.0.0.0 Safari/537.36 Edg/114.0.1823.43"
162.0.232.193 - - [17/Jun/2025:16:26:42 -0400] "POST /wp-cron.php?doing_wp_cron=1750192002.0824890136718750000000 HTTP/1.1" 200 0 "-" "WordPress/6.8.1; https://read11.windbreakermanga.com"
162.0.232.193 - - [17/Jun/2025:16:27:14 -0400] "POST /wp-cron.php?doing_wp_cron=1750192034.5730829238891601562500 HTTP/1.1" 200 0 "-" "WordPress/6.8.1; https://read11.windbreakermanga.com"
178.115.67.224 - - [17/Jun/2025:16:27:24 -0400] "GET /wind-breaker-chapter-36/ HTTP/1.1" 200 12259 "-" "Mozilla/5.0 (Linux; Android 10; K) AppleWebKit/537.36 (KHTML, like Gecko) Chrome/137.0.0.0 Mobile Safari/537.36"
162.0.232.193 - - [17/Jun/2025:16:27:24 -0400] "POST /wp-cron.php?doing_wp_cron=1750192044.4813621044158935546875 HTTP/1.1" 200 0 "-" "WordPress/6.8.1; https://read11.windbreakermanga.com"
178.115.67.224 - - [17/Jun/2025:16:27:25 -0400] "GET /wp-includes/js/jquery/jquery.min.js?ver=3.7.1 HTTP/1.1" 200 29744 "https://read11.windbreakermanga.com/wind-breaker-chapter-36/" "Mozilla/5.0 (Linux; Android 10; K) AppleWebKit/537.36 (KHTML, like Gecko) Chrome/137.0.0.0 Mobile Safari/537.36"
178.115.67.224 - - [17/Jun/2025:16:27:25 -0400] "GET /wp-includes/js/jquery/jquery-migrate.min.js?ver=3.4.1 HTTP/1.1" 304 0 "https://read11.windbreakermanga.com/wind-breaker-chapter-36/" "Mozilla/5.0 (Linux; Android 10; K) AppleWebKit/537.36 (KHTML, like Gecko) Chrome/137.0.0.0 Mobile Safari/537.36"
178.115.67.224 - - [17/Jun/2025:16:27:25 -0400] "GET /wp-content/cache/min/1/wp-content/plugins/wp-automatic/js/main-front.js?ver=1746140935 HTTP/1.1" 304 0 "https://read11.windbreakermanga.com/wind-breaker-chapter-36/" "Mozilla/5.0 (Linux; Android 10; K) AppleWebKit/537.36 (KHTML, like Gecko) Chrome/137.0.0.0 Mobile Safari/537.36"
178.115.67.224 - - [17/Jun/2025:16:27:26 -0400] "GET /wp-content/cache/min/1/wp-content/plugins/comic-easel/js/keynav.js?ver=1746140519 HTTP/1.1" 304 0 "https://read11.windbreakermanga.com/wind-breaker-chapter-36/" "Mozilla/5.0 (Linux; Android 10; K) AppleWebKit/537.36 (KHTML, like Gecko) Chrome/137.0.0.0 Mobile Safari/537.36"
178.115.67.224 - - [17/Jun/2025:16:27:26 -0400] "GET /wp-content/cache/min/1/wp-content/plugins/disqus-comment-system/public/js/comment_count.js?ver=1746140935 HTTP/1.1" 304 0 "https://read11.windbreakermanga.com/wind-breaker-chapter-36/" "Mozilla/5.0 (Linux; Android 10; K) AppleWebKit/537.36 (KHTML, like Gecko) Chrome/137.0.0.0 Mobile Safari/537.36"
178.115.67.224 - - [17/Jun/2025:16:27:26 -0400] "GET /wp-content/cache/min/1/wp-content/plugins/disqus-comment-system/public/js/comment_embed.js?ver=1746140935 HTTP/1.1" 304 0 "https://read11.windbreakermanga.com/wind-breaker-chapter-36/" "Mozilla/5.0 (Linux; Android 10; K) AppleWebKit/537.36 (KHTML, like Gecko) Chrome/137.0.0.0 Mobile Safari/537.36"
178.115.67.224 - - [17/Jun/2025:16:27:26 -0400] "GET /wp-content/themes/toivo-lite/js/functions.min.js?ver=1.2.0 HTTP/1.1" 304 0 "https://read11.windbreakermanga.com/wind-breaker-chapter-36/" "Mozilla/5.0 (Linux; Android 10; K) AppleWebKit/537.36 (KHTML, like Gecko) Chrome/137.0.0.0 Mobile Safari/537.36"
178.115.67.224 - - [17/Jun/2025:16:27:26 -0400] "GET /wp-content/themes/toivo-lite/js/settings.min.js?ver=1.2.0 HTTP/1.1" 304 0 "https://read11.windbreakermanga.com/wind-breaker-chapter-36/" "Mozilla/5.0 (Linux; Android 10; K) AppleWebKit/537.36 (KHTML, like Gecko) Chrome/137.0.0.0 Mobile Safari/537.36"
178.115.67.224 - - [17/Jun/2025:16:27:26 -0400] "GET /wp-content/plugins/wp-rocket/assets/js/wpr-beacon.min.js HTTP/1.1" 200 3530 "https://read11.windbreakermanga.com/wind-breaker-chapter-36/" "Mozilla/5.0 (Linux; Android 10; K) AppleWebKit/537.36 (KHTML, like Gecko) Chrome/137.0.0.0 Mobile Safari/537.36"
178.115.67.224 - - [17/Jun/2025:16:27:26 -0400] "GET /wp-content/plugins/simple-social-buttons/assets/js/frontend-blocks.js?ver=6.1.0 HTTP/1.1" 304 0 "https://read11.windbreakermanga.com/wind-breaker-chapter-36/" "Mozilla/5.0 (Linux; Android 10; K) AppleWebKit/537.36 (KHTML, like Gecko) Chrome/137.0.0.0 Mobile Safari/537.36"
178.115.67.224 - - [17/Jun/2025:16:27:26 -0400] "GET /wp-content/cache/min/1/wp-content/plugins/simple-social-buttons/assets/js/front.js?ver=1746140519 HTTP/1.1" 304 0 "https://read11.windbreakermanga.com/wind-breaker-chapter-36/" "Mozilla/5.0 (Linux; Android 10; K) AppleWebKit/537.36 (KHTML, like Gecko) Chrome/137.0.0.0 Mobile Safari/537.36"
178.115.67.224 - - [17/Jun/2025:16:27:26 -0400] "GET /wp-content/themes/toivo-lite/js/responsive-nav.min.js?ver=1.2.0 HTTP/1.1" 200 2102 "https://read11.windbreakermanga.com/wind-breaker-chapter-36/" "Mozilla/5.0 (Linux; Android 10; K) AppleWebKit/537.36 (KHTML, like Gecko) Chrome/137.0.0.0 Mobile Safari/537.36"
178.115.67.224 - - [17/Jun/2025:16:27:26 -0400] "GET /wp-includes/js/comment-reply.min.js?ver=6.8.1 HTTP/1.1" 304 0 "https://read11.windbreakermanga.com/wind-breaker-chapter-36/" "Mozilla/5.0 (Linux; Android 10; K) AppleWebKit/537.36 (KHTML, like Gecko) Chrome/137.0.0.0 Mobile Safari/537.36"
178.115.67.224 - - [17/Jun/2025:16:27:26 -0400] "POST /wp-admin/admin-ajax.php HTTP/1.1" 200 61 "https://read11.windbreakermanga.com/wind-breaker-chapter-36/" "Mozilla/5.0 (Linux; Android 10; K) AppleWebKit/537.36 (KHTML, like Gecko) Chrome/137.0.0.0 Mobile Safari/537.36"
47.82.60.16 - - [17/Jun/2025:16:27:36 -0400] "GET /wind-breaker-chapter-353/ HTTP/1.1" 200 11949 "https://read11.windbreakermanga.com/wind-breaker-chapter-353/" "Mozilla/5.0 (Windows NT 10.0; Win64; x64) AppleWebKit/537.36 (KHTML, like Gecko) Chrome/114.0.0.0 Safari/537.36 Edg/114.0.1823.43"
162.0.232.193 - - [17/Jun/2025:16:27:42 -0400] "POST /wp-cron.php?doing_wp_cron=1750192061.6829309463500976562500 HTTP/1.1" 200 0 "-" "WordPress/6.8.1; https://read11.windbreakermanga.com"
162.0.232.193 - - [17/Jun/2025:16:28:12 -0400] "POST /wp-cron.php?doing_wp_cron=1750192092.0929639339447021484375 HTTP/1.1" 200 0 "-" "WordPress/6.8.1; https://read11.windbreakermanga.com"
162.0.232.193 - - [17/Jun/2025:16:28:22 -0400] "POST /wp-cron.php?doing_wp_cron=1750192101.5818750858306884765625 HTTP/1.1" 200 0 "-" "WordPress/6.8.1; https://read11.windbreakermanga.com"
47.82.61.116 - - [17/Jun/2025:16:28:26 -0400] "GET /wind-breaker-chapter-183/ HTTP/1.1" 200 12306 "https://read11.windbreakermanga.com/wind-breaker-chapter-183/" "Mozilla/5.0 (Windows NT 10.0; Win64; x64) AppleWebKit/537.36 (KHTML, like Gecko) Chrome/114.0.0.0 Safari/537.36 Edg/114.0.1823.43"
162.0.232.193 - - [17/Jun/2025:16:28:41 -0400] "POST /wp-cron.php?doing_wp_cron=1750192121.2803299427032470703125 HTTP/1.1" 200 0 "-" "WordPress/6.8.1; https://read11.windbreakermanga.com"
47.82.61.131 - - [17/Jun/2025:16:29:12 -0400] "GET /category/wind-breaker-manhwa/page/50/ HTTP/1.1" 200 12407 "https://read11.windbreakermanga.com/category/wind-breaker-manhwa/page/50/" "Mozilla/5.0 (Windows NT 10.0; Win64; x64) AppleWebKit/537.36 (KHTML, like Gecko) Chrome/114.0.0.0 Safari/537.36 Edg/114.0.1823.43"
162.0.232.193 - - [17/Jun/2025:16:29:13 -0400] "POST /wp-cron.php?doing_wp_cron=1750192152.9739859104156494140625 HTTP/1.1" 200 0 "-" "WordPress/6.8.1; https://read11.windbreakermanga.com"
162.0.232.193 - - [17/Jun/2025:16:29:13 -0400] "POST /wp-cron.php?doing_wp_cron=1750192152.9756379127502441406250 HTTP/1.1" 200 0 "-" "WordPress/6.8.1; https://read11.windbreakermanga.com"
47.82.61.142 - - [17/Jun/2025:16:29:17 -0400] "GET /wind-breaker-chapter-79/ HTTP/1.1" 200 12245 "https://read11.windbreakermanga.com/wind-breaker-chapter-79/" "Mozilla/5.0 (Windows NT 10.0; Win64; x64) AppleWebKit/537.36 (KHTML, like Gecko) Chrome/114.0.0.0 Safari/537.36 Edg/114.0.1823.43"
162.0.232.193 - - [17/Jun/2025:16:29:20 -0400] "GET /wp-content/uploads/f979bbbcbe9df560cb74049269d2541e_4104.xml HTTP/1.1" 200 2533 "-" "Mozilla/5.0 (X11; Linux x86_64) AppleWebKit/537.36 (KHTML, like Gecko) Ubuntu Chromium/41.0.2272.76"
47.82.61.141 - - [17/Jun/2025:16:29:24 -0400] "GET /wind-breaker-chapter-65-5/ HTTP/1.1" 200 11908 "https://read11.windbreakermanga.com/wind-breaker-chapter-65-5/" "Mozilla/5.0 (Windows NT 10.0; Win64; x64) AppleWebKit/537.36 (KHTML, like Gecko) Chrome/114.0.0.0 Safari/537.36 Edg/114.0.1823.43"
47.82.61.102 - - [17/Jun/2025:16:29:47 -0400] "GET /wind-breaker-chapter-60/ HTTP/1.1" 200 12172 "https://read11.windbreakermanga.com/wind-breaker-chapter-60/" "Mozilla/5.0 (Windows NT 10.0; Win64; x64) AppleWebKit/537.36 (KHTML, like Gecko) Chrome/114.0.0.0 Safari/537.36 Edg/114.0.1823.43"
178.115.67.224 - - [17/Jun/2025:16:29:49 -0400] "GET /wind-breaker-chapter-37/ HTTP/1.1" 200 12107 "-" "Mozilla/5.0 (Linux; Android 10; K) AppleWebKit/537.36 (KHTML, like Gecko) Chrome/137.0.0.0 Mobile Safari/537.36"
178.115.67.224 - - [17/Jun/2025:16:29:49 -0400] "POST /wp-admin/admin-ajax.php HTTP/1.1" 200 61 "https://read11.windbreakermanga.com/wind-breaker-chapter-37/" "Mozilla/5.0 (Linux; Android 10; K) AppleWebKit/537.36 (KHTML, like Gecko) Chrome/137.0.0.0 Mobile Safari/537.36"
43.166.237.57 - - [17/Jun/2025:16:30:10 -0400] "GET /wind-breaker-chapter-176/ HTTP/1.1" 200 12353 "-" "Mozilla/5.0 (iPhone; CPU iPhone OS 13_2_3 like Mac OS X) AppleWebKit/605.1.15 (KHTML, like Gecko) Version/13.0.3 Mobile/15E148 Safari/604.1"
2a03:2880:f800:e:: - - [17/Jun/2025:16:30:06 -0400] "GET /sitemap_index.xml HTTP/1.1" 200 317 "-" "meta-externalagent/1.1 (+https://developers.facebook.com/docs/sharing/webmasters/crawler)"
157.55.39.11 - - [17/Jun/2025:16:30:10 -0400] "GET /wind-breaker-chapter-549/ HTTP/1.1" 200 81544 "-" "Mozilla/5.0 AppleWebKit/537.36 (KHTML, like Gecko; compatible; bingbot/2.0; +http://www.bing.com/bingbot.htm) Chrome/116.0.1938.76 Safari/537.36"
162.0.232.193 - - [17/Jun/2025:16:30:14 -0400] "POST /wp-cron.php?doing_wp_cron=1750192214.0952630043029785156250 HTTP/1.1" 200 0 "-" "WordPress/6.8.1; https://read11.windbreakermanga.com"
162.0.232.193 - - [17/Jun/2025:16:30:15 -0400] "POST /wp-cron.php?doing_wp_cron=1750192214.7925460338592529296875 HTTP/1.1" 200 0 "-" "WordPress/6.8.1; https://read11.windbreakermanga.com"
162.0.232.193 - - [17/Jun/2025:16:30:18 -0400] "POST /wp-cron.php?doing_wp_cron=1750192217.9008929729461669921875 HTTP/1.1" 200 0 "-" "WordPress/6.8.1; https://read11.windbreakermanga.com"
47.82.61.102 - - [17/Jun/2025:16:30:27 -0400] "GET /wind-breaker-chapter-493/ HTTP/1.1" 200 11952 "https://read11.windbreakermanga.com/wind-breaker-chapter-493/" "Mozilla/5.0 (Windows NT 10.0; Win64; x64) AppleWebKit/537.36 (KHTML, like Gecko) Chrome/114.0.0.0 Safari/537.36 Edg/114.0.1823.43"
47.82.60.134 - - [17/Jun/2025:16:30:33 -0400] "GET /wind-breaker-chapter-505/ HTTP/1.1" 200 11190 "https://read11.windbreakermanga.com/wind-breaker-chapter-505/" "Mozilla/5.0 (Windows NT 10.0; Win64; x64) AppleWebKit/537.36 (KHTML, like Gecko) Chrome/114.0.0.0 Safari/537.36 Edg/114.0.1823.43"
47.82.61.113 - - [17/Jun/2025:16:30:36 -0400] "GET /wind-breaker-chapter-41/ HTTP/1.1" 200 12280 "https://read11.windbreakermanga.com/wind-breaker-chapter-41/" "Mozilla/5.0 (Windows NT 10.0; Win64; x64) AppleWebKit/537.36 (KHTML, like Gecko) Chrome/114.0.0.0 Safari/537.36 Edg/114.0.1823.43"
162.0.232.193 - - [17/Jun/2025:16:30:42 -0400] "POST /wp-cron.php?doing_wp_cron=1750192241.6726140975952148437500 HTTP/1.1" 200 0 "-" "WordPress/6.8.1; https://read11.windbreakermanga.com"
47.82.61.140 - - [17/Jun/2025:16:30:43 -0400] "GET /wind-breaker-chapter-46/ HTTP/1.1" 200 12232 "https://read11.windbreakermanga.com/wind-breaker-chapter-46/" "Mozilla/5.0 (Windows NT 10.0; Win64; x64) AppleWebKit/537.36 (KHTML, like Gecko) Chrome/114.0.0.0 Safari/537.36 Edg/114.0.1823.43"
47.82.61.247 - - [17/Jun/2025:16:30:47 -0400] "GET /wind-breaker-chapter-137/ HTTP/1.1" 200 12273 "https://read11.windbreakermanga.com/wind-breaker-chapter-137/" "Mozilla/5.0 (Windows NT 10.0; Win64; x64) AppleWebKit/537.36 (KHTML, like Gecko) Chrome/114.0.0.0 Safari/537.36 Edg/114.0.1823.43"
162.0.232.193 - - [17/Jun/2025:16:31:12 -0400] "POST /wp-cron.php?doing_wp_cron=1750192271.7799079418182373046875 HTTP/1.1" 200 0 "-" "WordPress/6.8.1; https://read11.windbreakermanga.com"
2a03:2880:f800:18:: - - [17/Jun/2025:16:31:12 -0400] "GET /shopdetail/98209932 HTTP/1.1" 301 0 "-" "meta-externalagent/1.1 (+https://developers.facebook.com/docs/sharing/webmasters/crawler)"
162.0.232.193 - - [17/Jun/2025:16:31:21 -0400] "POST /wp-cron.php?doing_wp_cron=1750192281.0885210037231445312500 HTTP/1.1" 200 0 "-" "WordPress/6.8.1; https://read11.windbreakermanga.com"
162.0.232.193 - - [17/Jun/2025:16:31:25 -0400] "POST /wp-cron.php?doing_wp_cron=1750192284.7963159084320068359375 HTTP/1.1" 200 0 "-" "WordPress/6.8.1; https://read11.windbreakermanga.com"
178.115.67.224 - - [17/Jun/2025:16:31:32 -0400] "GET /wind-breaker-chapter-38/ HTTP/1.1" 200 12252 "-" "Mozilla/5.0 (Linux; Android 10; K) AppleWebKit/537.36 (KHTML, like Gecko) Chrome/137.0.0.0 Mobile Safari/537.36"
178.115.67.224 - - [17/Jun/2025:16:31:34 -0400] "POST /wp-admin/admin-ajax.php HTTP/1.1" 200 61 "https://read11.windbreakermanga.com/wind-breaker-chapter-38/" "Mozilla/5.0 (Linux; Android 10; K) AppleWebKit/537.36 (KHTML, like Gecko) Chrome/137.0.0.0 Mobile Safari/537.36"
2a03:2880:f800:d:: - - [17/Jun/2025:16:32:00 -0400] "GET /shopdetail/98191560 HTTP/1.1" 301 0 "-" "meta-externalagent/1.1 (+https://developers.facebook.com/docs/sharing/webmasters/crawler)"
162.0.232.193 - - [17/Jun/2025:16:32:25 -0400] "POST /wp-cron.php?doing_wp_cron=1750192344.8774669170379638671875 HTTP/1.1" 200 0 "-" "WordPress/6.8.1; https://read11.windbreakermanga.com"
162.0.232.193 - - [17/Jun/2025:16:32:27 -0400] "POST /wp-cron.php?doing_wp_cron=1750192346.5916259288787841796875 HTTP/1.1" 200 0 "-" "WordPress/6.8.1; https://read11.windbreakermanga.com"
162.0.232.193 - - [17/Jun/2025:16:32:27 -0400] "POST /wp-cron.php?doing_wp_cron=1750192346.7110240459442138671875 HTTP/1.1" 200 0 "-" "WordPress/6.8.1; https://read11.windbreakermanga.com"
162.0.232.193 - - [17/Jun/2025:16:32:42 -0400] "POST /wp-cron.php?doing_wp_cron=1750192362.2745969295501708984375 HTTP/1.1" 200 0 "-" "WordPress/6.8.1; https://read11.windbreakermanga.com"
47.82.62.102 - - [17/Jun/2025:16:32:41 -0400] "GET /chapter-427/ HTTP/1.1" 200 11099 "https://read11.windbreakermanga.com/chapter-427/" "Mozilla/5.0 (Windows NT 10.0; Win64; x64) AppleWebKit/537.36 (KHTML, like Gecko) Chrome/114.0.0.0 Safari/537.36 Edg/114.0.1823.43"
2a03:2880:f800:14:: - - [17/Jun/2025:16:32:39 -0400] "GET /shopdetail/98225688 HTTP/1.1" 301 0 "-" "meta-externalagent/1.1 (+https://developers.facebook.com/docs/sharing/webmasters/crawler)"
47.82.61.150 - - [17/Jun/2025:16:32:59 -0400] "GET /category/manga/page/49/ HTTP/1.1" 200 12178 "https://read11.windbreakermanga.com/category/manga/page/49/" "Mozilla/5.0 (Windows NT 10.0; Win64; x64) AppleWebKit/537.36 (KHTML, like Gecko) Chrome/114.0.0.0 Safari/537.36 Edg/114.0.1823.43"
2a03:2880:f800:6:: - - [17/Jun/2025:16:33:07 -0400] "GET / HTTP/1.1" 200 12660 "-" "meta-externalagent/1.1 (+https://developers.facebook.com/docs/sharing/webmasters/crawler)"
162.0.232.193 - - [17/Jun/2025:16:33:12 -0400] "POST /wp-cron.php?doing_wp_cron=1750192391.8767108917236328125000 HTTP/1.1" 200 0 "-" "WordPress/6.8.1; https://read11.windbreakermanga.com"
162.0.232.193 - - [17/Jun/2025:16:33:12 -0400] "POST /wp-cron.php?doing_wp_cron=1750192391.7069139480590820312500 HTTP/1.1" 200 0 "-" "WordPress/6.8.1; https://read11.windbreakermanga.com"
162.0.232.193 - - [17/Jun/2025:16:33:22 -0400] "GET /wp-content/uploads/f979bbbcbe9df560cb74049269d2541e_4104.xml HTTP/1.1" 200 2276 "-" "Mozilla/5.0 (X11; Linux x86_64) AppleWebKit/537.36 (KHTML, like Gecko) Ubuntu Chromium/41.0.2272.76"
2a03:2880:f800:6:: - - [17/Jun/2025:16:33:28 -0400] "GET /shopdetail/98232540 HTTP/1.1" 301 0 "-" "meta-externalagent/1.1 (+https://developers.facebook.com/docs/sharing/webmasters/crawler)"
162.0.232.193 - - [17/Jun/2025:16:33:33 -0400] "POST /wp-cron.php?doing_wp_cron=1750192411.8864750862121582031250 HTTP/1.1" 200 0 "-" "WordPress/6.8.1; https://read11.windbreakermanga.com"
47.82.60.126 - - [17/Jun/2025:16:33:40 -0400] "GET /wind-breaker-chapter-350/ HTTP/1.1" 200 11315 "https://read11.windbreakermanga.com/wind-breaker-chapter-350/" "Mozilla/5.0 (Windows NT 10.0; Win64; x64) AppleWebKit/537.36 (KHTML, like Gecko) Chrome/114.0.0.0 Safari/537.36 Edg/114.0.1823.43"
162.0.232.193 - - [17/Jun/2025:16:33:43 -0400] "POST /wp-cron.php?doing_wp_cron=1750192422.4818849563598632812500 HTTP/1.1" 200 0 "-" "WordPress/6.8.1; https://read11.windbreakermanga.com"
2a03:2880:f800:b:: - - [17/Jun/2025:16:33:53 -0400] "GET /chapter-237/ HTTP/1.1" 200 11098 "-" "meta-externalagent/1.1 (+https://developers.facebook.com/docs/sharing/webmasters/crawler)"
114.119.135.251 - - [17/Jun/2025:16:34:06 -0400] "GET / HTTP/1.1" 200 12638 "https://read8.windbreakermanga.com/wind-breaker/page/41/" "Mozilla/5.0 (Linux; Android 7.0;) AppleWebKit/537.36 (KHTML, like Gecko) Mobile Safari/537.36 (compatible; PetalBot;+https://webmaster.petalsearch.com/site/petalbot)"
162.0.232.193 - - [17/Jun/2025:16:34:11 -0400] "POST /wp-cron.php?doing_wp_cron=1750192451.5820860862731933593750 HTTP/1.1" 200 0 "-" "WordPress/6.8.1; https://read11.windbreakermanga.com"
2a03:2880:f800:8:: - - [17/Jun/2025:16:34:06 -0400] "GET /shopdetail/98218992 HTTP/1.1" 301 0 "-" "meta-externalagent/1.1 (+https://developers.facebook.com/docs/sharing/webmasters/crawler)"
47.82.61.143 - - [17/Jun/2025:16:34:13 -0400] "GET /category/wind-breaker-manga/page/6/ HTTP/1.1" 200 13041 "https://read11.windbreakermanga.com/category/wind-breaker-manga/page/6/" "Mozilla/5.0 (Windows NT 10.0; Win64; x64) AppleWebKit/537.36 (KHTML, like Gecko) Chrome/114.0.0.0 Safari/537.36 Edg/114.0.1823.43"
2a03:2880:f800:17:: - - [17/Jun/2025:16:34:12 -0400] "GET /shopdetail/98238736 HTTP/1.1" 301 0 "-" "meta-externalagent/1.1 (+https://developers.facebook.com/docs/sharing/webmasters/crawler)"
162.0.232.193 - - [17/Jun/2025:16:34:23 -0400] "POST /wp-cron.php?doing_wp_cron=1750192463.1792020797729492187500 HTTP/1.1" 200 0 "-" "WordPress/6.8.1; https://read11.windbreakermanga.com"
47.82.60.144 - - [17/Jun/2025:16:34:28 -0400] "GET /chapter-412/ HTTP/1.1" 200 11098 "https://read11.windbreakermanga.com/chapter-412/" "Mozilla/5.0 (Windows NT 10.0; Win64; x64) AppleWebKit/537.36 (KHTML, like Gecko) Chrome/114.0.0.0 Safari/537.36 Edg/114.0.1823.43"
17.241.227.131 - - [17/Jun/2025:16:34:29 -0400] "GET /wind-breaker-chapter-350/ HTTP/1.1" 200 11263 "-" "Mozilla/5.0 (Macintosh; Intel Mac OS X 10_15_7) AppleWebKit/605.1.15 (KHTML, like Gecko) Version/17.4 Safari/605.1.15 (Applebot/0.1; +http://www.apple.com/go/applebot)"
162.0.232.193 - - [17/Jun/2025:16:34:42 -0400] "POST /wp-cron.php?doing_wp_cron=1750192481.8808779716491699218750 HTTP/1.1" 200 0 "-" "WordPress/6.8.1; https://read11.windbreakermanga.com"
47.82.62.28 - - [17/Jun/2025:16:34:44 -0400] "GET /category/wind-breaker-manhwa/page/51/ HTTP/1.1" 200 12387 "https://read11.windbreakermanga.com/category/wind-breaker-manhwa/page/51/" "Mozilla/5.0 (Windows NT 10.0; Win64; x64) AppleWebKit/537.36 (KHTML, like Gecko) Chrome/114.0.0.0 Safari/537.36 Edg/114.0.1823.43"
47.82.61.149 - - [17/Jun/2025:16:35:03 -0400] "GET /wind-breaker-chapter-490/ HTTP/1.1" 200 12103 "https://read11.windbreakermanga.com/wind-breaker-chapter-490/" "Mozilla/5.0 (Windows NT 10.0; Win64; x64) AppleWebKit/537.36 (KHTML, like Gecko) Chrome/114.0.0.0 Safari/537.36 Edg/114.0.1823.43"
162.0.232.193 - - [17/Jun/2025:16:35:12 -0400] "POST /wp-cron.php?doing_wp_cron=1750192512.0789339542388916015625 HTTP/1.1" 200 0 "-" "WordPress/6.8.1; https://read11.windbreakermanga.com"
162.0.232.193 - - [17/Jun/2025:16:35:19 -0400] "POST /wp-cron.php?doing_wp_cron=1750192519.4800670146942138671875 HTTP/1.1" 200 0 "-" "WordPress/6.8.1; https://read11.windbreakermanga.com"
114.119.152.134 - - [17/Jun/2025:16:35:36 -0400] "GET / HTTP/1.1" 200 12638 "https://windbreakermanga.com/wp-content/uploads/2021/11/wbr-685x1024.jpeg" "Mozilla/5.0 (Linux; Android 7.0;) AppleWebKit/537.36 (KHTML, like Gecko) Mobile Safari/537.36 (compatible; PetalBot;+https://webmaster.petalsearch.com/site/petalbot)"
162.0.232.193 - - [17/Jun/2025:16:35:43 -0400] "POST /wp-cron.php?doing_wp_cron=1750192543.1803600788116455078125 HTTP/1.1" 200 0 "-" "WordPress/6.8.1; https://read11.windbreakermanga.com"
162.0.232.193 - - [17/Jun/2025:16:35:43 -0400] "POST /wp-cron.php?doing_wp_cron=1750192543.1784949302673339843750 HTTP/1.1" 200 0 "-" "WordPress/6.8.1; https://read11.windbreakermanga.com"
2a03:2880:f800:f:: - - [17/Jun/2025:16:35:43 -0400] "GET /shopdetail/98202672 HTTP/1.1" 301 0 "-" "meta-externalagent/1.1 (+https://developers.facebook.com/docs/sharing/webmasters/crawler)"
185.87.64.191 - - [17/Jun/2025:16:35:39 -0400] "POST /xmlrpc.php HTTP/1.1" 200 186 "https://read11.windbreakermanga.com" "Mozilla/5.0 (Macintosh; Intel Mac OS X 10_15_7) AppleWebKit/537.36 (KHTML, like Gecko) Chrome/116.0.5845.96 Safari/537.36"
47.82.61.210 - - [17/Jun/2025:16:35:55 -0400] "GET /wind-breaker-chapter-277/ HTTP/1.1" 200 12225 "https://read11.windbreakermanga.com/wind-breaker-chapter-277/" "Mozilla/5.0 (Windows NT 10.0; Win64; x64) AppleWebKit/537.36 (KHTML, like Gecko) Chrome/114.0.0.0 Safari/537.36 Edg/114.0.1823.43"
162.0.232.193 - - [17/Jun/2025:16:36:16 -0400] "POST /wp-cron.php?doing_wp_cron=1750192575.9843399524688720703125 HTTP/1.1" 200 0 "-" "WordPress/6.8.1; https://read11.windbreakermanga.com"
2a03:2880:f800:2:: - - [17/Jun/2025:16:36:34 -0400] "GET / HTTP/1.1" 200 12660 "-" "meta-externalagent/1.1 (+https://developers.facebook.com/docs/sharing/webmasters/crawler)"
162.0.232.193 - - [17/Jun/2025:16:36:43 -0400] "POST /wp-cron.php?doing_wp_cron=1750192602.6758530139923095703125 HTTP/1.1" 200 0 "-" "WordPress/6.8.1; https://read11.windbreakermanga.com"
162.0.232.193 - - [17/Jun/2025:16:37:11 -0400] "POST /wp-cron.php?doing_wp_cron=1750192631.4848051071166992187500 HTTP/1.1" 200 0 "-" "WordPress/6.8.1; https://read11.windbreakermanga.com"
162.0.232.193 - - [17/Jun/2025:16:37:18 -0400] "GET /wp-content/uploads/f979bbbcbe9df560cb74049269d2541e_4104.xml HTTP/1.1" 200 2276 "-" "Mozilla/5.0 (X11; Linux x86_64) AppleWebKit/537.36 (KHTML, like Gecko) Ubuntu Chromium/41.0.2272.76"
157.66.54.122 - - [17/Jun/2025:16:37:36 -0400] "GET /wp-includes/id3/license.txt/feed/ HTTP/1.1" 301 0 "-" "Mozilla/5.0 (Windows NT 10.0; Win64; x64) AppleWebKit/537.36 (KHTML, like Gecko) Chrome/95.0.4638.69 Safari/537.36"
157.66.54.122 - - [17/Jun/2025:16:37:40 -0400] "GET /wp-includes/id3/license.txt/xmlrpc.php?rsd HTTP/1.1" 301 0 "-" "Mozilla/5.0 (Windows NT 10.0; Win64; x64) AppleWebKit/537.36 (KHTML, like Gecko) Chrome/95.0.4638.69 Safari/537.36"
47.82.60.123 - - [17/Jun/2025:16:37:37 -0400] "GET /category/manga/page/19/ HTTP/1.1" 200 13199 "https://read11.windbreakermanga.com/category/manga/page/19/" "Mozilla/5.0 (Windows NT 10.0; Win64; x64) AppleWebKit/537.36 (KHTML, like Gecko) Chrome/114.0.0.0 Safari/537.36 Edg/114.0.1823.43"
157.66.54.122 - - [17/Jun/2025:16:37:45 -0400] "GET /wp-includes/id3/license.txt/blog/wp-includes/wlwmanifest.xml HTTP/1.1" 301 0 "-" "Mozilla/5.0 (Windows NT 10.0; Win64; x64) AppleWebKit/537.36 (KHTML, like Gecko) Chrome/95.0.4638.69 Safari/537.36"
157.66.54.122 - - [17/Jun/2025:16:37:50 -0400] "GET /wp-includes/id3/license.txt/web/wp-includes/wlwmanifest.xml HTTP/1.1" 301 0 "-" "Mozilla/5.0 (Windows NT 10.0; Win64; x64) AppleWebKit/537.36 (KHTML, like Gecko) Chrome/95.0.4638.69 Safari/537.36"
157.66.54.122 - - [17/Jun/2025:16:37:54 -0400] "GET /wp-includes/id3/license.txt/wordpress/wp-includes/wlwmanifest.xml HTTP/1.1" 301 0 "-" "Mozilla/5.0 (Windows NT 10.0; Win64; x64) AppleWebKit/537.36 (KHTML, like Gecko) Chrome/95.0.4638.69 Safari/537.36"
157.66.54.122 - - [17/Jun/2025:16:37:57 -0400] "GET /wp-includes/id3/license.txt/wp/wp-includes/wlwmanifest.xml HTTP/1.1" 301 0 "-" "Mozilla/5.0 (Windows NT 10.0; Win64; x64) AppleWebKit/537.36 (KHTML, like Gecko) Chrome/95.0.4638.69 Safari/537.36"
157.66.54.122 - - [17/Jun/2025:16:37:59 -0400] "GET /wp-includes/id3/license.txt/2020/wp-includes/wlwmanifest.xml HTTP/1.1" 301 0 "-" "Mozilla/5.0 (Windows NT 10.0; Win64; x64) AppleWebKit/537.36 (KHTML, like Gecko) Chrome/95.0.4638.69 Safari/537.36"
157.66.54.122 - - [17/Jun/2025:16:38:00 -0400] "GET /wp-includes/id3/license.txt/2019/wp-includes/wlwmanifest.xml HTTP/1.1" 301 0 "-" "Mozilla/5.0 (Windows NT 10.0; Win64; x64) AppleWebKit/537.36 (KHTML, like Gecko) Chrome/95.0.4638.69 Safari/537.36"
157.66.54.122 - - [17/Jun/2025:16:38:02 -0400] "GET /wp-includes/id3/license.txt/2021/wp-includes/wlwmanifest.xml HTTP/1.1" 301 0 "-" "Mozilla/5.0 (Windows NT 10.0; Win64; x64) AppleWebKit/537.36 (KHTML, like Gecko) Chrome/95.0.4638.69 Safari/537.36"
157.66.54.122 - - [17/Jun/2025:16:38:03 -0400] "GET /wp-includes/id3/license.txt/shop/wp-includes/wlwmanifest.xml HTTP/1.1" 301 0 "-" "Mozilla/5.0 (Windows NT 10.0; Win64; x64) AppleWebKit/537.36 (KHTML, like Gecko) Chrome/95.0.4638.69 Safari/537.36"
2a03:2880:f800:6:: - - [17/Jun/2025:16:38:03 -0400] "GET /shopdetail/98190188 HTTP/1.1" 301 0 "-" "meta-externalagent/1.1 (+https://developers.facebook.com/docs/sharing/webmasters/crawler)"
157.66.54.122 - - [17/Jun/2025:16:38:04 -0400] "GET /wp-includes/id3/license.txt/wp1/wp-includes/wlwmanifest.xml HTTP/1.1" 301 0 "-" "Mozilla/5.0 (Windows NT 10.0; Win64; x64) AppleWebKit/537.36 (KHTML, like Gecko) Chrome/95.0.4638.69 Safari/537.36"
157.66.54.122 - - [17/Jun/2025:16:38:05 -0400] "GET /wp-includes/id3/license.txt/test/wp-includes/wlwmanifest.xml HTTP/1.1" 301 0 "-" "Mozilla/5.0 (Windows NT 10.0; Win64; x64) AppleWebKit/537.36 (KHTML, like Gecko) Chrome/95.0.4638.69 Safari/537.36"
157.66.54.122 - - [17/Jun/2025:16:38:06 -0400] "GET /wp-includes/id3/license.txt/site/wp-includes/wlwmanifest.xml HTTP/1.1" 301 0 "-" "Mozilla/5.0 (Windows NT 10.0; Win64; x64) AppleWebKit/537.36 (KHTML, like Gecko) Chrome/95.0.4638.69 Safari/537.36"
157.66.54.122 - - [17/Jun/2025:16:38:07 -0400] "GET /wp-includes/id3/license.txt/cms/wp-includes/wlwmanifest.xml HTTP/1.1" 301 0 "-" "Mozilla/5.0 (Windows NT 10.0; Win64; x64) AppleWebKit/537.36 (KHTML, like Gecko) Chrome/95.0.4638.69 Safari/537.36"
162.0.232.193 - - [17/Jun/2025:16:38:16 -0400] "POST /wp-cron.php?doing_wp_cron=1750192696.1946690082550048828125 HTTP/1.1" 200 0 "-" "WordPress/6.8.1; https://read11.windbreakermanga.com"
162.0.232.193 - - [17/Jun/2025:16:38:19 -0400] "POST /wp-cron.php?doing_wp_cron=1750192699.2021310329437255859375 HTTP/1.1" 200 0 "-" "WordPress/6.8.1; https://read11.windbreakermanga.com"
114.119.152.134 - - [17/Jun/2025:16:38:19 -0400] "GET / HTTP/1.1" 200 12638 "https://read8.windbreakermanga.com/wind-breaker/wind-breaker-chapter-479/" "Mozilla/5.0 (Linux; Android 7.0;) AppleWebKit/537.36 (KHTML, like Gecko) Mobile Safari/537.36 (compatible; PetalBot;+https://webmaster.petalsearch.com/site/petalbot)"
47.82.60.148 - - [17/Jun/2025:16:38:28 -0400] "GET /wind-breaker-chapter-468/ HTTP/1.1" 200 11950 "https://read11.windbreakermanga.com/wind-breaker-chapter-468/" "Mozilla/5.0 (Windows NT 10.0; Win64; x64) AppleWebKit/537.36 (KHTML, like Gecko) Chrome/114.0.0.0 Safari/537.36 Edg/114.0.1823.43"
162.0.232.193 - - [17/Jun/2025:16:38:43 -0400] "POST /wp-cron.php?doing_wp_cron=1750192722.8911240100860595703125 HTTP/1.1" 200 0 "-" "WordPress/6.8.1; https://read11.windbreakermanga.com"
162.0.232.193 - - [17/Jun/2025:16:39:11 -0400] "POST /wp-cron.php?doing_wp_cron=1750192751.2784519195556640625000 HTTP/1.1" 200 0 "-" "WordPress/6.8.1; https://read11.windbreakermanga.com"
162.0.232.193 - - [17/Jun/2025:16:39:21 -0400] "POST /wp-cron.php?doing_wp_cron=1750192760.9803628921508789062500 HTTP/1.1" 200 0 "-" "WordPress/6.8.1; https://read11.windbreakermanga.com"
2a03:2880:f800:6:: - - [17/Jun/2025:16:39:34 -0400] "GET /shopdetail/98181056 HTTP/1.1" 301 0 "-" "meta-externalagent/1.1 (+https://developers.facebook.com/docs/sharing/webmasters/crawler)"
2a03:2880:f800:: - - [17/Jun/2025:16:39:36 -0400] "GET /shopdetail/98211832 HTTP/1.1" 301 0 "-" "meta-externalagent/1.1 (+https://developers.facebook.com/docs/sharing/webmasters/crawler)"
114.119.151.50 - - [17/Jun/2025:16:39:39 -0400] "GET / HTTP/1.1" 200 12638 "https://read8.windbreakermanga.com/wind-breaker/page/19/" "Mozilla/5.0 (Linux; Android 7.0;) AppleWebKit/537.36 (KHTML, like Gecko) Mobile Safari/537.36 (compatible; PetalBot;+https://webmaster.petalsearch.com/site/petalbot)"
162.0.232.193 - - [17/Jun/2025:16:39:43 -0400] "POST /wp-cron.php?doing_wp_cron=1750192783.6184449195861816406250 HTTP/1.1" 200 0 "-" "WordPress/6.8.1; https://read11.windbreakermanga.com"
2a03:2880:f800:16:: - - [17/Jun/2025:16:40:03 -0400] "GET / HTTP/1.1" 200 12660 "-" "meta-externalagent/1.1 (+https://developers.facebook.com/docs/sharing/webmasters/crawler)"
162.0.232.193 - - [17/Jun/2025:16:40:13 -0400] "POST /wp-cron.php?doing_wp_cron=1750192813.3162300586700439453125 HTTP/1.1" 200 0 "-" "WordPress/6.8.1; https://read11.windbreakermanga.com"
47.82.60.144 - - [17/Jun/2025:16:40:14 -0400] "GET /category/wind-breaker-manga/page/5/ HTTP/1.1" 200 12882 "https://read11.windbreakermanga.com/category/wind-breaker-manga/page/5/" "Mozilla/5.0 (Windows NT 10.0; Win64; x64) AppleWebKit/537.36 (KHTML, like Gecko) Chrome/114.0.0.0 Safari/537.36 Edg/114.0.1823.43"
162.0.232.193 - - [17/Jun/2025:16:40:19 -0400] "POST /wp-cron.php?doing_wp_cron=1750192819.0946969985961914062500 HTTP/1.1" 200 0 "-" "WordPress/6.8.1; https://read11.windbreakermanga.com"
47.82.60.159 - - [17/Jun/2025:16:40:22 -0400] "GET /wind-breaker-chapter-50/ HTTP/1.1" 200 11475 "https://read11.windbreakermanga.com/wind-breaker-chapter-50/" "Mozilla/5.0 (Windows NT 10.0; Win64; x64) AppleWebKit/537.36 (KHTML, like Gecko) Chrome/114.0.0.0 Safari/537.36 Edg/114.0.1823.43"
2a03:2880:f800:17:: - - [17/Jun/2025:16:40:29 -0400] "GET / HTTP/1.1" 200 12660 "-" "meta-externalagent/1.1 (+https://developers.facebook.com/docs/sharing/webmasters/crawler)"
162.0.232.193 - - [17/Jun/2025:16:40:42 -0400] "POST /wp-cron.php?doing_wp_cron=1750192841.7775039672851562500000 HTTP/1.1" 200 0 "-" "WordPress/6.8.1; https://read11.windbreakermanga.com"
89.233.107.32 - - [17/Jun/2025:16:40:42 -0400] "GET /xmlrpc.php HTTP/1.1" 405 46 "https://read10.windbreakermanga.com" "Mozilla/5.0 (Windows NT 10.0; Win64; x64) AppleWebKit/537.36 (KHTML, like Gecko) Chrome/116.0.5845.96 Safari/537.36 Edg/116.0.1938.62"
47.82.60.24 - - [17/Jun/2025:16:40:48 -0400] "GET /wind-breaker-chapter-176/ HTTP/1.1" 200 12372 "https://read11.windbreakermanga.com/wind-breaker-chapter-176/" "Mozilla/5.0 (Windows NT 10.0; Win64; x64) AppleWebKit/537.36 (KHTML, like Gecko) Chrome/114.0.0.0 Safari/537.36 Edg/114.0.1823.43"
114.119.135.251 - - [17/Jun/2025:16:41:11 -0400] "GET / HTTP/1.1" 200 12638 "https://windbreakermanga.com/wp-content/uploads/2021/11/wbr-685x1024.jpeg" "Mozilla/5.0 (Linux; Android 7.0;) AppleWebKit/537.36 (KHTML, like Gecko) Mobile Safari/537.36 (compatible; PetalBot;+https://webmaster.petalsearch.com/site/petalbot)"
17.241.75.68 - - [17/Jun/2025:16:41:12 -0400] "GET /wind-breaker-chapter-549/ HTTP/1.1" 200 11661 "-" "Mozilla/5.0 (Macintosh; Intel Mac OS X 10_15_7) AppleWebKit/605.1.15 (KHTML, like Gecko) Version/17.4 Safari/605.1.15 (Applebot/0.1; +http://www.apple.com/go/applebot)"
162.0.232.193 - - [17/Jun/2025:16:41:12 -0400] "POST /wp-cron.php?doing_wp_cron=1750192872.3750140666961669921875 HTTP/1.1" 200 0 "-" "WordPress/6.8.1; https://read11.windbreakermanga.com"
47.82.60.132 - - [17/Jun/2025:16:41:15 -0400] "GET /wind-breaker-chapter-142/ HTTP/1.1" 200 12268 "https://read11.windbreakermanga.com/wind-breaker-chapter-142/" "Mozilla/5.0 (Windows NT 10.0; Win64; x64) AppleWebKit/537.36 (KHTML, like Gecko) Chrome/114.0.0.0 Safari/537.36 Edg/114.0.1823.43"
162.0.232.193 - - [17/Jun/2025:16:41:16 -0400] "GET /wp-content/uploads/f979bbbcbe9df560cb74049269d2541e_4104.xml HTTP/1.1" 200 2276 "-" "Mozilla/5.0 (X11; Linux x86_64) AppleWebKit/537.36 (KHTML, like Gecko) Ubuntu Chromium/41.0.2272.76"
2a03:2880:f800:10:: - - [17/Jun/2025:16:41:17 -0400] "GET / HTTP/1.1" 200 12660 "-" "meta-externalagent/1.1 (+https://developers.facebook.com/docs/sharing/webmasters/crawler)"
47.82.60.159 - - [17/Jun/2025:16:41:31 -0400] "GET /author/admin/page/56/ HTTP/1.1" 200 15220 "https://read11.windbreakermanga.com/author/admin/page/56/" "Mozilla/5.0 (Windows NT 10.0; Win64; x64) AppleWebKit/537.36 (KHTML, like Gecko) Chrome/114.0.0.0 Safari/537.36 Edg/114.0.1823.43"
47.82.60.16 - - [17/Jun/2025:16:41:40 -0400] "GET /chapter-411/ HTTP/1.1" 200 10757 "https://read11.windbreakermanga.com/chapter-411/" "Mozilla/5.0 (Windows NT 10.0; Win64; x64) AppleWebKit/537.36 (KHTML, like Gecko) Chrome/114.0.0.0 Safari/537.36 Edg/114.0.1823.43"
47.82.60.120 - - [17/Jun/2025:16:41:49 -0400] "GET /wind-breaker-chapter-49/ HTTP/1.1" 200 12240 "https://read11.windbreakermanga.com/wind-breaker-chapter-49/" "Mozilla/5.0 (Windows NT 10.0; Win64; x64) AppleWebKit/537.36 (KHTML, like Gecko) Chrome/114.0.0.0 Safari/537.36 Edg/114.0.1823.43"
47.82.62.104 - - [17/Jun/2025:16:42:00 -0400] "GET /category/wind-breaker-manga/page/8/ HTTP/1.1" 200 13182 "https://read11.windbreakermanga.com/category/wind-breaker-manga/page/8/" "Mozilla/5.0 (Windows NT 10.0; Win64; x64) AppleWebKit/537.36 (KHTML, like Gecko) Chrome/114.0.0.0 Safari/537.36 Edg/114.0.1823.43"
162.0.232.193 - - [17/Jun/2025:16:42:13 -0400] "POST /wp-cron.php?doing_wp_cron=1750192933.5885729789733886718750 HTTP/1.1" 200 0 "-" "WordPress/6.8.1; https://read11.windbreakermanga.com"
162.0.232.193 - - [17/Jun/2025:16:42:14 -0400] "POST /wp-cron.php?doing_wp_cron=1750192933.7789609432220458984375 HTTP/1.1" 200 0 "-" "WordPress/6.8.1; https://read11.windbreakermanga.com"
162.0.232.193 - - [17/Jun/2025:16:42:14 -0400] "POST /wp-cron.php?doing_wp_cron=1750192934.0052349567413330078125 HTTP/1.1" 200 0 "-" "WordPress/6.8.1; https://read11.windbreakermanga.com"
114.119.129.189 - - [17/Jun/2025:16:42:18 -0400] "GET / HTTP/1.1" 200 12638 "https://windbreakermanga.com/wp-content/uploads/2021/11/wbr-685x1024.jpeg" "Mozilla/5.0 (Linux; Android 7.0;) AppleWebKit/537.36 (KHTML, like Gecko) Mobile Safari/537.36 (compatible; PetalBot;+https://webmaster.petalsearch.com/site/petalbot)"
162.0.232.193 - - [17/Jun/2025:16:42:22 -0400] "POST /wp-cron.php?doing_wp_cron=1750192942.4176609516143798828125 HTTP/1.1" 200 0 "-" "WordPress/6.8.1; https://read11.windbreakermanga.com"
162.0.232.193 - - [17/Jun/2025:16:42:43 -0400] "POST /wp-cron.php?doing_wp_cron=1750192963.1804559230804443359375 HTTP/1.1" 200 0 "-" "WordPress/6.8.1; https://read11.windbreakermanga.com"
47.82.60.176 - - [17/Jun/2025:16:42:49 -0400] "GET /wind-breaker-chapter-293/ HTTP/1.1" 200 12831 "https://read11.windbreakermanga.com/wind-breaker-chapter-293/" "Mozilla/5.0 (Windows NT 10.0; Win64; x64) AppleWebKit/537.36 (KHTML, like Gecko) Chrome/114.0.0.0 Safari/537.36 Edg/114.0.1823.43"
2a03:2880:f800:14:: - - [17/Jun/2025:16:42:53 -0400] "GET /shopdetail/98195440 HTTP/1.1" 301 0 "-" "meta-externalagent/1.1 (+https://developers.facebook.com/docs/sharing/webmasters/crawler)"
2a03:2880:f800:12:: - - [17/Jun/2025:16:43:09 -0400] "GET /shopdetail/98234520 HTTP/1.1" 301 0 "-" "meta-externalagent/1.1 (+https://developers.facebook.com/docs/sharing/webmasters/crawler)"
162.0.232.193 - - [17/Jun/2025:16:43:13 -0400] "POST /wp-cron.php?doing_wp_cron=1750192993.1752650737762451171875 HTTP/1.1" 200 0 "-" "WordPress/6.8.1; https://read11.windbreakermanga.com"
162.0.232.193 - - [17/Jun/2025:16:43:20 -0400] "POST /wp-cron.php?doing_wp_cron=1750193000.5979170799255371093750 HTTP/1.1" 200 0 "-" "WordPress/6.8.1; https://read11.windbreakermanga.com"
2a03:2880:f800:1:: - - [17/Jun/2025:16:43:22 -0400] "GET /shopdetail/98190360 HTTP/1.1" 301 0 "-" "meta-externalagent/1.1 (+https://developers.facebook.com/docs/sharing/webmasters/crawler)"
47.82.62.28 - - [17/Jun/2025:16:43:36 -0400] "GET /category/manga/page/7/ HTTP/1.1" 200 12839 "https://read11.windbreakermanga.com/category/manga/page/7/" "Mozilla/5.0 (Windows NT 10.0; Win64; x64) AppleWebKit/537.36 (KHTML, like Gecko) Chrome/114.0.0.0 Safari/537.36 Edg/114.0.1823.43"
162.0.232.193 - - [17/Jun/2025:16:43:41 -0400] "POST /wp-cron.php?doing_wp_cron=1750193021.1929399967193603515625 HTTP/1.1" 200 0 "-" "WordPress/6.8.1; https://read11.windbreakermanga.com"
