Current File : /home/honehdyv/access-logs/read11.windbreakermanga.com-ssl_log
162.0.232.193 - - [17/Jun/2025:08:09:13 -0400] "POST /wp-cron.php?doing_wp_cron=1750162153.3841218948364257812500 HTTP/1.1" 200 0 "-" "WordPress/6.8.1; https://read11.windbreakermanga.com"
162.0.232.193 - - [17/Jun/2025:08:09:16 -0400] "GET /wp-content/uploads/f979bbbcbe9df560cb74049269d2541e_4104.xml HTTP/1.1" 200 2533 "-" "Mozilla/5.0 (X11; Linux x86_64) AppleWebKit/537.36 (KHTML, like Gecko) Ubuntu Chromium/41.0.2272.76"
114.119.129.189 - - [17/Jun/2025:08:09:46 -0400] "GET /category/manga/page/18/ HTTP/1.1" 200 13175 "https://read10.windbreakermanga.com/category/manga/page/18/" "Mozilla/5.0 (Linux; Android 7.0;) AppleWebKit/537.36 (KHTML, like Gecko) Mobile Safari/537.36 (compatible; PetalBot;+https://webmaster.petalsearch.com/site/petalbot)"
162.0.232.193 - - [17/Jun/2025:08:10:13 -0400] "POST /wp-cron.php?doing_wp_cron=1750162213.4873919486999511718750 HTTP/1.1" 200 0 "-" "WordPress/6.8.1; https://read11.windbreakermanga.com"
162.0.232.193 - - [17/Jun/2025:08:10:16 -0400] "GET /wind-breaker-chapter-525/ HTTP/1.1" 200 11659 "-" "WP Rocket/Preload"
162.0.232.193 - - [17/Jun/2025:08:10:22 -0400] "GET /wind-breaker-chapter-525/ HTTP/1.1" 200 0 "-" "WP Rocket/Preload Mozilla/5.0 (iPhone; CPU iPhone OS 9_1 like Mac OS X) AppleWebKit/601.1.46 (KHTML, like Gecko) Version/9.0 Mobile/13B143 Safari/601.1"
2a03:2880:f800:11:: - - [17/Jun/2025:08:10:21 -0400] "GET /shopdetail/98179048 HTTP/1.1" 301 0 "-" "meta-externalagent/1.1 (+https://developers.facebook.com/docs/sharing/webmasters/crawler)"
162.0.232.193 - - [17/Jun/2025:08:10:25 -0400] "POST /wp-cron.php?doing_wp_cron=1750162224.9059429168701171875000 HTTP/1.1" 200 0 "-" "WordPress/6.8.1; https://read11.windbreakermanga.com"
162.0.232.193 - - [17/Jun/2025:08:10:25 -0400] "GET /wind-breaker-chapter-505/ HTTP/1.1" 200 0 "-" "WP Rocket/Preload"
162.0.232.193 - - [17/Jun/2025:08:10:27 -0400] "GET /wind-breaker-chapter-505/ HTTP/1.1" 200 0 "-" "WP Rocket/Preload Mozilla/5.0 (iPhone; CPU iPhone OS 9_1 like Mac OS X) AppleWebKit/601.1.46 (KHTML, like Gecko) Version/9.0 Mobile/13B143 Safari/601.1"
162.0.232.193 - - [17/Jun/2025:08:10:28 -0400] "GET /wind-breaker-chapter-504/ HTTP/1.1" 200 0 "-" "WP Rocket/Preload"
162.0.232.193 - - [17/Jun/2025:08:10:30 -0400] "GET /wind-breaker-chapter-504/ HTTP/1.1" 200 0 "-" "WP Rocket/Preload Mozilla/5.0 (iPhone; CPU iPhone OS 9_1 like Mac OS X) AppleWebKit/601.1.46 (KHTML, like Gecko) Version/9.0 Mobile/13B143 Safari/601.1"
162.0.232.193 - - [17/Jun/2025:08:10:32 -0400] "GET /wind-breaker-chapter-490/ HTTP/1.1" 200 0 "-" "WP Rocket/Preload"
162.0.232.193 - - [17/Jun/2025:08:10:33 -0400] "GET /wind-breaker-chapter-490/ HTTP/1.1" 200 0 "-" "WP Rocket/Preload Mozilla/5.0 (iPhone; CPU iPhone OS 9_1 like Mac OS X) AppleWebKit/601.1.46 (KHTML, like Gecko) Version/9.0 Mobile/13B143 Safari/601.1"
162.0.232.193 - - [17/Jun/2025:08:10:35 -0400] "GET /wind-breaker-chapter-447/ HTTP/1.1" 200 0 "-" "WP Rocket/Preload"
162.0.232.193 - - [17/Jun/2025:08:10:37 -0400] "GET /wind-breaker-chapter-447/ HTTP/1.1" 200 0 "-" "WP Rocket/Preload Mozilla/5.0 (iPhone; CPU iPhone OS 9_1 like Mac OS X) AppleWebKit/601.1.46 (KHTML, like Gecko) Version/9.0 Mobile/13B143 Safari/601.1"
162.0.232.193 - - [17/Jun/2025:08:10:38 -0400] "GET /wind-breaker-chapter-480/ HTTP/1.1" 200 0 "-" "WP Rocket/Preload"
162.0.232.193 - - [17/Jun/2025:08:10:40 -0400] "GET /wind-breaker-chapter-480/ HTTP/1.1" 200 0 "-" "WP Rocket/Preload Mozilla/5.0 (iPhone; CPU iPhone OS 9_1 like Mac OS X) AppleWebKit/601.1.46 (KHTML, like Gecko) Version/9.0 Mobile/13B143 Safari/601.1"
162.0.232.193 - - [17/Jun/2025:08:10:41 -0400] "GET /return-policy/ HTTP/1.1" 200 0 "-" "WP Rocket/Preload"
162.0.232.193 - - [17/Jun/2025:08:10:43 -0400] "GET /return-policy/ HTTP/1.1" 200 0 "-" "WP Rocket/Preload Mozilla/5.0 (iPhone; CPU iPhone OS 9_1 like Mac OS X) AppleWebKit/601.1.46 (KHTML, like Gecko) Version/9.0 Mobile/13B143 Safari/601.1"
162.0.232.193 - - [17/Jun/2025:08:10:44 -0400] "GET /privacy-policy/ HTTP/1.1" 200 0 "-" "WP Rocket/Preload"
162.0.232.193 - - [17/Jun/2025:08:10:46 -0400] "GET /privacy-policy/ HTTP/1.1" 200 0 "-" "WP Rocket/Preload Mozilla/5.0 (iPhone; CPU iPhone OS 9_1 like Mac OS X) AppleWebKit/601.1.46 (KHTML, like Gecko) Version/9.0 Mobile/13B143 Safari/601.1"
162.0.232.193 - - [17/Jun/2025:08:10:51 -0400] "POST /wp-cron.php?doing_wp_cron=1750162251.0883989334106445312500 HTTP/1.1" 200 0 "-" "WordPress/6.8.1; https://read11.windbreakermanga.com"
34.98.143.201 - - [17/Jun/2025:08:10:52 -0400] "HEAD / HTTP/1.1" 200 0 "http://windbreakermanga.com" "Mozilla/5.0 (Android 13; Mobile; rv:109.0) Gecko/112.0 Firefox/112.0 AppEngine-Google; (+http://code.google.com/appengine; appid: s~virustotalcloud)"
18.220.49.29 - - [17/Jun/2025:08:10:53 -0400] "GET / HTTP/1.1" 200 12662 "-" "Mozilla/5.0 (Windows NT 10.0; Win64; x64) AppleWebKit/537.36 (KHTML, like Gecko) Chrome/114.0.0.0 Safari/537.36 Edg/114.0.1823.51"
13.58.234.123 - - [17/Jun/2025:08:10:53 -0400] "GET / HTTP/1.1" 200 12660 "-" "Mozilla/5.0 (Windows NT 10.0; Win64; x64) AppleWebKit/537.36 (KHTML, like Gecko) Chrome/114.0.0.0 Safari/537.36 Edg/114.0.1823.51"
34.98.143.197 - - [17/Jun/2025:08:10:53 -0400] "GET / HTTP/1.1" 200 81558 "http://windbreakermanga.com" "Mozilla/5.0 (Android 13; Mobile; rv:109.0) Gecko/112.0 Firefox/112.0 AppEngine-Google; (+http://code.google.com/appengine; appid: s~virustotalcloud)"
52.34.76.65 - - [17/Jun/2025:08:10:54 -0400] "GET / HTTP/1.1" 200 12660 "-" "Mozilla/5.0 (Windows NT 10.0; Win64; x64) AppleWebKit/537.36 (KHTML, like Gecko) Chrome/134.0.0.0 Safari/537.36"
52.34.76.65 - - [17/Jun/2025:08:10:54 -0400] "GET /wp-includes/js/jquery/jquery.min.js?ver=3.7.1 HTTP/1.1" 304 0 "https://read11.windbreakermanga.com/" "Mozilla/5.0 (Windows NT 10.0; Win64; x64) AppleWebKit/537.36 (KHTML, like Gecko) Chrome/134.0.0.0 Safari/537.36"
52.34.76.65 - - [17/Jun/2025:08:10:54 -0400] "GET /wp-content/uploads/2024/02/is-wind-breaker-worth-reading-right-now-v0-caa0pw3v7f8b1-576x1024.webp HTTP/1.1" 304 0 "https://read11.windbreakermanga.com/" "Mozilla/5.0 (Windows NT 10.0; Win64; x64) AppleWebKit/537.36 (KHTML, like Gecko) Chrome/134.0.0.0 Safari/537.36"
52.34.76.65 - - [17/Jun/2025:08:10:54 -0400] "GET /wp-content/cache/min/1/wp-content/plugins/comic-easel/js/keynav.js?ver=1746140519 HTTP/1.1" 304 0 "https://read11.windbreakermanga.com/" "Mozilla/5.0 (Windows NT 10.0; Win64; x64) AppleWebKit/537.36 (KHTML, like Gecko) Chrome/134.0.0.0 Safari/537.36"
52.34.76.65 - - [17/Jun/2025:08:10:55 -0400] "GET /wp-includes/js/jquery/jquery-migrate.min.js?ver=3.4.1 HTTP/1.1" 304 0 "https://read11.windbreakermanga.com/" "Mozilla/5.0 (Windows NT 10.0; Win64; x64) AppleWebKit/537.36 (KHTML, like Gecko) Chrome/134.0.0.0 Safari/537.36"
52.34.76.65 - - [17/Jun/2025:08:10:55 -0400] "GET /wp-content/themes/toivo-lite/js/functions.min.js?ver=1.2.0 HTTP/1.1" 304 0 "https://read11.windbreakermanga.com/" "Mozilla/5.0 (Windows NT 10.0; Win64; x64) AppleWebKit/537.36 (KHTML, like Gecko) Chrome/134.0.0.0 Safari/537.36"
52.34.76.65 - - [17/Jun/2025:08:10:55 -0400] "GET /wp-content/cache/min/1/wp-content/plugins/simple-social-buttons/assets/js/front.js?ver=1746140519 HTTP/1.1" 304 0 "https://read11.windbreakermanga.com/" "Mozilla/5.0 (Windows NT 10.0; Win64; x64) AppleWebKit/537.36 (KHTML, like Gecko) Chrome/134.0.0.0 Safari/537.36"
52.34.76.65 - - [17/Jun/2025:08:10:55 -0400] "GET /wp-content/themes/toivo-lite/js/responsive-nav.min.js?ver=1.2.0 HTTP/1.1" 304 0 "https://read11.windbreakermanga.com/" "Mozilla/5.0 (Windows NT 10.0; Win64; x64) AppleWebKit/537.36 (KHTML, like Gecko) Chrome/134.0.0.0 Safari/537.36"
34.98.143.192 - - [17/Jun/2025:08:11:02 -0400] "HEAD / HTTP/1.1" 200 0 "http://windbreakermanga.com" "Mozilla/5.0 (Linux; Android 13; Pixel 4a (5G) Build/TQ2A.230505.002; wv) AppleWebKit/537.36 (KHTML, like Gecko) Version/4.0 Chrome/112.0.5615.136 Mobile Safari/537.36 GoogleApp/14.16.27.29.arm64 AppEngine-Google; (+http://code.google.com/appengine; appid: s~virustotalcloud)"
34.98.143.193 - - [17/Jun/2025:08:11:03 -0400] "GET / HTTP/1.1" 200 81542 "http://windbreakermanga.com" "Mozilla/5.0 (Linux; Android 13; Pixel 4a (5G) Build/TQ2A.230505.002; wv) AppleWebKit/537.36 (KHTML, like Gecko) Version/4.0 Chrome/112.0.5615.136 Mobile Safari/537.36 GoogleApp/14.16.27.29.arm64 AppEngine-Google; (+http://code.google.com/appengine; appid: s~virustotalcloud)"
162.0.232.193 - - [17/Jun/2025:08:11:13 -0400] "POST /wp-cron.php?doing_wp_cron=1750162273.1801578998565673828125 HTTP/1.1" 200 0 "-" "WordPress/6.8.1; https://read11.windbreakermanga.com"
114.119.145.123 - - [17/Jun/2025:08:11:12 -0400] "GET /wind-breaker-chapter-68-part-2-ep-2/ HTTP/1.1" 301 0 "https://read10.windbreakermanga.com/tag/windbreaker-manga/" "Mozilla/5.0 (Linux; Android 7.0;) AppleWebKit/537.36 (KHTML, like Gecko) Mobile Safari/537.36 (compatible; PetalBot;+https://webmaster.petalsearch.com/site/petalbot)"
47.82.61.59 - - [17/Jun/2025:08:11:23 -0400] "GET /chapter-411/ HTTP/1.1" 200 10758 "https://read11.windbreakermanga.com/chapter-411/" "Mozilla/5.0 (Windows NT 10.0; Win64; x64) AppleWebKit/537.36 (KHTML, like Gecko) Chrome/114.0.0.0 Safari/537.36 Edg/114.0.1823.43"
216.73.216.244 - - [17/Jun/2025:08:11:24 -0400] "GET /sitemap-subitems-2792.xml HTTP/1.1" 200 10049 "-" "Mozilla/5.0 AppleWebKit/537.36 (KHTML, like Gecko; compatible; ClaudeBot/1.0; [email protected])"
162.0.232.193 - - [17/Jun/2025:08:11:27 -0400] "POST /wp-cron.php?doing_wp_cron=1750162287.4804680347442626953125 HTTP/1.1" 200 0 "-" "WordPress/6.8.1; https://read11.windbreakermanga.com"
162.0.232.193 - - [17/Jun/2025:08:11:28 -0400] "GET /wind-breaker-chapter-537/ HTTP/1.1" 200 11531 "-" "WP Rocket/Preload"
162.0.232.193 - - [17/Jun/2025:08:11:33 -0400] "GET /wind-breaker-chapter-537/ HTTP/1.1" 200 11548 "-" "WP Rocket/Preload Mozilla/5.0 (iPhone; CPU iPhone OS 9_1 like Mac OS X) AppleWebKit/601.1.46 (KHTML, like Gecko) Version/9.0 Mobile/13B143 Safari/601.1"
162.0.232.193 - - [17/Jun/2025:08:11:34 -0400] "GET /wind-breaker-chapter-531/ HTTP/1.1" 200 0 "-" "WP Rocket/Preload"
162.0.232.193 - - [17/Jun/2025:08:11:36 -0400] "GET /wind-breaker-chapter-531/ HTTP/1.1" 200 0 "-" "WP Rocket/Preload Mozilla/5.0 (iPhone; CPU iPhone OS 9_1 like Mac OS X) AppleWebKit/601.1.46 (KHTML, like Gecko) Version/9.0 Mobile/13B143 Safari/601.1"
162.0.232.193 - - [17/Jun/2025:08:11:37 -0400] "GET /wind-breaker-chapter-516/ HTTP/1.1" 200 0 "-" "WP Rocket/Preload"
162.0.232.193 - - [17/Jun/2025:08:11:39 -0400] "GET /wind-breaker-chapter-516/ HTTP/1.1" 200 0 "-" "WP Rocket/Preload Mozilla/5.0 (iPhone; CPU iPhone OS 9_1 like Mac OS X) AppleWebKit/601.1.46 (KHTML, like Gecko) Version/9.0 Mobile/13B143 Safari/601.1"
162.0.232.193 - - [17/Jun/2025:08:11:40 -0400] "GET /wind-breaker-chapter-502/ HTTP/1.1" 200 0 "-" "WP Rocket/Preload"
162.0.232.193 - - [17/Jun/2025:08:11:42 -0400] "GET /wind-breaker-chapter-502/ HTTP/1.1" 200 0 "-" "WP Rocket/Preload Mozilla/5.0 (iPhone; CPU iPhone OS 9_1 like Mac OS X) AppleWebKit/601.1.46 (KHTML, like Gecko) Version/9.0 Mobile/13B143 Safari/601.1"
2a03:2880:f800:f:: - - [17/Jun/2025:08:11:43 -0400] "GET / HTTP/1.1" 200 12660 "-" "meta-externalagent/1.1 (+https://developers.facebook.com/docs/sharing/webmasters/crawler)"
162.0.232.193 - - [17/Jun/2025:08:11:46 -0400] "POST /wp-cron.php?doing_wp_cron=1750162306.1191461086273193359375 HTTP/1.1" 200 0 "-" "WordPress/6.8.1; https://read11.windbreakermanga.com"
162.0.232.193 - - [17/Jun/2025:08:12:13 -0400] "POST /wp-cron.php?doing_wp_cron=1750162333.1853749752044677734375 HTTP/1.1" 200 0 "-" "WordPress/6.8.1; https://read11.windbreakermanga.com"
162.0.232.193 - - [17/Jun/2025:08:12:24 -0400] "POST /wp-cron.php?doing_wp_cron=1750162344.5825390815734863281250 HTTP/1.1" 200 0 "-" "WordPress/6.8.1; https://read11.windbreakermanga.com"
114.119.151.50 - - [17/Jun/2025:08:12:25 -0400] "GET /wind-breaker-chapter-66-1/ HTTP/1.1" 301 0 "https://read10.windbreakermanga.com/tag/windbreaker-manga/" "Mozilla/5.0 (Linux; Android 7.0;) AppleWebKit/537.36 (KHTML, like Gecko) Mobile Safari/537.36 (compatible; PetalBot;+https://webmaster.petalsearch.com/site/petalbot)"
114.119.151.50 - - [17/Jun/2025:08:12:29 -0400] "GET / HTTP/1.1" 200 12649 "https://read10.windbreakermanga.com/tag/windbreaker-manga/" "Mozilla/5.0 (Linux; Android 7.0;) AppleWebKit/537.36 (KHTML, like Gecko) Mobile Safari/537.36 (compatible; PetalBot;+https://webmaster.petalsearch.com/site/petalbot)"
2a03:2880:f800:6:: - - [17/Jun/2025:08:12:30 -0400] "GET /shopdetail/98220664 HTTP/1.1" 301 0 "-" "meta-externalagent/1.1 (+https://developers.facebook.com/docs/sharing/webmasters/crawler)"
15.204.43.172 - - [17/Jun/2025:08:12:29 -0400] "POST /xmlrpc.php HTTP/1.1" 200 186 "https://read11.windbreakermanga.com" "Mozilla/5.0 (Windows NT 10.0; Win64; x64) AppleWebKit/537.36 (KHTML, like Gecko) Chrome/113.0.5672.126 Safari/537.36 Edg/113.0.1774.50"
162.0.232.193 - - [17/Jun/2025:08:12:42 -0400] "POST /wp-cron.php?doing_wp_cron=1750162361.7810339927673339843750 HTTP/1.1" 200 0 "-" "WordPress/6.8.1; https://read11.windbreakermanga.com"
162.0.232.193 - - [17/Jun/2025:08:13:11 -0400] "POST /wp-cron.php?doing_wp_cron=1750162391.1854779720306396484375 HTTP/1.1" 200 0 "-" "WordPress/6.8.1; https://read11.windbreakermanga.com"
2a03:2880:f800:14:: - - [17/Jun/2025:08:13:11 -0400] "GET /shopdetail/98199656 HTTP/1.1" 301 0 "-" "meta-externalagent/1.1 (+https://developers.facebook.com/docs/sharing/webmasters/crawler)"
162.0.232.193 - - [17/Jun/2025:08:13:16 -0400] "GET /wp-content/uploads/f979bbbcbe9df560cb74049269d2541e_4104.xml HTTP/1.1" 200 2533 "-" "Mozilla/5.0 (X11; Linux x86_64) AppleWebKit/537.36 (KHTML, like Gecko) Ubuntu Chromium/41.0.2272.76"
2a03:2880:f800:12:: - - [17/Jun/2025:08:13:24 -0400] "GET / HTTP/1.1" 200 12660 "-" "meta-externalagent/1.1 (+https://developers.facebook.com/docs/sharing/webmasters/crawler)"
114.119.139.202 - - [17/Jun/2025:08:13:52 -0400] "GET /wind-breaker-chapter-210/ HTTP/1.1" 200 12543 "https://read10.windbreakermanga.com/wind-breaker-chapter-240-part-2-ep-172/" "Mozilla/5.0 (Linux; Android 7.0;) AppleWebKit/537.36 (KHTML, like Gecko) Mobile Safari/537.36 (compatible; PetalBot;+https://webmaster.petalsearch.com/site/petalbot)"
47.82.60.2 - - [17/Jun/2025:08:14:14 -0400] "GET /chapter-412/ HTTP/1.1" 200 11098 "https://read11.windbreakermanga.com/chapter-412/" "Mozilla/5.0 (Windows NT 10.0; Win64; x64) AppleWebKit/537.36 (KHTML, like Gecko) Chrome/114.0.0.0 Safari/537.36 Edg/114.0.1823.43"
162.0.232.193 - - [17/Jun/2025:08:14:14 -0400] "POST /wp-cron.php?doing_wp_cron=1750162454.3934180736541748046875 HTTP/1.1" 200 0 "-" "WordPress/6.8.1; https://read11.windbreakermanga.com"
162.0.232.193 - - [17/Jun/2025:08:14:14 -0400] "POST /wp-cron.php?doing_wp_cron=1750162454.4918649196624755859375 HTTP/1.1" 200 0 "-" "WordPress/6.8.1; https://read11.windbreakermanga.com"
162.0.232.193 - - [17/Jun/2025:08:14:25 -0400] "POST /wp-cron.php?doing_wp_cron=1750162464.9794149398803710937500 HTTP/1.1" 200 0 "-" "WordPress/6.8.1; https://read11.windbreakermanga.com"
162.0.232.193 - - [17/Jun/2025:08:14:45 -0400] "POST /wp-cron.php?doing_wp_cron=1750162485.3865680694580078125000 HTTP/1.1" 200 0 "-" "WordPress/6.8.1; https://read11.windbreakermanga.com"
34.71.214.216 - - [17/Jun/2025:08:14:56 -0400] "GET / HTTP/1.1" 200 12660 "-" "Mozilla/5.0 (Windows NT 10.0; Win64; x64) AppleWebKit/537.36 (KHTML, like Gecko) Chrome/112.0.0.0 Safari/537.36"
34.71.214.216 - - [17/Jun/2025:08:14:56 -0400] "GET /wp-includes/js/jquery/jquery.min.js?ver=3.7.1 HTTP/1.1" 304 0 "https://read11.windbreakermanga.com/" "Mozilla/5.0 (Windows NT 10.0; Win64; x64) AppleWebKit/537.36 (KHTML, like Gecko) Chrome/112.0.0.0 Safari/537.36"
34.71.214.216 - - [17/Jun/2025:08:14:56 -0400] "GET /wp-content/cache/min/1/wp-content/plugins/comic-easel/js/keynav.js?ver=1746140519 HTTP/1.1" 304 0 "https://read11.windbreakermanga.com/" "Mozilla/5.0 (Windows NT 10.0; Win64; x64) AppleWebKit/537.36 (KHTML, like Gecko) Chrome/112.0.0.0 Safari/537.36"
34.71.214.216 - - [17/Jun/2025:08:14:56 -0400] "GET /wp-content/cache/min/1/wp-content/plugins/simple-social-buttons/assets/css/front.css?ver=1746140519 HTTP/1.1" 200 9651 "https://read11.windbreakermanga.com/" "Mozilla/5.0 (Windows NT 10.0; Win64; x64) AppleWebKit/537.36 (KHTML, like Gecko) Chrome/112.0.0.0 Safari/537.36"
34.71.214.216 - - [17/Jun/2025:08:14:56 -0400] "GET /wp-includes/js/jquery/jquery-migrate.min.js?ver=3.4.1 HTTP/1.1" 304 0 "https://read11.windbreakermanga.com/" "Mozilla/5.0 (Windows NT 10.0; Win64; x64) AppleWebKit/537.36 (KHTML, like Gecko) Chrome/112.0.0.0 Safari/537.36"
34.71.214.216 - - [17/Jun/2025:08:14:56 -0400] "GET /wp-content/uploads/2024/02/te926m2lqxc91-578x1024.webp HTTP/1.1" 200 40812 "https://read11.windbreakermanga.com/" "Mozilla/5.0 (Windows NT 10.0; Win64; x64) AppleWebKit/537.36 (KHTML, like Gecko) Chrome/112.0.0.0 Safari/537.36"
34.71.214.216 - - [17/Jun/2025:08:14:56 -0400] "GET /wp-content/cache/min/1/wp-content/plugins/simple-social-buttons/assets/js/front.js?ver=1746140519 HTTP/1.1" 304 0 "https://read11.windbreakermanga.com/" "Mozilla/5.0 (Windows NT 10.0; Win64; x64) AppleWebKit/537.36 (KHTML, like Gecko) Chrome/112.0.0.0 Safari/537.36"
34.71.214.216 - - [17/Jun/2025:08:14:57 -0400] "GET /wp-content/themes/toivo-lite/js/responsive-nav.min.js?ver=1.2.0 HTTP/1.1" 304 0 "https://read11.windbreakermanga.com/" "Mozilla/5.0 (Windows NT 10.0; Win64; x64) AppleWebKit/537.36 (KHTML, like Gecko) Chrome/112.0.0.0 Safari/537.36"
34.71.214.216 - - [17/Jun/2025:08:14:57 -0400] "GET /wp-content/themes/toivo-lite/js/functions.min.js?ver=1.2.0 HTTP/1.1" 304 0 "https://read11.windbreakermanga.com/" "Mozilla/5.0 (Windows NT 10.0; Win64; x64) AppleWebKit/537.36 (KHTML, like Gecko) Chrome/112.0.0.0 Safari/537.36"
162.0.232.193 - - [17/Jun/2025:08:15:11 -0400] "POST /wp-cron.php?doing_wp_cron=1750162511.0903100967407226562500 HTTP/1.1" 200 0 "-" "WordPress/6.8.1; https://read11.windbreakermanga.com"
66.249.77.201 - - [17/Jun/2025:08:15:13 -0400] "GET /item/metaphosphate/114365896 HTTP/1.1" 200 82776 "-" "Mozilla/5.0 (Linux; Android 6.0.1; Nexus 5X Build/MMB29P) AppleWebKit/537.36 (KHTML, like Gecko) Chrome/136.0.7103.113 Mobile Safari/537.36 (compatible; Googlebot/2.1; +http://www.google.com/bot.html)"
66.249.77.193 - - [17/Jun/2025:08:15:14 -0400] "GET /special201149428 HTTP/1.1" 200 81044 "-" "Mozilla/5.0 (Linux; Android 6.0.1; Nexus 5X Build/MMB29P) AppleWebKit/537.36 (KHTML, like Gecko) Chrome/136.0.7103.113 Mobile Safari/537.36 (compatible; Googlebot/2.1; +http://www.google.com/bot.html)"
47.82.61.214 - - [17/Jun/2025:08:15:17 -0400] "GET /wind-breaker-chapter-491/ HTTP/1.1" 200 12140 "https://read11.windbreakermanga.com/wind-breaker-chapter-491/" "Mozilla/5.0 (Windows NT 10.0; Win64; x64) AppleWebKit/537.36 (KHTML, like Gecko) Chrome/114.0.0.0 Safari/537.36 Edg/114.0.1823.43"
162.0.232.193 - - [17/Jun/2025:08:15:28 -0400] "POST /wp-cron.php?doing_wp_cron=1750162528.3813409805297851562500 HTTP/1.1" 200 0 "-" "WordPress/6.8.1; https://read11.windbreakermanga.com"
2a03:2880:f800:1a:: - - [17/Jun/2025:08:15:32 -0400] "GET / HTTP/1.1" 200 12660 "-" "meta-externalagent/1.1 (+https://developers.facebook.com/docs/sharing/webmasters/crawler)"
162.0.232.193 - - [17/Jun/2025:08:15:43 -0400] "POST /wp-cron.php?doing_wp_cron=1750162542.7840209007263183593750 HTTP/1.1" 200 0 "-" "WordPress/6.8.1; https://read11.windbreakermanga.com"
114.119.151.50 - - [17/Jun/2025:08:15:47 -0400] "GET / HTTP/1.1" 200 12575 "https://windbreakermanga.com/wp-content/uploads/2021/11/wbr-685x1024.jpeg" "Mozilla/5.0 (Linux; Android 7.0;) AppleWebKit/537.36 (KHTML, like Gecko) Mobile Safari/537.36 (compatible; PetalBot;+https://webmaster.petalsearch.com/site/petalbot)"
162.0.232.193 - - [17/Jun/2025:08:16:12 -0400] "POST /wp-cron.php?doing_wp_cron=1750162572.0842900276184082031250 HTTP/1.1" 200 0 "-" "WordPress/6.8.1; https://read11.windbreakermanga.com"
47.82.61.97 - - [17/Jun/2025:08:16:16 -0400] "GET /wind-breaker-chapter-50/ HTTP/1.1" 200 11882 "https://read11.windbreakermanga.com/wind-breaker-chapter-50/" "Mozilla/5.0 (Windows NT 10.0; Win64; x64) AppleWebKit/537.36 (KHTML, like Gecko) Chrome/114.0.0.0 Safari/537.36 Edg/114.0.1823.43"
47.82.61.252 - - [17/Jun/2025:08:16:24 -0400] "GET /wind-breaker-chapter-504/ HTTP/1.1" 200 11569 "https://read11.windbreakermanga.com/wind-breaker-chapter-504/" "Mozilla/5.0 (Windows NT 10.0; Win64; x64) AppleWebKit/537.36 (KHTML, like Gecko) Chrome/114.0.0.0 Safari/537.36 Edg/114.0.1823.43"
162.0.232.193 - - [17/Jun/2025:08:16:27 -0400] "POST /wp-cron.php?doing_wp_cron=1750162586.8751690387725830078125 HTTP/1.1" 200 0 "-" "WordPress/6.8.1; https://read11.windbreakermanga.com"
2a03:2880:f800:1d:: - - [17/Jun/2025:08:16:27 -0400] "GET /shopdetail/98212876 HTTP/1.1" 301 0 "-" "meta-externalagent/1.1 (+https://developers.facebook.com/docs/sharing/webmasters/crawler)"
47.82.60.9 - - [17/Jun/2025:08:16:31 -0400] "GET /wind-breaker-chapter-104/ HTTP/1.1" 200 12243 "https://read11.windbreakermanga.com/wind-breaker-chapter-104/" "Mozilla/5.0 (Windows NT 10.0; Win64; x64) AppleWebKit/537.36 (KHTML, like Gecko) Chrome/114.0.0.0 Safari/537.36 Edg/114.0.1823.43"
162.0.232.193 - - [17/Jun/2025:08:16:42 -0400] "POST /wp-cron.php?doing_wp_cron=1750162601.9809660911560058593750 HTTP/1.1" 200 0 "-" "WordPress/6.8.1; https://read11.windbreakermanga.com"
47.82.61.159 - - [17/Jun/2025:08:17:07 -0400] "GET /wind-breaker-chapter-63/ HTTP/1.1" 200 12240 "https://read11.windbreakermanga.com/wind-breaker-chapter-63/" "Mozilla/5.0 (Windows NT 10.0; Win64; x64) AppleWebKit/537.36 (KHTML, like Gecko) Chrome/114.0.0.0 Safari/537.36 Edg/114.0.1823.43"
162.0.232.193 - - [17/Jun/2025:08:17:12 -0400] "POST /wp-cron.php?doing_wp_cron=1750162632.0910890102386474609375 HTTP/1.1" 200 0 "-" "WordPress/6.8.1; https://read11.windbreakermanga.com"
162.0.232.193 - - [17/Jun/2025:08:17:15 -0400] "GET /wp-content/uploads/f979bbbcbe9df560cb74049269d2541e_4104.xml HTTP/1.1" 200 2276 "-" "Mozilla/5.0 (X11; Linux x86_64) AppleWebKit/537.36 (KHTML, like Gecko) Ubuntu Chromium/41.0.2272.76"
47.82.60.8 - - [17/Jun/2025:08:17:30 -0400] "GET /wind-breaker-chapter-356/ HTTP/1.1" 200 11808 "https://read11.windbreakermanga.com/wind-breaker-chapter-356/" "Mozilla/5.0 (Windows NT 10.0; Win64; x64) AppleWebKit/537.36 (KHTML, like Gecko) Chrome/114.0.0.0 Safari/537.36 Edg/114.0.1823.43"
47.82.60.148 - - [17/Jun/2025:08:17:31 -0400] "GET /wind-breaker-chapter-357/ HTTP/1.1" 200 11914 "https://read11.windbreakermanga.com/wind-breaker-chapter-357/" "Mozilla/5.0 (Windows NT 10.0; Win64; x64) AppleWebKit/537.36 (KHTML, like Gecko) Chrome/114.0.0.0 Safari/537.36 Edg/114.0.1823.43"
47.82.61.249 - - [17/Jun/2025:08:17:37 -0400] "GET /category/wind-breaker-webtoon/page/41/ HTTP/1.1" 200 10246 "https://read11.windbreakermanga.com/category/wind-breaker-webtoon/page/41/" "Mozilla/5.0 (Windows NT 10.0; Win64; x64) AppleWebKit/537.36 (KHTML, like Gecko) Chrome/114.0.0.0 Safari/537.36 Edg/114.0.1823.43"
47.82.60.94 - - [17/Jun/2025:08:17:42 -0400] "GET /wind-breaker-chapter-76/ HTTP/1.1" 200 12242 "https://read11.windbreakermanga.com/wind-breaker-chapter-76/" "Mozilla/5.0 (Windows NT 10.0; Win64; x64) AppleWebKit/537.36 (KHTML, like Gecko) Chrome/114.0.0.0 Safari/537.36 Edg/114.0.1823.43"
2a03:2880:f800:7:: - - [17/Jun/2025:08:18:00 -0400] "GET /sitemap-subitems-2489.xml HTTP/1.1" 301 0 "-" "meta-externalagent/1.1 (+https://developers.facebook.com/docs/sharing/webmasters/crawler)"
162.0.232.193 - - [17/Jun/2025:08:18:19 -0400] "POST /wp-cron.php?doing_wp_cron=1750162698.5920009613037109375000 HTTP/1.1" 200 0 "-" "WordPress/6.8.1; https://read11.windbreakermanga.com"
162.0.232.193 - - [17/Jun/2025:08:18:19 -0400] "POST /wp-cron.php?doing_wp_cron=1750162699.0867509841918945312500 HTTP/1.1" 200 0 "-" "WordPress/6.8.1; https://read11.windbreakermanga.com"
162.0.232.193 - - [17/Jun/2025:08:18:27 -0400] "POST /wp-cron.php?doing_wp_cron=1750162707.1755459308624267578125 HTTP/1.1" 200 0 "-" "WordPress/6.8.1; https://read11.windbreakermanga.com"
162.0.232.193 - - [17/Jun/2025:08:18:41 -0400] "POST /wp-cron.php?doing_wp_cron=1750162721.6766750812530517578125 HTTP/1.1" 200 0 "-" "WordPress/6.8.1; https://read11.windbreakermanga.com"
162.0.232.193 - - [17/Jun/2025:08:18:41 -0400] "POST /wp-cron.php?doing_wp_cron=1750162721.6045489311218261718750 HTTP/1.1" 200 0 "-" "WordPress/6.8.1; https://read11.windbreakermanga.com"
43.153.122.30 - - [17/Jun/2025:08:18:41 -0400] "GET /wind-breaker-chapter-142/ HTTP/1.1" 200 12272 "-" "Mozilla/5.0 (iPhone; CPU iPhone OS 13_2_3 like Mac OS X) AppleWebKit/605.1.15 (KHTML, like Gecko) Version/13.0.3 Mobile/15E148 Safari/604.1"
47.82.60.144 - - [17/Jun/2025:08:18:35 -0400] "GET /category/wind-breaker-webtoon/page/46/ HTTP/1.1" 200 12981 "https://read11.windbreakermanga.com/category/wind-breaker-webtoon/page/46/" "Mozilla/5.0 (Windows NT 10.0; Win64; x64) AppleWebKit/537.36 (KHTML, like Gecko) Chrome/114.0.0.0 Safari/537.36 Edg/114.0.1823.43"
162.0.232.193 - - [17/Jun/2025:08:18:54 -0400] "POST /wp-cron.php?doing_wp_cron=1750162733.9854691028594970703125 HTTP/1.1" 200 0 "-" "WordPress/6.8.1; https://read11.windbreakermanga.com"
216.73.216.244 - - [17/Jun/2025:08:18:59 -0400] "GET /sitemap-subitems-1543.xml HTTP/1.1" 200 10019 "-" "Mozilla/5.0 AppleWebKit/537.36 (KHTML, like Gecko; compatible; ClaudeBot/1.0; [email protected])"
162.0.232.193 - - [17/Jun/2025:08:19:11 -0400] "POST /wp-cron.php?doing_wp_cron=1750162751.3863821029663085937500 HTTP/1.1" 200 0 "-" "WordPress/6.8.1; https://read11.windbreakermanga.com"
162.0.232.193 - - [17/Jun/2025:08:19:25 -0400] "POST /wp-cron.php?doing_wp_cron=1750162764.8863160610198974609375 HTTP/1.1" 200 0 "-" "WordPress/6.8.1; https://read11.windbreakermanga.com"
162.0.232.193 - - [17/Jun/2025:08:19:41 -0400] "POST /wp-cron.php?doing_wp_cron=1750162781.7769019603729248046875 HTTP/1.1" 200 0 "-" "WordPress/6.8.1; https://read11.windbreakermanga.com"
2a03:2880:f800:1b:: - - [17/Jun/2025:08:19:56 -0400] "GET /shopdetail/98252012 HTTP/1.1" 301 0 "-" "meta-externalagent/1.1 (+https://developers.facebook.com/docs/sharing/webmasters/crawler)"
162.0.232.193 - - [17/Jun/2025:08:20:14 -0400] "POST /wp-cron.php?doing_wp_cron=1750162813.9806339740753173828125 HTTP/1.1" 200 0 "-" "WordPress/6.8.1; https://read11.windbreakermanga.com"
114.119.129.189 - - [17/Jun/2025:08:20:25 -0400] "GET /wind-breaker-chapter-75/ HTTP/1.1" 200 12248 "https://read10.windbreakermanga.com/wind-breaker-chapter-240-part-2-ep-172/" "Mozilla/5.0 (Linux; Android 7.0;) AppleWebKit/537.36 (KHTML, like Gecko) Mobile Safari/537.36 (compatible; PetalBot;+https://webmaster.petalsearch.com/site/petalbot)"
162.0.232.193 - - [17/Jun/2025:08:20:27 -0400] "POST /wp-cron.php?doing_wp_cron=1750162826.8797619342803955078125 HTTP/1.1" 200 0 "-" "WordPress/6.8.1; https://read11.windbreakermanga.com"
162.0.232.193 - - [17/Jun/2025:08:20:41 -0400] "POST /wp-cron.php?doing_wp_cron=1750162841.6806480884552001953125 HTTP/1.1" 200 0 "-" "WordPress/6.8.1; https://read11.windbreakermanga.com"
2407:1c00:6105:7620:: - - [17/Jun/2025:08:20:45 -0400] "POST /xmlrpc.php HTTP/1.1" 200 186 "https://read11.windbreakermanga.com" "Mozilla/5.0 (Windows NT 10.0; Win64; x64; rv:128.0) Gecko/20100101 Firefox/128.0"
2a03:2880:f800:2:: - - [17/Jun/2025:08:20:55 -0400] "GET /shopdetail/98216456 HTTP/1.1" 301 0 "-" "meta-externalagent/1.1 (+https://developers.facebook.com/docs/sharing/webmasters/crawler)"
47.82.62.115 - - [17/Jun/2025:08:21:02 -0400] "GET /wind-breaker-chapter-42/ HTTP/1.1" 200 12251 "https://read11.windbreakermanga.com/wind-breaker-chapter-42/" "Mozilla/5.0 (Windows NT 10.0; Win64; x64) AppleWebKit/537.36 (KHTML, like Gecko) Chrome/114.0.0.0 Safari/537.36 Edg/114.0.1823.43"
162.0.232.193 - - [17/Jun/2025:08:21:14 -0400] "POST /wp-cron.php?doing_wp_cron=1750162873.6902639865875244140625 HTTP/1.1" 200 0 "-" "WordPress/6.8.1; https://read11.windbreakermanga.com"
47.82.61.88 - - [17/Jun/2025:08:21:15 -0400] "GET /wind-breaker-chapter-363/ HTTP/1.1" 200 11871 "https://read11.windbreakermanga.com/wind-breaker-chapter-363/" "Mozilla/5.0 (Windows NT 10.0; Win64; x64) AppleWebKit/537.36 (KHTML, like Gecko) Chrome/114.0.0.0 Safari/537.36 Edg/114.0.1823.43"
162.0.232.193 - - [17/Jun/2025:08:21:19 -0400] "GET /wp-content/uploads/f979bbbcbe9df560cb74049269d2541e_4104.xml HTTP/1.1" 200 2276 "-" "Mozilla/5.0 (X11; Linux x86_64) AppleWebKit/537.36 (KHTML, like Gecko) Ubuntu Chromium/41.0.2272.76"
114.119.154.207 - - [17/Jun/2025:08:22:07 -0400] "GET /wind-breaker-chapter-7/ HTTP/1.1" 200 11997 "https://read10.windbreakermanga.com/wind-breaker-chapter-240-part-2-ep-172/" "Mozilla/5.0 (Linux; Android 7.0;) AppleWebKit/537.36 (KHTML, like Gecko) Mobile Safari/537.36 (compatible; PetalBot;+https://webmaster.petalsearch.com/site/petalbot)"
162.0.232.193 - - [17/Jun/2025:08:22:14 -0400] "POST /wp-cron.php?doing_wp_cron=1750162934.2201800346374511718750 HTTP/1.1" 200 0 "-" "WordPress/6.8.1; https://read11.windbreakermanga.com"
162.0.232.193 - - [17/Jun/2025:08:22:28 -0400] "POST /wp-cron.php?doing_wp_cron=1750162948.0816729068756103515625 HTTP/1.1" 200 0 "-" "WordPress/6.8.1; https://read11.windbreakermanga.com"
162.0.232.193 - - [17/Jun/2025:08:22:42 -0400] "POST /wp-cron.php?doing_wp_cron=1750162962.2775609493255615234375 HTTP/1.1" 200 0 "-" "WordPress/6.8.1; https://read11.windbreakermanga.com"
2a03:2880:f800:1c:: - - [17/Jun/2025:08:22:57 -0400] "GET /wind-breaker-chapter-510/ HTTP/1.1" 200 11587 "-" "meta-externalagent/1.1 (+https://developers.facebook.com/docs/sharing/webmasters/crawler)"
162.0.232.193 - - [17/Jun/2025:08:23:12 -0400] "POST /wp-cron.php?doing_wp_cron=1750162992.6823871135711669921875 HTTP/1.1" 200 0 "-" "WordPress/6.8.1; https://read11.windbreakermanga.com"
47.238.13.7 - - [17/Jun/2025:08:23:10 -0400] "GET /chapter-415 HTTP/1.1" 301 0 "-" "Mozilla/5.0 (Macintosh; Intel Mac OS X 10_15_7) AppleWebKit/537.36 (KHTML, like Gecko) Chrome/109.0.0.0 Safari/537.36"
47.238.13.7 - - [17/Jun/2025:08:23:13 -0400] "GET /chapter-415/ HTTP/1.1" 200 10757 "https://read11.windbreakermanga.com/chapter-415" "Mozilla/5.0 (Macintosh; Intel Mac OS X 10_15_7) AppleWebKit/537.36 (KHTML, like Gecko) Chrome/109.0.0.0 Safari/537.36"
162.0.232.193 - - [17/Jun/2025:08:23:24 -0400] "POST /wp-cron.php?doing_wp_cron=1750163004.3019480705261230468750 HTTP/1.1" 200 0 "-" "WordPress/6.8.1; https://read11.windbreakermanga.com"
114.119.135.251 - - [17/Jun/2025:08:23:34 -0400] "GET /wind-breaker-chapter-501/ HTTP/1.1" 200 11840 "https://read10.windbreakermanga.com/category/wind-breaker-webtoon/page/51/" "Mozilla/5.0 (Linux; Android 7.0;) AppleWebKit/537.36 (KHTML, like Gecko) Mobile Safari/537.36 (compatible; PetalBot;+https://webmaster.petalsearch.com/site/petalbot)"
52.167.144.214 - - [17/Jun/2025:08:23:35 -0400] "GET /wp-json/wp/v2/posts/4270 HTTP/1.1" 200 81447 "-" "Mozilla/5.0 AppleWebKit/537.36 (KHTML, like Gecko; compatible; bingbot/2.0; +http://www.bing.com/bingbot.htm) Chrome/116.0.1938.76 Safari/537.36"
162.0.232.193 - - [17/Jun/2025:08:23:44 -0400] "POST /wp-cron.php?doing_wp_cron=1750163024.4909510612487792968750 HTTP/1.1" 200 0 "-" "WordPress/6.8.1; https://read11.windbreakermanga.com"
2a03:2880:f800:7:: - - [17/Jun/2025:08:23:45 -0400] "GET /shopdetail/98197820 HTTP/1.1" 301 0 "-" "meta-externalagent/1.1 (+https://developers.facebook.com/docs/sharing/webmasters/crawler)"
162.0.232.193 - - [17/Jun/2025:08:24:13 -0400] "POST /wp-cron.php?doing_wp_cron=1750163053.0795819759368896484375 HTTP/1.1" 200 0 "-" "WordPress/6.8.1; https://read11.windbreakermanga.com"
66.249.77.192 - - [17/Jun/2025:08:24:25 -0400] "GET /goods/expilator/5729016 HTTP/1.1" 200 81437 "-" "Mozilla/5.0 (Linux; Android 6.0.1; Nexus 5X Build/MMB29P) AppleWebKit/537.36 (KHTML, like Gecko) Chrome/136.0.7103.113 Mobile Safari/537.36 (compatible; Googlebot/2.1; +http://www.google.com/bot.html)"
162.0.232.193 - - [17/Jun/2025:08:24:27 -0400] "POST /wp-cron.php?doing_wp_cron=1750163067.2896130084991455078125 HTTP/1.1" 200 0 "-" "WordPress/6.8.1; https://read11.windbreakermanga.com"
89.107.58.32 - - [17/Jun/2025:08:24:42 -0400] "GET / HTTP/1.1" 200 12660 "https://yandex.com/" "Mozilla/5.0 (Macintosh; Intel Mac OS X 10_14_6) AppleWebKit/537.36 (KHTML, like Gecko) Chrome/77.0.3865.90 Safari/537.36"
162.0.232.193 - - [17/Jun/2025:08:24:44 -0400] "POST /wp-cron.php?doing_wp_cron=1750163084.0960080623626708984375 HTTP/1.1" 200 0 "-" "WordPress/6.8.1; https://read11.windbreakermanga.com"
162.0.232.193 - - [17/Jun/2025:08:24:56 -0400] "POST /wp-cron.php?doing_wp_cron=1750163096.3820528984069824218750 HTTP/1.1" 200 0 "-" "WordPress/6.8.1; https://read11.windbreakermanga.com"
114.119.135.251 - - [17/Jun/2025:08:24:59 -0400] "GET / HTTP/1.1" 200 12649 "https://read8.windbreakermanga.com/wind-breaker/page/40/" "Mozilla/5.0 (Linux; Android 7.0;) AppleWebKit/537.36 (KHTML, like Gecko) Mobile Safari/537.36 (compatible; PetalBot;+https://webmaster.petalsearch.com/site/petalbot)"
2a03:2880:f800:18:: - - [17/Jun/2025:08:25:21 -0400] "GET /shopdetail/98252320 HTTP/1.1" 301 0 "-" "meta-externalagent/1.1 (+https://developers.facebook.com/docs/sharing/webmasters/crawler)"
2a03:2880:f800:1:: - - [17/Jun/2025:08:25:31 -0400] "GET /shopdetail/98250440 HTTP/1.1" 301 0 "-" "meta-externalagent/1.1 (+https://developers.facebook.com/docs/sharing/webmasters/crawler)"
162.0.232.193 - - [17/Jun/2025:08:26:00 -0400] "POST /wp-cron.php?doing_wp_cron=1750163160.4270710945129394531250 HTTP/1.1" 200 0 "-" "WordPress/6.8.1; https://read11.windbreakermanga.com"
162.0.232.193 - - [17/Jun/2025:08:26:05 -0400] "GET /wp-content/uploads/f979bbbcbe9df560cb74049269d2541e_4104.xml HTTP/1.1" 200 2276 "-" "Mozilla/5.0 (X11; Linux x86_64) AppleWebKit/537.36 (KHTML, like Gecko) Ubuntu Chromium/41.0.2272.76"
157.55.39.50 - - [17/Jun/2025:08:26:11 -0400] "GET /wind-breaker-chapter-491/ HTTP/1.1" 200 81808 "-" "Mozilla/5.0 AppleWebKit/537.36 (KHTML, like Gecko; compatible; bingbot/2.0; +http://www.bing.com/bingbot.htm) Chrome/116.0.1938.76 Safari/537.36"
114.119.152.134 - - [17/Jun/2025:08:26:17 -0400] "GET / HTTP/1.1" 200 12649 "https://windbreakermanga.com/wp-content/uploads/2021/11/wbr-685x1024.jpeg" "Mozilla/5.0 (Linux; Android 7.0;) AppleWebKit/537.36 (KHTML, like Gecko) Mobile Safari/537.36 (compatible; PetalBot;+https://webmaster.petalsearch.com/site/petalbot)"
162.0.232.193 - - [17/Jun/2025:08:27:01 -0400] "POST /wp-cron.php?doing_wp_cron=1750163221.5835409164428710937500 HTTP/1.1" 200 0 "-" "WordPress/6.8.1; https://read11.windbreakermanga.com"
162.0.232.193 - - [17/Jun/2025:08:27:02 -0400] "POST /wp-cron.php?doing_wp_cron=1750163222.1739189624786376953125 HTTP/1.1" 200 0 "-" "WordPress/6.8.1; https://read11.windbreakermanga.com"
162.0.232.193 - - [17/Jun/2025:08:27:02 -0400] "POST /wp-cron.php?doing_wp_cron=1750163222.6776609420776367187500 HTTP/1.1" 200 0 "-" "WordPress/6.8.1; https://read11.windbreakermanga.com"
162.0.232.193 - - [17/Jun/2025:08:27:03 -0400] "POST /wp-cron.php?doing_wp_cron=1750163222.9927659034729003906250 HTTP/1.1" 200 0 "-" "WordPress/6.8.1; https://read11.windbreakermanga.com"
162.0.232.193 - - [17/Jun/2025:08:27:03 -0400] "POST /wp-cron.php?doing_wp_cron=1750163223.2809169292449951171875 HTTP/1.1" 200 0 "-" "WordPress/6.8.1; https://read11.windbreakermanga.com"
47.128.114.70 - - [17/Jun/2025:08:27:04 -0400] "GET /wp-includes/class-wp-theme-json-data.php HTTP/1.1" 403 1242 "-" "Mozilla/5.0 (Linux; Android 5.0) AppleWebKit/537.36 (KHTML, like Gecko) Mobile Safari/537.36 (compatible; Bytespider; [email protected])"
162.0.232.193 - - [17/Jun/2025:08:27:12 -0400] "POST /wp-cron.php?doing_wp_cron=1750163231.9754819869995117187500 HTTP/1.1" 200 0 "-" "WordPress/6.8.1; https://read11.windbreakermanga.com"
114.119.135.251 - - [17/Jun/2025:08:27:22 -0400] "GET /wind-breaker-chapter-452/ HTTP/1.1" 200 11885 "https://read10.windbreakermanga.com/wind-breaker-chapter-240-part-2-ep-172/" "Mozilla/5.0 (Linux; Android 7.0;) AppleWebKit/537.36 (KHTML, like Gecko) Mobile Safari/537.36 (compatible; PetalBot;+https://webmaster.petalsearch.com/site/petalbot)"
47.82.60.174 - - [17/Jun/2025:08:27:22 -0400] "GET /wind-breaker-chapter-307/ HTTP/1.1" 200 12889 "https://read11.windbreakermanga.com/wind-breaker-chapter-307/" "Mozilla/5.0 (Windows NT 10.0; Win64; x64) AppleWebKit/537.36 (KHTML, like Gecko) Chrome/114.0.0.0 Safari/537.36 Edg/114.0.1823.43"
162.0.232.193 - - [17/Jun/2025:08:27:24 -0400] "POST /wp-cron.php?doing_wp_cron=1750163244.4025659561157226562500 HTTP/1.1" 200 0 "-" "WordPress/6.8.1; https://read11.windbreakermanga.com"
162.0.232.193 - - [17/Jun/2025:08:27:41 -0400] "POST /wp-cron.php?doing_wp_cron=1750163261.3964149951934814453125 HTTP/1.1" 200 0 "-" "WordPress/6.8.1; https://read11.windbreakermanga.com"
2a03:2880:f800:c:: - - [17/Jun/2025:08:28:03 -0400] "GET /shopdetail/98207624 HTTP/1.1" 301 0 "-" "meta-externalagent/1.1 (+https://developers.facebook.com/docs/sharing/webmasters/crawler)"
162.0.232.193 - - [17/Jun/2025:08:28:11 -0400] "POST /wp-cron.php?doing_wp_cron=1750163291.5815789699554443359375 HTTP/1.1" 200 0 "-" "WordPress/6.8.1; https://read11.windbreakermanga.com"
162.0.232.193 - - [17/Jun/2025:08:28:29 -0400] "POST /wp-cron.php?doing_wp_cron=1750163309.0771610736846923828125 HTTP/1.1" 200 0 "-" "WordPress/6.8.1; https://read11.windbreakermanga.com"
2a03:2880:f800:f:: - - [17/Jun/2025:08:28:27 -0400] "GET /shopdetail/98227260 HTTP/1.1" 301 0 "-" "meta-externalagent/1.1 (+https://developers.facebook.com/docs/sharing/webmasters/crawler)"
2a03:2880:f800:14:: - - [17/Jun/2025:08:28:32 -0400] "GET /shopdetail/98245796 HTTP/1.1" 301 0 "-" "meta-externalagent/1.1 (+https://developers.facebook.com/docs/sharing/webmasters/crawler)"
162.0.232.193 - - [17/Jun/2025:08:28:41 -0400] "POST /wp-cron.php?doing_wp_cron=1750163321.6819050312042236328125 HTTP/1.1" 200 0 "-" "WordPress/6.8.1; https://read11.windbreakermanga.com"
114.119.151.50 - - [17/Jun/2025:08:29:05 -0400] "GET /wind-breaker-chapter-488/ HTTP/1.1" 200 11684 "https://read10.windbreakermanga.com/wind-breaker-chapter-488/" "Mozilla/5.0 (Linux; Android 7.0;) AppleWebKit/537.36 (KHTML, like Gecko) Mobile Safari/537.36 (compatible; PetalBot;+https://webmaster.petalsearch.com/site/petalbot)"
15.204.43.173 - - [17/Jun/2025:08:29:04 -0400] "POST /xmlrpc.php HTTP/1.1" 200 186 "https://read11.windbreakermanga.com" "Mozilla/5.0 (Windows NT 10.0; Win64; x64) AppleWebKit/537.36 (KHTML, like Gecko) Chrome/113.0.5672.93 Safari/537.36"
162.0.232.193 - - [17/Jun/2025:08:29:13 -0400] "POST /wp-cron.php?doing_wp_cron=1750163353.1931440830230712890625 HTTP/1.1" 200 0 "-" "WordPress/6.8.1; https://read11.windbreakermanga.com"
2600:1f16:49a:9100:a535:456f:414c:f26 - - [17/Jun/2025:08:29:13 -0400] "GET /wp-login.php HTTP/1.1" 200 1886 "-" "Mozilla/5.0 (X11; Ubuntu; Linux x86_64; rv:85.0) Gecko/20100101 Firefox/91.0"
2600:1f16:49a:9100:a535:456f:414c:f26 - - [17/Jun/2025:08:29:14 -0400] "POST /wp-login.php HTTP/1.1" 200 2013 "-" "Mozilla/5.0 (X11; Ubuntu; Linux x86_64; rv:85.0) Gecko/20100101 Firefox/91.0"
162.0.232.193 - - [17/Jun/2025:08:29:26 -0400] "POST /wp-cron.php?doing_wp_cron=1750163366.1762299537658691406250 HTTP/1.1" 200 0 "-" "WordPress/6.8.1; https://read11.windbreakermanga.com"
162.0.232.193 - - [17/Jun/2025:08:29:45 -0400] "POST /wp-cron.php?doing_wp_cron=1750163384.8770570755004882812500 HTTP/1.1" 200 0 "-" "WordPress/6.8.1; https://read11.windbreakermanga.com"
193.189.100.201 - - [17/Jun/2025:08:29:44 -0400] "GET / HTTP/1.1" 200 12600 "-" "Mozilla/5.0 (compatible; MSIE 10.0; Windows NT 6.1; Trident/6.0)"
162.0.232.193 - - [17/Jun/2025:08:30:13 -0400] "POST /wp-cron.php?doing_wp_cron=1750163413.4780120849609375000000 HTTP/1.1" 200 0 "-" "WordPress/6.8.1; https://read11.windbreakermanga.com"
162.0.232.193 - - [17/Jun/2025:08:30:19 -0400] "GET /wp-content/uploads/f979bbbcbe9df560cb74049269d2541e_4104.xml HTTP/1.1" 200 2276 "-" "Mozilla/5.0 (X11; Linux x86_64) AppleWebKit/537.36 (KHTML, like Gecko) Ubuntu Chromium/41.0.2272.76"
47.128.57.162 - - [17/Jun/2025:08:30:24 -0400] "GET /wp-includes/deprecated.php HTTP/1.1" 403 1242 "-" "Mozilla/5.0 (Linux; Android 5.0) AppleWebKit/537.36 (KHTML, like Gecko) Mobile Safari/537.36 (compatible; Bytespider; [email protected])"
114.119.135.251 - - [17/Jun/2025:08:30:38 -0400] "GET / HTTP/1.1" 200 12575 "https://windbreakermanga.com/wp-content/uploads/2021/11/wbr-685x1024.jpeg" "Mozilla/5.0 (Linux; Android 7.0;) AppleWebKit/537.36 (KHTML, like Gecko) Mobile Safari/537.36 (compatible; PetalBot;+https://webmaster.petalsearch.com/site/petalbot)"
170.106.165.76 - - [17/Jun/2025:08:30:50 -0400] "GET /wp-json/oembed/1.0/embed?url=https%3A%2F%2Fread11.windbreakermanga.com%2Fwind-breaker-chapter-39%2F&format=xml HTTP/1.1" 200 1174 "-" "Mozilla/5.0 (iPhone; CPU iPhone OS 13_2_3 like Mac OS X) AppleWebKit/605.1.15 (KHTML, like Gecko) Version/13.0.3 Mobile/15E148 Safari/604.1"
47.82.60.119 - - [17/Jun/2025:08:31:09 -0400] "GET /wind-breaker-chapter-306/ HTTP/1.1" 200 12831 "https://read11.windbreakermanga.com/wind-breaker-chapter-306/" "Mozilla/5.0 (Windows NT 10.0; Win64; x64) AppleWebKit/537.36 (KHTML, like Gecko) Chrome/114.0.0.0 Safari/537.36 Edg/114.0.1823.43"
162.0.232.193 - - [17/Jun/2025:08:31:19 -0400] "POST /wp-cron.php?doing_wp_cron=1750163479.6750540733337402343750 HTTP/1.1" 200 0 "-" "WordPress/6.8.1; https://read11.windbreakermanga.com"
162.0.232.193 - - [17/Jun/2025:08:31:20 -0400] "POST /wp-cron.php?doing_wp_cron=1750163479.9876890182495117187500 HTTP/1.1" 200 0 "-" "WordPress/6.8.1; https://read11.windbreakermanga.com"
47.82.60.185 - - [17/Jun/2025:08:31:22 -0400] "GET /wind-breaker-chapter-501/ HTTP/1.1" 200 12137 "https://read11.windbreakermanga.com/wind-breaker-chapter-501/" "Mozilla/5.0 (Windows NT 10.0; Win64; x64) AppleWebKit/537.36 (KHTML, like Gecko) Chrome/114.0.0.0 Safari/537.36 Edg/114.0.1823.43"
162.0.232.193 - - [17/Jun/2025:08:31:26 -0400] "POST /wp-cron.php?doing_wp_cron=1750163486.4849700927734375000000 HTTP/1.1" 200 0 "-" "WordPress/6.8.1; https://read11.windbreakermanga.com"
162.0.232.193 - - [17/Jun/2025:08:31:41 -0400] "POST /wp-cron.php?doing_wp_cron=1750163501.1727740764617919921875 HTTP/1.1" 200 0 "-" "WordPress/6.8.1; https://read11.windbreakermanga.com"
220.158.234.47 - - [17/Jun/2025:08:31:43 -0400] "POST /xmlrpc.php HTTP/1.1" 200 186 "https://read11.windbreakermanga.com" "Mozilla/5.0 (Macintosh; Intel Mac OS X 10_15_7; rv:129.0) Gecko/20100101 Firefox/129.0"
220.158.234.47 - - [17/Jun/2025:08:31:45 -0400] "POST /xmlrpc.php HTTP/1.1" 200 186 "https://read11.windbreakermanga.com" "Mozilla/5.0 (Macintosh; Intel Mac OS X 10_15_7) AppleWebKit/537.36 (KHTML, like Gecko) Chrome/114.0.5735.134 Safari/537.36"
220.158.234.47 - - [17/Jun/2025:08:31:47 -0400] "POST /wp-login.php HTTP/1.1" 200 2036 "https://read11.windbreakermanga.com" "Mozilla/5.0 (Macintosh; Intel Mac OS X 10_15_7) AppleWebKit/537.36 (KHTML, like Gecko) Chrome/116.0.5845.96 Safari/537.36"
47.82.60.85 - - [17/Jun/2025:08:32:00 -0400] "GET /wind-breaker-chapter-54/ HTTP/1.1" 200 12262 "https://read11.windbreakermanga.com/wind-breaker-chapter-54/" "Mozilla/5.0 (Windows NT 10.0; Win64; x64) AppleWebKit/537.36 (KHTML, like Gecko) Chrome/114.0.0.0 Safari/537.36 Edg/114.0.1823.43"
162.0.232.193 - - [17/Jun/2025:08:32:12 -0400] "POST /wp-cron.php?doing_wp_cron=1750163532.1854860782623291015625 HTTP/1.1" 200 0 "-" "WordPress/6.8.1; https://read11.windbreakermanga.com"
162.0.232.193 - - [17/Jun/2025:08:32:25 -0400] "POST /wp-cron.php?doing_wp_cron=1750163545.0901620388031005859375 HTTP/1.1" 200 0 "-" "WordPress/6.8.1; https://read11.windbreakermanga.com"
114.119.152.134 - - [17/Jun/2025:08:32:28 -0400] "GET / HTTP/1.1" 200 12649 "https://windbreakermanga.com/wp-content/uploads/2021/11/wbr-685x1024.jpeg" "Mozilla/5.0 (Linux; Android 7.0;) AppleWebKit/537.36 (KHTML, like Gecko) Mobile Safari/537.36 (compatible; PetalBot;+https://webmaster.petalsearch.com/site/petalbot)"
162.0.232.193 - - [17/Jun/2025:08:32:43 -0400] "POST /wp-cron.php?doing_wp_cron=1750163563.0373311042785644531250 HTTP/1.1" 200 0 "-" "WordPress/6.8.1; https://read11.windbreakermanga.com"
47.82.60.180 - - [17/Jun/2025:08:32:53 -0400] "GET /category/wind-breaker-webtoon/page/53/ HTTP/1.1" 200 12218 "https://read11.windbreakermanga.com/category/wind-breaker-webtoon/page/53/" "Mozilla/5.0 (Windows NT 10.0; Win64; x64) AppleWebKit/537.36 (KHTML, like Gecko) Chrome/114.0.0.0 Safari/537.36 Edg/114.0.1823.43"
45.43.177.174 - - [17/Jun/2025:08:33:04 -0400] "GET / HTTP/1.1" 200 12660 "-" "Mozilla/5.0 (Windows NT 6.3; Win64; x64) AppleWebKit/537.36 (KHTML, like Gecko) Chrome/75.0.2879.122 Safari/537.36"
45.43.177.174 - - [17/Jun/2025:08:33:05 -0400] "POST /wp-login.php HTTP/1.1" 302 0 "-" "Mozilla/5.0 (Windows NT 6.3; Win64; x64) AppleWebKit/537.36 (KHTML, like Gecko) Chrome/75.0.2879.122 Safari/537.36"
45.43.177.174 - - [17/Jun/2025:08:33:08 -0400] "GET /wp-admin/plugin-install.php HTTP/1.1" 403 1242 "-" "Mozilla/5.0 (Windows NT 6.3; Win64; x64) AppleWebKit/537.36 (KHTML, like Gecko) Chrome/75.0.2879.122 Safari/537.36"
45.43.177.174 - - [17/Jun/2025:08:33:09 -0400] "GET /wp-admin/edit.php?post_type=product HTTP/1.1" 500 945 "-" "Mozilla/5.0 (Windows NT 6.3; Win64; x64) AppleWebKit/537.36 (KHTML, like Gecko) Chrome/75.0.2879.122 Safari/537.36"
162.0.232.193 - - [17/Jun/2025:08:33:12 -0400] "POST /wp-cron.php?doing_wp_cron=1750163592.2838211059570312500000 HTTP/1.1" 200 0 "-" "WordPress/6.8.1; https://read11.windbreakermanga.com"
114.119.130.178 - - [17/Jun/2025:08:33:20 -0400] "GET /wind-breaker-chapter-456/ HTTP/1.1" 200 11665 "https://read8.windbreakermanga.com/wind-breaker/wind-breaker-chapter-371/" "Mozilla/5.0 (Linux; Android 7.0;) AppleWebKit/537.36 (KHTML, like Gecko) Mobile Safari/537.36 (compatible; PetalBot;+https://webmaster.petalsearch.com/site/petalbot)"
216.73.216.244 - - [17/Jun/2025:08:33:21 -0400] "GET /sitemap-subitems-917.xml HTTP/1.1" 200 10192 "-" "Mozilla/5.0 AppleWebKit/537.36 (KHTML, like Gecko; compatible; ClaudeBot/1.0; [email protected])"
162.0.232.193 - - [17/Jun/2025:08:33:24 -0400] "POST /wp-cron.php?doing_wp_cron=1750163604.3896830081939697265625 HTTP/1.1" 200 0 "-" "WordPress/6.8.1; https://read11.windbreakermanga.com"
162.0.232.193 - - [17/Jun/2025:08:33:42 -0400] "POST /wp-cron.php?doing_wp_cron=1750163622.5950291156768798828125 HTTP/1.1" 200 0 "-" "WordPress/6.8.1; https://read11.windbreakermanga.com"
47.128.52.125 - - [17/Jun/2025:08:33:44 -0400] "GET /wp-includes/class-wp-user-query.php HTTP/1.1" 403 1242 "-" "Mozilla/5.0 (Linux; Android 5.0) AppleWebKit/537.36 (KHTML, like Gecko) Mobile Safari/537.36 (compatible; Bytespider; [email protected])"
162.0.232.193 - - [17/Jun/2025:08:34:15 -0400] "POST /wp-cron.php?doing_wp_cron=1750163655.0935349464416503906250 HTTP/1.1" 200 0 "-" "WordPress/6.8.1; https://read11.windbreakermanga.com"
162.0.232.193 - - [17/Jun/2025:08:34:21 -0400] "GET /wp-content/uploads/f979bbbcbe9df560cb74049269d2541e_4104.xml HTTP/1.1" 200 2276 "-" "Mozilla/5.0 (X11; Linux x86_64) AppleWebKit/537.36 (KHTML, like Gecko) Ubuntu Chromium/41.0.2272.76"
112.204.166.187 - - [17/Jun/2025:08:34:43 -0400] "GET /wind-breaker-chapter-534/ HTTP/1.1" 200 11739 "https://www.google.com.ph/" "Mozilla/5.0 (iPhone; CPU iPhone OS 15_8_4 like Mac OS X) AppleWebKit/605.1.15 (KHTML, like Gecko) Version/15.6.7 Mobile/15E148 Safari/604.1"
112.204.166.187 - - [17/Jun/2025:08:34:44 -0400] "GET /wp-includes/js/comment-reply.min.js?ver=6.8.1 HTTP/1.1" 200 1247 "https://read11.windbreakermanga.com/wind-breaker-chapter-534/" "Mozilla/5.0 (iPhone; CPU iPhone OS 15_8_4 like Mac OS X) AppleWebKit/605.1.15 (KHTML, like Gecko) Version/15.6.7 Mobile/15E148 Safari/604.1"
112.204.166.187 - - [17/Jun/2025:08:34:44 -0400] "GET /wp-content/themes/toivo-lite/js/functions.min.js?ver=1.2.0 HTTP/1.1" 304 0 "https://read11.windbreakermanga.com/wind-breaker-chapter-534/" "Mozilla/5.0 (iPhone; CPU iPhone OS 15_8_4 like Mac OS X) AppleWebKit/605.1.15 (KHTML, like Gecko) Version/15.6.7 Mobile/15E148 Safari/604.1"
112.204.166.187 - - [17/Jun/2025:08:34:44 -0400] "GET /wp-content/cache/min/1/wp-content/plugins/wp-automatic/js/main-front.js?ver=1746140935 HTTP/1.1" 200 276 "https://read11.windbreakermanga.com/wind-breaker-chapter-534/" "Mozilla/5.0 (iPhone; CPU iPhone OS 15_8_4 like Mac OS X) AppleWebKit/605.1.15 (KHTML, like Gecko) Version/15.6.7 Mobile/15E148 Safari/604.1"
112.204.166.187 - - [17/Jun/2025:08:34:44 -0400] "GET /wp-content/cache/min/1/wp-content/plugins/simple-social-buttons/assets/js/front.js?ver=1746140519 HTTP/1.1" 200 1525 "https://read11.windbreakermanga.com/wind-breaker-chapter-534/" "Mozilla/5.0 (iPhone; CPU iPhone OS 15_8_4 like Mac OS X) AppleWebKit/605.1.15 (KHTML, like Gecko) Version/15.6.7 Mobile/15E148 Safari/604.1"
112.204.166.187 - - [17/Jun/2025:08:34:44 -0400] "GET /wp-includes/js/jquery/jquery.min.js?ver=3.7.1 HTTP/1.1" 304 0 "https://read11.windbreakermanga.com/wind-breaker-chapter-534/" "Mozilla/5.0 (iPhone; CPU iPhone OS 15_8_4 like Mac OS X) AppleWebKit/605.1.15 (KHTML, like Gecko) Version/15.6.7 Mobile/15E148 Safari/604.1"
112.204.166.187 - - [17/Jun/2025:08:34:44 -0400] "GET /wp-content/cache/min/1/wp-content/plugins/simple-social-buttons/assets/css/front.css?ver=1746140519 HTTP/1.1" 200 9651 "https://read11.windbreakermanga.com/wind-breaker-chapter-534/" "Mozilla/5.0 (iPhone; CPU iPhone OS 15_8_4 like Mac OS X) AppleWebKit/605.1.15 (KHTML, like Gecko) Version/15.6.7 Mobile/15E148 Safari/604.1"
112.204.166.187 - - [17/Jun/2025:08:34:44 -0400] "GET /wp-content/cache/min/1/wp-content/plugins/disqus-comment-system/public/js/comment_embed.js?ver=1746140935 HTTP/1.1" 304 0 "https://read11.windbreakermanga.com/wind-breaker-chapter-534/" "Mozilla/5.0 (iPhone; CPU iPhone OS 15_8_4 like Mac OS X) AppleWebKit/605.1.15 (KHTML, like Gecko) Version/15.6.7 Mobile/15E148 Safari/604.1"
