162.0.232.193 - - [17/Jun/2025:11:23:32 -0400] "GET /wind-breaker-chapter-465/ HTTP/1.1" 200 0 "-" "WP Rocket/Preload Mozilla/5.0 (iPhone; CPU iPhone OS 9_1 like Mac OS X) AppleWebKit/601.1.46 (KHTML, like Gecko) Version/9.0 Mobile/13B143 Safari/601.1"
162.0.232.193 - - [17/Jun/2025:11:23:33 -0400] "GET /wind-breaker-chapter-464/ HTTP/1.1" 200 12029 "-" "WP Rocket/Preload"
162.0.232.193 - - [17/Jun/2025:11:23:39 -0400] "GET /wind-breaker-chapter-464/ HTTP/1.1" 200 0 "-" "WP Rocket/Preload Mozilla/5.0 (iPhone; CPU iPhone OS 9_1 like Mac OS X) AppleWebKit/601.1.46 (KHTML, like Gecko) Version/9.0 Mobile/13B143 Safari/601.1"
162.0.232.193 - - [17/Jun/2025:11:23:46 -0400] "POST /wp-admin/admin-ajax.php?action=as_async_request_queue_runner&nonce=28b36f4a68 HTTP/1.1" 200 0 "-" "WordPress/6.8.1; https://read11.windbreakermanga.com"
47.128.63.185 - - [17/Jun/2025:11:23:47 -0400] "GET /wp-includes/class-wp-user-meta-session-tokens.php HTTP/1.1" 403 1242 "-" "Mozilla/5.0 (Linux; Android 5.0) AppleWebKit/537.36 (KHTML, like Gecko) Mobile Safari/537.36 (compatible; Bytespider; [email protected])"
162.0.232.193 - - [17/Jun/2025:11:23:47 -0400] "GET /wind-breaker-chapter-448/ HTTP/1.1" 200 0 "-" "WP Rocket/Preload"
162.0.232.193 - - [17/Jun/2025:11:23:49 -0400] "GET /wind-breaker-chapter-448/ HTTP/1.1" 200 0 "-" "WP Rocket/Preload Mozilla/5.0 (iPhone; CPU iPhone OS 9_1 like Mac OS X) AppleWebKit/601.1.46 (KHTML, like Gecko) Version/9.0 Mobile/13B143 Safari/601.1"
162.0.232.193 - - [17/Jun/2025:11:23:50 -0400] "GET /wind-breaker-chapter-437/ HTTP/1.1" 200 0 "-" "WP Rocket/Preload"
162.0.232.193 - - [17/Jun/2025:11:23:52 -0400] "GET /wind-breaker-chapter-437/ HTTP/1.1" 200 0 "-" "WP Rocket/Preload Mozilla/5.0 (iPhone; CPU iPhone OS 9_1 like Mac OS X) AppleWebKit/601.1.46 (KHTML, like Gecko) Version/9.0 Mobile/13B143 Safari/601.1"
162.0.232.193 - - [17/Jun/2025:11:23:53 -0400] "GET /chapter-431/ HTTP/1.1" 200 0 "-" "WP Rocket/Preload"
216.244.66.250 - - [17/Jun/2025:11:23:55 -0400] "GET /robots.txt HTTP/1.1" 304 0 "-" "Mozilla/5.0 (compatible; DotBot/1.2; +https://opensiteexplorer.org/dotbot; [email protected])"
216.244.66.250 - - [17/Jun/2025:11:23:55 -0400] "GET /robots.txt HTTP/1.1" 304 0 "-" "Mozilla/5.0 (compatible; DotBot/1.2; +https://opensiteexplorer.org/dotbot; [email protected])"
216.244.66.250 - - [17/Jun/2025:11:23:55 -0400] "GET /robots.txt HTTP/1.1" 304 0 "-" "Mozilla/5.0 (compatible; DotBot/1.2; +https://opensiteexplorer.org/dotbot; [email protected])"
162.0.232.193 - - [17/Jun/2025:11:23:55 -0400] "GET /chapter-431/ HTTP/1.1" 200 0 "-" "WP Rocket/Preload Mozilla/5.0 (iPhone; CPU iPhone OS 9_1 like Mac OS X) AppleWebKit/601.1.46 (KHTML, like Gecko) Version/9.0 Mobile/13B143 Safari/601.1"
162.0.232.193 - - [17/Jun/2025:11:23:56 -0400] "GET /chapter-418/ HTTP/1.1" 200 0 "-" "WP Rocket/Preload"
162.0.232.193 - - [17/Jun/2025:11:23:58 -0400] "GET /chapter-418/ HTTP/1.1" 200 0 "-" "WP Rocket/Preload Mozilla/5.0 (iPhone; CPU iPhone OS 9_1 like Mac OS X) AppleWebKit/601.1.46 (KHTML, like Gecko) Version/9.0 Mobile/13B143 Safari/601.1"
162.0.232.193 - - [17/Jun/2025:11:23:59 -0400] "GET /chapter-415/ HTTP/1.1" 200 0 "-" "WP Rocket/Preload"
162.0.232.193 - - [17/Jun/2025:11:24:01 -0400] "GET /chapter-415/ HTTP/1.1" 200 0 "-" "WP Rocket/Preload Mozilla/5.0 (iPhone; CPU iPhone OS 9_1 like Mac OS X) AppleWebKit/601.1.46 (KHTML, like Gecko) Version/9.0 Mobile/13B143 Safari/601.1"
162.0.232.193 - - [17/Jun/2025:11:24:03 -0400] "GET /wind-breaker-chapter-324/ HTTP/1.1" 200 0 "-" "WP Rocket/Preload"
162.0.232.193 - - [17/Jun/2025:11:24:04 -0400] "GET /wind-breaker-chapter-324/ HTTP/1.1" 200 0 "-" "WP Rocket/Preload Mozilla/5.0 (iPhone; CPU iPhone OS 9_1 like Mac OS X) AppleWebKit/601.1.46 (KHTML, like Gecko) Version/9.0 Mobile/13B143 Safari/601.1"
162.0.232.193 - - [17/Jun/2025:11:24:06 -0400] "GET /chapter-399/ HTTP/1.1" 200 0 "-" "WP Rocket/Preload"
47.82.60.76 - - [17/Jun/2025:11:24:07 -0400] "GET /wind-breaker-chapter-40/ HTTP/1.1" 200 12233 "https://read11.windbreakermanga.com/wind-breaker-chapter-40/" "Mozilla/5.0 (Windows NT 10.0; Win64; x64) AppleWebKit/537.36 (KHTML, like Gecko) Chrome/114.0.0.0 Safari/537.36 Edg/114.0.1823.43"
162.0.232.193 - - [17/Jun/2025:11:24:07 -0400] "GET /chapter-399/ HTTP/1.1" 200 0 "-" "WP Rocket/Preload Mozilla/5.0 (iPhone; CPU iPhone OS 9_1 like Mac OS X) AppleWebKit/601.1.46 (KHTML, like Gecko) Version/9.0 Mobile/13B143 Safari/601.1"
47.82.62.98 - - [17/Jun/2025:11:24:11 -0400] "GET /wind-breaker-chapter-63/ HTTP/1.1" 200 12240 "https://read11.windbreakermanga.com/wind-breaker-chapter-63/" "Mozilla/5.0 (Windows NT 10.0; Win64; x64) AppleWebKit/537.36 (KHTML, like Gecko) Chrome/114.0.0.0 Safari/537.36 Edg/114.0.1823.43"
162.0.232.193 - - [17/Jun/2025:11:24:14 -0400] "POST /wp-cron.php?doing_wp_cron=1750173854.7917919158935546875000 HTTP/1.1" 200 0 "-" "WordPress/6.8.1; https://read11.windbreakermanga.com"
162.0.232.193 - - [17/Jun/2025:11:24:14 -0400] "POST /wp-admin/admin-ajax.php?action=as_async_request_queue_runner&nonce=28b36f4a68 HTTP/1.1" 200 0 "-" "WordPress/6.8.1; https://read11.windbreakermanga.com"
162.0.232.193 - - [17/Jun/2025:11:24:15 -0400] "POST /wp-cron.php?doing_wp_cron=1750173855.2946050167083740234375 HTTP/1.1" 200 0 "-" "WordPress/6.8.1; https://read11.windbreakermanga.com"
162.0.232.193 - - [17/Jun/2025:11:24:16 -0400] "GET /wind-breaker-chapter-378/ HTTP/1.1" 200 12143 "-" "WP Rocket/Preload"
162.0.232.193 - - [17/Jun/2025:11:24:17 -0400] "GET /wind-breaker-chapter-378/ HTTP/1.1" 200 0 "-" "WP Rocket/Preload Mozilla/5.0 (iPhone; CPU iPhone OS 9_1 like Mac OS X) AppleWebKit/601.1.46 (KHTML, like Gecko) Version/9.0 Mobile/13B143 Safari/601.1"
162.0.232.193 - - [17/Jun/2025:11:24:19 -0400] "GET /wind-breaker-chapter-354/ HTTP/1.1" 200 0 "-" "WP Rocket/Preload"
162.0.232.193 - - [17/Jun/2025:11:24:21 -0400] "GET /wind-breaker-chapter-354/ HTTP/1.1" 200 0 "-" "WP Rocket/Preload Mozilla/5.0 (iPhone; CPU iPhone OS 9_1 like Mac OS X) AppleWebKit/601.1.46 (KHTML, like Gecko) Version/9.0 Mobile/13B143 Safari/601.1"
162.0.232.193 - - [17/Jun/2025:11:24:22 -0400] "GET /wind-breaker-chapter-365/ HTTP/1.1" 200 0 "-" "WP Rocket/Preload"
162.0.232.193 - - [17/Jun/2025:11:24:24 -0400] "GET /wind-breaker-chapter-365/ HTTP/1.1" 200 0 "-" "WP Rocket/Preload Mozilla/5.0 (iPhone; CPU iPhone OS 9_1 like Mac OS X) AppleWebKit/601.1.46 (KHTML, like Gecko) Version/9.0 Mobile/13B143 Safari/601.1"
162.0.232.193 - - [17/Jun/2025:11:24:25 -0400] "GET /wp-content/uploads/f979bbbcbe9df560cb74049269d2541e_4104.xml HTTP/1.1" 200 2276 "-" "Mozilla/5.0 (X11; Linux x86_64) AppleWebKit/537.36 (KHTML, like Gecko) Ubuntu Chromium/41.0.2272.76"
162.0.232.193 - - [17/Jun/2025:11:24:25 -0400] "GET /wind-breaker-chapter-357/ HTTP/1.1" 200 0 "-" "WP Rocket/Preload"
162.0.232.193 - - [17/Jun/2025:11:24:27 -0400] "GET /wind-breaker-chapter-357/ HTTP/1.1" 200 0 "-" "WP Rocket/Preload Mozilla/5.0 (iPhone; CPU iPhone OS 9_1 like Mac OS X) AppleWebKit/601.1.46 (KHTML, like Gecko) Version/9.0 Mobile/13B143 Safari/601.1"
162.0.232.193 - - [17/Jun/2025:11:24:29 -0400] "GET /chapter-233/ HTTP/1.1" 200 11160 "-" "WP Rocket/Preload"
162.0.232.193 - - [17/Jun/2025:11:24:30 -0400] "GET /chapter-233/ HTTP/1.1" 200 0 "-" "WP Rocket/Preload Mozilla/5.0 (iPhone; CPU iPhone OS 9_1 like Mac OS X) AppleWebKit/601.1.46 (KHTML, like Gecko) Version/9.0 Mobile/13B143 Safari/601.1"
162.0.232.193 - - [17/Jun/2025:11:24:31 -0400] "GET /wind-breaker-chapter-188/ HTTP/1.1" 200 0 "-" "WP Rocket/Preload"
162.0.232.193 - - [17/Jun/2025:11:24:33 -0400] "GET /wind-breaker-chapter-188/ HTTP/1.1" 200 12325 "-" "WP Rocket/Preload Mozilla/5.0 (iPhone; CPU iPhone OS 9_1 like Mac OS X) AppleWebKit/601.1.46 (KHTML, like Gecko) Version/9.0 Mobile/13B143 Safari/601.1"
162.0.232.193 - - [17/Jun/2025:11:24:34 -0400] "GET /wind-breaker-chapter-135/ HTTP/1.1" 200 0 "-" "WP Rocket/Preload"
162.0.232.193 - - [17/Jun/2025:11:24:36 -0400] "GET /wind-breaker-chapter-135/ HTTP/1.1" 200 12267 "-" "WP Rocket/Preload Mozilla/5.0 (iPhone; CPU iPhone OS 9_1 like Mac OS X) AppleWebKit/601.1.46 (KHTML, like Gecko) Version/9.0 Mobile/13B143 Safari/601.1"
2a03:2880:f800:18:: - - [17/Jun/2025:11:24:58 -0400] "GET /shopdetail/98200064 HTTP/1.1" 301 0 "-" "meta-externalagent/1.1 (+https://developers.facebook.com/docs/sharing/webmasters/crawler)"
43.130.228.73 - - [17/Jun/2025:11:25:02 -0400] "GET / HTTP/1.1" 200 12575 "https://read10.windbreakermanga.com/" "Mozilla/5.0 (iPhone; CPU iPhone OS 13_2_3 like Mac OS X) AppleWebKit/605.1.15 (KHTML, like Gecko) Version/13.0.3 Mobile/15E148 Safari/604.1"
162.0.232.193 - - [17/Jun/2025:11:25:16 -0400] "POST /wp-cron.php?doing_wp_cron=1750173916.2762908935546875000000 HTTP/1.1" 200 0 "-" "WordPress/6.8.1; https://read11.windbreakermanga.com"
162.0.232.193 - - [17/Jun/2025:11:25:17 -0400] "GET /wind-breaker-chapter-125/ HTTP/1.1" 200 12254 "-" "WP Rocket/Preload"
162.0.232.193 - - [17/Jun/2025:11:25:18 -0400] "GET /wind-breaker-chapter-125/ HTTP/1.1" 200 0 "-" "WP Rocket/Preload Mozilla/5.0 (iPhone; CPU iPhone OS 9_1 like Mac OS X) AppleWebKit/601.1.46 (KHTML, like Gecko) Version/9.0 Mobile/13B143 Safari/601.1"
162.0.232.193 - - [17/Jun/2025:11:25:20 -0400] "GET /wind-breaker-chapter-119/ HTTP/1.1" 200 11931 "-" "WP Rocket/Preload"
162.0.232.193 - - [17/Jun/2025:11:25:22 -0400] "GET /wind-breaker-chapter-119/ HTTP/1.1" 200 0 "-" "WP Rocket/Preload Mozilla/5.0 (iPhone; CPU iPhone OS 9_1 like Mac OS X) AppleWebKit/601.1.46 (KHTML, like Gecko) Version/9.0 Mobile/13B143 Safari/601.1"
162.0.232.193 - - [17/Jun/2025:11:25:23 -0400] "GET /wind-breaker-chapter-503/ HTTP/1.1" 200 11662 "-" "WP Rocket/Preload"
162.0.232.193 - - [17/Jun/2025:11:25:25 -0400] "GET /wind-breaker-chapter-503/ HTTP/1.1" 200 0 "-" "WP Rocket/Preload Mozilla/5.0 (iPhone; CPU iPhone OS 9_1 like Mac OS X) AppleWebKit/601.1.46 (KHTML, like Gecko) Version/9.0 Mobile/13B143 Safari/601.1"
162.0.232.193 - - [17/Jun/2025:11:25:26 -0400] "GET /wind-breaker-chapter-481/ HTTP/1.1" 200 0 "-" "WP Rocket/Preload"
162.0.232.193 - - [17/Jun/2025:11:25:28 -0400] "GET /wind-breaker-chapter-481/ HTTP/1.1" 200 0 "-" "WP Rocket/Preload Mozilla/5.0 (iPhone; CPU iPhone OS 9_1 like Mac OS X) AppleWebKit/601.1.46 (KHTML, like Gecko) Version/9.0 Mobile/13B143 Safari/601.1"
162.0.232.193 - - [17/Jun/2025:11:25:29 -0400] "GET /wind-breaker-chapter-474/ HTTP/1.1" 200 0 "-" "WP Rocket/Preload"
162.0.232.193 - - [17/Jun/2025:11:25:31 -0400] "GET /wind-breaker-chapter-474/ HTTP/1.1" 200 0 "-" "WP Rocket/Preload Mozilla/5.0 (iPhone; CPU iPhone OS 9_1 like Mac OS X) AppleWebKit/601.1.46 (KHTML, like Gecko) Version/9.0 Mobile/13B143 Safari/601.1"
162.0.232.193 - - [17/Jun/2025:11:25:33 -0400] "GET /wind-breaker-chapter-470/ HTTP/1.1" 200 0 "-" "WP Rocket/Preload"
162.0.232.193 - - [17/Jun/2025:11:25:34 -0400] "GET /wind-breaker-chapter-470/ HTTP/1.1" 200 0 "-" "WP Rocket/Preload Mozilla/5.0 (iPhone; CPU iPhone OS 9_1 like Mac OS X) AppleWebKit/601.1.46 (KHTML, like Gecko) Version/9.0 Mobile/13B143 Safari/601.1"
162.0.232.193 - - [17/Jun/2025:11:25:36 -0400] "GET /wind-breaker-chapter-452/ HTTP/1.1" 200 0 "-" "WP Rocket/Preload"
162.0.232.193 - - [17/Jun/2025:11:25:37 -0400] "GET /wind-breaker-chapter-452/ HTTP/1.1" 200 0 "-" "WP Rocket/Preload Mozilla/5.0 (iPhone; CPU iPhone OS 9_1 like Mac OS X) AppleWebKit/601.1.46 (KHTML, like Gecko) Version/9.0 Mobile/13B143 Safari/601.1"
95.108.213.110 - - [17/Jun/2025:11:25:42 -0400] "GET /robots.txt HTTP/1.1" 304 0 "-" "Mozilla/5.0 (compatible; YandexBot/3.0; +http://yandex.com/bots)"
162.0.232.193 - - [17/Jun/2025:11:25:43 -0400] "POST /wp-cron.php?doing_wp_cron=1750173942.7999799251556396484375 HTTP/1.1" 200 0 "-" "WordPress/6.8.1; https://read11.windbreakermanga.com"
162.0.232.193 - - [17/Jun/2025:11:25:44 -0400] "GET /wind-breaker-chapter-449/ HTTP/1.1" 200 0 "-" "WP Rocket/Preload"
213.180.203.202 - - [17/Jun/2025:11:25:45 -0400] "GET /wind-breaker-chapter-76/ HTTP/1.1" 200 12242 "-" "Mozilla/5.0 (compatible; YandexBot/3.0; +http://yandex.com/bots)"
162.0.232.193 - - [17/Jun/2025:11:25:46 -0400] "GET /wind-breaker-chapter-449/ HTTP/1.1" 200 0 "-" "WP Rocket/Preload Mozilla/5.0 (iPhone; CPU iPhone OS 9_1 like Mac OS X) AppleWebKit/601.1.46 (KHTML, like Gecko) Version/9.0 Mobile/13B143 Safari/601.1"
162.0.232.193 - - [17/Jun/2025:11:25:47 -0400] "GET /wind-breaker-chapter-433/ HTTP/1.1" 200 0 "-" "WP Rocket/Preload"
162.0.232.193 - - [17/Jun/2025:11:25:49 -0400] "GET /wind-breaker-chapter-433/ HTTP/1.1" 200 0 "-" "WP Rocket/Preload Mozilla/5.0 (iPhone; CPU iPhone OS 9_1 like Mac OS X) AppleWebKit/601.1.46 (KHTML, like Gecko) Version/9.0 Mobile/13B143 Safari/601.1"
162.0.232.193 - - [17/Jun/2025:11:25:51 -0400] "GET /wind-breaker-chapter-328/ HTTP/1.1" 200 0 "-" "WP Rocket/Preload"
162.0.232.193 - - [17/Jun/2025:11:25:52 -0400] "GET /wind-breaker-chapter-328/ HTTP/1.1" 200 0 "-" "WP Rocket/Preload Mozilla/5.0 (iPhone; CPU iPhone OS 9_1 like Mac OS X) AppleWebKit/601.1.46 (KHTML, like Gecko) Version/9.0 Mobile/13B143 Safari/601.1"
162.0.232.193 - - [17/Jun/2025:11:25:54 -0400] "GET /chapter-427/ HTTP/1.1" 200 0 "-" "WP Rocket/Preload"
162.0.232.193 - - [17/Jun/2025:11:25:55 -0400] "GET /chapter-427/ HTTP/1.1" 200 0 "-" "WP Rocket/Preload Mozilla/5.0 (iPhone; CPU iPhone OS 9_1 like Mac OS X) AppleWebKit/601.1.46 (KHTML, like Gecko) Version/9.0 Mobile/13B143 Safari/601.1"
162.0.232.193 - - [17/Jun/2025:11:25:57 -0400] "GET /chapter-426/ HTTP/1.1" 200 0 "-" "WP Rocket/Preload"
47.82.60.129 - - [17/Jun/2025:11:25:58 -0400] "GET /wind-breaker-chapter-44/ HTTP/1.1" 200 12340 "https://read11.windbreakermanga.com/wind-breaker-chapter-44/" "Mozilla/5.0 (Windows NT 10.0; Win64; x64) AppleWebKit/537.36 (KHTML, like Gecko) Chrome/114.0.0.0 Safari/537.36 Edg/114.0.1823.43"
162.0.232.193 - - [17/Jun/2025:11:25:58 -0400] "GET /chapter-426/ HTTP/1.1" 200 0 "-" "WP Rocket/Preload Mozilla/5.0 (iPhone; CPU iPhone OS 9_1 like Mac OS X) AppleWebKit/601.1.46 (KHTML, like Gecko) Version/9.0 Mobile/13B143 Safari/601.1"
162.0.232.193 - - [17/Jun/2025:11:26:00 -0400] "GET /chapter-421/ HTTP/1.1" 200 0 "-" "WP Rocket/Preload"
162.0.232.193 - - [17/Jun/2025:11:26:01 -0400] "GET /chapter-421/ HTTP/1.1" 200 0 "-" "WP Rocket/Preload Mozilla/5.0 (iPhone; CPU iPhone OS 9_1 like Mac OS X) AppleWebKit/601.1.46 (KHTML, like Gecko) Version/9.0 Mobile/13B143 Safari/601.1"
162.0.232.193 - - [17/Jun/2025:11:26:03 -0400] "GET /chapter-397/ HTTP/1.1" 200 0 "-" "WP Rocket/Preload"
162.0.232.193 - - [17/Jun/2025:11:26:04 -0400] "GET /chapter-397/ HTTP/1.1" 200 0 "-" "WP Rocket/Preload Mozilla/5.0 (iPhone; CPU iPhone OS 9_1 like Mac OS X) AppleWebKit/601.1.46 (KHTML, like Gecko) Version/9.0 Mobile/13B143 Safari/601.1"
162.0.232.193 - - [17/Jun/2025:11:26:13 -0400] "POST /wp-cron.php?doing_wp_cron=1750173973.3772349357604980468750 HTTP/1.1" 200 0 "-" "WordPress/6.8.1; https://read11.windbreakermanga.com"
2a03:2880:f800:14:: - - [17/Jun/2025:11:26:20 -0400] "GET /shopdetail/98194904 HTTP/1.1" 301 0 "-" "meta-externalagent/1.1 (+https://developers.facebook.com/docs/sharing/webmasters/crawler)"
162.0.232.193 - - [17/Jun/2025:11:26:24 -0400] "POST /wp-cron.php?doing_wp_cron=1750173984.3862619400024414062500 HTTP/1.1" 200 0 "-" "WordPress/6.8.1; https://read11.windbreakermanga.com"
162.0.232.193 - - [17/Jun/2025:11:26:26 -0400] "GET /wind-breaker-chapter-389/ HTTP/1.1" 200 11877 "-" "WP Rocket/Preload"
162.0.232.193 - - [17/Jun/2025:11:26:32 -0400] "GET /wind-breaker-chapter-389/ HTTP/1.1" 200 0 "-" "WP Rocket/Preload Mozilla/5.0 (iPhone; CPU iPhone OS 9_1 like Mac OS X) AppleWebKit/601.1.46 (KHTML, like Gecko) Version/9.0 Mobile/13B143 Safari/601.1"
162.0.232.193 - - [17/Jun/2025:11:26:41 -0400] "POST /wp-cron.php?doing_wp_cron=1750174001.6178450584411621093750 HTTP/1.1" 200 0 "-" "WordPress/6.8.1; https://read11.windbreakermanga.com"
47.128.18.151 - - [17/Jun/2025:11:27:07 -0400] "GET /wp-includes/class-wp-oembed.php HTTP/1.1" 403 1242 "-" "Mozilla/5.0 (Linux; Android 5.0) AppleWebKit/537.36 (KHTML, like Gecko) Mobile Safari/537.36 (compatible; Bytespider; [email protected])"
162.0.232.193 - - [17/Jun/2025:11:27:13 -0400] "POST /wp-cron.php?doing_wp_cron=1750174032.8827550411224365234375 HTTP/1.1" 200 0 "-" "WordPress/6.8.1; https://read11.windbreakermanga.com"
162.0.232.193 - - [17/Jun/2025:11:27:24 -0400] "POST /wp-cron.php?doing_wp_cron=1750174044.1961879730224609375000 HTTP/1.1" 200 0 "-" "WordPress/6.8.1; https://read11.windbreakermanga.com"
162.0.232.193 - - [17/Jun/2025:11:27:25 -0400] "GET /wind-breaker-chapter-380/ HTTP/1.1" 200 0 "-" "WP Rocket/Preload"
162.0.232.193 - - [17/Jun/2025:11:27:27 -0400] "GET /wind-breaker-chapter-380/ HTTP/1.1" 200 0 "-" "WP Rocket/Preload Mozilla/5.0 (iPhone; CPU iPhone OS 9_1 like Mac OS X) AppleWebKit/601.1.46 (KHTML, like Gecko) Version/9.0 Mobile/13B143 Safari/601.1"
162.0.232.193 - - [17/Jun/2025:11:27:28 -0400] "GET /wind-breaker-chapter-369/ HTTP/1.1" 200 0 "-" "WP Rocket/Preload"
162.0.232.193 - - [17/Jun/2025:11:27:30 -0400] "GET /wind-breaker-chapter-369/ HTTP/1.1" 200 0 "-" "WP Rocket/Preload Mozilla/5.0 (iPhone; CPU iPhone OS 9_1 like Mac OS X) AppleWebKit/601.1.46 (KHTML, like Gecko) Version/9.0 Mobile/13B143 Safari/601.1"
162.0.232.193 - - [17/Jun/2025:11:27:32 -0400] "GET /wind-breaker-chapter-302/ HTTP/1.1" 200 12948 "-" "WP Rocket/Preload"
162.0.232.193 - - [17/Jun/2025:11:27:33 -0400] "GET /wind-breaker-chapter-302/ HTTP/1.1" 200 0 "-" "WP Rocket/Preload Mozilla/5.0 (iPhone; CPU iPhone OS 9_1 like Mac OS X) AppleWebKit/601.1.46 (KHTML, like Gecko) Version/9.0 Mobile/13B143 Safari/601.1"
162.0.232.193 - - [17/Jun/2025:11:27:35 -0400] "GET /wind-breaker-chapter-45/ HTTP/1.1" 200 12253 "-" "WP Rocket/Preload"
47.82.61.93 - - [17/Jun/2025:11:27:35 -0400] "GET /wind-breaker-chapter-505/ HTTP/1.1" 200 11190 "https://read11.windbreakermanga.com/wind-breaker-chapter-505/" "Mozilla/5.0 (Windows NT 10.0; Win64; x64) AppleWebKit/537.36 (KHTML, like Gecko) Chrome/114.0.0.0 Safari/537.36 Edg/114.0.1823.43"
162.0.232.193 - - [17/Jun/2025:11:27:36 -0400] "GET /wind-breaker-chapter-45/ HTTP/1.1" 200 0 "-" "WP Rocket/Preload Mozilla/5.0 (iPhone; CPU iPhone OS 9_1 like Mac OS X) AppleWebKit/601.1.46 (KHTML, like Gecko) Version/9.0 Mobile/13B143 Safari/601.1"
162.0.232.193 - - [17/Jun/2025:11:27:37 -0400] "GET /wind-breaker-chapter-118/ HTTP/1.1" 200 12270 "-" "WP Rocket/Preload"
162.0.232.193 - - [17/Jun/2025:11:27:38 -0400] "GET /wind-breaker-chapter-118/ HTTP/1.1" 200 0 "-" "WP Rocket/Preload Mozilla/5.0 (iPhone; CPU iPhone OS 9_1 like Mac OS X) AppleWebKit/601.1.46 (KHTML, like Gecko) Version/9.0 Mobile/13B143 Safari/601.1"
162.0.232.193 - - [17/Jun/2025:11:27:40 -0400] "GET /wind-breaker-chapter-2/ HTTP/1.1" 200 11707 "-" "WP Rocket/Preload"
162.0.232.193 - - [17/Jun/2025:11:27:41 -0400] "GET /wind-breaker-chapter-2/ HTTP/1.1" 200 0 "-" "WP Rocket/Preload Mozilla/5.0 (iPhone; CPU iPhone OS 9_1 like Mac OS X) AppleWebKit/601.1.46 (KHTML, like Gecko) Version/9.0 Mobile/13B143 Safari/601.1"
162.0.232.193 - - [17/Jun/2025:11:27:43 -0400] "GET /wind-breaker-chapter-543/ HTTP/1.1" 200 0 "-" "WP Rocket/Preload"
162.0.232.193 - - [17/Jun/2025:11:27:44 -0400] "GET /wind-breaker-chapter-543/ HTTP/1.1" 200 0 "-" "WP Rocket/Preload Mozilla/5.0 (iPhone; CPU iPhone OS 9_1 like Mac OS X) AppleWebKit/601.1.46 (KHTML, like Gecko) Version/9.0 Mobile/13B143 Safari/601.1"
162.0.232.193 - - [17/Jun/2025:11:27:47 -0400] "POST /wp-cron.php?doing_wp_cron=1750174067.1855831146240234375000 HTTP/1.1" 200 0 "-" "WordPress/6.8.1; https://read11.windbreakermanga.com"
2a03:2880:f800:18:: - - [17/Jun/2025:11:27:51 -0400] "GET /shopdetail/98240636 HTTP/1.1" 301 0 "-" "meta-externalagent/1.1 (+https://developers.facebook.com/docs/sharing/webmasters/crawler)"
47.82.61.199 - - [17/Jun/2025:11:27:53 -0400] "GET /wind-breaker-chapter-503/ HTTP/1.1" 200 11662 "https://read11.windbreakermanga.com/wind-breaker-chapter-503/" "Mozilla/5.0 (Windows NT 10.0; Win64; x64) AppleWebKit/537.36 (KHTML, like Gecko) Chrome/114.0.0.0 Safari/537.36 Edg/114.0.1823.43"
162.0.232.193 - - [17/Jun/2025:11:28:13 -0400] "POST /wp-cron.php?doing_wp_cron=1750174092.7945280075073242187500 HTTP/1.1" 200 0 "-" "WordPress/6.8.1; https://read11.windbreakermanga.com"
2a03:2880:f800:b:: - - [17/Jun/2025:11:28:13 -0400] "GET /sitemap-subitems-499.xml HTTP/1.1" 301 0 "-" "meta-externalagent/1.1 (+https://developers.facebook.com/docs/sharing/webmasters/crawler)"
2a03:2880:f800:16:: - - [17/Jun/2025:11:28:59 -0400] "GET /shopdetail/98199428 HTTP/1.1" 301 0 "-" "meta-externalagent/1.1 (+https://developers.facebook.com/docs/sharing/webmasters/crawler)"
162.0.232.193 - - [17/Jun/2025:11:29:14 -0400] "POST /wp-cron.php?doing_wp_cron=1750174154.4810359477996826171875 HTTP/1.1" 200 0 "-" "WordPress/6.8.1; https://read11.windbreakermanga.com"
162.0.232.193 - - [17/Jun/2025:11:29:17 -0400] "GET /wind-breaker-chapter-511/ HTTP/1.1" 200 11849 "-" "WP Rocket/Preload"
162.0.232.193 - - [17/Jun/2025:11:29:22 -0400] "GET /wind-breaker-chapter-511/ HTTP/1.1" 200 0 "-" "WP Rocket/Preload Mozilla/5.0 (iPhone; CPU iPhone OS 9_1 like Mac OS X) AppleWebKit/601.1.46 (KHTML, like Gecko) Version/9.0 Mobile/13B143 Safari/601.1"
162.0.232.193 - - [17/Jun/2025:11:29:27 -0400] "POST /wp-cron.php?doing_wp_cron=1750174167.1856911182403564453125 HTTP/1.1" 200 0 "-" "WordPress/6.8.1; https://read11.windbreakermanga.com"
162.0.232.193 - - [17/Jun/2025:11:29:30 -0400] "GET /wind-breaker-chapter-439/ HTTP/1.1" 200 0 "-" "WP Rocket/Preload"
162.0.232.193 - - [17/Jun/2025:11:29:31 -0400] "GET /wind-breaker-chapter-439/ HTTP/1.1" 200 0 "-" "WP Rocket/Preload Mozilla/5.0 (iPhone; CPU iPhone OS 9_1 like Mac OS X) AppleWebKit/601.1.46 (KHTML, like Gecko) Version/9.0 Mobile/13B143 Safari/601.1"
162.0.232.193 - - [17/Jun/2025:11:29:33 -0400] "GET /wind-breaker-chapter-381/ HTTP/1.1" 200 0 "-" "WP Rocket/Preload"
162.0.232.193 - - [17/Jun/2025:11:29:34 -0400] "GET /wind-breaker-chapter-381/ HTTP/1.1" 200 0 "-" "WP Rocket/Preload Mozilla/5.0 (iPhone; CPU iPhone OS 9_1 like Mac OS X) AppleWebKit/601.1.46 (KHTML, like Gecko) Version/9.0 Mobile/13B143 Safari/601.1"
162.0.232.193 - - [17/Jun/2025:11:29:36 -0400] "GET /wind-breaker-chapter-147/ HTTP/1.1" 200 12321 "-" "WP Rocket/Preload"
162.0.232.193 - - [17/Jun/2025:11:29:37 -0400] "GET /wind-breaker-chapter-147/ HTTP/1.1" 200 0 "-" "WP Rocket/Preload Mozilla/5.0 (iPhone; CPU iPhone OS 9_1 like Mac OS X) AppleWebKit/601.1.46 (KHTML, like Gecko) Version/9.0 Mobile/13B143 Safari/601.1"
45.227.254.34 - - [17/Jun/2025:11:29:39 -0400] "GET / HTTP/1.1" 200 12660 "-" "Mozilla/5.0 (Macintosh; Intel Mac OS X 10_15_7) AppleWebKit/537.36 (KHTML, like Gecko) Chrome/120.0.0.0 Safari/537.36"
162.0.232.193 - - [17/Jun/2025:11:29:43 -0400] "POST /wp-cron.php?doing_wp_cron=1750174183.1883859634399414062500 HTTP/1.1" 200 0 "-" "WordPress/6.8.1; https://read11.windbreakermanga.com"
2a03:2880:f800:c:: - - [17/Jun/2025:11:29:47 -0400] "GET /shopdetail/98236356 HTTP/1.1" 301 0 "-" "meta-externalagent/1.1 (+https://developers.facebook.com/docs/sharing/webmasters/crawler)"
47.82.62.106 - - [17/Jun/2025:11:29:58 -0400] "GET /category/wind-breaker-manhwa/page/51/ HTTP/1.1" 200 12441 "https://read11.windbreakermanga.com/category/wind-breaker-manhwa/page/51/" "Mozilla/5.0 (Windows NT 10.0; Win64; x64) AppleWebKit/537.36 (KHTML, like Gecko) Chrome/114.0.0.0 Safari/537.36 Edg/114.0.1823.43"
162.0.232.193 - - [17/Jun/2025:11:30:12 -0400] "POST /wp-cron.php?doing_wp_cron=1750174212.1729888916015625000000 HTTP/1.1" 200 0 "-" "WordPress/6.8.1; https://read11.windbreakermanga.com"
162.0.232.193 - - [17/Jun/2025:11:30:25 -0400] "POST /wp-cron.php?doing_wp_cron=1750174224.8842229843139648437500 HTTP/1.1" 200 0 "-" "WordPress/6.8.1; https://read11.windbreakermanga.com"
47.128.53.115 - - [17/Jun/2025:11:30:27 -0400] "GET /wp-includes/link-template.php HTTP/1.1" 403 1242 "-" "Mozilla/5.0 (Linux; Android 5.0) AppleWebKit/537.36 (KHTML, like Gecko) Mobile Safari/537.36 (compatible; Bytespider; [email protected])"
162.0.232.193 - - [17/Jun/2025:11:30:41 -0400] "POST /wp-cron.php?doing_wp_cron=1750174241.4997549057006835937500 HTTP/1.1" 200 0 "-" "WordPress/6.8.1; https://read11.windbreakermanga.com"
2a03:2880:f800:a:: - - [17/Jun/2025:11:30:46 -0400] "GET /shopdetail/98204344 HTTP/1.1" 301 0 "-" "meta-externalagent/1.1 (+https://developers.facebook.com/docs/sharing/webmasters/crawler)"
47.82.60.120 - - [17/Jun/2025:11:30:52 -0400] "GET /author/admin/page/50/ HTTP/1.1" 200 12590 "https://read11.windbreakermanga.com/author/admin/page/50/" "Mozilla/5.0 (Windows NT 10.0; Win64; x64) AppleWebKit/537.36 (KHTML, like Gecko) Chrome/114.0.0.0 Safari/537.36 Edg/114.0.1823.43"
162.0.232.193 - - [17/Jun/2025:11:31:11 -0400] "POST /wp-cron.php?doing_wp_cron=1750174271.1932110786437988281250 HTTP/1.1" 200 0 "-" "WordPress/6.8.1; https://read11.windbreakermanga.com"
162.0.232.193 - - [17/Jun/2025:11:31:25 -0400] "POST /wp-cron.php?doing_wp_cron=1750174285.0973870754241943359375 HTTP/1.1" 200 0 "-" "WordPress/6.8.1; https://read11.windbreakermanga.com"
162.0.232.193 - - [17/Jun/2025:11:31:41 -0400] "POST /wp-cron.php?doing_wp_cron=1750174301.4877591133117675781250 HTTP/1.1" 200 0 "-" "WordPress/6.8.1; https://read11.windbreakermanga.com"
47.82.60.159 - - [17/Jun/2025:11:31:45 -0400] "GET /category/wind-breaker-manhwa/page/34/ HTTP/1.1" 200 15130 "https://read11.windbreakermanga.com/category/wind-breaker-manhwa/page/34/" "Mozilla/5.0 (Windows NT 10.0; Win64; x64) AppleWebKit/537.36 (KHTML, like Gecko) Chrome/114.0.0.0 Safari/537.36 Edg/114.0.1823.43"
162.0.232.193 - - [17/Jun/2025:11:32:11 -0400] "POST /wp-cron.php?doing_wp_cron=1750174331.5804879665374755859375 HTTP/1.1" 200 0 "-" "WordPress/6.8.1; https://read11.windbreakermanga.com"
162.0.232.193 - - [17/Jun/2025:11:33:12 -0400] "POST /wp-cron.php?doing_wp_cron=1750174392.5973029136657714843750 HTTP/1.1" 200 0 "-" "WordPress/6.8.1; https://read11.windbreakermanga.com"
162.0.232.193 - - [17/Jun/2025:11:33:25 -0400] "POST /wp-cron.php?doing_wp_cron=1750174405.3754909038543701171875 HTTP/1.1" 200 0 "-" "WordPress/6.8.1; https://read11.windbreakermanga.com"
162.0.232.193 - - [17/Jun/2025:11:33:45 -0400] "POST /wp-cron.php?doing_wp_cron=1750174425.6879799365997314453125 HTTP/1.1" 200 0 "-" "WordPress/6.8.1; https://read11.windbreakermanga.com"
47.128.61.95 - - [17/Jun/2025:11:33:47 -0400] "GET /wp-includes/class-wp-recovery-mode-link-service.php HTTP/1.1" 403 1242 "-" "Mozilla/5.0 (Linux; Android 5.0) AppleWebKit/537.36 (KHTML, like Gecko) Mobile Safari/537.36 (compatible; Bytespider; [email protected])"
162.0.232.193 - - [17/Jun/2025:11:34:11 -0400] "POST /wp-cron.php?doing_wp_cron=1750174451.4886488914489746093750 HTTP/1.1" 200 0 "-" "WordPress/6.8.1; https://read11.windbreakermanga.com"
162.0.232.193 - - [17/Jun/2025:11:34:34 -0400] "POST /wp-cron.php?doing_wp_cron=1750174473.9985671043395996093750 HTTP/1.1" 200 0 "-" "WordPress/6.8.1; https://read11.windbreakermanga.com"
162.0.232.193 - - [17/Jun/2025:11:34:41 -0400] "POST /wp-cron.php?doing_wp_cron=1750174481.5768039226531982421875 HTTP/1.1" 200 0 "-" "WordPress/6.8.1; https://read11.windbreakermanga.com"
2a03:2880:f800:1:: - - [17/Jun/2025:11:34:56 -0400] "GET /shopdetail/98189324 HTTP/1.1" 301 0 "-" "meta-externalagent/1.1 (+https://developers.facebook.com/docs/sharing/webmasters/crawler)"
162.0.232.193 - - [17/Jun/2025:11:35:11 -0400] "POST /wp-cron.php?doing_wp_cron=1750174511.3747510910034179687500 HTTP/1.1" 200 0 "-" "WordPress/6.8.1; https://read11.windbreakermanga.com"
162.0.232.193 - - [17/Jun/2025:11:35:24 -0400] "POST /wp-cron.php?doing_wp_cron=1750174524.8761589527130126953125 HTTP/1.1" 200 0 "-" "WordPress/6.8.1; https://read11.windbreakermanga.com"
162.0.232.193 - - [17/Jun/2025:11:35:42 -0400] "POST /wp-cron.php?doing_wp_cron=1750174542.2010619640350341796875 HTTP/1.1" 200 0 "-" "WordPress/6.8.1; https://read11.windbreakermanga.com"
114.119.130.178 - - [17/Jun/2025:11:35:51 -0400] "GET /wind-breaker-chapter-538/ HTTP/1.1" 200 11697 "https://read10.windbreakermanga.com/category/wind-breaker-manga/page/55/" "Mozilla/5.0 (Linux; Android 7.0;) AppleWebKit/537.36 (KHTML, like Gecko) Mobile Safari/537.36 (compatible; PetalBot;+https://webmaster.petalsearch.com/site/petalbot)"
15.204.43.172 - - [17/Jun/2025:11:36:02 -0400] "POST /xmlrpc.php HTTP/1.1" 200 186 "https://read11.windbreakermanga.com" "Mozilla/5.0 (Macintosh; Intel Mac OS X 14_4_1) AppleWebKit/605.1.15 (KHTML, like Gecko) Version/17.3.1 Safari/605.1.15"
162.0.232.193 - - [17/Jun/2025:11:36:11 -0400] "POST /wp-cron.php?doing_wp_cron=1750174571.3783090114593505859375 HTTP/1.1" 200 0 "-" "WordPress/6.8.1; https://read11.windbreakermanga.com"
162.0.232.193 - - [17/Jun/2025:11:36:17 -0400] "GET /wp-content/uploads/f979bbbcbe9df560cb74049269d2541e_4104.xml HTTP/1.1" 200 2533 "-" "Mozilla/5.0 (X11; Linux x86_64) AppleWebKit/537.36 (KHTML, like Gecko) Ubuntu Chromium/41.0.2272.76"
47.128.52.164 - - [17/Jun/2025:11:37:08 -0400] "GET /wp-includes/media-template.php HTTP/1.1" 403 1242 "-" "Mozilla/5.0 (Linux; Android 5.0) AppleWebKit/537.36 (KHTML, like Gecko) Mobile Safari/537.36 (compatible; Bytespider; [email protected])"
114.119.130.178 - - [17/Jun/2025:11:37:05 -0400] "GET /author/admin/page/39/ HTTP/1.1" 200 12464 "https://read11.windbreakermanga.com/author/admin/page/38/" "Mozilla/5.0 (Linux; Android 7.0;) AppleWebKit/537.36 (KHTML, like Gecko) Mobile Safari/537.36 (compatible; PetalBot;+https://webmaster.petalsearch.com/site/petalbot)"
162.0.232.193 - - [17/Jun/2025:11:37:12 -0400] "POST /wp-cron.php?doing_wp_cron=1750174631.9931159019470214843750 HTTP/1.1" 200 0 "-" "WordPress/6.8.1; https://read11.windbreakermanga.com"
2a03:2880:f800:1a:: - - [17/Jun/2025:11:37:11 -0400] "GET /sitemap-subitems-2043.xml HTTP/1.1" 301 0 "-" "meta-externalagent/1.1 (+https://developers.facebook.com/docs/sharing/webmasters/crawler)"
162.0.232.193 - - [17/Jun/2025:11:37:27 -0400] "POST /wp-cron.php?doing_wp_cron=1750174646.7762050628662109375000 HTTP/1.1" 200 0 "-" "WordPress/6.8.1; https://read11.windbreakermanga.com"
162.0.232.193 - - [17/Jun/2025:11:37:27 -0400] "POST /wp-cron.php?doing_wp_cron=1750174646.7766990661621093750000 HTTP/1.1" 200 0 "-" "WordPress/6.8.1; https://read11.windbreakermanga.com"
162.0.232.193 - - [17/Jun/2025:11:37:41 -0400] "POST /wp-cron.php?doing_wp_cron=1750174661.1909151077270507812500 HTTP/1.1" 200 0 "-" "WordPress/6.8.1; https://read11.windbreakermanga.com"
2a03:2880:f800:16:: - - [17/Jun/2025:11:37:45 -0400] "GET /shopdetail/98212568 HTTP/1.1" 301 0 "-" "meta-externalagent/1.1 (+https://developers.facebook.com/docs/sharing/webmasters/crawler)"
43.155.27.244 - - [17/Jun/2025:11:38:10 -0400] "GET /wind-breaker-chapter-57/ HTTP/1.1" 200 12217 "-" "Mozilla/5.0 (iPhone; CPU iPhone OS 13_2_3 like Mac OS X) AppleWebKit/605.1.15 (KHTML, like Gecko) Version/13.0.3 Mobile/15E148 Safari/604.1"
162.0.232.193 - - [17/Jun/2025:11:38:12 -0400] "POST /wp-cron.php?doing_wp_cron=1750174692.2793030738830566406250 HTTP/1.1" 200 0 "-" "WordPress/6.8.1; https://read11.windbreakermanga.com"
162.0.232.193 - - [17/Jun/2025:11:38:25 -0400] "POST /wp-cron.php?doing_wp_cron=1750174704.8852748870849609375000 HTTP/1.1" 200 0 "-" "WordPress/6.8.1; https://read11.windbreakermanga.com"
162.0.232.193 - - [17/Jun/2025:11:38:43 -0400] "POST /wp-cron.php?doing_wp_cron=1750174723.2758278846740722656250 HTTP/1.1" 200 0 "-" "WordPress/6.8.1; https://read11.windbreakermanga.com"
162.0.232.193 - - [17/Jun/2025:11:38:51 -0400] "POST /wp-cron.php?doing_wp_cron=1750174731.1744759082794189453125 HTTP/1.1" 200 0 "-" "WordPress/6.8.1; https://read11.windbreakermanga.com"
162.0.232.193 - - [17/Jun/2025:11:38:51 -0400] "POST /wp-cron.php?doing_wp_cron=1750174731.1744039058685302734375 HTTP/1.1" 200 0 "-" "WordPress/6.8.1; https://read11.windbreakermanga.com"
43.130.228.73 - - [17/Jun/2025:11:38:52 -0400] "GET / HTTP/1.1" 200 12649 "https://read8.windbreakermanga.com/" "Mozilla/5.0 (iPhone; CPU iPhone OS 13_2_3 like Mac OS X) AppleWebKit/605.1.15 (KHTML, like Gecko) Version/13.0.3 Mobile/15E148 Safari/604.1"
47.82.61.188 - - [17/Jun/2025:11:39:40 -0400] "GET /category/wind-breaker-manga/page/5/ HTTP/1.1" 200 12883 "https://read11.windbreakermanga.com/category/wind-breaker-manga/page/5/" "Mozilla/5.0 (Windows NT 10.0; Win64; x64) AppleWebKit/537.36 (KHTML, like Gecko) Chrome/114.0.0.0 Safari/537.36 Edg/114.0.1823.43"
47.82.60.18 - - [17/Jun/2025:11:39:42 -0400] "GET /wind-breaker-chapter-53/ HTTP/1.1" 200 11924 "https://read11.windbreakermanga.com/wind-breaker-chapter-53/" "Mozilla/5.0 (Windows NT 10.0; Win64; x64) AppleWebKit/537.36 (KHTML, like Gecko) Chrome/114.0.0.0 Safari/537.36 Edg/114.0.1823.43"
114.119.135.251 - - [17/Jun/2025:11:39:50 -0400] "GET / HTTP/1.1" 200 12649 "https://read8.windbreakermanga.com/wind-breaker/page/46/" "Mozilla/5.0 (Linux; Android 7.0;) AppleWebKit/537.36 (KHTML, like Gecko) Mobile Safari/537.36 (compatible; PetalBot;+https://webmaster.petalsearch.com/site/petalbot)"
162.0.232.193 - - [17/Jun/2025:11:39:52 -0400] "POST /wp-cron.php?doing_wp_cron=1750174792.4839661121368408203125 HTTP/1.1" 200 0 "-" "WordPress/6.8.1; https://read11.windbreakermanga.com"
162.0.232.193 - - [17/Jun/2025:11:39:54 -0400] "POST /wp-cron.php?doing_wp_cron=1750174793.5770061016082763671875 HTTP/1.1" 200 0 "-" "WordPress/6.8.1; https://read11.windbreakermanga.com"
162.0.232.193 - - [17/Jun/2025:11:39:56 -0400] "GET /wp-content/uploads/f979bbbcbe9df560cb74049269d2541e_4104.xml HTTP/1.1" 200 2276 "-" "Mozilla/5.0 (X11; Linux x86_64) AppleWebKit/537.36 (KHTML, like Gecko) Ubuntu Chromium/41.0.2272.76"
162.0.232.193 - - [17/Jun/2025:11:40:11 -0400] "POST /wp-cron.php?doing_wp_cron=1750174811.2180449962615966796875 HTTP/1.1" 200 0 "-" "WordPress/6.8.1; https://read11.windbreakermanga.com"
162.0.232.193 - - [17/Jun/2025:11:40:26 -0400] "POST /wp-cron.php?doing_wp_cron=1750174826.0755650997161865234375 HTTP/1.1" 200 0 "-" "WordPress/6.8.1; https://read11.windbreakermanga.com"
47.128.43.13 - - [17/Jun/2025:11:40:28 -0400] "GET /wp-includes/functions.php HTTP/1.1" 403 1242 "-" "Mozilla/5.0 (Linux; Android 5.0) AppleWebKit/537.36 (KHTML, like Gecko) Mobile Safari/537.36 (compatible; Bytespider; [email protected])"
162.0.232.193 - - [17/Jun/2025:11:40:42 -0400] "POST /wp-cron.php?doing_wp_cron=1750174841.9848001003265380859375 HTTP/1.1" 200 0 "-" "WordPress/6.8.1; https://read11.windbreakermanga.com"
2a03:2880:f800:16:: - - [17/Jun/2025:11:40:50 -0400] "GET /shopdetail/98209196 HTTP/1.1" 301 0 "-" "meta-externalagent/1.1 (+https://developers.facebook.com/docs/sharing/webmasters/crawler)"
2a03:2880:f800:12:: - - [17/Jun/2025:11:41:00 -0400] "GET /shopdetail/98199192 HTTP/1.1" 301 0 "-" "meta-externalagent/1.1 (+https://developers.facebook.com/docs/sharing/webmasters/crawler)"
162.0.232.193 - - [17/Jun/2025:11:41:12 -0400] "POST /wp-cron.php?doing_wp_cron=1750174871.5730390548706054687500 HTTP/1.1" 200 0 "-" "WordPress/6.8.1; https://read11.windbreakermanga.com"
162.0.232.193 - - [17/Jun/2025:11:41:26 -0400] "POST /wp-cron.php?doing_wp_cron=1750174885.7863390445709228515625 HTTP/1.1" 200 0 "-" "WordPress/6.8.1; https://read11.windbreakermanga.com"
162.0.232.193 - - [17/Jun/2025:11:41:31 -0400] "POST /wp-cron.php?doing_wp_cron=1750174891.3766760826110839843750 HTTP/1.1" 200 0 "-" "WordPress/6.8.1; https://read11.windbreakermanga.com"
52.80.102.53 - - [17/Jun/2025:11:41:35 -0400] "GET / HTTP/1.1" 200 12649 "-" "Mozilla/5.0 (Linux; Android 10; HD1900 Build/QKQ1.190716.003; wv) AppleWebKit/537.36 (KHTML, like Gecko) Version/4.0 Chrome/75.0.3770.156 Mobile Safari/537.36  aweme_230400 JsSdk/1.0 NetType/WIFI  AppName/aweme app_version/23.4.0 ByteLocale/zh-CN Region/CN AppSkin/white AppTheme/light BytedanceWebview/d8a21c6 WebView/075113004008"
114.119.151.50 - - [17/Jun/2025:11:41:35 -0400] "GET / HTTP/1.1" 200 12649 "https://windbreakermanga.com/wp-content/uploads/2021/11/wbr-685x1024.jpeg" "Mozilla/5.0 (Linux; Android 7.0;) AppleWebKit/537.36 (KHTML, like Gecko) Mobile Safari/537.36 (compatible; PetalBot;+https://webmaster.petalsearch.com/site/petalbot)"
2a03:2880:f800:e:: - - [17/Jun/2025:11:41:34 -0400] "GET /shopdetail/98172296 HTTP/1.1" 301 0 "-" "meta-externalagent/1.1 (+https://developers.facebook.com/docs/sharing/webmasters/crawler)"
52.80.102.53 - - [17/Jun/2025:11:41:36 -0400] "GET /wp-includes/js/jquery/jquery-migrate.min.js?ver=3.4.1 HTTP/1.1" 200 4678 "https://read11.windbreakermanga.com/" "Mozilla/5.0 (Linux; Android 10; HD1900 Build/QKQ1.190716.003; wv) AppleWebKit/537.36 (KHTML, like Gecko) Version/4.0 Chrome/75.0.3770.156 Mobile Safari/537.36  aweme_230400 JsSdk/1.0 NetType/WIFI  AppName/aweme app_version/23.4.0 ByteLocale/zh-CN Region/CN AppSkin/white AppTheme/light BytedanceWebview/d8a21c6 WebView/075113004008"
52.80.102.53 - - [17/Jun/2025:11:41:36 -0400] "GET /wp-content/uploads/2024/02/te926m2lqxc91-578x1024.webp HTTP/1.1" 200 40812 "https://read11.windbreakermanga.com/" "Mozilla/5.0 (Linux; Android 10; HD1900 Build/QKQ1.190716.003; wv) AppleWebKit/537.36 (KHTML, like Gecko) Version/4.0 Chrome/75.0.3770.156 Mobile Safari/537.36  aweme_230400 JsSdk/1.0 NetType/WIFI  AppName/aweme app_version/23.4.0 ByteLocale/zh-CN Region/CN AppSkin/white AppTheme/light BytedanceWebview/d8a21c6 WebView/075113004008"
52.80.102.53 - - [17/Jun/2025:11:41:36 -0400] "GET /wp-content/cache/min/1/wp-content/themes/toivo-lite/fonts/genericons/genericons/genericons.min.css?ver=1746140519 HTTP/1.1" 200 15990 "https://read11.windbreakermanga.com/" "Mozilla/5.0 (Linux; Android 10; HD1900 Build/QKQ1.190716.003; wv) AppleWebKit/537.36 (KHTML, like Gecko) Version/4.0 Chrome/75.0.3770.156 Mobile Safari/537.36  aweme_230400 JsSdk/1.0 NetType/WIFI  AppName/aweme app_version/23.4.0 ByteLocale/zh-CN Region/CN AppSkin/white AppTheme/light BytedanceWebview/d8a21c6 WebView/075113004008"
52.80.102.53 - - [17/Jun/2025:11:41:36 -0400] "GET /wp-includes/js/jquery/jquery.min.js?ver=3.7.1 HTTP/1.1" 304 0 "https://read11.windbreakermanga.com/" "Mozilla/5.0 (Linux; Android 10; HD1900 Build/QKQ1.190716.003; wv) AppleWebKit/537.36 (KHTML, like Gecko) Version/4.0 Chrome/75.0.3770.156 Mobile Safari/537.36  aweme_230400 JsSdk/1.0 NetType/WIFI  AppName/aweme app_version/23.4.0 ByteLocale/zh-CN Region/CN AppSkin/white AppTheme/light BytedanceWebview/d8a21c6 WebView/075113004008"
52.80.102.53 - - [17/Jun/2025:11:41:37 -0400] "GET /wp-content/cache/min/1/wp-content/plugins/comic-easel/js/keynav.js?ver=1746140519 HTTP/1.1" 200 221 "https://read11.windbreakermanga.com/" "Mozilla/5.0 (Linux; Android 10; HD1900 Build/QKQ1.190716.003; wv) AppleWebKit/537.36 (KHTML, like Gecko) Version/4.0 Chrome/75.0.3770.156 Mobile Safari/537.36  aweme_230400 JsSdk/1.0 NetType/WIFI  AppName/aweme app_version/23.4.0 ByteLocale/zh-CN Region/CN AppSkin/white AppTheme/light BytedanceWebview/d8a21c6 WebView/075113004008"
52.80.102.53 - - [17/Jun/2025:11:41:37 -0400] "GET /wp-content/uploads/2024/02/is-wind-breaker-worth-reading-right-now-v0-caa0pw3v7f8b1-576x1024.webp HTTP/1.1" 200 76796 "https://read11.windbreakermanga.com/" "Mozilla/5.0 (Linux; Android 10; HD1900 Build/QKQ1.190716.003; wv) AppleWebKit/537.36 (KHTML, like Gecko) Version/4.0 Chrome/75.0.3770.156 Mobile Safari/537.36  aweme_230400 JsSdk/1.0 NetType/WIFI  AppName/aweme app_version/23.4.0 ByteLocale/zh-CN Region/CN AppSkin/white AppTheme/light BytedanceWebview/d8a21c6 WebView/075113004008"
52.80.102.53 - - [17/Jun/2025:11:41:37 -0400] "GET /wp-content/themes/toivo-lite/js/functions.min.js?ver=1.2.0 HTTP/1.1" 304 0 "https://read11.windbreakermanga.com/" "Mozilla/5.0 (Linux; Android 10; HD1900 Build/QKQ1.190716.003; wv) AppleWebKit/537.36 (KHTML, like Gecko) Version/4.0 Chrome/75.0.3770.156 Mobile Safari/537.36  aweme_230400 JsSdk/1.0 NetType/WIFI  AppName/aweme app_version/23.4.0 ByteLocale/zh-CN Region/CN AppSkin/white AppTheme/light BytedanceWebview/d8a21c6 WebView/075113004008"
52.80.102.53 - - [17/Jun/2025:11:41:37 -0400] "GET /wp-content/themes/toivo-lite/js/settings.min.js?ver=1.2.0 HTTP/1.1" 304 0 "https://read11.windbreakermanga.com/" "Mozilla/5.0 (Linux; Android 10; HD1900 Build/QKQ1.190716.003; wv) AppleWebKit/537.36 (KHTML, like Gecko) Version/4.0 Chrome/75.0.3770.156 Mobile Safari/537.36  aweme_230400 JsSdk/1.0 NetType/WIFI  AppName/aweme app_version/23.4.0 ByteLocale/zh-CN Region/CN AppSkin/white AppTheme/light BytedanceWebview/d8a21c6 WebView/075113004008"
52.80.102.53 - - [17/Jun/2025:11:41:37 -0400] "GET /wp-content/themes/toivo-lite/js/responsive-nav.min.js?ver=1.2.0 HTTP/1.1" 304 0 "https://read11.windbreakermanga.com/" "Mozilla/5.0 (Linux; Android 10; HD1900 Build/QKQ1.190716.003; wv) AppleWebKit/537.36 (KHTML, like Gecko) Version/4.0 Chrome/75.0.3770.156 Mobile Safari/537.36  aweme_230400 JsSdk/1.0 NetType/WIFI  AppName/aweme app_version/23.4.0 ByteLocale/zh-CN Region/CN AppSkin/white AppTheme/light BytedanceWebview/d8a21c6 WebView/075113004008"
52.80.102.53 - - [17/Jun/2025:11:41:37 -0400] "GET /wp-content/cache/min/1/wp-content/plugins/simple-social-buttons/assets/js/front.js?ver=1746140519 HTTP/1.1" 304 0 "https://read11.windbreakermanga.com/" "Mozilla/5.0 (Linux; Android 10; HD1900 Build/QKQ1.190716.003; wv) AppleWebKit/537.36 (KHTML, like Gecko) Version/4.0 Chrome/75.0.3770.156 Mobile Safari/537.36  aweme_230400 JsSdk/1.0 NetType/WIFI  AppName/aweme app_version/23.4.0 ByteLocale/zh-CN Region/CN AppSkin/white AppTheme/light BytedanceWebview/d8a21c6 WebView/075113004008"
52.80.102.53 - - [17/Jun/2025:11:41:37 -0400] "GET /wp-content/plugins/simple-social-buttons/assets/js/frontend-blocks.js?ver=6.1.0 HTTP/1.1" 200 0 "https://read11.windbreakermanga.com/" "Mozilla/5.0 (Linux; Android 10; HD1900 Build/QKQ1.190716.003; wv) AppleWebKit/537.36 (KHTML, like Gecko) Version/4.0 Chrome/75.0.3770.156 Mobile Safari/537.36  aweme_230400 JsSdk/1.0 NetType/WIFI  AppName/aweme app_version/23.4.0 ByteLocale/zh-CN Region/CN AppSkin/white AppTheme/light BytedanceWebview/d8a21c6 WebView/075113004008"
47.82.60.76 - - [17/Jun/2025:11:41:37 -0400] "GET /category/wind-breaker-webtoon/page/51/ HTTP/1.1" 200 12434 "https://read11.windbreakermanga.com/category/wind-breaker-webtoon/page/51/" "Mozilla/5.0 (Windows NT 10.0; Win64; x64) AppleWebKit/537.36 (KHTML, like Gecko) Chrome/114.0.0.0 Safari/537.36 Edg/114.0.1823.43"
47.82.60.164 - - [17/Jun/2025:11:42:20 -0400] "GET /chapter-412/ HTTP/1.1" 200 11098 "https://read11.windbreakermanga.com/chapter-412/" "Mozilla/5.0 (Windows NT 10.0; Win64; x64) AppleWebKit/537.36 (KHTML, like Gecko) Chrome/114.0.0.0 Safari/537.36 Edg/114.0.1823.43"
162.0.232.193 - - [17/Jun/2025:11:42:55 -0400] "POST /wp-cron.php?doing_wp_cron=1750174975.4984459877014160156250 HTTP/1.1" 200 0 "-" "WordPress/6.8.1; https://read11.windbreakermanga.com"
162.0.232.193 - - [17/Jun/2025:11:42:56 -0400] "POST /wp-cron.php?doing_wp_cron=1750174975.8032469749450683593750 HTTP/1.1" 200 0 "-" "WordPress/6.8.1; https://read11.windbreakermanga.com"
47.82.60.115 - - [17/Jun/2025:11:43:36 -0400] "GET /wind-breaker-chapter-299/ HTTP/1.1" 200 12954 "https://read11.windbreakermanga.com/wind-breaker-chapter-299/" "Mozilla/5.0 (Windows NT 10.0; Win64; x64) AppleWebKit/537.36 (KHTML, like Gecko) Chrome/114.0.0.0 Safari/537.36 Edg/114.0.1823.43"
47.128.26.64 - - [17/Jun/2025:11:43:48 -0400] "GET /wp-includes/ms-files.php HTTP/1.1" 403 1242 "-" "Mozilla/5.0 (Linux; Android 5.0) AppleWebKit/537.36 (KHTML, like Gecko) Mobile Safari/537.36 (compatible; Bytespider; [email protected])"
162.0.232.193 - - [17/Jun/2025:11:43:48 -0400] "POST /wp-cron.php?doing_wp_cron=1750175027.9994039535522460937500 HTTP/1.1" 200 0 "-" "WordPress/6.8.1; https://read11.windbreakermanga.com"
45.156.128.108 - - [17/Jun/2025:11:43:50 -0400] "GET / HTTP/1.1" 200 12660 "https://windbreakermanga.com/" "Mozilla/5.0 (Windows NT 10.0; Win64; x64) AppleWebKit/537.36 (KHTML, like Gecko) Chrome/60.0.3112.113 Safari/537.36"
47.82.60.181 - - [17/Jun/2025:11:43:45 -0400] "GET /category/wind-breaker-webtoon/page/5/ HTTP/1.1" 200 13073 "https://read11.windbreakermanga.com/category/wind-breaker-webtoon/page/5/" "Mozilla/5.0 (Windows NT 10.0; Win64; x64) AppleWebKit/537.36 (KHTML, like Gecko) Chrome/114.0.0.0 Safari/537.36 Edg/114.0.1823.43"
162.0.232.193 - - [17/Jun/2025:11:43:52 -0400] "GET /wp-content/uploads/f979bbbcbe9df560cb74049269d2541e_4104.xml HTTP/1.1" 200 2533 "-" "Mozilla/5.0 (X11; Linux x86_64) AppleWebKit/537.36 (KHTML, like Gecko) Ubuntu Chromium/41.0.2272.76"
45.156.128.109 - - [17/Jun/2025:11:43:53 -0400] "GET /license.txt HTTP/1.1" 200 6865 "https://windbreakermanga.com/license.txt" "Mozilla/5.0 (Windows NT 10.0; Win64; x64) AppleWebKit/537.36 (KHTML, like Gecko) Chrome/60.0.3112.113 Safari/537.36"
45.156.128.109 - - [17/Jun/2025:11:43:56 -0400] "GET /wp-content/plugins/bbpress/readme.txt HTTP/1.1" 200 0 "https://windbreakermanga.com/wp-content/plugins/bbpress/readme.txt" "Mozilla/5.0 (Windows NT 10.0; Win64; x64) AppleWebKit/537.36 (KHTML, like Gecko) Chrome/60.0.3112.113 Safari/537.36"
45.156.128.108 - - [17/Jun/2025:11:44:07 -0400] "GET /wp-content/plugins/fancy-product-designer/readme.txt HTTP/1.1" 200 0 "https://windbreakermanga.com/wp-content/plugins/fancy-product-designer/readme.txt" "Mozilla/5.0 (Windows NT 10.0; Win64; x64) AppleWebKit/537.36 (KHTML, like Gecko) Chrome/60.0.3112.113 Safari/537.36"
45.156.128.106 - - [17/Jun/2025:11:44:21 -0400] "GET /wp-content/plugins/wpschoolpress/readme.txt HTTP/1.1" 200 0 "https://windbreakermanga.com/wp-content/plugins/wpschoolpress/readme.txt" "Mozilla/5.0 (Windows NT 10.0; Win64; x64) AppleWebKit/537.36 (KHTML, like Gecko) Chrome/60.0.3112.113 Safari/537.36"
45.156.128.107 - - [17/Jun/2025:11:44:26 -0400] "GET /wp-content/plugins/wp-user-avatar/readme.txt HTTP/1.1" 200 0 "https://windbreakermanga.com/wp-content/plugins/wp-user-avatar/readme.txt" "Mozilla/5.0 (Windows NT 10.0; Win64; x64) AppleWebKit/537.36 (KHTML, like Gecko) Chrome/60.0.3112.113 Safari/537.36"
45.156.128.109 - - [17/Jun/2025:11:44:32 -0400] "GET /wp-content/plugins/wp-time-capsule/readme.txt HTTP/1.1" 200 0 "https://windbreakermanga.com/wp-content/plugins/wp-time-capsule/readme.txt" "Mozilla/5.0 (Windows NT 10.0; Win64; x64) AppleWebKit/537.36 (KHTML, like Gecko) Chrome/60.0.3112.113 Safari/537.36"
45.156.128.106 - - [17/Jun/2025:11:44:37 -0400] "GET /wp-content/plugins/wp-central/readme.txt HTTP/1.1" 200 0 "https://windbreakermanga.com/wp-content/plugins/wp-central/readme.txt" "Mozilla/5.0 (Windows NT 10.0; Win64; x64) AppleWebKit/537.36 (KHTML, like Gecko) Chrome/60.0.3112.113 Safari/537.36"
45.156.128.106 - - [17/Jun/2025:11:44:45 -0400] "GET /wp-content/plugins/code-snippets/readme.txt HTTP/1.1" 200 0 "https://windbreakermanga.com/wp-content/plugins/code-snippets/readme.txt" "Mozilla/5.0 (Windows NT 10.0; Win64; x64) AppleWebKit/537.36 (KHTML, like Gecko) Chrome/60.0.3112.113 Safari/537.36"
45.156.128.106 - - [17/Jun/2025:11:44:54 -0400] "GET /wp-content/plugins/wp-fastest-cache/readme.txt HTTP/1.1" 200 0 "https://windbreakermanga.com/wp-content/plugins/wp-fastest-cache/readme.txt" "Mozilla/5.0 (Windows NT 10.0; Win64; x64) AppleWebKit/537.36 (KHTML, like Gecko) Chrome/60.0.3112.113 Safari/537.36"
162.0.232.193 - - [17/Jun/2025:11:44:57 -0400] "POST /wp-cron.php?doing_wp_cron=1750175096.7019329071044921875000 HTTP/1.1" 200 0 "-" "WordPress/6.8.1; https://read11.windbreakermanga.com"
37.187.26.72 - - [17/Jun/2025:11:44:54 -0400] "POST /xmlrpc.php HTTP/1.1" 200 186 "https://read11.windbreakermanga.com" "Mozilla/5.0 (Macintosh; Intel Mac OS X 10.15; rv:126.0) Gecko/20100101 Firefox/126.0"
45.156.128.109 - - [17/Jun/2025:11:45:00 -0400] "GET /wp-content/plugins/wp-video-lightbox/readme.txt HTTP/1.1" 200 0 "https://windbreakermanga.com/wp-content/plugins/wp-video-lightbox/readme.txt" "Mozilla/5.0 (Windows NT 10.0; Win64; x64) AppleWebKit/537.36 (KHTML, like Gecko) Chrome/60.0.3112.113 Safari/537.36"
45.156.128.106 - - [17/Jun/2025:11:45:05 -0400] "GET /wp-content/plugins/elementor/readme.txt HTTP/1.1" 200 0 "https://windbreakermanga.com/wp-content/plugins/elementor/readme.txt" "Mozilla/5.0 (Windows NT 10.0; Win64; x64) AppleWebKit/537.36 (KHTML, like Gecko) Chrome/60.0.3112.113 Safari/537.36"
34.231.45.47 - - [17/Jun/2025:11:45:07 -0400] "GET /wind-breaker-chapter-212-part-2-ep-144/ HTTP/1.1" 500 1034 "-" "Mozilla/5.0 AppleWebKit/537.36 (KHTML, like Gecko; compatible; Amazonbot/0.1; +https://developer.amazon.com/support/amazonbot) Chrome/119.0.6045.214 Safari/537.36"
45.156.128.109 - - [17/Jun/2025:11:45:11 -0400] "GET /wp-content/plugins/kingcomposer/readme.txt HTTP/1.1" 200 0 "https://windbreakermanga.com/wp-content/plugins/kingcomposer/readme.txt" "Mozilla/5.0 (Windows NT 10.0; Win64; x64) AppleWebKit/537.36 (KHTML, like Gecko) Chrome/60.0.3112.113 Safari/537.36"
44.221.37.41 - - [17/Jun/2025:11:45:11 -0400] "GET /wind-breaker-chapter-549/ HTTP/1.1" 200 11661 "-" "Mozilla/5.0 AppleWebKit/537.36 (KHTML, like Gecko; compatible; Amazonbot/0.1; +https://developer.amazon.com/support/amazonbot) Chrome/119.0.6045.214 Safari/537.36"
45.156.128.109 - - [17/Jun/2025:11:45:15 -0400] "GET /wp-content/plugins/wordpress-database-reset/readme.txt HTTP/1.1" 200 0 "https://windbreakermanga.com/wp-content/plugins/wordpress-database-reset/readme.txt" "Mozilla/5.0 (Windows NT 10.0; Win64; x64) AppleWebKit/537.36 (KHTML, like Gecko) Chrome/60.0.3112.113 Safari/537.36"
162.0.232.193 - - [17/Jun/2025:11:45:20 -0400] "POST /wp-cron.php?doing_wp_cron=1750175119.8850278854370117187500 HTTP/1.1" 200 0 "-" "WordPress/6.8.1; https://read11.windbreakermanga.com"
47.82.62.106 - - [17/Jun/2025:11:45:17 -0400] "GET /category/wind-breaker-webtoon/page/50/ HTTP/1.1" 200 12495 "https://read11.windbreakermanga.com/category/wind-breaker-webtoon/page/50/" "Mozilla/5.0 (Windows NT 10.0; Win64; x64) AppleWebKit/537.36 (KHTML, like Gecko) Chrome/114.0.0.0 Safari/537.36 Edg/114.0.1823.43"
