66.231.70.111 - - [17/Jun/2025:17:49:56 -0400] "GET / HTTP/1.1" 200 12660 "-" "Mozilla/5.0 (Windows NT 10.0; Win64; x64) AppleWebKit/537.36 (KHTML, like Gecko) Chrome/121.0.0.0 Safari/537.36 Edg/121.0.0.0"
162.0.232.193 - - [17/Jun/2025:17:50:12 -0400] "POST /wp-cron.php?doing_wp_cron=1750197012.2034630775451660156250 HTTP/1.1" 200 0 "-" "WordPress/6.8.1; https://read11.windbreakermanga.com"
162.0.232.193 - - [17/Jun/2025:17:50:20 -0400] "POST /wp-cron.php?doing_wp_cron=1750197019.8739020824432373046875 HTTP/1.1" 200 0 "-" "WordPress/6.8.1; https://read11.windbreakermanga.com"
2a03:2880:f800:14:: - - [17/Jun/2025:17:50:22 -0400] "GET /shopdetail/98195112 HTTP/1.1" 301 0 "-" "meta-externalagent/1.1 (+https://developers.facebook.com/docs/sharing/webmasters/crawler)"
2a03:2880:f800:2:: - - [17/Jun/2025:17:50:22 -0400] "GET /shopdetail/98208588 HTTP/1.1" 301 0 "-" "meta-externalagent/1.1 (+https://developers.facebook.com/docs/sharing/webmasters/crawler)"
162.0.232.193 - - [17/Jun/2025:17:50:42 -0400] "POST /wp-cron.php?doing_wp_cron=1750197042.2752509117126464843750 HTTP/1.1" 200 0 "-" "WordPress/6.8.1; https://read11.windbreakermanga.com"
47.82.60.178 - - [17/Jun/2025:17:50:55 -0400] "GET /wind-breaker-chapter-75/ HTTP/1.1" 200 12241 "https://read11.windbreakermanga.com/wind-breaker-chapter-75/" "Mozilla/5.0 (Windows NT 10.0; Win64; x64) AppleWebKit/537.36 (KHTML, like Gecko) Chrome/114.0.0.0 Safari/537.36 Edg/114.0.1823.43"
162.0.232.193 - - [17/Jun/2025:17:51:11 -0400] "POST /wp-cron.php?doing_wp_cron=1750197071.3783419132232666015625 HTTP/1.1" 200 0 "-" "WordPress/6.8.1; https://read11.windbreakermanga.com"
17.22.237.194 - - [17/Jun/2025:17:51:13 -0400] "GET /wp-content/cache/min/1/wp-content/plugins/simple-social-buttons/assets/js/front.js?ver=1746140519 HTTP/1.1" 304 0 "https://read11.windbreakermanga.com/wind-breaker-chapter-189/" "Mozilla/5.0 (Macintosh; Intel Mac OS X 10_15_7) AppleWebKit/605.1.15 (KHTML, like Gecko) Version/17.4 Safari/605.1.15 (Applebot/0.1; +http://www.apple.com/go/applebot)"
17.22.245.66 - - [17/Jun/2025:17:51:14 -0400] "GET /wp-includes/js/comment-reply.min.js?ver=6.8.1 HTTP/1.1" 304 0 "https://read11.windbreakermanga.com/wind-breaker-chapter-189/" "Mozilla/5.0 (Macintosh; Intel Mac OS X 10_15_7) AppleWebKit/605.1.15 (KHTML, like Gecko) Version/17.4 Safari/605.1.15 (Applebot/0.1; +http://www.apple.com/go/applebot)"
162.0.232.193 - - [17/Jun/2025:17:51:20 -0400] "GET /wp-content/uploads/f979bbbcbe9df560cb74049269d2541e_4104.xml HTTP/1.1" 200 2276 "-" "Mozilla/5.0 (X11; Linux x86_64) AppleWebKit/537.36 (KHTML, like Gecko) Ubuntu Chromium/41.0.2272.76"
47.82.60.184 - - [17/Jun/2025:17:51:23 -0400] "GET /wind-breaker-chapter-492/ HTTP/1.1" 200 11985 "https://read11.windbreakermanga.com/wind-breaker-chapter-492/" "Mozilla/5.0 (Windows NT 10.0; Win64; x64) AppleWebKit/537.36 (KHTML, like Gecko) Chrome/114.0.0.0 Safari/537.36 Edg/114.0.1823.43"
181.216.220.94 - - [17/Jun/2025:17:51:48 -0400] "GET / HTTP/1.1" 200 12638 "-" "Mozilla/5.0 (Android 11; Mobile; rv:123.0) Gecko/123.0 Firefox/123.0"
162.0.232.193 - - [17/Jun/2025:17:52:22 -0400] "POST /wp-cron.php?doing_wp_cron=1750197142.2818820476531982421875 HTTP/1.1" 200 0 "-" "WordPress/6.8.1; https://read11.windbreakermanga.com"
162.0.232.193 - - [17/Jun/2025:17:52:24 -0400] "POST /wp-cron.php?doing_wp_cron=1750197144.1782240867614746093750 HTTP/1.1" 200 0 "-" "WordPress/6.8.1; https://read11.windbreakermanga.com"
162.0.232.193 - - [17/Jun/2025:17:52:25 -0400] "POST /wp-cron.php?doing_wp_cron=1750197145.1787340641021728515625 HTTP/1.1" 200 0 "-" "WordPress/6.8.1; https://read11.windbreakermanga.com"
162.0.232.193 - - [17/Jun/2025:17:52:49 -0400] "POST /wp-cron.php?doing_wp_cron=1750197169.5842380523681640625000 HTTP/1.1" 200 0 "-" "WordPress/6.8.1; https://read11.windbreakermanga.com"
162.0.232.193 - - [17/Jun/2025:17:52:49 -0400] "POST /wp-cron.php?doing_wp_cron=1750197169.6727969646453857421875 HTTP/1.1" 200 0 "-" "WordPress/6.8.1; https://read11.windbreakermanga.com"
2a03:2880:f800:5:: - - [17/Jun/2025:17:52:58 -0400] "GET / HTTP/1.1" 200 12660 "-" "meta-externalagent/1.1 (+https://developers.facebook.com/docs/sharing/webmasters/crawler)"
162.0.232.193 - - [17/Jun/2025:17:53:13 -0400] "POST /wp-cron.php?doing_wp_cron=1750197192.8966999053955078125000 HTTP/1.1" 200 0 "-" "WordPress/6.8.1; https://read11.windbreakermanga.com"
162.0.232.193 - - [17/Jun/2025:17:53:21 -0400] "POST /wp-cron.php?doing_wp_cron=1750197200.9729850292205810546875 HTTP/1.1" 200 0 "-" "WordPress/6.8.1; https://read11.windbreakermanga.com"
162.0.232.193 - - [17/Jun/2025:17:53:43 -0400] "POST /wp-cron.php?doing_wp_cron=1750197223.5784690380096435546875 HTTP/1.1" 200 0 "-" "WordPress/6.8.1; https://read11.windbreakermanga.com"
162.0.232.193 - - [17/Jun/2025:17:54:14 -0400] "POST /wp-cron.php?doing_wp_cron=1750197253.9872930049896240234375 HTTP/1.1" 200 0 "-" "WordPress/6.8.1; https://read11.windbreakermanga.com"
162.0.232.193 - - [17/Jun/2025:17:54:21 -0400] "POST /wp-cron.php?doing_wp_cron=1750197260.7821691036224365234375 HTTP/1.1" 200 0 "-" "WordPress/6.8.1; https://read11.windbreakermanga.com"
2a03:2880:f800:a:: - - [17/Jun/2025:17:54:20 -0400] "GET /shopdetail/98220028 HTTP/1.1" 301 0 "-" "meta-externalagent/1.1 (+https://developers.facebook.com/docs/sharing/webmasters/crawler)"
162.0.232.193 - - [17/Jun/2025:17:54:45 -0400] "POST /wp-cron.php?doing_wp_cron=1750197284.6776869297027587890625 HTTP/1.1" 200 0 "-" "WordPress/6.8.1; https://read11.windbreakermanga.com"
2a03:2880:f800:: - - [17/Jun/2025:17:55:00 -0400] "GET /wind-breaker-chapter-212-part-2-ep-144/ HTTP/1.1" 301 0 "-" "meta-externalagent/1.1 (+https://developers.facebook.com/docs/sharing/webmasters/crawler)"
2a03:2880:f800:18:: - - [17/Jun/2025:17:55:12 -0400] "GET / HTTP/1.1" 200 12660 "-" "meta-externalagent/1.1 (+https://developers.facebook.com/docs/sharing/webmasters/crawler)"
162.0.232.193 - - [17/Jun/2025:17:55:12 -0400] "POST /wp-cron.php?doing_wp_cron=1750197312.1733610630035400390625 HTTP/1.1" 200 0 "-" "WordPress/6.8.1; https://read11.windbreakermanga.com"
47.82.62.10 - - [17/Jun/2025:17:55:13 -0400] "GET /wind-breaker-chapter-175/ HTTP/1.1" 200 12244 "https://read11.windbreakermanga.com/wind-breaker-chapter-175/" "Mozilla/5.0 (Windows NT 10.0; Win64; x64) AppleWebKit/537.36 (KHTML, like Gecko) Chrome/114.0.0.0 Safari/537.36 Edg/114.0.1823.43"
162.0.232.193 - - [17/Jun/2025:17:55:23 -0400] "GET /wp-content/uploads/f979bbbcbe9df560cb74049269d2541e_4104.xml HTTP/1.1" 200 2276 "-" "Mozilla/5.0 (X11; Linux x86_64) AppleWebKit/537.36 (KHTML, like Gecko) Ubuntu Chromium/41.0.2272.76"
188.166.237.78 - - [17/Jun/2025:17:55:29 -0400] "POST /xmlrpc.php HTTP/1.1" 200 186 "https://read11.windbreakermanga.com" "Mozilla/5.0 (Windows NT 10.0; Win64; x64; rv:125.0.1) Gecko/20100101 Firefox/125.0.1"
185.191.171.11 - - [17/Jun/2025:17:55:41 -0400] "GET /wind-breaker-chapter-80/ HTTP/1.1" 200 12246 "-" "Mozilla/5.0 (compatible; SemrushBot/7~bl; +http://www.semrush.com/bot.html)"
47.82.60.187 - - [17/Jun/2025:17:55:49 -0400] "GET /category/wind-breaker-webtoon/page/19/ HTTP/1.1" 200 13228 "https://read11.windbreakermanga.com/category/wind-breaker-webtoon/page/19/" "Mozilla/5.0 (Windows NT 10.0; Win64; x64) AppleWebKit/537.36 (KHTML, like Gecko) Chrome/114.0.0.0 Safari/537.36 Edg/114.0.1823.43"
66.249.77.193 - - [17/Jun/2025:17:56:10 -0400] "GET /shopbrand/6695284 HTTP/1.1" 200 81390 "-" "Mozilla/5.0 (Linux; Android 6.0.1; Nexus 5X Build/MMB29P) AppleWebKit/537.36 (KHTML, like Gecko) Chrome/136.0.7103.113 Mobile Safari/537.36 (compatible; Googlebot/2.1; +http://www.google.com/bot.html)"
162.0.232.193 - - [17/Jun/2025:17:56:12 -0400] "POST /wp-cron.php?doing_wp_cron=1750197372.1960000991821289062500 HTTP/1.1" 200 0 "-" "WordPress/6.8.1; https://read11.windbreakermanga.com"
162.0.232.193 - - [17/Jun/2025:17:56:13 -0400] "POST /wp-cron.php?doing_wp_cron=1750197372.9744551181793212890625 HTTP/1.1" 200 0 "-" "WordPress/6.8.1; https://read11.windbreakermanga.com"
2a03:2880:f800:8:: - - [17/Jun/2025:17:56:07 -0400] "GET /shopdetail/98234020 HTTP/1.1" 301 0 "-" "meta-externalagent/1.1 (+https://developers.facebook.com/docs/sharing/webmasters/crawler)"
162.0.232.193 - - [17/Jun/2025:17:56:16 -0400] "POST /wp-cron.php?doing_wp_cron=1750197375.5748989582061767578125 HTTP/1.1" 200 0 "-" "WordPress/6.8.1; https://read11.windbreakermanga.com"
162.0.232.193 - - [17/Jun/2025:17:56:41 -0400] "POST /wp-cron.php?doing_wp_cron=1750197401.3892719745635986328125 HTTP/1.1" 200 0 "-" "WordPress/6.8.1; https://read11.windbreakermanga.com"
2a03:2880:f800:f:: - - [17/Jun/2025:17:56:41 -0400] "GET /wind-breaker-chapter-19/ HTTP/1.1" 200 12251 "-" "meta-externalagent/1.1 (+https://developers.facebook.com/docs/sharing/webmasters/crawler)"
17.241.227.195 - - [17/Jun/2025:17:56:42 -0400] "GET /wind-breaker-chapter-459/ HTTP/1.1" 200 11835 "-" "Mozilla/5.0 (Macintosh; Intel Mac OS X 10_15_7) AppleWebKit/605.1.15 (KHTML, like Gecko) Version/17.4 Safari/605.1.15 (Applebot/0.1; +http://www.apple.com/go/applebot)"
2a03:2880:f800:12:: - - [17/Jun/2025:17:56:58 -0400] "GET /wind-breaker-chapter-168/ HTTP/1.1" 200 11969 "-" "meta-externalagent/1.1 (+https://developers.facebook.com/docs/sharing/webmasters/crawler)"
162.0.232.193 - - [17/Jun/2025:17:57:13 -0400] "POST /wp-cron.php?doing_wp_cron=1750197433.2842810153961181640625 HTTP/1.1" 200 0 "-" "WordPress/6.8.1; https://read11.windbreakermanga.com"
162.0.232.193 - - [17/Jun/2025:17:57:20 -0400] "POST /wp-cron.php?doing_wp_cron=1750197439.8735909461975097656250 HTTP/1.1" 200 0 "-" "WordPress/6.8.1; https://read11.windbreakermanga.com"
162.0.232.193 - - [17/Jun/2025:17:57:20 -0400] "POST /wp-cron.php?doing_wp_cron=1750197440.2806990146636962890625 HTTP/1.1" 200 0 "-" "WordPress/6.8.1; https://read11.windbreakermanga.com"
162.0.232.193 - - [17/Jun/2025:17:57:41 -0400] "POST /wp-cron.php?doing_wp_cron=1750197461.2769119739532470703125 HTTP/1.1" 200 0 "-" "WordPress/6.8.1; https://read11.windbreakermanga.com"
2a03:2880:f800:a:: - - [17/Jun/2025:17:57:45 -0400] "GET /shopdetail/98244624 HTTP/1.1" 301 0 "-" "meta-externalagent/1.1 (+https://developers.facebook.com/docs/sharing/webmasters/crawler)"
162.0.232.193 - - [17/Jun/2025:17:58:12 -0400] "POST /wp-cron.php?doing_wp_cron=1750197492.3775110244750976562500 HTTP/1.1" 200 0 "-" "WordPress/6.8.1; https://read11.windbreakermanga.com"
162.0.232.193 - - [17/Jun/2025:17:58:23 -0400] "POST /wp-cron.php?doing_wp_cron=1750197503.2768568992614746093750 HTTP/1.1" 200 0 "-" "WordPress/6.8.1; https://read11.windbreakermanga.com"
162.0.232.193 - - [17/Jun/2025:17:58:41 -0400] "POST /wp-cron.php?doing_wp_cron=1750197521.3779718875885009765625 HTTP/1.1" 200 0 "-" "WordPress/6.8.1; https://read11.windbreakermanga.com"
162.0.232.193 - - [17/Jun/2025:17:58:41 -0400] "POST /wp-cron.php?doing_wp_cron=1750197521.4774971008300781250000 HTTP/1.1" 200 0 "-" "WordPress/6.8.1; https://read11.windbreakermanga.com"
47.82.60.129 - - [17/Jun/2025:17:58:47 -0400] "GET /wind-breaker-chapter-109/ HTTP/1.1" 200 12280 "https://read11.windbreakermanga.com/wind-breaker-chapter-109/" "Mozilla/5.0 (Windows NT 10.0; Win64; x64) AppleWebKit/537.36 (KHTML, like Gecko) Chrome/114.0.0.0 Safari/537.36 Edg/114.0.1823.43"
47.82.61.199 - - [17/Jun/2025:17:58:52 -0400] "GET /wind-breaker-chapter-106/ HTTP/1.1" 200 12278 "https://read11.windbreakermanga.com/wind-breaker-chapter-106/" "Mozilla/5.0 (Windows NT 10.0; Win64; x64) AppleWebKit/537.36 (KHTML, like Gecko) Chrome/114.0.0.0 Safari/537.36 Edg/114.0.1823.43"
162.0.232.193 - - [17/Jun/2025:17:59:12 -0400] "POST /wp-cron.php?doing_wp_cron=1750197552.5906300544738769531250 HTTP/1.1" 200 0 "-" "WordPress/6.8.1; https://read11.windbreakermanga.com"
162.0.232.193 - - [17/Jun/2025:17:59:15 -0400] "GET /wp-content/uploads/f979bbbcbe9df560cb74049269d2541e_4104.xml HTTP/1.1" 200 2533 "-" "Mozilla/5.0 (X11; Linux x86_64) AppleWebKit/537.36 (KHTML, like Gecko) Ubuntu Chromium/41.0.2272.76"
2a03:2880:f800:1b:: - - [17/Jun/2025:17:59:42 -0400] "GET / HTTP/1.1" 200 12660 "-" "meta-externalagent/1.1 (+https://developers.facebook.com/docs/sharing/webmasters/crawler)"
162.0.232.193 - - [17/Jun/2025:18:00:14 -0400] "POST /wp-cron.php?doing_wp_cron=1750197613.7002069950103759765625 HTTP/1.1" 200 0 "-" "WordPress/6.8.1; https://read11.windbreakermanga.com"
162.0.232.193 - - [17/Jun/2025:18:00:14 -0400] "POST /wp-cron.php?doing_wp_cron=1750197613.8819420337677001953125 HTTP/1.1" 200 0 "-" "WordPress/6.8.1; https://read11.windbreakermanga.com"
162.0.232.193 - - [17/Jun/2025:18:00:15 -0400] "POST /wp-cron.php?doing_wp_cron=1750197614.8931379318237304687500 HTTP/1.1" 200 0 "-" "WordPress/6.8.1; https://read11.windbreakermanga.com"
162.0.232.193 - - [17/Jun/2025:18:00:15 -0400] "POST /wp-cron.php?doing_wp_cron=1750197615.4813470840454101562500 HTTP/1.1" 200 0 "-" "WordPress/6.8.1; https://read11.windbreakermanga.com"
2a03:2880:f800:4:: - - [17/Jun/2025:18:00:21 -0400] "GET / HTTP/1.1" 200 12660 "-" "meta-externalagent/1.1 (+https://developers.facebook.com/docs/sharing/webmasters/crawler)"
51.178.81.248 - - [17/Jun/2025:18:00:35 -0400] "GET /xmlrpc.php HTTP/1.1" 405 46 "https://read10.windbreakermanga.com" "Mozilla/5.0 (Macintosh; Intel Mac OS X 10_15_7; rv:129.0) Gecko/20100101 Firefox/129.0"
162.0.232.193 - - [17/Jun/2025:18:01:14 -0400] "POST /wp-cron.php?doing_wp_cron=1750197673.8761401176452636718750 HTTP/1.1" 200 0 "-" "WordPress/6.8.1; https://read11.windbreakermanga.com"
2a03:2880:f800:18:: - - [17/Jun/2025:18:01:15 -0400] "GET /shopdetail/98181664 HTTP/1.1" 301 0 "-" "meta-externalagent/1.1 (+https://developers.facebook.com/docs/sharing/webmasters/crawler)"
162.0.232.193 - - [17/Jun/2025:18:01:26 -0400] "POST /wp-cron.php?doing_wp_cron=1750197685.6823959350585937500000 HTTP/1.1" 200 0 "-" "WordPress/6.8.1; https://read11.windbreakermanga.com"
162.0.232.193 - - [17/Jun/2025:18:01:28 -0400] "GET /wind-breaker-chapter-537/ HTTP/1.1" 200 11555 "-" "WP Rocket/Preload"
162.0.232.193 - - [17/Jun/2025:18:01:31 -0400] "GET /wind-breaker-chapter-537/ HTTP/1.1" 200 0 "-" "WP Rocket/Preload Mozilla/5.0 (iPhone; CPU iPhone OS 9_1 like Mac OS X) AppleWebKit/601.1.46 (KHTML, like Gecko) Version/9.0 Mobile/13B143 Safari/601.1"
2a03:2880:f800:16:: - - [17/Jun/2025:18:01:33 -0400] "GET / HTTP/1.1" 200 12660 "-" "meta-externalagent/1.1 (+https://developers.facebook.com/docs/sharing/webmasters/crawler)"
162.0.232.193 - - [17/Jun/2025:18:01:43 -0400] "POST /wp-cron.php?doing_wp_cron=1750197702.5800700187683105468750 HTTP/1.1" 200 0 "-" "WordPress/6.8.1; https://read11.windbreakermanga.com"
47.82.61.132 - - [17/Jun/2025:18:01:43 -0400] "GET /wind-breaker-chapter-437/ HTTP/1.1" 200 11961 "https://read11.windbreakermanga.com/wind-breaker-chapter-437/" "Mozilla/5.0 (Windows NT 10.0; Win64; x64) AppleWebKit/537.36 (KHTML, like Gecko) Chrome/114.0.0.0 Safari/537.36 Edg/114.0.1823.43"
2a03:2880:f800:8:: - - [17/Jun/2025:18:01:50 -0400] "GET /shopdetail/98246124 HTTP/1.1" 301 0 "-" "meta-externalagent/1.1 (+https://developers.facebook.com/docs/sharing/webmasters/crawler)"
45.227.253.15 - - [17/Jun/2025:18:02:01 -0400] "GET /index.php/jk HTTP/1.1" 200 47 "https://windbreakermanga.com/index.php/jk" "Mozilla/5.0 (Windows NT 10.0; Win64; x64) AppleWebKit/537.36 (KHTML, like Gecko) Chrome/77.0.3760. Safari/537.36 Edg/77.0.141.7"
162.0.232.193 - - [17/Jun/2025:18:02:16 -0400] "POST /wp-cron.php?doing_wp_cron=1750197735.3788199424743652343750 HTTP/1.1" 200 0 "-" "WordPress/6.8.1; https://read11.windbreakermanga.com"
162.0.232.193 - - [17/Jun/2025:18:02:42 -0400] "POST /wp-cron.php?doing_wp_cron=1750197762.4757208824157714843750 HTTP/1.1" 200 0 "-" "WordPress/6.8.1; https://read11.windbreakermanga.com"
216.73.216.244 - - [17/Jun/2025:18:02:43 -0400] "GET /sitemap-subitems-322.xml HTTP/1.1" 200 10145 "-" "Mozilla/5.0 AppleWebKit/537.36 (KHTML, like Gecko; compatible; ClaudeBot/1.0; [email protected])"
2a03:2880:f800:e:: - - [17/Jun/2025:18:02:39 -0400] "GET /shopdetail/98186208 HTTP/1.1" 301 0 "-" "meta-externalagent/1.1 (+https://developers.facebook.com/docs/sharing/webmasters/crawler)"
162.0.232.193 - - [17/Jun/2025:18:03:14 -0400] "POST /wp-cron.php?doing_wp_cron=1750197793.4800009727478027343750 HTTP/1.1" 200 0 "-" "WordPress/6.8.1; https://read11.windbreakermanga.com"
162.0.232.193 - - [17/Jun/2025:18:03:21 -0400] "GET /wp-content/uploads/f979bbbcbe9df560cb74049269d2541e_4104.xml HTTP/1.1" 200 2276 "-" "Mozilla/5.0 (X11; Linux x86_64) AppleWebKit/537.36 (KHTML, like Gecko) Ubuntu Chromium/41.0.2272.76"
66.249.77.199 - - [17/Jun/2025:18:04:11 -0400] "GET /wind-breaker-chapter-1/ HTTP/1.1" 200 81262 "-" "Mozilla/5.0 (Linux; Android 6.0.1; Nexus 5X Build/MMB29P) AppleWebKit/537.36 (KHTML, like Gecko) Chrome/136.0.7103.113 Mobile Safari/537.36 (compatible; Googlebot/2.1; +http://www.google.com/bot.html)"
2a03:2880:f800:3:: - - [17/Jun/2025:18:04:15 -0400] "GET / HTTP/1.1" 200 12660 "-" "meta-externalagent/1.1 (+https://developers.facebook.com/docs/sharing/webmasters/crawler)"
162.0.232.193 - - [17/Jun/2025:18:04:16 -0400] "POST /wp-cron.php?doing_wp_cron=1750197855.9732720851898193359375 HTTP/1.1" 200 0 "-" "WordPress/6.8.1; https://read11.windbreakermanga.com"
162.0.232.193 - - [17/Jun/2025:18:04:16 -0400] "POST /wp-cron.php?doing_wp_cron=1750197856.2794039249420166015625 HTTP/1.1" 200 0 "-" "WordPress/6.8.1; https://read11.windbreakermanga.com"
162.0.232.193 - - [17/Jun/2025:18:04:18 -0400] "POST /wp-cron.php?doing_wp_cron=1750197857.7751550674438476562500 HTTP/1.1" 200 0 "-" "WordPress/6.8.1; https://read11.windbreakermanga.com"
5.255.231.177 - - [17/Jun/2025:18:04:25 -0400] "GET /robots.txt HTTP/1.1" 304 0 "-" "Mozilla/5.0 (compatible; YandexBot/3.0; +http://yandex.com/bots)"
95.108.213.234 - - [17/Jun/2025:18:04:26 -0400] "GET /wind-breaker-chapter-114/ HTTP/1.1" 200 12279 "-" "Mozilla/5.0 (compatible; YandexBot/3.0; +http://yandex.com/bots)"
162.0.232.193 - - [17/Jun/2025:18:04:44 -0400] "POST /wp-cron.php?doing_wp_cron=1750197883.0742719173431396484375 HTTP/1.1" 200 0 "-" "WordPress/6.8.1; https://read11.windbreakermanga.com"
190.92.203.199 - - [17/Jun/2025:18:04:40 -0400] "GET /category/manga/page/55/ HTTP/1.1" 200 12375 "https://read11.windbreakermanga.com/category/manga/page/55/" "Mozilla/5.0 (Windows NT 10.0; Win64; x64) AppleWebKit/537.36 (KHTML, like Gecko) Chrome/110.0.0.0 Safari/537.36"
2a03:2880:f800:f:: - - [17/Jun/2025:18:05:02 -0400] "GET /category/wind-breaker-webtoon/page/3/ HTTP/1.1" 200 12944 "-" "meta-externalagent/1.1 (+https://developers.facebook.com/docs/sharing/webmasters/crawler)"
162.0.232.193 - - [17/Jun/2025:18:05:15 -0400] "POST /wp-cron.php?doing_wp_cron=1750197914.6793050765991210937500 HTTP/1.1" 200 0 "-" "WordPress/6.8.1; https://read11.windbreakermanga.com"
162.0.232.193 - - [17/Jun/2025:18:05:22 -0400] "POST /wp-cron.php?doing_wp_cron=1750197922.5798959732055664062500 HTTP/1.1" 200 0 "-" "WordPress/6.8.1; https://read11.windbreakermanga.com"
2a03:2880:f800:a:: - - [17/Jun/2025:18:05:31 -0400] "GET /shopdetail/98172624 HTTP/1.1" 301 0 "-" "meta-externalagent/1.1 (+https://developers.facebook.com/docs/sharing/webmasters/crawler)"
162.0.232.193 - - [17/Jun/2025:18:05:44 -0400] "POST /wp-cron.php?doing_wp_cron=1750197944.1846120357513427734375 HTTP/1.1" 200 0 "-" "WordPress/6.8.1; https://read11.windbreakermanga.com"
185.232.23.250 - - [17/Jun/2025:18:05:58 -0400] "GET /wp-login.php HTTP/1.1" 200 1886 "https://read11.windbreakermanga.com" "Mozilla/5.0 (Windows NT 10.0; Win64; x64; rv:94.0) Gecko/20100101 Firefox/94.0"
185.232.23.250 - - [17/Jun/2025:18:06:03 -0400] "POST /wp-login.php HTTP/1.1" 302 0 "https://read11.windbreakermanga.com/wp-login.php" "Mozilla/5.0 (Windows NT 10.0; Win64; x64; rv:94.0) Gecko/20100101 Firefox/94.0"
185.232.23.250 - - [17/Jun/2025:18:06:09 -0400] "GET /wp-admin/plugin-install.php?tab=upload HTTP/1.1" 403 1242 "https://read11.windbreakermanga.com" "Mozilla/5.0 (Windows NT 10.0; Win64; x64; rv:94.0) Gecko/20100101 Firefox/94.0"
162.0.232.193 - - [17/Jun/2025:18:06:14 -0400] "POST /wp-cron.php?doing_wp_cron=1750197974.0820870399475097656250 HTTP/1.1" 200 0 "-" "WordPress/6.8.1; https://read11.windbreakermanga.com"
162.0.232.193 - - [17/Jun/2025:18:06:23 -0400] "POST /wp-cron.php?doing_wp_cron=1750197983.0844080448150634765625 HTTP/1.1" 200 0 "-" "WordPress/6.8.1; https://read11.windbreakermanga.com"
162.0.232.193 - - [17/Jun/2025:18:06:43 -0400] "POST /wp-cron.php?doing_wp_cron=1750198003.2783210277557373046875 HTTP/1.1" 200 0 "-" "WordPress/6.8.1; https://read11.windbreakermanga.com"
2a03:2880:f800:19:: - - [17/Jun/2025:18:07:06 -0400] "GET /wind-breaker-chapter-277/ HTTP/1.1" 200 12225 "-" "meta-externalagent/1.1 (+https://developers.facebook.com/docs/sharing/webmasters/crawler)"
162.0.232.193 - - [17/Jun/2025:18:07:11 -0400] "POST /wp-cron.php?doing_wp_cron=1750198031.1791219711303710937500 HTTP/1.1" 200 0 "-" "WordPress/6.8.1; https://read11.windbreakermanga.com"
162.0.232.193 - - [17/Jun/2025:18:07:22 -0400] "GET /wp-content/uploads/f979bbbcbe9df560cb74049269d2541e_4104.xml HTTP/1.1" 200 2276 "-" "Mozilla/5.0 (X11; Linux x86_64) AppleWebKit/537.36 (KHTML, like Gecko) Ubuntu Chromium/41.0.2272.76"
47.82.61.133 - - [17/Jun/2025:18:07:37 -0400] "GET /wind-breaker-chapter-180/ HTTP/1.1" 200 11989 "https://read11.windbreakermanga.com/wind-breaker-chapter-180/" "Mozilla/5.0 (Windows NT 10.0; Win64; x64) AppleWebKit/537.36 (KHTML, like Gecko) Chrome/114.0.0.0 Safari/537.36 Edg/114.0.1823.43"
2a03:2880:f800:3:: - - [17/Jun/2025:18:07:36 -0400] "GET /shopdetail/98242952 HTTP/1.1" 301 0 "-" "meta-externalagent/1.1 (+https://developers.facebook.com/docs/sharing/webmasters/crawler)"
17.241.219.168 - - [17/Jun/2025:18:07:53 -0400] "GET /wind-breaker-chapter-363/ HTTP/1.1" 200 11871 "-" "Mozilla/5.0 (Macintosh; Intel Mac OS X 10_15_7) AppleWebKit/605.1.15 (KHTML, like Gecko) Version/17.4 Safari/605.1.15 (Applebot/0.1; +http://www.apple.com/go/applebot)"
170.254.163.164 - - [17/Jun/2025:18:07:59 -0400] "GET /wind-breaker-chapter-82/ HTTP/1.1" 200 12241 "-" "Mozilla/5.0 (Windows NT 10.0; Win64; x64) AppleWebKit/537.36 (KHTML, like Gecko) Chrome/121.0.0.0 Safari/537.36 Edg/121.0.0.0"
2a03:2880:f800:15:: - - [17/Jun/2025:18:08:01 -0400] "GET /wind-breaker-chapter-112/ HTTP/1.1" 200 11897 "-" "meta-externalagent/1.1 (+https://developers.facebook.com/docs/sharing/webmasters/crawler)"
2a03:2880:f800:: - - [17/Jun/2025:18:07:58 -0400] "GET /shopdetail/98189960 HTTP/1.1" 301 0 "-" "meta-externalagent/1.1 (+https://developers.facebook.com/docs/sharing/webmasters/crawler)"
162.0.232.193 - - [17/Jun/2025:18:08:12 -0400] "POST /wp-cron.php?doing_wp_cron=1750198091.9760019779205322265625 HTTP/1.1" 200 0 "-" "WordPress/6.8.1; https://read11.windbreakermanga.com"
162.0.232.193 - - [17/Jun/2025:18:08:14 -0400] "POST /wp-cron.php?doing_wp_cron=1750198093.9732708930969238281250 HTTP/1.1" 200 0 "-" "WordPress/6.8.1; https://read11.windbreakermanga.com"
2a03:2880:f800:6:: - - [17/Jun/2025:18:08:12 -0400] "GET /sitemap-subitems-2492.xml HTTP/1.1" 301 0 "-" "meta-externalagent/1.1 (+https://developers.facebook.com/docs/sharing/webmasters/crawler)"
2a03:2880:f800:7:: - - [17/Jun/2025:18:08:17 -0400] "GET / HTTP/1.1" 200 12660 "-" "meta-externalagent/1.1 (+https://developers.facebook.com/docs/sharing/webmasters/crawler)"
216.244.66.250 - - [17/Jun/2025:18:08:19 -0400] "GET /robots.txt HTTP/1.1" 304 0 "-" "Mozilla/5.0 (compatible; DotBot/1.2; +https://opensiteexplorer.org/dotbot; [email protected])"
216.244.66.250 - - [17/Jun/2025:18:08:20 -0400] "GET /robots.txt HTTP/1.1" 304 0 "-" "Mozilla/5.0 (compatible; DotBot/1.2; +https://opensiteexplorer.org/dotbot; [email protected])"
162.0.232.193 - - [17/Jun/2025:18:08:23 -0400] "POST /wp-cron.php?doing_wp_cron=1750198102.8753969669342041015625 HTTP/1.1" 200 0 "-" "WordPress/6.8.1; https://read11.windbreakermanga.com"
162.0.232.193 - - [17/Jun/2025:18:08:32 -0400] "POST /wp-cron.php?doing_wp_cron=1750198111.4786229133605957031250 HTTP/1.1" 200 0 "-" "WordPress/6.8.1; https://read11.windbreakermanga.com"
47.82.61.120 - - [17/Jun/2025:18:08:34 -0400] "GET /wind-breaker-chapter-59/ HTTP/1.1" 200 12091 "https://read11.windbreakermanga.com/wind-breaker-chapter-59/" "Mozilla/5.0 (Windows NT 10.0; Win64; x64) AppleWebKit/537.36 (KHTML, like Gecko) Chrome/114.0.0.0 Safari/537.36 Edg/114.0.1823.43"
162.0.232.193 - - [17/Jun/2025:18:08:43 -0400] "POST /wp-cron.php?doing_wp_cron=1750198122.6900510787963867187500 HTTP/1.1" 200 0 "-" "WordPress/6.8.1; https://read11.windbreakermanga.com"
114.119.135.251 - - [17/Jun/2025:18:08:55 -0400] "GET / HTTP/1.1" 200 12638 "https://windbreakermanga.com/wp-content/uploads/2021/11/wbr-685x1024.jpeg" "Mozilla/5.0 (Linux; Android 7.0;) AppleWebKit/537.36 (KHTML, like Gecko) Mobile Safari/537.36 (compatible; PetalBot;+https://webmaster.petalsearch.com/site/petalbot)"
47.82.60.80 - - [17/Jun/2025:18:08:59 -0400] "GET /wind-breaker-chapter-181/ HTTP/1.1" 200 12304 "https://read11.windbreakermanga.com/wind-breaker-chapter-181/" "Mozilla/5.0 (Windows NT 10.0; Win64; x64) AppleWebKit/537.36 (KHTML, like Gecko) Chrome/114.0.0.0 Safari/537.36 Edg/114.0.1823.43"
162.0.232.193 - - [17/Jun/2025:18:09:12 -0400] "POST /wp-cron.php?doing_wp_cron=1750198151.8785529136657714843750 HTTP/1.1" 200 0 "-" "WordPress/6.8.1; https://read11.windbreakermanga.com"
103.163.214.6 - - [17/Jun/2025:18:09:07 -0400] "POST /xmlrpc.php HTTP/1.1" 200 186 "https://read11.windbreakermanga.com" "Mozilla/5.0 (Macintosh; Intel Mac OS X 10_15_7; rv:129.0) Gecko/20100101 Firefox/129.0"
2a03:2880:f800:18:: - - [17/Jun/2025:18:09:15 -0400] "GET /sitemap-subitems-446.xml HTTP/1.1" 301 0 "-" "meta-externalagent/1.1 (+https://developers.facebook.com/docs/sharing/webmasters/crawler)"
162.0.232.193 - - [17/Jun/2025:18:09:23 -0400] "POST /wp-cron.php?doing_wp_cron=1750198162.6810429096221923828125 HTTP/1.1" 200 0 "-" "WordPress/6.8.1; https://read11.windbreakermanga.com"
162.0.232.193 - - [17/Jun/2025:18:09:48 -0400] "POST /wp-cron.php?doing_wp_cron=1750198188.1810851097106933593750 HTTP/1.1" 200 0 "-" "WordPress/6.8.1; https://read11.windbreakermanga.com"
194.145.227.125 - - [17/Jun/2025:18:10:02 -0400] "GET /admin/plugins/fileupload/server/php/index.php?file=tf2rghf.jpg HTTP/1.1" 301 0 "-" "ALittle Client"
162.0.232.193 - - [17/Jun/2025:18:10:11 -0400] "POST /wp-cron.php?doing_wp_cron=1750198211.7967550754547119140625 HTTP/1.1" 200 0 "-" "WordPress/6.8.1; https://read11.windbreakermanga.com"
162.0.232.193 - - [17/Jun/2025:18:10:21 -0400] "POST /wp-cron.php?doing_wp_cron=1750198221.2884140014648437500000 HTTP/1.1" 200 0 "-" "WordPress/6.8.1; https://read11.windbreakermanga.com"
114.119.139.202 - - [17/Jun/2025:18:10:28 -0400] "GET /wind-breaker-chapter-270-part-3-ep-20/ HTTP/1.1" 301 0 "https://read10.windbreakermanga.com/tag/windbreaker-manga/" "Mozilla/5.0 (Linux; Android 7.0;) AppleWebKit/537.36 (KHTML, like Gecko) Mobile Safari/537.36 (compatible; PetalBot;+https://webmaster.petalsearch.com/site/petalbot)"
194.145.227.125 - - [17/Jun/2025:18:10:35 -0400] "GET / HTTP/1.1" 200 12660 "-" "ALittle Client"
114.119.139.202 - - [17/Jun/2025:18:10:36 -0400] "GET / HTTP/1.1" 200 12638 "https://read10.windbreakermanga.com/tag/windbreaker-manga/" "Mozilla/5.0 (Linux; Android 7.0;) AppleWebKit/537.36 (KHTML, like Gecko) Mobile Safari/537.36 (compatible; PetalBot;+https://webmaster.petalsearch.com/site/petalbot)"
162.0.232.193 - - [17/Jun/2025:18:10:42 -0400] "POST /wp-cron.php?doing_wp_cron=1750198242.2018051147460937500000 HTTP/1.1" 200 0 "-" "WordPress/6.8.1; https://read11.windbreakermanga.com"
2a03:2880:f800:: - - [17/Jun/2025:18:10:45 -0400] "GET /shopdetail/98180820 HTTP/1.1" 301 0 "-" "meta-externalagent/1.1 (+https://developers.facebook.com/docs/sharing/webmasters/crawler)"
162.0.232.193 - - [17/Jun/2025:18:11:14 -0400] "POST /wp-cron.php?doing_wp_cron=1750198273.9899220466613769531250 HTTP/1.1" 200 0 "-" "WordPress/6.8.1; https://read11.windbreakermanga.com"
157.55.39.58 - - [17/Jun/2025:18:11:15 -0400] "GET /wp-json/wp/v2/posts/4300 HTTP/1.1" 200 81474 "-" "Mozilla/5.0 AppleWebKit/537.36 (KHTML, like Gecko; compatible; bingbot/2.0; +http://www.bing.com/bingbot.htm) Chrome/116.0.1938.76 Safari/537.36"
162.0.232.193 - - [17/Jun/2025:18:11:25 -0400] "GET /wp-content/uploads/f979bbbcbe9df560cb74049269d2541e_4104.xml HTTP/1.1" 200 2276 "-" "Mozilla/5.0 (X11; Linux x86_64) AppleWebKit/537.36 (KHTML, like Gecko) Ubuntu Chromium/41.0.2272.76"
2a03:2880:f800:1:: - - [17/Jun/2025:18:11:31 -0400] "GET /shopdetail/98183436 HTTP/1.1" 301 0 "-" "meta-externalagent/1.1 (+https://developers.facebook.com/docs/sharing/webmasters/crawler)"
162.0.232.193 - - [17/Jun/2025:18:12:14 -0400] "POST /wp-cron.php?doing_wp_cron=1750198334.0790181159973144531250 HTTP/1.1" 200 0 "-" "WordPress/6.8.1; https://read11.windbreakermanga.com"
162.0.232.193 - - [17/Jun/2025:18:12:20 -0400] "POST /wp-cron.php?doing_wp_cron=1750198340.7740049362182617187500 HTTP/1.1" 200 0 "-" "WordPress/6.8.1; https://read11.windbreakermanga.com"
162.0.232.193 - - [17/Jun/2025:18:12:20 -0400] "POST /wp-cron.php?doing_wp_cron=1750198340.6859319210052490234375 HTTP/1.1" 200 0 "-" "WordPress/6.8.1; https://read11.windbreakermanga.com"
2a03:2880:f800:: - - [17/Jun/2025:18:12:36 -0400] "GET /category/manga/page/54/ HTTP/1.1" 200 12341 "-" "meta-externalagent/1.1 (+https://developers.facebook.com/docs/sharing/webmasters/crawler)"
162.0.232.193 - - [17/Jun/2025:18:12:42 -0400] "POST /wp-cron.php?doing_wp_cron=1750198362.6774990558624267578125 HTTP/1.1" 200 0 "-" "WordPress/6.8.1; https://read11.windbreakermanga.com"
2a03:2880:f800:4:: - - [17/Jun/2025:18:12:51 -0400] "GET / HTTP/1.1" 200 12547 "-" "meta-externalagent/1.1 (+https://developers.facebook.com/docs/sharing/webmasters/crawler)"
2a03:2880:f800:1c:: - - [17/Jun/2025:18:13:08 -0400] "GET /shopdetail/98215648 HTTP/1.1" 301 0 "-" "meta-externalagent/1.1 (+https://developers.facebook.com/docs/sharing/webmasters/crawler)"
162.0.232.193 - - [17/Jun/2025:18:13:12 -0400] "POST /wp-cron.php?doing_wp_cron=1750198392.1728138923645019531250 HTTP/1.1" 200 0 "-" "WordPress/6.8.1; https://read11.windbreakermanga.com"
162.0.232.193 - - [17/Jun/2025:18:13:19 -0400] "POST /wp-cron.php?doing_wp_cron=1750198399.1743640899658203125000 HTTP/1.1" 200 0 "-" "WordPress/6.8.1; https://read11.windbreakermanga.com"
162.0.232.193 - - [17/Jun/2025:18:13:44 -0400] "POST /wp-cron.php?doing_wp_cron=1750198424.5059781074523925781250 HTTP/1.1" 200 0 "-" "WordPress/6.8.1; https://read11.windbreakermanga.com"
47.82.60.189 - - [17/Jun/2025:18:14:04 -0400] "GET /category/wind-breaker-manhwa/page/30/ HTTP/1.1" 200 13968 "https://read11.windbreakermanga.com/category/wind-breaker-manhwa/page/30/" "Mozilla/5.0 (Windows NT 10.0; Win64; x64) AppleWebKit/537.36 (KHTML, like Gecko) Chrome/114.0.0.0 Safari/537.36 Edg/114.0.1823.43"
162.0.232.193 - - [17/Jun/2025:18:14:12 -0400] "POST /wp-cron.php?doing_wp_cron=1750198452.0738940238952636718750 HTTP/1.1" 200 0 "-" "WordPress/6.8.1; https://read11.windbreakermanga.com"
162.0.232.193 - - [17/Jun/2025:18:14:19 -0400] "POST /wp-cron.php?doing_wp_cron=1750198459.5789420604705810546875 HTTP/1.1" 200 0 "-" "WordPress/6.8.1; https://read11.windbreakermanga.com"
77.247.74.210 - - [17/Jun/2025:18:14:21 -0400] "GET /xmlrpc.php HTTP/1.1" 405 46 "https://read10.windbreakermanga.com" "Mozilla/5.0 (Windows NT 10.0; Win64; x64) AppleWebKit/537.36 (KHTML, like Gecko) Chrome/112.0.5615.138 Safari/537.36"
2a03:2880:f800:2:: - - [17/Jun/2025:18:14:29 -0400] "GET /shopdetail/98230868 HTTP/1.1" 301 0 "-" "meta-externalagent/1.1 (+https://developers.facebook.com/docs/sharing/webmasters/crawler)"
162.0.232.193 - - [17/Jun/2025:18:14:42 -0400] "POST /wp-cron.php?doing_wp_cron=1750198481.8969728946685791015625 HTTP/1.1" 200 0 "-" "WordPress/6.8.1; https://read11.windbreakermanga.com"
47.82.62.16 - - [17/Jun/2025:18:15:04 -0400] "GET /wind-breaker-chapter-110/ HTTP/1.1" 200 11492 "https://read11.windbreakermanga.com/wind-breaker-chapter-110/" "Mozilla/5.0 (Windows NT 10.0; Win64; x64) AppleWebKit/537.36 (KHTML, like Gecko) Chrome/114.0.0.0 Safari/537.36 Edg/114.0.1823.43"
2a03:2880:f800:13:: - - [17/Jun/2025:18:15:04 -0400] "GET / HTTP/1.1" 200 12660 "-" "meta-externalagent/1.1 (+https://developers.facebook.com/docs/sharing/webmasters/crawler)"
162.0.232.193 - - [17/Jun/2025:18:15:11 -0400] "POST /wp-cron.php?doing_wp_cron=1750198511.2850689888000488281250 HTTP/1.1" 200 0 "-" "WordPress/6.8.1; https://read11.windbreakermanga.com"
162.0.232.193 - - [17/Jun/2025:18:15:15 -0400] "GET /wp-content/uploads/f979bbbcbe9df560cb74049269d2541e_4104.xml HTTP/1.1" 200 2533 "-" "Mozilla/5.0 (X11; Linux x86_64) AppleWebKit/537.36 (KHTML, like Gecko) Ubuntu Chromium/41.0.2272.76"
66.249.77.199 - - [17/Jun/2025:18:15:16 -0400] "GET /sitemap-subitems-839.xml HTTP/1.1" 200 10034 "-" "Mozilla/5.0 (compatible; Googlebot/2.1; +http://www.google.com/bot.html)"
162.0.232.193 - - [17/Jun/2025:18:16:12 -0400] "POST /wp-cron.php?doing_wp_cron=1750198572.4756450653076171875000 HTTP/1.1" 200 0 "-" "WordPress/6.8.1; https://read11.windbreakermanga.com"
162.0.232.193 - - [17/Jun/2025:18:16:13 -0400] "POST /wp-cron.php?doing_wp_cron=1750198572.4790279865264892578125 HTTP/1.1" 200 0 "-" "WordPress/6.8.1; https://read11.windbreakermanga.com"
162.0.232.193 - - [17/Jun/2025:18:16:14 -0400] "POST /wp-cron.php?doing_wp_cron=1750198573.2984600067138671875000 HTTP/1.1" 200 0 "-" "WordPress/6.8.1; https://read11.windbreakermanga.com"
162.0.232.193 - - [17/Jun/2025:18:16:15 -0400] "POST /wp-cron.php?doing_wp_cron=1750198574.7731890678405761718750 HTTP/1.1" 200 0 "-" "WordPress/6.8.1; https://read11.windbreakermanga.com"
162.0.232.193 - - [17/Jun/2025:18:16:15 -0400] "POST /wp-cron.php?doing_wp_cron=1750198575.1787929534912109375000 HTTP/1.1" 200 0 "-" "WordPress/6.8.1; https://read11.windbreakermanga.com"
216.73.216.244 - - [17/Jun/2025:18:16:19 -0400] "GET /sitemap-subitems-771.xml HTTP/1.1" 200 10310 "-" "Mozilla/5.0 AppleWebKit/537.36 (KHTML, like Gecko; compatible; ClaudeBot/1.0; [email protected])"
162.0.232.193 - - [17/Jun/2025:18:16:21 -0400] "POST /wp-cron.php?doing_wp_cron=1750198581.4749250411987304687500 HTTP/1.1" 200 0 "-" "WordPress/6.8.1; https://read11.windbreakermanga.com"
207.46.13.127 - - [17/Jun/2025:18:16:20 -0400] "GET /wind-breaker-chapter-298/ HTTP/1.1" 200 81742 "-" "Mozilla/5.0 AppleWebKit/537.36 (KHTML, like Gecko; compatible; bingbot/2.0; +http://www.bing.com/bingbot.htm) Chrome/116.0.1938.76 Safari/537.36"
2a03:2880:f800:4:: - - [17/Jun/2025:18:16:35 -0400] "GET /shopdetail/98211532 HTTP/1.1" 301 0 "-" "meta-externalagent/1.1 (+https://developers.facebook.com/docs/sharing/webmasters/crawler)"
162.0.232.193 - - [17/Jun/2025:18:16:46 -0400] "POST /wp-cron.php?doing_wp_cron=1750198605.7806499004364013671875 HTTP/1.1" 200 0 "-" "WordPress/6.8.1; https://read11.windbreakermanga.com"
47.128.122.0 - - [17/Jun/2025:18:17:05 -0400] "GET / HTTP/1.1" 200 12638 "-" "Mozilla/5.0 (Linux; Android 5.0) AppleWebKit/537.36 (KHTML, like Gecko) Mobile Safari/537.36 (compatible; TikTokSpider; [email protected])"
162.0.232.193 - - [17/Jun/2025:18:17:13 -0400] "POST /wp-cron.php?doing_wp_cron=1750198633.1808519363403320312500 HTTP/1.1" 200 0 "-" "WordPress/6.8.1; https://read11.windbreakermanga.com"
162.0.232.193 - - [17/Jun/2025:18:17:19 -0400] "POST /wp-cron.php?doing_wp_cron=1750198639.1749811172485351562500 HTTP/1.1" 200 0 "-" "WordPress/6.8.1; https://read11.windbreakermanga.com"
162.0.232.193 - - [17/Jun/2025:18:17:43 -0400] "POST /wp-cron.php?doing_wp_cron=1750198662.9215800762176513671875 HTTP/1.1" 200 0 "-" "WordPress/6.8.1; https://read11.windbreakermanga.com"
162.0.232.193 - - [17/Jun/2025:18:18:11 -0400] "POST /wp-cron.php?doing_wp_cron=1750198691.3835330009460449218750 HTTP/1.1" 200 0 "-" "WordPress/6.8.1; https://read11.windbreakermanga.com"
162.0.232.193 - - [17/Jun/2025:18:18:20 -0400] "POST /wp-cron.php?doing_wp_cron=1750198700.1959760189056396484375 HTTP/1.1" 200 0 "-" "WordPress/6.8.1; https://read11.windbreakermanga.com"
162.0.232.193 - - [17/Jun/2025:18:18:43 -0400] "POST /wp-cron.php?doing_wp_cron=1750198722.7863690853118896484375 HTTP/1.1" 200 0 "-" "WordPress/6.8.1; https://read11.windbreakermanga.com"
162.0.232.193 - - [17/Jun/2025:18:18:56 -0400] "POST /wp-cron.php?doing_wp_cron=1750198736.7601540088653564453125 HTTP/1.1" 200 0 "-" "WordPress/6.8.1; https://read11.windbreakermanga.com"
162.0.232.193 - - [17/Jun/2025:18:19:11 -0400] "POST /wp-cron.php?doing_wp_cron=1750198751.1748130321502685546875 HTTP/1.1" 200 0 "-" "WordPress/6.8.1; https://read11.windbreakermanga.com"
2a03:2880:f800:1d:: - - [17/Jun/2025:18:19:10 -0400] "GET /shopdetail/98184708 HTTP/1.1" 301 0 "-" "meta-externalagent/1.1 (+https://developers.facebook.com/docs/sharing/webmasters/crawler)"
162.0.232.193 - - [17/Jun/2025:18:19:13 -0400] "GET /wp-content/uploads/f979bbbcbe9df560cb74049269d2541e_4104.xml HTTP/1.1" 200 2533 "-" "Mozilla/5.0 (X11; Linux x86_64) AppleWebKit/537.36 (KHTML, like Gecko) Ubuntu Chromium/41.0.2272.76"
2a03:2880:f800:8:: - - [17/Jun/2025:18:19:53 -0400] "GET /wind-breaker-chapter-359/ HTTP/1.1" 200 11659 "-" "meta-externalagent/1.1 (+https://developers.facebook.com/docs/sharing/webmasters/crawler)"
162.0.232.193 - - [17/Jun/2025:18:20:11 -0400] "POST /wp-cron.php?doing_wp_cron=1750198811.1881520748138427734375 HTTP/1.1" 200 0 "-" "WordPress/6.8.1; https://read11.windbreakermanga.com"
162.0.232.193 - - [17/Jun/2025:18:20:19 -0400] "POST /wp-cron.php?doing_wp_cron=1750198819.1751630306243896484375 HTTP/1.1" 200 0 "-" "WordPress/6.8.1; https://read11.windbreakermanga.com"
47.82.61.213 - - [17/Jun/2025:18:20:35 -0400] "GET /wind-breaker-chapter-153/ HTTP/1.1" 200 12297 "https://read11.windbreakermanga.com/wind-breaker-chapter-153/" "Mozilla/5.0 (Windows NT 10.0; Win64; x64) AppleWebKit/537.36 (KHTML, like Gecko) Chrome/114.0.0.0 Safari/537.36 Edg/114.0.1823.43"
2a03:2880:f800:2:: - - [17/Jun/2025:18:20:39 -0400] "GET /wind-breaker-chapter-283/ HTTP/1.1" 200 12253 "-" "meta-externalagent/1.1 (+https://developers.facebook.com/docs/sharing/webmasters/crawler)"
162.0.232.193 - - [17/Jun/2025:18:20:42 -0400] "POST /wp-cron.php?doing_wp_cron=1750198841.7892088890075683593750 HTTP/1.1" 200 0 "-" "WordPress/6.8.1; https://read11.windbreakermanga.com"
2001:ee0:465e:8b8d:ec2f:68d3:124:f82f - - [17/Jun/2025:18:20:42 -0400] "GET / HTTP/1.1" 200 12660 "-" "Mozilla/5.0 (Windows NT 10.0; Win64; x64) AppleWebKit/537.36 (KHTML, like Gecko) Chrome/121.0.0.0 Safari/537.36 Edg/121.0.0.0"
162.0.232.193 - - [17/Jun/2025:18:21:12 -0400] "POST /wp-cron.php?doing_wp_cron=1750198871.9886760711669921875000 HTTP/1.1" 200 0 "-" "WordPress/6.8.1; https://read11.windbreakermanga.com"
162.0.232.193 - - [17/Jun/2025:18:21:23 -0400] "POST /wp-cron.php?doing_wp_cron=1750198883.2816200256347656250000 HTTP/1.1" 200 0 "-" "WordPress/6.8.1; https://read11.windbreakermanga.com"
162.0.232.193 - - [17/Jun/2025:18:21:41 -0400] "POST /wp-cron.php?doing_wp_cron=1750198901.1764249801635742187500 HTTP/1.1" 200 0 "-" "WordPress/6.8.1; https://read11.windbreakermanga.com"
162.0.232.193 - - [17/Jun/2025:18:22:11 -0400] "POST /wp-cron.php?doing_wp_cron=1750198931.3952128887176513671875 HTTP/1.1" 200 0 "-" "WordPress/6.8.1; https://read11.windbreakermanga.com"
2a03:2880:f800:d:: - - [17/Jun/2025:18:22:10 -0400] "GET /author/admin/page/2/ HTTP/1.1" 200 12484 "-" "meta-externalagent/1.1 (+https://developers.facebook.com/docs/sharing/webmasters/crawler)"
162.0.232.193 - - [17/Jun/2025:18:22:19 -0400] "POST /wp-cron.php?doing_wp_cron=1750198939.6009058952331542968750 HTTP/1.1" 200 0 "-" "WordPress/6.8.1; https://read11.windbreakermanga.com"
162.0.232.193 - - [17/Jun/2025:18:22:41 -0400] "POST /wp-cron.php?doing_wp_cron=1750198961.3211150169372558593750 HTTP/1.1" 200 0 "-" "WordPress/6.8.1; https://read11.windbreakermanga.com"
198.27.67.210 - - [17/Jun/2025:18:22:53 -0400] "POST /xmlrpc.php HTTP/1.1" 200 186 "https://read11.windbreakermanga.com" "Mozilla/5.0 (Macintosh; Intel Mac OS X 14_6) AppleWebKit/605.1.15 (KHTML, like Gecko) Version/17.5 Safari/605.1.15"
162.0.232.193 - - [17/Jun/2025:18:23:12 -0400] "POST /wp-cron.php?doing_wp_cron=1750198991.6795470714569091796875 HTTP/1.1" 200 0 "-" "WordPress/6.8.1; https://read11.windbreakermanga.com"
162.0.232.193 - - [17/Jun/2025:18:23:17 -0400] "GET /wp-content/uploads/f979bbbcbe9df560cb74049269d2541e_4104.xml HTTP/1.1" 200 2276 "-" "Mozilla/5.0 (X11; Linux x86_64) AppleWebKit/537.36 (KHTML, like Gecko) Ubuntu Chromium/41.0.2272.76"
2a03:2880:f800:17:: - - [17/Jun/2025:18:23:33 -0400] "GET /shopdetail/98209124 HTTP/1.1" 301 0 "-" "meta-externalagent/1.1 (+https://developers.facebook.com/docs/sharing/webmasters/crawler)"
162.0.232.193 - - [17/Jun/2025:18:24:13 -0400] "POST /wp-cron.php?doing_wp_cron=1750199052.7797529697418212890625 HTTP/1.1" 200 0 "-" "WordPress/6.8.1; https://read11.windbreakermanga.com"
162.0.232.193 - - [17/Jun/2025:18:24:13 -0400] "POST /wp-cron.php?doing_wp_cron=1750199052.8838629722595214843750 HTTP/1.1" 200 0 "-" "WordPress/6.8.1; https://read11.windbreakermanga.com"
162.0.232.193 - - [17/Jun/2025:18:24:13 -0400] "POST /wp-cron.php?doing_wp_cron=1750199053.1764159202575683593750 HTTP/1.1" 200 0 "-" "WordPress/6.8.1; https://read11.windbreakermanga.com"
162.0.232.193 - - [17/Jun/2025:18:24:20 -0400] "POST /wp-cron.php?doing_wp_cron=1750199059.5819709300994873046875 HTTP/1.1" 200 0 "-" "WordPress/6.8.1; https://read11.windbreakermanga.com"
162.0.232.193 - - [17/Jun/2025:18:24:41 -0400] "POST /wp-cron.php?doing_wp_cron=1750199081.4840719699859619140625 HTTP/1.1" 200 0 "-" "WordPress/6.8.1; https://read11.windbreakermanga.com"
162.0.232.193 - - [17/Jun/2025:18:25:13 -0400] "POST /wp-cron.php?doing_wp_cron=1750199113.5758309364318847656250 HTTP/1.1" 200 0 "-" "WordPress/6.8.1; https://read11.windbreakermanga.com"
162.0.232.193 - - [17/Jun/2025:18:25:19 -0400] "POST /wp-cron.php?doing_wp_cron=1750199119.3765690326690673828125 HTTP/1.1" 200 0 "-" "WordPress/6.8.1; https://read11.windbreakermanga.com"
162.0.232.193 - - [17/Jun/2025:18:25:42 -0400] "POST /wp-cron.php?doing_wp_cron=1750199141.6730859279632568359375 HTTP/1.1" 200 0 "-" "WordPress/6.8.1; https://read11.windbreakermanga.com"
2a03:2880:f800:a:: - - [17/Jun/2025:18:25:58 -0400] "GET /sitemap-subitems-647.xml HTTP/1.1" 301 0 "-" "meta-externalagent/1.1 (+https://developers.facebook.com/docs/sharing/webmasters/crawler)"
162.0.232.193 - - [17/Jun/2025:18:26:11 -0400] "POST /wp-cron.php?doing_wp_cron=1750199171.5941350460052490234375 HTTP/1.1" 200 0 "-" "WordPress/6.8.1; https://read11.windbreakermanga.com"
66.249.77.199 - - [17/Jun/2025:18:26:12 -0400] "GET /items174407104 HTTP/1.1" 200 81430 "-" "Mozilla/5.0 (Linux; Android 6.0.1; Nexus 5X Build/MMB29P) AppleWebKit/537.36 (KHTML, like Gecko) Chrome/136.0.7103.113 Mobile Safari/537.36 (compatible; Googlebot/2.1; +http://www.google.com/bot.html)"
66.249.77.199 - - [17/Jun/2025:18:26:13 -0400] "GET /special5495104 HTTP/1.1" 200 81229 "-" "Mozilla/5.0 (Linux; Android 6.0.1; Nexus 5X Build/MMB29P) AppleWebKit/537.36 (KHTML, like Gecko) Chrome/136.0.7103.113 Mobile Safari/537.36 (compatible; Googlebot/2.1; +http://www.google.com/bot.html)"
66.249.77.201 - - [17/Jun/2025:18:26:14 -0400] "GET /special/intimidated/5259584 HTTP/1.1" 200 81520 "-" "Mozilla/5.0 (Linux; Android 6.0.1; Nexus 5X Build/MMB29P) AppleWebKit/537.36 (KHTML, like Gecko) Chrome/136.0.7103.113 Mobile Safari/537.36 (compatible; Googlebot/2.1; +http://www.google.com/bot.html)"
162.0.232.193 - - [17/Jun/2025:18:26:21 -0400] "POST /wp-cron.php?doing_wp_cron=1750199181.2764339447021484375000 HTTP/1.1" 200 0 "-" "WordPress/6.8.1; https://read11.windbreakermanga.com"
162.0.232.193 - - [17/Jun/2025:18:26:41 -0400] "POST /wp-cron.php?doing_wp_cron=1750199201.2747399806976318359375 HTTP/1.1" 200 0 "-" "WordPress/6.8.1; https://read11.windbreakermanga.com"
66.249.77.199 - - [17/Jun/2025:18:26:44 -0400] "GET /sitemap-subitems-1804.xml HTTP/1.1" 200 9973 "-" "Mozilla/5.0 (compatible; Googlebot/2.1; +http://www.google.com/bot.html)"
162.0.232.193 - - [17/Jun/2025:18:27:14 -0400] "POST /wp-cron.php?doing_wp_cron=1750199234.0802540779113769531250 HTTP/1.1" 200 0 "-" "WordPress/6.8.1; https://read11.windbreakermanga.com"
162.0.232.193 - - [17/Jun/2025:18:27:19 -0400] "GET /wp-content/uploads/f979bbbcbe9df560cb74049269d2541e_4104.xml HTTP/1.1" 200 2276 "-" "Mozilla/5.0 (X11; Linux x86_64) AppleWebKit/537.36 (KHTML, like Gecko) Ubuntu Chromium/41.0.2272.76"
110.54.188.117 - - [17/Jun/2025:18:27:19 -0400] "GET /wind-breaker-chapter-550/ HTTP/1.1" 200 11590 "https://read11.windbreakermanga.com/wind-breaker-chapter-551/" "Mozilla/5.0 (Linux; Android 10; K) AppleWebKit/537.36 (KHTML, like Gecko) Chrome/125.0.0.0 Mobile Safari/537.36"
110.54.188.117 - - [17/Jun/2025:18:27:20 -0400] "GET /wind-breaker-chapter-551/ HTTP/1.1" 200 11503 "https://read11.windbreakermanga.com/wind-breaker-chapter-550/" "Mozilla/5.0 (Linux; Android 10; K) AppleWebKit/537.36 (KHTML, like Gecko) Chrome/125.0.0.0 Mobile Safari/537.36"
110.54.188.117 - - [17/Jun/2025:18:27:23 -0400] "GET /wind-breaker-chapter-552/ HTTP/1.1" 200 11625 "https://read11.windbreakermanga.com/wind-breaker-chapter-551/" "Mozilla/5.0 (Linux; Android 10; K) AppleWebKit/537.36 (KHTML, like Gecko) Chrome/125.0.0.0 Mobile Safari/537.36"
110.54.188.117 - - [17/Jun/2025:18:27:26 -0400] "GET /category/wind-breaker-manhwa/ HTTP/1.1" 200 12031 "https://read11.windbreakermanga.com/wind-breaker-chapter-552/" "Mozilla/5.0 (Linux; Android 10; K) AppleWebKit/537.36 (KHTML, like Gecko) Chrome/125.0.0.0 Mobile Safari/537.36"
110.54.188.117 - - [17/Jun/2025:18:27:18 -0400] "POST /wp-admin/admin-ajax.php HTTP/1.1" 200 61 "https://read11.windbreakermanga.com/wind-breaker-chapter-551/" "Mozilla/5.0 (Linux; Android 10; K) AppleWebKit/537.36 (KHTML, like Gecko) Chrome/125.0.0.0 Mobile Safari/537.36"
110.54.188.117 - - [17/Jun/2025:18:27:22 -0400] "POST /wp-admin/admin-ajax.php HTTP/1.1" 200 61 "https://read11.windbreakermanga.com/wind-breaker-chapter-551/" "Mozilla/5.0 (Linux; Android 10; K) AppleWebKit/537.36 (KHTML, like Gecko) Chrome/125.0.0.0 Mobile Safari/537.36"
110.54.188.117 - - [17/Jun/2025:18:27:26 -0400] "POST /wp-admin/admin-ajax.php HTTP/1.1" 200 61 "https://read11.windbreakermanga.com/wind-breaker-chapter-552/" "Mozilla/5.0 (Linux; Android 10; K) AppleWebKit/537.36 (KHTML, like Gecko) Chrome/125.0.0.0 Mobile Safari/537.36"
110.54.188.117 - - [17/Jun/2025:18:27:36 -0400] "GET /wind-breaker-chapter-552/ HTTP/1.1" 304 0 "https://read11.windbreakermanga.com/wind-breaker-chapter-551/" "Mozilla/5.0 (Linux; Android 10; K) AppleWebKit/537.36 (KHTML, like Gecko) Chrome/125.0.0.0 Mobile Safari/537.36"
110.54.188.117 - - [17/Jun/2025:18:27:37 -0400] "POST /wp-admin/admin-ajax.php HTTP/1.1" 200 61 "https://read11.windbreakermanga.com/wind-breaker-chapter-552/" "Mozilla/5.0 (Linux; Android 10; K) AppleWebKit/537.36 (KHTML, like Gecko) Chrome/125.0.0.0 Mobile Safari/537.36"
162.0.232.193 - - [17/Jun/2025:18:28:14 -0400] "POST /wp-cron.php?doing_wp_cron=1750199294.4798619747161865234375 HTTP/1.1" 200 0 "-" "WordPress/6.8.1; https://read11.windbreakermanga.com"
162.0.232.193 - - [17/Jun/2025:18:28:22 -0400] "POST /wp-cron.php?doing_wp_cron=1750199302.2676339149475097656250 HTTP/1.1" 200 0 "-" "WordPress/6.8.1; https://read11.windbreakermanga.com"
162.0.232.193 - - [17/Jun/2025:18:28:44 -0400] "POST /wp-cron.php?doing_wp_cron=1750199324.8321180343627929687500 HTTP/1.1" 200 0 "-" "WordPress/6.8.1; https://read11.windbreakermanga.com"
2a03:2880:f800:8:: - - [17/Jun/2025:18:29:00 -0400] "GET /shopdetail/98244852 HTTP/1.1" 301 0 "-" "meta-externalagent/1.1 (+https://developers.facebook.com/docs/sharing/webmasters/crawler)"
2a03:2880:f800:18:: - - [17/Jun/2025:18:29:00 -0400] "GET /shopdetail/98228532 HTTP/1.1" 301 0 "-" "meta-externalagent/1.1 (+https://developers.facebook.com/docs/sharing/webmasters/crawler)"
162.0.232.193 - - [17/Jun/2025:18:29:13 -0400] "POST /wp-cron.php?doing_wp_cron=1750199353.6982700824737548828125 HTTP/1.1" 200 0 "-" "WordPress/6.8.1; https://read11.windbreakermanga.com"
162.0.232.193 - - [17/Jun/2025:18:29:19 -0400] "POST /wp-cron.php?doing_wp_cron=1750199359.0414569377899169921875 HTTP/1.1" 200 0 "-" "WordPress/6.8.1; https://read11.windbreakermanga.com"
162.0.232.193 - - [17/Jun/2025:18:29:41 -0400] "POST /wp-cron.php?doing_wp_cron=1750199381.0748879909515380859375 HTTP/1.1" 200 0 "-" "WordPress/6.8.1; https://read11.windbreakermanga.com"
47.82.62.10 - - [17/Jun/2025:18:29:42 -0400] "GET /wind-breaker-chapter-489/ HTTP/1.1" 200 11964 "https://read11.windbreakermanga.com/wind-breaker-chapter-489/" "Mozilla/5.0 (Windows NT 10.0; Win64; x64) AppleWebKit/537.36 (KHTML, like Gecko) Chrome/114.0.0.0 Safari/537.36 Edg/114.0.1823.43"
162.0.232.193 - - [17/Jun/2025:18:30:14 -0400] "POST /wp-cron.php?doing_wp_cron=1750199414.1028211116790771484375 HTTP/1.1" 200 0 "-" "WordPress/6.8.1; https://read11.windbreakermanga.com"
162.0.232.193 - - [17/Jun/2025:18:30:20 -0400] "POST /wp-cron.php?doing_wp_cron=1750199419.7750539779663085937500 HTTP/1.1" 200 0 "-" "WordPress/6.8.1; https://read11.windbreakermanga.com"
162.0.232.193 - - [17/Jun/2025:18:30:42 -0400] "POST /wp-cron.php?doing_wp_cron=1750199442.2743430137634277343750 HTTP/1.1" 200 0 "-" "WordPress/6.8.1; https://read11.windbreakermanga.com"
66.249.77.199 - - [17/Jun/2025:18:30:47 -0400] "GET /sitemap-subitems-1724.xml HTTP/1.1" 200 10403 "-" "Mozilla/5.0 (compatible; Googlebot/2.1; +http://www.google.com/bot.html)"
2a03:2880:f800:18:: - - [17/Jun/2025:18:30:47 -0400] "GET /shopdetail/98198792 HTTP/1.1" 301 0 "-" "meta-externalagent/1.1 (+https://developers.facebook.com/docs/sharing/webmasters/crawler)"
2a03:2880:f800:3:: - - [17/Jun/2025:18:30:55 -0400] "GET / HTTP/1.1" 200 12660 "-" "meta-externalagent/1.1 (+https://developers.facebook.com/docs/sharing/webmasters/crawler)"
