162.0.232.193 - - [17/Jun/2025:14:58:25 -0400] "POST /wp-cron.php?doing_wp_cron=1750186704.5874109268188476562500 HTTP/1.1" 200 0 "-" "WordPress/6.8.1; https://read11.windbreakermanga.com"
162.0.232.193 - - [17/Jun/2025:14:58:25 -0400] "POST /wp-cron.php?doing_wp_cron=1750186704.5896980762481689453125 HTTP/1.1" 200 0 "-" "WordPress/6.8.1; https://read11.windbreakermanga.com"
162.0.232.193 - - [17/Jun/2025:14:58:43 -0400] "POST /wp-cron.php?doing_wp_cron=1750186723.4935739040374755859375 HTTP/1.1" 200 0 "-" "WordPress/6.8.1; https://read11.windbreakermanga.com"
2a03:2880:f800:1d:: - - [17/Jun/2025:14:58:41 -0400] "GET /wind-breaker-chapter-249-part-2-ep-181/ HTTP/1.1" 301 0 "-" "meta-externalagent/1.1 (+https://developers.facebook.com/docs/sharing/webmasters/crawler)"
2a03:2880:f800:a:: - - [17/Jun/2025:14:58:46 -0400] "GET / HTTP/1.1" 200 12660 "-" "meta-externalagent/1.1 (+https://developers.facebook.com/docs/sharing/webmasters/crawler)"
162.0.232.193 - - [17/Jun/2025:14:59:11 -0400] "POST /wp-cron.php?doing_wp_cron=1750186751.7749390602111816406250 HTTP/1.1" 200 0 "-" "WordPress/6.8.1; https://read11.windbreakermanga.com"
157.55.39.49 - - [17/Jun/2025:14:59:21 -0400] "GET /category/wind-breaker-webtoon/page/55/ HTTP/1.1" 200 81262 "-" "Mozilla/5.0 AppleWebKit/537.36 (KHTML, like Gecko; compatible; bingbot/2.0; +http://www.bing.com/bingbot.htm) Chrome/116.0.1938.76 Safari/537.36"
162.0.232.193 - - [17/Jun/2025:14:59:27 -0400] "POST /wp-cron.php?doing_wp_cron=1750186767.1822979450225830078125 HTTP/1.1" 200 0 "-" "WordPress/6.8.1; https://read11.windbreakermanga.com"
162.0.232.193 - - [17/Jun/2025:14:59:45 -0400] "POST /wp-cron.php?doing_wp_cron=1750186785.2739179134368896484375 HTTP/1.1" 200 0 "-" "WordPress/6.8.1; https://read11.windbreakermanga.com"
2a03:2880:f800:15:: - - [17/Jun/2025:14:59:58 -0400] "GET /shopdetail/98221372 HTTP/1.1" 301 0 "-" "meta-externalagent/1.1 (+https://developers.facebook.com/docs/sharing/webmasters/crawler)"
2a03:2880:f800:13:: - - [17/Jun/2025:14:59:59 -0400] "GET /shopdetail/98253456 HTTP/1.1" 301 0 "-" "meta-externalagent/1.1 (+https://developers.facebook.com/docs/sharing/webmasters/crawler)"
162.0.232.193 - - [17/Jun/2025:15:00:11 -0400] "POST /wp-cron.php?doing_wp_cron=1750186811.3771719932556152343750 HTTP/1.1" 200 0 "-" "WordPress/6.8.1; https://read11.windbreakermanga.com"
162.0.232.193 - - [17/Jun/2025:15:00:25 -0400] "POST /wp-cron.php?doing_wp_cron=1750186824.4910569190979003906250 HTTP/1.1" 200 0 "-" "WordPress/6.8.1; https://read11.windbreakermanga.com"
2a03:2880:f800:13:: - - [17/Jun/2025:15:00:25 -0400] "GET /shopdetail/98214548 HTTP/1.1" 301 0 "-" "meta-externalagent/1.1 (+https://developers.facebook.com/docs/sharing/webmasters/crawler)"
162.0.232.193 - - [17/Jun/2025:15:00:28 -0400] "GET /wind-breaker-chapter-533/ HTTP/1.1" 200 11687 "-" "WP Rocket/Preload"
162.0.232.193 - - [17/Jun/2025:15:00:38 -0400] "GET /wind-breaker-chapter-533/ HTTP/1.1" 200 11703 "-" "WP Rocket/Preload Mozilla/5.0 (iPhone; CPU iPhone OS 9_1 like Mac OS X) AppleWebKit/601.1.46 (KHTML, like Gecko) Version/9.0 Mobile/13B143 Safari/601.1"
162.0.232.193 - - [17/Jun/2025:15:00:48 -0400] "POST /wp-cron.php?doing_wp_cron=1750186847.7810480594635009765625 HTTP/1.1" 200 0 "-" "WordPress/6.8.1; https://read11.windbreakermanga.com"
162.0.232.193 - - [17/Jun/2025:15:01:13 -0400] "POST /wp-cron.php?doing_wp_cron=1750186872.7827799320220947265625 HTTP/1.1" 200 0 "-" "WordPress/6.8.1; https://read11.windbreakermanga.com"
162.0.232.193 - - [17/Jun/2025:15:01:21 -0400] "GET /wp-content/uploads/f979bbbcbe9df560cb74049269d2541e_4104.xml HTTP/1.1" 200 2276 "-" "Mozilla/5.0 (X11; Linux x86_64) AppleWebKit/537.36 (KHTML, like Gecko) Ubuntu Chromium/41.0.2272.76"
162.0.232.193 - - [17/Jun/2025:15:02:14 -0400] "POST /wp-cron.php?doing_wp_cron=1750186934.0824089050292968750000 HTTP/1.1" 200 0 "-" "WordPress/6.8.1; https://read11.windbreakermanga.com"
162.0.232.193 - - [17/Jun/2025:15:02:24 -0400] "POST /wp-cron.php?doing_wp_cron=1750186944.0935969352722167968750 HTTP/1.1" 200 0 "-" "WordPress/6.8.1; https://read11.windbreakermanga.com"
43.130.53.252 - - [17/Jun/2025:15:02:38 -0400] "GET /wind-breaker-chapter-1/ HTTP/1.1" 200 12047 "http://read11.windbreakermanga.com/wind-breaker-chapter-1/" "Mozilla/5.0 (iPhone; CPU iPhone OS 13_2_3 like Mac OS X) AppleWebKit/605.1.15 (KHTML, like Gecko) Version/13.0.3 Mobile/15E148 Safari/604.1"
2a03:2880:f800:f:: - - [17/Jun/2025:15:02:38 -0400] "GET /wind-breaker-chapter-283/ HTTP/1.1" 200 12253 "-" "meta-externalagent/1.1 (+https://developers.facebook.com/docs/sharing/webmasters/crawler)"
162.0.232.193 - - [17/Jun/2025:15:02:41 -0400] "POST /wp-cron.php?doing_wp_cron=1750186961.2796070575714111328125 HTTP/1.1" 200 0 "-" "WordPress/6.8.1; https://read11.windbreakermanga.com"
2a03:2880:f800:17:: - - [17/Jun/2025:15:02:46 -0400] "GET /shopdetail/98248104 HTTP/1.1" 301 0 "-" "meta-externalagent/1.1 (+https://developers.facebook.com/docs/sharing/webmasters/crawler)"
162.0.232.193 - - [17/Jun/2025:15:03:12 -0400] "POST /wp-cron.php?doing_wp_cron=1750186992.1883199214935302734375 HTTP/1.1" 200 0 "-" "WordPress/6.8.1; https://read11.windbreakermanga.com"
162.0.232.193 - - [17/Jun/2025:15:03:26 -0400] "POST /wp-cron.php?doing_wp_cron=1750187005.4807689189910888671875 HTTP/1.1" 200 0 "-" "WordPress/6.8.1; https://read11.windbreakermanga.com"
34.236.185.101 - - [17/Jun/2025:15:03:27 -0400] "GET /robots.txt HTTP/1.1" 304 0 "-" "Mozilla/5.0 AppleWebKit/537.36 (KHTML, like Gecko; compatible; Amazonbot/0.1; +https://developer.amazon.com/support/amazonbot) Chrome/119.0.6045.214 Safari/537.36"
35.153.86.200 - - [17/Jun/2025:15:03:28 -0400] "GET /wind-breaker-chapter-270-part-3-ep-20/ HTTP/1.1" 500 1034 "-" "Mozilla/5.0 AppleWebKit/537.36 (KHTML, like Gecko; compatible; Amazonbot/0.1; +https://developer.amazon.com/support/amazonbot) Chrome/119.0.6045.214 Safari/537.36"
162.0.232.193 - - [17/Jun/2025:15:03:42 -0400] "POST /wp-cron.php?doing_wp_cron=1750187021.7733669281005859375000 HTTP/1.1" 200 0 "-" "WordPress/6.8.1; https://read11.windbreakermanga.com"
66.249.77.196 - - [17/Jun/2025:15:04:08 -0400] "GET /wind-breaker-chapter-107 HTTP/1.1" 200 81390 "-" "Mozilla/5.0 (Linux; Android 6.0.1; Nexus 5X Build/MMB29P) AppleWebKit/537.36 (KHTML, like Gecko) Chrome/136.0.7103.113 Mobile Safari/537.36 (compatible; Googlebot/2.1; +http://www.google.com/bot.html)"
162.0.232.193 - - [17/Jun/2025:15:04:12 -0400] "POST /wp-cron.php?doing_wp_cron=1750187051.9964790344238281250000 HTTP/1.1" 200 0 "-" "WordPress/6.8.1; https://read11.windbreakermanga.com"
162.0.232.193 - - [17/Jun/2025:15:04:24 -0400] "POST /wp-cron.php?doing_wp_cron=1750187064.6259469985961914062500 HTTP/1.1" 200 0 "-" "WordPress/6.8.1; https://read11.windbreakermanga.com"
162.0.232.193 - - [17/Jun/2025:15:04:42 -0400] "POST /wp-cron.php?doing_wp_cron=1750187082.1845710277557373046875 HTTP/1.1" 200 0 "-" "WordPress/6.8.1; https://read11.windbreakermanga.com"
2a03:2880:f800:c:: - - [17/Jun/2025:15:04:44 -0400] "GET /shopdetail/98186944 HTTP/1.1" 301 0 "-" "meta-externalagent/1.1 (+https://developers.facebook.com/docs/sharing/webmasters/crawler)"
162.0.232.193 - - [17/Jun/2025:15:05:14 -0400] "POST /wp-cron.php?doing_wp_cron=1750187114.1768200397491455078125 HTTP/1.1" 200 0 "-" "WordPress/6.8.1; https://read11.windbreakermanga.com"
162.0.232.193 - - [17/Jun/2025:15:05:20 -0400] "GET /wp-content/uploads/f979bbbcbe9df560cb74049269d2541e_4104.xml HTTP/1.1" 200 2276 "-" "Mozilla/5.0 (X11; Linux x86_64) AppleWebKit/537.36 (KHTML, like Gecko) Ubuntu Chromium/41.0.2272.76"
162.0.232.193 - - [17/Jun/2025:15:06:14 -0400] "POST /wp-cron.php?doing_wp_cron=1750187174.1768670082092285156250 HTTP/1.1" 200 0 "-" "WordPress/6.8.1; https://read11.windbreakermanga.com"
162.0.232.193 - - [17/Jun/2025:15:06:15 -0400] "POST /wp-cron.php?doing_wp_cron=1750187174.6937799453735351562500 HTTP/1.1" 200 0 "-" "WordPress/6.8.1; https://read11.windbreakermanga.com"
162.0.232.193 - - [17/Jun/2025:15:06:15 -0400] "POST /wp-cron.php?doing_wp_cron=1750187175.4751789569854736328125 HTTP/1.1" 200 0 "-" "WordPress/6.8.1; https://read11.windbreakermanga.com"
162.0.232.193 - - [17/Jun/2025:15:06:29 -0400] "POST /wp-cron.php?doing_wp_cron=1750187189.4225919246673583984375 HTTP/1.1" 200 0 "-" "WordPress/6.8.1; https://read11.windbreakermanga.com"
114.119.145.123 - - [17/Jun/2025:15:06:31 -0400] "GET / HTTP/1.1" 200 12658 "https://windbreakermanga.com/wp-content/uploads/2021/11/wbr-685x1024.jpeg" "Mozilla/5.0 (Linux; Android 7.0;) AppleWebKit/537.36 (KHTML, like Gecko) Mobile Safari/537.36 (compatible; PetalBot;+https://webmaster.petalsearch.com/site/petalbot)"
162.0.232.193 - - [17/Jun/2025:15:06:43 -0400] "POST /wp-cron.php?doing_wp_cron=1750187202.8892719745635986328125 HTTP/1.1" 200 0 "-" "WordPress/6.8.1; https://read11.windbreakermanga.com"
216.244.66.250 - - [17/Jun/2025:15:06:57 -0400] "GET /robots.txt HTTP/1.1" 304 0 "-" "Mozilla/5.0 (compatible; DotBot/1.2; +https://opensiteexplorer.org/dotbot; [email protected])"
162.0.232.193 - - [17/Jun/2025:15:07:13 -0400] "POST /wp-cron.php?doing_wp_cron=1750187233.1984488964080810546875 HTTP/1.1" 200 0 "-" "WordPress/6.8.1; https://read11.windbreakermanga.com"
162.0.232.193 - - [17/Jun/2025:15:07:25 -0400] "POST /wp-cron.php?doing_wp_cron=1750187245.0070230960845947265625 HTTP/1.1" 200 0 "-" "WordPress/6.8.1; https://read11.windbreakermanga.com"
2a03:2880:f800:1d:: - - [17/Jun/2025:15:07:21 -0400] "GET /shopdetail/98225288 HTTP/1.1" 301 0 "-" "meta-externalagent/1.1 (+https://developers.facebook.com/docs/sharing/webmasters/crawler)"
162.0.232.193 - - [17/Jun/2025:15:07:44 -0400] "POST /wp-cron.php?doing_wp_cron=1750187263.7786691188812255859375 HTTP/1.1" 200 0 "-" "WordPress/6.8.1; https://read11.windbreakermanga.com"
162.0.232.193 - - [17/Jun/2025:15:08:04 -0400] "POST /wp-cron.php?doing_wp_cron=1750187283.6815099716186523437500 HTTP/1.1" 200 0 "-" "WordPress/6.8.1; https://read11.windbreakermanga.com"
114.119.151.50 - - [17/Jun/2025:15:08:08 -0400] "GET / HTTP/1.1" 200 12638 "https://windbreakermanga.com/wp-content/uploads/2021/11/wbr-685x1024.jpeg" "Mozilla/5.0 (Linux; Android 7.0;) AppleWebKit/537.36 (KHTML, like Gecko) Mobile Safari/537.36 (compatible; PetalBot;+https://webmaster.petalsearch.com/site/petalbot)"
2a03:2880:f800:15:: - - [17/Jun/2025:15:08:48 -0400] "GET /shopdetail/98195776 HTTP/1.1" 301 0 "-" "meta-externalagent/1.1 (+https://developers.facebook.com/docs/sharing/webmasters/crawler)"
162.0.232.193 - - [17/Jun/2025:15:09:04 -0400] "POST /wp-cron.php?doing_wp_cron=1750187344.4776010513305664062500 HTTP/1.1" 200 0 "-" "WordPress/6.8.1; https://read11.windbreakermanga.com"
162.0.232.193 - - [17/Jun/2025:15:09:09 -0400] "GET /wp-content/uploads/f979bbbcbe9df560cb74049269d2541e_4104.xml HTTP/1.1" 200 2276 "-" "Mozilla/5.0 (X11; Linux x86_64) AppleWebKit/537.36 (KHTML, like Gecko) Ubuntu Chromium/41.0.2272.76"
162.0.232.193 - - [17/Jun/2025:15:10:05 -0400] "POST /wp-cron.php?doing_wp_cron=1750187404.5919411182403564453125 HTTP/1.1" 200 0 "-" "WordPress/6.8.1; https://read11.windbreakermanga.com"
162.0.232.193 - - [17/Jun/2025:15:10:05 -0400] "POST /wp-cron.php?doing_wp_cron=1750187405.3740589618682861328125 HTTP/1.1" 200 0 "-" "WordPress/6.8.1; https://read11.windbreakermanga.com"
162.0.232.193 - - [17/Jun/2025:15:10:07 -0400] "POST /wp-cron.php?doing_wp_cron=1750187406.6918270587921142578125 HTTP/1.1" 200 0 "-" "WordPress/6.8.1; https://read11.windbreakermanga.com"
162.0.232.193 - - [17/Jun/2025:15:10:07 -0400] "POST /wp-cron.php?doing_wp_cron=1750187406.4921510219573974609375 HTTP/1.1" 200 0 "-" "WordPress/6.8.1; https://read11.windbreakermanga.com"
2a03:2880:f800:: - - [17/Jun/2025:15:10:03 -0400] "GET /shopdetail/98237700 HTTP/1.1" 301 0 "-" "meta-externalagent/1.1 (+https://developers.facebook.com/docs/sharing/webmasters/crawler)"
2a03:2880:f800:1:: - - [17/Jun/2025:15:10:05 -0400] "GET /wind-breaker-chapter-330-part-3-ep-80/ HTTP/1.1" 301 0 "-" "meta-externalagent/1.1 (+https://developers.facebook.com/docs/sharing/webmasters/crawler)"
2a03:2880:f800:4:: - - [17/Jun/2025:15:10:12 -0400] "GET / HTTP/1.1" 200 12660 "-" "meta-externalagent/1.1 (+https://developers.facebook.com/docs/sharing/webmasters/crawler)"
162.0.232.193 - - [17/Jun/2025:15:10:24 -0400] "POST /wp-cron.php?doing_wp_cron=1750187424.0855460166931152343750 HTTP/1.1" 200 0 "-" "WordPress/6.8.1; https://read11.windbreakermanga.com"
2a03:2880:f800:a:: - - [17/Jun/2025:15:10:33 -0400] "GET /shopdetail/98228132 HTTP/1.1" 301 0 "-" "meta-externalagent/1.1 (+https://developers.facebook.com/docs/sharing/webmasters/crawler)"
162.0.232.193 - - [17/Jun/2025:15:10:41 -0400] "POST /wp-cron.php?doing_wp_cron=1750187441.0726449489593505859375 HTTP/1.1" 200 0 "-" "WordPress/6.8.1; https://read11.windbreakermanga.com"
43.159.141.150 - - [17/Jun/2025:15:10:41 -0400] "GET /?p=4484 HTTP/1.1" 301 0 "-" "Mozilla/5.0 (iPhone; CPU iPhone OS 13_2_3 like Mac OS X) AppleWebKit/605.1.15 (KHTML, like Gecko) Version/13.0.3 Mobile/15E148 Safari/604.1"
43.159.141.150 - - [17/Jun/2025:15:10:47 -0400] "GET /wind-breaker-chapter-176/ HTTP/1.1" 200 12353 "https://read11.windbreakermanga.com/?p=4484" "Mozilla/5.0 (iPhone; CPU iPhone OS 13_2_3 like Mac OS X) AppleWebKit/605.1.15 (KHTML, like Gecko) Version/13.0.3 Mobile/15E148 Safari/604.1"
2a03:2880:f800:8:: - - [17/Jun/2025:15:11:10 -0400] "GET / HTTP/1.1" 200 12660 "-" "meta-externalagent/1.1 (+https://developers.facebook.com/docs/sharing/webmasters/crawler)"
162.0.232.193 - - [17/Jun/2025:15:11:23 -0400] "POST /wp-cron.php?doing_wp_cron=1750187483.6975769996643066406250 HTTP/1.1" 200 0 "-" "WordPress/6.8.1; https://read11.windbreakermanga.com"
162.0.232.193 - - [17/Jun/2025:15:11:42 -0400] "POST /wp-cron.php?doing_wp_cron=1750187501.7992300987243652343750 HTTP/1.1" 200 0 "-" "WordPress/6.8.1; https://read11.windbreakermanga.com"
2a03:2880:f800:15:: - - [17/Jun/2025:15:11:44 -0400] "GET /wind-breaker-chapter-510/ HTTP/1.1" 200 11625 "-" "meta-externalagent/1.1 (+https://developers.facebook.com/docs/sharing/webmasters/crawler)"
114.119.145.123 - - [17/Jun/2025:15:11:56 -0400] "GET / HTTP/1.1" 200 12638 "https://read8.windbreakermanga.com/wind-breaker/page/19/" "Mozilla/5.0 (Linux; Android 7.0;) AppleWebKit/537.36 (KHTML, like Gecko) Mobile Safari/537.36 (compatible; PetalBot;+https://webmaster.petalsearch.com/site/petalbot)"
162.0.209.140 - - [17/Jun/2025:15:11:56 -0400] "GET / HTTP/1.1" 200 12660 "https://windbreakermanga.com/" "Mozilla/5.0 (Macintosh; Intel Mac OS X 10_15_7; rv:125.0.1) Gecko/20100101 Firefox/125.0.1"
162.0.209.140 - - [17/Jun/2025:15:11:58 -0400] "GET /index.php?rest_route=/wp/v2/users HTTP/1.1" 200 6725 "https://read11.windbreakermanga.com" "Mozilla/5.0 (Macintosh; Intel Mac OS X 10_15_7; rv:126.0) Gecko/20100101 Firefox/126.0"
162.0.232.193 - - [17/Jun/2025:15:12:15 -0400] "POST /wp-cron.php?doing_wp_cron=1750187535.1802411079406738281250 HTTP/1.1" 200 0 "-" "WordPress/6.8.1; https://read11.windbreakermanga.com"
2a03:2880:f800:18:: - - [17/Jun/2025:15:12:13 -0400] "GET /shopdetail/98184936 HTTP/1.1" 301 0 "-" "meta-externalagent/1.1 (+https://developers.facebook.com/docs/sharing/webmasters/crawler)"
162.0.232.193 - - [17/Jun/2025:15:12:25 -0400] "POST /wp-cron.php?doing_wp_cron=1750187544.8817269802093505859375 HTTP/1.1" 200 0 "-" "WordPress/6.8.1; https://read11.windbreakermanga.com"
162.0.232.193 - - [17/Jun/2025:15:12:42 -0400] "POST /wp-cron.php?doing_wp_cron=1750187561.8819220066070556640625 HTTP/1.1" 200 0 "-" "WordPress/6.8.1; https://read11.windbreakermanga.com"
114.119.151.50 - - [17/Jun/2025:15:13:09 -0400] "GET / HTTP/1.1" 200 12638 "https://read8.windbreakermanga.com/wind-breaker/page/38/" "Mozilla/5.0 (Linux; Android 7.0;) AppleWebKit/537.36 (KHTML, like Gecko) Mobile Safari/537.36 (compatible; PetalBot;+https://webmaster.petalsearch.com/site/petalbot)"
162.0.232.193 - - [17/Jun/2025:15:13:11 -0400] "POST /wp-cron.php?doing_wp_cron=1750187591.0743629932403564453125 HTTP/1.1" 200 0 "-" "WordPress/6.8.1; https://read11.windbreakermanga.com"
162.0.232.193 - - [17/Jun/2025:15:13:11 -0400] "POST /wp-cron.php?doing_wp_cron=1750187591.0743789672851562500000 HTTP/1.1" 200 0 "-" "WordPress/6.8.1; https://read11.windbreakermanga.com"
162.0.232.193 - - [17/Jun/2025:15:13:17 -0400] "GET /wp-content/uploads/f979bbbcbe9df560cb74049269d2541e_4104.xml HTTP/1.1" 200 2533 "-" "Mozilla/5.0 (X11; Linux x86_64) AppleWebKit/537.36 (KHTML, like Gecko) Ubuntu Chromium/41.0.2272.76"
162.0.232.193 - - [17/Jun/2025:15:14:11 -0400] "POST /wp-cron.php?doing_wp_cron=1750187651.0852770805358886718750 HTTP/1.1" 200 0 "-" "WordPress/6.8.1; https://read11.windbreakermanga.com"
162.0.232.193 - - [17/Jun/2025:15:14:12 -0400] "POST /wp-cron.php?doing_wp_cron=1750187652.0793728828430175781250 HTTP/1.1" 200 0 "-" "WordPress/6.8.1; https://read11.windbreakermanga.com"
162.0.232.193 - - [17/Jun/2025:15:14:14 -0400] "POST /wp-cron.php?doing_wp_cron=1750187653.9732160568237304687500 HTTP/1.1" 200 0 "-" "WordPress/6.8.1; https://read11.windbreakermanga.com"
2a03:2880:f800:e:: - - [17/Jun/2025:15:14:08 -0400] "GET /shopdetail/98212804 HTTP/1.1" 301 0 "-" "meta-externalagent/1.1 (+https://developers.facebook.com/docs/sharing/webmasters/crawler)"
162.0.232.193 - - [17/Jun/2025:15:14:15 -0400] "POST /wp-cron.php?doing_wp_cron=1750187654.8765358924865722656250 HTTP/1.1" 200 0 "-" "WordPress/6.8.1; https://read11.windbreakermanga.com"
162.0.232.193 - - [17/Jun/2025:15:14:15 -0400] "POST /wp-cron.php?doing_wp_cron=1750187654.7763509750366210937500 HTTP/1.1" 200 0 "-" "WordPress/6.8.1; https://read11.windbreakermanga.com"
162.0.232.193 - - [17/Jun/2025:15:14:27 -0400] "POST /wp-cron.php?doing_wp_cron=1750187667.0732300281524658203125 HTTP/1.1" 200 0 "-" "WordPress/6.8.1; https://read11.windbreakermanga.com"
114.119.154.207 - - [17/Jun/2025:15:14:33 -0400] "GET /wind-breaker-chapter-475/ HTTP/1.1" 200 11984 "https://read8.windbreakermanga.com/wind-breaker/wind-breaker-chapter-371/" "Mozilla/5.0 (Linux; Android 7.0;) AppleWebKit/537.36 (KHTML, like Gecko) Mobile Safari/537.36 (compatible; PetalBot;+https://webmaster.petalsearch.com/site/petalbot)"
162.0.232.193 - - [17/Jun/2025:15:14:44 -0400] "POST /wp-cron.php?doing_wp_cron=1750187683.7871329784393310546875 HTTP/1.1" 200 0 "-" "WordPress/6.8.1; https://read11.windbreakermanga.com"
54.89.90.224 - - [17/Jun/2025:15:15:02 -0400] "GET /wind-breaker-chapter-416/ HTTP/1.1" 500 1034 "-" "Mozilla/5.0 AppleWebKit/537.36 (KHTML, like Gecko; compatible; Amazonbot/0.1; +https://developer.amazon.com/support/amazonbot) Chrome/119.0.6045.214 Safari/537.36"
162.0.232.193 - - [17/Jun/2025:15:15:13 -0400] "POST /wp-cron.php?doing_wp_cron=1750187713.0728580951690673828125 HTTP/1.1" 200 0 "-" "WordPress/6.8.1; https://read11.windbreakermanga.com"
162.0.232.193 - - [17/Jun/2025:15:15:24 -0400] "POST /wp-cron.php?doing_wp_cron=1750187724.4796850681304931640625 HTTP/1.1" 200 0 "-" "WordPress/6.8.1; https://read11.windbreakermanga.com"
162.0.232.193 - - [17/Jun/2025:15:15:41 -0400] "POST /wp-cron.php?doing_wp_cron=1750187741.1730570793151855468750 HTTP/1.1" 200 0 "-" "WordPress/6.8.1; https://read11.windbreakermanga.com"
2a03:2880:f800:b:: - - [17/Jun/2025:15:15:44 -0400] "GET / HTTP/1.1" 200 12662 "-" "meta-externalagent/1.1 (+https://developers.facebook.com/docs/sharing/webmasters/crawler)"
162.0.232.193 - - [17/Jun/2025:15:15:50 -0400] "POST /wp-cron.php?doing_wp_cron=1750187749.2800350189208984375000 HTTP/1.1" 200 0 "-" "WordPress/6.8.1; https://read11.windbreakermanga.com"
2a03:2880:f800:1b:: - - [17/Jun/2025:15:15:45 -0400] "GET /sitemap-subitems-2812.xml HTTP/1.1" 301 0 "-" "meta-externalagent/1.1 (+https://developers.facebook.com/docs/sharing/webmasters/crawler)"
114.119.154.207 - - [17/Jun/2025:15:16:03 -0400] "GET /wind-breaker-chapter-22/ HTTP/1.1" 200 12142 "https://read8.windbreakermanga.com/wind-breaker/wind-breaker-chapter-371/" "Mozilla/5.0 (Linux; Android 7.0;) AppleWebKit/537.36 (KHTML, like Gecko) Mobile Safari/537.36 (compatible; PetalBot;+https://webmaster.petalsearch.com/site/petalbot)"
20.171.207.97 - - [17/Jun/2025:15:16:22 -0400] "GET /?p=4004 HTTP/1.1" 301 0 "-" "Mozilla/5.0 AppleWebKit/537.36 (KHTML, like Gecko; compatible; GPTBot/1.2; +https://openai.com/gptbot)"
2a03:2880:f800:3:: - - [17/Jun/2025:15:16:38 -0400] "GET /sitemap-subitems-2816.xml HTTP/1.1" 301 0 "-" "meta-externalagent/1.1 (+https://developers.facebook.com/docs/sharing/webmasters/crawler)"
162.0.232.193 - - [17/Jun/2025:15:16:50 -0400] "POST /wp-cron.php?doing_wp_cron=1750187810.1770720481872558593750 HTTP/1.1" 200 0 "-" "WordPress/6.8.1; https://read11.windbreakermanga.com"
162.0.232.193 - - [17/Jun/2025:15:16:50 -0400] "POST /wp-cron.php?doing_wp_cron=1750187809.7745609283447265625000 HTTP/1.1" 200 0 "-" "WordPress/6.8.1; https://read11.windbreakermanga.com"
162.0.232.193 - - [17/Jun/2025:15:16:53 -0400] "POST /wp-cron.php?doing_wp_cron=1750187812.4748411178588867187500 HTTP/1.1" 200 0 "-" "WordPress/6.8.1; https://read11.windbreakermanga.com"
162.0.232.193 - - [17/Jun/2025:15:16:53 -0400] "POST /wp-cron.php?doing_wp_cron=1750187812.7754991054534912109375 HTTP/1.1" 200 0 "-" "WordPress/6.8.1; https://read11.windbreakermanga.com"
162.0.232.193 - - [17/Jun/2025:15:16:53 -0400] "POST /wp-cron.php?doing_wp_cron=1750187813.2880289554595947265625 HTTP/1.1" 200 0 "-" "WordPress/6.8.1; https://read11.windbreakermanga.com"
162.0.232.193 - - [17/Jun/2025:15:16:54 -0400] "POST /wp-cron.php?doing_wp_cron=1750187813.4868481159210205078125 HTTP/1.1" 200 0 "-" "WordPress/6.8.1; https://read11.windbreakermanga.com"
162.0.232.193 - - [17/Jun/2025:15:17:00 -0400] "GET /wp-content/uploads/f979bbbcbe9df560cb74049269d2541e_4104.xml HTTP/1.1" 200 2276 "-" "Mozilla/5.0 (X11; Linux x86_64) AppleWebKit/537.36 (KHTML, like Gecko) Ubuntu Chromium/41.0.2272.76"
162.0.232.193 - - [17/Jun/2025:15:17:12 -0400] "POST /wp-cron.php?doing_wp_cron=1750187831.3902060985565185546875 HTTP/1.1" 200 0 "-" "WordPress/6.8.1; https://read11.windbreakermanga.com"
114.119.151.50 - - [17/Jun/2025:15:17:23 -0400] "GET /wind-breaker-chapter-206/ HTTP/1.1" 200 12414 "https://read8.windbreakermanga.com/wind-breaker/wind-breaker-chapter-371/" "Mozilla/5.0 (Linux; Android 7.0;) AppleWebKit/537.36 (KHTML, like Gecko) Mobile Safari/537.36 (compatible; PetalBot;+https://webmaster.petalsearch.com/site/petalbot)"
162.0.232.193 - - [17/Jun/2025:15:17:24 -0400] "POST /wp-cron.php?doing_wp_cron=1750187844.2729899883270263671875 HTTP/1.1" 200 0 "-" "WordPress/6.8.1; https://read11.windbreakermanga.com"
162.0.232.193 - - [17/Jun/2025:15:17:43 -0400] "POST /wp-cron.php?doing_wp_cron=1750187862.5776669979095458984375 HTTP/1.1" 200 0 "-" "WordPress/6.8.1; https://read11.windbreakermanga.com"
162.0.232.193 - - [17/Jun/2025:15:18:11 -0400] "POST /wp-cron.php?doing_wp_cron=1750187891.2750010490417480468750 HTTP/1.1" 200 0 "-" "WordPress/6.8.1; https://read11.windbreakermanga.com"
2a03:2880:f800:1a:: - - [17/Jun/2025:15:18:14 -0400] "GET / HTTP/1.1" 200 12660 "-" "meta-externalagent/1.1 (+https://developers.facebook.com/docs/sharing/webmasters/crawler)"
162.0.232.193 - - [17/Jun/2025:15:18:24 -0400] "POST /wp-cron.php?doing_wp_cron=1750187904.0730800628662109375000 HTTP/1.1" 200 0 "-" "WordPress/6.8.1; https://read11.windbreakermanga.com"
162.0.232.193 - - [17/Jun/2025:15:18:42 -0400] "POST /wp-cron.php?doing_wp_cron=1750187921.6780140399932861328125 HTTP/1.1" 200 0 "-" "WordPress/6.8.1; https://read11.windbreakermanga.com"
2a03:2880:f800:5:: - - [17/Jun/2025:15:18:40 -0400] "GET /wind-breaker-chapter-0-prologue/ HTTP/1.1" 301 0 "-" "meta-externalagent/1.1 (+https://developers.facebook.com/docs/sharing/webmasters/crawler)"
43.155.129.131 - - [17/Jun/2025:15:18:41 -0400] "GET /wp-json/oembed/1.0/embed?url=https%3A%2F%2Fread11.windbreakermanga.com%2Fwind-breaker-chapter-176%2F HTTP/1.1" 200 2543 "-" "Mozilla/5.0 (iPhone; CPU iPhone OS 13_2_3 like Mac OS X) AppleWebKit/605.1.15 (KHTML, like Gecko) Version/13.0.3 Mobile/15E148 Safari/604.1"
2a03:2880:f800:6:: - - [17/Jun/2025:15:18:48 -0400] "GET / HTTP/1.1" 200 12660 "-" "meta-externalagent/1.1 (+https://developers.facebook.com/docs/sharing/webmasters/crawler)"
162.0.232.193 - - [17/Jun/2025:15:18:55 -0400] "POST /wp-cron.php?doing_wp_cron=1750187934.6836669445037841796875 HTTP/1.1" 200 0 "-" "WordPress/6.8.1; https://read11.windbreakermanga.com"
162.0.232.193 - - [17/Jun/2025:15:19:12 -0400] "POST /wp-cron.php?doing_wp_cron=1750187952.3728160858154296875000 HTTP/1.1" 200 0 "-" "WordPress/6.8.1; https://read11.windbreakermanga.com"
114.119.154.207 - - [17/Jun/2025:15:19:10 -0400] "GET /category/manga/page/2/ HTTP/1.1" 200 12340 "https://read11.windbreakermanga.com/category/manga/" "Mozilla/5.0 (Linux; Android 7.0;) AppleWebKit/537.36 (KHTML, like Gecko) Mobile Safari/537.36 (compatible; PetalBot;+https://webmaster.petalsearch.com/site/petalbot)"
162.0.232.193 - - [17/Jun/2025:15:19:25 -0400] "POST /wp-cron.php?doing_wp_cron=1750187965.2810781002044677734375 HTTP/1.1" 200 0 "-" "WordPress/6.8.1; https://read11.windbreakermanga.com"
162.0.232.193 - - [17/Jun/2025:15:19:41 -0400] "POST /wp-cron.php?doing_wp_cron=1750187981.6788530349731445312500 HTTP/1.1" 200 0 "-" "WordPress/6.8.1; https://read11.windbreakermanga.com"
2a03:2880:f800:18:: - - [17/Jun/2025:15:19:55 -0400] "GET /shopdetail/98214476 HTTP/1.1" 301 0 "-" "meta-externalagent/1.1 (+https://developers.facebook.com/docs/sharing/webmasters/crawler)"
162.0.232.193 - - [17/Jun/2025:15:20:11 -0400] "POST /wp-cron.php?doing_wp_cron=1750188011.2782111167907714843750 HTTP/1.1" 200 0 "-" "WordPress/6.8.1; https://read11.windbreakermanga.com"
162.0.232.193 - - [17/Jun/2025:15:20:24 -0400] "POST /wp-cron.php?doing_wp_cron=1750188024.7766339778900146484375 HTTP/1.1" 200 0 "-" "WordPress/6.8.1; https://read11.windbreakermanga.com"
114.119.151.50 - - [17/Jun/2025:15:20:38 -0400] "GET /wind-breaker-chapter-73/ HTTP/1.1" 200 12229 "https://read10.windbreakermanga.com/tag/windbreaker-manga/" "Mozilla/5.0 (Linux; Android 7.0;) AppleWebKit/537.36 (KHTML, like Gecko) Mobile Safari/537.36 (compatible; PetalBot;+https://webmaster.petalsearch.com/site/petalbot)"
162.0.232.193 - - [17/Jun/2025:15:20:44 -0400] "POST /wp-cron.php?doing_wp_cron=1750188044.5816550254821777343750 HTTP/1.1" 200 0 "-" "WordPress/6.8.1; https://read11.windbreakermanga.com"
206.238.196.100 - - [17/Jun/2025:15:20:43 -0400] "GET /xmlrpc.php HTTP/1.1" 405 46 "https://read10.windbreakermanga.com" "Mozilla/5.0 (Macintosh; Intel Mac OS X 10_15_7) AppleWebKit/537.36 (KHTML, like Gecko) Chrome/112.0.5615.138 Safari/537.36"
172.97.162.112 - - [17/Jun/2025:15:21:18 -0400] "GET /wp-content/uploads/2024/02/cropped-jay-jo-192x192.webp HTTP/1.1" 200 6674 "https://read11.windbreakermanga.com/wind-breaker-chapter-178/" "Mozilla/5.0 (Linux; Android 9; KFONWI) AppleWebKit/537.36 (KHTML, like Gecko) Silk/136.4.1 like Chrome/136.0.7103.159 Safari/537.36"
172.97.162.112 - - [17/Jun/2025:15:21:18 -0400] "GET /wp-content/uploads/2024/02/cropped-jay-jo-180x180.webp HTTP/1.1" 200 6282 "https://read11.windbreakermanga.com/wind-breaker-chapter-178/" "Mozilla/5.0 (Linux; Android 9; KFONWI) AppleWebKit/537.36 (KHTML, like Gecko) Silk/136.4.1 like Chrome/136.0.7103.159 Safari/537.36"
162.0.232.193 - - [17/Jun/2025:15:21:19 -0400] "POST /wp-cron.php?doing_wp_cron=1750188079.0768630504608154296875 HTTP/1.1" 200 0 "-" "WordPress/6.8.1; https://read11.windbreakermanga.com"
172.97.162.112 - - [17/Jun/2025:15:21:16 -0400] "POST /wp-admin/admin-ajax.php HTTP/1.1" 200 61 "https://read11.windbreakermanga.com/wind-breaker-chapter-178/" "Mozilla/5.0 (Linux; Android 9; KFONWI) AppleWebKit/537.36 (KHTML, like Gecko) Silk/136.4.1 like Chrome/136.0.7103.159 Safari/537.36"
162.0.232.193 - - [17/Jun/2025:15:21:26 -0400] "GET /wp-content/uploads/f979bbbcbe9df560cb74049269d2541e_4104.xml HTTP/1.1" 200 2276 "-" "Mozilla/5.0 (X11; Linux x86_64) AppleWebKit/537.36 (KHTML, like Gecko) Ubuntu Chromium/41.0.2272.76"
191.6.22.30 - - [17/Jun/2025:15:21:38 -0400] "GET /wind-breaker-chapter-226-part-2-ep-158/ HTTP/1.1" 301 0 "-" "Mozilla/5.0 (Windows NT 10.0; Win64; x64) AppleWebKit/537.36 (KHTML, like Gecko) Chrome/121.0.0.0 Safari/537.36 Edg/121.0.0.0 AtContent/95.5.5392.49"
2a03:2880:f800:5:: - - [17/Jun/2025:15:21:44 -0400] "GET /shopdetail/98251376 HTTP/1.1" 301 0 "-" "meta-externalagent/1.1 (+https://developers.facebook.com/docs/sharing/webmasters/crawler)"
2a03:2880:f800:5:: - - [17/Jun/2025:15:21:54 -0400] "GET /shopdetail/98199328 HTTP/1.1" 301 0 "-" "meta-externalagent/1.1 (+https://developers.facebook.com/docs/sharing/webmasters/crawler)"
114.119.145.123 - - [17/Jun/2025:15:22:04 -0400] "GET /wind-breaker-chapter-515/ HTTP/1.1" 200 11696 "https://read11.windbreakermanga.com/wind-breaker-chapter-516/" "Mozilla/5.0 (Linux; Android 7.0;) AppleWebKit/537.36 (KHTML, like Gecko) Mobile Safari/537.36 (compatible; PetalBot;+https://webmaster.petalsearch.com/site/petalbot)"
162.0.232.193 - - [17/Jun/2025:15:22:20 -0400] "POST /wp-cron.php?doing_wp_cron=1750188139.8833661079406738281250 HTTP/1.1" 200 0 "-" "WordPress/6.8.1; https://read11.windbreakermanga.com"
162.0.232.193 - - [17/Jun/2025:15:22:25 -0400] "POST /wp-cron.php?doing_wp_cron=1750188145.3956489562988281250000 HTTP/1.1" 200 0 "-" "WordPress/6.8.1; https://read11.windbreakermanga.com"
2a03:2880:f800:e:: - - [17/Jun/2025:15:22:26 -0400] "GET /shopdetail/98210232 HTTP/1.1" 301 0 "-" "meta-externalagent/1.1 (+https://developers.facebook.com/docs/sharing/webmasters/crawler)"
2a03:2880:f800:f:: - - [17/Jun/2025:15:22:29 -0400] "GET /wind-breaker-chapter-359/ HTTP/1.1" 200 11659 "-" "meta-externalagent/1.1 (+https://developers.facebook.com/docs/sharing/webmasters/crawler)"
162.0.232.193 - - [17/Jun/2025:15:22:42 -0400] "POST /wp-cron.php?doing_wp_cron=1750188161.6732060909271240234375 HTTP/1.1" 200 0 "-" "WordPress/6.8.1; https://read11.windbreakermanga.com"
2a03:2880:f800:16:: - - [17/Jun/2025:15:22:46 -0400] "GET / HTTP/1.1" 200 12660 "-" "meta-externalagent/1.1 (+https://developers.facebook.com/docs/sharing/webmasters/crawler)"
114.119.152.134 - - [17/Jun/2025:15:22:56 -0400] "GET /wind-breaker-chapter-417/ HTTP/1.1" 301 0 "https://read10.windbreakermanga.com/tag/windbreaker-manga/" "Mozilla/5.0 (Linux; Android 7.0;) AppleWebKit/537.36 (KHTML, like Gecko) Mobile Safari/537.36 (compatible; PetalBot;+https://webmaster.petalsearch.com/site/petalbot)"
162.0.232.193 - - [17/Jun/2025:15:23:11 -0400] "POST /wp-cron.php?doing_wp_cron=1750188191.3783800601959228515625 HTTP/1.1" 200 0 "-" "WordPress/6.8.1; https://read11.windbreakermanga.com"
162.0.232.193 - - [17/Jun/2025:15:23:27 -0400] "POST /wp-cron.php?doing_wp_cron=1750188207.5789959430694580078125 HTTP/1.1" 200 0 "-" "WordPress/6.8.1; https://read11.windbreakermanga.com"
162.0.232.193 - - [17/Jun/2025:15:23:41 -0400] "POST /wp-cron.php?doing_wp_cron=1750188221.5754399299621582031250 HTTP/1.1" 200 0 "-" "WordPress/6.8.1; https://read11.windbreakermanga.com"
162.0.232.193 - - [17/Jun/2025:15:23:47 -0400] "POST /wp-cron.php?doing_wp_cron=1750188227.2006618976593017578125 HTTP/1.1" 200 0 "-" "WordPress/6.8.1; https://read11.windbreakermanga.com"
47.82.62.36 - - [17/Jun/2025:15:24:18 -0400] "GET /wind-breaker-chapter-178/ HTTP/1.1" 200 12474 "https://read11.windbreakermanga.com/wind-breaker-chapter-178/" "Mozilla/5.0 (Windows NT 10.0; Win64; x64) AppleWebKit/537.36 (KHTML, like Gecko) Chrome/114.0.0.0 Safari/537.36 Edg/114.0.1823.43"
114.119.130.178 - - [17/Jun/2025:15:24:40 -0400] "GET /wind-breaker-chapter-263-part-3-ep-13/ HTTP/1.1" 301 0 "https://read10.windbreakermanga.com/tag/windbreaker-manga/" "Mozilla/5.0 (Linux; Android 7.0;) AppleWebKit/537.36 (KHTML, like Gecko) Mobile Safari/537.36 (compatible; PetalBot;+https://webmaster.petalsearch.com/site/petalbot)"
162.0.232.193 - - [17/Jun/2025:15:24:47 -0400] "POST /wp-cron.php?doing_wp_cron=1750188287.3805530071258544921875 HTTP/1.1" 200 0 "-" "WordPress/6.8.1; https://read11.windbreakermanga.com"
2a03:2880:f800:8:: - - [17/Jun/2025:15:24:45 -0400] "GET /sitemap-subitems-624.xml HTTP/1.1" 301 0 "-" "meta-externalagent/1.1 (+https://developers.facebook.com/docs/sharing/webmasters/crawler)"
162.0.232.193 - - [17/Jun/2025:15:24:48 -0400] "POST /wp-cron.php?doing_wp_cron=1750188287.9739708900451660156250 HTTP/1.1" 200 0 "-" "WordPress/6.8.1; https://read11.windbreakermanga.com"
162.0.232.193 - - [17/Jun/2025:15:24:48 -0400] "POST /wp-cron.php?doing_wp_cron=1750188288.0769979953765869140625 HTTP/1.1" 200 0 "-" "WordPress/6.8.1; https://read11.windbreakermanga.com"
114.119.130.178 - - [17/Jun/2025:15:24:54 -0400] "GET / HTTP/1.1" 200 12638 "https://read10.windbreakermanga.com/tag/windbreaker-manga/" "Mozilla/5.0 (Linux; Android 7.0;) AppleWebKit/537.36 (KHTML, like Gecko) Mobile Safari/537.36 (compatible; PetalBot;+https://webmaster.petalsearch.com/site/petalbot)"
162.0.232.193 - - [17/Jun/2025:15:25:11 -0400] "POST /wp-cron.php?doing_wp_cron=1750188311.1777830123901367187500 HTTP/1.1" 200 0 "-" "WordPress/6.8.1; https://read11.windbreakermanga.com"
47.82.62.14 - - [17/Jun/2025:15:25:15 -0400] "GET /wind-breaker-chapter-174/ HTTP/1.1" 200 12298 "https://read11.windbreakermanga.com/wind-breaker-chapter-174/" "Mozilla/5.0 (Windows NT 10.0; Win64; x64) AppleWebKit/537.36 (KHTML, like Gecko) Chrome/114.0.0.0 Safari/537.36 Edg/114.0.1823.43"
162.0.232.193 - - [17/Jun/2025:15:25:17 -0400] "GET /wp-content/uploads/f979bbbcbe9df560cb74049269d2541e_4104.xml HTTP/1.1" 200 2533 "-" "Mozilla/5.0 (X11; Linux x86_64) AppleWebKit/537.36 (KHTML, like Gecko) Ubuntu Chromium/41.0.2272.76"
47.82.61.28 - - [17/Jun/2025:15:25:33 -0400] "GET /wind-breaker-chapter-443/ HTTP/1.1" 200 11859 "https://read11.windbreakermanga.com/wind-breaker-chapter-443/" "Mozilla/5.0 (Windows NT 10.0; Win64; x64) AppleWebKit/537.36 (KHTML, like Gecko) Chrome/114.0.0.0 Safari/537.36 Edg/114.0.1823.43"
2a03:2880:f800:2:: - - [17/Jun/2025:15:25:32 -0400] "GET /shopdetail/98179456 HTTP/1.1" 301 0 "-" "meta-externalagent/1.1 (+https://developers.facebook.com/docs/sharing/webmasters/crawler)"
45.43.177.247 - - [17/Jun/2025:15:25:29 -0400] "POST /wp-login.php HTTP/1.1" 302 0 "-" "Mozilla/5.0 (X11; Linux x86_64) AppleWebKit/537.36 (KHTML, like Gecko) Chrome/83.0.4103.101 Safari/537.36"
45.43.177.247 - - [17/Jun/2025:15:25:41 -0400] "GET /wp-admin/ HTTP/1.1" 200 24433 "-" "Mozilla/5.0 (X11; Linux x86_64) AppleWebKit/537.36 (KHTML, like Gecko) Chrome/83.0.4103.101 Safari/537.36"
47.82.61.249 - - [17/Jun/2025:15:26:04 -0400] "GET /wind-breaker-chapter-282/ HTTP/1.1" 200 12222 "https://read11.windbreakermanga.com/wind-breaker-chapter-282/" "Mozilla/5.0 (Windows NT 10.0; Win64; x64) AppleWebKit/537.36 (KHTML, like Gecko) Chrome/114.0.0.0 Safari/537.36 Edg/114.0.1823.43"
47.82.61.252 - - [17/Jun/2025:15:26:11 -0400] "GET /wind-breaker-chapter-445/ HTTP/1.1" 200 12139 "https://read11.windbreakermanga.com/wind-breaker-chapter-445/" "Mozilla/5.0 (Windows NT 10.0; Win64; x64) AppleWebKit/537.36 (KHTML, like Gecko) Chrome/114.0.0.0 Safari/537.36 Edg/114.0.1823.43"
162.0.232.193 - - [17/Jun/2025:15:26:12 -0400] "POST /wp-cron.php?doing_wp_cron=1750188371.7832078933715820312500 HTTP/1.1" 200 0 "-" "WordPress/6.8.1; https://read11.windbreakermanga.com"
2a03:2880:f800:f:: - - [17/Jun/2025:15:26:13 -0400] "GET /sitemap-subitems-2530.xml HTTP/1.1" 301 0 "-" "meta-externalagent/1.1 (+https://developers.facebook.com/docs/sharing/webmasters/crawler)"
162.0.232.193 - - [17/Jun/2025:15:26:17 -0400] "POST /wp-cron.php?doing_wp_cron=1750188376.9778110980987548828125 HTTP/1.1" 200 0 "-" "WordPress/6.8.1; https://read11.windbreakermanga.com"
162.0.232.193 - - [17/Jun/2025:15:26:28 -0400] "POST /wp-cron.php?doing_wp_cron=1750188387.7737560272216796875000 HTTP/1.1" 200 0 "-" "WordPress/6.8.1; https://read11.windbreakermanga.com"
45.227.253.15 - - [17/Jun/2025:15:26:43 -0400] "GET /index.php/jk HTTP/1.1" 200 47 "https://windbreakermanga.com/index.php/jk" "Mozilla/5.0 (Windows NT 6.1; WOW64; Trident/7.0; rv:11.0) like Gecko"
162.0.232.193 - - [17/Jun/2025:15:26:46 -0400] "POST /wp-cron.php?doing_wp_cron=1750188406.2802948951721191406250 HTTP/1.1" 200 0 "-" "WordPress/6.8.1; https://read11.windbreakermanga.com"
162.0.232.193 - - [17/Jun/2025:15:27:12 -0400] "POST /wp-cron.php?doing_wp_cron=1750188431.8747789859771728515625 HTTP/1.1" 200 0 "-" "WordPress/6.8.1; https://read11.windbreakermanga.com"
162.0.232.193 - - [17/Jun/2025:15:27:24 -0400] "POST /wp-cron.php?doing_wp_cron=1750188444.1758470535278320312500 HTTP/1.1" 200 0 "-" "WordPress/6.8.1; https://read11.windbreakermanga.com"
162.0.232.193 - - [17/Jun/2025:15:27:44 -0400] "POST /wp-cron.php?doing_wp_cron=1750188464.5936810970306396484375 HTTP/1.1" 200 0 "-" "WordPress/6.8.1; https://read11.windbreakermanga.com"
162.0.232.193 - - [17/Jun/2025:15:28:12 -0400] "POST /wp-cron.php?doing_wp_cron=1750188491.9767839908599853515625 HTTP/1.1" 200 0 "-" "WordPress/6.8.1; https://read11.windbreakermanga.com"
162.0.232.193 - - [17/Jun/2025:15:28:24 -0400] "POST /wp-cron.php?doing_wp_cron=1750188504.3797929286956787109375 HTTP/1.1" 200 0 "-" "WordPress/6.8.1; https://read11.windbreakermanga.com"
47.82.60.182 - - [17/Jun/2025:15:28:41 -0400] "GET /wind-breaker-chapter-280/ HTTP/1.1" 200 12303 "https://read11.windbreakermanga.com/wind-breaker-chapter-280/" "Mozilla/5.0 (Windows NT 10.0; Win64; x64) AppleWebKit/537.36 (KHTML, like Gecko) Chrome/114.0.0.0 Safari/537.36 Edg/114.0.1823.43"
162.0.232.193 - - [17/Jun/2025:15:28:42 -0400] "POST /wp-cron.php?doing_wp_cron=1750188521.9801440238952636718750 HTTP/1.1" 200 0 "-" "WordPress/6.8.1; https://read11.windbreakermanga.com"
2a03:2880:f800:3:: - - [17/Jun/2025:15:28:51 -0400] "GET /shopdetail/98248840 HTTP/1.1" 301 0 "-" "meta-externalagent/1.1 (+https://developers.facebook.com/docs/sharing/webmasters/crawler)"
2a03:2880:f800:: - - [17/Jun/2025:15:29:06 -0400] "GET /shopdetail/98196484 HTTP/1.1" 301 0 "-" "meta-externalagent/1.1 (+https://developers.facebook.com/docs/sharing/webmasters/crawler)"
162.0.232.193 - - [17/Jun/2025:15:29:11 -0400] "POST /wp-cron.php?doing_wp_cron=1750188551.1764810085296630859375 HTTP/1.1" 200 0 "-" "WordPress/6.8.1; https://read11.windbreakermanga.com"
162.0.232.193 - - [17/Jun/2025:15:29:19 -0400] "GET /wp-content/uploads/f979bbbcbe9df560cb74049269d2541e_4104.xml HTTP/1.1" 200 2276 "-" "Mozilla/5.0 (X11; Linux x86_64) AppleWebKit/537.36 (KHTML, like Gecko) Ubuntu Chromium/41.0.2272.76"
2a03:2880:f800:6:: - - [17/Jun/2025:15:29:16 -0400] "GET /shopdetail/98206252 HTTP/1.1" 301 0 "-" "meta-externalagent/1.1 (+https://developers.facebook.com/docs/sharing/webmasters/crawler)"
103.173.227.188 - - [17/Jun/2025:15:29:13 -0400] "POST /xmlrpc.php HTTP/1.1" 200 186 "https://read11.windbreakermanga.com" "Mozilla/5.0 (Macintosh; Intel Mac OS X 13_3) AppleWebKit/537.36 (KHTML, like Gecko) Chrome/126.0.0.0 Safari/537.36"
216.244.66.250 - - [17/Jun/2025:15:29:53 -0400] "GET /wind-breaker-chapter-221/ HTTP/1.1" 200 12467 "-" "Mozilla/5.0 (compatible; DotBot/1.2; +https://opensiteexplorer.org/dotbot; [email protected])"
47.238.13.0 - - [17/Jun/2025:15:29:54 -0400] "GET /category-sitemap.xml HTTP/1.1" 200 10168 "https://read10.windbreakermanga.com/category-sitemap.xml" "Mozilla/5.0 (Macintosh; Intel Mac OS X 10_15_7) AppleWebKit/537.36 (KHTML, like Gecko) Chrome/109.0.0.0 Safari/537.36"
162.0.232.193 - - [17/Jun/2025:15:30:12 -0400] "POST /wp-cron.php?doing_wp_cron=1750188611.2020521163940429687500 HTTP/1.1" 200 0 "-" "WordPress/6.8.1; https://read11.windbreakermanga.com"
162.0.232.193 - - [17/Jun/2025:15:30:12 -0400] "POST /wp-cron.php?doing_wp_cron=1750188612.1738510131835937500000 HTTP/1.1" 200 0 "-" "WordPress/6.8.1; https://read11.windbreakermanga.com"
162.0.232.193 - - [17/Jun/2025:15:30:25 -0400] "POST /wp-cron.php?doing_wp_cron=1750188625.0880239009857177734375 HTTP/1.1" 200 0 "-" "WordPress/6.8.1; https://read11.windbreakermanga.com"
162.0.232.193 - - [17/Jun/2025:15:30:30 -0400] "POST /wp-cron.php?doing_wp_cron=1750188630.0095629692077636718750 HTTP/1.1" 200 0 "-" "WordPress/6.8.1; https://read11.windbreakermanga.com"
43.130.39.254 - - [17/Jun/2025:15:30:47 -0400] "GET /wind-breaker-chapter-176/ HTTP/1.1" 200 12353 "http://read11.windbreakermanga.com/wind-breaker-chapter-176/" "Mozilla/5.0 (iPhone; CPU iPhone OS 13_2_3 like Mac OS X) AppleWebKit/605.1.15 (KHTML, like Gecko) Version/13.0.3 Mobile/15E148 Safari/604.1"
2a03:2880:f800:1c:: - - [17/Jun/2025:15:30:57 -0400] "GET / HTTP/1.1" 200 12660 "-" "meta-externalagent/1.1 (+https://developers.facebook.com/docs/sharing/webmasters/crawler)"
47.82.60.44 - - [17/Jun/2025:15:31:20 -0400] "GET /wind-breaker-chapter-495/ HTTP/1.1" 200 12049 "https://read11.windbreakermanga.com/wind-breaker-chapter-495/" "Mozilla/5.0 (Windows NT 10.0; Win64; x64) AppleWebKit/537.36 (KHTML, like Gecko) Chrome/114.0.0.0 Safari/537.36 Edg/114.0.1823.43"
2a03:2880:f800:7:: - - [17/Jun/2025:15:31:25 -0400] "GET /shopdetail/98249776 HTTP/1.1" 301 0 "-" "meta-externalagent/1.1 (+https://developers.facebook.com/docs/sharing/webmasters/crawler)"
162.0.232.193 - - [17/Jun/2025:15:31:30 -0400] "POST /wp-cron.php?doing_wp_cron=1750188690.2811970710754394531250 HTTP/1.1" 200 0 "-" "WordPress/6.8.1; https://read11.windbreakermanga.com"
47.82.61.17 - - [17/Jun/2025:15:31:34 -0400] "GET /wind-breaker-chapter-279/ HTTP/1.1" 200 12405 "https://read11.windbreakermanga.com/wind-breaker-chapter-279/" "Mozilla/5.0 (Windows NT 10.0; Win64; x64) AppleWebKit/537.36 (KHTML, like Gecko) Chrome/114.0.0.0 Safari/537.36 Edg/114.0.1823.43"
162.0.232.193 - - [17/Jun/2025:15:31:41 -0400] "POST /wp-cron.php?doing_wp_cron=1750188701.1763620376586914062500 HTTP/1.1" 200 0 "-" "WordPress/6.8.1; https://read11.windbreakermanga.com"
162.0.232.193 - - [17/Jun/2025:15:32:11 -0400] "POST /wp-cron.php?doing_wp_cron=1750188731.1813879013061523437500 HTTP/1.1" 200 0 "-" "WordPress/6.8.1; https://read11.windbreakermanga.com"
162.0.232.193 - - [17/Jun/2025:15:32:27 -0400] "POST /wp-cron.php?doing_wp_cron=1750188746.3804149627685546875000 HTTP/1.1" 200 0 "-" "WordPress/6.8.1; https://read11.windbreakermanga.com"
162.0.232.193 - - [17/Jun/2025:15:32:42 -0400] "POST /wp-cron.php?doing_wp_cron=1750188761.6113231182098388671875 HTTP/1.1" 200 0 "-" "WordPress/6.8.1; https://read11.windbreakermanga.com"
162.0.232.193 - - [17/Jun/2025:15:33:11 -0400] "POST /wp-cron.php?doing_wp_cron=1750188791.3184399604797363281250 HTTP/1.1" 200 0 "-" "WordPress/6.8.1; https://read11.windbreakermanga.com"
162.0.232.193 - - [17/Jun/2025:15:33:14 -0400] "GET /wp-content/uploads/f979bbbcbe9df560cb74049269d2541e_4104.xml HTTP/1.1" 200 2276 "-" "Mozilla/5.0 (X11; Linux x86_64) AppleWebKit/537.36 (KHTML, like Gecko) Ubuntu Chromium/41.0.2272.76"
2a03:2880:f800:f:: - - [17/Jun/2025:15:33:24 -0400] "GET /shopdetail/98208896 HTTP/1.1" 301 0 "-" "meta-externalagent/1.1 (+https://developers.facebook.com/docs/sharing/webmasters/crawler)"
66.249.77.197 - - [17/Jun/2025:15:34:06 -0400] "GET /wind-breaker-chapter-509/ HTTP/1.1" 200 81744 "-" "Mozilla/5.0 (Linux; Android 6.0.1; Nexus 5X Build/MMB29P) AppleWebKit/537.36 (KHTML, like Gecko) Chrome/136.0.7103.113 Mobile Safari/537.36 (compatible; Googlebot/2.1; +http://www.google.com/bot.html)"
162.0.232.193 - - [17/Jun/2025:15:34:12 -0400] "POST /wp-cron.php?doing_wp_cron=1750188851.8776390552520751953125 HTTP/1.1" 200 0 "-" "WordPress/6.8.1; https://read11.windbreakermanga.com"
162.0.232.193 - - [17/Jun/2025:15:34:12 -0400] "POST /wp-cron.php?doing_wp_cron=1750188851.4791290760040283203125 HTTP/1.1" 200 0 "-" "WordPress/6.8.1; https://read11.windbreakermanga.com"
162.0.232.193 - - [17/Jun/2025:15:34:13 -0400] "POST /wp-cron.php?doing_wp_cron=1750188853.1756529808044433593750 HTTP/1.1" 200 0 "-" "WordPress/6.8.1; https://read11.windbreakermanga.com"
162.0.232.193 - - [17/Jun/2025:15:34:14 -0400] "POST /wp-cron.php?doing_wp_cron=1750188854.2772419452667236328125 HTTP/1.1" 200 0 "-" "WordPress/6.8.1; https://read11.windbreakermanga.com"
162.0.232.193 - - [17/Jun/2025:15:34:26 -0400] "POST /wp-cron.php?doing_wp_cron=1750188866.0770599842071533203125 HTTP/1.1" 200 0 "-" "WordPress/6.8.1; https://read11.windbreakermanga.com"
41.72.148.36 - - [17/Jun/2025:15:34:31 -0400] "GET /xmlrpc.php HTTP/1.1" 405 46 "https://read10.windbreakermanga.com" "Mozilla/5.0 (Windows NT 11.0; Win64; x64; rv:126.0) Gecko/20100101 Firefox/126.0"
2a03:2880:f800:1b:: - - [17/Jun/2025:15:34:33 -0400] "GET /shopdetail/98246432 HTTP/1.1" 301 0 "-" "meta-externalagent/1.1 (+https://developers.facebook.com/docs/sharing/webmasters/crawler)"
162.0.232.193 - - [17/Jun/2025:15:34:42 -0400] "POST /wp-cron.php?doing_wp_cron=1750188881.3838839530944824218750 HTTP/1.1" 200 0 "-" "WordPress/6.8.1; https://read11.windbreakermanga.com"
162.0.232.193 - - [17/Jun/2025:15:35:12 -0400] "POST /wp-cron.php?doing_wp_cron=1750188911.6859090328216552734375 HTTP/1.1" 200 0 "-" "WordPress/6.8.1; https://read11.windbreakermanga.com"
162.0.232.193 - - [17/Jun/2025:15:35:26 -0400] "POST /wp-cron.php?doing_wp_cron=1750188925.5810389518737792968750 HTTP/1.1" 200 0 "-" "WordPress/6.8.1; https://read11.windbreakermanga.com"
162.0.232.193 - - [17/Jun/2025:15:35:42 -0400] "POST /wp-cron.php?doing_wp_cron=1750188941.5812330245971679687500 HTTP/1.1" 200 0 "-" "WordPress/6.8.1; https://read11.windbreakermanga.com"
162.0.232.193 - - [17/Jun/2025:15:36:11 -0400] "POST /wp-cron.php?doing_wp_cron=1750188971.5735468864440917968750 HTTP/1.1" 200 0 "-" "WordPress/6.8.1; https://read11.windbreakermanga.com"
162.0.232.193 - - [17/Jun/2025:15:36:24 -0400] "POST /wp-cron.php?doing_wp_cron=1750188984.4822499752044677734375 HTTP/1.1" 200 0 "-" "WordPress/6.8.1; https://read11.windbreakermanga.com"
162.0.232.193 - - [17/Jun/2025:15:36:41 -0400] "POST /wp-cron.php?doing_wp_cron=1750189001.0834820270538330078125 HTTP/1.1" 200 0 "-" "WordPress/6.8.1; https://read11.windbreakermanga.com"
162.0.232.193 - - [17/Jun/2025:15:37:15 -0400] "POST /wp-cron.php?doing_wp_cron=1750189034.8781421184539794921875 HTTP/1.1" 200 0 "-" "WordPress/6.8.1; https://read11.windbreakermanga.com"
2a03:2880:f800:1c:: - - [17/Jun/2025:15:37:16 -0400] "GET /shopdetail/98194804 HTTP/1.1" 301 0 "-" "meta-externalagent/1.1 (+https://developers.facebook.com/docs/sharing/webmasters/crawler)"
162.0.232.193 - - [17/Jun/2025:15:37:24 -0400] "GET /wp-content/uploads/f979bbbcbe9df560cb74049269d2541e_4104.xml HTTP/1.1" 200 2276 "-" "Mozilla/5.0 (X11; Linux x86_64) AppleWebKit/537.36 (KHTML, like Gecko) Ubuntu Chromium/41.0.2272.76"
207.46.13.116 - - [17/Jun/2025:15:37:28 -0400] "GET /wind-breaker-chapter-547/ HTTP/1.1" 200 81424 "-" "Mozilla/5.0 AppleWebKit/537.36 (KHTML, like Gecko; compatible; bingbot/2.0; +http://www.bing.com/bingbot.htm) Chrome/116.0.1938.76 Safari/537.36"
162.0.232.193 - - [17/Jun/2025:15:38:16 -0400] "POST /wp-cron.php?doing_wp_cron=1750189095.3935570716857910156250 HTTP/1.1" 200 0 "-" "WordPress/6.8.1; https://read11.windbreakermanga.com"
162.0.232.193 - - [17/Jun/2025:15:38:16 -0400] "POST /wp-cron.php?doing_wp_cron=1750189096.0815770626068115234375 HTTP/1.1" 200 0 "-" "WordPress/6.8.1; https://read11.windbreakermanga.com"
162.0.232.193 - - [17/Jun/2025:15:38:27 -0400] "POST /wp-cron.php?doing_wp_cron=1750189106.4820010662078857421875 HTTP/1.1" 200 0 "-" "WordPress/6.8.1; https://read11.windbreakermanga.com"
162.0.232.193 - - [17/Jun/2025:15:38:41 -0400] "POST /wp-cron.php?doing_wp_cron=1750189121.6920180320739746093750 HTTP/1.1" 200 0 "-" "WordPress/6.8.1; https://read11.windbreakermanga.com"
162.0.232.193 - - [17/Jun/2025:15:39:11 -0400] "POST /wp-cron.php?doing_wp_cron=1750189151.3811750411987304687500 HTTP/1.1" 200 0 "-" "WordPress/6.8.1; https://read11.windbreakermanga.com"
216.73.216.244 - - [17/Jun/2025:15:39:21 -0400] "GET /sitemap_index.xml HTTP/1.1" 200 559 "-" "Mozilla/5.0 AppleWebKit/537.36 (KHTML, like Gecko; compatible; ClaudeBot/1.0; [email protected])"
162.0.232.193 - - [17/Jun/2025:15:39:32 -0400] "POST /wp-cron.php?doing_wp_cron=1750189172.0848538875579833984375 HTTP/1.1" 200 0 "-" "WordPress/6.8.1; https://read11.windbreakermanga.com"
43.157.95.131 - - [17/Jun/2025:15:39:36 -0400] "GET /wind-breaker-chapter-1/ HTTP/1.1" 200 12047 "-" "Mozilla/5.0 (iPhone; CPU iPhone OS 13_2_3 like Mac OS X) AppleWebKit/605.1.15 (KHTML, like Gecko) Version/13.0.3 Mobile/15E148 Safari/604.1"
162.0.232.193 - - [17/Jun/2025:15:39:42 -0400] "POST /wp-cron.php?doing_wp_cron=1750189181.6856400966644287109375 HTTP/1.1" 200 0 "-" "WordPress/6.8.1; https://read11.windbreakermanga.com"
2a03:2880:f800:9:: - - [17/Jun/2025:15:39:37 -0400] "GET /shopdetail/98247168 HTTP/1.1" 301 0 "-" "meta-externalagent/1.1 (+https://developers.facebook.com/docs/sharing/webmasters/crawler)"
47.82.61.183 - - [17/Jun/2025:15:39:50 -0400] "GET /wind-breaker-chapter-467/ HTTP/1.1" 200 12098 "https://read11.windbreakermanga.com/wind-breaker-chapter-467/" "Mozilla/5.0 (Windows NT 10.0; Win64; x64) AppleWebKit/537.36 (KHTML, like Gecko) Chrome/114.0.0.0 Safari/537.36 Edg/114.0.1823.43"
2a03:2880:f800:8:: - - [17/Jun/2025:15:39:50 -0400] "GET /shopdetail/98229804 HTTP/1.1" 301 0 "-" "meta-externalagent/1.1 (+https://developers.facebook.com/docs/sharing/webmasters/crawler)"
162.0.232.193 - - [17/Jun/2025:15:40:11 -0400] "POST /wp-cron.php?doing_wp_cron=1750189211.3759651184082031250000 HTTP/1.1" 200 0 "-" "WordPress/6.8.1; https://read11.windbreakermanga.com"
