165.140.242.86 - - [17/Jun/2025:17:12:01 -0400] "GET / HTTP/1.1" 200 12660 "https://windbreakermanga.com/" "Mozilla/5.0 (Macintosh; Intel Mac OS X 10_15_7) AppleWebKit/537.36 (KHTML, like Gecko) Chrome/115.0.5790.102 Safari/537.36"
165.140.242.86 - - [17/Jun/2025:17:12:02 -0400] "GET /index.php?rest_route=/wp/v2/users HTTP/1.1" 200 6725 "https://read11.windbreakermanga.com" "Mozilla/5.0 (Windows NT 10.0; Win64; x64) AppleWebKit/537.36 (KHTML, like Gecko) Chrome/114.0.5735.199 Safari/537.36 Edg/114.0.1823.67"
17.241.219.123 - - [17/Jun/2025:17:12:06 -0400] "GET /wind-breaker-chapter-176/ HTTP/1.1" 200 12372 "-" "Mozilla/5.0 (Macintosh; Intel Mac OS X 10_15_7) AppleWebKit/605.1.15 (KHTML, like Gecko) Version/17.4 Safari/605.1.15 (Applebot/0.1; +http://www.apple.com/go/applebot)"
162.0.232.193 - - [17/Jun/2025:17:12:14 -0400] "POST /wp-cron.php?doing_wp_cron=1750194734.4857308864593505859375 HTTP/1.1" 200 0 "-" "WordPress/6.8.1; https://read11.windbreakermanga.com"
162.0.232.193 - - [17/Jun/2025:17:12:23 -0400] "POST /wp-cron.php?doing_wp_cron=1750194742.6966230869293212890625 HTTP/1.1" 200 0 "-" "WordPress/6.8.1; https://read11.windbreakermanga.com"
162.0.232.193 - - [17/Jun/2025:17:12:47 -0400] "POST /wp-cron.php?doing_wp_cron=1750194767.1815199851989746093750 HTTP/1.1" 200 0 "-" "WordPress/6.8.1; https://read11.windbreakermanga.com"
114.119.145.123 - - [17/Jun/2025:17:12:50 -0400] "GET /wind-breaker-chapter-335/ HTTP/1.1" 200 13064 "https://read8.windbreakermanga.com/wind-breaker/wind-breaker-chapter-38/" "Mozilla/5.0 (Linux; Android 7.0;) AppleWebKit/537.36 (KHTML, like Gecko) Mobile Safari/537.36 (compatible; PetalBot;+https://webmaster.petalsearch.com/site/petalbot)"
2a03:2880:f800:6:: - - [17/Jun/2025:17:12:56 -0400] "GET / HTTP/1.1" 200 12660 "-" "meta-externalagent/1.1 (+https://developers.facebook.com/docs/sharing/webmasters/crawler)"
2a03:2880:f800:: - - [17/Jun/2025:17:13:06 -0400] "GET /sitemap HTTP/1.1" 301 0 "-" "meta-externalagent/1.1 (+https://developers.facebook.com/docs/sharing/webmasters/crawler)"
162.0.232.193 - - [17/Jun/2025:17:13:13 -0400] "POST /wp-cron.php?doing_wp_cron=1750194793.5829811096191406250000 HTTP/1.1" 200 0 "-" "WordPress/6.8.1; https://read11.windbreakermanga.com"
162.0.232.193 - - [17/Jun/2025:17:13:13 -0400] "POST /wp-cron.php?doing_wp_cron=1750194793.6769170761108398437500 HTTP/1.1" 200 0 "-" "WordPress/6.8.1; https://read11.windbreakermanga.com"
2a03:2880:f800:17:: - - [17/Jun/2025:17:13:14 -0400] "GET / HTTP/1.1" 200 12660 "-" "meta-externalagent/1.1 (+https://developers.facebook.com/docs/sharing/webmasters/crawler)"
17.241.219.231 - - [17/Jun/2025:17:13:18 -0400] "GET /wp-content/cache/min/1/wp-content/plugins/comic-easel/css/comiceasel.css?ver=1746140519 HTTP/1.1" 200 1064 "https://read11.windbreakermanga.com/wind-breaker-chapter-541/" "Mozilla/5.0 (Macintosh; Intel Mac OS X 10_15_7) AppleWebKit/605.1.15 (KHTML, like Gecko) Version/17.4 Safari/605.1.15 (Applebot/0.1; +http://www.apple.com/go/applebot)"
162.0.232.193 - - [17/Jun/2025:17:13:20 -0400] "GET /wp-content/uploads/f979bbbcbe9df560cb74049269d2541e_4104.xml HTTP/1.1" 200 2276 "-" "Mozilla/5.0 (X11; Linux x86_64) AppleWebKit/537.36 (KHTML, like Gecko) Ubuntu Chromium/41.0.2272.76"
47.82.60.2 - - [17/Jun/2025:17:13:51 -0400] "GET /category/wind-breaker-webtoon/page/45/ HTTP/1.1" 200 12519 "https://read11.windbreakermanga.com/category/wind-breaker-webtoon/page/45/" "Mozilla/5.0 (Windows NT 10.0; Win64; x64) AppleWebKit/537.36 (KHTML, like Gecko) Chrome/114.0.0.0 Safari/537.36 Edg/114.0.1823.43"
162.0.232.193 - - [17/Jun/2025:17:14:14 -0400] "POST /wp-cron.php?doing_wp_cron=1750194854.0821530818939208984375 HTTP/1.1" 200 0 "-" "WordPress/6.8.1; https://read11.windbreakermanga.com"
162.0.232.193 - - [17/Jun/2025:17:14:15 -0400] "POST /wp-cron.php?doing_wp_cron=1750194854.6940340995788574218750 HTTP/1.1" 200 0 "-" "WordPress/6.8.1; https://read11.windbreakermanga.com"
162.0.232.193 - - [17/Jun/2025:17:14:16 -0400] "POST /wp-cron.php?doing_wp_cron=1750194856.4731218814849853515625 HTTP/1.1" 200 0 "-" "WordPress/6.8.1; https://read11.windbreakermanga.com"
162.0.232.193 - - [17/Jun/2025:17:14:17 -0400] "POST /wp-cron.php?doing_wp_cron=1750194856.3867499828338623046875 HTTP/1.1" 200 0 "-" "WordPress/6.8.1; https://read11.windbreakermanga.com"
162.0.232.193 - - [17/Jun/2025:17:14:17 -0400] "POST /wp-cron.php?doing_wp_cron=1750194856.9769320487976074218750 HTTP/1.1" 200 0 "-" "WordPress/6.8.1; https://read11.windbreakermanga.com"
114.119.130.178 - - [17/Jun/2025:17:14:20 -0400] "GET /author/admin/page/6/ HTTP/1.1" 200 13340 "https://read10.windbreakermanga.com/author/admin/page/7/" "Mozilla/5.0 (Linux; Android 7.0;) AppleWebKit/537.36 (KHTML, like Gecko) Mobile Safari/537.36 (compatible; PetalBot;+https://webmaster.petalsearch.com/site/petalbot)"
2a03:2880:f800:3:: - - [17/Jun/2025:17:14:38 -0400] "GET / HTTP/1.1" 200 12660 "-" "meta-externalagent/1.1 (+https://developers.facebook.com/docs/sharing/webmasters/crawler)"
162.0.232.193 - - [17/Jun/2025:17:14:41 -0400] "POST /wp-cron.php?doing_wp_cron=1750194881.4759140014648437500000 HTTP/1.1" 200 0 "-" "WordPress/6.8.1; https://read11.windbreakermanga.com"
2a03:2880:f800:14:: - - [17/Jun/2025:17:14:39 -0400] "GET /shopdetail/98254392 HTTP/1.1" 301 0 "-" "meta-externalagent/1.1 (+https://developers.facebook.com/docs/sharing/webmasters/crawler)"
85.208.96.207 - - [17/Jun/2025:17:15:03 -0400] "GET /robots.txt HTTP/1.1" 304 0 "-" "Mozilla/5.0 (compatible; SemrushBot/7~bl; +http://www.semrush.com/bot.html)"
185.191.171.15 - - [17/Jun/2025:17:15:04 -0400] "GET /category/wind-breaker-manhwa/page/9/ HTTP/1.1" 500 262 "-" "Mozilla/5.0 (compatible; SemrushBot/7~bl; +http://www.semrush.com/bot.html)"
17.241.227.223 - - [17/Jun/2025:17:15:05 -0400] "GET /wind-breaker-chapter-501/ HTTP/1.1" 200 11721 "-" "Mozilla/5.0 (Macintosh; Intel Mac OS X 10_15_7) AppleWebKit/605.1.15 (KHTML, like Gecko) Version/17.4 Safari/605.1.15 (Applebot/0.1; +http://www.apple.com/go/applebot)"
2a03:2880:f800:13:: - - [17/Jun/2025:17:15:04 -0400] "GET /sitemap-subitems-1740.xml HTTP/1.1" 301 0 "-" "meta-externalagent/1.1 (+https://developers.facebook.com/docs/sharing/webmasters/crawler)"
162.0.232.193 - - [17/Jun/2025:17:15:11 -0400] "POST /wp-cron.php?doing_wp_cron=1750194911.3855640888214111328125 HTTP/1.1" 200 0 "-" "WordPress/6.8.1; https://read11.windbreakermanga.com"
162.0.232.193 - - [17/Jun/2025:17:15:20 -0400] "POST /wp-cron.php?doing_wp_cron=1750194920.0910019874572753906250 HTTP/1.1" 200 0 "-" "WordPress/6.8.1; https://read11.windbreakermanga.com"
114.119.135.251 - - [17/Jun/2025:17:15:22 -0400] "GET /wind-breaker-chapter-162/ HTTP/1.1" 200 12248 "https://read10.windbreakermanga.com/tag/windbreaker-manga/" "Mozilla/5.0 (Linux; Android 7.0;) AppleWebKit/537.36 (KHTML, like Gecko) Mobile Safari/537.36 (compatible; PetalBot;+https://webmaster.petalsearch.com/site/petalbot)"
103.173.227.188 - - [17/Jun/2025:17:15:23 -0400] "POST /xmlrpc.php HTTP/1.1" 200 186 "https://read11.windbreakermanga.com" "Mozilla/5.0 (Macintosh; Intel Mac OS X 14_4_1) AppleWebKit/605.1.15 (KHTML, like Gecko) Version/17.3.1 Safari/605.1.15"
2a03:2880:f800:3:: - - [17/Jun/2025:17:15:38 -0400] "GET / HTTP/1.1" 200 12660 "-" "meta-externalagent/1.1 (+https://developers.facebook.com/docs/sharing/webmasters/crawler)"
162.0.232.193 - - [17/Jun/2025:17:15:46 -0400] "POST /wp-cron.php?doing_wp_cron=1750194946.3730630874633789062500 HTTP/1.1" 200 0 "-" "WordPress/6.8.1; https://read11.windbreakermanga.com"
162.0.232.193 - - [17/Jun/2025:17:16:12 -0400] "POST /wp-cron.php?doing_wp_cron=1750194971.9882318973541259765625 HTTP/1.1" 200 0 "-" "WordPress/6.8.1; https://read11.windbreakermanga.com"
216.73.216.244 - - [17/Jun/2025:17:16:14 -0400] "GET /sitemap_index.xml HTTP/1.1" 200 558 "-" "Mozilla/5.0 AppleWebKit/537.36 (KHTML, like Gecko; compatible; ClaudeBot/1.0; [email protected])"
162.0.232.193 - - [17/Jun/2025:17:16:21 -0400] "POST /wp-cron.php?doing_wp_cron=1750194981.0754590034484863281250 HTTP/1.1" 200 0 "-" "WordPress/6.8.1; https://read11.windbreakermanga.com"
162.0.232.193 - - [17/Jun/2025:17:16:41 -0400] "POST /wp-cron.php?doing_wp_cron=1750195001.2762920856475830078125 HTTP/1.1" 200 0 "-" "WordPress/6.8.1; https://read11.windbreakermanga.com"
162.0.232.193 - - [17/Jun/2025:17:16:44 -0400] "POST /wp-cron.php?doing_wp_cron=1750195004.1748909950256347656250 HTTP/1.1" 200 0 "-" "WordPress/6.8.1; https://read11.windbreakermanga.com"
2a03:2880:f800:4:: - - [17/Jun/2025:17:16:53 -0400] "GET /shopdetail/98181764 HTTP/1.1" 301 0 "-" "meta-externalagent/1.1 (+https://developers.facebook.com/docs/sharing/webmasters/crawler)"
216.73.216.244 - - [17/Jun/2025:17:17:08 -0400] "GET /sitemap-subitems-1908.xml HTTP/1.1" 200 9970 "-" "Mozilla/5.0 AppleWebKit/537.36 (KHTML, like Gecko; compatible; ClaudeBot/1.0; [email protected])"
17.241.75.166 - - [17/Jun/2025:17:17:28 -0400] "GET /wind-breaker-chapter-326/ HTTP/1.1" 200 13116 "-" "Mozilla/5.0 (Macintosh; Intel Mac OS X 10_15_7) AppleWebKit/605.1.15 (KHTML, like Gecko) Version/17.4 Safari/605.1.15 (Applebot/0.1; +http://www.apple.com/go/applebot)"
162.0.232.193 - - [17/Jun/2025:17:17:44 -0400] "POST /wp-cron.php?doing_wp_cron=1750195064.4954769611358642578125 HTTP/1.1" 200 0 "-" "WordPress/6.8.1; https://read11.windbreakermanga.com"
162.0.232.193 - - [17/Jun/2025:17:17:46 -0400] "GET /wp-content/uploads/f979bbbcbe9df560cb74049269d2541e_4104.xml HTTP/1.1" 200 2533 "-" "Mozilla/5.0 (X11; Linux x86_64) AppleWebKit/537.36 (KHTML, like Gecko) Ubuntu Chromium/41.0.2272.76"
47.82.60.185 - - [17/Jun/2025:17:17:50 -0400] "GET /wind-breaker-chapter-442/ HTTP/1.1" 200 11859 "https://read11.windbreakermanga.com/wind-breaker-chapter-442/" "Mozilla/5.0 (Windows NT 10.0; Win64; x64) AppleWebKit/537.36 (KHTML, like Gecko) Chrome/114.0.0.0 Safari/537.36 Edg/114.0.1823.43"
17.241.219.5 - - [17/Jun/2025:17:17:51 -0400] "GET /wind-breaker-chapter-253/ HTTP/1.1" 200 12490 "-" "Mozilla/5.0 (Macintosh; Intel Mac OS X 10_15_7) AppleWebKit/605.1.15 (KHTML, like Gecko) Version/17.4 Safari/605.1.15 (Applebot/0.1; +http://www.apple.com/go/applebot)"
114.119.130.178 - - [17/Jun/2025:17:18:23 -0400] "GET /wind-breaker-chapter-105-part-2-ep-37/ HTTP/1.1" 301 0 "https://read10.windbreakermanga.com/tag/windbreaker-manga/" "Mozilla/5.0 (Linux; Android 7.0;) AppleWebKit/537.36 (KHTML, like Gecko) Mobile Safari/537.36 (compatible; PetalBot;+https://webmaster.petalsearch.com/site/petalbot)"
162.0.232.193 - - [17/Jun/2025:17:18:46 -0400] "POST /wp-cron.php?doing_wp_cron=1750195126.2796609401702880859375 HTTP/1.1" 200 0 "-" "WordPress/6.8.1; https://read11.windbreakermanga.com"
162.0.232.193 - - [17/Jun/2025:17:18:54 -0400] "POST /wp-cron.php?doing_wp_cron=1750195133.8789820671081542968750 HTTP/1.1" 200 0 "-" "WordPress/6.8.1; https://read11.windbreakermanga.com"
162.0.232.193 - - [17/Jun/2025:17:19:11 -0400] "POST /wp-cron.php?doing_wp_cron=1750195151.7810881137847900390625 HTTP/1.1" 200 0 "-" "WordPress/6.8.1; https://read11.windbreakermanga.com"
162.0.232.193 - - [17/Jun/2025:17:19:25 -0400] "POST /wp-cron.php?doing_wp_cron=1750195165.2823491096496582031250 HTTP/1.1" 200 0 "-" "WordPress/6.8.1; https://read11.windbreakermanga.com"
2a03:2880:f800:17:: - - [17/Jun/2025:17:19:23 -0400] "GET /shopdetail/98185972 HTTP/1.1" 301 0 "-" "meta-externalagent/1.1 (+https://developers.facebook.com/docs/sharing/webmasters/crawler)"
162.0.232.193 - - [17/Jun/2025:17:19:41 -0400] "POST /wp-cron.php?doing_wp_cron=1750195181.5990281105041503906250 HTTP/1.1" 200 0 "-" "WordPress/6.8.1; https://read11.windbreakermanga.com"
114.119.154.207 - - [17/Jun/2025:17:19:56 -0400] "GET /category/wind-breaker/page/49/ HTTP/1.1" 200 12255 "https://read10.windbreakermanga.com/category/wind-breaker/page/50/" "Mozilla/5.0 (Linux; Android 7.0;) AppleWebKit/537.36 (KHTML, like Gecko) Mobile Safari/537.36 (compatible; PetalBot;+https://webmaster.petalsearch.com/site/petalbot)"
162.0.232.193 - - [17/Jun/2025:17:20:11 -0400] "POST /wp-cron.php?doing_wp_cron=1750195211.7860789299011230468750 HTTP/1.1" 200 0 "-" "WordPress/6.8.1; https://read11.windbreakermanga.com"
162.0.232.193 - - [17/Jun/2025:17:20:23 -0400] "POST /wp-cron.php?doing_wp_cron=1750195222.9187130928039550781250 HTTP/1.1" 200 0 "-" "WordPress/6.8.1; https://read11.windbreakermanga.com"
91.151.95.70 - - [17/Jun/2025:17:20:26 -0400] "GET /xmlrpc.php HTTP/1.1" 405 46 "https://read10.windbreakermanga.com" "Mozilla/5.0 (Macintosh; Intel Mac OS X 14_6) AppleWebKit/605.1.15 (KHTML, like Gecko) Version/17.5 Safari/605.1.15"
162.0.232.193 - - [17/Jun/2025:17:20:41 -0400] "POST /wp-cron.php?doing_wp_cron=1750195241.6839599609375000000000 HTTP/1.1" 200 0 "-" "WordPress/6.8.1; https://read11.windbreakermanga.com"
114.119.135.251 - - [17/Jun/2025:17:20:56 -0400] "GET /category/wind-breaker/page/27/ HTTP/1.1" 200 13854 "https://read10.windbreakermanga.com/category/wind-breaker/page/28/" "Mozilla/5.0 (Linux; Android 7.0;) AppleWebKit/537.36 (KHTML, like Gecko) Mobile Safari/537.36 (compatible; PetalBot;+https://webmaster.petalsearch.com/site/petalbot)"
162.0.232.193 - - [17/Jun/2025:17:21:11 -0400] "POST /wp-cron.php?doing_wp_cron=1750195271.3782069683074951171875 HTTP/1.1" 200 0 "-" "WordPress/6.8.1; https://read11.windbreakermanga.com"
17.241.227.75 - - [17/Jun/2025:17:21:15 -0400] "GET /wind-breaker-chapter-220/ HTTP/1.1" 200 12570 "-" "Mozilla/5.0 (Macintosh; Intel Mac OS X 10_15_7) AppleWebKit/605.1.15 (KHTML, like Gecko) Version/17.4 Safari/605.1.15 (Applebot/0.1; +http://www.apple.com/go/applebot)"
162.0.232.193 - - [17/Jun/2025:17:21:20 -0400] "POST /wp-cron.php?doing_wp_cron=1750195280.7804141044616699218750 HTTP/1.1" 200 0 "-" "WordPress/6.8.1; https://read11.windbreakermanga.com"
2a03:2880:f800:1d:: - - [17/Jun/2025:17:21:31 -0400] "GET / HTTP/1.1" 200 12660 "-" "meta-externalagent/1.1 (+https://developers.facebook.com/docs/sharing/webmasters/crawler)"
47.82.62.94 - - [17/Jun/2025:17:21:28 -0400] "GET /category/wind-breaker-webtoon/page/49/ HTTP/1.1" 200 12294 "https://read11.windbreakermanga.com/category/wind-breaker-webtoon/page/49/" "Mozilla/5.0 (Windows NT 10.0; Win64; x64) AppleWebKit/537.36 (KHTML, like Gecko) Chrome/114.0.0.0 Safari/537.36 Edg/114.0.1823.43"
162.0.232.193 - - [17/Jun/2025:17:21:41 -0400] "POST /wp-cron.php?doing_wp_cron=1750195301.0745370388031005859375 HTTP/1.1" 200 0 "-" "WordPress/6.8.1; https://read11.windbreakermanga.com"
17.241.75.155 - - [17/Jun/2025:17:21:53 -0400] "GET /wind-breaker-chapter-217/ HTTP/1.1" 200 12387 "-" "Mozilla/5.0 (Macintosh; Intel Mac OS X 10_15_7) AppleWebKit/605.1.15 (KHTML, like Gecko) Version/17.4 Safari/605.1.15 (Applebot/0.1; +http://www.apple.com/go/applebot)"
2a03:2880:f800:6:: - - [17/Jun/2025:17:21:52 -0400] "GET /shopdetail/98209224 HTTP/1.1" 301 0 "-" "meta-externalagent/1.1 (+https://developers.facebook.com/docs/sharing/webmasters/crawler)"
162.0.232.193 - - [17/Jun/2025:17:21:58 -0400] "POST /wp-cron.php?doing_wp_cron=1750195318.2745869159698486328125 HTTP/1.1" 200 0 "-" "WordPress/6.8.1; https://read11.windbreakermanga.com"
2a03:2880:f800:6:: - - [17/Jun/2025:17:22:06 -0400] "GET /shopdetail/98222880 HTTP/1.1" 301 0 "-" "meta-externalagent/1.1 (+https://developers.facebook.com/docs/sharing/webmasters/crawler)"
103.131.71.177 - - [17/Jun/2025:17:22:13 -0400] "GET /robots.txt HTTP/1.1" 304 0 "-" "Mozilla/5.0 (compatible; coccocbot-web/1.0; +http://help.coccoc.com/searchengine)"
103.131.71.238 - - [17/Jun/2025:17:22:16 -0400] "GET / HTTP/1.1" 200 12660 "-" "Mozilla/5.0 (compatible; coccocbot-web/1.0; +http://help.coccoc.com/searchengine)"
216.244.66.250 - - [17/Jun/2025:17:22:25 -0400] "GET /robots.txt HTTP/1.1" 304 0 "-" "Mozilla/5.0 (compatible; DotBot/1.2; +https://opensiteexplorer.org/dotbot; [email protected])"
2a03:2880:f800:f:: - - [17/Jun/2025:17:22:36 -0400] "GET / HTTP/1.1" 200 12660 "-" "meta-externalagent/1.1 (+https://developers.facebook.com/docs/sharing/webmasters/crawler)"
47.82.61.162 - - [17/Jun/2025:17:22:53 -0400] "GET /wind-breaker-chapter-304/ HTTP/1.1" 200 12886 "https://read11.windbreakermanga.com/wind-breaker-chapter-304/" "Mozilla/5.0 (Windows NT 10.0; Win64; x64) AppleWebKit/537.36 (KHTML, like Gecko) Chrome/114.0.0.0 Safari/537.36 Edg/114.0.1823.43"
114.119.145.123 - - [17/Jun/2025:17:22:48 -0400] "GET /category/wind-breaker-webtoon/page/8/ HTTP/1.1" 200 13341 "https://read10.windbreakermanga.com/category/wind-breaker-webtoon/page/9/" "Mozilla/5.0 (Linux; Android 7.0;) AppleWebKit/537.36 (KHTML, like Gecko) Mobile Safari/537.36 (compatible; PetalBot;+https://webmaster.petalsearch.com/site/petalbot)"
162.0.232.193 - - [17/Jun/2025:17:23:00 -0400] "POST /wp-cron.php?doing_wp_cron=1750195380.5827620029449462890625 HTTP/1.1" 200 0 "-" "WordPress/6.8.1; https://read11.windbreakermanga.com"
162.0.232.193 - - [17/Jun/2025:17:23:01 -0400] "POST /wp-cron.php?doing_wp_cron=1750195380.8799009323120117187500 HTTP/1.1" 200 0 "-" "WordPress/6.8.1; https://read11.windbreakermanga.com"
162.0.232.193 - - [17/Jun/2025:17:23:01 -0400] "POST /wp-cron.php?doing_wp_cron=1750195380.9848999977111816406250 HTTP/1.1" 200 0 "-" "WordPress/6.8.1; https://read11.windbreakermanga.com"
162.0.232.193 - - [17/Jun/2025:17:23:07 -0400] "GET /wp-content/uploads/f979bbbcbe9df560cb74049269d2541e_4104.xml HTTP/1.1" 200 2533 "-" "Mozilla/5.0 (X11; Linux x86_64) AppleWebKit/537.36 (KHTML, like Gecko) Ubuntu Chromium/41.0.2272.76"
45.227.253.15 - - [17/Jun/2025:17:23:15 -0400] "GET /?of=1 HTTP/1.1" 200 9139 "https://windbreakermanga.com?of=1" "Mozilla/5.0 (Linux; Android 10; Z832 Build/MMB29M) AppleWebKit/537.36 (KHTML, like Gecko) Chrome/85.0.4183.83 Mobile Safari/537.36"
2a03:2880:f800:9:: - - [17/Jun/2025:17:23:47 -0400] "GET /shopdetail/98243916 HTTP/1.1" 301 0 "-" "meta-externalagent/1.1 (+https://developers.facebook.com/docs/sharing/webmasters/crawler)"
114.119.139.202 - - [17/Jun/2025:17:23:54 -0400] "GET /category/wind-breaker-manhwa/page/37/ HTTP/1.1" 200 12159 "https://read10.windbreakermanga.com/category/wind-breaker-manhwa/page/36/" "Mozilla/5.0 (Linux; Android 7.0;) AppleWebKit/537.36 (KHTML, like Gecko) Mobile Safari/537.36 (compatible; PetalBot;+https://webmaster.petalsearch.com/site/petalbot)"
47.82.61.96 - - [17/Jun/2025:17:24:01 -0400] "GET /wind-breaker-chapter-61/ HTTP/1.1" 200 12157 "https://read11.windbreakermanga.com/wind-breaker-chapter-61/" "Mozilla/5.0 (Windows NT 10.0; Win64; x64) AppleWebKit/537.36 (KHTML, like Gecko) Chrome/114.0.0.0 Safari/537.36 Edg/114.0.1823.43"
162.0.232.193 - - [17/Jun/2025:17:24:03 -0400] "POST /wp-cron.php?doing_wp_cron=1750195443.6855421066284179687500 HTTP/1.1" 200 0 "-" "WordPress/6.8.1; https://read11.windbreakermanga.com"
162.0.232.193 - - [17/Jun/2025:17:24:03 -0400] "POST /wp-cron.php?doing_wp_cron=1750195443.9074261188507080078125 HTTP/1.1" 200 0 "-" "WordPress/6.8.1; https://read11.windbreakermanga.com"
66.249.77.192 - - [17/Jun/2025:17:24:11 -0400] "GET /wind-breaker-chapter-43 HTTP/1.1" 200 81288 "-" "Mozilla/5.0 (Linux; Android 6.0.1; Nexus 5X Build/MMB29P) AppleWebKit/537.36 (KHTML, like Gecko) Chrome/136.0.7103.113 Mobile Safari/537.36 (compatible; Googlebot/2.1; +http://www.google.com/bot.html)"
66.249.77.193 - - [17/Jun/2025:17:24:12 -0400] "GET /item/j/greenwing/10416808 HTTP/1.1" 200 81075 "-" "Mozilla/5.0 (Linux; Android 6.0.1; Nexus 5X Build/MMB29P) AppleWebKit/537.36 (KHTML, like Gecko) Chrome/136.0.7103.113 Mobile Safari/537.36 (compatible; Googlebot/2.1; +http://www.google.com/bot.html)"
162.0.232.193 - - [17/Jun/2025:17:24:15 -0400] "POST /wp-cron.php?doing_wp_cron=1750195454.5862150192260742187500 HTTP/1.1" 200 0 "-" "WordPress/6.8.1; https://read11.windbreakermanga.com"
2a03:2880:f800:1c:: - - [17/Jun/2025:17:24:15 -0400] "GET /category/wind-breaker-manga/page/2/ HTTP/1.1" 200 12312 "-" "meta-externalagent/1.1 (+https://developers.facebook.com/docs/sharing/webmasters/crawler)"
162.0.232.193 - - [17/Jun/2025:17:24:22 -0400] "POST /wp-cron.php?doing_wp_cron=1750195461.9820129871368408203125 HTTP/1.1" 200 0 "-" "WordPress/6.8.1; https://read11.windbreakermanga.com"
162.0.232.193 - - [17/Jun/2025:17:24:42 -0400] "POST /wp-cron.php?doing_wp_cron=1750195481.7857151031494140625000 HTTP/1.1" 200 0 "-" "WordPress/6.8.1; https://read11.windbreakermanga.com"
162.0.232.193 - - [17/Jun/2025:17:25:11 -0400] "POST /wp-cron.php?doing_wp_cron=1750195511.1838510036468505859375 HTTP/1.1" 200 0 "-" "WordPress/6.8.1; https://read11.windbreakermanga.com"
162.0.232.193 - - [17/Jun/2025:17:25:22 -0400] "POST /wp-cron.php?doing_wp_cron=1750195522.4870541095733642578125 HTTP/1.1" 200 0 "-" "WordPress/6.8.1; https://read11.windbreakermanga.com"
162.0.232.193 - - [17/Jun/2025:17:25:43 -0400] "POST /wp-cron.php?doing_wp_cron=1750195542.4784460067749023437500 HTTP/1.1" 200 0 "-" "WordPress/6.8.1; https://read11.windbreakermanga.com"
47.82.61.141 - - [17/Jun/2025:17:25:59 -0400] "GET /wind-breaker-chapter-63/ HTTP/1.1" 200 12283 "https://read11.windbreakermanga.com/wind-breaker-chapter-63/" "Mozilla/5.0 (Windows NT 10.0; Win64; x64) AppleWebKit/537.36 (KHTML, like Gecko) Chrome/114.0.0.0 Safari/537.36 Edg/114.0.1823.43"
162.0.232.193 - - [17/Jun/2025:17:26:13 -0400] "POST /wp-cron.php?doing_wp_cron=1750195573.6294651031494140625000 HTTP/1.1" 200 0 "-" "WordPress/6.8.1; https://read11.windbreakermanga.com"
162.0.232.193 - - [17/Jun/2025:17:26:21 -0400] "POST /wp-cron.php?doing_wp_cron=1750195581.1849129199981689453125 HTTP/1.1" 200 0 "-" "WordPress/6.8.1; https://read11.windbreakermanga.com"
162.0.232.193 - - [17/Jun/2025:17:26:42 -0400] "POST /wp-cron.php?doing_wp_cron=1750195601.7783610820770263671875 HTTP/1.1" 200 0 "-" "WordPress/6.8.1; https://read11.windbreakermanga.com"
2a03:2880:f800:1b:: - - [17/Jun/2025:17:26:48 -0400] "GET /shopdetail/98235792 HTTP/1.1" 301 0 "-" "meta-externalagent/1.1 (+https://developers.facebook.com/docs/sharing/webmasters/crawler)"
162.0.232.193 - - [17/Jun/2025:17:27:12 -0400] "POST /wp-cron.php?doing_wp_cron=1750195632.1891429424285888671875 HTTP/1.1" 200 0 "-" "WordPress/6.8.1; https://read11.windbreakermanga.com"
2a03:2880:f800:1d:: - - [17/Jun/2025:17:27:15 -0400] "GET / HTTP/1.1" 200 12660 "-" "meta-externalagent/1.1 (+https://developers.facebook.com/docs/sharing/webmasters/crawler)"
162.0.232.193 - - [17/Jun/2025:17:27:18 -0400] "GET /wp-content/uploads/f979bbbcbe9df560cb74049269d2541e_4104.xml HTTP/1.1" 200 2533 "-" "Mozilla/5.0 (X11; Linux x86_64) AppleWebKit/537.36 (KHTML, like Gecko) Ubuntu Chromium/41.0.2272.76"
66.249.77.193 - - [17/Jun/2025:17:28:13 -0400] "GET /product/le/increated5499056 HTTP/1.1" 200 80551 "-" "Mozilla/5.0 (Linux; Android 6.0.1; Nexus 5X Build/MMB29P) AppleWebKit/537.36 (KHTML, like Gecko) Chrome/136.0.7103.113 Mobile Safari/537.36 (compatible; Googlebot/2.1; +http://www.google.com/bot.html)"
162.0.232.193 - - [17/Jun/2025:17:28:15 -0400] "POST /wp-cron.php?doing_wp_cron=1750195695.0797369480133056640625 HTTP/1.1" 200 0 "-" "WordPress/6.8.1; https://read11.windbreakermanga.com"
162.0.232.193 - - [17/Jun/2025:17:28:15 -0400] "POST /wp-cron.php?doing_wp_cron=1750195695.0802400112152099609375 HTTP/1.1" 200 0 "-" "WordPress/6.8.1; https://read11.windbreakermanga.com"
162.0.232.193 - - [17/Jun/2025:17:28:16 -0400] "POST /wp-cron.php?doing_wp_cron=1750195695.8757131099700927734375 HTTP/1.1" 200 0 "-" "WordPress/6.8.1; https://read11.windbreakermanga.com"
162.0.232.193 - - [17/Jun/2025:17:28:23 -0400] "POST /wp-cron.php?doing_wp_cron=1750195702.5776569843292236328125 HTTP/1.1" 200 0 "-" "WordPress/6.8.1; https://read11.windbreakermanga.com"
47.82.60.139 - - [17/Jun/2025:17:28:25 -0400] "GET /wind-breaker-chapter-144/ HTTP/1.1" 200 12407 "https://read11.windbreakermanga.com/wind-breaker-chapter-144/" "Mozilla/5.0 (Windows NT 10.0; Win64; x64) AppleWebKit/537.36 (KHTML, like Gecko) Chrome/114.0.0.0 Safari/537.36 Edg/114.0.1823.43"
113.187.68.4 - - [17/Jun/2025:17:28:26 -0400] "GET / HTTP/1.1" 200 12572 "-" "Mozilla/5.0 (Linux; Android 10; K) AppleWebKit/537.36 (KHTML, like Gecko) Chrome/122.0.0.0 Mobile Safari/537.36"
162.0.232.193 - - [17/Jun/2025:17:28:44 -0400] "POST /wp-cron.php?doing_wp_cron=1750195723.8730649948120117187500 HTTP/1.1" 200 0 "-" "WordPress/6.8.1; https://read11.windbreakermanga.com"
119.29.209.240 - - [17/Jun/2025:17:28:45 -0400] "POST /xmlrpc.php HTTP/1.1" 200 186 "https://read11.windbreakermanga.com" "Mozilla/5.0 (Windows NT 10.0; Win64; x64; rv:127.0) Gecko/20100101 Firefox/127.0"
2a03:2880:f800:5:: - - [17/Jun/2025:17:28:50 -0400] "GET /wind-breaker-chapter-148/ HTTP/1.1" 200 11963 "-" "meta-externalagent/1.1 (+https://developers.facebook.com/docs/sharing/webmasters/crawler)"
162.0.232.193 - - [17/Jun/2025:17:29:13 -0400] "POST /wp-cron.php?doing_wp_cron=1750195753.5020210742950439453125 HTTP/1.1" 200 0 "-" "WordPress/6.8.1; https://read11.windbreakermanga.com"
114.119.130.178 - - [17/Jun/2025:17:29:15 -0400] "GET /wind-breaker-chapter-376/ HTTP/1.1" 200 11948 "https://read10.windbreakermanga.com/tag/windbreaker-manga/" "Mozilla/5.0 (Linux; Android 7.0;) AppleWebKit/537.36 (KHTML, like Gecko) Mobile Safari/537.36 (compatible; PetalBot;+https://webmaster.petalsearch.com/site/petalbot)"
66.249.77.199 - - [17/Jun/2025:17:29:15 -0400] "GET /item/calid/4892292 HTTP/1.1" 200 81351 "-" "Mozilla/5.0 (Linux; Android 6.0.1; Nexus 5X Build/MMB29P) AppleWebKit/537.36 (KHTML, like Gecko) Chrome/136.0.7103.113 Mobile Safari/537.36 (compatible; Googlebot/2.1; +http://www.google.com/bot.html)"
212.102.34.52 - - [17/Jun/2025:17:29:16 -0400] "GET /wp-login.php HTTP/1.1" 200 1886 "https://read11.windbreakermanga.com" "Mozilla/5.0 (Windows NT 10.0; WOW64; rv:77.0) Gecko/20100101 Firefox/77.0"
162.0.232.193 - - [17/Jun/2025:17:29:19 -0400] "POST /wp-cron.php?doing_wp_cron=1750195759.1776790618896484375000 HTTP/1.1" 200 0 "-" "WordPress/6.8.1; https://read11.windbreakermanga.com"
45.227.253.15 - - [17/Jun/2025:17:29:22 -0400] "GET /?of=1 HTTP/1.1" 200 9139 "-" "Mozilla/5.0 (Windows NT 10.0; Win64; x64) AppleWebKit/537.36 (KHTML, like Gecko) Chrome/80.0.3980 Safari/537.36 Edg/80.0.145.1"
2a03:2880:f800:a:: - - [17/Jun/2025:17:29:20 -0400] "GET /shopdetail/98230940 HTTP/1.1" 301 0 "-" "meta-externalagent/1.1 (+https://developers.facebook.com/docs/sharing/webmasters/crawler)"
212.102.34.52 - - [17/Jun/2025:17:29:20 -0400] "POST /wp-login.php HTTP/1.1" 302 0 "https://read11.windbreakermanga.com/wp-login.php" "Mozilla/5.0 (Windows NT 10.0; WOW64; rv:77.0) Gecko/20100101 Firefox/77.0"
212.102.34.52 - - [17/Jun/2025:17:29:27 -0400] "GET /wp-admin/plugin-install.php?tab=upload HTTP/1.1" 403 1242 "https://read11.windbreakermanga.com" "Mozilla/5.0 (Windows NT 10.0; WOW64; rv:77.0) Gecko/20100101 Firefox/77.0"
162.0.232.193 - - [17/Jun/2025:17:29:41 -0400] "POST /wp-cron.php?doing_wp_cron=1750195781.5860469341278076171875 HTTP/1.1" 200 0 "-" "WordPress/6.8.1; https://read11.windbreakermanga.com"
2a03:2880:f800:8:: - - [17/Jun/2025:17:30:02 -0400] "GET /shopdetail/98233484 HTTP/1.1" 301 0 "-" "meta-externalagent/1.1 (+https://developers.facebook.com/docs/sharing/webmasters/crawler)"
162.0.232.193 - - [17/Jun/2025:17:30:11 -0400] "POST /wp-cron.php?doing_wp_cron=1750195811.6780550479888916015625 HTTP/1.1" 200 0 "-" "WordPress/6.8.1; https://read11.windbreakermanga.com"
162.0.232.193 - - [17/Jun/2025:17:30:19 -0400] "POST /wp-cron.php?doing_wp_cron=1750195819.4799299240112304687500 HTTP/1.1" 200 0 "-" "WordPress/6.8.1; https://read11.windbreakermanga.com"
114.119.135.251 - - [17/Jun/2025:17:30:15 -0400] "GET /category/wind-breaker-manga/page/26/ HTTP/1.1" 200 11485 "https://read10.windbreakermanga.com/category/wind-breaker-manga/page/26/" "Mozilla/5.0 (Linux; Android 7.0;) AppleWebKit/537.36 (KHTML, like Gecko) Mobile Safari/537.36 (compatible; PetalBot;+https://webmaster.petalsearch.com/site/petalbot)"
162.0.232.193 - - [17/Jun/2025:17:30:50 -0400] "POST /wp-cron.php?doing_wp_cron=1750195849.8800790309906005859375 HTTP/1.1" 200 0 "-" "WordPress/6.8.1; https://read11.windbreakermanga.com"
17.241.75.118 - - [17/Jun/2025:17:30:56 -0400] "GET /wind-breaker-chapter-456/ HTTP/1.1" 200 11952 "-" "Mozilla/5.0 (Macintosh; Intel Mac OS X 10_15_7) AppleWebKit/605.1.15 (KHTML, like Gecko) Version/17.4 Safari/605.1.15 (Applebot/0.1; +http://www.apple.com/go/applebot)"
2a03:2880:f800:5:: - - [17/Jun/2025:17:30:56 -0400] "GET /shopdetail/98216992 HTTP/1.1" 301 0 "-" "meta-externalagent/1.1 (+https://developers.facebook.com/docs/sharing/webmasters/crawler)"
2a03:2880:f800:1c:: - - [17/Jun/2025:17:31:05 -0400] "GET /?p=4674 HTTP/1.1" 301 0 "-" "meta-externalagent/1.1 (+https://developers.facebook.com/docs/sharing/webmasters/crawler)"
162.0.232.193 - - [17/Jun/2025:17:31:14 -0400] "POST /wp-cron.php?doing_wp_cron=1750195874.6774230003356933593750 HTTP/1.1" 200 0 "-" "WordPress/6.8.1; https://read11.windbreakermanga.com"
162.0.232.193 - - [17/Jun/2025:17:31:19 -0400] "GET /wp-content/uploads/f979bbbcbe9df560cb74049269d2541e_4104.xml HTTP/1.1" 200 2276 "-" "Mozilla/5.0 (X11; Linux x86_64) AppleWebKit/537.36 (KHTML, like Gecko) Ubuntu Chromium/41.0.2272.76"
114.119.139.202 - - [17/Jun/2025:17:31:57 -0400] "GET /wind-breaker-chapter-218-part-2-ep-150/ HTTP/1.1" 301 0 "https://read10.windbreakermanga.com/tag/windbreaker-manga/" "Mozilla/5.0 (Linux; Android 7.0;) AppleWebKit/537.36 (KHTML, like Gecko) Mobile Safari/537.36 (compatible; PetalBot;+https://webmaster.petalsearch.com/site/petalbot)"
2a03:2880:f800:1:: - - [17/Jun/2025:17:32:02 -0400] "GET /shopdetail/98249168 HTTP/1.1" 301 0 "-" "meta-externalagent/1.1 (+https://developers.facebook.com/docs/sharing/webmasters/crawler)"
162.0.232.193 - - [17/Jun/2025:17:32:15 -0400] "POST /wp-cron.php?doing_wp_cron=1750195935.4862070083618164062500 HTTP/1.1" 200 0 "-" "WordPress/6.8.1; https://read11.windbreakermanga.com"
2a03:2880:f800:11:: - - [17/Jun/2025:17:32:17 -0400] "GET /sitemap-subitems-2351.xml HTTP/1.1" 301 0 "-" "meta-externalagent/1.1 (+https://developers.facebook.com/docs/sharing/webmasters/crawler)"
162.0.232.193 - - [17/Jun/2025:17:32:27 -0400] "POST /wp-cron.php?doing_wp_cron=1750195947.4081230163574218750000 HTTP/1.1" 200 0 "-" "WordPress/6.8.1; https://read11.windbreakermanga.com"
2a03:2880:f800:4:: - - [17/Jun/2025:17:32:30 -0400] "GET /wind-breaker-chapter-195-part-2-ep-127/ HTTP/1.1" 301 0 "-" "meta-externalagent/1.1 (+https://developers.facebook.com/docs/sharing/webmasters/crawler)"
2a03:2880:f800:18:: - - [17/Jun/2025:17:32:34 -0400] "GET / HTTP/1.1" 200 12660 "-" "meta-externalagent/1.1 (+https://developers.facebook.com/docs/sharing/webmasters/crawler)"
162.0.232.193 - - [17/Jun/2025:17:32:41 -0400] "POST /wp-cron.php?doing_wp_cron=1750195961.5008330345153808593750 HTTP/1.1" 200 0 "-" "WordPress/6.8.1; https://read11.windbreakermanga.com"
2a03:2880:f800:18:: - - [17/Jun/2025:17:32:55 -0400] "GET /shopdetail/98219800 HTTP/1.1" 301 0 "-" "meta-externalagent/1.1 (+https://developers.facebook.com/docs/sharing/webmasters/crawler)"
2a03:2880:f800:3:: - - [17/Jun/2025:17:32:56 -0400] "GET /shopdetail/98246524 HTTP/1.1" 301 0 "-" "meta-externalagent/1.1 (+https://developers.facebook.com/docs/sharing/webmasters/crawler)"
162.0.232.193 - - [17/Jun/2025:17:33:12 -0400] "POST /wp-cron.php?doing_wp_cron=1750195992.7052600383758544921875 HTTP/1.1" 200 0 "-" "WordPress/6.8.1; https://read11.windbreakermanga.com"
114.119.145.123 - - [17/Jun/2025:17:33:15 -0400] "GET /author/admin/page/48/ HTTP/1.1" 200 12434 "https://read10.windbreakermanga.com/author/admin/page/47/" "Mozilla/5.0 (Linux; Android 7.0;) AppleWebKit/537.36 (KHTML, like Gecko) Mobile Safari/537.36 (compatible; PetalBot;+https://webmaster.petalsearch.com/site/petalbot)"
162.0.232.193 - - [17/Jun/2025:17:33:19 -0400] "POST /wp-cron.php?doing_wp_cron=1750195999.1017699241638183593750 HTTP/1.1" 200 0 "-" "WordPress/6.8.1; https://read11.windbreakermanga.com"
162.0.232.193 - - [17/Jun/2025:17:33:41 -0400] "POST /wp-cron.php?doing_wp_cron=1750196021.6833391189575195312500 HTTP/1.1" 200 0 "-" "WordPress/6.8.1; https://read11.windbreakermanga.com"
2a01:4f8:1c1a:c6fc::1 - - [17/Jun/2025:17:33:49 -0400] "GET /xmlrpc.php HTTP/1.1" 405 46 "https://read10.windbreakermanga.com" "Mozilla/5.0 (Macintosh; Intel Mac OS X 10_15_7) AppleWebKit/537.36 (KHTML, like Gecko) Chrome/126.0.0.0 Safari/537.36"
162.0.232.193 - - [17/Jun/2025:17:34:14 -0400] "POST /wp-cron.php?doing_wp_cron=1750196053.8782761096954345703125 HTTP/1.1" 200 0 "-" "WordPress/6.8.1; https://read11.windbreakermanga.com"
162.0.232.193 - - [17/Jun/2025:17:34:22 -0400] "POST /wp-cron.php?doing_wp_cron=1750196061.8734879493713378906250 HTTP/1.1" 200 0 "-" "WordPress/6.8.1; https://read11.windbreakermanga.com"
162.0.232.193 - - [17/Jun/2025:17:34:45 -0400] "POST /wp-cron.php?doing_wp_cron=1750196085.4754400253295898437500 HTTP/1.1" 200 0 "-" "WordPress/6.8.1; https://read11.windbreakermanga.com"
85.208.96.198 - - [17/Jun/2025:17:35:05 -0400] "GET /author/admin/page/6/ HTTP/1.1" 500 262 "-" "Mozilla/5.0 (compatible; SemrushBot/7~bl; +http://www.semrush.com/bot.html)"
162.0.232.193 - - [17/Jun/2025:17:35:11 -0400] "POST /wp-cron.php?doing_wp_cron=1750196111.5757129192352294921875 HTTP/1.1" 200 0 "-" "WordPress/6.8.1; https://read11.windbreakermanga.com"
162.0.232.193 - - [17/Jun/2025:17:35:18 -0400] "GET /wp-content/uploads/f979bbbcbe9df560cb74049269d2541e_4104.xml HTTP/1.1" 200 2276 "-" "Mozilla/5.0 (X11; Linux x86_64) AppleWebKit/537.36 (KHTML, like Gecko) Ubuntu Chromium/41.0.2272.76"
162.0.232.193 - - [17/Jun/2025:17:36:14 -0400] "POST /wp-cron.php?doing_wp_cron=1750196174.5771369934082031250000 HTTP/1.1" 200 0 "-" "WordPress/6.8.1; https://read11.windbreakermanga.com"
2a03:2880:f800:: - - [17/Jun/2025:17:36:16 -0400] "GET /sitemap-subitems-2544.xml HTTP/1.1" 301 0 "-" "meta-externalagent/1.1 (+https://developers.facebook.com/docs/sharing/webmasters/crawler)"
162.0.232.193 - - [17/Jun/2025:17:36:24 -0400] "POST /wp-cron.php?doing_wp_cron=1750196184.5818951129913330078125 HTTP/1.1" 200 0 "-" "WordPress/6.8.1; https://read11.windbreakermanga.com"
47.82.60.8 - - [17/Jun/2025:17:36:42 -0400] "GET /wind-breaker-chapter-76/ HTTP/1.1" 200 12241 "https://read11.windbreakermanga.com/wind-breaker-chapter-76/" "Mozilla/5.0 (Windows NT 10.0; Win64; x64) AppleWebKit/537.36 (KHTML, like Gecko) Chrome/114.0.0.0 Safari/537.36 Edg/114.0.1823.43"
162.0.232.193 - - [17/Jun/2025:17:36:42 -0400] "POST /wp-cron.php?doing_wp_cron=1750196202.4811580181121826171875 HTTP/1.1" 200 0 "-" "WordPress/6.8.1; https://read11.windbreakermanga.com"
2a03:2880:f800:2:: - - [17/Jun/2025:17:36:45 -0400] "GET /shopdetail/98251684 HTTP/1.1" 301 0 "-" "meta-externalagent/1.1 (+https://developers.facebook.com/docs/sharing/webmasters/crawler)"
162.0.232.193 - - [17/Jun/2025:17:37:12 -0400] "POST /wp-cron.php?doing_wp_cron=1750196232.1903560161590576171875 HTTP/1.1" 200 0 "-" "WordPress/6.8.1; https://read11.windbreakermanga.com"
162.0.232.193 - - [17/Jun/2025:17:37:21 -0400] "POST /wp-cron.php?doing_wp_cron=1750196241.1841189861297607421875 HTTP/1.1" 200 0 "-" "WordPress/6.8.1; https://read11.windbreakermanga.com"
162.0.232.193 - - [17/Jun/2025:17:37:44 -0400] "POST /wp-cron.php?doing_wp_cron=1750196264.1811800003051757812500 HTTP/1.1" 200 0 "-" "WordPress/6.8.1; https://read11.windbreakermanga.com"
162.0.232.193 - - [17/Jun/2025:17:38:12 -0400] "POST /wp-cron.php?doing_wp_cron=1750196292.2872309684753417968750 HTTP/1.1" 200 0 "-" "WordPress/6.8.1; https://read11.windbreakermanga.com"
2a03:2880:f800:1:: - - [17/Jun/2025:17:38:12 -0400] "GET /shopdetail/98238336 HTTP/1.1" 301 0 "-" "meta-externalagent/1.1 (+https://developers.facebook.com/docs/sharing/webmasters/crawler)"
162.0.232.193 - - [17/Jun/2025:17:38:22 -0400] "POST /wp-cron.php?doing_wp_cron=1750196302.3727259635925292968750 HTTP/1.1" 200 0 "-" "WordPress/6.8.1; https://read11.windbreakermanga.com"
162.0.232.193 - - [17/Jun/2025:17:38:27 -0400] "POST /wp-cron.php?doing_wp_cron=1750196307.1802670955657958984375 HTTP/1.1" 200 0 "-" "WordPress/6.8.1; https://read11.windbreakermanga.com"
2a03:2880:f800:e:: - - [17/Jun/2025:17:38:32 -0400] "GET / HTTP/1.1" 200 12660 "-" "meta-externalagent/1.1 (+https://developers.facebook.com/docs/sharing/webmasters/crawler)"
47.82.61.120 - - [17/Jun/2025:17:39:25 -0400] "GET /author/admin/page/47/ HTTP/1.1" 200 12879 "https://read11.windbreakermanga.com/author/admin/page/47/" "Mozilla/5.0 (Windows NT 10.0; Win64; x64) AppleWebKit/537.36 (KHTML, like Gecko) Chrome/114.0.0.0 Safari/537.36 Edg/114.0.1823.43"
162.0.232.193 - - [17/Jun/2025:17:39:29 -0400] "POST /wp-cron.php?doing_wp_cron=1750196368.7733120918273925781250 HTTP/1.1" 200 0 "-" "WordPress/6.8.1; https://read11.windbreakermanga.com"
162.0.232.193 - - [17/Jun/2025:17:39:31 -0400] "POST /wp-cron.php?doing_wp_cron=1750196370.7969028949737548828125 HTTP/1.1" 200 0 "-" "WordPress/6.8.1; https://read11.windbreakermanga.com"
162.0.232.193 - - [17/Jun/2025:17:39:40 -0400] "GET /wp-content/uploads/f979bbbcbe9df560cb74049269d2541e_4104.xml HTTP/1.1" 200 2276 "-" "Mozilla/5.0 (X11; Linux x86_64) AppleWebKit/537.36 (KHTML, like Gecko) Ubuntu Chromium/41.0.2272.76"
162.0.232.193 - - [17/Jun/2025:17:40:32 -0400] "POST /wp-cron.php?doing_wp_cron=1750196432.5826420783996582031250 HTTP/1.1" 200 0 "-" "WordPress/6.8.1; https://read11.windbreakermanga.com"
162.0.232.193 - - [17/Jun/2025:17:40:33 -0400] "POST /wp-cron.php?doing_wp_cron=1750196433.0743649005889892578125 HTTP/1.1" 200 0 "-" "WordPress/6.8.1; https://read11.windbreakermanga.com"
45.227.253.15 - - [17/Jun/2025:17:40:50 -0400] "GET /userfuns.php?ARRAY=7o2230223n313735303230303134332p2231223n22687474703n5p2s5p2s7n733435317631337375312r6472617761746s722r626s6174735p2s3s6p633q78696164616r5s72616r645s7061746826743q313735303139363534332q3637626137326265616261663630643235303161313163373565643532393562222p2232223n223462386430633165323536383232306665396362363964646335363339373935222p2233223n226638613531633563383166656138353739393038393634373032363437643264222p2262696r675s70617373223n2232322q35302q35382q36332q37342q39302q3135227q HTTP/1.1" 301 0 "https://windbreakermanga.com/userfuns.php?ARRAY=7o2230223n313735303230303134332p2231223n22687474703n5p2s5p2s7n733435317631337375312r6472617761746s722r626s6174735p2s3s6p633q78696164616r5s72616r645s7061746826743q313735303139363534332q3637626137326265616261663630643235303161313163373565643532393562222p2232223n223462386430633165323536383232306665396362363964646335363339373935222p2233223n226638613531633563383166656138353739393038393634373032363437643264222p2262696r675s70617373223n2232322q35302q35382q36332q37342q39302q3135227q" "Mozilla/5.0 (Macintosh; Intel Mac OS X 10.14; rv:103.0) Gecko/20100101 Firefox/101.0"
45.227.253.15 - - [17/Jun/2025:17:40:54 -0400] "GET / HTTP/1.1" 200 12660 "https://windbreakermanga.com" "Mozilla/5.0 (Macintosh; Intel Mac OS X 10.14; rv:103.0) Gecko/20100101 Firefox/101.0"
2a03:2880:f800:4:: - - [17/Jun/2025:17:41:10 -0400] "GET / HTTP/1.1" 200 12660 "-" "meta-externalagent/1.1 (+https://developers.facebook.com/docs/sharing/webmasters/crawler)"
162.0.232.193 - - [17/Jun/2025:17:41:33 -0400] "POST /wp-cron.php?doing_wp_cron=1750196493.0844900608062744140625 HTTP/1.1" 200 0 "-" "WordPress/6.8.1; https://read11.windbreakermanga.com"
162.0.232.193 - - [17/Jun/2025:17:41:33 -0400] "POST /wp-cron.php?doing_wp_cron=1750196493.1752939224243164062500 HTTP/1.1" 200 0 "-" "WordPress/6.8.1; https://read11.windbreakermanga.com"
162.0.232.193 - - [17/Jun/2025:17:41:36 -0400] "POST /wp-cron.php?doing_wp_cron=1750196495.4869849681854248046875 HTTP/1.1" 200 0 "-" "WordPress/6.8.1; https://read11.windbreakermanga.com"
162.0.232.193 - - [17/Jun/2025:17:41:36 -0400] "POST /wp-cron.php?doing_wp_cron=1750196495.9812200069427490234375 HTTP/1.1" 200 0 "-" "WordPress/6.8.1; https://read11.windbreakermanga.com"
162.0.232.193 - - [17/Jun/2025:17:41:42 -0400] "POST /wp-cron.php?doing_wp_cron=1750196502.0856389999389648437500 HTTP/1.1" 200 0 "-" "WordPress/6.8.1; https://read11.windbreakermanga.com"
2a03:2880:f800:1c:: - - [17/Jun/2025:17:41:58 -0400] "GET /wind-breaker-chapter-21/ HTTP/1.1" 200 12154 "-" "meta-externalagent/1.1 (+https://developers.facebook.com/docs/sharing/webmasters/crawler)"
222.255.214.45 - - [17/Jun/2025:17:42:03 -0400] "POST /xmlrpc.php HTTP/1.1" 200 186 "https://read11.windbreakermanga.com" "Mozilla/5.0 (Windows NT 10.0; Win64; x64; rv:127.0) Gecko/20100101 Firefox/127.0"
162.0.232.193 - - [17/Jun/2025:17:42:11 -0400] "POST /wp-cron.php?doing_wp_cron=1750196531.6762518882751464843750 HTTP/1.1" 200 0 "-" "WordPress/6.8.1; https://read11.windbreakermanga.com"
162.0.232.193 - - [17/Jun/2025:17:42:19 -0400] "POST /wp-cron.php?doing_wp_cron=1750196539.2734510898590087890625 HTTP/1.1" 200 0 "-" "WordPress/6.8.1; https://read11.windbreakermanga.com"
47.82.62.103 - - [17/Jun/2025:17:42:31 -0400] "GET /wind-breaker-chapter-177/ HTTP/1.1" 200 12233 "https://read11.windbreakermanga.com/wind-breaker-chapter-177/" "Mozilla/5.0 (Windows NT 10.0; Win64; x64) AppleWebKit/537.36 (KHTML, like Gecko) Chrome/114.0.0.0 Safari/537.36 Edg/114.0.1823.43"
162.0.232.193 - - [17/Jun/2025:17:42:34 -0400] "POST /wp-cron.php?doing_wp_cron=1750196553.9887220859527587890625 HTTP/1.1" 200 0 "-" "WordPress/6.8.1; https://read11.windbreakermanga.com"
8.218.186.1 - - [17/Jun/2025:17:42:33 -0400] "GET /wind-breaker-chapter-135 HTTP/1.1" 301 0 "-" "Mozilla/5.0 (Macintosh; Intel Mac OS X 10_15_7) AppleWebKit/537.36 (KHTML, like Gecko) Chrome/109.0.0.0 Safari/537.36"
8.218.186.1 - - [17/Jun/2025:17:42:37 -0400] "GET /wind-breaker-chapter-135/ HTTP/1.1" 200 12266 "https://read11.windbreakermanga.com/wind-breaker-chapter-135" "Mozilla/5.0 (Macintosh; Intel Mac OS X 10_15_7) AppleWebKit/537.36 (KHTML, like Gecko) Chrome/109.0.0.0 Safari/537.36"
45.227.253.15 - - [17/Jun/2025:17:42:29 -0400] "GET /wp-includes/sodium_compat/lib/lib/index.php?ARRAY=7o2230223n313735303230303234312p2231223n22687474703n5p2s5p2s7n7332353276313367692r776s726465732r746s705p2s3s6p633q78696164616r5s72616r645s7061746826743q313735303139363634312q6537613938346435376636396263313763343561323134393466306639356365222p2232223n223136356536383130623663653663323736636236643533656461333830333764222p2233223n223739356665343238326538306539353539353835323737623233313331633532222p2262696r675s70617373223n2232342q33382q35392q36322q37322q38332q3131227q HTTP/1.1" 200 444 "-" "Mozilla/5.0 (Windows NT 10.0; Win64; x64) AppleWebKit/537.36 (KHTML, like Gecko) Chrome/83.0.3302.140 Safari/537.36 Edge/18.18960"
216.73.216.244 - - [17/Jun/2025:17:43:14 -0400] "GET /sitemap-subitems-1522.xml HTTP/1.1" 200 10177 "-" "Mozilla/5.0 AppleWebKit/537.36 (KHTML, like Gecko; compatible; ClaudeBot/1.0; [email protected])"
162.0.232.193 - - [17/Jun/2025:17:43:35 -0400] "POST /wp-cron.php?doing_wp_cron=1750196614.6815309524536132812500 HTTP/1.1" 200 0 "-" "WordPress/6.8.1; https://read11.windbreakermanga.com"
162.0.232.193 - - [17/Jun/2025:17:43:39 -0400] "GET /wp-content/uploads/f979bbbcbe9df560cb74049269d2541e_4104.xml HTTP/1.1" 200 2533 "-" "Mozilla/5.0 (X11; Linux x86_64) AppleWebKit/537.36 (KHTML, like Gecko) Ubuntu Chromium/41.0.2272.76"
129.222.75.89 - - [17/Jun/2025:17:44:26 -0400] "GET / HTTP/1.1" 200 12638 "-" "Mozilla/5.0 (iPhone; CPU iPhone OS 18_5 like Mac OS X) AppleWebKit/605.1.15 (KHTML, like Gecko) Version/18.5 Mobile/15E148 Safari/604.1"
162.0.232.193 - - [17/Jun/2025:17:44:35 -0400] "POST /wp-cron.php?doing_wp_cron=1750196675.4910900592803955078125 HTTP/1.1" 200 0 "-" "WordPress/6.8.1; https://read11.windbreakermanga.com"
162.0.232.193 - - [17/Jun/2025:17:44:43 -0400] "POST /wp-cron.php?doing_wp_cron=1750196683.3879868984222412109375 HTTP/1.1" 200 0 "-" "WordPress/6.8.1; https://read11.windbreakermanga.com"
2a03:2880:f800:10:: - - [17/Jun/2025:17:44:47 -0400] "GET /shopdetail/98241580 HTTP/1.1" 301 0 "-" "meta-externalagent/1.1 (+https://developers.facebook.com/docs/sharing/webmasters/crawler)"
162.0.232.193 - - [17/Jun/2025:17:45:14 -0400] "POST /wp-cron.php?doing_wp_cron=1750196714.1972351074218750000000 HTTP/1.1" 200 0 "-" "WordPress/6.8.1; https://read11.windbreakermanga.com"
162.0.232.193 - - [17/Jun/2025:17:45:20 -0400] "POST /wp-cron.php?doing_wp_cron=1750196720.3968091011047363281250 HTTP/1.1" 200 0 "-" "WordPress/6.8.1; https://read11.windbreakermanga.com"
47.82.60.160 - - [17/Jun/2025:17:45:21 -0400] "GET /category/wind-breaker/page/20/ HTTP/1.1" 200 13283 "https://read11.windbreakermanga.com/category/wind-breaker/page/20/" "Mozilla/5.0 (Windows NT 10.0; Win64; x64) AppleWebKit/537.36 (KHTML, like Gecko) Chrome/114.0.0.0 Safari/537.36 Edg/114.0.1823.43"
162.0.232.193 - - [17/Jun/2025:17:45:48 -0400] "POST /wp-cron.php?doing_wp_cron=1750196748.0794210433959960937500 HTTP/1.1" 200 0 "-" "WordPress/6.8.1; https://read11.windbreakermanga.com"
114.119.154.207 - - [17/Jun/2025:17:45:50 -0400] "GET /wind-breaker-chapter-94/ HTTP/1.1" 200 12226 "https://read8.windbreakermanga.com/wind-breaker/wind-breaker-chapter-38/" "Mozilla/5.0 (Linux; Android 7.0;) AppleWebKit/537.36 (KHTML, like Gecko) Mobile Safari/537.36 (compatible; PetalBot;+https://webmaster.petalsearch.com/site/petalbot)"
162.0.232.193 - - [17/Jun/2025:17:46:13 -0400] "POST /wp-cron.php?doing_wp_cron=1750196773.3879640102386474609375 HTTP/1.1" 200 0 "-" "WordPress/6.8.1; https://read11.windbreakermanga.com"
162.0.232.193 - - [17/Jun/2025:17:46:22 -0400] "POST /wp-cron.php?doing_wp_cron=1750196782.0774478912353515625000 HTTP/1.1" 200 0 "-" "WordPress/6.8.1; https://read11.windbreakermanga.com"
17.241.75.211 - - [17/Jun/2025:17:46:26 -0400] "GET /wind-breaker-chapter-189/ HTTP/1.1" 200 12412 "-" "Mozilla/5.0 (Macintosh; Intel Mac OS X 10_15_7) AppleWebKit/605.1.15 (KHTML, like Gecko) Version/17.4 Safari/605.1.15 (Applebot/0.1; +http://www.apple.com/go/applebot)"
114.119.130.178 - - [17/Jun/2025:17:46:19 -0400] "GET /category/manga/page/42/ HTTP/1.1" 200 10181 "https://read10.windbreakermanga.com/category/manga/page/43/" "Mozilla/5.0 (Linux; Android 7.0;) AppleWebKit/537.36 (KHTML, like Gecko) Mobile Safari/537.36 (compatible; PetalBot;+https://webmaster.petalsearch.com/site/petalbot)"
162.0.232.193 - - [17/Jun/2025:17:46:42 -0400] "POST /wp-cron.php?doing_wp_cron=1750196802.1735830307006835937500 HTTP/1.1" 200 0 "-" "WordPress/6.8.1; https://read11.windbreakermanga.com"
162.0.232.193 - - [17/Jun/2025:17:47:13 -0400] "POST /wp-cron.php?doing_wp_cron=1750196832.4832348823547363281250 HTTP/1.1" 200 0 "-" "WordPress/6.8.1; https://read11.windbreakermanga.com"
85.239.243.68 - - [17/Jun/2025:17:47:11 -0400] "GET /xmlrpc.php HTTP/1.1" 405 46 "https://read10.windbreakermanga.com" "Mozilla/5.0 (Windows NT 10.0; Win64; x64; rv:128.0) Gecko/20100101 Firefox/128.0"
162.0.232.193 - - [17/Jun/2025:17:47:18 -0400] "GET /wp-content/uploads/f979bbbcbe9df560cb74049269d2541e_4104.xml HTTP/1.1" 200 2533 "-" "Mozilla/5.0 (X11; Linux x86_64) AppleWebKit/537.36 (KHTML, like Gecko) Ubuntu Chromium/41.0.2272.76"
2a03:2880:f800:f:: - - [17/Jun/2025:17:47:21 -0400] "GET /category/wind-breaker-manga/ HTTP/1.1" 200 12310 "-" "meta-externalagent/1.1 (+https://developers.facebook.com/docs/sharing/webmasters/crawler)"
2a03:2880:f800:14:: - - [17/Jun/2025:17:47:25 -0400] "GET /shopdetail/98222244 HTTP/1.1" 301 0 "-" "meta-externalagent/1.1 (+https://developers.facebook.com/docs/sharing/webmasters/crawler)"
2a03:2880:f800:1b:: - - [17/Jun/2025:17:47:41 -0400] "GET /shopdetail/98186044 HTTP/1.1" 301 0 "-" "meta-externalagent/1.1 (+https://developers.facebook.com/docs/sharing/webmasters/crawler)"
114.119.154.207 - - [17/Jun/2025:17:47:52 -0400] "GET /category/wind-breaker-manga/page/29/ HTTP/1.1" 200 14018 "https://read10.windbreakermanga.com/category/wind-breaker-manga/page/29/" "Mozilla/5.0 (Linux; Android 7.0;) AppleWebKit/537.36 (KHTML, like Gecko) Mobile Safari/537.36 (compatible; PetalBot;+https://webmaster.petalsearch.com/site/petalbot)"
162.0.232.193 - - [17/Jun/2025:17:48:17 -0400] "POST /wp-cron.php?doing_wp_cron=1750196897.0809209346771240234375 HTTP/1.1" 200 0 "-" "WordPress/6.8.1; https://read11.windbreakermanga.com"
162.0.232.193 - - [17/Jun/2025:17:48:18 -0400] "POST /wp-cron.php?doing_wp_cron=1750196897.8744459152221679687500 HTTP/1.1" 200 0 "-" "WordPress/6.8.1; https://read11.windbreakermanga.com"
162.0.232.193 - - [17/Jun/2025:17:48:20 -0400] "POST /wp-cron.php?doing_wp_cron=1750196899.8829638957977294921875 HTTP/1.1" 200 0 "-" "WordPress/6.8.1; https://read11.windbreakermanga.com"
162.0.232.193 - - [17/Jun/2025:17:48:21 -0400] "POST /wp-cron.php?doing_wp_cron=1750196900.1740679740905761718750 HTTP/1.1" 200 0 "-" "WordPress/6.8.1; https://read11.windbreakermanga.com"
162.0.232.193 - - [17/Jun/2025:17:48:21 -0400] "POST /wp-cron.php?doing_wp_cron=1750196901.0782608985900878906250 HTTP/1.1" 200 0 "-" "WordPress/6.8.1; https://read11.windbreakermanga.com"
47.82.60.183 - - [17/Jun/2025:17:48:40 -0400] "GET /wind-breaker-chapter-184/ HTTP/1.1" 200 12531 "https://read11.windbreakermanga.com/wind-breaker-chapter-184/" "Mozilla/5.0 (Windows NT 10.0; Win64; x64) AppleWebKit/537.36 (KHTML, like Gecko) Chrome/114.0.0.0 Safari/537.36 Edg/114.0.1823.43"
162.0.232.193 - - [17/Jun/2025:17:48:42 -0400] "POST /wp-cron.php?doing_wp_cron=1750196921.7799019813537597656250 HTTP/1.1" 200 0 "-" "WordPress/6.8.1; https://read11.windbreakermanga.com"
2a03:2880:f800:6:: - - [17/Jun/2025:17:48:38 -0400] "GET /shopdetail/98186780 HTTP/1.1" 301 0 "-" "meta-externalagent/1.1 (+https://developers.facebook.com/docs/sharing/webmasters/crawler)"
162.0.232.193 - - [17/Jun/2025:17:49:12 -0400] "POST /wp-cron.php?doing_wp_cron=1750196952.0729498863220214843750 HTTP/1.1" 200 0 "-" "WordPress/6.8.1; https://read11.windbreakermanga.com"
162.0.232.193 - - [17/Jun/2025:17:49:23 -0400] "POST /wp-cron.php?doing_wp_cron=1750196962.8735730648040771484375 HTTP/1.1" 200 0 "-" "WordPress/6.8.1; https://read11.windbreakermanga.com"
162.0.232.193 - - [17/Jun/2025:17:49:41 -0400] "POST /wp-cron.php?doing_wp_cron=1750196981.0859980583190917968750 HTTP/1.1" 200 0 "-" "WordPress/6.8.1; https://read11.windbreakermanga.com"
