162.0.232.193 - - [17/Jun/2025:12:06:38 -0400] "GET /wind-breaker-chapter-327/ HTTP/1.1" 200 0 "-" "WP Rocket/Preload Mozilla/5.0 (iPhone; CPU iPhone OS 9_1 like Mac OS X) AppleWebKit/601.1.46 (KHTML, like Gecko) Version/9.0 Mobile/13B143 Safari/601.1"
162.0.232.193 - - [17/Jun/2025:12:06:40 -0400] "GET /wind-breaker-chapter-334/ HTTP/1.1" 200 0 "-" "WP Rocket/Preload"
162.0.232.193 - - [17/Jun/2025:12:06:42 -0400] "GET /wind-breaker-chapter-334/ HTTP/1.1" 200 0 "-" "WP Rocket/Preload Mozilla/5.0 (iPhone; CPU iPhone OS 9_1 like Mac OS X) AppleWebKit/601.1.46 (KHTML, like Gecko) Version/9.0 Mobile/13B143 Safari/601.1"
2a03:2880:f800:13:: - - [17/Jun/2025:12:06:39 -0400] "GET /wind-breaker-chapter-293-part-3-ep-43/ HTTP/1.1" 301 0 "-" "meta-externalagent/1.1 (+https://developers.facebook.com/docs/sharing/webmasters/crawler)"
162.0.232.193 - - [17/Jun/2025:12:06:44 -0400] "GET /wind-breaker-chapter-330/ HTTP/1.1" 200 0 "-" "WP Rocket/Preload"
162.0.232.193 - - [17/Jun/2025:12:06:45 -0400] "GET /wind-breaker-chapter-330/ HTTP/1.1" 200 0 "-" "WP Rocket/Preload Mozilla/5.0 (iPhone; CPU iPhone OS 9_1 like Mac OS X) AppleWebKit/601.1.46 (KHTML, like Gecko) Version/9.0 Mobile/13B143 Safari/601.1"
2a03:2880:f800:13:: - - [17/Jun/2025:12:06:48 -0400] "GET / HTTP/1.1" 200 12660 "-" "meta-externalagent/1.1 (+https://developers.facebook.com/docs/sharing/webmasters/crawler)"
162.0.232.193 - - [17/Jun/2025:12:06:53 -0400] "POST /wp-cron.php?doing_wp_cron=1750176412.5768649578094482421875 HTTP/1.1" 200 0 "-" "WordPress/6.8.1; https://read11.windbreakermanga.com"
47.128.16.67 - - [17/Jun/2025:12:07:09 -0400] "GET /category/wind-breaker-manga/page/15/ HTTP/1.1" 200 12995 "-" "Mozilla/5.0 (compatible; Bytespider; [email protected]) AppleWebKit/537.36 (KHTML, like Gecko) Chrome/70.0.0.0 Safari/537.36"
162.0.232.193 - - [17/Jun/2025:12:07:13 -0400] "POST /wp-cron.php?doing_wp_cron=1750176432.9739100933074951171875 HTTP/1.1" 200 0 "-" "WordPress/6.8.1; https://read11.windbreakermanga.com"
162.0.232.193 - - [17/Jun/2025:12:07:25 -0400] "POST /wp-cron.php?doing_wp_cron=1750176445.5730819702148437500000 HTTP/1.1" 200 0 "-" "WordPress/6.8.1; https://read11.windbreakermanga.com"
162.0.232.193 - - [17/Jun/2025:12:07:29 -0400] "GET /wind-breaker-chapter-318/ HTTP/1.1" 200 0 "-" "WP Rocket/Preload"
162.0.232.193 - - [17/Jun/2025:12:07:31 -0400] "GET /wind-breaker-chapter-318/ HTTP/1.1" 200 0 "-" "WP Rocket/Preload Mozilla/5.0 (iPhone; CPU iPhone OS 9_1 like Mac OS X) AppleWebKit/601.1.46 (KHTML, like Gecko) Version/9.0 Mobile/13B143 Safari/601.1"
162.0.232.193 - - [17/Jun/2025:12:07:32 -0400] "GET /wind-breaker-chapter-320/ HTTP/1.1" 200 0 "-" "WP Rocket/Preload"
162.0.232.193 - - [17/Jun/2025:12:07:34 -0400] "GET /wind-breaker-chapter-320/ HTTP/1.1" 200 0 "-" "WP Rocket/Preload Mozilla/5.0 (iPhone; CPU iPhone OS 9_1 like Mac OS X) AppleWebKit/601.1.46 (KHTML, like Gecko) Version/9.0 Mobile/13B143 Safari/601.1"
162.0.232.193 - - [17/Jun/2025:12:07:36 -0400] "GET /wind-breaker-chapter-310/ HTTP/1.1" 200 13006 "-" "WP Rocket/Preload"
162.0.232.193 - - [17/Jun/2025:12:07:45 -0400] "GET /wind-breaker-chapter-310/ HTTP/1.1" 200 0 "-" "WP Rocket/Preload Mozilla/5.0 (iPhone; CPU iPhone OS 9_1 like Mac OS X) AppleWebKit/601.1.46 (KHTML, like Gecko) Version/9.0 Mobile/13B143 Safari/601.1"
162.0.232.193 - - [17/Jun/2025:12:07:51 -0400] "POST /wp-cron.php?doing_wp_cron=1750176471.5763130187988281250000 HTTP/1.1" 200 0 "-" "WordPress/6.8.1; https://read11.windbreakermanga.com"
162.0.232.193 - - [17/Jun/2025:12:08:13 -0400] "POST /wp-cron.php?doing_wp_cron=1750176493.4793229103088378906250 HTTP/1.1" 200 0 "-" "WordPress/6.8.1; https://read11.windbreakermanga.com"
162.0.232.193 - - [17/Jun/2025:12:08:20 -0400] "GET /wp-content/uploads/f979bbbcbe9df560cb74049269d2541e_4104.xml HTTP/1.1" 200 2276 "-" "Mozilla/5.0 (X11; Linux x86_64) AppleWebKit/537.36 (KHTML, like Gecko) Ubuntu Chromium/41.0.2272.76"
43.135.148.92 - - [17/Jun/2025:12:08:57 -0400] "GET /wind-breaker-chapter-113/ HTTP/1.1" 200 12247 "-" "Mozilla/5.0 (iPhone; CPU iPhone OS 13_2_3 like Mac OS X) AppleWebKit/605.1.15 (KHTML, like Gecko) Version/13.0.3 Mobile/15E148 Safari/604.1"
66.249.77.193 - - [17/Jun/2025:12:09:07 -0400] "GET /goods/inconveniency/7926112 HTTP/1.1" 200 81399 "-" "Mozilla/5.0 (Linux; Android 6.0.1; Nexus 5X Build/MMB29P) AppleWebKit/537.36 (KHTML, like Gecko) Chrome/136.0.7103.113 Mobile Safari/537.36 (compatible; Googlebot/2.1; +http://www.google.com/bot.html)"
114.119.135.251 - - [17/Jun/2025:12:09:09 -0400] "GET / HTTP/1.1" 200 12638 "https://read8.windbreakermanga.com/wind-breaker/wind-breaker-chapter-377/" "Mozilla/5.0 (Linux; Android 7.0;) AppleWebKit/537.36 (KHTML, like Gecko) Mobile Safari/537.36 (compatible; PetalBot;+https://webmaster.petalsearch.com/site/petalbot)"
162.0.232.193 - - [17/Jun/2025:12:09:14 -0400] "POST /wp-cron.php?doing_wp_cron=1750176553.8772470951080322265625 HTTP/1.1" 200 0 "-" "WordPress/6.8.1; https://read11.windbreakermanga.com"
162.0.232.193 - - [17/Jun/2025:12:09:14 -0400] "POST /wp-cron.php?doing_wp_cron=1750176553.8806838989257812500000 HTTP/1.1" 200 0 "-" "WordPress/6.8.1; https://read11.windbreakermanga.com"
162.0.232.193 - - [17/Jun/2025:12:09:16 -0400] "GET /wind-breaker-chapter-312/ HTTP/1.1" 200 12752 "-" "WP Rocket/Preload"
162.0.232.193 - - [17/Jun/2025:12:09:17 -0400] "GET /wind-breaker-chapter-312/ HTTP/1.1" 200 0 "-" "WP Rocket/Preload Mozilla/5.0 (iPhone; CPU iPhone OS 9_1 like Mac OS X) AppleWebKit/601.1.46 (KHTML, like Gecko) Version/9.0 Mobile/13B143 Safari/601.1"
162.0.232.193 - - [17/Jun/2025:12:09:18 -0400] "GET /wind-breaker-chapter-313/ HTTP/1.1" 200 0 "-" "WP Rocket/Preload"
162.0.232.193 - - [17/Jun/2025:12:09:20 -0400] "GET /wind-breaker-chapter-313/ HTTP/1.1" 200 0 "-" "WP Rocket/Preload Mozilla/5.0 (iPhone; CPU iPhone OS 9_1 like Mac OS X) AppleWebKit/601.1.46 (KHTML, like Gecko) Version/9.0 Mobile/13B143 Safari/601.1"
162.0.232.193 - - [17/Jun/2025:12:09:22 -0400] "GET /wind-breaker-chapter-307/ HTTP/1.1" 200 0 "-" "WP Rocket/Preload"
162.0.232.193 - - [17/Jun/2025:12:09:24 -0400] "GET /wind-breaker-chapter-307/ HTTP/1.1" 200 0 "-" "WP Rocket/Preload Mozilla/5.0 (iPhone; CPU iPhone OS 9_1 like Mac OS X) AppleWebKit/601.1.46 (KHTML, like Gecko) Version/9.0 Mobile/13B143 Safari/601.1"
162.0.232.193 - - [17/Jun/2025:12:09:25 -0400] "GET /wind-breaker-chapter-309/ HTTP/1.1" 200 0 "-" "WP Rocket/Preload"
162.0.232.193 - - [17/Jun/2025:12:09:26 -0400] "GET /wind-breaker-chapter-309/ HTTP/1.1" 200 0 "-" "WP Rocket/Preload Mozilla/5.0 (iPhone; CPU iPhone OS 9_1 like Mac OS X) AppleWebKit/601.1.46 (KHTML, like Gecko) Version/9.0 Mobile/13B143 Safari/601.1"
162.0.232.193 - - [17/Jun/2025:12:09:28 -0400] "GET /wind-breaker-chapter-83/ HTTP/1.1" 200 0 "-" "WP Rocket/Preload"
162.0.232.193 - - [17/Jun/2025:12:09:30 -0400] "GET /wind-breaker-chapter-83/ HTTP/1.1" 200 0 "-" "WP Rocket/Preload Mozilla/5.0 (iPhone; CPU iPhone OS 9_1 like Mac OS X) AppleWebKit/601.1.46 (KHTML, like Gecko) Version/9.0 Mobile/13B143 Safari/601.1"
162.0.232.193 - - [17/Jun/2025:12:09:31 -0400] "GET /wind-breaker-chapter-293/ HTTP/1.1" 200 0 "-" "WP Rocket/Preload"
162.0.232.193 - - [17/Jun/2025:12:09:33 -0400] "GET /wind-breaker-chapter-293/ HTTP/1.1" 200 0 "-" "WP Rocket/Preload Mozilla/5.0 (iPhone; CPU iPhone OS 9_1 like Mac OS X) AppleWebKit/601.1.46 (KHTML, like Gecko) Version/9.0 Mobile/13B143 Safari/601.1"
162.0.232.193 - - [17/Jun/2025:12:09:35 -0400] "GET /wind-breaker-chapter-290/ HTTP/1.1" 200 0 "-" "WP Rocket/Preload"
162.0.232.193 - - [17/Jun/2025:12:09:36 -0400] "GET /wind-breaker-chapter-290/ HTTP/1.1" 200 0 "-" "WP Rocket/Preload Mozilla/5.0 (iPhone; CPU iPhone OS 9_1 like Mac OS X) AppleWebKit/601.1.46 (KHTML, like Gecko) Version/9.0 Mobile/13B143 Safari/601.1"
162.0.232.193 - - [17/Jun/2025:12:09:42 -0400] "POST /wp-cron.php?doing_wp_cron=1750176582.5855870246887207031250 HTTP/1.1" 200 0 "-" "WordPress/6.8.1; https://read11.windbreakermanga.com"
162.0.232.193 - - [17/Jun/2025:12:09:46 -0400] "GET /wind-breaker-chapter-288/ HTTP/1.1" 200 0 "-" "WP Rocket/Preload"
162.0.232.193 - - [17/Jun/2025:12:09:47 -0400] "GET /wind-breaker-chapter-288/ HTTP/1.1" 200 0 "-" "WP Rocket/Preload Mozilla/5.0 (iPhone; CPU iPhone OS 9_1 like Mac OS X) AppleWebKit/601.1.46 (KHTML, like Gecko) Version/9.0 Mobile/13B143 Safari/601.1"
162.0.232.193 - - [17/Jun/2025:12:09:49 -0400] "GET /wind-breaker-chapter-281/ HTTP/1.1" 200 0 "-" "WP Rocket/Preload"
162.0.232.193 - - [17/Jun/2025:12:09:50 -0400] "GET /wind-breaker-chapter-281/ HTTP/1.1" 200 0 "-" "WP Rocket/Preload Mozilla/5.0 (iPhone; CPU iPhone OS 9_1 like Mac OS X) AppleWebKit/601.1.46 (KHTML, like Gecko) Version/9.0 Mobile/13B143 Safari/601.1"
162.0.232.193 - - [17/Jun/2025:12:09:52 -0400] "GET /wind-breaker-chapter-548/ HTTP/1.1" 200 0 "-" "WP Rocket/Preload"
2a03:2880:f800:b:: - - [17/Jun/2025:12:09:50 -0400] "GET /shopdetail/98184472 HTTP/1.1" 301 0 "-" "meta-externalagent/1.1 (+https://developers.facebook.com/docs/sharing/webmasters/crawler)"
162.0.232.193 - - [17/Jun/2025:12:09:54 -0400] "GET /wind-breaker-chapter-548/ HTTP/1.1" 200 0 "-" "WP Rocket/Preload Mozilla/5.0 (iPhone; CPU iPhone OS 9_1 like Mac OS X) AppleWebKit/601.1.46 (KHTML, like Gecko) Version/9.0 Mobile/13B143 Safari/601.1"
162.0.232.193 - - [17/Jun/2025:12:09:56 -0400] "GET /wind-breaker-chapter-250/ HTTP/1.1" 200 0 "-" "WP Rocket/Preload"
162.0.232.193 - - [17/Jun/2025:12:09:57 -0400] "GET /wind-breaker-chapter-250/ HTTP/1.1" 200 0 "-" "WP Rocket/Preload Mozilla/5.0 (iPhone; CPU iPhone OS 9_1 like Mac OS X) AppleWebKit/601.1.46 (KHTML, like Gecko) Version/9.0 Mobile/13B143 Safari/601.1"
2a03:2880:f800:16:: - - [17/Jun/2025:12:09:58 -0400] "GET / HTTP/1.1" 200 12660 "-" "meta-externalagent/1.1 (+https://developers.facebook.com/docs/sharing/webmasters/crawler)"
162.0.232.193 - - [17/Jun/2025:12:10:00 -0400] "GET /chapter-243/ HTTP/1.1" 200 0 "-" "WP Rocket/Preload"
162.0.232.193 - - [17/Jun/2025:12:10:01 -0400] "GET /chapter-243/ HTTP/1.1" 200 0 "-" "WP Rocket/Preload Mozilla/5.0 (iPhone; CPU iPhone OS 9_1 like Mac OS X) AppleWebKit/601.1.46 (KHTML, like Gecko) Version/9.0 Mobile/13B143 Safari/601.1"
162.0.232.193 - - [17/Jun/2025:12:10:03 -0400] "GET /chapter-235/ HTTP/1.1" 200 0 "-" "WP Rocket/Preload"
162.0.232.193 - - [17/Jun/2025:12:10:04 -0400] "GET /chapter-235/ HTTP/1.1" 200 0 "-" "WP Rocket/Preload Mozilla/5.0 (iPhone; CPU iPhone OS 9_1 like Mac OS X) AppleWebKit/601.1.46 (KHTML, like Gecko) Version/9.0 Mobile/13B143 Safari/601.1"
162.0.232.193 - - [17/Jun/2025:12:10:12 -0400] "POST /wp-cron.php?doing_wp_cron=1750176611.7735149860382080078125 HTTP/1.1" 200 0 "-" "WordPress/6.8.1; https://read11.windbreakermanga.com"
162.0.232.193 - - [17/Jun/2025:12:10:25 -0400] "POST /wp-cron.php?doing_wp_cron=1750176624.7730340957641601562500 HTTP/1.1" 200 0 "-" "WordPress/6.8.1; https://read11.windbreakermanga.com"
162.0.232.193 - - [17/Jun/2025:12:10:29 -0400] "GET /wind-breaker-chapter-192/ HTTP/1.1" 200 11569 "-" "WP Rocket/Preload"
162.0.232.193 - - [17/Jun/2025:12:10:32 -0400] "GET /wind-breaker-chapter-192/ HTTP/1.1" 200 0 "-" "WP Rocket/Preload Mozilla/5.0 (iPhone; CPU iPhone OS 9_1 like Mac OS X) AppleWebKit/601.1.46 (KHTML, like Gecko) Version/9.0 Mobile/13B143 Safari/601.1"
2a03:2880:f800:4:: - - [17/Jun/2025:12:10:34 -0400] "GET /shopdetail/98249704 HTTP/1.1" 301 0 "-" "meta-externalagent/1.1 (+https://developers.facebook.com/docs/sharing/webmasters/crawler)"
2a03:2880:f800:12:: - - [17/Jun/2025:12:10:34 -0400] "GET /shopdetail/98245260 HTTP/1.1" 301 0 "-" "meta-externalagent/1.1 (+https://developers.facebook.com/docs/sharing/webmasters/crawler)"
162.0.232.193 - - [17/Jun/2025:12:10:41 -0400] "POST /wp-cron.php?doing_wp_cron=1750176641.5782010555267333984375 HTTP/1.1" 200 0 "-" "WordPress/6.8.1; https://read11.windbreakermanga.com"
2a03:2880:f800:b:: - - [17/Jun/2025:12:10:40 -0400] "GET /shopdetail/98213204 HTTP/1.1" 301 0 "-" "meta-externalagent/1.1 (+https://developers.facebook.com/docs/sharing/webmasters/crawler)"
2a03:2880:f800:7:: - - [17/Jun/2025:12:10:48 -0400] "GET /shopdetail/98203944 HTTP/1.1" 301 0 "-" "meta-externalagent/1.1 (+https://developers.facebook.com/docs/sharing/webmasters/crawler)"
162.0.232.193 - - [17/Jun/2025:12:11:15 -0400] "POST /wp-cron.php?doing_wp_cron=1750176674.9831590652465820312500 HTTP/1.1" 200 0 "-" "WordPress/6.8.1; https://read11.windbreakermanga.com"
162.0.232.193 - - [17/Jun/2025:12:11:25 -0400] "POST /wp-cron.php?doing_wp_cron=1750176684.7814888954162597656250 HTTP/1.1" 200 0 "-" "WordPress/6.8.1; https://read11.windbreakermanga.com"
162.0.232.193 - - [17/Jun/2025:12:11:26 -0400] "GET /wind-breaker-chapter-204/ HTTP/1.1" 200 0 "-" "WP Rocket/Preload"
162.0.232.193 - - [17/Jun/2025:12:11:28 -0400] "GET /wind-breaker-chapter-204/ HTTP/1.1" 200 0 "-" "WP Rocket/Preload Mozilla/5.0 (iPhone; CPU iPhone OS 9_1 like Mac OS X) AppleWebKit/601.1.46 (KHTML, like Gecko) Version/9.0 Mobile/13B143 Safari/601.1"
162.0.232.193 - - [17/Jun/2025:12:11:30 -0400] "GET /author/admin/ HTTP/1.1" 200 0 "-" "WP Rocket/Preload"
162.0.232.193 - - [17/Jun/2025:12:11:31 -0400] "GET /author/admin/ HTTP/1.1" 200 0 "-" "WP Rocket/Preload Mozilla/5.0 (iPhone; CPU iPhone OS 9_1 like Mac OS X) AppleWebKit/601.1.46 (KHTML, like Gecko) Version/9.0 Mobile/13B143 Safari/601.1"
182.43.230.63 - - [17/Jun/2025:12:11:28 -0400] "POST /xmlrpc.php HTTP/1.1" 200 0 "https://read11.windbreakermanga.com" "Mozilla/5.0 (Windows NT 10.0; Win64; x64) AppleWebKit/537.36 (KHTML, like Gecko) Chrome/112.0.5615.138 Safari/537.36"
162.0.232.193 - - [17/Jun/2025:12:11:33 -0400] "GET /wind-breaker-chapter-339/ HTTP/1.1" 200 11812 "-" "WP Rocket/Preload"
162.0.232.193 - - [17/Jun/2025:12:11:38 -0400] "GET /wind-breaker-chapter-339/ HTTP/1.1" 200 0 "-" "WP Rocket/Preload Mozilla/5.0 (iPhone; CPU iPhone OS 9_1 like Mac OS X) AppleWebKit/601.1.46 (KHTML, like Gecko) Version/9.0 Mobile/13B143 Safari/601.1"
162.0.232.193 - - [17/Jun/2025:12:11:40 -0400] "GET /wind-breaker-chapter-303/ HTTP/1.1" 200 0 "-" "WP Rocket/Preload"
162.0.232.193 - - [17/Jun/2025:12:11:41 -0400] "GET /wind-breaker-chapter-303/ HTTP/1.1" 200 0 "-" "WP Rocket/Preload Mozilla/5.0 (iPhone; CPU iPhone OS 9_1 like Mac OS X) AppleWebKit/601.1.46 (KHTML, like Gecko) Version/9.0 Mobile/13B143 Safari/601.1"
162.0.232.193 - - [17/Jun/2025:12:11:43 -0400] "POST /wp-cron.php?doing_wp_cron=1750176703.9352650642395019531250 HTTP/1.1" 200 0 "-" "WordPress/6.8.1; https://read11.windbreakermanga.com"
2a03:2880:f800:16:: - - [17/Jun/2025:12:12:01 -0400] "GET / HTTP/1.1" 200 12660 "-" "meta-externalagent/1.1 (+https://developers.facebook.com/docs/sharing/webmasters/crawler)"
162.0.232.193 - - [17/Jun/2025:12:12:12 -0400] "POST /wp-cron.php?doing_wp_cron=1750176732.6836159229278564453125 HTTP/1.1" 200 0 "-" "WordPress/6.8.1; https://read11.windbreakermanga.com"
162.0.232.193 - - [17/Jun/2025:12:12:16 -0400] "GET /wp-content/uploads/f979bbbcbe9df560cb74049269d2541e_4104.xml HTTP/1.1" 200 2533 "-" "Mozilla/5.0 (X11; Linux x86_64) AppleWebKit/537.36 (KHTML, like Gecko) Ubuntu Chromium/41.0.2272.76"
162.0.232.193 - - [17/Jun/2025:12:13:15 -0400] "POST /wp-cron.php?doing_wp_cron=1750176795.1731350421905517578125 HTTP/1.1" 200 0 "-" "WordPress/6.8.1; https://read11.windbreakermanga.com"
162.0.232.193 - - [17/Jun/2025:12:13:16 -0400] "POST /wp-cron.php?doing_wp_cron=1750176795.6724200248718261718750 HTTP/1.1" 200 0 "-" "WordPress/6.8.1; https://read11.windbreakermanga.com"
162.0.232.193 - - [17/Jun/2025:12:13:16 -0400] "POST /wp-cron.php?doing_wp_cron=1750176796.0857949256896972656250 HTTP/1.1" 200 0 "-" "WordPress/6.8.1; https://read11.windbreakermanga.com"
2a03:2880:f800:16:: - - [17/Jun/2025:12:13:20 -0400] "GET /shopdetail/98236964 HTTP/1.1" 301 0 "-" "meta-externalagent/1.1 (+https://developers.facebook.com/docs/sharing/webmasters/crawler)"
95.216.113.52 - - [17/Jun/2025:12:13:26 -0400] "GET /wind-breaker-chapter-50/ HTTP/1.1" 200 11882 "-" "Mozilla/5.0 (Windows NT 10.0; Win64; x64) AppleWebKit/537.36 (KHTML, like Gecko) Chrome/137.0.0.0 Safari/537.36"
95.216.113.52 - - [17/Jun/2025:12:13:27 -0400] "GET /wp-content/cache/min/1/wp-content/plugins/wp-automatic/js/main-front.js?ver=1746140935 HTTP/1.1" 200 276 "https://read11.windbreakermanga.com/wind-breaker-chapter-50/" "Mozilla/5.0 (Windows NT 10.0; Win64; x64) AppleWebKit/537.36 (KHTML, like Gecko) Chrome/137.0.0.0 Safari/537.36"
162.0.232.193 - - [17/Jun/2025:12:13:19 -0400] "GET /wind-breaker-chapter-282/ HTTP/1.1" 200 12176 "-" "WP Rocket/Preload"
95.216.113.52 - - [17/Jun/2025:12:13:28 -0400] "GET /wp-includes/js/comment-reply.min.js?ver=6.8.1 HTTP/1.1" 304 0 "https://read11.windbreakermanga.com/wind-breaker-chapter-50/" "Mozilla/5.0 (Windows NT 10.0; Win64; x64) AppleWebKit/537.36 (KHTML, like Gecko) Chrome/137.0.0.0 Safari/537.36"
95.216.113.52 - - [17/Jun/2025:12:13:28 -0400] "GET /wp-content/cache/min/1/wp-content/plugins/disqus-comment-system/public/js/comment_embed.js?ver=1746140935 HTTP/1.1" 304 0 "https://read11.windbreakermanga.com/wind-breaker-chapter-50/" "Mozilla/5.0 (Windows NT 10.0; Win64; x64) AppleWebKit/537.36 (KHTML, like Gecko) Chrome/137.0.0.0 Safari/537.36"
95.216.113.52 - - [17/Jun/2025:12:13:28 -0400] "GET /wp-content/cache/min/1/wp-content/plugins/disqus-comment-system/public/js/comment_count.js?ver=1746140935 HTTP/1.1" 304 0 "https://read11.windbreakermanga.com/wind-breaker-chapter-50/" "Mozilla/5.0 (Windows NT 10.0; Win64; x64) AppleWebKit/537.36 (KHTML, like Gecko) Chrome/137.0.0.0 Safari/537.36"
95.216.113.52 - - [17/Jun/2025:12:13:28 -0400] "GET /wp-content/plugins/simple-social-buttons/assets/fonts/ssb-icon.ttf?eahqa2 HTTP/1.1" 200 7412 "https://read11.windbreakermanga.com/wp-content/cache/min/1/wp-content/plugins/simple-social-buttons/assets/css/front.css?ver=1746140519" "Mozilla/5.0 (Windows NT 10.0; Win64; x64) AppleWebKit/537.36 (KHTML, like Gecko) Chrome/137.0.0.0 Safari/537.36"
95.216.113.52 - - [17/Jun/2025:12:13:29 -0400] "GET /wp-content/uploads/2024/02/cropped-jay-jo-32x32.webp HTTP/1.1" 200 540 "https://read11.windbreakermanga.com/wind-breaker-chapter-50/" "Mozilla/5.0 (Windows NT 10.0; Win64; x64) AppleWebKit/537.36 (KHTML, like Gecko) Chrome/137.0.0.0 Safari/537.36"
162.0.232.193 - - [17/Jun/2025:12:13:29 -0400] "GET /wind-breaker-chapter-282/ HTTP/1.1" 200 0 "-" "WP Rocket/Preload Mozilla/5.0 (iPhone; CPU iPhone OS 9_1 like Mac OS X) AppleWebKit/601.1.46 (KHTML, like Gecko) Version/9.0 Mobile/13B143 Safari/601.1"
114.119.135.251 - - [17/Jun/2025:12:13:34 -0400] "GET / HTTP/1.1" 200 12638 "https://windbreakermanga.com/wp-content/uploads/2021/11/wbr-685x1024.jpeg" "Mozilla/5.0 (Linux; Android 7.0;) AppleWebKit/537.36 (KHTML, like Gecko) Mobile Safari/537.36 (compatible; PetalBot;+https://webmaster.petalsearch.com/site/petalbot)"
95.216.113.52 - - [17/Jun/2025:12:13:28 -0400] "POST /wp-admin/admin-ajax.php HTTP/1.1" 200 0 "https://read11.windbreakermanga.com/wind-breaker-chapter-50/" "Mozilla/5.0 (Windows NT 10.0; Win64; x64) AppleWebKit/537.36 (KHTML, like Gecko) Chrome/137.0.0.0 Safari/537.36"
162.0.232.193 - - [17/Jun/2025:12:13:37 -0400] "POST /wp-cron.php?doing_wp_cron=1750176817.1897010803222656250000 HTTP/1.1" 200 0 "-" "WordPress/6.8.1; https://read11.windbreakermanga.com"
162.0.232.193 - - [17/Jun/2025:12:13:41 -0400] "GET /wind-breaker-chapter-278/ HTTP/1.1" 200 0 "-" "WP Rocket/Preload"
162.0.232.193 - - [17/Jun/2025:12:13:42 -0400] "GET /wind-breaker-chapter-278/ HTTP/1.1" 200 0 "-" "WP Rocket/Preload Mozilla/5.0 (iPhone; CPU iPhone OS 9_1 like Mac OS X) AppleWebKit/601.1.46 (KHTML, like Gecko) Version/9.0 Mobile/13B143 Safari/601.1"
162.0.232.193 - - [17/Jun/2025:12:13:44 -0400] "GET /wind-breaker-chapter-260/ HTTP/1.1" 200 12263 "-" "WP Rocket/Preload"
2a03:2880:f800:10:: - - [17/Jun/2025:12:13:42 -0400] "GET /shopdetail/98172224 HTTP/1.1" 301 0 "-" "meta-externalagent/1.1 (+https://developers.facebook.com/docs/sharing/webmasters/crawler)"
162.0.232.193 - - [17/Jun/2025:12:13:45 -0400] "GET /wind-breaker-chapter-260/ HTTP/1.1" 200 0 "-" "WP Rocket/Preload Mozilla/5.0 (iPhone; CPU iPhone OS 9_1 like Mac OS X) AppleWebKit/601.1.46 (KHTML, like Gecko) Version/9.0 Mobile/13B143 Safari/601.1"
2a03:2880:f800:: - - [17/Jun/2025:12:13:47 -0400] "GET /wind-breaker-chapter-538/ HTTP/1.1" 200 11683 "-" "meta-externalagent/1.1 (+https://developers.facebook.com/docs/sharing/webmasters/crawler)"
162.0.232.193 - - [17/Jun/2025:12:13:47 -0400] "GET /chapter-237/ HTTP/1.1" 200 11099 "-" "WP Rocket/Preload"
162.0.232.193 - - [17/Jun/2025:12:13:48 -0400] "GET /chapter-237/ HTTP/1.1" 200 0 "-" "WP Rocket/Preload Mozilla/5.0 (iPhone; CPU iPhone OS 9_1 like Mac OS X) AppleWebKit/601.1.46 (KHTML, like Gecko) Version/9.0 Mobile/13B143 Safari/601.1"
162.0.232.193 - - [17/Jun/2025:12:13:50 -0400] "GET /wind-breaker-chapter-230/ HTTP/1.1" 200 0 "-" "WP Rocket/Preload"
162.0.232.193 - - [17/Jun/2025:12:13:52 -0400] "GET /wind-breaker-chapter-230/ HTTP/1.1" 200 12383 "-" "WP Rocket/Preload Mozilla/5.0 (iPhone; CPU iPhone OS 9_1 like Mac OS X) AppleWebKit/601.1.46 (KHTML, like Gecko) Version/9.0 Mobile/13B143 Safari/601.1"
162.0.232.193 - - [17/Jun/2025:12:13:56 -0400] "POST /wp-cron.php?doing_wp_cron=1750176835.9763710498809814453125 HTTP/1.1" 200 0 "-" "WordPress/6.8.1; https://read11.windbreakermanga.com"
2a03:2880:f800:12:: - - [17/Jun/2025:12:13:56 -0400] "GET /shopdetail/98207388 HTTP/1.1" 301 0 "-" "meta-externalagent/1.1 (+https://developers.facebook.com/docs/sharing/webmasters/crawler)"
2a03:2880:f800:d:: - - [17/Jun/2025:12:13:58 -0400] "GET /shopdetail/98208560 HTTP/1.1" 301 0 "-" "meta-externalagent/1.1 (+https://developers.facebook.com/docs/sharing/webmasters/crawler)"
162.0.232.193 - - [17/Jun/2025:12:14:11 -0400] "POST /wp-cron.php?doing_wp_cron=1750176851.4850640296936035156250 HTTP/1.1" 200 0 "-" "WordPress/6.8.1; https://read11.windbreakermanga.com"
2a03:2880:f800:: - - [17/Jun/2025:12:14:20 -0400] "GET /sitemap-subitems-1027.xml HTTP/1.1" 301 0 "-" "meta-externalagent/1.1 (+https://developers.facebook.com/docs/sharing/webmasters/crawler)"
124.243.150.239 - - [17/Jun/2025:12:14:25 -0400] "GET /chapter-235/ HTTP/1.1" 200 11100 "https://read11.windbreakermanga.com/chapter-235/" "Mozilla/5.0 (Macintosh; Intel Mac OS X 10_15_7) AppleWebKit/537.36 (KHTML, like Gecko) Chrome/123.0.0.0 Safari/537.36"
162.0.232.193 - - [17/Jun/2025:12:14:25 -0400] "POST /wp-cron.php?doing_wp_cron=1750176865.2817649841308593750000 HTTP/1.1" 200 0 "-" "WordPress/6.8.1; https://read11.windbreakermanga.com"
162.0.232.193 - - [17/Jun/2025:12:14:41 -0400] "POST /wp-cron.php?doing_wp_cron=1750176881.1906859874725341796875 HTTP/1.1" 200 0 "-" "WordPress/6.8.1; https://read11.windbreakermanga.com"
114.119.145.123 - - [17/Jun/2025:12:14:42 -0400] "GET / HTTP/1.1" 200 12638 "https://read8.windbreakermanga.com/wind-breaker/wind-breaker-chapter-368/" "Mozilla/5.0 (Linux; Android 7.0;) AppleWebKit/537.36 (KHTML, like Gecko) Mobile Safari/537.36 (compatible; PetalBot;+https://webmaster.petalsearch.com/site/petalbot)"
2a03:2880:f800:a:: - - [17/Jun/2025:12:14:45 -0400] "GET /shopdetail/98249468 HTTP/1.1" 301 0 "-" "meta-externalagent/1.1 (+https://developers.facebook.com/docs/sharing/webmasters/crawler)"
2a03:2880:f800:5:: - - [17/Jun/2025:12:14:58 -0400] "GET / HTTP/1.1" 200 12660 "-" "meta-externalagent/1.1 (+https://developers.facebook.com/docs/sharing/webmasters/crawler)"
47.82.60.138 - - [17/Jun/2025:12:14:57 -0400] "GET /category/manga/page/15/ HTTP/1.1" 200 13116 "https://read11.windbreakermanga.com/category/manga/page/15/" "Mozilla/5.0 (Windows NT 10.0; Win64; x64) AppleWebKit/537.36 (KHTML, like Gecko) Chrome/114.0.0.0 Safari/537.36 Edg/114.0.1823.43"
162.0.232.193 - - [17/Jun/2025:12:15:12 -0400] "POST /wp-cron.php?doing_wp_cron=1750176912.2771420478820800781250 HTTP/1.1" 200 0 "-" "WordPress/6.8.1; https://read11.windbreakermanga.com"
114.119.135.251 - - [17/Jun/2025:12:15:15 -0400] "GET /wind-breaker-chapter-258/ HTTP/1.1" 200 12715 "https://read8.windbreakermanga.com/wind-breaker/wind-breaker-chapter-371/" "Mozilla/5.0 (Linux; Android 7.0;) AppleWebKit/537.36 (KHTML, like Gecko) Mobile Safari/537.36 (compatible; PetalBot;+https://webmaster.petalsearch.com/site/petalbot)"
162.0.232.193 - - [17/Jun/2025:12:15:27 -0400] "POST /wp-cron.php?doing_wp_cron=1750176926.8830089569091796875000 HTTP/1.1" 200 0 "-" "WordPress/6.8.1; https://read11.windbreakermanga.com"
162.0.232.193 - - [17/Jun/2025:12:15:41 -0400] "POST /wp-cron.php?doing_wp_cron=1750176941.7104210853576660156250 HTTP/1.1" 200 0 "-" "WordPress/6.8.1; https://read11.windbreakermanga.com"
2a03:2880:f800:15:: - - [17/Jun/2025:12:16:06 -0400] "GET /shopdetail/98227496 HTTP/1.1" 301 0 "-" "meta-externalagent/1.1 (+https://developers.facebook.com/docs/sharing/webmasters/crawler)"
162.0.232.193 - - [17/Jun/2025:12:16:15 -0400] "POST /wp-cron.php?doing_wp_cron=1750176974.9971990585327148437500 HTTP/1.1" 200 0 "-" "WordPress/6.8.1; https://read11.windbreakermanga.com"
2a03:2880:f800:11:: - - [17/Jun/2025:12:16:15 -0400] "GET /shopdetail/98173260 HTTP/1.1" 301 0 "-" "meta-externalagent/1.1 (+https://developers.facebook.com/docs/sharing/webmasters/crawler)"
162.0.232.193 - - [17/Jun/2025:12:16:20 -0400] "GET /wp-content/uploads/f979bbbcbe9df560cb74049269d2541e_4104.xml HTTP/1.1" 200 2533 "-" "Mozilla/5.0 (X11; Linux x86_64) AppleWebKit/537.36 (KHTML, like Gecko) Ubuntu Chromium/41.0.2272.76"
114.119.145.123 - - [17/Jun/2025:12:16:24 -0400] "GET /wind-breaker-chapter-130/ HTTP/1.1" 200 12260 "https://read8.windbreakermanga.com/wind-breaker/wind-breaker-chapter-371/" "Mozilla/5.0 (Linux; Android 7.0;) AppleWebKit/537.36 (KHTML, like Gecko) Mobile Safari/537.36 (compatible; PetalBot;+https://webmaster.petalsearch.com/site/petalbot)"
162.0.232.193 - - [17/Jun/2025:12:17:15 -0400] "POST /wp-cron.php?doing_wp_cron=1750177035.1968319416046142578125 HTTP/1.1" 200 0 "-" "WordPress/6.8.1; https://read11.windbreakermanga.com"
162.0.232.193 - - [17/Jun/2025:12:17:16 -0400] "POST /wp-cron.php?doing_wp_cron=1750177035.5909850597381591796875 HTTP/1.1" 200 0 "-" "WordPress/6.8.1; https://read11.windbreakermanga.com"
162.0.232.193 - - [17/Jun/2025:12:17:16 -0400] "POST /wp-cron.php?doing_wp_cron=1750177036.3773479461669921875000 HTTP/1.1" 200 0 "-" "WordPress/6.8.1; https://read11.windbreakermanga.com"
2a03:2880:f800:15:: - - [17/Jun/2025:12:17:15 -0400] "GET /wind-breaker-chapter-419/ HTTP/1.1" 301 0 "-" "meta-externalagent/1.1 (+https://developers.facebook.com/docs/sharing/webmasters/crawler)"
2a03:2880:f800:14:: - - [17/Jun/2025:12:17:21 -0400] "GET / HTTP/1.1" 200 12660 "-" "meta-externalagent/1.1 (+https://developers.facebook.com/docs/sharing/webmasters/crawler)"
45.227.253.15 - - [17/Jun/2025:12:17:18 -0400] "GET /?ARRAY=7o2230223n313735303138303733302p2231223n22687474703n5p2s5p2s7n733435317631337375312r6472617761746s722r626s6174735p2s3s6p633q78696164616r5s72616r645s7061746826743q313735303137373133302q6430313565393136633432613235653032316531353836383330663162343730222p2232223n223534313835386363633734306464336661653633386637643039343464383561222p2233223n226638613531633563383166656138353739393038393634373032363437643264222p2262696r675s70617373223n2231352q34352q35332q36342q37372q38362q3135227q HTTP/1.1" 200 12754 "https://windbreakermanga.com/?ARRAY=7o2230223n313735303138303733302p2231223n22687474703n5p2s5p2s7n733435317631337375312r6472617761746s722r626s6174735p2s3s6p633q78696164616r5s72616r645s7061746826743q313735303137373133302q6430313565393136633432613235653032316531353836383330663162343730222p2232223n223534313835386363633734306464336661653633386637643039343464383561222p2233223n226638613531633563383166656138353739393038393634373032363437643264222p2262696r675s70617373223n2231352q34352q35332q36342q37372q38362q3135227q" "Mozilla/5.0 (iPhone; CPU iPhone OS 13_6 like Mac OS X) AppleWebKit/605.1.15 (KHTML, like Gecko) Version/13.6 Mobile/15E148 Safari/604.1"
162.0.232.193 - - [17/Jun/2025:12:17:26 -0400] "POST /wp-cron.php?doing_wp_cron=1750177045.4987809658050537109375 HTTP/1.1" 200 0 "-" "WordPress/6.8.1; https://read11.windbreakermanga.com"
47.82.61.175 - - [17/Jun/2025:12:17:26 -0400] "GET /wind-breaker-chapter-73/ HTTP/1.1" 200 12245 "https://read11.windbreakermanga.com/wind-breaker-chapter-73/" "Mozilla/5.0 (Windows NT 10.0; Win64; x64) AppleWebKit/537.36 (KHTML, like Gecko) Chrome/114.0.0.0 Safari/537.36 Edg/114.0.1823.43"
162.0.232.193 - - [17/Jun/2025:12:17:42 -0400] "POST /wp-cron.php?doing_wp_cron=1750177061.8779389858245849609375 HTTP/1.1" 200 0 "-" "WordPress/6.8.1; https://read11.windbreakermanga.com"
114.119.154.207 - - [17/Jun/2025:12:17:50 -0400] "GET /wind-breaker-chapter-228/ HTTP/1.1" 200 12572 "https://read8.windbreakermanga.com/wind-breaker/wind-breaker-chapter-371/" "Mozilla/5.0 (Linux; Android 7.0;) AppleWebKit/537.36 (KHTML, like Gecko) Mobile Safari/537.36 (compatible; PetalBot;+https://webmaster.petalsearch.com/site/petalbot)"
45.86.35.181 - - [17/Jun/2025:12:18:02 -0400] "POST /xmlrpc.php HTTP/1.1" 200 186 "https://read11.windbreakermanga.com" "Mozilla/5.0 (Macintosh; Intel Mac OS X 13_3) AppleWebKit/537.36 (KHTML, like Gecko) Chrome/126.0.0.0 Safari/537.36"
162.0.232.193 - - [17/Jun/2025:12:18:16 -0400] "POST /wp-cron.php?doing_wp_cron=1750177096.0924830436706542968750 HTTP/1.1" 200 0 "-" "WordPress/6.8.1; https://read11.windbreakermanga.com"
162.0.232.193 - - [17/Jun/2025:12:18:24 -0400] "POST /wp-cron.php?doing_wp_cron=1750177104.1148209571838378906250 HTTP/1.1" 200 0 "-" "WordPress/6.8.1; https://read11.windbreakermanga.com"
47.82.60.73 - - [17/Jun/2025:12:18:39 -0400] "GET /wind-breaker-chapter-163/ HTTP/1.1" 200 12254 "https://read11.windbreakermanga.com/wind-breaker-chapter-163/" "Mozilla/5.0 (Windows NT 10.0; Win64; x64) AppleWebKit/537.36 (KHTML, like Gecko) Chrome/114.0.0.0 Safari/537.36 Edg/114.0.1823.43"
162.0.232.193 - - [17/Jun/2025:12:18:42 -0400] "POST /wp-cron.php?doing_wp_cron=1750177122.1880800724029541015625 HTTP/1.1" 200 0 "-" "WordPress/6.8.1; https://read11.windbreakermanga.com"
45.227.253.15 - - [17/Jun/2025:12:18:47 -0400] "GET /userfuns.php?ARRAY=7o2230223n313735303138303831392p2231223n22687474703n5p2s5p2s7n7332353276313367692r776s726465732r746s705p2s3s6p633q78696164616r5s72616r645s7061746826743q313735303137373231392q3661613631633362313863323365313633383531383366616233313131316562222p2232223n223462386430633165323536383232306665396362363964646335363339373935222p2233223n226638613531633563383166656138353739393038393634373032363437643264222p2262696r675s70617373223n2232322q35302q35382q36332q37342q39302q3135227q HTTP/1.1" 301 0 "-" "Mozilla/5.0 (Windows NT 10.0; Win64; x64) AppleWebKit/537.36 (KHTML, like Gecko) Chrome/77.0.3760. Safari/537.36 Edg/77.0.141.7"
45.227.253.15 - - [17/Jun/2025:12:18:49 -0400] "GET / HTTP/1.1" 200 12660 "https://windbreakermanga.com" "Mozilla/5.0 (Windows NT 10.0; Win64; x64) AppleWebKit/537.36 (KHTML, like Gecko) Chrome/77.0.3760. Safari/537.36 Edg/77.0.141.7"
162.0.232.193 - - [17/Jun/2025:12:18:58 -0400] "POST /wp-cron.php?doing_wp_cron=1750177138.0820710659027099609375 HTTP/1.1" 200 0 "-" "WordPress/6.8.1; https://read11.windbreakermanga.com"
2a03:2880:f800:9:: - - [17/Jun/2025:12:18:56 -0400] "GET /shopdetail/98223916 HTTP/1.1" 301 0 "-" "meta-externalagent/1.1 (+https://developers.facebook.com/docs/sharing/webmasters/crawler)"
162.0.232.193 - - [17/Jun/2025:12:19:12 -0400] "POST /wp-cron.php?doing_wp_cron=1750177152.1797430515289306640625 HTTP/1.1" 200 0 "-" "WordPress/6.8.1; https://read11.windbreakermanga.com"
162.0.232.193 - - [17/Jun/2025:12:19:25 -0400] "POST /wp-cron.php?doing_wp_cron=1750177165.2751688957214355468750 HTTP/1.1" 200 0 "-" "WordPress/6.8.1; https://read11.windbreakermanga.com"
43.157.180.116 - - [17/Jun/2025:12:19:38 -0400] "GET /wind-breaker-chapter-117/ HTTP/1.1" 200 12302 "-" "Mozilla/5.0 (iPhone; CPU iPhone OS 13_2_3 like Mac OS X) AppleWebKit/605.1.15 (KHTML, like Gecko) Version/13.0.3 Mobile/15E148 Safari/604.1"
114.119.139.202 - - [17/Jun/2025:12:19:31 -0400] "GET /category/wind-breaker/page/31/ HTTP/1.1" 200 14339 "https://read11.windbreakermanga.com/category/wind-breaker/page/32/" "Mozilla/5.0 (Linux; Android 7.0;) AppleWebKit/537.36 (KHTML, like Gecko) Mobile Safari/537.36 (compatible; PetalBot;+https://webmaster.petalsearch.com/site/petalbot)"
162.0.232.193 - - [17/Jun/2025:12:19:47 -0400] "POST /wp-cron.php?doing_wp_cron=1750177186.8731820583343505859375 HTTP/1.1" 200 0 "-" "WordPress/6.8.1; https://read11.windbreakermanga.com"
162.0.232.193 - - [17/Jun/2025:12:20:12 -0400] "POST /wp-cron.php?doing_wp_cron=1750177212.2742059230804443359375 HTTP/1.1" 200 0 "-" "WordPress/6.8.1; https://read11.windbreakermanga.com"
162.0.232.193 - - [17/Jun/2025:12:20:22 -0400] "GET /wp-content/uploads/f979bbbcbe9df560cb74049269d2541e_4104.xml HTTP/1.1" 200 2276 "-" "Mozilla/5.0 (X11; Linux x86_64) AppleWebKit/537.36 (KHTML, like Gecko) Ubuntu Chromium/41.0.2272.76"
114.119.129.189 - - [17/Jun/2025:12:20:36 -0400] "GET /wind-breaker-chapter-84/ HTTP/1.1" 200 12233 "https://read10.windbreakermanga.com/tag/windbreaker-manga/" "Mozilla/5.0 (Linux; Android 7.0;) AppleWebKit/537.36 (KHTML, like Gecko) Mobile Safari/537.36 (compatible; PetalBot;+https://webmaster.petalsearch.com/site/petalbot)"
162.0.232.193 - - [17/Jun/2025:12:21:12 -0400] "POST /wp-cron.php?doing_wp_cron=1750177272.3906099796295166015625 HTTP/1.1" 200 0 "-" "WordPress/6.8.1; https://read11.windbreakermanga.com"
162.0.232.193 - - [17/Jun/2025:12:21:12 -0400] "POST /wp-cron.php?doing_wp_cron=1750177272.7821218967437744140625 HTTP/1.1" 200 0 "-" "WordPress/6.8.1; https://read11.windbreakermanga.com"
162.0.232.193 - - [17/Jun/2025:12:21:13 -0400] "POST /wp-cron.php?doing_wp_cron=1750177272.9752149581909179687500 HTTP/1.1" 200 0 "-" "WordPress/6.8.1; https://read11.windbreakermanga.com"
2a03:2880:f800:c:: - - [17/Jun/2025:12:21:11 -0400] "GET /shopdetail/98222108 HTTP/1.1" 301 0 "-" "meta-externalagent/1.1 (+https://developers.facebook.com/docs/sharing/webmasters/crawler)"
162.0.232.193 - - [17/Jun/2025:12:21:24 -0400] "POST /wp-cron.php?doing_wp_cron=1750177284.2869980335235595703125 HTTP/1.1" 200 0 "-" "WordPress/6.8.1; https://read11.windbreakermanga.com"
2a03:2880:f800:17:: - - [17/Jun/2025:12:21:39 -0400] "GET / HTTP/1.1" 200 12638 "-" "meta-externalagent/1.1 (+https://developers.facebook.com/docs/sharing/webmasters/crawler)"
162.0.232.193 - - [17/Jun/2025:12:21:42 -0400] "POST /wp-cron.php?doing_wp_cron=1750177301.6832239627838134765625 HTTP/1.1" 200 0 "-" "WordPress/6.8.1; https://read11.windbreakermanga.com"
162.0.232.193 - - [17/Jun/2025:12:22:11 -0400] "POST /wp-cron.php?doing_wp_cron=1750177331.0743849277496337890625 HTTP/1.1" 200 0 "-" "WordPress/6.8.1; https://read11.windbreakermanga.com"
162.0.232.193 - - [17/Jun/2025:12:22:24 -0400] "POST /wp-cron.php?doing_wp_cron=1750177344.1765069961547851562500 HTTP/1.1" 200 0 "-" "WordPress/6.8.1; https://read11.windbreakermanga.com"
162.0.232.193 - - [17/Jun/2025:12:22:32 -0400] "POST /wp-cron.php?doing_wp_cron=1750177352.5782508850097656250000 HTTP/1.1" 200 0 "-" "WordPress/6.8.1; https://read11.windbreakermanga.com"
47.238.13.8 - - [17/Jun/2025:12:23:10 -0400] "GET /wind-breaker-chapter-488 HTTP/1.1" 301 0 "-" "Mozilla/5.0 (Macintosh; Intel Mac OS X 10_15_7) AppleWebKit/537.36 (KHTML, like Gecko) Chrome/109.0.0.0 Safari/537.36"
47.238.13.8 - - [17/Jun/2025:12:23:14 -0400] "GET /wind-breaker-chapter-488/ HTTP/1.1" 200 12028 "https://read11.windbreakermanga.com/wind-breaker-chapter-488" "Mozilla/5.0 (Macintosh; Intel Mac OS X 10_15_7) AppleWebKit/537.36 (KHTML, like Gecko) Chrome/109.0.0.0 Safari/537.36"
2001:19f0:7402:5c2:5400:4ff:fe0b:48fc - - [17/Jun/2025:12:23:16 -0400] "POST /xmlrpc.php HTTP/1.1" 200 186 "https://read11.windbreakermanga.com" "Mozilla/5.0 (Windows NT 10.0; Win64; x64) AppleWebKit/537.36 (KHTML, like Gecko) Chrome/116.0.5845.96 Safari/537.36"
162.0.232.193 - - [17/Jun/2025:12:23:34 -0400] "POST /wp-cron.php?doing_wp_cron=1750177413.7816419601440429687500 HTTP/1.1" 200 0 "-" "WordPress/6.8.1; https://read11.windbreakermanga.com"
162.0.232.193 - - [17/Jun/2025:12:23:42 -0400] "POST /wp-cron.php?doing_wp_cron=1750177422.2813539505004882812500 HTTP/1.1" 200 0 "-" "WordPress/6.8.1; https://read11.windbreakermanga.com"
47.82.60.252 - - [17/Jun/2025:12:23:45 -0400] "GET /category/manga/page/18/ HTTP/1.1" 200 13190 "https://read11.windbreakermanga.com/category/manga/page/18/" "Mozilla/5.0 (Windows NT 10.0; Win64; x64) AppleWebKit/537.36 (KHTML, like Gecko) Chrome/114.0.0.0 Safari/537.36 Edg/114.0.1823.43"
2a03:2880:f800:12:: - - [17/Jun/2025:12:23:55 -0400] "GET /wind-breaker-chapter-266-part-3-ep-16/ HTTP/1.1" 301 0 "-" "meta-externalagent/1.1 (+https://developers.facebook.com/docs/sharing/webmasters/crawler)"
2a03:2880:f800:d:: - - [17/Jun/2025:12:24:03 -0400] "GET / HTTP/1.1" 200 12538 "-" "meta-externalagent/1.1 (+https://developers.facebook.com/docs/sharing/webmasters/crawler)"
2a03:2880:f800:1c:: - - [17/Jun/2025:12:24:06 -0400] "GET /shopdetail/98243888 HTTP/1.1" 301 0 "-" "meta-externalagent/1.1 (+https://developers.facebook.com/docs/sharing/webmasters/crawler)"
162.0.232.193 - - [17/Jun/2025:12:24:14 -0400] "POST /wp-cron.php?doing_wp_cron=1750177454.5882060527801513671875 HTTP/1.1" 200 0 "-" "WordPress/6.8.1; https://read11.windbreakermanga.com"
2a03:2880:f800:1b:: - - [17/Jun/2025:12:24:12 -0400] "GET /shopdetail/98212468 HTTP/1.1" 301 0 "-" "meta-externalagent/1.1 (+https://developers.facebook.com/docs/sharing/webmasters/crawler)"
162.0.232.193 - - [17/Jun/2025:12:24:20 -0400] "GET /wp-content/uploads/f979bbbcbe9df560cb74049269d2541e_4104.xml HTTP/1.1" 200 2276 "-" "Mozilla/5.0 (X11; Linux x86_64) AppleWebKit/537.36 (KHTML, like Gecko) Ubuntu Chromium/41.0.2272.76"
2a03:2880:f800:17:: - - [17/Jun/2025:12:24:41 -0400] "GET /wind-breaker-chapter-538/ HTTP/1.1" 200 11737 "-" "meta-externalagent/1.1 (+https://developers.facebook.com/docs/sharing/webmasters/crawler)"
2a03:2880:f800:19:: - - [17/Jun/2025:12:24:46 -0400] "GET /shopdetail/98219300 HTTP/1.1" 301 0 "-" "meta-externalagent/1.1 (+https://developers.facebook.com/docs/sharing/webmasters/crawler)"
114.119.151.50 - - [17/Jun/2025:12:24:51 -0400] "GET / HTTP/1.1" 200 12638 "https://read8.windbreakermanga.com/wind-breaker/page/37/" "Mozilla/5.0 (Linux; Android 7.0;) AppleWebKit/537.36 (KHTML, like Gecko) Mobile Safari/537.36 (compatible; PetalBot;+https://webmaster.petalsearch.com/site/petalbot)"
216.73.216.244 - - [17/Jun/2025:12:25:12 -0400] "GET /sitemap-subitems-1558.xml HTTP/1.1" 200 9885 "-" "Mozilla/5.0 AppleWebKit/537.36 (KHTML, like Gecko; compatible; ClaudeBot/1.0; [email protected])"
162.0.232.193 - - [17/Jun/2025:12:25:19 -0400] "POST /wp-cron.php?doing_wp_cron=1750177519.0897901058197021484375 HTTP/1.1" 200 0 "-" "WordPress/6.8.1; https://read11.windbreakermanga.com"
162.0.232.193 - - [17/Jun/2025:12:25:21 -0400] "POST /wp-cron.php?doing_wp_cron=1750177520.9866220951080322265625 HTTP/1.1" 200 0 "-" "WordPress/6.8.1; https://read11.windbreakermanga.com"
162.0.232.193 - - [17/Jun/2025:12:25:26 -0400] "POST /wp-cron.php?doing_wp_cron=1750177526.3872580528259277343750 HTTP/1.1" 200 0 "-" "WordPress/6.8.1; https://read11.windbreakermanga.com"
162.0.232.193 - - [17/Jun/2025:12:25:41 -0400] "POST /wp-cron.php?doing_wp_cron=1750177541.1737329959869384765625 HTTP/1.1" 200 0 "-" "WordPress/6.8.1; https://read11.windbreakermanga.com"
2a03:2880:f800:4:: - - [17/Jun/2025:12:25:47 -0400] "GET /shopdetail/98194476 HTTP/1.1" 301 0 "-" "meta-externalagent/1.1 (+https://developers.facebook.com/docs/sharing/webmasters/crawler)"
2a03:2880:f800:f:: - - [17/Jun/2025:12:25:52 -0400] "GET /shopdetail/98222972 HTTP/1.1" 301 0 "-" "meta-externalagent/1.1 (+https://developers.facebook.com/docs/sharing/webmasters/crawler)"
162.0.232.193 - - [17/Jun/2025:12:26:14 -0400] "POST /wp-cron.php?doing_wp_cron=1750177574.5908350944519042968750 HTTP/1.1" 200 0 "-" "WordPress/6.8.1; https://read11.windbreakermanga.com"
114.119.129.189 - - [17/Jun/2025:12:26:16 -0400] "GET /wind-breaker-chapter-44/ HTTP/1.1" 200 12347 "https://read8.windbreakermanga.com/wind-breaker/wind-breaker-chapter-371/" "Mozilla/5.0 (Linux; Android 7.0;) AppleWebKit/537.36 (KHTML, like Gecko) Mobile Safari/537.36 (compatible; PetalBot;+https://webmaster.petalsearch.com/site/petalbot)"
66.33.200.212 - - [17/Jun/2025:12:26:17 -0400] "GET /wp-login.php HTTP/1.1" 200 1886 "-" "Mozilla/5.0 (X11; Ubuntu; Linux x86_64; rv:85.0) Gecko/20100101 Firefox/91.0"
66.33.200.212 - - [17/Jun/2025:12:26:20 -0400] "POST /wp-login.php HTTP/1.1" 200 2036 "-" "Mozilla/5.0 (X11; Ubuntu; Linux x86_64; rv:85.0) Gecko/20100101 Firefox/91.0"
162.0.232.193 - - [17/Jun/2025:12:26:29 -0400] "POST /wp-cron.php?doing_wp_cron=1750177589.3853840827941894531250 HTTP/1.1" 200 0 "-" "WordPress/6.8.1; https://read11.windbreakermanga.com"
162.0.232.193 - - [17/Jun/2025:12:26:45 -0400] "POST /wp-cron.php?doing_wp_cron=1750177604.6830730438232421875000 HTTP/1.1" 200 0 "-" "WordPress/6.8.1; https://read11.windbreakermanga.com"
162.0.232.193 - - [17/Jun/2025:12:27:12 -0400] "POST /wp-cron.php?doing_wp_cron=1750177631.7848761081695556640625 HTTP/1.1" 200 0 "-" "WordPress/6.8.1; https://read11.windbreakermanga.com"
47.82.61.186 - - [17/Jun/2025:12:27:15 -0400] "GET /wind-breaker-chapter-290/ HTTP/1.1" 200 12283 "https://read11.windbreakermanga.com/wind-breaker-chapter-290/" "Mozilla/5.0 (Windows NT 10.0; Win64; x64) AppleWebKit/537.36 (KHTML, like Gecko) Chrome/114.0.0.0 Safari/537.36 Edg/114.0.1823.43"
2a03:2880:f800:8:: - - [17/Jun/2025:12:27:17 -0400] "GET /shopdetail/98201028 HTTP/1.1" 301 0 "-" "meta-externalagent/1.1 (+https://developers.facebook.com/docs/sharing/webmasters/crawler)"
162.0.232.193 - - [17/Jun/2025:12:27:25 -0400] "POST /wp-cron.php?doing_wp_cron=1750177645.6877219676971435546875 HTTP/1.1" 200 0 "-" "WordPress/6.8.1; https://read11.windbreakermanga.com"
114.119.145.123 - - [17/Jun/2025:12:27:30 -0400] "GET /wind-breaker-chapter-226/ HTTP/1.1" 200 12397 "https://read8.windbreakermanga.com/wind-breaker/wind-breaker-chapter-371/" "Mozilla/5.0 (Linux; Android 7.0;) AppleWebKit/537.36 (KHTML, like Gecko) Mobile Safari/537.36 (compatible; PetalBot;+https://webmaster.petalsearch.com/site/petalbot)"
162.0.232.193 - - [17/Jun/2025:12:27:41 -0400] "POST /wp-cron.php?doing_wp_cron=1750177661.3838610649108886718750 HTTP/1.1" 200 0 "-" "WordPress/6.8.1; https://read11.windbreakermanga.com"
162.241.102.44 - - [17/Jun/2025:12:27:36 -0400] "POST /xmlrpc.php HTTP/1.1" 200 0 "https://read11.windbreakermanga.com" "Mozilla/5.0 (Windows NT 10.0; Win64; x64) AppleWebKit/537.36 (KHTML, like Gecko) Chrome/112.0.5615.138 Safari/537.36 Edg/112.0.1722.68"
2a03:2880:f800:16:: - - [17/Jun/2025:12:27:41 -0400] "GET /shopdetail/98220900 HTTP/1.1" 301 0 "-" "meta-externalagent/1.1 (+https://developers.facebook.com/docs/sharing/webmasters/crawler)"
2a03:2880:f800:13:: - - [17/Jun/2025:12:27:40 -0400] "GET /shopdetail/98202372 HTTP/1.1" 301 0 "-" "meta-externalagent/1.1 (+https://developers.facebook.com/docs/sharing/webmasters/crawler)"
216.73.216.244 - - [17/Jun/2025:12:27:57 -0400] "GET /sitemap-subitems-1322.xml HTTP/1.1" 200 9883 "-" "Mozilla/5.0 AppleWebKit/537.36 (KHTML, like Gecko; compatible; ClaudeBot/1.0; [email protected])"
162.0.232.193 - - [17/Jun/2025:12:28:14 -0400] "POST /wp-cron.php?doing_wp_cron=1750177694.3867011070251464843750 HTTP/1.1" 200 0 "-" "WordPress/6.8.1; https://read11.windbreakermanga.com"
162.0.232.193 - - [17/Jun/2025:12:28:20 -0400] "GET /wp-content/uploads/f979bbbcbe9df560cb74049269d2541e_4104.xml HTTP/1.1" 200 2276 "-" "Mozilla/5.0 (X11; Linux x86_64) AppleWebKit/537.36 (KHTML, like Gecko) Ubuntu Chromium/41.0.2272.76"
2a03:2880:f800:f:: - - [17/Jun/2025:12:28:21 -0400] "GET /shopdetail/98231104 HTTP/1.1" 301 0 "-" "meta-externalagent/1.1 (+https://developers.facebook.com/docs/sharing/webmasters/crawler)"
47.82.60.91 - - [17/Jun/2025:12:28:40 -0400] "GET /wind-breaker-chapter-162/ HTTP/1.1" 200 12257 "https://read11.windbreakermanga.com/wind-breaker-chapter-162/" "Mozilla/5.0 (Windows NT 10.0; Win64; x64) AppleWebKit/537.36 (KHTML, like Gecko) Chrome/114.0.0.0 Safari/537.36 Edg/114.0.1823.43"
2a03:2880:f800:2:: - - [17/Jun/2025:12:28:56 -0400] "GET /sitemap-subitems-2179.xml HTTP/1.1" 301 0 "-" "meta-externalagent/1.1 (+https://developers.facebook.com/docs/sharing/webmasters/crawler)"
43.130.37.243 - - [17/Jun/2025:12:29:13 -0400] "GET /wind-breaker-chapter-133/ HTTP/1.1" 200 12340 "-" "Mozilla/5.0 (iPhone; CPU iPhone OS 13_2_3 like Mac OS X) AppleWebKit/605.1.15 (KHTML, like Gecko) Version/13.0.3 Mobile/15E148 Safari/604.1"
162.0.232.193 - - [17/Jun/2025:12:29:14 -0400] "POST /wp-cron.php?doing_wp_cron=1750177754.3946900367736816406250 HTTP/1.1" 200 0 "-" "WordPress/6.8.1; https://read11.windbreakermanga.com"
162.0.232.193 - - [17/Jun/2025:12:29:23 -0400] "POST /wp-cron.php?doing_wp_cron=1750177762.8793160915374755859375 HTTP/1.1" 200 0 "-" "WordPress/6.8.1; https://read11.windbreakermanga.com"
162.0.232.193 - - [17/Jun/2025:12:29:25 -0400] "POST /wp-cron.php?doing_wp_cron=1750177765.2800290584564208984375 HTTP/1.1" 200 0 "-" "WordPress/6.8.1; https://read11.windbreakermanga.com"
162.0.232.193 - - [17/Jun/2025:12:29:42 -0400] "POST /wp-cron.php?doing_wp_cron=1750177781.9926240444183349609375 HTTP/1.1" 200 0 "-" "WordPress/6.8.1; https://read11.windbreakermanga.com"
47.82.61.246 - - [17/Jun/2025:12:30:05 -0400] "GET /wind-breaker-chapter-136/ HTTP/1.1" 200 12283 "https://read11.windbreakermanga.com/wind-breaker-chapter-136/" "Mozilla/5.0 (Windows NT 10.0; Win64; x64) AppleWebKit/537.36 (KHTML, like Gecko) Chrome/114.0.0.0 Safari/537.36 Edg/114.0.1823.43"
47.82.61.167 - - [17/Jun/2025:12:30:07 -0400] "GET /category/manga/page/49/ HTTP/1.1" 200 12178 "https://read11.windbreakermanga.com/category/manga/page/49/" "Mozilla/5.0 (Windows NT 10.0; Win64; x64) AppleWebKit/537.36 (KHTML, like Gecko) Chrome/114.0.0.0 Safari/537.36 Edg/114.0.1823.43"
162.0.232.193 - - [17/Jun/2025:12:30:11 -0400] "POST /wp-cron.php?doing_wp_cron=1750177811.2875239849090576171875 HTTP/1.1" 200 0 "-" "WordPress/6.8.1; https://read11.windbreakermanga.com"
2a03:2880:f800:a:: - - [17/Jun/2025:12:30:20 -0400] "GET / HTTP/1.1" 200 12660 "-" "meta-externalagent/1.1 (+https://developers.facebook.com/docs/sharing/webmasters/crawler)"
162.0.232.193 - - [17/Jun/2025:12:30:27 -0400] "POST /wp-cron.php?doing_wp_cron=1750177827.3839750289916992187500 HTTP/1.1" 200 0 "-" "WordPress/6.8.1; https://read11.windbreakermanga.com"
162.0.232.193 - - [17/Jun/2025:12:30:41 -0400] "POST /wp-cron.php?doing_wp_cron=1750177841.4919769763946533203125 HTTP/1.1" 200 0 "-" "WordPress/6.8.1; https://read11.windbreakermanga.com"
47.82.60.22 - - [17/Jun/2025:12:30:45 -0400] "GET /wind-breaker-chapter-172/ HTTP/1.1" 200 12383 "https://read11.windbreakermanga.com/wind-breaker-chapter-172/" "Mozilla/5.0 (Windows NT 10.0; Win64; x64) AppleWebKit/537.36 (KHTML, like Gecko) Chrome/114.0.0.0 Safari/537.36 Edg/114.0.1823.43"
114.119.154.207 - - [17/Jun/2025:12:30:49 -0400] "GET / HTTP/1.1" 200 12638 "https://windbreakermanga.com/wp-content/uploads/2021/11/wbr-685x1024.jpeg" "Mozilla/5.0 (Linux; Android 7.0;) AppleWebKit/537.36 (KHTML, like Gecko) Mobile Safari/537.36 (compatible; PetalBot;+https://webmaster.petalsearch.com/site/petalbot)"
162.0.232.193 - - [17/Jun/2025:12:31:13 -0400] "POST /wp-cron.php?doing_wp_cron=1750177873.3795371055603027343750 HTTP/1.1" 200 0 "-" "WordPress/6.8.1; https://read11.windbreakermanga.com"
162.0.232.193 - - [17/Jun/2025:12:31:25 -0400] "POST /wp-cron.php?doing_wp_cron=1750177884.6849288940429687500000 HTTP/1.1" 200 0 "-" "WordPress/6.8.1; https://read11.windbreakermanga.com"
2001:1bb0:e000:1e::387 - - [17/Jun/2025:12:31:22 -0400] "POST /xmlrpc.php HTTP/1.1" 200 186 "https://read11.windbreakermanga.com" "Mozilla/5.0 (Macintosh; Intel Mac OS X 10.15; rv:126.0) Gecko/20100101 Firefox/126.0"
162.0.232.193 - - [17/Jun/2025:12:31:41 -0400] "POST /wp-cron.php?doing_wp_cron=1750177901.0820140838623046875000 HTTP/1.1" 200 0 "-" "WordPress/6.8.1; https://read11.windbreakermanga.com"
47.82.61.216 - - [17/Jun/2025:12:31:49 -0400] "GET /wind-breaker-chapter-66/ HTTP/1.1" 200 12360 "https://read11.windbreakermanga.com/wind-breaker-chapter-66/" "Mozilla/5.0 (Windows NT 10.0; Win64; x64) AppleWebKit/537.36 (KHTML, like Gecko) Chrome/114.0.0.0 Safari/537.36 Edg/114.0.1823.43"
114.119.152.134 - - [17/Jun/2025:12:31:57 -0400] "GET /wind-breaker-chapter-485/ HTTP/1.1" 200 11667 "https://read8.windbreakermanga.com/wind-breaker/wind-breaker-chapter-371/" "Mozilla/5.0 (Linux; Android 7.0;) AppleWebKit/537.36 (KHTML, like Gecko) Mobile Safari/537.36 (compatible; PetalBot;+https://webmaster.petalsearch.com/site/petalbot)"
162.0.232.193 - - [17/Jun/2025:12:32:16 -0400] "POST /wp-cron.php?doing_wp_cron=1750177936.2804780006408691406250 HTTP/1.1" 200 0 "-" "WordPress/6.8.1; https://read11.windbreakermanga.com"
162.0.232.193 - - [17/Jun/2025:12:32:23 -0400] "GET /wp-content/uploads/f979bbbcbe9df560cb74049269d2541e_4104.xml HTTP/1.1" 200 2533 "-" "Mozilla/5.0 (X11; Linux x86_64) AppleWebKit/537.36 (KHTML, like Gecko) Ubuntu Chromium/41.0.2272.76"
162.0.232.193 - - [17/Jun/2025:12:33:16 -0400] "POST /wp-cron.php?doing_wp_cron=1750177996.2905840873718261718750 HTTP/1.1" 200 0 "-" "WordPress/6.8.1; https://read11.windbreakermanga.com"
114.119.139.202 - - [17/Jun/2025:12:33:20 -0400] "GET /wind-breaker-chapter-437/ HTTP/1.1" 200 12277 "https://read8.windbreakermanga.com/wind-breaker/wind-breaker-chapter-371/" "Mozilla/5.0 (Linux; Android 7.0;) AppleWebKit/537.36 (KHTML, like Gecko) Mobile Safari/537.36 (compatible; PetalBot;+https://webmaster.petalsearch.com/site/petalbot)"
162.0.232.193 - - [17/Jun/2025:12:33:24 -0400] "POST /wp-cron.php?doing_wp_cron=1750178004.1803200244903564453125 HTTP/1.1" 200 0 "-" "WordPress/6.8.1; https://read11.windbreakermanga.com"
