162.0.232.193 - - [17/Jun/2025:09:01:07 -0400] "POST /wp-cron.php?doing_wp_cron=1750165266.1886169910430908203125 HTTP/1.1" 200 0 "-" "WordPress/6.8.1; https://read11.windbreakermanga.com"
162.0.232.193 - - [17/Jun/2025:09:01:07 -0400] "POST /wp-cron.php?doing_wp_cron=1750165266.3728849887847900390625 HTTP/1.1" 200 0 "-" "WordPress/6.8.1; https://read11.windbreakermanga.com"
162.0.232.193 - - [17/Jun/2025:09:01:07 -0400] "POST /wp-cron.php?doing_wp_cron=1750165266.5894598960876464843750 HTTP/1.1" 200 0 "-" "WordPress/6.8.1; https://read11.windbreakermanga.com"
162.0.232.193 - - [17/Jun/2025:09:01:07 -0400] "POST /wp-cron.php?doing_wp_cron=1750165266.4771530628204345703125 HTTP/1.1" 200 0 "-" "WordPress/6.8.1; https://read11.windbreakermanga.com"
2a03:2880:f800:11:: - - [17/Jun/2025:09:01:15 -0400] "GET / HTTP/1.1" 200 12660 "-" "meta-externalagent/1.1 (+https://developers.facebook.com/docs/sharing/webmasters/crawler)"
114.119.151.50 - - [17/Jun/2025:09:01:21 -0400] "GET /wind-breaker-chapter-158/ HTTP/1.1" 200 12538 "https://read10.windbreakermanga.com/tag/windbreaker-manga/" "Mozilla/5.0 (Linux; Android 7.0;) AppleWebKit/537.36 (KHTML, like Gecko) Mobile Safari/537.36 (compatible; PetalBot;+https://webmaster.petalsearch.com/site/petalbot)"
162.0.232.193 - - [17/Jun/2025:09:01:27 -0400] "POST /wp-cron.php?doing_wp_cron=1750165286.2874970436096191406250 HTTP/1.1" 200 0 "-" "WordPress/6.8.1; https://read11.windbreakermanga.com"
2a03:2880:f800:5:: - - [17/Jun/2025:09:00:17 -0400] "GET /sitemap-subitems-1359.xml HTTP/1.1" 301 0 "-" "meta-externalagent/1.1 (+https://developers.facebook.com/docs/sharing/webmasters/crawler)"
2a03:2880:f800:1b:: - - [17/Jun/2025:09:00:35 -0400] "GET /shopdetail/98216148 HTTP/1.1" 301 0 "-" "meta-externalagent/1.1 (+https://developers.facebook.com/docs/sharing/webmasters/crawler)"
66.249.77.193 - - [17/Jun/2025:09:01:30 -0400] "GET /special/couranto526640 HTTP/1.1" 200 81232 "-" "Mozilla/5.0 (Linux; Android 6.0.1; Nexus 5X Build/MMB29P) AppleWebKit/537.36 (KHTML, like Gecko) Chrome/136.0.7103.113 Mobile Safari/537.36 (compatible; Googlebot/2.1; +http://www.google.com/bot.html)"
162.0.232.193 - - [17/Jun/2025:09:01:36 -0400] "GET /wind-breaker-chapter-371/ HTTP/1.1" 200 11851 "-" "WP Rocket/Preload"
162.0.232.193 - - [17/Jun/2025:09:01:54 -0400] "GET /wind-breaker-chapter-371/ HTTP/1.1" 200 0 "-" "WP Rocket/Preload Mozilla/5.0 (iPhone; CPU iPhone OS 9_1 like Mac OS X) AppleWebKit/601.1.46 (KHTML, like Gecko) Version/9.0 Mobile/13B143 Safari/601.1"
162.0.232.193 - - [17/Jun/2025:09:02:01 -0400] "POST /wp-cron.php?doing_wp_cron=1750165321.2876379489898681640625 HTTP/1.1" 200 0 "-" "WordPress/6.8.1; https://read11.windbreakermanga.com"
162.0.232.193 - - [17/Jun/2025:09:02:09 -0400] "GET /wp-content/uploads/f979bbbcbe9df560cb74049269d2541e_4104.xml HTTP/1.1" 200 2276 "-" "Mozilla/5.0 (X11; Linux x86_64) AppleWebKit/537.36 (KHTML, like Gecko) Ubuntu Chromium/41.0.2272.76"
2a03:2880:f800:1a:: - - [17/Jun/2025:09:02:16 -0400] "GET /shopdetail/98195848 HTTP/1.1" 301 0 "-" "meta-externalagent/1.1 (+https://developers.facebook.com/docs/sharing/webmasters/crawler)"
5.91.119.252 - - [17/Jun/2025:09:02:35 -0400] "GET /manga/wind-breaker-chapter-398/ HTTP/1.1" 301 0 "-" "Mozilla/5.0 (iPhone; CPU iPhone OS 18_0 like Mac OS X) AppleWebKit/605.1.15 (KHTML, like Gecko) Version/18.0 Mobile/15E148 Safari/604.1"
5.91.119.252 - - [17/Jun/2025:09:02:37 -0400] "GET / HTTP/1.1" 200 12649 "-" "Mozilla/5.0 (iPhone; CPU iPhone OS 18_0 like Mac OS X) AppleWebKit/605.1.15 (KHTML, like Gecko) Version/18.0 Mobile/15E148 Safari/604.1"
5.91.119.252 - - [17/Jun/2025:09:02:38 -0400] "GET /apple-touch-icon-120x120-precomposed.png HTTP/1.1" 301 0 "-" "MobileSafari/8619.1.26.30.5 CFNetwork/1568.100.1 Darwin/24.0.0"
5.91.119.252 - - [17/Jun/2025:09:02:40 -0400] "GET / HTTP/1.1" 200 12649 "-" "MobileSafari/8619.1.26.30.5 CFNetwork/1568.100.1 Darwin/24.0.0"
114.119.129.189 - - [17/Jun/2025:09:02:42 -0400] "GET /wind-breaker-chapter-123/ HTTP/1.1" 200 12270 "https://read10.windbreakermanga.com/tag/windbreaker-manga/" "Mozilla/5.0 (Linux; Android 7.0;) AppleWebKit/537.36 (KHTML, like Gecko) Mobile Safari/537.36 (compatible; PetalBot;+https://webmaster.petalsearch.com/site/petalbot)"
5.91.119.252 - - [17/Jun/2025:09:02:41 -0400] "GET /apple-touch-icon-120x120.png HTTP/1.1" 301 0 "-" "MobileSafari/8619.1.26.30.5 CFNetwork/1568.100.1 Darwin/24.0.0"
5.91.119.252 - - [17/Jun/2025:09:02:44 -0400] "GET / HTTP/1.1" 200 12649 "-" "MobileSafari/8619.1.26.30.5 CFNetwork/1568.100.1 Darwin/24.0.0"
5.91.119.252 - - [17/Jun/2025:09:02:45 -0400] "GET /wp-content/uploads/2024/02/cropped-jay-jo-180x180.webp HTTP/1.1" 200 6282 "-" "MobileSafari/8619.1.26.30.5 CFNetwork/1568.100.1 Darwin/24.0.0"
162.0.232.193 - - [17/Jun/2025:09:03:03 -0400] "POST /wp-cron.php?doing_wp_cron=1750165382.9980430603027343750000 HTTP/1.1" 200 0 "-" "WordPress/6.8.1; https://read11.windbreakermanga.com"
162.0.232.193 - - [17/Jun/2025:09:03:05 -0400] "GET /wind-breaker-chapter-149/ HTTP/1.1" 200 12247 "-" "WP Rocket/Preload"
162.0.232.193 - - [17/Jun/2025:09:03:06 -0400] "GET /wind-breaker-chapter-149/ HTTP/1.1" 200 0 "-" "WP Rocket/Preload Mozilla/5.0 (iPhone; CPU iPhone OS 9_1 like Mac OS X) AppleWebKit/601.1.46 (KHTML, like Gecko) Version/9.0 Mobile/13B143 Safari/601.1"
162.0.232.193 - - [17/Jun/2025:09:03:08 -0400] "GET /wind-breaker-chapter-467/ HTTP/1.1" 200 0 "-" "WP Rocket/Preload"
162.0.232.193 - - [17/Jun/2025:09:03:10 -0400] "GET /wind-breaker-chapter-467/ HTTP/1.1" 200 0 "-" "WP Rocket/Preload Mozilla/5.0 (iPhone; CPU iPhone OS 9_1 like Mac OS X) AppleWebKit/601.1.46 (KHTML, like Gecko) Version/9.0 Mobile/13B143 Safari/601.1"
162.0.232.193 - - [17/Jun/2025:09:03:11 -0400] "GET /wind-breaker-chapter-436/ HTTP/1.1" 200 0 "-" "WP Rocket/Preload"
66.249.77.193 - - [17/Jun/2025:09:03:12 -0400] "GET /shopdetail/fyg/sustres/42148840 HTTP/1.1" 200 81426 "-" "Mozilla/5.0 (Linux; Android 6.0.1; Nexus 5X Build/MMB29P) AppleWebKit/537.36 (KHTML, like Gecko) Chrome/136.0.7103.113 Mobile Safari/537.36 (compatible; Googlebot/2.1; +http://www.google.com/bot.html)"
162.0.232.193 - - [17/Jun/2025:09:03:13 -0400] "GET /wind-breaker-chapter-436/ HTTP/1.1" 200 0 "-" "WP Rocket/Preload Mozilla/5.0 (iPhone; CPU iPhone OS 9_1 like Mac OS X) AppleWebKit/601.1.46 (KHTML, like Gecko) Version/9.0 Mobile/13B143 Safari/601.1"
162.0.232.193 - - [17/Jun/2025:09:03:15 -0400] "GET /wind-breaker-chapter-434/ HTTP/1.1" 200 0 "-" "WP Rocket/Preload"
2a03:2880:f800:2:: - - [17/Jun/2025:09:03:15 -0400] "GET /shopdetail/98237928 HTTP/1.1" 301 0 "-" "meta-externalagent/1.1 (+https://developers.facebook.com/docs/sharing/webmasters/crawler)"
66.249.77.201 - - [17/Jun/2025:09:03:16 -0400] "GET /detail/cig/basanite/5244700 HTTP/1.1" 200 81716 "-" "Mozilla/5.0 (Linux; Android 6.0.1; Nexus 5X Build/MMB29P) AppleWebKit/537.36 (KHTML, like Gecko) Chrome/136.0.7103.113 Mobile Safari/537.36 (compatible; Googlebot/2.1; +http://www.google.com/bot.html)"
162.0.232.193 - - [17/Jun/2025:09:03:16 -0400] "GET /wind-breaker-chapter-434/ HTTP/1.1" 200 0 "-" "WP Rocket/Preload Mozilla/5.0 (iPhone; CPU iPhone OS 9_1 like Mac OS X) AppleWebKit/601.1.46 (KHTML, like Gecko) Version/9.0 Mobile/13B143 Safari/601.1"
162.0.232.193 - - [17/Jun/2025:09:03:18 -0400] "GET /chapter-410/ HTTP/1.1" 200 0 "-" "WP Rocket/Preload"
162.0.232.193 - - [17/Jun/2025:09:03:19 -0400] "GET /chapter-410/ HTTP/1.1" 200 0 "-" "WP Rocket/Preload Mozilla/5.0 (iPhone; CPU iPhone OS 9_1 like Mac OS X) AppleWebKit/601.1.46 (KHTML, like Gecko) Version/9.0 Mobile/13B143 Safari/601.1"
162.0.232.193 - - [17/Jun/2025:09:03:24 -0400] "POST /wp-cron.php?doing_wp_cron=1750165403.8738179206848144531250 HTTP/1.1" 200 0 "-" "WordPress/6.8.1; https://read11.windbreakermanga.com"
162.0.232.193 - - [17/Jun/2025:09:03:27 -0400] "GET /chapter-393/ HTTP/1.1" 200 0 "-" "WP Rocket/Preload"
162.0.232.193 - - [17/Jun/2025:09:03:29 -0400] "GET /chapter-393/ HTTP/1.1" 200 0 "-" "WP Rocket/Preload Mozilla/5.0 (iPhone; CPU iPhone OS 9_1 like Mac OS X) AppleWebKit/601.1.46 (KHTML, like Gecko) Version/9.0 Mobile/13B143 Safari/601.1"
162.0.232.193 - - [17/Jun/2025:09:03:30 -0400] "GET /wind-breaker-chapter-445/ HTTP/1.1" 200 0 "-" "WP Rocket/Preload"
162.0.232.193 - - [17/Jun/2025:09:03:32 -0400] "GET /wind-breaker-chapter-445/ HTTP/1.1" 200 0 "-" "WP Rocket/Preload Mozilla/5.0 (iPhone; CPU iPhone OS 9_1 like Mac OS X) AppleWebKit/601.1.46 (KHTML, like Gecko) Version/9.0 Mobile/13B143 Safari/601.1"
162.0.232.193 - - [17/Jun/2025:09:03:33 -0400] "GET /wind-breaker-chapter-438/ HTTP/1.1" 200 0 "-" "WP Rocket/Preload"
162.0.232.193 - - [17/Jun/2025:09:03:35 -0400] "GET /wind-breaker-chapter-438/ HTTP/1.1" 200 0 "-" "WP Rocket/Preload Mozilla/5.0 (iPhone; CPU iPhone OS 9_1 like Mac OS X) AppleWebKit/601.1.46 (KHTML, like Gecko) Version/9.0 Mobile/13B143 Safari/601.1"
162.0.232.193 - - [17/Jun/2025:09:03:36 -0400] "GET /chapter-412/ HTTP/1.1" 200 0 "-" "WP Rocket/Preload"
162.0.232.193 - - [17/Jun/2025:09:03:38 -0400] "GET /chapter-412/ HTTP/1.1" 200 0 "-" "WP Rocket/Preload Mozilla/5.0 (iPhone; CPU iPhone OS 9_1 like Mac OS X) AppleWebKit/601.1.46 (KHTML, like Gecko) Version/9.0 Mobile/13B143 Safari/601.1"
162.0.232.193 - - [17/Jun/2025:09:03:43 -0400] "POST /wp-cron.php?doing_wp_cron=1750165423.3767189979553222656250 HTTP/1.1" 200 0 "-" "WordPress/6.8.1; https://read11.windbreakermanga.com"
47.128.45.231 - - [17/Jun/2025:09:03:46 -0400] "GET /wp-includes/class-wp-http-encoding.php HTTP/1.1" 403 1242 "-" "Mozilla/5.0 (Linux; Android 5.0) AppleWebKit/537.36 (KHTML, like Gecko) Mobile Safari/537.36 (compatible; Bytespider; [email protected])"
162.0.232.193 - - [17/Jun/2025:09:04:12 -0400] "POST /wp-cron.php?doing_wp_cron=1750165452.4902191162109375000000 HTTP/1.1" 200 0 "-" "WordPress/6.8.1; https://read11.windbreakermanga.com"
114.119.130.178 - - [17/Jun/2025:09:04:12 -0400] "GET /wind-breaker-chapter-12/ HTTP/1.1" 200 12226 "https://read10.windbreakermanga.com/tag/windbreaker-manga/" "Mozilla/5.0 (Linux; Android 7.0;) AppleWebKit/537.36 (KHTML, like Gecko) Mobile Safari/537.36 (compatible; PetalBot;+https://webmaster.petalsearch.com/site/petalbot)"
162.0.232.193 - - [17/Jun/2025:09:04:25 -0400] "POST /wp-cron.php?doing_wp_cron=1750165465.2995009422302246093750 HTTP/1.1" 200 0 "-" "WordPress/6.8.1; https://read11.windbreakermanga.com"
162.0.232.193 - - [17/Jun/2025:09:04:26 -0400] "GET /wind-breaker-chapter-367/ HTTP/1.1" 200 11811 "-" "WP Rocket/Preload"
162.0.232.193 - - [17/Jun/2025:09:04:28 -0400] "GET /wind-breaker-chapter-367/ HTTP/1.1" 200 0 "-" "WP Rocket/Preload Mozilla/5.0 (iPhone; CPU iPhone OS 9_1 like Mac OS X) AppleWebKit/601.1.46 (KHTML, like Gecko) Version/9.0 Mobile/13B143 Safari/601.1"
162.0.232.193 - - [17/Jun/2025:09:04:30 -0400] "GET /wind-breaker-chapter-364/ HTTP/1.1" 200 0 "-" "WP Rocket/Preload"
162.0.232.193 - - [17/Jun/2025:09:04:32 -0400] "GET /wind-breaker-chapter-364/ HTTP/1.1" 200 0 "-" "WP Rocket/Preload Mozilla/5.0 (iPhone; CPU iPhone OS 9_1 like Mac OS X) AppleWebKit/601.1.46 (KHTML, like Gecko) Version/9.0 Mobile/13B143 Safari/601.1"
162.0.232.193 - - [17/Jun/2025:09:04:33 -0400] "GET /wind-breaker-chapter-361/ HTTP/1.1" 200 0 "-" "WP Rocket/Preload"
162.0.232.193 - - [17/Jun/2025:09:04:35 -0400] "GET /wind-breaker-chapter-361/ HTTP/1.1" 200 11539 "-" "WP Rocket/Preload Mozilla/5.0 (iPhone; CPU iPhone OS 9_1 like Mac OS X) AppleWebKit/601.1.46 (KHTML, like Gecko) Version/9.0 Mobile/13B143 Safari/601.1"
162.0.232.193 - - [17/Jun/2025:09:04:36 -0400] "GET /wind-breaker-chapter-291/ HTTP/1.1" 200 0 "-" "WP Rocket/Preload"
162.0.232.193 - - [17/Jun/2025:09:04:38 -0400] "GET /wind-breaker-chapter-291/ HTTP/1.1" 200 12877 "-" "WP Rocket/Preload Mozilla/5.0 (iPhone; CPU iPhone OS 9_1 like Mac OS X) AppleWebKit/601.1.46 (KHTML, like Gecko) Version/9.0 Mobile/13B143 Safari/601.1"
162.0.232.193 - - [17/Jun/2025:09:04:39 -0400] "GET /wind-breaker-chapter-468/ HTTP/1.1" 200 0 "-" "WP Rocket/Preload"
162.0.232.193 - - [17/Jun/2025:09:04:41 -0400] "GET /wind-breaker-chapter-468/ HTTP/1.1" 200 0 "-" "WP Rocket/Preload Mozilla/5.0 (iPhone; CPU iPhone OS 9_1 like Mac OS X) AppleWebKit/601.1.46 (KHTML, like Gecko) Version/9.0 Mobile/13B143 Safari/601.1"
162.0.232.193 - - [17/Jun/2025:09:04:49 -0400] "POST /wp-cron.php?doing_wp_cron=1750165489.7751889228820800781250 HTTP/1.1" 200 0 "-" "WordPress/6.8.1; https://read11.windbreakermanga.com"
162.0.232.193 - - [17/Jun/2025:09:05:11 -0400] "POST /wp-cron.php?doing_wp_cron=1750165511.7758760452270507812500 HTTP/1.1" 200 0 "-" "WordPress/6.8.1; https://read11.windbreakermanga.com"
66.249.77.192 - - [17/Jun/2025:09:05:21 -0400] "GET /shopbrand233249940 HTTP/1.1" 200 80872 "-" "Mozilla/5.0 (Linux; Android 6.0.1; Nexus 5X Build/MMB29P) AppleWebKit/537.36 (KHTML, like Gecko) Chrome/136.0.7103.113 Mobile Safari/537.36 (compatible; Googlebot/2.1; +http://www.google.com/bot.html)"
2a03:2880:f800:: - - [17/Jun/2025:09:05:21 -0400] "GET /shopdetail/98178720 HTTP/1.1" 301 0 "-" "meta-externalagent/1.1 (+https://developers.facebook.com/docs/sharing/webmasters/crawler)"
66.249.77.192 - - [17/Jun/2025:09:05:23 -0400] "GET /info51672780 HTTP/1.1" 200 82682 "-" "Mozilla/5.0 (Linux; Android 6.0.1; Nexus 5X Build/MMB29P) AppleWebKit/537.36 (KHTML, like Gecko) Chrome/136.0.7103.113 Mobile Safari/537.36 (compatible; Googlebot/2.1; +http://www.google.com/bot.html)"
162.0.232.193 - - [17/Jun/2025:09:05:25 -0400] "POST /wp-cron.php?doing_wp_cron=1750165525.2799479961395263671875 HTTP/1.1" 200 0 "-" "WordPress/6.8.1; https://read11.windbreakermanga.com"
162.0.232.193 - - [17/Jun/2025:09:05:27 -0400] "GET /wind-breaker-chapter-473/ HTTP/1.1" 200 0 "-" "WP Rocket/Preload"
162.0.232.193 - - [17/Jun/2025:09:05:28 -0400] "GET /wind-breaker-chapter-473/ HTTP/1.1" 200 0 "-" "WP Rocket/Preload Mozilla/5.0 (iPhone; CPU iPhone OS 9_1 like Mac OS X) AppleWebKit/601.1.46 (KHTML, like Gecko) Version/9.0 Mobile/13B143 Safari/601.1"
162.0.232.193 - - [17/Jun/2025:09:05:30 -0400] "GET /chapter-402/ HTTP/1.1" 200 11079 "-" "WP Rocket/Preload"
162.0.232.193 - - [17/Jun/2025:09:05:36 -0400] "GET /chapter-402/ HTTP/1.1" 200 0 "-" "WP Rocket/Preload Mozilla/5.0 (iPhone; CPU iPhone OS 9_1 like Mac OS X) AppleWebKit/601.1.46 (KHTML, like Gecko) Version/9.0 Mobile/13B143 Safari/601.1"
162.0.232.193 - - [17/Jun/2025:09:05:38 -0400] "GET /chapter-394/ HTTP/1.1" 200 0 "-" "WP Rocket/Preload"
162.0.232.193 - - [17/Jun/2025:09:05:39 -0400] "GET /chapter-394/ HTTP/1.1" 200 0 "-" "WP Rocket/Preload Mozilla/5.0 (iPhone; CPU iPhone OS 9_1 like Mac OS X) AppleWebKit/601.1.46 (KHTML, like Gecko) Version/9.0 Mobile/13B143 Safari/601.1"
162.0.232.193 - - [17/Jun/2025:09:05:43 -0400] "POST /wp-cron.php?doing_wp_cron=1750165542.9860639572143554687500 HTTP/1.1" 200 0 "-" "WordPress/6.8.1; https://read11.windbreakermanga.com"
162.0.232.193 - - [17/Jun/2025:09:06:15 -0400] "POST /wp-cron.php?doing_wp_cron=1750165575.4990429878234863281250 HTTP/1.1" 200 0 "-" "WordPress/6.8.1; https://read11.windbreakermanga.com"
162.0.232.193 - - [17/Jun/2025:09:06:19 -0400] "GET /wp-content/uploads/f979bbbcbe9df560cb74049269d2541e_4104.xml HTTP/1.1" 200 2276 "-" "Mozilla/5.0 (X11; Linux x86_64) AppleWebKit/537.36 (KHTML, like Gecko) Ubuntu Chromium/41.0.2272.76"
114.119.135.251 - - [17/Jun/2025:09:06:51 -0400] "GET /wind-breaker-chapter-10-1/ HTTP/1.1" 301 0 "https://read10.windbreakermanga.com/tag/windbreaker-manga/" "Mozilla/5.0 (Linux; Android 7.0;) AppleWebKit/537.36 (KHTML, like Gecko) Mobile Safari/537.36 (compatible; PetalBot;+https://webmaster.petalsearch.com/site/petalbot)"
114.119.135.251 - - [17/Jun/2025:09:06:59 -0400] "GET / HTTP/1.1" 200 12649 "https://read10.windbreakermanga.com/tag/windbreaker-manga/" "Mozilla/5.0 (Linux; Android 7.0;) AppleWebKit/537.36 (KHTML, like Gecko) Mobile Safari/537.36 (compatible; PetalBot;+https://webmaster.petalsearch.com/site/petalbot)"
66.249.77.193 - - [17/Jun/2025:09:07:04 -0400] "GET /entity/jawed511620 HTTP/1.1" 200 81020 "-" "Mozilla/5.0 (Linux; Android 6.0.1; Nexus 5X Build/MMB29P) AppleWebKit/537.36 (KHTML, like Gecko) Chrome/136.0.7103.113 Mobile Safari/537.36 (compatible; Googlebot/2.1; +http://www.google.com/bot.html)"
47.128.39.161 - - [17/Jun/2025:09:07:06 -0400] "GET /wp-includes/class-wp-block-parser.php HTTP/1.1" 403 1242 "-" "Mozilla/5.0 (Linux; Android 5.0) AppleWebKit/537.36 (KHTML, like Gecko) Mobile Safari/537.36 (compatible; Bytespider; [email protected])"
2a03:2880:f800:1c:: - - [17/Jun/2025:09:07:12 -0400] "GET /sitemap-subitems-651.xml HTTP/1.1" 301 0 "-" "meta-externalagent/1.1 (+https://developers.facebook.com/docs/sharing/webmasters/crawler)"
162.0.232.193 - - [17/Jun/2025:09:07:15 -0400] "POST /wp-cron.php?doing_wp_cron=1750165635.6882910728454589843750 HTTP/1.1" 200 0 "-" "WordPress/6.8.1; https://read11.windbreakermanga.com"
162.0.232.193 - - [17/Jun/2025:09:07:17 -0400] "GET /wind-breaker-chapter-387/ HTTP/1.1" 200 12072 "-" "WP Rocket/Preload"
162.0.232.193 - - [17/Jun/2025:09:07:22 -0400] "GET /wind-breaker-chapter-387/ HTTP/1.1" 200 0 "-" "WP Rocket/Preload Mozilla/5.0 (iPhone; CPU iPhone OS 9_1 like Mac OS X) AppleWebKit/601.1.46 (KHTML, like Gecko) Version/9.0 Mobile/13B143 Safari/601.1"
162.0.232.193 - - [17/Jun/2025:09:07:30 -0400] "POST /wp-cron.php?doing_wp_cron=1750165649.7963919639587402343750 HTTP/1.1" 200 0 "-" "WordPress/6.8.1; https://read11.windbreakermanga.com"
216.73.216.244 - - [17/Jun/2025:09:07:30 -0400] "GET /sitemap-subitems-2498.xml HTTP/1.1" 200 10125 "-" "Mozilla/5.0 AppleWebKit/537.36 (KHTML, like Gecko; compatible; ClaudeBot/1.0; [email protected])"
216.73.216.244 - - [17/Jun/2025:09:07:31 -0400] "GET /sitemap-subitems-1663.xml HTTP/1.1" 200 10125 "-" "Mozilla/5.0 AppleWebKit/537.36 (KHTML, like Gecko; compatible; ClaudeBot/1.0; [email protected])"
162.0.232.193 - - [17/Jun/2025:09:07:32 -0400] "GET /wind-breaker-chapter-383/ HTTP/1.1" 200 0 "-" "WP Rocket/Preload"
162.0.232.193 - - [17/Jun/2025:09:07:33 -0400] "GET /wind-breaker-chapter-383/ HTTP/1.1" 200 0 "-" "WP Rocket/Preload Mozilla/5.0 (iPhone; CPU iPhone OS 9_1 like Mac OS X) AppleWebKit/601.1.46 (KHTML, like Gecko) Version/9.0 Mobile/13B143 Safari/601.1"
162.0.232.193 - - [17/Jun/2025:09:07:35 -0400] "GET /chapter-231/ HTTP/1.1" 200 11093 "-" "WP Rocket/Preload"
162.0.232.193 - - [17/Jun/2025:09:07:36 -0400] "GET /chapter-231/ HTTP/1.1" 200 0 "-" "WP Rocket/Preload Mozilla/5.0 (iPhone; CPU iPhone OS 9_1 like Mac OS X) AppleWebKit/601.1.46 (KHTML, like Gecko) Version/9.0 Mobile/13B143 Safari/601.1"
162.0.232.193 - - [17/Jun/2025:09:07:38 -0400] "GET /wind-breaker-chapter-482/ HTTP/1.1" 200 0 "-" "WP Rocket/Preload"
162.0.232.193 - - [17/Jun/2025:09:07:40 -0400] "GET /wind-breaker-chapter-482/ HTTP/1.1" 200 0 "-" "WP Rocket/Preload Mozilla/5.0 (iPhone; CPU iPhone OS 9_1 like Mac OS X) AppleWebKit/601.1.46 (KHTML, like Gecko) Version/9.0 Mobile/13B143 Safari/601.1"
162.0.232.193 - - [17/Jun/2025:09:07:41 -0400] "GET /chapter-432/ HTTP/1.1" 200 0 "-" "WP Rocket/Preload"
162.0.232.193 - - [17/Jun/2025:09:07:43 -0400] "GET /chapter-432/ HTTP/1.1" 200 0 "-" "WP Rocket/Preload Mozilla/5.0 (iPhone; CPU iPhone OS 9_1 like Mac OS X) AppleWebKit/601.1.46 (KHTML, like Gecko) Version/9.0 Mobile/13B143 Safari/601.1"
162.0.232.193 - - [17/Jun/2025:09:07:45 -0400] "GET /chapter-411/ HTTP/1.1" 200 0 "-" "WP Rocket/Preload"
162.0.232.193 - - [17/Jun/2025:09:07:46 -0400] "GET /chapter-411/ HTTP/1.1" 200 0 "-" "WP Rocket/Preload Mozilla/5.0 (iPhone; CPU iPhone OS 9_1 like Mac OS X) AppleWebKit/601.1.46 (KHTML, like Gecko) Version/9.0 Mobile/13B143 Safari/601.1"
162.0.232.193 - - [17/Jun/2025:09:07:48 -0400] "GET /chapter-407/ HTTP/1.1" 200 0 "-" "WP Rocket/Preload"
162.0.232.193 - - [17/Jun/2025:09:07:49 -0400] "GET /chapter-407/ HTTP/1.1" 200 0 "-" "WP Rocket/Preload Mozilla/5.0 (iPhone; CPU iPhone OS 9_1 like Mac OS X) AppleWebKit/601.1.46 (KHTML, like Gecko) Version/9.0 Mobile/13B143 Safari/601.1"
162.0.232.193 - - [17/Jun/2025:09:07:54 -0400] "POST /wp-cron.php?doing_wp_cron=1750165674.1818220615386962890625 HTTP/1.1" 200 0 "-" "WordPress/6.8.1; https://read11.windbreakermanga.com"
162.0.232.193 - - [17/Jun/2025:09:08:11 -0400] "POST /wp-cron.php?doing_wp_cron=1750165691.1818048954010009765625 HTTP/1.1" 200 0 "-" "WordPress/6.8.1; https://read11.windbreakermanga.com"
114.119.129.189 - - [17/Jun/2025:09:08:10 -0400] "GET /tag/webcomic/ HTTP/1.1" 301 0 "https://read10.windbreakermanga.com/wind-breaker/" "Mozilla/5.0 (Linux; Android 7.0;) AppleWebKit/537.36 (KHTML, like Gecko) Mobile Safari/537.36 (compatible; PetalBot;+https://webmaster.petalsearch.com/site/petalbot)"
114.119.129.189 - - [17/Jun/2025:09:08:15 -0400] "GET / HTTP/1.1" 200 12649 "https://read10.windbreakermanga.com/wind-breaker/" "Mozilla/5.0 (Linux; Android 7.0;) AppleWebKit/537.36 (KHTML, like Gecko) Mobile Safari/537.36 (compatible; PetalBot;+https://webmaster.petalsearch.com/site/petalbot)"
162.0.232.193 - - [17/Jun/2025:09:08:26 -0400] "POST /wp-cron.php?doing_wp_cron=1750165706.4781289100646972656250 HTTP/1.1" 200 0 "-" "WordPress/6.8.1; https://read11.windbreakermanga.com"
162.0.232.193 - - [17/Jun/2025:09:08:30 -0400] "GET /chapter-392/ HTTP/1.1" 200 11080 "-" "WP Rocket/Preload"
162.0.232.193 - - [17/Jun/2025:09:08:35 -0400] "GET /chapter-392/ HTTP/1.1" 200 0 "-" "WP Rocket/Preload Mozilla/5.0 (iPhone; CPU iPhone OS 9_1 like Mac OS X) AppleWebKit/601.1.46 (KHTML, like Gecko) Version/9.0 Mobile/13B143 Safari/601.1"
162.0.232.193 - - [17/Jun/2025:09:08:41 -0400] "POST /wp-cron.php?doing_wp_cron=1750165721.2810130119323730468750 HTTP/1.1" 200 0 "-" "WordPress/6.8.1; https://read11.windbreakermanga.com"
2a03:2880:f800:15:: - - [17/Jun/2025:09:08:51 -0400] "GET /shopdetail/98252412 HTTP/1.1" 301 0 "-" "meta-externalagent/1.1 (+https://developers.facebook.com/docs/sharing/webmasters/crawler)"
66.249.77.201 - - [17/Jun/2025:09:08:59 -0400] "GET /items/luminescence517736 HTTP/1.1" 200 81502 "-" "Mozilla/5.0 (Linux; Android 6.0.1; Nexus 5X Build/MMB29P) AppleWebKit/537.36 (KHTML, like Gecko) Chrome/136.0.7103.113 Mobile Safari/537.36 (compatible; Googlebot/2.1; +http://www.google.com/bot.html)"
45.227.253.15 - - [17/Jun/2025:09:09:23 -0400] "GET /index.php/jk HTTP/1.1" 200 47 "https://windbreakermanga.com/index.php/jk" "Mozilla/5.0 (Macintosh; Intel Mac OS X 10.15; rv:79.0) Gecko/20100101 Firefox/79.0"
2a03:2880:f800:2:: - - [17/Jun/2025:09:09:14 -0400] "GET /wind-breaker-chapter-420/ HTTP/1.1" 301 0 "-" "meta-externalagent/1.1 (+https://developers.facebook.com/docs/sharing/webmasters/crawler)"
2a03:2880:f800:14:: - - [17/Jun/2025:09:09:46 -0400] "GET / HTTP/1.1" 200 12660 "-" "meta-externalagent/1.1 (+https://developers.facebook.com/docs/sharing/webmasters/crawler)"
123.1.133.4 - - [17/Jun/2025:09:10:12 -0400] "POST /xmlrpc.php HTTP/1.1" 200 186 "https://read11.windbreakermanga.com" "Mozilla/5.0 (Windows NT 10.0; Win64; x64; rv:128.0) Gecko/20100101 Firefox/128.0"
47.128.120.246 - - [17/Jun/2025:09:10:27 -0400] "GET /wp-includes/feed-atom-comments.php HTTP/1.1" 403 1242 "-" "Mozilla/5.0 (Linux; Android 5.0) AppleWebKit/537.36 (KHTML, like Gecko) Mobile Safari/537.36 (compatible; Bytespider; [email protected])"
162.0.232.193 - - [17/Jun/2025:09:10:40 -0400] "POST /wp-cron.php?doing_wp_cron=1750165839.9864020347595214843750 HTTP/1.1" 200 0 "-" "WordPress/6.8.1; https://read11.windbreakermanga.com"
162.0.232.193 - - [17/Jun/2025:09:10:40 -0400] "POST /wp-cron.php?doing_wp_cron=1750165840.3860449790954589843750 HTTP/1.1" 200 0 "-" "WordPress/6.8.1; https://read11.windbreakermanga.com"
162.0.232.193 - - [17/Jun/2025:09:10:40 -0400] "POST /wp-cron.php?doing_wp_cron=1750165840.2855570316314697265625 HTTP/1.1" 200 0 "-" "WordPress/6.8.1; https://read11.windbreakermanga.com"
162.0.232.193 - - [17/Jun/2025:09:10:41 -0400] "POST /wp-cron.php?doing_wp_cron=1750165840.9849300384521484375000 HTTP/1.1" 200 0 "-" "WordPress/6.8.1; https://read11.windbreakermanga.com"
162.0.232.193 - - [17/Jun/2025:09:10:41 -0400] "POST /wp-cron.php?doing_wp_cron=1750165841.3768119812011718750000 HTTP/1.1" 200 0 "-" "WordPress/6.8.1; https://read11.windbreakermanga.com"
43.135.133.194 - - [17/Jun/2025:09:10:43 -0400] "GET /wind-breaker-chapter-48/ HTTP/1.1" 200 12223 "http://read11.windbreakermanga.com/wind-breaker-chapter-48/" "Mozilla/5.0 (iPhone; CPU iPhone OS 13_2_3 like Mac OS X) AppleWebKit/605.1.15 (KHTML, like Gecko) Version/13.0.3 Mobile/15E148 Safari/604.1"
162.0.232.193 - - [17/Jun/2025:09:10:45 -0400] "GET /wp-content/uploads/f979bbbcbe9df560cb74049269d2541e_4104.xml HTTP/1.1" 200 2533 "-" "Mozilla/5.0 (X11; Linux x86_64) AppleWebKit/537.36 (KHTML, like Gecko) Ubuntu Chromium/41.0.2272.76"
66.249.77.193 - - [17/Jun/2025:09:10:54 -0400] "GET /goodscode/6402792 HTTP/1.1" 200 81388 "-" "Mozilla/5.0 (Linux; Android 6.0.1; Nexus 5X Build/MMB29P) AppleWebKit/537.36 (KHTML, like Gecko) Chrome/136.0.7103.113 Mobile Safari/537.36 (compatible; Googlebot/2.1; +http://www.google.com/bot.html)"
114.119.135.251 - - [17/Jun/2025:09:10:52 -0400] "GET /wind-breaker-chapter-462/ HTTP/1.1" 200 11328 "https://read10.windbreakermanga.com/wind-breaker-chapter-240-part-2-ep-172/" "Mozilla/5.0 (Linux; Android 7.0;) AppleWebKit/537.36 (KHTML, like Gecko) Mobile Safari/537.36 (compatible; PetalBot;+https://webmaster.petalsearch.com/site/petalbot)"
216.244.66.250 - - [17/Jun/2025:09:11:13 -0400] "GET /robots.txt HTTP/1.1" 304 0 "-" "Mozilla/5.0 (compatible; DotBot/1.2; +https://opensiteexplorer.org/dotbot; [email protected])"
216.244.66.250 - - [17/Jun/2025:09:11:13 -0400] "GET /robots.txt HTTP/1.1" 304 0 "-" "Mozilla/5.0 (compatible; DotBot/1.2; +https://opensiteexplorer.org/dotbot; [email protected])"
205.169.39.177 - - [17/Jun/2025:09:11:51 -0400] "GET / HTTP/1.1" 200 12660 "-" "Mozilla/5.0 (Windows NT 6.1; Win64; x64) AppleWebKit/537.36 (KHTML, like Gecko) Chrome/83.0.4103.61 Safari/537.36"
162.0.232.193 - - [17/Jun/2025:09:11:53 -0400] "POST /wp-cron.php?doing_wp_cron=1750165912.8890690803527832031250 HTTP/1.1" 200 0 "-" "WordPress/6.8.1; https://read11.windbreakermanga.com"
162.0.232.193 - - [17/Jun/2025:09:11:54 -0400] "POST /wp-cron.php?doing_wp_cron=1750165914.2902970314025878906250 HTTP/1.1" 200 0 "-" "WordPress/6.8.1; https://read11.windbreakermanga.com"
162.0.232.193 - - [17/Jun/2025:09:11:55 -0400] "GET /wind-breaker-chapter-382/ HTTP/1.1" 200 11992 "-" "WP Rocket/Preload"
205.169.39.177 - - [17/Jun/2025:09:12:00 -0400] "GET / HTTP/1.1" 200 12660 "-" "Mozilla/5.0 (Windows NT 10.0; Win64; x64) AppleWebKit/537.36 (KHTML, like Gecko) Chrome/79.0.3945.79 Safari/537.36"
162.0.232.193 - - [17/Jun/2025:09:12:01 -0400] "GET /wind-breaker-chapter-382/ HTTP/1.1" 200 0 "-" "WP Rocket/Preload Mozilla/5.0 (iPhone; CPU iPhone OS 9_1 like Mac OS X) AppleWebKit/601.1.46 (KHTML, like Gecko) Version/9.0 Mobile/13B143 Safari/601.1"
162.0.232.193 - - [17/Jun/2025:09:12:16 -0400] "POST /wp-cron.php?doing_wp_cron=1750165935.8897619247436523437500 HTTP/1.1" 200 0 "-" "WordPress/6.8.1; https://read11.windbreakermanga.com"
216.73.216.244 - - [17/Jun/2025:09:12:22 -0400] "GET /sitemap-subitems-2457.xml HTTP/1.1" 200 10157 "-" "Mozilla/5.0 AppleWebKit/537.36 (KHTML, like Gecko; compatible; ClaudeBot/1.0; [email protected])"
162.0.232.193 - - [17/Jun/2025:09:12:35 -0400] "POST /wp-cron.php?doing_wp_cron=1750165954.7826969623565673828125 HTTP/1.1" 200 0 "-" "WordPress/6.8.1; https://read11.windbreakermanga.com"
162.0.232.193 - - [17/Jun/2025:09:12:37 -0400] "GET /wind-breaker-chapter-491/ HTTP/1.1" 200 0 "-" "WP Rocket/Preload"
162.0.232.193 - - [17/Jun/2025:09:12:38 -0400] "GET /wind-breaker-chapter-491/ HTTP/1.1" 200 0 "-" "WP Rocket/Preload Mozilla/5.0 (iPhone; CPU iPhone OS 9_1 like Mac OS X) AppleWebKit/601.1.46 (KHTML, like Gecko) Version/9.0 Mobile/13B143 Safari/601.1"
162.0.232.193 - - [17/Jun/2025:09:12:40 -0400] "GET /wind-breaker-chapter-466/ HTTP/1.1" 200 0 "-" "WP Rocket/Preload"
162.0.232.193 - - [17/Jun/2025:09:12:41 -0400] "GET /wind-breaker-chapter-466/ HTTP/1.1" 200 0 "-" "WP Rocket/Preload Mozilla/5.0 (iPhone; CPU iPhone OS 9_1 like Mac OS X) AppleWebKit/601.1.46 (KHTML, like Gecko) Version/9.0 Mobile/13B143 Safari/601.1"
162.0.232.193 - - [17/Jun/2025:09:12:43 -0400] "GET /chapter-404/ HTTP/1.1" 200 0 "-" "WP Rocket/Preload"
162.0.232.193 - - [17/Jun/2025:09:12:45 -0400] "GET /chapter-404/ HTTP/1.1" 200 0 "-" "WP Rocket/Preload Mozilla/5.0 (iPhone; CPU iPhone OS 9_1 like Mac OS X) AppleWebKit/601.1.46 (KHTML, like Gecko) Version/9.0 Mobile/13B143 Safari/601.1"
162.0.232.193 - - [17/Jun/2025:09:12:47 -0400] "GET /wind-breaker-chapter-523/ HTTP/1.1" 200 0 "-" "WP Rocket/Preload"
162.0.232.193 - - [17/Jun/2025:09:12:48 -0400] "GET /wind-breaker-chapter-523/ HTTP/1.1" 200 0 "-" "WP Rocket/Preload Mozilla/5.0 (iPhone; CPU iPhone OS 9_1 like Mac OS X) AppleWebKit/601.1.46 (KHTML, like Gecko) Version/9.0 Mobile/13B143 Safari/601.1"
162.0.232.193 - - [17/Jun/2025:09:12:50 -0400] "GET /wind-breaker-chapter-494/ HTTP/1.1" 200 0 "-" "WP Rocket/Preload"
162.0.232.193 - - [17/Jun/2025:09:12:51 -0400] "GET /wind-breaker-chapter-494/ HTTP/1.1" 200 0 "-" "WP Rocket/Preload Mozilla/5.0 (iPhone; CPU iPhone OS 9_1 like Mac OS X) AppleWebKit/601.1.46 (KHTML, like Gecko) Version/9.0 Mobile/13B143 Safari/601.1"
162.0.232.193 - - [17/Jun/2025:09:12:53 -0400] "GET /wind-breaker-chapter-366/ HTTP/1.1" 200 0 "-" "WP Rocket/Preload"
162.0.232.193 - - [17/Jun/2025:09:12:54 -0400] "GET /wind-breaker-chapter-366/ HTTP/1.1" 200 0 "-" "WP Rocket/Preload Mozilla/5.0 (iPhone; CPU iPhone OS 9_1 like Mac OS X) AppleWebKit/601.1.46 (KHTML, like Gecko) Version/9.0 Mobile/13B143 Safari/601.1"
162.0.232.193 - - [17/Jun/2025:09:12:58 -0400] "POST /wp-cron.php?doing_wp_cron=1750165977.7922430038452148437500 HTTP/1.1" 200 0 "-" "WordPress/6.8.1; https://read11.windbreakermanga.com"
34.72.176.129 - - [17/Jun/2025:09:13:06 -0400] "GET / HTTP/1.1" 200 12660 "-" "Mozilla/5.0 (X11; Linux x86_64) AppleWebKit/537.36 (KHTML, like Gecko) HeadlessChrome/125.0.6422.60 Safari/537.36"
162.0.232.193 - - [17/Jun/2025:09:13:12 -0400] "POST /wp-cron.php?doing_wp_cron=1750165992.4960858821868896484375 HTTP/1.1" 200 0 "-" "WordPress/6.8.1; https://read11.windbreakermanga.com"
66.249.77.193 - - [17/Jun/2025:09:13:21 -0400] "GET /product/113705140 HTTP/1.1" 200 80683 "-" "Mozilla/5.0 (Linux; Android 6.0.1; Nexus 5X Build/MMB29P) AppleWebKit/537.36 (KHTML, like Gecko) Chrome/136.0.7103.113 Mobile Safari/537.36 (compatible; Googlebot/2.1; +http://www.google.com/bot.html)"
162.0.232.193 - - [17/Jun/2025:09:13:25 -0400] "POST /wp-cron.php?doing_wp_cron=1750166005.6887810230255126953125 HTTP/1.1" 200 0 "-" "WordPress/6.8.1; https://read11.windbreakermanga.com"
162.0.232.193 - - [17/Jun/2025:09:13:28 -0400] "GET /wind-breaker-chapter-526/ HTTP/1.1" 200 11551 "-" "WP Rocket/Preload"
162.0.232.193 - - [17/Jun/2025:09:13:33 -0400] "GET /wind-breaker-chapter-526/ HTTP/1.1" 200 0 "-" "WP Rocket/Preload Mozilla/5.0 (iPhone; CPU iPhone OS 9_1 like Mac OS X) AppleWebKit/601.1.46 (KHTML, like Gecko) Version/9.0 Mobile/13B143 Safari/601.1"
162.0.232.193 - - [17/Jun/2025:09:13:44 -0400] "POST /wp-cron.php?doing_wp_cron=1750166023.9918429851531982421875 HTTP/1.1" 200 0 "-" "WordPress/6.8.1; https://read11.windbreakermanga.com"
114.119.145.123 - - [17/Jun/2025:09:13:57 -0400] "GET /wind-breaker-chapter-264-part-3-ep-14/ HTTP/1.1" 301 0 "https://read10.windbreakermanga.com/tag/windbreaker-manga/" "Mozilla/5.0 (Linux; Android 7.0;) AppleWebKit/537.36 (KHTML, like Gecko) Mobile Safari/537.36 (compatible; PetalBot;+https://webmaster.petalsearch.com/site/petalbot)"
162.0.232.193 - - [17/Jun/2025:09:14:11 -0400] "POST /wp-cron.php?doing_wp_cron=1750166051.0819799900054931640625 HTTP/1.1" 200 0 "-" "WordPress/6.8.1; https://read11.windbreakermanga.com"
162.0.232.193 - - [17/Jun/2025:09:14:15 -0400] "GET /wp-content/uploads/f979bbbcbe9df560cb74049269d2541e_4104.xml HTTP/1.1" 200 2533 "-" "Mozilla/5.0 (X11; Linux x86_64) AppleWebKit/537.36 (KHTML, like Gecko) Ubuntu Chromium/41.0.2272.76"
34.55.49.223 - - [17/Jun/2025:09:14:25 -0400] "HEAD /wordpress HTTP/1.1" 301 0 "https://windbreakermanga.com/wordpress" "Mozilla/5.0 (Windows NT 10.0; Win64; x64) AppleWebKit/537.36 (KHTML, like Gecko) Chrome/74.0.3729.169 Safari/537.36"
34.55.49.223 - - [17/Jun/2025:09:14:28 -0400] "HEAD / HTTP/1.1" 200 0 "https://windbreakermanga.com/" "Mozilla/5.0 (Windows NT 10.0; Win64; x64) AppleWebKit/537.36 (KHTML, like Gecko) Chrome/74.0.3729.169 Safari/537.36"
34.55.49.223 - - [17/Jun/2025:09:14:28 -0400] "HEAD / HTTP/1.1" 200 0 "https://windbreakermanga.com/" "Mozilla/5.0 (Windows NT 10.0; Win64; x64) AppleWebKit/537.36 (KHTML, like Gecko) Chrome/74.0.3729.169 Safari/537.36"
34.55.49.223 - - [17/Jun/2025:09:14:29 -0400] "HEAD /wp HTTP/1.1" 301 0 "https://windbreakermanga.com/wp" "Mozilla/5.0 (Windows NT 10.0; Win64; x64) AppleWebKit/537.36 (KHTML, like Gecko) Chrome/74.0.3729.169 Safari/537.36"
34.55.49.223 - - [17/Jun/2025:09:14:31 -0400] "HEAD / HTTP/1.1" 200 0 "https://windbreakermanga.com/" "Mozilla/5.0 (Windows NT 10.0; Win64; x64) AppleWebKit/537.36 (KHTML, like Gecko) Chrome/74.0.3729.169 Safari/537.36"
34.55.49.223 - - [17/Jun/2025:09:14:31 -0400] "HEAD /bc HTTP/1.1" 301 0 "https://windbreakermanga.com/bc" "Mozilla/5.0 (Windows NT 10.0; Win64; x64) AppleWebKit/537.36 (KHTML, like Gecko) Chrome/74.0.3729.169 Safari/537.36"
34.55.49.223 - - [17/Jun/2025:09:14:34 -0400] "HEAD / HTTP/1.1" 200 0 "https://windbreakermanga.com/" "Mozilla/5.0 (Windows NT 10.0; Win64; x64) AppleWebKit/537.36 (KHTML, like Gecko) Chrome/74.0.3729.169 Safari/537.36"
34.55.49.223 - - [17/Jun/2025:09:14:34 -0400] "HEAD /bk HTTP/1.1" 301 0 "https://windbreakermanga.com/bk" "Mozilla/5.0 (Windows NT 10.0; Win64; x64) AppleWebKit/537.36 (KHTML, like Gecko) Chrome/74.0.3729.169 Safari/537.36"
34.55.49.223 - - [17/Jun/2025:09:14:36 -0400] "HEAD / HTTP/1.1" 200 0 "https://windbreakermanga.com/" "Mozilla/5.0 (Windows NT 10.0; Win64; x64) AppleWebKit/537.36 (KHTML, like Gecko) Chrome/74.0.3729.169 Safari/537.36"
34.55.49.223 - - [17/Jun/2025:09:14:37 -0400] "HEAD /backup HTTP/1.1" 301 0 "https://windbreakermanga.com/backup" "Mozilla/5.0 (Windows NT 10.0; Win64; x64) AppleWebKit/537.36 (KHTML, like Gecko) Chrome/74.0.3729.169 Safari/537.36"
34.55.49.223 - - [17/Jun/2025:09:14:39 -0400] "HEAD / HTTP/1.1" 200 0 "https://windbreakermanga.com/" "Mozilla/5.0 (Windows NT 10.0; Win64; x64) AppleWebKit/537.36 (KHTML, like Gecko) Chrome/74.0.3729.169 Safari/537.36"
34.55.49.223 - - [17/Jun/2025:09:14:40 -0400] "HEAD /old HTTP/1.1" 301 0 "https://windbreakermanga.com/old" "Mozilla/5.0 (Windows NT 10.0; Win64; x64) AppleWebKit/537.36 (KHTML, like Gecko) Chrome/74.0.3729.169 Safari/537.36"
34.55.49.223 - - [17/Jun/2025:09:14:43 -0400] "HEAD / HTTP/1.1" 200 0 "https://windbreakermanga.com/" "Mozilla/5.0 (Windows NT 10.0; Win64; x64) AppleWebKit/537.36 (KHTML, like Gecko) Chrome/74.0.3729.169 Safari/537.36"
34.55.49.223 - - [17/Jun/2025:09:14:43 -0400] "HEAD /new HTTP/1.1" 301 0 "https://windbreakermanga.com/new" "Mozilla/5.0 (Windows NT 10.0; Win64; x64) AppleWebKit/537.36 (KHTML, like Gecko) Chrome/74.0.3729.169 Safari/537.36"
34.55.49.223 - - [17/Jun/2025:09:14:45 -0400] "HEAD / HTTP/1.1" 200 0 "https://windbreakermanga.com/" "Mozilla/5.0 (Windows NT 10.0; Win64; x64) AppleWebKit/537.36 (KHTML, like Gecko) Chrome/74.0.3729.169 Safari/537.36"
34.55.49.223 - - [17/Jun/2025:09:14:45 -0400] "HEAD /main HTTP/1.1" 301 0 "https://windbreakermanga.com/main" "Mozilla/5.0 (Windows NT 10.0; Win64; x64) AppleWebKit/537.36 (KHTML, like Gecko) Chrome/74.0.3729.169 Safari/537.36"
34.55.49.223 - - [17/Jun/2025:09:14:47 -0400] "HEAD / HTTP/1.1" 200 0 "https://windbreakermanga.com/" "Mozilla/5.0 (Windows NT 10.0; Win64; x64) AppleWebKit/537.36 (KHTML, like Gecko) Chrome/74.0.3729.169 Safari/537.36"
34.55.49.223 - - [17/Jun/2025:09:14:47 -0400] "HEAD /home HTTP/1.1" 301 0 "https://windbreakermanga.com/home" "Mozilla/5.0 (Windows NT 10.0; Win64; x64) AppleWebKit/537.36 (KHTML, like Gecko) Chrome/74.0.3729.169 Safari/537.36"
34.55.49.223 - - [17/Jun/2025:09:14:49 -0400] "HEAD / HTTP/1.1" 200 0 "https://read11.windbreakermanga.com/home" "Mozilla/5.0 (Windows NT 10.0; Win64; x64) AppleWebKit/537.36 (KHTML, like Gecko) Chrome/74.0.3729.169 Safari/537.36"
47.82.61.245 - - [17/Jun/2025:09:14:50 -0400] "GET /wind-breaker-chapter-74/ HTTP/1.1" 200 12242 "https://read11.windbreakermanga.com/wind-breaker-chapter-74/" "Mozilla/5.0 (Windows NT 10.0; Win64; x64) AppleWebKit/537.36 (KHTML, like Gecko) Chrome/114.0.0.0 Safari/537.36 Edg/114.0.1823.43"
66.249.77.192 - - [17/Jun/2025:09:14:52 -0400] "GET /info/115224480 HTTP/1.1" 200 81276 "-" "Mozilla/5.0 (Linux; Android 6.0.1; Nexus 5X Build/MMB29P) AppleWebKit/537.36 (KHTML, like Gecko) Chrome/136.0.7103.113 Mobile Safari/537.36 (compatible; Googlebot/2.1; +http://www.google.com/bot.html)"
114.119.129.189 - - [17/Jun/2025:09:15:06 -0400] "GET /wind-breaker-chapter-231-part-2-ep-163/ HTTP/1.1" 301 0 "https://read10.windbreakermanga.com/tag/windbreaker-manga/" "Mozilla/5.0 (Linux; Android 7.0;) AppleWebKit/537.36 (KHTML, like Gecko) Mobile Safari/537.36 (compatible; PetalBot;+https://webmaster.petalsearch.com/site/petalbot)"
114.119.129.189 - - [17/Jun/2025:09:15:08 -0400] "GET / HTTP/1.1" 200 12649 "https://read10.windbreakermanga.com/tag/windbreaker-manga/" "Mozilla/5.0 (Linux; Android 7.0;) AppleWebKit/537.36 (KHTML, like Gecko) Mobile Safari/537.36 (compatible; PetalBot;+https://webmaster.petalsearch.com/site/petalbot)"
162.0.232.193 - - [17/Jun/2025:09:15:12 -0400] "POST /wp-cron.php?doing_wp_cron=1750166111.9839940071105957031250 HTTP/1.1" 200 0 "-" "WordPress/6.8.1; https://read11.windbreakermanga.com"
162.0.232.193 - - [17/Jun/2025:09:15:13 -0400] "POST /wp-cron.php?doing_wp_cron=1750166112.7898640632629394531250 HTTP/1.1" 200 0 "-" "WordPress/6.8.1; https://read11.windbreakermanga.com"
162.0.232.193 - - [17/Jun/2025:09:15:14 -0400] "GET /wind-breaker-chapter-518/ HTTP/1.1" 200 11721 "-" "WP Rocket/Preload"
162.0.232.193 - - [17/Jun/2025:09:15:16 -0400] "GET /wind-breaker-chapter-518/ HTTP/1.1" 200 0 "-" "WP Rocket/Preload Mozilla/5.0 (iPhone; CPU iPhone OS 9_1 like Mac OS X) AppleWebKit/601.1.46 (KHTML, like Gecko) Version/9.0 Mobile/13B143 Safari/601.1"
162.0.232.193 - - [17/Jun/2025:09:15:17 -0400] "GET /wind-breaker-chapter-509/ HTTP/1.1" 200 0 "-" "WP Rocket/Preload"
162.0.232.193 - - [17/Jun/2025:09:15:19 -0400] "GET /wind-breaker-chapter-509/ HTTP/1.1" 200 0 "-" "WP Rocket/Preload Mozilla/5.0 (iPhone; CPU iPhone OS 9_1 like Mac OS X) AppleWebKit/601.1.46 (KHTML, like Gecko) Version/9.0 Mobile/13B143 Safari/601.1"
162.0.232.193 - - [17/Jun/2025:09:15:20 -0400] "GET /wind-breaker-chapter-492/ HTTP/1.1" 200 0 "-" "WP Rocket/Preload"
162.0.232.193 - - [17/Jun/2025:09:15:22 -0400] "GET /wind-breaker-chapter-492/ HTTP/1.1" 200 0 "-" "WP Rocket/Preload Mozilla/5.0 (iPhone; CPU iPhone OS 9_1 like Mac OS X) AppleWebKit/601.1.46 (KHTML, like Gecko) Version/9.0 Mobile/13B143 Safari/601.1"
162.0.232.193 - - [17/Jun/2025:09:15:24 -0400] "GET /wind-breaker-chapter-460/ HTTP/1.1" 200 0 "-" "WP Rocket/Preload"
162.0.232.193 - - [17/Jun/2025:09:15:25 -0400] "POST /wp-cron.php?doing_wp_cron=1750166124.8841569423675537109375 HTTP/1.1" 200 0 "-" "WordPress/6.8.1; https://read11.windbreakermanga.com"
162.0.232.193 - - [17/Jun/2025:09:15:25 -0400] "GET /wind-breaker-chapter-460/ HTTP/1.1" 200 0 "-" "WP Rocket/Preload Mozilla/5.0 (iPhone; CPU iPhone OS 9_1 like Mac OS X) AppleWebKit/601.1.46 (KHTML, like Gecko) Version/9.0 Mobile/13B143 Safari/601.1"
162.0.232.193 - - [17/Jun/2025:09:15:27 -0400] "GET /wind-breaker-chapter-496/ HTTP/1.1" 200 0 "-" "WP Rocket/Preload"
162.0.232.193 - - [17/Jun/2025:09:15:29 -0400] "GET /wind-breaker-chapter-496/ HTTP/1.1" 200 0 "-" "WP Rocket/Preload Mozilla/5.0 (iPhone; CPU iPhone OS 9_1 like Mac OS X) AppleWebKit/601.1.46 (KHTML, like Gecko) Version/9.0 Mobile/13B143 Safari/601.1"
2a03:2880:f800:1d:: - - [17/Jun/2025:09:15:28 -0400] "GET /shopdetail/98171888 HTTP/1.1" 301 0 "-" "meta-externalagent/1.1 (+https://developers.facebook.com/docs/sharing/webmasters/crawler)"
162.0.232.193 - - [17/Jun/2025:09:15:30 -0400] "GET /wind-breaker-chapter-462/ HTTP/1.1" 200 0 "-" "WP Rocket/Preload"
162.0.232.193 - - [17/Jun/2025:09:15:32 -0400] "GET /wind-breaker-chapter-462/ HTTP/1.1" 200 11349 "-" "WP Rocket/Preload Mozilla/5.0 (iPhone; CPU iPhone OS 9_1 like Mac OS X) AppleWebKit/601.1.46 (KHTML, like Gecko) Version/9.0 Mobile/13B143 Safari/601.1"
47.128.121.103 - - [17/Jun/2025:09:15:40 -0400] "GET / HTTP/1.1" 200 12537 "-" "Mozilla/5.0 (Linux; Android 5.0) AppleWebKit/537.36 (KHTML, like Gecko) Mobile Safari/537.36 (compatible; TikTokSpider; [email protected])"
162.0.232.193 - - [17/Jun/2025:09:15:41 -0400] "POST /wp-cron.php?doing_wp_cron=1750166141.1973810195922851562500 HTTP/1.1" 200 0 "-" "WordPress/6.8.1; https://read11.windbreakermanga.com"
2a03:2880:f800:15:: - - [17/Jun/2025:09:15:53 -0400] "GET /shopdetail/98176104 HTTP/1.1" 301 0 "-" "meta-externalagent/1.1 (+https://developers.facebook.com/docs/sharing/webmasters/crawler)"
2a03:2880:f800:e:: - - [17/Jun/2025:09:15:57 -0400] "GET /shopdetail/98195748 HTTP/1.1" 301 0 "-" "meta-externalagent/1.1 (+https://developers.facebook.com/docs/sharing/webmasters/crawler)"
162.0.232.193 - - [17/Jun/2025:09:16:11 -0400] "POST /wp-cron.php?doing_wp_cron=1750166171.0009250640869140625000 HTTP/1.1" 200 0 "-" "WordPress/6.8.1; https://read11.windbreakermanga.com"
162.0.232.193 - - [17/Jun/2025:09:16:25 -0400] "POST /wp-cron.php?doing_wp_cron=1750166185.2120010852813720703125 HTTP/1.1" 200 0 "-" "WordPress/6.8.1; https://read11.windbreakermanga.com"
162.0.232.193 - - [17/Jun/2025:09:16:25 -0400] "GET /wind-breaker-chapter-458/ HTTP/1.1" 200 12186 "-" "WP Rocket/Preload"
162.0.232.193 - - [17/Jun/2025:09:16:30 -0400] "GET /wind-breaker-chapter-458/ HTTP/1.1" 200 0 "-" "WP Rocket/Preload Mozilla/5.0 (iPhone; CPU iPhone OS 9_1 like Mac OS X) AppleWebKit/601.1.46 (KHTML, like Gecko) Version/9.0 Mobile/13B143 Safari/601.1"
162.0.232.193 - - [17/Jun/2025:09:16:31 -0400] "GET /wind-breaker-chapter-442/ HTTP/1.1" 200 0 "-" "WP Rocket/Preload"
162.0.232.193 - - [17/Jun/2025:09:16:33 -0400] "GET /wind-breaker-chapter-442/ HTTP/1.1" 200 0 "-" "WP Rocket/Preload Mozilla/5.0 (iPhone; CPU iPhone OS 9_1 like Mac OS X) AppleWebKit/601.1.46 (KHTML, like Gecko) Version/9.0 Mobile/13B143 Safari/601.1"
162.0.232.193 - - [17/Jun/2025:09:16:35 -0400] "GET /chapter-419/ HTTP/1.1" 200 0 "-" "WP Rocket/Preload"
188.215.235.103 - - [17/Jun/2025:09:16:36 -0400] "GET / HTTP/1.1" 200 12660 "-" "Mozilla/5.0 (Windows NT 10.0; Win64; x64) AppleWebKit/537.36 (KHTML, like Gecko) Chrome/84.0.4147.89 Safari/537.36"
162.0.232.193 - - [17/Jun/2025:09:16:36 -0400] "GET /chapter-419/ HTTP/1.1" 200 0 "-" "WP Rocket/Preload Mozilla/5.0 (iPhone; CPU iPhone OS 9_1 like Mac OS X) AppleWebKit/601.1.46 (KHTML, like Gecko) Version/9.0 Mobile/13B143 Safari/601.1"
162.0.232.193 - - [17/Jun/2025:09:16:38 -0400] "GET /wind-breaker-chapter-375/ HTTP/1.1" 200 0 "-" "WP Rocket/Preload"
162.0.232.193 - - [17/Jun/2025:09:16:39 -0400] "GET /wind-breaker-chapter-375/ HTTP/1.1" 200 0 "-" "WP Rocket/Preload Mozilla/5.0 (iPhone; CPU iPhone OS 9_1 like Mac OS X) AppleWebKit/601.1.46 (KHTML, like Gecko) Version/9.0 Mobile/13B143 Safari/601.1"
114.119.130.178 - - [17/Jun/2025:09:16:38 -0400] "GET /wind-breaker-chapter-139-5/ HTTP/1.1" 301 0 "https://read10.windbreakermanga.com/tag/windbreaker-manga/" "Mozilla/5.0 (Linux; Android 7.0;) AppleWebKit/537.36 (KHTML, like Gecko) Mobile Safari/537.36 (compatible; PetalBot;+https://webmaster.petalsearch.com/site/petalbot)"
162.0.232.193 - - [17/Jun/2025:09:16:41 -0400] "GET /wind-breaker-chapter-520/ HTTP/1.1" 200 0 "-" "WP Rocket/Preload"
162.0.232.193 - - [17/Jun/2025:09:16:43 -0400] "GET /wind-breaker-chapter-520/ HTTP/1.1" 200 0 "-" "WP Rocket/Preload Mozilla/5.0 (iPhone; CPU iPhone OS 9_1 like Mac OS X) AppleWebKit/601.1.46 (KHTML, like Gecko) Version/9.0 Mobile/13B143 Safari/601.1"
162.0.232.193 - - [17/Jun/2025:09:16:46 -0400] "POST /wp-cron.php?doing_wp_cron=1750166206.1950309276580810546875 HTTP/1.1" 200 0 "-" "WordPress/6.8.1; https://read11.windbreakermanga.com"
114.119.130.178 - - [17/Jun/2025:09:16:48 -0400] "GET / HTTP/1.1" 200 12649 "https://read10.windbreakermanga.com/tag/windbreaker-manga/" "Mozilla/5.0 (Linux; Android 7.0;) AppleWebKit/537.36 (KHTML, like Gecko) Mobile Safari/537.36 (compatible; PetalBot;+https://webmaster.petalsearch.com/site/petalbot)"
66.249.77.192 - - [17/Jun/2025:09:16:54 -0400] "GET /shopping/6412660 HTTP/1.1" 200 81260 "-" "Mozilla/5.0 (Linux; Android 6.0.1; Nexus 5X Build/MMB29P) AppleWebKit/537.36 (KHTML, like Gecko) Chrome/136.0.7103.113 Mobile Safari/537.36 (compatible; Googlebot/2.1; +http://www.google.com/bot.html)"
162.0.232.193 - - [17/Jun/2025:09:17:15 -0400] "POST /wp-cron.php?doing_wp_cron=1750166235.6994080543518066406250 HTTP/1.1" 200 0 "-" "WordPress/6.8.1; https://read11.windbreakermanga.com"
81.88.52.227 - - [17/Jun/2025:09:17:17 -0400] "POST /xmlrpc.php HTTP/1.1" 200 205 "-" "Mozilla/5.0 (X11; Ubuntu; Linux x86_64; rv:85.0) Gecko/20100101 Firefox/91.0"
40.77.167.25 - - [17/Jun/2025:09:17:17 -0400] "GET /wind-breaker-chapter-480/ HTTP/1.1" 200 81743 "-" "Mozilla/5.0 AppleWebKit/537.36 (KHTML, like Gecko; compatible; bingbot/2.0; +http://www.bing.com/bingbot.htm) Chrome/116.0.1938.76 Safari/537.36"
162.0.232.193 - - [17/Jun/2025:09:17:25 -0400] "POST /wp-cron.php?doing_wp_cron=1750166245.0933868885040283203125 HTTP/1.1" 200 0 "-" "WordPress/6.8.1; https://read11.windbreakermanga.com"
162.0.232.193 - - [17/Jun/2025:09:17:26 -0400] "GET /wind-breaker-chapter-501/ HTTP/1.1" 200 0 "-" "WP Rocket/Preload"
162.0.232.193 - - [17/Jun/2025:09:17:28 -0400] "GET /wind-breaker-chapter-501/ HTTP/1.1" 200 0 "-" "WP Rocket/Preload Mozilla/5.0 (iPhone; CPU iPhone OS 9_1 like Mac OS X) AppleWebKit/601.1.46 (KHTML, like Gecko) Version/9.0 Mobile/13B143 Safari/601.1"
162.0.232.193 - - [17/Jun/2025:09:17:30 -0400] "GET /wind-breaker-chapter-478/ HTTP/1.1" 200 0 "-" "WP Rocket/Preload"
162.0.232.193 - - [17/Jun/2025:09:17:31 -0400] "GET /wind-breaker-chapter-478/ HTTP/1.1" 200 0 "-" "WP Rocket/Preload Mozilla/5.0 (iPhone; CPU iPhone OS 9_1 like Mac OS X) AppleWebKit/601.1.46 (KHTML, like Gecko) Version/9.0 Mobile/13B143 Safari/601.1"
162.0.232.193 - - [17/Jun/2025:09:17:33 -0400] "GET /chapter-400/ HTTP/1.1" 200 11083 "-" "WP Rocket/Preload"
162.0.232.193 - - [17/Jun/2025:09:17:36 -0400] "GET /chapter-400/ HTTP/1.1" 200 0 "-" "WP Rocket/Preload Mozilla/5.0 (iPhone; CPU iPhone OS 9_1 like Mac OS X) AppleWebKit/601.1.46 (KHTML, like Gecko) Version/9.0 Mobile/13B143 Safari/601.1"
162.0.232.193 - - [17/Jun/2025:09:17:38 -0400] "GET /wind-breaker-chapter-368/ HTTP/1.1" 200 0 "-" "WP Rocket/Preload"
162.0.232.193 - - [17/Jun/2025:09:17:40 -0400] "GET /wind-breaker-chapter-368/ HTTP/1.1" 200 0 "-" "WP Rocket/Preload Mozilla/5.0 (iPhone; CPU iPhone OS 9_1 like Mac OS X) AppleWebKit/601.1.46 (KHTML, like Gecko) Version/9.0 Mobile/13B143 Safari/601.1"
162.0.232.193 - - [17/Jun/2025:09:17:41 -0400] "GET /wind-breaker-chapter-540/ HTTP/1.1" 200 0 "-" "WP Rocket/Preload"
162.0.232.193 - - [17/Jun/2025:09:17:43 -0400] "GET /wind-breaker-chapter-540/ HTTP/1.1" 200 0 "-" "WP Rocket/Preload Mozilla/5.0 (iPhone; CPU iPhone OS 9_1 like Mac OS X) AppleWebKit/601.1.46 (KHTML, like Gecko) Version/9.0 Mobile/13B143 Safari/601.1"
162.0.232.193 - - [17/Jun/2025:09:17:45 -0400] "GET /wind-breaker-chapter-386/ HTTP/1.1" 200 0 "-" "WP Rocket/Preload"
162.0.232.193 - - [17/Jun/2025:09:17:46 -0400] "GET /wind-breaker-chapter-386/ HTTP/1.1" 200 0 "-" "WP Rocket/Preload Mozilla/5.0 (iPhone; CPU iPhone OS 9_1 like Mac OS X) AppleWebKit/601.1.46 (KHTML, like Gecko) Version/9.0 Mobile/13B143 Safari/601.1"
162.0.232.193 - - [17/Jun/2025:09:17:55 -0400] "POST /wp-cron.php?doing_wp_cron=1750166274.8731839656829833984375 HTTP/1.1" 200 0 "-" "WordPress/6.8.1; https://read11.windbreakermanga.com"
162.0.232.193 - - [17/Jun/2025:09:18:13 -0400] "POST /wp-cron.php?doing_wp_cron=1750166292.8793790340423583984375 HTTP/1.1" 200 0 "-" "WordPress/6.8.1; https://read11.windbreakermanga.com"
162.0.232.193 - - [17/Jun/2025:09:18:17 -0400] "GET /wp-content/uploads/f979bbbcbe9df560cb74049269d2541e_4104.xml HTTP/1.1" 200 2276 "-" "Mozilla/5.0 (X11; Linux x86_64) AppleWebKit/537.36 (KHTML, like Gecko) Ubuntu Chromium/41.0.2272.76"
114.119.139.202 - - [17/Jun/2025:09:18:17 -0400] "GET /wind-breaker-chapter-70/ HTTP/1.1" 200 12235 "https://read10.windbreakermanga.com/tag/windbreaker-manga/" "Mozilla/5.0 (Linux; Android 7.0;) AppleWebKit/537.36 (KHTML, like Gecko) Mobile Safari/537.36 (compatible; PetalBot;+https://webmaster.petalsearch.com/site/petalbot)"
43.153.35.128 - - [17/Jun/2025:09:18:55 -0400] "GET /wind-breaker-chapter-142/ HTTP/1.1" 200 12272 "-" "Mozilla/5.0 (iPhone; CPU iPhone OS 13_2_3 like Mac OS X) AppleWebKit/605.1.15 (KHTML, like Gecko) Version/13.0.3 Mobile/15E148 Safari/604.1"
66.249.77.193 - - [17/Jun/2025:09:18:55 -0400] "GET /shopping/113954844 HTTP/1.1" 200 81278 "-" "Mozilla/5.0 (Linux; Android 6.0.1; Nexus 5X Build/MMB29P) AppleWebKit/537.36 (KHTML, like Gecko) Chrome/136.0.7103.113 Mobile Safari/537.36 (compatible; Googlebot/2.1; +http://www.google.com/bot.html)"
47.82.61.224 - - [17/Jun/2025:09:19:08 -0400] "GET /wind-breaker-chapter-481/ HTTP/1.1" 200 12014 "https://read11.windbreakermanga.com/wind-breaker-chapter-481/" "Mozilla/5.0 (Windows NT 10.0; Win64; x64) AppleWebKit/537.36 (KHTML, like Gecko) Chrome/114.0.0.0 Safari/537.36 Edg/114.0.1823.43"
162.0.232.193 - - [17/Jun/2025:09:19:13 -0400] "POST /wp-cron.php?doing_wp_cron=1750166353.0098819732666015625000 HTTP/1.1" 200 0 "-" "WordPress/6.8.1; https://read11.windbreakermanga.com"
162.0.232.193 - - [17/Jun/2025:09:19:13 -0400] "POST /wp-cron.php?doing_wp_cron=1750166353.5014040470123291015625 HTTP/1.1" 200 0 "-" "WordPress/6.8.1; https://read11.windbreakermanga.com"
