112.208.76.48 - - [08/Jun/2025:13:13:08 -0400] "GET /manga/wotakoi-love-is-hard-for-otaku-chapter-2/ HTTP/1.1" 200 45734 "https://wotaku-manga.com/manga/wotakoi-love-is-hard-for-otaku-chapter-1/" "Mozilla/5.0 (Linux; Android 10; K) AppleWebKit/537.36 (KHTML, like Gecko) Chrome/137.0.0.0 Mobile Safari/537.36"
112.208.76.48 - - [08/Jun/2025:13:13:08 -0400] "GET /tag/wotakoi-love-is-hard-for-otaku/ HTTP/1.1" 301 0 "https://wotaku-manga.com/manga/wotakoi-love-is-hard-for-otaku-chapter-1/" "Mozilla/5.0 (Linux; Android 10; K) AppleWebKit/537.36 (KHTML, like Gecko) Chrome/137.0.0.0 Mobile Safari/537.36"
112.208.76.48 - - [08/Jun/2025:13:13:09 -0400] "GET / HTTP/1.1" 304 0 "https://wotaku-manga.com/manga/wotakoi-love-is-hard-for-otaku-chapter-1/" "Mozilla/5.0 (Linux; Android 10; K) AppleWebKit/537.36 (KHTML, like Gecko) Chrome/137.0.0.0 Mobile Safari/537.36"
112.208.76.48 - - [08/Jun/2025:13:13:09 -0400] "GET / HTTP/1.1" 304 0 "https://wotaku-manga.com/manga/wotakoi-love-is-hard-for-otaku-chapter-1/" "Mozilla/5.0 (Linux; Android 10; K) AppleWebKit/537.36 (KHTML, like Gecko) Chrome/137.0.0.0 Mobile Safari/537.36"
112.208.76.48 - - [08/Jun/2025:13:13:09 -0400] "GET /manga/wotakoi-love-is-hard-for-otaku-chapter-2/ HTTP/1.1" 304 0 "https://wotaku-manga.com/manga/wotakoi-love-is-hard-for-otaku-chapter-1/" "Mozilla/5.0 (Linux; Android 10; K) AppleWebKit/537.36 (KHTML, like Gecko) Chrome/137.0.0.0 Mobile Safari/537.36"
112.208.76.48 - - [08/Jun/2025:13:13:09 -0400] "GET / HTTP/1.1" 304 0 "https://wotaku-manga.com/manga/wotakoi-love-is-hard-for-otaku-chapter-1/" "Mozilla/5.0 (Linux; Android 10; K) AppleWebKit/537.36 (KHTML, like Gecko) Chrome/137.0.0.0 Mobile Safari/537.36"
112.208.76.48 - - [08/Jun/2025:13:13:09 -0400] "GET /manga/wotakoi-love-is-hard-for-otaku-chapter-2/ HTTP/1.1" 304 0 "https://wotaku-manga.com/manga/wotakoi-love-is-hard-for-otaku-chapter-1/" "Mozilla/5.0 (Linux; Android 10; K) AppleWebKit/537.36 (KHTML, like Gecko) Chrome/137.0.0.0 Mobile Safari/537.36"
112.208.76.48 - - [08/Jun/2025:13:13:10 -0400] "GET /manga/wotakoi-love-is-hard-for-otaku-chapter-0/ HTTP/1.1" 304 0 "https://wotaku-manga.com/manga/wotakoi-love-is-hard-for-otaku-chapter-2/" "Mozilla/5.0 (Linux; Android 10; K) AppleWebKit/537.36 (KHTML, like Gecko) Chrome/137.0.0.0 Mobile Safari/537.36"
112.208.76.48 - - [08/Jun/2025:13:13:11 -0400] "GET /manga/wotakoi-love-is-hard-for-otaku-chapter-0/ HTTP/1.1" 304 0 "https://wotaku-manga.com/manga/wotakoi-love-is-hard-for-otaku-chapter-2/" "Mozilla/5.0 (Linux; Android 10; K) AppleWebKit/537.36 (KHTML, like Gecko) Chrome/137.0.0.0 Mobile Safari/537.36"
2405:4802:d0b3:bb00:80e7:d01f:7920:fde3 - - [08/Jun/2025:13:13:28 -0400] "GET /category/wotakoi-manga/ HTTP/1.1" 304 0 "https://wotaku-manga.com/manga/wotaku-ni-koi-wa-muzukashii-chapter-32/" "Mozilla/5.0 (Linux; Android 10; K) AppleWebKit/537.36 (KHTML, like Gecko) SamsungBrowser/28.0 Chrome/130.0.0.0 Mobile Safari/537.36"
2405:4802:d0b3:bb00:80e7:d01f:7920:fde3 - - [08/Jun/2025:13:13:28 -0400] "GET /category/wotakoi-manga/ HTTP/1.1" 304 0 "https://wotaku-manga.com/manga/wotaku-ni-koi-wa-muzukashii-chapter-32/" "Mozilla/5.0 (Linux; Android 10; K) AppleWebKit/537.36 (KHTML, like Gecko) SamsungBrowser/28.0 Chrome/130.0.0.0 Mobile Safari/537.36"
2405:4802:d0b3:bb00:80e7:d01f:7920:fde3 - - [08/Jun/2025:13:13:29 -0400] "GET / HTTP/1.1" 304 0 "https://wotaku-manga.com/manga/wotaku-ni-koi-wa-muzukashii-chapter-32/" "Mozilla/5.0 (Linux; Android 10; K) AppleWebKit/537.36 (KHTML, like Gecko) SamsungBrowser/28.0 Chrome/130.0.0.0 Mobile Safari/537.36"
2405:4802:d0b3:bb00:80e7:d01f:7920:fde3 - - [08/Jun/2025:13:13:29 -0400] "GET / HTTP/1.1" 304 0 "https://wotaku-manga.com/manga/wotaku-ni-koi-wa-muzukashii-chapter-32/" "Mozilla/5.0 (Linux; Android 10; K) AppleWebKit/537.36 (KHTML, like Gecko) SamsungBrowser/28.0 Chrome/130.0.0.0 Mobile Safari/537.36"
2405:4802:d0b3:bb00:80e7:d01f:7920:fde3 - - [08/Jun/2025:13:13:31 -0400] "GET / HTTP/1.1" 304 0 "https://wotaku-manga.com/manga/wotaku-ni-koi-wa-muzukashii-chapter-32/" "Mozilla/5.0 (Linux; Android 10; K) AppleWebKit/537.36 (KHTML, like Gecko) SamsungBrowser/28.0 Chrome/130.0.0.0 Mobile Safari/537.36"
2405:4802:d0b3:bb00:80e7:d01f:7920:fde3 - - [08/Jun/2025:13:13:31 -0400] "GET / HTTP/1.1" 304 0 "https://wotaku-manga.com/manga/wotaku-ni-koi-wa-muzukashii-chapter-32/" "Mozilla/5.0 (Linux; Android 10; K) AppleWebKit/537.36 (KHTML, like Gecko) SamsungBrowser/28.0 Chrome/130.0.0.0 Mobile Safari/537.36"
112.208.76.48 - - [08/Jun/2025:13:13:31 -0400] "GET /manga/wotakoi-love-is-hard-for-otaku-chapter-3/ HTTP/1.1" 200 43340 "https://wotaku-manga.com/manga/wotakoi-love-is-hard-for-otaku-chapter-2/" "Mozilla/5.0 (Linux; Android 10; K) AppleWebKit/537.36 (KHTML, like Gecko) Chrome/137.0.0.0 Mobile Safari/537.36"
112.208.76.48 - - [08/Jun/2025:13:13:31 -0400] "GET /category/wotakoi-love-is-hard-for-otaku-manga-chapters/ HTTP/1.1" 200 46564 "https://wotaku-manga.com/manga/wotakoi-love-is-hard-for-otaku-chapter-2/" "Mozilla/5.0 (Linux; Android 10; K) AppleWebKit/537.36 (KHTML, like Gecko) Chrome/137.0.0.0 Mobile Safari/537.36"
112.208.76.48 - - [08/Jun/2025:13:13:32 -0400] "GET /manga/wotakoi-love-is-hard-for-otaku-chapter-3/ HTTP/1.1" 304 0 "https://wotaku-manga.com/manga/wotakoi-love-is-hard-for-otaku-chapter-2/" "Mozilla/5.0 (Linux; Android 10; K) AppleWebKit/537.36 (KHTML, like Gecko) Chrome/137.0.0.0 Mobile Safari/537.36"
112.208.76.48 - - [08/Jun/2025:13:13:32 -0400] "GET /category/wotakoi-love-is-hard-for-otaku-manga-chapters/ HTTP/1.1" 304 0 "https://wotaku-manga.com/manga/wotakoi-love-is-hard-for-otaku-chapter-2/" "Mozilla/5.0 (Linux; Android 10; K) AppleWebKit/537.36 (KHTML, like Gecko) Chrome/137.0.0.0 Mobile Safari/537.36"
2405:4802:d0b3:bb00:80e7:d01f:7920:fde3 - - [08/Jun/2025:13:13:32 -0400] "GET /manga/wotaku-ni-koi-wa-muzukashii-chapter-33/ HTTP/1.1" 200 43236 "https://wotaku-manga.com/manga/wotaku-ni-koi-wa-muzukashii-chapter-32/" "Mozilla/5.0 (Linux; Android 10; K) AppleWebKit/537.36 (KHTML, like Gecko) SamsungBrowser/28.0 Chrome/130.0.0.0 Mobile Safari/537.36"
2405:4802:d0b3:bb00:80e7:d01f:7920:fde3 - - [08/Jun/2025:13:13:32 -0400] "GET /manga/wotaku-ni-koi-wa-muzukashii-chapter-33/ HTTP/1.1" 304 0 "https://wotaku-manga.com/manga/wotaku-ni-koi-wa-muzukashii-chapter-32/" "Mozilla/5.0 (Linux; Android 10; K) AppleWebKit/537.36 (KHTML, like Gecko) SamsungBrowser/28.0 Chrome/130.0.0.0 Mobile Safari/537.36"
112.208.76.48 - - [08/Jun/2025:13:13:33 -0400] "GET /wotakoi-volume-list/ HTTP/1.1" 304 0 "https://wotaku-manga.com/manga/wotakoi-love-is-hard-for-otaku-chapter-3/" "Mozilla/5.0 (Linux; Android 10; K) AppleWebKit/537.36 (KHTML, like Gecko) Chrome/137.0.0.0 Mobile Safari/537.36"
2405:4802:d0b3:bb00:80e7:d01f:7920:fde3 - - [08/Jun/2025:13:13:34 -0400] "GET /manga/wotakoi-love-is-hard-for-otaku-chapter-87/ HTTP/1.1" 304 0 "https://wotaku-manga.com/manga/wotaku-ni-koi-wa-muzukashii-chapter-33/" "Mozilla/5.0 (Linux; Android 10; K) AppleWebKit/537.36 (KHTML, like Gecko) SamsungBrowser/28.0 Chrome/130.0.0.0 Mobile Safari/537.36"
162.0.232.193 - - [08/Jun/2025:13:13:34 -0400] "POST /wp-cron.php?doing_wp_cron=1749402814.0352680683135986328125 HTTP/1.1" 200 0 "-" "WordPress/6.8.1; https://wotaku-manga.com"
112.208.76.48 - - [08/Jun/2025:13:13:34 -0400] "GET /wotakoi-volume-list/ HTTP/1.1" 304 0 "https://wotaku-manga.com/manga/wotakoi-love-is-hard-for-otaku-chapter-3/" "Mozilla/5.0 (Linux; Android 10; K) AppleWebKit/537.36 (KHTML, like Gecko) Chrome/137.0.0.0 Mobile Safari/537.36"
112.208.76.48 - - [08/Jun/2025:13:13:33 -0400] "POST /wp-admin/admin-ajax.php HTTP/1.1" 200 61 "https://wotaku-manga.com/manga/wotakoi-love-is-hard-for-otaku-chapter-3/" "Mozilla/5.0 (Linux; Android 10; K) AppleWebKit/537.36 (KHTML, like Gecko) Chrome/137.0.0.0 Mobile Safari/537.36"
2405:4802:d0b3:bb00:80e7:d01f:7920:fde3 - - [08/Jun/2025:13:13:34 -0400] "POST /wp-admin/admin-ajax.php HTTP/1.1" 200 61 "https://wotaku-manga.com/manga/wotaku-ni-koi-wa-muzukashii-chapter-33/" "Mozilla/5.0 (Linux; Android 10; K) AppleWebKit/537.36 (KHTML, like Gecko) SamsungBrowser/28.0 Chrome/130.0.0.0 Mobile Safari/537.36"
2405:4802:d0b3:bb00:80e7:d01f:7920:fde3 - - [08/Jun/2025:13:13:35 -0400] "GET /manga/wotakoi-love-is-hard-for-otaku-chapter-87/ HTTP/1.1" 304 0 "https://wotaku-manga.com/manga/wotaku-ni-koi-wa-muzukashii-chapter-33/" "Mozilla/5.0 (Linux; Android 10; K) AppleWebKit/537.36 (KHTML, like Gecko) SamsungBrowser/28.0 Chrome/130.0.0.0 Mobile Safari/537.36"
112.208.76.48 - - [08/Jun/2025:13:13:43 -0400] "GET /manga/wotakoi-love-is-hard-for-otaku-chapter-82/ HTTP/1.1" 304 0 "https://wotaku-manga.com/manga/wotakoi-love-is-hard-for-otaku-chapter-3/" "Mozilla/5.0 (Linux; Android 10; K) AppleWebKit/537.36 (KHTML, like Gecko) Chrome/137.0.0.0 Mobile Safari/537.36"
112.208.76.48 - - [08/Jun/2025:13:13:43 -0400] "GET /manga/wotakoi-love-is-hard-for-otaku-chapter-82/ HTTP/1.1" 304 0 "https://wotaku-manga.com/manga/wotakoi-love-is-hard-for-otaku-chapter-3/" "Mozilla/5.0 (Linux; Android 10; K) AppleWebKit/537.36 (KHTML, like Gecko) Chrome/137.0.0.0 Mobile Safari/537.36"
112.208.76.48 - - [08/Jun/2025:13:13:44 -0400] "GET /manga/wotakoi-love-is-hard-for-otaku-chapter-84/ HTTP/1.1" 200 45871 "https://wotaku-manga.com/manga/wotakoi-love-is-hard-for-otaku-chapter-3/" "Mozilla/5.0 (Linux; Android 10; K) AppleWebKit/537.36 (KHTML, like Gecko) Chrome/137.0.0.0 Mobile Safari/537.36"
112.208.76.48 - - [08/Jun/2025:13:13:44 -0400] "GET /manga/wotakoi-love-is-hard-for-otaku-chapter-84/ HTTP/1.1" 304 0 "https://wotaku-manga.com/manga/wotakoi-love-is-hard-for-otaku-chapter-3/" "Mozilla/5.0 (Linux; Android 10; K) AppleWebKit/537.36 (KHTML, like Gecko) Chrome/137.0.0.0 Mobile Safari/537.36"
112.208.76.48 - - [08/Jun/2025:13:13:45 -0400] "GET /manga/wotakoi-love-is-hard-for-otaku-chapter-2/ HTTP/1.1" 304 0 "https://wotaku-manga.com/manga/wotakoi-love-is-hard-for-otaku-chapter-3/" "Mozilla/5.0 (Linux; Android 10; K) AppleWebKit/537.36 (KHTML, like Gecko) Chrome/137.0.0.0 Mobile Safari/537.36"
112.208.76.48 - - [08/Jun/2025:13:13:45 -0400] "GET /manga/wotakoi-love-is-hard-for-otaku-chapter-2/ HTTP/1.1" 304 0 "https://wotaku-manga.com/manga/wotakoi-love-is-hard-for-otaku-chapter-3/" "Mozilla/5.0 (Linux; Android 10; K) AppleWebKit/537.36 (KHTML, like Gecko) Chrome/137.0.0.0 Mobile Safari/537.36"
112.208.76.48 - - [08/Jun/2025:13:13:46 -0400] "GET /manga/wotakoi-love-is-hard-for-otaku-chapter-4/ HTTP/1.1" 200 42637 "https://wotaku-manga.com/manga/wotakoi-love-is-hard-for-otaku-chapter-3/" "Mozilla/5.0 (Linux; Android 10; K) AppleWebKit/537.36 (KHTML, like Gecko) Chrome/137.0.0.0 Mobile Safari/537.36"
180.191.163.35 - - [08/Jun/2025:13:13:46 -0400] "GET / HTTP/1.1" 200 37329 "https://www.google.com/" "Mozilla/5.0 (Macintosh; Intel Mac OS X 10_15_7) AppleWebKit/605.1.15 (KHTML, like Gecko) Brave/1 Version/18.5 Safari/605.1.15"
112.208.76.48 - - [08/Jun/2025:13:13:46 -0400] "GET /manga/wotakoi-love-is-hard-for-otaku-chapter-4/ HTTP/1.1" 304 0 "https://wotaku-manga.com/manga/wotakoi-love-is-hard-for-otaku-chapter-3/" "Mozilla/5.0 (Linux; Android 10; K) AppleWebKit/537.36 (KHTML, like Gecko) Chrome/137.0.0.0 Mobile Safari/537.36"
162.0.232.193 - - [08/Jun/2025:13:13:48 -0400] "POST /wp-cron.php?doing_wp_cron=1749402827.7949249744415283203125 HTTP/1.1" 200 0 "-" "WordPress/6.8.1; https://wotaku-manga.com"
112.208.76.48 - - [08/Jun/2025:13:13:47 -0400] "POST /wp-admin/admin-ajax.php HTTP/1.1" 200 61 "https://wotaku-manga.com/manga/wotakoi-love-is-hard-for-otaku-chapter-4/" "Mozilla/5.0 (Linux; Android 10; K) AppleWebKit/537.36 (KHTML, like Gecko) Chrome/137.0.0.0 Mobile Safari/537.36"
180.191.163.35 - - [08/Jun/2025:13:13:55 -0400] "GET /manga/wotakoi-love-is-hard-for-otaku-chapter-14/ HTTP/1.1" 200 42041 "https://wotaku-manga.com/" "Mozilla/5.0 (Macintosh; Intel Mac OS X 10_15_7) AppleWebKit/605.1.15 (KHTML, like Gecko) Brave/1 Version/18.5 Safari/605.1.15"
180.191.163.35 - - [08/Jun/2025:13:13:57 -0400] "POST /wp-admin/admin-ajax.php HTTP/1.1" 200 61 "https://wotaku-manga.com/manga/wotakoi-love-is-hard-for-otaku-chapter-14/" "Mozilla/5.0 (Macintosh; Intel Mac OS X 10_15_7) AppleWebKit/605.1.15 (KHTML, like Gecko) Brave/1 Version/18.5 Safari/605.1.15"
180.191.163.35 - - [08/Jun/2025:13:14:08 -0400] "GET /manga/wotakoi-love-is-hard-for-otaku-chapter-15/ HTTP/1.1" 200 41369 "https://wotaku-manga.com/manga/wotakoi-love-is-hard-for-otaku-chapter-14/" "Mozilla/5.0 (Macintosh; Intel Mac OS X 10_15_7) AppleWebKit/605.1.15 (KHTML, like Gecko) Brave/1 Version/18.5 Safari/605.1.15"
180.191.163.35 - - [08/Jun/2025:13:14:18 -0400] "GET /manga/wotakoi-love-is-hard-for-otaku-chapter-16/ HTTP/1.1" 200 41524 "https://wotaku-manga.com/manga/wotakoi-love-is-hard-for-otaku-chapter-15/" "Mozilla/5.0 (Macintosh; Intel Mac OS X 10_15_7) AppleWebKit/605.1.15 (KHTML, like Gecko) Brave/1 Version/18.5 Safari/605.1.15"
2405:4802:d0b3:bb00:80e7:d01f:7920:fde3 - - [08/Jun/2025:13:14:29 -0400] "GET /category/wotakoi-love-is-hard-for-otaku-manga-read-online/ HTTP/1.1" 304 0 "https://wotaku-manga.com/manga/wotaku-ni-koi-wa-muzukashii-chapter-33/" "Mozilla/5.0 (Linux; Android 10; K) AppleWebKit/537.36 (KHTML, like Gecko) SamsungBrowser/28.0 Chrome/130.0.0.0 Mobile Safari/537.36"
2405:4802:d0b3:bb00:80e7:d01f:7920:fde3 - - [08/Jun/2025:13:14:30 -0400] "GET / HTTP/1.1" 304 0 "https://wotaku-manga.com/manga/wotaku-ni-koi-wa-muzukashii-chapter-33/" "Mozilla/5.0 (Linux; Android 10; K) AppleWebKit/537.36 (KHTML, like Gecko) SamsungBrowser/28.0 Chrome/130.0.0.0 Mobile Safari/537.36"
2405:4802:d0b3:bb00:80e7:d01f:7920:fde3 - - [08/Jun/2025:13:14:30 -0400] "GET /category/wotakoi-love-is-hard-for-otaku-manga-read-online/ HTTP/1.1" 304 0 "https://wotaku-manga.com/manga/wotaku-ni-koi-wa-muzukashii-chapter-33/" "Mozilla/5.0 (Linux; Android 10; K) AppleWebKit/537.36 (KHTML, like Gecko) SamsungBrowser/28.0 Chrome/130.0.0.0 Mobile Safari/537.36"
2405:4802:d0b3:bb00:80e7:d01f:7920:fde3 - - [08/Jun/2025:13:14:30 -0400] "GET / HTTP/1.1" 304 0 "https://wotaku-manga.com/manga/wotaku-ni-koi-wa-muzukashii-chapter-33/" "Mozilla/5.0 (Linux; Android 10; K) AppleWebKit/537.36 (KHTML, like Gecko) SamsungBrowser/28.0 Chrome/130.0.0.0 Mobile Safari/537.36"
180.191.163.35 - - [08/Jun/2025:13:14:31 -0400] "GET /manga/wotakoi-love-is-hard-for-otaku-chapter-17/ HTTP/1.1" 200 42027 "https://wotaku-manga.com/manga/wotakoi-love-is-hard-for-otaku-chapter-16/" "Mozilla/5.0 (Macintosh; Intel Mac OS X 10_15_7) AppleWebKit/605.1.15 (KHTML, like Gecko) Brave/1 Version/18.5 Safari/605.1.15"
2405:4802:d0b3:bb00:80e7:d01f:7920:fde3 - - [08/Jun/2025:13:14:32 -0400] "GET /manga/wotaku-ni-koi-wa-muzukashii-chapter-32/ HTTP/1.1" 304 0 "https://wotaku-manga.com/manga/wotaku-ni-koi-wa-muzukashii-chapter-33/" "Mozilla/5.0 (Linux; Android 10; K) AppleWebKit/537.36 (KHTML, like Gecko) SamsungBrowser/28.0 Chrome/130.0.0.0 Mobile Safari/537.36"
2405:4802:d0b3:bb00:80e7:d01f:7920:fde3 - - [08/Jun/2025:13:14:32 -0400] "GET /manga/wotaku-ni-koi-wa-muzukashii-chapter-32/ HTTP/1.1" 304 0 "https://wotaku-manga.com/manga/wotaku-ni-koi-wa-muzukashii-chapter-33/" "Mozilla/5.0 (Linux; Android 10; K) AppleWebKit/537.36 (KHTML, like Gecko) SamsungBrowser/28.0 Chrome/130.0.0.0 Mobile Safari/537.36"
2405:4802:d0b3:bb00:80e7:d01f:7920:fde3 - - [08/Jun/2025:13:14:33 -0400] "GET /manga/wotaku-ni-koi-wa-muzukashii-chapter-34/ HTTP/1.1" 200 42985 "https://wotaku-manga.com/manga/wotaku-ni-koi-wa-muzukashii-chapter-33/" "Mozilla/5.0 (Linux; Android 10; K) AppleWebKit/537.36 (KHTML, like Gecko) SamsungBrowser/28.0 Chrome/130.0.0.0 Mobile Safari/537.36"
2405:4802:d0b3:bb00:80e7:d01f:7920:fde3 - - [08/Jun/2025:13:14:33 -0400] "GET /manga/wotaku-ni-koi-wa-muzukashii-chapter-34/ HTTP/1.1" 304 0 "https://wotaku-manga.com/manga/wotaku-ni-koi-wa-muzukashii-chapter-33/" "Mozilla/5.0 (Linux; Android 10; K) AppleWebKit/537.36 (KHTML, like Gecko) SamsungBrowser/28.0 Chrome/130.0.0.0 Mobile Safari/537.36"
2405:4802:d0b3:bb00:80e7:d01f:7920:fde3 - - [08/Jun/2025:13:14:36 -0400] "GET /manga/wotakoi-love-is-hard-for-otaku-chapter-0/ HTTP/1.1" 304 0 "https://wotaku-manga.com/manga/wotaku-ni-koi-wa-muzukashii-chapter-34/" "Mozilla/5.0 (Linux; Android 10; K) AppleWebKit/537.36 (KHTML, like Gecko) SamsungBrowser/28.0 Chrome/130.0.0.0 Mobile Safari/537.36"
2405:4802:d0b3:bb00:80e7:d01f:7920:fde3 - - [08/Jun/2025:13:14:36 -0400] "GET /manga/wotakoi-love-is-hard-for-otaku-chapter-0/ HTTP/1.1" 304 0 "https://wotaku-manga.com/manga/wotaku-ni-koi-wa-muzukashii-chapter-34/" "Mozilla/5.0 (Linux; Android 10; K) AppleWebKit/537.36 (KHTML, like Gecko) SamsungBrowser/28.0 Chrome/130.0.0.0 Mobile Safari/537.36"
162.0.232.193 - - [08/Jun/2025:13:14:37 -0400] "POST /wp-cron.php?doing_wp_cron=1749402876.9611499309539794921875 HTTP/1.1" 200 0 "-" "WordPress/6.8.1; https://wotaku-manga.com"
2405:4802:d0b3:bb00:80e7:d01f:7920:fde3 - - [08/Jun/2025:13:14:36 -0400] "POST /wp-admin/admin-ajax.php HTTP/1.1" 200 61 "https://wotaku-manga.com/manga/wotaku-ni-koi-wa-muzukashii-chapter-34/" "Mozilla/5.0 (Linux; Android 10; K) AppleWebKit/537.36 (KHTML, like Gecko) SamsungBrowser/28.0 Chrome/130.0.0.0 Mobile Safari/537.36"
180.191.163.35 - - [08/Jun/2025:13:14:50 -0400] "GET /manga/wotakoi-love-is-hard-for-otaku-chapter-17-5/ HTTP/1.1" 200 41622 "https://wotaku-manga.com/manga/wotakoi-love-is-hard-for-otaku-chapter-17/" "Mozilla/5.0 (Macintosh; Intel Mac OS X 10_15_7) AppleWebKit/605.1.15 (KHTML, like Gecko) Brave/1 Version/18.5 Safari/605.1.15"
180.191.163.35 - - [08/Jun/2025:13:15:12 -0400] "GET /manga/wotakoi-love-is-hard-for-otaku-chapter-18/ HTTP/1.1" 200 41626 "https://wotaku-manga.com/manga/wotakoi-love-is-hard-for-otaku-chapter-17-5/" "Mozilla/5.0 (Macintosh; Intel Mac OS X 10_15_7) AppleWebKit/605.1.15 (KHTML, like Gecko) Brave/1 Version/18.5 Safari/605.1.15"
2405:4802:d0b3:bb00:80e7:d01f:7920:fde3 - - [08/Jun/2025:13:15:23 -0400] "GET / HTTP/1.1" 304 0 "https://wotaku-manga.com/manga/wotaku-ni-koi-wa-muzukashii-chapter-34/" "Mozilla/5.0 (Linux; Android 10; K) AppleWebKit/537.36 (KHTML, like Gecko) SamsungBrowser/28.0 Chrome/130.0.0.0 Mobile Safari/537.36"
2405:4802:d0b3:bb00:80e7:d01f:7920:fde3 - - [08/Jun/2025:13:15:24 -0400] "GET / HTTP/1.1" 304 0 "https://wotaku-manga.com/manga/wotaku-ni-koi-wa-muzukashii-chapter-34/" "Mozilla/5.0 (Linux; Android 10; K) AppleWebKit/537.36 (KHTML, like Gecko) SamsungBrowser/28.0 Chrome/130.0.0.0 Mobile Safari/537.36"
2405:4802:d0b3:bb00:80e7:d01f:7920:fde3 - - [08/Jun/2025:13:15:24 -0400] "GET /manga/wotaku-ni-koi-wa-muzukashii-chapter-35/ HTTP/1.1" 200 42613 "https://wotaku-manga.com/manga/wotaku-ni-koi-wa-muzukashii-chapter-34/" "Mozilla/5.0 (Linux; Android 10; K) AppleWebKit/537.36 (KHTML, like Gecko) SamsungBrowser/28.0 Chrome/130.0.0.0 Mobile Safari/537.36"
2405:4802:d0b3:bb00:80e7:d01f:7920:fde3 - - [08/Jun/2025:13:15:24 -0400] "GET /manga/wotaku-ni-koi-wa-muzukashii-chapter-35/ HTTP/1.1" 304 0 "https://wotaku-manga.com/manga/wotaku-ni-koi-wa-muzukashii-chapter-34/" "Mozilla/5.0 (Linux; Android 10; K) AppleWebKit/537.36 (KHTML, like Gecko) SamsungBrowser/28.0 Chrome/130.0.0.0 Mobile Safari/537.36"
2405:4802:d0b3:bb00:80e7:d01f:7920:fde3 - - [08/Jun/2025:13:15:25 -0400] "GET /wotakoi-volume-list/ HTTP/1.1" 304 0 "https://wotaku-manga.com/manga/wotaku-ni-koi-wa-muzukashii-chapter-35/" "Mozilla/5.0 (Linux; Android 10; K) AppleWebKit/537.36 (KHTML, like Gecko) SamsungBrowser/28.0 Chrome/130.0.0.0 Mobile Safari/537.36"
2405:4802:d0b3:bb00:80e7:d01f:7920:fde3 - - [08/Jun/2025:13:15:25 -0400] "GET /manga/wotaku-ni-koi-wa-muzukashii-chapter-35/ HTTP/1.1" 304 0 "https://wotaku-manga.com/manga/wotaku-ni-koi-wa-muzukashii-chapter-35/" "Mozilla/5.0 (Linux; Android 10; K) AppleWebKit/537.36 (KHTML, like Gecko) SamsungBrowser/28.0 Chrome/130.0.0.0 Mobile Safari/537.36"
162.0.232.193 - - [08/Jun/2025:13:15:26 -0400] "POST /wp-cron.php?doing_wp_cron=1749402925.9163470268249511718750 HTTP/1.1" 200 0 "-" "WordPress/6.8.1; https://wotaku-manga.com"
2405:4802:d0b3:bb00:80e7:d01f:7920:fde3 - - [08/Jun/2025:13:15:26 -0400] "GET /wotakoi-volume-list/ HTTP/1.1" 304 0 "https://wotaku-manga.com/manga/wotaku-ni-koi-wa-muzukashii-chapter-35/" "Mozilla/5.0 (Linux; Android 10; K) AppleWebKit/537.36 (KHTML, like Gecko) SamsungBrowser/28.0 Chrome/130.0.0.0 Mobile Safari/537.36"
2405:4802:d0b3:bb00:80e7:d01f:7920:fde3 - - [08/Jun/2025:13:15:26 -0400] "GET /manga/wotaku-ni-koi-wa-muzukashii-chapter-35/ HTTP/1.1" 304 0 "https://wotaku-manga.com/manga/wotaku-ni-koi-wa-muzukashii-chapter-35/" "Mozilla/5.0 (Linux; Android 10; K) AppleWebKit/537.36 (KHTML, like Gecko) SamsungBrowser/28.0 Chrome/130.0.0.0 Mobile Safari/537.36"
2405:4802:d0b3:bb00:80e7:d01f:7920:fde3 - - [08/Jun/2025:13:15:25 -0400] "POST /wp-admin/admin-ajax.php HTTP/1.1" 200 61 "https://wotaku-manga.com/manga/wotaku-ni-koi-wa-muzukashii-chapter-35/" "Mozilla/5.0 (Linux; Android 10; K) AppleWebKit/537.36 (KHTML, like Gecko) SamsungBrowser/28.0 Chrome/130.0.0.0 Mobile Safari/537.36"
180.191.163.35 - - [08/Jun/2025:13:15:40 -0400] "GET /manga/wotakoi-love-is-hard-for-otaku-chapter-19/ HTTP/1.1" 200 41698 "https://wotaku-manga.com/manga/wotakoi-love-is-hard-for-otaku-chapter-18/" "Mozilla/5.0 (Macintosh; Intel Mac OS X 10_15_7) AppleWebKit/605.1.15 (KHTML, like Gecko) Brave/1 Version/18.5 Safari/605.1.15"
180.191.163.35 - - [08/Jun/2025:13:15:57 -0400] "GET /manga/wotakoi-love-is-hard-for-otaku-chapter-19-5/ HTTP/1.1" 200 41912 "https://wotaku-manga.com/manga/wotakoi-love-is-hard-for-otaku-chapter-19/" "Mozilla/5.0 (Macintosh; Intel Mac OS X 10_15_7) AppleWebKit/605.1.15 (KHTML, like Gecko) Brave/1 Version/18.5 Safari/605.1.15"
162.0.232.193 - - [08/Jun/2025:13:15:58 -0400] "POST /wp-cron.php?doing_wp_cron=1749402958.6208450794219970703125 HTTP/1.1" 200 0 "-" "WordPress/6.8.1; https://wotaku-manga.com"
180.191.163.35 - - [08/Jun/2025:13:15:58 -0400] "POST /wp-admin/admin-ajax.php HTTP/1.1" 200 61 "https://wotaku-manga.com/manga/wotakoi-love-is-hard-for-otaku-chapter-19-5/" "Mozilla/5.0 (Macintosh; Intel Mac OS X 10_15_7) AppleWebKit/605.1.15 (KHTML, like Gecko) Brave/1 Version/18.5 Safari/605.1.15"
112.208.76.48 - - [08/Jun/2025:13:16:00 -0400] "GET / HTTP/1.1" 304 0 "https://wotaku-manga.com/manga/wotakoi-love-is-hard-for-otaku-chapter-4/" "Mozilla/5.0 (Linux; Android 10; K) AppleWebKit/537.36 (KHTML, like Gecko) Chrome/137.0.0.0 Mobile Safari/537.36"
112.208.76.48 - - [08/Jun/2025:13:16:00 -0400] "GET / HTTP/1.1" 304 0 "https://wotaku-manga.com/manga/wotakoi-love-is-hard-for-otaku-chapter-4/" "Mozilla/5.0 (Linux; Android 10; K) AppleWebKit/537.36 (KHTML, like Gecko) Chrome/137.0.0.0 Mobile Safari/537.36"
112.208.76.48 - - [08/Jun/2025:13:16:01 -0400] "GET /manga/wotakoi-love-is-hard-for-otaku-chapter-4-5/ HTTP/1.1" 200 42397 "https://wotaku-manga.com/manga/wotakoi-love-is-hard-for-otaku-chapter-4/" "Mozilla/5.0 (Linux; Android 10; K) AppleWebKit/537.36 (KHTML, like Gecko) Chrome/137.0.0.0 Mobile Safari/537.36"
112.208.76.48 - - [08/Jun/2025:13:16:01 -0400] "GET /manga/wotakoi-love-is-hard-for-otaku-chapter-4-5/ HTTP/1.1" 304 0 "https://wotaku-manga.com/manga/wotakoi-love-is-hard-for-otaku-chapter-4/" "Mozilla/5.0 (Linux; Android 10; K) AppleWebKit/537.36 (KHTML, like Gecko) Chrome/137.0.0.0 Mobile Safari/537.36"
112.208.76.48 - - [08/Jun/2025:13:16:02 -0400] "GET /manga/wotakoi-love-is-hard-for-otaku-chapter-87/ HTTP/1.1" 304 0 "https://wotaku-manga.com/manga/wotakoi-love-is-hard-for-otaku-chapter-4-5/" "Mozilla/5.0 (Linux; Android 10; K) AppleWebKit/537.36 (KHTML, like Gecko) Chrome/137.0.0.0 Mobile Safari/537.36"
112.208.76.48 - - [08/Jun/2025:13:16:03 -0400] "GET /manga/wotakoi-love-is-hard-for-otaku-chapter-87/ HTTP/1.1" 304 0 "https://wotaku-manga.com/manga/wotakoi-love-is-hard-for-otaku-chapter-4-5/" "Mozilla/5.0 (Linux; Android 10; K) AppleWebKit/537.36 (KHTML, like Gecko) Chrome/137.0.0.0 Mobile Safari/537.36"
112.208.76.48 - - [08/Jun/2025:13:16:07 -0400] "GET /manga/wotakoi-love-is-hard-for-otaku-chapter-4/ HTTP/1.1" 304 0 "https://wotaku-manga.com/manga/wotakoi-love-is-hard-for-otaku-chapter-4-5/" "Mozilla/5.0 (Linux; Android 10; K) AppleWebKit/537.36 (KHTML, like Gecko) Chrome/137.0.0.0 Mobile Safari/537.36"
112.208.76.48 - - [08/Jun/2025:13:16:07 -0400] "GET /manga/wotakoi-love-is-hard-for-otaku-chapter-4/ HTTP/1.1" 304 0 "https://wotaku-manga.com/manga/wotakoi-love-is-hard-for-otaku-chapter-4-5/" "Mozilla/5.0 (Linux; Android 10; K) AppleWebKit/537.36 (KHTML, like Gecko) Chrome/137.0.0.0 Mobile Safari/537.36"
112.208.76.48 - - [08/Jun/2025:13:16:07 -0400] "GET /manga/wotakoi-love-is-hard-for-otaku-chapter-5/ HTTP/1.1" 200 44475 "https://wotaku-manga.com/manga/wotakoi-love-is-hard-for-otaku-chapter-4-5/" "Mozilla/5.0 (Linux; Android 10; K) AppleWebKit/537.36 (KHTML, like Gecko) Chrome/137.0.0.0 Mobile Safari/537.36"
112.208.76.48 - - [08/Jun/2025:13:16:08 -0400] "GET /manga/wotakoi-love-is-hard-for-otaku-chapter-5/ HTTP/1.1" 304 0 "https://wotaku-manga.com/manga/wotakoi-love-is-hard-for-otaku-chapter-4-5/" "Mozilla/5.0 (Linux; Android 10; K) AppleWebKit/537.36 (KHTML, like Gecko) Chrome/137.0.0.0 Mobile Safari/537.36"
112.208.76.48 - - [08/Jun/2025:13:16:08 -0400] "GET /privacy-policy/ HTTP/1.1" 304 0 "https://wotaku-manga.com/manga/wotakoi-love-is-hard-for-otaku-chapter-5/" "Mozilla/5.0 (Linux; Android 10; K) AppleWebKit/537.36 (KHTML, like Gecko) Chrome/137.0.0.0 Mobile Safari/537.36"
112.208.76.48 - - [08/Jun/2025:13:16:09 -0400] "GET /privacy-policy/ HTTP/1.1" 304 0 "https://wotaku-manga.com/manga/wotakoi-love-is-hard-for-otaku-chapter-5/" "Mozilla/5.0 (Linux; Android 10; K) AppleWebKit/537.36 (KHTML, like Gecko) Chrome/137.0.0.0 Mobile Safari/537.36"
112.208.76.48 - - [08/Jun/2025:13:16:08 -0400] "POST /wp-admin/admin-ajax.php HTTP/1.1" 200 61 "https://wotaku-manga.com/manga/wotakoi-love-is-hard-for-otaku-chapter-5/" "Mozilla/5.0 (Linux; Android 10; K) AppleWebKit/537.36 (KHTML, like Gecko) Chrome/137.0.0.0 Mobile Safari/537.36"
2401:4900:889e:fcf6:b40f:c175:514b:6f47 - - [08/Jun/2025:13:16:10 -0400] "GET /manga/wotakoi-love-is-hard-for-otaku-chapter-85/ HTTP/1.1" 200 43494 "https://wotaku-manga.com/manga/wotakoi-love-is-hard-for-otaku-chapter-84/" "Mozilla/5.0 (Macintosh; Intel Mac OS X 10_15_7) AppleWebKit/605.1.15 (KHTML, like Gecko) Version/18.5 Safari/605.1.15"
180.191.163.35 - - [08/Jun/2025:13:16:11 -0400] "GET /manga/wotakoi-love-is-hard-for-otaku-chapter-20/ HTTP/1.1" 200 42217 "https://wotaku-manga.com/manga/wotakoi-love-is-hard-for-otaku-chapter-19-5/" "Mozilla/5.0 (Macintosh; Intel Mac OS X 10_15_7) AppleWebKit/605.1.15 (KHTML, like Gecko) Brave/1 Version/18.5 Safari/605.1.15"
2401:4900:889e:fcf6:b40f:c175:514b:6f47 - - [08/Jun/2025:13:16:11 -0400] "POST /wp-admin/admin-ajax.php HTTP/1.1" 200 61 "https://wotaku-manga.com/manga/wotakoi-love-is-hard-for-otaku-chapter-85/" "Mozilla/5.0 (Macintosh; Intel Mac OS X 10_15_7) AppleWebKit/605.1.15 (KHTML, like Gecko) Version/18.5 Safari/605.1.15"
180.191.163.35 - - [08/Jun/2025:13:16:12 -0400] "POST /wp-admin/admin-ajax.php HTTP/1.1" 200 61 "https://wotaku-manga.com/manga/wotakoi-love-is-hard-for-otaku-chapter-20/" "Mozilla/5.0 (Macintosh; Intel Mac OS X 10_15_7) AppleWebKit/605.1.15 (KHTML, like Gecko) Brave/1 Version/18.5 Safari/605.1.15"
2a03:2880:24ff:4c:: - - [08/Jun/2025:13:16:15 -0400] "GET / HTTP/1.1" 200 37329 "-" "meta-externalagent/1.1 (+https://developers.facebook.com/docs/sharing/webmasters/crawler)"
112.208.76.48 - - [08/Jun/2025:13:16:18 -0400] "GET / HTTP/1.1" 304 0 "https://wotaku-manga.com/manga/wotakoi-love-is-hard-for-otaku-chapter-4-5/" "Mozilla/5.0 (Linux; Android 10; K) AppleWebKit/537.36 (KHTML, like Gecko) Chrome/137.0.0.0 Mobile Safari/537.36"
112.208.76.48 - - [08/Jun/2025:13:16:18 -0400] "GET / HTTP/1.1" 304 0 "https://wotaku-manga.com/manga/wotakoi-love-is-hard-for-otaku-chapter-4-5/" "Mozilla/5.0 (Linux; Android 10; K) AppleWebKit/537.36 (KHTML, like Gecko) Chrome/137.0.0.0 Mobile Safari/537.36"
162.0.232.193 - - [08/Jun/2025:13:16:20 -0400] "POST /wp-cron.php?doing_wp_cron=1749402980.3237409591674804687500 HTTP/1.1" 200 0 "-" "WordPress/6.8.1; https://wotaku-manga.com"
112.208.76.48 - - [08/Jun/2025:13:16:20 -0400] "POST /wp-admin/admin-ajax.php HTTP/1.1" 200 61 "https://wotaku-manga.com/manga/wotakoi-love-is-hard-for-otaku-chapter-5/" "Mozilla/5.0 (Linux; Android 10; K) AppleWebKit/537.36 (KHTML, like Gecko) Chrome/137.0.0.0 Mobile Safari/537.36"
2405:4802:d0b3:bb00:80e7:d01f:7920:fde3 - - [08/Jun/2025:13:16:30 -0400] "GET /category/wotakoi-love-is-hard-for-otaku-manga-chapters/ HTTP/1.1" 304 0 "https://wotaku-manga.com/manga/wotaku-ni-koi-wa-muzukashii-chapter-35/" "Mozilla/5.0 (Linux; Android 10; K) AppleWebKit/537.36 (KHTML, like Gecko) SamsungBrowser/28.0 Chrome/130.0.0.0 Mobile Safari/537.36"
2405:4802:d0b3:bb00:80e7:d01f:7920:fde3 - - [08/Jun/2025:13:16:30 -0400] "GET /category/wotakoi-love-is-hard-for-otaku-manga-chapters/ HTTP/1.1" 304 0 "https://wotaku-manga.com/manga/wotaku-ni-koi-wa-muzukashii-chapter-35/" "Mozilla/5.0 (Linux; Android 10; K) AppleWebKit/537.36 (KHTML, like Gecko) SamsungBrowser/28.0 Chrome/130.0.0.0 Mobile Safari/537.36"
2405:4802:d0b3:bb00:80e7:d01f:7920:fde3 - - [08/Jun/2025:13:16:30 -0400] "GET /tag/original/ HTTP/1.1" 301 0 "https://wotaku-manga.com/manga/wotaku-ni-koi-wa-muzukashii-chapter-35/" "Mozilla/5.0 (Linux; Android 10; K) AppleWebKit/537.36 (KHTML, like Gecko) SamsungBrowser/28.0 Chrome/130.0.0.0 Mobile Safari/537.36"
2405:4802:d0b3:bb00:80e7:d01f:7920:fde3 - - [08/Jun/2025:13:16:31 -0400] "GET / HTTP/1.1" 304 0 "https://wotaku-manga.com/manga/wotaku-ni-koi-wa-muzukashii-chapter-35/" "Mozilla/5.0 (Linux; Android 10; K) AppleWebKit/537.36 (KHTML, like Gecko) SamsungBrowser/28.0 Chrome/130.0.0.0 Mobile Safari/537.36"
2405:4802:d0b3:bb00:80e7:d01f:7920:fde3 - - [08/Jun/2025:13:16:31 -0400] "GET /manga/wotaku-ni-koi-wa-muzukashii-chapter-36/ HTTP/1.1" 200 42405 "https://wotaku-manga.com/manga/wotaku-ni-koi-wa-muzukashii-chapter-35/" "Mozilla/5.0 (Linux; Android 10; K) AppleWebKit/537.36 (KHTML, like Gecko) SamsungBrowser/28.0 Chrome/130.0.0.0 Mobile Safari/537.36"
2405:4802:d0b3:bb00:80e7:d01f:7920:fde3 - - [08/Jun/2025:13:16:31 -0400] "GET / HTTP/1.1" 304 0 "https://wotaku-manga.com/manga/wotaku-ni-koi-wa-muzukashii-chapter-35/" "Mozilla/5.0 (Linux; Android 10; K) AppleWebKit/537.36 (KHTML, like Gecko) SamsungBrowser/28.0 Chrome/130.0.0.0 Mobile Safari/537.36"
2405:4802:d0b3:bb00:80e7:d01f:7920:fde3 - - [08/Jun/2025:13:16:31 -0400] "GET /manga/wotaku-ni-koi-wa-muzukashii-chapter-36/ HTTP/1.1" 304 0 "https://wotaku-manga.com/manga/wotaku-ni-koi-wa-muzukashii-chapter-35/" "Mozilla/5.0 (Linux; Android 10; K) AppleWebKit/537.36 (KHTML, like Gecko) SamsungBrowser/28.0 Chrome/130.0.0.0 Mobile Safari/537.36"
2405:4802:d0b3:bb00:80e7:d01f:7920:fde3 - - [08/Jun/2025:13:16:33 -0400] "GET /wotakoi-volume-list/ HTTP/1.1" 304 0 "https://wotaku-manga.com/manga/wotaku-ni-koi-wa-muzukashii-chapter-36/" "Mozilla/5.0 (Linux; Android 10; K) AppleWebKit/537.36 (KHTML, like Gecko) SamsungBrowser/28.0 Chrome/130.0.0.0 Mobile Safari/537.36"
112.208.76.48 - - [08/Jun/2025:13:16:40 -0400] "GET /manga/wotakoi-love-is-hard-for-otaku-chapter-11/ HTTP/1.1" 200 42776 "https://wotaku-manga.com/manga/wotakoi-love-is-hard-for-otaku-chapter-10/" "Mozilla/5.0 (Linux; Android 10; K) AppleWebKit/537.36 (KHTML, like Gecko) Chrome/137.0.0.0 Mobile Safari/537.36"
112.208.76.48 - - [08/Jun/2025:13:16:41 -0400] "GET /manga/wotakoi-love-is-hard-for-otaku-chapter-11/ HTTP/1.1" 304 0 "https://wotaku-manga.com/manga/wotakoi-love-is-hard-for-otaku-chapter-10/" "Mozilla/5.0 (Linux; Android 10; K) AppleWebKit/537.36 (KHTML, like Gecko) Chrome/137.0.0.0 Mobile Safari/537.36"
112.208.76.48 - - [08/Jun/2025:13:16:42 -0400] "GET /manga/wotakoi-love-is-hard-for-otaku-chapter-87/ HTTP/1.1" 304 0 "https://wotaku-manga.com/manga/wotakoi-love-is-hard-for-otaku-chapter-11/" "Mozilla/5.0 (Linux; Android 10; K) AppleWebKit/537.36 (KHTML, like Gecko) Chrome/137.0.0.0 Mobile Safari/537.36"
112.208.76.48 - - [08/Jun/2025:13:16:42 -0400] "GET /tag/hirotaka-nifuji/ HTTP/1.1" 301 0 "https://wotaku-manga.com/manga/wotakoi-love-is-hard-for-otaku-chapter-11/" "Mozilla/5.0 (Linux; Android 10; K) AppleWebKit/537.36 (KHTML, like Gecko) Chrome/137.0.0.0 Mobile Safari/537.36"
112.208.76.48 - - [08/Jun/2025:13:16:43 -0400] "GET / HTTP/1.1" 304 0 "https://wotaku-manga.com/manga/wotakoi-love-is-hard-for-otaku-chapter-11/" "Mozilla/5.0 (Linux; Android 10; K) AppleWebKit/537.36 (KHTML, like Gecko) Chrome/137.0.0.0 Mobile Safari/537.36"
112.208.76.48 - - [08/Jun/2025:13:16:42 -0400] "POST /wp-admin/admin-ajax.php HTTP/1.1" 200 61 "https://wotaku-manga.com/manga/wotakoi-love-is-hard-for-otaku-chapter-11/" "Mozilla/5.0 (Linux; Android 10; K) AppleWebKit/537.36 (KHTML, like Gecko) Chrome/137.0.0.0 Mobile Safari/537.36"
112.208.76.48 - - [08/Jun/2025:13:16:44 -0400] "GET /manga/wotakoi-love-is-hard-for-otaku-chapter-87/ HTTP/1.1" 304 0 "https://wotaku-manga.com/manga/wotakoi-love-is-hard-for-otaku-chapter-11/" "Mozilla/5.0 (Linux; Android 10; K) AppleWebKit/537.36 (KHTML, like Gecko) Chrome/137.0.0.0 Mobile Safari/537.36"
112.208.76.48 - - [08/Jun/2025:13:16:44 -0400] "GET / HTTP/1.1" 304 0 "https://wotaku-manga.com/manga/wotakoi-love-is-hard-for-otaku-chapter-11/" "Mozilla/5.0 (Linux; Android 10; K) AppleWebKit/537.36 (KHTML, like Gecko) Chrome/137.0.0.0 Mobile Safari/537.36"
180.191.163.35 - - [08/Jun/2025:13:17:00 -0400] "GET /manga/wotakoi-love-is-hard-for-otaku-chapter-21/ HTTP/1.1" 200 41638 "https://wotaku-manga.com/manga/wotakoi-love-is-hard-for-otaku-chapter-20/" "Mozilla/5.0 (Macintosh; Intel Mac OS X 10_15_7) AppleWebKit/605.1.15 (KHTML, like Gecko) Brave/1 Version/18.5 Safari/605.1.15"
2603:7080:ee00:9bec:2883:2387:259d:ebd7 - - [08/Jun/2025:13:17:07 -0400] "GET /manga/wotakoi-love-is-hard-for-otaku-chapter-74/ HTTP/1.1" 200 41582 "https://wotaku-manga.com/manga/wotakoi-love-is-hard-for-otaku-chapter-73/" "Mozilla/5.0 (Windows NT 10.0; Win64; x64) AppleWebKit/537.36 (KHTML, like Gecko) Chrome/137.0.0.0 Safari/537.36"
2603:7080:ee00:9bec:2883:2387:259d:ebd7 - - [08/Jun/2025:13:17:08 -0400] "GET /manga/wotakoi-love-is-hard-for-otaku-chapter-74/ HTTP/1.1" 304 0 "https://wotaku-manga.com/manga/wotakoi-love-is-hard-for-otaku-chapter-73/" "Mozilla/5.0 (Windows NT 10.0; Win64; x64) AppleWebKit/537.36 (KHTML, like Gecko) Chrome/137.0.0.0 Safari/537.36"
180.191.163.35 - - [08/Jun/2025:13:17:16 -0400] "GET /manga/wotakoi-love-is-hard-for-otaku-chapter-21-5/ HTTP/1.1" 200 43846 "https://wotaku-manga.com/manga/wotakoi-love-is-hard-for-otaku-chapter-21/" "Mozilla/5.0 (Macintosh; Intel Mac OS X 10_15_7) AppleWebKit/605.1.15 (KHTML, like Gecko) Brave/1 Version/18.5 Safari/605.1.15"
162.0.232.193 - - [08/Jun/2025:13:17:18 -0400] "POST /wp-cron.php?doing_wp_cron=1749403037.9032959938049316406250 HTTP/1.1" 200 0 "-" "WordPress/6.8.1; https://wotaku-manga.com"
180.191.163.35 - - [08/Jun/2025:13:17:17 -0400] "POST /wp-admin/admin-ajax.php HTTP/1.1" 200 61 "https://wotaku-manga.com/manga/wotakoi-love-is-hard-for-otaku-chapter-21-5/" "Mozilla/5.0 (Macintosh; Intel Mac OS X 10_15_7) AppleWebKit/605.1.15 (KHTML, like Gecko) Brave/1 Version/18.5 Safari/605.1.15"
2405:4802:d0b3:bb00:80e7:d01f:7920:fde3 - - [08/Jun/2025:13:17:34 -0400] "GET / HTTP/1.1" 304 0 "https://wotaku-manga.com/manga/wotaku-ni-koi-wa-muzukashii-chapter-36/" "Mozilla/5.0 (Linux; Android 10; K) AppleWebKit/537.36 (KHTML, like Gecko) SamsungBrowser/28.0 Chrome/130.0.0.0 Mobile Safari/537.36"
2405:4802:d0b3:bb00:80e7:d01f:7920:fde3 - - [08/Jun/2025:13:17:34 -0400] "GET /manga/wotaku-ni-koi-wa-muzukashii-chapter-37/ HTTP/1.1" 200 42964 "https://wotaku-manga.com/manga/wotaku-ni-koi-wa-muzukashii-chapter-36/" "Mozilla/5.0 (Linux; Android 10; K) AppleWebKit/537.36 (KHTML, like Gecko) SamsungBrowser/28.0 Chrome/130.0.0.0 Mobile Safari/537.36"
2405:4802:d0b3:bb00:80e7:d01f:7920:fde3 - - [08/Jun/2025:13:17:38 -0400] "GET /manga/wotaku-ni-koi-wa-muzukashii-chapter-35/ HTTP/1.1" 304 0 "https://wotaku-manga.com/manga/wotaku-ni-koi-wa-muzukashii-chapter-36/" "Mozilla/5.0 (Linux; Android 10; K) AppleWebKit/537.36 (KHTML, like Gecko) SamsungBrowser/28.0 Chrome/130.0.0.0 Mobile Safari/537.36"
180.191.163.35 - - [08/Jun/2025:13:17:40 -0400] "GET /manga/wotakoi-love-is-hard-for-otaku-chapter-22/ HTTP/1.1" 200 41377 "https://wotaku-manga.com/manga/wotakoi-love-is-hard-for-otaku-chapter-21-5/" "Mozilla/5.0 (Macintosh; Intel Mac OS X 10_15_7) AppleWebKit/605.1.15 (KHTML, like Gecko) Brave/1 Version/18.5 Safari/605.1.15"
2405:4802:d0b3:bb00:80e7:d01f:7920:fde3 - - [08/Jun/2025:13:17:42 -0400] "GET / HTTP/1.1" 304 0 "https://wotaku-manga.com/manga/wotaku-ni-koi-wa-muzukashii-chapter-36/" "Mozilla/5.0 (Linux; Android 10; K) AppleWebKit/537.36 (KHTML, like Gecko) SamsungBrowser/28.0 Chrome/130.0.0.0 Mobile Safari/537.36"
2405:4802:d0b3:bb00:80e7:d01f:7920:fde3 - - [08/Jun/2025:13:17:42 -0400] "GET /manga/wotaku-ni-koi-wa-muzukashii-chapter-37/ HTTP/1.1" 304 0 "https://wotaku-manga.com/manga/wotaku-ni-koi-wa-muzukashii-chapter-36/" "Mozilla/5.0 (Linux; Android 10; K) AppleWebKit/537.36 (KHTML, like Gecko) SamsungBrowser/28.0 Chrome/130.0.0.0 Mobile Safari/537.36"
2405:4802:d0b3:bb00:80e7:d01f:7920:fde3 - - [08/Jun/2025:13:17:44 -0400] "GET /wotakoi-volume-list/ HTTP/1.1" 304 0 "https://wotaku-manga.com/manga/wotaku-ni-koi-wa-muzukashii-chapter-36/" "Mozilla/5.0 (Linux; Android 10; K) AppleWebKit/537.36 (KHTML, like Gecko) SamsungBrowser/28.0 Chrome/130.0.0.0 Mobile Safari/537.36"
2405:4802:d0b3:bb00:80e7:d01f:7920:fde3 - - [08/Jun/2025:13:17:44 -0400] "GET /manga/wotaku-ni-koi-wa-muzukashii-chapter-37/ HTTP/1.1" 304 0 "https://wotaku-manga.com/manga/wotaku-ni-koi-wa-muzukashii-chapter-36/" "Mozilla/5.0 (Linux; Android 10; K) AppleWebKit/537.36 (KHTML, like Gecko) SamsungBrowser/28.0 Chrome/130.0.0.0 Mobile Safari/537.36"
2405:4802:d0b3:bb00:80e7:d01f:7920:fde3 - - [08/Jun/2025:13:17:44 -0400] "GET /manga/wotaku-ni-koi-wa-muzukashii-chapter-35/ HTTP/1.1" 304 0 "https://wotaku-manga.com/manga/wotaku-ni-koi-wa-muzukashii-chapter-36/" "Mozilla/5.0 (Linux; Android 10; K) AppleWebKit/537.36 (KHTML, like Gecko) SamsungBrowser/28.0 Chrome/130.0.0.0 Mobile Safari/537.36"
2405:4802:d0b3:bb00:80e7:d01f:7920:fde3 - - [08/Jun/2025:13:17:44 -0400] "GET / HTTP/1.1" 304 0 "https://wotaku-manga.com/manga/wotaku-ni-koi-wa-muzukashii-chapter-36/" "Mozilla/5.0 (Linux; Android 10; K) AppleWebKit/537.36 (KHTML, like Gecko) SamsungBrowser/28.0 Chrome/130.0.0.0 Mobile Safari/537.36"
2405:4802:d0b3:bb00:80e7:d01f:7920:fde3 - - [08/Jun/2025:13:17:44 -0400] "GET /manga/wotaku-ni-koi-wa-muzukashii-chapter-37/ HTTP/1.1" 304 0 "https://wotaku-manga.com/manga/wotaku-ni-koi-wa-muzukashii-chapter-36/" "Mozilla/5.0 (Linux; Android 10; K) AppleWebKit/537.36 (KHTML, like Gecko) SamsungBrowser/28.0 Chrome/130.0.0.0 Mobile Safari/537.36"
2405:4802:d0b3:bb00:80e7:d01f:7920:fde3 - - [08/Jun/2025:13:17:44 -0400] "GET / HTTP/1.1" 304 0 "https://wotaku-manga.com/manga/wotaku-ni-koi-wa-muzukashii-chapter-36/" "Mozilla/5.0 (Linux; Android 10; K) AppleWebKit/537.36 (KHTML, like Gecko) SamsungBrowser/28.0 Chrome/130.0.0.0 Mobile Safari/537.36"
2405:4802:d0b3:bb00:80e7:d01f:7920:fde3 - - [08/Jun/2025:13:17:45 -0400] "GET /wotakoi-volume-list/ HTTP/1.1" 304 0 "https://wotaku-manga.com/manga/wotaku-ni-koi-wa-muzukashii-chapter-37/" "Mozilla/5.0 (Linux; Android 10; K) AppleWebKit/537.36 (KHTML, like Gecko) SamsungBrowser/28.0 Chrome/130.0.0.0 Mobile Safari/537.36"
2405:4802:d0b3:bb00:80e7:d01f:7920:fde3 - - [08/Jun/2025:13:17:46 -0400] "GET /manga/wotaku-ni-koi-wa-muzukashii-chapter-37/ HTTP/1.1" 304 0 "https://wotaku-manga.com/manga/wotaku-ni-koi-wa-muzukashii-chapter-37/" "Mozilla/5.0 (Linux; Android 10; K) AppleWebKit/537.36 (KHTML, like Gecko) SamsungBrowser/28.0 Chrome/130.0.0.0 Mobile Safari/537.36"
2405:4802:d0b3:bb00:80e7:d01f:7920:fde3 - - [08/Jun/2025:13:17:47 -0400] "GET /wotakoi-volume-list/ HTTP/1.1" 304 0 "https://wotaku-manga.com/manga/wotaku-ni-koi-wa-muzukashii-chapter-37/" "Mozilla/5.0 (Linux; Android 10; K) AppleWebKit/537.36 (KHTML, like Gecko) SamsungBrowser/28.0 Chrome/130.0.0.0 Mobile Safari/537.36"
2405:4802:d0b3:bb00:80e7:d01f:7920:fde3 - - [08/Jun/2025:13:17:47 -0400] "GET /manga/wotaku-ni-koi-wa-muzukashii-chapter-37/ HTTP/1.1" 304 0 "https://wotaku-manga.com/manga/wotaku-ni-koi-wa-muzukashii-chapter-37/" "Mozilla/5.0 (Linux; Android 10; K) AppleWebKit/537.36 (KHTML, like Gecko) SamsungBrowser/28.0 Chrome/130.0.0.0 Mobile Safari/537.36"
2401:4900:889e:fcf6:b40f:c175:514b:6f47 - - [08/Jun/2025:13:18:03 -0400] "GET /manga/wotakoi-love-is-hard-for-otaku-chapter-86/ HTTP/1.1" 200 44051 "https://wotaku-manga.com/manga/wotakoi-love-is-hard-for-otaku-chapter-85/" "Mozilla/5.0 (Macintosh; Intel Mac OS X 10_15_7) AppleWebKit/605.1.15 (KHTML, like Gecko) Version/18.5 Safari/605.1.15"
180.191.163.35 - - [08/Jun/2025:13:18:46 -0400] "GET /manga/wotaku-ni-koi-wa-muzukashii-chapter-23/ HTTP/1.1" 200 42155 "https://wotaku-manga.com/manga/wotakoi-love-is-hard-for-otaku-chapter-22/" "Mozilla/5.0 (Macintosh; Intel Mac OS X 10_15_7) AppleWebKit/605.1.15 (KHTML, like Gecko) Brave/1 Version/18.5 Safari/605.1.15"
2405:4802:d0b3:bb00:80e7:d01f:7920:fde3 - - [08/Jun/2025:13:18:59 -0400] "GET / HTTP/1.1" 200 37990 "https://wotaku-manga.com/manga/wotaku-ni-koi-wa-muzukashii-chapter-37/" "Mozilla/5.0 (Linux; Android 10; K) AppleWebKit/537.36 (KHTML, like Gecko) SamsungBrowser/28.0 Chrome/130.0.0.0 Mobile Safari/537.36"
2405:4802:d0b3:bb00:80e7:d01f:7920:fde3 - - [08/Jun/2025:13:19:00 -0400] "GET / HTTP/1.1" 304 0 "https://wotaku-manga.com/manga/wotaku-ni-koi-wa-muzukashii-chapter-37/" "Mozilla/5.0 (Linux; Android 10; K) AppleWebKit/537.36 (KHTML, like Gecko) SamsungBrowser/28.0 Chrome/130.0.0.0 Mobile Safari/537.36"
180.191.163.35 - - [08/Jun/2025:13:19:00 -0400] "GET /manga/wotaku-ni-koi-wa-muzukashii-chapter-24/ HTTP/1.1" 200 41150 "https://wotaku-manga.com/manga/wotaku-ni-koi-wa-muzukashii-chapter-23/" "Mozilla/5.0 (Macintosh; Intel Mac OS X 10_15_7) AppleWebKit/605.1.15 (KHTML, like Gecko) Brave/1 Version/18.5 Safari/605.1.15"
2405:4802:d0b3:bb00:80e7:d01f:7920:fde3 - - [08/Jun/2025:13:19:04 -0400] "GET /tag/ko-sakuragi/ HTTP/1.1" 301 0 "https://wotaku-manga.com/manga/wotaku-ni-koi-wa-muzukashii-chapter-37/" "Mozilla/5.0 (Linux; Android 10; K) AppleWebKit/537.36 (KHTML, like Gecko) SamsungBrowser/28.0 Chrome/130.0.0.0 Mobile Safari/537.36"
2405:4802:d0b3:bb00:80e7:d01f:7920:fde3 - - [08/Jun/2025:13:19:04 -0400] "GET / HTTP/1.1" 304 0 "https://wotaku-manga.com/manga/wotaku-ni-koi-wa-muzukashii-chapter-37/" "Mozilla/5.0 (Linux; Android 10; K) AppleWebKit/537.36 (KHTML, like Gecko) SamsungBrowser/28.0 Chrome/130.0.0.0 Mobile Safari/537.36"
2405:4802:d0b3:bb00:80e7:d01f:7920:fde3 - - [08/Jun/2025:13:19:05 -0400] "GET / HTTP/1.1" 304 0 "https://wotaku-manga.com/manga/wotaku-ni-koi-wa-muzukashii-chapter-37/" "Mozilla/5.0 (Linux; Android 10; K) AppleWebKit/537.36 (KHTML, like Gecko) SamsungBrowser/28.0 Chrome/130.0.0.0 Mobile Safari/537.36"
2405:4802:d0b3:bb00:80e7:d01f:7920:fde3 - - [08/Jun/2025:13:19:05 -0400] "GET /manga/wotaku-ni-koi-wa-muzukashii-chapter-37-5/ HTTP/1.1" 200 42598 "https://wotaku-manga.com/manga/wotaku-ni-koi-wa-muzukashii-chapter-37/" "Mozilla/5.0 (Linux; Android 10; K) AppleWebKit/537.36 (KHTML, like Gecko) SamsungBrowser/28.0 Chrome/130.0.0.0 Mobile Safari/537.36"
2405:4802:d0b3:bb00:80e7:d01f:7920:fde3 - - [08/Jun/2025:13:19:05 -0400] "GET /manga/wotaku-ni-koi-wa-muzukashii-chapter-37-5/ HTTP/1.1" 304 0 "https://wotaku-manga.com/manga/wotaku-ni-koi-wa-muzukashii-chapter-37/" "Mozilla/5.0 (Linux; Android 10; K) AppleWebKit/537.36 (KHTML, like Gecko) SamsungBrowser/28.0 Chrome/130.0.0.0 Mobile Safari/537.36"
2405:4802:d0b3:bb00:80e7:d01f:7920:fde3 - - [08/Jun/2025:13:19:06 -0400] "GET /manga/wotakoi-love-is-hard-for-otaku-chapter-0/ HTTP/1.1" 304 0 "https://wotaku-manga.com/manga/wotaku-ni-koi-wa-muzukashii-chapter-37-5/" "Mozilla/5.0 (Linux; Android 10; K) AppleWebKit/537.36 (KHTML, like Gecko) SamsungBrowser/28.0 Chrome/130.0.0.0 Mobile Safari/537.36"
2405:4802:d0b3:bb00:80e7:d01f:7920:fde3 - - [08/Jun/2025:13:19:08 -0400] "GET /manga/wotakoi-love-is-hard-for-otaku-chapter-0/ HTTP/1.1" 304 0 "https://wotaku-manga.com/manga/wotaku-ni-koi-wa-muzukashii-chapter-37-5/" "Mozilla/5.0 (Linux; Android 10; K) AppleWebKit/537.36 (KHTML, like Gecko) SamsungBrowser/28.0 Chrome/130.0.0.0 Mobile Safari/537.36"
180.191.163.35 - - [08/Jun/2025:13:19:20 -0400] "GET /manga/wotaku-ni-koi-wa-muzukashii-chapter-25/ HTTP/1.1" 200 41700 "https://wotaku-manga.com/manga/wotaku-ni-koi-wa-muzukashii-chapter-24/" "Mozilla/5.0 (Macintosh; Intel Mac OS X 10_15_7) AppleWebKit/605.1.15 (KHTML, like Gecko) Brave/1 Version/18.5 Safari/605.1.15"
180.191.163.35 - - [08/Jun/2025:13:19:29 -0400] "GET /manga/wotaku-ni-koi-wa-muzukashii-chapter-26/ HTTP/1.1" 200 41752 "https://wotaku-manga.com/manga/wotaku-ni-koi-wa-muzukashii-chapter-25/" "Mozilla/5.0 (Macintosh; Intel Mac OS X 10_15_7) AppleWebKit/605.1.15 (KHTML, like Gecko) Brave/1 Version/18.5 Safari/605.1.15"
162.0.232.193 - - [08/Jun/2025:13:19:31 -0400] "POST /wp-cron.php?doing_wp_cron=1749403171.3962490558624267578125 HTTP/1.1" 200 0 "-" "WordPress/6.8.1; https://wotaku-manga.com"
180.191.163.35 - - [08/Jun/2025:13:19:30 -0400] "POST /wp-admin/admin-ajax.php HTTP/1.1" 200 61 "https://wotaku-manga.com/manga/wotaku-ni-koi-wa-muzukashii-chapter-26/" "Mozilla/5.0 (Macintosh; Intel Mac OS X 10_15_7) AppleWebKit/605.1.15 (KHTML, like Gecko) Brave/1 Version/18.5 Safari/605.1.15"
180.191.163.35 - - [08/Jun/2025:13:19:37 -0400] "GET /manga/wotaku-ni-koi-wa-muzukashii-chapter-26-5/ HTTP/1.1" 200 41151 "https://wotaku-manga.com/manga/wotaku-ni-koi-wa-muzukashii-chapter-26/" "Mozilla/5.0 (Macintosh; Intel Mac OS X 10_15_7) AppleWebKit/605.1.15 (KHTML, like Gecko) Brave/1 Version/18.5 Safari/605.1.15"
40.77.167.55 - - [08/Jun/2025:13:19:37 -0400] "GET /?s= HTTP/1.1" 200 12998 "-" "Mozilla/5.0 AppleWebKit/537.36 (KHTML, like Gecko; compatible; bingbot/2.0; +http://www.bing.com/bingbot.htm) Chrome/116.0.1938.76 Safari/537.36"
180.191.163.35 - - [08/Jun/2025:13:19:43 -0400] "GET /manga/wotaku-ni-koi-wa-muzukashii-chapter-27/ HTTP/1.1" 200 42515 "https://wotaku-manga.com/manga/wotaku-ni-koi-wa-muzukashii-chapter-26-5/" "Mozilla/5.0 (Macintosh; Intel Mac OS X 10_15_7) AppleWebKit/605.1.15 (KHTML, like Gecko) Brave/1 Version/18.5 Safari/605.1.15"
162.0.232.193 - - [08/Jun/2025:13:19:45 -0400] "POST /wp-cron.php?doing_wp_cron=1749403185.3351449966430664062500 HTTP/1.1" 200 0 "-" "WordPress/6.8.1; https://wotaku-manga.com"
180.191.163.35 - - [08/Jun/2025:13:19:44 -0400] "POST /wp-admin/admin-ajax.php HTTP/1.1" 200 61 "https://wotaku-manga.com/manga/wotaku-ni-koi-wa-muzukashii-chapter-27/" "Mozilla/5.0 (Macintosh; Intel Mac OS X 10_15_7) AppleWebKit/605.1.15 (KHTML, like Gecko) Brave/1 Version/18.5 Safari/605.1.15"
2603:7080:ee00:9bec:2883:2387:259d:ebd7 - - [08/Jun/2025:13:19:57 -0400] "GET /manga/wotakoi-love-is-hard-for-otaku-chapter-75/ HTTP/1.1" 200 42338 "https://wotaku-manga.com/manga/wotakoi-love-is-hard-for-otaku-chapter-74/" "Mozilla/5.0 (Windows NT 10.0; Win64; x64) AppleWebKit/537.36 (KHTML, like Gecko) Chrome/137.0.0.0 Safari/537.36"
2603:7080:ee00:9bec:2883:2387:259d:ebd7 - - [08/Jun/2025:13:19:58 -0400] "GET /manga/wotakoi-love-is-hard-for-otaku-chapter-75/ HTTP/1.1" 304 0 "https://wotaku-manga.com/manga/wotakoi-love-is-hard-for-otaku-chapter-74/" "Mozilla/5.0 (Windows NT 10.0; Win64; x64) AppleWebKit/537.36 (KHTML, like Gecko) Chrome/137.0.0.0 Safari/537.36"
180.191.163.35 - - [08/Jun/2025:13:19:59 -0400] "GET /manga/wotaku-ni-koi-wa-muzukashii-chapter-28/ HTTP/1.1" 200 42380 "https://wotaku-manga.com/manga/wotaku-ni-koi-wa-muzukashii-chapter-27/" "Mozilla/5.0 (Macintosh; Intel Mac OS X 10_15_7) AppleWebKit/605.1.15 (KHTML, like Gecko) Brave/1 Version/18.5 Safari/605.1.15"
162.0.232.193 - - [08/Jun/2025:13:20:01 -0400] "POST /wp-cron.php?doing_wp_cron=1749403201.0116961002349853515625 HTTP/1.1" 200 0 "-" "WordPress/6.8.1; https://wotaku-manga.com"
180.191.163.35 - - [08/Jun/2025:13:20:00 -0400] "POST /wp-admin/admin-ajax.php HTTP/1.1" 200 61 "https://wotaku-manga.com/manga/wotaku-ni-koi-wa-muzukashii-chapter-28/" "Mozilla/5.0 (Macintosh; Intel Mac OS X 10_15_7) AppleWebKit/605.1.15 (KHTML, like Gecko) Brave/1 Version/18.5 Safari/605.1.15"
2405:4802:d0b3:bb00:80e7:d01f:7920:fde3 - - [08/Jun/2025:13:20:07 -0400] "GET /category/wotakoi-love-is-hard-for-otaku-manga-ending/ HTTP/1.1" 304 0 "https://wotaku-manga.com/manga/wotaku-ni-koi-wa-muzukashii-chapter-37-5/" "Mozilla/5.0 (Linux; Android 10; K) AppleWebKit/537.36 (KHTML, like Gecko) SamsungBrowser/28.0 Chrome/130.0.0.0 Mobile Safari/537.36"
2405:4802:d0b3:bb00:80e7:d01f:7920:fde3 - - [08/Jun/2025:13:20:08 -0400] "GET /category/wotakoi-love-is-hard-for-otaku-manga-ending/ HTTP/1.1" 304 0 "https://wotaku-manga.com/manga/wotaku-ni-koi-wa-muzukashii-chapter-37-5/" "Mozilla/5.0 (Linux; Android 10; K) AppleWebKit/537.36 (KHTML, like Gecko) SamsungBrowser/28.0 Chrome/130.0.0.0 Mobile Safari/537.36"
2405:4802:d0b3:bb00:80e7:d01f:7920:fde3 - - [08/Jun/2025:13:20:08 -0400] "GET /manga/wotaku-ni-koi-wa-muzukashii-chapter-38/ HTTP/1.1" 200 42252 "https://wotaku-manga.com/manga/wotaku-ni-koi-wa-muzukashii-chapter-37-5/" "Mozilla/5.0 (Linux; Android 10; K) AppleWebKit/537.36 (KHTML, like Gecko) SamsungBrowser/28.0 Chrome/130.0.0.0 Mobile Safari/537.36"
2405:4802:d0b3:bb00:80e7:d01f:7920:fde3 - - [08/Jun/2025:13:20:08 -0400] "GET /manga/wotaku-ni-koi-wa-muzukashii-chapter-38/ HTTP/1.1" 304 0 "https://wotaku-manga.com/manga/wotaku-ni-koi-wa-muzukashii-chapter-37-5/" "Mozilla/5.0 (Linux; Android 10; K) AppleWebKit/537.36 (KHTML, like Gecko) SamsungBrowser/28.0 Chrome/130.0.0.0 Mobile Safari/537.36"
