139.0.157.46 - - [08/Jun/2025:06:45:44 -0400] "GET /wotakoi-volume-list/ HTTP/1.1" 304 0 "https://wotaku-manga.com/manga/wotaku-ni-koi-wa-muzukashii-chapter-41-5/" "Mozilla/5.0 (Linux; Android 10; K) AppleWebKit/537.36 (KHTML, like Gecko) SamsungBrowser/28.0 Chrome/130.0.0.0 Mobile Safari/537.36"
162.0.232.193 - - [08/Jun/2025:06:45:46 -0400] "POST /wp-cron.php?doing_wp_cron=1749379546.0219740867614746093750 HTTP/1.1" 200 0 "-" "WordPress/6.8.1; https://wotaku-manga.com"
217.182.139.156 - - [08/Jun/2025:06:45:45 -0400] "POST /xmlrpc.php HTTP/1.1" 200 205 "-" "Mozilla/5.0 (Windows NT 10.0; Win64; x64) AppleWebKit/537.36 (KHTML, like Gecko) Chrome/126.0.0.0 Safari/537.36"
162.0.232.193 - - [08/Jun/2025:06:45:58 -0400] "POST /wp-cron.php?doing_wp_cron=1749379558.4109249114990234375000 HTTP/1.1" 200 0 "-" "WordPress/6.8.1; https://wotaku-manga.com"
151.106.40.234 - - [08/Jun/2025:06:45:58 -0400] "POST /xmlrpc.php HTTP/1.1" 200 205 "-" "Mozilla/5.0 (Windows NT 10.0; Win64; x64) AppleWebKit/537.36 (KHTML, like Gecko) Chrome/126.0.0.0 Safari/537.36"
2401:4900:12ea:58a:9972:f726:efe:a6c8 - - [08/Jun/2025:06:46:01 -0400] "GET /category/wotakoi-love-is-hard-for-otaku-manga-set/ HTTP/1.1" 200 46177 "https://wotaku-manga.com/manga/wotakoi-love-is-hard-for-otaku-chapter-22/" "Mozilla/5.0 (Linux; Android 10; K) AppleWebKit/537.36 (KHTML, like Gecko) Chrome/136.0.0.0 Mobile Safari/537.36"
2401:4900:12ea:58a:9972:f726:efe:a6c8 - - [08/Jun/2025:06:46:02 -0400] "GET /category/wotakoi-love-is-hard-for-otaku-manga-set/ HTTP/1.1" 304 0 "https://wotaku-manga.com/manga/wotakoi-love-is-hard-for-otaku-chapter-22/" "Mozilla/5.0 (Linux; Android 10; K) AppleWebKit/537.36 (KHTML, like Gecko) Chrome/136.0.0.0 Mobile Safari/537.36"
2401:4900:12ea:58a:9972:f726:efe:a6c8 - - [08/Jun/2025:06:46:02 -0400] "GET /tag/hanako-koyanagi/ HTTP/1.1" 301 0 "https://wotaku-manga.com/manga/wotakoi-love-is-hard-for-otaku-chapter-22/" "Mozilla/5.0 (Linux; Android 10; K) AppleWebKit/537.36 (KHTML, like Gecko) Chrome/136.0.0.0 Mobile Safari/537.36"
2401:4900:12ea:58a:9972:f726:efe:a6c8 - - [08/Jun/2025:06:46:03 -0400] "GET / HTTP/1.1" 304 0 "https://wotaku-manga.com/manga/wotakoi-love-is-hard-for-otaku-chapter-22/" "Mozilla/5.0 (Linux; Android 10; K) AppleWebKit/537.36 (KHTML, like Gecko) Chrome/136.0.0.0 Mobile Safari/537.36"
2401:4900:12ea:58a:9972:f726:efe:a6c8 - - [08/Jun/2025:06:46:03 -0400] "GET / HTTP/1.1" 304 0 "https://wotaku-manga.com/manga/wotakoi-love-is-hard-for-otaku-chapter-22/" "Mozilla/5.0 (Linux; Android 10; K) AppleWebKit/537.36 (KHTML, like Gecko) Chrome/136.0.0.0 Mobile Safari/537.36"
45.64.25.34 - - [08/Jun/2025:06:46:08 -0400] "POST /xmlrpc.php HTTP/1.1" 200 205 "-" "Mozilla/5.0 (Windows NT 10.0; Win64; x64) AppleWebKit/537.36 (KHTML, like Gecko) Chrome/126.0.0.0 Safari/537.36"
2401:4900:12ea:58a:9972:f726:efe:a6c8 - - [08/Jun/2025:06:46:11 -0400] "GET /category/wotakoi-love-is-hard-for-otaku-manga-read-online/ HTTP/1.1" 200 46261 "https://wotaku-manga.com/manga/wotakoi-love-is-hard-for-otaku-chapter-22/" "Mozilla/5.0 (Linux; Android 10; K) AppleWebKit/537.36 (KHTML, like Gecko) Chrome/136.0.0.0 Mobile Safari/537.36"
2401:4900:12ea:58a:9972:f726:efe:a6c8 - - [08/Jun/2025:06:46:12 -0400] "GET /category/wotakoi-love-is-hard-for-otaku-manga-read-online/ HTTP/1.1" 304 0 "https://wotaku-manga.com/manga/wotakoi-love-is-hard-for-otaku-chapter-22/" "Mozilla/5.0 (Linux; Android 10; K) AppleWebKit/537.36 (KHTML, like Gecko) Chrome/136.0.0.0 Mobile Safari/537.36"
139.0.157.46 - - [08/Jun/2025:06:46:16 -0400] "GET /manga/wotaku-ni-koi-wa-muzukashii-chapter-42/ HTTP/1.1" 200 42585 "https://wotaku-manga.com/manga/wotaku-ni-koi-wa-muzukashii-chapter-41-5/" "Mozilla/5.0 (Linux; Android 10; K) AppleWebKit/537.36 (KHTML, like Gecko) SamsungBrowser/28.0 Chrome/130.0.0.0 Mobile Safari/537.36"
139.0.157.46 - - [08/Jun/2025:06:46:16 -0400] "GET /manga/wotaku-ni-koi-wa-muzukashii-chapter-42/ HTTP/1.1" 304 0 "https://wotaku-manga.com/manga/wotaku-ni-koi-wa-muzukashii-chapter-41-5/" "Mozilla/5.0 (Linux; Android 10; K) AppleWebKit/537.36 (KHTML, like Gecko) SamsungBrowser/28.0 Chrome/130.0.0.0 Mobile Safari/537.36"
139.0.157.46 - - [08/Jun/2025:06:46:18 -0400] "GET /wotakoi-volume-list/ HTTP/1.1" 304 0 "https://wotaku-manga.com/manga/wotaku-ni-koi-wa-muzukashii-chapter-42/" "Mozilla/5.0 (Linux; Android 10; K) AppleWebKit/537.36 (KHTML, like Gecko) SamsungBrowser/28.0 Chrome/130.0.0.0 Mobile Safari/537.36"
139.0.157.46 - - [08/Jun/2025:06:46:22 -0400] "GET /wotakoi-volume-list/ HTTP/1.1" 304 0 "https://wotaku-manga.com/manga/wotaku-ni-koi-wa-muzukashii-chapter-42/" "Mozilla/5.0 (Linux; Android 10; K) AppleWebKit/537.36 (KHTML, like Gecko) SamsungBrowser/28.0 Chrome/130.0.0.0 Mobile Safari/537.36"
162.0.232.193 - - [08/Jun/2025:06:46:22 -0400] "POST /wp-cron.php?doing_wp_cron=1749379582.7076039314270019531250 HTTP/1.1" 200 0 "-" "WordPress/6.8.1; https://wotaku-manga.com"
198.177.125.65 - - [08/Jun/2025:06:46:22 -0400] "POST /xmlrpc.php HTTP/1.1" 200 205 "-" "Mozilla/5.0 (Windows NT 10.0; Win64; x64) AppleWebKit/537.36 (KHTML, like Gecko) Chrome/126.0.0.0 Safari/537.36"
2401:4900:12ea:58a:9972:f726:efe:a6c8 - - [08/Jun/2025:06:46:26 -0400] "GET /manga/wotaku-ni-koi-wa-muzukashii-chapter-23/ HTTP/1.1" 200 43372 "https://wotaku-manga.com/" "Mozilla/5.0 (Linux; Android 10; K) AppleWebKit/537.36 (KHTML, like Gecko) Chrome/136.0.0.0 Mobile Safari/537.36"
2401:4900:12ea:58a:9972:f726:efe:a6c8 - - [08/Jun/2025:06:46:26 -0400] "GET /manga/wotaku-ni-koi-wa-muzukashii-chapter-23/ HTTP/1.1" 304 0 "https://wotaku-manga.com/" "Mozilla/5.0 (Linux; Android 10; K) AppleWebKit/537.36 (KHTML, like Gecko) Chrome/136.0.0.0 Mobile Safari/537.36"
2401:4900:12ea:58a:9972:f726:efe:a6c8 - - [08/Jun/2025:06:46:27 -0400] "GET /manga/wotakoi-love-is-hard-for-otaku-chapter-87/ HTTP/1.1" 304 0 "https://wotaku-manga.com/manga/wotaku-ni-koi-wa-muzukashii-chapter-23/" "Mozilla/5.0 (Linux; Android 10; K) AppleWebKit/537.36 (KHTML, like Gecko) Chrome/136.0.0.0 Mobile Safari/537.36"
2401:4900:12ea:58a:9972:f726:efe:a6c8 - - [08/Jun/2025:06:46:28 -0400] "POST /wp-admin/admin-ajax.php HTTP/1.1" 200 61 "https://wotaku-manga.com/manga/wotaku-ni-koi-wa-muzukashii-chapter-23/" "Mozilla/5.0 (Linux; Android 10; K) AppleWebKit/537.36 (KHTML, like Gecko) Chrome/136.0.0.0 Mobile Safari/537.36"
2401:4900:12ea:58a:9972:f726:efe:a6c8 - - [08/Jun/2025:06:46:31 -0400] "GET /manga/wotakoi-love-is-hard-for-otaku-chapter-87/ HTTP/1.1" 304 0 "https://wotaku-manga.com/manga/wotaku-ni-koi-wa-muzukashii-chapter-23/" "Mozilla/5.0 (Linux; Android 10; K) AppleWebKit/537.36 (KHTML, like Gecko) Chrome/136.0.0.0 Mobile Safari/537.36"
64.23.196.144 - - [08/Jun/2025:06:46:34 -0400] "POST /xmlrpc.php HTTP/1.1" 200 205 "-" "Mozilla/5.0 (Windows NT 10.0; Win64; x64) AppleWebKit/537.36 (KHTML, like Gecko) Chrome/126.0.0.0 Safari/537.36"
139.0.157.46 - - [08/Jun/2025:06:46:36 -0400] "GET /tag/romance/ HTTP/1.1" 301 0 "https://wotaku-manga.com/manga/wotaku-ni-koi-wa-muzukashii-chapter-42/" "Mozilla/5.0 (Linux; Android 10; K) AppleWebKit/537.36 (KHTML, like Gecko) SamsungBrowser/28.0 Chrome/130.0.0.0 Mobile Safari/537.36"
139.0.157.46 - - [08/Jun/2025:06:46:36 -0400] "GET / HTTP/1.1" 304 0 "https://wotaku-manga.com/manga/wotaku-ni-koi-wa-muzukashii-chapter-42/" "Mozilla/5.0 (Linux; Android 10; K) AppleWebKit/537.36 (KHTML, like Gecko) SamsungBrowser/28.0 Chrome/130.0.0.0 Mobile Safari/537.36"
139.0.157.46 - - [08/Jun/2025:06:46:36 -0400] "GET / HTTP/1.1" 304 0 "https://wotaku-manga.com/manga/wotaku-ni-koi-wa-muzukashii-chapter-42/" "Mozilla/5.0 (Linux; Android 10; K) AppleWebKit/537.36 (KHTML, like Gecko) SamsungBrowser/28.0 Chrome/130.0.0.0 Mobile Safari/537.36"
139.0.157.46 - - [08/Jun/2025:06:46:37 -0400] "GET /manga/wotaku-ni-koi-wa-muzukashii-chapter-43/ HTTP/1.1" 200 43422 "https://wotaku-manga.com/manga/wotaku-ni-koi-wa-muzukashii-chapter-42/" "Mozilla/5.0 (Linux; Android 10; K) AppleWebKit/537.36 (KHTML, like Gecko) SamsungBrowser/28.0 Chrome/130.0.0.0 Mobile Safari/537.36"
139.0.157.46 - - [08/Jun/2025:06:46:37 -0400] "GET /manga/wotaku-ni-koi-wa-muzukashii-chapter-43/ HTTP/1.1" 304 0 "https://wotaku-manga.com/manga/wotaku-ni-koi-wa-muzukashii-chapter-42/" "Mozilla/5.0 (Linux; Android 10; K) AppleWebKit/537.36 (KHTML, like Gecko) SamsungBrowser/28.0 Chrome/130.0.0.0 Mobile Safari/537.36"
139.0.157.46 - - [08/Jun/2025:06:46:38 -0400] "GET /manga/wotakoi-love-is-hard-for-otaku-chapter-0/ HTTP/1.1" 304 0 "https://wotaku-manga.com/manga/wotaku-ni-koi-wa-muzukashii-chapter-43/" "Mozilla/5.0 (Linux; Android 10; K) AppleWebKit/537.36 (KHTML, like Gecko) SamsungBrowser/28.0 Chrome/130.0.0.0 Mobile Safari/537.36"
139.0.157.46 - - [08/Jun/2025:06:46:39 -0400] "POST /wp-admin/admin-ajax.php HTTP/1.1" 200 61 "https://wotaku-manga.com/manga/wotaku-ni-koi-wa-muzukashii-chapter-43/" "Mozilla/5.0 (Linux; Android 10; K) AppleWebKit/537.36 (KHTML, like Gecko) SamsungBrowser/28.0 Chrome/130.0.0.0 Mobile Safari/537.36"
139.0.157.46 - - [08/Jun/2025:06:46:41 -0400] "GET /manga/wotakoi-love-is-hard-for-otaku-chapter-0/ HTTP/1.1" 304 0 "https://wotaku-manga.com/manga/wotaku-ni-koi-wa-muzukashii-chapter-43/" "Mozilla/5.0 (Linux; Android 10; K) AppleWebKit/537.36 (KHTML, like Gecko) SamsungBrowser/28.0 Chrome/130.0.0.0 Mobile Safari/537.36"
43.231.115.89 - - [08/Jun/2025:06:46:42 -0400] "POST /xmlrpc.php HTTP/1.1" 200 205 "-" "Mozilla/5.0 (Windows NT 10.0; Win64; x64) AppleWebKit/537.36 (KHTML, like Gecko) Chrome/126.0.0.0 Safari/537.36"
2401:4900:12ea:58a:9972:f726:efe:a6c8 - - [08/Jun/2025:06:46:43 -0400] "GET /tag/read-wotakoi/ HTTP/1.1" 301 0 "https://wotaku-manga.com/manga/wotaku-ni-koi-wa-muzukashii-chapter-23/" "Mozilla/5.0 (Linux; Android 10; K) AppleWebKit/537.36 (KHTML, like Gecko) Chrome/136.0.0.0 Mobile Safari/537.36"
2401:4900:12ea:58a:9972:f726:efe:a6c8 - - [08/Jun/2025:06:46:44 -0400] "GET / HTTP/1.1" 304 0 "https://wotaku-manga.com/manga/wotaku-ni-koi-wa-muzukashii-chapter-23/" "Mozilla/5.0 (Linux; Android 10; K) AppleWebKit/537.36 (KHTML, like Gecko) Chrome/136.0.0.0 Mobile Safari/537.36"
2401:4900:12ea:58a:9972:f726:efe:a6c8 - - [08/Jun/2025:06:46:44 -0400] "GET / HTTP/1.1" 304 0 "https://wotaku-manga.com/manga/wotaku-ni-koi-wa-muzukashii-chapter-23/" "Mozilla/5.0 (Linux; Android 10; K) AppleWebKit/537.36 (KHTML, like Gecko) Chrome/136.0.0.0 Mobile Safari/537.36"
2401:4900:12ea:58a:9972:f726:efe:a6c8 - - [08/Jun/2025:06:46:48 -0400] "GET /manga/wotaku-ni-koi-wa-muzukashii-chapter-25/ HTTP/1.1" 200 42753 "https://wotaku-manga.com/" "Mozilla/5.0 (Linux; Android 10; K) AppleWebKit/537.36 (KHTML, like Gecko) Chrome/136.0.0.0 Mobile Safari/537.36"
2401:4900:12ea:58a:9972:f726:efe:a6c8 - - [08/Jun/2025:06:46:48 -0400] "GET /manga/wotaku-ni-koi-wa-muzukashii-chapter-25/ HTTP/1.1" 304 0 "https://wotaku-manga.com/" "Mozilla/5.0 (Linux; Android 10; K) AppleWebKit/537.36 (KHTML, like Gecko) Chrome/136.0.0.0 Mobile Safari/537.36"
2401:4900:12ea:58a:9972:f726:efe:a6c8 - - [08/Jun/2025:06:46:49 -0400] "GET /manga/wotakoi-love-is-hard-for-otaku-chapter-87/ HTTP/1.1" 304 0 "https://wotaku-manga.com/manga/wotaku-ni-koi-wa-muzukashii-chapter-25/" "Mozilla/5.0 (Linux; Android 10; K) AppleWebKit/537.36 (KHTML, like Gecko) Chrome/136.0.0.0 Mobile Safari/537.36"
162.0.232.193 - - [08/Jun/2025:06:46:49 -0400] "POST /wp-cron.php?doing_wp_cron=1749379609.7513310909271240234375 HTTP/1.1" 200 0 "-" "WordPress/6.8.1; https://wotaku-manga.com"
2401:4900:12ea:58a:9972:f726:efe:a6c8 - - [08/Jun/2025:06:46:49 -0400] "POST /wp-admin/admin-ajax.php HTTP/1.1" 200 61 "https://wotaku-manga.com/manga/wotaku-ni-koi-wa-muzukashii-chapter-25/" "Mozilla/5.0 (Linux; Android 10; K) AppleWebKit/537.36 (KHTML, like Gecko) Chrome/136.0.0.0 Mobile Safari/537.36"
2401:4900:12ea:58a:9972:f726:efe:a6c8 - - [08/Jun/2025:06:46:51 -0400] "GET /manga/wotakoi-love-is-hard-for-otaku-chapter-87/ HTTP/1.1" 304 0 "https://wotaku-manga.com/manga/wotaku-ni-koi-wa-muzukashii-chapter-25/" "Mozilla/5.0 (Linux; Android 10; K) AppleWebKit/537.36 (KHTML, like Gecko) Chrome/136.0.0.0 Mobile Safari/537.36"
198.177.125.65 - - [08/Jun/2025:06:46:55 -0400] "POST /xmlrpc.php HTTP/1.1" 200 205 "-" "Mozilla/5.0 (Windows NT 10.0; Win64; x64) AppleWebKit/537.36 (KHTML, like Gecko) Chrome/126.0.0.0 Safari/537.36"
2401:4900:12ea:58a:9972:f726:efe:a6c8 - - [08/Jun/2025:06:46:58 -0400] "GET /manga/wotaku-ni-koi-wa-muzukashii-chapter-26/ HTTP/1.1" 200 42042 "https://wotaku-manga.com/" "Mozilla/5.0 (Linux; Android 10; K) AppleWebKit/537.36 (KHTML, like Gecko) Chrome/136.0.0.0 Mobile Safari/537.36"
2401:4900:12ea:58a:9972:f726:efe:a6c8 - - [08/Jun/2025:06:46:59 -0400] "GET /manga/wotaku-ni-koi-wa-muzukashii-chapter-26/ HTTP/1.1" 304 0 "https://wotaku-manga.com/" "Mozilla/5.0 (Linux; Android 10; K) AppleWebKit/537.36 (KHTML, like Gecko) Chrome/136.0.0.0 Mobile Safari/537.36"
2401:4900:12ea:58a:9972:f726:efe:a6c8 - - [08/Jun/2025:06:47:00 -0400] "GET /manga/wotakoi-love-is-hard-for-otaku-chapter-87/ HTTP/1.1" 304 0 "https://wotaku-manga.com/manga/wotaku-ni-koi-wa-muzukashii-chapter-26/" "Mozilla/5.0 (Linux; Android 10; K) AppleWebKit/537.36 (KHTML, like Gecko) Chrome/136.0.0.0 Mobile Safari/537.36"
2401:4900:12ea:58a:9972:f726:efe:a6c8 - - [08/Jun/2025:06:47:02 -0400] "GET /manga/wotakoi-love-is-hard-for-otaku-chapter-87/ HTTP/1.1" 304 0 "https://wotaku-manga.com/manga/wotaku-ni-koi-wa-muzukashii-chapter-26/" "Mozilla/5.0 (Linux; Android 10; K) AppleWebKit/537.36 (KHTML, like Gecko) Chrome/136.0.0.0 Mobile Safari/537.36"
2401:4900:12ea:58a:9972:f726:efe:a6c8 - - [08/Jun/2025:06:47:05 -0400] "GET /manga/wotaku-ni-koi-wa-muzukashii-chapter-26-5/ HTTP/1.1" 200 42283 "https://wotaku-manga.com/" "Mozilla/5.0 (Linux; Android 10; K) AppleWebKit/537.36 (KHTML, like Gecko) Chrome/136.0.0.0 Mobile Safari/537.36"
2401:4900:12ea:58a:9972:f726:efe:a6c8 - - [08/Jun/2025:06:47:06 -0400] "GET /manga/wotaku-ni-koi-wa-muzukashii-chapter-26-5/ HTTP/1.1" 304 0 "https://wotaku-manga.com/" "Mozilla/5.0 (Linux; Android 10; K) AppleWebKit/537.36 (KHTML, like Gecko) Chrome/136.0.0.0 Mobile Safari/537.36"
2401:4900:12ea:58a:9972:f726:efe:a6c8 - - [08/Jun/2025:06:47:06 -0400] "GET /manga/wotakoi-love-is-hard-for-otaku-chapter-87/ HTTP/1.1" 304 0 "https://wotaku-manga.com/manga/wotaku-ni-koi-wa-muzukashii-chapter-26-5/" "Mozilla/5.0 (Linux; Android 10; K) AppleWebKit/537.36 (KHTML, like Gecko) Chrome/136.0.0.0 Mobile Safari/537.36"
162.0.232.193 - - [08/Jun/2025:06:47:07 -0400] "POST /wp-cron.php?doing_wp_cron=1749379627.3193409442901611328125 HTTP/1.1" 200 0 "-" "WordPress/6.8.1; https://wotaku-manga.com"
2401:4900:12ea:58a:9972:f726:efe:a6c8 - - [08/Jun/2025:06:47:07 -0400] "POST /wp-admin/admin-ajax.php HTTP/1.1" 200 61 "https://wotaku-manga.com/manga/wotaku-ni-koi-wa-muzukashii-chapter-26-5/" "Mozilla/5.0 (Linux; Android 10; K) AppleWebKit/537.36 (KHTML, like Gecko) Chrome/136.0.0.0 Mobile Safari/537.36"
2401:4900:12ea:58a:9972:f726:efe:a6c8 - - [08/Jun/2025:06:47:08 -0400] "GET /manga/wotakoi-love-is-hard-for-otaku-chapter-87/ HTTP/1.1" 304 0 "https://wotaku-manga.com/manga/wotaku-ni-koi-wa-muzukashii-chapter-26-5/" "Mozilla/5.0 (Linux; Android 10; K) AppleWebKit/537.36 (KHTML, like Gecko) Chrome/136.0.0.0 Mobile Safari/537.36"
103.69.98.45 - - [08/Jun/2025:06:47:11 -0400] "POST /xmlrpc.php HTTP/1.1" 200 205 "-" "Mozilla/5.0 (Windows NT 10.0; Win64; x64) AppleWebKit/537.36 (KHTML, like Gecko) Chrome/126.0.0.0 Safari/537.36"
2401:4900:12ea:58a:9972:f726:efe:a6c8 - - [08/Jun/2025:06:47:14 -0400] "GET /manga/wotaku-ni-koi-wa-muzukashii-chapter-27/ HTTP/1.1" 200 43000 "https://wotaku-manga.com/" "Mozilla/5.0 (Linux; Android 10; K) AppleWebKit/537.36 (KHTML, like Gecko) Chrome/136.0.0.0 Mobile Safari/537.36"
2401:4900:12ea:58a:9972:f726:efe:a6c8 - - [08/Jun/2025:06:47:15 -0400] "GET /manga/wotaku-ni-koi-wa-muzukashii-chapter-27/ HTTP/1.1" 304 0 "https://wotaku-manga.com/" "Mozilla/5.0 (Linux; Android 10; K) AppleWebKit/537.36 (KHTML, like Gecko) Chrome/136.0.0.0 Mobile Safari/537.36"
2401:4900:12ea:58a:9972:f726:efe:a6c8 - - [08/Jun/2025:06:47:15 -0400] "GET /manga/wotakoi-love-is-hard-for-otaku-chapter-87/ HTTP/1.1" 304 0 "https://wotaku-manga.com/manga/wotaku-ni-koi-wa-muzukashii-chapter-27/" "Mozilla/5.0 (Linux; Android 10; K) AppleWebKit/537.36 (KHTML, like Gecko) Chrome/136.0.0.0 Mobile Safari/537.36"
2401:4900:12ea:58a:9972:f726:efe:a6c8 - - [08/Jun/2025:06:47:18 -0400] "GET /manga/wotakoi-love-is-hard-for-otaku-chapter-87/ HTTP/1.1" 304 0 "https://wotaku-manga.com/manga/wotaku-ni-koi-wa-muzukashii-chapter-27/" "Mozilla/5.0 (Linux; Android 10; K) AppleWebKit/537.36 (KHTML, like Gecko) Chrome/136.0.0.0 Mobile Safari/537.36"
2401:4900:12ea:58a:9972:f726:efe:a6c8 - - [08/Jun/2025:06:47:22 -0400] "GET /manga/wotaku-ni-koi-wa-muzukashii-chapter-28/ HTTP/1.1" 200 42748 "https://wotaku-manga.com/" "Mozilla/5.0 (Linux; Android 10; K) AppleWebKit/537.36 (KHTML, like Gecko) Chrome/136.0.0.0 Mobile Safari/537.36"
2401:4900:12ea:58a:9972:f726:efe:a6c8 - - [08/Jun/2025:06:47:22 -0400] "GET /manga/wotaku-ni-koi-wa-muzukashii-chapter-28/ HTTP/1.1" 304 0 "https://wotaku-manga.com/" "Mozilla/5.0 (Linux; Android 10; K) AppleWebKit/537.36 (KHTML, like Gecko) Chrome/136.0.0.0 Mobile Safari/537.36"
2401:4900:12ea:58a:9972:f726:efe:a6c8 - - [08/Jun/2025:06:47:23 -0400] "GET /manga/wotakoi-love-is-hard-for-otaku-chapter-87/ HTTP/1.1" 304 0 "https://wotaku-manga.com/manga/wotaku-ni-koi-wa-muzukashii-chapter-28/" "Mozilla/5.0 (Linux; Android 10; K) AppleWebKit/537.36 (KHTML, like Gecko) Chrome/136.0.0.0 Mobile Safari/537.36"
162.0.232.193 - - [08/Jun/2025:06:47:25 -0400] "POST /wp-cron.php?doing_wp_cron=1749379645.6321129798889160156250 HTTP/1.1" 200 0 "-" "WordPress/6.8.1; https://wotaku-manga.com"
45.64.25.34 - - [08/Jun/2025:06:47:25 -0400] "POST /xmlrpc.php HTTP/1.1" 200 205 "-" "Mozilla/5.0 (Windows NT 10.0; Win64; x64) AppleWebKit/537.36 (KHTML, like Gecko) Chrome/126.0.0.0 Safari/537.36"
2401:4900:12ea:58a:9972:f726:efe:a6c8 - - [08/Jun/2025:06:47:26 -0400] "GET /manga/wotakoi-love-is-hard-for-otaku-chapter-87/ HTTP/1.1" 304 0 "https://wotaku-manga.com/manga/wotaku-ni-koi-wa-muzukashii-chapter-28/" "Mozilla/5.0 (Linux; Android 10; K) AppleWebKit/537.36 (KHTML, like Gecko) Chrome/136.0.0.0 Mobile Safari/537.36"
2401:4900:12ea:58a:9972:f726:efe:a6c8 - - [08/Jun/2025:06:47:32 -0400] "GET /manga/wotakoi-love-is-hard-for-otaku-chapter-87/ HTTP/1.1" 304 0 "https://wotaku-manga.com/manga/wotaku-ni-koi-wa-muzukashii-chapter-24/" "Mozilla/5.0 (Linux; Android 10; K) AppleWebKit/537.36 (KHTML, like Gecko) Chrome/136.0.0.0 Mobile Safari/537.36"
2401:4900:12ea:58a:9972:f726:efe:a6c8 - - [08/Jun/2025:06:47:32 -0400] "GET /manga/wotakoi-love-is-hard-for-otaku-chapter-87/ HTTP/1.1" 304 0 "https://wotaku-manga.com/manga/wotaku-ni-koi-wa-muzukashii-chapter-24/" "Mozilla/5.0 (Linux; Android 10; K) AppleWebKit/537.36 (KHTML, like Gecko) Chrome/136.0.0.0 Mobile Safari/537.36"
2401:4900:12ea:58a:9972:f726:efe:a6c8 - - [08/Jun/2025:06:47:32 -0400] "POST /wp-admin/admin-ajax.php HTTP/1.1" 200 61 "https://wotaku-manga.com/manga/wotaku-ni-koi-wa-muzukashii-chapter-24/" "Mozilla/5.0 (Linux; Android 10; K) AppleWebKit/537.36 (KHTML, like Gecko) Chrome/136.0.0.0 Mobile Safari/537.36"
43.224.126.115 - - [08/Jun/2025:06:47:36 -0400] "POST /xmlrpc.php HTTP/1.1" 200 205 "-" "Mozilla/5.0 (Windows NT 10.0; Win64; x64) AppleWebKit/537.36 (KHTML, like Gecko) Chrome/126.0.0.0 Safari/537.36"
134.122.126.58 - - [08/Jun/2025:06:47:44 -0400] "POST /xmlrpc.php HTTP/1.1" 200 205 "-" "Mozilla/5.0 (Windows NT 10.0; Win64; x64) AppleWebKit/537.36 (KHTML, like Gecko) Chrome/126.0.0.0 Safari/537.36"
51.83.243.159 - - [08/Jun/2025:06:47:46 -0400] "GET / HTTP/1.1" 200 37331 "-" "Mozilla/5.0 (Windows NT 10.0; Win64; x64) AppleWebKit/537.36 (KHTML, like Gecko) Chrome/122.0.0.0 Safari/537.36 Edg/122.0.0.0"
162.0.232.193 - - [08/Jun/2025:06:47:52 -0400] "POST /wp-cron.php?doing_wp_cron=1749379672.7979259490966796875000 HTTP/1.1" 200 0 "-" "WordPress/6.8.1; https://wotaku-manga.com"
167.99.202.6 - - [08/Jun/2025:06:47:52 -0400] "POST /xmlrpc.php HTTP/1.1" 200 205 "-" "Mozilla/5.0 (Windows NT 10.0; Win64; x64) AppleWebKit/537.36 (KHTML, like Gecko) Chrome/126.0.0.0 Safari/537.36"
162.0.232.193 - - [08/Jun/2025:06:48:00 -0400] "POST /wp-cron.php?doing_wp_cron=1749379680.0533161163330078125000 HTTP/1.1" 200 0 "-" "WordPress/6.8.1; https://wotaku-manga.com"
167.99.202.6 - - [08/Jun/2025:06:47:59 -0400] "POST /xmlrpc.php HTTP/1.1" 200 205 "-" "Mozilla/5.0 (Windows NT 10.0; Win64; x64) AppleWebKit/537.36 (KHTML, like Gecko) Chrome/126.0.0.0 Safari/537.36"
51.83.243.159 - - [08/Jun/2025:06:48:04 -0400] "GET /wp-content/uploads/2021/11/Volume_1_English-1065x1536.jpg HTTP/1.1" 200 156290 "https://wotaku-manga.com/" "Mozilla/5.0 (Windows NT 10.0; Win64; x64) AppleWebKit/537.36 (KHTML, like Gecko) Chrome/122.0.0.0 Safari/537.36 Edg/122.0.0.0"
51.83.243.159 - - [08/Jun/2025:06:48:04 -0400] "GET /wp-content/uploads/2021/11/Wotaku_ni_Koi_wa_Muzukashii-11-jp-1-1081x1536.jpg HTTP/1.1" 200 180746 "https://wotaku-manga.com/" "Mozilla/5.0 (Windows NT 10.0; Win64; x64) AppleWebKit/537.36 (KHTML, like Gecko) Chrome/122.0.0.0 Safari/537.36 Edg/122.0.0.0"
37.97.201.80 - - [08/Jun/2025:06:48:05 -0400] "POST /xmlrpc.php HTTP/1.1" 200 205 "-" "Mozilla/5.0 (Windows NT 10.0; Win64; x64) AppleWebKit/537.36 (KHTML, like Gecko) Chrome/126.0.0.0 Safari/537.36"
2405:201:3039:3848:e1d8:9841:23ae:d922 - - [08/Jun/2025:06:48:10 -0400] "GET /manga/wotaku-ni-koi-wa-muzukashii-chapter-44/ HTTP/1.1" 304 0 "https://wotaku-manga.com/manga/wotaku-ni-koi-wa-muzukashii-chapter-45/" "Mozilla/5.0 (Linux; Android 12; V2236 Build/SP1A.210812.003; wv) AppleWebKit/537.36 (KHTML, like Gecko) Version/4.0 Chrome/136.0.7103.125 Mobile Safari/537.36"
2405:201:3039:3848:e1d8:9841:23ae:d922 - - [08/Jun/2025:06:48:10 -0400] "GET /manga/wotaku-ni-koi-wa-muzukashii-chapter-46/ HTTP/1.1" 200 42293 "https://wotaku-manga.com/manga/wotaku-ni-koi-wa-muzukashii-chapter-45/" "Mozilla/5.0 (Linux; Android 12; V2236 Build/SP1A.210812.003) AppleWebKit/537.36 (KHTML, like Gecko) Chrome/136.0.7103.125 Mobile Safari/537.36"
2405:201:3039:3848:e1d8:9841:23ae:d922 - - [08/Jun/2025:06:48:11 -0400] "GET /manga/wotaku-ni-koi-wa-muzukashii-chapter-44/ HTTP/1.1" 304 0 "https://wotaku-manga.com/manga/wotaku-ni-koi-wa-muzukashii-chapter-45/" "Mozilla/5.0 (Linux; Android 12; V2236 Build/SP1A.210812.003) AppleWebKit/537.36 (KHTML, like Gecko) Chrome/136.0.7103.125 Mobile Safari/537.36"
2405:201:3039:3848:e1d8:9841:23ae:d922 - - [08/Jun/2025:06:48:11 -0400] "GET /manga/wotaku-ni-koi-wa-muzukashii-chapter-46/ HTTP/1.1" 304 0 "https://wotaku-manga.com/manga/wotaku-ni-koi-wa-muzukashii-chapter-45/" "Mozilla/5.0 (Linux; Android 12; V2236 Build/SP1A.210812.003) AppleWebKit/537.36 (KHTML, like Gecko) Chrome/136.0.7103.125 Mobile Safari/537.36"
2405:201:3039:3848:e1d8:9841:23ae:d922 - - [08/Jun/2025:06:48:11 -0400] "GET /manga/wotaku-ni-koi-wa-muzukashii-chapter-46/ HTTP/1.1" 304 0 "https://wotaku-manga.com/manga/wotaku-ni-koi-wa-muzukashii-chapter-45/" "Mozilla/5.0 (Linux; Android 12; V2236 Build/SP1A.210812.003; wv) AppleWebKit/537.36 (KHTML, like Gecko) Version/4.0 Chrome/136.0.7103.125 Mobile Safari/537.36"
2405:201:3039:3848:e1d8:9841:23ae:d922 - - [08/Jun/2025:06:48:13 -0400] "GET /wotakoi-volume-list/ HTTP/1.1" 304 0 "https://wotaku-manga.com/manga/wotaku-ni-koi-wa-muzukashii-chapter-46/" "Mozilla/5.0 (Linux; Android 12; V2236 Build/SP1A.210812.003; wv) AppleWebKit/537.36 (KHTML, like Gecko) Version/4.0 Chrome/136.0.7103.125 Mobile Safari/537.36"
2405:201:3039:3848:e1d8:9841:23ae:d922 - - [08/Jun/2025:06:48:15 -0400] "GET /wotakoi-volume-list/ HTTP/1.1" 304 0 "https://wotaku-manga.com/manga/wotaku-ni-koi-wa-muzukashii-chapter-46/" "Mozilla/5.0 (Linux; Android 12; V2236 Build/SP1A.210812.003) AppleWebKit/537.36 (KHTML, like Gecko) Chrome/136.0.7103.125 Mobile Safari/537.36"
103.69.98.45 - - [08/Jun/2025:06:48:15 -0400] "POST /xmlrpc.php HTTP/1.1" 200 205 "-" "Mozilla/5.0 (Windows NT 10.0; Win64; x64) AppleWebKit/537.36 (KHTML, like Gecko) Chrome/126.0.0.0 Safari/537.36"
2405:201:3039:3848:e1d8:9841:23ae:d922 - - [08/Jun/2025:06:48:21 -0400] "GET /manga/wotaku-ni-koi-wa-muzukashii-chapter-46/ HTTP/1.1" 200 42293 "https://wotaku-manga.com/manga/wotaku-ni-koi-wa-muzukashii-chapter-45/" "Mozilla/5.0 (Linux; Android 12; V2236 Build/SP1A.210812.003) AppleWebKit/537.36 (KHTML, like Gecko) Chrome/136.0.7103.125 Mobile Safari/537.36"
162.0.232.193 - - [08/Jun/2025:06:48:25 -0400] "POST /wp-cron.php?doing_wp_cron=1749379705.3595459461212158203125 HTTP/1.1" 200 0 "-" "WordPress/6.8.1; https://wotaku-manga.com"
134.122.126.58 - - [08/Jun/2025:06:48:25 -0400] "POST /xmlrpc.php HTTP/1.1" 200 205 "-" "Mozilla/5.0 (Windows NT 10.0; Win64; x64) AppleWebKit/537.36 (KHTML, like Gecko) Chrome/126.0.0.0 Safari/537.36"
88.126.1.211 - - [08/Jun/2025:06:48:29 -0400] "GET /manga/wotaku-ni-koi-wa-muzukashii-chapter-42/ HTTP/1.1" 200 42585 "https://wotaku-manga.com/manga/wotaku-ni-koi-wa-muzukashii-chapter-41-5/" "Mozilla/5.0 (Android 10; Mobile; rv:132.0) Gecko/132.0 Firefox/132.0"
45.64.25.34 - - [08/Jun/2025:06:48:33 -0400] "POST /xmlrpc.php HTTP/1.1" 200 205 "-" "Mozilla/5.0 (Windows NT 10.0; Win64; x64) AppleWebKit/537.36 (KHTML, like Gecko) Chrome/126.0.0.0 Safari/537.36"
37.97.201.80 - - [08/Jun/2025:06:48:40 -0400] "POST /xmlrpc.php HTTP/1.1" 200 205 "-" "Mozilla/5.0 (Windows NT 10.0; Win64; x64) AppleWebKit/537.36 (KHTML, like Gecko) Chrome/126.0.0.0 Safari/537.36"
88.126.1.211 - - [08/Jun/2025:06:48:45 -0400] "GET /manga/wotaku-ni-koi-wa-muzukashii-chapter-42/ HTTP/1.1" 304 0 "https://wotaku-manga.com/manga/wotaku-ni-koi-wa-muzukashii-chapter-41-5/" "Mozilla/5.0 (Android 10; Mobile; rv:132.0) Gecko/132.0 Firefox/132.0"
162.0.232.193 - - [08/Jun/2025:06:49:47 -0400] "POST /wp-cron.php?doing_wp_cron=1749379787.7472209930419921875000 HTTP/1.1" 200 0 "-" "WordPress/6.8.1; https://wotaku-manga.com"
45.64.25.34 - - [08/Jun/2025:06:49:47 -0400] "POST /xmlrpc.php HTTP/1.1" 200 205 "-" "Mozilla/5.0 (Windows NT 10.0; Win64; x64) AppleWebKit/537.36 (KHTML, like Gecko) Chrome/126.0.0.0 Safari/537.36"
20.59.58.155 - - [08/Jun/2025:06:49:57 -0400] "POST /xmlrpc.php HTTP/1.1" 200 205 "-" "Mozilla/5.0 (Windows NT 10.0; Win64; x64) AppleWebKit/537.36 (KHTML, like Gecko) Chrome/126.0.0.0 Safari/537.36"
162.0.232.193 - - [08/Jun/2025:06:50:09 -0400] "POST /wp-cron.php?doing_wp_cron=1749379808.8633339405059814453125 HTTP/1.1" 200 0 "-" "WordPress/6.8.1; https://wotaku-manga.com"
45.64.25.34 - - [08/Jun/2025:06:50:07 -0400] "POST /xmlrpc.php HTTP/1.1" 200 205 "-" "Mozilla/5.0 (Windows NT 10.0; Win64; x64) AppleWebKit/537.36 (KHTML, like Gecko) Chrome/126.0.0.0 Safari/537.36"
162.0.232.193 - - [08/Jun/2025:06:50:20 -0400] "POST /wp-cron.php?doing_wp_cron=1749379820.2681879997253417968750 HTTP/1.1" 200 0 "-" "WordPress/6.8.1; https://wotaku-manga.com"
45.64.25.34 - - [08/Jun/2025:06:50:20 -0400] "POST /xmlrpc.php HTTP/1.1" 200 205 "-" "Mozilla/5.0 (Windows NT 10.0; Win64; x64) AppleWebKit/537.36 (KHTML, like Gecko) Chrome/126.0.0.0 Safari/537.36"
64.23.196.144 - - [08/Jun/2025:06:50:30 -0400] "POST /xmlrpc.php HTTP/1.1" 200 205 "-" "Mozilla/5.0 (Windows NT 10.0; Win64; x64) AppleWebKit/537.36 (KHTML, like Gecko) Chrome/126.0.0.0 Safari/537.36"
37.27.227.227 - - [08/Jun/2025:06:50:37 -0400] "POST /xmlrpc.php HTTP/1.1" 200 205 "-" "Mozilla/5.0 (Windows NT 10.0; Win64; x64) AppleWebKit/537.36 (KHTML, like Gecko) Chrome/126.0.0.0 Safari/537.36"
139.0.157.46 - - [08/Jun/2025:06:50:42 -0400] "GET /manga/wotaku-ni-koi-wa-muzukashii-chapter-43-5/ HTTP/1.1" 200 42642 "https://wotaku-manga.com/manga/wotaku-ni-koi-wa-muzukashii-chapter-43/" "Mozilla/5.0 (Linux; Android 10; K) AppleWebKit/537.36 (KHTML, like Gecko) SamsungBrowser/28.0 Chrome/130.0.0.0 Mobile Safari/537.36"
139.0.157.46 - - [08/Jun/2025:06:50:43 -0400] "GET /manga/wotaku-ni-koi-wa-muzukashii-chapter-43-5/ HTTP/1.1" 304 0 "https://wotaku-manga.com/manga/wotaku-ni-koi-wa-muzukashii-chapter-43/" "Mozilla/5.0 (Linux; Android 10; K) AppleWebKit/537.36 (KHTML, like Gecko) SamsungBrowser/28.0 Chrome/130.0.0.0 Mobile Safari/537.36"
139.0.157.46 - - [08/Jun/2025:06:50:44 -0400] "GET /manga/wotakoi-love-is-hard-for-otaku-chapter-0/ HTTP/1.1" 304 0 "https://wotaku-manga.com/manga/wotaku-ni-koi-wa-muzukashii-chapter-43-5/" "Mozilla/5.0 (Linux; Android 10; K) AppleWebKit/537.36 (KHTML, like Gecko) SamsungBrowser/28.0 Chrome/130.0.0.0 Mobile Safari/537.36"
139.0.157.46 - - [08/Jun/2025:06:50:44 -0400] "GET /manga/wotaku-ni-koi-wa-muzukashii-chapter-43-5/ HTTP/1.1" 200 42527 "https://wotaku-manga.com/manga/wotaku-ni-koi-wa-muzukashii-chapter-43-5/" "Mozilla/5.0 (Linux; Android 10; K) AppleWebKit/537.36 (KHTML, like Gecko) SamsungBrowser/28.0 Chrome/130.0.0.0 Mobile Safari/537.36"
139.0.157.46 - - [08/Jun/2025:06:50:44 -0400] "POST /wp-admin/admin-ajax.php HTTP/1.1" 200 61 "https://wotaku-manga.com/manga/wotaku-ni-koi-wa-muzukashii-chapter-43-5/" "Mozilla/5.0 (Linux; Android 10; K) AppleWebKit/537.36 (KHTML, like Gecko) SamsungBrowser/28.0 Chrome/130.0.0.0 Mobile Safari/537.36"
139.0.157.46 - - [08/Jun/2025:06:50:50 -0400] "GET /manga/wotakoi-love-is-hard-for-otaku-chapter-0/ HTTP/1.1" 304 0 "https://wotaku-manga.com/manga/wotaku-ni-koi-wa-muzukashii-chapter-43-5/" "Mozilla/5.0 (Linux; Android 10; K) AppleWebKit/537.36 (KHTML, like Gecko) SamsungBrowser/28.0 Chrome/130.0.0.0 Mobile Safari/537.36"
162.0.232.193 - - [08/Jun/2025:06:50:50 -0400] "POST /wp-cron.php?doing_wp_cron=1749379850.2959189414978027343750 HTTP/1.1" 200 0 "-" "WordPress/6.8.1; https://wotaku-manga.com"
139.0.157.46 - - [08/Jun/2025:06:50:50 -0400] "GET /manga/wotaku-ni-koi-wa-muzukashii-chapter-43-5/ HTTP/1.1" 304 0 "https://wotaku-manga.com/manga/wotaku-ni-koi-wa-muzukashii-chapter-43-5/" "Mozilla/5.0 (Linux; Android 10; K) AppleWebKit/537.36 (KHTML, like Gecko) SamsungBrowser/28.0 Chrome/130.0.0.0 Mobile Safari/537.36"
37.27.227.227 - - [08/Jun/2025:06:50:50 -0400] "POST /xmlrpc.php HTTP/1.1" 200 205 "-" "Mozilla/5.0 (Windows NT 10.0; Win64; x64) AppleWebKit/537.36 (KHTML, like Gecko) Chrome/126.0.0.0 Safari/537.36"
162.0.232.193 - - [08/Jun/2025:06:51:00 -0400] "POST /wp-cron.php?doing_wp_cron=1749379860.5110199451446533203125 HTTP/1.1" 200 0 "-" "WordPress/6.8.1; https://wotaku-manga.com"
139.59.68.90 - - [08/Jun/2025:06:51:00 -0400] "POST /xmlrpc.php HTTP/1.1" 200 205 "-" "Mozilla/5.0 (Windows NT 10.0; Win64; x64) AppleWebKit/537.36 (KHTML, like Gecko) Chrome/126.0.0.0 Safari/537.36"
139.0.157.46 - - [08/Jun/2025:06:51:03 -0400] "GET /manga/wotaku-ni-koi-wa-muzukashii-chapter-44/ HTTP/1.1" 200 42403 "https://wotaku-manga.com/manga/wotaku-ni-koi-wa-muzukashii-chapter-43-5/" "Mozilla/5.0 (Linux; Android 10; K) AppleWebKit/537.36 (KHTML, like Gecko) SamsungBrowser/28.0 Chrome/130.0.0.0 Mobile Safari/537.36"
139.0.157.46 - - [08/Jun/2025:06:51:04 -0400] "GET /manga/wotaku-ni-koi-wa-muzukashii-chapter-44/ HTTP/1.1" 304 0 "https://wotaku-manga.com/manga/wotaku-ni-koi-wa-muzukashii-chapter-43-5/" "Mozilla/5.0 (Linux; Android 10; K) AppleWebKit/537.36 (KHTML, like Gecko) SamsungBrowser/28.0 Chrome/130.0.0.0 Mobile Safari/537.36"
139.0.157.46 - - [08/Jun/2025:06:51:04 -0400] "GET /manga/wotakoi-love-is-hard-for-otaku-chapter-0/ HTTP/1.1" 304 0 "https://wotaku-manga.com/manga/wotaku-ni-koi-wa-muzukashii-chapter-44/" "Mozilla/5.0 (Linux; Android 10; K) AppleWebKit/537.36 (KHTML, like Gecko) SamsungBrowser/28.0 Chrome/130.0.0.0 Mobile Safari/537.36"
64.23.196.144 - - [08/Jun/2025:06:51:07 -0400] "POST /xmlrpc.php HTTP/1.1" 200 205 "-" "Mozilla/5.0 (Windows NT 10.0; Win64; x64) AppleWebKit/537.36 (KHTML, like Gecko) Chrome/126.0.0.0 Safari/537.36"
139.0.157.46 - - [08/Jun/2025:06:51:07 -0400] "GET /manga/wotakoi-love-is-hard-for-otaku-chapter-0/ HTTP/1.1" 304 0 "https://wotaku-manga.com/manga/wotaku-ni-koi-wa-muzukashii-chapter-44/" "Mozilla/5.0 (Linux; Android 10; K) AppleWebKit/537.36 (KHTML, like Gecko) SamsungBrowser/28.0 Chrome/130.0.0.0 Mobile Safari/537.36"
52.228.14.127 - - [08/Jun/2025:06:51:14 -0400] "POST /xmlrpc.php HTTP/1.1" 200 205 "-" "Mozilla/5.0 (Windows NT 10.0; Win64; x64) AppleWebKit/537.36 (KHTML, like Gecko) Chrome/126.0.0.0 Safari/537.36"
52.167.144.168 - - [08/Jun/2025:06:51:22 -0400] "GET /manga/wotaku-ni-koi-wa-muzukashii-chapter-26-5/ HTTP/1.1" 200 41540 "-" "Mozilla/5.0 AppleWebKit/537.36 (KHTML, like Gecko; compatible; bingbot/2.0; +http://www.bing.com/bingbot.htm) Chrome/116.0.1938.76 Safari/537.36"
162.0.232.193 - - [08/Jun/2025:06:51:25 -0400] "POST /wp-cron.php?doing_wp_cron=1749379885.7966139316558837890625 HTTP/1.1" 200 0 "-" "WordPress/6.8.1; https://wotaku-manga.com"
45.64.25.34 - - [08/Jun/2025:06:51:25 -0400] "POST /xmlrpc.php HTTP/1.1" 200 205 "-" "Mozilla/5.0 (Windows NT 10.0; Win64; x64) AppleWebKit/537.36 (KHTML, like Gecko) Chrome/126.0.0.0 Safari/537.36"
64.23.196.144 - - [08/Jun/2025:06:51:34 -0400] "POST /xmlrpc.php HTTP/1.1" 200 205 "-" "Mozilla/5.0 (Windows NT 10.0; Win64; x64) AppleWebKit/537.36 (KHTML, like Gecko) Chrome/126.0.0.0 Safari/537.36"
139.0.157.46 - - [08/Jun/2025:06:51:41 -0400] "GET / HTTP/1.1" 304 0 "https://wotaku-manga.com/manga/wotaku-ni-koi-wa-muzukashii-chapter-44/" "Mozilla/5.0 (Linux; Android 10; K) AppleWebKit/537.36 (KHTML, like Gecko) SamsungBrowser/28.0 Chrome/130.0.0.0 Mobile Safari/537.36"
139.0.157.46 - - [08/Jun/2025:06:51:42 -0400] "GET / HTTP/1.1" 304 0 "https://wotaku-manga.com/manga/wotaku-ni-koi-wa-muzukashii-chapter-44/" "Mozilla/5.0 (Linux; Android 10; K) AppleWebKit/537.36 (KHTML, like Gecko) SamsungBrowser/28.0 Chrome/130.0.0.0 Mobile Safari/537.36"
193.188.135.22 - - [08/Jun/2025:06:51:42 -0400] "POST /xmlrpc.php HTTP/1.1" 200 205 "-" "Mozilla/5.0 (Windows NT 10.0; Win64; x64) AppleWebKit/537.36 (KHTML, like Gecko) Chrome/126.0.0.0 Safari/537.36"
139.0.157.46 - - [08/Jun/2025:06:51:43 -0400] "GET /manga/wotaku-ni-koi-wa-muzukashii-chapter-45/ HTTP/1.1" 200 43041 "https://wotaku-manga.com/manga/wotaku-ni-koi-wa-muzukashii-chapter-44/" "Mozilla/5.0 (Linux; Android 10; K) AppleWebKit/537.36 (KHTML, like Gecko) SamsungBrowser/28.0 Chrome/130.0.0.0 Mobile Safari/537.36"
2405:201:3039:3848:e1d8:9841:23ae:d922 - - [08/Jun/2025:06:51:43 -0400] "GET /manga/wotaku-ni-koi-wa-muzukashii-chapter-47/ HTTP/1.1" 200 42640 "https://wotaku-manga.com/manga/wotaku-ni-koi-wa-muzukashii-chapter-46/" "Mozilla/5.0 (Linux; Android 12; V2236 Build/SP1A.210812.003; wv) AppleWebKit/537.36 (KHTML, like Gecko) Version/4.0 Chrome/136.0.7103.125 Mobile Safari/537.36"
139.0.157.46 - - [08/Jun/2025:06:51:43 -0400] "GET /manga/wotaku-ni-koi-wa-muzukashii-chapter-45/ HTTP/1.1" 304 0 "https://wotaku-manga.com/manga/wotaku-ni-koi-wa-muzukashii-chapter-44/" "Mozilla/5.0 (Linux; Android 10; K) AppleWebKit/537.36 (KHTML, like Gecko) SamsungBrowser/28.0 Chrome/130.0.0.0 Mobile Safari/537.36"
2405:201:3039:3848:e1d8:9841:23ae:d922 - - [08/Jun/2025:06:51:43 -0400] "GET /manga/wotaku-ni-koi-wa-muzukashii-chapter-47/ HTTP/1.1" 304 0 "https://wotaku-manga.com/manga/wotaku-ni-koi-wa-muzukashii-chapter-46/" "Mozilla/5.0 (Linux; Android 12; V2236 Build/SP1A.210812.003) AppleWebKit/537.36 (KHTML, like Gecko) Chrome/136.0.7103.125 Mobile Safari/537.36"
139.0.157.46 - - [08/Jun/2025:06:51:44 -0400] "GET /wotakoi-volume-list/ HTTP/1.1" 304 0 "https://wotaku-manga.com/manga/wotaku-ni-koi-wa-muzukashii-chapter-45/" "Mozilla/5.0 (Linux; Android 10; K) AppleWebKit/537.36 (KHTML, like Gecko) SamsungBrowser/28.0 Chrome/130.0.0.0 Mobile Safari/537.36"
2405:201:3039:3848:e1d8:9841:23ae:d922 - - [08/Jun/2025:06:51:46 -0400] "GET /wotakoi-volume-list/ HTTP/1.1" 304 0 "https://wotaku-manga.com/manga/wotaku-ni-koi-wa-muzukashii-chapter-47/" "Mozilla/5.0 (Linux; Android 12; V2236 Build/SP1A.210812.003; wv) AppleWebKit/537.36 (KHTML, like Gecko) Version/4.0 Chrome/136.0.7103.125 Mobile Safari/537.36"
162.0.232.193 - - [08/Jun/2025:06:51:47 -0400] "POST /wp-cron.php?doing_wp_cron=1749379907.4712309837341308593750 HTTP/1.1" 200 0 "-" "WordPress/6.8.1; https://wotaku-manga.com"
2405:201:3039:3848:e1d8:9841:23ae:d922 - - [08/Jun/2025:06:51:47 -0400] "POST /wp-admin/admin-ajax.php HTTP/1.1" 200 61 "https://wotaku-manga.com/manga/wotaku-ni-koi-wa-muzukashii-chapter-47/" "Mozilla/5.0 (Linux; Android 12; V2236 Build/SP1A.210812.003) AppleWebKit/537.36 (KHTML, like Gecko) Chrome/136.0.7103.125 Mobile Safari/537.36"
103.231.202.90 - - [08/Jun/2025:06:51:49 -0400] "POST /xmlrpc.php HTTP/1.1" 200 205 "-" "Mozilla/5.0 (Windows NT 10.0; Win64; x64) AppleWebKit/537.36 (KHTML, like Gecko) Chrome/126.0.0.0 Safari/537.36"
2405:201:3039:3848:e1d8:9841:23ae:d922 - - [08/Jun/2025:06:51:49 -0400] "GET /wotakoi-volume-list/ HTTP/1.1" 304 0 "https://wotaku-manga.com/manga/wotaku-ni-koi-wa-muzukashii-chapter-47/" "Mozilla/5.0 (Linux; Android 12; V2236 Build/SP1A.210812.003) AppleWebKit/537.36 (KHTML, like Gecko) Chrome/136.0.7103.125 Mobile Safari/537.36"
139.0.157.46 - - [08/Jun/2025:06:51:55 -0400] "GET /wotakoi-volume-list/ HTTP/1.1" 304 0 "https://wotaku-manga.com/manga/wotaku-ni-koi-wa-muzukashii-chapter-45/" "Mozilla/5.0 (Linux; Android 10; K) AppleWebKit/537.36 (KHTML, like Gecko) SamsungBrowser/28.0 Chrome/130.0.0.0 Mobile Safari/537.36"
162.0.232.193 - - [08/Jun/2025:06:52:12 -0400] "POST /wp-cron.php?doing_wp_cron=1749379932.3729031085968017578125 HTTP/1.1" 200 0 "-" "WordPress/6.8.1; https://wotaku-manga.com"
43.231.115.89 - - [08/Jun/2025:06:52:12 -0400] "POST /xmlrpc.php HTTP/1.1" 200 205 "-" "Mozilla/5.0 (Windows NT 10.0; Win64; x64) AppleWebKit/537.36 (KHTML, like Gecko) Chrome/126.0.0.0 Safari/537.36"
162.0.232.193 - - [08/Jun/2025:06:48:49 -0400] "POST /wp-cron.php?doing_wp_cron=1749379729.3797800540924072265625 HTTP/1.1" 200 0 "-" "WordPress/6.8.1; https://wotaku-manga.com"
37.27.227.227 - - [08/Jun/2025:06:48:49 -0400] "POST /xmlrpc.php HTTP/1.1" 200 205 "-" "Mozilla/5.0 (Windows NT 10.0; Win64; x64) AppleWebKit/537.36 (KHTML, like Gecko) Chrome/126.0.0.0 Safari/537.36"
162.0.232.193 - - [08/Jun/2025:06:49:00 -0400] "POST /wp-cron.php?doing_wp_cron=1749379739.9827210903167724609375 HTTP/1.1" 200 0 "-" "WordPress/6.8.1; https://wotaku-manga.com"
45.64.25.34 - - [08/Jun/2025:06:48:59 -0400] "POST /xmlrpc.php HTTP/1.1" 200 205 "-" "Mozilla/5.0 (Windows NT 10.0; Win64; x64) AppleWebKit/537.36 (KHTML, like Gecko) Chrome/126.0.0.0 Safari/537.36"
37.97.201.80 - - [08/Jun/2025:06:49:09 -0400] "POST /xmlrpc.php HTTP/1.1" 200 205 "-" "Mozilla/5.0 (Windows NT 10.0; Win64; x64) AppleWebKit/537.36 (KHTML, like Gecko) Chrome/126.0.0.0 Safari/537.36"
207.102.138.19 - - [08/Jun/2025:06:49:14 -0400] "GET / HTTP/1.1" 200 37331 "-" "-"
207.102.138.19 - - [08/Jun/2025:06:49:20 -0400] "GET /wp-content/uploads/2022/03/cropped-3612526.webp HTTP/1.1" 200 72576 "-" "-"
162.0.232.193 - - [08/Jun/2025:06:49:22 -0400] "POST /wp-cron.php?doing_wp_cron=1749379762.3001050949096679687500 HTTP/1.1" 200 0 "-" "WordPress/6.8.1; https://wotaku-manga.com"
165.22.253.125 - - [08/Jun/2025:06:49:19 -0400] "POST /xmlrpc.php HTTP/1.1" 200 205 "-" "Mozilla/5.0 (Windows NT 10.0; Win64; x64) AppleWebKit/537.36 (KHTML, like Gecko) Chrome/126.0.0.0 Safari/537.36"
62.171.182.68 - - [08/Jun/2025:06:49:33 -0400] "POST /xmlrpc.php HTTP/1.1" 200 205 "-" "Mozilla/5.0 (Windows NT 10.0; Win64; x64) AppleWebKit/537.36 (KHTML, like Gecko) Chrome/126.0.0.0 Safari/537.36"
162.0.232.193 - - [08/Jun/2025:06:52:19 -0400] "POST /wp-cron.php?doing_wp_cron=1749379939.1730329990386962890625 HTTP/1.1" 200 0 "-" "WordPress/6.8.1; https://wotaku-manga.com"
103.231.202.90 - - [08/Jun/2025:06:52:19 -0400] "POST /xmlrpc.php HTTP/1.1" 200 205 "-" "Mozilla/5.0 (Windows NT 10.0; Win64; x64) AppleWebKit/537.36 (KHTML, like Gecko) Chrome/126.0.0.0 Safari/537.36"
82.131.254.162 - - [08/Jun/2025:06:52:23 -0400] "GET /manga/wotakoi-love-is-hard-for-otaku-chapter-2/ HTTP/1.1" 200 45758 "-" "Mozilla/5.0 (Windows NT 10.0; Win64; x64) AppleWebKit/537.36 (KHTML, like Gecko) Chrome/137.0.0.0 Safari/537.36"
64.23.196.144 - - [08/Jun/2025:06:52:27 -0400] "POST /xmlrpc.php HTTP/1.1" 200 205 "-" "Mozilla/5.0 (Windows NT 10.0; Win64; x64) AppleWebKit/537.36 (KHTML, like Gecko) Chrome/126.0.0.0 Safari/537.36"
167.99.202.6 - - [08/Jun/2025:06:52:33 -0400] "POST /xmlrpc.php HTTP/1.1" 200 205 "-" "Mozilla/5.0 (Windows NT 10.0; Win64; x64) AppleWebKit/537.36 (KHTML, like Gecko) Chrome/126.0.0.0 Safari/537.36"
134.122.126.58 - - [08/Jun/2025:06:52:38 -0400] "POST /xmlrpc.php HTTP/1.1" 200 205 "-" "Mozilla/5.0 (Windows NT 10.0; Win64; x64) AppleWebKit/537.36 (KHTML, like Gecko) Chrome/126.0.0.0 Safari/537.36"
139.0.157.46 - - [08/Jun/2025:06:52:38 -0400] "GET /manga/wotaku-ni-koi-wa-muzukashii-chapter-45/ HTTP/1.1" 200 43041 "https://wotaku-manga.com/manga/wotaku-ni-koi-wa-muzukashii-chapter-44/" "Mozilla/5.0 (Linux; Android 10; K) AppleWebKit/537.36 (KHTML, like Gecko) SamsungBrowser/28.0 Chrome/130.0.0.0 Mobile Safari/537.36"
162.0.232.193 - - [08/Jun/2025:06:52:46 -0400] "POST /wp-cron.php?doing_wp_cron=1749379966.2669270038604736328125 HTTP/1.1" 200 0 "-" "WordPress/6.8.1; https://wotaku-manga.com"
217.182.139.156 - - [08/Jun/2025:06:52:46 -0400] "POST /xmlrpc.php HTTP/1.1" 200 205 "-" "Mozilla/5.0 (Windows NT 10.0; Win64; x64) AppleWebKit/537.36 (KHTML, like Gecko) Chrome/126.0.0.0 Safari/537.36"
134.122.126.58 - - [08/Jun/2025:06:52:55 -0400] "POST /xmlrpc.php HTTP/1.1" 200 205 "-" "Mozilla/5.0 (Windows NT 10.0; Win64; x64) AppleWebKit/537.36 (KHTML, like Gecko) Chrome/126.0.0.0 Safari/537.36"
162.0.232.193 - - [08/Jun/2025:06:53:02 -0400] "POST /wp-cron.php?doing_wp_cron=1749379982.2152719497680664062500 HTTP/1.1" 200 0 "-" "WordPress/6.8.1; https://wotaku-manga.com"
206.189.80.189 - - [08/Jun/2025:06:53:02 -0400] "POST /xmlrpc.php HTTP/1.1" 200 205 "-" "Mozilla/5.0 (Windows NT 10.0; Win64; x64) AppleWebKit/537.36 (KHTML, like Gecko) Chrome/126.0.0.0 Safari/537.36"
167.99.202.6 - - [08/Jun/2025:06:53:07 -0400] "POST /xmlrpc.php HTTP/1.1" 200 205 "-" "Mozilla/5.0 (Windows NT 10.0; Win64; x64) AppleWebKit/537.36 (KHTML, like Gecko) Chrome/126.0.0.0 Safari/537.36"
103.69.98.45 - - [08/Jun/2025:06:53:15 -0400] "POST /xmlrpc.php HTTP/1.1" 200 205 "-" "Mozilla/5.0 (Windows NT 10.0; Win64; x64) AppleWebKit/537.36 (KHTML, like Gecko) Chrome/126.0.0.0 Safari/537.36"
162.0.232.193 - - [08/Jun/2025:06:53:22 -0400] "POST /wp-cron.php?doing_wp_cron=1749380002.7837998867034912109375 HTTP/1.1" 200 0 "-" "WordPress/6.8.1; https://wotaku-manga.com"
37.97.201.80 - - [08/Jun/2025:06:53:22 -0400] "POST /xmlrpc.php HTTP/1.1" 200 205 "-" "Mozilla/5.0 (Windows NT 10.0; Win64; x64) AppleWebKit/537.36 (KHTML, like Gecko) Chrome/126.0.0.0 Safari/537.36"
116.118.104.42 - - [08/Jun/2025:06:53:30 -0400] "POST /xmlrpc.php HTTP/1.1" 200 205 "-" "Mozilla/5.0 (Windows NT 10.0; Win64; x64) AppleWebKit/537.36 (KHTML, like Gecko) Chrome/126.0.0.0 Safari/537.36"
134.209.19.9 - - [08/Jun/2025:06:53:37 -0400] "POST /xmlrpc.php HTTP/1.1" 200 205 "-" "Mozilla/5.0 (Windows NT 10.0; Win64; x64) AppleWebKit/537.36 (KHTML, like Gecko) Chrome/126.0.0.0 Safari/537.36"
2804:b30:1112:7300:45fd:7b95:5712:1c33 - - [08/Jun/2025:06:53:43 -0400] "GET / HTTP/1.1" 200 37977 "https://www.google.com/" "Mozilla/5.0 (Linux; Android 10; K) AppleWebKit/537.36 (KHTML, like Gecko) Chrome/137.0.0.0 Mobile Safari/537.36"
162.0.232.193 - - [08/Jun/2025:06:53:46 -0400] "POST /wp-cron.php?doing_wp_cron=1749380026.5767729282379150390625 HTTP/1.1" 200 0 "-" "WordPress/6.8.1; https://wotaku-manga.com"
64.23.196.144 - - [08/Jun/2025:06:53:46 -0400] "POST /xmlrpc.php HTTP/1.1" 200 205 "-" "Mozilla/5.0 (Windows NT 10.0; Win64; x64) AppleWebKit/537.36 (KHTML, like Gecko) Chrome/126.0.0.0 Safari/537.36"
64.23.196.144 - - [08/Jun/2025:06:53:52 -0400] "POST /xmlrpc.php HTTP/1.1" 200 205 "-" "Mozilla/5.0 (Windows NT 10.0; Win64; x64) AppleWebKit/537.36 (KHTML, like Gecko) Chrome/126.0.0.0 Safari/537.36"
162.0.232.193 - - [08/Jun/2025:06:54:00 -0400] "POST /wp-cron.php?doing_wp_cron=1749380040.0134320259094238281250 HTTP/1.1" 200 0 "-" "WordPress/6.8.1; https://wotaku-manga.com"
64.23.196.144 - - [08/Jun/2025:06:53:58 -0400] "POST /xmlrpc.php HTTP/1.1" 200 205 "-" "Mozilla/5.0 (Windows NT 10.0; Win64; x64) AppleWebKit/537.36 (KHTML, like Gecko) Chrome/126.0.0.0 Safari/537.36"
134.122.126.58 - - [08/Jun/2025:06:54:03 -0400] "POST /xmlrpc.php HTTP/1.1" 200 205 "-" "Mozilla/5.0 (Windows NT 10.0; Win64; x64) AppleWebKit/537.36 (KHTML, like Gecko) Chrome/126.0.0.0 Safari/537.36"
45.64.25.34 - - [08/Jun/2025:06:54:08 -0400] "POST /xmlrpc.php HTTP/1.1" 200 205 "-" "Mozilla/5.0 (Windows NT 10.0; Win64; x64) AppleWebKit/537.36 (KHTML, like Gecko) Chrome/126.0.0.0 Safari/537.36"
64.23.196.144 - - [08/Jun/2025:06:54:14 -0400] "POST /xmlrpc.php HTTP/1.1" 200 205 "-" "Mozilla/5.0 (Windows NT 10.0; Win64; x64) AppleWebKit/537.36 (KHTML, like Gecko) Chrome/126.0.0.0 Safari/537.36"
162.0.232.193 - - [08/Jun/2025:06:54:22 -0400] "POST /wp-cron.php?doing_wp_cron=1749380062.7872550487518310546875 HTTP/1.1" 200 0 "-" "WordPress/6.8.1; https://wotaku-manga.com"
45.64.25.34 - - [08/Jun/2025:06:54:22 -0400] "POST /xmlrpc.php HTTP/1.1" 200 205 "-" "Mozilla/5.0 (Windows NT 10.0; Win64; x64) AppleWebKit/537.36 (KHTML, like Gecko) Chrome/126.0.0.0 Safari/537.36"
134.122.126.58 - - [08/Jun/2025:06:54:26 -0400] "POST /xmlrpc.php HTTP/1.1" 200 205 "-" "Mozilla/5.0 (Windows NT 10.0; Win64; x64) AppleWebKit/537.36 (KHTML, like Gecko) Chrome/126.0.0.0 Safari/537.36"
45.64.25.34 - - [08/Jun/2025:06:54:32 -0400] "POST /xmlrpc.php HTTP/1.1" 200 205 "-" "Mozilla/5.0 (Windows NT 10.0; Win64; x64) AppleWebKit/537.36 (KHTML, like Gecko) Chrome/126.0.0.0 Safari/537.36"
103.231.202.90 - - [08/Jun/2025:06:54:40 -0400] "POST /xmlrpc.php HTTP/1.1" 200 205 "-" "Mozilla/5.0 (Windows NT 10.0; Win64; x64) AppleWebKit/537.36 (KHTML, like Gecko) Chrome/126.0.0.0 Safari/537.36"
162.0.232.193 - - [08/Jun/2025:06:54:47 -0400] "POST /wp-cron.php?doing_wp_cron=1749380086.8911809921264648437500 HTTP/1.1" 200 0 "-" "WordPress/6.8.1; https://wotaku-manga.com"
45.64.25.34 - - [08/Jun/2025:06:54:46 -0400] "POST /xmlrpc.php HTTP/1.1" 200 205 "-" "Mozilla/5.0 (Windows NT 10.0; Win64; x64) AppleWebKit/537.36 (KHTML, like Gecko) Chrome/126.0.0.0 Safari/537.36"
37.27.227.227 - - [08/Jun/2025:06:54:54 -0400] "POST /xmlrpc.php HTTP/1.1" 200 205 "-" "Mozilla/5.0 (Windows NT 10.0; Win64; x64) AppleWebKit/537.36 (KHTML, like Gecko) Chrome/126.0.0.0 Safari/537.36"
162.0.232.193 - - [08/Jun/2025:06:55:02 -0400] "POST /wp-cron.php?doing_wp_cron=1749380102.1290030479431152343750 HTTP/1.1" 200 0 "-" "WordPress/6.8.1; https://wotaku-manga.com"
206.189.80.189 - - [08/Jun/2025:06:55:01 -0400] "POST /xmlrpc.php HTTP/1.1" 200 205 "-" "Mozilla/5.0 (Windows NT 10.0; Win64; x64) AppleWebKit/537.36 (KHTML, like Gecko) Chrome/126.0.0.0 Safari/537.36"
2405:201:3039:3848:e1d8:9841:23ae:d922 - - [08/Jun/2025:06:55:06 -0400] "GET /manga/wotaku-ni-koi-wa-muzukashii-chapter-48/ HTTP/1.1" 200 43234 "https://wotaku-manga.com/manga/wotaku-ni-koi-wa-muzukashii-chapter-47/" "Mozilla/5.0 (Linux; Android 12; V2236 Build/SP1A.210812.003) AppleWebKit/537.36 (KHTML, like Gecko) Chrome/136.0.7103.125 Mobile Safari/537.36"
2405:201:3039:3848:e1d8:9841:23ae:d922 - - [08/Jun/2025:06:55:05 -0400] "GET /tag/wotaku-ni-koi-wa-muzukashii/ HTTP/1.1" 301 0 "https://wotaku-manga.com/manga/wotaku-ni-koi-wa-muzukashii-chapter-47/" "Mozilla/5.0 (Linux; Android 12; V2236 Build/SP1A.210812.003; wv) AppleWebKit/537.36 (KHTML, like Gecko) Version/4.0 Chrome/136.0.7103.125 Mobile Safari/537.36"
2405:201:3039:3848:e1d8:9841:23ae:d922 - - [08/Jun/2025:06:55:06 -0400] "GET / HTTP/1.1" 200 37976 "https://wotaku-manga.com/manga/wotaku-ni-koi-wa-muzukashii-chapter-47/" "Mozilla/5.0 (Linux; Android 12; V2236 Build/SP1A.210812.003; wv) AppleWebKit/537.36 (KHTML, like Gecko) Version/4.0 Chrome/136.0.7103.125 Mobile Safari/537.36"
2405:201:3039:3848:e1d8:9841:23ae:d922 - - [08/Jun/2025:06:55:07 -0400] "GET /manga/wotaku-ni-koi-wa-muzukashii-chapter-48/ HTTP/1.1" 304 0 "https://wotaku-manga.com/manga/wotaku-ni-koi-wa-muzukashii-chapter-47/" "Mozilla/5.0 (Linux; Android 12; V2236 Build/SP1A.210812.003) AppleWebKit/537.36 (KHTML, like Gecko) Chrome/136.0.7103.125 Mobile Safari/537.36"
2405:201:3039:3848:e1d8:9841:23ae:d922 - - [08/Jun/2025:06:55:07 -0400] "GET / HTTP/1.1" 304 0 "https://wotaku-manga.com/manga/wotaku-ni-koi-wa-muzukashii-chapter-47/" "Mozilla/5.0 (Linux; Android 12; V2236 Build/SP1A.210812.003) AppleWebKit/537.36 (KHTML, like Gecko) Chrome/136.0.7103.125 Mobile Safari/537.36"
2405:201:3039:3848:e1d8:9841:23ae:d922 - - [08/Jun/2025:06:55:07 -0400] "GET /manga/wotaku-ni-koi-wa-muzukashii-chapter-48/ HTTP/1.1" 304 0 "https://wotaku-manga.com/manga/wotaku-ni-koi-wa-muzukashii-chapter-47/" "Mozilla/5.0 (Linux; Android 12; V2236 Build/SP1A.210812.003; wv) AppleWebKit/537.36 (KHTML, like Gecko) Version/4.0 Chrome/136.0.7103.125 Mobile Safari/537.36"
2405:201:3039:3848:e1d8:9841:23ae:d922 - - [08/Jun/2025:06:55:08 -0400] "GET /wotakoi-volume-list/ HTTP/1.1" 304 0 "https://wotaku-manga.com/manga/wotaku-ni-koi-wa-muzukashii-chapter-48/" "Mozilla/5.0 (Linux; Android 12; V2236 Build/SP1A.210812.003; wv) AppleWebKit/537.36 (KHTML, like Gecko) Version/4.0 Chrome/136.0.7103.125 Mobile Safari/537.36"
103.69.98.45 - - [08/Jun/2025:06:55:09 -0400] "POST /xmlrpc.php HTTP/1.1" 200 205 "-" "Mozilla/5.0 (Windows NT 10.0; Win64; x64) AppleWebKit/537.36 (KHTML, like Gecko) Chrome/126.0.0.0 Safari/537.36"
2405:201:3039:3848:e1d8:9841:23ae:d922 - - [08/Jun/2025:06:55:09 -0400] "POST /wp-admin/admin-ajax.php HTTP/1.1" 200 61 "https://wotaku-manga.com/manga/wotaku-ni-koi-wa-muzukashii-chapter-48/" "Mozilla/5.0 (Linux; Android 12; V2236 Build/SP1A.210812.003) AppleWebKit/537.36 (KHTML, like Gecko) Chrome/136.0.7103.125 Mobile Safari/537.36"
