2405:201:3039:3848:e1d8:9841:23ae:d922 - - [08/Jun/2025:04:56:34 -0400] "GET /category/wotakoi-love-is-hard-for-otaku-manga-ending/ HTTP/1.1" 304 0 "https://wotaku-manga.com/manga/wotaku-ni-koi-wa-muzukashii-chapter-32/" "Mozilla/5.0 (Linux; Android 12; V2236 Build/SP1A.210812.003) AppleWebKit/537.36 (KHTML, like Gecko) Chrome/136.0.7103.125 Mobile Safari/537.36"
112.208.76.48 - - [08/Jun/2025:04:56:35 -0400] "GET /manga/wotaku-ni-koi-wa-muzukashii-chapter-43/ HTTP/1.1" 304 0 "https://wotaku-manga.com/manga/wotaku-ni-koi-wa-muzukashii-chapter-43/" "Mozilla/5.0 (Linux; Android 10; K) AppleWebKit/537.36 (KHTML, like Gecko) Chrome/137.0.0.0 Mobile Safari/537.36"
162.0.232.193 - - [08/Jun/2025:04:56:35 -0400] "POST /wp-cron.php?doing_wp_cron=1749372995.7484040260314941406250 HTTP/1.1" 200 0 "-" "WordPress/6.8.1; https://wotaku-manga.com"
112.208.76.48 - - [08/Jun/2025:04:56:35 -0400] "POST /wp-admin/admin-ajax.php HTTP/1.1" 200 61 "https://wotaku-manga.com/manga/wotaku-ni-koi-wa-muzukashii-chapter-43/" "Mozilla/5.0 (Linux; Android 10; K) AppleWebKit/537.36 (KHTML, like Gecko) Chrome/137.0.0.0 Mobile Safari/537.36"
112.208.76.48 - - [08/Jun/2025:04:56:46 -0400] "GET /manga/wotaku-ni-koi-wa-muzukashii-chapter-43/ HTTP/1.1" 304 0 "https://wotaku-manga.com/manga/wotaku-ni-koi-wa-muzukashii-chapter-43/" "Mozilla/5.0 (Linux; Android 10; K) AppleWebKit/537.36 (KHTML, like Gecko) Chrome/137.0.0.0 Mobile Safari/537.36"
112.208.76.48 - - [08/Jun/2025:04:56:55 -0400] "GET /manga/wotakoi-love-is-hard-for-otaku-chapter-81/ HTTP/1.1" 200 42167 "https://wotaku-manga.com/manga/wotaku-ni-koi-wa-muzukashii-chapter-43/" "Mozilla/5.0 (Linux; Android 10; K) AppleWebKit/537.36 (KHTML, like Gecko) Chrome/137.0.0.0 Mobile Safari/537.36"
112.208.76.48 - - [08/Jun/2025:04:56:56 -0400] "GET /manga/wotakoi-love-is-hard-for-otaku-chapter-81/ HTTP/1.1" 304 0 "https://wotaku-manga.com/manga/wotaku-ni-koi-wa-muzukashii-chapter-43/" "Mozilla/5.0 (Linux; Android 10; K) AppleWebKit/537.36 (KHTML, like Gecko) Chrome/137.0.0.0 Mobile Safari/537.36"
112.208.76.48 - - [08/Jun/2025:04:56:56 -0400] "GET /category/wotakoi-love-is-hard-for-otaku-manga-read-online/ HTTP/1.1" 200 46261 "https://wotaku-manga.com/manga/wotaku-ni-koi-wa-muzukashii-chapter-43/" "Mozilla/5.0 (Linux; Android 10; K) AppleWebKit/537.36 (KHTML, like Gecko) Chrome/137.0.0.0 Mobile Safari/537.36"
112.208.76.48 - - [08/Jun/2025:04:56:56 -0400] "GET /category/wotakoi-love-is-hard-for-otaku-manga-read-online/ HTTP/1.1" 304 0 "https://wotaku-manga.com/manga/wotaku-ni-koi-wa-muzukashii-chapter-43/" "Mozilla/5.0 (Linux; Android 10; K) AppleWebKit/537.36 (KHTML, like Gecko) Chrome/137.0.0.0 Mobile Safari/537.36"
112.208.76.48 - - [08/Jun/2025:04:56:57 -0400] "GET /manga/wotaku-ni-koi-wa-muzukashii-chapter-42/ HTTP/1.1" 200 42585 "https://wotaku-manga.com/manga/wotaku-ni-koi-wa-muzukashii-chapter-43/" "Mozilla/5.0 (Linux; Android 10; K) AppleWebKit/537.36 (KHTML, like Gecko) Chrome/137.0.0.0 Mobile Safari/537.36"
40.77.167.19 - - [08/Jun/2025:04:56:57 -0400] "GET /manga/wotaku-ni-koi-wa-muzukashii-chapter-51/ HTTP/1.1" 200 42638 "-" "Mozilla/5.0 AppleWebKit/537.36 (KHTML, like Gecko; compatible; bingbot/2.0; +http://www.bing.com/bingbot.htm) Chrome/116.0.1938.76 Safari/537.36"
112.208.76.48 - - [08/Jun/2025:04:56:57 -0400] "GET /manga/wotaku-ni-koi-wa-muzukashii-chapter-42/ HTTP/1.1" 304 0 "https://wotaku-manga.com/manga/wotaku-ni-koi-wa-muzukashii-chapter-43/" "Mozilla/5.0 (Linux; Android 10; K) AppleWebKit/537.36 (KHTML, like Gecko) Chrome/137.0.0.0 Mobile Safari/537.36"
112.208.76.48 - - [08/Jun/2025:04:56:59 -0400] "GET / HTTP/1.1" 304 0 "https://wotaku-manga.com/manga/wotaku-ni-koi-wa-muzukashii-chapter-42/" "Mozilla/5.0 (Linux; Android 10; K) AppleWebKit/537.36 (KHTML, like Gecko) Chrome/137.0.0.0 Mobile Safari/537.36"
112.208.76.48 - - [08/Jun/2025:04:57:00 -0400] "GET / HTTP/1.1" 304 0 "https://wotaku-manga.com/manga/wotaku-ni-koi-wa-muzukashii-chapter-42/" "Mozilla/5.0 (Linux; Android 10; K) AppleWebKit/537.36 (KHTML, like Gecko) Chrome/137.0.0.0 Mobile Safari/537.36"
112.208.76.48 - - [08/Jun/2025:04:57:01 -0400] "GET /manga/wotaku-ni-koi-wa-muzukashii-chapter-43/ HTTP/1.1" 304 0 "https://wotaku-manga.com/manga/wotaku-ni-koi-wa-muzukashii-chapter-42/" "Mozilla/5.0 (Linux; Android 10; K) AppleWebKit/537.36 (KHTML, like Gecko) Chrome/137.0.0.0 Mobile Safari/537.36"
112.208.76.48 - - [08/Jun/2025:04:57:02 -0400] "GET /manga/wotaku-ni-koi-wa-muzukashii-chapter-43/ HTTP/1.1" 304 0 "https://wotaku-manga.com/manga/wotaku-ni-koi-wa-muzukashii-chapter-42/" "Mozilla/5.0 (Linux; Android 10; K) AppleWebKit/537.36 (KHTML, like Gecko) Chrome/137.0.0.0 Mobile Safari/537.36"
2401:4900:c02:216c:0:4e:2c4d:bd01 - - [08/Jun/2025:04:57:03 -0400] "GET /manga/wotaku-ni-koi-wa-muzukashii-chapter-57/ HTTP/1.1" 200 42644 "https://wotaku-manga.com/manga/wotaku-ni-koi-wa-muzukashii-chapter-56/" "Mozilla/5.0 (Linux; Android 10; K) AppleWebKit/537.36 (KHTML, like Gecko) Chrome/137.0.0.0 Mobile Safari/537.36"
2405:201:3039:3848:e1d8:9841:23ae:d922 - - [08/Jun/2025:04:57:03 -0400] "GET /category/wotakoi-love-is-hard-for-otaku-manga-volumes/ HTTP/1.1" 304 0 "https://wotaku-manga.com/manga/wotaku-ni-koi-wa-muzukashii-chapter-32/" "Mozilla/5.0 (Linux; Android 12; V2236 Build/SP1A.210812.003; wv) AppleWebKit/537.36 (KHTML, like Gecko) Version/4.0 Chrome/136.0.7103.125 Mobile Safari/537.36"
2405:201:3039:3848:e1d8:9841:23ae:d922 - - [08/Jun/2025:04:57:03 -0400] "GET /manga/wotaku-ni-koi-wa-muzukashii-chapter-31/ HTTP/1.1" 200 41835 "https://wotaku-manga.com/manga/wotaku-ni-koi-wa-muzukashii-chapter-32/" "Mozilla/5.0 (Linux; Android 12; V2236 Build/SP1A.210812.003) AppleWebKit/537.36 (KHTML, like Gecko) Chrome/136.0.7103.125 Mobile Safari/537.36"
2405:201:3039:3848:e1d8:9841:23ae:d922 - - [08/Jun/2025:04:57:03 -0400] "GET /category/wotakoi-love-is-hard-for-otaku-manga-read-online/ HTTP/1.1" 200 46261 "https://wotaku-manga.com/manga/wotaku-ni-koi-wa-muzukashii-chapter-32/" "Mozilla/5.0 (Linux; Android 12; V2236 Build/SP1A.210812.003) AppleWebKit/537.36 (KHTML, like Gecko) Chrome/136.0.7103.125 Mobile Safari/537.36"
2405:201:3039:3848:e1d8:9841:23ae:d922 - - [08/Jun/2025:04:57:03 -0400] "GET /category/wotakoi-love-is-hard-for-otaku-manga-volumes/ HTTP/1.1" 304 0 "https://wotaku-manga.com/manga/wotaku-ni-koi-wa-muzukashii-chapter-32/" "Mozilla/5.0 (Linux; Android 12; V2236 Build/SP1A.210812.003) AppleWebKit/537.36 (KHTML, like Gecko) Chrome/136.0.7103.125 Mobile Safari/537.36"
183.171.64.151 - - [08/Jun/2025:04:57:04 -0400] "GET /manga/wotaku-ni-koi-wa-muzukashii-chapter-46/ HTTP/1.1" 200 41612 "https://wotaku-manga.com/manga/wotaku-ni-koi-wa-muzukashii-chapter-45/" "Mozilla/5.0 (X11; CrOS x86_64 14541.0.0) AppleWebKit/537.36 (KHTML, like Gecko) Chrome/126.0.0.0 Safari/537.36"
183.171.64.151 - - [08/Jun/2025:04:57:04 -0400] "GET /category/wotakoi-love-is-hard-for-otaku-manga-ending/ HTTP/1.1" 200 45439 "https://wotaku-manga.com/manga/wotaku-ni-koi-wa-muzukashii-chapter-45/" "Mozilla/5.0 (X11; CrOS x86_64 14541.0.0) AppleWebKit/537.36 (KHTML, like Gecko) Chrome/126.0.0.0 Safari/537.36"
183.171.64.151 - - [08/Jun/2025:04:57:04 -0400] "GET /manga/wotaku-ni-koi-wa-muzukashii-chapter-44/ HTTP/1.1" 304 0 "https://wotaku-manga.com/manga/wotaku-ni-koi-wa-muzukashii-chapter-45/" "Mozilla/5.0 (X11; CrOS x86_64 14541.0.0) AppleWebKit/537.36 (KHTML, like Gecko) Chrome/126.0.0.0 Safari/537.36"
2405:201:3039:3848:e1d8:9841:23ae:d922 - - [08/Jun/2025:04:57:04 -0400] "GET /manga/wotaku-ni-koi-wa-muzukashii-chapter-31/ HTTP/1.1" 304 0 "https://wotaku-manga.com/manga/wotaku-ni-koi-wa-muzukashii-chapter-32/" "Mozilla/5.0 (Linux; Android 12; V2236 Build/SP1A.210812.003; wv) AppleWebKit/537.36 (KHTML, like Gecko) Version/4.0 Chrome/136.0.7103.125 Mobile Safari/537.36"
2405:201:3039:3848:e1d8:9841:23ae:d922 - - [08/Jun/2025:04:57:04 -0400] "GET /manga/wotaku-ni-koi-wa-muzukashii-chapter-33/ HTTP/1.1" 200 42742 "https://wotaku-manga.com/manga/wotaku-ni-koi-wa-muzukashii-chapter-32/" "Mozilla/5.0 (Linux; Android 12; V2236 Build/SP1A.210812.003) AppleWebKit/537.36 (KHTML, like Gecko) Chrome/136.0.7103.125 Mobile Safari/537.36"
183.171.64.151 - - [08/Jun/2025:04:57:05 -0400] "GET /manga/wotaku-ni-koi-wa-muzukashii-chapter-46/ HTTP/1.1" 304 0 "https://wotaku-manga.com/manga/wotaku-ni-koi-wa-muzukashii-chapter-45/" "Mozilla/5.0 (X11; CrOS x86_64 14541.0.0) AppleWebKit/537.36 (KHTML, like Gecko) Chrome/126.0.0.0 Safari/537.36"
162.0.232.193 - - [08/Jun/2025:04:57:05 -0400] "POST /wp-cron.php?doing_wp_cron=1749373025.1879699230194091796875 HTTP/1.1" 200 0 "-" "WordPress/6.8.1; https://wotaku-manga.com"
2405:201:3039:3848:e1d8:9841:23ae:d922 - - [08/Jun/2025:04:57:05 -0400] "GET /manga/wotaku-ni-koi-wa-muzukashii-chapter-33/ HTTP/1.1" 304 0 "https://wotaku-manga.com/manga/wotaku-ni-koi-wa-muzukashii-chapter-32/" "Mozilla/5.0 (Linux; Android 12; V2236 Build/SP1A.210812.003) AppleWebKit/537.36 (KHTML, like Gecko) Chrome/136.0.7103.125 Mobile Safari/537.36"
112.208.76.48 - - [08/Jun/2025:04:57:05 -0400] "POST /wp-admin/admin-ajax.php HTTP/1.1" 200 61 "https://wotaku-manga.com/manga/wotaku-ni-koi-wa-muzukashii-chapter-43/" "Mozilla/5.0 (Linux; Android 10; K) AppleWebKit/537.36 (KHTML, like Gecko) Chrome/137.0.0.0 Mobile Safari/537.36"
2401:4900:c02:216c:0:4e:2c4d:bd01 - - [08/Jun/2025:04:57:05 -0400] "POST /wp-admin/admin-ajax.php HTTP/1.1" 200 61 "https://wotaku-manga.com/manga/wotaku-ni-koi-wa-muzukashii-chapter-57/" "Mozilla/5.0 (Linux; Android 10; K) AppleWebKit/537.36 (KHTML, like Gecko) Chrome/137.0.0.0 Mobile Safari/537.36"
2405:201:3039:3848:e1d8:9841:23ae:d922 - - [08/Jun/2025:04:57:07 -0400] "GET /manga/wotakoi-love-is-hard-for-otaku-chapter-0/ HTTP/1.1" 304 0 "https://wotaku-manga.com/manga/wotaku-ni-koi-wa-muzukashii-chapter-33/" "Mozilla/5.0 (Linux; Android 12; V2236 Build/SP1A.210812.003; wv) AppleWebKit/537.36 (KHTML, like Gecko) Version/4.0 Chrome/136.0.7103.125 Mobile Safari/537.36"
2405:201:3039:3848:e1d8:9841:23ae:d922 - - [08/Jun/2025:04:57:10 -0400] "GET /manga/wotakoi-love-is-hard-for-otaku-chapter-0/ HTTP/1.1" 304 0 "https://wotaku-manga.com/manga/wotaku-ni-koi-wa-muzukashii-chapter-33/" "Mozilla/5.0 (Linux; Android 12; V2236 Build/SP1A.210812.003) AppleWebKit/537.36 (KHTML, like Gecko) Chrome/136.0.7103.125 Mobile Safari/537.36"
2401:4900:c02:216c:0:4e:2c4d:bd01 - - [08/Jun/2025:04:58:21 -0400] "GET /manga/wotaku-ni-koi-wa-muzukashii-chapter-57-2/ HTTP/1.1" 200 42244 "https://wotaku-manga.com/manga/wotaku-ni-koi-wa-muzukashii-chapter-57/" "Mozilla/5.0 (Linux; Android 10; K) AppleWebKit/537.36 (KHTML, like Gecko) Chrome/137.0.0.0 Mobile Safari/537.36"
122.148.52.101 - - [08/Jun/2025:04:59:08 -0400] "GET /manga/wotakoi-love-is-hard-for-otaku-chapter-1/ HTTP/1.1" 200 42568 "-" "Mozilla/5.0 (Linux; U; Android 2.0; en-us;) AppleWebKit/538.1 (KHTML, like Gecko) Version/4.0 Mobile Safari/538.1 (Kobo Touch 0386/4.38.23171)"
112.208.76.48 - - [08/Jun/2025:04:59:25 -0400] "GET /manga/wotaku-ni-koi-wa-muzukashii-chapter-42/ HTTP/1.1" 304 0 "https://wotaku-manga.com/manga/wotaku-ni-koi-wa-muzukashii-chapter-43/" "Mozilla/5.0 (Linux; Android 10; K) AppleWebKit/537.36 (KHTML, like Gecko) Chrome/137.0.0.0 Mobile Safari/537.36"
112.208.76.48 - - [08/Jun/2025:04:59:25 -0400] "GET /manga/wotaku-ni-koi-wa-muzukashii-chapter-42/ HTTP/1.1" 304 0 "https://wotaku-manga.com/manga/wotaku-ni-koi-wa-muzukashii-chapter-43/" "Mozilla/5.0 (Linux; Android 10; K) AppleWebKit/537.36 (KHTML, like Gecko) Chrome/137.0.0.0 Mobile Safari/537.36"
112.208.76.48 - - [08/Jun/2025:04:59:26 -0400] "GET /manga/wotaku-ni-koi-wa-muzukashii-chapter-43-5/ HTTP/1.1" 304 0 "https://wotaku-manga.com/manga/wotaku-ni-koi-wa-muzukashii-chapter-43/" "Mozilla/5.0 (Linux; Android 10; K) AppleWebKit/537.36 (KHTML, like Gecko) Chrome/137.0.0.0 Mobile Safari/537.36"
112.208.76.48 - - [08/Jun/2025:04:59:26 -0400] "GET /manga/wotaku-ni-koi-wa-muzukashii-chapter-43-5/ HTTP/1.1" 304 0 "https://wotaku-manga.com/manga/wotaku-ni-koi-wa-muzukashii-chapter-43/" "Mozilla/5.0 (Linux; Android 10; K) AppleWebKit/537.36 (KHTML, like Gecko) Chrome/137.0.0.0 Mobile Safari/537.36"
162.0.232.193 - - [08/Jun/2025:04:59:28 -0400] "POST /wp-cron.php?doing_wp_cron=1749373168.3833990097045898437500 HTTP/1.1" 200 0 "-" "WordPress/6.8.1; https://wotaku-manga.com"
112.208.76.48 - - [08/Jun/2025:04:59:28 -0400] "POST /wp-admin/admin-ajax.php HTTP/1.1" 200 61 "https://wotaku-manga.com/manga/wotaku-ni-koi-wa-muzukashii-chapter-43-5/" "Mozilla/5.0 (Linux; Android 10; K) AppleWebKit/537.36 (KHTML, like Gecko) Chrome/137.0.0.0 Mobile Safari/537.36"
2401:4900:c02:216c:0:4e:2c4d:bd01 - - [08/Jun/2025:04:59:40 -0400] "GET /manga/wotaku-ni-koi-wa-muzukashii-chapter-58/ HTTP/1.1" 200 42461 "https://wotaku-manga.com/manga/wotaku-ni-koi-wa-muzukashii-chapter-57-2/" "Mozilla/5.0 (Linux; Android 10; K) AppleWebKit/537.36 (KHTML, like Gecko) Chrome/137.0.0.0 Mobile Safari/537.36"
162.0.232.193 - - [08/Jun/2025:05:01:12 -0400] "POST /wp-cron.php?doing_wp_cron=1749373272.0033810138702392578125 HTTP/1.1" 200 0 "-" "WordPress/6.8.1; https://wotaku-manga.com"
216.73.216.86 - - [08/Jun/2025:05:01:09 -0400] "GET /sitemap_index.xml HTTP/1.1" 200 344 "-" "Mozilla/5.0 AppleWebKit/537.36 (KHTML, like Gecko; compatible; ClaudeBot/1.0; [email protected])"
2401:7000:db06:d001:9bd7:6bb7:32e8:6891 - - [08/Jun/2025:05:01:23 -0400] "GET / HTTP/1.1" 200 37893 "https://www.google.com/" "Mozilla/5.0 (Linux; Android 10; K) AppleWebKit/537.36 (KHTML, like Gecko) Chrome/137.0.0.0 Mobile Safari/537.36"
2401:7000:db06:d001:9bd7:6bb7:32e8:6891 - - [08/Jun/2025:05:01:24 -0400] "GET /wp-content/uploads/2021/11/Wotaku_ni_Koi_wa_Muzukashii-11-jp-1-1081x1536.jpg HTTP/1.1" 200 180746 "https://wotaku-manga.com/" "Mozilla/5.0 (Linux; Android 10; K) AppleWebKit/537.36 (KHTML, like Gecko) Chrome/137.0.0.0 Mobile Safari/537.36"
2401:7000:db06:d001:9bd7:6bb7:32e8:6891 - - [08/Jun/2025:05:01:24 -0400] "GET /wp-content/uploads/2021/11/Volume_1_English-1260x1817.jpg HTTP/1.1" 200 200550 "https://wotaku-manga.com/" "Mozilla/5.0 (Linux; Android 10; K) AppleWebKit/537.36 (KHTML, like Gecko) Chrome/137.0.0.0 Mobile Safari/537.36"
2401:7000:db06:d001:9bd7:6bb7:32e8:6891 - - [08/Jun/2025:05:01:25 -0400] "GET /wotakoi-volume-list/ HTTP/1.1" 200 40563 "https://wotaku-manga.com/" "Mozilla/5.0 (Linux; Android 10; K) AppleWebKit/537.36 (KHTML, like Gecko) Chrome/137.0.0.0 Mobile Safari/537.36"
2401:7000:db06:d001:9bd7:6bb7:32e8:6891 - - [08/Jun/2025:05:01:26 -0400] "GET /wotakoi-volume-list/ HTTP/1.1" 304 0 "https://wotaku-manga.com/" "Mozilla/5.0 (Linux; Android 10; K) AppleWebKit/537.36 (KHTML, like Gecko) Chrome/137.0.0.0 Mobile Safari/537.36"
2401:7000:db06:d001:9bd7:6bb7:32e8:6891 - - [08/Jun/2025:05:01:28 -0400] "GET /manga/wotakoi-love-is-hard-for-otaku-chapter-80/ HTTP/1.1" 200 42021 "https://wotaku-manga.com/" "Mozilla/5.0 (Linux; Android 10; K) AppleWebKit/537.36 (KHTML, like Gecko) Chrome/137.0.0.0 Mobile Safari/537.36"
2401:7000:db06:d001:9bd7:6bb7:32e8:6891 - - [08/Jun/2025:05:01:28 -0400] "GET /manga/wotakoi-love-is-hard-for-otaku-chapter-80/ HTTP/1.1" 304 0 "https://wotaku-manga.com/" "Mozilla/5.0 (Linux; Android 10; K) AppleWebKit/537.36 (KHTML, like Gecko) Chrome/137.0.0.0 Mobile Safari/537.36"
2401:7000:db06:d001:9bd7:6bb7:32e8:6891 - - [08/Jun/2025:05:01:28 -0400] "GET /manga/wotaku-ni-koi-wa-muzukashii-chapter-60/ HTTP/1.1" 200 42755 "https://wotaku-manga.com/" "Mozilla/5.0 (Linux; Android 10; K) AppleWebKit/537.36 (KHTML, like Gecko) Chrome/137.0.0.0 Mobile Safari/537.36"
2401:7000:db06:d001:9bd7:6bb7:32e8:6891 - - [08/Jun/2025:05:01:28 -0400] "GET /manga/wotaku-ni-koi-wa-muzukashii-chapter-60/ HTTP/1.1" 304 0 "https://wotaku-manga.com/" "Mozilla/5.0 (Linux; Android 10; K) AppleWebKit/537.36 (KHTML, like Gecko) Chrome/137.0.0.0 Mobile Safari/537.36"
2401:7000:db06:d001:9bd7:6bb7:32e8:6891 - - [08/Jun/2025:05:01:29 -0400] "GET /manga/wotaku-ni-koi-wa-muzukashii-chapter-61/ HTTP/1.1" 200 42975 "https://wotaku-manga.com/" "Mozilla/5.0 (Linux; Android 10; K) AppleWebKit/537.36 (KHTML, like Gecko) Chrome/137.0.0.0 Mobile Safari/537.36"
2401:7000:db06:d001:9bd7:6bb7:32e8:6891 - - [08/Jun/2025:05:01:29 -0400] "GET /manga/wotaku-ni-koi-wa-muzukashii-chapter-61/ HTTP/1.1" 304 0 "https://wotaku-manga.com/" "Mozilla/5.0 (Linux; Android 10; K) AppleWebKit/537.36 (KHTML, like Gecko) Chrome/137.0.0.0 Mobile Safari/537.36"
2401:7000:db06:d001:9bd7:6bb7:32e8:6891 - - [08/Jun/2025:05:01:29 -0400] "GET /manga/wotaku-ni-koi-wa-muzukashii-chapter-67/ HTTP/1.1" 200 42471 "https://wotaku-manga.com/" "Mozilla/5.0 (Linux; Android 10; K) AppleWebKit/537.36 (KHTML, like Gecko) Chrome/137.0.0.0 Mobile Safari/537.36"
2401:7000:db06:d001:9bd7:6bb7:32e8:6891 - - [08/Jun/2025:05:01:29 -0400] "GET /manga/wotaku-ni-koi-wa-muzukashii-chapter-67/ HTTP/1.1" 304 0 "https://wotaku-manga.com/" "Mozilla/5.0 (Linux; Android 10; K) AppleWebKit/537.36 (KHTML, like Gecko) Chrome/137.0.0.0 Mobile Safari/537.36"
2401:7000:db06:d001:9bd7:6bb7:32e8:6891 - - [08/Jun/2025:05:01:30 -0400] "GET /manga/wotaku-ni-koi-wa-muzukashii-chapter-56/ HTTP/1.1" 200 42954 "https://wotaku-manga.com/" "Mozilla/5.0 (Linux; Android 10; K) AppleWebKit/537.36 (KHTML, like Gecko) Chrome/137.0.0.0 Mobile Safari/537.36"
2401:7000:db06:d001:9bd7:6bb7:32e8:6891 - - [08/Jun/2025:05:01:30 -0400] "GET /manga/wotaku-ni-koi-wa-muzukashii-chapter-56/ HTTP/1.1" 304 0 "https://wotaku-manga.com/" "Mozilla/5.0 (Linux; Android 10; K) AppleWebKit/537.36 (KHTML, like Gecko) Chrome/137.0.0.0 Mobile Safari/537.36"
2401:7000:db06:d001:9bd7:6bb7:32e8:6891 - - [08/Jun/2025:05:01:31 -0400] "GET /manga/wotaku-ni-koi-wa-muzukashii-chapter-47/ HTTP/1.1" 200 42640 "https://wotaku-manga.com/" "Mozilla/5.0 (Linux; Android 10; K) AppleWebKit/537.36 (KHTML, like Gecko) Chrome/137.0.0.0 Mobile Safari/537.36"
2401:7000:db06:d001:9bd7:6bb7:32e8:6891 - - [08/Jun/2025:05:01:31 -0400] "GET /manga/wotaku-ni-koi-wa-muzukashii-chapter-47/ HTTP/1.1" 304 0 "https://wotaku-manga.com/" "Mozilla/5.0 (Linux; Android 10; K) AppleWebKit/537.36 (KHTML, like Gecko) Chrome/137.0.0.0 Mobile Safari/537.36"
2401:7000:db06:d001:9bd7:6bb7:32e8:6891 - - [08/Jun/2025:05:01:31 -0400] "GET /manga/wotakoi-love-is-hard-for-otaku-chapter-22/ HTTP/1.1" 200 42495 "https://wotaku-manga.com/" "Mozilla/5.0 (Linux; Android 10; K) AppleWebKit/537.36 (KHTML, like Gecko) Chrome/137.0.0.0 Mobile Safari/537.36"
2401:7000:db06:d001:9bd7:6bb7:32e8:6891 - - [08/Jun/2025:05:01:32 -0400] "GET /manga/wotakoi-love-is-hard-for-otaku-chapter-22/ HTTP/1.1" 304 0 "https://wotaku-manga.com/" "Mozilla/5.0 (Linux; Android 10; K) AppleWebKit/537.36 (KHTML, like Gecko) Chrome/137.0.0.0 Mobile Safari/537.36"
2401:7000:db06:d001:9bd7:6bb7:32e8:6891 - - [08/Jun/2025:05:01:32 -0400] "GET /manga/wotaku-ni-koi-wa-muzukashii-chapter-32/ HTTP/1.1" 200 42759 "https://wotaku-manga.com/" "Mozilla/5.0 (Linux; Android 10; K) AppleWebKit/537.36 (KHTML, like Gecko) Chrome/137.0.0.0 Mobile Safari/537.36"
2401:7000:db06:d001:9bd7:6bb7:32e8:6891 - - [08/Jun/2025:05:01:32 -0400] "GET /manga/wotaku-ni-koi-wa-muzukashii-chapter-32/ HTTP/1.1" 304 0 "https://wotaku-manga.com/" "Mozilla/5.0 (Linux; Android 10; K) AppleWebKit/537.36 (KHTML, like Gecko) Chrome/137.0.0.0 Mobile Safari/537.36"
2401:7000:db06:d001:9bd7:6bb7:32e8:6891 - - [08/Jun/2025:05:01:32 -0400] "GET /manga/wotaku-ni-koi-wa-muzukashii-chapter-61/ HTTP/1.1" 304 0 "https://wotaku-manga.com/" "Mozilla/5.0 (Linux; Android 10; K) AppleWebKit/537.36 (KHTML, like Gecko) Chrome/137.0.0.0 Mobile Safari/537.36"
2401:7000:db06:d001:9bd7:6bb7:32e8:6891 - - [08/Jun/2025:05:01:33 -0400] "GET /manga/wotakoi-love-is-hard-for-otaku-chapter-87/ HTTP/1.1" 200 40744 "https://wotaku-manga.com/" "Mozilla/5.0 (Linux; Android 10; K) AppleWebKit/537.36 (KHTML, like Gecko) Chrome/137.0.0.0 Mobile Safari/537.36"
2401:7000:db06:d001:9bd7:6bb7:32e8:6891 - - [08/Jun/2025:05:01:33 -0400] "GET /manga/wotakoi-love-is-hard-for-otaku-chapter-87/ HTTP/1.1" 304 0 "https://wotaku-manga.com/" "Mozilla/5.0 (Linux; Android 10; K) AppleWebKit/537.36 (KHTML, like Gecko) Chrome/137.0.0.0 Mobile Safari/537.36"
2401:7000:db06:d001:9bd7:6bb7:32e8:6891 - - [08/Jun/2025:05:01:33 -0400] "GET /wp-content/uploads/2021/11/cropped-stsmall507x507-pad600x600f8f8f8-1-180x180.jpeg HTTP/1.1" 200 6663 "https://wotaku-manga.com/" "Mozilla/5.0 (Linux; Android 10; K) AppleWebKit/537.36 (KHTML, like Gecko) Chrome/137.0.0.0 Mobile Safari/537.36"
2401:7000:db06:d001:9bd7:6bb7:32e8:6891 - - [08/Jun/2025:05:01:34 -0400] "GET /manga/wotakoi-love-is-hard-for-otaku-chapter-86/ HTTP/1.1" 200 44818 "https://wotaku-manga.com/" "Mozilla/5.0 (Linux; Android 10; K) AppleWebKit/537.36 (KHTML, like Gecko) Chrome/137.0.0.0 Mobile Safari/537.36"
2401:7000:db06:d001:9bd7:6bb7:32e8:6891 - - [08/Jun/2025:05:01:34 -0400] "GET /manga/wotakoi-love-is-hard-for-otaku-chapter-86/ HTTP/1.1" 304 0 "https://wotaku-manga.com/" "Mozilla/5.0 (Linux; Android 10; K) AppleWebKit/537.36 (KHTML, like Gecko) Chrome/137.0.0.0 Mobile Safari/537.36"
2401:7000:db06:d001:9bd7:6bb7:32e8:6891 - - [08/Jun/2025:05:01:35 -0400] "GET /manga/wotaku-ni-koi-wa-muzukashii-chapter-52/ HTTP/1.1" 200 42634 "https://wotaku-manga.com/" "Mozilla/5.0 (Linux; Android 10; K) AppleWebKit/537.36 (KHTML, like Gecko) Chrome/137.0.0.0 Mobile Safari/537.36"
2401:7000:db06:d001:9bd7:6bb7:32e8:6891 - - [08/Jun/2025:05:01:35 -0400] "GET /manga/wotaku-ni-koi-wa-muzukashii-chapter-52/ HTTP/1.1" 304 0 "https://wotaku-manga.com/" "Mozilla/5.0 (Linux; Android 10; K) AppleWebKit/537.36 (KHTML, like Gecko) Chrome/137.0.0.0 Mobile Safari/537.36"
2401:7000:db06:d001:9bd7:6bb7:32e8:6891 - - [08/Jun/2025:05:01:35 -0400] "GET /manga/wotaku-ni-koi-wa-muzukashii-chapter-32/ HTTP/1.1" 304 0 "https://wotaku-manga.com/" "Mozilla/5.0 (Linux; Android 10; K) AppleWebKit/537.36 (KHTML, like Gecko) Chrome/137.0.0.0 Mobile Safari/537.36"
2401:7000:db06:d001:9bd7:6bb7:32e8:6891 - - [08/Jun/2025:05:01:35 -0400] "GET /manga/wotaku-ni-koi-wa-muzukashii-chapter-25/ HTTP/1.1" 200 42809 "https://wotaku-manga.com/" "Mozilla/5.0 (Linux; Android 10; K) AppleWebKit/537.36 (KHTML, like Gecko) Chrome/137.0.0.0 Mobile Safari/537.36"
2401:7000:db06:d001:9bd7:6bb7:32e8:6891 - - [08/Jun/2025:05:01:36 -0400] "GET /manga/wotaku-ni-koi-wa-muzukashii-chapter-25/ HTTP/1.1" 304 0 "https://wotaku-manga.com/" "Mozilla/5.0 (Linux; Android 10; K) AppleWebKit/537.36 (KHTML, like Gecko) Chrome/137.0.0.0 Mobile Safari/537.36"
2401:7000:db06:d001:9bd7:6bb7:32e8:6891 - - [08/Jun/2025:05:01:36 -0400] "GET /manga/wotakoi-love-is-hard-for-otaku-chapter-21-5/ HTTP/1.1" 200 44246 "https://wotaku-manga.com/" "Mozilla/5.0 (Linux; Android 10; K) AppleWebKit/537.36 (KHTML, like Gecko) Chrome/137.0.0.0 Mobile Safari/537.36"
2401:7000:db06:d001:9bd7:6bb7:32e8:6891 - - [08/Jun/2025:05:01:36 -0400] "GET /manga/wotakoi-love-is-hard-for-otaku-chapter-21-5/ HTTP/1.1" 304 0 "https://wotaku-manga.com/" "Mozilla/5.0 (Linux; Android 10; K) AppleWebKit/537.36 (KHTML, like Gecko) Chrome/137.0.0.0 Mobile Safari/537.36"
2401:7000:db06:d001:9bd7:6bb7:32e8:6891 - - [08/Jun/2025:05:01:38 -0400] "GET /manga/wotakoi-love-is-hard-for-otaku-chapter-0/ HTTP/1.1" 200 42438 "https://wotaku-manga.com/" "Mozilla/5.0 (Linux; Android 10; K) AppleWebKit/537.36 (KHTML, like Gecko) Chrome/137.0.0.0 Mobile Safari/537.36"
2401:7000:db06:d001:9bd7:6bb7:32e8:6891 - - [08/Jun/2025:05:01:39 -0400] "GET /manga/wotakoi-love-is-hard-for-otaku-chapter-0/ HTTP/1.1" 304 0 "https://wotaku-manga.com/" "Mozilla/5.0 (Linux; Android 10; K) AppleWebKit/537.36 (KHTML, like Gecko) Chrome/137.0.0.0 Mobile Safari/537.36"
2401:7000:db06:d001:9bd7:6bb7:32e8:6891 - - [08/Jun/2025:05:01:39 -0400] "GET /wotakoi-volume-list/ HTTP/1.1" 304 0 "https://wotaku-manga.com/manga/wotakoi-love-is-hard-for-otaku-chapter-0/" "Mozilla/5.0 (Linux; Android 10; K) AppleWebKit/537.36 (KHTML, like Gecko) Chrome/137.0.0.0 Mobile Safari/537.36"
162.0.232.193 - - [08/Jun/2025:05:01:40 -0400] "POST /wp-cron.php?doing_wp_cron=1749373300.3382849693298339843750 HTTP/1.1" 200 0 "-" "WordPress/6.8.1; https://wotaku-manga.com"
2401:7000:db06:d001:9bd7:6bb7:32e8:6891 - - [08/Jun/2025:05:01:40 -0400] "POST /wp-admin/admin-ajax.php HTTP/1.1" 200 61 "https://wotaku-manga.com/manga/wotakoi-love-is-hard-for-otaku-chapter-0/" "Mozilla/5.0 (Linux; Android 10; K) AppleWebKit/537.36 (KHTML, like Gecko) Chrome/137.0.0.0 Mobile Safari/537.36"
2401:7000:db06:d001:9bd7:6bb7:32e8:6891 - - [08/Jun/2025:05:01:42 -0400] "GET /wotakoi-volume-list/ HTTP/1.1" 304 0 "https://wotaku-manga.com/manga/wotakoi-love-is-hard-for-otaku-chapter-0/" "Mozilla/5.0 (Linux; Android 10; K) AppleWebKit/537.36 (KHTML, like Gecko) Chrome/137.0.0.0 Mobile Safari/537.36"
2401:7000:db06:d001:9bd7:6bb7:32e8:6891 - - [08/Jun/2025:05:01:52 -0400] "GET /manga/wotakoi-love-is-hard-for-otaku-chapter-2/ HTTP/1.1" 200 45618 "https://wotaku-manga.com/" "Mozilla/5.0 (Linux; Android 10; K) AppleWebKit/537.36 (KHTML, like Gecko) Chrome/137.0.0.0 Mobile Safari/537.36"
2401:7000:db06:d001:9bd7:6bb7:32e8:6891 - - [08/Jun/2025:05:01:52 -0400] "GET /manga/wotakoi-love-is-hard-for-otaku-chapter-2/ HTTP/1.1" 304 0 "https://wotaku-manga.com/" "Mozilla/5.0 (Linux; Android 10; K) AppleWebKit/537.36 (KHTML, like Gecko) Chrome/137.0.0.0 Mobile Safari/537.36"
2401:7000:db06:d001:9bd7:6bb7:32e8:6891 - - [08/Jun/2025:05:01:54 -0400] "GET /manga/wotakoi-love-is-hard-for-otaku-chapter-86/ HTTP/1.1" 304 0 "https://wotaku-manga.com/" "Mozilla/5.0 (Linux; Android 10; K) AppleWebKit/537.36 (KHTML, like Gecko) Chrome/137.0.0.0 Mobile Safari/537.36"
2401:7000:db06:d001:9bd7:6bb7:32e8:6891 - - [08/Jun/2025:05:01:55 -0400] "GET /manga/wotakoi-love-is-hard-for-otaku-chapter-87/ HTTP/1.1" 304 0 "https://wotaku-manga.com/" "Mozilla/5.0 (Linux; Android 10; K) AppleWebKit/537.36 (KHTML, like Gecko) Chrome/137.0.0.0 Mobile Safari/537.36"
2401:4900:c02:216c:0:4e:2c4d:bd01 - - [08/Jun/2025:05:02:16 -0400] "GET /manga/wotaku-ni-koi-wa-muzukashii-chapter-59/ HTTP/1.1" 200 42491 "https://wotaku-manga.com/manga/wotaku-ni-koi-wa-muzukashii-chapter-58/" "Mozilla/5.0 (Linux; Android 10; K) AppleWebKit/537.36 (KHTML, like Gecko) Chrome/137.0.0.0 Mobile Safari/537.36"
122.148.52.205 - - [08/Jun/2025:05:02:35 -0400] "GET /manga/wotakoi-love-is-hard-for-otaku-chapter-1/ HTTP/1.1" 200 42520 "-" "Mozilla/5.0 (Linux; U; Android 2.0; en-us;) AppleWebKit/538.1 (KHTML, like Gecko) Version/4.0 Mobile Safari/538.1 (Kobo Touch 0386/4.38.23171)"
119.160.174.106 - - [08/Jun/2025:05:03:22 -0400] "GET /category/wotakoi-love-is-hard-for-otaku-manga-ending/ HTTP/1.1" 200 46206 "https://wotaku-manga.com/manga/wotakoi-love-is-hard-for-otaku-chapter-66/" "Mozilla/5.0 (Linux; Android 10; K) AppleWebKit/537.36 (KHTML, like Gecko) SamsungBrowser/28.0 Chrome/130.0.0.0 Mobile Safari/537.36"
119.160.174.106 - - [08/Jun/2025:05:03:23 -0400] "GET /category/wotakoi-love-is-hard-for-otaku-manga-ending/ HTTP/1.1" 304 0 "https://wotaku-manga.com/manga/wotakoi-love-is-hard-for-otaku-chapter-66/" "Mozilla/5.0 (Linux; Android 10; K) AppleWebKit/537.36 (KHTML, like Gecko) SamsungBrowser/28.0 Chrome/130.0.0.0 Mobile Safari/537.36"
119.160.174.106 - - [08/Jun/2025:05:03:23 -0400] "GET / HTTP/1.1" 200 37977 "https://www.google.com/" "Mozilla/5.0 (Linux; Android 10; K) AppleWebKit/537.36 (KHTML, like Gecko) SamsungBrowser/28.0 Chrome/130.0.0.0 Mobile Safari/537.36"
119.160.174.106 - - [08/Jun/2025:05:03:24 -0400] "GET /wp-content/uploads/2021/11/Volume_1_English-710x1024.jpg HTTP/1.1" 200 87371 "https://wotaku-manga.com/" "Mozilla/5.0 (Linux; Android 10; K) AppleWebKit/537.36 (KHTML, like Gecko) SamsungBrowser/28.0 Chrome/130.0.0.0 Mobile Safari/537.36"
119.160.174.106 - - [08/Jun/2025:05:03:31 -0400] "GET /manga/wotakoi-love-is-hard-for-otaku-chapter-64/ HTTP/1.1" 200 42210 "https://wotaku-manga.com/" "Mozilla/5.0 (Linux; Android 10; K) AppleWebKit/537.36 (KHTML, like Gecko) SamsungBrowser/28.0 Chrome/130.0.0.0 Mobile Safari/537.36"
119.160.174.106 - - [08/Jun/2025:05:03:31 -0400] "GET /manga/wotakoi-love-is-hard-for-otaku-chapter-64/ HTTP/1.1" 304 0 "https://wotaku-manga.com/" "Mozilla/5.0 (Linux; Android 10; K) AppleWebKit/537.36 (KHTML, like Gecko) SamsungBrowser/28.0 Chrome/130.0.0.0 Mobile Safari/537.36"
119.160.174.106 - - [08/Jun/2025:05:03:32 -0400] "GET /manga/wotaku-ni-koi-wa-muzukashii-chapter-65-2/ HTTP/1.1" 200 42495 "https://wotaku-manga.com/" "Mozilla/5.0 (Linux; Android 10; K) AppleWebKit/537.36 (KHTML, like Gecko) SamsungBrowser/28.0 Chrome/130.0.0.0 Mobile Safari/537.36"
119.160.174.106 - - [08/Jun/2025:05:03:32 -0400] "GET /manga/wotaku-ni-koi-wa-muzukashii-chapter-65-2/ HTTP/1.1" 304 0 "https://wotaku-manga.com/" "Mozilla/5.0 (Linux; Android 10; K) AppleWebKit/537.36 (KHTML, like Gecko) SamsungBrowser/28.0 Chrome/130.0.0.0 Mobile Safari/537.36"
119.160.174.106 - - [08/Jun/2025:05:03:33 -0400] "GET /manga/wotakoi-love-is-hard-for-otaku-chapter-66/ HTTP/1.1" 200 43185 "https://wotaku-manga.com/" "Mozilla/5.0 (Linux; Android 10; K) AppleWebKit/537.36 (KHTML, like Gecko) SamsungBrowser/28.0 Chrome/130.0.0.0 Mobile Safari/537.36"
119.160.174.106 - - [08/Jun/2025:05:03:34 -0400] "GET /manga/wotakoi-love-is-hard-for-otaku-chapter-66/ HTTP/1.1" 304 0 "https://wotaku-manga.com/" "Mozilla/5.0 (Linux; Android 10; K) AppleWebKit/537.36 (KHTML, like Gecko) SamsungBrowser/28.0 Chrome/130.0.0.0 Mobile Safari/537.36"
119.160.174.106 - - [08/Jun/2025:05:03:34 -0400] "GET /manga/wotaku-ni-koi-wa-muzukashii-chapter-67/ HTTP/1.1" 200 42541 "https://wotaku-manga.com/" "Mozilla/5.0 (Linux; Android 10; K) AppleWebKit/537.36 (KHTML, like Gecko) SamsungBrowser/28.0 Chrome/130.0.0.0 Mobile Safari/537.36"
119.160.174.106 - - [08/Jun/2025:05:03:34 -0400] "GET /manga/wotaku-ni-koi-wa-muzukashii-chapter-67/ HTTP/1.1" 304 0 "https://wotaku-manga.com/" "Mozilla/5.0 (Linux; Android 10; K) AppleWebKit/537.36 (KHTML, like Gecko) SamsungBrowser/28.0 Chrome/130.0.0.0 Mobile Safari/537.36"
119.160.174.106 - - [08/Jun/2025:05:03:37 -0400] "GET /manga/wotakoi-love-is-hard-for-otaku-chapter-0/ HTTP/1.1" 200 42438 "https://wotaku-manga.com/manga/wotaku-ni-koi-wa-muzukashii-chapter-67/" "Mozilla/5.0 (Linux; Android 10; K) AppleWebKit/537.36 (KHTML, like Gecko) SamsungBrowser/28.0 Chrome/130.0.0.0 Mobile Safari/537.36"
119.160.174.106 - - [08/Jun/2025:05:03:38 -0400] "GET /manga/wotakoi-love-is-hard-for-otaku-chapter-0/ HTTP/1.1" 304 0 "https://wotaku-manga.com/manga/wotaku-ni-koi-wa-muzukashii-chapter-67/" "Mozilla/5.0 (Linux; Android 10; K) AppleWebKit/537.36 (KHTML, like Gecko) SamsungBrowser/28.0 Chrome/130.0.0.0 Mobile Safari/537.36"
103.162.210.127 - - [08/Jun/2025:05:04:42 -0400] "GET /manga/wotakoi-love-is-hard-for-otaku-chapter-87/ HTTP/1.1" 200 40744 "https://wotaku-manga.com/manga/wotakoi-love-is-hard-for-otaku-chapter-86/" "Mozilla/5.0 (Linux; Android 10; K) AppleWebKit/537.36 (KHTML, like Gecko) Chrome/137.0.0.0 Mobile Safari/537.36"
103.162.210.127 - - [08/Jun/2025:05:04:43 -0400] "GET /wp-content/plugins/simple-social-buttons/assets/fonts/ssb-icon.ttf?eahqa2 HTTP/1.1" 200 7412 "https://wotaku-manga.com/manga/wotakoi-love-is-hard-for-otaku-chapter-87/" "Mozilla/5.0 (Linux; Android 10; K) AppleWebKit/537.36 (KHTML, like Gecko) Chrome/137.0.0.0 Mobile Safari/537.36"
103.162.210.127 - - [08/Jun/2025:05:04:43 -0400] "GET /wp-content/uploads/2022/03/cropped-3612526.webp HTTP/1.1" 200 72576 "https://wotaku-manga.com/manga/wotakoi-love-is-hard-for-otaku-chapter-87/" "Mozilla/5.0 (Linux; Android 10; K) AppleWebKit/537.36 (KHTML, like Gecko) Chrome/137.0.0.0 Mobile Safari/537.36"
103.162.210.127 - - [08/Jun/2025:05:04:43 -0400] "GET /wp-content/uploads/2022/04/8mxi1g8v17821.webp HTTP/1.1" 200 57108 "https://wotaku-manga.com/manga/wotakoi-love-is-hard-for-otaku-chapter-87/" "Mozilla/5.0 (Linux; Android 10; K) AppleWebKit/537.36 (KHTML, like Gecko) Chrome/137.0.0.0 Mobile Safari/537.36"
103.162.210.127 - - [08/Jun/2025:05:04:45 -0400] "GET /wp-content/uploads/2021/11/cropped-stsmall507x507-pad600x600f8f8f8-1-192x192.jpeg HTTP/1.1" 200 7055 "https://wotaku-manga.com/manga/wotakoi-love-is-hard-for-otaku-chapter-87/" "Mozilla/5.0 (Linux; Android 10; K) AppleWebKit/537.36 (KHTML, like Gecko) Chrome/137.0.0.0 Mobile Safari/537.36"
103.162.210.127 - - [08/Jun/2025:05:04:45 -0400] "GET /wp-content/uploads/2021/11/cropped-stsmall507x507-pad600x600f8f8f8-1-180x180.jpeg HTTP/1.1" 200 6663 "https://wotaku-manga.com/manga/wotakoi-love-is-hard-for-otaku-chapter-87/" "Mozilla/5.0 (Linux; Android 10; K) AppleWebKit/537.36 (KHTML, like Gecko) Chrome/137.0.0.0 Mobile Safari/537.36"
103.162.210.127 - - [08/Jun/2025:05:04:45 -0400] "GET /manga/wotakoi-love-is-hard-for-otaku-chapter-87/ HTTP/1.1" 304 0 "https://wotaku-manga.com/manga/wotakoi-love-is-hard-for-otaku-chapter-87/" "Mozilla/5.0 (Linux; Android 10; K) AppleWebKit/537.36 (KHTML, like Gecko) Chrome/137.0.0.0 Mobile Safari/537.36"
103.162.210.127 - - [08/Jun/2025:05:04:45 -0400] "GET /wp-includes/js/jquery/jquery-migrate.min.js?ver=3.4.1 HTTP/1.1" 200 4678 "https://wotaku-manga.com/manga/wotakoi-love-is-hard-for-otaku-chapter-87/" "Mozilla/5.0 (Linux; Android 10; K) AppleWebKit/537.36 (KHTML, like Gecko) Chrome/137.0.0.0 Mobile Safari/537.36"
103.162.210.127 - - [08/Jun/2025:05:04:45 -0400] "GET /wp-includes/js/jquery/jquery.min.js?ver=3.7.1 HTTP/1.1" 200 29744 "https://wotaku-manga.com/manga/wotakoi-love-is-hard-for-otaku-chapter-87/" "Mozilla/5.0 (Linux; Android 10; K) AppleWebKit/537.36 (KHTML, like Gecko) Chrome/137.0.0.0 Mobile Safari/537.36"
103.162.210.127 - - [08/Jun/2025:05:04:45 -0400] "GET /wp-content/plugins/simple-social-buttons/assets/js/frontend-blocks.js?ver=6.1.0 HTTP/1.1" 200 0 "https://wotaku-manga.com/manga/wotakoi-love-is-hard-for-otaku-chapter-87/" "Mozilla/5.0 (Linux; Android 10; K) AppleWebKit/537.36 (KHTML, like Gecko) Chrome/137.0.0.0 Mobile Safari/537.36"
103.162.210.127 - - [08/Jun/2025:05:04:45 -0400] "GET /wp-content/themes/toivo-lite/js/functions.min.js?ver=1.2.0 HTTP/1.1" 200 593 "https://wotaku-manga.com/manga/wotakoi-love-is-hard-for-otaku-chapter-87/" "Mozilla/5.0 (Linux; Android 10; K) AppleWebKit/537.36 (KHTML, like Gecko) Chrome/137.0.0.0 Mobile Safari/537.36"
103.162.210.127 - - [08/Jun/2025:05:04:45 -0400] "GET /wp-content/themes/toivo-lite/js/responsive-nav.min.js?ver=1.2.0 HTTP/1.1" 200 2102 "https://wotaku-manga.com/manga/wotakoi-love-is-hard-for-otaku-chapter-87/" "Mozilla/5.0 (Linux; Android 10; K) AppleWebKit/537.36 (KHTML, like Gecko) Chrome/137.0.0.0 Mobile Safari/537.36"
103.162.210.127 - - [08/Jun/2025:05:04:45 -0400] "GET /wp-content/cache/min/1/wp-content/plugins/comic-easel/js/keynav.js?ver=1684511167 HTTP/1.1" 200 221 "https://wotaku-manga.com/manga/wotakoi-love-is-hard-for-otaku-chapter-87/" "Mozilla/5.0 (Linux; Android 10; K) AppleWebKit/537.36 (KHTML, like Gecko) Chrome/137.0.0.0 Mobile Safari/537.36"
103.162.210.127 - - [08/Jun/2025:05:04:45 -0400] "GET /wp-content/cache/min/1/sdks/web/v16/OneSignalSDK.page.js?ver=1746023449 HTTP/1.1" 200 544 "https://wotaku-manga.com/manga/wotakoi-love-is-hard-for-otaku-chapter-87/" "Mozilla/5.0 (Linux; Android 10; K) AppleWebKit/537.36 (KHTML, like Gecko) Chrome/137.0.0.0 Mobile Safari/537.36"
103.162.210.127 - - [08/Jun/2025:05:04:45 -0400] "GET /wp-content/cache/min/1/wp-content/plugins/disqus-comment-system/public/js/comment_count.js?ver=1684511264 HTTP/1.1" 200 308 "https://wotaku-manga.com/manga/wotakoi-love-is-hard-for-otaku-chapter-87/" "Mozilla/5.0 (Linux; Android 10; K) AppleWebKit/537.36 (KHTML, like Gecko) Chrome/137.0.0.0 Mobile Safari/537.36"
103.162.210.127 - - [08/Jun/2025:05:04:45 -0400] "GET /wp-content/cache/min/1/wp-content/plugins/disqus-comment-system/public/js/comment_embed.js?ver=1684511264 HTTP/1.1" 200 313 "https://wotaku-manga.com/manga/wotakoi-love-is-hard-for-otaku-chapter-87/" "Mozilla/5.0 (Linux; Android 10; K) AppleWebKit/537.36 (KHTML, like Gecko) Chrome/137.0.0.0 Mobile Safari/537.36"
103.162.210.127 - - [08/Jun/2025:05:04:45 -0400] "GET /wp-content/cache/min/1/wp-content/plugins/simple-social-buttons/assets/js/front.js?ver=1684511167 HTTP/1.1" 200 1198 "https://wotaku-manga.com/manga/wotakoi-love-is-hard-for-otaku-chapter-87/" "Mozilla/5.0 (Linux; Android 10; K) AppleWebKit/537.36 (KHTML, like Gecko) Chrome/137.0.0.0 Mobile Safari/537.36"
103.162.210.127 - - [08/Jun/2025:05:04:45 -0400] "GET /wp-content/themes/toivo-lite/js/settings.min.js?ver=1.2.0 HTTP/1.1" 200 307 "https://wotaku-manga.com/manga/wotakoi-love-is-hard-for-otaku-chapter-87/" "Mozilla/5.0 (Linux; Android 10; K) AppleWebKit/537.36 (KHTML, like Gecko) Chrome/137.0.0.0 Mobile Safari/537.36"
103.162.210.127 - - [08/Jun/2025:05:04:45 -0400] "GET /wp-includes/js/comment-reply.min.js?ver=6.8.1 HTTP/1.1" 200 1247 "https://wotaku-manga.com/manga/wotakoi-love-is-hard-for-otaku-chapter-87/" "Mozilla/5.0 (Linux; Android 10; K) AppleWebKit/537.36 (KHTML, like Gecko) Chrome/137.0.0.0 Mobile Safari/537.36"
103.162.210.127 - - [08/Jun/2025:05:04:47 -0400] "GET /manga/wotakoi-love-is-hard-for-otaku-chapter-87/ HTTP/1.1" 304 0 "https://wotaku-manga.com/manga/wotakoi-love-is-hard-for-otaku-chapter-87/" "Mozilla/5.0 (Linux; Android 10; K) AppleWebKit/537.36 (KHTML, like Gecko) Chrome/137.0.0.0 Mobile Safari/537.36"
2401:4900:c02:216c:0:4e:2c4d:bd01 - - [08/Jun/2025:05:05:21 -0400] "GET /manga/wotaku-ni-koi-wa-muzukashii-chapter-60/ HTTP/1.1" 200 42804 "https://wotaku-manga.com/manga/wotaku-ni-koi-wa-muzukashii-chapter-59/" "Mozilla/5.0 (Linux; Android 10; K) AppleWebKit/537.36 (KHTML, like Gecko) Chrome/137.0.0.0 Mobile Safari/537.36"
162.0.232.193 - - [08/Jun/2025:05:05:24 -0400] "POST /wp-cron.php?doing_wp_cron=1749373524.5272090435028076171875 HTTP/1.1" 200 0 "-" "WordPress/6.8.1; https://wotaku-manga.com"
2401:4900:c02:216c:0:4e:2c4d:bd01 - - [08/Jun/2025:05:05:24 -0400] "POST /wp-admin/admin-ajax.php HTTP/1.1" 200 61 "https://wotaku-manga.com/manga/wotaku-ni-koi-wa-muzukashii-chapter-60/" "Mozilla/5.0 (Linux; Android 10; K) AppleWebKit/537.36 (KHTML, like Gecko) Chrome/137.0.0.0 Mobile Safari/537.36"
112.208.76.48 - - [08/Jun/2025:05:05:39 -0400] "GET /tag/romance/ HTTP/1.1" 301 0 "https://wotaku-manga.com/manga/wotaku-ni-koi-wa-muzukashii-chapter-43/" "Mozilla/5.0 (Linux; Android 10; K) AppleWebKit/537.36 (KHTML, like Gecko) Chrome/137.0.0.0 Mobile Safari/537.36"
112.208.76.48 - - [08/Jun/2025:05:05:40 -0400] "GET / HTTP/1.1" 200 37976 "https://wotaku-manga.com/manga/wotaku-ni-koi-wa-muzukashii-chapter-43/" "Mozilla/5.0 (Linux; Android 10; K) AppleWebKit/537.36 (KHTML, like Gecko) Chrome/137.0.0.0 Mobile Safari/537.36"
112.208.76.48 - - [08/Jun/2025:05:05:41 -0400] "GET /manga/wotaku-ni-koi-wa-muzukashii-chapter-39/ HTTP/1.1" 200 42047 "https://wotaku-manga.com/" "Mozilla/5.0 (Linux; Android 10; K) AppleWebKit/537.36 (KHTML, like Gecko) Chrome/137.0.0.0 Mobile Safari/537.36"
112.208.76.48 - - [08/Jun/2025:05:05:42 -0400] "GET /manga/wotaku-ni-koi-wa-muzukashii-chapter-42/ HTTP/1.1" 200 42585 "https://wotaku-manga.com/" "Mozilla/5.0 (Linux; Android 10; K) AppleWebKit/537.36 (KHTML, like Gecko) Chrome/137.0.0.0 Mobile Safari/537.36"
112.208.76.48 - - [08/Jun/2025:05:05:42 -0400] "GET /manga/wotaku-ni-koi-wa-muzukashii-chapter-39/ HTTP/1.1" 304 0 "https://wotaku-manga.com/" "Mozilla/5.0 (Linux; Android 10; K) AppleWebKit/537.36 (KHTML, like Gecko) Chrome/137.0.0.0 Mobile Safari/537.36"
112.208.76.48 - - [08/Jun/2025:05:05:42 -0400] "GET /manga/wotaku-ni-koi-wa-muzukashii-chapter-42/ HTTP/1.1" 304 0 "https://wotaku-manga.com/" "Mozilla/5.0 (Linux; Android 10; K) AppleWebKit/537.36 (KHTML, like Gecko) Chrome/137.0.0.0 Mobile Safari/537.36"
112.208.76.48 - - [08/Jun/2025:05:05:44 -0400] "GET /manga/wotaku-ni-koi-wa-muzukashii-chapter-45/ HTTP/1.1" 200 42900 "https://wotaku-manga.com/" "Mozilla/5.0 (Linux; Android 10; K) AppleWebKit/537.36 (KHTML, like Gecko) Chrome/137.0.0.0 Mobile Safari/537.36"
112.208.76.48 - - [08/Jun/2025:05:05:44 -0400] "GET /manga/wotaku-ni-koi-wa-muzukashii-chapter-45/ HTTP/1.1" 304 0 "https://wotaku-manga.com/" "Mozilla/5.0 (Linux; Android 10; K) AppleWebKit/537.36 (KHTML, like Gecko) Chrome/137.0.0.0 Mobile Safari/537.36"
112.208.76.48 - - [08/Jun/2025:05:05:45 -0400] "GET /manga/wotakoi-love-is-hard-for-otaku-chapter-87/ HTTP/1.1" 200 40744 "https://wotaku-manga.com/manga/wotaku-ni-koi-wa-muzukashii-chapter-45/" "Mozilla/5.0 (Linux; Android 10; K) AppleWebKit/537.36 (KHTML, like Gecko) Chrome/137.0.0.0 Mobile Safari/537.36"
74.12.144.236 - - [08/Jun/2025:05:06:04 -0400] "GET / HTTP/1.1" 200 37976 "https://www.google.com/" "Mozilla/5.0 (iPhone; CPU iPhone OS 18_5 like Mac OS X) AppleWebKit/605.1.15 (KHTML, like Gecko) Version/18.5 Mobile/15E148 Safari/604.1"
74.12.144.236 - - [08/Jun/2025:05:06:09 -0400] "GET /manga/wotakoi-love-is-hard-for-otaku-chapter-87/ HTTP/1.1" 200 40654 "https://wotaku-manga.com/" "Mozilla/5.0 (iPhone; CPU iPhone OS 18_5 like Mac OS X) AppleWebKit/605.1.15 (KHTML, like Gecko) Version/18.5 Mobile/15E148 Safari/604.1"
2401:4900:c02:216c:0:4e:2c4d:bd01 - - [08/Jun/2025:05:06:19 -0400] "GET /manga/wotaku-ni-koi-wa-muzukashii-chapter-61/ HTTP/1.1" 200 42984 "https://wotaku-manga.com/manga/wotaku-ni-koi-wa-muzukashii-chapter-60/" "Mozilla/5.0 (Linux; Android 10; K) AppleWebKit/537.36 (KHTML, like Gecko) Chrome/137.0.0.0 Mobile Safari/537.36"
162.0.232.193 - - [08/Jun/2025:05:06:22 -0400] "POST /wp-cron.php?doing_wp_cron=1749373582.1010100841522216796875 HTTP/1.1" 200 0 "-" "WordPress/6.8.1; https://wotaku-manga.com"
74.12.144.236 - - [08/Jun/2025:05:06:22 -0400] "GET /manga/wotakoi-love-is-hard-for-otaku-chapter-87/ HTTP/1.1" 304 0 "https://wotaku-manga.com/manga/wotakoi-love-is-hard-for-otaku-chapter-87/" "Mozilla/5.0 (iPhone; CPU iPhone OS 18_5 like Mac OS X) AppleWebKit/605.1.15 (KHTML, like Gecko) Version/18.5 Mobile/15E148 Safari/604.1"
2401:4900:c02:216c:0:4e:2c4d:bd01 - - [08/Jun/2025:05:06:21 -0400] "POST /wp-admin/admin-ajax.php HTTP/1.1" 200 61 "https://wotaku-manga.com/manga/wotaku-ni-koi-wa-muzukashii-chapter-61/" "Mozilla/5.0 (Linux; Android 10; K) AppleWebKit/537.36 (KHTML, like Gecko) Chrome/137.0.0.0 Mobile Safari/537.36"
74.12.144.236 - - [08/Jun/2025:05:06:33 -0400] "GET /manga/wotakoi-love-is-hard-for-otaku-chapter-86/ HTTP/1.1" 200 44898 "https://wotaku-manga.com/manga/wotakoi-love-is-hard-for-otaku-chapter-87/" "Mozilla/5.0 (iPhone; CPU iPhone OS 18_5 like Mac OS X) AppleWebKit/605.1.15 (KHTML, like Gecko) Version/18.5 Mobile/15E148 Safari/604.1"
2405:201:3039:3848:e1d8:9841:23ae:d922 - - [08/Jun/2025:05:06:49 -0400] "GET /category/wotakoi-love-is-hard-for-otaku-manga-chapters/ HTTP/1.1" 304 0 "https://wotaku-manga.com/manga/wotaku-ni-koi-wa-muzukashii-chapter-33/" "Mozilla/5.0 (Linux; Android 12; V2236 Build/SP1A.210812.003) AppleWebKit/537.36 (KHTML, like Gecko) Chrome/136.0.7103.125 Mobile Safari/537.36"
2405:201:3039:3848:e1d8:9841:23ae:d922 - - [08/Jun/2025:05:06:49 -0400] "GET /manga/wotaku-ni-koi-wa-muzukashii-chapter-34/ HTTP/1.1" 200 42608 "https://wotaku-manga.com/manga/wotaku-ni-koi-wa-muzukashii-chapter-33/" "Mozilla/5.0 (Linux; Android 12; V2236 Build/SP1A.210812.003) AppleWebKit/537.36 (KHTML, like Gecko) Chrome/136.0.7103.125 Mobile Safari/537.36"
2405:201:3039:3848:e1d8:9841:23ae:d922 - - [08/Jun/2025:05:06:49 -0400] "GET /category/wotakoi-love-is-hard-for-otaku-manga-chapters/ HTTP/1.1" 304 0 "https://wotaku-manga.com/manga/wotaku-ni-koi-wa-muzukashii-chapter-33/" "Mozilla/5.0 (Linux; Android 12; V2236 Build/SP1A.210812.003; wv) AppleWebKit/537.36 (KHTML, like Gecko) Version/4.0 Chrome/136.0.7103.125 Mobile Safari/537.36"
2405:201:3039:3848:e1d8:9841:23ae:d922 - - [08/Jun/2025:05:06:50 -0400] "GET /manga/wotaku-ni-koi-wa-muzukashii-chapter-34/ HTTP/1.1" 304 0 "https://wotaku-manga.com/manga/wotaku-ni-koi-wa-muzukashii-chapter-33/" "Mozilla/5.0 (Linux; Android 12; V2236 Build/SP1A.210812.003; wv) AppleWebKit/537.36 (KHTML, like Gecko) Version/4.0 Chrome/136.0.7103.125 Mobile Safari/537.36"
2405:201:3039:3848:e1d8:9841:23ae:d922 - - [08/Jun/2025:05:06:53 -0400] "GET /wotakoi-story/ HTTP/1.1" 304 0 "https://wotaku-manga.com/manga/wotaku-ni-koi-wa-muzukashii-chapter-34/" "Mozilla/5.0 (Linux; Android 12; V2236 Build/SP1A.210812.003; wv) AppleWebKit/537.36 (KHTML, like Gecko) Version/4.0 Chrome/136.0.7103.125 Mobile Safari/537.36"
2405:201:3039:3848:e1d8:9841:23ae:d922 - - [08/Jun/2025:05:06:54 -0400] "GET /wotakoi-story/ HTTP/1.1" 304 0 "https://wotaku-manga.com/manga/wotaku-ni-koi-wa-muzukashii-chapter-34/" "Mozilla/5.0 (Linux; Android 12; V2236 Build/SP1A.210812.003) AppleWebKit/537.36 (KHTML, like Gecko) Chrome/136.0.7103.125 Mobile Safari/537.36"
3.110.184.212 - - [08/Jun/2025:05:08:18 -0400] "GET / HTTP/1.1" 200 37331 "-" "Mozilla/5.0 (Windows NT 10.0; Win64; x64) AppleWebKit/537.36 (KHTML, like Gecko) Chrome/80.0.3987.149 Safari/537.36"
119.160.174.106 - - [08/Jun/2025:05:08:22 -0400] "GET / HTTP/1.1" 200 37976 "https://www.google.com/" "Mozilla/5.0 (Linux; Android 10; K) AppleWebKit/537.36 (KHTML, like Gecko) SamsungBrowser/28.0 Chrome/130.0.0.0 Mobile Safari/537.36"
162.0.232.193 - - [08/Jun/2025:05:08:23 -0400] "POST /wp-cron.php?doing_wp_cron=1749373703.2077279090881347656250 HTTP/1.1" 200 0 "-" "WordPress/6.8.1; https://wotaku-manga.com"
3.110.184.212 - - [08/Jun/2025:05:08:21 -0400] "GET //wp-includes/wlwmanifest.xml HTTP/1.1" 301 0 "-" "Mozilla/5.0 (Windows NT 10.0; Win64; x64) AppleWebKit/537.36 (KHTML, like Gecko) Chrome/80.0.3987.149 Safari/537.36"
3.110.184.212 - - [08/Jun/2025:05:08:23 -0400] "GET //xmlrpc.php?rsd HTTP/1.1" 200 294 "-" "Mozilla/5.0 (Windows NT 10.0; Win64; x64) AppleWebKit/537.36 (KHTML, like Gecko) Chrome/80.0.3987.149 Safari/537.36"
3.110.184.212 - - [08/Jun/2025:05:08:24 -0400] "GET //?author=1 HTTP/1.1" 301 0 "-" "Mozilla/5.0 (Windows NT 10.0; Win64; x64) AppleWebKit/537.36 (KHTML, like Gecko) Chrome/80.0.3987.149 Safari/537.36"
3.110.184.212 - - [08/Jun/2025:05:08:24 -0400] "GET //?author=2 HTTP/1.1" 301 0 "-" "Mozilla/5.0 (Windows NT 10.0; Win64; x64) AppleWebKit/537.36 (KHTML, like Gecko) Chrome/80.0.3987.149 Safari/537.36"
3.110.184.212 - - [08/Jun/2025:05:08:24 -0400] "GET //wp-json/wp/v2/users/ HTTP/1.1" 200 4413 "-" "Mozilla/5.0 (Windows NT 10.0; Win64; x64) AppleWebKit/537.36 (KHTML, like Gecko) Chrome/80.0.3987.149 Safari/537.36"
3.110.184.212 - - [08/Jun/2025:05:08:25 -0400] "GET //wp-json/oembed/1.0/embed?url=https://wotaku-manga.com/ HTTP/1.1" 200 2502 "-" "Mozilla/5.0 (Windows NT 10.0; Win64; x64) AppleWebKit/537.36 (KHTML, like Gecko) Chrome/80.0.3987.149 Safari/537.36"
3.110.184.212 - - [08/Jun/2025:05:08:26 -0400] "POST //xmlrpc.php HTTP/1.1" 200 189 "-" "Mozilla/5.0 (Windows NT 10.0; Win64; x64) AppleWebKit/537.36 (KHTML, like Gecko) Chrome/80.0.3987.149 Safari/537.36"
3.110.184.212 - - [08/Jun/2025:05:08:26 -0400] "POST //xmlrpc.php HTTP/1.1" 200 205 "-" "Mozilla/5.0 (Windows NT 10.0; Win64; x64) AppleWebKit/537.36 (KHTML, like Gecko) Chrome/80.0.3987.149 Safari/537.36"
3.110.184.212 - - [08/Jun/2025:05:08:26 -0400] "POST //xmlrpc.php HTTP/1.1" 200 189 "-" "Mozilla/5.0 (Windows NT 10.0; Win64; x64) AppleWebKit/537.36 (KHTML, like Gecko) Chrome/80.0.3987.149 Safari/537.36"
3.110.184.212 - - [08/Jun/2025:05:08:27 -0400] "POST //xmlrpc.php HTTP/1.1" 200 205 "-" "Mozilla/5.0 (Windows NT 10.0; Win64; x64) AppleWebKit/537.36 (KHTML, like Gecko) Chrome/80.0.3987.149 Safari/537.36"
119.160.174.106 - - [08/Jun/2025:05:08:27 -0400] "GET /manga/wotakoi-love-is-hard-for-otaku-chapter-70/ HTTP/1.1" 200 39176 "https://wotaku-manga.com/" "Mozilla/5.0 (Linux; Android 10; K) AppleWebKit/537.36 (KHTML, like Gecko) SamsungBrowser/28.0 Chrome/130.0.0.0 Mobile Safari/537.36"
3.110.184.212 - - [08/Jun/2025:05:08:27 -0400] "POST //xmlrpc.php HTTP/1.1" 200 205 "-" "Mozilla/5.0 (Windows NT 10.0; Win64; x64) AppleWebKit/537.36 (KHTML, like Gecko) Chrome/80.0.3987.149 Safari/537.36"
2401:4900:c02:216c:0:4e:2c4d:bd01 - - [08/Jun/2025:05:08:28 -0400] "GET /manga/wotaku-ni-koi-wa-muzukashii-chapter-61-5/ HTTP/1.1" 200 42613 "https://wotaku-manga.com/manga/wotaku-ni-koi-wa-muzukashii-chapter-61/" "Mozilla/5.0 (Linux; Android 10; K) AppleWebKit/537.36 (KHTML, like Gecko) Chrome/137.0.0.0 Mobile Safari/537.36"
119.160.174.106 - - [08/Jun/2025:05:08:28 -0400] "GET /manga/wotakoi-love-is-hard-for-otaku-chapter-70/ HTTP/1.1" 304 0 "https://wotaku-manga.com/" "Mozilla/5.0 (Linux; Android 10; K) AppleWebKit/537.36 (KHTML, like Gecko) SamsungBrowser/28.0 Chrome/130.0.0.0 Mobile Safari/537.36"
3.110.184.212 - - [08/Jun/2025:05:08:28 -0400] "POST //xmlrpc.php HTTP/1.1" 200 205 "-" "Mozilla/5.0 (Windows NT 10.0; Win64; x64) AppleWebKit/537.36 (KHTML, like Gecko) Chrome/80.0.3987.149 Safari/537.36"
3.110.184.212 - - [08/Jun/2025:05:08:29 -0400] "POST //xmlrpc.php HTTP/1.1" 200 205 "-" "Mozilla/5.0 (Windows NT 10.0; Win64; x64) AppleWebKit/537.36 (KHTML, like Gecko) Chrome/80.0.3987.149 Safari/537.36"
2401:4900:c02:216c:0:4e:2c4d:bd01 - - [08/Jun/2025:05:08:30 -0400] "POST /wp-admin/admin-ajax.php HTTP/1.1" 200 61 "https://wotaku-manga.com/manga/wotaku-ni-koi-wa-muzukashii-chapter-61-5/" "Mozilla/5.0 (Linux; Android 10; K) AppleWebKit/537.36 (KHTML, like Gecko) Chrome/137.0.0.0 Mobile Safari/537.36"
119.160.174.106 - - [08/Jun/2025:05:08:32 -0400] "GET /manga/wotakoi-love-is-hard-for-otaku-chapter-68/ HTTP/1.1" 200 42381 "https://wotaku-manga.com/" "Mozilla/5.0 (Linux; Android 10; K) AppleWebKit/537.36 (KHTML, like Gecko) SamsungBrowser/28.0 Chrome/130.0.0.0 Mobile Safari/537.36"
119.160.174.106 - - [08/Jun/2025:05:08:32 -0400] "GET /manga/wotakoi-love-is-hard-for-otaku-chapter-68/ HTTP/1.1" 304 0 "https://wotaku-manga.com/" "Mozilla/5.0 (Linux; Android 10; K) AppleWebKit/537.36 (KHTML, like Gecko) SamsungBrowser/28.0 Chrome/130.0.0.0 Mobile Safari/537.36"
3.110.184.212 - - [08/Jun/2025:05:08:31 -0400] "POST //xmlrpc.php HTTP/1.1" 200 205 "-" "Mozilla/5.0 (Windows NT 10.0; Win64; x64) AppleWebKit/537.36 (KHTML, like Gecko) Chrome/80.0.3987.149 Safari/537.36"
