95.70.146.221 - - [08/Jun/2025:05:47:59 -0400] "GET /manga/wotaku-ni-koi-wa-muzukashii-chapter-74/ HTTP/1.1" 301 0 "https://wotaku-manga.com/manga/wotakoi-love-is-hard-for-otaku-chapter-74/" "Mozilla/5.0 (Linux; Android 10; K) AppleWebKit/537.36 (KHTML, like Gecko) Chrome/137.0.0.0 Mobile Safari/537.36"
95.70.146.221 - - [08/Jun/2025:05:47:59 -0400] "GET / HTTP/1.1" 304 0 "https://wotaku-manga.com/manga/wotakoi-love-is-hard-for-otaku-chapter-74/" "Mozilla/5.0 (Linux; Android 10; K) AppleWebKit/537.36 (KHTML, like Gecko) Chrome/137.0.0.0 Mobile Safari/537.36"
180.191.163.35 - - [08/Jun/2025:05:48:05 -0400] "GET /manga/wotakoi-love-is-hard-for-otaku-chapter-19/ HTTP/1.1" 200 42158 "https://wotaku-manga.com/manga/wotakoi-love-is-hard-for-otaku-chapter-18/" "Mozilla/5.0 (Macintosh; Intel Mac OS X 10_15_7) AppleWebKit/605.1.15 (KHTML, like Gecko) Brave/1 Version/18.5 Safari/605.1.15"
180.191.163.35 - - [08/Jun/2025:05:48:06 -0400] "POST /wp-admin/admin-ajax.php HTTP/1.1" 200 61 "https://wotaku-manga.com/manga/wotakoi-love-is-hard-for-otaku-chapter-19/" "Mozilla/5.0 (Macintosh; Intel Mac OS X 10_15_7) AppleWebKit/605.1.15 (KHTML, like Gecko) Brave/1 Version/18.5 Safari/605.1.15"
95.70.146.221 - - [08/Jun/2025:05:48:46 -0400] "GET /manga/wotakoi-love-is-hard-for-otaku-chapter-73/ HTTP/1.1" 304 0 "https://wotaku-manga.com/manga/wotakoi-love-is-hard-for-otaku-chapter-74/" "Mozilla/5.0 (Linux; Android 10; K) AppleWebKit/537.36 (KHTML, like Gecko) Chrome/137.0.0.0 Mobile Safari/537.36"
95.70.146.221 - - [08/Jun/2025:05:48:46 -0400] "GET /manga/wotakoi-love-is-hard-for-otaku-chapter-75/ HTTP/1.1" 200 42755 "https://wotaku-manga.com/manga/wotakoi-love-is-hard-for-otaku-chapter-74/" "Mozilla/5.0 (Linux; Android 10; K) AppleWebKit/537.36 (KHTML, like Gecko) Chrome/137.0.0.0 Mobile Safari/537.36"
95.70.146.221 - - [08/Jun/2025:05:48:46 -0400] "GET /manga/wotakoi-love-is-hard-for-otaku-chapter-73/ HTTP/1.1" 304 0 "https://wotaku-manga.com/manga/wotakoi-love-is-hard-for-otaku-chapter-74/" "Mozilla/5.0 (Linux; Android 10; K) AppleWebKit/537.36 (KHTML, like Gecko) Chrome/137.0.0.0 Mobile Safari/537.36"
95.70.146.221 - - [08/Jun/2025:05:48:47 -0400] "GET /manga/wotakoi-love-is-hard-for-otaku-chapter-75/ HTTP/1.1" 304 0 "https://wotaku-manga.com/manga/wotakoi-love-is-hard-for-otaku-chapter-74/" "Mozilla/5.0 (Linux; Android 10; K) AppleWebKit/537.36 (KHTML, like Gecko) Chrome/137.0.0.0 Mobile Safari/537.36"
95.70.146.221 - - [08/Jun/2025:05:48:47 -0400] "GET /manga/wotakoi-love-is-hard-for-otaku-chapter-75/ HTTP/1.1" 304 0 "https://wotaku-manga.com/manga/wotakoi-love-is-hard-for-otaku-chapter-74/" "Mozilla/5.0 (Linux; Android 10; K) AppleWebKit/537.36 (KHTML, like Gecko) Chrome/137.0.0.0 Mobile Safari/537.36"
95.70.146.221 - - [08/Jun/2025:05:48:48 -0400] "GET /wotakoi-story/ HTTP/1.1" 304 0 "https://wotaku-manga.com/manga/wotakoi-love-is-hard-for-otaku-chapter-75/" "Mozilla/5.0 (Linux; Android 10; K) AppleWebKit/537.36 (KHTML, like Gecko) Chrome/137.0.0.0 Mobile Safari/537.36"
95.70.146.221 - - [08/Jun/2025:05:48:48 -0400] "GET /wotakoi-story/ HTTP/1.1" 304 0 "https://wotaku-manga.com/manga/wotakoi-love-is-hard-for-otaku-chapter-75/" "Mozilla/5.0 (Linux; Android 10; K) AppleWebKit/537.36 (KHTML, like Gecko) Chrome/137.0.0.0 Mobile Safari/537.36"
183.171.64.151 - - [08/Jun/2025:05:48:53 -0400] "GET /manga/wotaku-ni-koi-wa-muzukashii-chapter-51/ HTTP/1.1" 200 42579 "https://wotaku-manga.com/manga/wotaku-ni-koi-wa-muzukashii-chapter-50/" "Mozilla/5.0 (X11; CrOS x86_64 14541.0.0) AppleWebKit/537.36 (KHTML, like Gecko) Chrome/126.0.0.0 Safari/537.36"
183.171.64.151 - - [08/Jun/2025:05:48:54 -0400] "GET /manga/wotaku-ni-koi-wa-muzukashii-chapter-51/ HTTP/1.1" 304 0 "https://wotaku-manga.com/manga/wotaku-ni-koi-wa-muzukashii-chapter-50/" "Mozilla/5.0 (X11; CrOS x86_64 14541.0.0) AppleWebKit/537.36 (KHTML, like Gecko) Chrome/126.0.0.0 Safari/537.36"
162.0.232.193 - - [08/Jun/2025:05:48:57 -0400] "POST /wp-cron.php?doing_wp_cron=1749376137.4052360057830810546875 HTTP/1.1" 200 0 "-" "WordPress/6.8.1; https://wotaku-manga.com"
183.171.64.151 - - [08/Jun/2025:05:48:57 -0400] "POST /wp-admin/admin-ajax.php HTTP/1.1" 200 61 "https://wotaku-manga.com/manga/wotaku-ni-koi-wa-muzukashii-chapter-51/" "Mozilla/5.0 (X11; CrOS x86_64 14541.0.0) AppleWebKit/537.36 (KHTML, like Gecko) Chrome/126.0.0.0 Safari/537.36"
2401:4900:c02:216c:0:4e:2c4d:bd01 - - [08/Jun/2025:05:50:05 -0400] "GET /manga/wotakoi-love-is-hard-for-otaku-chapter-76/ HTTP/1.1" 200 42579 "https://wotaku-manga.com/manga/wotakoi-love-is-hard-for-otaku-chapter-75-5/" "Mozilla/5.0 (Linux; Android 10; K) AppleWebKit/537.36 (KHTML, like Gecko) Chrome/137.0.0.0 Mobile Safari/537.36"
52.167.144.213 - - [08/Jun/2025:05:51:46 -0400] "GET /manga/wotaku-ni-koi-wa-muzukashii-chapter-58/ HTTP/1.1" 200 41688 "-" "Mozilla/5.0 AppleWebKit/537.36 (KHTML, like Gecko; compatible; bingbot/2.0; +http://www.bing.com/bingbot.htm) Chrome/116.0.1938.76 Safari/537.36"
162.0.232.193 - - [08/Jun/2025:05:51:52 -0400] "POST /wp-cron.php?doing_wp_cron=1749376312.1174340248107910156250 HTTP/1.1" 200 0 "-" "WordPress/6.8.1; https://wotaku-manga.com"
103.163.214.43 - - [08/Jun/2025:05:51:48 -0400] "POST /wp-login.php HTTP/1.1" 200 2037 "https://wotaku-manga.com" "Mozilla/5.0 (Windows NT 10.0; Win64; x64) AppleWebKit/537.36 (KHTML, like Gecko) Chrome/116.0.5845.96 Safari/537.36 Edg/116.0.1938.62"
95.70.146.221 - - [08/Jun/2025:05:52:07 -0400] "GET /tag/hanako-koyanagi/ HTTP/1.1" 301 0 "https://wotaku-manga.com/manga/wotakoi-love-is-hard-for-otaku-chapter-75/" "Mozilla/5.0 (Linux; Android 10; K) AppleWebKit/537.36 (KHTML, like Gecko) Chrome/137.0.0.0 Mobile Safari/537.36"
95.70.146.221 - - [08/Jun/2025:05:52:08 -0400] "GET /tag/read-wotakoi/ HTTP/1.1" 301 0 "https://wotaku-manga.com/manga/wotakoi-love-is-hard-for-otaku-chapter-75/" "Mozilla/5.0 (Linux; Android 10; K) AppleWebKit/537.36 (KHTML, like Gecko) Chrome/137.0.0.0 Mobile Safari/537.36"
95.70.146.221 - - [08/Jun/2025:05:52:08 -0400] "GET / HTTP/1.1" 304 0 "https://wotaku-manga.com/manga/wotakoi-love-is-hard-for-otaku-chapter-75/" "Mozilla/5.0 (Linux; Android 10; K) AppleWebKit/537.36 (KHTML, like Gecko) Chrome/137.0.0.0 Mobile Safari/537.36"
95.70.146.221 - - [08/Jun/2025:05:52:08 -0400] "GET / HTTP/1.1" 304 0 "https://wotaku-manga.com/manga/wotakoi-love-is-hard-for-otaku-chapter-75/" "Mozilla/5.0 (Linux; Android 10; K) AppleWebKit/537.36 (KHTML, like Gecko) Chrome/137.0.0.0 Mobile Safari/537.36"
95.70.146.221 - - [08/Jun/2025:05:52:08 -0400] "GET / HTTP/1.1" 304 0 "https://wotaku-manga.com/manga/wotakoi-love-is-hard-for-otaku-chapter-75/" "Mozilla/5.0 (Linux; Android 10; K) AppleWebKit/537.36 (KHTML, like Gecko) Chrome/137.0.0.0 Mobile Safari/537.36"
95.70.146.221 - - [08/Jun/2025:05:52:09 -0400] "GET /manga/wotakoi-love-is-hard-for-otaku-chapter-75-5/ HTTP/1.1" 200 42252 "https://wotaku-manga.com/manga/wotakoi-love-is-hard-for-otaku-chapter-75/" "Mozilla/5.0 (Linux; Android 10; K) AppleWebKit/537.36 (KHTML, like Gecko) Chrome/137.0.0.0 Mobile Safari/537.36"
95.70.146.221 - - [08/Jun/2025:05:52:09 -0400] "GET / HTTP/1.1" 304 0 "https://wotaku-manga.com/manga/wotakoi-love-is-hard-for-otaku-chapter-75/" "Mozilla/5.0 (Linux; Android 10; K) AppleWebKit/537.36 (KHTML, like Gecko) Chrome/137.0.0.0 Mobile Safari/537.36"
95.70.146.221 - - [08/Jun/2025:05:52:09 -0400] "GET /manga/wotakoi-love-is-hard-for-otaku-chapter-75-5/ HTTP/1.1" 304 0 "https://wotaku-manga.com/manga/wotakoi-love-is-hard-for-otaku-chapter-75/" "Mozilla/5.0 (Linux; Android 10; K) AppleWebKit/537.36 (KHTML, like Gecko) Chrome/137.0.0.0 Mobile Safari/537.36"
95.70.146.221 - - [08/Jun/2025:05:52:09 -0400] "GET /manga/wotakoi-love-is-hard-for-otaku-chapter-75-5/ HTTP/1.1" 304 0 "https://wotaku-manga.com/manga/wotakoi-love-is-hard-for-otaku-chapter-75/" "Mozilla/5.0 (Linux; Android 10; K) AppleWebKit/537.36 (KHTML, like Gecko) Chrome/137.0.0.0 Mobile Safari/537.36"
95.70.146.221 - - [08/Jun/2025:05:52:10 -0400] "GET / HTTP/1.1" 304 0 "https://wotaku-manga.com/manga/wotakoi-love-is-hard-for-otaku-chapter-75-5/" "Mozilla/5.0 (Linux; Android 10; K) AppleWebKit/537.36 (KHTML, like Gecko) Chrome/137.0.0.0 Mobile Safari/537.36"
95.70.146.221 - - [08/Jun/2025:05:52:11 -0400] "GET / HTTP/1.1" 304 0 "https://wotaku-manga.com/manga/wotakoi-love-is-hard-for-otaku-chapter-75-5/" "Mozilla/5.0 (Linux; Android 10; K) AppleWebKit/537.36 (KHTML, like Gecko) Chrome/137.0.0.0 Mobile Safari/537.36"
180.191.163.35 - - [08/Jun/2025:05:52:35 -0400] "GET /manga/wotakoi-love-is-hard-for-otaku-chapter-19-5/ HTTP/1.1" 200 41520 "https://wotaku-manga.com/manga/wotakoi-love-is-hard-for-otaku-chapter-19/" "Mozilla/5.0 (Macintosh; Intel Mac OS X 10_15_7) AppleWebKit/605.1.15 (KHTML, like Gecko) Brave/1 Version/18.5 Safari/605.1.15"
95.70.146.221 - - [08/Jun/2025:05:52:38 -0400] "GET /category/wotakoi-love-is-hard-for-otaku-manga-read-online/ HTTP/1.1" 304 0 "https://wotaku-manga.com/manga/wotakoi-love-is-hard-for-otaku-chapter-75-5/" "Mozilla/5.0 (Linux; Android 10; K) AppleWebKit/537.36 (KHTML, like Gecko) Chrome/137.0.0.0 Mobile Safari/537.36"
95.70.146.221 - - [08/Jun/2025:05:52:38 -0400] "GET /category/wotakoi-love-is-hard-for-otaku-manga-read-online/ HTTP/1.1" 304 0 "https://wotaku-manga.com/manga/wotakoi-love-is-hard-for-otaku-chapter-75-5/" "Mozilla/5.0 (Linux; Android 10; K) AppleWebKit/537.36 (KHTML, like Gecko) Chrome/137.0.0.0 Mobile Safari/537.36"
95.70.146.221 - - [08/Jun/2025:05:52:40 -0400] "GET /manga/wotakoi-love-is-hard-for-otaku-chapter-76/ HTTP/1.1" 200 42579 "https://wotaku-manga.com/manga/wotakoi-love-is-hard-for-otaku-chapter-75-5/" "Mozilla/5.0 (Linux; Android 10; K) AppleWebKit/537.36 (KHTML, like Gecko) Chrome/137.0.0.0 Mobile Safari/537.36"
95.70.146.221 - - [08/Jun/2025:05:52:40 -0400] "GET /manga/wotakoi-love-is-hard-for-otaku-chapter-76/ HTTP/1.1" 304 0 "https://wotaku-manga.com/manga/wotakoi-love-is-hard-for-otaku-chapter-75-5/" "Mozilla/5.0 (Linux; Android 10; K) AppleWebKit/537.36 (KHTML, like Gecko) Chrome/137.0.0.0 Mobile Safari/537.36"
95.70.146.221 - - [08/Jun/2025:05:52:41 -0400] "GET / HTTP/1.1" 304 0 "https://wotaku-manga.com/manga/wotakoi-love-is-hard-for-otaku-chapter-76/" "Mozilla/5.0 (Linux; Android 10; K) AppleWebKit/537.36 (KHTML, like Gecko) Chrome/137.0.0.0 Mobile Safari/537.36"
95.70.146.221 - - [08/Jun/2025:05:52:42 -0400] "GET / HTTP/1.1" 304 0 "https://wotaku-manga.com/manga/wotakoi-love-is-hard-for-otaku-chapter-76/" "Mozilla/5.0 (Linux; Android 10; K) AppleWebKit/537.36 (KHTML, like Gecko) Chrome/137.0.0.0 Mobile Safari/537.36"
2001:4860:7:80c::e4 - - [08/Jun/2025:05:53:39 -0400] "GET / HTTP/1.1" 200 37977 "https://www.google.com/" "Mozilla/5.0 (Linux; Android 10; K) AppleWebKit/537.36 (KHTML, like Gecko) Chrome/136.0.0.0 Mobile Safari/537.36"
2401:4900:c02:216c:0:4e:2c4d:bd01 - - [08/Jun/2025:05:53:41 -0400] "GET /manga/wotakoi-love-is-hard-for-otaku-chapter-77/ HTTP/1.1" 200 42947 "https://wotaku-manga.com/manga/wotakoi-love-is-hard-for-otaku-chapter-76/" "Mozilla/5.0 (Linux; Android 10; K) AppleWebKit/537.36 (KHTML, like Gecko) Chrome/137.0.0.0 Mobile Safari/537.36"
95.70.146.221 - - [08/Jun/2025:05:53:45 -0400] "GET /manga/wotakoi-love-is-hard-for-otaku-chapter-77/ HTTP/1.1" 200 42947 "https://wotaku-manga.com/manga/wotakoi-love-is-hard-for-otaku-chapter-76/" "Mozilla/5.0 (Linux; Android 10; K) AppleWebKit/537.36 (KHTML, like Gecko) Chrome/137.0.0.0 Mobile Safari/537.36"
95.70.146.221 - - [08/Jun/2025:05:53:45 -0400] "GET /manga/wotakoi-love-is-hard-for-otaku-chapter-77/ HTTP/1.1" 304 0 "https://wotaku-manga.com/manga/wotakoi-love-is-hard-for-otaku-chapter-76/" "Mozilla/5.0 (Linux; Android 10; K) AppleWebKit/537.36 (KHTML, like Gecko) Chrome/137.0.0.0 Mobile Safari/537.36"
95.70.146.221 - - [08/Jun/2025:05:53:46 -0400] "GET /wotakoi-story/ HTTP/1.1" 304 0 "https://wotaku-manga.com/manga/wotakoi-love-is-hard-for-otaku-chapter-77/" "Mozilla/5.0 (Linux; Android 10; K) AppleWebKit/537.36 (KHTML, like Gecko) Chrome/137.0.0.0 Mobile Safari/537.36"
95.70.146.221 - - [08/Jun/2025:05:53:47 -0400] "GET /wotakoi-story/ HTTP/1.1" 304 0 "https://wotaku-manga.com/manga/wotakoi-love-is-hard-for-otaku-chapter-77/" "Mozilla/5.0 (Linux; Android 10; K) AppleWebKit/537.36 (KHTML, like Gecko) Chrome/137.0.0.0 Mobile Safari/537.36"
95.70.146.221 - - [08/Jun/2025:05:54:20 -0400] "GET / HTTP/1.1" 304 0 "https://wotaku-manga.com/manga/wotakoi-love-is-hard-for-otaku-chapter-77/" "Mozilla/5.0 (Linux; Android 10; K) AppleWebKit/537.36 (KHTML, like Gecko) Chrome/137.0.0.0 Mobile Safari/537.36"
95.70.146.221 - - [08/Jun/2025:05:54:21 -0400] "GET / HTTP/1.1" 304 0 "https://wotaku-manga.com/manga/wotakoi-love-is-hard-for-otaku-chapter-77/" "Mozilla/5.0 (Linux; Android 10; K) AppleWebKit/537.36 (KHTML, like Gecko) Chrome/137.0.0.0 Mobile Safari/537.36"
95.70.146.221 - - [08/Jun/2025:05:54:22 -0400] "GET / HTTP/1.1" 304 0 "https://wotaku-manga.com/manga/wotakoi-love-is-hard-for-otaku-chapter-77/" "Mozilla/5.0 (Linux; Android 10; K) AppleWebKit/537.36 (KHTML, like Gecko) Chrome/137.0.0.0 Mobile Safari/537.36"
95.70.146.221 - - [08/Jun/2025:05:54:23 -0400] "GET / HTTP/1.1" 304 0 "https://wotaku-manga.com/manga/wotakoi-love-is-hard-for-otaku-chapter-77/" "Mozilla/5.0 (Linux; Android 10; K) AppleWebKit/537.36 (KHTML, like Gecko) Chrome/137.0.0.0 Mobile Safari/537.36"
95.70.146.221 - - [08/Jun/2025:05:54:28 -0400] "GET /category/wotakoi-love-is-hard-for-otaku-manga-volumes/ HTTP/1.1" 200 46513 "https://wotaku-manga.com/manga/wotakoi-love-is-hard-for-otaku-chapter-77/" "Mozilla/5.0 (Linux; Android 10; K) AppleWebKit/537.36 (KHTML, like Gecko) Chrome/137.0.0.0 Mobile Safari/537.36"
95.70.146.221 - - [08/Jun/2025:05:54:28 -0400] "GET /category/wotakoi-love-is-hard-for-otaku-manga-volumes/ HTTP/1.1" 304 0 "https://wotaku-manga.com/manga/wotakoi-love-is-hard-for-otaku-chapter-77/" "Mozilla/5.0 (Linux; Android 10; K) AppleWebKit/537.36 (KHTML, like Gecko) Chrome/137.0.0.0 Mobile Safari/537.36"
95.70.146.221 - - [08/Jun/2025:05:54:29 -0400] "GET /manga/wotakoi-love-is-hard-for-otaku-chapter-77-5/ HTTP/1.1" 200 45123 "https://wotaku-manga.com/manga/wotakoi-love-is-hard-for-otaku-chapter-77/" "Mozilla/5.0 (Linux; Android 10; K) AppleWebKit/537.36 (KHTML, like Gecko) Chrome/137.0.0.0 Mobile Safari/537.36"
95.70.146.221 - - [08/Jun/2025:05:54:29 -0400] "GET /manga/wotakoi-love-is-hard-for-otaku-chapter-77-5/ HTTP/1.1" 304 0 "https://wotaku-manga.com/manga/wotakoi-love-is-hard-for-otaku-chapter-77/" "Mozilla/5.0 (Linux; Android 10; K) AppleWebKit/537.36 (KHTML, like Gecko) Chrome/137.0.0.0 Mobile Safari/537.36"
95.70.146.221 - - [08/Jun/2025:05:54:30 -0400] "GET /wotakoi-volume-list/ HTTP/1.1" 304 0 "https://wotaku-manga.com/manga/wotakoi-love-is-hard-for-otaku-chapter-77-5/" "Mozilla/5.0 (Linux; Android 10; K) AppleWebKit/537.36 (KHTML, like Gecko) Chrome/137.0.0.0 Mobile Safari/537.36"
95.70.146.221 - - [08/Jun/2025:05:54:31 -0400] "GET /wotakoi-volume-list/ HTTP/1.1" 304 0 "https://wotaku-manga.com/manga/wotakoi-love-is-hard-for-otaku-chapter-77-5/" "Mozilla/5.0 (Linux; Android 10; K) AppleWebKit/537.36 (KHTML, like Gecko) Chrome/137.0.0.0 Mobile Safari/537.36"
162.0.232.193 - - [08/Jun/2025:05:54:31 -0400] "POST /wp-cron.php?doing_wp_cron=1749376471.3547279834747314453125 HTTP/1.1" 200 0 "-" "WordPress/6.8.1; https://wotaku-manga.com"
95.70.146.221 - - [08/Jun/2025:05:54:30 -0400] "POST /wp-admin/admin-ajax.php HTTP/1.1" 200 61 "https://wotaku-manga.com/manga/wotakoi-love-is-hard-for-otaku-chapter-77-5/" "Mozilla/5.0 (Linux; Android 10; K) AppleWebKit/537.36 (KHTML, like Gecko) Chrome/137.0.0.0 Mobile Safari/537.36"
2401:4900:c02:216c:0:4e:2c4d:bd01 - - [08/Jun/2025:05:54:43 -0400] "GET /manga/wotakoi-love-is-hard-for-otaku-chapter-77-5/ HTTP/1.1" 200 44949 "https://wotaku-manga.com/manga/wotakoi-love-is-hard-for-otaku-chapter-77/" "Mozilla/5.0 (Linux; Android 10; K) AppleWebKit/537.36 (KHTML, like Gecko) Chrome/137.0.0.0 Mobile Safari/537.36"
162.0.232.193 - - [08/Jun/2025:05:54:45 -0400] "POST /wp-cron.php?doing_wp_cron=1749376485.6208899021148681640625 HTTP/1.1" 200 0 "-" "WordPress/6.8.1; https://wotaku-manga.com"
2401:4900:c02:216c:0:4e:2c4d:bd01 - - [08/Jun/2025:05:54:45 -0400] "POST /wp-admin/admin-ajax.php HTTP/1.1" 200 61 "https://wotaku-manga.com/manga/wotakoi-love-is-hard-for-otaku-chapter-77-5/" "Mozilla/5.0 (Linux; Android 10; K) AppleWebKit/537.36 (KHTML, like Gecko) Chrome/137.0.0.0 Mobile Safari/537.36"
180.191.163.35 - - [08/Jun/2025:05:55:10 -0400] "GET /manga/wotakoi-love-is-hard-for-otaku-chapter-20/ HTTP/1.1" 200 41825 "https://wotaku-manga.com/manga/wotakoi-love-is-hard-for-otaku-chapter-19-5/" "Mozilla/5.0 (Macintosh; Intel Mac OS X 10_15_7) AppleWebKit/605.1.15 (KHTML, like Gecko) Brave/1 Version/18.5 Safari/605.1.15"
180.191.163.35 - - [08/Jun/2025:05:55:34 -0400] "GET /manga/wotakoi-love-is-hard-for-otaku-chapter-21/ HTTP/1.1" 200 42031 "https://wotaku-manga.com/manga/wotakoi-love-is-hard-for-otaku-chapter-20/" "Mozilla/5.0 (Macintosh; Intel Mac OS X 10_15_7) AppleWebKit/605.1.15 (KHTML, like Gecko) Brave/1 Version/18.5 Safari/605.1.15"
162.0.232.193 - - [08/Jun/2025:05:55:36 -0400] "POST /wp-cron.php?doing_wp_cron=1749376536.0309948921203613281250 HTTP/1.1" 200 0 "-" "WordPress/6.8.1; https://wotaku-manga.com"
180.191.163.35 - - [08/Jun/2025:05:55:35 -0400] "POST /wp-admin/admin-ajax.php HTTP/1.1" 200 61 "https://wotaku-manga.com/manga/wotakoi-love-is-hard-for-otaku-chapter-21/" "Mozilla/5.0 (Macintosh; Intel Mac OS X 10_15_7) AppleWebKit/605.1.15 (KHTML, like Gecko) Brave/1 Version/18.5 Safari/605.1.15"
95.70.146.221 - - [08/Jun/2025:05:55:48 -0400] "GET /category/wotakoi-love-is-hard-for-otaku-manga-chapters/ HTTP/1.1" 304 0 "https://wotaku-manga.com/manga/wotakoi-love-is-hard-for-otaku-chapter-77-5/" "Mozilla/5.0 (Linux; Android 10; K) AppleWebKit/537.36 (KHTML, like Gecko) Chrome/137.0.0.0 Mobile Safari/537.36"
95.70.146.221 - - [08/Jun/2025:05:55:48 -0400] "GET /category/wotakoi-love-is-hard-for-otaku-manga-chapters/ HTTP/1.1" 304 0 "https://wotaku-manga.com/manga/wotakoi-love-is-hard-for-otaku-chapter-77-5/" "Mozilla/5.0 (Linux; Android 10; K) AppleWebKit/537.36 (KHTML, like Gecko) Chrome/137.0.0.0 Mobile Safari/537.36"
95.70.146.221 - - [08/Jun/2025:05:55:49 -0400] "GET / HTTP/1.1" 304 0 "https://wotaku-manga.com/manga/wotakoi-love-is-hard-for-otaku-chapter-77-5/" "Mozilla/5.0 (Linux; Android 10; K) AppleWebKit/537.36 (KHTML, like Gecko) Chrome/137.0.0.0 Mobile Safari/537.36"
95.70.146.221 - - [08/Jun/2025:05:55:49 -0400] "GET / HTTP/1.1" 304 0 "https://wotaku-manga.com/manga/wotakoi-love-is-hard-for-otaku-chapter-77-5/" "Mozilla/5.0 (Linux; Android 10; K) AppleWebKit/537.36 (KHTML, like Gecko) Chrome/137.0.0.0 Mobile Safari/537.36"
95.70.146.221 - - [08/Jun/2025:05:55:49 -0400] "GET /manga/wotakoi-love-is-hard-for-otaku-chapter-78/ HTTP/1.1" 200 42145 "https://wotaku-manga.com/manga/wotakoi-love-is-hard-for-otaku-chapter-77-5/" "Mozilla/5.0 (Linux; Android 10; K) AppleWebKit/537.36 (KHTML, like Gecko) Chrome/137.0.0.0 Mobile Safari/537.36"
95.70.146.221 - - [08/Jun/2025:05:55:50 -0400] "GET /manga/wotakoi-love-is-hard-for-otaku-chapter-78/ HTTP/1.1" 304 0 "https://wotaku-manga.com/manga/wotakoi-love-is-hard-for-otaku-chapter-77-5/" "Mozilla/5.0 (Linux; Android 10; K) AppleWebKit/537.36 (KHTML, like Gecko) Chrome/137.0.0.0 Mobile Safari/537.36"
95.70.146.221 - - [08/Jun/2025:05:55:57 -0400] "GET /manga/wotakoi-love-is-hard-for-otaku-chapter-79/ HTTP/1.1" 200 42146 "https://wotaku-manga.com/manga/wotakoi-love-is-hard-for-otaku-chapter-78/" "Mozilla/5.0 (Linux; Android 10; K) AppleWebKit/537.36 (KHTML, like Gecko) Chrome/137.0.0.0 Mobile Safari/537.36"
95.70.146.221 - - [08/Jun/2025:05:55:57 -0400] "GET /manga/wotakoi-love-is-hard-for-otaku-chapter-79/ HTTP/1.1" 304 0 "https://wotaku-manga.com/manga/wotakoi-love-is-hard-for-otaku-chapter-78/" "Mozilla/5.0 (Linux; Android 10; K) AppleWebKit/537.36 (KHTML, like Gecko) Chrome/137.0.0.0 Mobile Safari/537.36"
162.0.232.193 - - [08/Jun/2025:05:55:59 -0400] "POST /wp-cron.php?doing_wp_cron=1749376559.4653990268707275390625 HTTP/1.1" 200 0 "-" "WordPress/6.8.1; https://wotaku-manga.com"
95.70.146.221 - - [08/Jun/2025:05:55:59 -0400] "GET /manga/wotaku-ni-koi-wa-muzukashii-chapter-79/ HTTP/1.1" 301 0 "https://wotaku-manga.com/manga/wotakoi-love-is-hard-for-otaku-chapter-79/" "Mozilla/5.0 (Linux; Android 10; K) AppleWebKit/537.36 (KHTML, like Gecko) Chrome/137.0.0.0 Mobile Safari/537.36"
95.70.146.221 - - [08/Jun/2025:05:55:59 -0400] "GET / HTTP/1.1" 304 0 "https://wotaku-manga.com/manga/wotakoi-love-is-hard-for-otaku-chapter-79/" "Mozilla/5.0 (Linux; Android 10; K) AppleWebKit/537.36 (KHTML, like Gecko) Chrome/137.0.0.0 Mobile Safari/537.36"
95.70.146.221 - - [08/Jun/2025:05:55:59 -0400] "GET /manga/wotaku-ni-koi-wa-muzukashii-chapter-79/ HTTP/1.1" 301 0 "https://wotaku-manga.com/manga/wotakoi-love-is-hard-for-otaku-chapter-79/" "Mozilla/5.0 (Linux; Android 10; K) AppleWebKit/537.36 (KHTML, like Gecko) Chrome/137.0.0.0 Mobile Safari/537.36"
95.70.146.221 - - [08/Jun/2025:05:56:00 -0400] "GET / HTTP/1.1" 304 0 "https://wotaku-manga.com/manga/wotakoi-love-is-hard-for-otaku-chapter-79/" "Mozilla/5.0 (Linux; Android 10; K) AppleWebKit/537.36 (KHTML, like Gecko) Chrome/137.0.0.0 Mobile Safari/537.36"
180.191.163.35 - - [08/Jun/2025:05:56:06 -0400] "GET /manga/wotakoi-love-is-hard-for-otaku-chapter-21-5/ HTTP/1.1" 200 43457 "https://wotaku-manga.com/manga/wotakoi-love-is-hard-for-otaku-chapter-21/" "Mozilla/5.0 (Macintosh; Intel Mac OS X 10_15_7) AppleWebKit/605.1.15 (KHTML, like Gecko) Brave/1 Version/18.5 Safari/605.1.15"
183.171.64.151 - - [08/Jun/2025:05:56:37 -0400] "GET /manga/wotaku-ni-koi-wa-muzukashii-chapter-50/ HTTP/1.1" 304 0 "https://wotaku-manga.com/manga/wotaku-ni-koi-wa-muzukashii-chapter-51/" "Mozilla/5.0 (X11; CrOS x86_64 14541.0.0) AppleWebKit/537.36 (KHTML, like Gecko) Chrome/126.0.0.0 Safari/537.36"
183.171.64.151 - - [08/Jun/2025:05:56:37 -0400] "GET /category/wotakoi-love-is-hard-for-otaku-manga-chapters/ HTTP/1.1" 200 45810 "https://wotaku-manga.com/manga/wotaku-ni-koi-wa-muzukashii-chapter-51/" "Mozilla/5.0 (X11; CrOS x86_64 14541.0.0) AppleWebKit/537.36 (KHTML, like Gecko) Chrome/126.0.0.0 Safari/537.36"
183.171.64.151 - - [08/Jun/2025:05:56:37 -0400] "GET /manga/wotaku-ni-koi-wa-muzukashii-chapter-52/ HTTP/1.1" 200 41898 "https://wotaku-manga.com/manga/wotaku-ni-koi-wa-muzukashii-chapter-51/" "Mozilla/5.0 (X11; CrOS x86_64 14541.0.0) AppleWebKit/537.36 (KHTML, like Gecko) Chrome/126.0.0.0 Safari/537.36"
183.171.64.151 - - [08/Jun/2025:05:56:38 -0400] "GET /manga/wotaku-ni-koi-wa-muzukashii-chapter-52/ HTTP/1.1" 304 0 "https://wotaku-manga.com/manga/wotaku-ni-koi-wa-muzukashii-chapter-51/" "Mozilla/5.0 (X11; CrOS x86_64 14541.0.0) AppleWebKit/537.36 (KHTML, like Gecko) Chrome/126.0.0.0 Safari/537.36"
95.70.146.221 - - [08/Jun/2025:05:56:40 -0400] "GET / HTTP/1.1" 304 0 "https://wotaku-manga.com/manga/wotakoi-love-is-hard-for-otaku-chapter-79/" "Mozilla/5.0 (Linux; Android 10; K) AppleWebKit/537.36 (KHTML, like Gecko) Chrome/137.0.0.0 Mobile Safari/537.36"
95.70.146.221 - - [08/Jun/2025:05:56:40 -0400] "GET / HTTP/1.1" 304 0 "https://wotaku-manga.com/manga/wotakoi-love-is-hard-for-otaku-chapter-79/" "Mozilla/5.0 (Linux; Android 10; K) AppleWebKit/537.36 (KHTML, like Gecko) Chrome/137.0.0.0 Mobile Safari/537.36"
95.70.146.221 - - [08/Jun/2025:05:56:41 -0400] "GET /manga/wotakoi-love-is-hard-for-otaku-chapter-80/ HTTP/1.1" 200 42120 "https://wotaku-manga.com/manga/wotakoi-love-is-hard-for-otaku-chapter-79/" "Mozilla/5.0 (Linux; Android 10; K) AppleWebKit/537.36 (KHTML, like Gecko) Chrome/137.0.0.0 Mobile Safari/537.36"
95.70.146.221 - - [08/Jun/2025:05:56:42 -0400] "GET /manga/wotakoi-love-is-hard-for-otaku-chapter-80/ HTTP/1.1" 304 0 "https://wotaku-manga.com/manga/wotakoi-love-is-hard-for-otaku-chapter-79/" "Mozilla/5.0 (Linux; Android 10; K) AppleWebKit/537.36 (KHTML, like Gecko) Chrome/137.0.0.0 Mobile Safari/537.36"
40.77.167.67 - - [08/Jun/2025:05:57:24 -0400] "GET /manga/wotakoi-love-is-hard-for-otaku-chapter-64/ HTTP/1.1" 200 41513 "-" "Mozilla/5.0 AppleWebKit/537.36 (KHTML, like Gecko; compatible; bingbot/2.0; +http://www.bing.com/bingbot.htm) Chrome/116.0.1938.76 Safari/537.36"
95.70.146.221 - - [08/Jun/2025:05:57:28 -0400] "GET /category/wotakoi-love-is-hard-for-otaku-manga-volumes/ HTTP/1.1" 304 0 "https://wotaku-manga.com/manga/wotakoi-love-is-hard-for-otaku-chapter-80/" "Mozilla/5.0 (Linux; Android 10; K) AppleWebKit/537.36 (KHTML, like Gecko) Chrome/137.0.0.0 Mobile Safari/537.36"
95.70.146.221 - - [08/Jun/2025:05:57:28 -0400] "GET /manga/wotakoi-love-is-hard-for-otaku-chapter-81/ HTTP/1.1" 200 42167 "https://wotaku-manga.com/manga/wotakoi-love-is-hard-for-otaku-chapter-80/" "Mozilla/5.0 (Linux; Android 10; K) AppleWebKit/537.36 (KHTML, like Gecko) Chrome/137.0.0.0 Mobile Safari/537.36"
95.70.146.221 - - [08/Jun/2025:05:57:28 -0400] "GET /category/wotakoi-love-is-hard-for-otaku-manga-volumes/ HTTP/1.1" 304 0 "https://wotaku-manga.com/manga/wotakoi-love-is-hard-for-otaku-chapter-80/" "Mozilla/5.0 (Linux; Android 10; K) AppleWebKit/537.36 (KHTML, like Gecko) Chrome/137.0.0.0 Mobile Safari/537.36"
95.70.146.221 - - [08/Jun/2025:05:57:28 -0400] "GET /manga/wotakoi-love-is-hard-for-otaku-chapter-81/ HTTP/1.1" 304 0 "https://wotaku-manga.com/manga/wotakoi-love-is-hard-for-otaku-chapter-80/" "Mozilla/5.0 (Linux; Android 10; K) AppleWebKit/537.36 (KHTML, like Gecko) Chrome/137.0.0.0 Mobile Safari/537.36"
95.70.146.221 - - [08/Jun/2025:05:57:29 -0400] "GET /wotakoi-volume-list/ HTTP/1.1" 304 0 "https://wotaku-manga.com/manga/wotakoi-love-is-hard-for-otaku-chapter-81/" "Mozilla/5.0 (Linux; Android 10; K) AppleWebKit/537.36 (KHTML, like Gecko) Chrome/137.0.0.0 Mobile Safari/537.36"
95.70.146.221 - - [08/Jun/2025:05:57:30 -0400] "GET /wotakoi-volume-list/ HTTP/1.1" 304 0 "https://wotaku-manga.com/manga/wotakoi-love-is-hard-for-otaku-chapter-81/" "Mozilla/5.0 (Linux; Android 10; K) AppleWebKit/537.36 (KHTML, like Gecko) Chrome/137.0.0.0 Mobile Safari/537.36"
66.249.73.14 - - [08/Jun/2025:05:57:36 -0400] "GET /manga/wotakoi-love-is-hard-for-otaku-chapter-69/ HTTP/1.1" 200 42603 "-" "Mozilla/5.0 (Linux; Android 6.0.1; Nexus 5X Build/MMB29P) AppleWebKit/537.36 (KHTML, like Gecko) Chrome/136.0.7103.113 Mobile Safari/537.36 (compatible; Googlebot/2.1; +http://www.google.com/bot.html)"
95.70.146.221 - - [08/Jun/2025:05:58:04 -0400] "GET /manga/wotakoi-love-is-hard-for-otaku-chapter-82/ HTTP/1.1" 200 42501 "https://wotaku-manga.com/manga/wotakoi-love-is-hard-for-otaku-chapter-81/" "Mozilla/5.0 (Linux; Android 10; K) AppleWebKit/537.36 (KHTML, like Gecko) Chrome/137.0.0.0 Mobile Safari/537.36"
95.70.146.221 - - [08/Jun/2025:05:58:05 -0400] "GET /manga/wotakoi-love-is-hard-for-otaku-chapter-82/ HTTP/1.1" 304 0 "https://wotaku-manga.com/manga/wotakoi-love-is-hard-for-otaku-chapter-81/" "Mozilla/5.0 (Linux; Android 10; K) AppleWebKit/537.36 (KHTML, like Gecko) Chrome/137.0.0.0 Mobile Safari/537.36"
95.70.146.221 - - [08/Jun/2025:05:58:06 -0400] "GET /wotakoi-story/ HTTP/1.1" 304 0 "https://wotaku-manga.com/manga/wotakoi-love-is-hard-for-otaku-chapter-82/" "Mozilla/5.0 (Linux; Android 10; K) AppleWebKit/537.36 (KHTML, like Gecko) Chrome/137.0.0.0 Mobile Safari/537.36"
95.70.146.221 - - [08/Jun/2025:05:58:07 -0400] "GET /wotakoi-story/ HTTP/1.1" 304 0 "https://wotaku-manga.com/manga/wotakoi-love-is-hard-for-otaku-chapter-82/" "Mozilla/5.0 (Linux; Android 10; K) AppleWebKit/537.36 (KHTML, like Gecko) Chrome/137.0.0.0 Mobile Safari/537.36"
2401:4900:c02:216c:0:4e:2c4d:bd01 - - [08/Jun/2025:05:58:22 -0400] "GET /manga/wotakoi-love-is-hard-for-otaku-chapter-78/ HTTP/1.1" 200 42145 "https://wotaku-manga.com/manga/wotakoi-love-is-hard-for-otaku-chapter-77-5/" "Mozilla/5.0 (Linux; Android 10; K) AppleWebKit/537.36 (KHTML, like Gecko) Chrome/137.0.0.0 Mobile Safari/537.36"
180.191.163.35 - - [08/Jun/2025:05:58:41 -0400] "GET /manga/wotakoi-love-is-hard-for-otaku-chapter-22/ HTTP/1.1" 200 41756 "https://wotaku-manga.com/manga/wotakoi-love-is-hard-for-otaku-chapter-21-5/" "Mozilla/5.0 (Macintosh; Intel Mac OS X 10_15_7) AppleWebKit/605.1.15 (KHTML, like Gecko) Brave/1 Version/18.5 Safari/605.1.15"
162.0.232.193 - - [08/Jun/2025:05:58:43 -0400] "POST /wp-cron.php?doing_wp_cron=1749376723.6180191040039062500000 HTTP/1.1" 200 0 "-" "WordPress/6.8.1; https://wotaku-manga.com"
180.191.163.35 - - [08/Jun/2025:05:58:43 -0400] "POST /wp-admin/admin-ajax.php HTTP/1.1" 200 61 "https://wotaku-manga.com/manga/wotakoi-love-is-hard-for-otaku-chapter-22/" "Mozilla/5.0 (Macintosh; Intel Mac OS X 10_15_7) AppleWebKit/605.1.15 (KHTML, like Gecko) Brave/1 Version/18.5 Safari/605.1.15"
95.70.146.221 - - [08/Jun/2025:05:58:45 -0400] "GET /category/wotakoi-love-is-hard-for-otaku-manga-chapters/ HTTP/1.1" 304 0 "https://wotaku-manga.com/manga/wotakoi-love-is-hard-for-otaku-chapter-82/" "Mozilla/5.0 (Linux; Android 10; K) AppleWebKit/537.36 (KHTML, like Gecko) Chrome/137.0.0.0 Mobile Safari/537.36"
95.70.146.221 - - [08/Jun/2025:05:58:45 -0400] "GET /category/wotakoi-love-is-hard-for-otaku-manga-chapters/ HTTP/1.1" 304 0 "https://wotaku-manga.com/manga/wotakoi-love-is-hard-for-otaku-chapter-82/" "Mozilla/5.0 (Linux; Android 10; K) AppleWebKit/537.36 (KHTML, like Gecko) Chrome/137.0.0.0 Mobile Safari/537.36"
95.70.146.221 - - [08/Jun/2025:05:58:45 -0400] "GET / HTTP/1.1" 304 0 "https://wotaku-manga.com/manga/wotakoi-love-is-hard-for-otaku-chapter-82/" "Mozilla/5.0 (Linux; Android 10; K) AppleWebKit/537.36 (KHTML, like Gecko) Chrome/137.0.0.0 Mobile Safari/537.36"
95.70.146.221 - - [08/Jun/2025:05:58:45 -0400] "GET / HTTP/1.1" 304 0 "https://wotaku-manga.com/manga/wotakoi-love-is-hard-for-otaku-chapter-82/" "Mozilla/5.0 (Linux; Android 10; K) AppleWebKit/537.36 (KHTML, like Gecko) Chrome/137.0.0.0 Mobile Safari/537.36"
95.70.146.221 - - [08/Jun/2025:05:58:45 -0400] "GET /manga/wotakoi-love-is-hard-for-otaku-chapter-81/ HTTP/1.1" 304 0 "https://wotaku-manga.com/manga/wotakoi-love-is-hard-for-otaku-chapter-82/" "Mozilla/5.0 (Linux; Android 10; K) AppleWebKit/537.36 (KHTML, like Gecko) Chrome/137.0.0.0 Mobile Safari/537.36"
95.70.146.221 - - [08/Jun/2025:05:58:46 -0400] "GET /manga/wotakoi-love-is-hard-for-otaku-chapter-81/ HTTP/1.1" 304 0 "https://wotaku-manga.com/manga/wotakoi-love-is-hard-for-otaku-chapter-82/" "Mozilla/5.0 (Linux; Android 10; K) AppleWebKit/537.36 (KHTML, like Gecko) Chrome/137.0.0.0 Mobile Safari/537.36"
95.70.146.221 - - [08/Jun/2025:05:58:46 -0400] "GET /manga/wotakoi-love-is-hard-for-otaku-chapter-83/ HTTP/1.1" 200 43985 "https://wotaku-manga.com/manga/wotakoi-love-is-hard-for-otaku-chapter-82/" "Mozilla/5.0 (Linux; Android 10; K) AppleWebKit/537.36 (KHTML, like Gecko) Chrome/137.0.0.0 Mobile Safari/537.36"
95.70.146.221 - - [08/Jun/2025:05:58:47 -0400] "GET /manga/wotakoi-love-is-hard-for-otaku-chapter-83/ HTTP/1.1" 304 0 "https://wotaku-manga.com/manga/wotakoi-love-is-hard-for-otaku-chapter-82/" "Mozilla/5.0 (Linux; Android 10; K) AppleWebKit/537.36 (KHTML, like Gecko) Chrome/137.0.0.0 Mobile Safari/537.36"
95.70.146.221 - - [08/Jun/2025:05:58:47 -0400] "GET /wotakoi-story/ HTTP/1.1" 304 0 "https://wotaku-manga.com/manga/wotakoi-love-is-hard-for-otaku-chapter-83/" "Mozilla/5.0 (Linux; Android 10; K) AppleWebKit/537.36 (KHTML, like Gecko) Chrome/137.0.0.0 Mobile Safari/537.36"
162.0.232.193 - - [08/Jun/2025:05:58:48 -0400] "POST /wp-cron.php?doing_wp_cron=1749376728.2779850959777832031250 HTTP/1.1" 200 0 "-" "WordPress/6.8.1; https://wotaku-manga.com"
95.70.146.221 - - [08/Jun/2025:05:58:48 -0400] "GET /manga/wotaku-ni-koi-wa-muzukashii-chapter-83/ HTTP/1.1" 301 0 "https://wotaku-manga.com/manga/wotakoi-love-is-hard-for-otaku-chapter-83/" "Mozilla/5.0 (Linux; Android 10; K) AppleWebKit/537.36 (KHTML, like Gecko) Chrome/137.0.0.0 Mobile Safari/537.36"
95.70.146.221 - - [08/Jun/2025:05:58:48 -0400] "GET /wotakoi-story/ HTTP/1.1" 304 0 "https://wotaku-manga.com/manga/wotakoi-love-is-hard-for-otaku-chapter-83/" "Mozilla/5.0 (Linux; Android 10; K) AppleWebKit/537.36 (KHTML, like Gecko) Chrome/137.0.0.0 Mobile Safari/537.36"
95.70.146.221 - - [08/Jun/2025:05:58:48 -0400] "GET / HTTP/1.1" 304 0 "https://wotaku-manga.com/manga/wotakoi-love-is-hard-for-otaku-chapter-83/" "Mozilla/5.0 (Linux; Android 10; K) AppleWebKit/537.36 (KHTML, like Gecko) Chrome/137.0.0.0 Mobile Safari/537.36"
95.70.146.221 - - [08/Jun/2025:05:58:48 -0400] "GET /manga/wotaku-ni-koi-wa-muzukashii-chapter-83/ HTTP/1.1" 301 0 "https://wotaku-manga.com/manga/wotakoi-love-is-hard-for-otaku-chapter-83/" "Mozilla/5.0 (Linux; Android 10; K) AppleWebKit/537.36 (KHTML, like Gecko) Chrome/137.0.0.0 Mobile Safari/537.36"
95.70.146.221 - - [08/Jun/2025:05:58:49 -0400] "GET / HTTP/1.1" 304 0 "https://wotaku-manga.com/manga/wotakoi-love-is-hard-for-otaku-chapter-83/" "Mozilla/5.0 (Linux; Android 10; K) AppleWebKit/537.36 (KHTML, like Gecko) Chrome/137.0.0.0 Mobile Safari/537.36"
180.191.163.35 - - [08/Jun/2025:05:59:37 -0400] "GET /manga/wotaku-ni-koi-wa-muzukashii-chapter-23/ HTTP/1.1" 200 42546 "https://wotaku-manga.com/manga/wotakoi-love-is-hard-for-otaku-chapter-22/" "Mozilla/5.0 (Macintosh; Intel Mac OS X 10_15_7) AppleWebKit/605.1.15 (KHTML, like Gecko) Brave/1 Version/18.5 Safari/605.1.15"
162.0.232.193 - - [08/Jun/2025:05:59:38 -0400] "POST /wp-cron.php?doing_wp_cron=1749376778.7157299518585205078125 HTTP/1.1" 200 0 "-" "WordPress/6.8.1; https://wotaku-manga.com"
180.191.163.35 - - [08/Jun/2025:05:59:38 -0400] "POST /wp-admin/admin-ajax.php HTTP/1.1" 200 61 "https://wotaku-manga.com/manga/wotaku-ni-koi-wa-muzukashii-chapter-23/" "Mozilla/5.0 (Macintosh; Intel Mac OS X 10_15_7) AppleWebKit/605.1.15 (KHTML, like Gecko) Brave/1 Version/18.5 Safari/605.1.15"
2804:14c:1aa:2aca:a31c:d686:f22a:a6d6 - - [08/Jun/2025:05:59:42 -0400] "GET /manga/wotaku-ni-koi-wa-muzukashii-chapter-61/ HTTP/1.1" 304 0 "https://wotaku-manga.com/manga/wotaku-ni-koi-wa-muzukashii-chapter-61-5/" "Mozilla/5.0 (Linux; Android 10; K) AppleWebKit/537.36 (KHTML, like Gecko) Chrome/137.0.0.0 Mobile Safari/537.36"
2804:14c:1aa:2aca:a31c:d686:f22a:a6d6 - - [08/Jun/2025:05:59:42 -0400] "GET /manga/wotaku-ni-koi-wa-muzukashii-chapter-61/ HTTP/1.1" 304 0 "https://wotaku-manga.com/manga/wotaku-ni-koi-wa-muzukashii-chapter-61-5/" "Mozilla/5.0 (Linux; Android 10; K) AppleWebKit/537.36 (KHTML, like Gecko) Chrome/137.0.0.0 Mobile Safari/537.36"
2804:14c:1aa:2aca:a31c:d686:f22a:a6d6 - - [08/Jun/2025:05:59:44 -0400] "GET /manga/wotaku-ni-koi-wa-muzukashii-chapter-62/ HTTP/1.1" 200 41997 "https://wotaku-manga.com/manga/wotaku-ni-koi-wa-muzukashii-chapter-61-5/" "Mozilla/5.0 (Linux; Android 10; K) AppleWebKit/537.36 (KHTML, like Gecko) Chrome/137.0.0.0 Mobile Safari/537.36"
2804:14c:1aa:2aca:a31c:d686:f22a:a6d6 - - [08/Jun/2025:05:59:44 -0400] "GET /manga/wotaku-ni-koi-wa-muzukashii-chapter-62/ HTTP/1.1" 304 0 "https://wotaku-manga.com/manga/wotaku-ni-koi-wa-muzukashii-chapter-61-5/" "Mozilla/5.0 (Linux; Android 10; K) AppleWebKit/537.36 (KHTML, like Gecko) Chrome/137.0.0.0 Mobile Safari/537.36"
180.191.163.35 - - [08/Jun/2025:06:00:06 -0400] "GET /manga/wotaku-ni-koi-wa-muzukashii-chapter-24/ HTTP/1.1" 200 41539 "https://wotaku-manga.com/manga/wotaku-ni-koi-wa-muzukashii-chapter-23/" "Mozilla/5.0 (Macintosh; Intel Mac OS X 10_15_7) AppleWebKit/605.1.15 (KHTML, like Gecko) Brave/1 Version/18.5 Safari/605.1.15"
162.0.232.193 - - [08/Jun/2025:06:00:09 -0400] "POST /wp-cron.php?doing_wp_cron=1749376809.0858960151672363281250 HTTP/1.1" 200 0 "-" "WordPress/6.8.1; https://wotaku-manga.com"
180.191.163.35 - - [08/Jun/2025:06:00:08 -0400] "POST /wp-admin/admin-ajax.php HTTP/1.1" 200 61 "https://wotaku-manga.com/manga/wotaku-ni-koi-wa-muzukashii-chapter-24/" "Mozilla/5.0 (Macintosh; Intel Mac OS X 10_15_7) AppleWebKit/605.1.15 (KHTML, like Gecko) Brave/1 Version/18.5 Safari/605.1.15"
2401:4900:c02:216c:0:4e:2c4d:bd01 - - [08/Jun/2025:06:00:11 -0400] "GET /manga/wotakoi-love-is-hard-for-otaku-chapter-79/ HTTP/1.1" 200 42146 "https://wotaku-manga.com/manga/wotakoi-love-is-hard-for-otaku-chapter-78/" "Mozilla/5.0 (Linux; Android 10; K) AppleWebKit/537.36 (KHTML, like Gecko) Chrome/137.0.0.0 Mobile Safari/537.36"
2401:4900:c02:216c:0:4e:2c4d:bd01 - - [08/Jun/2025:06:01:15 -0400] "GET /manga/wotakoi-love-is-hard-for-otaku-chapter-80/ HTTP/1.1" 200 42120 "https://wotaku-manga.com/manga/wotakoi-love-is-hard-for-otaku-chapter-79/" "Mozilla/5.0 (Linux; Android 10; K) AppleWebKit/537.36 (KHTML, like Gecko) Chrome/137.0.0.0 Mobile Safari/537.36"
162.0.232.193 - - [08/Jun/2025:06:01:49 -0400] "POST /wp-cron.php?doing_wp_cron=1749376909.6059360504150390625000 HTTP/1.1" 200 0 "-" "WordPress/6.8.1; https://wotaku-manga.com"
136.158.101.83 - - [08/Jun/2025:06:01:49 -0400] "POST /wp-admin/admin-ajax.php HTTP/1.1" 200 61 "https://wotaku-manga.com/manga/wotaku-ni-koi-wa-muzukashii-chapter-46/" "Mozilla/5.0 (Linux; Android 10; K) AppleWebKit/537.36 (KHTML, like Gecko) Chrome/136.0.0.0 Mobile Safari/537.36"
2405:201:3039:3848:e1d8:9841:23ae:d922 - - [08/Jun/2025:06:02:25 -0400] "GET /tag/wotakoi-manga/ HTTP/1.1" 301 0 "https://wotaku-manga.com/manga/wotaku-ni-koi-wa-muzukashii-chapter-38-5/" "Mozilla/5.0 (Linux; Android 12; V2236 Build/SP1A.210812.003; wv) AppleWebKit/537.36 (KHTML, like Gecko) Version/4.0 Chrome/136.0.7103.125 Mobile Safari/537.36"
2405:201:3039:3848:e1d8:9841:23ae:d922 - - [08/Jun/2025:06:02:26 -0400] "GET / HTTP/1.1" 304 0 "https://wotaku-manga.com/manga/wotaku-ni-koi-wa-muzukashii-chapter-38-5/" "Mozilla/5.0 (Linux; Android 12; V2236 Build/SP1A.210812.003; wv) AppleWebKit/537.36 (KHTML, like Gecko) Version/4.0 Chrome/136.0.7103.125 Mobile Safari/537.36"
2405:201:3039:3848:e1d8:9841:23ae:d922 - - [08/Jun/2025:06:02:26 -0400] "GET /tag/volumes/ HTTP/1.1" 301 0 "https://wotaku-manga.com/manga/wotaku-ni-koi-wa-muzukashii-chapter-38-5/" "Mozilla/5.0 (Linux; Android 12; V2236 Build/SP1A.210812.003) AppleWebKit/537.36 (KHTML, like Gecko) Chrome/136.0.7103.125 Mobile Safari/537.36"
2405:201:3039:3848:e1d8:9841:23ae:d922 - - [08/Jun/2025:06:02:27 -0400] "GET / HTTP/1.1" 304 0 "https://wotaku-manga.com/manga/wotaku-ni-koi-wa-muzukashii-chapter-38-5/" "Mozilla/5.0 (Linux; Android 12; V2236 Build/SP1A.210812.003) AppleWebKit/537.36 (KHTML, like Gecko) Chrome/136.0.7103.125 Mobile Safari/537.36"
2405:201:3039:3848:e1d8:9841:23ae:d922 - - [08/Jun/2025:06:02:27 -0400] "GET / HTTP/1.1" 304 0 "https://wotaku-manga.com/manga/wotaku-ni-koi-wa-muzukashii-chapter-38-5/" "Mozilla/5.0 (Linux; Android 12; V2236 Build/SP1A.210812.003; wv) AppleWebKit/537.36 (KHTML, like Gecko) Version/4.0 Chrome/136.0.7103.125 Mobile Safari/537.36"
2405:201:3039:3848:e1d8:9841:23ae:d922 - - [08/Jun/2025:06:02:27 -0400] "GET / HTTP/1.1" 304 0 "https://wotaku-manga.com/manga/wotaku-ni-koi-wa-muzukashii-chapter-38-5/" "Mozilla/5.0 (Linux; Android 12; V2236 Build/SP1A.210812.003) AppleWebKit/537.36 (KHTML, like Gecko) Chrome/136.0.7103.125 Mobile Safari/537.36"
2405:201:3039:3848:e1d8:9841:23ae:d922 - - [08/Jun/2025:06:02:27 -0400] "GET /manga/wotaku-ni-koi-wa-muzukashii-chapter-39/ HTTP/1.1" 200 42047 "https://wotaku-manga.com/manga/wotaku-ni-koi-wa-muzukashii-chapter-38-5/" "Mozilla/5.0 (Linux; Android 12; V2236 Build/SP1A.210812.003; wv) AppleWebKit/537.36 (KHTML, like Gecko) Version/4.0 Chrome/136.0.7103.125 Mobile Safari/537.36"
2405:201:3039:3848:e1d8:9841:23ae:d922 - - [08/Jun/2025:06:02:28 -0400] "GET /manga/wotaku-ni-koi-wa-muzukashii-chapter-39/ HTTP/1.1" 304 0 "https://wotaku-manga.com/manga/wotaku-ni-koi-wa-muzukashii-chapter-38-5/" "Mozilla/5.0 (Linux; Android 12; V2236 Build/SP1A.210812.003) AppleWebKit/537.36 (KHTML, like Gecko) Chrome/136.0.7103.125 Mobile Safari/537.36"
180.191.163.35 - - [08/Jun/2025:06:02:28 -0400] "GET /manga/wotaku-ni-koi-wa-muzukashii-chapter-25/ HTTP/1.1" 200 42093 "https://wotaku-manga.com/manga/wotaku-ni-koi-wa-muzukashii-chapter-24/" "Mozilla/5.0 (Macintosh; Intel Mac OS X 10_15_7) AppleWebKit/605.1.15 (KHTML, like Gecko) Brave/1 Version/18.5 Safari/605.1.15"
2405:201:3039:3848:e1d8:9841:23ae:d922 - - [08/Jun/2025:06:02:30 -0400] "GET /manga/wotakoi-love-is-hard-for-otaku-chapter-0/ HTTP/1.1" 304 0 "https://wotaku-manga.com/manga/wotaku-ni-koi-wa-muzukashii-chapter-39/" "Mozilla/5.0 (Linux; Android 12; V2236 Build/SP1A.210812.003; wv) AppleWebKit/537.36 (KHTML, like Gecko) Version/4.0 Chrome/136.0.7103.125 Mobile Safari/537.36"
162.0.232.193 - - [08/Jun/2025:06:02:30 -0400] "POST /wp-cron.php?doing_wp_cron=1749376950.2983241081237792968750 HTTP/1.1" 200 0 "-" "WordPress/6.8.1; https://wotaku-manga.com"
180.191.163.35 - - [08/Jun/2025:06:02:30 -0400] "POST /wp-admin/admin-ajax.php HTTP/1.1" 200 61 "https://wotaku-manga.com/manga/wotaku-ni-koi-wa-muzukashii-chapter-25/" "Mozilla/5.0 (Macintosh; Intel Mac OS X 10_15_7) AppleWebKit/605.1.15 (KHTML, like Gecko) Brave/1 Version/18.5 Safari/605.1.15"
2405:201:3039:3848:e1d8:9841:23ae:d922 - - [08/Jun/2025:06:02:32 -0400] "GET /manga/wotakoi-love-is-hard-for-otaku-chapter-0/ HTTP/1.1" 304 0 "https://wotaku-manga.com/manga/wotaku-ni-koi-wa-muzukashii-chapter-39/" "Mozilla/5.0 (Linux; Android 12; V2236 Build/SP1A.210812.003) AppleWebKit/537.36 (KHTML, like Gecko) Chrome/136.0.7103.125 Mobile Safari/537.36"
180.191.163.35 - - [08/Jun/2025:06:02:48 -0400] "GET /manga/wotaku-ni-koi-wa-muzukashii-chapter-26/ HTTP/1.1" 200 41356 "https://wotaku-manga.com/manga/wotaku-ni-koi-wa-muzukashii-chapter-25/" "Mozilla/5.0 (Macintosh; Intel Mac OS X 10_15_7) AppleWebKit/605.1.15 (KHTML, like Gecko) Brave/1 Version/18.5 Safari/605.1.15"
2405:201:3039:3848:e1d8:9841:23ae:d922 - - [08/Jun/2025:06:02:48 -0400] "GET /manga/wotaku-ni-koi-wa-muzukashii-chapter-40/ HTTP/1.1" 200 42621 "https://wotaku-manga.com/manga/wotaku-ni-koi-wa-muzukashii-chapter-39/" "Mozilla/5.0 (Linux; Android 12; V2236 Build/SP1A.210812.003; wv) AppleWebKit/537.36 (KHTML, like Gecko) Version/4.0 Chrome/136.0.7103.125 Mobile Safari/537.36"
2405:201:3039:3848:e1d8:9841:23ae:d922 - - [08/Jun/2025:06:02:49 -0400] "GET /manga/wotaku-ni-koi-wa-muzukashii-chapter-40/ HTTP/1.1" 304 0 "https://wotaku-manga.com/manga/wotaku-ni-koi-wa-muzukashii-chapter-39/" "Mozilla/5.0 (Linux; Android 12; V2236 Build/SP1A.210812.003) AppleWebKit/537.36 (KHTML, like Gecko) Chrome/136.0.7103.125 Mobile Safari/537.36"
2405:201:3039:3848:e1d8:9841:23ae:d922 - - [08/Jun/2025:06:02:51 -0400] "GET /manga/wotakoi-love-is-hard-for-otaku-chapter-0/ HTTP/1.1" 304 0 "https://wotaku-manga.com/manga/wotaku-ni-koi-wa-muzukashii-chapter-40/" "Mozilla/5.0 (Linux; Android 12; V2236 Build/SP1A.210812.003; wv) AppleWebKit/537.36 (KHTML, like Gecko) Version/4.0 Chrome/136.0.7103.125 Mobile Safari/537.36"
2405:201:3039:3848:e1d8:9841:23ae:d922 - - [08/Jun/2025:06:02:54 -0400] "GET /manga/wotakoi-love-is-hard-for-otaku-chapter-0/ HTTP/1.1" 304 0 "https://wotaku-manga.com/manga/wotaku-ni-koi-wa-muzukashii-chapter-40/" "Mozilla/5.0 (Linux; Android 12; V2236 Build/SP1A.210812.003) AppleWebKit/537.36 (KHTML, like Gecko) Chrome/136.0.7103.125 Mobile Safari/537.36"
2401:4900:c02:216c:0:4e:2c4d:bd01 - - [08/Jun/2025:06:04:04 -0400] "GET /manga/wotakoi-love-is-hard-for-otaku-chapter-81/ HTTP/1.1" 200 42196 "https://wotaku-manga.com/manga/wotakoi-love-is-hard-for-otaku-chapter-80/" "Mozilla/5.0 (Linux; Android 10; K) AppleWebKit/537.36 (KHTML, like Gecko) Chrome/137.0.0.0 Mobile Safari/537.36"
162.0.232.193 - - [08/Jun/2025:06:04:42 -0400] "POST /wp-cron.php?doing_wp_cron=1749377082.4309759140014648437500 HTTP/1.1" 200 0 "-" "WordPress/6.8.1; https://wotaku-manga.com"
52.167.144.146 - - [08/Jun/2025:06:04:42 -0400] "GET /manga/wotaku-ni-koi-wa-muzukashii-chapter-75-5-2/ HTTP/1.1" 301 0 "-" "Mozilla/5.0 AppleWebKit/537.36 (KHTML, like Gecko; compatible; bingbot/2.0; +http://www.bing.com/bingbot.htm) Chrome/116.0.1938.76 Safari/537.36"
2401:4900:c02:216c:0:4e:2c4d:bd01 - - [08/Jun/2025:06:04:58 -0400] "GET /manga/wotakoi-love-is-hard-for-otaku-chapter-82/ HTTP/1.1" 200 42501 "https://wotaku-manga.com/manga/wotakoi-love-is-hard-for-otaku-chapter-81/" "Mozilla/5.0 (Linux; Android 10; K) AppleWebKit/537.36 (KHTML, like Gecko) Chrome/137.0.0.0 Mobile Safari/537.36"
3.90.85.174 - - [08/Jun/2025:06:05:20 -0400] "GET / HTTP/1.1" 200 37331 "-" "Mozilla/5.0 (X11; Linux x86_64) AppleWebKit/537.36 (KHTML, like Gecko) Chrome/100.0.4896.147 Safari/537.36"
2804:14c:1aa:2aca:a31c:d686:f22a:a6d6 - - [08/Jun/2025:06:05:40 -0400] "GET / HTTP/1.1" 304 0 "https://wotaku-manga.com/manga/wotaku-ni-koi-wa-muzukashii-chapter-62/" "Mozilla/5.0 (Linux; Android 10; K) AppleWebKit/537.36 (KHTML, like Gecko) Chrome/137.0.0.0 Mobile Safari/537.36"
2804:14c:1aa:2aca:a31c:d686:f22a:a6d6 - - [08/Jun/2025:06:05:40 -0400] "GET /tag/chapters/ HTTP/1.1" 301 0 "https://wotaku-manga.com/manga/wotaku-ni-koi-wa-muzukashii-chapter-62/" "Mozilla/5.0 (Linux; Android 10; K) AppleWebKit/537.36 (KHTML, like Gecko) Chrome/137.0.0.0 Mobile Safari/537.36"
2804:14c:1aa:2aca:a31c:d686:f22a:a6d6 - - [08/Jun/2025:06:05:41 -0400] "GET / HTTP/1.1" 304 0 "https://wotaku-manga.com/manga/wotaku-ni-koi-wa-muzukashii-chapter-62/" "Mozilla/5.0 (Linux; Android 10; K) AppleWebKit/537.36 (KHTML, like Gecko) Chrome/137.0.0.0 Mobile Safari/537.36"
2804:14c:1aa:2aca:a31c:d686:f22a:a6d6 - - [08/Jun/2025:06:05:41 -0400] "GET / HTTP/1.1" 304 0 "https://wotaku-manga.com/manga/wotaku-ni-koi-wa-muzukashii-chapter-62/" "Mozilla/5.0 (Linux; Android 10; K) AppleWebKit/537.36 (KHTML, like Gecko) Chrome/137.0.0.0 Mobile Safari/537.36"
2804:14c:1aa:2aca:a31c:d686:f22a:a6d6 - - [08/Jun/2025:06:05:41 -0400] "GET /manga/wotaku-ni-koi-wa-muzukashii-chapter-61-5/ HTTP/1.1" 304 0 "https://wotaku-manga.com/manga/wotaku-ni-koi-wa-muzukashii-chapter-62/" "Mozilla/5.0 (Linux; Android 10; K) AppleWebKit/537.36 (KHTML, like Gecko) Chrome/137.0.0.0 Mobile Safari/537.36"
2804:14c:1aa:2aca:a31c:d686:f22a:a6d6 - - [08/Jun/2025:06:05:41 -0400] "GET / HTTP/1.1" 304 0 "https://wotaku-manga.com/manga/wotaku-ni-koi-wa-muzukashii-chapter-62/" "Mozilla/5.0 (Linux; Android 10; K) AppleWebKit/537.36 (KHTML, like Gecko) Chrome/137.0.0.0 Mobile Safari/537.36"
2804:14c:1aa:2aca:a31c:d686:f22a:a6d6 - - [08/Jun/2025:06:05:41 -0400] "GET /manga/wotaku-ni-koi-wa-muzukashii-chapter-61-5/ HTTP/1.1" 304 0 "https://wotaku-manga.com/manga/wotaku-ni-koi-wa-muzukashii-chapter-62/" "Mozilla/5.0 (Linux; Android 10; K) AppleWebKit/537.36 (KHTML, like Gecko) Chrome/137.0.0.0 Mobile Safari/537.36"
2804:14c:1aa:2aca:a31c:d686:f22a:a6d6 - - [08/Jun/2025:06:05:42 -0400] "GET /manga/wotakoi-love-is-hard-for-otaku-chapter-63/ HTTP/1.1" 200 43211 "https://wotaku-manga.com/manga/wotaku-ni-koi-wa-muzukashii-chapter-62/" "Mozilla/5.0 (Linux; Android 10; K) AppleWebKit/537.36 (KHTML, like Gecko) Chrome/137.0.0.0 Mobile Safari/537.36"
2804:14c:1aa:2aca:a31c:d686:f22a:a6d6 - - [08/Jun/2025:06:05:43 -0400] "GET /manga/wotakoi-love-is-hard-for-otaku-chapter-63/ HTTP/1.1" 304 0 "https://wotaku-manga.com/manga/wotaku-ni-koi-wa-muzukashii-chapter-62/" "Mozilla/5.0 (Linux; Android 10; K) AppleWebKit/537.36 (KHTML, like Gecko) Chrome/137.0.0.0 Mobile Safari/537.36"
2804:14c:1aa:2aca:a31c:d686:f22a:a6d6 - - [08/Jun/2025:06:06:38 -0400] "GET /manga/wotakoi-love-is-hard-for-otaku-chapter-87/ HTTP/1.1" 304 0 "https://wotaku-manga.com/manga/wotakoi-love-is-hard-for-otaku-chapter-63/" "Mozilla/5.0 (Linux; Android 10; K) AppleWebKit/537.36 (KHTML, like Gecko) Chrome/137.0.0.0 Mobile Safari/537.36"
2804:14c:1aa:2aca:a31c:d686:f22a:a6d6 - - [08/Jun/2025:06:06:38 -0400] "GET /manga/wotakoi-love-is-hard-for-otaku-chapter-87/ HTTP/1.1" 304 0 "https://wotaku-manga.com/manga/wotakoi-love-is-hard-for-otaku-chapter-63/" "Mozilla/5.0 (Linux; Android 10; K) AppleWebKit/537.36 (KHTML, like Gecko) Chrome/137.0.0.0 Mobile Safari/537.36"
162.0.232.193 - - [08/Jun/2025:06:06:38 -0400] "POST /wp-cron.php?doing_wp_cron=1749377198.4782719612121582031250 HTTP/1.1" 200 0 "-" "WordPress/6.8.1; https://wotaku-manga.com"
2804:14c:1aa:2aca:a31c:d686:f22a:a6d6 - - [08/Jun/2025:06:06:38 -0400] "GET /manga/wotaku-ni-koi-wa-muzukashii-chapter-63/ HTTP/1.1" 301 0 "https://wotaku-manga.com/manga/wotakoi-love-is-hard-for-otaku-chapter-63/" "Mozilla/5.0 (Linux; Android 10; K) AppleWebKit/537.36 (KHTML, like Gecko) Chrome/137.0.0.0 Mobile Safari/537.36"
2804:14c:1aa:2aca:a31c:d686:f22a:a6d6 - - [08/Jun/2025:06:06:38 -0400] "GET / HTTP/1.1" 304 0 "https://wotaku-manga.com/manga/wotakoi-love-is-hard-for-otaku-chapter-63/" "Mozilla/5.0 (Linux; Android 10; K) AppleWebKit/537.36 (KHTML, like Gecko) Chrome/137.0.0.0 Mobile Safari/537.36"
2804:14c:1aa:2aca:a31c:d686:f22a:a6d6 - - [08/Jun/2025:06:06:38 -0400] "GET /manga/wotaku-ni-koi-wa-muzukashii-chapter-63/ HTTP/1.1" 301 0 "https://wotaku-manga.com/manga/wotakoi-love-is-hard-for-otaku-chapter-63/" "Mozilla/5.0 (Linux; Android 10; K) AppleWebKit/537.36 (KHTML, like Gecko) Chrome/137.0.0.0 Mobile Safari/537.36"
2804:14c:1aa:2aca:a31c:d686:f22a:a6d6 - - [08/Jun/2025:06:06:38 -0400] "POST /wp-admin/admin-ajax.php HTTP/1.1" 200 61 "https://wotaku-manga.com/manga/wotakoi-love-is-hard-for-otaku-chapter-63/" "Mozilla/5.0 (Linux; Android 10; K) AppleWebKit/537.36 (KHTML, like Gecko) Chrome/137.0.0.0 Mobile Safari/537.36"
2804:14c:1aa:2aca:a31c:d686:f22a:a6d6 - - [08/Jun/2025:06:06:39 -0400] "GET / HTTP/1.1" 304 0 "https://wotaku-manga.com/manga/wotakoi-love-is-hard-for-otaku-chapter-63/" "Mozilla/5.0 (Linux; Android 10; K) AppleWebKit/537.36 (KHTML, like Gecko) Chrome/137.0.0.0 Mobile Safari/537.36"
180.191.163.35 - - [08/Jun/2025:06:06:55 -0400] "GET /manga/wotaku-ni-koi-wa-muzukashii-chapter-26-5/ HTTP/1.1" 200 41540 "https://wotaku-manga.com/manga/wotaku-ni-koi-wa-muzukashii-chapter-26/" "Mozilla/5.0 (Macintosh; Intel Mac OS X 10_15_7) AppleWebKit/605.1.15 (KHTML, like Gecko) Brave/1 Version/18.5 Safari/605.1.15"
162.0.232.193 - - [08/Jun/2025:06:06:57 -0400] "POST /wp-cron.php?doing_wp_cron=1749377217.0997059345245361328125 HTTP/1.1" 200 0 "-" "WordPress/6.8.1; https://wotaku-manga.com"
