2401:4900:12ea:58a:9972:f726:efe:a6c8 - - [08/Jun/2025:06:59:32 -0400] "GET /wotakoi-volume-list/ HTTP/1.1" 304 0 "https://wotaku-manga.com/manga/wotaku-ni-koi-wa-muzukashii-chapter-37/" "Mozilla/5.0 (Linux; Android 10; K) AppleWebKit/537.36 (KHTML, like Gecko) Chrome/136.0.0.0 Mobile Safari/537.36"
2400:6a80:8184:2fe0:dd03:6fb5:76c1:b82e - - [08/Jun/2025:06:59:32 -0400] "GET /manga/wotakoi-love-is-hard-for-otaku-chapter-22/ HTTP/1.1" 200 42495 "-" "Mozilla/5.0 (Linux; Android 10; K) AppleWebKit/537.36 (KHTML, like Gecko) Chrome/137.0.0.0 Mobile Safari/537.36"
2400:6a80:8184:2fe0:dd03:6fb5:76c1:b82e - - [08/Jun/2025:06:59:33 -0400] "GET /manga/wotakoi-love-is-hard-for-otaku-chapter-22/ HTTP/1.1" 304 0 "https://wotaku-manga.com/" "Mozilla/5.0 (Linux; Android 10; K) AppleWebKit/537.36 (KHTML, like Gecko) Chrome/137.0.0.0 Mobile Safari/537.36"
2400:6a80:8184:2fe0:dd03:6fb5:76c1:b82e - - [08/Jun/2025:06:59:34 -0400] "GET /wotakoi-volume-list/ HTTP/1.1" 304 0 "-" "Mozilla/5.0 (Linux; Android 10; K) AppleWebKit/537.36 (KHTML, like Gecko) Chrome/137.0.0.0 Mobile Safari/537.36"
2400:6a80:8184:2fe0:dd03:6fb5:76c1:b82e - - [08/Jun/2025:06:59:34 -0400] "POST /wp-admin/admin-ajax.php HTTP/1.1" 200 61 "https://wotaku-manga.com/manga/wotakoi-love-is-hard-for-otaku-chapter-22/" "Mozilla/5.0 (Linux; Android 10; K) AppleWebKit/537.36 (KHTML, like Gecko) Chrome/137.0.0.0 Mobile Safari/537.36"
2401:4900:12ea:58a:9972:f726:efe:a6c8 - - [08/Jun/2025:06:59:36 -0400] "GET /manga/wotaku-ni-koi-wa-muzukashii-chapter-33/ HTTP/1.1" 200 42848 "https://wotaku-manga.com/" "Mozilla/5.0 (Linux; Android 10; K) AppleWebKit/537.36 (KHTML, like Gecko) Chrome/136.0.0.0 Mobile Safari/537.36"
2401:4900:12ea:58a:9972:f726:efe:a6c8 - - [08/Jun/2025:06:59:36 -0400] "GET /manga/wotaku-ni-koi-wa-muzukashii-chapter-33/ HTTP/1.1" 304 0 "https://wotaku-manga.com/" "Mozilla/5.0 (Linux; Android 10; K) AppleWebKit/537.36 (KHTML, like Gecko) Chrome/136.0.0.0 Mobile Safari/537.36"
2401:4900:12ea:58a:9972:f726:efe:a6c8 - - [08/Jun/2025:06:59:37 -0400] "GET /wotakoi-volume-list/ HTTP/1.1" 304 0 "https://wotaku-manga.com/manga/wotaku-ni-koi-wa-muzukashii-chapter-33/" "Mozilla/5.0 (Linux; Android 10; K) AppleWebKit/537.36 (KHTML, like Gecko) Chrome/136.0.0.0 Mobile Safari/537.36"
2401:4900:12ea:58a:9972:f726:efe:a6c8 - - [08/Jun/2025:06:59:40 -0400] "GET /wotakoi-volume-list/ HTTP/1.1" 304 0 "https://wotaku-manga.com/manga/wotaku-ni-koi-wa-muzukashii-chapter-33/" "Mozilla/5.0 (Linux; Android 10; K) AppleWebKit/537.36 (KHTML, like Gecko) Chrome/136.0.0.0 Mobile Safari/537.36"
2400:6a80:8184:2fe0:dd03:6fb5:76c1:b82e - - [08/Jun/2025:06:59:41 -0400] "GET /manga/wotakoi-love-is-hard-for-otaku-chapter-21-5/ HTTP/1.1" 200 44081 "-" "Mozilla/5.0 (Linux; Android 10; K) AppleWebKit/537.36 (KHTML, like Gecko) Chrome/137.0.0.0 Mobile Safari/537.36"
2400:6a80:8184:2fe0:dd03:6fb5:76c1:b82e - - [08/Jun/2025:06:59:41 -0400] "GET /manga/wotakoi-love-is-hard-for-otaku-chapter-21-5/ HTTP/1.1" 304 0 "https://wotaku-manga.com/" "Mozilla/5.0 (Linux; Android 10; K) AppleWebKit/537.36 (KHTML, like Gecko) Chrome/137.0.0.0 Mobile Safari/537.36"
2400:6a80:8184:2fe0:dd03:6fb5:76c1:b82e - - [08/Jun/2025:06:59:43 -0400] "GET /wotakoi-volume-list/ HTTP/1.1" 304 0 "-" "Mozilla/5.0 (Linux; Android 10; K) AppleWebKit/537.36 (KHTML, like Gecko) Chrome/137.0.0.0 Mobile Safari/537.36"
2401:4900:12ea:58a:9972:f726:efe:a6c8 - - [08/Jun/2025:06:59:45 -0400] "GET /manga/wotaku-ni-koi-wa-muzukashii-chapter-28/ HTTP/1.1" 304 0 "https://wotaku-manga.com/" "Mozilla/5.0 (Linux; Android 10; K) AppleWebKit/537.36 (KHTML, like Gecko) Chrome/136.0.0.0 Mobile Safari/537.36"
2401:4900:12ea:58a:9972:f726:efe:a6c8 - - [08/Jun/2025:06:59:46 -0400] "GET /manga/wotakoi-love-is-hard-for-otaku-chapter-87/ HTTP/1.1" 304 0 "https://wotaku-manga.com/manga/wotaku-ni-koi-wa-muzukashii-chapter-28/" "Mozilla/5.0 (Linux; Android 10; K) AppleWebKit/537.36 (KHTML, like Gecko) Chrome/136.0.0.0 Mobile Safari/537.36"
2401:4900:12ea:58a:9972:f726:efe:a6c8 - - [08/Jun/2025:06:59:46 -0400] "GET /manga/wotakoi-love-is-hard-for-otaku-chapter-87/ HTTP/1.1" 304 0 "https://wotaku-manga.com/manga/wotaku-ni-koi-wa-muzukashii-chapter-28/" "Mozilla/5.0 (Linux; Android 10; K) AppleWebKit/537.36 (KHTML, like Gecko) Chrome/136.0.0.0 Mobile Safari/537.36"
162.0.232.193 - - [08/Jun/2025:06:59:47 -0400] "POST /wp-cron.php?doing_wp_cron=1749380387.3604149818420410156250 HTTP/1.1" 200 0 "-" "WordPress/6.8.1; https://wotaku-manga.com"
51.210.194.145 - - [08/Jun/2025:06:59:47 -0400] "POST /xmlrpc.php HTTP/1.1" 200 205 "-" "Mozilla/5.0 (Windows NT 10.0; Win64; x64) AppleWebKit/537.36 (KHTML, like Gecko) Chrome/126.0.0.0 Safari/537.36"
2400:6a80:8184:2fe0:dd03:6fb5:76c1:b82e - - [08/Jun/2025:06:59:56 -0400] "GET /manga/wotakoi-love-is-hard-for-otaku-chapter-22/ HTTP/1.1" 304 0 "https://wotaku-manga.com/" "Mozilla/5.0 (Linux; Android 10; K) AppleWebKit/537.36 (KHTML, like Gecko) Chrome/137.0.0.0 Mobile Safari/537.36"
2400:6a80:8184:2fe0:dd03:6fb5:76c1:b82e - - [08/Jun/2025:06:59:57 -0400] "GET /wotakoi-volume-list/ HTTP/1.1" 304 0 "-" "Mozilla/5.0 (Linux; Android 10; K) AppleWebKit/537.36 (KHTML, like Gecko) Chrome/137.0.0.0 Mobile Safari/537.36"
2401:4900:12ea:58a:9972:f726:efe:a6c8 - - [08/Jun/2025:06:59:58 -0400] "GET /category/wotakoi-love-is-hard-for-otaku-manga-ending/ HTTP/1.1" 200 46206 "https://wotaku-manga.com/manga/wotaku-ni-koi-wa-muzukashii-chapter-28/" "Mozilla/5.0 (Linux; Android 10; K) AppleWebKit/537.36 (KHTML, like Gecko) Chrome/136.0.0.0 Mobile Safari/537.36"
162.0.232.193 - - [08/Jun/2025:06:59:58 -0400] "POST /wp-cron.php?doing_wp_cron=1749380398.0626220703125000000000 HTTP/1.1" 200 0 "-" "WordPress/6.8.1; https://wotaku-manga.com"
2401:4900:12ea:58a:9972:f726:efe:a6c8 - - [08/Jun/2025:06:59:58 -0400] "GET /category/wotakoi-love-is-hard-for-otaku-manga-ending/ HTTP/1.1" 304 0 "https://wotaku-manga.com/manga/wotaku-ni-koi-wa-muzukashii-chapter-28/" "Mozilla/5.0 (Linux; Android 10; K) AppleWebKit/537.36 (KHTML, like Gecko) Chrome/136.0.0.0 Mobile Safari/537.36"
2400:6a80:8184:2fe0:dd03:6fb5:76c1:b82e - - [08/Jun/2025:06:59:57 -0400] "POST /wp-admin/admin-ajax.php HTTP/1.1" 200 61 "https://wotaku-manga.com/manga/wotakoi-love-is-hard-for-otaku-chapter-22/" "Mozilla/5.0 (Linux; Android 10; K) AppleWebKit/537.36 (KHTML, like Gecko) Chrome/137.0.0.0 Mobile Safari/537.36"
37.97.201.80 - - [08/Jun/2025:06:59:59 -0400] "POST /xmlrpc.php HTTP/1.1" 200 205 "-" "Mozilla/5.0 (Windows NT 10.0; Win64; x64) AppleWebKit/537.36 (KHTML, like Gecko) Chrome/126.0.0.0 Safari/537.36"
2001:4860:7:80c::f4 - - [08/Jun/2025:07:00:03 -0400] "GET / HTTP/1.1" 200 37331 "https://www.google.com/" "Mozilla/5.0 (Windows NT 10.0; Win64; x64) AppleWebKit/537.36 (KHTML, like Gecko) Chrome/131.0.0.0 Safari/537.36"
2401:4900:12ea:58a:9972:f726:efe:a6c8 - - [08/Jun/2025:07:00:12 -0400] "GET /category/wotakoi-love-is-hard-for-otaku-manga-set/ HTTP/1.1" 304 0 "https://wotaku-manga.com/manga/wotaku-ni-koi-wa-muzukashii-chapter-28/" "Mozilla/5.0 (Linux; Android 10; K) AppleWebKit/537.36 (KHTML, like Gecko) Chrome/136.0.0.0 Mobile Safari/537.36"
2401:4900:12ea:58a:9972:f726:efe:a6c8 - - [08/Jun/2025:07:00:12 -0400] "GET /category/wotakoi-love-is-hard-for-otaku-manga-set/ HTTP/1.1" 304 0 "https://wotaku-manga.com/manga/wotaku-ni-koi-wa-muzukashii-chapter-28/" "Mozilla/5.0 (Linux; Android 10; K) AppleWebKit/537.36 (KHTML, like Gecko) Chrome/136.0.0.0 Mobile Safari/537.36"
2401:4900:12ea:58a:9972:f726:efe:a6c8 - - [08/Jun/2025:07:00:12 -0400] "GET /manga/wotaku-ni-koi-wa-muzukashii-chapter-29/ HTTP/1.1" 200 42442 "https://wotaku-manga.com/manga/wotaku-ni-koi-wa-muzukashii-chapter-28/" "Mozilla/5.0 (Linux; Android 10; K) AppleWebKit/537.36 (KHTML, like Gecko) Chrome/136.0.0.0 Mobile Safari/537.36"
52.228.14.127 - - [08/Jun/2025:07:00:12 -0400] "POST /xmlrpc.php HTTP/1.1" 200 205 "-" "Mozilla/5.0 (Windows NT 10.0; Win64; x64) AppleWebKit/537.36 (KHTML, like Gecko) Chrome/126.0.0.0 Safari/537.36"
2401:4900:12ea:58a:9972:f726:efe:a6c8 - - [08/Jun/2025:07:00:13 -0400] "GET /manga/wotaku-ni-koi-wa-muzukashii-chapter-29/ HTTP/1.1" 304 0 "https://wotaku-manga.com/manga/wotaku-ni-koi-wa-muzukashii-chapter-28/" "Mozilla/5.0 (Linux; Android 10; K) AppleWebKit/537.36 (KHTML, like Gecko) Chrome/136.0.0.0 Mobile Safari/537.36"
2401:4900:12ea:58a:9972:f726:efe:a6c8 - - [08/Jun/2025:07:00:14 -0400] "GET /manga/wotakoi-love-is-hard-for-otaku-chapter-87/ HTTP/1.1" 304 0 "https://wotaku-manga.com/manga/wotaku-ni-koi-wa-muzukashii-chapter-29/" "Mozilla/5.0 (Linux; Android 10; K) AppleWebKit/537.36 (KHTML, like Gecko) Chrome/136.0.0.0 Mobile Safari/537.36"
2401:4900:12ea:58a:9972:f726:efe:a6c8 - - [08/Jun/2025:07:00:17 -0400] "GET /manga/wotakoi-love-is-hard-for-otaku-chapter-87/ HTTP/1.1" 304 0 "https://wotaku-manga.com/manga/wotaku-ni-koi-wa-muzukashii-chapter-29/" "Mozilla/5.0 (Linux; Android 10; K) AppleWebKit/537.36 (KHTML, like Gecko) Chrome/136.0.0.0 Mobile Safari/537.36"
136.158.61.41 - - [08/Jun/2025:07:00:22 -0400] "GET /manga/wotakoi-love-is-hard-for-otaku-chapter-64/ HTTP/1.1" 200 41557 "https://wotaku-manga.com/" "Mozilla/5.0 (Windows NT 10.0; Win64; x64) AppleWebKit/537.36 (KHTML, like Gecko) Chrome/131.0.0.0 Safari/537.36"
136.158.61.41 - - [08/Jun/2025:07:00:23 -0400] "GET /manga/wotakoi-love-is-hard-for-otaku-chapter-64/ HTTP/1.1" 304 0 "https://wotaku-manga.com/" "Mozilla/5.0 (Windows NT 10.0; Win64; x64) AppleWebKit/537.36 (KHTML, like Gecko) Chrome/131.0.0.0 Safari/537.36"
162.0.232.193 - - [08/Jun/2025:07:00:25 -0400] "POST /wp-cron.php?doing_wp_cron=1749380425.3460159301757812500000 HTTP/1.1" 200 0 "-" "WordPress/6.8.1; https://wotaku-manga.com"
20.59.58.155 - - [08/Jun/2025:07:00:25 -0400] "POST /xmlrpc.php HTTP/1.1" 200 205 "-" "Mozilla/5.0 (Windows NT 10.0; Win64; x64) AppleWebKit/537.36 (KHTML, like Gecko) Chrome/126.0.0.0 Safari/537.36"
167.99.202.6 - - [08/Jun/2025:07:00:39 -0400] "POST /xmlrpc.php HTTP/1.1" 200 205 "-" "Mozilla/5.0 (Windows NT 10.0; Win64; x64) AppleWebKit/537.36 (KHTML, like Gecko) Chrome/126.0.0.0 Safari/537.36"
162.0.232.193 - - [08/Jun/2025:07:00:51 -0400] "POST /wp-cron.php?doing_wp_cron=1749380451.2060821056365966796875 HTTP/1.1" 200 0 "-" "WordPress/6.8.1; https://wotaku-manga.com"
103.69.98.45 - - [08/Jun/2025:07:00:51 -0400] "POST /xmlrpc.php HTTP/1.1" 200 205 "-" "Mozilla/5.0 (Windows NT 10.0; Win64; x64) AppleWebKit/537.36 (KHTML, like Gecko) Chrome/126.0.0.0 Safari/537.36"
136.158.61.41 - - [08/Jun/2025:07:00:54 -0400] "GET /manga/wotakoi-love-is-hard-for-otaku-chapter-65/ HTTP/1.1" 200 41801 "https://wotaku-manga.com/manga/wotakoi-love-is-hard-for-otaku-chapter-64/" "Mozilla/5.0 (Windows NT 10.0; Win64; x64) AppleWebKit/537.36 (KHTML, like Gecko) Chrome/131.0.0.0 Safari/537.36"
136.158.61.41 - - [08/Jun/2025:07:00:55 -0400] "GET /manga/wotakoi-love-is-hard-for-otaku-chapter-65/ HTTP/1.1" 200 41842 "https://wotaku-manga.com/" "Mozilla/5.0 (Windows NT 10.0; Win64; x64) AppleWebKit/537.36 (KHTML, like Gecko) Chrome/131.0.0.0 Safari/537.36"
136.158.61.41 - - [08/Jun/2025:07:00:56 -0400] "GET /manga/wotakoi-love-is-hard-for-otaku-chapter-75/ HTTP/1.1" 200 41945 "https://wotaku-manga.com/" "Mozilla/5.0 (Windows NT 10.0; Win64; x64) AppleWebKit/537.36 (KHTML, like Gecko) Chrome/131.0.0.0 Safari/537.36"
136.158.61.41 - - [08/Jun/2025:07:00:59 -0400] "GET /manga/wotakoi-love-is-hard-for-otaku-chapter-17/ HTTP/1.1" 200 42414 "https://wotaku-manga.com/" "Mozilla/5.0 (Windows NT 10.0; Win64; x64) AppleWebKit/537.36 (KHTML, like Gecko) Chrome/131.0.0.0 Safari/537.36"
136.158.61.41 - - [08/Jun/2025:07:00:59 -0400] "GET /manga/wotakoi-love-is-hard-for-otaku-chapter-17/ HTTP/1.1" 304 0 "https://wotaku-manga.com/" "Mozilla/5.0 (Windows NT 10.0; Win64; x64) AppleWebKit/537.36 (KHTML, like Gecko) Chrome/131.0.0.0 Safari/537.36"
162.0.232.193 - - [08/Jun/2025:07:01:00 -0400] "POST /wp-cron.php?doing_wp_cron=1749380460.4009830951690673828125 HTTP/1.1" 200 0 "-" "WordPress/6.8.1; https://wotaku-manga.com"
136.158.61.41 - - [08/Jun/2025:07:01:00 -0400] "POST /wp-admin/admin-ajax.php HTTP/1.1" 200 61 "https://wotaku-manga.com/manga/wotakoi-love-is-hard-for-otaku-chapter-17/" "Mozilla/5.0 (Windows NT 10.0; Win64; x64) AppleWebKit/537.36 (KHTML, like Gecko) Chrome/131.0.0.0 Safari/537.36"
43.224.126.115 - - [08/Jun/2025:07:01:03 -0400] "POST /xmlrpc.php HTTP/1.1" 200 205 "-" "Mozilla/5.0 (Windows NT 10.0; Win64; x64) AppleWebKit/537.36 (KHTML, like Gecko) Chrome/126.0.0.0 Safari/537.36"
2001:4860:7:512::1 - - [08/Jun/2025:07:01:08 -0400] "GET / HTTP/1.1" 200 37976 "https://www.google.com/" "Mozilla/5.0 (Linux; Android 10; K) AppleWebKit/537.36 (KHTML, like Gecko) Chrome/137.0.0.0 Mobile Safari/537.36"
136.158.61.41 - - [08/Jun/2025:07:01:16 -0400] "GET /manga/wotakoi-love-is-hard-for-otaku-chapter-19/ HTTP/1.1" 200 42094 "https://wotaku-manga.com/" "Mozilla/5.0 (Windows NT 10.0; Win64; x64) AppleWebKit/537.36 (KHTML, like Gecko) Chrome/131.0.0.0 Safari/537.36"
136.158.61.41 - - [08/Jun/2025:07:01:17 -0400] "GET /manga/wotakoi-love-is-hard-for-otaku-chapter-16/ HTTP/1.1" 200 41915 "https://wotaku-manga.com/" "Mozilla/5.0 (Windows NT 10.0; Win64; x64) AppleWebKit/537.36 (KHTML, like Gecko) Chrome/131.0.0.0 Safari/537.36"
136.158.61.41 - - [08/Jun/2025:07:01:18 -0400] "GET /manga/wotaku-ni-koi-wa-muzukashii-chapter-41-5/ HTTP/1.1" 200 41513 "https://wotaku-manga.com/" "Mozilla/5.0 (Windows NT 10.0; Win64; x64) AppleWebKit/537.36 (KHTML, like Gecko) Chrome/131.0.0.0 Safari/537.36"
136.158.61.41 - - [08/Jun/2025:07:01:18 -0400] "GET /manga/wotaku-ni-koi-wa-muzukashii-chapter-42/ HTTP/1.1" 200 41876 "https://wotaku-manga.com/" "Mozilla/5.0 (Windows NT 10.0; Win64; x64) AppleWebKit/537.36 (KHTML, like Gecko) Chrome/131.0.0.0 Safari/537.36"
136.158.61.41 - - [08/Jun/2025:07:01:19 -0400] "GET /manga/wotaku-ni-koi-wa-muzukashii-chapter-42/ HTTP/1.1" 304 0 "https://wotaku-manga.com/" "Mozilla/5.0 (Windows NT 10.0; Win64; x64) AppleWebKit/537.36 (KHTML, like Gecko) Chrome/131.0.0.0 Safari/537.36"
162.0.232.193 - - [08/Jun/2025:07:01:19 -0400] "POST /wp-cron.php?doing_wp_cron=1749380479.6358931064605712890625 HTTP/1.1" 200 0 "-" "WordPress/6.8.1; https://wotaku-manga.com"
116.118.104.42 - - [08/Jun/2025:07:01:19 -0400] "POST /xmlrpc.php HTTP/1.1" 200 205 "-" "Mozilla/5.0 (Windows NT 10.0; Win64; x64) AppleWebKit/537.36 (KHTML, like Gecko) Chrome/126.0.0.0 Safari/537.36"
136.158.61.41 - - [08/Jun/2025:07:01:28 -0400] "GET /manga/wotaku-ni-koi-wa-muzukashii-chapter-36/ HTTP/1.1" 200 42078 "https://wotaku-manga.com/" "Mozilla/5.0 (Windows NT 10.0; Win64; x64) AppleWebKit/537.36 (KHTML, like Gecko) Chrome/131.0.0.0 Safari/537.36"
136.158.61.41 - - [08/Jun/2025:07:01:28 -0400] "GET /manga/wotaku-ni-koi-wa-muzukashii-chapter-33/ HTTP/1.1" 200 42003 "https://wotaku-manga.com/" "Mozilla/5.0 (Windows NT 10.0; Win64; x64) AppleWebKit/537.36 (KHTML, like Gecko) Chrome/131.0.0.0 Safari/537.36"
136.158.61.41 - - [08/Jun/2025:07:01:29 -0400] "GET /manga/wotaku-ni-koi-wa-muzukashii-chapter-32/ HTTP/1.1" 200 42095 "https://wotaku-manga.com/" "Mozilla/5.0 (Windows NT 10.0; Win64; x64) AppleWebKit/537.36 (KHTML, like Gecko) Chrome/131.0.0.0 Safari/537.36"
136.158.61.41 - - [08/Jun/2025:07:01:29 -0400] "GET /manga/wotaku-ni-koi-wa-muzukashii-chapter-32/ HTTP/1.1" 304 0 "https://wotaku-manga.com/" "Mozilla/5.0 (Windows NT 10.0; Win64; x64) AppleWebKit/537.36 (KHTML, like Gecko) Chrome/131.0.0.0 Safari/537.36"
136.158.61.41 - - [08/Jun/2025:07:01:31 -0400] "POST /wp-admin/admin-ajax.php HTTP/1.1" 200 61 "https://wotaku-manga.com/manga/wotaku-ni-koi-wa-muzukashii-chapter-32/" "Mozilla/5.0 (Windows NT 10.0; Win64; x64) AppleWebKit/537.36 (KHTML, like Gecko) Chrome/131.0.0.0 Safari/537.36"
103.231.202.90 - - [08/Jun/2025:07:01:32 -0400] "POST /xmlrpc.php HTTP/1.1" 200 205 "-" "Mozilla/5.0 (Windows NT 10.0; Win64; x64) AppleWebKit/537.36 (KHTML, like Gecko) Chrome/126.0.0.0 Safari/537.36"
136.158.61.41 - - [08/Jun/2025:07:01:42 -0400] "GET /manga/wotaku-ni-koi-wa-muzukashii-chapter-30/ HTTP/1.1" 200 42569 "https://wotaku-manga.com/" "Mozilla/5.0 (Windows NT 10.0; Win64; x64) AppleWebKit/537.36 (KHTML, like Gecko) Chrome/131.0.0.0 Safari/537.36"
136.158.61.41 - - [08/Jun/2025:07:01:43 -0400] "GET /manga/wotaku-ni-koi-wa-muzukashii-chapter-25/ HTTP/1.1" 200 42026 "https://wotaku-manga.com/" "Mozilla/5.0 (Windows NT 10.0; Win64; x64) AppleWebKit/537.36 (KHTML, like Gecko) Chrome/131.0.0.0 Safari/537.36"
136.158.61.41 - - [08/Jun/2025:07:01:43 -0400] "GET /manga/wotaku-ni-koi-wa-muzukashii-chapter-26/ HTTP/1.1" 200 41356 "https://wotaku-manga.com/" "Mozilla/5.0 (Windows NT 10.0; Win64; x64) AppleWebKit/537.36 (KHTML, like Gecko) Chrome/131.0.0.0 Safari/537.36"
136.158.61.41 - - [08/Jun/2025:07:01:43 -0400] "GET /manga/wotaku-ni-koi-wa-muzukashii-chapter-26-5/ HTTP/1.1" 200 41540 "https://wotaku-manga.com/" "Mozilla/5.0 (Windows NT 10.0; Win64; x64) AppleWebKit/537.36 (KHTML, like Gecko) Chrome/131.0.0.0 Safari/537.36"
136.158.61.41 - - [08/Jun/2025:07:01:44 -0400] "GET /manga/wotaku-ni-koi-wa-muzukashii-chapter-23/ HTTP/1.1" 200 42622 "https://wotaku-manga.com/" "Mozilla/5.0 (Windows NT 10.0; Win64; x64) AppleWebKit/537.36 (KHTML, like Gecko) Chrome/131.0.0.0 Safari/537.36"
136.158.61.41 - - [08/Jun/2025:07:01:44 -0400] "GET /manga/wotaku-ni-koi-wa-muzukashii-chapter-23/ HTTP/1.1" 304 0 "https://wotaku-manga.com/" "Mozilla/5.0 (Windows NT 10.0; Win64; x64) AppleWebKit/537.36 (KHTML, like Gecko) Chrome/131.0.0.0 Safari/537.36"
162.0.232.193 - - [08/Jun/2025:07:01:45 -0400] "POST /wp-cron.php?doing_wp_cron=1749380505.6803350448608398437500 HTTP/1.1" 200 0 "-" "WordPress/6.8.1; https://wotaku-manga.com"
136.158.61.41 - - [08/Jun/2025:07:01:45 -0400] "POST /wp-admin/admin-ajax.php HTTP/1.1" 200 61 "https://wotaku-manga.com/manga/wotaku-ni-koi-wa-muzukashii-chapter-23/" "Mozilla/5.0 (Windows NT 10.0; Win64; x64) AppleWebKit/537.36 (KHTML, like Gecko) Chrome/131.0.0.0 Safari/537.36"
2001:14bb:a7:b432:e510:420:18bd:945d - - [08/Jun/2025:07:01:54 -0400] "GET /manga/wotaku-ni-koi-wa-muzukashii-chapter-23/ HTTP/1.1" 200 43372 "https://wotaku-manga.com/manga/wotakoi-love-is-hard-for-otaku-chapter-22/" "Mozilla/5.0 (iPhone; CPU iPhone OS 18_5 like Mac OS X) AppleWebKit/605.1.15 (KHTML, like Gecko) Brave/1 Mobile/15E148 Safari/604.1"
162.0.232.193 - - [08/Jun/2025:07:01:58 -0400] "POST /wp-cron.php?doing_wp_cron=1749380518.0105729103088378906250 HTTP/1.1" 200 0 "-" "WordPress/6.8.1; https://wotaku-manga.com"
2001:14bb:a7:b432:e510:420:18bd:945d - - [08/Jun/2025:07:01:57 -0400] "POST /wp-admin/admin-ajax.php HTTP/1.1" 200 61 "https://wotaku-manga.com/manga/wotaku-ni-koi-wa-muzukashii-chapter-23/" "Mozilla/5.0 (iPhone; CPU iPhone OS 18_5 like Mac OS X) AppleWebKit/605.1.15 (KHTML, like Gecko) Brave/1 Mobile/15E148 Safari/604.1"
162.0.232.193 - - [08/Jun/2025:07:02:18 -0400] "POST /wp-cron.php?doing_wp_cron=1749380538.5283980369567871093750 HTTP/1.1" 200 0 "-" "WordPress/6.8.1; https://wotaku-manga.com"
37.97.201.80 - - [08/Jun/2025:07:02:18 -0400] "POST /xmlrpc.php HTTP/1.1" 200 205 "-" "Mozilla/5.0 (Windows NT 10.0; Win64; x64) AppleWebKit/537.36 (KHTML, like Gecko) Chrome/126.0.0.0 Safari/537.36"
116.118.104.42 - - [08/Jun/2025:07:02:23 -0400] "POST /xmlrpc.php HTTP/1.1" 200 205 "-" "Mozilla/5.0 (Windows NT 10.0; Win64; x64) AppleWebKit/537.36 (KHTML, like Gecko) Chrome/126.0.0.0 Safari/537.36"
2401:4900:12ea:58a:9972:f726:efe:a6c8 - - [08/Jun/2025:07:02:29 -0400] "GET /tag/naoya-nifuji/ HTTP/1.1" 301 0 "https://wotaku-manga.com/manga/wotaku-ni-koi-wa-muzukashii-chapter-29/" "Mozilla/5.0 (Linux; Android 10; K) AppleWebKit/537.36 (KHTML, like Gecko) Chrome/136.0.0.0 Mobile Safari/537.36"
2401:4900:12ea:58a:9972:f726:efe:a6c8 - - [08/Jun/2025:07:02:29 -0400] "GET / HTTP/1.1" 304 0 "https://wotaku-manga.com/manga/wotaku-ni-koi-wa-muzukashii-chapter-29/" "Mozilla/5.0 (Linux; Android 10; K) AppleWebKit/537.36 (KHTML, like Gecko) Chrome/136.0.0.0 Mobile Safari/537.36"
2401:4900:12ea:58a:9972:f726:efe:a6c8 - - [08/Jun/2025:07:02:30 -0400] "GET / HTTP/1.1" 304 0 "https://wotaku-manga.com/manga/wotaku-ni-koi-wa-muzukashii-chapter-29/" "Mozilla/5.0 (Linux; Android 10; K) AppleWebKit/537.36 (KHTML, like Gecko) Chrome/136.0.0.0 Mobile Safari/537.36"
37.27.227.227 - - [08/Jun/2025:07:02:31 -0400] "POST /xmlrpc.php HTTP/1.1" 200 205 "-" "Mozilla/5.0 (Windows NT 10.0; Win64; x64) AppleWebKit/537.36 (KHTML, like Gecko) Chrome/126.0.0.0 Safari/537.36"
2401:4900:12ea:58a:9972:f726:efe:a6c8 - - [08/Jun/2025:07:02:31 -0400] "GET /manga/wotaku-ni-koi-wa-muzukashii-chapter-30/ HTTP/1.1" 304 0 "https://wotaku-manga.com/manga/wotaku-ni-koi-wa-muzukashii-chapter-29/" "Mozilla/5.0 (Linux; Android 10; K) AppleWebKit/537.36 (KHTML, like Gecko) Chrome/136.0.0.0 Mobile Safari/537.36"
2401:4900:12ea:58a:9972:f726:efe:a6c8 - - [08/Jun/2025:07:02:31 -0400] "GET /manga/wotaku-ni-koi-wa-muzukashii-chapter-30/ HTTP/1.1" 304 0 "https://wotaku-manga.com/manga/wotaku-ni-koi-wa-muzukashii-chapter-29/" "Mozilla/5.0 (Linux; Android 10; K) AppleWebKit/537.36 (KHTML, like Gecko) Chrome/136.0.0.0 Mobile Safari/537.36"
2401:4900:12ea:58a:9972:f726:efe:a6c8 - - [08/Jun/2025:07:02:34 -0400] "GET /manga/wotakoi-love-is-hard-for-otaku-chapter-87/ HTTP/1.1" 304 0 "https://wotaku-manga.com/manga/wotaku-ni-koi-wa-muzukashii-chapter-30/" "Mozilla/5.0 (Linux; Android 10; K) AppleWebKit/537.36 (KHTML, like Gecko) Chrome/136.0.0.0 Mobile Safari/537.36"
2401:4900:12ea:58a:9972:f726:efe:a6c8 - - [08/Jun/2025:07:02:35 -0400] "GET /manga/wotakoi-love-is-hard-for-otaku-chapter-87/ HTTP/1.1" 304 0 "https://wotaku-manga.com/manga/wotaku-ni-koi-wa-muzukashii-chapter-30/" "Mozilla/5.0 (Linux; Android 10; K) AppleWebKit/537.36 (KHTML, like Gecko) Chrome/136.0.0.0 Mobile Safari/537.36"
2401:4900:12ea:58a:9972:f726:efe:a6c8 - - [08/Jun/2025:07:02:35 -0400] "POST /wp-admin/admin-ajax.php HTTP/1.1" 200 61 "https://wotaku-manga.com/manga/wotaku-ni-koi-wa-muzukashii-chapter-30/" "Mozilla/5.0 (Linux; Android 10; K) AppleWebKit/537.36 (KHTML, like Gecko) Chrome/136.0.0.0 Mobile Safari/537.36"
45.56.220.57 - - [08/Jun/2025:07:02:39 -0400] "POST /xmlrpc.php HTTP/1.1" 200 205 "-" "Mozilla/5.0 (Windows NT 10.0; Win64; x64) AppleWebKit/537.36 (KHTML, like Gecko) Chrome/126.0.0.0 Safari/537.36"
2401:4900:12ea:58a:9972:f726:efe:a6c8 - - [08/Jun/2025:07:02:45 -0400] "GET /category/wotakoi-love-is-hard-for-otaku-manga-ending/ HTTP/1.1" 304 0 "https://wotaku-manga.com/manga/wotaku-ni-koi-wa-muzukashii-chapter-30/" "Mozilla/5.0 (Linux; Android 10; K) AppleWebKit/537.36 (KHTML, like Gecko) Chrome/136.0.0.0 Mobile Safari/537.36"
2401:4900:12ea:58a:9972:f726:efe:a6c8 - - [08/Jun/2025:07:02:45 -0400] "GET /category/wotakoi-love-is-hard-for-otaku-manga-ending/ HTTP/1.1" 304 0 "https://wotaku-manga.com/manga/wotaku-ni-koi-wa-muzukashii-chapter-30/" "Mozilla/5.0 (Linux; Android 10; K) AppleWebKit/537.36 (KHTML, like Gecko) Chrome/136.0.0.0 Mobile Safari/537.36"
162.0.232.193 - - [08/Jun/2025:07:02:46 -0400] "POST /wp-cron.php?doing_wp_cron=1749380566.6927289962768554687500 HTTP/1.1" 200 0 "-" "WordPress/6.8.1; https://wotaku-manga.com"
103.231.202.90 - - [08/Jun/2025:07:02:46 -0400] "POST /xmlrpc.php HTTP/1.1" 200 205 "-" "Mozilla/5.0 (Windows NT 10.0; Win64; x64) AppleWebKit/537.36 (KHTML, like Gecko) Chrome/126.0.0.0 Safari/537.36"
2401:4900:12ea:58a:9972:f726:efe:a6c8 - - [08/Jun/2025:07:02:47 -0400] "GET /manga/wotaku-ni-koi-wa-muzukashii-chapter-30-5/ HTTP/1.1" 200 43209 "https://wotaku-manga.com/manga/wotaku-ni-koi-wa-muzukashii-chapter-30/" "Mozilla/5.0 (Linux; Android 10; K) AppleWebKit/537.36 (KHTML, like Gecko) Chrome/136.0.0.0 Mobile Safari/537.36"
2401:4900:12ea:58a:9972:f726:efe:a6c8 - - [08/Jun/2025:07:02:48 -0400] "GET /manga/wotaku-ni-koi-wa-muzukashii-chapter-30-5/ HTTP/1.1" 304 0 "https://wotaku-manga.com/manga/wotaku-ni-koi-wa-muzukashii-chapter-30/" "Mozilla/5.0 (Linux; Android 10; K) AppleWebKit/537.36 (KHTML, like Gecko) Chrome/136.0.0.0 Mobile Safari/537.36"
2401:4900:12ea:58a:9972:f726:efe:a6c8 - - [08/Jun/2025:07:02:49 -0400] "GET /manga/wotakoi-love-is-hard-for-otaku-chapter-87/ HTTP/1.1" 304 0 "https://wotaku-manga.com/manga/wotaku-ni-koi-wa-muzukashii-chapter-30-5/" "Mozilla/5.0 (Linux; Android 10; K) AppleWebKit/537.36 (KHTML, like Gecko) Chrome/136.0.0.0 Mobile Safari/537.36"
2401:4900:12ea:58a:9972:f726:efe:a6c8 - - [08/Jun/2025:07:02:49 -0400] "GET /category/wotakoi-love-is-hard-for-otaku-manga-set/ HTTP/1.1" 304 0 "https://wotaku-manga.com/manga/wotaku-ni-koi-wa-muzukashii-chapter-30-5/" "Mozilla/5.0 (Linux; Android 10; K) AppleWebKit/537.36 (KHTML, like Gecko) Chrome/136.0.0.0 Mobile Safari/537.36"
2401:4900:12ea:58a:9972:f726:efe:a6c8 - - [08/Jun/2025:07:02:49 -0400] "POST /wp-admin/admin-ajax.php HTTP/1.1" 200 61 "https://wotaku-manga.com/manga/wotaku-ni-koi-wa-muzukashii-chapter-30-5/" "Mozilla/5.0 (Linux; Android 10; K) AppleWebKit/537.36 (KHTML, like Gecko) Chrome/136.0.0.0 Mobile Safari/537.36"
134.122.126.58 - - [08/Jun/2025:07:02:50 -0400] "POST /xmlrpc.php HTTP/1.1" 200 205 "-" "Mozilla/5.0 (Windows NT 10.0; Win64; x64) AppleWebKit/537.36 (KHTML, like Gecko) Chrome/126.0.0.0 Safari/537.36"
2401:4900:12ea:58a:9972:f726:efe:a6c8 - - [08/Jun/2025:07:02:52 -0400] "GET /category/wotakoi-love-is-hard-for-otaku-manga-set/ HTTP/1.1" 200 46177 "https://wotaku-manga.com/manga/wotaku-ni-koi-wa-muzukashii-chapter-30-5/" "Mozilla/5.0 (Linux; Android 10; K) AppleWebKit/537.36 (KHTML, like Gecko) Chrome/136.0.0.0 Mobile Safari/537.36"
2401:4900:12ea:58a:9972:f726:efe:a6c8 - - [08/Jun/2025:07:02:52 -0400] "GET /manga/wotakoi-love-is-hard-for-otaku-chapter-87/ HTTP/1.1" 304 0 "https://wotaku-manga.com/manga/wotaku-ni-koi-wa-muzukashii-chapter-30-5/" "Mozilla/5.0 (Linux; Android 10; K) AppleWebKit/537.36 (KHTML, like Gecko) Chrome/136.0.0.0 Mobile Safari/537.36"
37.97.201.80 - - [08/Jun/2025:07:02:54 -0400] "POST /xmlrpc.php HTTP/1.1" 200 205 "-" "Mozilla/5.0 (Windows NT 10.0; Win64; x64) AppleWebKit/537.36 (KHTML, like Gecko) Chrome/126.0.0.0 Safari/537.36"
162.0.232.193 - - [08/Jun/2025:07:03:00 -0400] "POST /wp-cron.php?doing_wp_cron=1749380580.6262381076812744140625 HTTP/1.1" 200 0 "-" "WordPress/6.8.1; https://wotaku-manga.com"
103.69.98.45 - - [08/Jun/2025:07:03:00 -0400] "POST /xmlrpc.php HTTP/1.1" 200 205 "-" "Mozilla/5.0 (Windows NT 10.0; Win64; x64) AppleWebKit/537.36 (KHTML, like Gecko) Chrome/126.0.0.0 Safari/537.36"
2001:14bb:a7:b432:e510:420:18bd:945d - - [08/Jun/2025:07:03:03 -0400] "GET /manga/wotaku-ni-koi-wa-muzukashii-chapter-24/ HTTP/1.1" 200 42313 "https://wotaku-manga.com/manga/wotaku-ni-koi-wa-muzukashii-chapter-23/" "Mozilla/5.0 (iPhone; CPU iPhone OS 18_5 like Mac OS X) AppleWebKit/605.1.15 (KHTML, like Gecko) Brave/1 Mobile/15E148 Safari/604.1"
64.23.196.144 - - [08/Jun/2025:07:03:04 -0400] "POST /xmlrpc.php HTTP/1.1" 200 205 "-" "Mozilla/5.0 (Windows NT 10.0; Win64; x64) AppleWebKit/537.36 (KHTML, like Gecko) Chrome/126.0.0.0 Safari/537.36"
2401:4900:12ea:58a:9972:f726:efe:a6c8 - - [08/Jun/2025:07:03:05 -0400] "GET /category/wotakoi-love-is-hard-for-otaku-manga-chapters/ HTTP/1.1" 200 46508 "https://wotaku-manga.com/manga/wotaku-ni-koi-wa-muzukashii-chapter-30-5/" "Mozilla/5.0 (Linux; Android 10; K) AppleWebKit/537.36 (KHTML, like Gecko) Chrome/136.0.0.0 Mobile Safari/537.36"
2401:4900:12ea:58a:9972:f726:efe:a6c8 - - [08/Jun/2025:07:03:06 -0400] "GET /category/wotakoi-love-is-hard-for-otaku-manga-chapters/ HTTP/1.1" 304 0 "https://wotaku-manga.com/manga/wotaku-ni-koi-wa-muzukashii-chapter-30-5/" "Mozilla/5.0 (Linux; Android 10; K) AppleWebKit/537.36 (KHTML, like Gecko) Chrome/136.0.0.0 Mobile Safari/537.36"
103.69.98.45 - - [08/Jun/2025:07:03:09 -0400] "POST /xmlrpc.php HTTP/1.1" 200 205 "-" "Mozilla/5.0 (Windows NT 10.0; Win64; x64) AppleWebKit/537.36 (KHTML, like Gecko) Chrome/126.0.0.0 Safari/537.36"
2001:14bb:a7:b432:e510:420:18bd:945d - - [08/Jun/2025:07:03:10 -0400] "POST /wp-admin/admin-ajax.php HTTP/1.1" 200 61 "https://wotaku-manga.com/manga/wotaku-ni-koi-wa-muzukashii-chapter-24/" "Mozilla/5.0 (iPhone; CPU iPhone OS 18_5 like Mac OS X) AppleWebKit/605.1.15 (KHTML, like Gecko) Brave/1 Mobile/15E148 Safari/604.1"
164.132.203.159 - - [08/Jun/2025:07:03:14 -0400] "GET / HTTP/1.1" 200 37391 "-" "sfFeedReader/0.9"
134.122.126.58 - - [08/Jun/2025:07:03:14 -0400] "POST /xmlrpc.php HTTP/1.1" 200 205 "-" "Mozilla/5.0 (Windows NT 10.0; Win64; x64) AppleWebKit/537.36 (KHTML, like Gecko) Chrome/126.0.0.0 Safari/537.36"
162.0.232.193 - - [08/Jun/2025:07:03:20 -0400] "POST /wp-cron.php?doing_wp_cron=1749380600.0297160148620605468750 HTTP/1.1" 200 0 "-" "WordPress/6.8.1; https://wotaku-manga.com"
103.69.98.45 - - [08/Jun/2025:07:03:19 -0400] "POST /xmlrpc.php HTTP/1.1" 200 205 "-" "Mozilla/5.0 (Windows NT 10.0; Win64; x64) AppleWebKit/537.36 (KHTML, like Gecko) Chrome/126.0.0.0 Safari/537.36"
51.195.219.160 - - [08/Jun/2025:07:03:24 -0400] "POST /xmlrpc.php HTTP/1.1" 200 205 "-" "Mozilla/5.0 (Windows NT 10.0; Win64; x64) AppleWebKit/537.36 (KHTML, like Gecko) Chrome/126.0.0.0 Safari/537.36"
37.97.201.80 - - [08/Jun/2025:07:03:28 -0400] "POST /xmlrpc.php HTTP/1.1" 200 205 "-" "Mozilla/5.0 (Windows NT 10.0; Win64; x64) AppleWebKit/537.36 (KHTML, like Gecko) Chrome/126.0.0.0 Safari/537.36"
43.224.126.115 - - [08/Jun/2025:07:03:32 -0400] "POST /xmlrpc.php HTTP/1.1" 200 205 "-" "Mozilla/5.0 (Windows NT 10.0; Win64; x64) AppleWebKit/537.36 (KHTML, like Gecko) Chrome/126.0.0.0 Safari/537.36"
217.182.139.156 - - [08/Jun/2025:07:03:34 -0400] "POST /xmlrpc.php HTTP/1.1" 200 205 "-" "Mozilla/5.0 (Windows NT 10.0; Win64; x64) AppleWebKit/537.36 (KHTML, like Gecko) Chrome/126.0.0.0 Safari/537.36"
64.23.196.144 - - [08/Jun/2025:07:03:38 -0400] "POST /xmlrpc.php HTTP/1.1" 200 205 "-" "Mozilla/5.0 (Windows NT 10.0; Win64; x64) AppleWebKit/537.36 (KHTML, like Gecko) Chrome/126.0.0.0 Safari/537.36"
2405:201:3039:3848:e1d8:9841:23ae:d922 - - [08/Jun/2025:07:03:45 -0400] "GET /manga/wotaku-ni-koi-wa-muzukashii-chapter-48/ HTTP/1.1" 200 43234 "https://wotaku-manga.com/manga/wotaku-ni-koi-wa-muzukashii-chapter-49/" "Mozilla/5.0 (Linux; Android 12; V2236 Build/SP1A.210812.003; wv) AppleWebKit/537.36 (KHTML, like Gecko) Version/4.0 Chrome/136.0.7103.125 Mobile Safari/537.36"
2405:201:3039:3848:e1d8:9841:23ae:d922 - - [08/Jun/2025:07:03:45 -0400] "GET /manga/wotaku-ni-koi-wa-muzukashii-chapter-50/ HTTP/1.1" 200 42150 "https://wotaku-manga.com/manga/wotaku-ni-koi-wa-muzukashii-chapter-49/" "Mozilla/5.0 (Linux; Android 12; V2236 Build/SP1A.210812.003) AppleWebKit/537.36 (KHTML, like Gecko) Chrome/136.0.7103.125 Mobile Safari/537.36"
2405:201:3039:3848:e1d8:9841:23ae:d922 - - [08/Jun/2025:07:03:46 -0400] "GET /manga/wotaku-ni-koi-wa-muzukashii-chapter-48/ HTTP/1.1" 304 0 "https://wotaku-manga.com/manga/wotaku-ni-koi-wa-muzukashii-chapter-49/" "Mozilla/5.0 (Linux; Android 12; V2236 Build/SP1A.210812.003) AppleWebKit/537.36 (KHTML, like Gecko) Chrome/136.0.7103.125 Mobile Safari/537.36"
2405:201:3039:3848:e1d8:9841:23ae:d922 - - [08/Jun/2025:07:03:46 -0400] "GET /manga/wotaku-ni-koi-wa-muzukashii-chapter-50/ HTTP/1.1" 304 0 "https://wotaku-manga.com/manga/wotaku-ni-koi-wa-muzukashii-chapter-49/" "Mozilla/5.0 (Linux; Android 12; V2236 Build/SP1A.210812.003) AppleWebKit/537.36 (KHTML, like Gecko) Chrome/136.0.7103.125 Mobile Safari/537.36"
2405:201:3039:3848:e1d8:9841:23ae:d922 - - [08/Jun/2025:07:03:47 -0400] "GET /manga/wotaku-ni-koi-wa-muzukashii-chapter-50/ HTTP/1.1" 304 0 "https://wotaku-manga.com/manga/wotaku-ni-koi-wa-muzukashii-chapter-49/" "Mozilla/5.0 (Linux; Android 12; V2236 Build/SP1A.210812.003; wv) AppleWebKit/537.36 (KHTML, like Gecko) Version/4.0 Chrome/136.0.7103.125 Mobile Safari/537.36"
2405:201:3039:3848:e1d8:9841:23ae:d922 - - [08/Jun/2025:07:03:49 -0400] "GET /manga/wotakoi-love-is-hard-for-otaku-chapter-0/ HTTP/1.1" 304 0 "https://wotaku-manga.com/manga/wotaku-ni-koi-wa-muzukashii-chapter-50/" "Mozilla/5.0 (Linux; Android 12; V2236 Build/SP1A.210812.003; wv) AppleWebKit/537.36 (KHTML, like Gecko) Version/4.0 Chrome/136.0.7103.125 Mobile Safari/537.36"
2405:201:3039:3848:e1d8:9841:23ae:d922 - - [08/Jun/2025:07:03:52 -0400] "GET /manga/wotakoi-love-is-hard-for-otaku-chapter-0/ HTTP/1.1" 304 0 "https://wotaku-manga.com/manga/wotaku-ni-koi-wa-muzukashii-chapter-50/" "Mozilla/5.0 (Linux; Android 12; V2236 Build/SP1A.210812.003) AppleWebKit/537.36 (KHTML, like Gecko) Chrome/136.0.7103.125 Mobile Safari/537.36"
162.0.232.193 - - [08/Jun/2025:07:03:55 -0400] "POST /wp-cron.php?doing_wp_cron=1749380634.9431068897247314453125 HTTP/1.1" 200 0 "-" "WordPress/6.8.1; https://wotaku-manga.com"
43.231.115.89 - - [08/Jun/2025:07:03:54 -0400] "POST /xmlrpc.php HTTP/1.1" 200 205 "-" "Mozilla/5.0 (Windows NT 10.0; Win64; x64) AppleWebKit/537.36 (KHTML, like Gecko) Chrome/126.0.0.0 Safari/537.36"
2400:6a80:8184:2fe0:dd03:6fb5:76c1:b82e - - [08/Jun/2025:07:03:59 -0400] "GET /category/wotakoi-love-is-hard-for-otaku-manga-volumes/ HTTP/1.1" 200 46513 "-" "Mozilla/5.0 (Linux; Android 10; K) AppleWebKit/537.36 (KHTML, like Gecko) Chrome/137.0.0.0 Mobile Safari/537.36"
2400:6a80:8184:2fe0:dd03:6fb5:76c1:b82e - - [08/Jun/2025:07:04:00 -0400] "GET /manga/wotaku-ni-koi-wa-muzukashii-chapter-23/ HTTP/1.1" 304 0 "-" "Mozilla/5.0 (Linux; Android 10; K) AppleWebKit/537.36 (KHTML, like Gecko) Chrome/137.0.0.0 Mobile Safari/537.36"
2400:6a80:8184:2fe0:dd03:6fb5:76c1:b82e - - [08/Jun/2025:07:04:00 -0400] "GET /manga/wotaku-ni-koi-wa-muzukashii-chapter-23/ HTTP/1.1" 304 0 "https://wotaku-manga.com/manga/wotakoi-love-is-hard-for-otaku-chapter-22/" "Mozilla/5.0 (Linux; Android 10; K) AppleWebKit/537.36 (KHTML, like Gecko) Chrome/137.0.0.0 Mobile Safari/537.36"
162.0.232.193 - - [08/Jun/2025:07:04:00 -0400] "POST /wp-cron.php?doing_wp_cron=1749380640.9087519645690917968750 HTTP/1.1" 200 0 "-" "WordPress/6.8.1; https://wotaku-manga.com"
134.209.19.9 - - [08/Jun/2025:07:04:00 -0400] "POST /xmlrpc.php HTTP/1.1" 200 205 "-" "Mozilla/5.0 (Windows NT 10.0; Win64; x64) AppleWebKit/537.36 (KHTML, like Gecko) Chrome/126.0.0.0 Safari/537.36"
2400:6a80:8184:2fe0:dd03:6fb5:76c1:b82e - - [08/Jun/2025:07:04:02 -0400] "POST /wp-admin/admin-ajax.php HTTP/1.1" 200 61 "https://wotaku-manga.com/manga/wotaku-ni-koi-wa-muzukashii-chapter-23/" "Mozilla/5.0 (Linux; Android 10; K) AppleWebKit/537.36 (KHTML, like Gecko) Chrome/137.0.0.0 Mobile Safari/537.36"
2400:6a80:8184:2fe0:dd03:6fb5:76c1:b82e - - [08/Jun/2025:07:04:05 -0400] "GET /manga/wotaku-ni-koi-wa-muzukashii-chapter-23/ HTTP/1.1" 304 0 "-" "Mozilla/5.0 (Linux; Android 10; K) AppleWebKit/537.36 (KHTML, like Gecko) Chrome/137.0.0.0 Mobile Safari/537.36"
34.151.206.8 - - [08/Jun/2025:07:04:10 -0400] "POST /xmlrpc.php HTTP/1.1" 200 205 "-" "Mozilla/5.0 (Windows NT 10.0; Win64; x64) AppleWebKit/537.36 (KHTML, like Gecko) Chrome/126.0.0.0 Safari/537.36"
134.122.126.58 - - [08/Jun/2025:07:04:12 -0400] "POST /xmlrpc.php HTTP/1.1" 200 205 "-" "Mozilla/5.0 (Windows NT 10.0; Win64; x64) AppleWebKit/537.36 (KHTML, like Gecko) Chrome/126.0.0.0 Safari/537.36"
2400:6a80:8184:2fe0:dd03:6fb5:76c1:b82e - - [08/Jun/2025:07:04:17 -0400] "GET /tag/chapter/ HTTP/1.1" 301 0 "-" "Mozilla/5.0 (Linux; Android 10; K) AppleWebKit/537.36 (KHTML, like Gecko) Chrome/137.0.0.0 Mobile Safari/537.36"
2400:6a80:8184:2fe0:dd03:6fb5:76c1:b82e - - [08/Jun/2025:07:04:18 -0400] "GET /manga/wotaku-ni-koi-wa-muzukashii-chapter-24/ HTTP/1.1" 304 0 "-" "Mozilla/5.0 (Linux; Android 10; K) AppleWebKit/537.36 (KHTML, like Gecko) Chrome/137.0.0.0 Mobile Safari/537.36"
2400:6a80:8184:2fe0:dd03:6fb5:76c1:b82e - - [08/Jun/2025:07:04:19 -0400] "GET /manga/wotaku-ni-koi-wa-muzukashii-chapter-24/ HTTP/1.1" 304 0 "https://wotaku-manga.com/manga/wotaku-ni-koi-wa-muzukashii-chapter-23/" "Mozilla/5.0 (Linux; Android 10; K) AppleWebKit/537.36 (KHTML, like Gecko) Chrome/137.0.0.0 Mobile Safari/537.36"
2400:6a80:8184:2fe0:dd03:6fb5:76c1:b82e - - [08/Jun/2025:07:04:20 -0400] "GET /manga/wotaku-ni-koi-wa-muzukashii-chapter-24/ HTTP/1.1" 304 0 "-" "Mozilla/5.0 (Linux; Android 10; K) AppleWebKit/537.36 (KHTML, like Gecko) Chrome/137.0.0.0 Mobile Safari/537.36"
162.0.232.193 - - [08/Jun/2025:07:04:20 -0400] "POST /wp-cron.php?doing_wp_cron=1749380660.6845390796661376953125 HTTP/1.1" 200 0 "-" "WordPress/6.8.1; https://wotaku-manga.com"
2400:6a80:8184:2fe0:dd03:6fb5:76c1:b82e - - [08/Jun/2025:07:04:20 -0400] "GET /wotakoi-story/ HTTP/1.1" 200 40784 "-" "Mozilla/5.0 (Linux; Android 10; K) AppleWebKit/537.36 (KHTML, like Gecko) Chrome/137.0.0.0 Mobile Safari/537.36"
45.64.25.34 - - [08/Jun/2025:07:04:20 -0400] "POST /xmlrpc.php HTTP/1.1" 200 205 "-" "Mozilla/5.0 (Windows NT 10.0; Win64; x64) AppleWebKit/537.36 (KHTML, like Gecko) Chrome/126.0.0.0 Safari/537.36"
2400:6a80:8184:2fe0:dd03:6fb5:76c1:b82e - - [08/Jun/2025:07:04:20 -0400] "POST /wp-admin/admin-ajax.php HTTP/1.1" 200 61 "https://wotaku-manga.com/manga/wotaku-ni-koi-wa-muzukashii-chapter-24/" "Mozilla/5.0 (Linux; Android 10; K) AppleWebKit/537.36 (KHTML, like Gecko) Chrome/137.0.0.0 Mobile Safari/537.36"
103.231.202.90 - - [08/Jun/2025:07:04:33 -0400] "POST /xmlrpc.php HTTP/1.1" 200 205 "-" "Mozilla/5.0 (Windows NT 10.0; Win64; x64) AppleWebKit/537.36 (KHTML, like Gecko) Chrome/126.0.0.0 Safari/537.36"
2001:14bb:a7:b432:e510:420:18bd:945d - - [08/Jun/2025:07:04:36 -0400] "GET /manga/wotaku-ni-koi-wa-muzukashii-chapter-25/ HTTP/1.1" 200 42809 "https://wotaku-manga.com/manga/wotaku-ni-koi-wa-muzukashii-chapter-24/" "Mozilla/5.0 (iPhone; CPU iPhone OS 18_5 like Mac OS X) AppleWebKit/605.1.15 (KHTML, like Gecko) Brave/1 Mobile/15E148 Safari/604.1"
2001:14bb:a7:b432:e510:420:18bd:945d - - [08/Jun/2025:07:04:38 -0400] "POST /wp-admin/admin-ajax.php HTTP/1.1" 200 61 "https://wotaku-manga.com/manga/wotaku-ni-koi-wa-muzukashii-chapter-25/" "Mozilla/5.0 (iPhone; CPU iPhone OS 18_5 like Mac OS X) AppleWebKit/605.1.15 (KHTML, like Gecko) Brave/1 Mobile/15E148 Safari/604.1"
51.195.219.160 - - [08/Jun/2025:07:04:41 -0400] "POST /xmlrpc.php HTTP/1.1" 200 205 "-" "Mozilla/5.0 (Windows NT 10.0; Win64; x64) AppleWebKit/537.36 (KHTML, like Gecko) Chrome/126.0.0.0 Safari/537.36"
162.0.232.193 - - [08/Jun/2025:07:04:49 -0400] "POST /wp-cron.php?doing_wp_cron=1749380689.0871460437774658203125 HTTP/1.1" 200 0 "-" "WordPress/6.8.1; https://wotaku-manga.com"
156.67.208.223 - - [08/Jun/2025:07:04:48 -0400] "POST /xmlrpc.php HTTP/1.1" 200 205 "-" "Mozilla/5.0 (Windows NT 10.0; Win64; x64) AppleWebKit/537.36 (KHTML, like Gecko) Chrome/126.0.0.0 Safari/537.36"
134.122.126.58 - - [08/Jun/2025:07:04:52 -0400] "POST /xmlrpc.php HTTP/1.1" 200 205 "-" "Mozilla/5.0 (Windows NT 10.0; Win64; x64) AppleWebKit/537.36 (KHTML, like Gecko) Chrome/126.0.0.0 Safari/537.36"
217.182.139.156 - - [08/Jun/2025:07:04:54 -0400] "POST /xmlrpc.php HTTP/1.1" 200 205 "-" "Mozilla/5.0 (Windows NT 10.0; Win64; x64) AppleWebKit/537.36 (KHTML, like Gecko) Chrome/126.0.0.0 Safari/537.36"
162.0.232.193 - - [08/Jun/2025:07:05:01 -0400] "POST /wp-cron.php?doing_wp_cron=1749380701.4077351093292236328125 HTTP/1.1" 200 0 "-" "WordPress/6.8.1; https://wotaku-manga.com"
37.97.201.80 - - [08/Jun/2025:07:05:01 -0400] "POST /xmlrpc.php HTTP/1.1" 200 205 "-" "Mozilla/5.0 (Windows NT 10.0; Win64; x64) AppleWebKit/537.36 (KHTML, like Gecko) Chrome/126.0.0.0 Safari/537.36"
156.67.208.223 - - [08/Jun/2025:07:05:08 -0400] "POST /xmlrpc.php HTTP/1.1" 200 205 "-" "Mozilla/5.0 (Windows NT 10.0; Win64; x64) AppleWebKit/537.36 (KHTML, like Gecko) Chrome/126.0.0.0 Safari/537.36"
134.122.126.58 - - [08/Jun/2025:07:05:17 -0400] "POST /xmlrpc.php HTTP/1.1" 200 205 "-" "Mozilla/5.0 (Windows NT 10.0; Win64; x64) AppleWebKit/537.36 (KHTML, like Gecko) Chrome/126.0.0.0 Safari/537.36"
162.0.232.193 - - [08/Jun/2025:07:05:23 -0400] "POST /wp-cron.php?doing_wp_cron=1749380723.7259550094604492187500 HTTP/1.1" 200 0 "-" "WordPress/6.8.1; https://wotaku-manga.com"
103.231.202.90 - - [08/Jun/2025:07:05:23 -0400] "POST /xmlrpc.php HTTP/1.1" 200 205 "-" "Mozilla/5.0 (Windows NT 10.0; Win64; x64) AppleWebKit/537.36 (KHTML, like Gecko) Chrome/126.0.0.0 Safari/537.36"
2001:14bb:a7:b432:e510:420:18bd:945d - - [08/Jun/2025:07:05:25 -0400] "GET /manga/wotaku-ni-koi-wa-muzukashii-chapter-25/ HTTP/1.1" 200 42753 "https://wotaku-manga.com/manga/wotaku-ni-koi-wa-muzukashii-chapter-24/" "Mozilla/5.0 (iPhone; CPU iPhone OS 18_5 like Mac OS X) AppleWebKit/605.1.15 (KHTML, like Gecko) Brave/1 Mobile/15E148 Safari/604.1"
2001:14bb:a7:b432:e510:420:18bd:945d - - [08/Jun/2025:07:05:26 -0400] "GET /wp-content/plugins/simple-social-buttons/assets/fonts/ssb-icon.ttf?eahqa2 HTTP/1.1" 200 7412 "https://wotaku-manga.com/manga/wotaku-ni-koi-wa-muzukashii-chapter-25/" "Mozilla/5.0 (iPhone; CPU iPhone OS 18_5 like Mac OS X) AppleWebKit/605.1.15 (KHTML, like Gecko) Brave/1 Mobile/15E148 Safari/604.1"
193.188.135.22 - - [08/Jun/2025:07:05:31 -0400] "POST /xmlrpc.php HTTP/1.1" 200 205 "-" "Mozilla/5.0 (Windows NT 10.0; Win64; x64) AppleWebKit/537.36 (KHTML, like Gecko) Chrome/126.0.0.0 Safari/537.36"
2001:14bb:a7:b432:e510:420:18bd:945d - - [08/Jun/2025:07:05:31 -0400] "GET /wp-includes/js/jquery/jquery.min.js?ver=3.7.1 HTTP/1.1" 200 29744 "https://wotaku-manga.com/manga/wotaku-ni-koi-wa-muzukashii-chapter-25/" "Mozilla/5.0 (iPhone; CPU iPhone OS 18_5 like Mac OS X) AppleWebKit/605.1.15 (KHTML, like Gecko) Brave/1 Mobile/15E148 Safari/604.1"
2001:14bb:a7:b432:e510:420:18bd:945d - - [08/Jun/2025:07:05:31 -0400] "GET /wp-content/themes/toivo-lite/js/functions.min.js?ver=1.2.0 HTTP/1.1" 200 593 "https://wotaku-manga.com/manga/wotaku-ni-koi-wa-muzukashii-chapter-25/" "Mozilla/5.0 (iPhone; CPU iPhone OS 18_5 like Mac OS X) AppleWebKit/605.1.15 (KHTML, like Gecko) Brave/1 Mobile/15E148 Safari/604.1"
2001:14bb:a7:b432:e510:420:18bd:945d - - [08/Jun/2025:07:05:31 -0400] "GET /wp-content/plugins/simple-social-buttons/assets/js/frontend-blocks.js?ver=6.1.0 HTTP/1.1" 200 0 "https://wotaku-manga.com/manga/wotaku-ni-koi-wa-muzukashii-chapter-25/" "Mozilla/5.0 (iPhone; CPU iPhone OS 18_5 like Mac OS X) AppleWebKit/605.1.15 (KHTML, like Gecko) Brave/1 Mobile/15E148 Safari/604.1"
2001:14bb:a7:b432:e510:420:18bd:945d - - [08/Jun/2025:07:05:31 -0400] "GET /wp-content/cache/min/1/wp-content/plugins/disqus-comment-system/public/js/comment_embed.js?ver=1684511264 HTTP/1.1" 200 313 "https://wotaku-manga.com/manga/wotaku-ni-koi-wa-muzukashii-chapter-25/" "Mozilla/5.0 (iPhone; CPU iPhone OS 18_5 like Mac OS X) AppleWebKit/605.1.15 (KHTML, like Gecko) Brave/1 Mobile/15E148 Safari/604.1"
2001:14bb:a7:b432:e510:420:18bd:945d - - [08/Jun/2025:07:05:31 -0400] "GET /wp-includes/js/jquery/jquery-migrate.min.js?ver=3.4.1 HTTP/1.1" 200 4678 "https://wotaku-manga.com/manga/wotaku-ni-koi-wa-muzukashii-chapter-25/" "Mozilla/5.0 (iPhone; CPU iPhone OS 18_5 like Mac OS X) AppleWebKit/605.1.15 (KHTML, like Gecko) Brave/1 Mobile/15E148 Safari/604.1"
2001:14bb:a7:b432:e510:420:18bd:945d - - [08/Jun/2025:07:05:31 -0400] "GET /wp-content/cache/min/1/wp-content/plugins/comic-easel/js/keynav.js?ver=1684511167 HTTP/1.1" 200 221 "https://wotaku-manga.com/manga/wotaku-ni-koi-wa-muzukashii-chapter-25/" "Mozilla/5.0 (iPhone; CPU iPhone OS 18_5 like Mac OS X) AppleWebKit/605.1.15 (KHTML, like Gecko) Brave/1 Mobile/15E148 Safari/604.1"
2001:14bb:a7:b432:e510:420:18bd:945d - - [08/Jun/2025:07:05:31 -0400] "GET /wp-content/themes/toivo-lite/js/responsive-nav.min.js?ver=1.2.0 HTTP/1.1" 200 2102 "https://wotaku-manga.com/manga/wotaku-ni-koi-wa-muzukashii-chapter-25/" "Mozilla/5.0 (iPhone; CPU iPhone OS 18_5 like Mac OS X) AppleWebKit/605.1.15 (KHTML, like Gecko) Brave/1 Mobile/15E148 Safari/604.1"
64.23.196.144 - - [08/Jun/2025:07:05:37 -0400] "POST /xmlrpc.php HTTP/1.1" 200 205 "-" "Mozilla/5.0 (Windows NT 10.0; Win64; x64) AppleWebKit/537.36 (KHTML, like Gecko) Chrome/126.0.0.0 Safari/537.36"
162.0.232.193 - - [08/Jun/2025:07:05:47 -0400] "POST /wp-cron.php?doing_wp_cron=1749380747.6687009334564208984375 HTTP/1.1" 200 0 "-" "WordPress/6.8.1; https://wotaku-manga.com"
64.23.196.144 - - [08/Jun/2025:07:05:44 -0400] "POST /xmlrpc.php HTTP/1.1" 200 205 "-" "Mozilla/5.0 (Windows NT 10.0; Win64; x64) AppleWebKit/537.36 (KHTML, like Gecko) Chrome/126.0.0.0 Safari/537.36"
2401:4900:12ea:58a:9972:f726:efe:a6c8 - - [08/Jun/2025:07:05:52 -0400] "GET /manga/wotaku-ni-koi-wa-muzukashii-chapter-31/ HTTP/1.1" 200 41885 "https://wotaku-manga.com/manga/wotaku-ni-koi-wa-muzukashii-chapter-30-5/" "Mozilla/5.0 (Linux; Android 10; K) AppleWebKit/537.36 (KHTML, like Gecko) Chrome/136.0.0.0 Mobile Safari/537.36"
2401:4900:12ea:58a:9972:f726:efe:a6c8 - - [08/Jun/2025:07:05:52 -0400] "GET /tag/romance/ HTTP/1.1" 301 0 "https://wotaku-manga.com/manga/wotaku-ni-koi-wa-muzukashii-chapter-30-5/" "Mozilla/5.0 (Linux; Android 10; K) AppleWebKit/537.36 (KHTML, like Gecko) Chrome/136.0.0.0 Mobile Safari/537.36"
193.104.43.177 - - [08/Jun/2025:07:05:52 -0400] "POST /xmlrpc.php HTTP/1.1" 200 205 "-" "Mozilla/5.0 (Windows NT 10.0; Win64; x64) AppleWebKit/537.36 (KHTML, like Gecko) Chrome/126.0.0.0 Safari/537.36"
2401:4900:12ea:58a:9972:f726:efe:a6c8 - - [08/Jun/2025:07:05:53 -0400] "GET / HTTP/1.1" 304 0 "https://wotaku-manga.com/manga/wotaku-ni-koi-wa-muzukashii-chapter-30-5/" "Mozilla/5.0 (Linux; Android 10; K) AppleWebKit/537.36 (KHTML, like Gecko) Chrome/136.0.0.0 Mobile Safari/537.36"
2401:4900:12ea:58a:9972:f726:efe:a6c8 - - [08/Jun/2025:07:05:53 -0400] "GET / HTTP/1.1" 304 0 "https://wotaku-manga.com/manga/wotaku-ni-koi-wa-muzukashii-chapter-30-5/" "Mozilla/5.0 (Linux; Android 10; K) AppleWebKit/537.36 (KHTML, like Gecko) Chrome/136.0.0.0 Mobile Safari/537.36"
2401:4900:12ea:58a:9972:f726:efe:a6c8 - - [08/Jun/2025:07:05:53 -0400] "GET /manga/wotaku-ni-koi-wa-muzukashii-chapter-31/ HTTP/1.1" 304 0 "https://wotaku-manga.com/manga/wotaku-ni-koi-wa-muzukashii-chapter-30-5/" "Mozilla/5.0 (Linux; Android 10; K) AppleWebKit/537.36 (KHTML, like Gecko) Chrome/136.0.0.0 Mobile Safari/537.36"
2401:4900:12ea:58a:9972:f726:efe:a6c8 - - [08/Jun/2025:07:05:57 -0400] "GET /manga/wotakoi-love-is-hard-for-otaku-chapter-87/ HTTP/1.1" 304 0 "https://wotaku-manga.com/manga/wotaku-ni-koi-wa-muzukashii-chapter-31/" "Mozilla/5.0 (Linux; Android 10; K) AppleWebKit/537.36 (KHTML, like Gecko) Chrome/136.0.0.0 Mobile Safari/537.36"
2401:4900:12ea:58a:9972:f726:efe:a6c8 - - [08/Jun/2025:07:05:57 -0400] "GET /manga/wotakoi-love-is-hard-for-otaku-chapter-87/ HTTP/1.1" 304 0 "https://wotaku-manga.com/manga/wotaku-ni-koi-wa-muzukashii-chapter-31/" "Mozilla/5.0 (Linux; Android 10; K) AppleWebKit/537.36 (KHTML, like Gecko) Chrome/136.0.0.0 Mobile Safari/537.36"
162.0.232.193 - - [08/Jun/2025:07:05:59 -0400] "POST /wp-cron.php?doing_wp_cron=1749380759.2445371150970458984375 HTTP/1.1" 200 0 "-" "WordPress/6.8.1; https://wotaku-manga.com"
2001:4450:8121:1e00:dcb:da54:a279:6737 - - [08/Jun/2025:07:05:59 -0400] "POST /wp-admin/admin-ajax.php HTTP/1.1" 200 61 "https://wotaku-manga.com/manga/wotakoi-love-is-hard-for-otaku-chapter-66/" "Mozilla/5.0 (Linux; Android 10; K) AppleWebKit/537.36 (KHTML, like Gecko) Chrome/137.0.0.0 Mobile Safari/537.36"
103.69.98.45 - - [08/Jun/2025:07:06:06 -0400] "POST /xmlrpc.php HTTP/1.1" 200 205 "-" "Mozilla/5.0 (Windows NT 10.0; Win64; x64) AppleWebKit/537.36 (KHTML, like Gecko) Chrome/126.0.0.0 Safari/537.36"
2405:201:3039:3848:e1d8:9841:23ae:d922 - - [08/Jun/2025:07:06:16 -0400] "GET / HTTP/1.1" 200 37976 "-" "Mozilla/5.0 (Linux; Android 12; V2236 Build/SP1A.210812.003) AppleWebKit/537.36 (KHTML, like Gecko) Chrome/136.0.7103.125 Mobile Safari/537.36"
64.23.196.144 - - [08/Jun/2025:07:06:13 -0400] "POST /xmlrpc.php HTTP/1.1" 200 205 "-" "Mozilla/5.0 (Windows NT 10.0; Win64; x64) AppleWebKit/537.36 (KHTML, like Gecko) Chrome/126.0.0.0 Safari/537.36"
2001:14bb:a7:b432:e510:420:18bd:945d - - [08/Jun/2025:07:06:17 -0400] "POST /wp-admin/admin-ajax.php HTTP/1.1" 200 61 "https://wotaku-manga.com/manga/wotaku-ni-koi-wa-muzukashii-chapter-25/" "Mozilla/5.0 (iPhone; CPU iPhone OS 18_5 like Mac OS X) AppleWebKit/605.1.15 (KHTML, like Gecko) Brave/1 Mobile/15E148 Safari/604.1"
2405:201:3039:3848:e1d8:9841:23ae:d922 - - [08/Jun/2025:07:06:18 -0400] "GET /manga/wotakoi-love-is-hard-for-otaku-chapter-0/ HTTP/1.1" 304 0 "https://wotaku-manga.com/" "Mozilla/5.0 (Linux; Android 12; V2236 Build/SP1A.210812.003; wv) AppleWebKit/537.36 (KHTML, like Gecko) Version/4.0 Chrome/136.0.7103.125 Mobile Safari/537.36"
2405:201:3039:3848:e1d8:9841:23ae:d922 - - [08/Jun/2025:07:06:20 -0400] "GET /manga/wotakoi-love-is-hard-for-otaku-chapter-85/ HTTP/1.1" 200 43959 "https://wotaku-manga.com/" "Mozilla/5.0 (Linux; Android 12; V2236 Build/SP1A.210812.003; wv) AppleWebKit/537.36 (KHTML, like Gecko) Version/4.0 Chrome/136.0.7103.125 Mobile Safari/537.36"
2405:201:3039:3848:e1d8:9841:23ae:d922 - - [08/Jun/2025:07:06:20 -0400] "GET /manga/wotakoi-love-is-hard-for-otaku-chapter-0/ HTTP/1.1" 304 0 "https://wotaku-manga.com/" "Mozilla/5.0 (Linux; Android 12; V2236 Build/SP1A.210812.003) AppleWebKit/537.36 (KHTML, like Gecko) Chrome/136.0.7103.125 Mobile Safari/537.36"
2405:201:3039:3848:e1d8:9841:23ae:d922 - - [08/Jun/2025:07:06:20 -0400] "GET /manga/wotakoi-love-is-hard-for-otaku-chapter-85/ HTTP/1.1" 304 0 "https://wotaku-manga.com/" "Mozilla/5.0 (Linux; Android 12; V2236 Build/SP1A.210812.003) AppleWebKit/537.36 (KHTML, like Gecko) Chrome/136.0.7103.125 Mobile Safari/537.36"
2405:201:3039:3848:e1d8:9841:23ae:d922 - - [08/Jun/2025:07:06:21 -0400] "GET /manga/wotakoi-love-is-hard-for-otaku-chapter-75-5/ HTTP/1.1" 200 42185 "https://wotaku-manga.com/" "Mozilla/5.0 (Linux; Android 12; V2236 Build/SP1A.210812.003; wv) AppleWebKit/537.36 (KHTML, like Gecko) Version/4.0 Chrome/136.0.7103.125 Mobile Safari/537.36"
2405:201:3039:3848:e1d8:9841:23ae:d922 - - [08/Jun/2025:07:06:21 -0400] "GET /manga/wotakoi-love-is-hard-for-otaku-chapter-75-5/ HTTP/1.1" 304 0 "https://wotaku-manga.com/" "Mozilla/5.0 (Linux; Android 12; V2236 Build/SP1A.210812.003) AppleWebKit/537.36 (KHTML, like Gecko) Chrome/136.0.7103.125 Mobile Safari/537.36"
