2405:201:3039:3848:e1d8:9841:23ae:d922 - - [08/Jun/2025:07:06:21 -0400] "GET /manga/wotaku-ni-koi-wa-muzukashii-chapter-47/ HTTP/1.1" 200 42640 "https://wotaku-manga.com/" "Mozilla/5.0 (Linux; Android 12; V2236 Build/SP1A.210812.003; wv) AppleWebKit/537.36 (KHTML, like Gecko) Version/4.0 Chrome/136.0.7103.125 Mobile Safari/537.36"
52.167.144.182 - - [08/Jun/2025:07:06:21 -0400] "GET /manga/wotakoi-love-is-hard-for-otaku-chapter-83/ HTTP/1.1" 200 43068 "-" "Mozilla/5.0 AppleWebKit/537.36 (KHTML, like Gecko; compatible; bingbot/2.0; +http://www.bing.com/bingbot.htm) Chrome/116.0.1938.76 Safari/537.36"
2405:201:3039:3848:e1d8:9841:23ae:d922 - - [08/Jun/2025:07:06:22 -0400] "GET /manga/wotaku-ni-koi-wa-muzukashii-chapter-47/ HTTP/1.1" 304 0 "https://wotaku-manga.com/" "Mozilla/5.0 (Linux; Android 12; V2236 Build/SP1A.210812.003) AppleWebKit/537.36 (KHTML, like Gecko) Chrome/136.0.7103.125 Mobile Safari/537.36"
162.0.232.193 - - [08/Jun/2025:07:06:22 -0400] "POST /wp-cron.php?doing_wp_cron=1749380782.4012839794158935546875 HTTP/1.1" 200 0 "-" "WordPress/6.8.1; https://wotaku-manga.com"
128.199.152.165 - - [08/Jun/2025:07:06:22 -0400] "POST /xmlrpc.php HTTP/1.1" 200 205 "-" "Mozilla/5.0 (Windows NT 10.0; Win64; x64) AppleWebKit/537.36 (KHTML, like Gecko) Chrome/126.0.0.0 Safari/537.36"
2405:201:3039:3848:e1d8:9841:23ae:d922 - - [08/Jun/2025:07:06:23 -0400] "GET /manga/wotaku-ni-koi-wa-muzukashii-chapter-46/ HTTP/1.1" 304 0 "https://wotaku-manga.com/" "Mozilla/5.0 (Linux; Android 12; V2236 Build/SP1A.210812.003; wv) AppleWebKit/537.36 (KHTML, like Gecko) Version/4.0 Chrome/136.0.7103.125 Mobile Safari/537.36"
2405:201:3039:3848:e1d8:9841:23ae:d922 - - [08/Jun/2025:07:06:23 -0400] "GET /manga/wotaku-ni-koi-wa-muzukashii-chapter-46/ HTTP/1.1" 304 0 "https://wotaku-manga.com/" "Mozilla/5.0 (Linux; Android 12; V2236 Build/SP1A.210812.003) AppleWebKit/537.36 (KHTML, like Gecko) Chrome/136.0.7103.125 Mobile Safari/537.36"
2405:201:3039:3848:e1d8:9841:23ae:d922 - - [08/Jun/2025:07:06:25 -0400] "GET /wotakoi-volume-list/ HTTP/1.1" 304 0 "https://wotaku-manga.com/manga/wotaku-ni-koi-wa-muzukashii-chapter-46/" "Mozilla/5.0 (Linux; Android 12; V2236 Build/SP1A.210812.003; wv) AppleWebKit/537.36 (KHTML, like Gecko) Version/4.0 Chrome/136.0.7103.125 Mobile Safari/537.36"
2405:201:3039:3848:e1d8:9841:23ae:d922 - - [08/Jun/2025:07:06:26 -0400] "GET /wotakoi-volume-list/ HTTP/1.1" 304 0 "https://wotaku-manga.com/manga/wotaku-ni-koi-wa-muzukashii-chapter-46/" "Mozilla/5.0 (Linux; Android 12; V2236 Build/SP1A.210812.003) AppleWebKit/537.36 (KHTML, like Gecko) Chrome/136.0.7103.125 Mobile Safari/537.36"
20.59.58.155 - - [08/Jun/2025:07:06:26 -0400] "POST /xmlrpc.php HTTP/1.1" 200 205 "-" "Mozilla/5.0 (Windows NT 10.0; Win64; x64) AppleWebKit/537.36 (KHTML, like Gecko) Chrome/126.0.0.0 Safari/537.36"
103.69.98.51 - - [08/Jun/2025:07:06:31 -0400] "POST /xmlrpc.php HTTP/1.1" 200 205 "-" "Mozilla/5.0 (Windows NT 10.0; Win64; x64) AppleWebKit/537.36 (KHTML, like Gecko) Chrome/126.0.0.0 Safari/537.36"
2405:201:3039:3848:e1d8:9841:23ae:d922 - - [08/Jun/2025:07:06:32 -0400] "GET /manga/wotaku-ni-koi-wa-muzukashii-chapter-47/ HTTP/1.1" 304 0 "https://wotaku-manga.com/manga/wotaku-ni-koi-wa-muzukashii-chapter-46/" "Mozilla/5.0 (Linux; Android 12; V2236 Build/SP1A.210812.003; wv) AppleWebKit/537.36 (KHTML, like Gecko) Version/4.0 Chrome/136.0.7103.125 Mobile Safari/537.36"
2405:201:3039:3848:e1d8:9841:23ae:d922 - - [08/Jun/2025:07:06:33 -0400] "GET /manga/wotaku-ni-koi-wa-muzukashii-chapter-47/ HTTP/1.1" 304 0 "https://wotaku-manga.com/manga/wotaku-ni-koi-wa-muzukashii-chapter-46/" "Mozilla/5.0 (Linux; Android 12; V2236 Build/SP1A.210812.003) AppleWebKit/537.36 (KHTML, like Gecko) Chrome/136.0.7103.125 Mobile Safari/537.36"
2405:201:3039:3848:e1d8:9841:23ae:d922 - - [08/Jun/2025:07:06:34 -0400] "GET /wotakoi-volume-list/ HTTP/1.1" 304 0 "https://wotaku-manga.com/manga/wotaku-ni-koi-wa-muzukashii-chapter-47/" "Mozilla/5.0 (Linux; Android 12; V2236 Build/SP1A.210812.003; wv) AppleWebKit/537.36 (KHTML, like Gecko) Version/4.0 Chrome/136.0.7103.125 Mobile Safari/537.36"
2405:201:3039:3848:e1d8:9841:23ae:d922 - - [08/Jun/2025:07:06:34 -0400] "POST /wp-admin/admin-ajax.php HTTP/1.1" 200 61 "https://wotaku-manga.com/manga/wotaku-ni-koi-wa-muzukashii-chapter-47/" "Mozilla/5.0 (Linux; Android 12; V2236 Build/SP1A.210812.003) AppleWebKit/537.36 (KHTML, like Gecko) Chrome/136.0.7103.125 Mobile Safari/537.36"
2405:201:3039:3848:e1d8:9841:23ae:d922 - - [08/Jun/2025:07:06:36 -0400] "GET /wotakoi-volume-list/ HTTP/1.1" 304 0 "https://wotaku-manga.com/manga/wotaku-ni-koi-wa-muzukashii-chapter-47/" "Mozilla/5.0 (Linux; Android 12; V2236 Build/SP1A.210812.003) AppleWebKit/537.36 (KHTML, like Gecko) Chrome/136.0.7103.125 Mobile Safari/537.36"
2001:d08:2001:c99b:3984:ba74:4b35:b4a8 - - [08/Jun/2025:07:06:37 -0400] "GET / HTTP/1.1" 200 37893 "https://www.google.com/" "Mozilla/5.0 (iPhone; CPU iPhone OS 16_5_0 like Mac OS X) AppleWebKit/605.1.15 (KHTML, like Gecko) CriOS/136.0.7103.91 Mobile/15E148 Safari/604.1"
2405:201:3039:3848:e1d8:9841:23ae:d922 - - [08/Jun/2025:07:06:38 -0400] "GET /manga/wotakoi-love-is-hard-for-otaku-chapter-80/ HTTP/1.1" 200 42120 "https://wotaku-manga.com/manga/wotaku-ni-koi-wa-muzukashii-chapter-47/" "Mozilla/5.0 (Linux; Android 12; V2236 Build/SP1A.210812.003; wv) AppleWebKit/537.36 (KHTML, like Gecko) Version/4.0 Chrome/136.0.7103.125 Mobile Safari/537.36"
2405:201:3039:3848:e1d8:9841:23ae:d922 - - [08/Jun/2025:07:06:38 -0400] "GET /manga/wotakoi-love-is-hard-for-otaku-chapter-80/ HTTP/1.1" 304 0 "https://wotaku-manga.com/manga/wotaku-ni-koi-wa-muzukashii-chapter-47/" "Mozilla/5.0 (Linux; Android 12; V2236 Build/SP1A.210812.003) AppleWebKit/537.36 (KHTML, like Gecko) Chrome/136.0.7103.125 Mobile Safari/537.36"
2001:d08:2001:c99b:3984:ba74:4b35:b4a8 - - [08/Jun/2025:07:06:40 -0400] "GET /wp-content/uploads/2021/11/Volume_1_English-1421x2048.jpg HTTP/1.1" 200 238009 "https://wotaku-manga.com/" "Mozilla/5.0 (iPhone; CPU iPhone OS 16_5_0 like Mac OS X) AppleWebKit/605.1.15 (KHTML, like Gecko) CriOS/136.0.7103.91 Mobile/15E148 Safari/604.1"
2001:d08:2001:c99b:3984:ba74:4b35:b4a8 - - [08/Jun/2025:07:06:40 -0400] "GET /wp-content/uploads/2021/11/Wotaku_ni_Koi_wa_Muzukashii-11-jp-1.jpg HTTP/1.1" 200 230966 "https://wotaku-manga.com/" "Mozilla/5.0 (iPhone; CPU iPhone OS 16_5_0 like Mac OS X) AppleWebKit/605.1.15 (KHTML, like Gecko) CriOS/136.0.7103.91 Mobile/15E148 Safari/604.1"
2405:201:3039:3848:e1d8:9841:23ae:d922 - - [08/Jun/2025:07:06:40 -0400] "GET /manga/wotaku-ni-koi-wa-muzukashii-chapter-48/ HTTP/1.1" 304 0 "https://wotaku-manga.com/manga/wotaku-ni-koi-wa-muzukashii-chapter-47/" "Mozilla/5.0 (Linux; Android 12; V2236 Build/SP1A.210812.003; wv) AppleWebKit/537.36 (KHTML, like Gecko) Version/4.0 Chrome/136.0.7103.125 Mobile Safari/537.36"
2405:201:3039:3848:e1d8:9841:23ae:d922 - - [08/Jun/2025:07:06:41 -0400] "GET /manga/wotaku-ni-koi-wa-muzukashii-chapter-48/ HTTP/1.1" 304 0 "https://wotaku-manga.com/manga/wotaku-ni-koi-wa-muzukashii-chapter-47/" "Mozilla/5.0 (Linux; Android 12; V2236 Build/SP1A.210812.003) AppleWebKit/537.36 (KHTML, like Gecko) Chrome/136.0.7103.125 Mobile Safari/537.36"
2405:201:3039:3848:e1d8:9841:23ae:d922 - - [08/Jun/2025:07:06:42 -0400] "GET /wotakoi-volume-list/ HTTP/1.1" 304 0 "https://wotaku-manga.com/manga/wotaku-ni-koi-wa-muzukashii-chapter-48/" "Mozilla/5.0 (Linux; Android 12; V2236 Build/SP1A.210812.003; wv) AppleWebKit/537.36 (KHTML, like Gecko) Version/4.0 Chrome/136.0.7103.125 Mobile Safari/537.36"
2405:201:3039:3848:e1d8:9841:23ae:d922 - - [08/Jun/2025:07:06:43 -0400] "POST /wp-admin/admin-ajax.php HTTP/1.1" 200 61 "https://wotaku-manga.com/manga/wotaku-ni-koi-wa-muzukashii-chapter-48/" "Mozilla/5.0 (Linux; Android 12; V2236 Build/SP1A.210812.003) AppleWebKit/537.36 (KHTML, like Gecko) Chrome/136.0.7103.125 Mobile Safari/537.36"
2405:201:3039:3848:e1d8:9841:23ae:d922 - - [08/Jun/2025:07:06:44 -0400] "GET /wotakoi-volume-list/ HTTP/1.1" 304 0 "https://wotaku-manga.com/manga/wotaku-ni-koi-wa-muzukashii-chapter-48/" "Mozilla/5.0 (Linux; Android 12; V2236 Build/SP1A.210812.003) AppleWebKit/537.36 (KHTML, like Gecko) Chrome/136.0.7103.125 Mobile Safari/537.36"
2405:201:3039:3848:e1d8:9841:23ae:d922 - - [08/Jun/2025:07:06:47 -0400] "GET /privacy-policy/ HTTP/1.1" 200 38602 "https://wotaku-manga.com/manga/wotaku-ni-koi-wa-muzukashii-chapter-48/" "Mozilla/5.0 (Linux; Android 12; V2236 Build/SP1A.210812.003; wv) AppleWebKit/537.36 (KHTML, like Gecko) Version/4.0 Chrome/136.0.7103.125 Mobile Safari/537.36"
2405:201:3039:3848:e1d8:9841:23ae:d922 - - [08/Jun/2025:07:06:48 -0400] "GET /privacy-policy/ HTTP/1.1" 304 0 "https://wotaku-manga.com/manga/wotaku-ni-koi-wa-muzukashii-chapter-48/" "Mozilla/5.0 (Linux; Android 12; V2236 Build/SP1A.210812.003) AppleWebKit/537.36 (KHTML, like Gecko) Chrome/136.0.7103.125 Mobile Safari/537.36"
2405:201:3039:3848:e1d8:9841:23ae:d922 - - [08/Jun/2025:07:06:48 -0400] "GET /manga/wotaku-ni-koi-wa-muzukashii-chapter-49/ HTTP/1.1" 304 0 "https://wotaku-manga.com/manga/wotaku-ni-koi-wa-muzukashii-chapter-48/" "Mozilla/5.0 (Linux; Android 12; V2236 Build/SP1A.210812.003; wv) AppleWebKit/537.36 (KHTML, like Gecko) Version/4.0 Chrome/136.0.7103.125 Mobile Safari/537.36"
2405:201:3039:3848:e1d8:9841:23ae:d922 - - [08/Jun/2025:07:06:49 -0400] "GET /manga/wotaku-ni-koi-wa-muzukashii-chapter-49/ HTTP/1.1" 304 0 "https://wotaku-manga.com/manga/wotaku-ni-koi-wa-muzukashii-chapter-48/" "Mozilla/5.0 (Linux; Android 12; V2236 Build/SP1A.210812.003) AppleWebKit/537.36 (KHTML, like Gecko) Chrome/136.0.7103.125 Mobile Safari/537.36"
2405:201:3039:3848:e1d8:9841:23ae:d922 - - [08/Jun/2025:07:06:49 -0400] "GET / HTTP/1.1" 304 0 "https://wotaku-manga.com/manga/wotaku-ni-koi-wa-muzukashii-chapter-48/" "Mozilla/5.0 (Linux; Android 12; V2236 Build/SP1A.210812.003; wv) AppleWebKit/537.36 (KHTML, like Gecko) Version/4.0 Chrome/136.0.7103.125 Mobile Safari/537.36"
2405:201:3039:3848:e1d8:9841:23ae:d922 - - [08/Jun/2025:07:06:49 -0400] "GET / HTTP/1.1" 304 0 "https://wotaku-manga.com/manga/wotaku-ni-koi-wa-muzukashii-chapter-48/" "Mozilla/5.0 (Linux; Android 12; V2236 Build/SP1A.210812.003) AppleWebKit/537.36 (KHTML, like Gecko) Chrome/136.0.7103.125 Mobile Safari/537.36"
2405:201:3039:3848:e1d8:9841:23ae:d922 - - [08/Jun/2025:07:06:51 -0400] "GET /wotakoi-volume-list/ HTTP/1.1" 304 0 "https://wotaku-manga.com/manga/wotaku-ni-koi-wa-muzukashii-chapter-49/" "Mozilla/5.0 (Linux; Android 12; V2236 Build/SP1A.210812.003; wv) AppleWebKit/537.36 (KHTML, like Gecko) Version/4.0 Chrome/136.0.7103.125 Mobile Safari/537.36"
2405:201:3039:3848:e1d8:9841:23ae:d922 - - [08/Jun/2025:07:06:53 -0400] "GET /wotakoi-volume-list/ HTTP/1.1" 304 0 "https://wotaku-manga.com/manga/wotaku-ni-koi-wa-muzukashii-chapter-49/" "Mozilla/5.0 (Linux; Android 12; V2236 Build/SP1A.210812.003) AppleWebKit/537.36 (KHTML, like Gecko) Chrome/136.0.7103.125 Mobile Safari/537.36"
2405:201:3039:3848:e1d8:9841:23ae:d922 - - [08/Jun/2025:07:06:59 -0400] "GET /category/wotakoi-love-is-hard-for-otaku-manga-ending/ HTTP/1.1" 200 46206 "https://wotaku-manga.com/manga/wotaku-ni-koi-wa-muzukashii-chapter-49/" "Mozilla/5.0 (Linux; Android 12; V2236 Build/SP1A.210812.003; wv) AppleWebKit/537.36 (KHTML, like Gecko) Version/4.0 Chrome/136.0.7103.125 Mobile Safari/537.36"
2405:201:3039:3848:e1d8:9841:23ae:d922 - - [08/Jun/2025:07:06:59 -0400] "GET /category/wotakoi-love-is-hard-for-otaku-manga-ending/ HTTP/1.1" 304 0 "https://wotaku-manga.com/manga/wotaku-ni-koi-wa-muzukashii-chapter-49/" "Mozilla/5.0 (Linux; Android 12; V2236 Build/SP1A.210812.003) AppleWebKit/537.36 (KHTML, like Gecko) Chrome/136.0.7103.125 Mobile Safari/537.36"
2405:201:3039:3848:e1d8:9841:23ae:d922 - - [08/Jun/2025:07:07:00 -0400] "GET /manga/wotaku-ni-koi-wa-muzukashii-chapter-50/ HTTP/1.1" 200 42076 "https://wotaku-manga.com/manga/wotaku-ni-koi-wa-muzukashii-chapter-49/" "Mozilla/5.0 (Linux; Android 12; V2236 Build/SP1A.210812.003; wv) AppleWebKit/537.36 (KHTML, like Gecko) Version/4.0 Chrome/136.0.7103.125 Mobile Safari/537.36"
2405:201:3039:3848:e1d8:9841:23ae:d922 - - [08/Jun/2025:07:07:00 -0400] "GET /manga/wotaku-ni-koi-wa-muzukashii-chapter-50/ HTTP/1.1" 304 0 "https://wotaku-manga.com/manga/wotaku-ni-koi-wa-muzukashii-chapter-49/" "Mozilla/5.0 (Linux; Android 12; V2236 Build/SP1A.210812.003) AppleWebKit/537.36 (KHTML, like Gecko) Chrome/136.0.7103.125 Mobile Safari/537.36"
162.0.232.193 - - [08/Jun/2025:07:07:01 -0400] "POST /wp-cron.php?doing_wp_cron=1749380821.0139861106872558593750 HTTP/1.1" 200 0 "-" "WordPress/6.8.1; https://wotaku-manga.com"
64.23.196.144 - - [08/Jun/2025:07:06:36 -0400] "POST /xmlrpc.php HTTP/1.1" 200 205 "-" "Mozilla/5.0 (Windows NT 10.0; Win64; x64) AppleWebKit/537.36 (KHTML, like Gecko) Chrome/126.0.0.0 Safari/537.36"
2405:201:3039:3848:e1d8:9841:23ae:d922 - - [08/Jun/2025:07:07:01 -0400] "GET /wotakoi-volume-list/ HTTP/1.1" 304 0 "https://wotaku-manga.com/manga/wotaku-ni-koi-wa-muzukashii-chapter-50/" "Mozilla/5.0 (Linux; Android 12; V2236 Build/SP1A.210812.003; wv) AppleWebKit/537.36 (KHTML, like Gecko) Version/4.0 Chrome/136.0.7103.125 Mobile Safari/537.36"
2405:201:3039:3848:e1d8:9841:23ae:d922 - - [08/Jun/2025:07:07:03 -0400] "GET /wotakoi-volume-list/ HTTP/1.1" 304 0 "https://wotaku-manga.com/manga/wotaku-ni-koi-wa-muzukashii-chapter-50/" "Mozilla/5.0 (Linux; Android 12; V2236 Build/SP1A.210812.003) AppleWebKit/537.36 (KHTML, like Gecko) Chrome/136.0.7103.125 Mobile Safari/537.36"
103.69.98.45 - - [08/Jun/2025:07:07:07 -0400] "POST /xmlrpc.php HTTP/1.1" 200 205 "-" "Mozilla/5.0 (Windows NT 10.0; Win64; x64) AppleWebKit/537.36 (KHTML, like Gecko) Chrome/126.0.0.0 Safari/537.36"
220.158.233.221 - - [08/Jun/2025:07:07:15 -0400] "POST /xmlrpc.php HTTP/1.1" 200 205 "-" "Mozilla/5.0 (Windows NT 10.0; Win64; x64) AppleWebKit/537.36 (KHTML, like Gecko) Chrome/126.0.0.0 Safari/537.36"
162.0.232.193 - - [08/Jun/2025:07:07:19 -0400] "POST /wp-cron.php?doing_wp_cron=1749380839.1104309558868408203125 HTTP/1.1" 200 0 "-" "WordPress/6.8.1; https://wotaku-manga.com"
37.97.201.80 - - [08/Jun/2025:07:07:18 -0400] "POST /xmlrpc.php HTTP/1.1" 200 205 "-" "Mozilla/5.0 (Windows NT 10.0; Win64; x64) AppleWebKit/537.36 (KHTML, like Gecko) Chrome/126.0.0.0 Safari/537.36"
2001:d08:2001:c99b:3984:ba74:4b35:b4a8 - - [08/Jun/2025:07:07:20 -0400] "GET / HTTP/1.1" 304 0 "https://www.google.com/" "Mozilla/5.0 (iPhone; CPU iPhone OS 16_5_0 like Mac OS X) AppleWebKit/605.1.15 (KHTML, like Gecko) CriOS/136.0.7103.91 Mobile/15E148 Safari/604.1"
51.210.194.145 - - [08/Jun/2025:07:07:27 -0400] "POST /xmlrpc.php HTTP/1.1" 200 205 "-" "Mozilla/5.0 (Windows NT 10.0; Win64; x64) AppleWebKit/537.36 (KHTML, like Gecko) Chrome/126.0.0.0 Safari/537.36"
2001:d08:2001:c99b:3984:ba74:4b35:b4a8 - - [08/Jun/2025:07:07:28 -0400] "GET /manga/wotakoi-love-is-hard-for-otaku-chapter-0/ HTTP/1.1" 200 42438 "https://wotaku-manga.com/" "Mozilla/5.0 (iPhone; CPU iPhone OS 16_5_0 like Mac OS X) AppleWebKit/605.1.15 (KHTML, like Gecko) CriOS/136.0.7103.91 Mobile/15E148 Safari/604.1"
2001:d08:2001:c99b:3984:ba74:4b35:b4a8 - - [08/Jun/2025:07:07:30 -0400] "POST /wp-admin/admin-ajax.php HTTP/1.1" 200 61 "https://wotaku-manga.com/manga/wotakoi-love-is-hard-for-otaku-chapter-0/" "Mozilla/5.0 (iPhone; CPU iPhone OS 16_5_0 like Mac OS X) AppleWebKit/605.1.15 (KHTML, like Gecko) CriOS/136.0.7103.91 Mobile/15E148 Safari/604.1"
193.104.43.177 - - [08/Jun/2025:07:07:33 -0400] "POST /xmlrpc.php HTTP/1.1" 200 205 "-" "Mozilla/5.0 (Windows NT 10.0; Win64; x64) AppleWebKit/537.36 (KHTML, like Gecko) Chrome/126.0.0.0 Safari/537.36"
2405:201:3039:3848:e1d8:9841:23ae:d922 - - [08/Jun/2025:07:07:39 -0400] "GET /manga/wotaku-ni-koi-wa-muzukashii-chapter-51/ HTTP/1.1" 200 43418 "https://wotaku-manga.com/manga/wotaku-ni-koi-wa-muzukashii-chapter-50/" "Mozilla/5.0 (Linux; Android 12; V2236 Build/SP1A.210812.003) AppleWebKit/537.36 (KHTML, like Gecko) Chrome/136.0.7103.125 Mobile Safari/537.36"
2405:201:3039:3848:e1d8:9841:23ae:d922 - - [08/Jun/2025:07:07:39 -0400] "GET /tag/read-wotakoi/ HTTP/1.1" 301 0 "https://wotaku-manga.com/manga/wotaku-ni-koi-wa-muzukashii-chapter-50/" "Mozilla/5.0 (Linux; Android 12; V2236 Build/SP1A.210812.003; wv) AppleWebKit/537.36 (KHTML, like Gecko) Version/4.0 Chrome/136.0.7103.125 Mobile Safari/537.36"
2405:201:3039:3848:e1d8:9841:23ae:d922 - - [08/Jun/2025:07:07:40 -0400] "GET /manga/wotaku-ni-koi-wa-muzukashii-chapter-51/ HTTP/1.1" 304 0 "https://wotaku-manga.com/manga/wotaku-ni-koi-wa-muzukashii-chapter-50/" "Mozilla/5.0 (Linux; Android 12; V2236 Build/SP1A.210812.003) AppleWebKit/537.36 (KHTML, like Gecko) Chrome/136.0.7103.125 Mobile Safari/537.36"
2405:201:3039:3848:e1d8:9841:23ae:d922 - - [08/Jun/2025:07:07:40 -0400] "GET / HTTP/1.1" 304 0 "https://wotaku-manga.com/manga/wotaku-ni-koi-wa-muzukashii-chapter-50/" "Mozilla/5.0 (Linux; Android 12; V2236 Build/SP1A.210812.003; wv) AppleWebKit/537.36 (KHTML, like Gecko) Version/4.0 Chrome/136.0.7103.125 Mobile Safari/537.36"
23.236.181.171 - - [08/Jun/2025:07:07:40 -0400] "POST /xmlrpc.php HTTP/1.1" 200 205 "-" "Mozilla/5.0 (Windows NT 10.0; Win64; x64) AppleWebKit/537.36 (KHTML, like Gecko) Chrome/126.0.0.0 Safari/537.36"
2405:201:3039:3848:e1d8:9841:23ae:d922 - - [08/Jun/2025:07:07:40 -0400] "GET / HTTP/1.1" 304 0 "https://wotaku-manga.com/manga/wotaku-ni-koi-wa-muzukashii-chapter-50/" "Mozilla/5.0 (Linux; Android 12; V2236 Build/SP1A.210812.003) AppleWebKit/537.36 (KHTML, like Gecko) Chrome/136.0.7103.125 Mobile Safari/537.36"
2405:201:3039:3848:e1d8:9841:23ae:d922 - - [08/Jun/2025:07:07:40 -0400] "GET /manga/wotaku-ni-koi-wa-muzukashii-chapter-51/ HTTP/1.1" 304 0 "https://wotaku-manga.com/manga/wotaku-ni-koi-wa-muzukashii-chapter-50/" "Mozilla/5.0 (Linux; Android 12; V2236 Build/SP1A.210812.003; wv) AppleWebKit/537.36 (KHTML, like Gecko) Version/4.0 Chrome/136.0.7103.125 Mobile Safari/537.36"
2405:201:3039:3848:e1d8:9841:23ae:d922 - - [08/Jun/2025:07:07:42 -0400] "GET /wotakoi-story/ HTTP/1.1" 200 40784 "https://wotaku-manga.com/manga/wotaku-ni-koi-wa-muzukashii-chapter-51/" "Mozilla/5.0 (Linux; Android 12; V2236 Build/SP1A.210812.003; wv) AppleWebKit/537.36 (KHTML, like Gecko) Version/4.0 Chrome/136.0.7103.125 Mobile Safari/537.36"
2405:201:3039:3848:e1d8:9841:23ae:d922 - - [08/Jun/2025:07:07:43 -0400] "POST /wp-admin/admin-ajax.php HTTP/1.1" 200 61 "https://wotaku-manga.com/manga/wotaku-ni-koi-wa-muzukashii-chapter-51/" "Mozilla/5.0 (Linux; Android 12; V2236 Build/SP1A.210812.003) AppleWebKit/537.36 (KHTML, like Gecko) Chrome/136.0.7103.125 Mobile Safari/537.36"
2405:201:3039:3848:e1d8:9841:23ae:d922 - - [08/Jun/2025:07:07:44 -0400] "GET /wotakoi-story/ HTTP/1.1" 304 0 "https://wotaku-manga.com/manga/wotaku-ni-koi-wa-muzukashii-chapter-51/" "Mozilla/5.0 (Linux; Android 12; V2236 Build/SP1A.210812.003) AppleWebKit/537.36 (KHTML, like Gecko) Chrome/136.0.7103.125 Mobile Safari/537.36"
2a03:2880:31ff:9:: - - [08/Jun/2025:07:08:11 -0400] "GET / HTTP/1.1" 200 37331 "-" "meta-externalagent/1.1 (+https://developers.facebook.com/docs/sharing/webmasters/crawler)"
64.23.196.144 - - [08/Jun/2025:07:07:46 -0400] "POST /xmlrpc.php HTTP/1.1" 200 0 "-" "Mozilla/5.0 (Windows NT 10.0; Win64; x64) AppleWebKit/537.36 (KHTML, like Gecko) Chrome/126.0.0.0 Safari/537.36"
162.0.232.193 - - [08/Jun/2025:07:08:48 -0400] "POST /wp-cron.php?doing_wp_cron=1749380928.6934349536895751953125 HTTP/1.1" 200 0 "-" "WordPress/6.8.1; https://wotaku-manga.com"
20.59.58.155 - - [08/Jun/2025:07:08:48 -0400] "POST /xmlrpc.php HTTP/1.1" 200 205 "-" "Mozilla/5.0 (Windows NT 10.0; Win64; x64) AppleWebKit/537.36 (KHTML, like Gecko) Chrome/126.0.0.0 Safari/537.36"
103.69.98.51 - - [08/Jun/2025:07:08:54 -0400] "POST /xmlrpc.php HTTP/1.1" 200 205 "-" "Mozilla/5.0 (Windows NT 10.0; Win64; x64) AppleWebKit/537.36 (KHTML, like Gecko) Chrome/126.0.0.0 Safari/537.36"
193.104.43.177 - - [08/Jun/2025:07:08:57 -0400] "POST /xmlrpc.php HTTP/1.1" 200 205 "-" "Mozilla/5.0 (Windows NT 10.0; Win64; x64) AppleWebKit/537.36 (KHTML, like Gecko) Chrome/126.0.0.0 Safari/537.36"
183.171.64.151 - - [08/Jun/2025:07:08:57 -0400] "GET /tag/wotakoi-manga/ HTTP/1.1" 301 0 "https://wotaku-manga.com/manga/wotaku-ni-koi-wa-muzukashii-chapter-54/" "Mozilla/5.0 (X11; CrOS x86_64 14541.0.0) AppleWebKit/537.36 (KHTML, like Gecko) Chrome/126.0.0.0 Safari/537.36"
183.171.64.151 - - [08/Jun/2025:07:08:58 -0400] "GET / HTTP/1.1" 200 37331 "https://wotaku-manga.com/manga/wotaku-ni-koi-wa-muzukashii-chapter-54/" "Mozilla/5.0 (X11; CrOS x86_64 14541.0.0) AppleWebKit/537.36 (KHTML, like Gecko) Chrome/126.0.0.0 Safari/537.36"
183.171.64.151 - - [08/Jun/2025:07:09:03 -0400] "GET /manga/wotaku-ni-koi-wa-muzukashii-chapter-53/ HTTP/1.1" 304 0 "https://wotaku-manga.com/manga/wotaku-ni-koi-wa-muzukashii-chapter-54/" "Mozilla/5.0 (X11; CrOS x86_64 14541.0.0) AppleWebKit/537.36 (KHTML, like Gecko) Chrome/126.0.0.0 Safari/537.36"
183.171.64.151 - - [08/Jun/2025:07:09:03 -0400] "GET /manga/wotaku-ni-koi-wa-muzukashii-chapter-55/ HTTP/1.1" 200 41460 "https://wotaku-manga.com/manga/wotaku-ni-koi-wa-muzukashii-chapter-54/" "Mozilla/5.0 (X11; CrOS x86_64 14541.0.0) AppleWebKit/537.36 (KHTML, like Gecko) Chrome/126.0.0.0 Safari/537.36"
162.0.232.193 - - [08/Jun/2025:07:09:03 -0400] "POST /wp-cron.php?doing_wp_cron=1749380943.8498239517211914062500 HTTP/1.1" 200 0 "-" "WordPress/6.8.1; https://wotaku-manga.com"
103.231.202.90 - - [08/Jun/2025:07:09:03 -0400] "POST /xmlrpc.php HTTP/1.1" 200 205 "-" "Mozilla/5.0 (Windows NT 10.0; Win64; x64) AppleWebKit/537.36 (KHTML, like Gecko) Chrome/126.0.0.0 Safari/537.36"
183.171.64.151 - - [08/Jun/2025:07:09:05 -0400] "GET /manga/wotaku-ni-koi-wa-muzukashii-chapter-55/ HTTP/1.1" 304 0 "https://wotaku-manga.com/manga/wotaku-ni-koi-wa-muzukashii-chapter-54/" "Mozilla/5.0 (X11; CrOS x86_64 14541.0.0) AppleWebKit/537.36 (KHTML, like Gecko) Chrome/126.0.0.0 Safari/537.36"
143.244.168.63 - - [08/Jun/2025:07:09:08 -0400] "POST /xmlrpc.php HTTP/1.1" 200 205 "-" "Mozilla/5.0 (Windows NT 10.0; Win64; x64) AppleWebKit/537.36 (KHTML, like Gecko) Chrome/126.0.0.0 Safari/537.36"
162.0.232.193 - - [08/Jun/2025:07:09:30 -0400] "POST /wp-cron.php?doing_wp_cron=1749380970.5641949176788330078125 HTTP/1.1" 200 0 "-" "WordPress/6.8.1; https://wotaku-manga.com"
64.23.196.144 - - [08/Jun/2025:07:09:12 -0400] "POST /xmlrpc.php HTTP/1.1" 200 205 "-" "Mozilla/5.0 (Windows NT 10.0; Win64; x64) AppleWebKit/537.36 (KHTML, like Gecko) Chrome/126.0.0.0 Safari/537.36"
43.231.115.89 - - [08/Jun/2025:07:09:36 -0400] "POST /xmlrpc.php HTTP/1.1" 200 205 "-" "Mozilla/5.0 (Windows NT 10.0; Win64; x64) AppleWebKit/537.36 (KHTML, like Gecko) Chrome/126.0.0.0 Safari/537.36"
40.77.167.149 - - [08/Jun/2025:07:10:27 -0400] "GET /manga/wotaku-ni-koi-wa-muzukashii-chapter-24/ HTTP/1.1" 200 41556 "-" "Mozilla/5.0 AppleWebKit/537.36 (KHTML, like Gecko; compatible; bingbot/2.0; +http://www.bing.com/bingbot.htm) Chrome/116.0.1938.76 Safari/537.36"
64.23.196.144 - - [08/Jun/2025:07:09:40 -0400] "POST /xmlrpc.php HTTP/1.1" 200 0 "-" "Mozilla/5.0 (Windows NT 10.0; Win64; x64) AppleWebKit/537.36 (KHTML, like Gecko) Chrome/126.0.0.0 Safari/537.36"
162.0.232.193 - - [08/Jun/2025:07:10:39 -0400] "POST /wp-cron.php?doing_wp_cron=1749381039.4409480094909667968750 HTTP/1.1" 200 0 "-" "WordPress/6.8.1; https://wotaku-manga.com"
43.224.126.115 - - [08/Jun/2025:07:10:39 -0400] "POST /xmlrpc.php HTTP/1.1" 200 205 "-" "Mozilla/5.0 (Windows NT 10.0; Win64; x64) AppleWebKit/537.36 (KHTML, like Gecko) Chrome/126.0.0.0 Safari/537.36"
162.0.232.193 - - [08/Jun/2025:07:10:49 -0400] "POST /wp-cron.php?doing_wp_cron=1749381049.2084488868713378906250 HTTP/1.1" 200 0 "-" "WordPress/6.8.1; https://wotaku-manga.com"
51.210.194.145 - - [08/Jun/2025:07:10:48 -0400] "POST /xmlrpc.php HTTP/1.1" 200 205 "-" "Mozilla/5.0 (Windows NT 10.0; Win64; x64) AppleWebKit/537.36 (KHTML, like Gecko) Chrome/126.0.0.0 Safari/537.36"
220.158.233.221 - - [08/Jun/2025:07:10:56 -0400] "POST /xmlrpc.php HTTP/1.1" 200 205 "-" "Mozilla/5.0 (Windows NT 10.0; Win64; x64) AppleWebKit/537.36 (KHTML, like Gecko) Chrome/126.0.0.0 Safari/537.36"
162.0.232.193 - - [08/Jun/2025:07:11:15 -0400] "POST /wp-cron.php?doing_wp_cron=1749381075.6573939323425292968750 HTTP/1.1" 200 0 "-" "WordPress/6.8.1; https://wotaku-manga.com"
193.188.135.22 - - [08/Jun/2025:07:11:15 -0400] "POST /xmlrpc.php HTTP/1.1" 200 205 "-" "Mozilla/5.0 (Windows NT 10.0; Win64; x64) AppleWebKit/537.36 (KHTML, like Gecko) Chrome/126.0.0.0 Safari/537.36"
162.0.232.193 - - [08/Jun/2025:07:11:23 -0400] "POST /wp-cron.php?doing_wp_cron=1749381083.2399659156799316406250 HTTP/1.1" 200 0 "-" "WordPress/6.8.1; https://wotaku-manga.com"
20.59.58.155 - - [08/Jun/2025:07:11:23 -0400] "POST /xmlrpc.php HTTP/1.1" 200 205 "-" "Mozilla/5.0 (Windows NT 10.0; Win64; x64) AppleWebKit/537.36 (KHTML, like Gecko) Chrome/126.0.0.0 Safari/537.36"
64.23.196.144 - - [08/Jun/2025:07:11:28 -0400] "POST /xmlrpc.php HTTP/1.1" 200 205 "-" "Mozilla/5.0 (Windows NT 10.0; Win64; x64) AppleWebKit/537.36 (KHTML, like Gecko) Chrome/126.0.0.0 Safari/537.36"
43.224.126.115 - - [08/Jun/2025:07:11:38 -0400] "POST /xmlrpc.php HTTP/1.1" 200 205 "-" "Mozilla/5.0 (Windows NT 10.0; Win64; x64) AppleWebKit/537.36 (KHTML, like Gecko) Chrome/126.0.0.0 Safari/537.36"
156.67.208.223 - - [08/Jun/2025:07:11:43 -0400] "POST /xmlrpc.php HTTP/1.1" 200 205 "-" "Mozilla/5.0 (Windows NT 10.0; Win64; x64) AppleWebKit/537.36 (KHTML, like Gecko) Chrome/126.0.0.0 Safari/537.36"
162.0.232.193 - - [08/Jun/2025:07:11:59 -0400] "POST /wp-cron.php?doing_wp_cron=1749381119.5677790641784667968750 HTTP/1.1" 200 0 "-" "WordPress/6.8.1; https://wotaku-manga.com"
34.151.206.8 - - [08/Jun/2025:07:11:59 -0400] "POST /xmlrpc.php HTTP/1.1" 200 205 "-" "Mozilla/5.0 (Windows NT 10.0; Win64; x64) AppleWebKit/537.36 (KHTML, like Gecko) Chrome/126.0.0.0 Safari/537.36"
43.224.126.115 - - [08/Jun/2025:07:12:03 -0400] "POST /xmlrpc.php HTTP/1.1" 200 205 "-" "Mozilla/5.0 (Windows NT 10.0; Win64; x64) AppleWebKit/537.36 (KHTML, like Gecko) Chrome/126.0.0.0 Safari/537.36"
23.236.181.171 - - [08/Jun/2025:07:12:10 -0400] "POST /xmlrpc.php HTTP/1.1" 200 205 "-" "Mozilla/5.0 (Windows NT 10.0; Win64; x64) AppleWebKit/537.36 (KHTML, like Gecko) Chrome/126.0.0.0 Safari/537.36"
162.0.232.193 - - [08/Jun/2025:07:12:25 -0400] "POST /wp-cron.php?doing_wp_cron=1749381145.7692489624023437500000 HTTP/1.1" 200 0 "-" "WordPress/6.8.1; https://wotaku-manga.com"
43.231.115.89 - - [08/Jun/2025:07:12:25 -0400] "POST /xmlrpc.php HTTP/1.1" 200 205 "-" "Mozilla/5.0 (Windows NT 10.0; Win64; x64) AppleWebKit/537.36 (KHTML, like Gecko) Chrome/126.0.0.0 Safari/537.36"
45.64.25.34 - - [08/Jun/2025:07:12:32 -0400] "POST /xmlrpc.php HTTP/1.1" 200 205 "-" "Mozilla/5.0 (Windows NT 10.0; Win64; x64) AppleWebKit/537.36 (KHTML, like Gecko) Chrome/126.0.0.0 Safari/537.36"
2401:4900:12ea:58a:9972:f726:efe:a6c8 - - [08/Jun/2025:07:12:46 -0400] "GET /tag/volumes/ HTTP/1.1" 301 0 "https://wotaku-manga.com/manga/wotaku-ni-koi-wa-muzukashii-chapter-31/" "Mozilla/5.0 (Linux; Android 10; K) AppleWebKit/537.36 (KHTML, like Gecko) Chrome/136.0.0.0 Mobile Safari/537.36"
2401:4900:12ea:58a:9972:f726:efe:a6c8 - - [08/Jun/2025:07:12:47 -0400] "GET /category/wotakoi-love-is-hard-for-otaku-manga-set/ HTTP/1.1" 304 0 "https://wotaku-manga.com/manga/wotaku-ni-koi-wa-muzukashii-chapter-31/" "Mozilla/5.0 (Linux; Android 10; K) AppleWebKit/537.36 (KHTML, like Gecko) Chrome/136.0.0.0 Mobile Safari/537.36"
2401:4900:12ea:58a:9972:f726:efe:a6c8 - - [08/Jun/2025:07:12:47 -0400] "GET / HTTP/1.1" 304 0 "https://wotaku-manga.com/manga/wotaku-ni-koi-wa-muzukashii-chapter-31/" "Mozilla/5.0 (Linux; Android 10; K) AppleWebKit/537.36 (KHTML, like Gecko) Chrome/136.0.0.0 Mobile Safari/537.36"
2401:4900:12ea:58a:9972:f726:efe:a6c8 - - [08/Jun/2025:07:12:47 -0400] "GET / HTTP/1.1" 304 0 "https://wotaku-manga.com/manga/wotaku-ni-koi-wa-muzukashii-chapter-31/" "Mozilla/5.0 (Linux; Android 10; K) AppleWebKit/537.36 (KHTML, like Gecko) Chrome/136.0.0.0 Mobile Safari/537.36"
2401:4900:12ea:58a:9972:f726:efe:a6c8 - - [08/Jun/2025:07:12:47 -0400] "GET /category/wotakoi-love-is-hard-for-otaku-manga-set/ HTTP/1.1" 304 0 "https://wotaku-manga.com/manga/wotaku-ni-koi-wa-muzukashii-chapter-31/" "Mozilla/5.0 (Linux; Android 10; K) AppleWebKit/537.36 (KHTML, like Gecko) Chrome/136.0.0.0 Mobile Safari/537.36"
2401:4900:12ea:58a:9972:f726:efe:a6c8 - - [08/Jun/2025:07:12:48 -0400] "GET /manga/wotaku-ni-koi-wa-muzukashii-chapter-32/ HTTP/1.1" 200 42759 "https://wotaku-manga.com/manga/wotaku-ni-koi-wa-muzukashii-chapter-31/" "Mozilla/5.0 (Linux; Android 10; K) AppleWebKit/537.36 (KHTML, like Gecko) Chrome/136.0.0.0 Mobile Safari/537.36"
2401:4900:12ea:58a:9972:f726:efe:a6c8 - - [08/Jun/2025:07:12:48 -0400] "GET /manga/wotaku-ni-koi-wa-muzukashii-chapter-32/ HTTP/1.1" 304 0 "https://wotaku-manga.com/manga/wotaku-ni-koi-wa-muzukashii-chapter-31/" "Mozilla/5.0 (Linux; Android 10; K) AppleWebKit/537.36 (KHTML, like Gecko) Chrome/136.0.0.0 Mobile Safari/537.36"
2401:4900:12ea:58a:9972:f726:efe:a6c8 - - [08/Jun/2025:07:12:49 -0400] "GET /manga/wotakoi-love-is-hard-for-otaku-chapter-0/ HTTP/1.1" 304 0 "https://wotaku-manga.com/manga/wotaku-ni-koi-wa-muzukashii-chapter-32/" "Mozilla/5.0 (Linux; Android 10; K) AppleWebKit/537.36 (KHTML, like Gecko) Chrome/136.0.0.0 Mobile Safari/537.36"
162.0.232.193 - - [08/Jun/2025:07:12:50 -0400] "POST /wp-cron.php?doing_wp_cron=1749381170.2549910545349121093750 HTTP/1.1" 200 0 "-" "WordPress/6.8.1; https://wotaku-manga.com"
2401:4900:12ea:58a:9972:f726:efe:a6c8 - - [08/Jun/2025:07:12:50 -0400] "POST /wp-admin/admin-ajax.php HTTP/1.1" 200 61 "https://wotaku-manga.com/manga/wotaku-ni-koi-wa-muzukashii-chapter-32/" "Mozilla/5.0 (Linux; Android 10; K) AppleWebKit/537.36 (KHTML, like Gecko) Chrome/136.0.0.0 Mobile Safari/537.36"
162.0.232.193 - - [08/Jun/2025:07:13:01 -0400] "POST /wp-cron.php?doing_wp_cron=1749381181.1641020774841308593750 HTTP/1.1" 200 0 "-" "WordPress/6.8.1; https://wotaku-manga.com"
64.23.196.144 - - [08/Jun/2025:07:12:36 -0400] "POST /xmlrpc.php HTTP/1.1" 200 205 "-" "Mozilla/5.0 (Windows NT 10.0; Win64; x64) AppleWebKit/537.36 (KHTML, like Gecko) Chrome/126.0.0.0 Safari/537.36"
37.97.201.80 - - [08/Jun/2025:07:13:03 -0400] "POST /xmlrpc.php HTTP/1.1" 200 205 "-" "Mozilla/5.0 (Windows NT 10.0; Win64; x64) AppleWebKit/537.36 (KHTML, like Gecko) Chrome/126.0.0.0 Safari/537.36"
139.59.68.90 - - [08/Jun/2025:07:13:08 -0400] "POST /xmlrpc.php HTTP/1.1" 200 205 "-" "Mozilla/5.0 (Windows NT 10.0; Win64; x64) AppleWebKit/537.36 (KHTML, like Gecko) Chrome/126.0.0.0 Safari/537.36"
2405:201:3039:3848:e1d8:9841:23ae:d922 - - [08/Jun/2025:07:13:14 -0400] "GET /category/wotakoi-love-is-hard-for-otaku-manga-read-online/ HTTP/1.1" 200 46261 "https://wotaku-manga.com/manga/wotaku-ni-koi-wa-muzukashii-chapter-51/" "Mozilla/5.0 (Linux; Android 12; V2236 Build/SP1A.210812.003; wv) AppleWebKit/537.36 (KHTML, like Gecko) Version/4.0 Chrome/136.0.7103.125 Mobile Safari/537.36"
103.69.98.45 - - [08/Jun/2025:07:13:14 -0400] "POST /xmlrpc.php HTTP/1.1" 200 205 "-" "Mozilla/5.0 (Windows NT 10.0; Win64; x64) AppleWebKit/537.36 (KHTML, like Gecko) Chrome/126.0.0.0 Safari/537.36"
2405:201:3039:3848:e1d8:9841:23ae:d922 - - [08/Jun/2025:07:13:15 -0400] "GET /category/wotakoi-love-is-hard-for-otaku-manga-read-online/ HTTP/1.1" 304 0 "https://wotaku-manga.com/manga/wotaku-ni-koi-wa-muzukashii-chapter-51/" "Mozilla/5.0 (Linux; Android 12; V2236 Build/SP1A.210812.003) AppleWebKit/537.36 (KHTML, like Gecko) Chrome/136.0.7103.125 Mobile Safari/537.36"
2405:201:3039:3848:e1d8:9841:23ae:d922 - - [08/Jun/2025:07:13:16 -0400] "GET /manga/wotaku-ni-koi-wa-muzukashii-chapter-52/ HTTP/1.1" 200 42634 "https://wotaku-manga.com/manga/wotaku-ni-koi-wa-muzukashii-chapter-51/" "Mozilla/5.0 (Linux; Android 12; V2236 Build/SP1A.210812.003) AppleWebKit/537.36 (KHTML, like Gecko) Chrome/136.0.7103.125 Mobile Safari/537.36"
2405:201:3039:3848:e1d8:9841:23ae:d922 - - [08/Jun/2025:07:13:16 -0400] "GET /manga/wotaku-ni-koi-wa-muzukashii-chapter-52/ HTTP/1.1" 304 0 "https://wotaku-manga.com/manga/wotaku-ni-koi-wa-muzukashii-chapter-51/" "Mozilla/5.0 (Linux; Android 12; V2236 Build/SP1A.210812.003) AppleWebKit/537.36 (KHTML, like Gecko) Chrome/136.0.7103.125 Mobile Safari/537.36"
2405:201:3039:3848:e1d8:9841:23ae:d922 - - [08/Jun/2025:07:13:17 -0400] "GET /manga/wotaku-ni-koi-wa-muzukashii-chapter-52/ HTTP/1.1" 304 0 "https://wotaku-manga.com/manga/wotaku-ni-koi-wa-muzukashii-chapter-51/" "Mozilla/5.0 (Linux; Android 12; V2236 Build/SP1A.210812.003; wv) AppleWebKit/537.36 (KHTML, like Gecko) Version/4.0 Chrome/136.0.7103.125 Mobile Safari/537.36"
2405:201:3039:3848:e1d8:9841:23ae:d922 - - [08/Jun/2025:07:13:18 -0400] "GET /wotakoi-volume-list/ HTTP/1.1" 304 0 "https://wotaku-manga.com/manga/wotaku-ni-koi-wa-muzukashii-chapter-52/" "Mozilla/5.0 (Linux; Android 12; V2236 Build/SP1A.210812.003; wv) AppleWebKit/537.36 (KHTML, like Gecko) Version/4.0 Chrome/136.0.7103.125 Mobile Safari/537.36"
162.0.232.193 - - [08/Jun/2025:07:13:21 -0400] "POST /wp-cron.php?doing_wp_cron=1749381201.7155199050903320312500 HTTP/1.1" 200 0 "-" "WordPress/6.8.1; https://wotaku-manga.com"
134.209.19.9 - - [08/Jun/2025:07:13:21 -0400] "POST /xmlrpc.php HTTP/1.1" 200 205 "-" "Mozilla/5.0 (Windows NT 10.0; Win64; x64) AppleWebKit/537.36 (KHTML, like Gecko) Chrome/126.0.0.0 Safari/537.36"
2401:4900:12ea:58a:9972:f726:efe:a6c8 - - [08/Jun/2025:07:13:22 -0400] "GET /manga/wotakoi-love-is-hard-for-otaku-chapter-0/ HTTP/1.1" 304 0 "https://wotaku-manga.com/manga/wotaku-ni-koi-wa-muzukashii-chapter-32/" "Mozilla/5.0 (Linux; Android 10; K) AppleWebKit/537.36 (KHTML, like Gecko) Chrome/136.0.0.0 Mobile Safari/537.36"
2405:201:3039:3848:e1d8:9841:23ae:d922 - - [08/Jun/2025:07:13:22 -0400] "GET /wotakoi-volume-list/ HTTP/1.1" 304 0 "https://wotaku-manga.com/manga/wotaku-ni-koi-wa-muzukashii-chapter-52/" "Mozilla/5.0 (Linux; Android 12; V2236 Build/SP1A.210812.003) AppleWebKit/537.36 (KHTML, like Gecko) Chrome/136.0.7103.125 Mobile Safari/537.36"
183.171.64.151 - - [08/Jun/2025:07:13:24 -0400] "GET /manga/wotaku-ni-koi-wa-muzukashii-chapter-56/ HTTP/1.1" 200 42171 "https://wotaku-manga.com/manga/wotaku-ni-koi-wa-muzukashii-chapter-55/" "Mozilla/5.0 (X11; CrOS x86_64 14541.0.0) AppleWebKit/537.36 (KHTML, like Gecko) Chrome/126.0.0.0 Safari/537.36"
183.171.64.151 - - [08/Jun/2025:07:13:24 -0400] "GET /manga/wotaku-ni-koi-wa-muzukashii-chapter-54/ HTTP/1.1" 304 0 "https://wotaku-manga.com/manga/wotaku-ni-koi-wa-muzukashii-chapter-55/" "Mozilla/5.0 (X11; CrOS x86_64 14541.0.0) AppleWebKit/537.36 (KHTML, like Gecko) Chrome/126.0.0.0 Safari/537.36"
183.171.64.151 - - [08/Jun/2025:07:13:25 -0400] "GET /manga/wotaku-ni-koi-wa-muzukashii-chapter-56/ HTTP/1.1" 304 0 "https://wotaku-manga.com/manga/wotaku-ni-koi-wa-muzukashii-chapter-55/" "Mozilla/5.0 (X11; CrOS x86_64 14541.0.0) AppleWebKit/537.36 (KHTML, like Gecko) Chrome/126.0.0.0 Safari/537.36"
103.69.98.51 - - [08/Jun/2025:07:13:28 -0400] "POST /xmlrpc.php HTTP/1.1" 200 205 "-" "Mozilla/5.0 (Windows NT 10.0; Win64; x64) AppleWebKit/537.36 (KHTML, like Gecko) Chrome/126.0.0.0 Safari/537.36"
103.195.184.239 - - [08/Jun/2025:07:13:33 -0400] "POST /xmlrpc.php HTTP/1.1" 200 205 "-" "Mozilla/5.0 (Windows NT 10.0; Win64; x64) AppleWebKit/537.36 (KHTML, like Gecko) Chrome/126.0.0.0 Safari/537.36"
2400:6a80:8184:2fe0:dd03:6fb5:76c1:b82e - - [08/Jun/2025:07:13:36 -0400] "GET /category/wotakoi-love-is-hard-for-otaku-manga-ending/ HTTP/1.1" 200 46197 "-" "Mozilla/5.0 (Linux; Android 10; K) AppleWebKit/537.36 (KHTML, like Gecko) Chrome/137.0.0.0 Mobile Safari/537.36"
2400:6a80:8184:2fe0:dd03:6fb5:76c1:b82e - - [08/Jun/2025:07:13:36 -0400] "GET /manga/wotaku-ni-koi-wa-muzukashii-chapter-25/ HTTP/1.1" 304 0 "-" "Mozilla/5.0 (Linux; Android 10; K) AppleWebKit/537.36 (KHTML, like Gecko) Chrome/137.0.0.0 Mobile Safari/537.36"
2400:6a80:8184:2fe0:dd03:6fb5:76c1:b82e - - [08/Jun/2025:07:13:37 -0400] "GET /manga/wotaku-ni-koi-wa-muzukashii-chapter-25/ HTTP/1.1" 304 0 "https://wotaku-manga.com/manga/wotaku-ni-koi-wa-muzukashii-chapter-24/" "Mozilla/5.0 (Linux; Android 10; K) AppleWebKit/537.36 (KHTML, like Gecko) Chrome/137.0.0.0 Mobile Safari/537.36"
2400:6a80:8184:2fe0:dd03:6fb5:76c1:b82e - - [08/Jun/2025:07:13:38 -0400] "POST /wp-admin/admin-ajax.php HTTP/1.1" 200 61 "https://wotaku-manga.com/manga/wotaku-ni-koi-wa-muzukashii-chapter-25/" "Mozilla/5.0 (Linux; Android 10; K) AppleWebKit/537.36 (KHTML, like Gecko) Chrome/137.0.0.0 Mobile Safari/537.36"
103.69.98.45 - - [08/Jun/2025:07:13:39 -0400] "POST /xmlrpc.php HTTP/1.1" 200 205 "-" "Mozilla/5.0 (Windows NT 10.0; Win64; x64) AppleWebKit/537.36 (KHTML, like Gecko) Chrome/126.0.0.0 Safari/537.36"
2400:6a80:8184:2fe0:dd03:6fb5:76c1:b82e - - [08/Jun/2025:07:13:40 -0400] "GET /wotakoi-volume-list/ HTTP/1.1" 304 0 "-" "Mozilla/5.0 (Linux; Android 10; K) AppleWebKit/537.36 (KHTML, like Gecko) Chrome/137.0.0.0 Mobile Safari/537.36"
2400:6a80:8184:2fe0:dd03:6fb5:76c1:b82e - - [08/Jun/2025:07:13:40 -0400] "GET /manga/wotaku-ni-koi-wa-muzukashii-chapter-25/ HTTP/1.1" 304 0 "-" "Mozilla/5.0 (Linux; Android 10; K) AppleWebKit/537.36 (KHTML, like Gecko) Chrome/137.0.0.0 Mobile Safari/537.36"
162.0.232.193 - - [08/Jun/2025:07:13:46 -0400] "POST /wp-cron.php?doing_wp_cron=1749381226.1453020572662353515625 HTTP/1.1" 200 0 "-" "WordPress/6.8.1; https://wotaku-manga.com"
103.69.98.45 - - [08/Jun/2025:07:13:45 -0400] "POST /xmlrpc.php HTTP/1.1" 200 205 "-" "Mozilla/5.0 (Windows NT 10.0; Win64; x64) AppleWebKit/537.36 (KHTML, like Gecko) Chrome/126.0.0.0 Safari/537.36"
73.15.236.90 - - [08/Jun/2025:07:14:13 -0400] "GET /manga/wotaku-ni-koi-wa-muzukashii-chapter-65-2/ HTTP/1.1" 200 42551 "-" "Mozilla/5.0 (iPhone; CPU iPhone OS 18_5 like Mac OS X) AppleWebKit/605.1.15 (KHTML, like Gecko) Mobile/15E148"
73.15.236.90 - - [08/Jun/2025:07:14:15 -0400] "GET /manga/wotaku-ni-koi-wa-muzukashii-chapter-38-5/ HTTP/1.1" 200 44714 "-" "Mozilla/5.0 (iPhone; CPU iPhone OS 18_5 like Mac OS X) AppleWebKit/605.1.15 (KHTML, like Gecko) Mobile/15E148"
162.0.232.193 - - [08/Jun/2025:07:14:45 -0400] "POST /wp-cron.php?doing_wp_cron=1749381285.3540050983428955078125 HTTP/1.1" 200 0 "-" "WordPress/6.8.1; https://wotaku-manga.com"
64.23.196.144 - - [08/Jun/2025:07:13:50 -0400] "POST /xmlrpc.php HTTP/1.1" 200 205 "-" "Mozilla/5.0 (Windows NT 10.0; Win64; x64) AppleWebKit/537.36 (KHTML, like Gecko) Chrome/126.0.0.0 Safari/537.36"
134.122.126.58 - - [08/Jun/2025:07:14:48 -0400] "POST /xmlrpc.php HTTP/1.1" 200 205 "-" "Mozilla/5.0 (Windows NT 10.0; Win64; x64) AppleWebKit/537.36 (KHTML, like Gecko) Chrome/126.0.0.0 Safari/537.36"
162.0.232.193 - - [08/Jun/2025:07:15:13 -0400] "POST /wp-cron.php?doing_wp_cron=1749381313.3792769908905029296875 HTTP/1.1" 200 0 "-" "WordPress/6.8.1; https://wotaku-manga.com"
213.55.241.60 - - [08/Jun/2025:07:15:13 -0400] "POST /wp-admin/admin-ajax.php HTTP/1.1" 200 61 "https://wotaku-manga.com/manga/wotakoi-love-is-hard-for-otaku-chapter-2/" "Mozilla/5.0 (Windows NT 10.0; Win64; x64) AppleWebKit/537.36 (KHTML, like Gecko) Chrome/134.0.0.0 Safari/537.36 OPR/119.0.0.0"
64.23.196.144 - - [08/Jun/2025:07:14:52 -0400] "POST /xmlrpc.php HTTP/1.1" 200 205 "-" "Mozilla/5.0 (Windows NT 10.0; Win64; x64) AppleWebKit/537.36 (KHTML, like Gecko) Chrome/126.0.0.0 Safari/537.36"
162.0.232.193 - - [08/Jun/2025:07:15:20 -0400] "POST /wp-cron.php?doing_wp_cron=1749381320.7940630912780761718750 HTTP/1.1" 200 0 "-" "WordPress/6.8.1; https://wotaku-manga.com"
139.59.68.90 - - [08/Jun/2025:07:15:20 -0400] "POST /xmlrpc.php HTTP/1.1" 200 205 "-" "Mozilla/5.0 (Windows NT 10.0; Win64; x64) AppleWebKit/537.36 (KHTML, like Gecko) Chrome/126.0.0.0 Safari/537.36"
103.69.98.45 - - [08/Jun/2025:07:15:28 -0400] "POST /xmlrpc.php HTTP/1.1" 200 205 "-" "Mozilla/5.0 (Windows NT 10.0; Win64; x64) AppleWebKit/537.36 (KHTML, like Gecko) Chrome/126.0.0.0 Safari/537.36"
2405:201:3039:3848:e1d8:9841:23ae:d922 - - [08/Jun/2025:07:16:28 -0400] "GET /manga/wotaku-ni-koi-wa-muzukashii-chapter-52/ HTTP/1.1" 200 42634 "https://wotaku-manga.com/manga/wotaku-ni-koi-wa-muzukashii-chapter-51/" "Mozilla/5.0 (Linux; Android 12; V2236 Build/SP1A.210812.003) AppleWebKit/537.36 (KHTML, like Gecko) Chrome/136.0.7103.125 Mobile Safari/537.36"
64.23.196.144 - - [08/Jun/2025:07:15:32 -0400] "POST /xmlrpc.php HTTP/1.1" 200 0 "-" "Mozilla/5.0 (Windows NT 10.0; Win64; x64) AppleWebKit/537.36 (KHTML, like Gecko) Chrome/126.0.0.0 Safari/537.36"
2405:201:3039:3848:e1d8:9841:23ae:d922 - - [08/Jun/2025:07:16:30 -0400] "GET /tag/naoya-nifuji/ HTTP/1.1" 301 0 "https://wotaku-manga.com/manga/wotaku-ni-koi-wa-muzukashii-chapter-52/" "Mozilla/5.0 (Linux; Android 12; V2236 Build/SP1A.210812.003; wv) AppleWebKit/537.36 (KHTML, like Gecko) Version/4.0 Chrome/136.0.7103.125 Mobile Safari/537.36"
2405:201:3039:3848:e1d8:9841:23ae:d922 - - [08/Jun/2025:07:16:31 -0400] "GET / HTTP/1.1" 200 37977 "https://wotaku-manga.com/manga/wotaku-ni-koi-wa-muzukashii-chapter-52/" "Mozilla/5.0 (Linux; Android 12; V2236 Build/SP1A.210812.003; wv) AppleWebKit/537.36 (KHTML, like Gecko) Version/4.0 Chrome/136.0.7103.125 Mobile Safari/537.36"
2405:201:3039:3848:e1d8:9841:23ae:d922 - - [08/Jun/2025:07:16:31 -0400] "GET / HTTP/1.1" 304 0 "https://wotaku-manga.com/manga/wotaku-ni-koi-wa-muzukashii-chapter-52/" "Mozilla/5.0 (Linux; Android 12; V2236 Build/SP1A.210812.003) AppleWebKit/537.36 (KHTML, like Gecko) Chrome/136.0.7103.125 Mobile Safari/537.36"
2405:201:3039:3848:e1d8:9841:23ae:d922 - - [08/Jun/2025:07:16:32 -0400] "GET /manga/wotaku-ni-koi-wa-muzukashii-chapter-53/ HTTP/1.1" 200 43117 "https://wotaku-manga.com/manga/wotaku-ni-koi-wa-muzukashii-chapter-52/" "Mozilla/5.0 (Linux; Android 12; V2236 Build/SP1A.210812.003; wv) AppleWebKit/537.36 (KHTML, like Gecko) Version/4.0 Chrome/136.0.7103.125 Mobile Safari/537.36"
2405:201:3039:3848:e1d8:9841:23ae:d922 - - [08/Jun/2025:07:16:33 -0400] "GET /manga/wotaku-ni-koi-wa-muzukashii-chapter-53/ HTTP/1.1" 304 0 "https://wotaku-manga.com/manga/wotaku-ni-koi-wa-muzukashii-chapter-52/" "Mozilla/5.0 (Linux; Android 12; V2236 Build/SP1A.210812.003) AppleWebKit/537.36 (KHTML, like Gecko) Chrome/136.0.7103.125 Mobile Safari/537.36"
2405:201:3039:3848:e1d8:9841:23ae:d922 - - [08/Jun/2025:07:16:34 -0400] "GET / HTTP/1.1" 304 0 "https://wotaku-manga.com/manga/wotaku-ni-koi-wa-muzukashii-chapter-53/" "Mozilla/5.0 (Linux; Android 12; V2236 Build/SP1A.210812.003; wv) AppleWebKit/537.36 (KHTML, like Gecko) Version/4.0 Chrome/136.0.7103.125 Mobile Safari/537.36"
2405:201:3039:3848:e1d8:9841:23ae:d922 - - [08/Jun/2025:07:16:38 -0400] "GET / HTTP/1.1" 304 0 "https://wotaku-manga.com/manga/wotaku-ni-koi-wa-muzukashii-chapter-53/" "Mozilla/5.0 (Linux; Android 12; V2236 Build/SP1A.210812.003) AppleWebKit/537.36 (KHTML, like Gecko) Chrome/136.0.7103.125 Mobile Safari/537.36"
183.171.64.151 - - [08/Jun/2025:07:17:00 -0400] "GET /manga/wotaku-ni-koi-wa-muzukashii-chapter-57/ HTTP/1.1" 200 41895 "https://wotaku-manga.com/manga/wotaku-ni-koi-wa-muzukashii-chapter-56/" "Mozilla/5.0 (X11; CrOS x86_64 14541.0.0) AppleWebKit/537.36 (KHTML, like Gecko) Chrome/126.0.0.0 Safari/537.36"
162.0.232.193 - - [08/Jun/2025:07:17:01 -0400] "POST /wp-cron.php?doing_wp_cron=1749381420.8641779422760009765625 HTTP/1.1" 200 0 "-" "WordPress/6.8.1; https://wotaku-manga.com"
64.23.196.144 - - [08/Jun/2025:07:16:32 -0400] "POST /xmlrpc.php HTTP/1.1" 200 205 "-" "Mozilla/5.0 (Windows NT 10.0; Win64; x64) AppleWebKit/537.36 (KHTML, like Gecko) Chrome/126.0.0.0 Safari/537.36"
183.171.64.151 - - [08/Jun/2025:07:17:01 -0400] "GET /manga/wotaku-ni-koi-wa-muzukashii-chapter-57/ HTTP/1.1" 304 0 "https://wotaku-manga.com/manga/wotaku-ni-koi-wa-muzukashii-chapter-56/" "Mozilla/5.0 (X11; CrOS x86_64 14541.0.0) AppleWebKit/537.36 (KHTML, like Gecko) Chrome/126.0.0.0 Safari/537.36"
193.104.43.177 - - [08/Jun/2025:07:17:04 -0400] "POST /xmlrpc.php HTTP/1.1" 200 205 "-" "Mozilla/5.0 (Windows NT 10.0; Win64; x64) AppleWebKit/537.36 (KHTML, like Gecko) Chrome/126.0.0.0 Safari/537.36"
183.171.64.151 - - [08/Jun/2025:07:17:04 -0400] "POST /wp-admin/admin-ajax.php HTTP/1.1" 200 61 "https://wotaku-manga.com/manga/wotaku-ni-koi-wa-muzukashii-chapter-57/" "Mozilla/5.0 (X11; CrOS x86_64 14541.0.0) AppleWebKit/537.36 (KHTML, like Gecko) Chrome/126.0.0.0 Safari/537.36"
116.118.104.42 - - [08/Jun/2025:07:17:11 -0400] "POST /xmlrpc.php HTTP/1.1" 200 205 "-" "Mozilla/5.0 (Windows NT 10.0; Win64; x64) AppleWebKit/537.36 (KHTML, like Gecko) Chrome/126.0.0.0 Safari/537.36"
2001:4860:7:f03::ff - - [08/Jun/2025:07:17:17 -0400] "GET / HTTP/1.1" 200 37977 "https://www.google.com/" "Mozilla/5.0 (Linux; Android 10; K) AppleWebKit/537.36 (KHTML, like Gecko) Chrome/137.0.0.0 Mobile Safari/537.36"
162.0.232.193 - - [08/Jun/2025:07:17:19 -0400] "POST /wp-cron.php?doing_wp_cron=1749381438.6968228816986083984375 HTTP/1.1" 200 0 "-" "WordPress/6.8.1; https://wotaku-manga.com"
103.69.98.45 - - [08/Jun/2025:07:17:18 -0400] "POST /xmlrpc.php HTTP/1.1" 200 205 "-" "Mozilla/5.0 (Windows NT 10.0; Win64; x64) AppleWebKit/537.36 (KHTML, like Gecko) Chrome/126.0.0.0 Safari/537.36"
85.215.125.81 - - [08/Jun/2025:07:17:28 -0400] "POST /xmlrpc.php HTTP/1.1" 200 205 "-" "Mozilla/5.0 (Windows NT 10.0; Win64; x64) AppleWebKit/537.36 (KHTML, like Gecko) Chrome/126.0.0.0 Safari/537.36"
103.195.184.239 - - [08/Jun/2025:07:17:35 -0400] "POST /xmlrpc.php HTTP/1.1" 200 205 "-" "Mozilla/5.0 (Windows NT 10.0; Win64; x64) AppleWebKit/537.36 (KHTML, like Gecko) Chrome/126.0.0.0 Safari/537.36"
92.112.193.51 - - [08/Jun/2025:07:17:39 -0400] "POST /xmlrpc.php HTTP/1.1" 200 205 "-" "Mozilla/5.0 (Windows NT 10.0; Win64; x64) AppleWebKit/537.36 (KHTML, like Gecko) Chrome/126.0.0.0 Safari/537.36"
167.99.202.6 - - [08/Jun/2025:07:17:42 -0400] "POST /xmlrpc.php HTTP/1.1" 200 205 "-" "Mozilla/5.0 (Windows NT 10.0; Win64; x64) AppleWebKit/537.36 (KHTML, like Gecko) Chrome/126.0.0.0 Safari/537.36"
162.0.232.193 - - [08/Jun/2025:07:17:49 -0400] "POST /wp-cron.php?doing_wp_cron=1749381469.5620069503784179687500 HTTP/1.1" 200 0 "-" "WordPress/6.8.1; https://wotaku-manga.com"
64.23.196.144 - - [08/Jun/2025:07:17:46 -0400] "POST /xmlrpc.php HTTP/1.1" 200 205 "-" "Mozilla/5.0 (Windows NT 10.0; Win64; x64) AppleWebKit/537.36 (KHTML, like Gecko) Chrome/126.0.0.0 Safari/537.36"
103.211.160.163 - - [08/Jun/2025:07:18:10 -0400] "GET /category/wotakoi-love-is-hard-for-otaku-manga-chapters/ HTTP/1.1" 200 46565 "https://wotaku-manga.com/manga/wotakoi-love-is-hard-for-otaku-chapter-82/" "Mozilla/5.0 (Linux; Android 10; K) AppleWebKit/537.36 (KHTML, like Gecko) Chrome/137.0.0.0 Mobile Safari/537.36"
103.211.160.163 - - [08/Jun/2025:07:18:11 -0400] "GET /manga/wotakoi-love-is-hard-for-otaku-chapter-81/ HTTP/1.1" 304 0 "https://wotaku-manga.com/manga/wotakoi-love-is-hard-for-otaku-chapter-82/" "Mozilla/5.0 (Linux; Android 10; K) AppleWebKit/537.36 (KHTML, like Gecko) Chrome/137.0.0.0 Mobile Safari/537.36"
103.211.160.163 - - [08/Jun/2025:07:18:12 -0400] "GET /manga/wotakoi-love-is-hard-for-otaku-chapter-83/ HTTP/1.1" 200 43985 "https://wotaku-manga.com/manga/wotakoi-love-is-hard-for-otaku-chapter-82/" "Mozilla/5.0 (Linux; Android 10; K) AppleWebKit/537.36 (KHTML, like Gecko) Chrome/137.0.0.0 Mobile Safari/537.36"
103.211.160.163 - - [08/Jun/2025:07:18:15 -0400] "GET /manga/wotakoi-love-is-hard-for-otaku-chapter-79/ HTTP/1.1" 304 0 "https://wotaku-manga.com/manga/wotakoi-love-is-hard-for-otaku-chapter-82/" "Mozilla/5.0 (Linux; Android 10; K) AppleWebKit/537.36 (KHTML, like Gecko) Chrome/137.0.0.0 Mobile Safari/537.36"
103.211.160.163 - - [08/Jun/2025:07:18:16 -0400] "GET /manga/wotakoi-love-is-hard-for-otaku-chapter-84/ HTTP/1.1" 304 0 "https://wotaku-manga.com/manga/wotakoi-love-is-hard-for-otaku-chapter-82/" "Mozilla/5.0 (Linux; Android 10; K) AppleWebKit/537.36 (KHTML, like Gecko) Chrome/137.0.0.0 Mobile Safari/537.36"
162.0.232.193 - - [08/Jun/2025:07:18:17 -0400] "POST /wp-cron.php?doing_wp_cron=1749381497.2988440990447998046875 HTTP/1.1" 200 0 "-" "WordPress/6.8.1; https://wotaku-manga.com"
2a0a:4cc0:c0:6444:48b4:c8ff:fea6:ae8d - - [08/Jun/2025:07:18:17 -0400] "POST /xmlrpc.php HTTP/1.1" 200 186 "https://wotaku-manga.com" "Mozilla/5.0 (Macintosh; Intel Mac OS X 10_15_7; rv:125.0.1) Gecko/20100101 Firefox/125.0.1"
162.0.232.193 - - [08/Jun/2025:07:18:18 -0400] "POST /wp-cron.php?doing_wp_cron=1749381498.1529629230499267578125 HTTP/1.1" 200 0 "-" "WordPress/6.8.1; https://wotaku-manga.com"
2a0a:4cc0:c0:6444:48b4:c8ff:fea6:ae8d - - [08/Jun/2025:07:18:18 -0400] "POST /wp-login.php HTTP/1.1" 200 2037 "https://wotaku-manga.com" "Mozilla/5.0 (Windows NT 10.0; Win64; x64; rv:125.0.1) Gecko/20100101 Firefox/125.0.1"
2400:6a80:8184:2fe0:dd03:6fb5:76c1:b82e - - [08/Jun/2025:07:18:24 -0400] "GET /category/wotakoi-love-is-hard-for-otaku-manga-ending/ HTTP/1.1" 304 0 "-" "Mozilla/5.0 (Linux; Android 10; K) AppleWebKit/537.36 (KHTML, like Gecko) Chrome/137.0.0.0 Mobile Safari/537.36"
2400:6a80:8184:2fe0:dd03:6fb5:76c1:b82e - - [08/Jun/2025:07:18:25 -0400] "GET /manga/wotaku-ni-koi-wa-muzukashii-chapter-26/ HTTP/1.1" 200 42035 "-" "Mozilla/5.0 (Linux; Android 10; K) AppleWebKit/537.36 (KHTML, like Gecko) Chrome/137.0.0.0 Mobile Safari/537.36"
2400:6a80:8184:2fe0:dd03:6fb5:76c1:b82e - - [08/Jun/2025:07:18:26 -0400] "GET /manga/wotaku-ni-koi-wa-muzukashii-chapter-26/ HTTP/1.1" 304 0 "https://wotaku-manga.com/manga/wotaku-ni-koi-wa-muzukashii-chapter-25/" "Mozilla/5.0 (Linux; Android 10; K) AppleWebKit/537.36 (KHTML, like Gecko) Chrome/137.0.0.0 Mobile Safari/537.36"
2400:6a80:8184:2fe0:dd03:6fb5:76c1:b82e - - [08/Jun/2025:07:18:28 -0400] "GET /manga/wotakoi-love-is-hard-for-otaku-chapter-0/ HTTP/1.1" 304 0 "-" "Mozilla/5.0 (Linux; Android 10; K) AppleWebKit/537.36 (KHTML, like Gecko) Chrome/137.0.0.0 Mobile Safari/537.36"
103.69.98.45 - - [08/Jun/2025:07:18:29 -0400] "POST /xmlrpc.php HTTP/1.1" 200 205 "-" "Mozilla/5.0 (Windows NT 10.0; Win64; x64) AppleWebKit/537.36 (KHTML, like Gecko) Chrome/126.0.0.0 Safari/537.36"
