162.0.232.193 - - [08/Jun/2025:21:52:18 -0400] "POST /wp-cron.php?doing_wp_cron=1749433938.5111129283905029296875 HTTP/1.1" 200 0 "-" "WordPress/6.6.2; https://w2.operationtruelovenow.com"
44.221.105.234 - - [08/Jun/2025:21:52:16 -0400] "GET /operation-true-love-chapter-27/ HTTP/1.1" 301 0 "-" "Mozilla/5.0 AppleWebKit/537.36 (KHTML, like Gecko; compatible; Amazonbot/0.1; +https://developer.amazon.com/support/amazonbot) Chrome/119.0.6045.214 Safari/537.36"
162.0.232.193 - - [08/Jun/2025:21:53:44 -0400] "POST /wp-cron.php?doing_wp_cron=1749434024.5314080715179443359375 HTTP/1.1" 200 0 "-" "WordPress/6.6.2; https://w2.operationtruelovenow.com"
43.159.140.236 - - [08/Jun/2025:21:53:44 -0400] "GET /wp-json/oembed/1.0/embed?url=https%3A%2F%2Fw2.operationtruelovenow.com%2Fmanga%2Foperation-true-love-chapter-97%2F HTTP/1.1" 200 2620 "-" "Mozilla/5.0 (iPhone; CPU iPhone OS 13_2_3 like Mac OS X) AppleWebKit/605.1.15 (KHTML, like Gecko) Version/13.0.3 Mobile/15E148 Safari/604.1"
162.0.232.193 - - [08/Jun/2025:22:01:18 -0400] "POST /wp-cron.php?doing_wp_cron=1749434478.1103429794311523437500 HTTP/1.1" 200 0 "-" "WordPress/6.6.2; https://w2.operationtruelovenow.com"
2a03:2880:f800:d:: - - [08/Jun/2025:22:01:15 -0400] "GET /category/operation-true-love-webtoon/page/3/ HTTP/1.1" 200 13623 "-" "meta-externalagent/1.1 (+https://developers.facebook.com/docs/sharing/webmasters/crawler)"
162.0.232.193 - - [08/Jun/2025:22:03:36 -0400] "POST /wp-cron.php?doing_wp_cron=1749434616.0165300369262695312500 HTTP/1.1" 200 0 "-" "WordPress/6.6.2; https://w2.operationtruelovenow.com"
160.30.113.129 - - [08/Jun/2025:22:03:34 -0400] "POST /wp-login.php HTTP/1.1" 200 1935 "https://w2.operationtruelovenow.com" "Mozilla/5.0 (Macintosh; Intel Mac OS X 10_15_7) AppleWebKit/537.36 (KHTML, like Gecko) Chrome/113.0.5672.93 Safari/537.36"
162.0.232.193 - - [08/Jun/2025:22:18:20 -0400] "POST /wp-cron.php?doing_wp_cron=1749435499.8278141021728515625000 HTTP/1.1" 200 0 "-" "WordPress/6.6.2; https://w2.operationtruelovenow.com"
45.67.14.64 - - [08/Jun/2025:22:18:17 -0400] "POST /wp-login.php HTTP/1.1" 200 1935 "https://w2.operationtruelovenow.com" "Mozilla/5.0 (Macintosh; Intel Mac OS X 10_15_7) AppleWebKit/537.36 (KHTML, like Gecko) Chrome/126.0.0.0 Safari/537.36"
173.208.148.34 - - [08/Jun/2025:22:25:21 -0400] "GET / HTTP/1.1" 200 10911 "-" "Mozilla/5.0 (Windows NT 10.0; Win64; x64) AppleWebKit/537.36 (KHTML, like Gecko) Chrome/91.0.4472.106 Safari/537.36"
173.208.148.34 - - [08/Jun/2025:22:25:21 -0400] "GET / HTTP/1.1" 200 10911 "-" "Mozilla/5.0 (compatible; Googlebot/2.1; +http://www.google.com/bot.html)"
162.0.232.193 - - [08/Jun/2025:22:25:24 -0400] "POST /wp-cron.php?doing_wp_cron=1749435923.9844739437103271484375 HTTP/1.1" 200 0 "-" "WordPress/6.6.2; https://w2.operationtruelovenow.com"
173.208.148.34 - - [08/Jun/2025:22:25:22 -0400] "GET /index.php?params=1 HTTP/1.1" 301 0 "-" "Mozilla/5.0 (Windows NT 10.0; Win64; x64) AppleWebKit/537.36 (KHTML, like Gecko) Chrome/91.0.4472.106 Safari/537.36"
173.208.148.34 - - [08/Jun/2025:22:25:24 -0400] "GET /?params=1 HTTP/1.1" 200 10627 "-" "Mozilla/5.0 (Windows NT 10.0; Win64; x64) AppleWebKit/537.36 (KHTML, like Gecko) Chrome/91.0.4472.106 Safari/537.36"
162.0.232.193 - - [08/Jun/2025:22:32:04 -0400] "POST /wp-cron.php?doing_wp_cron=1749436324.7107169628143310546875 HTTP/1.1" 200 0 "-" "WordPress/6.6.2; https://w2.operationtruelovenow.com"
66.249.82.102 - - [08/Jun/2025:22:32:03 -0400] "GET /.well-known/traffic-advice HTTP/1.1" 301 0 "-" "Chrome Privacy Preserving Prefetch Proxy"
185.199.236.107 - - [08/Jun/2025:22:32:21 -0400] "POST /wp-login.php HTTP/1.1" 200 1935 "https://w2.operationtruelovenow.com" "Mozilla/5.0 (Windows NT 10.0; Win64; x64) AppleWebKit/537.36 (KHTML, like Gecko) Chrome/126.0.0.0 Safari/537.36"
162.0.232.193 - - [08/Jun/2025:22:45:41 -0400] "POST /wp-cron.php?doing_wp_cron=1749437141.3916709423065185546875 HTTP/1.1" 200 0 "-" "WordPress/6.6.2; https://w2.operationtruelovenow.com"
103.163.214.6 - - [08/Jun/2025:22:45:39 -0400] "POST /wp-login.php HTTP/1.1" 200 1935 "https://w2.operationtruelovenow.com" "Mozilla/5.0 (Macintosh; Intel Mac OS X 10_15_7) AppleWebKit/537.36 (KHTML, like Gecko) Chrome/113.0.5672.93 Safari/537.36"
162.0.232.193 - - [08/Jun/2025:22:48:18 -0400] "POST /wp-cron.php?doing_wp_cron=1749437298.7807090282440185546875 HTTP/1.1" 200 0 "-" "WordPress/6.6.2; https://w2.operationtruelovenow.com"
4.227.36.89 - - [08/Jun/2025:22:48:17 -0400] "GET /robots.txt HTTP/1.1" 200 116 "-" "Mozilla/5.0 AppleWebKit/537.36 (KHTML, like Gecko; compatible; GPTBot/1.2; +https://openai.com/gptbot)"
20.171.207.62 - - [08/Jun/2025:22:48:26 -0400] "GET /sitemap_index.xml HTTP/1.1" 200 343 "-" "Mozilla/5.0 AppleWebKit/537.36 (KHTML, like Gecko; compatible; GPTBot/1.2; +https://openai.com/gptbot)"
162.0.232.193 - - [08/Jun/2025:22:50:58 -0400] "POST /wp-cron.php?doing_wp_cron=1749437457.8749821186065673828125 HTTP/1.1" 200 0 "-" "WordPress/6.6.2; https://w2.operationtruelovenow.com"
52.4.238.8 - - [08/Jun/2025:22:50:56 -0400] "GET /operation-true-love-chapter-9/ HTTP/1.1" 301 0 "-" "Mozilla/5.0 AppleWebKit/537.36 (KHTML, like Gecko; compatible; Amazonbot/0.1; +https://developer.amazon.com/support/amazonbot) Chrome/119.0.6045.214 Safari/537.36"
62.113.116.213 - - [08/Jun/2025:22:58:34 -0400] "GET / HTTP/1.1" 200 10853 "https://w2.operationtruelovenow.com/" "Mozilla/5.0 (Windows NT 10.0; Win64; x64) AppleWebKit/537.36 (KHTML, like Gecko) Chrome/131.0.0.0 Safari/537.36 Avast/131.0.0.0"
162.0.232.193 - - [08/Jun/2025:22:59:56 -0400] "POST /wp-cron.php?doing_wp_cron=1749437996.5259490013122558593750 HTTP/1.1" 200 0 "-" "WordPress/6.6.2; https://w2.operationtruelovenow.com"
178.22.126.103 - - [08/Jun/2025:22:59:54 -0400] "POST /wp-login.php HTTP/1.1" 200 1935 "https://w2.operationtruelovenow.com" "Mozilla/5.0 (Windows NT 11.0; Win64; x64) AppleWebKit/537.36 (KHTML, like Gecko) Chrome/126.0.0.0 Safari/537.36 Edg/126.0.0.0"
196.251.84.251 - - [08/Jun/2025:23:07:00 -0400] "GET /wp-content/plugins/fix/up.php HTTP/1.1" 200 0 "-" "Mozilla/5.0 (Windows NT 10.0; Win64; x64) AppleWebKit/537.36 (KHTML, like Gecko) Chrome/85.0.4183.102 Safari/537.36"
162.0.232.193 - - [08/Jun/2025:23:07:03 -0400] "POST /wp-cron.php?doing_wp_cron=1749438423.5918478965759277343750 HTTP/1.1" 200 0 "-" "WordPress/6.6.2; https://w2.operationtruelovenow.com"
162.0.232.193 - - [08/Jun/2025:23:14:16 -0400] "POST /wp-cron.php?doing_wp_cron=1749438856.4669489860534667968750 HTTP/1.1" 200 0 "-" "WordPress/6.6.2; https://w2.operationtruelovenow.com"
162.0.209.186 - - [08/Jun/2025:23:14:14 -0400] "POST /wp-login.php HTTP/1.1" 200 1935 "https://w2.operationtruelovenow.com" "Mozilla/5.0 (Windows NT 10.0; Win64; x64; rv:127.0) Gecko/20100101 Firefox/127.0"
43.159.149.56 - - [08/Jun/2025:23:16:07 -0400] "GET / HTTP/1.1" 200 10883 "http://w2.operationtruelovenow.com" "Mozilla/5.0 (iPhone; CPU iPhone OS 13_2_3 like Mac OS X) AppleWebKit/605.1.15 (KHTML, like Gecko) Version/13.0.3 Mobile/15E148 Safari/604.1"
162.0.232.193 - - [08/Jun/2025:23:28:25 -0400] "POST /wp-cron.php?doing_wp_cron=1749439704.9849679470062255859375 HTTP/1.1" 200 0 "-" "WordPress/6.6.2; https://w2.operationtruelovenow.com"
91.151.95.70 - - [08/Jun/2025:23:28:23 -0400] "POST /wp-login.php HTTP/1.1" 200 1935 "https://w2.operationtruelovenow.com" "Mozilla/5.0 (Windows NT 10.0; Win64; x64) AppleWebKit/537.36 (KHTML, like Gecko) Chrome/115.0.5790.102 Safari/537.36"
43.157.172.39 - - [08/Jun/2025:23:29:26 -0400] "GET /manga/operation-true-love-chapter-88/ HTTP/1.1" 200 12205 "-" "Mozilla/5.0 (iPhone; CPU iPhone OS 13_2_3 like Mac OS X) AppleWebKit/605.1.15 (KHTML, like Gecko) Version/13.0.3 Mobile/15E148 Safari/604.1"
2a03:2880:f800:3:: - - [08/Jun/2025:23:32:38 -0400] "GET /manga/operation-true-love-chapter-23/ HTTP/1.1" 200 12472 "-" "meta-externalagent/1.1 (+https://developers.facebook.com/docs/sharing/webmasters/crawler)"
162.0.232.193 - - [08/Jun/2025:23:39:43 -0400] "POST /wp-cron.php?doing_wp_cron=1749440383.3810980319976806640625 HTTP/1.1" 200 0 "-" "WordPress/6.6.2; https://w2.operationtruelovenow.com"
101.33.66.34 - - [08/Jun/2025:23:39:41 -0400] "GET /manga/operation-true-love-chapter-98/ HTTP/1.1" 200 12231 "-" "Mozilla/5.0 (iPhone; CPU iPhone OS 13_2_3 like Mac OS X) AppleWebKit/605.1.15 (KHTML, like Gecko) Version/13.0.3 Mobile/15E148 Safari/604.1"
162.0.232.193 - - [08/Jun/2025:23:42:38 -0400] "POST /wp-cron.php?doing_wp_cron=1749440558.0979399681091308593750 HTTP/1.1" 200 0 "-" "WordPress/6.6.2; https://w2.operationtruelovenow.com"
194.60.230.112 - - [08/Jun/2025:23:42:36 -0400] "POST /wp-login.php HTTP/1.1" 200 1935 "https://w2.operationtruelovenow.com" "Mozilla/5.0 (Windows NT 10.0; Win64; x64) AppleWebKit/537.36 (KHTML, like Gecko) Chrome/115.0.5790.102 Safari/537.36"
162.62.231.139 - - [08/Jun/2025:23:49:01 -0400] "GET /wp-content/uploads/2023/11/true-love.webp HTTP/1.1" 200 49670 "-" "Mozilla/5.0 (iPhone; CPU iPhone OS 13_2_3 like Mac OS X) AppleWebKit/605.1.15 (KHTML, like Gecko) Version/13.0.3 Mobile/15E148 Safari/604.1"
162.0.232.193 - - [08/Jun/2025:23:50:23 -0400] "POST /wp-cron.php?doing_wp_cron=1749441023.0711159706115722656250 HTTP/1.1" 200 0 "-" "WordPress/6.6.2; https://w2.operationtruelovenow.com"
162.0.232.193 - - [08/Jun/2025:23:50:24 -0400] "GET /manga/operation-true-love-chapter-89-5/ HTTP/1.1" 200 12076 "-" "WP Rocket/Preload"
162.0.232.193 - - [08/Jun/2025:23:50:25 -0400] "GET /manga/operation-true-love-chapter-89-5/ HTTP/1.1" 200 12064 "-" "WP Rocket/Preload Mozilla/5.0 (iPhone; CPU iPhone OS 9_1 like Mac OS X) AppleWebKit/601.1.46 (KHTML, like Gecko) Version/9.0 Mobile/13B143 Safari/601.1"
182.42.111.156 - - [08/Jun/2025:23:50:30 -0400] "GET / HTTP/1.1" 200 10944 "https://www.operationtruelovenow.com/" "Mozilla/5.0 (iPhone; CPU iPhone OS 13_2_3 like Mac OS X) AppleWebKit/605.1.15 (KHTML, like Gecko) Version/13.0.3 Mobile/15E148 Safari/604.1"
162.0.232.193 - - [08/Jun/2025:23:55:58 -0400] "POST /wp-cron.php?doing_wp_cron=1749441358.6511340141296386718750 HTTP/1.1" 200 0 "-" "WordPress/6.6.2; https://w2.operationtruelovenow.com"
103.180.236.19 - - [08/Jun/2025:23:55:56 -0400] "POST /wp-login.php HTTP/1.1" 200 1935 "https://w2.operationtruelovenow.com" "Mozilla/5.0 (Macintosh; Intel Mac OS X 14_4_1) AppleWebKit/605.1.15 (KHTML, like Gecko) Version/17.3.1 Safari/605.1.15"
162.0.232.193 - - [08/Jun/2025:23:58:05 -0400] "POST /wp-cron.php?doing_wp_cron=1749441485.6810629367828369140625 HTTP/1.1" 200 0 "-" "WordPress/6.6.2; https://w2.operationtruelovenow.com"
34.227.234.246 - - [08/Jun/2025:23:58:04 -0400] "GET /operation-true-love-chapter-79/ HTTP/1.1" 301 0 "-" "Mozilla/5.0 AppleWebKit/537.36 (KHTML, like Gecko; compatible; Amazonbot/0.1; +https://developer.amazon.com/support/amazonbot) Chrome/119.0.6045.214 Safari/537.36"
162.0.232.193 - - [09/Jun/2025:00:05:19 -0400] "POST /wp-cron.php?doing_wp_cron=1749441919.0494370460510253906250 HTTP/1.1" 200 0 "-" "WordPress/6.6.2; https://w2.operationtruelovenow.com"
2a03:2880:f800:10:: - - [09/Jun/2025:00:05:17 -0400] "GET /category/operation-true-love-webtoon/page/5/ HTTP/1.1" 200 15967 "-" "meta-externalagent/1.1 (+https://developers.facebook.com/docs/sharing/webmasters/crawler)"
162.0.232.193 - - [09/Jun/2025:00:09:24 -0400] "POST /wp-cron.php?doing_wp_cron=1749442164.2112619876861572265625 HTTP/1.1" 200 0 "-" "WordPress/6.6.2; https://w2.operationtruelovenow.com"
49.51.183.15 - - [09/Jun/2025:00:09:22 -0400] "GET /wp-json/oembed/1.0/embed?url=https%3A%2F%2Fw2.operationtruelovenow.com%2F&format=xml HTTP/1.1" 200 1210 "-" "Mozilla/5.0 (iPhone; CPU iPhone OS 13_2_3 like Mac OS X) AppleWebKit/605.1.15 (KHTML, like Gecko) Version/13.0.3 Mobile/15E148 Safari/604.1"
45.148.96.51 - - [09/Jun/2025:00:10:17 -0400] "POST /wp-login.php HTTP/1.1" 200 1935 "https://w2.operationtruelovenow.com" "Mozilla/5.0 (Macintosh; Intel Mac OS X 10_15_7) AppleWebKit/537.36 (KHTML, like Gecko) Chrome/115.0.5790.102 Safari/537.36"
162.0.232.193 - - [09/Jun/2025:00:16:23 -0400] "POST /wp-cron.php?doing_wp_cron=1749442583.4353909492492675781250 HTTP/1.1" 200 0 "-" "WordPress/6.6.2; https://w2.operationtruelovenow.com"
196.251.116.156 - - [09/Jun/2025:00:16:21 -0400] "GET /wp-content/plugins/fix/up.php HTTP/1.1" 301 0 "-" "Mozilla/5.0 (Windows NT 10.0; Win64; x64) AppleWebKit/537.36 (KHTML, like Gecko) Chrome/85.0.4183.102 Safari/537.36"
196.251.116.156 - - [09/Jun/2025:00:16:23 -0400] "GET / HTTP/1.1" 200 10911 "-" "Mozilla/5.0 (Windows NT 10.0; Win64; x64) AppleWebKit/537.36 (KHTML, like Gecko) Chrome/85.0.4183.102 Safari/537.36"
162.62.132.25 - - [09/Jun/2025:00:19:16 -0400] "GET /wp-content/uploads/2023/11/Operation_True_Love-207x300.webp HTTP/1.1" 200 12502 "-" "Mozilla/5.0 (iPhone; CPU iPhone OS 13_2_3 like Mac OS X) AppleWebKit/605.1.15 (KHTML, like Gecko) Version/13.0.3 Mobile/15E148 Safari/604.1"
162.0.232.193 - - [09/Jun/2025:00:24:55 -0400] "POST /wp-cron.php?doing_wp_cron=1749443094.9052939414978027343750 HTTP/1.1" 200 0 "-" "WordPress/6.6.2; https://w2.operationtruelovenow.com"
2a03:9383::250:56ff:fe8a:5e55 - - [09/Jun/2025:00:24:52 -0400] "POST /wp-login.php HTTP/1.1" 200 1935 "https://w2.operationtruelovenow.com" "Mozilla/5.0 (Windows NT 11.0; Win64; x64; rv:126.0) Gecko/20100101 Firefox/126.0"
162.0.232.193 - - [09/Jun/2025:00:32:37 -0400] "POST /wp-cron.php?doing_wp_cron=1749443557.6493179798126220703125 HTTP/1.1" 200 0 "-" "WordPress/6.6.2; https://w2.operationtruelovenow.com"
43.130.106.18 - - [09/Jun/2025:00:32:35 -0400] "GET /wp-json/wp/v2/posts/1668 HTTP/1.1" 200 17874 "-" "Mozilla/5.0 (iPhone; CPU iPhone OS 13_2_3 like Mac OS X) AppleWebKit/605.1.15 (KHTML, like Gecko) Version/13.0.3 Mobile/15E148 Safari/604.1"
162.0.232.193 - - [09/Jun/2025:00:36:35 -0400] "POST /wp-cron.php?doing_wp_cron=1749443794.8056280612945556640625 HTTP/1.1" 200 0 "-" "WordPress/6.6.2; https://w2.operationtruelovenow.com"
216.244.66.232 - - [09/Jun/2025:00:36:33 -0400] "GET /robots.txt HTTP/1.1" 200 116 "-" "Mozilla/5.0 (compatible; DotBot/1.2; +https://opensiteexplorer.org/dotbot; [email protected])"
162.0.232.193 - - [09/Jun/2025:00:39:33 -0400] "POST /wp-cron.php?doing_wp_cron=1749443973.8089020252227783203125 HTTP/1.1" 200 0 "-" "WordPress/6.6.2; https://w2.operationtruelovenow.com"
45.207.211.71 - - [09/Jun/2025:00:39:31 -0400] "POST /wp-login.php HTTP/1.1" 200 1935 "https://w2.operationtruelovenow.com" "Mozilla/5.0 (Macintosh; Intel Mac OS X 10_15_7) AppleWebKit/537.36 (KHTML, like Gecko) Chrome/115.0.5790.102 Safari/537.36"
2a03:2880:f800:14:: - - [09/Jun/2025:00:40:42 -0400] "GET /category/manga/ HTTP/1.1" 200 20170 "-" "meta-externalagent/1.1 (+https://developers.facebook.com/docs/sharing/webmasters/crawler)"
162.0.232.193 - - [09/Jun/2025:00:41:01 -0400] "POST /wp-cron.php?doing_wp_cron=1749444060.9851078987121582031250 HTTP/1.1" 200 0 "-" "WordPress/6.6.2; https://w2.operationtruelovenow.com"
98.84.131.195 - - [09/Jun/2025:00:41:00 -0400] "GET /category/manga/page/5/ HTTP/1.1" 200 15978 "-" "Mozilla/5.0 AppleWebKit/537.36 (KHTML, like Gecko; compatible; Amazonbot/0.1; +https://developer.amazon.com/support/amazonbot) Chrome/119.0.6045.214 Safari/537.36"
162.0.232.193 - - [09/Jun/2025:00:42:13 -0400] "POST /wp-cron.php?doing_wp_cron=1749444133.5720620155334472656250 HTTP/1.1" 200 0 "-" "WordPress/6.6.2; https://w2.operationtruelovenow.com"
2a03:2880:f800:14:: - - [09/Jun/2025:00:42:13 -0400] "GET /category/operation-true-love-webtoon/page/10/ HTTP/1.1" 200 16385 "-" "meta-externalagent/1.1 (+https://developers.facebook.com/docs/sharing/webmasters/crawler)"
43.130.72.177 - - [09/Jun/2025:00:42:59 -0400] "GET /wp-json/oembed/1.0/embed?url=https%3A%2F%2Fw2.operationtruelovenow.com%2Fmanga%2Foperation-true-love-chapter-98%2F&format=xml HTTP/1.1" 200 1221 "-" "Mozilla/5.0 (iPhone; CPU iPhone OS 13_2_3 like Mac OS X) AppleWebKit/605.1.15 (KHTML, like Gecko) Version/13.0.3 Mobile/15E148 Safari/604.1"
162.0.232.193 - - [09/Jun/2025:00:44:36 -0400] "POST /wp-cron.php?doing_wp_cron=1749444276.1930789947509765625000 HTTP/1.1" 200 0 "-" "WordPress/6.6.2; https://w2.operationtruelovenow.com"
2a03:2880:f800:1b:: - - [09/Jun/2025:00:44:34 -0400] "GET /category/operation-true-love-webtoon/page/11/ HTTP/1.1" 200 16437 "-" "meta-externalagent/1.1 (+https://developers.facebook.com/docs/sharing/webmasters/crawler)"
162.0.232.193 - - [09/Jun/2025:00:50:37 -0400] "POST /wp-cron.php?doing_wp_cron=1749444637.6280291080474853515625 HTTP/1.1" 200 0 "-" "WordPress/6.6.2; https://w2.operationtruelovenow.com"
43.133.69.37 - - [09/Jun/2025:00:50:36 -0400] "GET /embed/ HTTP/1.1" 301 0 "-" "Mozilla/5.0 (iPhone; CPU iPhone OS 13_2_3 like Mac OS X) AppleWebKit/605.1.15 (KHTML, like Gecko) Version/13.0.3 Mobile/15E148 Safari/604.1"
43.133.69.37 - - [09/Jun/2025:00:50:41 -0400] "GET / HTTP/1.1" 200 10944 "https://w2.operationtruelovenow.com/embed/" "Mozilla/5.0 (iPhone; CPU iPhone OS 13_2_3 like Mac OS X) AppleWebKit/605.1.15 (KHTML, like Gecko) Version/13.0.3 Mobile/15E148 Safari/604.1"
162.0.232.193 - - [09/Jun/2025:00:54:28 -0400] "POST /wp-cron.php?doing_wp_cron=1749444868.1696410179138183593750 HTTP/1.1" 200 0 "-" "WordPress/6.6.2; https://w2.operationtruelovenow.com"
222.255.214.45 - - [09/Jun/2025:00:54:26 -0400] "POST /wp-login.php HTTP/1.1" 200 1935 "https://w2.operationtruelovenow.com" "Mozilla/5.0 (Windows NT 10.0; Win64; x64) AppleWebKit/537.36 (KHTML, like Gecko) Chrome/115.0.5790.102 Safari/537.36"
54.89.90.224 - - [09/Jun/2025:00:54:32 -0400] "GET /operation-true-love-chapter-30/ HTTP/1.1" 301 0 "-" "Mozilla/5.0 AppleWebKit/537.36 (KHTML, like Gecko; compatible; Amazonbot/0.1; +https://developer.amazon.com/support/amazonbot) Chrome/119.0.6045.214 Safari/537.36"
162.0.232.193 - - [09/Jun/2025:00:59:01 -0400] "POST /wp-cron.php?doing_wp_cron=1749445140.9514219760894775390625 HTTP/1.1" 200 0 "-" "WordPress/6.6.2; https://w2.operationtruelovenow.com"
43.128.156.124 - - [09/Jun/2025:00:58:58 -0400] "GET /manga/operation-true-love-chapter-98/embed/ HTTP/1.1" 200 6311 "-" "Mozilla/5.0 (iPhone; CPU iPhone OS 13_2_3 like Mac OS X) AppleWebKit/605.1.15 (KHTML, like Gecko) Version/13.0.3 Mobile/15E148 Safari/604.1"
162.0.232.193 - - [09/Jun/2025:01:09:08 -0400] "POST /wp-cron.php?doing_wp_cron=1749445748.3538761138916015625000 HTTP/1.1" 200 0 "-" "WordPress/6.6.2; https://w2.operationtruelovenow.com"
2407:1c00:6105:7620:: - - [09/Jun/2025:01:09:06 -0400] "POST /wp-login.php HTTP/1.1" 200 1935 "https://w2.operationtruelovenow.com" "Mozilla/5.0 (Macintosh; Intel Mac OS X 10_15_7) AppleWebKit/537.36 (KHTML, like Gecko) Chrome/113.0.5672.93 Safari/537.36"
162.0.232.193 - - [09/Jun/2025:01:13:58 -0400] "POST /wp-cron.php?doing_wp_cron=1749446038.6774671077728271484375 HTTP/1.1" 200 0 "-" "WordPress/6.6.2; https://w2.operationtruelovenow.com"
45.144.19.126 - - [09/Jun/2025:01:13:56 -0400] "GET /wp-login.php HTTP/1.1" 200 1805 "https://operationtruelovenow.com/wp-login.php" "GRequests/0.10"
45.144.19.126 - - [09/Jun/2025:01:14:00 -0400] "GET /wp-login.php HTTP/1.1" 200 1805 "https://operationtruelovenow.com/wp-login.php" "GRequests/0.10"
45.144.19.126 - - [09/Jun/2025:01:14:01 -0400] "GET /wp-admin/ HTTP/1.1" 302 0 "https://operationtruelovenow.com/wp-admin/" "GRequests/0.10"
45.144.19.126 - - [09/Jun/2025:01:14:02 -0400] "GET /wp-login.php?redirect_to=https%3A%2F%2Fw2.operationtruelovenow.com%2Fwp-admin%2F&reauth=1 HTTP/1.1" 200 1805 "https://w2.operationtruelovenow.com/wp-admin/" "GRequests/0.10"
170.106.35.187 - - [09/Jun/2025:01:15:41 -0400] "GET /manga/operation-true-love-chapter-72/ HTTP/1.1" 200 12599 "-" "Mozilla/5.0 (iPhone; CPU iPhone OS 13_2_3 like Mac OS X) AppleWebKit/605.1.15 (KHTML, like Gecko) Version/13.0.3 Mobile/15E148 Safari/604.1"
162.0.232.193 - - [09/Jun/2025:01:21:17 -0400] "POST /wp-cron.php?doing_wp_cron=1749446477.4233810901641845703125 HTTP/1.1" 200 0 "-" "WordPress/6.6.2; https://w2.operationtruelovenow.com"
216.244.66.232 - - [09/Jun/2025:01:21:15 -0400] "GET /robots.txt HTTP/1.1" 200 116 "-" "Mozilla/5.0 (compatible; DotBot/1.2; +https://opensiteexplorer.org/dotbot; [email protected])"
170.106.15.3 - - [09/Jun/2025:01:25:59 -0400] "GET /manga/operation-true-love-chapter-95/ HTTP/1.1" 200 12221 "-" "Mozilla/5.0 (iPhone; CPU iPhone OS 13_2_3 like Mac OS X) AppleWebKit/605.1.15 (KHTML, like Gecko) Version/13.0.3 Mobile/15E148 Safari/604.1"
162.0.232.193 - - [09/Jun/2025:01:30:37 -0400] "POST /wp-cron.php?doing_wp_cron=1749447037.7114899158477783203125 HTTP/1.1" 200 0 "-" "WordPress/6.6.2; https://w2.operationtruelovenow.com"
43.166.247.82 - - [09/Jun/2025:01:30:38 -0400] "GET / HTTP/1.1" 200 10883 "https://www.operationtruelovenow.com/" "Mozilla/5.0 (iPhone; CPU iPhone OS 13_2_3 like Mac OS X) AppleWebKit/605.1.15 (KHTML, like Gecko) Version/13.0.3 Mobile/15E148 Safari/604.1"
170.106.15.3 - - [09/Jun/2025:01:36:39 -0400] "GET /manga/operation-true-love-chapter-99/ HTTP/1.1" 200 11821 "-" "Mozilla/5.0 (iPhone; CPU iPhone OS 13_2_3 like Mac OS X) AppleWebKit/605.1.15 (KHTML, like Gecko) Version/13.0.3 Mobile/15E148 Safari/604.1"
162.0.232.193 - - [09/Jun/2025:01:38:09 -0400] "POST /wp-cron.php?doing_wp_cron=1749447489.2595810890197753906250 HTTP/1.1" 200 0 "-" "WordPress/6.6.2; https://w2.operationtruelovenow.com"
142.44.138.99 - - [09/Jun/2025:01:38:07 -0400] "POST /wp-login.php HTTP/1.1" 200 1935 "https://w2.operationtruelovenow.com" "Mozilla/5.0 (Macintosh; Intel Mac OS X 10_15_7) AppleWebKit/537.36 (KHTML, like Gecko) Chrome/115.0.5790.102 Safari/537.36"
162.0.232.193 - - [09/Jun/2025:01:38:09 -0400] "GET /manga/operation-true-love-chapter-126-5/ HTTP/1.1" 200 11557 "-" "WP Rocket/Preload"
162.0.232.193 - - [09/Jun/2025:01:38:10 -0400] "GET /manga/operation-true-love-chapter-126-5/ HTTP/1.1" 200 11556 "-" "WP Rocket/Preload Mozilla/5.0 (iPhone; CPU iPhone OS 9_1 like Mac OS X) AppleWebKit/601.1.46 (KHTML, like Gecko) Version/9.0 Mobile/13B143 Safari/601.1"
162.0.232.193 - - [09/Jun/2025:01:43:06 -0400] "POST /wp-cron.php?doing_wp_cron=1749447786.3163480758666992187500 HTTP/1.1" 200 0 "-" "WordPress/6.6.2; https://w2.operationtruelovenow.com"
54.225.181.161 - - [09/Jun/2025:01:43:04 -0400] "GET /operation-true-love-chapter-37/ HTTP/1.1" 301 0 "-" "Mozilla/5.0 AppleWebKit/537.36 (KHTML, like Gecko; compatible; Amazonbot/0.1; +https://developer.amazon.com/support/amazonbot) Chrome/119.0.6045.214 Safari/537.36"
52.203.65.83 - - [09/Jun/2025:01:43:08 -0400] "GET /operation-true-love-chapter-11/ HTTP/1.1" 301 0 "-" "Mozilla/5.0 AppleWebKit/537.36 (KHTML, like Gecko; compatible; Amazonbot/0.1; +https://developer.amazon.com/support/amazonbot) Chrome/119.0.6045.214 Safari/537.36"
3.208.156.9 - - [09/Jun/2025:01:43:12 -0400] "GET /operation-true-love-chapter-80/ HTTP/1.1" 301 0 "-" "Mozilla/5.0 AppleWebKit/537.36 (KHTML, like Gecko; compatible; Amazonbot/0.1; +https://developer.amazon.com/support/amazonbot) Chrome/119.0.6045.214 Safari/537.36"
43.166.1.243 - - [09/Jun/2025:01:44:39 -0400] "GET /manga/operation-true-love-chapter-103/ HTTP/1.1" 200 12160 "-" "Mozilla/5.0 (iPhone; CPU iPhone OS 13_2_3 like Mac OS X) AppleWebKit/605.1.15 (KHTML, like Gecko) Version/13.0.3 Mobile/15E148 Safari/604.1"
162.0.232.193 - - [09/Jun/2025:01:52:45 -0400] "POST /wp-cron.php?doing_wp_cron=1749448365.1133940219879150390625 HTTP/1.1" 200 0 "-" "WordPress/6.6.2; https://w2.operationtruelovenow.com"
103.118.29.120 - - [09/Jun/2025:01:52:41 -0400] "POST /wp-login.php HTTP/1.1" 200 1935 "https://w2.operationtruelovenow.com" "Mozilla/5.0 (Windows NT 10.0; Win64; x64) AppleWebKit/537.36 (KHTML, like Gecko) Chrome/114.0.5735.134 Safari/537.36"
170.39.218.61 - - [09/Jun/2025:01:54:05 -0400] "GET /wp-content/plugins/simple-social-buttons/assets/js/front.js?ver=5.3.1 HTTP/1.1" 200 1932 "-" "Mozilla/5.0 (Windows NT 10.0; Win64; x64) AppleWebKit/537.36 Chrome/121.0.0.0"
43.135.182.95 - - [09/Jun/2025:01:54:57 -0400] "GET /manga/operation-true-love-chapter-104/ HTTP/1.1" 200 12042 "-" "Mozilla/5.0 (iPhone; CPU iPhone OS 13_2_3 like Mac OS X) AppleWebKit/605.1.15 (KHTML, like Gecko) Version/13.0.3 Mobile/15E148 Safari/604.1"
51.222.253.11 - - [09/Jun/2025:02:00:00 -0400] "GET /manga/operation-true-love-chapter-34/ HTTP/1.1" 200 11622 "-" "Mozilla/5.0 (compatible; AhrefsBot/7.0; +http://ahrefs.com/robot/)"
2a03:2880:f800:14:: - - [09/Jun/2025:02:03:35 -0400] "GET /category/operation-true-love/ HTTP/1.1" 200 20314 "-" "meta-externalagent/1.1 (+https://developers.facebook.com/docs/sharing/webmasters/crawler)"
162.0.232.193 - - [09/Jun/2025:02:07:16 -0400] "POST /wp-cron.php?doing_wp_cron=1749449236.4394259452819824218750 HTTP/1.1" 200 0 "-" "WordPress/6.6.2; https://w2.operationtruelovenow.com"
45.67.14.64 - - [09/Jun/2025:02:07:14 -0400] "POST /wp-login.php HTTP/1.1" 200 1935 "https://w2.operationtruelovenow.com" "Mozilla/5.0 (Macintosh; Intel Mac OS X 10_15_7) AppleWebKit/537.36 (KHTML, like Gecko) Chrome/114.0.5735.134 Safari/537.36"
43.166.244.192 - - [09/Jun/2025:02:08:11 -0400] "GET /manga/operation-true-love-chapter-106/ HTTP/1.1" 200 12776 "-" "Mozilla/5.0 (iPhone; CPU iPhone OS 13_2_3 like Mac OS X) AppleWebKit/605.1.15 (KHTML, like Gecko) Version/13.0.3 Mobile/15E148 Safari/604.1"
162.0.232.193 - - [09/Jun/2025:02:13:13 -0400] "POST /wp-cron.php?doing_wp_cron=1749449593.0057671070098876953125 HTTP/1.1" 200 0 "-" "WordPress/6.6.2; https://w2.operationtruelovenow.com"
2a03:2880:f800:19:: - - [09/Jun/2025:02:13:11 -0400] "GET /category/pure-love-operation/page/7/ HTTP/1.1" 200 17482 "-" "meta-externalagent/1.1 (+https://developers.facebook.com/docs/sharing/webmasters/crawler)"
43.130.110.130 - - [09/Jun/2025:02:20:43 -0400] "GET /manga/operation-true-love-chapter-19/ HTTP/1.1" 200 12421 "-" "Mozilla/5.0 (iPhone; CPU iPhone OS 13_2_3 like Mac OS X) AppleWebKit/605.1.15 (KHTML, like Gecko) Version/13.0.3 Mobile/15E148 Safari/604.1"
162.0.232.193 - - [09/Jun/2025:02:21:56 -0400] "POST /wp-cron.php?doing_wp_cron=1749450116.2159910202026367187500 HTTP/1.1" 200 0 "-" "WordPress/6.6.2; https://w2.operationtruelovenow.com"
198.54.114.92 - - [09/Jun/2025:02:21:52 -0400] "POST /wp-login.php HTTP/1.1" 200 1935 "https://w2.operationtruelovenow.com" "Mozilla/5.0 (Macintosh; Intel Mac OS X 10_15_7) AppleWebKit/537.36 (KHTML, like Gecko) Chrome/116.0.5845.96 Safari/537.36"
43.157.82.252 - - [09/Jun/2025:02:25:05 -0400] "GET /manga/operation-true-love-chapter-22/ HTTP/1.1" 200 11784 "-" "Mozilla/5.0 (iPhone; CPU iPhone OS 13_2_3 like Mac OS X) AppleWebKit/605.1.15 (KHTML, like Gecko) Version/13.0.3 Mobile/15E148 Safari/604.1"
51.222.253.13 - - [09/Jun/2025:02:26:22 -0400] "GET /manga/operation-true-love-chapter-12/ HTTP/1.1" 200 11733 "-" "Mozilla/5.0 (compatible; AhrefsBot/7.0; +http://ahrefs.com/robot/)"
43.157.170.126 - - [09/Jun/2025:02:33:47 -0400] "GET /manga/operation-true-love-chapter-19/ HTTP/1.1" 200 12421 "-" "Mozilla/5.0 (iPhone; CPU iPhone OS 13_2_3 like Mac OS X) AppleWebKit/605.1.15 (KHTML, like Gecko) Version/13.0.3 Mobile/15E148 Safari/604.1"
162.0.232.193 - - [09/Jun/2025:02:36:33 -0400] "POST /wp-cron.php?doing_wp_cron=1749450993.3158719539642333984375 HTTP/1.1" 200 0 "-" "WordPress/6.6.2; https://w2.operationtruelovenow.com"
2803:2800:c1cc:1700:9:100:: - - [09/Jun/2025:02:36:29 -0400] "POST /wp-login.php HTTP/1.1" 200 1935 "https://w2.operationtruelovenow.com" "Mozilla/5.0 (Windows NT 10.0; Win64; x64; rv:125.0.1) Gecko/20100101 Firefox/125.0.1"
162.0.232.193 - - [09/Jun/2025:02:42:23 -0400] "POST /wp-cron.php?doing_wp_cron=1749451342.8752100467681884765625 HTTP/1.1" 200 0 "-" "WordPress/6.6.2; https://w2.operationtruelovenow.com"
54.91.122.193 - - [09/Jun/2025:02:42:20 -0400] "GET /operation-true-love-chapter-36/ HTTP/1.1" 301 0 "-" "Mozilla/5.0 AppleWebKit/537.36 (KHTML, like Gecko; compatible; Amazonbot/0.1; +https://developer.amazon.com/support/amazonbot) Chrome/119.0.6045.214 Safari/537.36"
44.208.223.68 - - [09/Jun/2025:02:42:24 -0400] "GET /operation-true-love-chapter-50/ HTTP/1.1" 301 0 "-" "Mozilla/5.0 AppleWebKit/537.36 (KHTML, like Gecko; compatible; Amazonbot/0.1; +https://developer.amazon.com/support/amazonbot) Chrome/119.0.6045.214 Safari/537.36"
52.54.249.218 - - [09/Jun/2025:02:42:28 -0400] "GET /operation-true-love-chapter-13/ HTTP/1.1" 301 0 "-" "Mozilla/5.0 AppleWebKit/537.36 (KHTML, like Gecko; compatible; Amazonbot/0.1; +https://developer.amazon.com/support/amazonbot) Chrome/119.0.6045.214 Safari/537.36"
43.159.148.221 - - [09/Jun/2025:02:46:37 -0400] "GET /manga/operation-true-love-chapter-19/ HTTP/1.1" 200 12421 "http://w2.operationtruelovenow.com/manga/operation-true-love-chapter-19/" "Mozilla/5.0 (iPhone; CPU iPhone OS 13_2_3 like Mac OS X) AppleWebKit/605.1.15 (KHTML, like Gecko) Version/13.0.3 Mobile/15E148 Safari/604.1"
162.0.232.193 - - [09/Jun/2025:02:51:19 -0400] "POST /wp-cron.php?doing_wp_cron=1749451878.9648549556732177734375 HTTP/1.1" 200 0 "-" "WordPress/6.6.2; https://w2.operationtruelovenow.com"
79.124.76.167 - - [09/Jun/2025:02:51:16 -0400] "POST /wp-login.php HTTP/1.1" 200 1935 "https://w2.operationtruelovenow.com" "Mozilla/5.0 (Windows NT 10.0; Win64; x64) AppleWebKit/537.36 (KHTML, like Gecko) Chrome/126.0.0.0 Safari/537.36"
43.157.179.227 - - [09/Jun/2025:02:53:53 -0400] "GET /manga/operation-true-love-chapter-19/ HTTP/1.1" 200 12421 "-" "Mozilla/5.0 (iPhone; CPU iPhone OS 13_2_3 like Mac OS X) AppleWebKit/605.1.15 (KHTML, like Gecko) Version/13.0.3 Mobile/15E148 Safari/604.1"
203.2.64.59 - - [09/Jun/2025:02:57:43 -0400] "GET / HTTP/1.1" 200 10883 "https://operationtruelovenow.com/" "Mozilla/5.0 (iPhone; CPU iPhone OS 13_2_3 like Mac OS X) AppleWebKit/605.1.15 (KHTML, like Gecko) Version/13.0.3 Mobile/15E148 Safari/604.1"
36.106.167.201 - - [09/Jun/2025:02:57:44 -0400] "GET / HTTP/1.1" 200 10853 "-" "Mozilla/5.0 (Windows NT 10.0; Win64; x64) Chrome/120.0.0.0"
125.82.242.133 - - [09/Jun/2025:02:57:45 -0400] "GET / HTTP/1.1" 200 10911 "-" "Mozilla/5.0 (Windows NT 10.0; Win64; x64) Chrome/120.0.0.0"
36.106.167.201 - - [09/Jun/2025:02:57:45 -0400] "GET / HTTP/1.1" 200 10911 "-" "Mozilla/5.0 (Windows NT 10.0; Win64; x64) Chrome/120.0.0.0"
36.106.167.201 - - [09/Jun/2025:02:57:45 -0400] "GET / HTTP/1.1" 200 10911 "-" "Mozilla/5.0 (Windows NT 10.0; Win64; x64) Chrome/120.0.0.0"
125.82.242.133 - - [09/Jun/2025:02:57:46 -0400] "GET / HTTP/1.1" 200 10911 "-" "Mozilla/5.0 (Windows NT 10.0; Win64; x64) Chrome/120.0.0.0"
162.0.232.193 - - [09/Jun/2025:02:57:46 -0400] "POST /wp-cron.php?doing_wp_cron=1749452266.4633750915527343750000 HTTP/1.1" 200 0 "-" "WordPress/6.6.2; https://w2.operationtruelovenow.com"
162.0.232.193 - - [09/Jun/2025:02:57:46 -0400] "POST /wp-cron.php?doing_wp_cron=1749452266.4624159336090087890625 HTTP/1.1" 200 0 "-" "WordPress/6.6.2; https://w2.operationtruelovenow.com"
36.106.167.201 - - [09/Jun/2025:02:57:46 -0400] "GET /aaabbbccc HTTP/1.1" 301 0 "-" "Mozilla/5.0 (Windows NT 10.0; Win64; x64) Chrome/120.0.0.0"
36.106.167.201 - - [09/Jun/2025:02:57:44 -0400] "GET /favicon.ico HTTP/1.1" 302 0 "-" "Mozilla/5.0 (Windows NT 10.0; Win64; x64) Chrome/120.0.0.0"
125.82.242.133 - - [09/Jun/2025:02:57:47 -0400] "GET / HTTP/1.1" 200 10971 "-" "Mozilla/5.0 (Windows NT 10.0; Win64; x64) Chrome/120.0.0.0"
36.106.167.201 - - [09/Jun/2025:02:57:47 -0400] "GET /wp-content/uploads/2023/11/cropped-what-chapter-is-this-from-operation-true-love-v0-hcrlkq8e7b8a1-32x32.webp HTTP/1.1" 200 292 "-" "Mozilla/5.0 (Windows NT 10.0; Win64; x64) Chrome/120.0.0.0"
125.82.242.133 - - [09/Jun/2025:02:57:47 -0400] "GET /favicon.ico HTTP/1.1" 302 0 "-" "Mozilla/5.0 (Windows NT 10.0; Win64; x64) Chrome/120.0.0.0"
36.106.167.201 - - [09/Jun/2025:02:57:48 -0400] "GET /1 HTTP/1.1" 301 0 "-" "Mozilla/5.0 (Windows NT 10.0; Win64; x64) Chrome/120.0.0.0"
101.68.6.70 - - [09/Jun/2025:02:57:49 -0400] "GET /aaabbbccc HTTP/1.1" 301 0 "-" "Mozilla/5.0 (Windows NT 10.0; Win64; x64) Chrome/120.0.0.0"
101.68.6.70 - - [09/Jun/2025:02:57:49 -0400] "GET /1 HTTP/1.1" 301 0 "-" "Mozilla/5.0 (Windows NT 10.0; Win64; x64) Chrome/120.0.0.0"
125.82.242.133 - - [09/Jun/2025:02:57:50 -0400] "GET / HTTP/1.1" 200 10911 "-" "Mozilla/5.0 (Windows NT 10.0; Win64; x64) Chrome/120.0.0.0"
125.82.242.133 - - [09/Jun/2025:02:57:51 -0400] "GET /fb HTTP/1.1" 301 0 "-" "Mozilla/5.0 (Windows NT 10.0; Win64; x64) Chrome/120.0.0.0"
101.68.6.70 - - [09/Jun/2025:02:57:51 -0400] "GET / HTTP/1.1" 200 10971 "-" "Mozilla/5.0 (Windows NT 10.0; Win64; x64) Chrome/120.0.0.0"
101.68.6.70 - - [09/Jun/2025:02:57:52 -0400] "GET /fwc HTTP/1.1" 301 0 "-" "Mozilla/5.0 (Windows NT 10.0; Win64; x64) Chrome/120.0.0.0"
125.82.242.133 - - [09/Jun/2025:02:57:52 -0400] "GET / HTTP/1.1" 200 10853 "-" "Mozilla/5.0 (Windows NT 10.0; Win64; x64) Chrome/120.0.0.0"
125.82.242.133 - - [09/Jun/2025:02:57:53 -0400] "GET /fzh HTTP/1.1" 301 0 "-" "Mozilla/5.0 (Windows NT 10.0; Win64; x64) Chrome/120.0.0.0"
101.68.6.70 - - [09/Jun/2025:02:57:53 -0400] "GET / HTTP/1.1" 200 10911 "-" "Mozilla/5.0 (Windows NT 10.0; Win64; x64) Chrome/120.0.0.0"
101.68.6.70 - - [09/Jun/2025:02:57:54 -0400] "GET / HTTP/1.1" 200 10911 "-" "Mozilla/5.0 (Windows NT 10.0; Win64; x64) Chrome/120.0.0.0"
125.82.242.133 - - [09/Jun/2025:02:57:55 -0400] "GET /res/favicon.ico HTTP/1.1" 301 0 "-" "Mozilla/5.0 (Windows NT 10.0; Win64; x64) Chrome/120.0.0.0"
101.68.6.70 - - [09/Jun/2025:02:57:55 -0400] "GET /assets/favicon-aOK6_042.ico HTTP/1.1" 301 0 "-" "Mozilla/5.0 (Windows NT 10.0; Win64; x64) Chrome/120.0.0.0"
125.82.242.133 - - [09/Jun/2025:02:57:56 -0400] "GET / HTTP/1.1" 200 10853 "-" "Mozilla/5.0 (Windows NT 10.0; Win64; x64) Chrome/120.0.0.0"
101.68.6.70 - - [09/Jun/2025:02:57:56 -0400] "GET /images/01.jpg HTTP/1.1" 301 0 "-" "Mozilla/5.0 (Windows NT 10.0; Win64; x64) Chrome/120.0.0.0"
125.82.242.133 - - [09/Jun/2025:02:57:57 -0400] "GET / HTTP/1.1" 200 10911 "-" "Mozilla/5.0 (Windows NT 10.0; Win64; x64) Chrome/120.0.0.0"
125.82.242.133 - - [09/Jun/2025:02:57:58 -0400] "GET / HTTP/1.1" 200 10911 "-" "Mozilla/5.0 (Windows NT 10.0; Win64; x64) Chrome/120.0.0.0"
101.68.6.70 - - [09/Jun/2025:02:57:58 -0400] "GET /wp-content/uploads/2020/10/official-logo-512x512.png HTTP/1.1" 301 0 "-" "Mozilla/5.0 (Windows NT 10.0; Win64; x64) Chrome/120.0.0.0"
125.82.242.133 - - [09/Jun/2025:02:57:59 -0400] "GET / HTTP/1.1" 200 10911 "-" "Mozilla/5.0 (Windows NT 10.0; Win64; x64) Chrome/120.0.0.0"
36.106.167.201 - - [09/Jun/2025:02:57:59 -0400] "GET / HTTP/1.1" 200 10911 "-" "Mozilla/5.0 (Windows NT 10.0; Win64; x64) Chrome/120.0.0.0"
36.106.167.201 - - [09/Jun/2025:02:57:59 -0400] "GET / HTTP/1.1" 200 10911 "-" "Mozilla/5.0 (Windows NT 10.0; Win64; x64) Chrome/120.0.0.0"
36.106.167.201 - - [09/Jun/2025:02:57:59 -0400] "GET /fb HTTP/1.1" 301 0 "-" "Mozilla/5.0 (Windows NT 10.0; Win64; x64) Chrome/120.0.0.0"
125.82.242.133 - - [09/Jun/2025:02:57:59 -0400] "GET /wp-content/uploads/2023/02/1677572030-814390417fe413b.png HTTP/1.1" 301 0 "-" "Mozilla/5.0 (Windows NT 10.0; Win64; x64) Chrome/120.0.0.0"
36.106.167.201 - - [09/Jun/2025:02:58:00 -0400] "GET /fwc HTTP/1.1" 301 0 "-" "Mozilla/5.0 (Windows NT 10.0; Win64; x64) Chrome/120.0.0.0"
101.68.6.70 - - [09/Jun/2025:02:58:00 -0400] "GET /favicon.ico HTTP/1.1" 302 0 "-" "Mozilla/5.0 (Windows NT 10.0; Win64; x64) Chrome/120.0.0.0"
36.106.167.201 - - [09/Jun/2025:02:58:00 -0400] "GET / HTTP/1.1" 200 10853 "-" "Mozilla/5.0 (Windows NT 10.0; Win64; x64) Chrome/120.0.0.0"
101.68.6.70 - - [09/Jun/2025:02:58:01 -0400] "GET /wp-content/uploads/2023/11/cropped-what-chapter-is-this-from-operation-true-love-v0-hcrlkq8e7b8a1-32x32.webp HTTP/1.1" 200 292 "-" "Mozilla/5.0 (Windows NT 10.0; Win64; x64) Chrome/120.0.0.0"
36.106.167.201 - - [09/Jun/2025:02:58:01 -0400] "GET / HTTP/1.1" 200 10911 "-" "Mozilla/5.0 (Windows NT 10.0; Win64; x64) Chrome/120.0.0.0"
36.106.167.201 - - [09/Jun/2025:02:58:01 -0400] "GET /fzh HTTP/1.1" 301 0 "-" "Mozilla/5.0 (Windows NT 10.0; Win64; x64) Chrome/120.0.0.0"
36.106.167.201 - - [09/Jun/2025:02:58:01 -0400] "GET /res/favicon.ico HTTP/1.1" 301 0 "-" "Mozilla/5.0 (Windows NT 10.0; Win64; x64) Chrome/120.0.0.0"
101.68.6.70 - - [09/Jun/2025:02:58:01 -0400] "GET /icons/favicon.ico HTTP/1.1" 301 0 "-" "Mozilla/5.0 (Windows NT 10.0; Win64; x64) Chrome/120.0.0.0"
36.106.167.201 - - [09/Jun/2025:02:58:02 -0400] "GET / HTTP/1.1" 200 10911 "-" "Mozilla/5.0 (Windows NT 10.0; Win64; x64) Chrome/120.0.0.0"
125.82.242.133 - - [09/Jun/2025:02:58:02 -0400] "GET / HTTP/1.1" 200 10911 "-" "Mozilla/5.0 (Windows NT 10.0; Win64; x64) Chrome/120.0.0.0"
36.106.167.201 - - [09/Jun/2025:02:58:02 -0400] "GET / HTTP/1.1" 200 10911 "-" "Mozilla/5.0 (Windows NT 10.0; Win64; x64) Chrome/120.0.0.0"
36.106.167.201 - - [09/Jun/2025:02:58:02 -0400] "GET /assets/favicon-aOK6_042.ico HTTP/1.1" 301 0 "-" "Mozilla/5.0 (Windows NT 10.0; Win64; x64) Chrome/120.0.0.0"
101.68.6.70 - - [09/Jun/2025:02:58:03 -0400] "GET / HTTP/1.1" 200 10911 "-" "Mozilla/5.0 (Windows NT 10.0; Win64; x64) Chrome/120.0.0.0"
36.106.167.201 - - [09/Jun/2025:02:58:03 -0400] "GET /images/01.jpg HTTP/1.1" 301 0 "-" "Mozilla/5.0 (Windows NT 10.0; Win64; x64) Chrome/120.0.0.0"
125.82.242.133 - - [09/Jun/2025:02:58:03 -0400] "GET /wp-content/uploads/2023/08/logo-gold.png HTTP/1.1" 301 0 "-" "Mozilla/5.0 (Windows NT 10.0; Win64; x64) Chrome/120.0.0.0"
36.106.167.201 - - [09/Jun/2025:02:58:04 -0400] "GET / HTTP/1.1" 200 10971 "-" "Mozilla/5.0 (Windows NT 10.0; Win64; x64) Chrome/120.0.0.0"
101.68.6.70 - - [09/Jun/2025:02:58:04 -0400] "GET / HTTP/1.1" 200 10911 "-" "Mozilla/5.0 (Windows NT 10.0; Win64; x64) Chrome/120.0.0.0"
125.82.242.133 - - [09/Jun/2025:02:58:04 -0400] "GET /favicon-32x32.png?v=e0e3ed8f59d769b053c145391db63c0d HTTP/1.1" 301 0 "-" "Mozilla/5.0 (Windows NT 10.0; Win64; x64) Chrome/120.0.0.0"
36.106.167.201 - - [09/Jun/2025:02:58:04 -0400] "GET /wp-content/uploads/2020/10/official-logo-512x512.png HTTP/1.1" 301 0 "-" "Mozilla/5.0 (Windows NT 10.0; Win64; x64) Chrome/120.0.0.0"
36.106.167.201 - - [09/Jun/2025:02:58:05 -0400] "GET / HTTP/1.1" 200 10853 "-" "Mozilla/5.0 (Windows NT 10.0; Win64; x64) Chrome/120.0.0.0"
125.82.242.133 - - [09/Jun/2025:02:58:05 -0400] "GET / HTTP/1.1" 200 10911 "-" "Mozilla/5.0 (Windows NT 10.0; Win64; x64) Chrome/120.0.0.0"
36.106.167.201 - - [09/Jun/2025:02:58:05 -0400] "GET /wp-content/uploads/2023/02/1677572030-814390417fe413b.png HTTP/1.1" 301 0 "-" "Mozilla/5.0 (Windows NT 10.0; Win64; x64) Chrome/120.0.0.0"
36.106.167.201 - - [09/Jun/2025:02:58:05 -0400] "GET / HTTP/1.1" 200 10911 "-" "Mozilla/5.0 (Windows NT 10.0; Win64; x64) Chrome/120.0.0.0"
125.82.242.133 - - [09/Jun/2025:02:58:06 -0400] "GET / HTTP/1.1" 200 10938 "-" "Mozilla/5.0 (Windows NT 10.0; Win64; x64) Chrome/120.0.0.0"
36.106.167.201 - - [09/Jun/2025:02:58:06 -0400] "GET /favicon.ico HTTP/1.1" 302 0 "-" "Mozilla/5.0 (Windows NT 10.0; Win64; x64) Chrome/120.0.0.0"
36.106.167.201 - - [09/Jun/2025:02:58:06 -0400] "GET / HTTP/1.1" 200 10911 "-" "Mozilla/5.0 (Windows NT 10.0; Win64; x64) Chrome/120.0.0.0"
36.106.167.201 - - [09/Jun/2025:02:58:07 -0400] "GET /wp-content/uploads/2023/08/logo-gold.png HTTP/1.1" 301 0 "-" "Mozilla/5.0 (Windows NT 10.0; Win64; x64) Chrome/120.0.0.0"
36.106.167.201 - - [09/Jun/2025:02:58:07 -0400] "GET /icons/favicon.ico HTTP/1.1" 301 0 "-" "Mozilla/5.0 (Windows NT 10.0; Win64; x64) Chrome/120.0.0.0"
36.106.167.201 - - [09/Jun/2025:02:58:08 -0400] "GET / HTTP/1.1" 200 10971 "-" "Mozilla/5.0 (Windows NT 10.0; Win64; x64) Chrome/120.0.0.0"
36.106.167.201 - - [09/Jun/2025:02:58:08 -0400] "GET / HTTP/1.1" 200 10971 "-" "Mozilla/5.0 (Windows NT 10.0; Win64; x64) Chrome/120.0.0.0"
36.106.167.201 - - [09/Jun/2025:02:58:08 -0400] "GET /favicon-32x32.png?v=e0e3ed8f59d769b053c145391db63c0d HTTP/1.1" 301 0 "-" "Mozilla/5.0 (Windows NT 10.0; Win64; x64) Chrome/120.0.0.0"
36.106.167.201 - - [09/Jun/2025:02:58:10 -0400] "GET / HTTP/1.1" 200 10911 "-" "Mozilla/5.0 (Windows NT 10.0; Win64; x64) Chrome/120.0.0.0"
36.106.167.201 - - [09/Jun/2025:02:58:10 -0400] "GET / HTTP/1.1" 200 10911 "-" "Mozilla/5.0 (Windows NT 10.0; Win64; x64) Chrome/120.0.0.0"
123.160.233.2 - - [09/Jun/2025:02:58:11 -0400] "GET /favicon.ico HTTP/1.1" 302 0 "-" "Mozilla/5.0 (Windows NT 10.0; Win64; x64) Chrome/120.0.0.0"
59.52.177.221 - - [09/Jun/2025:02:58:13 -0400] "GET / HTTP/1.1" 200 10853 "-" "Mozilla/5.0 (Windows NT 10.0; Win64; x64) Chrome/120.0.0.0"
59.52.177.221 - - [09/Jun/2025:02:58:13 -0400] "GET /favicon.ico HTTP/1.1" 302 0 "-" "Mozilla/5.0 (Windows NT 10.0; Win64; x64) Chrome/120.0.0.0"
58.59.246.80 - - [09/Jun/2025:02:58:14 -0400] "GET / HTTP/1.1" 200 10911 "-" "Mozilla/5.0 (Windows NT 10.0; Win64; x64) Chrome/120.0.0.0"
59.52.177.221 - - [09/Jun/2025:02:58:14 -0400] "GET / HTTP/1.1" 200 10911 "-" "Mozilla/5.0 (Windows NT 10.0; Win64; x64) Chrome/120.0.0.0"
59.52.177.221 - - [09/Jun/2025:02:58:14 -0400] "GET / HTTP/1.1" 200 10911 "-" "Mozilla/5.0 (Windows NT 10.0; Win64; x64) Chrome/120.0.0.0"
59.52.177.221 - - [09/Jun/2025:02:58:15 -0400] "GET /aaabbbccc HTTP/1.1" 301 0 "-" "Mozilla/5.0 (Windows NT 10.0; Win64; x64) Chrome/120.0.0.0"
123.160.233.2 - - [09/Jun/2025:02:58:15 -0400] "GET / HTTP/1.1" 200 10853 "-" "Mozilla/5.0 (Windows NT 10.0; Win64; x64) Chrome/120.0.0.0"
59.52.177.221 - - [09/Jun/2025:02:58:15 -0400] "GET /1 HTTP/1.1" 301 0 "-" "Mozilla/5.0 (Windows NT 10.0; Win64; x64) Chrome/120.0.0.0"
58.59.246.80 - - [09/Jun/2025:02:58:15 -0400] "GET / HTTP/1.1" 200 10911 "-" "Mozilla/5.0 (Windows NT 10.0; Win64; x64) Chrome/120.0.0.0"
59.52.177.221 - - [09/Jun/2025:02:58:16 -0400] "GET / HTTP/1.1" 200 10911 "-" "Mozilla/5.0 (Windows NT 10.0; Win64; x64) Chrome/120.0.0.0"
59.52.177.221 - - [09/Jun/2025:02:58:17 -0400] "GET / HTTP/1.1" 200 10971 "-" "Mozilla/5.0 (Windows NT 10.0; Win64; x64) Chrome/120.0.0.0"
123.160.233.2 - - [09/Jun/2025:02:58:16 -0400] "GET /aaabbbccc HTTP/1.1" 301 0 "-" "Mozilla/5.0 (Windows NT 10.0; Win64; x64) Chrome/120.0.0.0"
59.52.177.221 - - [09/Jun/2025:02:58:17 -0400] "GET /fb HTTP/1.1" 301 0 "-" "Mozilla/5.0 (Windows NT 10.0; Win64; x64) Chrome/120.0.0.0"
58.59.246.80 - - [09/Jun/2025:02:58:17 -0400] "GET /1 HTTP/1.1" 301 0 "-" "Mozilla/5.0 (Windows NT 10.0; Win64; x64) Chrome/120.0.0.0"
123.160.233.2 - - [09/Jun/2025:02:58:17 -0400] "GET / HTTP/1.1" 200 10911 "-" "Mozilla/5.0 (Windows NT 10.0; Win64; x64) Chrome/120.0.0.0"
59.52.177.221 - - [09/Jun/2025:02:58:17 -0400] "GET /fwc HTTP/1.1" 301 0 "-" "Mozilla/5.0 (Windows NT 10.0; Win64; x64) Chrome/120.0.0.0"
58.59.246.80 - - [09/Jun/2025:02:58:17 -0400] "GET / HTTP/1.1" 200 10911 "-" "Mozilla/5.0 (Windows NT 10.0; Win64; x64) Chrome/120.0.0.0"
59.52.177.221 - - [09/Jun/2025:02:58:18 -0400] "GET / HTTP/1.1" 200 10911 "-" "Mozilla/5.0 (Windows NT 10.0; Win64; x64) Chrome/120.0.0.0"
59.52.177.221 - - [09/Jun/2025:02:58:18 -0400] "GET / HTTP/1.1" 200 10911 "-" "Mozilla/5.0 (Windows NT 10.0; Win64; x64) Chrome/120.0.0.0"
58.59.246.80 - - [09/Jun/2025:02:58:19 -0400] "GET /fb HTTP/1.1" 301 0 "-" "Mozilla/5.0 (Windows NT 10.0; Win64; x64) Chrome/120.0.0.0"
59.52.177.221 - - [09/Jun/2025:02:58:19 -0400] "GET /fzh HTTP/1.1" 301 0 "-" "Mozilla/5.0 (Windows NT 10.0; Win64; x64) Chrome/120.0.0.0"
123.160.233.2 - - [09/Jun/2025:02:58:19 -0400] "GET /fwc HTTP/1.1" 301 0 "-" "Mozilla/5.0 (Windows NT 10.0; Win64; x64) Chrome/120.0.0.0"
59.52.177.221 - - [09/Jun/2025:02:58:19 -0400] "GET / HTTP/1.1" 200 10911 "-" "Mozilla/5.0 (Windows NT 10.0; Win64; x64) Chrome/120.0.0.0"
58.59.246.80 - - [09/Jun/2025:02:58:19 -0400] "GET / HTTP/1.1" 200 10853 "-" "Mozilla/5.0 (Windows NT 10.0; Win64; x64) Chrome/120.0.0.0"
59.52.177.221 - - [09/Jun/2025:02:58:19 -0400] "GET /res/favicon.ico HTTP/1.1" 301 0 "-" "Mozilla/5.0 (Windows NT 10.0; Win64; x64) Chrome/120.0.0.0"
123.160.233.2 - - [09/Jun/2025:02:58:20 -0400] "GET / HTTP/1.1" 200 10971 "-" "Mozilla/5.0 (Windows NT 10.0; Win64; x64) Chrome/120.0.0.0"
59.52.177.221 - - [09/Jun/2025:02:58:20 -0400] "GET / HTTP/1.1" 200 10911 "-" "Mozilla/5.0 (Windows NT 10.0; Win64; x64) Chrome/120.0.0.0"
58.59.246.80 - - [09/Jun/2025:02:58:20 -0400] "GET /fzh HTTP/1.1" 301 0 "-" "Mozilla/5.0 (Windows NT 10.0; Win64; x64) Chrome/120.0.0.0"
59.52.177.221 - - [09/Jun/2025:02:58:21 -0400] "GET /assets/favicon-aOK6_042.ico HTTP/1.1" 301 0 "-" "Mozilla/5.0 (Windows NT 10.0; Win64; x64) Chrome/120.0.0.0"
59.52.177.221 - - [09/Jun/2025:02:58:21 -0400] "GET /images/01.jpg HTTP/1.1" 301 0 "-" "Mozilla/5.0 (Windows NT 10.0; Win64; x64) Chrome/120.0.0.0"
59.52.177.221 - - [09/Jun/2025:02:58:21 -0400] "GET / HTTP/1.1" 200 10911 "-" "Mozilla/5.0 (Windows NT 10.0; Win64; x64) Chrome/120.0.0.0"
58.59.246.80 - - [09/Jun/2025:02:58:22 -0400] "GET /res/favicon.ico HTTP/1.1" 301 0 "-" "Mozilla/5.0 (Windows NT 10.0; Win64; x64) Chrome/120.0.0.0"
59.52.177.221 - - [09/Jun/2025:02:58:22 -0400] "GET / HTTP/1.1" 200 10911 "-" "Mozilla/5.0 (Windows NT 10.0; Win64; x64) Chrome/120.0.0.0"
59.52.177.221 - - [09/Jun/2025:02:58:22 -0400] "GET /wp-content/uploads/2020/10/official-logo-512x512.png HTTP/1.1" 301 0 "-" "Mozilla/5.0 (Windows NT 10.0; Win64; x64) Chrome/120.0.0.0"
58.59.246.80 - - [09/Jun/2025:02:58:23 -0400] "GET / HTTP/1.1" 200 10971 "-" "Mozilla/5.0 (Windows NT 10.0; Win64; x64) Chrome/120.0.0.0"
59.52.177.221 - - [09/Jun/2025:02:58:23 -0400] "GET / HTTP/1.1" 200 10853 "-" "Mozilla/5.0 (Windows NT 10.0; Win64; x64) Chrome/120.0.0.0"
59.52.177.221 - - [09/Jun/2025:02:58:23 -0400] "GET /wp-content/uploads/2023/02/1677572030-814390417fe413b.png HTTP/1.1" 301 0 "-" "Mozilla/5.0 (Windows NT 10.0; Win64; x64) Chrome/120.0.0.0"
58.59.246.80 - - [09/Jun/2025:02:58:24 -0400] "GET /assets/favicon-aOK6_042.ico HTTP/1.1" 301 0 "-" "Mozilla/5.0 (Windows NT 10.0; Win64; x64) Chrome/120.0.0.0"
59.52.177.221 - - [09/Jun/2025:02:58:24 -0400] "GET / HTTP/1.1" 200 10971 "-" "Mozilla/5.0 (Windows NT 10.0; Win64; x64) Chrome/120.0.0.0"
59.52.177.221 - - [09/Jun/2025:02:58:24 -0400] "GET /favicon.ico HTTP/1.1" 302 0 "-" "Mozilla/5.0 (Windows NT 10.0; Win64; x64) Chrome/120.0.0.0"
58.59.246.80 - - [09/Jun/2025:02:58:25 -0400] "GET / HTTP/1.1" 200 10911 "-" "Mozilla/5.0 (Windows NT 10.0; Win64; x64) Chrome/120.0.0.0"
59.52.177.221 - - [09/Jun/2025:02:58:25 -0400] "GET /icons/favicon.ico HTTP/1.1" 301 0 "-" "Mozilla/5.0 (Windows NT 10.0; Win64; x64) Chrome/120.0.0.0"
59.52.177.221 - - [09/Jun/2025:02:58:25 -0400] "GET /wp-content/uploads/2023/08/logo-gold.png HTTP/1.1" 301 0 "-" "Mozilla/5.0 (Windows NT 10.0; Win64; x64) Chrome/120.0.0.0"
59.52.177.221 - - [09/Jun/2025:02:58:26 -0400] "GET / HTTP/1.1" 200 10971 "-" "Mozilla/5.0 (Windows NT 10.0; Win64; x64) Chrome/120.0.0.0"
59.52.177.221 - - [09/Jun/2025:02:58:26 -0400] "GET / HTTP/1.1" 200 10911 "-" "Mozilla/5.0 (Windows NT 10.0; Win64; x64) Chrome/120.0.0.0"
58.59.246.80 - - [09/Jun/2025:02:58:26 -0400] "GET /images/01.jpg HTTP/1.1" 301 0 "-" "Mozilla/5.0 (Windows NT 10.0; Win64; x64) Chrome/120.0.0.0"
58.59.246.80 - - [09/Jun/2025:02:58:27 -0400] "GET / HTTP/1.1" 200 10971 "-" "Mozilla/5.0 (Windows NT 10.0; Win64; x64) Chrome/120.0.0.0"
59.52.177.221 - - [09/Jun/2025:02:58:27 -0400] "GET /favicon-32x32.png?v=e0e3ed8f59d769b053c145391db63c0d HTTP/1.1" 301 0 "-" "Mozilla/5.0 (Windows NT 10.0; Win64; x64) Chrome/120.0.0.0"
123.160.233.2 - - [09/Jun/2025:02:58:27 -0400] "GET / HTTP/1.1" 200 10911 "-" "Mozilla/5.0 (Windows NT 10.0; Win64; x64) Chrome/120.0.0.0"
59.52.177.221 - - [09/Jun/2025:02:58:28 -0400] "GET / HTTP/1.1" 200 10971 "-" "Mozilla/5.0 (Windows NT 10.0; Win64; x64) Chrome/120.0.0.0"
58.59.246.80 - - [09/Jun/2025:02:58:28 -0400] "GET /wp-content/uploads/2020/10/official-logo-512x512.png HTTP/1.1" 301 0 "-" "Mozilla/5.0 (Windows NT 10.0; Win64; x64) Chrome/120.0.0.0"
59.52.177.221 - - [09/Jun/2025:02:58:29 -0400] "GET / HTTP/1.1" 200 10911 "-" "Mozilla/5.0 (Windows NT 10.0; Win64; x64) Chrome/120.0.0.0"
58.59.246.80 - - [09/Jun/2025:02:58:29 -0400] "GET / HTTP/1.1" 200 10911 "-" "Mozilla/5.0 (Windows NT 10.0; Win64; x64) Chrome/120.0.0.0"
123.160.233.2 - - [09/Jun/2025:02:58:29 -0400] "GET /wp-content/uploads/2023/02/1677572030-814390417fe413b.png HTTP/1.1" 301 0 "-" "Mozilla/5.0 (Windows NT 10.0; Win64; x64) Chrome/120.0.0.0"
123.160.233.2 - - [09/Jun/2025:02:58:30 -0400] "GET / HTTP/1.1" 200 10911 "-" "Mozilla/5.0 (Windows NT 10.0; Win64; x64) Chrome/120.0.0.0"
58.59.246.80 - - [09/Jun/2025:02:58:30 -0400] "GET /favicon.ico HTTP/1.1" 302 0 "-" "Mozilla/5.0 (Windows NT 10.0; Win64; x64) Chrome/120.0.0.0"
58.59.246.80 - - [09/Jun/2025:02:58:31 -0400] "GET /icons/favicon.ico HTTP/1.1" 301 0 "-" "Mozilla/5.0 (Windows NT 10.0; Win64; x64) Chrome/120.0.0.0"
123.160.233.2 - - [09/Jun/2025:02:58:32 -0400] "GET /wp-content/uploads/2023/08/logo-gold.png HTTP/1.1" 301 0 "-" "Mozilla/5.0 (Windows NT 10.0; Win64; x64) Chrome/120.0.0.0"
123.160.233.2 - - [09/Jun/2025:02:58:32 -0400] "GET / HTTP/1.1" 200 10911 "-" "Mozilla/5.0 (Windows NT 10.0; Win64; x64) Chrome/120.0.0.0"
58.59.246.80 - - [09/Jun/2025:02:58:32 -0400] "GET / HTTP/1.1" 200 10911 "-" "Mozilla/5.0 (Windows NT 10.0; Win64; x64) Chrome/120.0.0.0"
58.59.246.80 - - [09/Jun/2025:02:58:34 -0400] "GET /favicon-32x32.png?v=e0e3ed8f59d769b053c145391db63c0d HTTP/1.1" 301 0 "-" "Mozilla/5.0 (Windows NT 10.0; Win64; x64) Chrome/120.0.0.0"
58.59.246.80 - - [09/Jun/2025:02:58:35 -0400] "GET / HTTP/1.1" 200 10911 "-" "Mozilla/5.0 (Windows NT 10.0; Win64; x64) Chrome/120.0.0.0"
58.59.246.80 - - [09/Jun/2025:02:58:36 -0400] "GET / HTTP/1.1" 200 10911 "-" "Mozilla/5.0 (Windows NT 10.0; Win64; x64) Chrome/120.0.0.0"
2a03:2880:f800:19:: - - [09/Jun/2025:03:00:52 -0400] "GET /manga/operation-true-love-notice/ HTTP/1.1" 200 11695 "-" "meta-externalagent/1.1 (+https://developers.facebook.com/docs/sharing/webmasters/crawler)"
66.249.65.172 - - [09/Jun/2025:03:03:41 -0400] "GET /manga/operation-true-love-chapter-86/ HTTP/1.1" 200 12106 "-" "Mozilla/5.0 (Linux; Android 6.0.1; Nexus 5X Build/MMB29P) AppleWebKit/537.36 (KHTML, like Gecko) Chrome/136.0.7103.113 Mobile Safari/537.36 (compatible; Googlebot/2.1; +http://www.google.com/bot.html)"
162.0.232.193 - - [09/Jun/2025:03:04:57 -0400] "POST /wp-cron.php?doing_wp_cron=1749452697.6090209484100341796875 HTTP/1.1" 200 0 "-" "WordPress/6.6.2; https://w2.operationtruelovenow.com"
