Current File : /home/honehdyv/access-logs/w2.operationtruelovenow.com-ssl_log |
43.130.111.40 - - [08/Jun/2025:04:36:19 -0400] "GET /manga/operation-true-love-chapter-29/ HTTP/1.1" 200 12048 "-" "Mozilla/5.0 (iPhone; CPU iPhone OS 13_2_3 like Mac OS X) AppleWebKit/605.1.15 (KHTML, like Gecko) Version/13.0.3 Mobile/15E148 Safari/604.1"
2a03:2880:f800:2:: - - [08/Jun/2025:04:37:26 -0400] "GET /manga/operation-true-love-chapter-0/ HTTP/1.1" 200 12743 "-" "meta-externalagent/1.1 (+https://developers.facebook.com/docs/sharing/webmasters/crawler)"
212.34.146.152 - - [08/Jun/2025:04:38:45 -0400] "GET / HTTP/1.1" 200 10842 "https://OPERATIONTRUELOVENOW.COM" "Mozilla/5.0 (Macintosh; Intel Mac OS X 10_15_7) AppleWebKit/537.36 (KHTML, like Gecko) Chrome/133.0.0.0 Safari/537.36"
162.0.232.193 - - [08/Jun/2025:04:38:49 -0400] "POST /wp-cron.php?doing_wp_cron=1749371928.9995410442352294921875 HTTP/1.1" 200 0 "-" "WordPress/6.6.2; https://w2.operationtruelovenow.com"
212.34.146.152 - - [08/Jun/2025:04:38:46 -0400] "GET /comments/feed/ HTTP/1.1" 200 1315 "-" "Mozilla/5.0 (Macintosh; Intel Mac OS X 10_15_7) AppleWebKit/537.36 (KHTML, like Gecko) Chrome/133.0.0.0 Safari/537.36"
212.34.146.152 - - [08/Jun/2025:04:38:51 -0400] "GET /manga/operation-true-love-notice-apology/ HTTP/1.1" 200 11274 "-" "Mozilla/5.0 (Macintosh; Intel Mac OS X 10_15_7) AppleWebKit/537.36 (KHTML, like Gecko) Chrome/133.0.0.0 Safari/537.36"
212.34.146.152 - - [08/Jun/2025:04:38:53 -0400] "GET /manga/operation-true-love-notice-apology/feed/ HTTP/1.1" 200 434 "-" "Mozilla/5.0 (Macintosh; Intel Mac OS X 10_15_7) AppleWebKit/537.36 (KHTML, like Gecko) Chrome/133.0.0.0 Safari/537.36"
212.34.146.152 - - [08/Jun/2025:04:38:55 -0400] "GET /manga/operation-true-love-notice-apology/ HTTP/1.1" 200 11234 "-" "Mozilla/5.0 (Macintosh; Intel Mac OS X 10_15_7) AppleWebKit/537.36 (KHTML, like Gecko) Chrome/133.0.0.0 Safari/537.36"
44.244.153.85 - - [08/Jun/2025:04:41:31 -0400] "GET / HTTP/1.1" 200 10951 "https://operationtruelovenow.com/" "Mozilla/5.0 (Macintosh; Intel Mac OS X 10_15_7) AppleWebKit/537.36 (KHTML, like Gecko) Chrome/134.0.0.0 Safari/537.36"
162.0.232.193 - - [08/Jun/2025:04:43:35 -0400] "POST /wp-cron.php?doing_wp_cron=1749372215.4731130599975585937500 HTTP/1.1" 200 0 "-" "WordPress/6.6.2; https://w2.operationtruelovenow.com"
162.0.232.193 - - [08/Jun/2025:04:43:35 -0400] "POST /wp-cron.php?doing_wp_cron=1749372215.4731750488281250000000 HTTP/1.1" 200 0 "-" "WordPress/6.6.2; https://w2.operationtruelovenow.com"
213.238.181.133 - - [08/Jun/2025:04:44:34 -0400] "POST /xmlrpc.php HTTP/1.1" 200 205 "-" "Mozilla/5.0 (X11; Ubuntu; Linux x86_64; rv:85.0) Gecko/20100101 Firefox/91.0"
43.130.150.80 - - [08/Jun/2025:04:46:29 -0400] "GET /manga/operation-true-love-chapter-37/ HTTP/1.1" 200 11816 "-" "Mozilla/5.0 (iPhone; CPU iPhone OS 13_2_3 like Mac OS X) AppleWebKit/605.1.15 (KHTML, like Gecko) Version/13.0.3 Mobile/15E148 Safari/604.1"
162.0.232.193 - - [08/Jun/2025:04:47:12 -0400] "POST /wp-cron.php?doing_wp_cron=1749372432.2405209541320800781250 HTTP/1.1" 200 0 "-" "WordPress/6.6.2; https://w2.operationtruelovenow.com"
199.188.200.191 - - [08/Jun/2025:04:47:10 -0400] "POST /xmlrpc.php HTTP/1.1" 200 186 "https://w2.operationtruelovenow.com" "Mozilla/5.0 (Macintosh; Intel Mac OS X 10_15_7) AppleWebKit/537.36 (KHTML, like Gecko) Chrome/116.0.5845.96 Safari/537.36"
199.188.200.191 - - [08/Jun/2025:04:47:12 -0400] "POST /wp-login.php HTTP/1.1" 200 1936 "https://w2.operationtruelovenow.com" "Mozilla/5.0 (Macintosh; Intel Mac OS X 10_15_7) AppleWebKit/537.36 (KHTML, like Gecko) Chrome/115.0.5790.102 Safari/537.36"
157.245.151.91 - - [08/Jun/2025:04:47:40 -0400] "GET /wp-includes/id3/license.txt/feed/ HTTP/1.1" 301 0 "-" "Mozilla/5.0 (Windows NT 10.0; Win64; x64) AppleWebKit/537.36 (KHTML, like Gecko) Chrome/95.0.4638.69 Safari/537.36"
157.245.151.91 - - [08/Jun/2025:04:47:40 -0400] "GET /wp-includes/id3/license.txt/xmlrpc.php?rsd HTTP/1.1" 301 0 "-" "Mozilla/5.0 (Windows NT 10.0; Win64; x64) AppleWebKit/537.36 (KHTML, like Gecko) Chrome/95.0.4638.69 Safari/537.36"
157.245.151.91 - - [08/Jun/2025:04:47:40 -0400] "GET /wp-includes/id3/license.txt/blog/wp-includes/wlwmanifest.xml HTTP/1.1" 301 0 "-" "Mozilla/5.0 (Windows NT 10.0; Win64; x64) AppleWebKit/537.36 (KHTML, like Gecko) Chrome/95.0.4638.69 Safari/537.36"
157.245.151.91 - - [08/Jun/2025:04:47:41 -0400] "GET /wp-includes/id3/license.txt/web/wp-includes/wlwmanifest.xml HTTP/1.1" 301 0 "-" "Mozilla/5.0 (Windows NT 10.0; Win64; x64) AppleWebKit/537.36 (KHTML, like Gecko) Chrome/95.0.4638.69 Safari/537.36"
157.245.151.91 - - [08/Jun/2025:04:47:41 -0400] "GET /wp-includes/id3/license.txt/wordpress/wp-includes/wlwmanifest.xml HTTP/1.1" 301 0 "-" "Mozilla/5.0 (Windows NT 10.0; Win64; x64) AppleWebKit/537.36 (KHTML, like Gecko) Chrome/95.0.4638.69 Safari/537.36"
157.245.151.91 - - [08/Jun/2025:04:47:42 -0400] "GET /wp-includes/id3/license.txt/wp/wp-includes/wlwmanifest.xml HTTP/1.1" 301 0 "-" "Mozilla/5.0 (Windows NT 10.0; Win64; x64) AppleWebKit/537.36 (KHTML, like Gecko) Chrome/95.0.4638.69 Safari/537.36"
157.245.151.91 - - [08/Jun/2025:04:47:42 -0400] "GET /wp-includes/id3/license.txt/2020/wp-includes/wlwmanifest.xml HTTP/1.1" 301 0 "-" "Mozilla/5.0 (Windows NT 10.0; Win64; x64) AppleWebKit/537.36 (KHTML, like Gecko) Chrome/95.0.4638.69 Safari/537.36"
157.245.151.91 - - [08/Jun/2025:04:47:42 -0400] "GET /wp-includes/id3/license.txt/2019/wp-includes/wlwmanifest.xml HTTP/1.1" 301 0 "-" "Mozilla/5.0 (Windows NT 10.0; Win64; x64) AppleWebKit/537.36 (KHTML, like Gecko) Chrome/95.0.4638.69 Safari/537.36"
157.245.151.91 - - [08/Jun/2025:04:47:43 -0400] "GET /wp-includes/id3/license.txt/2021/wp-includes/wlwmanifest.xml HTTP/1.1" 301 0 "-" "Mozilla/5.0 (Windows NT 10.0; Win64; x64) AppleWebKit/537.36 (KHTML, like Gecko) Chrome/95.0.4638.69 Safari/537.36"
157.245.151.91 - - [08/Jun/2025:04:47:43 -0400] "GET /wp-includes/id3/license.txt/shop/wp-includes/wlwmanifest.xml HTTP/1.1" 301 0 "-" "Mozilla/5.0 (Windows NT 10.0; Win64; x64) AppleWebKit/537.36 (KHTML, like Gecko) Chrome/95.0.4638.69 Safari/537.36"
157.245.151.91 - - [08/Jun/2025:04:47:43 -0400] "GET /wp-includes/id3/license.txt/wp1/wp-includes/wlwmanifest.xml HTTP/1.1" 301 0 "-" "Mozilla/5.0 (Windows NT 10.0; Win64; x64) AppleWebKit/537.36 (KHTML, like Gecko) Chrome/95.0.4638.69 Safari/537.36"
157.245.151.91 - - [08/Jun/2025:04:47:44 -0400] "GET /wp-includes/id3/license.txt/test/wp-includes/wlwmanifest.xml HTTP/1.1" 301 0 "-" "Mozilla/5.0 (Windows NT 10.0; Win64; x64) AppleWebKit/537.36 (KHTML, like Gecko) Chrome/95.0.4638.69 Safari/537.36"
157.245.151.91 - - [08/Jun/2025:04:47:44 -0400] "GET /wp-includes/id3/license.txt/site/wp-includes/wlwmanifest.xml HTTP/1.1" 301 0 "-" "Mozilla/5.0 (Windows NT 10.0; Win64; x64) AppleWebKit/537.36 (KHTML, like Gecko) Chrome/95.0.4638.69 Safari/537.36"
157.245.151.91 - - [08/Jun/2025:04:47:44 -0400] "GET /wp-includes/id3/license.txt/cms/wp-includes/wlwmanifest.xml HTTP/1.1" 301 0 "-" "Mozilla/5.0 (Windows NT 10.0; Win64; x64) AppleWebKit/537.36 (KHTML, like Gecko) Chrome/95.0.4638.69 Safari/537.36"
43.133.139.6 - - [08/Jun/2025:04:54:07 -0400] "GET /manga/operation-true-love-chapter-56/ HTTP/1.1" 200 13076 "-" "Mozilla/5.0 (iPhone; CPU iPhone OS 13_2_3 like Mac OS X) AppleWebKit/605.1.15 (KHTML, like Gecko) Version/13.0.3 Mobile/15E148 Safari/604.1"
80.85.245.37 - - [08/Jun/2025:04:59:07 -0400] "GET / HTTP/1.1" 200 10891 "https://OPERATIONTRUELOVENOW.COM" "Mozilla/5.0 (Macintosh; Intel Mac OS X 10_15_7) AppleWebKit/537.36 (KHTML, like Gecko) Chrome/133.0.0.0 Safari/537.36"
162.0.232.193 - - [08/Jun/2025:04:59:11 -0400] "POST /wp-cron.php?doing_wp_cron=1749373151.2648110389709472656250 HTTP/1.1" 200 0 "-" "WordPress/6.6.2; https://w2.operationtruelovenow.com"
80.85.245.37 - - [08/Jun/2025:04:59:09 -0400] "GET /comments/feed/ HTTP/1.1" 200 1315 "-" "Mozilla/5.0 (Macintosh; Intel Mac OS X 10_15_7) AppleWebKit/537.36 (KHTML, like Gecko) Chrome/133.0.0.0 Safari/537.36"
80.85.245.37 - - [08/Jun/2025:04:59:12 -0400] "GET /manga/operation-true-love-notice-apology/ HTTP/1.1" 200 11274 "-" "Mozilla/5.0 (Macintosh; Intel Mac OS X 10_15_7) AppleWebKit/537.36 (KHTML, like Gecko) Chrome/133.0.0.0 Safari/537.36"
80.85.245.37 - - [08/Jun/2025:04:59:16 -0400] "GET /manga/operation-true-love-notice-apology/feed/ HTTP/1.1" 200 434 "-" "Mozilla/5.0 (Macintosh; Intel Mac OS X 10_15_7) AppleWebKit/537.36 (KHTML, like Gecko) Chrome/133.0.0.0 Safari/537.36"
80.85.245.37 - - [08/Jun/2025:04:59:17 -0400] "GET /manga/operation-true-love-notice-apology/ HTTP/1.1" 200 11234 "-" "Mozilla/5.0 (Macintosh; Intel Mac OS X 10_15_7) AppleWebKit/537.36 (KHTML, like Gecko) Chrome/133.0.0.0 Safari/537.36"
162.0.232.193 - - [08/Jun/2025:05:02:02 -0400] "POST /wp-cron.php?doing_wp_cron=1749373321.9595580101013183593750 HTTP/1.1" 200 0 "-" "WordPress/6.6.2; https://w2.operationtruelovenow.com"
2a03:2880:f800:14:: - - [08/Jun/2025:05:02:00 -0400] "GET /category/operation-true-love-manhwa/page/12/ HTTP/1.1" 200 14033 "-" "meta-externalagent/1.1 (+https://developers.facebook.com/docs/sharing/webmasters/crawler)"
43.135.142.37 - - [08/Jun/2025:05:05:08 -0400] "GET /manga/operation-true-love-chapter-67/ HTTP/1.1" 200 12690 "-" "Mozilla/5.0 (iPhone; CPU iPhone OS 13_2_3 like Mac OS X) AppleWebKit/605.1.15 (KHTML, like Gecko) Version/13.0.3 Mobile/15E148 Safari/604.1"
162.0.232.193 - - [08/Jun/2025:05:05:35 -0400] "POST /wp-cron.php?doing_wp_cron=1749373535.3336560726165771484375 HTTP/1.1" 200 0 "-" "WordPress/6.6.2; https://w2.operationtruelovenow.com"
2a03:2880:f800:6:: - - [08/Jun/2025:05:05:33 -0400] "GET /category/pure-love-operation/page/2/ HTTP/1.1" 200 13482 "-" "meta-externalagent/1.1 (+https://developers.facebook.com/docs/sharing/webmasters/crawler)"
162.0.232.193 - - [08/Jun/2025:05:08:29 -0400] "POST /wp-cron.php?doing_wp_cron=1749373709.3138170242309570312500 HTTP/1.1" 200 0 "-" "WordPress/6.6.2; https://w2.operationtruelovenow.com"
8.218.212.177 - - [08/Jun/2025:05:08:27 -0400] "POST /xmlrpc.php HTTP/1.1" 200 186 "https://w2.operationtruelovenow.com" "Mozilla/5.0 (Windows NT 10.0; Win64; x64) AppleWebKit/537.36 (KHTML, like Gecko) Chrome/113.0.5672.93 Safari/537.36"
8.218.212.177 - - [08/Jun/2025:05:08:30 -0400] "POST /wp-login.php HTTP/1.1" 200 1936 "https://w2.operationtruelovenow.com" "Mozilla/5.0 (Macintosh; Intel Mac OS X 10_15_7) AppleWebKit/537.36 (KHTML, like Gecko) Chrome/116.0.5845.96 Safari/537.36"
103.81.84.34 - - [08/Jun/2025:05:08:54 -0400] "POST /xmlrpc.php HTTP/1.1" 200 205 "-" "Mozilla/5.0 (X11; Ubuntu; Linux x86_64; rv:85.0) Gecko/20100101 Firefox/91.0"
49.51.204.74 - - [08/Jun/2025:05:15:44 -0400] "GET /manga/operation-true-love-chapter-70/ HTTP/1.1" 200 12577 "-" "Mozilla/5.0 (iPhone; CPU iPhone OS 13_2_3 like Mac OS X) AppleWebKit/605.1.15 (KHTML, like Gecko) Version/13.0.3 Mobile/15E148 Safari/604.1"
43.157.147.3 - - [08/Jun/2025:05:23:42 -0400] "GET /manga/operation-true-love-chapter-71/ HTTP/1.1" 200 12739 "-" "Mozilla/5.0 (iPhone; CPU iPhone OS 13_2_3 like Mac OS X) AppleWebKit/605.1.15 (KHTML, like Gecko) Version/13.0.3 Mobile/15E148 Safari/604.1"
162.0.232.193 - - [08/Jun/2025:05:24:19 -0400] "POST /wp-cron.php?doing_wp_cron=1749374659.0470581054687500000000 HTTP/1.1" 200 0 "-" "WordPress/6.6.2; https://w2.operationtruelovenow.com"
2a03:2880:f800:17:: - - [08/Jun/2025:05:24:16 -0400] "GET /category/operation-true-love-manhwa/page/3/ HTTP/1.1" 200 13654 "-" "meta-externalagent/1.1 (+https://developers.facebook.com/docs/sharing/webmasters/crawler)"
162.0.232.193 - - [08/Jun/2025:05:30:08 -0400] "POST /wp-cron.php?doing_wp_cron=1749375007.9063889980316162109375 HTTP/1.1" 200 0 "-" "WordPress/6.6.2; https://w2.operationtruelovenow.com"
51.77.247.142 - - [08/Jun/2025:05:30:04 -0400] "POST /xmlrpc.php HTTP/1.1" 200 186 "https://w2.operationtruelovenow.com" "Mozilla/5.0 (Windows NT 10.0; Win64; x64) AppleWebKit/537.36 (KHTML, like Gecko) Chrome/113.0.5672.93 Safari/537.36"
51.77.247.142 - - [08/Jun/2025:05:30:09 -0400] "POST /wp-login.php HTTP/1.1" 200 1936 "https://w2.operationtruelovenow.com" "Mozilla/5.0 (Windows NT 10.0; Win64; x64) AppleWebKit/537.36 (KHTML, like Gecko) Chrome/116.0.5845.96 Safari/537.36 Edg/116.0.1938.62"
162.0.232.193 - - [08/Jun/2025:05:34:24 -0400] "POST /wp-cron.php?doing_wp_cron=1749375264.5910990238189697265625 HTTP/1.1" 200 0 "-" "WordPress/6.6.2; https://w2.operationtruelovenow.com"
43.155.188.157 - - [08/Jun/2025:05:34:22 -0400] "GET /wp-json/wp/v2/posts/1730 HTTP/1.1" 200 16050 "-" "Mozilla/5.0 (iPhone; CPU iPhone OS 13_2_3 like Mac OS X) AppleWebKit/605.1.15 (KHTML, like Gecko) Version/13.0.3 Mobile/15E148 Safari/604.1"
45.32.185.198 - - [08/Jun/2025:05:34:25 -0400] "POST /xmlrpc.php HTTP/1.1" 200 205 "-" "Mozilla/5.0 (X11; Ubuntu; Linux x86_64; rv:85.0) Gecko/20100101 Firefox/91.0"
162.0.232.193 - - [08/Jun/2025:05:34:25 -0400] "GET /manga/operation-true-love-chapter-108/ HTTP/1.1" 200 14248 "-" "WP Rocket/Preload"
162.0.232.193 - - [08/Jun/2025:05:34:26 -0400] "GET /manga/operation-true-love-chapter-108/ HTTP/1.1" 200 14254 "-" "WP Rocket/Preload Mozilla/5.0 (iPhone; CPU iPhone OS 9_1 like Mac OS X) AppleWebKit/601.1.46 (KHTML, like Gecko) Version/9.0 Mobile/13B143 Safari/601.1"
162.0.232.193 - - [08/Jun/2025:05:34:27 -0400] "GET /manga/operation-true-love-chapter-95/ HTTP/1.1" 200 12200 "-" "WP Rocket/Preload"
162.0.232.193 - - [08/Jun/2025:05:34:28 -0400] "GET /manga/operation-true-love-chapter-95/ HTTP/1.1" 200 12197 "-" "WP Rocket/Preload Mozilla/5.0 (iPhone; CPU iPhone OS 9_1 like Mac OS X) AppleWebKit/601.1.46 (KHTML, like Gecko) Version/9.0 Mobile/13B143 Safari/601.1"
162.0.232.193 - - [08/Jun/2025:05:34:29 -0400] "GET /manga/operation-true-love-chapter-93/ HTTP/1.1" 200 12258 "-" "WP Rocket/Preload"
162.0.232.193 - - [08/Jun/2025:05:34:29 -0400] "GET /manga/operation-true-love-chapter-93/ HTTP/1.1" 200 12242 "-" "WP Rocket/Preload Mozilla/5.0 (iPhone; CPU iPhone OS 9_1 like Mac OS X) AppleWebKit/601.1.46 (KHTML, like Gecko) Version/9.0 Mobile/13B143 Safari/601.1"
162.0.232.193 - - [08/Jun/2025:05:34:30 -0400] "GET /manga/operation-true-love-chapter-99/ HTTP/1.1" 200 11807 "-" "WP Rocket/Preload"
162.0.232.193 - - [08/Jun/2025:05:34:31 -0400] "GET /manga/operation-true-love-chapter-99/ HTTP/1.1" 200 11802 "-" "WP Rocket/Preload Mozilla/5.0 (iPhone; CPU iPhone OS 9_1 like Mac OS X) AppleWebKit/601.1.46 (KHTML, like Gecko) Version/9.0 Mobile/13B143 Safari/601.1"
162.0.232.193 - - [08/Jun/2025:05:34:32 -0400] "GET /manga/operation-true-love-chapter-97/ HTTP/1.1" 200 11919 "-" "WP Rocket/Preload"
162.0.232.193 - - [08/Jun/2025:05:34:33 -0400] "GET /manga/operation-true-love-chapter-97/ HTTP/1.1" 200 11896 "-" "WP Rocket/Preload Mozilla/5.0 (iPhone; CPU iPhone OS 9_1 like Mac OS X) AppleWebKit/601.1.46 (KHTML, like Gecko) Version/9.0 Mobile/13B143 Safari/601.1"
162.0.232.193 - - [08/Jun/2025:05:36:23 -0400] "POST /wp-cron.php?doing_wp_cron=1749375383.8560850620269775390625 HTTP/1.1" 200 0 "-" "WordPress/6.6.2; https://w2.operationtruelovenow.com"
162.0.232.193 - - [08/Jun/2025:05:36:24 -0400] "GET /manga/operation-true-love-chapter-106-5/ HTTP/1.1" 200 11579 "-" "WP Rocket/Preload"
2a03:2880:f800:14:: - - [08/Jun/2025:05:36:21 -0400] "GET /author/admin/page/12/ HTTP/1.1" 200 14691 "-" "meta-externalagent/1.1 (+https://developers.facebook.com/docs/sharing/webmasters/crawler)"
162.0.232.193 - - [08/Jun/2025:05:36:24 -0400] "GET /manga/operation-true-love-chapter-106-5/ HTTP/1.1" 200 11239 "-" "WP Rocket/Preload Mozilla/5.0 (iPhone; CPU iPhone OS 9_1 like Mac OS X) AppleWebKit/601.1.46 (KHTML, like Gecko) Version/9.0 Mobile/13B143 Safari/601.1"
162.0.232.193 - - [08/Jun/2025:05:36:25 -0400] "GET /manga/operation-true-love-chapter-107/ HTTP/1.1" 200 12456 "-" "WP Rocket/Preload"
162.0.232.193 - - [08/Jun/2025:05:36:26 -0400] "GET /manga/operation-true-love-chapter-107/ HTTP/1.1" 200 12421 "-" "WP Rocket/Preload Mozilla/5.0 (iPhone; CPU iPhone OS 9_1 like Mac OS X) AppleWebKit/601.1.46 (KHTML, like Gecko) Version/9.0 Mobile/13B143 Safari/601.1"
162.0.232.193 - - [08/Jun/2025:05:36:27 -0400] "GET /comic/ HTTP/1.1" 200 9212 "-" "WP Rocket/Preload"
162.0.232.193 - - [08/Jun/2025:05:36:28 -0400] "GET /comic/ HTTP/1.1" 200 9211 "-" "WP Rocket/Preload Mozilla/5.0 (iPhone; CPU iPhone OS 9_1 like Mac OS X) AppleWebKit/601.1.46 (KHTML, like Gecko) Version/9.0 Mobile/13B143 Safari/601.1"
162.0.232.193 - - [08/Jun/2025:05:36:29 -0400] "GET / HTTP/1.1" 200 10951 "-" "WP Rocket/Preload"
162.0.232.193 - - [08/Jun/2025:05:36:29 -0400] "GET / HTTP/1.1" 200 10859 "-" "WP Rocket/Preload Mozilla/5.0 (iPhone; CPU iPhone OS 9_1 like Mac OS X) AppleWebKit/601.1.46 (KHTML, like Gecko) Version/9.0 Mobile/13B143 Safari/601.1"
2a03:2880:f800:16:: - - [08/Jun/2025:05:36:54 -0400] "GET /category/read-operation-true-love/page/11/ HTTP/1.1" 200 16426 "-" "meta-externalagent/1.1 (+https://developers.facebook.com/docs/sharing/webmasters/crawler)"
162.0.232.193 - - [08/Jun/2025:05:38:39 -0400] "POST /wp-cron.php?doing_wp_cron=1749375518.9604680538177490234375 HTTP/1.1" 200 0 "-" "WordPress/6.6.2; https://w2.operationtruelovenow.com"
60.188.57.0 - - [08/Jun/2025:05:38:40 -0400] "GET / HTTP/1.1" 200 10883 "https://www.operationtruelovenow.com/" "Mozilla/5.0 (iPhone; CPU iPhone OS 13_2_3 like Mac OS X) AppleWebKit/605.1.15 (KHTML, like Gecko) Version/13.0.3 Mobile/15E148 Safari/604.1"
43.133.220.37 - - [08/Jun/2025:05:43:46 -0400] "GET /manga/operation-true-love-chapter-37/ HTTP/1.1" 200 11816 "-" "Mozilla/5.0 (iPhone; CPU iPhone OS 13_2_3 like Mac OS X) AppleWebKit/605.1.15 (KHTML, like Gecko) Version/13.0.3 Mobile/15E148 Safari/604.1"
162.0.232.193 - - [08/Jun/2025:05:51:40 -0400] "POST /wp-cron.php?doing_wp_cron=1749376300.6964850425720214843750 HTTP/1.1" 200 0 "-" "WordPress/6.6.2; https://w2.operationtruelovenow.com"
103.186.185.28 - - [08/Jun/2025:05:51:37 -0400] "POST /xmlrpc.php HTTP/1.1" 200 186 "https://w2.operationtruelovenow.com" "Mozilla/5.0 (Macintosh; Intel Mac OS X 10_15_7) AppleWebKit/537.36 (KHTML, like Gecko) Chrome/114.0.5735.134 Safari/537.36"
103.186.185.28 - - [08/Jun/2025:05:51:41 -0400] "POST /wp-login.php HTTP/1.1" 200 1936 "https://w2.operationtruelovenow.com" "Mozilla/5.0 (Macintosh; Intel Mac OS X 13_3) AppleWebKit/537.36 (KHTML, like Gecko) Chrome/126.0.0.0 Safari/537.36"
162.0.232.193 - - [08/Jun/2025:05:55:02 -0400] "POST /wp-cron.php?doing_wp_cron=1749376502.8263750076293945312500 HTTP/1.1" 200 0 "-" "WordPress/6.6.2; https://w2.operationtruelovenow.com"
43.159.143.139 - - [08/Jun/2025:05:55:00 -0400] "GET /wp-json/oembed/1.0/embed?url=https%3A%2F%2Fw2.operationtruelovenow.com%2Fmanga%2Foperation-true-love-chapter-56%2F HTTP/1.1" 200 2620 "-" "Mozilla/5.0 (iPhone; CPU iPhone OS 13_2_3 like Mac OS X) AppleWebKit/605.1.15 (KHTML, like Gecko) Version/13.0.3 Mobile/15E148 Safari/604.1"
162.0.232.193 - - [08/Jun/2025:06:01:18 -0400] "POST /wp-cron.php?doing_wp_cron=1749376878.4494030475616455078125 HTTP/1.1" 200 0 "-" "WordPress/6.6.2; https://w2.operationtruelovenow.com"
74.81.38.26 - - [08/Jun/2025:06:01:16 -0400] "POST /xmlrpc.php HTTP/1.1" 200 205 "-" "Mozilla/5.0 (X11; Ubuntu; Linux x86_64; rv:85.0) Gecko/20100101 Firefox/91.0"
162.0.232.193 - - [08/Jun/2025:06:02:19 -0400] "POST /wp-cron.php?doing_wp_cron=1749376939.2265689373016357421875 HTTP/1.1" 200 0 "-" "WordPress/6.6.2; https://w2.operationtruelovenow.com"
216.244.66.232 - - [08/Jun/2025:06:02:19 -0400] "GET /robots.txt HTTP/1.1" 200 116 "-" "Mozilla/5.0 (compatible; DotBot/1.2; +https://opensiteexplorer.org/dotbot; [email protected])"
162.0.232.193 - - [08/Jun/2025:06:03:31 -0400] "POST /wp-cron.php?doing_wp_cron=1749377011.8088400363922119140625 HTTP/1.1" 200 0 "-" "WordPress/6.6.2; https://w2.operationtruelovenow.com"
43.133.220.37 - - [08/Jun/2025:06:03:31 -0400] "GET /manga/operation-true-love-chapter-67/feed/ HTTP/1.1" 200 430 "-" "Mozilla/5.0 (iPhone; CPU iPhone OS 13_2_3 like Mac OS X) AppleWebKit/605.1.15 (KHTML, like Gecko) Version/13.0.3 Mobile/15E148 Safari/604.1"
162.0.232.193 - - [08/Jun/2025:06:12:03 -0400] "POST /wp-cron.php?doing_wp_cron=1749377523.5643649101257324218750 HTTP/1.1" 200 0 "-" "WordPress/6.6.2; https://w2.operationtruelovenow.com"
2a03:2880:f800:c:: - - [08/Jun/2025:06:12:01 -0400] "GET /author/admin/page/11/ HTTP/1.1" 200 17224 "-" "meta-externalagent/1.1 (+https://developers.facebook.com/docs/sharing/webmasters/crawler)"
162.0.232.193 - - [08/Jun/2025:06:13:05 -0400] "POST /wp-cron.php?doing_wp_cron=1749377585.6295230388641357421875 HTTP/1.1" 200 0 "-" "WordPress/6.6.2; https://w2.operationtruelovenow.com"
91.151.95.70 - - [08/Jun/2025:06:13:05 -0400] "POST /xmlrpc.php HTTP/1.1" 200 186 "https://w2.operationtruelovenow.com" "Mozilla/5.0 (Macintosh; Intel Mac OS X 14_6) AppleWebKit/605.1.15 (KHTML, like Gecko) Version/17.5 Safari/605.1.15"
91.151.95.70 - - [08/Jun/2025:06:13:06 -0400] "POST /wp-login.php HTTP/1.1" 200 1936 "https://w2.operationtruelovenow.com" "Mozilla/5.0 (Macintosh; Intel Mac OS X 10_15_7) AppleWebKit/537.36 (KHTML, like Gecko) Chrome/126.0.0.0 Safari/537.36"
162.0.232.193 - - [08/Jun/2025:06:13:47 -0400] "POST /wp-cron.php?doing_wp_cron=1749377627.1026599407196044921875 HTTP/1.1" 200 0 "-" "WordPress/6.6.2; https://w2.operationtruelovenow.com"
170.106.193.108 - - [08/Jun/2025:06:13:46 -0400] "GET /wp-json/oembed/1.0/embed?url=https%3A%2F%2Fw2.operationtruelovenow.com%2Fmanga%2Foperation-true-love-chapter-70%2F&format=xml HTTP/1.1" 200 1217 "-" "Mozilla/5.0 (iPhone; CPU iPhone OS 13_2_3 like Mac OS X) AppleWebKit/605.1.15 (KHTML, like Gecko) Version/13.0.3 Mobile/15E148 Safari/604.1"
47.128.122.134 - - [08/Jun/2025:06:15:17 -0400] "GET /manga/operation-true-love-chapter-63/ HTTP/1.1" 200 12417 "-" "Mozilla/5.0 (Linux; Android 5.0) AppleWebKit/537.36 (KHTML, like Gecko) Mobile Safari/537.36 (compatible; TikTokSpider; [email protected])"
162.0.232.193 - - [08/Jun/2025:06:23:42 -0400] "POST /wp-cron.php?doing_wp_cron=1749378222.6528699398040771484375 HTTP/1.1" 200 0 "-" "WordPress/6.6.2; https://w2.operationtruelovenow.com"
43.173.1.69 - - [08/Jun/2025:06:23:41 -0400] "GET /wp-json/wp/v2/posts/1685 HTTP/1.1" 200 22095 "-" "Mozilla/5.0 (iPhone; CPU iPhone OS 13_2_3 like Mac OS X) AppleWebKit/605.1.15 (KHTML, like Gecko) Version/13.0.3 Mobile/15E148 Safari/604.1"
162.0.232.193 - - [08/Jun/2025:06:28:49 -0400] "POST /wp-cron.php?doing_wp_cron=1749378529.3899860382080078125000 HTTP/1.1" 200 0 "-" "WordPress/6.6.2; https://w2.operationtruelovenow.com"
2a01:4f9:3071:21ec::2 - - [08/Jun/2025:06:28:47 -0400] "POST /xmlrpc.php HTTP/1.1" 200 205 "-" "Mozilla/5.0 (X11; U; Linux i686; en-US; rv:96.0) Gecko/20071914 Firefox/96.0"
162.0.232.193 - - [08/Jun/2025:06:34:40 -0400] "POST /wp-cron.php?doing_wp_cron=1749378880.1982569694519042968750 HTTP/1.1" 200 0 "-" "WordPress/6.6.2; https://w2.operationtruelovenow.com"
91.151.95.70 - - [08/Jun/2025:06:34:37 -0400] "POST /xmlrpc.php HTTP/1.1" 200 186 "https://w2.operationtruelovenow.com" "Mozilla/5.0 (Macintosh; Intel Mac OS X 10_15_7) AppleWebKit/537.36 (KHTML, like Gecko) Chrome/112.0.5615.138 Safari/537.36"
91.151.95.70 - - [08/Jun/2025:06:34:41 -0400] "POST /wp-login.php HTTP/1.1" 200 1936 "https://w2.operationtruelovenow.com" "Mozilla/5.0 (Windows NT 11.0; Win64; x64; rv:126.0) Gecko/20100101 Firefox/126.0"
43.130.53.252 - - [08/Jun/2025:06:35:35 -0400] "GET /manga/operation-true-love-chapter-37/ HTTP/1.1" 200 11816 "-" "Mozilla/5.0 (iPhone; CPU iPhone OS 13_2_3 like Mac OS X) AppleWebKit/605.1.15 (KHTML, like Gecko) Version/13.0.3 Mobile/15E148 Safari/604.1"
162.0.232.193 - - [08/Jun/2025:06:44:40 -0400] "POST /wp-cron.php?doing_wp_cron=1749379480.5768349170684814453125 HTTP/1.1" 200 0 "-" "WordPress/6.6.2; https://w2.operationtruelovenow.com"
43.167.241.46 - - [08/Jun/2025:06:44:38 -0400] "GET /wp-json/oembed/1.0/embed?url=https%3A%2F%2Fw2.operationtruelovenow.com%2Fmanga%2Foperation-true-love-chapter-37%2F&format=xml HTTP/1.1" 200 1221 "-" "Mozilla/5.0 (iPhone; CPU iPhone OS 13_2_3 like Mac OS X) AppleWebKit/605.1.15 (KHTML, like Gecko) Version/13.0.3 Mobile/15E148 Safari/604.1"
162.0.232.193 - - [08/Jun/2025:06:44:41 -0400] "GET /manga/operation-true-love-chapter-100/ HTTP/1.1" 200 11803 "-" "WP Rocket/Preload"
162.0.232.193 - - [08/Jun/2025:06:44:41 -0400] "GET /manga/operation-true-love-chapter-100/ HTTP/1.1" 200 11807 "-" "WP Rocket/Preload Mozilla/5.0 (iPhone; CPU iPhone OS 9_1 like Mac OS X) AppleWebKit/601.1.46 (KHTML, like Gecko) Version/9.0 Mobile/13B143 Safari/601.1"
162.0.232.193 - - [08/Jun/2025:06:44:42 -0400] "GET /manga/operation-true-love-chapter-96/ HTTP/1.1" 200 12372 "-" "WP Rocket/Preload"
162.0.232.193 - - [08/Jun/2025:06:44:43 -0400] "GET /manga/operation-true-love-chapter-96/ HTTP/1.1" 200 12363 "-" "WP Rocket/Preload Mozilla/5.0 (iPhone; CPU iPhone OS 9_1 like Mac OS X) AppleWebKit/601.1.46 (KHTML, like Gecko) Version/9.0 Mobile/13B143 Safari/601.1"
162.0.232.193 - - [08/Jun/2025:06:44:44 -0400] "GET /manga/operation-true-love-chapter-103/ HTTP/1.1" 200 12150 "-" "WP Rocket/Preload"
162.0.232.193 - - [08/Jun/2025:06:44:45 -0400] "GET /manga/operation-true-love-chapter-103/ HTTP/1.1" 200 12140 "-" "WP Rocket/Preload Mozilla/5.0 (iPhone; CPU iPhone OS 9_1 like Mac OS X) AppleWebKit/601.1.46 (KHTML, like Gecko) Version/9.0 Mobile/13B143 Safari/601.1"
162.0.232.193 - - [08/Jun/2025:06:44:46 -0400] "GET /manga/operation-true-love-chapter-102/ HTTP/1.1" 200 12731 "-" "WP Rocket/Preload"
162.0.232.193 - - [08/Jun/2025:06:44:47 -0400] "GET /manga/operation-true-love-chapter-102/ HTTP/1.1" 200 12731 "-" "WP Rocket/Preload Mozilla/5.0 (iPhone; CPU iPhone OS 9_1 like Mac OS X) AppleWebKit/601.1.46 (KHTML, like Gecko) Version/9.0 Mobile/13B143 Safari/601.1"
162.0.232.193 - - [08/Jun/2025:06:44:47 -0400] "GET /manga/operation-true-love-chapter-101/ HTTP/1.1" 200 11873 "-" "WP Rocket/Preload"
162.0.232.193 - - [08/Jun/2025:06:44:48 -0400] "GET /manga/operation-true-love-chapter-101/ HTTP/1.1" 200 11852 "-" "WP Rocket/Preload Mozilla/5.0 (iPhone; CPU iPhone OS 9_1 like Mac OS X) AppleWebKit/601.1.46 (KHTML, like Gecko) Version/9.0 Mobile/13B143 Safari/601.1"
162.0.232.193 - - [08/Jun/2025:06:56:16 -0400] "POST /wp-cron.php?doing_wp_cron=1749380176.1961250305175781250000 HTTP/1.1" 200 0 "-" "WordPress/6.6.2; https://w2.operationtruelovenow.com"
162.0.232.193 - - [08/Jun/2025:06:56:16 -0400] "POST /wp-cron.php?doing_wp_cron=1749380176.1961250305175781250000 HTTP/1.1" 200 0 "-" "WordPress/6.6.2; https://w2.operationtruelovenow.com"
52.169.211.232 - - [08/Jun/2025:06:56:15 -0400] "GET /sts.php HTTP/1.1" 301 0 "-" "-"
102.130.117.188 - - [08/Jun/2025:06:56:13 -0400] "POST /xmlrpc.php HTTP/1.1" 200 186 "https://w2.operationtruelovenow.com" "Mozilla/5.0 (Macintosh; Intel Mac OS X 14.5) AppleWebKit/618.3.5 (KHTML, like Gecko) Version/17.4 Safari/618.3.5"
52.169.211.232 - - [08/Jun/2025:06:56:16 -0400] "GET / HTTP/1.1" 200 10871 "-" "-"
162.0.232.193 - - [08/Jun/2025:06:56:16 -0400] "GET /manga/operation-true-love-chapter-106-5/ HTTP/1.1" 200 11510 "-" "WP Rocket/Preload"
52.169.211.232 - - [08/Jun/2025:06:56:17 -0400] "GET /wp-hoard.php HTTP/1.1" 301 0 "-" "-"
52.169.211.232 - - [08/Jun/2025:06:56:17 -0400] "GET / HTTP/1.1" 200 10890 "-" "-"
170.106.181.163 - - [08/Jun/2025:06:56:17 -0400] "GET /manga/operation-true-love-chapter-70/embed/ HTTP/1.1" 200 6323 "-" "Mozilla/5.0 (iPhone; CPU iPhone OS 13_2_3 like Mac OS X) AppleWebKit/605.1.15 (KHTML, like Gecko) Version/13.0.3 Mobile/15E148 Safari/604.1"
102.130.117.188 - - [08/Jun/2025:06:56:17 -0400] "POST /wp-login.php HTTP/1.1" 200 1936 "https://w2.operationtruelovenow.com" "Mozilla/5.0 (Macintosh; Intel Mac OS X 10_15_7) AppleWebKit/537.36 (KHTML, like Gecko) Chrome/113.0.5672.93 Safari/537.36"
52.169.211.232 - - [08/Jun/2025:06:56:17 -0400] "GET /wp-l0gin.php HTTP/1.1" 301 0 "-" "-"
162.0.232.193 - - [08/Jun/2025:06:56:17 -0400] "GET /manga/operation-true-love-chapter-106-5/ HTTP/1.1" 200 11296 "-" "WP Rocket/Preload Mozilla/5.0 (iPhone; CPU iPhone OS 9_1 like Mac OS X) AppleWebKit/601.1.46 (KHTML, like Gecko) Version/9.0 Mobile/13B143 Safari/601.1"
52.169.211.232 - - [08/Jun/2025:06:56:17 -0400] "GET / HTTP/1.1" 200 10841 "-" "-"
52.169.211.232 - - [08/Jun/2025:06:56:18 -0400] "GET /priv8.php HTTP/1.1" 301 0 "-" "-"
52.169.211.232 - - [08/Jun/2025:06:56:18 -0400] "GET / HTTP/1.1" 200 10890 "-" "-"
162.0.232.193 - - [08/Jun/2025:06:56:18 -0400] "GET /manga/operation-true-love-chapter-106/ HTTP/1.1" 200 12715 "-" "WP Rocket/Preload"
52.169.211.232 - - [08/Jun/2025:06:56:18 -0400] "GET /wp-post-editor.php HTTP/1.1" 301 0 "-" "-"
52.169.211.232 - - [08/Jun/2025:06:56:19 -0400] "GET / HTTP/1.1" 200 10890 "-" "-"
52.169.211.232 - - [08/Jun/2025:06:56:19 -0400] "GET /404.php HTTP/1.1" 301 0 "-" "-"
52.169.211.232 - - [08/Jun/2025:06:56:19 -0400] "GET / HTTP/1.1" 200 10890 "-" "-"
162.0.232.193 - - [08/Jun/2025:06:56:19 -0400] "GET /manga/operation-true-love-chapter-106/ HTTP/1.1" 200 12721 "-" "WP Rocket/Preload Mozilla/5.0 (iPhone; CPU iPhone OS 9_1 like Mac OS X) AppleWebKit/601.1.46 (KHTML, like Gecko) Version/9.0 Mobile/13B143 Safari/601.1"
52.169.211.232 - - [08/Jun/2025:06:56:19 -0400] "GET /users.php HTTP/1.1" 301 0 "-" "-"
52.169.211.232 - - [08/Jun/2025:06:56:20 -0400] "GET / HTTP/1.1" 200 10890 "-" "-"
52.169.211.232 - - [08/Jun/2025:06:56:20 -0400] "GET /classwithtostring.php HTTP/1.1" 301 0 "-" "-"
52.169.211.232 - - [08/Jun/2025:06:56:21 -0400] "GET / HTTP/1.1" 200 10890 "-" "-"
162.0.232.193 - - [08/Jun/2025:06:56:20 -0400] "GET /manga/operation-true-love-chapter-104/ HTTP/1.1" 200 12039 "-" "WP Rocket/Preload"
52.169.211.232 - - [08/Jun/2025:06:56:21 -0400] "GET /wp-head.php HTTP/1.1" 301 0 "-" "-"
52.169.211.232 - - [08/Jun/2025:06:56:21 -0400] "GET / HTTP/1.1" 200 10890 "-" "-"
52.169.211.232 - - [08/Jun/2025:06:56:22 -0400] "GET /admin.php HTTP/1.1" 301 0 "-" "-"
162.0.232.193 - - [08/Jun/2025:06:56:22 -0400] "GET /manga/operation-true-love-chapter-104/ HTTP/1.1" 200 12360 "-" "WP Rocket/Preload Mozilla/5.0 (iPhone; CPU iPhone OS 9_1 like Mac OS X) AppleWebKit/601.1.46 (KHTML, like Gecko) Version/9.0 Mobile/13B143 Safari/601.1"
52.169.211.232 - - [08/Jun/2025:06:56:22 -0400] "GET / HTTP/1.1" 200 10890 "-" "-"
52.169.211.232 - - [08/Jun/2025:06:56:23 -0400] "GET /about.php HTTP/1.1" 301 0 "-" "-"
52.169.211.232 - - [08/Jun/2025:06:56:23 -0400] "GET / HTTP/1.1" 200 10890 "-" "-"
52.169.211.232 - - [08/Jun/2025:06:56:23 -0400] "GET /dropdown.php HTTP/1.1" 301 0 "-" "-"
52.169.211.232 - - [08/Jun/2025:06:56:24 -0400] "GET / HTTP/1.1" 200 10890 "-" "-"
162.0.232.193 - - [08/Jun/2025:06:56:23 -0400] "GET /manga/operation-true-love-chapter-107/ HTTP/1.1" 200 0 "-" "WP Rocket/Preload"
52.169.211.232 - - [08/Jun/2025:06:56:24 -0400] "GET /wp-header.php HTTP/1.1" 301 0 "-" "-"
52.169.211.232 - - [08/Jun/2025:06:56:24 -0400] "GET / HTTP/1.1" 200 10890 "-" "-"
162.0.232.193 - - [08/Jun/2025:06:56:24 -0400] "GET /manga/operation-true-love-chapter-107/ HTTP/1.1" 200 12500 "-" "WP Rocket/Preload Mozilla/5.0 (iPhone; CPU iPhone OS 9_1 like Mac OS X) AppleWebKit/601.1.46 (KHTML, like Gecko) Version/9.0 Mobile/13B143 Safari/601.1"
52.169.211.232 - - [08/Jun/2025:06:56:24 -0400] "GET /radio.php HTTP/1.1" 301 0 "-" "-"
52.169.211.232 - - [08/Jun/2025:06:56:25 -0400] "GET / HTTP/1.1" 200 10890 "-" "-"
52.169.211.232 - - [08/Jun/2025:06:56:25 -0400] "GET /simple.php HTTP/1.1" 301 0 "-" "-"
52.169.211.232 - - [08/Jun/2025:06:56:25 -0400] "GET / HTTP/1.1" 200 10890 "-" "-"
162.0.232.193 - - [08/Jun/2025:06:56:25 -0400] "GET /manga/operation-true-love-chapter-91/ HTTP/1.1" 200 12011 "-" "WP Rocket/Preload"
52.169.211.232 - - [08/Jun/2025:06:56:26 -0400] "GET /cong.php HTTP/1.1" 301 0 "-" "-"
52.169.211.232 - - [08/Jun/2025:06:56:26 -0400] "GET / HTTP/1.1" 200 10841 "-" "-"
52.169.211.232 - - [08/Jun/2025:06:56:26 -0400] "GET /options.php HTTP/1.1" 301 0 "-" "-"
52.169.211.232 - - [08/Jun/2025:06:56:26 -0400] "GET / HTTP/1.1" 200 10951 "-" "-"
162.0.232.193 - - [08/Jun/2025:06:56:26 -0400] "GET /manga/operation-true-love-chapter-91/ HTTP/1.1" 200 12017 "-" "WP Rocket/Preload Mozilla/5.0 (iPhone; CPU iPhone OS 9_1 like Mac OS X) AppleWebKit/601.1.46 (KHTML, like Gecko) Version/9.0 Mobile/13B143 Safari/601.1"
52.169.211.232 - - [08/Jun/2025:06:56:27 -0400] "GET /wp-content/index.php?x=ooo HTTP/1.1" 200 0 "-" "-"
52.169.211.232 - - [08/Jun/2025:06:56:27 -0400] "GET /wp-admin/options.php HTTP/1.1" 302 0 "-" "-"
162.0.232.193 - - [08/Jun/2025:06:56:27 -0400] "GET /manga/operation-true-love-chapter-89-4/ HTTP/1.1" 200 12061 "-" "WP Rocket/Preload"
52.169.211.232 - - [08/Jun/2025:06:56:27 -0400] "GET /wp-login.php?redirect_to=https%3A%2F%2Fw2.operationtruelovenow.com%2Fwp-admin%2Foptions.php&reauth=1 HTTP/1.1" 200 1812 "-" "-"
52.169.211.232 - - [08/Jun/2025:06:56:28 -0400] "GET /wp-content/plugins/fix/up.php HTTP/1.1" 301 0 "-" "-"
52.169.211.232 - - [08/Jun/2025:06:56:28 -0400] "GET / HTTP/1.1" 200 10951 "-" "-"
162.0.232.193 - - [08/Jun/2025:06:56:28 -0400] "GET /manga/operation-true-love-chapter-89-4/ HTTP/1.1" 200 12063 "-" "WP Rocket/Preload Mozilla/5.0 (iPhone; CPU iPhone OS 9_1 like Mac OS X) AppleWebKit/601.1.46 (KHTML, like Gecko) Version/9.0 Mobile/13B143 Safari/601.1"
52.169.211.232 - - [08/Jun/2025:06:56:28 -0400] "GET /1index.php HTTP/1.1" 301 0 "-" "-"
52.169.211.232 - - [08/Jun/2025:06:56:29 -0400] "GET / HTTP/1.1" 200 10890 "-" "-"
52.169.211.232 - - [08/Jun/2025:06:56:29 -0400] "GET /11index.php HTTP/1.1" 301 0 "-" "-"
52.169.211.232 - - [08/Jun/2025:06:56:29 -0400] "GET / HTTP/1.1" 200 10890 "-" "-"
162.0.232.193 - - [08/Jun/2025:06:56:29 -0400] "GET /manga/operation-true-love-chapter-89/ HTTP/1.1" 200 12364 "-" "WP Rocket/Preload"
52.169.211.232 - - [08/Jun/2025:06:56:29 -0400] "GET /2index.php HTTP/1.1" 301 0 "-" "-"
52.169.211.232 - - [08/Jun/2025:06:56:30 -0400] "GET / HTTP/1.1" 200 10890 "-" "-"
52.169.211.232 - - [08/Jun/2025:06:56:30 -0400] "GET /3index.php HTTP/1.1" 301 0 "-" "-"
52.169.211.232 - - [08/Jun/2025:06:56:30 -0400] "GET / HTTP/1.1" 200 10890 "-" "-"
162.0.232.193 - - [08/Jun/2025:06:56:30 -0400] "GET /manga/operation-true-love-chapter-89/ HTTP/1.1" 200 12350 "-" "WP Rocket/Preload Mozilla/5.0 (iPhone; CPU iPhone OS 9_1 like Mac OS X) AppleWebKit/601.1.46 (KHTML, like Gecko) Version/9.0 Mobile/13B143 Safari/601.1"
52.169.211.232 - - [08/Jun/2025:06:56:30 -0400] "GET /wp_wrong_datlib.php HTTP/1.1" 301 0 "-" "-"
52.169.211.232 - - [08/Jun/2025:06:56:31 -0400] "GET / HTTP/1.1" 200 10890 "-" "-"
52.169.211.232 - - [08/Jun/2025:06:56:31 -0400] "GET /wp-adminincludesclass-wp-media-list-data.php HTTP/1.1" 301 0 "-" "-"
162.0.232.193 - - [08/Jun/2025:06:56:31 -0400] "GET /return-policy/ HTTP/1.1" 200 10303 "-" "WP Rocket/Preload"
52.169.211.232 - - [08/Jun/2025:06:56:31 -0400] "GET / HTTP/1.1" 200 10890 "-" "-"
52.169.211.232 - - [08/Jun/2025:06:56:32 -0400] "GET /autoload_classmap.php HTTP/1.1" 301 0 "-" "-"
52.169.211.232 - - [08/Jun/2025:06:56:32 -0400] "GET / HTTP/1.1" 200 10890 "-" "-"
52.169.211.232 - - [08/Jun/2025:06:56:32 -0400] "GET /wso.php HTTP/1.1" 301 0 "-" "-"
162.0.232.193 - - [08/Jun/2025:06:56:32 -0400] "GET /return-policy/ HTTP/1.1" 200 10300 "-" "WP Rocket/Preload Mozilla/5.0 (iPhone; CPU iPhone OS 9_1 like Mac OS X) AppleWebKit/601.1.46 (KHTML, like Gecko) Version/9.0 Mobile/13B143 Safari/601.1"
52.169.211.232 - - [08/Jun/2025:06:56:32 -0400] "GET / HTTP/1.1" 200 10890 "-" "-"
52.169.211.232 - - [08/Jun/2025:06:56:33 -0400] "GET /doc.php HTTP/1.1" 301 0 "-" "-"
52.169.211.232 - - [08/Jun/2025:06:56:33 -0400] "GET / HTTP/1.1" 200 10841 "-" "-"
162.0.232.193 - - [08/Jun/2025:06:56:33 -0400] "GET /privacy-policy/ HTTP/1.1" 200 13304 "-" "WP Rocket/Preload"
52.169.211.232 - - [08/Jun/2025:06:56:33 -0400] "GET /stindex.php HTTP/1.1" 301 0 "-" "-"
52.169.211.232 - - [08/Jun/2025:06:56:33 -0400] "GET / HTTP/1.1" 200 10841 "-" "-"
52.169.211.232 - - [08/Jun/2025:06:56:34 -0400] "GET /alwso.php HTTP/1.1" 301 0 "-" "-"
52.169.211.232 - - [08/Jun/2025:06:56:34 -0400] "GET / HTTP/1.1" 200 10951 "-" "-"
162.0.232.193 - - [08/Jun/2025:06:56:34 -0400] "GET /privacy-policy/ HTTP/1.1" 200 13306 "-" "WP Rocket/Preload Mozilla/5.0 (iPhone; CPU iPhone OS 9_1 like Mac OS X) AppleWebKit/601.1.46 (KHTML, like Gecko) Version/9.0 Mobile/13B143 Safari/601.1"
52.169.211.232 - - [08/Jun/2025:06:56:34 -0400] "GET /ups.php HTTP/1.1" 301 0 "-" "-"
52.169.211.232 - - [08/Jun/2025:06:56:35 -0400] "GET / HTTP/1.1" 200 10890 "-" "-"
52.169.211.232 - - [08/Jun/2025:06:56:35 -0400] "GET /media-admin.php HTTP/1.1" 301 0 "-" "-"
162.0.232.193 - - [08/Jun/2025:06:56:35 -0400] "GET /comic/anime-name-chapter-1/ HTTP/1.1" 200 10421 "-" "WP Rocket/Preload"
52.169.211.232 - - [08/Jun/2025:06:56:35 -0400] "GET / HTTP/1.1" 200 10890 "-" "-"
52.169.211.232 - - [08/Jun/2025:06:56:35 -0400] "GET /sym.php HTTP/1.1" 301 0 "-" "-"
52.169.211.232 - - [08/Jun/2025:06:56:36 -0400] "GET / HTTP/1.1" 200 10890 "-" "-"
162.0.232.193 - - [08/Jun/2025:06:56:36 -0400] "GET /comic/anime-name-chapter-1/ HTTP/1.1" 200 10419 "-" "WP Rocket/Preload Mozilla/5.0 (iPhone; CPU iPhone OS 9_1 like Mac OS X) AppleWebKit/601.1.46 (KHTML, like Gecko) Version/9.0 Mobile/13B143 Safari/601.1"
52.169.211.232 - - [08/Jun/2025:06:56:36 -0400] "GET /sym403.php HTTP/1.1" 301 0 "-" "-"
52.169.211.232 - - [08/Jun/2025:06:56:36 -0400] "GET / HTTP/1.1" 200 10841 "-" "-"
52.169.211.232 - - [08/Jun/2025:06:56:36 -0400] "GET /fw.php HTTP/1.1" 301 0 "-" "-"
52.169.211.232 - - [08/Jun/2025:06:56:37 -0400] "GET / HTTP/1.1" 200 10890 "-" "-"
162.0.232.193 - - [08/Jun/2025:06:56:37 -0400] "GET /category/manga/ HTTP/1.1" 200 20368 "-" "WP Rocket/Preload"
52.169.211.232 - - [08/Jun/2025:06:56:37 -0400] "GET /symlink.php HTTP/1.1" 301 0 "-" "-"
52.169.211.232 - - [08/Jun/2025:06:56:37 -0400] "GET / HTTP/1.1" 200 10890 "-" "-"
52.169.211.232 - - [08/Jun/2025:06:56:37 -0400] "GET /shell.php HTTP/1.1" 301 0 "-" "-"
52.169.211.232 - - [08/Jun/2025:06:56:38 -0400] "GET / HTTP/1.1" 200 10890 "-" "-"
162.0.232.193 - - [08/Jun/2025:06:56:38 -0400] "GET /category/manga/ HTTP/1.1" 200 20491 "-" "WP Rocket/Preload Mozilla/5.0 (iPhone; CPU iPhone OS 9_1 like Mac OS X) AppleWebKit/601.1.46 (KHTML, like Gecko) Version/9.0 Mobile/13B143 Safari/601.1"
52.169.211.232 - - [08/Jun/2025:06:56:38 -0400] "GET /1.php HTTP/1.1" 301 0 "-" "-"
52.169.211.232 - - [08/Jun/2025:06:56:38 -0400] "GET / HTTP/1.1" 200 10890 "-" "-"
52.169.211.232 - - [08/Jun/2025:06:56:38 -0400] "GET /data.php HTTP/1.1" 301 0 "-" "-"
52.169.211.232 - - [08/Jun/2025:06:56:39 -0400] "GET / HTTP/1.1" 200 10841 "-" "-"
162.0.232.193 - - [08/Jun/2025:06:56:39 -0400] "GET /category/operation-true-love/ HTTP/1.1" 200 20475 "-" "WP Rocket/Preload"
52.169.211.232 - - [08/Jun/2025:06:56:39 -0400] "GET /wp-blog.php HTTP/1.1" 301 0 "-" "-"
52.169.211.232 - - [08/Jun/2025:06:56:39 -0400] "GET / HTTP/1.1" 200 10951 "-" "-"
52.169.211.232 - - [08/Jun/2025:06:56:40 -0400] "GET /b.php HTTP/1.1" 301 0 "-" "-"
52.169.211.232 - - [08/Jun/2025:06:56:40 -0400] "GET / HTTP/1.1" 200 10890 "-" "-"
162.0.232.193 - - [08/Jun/2025:06:56:40 -0400] "GET /category/operation-true-love/ HTTP/1.1" 200 20435 "-" "WP Rocket/Preload Mozilla/5.0 (iPhone; CPU iPhone OS 9_1 like Mac OS X) AppleWebKit/601.1.46 (KHTML, like Gecko) Version/9.0 Mobile/13B143 Safari/601.1"
52.169.211.232 - - [08/Jun/2025:06:56:40 -0400] "GET /c.php HTTP/1.1" 301 0 "-" "-"
52.169.211.232 - - [08/Jun/2025:06:56:40 -0400] "GET / HTTP/1.1" 200 10890 "-" "-"
162.0.232.193 - - [08/Jun/2025:06:56:41 -0400] "POST /wp-cron.php?doing_wp_cron=1749380201.2974069118499755859375 HTTP/1.1" 200 0 "-" "WordPress/6.6.2; https://w2.operationtruelovenow.com"
52.169.211.232 - - [08/Jun/2025:06:56:41 -0400] "GET /shx.php HTTP/1.1" 301 0 "-" "-"
52.169.211.232 - - [08/Jun/2025:06:56:41 -0400] "GET / HTTP/1.1" 200 10890 "-" "-"
52.169.211.232 - - [08/Jun/2025:06:56:41 -0400] "GET /alfa.php HTTP/1.1" 301 0 "-" "-"
162.0.232.193 - - [08/Jun/2025:06:56:41 -0400] "GET /category/operation-true-love-manga/ HTTP/1.1" 200 20455 "-" "WP Rocket/Preload"
52.169.211.232 - - [08/Jun/2025:06:56:42 -0400] "GET / HTTP/1.1" 200 10951 "-" "-"
52.169.211.232 - - [08/Jun/2025:06:56:42 -0400] "GET /a.php HTTP/1.1" 301 0 "-" "-"
52.169.211.232 - - [08/Jun/2025:06:56:42 -0400] "GET / HTTP/1.1" 200 10951 "-" "-"
52.169.211.232 - - [08/Jun/2025:06:56:42 -0400] "GET /old-index.php HTTP/1.1" 301 0 "-" "-"
162.0.232.193 - - [08/Jun/2025:06:56:42 -0400] "GET /category/operation-true-love-manga/ HTTP/1.1" 200 20399 "-" "WP Rocket/Preload Mozilla/5.0 (iPhone; CPU iPhone OS 9_1 like Mac OS X) AppleWebKit/601.1.46 (KHTML, like Gecko) Version/9.0 Mobile/13B143 Safari/601.1"
52.169.211.232 - - [08/Jun/2025:06:56:43 -0400] "GET / HTTP/1.1" 200 10951 "-" "-"
52.169.211.232 - - [08/Jun/2025:06:56:43 -0400] "GET /FoxWSO.php HTTP/1.1" 301 0 "-" "-"
52.169.211.232 - - [08/Jun/2025:06:56:43 -0400] "GET / HTTP/1.1" 200 10890 "-" "-"
52.169.211.232 - - [08/Jun/2025:06:56:43 -0400] "GET /x.php HTTP/1.1" 301 0 "-" "-"
162.0.232.193 - - [08/Jun/2025:06:56:43 -0400] "GET /category/operation-true-love-manhwa/ HTTP/1.1" 200 20496 "-" "WP Rocket/Preload"
52.169.211.232 - - [08/Jun/2025:06:56:44 -0400] "GET / HTTP/1.1" 200 10890 "-" "-"
52.169.211.232 - - [08/Jun/2025:06:56:44 -0400] "GET /403.php HTTP/1.1" 301 0 "-" "-"
52.169.211.232 - - [08/Jun/2025:06:56:44 -0400] "GET / HTTP/1.1" 200 10951 "-" "-"
52.169.211.232 - - [08/Jun/2025:06:56:45 -0400] "GET /mini.php HTTP/1.1" 301 0 "-" "-"
162.0.232.193 - - [08/Jun/2025:06:56:44 -0400] "GET /category/operation-true-love-manhwa/ HTTP/1.1" 200 20475 "-" "WP Rocket/Preload Mozilla/5.0 (iPhone; CPU iPhone OS 9_1 like Mac OS X) AppleWebKit/601.1.46 (KHTML, like Gecko) Version/9.0 Mobile/13B143 Safari/601.1"
52.169.211.232 - - [08/Jun/2025:06:56:45 -0400] "GET / HTTP/1.1" 200 10890 "-" "-"
52.169.211.232 - - [08/Jun/2025:06:56:45 -0400] "GET /imagesvuln.php HTTP/1.1" 301 0 "-" "-"
52.169.211.232 - - [08/Jun/2025:06:56:46 -0400] "GET / HTTP/1.1" 200 10890 "-" "-"
52.169.211.232 - - [08/Jun/2025:06:56:46 -0400] "GET /edit-form.php HTTP/1.1" 301 0 "-" "-"
162.0.232.193 - - [08/Jun/2025:06:56:46 -0400] "GET /category/operation-true-love-webtoon/ HTTP/1.1" 200 20534 "-" "WP Rocket/Preload"
52.169.211.232 - - [08/Jun/2025:06:56:46 -0400] "GET / HTTP/1.1" 200 10890 "-" "-"
52.169.211.232 - - [08/Jun/2025:06:56:47 -0400] "GET /wikindex.php HTTP/1.1" 301 0 "-" "-"
52.169.211.232 - - [08/Jun/2025:06:56:47 -0400] "GET / HTTP/1.1" 200 10951 "-" "-"
52.169.211.232 - - [08/Jun/2025:06:56:47 -0400] "GET /m.php HTTP/1.1" 301 0 "-" "-"
162.0.232.193 - - [08/Jun/2025:06:56:47 -0400] "GET /category/operation-true-love-webtoon/ HTTP/1.1" 200 20484 "-" "WP Rocket/Preload Mozilla/5.0 (iPhone; CPU iPhone OS 9_1 like Mac OS X) AppleWebKit/601.1.46 (KHTML, like Gecko) Version/9.0 Mobile/13B143 Safari/601.1"
52.169.211.232 - - [08/Jun/2025:06:56:48 -0400] "GET / HTTP/1.1" 200 10841 "-" "-"
52.169.211.232 - - [08/Jun/2025:06:56:48 -0400] "GET /0byte.php HTTP/1.1" 301 0 "-" "-"
52.169.211.232 - - [08/Jun/2025:06:56:48 -0400] "GET / HTTP/1.1" 200 10951 "-" "-"
52.169.211.232 - - [08/Jun/2025:06:56:48 -0400] "GET /xx.php HTTP/1.1" 301 0 "-" "-"
162.0.232.193 - - [08/Jun/2025:06:56:48 -0400] "GET /category/pure-love-operation/ HTTP/1.1" 200 20525 "-" "WP Rocket/Preload"
52.169.211.232 - - [08/Jun/2025:06:56:49 -0400] "GET / HTTP/1.1" 200 10890 "-" "-"
52.169.211.232 - - [08/Jun/2025:06:56:49 -0400] "GET /new-index.php HTTP/1.1" 301 0 "-" "-"
52.169.211.232 - - [08/Jun/2025:06:56:49 -0400] "GET / HTTP/1.1" 200 10951 "-" "-"
52.169.211.232 - - [08/Jun/2025:06:56:49 -0400] "GET /wp.php HTTP/1.1" 301 0 "-" "-"
162.0.232.193 - - [08/Jun/2025:06:56:49 -0400] "GET /category/pure-love-operation/ HTTP/1.1" 200 20477 "-" "WP Rocket/Preload Mozilla/5.0 (iPhone; CPU iPhone OS 9_1 like Mac OS X) AppleWebKit/601.1.46 (KHTML, like Gecko) Version/9.0 Mobile/13B143 Safari/601.1"
52.169.211.232 - - [08/Jun/2025:06:56:50 -0400] "GET / HTTP/1.1" 200 10841 "-" "-"
52.169.211.232 - - [08/Jun/2025:06:56:50 -0400] "GET /wp-wso.php HTTP/1.1" 301 0 "-" "-"
52.169.211.232 - - [08/Jun/2025:06:56:50 -0400] "GET / HTTP/1.1" 200 10890 "-" "-"
52.169.211.232 - - [08/Jun/2025:06:56:50 -0400] "GET /qindex.php HTTP/1.1" 301 0 "-" "-"
162.0.232.193 - - [08/Jun/2025:06:56:50 -0400] "GET /category/read-operation-true-love/ HTTP/1.1" 200 20449 "-" "WP Rocket/Preload"
52.169.211.232 - - [08/Jun/2025:06:56:51 -0400] "GET / HTTP/1.1" 200 10890 "-" "-"
52.169.211.232 - - [08/Jun/2025:06:56:51 -0400] "GET /minimo.php HTTP/1.1" 301 0 "-" "-"
52.169.211.232 - - [08/Jun/2025:06:56:51 -0400] "GET / HTTP/1.1" 200 10890 "-" "-"
52.169.211.232 - - [08/Jun/2025:06:56:51 -0400] "GET /xleet.php HTTP/1.1" 301 0 "-" "-"
162.0.232.193 - - [08/Jun/2025:06:56:51 -0400] "GET /category/read-operation-true-love/ HTTP/1.1" 200 20406 "-" "WP Rocket/Preload Mozilla/5.0 (iPhone; CPU iPhone OS 9_1 like Mac OS X) AppleWebKit/601.1.46 (KHTML, like Gecko) Version/9.0 Mobile/13B143 Safari/601.1"
52.169.211.232 - - [08/Jun/2025:06:56:52 -0400] "GET / HTTP/1.1" 200 10890 "-" "-"
52.169.211.232 - - [08/Jun/2025:06:56:52 -0400] "GET /V3.php HTTP/1.1" 301 0 "-" "-"
52.169.211.232 - - [08/Jun/2025:06:56:52 -0400] "GET / HTTP/1.1" 200 10890 "-" "-"
162.0.232.193 - - [08/Jun/2025:06:56:52 -0400] "GET /manga/operation-true-love-chapter-70/ HTTP/1.1" 200 12539 "-" "WP Rocket/Preload"
52.169.211.232 - - [08/Jun/2025:06:56:53 -0400] "GET /V5.php HTTP/1.1" 301 0 "-" "-"
52.169.211.232 - - [08/Jun/2025:06:56:53 -0400] "GET / HTTP/1.1" 200 10890 "-" "-"
52.169.211.232 - - [08/Jun/2025:06:56:53 -0400] "GET /up.php HTTP/1.1" 301 0 "-" "-"
52.169.211.232 - - [08/Jun/2025:06:56:53 -0400] "GET / HTTP/1.1" 200 10951 "-" "-"
162.0.232.193 - - [08/Jun/2025:06:56:53 -0400] "GET /manga/operation-true-love-chapter-70/ HTTP/1.1" 200 12531 "-" "WP Rocket/Preload Mozilla/5.0 (iPhone; CPU iPhone OS 9_1 like Mac OS X) AppleWebKit/601.1.46 (KHTML, like Gecko) Version/9.0 Mobile/13B143 Safari/601.1"
52.169.211.232 - - [08/Jun/2025:06:56:54 -0400] "GET /www.php HTTP/1.1" 301 0 "-" "-"
52.169.211.232 - - [08/Jun/2025:06:56:54 -0400] "GET / HTTP/1.1" 200 10890 "-" "-"
52.169.211.232 - - [08/Jun/2025:06:56:54 -0400] "GET /100.php HTTP/1.1" 301 0 "-" "-"
52.169.211.232 - - [08/Jun/2025:06:56:54 -0400] "GET / HTTP/1.1" 200 10951 "-" "-"
162.0.232.193 - - [08/Jun/2025:06:56:54 -0400] "GET /manga/operation-true-love-notice-apology/ HTTP/1.1" 200 11215 "-" "WP Rocket/Preload"
52.169.211.232 - - [08/Jun/2025:06:56:55 -0400] "GET /777.php HTTP/1.1" 301 0 "-" "-"
52.169.211.232 - - [08/Jun/2025:06:56:55 -0400] "GET / HTTP/1.1" 200 10918 "-" "-"
162.0.232.193 - - [08/Jun/2025:06:56:55 -0400] "GET /manga/operation-true-love-notice-apology/ HTTP/1.1" 200 11235 "-" "WP Rocket/Preload Mozilla/5.0 (iPhone; CPU iPhone OS 9_1 like Mac OS X) AppleWebKit/601.1.46 (KHTML, like Gecko) Version/9.0 Mobile/13B143 Safari/601.1"
52.169.211.232 - - [08/Jun/2025:06:56:55 -0400] "GET /defau1t.php HTTP/1.1" 301 0 "-" "-"
52.169.211.232 - - [08/Jun/2025:06:56:55 -0400] "GET / HTTP/1.1" 200 10890 "-" "-"
52.169.211.232 - - [08/Jun/2025:06:56:56 -0400] "GET /f.php HTTP/1.1" 301 0 "-" "-"
52.169.211.232 - - [08/Jun/2025:06:56:56 -0400] "GET / HTTP/1.1" 200 10890 "-" "-"
162.0.232.193 - - [08/Jun/2025:06:56:56 -0400] "GET /manga/operation-true-love-chapter-26/ HTTP/1.1" 200 11909 "-" "WP Rocket/Preload"
52.169.211.232 - - [08/Jun/2025:06:56:56 -0400] "GET /xox.php HTTP/1.1" 301 0 "-" "-"
52.169.211.232 - - [08/Jun/2025:06:56:57 -0400] "GET / HTTP/1.1" 200 10890 "-" "-"
52.169.211.232 - - [08/Jun/2025:06:56:57 -0400] "GET /o.php HTTP/1.1" 301 0 "-" "-"
162.0.232.193 - - [08/Jun/2025:06:56:57 -0400] "GET /manga/operation-true-love-chapter-26/ HTTP/1.1" 200 11903 "-" "WP Rocket/Preload Mozilla/5.0 (iPhone; CPU iPhone OS 9_1 like Mac OS X) AppleWebKit/601.1.46 (KHTML, like Gecko) Version/9.0 Mobile/13B143 Safari/601.1"
52.169.211.232 - - [08/Jun/2025:06:56:57 -0400] "GET / HTTP/1.1" 200 10951 "-" "-"
52.169.211.232 - - [08/Jun/2025:06:56:57 -0400] "GET /new.php HTTP/1.1" 301 0 "-" "-"
52.169.211.232 - - [08/Jun/2025:06:56:58 -0400] "GET / HTTP/1.1" 200 10951 "-" "-"
162.0.232.193 - - [08/Jun/2025:06:56:58 -0400] "GET /manga/operation-true-love-notice/ HTTP/1.1" 200 11677 "-" "WP Rocket/Preload"
52.169.211.232 - - [08/Jun/2025:06:56:58 -0400] "GET /sindex.php HTTP/1.1" 301 0 "-" "-"
52.169.211.232 - - [08/Jun/2025:06:56:58 -0400] "GET / HTTP/1.1" 200 10890 "-" "-"
52.169.211.232 - - [08/Jun/2025:06:56:58 -0400] "GET /baindex.php HTTP/1.1" 301 0 "-" "-"
52.169.211.232 - - [08/Jun/2025:06:56:59 -0400] "GET / HTTP/1.1" 200 10890 "-" "-"
162.0.232.193 - - [08/Jun/2025:06:56:58 -0400] "GET /manga/operation-true-love-notice/ HTTP/1.1" 200 11660 "-" "WP Rocket/Preload Mozilla/5.0 (iPhone; CPU iPhone OS 9_1 like Mac OS X) AppleWebKit/601.1.46 (KHTML, like Gecko) Version/9.0 Mobile/13B143 Safari/601.1"
52.169.211.232 - - [08/Jun/2025:06:56:59 -0400] "GET /wi.php HTTP/1.1" 301 0 "-" "-"
52.169.211.232 - - [08/Jun/2025:06:56:59 -0400] "GET / HTTP/1.1" 200 10951 "-" "-"
52.169.211.232 - - [08/Jun/2025:06:56:59 -0400] "GET /mar.php HTTP/1.1" 301 0 "-" "-"
52.169.211.232 - - [08/Jun/2025:06:57:00 -0400] "GET / HTTP/1.1" 200 10951 "-" "-"
162.0.232.193 - - [08/Jun/2025:06:56:59 -0400] "GET /manga/operation-true-love-chapter-17/ HTTP/1.1" 200 12405 "-" "WP Rocket/Preload"
52.169.211.232 - - [08/Jun/2025:06:57:00 -0400] "GET /root.php HTTP/1.1" 301 0 "-" "-"
52.169.211.232 - - [08/Jun/2025:06:57:00 -0400] "GET / HTTP/1.1" 200 10951 "-" "-"
52.169.211.232 - - [08/Jun/2025:06:57:00 -0400] "GET /nee.php HTTP/1.1" 301 0 "-" "-"
162.0.232.193 - - [08/Jun/2025:06:57:00 -0400] "GET /manga/operation-true-love-chapter-17/ HTTP/1.1" 200 12409 "-" "WP Rocket/Preload Mozilla/5.0 (iPhone; CPU iPhone OS 9_1 like Mac OS X) AppleWebKit/601.1.46 (KHTML, like Gecko) Version/9.0 Mobile/13B143 Safari/601.1"
52.169.211.232 - - [08/Jun/2025:06:57:01 -0400] "GET / HTTP/1.1" 200 10951 "-" "-"
