162.0.232.193 - - [08/Jun/2025:19:24:11 -0400] "GET /manga/operation-true-love-chapter-71/ HTTP/1.1" 200 12694 "-" "WP Rocket/Preload"
162.0.232.193 - - [08/Jun/2025:19:24:12 -0400] "GET /manga/operation-true-love-chapter-71/ HTTP/1.1" 200 12691 "-" "WP Rocket/Preload Mozilla/5.0 (iPhone; CPU iPhone OS 9_1 like Mac OS X) AppleWebKit/601.1.46 (KHTML, like Gecko) Version/9.0 Mobile/13B143 Safari/601.1"
43.128.149.102 - - [08/Jun/2025:19:33:30 -0400] "GET /manga/operation-true-love-chapter-91/ HTTP/1.1" 200 12036 "-" "Mozilla/5.0 (iPhone; CPU iPhone OS 13_2_3 like Mac OS X) AppleWebKit/605.1.15 (KHTML, like Gecko) Version/13.0.3 Mobile/15E148 Safari/604.1"
194.87.252.147 - - [08/Jun/2025:19:41:18 -0400] "GET / HTTP/1.1" 200 10911 "-" "Mozilla/5.0 (compatible; MSIE 9.0; Windows NT 6.3; Trident/5.0)"
162.0.232.193 - - [08/Jun/2025:19:41:22 -0400] "POST /wp-cron.php?doing_wp_cron=1749426082.2477600574493408203125 HTTP/1.1" 200 0 "-" "WordPress/6.6.2; https://w2.operationtruelovenow.com"
194.87.252.147 - - [08/Jun/2025:19:41:19 -0400] "POST /wp-content/plugins/wp-automatic/inc/csv.php HTTP/1.1" 200 26 "https://w2.operationtruelovenow.com/" "Mozilla/5.0 (compatible; MSIE 9.0; Windows NT 6.3; Trident/5.0)"
194.87.252.147 - - [08/Jun/2025:19:41:22 -0400] "POST /wp-content/plugins/wp-automatic/inc/csv.php HTTP/1.1" 200 26 "https://w2.operationtruelovenow.com/wp-content/plugins/wp-automatic/inc/csv.php" "Mozilla/5.0 (compatible; MSIE 9.0; Windows NT 6.3; Trident/5.0)"
162.0.232.193 - - [08/Jun/2025:19:41:22 -0400] "GET /manga/operation-true-love-chapter-68/ HTTP/1.1" 200 12453 "-" "WP Rocket/Preload"
194.87.252.147 - - [08/Jun/2025:19:41:23 -0400] "POST /wp-content/plugins/wp-automatic/inc/csv.php HTTP/1.1" 200 26 "https://w2.operationtruelovenow.com/wp-content/plugins/wp-automatic/inc/csv.php" "Mozilla/5.0 (compatible; MSIE 9.0; Windows NT 6.3; Trident/5.0)"
162.0.232.193 - - [08/Jun/2025:19:41:23 -0400] "GET /manga/operation-true-love-chapter-68/ HTTP/1.1" 200 12446 "-" "WP Rocket/Preload Mozilla/5.0 (iPhone; CPU iPhone OS 9_1 like Mac OS X) AppleWebKit/601.1.46 (KHTML, like Gecko) Version/9.0 Mobile/13B143 Safari/601.1"
194.87.252.147 - - [08/Jun/2025:19:41:23 -0400] "POST /wp-content/plugins/wp-automatic/inc/csv.php HTTP/1.1" 200 26 "https://w2.operationtruelovenow.com/wp-content/plugins/wp-automatic/inc/csv.php" "Mozilla/5.0 (compatible; MSIE 9.0; Windows NT 6.3; Trident/5.0)"
194.87.252.147 - - [08/Jun/2025:19:41:24 -0400] "POST /wp-content/plugins/wp-automatic/inc/csv.php85fd78cb6871.php HTTP/1.1" 301 0 "https://w2.operationtruelovenow.com/wp-content/plugins/wp-automatic/inc/csv.php" "Mozilla/5.0 (compatible; MSIE 9.0; Windows NT 6.3; Trident/5.0)"
194.87.252.147 - - [08/Jun/2025:19:41:24 -0400] "GET / HTTP/1.1" 200 10971 "https://w2.operationtruelovenow.com/wp-content/plugins/wp-automatic/inc/csv.php" "Mozilla/5.0 (compatible; MSIE 9.0; Windows NT 6.3; Trident/5.0)"
162.0.232.193 - - [08/Jun/2025:19:41:24 -0400] "GET /manga/operation-true-love-chapter-66/ HTTP/1.1" 200 12593 "-" "WP Rocket/Preload"
194.87.252.147 - - [08/Jun/2025:19:41:25 -0400] "POST /wp-content/plugins/wp-automatic/inc/csv.php85fd78cb6871.php HTTP/1.1" 301 0 "https://w2.operationtruelovenow.com/" "Mozilla/5.0 (compatible; MSIE 9.0; Windows NT 6.3; Trident/5.0)"
194.87.252.147 - - [08/Jun/2025:19:41:25 -0400] "GET / HTTP/1.1" 200 10853 "https://w2.operationtruelovenow.com/" "Mozilla/5.0 (compatible; MSIE 9.0; Windows NT 6.3; Trident/5.0)"
162.0.232.193 - - [08/Jun/2025:19:41:25 -0400] "GET /manga/operation-true-love-chapter-66/ HTTP/1.1" 200 12589 "-" "WP Rocket/Preload Mozilla/5.0 (iPhone; CPU iPhone OS 9_1 like Mac OS X) AppleWebKit/601.1.46 (KHTML, like Gecko) Version/9.0 Mobile/13B143 Safari/601.1"
194.87.252.147 - - [08/Jun/2025:19:41:26 -0400] "POST /wp-content/plugins/wp-automatic/inc/csv.php85fd78cb6871.php HTTP/1.1" 301 0 "https://w2.operationtruelovenow.com/" "Mozilla/5.0 (compatible; MSIE 9.0; Windows NT 6.3; Trident/5.0)"
194.87.252.147 - - [08/Jun/2025:19:41:26 -0400] "GET / HTTP/1.1" 200 10971 "https://w2.operationtruelovenow.com/" "Mozilla/5.0 (compatible; MSIE 9.0; Windows NT 6.3; Trident/5.0)"
162.0.232.193 - - [08/Jun/2025:19:41:26 -0400] "GET /manga/operation-true-love-chapter-67/ HTTP/1.1" 200 12643 "-" "WP Rocket/Preload"
194.87.252.147 - - [08/Jun/2025:19:41:27 -0400] "POST /wp-content/plugins/wp-automatic/inc/csv.php85fd78cb6871.php HTTP/1.1" 301 0 "https://w2.operationtruelovenow.com/" "Mozilla/5.0 (compatible; MSIE 9.0; Windows NT 6.3; Trident/5.0)"
162.0.232.193 - - [08/Jun/2025:19:41:27 -0400] "GET /manga/operation-true-love-chapter-67/ HTTP/1.1" 200 12628 "-" "WP Rocket/Preload Mozilla/5.0 (iPhone; CPU iPhone OS 9_1 like Mac OS X) AppleWebKit/601.1.46 (KHTML, like Gecko) Version/9.0 Mobile/13B143 Safari/601.1"
194.87.252.147 - - [08/Jun/2025:19:41:27 -0400] "GET / HTTP/1.1" 200 10911 "https://w2.operationtruelovenow.com/" "Mozilla/5.0 (compatible; MSIE 9.0; Windows NT 6.3; Trident/5.0)"
194.87.252.147 - - [08/Jun/2025:19:41:27 -0400] "GET /wp-login.php HTTP/1.1" 200 1805 "https://w2.operationtruelovenow.com/" "Mozilla/5.0 (compatible; MSIE 9.0; Windows NT 6.3; Trident/5.0)"
162.0.232.193 - - [08/Jun/2025:19:41:28 -0400] "GET /manga/operation-true-love-chapter-65-5/ HTTP/1.1" 200 11631 "-" "WP Rocket/Preload"
162.0.232.193 - - [08/Jun/2025:19:41:29 -0400] "GET /manga/operation-true-love-chapter-65-5/ HTTP/1.1" 200 11624 "-" "WP Rocket/Preload Mozilla/5.0 (iPhone; CPU iPhone OS 9_1 like Mac OS X) AppleWebKit/601.1.46 (KHTML, like Gecko) Version/9.0 Mobile/13B143 Safari/601.1"
194.87.252.147 - - [08/Jun/2025:19:41:29 -0400] "POST /wp-login.php HTTP/1.1" 200 1969 "https://w2.operationtruelovenow.com/wp-login.php" "Mozilla/5.0 (compatible; MSIE 9.0; Windows NT 6.3; Trident/5.0)"
162.0.232.193 - - [08/Jun/2025:19:41:29 -0400] "GET /manga/operation-true-love-chapter-65/ HTTP/1.1" 200 12752 "-" "WP Rocket/Preload"
162.0.232.193 - - [08/Jun/2025:19:41:30 -0400] "GET /manga/operation-true-love-chapter-65/ HTTP/1.1" 200 12735 "-" "WP Rocket/Preload Mozilla/5.0 (iPhone; CPU iPhone OS 9_1 like Mac OS X) AppleWebKit/601.1.46 (KHTML, like Gecko) Version/9.0 Mobile/13B143 Safari/601.1"
194.87.252.147 - - [08/Jun/2025:19:41:31 -0400] "GET /wp-admin/plugins.php HTTP/1.1" 302 0 "https://w2.operationtruelovenow.com/wp-login.php" "Mozilla/5.0 (compatible; MSIE 9.0; Windows NT 6.3; Trident/5.0)"
162.0.232.193 - - [08/Jun/2025:19:41:31 -0400] "GET /manga/operation-true-love-chapter-63/ HTTP/1.1" 200 12407 "-" "WP Rocket/Preload"
194.87.252.147 - - [08/Jun/2025:19:41:32 -0400] "GET /wp-login.php?redirect_to=https%3A%2F%2Fw2.operationtruelovenow.com%2Fwp-admin%2Fplugins.php&reauth=1 HTTP/1.1" 200 1812 "https://w2.operationtruelovenow.com/wp-login.php" "Mozilla/5.0 (compatible; MSIE 9.0; Windows NT 6.3; Trident/5.0)"
162.0.232.193 - - [08/Jun/2025:19:41:32 -0400] "GET /manga/operation-true-love-chapter-63/ HTTP/1.1" 200 12396 "-" "WP Rocket/Preload Mozilla/5.0 (iPhone; CPU iPhone OS 9_1 like Mac OS X) AppleWebKit/601.1.46 (KHTML, like Gecko) Version/9.0 Mobile/13B143 Safari/601.1"
162.0.232.193 - - [08/Jun/2025:19:41:33 -0400] "GET /manga/operation-true-love-chapter-62/ HTTP/1.1" 200 12456 "-" "WP Rocket/Preload"
162.0.232.193 - - [08/Jun/2025:19:41:34 -0400] "GET /manga/operation-true-love-chapter-62/ HTTP/1.1" 200 12455 "-" "WP Rocket/Preload Mozilla/5.0 (iPhone; CPU iPhone OS 9_1 like Mac OS X) AppleWebKit/601.1.46 (KHTML, like Gecko) Version/9.0 Mobile/13B143 Safari/601.1"
162.0.232.193 - - [08/Jun/2025:19:41:35 -0400] "GET /manga/operation-true-love-chapter-61/ HTTP/1.1" 200 12352 "-" "WP Rocket/Preload"
162.0.232.193 - - [08/Jun/2025:19:41:36 -0400] "GET /manga/operation-true-love-chapter-61/ HTTP/1.1" 200 12335 "-" "WP Rocket/Preload Mozilla/5.0 (iPhone; CPU iPhone OS 9_1 like Mac OS X) AppleWebKit/601.1.46 (KHTML, like Gecko) Version/9.0 Mobile/13B143 Safari/601.1"
162.0.232.193 - - [08/Jun/2025:19:41:37 -0400] "GET /manga/operation-true-love-chapter-60/ HTTP/1.1" 200 12350 "-" "WP Rocket/Preload"
162.0.232.193 - - [08/Jun/2025:19:41:37 -0400] "GET /manga/operation-true-love-chapter-60/ HTTP/1.1" 200 12342 "-" "WP Rocket/Preload Mozilla/5.0 (iPhone; CPU iPhone OS 9_1 like Mac OS X) AppleWebKit/601.1.46 (KHTML, like Gecko) Version/9.0 Mobile/13B143 Safari/601.1"
162.0.232.193 - - [08/Jun/2025:19:41:38 -0400] "GET /manga/operation-true-love-chapter-59/ HTTP/1.1" 200 12593 "-" "WP Rocket/Preload"
162.0.232.193 - - [08/Jun/2025:19:41:39 -0400] "GET /manga/operation-true-love-chapter-59/ HTTP/1.1" 200 12593 "-" "WP Rocket/Preload Mozilla/5.0 (iPhone; CPU iPhone OS 9_1 like Mac OS X) AppleWebKit/601.1.46 (KHTML, like Gecko) Version/9.0 Mobile/13B143 Safari/601.1"
162.0.232.193 - - [08/Jun/2025:19:41:40 -0400] "GET /manga/operation-true-love-chapter-58/ HTTP/1.1" 200 12402 "-" "WP Rocket/Preload"
162.0.232.193 - - [08/Jun/2025:19:41:41 -0400] "GET /manga/operation-true-love-chapter-58/ HTTP/1.1" 200 12396 "-" "WP Rocket/Preload Mozilla/5.0 (iPhone; CPU iPhone OS 9_1 like Mac OS X) AppleWebKit/601.1.46 (KHTML, like Gecko) Version/9.0 Mobile/13B143 Safari/601.1"
162.0.232.193 - - [08/Jun/2025:19:41:42 -0400] "GET /manga/operation-true-love-chapter-57/ HTTP/1.1" 200 12756 "-" "WP Rocket/Preload"
162.0.232.193 - - [08/Jun/2025:19:41:43 -0400] "GET /manga/operation-true-love-chapter-57/ HTTP/1.1" 200 12772 "-" "WP Rocket/Preload Mozilla/5.0 (iPhone; CPU iPhone OS 9_1 like Mac OS X) AppleWebKit/601.1.46 (KHTML, like Gecko) Version/9.0 Mobile/13B143 Safari/601.1"
162.0.232.193 - - [08/Jun/2025:19:41:43 -0400] "GET /manga/operation-true-love-chapter-51/ HTTP/1.1" 200 12623 "-" "WP Rocket/Preload"
162.0.232.193 - - [08/Jun/2025:19:41:44 -0400] "GET /manga/operation-true-love-chapter-51/ HTTP/1.1" 200 12613 "-" "WP Rocket/Preload Mozilla/5.0 (iPhone; CPU iPhone OS 9_1 like Mac OS X) AppleWebKit/601.1.46 (KHTML, like Gecko) Version/9.0 Mobile/13B143 Safari/601.1"
162.0.232.193 - - [08/Jun/2025:19:41:45 -0400] "GET /manga/operation-true-love-chapter-56/ HTTP/1.1" 200 13022 "-" "WP Rocket/Preload"
162.0.232.193 - - [08/Jun/2025:19:41:46 -0400] "GET /manga/operation-true-love-chapter-56/ HTTP/1.1" 200 13003 "-" "WP Rocket/Preload Mozilla/5.0 (iPhone; CPU iPhone OS 9_1 like Mac OS X) AppleWebKit/601.1.46 (KHTML, like Gecko) Version/9.0 Mobile/13B143 Safari/601.1"
43.157.148.38 - - [08/Jun/2025:19:43:17 -0400] "GET /manga/operation-true-love-chapter-93/ HTTP/1.1" 200 12275 "-" "Mozilla/5.0 (iPhone; CPU iPhone OS 13_2_3 like Mac OS X) AppleWebKit/605.1.15 (KHTML, like Gecko) Version/13.0.3 Mobile/15E148 Safari/604.1"
2600:1702:56e0:7740:7ddc:1674:e13f:5207 - - [08/Jun/2025:19:46:57 -0400] "GET / HTTP/1.1" 200 10944 "https://www.google.com/" "Mozilla/5.0 (iPhone; CPU iPhone OS 17_0_1 like Mac OS X) AppleWebKit/605.1.15 (KHTML, like Gecko) Version/17.0 Mobile/15E148 Safari/604.1"
2600:1702:56e0:7740:7ddc:1674:e13f:5207 - - [08/Jun/2025:19:46:57 -0400] "GET /wp-content/plugins/widgets-on-pages/public/css/widgets-on-pages-public.css?ver=1.4.0 HTTP/1.1" 200 83 "https://w2.operationtruelovenow.com/" "Mozilla/5.0 (iPhone; CPU iPhone OS 17_0_1 like Mac OS X) AppleWebKit/605.1.15 (KHTML, like Gecko) Version/17.0 Mobile/15E148 Safari/604.1"
2600:1702:56e0:7740:7ddc:1674:e13f:5207 - - [08/Jun/2025:19:46:57 -0400] "GET /wp-content/plugins/simple-social-buttons/assets/css/front.css?ver=5.3.1 HTTP/1.1" 200 10295 "https://w2.operationtruelovenow.com/" "Mozilla/5.0 (iPhone; CPU iPhone OS 17_0_1 like Mac OS X) AppleWebKit/605.1.15 (KHTML, like Gecko) Version/17.0 Mobile/15E148 Safari/604.1"
2600:1702:56e0:7740:7ddc:1674:e13f:5207 - - [08/Jun/2025:19:46:57 -0400] "GET /wp-includes/css/dist/block-library/style.min.css?ver=6.6.2 HTTP/1.1" 200 13903 "https://w2.operationtruelovenow.com/" "Mozilla/5.0 (iPhone; CPU iPhone OS 17_0_1 like Mac OS X) AppleWebKit/605.1.15 (KHTML, like Gecko) Version/17.0 Mobile/15E148 Safari/604.1"
2600:1702:56e0:7740:7ddc:1674:e13f:5207 - - [08/Jun/2025:19:46:57 -0400] "GET /wp-content/plugins/simple-social-buttons/assets/js/frontend-blocks.js?ver=5.3.1 HTTP/1.1" 200 0 "https://w2.operationtruelovenow.com/" "Mozilla/5.0 (iPhone; CPU iPhone OS 17_0_1 like Mac OS X) AppleWebKit/605.1.15 (KHTML, like Gecko) Version/17.0 Mobile/15E148 Safari/604.1"
2600:1702:56e0:7740:7ddc:1674:e13f:5207 - - [08/Jun/2025:19:46:57 -0400] "GET /wp-content/uploads/2023/11/cropped-maxresdefault.jpg HTTP/1.1" 200 108741 "https://w2.operationtruelovenow.com/" "Mozilla/5.0 (iPhone; CPU iPhone OS 17_0_1 like Mac OS X) AppleWebKit/605.1.15 (KHTML, like Gecko) Version/17.0 Mobile/15E148 Safari/604.1"
2600:1702:56e0:7740:7ddc:1674:e13f:5207 - - [08/Jun/2025:19:46:58 -0400] "GET /wp-content/uploads/2023/11/true-love.webp HTTP/1.1" 200 49670 "https://w2.operationtruelovenow.com/" "Mozilla/5.0 (iPhone; CPU iPhone OS 17_0_1 like Mac OS X) AppleWebKit/605.1.15 (KHTML, like Gecko) Version/17.0 Mobile/15E148 Safari/604.1"
2600:1702:56e0:7740:7ddc:1674:e13f:5207 - - [08/Jun/2025:19:46:58 -0400] "GET /wp-content/uploads/2023/11/Operation_True_Love.webp HTTP/1.1" 200 99490 "https://w2.operationtruelovenow.com/" "Mozilla/5.0 (iPhone; CPU iPhone OS 17_0_1 like Mac OS X) AppleWebKit/605.1.15 (KHTML, like Gecko) Version/17.0 Mobile/15E148 Safari/604.1"
2600:1702:56e0:7740:7ddc:1674:e13f:5207 - - [08/Jun/2025:19:46:58 -0400] "GET /wp-content/themes/toivo-lite/fonts/genericons/genericons/Genericons.svg HTTP/1.1" 200 23714 "https://w2.operationtruelovenow.com/" "Mozilla/5.0 (iPhone; CPU iPhone OS 17_0_1 like Mac OS X) AppleWebKit/605.1.15 (KHTML, like Gecko) Version/17.0 Mobile/15E148 Safari/604.1"
2600:1702:56e0:7740:7ddc:1674:e13f:5207 - - [08/Jun/2025:19:46:58 -0400] "GET /wp-content/uploads/2023/11/cropped-what-chapter-is-this-from-operation-true-love-v0-hcrlkq8e7b8a1-32x32.webp HTTP/1.1" 200 292 "https://w2.operationtruelovenow.com/" "Mozilla/5.0 (iPhone; CPU iPhone OS 17_0_1 like Mac OS X) AppleWebKit/605.1.15 (KHTML, like Gecko) Version/17.0 Mobile/15E148 Safari/604.1"
2600:1702:56e0:7740:7ddc:1674:e13f:5207 - - [08/Jun/2025:19:47:23 -0400] "GET /manga/operation-true-love-chapter-50/ HTTP/1.1" 200 12595 "https://w2.operationtruelovenow.com/" "Mozilla/5.0 (iPhone; CPU iPhone OS 17_0_1 like Mac OS X) AppleWebKit/605.1.15 (KHTML, like Gecko) Version/17.0 Mobile/15E148 Safari/604.1"
2600:1702:56e0:7740:7ddc:1674:e13f:5207 - - [08/Jun/2025:19:47:23 -0400] "GET /wp-content/plugins/wp-automatic/css/wp-automatic.css?ver=1.0.0 HTTP/1.1" 200 537 "https://w2.operationtruelovenow.com/manga/operation-true-love-chapter-50/" "Mozilla/5.0 (iPhone; CPU iPhone OS 17_0_1 like Mac OS X) AppleWebKit/605.1.15 (KHTML, like Gecko) Version/17.0 Mobile/15E148 Safari/604.1"
2600:1702:56e0:7740:7ddc:1674:e13f:5207 - - [08/Jun/2025:19:47:23 -0400] "GET /wp-includes/js/comment-reply.min.js?ver=6.6.2 HTTP/1.1" 200 1228 "https://w2.operationtruelovenow.com/manga/operation-true-love-chapter-50/" "Mozilla/5.0 (iPhone; CPU iPhone OS 17_0_1 like Mac OS X) AppleWebKit/605.1.15 (KHTML, like Gecko) Version/17.0 Mobile/15E148 Safari/604.1"
2600:1702:56e0:7740:7ddc:1674:e13f:5207 - - [08/Jun/2025:19:47:23 -0400] "GET /wp-content/plugins/wp-rocket/assets/js/wpr-beacon.min.js HTTP/1.1" 200 3530 "https://w2.operationtruelovenow.com/manga/operation-true-love-chapter-50/" "Mozilla/5.0 (iPhone; CPU iPhone OS 17_0_1 like Mac OS X) AppleWebKit/605.1.15 (KHTML, like Gecko) Version/17.0 Mobile/15E148 Safari/604.1"
2600:1702:56e0:7740:7ddc:1674:e13f:5207 - - [08/Jun/2025:19:47:23 -0400] "GET /wp-content/plugins/simple-social-buttons/assets/fonts/ssb-icon.ttf?eahqa2 HTTP/1.1" 200 6624 "https://w2.operationtruelovenow.com/" "Mozilla/5.0 (iPhone; CPU iPhone OS 17_0_1 like Mac OS X) AppleWebKit/605.1.15 (KHTML, like Gecko) Version/17.0 Mobile/15E148 Safari/604.1"
162.0.232.193 - - [08/Jun/2025:19:47:25 -0400] "POST /wp-cron.php?doing_wp_cron=1749426445.2490119934082031250000 HTTP/1.1" 200 0 "-" "WordPress/6.6.2; https://w2.operationtruelovenow.com"
162.0.232.193 - - [08/Jun/2025:19:47:25 -0400] "GET /manga/operation-true-love-chapter-55/ HTTP/1.1" 200 12815 "-" "WP Rocket/Preload"
2600:1702:56e0:7740:7ddc:1674:e13f:5207 - - [08/Jun/2025:19:47:23 -0400] "POST /wp-admin/admin-ajax.php HTTP/1.1" 200 69 "https://w2.operationtruelovenow.com/manga/operation-true-love-chapter-50/" "Mozilla/5.0 (iPhone; CPU iPhone OS 17_0_1 like Mac OS X) AppleWebKit/605.1.15 (KHTML, like Gecko) Version/17.0 Mobile/15E148 Safari/604.1"
162.0.232.193 - - [08/Jun/2025:19:47:26 -0400] "GET /manga/operation-true-love-chapter-55/ HTTP/1.1" 200 12814 "-" "WP Rocket/Preload Mozilla/5.0 (iPhone; CPU iPhone OS 9_1 like Mac OS X) AppleWebKit/601.1.46 (KHTML, like Gecko) Version/9.0 Mobile/13B143 Safari/601.1"
162.0.232.193 - - [08/Jun/2025:19:47:27 -0400] "GET /manga/operation-true-love-chapter-54/ HTTP/1.1" 200 12868 "-" "WP Rocket/Preload"
162.0.232.193 - - [08/Jun/2025:19:47:28 -0400] "GET /manga/operation-true-love-chapter-54/ HTTP/1.1" 200 12864 "-" "WP Rocket/Preload Mozilla/5.0 (iPhone; CPU iPhone OS 9_1 like Mac OS X) AppleWebKit/601.1.46 (KHTML, like Gecko) Version/9.0 Mobile/13B143 Safari/601.1"
162.0.232.193 - - [08/Jun/2025:19:47:29 -0400] "GET /manga/operation-true-love-chapter-53/ HTTP/1.1" 200 12530 "-" "WP Rocket/Preload"
162.0.232.193 - - [08/Jun/2025:19:47:29 -0400] "GET /manga/operation-true-love-chapter-53/ HTTP/1.1" 200 12522 "-" "WP Rocket/Preload Mozilla/5.0 (iPhone; CPU iPhone OS 9_1 like Mac OS X) AppleWebKit/601.1.46 (KHTML, like Gecko) Version/9.0 Mobile/13B143 Safari/601.1"
162.0.232.193 - - [08/Jun/2025:19:47:30 -0400] "GET /manga/operation-true-love-chapter-52/ HTTP/1.1" 200 12972 "-" "WP Rocket/Preload"
162.0.232.193 - - [08/Jun/2025:19:47:31 -0400] "GET /manga/operation-true-love-chapter-52/ HTTP/1.1" 200 12976 "-" "WP Rocket/Preload Mozilla/5.0 (iPhone; CPU iPhone OS 9_1 like Mac OS X) AppleWebKit/601.1.46 (KHTML, like Gecko) Version/9.0 Mobile/13B143 Safari/601.1"
2600:1702:56e0:7740:7ddc:1674:e13f:5207 - - [08/Jun/2025:19:47:32 -0400] "GET /manga/operation-true-love-chapter-50/ HTTP/1.1" 200 12561 "https://w2.operationtruelovenow.com/" "Mozilla/5.0 (iPhone; CPU iPhone OS 17_0_1 like Mac OS X) AppleWebKit/605.1.15 (KHTML, like Gecko) Version/17.0 Mobile/15E148 Safari/604.1"
162.0.232.193 - - [08/Jun/2025:19:47:32 -0400] "GET /manga/operation-true-love-chapter-49-5/ HTTP/1.1" 200 11639 "-" "WP Rocket/Preload"
2600:1702:56e0:7740:7ddc:1674:e13f:5207 - - [08/Jun/2025:19:47:32 -0400] "POST /wp-admin/admin-ajax.php HTTP/1.1" 200 69 "https://w2.operationtruelovenow.com/manga/operation-true-love-chapter-50/" "Mozilla/5.0 (iPhone; CPU iPhone OS 17_0_1 like Mac OS X) AppleWebKit/605.1.15 (KHTML, like Gecko) Version/17.0 Mobile/15E148 Safari/604.1"
162.0.232.193 - - [08/Jun/2025:19:47:33 -0400] "GET /manga/operation-true-love-chapter-49-5/ HTTP/1.1" 200 11624 "-" "WP Rocket/Preload Mozilla/5.0 (iPhone; CPU iPhone OS 9_1 like Mac OS X) AppleWebKit/601.1.46 (KHTML, like Gecko) Version/9.0 Mobile/13B143 Safari/601.1"
162.0.232.193 - - [08/Jun/2025:19:47:34 -0400] "GET /manga/operation-true-love-chapter-49/ HTTP/1.1" 200 13052 "-" "WP Rocket/Preload"
162.0.232.193 - - [08/Jun/2025:19:47:35 -0400] "GET /manga/operation-true-love-chapter-49/ HTTP/1.1" 200 13041 "-" "WP Rocket/Preload Mozilla/5.0 (iPhone; CPU iPhone OS 9_1 like Mac OS X) AppleWebKit/601.1.46 (KHTML, like Gecko) Version/9.0 Mobile/13B143 Safari/601.1"
162.0.232.193 - - [08/Jun/2025:19:47:35 -0400] "GET /manga/operation-true-love-chapter-48/ HTTP/1.1" 200 12441 "-" "WP Rocket/Preload"
162.0.232.193 - - [08/Jun/2025:19:47:36 -0400] "GET /manga/operation-true-love-chapter-48/ HTTP/1.1" 200 12428 "-" "WP Rocket/Preload Mozilla/5.0 (iPhone; CPU iPhone OS 9_1 like Mac OS X) AppleWebKit/601.1.46 (KHTML, like Gecko) Version/9.0 Mobile/13B143 Safari/601.1"
162.0.232.193 - - [08/Jun/2025:19:47:37 -0400] "GET /manga/operation-true-love-chapter-47/ HTTP/1.1" 200 12928 "-" "WP Rocket/Preload"
162.0.232.193 - - [08/Jun/2025:19:47:38 -0400] "GET /manga/operation-true-love-chapter-47/ HTTP/1.1" 200 12922 "-" "WP Rocket/Preload Mozilla/5.0 (iPhone; CPU iPhone OS 9_1 like Mac OS X) AppleWebKit/601.1.46 (KHTML, like Gecko) Version/9.0 Mobile/13B143 Safari/601.1"
162.0.232.193 - - [08/Jun/2025:19:47:39 -0400] "GET /manga/operation-true-love-chapter-46/ HTTP/1.1" 200 12984 "-" "WP Rocket/Preload"
162.0.232.193 - - [08/Jun/2025:19:47:40 -0400] "GET /manga/operation-true-love-chapter-46/ HTTP/1.1" 200 12984 "-" "WP Rocket/Preload Mozilla/5.0 (iPhone; CPU iPhone OS 9_1 like Mac OS X) AppleWebKit/601.1.46 (KHTML, like Gecko) Version/9.0 Mobile/13B143 Safari/601.1"
162.0.232.193 - - [08/Jun/2025:19:47:40 -0400] "GET /manga/operation-true-love-chapter-45/ HTTP/1.1" 200 12862 "-" "WP Rocket/Preload"
162.0.232.193 - - [08/Jun/2025:19:47:41 -0400] "GET /manga/operation-true-love-chapter-45/ HTTP/1.1" 200 12856 "-" "WP Rocket/Preload Mozilla/5.0 (iPhone; CPU iPhone OS 9_1 like Mac OS X) AppleWebKit/601.1.46 (KHTML, like Gecko) Version/9.0 Mobile/13B143 Safari/601.1"
162.0.232.193 - - [08/Jun/2025:19:47:42 -0400] "GET /manga/operation-true-love-chapter-44/ HTTP/1.1" 200 13062 "-" "WP Rocket/Preload"
162.0.232.193 - - [08/Jun/2025:19:47:43 -0400] "GET /manga/operation-true-love-chapter-44/ HTTP/1.1" 200 13058 "-" "WP Rocket/Preload Mozilla/5.0 (iPhone; CPU iPhone OS 9_1 like Mac OS X) AppleWebKit/601.1.46 (KHTML, like Gecko) Version/9.0 Mobile/13B143 Safari/601.1"
162.0.232.193 - - [08/Jun/2025:19:47:44 -0400] "GET /manga/operation-true-love-chapter-42/ HTTP/1.1" 200 12487 "-" "WP Rocket/Preload"
162.0.232.193 - - [08/Jun/2025:19:47:45 -0400] "GET /manga/operation-true-love-chapter-42/ HTTP/1.1" 200 0 "-" "WP Rocket/Preload Mozilla/5.0 (iPhone; CPU iPhone OS 9_1 like Mac OS X) AppleWebKit/601.1.46 (KHTML, like Gecko) Version/9.0 Mobile/13B143 Safari/601.1"
162.0.232.193 - - [08/Jun/2025:19:47:47 -0400] "GET /manga/operation-true-love-chapter-41/ HTTP/1.1" 200 13146 "-" "WP Rocket/Preload"
162.0.232.193 - - [08/Jun/2025:19:47:48 -0400] "GET /manga/operation-true-love-chapter-41/ HTTP/1.1" 200 13136 "-" "WP Rocket/Preload Mozilla/5.0 (iPhone; CPU iPhone OS 9_1 like Mac OS X) AppleWebKit/601.1.46 (KHTML, like Gecko) Version/9.0 Mobile/13B143 Safari/601.1"
162.0.232.193 - - [08/Jun/2025:19:47:49 -0400] "GET /manga/operation-true-love-chapter-36/ HTTP/1.1" 200 11616 "-" "WP Rocket/Preload"
162.0.232.193 - - [08/Jun/2025:19:47:50 -0400] "GET /manga/operation-true-love-chapter-36/ HTTP/1.1" 200 11631 "-" "WP Rocket/Preload Mozilla/5.0 (iPhone; CPU iPhone OS 9_1 like Mac OS X) AppleWebKit/601.1.46 (KHTML, like Gecko) Version/9.0 Mobile/13B143 Safari/601.1"
43.133.91.48 - - [08/Jun/2025:19:53:39 -0400] "GET /manga/operation-true-love-chapter-97/ HTTP/1.1" 200 11915 "-" "Mozilla/5.0 (iPhone; CPU iPhone OS 13_2_3 like Mac OS X) AppleWebKit/605.1.15 (KHTML, like Gecko) Version/13.0.3 Mobile/15E148 Safari/604.1"
162.0.232.193 - - [08/Jun/2025:19:54:06 -0400] "POST /wp-cron.php?doing_wp_cron=1749426846.4474310874938964843750 HTTP/1.1" 200 0 "-" "WordPress/6.6.2; https://w2.operationtruelovenow.com"
2a03:2880:f800:16:: - - [08/Jun/2025:19:54:05 -0400] "GET /category/operation-true-love-manga/page/3/ HTTP/1.1" 200 13632 "-" "meta-externalagent/1.1 (+https://developers.facebook.com/docs/sharing/webmasters/crawler)"
162.0.232.193 - - [08/Jun/2025:19:54:06 -0400] "GET /manga/operation-true-love-chapter-40/ HTTP/1.1" 200 12631 "-" "WP Rocket/Preload"
162.0.232.193 - - [08/Jun/2025:19:54:07 -0400] "GET /manga/operation-true-love-chapter-40/ HTTP/1.1" 200 12622 "-" "WP Rocket/Preload Mozilla/5.0 (iPhone; CPU iPhone OS 9_1 like Mac OS X) AppleWebKit/601.1.46 (KHTML, like Gecko) Version/9.0 Mobile/13B143 Safari/601.1"
162.0.232.193 - - [08/Jun/2025:19:54:08 -0400] "GET /manga/operation-true-love-chapter-39/ HTTP/1.1" 200 13019 "-" "WP Rocket/Preload"
162.0.232.193 - - [08/Jun/2025:19:54:09 -0400] "GET /manga/operation-true-love-chapter-39/ HTTP/1.1" 200 13003 "-" "WP Rocket/Preload Mozilla/5.0 (iPhone; CPU iPhone OS 9_1 like Mac OS X) AppleWebKit/601.1.46 (KHTML, like Gecko) Version/9.0 Mobile/13B143 Safari/601.1"
162.0.232.193 - - [08/Jun/2025:19:54:10 -0400] "GET /manga/operation-true-love-chapter-38/ HTTP/1.1" 200 11775 "-" "WP Rocket/Preload"
162.0.232.193 - - [08/Jun/2025:19:54:11 -0400] "GET /manga/operation-true-love-chapter-38/ HTTP/1.1" 200 11769 "-" "WP Rocket/Preload Mozilla/5.0 (iPhone; CPU iPhone OS 9_1 like Mac OS X) AppleWebKit/601.1.46 (KHTML, like Gecko) Version/9.0 Mobile/13B143 Safari/601.1"
162.0.232.193 - - [08/Jun/2025:19:54:12 -0400] "GET /manga/operation-true-love-notice-apology/ HTTP/1.1" 200 11710 "-" "WP Rocket/Preload"
162.0.232.193 - - [08/Jun/2025:19:54:12 -0400] "GET /manga/operation-true-love-notice-apology/ HTTP/1.1" 200 11622 "-" "WP Rocket/Preload Mozilla/5.0 (iPhone; CPU iPhone OS 9_1 like Mac OS X) AppleWebKit/601.1.46 (KHTML, like Gecko) Version/9.0 Mobile/13B143 Safari/601.1"
162.0.232.193 - - [08/Jun/2025:19:54:13 -0400] "GET /manga/operation-true-love-chapter-34/ HTTP/1.1" 200 11604 "-" "WP Rocket/Preload"
162.0.232.193 - - [08/Jun/2025:19:54:14 -0400] "GET /manga/operation-true-love-chapter-34/ HTTP/1.1" 200 11609 "-" "WP Rocket/Preload Mozilla/5.0 (iPhone; CPU iPhone OS 9_1 like Mac OS X) AppleWebKit/601.1.46 (KHTML, like Gecko) Version/9.0 Mobile/13B143 Safari/601.1"
162.0.232.193 - - [08/Jun/2025:19:54:15 -0400] "GET /manga/operation-true-love-chapter-35/ HTTP/1.1" 200 11612 "-" "WP Rocket/Preload"
162.0.232.193 - - [08/Jun/2025:19:54:16 -0400] "GET /manga/operation-true-love-chapter-35/ HTTP/1.1" 200 11618 "-" "WP Rocket/Preload Mozilla/5.0 (iPhone; CPU iPhone OS 9_1 like Mac OS X) AppleWebKit/601.1.46 (KHTML, like Gecko) Version/9.0 Mobile/13B143 Safari/601.1"
162.0.232.193 - - [08/Jun/2025:19:54:17 -0400] "GET /manga/operation-true-love-chapter-32/ HTTP/1.1" 200 12341 "-" "WP Rocket/Preload"
162.0.232.193 - - [08/Jun/2025:19:54:18 -0400] "GET /manga/operation-true-love-chapter-32/ HTTP/1.1" 200 12331 "-" "WP Rocket/Preload Mozilla/5.0 (iPhone; CPU iPhone OS 9_1 like Mac OS X) AppleWebKit/601.1.46 (KHTML, like Gecko) Version/9.0 Mobile/13B143 Safari/601.1"
162.0.232.193 - - [08/Jun/2025:19:54:19 -0400] "GET /manga/operation-true-love-chapter-33/ HTTP/1.1" 200 12253 "-" "WP Rocket/Preload"
162.0.232.193 - - [08/Jun/2025:19:54:20 -0400] "GET /manga/operation-true-love-chapter-33/ HTTP/1.1" 200 12263 "-" "WP Rocket/Preload Mozilla/5.0 (iPhone; CPU iPhone OS 9_1 like Mac OS X) AppleWebKit/601.1.46 (KHTML, like Gecko) Version/9.0 Mobile/13B143 Safari/601.1"
162.0.232.193 - - [08/Jun/2025:19:54:20 -0400] "GET /manga/operation-true-love-chapter-30/ HTTP/1.1" 200 12250 "-" "WP Rocket/Preload"
162.0.232.193 - - [08/Jun/2025:19:54:21 -0400] "GET /manga/operation-true-love-chapter-30/ HTTP/1.1" 200 12238 "-" "WP Rocket/Preload Mozilla/5.0 (iPhone; CPU iPhone OS 9_1 like Mac OS X) AppleWebKit/601.1.46 (KHTML, like Gecko) Version/9.0 Mobile/13B143 Safari/601.1"
162.0.232.193 - - [08/Jun/2025:19:54:22 -0400] "GET /manga/operation-true-love-chapter-31/ HTTP/1.1" 200 12019 "-" "WP Rocket/Preload"
162.0.232.193 - - [08/Jun/2025:19:54:23 -0400] "GET /manga/operation-true-love-chapter-31/ HTTP/1.1" 200 12015 "-" "WP Rocket/Preload Mozilla/5.0 (iPhone; CPU iPhone OS 9_1 like Mac OS X) AppleWebKit/601.1.46 (KHTML, like Gecko) Version/9.0 Mobile/13B143 Safari/601.1"
162.0.232.193 - - [08/Jun/2025:19:54:24 -0400] "GET /manga/operation-true-love-chapter-29/ HTTP/1.1" 200 12030 "-" "WP Rocket/Preload"
162.0.232.193 - - [08/Jun/2025:19:54:25 -0400] "GET /manga/operation-true-love-chapter-29/ HTTP/1.1" 200 12023 "-" "WP Rocket/Preload Mozilla/5.0 (iPhone; CPU iPhone OS 9_1 like Mac OS X) AppleWebKit/601.1.46 (KHTML, like Gecko) Version/9.0 Mobile/13B143 Safari/601.1"
162.0.232.193 - - [08/Jun/2025:19:54:26 -0400] "GET /manga/operation-true-love-chapter-28-2/ HTTP/1.1" 200 12185 "-" "WP Rocket/Preload"
162.0.232.193 - - [08/Jun/2025:19:54:27 -0400] "GET /manga/operation-true-love-chapter-28-2/ HTTP/1.1" 200 12166 "-" "WP Rocket/Preload Mozilla/5.0 (iPhone; CPU iPhone OS 9_1 like Mac OS X) AppleWebKit/601.1.46 (KHTML, like Gecko) Version/9.0 Mobile/13B143 Safari/601.1"
162.0.232.193 - - [08/Jun/2025:19:54:27 -0400] "GET /manga/operation-true-love-chapter-28/ HTTP/1.1" 200 11855 "-" "WP Rocket/Preload"
162.0.232.193 - - [08/Jun/2025:19:54:28 -0400] "GET /manga/operation-true-love-chapter-28/ HTTP/1.1" 200 11848 "-" "WP Rocket/Preload Mozilla/5.0 (iPhone; CPU iPhone OS 9_1 like Mac OS X) AppleWebKit/601.1.46 (KHTML, like Gecko) Version/9.0 Mobile/13B143 Safari/601.1"
162.0.232.193 - - [08/Jun/2025:19:54:29 -0400] "GET /manga/operation-true-love-chapter-24/ HTTP/1.1" 200 11769 "-" "WP Rocket/Preload"
162.0.232.193 - - [08/Jun/2025:19:54:30 -0400] "GET /manga/operation-true-love-chapter-24/ HTTP/1.1" 200 11766 "-" "WP Rocket/Preload Mozilla/5.0 (iPhone; CPU iPhone OS 9_1 like Mac OS X) AppleWebKit/601.1.46 (KHTML, like Gecko) Version/9.0 Mobile/13B143 Safari/601.1"
162.0.232.193 - - [08/Jun/2025:20:03:34 -0400] "POST /wp-cron.php?doing_wp_cron=1749427413.8823189735412597656250 HTTP/1.1" 200 0 "-" "WordPress/6.6.2; https://w2.operationtruelovenow.com"
43.173.1.69 - - [08/Jun/2025:20:03:31 -0400] "GET /manga/operation-true-love-chapter-4/ HTTP/1.1" 200 14371 "-" "Mozilla/5.0 (iPhone; CPU iPhone OS 13_2_3 like Mac OS X) AppleWebKit/605.1.15 (KHTML, like Gecko) Version/13.0.3 Mobile/15E148 Safari/604.1"
162.0.232.193 - - [08/Jun/2025:20:03:34 -0400] "GET /manga/operation-true-love-chapter-27/ HTTP/1.1" 200 12701 "-" "WP Rocket/Preload"
162.0.232.193 - - [08/Jun/2025:20:03:35 -0400] "GET /manga/operation-true-love-chapter-27/ HTTP/1.1" 200 12706 "-" "WP Rocket/Preload Mozilla/5.0 (iPhone; CPU iPhone OS 9_1 like Mac OS X) AppleWebKit/601.1.46 (KHTML, like Gecko) Version/9.0 Mobile/13B143 Safari/601.1"
162.0.232.193 - - [08/Jun/2025:20:03:36 -0400] "GET /manga/operation-true-love-chapter-25/ HTTP/1.1" 200 11912 "-" "WP Rocket/Preload"
162.0.232.193 - - [08/Jun/2025:20:03:37 -0400] "GET /manga/operation-true-love-chapter-25/ HTTP/1.1" 200 11903 "-" "WP Rocket/Preload Mozilla/5.0 (iPhone; CPU iPhone OS 9_1 like Mac OS X) AppleWebKit/601.1.46 (KHTML, like Gecko) Version/9.0 Mobile/13B143 Safari/601.1"
162.0.232.193 - - [08/Jun/2025:20:03:39 -0400] "GET /manga/operation-true-love-chapter-22/ HTTP/1.1" 200 11764 "-" "WP Rocket/Preload"
162.0.232.193 - - [08/Jun/2025:20:03:40 -0400] "GET /manga/operation-true-love-chapter-22/ HTTP/1.1" 200 11761 "-" "WP Rocket/Preload Mozilla/5.0 (iPhone; CPU iPhone OS 9_1 like Mac OS X) AppleWebKit/601.1.46 (KHTML, like Gecko) Version/9.0 Mobile/13B143 Safari/601.1"
162.0.232.193 - - [08/Jun/2025:20:03:42 -0400] "GET /manga/operation-true-love-chapter-23/ HTTP/1.1" 200 12394 "-" "WP Rocket/Preload"
162.0.232.193 - - [08/Jun/2025:20:03:43 -0400] "GET /manga/operation-true-love-chapter-23/ HTTP/1.1" 200 12391 "-" "WP Rocket/Preload Mozilla/5.0 (iPhone; CPU iPhone OS 9_1 like Mac OS X) AppleWebKit/601.1.46 (KHTML, like Gecko) Version/9.0 Mobile/13B143 Safari/601.1"
162.0.232.193 - - [08/Jun/2025:20:03:44 -0400] "GET /manga/operation-true-love-chapter-21/ HTTP/1.1" 200 11729 "-" "WP Rocket/Preload"
162.0.232.193 - - [08/Jun/2025:20:03:45 -0400] "GET /manga/operation-true-love-chapter-21/ HTTP/1.1" 200 11717 "-" "WP Rocket/Preload Mozilla/5.0 (iPhone; CPU iPhone OS 9_1 like Mac OS X) AppleWebKit/601.1.46 (KHTML, like Gecko) Version/9.0 Mobile/13B143 Safari/601.1"
162.0.232.193 - - [08/Jun/2025:20:03:46 -0400] "GET /manga/operation-true-love-chapter-19/ HTTP/1.1" 200 12410 "-" "WP Rocket/Preload"
162.0.232.193 - - [08/Jun/2025:20:03:47 -0400] "GET /manga/operation-true-love-chapter-19/ HTTP/1.1" 200 12398 "-" "WP Rocket/Preload Mozilla/5.0 (iPhone; CPU iPhone OS 9_1 like Mac OS X) AppleWebKit/601.1.46 (KHTML, like Gecko) Version/9.0 Mobile/13B143 Safari/601.1"
162.0.232.193 - - [08/Jun/2025:20:03:48 -0400] "GET /manga/operation-true-love-chapter-20/ HTTP/1.1" 200 12695 "-" "WP Rocket/Preload"
162.0.232.193 - - [08/Jun/2025:20:03:49 -0400] "GET /manga/operation-true-love-chapter-20/ HTTP/1.1" 200 12702 "-" "WP Rocket/Preload Mozilla/5.0 (iPhone; CPU iPhone OS 9_1 like Mac OS X) AppleWebKit/601.1.46 (KHTML, like Gecko) Version/9.0 Mobile/13B143 Safari/601.1"
162.0.232.193 - - [08/Jun/2025:20:03:50 -0400] "GET /manga/operation-true-love-chaoter-17/ HTTP/1.1" 200 12460 "-" "WP Rocket/Preload"
162.0.232.193 - - [08/Jun/2025:20:03:51 -0400] "GET /manga/operation-true-love-chaoter-17/ HTTP/1.1" 200 12444 "-" "WP Rocket/Preload Mozilla/5.0 (iPhone; CPU iPhone OS 9_1 like Mac OS X) AppleWebKit/601.1.46 (KHTML, like Gecko) Version/9.0 Mobile/13B143 Safari/601.1"
162.0.232.193 - - [08/Jun/2025:20:03:52 -0400] "GET /manga/operation-true-love-chapter-18/ HTTP/1.1" 200 12081 "-" "WP Rocket/Preload"
162.0.232.193 - - [08/Jun/2025:20:03:53 -0400] "GET /manga/operation-true-love-chapter-18/ HTTP/1.1" 200 12085 "-" "WP Rocket/Preload Mozilla/5.0 (iPhone; CPU iPhone OS 9_1 like Mac OS X) AppleWebKit/601.1.46 (KHTML, like Gecko) Version/9.0 Mobile/13B143 Safari/601.1"
162.0.232.193 - - [08/Jun/2025:20:03:54 -0400] "GET /manga/operation-true-love-chapter-10/ HTTP/1.1" 200 11649 "-" "WP Rocket/Preload"
162.0.232.193 - - [08/Jun/2025:20:03:55 -0400] "GET /manga/operation-true-love-chapter-10/ HTTP/1.1" 200 11644 "-" "WP Rocket/Preload Mozilla/5.0 (iPhone; CPU iPhone OS 9_1 like Mac OS X) AppleWebKit/601.1.46 (KHTML, like Gecko) Version/9.0 Mobile/13B143 Safari/601.1"
162.0.232.193 - - [08/Jun/2025:20:03:56 -0400] "GET /manga/operation-true-love-chapter-16/ HTTP/1.1" 200 11847 "-" "WP Rocket/Preload"
162.0.232.193 - - [08/Jun/2025:20:03:58 -0400] "GET /manga/operation-true-love-chapter-16/ HTTP/1.1" 200 11837 "-" "WP Rocket/Preload Mozilla/5.0 (iPhone; CPU iPhone OS 9_1 like Mac OS X) AppleWebKit/601.1.46 (KHTML, like Gecko) Version/9.0 Mobile/13B143 Safari/601.1"
162.0.232.193 - - [08/Jun/2025:20:11:20 -0400] "POST /wp-cron.php?doing_wp_cron=1749427879.7366380691528320312500 HTTP/1.1" 200 0 "-" "WordPress/6.6.2; https://w2.operationtruelovenow.com"
216.244.66.232 - - [08/Jun/2025:20:11:17 -0400] "GET /robots.txt HTTP/1.1" 200 116 "-" "Mozilla/5.0 (compatible; DotBot/1.2; +https://opensiteexplorer.org/dotbot; [email protected])"
162.0.232.193 - - [08/Jun/2025:20:11:20 -0400] "GET /manga/operation-true-love-chapter-14/ HTTP/1.1" 200 12179 "-" "WP Rocket/Preload"
162.0.232.193 - - [08/Jun/2025:20:11:21 -0400] "GET /manga/operation-true-love-chapter-14/ HTTP/1.1" 200 12174 "-" "WP Rocket/Preload Mozilla/5.0 (iPhone; CPU iPhone OS 9_1 like Mac OS X) AppleWebKit/601.1.46 (KHTML, like Gecko) Version/9.0 Mobile/13B143 Safari/601.1"
162.0.232.193 - - [08/Jun/2025:20:11:22 -0400] "GET /manga/operation-true-love-chapter-13/ HTTP/1.1" 200 12478 "-" "WP Rocket/Preload"
162.0.232.193 - - [08/Jun/2025:20:11:23 -0400] "GET /manga/operation-true-love-chapter-13/ HTTP/1.1" 200 12485 "-" "WP Rocket/Preload Mozilla/5.0 (iPhone; CPU iPhone OS 9_1 like Mac OS X) AppleWebKit/601.1.46 (KHTML, like Gecko) Version/9.0 Mobile/13B143 Safari/601.1"
162.0.232.193 - - [08/Jun/2025:20:11:24 -0400] "GET /manga/operation-true-love-chapter-12/ HTTP/1.1" 200 11666 "-" "WP Rocket/Preload"
162.0.232.193 - - [08/Jun/2025:20:11:25 -0400] "GET /manga/operation-true-love-chapter-12/ HTTP/1.1" 200 11646 "-" "WP Rocket/Preload Mozilla/5.0 (iPhone; CPU iPhone OS 9_1 like Mac OS X) AppleWebKit/601.1.46 (KHTML, like Gecko) Version/9.0 Mobile/13B143 Safari/601.1"
162.0.232.193 - - [08/Jun/2025:20:11:26 -0400] "GET /manga/operation-true-love-chapter-11/ HTTP/1.1" 200 11728 "-" "WP Rocket/Preload"
162.0.232.193 - - [08/Jun/2025:20:11:27 -0400] "GET /manga/operation-true-love-chapter-11/ HTTP/1.1" 200 11717 "-" "WP Rocket/Preload Mozilla/5.0 (iPhone; CPU iPhone OS 9_1 like Mac OS X) AppleWebKit/601.1.46 (KHTML, like Gecko) Version/9.0 Mobile/13B143 Safari/601.1"
162.0.232.193 - - [08/Jun/2025:20:11:28 -0400] "GET /manga/operation-true-love-chapter-9/ HTTP/1.1" 200 11353 "-" "WP Rocket/Preload"
162.0.232.193 - - [08/Jun/2025:20:11:29 -0400] "GET /manga/operation-true-love-chapter-9/ HTTP/1.1" 200 11650 "-" "WP Rocket/Preload Mozilla/5.0 (iPhone; CPU iPhone OS 9_1 like Mac OS X) AppleWebKit/601.1.46 (KHTML, like Gecko) Version/9.0 Mobile/13B143 Safari/601.1"
162.0.232.193 - - [08/Jun/2025:20:11:30 -0400] "GET /manga/operation-true-love-chapter-8/ HTTP/1.1" 200 11651 "-" "WP Rocket/Preload"
162.0.232.193 - - [08/Jun/2025:20:11:31 -0400] "GET /manga/operation-true-love-chapter-8/ HTTP/1.1" 200 11641 "-" "WP Rocket/Preload Mozilla/5.0 (iPhone; CPU iPhone OS 9_1 like Mac OS X) AppleWebKit/601.1.46 (KHTML, like Gecko) Version/9.0 Mobile/13B143 Safari/601.1"
162.0.232.193 - - [08/Jun/2025:20:11:32 -0400] "GET /manga/operation-true-love-chapter-7/ HTTP/1.1" 200 11717 "-" "WP Rocket/Preload"
162.0.232.193 - - [08/Jun/2025:20:11:33 -0400] "GET /manga/operation-true-love-chapter-7/ HTTP/1.1" 200 11714 "-" "WP Rocket/Preload Mozilla/5.0 (iPhone; CPU iPhone OS 9_1 like Mac OS X) AppleWebKit/601.1.46 (KHTML, like Gecko) Version/9.0 Mobile/13B143 Safari/601.1"
162.0.232.193 - - [08/Jun/2025:20:11:33 -0400] "GET /manga/operation-true-love-chapter-6/ HTTP/1.1" 200 11712 "-" "WP Rocket/Preload"
162.0.232.193 - - [08/Jun/2025:20:11:34 -0400] "GET /manga/operation-true-love-chapter-6/ HTTP/1.1" 200 11705 "-" "WP Rocket/Preload Mozilla/5.0 (iPhone; CPU iPhone OS 9_1 like Mac OS X) AppleWebKit/601.1.46 (KHTML, like Gecko) Version/9.0 Mobile/13B143 Safari/601.1"
162.0.232.193 - - [08/Jun/2025:20:11:35 -0400] "GET /manga/operation-true-love-chapter-5/ HTTP/1.1" 200 13802 "-" "WP Rocket/Preload"
162.0.232.193 - - [08/Jun/2025:20:11:37 -0400] "GET /manga/operation-true-love-chapter-5/ HTTP/1.1" 200 13801 "-" "WP Rocket/Preload Mozilla/5.0 (iPhone; CPU iPhone OS 9_1 like Mac OS X) AppleWebKit/601.1.46 (KHTML, like Gecko) Version/9.0 Mobile/13B143 Safari/601.1"
162.0.232.193 - - [08/Jun/2025:20:11:37 -0400] "GET /manga/operation-true-love-chapter-4/ HTTP/1.1" 200 14383 "-" "WP Rocket/Preload"
162.0.232.193 - - [08/Jun/2025:20:11:38 -0400] "GET /manga/operation-true-love-chapter-4/ HTTP/1.1" 200 14430 "-" "WP Rocket/Preload Mozilla/5.0 (iPhone; CPU iPhone OS 9_1 like Mac OS X) AppleWebKit/601.1.46 (KHTML, like Gecko) Version/9.0 Mobile/13B143 Safari/601.1"
162.0.232.193 - - [08/Jun/2025:20:11:39 -0400] "GET /manga/operation-true-love-chapter-3/ HTTP/1.1" 200 13300 "-" "WP Rocket/Preload"
162.0.232.193 - - [08/Jun/2025:20:11:40 -0400] "GET /manga/operation-true-love-chapter-3/ HTTP/1.1" 200 12931 "-" "WP Rocket/Preload Mozilla/5.0 (iPhone; CPU iPhone OS 9_1 like Mac OS X) AppleWebKit/601.1.46 (KHTML, like Gecko) Version/9.0 Mobile/13B143 Safari/601.1"
162.0.232.193 - - [08/Jun/2025:20:11:41 -0400] "GET /manga/operation-true-love-chapter-2-5/ HTTP/1.1" 200 13162 "-" "WP Rocket/Preload"
162.0.232.193 - - [08/Jun/2025:20:11:42 -0400] "GET /manga/operation-true-love-chapter-2-5/ HTTP/1.1" 200 13157 "-" "WP Rocket/Preload Mozilla/5.0 (iPhone; CPU iPhone OS 9_1 like Mac OS X) AppleWebKit/601.1.46 (KHTML, like Gecko) Version/9.0 Mobile/13B143 Safari/601.1"
162.0.232.193 - - [08/Jun/2025:20:11:43 -0400] "GET /manga/operation-true-love-chapter-2/ HTTP/1.1" 200 14158 "-" "WP Rocket/Preload"
162.0.232.193 - - [08/Jun/2025:20:11:44 -0400] "GET /manga/operation-true-love-chapter-2/ HTTP/1.1" 200 14160 "-" "WP Rocket/Preload Mozilla/5.0 (iPhone; CPU iPhone OS 9_1 like Mac OS X) AppleWebKit/601.1.46 (KHTML, like Gecko) Version/9.0 Mobile/13B143 Safari/601.1"
49.51.180.2 - - [08/Jun/2025:20:16:26 -0400] "GET /manga/operation-true-love-chapter-57/ HTTP/1.1" 200 12778 "-" "Mozilla/5.0 (iPhone; CPU iPhone OS 13_2_3 like Mac OS X) AppleWebKit/605.1.15 (KHTML, like Gecko) Version/13.0.3 Mobile/15E148 Safari/604.1"
2a03:2880:f800:a:: - - [08/Jun/2025:20:23:45 -0400] "GET /manga/operation-true-love-chapter-2/ HTTP/1.1" 200 14245 "-" "meta-externalagent/1.1 (+https://developers.facebook.com/docs/sharing/webmasters/crawler)"
43.128.149.102 - - [08/Jun/2025:20:23:48 -0400] "GET /manga/operation-true-love-chapter-90/ HTTP/1.1" 200 12094 "-" "Mozilla/5.0 (iPhone; CPU iPhone OS 13_2_3 like Mac OS X) AppleWebKit/605.1.15 (KHTML, like Gecko) Version/13.0.3 Mobile/15E148 Safari/604.1"
162.0.232.193 - - [08/Jun/2025:20:35:27 -0400] "POST /wp-cron.php?doing_wp_cron=1749429326.8462200164794921875000 HTTP/1.1" 200 0 "-" "WordPress/6.6.2; https://w2.operationtruelovenow.com"
49.51.204.74 - - [08/Jun/2025:20:35:23 -0400] "GET /wp-json/oembed/1.0/embed?url=https%3A%2F%2Fw2.operationtruelovenow.com%2Fmanga%2Foperation-true-love-chapter-91%2F&format=xml HTTP/1.1" 200 1221 "-" "Mozilla/5.0 (iPhone; CPU iPhone OS 13_2_3 like Mac OS X) AppleWebKit/605.1.15 (KHTML, like Gecko) Version/13.0.3 Mobile/15E148 Safari/604.1"
162.0.232.193 - - [08/Jun/2025:20:35:27 -0400] "GET /manga/operation-true-love-chapter-1/ HTTP/1.1" 200 13170 "-" "WP Rocket/Preload"
162.0.232.193 - - [08/Jun/2025:20:35:28 -0400] "GET /manga/operation-true-love-chapter-1/ HTTP/1.1" 200 13151 "-" "WP Rocket/Preload Mozilla/5.0 (iPhone; CPU iPhone OS 9_1 like Mac OS X) AppleWebKit/601.1.46 (KHTML, like Gecko) Version/9.0 Mobile/13B143 Safari/601.1"
162.0.232.193 - - [08/Jun/2025:20:35:29 -0400] "GET /manga/operation-true-love-chapter-0/ HTTP/1.1" 200 12696 "-" "WP Rocket/Preload"
162.0.232.193 - - [08/Jun/2025:20:35:30 -0400] "GET /manga/operation-true-love-chapter-0/ HTTP/1.1" 200 12677 "-" "WP Rocket/Preload Mozilla/5.0 (iPhone; CPU iPhone OS 9_1 like Mac OS X) AppleWebKit/601.1.46 (KHTML, like Gecko) Version/9.0 Mobile/13B143 Safari/601.1"
162.0.232.193 - - [08/Jun/2025:20:38:29 -0400] "POST /wp-cron.php?doing_wp_cron=1749429509.0476200580596923828125 HTTP/1.1" 200 0 "-" "WordPress/6.6.2; https://w2.operationtruelovenow.com"
2a03:2880:f800:16:: - - [08/Jun/2025:20:38:27 -0400] "GET /category/operation-true-love-webtoon/page/6/ HTTP/1.1" 200 17834 "-" "meta-externalagent/1.1 (+https://developers.facebook.com/docs/sharing/webmasters/crawler)"
162.0.232.193 - - [08/Jun/2025:20:41:30 -0400] "POST /wp-cron.php?doing_wp_cron=1749429690.0695569515228271484375 HTTP/1.1" 200 0 "-" "WordPress/6.6.2; https://w2.operationtruelovenow.com"
3.213.46.222 - - [08/Jun/2025:20:41:28 -0400] "GET /operation-true-love-chapter-6/ HTTP/1.1" 301 0 "-" "Mozilla/5.0 AppleWebKit/537.36 (KHTML, like Gecko; compatible; Amazonbot/0.1; +https://developer.amazon.com/support/amazonbot) Chrome/119.0.6045.214 Safari/537.36"
162.0.232.193 - - [08/Jun/2025:20:43:58 -0400] "POST /wp-cron.php?doing_wp_cron=1749429838.4959349632263183593750 HTTP/1.1" 200 0 "-" "WordPress/6.6.2; https://w2.operationtruelovenow.com"
43.153.35.128 - - [08/Jun/2025:20:43:56 -0400] "GET /wp-json/wp/v2/posts/1642 HTTP/1.1" 200 17907 "-" "Mozilla/5.0 (iPhone; CPU iPhone OS 13_2_3 like Mac OS X) AppleWebKit/605.1.15 (KHTML, like Gecko) Version/13.0.3 Mobile/15E148 Safari/604.1"
2a03:2880:f800:11:: - - [08/Jun/2025:20:44:49 -0400] "GET /author/admin/page/8/ HTTP/1.1" 200 17249 "-" "meta-externalagent/1.1 (+https://developers.facebook.com/docs/sharing/webmasters/crawler)"
101.91.148.219 - - [08/Jun/2025:20:51:12 -0400] "GET / HTTP/1.1" 200 10883 "https://operationtruelovenow.com/" "Mozilla/5.0 (iPhone; CPU iPhone OS 13_2_3 like Mac OS X) AppleWebKit/605.1.15 (KHTML, like Gecko) Version/13.0.3 Mobile/15E148 Safari/604.1"
162.0.232.193 - - [08/Jun/2025:20:53:59 -0400] "POST /wp-cron.php?doing_wp_cron=1749430439.1955220699310302734375 HTTP/1.1" 200 0 "-" "WordPress/6.6.2; https://w2.operationtruelovenow.com"
170.106.113.235 - - [08/Jun/2025:20:53:57 -0400] "GET /?p=1638 HTTP/1.1" 301 0 "-" "Mozilla/5.0 (iPhone; CPU iPhone OS 13_2_3 like Mac OS X) AppleWebKit/605.1.15 (KHTML, like Gecko) Version/13.0.3 Mobile/15E148 Safari/604.1"
170.106.113.235 - - [08/Jun/2025:20:54:00 -0400] "GET /manga/operation-true-love-chapter-97/ HTTP/1.1" 200 11915 "https://w2.operationtruelovenow.com/?p=1638" "Mozilla/5.0 (iPhone; CPU iPhone OS 13_2_3 like Mac OS X) AppleWebKit/605.1.15 (KHTML, like Gecko) Version/13.0.3 Mobile/15E148 Safari/604.1"
162.0.232.193 - - [08/Jun/2025:20:55:45 -0400] "POST /wp-cron.php?doing_wp_cron=1749430545.1389551162719726562500 HTTP/1.1" 200 0 "-" "WordPress/6.6.2; https://w2.operationtruelovenow.com"
197.243.16.120 - - [08/Jun/2025:20:55:43 -0400] "GET /wp-login.php HTTP/1.1" 200 1805 "https://operationtruelovenow.com/wp-login.php" "GRequests/0.10"
197.243.16.120 - - [08/Jun/2025:20:55:46 -0400] "GET /wp-login.php HTTP/1.1" 200 1805 "https://operationtruelovenow.com/wp-login.php" "GRequests/0.10"
197.243.16.120 - - [08/Jun/2025:20:55:47 -0400] "GET /wp-admin/ HTTP/1.1" 302 0 "https://operationtruelovenow.com/wp-admin/" "GRequests/0.10"
197.243.16.120 - - [08/Jun/2025:20:55:47 -0400] "GET /wp-login.php?redirect_to=https%3A%2F%2Fw2.operationtruelovenow.com%2Fwp-admin%2F&reauth=1 HTTP/1.1" 200 1805 "https://w2.operationtruelovenow.com/wp-admin/" "GRequests/0.10"
162.0.232.193 - - [08/Jun/2025:21:01:14 -0400] "POST /wp-cron.php?doing_wp_cron=1749430874.3740329742431640625000 HTTP/1.1" 200 0 "-" "WordPress/6.6.2; https://w2.operationtruelovenow.com"
2a03:2880:f800:1c:: - - [08/Jun/2025:21:01:12 -0400] "GET /category/operation-true-love-manhwa/page/6/ HTTP/1.1" 200 17876 "-" "meta-externalagent/1.1 (+https://developers.facebook.com/docs/sharing/webmasters/crawler)"
162.0.232.193 - - [08/Jun/2025:21:03:40 -0400] "POST /wp-cron.php?doing_wp_cron=1749431019.9698920249938964843750 HTTP/1.1" 200 0 "-" "WordPress/6.6.2; https://w2.operationtruelovenow.com"
43.167.157.80 - - [08/Jun/2025:21:03:38 -0400] "GET /wp-json/wp/v2/posts/1758 HTTP/1.1" 200 37757 "-" "Mozilla/5.0 (iPhone; CPU iPhone OS 13_2_3 like Mac OS X) AppleWebKit/605.1.15 (KHTML, like Gecko) Version/13.0.3 Mobile/15E148 Safari/604.1"
162.0.232.193 - - [08/Jun/2025:21:09:37 -0400] "POST /wp-cron.php?doing_wp_cron=1749431377.6290040016174316406250 HTTP/1.1" 200 0 "-" "WordPress/6.6.2; https://w2.operationtruelovenow.com"
51.178.81.248 - - [08/Jun/2025:21:09:36 -0400] "POST /wp-login.php HTTP/1.1" 200 1935 "https://w2.operationtruelovenow.com" "Mozilla/5.0 (Windows NT 11.0; Win64; x64; rv:126.0) Gecko/20100101 Firefox/126.0"
162.0.232.193 - - [08/Jun/2025:21:13:16 -0400] "POST /wp-cron.php?doing_wp_cron=1749431596.3895769119262695312500 HTTP/1.1" 200 0 "-" "WordPress/6.6.2; https://w2.operationtruelovenow.com"
43.130.102.223 - - [08/Jun/2025:21:13:14 -0400] "GET /?p=1700 HTTP/1.1" 301 0 "-" "Mozilla/5.0 (iPhone; CPU iPhone OS 13_2_3 like Mac OS X) AppleWebKit/605.1.15 (KHTML, like Gecko) Version/13.0.3 Mobile/15E148 Safari/604.1"
43.130.102.223 - - [08/Jun/2025:21:13:20 -0400] "GET /manga/operation-true-love-chapter-57/ HTTP/1.1" 200 12772 "https://w2.operationtruelovenow.com/?p=1700" "Mozilla/5.0 (iPhone; CPU iPhone OS 13_2_3 like Mac OS X) AppleWebKit/605.1.15 (KHTML, like Gecko) Version/13.0.3 Mobile/15E148 Safari/604.1"
52.167.144.204 - - [08/Jun/2025:21:21:22 -0400] "GET /manga/operation-true-love-chapter-63/ HTTP/1.1" 200 12429 "-" "Mozilla/5.0 AppleWebKit/537.36 (KHTML, like Gecko; compatible; bingbot/2.0; +http://www.bing.com/bingbot.htm) Chrome/116.0.1938.76 Safari/537.36"
43.130.15.147 - - [08/Jun/2025:21:22:59 -0400] "GET /manga/operation-true-love-chapter-90/ HTTP/1.1" 200 12125 "-" "Mozilla/5.0 (iPhone; CPU iPhone OS 13_2_3 like Mac OS X) AppleWebKit/605.1.15 (KHTML, like Gecko) Version/13.0.3 Mobile/15E148 Safari/604.1"
162.0.232.193 - - [08/Jun/2025:21:23:29 -0400] "POST /wp-cron.php?doing_wp_cron=1749432209.6845860481262207031250 HTTP/1.1" 200 0 "-" "WordPress/6.6.2; https://w2.operationtruelovenow.com"
103.169.35.190 - - [08/Jun/2025:21:23:27 -0400] "POST /wp-login.php HTTP/1.1" 200 1935 "https://w2.operationtruelovenow.com" "Mozilla/5.0 (Macintosh; Intel Mac OS X 13_3) AppleWebKit/537.36 (KHTML, like Gecko) Chrome/126.0.0.0 Safari/537.36"
162.0.232.193 - - [08/Jun/2025:21:33:33 -0400] "POST /wp-cron.php?doing_wp_cron=1749432812.8383300304412841796875 HTTP/1.1" 200 0 "-" "WordPress/6.6.2; https://w2.operationtruelovenow.com"
43.153.15.51 - - [08/Jun/2025:21:33:29 -0400] "GET /manga/operation-true-love-chapter-91/embed/ HTTP/1.1" 200 6287 "-" "Mozilla/5.0 (iPhone; CPU iPhone OS 13_2_3 like Mac OS X) AppleWebKit/605.1.15 (KHTML, like Gecko) Version/13.0.3 Mobile/15E148 Safari/604.1"
68.169.43.28 - - [08/Jun/2025:21:34:30 -0400] "GET /2.php HTTP/1.1" 404 4734 "-" "Mozilla/5.0 (Windows NT 10.0; Win64; x64; rv:139.0) Gecko/20100101 Firefox/139.0"
68.169.43.28 - - [08/Jun/2025:21:34:34 -0400] "GET / HTTP/1.1" 200 10971 "-" "Mozilla/5.0 (Windows NT 10.0; Win64; x64; rv:139.0) Gecko/20100101 Firefox/139.0"
162.0.232.193 - - [08/Jun/2025:21:35:30 -0400] "POST /wp-cron.php?doing_wp_cron=1749432930.8321380615234375000000 HTTP/1.1" 200 0 "-" "WordPress/6.6.2; https://w2.operationtruelovenow.com"
62.60.160.33 - - [08/Jun/2025:21:35:30 -0400] "POST /wp-login.php HTTP/1.1" 200 1935 "https://w2.operationtruelovenow.com" "Mozilla/5.0 (Macintosh; Intel Mac OS X 14.5) AppleWebKit/618.3.5 (KHTML, like Gecko) Version/17.4 Safari/618.3.5"
43.153.135.208 - - [08/Jun/2025:21:43:56 -0400] "GET /manga/operation-true-love-chapter-97/ HTTP/1.1" 200 11915 "-" "Mozilla/5.0 (iPhone; CPU iPhone OS 13_2_3 like Mac OS X) AppleWebKit/605.1.15 (KHTML, like Gecko) Version/13.0.3 Mobile/15E148 Safari/604.1"
162.0.232.193 - - [08/Jun/2025:21:47:31 -0400] "POST /wp-cron.php?doing_wp_cron=1749433651.3953731060028076171875 HTTP/1.1" 200 0 "-" "WordPress/6.6.2; https://w2.operationtruelovenow.com"
2a03:2880:f800:1c:: - - [08/Jun/2025:21:47:28 -0400] "GET /category/operation-true-love-manga/page/5/ HTTP/1.1" 200 16032 "-" "meta-externalagent/1.1 (+https://developers.facebook.com/docs/sharing/webmasters/crawler)"
162.0.232.193 - - [08/Jun/2025:21:49:27 -0400] "POST /wp-cron.php?doing_wp_cron=1749433767.8180949687957763671875 HTTP/1.1" 200 0 "-" "WordPress/6.6.2; https://w2.operationtruelovenow.com"
103.6.198.96 - - [08/Jun/2025:21:49:26 -0400] "POST /wp-login.php HTTP/1.1" 200 1935 "https://w2.operationtruelovenow.com" "Mozilla/5.0 (Windows NT 11.0; Win64; x64) AppleWebKit/537.36 (KHTML, like Gecko) Chrome/126.0.0.0 Safari/537.36"
