162.0.232.193 - - [08/Jun/2025:08:14:59 -0400] "GET /manga/operation-true-love-chapter-27/ HTTP/1.1" 200 12706 "-" "WP Rocket/Preload Mozilla/5.0 (iPhone; CPU iPhone OS 9_1 like Mac OS X) AppleWebKit/601.1.46 (KHTML, like Gecko) Version/9.0 Mobile/13B143 Safari/601.1"
162.0.232.193 - - [08/Jun/2025:08:15:00 -0400] "GET /manga/operation-true-love-chapter-25/ HTTP/1.1" 200 11910 "-" "WP Rocket/Preload"
162.0.232.193 - - [08/Jun/2025:08:15:01 -0400] "GET /manga/operation-true-love-chapter-25/ HTTP/1.1" 200 11902 "-" "WP Rocket/Preload Mozilla/5.0 (iPhone; CPU iPhone OS 9_1 like Mac OS X) AppleWebKit/601.1.46 (KHTML, like Gecko) Version/9.0 Mobile/13B143 Safari/601.1"
162.0.232.193 - - [08/Jun/2025:08:15:02 -0400] "GET /manga/operation-true-love-chapter-22/ HTTP/1.1" 200 11765 "-" "WP Rocket/Preload"
162.0.232.193 - - [08/Jun/2025:08:15:03 -0400] "GET /manga/operation-true-love-chapter-22/ HTTP/1.1" 200 11762 "-" "WP Rocket/Preload Mozilla/5.0 (iPhone; CPU iPhone OS 9_1 like Mac OS X) AppleWebKit/601.1.46 (KHTML, like Gecko) Version/9.0 Mobile/13B143 Safari/601.1"
162.0.232.193 - - [08/Jun/2025:08:15:04 -0400] "GET /manga/operation-true-love-chapter-23/ HTTP/1.1" 200 12396 "-" "WP Rocket/Preload"
162.0.232.193 - - [08/Jun/2025:08:15:05 -0400] "GET /manga/operation-true-love-chapter-23/ HTTP/1.1" 200 12390 "-" "WP Rocket/Preload Mozilla/5.0 (iPhone; CPU iPhone OS 9_1 like Mac OS X) AppleWebKit/601.1.46 (KHTML, like Gecko) Version/9.0 Mobile/13B143 Safari/601.1"
162.0.232.193 - - [08/Jun/2025:08:15:52 -0400] "POST /wp-cron.php?doing_wp_cron=1749384952.1379239559173583984375 HTTP/1.1" 200 0 "-" "WordPress/6.6.2; https://w2.operationtruelovenow.com"
2a03:2880:f800:11:: - - [08/Jun/2025:08:15:52 -0400] "GET /author/admin/page/4/ HTTP/1.1" 200 15011 "-" "meta-externalagent/1.1 (+https://developers.facebook.com/docs/sharing/webmasters/crawler)"
162.0.232.193 - - [08/Jun/2025:08:15:52 -0400] "GET /manga/operation-true-love-chapter-21/ HTTP/1.1" 200 11729 "-" "WP Rocket/Preload"
162.0.232.193 - - [08/Jun/2025:08:15:53 -0400] "GET /manga/operation-true-love-chapter-21/ HTTP/1.1" 200 11716 "-" "WP Rocket/Preload Mozilla/5.0 (iPhone; CPU iPhone OS 9_1 like Mac OS X) AppleWebKit/601.1.46 (KHTML, like Gecko) Version/9.0 Mobile/13B143 Safari/601.1"
162.0.232.193 - - [08/Jun/2025:08:15:54 -0400] "GET /manga/operation-true-love-chapter-19/ HTTP/1.1" 200 12413 "-" "WP Rocket/Preload"
162.0.232.193 - - [08/Jun/2025:08:15:54 -0400] "GET /manga/operation-true-love-chapter-19/ HTTP/1.1" 200 12399 "-" "WP Rocket/Preload Mozilla/5.0 (iPhone; CPU iPhone OS 9_1 like Mac OS X) AppleWebKit/601.1.46 (KHTML, like Gecko) Version/9.0 Mobile/13B143 Safari/601.1"
162.0.232.193 - - [08/Jun/2025:08:15:55 -0400] "GET /manga/operation-true-love-chaoter-17/ HTTP/1.1" 200 12460 "-" "WP Rocket/Preload"
162.0.232.193 - - [08/Jun/2025:08:15:56 -0400] "GET /manga/operation-true-love-chaoter-17/ HTTP/1.1" 200 12445 "-" "WP Rocket/Preload Mozilla/5.0 (iPhone; CPU iPhone OS 9_1 like Mac OS X) AppleWebKit/601.1.46 (KHTML, like Gecko) Version/9.0 Mobile/13B143 Safari/601.1"
162.0.232.193 - - [08/Jun/2025:08:15:57 -0400] "GET /manga/operation-true-love-chapter-18/ HTTP/1.1" 200 12081 "-" "WP Rocket/Preload"
162.0.232.193 - - [08/Jun/2025:08:15:58 -0400] "GET /manga/operation-true-love-chapter-18/ HTTP/1.1" 200 12087 "-" "WP Rocket/Preload Mozilla/5.0 (iPhone; CPU iPhone OS 9_1 like Mac OS X) AppleWebKit/601.1.46 (KHTML, like Gecko) Version/9.0 Mobile/13B143 Safari/601.1"
162.0.232.193 - - [08/Jun/2025:08:15:59 -0400] "GET /manga/operation-true-love-chapter-16/ HTTP/1.1" 200 11848 "-" "WP Rocket/Preload"
162.0.232.193 - - [08/Jun/2025:08:16:00 -0400] "GET /manga/operation-true-love-chapter-16/ HTTP/1.1" 200 11860 "-" "WP Rocket/Preload Mozilla/5.0 (iPhone; CPU iPhone OS 9_1 like Mac OS X) AppleWebKit/601.1.46 (KHTML, like Gecko) Version/9.0 Mobile/13B143 Safari/601.1"
162.0.232.193 - - [08/Jun/2025:08:16:00 -0400] "GET /manga/operation-true-love-chapter-13/ HTTP/1.1" 200 12478 "-" "WP Rocket/Preload"
162.0.232.193 - - [08/Jun/2025:08:16:01 -0400] "GET /manga/operation-true-love-chapter-13/ HTTP/1.1" 200 12483 "-" "WP Rocket/Preload Mozilla/5.0 (iPhone; CPU iPhone OS 9_1 like Mac OS X) AppleWebKit/601.1.46 (KHTML, like Gecko) Version/9.0 Mobile/13B143 Safari/601.1"
162.0.232.193 - - [08/Jun/2025:08:16:02 -0400] "GET /manga/operation-true-love-chapter-12/ HTTP/1.1" 200 11665 "-" "WP Rocket/Preload"
162.0.232.193 - - [08/Jun/2025:08:16:03 -0400] "GET /manga/operation-true-love-chapter-12/ HTTP/1.1" 200 11647 "-" "WP Rocket/Preload Mozilla/5.0 (iPhone; CPU iPhone OS 9_1 like Mac OS X) AppleWebKit/601.1.46 (KHTML, like Gecko) Version/9.0 Mobile/13B143 Safari/601.1"
162.0.232.193 - - [08/Jun/2025:08:16:04 -0400] "GET /manga/operation-true-love-chapter-11/ HTTP/1.1" 200 11726 "-" "WP Rocket/Preload"
162.0.232.193 - - [08/Jun/2025:08:16:05 -0400] "GET /manga/operation-true-love-chapter-11/ HTTP/1.1" 200 11717 "-" "WP Rocket/Preload Mozilla/5.0 (iPhone; CPU iPhone OS 9_1 like Mac OS X) AppleWebKit/601.1.46 (KHTML, like Gecko) Version/9.0 Mobile/13B143 Safari/601.1"
162.0.232.193 - - [08/Jun/2025:08:16:05 -0400] "GET /manga/operation-true-love-chapter-9/ HTTP/1.1" 200 11350 "-" "WP Rocket/Preload"
162.0.232.193 - - [08/Jun/2025:08:16:06 -0400] "GET /manga/operation-true-love-chapter-9/ HTTP/1.1" 200 11648 "-" "WP Rocket/Preload Mozilla/5.0 (iPhone; CPU iPhone OS 9_1 like Mac OS X) AppleWebKit/601.1.46 (KHTML, like Gecko) Version/9.0 Mobile/13B143 Safari/601.1"
162.0.232.193 - - [08/Jun/2025:08:16:07 -0400] "GET /manga/operation-true-love-chapter-8/ HTTP/1.1" 200 11651 "-" "WP Rocket/Preload"
162.0.232.193 - - [08/Jun/2025:08:16:08 -0400] "GET /manga/operation-true-love-chapter-8/ HTTP/1.1" 200 11642 "-" "WP Rocket/Preload Mozilla/5.0 (iPhone; CPU iPhone OS 9_1 like Mac OS X) AppleWebKit/601.1.46 (KHTML, like Gecko) Version/9.0 Mobile/13B143 Safari/601.1"
162.0.232.193 - - [08/Jun/2025:08:16:09 -0400] "GET /manga/operation-true-love-chapter-7/ HTTP/1.1" 200 11715 "-" "WP Rocket/Preload"
162.0.232.193 - - [08/Jun/2025:08:16:09 -0400] "GET /manga/operation-true-love-chapter-7/ HTTP/1.1" 200 11711 "-" "WP Rocket/Preload Mozilla/5.0 (iPhone; CPU iPhone OS 9_1 like Mac OS X) AppleWebKit/601.1.46 (KHTML, like Gecko) Version/9.0 Mobile/13B143 Safari/601.1"
162.0.232.193 - - [08/Jun/2025:08:16:10 -0400] "GET /manga/operation-true-love-chapter-6/ HTTP/1.1" 200 11712 "-" "WP Rocket/Preload"
162.0.232.193 - - [08/Jun/2025:08:16:11 -0400] "GET /manga/operation-true-love-chapter-6/ HTTP/1.1" 200 11707 "-" "WP Rocket/Preload Mozilla/5.0 (iPhone; CPU iPhone OS 9_1 like Mac OS X) AppleWebKit/601.1.46 (KHTML, like Gecko) Version/9.0 Mobile/13B143 Safari/601.1"
162.0.232.193 - - [08/Jun/2025:08:16:12 -0400] "GET /manga/operation-true-love-chapter-5/ HTTP/1.1" 200 13802 "-" "WP Rocket/Preload"
162.0.232.193 - - [08/Jun/2025:08:16:13 -0400] "GET /manga/operation-true-love-chapter-5/ HTTP/1.1" 200 13800 "-" "WP Rocket/Preload Mozilla/5.0 (iPhone; CPU iPhone OS 9_1 like Mac OS X) AppleWebKit/601.1.46 (KHTML, like Gecko) Version/9.0 Mobile/13B143 Safari/601.1"
162.0.232.193 - - [08/Jun/2025:08:16:14 -0400] "GET /manga/operation-true-love-chapter-4/ HTTP/1.1" 200 14383 "-" "WP Rocket/Preload"
162.0.232.193 - - [08/Jun/2025:08:16:14 -0400] "GET /manga/operation-true-love-chapter-4/ HTTP/1.1" 200 14370 "-" "WP Rocket/Preload Mozilla/5.0 (iPhone; CPU iPhone OS 9_1 like Mac OS X) AppleWebKit/601.1.46 (KHTML, like Gecko) Version/9.0 Mobile/13B143 Safari/601.1"
162.0.232.193 - - [08/Jun/2025:08:16:15 -0400] "GET /manga/operation-true-love-chapter-3/ HTTP/1.1" 200 13300 "-" "WP Rocket/Preload"
162.0.232.193 - - [08/Jun/2025:08:16:16 -0400] "GET /manga/operation-true-love-chapter-3/ HTTP/1.1" 200 12930 "-" "WP Rocket/Preload Mozilla/5.0 (iPhone; CPU iPhone OS 9_1 like Mac OS X) AppleWebKit/601.1.46 (KHTML, like Gecko) Version/9.0 Mobile/13B143 Safari/601.1"
43.130.31.17 - - [08/Jun/2025:08:17:39 -0400] "GET /manga/operation-true-love-chapter-30/ HTTP/1.1" 200 12261 "-" "Mozilla/5.0 (iPhone; CPU iPhone OS 13_2_3 like Mac OS X) AppleWebKit/605.1.15 (KHTML, like Gecko) Version/13.0.3 Mobile/15E148 Safari/604.1"
162.0.232.193 - - [08/Jun/2025:08:19:22 -0400] "POST /wp-cron.php?doing_wp_cron=1749385162.4481248855590820312500 HTTP/1.1" 200 0 "-" "WordPress/6.6.2; https://w2.operationtruelovenow.com"
195.7.5.237 - - [08/Jun/2025:08:19:19 -0400] "POST /xmlrpc.php HTTP/1.1" 200 186 "https://w2.operationtruelovenow.com" "Mozilla/5.0 (Macintosh; Intel Mac OS X 10_15_7) AppleWebKit/537.36 (KHTML, like Gecko) Chrome/114.0.5735.134 Safari/537.36"
195.7.5.237 - - [08/Jun/2025:08:19:23 -0400] "POST /wp-login.php HTTP/1.1" 200 1958 "https://w2.operationtruelovenow.com" "Mozilla/5.0 (Macintosh; Intel Mac OS X 14.5) AppleWebKit/618.3.5 (KHTML, like Gecko) Version/17.4 Safari/618.3.5"
162.0.232.193 - - [08/Jun/2025:08:20:30 -0400] "POST /wp-cron.php?doing_wp_cron=1749385230.1638269424438476562500 HTTP/1.1" 200 0 "-" "WordPress/6.6.2; https://w2.operationtruelovenow.com"
2a03:2880:f800:e:: - - [08/Jun/2025:08:20:29 -0400] "GET /category/operation-true-love-manga/page/11/ HTTP/1.1" 200 16430 "-" "meta-externalagent/1.1 (+https://developers.facebook.com/docs/sharing/webmasters/crawler)"
162.0.232.193 - - [08/Jun/2025:08:20:30 -0400] "GET /manga/operation-true-love-chapter-2-5/ HTTP/1.1" 200 13162 "-" "WP Rocket/Preload"
162.0.232.193 - - [08/Jun/2025:08:20:31 -0400] "GET /manga/operation-true-love-chapter-2-5/ HTTP/1.1" 200 13156 "-" "WP Rocket/Preload Mozilla/5.0 (iPhone; CPU iPhone OS 9_1 like Mac OS X) AppleWebKit/601.1.46 (KHTML, like Gecko) Version/9.0 Mobile/13B143 Safari/601.1"
162.0.232.193 - - [08/Jun/2025:08:20:32 -0400] "GET /manga/operation-true-love-chapter-2/ HTTP/1.1" 200 14157 "-" "WP Rocket/Preload"
162.0.232.193 - - [08/Jun/2025:08:20:33 -0400] "GET /manga/operation-true-love-chapter-2/ HTTP/1.1" 200 14158 "-" "WP Rocket/Preload Mozilla/5.0 (iPhone; CPU iPhone OS 9_1 like Mac OS X) AppleWebKit/601.1.46 (KHTML, like Gecko) Version/9.0 Mobile/13B143 Safari/601.1"
162.0.232.193 - - [08/Jun/2025:08:20:34 -0400] "GET /manga/operation-true-love-chapter-0/ HTTP/1.1" 200 12695 "-" "WP Rocket/Preload"
162.0.232.193 - - [08/Jun/2025:08:20:35 -0400] "GET /manga/operation-true-love-chapter-0/ HTTP/1.1" 200 12677 "-" "WP Rocket/Preload Mozilla/5.0 (iPhone; CPU iPhone OS 9_1 like Mac OS X) AppleWebKit/601.1.46 (KHTML, like Gecko) Version/9.0 Mobile/13B143 Safari/601.1"
162.0.232.193 - - [08/Jun/2025:08:20:36 -0400] "GET /author/admin/ HTTP/1.1" 200 20592 "-" "WP Rocket/Preload"
162.0.232.193 - - [08/Jun/2025:08:20:37 -0400] "GET /author/admin/ HTTP/1.1" 200 20591 "-" "WP Rocket/Preload Mozilla/5.0 (iPhone; CPU iPhone OS 9_1 like Mac OS X) AppleWebKit/601.1.46 (KHTML, like Gecko) Version/9.0 Mobile/13B143 Safari/601.1"
162.0.232.193 - - [08/Jun/2025:08:26:52 -0400] "POST /wp-cron.php?doing_wp_cron=1749385612.4704530239105224609375 HTTP/1.1" 200 0 "-" "WordPress/6.6.2; https://w2.operationtruelovenow.com"
2a03:2880:f800:d:: - - [08/Jun/2025:08:26:50 -0400] "GET /sitemap_index.xml HTTP/1.1" 200 343 "-" "meta-externalagent/1.1 (+https://developers.facebook.com/docs/sharing/webmasters/crawler)"
43.153.96.233 - - [08/Jun/2025:08:28:09 -0400] "GET /manga/operation-true-love-chapter-54/ HTTP/1.1" 200 12944 "-" "Mozilla/5.0 (iPhone; CPU iPhone OS 13_2_3 like Mac OS X) AppleWebKit/605.1.15 (KHTML, like Gecko) Version/13.0.3 Mobile/15E148 Safari/604.1"
162.0.232.193 - - [08/Jun/2025:08:33:44 -0400] "POST /wp-cron.php?doing_wp_cron=1749386024.4961121082305908203125 HTTP/1.1" 200 0 "-" "WordPress/6.6.2; https://w2.operationtruelovenow.com"
185.4.176.64 - - [08/Jun/2025:08:33:41 -0400] "GET /wp-login.php HTTP/1.1" 200 1805 "-" "Mozilla/5.0 (X11; Ubuntu; Linux x86_64; rv:85.0) Gecko/20100101 Firefox/91.0"
185.4.176.64 - - [08/Jun/2025:08:33:45 -0400] "POST /wp-login.php HTTP/1.1" 200 1961 "-" "Mozilla/5.0 (X11; Ubuntu; Linux x86_64; rv:85.0) Gecko/20100101 Firefox/91.0"
35.89.247.91 - - [08/Jun/2025:08:35:28 -0400] "GET / HTTP/1.1" 200 10890 "-" "Mozilla/5.0 (Windows NT 10.0; Win64; x64)AppleWebKit/537.36 (KHTML, like Gecko) Chrome/66.0.3359.181 Safari/537.36"
43.130.105.21 - - [08/Jun/2025:08:36:45 -0400] "GET /manga/operation-true-love-chapter-74/ HTTP/1.1" 200 12508 "-" "Mozilla/5.0 (iPhone; CPU iPhone OS 13_2_3 like Mac OS X) AppleWebKit/605.1.15 (KHTML, like Gecko) Version/13.0.3 Mobile/15E148 Safari/604.1"
162.0.232.193 - - [08/Jun/2025:08:42:04 -0400] "POST /wp-cron.php?doing_wp_cron=1749386524.2704200744628906250000 HTTP/1.1" 200 0 "-" "WordPress/6.6.2; https://w2.operationtruelovenow.com"
89.117.19.179 - - [08/Jun/2025:08:41:59 -0400] "POST /xmlrpc.php HTTP/1.1" 200 186 "https://w2.operationtruelovenow.com" "Mozilla/5.0 (Windows NT 11.0; Win64; x64; rv:126.0) Gecko/20100101 Firefox/126.0"
89.117.19.179 - - [08/Jun/2025:08:42:05 -0400] "POST /wp-login.php HTTP/1.1" 200 1961 "https://w2.operationtruelovenow.com" "Mozilla/5.0 (Macintosh; Intel Mac OS X 10_15_7) AppleWebKit/537.36 (KHTML, like Gecko) Chrome/112.0.5615.138 Safari/537.36"
49.7.227.204 - - [08/Jun/2025:08:43:42 -0400] "GET / HTTP/1.1" 200 10915 "https://operationtruelovenow.com/" "Mozilla/5.0 (iPhone; CPU iPhone OS 13_2_3 like Mac OS X) AppleWebKit/605.1.15 (KHTML, like Gecko) Version/13.0.3 Mobile/15E148 Safari/604.1"
194.87.252.147 - - [08/Jun/2025:08:44:21 -0400] "GET / HTTP/1.1" 200 10890 "-" "Mozilla/5.0 (X11; Linux i686; rv:49.0) Gecko/20100101 Firefox/49.0"
162.0.232.193 - - [08/Jun/2025:08:44:22 -0400] "POST /wp-cron.php?doing_wp_cron=1749386662.6112580299377441406250 HTTP/1.1" 200 0 "-" "WordPress/6.6.2; https://w2.operationtruelovenow.com"
194.87.252.147 - - [08/Jun/2025:08:44:22 -0400] "POST /wp-content/plugins/wp-automatic/inc/csv.php HTTP/1.1" 200 26 "https://w2.operationtruelovenow.com/" "Mozilla/5.0 (X11; Linux i686; rv:49.0) Gecko/20100101 Firefox/49.0"
194.87.252.147 - - [08/Jun/2025:08:44:23 -0400] "POST /wp-content/plugins/wp-automatic/inc/csv.php HTTP/1.1" 200 26 "https://w2.operationtruelovenow.com/wp-content/plugins/wp-automatic/inc/csv.php" "Mozilla/5.0 (X11; Linux i686; rv:49.0) Gecko/20100101 Firefox/49.0"
194.87.252.147 - - [08/Jun/2025:08:44:25 -0400] "POST /wp-content/plugins/wp-automatic/inc/csv.php HTTP/1.1" 200 26 "https://w2.operationtruelovenow.com/wp-content/plugins/wp-automatic/inc/csv.php" "Mozilla/5.0 (X11; Linux i686; rv:49.0) Gecko/20100101 Firefox/49.0"
194.87.252.147 - - [08/Jun/2025:08:44:26 -0400] "POST /wp-content/plugins/wp-automatic/inc/csv.php HTTP/1.1" 200 26 "https://w2.operationtruelovenow.com/wp-content/plugins/wp-automatic/inc/csv.php" "Mozilla/5.0 (X11; Linux i686; rv:49.0) Gecko/20100101 Firefox/49.0"
194.87.252.147 - - [08/Jun/2025:08:44:26 -0400] "POST /wp-content/plugins/wp-automatic/inc/csv.php85fd78cb6871.php HTTP/1.1" 301 0 "https://w2.operationtruelovenow.com/wp-content/plugins/wp-automatic/inc/csv.php" "Mozilla/5.0 (X11; Linux i686; rv:49.0) Gecko/20100101 Firefox/49.0"
194.87.252.147 - - [08/Jun/2025:08:44:27 -0400] "GET / HTTP/1.1" 200 10890 "https://w2.operationtruelovenow.com/wp-content/plugins/wp-automatic/inc/csv.php" "Mozilla/5.0 (X11; Linux i686; rv:49.0) Gecko/20100101 Firefox/49.0"
194.87.252.147 - - [08/Jun/2025:08:44:34 -0400] "POST /wp-content/plugins/wp-automatic/inc/csv.php85fd78cb6871.php HTTP/1.1" 301 0 "https://w2.operationtruelovenow.com/" "Mozilla/5.0 (X11; Linux i686; rv:49.0) Gecko/20100101 Firefox/49.0"
194.87.252.147 - - [08/Jun/2025:08:44:35 -0400] "GET / HTTP/1.1" 200 10951 "https://w2.operationtruelovenow.com/" "Mozilla/5.0 (X11; Linux i686; rv:49.0) Gecko/20100101 Firefox/49.0"
194.87.252.147 - - [08/Jun/2025:08:44:36 -0400] "POST /wp-content/plugins/wp-automatic/inc/csv.php85fd78cb6871.php HTTP/1.1" 301 0 "https://w2.operationtruelovenow.com/" "Mozilla/5.0 (X11; Linux i686; rv:49.0) Gecko/20100101 Firefox/49.0"
194.87.252.147 - - [08/Jun/2025:08:44:36 -0400] "GET / HTTP/1.1" 200 10951 "https://w2.operationtruelovenow.com/" "Mozilla/5.0 (X11; Linux i686; rv:49.0) Gecko/20100101 Firefox/49.0"
194.87.252.147 - - [08/Jun/2025:08:44:37 -0400] "POST /wp-content/plugins/wp-automatic/inc/csv.php85fd78cb6871.php HTTP/1.1" 301 0 "https://w2.operationtruelovenow.com/" "Mozilla/5.0 (X11; Linux i686; rv:49.0) Gecko/20100101 Firefox/49.0"
194.87.252.147 - - [08/Jun/2025:08:44:37 -0400] "GET / HTTP/1.1" 200 10841 "https://w2.operationtruelovenow.com/" "Mozilla/5.0 (X11; Linux i686; rv:49.0) Gecko/20100101 Firefox/49.0"
194.87.252.147 - - [08/Jun/2025:08:44:38 -0400] "GET /wp-login.php HTTP/1.1" 200 1805 "https://w2.operationtruelovenow.com/" "Mozilla/5.0 (X11; Linux i686; rv:49.0) Gecko/20100101 Firefox/49.0"
194.87.252.147 - - [08/Jun/2025:08:44:38 -0400] "POST /wp-login.php HTTP/1.1" 200 1969 "https://w2.operationtruelovenow.com/wp-login.php" "Mozilla/5.0 (X11; Linux i686; rv:49.0) Gecko/20100101 Firefox/49.0"
194.87.252.147 - - [08/Jun/2025:08:44:39 -0400] "GET /wp-admin/plugins.php HTTP/1.1" 302 0 "https://w2.operationtruelovenow.com/wp-login.php" "Mozilla/5.0 (X11; Linux i686; rv:49.0) Gecko/20100101 Firefox/49.0"
194.87.252.147 - - [08/Jun/2025:08:44:39 -0400] "GET /wp-login.php?redirect_to=https%3A%2F%2Fw2.operationtruelovenow.com%2Fwp-admin%2Fplugins.php&reauth=1 HTTP/1.1" 200 1812 "https://w2.operationtruelovenow.com/wp-login.php" "Mozilla/5.0 (X11; Linux i686; rv:49.0) Gecko/20100101 Firefox/49.0"
43.157.156.190 - - [08/Jun/2025:08:45:16 -0400] "GET /manga/operation-true-love-chapter-87/ HTTP/1.1" 200 12289 "-" "Mozilla/5.0 (iPhone; CPU iPhone OS 13_2_3 like Mac OS X) AppleWebKit/605.1.15 (KHTML, like Gecko) Version/13.0.3 Mobile/15E148 Safari/604.1"
162.0.232.193 - - [08/Jun/2025:08:56:50 -0400] "POST /wp-cron.php?doing_wp_cron=1749387409.8591389656066894531250 HTTP/1.1" 200 0 "-" "WordPress/6.6.2; https://w2.operationtruelovenow.com"
2a03:2880:f800:19:: - - [08/Jun/2025:08:56:47 -0400] "GET /category/operation-true-love-webtoon/page/7/ HTTP/1.1" 200 17465 "-" "meta-externalagent/1.1 (+https://developers.facebook.com/docs/sharing/webmasters/crawler)"
2a03:2880:f800:f:: - - [08/Jun/2025:08:56:59 -0400] "GET /category/operation-true-love-manga/page/7/ HTTP/1.1" 200 17503 "-" "meta-externalagent/1.1 (+https://developers.facebook.com/docs/sharing/webmasters/crawler)"
162.0.232.193 - - [08/Jun/2025:08:57:58 -0400] "POST /wp-cron.php?doing_wp_cron=1749387478.3199670314788818359375 HTTP/1.1" 200 0 "-" "WordPress/6.6.2; https://w2.operationtruelovenow.com"
43.153.79.218 - - [08/Jun/2025:08:57:58 -0400] "GET /wp-json/wp/v2/posts/1752 HTTP/1.1" 200 13272 "-" "Mozilla/5.0 (iPhone; CPU iPhone OS 13_2_3 like Mac OS X) AppleWebKit/605.1.15 (KHTML, like Gecko) Version/13.0.3 Mobile/15E148 Safari/604.1"
162.0.232.193 - - [08/Jun/2025:09:04:52 -0400] "POST /wp-cron.php?doing_wp_cron=1749387892.6462020874023437500000 HTTP/1.1" 200 0 "-" "WordPress/6.6.2; https://w2.operationtruelovenow.com"
165.140.242.86 - - [08/Jun/2025:09:04:50 -0400] "POST /xmlrpc.php HTTP/1.1" 200 186 "https://w2.operationtruelovenow.com" "Mozilla/5.0 (Macintosh; Intel Mac OS X 10_15_7) AppleWebKit/537.36 (KHTML, like Gecko) Chrome/114.0.5735.134 Safari/537.36"
165.140.242.86 - - [08/Jun/2025:09:04:53 -0400] "POST /wp-login.php HTTP/1.1" 200 1967 "https://w2.operationtruelovenow.com" "Mozilla/5.0 (Macintosh; Intel Mac OS X 10_15_7; rv:127.0) Gecko/20100101 Firefox/127.0"
162.0.232.193 - - [08/Jun/2025:09:06:40 -0400] "POST /wp-cron.php?doing_wp_cron=1749388000.7176339626312255859375 HTTP/1.1" 200 0 "-" "WordPress/6.6.2; https://w2.operationtruelovenow.com"
43.159.136.201 - - [08/Jun/2025:09:06:38 -0400] "GET /wp-json/oembed/1.0/embed?url=https%3A%2F%2Fw2.operationtruelovenow.com%2Fmanga%2Foperation-true-love-chapter-16%2F&format=xml HTTP/1.1" 200 1219 "-" "Mozilla/5.0 (iPhone; CPU iPhone OS 13_2_3 like Mac OS X) AppleWebKit/605.1.15 (KHTML, like Gecko) Version/13.0.3 Mobile/15E148 Safari/604.1"
162.0.232.193 - - [08/Jun/2025:09:07:45 -0400] "POST /wp-cron.php?doing_wp_cron=1749388065.5217299461364746093750 HTTP/1.1" 200 0 "-" "WordPress/6.6.2; https://w2.operationtruelovenow.com"
43.157.188.74 - - [08/Jun/2025:09:07:48 -0400] "GET / HTTP/1.1" 200 10883 "https://www.operationtruelovenow.com/" "Mozilla/5.0 (iPhone; CPU iPhone OS 13_2_3 like Mac OS X) AppleWebKit/605.1.15 (KHTML, like Gecko) Version/13.0.3 Mobile/15E148 Safari/604.1"
194.87.252.147 - - [08/Jun/2025:09:14:20 -0400] "GET / HTTP/1.1" 200 10890 "-" "Mozilla/5.0 (Windows NT 6.1; WOW64) AppleWebKit/537.36 (KHTML, like Gecko) Chrome/49.0.2654.14 Safari/537.36"
194.87.252.147 - - [08/Jun/2025:09:14:21 -0400] "POST /wp-content/plugins/wp-automatic/inc/csv.php HTTP/1.1" 403 1242 "https://w2.operationtruelovenow.com/" "Mozilla/5.0 (Windows NT 6.1; WOW64) AppleWebKit/537.36 (KHTML, like Gecko) Chrome/49.0.2654.14 Safari/537.36"
194.87.252.147 - - [08/Jun/2025:09:14:22 -0400] "POST /wp-content/plugins/wp-automatic/inc/csv.php85fd78cb6871.php HTTP/1.1" 403 1242 "https://w2.operationtruelovenow.com/wp-content/plugins/wp-automatic/inc/csv.php" "Mozilla/5.0 (Windows NT 6.1; WOW64) AppleWebKit/537.36 (KHTML, like Gecko) Chrome/49.0.2654.14 Safari/537.36"
194.87.252.147 - - [08/Jun/2025:09:14:22 -0400] "POST /wp-content/plugins/wp-automatic/inc/csv.php85fd78cb6871.php HTTP/1.1" 403 1242 "https://w2.operationtruelovenow.com/wp-content/plugins/wp-automatic/inc/csv.php85fd78cb6871.php" "Mozilla/5.0 (Windows NT 6.1; WOW64) AppleWebKit/537.36 (KHTML, like Gecko) Chrome/49.0.2654.14 Safari/537.36"
162.0.232.193 - - [08/Jun/2025:09:14:26 -0400] "POST /wp-cron.php?doing_wp_cron=1749388466.2413530349731445312500 HTTP/1.1" 200 0 "-" "WordPress/6.6.2; https://w2.operationtruelovenow.com"
194.87.252.147 - xtw183877322 [08/Jun/2025:09:14:24 -0400] "GET /wp-json/wp/v2/settings HTTP/1.1" 401 98 "https://w2.operationtruelovenow.com/wp-content/plugins/wp-automatic/inc/csv.php85fd78cb6871.php" "Mozilla/5.0 (Windows NT 6.1; WOW64) AppleWebKit/537.36 (KHTML, like Gecko) Chrome/49.0.2654.14 Safari/537.36"
170.106.161.78 - - [08/Jun/2025:09:17:29 -0400] "GET /manga/operation-true-love-chapter-30/ HTTP/1.1" 200 12261 "-" "Mozilla/5.0 (iPhone; CPU iPhone OS 13_2_3 like Mac OS X) AppleWebKit/605.1.15 (KHTML, like Gecko) Version/13.0.3 Mobile/15E148 Safari/604.1"
162.0.232.193 - - [08/Jun/2025:09:23:13 -0400] "POST /wp-cron.php?doing_wp_cron=1749388993.3444590568542480468750 HTTP/1.1" 200 0 "-" "WordPress/6.6.2; https://w2.operationtruelovenow.com"
2a03:2880:f800:: - - [08/Jun/2025:09:23:09 -0400] "GET /category/operation-true-love-manhwa/page/9/ HTTP/1.1" 200 17084 "-" "meta-externalagent/1.1 (+https://developers.facebook.com/docs/sharing/webmasters/crawler)"
49.51.52.250 - - [08/Jun/2025:09:25:55 -0400] "GET /manga/operation-true-love-chapter-54/ HTTP/1.1" 200 12944 "-" "Mozilla/5.0 (iPhone; CPU iPhone OS 13_2_3 like Mac OS X) AppleWebKit/605.1.15 (KHTML, like Gecko) Version/13.0.3 Mobile/15E148 Safari/604.1"
162.0.232.193 - - [08/Jun/2025:09:27:49 -0400] "POST /wp-cron.php?doing_wp_cron=1749389269.2288110256195068359375 HTTP/1.1" 200 0 "-" "WordPress/6.6.2; https://w2.operationtruelovenow.com"
87.248.139.173 - - [08/Jun/2025:09:27:47 -0400] "POST /xmlrpc.php HTTP/1.1" 200 186 "https://w2.operationtruelovenow.com" "Mozilla/5.0 (Macintosh; Intel Mac OS X 14.5) AppleWebKit/618.3.5 (KHTML, like Gecko) Version/17.4 Safari/618.3.5"
87.248.139.173 - - [08/Jun/2025:09:27:50 -0400] "POST /wp-login.php HTTP/1.1" 200 1904 "https://w2.operationtruelovenow.com" "Mozilla/5.0 (Windows NT 10.0; Win64; x64; rv:128.0) Gecko/20100101 Firefox/128.0"
162.0.232.193 - - [08/Jun/2025:09:35:43 -0400] "POST /wp-cron.php?doing_wp_cron=1749389743.1255190372467041015625 HTTP/1.1" 200 0 "-" "WordPress/6.6.2; https://w2.operationtruelovenow.com"
2001:41d0:336:ce00:: - - [08/Jun/2025:09:35:40 -0400] "GET /wp-login.php HTTP/1.1" 200 1805 "-" "Mozilla/5.0 (X11; Ubuntu; Linux x86_64; rv:85.0) Gecko/20100101 Firefox/91.0"
2001:41d0:336:ce00:: - - [08/Jun/2025:09:35:43 -0400] "POST /wp-login.php HTTP/1.1" 200 1967 "-" "Mozilla/5.0 (X11; Ubuntu; Linux x86_64; rv:85.0) Gecko/20100101 Firefox/91.0"
162.0.232.193 - - [08/Jun/2025:09:37:40 -0400] "POST /wp-cron.php?doing_wp_cron=1749389859.8857800960540771484375 HTTP/1.1" 200 0 "-" "WordPress/6.6.2; https://w2.operationtruelovenow.com"
49.51.39.209 - - [08/Jun/2025:09:37:38 -0400] "GET /?p=1682 HTTP/1.1" 301 0 "-" "Mozilla/5.0 (iPhone; CPU iPhone OS 13_2_3 like Mac OS X) AppleWebKit/605.1.15 (KHTML, like Gecko) Version/13.0.3 Mobile/15E148 Safari/604.1"
49.51.39.209 - - [08/Jun/2025:09:37:42 -0400] "GET /manga/operation-true-love-chapter-74/ HTTP/1.1" 200 12508 "https://w2.operationtruelovenow.com/?p=1682" "Mozilla/5.0 (iPhone; CPU iPhone OS 13_2_3 like Mac OS X) AppleWebKit/605.1.15 (KHTML, like Gecko) Version/13.0.3 Mobile/15E148 Safari/604.1"
162.0.232.193 - - [08/Jun/2025:09:40:25 -0400] "POST /wp-cron.php?doing_wp_cron=1749390025.3479800224304199218750 HTTP/1.1" 200 0 "-" "WordPress/6.6.2; https://w2.operationtruelovenow.com"
2a03:2880:f800:b:: - - [08/Jun/2025:09:40:23 -0400] "GET /category/operation-true-love-webtoon/page/5/ HTTP/1.1" 200 15968 "-" "meta-externalagent/1.1 (+https://developers.facebook.com/docs/sharing/webmasters/crawler)"
162.0.232.193 - - [08/Jun/2025:09:43:27 -0400] "POST /wp-cron.php?doing_wp_cron=1749390207.6831779479980468750000 HTTP/1.1" 200 0 "-" "WordPress/6.6.2; https://w2.operationtruelovenow.com"
2a03:2880:f800:18:: - - [08/Jun/2025:09:43:25 -0400] "GET /category/operation-true-love/page/4/ HTTP/1.1" 200 14223 "-" "meta-externalagent/1.1 (+https://developers.facebook.com/docs/sharing/webmasters/crawler)"
2a03:2880:f800:8:: - - [08/Jun/2025:09:44:04 -0400] "GET /category/operation-true-love/page/9/ HTTP/1.1" 200 17101 "-" "meta-externalagent/1.1 (+https://developers.facebook.com/docs/sharing/webmasters/crawler)"
119.28.177.175 - - [08/Jun/2025:09:47:13 -0400] "GET /manga/operation-true-love-chapter-87/ HTTP/1.1" 200 12289 "-" "Mozilla/5.0 (iPhone; CPU iPhone OS 13_2_3 like Mac OS X) AppleWebKit/605.1.15 (KHTML, like Gecko) Version/13.0.3 Mobile/15E148 Safari/604.1"
170.39.218.61 - - [08/Jun/2025:09:55:35 -0400] "GET /wp-content/plugins/simple-social-buttons/assets/js/frontend-blocks.js?ver=5.3.1 HTTP/1.1" 200 0 "-" "Mozilla/5.0 (Windows NT 10.0; Win64; x64) AppleWebKit/537.36 Chrome/121.0.0.0"
162.0.232.193 - - [08/Jun/2025:09:56:18 -0400] "POST /wp-cron.php?doing_wp_cron=1749390978.1133689880371093750000 HTTP/1.1" 200 0 "-" "WordPress/6.6.2; https://w2.operationtruelovenow.com"
43.167.239.66 - - [08/Jun/2025:09:56:15 -0400] "GET /manga/operation-true-love-chapter-16/embed/ HTTP/1.1" 200 6309 "-" "Mozilla/5.0 (iPhone; CPU iPhone OS 13_2_3 like Mac OS X) AppleWebKit/605.1.15 (KHTML, like Gecko) Version/13.0.3 Mobile/15E148 Safari/604.1"
43.173.1.57 - - [08/Jun/2025:10:05:28 -0400] "GET /manga/operation-true-love-chapter-52/ HTTP/1.1" 200 13056 "-" "Mozilla/5.0 (iPhone; CPU iPhone OS 13_2_3 like Mac OS X) AppleWebKit/605.1.15 (KHTML, like Gecko) Version/13.0.3 Mobile/15E148 Safari/604.1"
162.0.232.193 - - [08/Jun/2025:10:16:36 -0400] "POST /wp-cron.php?doing_wp_cron=1749392196.7688109874725341796875 HTTP/1.1" 200 0 "-" "WordPress/6.6.2; https://w2.operationtruelovenow.com"
43.130.102.223 - - [08/Jun/2025:10:16:32 -0400] "GET /?p=1729 HTTP/1.1" 301 0 "-" "Mozilla/5.0 (iPhone; CPU iPhone OS 13_2_3 like Mac OS X) AppleWebKit/605.1.15 (KHTML, like Gecko) Version/13.0.3 Mobile/15E148 Safari/604.1"
43.130.102.223 - - [08/Jun/2025:10:16:38 -0400] "GET /manga/operation-true-love-chapter-30/ HTTP/1.1" 200 12265 "https://w2.operationtruelovenow.com/?p=1729" "Mozilla/5.0 (iPhone; CPU iPhone OS 13_2_3 like Mac OS X) AppleWebKit/605.1.15 (KHTML, like Gecko) Version/13.0.3 Mobile/15E148 Safari/604.1"
162.0.232.193 - - [08/Jun/2025:10:27:43 -0400] "POST /wp-cron.php?doing_wp_cron=1749392863.7317910194396972656250 HTTP/1.1" 200 0 "-" "WordPress/6.6.2; https://w2.operationtruelovenow.com"
43.159.144.16 - - [08/Jun/2025:10:27:40 -0400] "GET /manga/operation-true-love-chapter-54/feed/ HTTP/1.1" 200 430 "-" "Mozilla/5.0 (iPhone; CPU iPhone OS 13_2_3 like Mac OS X) AppleWebKit/605.1.15 (KHTML, like Gecko) Version/13.0.3 Mobile/15E148 Safari/604.1"
52.167.144.235 - - [08/Jun/2025:10:28:31 -0400] "GET /?s= HTTP/1.1" 200 9792 "-" "Mozilla/5.0 AppleWebKit/537.36 (KHTML, like Gecko; compatible; bingbot/2.0; +http://www.bing.com/bingbot.htm) Chrome/116.0.1938.76 Safari/537.36"
162.0.232.193 - - [08/Jun/2025:10:36:16 -0400] "POST /wp-cron.php?doing_wp_cron=1749393375.8025660514831542968750 HTTP/1.1" 200 0 "-" "WordPress/6.6.2; https://w2.operationtruelovenow.com"
43.156.109.53 - - [08/Jun/2025:10:36:12 -0400] "GET /wp-json/oembed/1.0/embed?url=https%3A%2F%2Fw2.operationtruelovenow.com%2Fmanga%2Foperation-true-love-chapter-74%2F HTTP/1.1" 200 2620 "-" "Mozilla/5.0 (iPhone; CPU iPhone OS 13_2_3 like Mac OS X) AppleWebKit/605.1.15 (KHTML, like Gecko) Version/13.0.3 Mobile/15E148 Safari/604.1"
162.0.232.193 - - [08/Jun/2025:10:41:42 -0400] "POST /wp-cron.php?doing_wp_cron=1749393701.9339261054992675781250 HTTP/1.1" 200 0 "-" "WordPress/6.6.2; https://w2.operationtruelovenow.com"
160.30.113.129 - - [08/Jun/2025:10:41:40 -0400] "GET /wp-login.php HTTP/1.1" 200 1805 "-" "Mozilla/5.0 (X11; Ubuntu; Linux x86_64; rv:85.0) Gecko/20100101 Firefox/91.0"
160.30.113.129 - - [08/Jun/2025:10:41:43 -0400] "POST /wp-login.php HTTP/1.1" 200 1904 "-" "Mozilla/5.0 (X11; Ubuntu; Linux x86_64; rv:85.0) Gecko/20100101 Firefox/91.0"
2a03:2880:f800:c:: - - [08/Jun/2025:10:42:52 -0400] "GET / HTTP/1.1" 200 10890 "-" "meta-externalagent/1.1 (+https://developers.facebook.com/docs/sharing/webmasters/crawler)"
162.0.232.193 - - [08/Jun/2025:10:44:29 -0400] "POST /wp-cron.php?doing_wp_cron=1749393868.8659100532531738281250 HTTP/1.1" 200 0 "-" "WordPress/6.6.2; https://w2.operationtruelovenow.com"
2a03:2880:f800:4:: - - [08/Jun/2025:10:44:26 -0400] "GET /category/operation-true-love-manga/page/11/ HTTP/1.1" 200 16430 "-" "meta-externalagent/1.1 (+https://developers.facebook.com/docs/sharing/webmasters/crawler)"
129.226.213.145 - - [08/Jun/2025:10:46:31 -0400] "GET /manga/operation-true-love-chapter-87/ HTTP/1.1" 200 12289 "http://w2.operationtruelovenow.com/manga/operation-true-love-chapter-87/" "Mozilla/5.0 (iPhone; CPU iPhone OS 13_2_3 like Mac OS X) AppleWebKit/605.1.15 (KHTML, like Gecko) Version/13.0.3 Mobile/15E148 Safari/604.1"
51.68.236.90 - - [08/Jun/2025:10:47:34 -0400] "GET / HTTP/1.1" 200 10890 "-" "Mozilla/5.0 (compatible; MJ12bot/v2.0.2; http://mj12bot.com/)"
162.0.232.193 - - [08/Jun/2025:10:53:42 -0400] "POST /wp-cron.php?doing_wp_cron=1749394422.1263980865478515625000 HTTP/1.1" 200 0 "-" "WordPress/6.6.2; https://w2.operationtruelovenow.com"
2602:fb54:35c:: - - [08/Jun/2025:10:53:39 -0400] "GET /wp-admin/.wp-admin.php?slince_golden=true&is=%40ikisifre&m=yxc_ HTTP/1.1" 301 0 "www.google.com" "Mozilla/6.4 (Windows NT 11.1) Gecko/2010102 Firefox/99.0"
2602:fb54:35c:: - - [08/Jun/2025:10:53:42 -0400] "GET / HTTP/1.1" 200 10890 "www.google.com" "Mozilla/6.4 (Windows NT 11.1) Gecko/2010102 Firefox/99.0"
2602:fb54:35c:: - - [08/Jun/2025:10:53:46 -0400] "GET /wp-content/.wp-content.php?slince_golden=true&is=%40ikisifre&m=eof_ HTTP/1.1" 301 0 "www.google.com" "Mozilla/6.4 (Windows NT 11.1) Gecko/2010102 Firefox/99.0"
2602:fb54:35c:: - - [08/Jun/2025:10:53:46 -0400] "GET / HTTP/1.1" 200 10890 "www.google.com" "Mozilla/6.4 (Windows NT 11.1) Gecko/2010102 Firefox/99.0"
43.153.87.54 - - [08/Jun/2025:10:53:50 -0400] "GET /manga/operation-true-love-chapter-53/ HTTP/1.1" 200 12546 "-" "Mozilla/5.0 (iPhone; CPU iPhone OS 13_2_3 like Mac OS X) AppleWebKit/605.1.15 (KHTML, like Gecko) Version/13.0.3 Mobile/15E148 Safari/604.1"
2602:fb54:35c:: - - [08/Jun/2025:10:54:14 -0400] "GET /wp-includes/.wp-includes.php?slince_golden=true&is=%40ikisifre&m=kvv_ HTTP/1.1" 301 0 "www.google.com" "Mozilla/6.4 (Windows NT 11.1) Gecko/2010102 Firefox/99.0"
2602:fb54:35c:: - - [08/Jun/2025:10:54:14 -0400] "GET / HTTP/1.1" 200 10890 "www.google.com" "Mozilla/6.4 (Windows NT 11.1) Gecko/2010102 Firefox/99.0"
162.0.232.193 - - [08/Jun/2025:11:08:17 -0400] "POST /wp-cron.php?doing_wp_cron=1749395297.4313409328460693359375 HTTP/1.1" 200 0 "-" "WordPress/6.6.2; https://w2.operationtruelovenow.com"
43.166.131.228 - - [08/Jun/2025:11:08:14 -0400] "GET /wp-json/oembed/1.0/embed?url=https%3A%2F%2Fw2.operationtruelovenow.com%2Fmanga%2Foperation-true-love-chapter-52%2F HTTP/1.1" 200 2620 "-" "Mozilla/5.0 (iPhone; CPU iPhone OS 13_2_3 like Mac OS X) AppleWebKit/605.1.15 (KHTML, like Gecko) Version/13.0.3 Mobile/15E148 Safari/604.1"
162.0.232.193 - - [08/Jun/2025:11:10:09 -0400] "POST /wp-cron.php?doing_wp_cron=1749395409.7077031135559082031250 HTTP/1.1" 200 0 "-" "WordPress/6.6.2; https://w2.operationtruelovenow.com"
162.0.232.193 - - [08/Jun/2025:11:13:34 -0400] "POST /wp-cron.php?doing_wp_cron=1749395614.4684410095214843750000 HTTP/1.1" 200 0 "-" "WordPress/6.6.2; https://w2.operationtruelovenow.com"
2a03:2880:f800:19:: - - [08/Jun/2025:11:13:32 -0400] "GET /category/operation-true-love-manhwa/page/8/ HTTP/1.1" 200 16417 "-" "meta-externalagent/1.1 (+https://developers.facebook.com/docs/sharing/webmasters/crawler)"
162.0.232.193 - - [08/Jun/2025:11:14:44 -0400] "POST /wp-cron.php?doing_wp_cron=1749395683.9595489501953125000000 HTTP/1.1" 200 0 "-" "WordPress/6.6.2; https://w2.operationtruelovenow.com"
2a03:2880:f800:18:: - - [08/Jun/2025:11:14:43 -0400] "GET /category/operation-true-love-webtoon/page/9/ HTTP/1.1" 200 17138 "-" "meta-externalagent/1.1 (+https://developers.facebook.com/docs/sharing/webmasters/crawler)"
170.106.179.68 - - [08/Jun/2025:11:15:58 -0400] "GET / HTTP/1.1" 200 10883 "https://operationtruelovenow.com/" "Mozilla/5.0 (iPhone; CPU iPhone OS 13_2_3 like Mac OS X) AppleWebKit/605.1.15 (KHTML, like Gecko) Version/13.0.3 Mobile/15E148 Safari/604.1"
2a03:2880:f800:7:: - - [08/Jun/2025:11:16:05 -0400] "GET /category/read-operation-true-love/ HTTP/1.1" 200 20294 "-" "meta-externalagent/1.1 (+https://developers.facebook.com/docs/sharing/webmasters/crawler)"
43.166.245.250 - - [08/Jun/2025:11:16:55 -0400] "GET /manga/operation-true-love-chapter-53/ HTTP/1.1" 200 12546 "http://w2.operationtruelovenow.com/manga/operation-true-love-chapter-53/" "Mozilla/5.0 (iPhone; CPU iPhone OS 13_2_3 like Mac OS X) AppleWebKit/605.1.15 (KHTML, like Gecko) Version/13.0.3 Mobile/15E148 Safari/604.1"
162.0.232.193 - - [08/Jun/2025:11:26:31 -0400] "POST /wp-cron.php?doing_wp_cron=1749396391.1521470546722412109375 HTTP/1.1" 200 0 "-" "WordPress/6.6.2; https://w2.operationtruelovenow.com"
43.130.39.254 - - [08/Jun/2025:11:26:28 -0400] "GET /manga/operation-true-love-chapter-53/feed/ HTTP/1.1" 200 430 "-" "Mozilla/5.0 (iPhone; CPU iPhone OS 13_2_3 like Mac OS X) AppleWebKit/605.1.15 (KHTML, like Gecko) Version/13.0.3 Mobile/15E148 Safari/604.1"
162.0.232.193 - - [08/Jun/2025:11:34:11 -0400] "POST /wp-cron.php?doing_wp_cron=1749396851.1003239154815673828125 HTTP/1.1" 200 0 "-" "WordPress/6.6.2; https://w2.operationtruelovenow.com"
40.77.167.54 - - [08/Jun/2025:11:34:08 -0400] "GET /?s=2024 HTTP/1.1" 200 8447 "-" "Mozilla/5.0 AppleWebKit/537.36 (KHTML, like Gecko; compatible; bingbot/2.0; +http://www.bing.com/bingbot.htm) Chrome/116.0.1938.76 Safari/537.36"
162.0.232.193 - - [08/Jun/2025:11:35:12 -0400] "POST /wp-cron.php?doing_wp_cron=1749396912.3731100559234619140625 HTTP/1.1" 200 0 "-" "WordPress/6.6.2; https://w2.operationtruelovenow.com"
43.156.202.34 - - [08/Jun/2025:11:35:11 -0400] "GET /?p=1704 HTTP/1.1" 301 0 "-" "Mozilla/5.0 (iPhone; CPU iPhone OS 13_2_3 like Mac OS X) AppleWebKit/605.1.15 (KHTML, like Gecko) Version/13.0.3 Mobile/15E148 Safari/604.1"
43.156.202.34 - - [08/Jun/2025:11:35:14 -0400] "GET /manga/operation-true-love-chapter-53/ HTTP/1.1" 200 12546 "https://w2.operationtruelovenow.com/?p=1704" "Mozilla/5.0 (iPhone; CPU iPhone OS 13_2_3 like Mac OS X) AppleWebKit/605.1.15 (KHTML, like Gecko) Version/13.0.3 Mobile/15E148 Safari/604.1"
162.0.232.193 - - [08/Jun/2025:11:47:10 -0400] "POST /wp-cron.php?doing_wp_cron=1749397630.4312529563903808593750 HTTP/1.1" 200 0 "-" "WordPress/6.6.2; https://w2.operationtruelovenow.com"
43.153.123.3 - - [08/Jun/2025:11:47:07 -0400] "GET /wp-json/oembed/1.0/embed?url=https%3A%2F%2Fw2.operationtruelovenow.com%2Fmanga%2Foperation-true-love-chapter-53%2F&format=xml HTTP/1.1" 200 1220 "-" "Mozilla/5.0 (iPhone; CPU iPhone OS 13_2_3 like Mac OS X) AppleWebKit/605.1.15 (KHTML, like Gecko) Version/13.0.3 Mobile/15E148 Safari/604.1"
54.159.18.27 - - [08/Jun/2025:11:50:32 -0400] "GET /manga/operation-true-love-chapter-81/ HTTP/1.1" 200 12426 "-" "Mozilla/5.0 AppleWebKit/537.36 (KHTML, like Gecko; compatible; Amazonbot/0.1; +https://developer.amazon.com/support/amazonbot) Chrome/119.0.6045.214 Safari/537.36"
162.0.232.193 - - [08/Jun/2025:11:53:54 -0400] "POST /wp-cron.php?doing_wp_cron=1749398034.5698440074920654296875 HTTP/1.1" 200 0 "-" "WordPress/6.6.2; https://w2.operationtruelovenow.com"
103.219.70.114 - - [08/Jun/2025:11:53:52 -0400] "GET /wp-login.php HTTP/1.1" 200 1805 "-" "Mozilla/5.0 (X11; Ubuntu; Linux x86_64; rv:85.0) Gecko/20100101 Firefox/91.0"
103.219.70.114 - - [08/Jun/2025:11:54:00 -0400] "POST /wp-login.php HTTP/1.1" 200 1958 "-" "Mozilla/5.0 (X11; Ubuntu; Linux x86_64; rv:85.0) Gecko/20100101 Firefox/91.0"
123.187.240.242 - - [08/Jun/2025:11:54:26 -0400] "GET / HTTP/1.1" 200 10883 "https://www.operationtruelovenow.com/" "Mozilla/5.0 (iPhone; CPU iPhone OS 13_2_3 like Mac OS X) AppleWebKit/605.1.15 (KHTML, like Gecko) Version/13.0.3 Mobile/15E148 Safari/604.1"
43.135.144.126 - - [08/Jun/2025:11:56:47 -0400] "GET /manga/operation-true-love-chapter-53/ HTTP/1.1" 200 12546 "-" "Mozilla/5.0 (iPhone; CPU iPhone OS 13_2_3 like Mac OS X) AppleWebKit/605.1.15 (KHTML, like Gecko) Version/13.0.3 Mobile/15E148 Safari/604.1"
162.0.232.193 - - [08/Jun/2025:11:59:40 -0400] "POST /wp-cron.php?doing_wp_cron=1749398380.0161790847778320312500 HTTP/1.1" 200 0 "-" "WordPress/6.6.2; https://w2.operationtruelovenow.com"
2804:b54:8300:53c1:387a:16ba:9292:1f70 - - [08/Jun/2025:11:59:37 -0400] "GET /xmlrpc.php HTTP/1.1" 405 46 "-" "Mozilla/5.0 (Windows NT 10.0; Win64; x64) AppleWebKit/537.36 (KHTML, like Gecko) Chrome/91.0.4472.124 Safari/537.36"
43.130.32.245 - - [08/Jun/2025:12:06:20 -0400] "GET /manga/operation-true-love-chapter-89-4/ HTTP/1.1" 200 12086 "-" "Mozilla/5.0 (iPhone; CPU iPhone OS 13_2_3 like Mac OS X) AppleWebKit/605.1.15 (KHTML, like Gecko) Version/13.0.3 Mobile/15E148 Safari/604.1"
162.0.232.193 - - [08/Jun/2025:12:17:52 -0400] "POST /wp-cron.php?doing_wp_cron=1749399472.2931249141693115234375 HTTP/1.1" 200 0 "-" "WordPress/6.6.2; https://w2.operationtruelovenow.com"
52.205.113.104 - - [08/Jun/2025:12:17:48 -0400] "GET /operation-true-love-chapter-1/ HTTP/1.1" 301 0 "-" "Mozilla/5.0 AppleWebKit/537.36 (KHTML, like Gecko; compatible; Amazonbot/0.1; +https://developer.amazon.com/support/amazonbot) Chrome/119.0.6045.214 Safari/537.36"
162.0.232.193 - - [08/Jun/2025:12:18:52 -0400] "POST /wp-cron.php?doing_wp_cron=1749399532.3908870220184326171875 HTTP/1.1" 200 0 "-" "WordPress/6.6.2; https://w2.operationtruelovenow.com"
52.21.62.139 - - [08/Jun/2025:12:18:52 -0400] "GET /operation-true-love-chapter-53/ HTTP/1.1" 301 0 "-" "Mozilla/5.0 AppleWebKit/537.36 (KHTML, like Gecko; compatible; Amazonbot/0.1; +https://developer.amazon.com/support/amazonbot) Chrome/119.0.6045.214 Safari/537.36"
162.0.232.193 - - [08/Jun/2025:12:20:07 -0400] "POST /wp-cron.php?doing_wp_cron=1749399607.4459168910980224609375 HTTP/1.1" 200 0 "-" "WordPress/6.6.2; https://w2.operationtruelovenow.com"
170.106.192.3 - - [08/Jun/2025:12:20:07 -0400] "GET /wp-json/wp/v2/posts/1666 HTTP/1.1" 200 17001 "-" "Mozilla/5.0 (iPhone; CPU iPhone OS 13_2_3 like Mac OS X) AppleWebKit/605.1.15 (KHTML, like Gecko) Version/13.0.3 Mobile/15E148 Safari/604.1"
162.0.232.193 - - [08/Jun/2025:12:26:22 -0400] "POST /wp-cron.php?doing_wp_cron=1749399981.8330929279327392578125 HTTP/1.1" 200 0 "-" "WordPress/6.6.2; https://w2.operationtruelovenow.com"
3.221.156.96 - - [08/Jun/2025:12:26:16 -0400] "GET /operation-true-love-chapter-7/ HTTP/1.1" 301 0 "-" "Mozilla/5.0 AppleWebKit/537.36 (KHTML, like Gecko; compatible; Amazonbot/0.1; +https://developer.amazon.com/support/amazonbot) Chrome/119.0.6045.214 Safari/537.36"
91.106.152.24 - - [08/Jun/2025:12:26:33 -0400] "GET / HTTP/1.1" 200 10883 "-" "Mozilla/5.0 (iPhone; CPU iPhone OS 18_3 like Mac OS X) AppleWebKit/605.1.15 (KHTML, like Gecko) Version/18.3 Mobile/15E148 Safari/604.1"
91.106.152.24 - - [08/Jun/2025:12:26:39 -0400] "GET /wp-content/plugins/comic-easel/js/keynav.js HTTP/1.1" 200 302 "https://w2.operationtruelovenow.com/" "Mozilla/5.0 (iPhone; CPU iPhone OS 18_3 like Mac OS X) AppleWebKit/605.1.15 (KHTML, like Gecko) Version/18.3 Mobile/15E148 Safari/604.1"
91.106.152.24 - - [08/Jun/2025:12:26:39 -0400] "GET /wp-content/uploads/2023/11/true-love.webp HTTP/1.1" 200 49670 "https://w2.operationtruelovenow.com/" "Mozilla/5.0 (iPhone; CPU iPhone OS 18_3 like Mac OS X) AppleWebKit/605.1.15 (KHTML, like Gecko) Version/18.3 Mobile/15E148 Safari/604.1"
91.106.152.24 - - [08/Jun/2025:12:26:39 -0400] "GET /wp-content/plugins/widgets-on-pages/public/css/widgets-on-pages-public.css?ver=1.4.0 HTTP/1.1" 200 83 "https://w2.operationtruelovenow.com/" "Mozilla/5.0 (iPhone; CPU iPhone OS 18_3 like Mac OS X) AppleWebKit/605.1.15 (KHTML, like Gecko) Version/18.3 Mobile/15E148 Safari/604.1"
91.106.152.24 - - [08/Jun/2025:12:26:39 -0400] "GET /wp-content/themes/toivo-lite/js/functions.min.js?ver=1.2.0 HTTP/1.1" 200 593 "https://w2.operationtruelovenow.com/" "Mozilla/5.0 (iPhone; CPU iPhone OS 18_3 like Mac OS X) AppleWebKit/605.1.15 (KHTML, like Gecko) Version/18.3 Mobile/15E148 Safari/604.1"
91.106.152.24 - - [08/Jun/2025:12:26:39 -0400] "GET /wp-includes/js/jquery/jquery-migrate.min.js?ver=3.4.1 HTTP/1.1" 200 4678 "https://w2.operationtruelovenow.com/" "Mozilla/5.0 (iPhone; CPU iPhone OS 18_3 like Mac OS X) AppleWebKit/605.1.15 (KHTML, like Gecko) Version/18.3 Mobile/15E148 Safari/604.1"
91.106.152.24 - - [08/Jun/2025:12:26:39 -0400] "GET /wp-content/plugins/simple-social-buttons/assets/js/front.js?ver=5.3.1 HTTP/1.1" 200 1932 "https://w2.operationtruelovenow.com/" "Mozilla/5.0 (iPhone; CPU iPhone OS 18_3 like Mac OS X) AppleWebKit/605.1.15 (KHTML, like Gecko) Version/18.3 Mobile/15E148 Safari/604.1"
91.106.152.24 - - [08/Jun/2025:12:26:39 -0400] "GET /wp-content/plugins/comic-easel/css/comiceasel.css?ver=6.6.2 HTTP/1.1" 200 1273 "https://w2.operationtruelovenow.com/" "Mozilla/5.0 (iPhone; CPU iPhone OS 18_3 like Mac OS X) AppleWebKit/605.1.15 (KHTML, like Gecko) Version/18.3 Mobile/15E148 Safari/604.1"
91.106.152.24 - - [08/Jun/2025:12:26:39 -0400] "GET /wp-content/themes/toivo-lite/js/settings.min.js?ver=1.2.0 HTTP/1.1" 200 307 "https://w2.operationtruelovenow.com/" "Mozilla/5.0 (iPhone; CPU iPhone OS 18_3 like Mac OS X) AppleWebKit/605.1.15 (KHTML, like Gecko) Version/18.3 Mobile/15E148 Safari/604.1"
91.106.152.24 - - [08/Jun/2025:12:26:39 -0400] "GET /wp-content/plugins/simple-social-buttons/assets/js/frontend-blocks.js?ver=5.3.1 HTTP/1.1" 200 0 "https://w2.operationtruelovenow.com/" "Mozilla/5.0 (iPhone; CPU iPhone OS 18_3 like Mac OS X) AppleWebKit/605.1.15 (KHTML, like Gecko) Version/18.3 Mobile/15E148 Safari/604.1"
91.106.152.24 - - [08/Jun/2025:12:26:39 -0400] "GET /wp-content/plugins/links-auto-replacer/public/js/lar-public.js?ver=2.0.0 HTTP/1.1" 200 393 "https://w2.operationtruelovenow.com/" "Mozilla/5.0 (iPhone; CPU iPhone OS 18_3 like Mac OS X) AppleWebKit/605.1.15 (KHTML, like Gecko) Version/18.3 Mobile/15E148 Safari/604.1"
91.106.152.24 - - [08/Jun/2025:12:26:39 -0400] "GET /wp-content/plugins/simple-social-buttons/assets/css/front.css?ver=5.3.1 HTTP/1.1" 200 10295 "https://w2.operationtruelovenow.com/" "Mozilla/5.0 (iPhone; CPU iPhone OS 18_3 like Mac OS X) AppleWebKit/605.1.15 (KHTML, like Gecko) Version/18.3 Mobile/15E148 Safari/604.1"
91.106.152.24 - - [08/Jun/2025:12:26:39 -0400] "GET /wp-content/themes/toivo-lite/style.css?ver=1.2.0 HTTP/1.1" 200 13718 "https://w2.operationtruelovenow.com/" "Mozilla/5.0 (iPhone; CPU iPhone OS 18_3 like Mac OS X) AppleWebKit/605.1.15 (KHTML, like Gecko) Version/18.3 Mobile/15E148 Safari/604.1"
91.106.152.24 - - [08/Jun/2025:12:26:39 -0400] "GET /wp-content/themes/toivo-lite/js/responsive-nav.min.js?ver=1.2.0 HTTP/1.1" 200 2102 "https://w2.operationtruelovenow.com/" "Mozilla/5.0 (iPhone; CPU iPhone OS 18_3 like Mac OS X) AppleWebKit/605.1.15 (KHTML, like Gecko) Version/18.3 Mobile/15E148 Safari/604.1"
91.106.152.24 - - [08/Jun/2025:12:26:39 -0400] "GET /wp-includes/js/jquery/jquery.min.js?ver=3.7.1 HTTP/1.1" 200 29744 "https://w2.operationtruelovenow.com/" "Mozilla/5.0 (iPhone; CPU iPhone OS 18_3 like Mac OS X) AppleWebKit/605.1.15 (KHTML, like Gecko) Version/18.3 Mobile/15E148 Safari/604.1"
91.106.152.24 - - [08/Jun/2025:12:26:39 -0400] "GET /wp-content/themes/toivo-lite/fonts/genericons/genericons/genericons.min.css?ver=3.3 HTTP/1.1" 200 15959 "https://w2.operationtruelovenow.com/" "Mozilla/5.0 (iPhone; CPU iPhone OS 18_3 like Mac OS X) AppleWebKit/605.1.15 (KHTML, like Gecko) Version/18.3 Mobile/15E148 Safari/604.1"
91.106.152.24 - - [08/Jun/2025:12:26:39 -0400] "GET /wp-includes/css/dist/block-library/style.min.css?ver=6.6.2 HTTP/1.1" 200 13903 "https://w2.operationtruelovenow.com/" "Mozilla/5.0 (iPhone; CPU iPhone OS 18_3 like Mac OS X) AppleWebKit/605.1.15 (KHTML, like Gecko) Version/18.3 Mobile/15E148 Safari/604.1"
91.106.152.24 - - [08/Jun/2025:12:26:39 -0400] "GET /wp-content/uploads/2023/11/cropped-maxresdefault.jpg HTTP/1.1" 200 108741 "https://w2.operationtruelovenow.com/" "Mozilla/5.0 (iPhone; CPU iPhone OS 18_3 like Mac OS X) AppleWebKit/605.1.15 (KHTML, like Gecko) Version/18.3 Mobile/15E148 Safari/604.1"
91.106.152.24 - - [08/Jun/2025:12:26:39 -0400] "GET /wp-content/uploads/2023/11/Operation_True_Love.webp HTTP/1.1" 200 99490 "https://w2.operationtruelovenow.com/" "Mozilla/5.0 (iPhone; CPU iPhone OS 18_3 like Mac OS X) AppleWebKit/605.1.15 (KHTML, like Gecko) Version/18.3 Mobile/15E148 Safari/604.1"
91.106.152.24 - - [08/Jun/2025:12:26:40 -0400] "GET /wp-content/themes/toivo-lite/fonts/genericons/genericons/Genericons.svg HTTP/1.1" 200 23714 "https://w2.operationtruelovenow.com/" "Mozilla/5.0 (iPhone; CPU iPhone OS 18_3 like Mac OS X) AppleWebKit/605.1.15 (KHTML, like Gecko) Version/18.3 Mobile/15E148 Safari/604.1"
91.106.152.24 - - [08/Jun/2025:12:26:48 -0400] "GET /wp-content/uploads/2023/11/cropped-what-chapter-is-this-from-operation-true-love-v0-hcrlkq8e7b8a1-32x32.webp HTTP/1.1" 200 292 "https://w2.operationtruelovenow.com/" "Mozilla/5.0 (iPhone; CPU iPhone OS 18_3 like Mac OS X) AppleWebKit/605.1.15 (KHTML, like Gecko) Version/18.3 Mobile/15E148 Safari/604.1"
91.106.152.24 - - [08/Jun/2025:12:26:48 -0400] "GET /wp-content/uploads/2023/11/cropped-what-chapter-is-this-from-operation-true-love-v0-hcrlkq8e7b8a1-192x192.webp HTTP/1.1" 200 3328 "https://w2.operationtruelovenow.com/" "Mozilla/5.0 (iPhone; CPU iPhone OS 18_3 like Mac OS X) AppleWebKit/605.1.15 (KHTML, like Gecko) Version/18.3 Mobile/15E148 Safari/604.1"
162.0.232.193 - - [08/Jun/2025:12:30:11 -0400] "POST /wp-cron.php?doing_wp_cron=1749400211.3849940299987792968750 HTTP/1.1" 200 0 "-" "WordPress/6.6.2; https://w2.operationtruelovenow.com"
18.204.152.114 - - [08/Jun/2025:12:30:09 -0400] "GET /operation-true-love-chapter-66/ HTTP/1.1" 301 0 "-" "Mozilla/5.0 AppleWebKit/537.36 (KHTML, like Gecko; compatible; Amazonbot/0.1; +https://developer.amazon.com/support/amazonbot) Chrome/119.0.6045.214 Safari/537.36"
162.0.232.193 - - [08/Jun/2025:12:31:24 -0400] "POST /wp-cron.php?doing_wp_cron=1749400283.2388000488281250000000 HTTP/1.1" 200 0 "-" "WordPress/6.6.2; https://w2.operationtruelovenow.com"
43.159.149.216 - - [08/Jun/2025:12:31:22 -0400] "GET /manga/operation-true-love-chapter-89-5/ HTTP/1.1" 200 12064 "-" "Mozilla/5.0 (iPhone; CPU iPhone OS 13_2_3 like Mac OS X) AppleWebKit/605.1.15 (KHTML, like Gecko) Version/13.0.3 Mobile/15E148 Safari/604.1"
52.167.144.139 - - [08/Jun/2025:12:31:51 -0400] "GET /?s=2025 HTTP/1.1" 200 9513 "-" "Mozilla/5.0 AppleWebKit/537.36 (KHTML, like Gecko; compatible; bingbot/2.0; +http://www.bing.com/bingbot.htm) Chrome/116.0.1938.76 Safari/537.36"
2a03:2880:f800:4:: - - [08/Jun/2025:12:32:17 -0400] "GET /category/operation-true-love/page/8/ HTTP/1.1" 200 16358 "-" "meta-externalagent/1.1 (+https://developers.facebook.com/docs/sharing/webmasters/crawler)"
2a03:2880:f800:14:: - - [08/Jun/2025:12:34:58 -0400] "GET /manga/operation-true-love-chapter-11/ HTTP/1.1" 200 11791 "-" "meta-externalagent/1.1 (+https://developers.facebook.com/docs/sharing/webmasters/crawler)"
162.0.232.193 - - [08/Jun/2025:12:38:18 -0400] "POST /wp-cron.php?doing_wp_cron=1749400698.0869429111480712890625 HTTP/1.1" 200 0 "-" "WordPress/6.6.2; https://w2.operationtruelovenow.com"
2a03:2880:f800:: - - [08/Jun/2025:12:38:16 -0400] "GET /category/read-operation-true-love/page/2/ HTTP/1.1" 200 13439 "-" "meta-externalagent/1.1 (+https://developers.facebook.com/docs/sharing/webmasters/crawler)"
43.131.253.14 - - [08/Jun/2025:12:40:10 -0400] "GET /manga/operation-true-love-chapter-89/ HTTP/1.1" 200 12372 "-" "Mozilla/5.0 (iPhone; CPU iPhone OS 13_2_3 like Mac OS X) AppleWebKit/605.1.15 (KHTML, like Gecko) Version/13.0.3 Mobile/15E148 Safari/604.1"
162.0.232.193 - - [08/Jun/2025:12:41:26 -0400] "POST /wp-cron.php?doing_wp_cron=1749400885.9765820503234863281250 HTTP/1.1" 200 0 "-" "WordPress/6.6.2; https://w2.operationtruelovenow.com"
52.4.229.9 - - [08/Jun/2025:12:41:24 -0400] "GET /operation-true-love-chapter-74/ HTTP/1.1" 301 0 "-" "Mozilla/5.0 AppleWebKit/537.36 (KHTML, like Gecko; compatible; Amazonbot/0.1; +https://developer.amazon.com/support/amazonbot) Chrome/119.0.6045.214 Safari/537.36"
162.0.232.193 - - [08/Jun/2025:12:45:26 -0400] "POST /wp-cron.php?doing_wp_cron=1749401126.0738070011138916015625 HTTP/1.1" 200 0 "-" "WordPress/6.6.2; https://w2.operationtruelovenow.com"
