98.83.177.42 - - [08/Jun/2025:12:45:24 -0400] "GET /operation-true-love-chapter-78/ HTTP/1.1" 301 0 "-" "Mozilla/5.0 AppleWebKit/537.36 (KHTML, like Gecko; compatible; Amazonbot/0.1; +https://developer.amazon.com/support/amazonbot) Chrome/119.0.6045.214 Safari/537.36"
170.106.11.141 - - [08/Jun/2025:12:51:29 -0400] "GET /manga/operation-true-love-chapter-89-4/ HTTP/1.1" 200 12086 "-" "Mozilla/5.0 (iPhone; CPU iPhone OS 13_2_3 like Mac OS X) AppleWebKit/605.1.15 (KHTML, like Gecko) Version/13.0.3 Mobile/15E148 Safari/604.1"
162.0.232.193 - - [08/Jun/2025:12:53:14 -0400] "POST /wp-cron.php?doing_wp_cron=1749401594.1101360321044921875000 HTTP/1.1" 200 0 "-" "WordPress/6.6.2; https://w2.operationtruelovenow.com"
44.212.131.50 - - [08/Jun/2025:12:53:12 -0400] "GET /operation-true-love-chapter-3/ HTTP/1.1" 301 0 "-" "Mozilla/5.0 AppleWebKit/537.36 (KHTML, like Gecko; compatible; Amazonbot/0.1; +https://developer.amazon.com/support/amazonbot) Chrome/119.0.6045.214 Safari/537.36"
100.28.133.214 - - [08/Jun/2025:12:53:52 -0400] "GET /operation-true-love-chapter-29/ HTTP/1.1" 301 0 "-" "Mozilla/5.0 AppleWebKit/537.36 (KHTML, like Gecko; compatible; Amazonbot/0.1; +https://developer.amazon.com/support/amazonbot) Chrome/119.0.6045.214 Safari/537.36"
162.0.232.193 - - [08/Jun/2025:12:54:44 -0400] "POST /wp-cron.php?doing_wp_cron=1749401684.0325860977172851562500 HTTP/1.1" 200 0 "-" "WordPress/6.6.2; https://w2.operationtruelovenow.com"
2a03:2880:f800:11:: - - [08/Jun/2025:12:54:43 -0400] "GET /category/manga/page/2/ HTTP/1.1" 200 13436 "-" "meta-externalagent/1.1 (+https://developers.facebook.com/docs/sharing/webmasters/crawler)"
162.0.232.193 - - [08/Jun/2025:12:56:03 -0400] "POST /wp-cron.php?doing_wp_cron=1749401763.7431910037994384765625 HTTP/1.1" 200 0 "-" "WordPress/6.6.2; https://w2.operationtruelovenow.com"
2600:3c03::f03c:91ff:feee:c59b - - [08/Jun/2025:12:56:03 -0400] "POST /xmlrpc.php HTTP/1.1" 200 205 "-" "Mozilla/5.0 (X11; Ubuntu; Linux x86_64; rv:85.0) Gecko/20100101 Firefox/91.0"
162.0.232.193 - - [08/Jun/2025:12:58:28 -0400] "POST /wp-cron.php?doing_wp_cron=1749401907.9295849800109863281250 HTTP/1.1" 200 0 "-" "WordPress/6.6.2; https://w2.operationtruelovenow.com"
52.0.63.151 - - [08/Jun/2025:12:58:25 -0400] "GET /operation-true-love-chapter-55/ HTTP/1.1" 301 0 "-" "Mozilla/5.0 AppleWebKit/537.36 (KHTML, like Gecko; compatible; Amazonbot/0.1; +https://developer.amazon.com/support/amazonbot) Chrome/119.0.6045.214 Safari/537.36"
43.155.195.141 - - [08/Jun/2025:12:59:18 -0400] "GET /manga/operation-true-love-chapter-89-4/ HTTP/1.1" 200 12120 "-" "Mozilla/5.0 (iPhone; CPU iPhone OS 13_2_3 like Mac OS X) AppleWebKit/605.1.15 (KHTML, like Gecko) Version/13.0.3 Mobile/15E148 Safari/604.1"
162.0.232.193 - - [08/Jun/2025:13:03:22 -0400] "POST /wp-cron.php?doing_wp_cron=1749402202.6385738849639892578125 HTTP/1.1" 200 0 "-" "WordPress/6.6.2; https://w2.operationtruelovenow.com"
100.29.63.24 - - [08/Jun/2025:13:03:20 -0400] "GET /operation-true-love-chapter-49/ HTTP/1.1" 301 0 "-" "Mozilla/5.0 AppleWebKit/537.36 (KHTML, like Gecko; compatible; Amazonbot/0.1; +https://developer.amazon.com/support/amazonbot) Chrome/119.0.6045.214 Safari/537.36"
184.73.167.217 - - [08/Jun/2025:13:03:25 -0400] "GET /operation-true-love-chapter-76/ HTTP/1.1" 301 0 "-" "Mozilla/5.0 AppleWebKit/537.36 (KHTML, like Gecko; compatible; Amazonbot/0.1; +https://developer.amazon.com/support/amazonbot) Chrome/119.0.6045.214 Safari/537.36"
162.0.232.193 - - [08/Jun/2025:13:07:07 -0400] "POST /wp-cron.php?doing_wp_cron=1749402426.8745059967041015625000 HTTP/1.1" 200 0 "-" "WordPress/6.6.2; https://w2.operationtruelovenow.com"
107.20.181.148 - - [08/Jun/2025:13:07:05 -0400] "GET /operation-true-love-chapter-45/ HTTP/1.1" 301 0 "-" "Mozilla/5.0 AppleWebKit/537.36 (KHTML, like Gecko; compatible; Amazonbot/0.1; +https://developer.amazon.com/support/amazonbot) Chrome/119.0.6045.214 Safari/537.36"
170.106.180.153 - - [08/Jun/2025:13:09:13 -0400] "GET /manga/operation-true-love-chapter-89-4/ HTTP/1.1" 200 12086 "https://operationtruelovenow.com/manga/operation-true-love-chapter-89-4/" "Mozilla/5.0 (iPhone; CPU iPhone OS 13_2_3 like Mac OS X) AppleWebKit/605.1.15 (KHTML, like Gecko) Version/13.0.3 Mobile/15E148 Safari/604.1"
162.0.232.193 - - [08/Jun/2025:13:09:19 -0400] "POST /wp-cron.php?doing_wp_cron=1749402559.0821840763092041015625 HTTP/1.1" 200 0 "-" "WordPress/6.6.2; https://w2.operationtruelovenow.com"
2a03:2880:f800:e:: - - [08/Jun/2025:13:09:17 -0400] "GET /category/operation-true-love/page/5/ HTTP/1.1" 200 15978 "-" "meta-externalagent/1.1 (+https://developers.facebook.com/docs/sharing/webmasters/crawler)"
162.0.232.193 - - [08/Jun/2025:13:10:48 -0400] "POST /wp-cron.php?doing_wp_cron=1749402648.7815570831298828125000 HTTP/1.1" 200 0 "-" "WordPress/6.6.2; https://w2.operationtruelovenow.com"
18.232.11.247 - - [08/Jun/2025:13:10:48 -0400] "GET /operation-true-love-chapter-71/ HTTP/1.1" 301 0 "-" "Mozilla/5.0 AppleWebKit/537.36 (KHTML, like Gecko; compatible; Amazonbot/0.1; +https://developer.amazon.com/support/amazonbot) Chrome/119.0.6045.214 Safari/537.36"
162.0.232.193 - - [08/Jun/2025:13:12:01 -0400] "POST /wp-cron.php?doing_wp_cron=1749402721.5618810653686523437500 HTTP/1.1" 200 0 "-" "WordPress/6.6.2; https://w2.operationtruelovenow.com"
146.88.233.18 - - [08/Jun/2025:13:12:01 -0400] "POST /xmlrpc.php HTTP/1.1" 200 205 "-" "Mozilla/5.0 (X11; Ubuntu; Linux x86_64; rv:85.0) Gecko/20100101 Firefox/91.0"
91.84.111.136 - - [08/Jun/2025:13:13:44 -0400] "GET / HTTP/1.1" 200 10890 "https://OPERATIONTRUELOVENOW.COM" "Mozilla/5.0 (Macintosh; Intel Mac OS X 10_15_7) AppleWebKit/537.36 (KHTML, like Gecko) Chrome/133.0.0.0 Safari/537.36"
162.0.232.193 - - [08/Jun/2025:13:13:48 -0400] "POST /wp-cron.php?doing_wp_cron=1749402828.7344799041748046875000 HTTP/1.1" 200 0 "-" "WordPress/6.6.2; https://w2.operationtruelovenow.com"
91.84.111.136 - - [08/Jun/2025:13:13:45 -0400] "GET /comments/feed/ HTTP/1.1" 200 1313 "-" "Mozilla/5.0 (Macintosh; Intel Mac OS X 10_15_7) AppleWebKit/537.36 (KHTML, like Gecko) Chrome/133.0.0.0 Safari/537.36"
91.84.111.136 - - [08/Jun/2025:13:13:50 -0400] "GET /manga/operation-true-love-notice-apology/ HTTP/1.1" 200 11233 "-" "Mozilla/5.0 (Macintosh; Intel Mac OS X 10_15_7) AppleWebKit/537.36 (KHTML, like Gecko) Chrome/133.0.0.0 Safari/537.36"
91.84.111.136 - - [08/Jun/2025:13:13:51 -0400] "GET /manga/operation-true-love-notice-apology/feed/ HTTP/1.1" 200 434 "-" "Mozilla/5.0 (Macintosh; Intel Mac OS X 10_15_7) AppleWebKit/537.36 (KHTML, like Gecko) Chrome/133.0.0.0 Safari/537.36"
91.84.111.136 - - [08/Jun/2025:13:13:51 -0400] "GET /manga/operation-true-love-notice-apology/ HTTP/1.1" 200 11233 "-" "Mozilla/5.0 (Macintosh; Intel Mac OS X 10_15_7) AppleWebKit/537.36 (KHTML, like Gecko) Chrome/133.0.0.0 Safari/537.36"
162.0.232.193 - - [08/Jun/2025:13:18:44 -0400] "POST /wp-cron.php?doing_wp_cron=1749403124.4396970272064208984375 HTTP/1.1" 200 0 "-" "WordPress/6.6.2; https://w2.operationtruelovenow.com"
2a03:2880:f800:1c:: - - [08/Jun/2025:13:18:40 -0400] "GET /category/operation-true-love-webtoon/page/7/ HTTP/1.1" 200 17465 "-" "meta-externalagent/1.1 (+https://developers.facebook.com/docs/sharing/webmasters/crawler)"
43.133.91.48 - - [08/Jun/2025:13:19:00 -0400] "GET /manga/operation-true-love-chapter-89-5/feed/ HTTP/1.1" 200 433 "-" "Mozilla/5.0 (iPhone; CPU iPhone OS 13_2_3 like Mac OS X) AppleWebKit/605.1.15 (KHTML, like Gecko) Version/13.0.3 Mobile/15E148 Safari/604.1"
194.195.113.17 - - [08/Jun/2025:13:19:26 -0400] "GET / HTTP/1.1" 200 10890 "https://operationtruelovenow.com/" "Mozilla/5.0 (Windows NT 11.0; Win64; x64) AppleWebKit/537.36 (KHTML, like Gecko) Chrome/126.0.0.0 Safari/537.36"
194.195.113.17 - - [08/Jun/2025:13:19:27 -0400] "GET /index.php?author=1 HTTP/1.1" 301 0 "https://w2.operationtruelovenow.com" "Mozilla/5.0 (Macintosh; Intel Mac OS X 10_15_7; rv:125.0.1) Gecko/20100101 Firefox/125.0.1"
194.195.113.17 - - [08/Jun/2025:13:19:27 -0400] "GET /author/admin/ HTTP/1.1" 200 20430 "https://w2.operationtruelovenow.com" "Mozilla/5.0 (Macintosh; Intel Mac OS X 10_15_7; rv:125.0.1) Gecko/20100101 Firefox/125.0.1"
194.195.113.17 - - [08/Jun/2025:13:19:28 -0400] "GET /index.php?author=2 HTTP/1.1" 301 0 "https://w2.operationtruelovenow.com" "Mozilla/5.0 (Windows NT 10.0; Win64; x64) AppleWebKit/537.36 (KHTML, like Gecko) Chrome/126.0.0.0 Safari/537.36 Edg/126.0.0.0"
194.195.113.17 - - [08/Jun/2025:13:19:28 -0400] "GET / HTTP/1.1" 200 10890 "https://w2.operationtruelovenow.com" "Mozilla/5.0 (Windows NT 10.0; Win64; x64) AppleWebKit/537.36 (KHTML, like Gecko) Chrome/126.0.0.0 Safari/537.36 Edg/126.0.0.0"
194.195.113.17 - - [08/Jun/2025:13:19:29 -0400] "GET /index.php?author=3 HTTP/1.1" 301 0 "https://w2.operationtruelovenow.com" "Mozilla/5.0 (Windows NT 11.0; Win64; x64) AppleWebKit/537.36 (KHTML, like Gecko) Chrome/126.0.0.0 Safari/537.36 Edg/126.0.0.0"
194.195.113.17 - - [08/Jun/2025:13:19:29 -0400] "GET / HTTP/1.1" 200 10890 "https://w2.operationtruelovenow.com" "Mozilla/5.0 (Windows NT 11.0; Win64; x64) AppleWebKit/537.36 (KHTML, like Gecko) Chrome/126.0.0.0 Safari/537.36 Edg/126.0.0.0"
162.0.232.193 - - [08/Jun/2025:13:22:40 -0400] "POST /wp-cron.php?doing_wp_cron=1749403360.1846859455108642578125 HTTP/1.1" 200 0 "-" "WordPress/6.6.2; https://w2.operationtruelovenow.com"
14.155.184.112 - - [08/Jun/2025:13:22:37 -0400] "GET /robots.txt HTTP/1.1" 200 116 "-" "Mozilla/5.0 (Windows NT 10.0; WOW64) AppleWebKit/537.36 (KHTML, like Gecko) Chrome/75.0.3722.137 Safari/537.36 LBBROWSER"
100.29.63.24 - - [08/Jun/2025:13:23:36 -0400] "GET /operation-true-love-chapter-25/ HTTP/1.1" 301 0 "-" "Mozilla/5.0 AppleWebKit/537.36 (KHTML, like Gecko; compatible; Amazonbot/0.1; +https://developer.amazon.com/support/amazonbot) Chrome/119.0.6045.214 Safari/537.36"
162.0.232.193 - - [08/Jun/2025:13:23:40 -0400] "POST /wp-cron.php?doing_wp_cron=1749403420.7888751029968261718750 HTTP/1.1" 200 0 "-" "WordPress/6.6.2; https://w2.operationtruelovenow.com"
34.196.6.199 - - [08/Jun/2025:13:23:40 -0400] "GET /operation-true-love-chapter-21/ HTTP/1.1" 301 0 "-" "Mozilla/5.0 AppleWebKit/537.36 (KHTML, like Gecko; compatible; Amazonbot/0.1; +https://developer.amazon.com/support/amazonbot) Chrome/119.0.6045.214 Safari/537.36"
162.0.232.193 - - [08/Jun/2025:13:27:24 -0400] "POST /wp-cron.php?doing_wp_cron=1749403643.9104199409484863281250 HTTP/1.1" 200 0 "-" "WordPress/6.6.2; https://w2.operationtruelovenow.com"
2607:5501:3000:7c2::2 - - [08/Jun/2025:13:27:21 -0400] "POST /xmlrpc.php HTTP/1.1" 200 205 "-" "Mozilla/5.0 (X11; Ubuntu; Linux x86_64; rv:85.0) Gecko/20100101 Firefox/91.0"
52.4.238.8 - - [08/Jun/2025:13:27:40 -0400] "GET /operation-true-love-chapter-42/ HTTP/1.1" 301 0 "-" "Mozilla/5.0 AppleWebKit/537.36 (KHTML, like Gecko; compatible; Amazonbot/0.1; +https://developer.amazon.com/support/amazonbot) Chrome/119.0.6045.214 Safari/537.36"
162.0.232.193 - - [08/Jun/2025:13:30:31 -0400] "POST /wp-cron.php?doing_wp_cron=1749403831.2064819335937500000000 HTTP/1.1" 200 0 "-" "WordPress/6.6.2; https://w2.operationtruelovenow.com"
43.157.95.239 - - [08/Jun/2025:13:30:28 -0400] "GET /wp-json/wp/v2/posts/1665 HTTP/1.1" 200 17061 "-" "Mozilla/5.0 (iPhone; CPU iPhone OS 13_2_3 like Mac OS X) AppleWebKit/605.1.15 (KHTML, like Gecko) Version/13.0.3 Mobile/15E148 Safari/604.1"
196.251.86.200 - - [08/Jun/2025:13:38:31 -0400] "GET /wp-content/plugins/fix/up.php HTTP/1.1" 200 0 "http://w2.operationtruelovenow.com/wp-content/plugins/fix/up.php" "Mozilla/5.0"
162.0.232.193 - - [08/Jun/2025:13:38:34 -0400] "POST /wp-cron.php?doing_wp_cron=1749404314.7435810565948486328125 HTTP/1.1" 200 0 "-" "WordPress/6.6.2; https://w2.operationtruelovenow.com"
196.251.86.200 - - [08/Jun/2025:13:38:33 -0400] "GET /wp-content/plugins/fix/up.php HTTP/1.1" 301 0 "-" "Mozilla/5.0"
162.0.232.193 - - [08/Jun/2025:13:38:35 -0400] "POST /wp-cron.php?doing_wp_cron=1749404314.7434990406036376953125 HTTP/1.1" 200 0 "-" "WordPress/6.6.2; https://w2.operationtruelovenow.com"
196.251.86.200 - - [08/Jun/2025:13:38:35 -0400] "GET / HTTP/1.1" 200 10890 "https://operationtruelovenow.com" "Mozilla/5.0"
54.83.240.58 - - [08/Jun/2025:13:38:52 -0400] "GET /operation-true-love-chapter-69/ HTTP/1.1" 301 0 "-" "Mozilla/5.0 AppleWebKit/537.36 (KHTML, like Gecko; compatible; Amazonbot/0.1; +https://developer.amazon.com/support/amazonbot) Chrome/119.0.6045.214 Safari/537.36"
162.0.232.193 - - [08/Jun/2025:13:39:41 -0400] "POST /wp-cron.php?doing_wp_cron=1749404380.9583649635314941406250 HTTP/1.1" 200 0 "-" "WordPress/6.6.2; https://w2.operationtruelovenow.com"
3.213.85.234 - - [08/Jun/2025:13:39:40 -0400] "GET /operation-true-love-chapter-41/ HTTP/1.1" 301 0 "-" "Mozilla/5.0 AppleWebKit/537.36 (KHTML, like Gecko; compatible; Amazonbot/0.1; +https://developer.amazon.com/support/amazonbot) Chrome/119.0.6045.214 Safari/537.36"
43.130.57.46 - - [08/Jun/2025:13:41:22 -0400] "GET /manga/operation-true-love-chapter-89/ HTTP/1.1" 200 12372 "http://w2.operationtruelovenow.com/manga/operation-true-love-chapter-89/" "Mozilla/5.0 (iPhone; CPU iPhone OS 13_2_3 like Mac OS X) AppleWebKit/605.1.15 (KHTML, like Gecko) Version/13.0.3 Mobile/15E148 Safari/604.1"
162.0.232.193 - - [08/Jun/2025:13:42:34 -0400] "POST /wp-cron.php?doing_wp_cron=1749404554.3380498886108398437500 HTTP/1.1" 200 0 "-" "WordPress/6.6.2; https://w2.operationtruelovenow.com"
161.22.40.58 - - [08/Jun/2025:13:42:31 -0400] "POST /xmlrpc.php HTTP/1.1" 200 205 "-" "Mozilla/5.0 (X11; Ubuntu; Linux x86_64; rv:85.0) Gecko/20100101 Firefox/91.0"
162.0.232.193 - - [08/Jun/2025:13:47:02 -0400] "POST /wp-cron.php?doing_wp_cron=1749404822.6100730895996093750000 HTTP/1.1" 200 0 "-" "WordPress/6.6.2; https://w2.operationtruelovenow.com"
2a03:2880:f800:d:: - - [08/Jun/2025:13:47:00 -0400] "GET /category/operation-true-love/page/6/ HTTP/1.1" 200 17849 "-" "meta-externalagent/1.1 (+https://developers.facebook.com/docs/sharing/webmasters/crawler)"
54.156.55.147 - - [08/Jun/2025:13:47:52 -0400] "GET /?s HTTP/1.1" 200 9792 "-" "Mozilla/5.0 AppleWebKit/537.36 (KHTML, like Gecko; compatible; Amazonbot/0.1; +https://developer.amazon.com/support/amazonbot) Chrome/119.0.6045.214 Safari/537.36"
162.0.232.193 - - [08/Jun/2025:13:49:49 -0400] "POST /wp-cron.php?doing_wp_cron=1749404988.9938929080963134765625 HTTP/1.1" 200 0 "-" "WordPress/6.6.2; https://w2.operationtruelovenow.com"
100.27.153.9 - - [08/Jun/2025:13:49:45 -0400] "GET /operation-true-love-chapter-5/ HTTP/1.1" 301 0 "-" "Mozilla/5.0 AppleWebKit/537.36 (KHTML, like Gecko; compatible; Amazonbot/0.1; +https://developer.amazon.com/support/amazonbot) Chrome/119.0.6045.214 Safari/537.36"
43.130.102.223 - - [08/Jun/2025:13:50:21 -0400] "GET /wp-json/oembed/1.0/embed?url=https%3A%2F%2Fw2.operationtruelovenow.com%2Fmanga%2Foperation-true-love-chapter-89-4%2F HTTP/1.1" 200 2632 "-" "Mozilla/5.0 (iPhone; CPU iPhone OS 13_2_3 like Mac OS X) AppleWebKit/605.1.15 (KHTML, like Gecko) Version/13.0.3 Mobile/15E148 Safari/604.1"
162.0.232.193 - - [08/Jun/2025:13:53:35 -0400] "POST /wp-cron.php?doing_wp_cron=1749405215.4836781024932861328125 HTTP/1.1" 200 0 "-" "WordPress/6.6.2; https://w2.operationtruelovenow.com"
2a03:2880:f800:b:: - - [08/Jun/2025:13:53:27 -0400] "GET /category/read-operation-true-love/page/3/ HTTP/1.1" 200 13619 "-" "meta-externalagent/1.1 (+https://developers.facebook.com/docs/sharing/webmasters/crawler)"
162.0.232.193 - - [08/Jun/2025:13:57:55 -0400] "POST /wp-cron.php?doing_wp_cron=1749405474.8331899642944335937500 HTTP/1.1" 200 0 "-" "WordPress/6.6.2; https://w2.operationtruelovenow.com"
198.50.241.247 - - [08/Jun/2025:13:57:52 -0400] "POST /xmlrpc.php HTTP/1.1" 200 205 "-" "Mozilla/5.0 (X11; Ubuntu; Linux x86_64; rv:85.0) Gecko/20100101 Firefox/91.0"
162.0.232.193 - - [08/Jun/2025:13:59:42 -0400] "POST /wp-cron.php?doing_wp_cron=1749405582.0463409423828125000000 HTTP/1.1" 200 0 "-" "WordPress/6.6.2; https://w2.operationtruelovenow.com"
49.51.195.195 - - [08/Jun/2025:13:59:39 -0400] "GET /wp-json/oembed/1.0/embed?url=https%3A%2F%2Fw2.operationtruelovenow.com%2Fmanga%2Foperation-true-love-chapter-89-4%2F&format=xml HTTP/1.1" 200 1221 "-" "Mozilla/5.0 (iPhone; CPU iPhone OS 13_2_3 like Mac OS X) AppleWebKit/605.1.15 (KHTML, like Gecko) Version/13.0.3 Mobile/15E148 Safari/604.1"
162.0.232.193 - - [08/Jun/2025:14:02:47 -0400] "POST /wp-cron.php?doing_wp_cron=1749405767.8228089809417724609375 HTTP/1.1" 200 0 "-" "WordPress/6.6.2; https://w2.operationtruelovenow.com"
3.213.106.226 - - [08/Jun/2025:14:02:45 -0400] "GET /operation-true-love-chapter-8/ HTTP/1.1" 301 0 "-" "Mozilla/5.0 AppleWebKit/537.36 (KHTML, like Gecko; compatible; Amazonbot/0.1; +https://developer.amazon.com/support/amazonbot) Chrome/119.0.6045.214 Safari/537.36"
162.0.232.193 - - [08/Jun/2025:14:03:48 -0400] "POST /wp-cron.php?doing_wp_cron=1749405828.5139970779418945312500 HTTP/1.1" 200 0 "-" "WordPress/6.6.2; https://w2.operationtruelovenow.com"
23.21.250.48 - - [08/Jun/2025:14:03:48 -0400] "GET /operation-true-love-chapter-35/ HTTP/1.1" 301 0 "-" "Mozilla/5.0 AppleWebKit/537.36 (KHTML, like Gecko; compatible; Amazonbot/0.1; +https://developer.amazon.com/support/amazonbot) Chrome/119.0.6045.214 Safari/537.36"
162.0.232.193 - - [08/Jun/2025:14:11:14 -0400] "POST /wp-cron.php?doing_wp_cron=1749406274.8326849937438964843750 HTTP/1.1" 200 0 "-" "WordPress/6.6.2; https://w2.operationtruelovenow.com"
2a03:2880:f800:e:: - - [08/Jun/2025:14:11:13 -0400] "GET /category/operation-true-love-manhwa/page/11/ HTTP/1.1" 200 16452 "-" "meta-externalagent/1.1 (+https://developers.facebook.com/docs/sharing/webmasters/crawler)"
162.0.232.193 - - [08/Jun/2025:14:13:27 -0400] "POST /wp-cron.php?doing_wp_cron=1749406407.6455240249633789062500 HTTP/1.1" 200 0 "-" "WordPress/6.6.2; https://w2.operationtruelovenow.com"
170.106.148.137 - - [08/Jun/2025:14:13:26 -0400] "GET /manga/operation-true-love-chapter-89-4/feed/ HTTP/1.1" 200 430 "-" "Mozilla/5.0 (iPhone; CPU iPhone OS 13_2_3 like Mac OS X) AppleWebKit/605.1.15 (KHTML, like Gecko) Version/13.0.3 Mobile/15E148 Safari/604.1"
162.0.232.193 - - [08/Jun/2025:14:17:35 -0400] "POST /wp-cron.php?doing_wp_cron=1749406654.9337410926818847656250 HTTP/1.1" 200 0 "-" "WordPress/6.6.2; https://w2.operationtruelovenow.com"
52.54.157.23 - - [08/Jun/2025:14:17:33 -0400] "GET /operation-true-love-chapter-43/ HTTP/1.1" 301 0 "-" "Mozilla/5.0 AppleWebKit/537.36 (KHTML, like Gecko; compatible; Amazonbot/0.1; +https://developer.amazon.com/support/amazonbot) Chrome/119.0.6045.214 Safari/537.36"
162.0.232.193 - - [08/Jun/2025:14:21:38 -0400] "POST /wp-cron.php?doing_wp_cron=1749406898.2818069458007812500000 HTTP/1.1" 200 0 "-" "WordPress/6.6.2; https://w2.operationtruelovenow.com"
44.197.76.210 - - [08/Jun/2025:14:21:36 -0400] "GET /operation-true-love-chapter-10/ HTTP/1.1" 301 0 "-" "Mozilla/5.0 AppleWebKit/537.36 (KHTML, like Gecko; compatible; Amazonbot/0.1; +https://developer.amazon.com/support/amazonbot) Chrome/119.0.6045.214 Safari/537.36"
162.0.232.193 - - [08/Jun/2025:14:30:02 -0400] "POST /wp-cron.php?doing_wp_cron=1749407401.8513700962066650390625 HTTP/1.1" 200 0 "-" "WordPress/6.6.2; https://w2.operationtruelovenow.com"
52.203.152.231 - - [08/Jun/2025:14:29:57 -0400] "GET /operation-true-love-chapter-65/ HTTP/1.1" 301 0 "-" "Mozilla/5.0 AppleWebKit/537.36 (KHTML, like Gecko; compatible; Amazonbot/0.1; +https://developer.amazon.com/support/amazonbot) Chrome/119.0.6045.214 Safari/537.36"
162.0.232.193 - - [08/Jun/2025:14:32:31 -0400] "POST /wp-cron.php?doing_wp_cron=1749407551.5866689682006835937500 HTTP/1.1" 200 0 "-" "WordPress/6.6.2; https://w2.operationtruelovenow.com"
184.73.68.20 - - [08/Jun/2025:14:32:29 -0400] "GET /operation-true-love-chapter-77/ HTTP/1.1" 301 0 "-" "Mozilla/5.0 AppleWebKit/537.36 (KHTML, like Gecko; compatible; Amazonbot/0.1; +https://developer.amazon.com/support/amazonbot) Chrome/119.0.6045.214 Safari/537.36"
43.155.188.157 - - [08/Jun/2025:14:34:04 -0400] "GET / HTTP/1.1" 200 10944 "http://w2.operationtruelovenow.com" "Mozilla/5.0 (iPhone; CPU iPhone OS 13_2_3 like Mac OS X) AppleWebKit/605.1.15 (KHTML, like Gecko) Version/13.0.3 Mobile/15E148 Safari/604.1"
162.0.232.193 - - [08/Jun/2025:14:34:25 -0400] "POST /wp-cron.php?doing_wp_cron=1749407664.8866119384765625000000 HTTP/1.1" 200 0 "-" "WordPress/6.6.2; https://w2.operationtruelovenow.com"
35.174.253.85 - - [08/Jun/2025:14:34:24 -0400] "GET /operation-true-love-chapter-16/ HTTP/1.1" 301 0 "-" "Mozilla/5.0 AppleWebKit/537.36 (KHTML, like Gecko; compatible; Amazonbot/0.1; +https://developer.amazon.com/support/amazonbot) Chrome/119.0.6045.214 Safari/537.36"
2a03:2880:f800:13:: - - [08/Jun/2025:14:34:53 -0400] "GET /manga/operation-true-love-chapter-27/ HTTP/1.1" 200 12758 "-" "meta-externalagent/1.1 (+https://developers.facebook.com/docs/sharing/webmasters/crawler)"
162.0.232.193 - - [08/Jun/2025:14:35:48 -0400] "POST /wp-cron.php?doing_wp_cron=1749407748.6197030544281005859375 HTTP/1.1" 200 0 "-" "WordPress/6.6.2; https://w2.operationtruelovenow.com"
44.215.210.112 - - [08/Jun/2025:14:35:48 -0400] "GET /operation-true-love-chapter-40/ HTTP/1.1" 301 0 "-" "Mozilla/5.0 AppleWebKit/537.36 (KHTML, like Gecko; compatible; Amazonbot/0.1; +https://developer.amazon.com/support/amazonbot) Chrome/119.0.6045.214 Safari/537.36"
2a03:2880:f800:12:: - - [08/Jun/2025:14:39:59 -0400] "GET /manga/operation-true-love-chapter-0/ HTTP/1.1" 200 12742 "-" "meta-externalagent/1.1 (+https://developers.facebook.com/docs/sharing/webmasters/crawler)"
162.0.232.193 - - [08/Jun/2025:14:42:08 -0400] "POST /wp-cron.php?doing_wp_cron=1749408127.9663479328155517578125 HTTP/1.1" 200 0 "-" "WordPress/6.6.2; https://w2.operationtruelovenow.com"
3.214.176.44 - - [08/Jun/2025:14:42:05 -0400] "GET /operation-true-love-chapter-75/ HTTP/1.1" 301 0 "-" "Mozilla/5.0 AppleWebKit/537.36 (KHTML, like Gecko; compatible; Amazonbot/0.1; +https://developer.amazon.com/support/amazonbot) Chrome/119.0.6045.214 Safari/537.36"
194.87.252.147 - - [08/Jun/2025:14:46:11 -0400] "GET / HTTP/1.1" 200 10890 "-" "Mozilla/5.0 (X11; Linux i686) AppleWebKit/537.36 (KHTML, like Gecko) Chrome/56.0.2965.18 Safari/537.36"
194.87.252.147 - - [08/Jun/2025:14:46:12 -0400] "POST /wp-content/plugins/wp-automatic/inc/csv.php HTTP/1.1" 403 1242 "https://w2.operationtruelovenow.com/" "Mozilla/5.0 (X11; Linux i686) AppleWebKit/537.36 (KHTML, like Gecko) Chrome/56.0.2965.18 Safari/537.36"
162.0.232.193 - - [08/Jun/2025:14:46:14 -0400] "POST /wp-cron.php?doing_wp_cron=1749408374.4916279315948486328125 HTTP/1.1" 200 0 "-" "WordPress/6.6.2; https://w2.operationtruelovenow.com"
194.87.252.147 - - [08/Jun/2025:14:46:13 -0400] "POST /wp-content/plugins/wp-automatic/inc/csv.php HTTP/1.1" 200 26 "https://w2.operationtruelovenow.com/wp-content/plugins/wp-automatic/inc/csv.php" "Mozilla/5.0 (X11; Linux i686) AppleWebKit/537.36 (KHTML, like Gecko) Chrome/56.0.2965.18 Safari/537.36"
194.87.252.147 - - [08/Jun/2025:14:46:15 -0400] "POST /wp-content/plugins/wp-automatic/inc/csv.php HTTP/1.1" 200 26 "https://w2.operationtruelovenow.com/wp-content/plugins/wp-automatic/inc/csv.php" "Mozilla/5.0 (X11; Linux i686) AppleWebKit/537.36 (KHTML, like Gecko) Chrome/56.0.2965.18 Safari/537.36"
194.87.252.147 - - [08/Jun/2025:14:46:15 -0400] "POST /wp-content/plugins/wp-automatic/inc/csv.php HTTP/1.1" 200 26 "https://w2.operationtruelovenow.com/wp-content/plugins/wp-automatic/inc/csv.php" "Mozilla/5.0 (X11; Linux i686) AppleWebKit/537.36 (KHTML, like Gecko) Chrome/56.0.2965.18 Safari/537.36"
194.87.252.147 - - [08/Jun/2025:14:46:16 -0400] "POST /wp-content/plugins/wp-automatic/inc/csv.php HTTP/1.1" 200 26 "https://w2.operationtruelovenow.com/wp-content/plugins/wp-automatic/inc/csv.php" "Mozilla/5.0 (X11; Linux i686) AppleWebKit/537.36 (KHTML, like Gecko) Chrome/56.0.2965.18 Safari/537.36"
194.87.252.147 - - [08/Jun/2025:14:46:16 -0400] "POST /wp-content/plugins/wp-automatic/inc/csv.php85fd78cb6871.php HTTP/1.1" 403 1242 "https://w2.operationtruelovenow.com/wp-content/plugins/wp-automatic/inc/csv.php" "Mozilla/5.0 (X11; Linux i686) AppleWebKit/537.36 (KHTML, like Gecko) Chrome/56.0.2965.18 Safari/537.36"
194.87.252.147 - - [08/Jun/2025:14:46:16 -0400] "POST /wp-content/plugins/wp-automatic/inc/csv.php85fd78cb6871.php HTTP/1.1" 301 0 "https://w2.operationtruelovenow.com/wp-content/plugins/wp-automatic/inc/csv.php85fd78cb6871.php" "Mozilla/5.0 (X11; Linux i686) AppleWebKit/537.36 (KHTML, like Gecko) Chrome/56.0.2965.18 Safari/537.36"
194.87.252.147 - - [08/Jun/2025:14:46:17 -0400] "GET / HTTP/1.1" 200 10951 "https://w2.operationtruelovenow.com/wp-content/plugins/wp-automatic/inc/csv.php85fd78cb6871.php" "Mozilla/5.0 (X11; Linux i686) AppleWebKit/537.36 (KHTML, like Gecko) Chrome/56.0.2965.18 Safari/537.36"
194.87.252.147 - - [08/Jun/2025:14:46:17 -0400] "POST /wp-content/plugins/wp-automatic/inc/csv.php85fd78cb6871.php HTTP/1.1" 301 0 "https://w2.operationtruelovenow.com/" "Mozilla/5.0 (X11; Linux i686) AppleWebKit/537.36 (KHTML, like Gecko) Chrome/56.0.2965.18 Safari/537.36"
194.87.252.147 - - [08/Jun/2025:14:46:18 -0400] "GET / HTTP/1.1" 200 10951 "https://w2.operationtruelovenow.com/" "Mozilla/5.0 (X11; Linux i686) AppleWebKit/537.36 (KHTML, like Gecko) Chrome/56.0.2965.18 Safari/537.36"
194.87.252.147 - - [08/Jun/2025:14:46:18 -0400] "POST /wp-content/plugins/wp-automatic/inc/csv.php85fd78cb6871.php HTTP/1.1" 301 0 "https://w2.operationtruelovenow.com/" "Mozilla/5.0 (X11; Linux i686) AppleWebKit/537.36 (KHTML, like Gecko) Chrome/56.0.2965.18 Safari/537.36"
194.87.252.147 - - [08/Jun/2025:14:46:19 -0400] "GET / HTTP/1.1" 200 10890 "https://w2.operationtruelovenow.com/" "Mozilla/5.0 (X11; Linux i686) AppleWebKit/537.36 (KHTML, like Gecko) Chrome/56.0.2965.18 Safari/537.36"
194.87.252.147 - - [08/Jun/2025:14:46:19 -0400] "POST /wp-content/plugins/wp-automatic/inc/csv.php85fd78cb6871.php HTTP/1.1" 301 0 "https://w2.operationtruelovenow.com/" "Mozilla/5.0 (X11; Linux i686) AppleWebKit/537.36 (KHTML, like Gecko) Chrome/56.0.2965.18 Safari/537.36"
194.87.252.147 - - [08/Jun/2025:14:46:19 -0400] "GET / HTTP/1.1" 200 10951 "https://w2.operationtruelovenow.com/" "Mozilla/5.0 (X11; Linux i686) AppleWebKit/537.36 (KHTML, like Gecko) Chrome/56.0.2965.18 Safari/537.36"
194.87.252.147 - - [08/Jun/2025:14:46:20 -0400] "GET /wp-login.php HTTP/1.1" 200 1805 "https://w2.operationtruelovenow.com/" "Mozilla/5.0 (X11; Linux i686) AppleWebKit/537.36 (KHTML, like Gecko) Chrome/56.0.2965.18 Safari/537.36"
194.87.252.147 - - [08/Jun/2025:14:46:21 -0400] "POST /wp-login.php HTTP/1.1" 200 1969 "https://w2.operationtruelovenow.com/wp-login.php" "Mozilla/5.0 (X11; Linux i686) AppleWebKit/537.36 (KHTML, like Gecko) Chrome/56.0.2965.18 Safari/537.36"
194.87.252.147 - - [08/Jun/2025:14:46:22 -0400] "GET /wp-admin/plugins.php HTTP/1.1" 302 0 "https://w2.operationtruelovenow.com/wp-login.php" "Mozilla/5.0 (X11; Linux i686) AppleWebKit/537.36 (KHTML, like Gecko) Chrome/56.0.2965.18 Safari/537.36"
194.87.252.147 - - [08/Jun/2025:14:46:22 -0400] "GET /wp-login.php?redirect_to=https%3A%2F%2Fw2.operationtruelovenow.com%2Fwp-admin%2Fplugins.php&reauth=1 HTTP/1.1" 200 1812 "https://w2.operationtruelovenow.com/wp-login.php" "Mozilla/5.0 (X11; Linux i686) AppleWebKit/537.36 (KHTML, like Gecko) Chrome/56.0.2965.18 Safari/537.36"
43.173.1.69 - - [08/Jun/2025:14:46:55 -0400] "GET /manga/operation-true-love-chapter-102/ HTTP/1.1" 200 12784 "-" "Mozilla/5.0 (iPhone; CPU iPhone OS 13_2_3 like Mac OS X) AppleWebKit/605.1.15 (KHTML, like Gecko) Version/13.0.3 Mobile/15E148 Safari/604.1"
162.0.232.193 - - [08/Jun/2025:14:48:03 -0400] "POST /wp-cron.php?doing_wp_cron=1749408482.8938128948211669921875 HTTP/1.1" 200 0 "-" "WordPress/6.6.2; https://w2.operationtruelovenow.com"
2a03:2880:f800:12:: - - [08/Jun/2025:14:48:02 -0400] "GET /category/operation-true-love-manhwa/page/4/ HTTP/1.1" 200 14257 "-" "meta-externalagent/1.1 (+https://developers.facebook.com/docs/sharing/webmasters/crawler)"
162.0.232.193 - - [08/Jun/2025:14:49:50 -0400] "POST /wp-cron.php?doing_wp_cron=1749408589.9857690334320068359375 HTTP/1.1" 200 0 "-" "WordPress/6.6.2; https://w2.operationtruelovenow.com"
98.84.131.195 - - [08/Jun/2025:14:49:48 -0400] "GET /operation-true-love-chapter-24/ HTTP/1.1" 301 0 "-" "Mozilla/5.0 AppleWebKit/537.36 (KHTML, like Gecko; compatible; Amazonbot/0.1; +https://developer.amazon.com/support/amazonbot) Chrome/119.0.6045.214 Safari/537.36"
162.0.232.193 - - [08/Jun/2025:14:51:08 -0400] "POST /wp-cron.php?doing_wp_cron=1749408668.4251699447631835937500 HTTP/1.1" 200 0 "-" "WordPress/6.6.2; https://w2.operationtruelovenow.com"
44.223.193.255 - - [08/Jun/2025:14:51:08 -0400] "GET /operation-true-love-chapter-17/ HTTP/1.1" 301 0 "-" "Mozilla/5.0 AppleWebKit/537.36 (KHTML, like Gecko; compatible; Amazonbot/0.1; +https://developer.amazon.com/support/amazonbot) Chrome/119.0.6045.214 Safari/537.36"
162.0.232.193 - - [08/Jun/2025:14:52:12 -0400] "POST /wp-cron.php?doing_wp_cron=1749408732.6360750198364257812500 HTTP/1.1" 200 0 "-" "WordPress/6.6.2; https://w2.operationtruelovenow.com"
52.169.53.20 - - [08/Jun/2025:14:52:12 -0400] "GET /inputs.php HTTP/1.1" 301 0 "-" "-"
52.169.53.20 - - [08/Jun/2025:14:52:13 -0400] "GET / HTTP/1.1" 200 10890 "-" "-"
52.169.53.20 - - [08/Jun/2025:14:52:13 -0400] "GET /classsmtps.php HTTP/1.1" 301 0 "-" "-"
52.169.53.20 - - [08/Jun/2025:14:52:13 -0400] "GET / HTTP/1.1" 200 10951 "-" "-"
52.169.53.20 - - [08/Jun/2025:14:52:13 -0400] "GET /wp-blog-header.php HTTP/1.1" 301 0 "-" "-"
52.169.53.20 - - [08/Jun/2025:14:52:14 -0400] "GET / HTTP/1.1" 200 10890 "-" "-"
52.169.53.20 - - [08/Jun/2025:14:52:14 -0400] "GET /wp-trackback.php HTTP/1.1" 301 0 "-" "-"
52.169.53.20 - - [08/Jun/2025:14:52:14 -0400] "GET / HTTP/1.1" 200 10890 "-" "-"
52.169.53.20 - - [08/Jun/2025:14:52:14 -0400] "GET /wp-signup.php HTTP/1.1" 301 0 "-" "-"
52.169.53.20 - - [08/Jun/2025:14:52:14 -0400] "GET / HTTP/1.1" 200 10890 "-" "-"
52.169.53.20 - - [08/Jun/2025:14:52:15 -0400] "GET /wp-comments-post.php HTTP/1.1" 405 0 "-" "-"
52.169.53.20 - - [08/Jun/2025:14:52:15 -0400] "GET /wp-cron.php HTTP/1.1" 200 0 "-" "-"
52.169.53.20 - - [08/Jun/2025:14:52:15 -0400] "GET /wp-load.php HTTP/1.1" 200 0 "-" "-"
52.169.53.20 - - [08/Jun/2025:14:52:15 -0400] "GET /wp-mail.php HTTP/1.1" 500 935 "-" "-"
52.169.53.20 - - [08/Jun/2025:14:52:17 -0400] "GET /edit.php HTTP/1.1" 301 0 "-" "-"
52.169.53.20 - - [08/Jun/2025:14:52:17 -0400] "GET / HTTP/1.1" 200 10890 "-" "-"
52.169.53.20 - - [08/Jun/2025:14:52:18 -0400] "GET /wp-activate.php HTTP/1.1" 302 0 "-" "-"
52.169.53.20 - - [08/Jun/2025:14:52:18 -0400] "GET /wp-login.php?action=register HTTP/1.1" 302 0 "-" "-"
52.169.53.20 - - [08/Jun/2025:14:52:18 -0400] "GET /wp-login.php?registration=disabled HTTP/1.1" 200 1871 "-" "-"
52.169.53.20 - - [08/Jun/2025:14:52:19 -0400] "GET /plugins.php HTTP/1.1" 301 0 "-" "-"
52.169.53.20 - - [08/Jun/2025:14:52:19 -0400] "GET / HTTP/1.1" 200 10890 "-" "-"
52.169.53.20 - - [08/Jun/2025:14:52:19 -0400] "GET /post.php HTTP/1.1" 301 0 "-" "-"
52.169.53.20 - - [08/Jun/2025:14:52:20 -0400] "GET / HTTP/1.1" 200 10890 "-" "-"
52.169.53.20 - - [08/Jun/2025:14:52:20 -0400] "GET /admin.php HTTP/1.1" 301 0 "-" "-"
52.169.53.20 - - [08/Jun/2025:14:52:20 -0400] "GET / HTTP/1.1" 200 10890 "-" "-"
52.169.53.20 - - [08/Jun/2025:14:52:21 -0400] "GET /about.php HTTP/1.1" 301 0 "-" "-"
52.169.53.20 - - [08/Jun/2025:14:52:21 -0400] "GET / HTTP/1.1" 200 10890 "-" "-"
52.169.53.20 - - [08/Jun/2025:14:52:21 -0400] "GET /wp-2019.php HTTP/1.1" 301 0 "-" "-"
52.169.53.20 - - [08/Jun/2025:14:52:21 -0400] "GET / HTTP/1.1" 200 10890 "-" "-"
52.169.53.20 - - [08/Jun/2025:14:52:22 -0400] "GET /atomlib.php HTTP/1.1" 301 0 "-" "-"
52.169.53.20 - - [08/Jun/2025:14:52:22 -0400] "GET / HTTP/1.1" 200 10890 "-" "-"
52.169.53.20 - - [08/Jun/2025:14:52:22 -0400] "GET /css.php HTTP/1.1" 301 0 "-" "-"
52.169.53.20 - - [08/Jun/2025:14:52:22 -0400] "GET / HTTP/1.1" 200 10890 "-" "-"
52.169.53.20 - - [08/Jun/2025:14:52:23 -0400] "GET /simple.php HTTP/1.1" 301 0 "-" "-"
52.169.53.20 - - [08/Jun/2025:14:52:23 -0400] "GET / HTTP/1.1" 200 10890 "-" "-"
52.169.53.20 - - [08/Jun/2025:14:52:23 -0400] "GET /log.php HTTP/1.1" 301 0 "-" "-"
52.169.53.20 - - [08/Jun/2025:14:52:23 -0400] "GET / HTTP/1.1" 200 10890 "-" "-"
52.169.53.20 - - [08/Jun/2025:14:52:23 -0400] "GET /index.php HTTP/1.1" 301 0 "-" "-"
52.169.53.20 - - [08/Jun/2025:14:52:24 -0400] "GET / HTTP/1.1" 200 10890 "-" "-"
52.169.53.20 - - [08/Jun/2025:14:52:24 -0400] "GET /mail.php HTTP/1.1" 301 0 "-" "-"
52.169.53.20 - - [08/Jun/2025:14:52:25 -0400] "GET / HTTP/1.1" 200 10890 "-" "-"
52.169.53.20 - - [08/Jun/2025:14:52:25 -0400] "GET /lufix.php HTTP/1.1" 301 0 "-" "-"
52.169.53.20 - - [08/Jun/2025:14:52:25 -0400] "GET / HTTP/1.1" 200 10890 "-" "-"
52.169.53.20 - - [08/Jun/2025:14:52:25 -0400] "GET /doc.php HTTP/1.1" 301 0 "-" "-"
52.169.53.20 - - [08/Jun/2025:14:52:26 -0400] "GET / HTTP/1.1" 200 10890 "-" "-"
52.169.53.20 - - [08/Jun/2025:14:52:26 -0400] "GET /bak.php HTTP/1.1" 301 0 "-" "-"
52.169.53.20 - - [08/Jun/2025:14:52:26 -0400] "GET / HTTP/1.1" 200 10890 "-" "-"
52.169.53.20 - - [08/Jun/2025:14:52:26 -0400] "GET /content.php HTTP/1.1" 301 0 "-" "-"
52.169.53.20 - - [08/Jun/2025:14:52:27 -0400] "GET / HTTP/1.1" 200 10890 "-" "-"
52.169.53.20 - - [08/Jun/2025:14:52:27 -0400] "GET /upfile.php HTTP/1.1" 301 0 "-" "-"
52.169.53.20 - - [08/Jun/2025:14:52:28 -0400] "GET / HTTP/1.1" 200 10890 "-" "-"
52.169.53.20 - - [08/Jun/2025:14:52:28 -0400] "GET /wp.php HTTP/1.1" 301 0 "-" "-"
52.169.53.20 - - [08/Jun/2025:14:52:28 -0400] "GET / HTTP/1.1" 200 10890 "-" "-"
52.169.53.20 - - [08/Jun/2025:14:52:28 -0400] "GET /wp-conflg.php HTTP/1.1" 301 0 "-" "-"
52.169.53.20 - - [08/Jun/2025:14:52:29 -0400] "GET / HTTP/1.1" 200 10951 "-" "-"
52.169.53.20 - - [08/Jun/2025:14:52:29 -0400] "GET /bypass.php HTTP/1.1" 301 0 "-" "-"
52.169.53.20 - - [08/Jun/2025:14:52:29 -0400] "GET / HTTP/1.1" 200 10890 "-" "-"
52.169.53.20 - - [08/Jun/2025:14:52:29 -0400] "GET /404.php HTTP/1.1" 301 0 "-" "-"
52.169.53.20 - - [08/Jun/2025:14:52:30 -0400] "GET / HTTP/1.1" 200 10890 "-" "-"
52.169.53.20 - - [08/Jun/2025:14:52:30 -0400] "GET /updates.php HTTP/1.1" 301 0 "-" "-"
52.169.53.20 - - [08/Jun/2025:14:52:30 -0400] "GET / HTTP/1.1" 200 10890 "-" "-"
52.169.53.20 - - [08/Jun/2025:14:52:30 -0400] "GET /radio.php HTTP/1.1" 301 0 "-" "-"
52.169.53.20 - - [08/Jun/2025:14:52:31 -0400] "GET / HTTP/1.1" 200 10841 "-" "-"
52.169.53.20 - - [08/Jun/2025:14:52:31 -0400] "GET /xmrlpc.php HTTP/1.1" 301 0 "-" "-"
52.169.53.20 - - [08/Jun/2025:14:52:32 -0400] "GET / HTTP/1.1" 200 10890 "-" "-"
52.169.53.20 - - [08/Jun/2025:14:52:32 -0400] "GET /ae.php HTTP/1.1" 301 0 "-" "-"
52.169.53.20 - - [08/Jun/2025:14:52:32 -0400] "GET / HTTP/1.1" 200 10890 "-" "-"
52.169.53.20 - - [08/Jun/2025:14:52:32 -0400] "GET /moon.php HTTP/1.1" 301 0 "-" "-"
52.169.53.20 - - [08/Jun/2025:14:52:33 -0400] "GET / HTTP/1.1" 200 10890 "-" "-"
52.169.53.20 - - [08/Jun/2025:14:52:33 -0400] "GET /blog.php HTTP/1.1" 301 0 "-" "-"
52.169.53.20 - - [08/Jun/2025:14:52:33 -0400] "GET / HTTP/1.1" 200 10890 "-" "-"
52.169.53.20 - - [08/Jun/2025:14:52:34 -0400] "GET /themes.php HTTP/1.1" 301 0 "-" "-"
52.169.53.20 - - [08/Jun/2025:14:52:34 -0400] "GET / HTTP/1.1" 200 10841 "-" "-"
52.169.53.20 - - [08/Jun/2025:14:52:34 -0400] "GET /ini.php HTTP/1.1" 301 0 "-" "-"
52.169.53.20 - - [08/Jun/2025:14:52:34 -0400] "GET / HTTP/1.1" 200 10890 "-" "-"
52.169.53.20 - - [08/Jun/2025:14:52:35 -0400] "GET /as.php HTTP/1.1" 301 0 "-" "-"
52.169.53.20 - - [08/Jun/2025:14:52:35 -0400] "GET / HTTP/1.1" 200 10890 "-" "-"
52.169.53.20 - - [08/Jun/2025:14:52:35 -0400] "GET /shell.php HTTP/1.1" 301 0 "-" "-"
52.169.53.20 - - [08/Jun/2025:14:52:35 -0400] "GET / HTTP/1.1" 200 10890 "-" "-"
52.169.53.20 - - [08/Jun/2025:14:52:36 -0400] "GET /ws.php HTTP/1.1" 301 0 "-" "-"
52.169.53.20 - - [08/Jun/2025:14:52:36 -0400] "GET / HTTP/1.1" 200 10951 "-" "-"
52.169.53.20 - - [08/Jun/2025:14:52:36 -0400] "GET /dropdown.php HTTP/1.1" 301 0 "-" "-"
52.169.53.20 - - [08/Jun/2025:14:52:36 -0400] "GET / HTTP/1.1" 200 10841 "-" "-"
52.169.53.20 - - [08/Jun/2025:14:52:36 -0400] "GET /makeasmtp.php HTTP/1.1" 301 0 "-" "-"
52.169.53.20 - - [08/Jun/2025:14:52:37 -0400] "GET / HTTP/1.1" 200 10890 "-" "-"
52.169.53.20 - - [08/Jun/2025:14:52:37 -0400] "GET /wp-sigunq.php HTTP/1.1" 301 0 "-" "-"
52.169.53.20 - - [08/Jun/2025:14:52:38 -0400] "GET / HTTP/1.1" 200 10890 "-" "-"
52.169.53.20 - - [08/Jun/2025:14:52:38 -0400] "GET /wso112233.php HTTP/1.1" 301 0 "-" "-"
52.169.53.20 - - [08/Jun/2025:14:52:38 -0400] "GET / HTTP/1.1" 200 10951 "-" "-"
52.169.53.20 - - [08/Jun/2025:14:52:38 -0400] "GET /alfanew.php HTTP/1.1" 301 0 "-" "-"
52.169.53.20 - - [08/Jun/2025:14:52:39 -0400] "GET / HTTP/1.1" 200 10841 "-" "-"
52.169.53.20 - - [08/Jun/2025:14:52:39 -0400] "GET /fw.php HTTP/1.1" 301 0 "-" "-"
52.169.53.20 - - [08/Jun/2025:14:52:39 -0400] "GET / HTTP/1.1" 200 10951 "-" "-"
52.169.53.20 - - [08/Jun/2025:14:52:39 -0400] "GET /install.php HTTP/1.1" 301 0 "-" "-"
52.169.53.20 - - [08/Jun/2025:14:52:40 -0400] "GET / HTTP/1.1" 200 10890 "-" "-"
52.169.53.20 - - [08/Jun/2025:14:52:40 -0400] "GET /wp-login.php HTTP/1.1" 200 1805 "-" "-"
52.169.53.20 - - [08/Jun/2025:14:52:40 -0400] "GET /wp-content/plugins/google-seo-rank/module.php HTTP/1.1" 301 0 "-" "-"
52.169.53.20 - - [08/Jun/2025:14:52:41 -0400] "GET / HTTP/1.1" 200 10890 "-" "-"
52.169.53.20 - - [08/Jun/2025:14:52:41 -0400] "GET /chosen.php HTTP/1.1" 301 0 "-" "-"
52.169.53.20 - - [08/Jun/2025:14:52:41 -0400] "GET / HTTP/1.1" 200 10890 "-" "-"
52.169.53.20 - - [08/Jun/2025:14:52:41 -0400] "GET /simple.php HTTP/1.1" 301 0 "-" "-"
52.169.53.20 - - [08/Jun/2025:14:52:42 -0400] "GET / HTTP/1.1" 200 10890 "-" "-"
162.0.232.193 - - [08/Jun/2025:14:56:50 -0400] "POST /wp-cron.php?doing_wp_cron=1749409010.5865299701690673828125 HTTP/1.1" 200 0 "-" "WordPress/6.6.2; https://w2.operationtruelovenow.com"
124.156.225.181 - - [08/Jun/2025:14:56:48 -0400] "GET /manga/operation-true-love-chapter-126-5/ HTTP/1.1" 200 11556 "-" "Mozilla/5.0 (iPhone; CPU iPhone OS 13_2_3 like Mac OS X) AppleWebKit/605.1.15 (KHTML, like Gecko) Version/13.0.3 Mobile/15E148 Safari/604.1"
113.141.91.58 - - [08/Jun/2025:14:57:16 -0400] "GET / HTTP/1.1" 200 10883 "https://operationtruelovenow.com/" "Mozilla/5.0 (iPhone; CPU iPhone OS 13_2_3 like Mac OS X) AppleWebKit/605.1.15 (KHTML, like Gecko) Version/13.0.3 Mobile/15E148 Safari/604.1"
162.0.232.193 - - [08/Jun/2025:14:58:29 -0400] "POST /wp-cron.php?doing_wp_cron=1749409109.4171819686889648437500 HTTP/1.1" 200 0 "-" "WordPress/6.6.2; https://w2.operationtruelovenow.com"
23.23.180.225 - - [08/Jun/2025:14:58:29 -0400] "GET /operation-true-love-chapter-62/ HTTP/1.1" 301 0 "-" "Mozilla/5.0 AppleWebKit/537.36 (KHTML, like Gecko; compatible; Amazonbot/0.1; +https://developer.amazon.com/support/amazonbot) Chrome/119.0.6045.214 Safari/537.36"
35.169.102.85 - - [08/Jun/2025:14:58:39 -0400] "GET /operation-true-love-chapter-63/ HTTP/1.1" 301 0 "-" "Mozilla/5.0 AppleWebKit/537.36 (KHTML, like Gecko; compatible; Amazonbot/0.1; +https://developer.amazon.com/support/amazonbot) Chrome/119.0.6045.214 Safari/537.36"
162.0.232.193 - - [08/Jun/2025:15:06:50 -0400] "POST /wp-cron.php?doing_wp_cron=1749409610.0830669403076171875000 HTTP/1.1" 200 0 "-" "WordPress/6.6.2; https://w2.operationtruelovenow.com"
43.153.71.132 - - [08/Jun/2025:15:06:48 -0400] "GET /wp-json/wp/v2/pages/48 HTTP/1.1" 200 36771 "-" "Mozilla/5.0 (iPhone; CPU iPhone OS 13_2_3 like Mac OS X) AppleWebKit/605.1.15 (KHTML, like Gecko) Version/13.0.3 Mobile/15E148 Safari/604.1"
162.0.232.193 - - [08/Jun/2025:15:16:22 -0400] "POST /wp-cron.php?doing_wp_cron=1749410182.2855339050292968750000 HTTP/1.1" 200 0 "-" "WordPress/6.6.2; https://w2.operationtruelovenow.com"
2a03:2880:f800:1b:: - - [08/Jun/2025:15:16:20 -0400] "GET /author/admin/page/2/ HTTP/1.1" 200 14133 "-" "meta-externalagent/1.1 (+https://developers.facebook.com/docs/sharing/webmasters/crawler)"
195.2.78.89 - - [08/Jun/2025:15:17:27 -0400] "GET / HTTP/1.1" 200 10890 "https://OPERATIONTRUELOVENOW.COM" "Mozilla/5.0 (Macintosh; Intel Mac OS X 10_15_7) AppleWebKit/537.36 (KHTML, like Gecko) Chrome/133.0.0.0 Safari/537.36"
162.0.232.193 - - [08/Jun/2025:15:17:28 -0400] "POST /wp-cron.php?doing_wp_cron=1749410248.8711640834808349609375 HTTP/1.1" 200 0 "-" "WordPress/6.6.2; https://w2.operationtruelovenow.com"
195.2.78.89 - - [08/Jun/2025:15:17:28 -0400] "GET /comments/feed/ HTTP/1.1" 200 1313 "-" "Mozilla/5.0 (Macintosh; Intel Mac OS X 10_15_7) AppleWebKit/537.36 (KHTML, like Gecko) Chrome/133.0.0.0 Safari/537.36"
195.2.78.89 - - [08/Jun/2025:15:17:29 -0400] "GET /manga/operation-true-love-notice-apology/ HTTP/1.1" 200 11233 "-" "Mozilla/5.0 (Macintosh; Intel Mac OS X 10_15_7) AppleWebKit/537.36 (KHTML, like Gecko) Chrome/133.0.0.0 Safari/537.36"
195.2.78.89 - - [08/Jun/2025:15:17:30 -0400] "GET /manga/operation-true-love-notice-apology/feed/ HTTP/1.1" 200 434 "-" "Mozilla/5.0 (Macintosh; Intel Mac OS X 10_15_7) AppleWebKit/537.36 (KHTML, like Gecko) Chrome/133.0.0.0 Safari/537.36"
195.2.78.89 - - [08/Jun/2025:15:17:31 -0400] "GET /manga/operation-true-love-notice-apology/ HTTP/1.1" 200 11262 "-" "Mozilla/5.0 (Macintosh; Intel Mac OS X 10_15_7) AppleWebKit/537.36 (KHTML, like Gecko) Chrome/133.0.0.0 Safari/537.36"
43.153.19.83 - - [08/Jun/2025:15:17:38 -0400] "GET /wp-content/uploads/2023/11/true-love-179x300.webp HTTP/1.1" 200 11818 "-" "Mozilla/5.0 (iPhone; CPU iPhone OS 13_2_3 like Mac OS X) AppleWebKit/605.1.15 (KHTML, like Gecko) Version/13.0.3 Mobile/15E148 Safari/604.1"
162.0.232.193 - - [08/Jun/2025:15:24:12 -0400] "POST /wp-cron.php?doing_wp_cron=1749410652.0799019336700439453125 HTTP/1.1" 200 0 "-" "WordPress/6.6.2; https://w2.operationtruelovenow.com"
2a03:2880:f800:d:: - - [08/Jun/2025:15:24:10 -0400] "GET /operation-true-love-chapter-28/ HTTP/1.1" 301 0 "-" "meta-externalagent/1.1 (+https://developers.facebook.com/docs/sharing/webmasters/crawler)"
2a03:2880:f800:d:: - - [08/Jun/2025:15:24:15 -0400] "GET / HTTP/1.1" 200 10890 "-" "meta-externalagent/1.1 (+https://developers.facebook.com/docs/sharing/webmasters/crawler)"
162.0.232.193 - - [08/Jun/2025:15:26:25 -0400] "POST /wp-cron.php?doing_wp_cron=1749410784.7690770626068115234375 HTTP/1.1" 200 0 "-" "WordPress/6.6.2; https://w2.operationtruelovenow.com"
52.169.1.166 - - [08/Jun/2025:15:26:23 -0400] "GET /wp-includes/js/jcrop/Jcrop.php HTTP/1.1" 301 0 "-" "-"
52.169.1.166 - - [08/Jun/2025:15:26:25 -0400] "GET / HTTP/1.1" 200 10890 "-" "-"
52.169.1.166 - - [08/Jun/2025:15:26:25 -0400] "GET /wp-admin/css/colors/ocean/index.php HTTP/1.1" 301 0 "-" "-"
52.169.1.166 - - [08/Jun/2025:15:26:25 -0400] "GET / HTTP/1.1" 200 10890 "-" "-"
52.169.1.166 - - [08/Jun/2025:15:26:25 -0400] "GET /.well-known/gecko-litespeed.php HTTP/1.1" 301 0 "-" "-"
52.169.1.166 - - [08/Jun/2025:15:26:26 -0400] "GET / HTTP/1.1" 200 10841 "-" "-"
52.169.1.166 - - [08/Jun/2025:15:26:26 -0400] "GET /wp-content/gallery/about.php HTTP/1.1" 301 0 "-" "-"
52.169.1.166 - - [08/Jun/2025:15:26:26 -0400] "GET / HTTP/1.1" 200 10890 "-" "-"
52.169.1.166 - - [08/Jun/2025:15:26:26 -0400] "GET /wp-admin/css/fw.php HTTP/1.1" 301 0 "-" "-"
52.169.1.166 - - [08/Jun/2025:15:26:27 -0400] "GET / HTTP/1.1" 200 10841 "-" "-"
52.169.1.166 - - [08/Jun/2025:15:26:27 -0400] "GET /wp.php HTTP/1.1" 301 0 "-" "-"
52.169.1.166 - - [08/Jun/2025:15:26:27 -0400] "GET / HTTP/1.1" 200 10951 "-" "-"
52.169.1.166 - - [08/Jun/2025:15:26:27 -0400] "GET /wp-includes/block-patterns/about.php HTTP/1.1" 301 0 "-" "-"
52.169.1.166 - - [08/Jun/2025:15:26:28 -0400] "GET / HTTP/1.1" 200 10890 "-" "-"
52.169.1.166 - - [08/Jun/2025:15:26:28 -0400] "GET /wp-includes/pomo/ HTTP/1.1" 200 1064 "-" "-"
52.169.1.166 - - [08/Jun/2025:15:26:28 -0400] "GET /mari.php HTTP/1.1" 301 0 "-" "-"
52.169.1.166 - - [08/Jun/2025:15:26:28 -0400] "GET / HTTP/1.1" 200 10951 "-" "-"
52.169.1.166 - - [08/Jun/2025:15:26:29 -0400] "GET /wp-admin/images/install.php HTTP/1.1" 301 0 "-" "-"
52.169.1.166 - - [08/Jun/2025:15:26:29 -0400] "GET / HTTP/1.1" 200 10890 "-" "-"
52.169.1.166 - - [08/Jun/2025:15:26:29 -0400] "GET /fx.php HTTP/1.1" 301 0 "-" "-"
52.169.1.166 - - [08/Jun/2025:15:26:29 -0400] "GET / HTTP/1.1" 200 10841 "-" "-"
52.169.1.166 - - [08/Jun/2025:15:26:30 -0400] "GET /wp-content/plugins/pwnd/as.php HTTP/1.1" 301 0 "-" "-"
52.169.1.166 - - [08/Jun/2025:15:26:30 -0400] "GET / HTTP/1.1" 200 10951 "-" "-"
52.169.1.166 - - [08/Jun/2025:15:26:30 -0400] "GET /wp-login.php HTTP/1.1" 200 1805 "-" "-"
52.169.1.166 - - [08/Jun/2025:15:26:31 -0400] "GET /.well-known/acme-challenge/themes.php HTTP/1.1" 301 0 "-" "-"
52.169.1.166 - - [08/Jun/2025:15:26:31 -0400] "GET / HTTP/1.1" 200 10890 "-" "-"
52.169.1.166 - - [08/Jun/2025:15:26:31 -0400] "GET /ini.php HTTP/1.1" 301 0 "-" "-"
52.169.1.166 - - [08/Jun/2025:15:26:31 -0400] "GET / HTTP/1.1" 200 10890 "-" "-"
52.169.1.166 - - [08/Jun/2025:15:26:32 -0400] "GET /wp-content/uploads/setup HTTP/1.1" 301 0 "-" "-"
52.169.1.166 - - [08/Jun/2025:15:26:32 -0400] "GET / HTTP/1.1" 200 10951 "-" "-"
52.169.1.166 - - [08/Jun/2025:15:26:32 -0400] "GET /gebase.php69 HTTP/1.1" 301 0 "-" "-"
52.169.1.166 - - [08/Jun/2025:15:26:32 -0400] "GET / HTTP/1.1" 200 10890 "-" "-"
52.169.1.166 - - [08/Jun/2025:15:26:33 -0400] "GET /12.php HTTP/1.1" 301 0 "-" "-"
52.169.1.166 - - [08/Jun/2025:15:26:33 -0400] "GET / HTTP/1.1" 200 10890 "-" "-"
52.169.1.166 - - [08/Jun/2025:15:26:33 -0400] "GET /wp-admin/admin.php HTTP/1.1" 302 0 "-" "-"
52.169.1.166 - - [08/Jun/2025:15:26:34 -0400] "GET /wp-login.php?redirect_to=https%3A%2F%2Fw2.operationtruelovenow.com%2Fwp-admin%2Fadmin.php&reauth=1 HTTP/1.1" 200 1809 "-" "-"
52.169.1.166 - - [08/Jun/2025:15:26:34 -0400] "GET /wp-trackback.php HTTP/1.1" 301 0 "-" "-"
52.169.1.166 - - [08/Jun/2025:15:26:35 -0400] "GET / HTTP/1.1" 200 10890 "-" "-"
52.169.1.166 - - [08/Jun/2025:15:26:35 -0400] "GET /cong.php HTTP/1.1" 301 0 "-" "-"
52.169.1.166 - - [08/Jun/2025:15:26:35 -0400] "GET / HTTP/1.1" 200 10890 "-" "-"
52.169.1.166 - - [08/Jun/2025:15:26:36 -0400] "GET /wp-content/plugins/about.php HTTP/1.1" 301 0 "-" "-"
52.169.1.166 - - [08/Jun/2025:15:26:36 -0400] "GET / HTTP/1.1" 200 10890 "-" "-"
52.169.1.166 - - [08/Jun/2025:15:26:36 -0400] "GET /wp-includes/css/dist/block-library/ HTTP/1.1" 200 1475 "-" "-"
52.169.1.166 - - [08/Jun/2025:15:26:36 -0400] "GET /admin-header.php HTTP/1.1" 301 0 "-" "-"
52.169.1.166 - - [08/Jun/2025:15:26:37 -0400] "GET / HTTP/1.1" 200 10890 "-" "-"
52.169.1.166 - - [08/Jun/2025:15:26:37 -0400] "GET /thumbs.php HTTP/1.1" 301 0 "-" "-"
52.169.1.166 - - [08/Jun/2025:15:26:37 -0400] "GET / HTTP/1.1" 200 10890 "-" "-"
52.169.1.166 - - [08/Jun/2025:15:26:38 -0400] "GET /wp-admin/license.php HTTP/1.1" 301 0 "-" "-"
52.169.1.166 - - [08/Jun/2025:15:26:38 -0400] "GET / HTTP/1.1" 200 10890 "-" "-"
52.169.1.166 - - [08/Jun/2025:15:26:38 -0400] "GET /item.php HTTP/1.1" 301 0 "-" "-"
52.169.1.166 - - [08/Jun/2025:15:26:39 -0400] "GET / HTTP/1.1" 200 10890 "-" "-"
52.169.1.166 - - [08/Jun/2025:15:26:39 -0400] "GET /wp-includes/js/tinymce/utils/ HTTP/1.1" 200 737 "-" "-"
52.169.1.166 - - [08/Jun/2025:15:26:39 -0400] "GET /shop.php HTTP/1.1" 301 0 "-" "-"
52.169.1.166 - - [08/Jun/2025:15:26:39 -0400] "GET / HTTP/1.1" 200 10951 "-" "-"
52.169.1.166 - - [08/Jun/2025:15:26:40 -0400] "GET /.well-known/about.php HTTP/1.1" 301 0 "-" "-"
52.169.1.166 - - [08/Jun/2025:15:26:40 -0400] "GET / HTTP/1.1" 200 10951 "-" "-"
52.169.1.166 - - [08/Jun/2025:15:26:40 -0400] "GET /f.php HTTP/1.1" 301 0 "-" "-"
52.169.1.166 - - [08/Jun/2025:15:26:40 -0400] "GET / HTTP/1.1" 200 10890 "-" "-"
52.169.1.166 - - [08/Jun/2025:15:26:41 -0400] "GET /.well-known/acme-challenge/doc.php HTTP/1.1" 301 0 "-" "-"
52.169.1.166 - - [08/Jun/2025:15:26:41 -0400] "GET / HTTP/1.1" 200 10890 "-" "-"
52.169.1.166 - - [08/Jun/2025:15:26:41 -0400] "GET /data.php HTTP/1.1" 301 0 "-" "-"
52.169.1.166 - - [08/Jun/2025:15:26:41 -0400] "GET / HTTP/1.1" 200 10951 "-" "-"
52.169.1.166 - - [08/Jun/2025:15:26:42 -0400] "GET /wp-includes/ID3/index.php HTTP/1.1" 301 0 "-" "-"
52.169.1.166 - - [08/Jun/2025:15:26:42 -0400] "GET / HTTP/1.1" 200 10890 "-" "-"
52.169.1.166 - - [08/Jun/2025:15:26:42 -0400] "GET /wp-content/uploads/2023/08/admiin.php HTTP/1.1" 301 0 "-" "-"
52.169.1.166 - - [08/Jun/2025:15:26:42 -0400] "GET / HTTP/1.1" 200 10890 "-" "-"
52.169.1.166 - - [08/Jun/2025:15:26:43 -0400] "GET /wp-includes/index.php HTTP/1.1" 301 0 "-" "-"
52.169.1.166 - - [08/Jun/2025:15:26:43 -0400] "GET / HTTP/1.1" 200 10890 "-" "-"
52.169.1.166 - - [08/Jun/2025:15:26:43 -0400] "GET /browse.php HTTP/1.1" 301 0 "-" "-"
52.169.1.166 - - [08/Jun/2025:15:26:43 -0400] "GET / HTTP/1.1" 200 10841 "-" "-"
52.169.1.166 - - [08/Jun/2025:15:26:44 -0400] "GET /new.php HTTP/1.1" 301 0 "-" "-"
52.169.1.166 - - [08/Jun/2025:15:26:44 -0400] "GET / HTTP/1.1" 200 10951 "-" "-"
52.169.1.166 - - [08/Jun/2025:15:26:44 -0400] "GET /wp-includes/IXR/about.php HTTP/1.1" 301 0 "-" "-"
52.169.1.166 - - [08/Jun/2025:15:26:44 -0400] "GET / HTTP/1.1" 200 10951 "-" "-"
52.169.1.166 - - [08/Jun/2025:15:26:44 -0400] "GET /wi.php HTTP/1.1" 301 0 "-" "-"
52.169.1.166 - - [08/Jun/2025:15:26:45 -0400] "GET / HTTP/1.1" 200 10890 "-" "-"
52.169.1.166 - - [08/Jun/2025:15:26:45 -0400] "GET /wp-admin/css/colors/midnight/colors.php HTTP/1.1" 301 0 "-" "-"
52.169.1.166 - - [08/Jun/2025:15:26:45 -0400] "GET / HTTP/1.1" 200 10890 "-" "-"
52.169.1.166 - - [08/Jun/2025:15:26:45 -0400] "GET /favicon.php HTTP/1.1" 301 0 "-" "-"
52.169.1.166 - - [08/Jun/2025:15:26:46 -0400] "GET / HTTP/1.1" 200 10890 "-" "-"
52.169.1.166 - - [08/Jun/2025:15:26:46 -0400] "GET /class.php HTTP/1.1" 301 0 "-" "-"
52.169.1.166 - - [08/Jun/2025:15:26:46 -0400] "GET / HTTP/1.1" 200 10890 "-" "-"
52.169.1.166 - - [08/Jun/2025:15:26:46 -0400] "GET /y.php HTTP/1.1" 301 0 "-" "-"
52.169.1.166 - - [08/Jun/2025:15:26:47 -0400] "GET / HTTP/1.1" 200 10918 "-" "-"
