Current File : /home/honehdyv/access-logs/w1.readbtooom.com-ssl_log
220.81.90.43 - - [08/Jun/2025:05:07:42 -0400] "GET /manga/btooom-chapter-92/ HTTP/1.1" 200 25516 "https://w3.readbtooom.com/" "Mozilla/5.0 (Windows NT 10.0; Win64; x64) AppleWebKit/537.36 (KHTML, like Gecko) Chrome/137.0.0.0 Safari/537.36"
66.249.70.4 - - [08/Jun/2025:05:14:11 -0400] "GET /manga/btooom-chapter-98/ HTTP/1.1" 200 26028 "-" "Mozilla/5.0 (Linux; Android 6.0.1; Nexus 5X Build/MMB29P) AppleWebKit/537.36 (KHTML, like Gecko) Chrome/136.0.7103.113 Mobile Safari/537.36 (compatible; Googlebot/2.1; +http://www.google.com/bot.html)"
66.249.70.2 - - [08/Jun/2025:05:19:12 -0400] "GET /manga/btooom-chapter-11/ HTTP/1.1" 200 21447 "-" "Mozilla/5.0 (Linux; Android 6.0.1; Nexus 5X Build/MMB29P) AppleWebKit/537.36 (KHTML, like Gecko) Chrome/136.0.7103.113 Mobile Safari/537.36 (compatible; Googlebot/2.1; +http://www.google.com/bot.html)"
2001:ee0:4f3a:4ec2:9512:66a7:b147:8373 - - [08/Jun/2025:05:25:53 -0400] "GET /dmca/ HTTP/1.1" 200 9104 "-" "Mozilla/5.0 (Windows NT 10.0; Win64; x64) AppleWebKit/537.36 (KHTML, like Gecko) Chrome/121.0.0.0 Safari/537.36 Edg/121.0.0.0"
89.211.226.170 - - [08/Jun/2025:06:13:43 -0400] "GET /manga/btooom-chapter-75/ HTTP/1.1" 200 25390 "https://w3.readbtooom.com/" "Mozilla/5.0 (Linux; Android 10; K) AppleWebKit/537.36 (KHTML, like Gecko) Chrome/137.0.0.0 Mobile Safari/537.36"
66.249.93.67 - - [08/Jun/2025:06:13:50 -0400] "GET /manga/btooom-chapter-75/ HTTP/1.1" 200 25351 "-" "Mozilla/5.0 (Linux; Android 7.0; SM-G930V Build/NRD90M) AppleWebKit/537.36 (KHTML, like Gecko) Chrome/59.0.3071.125 Mobile Safari/537.36 (compatible; Google-Read-Aloud; +https://support.google.com/webmasters/answer/1061943)"
89.211.226.170 - - [08/Jun/2025:06:13:52 -0400] "GET /manga/btooom-chapter-75/ HTTP/1.1" 200 25368 "https://w1.readbtooom.com/manga/btooom-chapter-75/" "Mozilla/5.0 (Linux; Android 10; K) AppleWebKit/537.36 (KHTML, like Gecko) Chrome/137.0.0.0 Mobile Safari/537.36"
66.249.70.3 - - [08/Jun/2025:06:23:21 -0400] "GET /manga/btooom-chapter-24/ HTTP/1.1" 200 21455 "-" "Mozilla/5.0 (Linux; Android 6.0.1; Nexus 5X Build/MMB29P) AppleWebKit/537.36 (KHTML, like Gecko) Chrome/136.0.7103.113 Mobile Safari/537.36 (compatible; Googlebot/2.1; +http://www.google.com/bot.html)"
43.157.179.227 - - [08/Jun/2025:06:26:23 -0400] "GET / HTTP/1.1" 301 0 "http://w1.readbtooom.com" "Mozilla/5.0 (iPhone; CPU iPhone OS 13_2_3 like Mac OS X) AppleWebKit/605.1.15 (KHTML, like Gecko) Version/13.0.3 Mobile/15E148 Safari/604.1"
66.249.70.2 - - [08/Jun/2025:06:47:52 -0400] "GET /manga/btooom-chapter-84/ HTTP/1.1" 200 25508 "-" "Mozilla/5.0 (Linux; Android 6.0.1; Nexus 5X Build/MMB29P) AppleWebKit/537.36 (KHTML, like Gecko) Chrome/136.0.7103.113 Mobile Safari/537.36 (compatible; Googlebot/2.1; +http://www.google.com/bot.html)"
66.249.70.2 - - [08/Jun/2025:06:58:16 -0400] "GET /manga/btooom-chapter-116/ HTTP/1.1" 200 26342 "-" "Mozilla/5.0 (Linux; Android 6.0.1; Nexus 5X Build/MMB29P) AppleWebKit/537.36 (KHTML, like Gecko) Chrome/136.0.7103.113 Mobile Safari/537.36 (compatible; Googlebot/2.1; +http://www.google.com/bot.html)"
5.9.120.41 - - [08/Jun/2025:06:58:57 -0400] "GET /robots.txt HTTP/1.1" 200 99 "-" "Mozilla/5.0 (compatible; BLEXBot/1.0; +https://help.seranking.com/en/blex-crawler)"
5.9.120.41 - - [08/Jun/2025:06:58:58 -0400] "GET /dmca/ HTTP/1.1" 200 8694 "-" "Mozilla/5.0 (compatible; BLEXBot/1.0; +https://help.seranking.com/en/blex-crawler)"
5.9.120.41 - - [08/Jun/2025:06:59:02 -0400] "GET /privacy-policy/ HTTP/1.1" 200 11251 "-" "Mozilla/5.0 (compatible; BLEXBot/1.0; +https://help.seranking.com/en/blex-crawler)"
5.9.120.41 - - [08/Jun/2025:06:59:07 -0400] "GET /manga/btooom-chapter-30/ HTTP/1.1" 200 20501 "-" "Mozilla/5.0 (compatible; BLEXBot/1.0; +https://help.seranking.com/en/blex-crawler)"
5.9.120.41 - - [08/Jun/2025:06:59:34 -0400] "GET /manga/btooom-chapter-46/ HTTP/1.1" 200 26220 "-" "Mozilla/5.0 (compatible; BLEXBot/1.0; +https://help.seranking.com/en/blex-crawler)"
5.9.120.41 - - [08/Jun/2025:07:00:08 -0400] "GET /manga/btooom-chapter-73/ HTTP/1.1" 200 25517 "-" "Mozilla/5.0 (compatible; BLEXBot/1.0; +https://help.seranking.com/en/blex-crawler)"
5.9.120.41 - - [08/Jun/2025:07:00:14 -0400] "GET /manga/btooom-chapter-97/ HTTP/1.1" 200 25369 "-" "Mozilla/5.0 (compatible; BLEXBot/1.0; +https://help.seranking.com/en/blex-crawler)"
43.156.109.53 - - [08/Jun/2025:07:40:04 -0400] "GET /manga/btooom-chapter-39/ HTTP/1.1" 200 25859 "-" "Mozilla/5.0 (iPhone; CPU iPhone OS 13_2_3 like Mac OS X) AppleWebKit/605.1.15 (KHTML, like Gecko) Version/13.0.3 Mobile/15E148 Safari/604.1"
66.249.70.4 - - [08/Jun/2025:07:42:13 -0400] "GET /manga/btooom-chapter-93/ HTTP/1.1" 200 25576 "-" "Mozilla/5.0 (Linux; Android 6.0.1; Nexus 5X Build/MMB29P) AppleWebKit/537.36 (KHTML, like Gecko) Chrome/136.0.7103.113 Mobile Safari/537.36 (compatible; Googlebot/2.1; +http://www.google.com/bot.html)"
43.167.232.38 - - [08/Jun/2025:08:39:15 -0400] "GET /manga/btooom-chapter-39/ HTTP/1.1" 200 25860 "-" "Mozilla/5.0 (iPhone; CPU iPhone OS 13_2_3 like Mac OS X) AppleWebKit/605.1.15 (KHTML, like Gecko) Version/13.0.3 Mobile/15E148 Safari/604.1"
66.249.70.4 - - [08/Jun/2025:08:41:16 -0400] "GET /manga/btooom-chapter-67/ HTTP/1.1" 200 25454 "-" "Mozilla/5.0 (Linux; Android 6.0.1; Nexus 5X Build/MMB29P) AppleWebKit/537.36 (KHTML, like Gecko) Chrome/136.0.7103.113 Mobile Safari/537.36 (compatible; Googlebot/2.1; +http://www.google.com/bot.html)"
157.55.39.222 - - [08/Jun/2025:08:54:22 -0400] "GET /robots.txt HTTP/1.1" 200 99 "-" "Mozilla/5.0 AppleWebKit/537.36 (KHTML, like Gecko; compatible; bingbot/2.0; +http://www.bing.com/bingbot.htm) Chrome/116.0.1938.76 Safari/537.36"
40.77.167.151 - - [08/Jun/2025:08:54:34 -0400] "GET /manga/btooom-chapter-105/ HTTP/1.1" 200 27737 "-" "Mozilla/5.0 AppleWebKit/537.36 (KHTML, like Gecko; compatible; bingbot/2.0; +http://www.bing.com/bingbot.htm) Chrome/116.0.1938.76 Safari/537.36"
179.43.128.98 - - [08/Jun/2025:08:58:22 -0400] "GET / HTTP/1.1" 301 0 "-" "Mozilla/5.0 (Macintosh; Intel Mac OS X 10_15_7) AppleWebKit/605.1.15 (KHTML, like Gecko) Version/17.4.1 Safari/605.6.23"
66.249.70.4 - - [08/Jun/2025:09:12:16 -0400] "GET /manga/btooom-chapter-22/ HTTP/1.1" 200 22104 "-" "Mozilla/5.0 (Linux; Android 6.0.1; Nexus 5X Build/MMB29P) AppleWebKit/537.36 (KHTML, like Gecko) Chrome/136.0.7103.113 Mobile Safari/537.36 (compatible; Googlebot/2.1; +http://www.google.com/bot.html)"
223.205.229.46 - - [08/Jun/2025:09:35:24 -0400] "GET /manga/btooom-chapter-16/ HTTP/1.1" 200 21711 "https://w3.readbtooom.com/" "Mozilla/5.0 (Linux; Android 10; K) AppleWebKit/537.36 (KHTML, like Gecko) Chrome/137.0.0.0 Mobile Safari/537.36"
114.119.148.10 - - [08/Jun/2025:09:37:46 -0400] "GET /manga/btooom-chapter-105/ HTTP/1.1" 200 27730 "https://w3.readbtooom.com/manga/btooom-chapter-105/" "Mozilla/5.0 (Linux; Android 7.0;) AppleWebKit/537.36 (KHTML, like Gecko) Mobile Safari/537.36 (compatible; PetalBot;+https://webmaster.petalsearch.com/site/petalbot)"
66.249.70.4 - - [08/Jun/2025:10:34:18 -0400] "GET /manga/btooom-chapter-89/ HTTP/1.1" 200 25443 "-" "Mozilla/5.0 (Linux; Android 6.0.1; Nexus 5X Build/MMB29P) AppleWebKit/537.36 (KHTML, like Gecko) Chrome/136.0.7103.113 Mobile Safari/537.36 (compatible; Googlebot/2.1; +http://www.google.com/bot.html)"
114.119.129.24 - - [08/Jun/2025:10:35:39 -0400] "GET /manga/btooom-chapter-44/ HTTP/1.1" 200 25320 "https://w3.readbtooom.com/manga/btooom-chapter-44/" "Mozilla/5.0 (Linux; Android 7.0;) AppleWebKit/537.36 (KHTML, like Gecko) Mobile Safari/537.36 (compatible; PetalBot;+https://webmaster.petalsearch.com/site/petalbot)"
2405:9800:b670:bea3:997:e791:8f9a:b9f6 - - [08/Jun/2025:10:52:52 -0400] "GET /manga/btooom-chapter-76/ HTTP/1.1" 200 25114 "https://w3.readbtooom.com/" "Mozilla/5.0 (Windows NT 10.0; Win64; x64) AppleWebKit/537.36 (KHTML, like Gecko) Chrome/137.0.0.0 Safari/537.36"
222.127.93.163 - - [08/Jun/2025:11:55:19 -0400] "GET /manga/btooom-chapter-1/ HTTP/1.1" 200 27560 "https://w3.readbtooom.com/" "Mozilla/5.0 (Linux; Android 10; K) AppleWebKit/537.36 (KHTML, like Gecko) Chrome/137.0.0.0 Mobile Safari/537.36"
222.127.93.163 - - [08/Jun/2025:12:01:25 -0400] "GET /privacy-policy/ HTTP/1.1" 200 11626 "https://w1.readbtooom.com/manga/btooom-chapter-1/" "Mozilla/5.0 (Linux; Android 10; K) AppleWebKit/537.36 (KHTML, like Gecko) Chrome/137.0.0.0 Mobile Safari/537.36"
222.127.93.163 - - [08/Jun/2025:12:01:56 -0400] "GET / HTTP/1.1" 301 0 "https://w1.readbtooom.com/manga/btooom-chapter-1/" "Mozilla/5.0 (Linux; Android 10; K) AppleWebKit/537.36 (KHTML, like Gecko) Chrome/137.0.0.0 Mobile Safari/537.36"
109.81.1.37 - - [08/Jun/2025:12:35:39 -0400] "GET /manga/btooom-chapter-51/ HTTP/1.1" 200 25443 "https://w3.readbtooom.com/" "Mozilla/5.0 (Linux; Android 10; K) AppleWebKit/537.36 (KHTML, like Gecko) Chrome/133.0.0.0 Mobile Safari/537.36"
109.81.1.37 - - [08/Jun/2025:12:35:44 -0400] "GET /manga/btooom-chapter-51/ HTTP/1.1" 200 25453 "https://w1.readbtooom.com/manga/btooom-chapter-51/" "Mozilla/5.0 (Linux; Android 10; K) AppleWebKit/537.36 (KHTML, like Gecko) Chrome/133.0.0.0 Mobile Safari/537.36"
74.125.208.45 - - [08/Jun/2025:12:35:46 -0400] "GET /manga/btooom-chapter-51/ HTTP/1.1" 200 25451 "-" "Mozilla/5.0 (Linux; Android 7.0; SM-G930V Build/NRD90M) AppleWebKit/537.36 (KHTML, like Gecko) Chrome/59.0.3071.125 Mobile Safari/537.36 (compatible; Google-Read-Aloud; +https://support.google.com/webmasters/answer/1061943)"
170.106.163.84 - - [08/Jun/2025:12:57:39 -0400] "GET / HTTP/1.1" 301 0 "http://w1.readbtooom.com" "Mozilla/5.0 (iPhone; CPU iPhone OS 13_2_3 like Mac OS X) AppleWebKit/605.1.15 (KHTML, like Gecko) Version/13.0.3 Mobile/15E148 Safari/604.1"
4.213.139.114 - - [08/Jun/2025:13:11:38 -0400] "GET /wp-admin/css/ HTTP/1.1" 200 2823 "binance.com" "Mozilla/5.0 (Windows NT 10.0; Win64; x64) AppleWebKit/537.36 (KHTML, like Gecko) Chrome/90.0.4430.85 Safari/537.36"
4.213.139.114 - - [08/Jun/2025:13:12:00 -0400] "GET /wp-content/uploads/2025/06/ HTTP/1.1" 200 555 "binance.com" "Mozilla/5.0 (Windows NT 10.0; Win64; x64) AppleWebKit/537.36 (KHTML, like Gecko) Chrome/90.0.4430.85 Safari/537.36"
4.213.139.114 - - [08/Jun/2025:13:12:12 -0400] "GET /wp-content/uploads/2025/05/ HTTP/1.1" 200 555 "binance.com" "Mozilla/5.0 (Windows NT 10.0; Win64; x64) AppleWebKit/537.36 (KHTML, like Gecko) Chrome/90.0.4430.85 Safari/537.36"
4.213.139.114 - - [08/Jun/2025:13:12:24 -0400] "GET /wp-content/uploads/ HTTP/1.1" 200 1072 "binance.com" "Mozilla/5.0 (Windows NT 10.0; Win64; x64) AppleWebKit/537.36 (KHTML, like Gecko) Chrome/90.0.4430.85 Safari/537.36"
4.213.139.114 - - [08/Jun/2025:13:12:37 -0400] "GET /wp-content/upgrade/ HTTP/1.1" 200 548 "binance.com" "Mozilla/5.0 (Windows NT 10.0; Win64; x64) AppleWebKit/537.36 (KHTML, like Gecko) Chrome/90.0.4430.85 Safari/537.36"
4.213.139.114 - - [08/Jun/2025:13:12:48 -0400] "GET /wp-content/languages/ HTTP/1.1" 301 0 "binance.com" "Mozilla/5.0 (Windows NT 10.0; Win64; x64) AppleWebKit/537.36 (KHTML, like Gecko) Chrome/90.0.4430.85 Safari/537.36"
4.213.139.114 - - [08/Jun/2025:13:13:23 -0400] "GET /wp-admin/includes/ HTTP/1.1" 200 3591 "binance.com" "Mozilla/5.0 (Windows NT 10.0; Win64; x64) AppleWebKit/537.36 (KHTML, like Gecko) Chrome/90.0.4430.85 Safari/537.36"
4.213.139.114 - - [08/Jun/2025:13:13:44 -0400] "GET /wp-admin/includes/ HTTP/1.1" 200 3627 "binance.com" "Mozilla/5.0 (Windows NT 10.0; Win64; x64) AppleWebKit/537.36 (KHTML, like Gecko) Chrome/90.0.4430.85 Safari/537.36"
4.213.139.114 - - [08/Jun/2025:13:13:53 -0400] "GET /wp-admin/maint/ HTTP/1.1" 200 627 "binance.com" "Mozilla/5.0 (Windows NT 10.0; Win64; x64) AppleWebKit/537.36 (KHTML, like Gecko) Chrome/90.0.4430.85 Safari/537.36"
4.213.139.114 - - [08/Jun/2025:13:14:14 -0400] "GET /wp-admin/maint/ HTTP/1.1" 200 627 "binance.com" "Mozilla/5.0 (Windows NT 10.0; Win64; x64) AppleWebKit/537.36 (KHTML, like Gecko) Chrome/90.0.4430.85 Safari/537.36"
4.213.139.114 - - [08/Jun/2025:13:14:27 -0400] "GET /wp-admin/network/ HTTP/1.1" 500 1084 "binance.com" "Mozilla/5.0 (Windows NT 10.0; Win64; x64) AppleWebKit/537.36 (KHTML, like Gecko) Chrome/90.0.4430.85 Safari/537.36"
4.213.139.114 - - [08/Jun/2025:13:14:49 -0400] "GET /wp-admin/user/ HTTP/1.1" 500 1084 "binance.com" "Mozilla/5.0 (Windows NT 10.0; Win64; x64) AppleWebKit/537.36 (KHTML, like Gecko) Chrome/90.0.4430.85 Safari/537.36"
4.213.139.114 - - [08/Jun/2025:13:15:00 -0400] "GET /wp-admin/css/ HTTP/1.1" 200 2823 "binance.com" "Mozilla/5.0 (Windows NT 10.0; Win64; x64) AppleWebKit/537.36 (KHTML, like Gecko) Chrome/90.0.4430.85 Safari/537.36"
4.213.139.114 - - [08/Jun/2025:13:15:11 -0400] "GET /wp-admin/css/colors/ HTTP/1.1" 200 1142 "binance.com" "Mozilla/5.0 (Windows NT 10.0; Win64; x64) AppleWebKit/537.36 (KHTML, like Gecko) Chrome/90.0.4430.85 Safari/537.36"
4.213.139.114 - - [08/Jun/2025:13:15:20 -0400] "GET /wp-admin/css/colors/blue/ HTTP/1.1" 200 733 "binance.com" "Mozilla/5.0 (Windows NT 10.0; Win64; x64) AppleWebKit/537.36 (KHTML, like Gecko) Chrome/90.0.4430.85 Safari/537.36"
4.213.139.114 - - [08/Jun/2025:13:15:39 -0400] "GET /wp-admin/css/colors/coffee/ HTTP/1.1" 200 744 "binance.com" "Mozilla/5.0 (Windows NT 10.0; Win64; x64) AppleWebKit/537.36 (KHTML, like Gecko) Chrome/90.0.4430.85 Safari/537.36"
4.213.139.114 - - [08/Jun/2025:13:15:48 -0400] "GET /wp-admin/css/colors/ectoplasm/ HTTP/1.1" 200 712 "binance.com" "Mozilla/5.0 (Windows NT 10.0; Win64; x64) AppleWebKit/537.36 (KHTML, like Gecko) Chrome/90.0.4430.85 Safari/537.36"
4.213.139.114 - - [08/Jun/2025:13:15:58 -0400] "GET /wp-admin/css/colors/light/ HTTP/1.1" 200 720 "binance.com" "Mozilla/5.0 (Windows NT 10.0; Win64; x64) AppleWebKit/537.36 (KHTML, like Gecko) Chrome/90.0.4430.85 Safari/537.36"
4.213.139.114 - - [08/Jun/2025:13:16:10 -0400] "GET /wp-admin/css/colors/midnight/ HTTP/1.1" 200 723 "binance.com" "Mozilla/5.0 (Windows NT 10.0; Win64; x64) AppleWebKit/537.36 (KHTML, like Gecko) Chrome/90.0.4430.85 Safari/537.36"
4.213.139.114 - - [08/Jun/2025:13:16:27 -0400] "GET /wp-admin/css/colors/modern/ HTTP/1.1" 200 729 "binance.com" "Mozilla/5.0 (Windows NT 10.0; Win64; x64) AppleWebKit/537.36 (KHTML, like Gecko) Chrome/90.0.4430.85 Safari/537.36"
4.213.139.114 - - [08/Jun/2025:13:16:49 -0400] "GET /wp-admin/css/colors/ocean/ HTTP/1.1" 200 739 "binance.com" "Mozilla/5.0 (Windows NT 10.0; Win64; x64) AppleWebKit/537.36 (KHTML, like Gecko) Chrome/90.0.4430.85 Safari/537.36"
4.213.139.114 - - [08/Jun/2025:13:17:02 -0400] "GET /wp-admin/css/colors/sunrise/%20 HTTP/1.1" 301 0 "binance.com" "Mozilla/5.0 (Windows NT 10.0; Win64; x64) AppleWebKit/537.36 (KHTML, like Gecko) Chrome/90.0.4430.85 Safari/537.36"
4.213.139.114 - - [08/Jun/2025:13:17:26 -0400] "GET /wp-admin/images/ HTTP/1.1" 200 2563 "binance.com" "Mozilla/5.0 (Windows NT 10.0; Win64; x64) AppleWebKit/537.36 (KHTML, like Gecko) Chrome/90.0.4430.85 Safari/537.36"
4.213.139.114 - - [08/Jun/2025:13:17:34 -0400] "GET /wp-admin/js/ HTTP/1.1" 200 3093 "binance.com" "Mozilla/5.0 (Windows NT 10.0; Win64; x64) AppleWebKit/537.36 (KHTML, like Gecko) Chrome/90.0.4430.85 Safari/537.36"
4.213.139.114 - - [08/Jun/2025:13:17:41 -0400] "GET /wp-admin/js/widgets/ HTTP/1.1" 200 1267 "binance.com" "Mozilla/5.0 (Windows NT 10.0; Win64; x64) AppleWebKit/537.36 (KHTML, like Gecko) Chrome/90.0.4430.85 Safari/537.36"
4.213.139.114 - - [08/Jun/2025:13:17:47 -0400] "GET /wp-includes/ HTTP/1.1" 200 6990 "binance.com" "Mozilla/5.0 (Windows NT 10.0; Win64; x64) AppleWebKit/537.36 (KHTML, like Gecko) Chrome/90.0.4430.85 Safari/537.36"
4.213.139.114 - - [08/Jun/2025:13:17:56 -0400] "GET /wp-includes/ HTTP/1.1" 200 6990 "binance.com" "Mozilla/5.0 (Windows NT 10.0; Win64; x64) AppleWebKit/537.36 (KHTML, like Gecko) Chrome/90.0.4430.85 Safari/537.36"
4.213.139.114 - - [08/Jun/2025:13:18:06 -0400] "GET /wp-includes/block-editor.php HTTP/1.1" 200 0 "binance.com" "Mozilla/5.0 (Windows NT 10.0; Win64; x64) AppleWebKit/537.36 (KHTML, like Gecko) Chrome/90.0.4430.85 Safari/537.36"
4.213.139.114 - - [08/Jun/2025:13:18:17 -0400] "GET /wp-includes/block-template-utils.php HTTP/1.1" 200 0 "binance.com" "Mozilla/5.0 (Windows NT 10.0; Win64; x64) AppleWebKit/537.36 (KHTML, like Gecko) Chrome/90.0.4430.85 Safari/537.36"
4.213.139.114 - - [08/Jun/2025:13:18:40 -0400] "GET /wp-includes/block-template.php HTTP/1.1" 200 0 "binance.com" "Mozilla/5.0 (Windows NT 10.0; Win64; x64) AppleWebKit/537.36 (KHTML, like Gecko) Chrome/90.0.4430.85 Safari/537.36"
4.213.139.114 - - [08/Jun/2025:13:18:53 -0400] "GET /wp-includes/class-wp-block-editor-context.php HTTP/1.1" 200 0 "binance.com" "Mozilla/5.0 (Windows NT 10.0; Win64; x64) AppleWebKit/537.36 (KHTML, like Gecko) Chrome/90.0.4430.85 Safari/537.36"
4.213.139.114 - - [08/Jun/2025:13:19:25 -0400] "GET /wp-includes/class-wp-block-parser-block.php HTTP/1.1" 200 0 "binance.com" "Mozilla/5.0 (Windows NT 10.0; Win64; x64) AppleWebKit/537.36 (KHTML, like Gecko) Chrome/90.0.4430.85 Safari/537.36"
4.213.139.114 - - [08/Jun/2025:13:19:35 -0400] "GET /wp-includes/class-wp-block-parser-frame.php HTTP/1.1" 200 0 "binance.com" "Mozilla/5.0 (Windows NT 10.0; Win64; x64) AppleWebKit/537.36 (KHTML, like Gecko) Chrome/90.0.4430.85 Safari/537.36"
4.213.139.114 - - [08/Jun/2025:13:19:45 -0400] "GET /wp-includes/class-wp-block-template.php HTTP/1.1" 200 0 "binance.com" "Mozilla/5.0 (Windows NT 10.0; Win64; x64) AppleWebKit/537.36 (KHTML, like Gecko) Chrome/90.0.4430.85 Safari/537.36"
4.213.139.114 - - [08/Jun/2025:13:19:56 -0400] "GET /wp-includes/class-wp-classic-to-block-menu-converter.php HTTP/1.1" 200 0 "binance.com" "Mozilla/5.0 (Windows NT 10.0; Win64; x64) AppleWebKit/537.36 (KHTML, like Gecko) Chrome/90.0.4430.85 Safari/537.36"
4.213.139.114 - - [08/Jun/2025:13:20:06 -0400] "GET /wp-includes/class-wp-dependencies.php HTTP/1.1" 200 0 "binance.com" "Mozilla/5.0 (Windows NT 10.0; Win64; x64) AppleWebKit/537.36 (KHTML, like Gecko) Chrome/90.0.4430.85 Safari/537.36"
4.213.139.114 - - [08/Jun/2025:13:20:16 -0400] "GET /wp-includes/class-wp-duotone.php HTTP/1.1" 200 0 "binance.com" "Mozilla/5.0 (Windows NT 10.0; Win64; x64) AppleWebKit/537.36 (KHTML, like Gecko) Chrome/90.0.4430.85 Safari/537.36"
4.213.139.114 - - [08/Jun/2025:13:20:27 -0400] "GET /wp-includes/class-wp-http.php HTTP/1.1" 500 0 "binance.com" "Mozilla/5.0 (Windows NT 10.0; Win64; x64) AppleWebKit/537.36 (KHTML, like Gecko) Chrome/90.0.4430.85 Safari/537.36"
4.213.139.114 - - [08/Jun/2025:13:20:35 -0400] "GET /wp-includes/class-wp-navigation-fallback.php HTTP/1.1" 200 0 "binance.com" "Mozilla/5.0 (Windows NT 10.0; Win64; x64) AppleWebKit/537.36 (KHTML, like Gecko) Chrome/90.0.4430.85 Safari/537.36"
4.213.139.114 - - [08/Jun/2025:13:20:56 -0400] "GET /wp-includes/class-wp-scripts.php HTTP/1.1" 500 0 "binance.com" "Mozilla/5.0 (Windows NT 10.0; Win64; x64) AppleWebKit/537.36 (KHTML, like Gecko) Chrome/90.0.4430.85 Safari/537.36"
4.213.139.114 - - [08/Jun/2025:13:21:07 -0400] "GET /wp-includes/class-wp-styles.php HTTP/1.1" 500 0 "binance.com" "Mozilla/5.0 (Windows NT 10.0; Win64; x64) AppleWebKit/537.36 (KHTML, like Gecko) Chrome/90.0.4430.85 Safari/537.36"
4.213.139.114 - - [08/Jun/2025:13:21:14 -0400] "GET /wp-includes/class-wp-textdomain-registry.php HTTP/1.1" 200 0 "binance.com" "Mozilla/5.0 (Windows NT 10.0; Win64; x64) AppleWebKit/537.36 (KHTML, like Gecko) Chrome/90.0.4430.85 Safari/537.36"
4.213.139.114 - - [08/Jun/2025:13:21:21 -0400] "GET /wp-includes/class-wp-theme-json-data.php HTTP/1.1" 200 0 "binance.com" "Mozilla/5.0 (Windows NT 10.0; Win64; x64) AppleWebKit/537.36 (KHTML, like Gecko) Chrome/90.0.4430.85 Safari/537.36"
4.213.139.114 - - [08/Jun/2025:13:21:27 -0400] "GET /wp-includes/class-wp-theme-json-resolver.php HTTP/1.1" 200 0 "binance.com" "Mozilla/5.0 (Windows NT 10.0; Win64; x64) AppleWebKit/537.36 (KHTML, like Gecko) Chrome/90.0.4430.85 Safari/537.36"
4.213.139.114 - - [08/Jun/2025:13:21:35 -0400] "GET /wp-includes/class-wp-theme-json-schema.php HTTP/1.1" 200 0 "binance.com" "Mozilla/5.0 (Windows NT 10.0; Win64; x64) AppleWebKit/537.36 (KHTML, like Gecko) Chrome/90.0.4430.85 Safari/537.36"
4.213.139.114 - - [08/Jun/2025:13:21:43 -0400] "GET /wp-includes/class-wp-theme-json.php HTTP/1.1" 200 0 "binance.com" "Mozilla/5.0 (Windows NT 10.0; Win64; x64) AppleWebKit/537.36 (KHTML, like Gecko) Chrome/90.0.4430.85 Safari/537.36"
4.213.139.114 - - [08/Jun/2025:13:21:52 -0400] "GET /wp-includes/class-wpdb.php HTTP/1.1" 200 0 "binance.com" "Mozilla/5.0 (Windows NT 10.0; Win64; x64) AppleWebKit/537.36 (KHTML, like Gecko) Chrome/90.0.4430.85 Safari/537.36"
4.213.139.114 - - [08/Jun/2025:13:22:03 -0400] "GET /wp-includes/fonts.php HTTP/1.1" 200 0 "binance.com" "Mozilla/5.0 (Windows NT 10.0; Win64; x64) AppleWebKit/537.36 (KHTML, like Gecko) Chrome/90.0.4430.85 Safari/537.36"
4.213.139.114 - - [08/Jun/2025:13:22:11 -0400] "GET /wp-includes/global-styles-and-settings.php HTTP/1.1" 200 0 "binance.com" "Mozilla/5.0 (Windows NT 10.0; Win64; x64) AppleWebKit/537.36 (KHTML, like Gecko) Chrome/90.0.4430.85 Safari/537.36"
4.213.139.114 - - [08/Jun/2025:13:22:19 -0400] "GET /wp-includes/https-detection.php HTTP/1.1" 200 0 "binance.com" "Mozilla/5.0 (Windows NT 10.0; Win64; x64) AppleWebKit/537.36 (KHTML, like Gecko) Chrome/90.0.4430.85 Safari/537.36"
4.213.139.114 - - [08/Jun/2025:13:22:28 -0400] "GET /wp-includes/https-migration.php HTTP/1.1" 200 0 "binance.com" "Mozilla/5.0 (Windows NT 10.0; Win64; x64) AppleWebKit/537.36 (KHTML, like Gecko) Chrome/90.0.4430.85 Safari/537.36"
4.213.139.114 - - [08/Jun/2025:13:22:36 -0400] "GET /wp-includes/robots-template.php HTTP/1.1" 200 0 "binance.com" "Mozilla/5.0 (Windows NT 10.0; Win64; x64) AppleWebKit/537.36 (KHTML, like Gecko) Chrome/90.0.4430.85 Safari/537.36"
4.213.139.114 - - [08/Jun/2025:13:22:45 -0400] "GET /wp-includes/style-engine.php HTTP/1.1" 200 0 "binance.com" "Mozilla/5.0 (Windows NT 10.0; Win64; x64) AppleWebKit/537.36 (KHTML, like Gecko) Chrome/90.0.4430.85 Safari/537.36"
4.213.139.114 - - [08/Jun/2025:13:22:54 -0400] "GET /wp-includes/template-canvas.php HTTP/1.1" 500 0 "binance.com" "Mozilla/5.0 (Windows NT 10.0; Win64; x64) AppleWebKit/537.36 (KHTML, like Gecko) Chrome/90.0.4430.85 Safari/537.36"
4.213.139.114 - - [08/Jun/2025:13:23:04 -0400] "GET /wp-includes/theme-previews.php HTTP/1.1" 200 0 "binance.com" "Mozilla/5.0 (Windows NT 10.0; Win64; x64) AppleWebKit/537.36 (KHTML, like Gecko) Chrome/90.0.4430.85 Safari/537.36"
4.213.139.114 - - [08/Jun/2025:13:23:11 -0400] "GET /wp-includes/theme-templates.php HTTP/1.1" 200 0 "binance.com" "Mozilla/5.0 (Windows NT 10.0; Win64; x64) AppleWebKit/537.36 (KHTML, like Gecko) Chrome/90.0.4430.85 Safari/537.36"
4.213.139.114 - - [08/Jun/2025:13:23:20 -0400] "GET /wp-includes/ID3/ HTTP/1.1" 200 1413 "binance.com" "Mozilla/5.0 (Windows NT 10.0; Win64; x64) AppleWebKit/537.36 (KHTML, like Gecko) Chrome/90.0.4430.85 Safari/537.36"
4.213.139.114 - - [08/Jun/2025:13:23:30 -0400] "GET /wp-includes/ID3/ HTTP/1.1" 200 1413 "binance.com" "Mozilla/5.0 (Windows NT 10.0; Win64; x64) AppleWebKit/537.36 (KHTML, like Gecko) Chrome/90.0.4430.85 Safari/537.36"
4.213.139.114 - - [08/Jun/2025:13:23:40 -0400] "GET /wp-includes/IXR/ HTTP/1.1" 200 1221 "binance.com" "Mozilla/5.0 (Windows NT 10.0; Win64; x64) AppleWebKit/537.36 (KHTML, like Gecko) Chrome/90.0.4430.85 Safari/537.36"
4.213.139.114 - - [08/Jun/2025:13:24:03 -0400] "GET /wp-includes/IXR/ HTTP/1.1" 200 1221 "binance.com" "Mozilla/5.0 (Windows NT 10.0; Win64; x64) AppleWebKit/537.36 (KHTML, like Gecko) Chrome/90.0.4430.85 Safari/537.36"
4.213.139.114 - - [08/Jun/2025:13:24:13 -0400] "GET /wp-includes/PHPMailer/ HTTP/1.1" 200 713 "binance.com" "Mozilla/5.0 (Windows NT 10.0; Win64; x64) AppleWebKit/537.36 (KHTML, like Gecko) Chrome/90.0.4430.85 Safari/537.36"
4.213.139.114 - - [08/Jun/2025:13:24:24 -0400] "GET /wp-includes/PHPMailer/ HTTP/1.1" 200 713 "binance.com" "Mozilla/5.0 (Windows NT 10.0; Win64; x64) AppleWebKit/537.36 (KHTML, like Gecko) Chrome/90.0.4430.85 Safari/537.36"
4.213.139.114 - - [08/Jun/2025:13:24:34 -0400] "GET /wp-includes/Text/ HTTP/1.1" 200 685 "binance.com" "Mozilla/5.0 (Windows NT 10.0; Win64; x64) AppleWebKit/537.36 (KHTML, like Gecko) Chrome/90.0.4430.85 Safari/537.36"
4.213.139.114 - - [08/Jun/2025:13:24:42 -0400] "GET /wp-includes/Text/ HTTP/1.1" 200 685 "binance.com" "Mozilla/5.0 (Windows NT 10.0; Win64; x64) AppleWebKit/537.36 (KHTML, like Gecko) Chrome/90.0.4430.85 Safari/537.36"
4.213.139.114 - - [08/Jun/2025:13:24:51 -0400] "GET /wp-includes/Text/Diff/ HTTP/1.1" 200 702 "binance.com" "Mozilla/5.0 (Windows NT 10.0; Win64; x64) AppleWebKit/537.36 (KHTML, like Gecko) Chrome/90.0.4430.85 Safari/537.36"
4.213.139.114 - - [08/Jun/2025:13:24:58 -0400] "GET /wp-includes/Text/Diff/ HTTP/1.1" 200 702 "binance.com" "Mozilla/5.0 (Windows NT 10.0; Win64; x64) AppleWebKit/537.36 (KHTML, like Gecko) Chrome/90.0.4430.85 Safari/537.36"
4.213.139.114 - - [08/Jun/2025:13:25:05 -0400] "GET /wp-includes/Text/Diff/Engine/ HTTP/1.1" 200 698 "binance.com" "Mozilla/5.0 (Windows NT 10.0; Win64; x64) AppleWebKit/537.36 (KHTML, like Gecko) Chrome/90.0.4430.85 Safari/537.36"
4.213.139.114 - - [08/Jun/2025:13:25:12 -0400] "GET /wp-includes/Text/Diff/Engine/ HTTP/1.1" 200 698 "binance.com" "Mozilla/5.0 (Windows NT 10.0; Win64; x64) AppleWebKit/537.36 (KHTML, like Gecko) Chrome/90.0.4430.85 Safari/537.36"
4.213.139.114 - - [08/Jun/2025:13:25:18 -0400] "GET /wp-includes/Text/Diff/Renderer/ HTTP/1.1" 200 634 "binance.com" "Mozilla/5.0 (Windows NT 10.0; Win64; x64) AppleWebKit/537.36 (KHTML, like Gecko) Chrome/90.0.4430.85 Safari/537.36"
4.213.139.114 - - [08/Jun/2025:13:25:27 -0400] "GET /wp-includes/Text/Diff/Renderer/ HTTP/1.1" 200 634 "binance.com" "Mozilla/5.0 (Windows NT 10.0; Win64; x64) AppleWebKit/537.36 (KHTML, like Gecko) Chrome/90.0.4430.85 Safari/537.36"
4.213.139.114 - - [08/Jun/2025:13:25:35 -0400] "GET /wp-includes/blocks/ HTTP/1.1" 500 0 "binance.com" "Mozilla/5.0 (Windows NT 10.0; Win64; x64) AppleWebKit/537.36 (KHTML, like Gecko) Chrome/90.0.4430.85 Safari/537.36"
4.213.139.114 - - [08/Jun/2025:13:25:54 -0400] "GET /wp-includes/pomo/ HTTP/1.1" 200 1024 "binance.com" "Mozilla/5.0 (Windows NT 10.0; Win64; x64) AppleWebKit/537.36 (KHTML, like Gecko) Chrome/90.0.4430.85 Safari/537.36"
4.213.139.114 - - [08/Jun/2025:13:26:04 -0400] "GET /wp-includes/pomo/ HTTP/1.1" 200 1024 "binance.com" "Mozilla/5.0 (Windows NT 10.0; Win64; x64) AppleWebKit/537.36 (KHTML, like Gecko) Chrome/90.0.4430.85 Safari/537.36"
4.213.139.114 - - [08/Jun/2025:13:26:33 -0400] "GET /wp-includes/sitemaps/ HTTP/1.1" 200 1117 "binance.com" "Mozilla/5.0 (Windows NT 10.0; Win64; x64) AppleWebKit/537.36 (KHTML, like Gecko) Chrome/90.0.4430.85 Safari/537.36"
4.213.139.114 - - [08/Jun/2025:13:26:41 -0400] "GET /wp-includes/sitemaps/ HTTP/1.1" 200 1117 "binance.com" "Mozilla/5.0 (Windows NT 10.0; Win64; x64) AppleWebKit/537.36 (KHTML, like Gecko) Chrome/90.0.4430.85 Safari/537.36"
4.213.139.114 - - [08/Jun/2025:13:26:47 -0400] "GET /wp-includes/sitemaps/providers/ HTTP/1.1" 200 710 "binance.com" "Mozilla/5.0 (Windows NT 10.0; Win64; x64) AppleWebKit/537.36 (KHTML, like Gecko) Chrome/90.0.4430.85 Safari/537.36"
4.213.139.114 - - [08/Jun/2025:13:26:57 -0400] "GET /wp-includes/sitemaps/providers/ HTTP/1.1" 200 710 "binance.com" "Mozilla/5.0 (Windows NT 10.0; Win64; x64) AppleWebKit/537.36 (KHTML, like Gecko) Chrome/90.0.4430.85 Safari/537.36"
4.213.139.114 - - [08/Jun/2025:13:27:06 -0400] "GET /wp-includes/widgets/ HTTP/1.1" 200 1464 "binance.com" "Mozilla/5.0 (Windows NT 10.0; Win64; x64) AppleWebKit/537.36 (KHTML, like Gecko) Chrome/90.0.4430.85 Safari/537.36"
4.213.139.114 - - [08/Jun/2025:13:27:13 -0400] "GET /wp-includes/widgets/ HTTP/1.1" 200 1464 "binance.com" "Mozilla/5.0 (Windows NT 10.0; Win64; x64) AppleWebKit/537.36 (KHTML, like Gecko) Chrome/90.0.4430.85 Safari/537.36"
4.213.139.114 - - [08/Jun/2025:13:27:17 -0400] "GET /wp-includes/widgets/class-wp-widget-block.php HTTP/1.1" 500 0 "binance.com" "Mozilla/5.0 (Windows NT 10.0; Win64; x64) AppleWebKit/537.36 (KHTML, like Gecko) Chrome/90.0.4430.85 Safari/537.36"
4.213.139.114 - - [08/Jun/2025:13:27:25 -0400] "GET /wp-includes/css/ HTTP/1.1" 200 1816 "binance.com" "Mozilla/5.0 (Windows NT 10.0; Win64; x64) AppleWebKit/537.36 (KHTML, like Gecko) Chrome/90.0.4430.85 Safari/537.36"
4.213.139.114 - - [08/Jun/2025:13:27:33 -0400] "GET /wp-includes/css/dist/ HTTP/1.1" 200 1249 "binance.com" "Mozilla/5.0 (Windows NT 10.0; Win64; x64) AppleWebKit/537.36 (KHTML, like Gecko) Chrome/90.0.4430.85 Safari/537.36"
4.213.139.114 - - [08/Jun/2025:13:27:41 -0400] "GET /wp-includes/fonts/ HTTP/1.1" 200 1121 "binance.com" "Mozilla/5.0 (Windows NT 10.0; Win64; x64) AppleWebKit/537.36 (KHTML, like Gecko) Chrome/90.0.4430.85 Safari/537.36"
4.213.139.114 - - [08/Jun/2025:13:27:50 -0400] "GET /wp-includes/fonts/ HTTP/1.1" 200 1121 "binance.com" "Mozilla/5.0 (Windows NT 10.0; Win64; x64) AppleWebKit/537.36 (KHTML, like Gecko) Chrome/90.0.4430.85 Safari/537.36"
4.213.139.114 - - [08/Jun/2025:13:27:58 -0400] "GET /wp-includes/fonts/class-wp-font-face-resolver.php HTTP/1.1" 200 0 "binance.com" "Mozilla/5.0 (Windows NT 10.0; Win64; x64) AppleWebKit/537.36 (KHTML, like Gecko) Chrome/90.0.4430.85 Safari/537.36"
4.213.139.114 - - [08/Jun/2025:13:28:10 -0400] "GET /wp-includes/fonts/class-wp-font-face.php HTTP/1.1" 200 0 "binance.com" "Mozilla/5.0 (Windows NT 10.0; Win64; x64) AppleWebKit/537.36 (KHTML, like Gecko) Chrome/90.0.4430.85 Safari/537.36"
4.213.139.114 - - [08/Jun/2025:13:28:21 -0400] "GET /wp-includes/images/ HTTP/1.1" 200 1465 "binance.com" "Mozilla/5.0 (Windows NT 10.0; Win64; x64) AppleWebKit/537.36 (KHTML, like Gecko) Chrome/90.0.4430.85 Safari/537.36"
4.213.139.114 - - [08/Jun/2025:13:28:31 -0400] "GET /wp-includes/images/crystal/ HTTP/1.1" 200 1127 "binance.com" "Mozilla/5.0 (Windows NT 10.0; Win64; x64) AppleWebKit/537.36 (KHTML, like Gecko) Chrome/90.0.4430.85 Safari/537.36"
4.213.139.114 - - [08/Jun/2025:13:28:41 -0400] "GET /wp-includes/images/media/ HTTP/1.1" 200 1065 "binance.com" "Mozilla/5.0 (Windows NT 10.0; Win64; x64) AppleWebKit/537.36 (KHTML, like Gecko) Chrome/90.0.4430.85 Safari/537.36"
4.213.139.114 - - [08/Jun/2025:13:28:51 -0400] "GET /wp-includes/images/smilies/ HTTP/1.1" 200 1388 "binance.com" "Mozilla/5.0 (Windows NT 10.0; Win64; x64) AppleWebKit/537.36 (KHTML, like Gecko) Chrome/90.0.4430.85 Safari/537.36"
4.213.139.114 - - [08/Jun/2025:13:28:58 -0400] "GET /wp-includes/images/wlw/ HTTP/1.1" 301 0 "binance.com" "Mozilla/5.0 (Windows NT 10.0; Win64; x64) AppleWebKit/537.36 (KHTML, like Gecko) Chrome/90.0.4430.85 Safari/537.36"
4.213.139.114 - - [08/Jun/2025:13:29:14 -0400] "GET /wp-includes/js/%20 HTTP/1.1" 301 0 "binance.com" "Mozilla/5.0 (Windows NT 10.0; Win64; x64) AppleWebKit/537.36 (KHTML, like Gecko) Chrome/90.0.4430.85 Safari/537.36"
4.213.139.114 - - [08/Jun/2025:13:29:33 -0400] "GET /wp-includes/js/codemirror/ HTTP/1.1" 200 1110 "binance.com" "Mozilla/5.0 (Windows NT 10.0; Win64; x64) AppleWebKit/537.36 (KHTML, like Gecko) Chrome/90.0.4430.85 Safari/537.36"
4.213.139.114 - - [08/Jun/2025:13:29:39 -0400] "GET /wp-includes/js/plupload/ HTTP/1.1" 200 1166 "binance.com" "Mozilla/5.0 (Windows NT 10.0; Win64; x64) AppleWebKit/537.36 (KHTML, like Gecko) Chrome/90.0.4430.85 Safari/537.36"
4.213.139.114 - - [08/Jun/2025:13:29:46 -0400] "GET /.well-known/ HTTP/1.1" 200 617 "binance.com" "Mozilla/5.0 (Windows NT 10.0; Win64; x64) AppleWebKit/537.36 (KHTML, like Gecko) Chrome/90.0.4430.85 Safari/537.36"
1.4.128.162 - - [08/Jun/2025:13:55:15 -0400] "GET /manga/btooom-chapter-75/ HTTP/1.1" 200 25391 "https://w3.readbtooom.com/" "Mozilla/5.0 (Linux; Android 10; K) AppleWebKit/537.36 (KHTML, like Gecko) Chrome/137.0.0.0 Mobile Safari/537.36"
1.4.128.162 - - [08/Jun/2025:13:55:23 -0400] "GET /manga/btooom-chapter-75/ HTTP/1.1" 200 25368 "https://w1.readbtooom.com/manga/btooom-chapter-75/" "Mozilla/5.0 (Linux; Android 10; K) AppleWebKit/537.36 (KHTML, like Gecko) Chrome/137.0.0.0 Mobile Safari/537.36"
2001:fb1:6e:cb96:9fc4:841d:d150:aa5e - - [08/Jun/2025:13:55:47 -0400] "GET /manga/btooom-chapter-75/ HTTP/1.1" 200 25372 "https://w3.readbtooom.com/" "Mozilla/5.0 (Linux; Android 10; K) AppleWebKit/537.36 (KHTML, like Gecko) Chrome/137.0.0.0 Mobile Safari/537.36"
20.39.61.93 - - [08/Jun/2025:14:14:25 -0400] "GET / HTTP/1.1" 301 0 "-" "Python/3.9 aiohttp/3.10.6"
2403:6200:88a1:2bea:fd64:66e1:ca3c:e068 - - [08/Jun/2025:14:32:34 -0400] "GET /manga/btooom-chapter-65/ HTTP/1.1" 200 25816 "https://w3.readbtooom.com/" "Mozilla/5.0 (iPhone; CPU iPhone OS 18_5 like Mac OS X) AppleWebKit/605.1.15 (KHTML, like Gecko) Version/18.5 Mobile/15E148 Safari/604.1"
114.119.129.24 - - [08/Jun/2025:14:38:37 -0400] "GET /manga/btooom-chapter-90/ HTTP/1.1" 200 25991 "https://w1.readbtooom.com/manga/btooom-chapter-90/" "Mozilla/5.0 (Linux; Android 7.0;) AppleWebKit/537.36 (KHTML, like Gecko) Mobile Safari/537.36 (compatible; PetalBot;+https://webmaster.petalsearch.com/site/petalbot)"
66.249.70.3 - - [08/Jun/2025:14:57:20 -0400] "GET /manga/btooom-chapter-101/ HTTP/1.1" 200 25419 "-" "Mozilla/5.0 (Linux; Android 6.0.1; Nexus 5X Build/MMB29P) AppleWebKit/537.36 (KHTML, like Gecko) Chrome/136.0.7103.113 Mobile Safari/537.36 (compatible; Googlebot/2.1; +http://www.google.com/bot.html)"
43.159.152.187 - - [08/Jun/2025:15:24:36 -0400] "GET /manga/btooom-chapter-82/ HTTP/1.1" 200 26399 "-" "Mozilla/5.0 (iPhone; CPU iPhone OS 13_2_3 like Mac OS X) AppleWebKit/605.1.15 (KHTML, like Gecko) Version/13.0.3 Mobile/15E148 Safari/604.1"
16.170.143.231 - - [08/Jun/2025:15:33:11 -0400] "GET /style.php HTTP/1.1" 301 0 "-" "Mozlila/5.0 (Linux; Android 7.0; SM-G892A Bulid/NRD90M; wv) AppleWebKit/537.36 (KHTML, like Gecko) Version/4.0 Chrome/60.0.3112.107 Moblie Safari/537.36"
66.249.70.3 - - [08/Jun/2025:16:00:21 -0400] "GET /manga/btooom-chapter-63/ HTTP/1.1" 200 25816 "-" "Mozilla/5.0 (Linux; Android 6.0.1; Nexus 5X Build/MMB29P) AppleWebKit/537.36 (KHTML, like Gecko) Chrome/136.0.7103.113 Mobile Safari/537.36 (compatible; Googlebot/2.1; +http://www.google.com/bot.html)"
43.152.72.244 - - [08/Jun/2025:16:29:20 -0400] "GET /manga/btooom-chapter-25/ HTTP/1.1" 200 21571 "-" "Mozilla/5.0 (iPhone; CPU iPhone OS 13_2_3 like Mac OS X) AppleWebKit/605.1.15 (KHTML, like Gecko) Version/13.0.3 Mobile/15E148 Safari/604.1"
2602:fb54:605:: - - [08/Jun/2025:16:38:43 -0400] "GET /gdftps.php HTTP/1.1" 301 0 "-" "Mozlila/5.0 (Linux; Android 7.0; SM-G892A Bulid/NRD90M; wv) AppleWebKit/537.36 (KHTML, like Gecko) Version/4.0 Chrome/60.0.3112.107 Moblie Safari/537.36"
2602:fb54:605:: - - [08/Jun/2025:16:40:04 -0400] "GET /siteheads.php HTTP/1.1" 301 0 "-" "Mozlila/5.0 (Linux; Android 7.0; SM-G892A Bulid/NRD90M; wv) AppleWebKit/537.36 (KHTML, like Gecko) Version/4.0 Chrome/60.0.3112.107 Moblie Safari/537.36"
170.106.167.214 - - [08/Jun/2025:16:48:54 -0400] "GET / HTTP/1.1" 301 0 "-" "Mozilla/5.0 (iPhone; CPU iPhone OS 13_2_3 like Mac OS X) AppleWebKit/605.1.15 (KHTML, like Gecko) Version/13.0.3 Mobile/15E148 Safari/604.1"
66.249.70.4 - - [08/Jun/2025:17:15:22 -0400] "GET /manga/btooom-chapter-55/ HTTP/1.1" 200 25505 "-" "Mozilla/5.0 (Linux; Android 6.0.1; Nexus 5X Build/MMB29P) AppleWebKit/537.36 (KHTML, like Gecko) Chrome/136.0.7103.113 Mobile Safari/537.36 (compatible; Googlebot/2.1; +http://www.google.com/bot.html)"
129.226.213.145 - - [08/Jun/2025:17:19:42 -0400] "GET /wp-json/oembed/1.0/embed?url=https%3A%2F%2Fw3.readbtooom.com%2Fmanga%2Fbtooom-chapter-25%2F&format=xml HTTP/1.1" 200 1048 "-" "Mozilla/5.0 (iPhone; CPU iPhone OS 13_2_3 like Mac OS X) AppleWebKit/605.1.15 (KHTML, like Gecko) Version/13.0.3 Mobile/15E148 Safari/604.1"
124.156.157.91 - - [08/Jun/2025:17:28:06 -0400] "GET /manga/btooom-chapter-25/ HTTP/1.1" 200 21572 "-" "Mozilla/5.0 (iPhone; CPU iPhone OS 13_2_3 like Mac OS X) AppleWebKit/605.1.15 (KHTML, like Gecko) Version/13.0.3 Mobile/15E148 Safari/604.1"
66.249.70.2 - - [08/Jun/2025:17:56:23 -0400] "GET /manga/btooom-chapter-113/ HTTP/1.1" 200 26486 "-" "Mozilla/5.0 (Linux; Android 6.0.1; Nexus 5X Build/MMB29P) AppleWebKit/537.36 (KHTML, like Gecko) Chrome/136.0.7103.113 Mobile Safari/537.36 (compatible; Googlebot/2.1; +http://www.google.com/bot.html)"
114.119.141.83 - - [08/Jun/2025:18:17:35 -0400] "GET /manga/btooom-chapter-26/ HTTP/1.1" 200 21160 "https://w3.readbtooom.com/manga/btooom-chapter-26/" "Mozilla/5.0 (Linux; Android 7.0;) AppleWebKit/537.36 (KHTML, like Gecko) Mobile Safari/537.36 (compatible; PetalBot;+https://webmaster.petalsearch.com/site/petalbot)"
66.249.70.2 - - [08/Jun/2025:18:29:17 -0400] "GET /manga/btooom-chapter-64/ HTTP/1.1" 200 25775 "-" "Mozilla/5.0 (Linux; Android 6.0.1; Nexus 5X Build/MMB29P) AppleWebKit/537.36 (KHTML, like Gecko) Chrome/136.0.7103.113 Mobile Safari/537.36 (compatible; Googlebot/2.1; +http://www.google.com/bot.html)"
66.249.70.4 - - [08/Jun/2025:18:58:23 -0400] "GET /manga/btooom-chapter-93/ HTTP/1.1" 200 25579 "-" "Mozilla/5.0 (Linux; Android 6.0.1; Nexus 5X Build/MMB29P) AppleWebKit/537.36 (KHTML, like Gecko) Chrome/136.0.7103.113 Mobile Safari/537.36 (compatible; Googlebot/2.1; +http://www.google.com/bot.html)"
114.119.129.24 - - [08/Jun/2025:19:13:01 -0400] "GET /manga/btooom-chapter-40/ HTTP/1.1" 200 25344 "https://w1.readbtooom.com/manga/btooom-chapter-40/" "Mozilla/5.0 (Linux; Android 7.0;) AppleWebKit/537.36 (KHTML, like Gecko) Mobile Safari/537.36 (compatible; PetalBot;+https://webmaster.petalsearch.com/site/petalbot)"
66.249.70.2 - - [08/Jun/2025:20:12:25 -0400] "GET /manga/btooom-chapter-29/ HTTP/1.1" 200 20332 "-" "Mozilla/5.0 (Linux; Android 6.0.1; Nexus 5X Build/MMB29P) AppleWebKit/537.36 (KHTML, like Gecko) Chrome/136.0.7103.113 Mobile Safari/537.36 (compatible; Googlebot/2.1; +http://www.google.com/bot.html)"
114.119.130.109 - - [08/Jun/2025:20:13:35 -0400] "GET /dmca/ HTTP/1.1" 200 8686 "https://w1.readbtooom.com/manga/btooom-chapter-44/" "Mozilla/5.0 (Linux; Android 7.0;) AppleWebKit/537.36 (KHTML, like Gecko) Mobile Safari/537.36 (compatible; PetalBot;+https://webmaster.petalsearch.com/site/petalbot)"
43.157.172.39 - - [08/Jun/2025:20:57:32 -0400] "GET / HTTP/1.1" 301 0 "http://w1.readbtooom.com" "Mozilla/5.0 (iPhone; CPU iPhone OS 13_2_3 like Mac OS X) AppleWebKit/605.1.15 (KHTML, like Gecko) Version/13.0.3 Mobile/15E148 Safari/604.1"
114.119.129.24 - - [08/Jun/2025:21:21:59 -0400] "GET /manga/btooom-chapter-76/ HTTP/1.1" 200 25119 "https://w1.readbtooom.com/manga/btooom-chapter-76/" "Mozilla/5.0 (Linux; Android 7.0;) AppleWebKit/537.36 (KHTML, like Gecko) Mobile Safari/537.36 (compatible; PetalBot;+https://webmaster.petalsearch.com/site/petalbot)"
103.131.71.25 - - [08/Jun/2025:21:32:14 -0400] "GET /wp-content/uploads/2022/06/Read-Manga-News-1024x576.png HTTP/1.1" 200 780797 "-" "Mozilla/5.0 (compatible; coccocbot-image/1.0; +http://help.coccoc.com/searchengine)"
66.249.70.4 - - [08/Jun/2025:21:37:30 -0400] "GET /manga/btooom-chapter-64/ HTTP/1.1" 200 25774 "-" "Mozilla/5.0 (Linux; Android 6.0.1; Nexus 5X Build/MMB29P) AppleWebKit/537.36 (KHTML, like Gecko) Chrome/136.0.7103.113 Mobile Safari/537.36 (compatible; Googlebot/2.1; +http://www.google.com/bot.html)"
101.51.70.168 - - [08/Jun/2025:21:57:19 -0400] "GET /manga/btooom-chapter-75/ HTTP/1.1" 200 25810 "https://w3.readbtooom.com/" "Mozilla/5.0 (Linux; Android 10; K) AppleWebKit/537.36 (KHTML, like Gecko) Chrome/137.0.0.0 Mobile Safari/537.36"
43.130.3.122 - - [08/Jun/2025:22:02:04 -0400] "GET /manga/btooom-chapter-5/ HTTP/1.1" 200 21992 "-" "Mozilla/5.0 (iPhone; CPU iPhone OS 13_2_3 like Mac OS X) AppleWebKit/605.1.15 (KHTML, like Gecko) Version/13.0.3 Mobile/15E148 Safari/604.1"
43.135.130.202 - - [08/Jun/2025:22:11:14 -0400] "GET /manga/btooom-chapter-3/ HTTP/1.1" 200 21686 "-" "Mozilla/5.0 (iPhone; CPU iPhone OS 13_2_3 like Mac OS X) AppleWebKit/605.1.15 (KHTML, like Gecko) Version/13.0.3 Mobile/15E148 Safari/604.1"
43.153.71.12 - - [08/Jun/2025:22:22:23 -0400] "GET /manga/btooom-chapter-50/ HTTP/1.1" 200 26616 "-" "Mozilla/5.0 (iPhone; CPU iPhone OS 13_2_3 like Mac OS X) AppleWebKit/605.1.15 (KHTML, like Gecko) Version/13.0.3 Mobile/15E148 Safari/604.1"
66.249.70.2 - - [08/Jun/2025:22:42:28 -0400] "GET /ads.txt HTTP/1.1" 200 58 "-" "Mozilla/5.0 (compatible; Googlebot/2.1; +http://www.google.com/bot.html)"
66.249.70.2 - - [08/Jun/2025:22:42:28 -0400] "GET /ads.txt HTTP/1.1" 200 58 "-" "Mozilla/5.0 (compatible; Googlebot/2.1; +http://www.google.com/bot.html)"
43.130.15.147 - - [08/Jun/2025:23:12:30 -0400] "GET /wp-json/oembed/1.0/embed?url=https%3A%2F%2Fw3.readbtooom.com%2Fmanga%2Fbtooom-chapter-3%2F&format=xml HTTP/1.1" 200 1043 "-" "Mozilla/5.0 (iPhone; CPU iPhone OS 13_2_3 like Mac OS X) AppleWebKit/605.1.15 (KHTML, like Gecko) Version/13.0.3 Mobile/15E148 Safari/604.1"
49.51.183.15 - - [08/Jun/2025:23:21:39 -0400] "GET /manga/btooom-chapter-50/ HTTP/1.1" 200 26617 "-" "Mozilla/5.0 (iPhone; CPU iPhone OS 13_2_3 like Mac OS X) AppleWebKit/605.1.15 (KHTML, like Gecko) Version/13.0.3 Mobile/15E148 Safari/604.1"
66.249.70.2 - - [08/Jun/2025:23:28:27 -0400] "GET /manga/btooom-chapter-106/ HTTP/1.1" 200 26722 "-" "Mozilla/5.0 (Linux; Android 6.0.1; Nexus 5X Build/MMB29P) AppleWebKit/537.36 (KHTML, like Gecko) Chrome/136.0.7103.113 Mobile Safari/537.36 (compatible; Googlebot/2.1; +http://www.google.com/bot.html)"
43.156.156.96 - - [09/Jun/2025:00:21:20 -0400] "GET /manga/btooom-chapter-102/ HTTP/1.1" 200 30232 "-" "Mozilla/5.0 (iPhone; CPU iPhone OS 13_2_3 like Mac OS X) AppleWebKit/605.1.15 (KHTML, like Gecko) Version/13.0.3 Mobile/15E148 Safari/604.1"
43.135.130.202 - - [09/Jun/2025:00:51:16 -0400] "GET /manga/btooom-chapter-18/ HTTP/1.1" 200 24796 "-" "Mozilla/5.0 (iPhone; CPU iPhone OS 13_2_3 like Mac OS X) AppleWebKit/605.1.15 (KHTML, like Gecko) Version/13.0.3 Mobile/15E148 Safari/604.1"
43.130.39.254 - - [09/Jun/2025:01:20:40 -0400] "GET /manga/btooom-chapter-102/?info HTTP/1.1" 200 28913 "-" "Mozilla/5.0 (iPhone; CPU iPhone OS 13_2_3 like Mac OS X) AppleWebKit/605.1.15 (KHTML, like Gecko) Version/13.0.3 Mobile/15E148 Safari/604.1"
43.130.78.203 - - [09/Jun/2025:02:04:10 -0400] "GET /manga/btooom-chapter-101/ HTTP/1.1" 200 28905 "-" "Mozilla/5.0 (iPhone; CPU iPhone OS 13_2_3 like Mac OS X) AppleWebKit/605.1.15 (KHTML, like Gecko) Version/13.0.3 Mobile/15E148 Safari/604.1"
216.73.216.120 - - [09/Jun/2025:02:48:03 -0400] "GET /robots.txt HTTP/1.1" 200 3538 "-" "Mozilla/5.0 AppleWebKit/537.36 (KHTML, like Gecko; compatible; ClaudeBot/1.0; [email protected])"
216.73.216.120 - - [09/Jun/2025:02:48:05 -0400] "GET /manga/btooom-chapter-74 HTTP/1.1" 200 3485 "-" "Mozilla/5.0 AppleWebKit/537.36 (KHTML, like Gecko; compatible; ClaudeBot/1.0; [email protected])"
192.187.120.74 - - [09/Jun/2025:03:06:08 -0400] "GET / HTTP/1.1" 200 1652 "-" "Mozilla/5.0 (Windows NT 10.0; Win64; x64) AppleWebKit/537.36 (KHTML, like Gecko) Chrome/113.0.0.0 Safari/537.36"
192.187.120.74 - - [09/Jun/2025:03:06:10 -0400] "GET / HTTP/1.1" 200 1652 "-" "Mozilla/5.0 (Windows NT 10.0; Win64; x64) AppleWebKit/537.36 (KHTML, like Gecko) Chrome/113.0.0.0 Safari/537.36"
66.249.70.2 - - [09/Jun/2025:03:07:54 -0400] "GET /robots.txt HTTP/1.1" 404 1251 "-" "Mozilla/5.0 (compatible; Googlebot/2.1; +http://www.google.com/bot.html)"
66.249.70.4 - - [09/Jun/2025:03:07:55 -0400] "GET /manga/btooom-chapter-76/ HTTP/1.1" 404 1251 "-" "Mozilla/5.0 (Linux; Android 6.0.1; Nexus 5X Build/MMB29P) AppleWebKit/537.36 (KHTML, like Gecko) Chrome/136.0.7103.113 Mobile Safari/537.36 (compatible; Googlebot/2.1; +http://www.google.com/bot.html)"
66.249.70.2 - - [09/Jun/2025:03:18:36 -0400] "GET /manga/btooom-chapter-14/ HTTP/1.1" 404 1251 "-" "Mozilla/5.0 (Linux; Android 6.0.1; Nexus 5X Build/MMB29P) AppleWebKit/537.36 (KHTML, like Gecko) Chrome/136.0.7103.113 Mobile Safari/537.36 (compatible; Googlebot/2.1; +http://www.google.com/bot.html)"
135.125.27.237 - - [09/Jun/2025:03:20:02 -0400] "GET /.env HTTP/1.1" 404 1251 "-" "python-requests/2.26.0"
135.125.27.237 - - [09/Jun/2025:03:20:02 -0400] "GET / HTTP/1.1" 200 1648 "-" "python-requests/2.26.0"
66.249.70.3 - - [09/Jun/2025:03:21:36 -0400] "GET /manga/btooom-chapter-15/ HTTP/1.1" 404 1251 "-" "Mozilla/5.0 (Linux; Android 6.0.1; Nexus 5X Build/MMB29P) AppleWebKit/537.36 (KHTML, like Gecko) Chrome/136.0.7103.113 Mobile Safari/537.36 (compatible; Googlebot/2.1; +http://www.google.com/bot.html)"
66.249.70.4 - - [09/Jun/2025:03:32:38 -0400] "GET /manga/btooom-chapter-88/ HTTP/1.1" 404 1251 "-" "Mozilla/5.0 (Linux; Android 6.0.1; Nexus 5X Build/MMB29P) AppleWebKit/537.36 (KHTML, like Gecko) Chrome/136.0.7103.113 Mobile Safari/537.36 (compatible; Googlebot/2.1; +http://www.google.com/bot.html)"
156.59.208.52 - - [09/Jun/2025:03:57:47 -0400] "GET /manga/btooom-chapter-98/ HTTP/1.1" 404 1251 "https://w3.readbtooom.com/" "Mozilla/5.0 (iPhone; CPU iPhone OS 18_5_0 like Mac OS X) AppleWebKit/605.1.15 (KHTML, like Gecko) CriOS/137.0.7151.79 Mobile/15E148 Safari/604.1"
156.59.208.46 - - [09/Jun/2025:03:57:48 -0400] "GET /favicon.ico HTTP/1.1" 404 1251 "-" "Mozilla/5.0 (iPhone; CPU iPhone OS 18_5_0 like Mac OS X) AppleWebKit/605.1.15 (KHTML, like Gecko) CriOS/137.0.7151.79 Mobile/15E148 Safari/604.1"
156.59.208.52 - - [09/Jun/2025:03:57:50 -0400] "GET /manga/btooom-chapter-98/ HTTP/1.1" 404 1251 "https://w3.readbtooom.com/" "Mozilla/5.0 (iPhone; CPU iPhone OS 18_5_0 like Mac OS X) AppleWebKit/605.1.15 (KHTML, like Gecko) CriOS/137.0.7151.79 Mobile/15E148 Safari/604.1"
156.59.208.52 - - [09/Jun/2025:03:58:09 -0400] "GET /manga/btooom-chapter-98/ HTTP/1.1" 404 1251 "https://w3.readbtooom.com/" "Mozilla/5.0 (iPhone; CPU iPhone OS 18_5_0 like Mac OS X) AppleWebKit/605.1.15 (KHTML, like Gecko) CriOS/137.0.7151.79 Mobile/15E148 Safari/604.1"
156.59.208.57 - - [09/Jun/2025:03:58:16 -0400] "GET /manga/btooom-chapter-98/ HTTP/1.1" 404 1251 "https://w3.readbtooom.com/" "Mozilla/5.0 (iPhone; CPU iPhone OS 18_5_0 like Mac OS X) AppleWebKit/605.1.15 (KHTML, like Gecko) CriOS/137.0.7151.79 Mobile/15E148 Safari/604.1"
156.59.208.57 - - [09/Jun/2025:03:58:39 -0400] "GET /manga/btooom-chapter-75/ HTTP/1.1" 404 1251 "https://w3.readbtooom.com/" "Mozilla/5.0 (iPhone; CPU iPhone OS 18_5_0 like Mac OS X) AppleWebKit/605.1.15 (KHTML, like Gecko) CriOS/137.0.7151.79 Mobile/15E148 Safari/604.1"
66.249.70.3 - - [09/Jun/2025:04:00:40 -0400] "GET /manga/btooom-chapter-73/ HTTP/1.1" 404 1251 "-" "Mozilla/5.0 (Linux; Android 6.0.1; Nexus 5X Build/MMB29P) AppleWebKit/537.36 (KHTML, like Gecko) Chrome/136.0.7103.113 Mobile Safari/537.36 (compatible; Googlebot/2.1; +http://www.google.com/bot.html)"
2403:6200:8810:2da8:2a98:b74b:2fbc:a9eb - - [09/Jun/2025:04:05:48 -0400] "GET /manga/btooom-chapter-99/ HTTP/1.1" 404 1251 "https://w3.readbtooom.com/" "Mozilla/5.0 (Linux; Android 10; K) AppleWebKit/537.36 (KHTML, like Gecko) Chrome/137.0.0.0 Mobile Safari/537.36"
2403:6200:8810:2da8:2a98:b74b:2fbc:a9eb - - [09/Jun/2025:04:05:49 -0400] "GET /favicon.ico HTTP/1.1" 404 1251 "https://w1.readbtooom.com/manga/btooom-chapter-99/" "Mozilla/5.0 (Linux; Android 10; K) AppleWebKit/537.36 (KHTML, like Gecko) Chrome/137.0.0.0 Mobile Safari/537.36"
66.249.70.2 - - [09/Jun/2025:04:38:51 -0400] "GET /manga/btooom-chapter-87/ HTTP/1.1" 200 20456 "-" "Mozilla/5.0 (Linux; Android 6.0.1; Nexus 5X Build/MMB29P) AppleWebKit/537.36 (KHTML, like Gecko) Chrome/136.0.7103.113 Mobile Safari/537.36 (compatible; Googlebot/2.1; +http://www.google.com/bot.html)"
66.249.70.2 - - [09/Jun/2025:04:39:06 -0400] "POST /get-message-notify HTTP/1.1" 200 20864 "https://w1.readbtooom.com/manga/btooom-chapter-87/" "Mozilla/5.0 (Linux; Android 6.0.1; Nexus 5X Build/MMB29P) AppleWebKit/537.36 (KHTML, like Gecko) Chrome/136.0.7103.92 Mobile Safari/537.36 (compatible; Googlebot/2.1; +http://www.google.com/bot.html)"
66.249.70.4 - - [09/Jun/2025:04:43:30 -0400] "GET /manga/btooom-chapter-55/ HTTP/1.1" 200 20592 "-" "Mozilla/5.0 (Linux; Android 6.0.1; Nexus 5X Build/MMB29P) AppleWebKit/537.36 (KHTML, like Gecko) Chrome/136.0.7103.113 Mobile Safari/537.36 (compatible; Googlebot/2.1; +http://www.google.com/bot.html)"
66.249.70.3 - - [09/Jun/2025:04:43:58 -0400] "POST /get-message-notify HTTP/1.1" 200 20865 "https://w1.readbtooom.com/manga/btooom-chapter-55/" "Mozilla/5.0 (Linux; Android 6.0.1; Nexus 5X Build/MMB29P) AppleWebKit/537.36 (KHTML, like Gecko) Chrome/136.0.7103.92 Mobile Safari/537.36 (compatible; Googlebot/2.1; +http://www.google.com/bot.html)"
216.73.216.225 - - [09/Jun/2025:05:10:42 -0400] "GET /robots.txt HTTP/1.1" 200 120 "-" "Mozilla/5.0 AppleWebKit/537.36 (KHTML, like Gecko; compatible; ClaudeBot/1.0; [email protected])"
216.73.216.225 - - [09/Jun/2025:05:10:42 -0400] "GET /manga/btooom-chapter-74?filesrc=%2Fhome%2Fhonehdyv%2Freadbtooom.com%2Fwp-blog-header.php&path=%2Fhome%2Fhonehdyv%2Freadbtooom.com HTTP/1.1" 200 2190 "-" "Mozilla/5.0 AppleWebKit/537.36 (KHTML, like Gecko; compatible; ClaudeBot/1.0; [email protected])"
216.73.216.225 - - [09/Jun/2025:05:12:20 -0400] "GET /manga/btooom-chapter-74?filesrc=%2Fhome%2Fhonehdyv%2Freadbtooom.com%2Freadme.html&path=%2Fhome%2Fhonehdyv%2Freadbtooom.com HTTP/1.1" 200 5034 "-" "Mozilla/5.0 AppleWebKit/537.36 (KHTML, like Gecko; compatible; ClaudeBot/1.0; [email protected])"
216.73.216.225 - - [09/Jun/2025:05:14:05 -0400] "GET /manga/btooom-chapter-74?filesrc=%2Fhome%2Fhonehdyv%2Freadbtooom.com%2Fautoload_classmap.php&path=%2Fhome%2Fhonehdyv%2Freadbtooom.com HTTP/1.1" 200 24074 "-" "Mozilla/5.0 AppleWebKit/537.36 (KHTML, like Gecko; compatible; ClaudeBot/1.0; [email protected])"
216.73.216.225 - - [09/Jun/2025:05:15:51 -0400] "GET /manga/btooom-chapter-74?filesrc=%2Fhome%2Fhonehdyv%2Freadbtooom.com%2Fwp-cron.php&path=%2Fhome%2Fhonehdyv%2Freadbtooom.com HTTP/1.1" 200 4157 "-" "Mozilla/5.0 AppleWebKit/537.36 (KHTML, like Gecko; compatible; ClaudeBot/1.0; [email protected])"
216.73.216.225 - - [09/Jun/2025:05:23:18 -0400] "GET /manga/btooom-chapter-74?filesrc=%2Fhome%2Fhonehdyv%2Freadbtooom.com%2Fwp-links-opml.php&path=%2Fhome%2Fhonehdyv%2Freadbtooom.com HTTP/1.1" 200 3158 "-" "Mozilla/5.0 AppleWebKit/537.36 (KHTML, like Gecko; compatible; ClaudeBot/1.0; [email protected])"
