Current File : /home/honehdyv/access-logs/w1.perfectmarriagerevenge.com-ssl_log |
43.159.143.139 - - [08/Jun/2025:04:38:57 -0400] "GET /manga/perfect-marriage-revenge-chapter-111/ HTTP/1.1" 200 11609 "-" "Mozilla/5.0 (iPhone; CPU iPhone OS 13_2_3 like Mac OS X) AppleWebKit/605.1.15 (KHTML, like Gecko) Version/13.0.3 Mobile/15E148 Safari/604.1"
162.0.232.193 - - [08/Jun/2025:04:43:04 -0400] "POST /wp-cron.php?doing_wp_cron=1749372184.7677199840545654296875 HTTP/1.1" 200 0 "-" "WordPress/6.6.2; https://w1.perfectmarriagerevenge.com"
40.77.167.55 - - [08/Jun/2025:04:43:02 -0400] "GET /sitemap_index.xml HTTP/1.1" 200 348 "-" "Mozilla/5.0 AppleWebKit/537.36 (KHTML, like Gecko; compatible; bingbot/2.0; +http://www.bing.com/bingbot.htm) Chrome/116.0.1938.76 Safari/537.36"
162.0.232.193 - - [08/Jun/2025:04:44:11 -0400] "POST /wp-cron.php?doing_wp_cron=1749372251.8047881126403808593750 HTTP/1.1" 200 0 "-" "WordPress/6.6.2; https://w1.perfectmarriagerevenge.com"
103.154.62.171 - - [08/Jun/2025:04:44:11 -0400] "POST /xmlrpc.php HTTP/1.1" 200 205 "-" "Mozilla/5.0 (X11; Ubuntu; Linux x86_64; rv:85.0) Gecko/20100101 Firefox/91.0"
162.0.232.193 - - [08/Jun/2025:04:47:13 -0400] "POST /wp-cron.php?doing_wp_cron=1749372433.1571640968322753906250 HTTP/1.1" 200 0 "-" "WordPress/6.6.2; https://w1.perfectmarriagerevenge.com"
103.92.235.17 - - [08/Jun/2025:04:47:11 -0400] "POST /xmlrpc.php HTTP/1.1" 200 186 "https://w1.perfectmarriagerevenge.com" "Mozilla/5.0 (Macintosh; Intel Mac OS X 13.3; rv:126.0) Gecko/20100101 Firefox/126.0"
103.92.235.17 - - [08/Jun/2025:04:47:14 -0400] "POST /wp-login.php HTTP/1.1" 200 1918 "https://w1.perfectmarriagerevenge.com" "Mozilla/5.0 (Windows NT 10.0; Win64; x64; rv:127.0) Gecko/20100101 Firefox/127.0"
162.0.232.193 - - [08/Jun/2025:04:47:47 -0400] "POST /wp-cron.php?doing_wp_cron=1749372467.1578249931335449218750 HTTP/1.1" 200 0 "-" "WordPress/6.6.2; https://w1.perfectmarriagerevenge.com"
157.245.151.91 - - [08/Jun/2025:04:47:47 -0400] "GET /wp-includes/id3/license.txt/feed/ HTTP/1.1" 301 0 "-" "Mozilla/5.0 (Windows NT 10.0; Win64; x64) AppleWebKit/537.36 (KHTML, like Gecko) Chrome/95.0.4638.69 Safari/537.36"
157.245.151.91 - - [08/Jun/2025:04:47:47 -0400] "GET /wp-includes/id3/license.txt/xmlrpc.php?rsd HTTP/1.1" 301 0 "-" "Mozilla/5.0 (Windows NT 10.0; Win64; x64) AppleWebKit/537.36 (KHTML, like Gecko) Chrome/95.0.4638.69 Safari/537.36"
157.245.151.91 - - [08/Jun/2025:04:47:47 -0400] "GET /wp-includes/id3/license.txt/blog/wp-includes/wlwmanifest.xml HTTP/1.1" 301 0 "-" "Mozilla/5.0 (Windows NT 10.0; Win64; x64) AppleWebKit/537.36 (KHTML, like Gecko) Chrome/95.0.4638.69 Safari/537.36"
157.245.151.91 - - [08/Jun/2025:04:47:48 -0400] "GET /wp-includes/id3/license.txt/web/wp-includes/wlwmanifest.xml HTTP/1.1" 301 0 "-" "Mozilla/5.0 (Windows NT 10.0; Win64; x64) AppleWebKit/537.36 (KHTML, like Gecko) Chrome/95.0.4638.69 Safari/537.36"
157.245.151.91 - - [08/Jun/2025:04:47:48 -0400] "GET /wp-includes/id3/license.txt/wordpress/wp-includes/wlwmanifest.xml HTTP/1.1" 301 0 "-" "Mozilla/5.0 (Windows NT 10.0; Win64; x64) AppleWebKit/537.36 (KHTML, like Gecko) Chrome/95.0.4638.69 Safari/537.36"
157.245.151.91 - - [08/Jun/2025:04:47:48 -0400] "GET /wp-includes/id3/license.txt/wp/wp-includes/wlwmanifest.xml HTTP/1.1" 301 0 "-" "Mozilla/5.0 (Windows NT 10.0; Win64; x64) AppleWebKit/537.36 (KHTML, like Gecko) Chrome/95.0.4638.69 Safari/537.36"
157.245.151.91 - - [08/Jun/2025:04:47:49 -0400] "GET /wp-includes/id3/license.txt/2020/wp-includes/wlwmanifest.xml HTTP/1.1" 301 0 "-" "Mozilla/5.0 (Windows NT 10.0; Win64; x64) AppleWebKit/537.36 (KHTML, like Gecko) Chrome/95.0.4638.69 Safari/537.36"
157.245.151.91 - - [08/Jun/2025:04:47:49 -0400] "GET /wp-includes/id3/license.txt/2019/wp-includes/wlwmanifest.xml HTTP/1.1" 301 0 "-" "Mozilla/5.0 (Windows NT 10.0; Win64; x64) AppleWebKit/537.36 (KHTML, like Gecko) Chrome/95.0.4638.69 Safari/537.36"
157.245.151.91 - - [08/Jun/2025:04:47:49 -0400] "GET /wp-includes/id3/license.txt/2021/wp-includes/wlwmanifest.xml HTTP/1.1" 301 0 "-" "Mozilla/5.0 (Windows NT 10.0; Win64; x64) AppleWebKit/537.36 (KHTML, like Gecko) Chrome/95.0.4638.69 Safari/537.36"
157.245.151.91 - - [08/Jun/2025:04:47:50 -0400] "GET /wp-includes/id3/license.txt/shop/wp-includes/wlwmanifest.xml HTTP/1.1" 301 0 "-" "Mozilla/5.0 (Windows NT 10.0; Win64; x64) AppleWebKit/537.36 (KHTML, like Gecko) Chrome/95.0.4638.69 Safari/537.36"
157.245.151.91 - - [08/Jun/2025:04:47:50 -0400] "GET /wp-includes/id3/license.txt/wp1/wp-includes/wlwmanifest.xml HTTP/1.1" 301 0 "-" "Mozilla/5.0 (Windows NT 10.0; Win64; x64) AppleWebKit/537.36 (KHTML, like Gecko) Chrome/95.0.4638.69 Safari/537.36"
157.245.151.91 - - [08/Jun/2025:04:47:50 -0400] "GET /wp-includes/id3/license.txt/test/wp-includes/wlwmanifest.xml HTTP/1.1" 301 0 "-" "Mozilla/5.0 (Windows NT 10.0; Win64; x64) AppleWebKit/537.36 (KHTML, like Gecko) Chrome/95.0.4638.69 Safari/537.36"
157.245.151.91 - - [08/Jun/2025:04:47:51 -0400] "GET /wp-includes/id3/license.txt/site/wp-includes/wlwmanifest.xml HTTP/1.1" 301 0 "-" "Mozilla/5.0 (Windows NT 10.0; Win64; x64) AppleWebKit/537.36 (KHTML, like Gecko) Chrome/95.0.4638.69 Safari/537.36"
157.245.151.91 - - [08/Jun/2025:04:47:51 -0400] "GET /wp-includes/id3/license.txt/cms/wp-includes/wlwmanifest.xml HTTP/1.1" 301 0 "-" "Mozilla/5.0 (Windows NT 10.0; Win64; x64) AppleWebKit/537.36 (KHTML, like Gecko) Chrome/95.0.4638.69 Safari/537.36"
162.0.232.193 - - [08/Jun/2025:04:49:50 -0400] "POST /wp-cron.php?doing_wp_cron=1749372590.7715630531311035156250 HTTP/1.1" 200 0 "-" "WordPress/6.6.2; https://w1.perfectmarriagerevenge.com"
43.133.253.253 - - [08/Jun/2025:04:49:48 -0400] "GET /manga/perfect-marriage-revenge-chapter-20/feed/ HTTP/1.1" 200 427 "-" "Mozilla/5.0 (iPhone; CPU iPhone OS 13_2_3 like Mac OS X) AppleWebKit/605.1.15 (KHTML, like Gecko) Version/13.0.3 Mobile/15E148 Safari/604.1"
43.157.170.13 - - [08/Jun/2025:04:50:36 -0400] "GET / HTTP/1.1" 200 10816 "http://w1.perfectmarriagerevenge.com" "Mozilla/5.0 (iPhone; CPU iPhone OS 13_2_3 like Mac OS X) AppleWebKit/605.1.15 (KHTML, like Gecko) Version/13.0.3 Mobile/15E148 Safari/604.1"
47.82.60.123 - - [08/Jun/2025:04:50:58 -0400] "GET / HTTP/1.1" 200 10484 "https://w1.perfectmarriagerevenge.com/" "Mozilla/5.0 (Windows NT 10.0; Win64; x64) AppleWebKit/537.36 (KHTML, like Gecko) Chrome/114.0.0.0 Safari/537.36 Edg/114.0.1823.43"
220.181.108.167 - - [08/Jun/2025:04:54:32 -0400] "GET / HTTP/1.1" 200 10467 "-" "Mozilla/5.0 (compatible; Baiduspider/2.0; +http://www.baidu.com/search/spider.html)"
116.179.32.46 - - [08/Jun/2025:04:54:34 -0400] "GET / HTTP/1.1" 200 10769 "-" "Mozilla/5.0 (Linux;u;Android 4.2.2;zh-cn;) AppleWebKit/534.46 (KHTML,like Gecko) Version/5.1 Mobile Safari/10600.6.3 (compatible; Baiduspider/2.0; +http://www.baidu.com/search/spider.html)"
162.0.232.193 - - [08/Jun/2025:04:54:36 -0400] "POST /wp-cron.php?doing_wp_cron=1749372876.5892028808593750000000 HTTP/1.1" 200 0 "-" "WordPress/6.6.2; https://w1.perfectmarriagerevenge.com"
220.181.51.88 - - [08/Jun/2025:04:54:34 -0400] "GET /robots.txt HTTP/1.1" 200 117 "-" "Mozilla/5.0 (Windows NT 10.0; WOW64) AppleWebKit/537.36 (KHTML, like Gecko) Chrome/48.0.2564.116 Safari/537.36"
162.0.232.193 - - [08/Jun/2025:04:57:47 -0400] "POST /wp-cron.php?doing_wp_cron=1749373067.4158589839935302734375 HTTP/1.1" 200 0 "-" "WordPress/6.6.2; https://w1.perfectmarriagerevenge.com"
216.73.216.122 - - [08/Jun/2025:04:57:45 -0400] "GET /sitemap_index.xml HTTP/1.1" 200 348 "-" "Mozilla/5.0 AppleWebKit/537.36 (KHTML, like Gecko; compatible; ClaudeBot/1.0; [email protected])"
162.0.232.193 - - [08/Jun/2025:04:58:55 -0400] "POST /wp-cron.php?doing_wp_cron=1749373135.4939539432525634765625 HTTP/1.1" 200 0 "-" "WordPress/6.6.2; https://w1.perfectmarriagerevenge.com"
170.106.148.137 - - [08/Jun/2025:04:58:55 -0400] "GET /manga/perfect-marriage-revenge-chapter-25/feed/ HTTP/1.1" 200 426 "-" "Mozilla/5.0 (iPhone; CPU iPhone OS 13_2_3 like Mac OS X) AppleWebKit/605.1.15 (KHTML, like Gecko) Version/13.0.3 Mobile/15E148 Safari/604.1"
162.0.232.193 - - [08/Jun/2025:05:06:45 -0400] "POST /wp-cron.php?doing_wp_cron=1749373605.1552329063415527343750 HTTP/1.1" 200 0 "-" "WordPress/6.6.2; https://w1.perfectmarriagerevenge.com"
134.122.133.132 - - [08/Jun/2025:05:06:43 -0400] "GET /zb_system/image/common/user_1.png HTTP/1.1" 301 0 "http://perfectmarriagerevenge.com" "(compatible; Baiduspider/2.0; +http://www.baidu.com/search/spider.html\xa3\xa9"
134.122.133.132 - - [08/Jun/2025:05:06:45 -0400] "GET /zb_users/avatar/0.png HTTP/1.1" 301 0 "http://perfectmarriagerevenge.com" "msnbot/1.0 (+http://search.msn.com/msnbot.htm\xa1\xb1)"
162.0.232.193 - - [08/Jun/2025:05:08:27 -0400] "POST /wp-cron.php?doing_wp_cron=1749373706.9869499206542968750000 HTTP/1.1" 200 0 "-" "WordPress/6.6.2; https://w1.perfectmarriagerevenge.com"
103.154.184.168 - - [08/Jun/2025:05:08:25 -0400] "POST /xmlrpc.php HTTP/1.1" 200 186 "https://w1.perfectmarriagerevenge.com" "Mozilla/5.0 (Macintosh; Intel Mac OS X 10_15_7) AppleWebKit/537.36 (KHTML, like Gecko) Chrome/112.0.5615.138 Safari/537.36"
103.154.184.168 - - [08/Jun/2025:05:08:28 -0400] "POST /wp-login.php HTTP/1.1" 200 1918 "https://w1.perfectmarriagerevenge.com" "Mozilla/5.0 (Macintosh; Intel Mac OS X 10_15_7) AppleWebKit/537.36 (KHTML, like Gecko) Chrome/114.0.5735.134 Safari/537.36"
162.0.232.193 - - [08/Jun/2025:05:08:45 -0400] "POST /wp-cron.php?doing_wp_cron=1749373725.2118089199066162109375 HTTP/1.1" 200 0 "-" "WordPress/6.6.2; https://w1.perfectmarriagerevenge.com"
154.26.131.190 - - [08/Jun/2025:05:08:45 -0400] "POST /xmlrpc.php HTTP/1.1" 200 205 "-" "Mozilla/5.0 (X11; Ubuntu; Linux x86_64; rv:85.0) Gecko/20100101 Firefox/91.0"
162.0.232.193 - - [08/Jun/2025:05:08:54 -0400] "POST /wp-cron.php?doing_wp_cron=1749373734.6614670753479003906250 HTTP/1.1" 200 0 "-" "WordPress/6.6.2; https://w1.perfectmarriagerevenge.com"
216.244.66.198 - - [08/Jun/2025:05:08:54 -0400] "GET /category/perfect-marriage-revenge-webtoon/page/3/ HTTP/1.1" 200 25823 "-" "Mozilla/5.0 (compatible; DotBot/1.2; +https://opensiteexplorer.org/dotbot; [email protected])"
43.131.36.84 - - [08/Jun/2025:05:09:15 -0400] "GET /manga/perfect-marriage-revenge-chapter-35/ HTTP/1.1" 200 15348 "-" "Mozilla/5.0 (iPhone; CPU iPhone OS 13_2_3 like Mac OS X) AppleWebKit/605.1.15 (KHTML, like Gecko) Version/13.0.3 Mobile/15E148 Safari/604.1"
66.249.66.163 - - [08/Jun/2025:05:09:16 -0400] "GET /sitemap_index.xml HTTP/1.1" 200 348 "-" "Mozilla/5.0 (compatible; Googlebot/2.1; +http://www.google.com/bot.html)"
2a03:2880:f800:18:: - - [08/Jun/2025:05:16:29 -0400] "GET /author/admin/page/7/ HTTP/1.1" 200 24373 "-" "meta-externalagent/1.1 (+https://developers.facebook.com/docs/sharing/webmasters/crawler)"
175.176.8.217 - - [08/Jun/2025:05:19:51 -0400] "GET /manga/perfect-marriage-revenge-chapter-1/ HTTP/1.1" 200 14202 "-" "Mozilla/5.0 (Linux; Android 10; MI 8 Lite Build/QKQ1.190910.002; ) AppleWebKit/537.36 (KHTML, like Gecko) Chrome/124.0.0.0 Mobile Safari/537.36 EdgA/124.0.2478.64"
162.0.232.193 - - [08/Jun/2025:05:19:53 -0400] "POST /wp-cron.php?doing_wp_cron=1749374393.1181690692901611328125 HTTP/1.1" 200 0 "-" "WordPress/6.6.2; https://w1.perfectmarriagerevenge.com"
216.244.66.198 - - [08/Jun/2025:05:19:51 -0400] "GET /robots.txt HTTP/1.1" 200 117 "-" "Mozilla/5.0 (compatible; DotBot/1.2; +https://opensiteexplorer.org/dotbot; [email protected])"
175.176.8.217 - - [08/Jun/2025:05:19:54 -0400] "POST /wp-admin/admin-ajax.php HTTP/1.1" 200 49 "https://w1.perfectmarriagerevenge.com/manga/perfect-marriage-revenge-chapter-1/" "Mozilla/5.0 (Linux; Android 10; MI 8 Lite Build/QKQ1.190910.002; ) AppleWebKit/537.36 (KHTML, like Gecko) Chrome/124.0.0.0 Mobile Safari/537.36 EdgA/124.0.2478.64"
175.176.8.217 - - [08/Jun/2025:05:19:53 -0400] "POST /wp-admin/admin-ajax.php HTTP/1.1" 200 69 "https://w1.perfectmarriagerevenge.com/manga/perfect-marriage-revenge-chapter-1/" "Mozilla/5.0 (Linux; Android 10; MI 8 Lite Build/QKQ1.190910.002; ) AppleWebKit/537.36 (KHTML, like Gecko) Chrome/124.0.0.0 Mobile Safari/537.36 EdgA/124.0.2478.64"
175.176.8.217 - - [08/Jun/2025:05:19:54 -0400] "POST /wp-admin/admin-ajax.php HTTP/1.1" 200 684 "https://w1.perfectmarriagerevenge.com/manga/perfect-marriage-revenge-chapter-1/" "Mozilla/5.0 (Linux; Android 10; MI 8 Lite Build/QKQ1.190910.002; ) AppleWebKit/537.36 (KHTML, like Gecko) Chrome/124.0.0.0 Mobile Safari/537.36 EdgA/124.0.2478.64"
175.176.8.217 - - [08/Jun/2025:05:20:06 -0400] "POST /wp-admin/admin-ajax.php HTTP/1.1" 200 69 "https://w1.perfectmarriagerevenge.com/manga/perfect-marriage-revenge-chapter-1/" "Mozilla/5.0 (Linux; Android 10; MI 8 Lite Build/QKQ1.190910.002; ) AppleWebKit/537.36 (KHTML, like Gecko) Chrome/124.0.0.0 Mobile Safari/537.36 BingSapphire/31.8.430528010"
175.176.8.217 - - [08/Jun/2025:05:20:17 -0400] "GET /manga/perfect-marriage-revenge-chapter-1/ HTTP/1.1" 304 0 "-" "Mozilla/5.0 (Linux; Android 10; MI 8 Lite Build/QKQ1.190910.002; ) AppleWebKit/537.36 (KHTML, like Gecko) Chrome/124.0.0.0 Mobile Safari/537.36 EdgA/124.0.2478.64"
175.176.8.217 - - [08/Jun/2025:05:20:19 -0400] "POST /wp-admin/admin-ajax.php HTTP/1.1" 200 47 "https://w1.perfectmarriagerevenge.com/manga/perfect-marriage-revenge-chapter-1/" "Mozilla/5.0 (Linux; Android 10; MI 8 Lite Build/QKQ1.190910.002; ) AppleWebKit/537.36 (KHTML, like Gecko) Chrome/124.0.0.0 Mobile Safari/537.36 EdgA/124.0.2478.64"
175.176.8.217 - - [08/Jun/2025:05:20:18 -0400] "POST /wp-admin/admin-ajax.php HTTP/1.1" 200 69 "https://w1.perfectmarriagerevenge.com/manga/perfect-marriage-revenge-chapter-1/" "Mozilla/5.0 (Linux; Android 10; MI 8 Lite Build/QKQ1.190910.002; ) AppleWebKit/537.36 (KHTML, like Gecko) Chrome/124.0.0.0 Mobile Safari/537.36 EdgA/124.0.2478.64"
175.176.8.217 - - [08/Jun/2025:05:20:37 -0400] "GET /category/manga/ HTTP/1.1" 200 23921 "https://w1.perfectmarriagerevenge.com/manga/perfect-marriage-revenge-chapter-1/" "Mozilla/5.0 (Linux; Android 10; MI 8 Lite Build/QKQ1.190910.002; ) AppleWebKit/537.36 (KHTML, like Gecko) Chrome/124.0.0.0 Mobile Safari/537.36 EdgA/124.0.2478.64"
175.176.8.217 - - [08/Jun/2025:05:20:39 -0400] "POST /wp-admin/admin-ajax.php HTTP/1.1" 200 49 "https://w1.perfectmarriagerevenge.com/category/manga/" "Mozilla/5.0 (Linux; Android 10; MI 8 Lite Build/QKQ1.190910.002; ) AppleWebKit/537.36 (KHTML, like Gecko) Chrome/124.0.0.0 Mobile Safari/537.36 EdgA/124.0.2478.64"
162.0.232.193 - - [08/Jun/2025:05:20:40 -0400] "POST /wp-cron.php?doing_wp_cron=1749374440.5076699256896972656250 HTTP/1.1" 200 0 "-" "WordPress/6.6.2; https://w1.perfectmarriagerevenge.com"
175.176.8.217 - - [08/Jun/2025:05:20:40 -0400] "POST /wp-admin/admin-ajax.php HTTP/1.1" 200 632 "https://w1.perfectmarriagerevenge.com/category/manga/" "Mozilla/5.0 (Linux; Android 10; MI 8 Lite Build/QKQ1.190910.002; ) AppleWebKit/537.36 (KHTML, like Gecko) Chrome/124.0.0.0 Mobile Safari/537.36 EdgA/124.0.2478.64"
175.176.8.217 - - [08/Jun/2025:05:20:44 -0400] "POST /wp-admin/admin-ajax.php HTTP/1.1" 200 69 "https://w1.perfectmarriagerevenge.com/manga/perfect-marriage-revenge-chapter-1/" "Mozilla/5.0 (Linux; Android 10; MI 8 Lite Build/QKQ1.190910.002; ) AppleWebKit/537.36 (KHTML, like Gecko) Chrome/124.0.0.0 Mobile Safari/537.36 BingSapphire/31.8.430528010"
175.176.8.217 - - [08/Jun/2025:05:21:04 -0400] "GET /manga/perfect-marriage-revenge-chapter-1/ HTTP/1.1" 304 0 "-" "Mozilla/5.0 (Linux; Android 10; MI 8 Lite Build/QKQ1.190910.002; ) AppleWebKit/537.36 (KHTML, like Gecko) Chrome/124.0.0.0 Mobile Safari/537.36 EdgA/124.0.2478.64"
162.0.232.193 - - [08/Jun/2025:05:21:06 -0400] "POST /wp-cron.php?doing_wp_cron=1749374465.9108641147613525390625 HTTP/1.1" 200 0 "-" "WordPress/6.6.2; https://w1.perfectmarriagerevenge.com"
175.176.8.217 - - [08/Jun/2025:05:21:06 -0400] "POST /wp-admin/admin-ajax.php HTTP/1.1" 200 47 "https://w1.perfectmarriagerevenge.com/manga/perfect-marriage-revenge-chapter-1/" "Mozilla/5.0 (Linux; Android 10; MI 8 Lite Build/QKQ1.190910.002; ) AppleWebKit/537.36 (KHTML, like Gecko) Chrome/124.0.0.0 Mobile Safari/537.36 EdgA/124.0.2478.64"
175.176.8.217 - - [08/Jun/2025:05:21:05 -0400] "POST /wp-admin/admin-ajax.php HTTP/1.1" 200 69 "https://w1.perfectmarriagerevenge.com/manga/perfect-marriage-revenge-chapter-1/" "Mozilla/5.0 (Linux; Android 10; MI 8 Lite Build/QKQ1.190910.002; ) AppleWebKit/537.36 (KHTML, like Gecko) Chrome/124.0.0.0 Mobile Safari/537.36 EdgA/124.0.2478.64"
175.176.8.217 - - [08/Jun/2025:05:21:08 -0400] "GET /category/manga/ HTTP/1.1" 304 0 "https://w1.perfectmarriagerevenge.com/manga/perfect-marriage-revenge-chapter-1/" "Mozilla/5.0 (Linux; Android 10; MI 8 Lite Build/QKQ1.190910.002; ) AppleWebKit/537.36 (KHTML, like Gecko) Chrome/124.0.0.0 Mobile Safari/537.36 EdgA/124.0.2478.64"
175.176.8.217 - - [08/Jun/2025:05:21:09 -0400] "POST /wp-admin/admin-ajax.php HTTP/1.1" 200 47 "https://w1.perfectmarriagerevenge.com/category/manga/" "Mozilla/5.0 (Linux; Android 10; MI 8 Lite Build/QKQ1.190910.002; ) AppleWebKit/537.36 (KHTML, like Gecko) Chrome/124.0.0.0 Mobile Safari/537.36 EdgA/124.0.2478.64"
175.176.8.217 - - [08/Jun/2025:05:21:13 -0400] "GET /manga/perfect-marriage-revenge-chapter-125/ HTTP/1.1" 200 11762 "https://w1.perfectmarriagerevenge.com/category/manga/" "Mozilla/5.0 (Linux; Android 10; MI 8 Lite Build/QKQ1.190910.002; ) AppleWebKit/537.36 (KHTML, like Gecko) Chrome/124.0.0.0 Mobile Safari/537.36 EdgA/124.0.2478.64"
43.130.67.6 - - [08/Jun/2025:05:21:17 -0400] "GET /tag/read-perfect-marriage-revenge/ HTTP/1.1" 301 0 "-" "Mozilla/5.0 (iPhone; CPU iPhone OS 13_2_3 like Mac OS X) AppleWebKit/605.1.15 (KHTML, like Gecko) Version/13.0.3 Mobile/15E148 Safari/604.1"
175.176.8.217 - - [08/Jun/2025:05:21:21 -0400] "POST /wp-admin/admin-ajax.php HTTP/1.1" 200 69 "https://w1.perfectmarriagerevenge.com/manga/perfect-marriage-revenge-chapter-125/" "Mozilla/5.0 (Linux; Android 10; MI 8 Lite Build/QKQ1.190910.002; ) AppleWebKit/537.36 (KHTML, like Gecko) Chrome/124.0.0.0 Mobile Safari/537.36 EdgA/124.0.2478.64"
175.176.8.217 - - [08/Jun/2025:05:21:26 -0400] "GET /manga/perfect-marriage-revenge-chapter-1/ HTTP/1.1" 304 0 "-" "Mozilla/5.0 (Linux; Android 10; MI 8 Lite Build/QKQ1.190910.002; ) AppleWebKit/537.36 (KHTML, like Gecko) Chrome/124.0.0.0 Mobile Safari/537.36 EdgA/124.0.2478.64"
43.130.67.6 - - [08/Jun/2025:05:21:27 -0400] "GET / HTTP/1.1" 200 10816 "https://perfectmarriagerevenge.com/" "Mozilla/5.0 (iPhone; CPU iPhone OS 13_2_3 like Mac OS X) AppleWebKit/605.1.15 (KHTML, like Gecko) Version/13.0.3 Mobile/15E148 Safari/604.1"
175.176.8.217 - - [08/Jun/2025:05:21:27 -0400] "POST /wp-admin/admin-ajax.php HTTP/1.1" 200 47 "https://w1.perfectmarriagerevenge.com/manga/perfect-marriage-revenge-chapter-1/" "Mozilla/5.0 (Linux; Android 10; MI 8 Lite Build/QKQ1.190910.002; ) AppleWebKit/537.36 (KHTML, like Gecko) Chrome/124.0.0.0 Mobile Safari/537.36 EdgA/124.0.2478.64"
175.176.8.217 - - [08/Jun/2025:05:21:27 -0400] "POST /wp-admin/admin-ajax.php HTTP/1.1" 200 69 "https://w1.perfectmarriagerevenge.com/manga/perfect-marriage-revenge-chapter-1/" "Mozilla/5.0 (Linux; Android 10; MI 8 Lite Build/QKQ1.190910.002; ) AppleWebKit/537.36 (KHTML, like Gecko) Chrome/124.0.0.0 Mobile Safari/537.36 EdgA/124.0.2478.64"
175.176.8.217 - - [08/Jun/2025:05:22:30 -0400] "GET / HTTP/1.1" 200 10816 "-" "Mozilla/5.0 (Linux; Android 10; MI 8 Lite Build/QKQ1.190910.002; ) AppleWebKit/537.36 (KHTML, like Gecko) Chrome/124.0.0.0 Mobile Safari/537.36 EdgA/124.0.2478.64"
162.0.232.193 - - [08/Jun/2025:05:22:32 -0400] "POST /wp-cron.php?doing_wp_cron=1749374552.1905949115753173828125 HTTP/1.1" 200 0 "-" "WordPress/6.6.2; https://w1.perfectmarriagerevenge.com"
175.176.8.217 - - [08/Jun/2025:05:22:31 -0400] "POST /wp-admin/admin-ajax.php HTTP/1.1" 200 49 "https://w1.perfectmarriagerevenge.com/" "Mozilla/5.0 (Linux; Android 10; MI 8 Lite Build/QKQ1.190910.002; ) AppleWebKit/537.36 (KHTML, like Gecko) Chrome/124.0.0.0 Mobile Safari/537.36 EdgA/124.0.2478.64"
175.176.8.217 - - [08/Jun/2025:05:22:32 -0400] "POST /wp-admin/admin-ajax.php HTTP/1.1" 200 1245 "https://w1.perfectmarriagerevenge.com/" "Mozilla/5.0 (Linux; Android 10; MI 8 Lite Build/QKQ1.190910.002; ) AppleWebKit/537.36 (KHTML, like Gecko) Chrome/124.0.0.0 Mobile Safari/537.36 EdgA/124.0.2478.64"
175.176.8.217 - - [08/Jun/2025:05:22:40 -0400] "GET /manga/perfect-marriage-revenge-chapter-15/ HTTP/1.1" 200 17163 "https://w1.perfectmarriagerevenge.com/" "Mozilla/5.0 (Linux; Android 10; MI 8 Lite Build/QKQ1.190910.002; ) AppleWebKit/537.36 (KHTML, like Gecko) Chrome/124.0.0.0 Mobile Safari/537.36 EdgA/124.0.2478.64"
175.176.8.217 - - [08/Jun/2025:05:22:41 -0400] "GET /manga/perfect-marriage-revenge-chapter-30/ HTTP/1.1" 200 11591 "https://w1.perfectmarriagerevenge.com/" "Mozilla/5.0 (Linux; Android 10; MI 8 Lite Build/QKQ1.190910.002; ) AppleWebKit/537.36 (KHTML, like Gecko) Chrome/124.0.0.0 Mobile Safari/537.36 EdgA/124.0.2478.64"
175.176.8.217 - - [08/Jun/2025:05:22:43 -0400] "GET /manga/perfect-marriage-revenge-chapter-63/ HTTP/1.1" 200 11650 "https://w1.perfectmarriagerevenge.com/" "Mozilla/5.0 (Linux; Android 10; MI 8 Lite Build/QKQ1.190910.002; ) AppleWebKit/537.36 (KHTML, like Gecko) Chrome/124.0.0.0 Mobile Safari/537.36 EdgA/124.0.2478.64"
175.176.8.217 - - [08/Jun/2025:05:22:43 -0400] "GET /manga/perfect-marriage-revenge-chapter-57/ HTTP/1.1" 200 11694 "https://w1.perfectmarriagerevenge.com/" "Mozilla/5.0 (Linux; Android 10; MI 8 Lite Build/QKQ1.190910.002; ) AppleWebKit/537.36 (KHTML, like Gecko) Chrome/124.0.0.0 Mobile Safari/537.36 EdgA/124.0.2478.64"
175.176.8.217 - - [08/Jun/2025:05:22:45 -0400] "GET /manga/perfect-marriage-revenge-chapter-41/ HTTP/1.1" 200 11640 "https://w1.perfectmarriagerevenge.com/" "Mozilla/5.0 (Linux; Android 10; MI 8 Lite Build/QKQ1.190910.002; ) AppleWebKit/537.36 (KHTML, like Gecko) Chrome/124.0.0.0 Mobile Safari/537.36 EdgA/124.0.2478.64"
175.176.8.217 - - [08/Jun/2025:05:22:45 -0400] "GET /manga/perfect-marriage-revenge-chapter-9-5/ HTTP/1.1" 200 12675 "https://w1.perfectmarriagerevenge.com/" "Mozilla/5.0 (Linux; Android 10; MI 8 Lite Build/QKQ1.190910.002; ) AppleWebKit/537.36 (KHTML, like Gecko) Chrome/124.0.0.0 Mobile Safari/537.36 EdgA/124.0.2478.64"
175.176.8.217 - - [08/Jun/2025:05:22:47 -0400] "GET /manga/perfect-marriage-revenge-chapter-113/ HTTP/1.1" 200 11301 "https://w1.perfectmarriagerevenge.com/" "Mozilla/5.0 (Linux; Android 10; MI 8 Lite Build/QKQ1.190910.002; ) AppleWebKit/537.36 (KHTML, like Gecko) Chrome/124.0.0.0 Mobile Safari/537.36 EdgA/124.0.2478.64"
175.176.8.217 - - [08/Jun/2025:05:22:48 -0400] "GET /manga/perfect-marriage-revenge-chapter-103/ HTTP/1.1" 200 13090 "https://w1.perfectmarriagerevenge.com/" "Mozilla/5.0 (Linux; Android 10; MI 8 Lite Build/QKQ1.190910.002; ) AppleWebKit/537.36 (KHTML, like Gecko) Chrome/124.0.0.0 Mobile Safari/537.36 EdgA/124.0.2478.64"
175.176.8.217 - - [08/Jun/2025:05:22:48 -0400] "GET /manga/perfect-marriage-revenge-chapter-12/ HTTP/1.1" 200 17544 "https://w1.perfectmarriagerevenge.com/" "Mozilla/5.0 (Linux; Android 10; MI 8 Lite Build/QKQ1.190910.002; ) AppleWebKit/537.36 (KHTML, like Gecko) Chrome/124.0.0.0 Mobile Safari/537.36 EdgA/124.0.2478.64"
175.176.8.217 - - [08/Jun/2025:05:22:51 -0400] "GET /manga/perfect-marriage-revenge-chapter-7/ HTTP/1.1" 200 11868 "https://w1.perfectmarriagerevenge.com/" "Mozilla/5.0 (Linux; Android 10; MI 8 Lite Build/QKQ1.190910.002; ) AppleWebKit/537.36 (KHTML, like Gecko) Chrome/124.0.0.0 Mobile Safari/537.36 EdgA/124.0.2478.64"
175.176.8.217 - - [08/Jun/2025:05:22:55 -0400] "GET /manga/perfect-marriage-revenge-chapter-50/ HTTP/1.1" 200 12397 "https://w1.perfectmarriagerevenge.com/" "Mozilla/5.0 (Linux; Android 10; MI 8 Lite Build/QKQ1.190910.002; ) AppleWebKit/537.36 (KHTML, like Gecko) Chrome/124.0.0.0 Mobile Safari/537.36 EdgA/124.0.2478.64"
175.176.8.217 - - [08/Jun/2025:05:22:56 -0400] "GET /manga/perfect-marriage-revenge-chapter-65/ HTTP/1.1" 200 13404 "https://w1.perfectmarriagerevenge.com/" "Mozilla/5.0 (Linux; Android 10; MI 8 Lite Build/QKQ1.190910.002; ) AppleWebKit/537.36 (KHTML, like Gecko) Chrome/124.0.0.0 Mobile Safari/537.36 EdgA/124.0.2478.64"
175.176.8.217 - - [08/Jun/2025:05:23:05 -0400] "GET / HTTP/1.1" 304 0 "https://w1.perfectmarriagerevenge.com/" "Mozilla/5.0 (Linux; Android 10; MI 8 Lite Build/QKQ1.190910.002; ) AppleWebKit/537.36 (KHTML, like Gecko) Chrome/124.0.0.0 Mobile Safari/537.36 EdgA/124.0.2478.64"
162.0.232.193 - - [08/Jun/2025:05:23:07 -0400] "POST /wp-cron.php?doing_wp_cron=1749374587.1338229179382324218750 HTTP/1.1" 200 0 "-" "WordPress/6.6.2; https://w1.perfectmarriagerevenge.com"
175.176.8.217 - - [08/Jun/2025:05:23:06 -0400] "POST /wp-admin/admin-ajax.php HTTP/1.1" 200 47 "https://w1.perfectmarriagerevenge.com/" "Mozilla/5.0 (Linux; Android 10; MI 8 Lite Build/QKQ1.190910.002; ) AppleWebKit/537.36 (KHTML, like Gecko) Chrome/124.0.0.0 Mobile Safari/537.36 EdgA/124.0.2478.64"
175.176.8.217 - - [08/Jun/2025:05:23:12 -0400] "GET / HTTP/1.1" 304 0 "https://w1.perfectmarriagerevenge.com/" "Mozilla/5.0 (Linux; Android 10; MI 8 Lite Build/QKQ1.190910.002; ) AppleWebKit/537.36 (KHTML, like Gecko) Chrome/124.0.0.0 Mobile Safari/537.36 EdgA/124.0.2478.64"
175.176.8.217 - - [08/Jun/2025:05:23:19 -0400] "GET /manga/perfect-marriage-revenge-chapter-125/ HTTP/1.1" 304 0 "https://w1.perfectmarriagerevenge.com/" "Mozilla/5.0 (Linux; Android 10; MI 8 Lite Build/QKQ1.190910.002; ) AppleWebKit/537.36 (KHTML, like Gecko) Chrome/124.0.0.0 Mobile Safari/537.36 EdgA/124.0.2478.64"
175.176.8.217 - - [08/Jun/2025:05:23:21 -0400] "GET /manga/perfect-marriage-revenge-chapter-14/ HTTP/1.1" 200 16611 "https://w1.perfectmarriagerevenge.com/" "Mozilla/5.0 (Linux; Android 10; MI 8 Lite Build/QKQ1.190910.002; ) AppleWebKit/537.36 (KHTML, like Gecko) Chrome/124.0.0.0 Mobile Safari/537.36 EdgA/124.0.2478.64"
175.176.8.217 - - [08/Jun/2025:05:23:22 -0400] "GET /manga/perfect-marriage-revenge-chapter-10/ HTTP/1.1" 200 15042 "https://w1.perfectmarriagerevenge.com/" "Mozilla/5.0 (Linux; Android 10; MI 8 Lite Build/QKQ1.190910.002; ) AppleWebKit/537.36 (KHTML, like Gecko) Chrome/124.0.0.0 Mobile Safari/537.36 EdgA/124.0.2478.64"
175.176.8.217 - - [08/Jun/2025:05:23:23 -0400] "GET /manga/perfect-marriage-revenge-chapter-9/ HTTP/1.1" 200 14288 "https://w1.perfectmarriagerevenge.com/" "Mozilla/5.0 (Linux; Android 10; MI 8 Lite Build/QKQ1.190910.002; ) AppleWebKit/537.36 (KHTML, like Gecko) Chrome/124.0.0.0 Mobile Safari/537.36 EdgA/124.0.2478.64"
175.176.8.217 - - [08/Jun/2025:05:23:24 -0400] "GET /manga/perfect-marriage-revenge-chapter-2/ HTTP/1.1" 200 15250 "https://w1.perfectmarriagerevenge.com/" "Mozilla/5.0 (Linux; Android 10; MI 8 Lite Build/QKQ1.190910.002; ) AppleWebKit/537.36 (KHTML, like Gecko) Chrome/124.0.0.0 Mobile Safari/537.36 EdgA/124.0.2478.64"
175.176.8.217 - - [08/Jun/2025:05:23:26 -0400] "GET /manga/perfect-marriage-revenge-chapter-19/ HTTP/1.1" 200 12352 "https://w1.perfectmarriagerevenge.com/" "Mozilla/5.0 (Linux; Android 10; MI 8 Lite Build/QKQ1.190910.002; ) AppleWebKit/537.36 (KHTML, like Gecko) Chrome/124.0.0.0 Mobile Safari/537.36 EdgA/124.0.2478.64"
175.176.8.217 - - [08/Jun/2025:05:23:26 -0400] "POST /wp-admin/admin-ajax.php HTTP/1.1" 200 69 "https://w1.perfectmarriagerevenge.com/manga/perfect-marriage-revenge-chapter-19/" "Mozilla/5.0 (Linux; Android 10; MI 8 Lite Build/QKQ1.190910.002; ) AppleWebKit/537.36 (KHTML, like Gecko) Chrome/124.0.0.0 Mobile Safari/537.36 EdgA/124.0.2478.64"
175.176.8.217 - - [08/Jun/2025:05:23:35 -0400] "POST /wp-admin/admin-ajax.php HTTP/1.1" 200 69 "https://w1.perfectmarriagerevenge.com/manga/perfect-marriage-revenge-chapter-19/" "Mozilla/5.0 (Linux; Android 10; MI 8 Lite Build/QKQ1.190910.002; ) AppleWebKit/537.36 (KHTML, like Gecko) Chrome/124.0.0.0 Mobile Safari/537.36 BingSapphire/31.8.430528010"
175.176.8.217 - - [08/Jun/2025:05:23:42 -0400] "GET /manga/perfect-marriage-revenge-chapter-1/ HTTP/1.1" 304 0 "https://w1.perfectmarriagerevenge.com/" "Mozilla/5.0 (Linux; Android 10; MI 8 Lite Build/QKQ1.190910.002; ) AppleWebKit/537.36 (KHTML, like Gecko) Chrome/124.0.0.0 Mobile Safari/537.36 EdgA/124.0.2478.64"
162.0.232.193 - - [08/Jun/2025:05:23:43 -0400] "POST /wp-cron.php?doing_wp_cron=1749374623.4772179126739501953125 HTTP/1.1" 200 0 "-" "WordPress/6.6.2; https://w1.perfectmarriagerevenge.com"
175.176.8.217 - - [08/Jun/2025:05:23:43 -0400] "POST /wp-admin/admin-ajax.php HTTP/1.1" 200 47 "https://w1.perfectmarriagerevenge.com/manga/perfect-marriage-revenge-chapter-1/" "Mozilla/5.0 (Linux; Android 10; MI 8 Lite Build/QKQ1.190910.002; ) AppleWebKit/537.36 (KHTML, like Gecko) Chrome/124.0.0.0 Mobile Safari/537.36 EdgA/124.0.2478.64"
175.176.8.217 - - [08/Jun/2025:05:23:43 -0400] "POST /wp-admin/admin-ajax.php HTTP/1.1" 200 69 "https://w1.perfectmarriagerevenge.com/manga/perfect-marriage-revenge-chapter-1/" "Mozilla/5.0 (Linux; Android 10; MI 8 Lite Build/QKQ1.190910.002; ) AppleWebKit/537.36 (KHTML, like Gecko) Chrome/124.0.0.0 Mobile Safari/537.36 EdgA/124.0.2478.64"
47.128.121.151 - - [08/Jun/2025:05:27:31 -0400] "GET /manga/perfect-marriage-revenge-chapter-11-1/ HTTP/1.1" 200 16202 "-" "Mozilla/5.0 (Linux; Android 5.0) AppleWebKit/537.36 (KHTML, like Gecko) Mobile Safari/537.36 (compatible; TikTokSpider; [email protected])"
162.0.232.193 - - [08/Jun/2025:05:31:13 -0400] "POST /wp-cron.php?doing_wp_cron=1749375073.1843090057373046875000 HTTP/1.1" 200 0 "-" "WordPress/6.6.2; https://w1.perfectmarriagerevenge.com"
43.153.49.151 - - [08/Jun/2025:05:31:10 -0400] "GET /manga/perfect-marriage-revenge-chapter-111/feed/ HTTP/1.1" 200 428 "-" "Mozilla/5.0 (iPhone; CPU iPhone OS 13_2_3 like Mac OS X) AppleWebKit/605.1.15 (KHTML, like Gecko) Version/13.0.3 Mobile/15E148 Safari/604.1"
162.0.232.193 - - [08/Jun/2025:05:34:14 -0400] "POST /wp-cron.php?doing_wp_cron=1749375254.7149789333343505859375 HTTP/1.1" 200 0 "-" "WordPress/6.6.2; https://w1.perfectmarriagerevenge.com"
2600:1f16:49a:9100:a535:456f:414c:f26 - - [08/Jun/2025:05:34:11 -0400] "POST /xmlrpc.php HTTP/1.1" 200 205 "-" "Mozilla/5.0 (X11; Ubuntu; Linux x86_64; rv:85.0) Gecko/20100101 Firefox/91.0"
119.95.171.132 - - [08/Jun/2025:05:38:19 -0400] "GET /manga/perfect-marriage-revenge-chapter-16/ HTTP/1.1" 200 13926 "-" "Mozilla/5.0 (Linux; Android 12; SM-A315G Build/SP1A.210812.016; wv) AppleWebKit/537.36 (KHTML, like Gecko) Version/4.0 Chrome/137.0.7151.61 Mobile Safari/537.36"
119.95.171.132 - - [08/Jun/2025:05:38:22 -0400] "GET / HTTP/1.1" 200 10831 "-" "Mozilla/5.0 (Linux; Android 12; SM-A315G Build/SP1A.210812.016; wv) AppleWebKit/537.36 (KHTML, like Gecko) Version/4.0 Chrome/137.0.7151.61 Mobile Safari/537.36"
162.0.232.193 - - [08/Jun/2025:05:38:22 -0400] "POST /wp-cron.php?doing_wp_cron=1749375502.8779349327087402343750 HTTP/1.1" 200 0 "-" "WordPress/6.6.2; https://w1.perfectmarriagerevenge.com"
119.95.171.132 - - [08/Jun/2025:05:38:21 -0400] "POST /wp-admin/admin-ajax.php HTTP/1.1" 200 69 "https://w1.perfectmarriagerevenge.com/manga/perfect-marriage-revenge-chapter-16/" "Mozilla/5.0 (Linux; Android 12; SM-A315G Build/SP1A.210812.016; wv) AppleWebKit/537.36 (KHTML, like Gecko) Version/4.0 Chrome/137.0.7151.61 Mobile Safari/537.36"
119.95.171.132 - - [08/Jun/2025:05:38:23 -0400] "POST /wp-admin/admin-ajax.php HTTP/1.1" 200 47 "https://w1.perfectmarriagerevenge.com/" "Mozilla/5.0 (Linux; Android 12; SM-A315G Build/SP1A.210812.016; wv) AppleWebKit/537.36 (KHTML, like Gecko) Version/4.0 Chrome/137.0.7151.61 Mobile Safari/537.36"
162.0.232.193 - - [08/Jun/2025:05:39:00 -0400] "POST /wp-cron.php?doing_wp_cron=1749375540.6018769741058349609375 HTTP/1.1" 200 0 "-" "WordPress/6.6.2; https://w1.perfectmarriagerevenge.com"
43.153.119.119 - - [08/Jun/2025:05:39:00 -0400] "GET /perfect-marriage-revenge-chapter-111/ HTTP/1.1" 301 0 "https://perfectmarriagerevenge.com/perfect-marriage-revenge-chapter-111/" "Mozilla/5.0 (iPhone; CPU iPhone OS 13_2_3 like Mac OS X) AppleWebKit/605.1.15 (KHTML, like Gecko) Version/13.0.3 Mobile/15E148 Safari/604.1"
43.153.119.119 - - [08/Jun/2025:05:39:03 -0400] "GET / HTTP/1.1" 200 10816 "https://perfectmarriagerevenge.com/" "Mozilla/5.0 (iPhone; CPU iPhone OS 13_2_3 like Mac OS X) AppleWebKit/605.1.15 (KHTML, like Gecko) Version/13.0.3 Mobile/15E148 Safari/604.1"
23.81.59.48 - - [08/Jun/2025:05:40:51 -0400] "GET / HTTP/1.1" 200 10467 "https://perfectmarriagerevenge.com" "Mozilla/5.0 (Macintosh; Intel Mac OS X 10_15_7) AppleWebKit/537.36 (KHTML, like Gecko) Chrome/131.0.0.0 Safari/537.36"
162.0.232.193 - - [08/Jun/2025:05:41:08 -0400] "POST /wp-cron.php?doing_wp_cron=1749375668.2311859130859375000000 HTTP/1.1" 200 0 "-" "WordPress/6.6.2; https://w1.perfectmarriagerevenge.com"
216.244.66.198 - - [08/Jun/2025:05:41:06 -0400] "GET /category/read-perfect-marriage-revenge/page/2/ HTTP/1.1" 200 19329 "-" "Mozilla/5.0 (compatible; DotBot/1.2; +https://opensiteexplorer.org/dotbot; [email protected])"
162.0.232.193 - - [08/Jun/2025:05:43:30 -0400] "POST /wp-cron.php?doing_wp_cron=1749375810.6189548969268798828125 HTTP/1.1" 200 0 "-" "WordPress/6.6.2; https://w1.perfectmarriagerevenge.com"
203.2.64.59 - - [08/Jun/2025:05:43:33 -0400] "GET / HTTP/1.1" 200 10769 "https://www.perfectmarriagerevenge.com/" "Mozilla/5.0 (iPhone; CPU iPhone OS 13_2_3 like Mac OS X) AppleWebKit/605.1.15 (KHTML, like Gecko) Version/13.0.3 Mobile/15E148 Safari/604.1"
216.73.216.122 - - [08/Jun/2025:05:43:35 -0400] "GET /category/perfect-marriage-revenge-manga/page/7 HTTP/1.1" 301 0 "-" "Mozilla/5.0 AppleWebKit/537.36 (KHTML, like Gecko; compatible; ClaudeBot/1.0; [email protected])"
216.73.216.122 - - [08/Jun/2025:05:43:36 -0400] "GET /category/perfect-marriage-revenge-manga/page/7/ HTTP/1.1" 200 23668 "https://w1.perfectmarriagerevenge.com/category/perfect-marriage-revenge-manga/page/7" "Mozilla/5.0 AppleWebKit/537.36 (KHTML, like Gecko; compatible; ClaudeBot/1.0; [email protected])"
170.106.107.87 - - [08/Jun/2025:05:51:17 -0400] "GET /manga/perfect-marriage-revenge-chapter-11-1/ HTTP/1.1" 200 16202 "-" "Mozilla/5.0 (iPhone; CPU iPhone OS 13_2_3 like Mac OS X) AppleWebKit/605.1.15 (KHTML, like Gecko) Version/13.0.3 Mobile/15E148 Safari/604.1"
162.0.232.193 - - [08/Jun/2025:05:51:39 -0400] "POST /wp-cron.php?doing_wp_cron=1749376299.1488230228424072265625 HTTP/1.1" 200 0 "-" "WordPress/6.6.2; https://w1.perfectmarriagerevenge.com"
103.92.235.17 - - [08/Jun/2025:05:51:37 -0400] "POST /xmlrpc.php HTTP/1.1" 200 186 "https://w1.perfectmarriagerevenge.com" "Mozilla/5.0 (Windows NT 10.0; Win64; x64; rv:126.0) Gecko/20100101 Firefox/126.0"
162.0.232.193 - - [08/Jun/2025:05:51:42 -0400] "POST /wp-cron.php?doing_wp_cron=1749376302.0603721141815185546875 HTTP/1.1" 200 0 "-" "WordPress/6.6.2; https://w1.perfectmarriagerevenge.com"
103.92.235.17 - - [08/Jun/2025:05:51:41 -0400] "POST /wp-login.php HTTP/1.1" 200 1918 "https://w1.perfectmarriagerevenge.com" "Mozilla/5.0 (Windows NT 10.0; Win64; x64) AppleWebKit/537.36 (KHTML, like Gecko) Chrome/114.0.5735.134 Safari/537.36"
162.0.232.193 - - [08/Jun/2025:05:59:50 -0400] "POST /wp-cron.php?doing_wp_cron=1749376790.4532029628753662109375 HTTP/1.1" 200 0 "-" "WordPress/6.6.2; https://w1.perfectmarriagerevenge.com"
170.106.163.48 - - [08/Jun/2025:05:59:48 -0400] "GET /wp-json/oembed/1.0/embed?url=https%3A%2F%2Fw1.perfectmarriagerevenge.com%2Fmanga%2Fperfect-marriage-revenge-chapter-35%2F HTTP/1.1" 200 2655 "-" "Mozilla/5.0 (iPhone; CPU iPhone OS 13_2_3 like Mac OS X) AppleWebKit/605.1.15 (KHTML, like Gecko) Version/13.0.3 Mobile/15E148 Safari/604.1"
162.0.232.193 - - [08/Jun/2025:06:00:53 -0400] "POST /wp-cron.php?doing_wp_cron=1749376853.7192170619964599609375 HTTP/1.1" 200 0 "-" "WordPress/6.6.2; https://w1.perfectmarriagerevenge.com"
3.107.165.191 - - [08/Jun/2025:06:00:53 -0400] "POST /xmlrpc.php HTTP/1.1" 200 205 "-" "Mozilla/5.0 (X11; Ubuntu; Linux x86_64; rv:85.0) Gecko/20100101 Firefox/91.0"
162.0.232.193 - - [08/Jun/2025:06:00:54 -0400] "GET /manga/perfect-marriage-revenge-chapter-102/ HTTP/1.1" 200 13197 "-" "WP Rocket/Preload"
162.0.232.193 - - [08/Jun/2025:06:00:55 -0400] "GET /manga/perfect-marriage-revenge-chapter-102/ HTTP/1.1" 200 13201 "-" "WP Rocket/Preload Mozilla/5.0 (iPhone; CPU iPhone OS 9_1 like Mac OS X) AppleWebKit/601.1.46 (KHTML, like Gecko) Version/9.0 Mobile/13B143 Safari/601.1"
162.0.232.193 - - [08/Jun/2025:06:00:56 -0400] "GET /manga/perfect-marriage-revenge-chapter-94/ HTTP/1.1" 200 13149 "-" "WP Rocket/Preload"
162.0.232.193 - - [08/Jun/2025:06:00:57 -0400] "GET /manga/perfect-marriage-revenge-chapter-94/ HTTP/1.1" 200 13166 "-" "WP Rocket/Preload Mozilla/5.0 (iPhone; CPU iPhone OS 9_1 like Mac OS X) AppleWebKit/601.1.46 (KHTML, like Gecko) Version/9.0 Mobile/13B143 Safari/601.1"
162.0.232.193 - - [08/Jun/2025:06:00:58 -0400] "GET /manga/perfect-marriage-revenge-chapter-93/ HTTP/1.1" 200 12112 "-" "WP Rocket/Preload"
162.0.232.193 - - [08/Jun/2025:06:00:59 -0400] "GET /manga/perfect-marriage-revenge-chapter-93/ HTTP/1.1" 200 12119 "-" "WP Rocket/Preload Mozilla/5.0 (iPhone; CPU iPhone OS 9_1 like Mac OS X) AppleWebKit/601.1.46 (KHTML, like Gecko) Version/9.0 Mobile/13B143 Safari/601.1"
162.0.232.193 - - [08/Jun/2025:06:01:00 -0400] "GET /manga/perfect-marriage-revenge-chapter-83/ HTTP/1.1" 200 13144 "-" "WP Rocket/Preload"
162.0.232.193 - - [08/Jun/2025:06:01:01 -0400] "GET /manga/perfect-marriage-revenge-chapter-83/ HTTP/1.1" 200 13158 "-" "WP Rocket/Preload Mozilla/5.0 (iPhone; CPU iPhone OS 9_1 like Mac OS X) AppleWebKit/601.1.46 (KHTML, like Gecko) Version/9.0 Mobile/13B143 Safari/601.1"
162.0.232.193 - - [08/Jun/2025:06:01:02 -0400] "GET /manga/perfect-marriage-revenge-chapter-82/ HTTP/1.1" 200 13339 "-" "WP Rocket/Preload"
162.0.232.193 - - [08/Jun/2025:06:01:03 -0400] "GET /manga/perfect-marriage-revenge-chapter-82/ HTTP/1.1" 200 13340 "-" "WP Rocket/Preload Mozilla/5.0 (iPhone; CPU iPhone OS 9_1 like Mac OS X) AppleWebKit/601.1.46 (KHTML, like Gecko) Version/9.0 Mobile/13B143 Safari/601.1"
162.0.232.193 - - [08/Jun/2025:06:10:42 -0400] "POST /wp-cron.php?doing_wp_cron=1749377442.7213408946990966796875 HTTP/1.1" 200 0 "-" "WordPress/6.6.2; https://w1.perfectmarriagerevenge.com"
49.51.253.83 - - [08/Jun/2025:06:10:40 -0400] "GET /wp-json/oembed/1.0/embed?url=https%3A%2F%2Fw1.perfectmarriagerevenge.com%2Fmanga%2Fperfect-marriage-revenge-chapter-35%2F&format=xml HTTP/1.1" 200 1207 "-" "Mozilla/5.0 (iPhone; CPU iPhone OS 13_2_3 like Mac OS X) AppleWebKit/605.1.15 (KHTML, like Gecko) Version/13.0.3 Mobile/15E148 Safari/604.1"
162.0.232.193 - - [08/Jun/2025:06:13:09 -0400] "POST /wp-cron.php?doing_wp_cron=1749377588.6361200809478759765625 HTTP/1.1" 200 0 "-" "WordPress/6.6.2; https://w1.perfectmarriagerevenge.com"
190.92.174.31 - - [08/Jun/2025:06:13:06 -0400] "POST /xmlrpc.php HTTP/1.1" 200 186 "https://w1.perfectmarriagerevenge.com" "Mozilla/5.0 (Macintosh; Intel Mac OS X 13_3) AppleWebKit/537.36 (KHTML, like Gecko) Chrome/126.0.0.0 Safari/537.36 Edg/126.0.0.0"
190.92.174.31 - - [08/Jun/2025:06:13:10 -0400] "POST /wp-login.php HTTP/1.1" 200 1918 "https://w1.perfectmarriagerevenge.com" "Mozilla/5.0 (Macintosh; Intel Mac OS X 13_3) AppleWebKit/537.36 (KHTML, like Gecko) Chrome/126.0.0.0 Safari/537.36"
162.0.232.193 - - [08/Jun/2025:06:16:05 -0400] "POST /wp-cron.php?doing_wp_cron=1749377765.4751288890838623046875 HTTP/1.1" 200 0 "-" "WordPress/6.6.2; https://w1.perfectmarriagerevenge.com"
216.73.216.122 - - [08/Jun/2025:06:16:03 -0400] "GET /category/perfect-marriage-revenge-webtoon/page/10 HTTP/1.1" 301 0 "-" "Mozilla/5.0 AppleWebKit/537.36 (KHTML, like Gecko; compatible; ClaudeBot/1.0; [email protected])"
216.73.216.122 - - [08/Jun/2025:06:16:05 -0400] "GET /category/perfect-marriage-revenge-webtoon/page/10/ HTTP/1.1" 200 14710 "https://w1.perfectmarriagerevenge.com/category/perfect-marriage-revenge-webtoon/page/10" "Mozilla/5.0 AppleWebKit/537.36 (KHTML, like Gecko; compatible; ClaudeBot/1.0; [email protected])"
49.51.178.45 - - [08/Jun/2025:06:19:51 -0400] "GET /manga/perfect-marriage-revenge-chapter-11-1/ HTTP/1.1" 200 16202 "-" "Mozilla/5.0 (iPhone; CPU iPhone OS 13_2_3 like Mac OS X) AppleWebKit/605.1.15 (KHTML, like Gecko) Version/13.0.3 Mobile/15E148 Safari/604.1"
162.0.232.193 - - [08/Jun/2025:06:28:16 -0400] "POST /wp-cron.php?doing_wp_cron=1749378496.6838490962982177734375 HTTP/1.1" 200 0 "-" "WordPress/6.6.2; https://w1.perfectmarriagerevenge.com"
216.73.216.122 - - [08/Jun/2025:06:28:14 -0400] "GET /category/the-essence-of-a-perfect-marriage/page/7 HTTP/1.1" 301 0 "-" "Mozilla/5.0 AppleWebKit/537.36 (KHTML, like Gecko; compatible; ClaudeBot/1.0; [email protected])"
216.73.216.122 - - [08/Jun/2025:06:28:16 -0400] "GET /category/the-essence-of-a-perfect-marriage/page/7/ HTTP/1.1" 200 23650 "https://w1.perfectmarriagerevenge.com/category/the-essence-of-a-perfect-marriage/page/7" "Mozilla/5.0 AppleWebKit/537.36 (KHTML, like Gecko; compatible; ClaudeBot/1.0; [email protected])"
162.0.232.193 - - [08/Jun/2025:06:28:52 -0400] "POST /wp-cron.php?doing_wp_cron=1749378531.9408071041107177734375 HTTP/1.1" 200 0 "-" "WordPress/6.6.2; https://w1.perfectmarriagerevenge.com"
5.83.150.214 - - [08/Jun/2025:06:28:51 -0400] "POST /xmlrpc.php HTTP/1.1" 200 205 "-" "Mozilla/5.0 (X11; Ubuntu; Linux x86_64; rv:85.0) Gecko/20100101 Firefox/91.0"
162.0.232.193 - - [08/Jun/2025:06:31:02 -0400] "POST /wp-cron.php?doing_wp_cron=1749378662.1143260002136230468750 HTTP/1.1" 200 0 "-" "WordPress/6.6.2; https://w1.perfectmarriagerevenge.com"
170.106.107.87 - - [08/Jun/2025:06:30:59 -0400] "GET /perfect-marriage-revenge-chapter-11-1/ HTTP/1.1" 301 0 "https://perfectmarriagerevenge.com/perfect-marriage-revenge-chapter-11-1/" "Mozilla/5.0 (iPhone; CPU iPhone OS 13_2_3 like Mac OS X) AppleWebKit/605.1.15 (KHTML, like Gecko) Version/13.0.3 Mobile/15E148 Safari/604.1"
170.106.107.87 - - [08/Jun/2025:06:31:04 -0400] "GET / HTTP/1.1" 200 10769 "https://perfectmarriagerevenge.com/" "Mozilla/5.0 (iPhone; CPU iPhone OS 13_2_3 like Mac OS X) AppleWebKit/605.1.15 (KHTML, like Gecko) Version/13.0.3 Mobile/15E148 Safari/604.1"
2a03:2880:25ff:6:: - - [08/Jun/2025:06:34:33 -0400] "GET /manga/perfect-marriage-revenge-chapter-118/ HTTP/1.1" 200 12356 "-" "meta-externalagent/1.1 (+https://developers.facebook.com/docs/sharing/webmasters/crawler)"
162.0.232.193 - - [08/Jun/2025:06:34:39 -0400] "POST /wp-cron.php?doing_wp_cron=1749378879.4511120319366455078125 HTTP/1.1" 200 0 "-" "WordPress/6.6.2; https://w1.perfectmarriagerevenge.com"
47.236.12.137 - - [08/Jun/2025:06:34:37 -0400] "POST /xmlrpc.php HTTP/1.1" 200 186 "https://w1.perfectmarriagerevenge.com" "Mozilla/5.0 (Macintosh; Intel Mac OS X 10_15_7) AppleWebKit/537.36 (KHTML, like Gecko) Chrome/116.0.5845.96 Safari/537.36"
47.236.12.137 - - [08/Jun/2025:06:34:40 -0400] "POST /wp-login.php HTTP/1.1" 200 1918 "https://w1.perfectmarriagerevenge.com" "Mozilla/5.0 (Windows NT 10.0; Win64; x64) AppleWebKit/537.36 (KHTML, like Gecko) Chrome/115.0.5790.102 Safari/537.36"
43.134.26.28 - - [08/Jun/2025:06:36:21 -0400] "GET / HTTP/1.1" 200 10467 "-" "Mozilla/5.0 (Windows NT 10.0; Win64; x64) AppleWebKit/537.36 (KHTML, like Gecko) Chrome/116.0.0.0 Safari/537.36"
162.62.213.187 - - [08/Jun/2025:06:39:45 -0400] "GET /manga/perfect-marriage-revenge-chapter-11-1/ HTTP/1.1" 200 16202 "-" "Mozilla/5.0 (iPhone; CPU iPhone OS 13_2_3 like Mac OS X) AppleWebKit/605.1.15 (KHTML, like Gecko) Version/13.0.3 Mobile/15E148 Safari/604.1"
162.0.232.193 - - [08/Jun/2025:06:50:12 -0400] "POST /wp-cron.php?doing_wp_cron=1749379811.9248468875885009765625 HTTP/1.1" 200 0 "-" "WordPress/6.6.2; https://w1.perfectmarriagerevenge.com"
43.130.110.130 - - [08/Jun/2025:06:50:05 -0400] "GET /?p=1550 HTTP/1.1" 301 0 "-" "Mozilla/5.0 (iPhone; CPU iPhone OS 13_2_3 like Mac OS X) AppleWebKit/605.1.15 (KHTML, like Gecko) Version/13.0.3 Mobile/15E148 Safari/604.1"
43.130.110.130 - - [08/Jun/2025:06:50:12 -0400] "GET /manga/perfect-marriage-revenge-chapter-11-1/ HTTP/1.1" 200 16202 "https://w1.perfectmarriagerevenge.com/?p=1550" "Mozilla/5.0 (iPhone; CPU iPhone OS 13_2_3 like Mac OS X) AppleWebKit/605.1.15 (KHTML, like Gecko) Version/13.0.3 Mobile/15E148 Safari/604.1"
2001:4860:7:b05::f8 - - [08/Jun/2025:06:56:35 -0400] "GET / HTTP/1.1" 200 10831 "https://www.google.com/" "Mozilla/5.0 (Linux; Android 10; K) AppleWebKit/537.36 (KHTML, like Gecko) Chrome/137.0.0.0 Mobile Safari/537.36"
162.0.232.193 - - [08/Jun/2025:06:56:36 -0400] "POST /wp-cron.php?doing_wp_cron=1749380196.6539349555969238281250 HTTP/1.1" 200 0 "-" "WordPress/6.6.2; https://w1.perfectmarriagerevenge.com"
64.233.173.65 - - [08/Jun/2025:06:56:34 -0400] "GET /.well-known/traffic-advice HTTP/1.1" 301 0 "-" "Chrome Privacy Preserving Prefetch Proxy"
49.36.18.234 - - [08/Jun/2025:06:56:41 -0400] "GET / HTTP/1.1" 200 10816 "https://w1.perfectmarriagerevenge.com/" "Mozilla/5.0 (Linux; Android 10; K) AppleWebKit/537.36 (KHTML, like Gecko) Chrome/137.0.0.0 Mobile Safari/537.36"
49.36.18.234 - - [08/Jun/2025:06:56:40 -0400] "POST /wp-admin/admin-ajax.php HTTP/1.1" 200 47 "https://w1.perfectmarriagerevenge.com/" "Mozilla/5.0 (Linux; Android 10; K) AppleWebKit/537.36 (KHTML, like Gecko) Chrome/137.0.0.0 Mobile Safari/537.36"
49.36.18.234 - - [08/Jun/2025:06:56:42 -0400] "GET /wp-content/uploads/2023/11/cropped-1e07817506d74588354499efe0aa34cc-180x180.jpg HTTP/1.1" 200 7033 "https://w1.perfectmarriagerevenge.com/" "Mozilla/5.0 (Linux; Android 10; K) AppleWebKit/537.36 (KHTML, like Gecko) Chrome/137.0.0.0 Mobile Safari/537.36"
49.36.18.234 - - [08/Jun/2025:06:56:43 -0400] "GET /manga/perfect-marriage-revenge-chapter-122/ HTTP/1.1" 200 12044 "https://w1.perfectmarriagerevenge.com/" "Mozilla/5.0 (Linux; Android 10; K) AppleWebKit/537.36 (KHTML, like Gecko) Chrome/137.0.0.0 Mobile Safari/537.36"
49.36.18.234 - - [08/Jun/2025:06:56:45 -0400] "GET /manga/perfect-marriage-revenge-chapter-121/ HTTP/1.1" 200 12317 "https://w1.perfectmarriagerevenge.com/" "Mozilla/5.0 (Linux; Android 10; K) AppleWebKit/537.36 (KHTML, like Gecko) Chrome/137.0.0.0 Mobile Safari/537.36"
49.36.18.234 - - [08/Jun/2025:06:56:45 -0400] "GET /manga/perfect-marriage-revenge-chapter-125/ HTTP/1.1" 200 11741 "https://w1.perfectmarriagerevenge.com/" "Mozilla/5.0 (Linux; Android 10; K) AppleWebKit/537.36 (KHTML, like Gecko) Chrome/137.0.0.0 Mobile Safari/537.36"
49.36.18.234 - - [08/Jun/2025:06:56:47 -0400] "GET /manga/perfect-marriage-revenge-chapter-125/ HTTP/1.1" 304 0 "https://w1.perfectmarriagerevenge.com/" "Mozilla/5.0 (Linux; Android 10; K) AppleWebKit/537.36 (KHTML, like Gecko) Chrome/137.0.0.0 Mobile Safari/537.36"
162.0.232.193 - - [08/Jun/2025:06:57:09 -0400] "POST /wp-cron.php?doing_wp_cron=1749380228.9546089172363281250000 HTTP/1.1" 200 0 "-" "WordPress/6.6.2; https://w1.perfectmarriagerevenge.com"
173.201.180.192 - - [08/Jun/2025:06:57:08 -0400] "POST /xmlrpc.php HTTP/1.1" 200 205 "-" "Mozilla/5.0 (X11; Ubuntu; Linux x86_64; rv:85.0) Gecko/20100101 Firefox/91.0"
162.0.232.193 - - [08/Jun/2025:06:57:09 -0400] "GET /manga/perfect-marriage-revenge-chapter-103/ HTTP/1.1" 200 13143 "-" "WP Rocket/Preload"
162.0.232.193 - - [08/Jun/2025:06:57:10 -0400] "GET /manga/perfect-marriage-revenge-chapter-103/ HTTP/1.1" 200 13427 "-" "WP Rocket/Preload Mozilla/5.0 (iPhone; CPU iPhone OS 9_1 like Mac OS X) AppleWebKit/601.1.46 (KHTML, like Gecko) Version/9.0 Mobile/13B143 Safari/601.1"
162.0.232.193 - - [08/Jun/2025:06:57:11 -0400] "GET /manga/perfect-marriage-revenge-chapter-101/ HTTP/1.1" 200 13321 "-" "WP Rocket/Preload"
162.0.232.193 - - [08/Jun/2025:06:57:12 -0400] "GET /manga/perfect-marriage-revenge-chapter-101/ HTTP/1.1" 200 13292 "-" "WP Rocket/Preload Mozilla/5.0 (iPhone; CPU iPhone OS 9_1 like Mac OS X) AppleWebKit/601.1.46 (KHTML, like Gecko) Version/9.0 Mobile/13B143 Safari/601.1"
162.0.232.193 - - [08/Jun/2025:06:57:12 -0400] "GET /manga/perfect-marriage-revenge-chapter-100/ HTTP/1.1" 200 12818 "-" "WP Rocket/Preload"
162.0.232.193 - - [08/Jun/2025:06:57:13 -0400] "GET /manga/perfect-marriage-revenge-chapter-100/ HTTP/1.1" 200 13169 "-" "WP Rocket/Preload Mozilla/5.0 (iPhone; CPU iPhone OS 9_1 like Mac OS X) AppleWebKit/601.1.46 (KHTML, like Gecko) Version/9.0 Mobile/13B143 Safari/601.1"
162.0.232.193 - - [08/Jun/2025:06:57:14 -0400] "GET /manga/perfect-marriage-revenge-chapter-99/ HTTP/1.1" 200 13315 "-" "WP Rocket/Preload"
162.0.232.193 - - [08/Jun/2025:06:57:15 -0400] "GET /manga/perfect-marriage-revenge-chapter-99/ HTTP/1.1" 200 13320 "-" "WP Rocket/Preload Mozilla/5.0 (iPhone; CPU iPhone OS 9_1 like Mac OS X) AppleWebKit/601.1.46 (KHTML, like Gecko) Version/9.0 Mobile/13B143 Safari/601.1"
162.0.232.193 - - [08/Jun/2025:06:57:16 -0400] "GET /manga/perfect-marriage-revenge-chapter-98/ HTTP/1.1" 200 12114 "-" "WP Rocket/Preload"
162.0.232.193 - - [08/Jun/2025:06:57:17 -0400] "GET /manga/perfect-marriage-revenge-chapter-98/ HTTP/1.1" 200 12122 "-" "WP Rocket/Preload Mozilla/5.0 (iPhone; CPU iPhone OS 9_1 like Mac OS X) AppleWebKit/601.1.46 (KHTML, like Gecko) Version/9.0 Mobile/13B143 Safari/601.1"
162.0.232.193 - - [08/Jun/2025:06:59:26 -0400] "POST /wp-cron.php?doing_wp_cron=1749380366.7193028926849365234375 HTTP/1.1" 200 0 "-" "WordPress/6.6.2; https://w1.perfectmarriagerevenge.com"
170.106.140.110 - - [08/Jun/2025:06:59:24 -0400] "GET /wp-json/oembed/1.0/embed?url=https%3A%2F%2Fw1.perfectmarriagerevenge.com%2Fmanga%2Fperfect-marriage-revenge-chapter-11-1%2F HTTP/1.1" 200 2667 "-" "Mozilla/5.0 (iPhone; CPU iPhone OS 13_2_3 like Mac OS X) AppleWebKit/605.1.15 (KHTML, like Gecko) Version/13.0.3 Mobile/15E148 Safari/604.1"
162.0.232.193 - - [08/Jun/2025:06:59:27 -0400] "GET /manga/perfect-marriage-revenge-chapter-97/ HTTP/1.1" 200 12027 "-" "WP Rocket/Preload"
162.0.232.193 - - [08/Jun/2025:06:59:28 -0400] "GET /manga/perfect-marriage-revenge-chapter-97/ HTTP/1.1" 200 12025 "-" "WP Rocket/Preload Mozilla/5.0 (iPhone; CPU iPhone OS 9_1 like Mac OS X) AppleWebKit/601.1.46 (KHTML, like Gecko) Version/9.0 Mobile/13B143 Safari/601.1"
162.0.232.193 - - [08/Jun/2025:06:59:29 -0400] "GET /manga/perfect-marriage-revenge-chapter-96/ HTTP/1.1" 200 12215 "-" "WP Rocket/Preload"
