43.155.129.131 - - [08/Jun/2025:20:25:15 -0400] "GET /manga/perfect-marriage-revenge-chapter-9/ HTTP/1.1" 200 14289 "-" "Mozilla/5.0 (iPhone; CPU iPhone OS 13_2_3 like Mac OS X) AppleWebKit/605.1.15 (KHTML, like Gecko) Version/13.0.3 Mobile/15E148 Safari/604.1"
194.87.252.147 - - [08/Jun/2025:20:26:36 -0400] "GET / HTTP/1.1" 200 10467 "-" "Mozilla/5.0 (Windows NT 6.3; Win64; x64) AppleWebKit/537.36 (KHTML, like Gecko) Chrome/52.0.2761.94 Safari/537.36"
162.0.232.193 - - [08/Jun/2025:20:26:38 -0400] "POST /wp-cron.php?doing_wp_cron=1749428798.4896149635314941406250 HTTP/1.1" 200 0 "-" "WordPress/6.6.2; https://w1.perfectmarriagerevenge.com"
194.87.252.147 - - [08/Jun/2025:20:26:37 -0400] "POST /wp-content/plugins/wp-automatic/inc/csv.php HTTP/1.1" 200 26 "https://w1.perfectmarriagerevenge.com/" "Mozilla/5.0 (Windows NT 6.3; Win64; x64) AppleWebKit/537.36 (KHTML, like Gecko) Chrome/52.0.2761.94 Safari/537.36"
162.0.232.193 - - [08/Jun/2025:20:26:39 -0400] "GET /terms-and-conditions/ HTTP/1.1" 200 12254 "-" "WP Rocket/Preload"
194.87.252.147 - - [08/Jun/2025:20:26:39 -0400] "POST /wp-content/plugins/wp-automatic/inc/csv.php HTTP/1.1" 200 26 "https://w1.perfectmarriagerevenge.com/wp-content/plugins/wp-automatic/inc/csv.php" "Mozilla/5.0 (Windows NT 6.3; Win64; x64) AppleWebKit/537.36 (KHTML, like Gecko) Chrome/52.0.2761.94 Safari/537.36"
194.87.252.147 - - [08/Jun/2025:20:26:39 -0400] "POST /wp-content/plugins/wp-automatic/inc/csv.php HTTP/1.1" 200 26 "https://w1.perfectmarriagerevenge.com/wp-content/plugins/wp-automatic/inc/csv.php" "Mozilla/5.0 (Windows NT 6.3; Win64; x64) AppleWebKit/537.36 (KHTML, like Gecko) Chrome/52.0.2761.94 Safari/537.36"
194.87.252.147 - - [08/Jun/2025:20:26:39 -0400] "POST /wp-content/plugins/wp-automatic/inc/csv.php HTTP/1.1" 200 26 "https://w1.perfectmarriagerevenge.com/wp-content/plugins/wp-automatic/inc/csv.php" "Mozilla/5.0 (Windows NT 6.3; Win64; x64) AppleWebKit/537.36 (KHTML, like Gecko) Chrome/52.0.2761.94 Safari/537.36"
162.0.232.193 - - [08/Jun/2025:20:26:39 -0400] "GET /terms-and-conditions/ HTTP/1.1" 200 12244 "-" "WP Rocket/Preload Mozilla/5.0 (iPhone; CPU iPhone OS 9_1 like Mac OS X) AppleWebKit/601.1.46 (KHTML, like Gecko) Version/9.0 Mobile/13B143 Safari/601.1"
194.87.252.147 - - [08/Jun/2025:20:26:40 -0400] "POST /wp-content/plugins/wp-automatic/inc/csv.php196a893b7f57.php HTTP/1.1" 301 0 "https://w1.perfectmarriagerevenge.com/wp-content/plugins/wp-automatic/inc/csv.php" "Mozilla/5.0 (Windows NT 6.3; Win64; x64) AppleWebKit/537.36 (KHTML, like Gecko) Chrome/52.0.2761.94 Safari/537.36"
162.0.232.193 - - [08/Jun/2025:20:26:40 -0400] "GET /return-policy/ HTTP/1.1" 200 10276 "-" "WP Rocket/Preload"
194.87.252.147 - - [08/Jun/2025:20:26:40 -0400] "GET / HTTP/1.1" 200 10497 "https://w1.perfectmarriagerevenge.com/wp-content/plugins/wp-automatic/inc/csv.php" "Mozilla/5.0 (Windows NT 6.3; Win64; x64) AppleWebKit/537.36 (KHTML, like Gecko) Chrome/52.0.2761.94 Safari/537.36"
194.87.252.147 - - [08/Jun/2025:20:26:41 -0400] "POST /wp-content/plugins/wp-automatic/inc/csv.php196a893b7f57.php HTTP/1.1" 301 0 "https://w1.perfectmarriagerevenge.com/" "Mozilla/5.0 (Windows NT 6.3; Win64; x64) AppleWebKit/537.36 (KHTML, like Gecko) Chrome/52.0.2761.94 Safari/537.36"
162.0.232.193 - - [08/Jun/2025:20:26:41 -0400] "GET /return-policy/ HTTP/1.1" 200 10247 "-" "WP Rocket/Preload Mozilla/5.0 (iPhone; CPU iPhone OS 9_1 like Mac OS X) AppleWebKit/601.1.46 (KHTML, like Gecko) Version/9.0 Mobile/13B143 Safari/601.1"
194.87.252.147 - - [08/Jun/2025:20:26:41 -0400] "GET / HTTP/1.1" 200 10467 "https://w1.perfectmarriagerevenge.com/" "Mozilla/5.0 (Windows NT 6.3; Win64; x64) AppleWebKit/537.36 (KHTML, like Gecko) Chrome/52.0.2761.94 Safari/537.36"
194.87.252.147 - - [08/Jun/2025:20:26:42 -0400] "POST /wp-content/plugins/wp-automatic/inc/csv.php196a893b7f57.php HTTP/1.1" 301 0 "https://w1.perfectmarriagerevenge.com/" "Mozilla/5.0 (Windows NT 6.3; Win64; x64) AppleWebKit/537.36 (KHTML, like Gecko) Chrome/52.0.2761.94 Safari/537.36"
162.0.232.193 - - [08/Jun/2025:20:26:42 -0400] "GET /privacy-policy/ HTTP/1.1" 200 12930 "-" "WP Rocket/Preload"
194.87.252.147 - - [08/Jun/2025:20:26:42 -0400] "GET / HTTP/1.1" 200 10467 "https://w1.perfectmarriagerevenge.com/" "Mozilla/5.0 (Windows NT 6.3; Win64; x64) AppleWebKit/537.36 (KHTML, like Gecko) Chrome/52.0.2761.94 Safari/537.36"
194.87.252.147 - - [08/Jun/2025:20:26:43 -0400] "POST /wp-content/plugins/wp-automatic/inc/csv.php196a893b7f57.php HTTP/1.1" 301 0 "https://w1.perfectmarriagerevenge.com/" "Mozilla/5.0 (Windows NT 6.3; Win64; x64) AppleWebKit/537.36 (KHTML, like Gecko) Chrome/52.0.2761.94 Safari/537.36"
162.0.232.193 - - [08/Jun/2025:20:26:43 -0400] "GET /privacy-policy/ HTTP/1.1" 200 13275 "-" "WP Rocket/Preload Mozilla/5.0 (iPhone; CPU iPhone OS 9_1 like Mac OS X) AppleWebKit/601.1.46 (KHTML, like Gecko) Version/9.0 Mobile/13B143 Safari/601.1"
194.87.252.147 - - [08/Jun/2025:20:26:43 -0400] "GET / HTTP/1.1" 200 10467 "https://w1.perfectmarriagerevenge.com/" "Mozilla/5.0 (Windows NT 6.3; Win64; x64) AppleWebKit/537.36 (KHTML, like Gecko) Chrome/52.0.2761.94 Safari/537.36"
162.0.232.193 - - [08/Jun/2025:20:26:43 -0400] "GET /comic/ HTTP/1.1" 200 9199 "-" "WP Rocket/Preload"
194.87.252.147 - - [08/Jun/2025:20:26:43 -0400] "GET /wp-login.php HTTP/1.1" 200 1796 "https://w1.perfectmarriagerevenge.com/" "Mozilla/5.0 (Windows NT 6.3; Win64; x64) AppleWebKit/537.36 (KHTML, like Gecko) Chrome/52.0.2761.94 Safari/537.36"
194.87.252.147 - - [08/Jun/2025:20:26:44 -0400] "POST /wp-login.php HTTP/1.1" 200 1957 "https://w1.perfectmarriagerevenge.com/wp-login.php" "Mozilla/5.0 (Windows NT 6.3; Win64; x64) AppleWebKit/537.36 (KHTML, like Gecko) Chrome/52.0.2761.94 Safari/537.36"
162.0.232.193 - - [08/Jun/2025:20:26:44 -0400] "GET /comic/ HTTP/1.1" 200 8850 "-" "WP Rocket/Preload Mozilla/5.0 (iPhone; CPU iPhone OS 9_1 like Mac OS X) AppleWebKit/601.1.46 (KHTML, like Gecko) Version/9.0 Mobile/13B143 Safari/601.1"
162.0.232.193 - - [08/Jun/2025:20:26:45 -0400] "GET /comic/anime-name-chapter-1/ HTTP/1.1" 200 10454 "-" "WP Rocket/Preload"
194.87.252.147 - - [08/Jun/2025:20:26:44 -0400] "GET /wp-admin/plugins.php HTTP/1.1" 302 0 "https://w1.perfectmarriagerevenge.com/wp-login.php" "Mozilla/5.0 (Windows NT 6.3; Win64; x64) AppleWebKit/537.36 (KHTML, like Gecko) Chrome/52.0.2761.94 Safari/537.36"
194.87.252.147 - - [08/Jun/2025:20:26:45 -0400] "GET /wp-login.php?redirect_to=https%3A%2F%2Fw1.perfectmarriagerevenge.com%2Fwp-admin%2Fplugins.php&reauth=1 HTTP/1.1" 200 1802 "https://w1.perfectmarriagerevenge.com/wp-login.php" "Mozilla/5.0 (Windows NT 6.3; Win64; x64) AppleWebKit/537.36 (KHTML, like Gecko) Chrome/52.0.2761.94 Safari/537.36"
162.0.232.193 - - [08/Jun/2025:20:26:45 -0400] "GET /comic/anime-name-chapter-1/ HTTP/1.1" 200 10396 "-" "WP Rocket/Preload Mozilla/5.0 (iPhone; CPU iPhone OS 9_1 like Mac OS X) AppleWebKit/601.1.46 (KHTML, like Gecko) Version/9.0 Mobile/13B143 Safari/601.1"
162.0.232.193 - - [08/Jun/2025:20:26:46 -0400] "GET /category/manga/ HTTP/1.1" 200 23776 "-" "WP Rocket/Preload"
162.0.232.193 - - [08/Jun/2025:20:26:47 -0400] "GET /category/manga/ HTTP/1.1" 200 23478 "-" "WP Rocket/Preload Mozilla/5.0 (iPhone; CPU iPhone OS 9_1 like Mac OS X) AppleWebKit/601.1.46 (KHTML, like Gecko) Version/9.0 Mobile/13B143 Safari/601.1"
162.0.232.193 - - [08/Jun/2025:20:26:48 -0400] "GET /category/perfect-marriage-revenge/ HTTP/1.1" 200 23828 "-" "WP Rocket/Preload"
162.0.232.193 - - [08/Jun/2025:20:26:49 -0400] "GET /category/perfect-marriage-revenge/ HTTP/1.1" 200 24096 "-" "WP Rocket/Preload Mozilla/5.0 (iPhone; CPU iPhone OS 9_1 like Mac OS X) AppleWebKit/601.1.46 (KHTML, like Gecko) Version/9.0 Mobile/13B143 Safari/601.1"
162.0.232.193 - - [08/Jun/2025:20:26:50 -0400] "GET /category/perfect-marriage-revenge-manga/ HTTP/1.1" 200 23561 "-" "WP Rocket/Preload"
162.0.232.193 - - [08/Jun/2025:20:26:51 -0400] "GET /category/perfect-marriage-revenge-manga/ HTTP/1.1" 200 23895 "-" "WP Rocket/Preload Mozilla/5.0 (iPhone; CPU iPhone OS 9_1 like Mac OS X) AppleWebKit/601.1.46 (KHTML, like Gecko) Version/9.0 Mobile/13B143 Safari/601.1"
162.0.232.193 - - [08/Jun/2025:20:26:52 -0400] "GET /category/perfect-marriage-revenge-manhwa/ HTTP/1.1" 200 23936 "-" "WP Rocket/Preload"
162.0.232.193 - - [08/Jun/2025:20:26:53 -0400] "GET /category/perfect-marriage-revenge-manhwa/ HTTP/1.1" 200 23881 "-" "WP Rocket/Preload Mozilla/5.0 (iPhone; CPU iPhone OS 9_1 like Mac OS X) AppleWebKit/601.1.46 (KHTML, like Gecko) Version/9.0 Mobile/13B143 Safari/601.1"
162.0.232.193 - - [08/Jun/2025:20:26:54 -0400] "GET /category/perfect-marriage-revenge-webtoon/ HTTP/1.1" 200 23851 "-" "WP Rocket/Preload"
162.0.232.193 - - [08/Jun/2025:20:26:55 -0400] "GET /category/perfect-marriage-revenge-webtoon/ HTTP/1.1" 200 24116 "-" "WP Rocket/Preload Mozilla/5.0 (iPhone; CPU iPhone OS 9_1 like Mac OS X) AppleWebKit/601.1.46 (KHTML, like Gecko) Version/9.0 Mobile/13B143 Safari/601.1"
162.0.232.193 - - [08/Jun/2025:20:26:55 -0400] "GET /category/read-perfect-marriage-revenge/ HTTP/1.1" 200 23850 "-" "WP Rocket/Preload"
162.0.232.193 - - [08/Jun/2025:20:26:57 -0400] "GET /category/read-perfect-marriage-revenge/ HTTP/1.1" 200 23847 "-" "WP Rocket/Preload Mozilla/5.0 (iPhone; CPU iPhone OS 9_1 like Mac OS X) AppleWebKit/601.1.46 (KHTML, like Gecko) Version/9.0 Mobile/13B143 Safari/601.1"
162.0.232.193 - - [08/Jun/2025:20:26:57 -0400] "GET /category/the-essence-of-a-perfect-marriage/ HTTP/1.1" 200 23847 "-" "WP Rocket/Preload"
162.0.232.193 - - [08/Jun/2025:20:26:58 -0400] "GET /category/the-essence-of-a-perfect-marriage/ HTTP/1.1" 200 23838 "-" "WP Rocket/Preload Mozilla/5.0 (iPhone; CPU iPhone OS 9_1 like Mac OS X) AppleWebKit/601.1.46 (KHTML, like Gecko) Version/9.0 Mobile/13B143 Safari/601.1"
162.0.232.193 - - [08/Jun/2025:20:26:59 -0400] "GET /author/admin/ HTTP/1.1" 200 24037 "-" "WP Rocket/Preload"
162.0.232.193 - - [08/Jun/2025:20:27:00 -0400] "GET /author/admin/ HTTP/1.1" 200 24022 "-" "WP Rocket/Preload Mozilla/5.0 (iPhone; CPU iPhone OS 9_1 like Mac OS X) AppleWebKit/601.1.46 (KHTML, like Gecko) Version/9.0 Mobile/13B143 Safari/601.1"
162.0.232.193 - - [08/Jun/2025:20:27:02 -0400] "GET /manga/perfect-marriage-revenge-chapter-109-/ HTTP/1.1" 200 11409 "-" "WP Rocket/Preload"
162.0.232.193 - - [08/Jun/2025:20:27:03 -0400] "GET /manga/perfect-marriage-revenge-chapter-109-/ HTTP/1.1" 200 11417 "-" "WP Rocket/Preload Mozilla/5.0 (iPhone; CPU iPhone OS 9_1 like Mac OS X) AppleWebKit/601.1.46 (KHTML, like Gecko) Version/9.0 Mobile/13B143 Safari/601.1"
43.157.147.3 - - [08/Jun/2025:20:34:30 -0400] "GET /manga/perfect-marriage-revenge-chapter-94/ HTTP/1.1" 200 13211 "-" "Mozilla/5.0 (iPhone; CPU iPhone OS 13_2_3 like Mac OS X) AppleWebKit/605.1.15 (KHTML, like Gecko) Version/13.0.3 Mobile/15E148 Safari/604.1"
162.62.231.139 - - [08/Jun/2025:20:44:53 -0400] "GET /manga/perfect-marriage-revenge-chapter-106/ HTTP/1.1" 200 13626 "-" "Mozilla/5.0 (iPhone; CPU iPhone OS 13_2_3 like Mac OS X) AppleWebKit/605.1.15 (KHTML, like Gecko) Version/13.0.3 Mobile/15E148 Safari/604.1"
162.0.232.193 - - [08/Jun/2025:20:46:07 -0400] "POST /wp-cron.php?doing_wp_cron=1749429967.7932739257812500000000 HTTP/1.1" 200 0 "-" "WordPress/6.6.2; https://w1.perfectmarriagerevenge.com"
2001:41d0:203:83e2:: - - [08/Jun/2025:20:46:04 -0400] "GET /wp-login.php HTTP/1.1" 200 1796 "https://perfectmarriagerevenge.com/wp-login.php" "GRequests/0.10"
2001:41d0:203:83e2:: - - [08/Jun/2025:20:46:08 -0400] "GET /wp-login.php HTTP/1.1" 200 1796 "https://perfectmarriagerevenge.com/wp-login.php" "GRequests/0.10"
2001:41d0:203:83e2:: - - [08/Jun/2025:20:46:08 -0400] "GET /wp-admin/ HTTP/1.1" 302 0 "https://perfectmarriagerevenge.com/wp-admin/" "GRequests/0.10"
2001:41d0:203:83e2:: - - [08/Jun/2025:20:46:09 -0400] "GET /wp-login.php?redirect_to=https%3A%2F%2Fw1.perfectmarriagerevenge.com%2Fwp-admin%2F&reauth=1 HTTP/1.1" 200 1796 "https://w1.perfectmarriagerevenge.com/wp-admin/" "GRequests/0.10"
47.128.96.2 - - [08/Jun/2025:20:48:09 -0400] "GET /manga/perfect-marriage-revenge-chapter-77/ HTTP/1.1" 200 13389 "-" "Mozilla/5.0 (Linux; Android 5.0) AppleWebKit/537.36 (KHTML, like Gecko) Mobile Safari/537.36 (compatible; TikTokSpider; [email protected])"
195.26.225.209 - - [08/Jun/2025:20:49:05 -0400] "GET / HTTP/1.1" 200 10467 "https://PERFECTMARRIAGEREVENGE.COM" "Mozilla/5.0 (Macintosh; Intel Mac OS X 10_15_7) AppleWebKit/537.36 (KHTML, like Gecko) Chrome/133.0.0.0 Safari/537.36"
162.0.232.193 - - [08/Jun/2025:20:49:07 -0400] "POST /wp-cron.php?doing_wp_cron=1749430147.8685390949249267578125 HTTP/1.1" 200 0 "-" "WordPress/6.6.2; https://w1.perfectmarriagerevenge.com"
195.26.225.209 - - [08/Jun/2025:20:49:06 -0400] "GET /comments/feed/ HTTP/1.1" 200 1297 "-" "Mozilla/5.0 (Macintosh; Intel Mac OS X 10_15_7) AppleWebKit/537.36 (KHTML, like Gecko) Chrome/133.0.0.0 Safari/537.36"
117.33.163.216 - - [08/Jun/2025:20:54:22 -0400] "GET / HTTP/1.1" 200 10479 "https://perfectmarriagerevenge.com/" "Mozilla/5.0 (iPhone; CPU iPhone OS 13_2_3 like Mac OS X) AppleWebKit/605.1.15 (KHTML, like Gecko) Version/13.0.3 Mobile/15E148 Safari/604.1"
43.157.95.131 - - [08/Jun/2025:20:55:27 -0400] "GET /manga/perfect-marriage-revenge-chapter-10-5/ HTTP/1.1" 200 16359 "-" "Mozilla/5.0 (iPhone; CPU iPhone OS 13_2_3 like Mac OS X) AppleWebKit/605.1.15 (KHTML, like Gecko) Version/13.0.3 Mobile/15E148 Safari/604.1"
2a03:2880:f800:10:: - - [08/Jun/2025:20:57:36 -0400] "GET /manga/perfect-marriage-revenge-chapter-40/ HTTP/1.1" 200 12038 "-" "meta-externalagent/1.1 (+https://developers.facebook.com/docs/sharing/webmasters/crawler)"
162.0.232.193 - - [08/Jun/2025:21:10:08 -0400] "POST /wp-cron.php?doing_wp_cron=1749431407.9842510223388671875000 HTTP/1.1" 200 0 "-" "WordPress/6.6.2; https://w1.perfectmarriagerevenge.com"
170.106.163.84 - - [08/Jun/2025:21:10:03 -0400] "GET /perfect-marriage-revenge-chapter-10-5/ HTTP/1.1" 301 0 "https://perfectmarriagerevenge.com/perfect-marriage-revenge-chapter-10-5/" "Mozilla/5.0 (iPhone; CPU iPhone OS 13_2_3 like Mac OS X) AppleWebKit/605.1.15 (KHTML, like Gecko) Version/13.0.3 Mobile/15E148 Safari/604.1"
170.106.163.84 - - [08/Jun/2025:21:10:13 -0400] "GET / HTTP/1.1" 200 10479 "https://perfectmarriagerevenge.com/" "Mozilla/5.0 (iPhone; CPU iPhone OS 13_2_3 like Mac OS X) AppleWebKit/605.1.15 (KHTML, like Gecko) Version/13.0.3 Mobile/15E148 Safari/604.1"
43.157.50.58 - - [08/Jun/2025:21:14:29 -0400] "GET /manga/perfect-marriage-revenge-chapter-10-5/ HTTP/1.1" 200 16359 "-" "Mozilla/5.0 (iPhone; CPU iPhone OS 13_2_3 like Mac OS X) AppleWebKit/605.1.15 (KHTML, like Gecko) Version/13.0.3 Mobile/15E148 Safari/604.1"
162.0.232.193 - - [08/Jun/2025:21:15:35 -0400] "POST /wp-cron.php?doing_wp_cron=1749431735.0307149887084960937500 HTTP/1.1" 200 0 "-" "WordPress/6.6.2; https://w1.perfectmarriagerevenge.com"
35.238.203.213 - - [08/Jun/2025:21:15:33 -0400] "POST /wp-login.php HTTP/1.1" 200 1919 "https://w1.perfectmarriagerevenge.com" "Mozilla/5.0 (Macintosh; Intel Mac OS X 14_6) AppleWebKit/605.1.15 (KHTML, like Gecko) Version/17.5 Safari/605.1.15"
43.165.65.180 - - [08/Jun/2025:21:25:48 -0400] "GET /manga/perfect-marriage-revenge-chapter-9/ HTTP/1.1" 200 14289 "-" "Mozilla/5.0 (iPhone; CPU iPhone OS 13_2_3 like Mac OS X) AppleWebKit/605.1.15 (KHTML, like Gecko) Version/13.0.3 Mobile/15E148 Safari/604.1"
162.0.232.193 - - [08/Jun/2025:21:28:43 -0400] "POST /wp-cron.php?doing_wp_cron=1749432523.8600869178771972656250 HTTP/1.1" 200 0 "-" "WordPress/6.6.2; https://w1.perfectmarriagerevenge.com"
194.60.230.112 - - [08/Jun/2025:21:28:41 -0400] "POST /wp-login.php HTTP/1.1" 200 1919 "https://w1.perfectmarriagerevenge.com" "Mozilla/5.0 (Windows NT 10.0; Win64; x64) AppleWebKit/537.36 (KHTML, like Gecko) Chrome/114.0.5735.199 Safari/537.36 Edg/114.0.1823.67"
68.169.43.28 - - [08/Jun/2025:21:34:30 -0400] "GET /2.php HTTP/1.1" 404 4742 "-" "Mozilla/5.0 (Windows NT 10.0; Win64; x64; rv:139.0) Gecko/20100101 Firefox/139.0"
68.169.43.28 - - [08/Jun/2025:21:34:40 -0400] "GET / HTTP/1.1" 200 10467 "-" "Mozilla/5.0 (Windows NT 10.0; Win64; x64; rv:139.0) Gecko/20100101 Firefox/139.0"
162.0.232.193 - - [08/Jun/2025:21:35:50 -0400] "POST /wp-cron.php?doing_wp_cron=1749432949.9679241180419921875000 HTTP/1.1" 200 0 "-" "WordPress/6.6.2; https://w1.perfectmarriagerevenge.com"
43.156.168.214 - - [08/Jun/2025:21:35:47 -0400] "GET /?p=1552 HTTP/1.1" 301 0 "-" "Mozilla/5.0 (iPhone; CPU iPhone OS 13_2_3 like Mac OS X) AppleWebKit/605.1.15 (KHTML, like Gecko) Version/13.0.3 Mobile/15E148 Safari/604.1"
43.156.168.214 - - [08/Jun/2025:21:35:52 -0400] "GET /manga/perfect-marriage-revenge-chapter-10-5/ HTTP/1.1" 200 16359 "https://w1.perfectmarriagerevenge.com/?p=1552" "Mozilla/5.0 (iPhone; CPU iPhone OS 13_2_3 like Mac OS X) AppleWebKit/605.1.15 (KHTML, like Gecko) Version/13.0.3 Mobile/15E148 Safari/604.1"
162.0.232.193 - - [08/Jun/2025:21:38:03 -0400] "POST /wp-cron.php?doing_wp_cron=1749433083.0012099742889404296875 HTTP/1.1" 200 0 "-" "WordPress/6.6.2; https://w1.perfectmarriagerevenge.com"
216.73.216.122 - - [08/Jun/2025:21:38:01 -0400] "GET /sitemap_index.xml HTTP/1.1" 200 348 "-" "Mozilla/5.0 AppleWebKit/537.36 (KHTML, like Gecko; compatible; ClaudeBot/1.0; [email protected])"
162.0.232.193 - - [08/Jun/2025:21:41:40 -0400] "POST /wp-cron.php?doing_wp_cron=1749433300.3901560306549072265625 HTTP/1.1" 200 0 "-" "WordPress/6.6.2; https://w1.perfectmarriagerevenge.com"
89.235.79.29 - - [08/Jun/2025:21:41:38 -0400] "POST /wp-login.php HTTP/1.1" 200 1919 "https://w1.perfectmarriagerevenge.com" "Mozilla/5.0 (Windows NT 10.0; Win64; x64) AppleWebKit/537.36 (KHTML, like Gecko) Chrome/113.0.5672.93 Safari/537.36"
162.0.232.193 - - [08/Jun/2025:21:42:23 -0400] "POST /wp-cron.php?doing_wp_cron=1749433342.9886999130249023437500 HTTP/1.1" 200 0 "-" "WordPress/6.6.2; https://w1.perfectmarriagerevenge.com"
82.102.18.124 - - [08/Jun/2025:21:42:22 -0400] "GET //wp-includes/wlwmanifest.xml HTTP/1.1" 301 0 "-" "Mozilla/5.0 (Windows NT 10.0; Win64; x64) AppleWebKit/537.36 (KHTML, like Gecko) Chrome/78.0.3904.108 Safari/537.36"
82.102.18.124 - - [08/Jun/2025:21:42:23 -0400] "GET / HTTP/1.1" 200 10467 "-" "Mozilla/5.0 (Windows NT 10.0; Win64; x64) AppleWebKit/537.36 (KHTML, like Gecko) Chrome/78.0.3904.108 Safari/537.36"
82.102.18.124 - - [08/Jun/2025:21:42:23 -0400] "GET //?author=1 HTTP/1.1" 301 0 "-" "Mozilla/5.0 (Windows NT 10.0; Win64; x64) AppleWebKit/537.36 (KHTML, like Gecko) Chrome/78.0.3904.108 Safari/537.36"
82.102.18.124 - - [08/Jun/2025:21:42:23 -0400] "GET //?author=2 HTTP/1.1" 301 0 "-" "Mozilla/5.0 (Windows NT 10.0; Win64; x64) AppleWebKit/537.36 (KHTML, like Gecko) Chrome/78.0.3904.108 Safari/537.36"
82.102.18.124 - - [08/Jun/2025:21:42:24 -0400] "GET //wp-json/wp/v2/users/ HTTP/1.1" 200 6570 "-" "Mozilla/5.0 (Windows NT 10.0; Win64; x64) AppleWebKit/537.36 (KHTML, like Gecko) Chrome/78.0.3904.108 Safari/537.36"
82.102.18.124 - - [08/Jun/2025:21:42:24 -0400] "GET //wp-json/oembed/1.0/embed?url=https://w1.perfectmarriagerevenge.com/ HTTP/1.1" 200 2573 "-" "Mozilla/5.0 (Windows NT 10.0; Win64; x64) AppleWebKit/537.36 (KHTML, like Gecko) Chrome/78.0.3904.108 Safari/537.36"
162.0.232.193 - - [08/Jun/2025:21:45:05 -0400] "POST /wp-cron.php?doing_wp_cron=1749433505.2971050739288330078125 HTTP/1.1" 200 0 "-" "WordPress/6.6.2; https://w1.perfectmarriagerevenge.com"
43.130.16.212 - - [08/Jun/2025:21:45:03 -0400] "GET /manga/perfect-marriage-revenge-chapter-10-5/feed/ HTTP/1.1" 200 428 "-" "Mozilla/5.0 (iPhone; CPU iPhone OS 13_2_3 like Mac OS X) AppleWebKit/605.1.15 (KHTML, like Gecko) Version/13.0.3 Mobile/15E148 Safari/604.1"
2a03:2880:2ff:73:: - - [08/Jun/2025:21:50:42 -0400] "GET /manga/perfect-marriage-revenge-chapter-125/ HTTP/1.1" 200 11799 "-" "meta-externalagent/1.1 (+https://developers.facebook.com/docs/sharing/webmasters/crawler)"
162.0.232.193 - - [08/Jun/2025:21:55:32 -0400] "POST /wp-cron.php?doing_wp_cron=1749434132.7457489967346191406250 HTTP/1.1" 200 0 "-" "WordPress/6.6.2; https://w1.perfectmarriagerevenge.com"
43.130.9.111 - - [08/Jun/2025:21:55:30 -0400] "GET /wp-json/wp/v2/posts/1552 HTTP/1.1" 200 67705 "-" "Mozilla/5.0 (iPhone; CPU iPhone OS 13_2_3 like Mac OS X) AppleWebKit/605.1.15 (KHTML, like Gecko) Version/13.0.3 Mobile/15E148 Safari/604.1"
162.0.232.193 - - [08/Jun/2025:22:03:27 -0400] "POST /wp-cron.php?doing_wp_cron=1749434607.1531150341033935546875 HTTP/1.1" 200 0 "-" "WordPress/6.6.2; https://w1.perfectmarriagerevenge.com"
216.244.66.198 - - [08/Jun/2025:22:03:25 -0400] "GET /robots.txt HTTP/1.1" 200 117 "-" "Mozilla/5.0 (compatible; DotBot/1.2; +https://opensiteexplorer.org/dotbot; [email protected])"
43.156.202.34 - - [08/Jun/2025:22:05:09 -0400] "GET /manga/perfect-marriage-revenge-chapter-107/ HTTP/1.1" 200 13218 "-" "Mozilla/5.0 (iPhone; CPU iPhone OS 13_2_3 like Mac OS X) AppleWebKit/605.1.15 (KHTML, like Gecko) Version/13.0.3 Mobile/15E148 Safari/604.1"
162.0.232.193 - - [08/Jun/2025:22:10:04 -0400] "POST /wp-cron.php?doing_wp_cron=1749435003.6802589893341064453125 HTTP/1.1" 200 0 "-" "WordPress/6.6.2; https://w1.perfectmarriagerevenge.com"
103.169.160.163 - - [08/Jun/2025:22:10:01 -0400] "POST /wp-login.php HTTP/1.1" 200 1919 "https://w1.perfectmarriagerevenge.com" "Mozilla/5.0 (Macintosh; Intel Mac OS X 13_3) AppleWebKit/537.36 (KHTML, like Gecko) Chrome/126.0.0.0 Safari/537.36 Edg/126.0.0.0"
162.0.232.193 - - [08/Jun/2025:22:15:04 -0400] "POST /wp-cron.php?doing_wp_cron=1749435304.7034940719604492187500 HTTP/1.1" 200 0 "-" "WordPress/6.6.2; https://w1.perfectmarriagerevenge.com"
43.159.135.203 - - [08/Jun/2025:22:15:02 -0400] "GET /wp-json/oembed/1.0/embed?url=https%3A%2F%2Fw1.perfectmarriagerevenge.com%2Fmanga%2Fperfect-marriage-revenge-chapter-10-5%2F HTTP/1.1" 200 2667 "-" "Mozilla/5.0 (iPhone; CPU iPhone OS 13_2_3 like Mac OS X) AppleWebKit/605.1.15 (KHTML, like Gecko) Version/13.0.3 Mobile/15E148 Safari/604.1"
52.167.144.222 - - [08/Jun/2025:22:15:05 -0400] "GET / HTTP/1.1" 200 10467 "-" "Mozilla/5.0 AppleWebKit/537.36 (KHTML, like Gecko; compatible; bingbot/2.0; +http://www.bing.com/bingbot.htm) Chrome/116.0.1938.76 Safari/537.36"
157.55.39.7 - - [08/Jun/2025:22:16:03 -0400] "GET /wp-content/plugins/widgets-on-pages/public/css/widgets-on-pages-public.css?ver=1.4.0 HTTP/1.1" 200 83 "-" "Mozilla/5.0 AppleWebKit/537.36 (KHTML, like Gecko; compatible; bingbot/2.0; +http://www.bing.com/bingbot.htm) Chrome/116.0.1938.76 Safari/537.36"
157.55.39.7 - - [08/Jun/2025:22:16:04 -0400] "GET /wp-content/themes/toivo-lite/js/functions.min.js?ver=1.2.0 HTTP/1.1" 200 593 "-" "Mozilla/5.0 AppleWebKit/537.36 (KHTML, like Gecko; compatible; bingbot/2.0; +http://www.bing.com/bingbot.htm) Chrome/116.0.1938.76 Safari/537.36"
157.55.39.7 - - [08/Jun/2025:22:16:05 -0400] "GET /wp-content/themes/toivo-lite/js/responsive-nav.min.js?ver=1.2.0 HTTP/1.1" 200 2102 "-" "Mozilla/5.0 AppleWebKit/537.36 (KHTML, like Gecko; compatible; bingbot/2.0; +http://www.bing.com/bingbot.htm) Chrome/116.0.1938.76 Safari/537.36"
185.191.171.14 - - [08/Jun/2025:22:16:56 -0400] "GET /manga/perfect-marriage-revenge-chapter-69/ HTTP/1.1" 200 13222 "-" "Mozilla/5.0 (compatible; SemrushBot/7~bl; +http://www.semrush.com/bot.html)"
162.0.232.193 - - [08/Jun/2025:22:17:14 -0400] "POST /wp-cron.php?doing_wp_cron=1749435433.9792211055755615234375 HTTP/1.1" 200 0 "-" "WordPress/6.6.2; https://w1.perfectmarriagerevenge.com"
216.244.66.198 - - [08/Jun/2025:22:17:12 -0400] "GET /category/perfect-marriage-revenge-webtoon/page/2/ HTTP/1.1" 200 19317 "-" "Mozilla/5.0 (compatible; DotBot/1.2; +https://opensiteexplorer.org/dotbot; [email protected])"
162.0.232.193 - - [08/Jun/2025:22:24:36 -0400] "POST /wp-cron.php?doing_wp_cron=1749435875.9451770782470703125000 HTTP/1.1" 200 0 "-" "WordPress/6.6.2; https://w1.perfectmarriagerevenge.com"
51.178.81.248 - - [08/Jun/2025:22:24:34 -0400] "POST /wp-login.php HTTP/1.1" 200 1919 "https://w1.perfectmarriagerevenge.com" "Mozilla/5.0 (Windows NT 10.0; Win64; x64) AppleWebKit/537.36 (KHTML, like Gecko) Chrome/113.0.5672.93 Safari/537.36"
173.208.148.34 - - [08/Jun/2025:22:25:21 -0400] "GET / HTTP/1.1" 200 10467 "-" "Mozilla/5.0 (Windows NT 10.0; Win64; x64) AppleWebKit/537.36 (KHTML, like Gecko) Chrome/91.0.4472.106 Safari/537.36"
173.208.148.34 - - [08/Jun/2025:22:25:21 -0400] "GET / HTTP/1.1" 200 10467 "-" "Mozilla/5.0 (compatible; Googlebot/2.1; +http://www.google.com/bot.html)"
162.0.232.193 - - [08/Jun/2025:22:25:22 -0400] "POST /wp-cron.php?doing_wp_cron=1749435922.2650749683380126953125 HTTP/1.1" 200 0 "-" "WordPress/6.6.2; https://w1.perfectmarriagerevenge.com"
173.208.148.34 - - [08/Jun/2025:22:25:22 -0400] "GET /index.php?params=1 HTTP/1.1" 301 0 "-" "Mozilla/5.0 (Windows NT 10.0; Win64; x64) AppleWebKit/537.36 (KHTML, like Gecko) Chrome/91.0.4472.106 Safari/537.36"
173.208.148.34 - - [08/Jun/2025:22:25:22 -0400] "GET /?params=1 HTTP/1.1" 200 10229 "-" "Mozilla/5.0 (Windows NT 10.0; Win64; x64) AppleWebKit/537.36 (KHTML, like Gecko) Chrome/91.0.4472.106 Safari/537.36"
162.0.232.193 - - [08/Jun/2025:22:25:43 -0400] "POST /wp-cron.php?doing_wp_cron=1749435943.1895649433135986328125 HTTP/1.1" 200 0 "-" "WordPress/6.6.2; https://w1.perfectmarriagerevenge.com"
43.156.109.53 - - [08/Jun/2025:22:25:43 -0400] "GET /manga/perfect-marriage-revenge-chapter-9/feed/ HTTP/1.1" 200 427 "-" "Mozilla/5.0 (iPhone; CPU iPhone OS 13_2_3 like Mac OS X) AppleWebKit/605.1.15 (KHTML, like Gecko) Version/13.0.3 Mobile/15E148 Safari/604.1"
2001:4860:7:804::f8 - - [08/Jun/2025:22:32:03 -0400] "GET / HTTP/1.1" 200 10467 "https://www.google.co.jp/" "Mozilla/5.0 (Windows NT 10.0; Win64; x64) AppleWebKit/537.36 (KHTML, like Gecko) Chrome/137.0.0.0 Safari/537.36"
162.0.232.193 - - [08/Jun/2025:22:32:05 -0400] "POST /wp-cron.php?doing_wp_cron=1749436325.4146978855133056640625 HTTP/1.1" 200 0 "-" "WordPress/6.6.2; https://w1.perfectmarriagerevenge.com"
66.249.82.1 - - [08/Jun/2025:22:32:03 -0400] "GET /.well-known/traffic-advice HTTP/1.1" 301 0 "-" "Chrome Privacy Preserving Prefetch Proxy"
45.204.8.167 - - [08/Jun/2025:22:32:29 -0400] "GET / HTTP/1.1" 200 10483 "-" "Mozilla/5.0 (Windows NT 10.0; Win64; x64) AppleWebKit/537.36 (KHTML, like Gecko) Chrome/137.0.0.0 Safari/537.36"
45.204.8.167 - - [08/Jun/2025:22:33:22 -0400] "GET /manga/perfect-marriage-revenge-chapter-125/ HTTP/1.1" 200 11799 "https://w1.perfectmarriagerevenge.com/" "Mozilla/5.0 (Windows NT 10.0; Win64; x64) AppleWebKit/537.36 (KHTML, like Gecko) Chrome/137.0.0.0 Safari/537.36"
85.208.96.206 - - [08/Jun/2025:22:37:09 -0400] "GET /manga/perfect-marriage-revenge-chapter-122/ HTTP/1.1" 200 12117 "-" "Mozilla/5.0 (compatible; SemrushBot/7~bl; +http://www.semrush.com/bot.html)"
162.0.232.193 - - [08/Jun/2025:22:38:12 -0400] "POST /wp-cron.php?doing_wp_cron=1749436692.3108201026916503906250 HTTP/1.1" 200 0 "-" "WordPress/6.6.2; https://w1.perfectmarriagerevenge.com"
165.140.242.86 - - [08/Jun/2025:22:38:10 -0400] "POST /wp-login.php HTTP/1.1" 200 1919 "https://w1.perfectmarriagerevenge.com" "Mozilla/5.0 (Windows NT 10.0; Win64; x64) AppleWebKit/537.36 (KHTML, like Gecko) Chrome/113.0.5672.126 Safari/537.36 Edg/113.0.1774.50"
185.191.171.5 - - [08/Jun/2025:22:47:33 -0400] "GET /manga/perfect-marriage-revenge-chapter-109-5/ HTTP/1.1" 200 11852 "-" "Mozilla/5.0 (compatible; SemrushBot/7~bl; +http://www.semrush.com/bot.html)"
162.0.232.193 - - [08/Jun/2025:22:51:00 -0400] "POST /wp-cron.php?doing_wp_cron=1749437460.5895190238952636718750 HTTP/1.1" 200 0 "-" "WordPress/6.6.2; https://w1.perfectmarriagerevenge.com"
20.171.207.158 - - [08/Jun/2025:22:50:58 -0400] "GET /sitemap_index.xml HTTP/1.1" 200 348 "-" "Mozilla/5.0 AppleWebKit/537.36 (KHTML, like Gecko; compatible; GPTBot/1.2; +https://openai.com/gptbot)"
162.0.232.193 - - [08/Jun/2025:22:51:47 -0400] "POST /wp-cron.php?doing_wp_cron=1749437507.3163979053497314453125 HTTP/1.1" 200 0 "-" "WordPress/6.6.2; https://w1.perfectmarriagerevenge.com"
162.0.209.186 - - [08/Jun/2025:22:51:47 -0400] "POST /wp-login.php HTTP/1.1" 200 1919 "https://w1.perfectmarriagerevenge.com" "Mozilla/5.0 (Macintosh; Intel Mac OS X 10_15_7) AppleWebKit/537.36 (KHTML, like Gecko) Chrome/115.0.5790.102 Safari/537.36"
103.131.71.75 - - [08/Jun/2025:22:52:07 -0400] "GET /robots.txt HTTP/1.1" 200 117 "-" "Mozilla/5.0 (compatible; coccocbot-web/1.0; +http://help.coccoc.com/searchengine)"
103.131.71.181 - - [08/Jun/2025:22:52:09 -0400] "GET / HTTP/1.1" 200 10467 "-" "Mozilla/5.0 (compatible; coccocbot-web/1.0; +http://help.coccoc.com/searchengine)"
103.131.71.181 - - [08/Jun/2025:22:52:11 -0400] "GET /manga/perfect-marriage-revenge-chapter-1/ HTTP/1.1" 200 13886 "-" "Mozilla/5.0 (compatible; coccocbot-web/1.0; +http://help.coccoc.com/searchengine)"
195.82.146.211 - - [08/Jun/2025:22:55:02 -0400] "GET / HTTP/1.1" 200 10467 "https://w1.perfectmarriagerevenge.com/" "Mozilla/5.0 (Windows NT 10.0; Win64; x64) AppleWebKit/537.36 (KHTML, like Gecko) Chrome/130.0.0.0 Safari/537.36"
162.0.232.193 - - [08/Jun/2025:23:06:18 -0400] "POST /wp-cron.php?doing_wp_cron=1749438378.1481189727783203125000 HTTP/1.1" 200 0 "-" "WordPress/6.6.2; https://w1.perfectmarriagerevenge.com"
164.90.168.112 - - [08/Jun/2025:23:06:14 -0400] "POST /wp-login.php HTTP/1.1" 200 1919 "https://w1.perfectmarriagerevenge.com" "Mozilla/5.0 (Macintosh; Intel Mac OS X 10_15_7; rv:126.0) Gecko/20100101 Firefox/126.0"
162.0.232.193 - - [08/Jun/2025:23:08:16 -0400] "POST /wp-cron.php?doing_wp_cron=1749438495.9265370368957519531250 HTTP/1.1" 200 0 "-" "WordPress/6.6.2; https://w1.perfectmarriagerevenge.com"
196.251.84.251 - - [08/Jun/2025:23:08:14 -0400] "GET /wp-content/plugins/fix/up.php HTTP/1.1" 301 0 "-" "Mozilla/5.0 (Windows NT 10.0; Win64; x64) AppleWebKit/537.36 (KHTML, like Gecko) Chrome/85.0.4183.102 Safari/537.36"
196.251.84.251 - - [08/Jun/2025:23:08:16 -0400] "GET / HTTP/1.1" 200 10467 "-" "Mozilla/5.0 (Windows NT 10.0; Win64; x64) AppleWebKit/537.36 (KHTML, like Gecko) Chrome/85.0.4183.102 Safari/537.36"
2a03:2880:2ff:7:: - - [08/Jun/2025:23:13:42 -0400] "GET / HTTP/1.1" 200 10497 "-" "meta-externalagent/1.1 (+https://developers.facebook.com/docs/sharing/webmasters/crawler)"
47.128.96.128 - - [08/Jun/2025:23:15:17 -0400] "GET /manga/perfect-marriage-revenge-chapter-75/ HTTP/1.1" 200 13823 "-" "Mozilla/5.0 (Linux; Android 5.0) AppleWebKit/537.36 (KHTML, like Gecko) Mobile Safari/537.36 (compatible; TikTokSpider; [email protected])"
162.0.232.193 - - [08/Jun/2025:23:20:29 -0400] "POST /wp-cron.php?doing_wp_cron=1749439229.2040979862213134765625 HTTP/1.1" 200 0 "-" "WordPress/6.6.2; https://w1.perfectmarriagerevenge.com"
50.6.3.4 - - [08/Jun/2025:23:20:27 -0400] "POST /wp-login.php HTTP/1.1" 200 1919 "https://w1.perfectmarriagerevenge.com" "Mozilla/5.0 (Windows NT 11.0; Win64; x64; rv:126.0) Gecko/20100101 Firefox/126.0"
80.85.247.231 - - [08/Jun/2025:23:24:10 -0400] "GET / HTTP/1.1" 200 10497 "https://PERFECTMARRIAGEREVENGE.COM" "Mozilla/5.0 (Macintosh; Intel Mac OS X 10_15_7) AppleWebKit/537.36 (KHTML, like Gecko) Chrome/133.0.0.0 Safari/537.36"
162.0.232.193 - - [08/Jun/2025:23:24:13 -0400] "POST /wp-cron.php?doing_wp_cron=1749439453.2956390380859375000000 HTTP/1.1" 200 0 "-" "WordPress/6.6.2; https://w1.perfectmarriagerevenge.com"
80.85.247.231 - - [08/Jun/2025:23:24:11 -0400] "GET /comments/feed/ HTTP/1.1" 200 1295 "-" "Mozilla/5.0 (Macintosh; Intel Mac OS X 10_15_7) AppleWebKit/537.36 (KHTML, like Gecko) Chrome/133.0.0.0 Safari/537.36"
162.0.232.193 - - [08/Jun/2025:23:26:13 -0400] "POST /wp-cron.php?doing_wp_cron=1749439573.6646161079406738281250 HTTP/1.1" 200 0 "-" "WordPress/6.6.2; https://w1.perfectmarriagerevenge.com"
173.249.4.31 - - [08/Jun/2025:23:26:12 -0400] "GET /ss.php?f_c=1 HTTP/1.1" 301 0 "www.google.com" "Mozlila/5.0 (Linux; Android 7.0; SM-G892A Bulid/NRD90M; wv) AppleWebKit/537.36 (KHTML, like Gecko) Version/4.0 Chrome/60.0.3112.107 Moblie Safari/537.36"
173.249.4.31 - - [08/Jun/2025:23:26:21 -0400] "GET / HTTP/1.1" 200 10514 "www.google.com" "Mozlila/5.0 (Linux; Android 7.0; SM-G892A Bulid/NRD90M; wv) AppleWebKit/537.36 (KHTML, like Gecko) Version/4.0 Chrome/60.0.3112.107 Moblie Safari/537.36"
173.249.4.31 - - [08/Jun/2025:23:26:34 -0400] "GET /ss.php?f_c=1 HTTP/1.1" 301 0 "www.google.com" "Mozlila/5.0 (Linux; Android 7.0; SM-G892A Bulid/NRD90M; wv) AppleWebKit/537.36 (KHTML, like Gecko) Version/4.0 Chrome/60.0.3112.107 Moblie Safari/537.36"
173.249.4.31 - - [08/Jun/2025:23:26:42 -0400] "GET / HTTP/1.1" 200 10479 "www.google.com" "Mozlila/5.0 (Linux; Android 7.0; SM-G892A Bulid/NRD90M; wv) AppleWebKit/537.36 (KHTML, like Gecko) Version/4.0 Chrome/60.0.3112.107 Moblie Safari/537.36"
162.0.232.193 - - [08/Jun/2025:23:34:35 -0400] "POST /wp-cron.php?doing_wp_cron=1749440075.6229200363159179687500 HTTP/1.1" 200 0 "-" "WordPress/6.6.2; https://w1.perfectmarriagerevenge.com"
2600:3c00::f03c:93ff:fe5a:c926 - - [08/Jun/2025:23:34:34 -0400] "POST /wp-login.php HTTP/1.1" 200 1919 "https://w1.perfectmarriagerevenge.com" "Mozilla/5.0 (Macintosh; Intel Mac OS X 10_15_7; rv:129.0) Gecko/20100101 Firefox/129.0"
2a03:2880:f800:1c:: - - [08/Jun/2025:23:37:44 -0400] "GET / HTTP/1.1" 200 10483 "-" "meta-externalagent/1.1 (+https://developers.facebook.com/docs/sharing/webmasters/crawler)"
162.0.232.193 - - [08/Jun/2025:23:39:09 -0400] "POST /wp-cron.php?doing_wp_cron=1749440349.2277040481567382812500 HTTP/1.1" 200 0 "-" "WordPress/6.6.2; https://w1.perfectmarriagerevenge.com"
216.73.216.122 - - [08/Jun/2025:23:39:07 -0400] "GET /sitemap_index.xml HTTP/1.1" 200 348 "-" "Mozilla/5.0 AppleWebKit/537.36 (KHTML, like Gecko; compatible; ClaudeBot/1.0; [email protected])"
2a03:2880:20ff:74:: - - [08/Jun/2025:23:39:09 -0400] "GET /manga/perfect-marriage-revenge-chapter-100/ HTTP/1.1" 200 13213 "-" "meta-externalagent/1.1 (+https://developers.facebook.com/docs/sharing/webmasters/crawler)"
2a03:2880:20ff:: - - [08/Jun/2025:23:39:09 -0400] "GET / HTTP/1.1" 200 10467 "-" "meta-externalagent/1.1 (+https://developers.facebook.com/docs/sharing/webmasters/crawler)"
27.49.16.22 - - [08/Jun/2025:23:43:45 -0400] "GET / HTTP/1.1" 200 10479 "-" "Mozilla/5.0 (iPhone; CPU iPhone OS 18_1 like Mac OS X) AppleWebKit/605.1.15 (KHTML, like Gecko) Version/18.1 Mobile/15E148 Safari/604.1"
27.49.16.22 - - [08/Jun/2025:23:43:46 -0400] "GET /wp-content/themes/toivo-lite/fonts/genericons/genericons/Genericons.svg HTTP/1.1" 200 23714 "https://w1.perfectmarriagerevenge.com/" "Mozilla/5.0 (iPhone; CPU iPhone OS 18_1 like Mac OS X) AppleWebKit/605.1.15 (KHTML, like Gecko) Version/18.1 Mobile/15E148 Safari/604.1"
162.0.232.193 - - [08/Jun/2025:23:43:49 -0400] "POST /wp-cron.php?doing_wp_cron=1749440629.5926098823547363281250 HTTP/1.1" 200 0 "-" "WordPress/6.6.2; https://w1.perfectmarriagerevenge.com"
27.49.16.22 - - [08/Jun/2025:23:43:48 -0400] "GET /apple-touch-icon-120x120-precomposed.png HTTP/1.1" 301 0 "-" "MobileSafari/8619.2.8.10.7 CFNetwork/1568.200.51 Darwin/24.1.0"
27.49.16.22 - - [08/Jun/2025:23:43:50 -0400] "GET / HTTP/1.1" 200 10479 "-" "MobileSafari/8619.2.8.10.7 CFNetwork/1568.200.51 Darwin/24.1.0"
27.49.16.22 - - [08/Jun/2025:23:43:51 -0400] "GET /apple-touch-icon-120x120.png HTTP/1.1" 301 0 "-" "MobileSafari/8619.2.8.10.7 CFNetwork/1568.200.51 Darwin/24.1.0"
27.49.16.22 - - [08/Jun/2025:23:43:51 -0400] "GET / HTTP/1.1" 200 10479 "-" "MobileSafari/8619.2.8.10.7 CFNetwork/1568.200.51 Darwin/24.1.0"
27.49.16.22 - - [08/Jun/2025:23:44:08 -0400] "GET /manga/perfect-marriage-revenge-chapter-19/ HTTP/1.1" 200 12354 "https://w1.perfectmarriagerevenge.com/" "Mozilla/5.0 (iPhone; CPU iPhone OS 18_1 like Mac OS X) AppleWebKit/605.1.15 (KHTML, like Gecko) Version/18.1 Mobile/15E148 Safari/604.1"
27.49.16.22 - - [08/Jun/2025:23:44:08 -0400] "POST /wp-admin/admin-ajax.php HTTP/1.1" 200 69 "https://w1.perfectmarriagerevenge.com/manga/perfect-marriage-revenge-chapter-19/" "Mozilla/5.0 (iPhone; CPU iPhone OS 18_1 like Mac OS X) AppleWebKit/605.1.15 (KHTML, like Gecko) Version/18.1 Mobile/15E148 Safari/604.1"
27.49.16.22 - - [08/Jun/2025:23:44:10 -0400] "GET /manga/perfect-marriage-revenge-chapter-1/ HTTP/1.1" 200 13892 "https://w1.perfectmarriagerevenge.com/" "Mozilla/5.0 (iPhone; CPU iPhone OS 18_1 like Mac OS X) AppleWebKit/605.1.15 (KHTML, like Gecko) Version/18.1 Mobile/15E148 Safari/604.1"
27.49.16.22 - - [08/Jun/2025:23:44:11 -0400] "POST /wp-admin/admin-ajax.php HTTP/1.1" 200 69 "https://w1.perfectmarriagerevenge.com/manga/perfect-marriage-revenge-chapter-1/" "Mozilla/5.0 (iPhone; CPU iPhone OS 18_1 like Mac OS X) AppleWebKit/605.1.15 (KHTML, like Gecko) Version/18.1 Mobile/15E148 Safari/604.1"
27.49.16.22 - - [08/Jun/2025:23:44:49 -0400] "GET /manga/perfect-marriage-revenge-chapter-1/ HTTP/1.1" 200 13892 "https://w1.perfectmarriagerevenge.com/" "Mozilla/5.0 (iPhone; CPU iPhone OS 18_1 like Mac OS X) AppleWebKit/605.1.15 (KHTML, like Gecko) Version/18.1 Mobile/15E148 Safari/604.1"
162.0.232.193 - - [08/Jun/2025:23:44:49 -0400] "POST /wp-cron.php?doing_wp_cron=1749440689.6311380863189697265625 HTTP/1.1" 200 0 "-" "WordPress/6.6.2; https://w1.perfectmarriagerevenge.com"
27.49.16.22 - - [08/Jun/2025:23:44:49 -0400] "POST /wp-admin/admin-ajax.php HTTP/1.1" 200 69 "https://w1.perfectmarriagerevenge.com/manga/perfect-marriage-revenge-chapter-1/" "Mozilla/5.0 (iPhone; CPU iPhone OS 18_1 like Mac OS X) AppleWebKit/605.1.15 (KHTML, like Gecko) Version/18.1 Mobile/15E148 Safari/604.1"
27.49.16.22 - - [08/Jun/2025:23:45:27 -0400] "GET /manga/perfect-marriage-revenge-chapter-1/ HTTP/1.1" 200 13892 "https://w1.perfectmarriagerevenge.com/" "Mozilla/5.0 (iPhone; CPU iPhone OS 18_1 like Mac OS X) AppleWebKit/605.1.15 (KHTML, like Gecko) Version/18.1 Mobile/15E148 Safari/604.1"
27.49.16.22 - - [08/Jun/2025:23:45:28 -0400] "POST /wp-admin/admin-ajax.php HTTP/1.1" 200 69 "https://w1.perfectmarriagerevenge.com/manga/perfect-marriage-revenge-chapter-1/" "Mozilla/5.0 (iPhone; CPU iPhone OS 18_1 like Mac OS X) AppleWebKit/605.1.15 (KHTML, like Gecko) Version/18.1 Mobile/15E148 Safari/604.1"
79.173.88.19 - - [08/Jun/2025:23:49:27 -0400] "GET / HTTP/1.1" 200 10467 "https://yandex.ru/" "Mozilla/5.0 (Windows NT 10.0; Win64; x64) AppleWebKit/537.36 (KHTML, like Gecko) Chrome/134.0.0.0 YaBrowser/25.4.0.0 Safari/537.36"
79.173.88.19 - - [08/Jun/2025:23:49:27 -0400] "GET /wp-content/plugins/widgets-on-pages/public/css/widgets-on-pages-public.css?ver=1.4.0 HTTP/1.1" 200 83 "https://w1.perfectmarriagerevenge.com/" "Mozilla/5.0 (Windows NT 10.0; Win64; x64) AppleWebKit/537.36 (KHTML, like Gecko) Chrome/134.0.0.0 YaBrowser/25.4.0.0 Safari/537.36"
79.173.88.19 - - [08/Jun/2025:23:49:28 -0400] "GET /wp-includes/css/dist/block-library/style.min.css?ver=6.6.2 HTTP/1.1" 200 13903 "https://w1.perfectmarriagerevenge.com/" "Mozilla/5.0 (Windows NT 10.0; Win64; x64) AppleWebKit/537.36 (KHTML, like Gecko) Chrome/134.0.0.0 YaBrowser/25.4.0.0 Safari/537.36"
79.173.88.19 - - [08/Jun/2025:23:49:28 -0400] "GET /wp-content/plugins/simple-social-buttons/assets/css/front.css?ver=5.3.1 HTTP/1.1" 200 10295 "https://w1.perfectmarriagerevenge.com/" "Mozilla/5.0 (Windows NT 10.0; Win64; x64) AppleWebKit/537.36 (KHTML, like Gecko) Chrome/134.0.0.0 YaBrowser/25.4.0.0 Safari/537.36"
79.173.88.19 - - [08/Jun/2025:23:49:28 -0400] "GET /wp-content/themes/toivo-lite/fonts/genericons/genericons/genericons.min.css?ver=3.3 HTTP/1.1" 200 15959 "https://w1.perfectmarriagerevenge.com/" "Mozilla/5.0 (Windows NT 10.0; Win64; x64) AppleWebKit/537.36 (KHTML, like Gecko) Chrome/134.0.0.0 YaBrowser/25.4.0.0 Safari/537.36"
79.173.88.19 - - [08/Jun/2025:23:49:28 -0400] "GET /wp-content/plugins/simple-social-buttons/assets/js/frontend-blocks.js?ver=5.3.1 HTTP/1.1" 200 0 "https://w1.perfectmarriagerevenge.com/" "Mozilla/5.0 (Windows NT 10.0; Win64; x64) AppleWebKit/537.36 (KHTML, like Gecko) Chrome/134.0.0.0 YaBrowser/25.4.0.0 Safari/537.36"
79.173.88.19 - - [08/Jun/2025:23:49:28 -0400] "GET /wp-content/plugins/simple-social-buttons/assets/js/front.js?ver=5.3.1 HTTP/1.1" 200 1932 "https://w1.perfectmarriagerevenge.com/" "Mozilla/5.0 (Windows NT 10.0; Win64; x64) AppleWebKit/537.36 (KHTML, like Gecko) Chrome/134.0.0.0 YaBrowser/25.4.0.0 Safari/537.36"
79.173.88.19 - - [08/Jun/2025:23:49:28 -0400] "GET /wp-includes/js/jquery/jquery.min.js?ver=3.7.1 HTTP/1.1" 200 29744 "https://w1.perfectmarriagerevenge.com/" "Mozilla/5.0 (Windows NT 10.0; Win64; x64) AppleWebKit/537.36 (KHTML, like Gecko) Chrome/134.0.0.0 YaBrowser/25.4.0.0 Safari/537.36"
79.173.88.19 - - [08/Jun/2025:23:49:28 -0400] "GET /wp-content/themes/toivo-lite/style.css?ver=1.2.0 HTTP/1.1" 200 13718 "https://w1.perfectmarriagerevenge.com/" "Mozilla/5.0 (Windows NT 10.0; Win64; x64) AppleWebKit/537.36 (KHTML, like Gecko) Chrome/134.0.0.0 YaBrowser/25.4.0.0 Safari/537.36"
79.173.88.19 - - [08/Jun/2025:23:49:28 -0400] "GET /wp-content/themes/toivo-lite/js/responsive-nav.min.js?ver=1.2.0 HTTP/1.1" 200 2102 "https://w1.perfectmarriagerevenge.com/" "Mozilla/5.0 (Windows NT 10.0; Win64; x64) AppleWebKit/537.36 (KHTML, like Gecko) Chrome/134.0.0.0 YaBrowser/25.4.0.0 Safari/537.36"
79.173.88.19 - - [08/Jun/2025:23:49:28 -0400] "GET /wp-content/uploads/2023/11/0M_details.jpg HTTP/1.1" 200 67440 "https://w1.perfectmarriagerevenge.com/" "Mozilla/5.0 (Windows NT 10.0; Win64; x64) AppleWebKit/537.36 (KHTML, like Gecko) Chrome/134.0.0.0 YaBrowser/25.4.0.0 Safari/537.36"
79.173.88.19 - - [08/Jun/2025:23:49:28 -0400] "GET /wp-content/plugins/comic-easel/js/keynav.js HTTP/1.1" 200 302 "https://w1.perfectmarriagerevenge.com/" "Mozilla/5.0 (Windows NT 10.0; Win64; x64) AppleWebKit/537.36 (KHTML, like Gecko) Chrome/134.0.0.0 YaBrowser/25.4.0.0 Safari/537.36"
79.173.88.19 - - [08/Jun/2025:23:49:28 -0400] "GET /wp-content/plugins/comic-easel/css/comiceasel.css?ver=6.6.2 HTTP/1.1" 200 1273 "https://w1.perfectmarriagerevenge.com/" "Mozilla/5.0 (Windows NT 10.0; Win64; x64) AppleWebKit/537.36 (KHTML, like Gecko) Chrome/134.0.0.0 YaBrowser/25.4.0.0 Safari/537.36"
79.173.88.19 - - [08/Jun/2025:23:49:28 -0400] "GET /wp-content/themes/toivo-lite/js/settings.min.js?ver=1.2.0 HTTP/1.1" 200 307 "https://w1.perfectmarriagerevenge.com/" "Mozilla/5.0 (Windows NT 10.0; Win64; x64) AppleWebKit/537.36 (KHTML, like Gecko) Chrome/134.0.0.0 YaBrowser/25.4.0.0 Safari/537.36"
79.173.88.19 - - [08/Jun/2025:23:49:29 -0400] "GET /wp-content/themes/toivo-lite/js/functions.min.js?ver=1.2.0 HTTP/1.1" 200 593 "https://w1.perfectmarriagerevenge.com/" "Mozilla/5.0 (Windows NT 10.0; Win64; x64) AppleWebKit/537.36 (KHTML, like Gecko) Chrome/134.0.0.0 YaBrowser/25.4.0.0 Safari/537.36"
79.173.88.19 - - [08/Jun/2025:23:49:42 -0400] "GET /wp-content/uploads/2023/11/cropped-c6bc7d0bee2ae2a165c37049a174150d.jpg HTTP/1.1" 200 112475 "https://w1.perfectmarriagerevenge.com/" "Mozilla/5.0 (Windows NT 10.0; Win64; x64) AppleWebKit/537.36 (KHTML, like Gecko) Chrome/134.0.0.0 YaBrowser/25.4.0.0 Safari/537.36"
162.0.232.193 - - [08/Jun/2025:23:55:00 -0400] "POST /wp-cron.php?doing_wp_cron=1749441299.8368229866027832031250 HTTP/1.1" 200 0 "-" "WordPress/6.6.2; https://w1.perfectmarriagerevenge.com"
182.42.105.144 - - [08/Jun/2025:23:55:01 -0400] "GET / HTTP/1.1" 200 10482 "https://www.perfectmarriagerevenge.com/" "Mozilla/5.0 (iPhone; CPU iPhone OS 13_2_3 like Mac OS X) AppleWebKit/605.1.15 (KHTML, like Gecko) Version/13.0.3 Mobile/15E148 Safari/604.1"
198.235.24.53 - - [09/Jun/2025:00:01:48 -0400] "GET / HTTP/1.1" 200 10467 "-" "-"
162.0.232.193 - - [09/Jun/2025:00:02:00 -0400] "POST /wp-cron.php?doing_wp_cron=1749441720.7880899906158447265625 HTTP/1.1" 200 0 "-" "WordPress/6.6.2; https://w1.perfectmarriagerevenge.com"
216.73.216.122 - - [09/Jun/2025:00:01:59 -0400] "GET /category/perfect-marriage-revenge-webtoon/page/6 HTTP/1.1" 301 0 "-" "Mozilla/5.0 AppleWebKit/537.36 (KHTML, like Gecko; compatible; ClaudeBot/1.0; [email protected])"
216.73.216.122 - - [09/Jun/2025:00:02:01 -0400] "GET /category/perfect-marriage-revenge-webtoon/page/6/ HTTP/1.1" 200 22618 "https://w1.perfectmarriagerevenge.com/category/perfect-marriage-revenge-webtoon/page/6" "Mozilla/5.0 AppleWebKit/537.36 (KHTML, like Gecko; compatible; ClaudeBot/1.0; [email protected])"
2a03:2880:f800:1c:: - - [09/Jun/2025:00:16:08 -0400] "GET /manga/perfect-marriage-revenge-chapter-38/ HTTP/1.1" 200 15637 "-" "meta-externalagent/1.1 (+https://developers.facebook.com/docs/sharing/webmasters/crawler)"
162.0.232.193 - - [09/Jun/2025:00:16:40 -0400] "POST /wp-cron.php?doing_wp_cron=1749442599.9774229526519775390625 HTTP/1.1" 200 0 "-" "WordPress/6.6.2; https://w1.perfectmarriagerevenge.com"
192.254.172.150 - - [09/Jun/2025:00:16:38 -0400] "POST /wp-login.php HTTP/1.1" 200 1919 "https://w1.perfectmarriagerevenge.com" "Mozilla/5.0 (Windows NT 10.0; Win64; x64) AppleWebKit/537.36 (KHTML, like Gecko) Chrome/126.0.0.0 Safari/537.36 Edg/126.0.0.0"
185.191.171.5 - - [09/Jun/2025:00:21:24 -0400] "GET /manga/perfect-marriage-revenge-chapter-93/ HTTP/1.1" 200 12134 "-" "Mozilla/5.0 (compatible; SemrushBot/7~bl; +http://www.semrush.com/bot.html)"
162.0.232.193 - - [09/Jun/2025:00:31:18 -0400] "POST /wp-cron.php?doing_wp_cron=1749443478.6100471019744873046875 HTTP/1.1" 200 0 "-" "WordPress/6.6.2; https://w1.perfectmarriagerevenge.com"
157.245.6.207 - - [09/Jun/2025:00:31:15 -0400] "POST /wp-login.php HTTP/1.1" 200 1919 "https://w1.perfectmarriagerevenge.com" "Mozilla/5.0 (Windows NT 10.0; Win64; x64) AppleWebKit/537.36 (KHTML, like Gecko) Chrome/126.0.0.0 Safari/537.36 Edg/126.0.0.0"
162.0.232.193 - - [09/Jun/2025:00:46:10 -0400] "POST /wp-cron.php?doing_wp_cron=1749444370.6161301136016845703125 HTTP/1.1" 200 0 "-" "WordPress/6.6.2; https://w1.perfectmarriagerevenge.com"
165.140.242.86 - - [09/Jun/2025:00:46:08 -0400] "POST /wp-login.php HTTP/1.1" 200 1919 "https://w1.perfectmarriagerevenge.com" "Mozilla/5.0 (Macintosh; Intel Mac OS X 13_3) AppleWebKit/537.36 (KHTML, like Gecko) Chrome/126.0.0.0 Safari/537.36"
162.0.232.193 - - [09/Jun/2025:01:00:55 -0400] "POST /wp-cron.php?doing_wp_cron=1749445254.9611299037933349609375 HTTP/1.1" 200 0 "-" "WordPress/6.6.2; https://w1.perfectmarriagerevenge.com"
103.161.173.219 - - [09/Jun/2025:01:00:53 -0400] "POST /wp-login.php HTTP/1.1" 200 1919 "https://w1.perfectmarriagerevenge.com" "Mozilla/5.0 (Windows NT 10.0; Win64; x64; rv:126.0) Gecko/20100101 Firefox/126.0"
205.210.31.60 - - [09/Jun/2025:01:01:51 -0400] "GET / HTTP/1.1" 200 10467 "http://104.21.15.19:80/" "-"
66.249.66.163 - - [09/Jun/2025:01:06:42 -0400] "GET /manga/perfect-marriage-revenge-chapter-41/ HTTP/1.1" 200 11637 "-" "Mozilla/5.0 (Linux; Android 6.0.1; Nexus 5X Build/MMB29P) AppleWebKit/537.36 (KHTML, like Gecko) Chrome/136.0.7103.113 Mobile Safari/537.36 (compatible; Googlebot/2.1; +http://www.google.com/bot.html)"
66.249.66.195 - - [09/Jun/2025:01:06:44 -0400] "GET /wp-content/plugins/simple-social-buttons/assets/js/front.js?ver=5.3.1 HTTP/1.1" 200 1932 "https://w1.perfectmarriagerevenge.com/manga/perfect-marriage-revenge-chapter-41/" "Mozilla/5.0 (Linux; Android 6.0.1; Nexus 5X Build/MMB29P) AppleWebKit/537.36 (KHTML, like Gecko) Chrome/136.0.7103.92 Mobile Safari/537.36 (compatible; Googlebot/2.1; +http://www.google.com/bot.html)"
162.0.232.193 - - [09/Jun/2025:01:06:46 -0400] "POST /wp-cron.php?doing_wp_cron=1749445606.3487029075622558593750 HTTP/1.1" 200 0 "-" "WordPress/6.6.2; https://w1.perfectmarriagerevenge.com"
66.249.66.36 - - [09/Jun/2025:01:06:44 -0400] "POST /wp-admin/admin-ajax.php HTTP/1.1" 200 69 "https://w1.perfectmarriagerevenge.com/manga/perfect-marriage-revenge-chapter-41/" "Mozilla/5.0 (Linux; Android 6.0.1; Nexus 5X Build/MMB29P) AppleWebKit/537.36 (KHTML, like Gecko) Chrome/136.0.7103.92 Mobile Safari/537.36 (compatible; Googlebot/2.1; +http://www.google.com/bot.html)"
162.0.232.193 - - [09/Jun/2025:01:15:33 -0400] "POST /wp-cron.php?doing_wp_cron=1749446133.5345399379730224609375 HTTP/1.1" 200 0 "-" "WordPress/6.6.2; https://w1.perfectmarriagerevenge.com"
45.148.96.51 - - [09/Jun/2025:01:15:31 -0400] "POST /wp-login.php HTTP/1.1" 200 1919 "https://w1.perfectmarriagerevenge.com" "Mozilla/5.0 (Windows NT 10.0; Win64; x64) AppleWebKit/537.36 (KHTML, like Gecko) Chrome/115.0.5790.171 Safari/537.36 Edg/115.0.1901.203"
85.208.96.212 - - [09/Jun/2025:01:17:48 -0400] "GET /manga/perfect-marriage-revenge-chapter-4/ HTTP/1.1" 200 21744 "-" "Mozilla/5.0 (compatible; SemrushBot/7~bl; +http://www.semrush.com/bot.html)"
162.0.232.193 - - [09/Jun/2025:01:23:27 -0400] "POST /wp-cron.php?doing_wp_cron=1749446607.8343119621276855468750 HTTP/1.1" 200 0 "-" "WordPress/6.6.2; https://w1.perfectmarriagerevenge.com"
45.144.19.126 - - [09/Jun/2025:01:23:26 -0400] "GET /wp-login.php HTTP/1.1" 200 1796 "https://perfectmarriagerevenge.com/wp-login.php" "GRequests/0.10"
45.144.19.126 - - [09/Jun/2025:01:23:29 -0400] "GET /wp-login.php HTTP/1.1" 200 1796 "https://perfectmarriagerevenge.com/wp-login.php" "GRequests/0.10"
45.144.19.126 - - [09/Jun/2025:01:23:30 -0400] "GET /wp-admin/ HTTP/1.1" 302 0 "https://perfectmarriagerevenge.com/wp-admin/" "GRequests/0.10"
45.144.19.126 - - [09/Jun/2025:01:23:30 -0400] "GET /wp-login.php?redirect_to=https%3A%2F%2Fw1.perfectmarriagerevenge.com%2Fwp-admin%2F&reauth=1 HTTP/1.1" 200 1796 "https://w1.perfectmarriagerevenge.com/wp-admin/" "GRequests/0.10"
162.0.232.193 - - [09/Jun/2025:01:23:59 -0400] "POST /wp-cron.php?doing_wp_cron=1749446639.5890529155731201171875 HTTP/1.1" 200 0 "-" "WordPress/6.6.2; https://w1.perfectmarriagerevenge.com"
52.169.108.129 - - [09/Jun/2025:01:23:59 -0400] "GET /wp-includes/js/jcrop/Jcrop.php HTTP/1.1" 301 0 "-" "-"
52.169.108.129 - - [09/Jun/2025:01:24:00 -0400] "GET /wp-admin/css/colors/ocean/index.php HTTP/1.1" 301 0 "-" "-"
52.169.108.129 - - [09/Jun/2025:01:24:00 -0400] "GET /.well-known/gecko-litespeed.php HTTP/1.1" 301 0 "-" "-"
52.169.108.129 - - [09/Jun/2025:01:24:00 -0400] "GET /wp-content/gallery/about.php HTTP/1.1" 301 0 "-" "-"
52.169.108.129 - - [09/Jun/2025:01:24:01 -0400] "GET /wp-admin/css/fw.php HTTP/1.1" 301 0 "-" "-"
52.169.108.129 - - [09/Jun/2025:01:24:01 -0400] "GET /wp.php HTTP/1.1" 301 0 "-" "-"
