185.191.171.7 - - [08/Jun/2025:19:13:45 -0400] "GET /manga/perfect-marriage-revenge-chapter-57/ HTTP/1.1" 200 11705 "-" "Mozilla/5.0 (compatible; SemrushBot/7~bl; +http://www.semrush.com/bot.html)"
162.0.232.193 - - [08/Jun/2025:19:15:03 -0400] "POST /wp-cron.php?doing_wp_cron=1749424502.8241240978240966796875 HTTP/1.1" 200 0 "-" "WordPress/6.6.2; https://w1.perfectmarriagerevenge.com"
43.173.1.57 - - [08/Jun/2025:19:15:00 -0400] "GET /wp-json/oembed/1.0/embed?url=https%3A%2F%2Fw1.perfectmarriagerevenge.com%2Fmanga%2Fperfect-marriage-revenge-chapter-100%2F&format=xml HTTP/1.1" 200 1219 "-" "Mozilla/5.0 (iPhone; CPU iPhone OS 13_2_3 like Mac OS X) AppleWebKit/605.1.15 (KHTML, like Gecko) Version/13.0.3 Mobile/15E148 Safari/604.1"
162.0.232.193 - - [08/Jun/2025:19:15:04 -0400] "GET /manga/perfect-marriage-revenge-chapter-12/ HTTP/1.1" 200 17246 "-" "WP Rocket/Preload"
162.0.232.193 - - [08/Jun/2025:19:15:06 -0400] "GET /manga/perfect-marriage-revenge-chapter-12/ HTTP/1.1" 200 17521 "-" "WP Rocket/Preload Mozilla/5.0 (iPhone; CPU iPhone OS 9_1 like Mac OS X) AppleWebKit/601.1.46 (KHTML, like Gecko) Version/9.0 Mobile/13B143 Safari/601.1"
162.0.232.193 - - [08/Jun/2025:19:15:07 -0400] "GET /manga/perfect-marriage-revenge-chapter-11/ HTTP/1.1" 200 16179 "-" "WP Rocket/Preload"
162.0.232.193 - - [08/Jun/2025:19:15:08 -0400] "GET /manga/perfect-marriage-revenge-chapter-11/ HTTP/1.1" 200 16179 "-" "WP Rocket/Preload Mozilla/5.0 (iPhone; CPU iPhone OS 9_1 like Mac OS X) AppleWebKit/601.1.46 (KHTML, like Gecko) Version/9.0 Mobile/13B143 Safari/601.1"
162.0.232.193 - - [08/Jun/2025:19:15:08 -0400] "GET /manga/perfect-marriage-revenge-chapter-10-5/ HTTP/1.1" 200 16745 "-" "WP Rocket/Preload"
162.0.232.193 - - [08/Jun/2025:19:15:09 -0400] "GET /manga/perfect-marriage-revenge-chapter-10-5/ HTTP/1.1" 200 16410 "-" "WP Rocket/Preload Mozilla/5.0 (iPhone; CPU iPhone OS 9_1 like Mac OS X) AppleWebKit/601.1.46 (KHTML, like Gecko) Version/9.0 Mobile/13B143 Safari/601.1"
162.0.232.193 - - [08/Jun/2025:19:15:10 -0400] "GET /manga/perfect-marriage-revenge-chapter-9-5/ HTTP/1.1" 200 12626 "-" "WP Rocket/Preload"
162.0.232.193 - - [08/Jun/2025:19:15:11 -0400] "GET /manga/perfect-marriage-revenge-chapter-9-5/ HTTP/1.1" 200 12624 "-" "WP Rocket/Preload Mozilla/5.0 (iPhone; CPU iPhone OS 9_1 like Mac OS X) AppleWebKit/601.1.46 (KHTML, like Gecko) Version/9.0 Mobile/13B143 Safari/601.1"
162.0.232.193 - - [08/Jun/2025:19:15:12 -0400] "GET /terms-and-conditions/ HTTP/1.1" 200 12237 "-" "WP Rocket/Preload"
162.0.232.193 - - [08/Jun/2025:19:15:13 -0400] "GET /terms-and-conditions/ HTTP/1.1" 200 12324 "-" "WP Rocket/Preload Mozilla/5.0 (iPhone; CPU iPhone OS 9_1 like Mac OS X) AppleWebKit/601.1.46 (KHTML, like Gecko) Version/9.0 Mobile/13B143 Safari/601.1"
162.0.232.193 - - [08/Jun/2025:19:27:27 -0400] "POST /wp-cron.php?doing_wp_cron=1749425247.4350979328155517578125 HTTP/1.1" 200 0 "-" "WordPress/6.6.2; https://w1.perfectmarriagerevenge.com"
43.153.79.218 - - [08/Jun/2025:19:27:24 -0400] "GET /manga/perfect-marriage-revenge-chapter-11-2/feed/ HTTP/1.1" 200 428 "-" "Mozilla/5.0 (iPhone; CPU iPhone OS 13_2_3 like Mac OS X) AppleWebKit/605.1.15 (KHTML, like Gecko) Version/13.0.3 Mobile/15E148 Safari/604.1"
162.0.232.193 - - [08/Jun/2025:19:27:28 -0400] "GET /manga/perfect-marriage-revenge-chapter-23/ HTTP/1.1" 200 15513 "-" "WP Rocket/Preload"
162.0.232.193 - - [08/Jun/2025:19:27:29 -0400] "GET /manga/perfect-marriage-revenge-chapter-23/ HTTP/1.1" 200 15530 "-" "WP Rocket/Preload Mozilla/5.0 (iPhone; CPU iPhone OS 9_1 like Mac OS X) AppleWebKit/601.1.46 (KHTML, like Gecko) Version/9.0 Mobile/13B143 Safari/601.1"
162.0.232.193 - - [08/Jun/2025:19:27:30 -0400] "GET /manga/perfect-marriage-revenge-chapter-20/ HTTP/1.1" 200 15158 "-" "WP Rocket/Preload"
162.0.232.193 - - [08/Jun/2025:19:27:31 -0400] "GET /manga/perfect-marriage-revenge-chapter-20/ HTTP/1.1" 200 15165 "-" "WP Rocket/Preload Mozilla/5.0 (iPhone; CPU iPhone OS 9_1 like Mac OS X) AppleWebKit/601.1.46 (KHTML, like Gecko) Version/9.0 Mobile/13B143 Safari/601.1"
162.0.232.193 - - [08/Jun/2025:19:27:32 -0400] "GET /manga/perfect-marriage-revenge-chapter-15/ HTTP/1.1" 200 17464 "-" "WP Rocket/Preload"
162.0.232.193 - - [08/Jun/2025:19:27:32 -0400] "GET /manga/perfect-marriage-revenge-chapter-15/ HTTP/1.1" 200 17161 "-" "WP Rocket/Preload Mozilla/5.0 (iPhone; CPU iPhone OS 9_1 like Mac OS X) AppleWebKit/601.1.46 (KHTML, like Gecko) Version/9.0 Mobile/13B143 Safari/601.1"
162.0.232.193 - - [08/Jun/2025:19:27:33 -0400] "GET /manga/perfect-marriage-revenge-chapter-13/ HTTP/1.1" 200 15293 "-" "WP Rocket/Preload"
162.0.232.193 - - [08/Jun/2025:19:27:34 -0400] "GET /manga/perfect-marriage-revenge-chapter-13/ HTTP/1.1" 200 15277 "-" "WP Rocket/Preload Mozilla/5.0 (iPhone; CPU iPhone OS 9_1 like Mac OS X) AppleWebKit/601.1.46 (KHTML, like Gecko) Version/9.0 Mobile/13B143 Safari/601.1"
162.0.232.193 - - [08/Jun/2025:19:27:35 -0400] "GET /manga/perfect-marriage-revenge-chapter-11-2/ HTTP/1.1" 200 13375 "-" "WP Rocket/Preload"
162.0.232.193 - - [08/Jun/2025:19:27:36 -0400] "GET /manga/perfect-marriage-revenge-chapter-11-2/ HTTP/1.1" 200 13079 "-" "WP Rocket/Preload Mozilla/5.0 (iPhone; CPU iPhone OS 9_1 like Mac OS X) AppleWebKit/601.1.46 (KHTML, like Gecko) Version/9.0 Mobile/13B143 Safari/601.1"
49.51.39.209 - - [08/Jun/2025:19:29:50 -0400] "GET / HTTP/1.1" 200 10514 "http://w1.perfectmarriagerevenge.com" "Mozilla/5.0 (iPhone; CPU iPhone OS 13_2_3 like Mac OS X) AppleWebKit/605.1.15 (KHTML, like Gecko) Version/13.0.3 Mobile/15E148 Safari/604.1"
43.130.57.76 - - [08/Jun/2025:19:37:10 -0400] "GET /manga/perfect-marriage-revenge-chapter-94/ HTTP/1.1" 200 13211 "-" "Mozilla/5.0 (iPhone; CPU iPhone OS 13_2_3 like Mac OS X) AppleWebKit/605.1.15 (KHTML, like Gecko) Version/13.0.3 Mobile/15E148 Safari/604.1"
185.191.171.17 - - [08/Jun/2025:19:38:06 -0400] "GET /manga/perfect-marriage-revenge-chapter-76/ HTTP/1.1" 200 13710 "-" "Mozilla/5.0 (compatible; SemrushBot/7~bl; +http://www.semrush.com/bot.html)"
162.0.232.193 - - [08/Jun/2025:19:38:11 -0400] "POST /wp-cron.php?doing_wp_cron=1749425891.7328751087188720703125 HTTP/1.1" 200 0 "-" "WordPress/6.6.2; https://w1.perfectmarriagerevenge.com"
18.139.1.47 - - [08/Jun/2025:19:38:08 -0400] "GET //wp-includes/wlwmanifest.xml HTTP/1.1" 301 0 "-" "Mozilla/5.0 (Windows NT 10.0; Win64; x64) AppleWebKit/537.36 (KHTML, like Gecko) Chrome/78.0.3904.108 Safari/537.36"
18.139.1.47 - - [08/Jun/2025:19:38:12 -0400] "GET //xmlrpc.php?rsd HTTP/1.1" 200 301 "-" "Mozilla/5.0 (Windows NT 10.0; Win64; x64) AppleWebKit/537.36 (KHTML, like Gecko) Chrome/78.0.3904.108 Safari/537.36"
18.139.1.47 - - [08/Jun/2025:19:38:12 -0400] "GET //?author=1 HTTP/1.1" 301 0 "-" "Mozilla/5.0 (Windows NT 10.0; Win64; x64) AppleWebKit/537.36 (KHTML, like Gecko) Chrome/78.0.3904.108 Safari/537.36"
162.0.232.193 - - [08/Jun/2025:19:38:12 -0400] "GET /manga/perfect-marriage-revenge-chapter-11-1/ HTTP/1.1" 200 16278 "-" "WP Rocket/Preload"
18.139.1.47 - - [08/Jun/2025:19:38:12 -0400] "GET //?author=2 HTTP/1.1" 301 0 "-" "Mozilla/5.0 (Windows NT 10.0; Win64; x64) AppleWebKit/537.36 (KHTML, like Gecko) Chrome/78.0.3904.108 Safari/537.36"
18.139.1.47 - - [08/Jun/2025:19:38:13 -0400] "GET //wp-json/wp/v2/users/ HTTP/1.1" 200 6570 "-" "Mozilla/5.0 (Windows NT 10.0; Win64; x64) AppleWebKit/537.36 (KHTML, like Gecko) Chrome/78.0.3904.108 Safari/537.36"
162.0.232.193 - - [08/Jun/2025:19:38:13 -0400] "GET /manga/perfect-marriage-revenge-chapter-11-1/ HTTP/1.1" 200 16265 "-" "WP Rocket/Preload Mozilla/5.0 (iPhone; CPU iPhone OS 9_1 like Mac OS X) AppleWebKit/601.1.46 (KHTML, like Gecko) Version/9.0 Mobile/13B143 Safari/601.1"
18.139.1.47 - - [08/Jun/2025:19:38:13 -0400] "GET //wp-json/oembed/1.0/embed?url=https://w1.perfectmarriagerevenge.com/ HTTP/1.1" 200 2573 "-" "Mozilla/5.0 (Windows NT 10.0; Win64; x64) AppleWebKit/537.36 (KHTML, like Gecko) Chrome/78.0.3904.108 Safari/537.36"
18.139.1.47 - - [08/Jun/2025:19:38:13 -0400] "POST //xmlrpc.php HTTP/1.1" 200 205 "-" "Mozilla/5.0 (Windows NT 10.0; Win64; x64) AppleWebKit/537.36 (KHTML, like Gecko) Chrome/78.0.3904.108 Safari/537.36"
18.139.1.47 - - [08/Jun/2025:19:38:14 -0400] "POST //xmlrpc.php HTTP/1.1" 200 205 "-" "Mozilla/5.0 (Windows NT 10.0; Win64; x64) AppleWebKit/537.36 (KHTML, like Gecko) Chrome/78.0.3904.108 Safari/537.36"
162.0.232.193 - - [08/Jun/2025:19:38:14 -0400] "GET /manga/perfect-marriage-revenge-chapter-10/ HTTP/1.1" 200 15375 "-" "WP Rocket/Preload"
18.139.1.47 - - [08/Jun/2025:19:38:14 -0400] "POST //xmlrpc.php HTTP/1.1" 200 205 "-" "Mozilla/5.0 (Windows NT 10.0; Win64; x64) AppleWebKit/537.36 (KHTML, like Gecko) Chrome/78.0.3904.108 Safari/537.36"
18.139.1.47 - - [08/Jun/2025:19:38:14 -0400] "POST //xmlrpc.php HTTP/1.1" 200 205 "-" "Mozilla/5.0 (Windows NT 10.0; Win64; x64) AppleWebKit/537.36 (KHTML, like Gecko) Chrome/78.0.3904.108 Safari/537.36"
18.139.1.47 - - [08/Jun/2025:19:38:15 -0400] "POST //xmlrpc.php HTTP/1.1" 200 205 "-" "Mozilla/5.0 (Windows NT 10.0; Win64; x64) AppleWebKit/537.36 (KHTML, like Gecko) Chrome/78.0.3904.108 Safari/537.36"
162.0.232.193 - - [08/Jun/2025:19:38:15 -0400] "GET /manga/perfect-marriage-revenge-chapter-10/ HTTP/1.1" 200 15015 "-" "WP Rocket/Preload Mozilla/5.0 (iPhone; CPU iPhone OS 9_1 like Mac OS X) AppleWebKit/601.1.46 (KHTML, like Gecko) Version/9.0 Mobile/13B143 Safari/601.1"
18.139.1.47 - - [08/Jun/2025:19:38:15 -0400] "POST //xmlrpc.php HTTP/1.1" 200 205 "-" "Mozilla/5.0 (Windows NT 10.0; Win64; x64) AppleWebKit/537.36 (KHTML, like Gecko) Chrome/78.0.3904.108 Safari/537.36"
162.0.232.193 - - [08/Jun/2025:19:38:16 -0400] "GET /manga/perfect-marriage-revenge-chapter-9/ HTTP/1.1" 200 14600 "-" "WP Rocket/Preload"
18.139.1.47 - - [08/Jun/2025:19:38:16 -0400] "POST //xmlrpc.php HTTP/1.1" 200 205 "-" "Mozilla/5.0 (Windows NT 10.0; Win64; x64) AppleWebKit/537.36 (KHTML, like Gecko) Chrome/78.0.3904.108 Safari/537.36"
162.0.232.193 - - [08/Jun/2025:19:38:17 -0400] "GET /manga/perfect-marriage-revenge-chapter-9/ HTTP/1.1" 200 14220 "-" "WP Rocket/Preload Mozilla/5.0 (iPhone; CPU iPhone OS 9_1 like Mac OS X) AppleWebKit/601.1.46 (KHTML, like Gecko) Version/9.0 Mobile/13B143 Safari/601.1"
162.0.232.193 - - [08/Jun/2025:19:38:18 -0400] "GET /manga/perfect-marriage-revenge-chapter-8/ HTTP/1.1" 200 11359 "-" "WP Rocket/Preload"
162.0.232.193 - - [08/Jun/2025:19:38:19 -0400] "GET /manga/perfect-marriage-revenge-chapter-8/ HTTP/1.1" 200 11331 "-" "WP Rocket/Preload Mozilla/5.0 (iPhone; CPU iPhone OS 9_1 like Mac OS X) AppleWebKit/601.1.46 (KHTML, like Gecko) Version/9.0 Mobile/13B143 Safari/601.1"
18.139.1.47 - - [08/Jun/2025:19:38:17 -0400] "POST //xmlrpc.php HTTP/1.1" 200 205 "-" "Mozilla/5.0 (Windows NT 10.0; Win64; x64) AppleWebKit/537.36 (KHTML, like Gecko) Chrome/78.0.3904.108 Safari/537.36"
162.0.232.193 - - [08/Jun/2025:19:38:20 -0400] "GET /manga/perfect-marriage-revenge-chapter-117/ HTTP/1.1" 200 15729 "-" "WP Rocket/Preload"
162.0.232.193 - - [08/Jun/2025:19:38:21 -0400] "GET /manga/perfect-marriage-revenge-chapter-117/ HTTP/1.1" 200 15426 "-" "WP Rocket/Preload Mozilla/5.0 (iPhone; CPU iPhone OS 9_1 like Mac OS X) AppleWebKit/601.1.46 (KHTML, like Gecko) Version/9.0 Mobile/13B143 Safari/601.1"
18.139.1.47 - - [08/Jun/2025:19:38:19 -0400] "POST //xmlrpc.php HTTP/1.1" 200 205 "-" "Mozilla/5.0 (Windows NT 10.0; Win64; x64) AppleWebKit/537.36 (KHTML, like Gecko) Chrome/78.0.3904.108 Safari/537.36"
18.139.1.47 - - [08/Jun/2025:19:38:23 -0400] "POST //xmlrpc.php HTTP/1.1" 200 205 "-" "Mozilla/5.0 (Windows NT 10.0; Win64; x64) AppleWebKit/537.36 (KHTML, like Gecko) Chrome/78.0.3904.108 Safari/537.36"
18.139.1.47 - - [08/Jun/2025:19:38:27 -0400] "POST //xmlrpc.php HTTP/1.1" 200 205 "-" "Mozilla/5.0 (Windows NT 10.0; Win64; x64) AppleWebKit/537.36 (KHTML, like Gecko) Chrome/78.0.3904.108 Safari/537.36"
162.0.232.193 - - [08/Jun/2025:19:38:46 -0400] "POST /wp-cron.php?doing_wp_cron=1749425926.1755840778350830078125 HTTP/1.1" 200 0 "-" "WordPress/6.6.2; https://w1.perfectmarriagerevenge.com"
18.139.1.47 - - [08/Jun/2025:19:38:31 -0400] "POST //xmlrpc.php HTTP/1.1" 200 205 "-" "Mozilla/5.0 (Windows NT 10.0; Win64; x64) AppleWebKit/537.36 (KHTML, like Gecko) Chrome/78.0.3904.108 Safari/537.36"
162.0.232.193 - - [08/Jun/2025:19:38:46 -0400] "GET /manga/perfect-marriage-revenge-chapter-118/ HTTP/1.1" 200 12334 "-" "WP Rocket/Preload"
162.0.232.193 - - [08/Jun/2025:19:38:47 -0400] "GET /manga/perfect-marriage-revenge-chapter-118/ HTTP/1.1" 200 12330 "-" "WP Rocket/Preload Mozilla/5.0 (iPhone; CPU iPhone OS 9_1 like Mac OS X) AppleWebKit/601.1.46 (KHTML, like Gecko) Version/9.0 Mobile/13B143 Safari/601.1"
162.0.232.193 - - [08/Jun/2025:19:38:48 -0400] "GET /manga/perfect-marriage-revenge-chapter-119/ HTTP/1.1" 200 12333 "-" "WP Rocket/Preload"
162.0.232.193 - - [08/Jun/2025:19:38:49 -0400] "GET /manga/perfect-marriage-revenge-chapter-119/ HTTP/1.1" 200 12081 "-" "WP Rocket/Preload Mozilla/5.0 (iPhone; CPU iPhone OS 9_1 like Mac OS X) AppleWebKit/601.1.46 (KHTML, like Gecko) Version/9.0 Mobile/13B143 Safari/601.1"
162.0.232.193 - - [08/Jun/2025:19:38:50 -0400] "GET /manga/perfect-marriage-revenge-chapter-120/ HTTP/1.1" 200 12384 "-" "WP Rocket/Preload"
162.0.232.193 - - [08/Jun/2025:19:38:51 -0400] "GET /manga/perfect-marriage-revenge-chapter-120/ HTTP/1.1" 200 12121 "-" "WP Rocket/Preload Mozilla/5.0 (iPhone; CPU iPhone OS 9_1 like Mac OS X) AppleWebKit/601.1.46 (KHTML, like Gecko) Version/9.0 Mobile/13B143 Safari/601.1"
162.0.232.193 - - [08/Jun/2025:19:38:52 -0400] "GET /manga/perfect-marriage-revenge-chapter-121/ HTTP/1.1" 200 11957 "-" "WP Rocket/Preload"
162.0.232.193 - - [08/Jun/2025:19:38:52 -0400] "GET /manga/perfect-marriage-revenge-chapter-121/ HTTP/1.1" 200 12290 "-" "WP Rocket/Preload Mozilla/5.0 (iPhone; CPU iPhone OS 9_1 like Mac OS X) AppleWebKit/601.1.46 (KHTML, like Gecko) Version/9.0 Mobile/13B143 Safari/601.1"
162.0.232.193 - - [08/Jun/2025:19:38:53 -0400] "GET /manga/perfect-marriage-revenge-chapter-122/ HTTP/1.1" 200 12086 "-" "WP Rocket/Preload"
162.0.232.193 - - [08/Jun/2025:19:38:54 -0400] "GET /manga/perfect-marriage-revenge-chapter-122/ HTTP/1.1" 200 12020 "-" "WP Rocket/Preload Mozilla/5.0 (iPhone; CPU iPhone OS 9_1 like Mac OS X) AppleWebKit/601.1.46 (KHTML, like Gecko) Version/9.0 Mobile/13B143 Safari/601.1"
162.0.232.193 - - [08/Jun/2025:19:38:55 -0400] "GET /manga/perfect-marriage-revenge-chapter-123/ HTTP/1.1" 200 11948 "-" "WP Rocket/Preload"
162.0.232.193 - - [08/Jun/2025:19:38:56 -0400] "GET /manga/perfect-marriage-revenge-chapter-123/ HTTP/1.1" 200 12283 "-" "WP Rocket/Preload Mozilla/5.0 (iPhone; CPU iPhone OS 9_1 like Mac OS X) AppleWebKit/601.1.46 (KHTML, like Gecko) Version/9.0 Mobile/13B143 Safari/601.1"
162.0.232.193 - - [08/Jun/2025:19:38:57 -0400] "GET /manga/perfect-marriage-revenge-chapter-125/ HTTP/1.1" 200 11774 "-" "WP Rocket/Preload"
162.0.232.193 - - [08/Jun/2025:19:38:58 -0400] "GET /manga/perfect-marriage-revenge-chapter-125/ HTTP/1.1" 200 11718 "-" "WP Rocket/Preload Mozilla/5.0 (iPhone; CPU iPhone OS 9_1 like Mac OS X) AppleWebKit/601.1.46 (KHTML, like Gecko) Version/9.0 Mobile/13B143 Safari/601.1"
162.0.232.193 - - [08/Jun/2025:19:38:59 -0400] "GET /manga/perfect-marriage-revenge-chapter-116/ HTTP/1.1" 200 15994 "-" "WP Rocket/Preload"
18.139.1.47 - - [08/Jun/2025:19:38:46 -0400] "POST //xmlrpc.php HTTP/1.1" 200 205 "-" "Mozilla/5.0 (Windows NT 10.0; Win64; x64) AppleWebKit/537.36 (KHTML, like Gecko) Chrome/78.0.3904.108 Safari/537.36"
162.0.232.193 - - [08/Jun/2025:19:39:00 -0400] "GET /manga/perfect-marriage-revenge-chapter-116/ HTTP/1.1" 200 16243 "-" "WP Rocket/Preload Mozilla/5.0 (iPhone; CPU iPhone OS 9_1 like Mac OS X) AppleWebKit/601.1.46 (KHTML, like Gecko) Version/9.0 Mobile/13B143 Safari/601.1"
162.0.232.193 - - [08/Jun/2025:19:39:01 -0400] "GET /manga/perfect-marriage-revenge-chapter-115/ HTTP/1.1" 200 17428 "-" "WP Rocket/Preload"
162.0.232.193 - - [08/Jun/2025:19:39:02 -0400] "GET /manga/perfect-marriage-revenge-chapter-115/ HTTP/1.1" 200 17430 "-" "WP Rocket/Preload Mozilla/5.0 (iPhone; CPU iPhone OS 9_1 like Mac OS X) AppleWebKit/601.1.46 (KHTML, like Gecko) Version/9.0 Mobile/13B143 Safari/601.1"
162.0.232.193 - - [08/Jun/2025:19:39:04 -0400] "GET /manga/perfect-marriage-revenge-chapter-114/ HTTP/1.1" 200 16572 "-" "WP Rocket/Preload"
162.0.232.193 - - [08/Jun/2025:19:39:04 -0400] "GET /manga/perfect-marriage-revenge-chapter-114/ HTTP/1.1" 200 16794 "-" "WP Rocket/Preload Mozilla/5.0 (iPhone; CPU iPhone OS 9_1 like Mac OS X) AppleWebKit/601.1.46 (KHTML, like Gecko) Version/9.0 Mobile/13B143 Safari/601.1"
18.139.1.47 - - [08/Jun/2025:19:39:01 -0400] "POST //xmlrpc.php HTTP/1.1" 200 205 "-" "Mozilla/5.0 (Windows NT 10.0; Win64; x64) AppleWebKit/537.36 (KHTML, like Gecko) Chrome/78.0.3904.108 Safari/537.36"
196.251.80.66 - - [08/Jun/2025:19:39:18 -0400] "GET /wp-content/plugins/fix/up.php HTTP/1.1" 301 0 "-" "Mozilla/5.0 (Windows NT 10.0; Win64; x64) AppleWebKit/537.36 (KHTML, like Gecko) Chrome/85.0.4183.102 Safari/537.36"
196.251.80.66 - - [08/Jun/2025:19:39:19 -0400] "GET / HTTP/1.1" 200 10497 "-" "Mozilla/5.0 (Windows NT 10.0; Win64; x64) AppleWebKit/537.36 (KHTML, like Gecko) Chrome/85.0.4183.102 Safari/537.36"
18.139.1.47 - - [08/Jun/2025:19:39:15 -0400] "POST //xmlrpc.php HTTP/1.1" 200 205 "-" "Mozilla/5.0 (Windows NT 10.0; Win64; x64) AppleWebKit/537.36 (KHTML, like Gecko) Chrome/78.0.3904.108 Safari/537.36"
162.0.232.193 - - [08/Jun/2025:19:39:46 -0400] "POST /wp-cron.php?doing_wp_cron=1749425986.0509729385375976562500 HTTP/1.1" 200 0 "-" "WordPress/6.6.2; https://w1.perfectmarriagerevenge.com"
18.139.1.47 - - [08/Jun/2025:19:39:30 -0400] "POST //xmlrpc.php HTTP/1.1" 200 205 "-" "Mozilla/5.0 (Windows NT 10.0; Win64; x64) AppleWebKit/537.36 (KHTML, like Gecko) Chrome/78.0.3904.108 Safari/537.36"
2001:e68:5473:47c5:49a7:b84f:76c1:16dc - - [08/Jun/2025:19:39:58 -0400] "GET /wp-content/uploads/2023/11/0M_details.jpg HTTP/1.1" 200 67440 "https://w1.perfectmarriagerevenge.com/" "Mozilla/5.0 (Linux; Android 11; RMX2189 Build/RP1A.200720.011; wv) AppleWebKit/537.36 (KHTML, like Gecko) Version/4.0 Chrome/135.0.7049.111 Mobile Safari/537.36"
18.139.1.47 - - [08/Jun/2025:19:39:46 -0400] "POST //xmlrpc.php HTTP/1.1" 200 205 "-" "Mozilla/5.0 (Windows NT 10.0; Win64; x64) AppleWebKit/537.36 (KHTML, like Gecko) Chrome/78.0.3904.108 Safari/537.36"
18.139.1.47 - - [08/Jun/2025:19:40:00 -0400] "POST //xmlrpc.php HTTP/1.1" 200 205 "-" "Mozilla/5.0 (Windows NT 10.0; Win64; x64) AppleWebKit/537.36 (KHTML, like Gecko) Chrome/78.0.3904.108 Safari/537.36"
2a03:2880:24ff:1:: - - [08/Jun/2025:19:40:27 -0400] "GET /manga/perfect-marriage-revenge-chapter-118/ HTTP/1.1" 200 12356 "-" "meta-externalagent/1.1 (+https://developers.facebook.com/docs/sharing/webmasters/crawler)"
18.139.1.47 - - [08/Jun/2025:19:40:16 -0400] "POST //xmlrpc.php HTTP/1.1" 200 205 "-" "Mozilla/5.0 (Windows NT 10.0; Win64; x64) AppleWebKit/537.36 (KHTML, like Gecko) Chrome/78.0.3904.108 Safari/537.36"
162.0.232.193 - - [08/Jun/2025:19:40:46 -0400] "POST /wp-cron.php?doing_wp_cron=1749426045.8737819194793701171875 HTTP/1.1" 200 0 "-" "WordPress/6.6.2; https://w1.perfectmarriagerevenge.com"
18.139.1.47 - - [08/Jun/2025:19:40:30 -0400] "POST //xmlrpc.php HTTP/1.1" 200 205 "-" "Mozilla/5.0 (Windows NT 10.0; Win64; x64) AppleWebKit/537.36 (KHTML, like Gecko) Chrome/78.0.3904.108 Safari/537.36"
18.139.1.47 - - [08/Jun/2025:19:40:46 -0400] "POST //xmlrpc.php HTTP/1.1" 200 205 "-" "Mozilla/5.0 (Windows NT 10.0; Win64; x64) AppleWebKit/537.36 (KHTML, like Gecko) Chrome/78.0.3904.108 Safari/537.36"
18.139.1.47 - - [08/Jun/2025:19:41:00 -0400] "POST //xmlrpc.php HTTP/1.1" 200 205 "-" "Mozilla/5.0 (Windows NT 10.0; Win64; x64) AppleWebKit/537.36 (KHTML, like Gecko) Chrome/78.0.3904.108 Safari/537.36"
18.139.1.47 - - [08/Jun/2025:19:41:16 -0400] "POST //xmlrpc.php HTTP/1.1" 200 205 "-" "Mozilla/5.0 (Windows NT 10.0; Win64; x64) AppleWebKit/537.36 (KHTML, like Gecko) Chrome/78.0.3904.108 Safari/537.36"
162.0.232.193 - - [08/Jun/2025:19:41:46 -0400] "POST /wp-cron.php?doing_wp_cron=1749426106.0567779541015625000000 HTTP/1.1" 200 0 "-" "WordPress/6.6.2; https://w1.perfectmarriagerevenge.com"
18.139.1.47 - - [08/Jun/2025:19:41:30 -0400] "POST //xmlrpc.php HTTP/1.1" 200 205 "-" "Mozilla/5.0 (Windows NT 10.0; Win64; x64) AppleWebKit/537.36 (KHTML, like Gecko) Chrome/78.0.3904.108 Safari/537.36"
18.139.1.47 - - [08/Jun/2025:19:41:46 -0400] "POST //xmlrpc.php HTTP/1.1" 200 205 "-" "Mozilla/5.0 (Windows NT 10.0; Win64; x64) AppleWebKit/537.36 (KHTML, like Gecko) Chrome/78.0.3904.108 Safari/537.36"
18.139.1.47 - - [08/Jun/2025:19:42:00 -0400] "POST //xmlrpc.php HTTP/1.1" 200 205 "-" "Mozilla/5.0 (Windows NT 10.0; Win64; x64) AppleWebKit/537.36 (KHTML, like Gecko) Chrome/78.0.3904.108 Safari/537.36"
18.139.1.47 - - [08/Jun/2025:19:42:16 -0400] "POST //xmlrpc.php HTTP/1.1" 200 205 "-" "Mozilla/5.0 (Windows NT 10.0; Win64; x64) AppleWebKit/537.36 (KHTML, like Gecko) Chrome/78.0.3904.108 Safari/537.36"
162.0.232.193 - - [08/Jun/2025:19:42:46 -0400] "POST /wp-cron.php?doing_wp_cron=1749426166.1019470691680908203125 HTTP/1.1" 200 0 "-" "WordPress/6.6.2; https://w1.perfectmarriagerevenge.com"
18.139.1.47 - - [08/Jun/2025:19:42:30 -0400] "POST //xmlrpc.php HTTP/1.1" 200 205 "-" "Mozilla/5.0 (Windows NT 10.0; Win64; x64) AppleWebKit/537.36 (KHTML, like Gecko) Chrome/78.0.3904.108 Safari/537.36"
43.153.74.75 - - [08/Jun/2025:19:42:56 -0400] "GET /manga/perfect-marriage-revenge-chapter-106/ HTTP/1.1" 200 13626 "-" "Mozilla/5.0 (iPhone; CPU iPhone OS 13_2_3 like Mac OS X) AppleWebKit/605.1.15 (KHTML, like Gecko) Version/13.0.3 Mobile/15E148 Safari/604.1"
18.139.1.47 - - [08/Jun/2025:19:42:46 -0400] "POST //xmlrpc.php HTTP/1.1" 200 205 "-" "Mozilla/5.0 (Windows NT 10.0; Win64; x64) AppleWebKit/537.36 (KHTML, like Gecko) Chrome/78.0.3904.108 Safari/537.36"
18.139.1.47 - - [08/Jun/2025:19:43:01 -0400] "POST //xmlrpc.php HTTP/1.1" 200 205 "-" "Mozilla/5.0 (Windows NT 10.0; Win64; x64) AppleWebKit/537.36 (KHTML, like Gecko) Chrome/78.0.3904.108 Safari/537.36"
18.139.1.47 - - [08/Jun/2025:19:43:15 -0400] "POST //xmlrpc.php HTTP/1.1" 200 205 "-" "Mozilla/5.0 (Windows NT 10.0; Win64; x64) AppleWebKit/537.36 (KHTML, like Gecko) Chrome/78.0.3904.108 Safari/537.36"
162.0.232.193 - - [08/Jun/2025:19:43:46 -0400] "POST /wp-cron.php?doing_wp_cron=1749426226.1315319538116455078125 HTTP/1.1" 200 0 "-" "WordPress/6.6.2; https://w1.perfectmarriagerevenge.com"
18.139.1.47 - - [08/Jun/2025:19:43:30 -0400] "POST //xmlrpc.php HTTP/1.1" 200 205 "-" "Mozilla/5.0 (Windows NT 10.0; Win64; x64) AppleWebKit/537.36 (KHTML, like Gecko) Chrome/78.0.3904.108 Safari/537.36"
18.139.1.47 - - [08/Jun/2025:19:43:46 -0400] "POST //xmlrpc.php HTTP/1.1" 200 205 "-" "Mozilla/5.0 (Windows NT 10.0; Win64; x64) AppleWebKit/537.36 (KHTML, like Gecko) Chrome/78.0.3904.108 Safari/537.36"
18.139.1.47 - - [08/Jun/2025:19:44:01 -0400] "POST //xmlrpc.php HTTP/1.1" 200 205 "-" "Mozilla/5.0 (Windows NT 10.0; Win64; x64) AppleWebKit/537.36 (KHTML, like Gecko) Chrome/78.0.3904.108 Safari/537.36"
18.139.1.47 - - [08/Jun/2025:19:44:15 -0400] "POST //xmlrpc.php HTTP/1.1" 200 205 "-" "Mozilla/5.0 (Windows NT 10.0; Win64; x64) AppleWebKit/537.36 (KHTML, like Gecko) Chrome/78.0.3904.108 Safari/537.36"
162.0.232.193 - - [08/Jun/2025:19:44:46 -0400] "POST /wp-cron.php?doing_wp_cron=1749426286.0338270664215087890625 HTTP/1.1" 200 0 "-" "WordPress/6.6.2; https://w1.perfectmarriagerevenge.com"
18.139.1.47 - - [08/Jun/2025:19:44:30 -0400] "POST //xmlrpc.php HTTP/1.1" 200 205 "-" "Mozilla/5.0 (Windows NT 10.0; Win64; x64) AppleWebKit/537.36 (KHTML, like Gecko) Chrome/78.0.3904.108 Safari/537.36"
18.139.1.47 - - [08/Jun/2025:19:44:46 -0400] "POST //xmlrpc.php HTTP/1.1" 200 205 "-" "Mozilla/5.0 (Windows NT 10.0; Win64; x64) AppleWebKit/537.36 (KHTML, like Gecko) Chrome/78.0.3904.108 Safari/537.36"
18.139.1.47 - - [08/Jun/2025:19:45:00 -0400] "POST //xmlrpc.php HTTP/1.1" 200 205 "-" "Mozilla/5.0 (Windows NT 10.0; Win64; x64) AppleWebKit/537.36 (KHTML, like Gecko) Chrome/78.0.3904.108 Safari/537.36"
18.139.1.47 - - [08/Jun/2025:19:45:16 -0400] "POST //xmlrpc.php HTTP/1.1" 200 205 "-" "Mozilla/5.0 (Windows NT 10.0; Win64; x64) AppleWebKit/537.36 (KHTML, like Gecko) Chrome/78.0.3904.108 Safari/537.36"
162.0.232.193 - - [08/Jun/2025:19:45:45 -0400] "POST /wp-cron.php?doing_wp_cron=1749426345.6798279285430908203125 HTTP/1.1" 200 0 "-" "WordPress/6.6.2; https://w1.perfectmarriagerevenge.com"
18.139.1.47 - - [08/Jun/2025:19:45:30 -0400] "POST //xmlrpc.php HTTP/1.1" 200 205 "-" "Mozilla/5.0 (Windows NT 10.0; Win64; x64) AppleWebKit/537.36 (KHTML, like Gecko) Chrome/78.0.3904.108 Safari/537.36"
18.139.1.47 - - [08/Jun/2025:19:45:46 -0400] "POST //xmlrpc.php HTTP/1.1" 200 205 "-" "Mozilla/5.0 (Windows NT 10.0; Win64; x64) AppleWebKit/537.36 (KHTML, like Gecko) Chrome/78.0.3904.108 Safari/537.36"
18.139.1.47 - - [08/Jun/2025:19:46:00 -0400] "POST //xmlrpc.php HTTP/1.1" 200 205 "-" "Mozilla/5.0 (Windows NT 10.0; Win64; x64) AppleWebKit/537.36 (KHTML, like Gecko) Chrome/78.0.3904.108 Safari/537.36"
18.139.1.47 - - [08/Jun/2025:19:46:15 -0400] "POST //xmlrpc.php HTTP/1.1" 200 205 "-" "Mozilla/5.0 (Windows NT 10.0; Win64; x64) AppleWebKit/537.36 (KHTML, like Gecko) Chrome/78.0.3904.108 Safari/537.36"
162.0.232.193 - - [08/Jun/2025:19:46:45 -0400] "POST /wp-cron.php?doing_wp_cron=1749426405.4508180618286132812500 HTTP/1.1" 200 0 "-" "WordPress/6.6.2; https://w1.perfectmarriagerevenge.com"
18.139.1.47 - - [08/Jun/2025:19:46:31 -0400] "POST //xmlrpc.php HTTP/1.1" 200 205 "-" "Mozilla/5.0 (Windows NT 10.0; Win64; x64) AppleWebKit/537.36 (KHTML, like Gecko) Chrome/78.0.3904.108 Safari/537.36"
162.0.232.193 - - [08/Jun/2025:19:47:01 -0400] "POST /wp-cron.php?doing_wp_cron=1749426420.9540131092071533203125 HTTP/1.1" 200 0 "-" "WordPress/6.6.2; https://w1.perfectmarriagerevenge.com"
18.139.1.47 - - [08/Jun/2025:19:46:45 -0400] "POST //xmlrpc.php HTTP/1.1" 200 205 "-" "Mozilla/5.0 (Windows NT 10.0; Win64; x64) AppleWebKit/537.36 (KHTML, like Gecko) Chrome/78.0.3904.108 Safari/537.36"
18.139.1.47 - - [08/Jun/2025:19:47:01 -0400] "POST //xmlrpc.php HTTP/1.1" 200 205 "-" "Mozilla/5.0 (Windows NT 10.0; Win64; x64) AppleWebKit/537.36 (KHTML, like Gecko) Chrome/78.0.3904.108 Safari/537.36"
18.139.1.47 - - [08/Jun/2025:19:47:15 -0400] "POST //xmlrpc.php HTTP/1.1" 200 205 "-" "Mozilla/5.0 (Windows NT 10.0; Win64; x64) AppleWebKit/537.36 (KHTML, like Gecko) Chrome/78.0.3904.108 Safari/537.36"
162.0.232.193 - - [08/Jun/2025:19:47:46 -0400] "POST /wp-cron.php?doing_wp_cron=1749426466.4288129806518554687500 HTTP/1.1" 200 0 "-" "WordPress/6.6.2; https://w1.perfectmarriagerevenge.com"
18.139.1.47 - - [08/Jun/2025:19:47:30 -0400] "POST //xmlrpc.php HTTP/1.1" 200 205 "-" "Mozilla/5.0 (Windows NT 10.0; Win64; x64) AppleWebKit/537.36 (KHTML, like Gecko) Chrome/78.0.3904.108 Safari/537.36"
18.139.1.47 - - [08/Jun/2025:19:47:46 -0400] "POST //xmlrpc.php HTTP/1.1" 200 205 "-" "Mozilla/5.0 (Windows NT 10.0; Win64; x64) AppleWebKit/537.36 (KHTML, like Gecko) Chrome/78.0.3904.108 Safari/537.36"
18.139.1.47 - - [08/Jun/2025:19:48:01 -0400] "POST //xmlrpc.php HTTP/1.1" 200 205 "-" "Mozilla/5.0 (Windows NT 10.0; Win64; x64) AppleWebKit/537.36 (KHTML, like Gecko) Chrome/78.0.3904.108 Safari/537.36"
18.139.1.47 - - [08/Jun/2025:19:48:15 -0400] "POST //xmlrpc.php HTTP/1.1" 200 205 "-" "Mozilla/5.0 (Windows NT 10.0; Win64; x64) AppleWebKit/537.36 (KHTML, like Gecko) Chrome/78.0.3904.108 Safari/537.36"
162.0.232.193 - - [08/Jun/2025:19:48:46 -0400] "POST /wp-cron.php?doing_wp_cron=1749426526.0703010559082031250000 HTTP/1.1" 200 0 "-" "WordPress/6.6.2; https://w1.perfectmarriagerevenge.com"
18.139.1.47 - - [08/Jun/2025:19:48:30 -0400] "POST //xmlrpc.php HTTP/1.1" 200 205 "-" "Mozilla/5.0 (Windows NT 10.0; Win64; x64) AppleWebKit/537.36 (KHTML, like Gecko) Chrome/78.0.3904.108 Safari/537.36"
18.139.1.47 - - [08/Jun/2025:19:48:46 -0400] "POST //xmlrpc.php HTTP/1.1" 200 205 "-" "Mozilla/5.0 (Windows NT 10.0; Win64; x64) AppleWebKit/537.36 (KHTML, like Gecko) Chrome/78.0.3904.108 Safari/537.36"
18.139.1.47 - - [08/Jun/2025:19:49:00 -0400] "POST //xmlrpc.php HTTP/1.1" 200 205 "-" "Mozilla/5.0 (Windows NT 10.0; Win64; x64) AppleWebKit/537.36 (KHTML, like Gecko) Chrome/78.0.3904.108 Safari/537.36"
18.139.1.47 - - [08/Jun/2025:19:49:16 -0400] "POST //xmlrpc.php HTTP/1.1" 200 205 "-" "Mozilla/5.0 (Windows NT 10.0; Win64; x64) AppleWebKit/537.36 (KHTML, like Gecko) Chrome/78.0.3904.108 Safari/537.36"
162.0.232.193 - - [08/Jun/2025:19:49:46 -0400] "POST /wp-cron.php?doing_wp_cron=1749426585.8248670101165771484375 HTTP/1.1" 200 0 "-" "WordPress/6.6.2; https://w1.perfectmarriagerevenge.com"
18.139.1.47 - - [08/Jun/2025:19:49:30 -0400] "POST //xmlrpc.php HTTP/1.1" 200 205 "-" "Mozilla/5.0 (Windows NT 10.0; Win64; x64) AppleWebKit/537.36 (KHTML, like Gecko) Chrome/78.0.3904.108 Safari/537.36"
18.139.1.47 - - [08/Jun/2025:19:49:46 -0400] "POST //xmlrpc.php HTTP/1.1" 200 205 "-" "Mozilla/5.0 (Windows NT 10.0; Win64; x64) AppleWebKit/537.36 (KHTML, like Gecko) Chrome/78.0.3904.108 Safari/537.36"
18.139.1.47 - - [08/Jun/2025:19:50:00 -0400] "POST //xmlrpc.php HTTP/1.1" 200 205 "-" "Mozilla/5.0 (Windows NT 10.0; Win64; x64) AppleWebKit/537.36 (KHTML, like Gecko) Chrome/78.0.3904.108 Safari/537.36"
18.139.1.47 - - [08/Jun/2025:19:50:16 -0400] "POST //xmlrpc.php HTTP/1.1" 200 205 "-" "Mozilla/5.0 (Windows NT 10.0; Win64; x64) AppleWebKit/537.36 (KHTML, like Gecko) Chrome/78.0.3904.108 Safari/537.36"
162.0.232.193 - - [08/Jun/2025:19:50:45 -0400] "POST /wp-cron.php?doing_wp_cron=1749426645.4732260704040527343750 HTTP/1.1" 200 0 "-" "WordPress/6.6.2; https://w1.perfectmarriagerevenge.com"
18.139.1.47 - - [08/Jun/2025:19:50:30 -0400] "POST //xmlrpc.php HTTP/1.1" 200 205 "-" "Mozilla/5.0 (Windows NT 10.0; Win64; x64) AppleWebKit/537.36 (KHTML, like Gecko) Chrome/78.0.3904.108 Safari/537.36"
162.0.232.193 - - [08/Jun/2025:19:51:01 -0400] "POST /wp-cron.php?doing_wp_cron=1749426660.9664440155029296875000 HTTP/1.1" 200 0 "-" "WordPress/6.6.2; https://w1.perfectmarriagerevenge.com"
18.139.1.47 - - [08/Jun/2025:19:50:45 -0400] "POST //xmlrpc.php HTTP/1.1" 200 205 "-" "Mozilla/5.0 (Windows NT 10.0; Win64; x64) AppleWebKit/537.36 (KHTML, like Gecko) Chrome/78.0.3904.108 Safari/537.36"
18.139.1.47 - - [08/Jun/2025:19:51:01 -0400] "POST //xmlrpc.php HTTP/1.1" 200 205 "-" "Mozilla/5.0 (Windows NT 10.0; Win64; x64) AppleWebKit/537.36 (KHTML, like Gecko) Chrome/78.0.3904.108 Safari/537.36"
162.0.232.193 - - [08/Jun/2025:19:54:41 -0400] "POST /wp-cron.php?doing_wp_cron=1749426881.3342618942260742187500 HTTP/1.1" 200 0 "-" "WordPress/6.6.2; https://w1.perfectmarriagerevenge.com"
43.159.152.184 - - [08/Jun/2025:19:54:39 -0400] "GET /manga/perfect-marriage-revenge-chapter-51/feed/ HTTP/1.1" 200 426 "-" "Mozilla/5.0 (iPhone; CPU iPhone OS 13_2_3 like Mac OS X) AppleWebKit/605.1.15 (KHTML, like Gecko) Version/13.0.3 Mobile/15E148 Safari/604.1"
162.0.232.193 - - [08/Jun/2025:19:59:10 -0400] "POST /wp-cron.php?doing_wp_cron=1749427150.1739048957824707031250 HTTP/1.1" 200 0 "-" "WordPress/6.6.2; https://w1.perfectmarriagerevenge.com"
172.190.142.176 - - [08/Jun/2025:19:59:08 -0400] "GET /wp-content/plugins/hellopress/wp_filemanager.php HTTP/1.1" 301 0 "-" "-"
172.190.142.176 - - [08/Jun/2025:19:59:10 -0400] "GET /wp-includes/Text/network.php HTTP/1.1" 301 0 "-" "-"
172.190.142.176 - - [08/Jun/2025:19:59:10 -0400] "GET /wp-content/upgrade-temp-backup/wp-login.php HTTP/1.1" 301 0 "-" "-"
162.0.232.193 - - [08/Jun/2025:19:59:10 -0400] "GET /manga/perfect-marriage-revenge-chapter-1/ HTTP/1.1" 200 13803 "-" "WP Rocket/Preload"
172.190.142.176 - - [08/Jun/2025:19:59:11 -0400] "GET /js/fm.php HTTP/1.1" 301 0 "-" "-"
172.190.142.176 - - [08/Jun/2025:19:59:11 -0400] "GET /wp-content/themes/astra/inc/ki1k.php HTTP/1.1" 301 0 "-" "-"
172.190.142.176 - - [08/Jun/2025:19:59:11 -0400] "GET /WordPress/wp-admin/includes/zmFM.php HTTP/1.1" 301 0 "-" "-"
162.0.232.193 - - [08/Jun/2025:19:59:11 -0400] "GET /manga/perfect-marriage-revenge-chapter-1/ HTTP/1.1" 200 13806 "-" "WP Rocket/Preload Mozilla/5.0 (iPhone; CPU iPhone OS 9_1 like Mac OS X) AppleWebKit/601.1.46 (KHTML, like Gecko) Version/9.0 Mobile/13B143 Safari/601.1"
172.190.142.176 - - [08/Jun/2025:19:59:11 -0400] "GET /default.php HTTP/1.1" 301 0 "-" "-"
172.190.142.176 - - [08/Jun/2025:19:59:12 -0400] "GET /ty.php HTTP/1.1" 301 0 "-" "-"
172.190.142.176 - - [08/Jun/2025:19:59:12 -0400] "GET /wp-content/themes/cay-van-phong/filemanager.php HTTP/1.1" 301 0 "-" "-"
172.190.142.176 - - [08/Jun/2025:19:59:12 -0400] "GET /fm.php HTTP/1.1" 301 0 "-" "-"
162.0.232.193 - - [08/Jun/2025:19:59:12 -0400] "GET /manga/perfect-marriage-revenge-chapter-2/ HTTP/1.1" 200 15269 "-" "WP Rocket/Preload"
172.190.142.176 - - [08/Jun/2025:19:59:12 -0400] "GET /wp-content/plugins/seoplugins/index.php HTTP/1.1" 301 0 "-" "-"
172.190.142.176 - - [08/Jun/2025:19:59:13 -0400] "GET /ini.php HTTP/1.1" 301 0 "-" "-"
172.190.142.176 - - [08/Jun/2025:19:59:13 -0400] "GET /libraries/legacy/info.php HTTP/1.1" 301 0 "-" "-"
172.190.142.176 - - [08/Jun/2025:19:59:13 -0400] "GET /wp-content/themes/include.php HTTP/1.1" 301 0 "-" "-"
162.0.232.193 - - [08/Jun/2025:19:59:13 -0400] "GET /manga/perfect-marriage-revenge-chapter-2/ HTTP/1.1" 200 15260 "-" "WP Rocket/Preload Mozilla/5.0 (iPhone; CPU iPhone OS 9_1 like Mac OS X) AppleWebKit/601.1.46 (KHTML, like Gecko) Version/9.0 Mobile/13B143 Safari/601.1"
172.190.142.176 - - [08/Jun/2025:19:59:14 -0400] "GET /wp-admin/network/about.php HTTP/1.1" 302 0 "-" "-"
162.0.232.193 - - [08/Jun/2025:19:59:14 -0400] "GET /manga/perfect-marriage-revenge-chapter-3/ HTTP/1.1" 200 14959 "-" "WP Rocket/Preload"
172.190.142.176 - - [08/Jun/2025:19:59:15 -0400] "GET /wp-login.php?redirect_to=https%3A%2F%2Fw1.perfectmarriagerevenge.com%2Fwp-admin%2Fnetwork%2Fabout.php&reauth=1 HTTP/1.1" 200 1808 "-" "-"
172.190.142.176 - - [08/Jun/2025:19:59:15 -0400] "GET /alfa.php HTTP/1.1" 301 0 "-" "-"
162.0.232.193 - - [08/Jun/2025:19:59:15 -0400] "GET /manga/perfect-marriage-revenge-chapter-3/ HTTP/1.1" 200 15295 "-" "WP Rocket/Preload Mozilla/5.0 (iPhone; CPU iPhone OS 9_1 like Mac OS X) AppleWebKit/601.1.46 (KHTML, like Gecko) Version/9.0 Mobile/13B143 Safari/601.1"
162.0.232.193 - - [08/Jun/2025:19:59:16 -0400] "GET /manga/perfect-marriage-revenge-chapter-4/ HTTP/1.1" 200 21819 "-" "WP Rocket/Preload"
162.0.232.193 - - [08/Jun/2025:19:59:17 -0400] "GET /manga/perfect-marriage-revenge-chapter-4/ HTTP/1.1" 200 21523 "-" "WP Rocket/Preload Mozilla/5.0 (iPhone; CPU iPhone OS 9_1 like Mac OS X) AppleWebKit/601.1.46 (KHTML, like Gecko) Version/9.0 Mobile/13B143 Safari/601.1"
162.0.232.193 - - [08/Jun/2025:19:59:18 -0400] "GET /manga/perfect-marriage-revenge-chapter-5/ HTTP/1.1" 200 15572 "-" "WP Rocket/Preload"
162.0.232.193 - - [08/Jun/2025:19:59:19 -0400] "GET /manga/perfect-marriage-revenge-chapter-5/ HTTP/1.1" 200 15569 "-" "WP Rocket/Preload Mozilla/5.0 (iPhone; CPU iPhone OS 9_1 like Mac OS X) AppleWebKit/601.1.46 (KHTML, like Gecko) Version/9.0 Mobile/13B143 Safari/601.1"
172.190.142.176 - - [08/Jun/2025:19:59:15 -0400] "GET /wp-mail.php/wp-includes/ID3/rk2.php HTTP/1.1" 200 0 "-" "-"
162.0.232.193 - - [08/Jun/2025:20:08:45 -0400] "POST /wp-cron.php?doing_wp_cron=1749427725.3567929267883300781250 HTTP/1.1" 200 0 "-" "WordPress/6.6.2; https://w1.perfectmarriagerevenge.com"
43.166.134.114 - - [08/Jun/2025:20:08:43 -0400] "GET /manga/perfect-marriage-revenge-chapter-100/embed/ HTTP/1.1" 200 6289 "-" "Mozilla/5.0 (iPhone; CPU iPhone OS 13_2_3 like Mac OS X) AppleWebKit/605.1.15 (KHTML, like Gecko) Version/13.0.3 Mobile/15E148 Safari/604.1"
162.0.232.193 - - [08/Jun/2025:20:08:46 -0400] "GET /manga/perfect-marriage-revenge-chapter-5-5/ HTTP/1.1" 200 15265 "-" "WP Rocket/Preload"
162.0.232.193 - - [08/Jun/2025:20:08:47 -0400] "GET /manga/perfect-marriage-revenge-chapter-5-5/ HTTP/1.1" 200 15255 "-" "WP Rocket/Preload Mozilla/5.0 (iPhone; CPU iPhone OS 9_1 like Mac OS X) AppleWebKit/601.1.46 (KHTML, like Gecko) Version/9.0 Mobile/13B143 Safari/601.1"
162.0.232.193 - - [08/Jun/2025:20:08:48 -0400] "GET /manga/perfect-marriage-revenge-chapter-6/ HTTP/1.1" 200 11682 "-" "WP Rocket/Preload"
162.0.232.193 - - [08/Jun/2025:20:08:49 -0400] "GET /manga/perfect-marriage-revenge-chapter-6/ HTTP/1.1" 200 11329 "-" "WP Rocket/Preload Mozilla/5.0 (iPhone; CPU iPhone OS 9_1 like Mac OS X) AppleWebKit/601.1.46 (KHTML, like Gecko) Version/9.0 Mobile/13B143 Safari/601.1"
162.0.232.193 - - [08/Jun/2025:20:08:50 -0400] "GET /manga/perfect-marriage-revenge-chapter-6-5/ HTTP/1.1" 200 11662 "-" "WP Rocket/Preload"
162.0.232.193 - - [08/Jun/2025:20:08:51 -0400] "GET /manga/perfect-marriage-revenge-chapter-6-5/ HTTP/1.1" 200 11326 "-" "WP Rocket/Preload Mozilla/5.0 (iPhone; CPU iPhone OS 9_1 like Mac OS X) AppleWebKit/601.1.46 (KHTML, like Gecko) Version/9.0 Mobile/13B143 Safari/601.1"
162.0.232.193 - - [08/Jun/2025:20:08:52 -0400] "GET /manga/perfect-marriage-revenge-chapter-7/ HTTP/1.1" 200 11460 "-" "WP Rocket/Preload"
162.0.232.193 - - [08/Jun/2025:20:08:53 -0400] "GET /manga/perfect-marriage-revenge-chapter-7/ HTTP/1.1" 200 11458 "-" "WP Rocket/Preload Mozilla/5.0 (iPhone; CPU iPhone OS 9_1 like Mac OS X) AppleWebKit/601.1.46 (KHTML, like Gecko) Version/9.0 Mobile/13B143 Safari/601.1"
162.0.232.193 - - [08/Jun/2025:20:08:53 -0400] "GET /manga/perfect-marriage-revenge-chapter-106/ HTTP/1.1" 200 13569 "-" "WP Rocket/Preload"
162.0.232.193 - - [08/Jun/2025:20:08:54 -0400] "GET /manga/perfect-marriage-revenge-chapter-106/ HTTP/1.1" 200 13546 "-" "WP Rocket/Preload Mozilla/5.0 (iPhone; CPU iPhone OS 9_1 like Mac OS X) AppleWebKit/601.1.46 (KHTML, like Gecko) Version/9.0 Mobile/13B143 Safari/601.1"
2a03:2880:f800:12:: - - [08/Jun/2025:20:13:04 -0400] "GET /manga/perfect-marriage-revenge-chapter-103/ HTTP/1.1" 200 13490 "-" "meta-externalagent/1.1 (+https://developers.facebook.com/docs/sharing/webmasters/crawler)"
2001:fb1:5c:8626:b94c:cd89:ff24:6f44 - - [08/Jun/2025:20:13:04 -0400] "GET / HTTP/1.1" 200 10479 "https://www.google.com/" "Mozilla/5.0 (iPhone; CPU iPhone OS 18_5 like Mac OS X) AppleWebKit/605.1.15 (KHTML, like Gecko) Version/18.5 Mobile/15E148 Safari/604.1"
2001:fb1:5c:8626:b94c:cd89:ff24:6f44 - - [08/Jun/2025:20:13:05 -0400] "GET /wp-content/plugins/comic-easel/js/keynav.js HTTP/1.1" 200 302 "https://w1.perfectmarriagerevenge.com/" "Mozilla/5.0 (iPhone; CPU iPhone OS 18_5 like Mac OS X) AppleWebKit/605.1.15 (KHTML, like Gecko) Version/18.5 Mobile/15E148 Safari/604.1"
2001:fb1:5c:8626:b94c:cd89:ff24:6f44 - - [08/Jun/2025:20:13:05 -0400] "GET /wp-content/themes/toivo-lite/js/functions.min.js?ver=1.2.0 HTTP/1.1" 200 593 "https://w1.perfectmarriagerevenge.com/" "Mozilla/5.0 (iPhone; CPU iPhone OS 18_5 like Mac OS X) AppleWebKit/605.1.15 (KHTML, like Gecko) Version/18.5 Mobile/15E148 Safari/604.1"
2001:fb1:5c:8626:b94c:cd89:ff24:6f44 - - [08/Jun/2025:20:13:05 -0400] "GET /wp-content/plugins/comic-easel/css/comiceasel.css?ver=6.6.2 HTTP/1.1" 200 1273 "https://w1.perfectmarriagerevenge.com/" "Mozilla/5.0 (iPhone; CPU iPhone OS 18_5 like Mac OS X) AppleWebKit/605.1.15 (KHTML, like Gecko) Version/18.5 Mobile/15E148 Safari/604.1"
2001:fb1:5c:8626:b94c:cd89:ff24:6f44 - - [08/Jun/2025:20:13:05 -0400] "GET /wp-content/uploads/2023/11/0M_details.jpg HTTP/1.1" 200 67440 "https://w1.perfectmarriagerevenge.com/" "Mozilla/5.0 (iPhone; CPU iPhone OS 18_5 like Mac OS X) AppleWebKit/605.1.15 (KHTML, like Gecko) Version/18.5 Mobile/15E148 Safari/604.1"
2001:fb1:5c:8626:b94c:cd89:ff24:6f44 - - [08/Jun/2025:20:13:05 -0400] "GET /wp-content/themes/toivo-lite/js/settings.min.js?ver=1.2.0 HTTP/1.1" 200 307 "https://w1.perfectmarriagerevenge.com/" "Mozilla/5.0 (iPhone; CPU iPhone OS 18_5 like Mac OS X) AppleWebKit/605.1.15 (KHTML, like Gecko) Version/18.5 Mobile/15E148 Safari/604.1"
2001:fb1:5c:8626:b94c:cd89:ff24:6f44 - - [08/Jun/2025:20:13:05 -0400] "GET /wp-content/plugins/widgets-on-pages/public/css/widgets-on-pages-public.css?ver=1.4.0 HTTP/1.1" 200 83 "https://w1.perfectmarriagerevenge.com/" "Mozilla/5.0 (iPhone; CPU iPhone OS 18_5 like Mac OS X) AppleWebKit/605.1.15 (KHTML, like Gecko) Version/18.5 Mobile/15E148 Safari/604.1"
2001:fb1:5c:8626:b94c:cd89:ff24:6f44 - - [08/Jun/2025:20:13:05 -0400] "GET /wp-content/themes/toivo-lite/style.css?ver=1.2.0 HTTP/1.1" 200 13718 "https://w1.perfectmarriagerevenge.com/" "Mozilla/5.0 (iPhone; CPU iPhone OS 18_5 like Mac OS X) AppleWebKit/605.1.15 (KHTML, like Gecko) Version/18.5 Mobile/15E148 Safari/604.1"
2001:fb1:5c:8626:b94c:cd89:ff24:6f44 - - [08/Jun/2025:20:13:05 -0400] "GET /wp-content/plugins/simple-social-buttons/assets/js/front.js?ver=5.3.1 HTTP/1.1" 200 1932 "https://w1.perfectmarriagerevenge.com/" "Mozilla/5.0 (iPhone; CPU iPhone OS 18_5 like Mac OS X) AppleWebKit/605.1.15 (KHTML, like Gecko) Version/18.5 Mobile/15E148 Safari/604.1"
2001:fb1:5c:8626:b94c:cd89:ff24:6f44 - - [08/Jun/2025:20:13:05 -0400] "GET /wp-content/plugins/simple-social-buttons/assets/css/front.css?ver=5.3.1 HTTP/1.1" 200 10295 "https://w1.perfectmarriagerevenge.com/" "Mozilla/5.0 (iPhone; CPU iPhone OS 18_5 like Mac OS X) AppleWebKit/605.1.15 (KHTML, like Gecko) Version/18.5 Mobile/15E148 Safari/604.1"
2001:fb1:5c:8626:b94c:cd89:ff24:6f44 - - [08/Jun/2025:20:13:05 -0400] "GET /wp-includes/js/jquery/jquery-migrate.min.js?ver=3.4.1 HTTP/1.1" 200 4678 "https://w1.perfectmarriagerevenge.com/" "Mozilla/5.0 (iPhone; CPU iPhone OS 18_5 like Mac OS X) AppleWebKit/605.1.15 (KHTML, like Gecko) Version/18.5 Mobile/15E148 Safari/604.1"
2001:fb1:5c:8626:b94c:cd89:ff24:6f44 - - [08/Jun/2025:20:13:05 -0400] "GET /wp-content/themes/toivo-lite/fonts/genericons/genericons/genericons.min.css?ver=3.3 HTTP/1.1" 200 15959 "https://w1.perfectmarriagerevenge.com/" "Mozilla/5.0 (iPhone; CPU iPhone OS 18_5 like Mac OS X) AppleWebKit/605.1.15 (KHTML, like Gecko) Version/18.5 Mobile/15E148 Safari/604.1"
2001:fb1:5c:8626:b94c:cd89:ff24:6f44 - - [08/Jun/2025:20:13:05 -0400] "GET /wp-includes/css/dist/block-library/style.min.css?ver=6.6.2 HTTP/1.1" 200 13903 "https://w1.perfectmarriagerevenge.com/" "Mozilla/5.0 (iPhone; CPU iPhone OS 18_5 like Mac OS X) AppleWebKit/605.1.15 (KHTML, like Gecko) Version/18.5 Mobile/15E148 Safari/604.1"
2001:fb1:5c:8626:b94c:cd89:ff24:6f44 - - [08/Jun/2025:20:13:05 -0400] "GET /wp-includes/js/jquery/jquery.min.js?ver=3.7.1 HTTP/1.1" 200 29744 "https://w1.perfectmarriagerevenge.com/" "Mozilla/5.0 (iPhone; CPU iPhone OS 18_5 like Mac OS X) AppleWebKit/605.1.15 (KHTML, like Gecko) Version/18.5 Mobile/15E148 Safari/604.1"
2001:fb1:5c:8626:b94c:cd89:ff24:6f44 - - [08/Jun/2025:20:13:05 -0400] "GET /wp-content/themes/toivo-lite/js/responsive-nav.min.js?ver=1.2.0 HTTP/1.1" 200 2102 "https://w1.perfectmarriagerevenge.com/" "Mozilla/5.0 (iPhone; CPU iPhone OS 18_5 like Mac OS X) AppleWebKit/605.1.15 (KHTML, like Gecko) Version/18.5 Mobile/15E148 Safari/604.1"
2001:fb1:5c:8626:b94c:cd89:ff24:6f44 - - [08/Jun/2025:20:13:05 -0400] "GET /wp-content/plugins/simple-social-buttons/assets/js/frontend-blocks.js?ver=5.3.1 HTTP/1.1" 200 0 "https://w1.perfectmarriagerevenge.com/" "Mozilla/5.0 (iPhone; CPU iPhone OS 18_5 like Mac OS X) AppleWebKit/605.1.15 (KHTML, like Gecko) Version/18.5 Mobile/15E148 Safari/604.1"
2001:fb1:5c:8626:b94c:cd89:ff24:6f44 - - [08/Jun/2025:20:13:05 -0400] "GET /wp-content/uploads/2023/11/cropped-c6bc7d0bee2ae2a165c37049a174150d.jpg HTTP/1.1" 200 112475 "https://w1.perfectmarriagerevenge.com/" "Mozilla/5.0 (iPhone; CPU iPhone OS 18_5 like Mac OS X) AppleWebKit/605.1.15 (KHTML, like Gecko) Version/18.5 Mobile/15E148 Safari/604.1"
2001:fb1:5c:8626:b94c:cd89:ff24:6f44 - - [08/Jun/2025:20:13:06 -0400] "GET /wp-content/themes/toivo-lite/fonts/genericons/genericons/Genericons.svg HTTP/1.1" 200 23714 "https://w1.perfectmarriagerevenge.com/" "Mozilla/5.0 (iPhone; CPU iPhone OS 18_5 like Mac OS X) AppleWebKit/605.1.15 (KHTML, like Gecko) Version/18.5 Mobile/15E148 Safari/604.1"
2001:fb1:5c:8626:b94c:cd89:ff24:6f44 - - [08/Jun/2025:20:13:07 -0400] "GET /wp-content/uploads/2023/11/cropped-1e07817506d74588354499efe0aa34cc-32x32.jpg HTTP/1.1" 200 1060 "https://w1.perfectmarriagerevenge.com/" "Mozilla/5.0 (iPhone; CPU iPhone OS 18_5 like Mac OS X) AppleWebKit/605.1.15 (KHTML, like Gecko) Version/18.5 Mobile/15E148 Safari/604.1"
2001:fb1:5c:8626:b94c:cd89:ff24:6f44 - - [08/Jun/2025:20:13:07 -0400] "GET /wp-content/uploads/2023/11/cropped-1e07817506d74588354499efe0aa34cc-192x192.jpg HTTP/1.1" 200 7504 "https://w1.perfectmarriagerevenge.com/" "Mozilla/5.0 (iPhone; CPU iPhone OS 18_5 like Mac OS X) AppleWebKit/605.1.15 (KHTML, like Gecko) Version/18.5 Mobile/15E148 Safari/604.1"
162.0.232.193 - - [08/Jun/2025:20:13:50 -0400] "POST /wp-cron.php?doing_wp_cron=1749428030.1344780921936035156250 HTTP/1.1" 200 0 "-" "WordPress/6.6.2; https://w1.perfectmarriagerevenge.com"
216.73.216.122 - - [08/Jun/2025:20:13:48 -0400] "GET /category/perfect-marriage-revenge-webtoon/page/7 HTTP/1.1" 301 0 "-" "Mozilla/5.0 AppleWebKit/537.36 (KHTML, like Gecko; compatible; ClaudeBot/1.0; [email protected])"
216.73.216.122 - - [08/Jun/2025:20:13:50 -0400] "GET /category/perfect-marriage-revenge-webtoon/page/7/ HTTP/1.1" 200 23659 "https://w1.perfectmarriagerevenge.com/category/perfect-marriage-revenge-webtoon/page/7" "Mozilla/5.0 AppleWebKit/537.36 (KHTML, like Gecko; compatible; ClaudeBot/1.0; [email protected])"
162.0.232.193 - - [08/Jun/2025:20:13:50 -0400] "GET /manga/perfect-marriage-revenge-chapter-113/ HTTP/1.1" 200 11661 "-" "WP Rocket/Preload"
162.0.232.193 - - [08/Jun/2025:20:13:51 -0400] "GET /manga/perfect-marriage-revenge-chapter-113/ HTTP/1.1" 200 11668 "-" "WP Rocket/Preload Mozilla/5.0 (iPhone; CPU iPhone OS 9_1 like Mac OS X) AppleWebKit/601.1.46 (KHTML, like Gecko) Version/9.0 Mobile/13B143 Safari/601.1"
162.0.232.193 - - [08/Jun/2025:20:13:52 -0400] "GET /manga/perfect-marriage-revenge-chapter-112/ HTTP/1.1" 200 11606 "-" "WP Rocket/Preload"
162.0.232.193 - - [08/Jun/2025:20:13:53 -0400] "GET /manga/perfect-marriage-revenge-chapter-112/ HTTP/1.1" 200 11589 "-" "WP Rocket/Preload Mozilla/5.0 (iPhone; CPU iPhone OS 9_1 like Mac OS X) AppleWebKit/601.1.46 (KHTML, like Gecko) Version/9.0 Mobile/13B143 Safari/601.1"
162.0.232.193 - - [08/Jun/2025:20:13:53 -0400] "GET /manga/perfect-marriage-revenge-chapter-111/ HTTP/1.1" 200 11602 "-" "WP Rocket/Preload"
162.0.232.193 - - [08/Jun/2025:20:13:54 -0400] "GET /manga/perfect-marriage-revenge-chapter-111/ HTTP/1.1" 200 11586 "-" "WP Rocket/Preload Mozilla/5.0 (iPhone; CPU iPhone OS 9_1 like Mac OS X) AppleWebKit/601.1.46 (KHTML, like Gecko) Version/9.0 Mobile/13B143 Safari/601.1"
162.0.232.193 - - [08/Jun/2025:20:13:55 -0400] "GET /manga/perfect-marriage-revenge-chapter-110/ HTTP/1.1" 200 11654 "-" "WP Rocket/Preload"
162.0.232.193 - - [08/Jun/2025:20:13:56 -0400] "GET /manga/perfect-marriage-revenge-chapter-110/ HTTP/1.1" 200 11667 "-" "WP Rocket/Preload Mozilla/5.0 (iPhone; CPU iPhone OS 9_1 like Mac OS X) AppleWebKit/601.1.46 (KHTML, like Gecko) Version/9.0 Mobile/13B143 Safari/601.1"
162.0.232.193 - - [08/Jun/2025:20:13:57 -0400] "GET /manga/perfect-marriage-revenge-chapter-109-5/ HTTP/1.1" 200 11830 "-" "WP Rocket/Preload"
162.0.232.193 - - [08/Jun/2025:20:13:58 -0400] "GET /manga/perfect-marriage-revenge-chapter-109-5/ HTTP/1.1" 200 11812 "-" "WP Rocket/Preload Mozilla/5.0 (iPhone; CPU iPhone OS 9_1 like Mac OS X) AppleWebKit/601.1.46 (KHTML, like Gecko) Version/9.0 Mobile/13B143 Safari/601.1"
43.135.142.37 - - [08/Jun/2025:20:17:47 -0400] "GET /manga/perfect-marriage-revenge-chapter-10-5/ HTTP/1.1" 200 16359 "-" "Mozilla/5.0 (iPhone; CPU iPhone OS 13_2_3 like Mac OS X) AppleWebKit/605.1.15 (KHTML, like Gecko) Version/13.0.3 Mobile/15E148 Safari/604.1"
162.0.232.193 - - [08/Jun/2025:20:22:52 -0400] "POST /wp-cron.php?doing_wp_cron=1749428572.4703090190887451171875 HTTP/1.1" 200 0 "-" "WordPress/6.6.2; https://w1.perfectmarriagerevenge.com"
162.0.232.193 - - [08/Jun/2025:20:22:54 -0400] "GET /manga/perfect-marriage-revenge-chapter-109/ HTTP/1.1" 200 11410 "-" "WP Rocket/Preload"
162.0.232.193 - - [08/Jun/2025:20:22:55 -0400] "GET /manga/perfect-marriage-revenge-chapter-109/ HTTP/1.1" 200 11414 "-" "WP Rocket/Preload Mozilla/5.0 (iPhone; CPU iPhone OS 9_1 like Mac OS X) AppleWebKit/601.1.46 (KHTML, like Gecko) Version/9.0 Mobile/13B143 Safari/601.1"
162.0.232.193 - - [08/Jun/2025:20:22:56 -0400] "GET /manga/perfect-marriage-revenge-chapter-108/ HTTP/1.1" 200 11287 "-" "WP Rocket/Preload"
162.0.232.193 - - [08/Jun/2025:20:22:57 -0400] "GET /manga/perfect-marriage-revenge-chapter-108/ HTTP/1.1" 200 11588 "-" "WP Rocket/Preload Mozilla/5.0 (iPhone; CPU iPhone OS 9_1 like Mac OS X) AppleWebKit/601.1.46 (KHTML, like Gecko) Version/9.0 Mobile/13B143 Safari/601.1"
162.0.232.193 - - [08/Jun/2025:20:22:57 -0400] "GET /manga/perfect-marriage-revenge-chapter-107/ HTTP/1.1" 200 13183 "-" "WP Rocket/Preload"
162.0.232.193 - - [08/Jun/2025:20:22:58 -0400] "GET /manga/perfect-marriage-revenge-chapter-107/ HTTP/1.1" 200 13177 "-" "WP Rocket/Preload Mozilla/5.0 (iPhone; CPU iPhone OS 9_1 like Mac OS X) AppleWebKit/601.1.46 (KHTML, like Gecko) Version/9.0 Mobile/13B143 Safari/601.1"
162.0.232.193 - - [08/Jun/2025:20:22:59 -0400] "GET /manga/perfect-marriage-revenge-chapter-105/ HTTP/1.1" 200 13174 "-" "WP Rocket/Preload"
162.0.232.193 - - [08/Jun/2025:20:23:00 -0400] "GET /manga/perfect-marriage-revenge-chapter-105/ HTTP/1.1" 200 0 "-" "WP Rocket/Preload Mozilla/5.0 (iPhone; CPU iPhone OS 9_1 like Mac OS X) AppleWebKit/601.1.46 (KHTML, like Gecko) Version/9.0 Mobile/13B143 Safari/601.1"
162.0.232.193 - - [08/Jun/2025:20:23:02 -0400] "GET /manga/perfect-marriage-revenge-chapter-104/ HTTP/1.1" 200 13177 "-" "WP Rocket/Preload"
162.0.232.193 - - [08/Jun/2025:20:23:03 -0400] "GET /manga/perfect-marriage-revenge-chapter-104/ HTTP/1.1" 200 12837 "-" "WP Rocket/Preload Mozilla/5.0 (iPhone; CPU iPhone OS 9_1 like Mac OS X) AppleWebKit/601.1.46 (KHTML, like Gecko) Version/9.0 Mobile/13B143 Safari/601.1"
