199.119.235.250 - - [08/Jun/2025:13:51:24 -0400] "GET / HTTP/1.1" 200 10450 "-" "Mozilla/5.0 (iPhone; CPU iPhone OS 16_1_2 like Mac OS X) AppleWebKit/605.1.15 (KHTML, like Gecko) Version/16.1 Mobile/15E148 Safari/604.1"
199.119.235.250 - - [08/Jun/2025:13:51:25 -0400] "GET /wp-content/plugins/simple-social-buttons/assets/js/frontend-blocks.js?ver=5.3.1 HTTP/1.1" 200 0 "https://w1.perfectmarriagerevenge.com/" "Mozilla/5.0 (iPhone; CPU iPhone OS 16_1_2 like Mac OS X) AppleWebKit/605.1.15 (KHTML, like Gecko) Version/16.1 Mobile/15E148 Safari/604.1"
199.119.235.250 - - [08/Jun/2025:13:51:25 -0400] "GET /wp-content/themes/toivo-lite/js/settings.min.js?ver=1.2.0 HTTP/1.1" 200 307 "https://w1.perfectmarriagerevenge.com/" "Mozilla/5.0 (iPhone; CPU iPhone OS 16_1_2 like Mac OS X) AppleWebKit/605.1.15 (KHTML, like Gecko) Version/16.1 Mobile/15E148 Safari/604.1"
199.119.235.250 - - [08/Jun/2025:13:51:25 -0400] "GET /wp-content/themes/toivo-lite/fonts/genericons/genericons/genericons.min.css?ver=3.3 HTTP/1.1" 200 15959 "https://w1.perfectmarriagerevenge.com/" "Mozilla/5.0 (iPhone; CPU iPhone OS 16_1_2 like Mac OS X) AppleWebKit/605.1.15 (KHTML, like Gecko) Version/16.1 Mobile/15E148 Safari/604.1"
199.119.235.250 - - [08/Jun/2025:13:51:25 -0400] "GET /wp-content/themes/toivo-lite/js/responsive-nav.min.js?ver=1.2.0 HTTP/1.1" 200 2102 "https://w1.perfectmarriagerevenge.com/" "Mozilla/5.0 (iPhone; CPU iPhone OS 16_1_2 like Mac OS X) AppleWebKit/605.1.15 (KHTML, like Gecko) Version/16.1 Mobile/15E148 Safari/604.1"
199.119.235.250 - - [08/Jun/2025:13:51:25 -0400] "GET /wp-content/plugins/simple-social-buttons/assets/js/front.js?ver=5.3.1 HTTP/1.1" 200 1932 "https://w1.perfectmarriagerevenge.com/" "Mozilla/5.0 (iPhone; CPU iPhone OS 16_1_2 like Mac OS X) AppleWebKit/605.1.15 (KHTML, like Gecko) Version/16.1 Mobile/15E148 Safari/604.1"
199.119.235.250 - - [08/Jun/2025:13:51:25 -0400] "GET /wp-content/plugins/comic-easel/js/keynav.js HTTP/1.1" 200 302 "https://w1.perfectmarriagerevenge.com/" "Mozilla/5.0 (iPhone; CPU iPhone OS 16_1_2 like Mac OS X) AppleWebKit/605.1.15 (KHTML, like Gecko) Version/16.1 Mobile/15E148 Safari/604.1"
199.119.235.250 - - [08/Jun/2025:13:51:25 -0400] "GET /wp-includes/js/jquery/jquery-migrate.min.js?ver=3.4.1 HTTP/1.1" 200 4678 "https://w1.perfectmarriagerevenge.com/" "Mozilla/5.0 (iPhone; CPU iPhone OS 16_1_2 like Mac OS X) AppleWebKit/605.1.15 (KHTML, like Gecko) Version/16.1 Mobile/15E148 Safari/604.1"
199.119.235.250 - - [08/Jun/2025:13:51:25 -0400] "GET /wp-content/themes/toivo-lite/js/functions.min.js?ver=1.2.0 HTTP/1.1" 200 593 "https://w1.perfectmarriagerevenge.com/" "Mozilla/5.0 (iPhone; CPU iPhone OS 16_1_2 like Mac OS X) AppleWebKit/605.1.15 (KHTML, like Gecko) Version/16.1 Mobile/15E148 Safari/604.1"
199.119.235.250 - - [08/Jun/2025:13:51:25 -0400] "GET /wp-content/plugins/comic-easel/css/comiceasel.css?ver=6.6.2 HTTP/1.1" 200 1273 "https://w1.perfectmarriagerevenge.com/" "Mozilla/5.0 (iPhone; CPU iPhone OS 16_1_2 like Mac OS X) AppleWebKit/605.1.15 (KHTML, like Gecko) Version/16.1 Mobile/15E148 Safari/604.1"
199.119.235.250 - - [08/Jun/2025:13:51:25 -0400] "GET /wp-includes/css/dist/block-library/style.min.css?ver=6.6.2 HTTP/1.1" 200 13903 "https://w1.perfectmarriagerevenge.com/" "Mozilla/5.0 (iPhone; CPU iPhone OS 16_1_2 like Mac OS X) AppleWebKit/605.1.15 (KHTML, like Gecko) Version/16.1 Mobile/15E148 Safari/604.1"
199.119.235.250 - - [08/Jun/2025:13:51:25 -0400] "GET /wp-includes/js/jquery/jquery.min.js?ver=3.7.1 HTTP/1.1" 200 29744 "https://w1.perfectmarriagerevenge.com/" "Mozilla/5.0 (iPhone; CPU iPhone OS 16_1_2 like Mac OS X) AppleWebKit/605.1.15 (KHTML, like Gecko) Version/16.1 Mobile/15E148 Safari/604.1"
199.119.235.250 - - [08/Jun/2025:13:51:25 -0400] "GET /wp-content/plugins/simple-social-buttons/assets/css/front.css?ver=5.3.1 HTTP/1.1" 200 10295 "https://w1.perfectmarriagerevenge.com/" "Mozilla/5.0 (iPhone; CPU iPhone OS 16_1_2 like Mac OS X) AppleWebKit/605.1.15 (KHTML, like Gecko) Version/16.1 Mobile/15E148 Safari/604.1"
199.119.235.250 - - [08/Jun/2025:13:51:25 -0400] "GET /wp-content/plugins/widgets-on-pages/public/css/widgets-on-pages-public.css?ver=1.4.0 HTTP/1.1" 200 83 "https://w1.perfectmarriagerevenge.com/" "Mozilla/5.0 (iPhone; CPU iPhone OS 16_1_2 like Mac OS X) AppleWebKit/605.1.15 (KHTML, like Gecko) Version/16.1 Mobile/15E148 Safari/604.1"
199.119.235.250 - - [08/Jun/2025:13:51:25 -0400] "GET /wp-content/themes/toivo-lite/style.css?ver=1.2.0 HTTP/1.1" 200 13718 "https://w1.perfectmarriagerevenge.com/" "Mozilla/5.0 (iPhone; CPU iPhone OS 16_1_2 like Mac OS X) AppleWebKit/605.1.15 (KHTML, like Gecko) Version/16.1 Mobile/15E148 Safari/604.1"
199.119.235.250 - - [08/Jun/2025:13:51:25 -0400] "GET /wp-content/uploads/2023/11/cropped-c6bc7d0bee2ae2a165c37049a174150d.jpg HTTP/1.1" 200 112475 "https://w1.perfectmarriagerevenge.com/" "Mozilla/5.0 (iPhone; CPU iPhone OS 16_1_2 like Mac OS X) AppleWebKit/605.1.15 (KHTML, like Gecko) Version/16.1 Mobile/15E148 Safari/604.1"
2a09:bac5:d45b:16dc::247:9c - - [08/Jun/2025:13:51:26 -0400] "GET / HTTP/1.1" 200 10450 "https://duckduckgo.com/" "Mozilla/5.0 (Android 14; Mobile; rv:139.0) Gecko/139.0 Firefox/139.0"
199.119.235.250 - - [08/Jun/2025:13:51:26 -0400] "GET /wp-content/uploads/2023/11/0M_details.jpg HTTP/1.1" 200 67440 "https://w1.perfectmarriagerevenge.com/" "Mozilla/5.0 (iPhone; CPU iPhone OS 16_1_2 like Mac OS X) AppleWebKit/605.1.15 (KHTML, like Gecko) Version/16.1 Mobile/15E148 Safari/604.1"
199.119.235.250 - - [08/Jun/2025:13:51:26 -0400] "GET /wp-content/themes/toivo-lite/fonts/genericons/genericons/Genericons.svg HTTP/1.1" 200 23714 "https://w1.perfectmarriagerevenge.com/" "Mozilla/5.0 (iPhone; CPU iPhone OS 16_1_2 like Mac OS X) AppleWebKit/605.1.15 (KHTML, like Gecko) Version/16.1 Mobile/15E148 Safari/604.1"
2a09:bac5:d45b:16dc::247:9c - - [08/Jun/2025:13:51:27 -0400] "GET /wp-content/themes/toivo-lite/fonts/genericons/genericons/Genericons.eot HTTP/1.1" 200 22760 "https://w1.perfectmarriagerevenge.com/wp-content/themes/toivo-lite/fonts/genericons/genericons/genericons.min.css?ver=3.3" "Mozilla/5.0 (Android 14; Mobile; rv:139.0) Gecko/139.0 Firefox/139.0"
2a09:bac5:d45b:16dc::247:9c - - [08/Jun/2025:13:51:28 -0400] "GET /wp-content/uploads/2023/11/cropped-1e07817506d74588354499efe0aa34cc-180x180.jpg HTTP/1.1" 200 7033 "-" "Mozilla/5.0 (Android 14; Mobile; rv:139.0) Gecko/139.0 Firefox/139.0"
199.119.235.250 - - [08/Jun/2025:13:51:28 -0400] "GET /wp-content/uploads/2023/11/cropped-1e07817506d74588354499efe0aa34cc-192x192.jpg HTTP/1.1" 200 7504 "https://w1.perfectmarriagerevenge.com/" "Mozilla/5.0 (iPhone; CPU iPhone OS 16_1_2 like Mac OS X) AppleWebKit/605.1.15 (KHTML, like Gecko) Version/16.1 Mobile/15E148 Safari/604.1"
199.119.235.250 - - [08/Jun/2025:13:51:28 -0400] "GET /wp-content/uploads/2023/11/cropped-1e07817506d74588354499efe0aa34cc-32x32.jpg HTTP/1.1" 200 1060 "https://w1.perfectmarriagerevenge.com/" "Mozilla/5.0 (iPhone; CPU iPhone OS 16_1_2 like Mac OS X) AppleWebKit/605.1.15 (KHTML, like Gecko) Version/16.1 Mobile/15E148 Safari/604.1"
2a09:bac5:d45b:16dc::247:9c - - [08/Jun/2025:13:51:44 -0400] "GET /manga/perfect-marriage-revenge-chapter-125/ HTTP/1.1" 200 11336 "https://w1.perfectmarriagerevenge.com/" "Mozilla/5.0 (Android 14; Mobile; rv:139.0) Gecko/139.0 Firefox/139.0"
2a09:bac5:d45b:16dc::247:9c - - [08/Jun/2025:13:51:45 -0400] "GET /wp-content/plugins/simple-social-buttons/assets/fonts/ssb-icon.ttf?eahqa2 HTTP/1.1" 200 6624 "https://w1.perfectmarriagerevenge.com/wp-content/plugins/simple-social-buttons/assets/css/front.css?ver=5.3.1" "Mozilla/5.0 (Android 14; Mobile; rv:139.0) Gecko/139.0 Firefox/139.0"
199.119.235.250 - - [08/Jun/2025:13:51:59 -0400] "GET / HTTP/1.1" 200 10450 "-" "Mozilla/5.0 (iPhone; CPU iPhone OS 16_1_2 like Mac OS X) AppleWebKit/605.1.15 (KHTML, like Gecko) Version/16.1 Mobile/15E148 Safari/604.1"
162.0.232.193 - - [08/Jun/2025:13:56:53 -0400] "POST /wp-cron.php?doing_wp_cron=1749405413.1715459823608398437500 HTTP/1.1" 200 0 "-" "WordPress/6.6.2; https://w1.perfectmarriagerevenge.com"
43.153.48.240 - - [08/Jun/2025:13:56:49 -0400] "GET /wp-json/oembed/1.0/embed?url=https%3A%2F%2Fw1.perfectmarriagerevenge.com%2Fmanga%2Fperfect-marriage-revenge-chapter-87%2F HTTP/1.1" 200 2655 "-" "Mozilla/5.0 (iPhone; CPU iPhone OS 13_2_3 like Mac OS X) AppleWebKit/605.1.15 (KHTML, like Gecko) Version/13.0.3 Mobile/15E148 Safari/604.1"
162.0.232.193 - - [08/Jun/2025:13:57:42 -0400] "POST /wp-cron.php?doing_wp_cron=1749405462.7321751117706298828125 HTTP/1.1" 200 0 "-" "WordPress/6.6.2; https://w1.perfectmarriagerevenge.com"
158.69.248.44 - - [08/Jun/2025:13:57:42 -0400] "POST /xmlrpc.php HTTP/1.1" 200 205 "-" "Mozilla/5.0 (X11; Ubuntu; Linux x86_64; rv:85.0) Gecko/20100101 Firefox/91.0"
162.0.232.193 - - [08/Jun/2025:14:01:31 -0400] "POST /wp-cron.php?doing_wp_cron=1749405691.5489931106567382812500 HTTP/1.1" 200 0 "-" "WordPress/6.6.2; https://w1.perfectmarriagerevenge.com"
18.213.102.186 - - [08/Jun/2025:14:01:28 -0400] "GET /category/perfect-marriage-revenge/page/12/ HTTP/1.1" 200 27400 "-" "Mozilla/5.0 AppleWebKit/537.36 (KHTML, like Gecko; compatible; Amazonbot/0.1; +https://developer.amazon.com/support/amazonbot) Chrome/119.0.6045.214 Safari/537.36"
162.0.232.193 - - [08/Jun/2025:14:07:39 -0400] "POST /wp-cron.php?doing_wp_cron=1749406059.7404940128326416015625 HTTP/1.1" 200 0 "-" "WordPress/6.6.2; https://w1.perfectmarriagerevenge.com"
43.165.65.75 - - [08/Jun/2025:14:07:37 -0400] "GET /manga/perfect-marriage-revenge-chapter-87/feed/ HTTP/1.1" 200 428 "-" "Mozilla/5.0 (iPhone; CPU iPhone OS 13_2_3 like Mac OS X) AppleWebKit/605.1.15 (KHTML, like Gecko) Version/13.0.3 Mobile/15E148 Safari/604.1"
2a03:2880:2ff:74:: - - [08/Jun/2025:14:14:14 -0400] "GET / HTTP/1.1" 200 10467 "-" "meta-externalagent/1.1 (+https://developers.facebook.com/docs/sharing/webmasters/crawler)"
162.0.232.193 - - [08/Jun/2025:14:16:35 -0400] "POST /wp-cron.php?doing_wp_cron=1749406595.2490420341491699218750 HTTP/1.1" 200 0 "-" "WordPress/6.6.2; https://w1.perfectmarriagerevenge.com"
43.153.48.240 - - [08/Jun/2025:14:16:33 -0400] "GET /perfect-marriage-revenge-chapter-87/ HTTP/1.1" 301 0 "https://perfectmarriagerevenge.com/perfect-marriage-revenge-chapter-87/" "Mozilla/5.0 (iPhone; CPU iPhone OS 13_2_3 like Mac OS X) AppleWebKit/605.1.15 (KHTML, like Gecko) Version/13.0.3 Mobile/15E148 Safari/604.1"
43.153.48.240 - - [08/Jun/2025:14:16:43 -0400] "GET / HTTP/1.1" 200 10450 "https://perfectmarriagerevenge.com/" "Mozilla/5.0 (iPhone; CPU iPhone OS 13_2_3 like Mac OS X) AppleWebKit/605.1.15 (KHTML, like Gecko) Version/13.0.3 Mobile/15E148 Safari/604.1"
162.0.232.193 - - [08/Jun/2025:14:16:54 -0400] "POST /wp-cron.php?doing_wp_cron=1749406614.0520670413970947265625 HTTP/1.1" 200 0 "-" "WordPress/6.6.2; https://w1.perfectmarriagerevenge.com"
66.249.66.161 - - [08/Jun/2025:14:16:53 -0400] "GET /perfect-marriage-revenge-chapter-3/ HTTP/1.1" 301 0 "-" "Mozilla/5.0 (Linux; Android 6.0.1; Nexus 5X Build/MMB29P) AppleWebKit/537.36 (KHTML, like Gecko) Chrome/136.0.7103.113 Mobile Safari/537.36 (compatible; Googlebot/2.1; +http://www.google.com/bot.html)"
162.0.232.193 - - [08/Jun/2025:14:23:20 -0400] "POST /wp-cron.php?doing_wp_cron=1749407000.7555310726165771484375 HTTP/1.1" 200 0 "-" "WordPress/6.6.2; https://w1.perfectmarriagerevenge.com"
66.249.66.161 - - [08/Jun/2025:14:23:19 -0400] "GET /perfect-marriage-revenge-chapter-4/ HTTP/1.1" 301 0 "-" "Mozilla/5.0 (Linux; Android 6.0.1; Nexus 5X Build/MMB29P) AppleWebKit/537.36 (KHTML, like Gecko) Chrome/136.0.7103.113 Mobile Safari/537.36 (compatible; Googlebot/2.1; +http://www.google.com/bot.html)"
43.130.53.252 - - [08/Jun/2025:14:27:43 -0400] "GET /manga/perfect-marriage-revenge-chapter-87/ HTTP/1.1" 200 13352 "-" "Mozilla/5.0 (iPhone; CPU iPhone OS 13_2_3 like Mac OS X) AppleWebKit/605.1.15 (KHTML, like Gecko) Version/13.0.3 Mobile/15E148 Safari/604.1"
66.249.66.162 - - [08/Jun/2025:14:28:21 -0400] "GET /tag/read-perfect-marriage-revenge/ HTTP/1.1" 301 0 "-" "Mozilla/5.0 (Linux; Android 6.0.1; Nexus 5X Build/MMB29P) AppleWebKit/537.36 (KHTML, like Gecko) Chrome/136.0.7103.113 Mobile Safari/537.36 (compatible; Googlebot/2.1; +http://www.google.com/bot.html)"
15.204.43.172 - - [08/Jun/2025:14:35:47 -0400] "GET / HTTP/1.1" 200 10467 "https://perfectmarriagerevenge.com/" "Mozilla/5.0 (Macintosh; Intel Mac OS X 13.3; rv:126.0) Gecko/20100101 Firefox/126.0"
162.0.232.193 - - [08/Jun/2025:14:35:50 -0400] "POST /wp-cron.php?doing_wp_cron=1749407749.8540689945220947265625 HTTP/1.1" 200 0 "-" "WordPress/6.6.2; https://w1.perfectmarriagerevenge.com"
15.204.43.172 - - [08/Jun/2025:14:35:47 -0400] "GET /index.php?author=1 HTTP/1.1" 301 0 "https://w1.perfectmarriagerevenge.com" "Mozilla/5.0 (Macintosh; Intel Mac OS X 13.3; rv:126.0) Gecko/20100101 Firefox/126.0"
15.204.43.172 - - [08/Jun/2025:14:35:50 -0400] "GET /author/admin/ HTTP/1.1" 200 24107 "https://w1.perfectmarriagerevenge.com" "Mozilla/5.0 (Macintosh; Intel Mac OS X 13.3; rv:126.0) Gecko/20100101 Firefox/126.0"
15.204.43.172 - - [08/Jun/2025:14:35:50 -0400] "GET /index.php?author=2 HTTP/1.1" 301 0 "https://w1.perfectmarriagerevenge.com" "Mozilla/5.0 (Windows NT 11.0; Win64; x64) AppleWebKit/537.36 (KHTML, like Gecko) Chrome/126.0.0.0 Safari/537.36"
15.204.43.172 - - [08/Jun/2025:14:35:51 -0400] "GET / HTTP/1.1" 200 10467 "https://w1.perfectmarriagerevenge.com" "Mozilla/5.0 (Windows NT 11.0; Win64; x64) AppleWebKit/537.36 (KHTML, like Gecko) Chrome/126.0.0.0 Safari/537.36"
15.204.43.172 - - [08/Jun/2025:14:35:51 -0400] "GET /index.php?author=3 HTTP/1.1" 301 0 "https://w1.perfectmarriagerevenge.com" "Mozilla/5.0 (Macintosh; Intel Mac OS X 10_15_7) AppleWebKit/537.36 (KHTML, like Gecko) Chrome/113.0.5672.93 Safari/537.36"
15.204.43.172 - - [08/Jun/2025:14:35:52 -0400] "GET / HTTP/1.1" 200 10467 "https://w1.perfectmarriagerevenge.com" "Mozilla/5.0 (Macintosh; Intel Mac OS X 10_15_7) AppleWebKit/537.36 (KHTML, like Gecko) Chrome/113.0.5672.93 Safari/537.36"
2405:201:6029:3020:fc08:699:6f38:39de - - [08/Jun/2025:14:37:36 -0400] "GET / HTTP/1.1" 200 10450 "-" "Mozilla/5.0 (Linux; Android 12; M2102J20SI Build/SKQ1.211006.001; wv) AppleWebKit/537.36 (KHTML, like Gecko) Version/4.0 Chrome/136.0.7103.125 Mobile Safari/537.36"
2405:201:6029:3020:fc08:699:6f38:39de - - [08/Jun/2025:14:37:37 -0400] "GET /wp-includes/js/jquery/jquery-migrate.min.js?ver=3.4.1 HTTP/1.1" 200 4678 "https://w1.perfectmarriagerevenge.com/" "Mozilla/5.0 (Linux; Android 12; M2102J20SI Build/SKQ1.211006.001; wv) AppleWebKit/537.36 (KHTML, like Gecko) Version/4.0 Chrome/136.0.7103.125 Mobile Safari/537.36"
2405:201:6029:3020:fc08:699:6f38:39de - - [08/Jun/2025:14:37:37 -0400] "GET /wp-content/themes/toivo-lite/style.css?ver=1.2.0 HTTP/1.1" 200 13718 "https://w1.perfectmarriagerevenge.com/" "Mozilla/5.0 (Linux; Android 12; M2102J20SI Build/SKQ1.211006.001; wv) AppleWebKit/537.36 (KHTML, like Gecko) Version/4.0 Chrome/136.0.7103.125 Mobile Safari/537.36"
2405:201:6029:3020:fc08:699:6f38:39de - - [08/Jun/2025:14:37:37 -0400] "GET /wp-content/plugins/simple-social-buttons/assets/css/front.css?ver=5.3.1 HTTP/1.1" 200 10295 "https://w1.perfectmarriagerevenge.com/" "Mozilla/5.0 (Linux; Android 12; M2102J20SI Build/SKQ1.211006.001; wv) AppleWebKit/537.36 (KHTML, like Gecko) Version/4.0 Chrome/136.0.7103.125 Mobile Safari/537.36"
2405:201:6029:3020:fc08:699:6f38:39de - - [08/Jun/2025:14:37:37 -0400] "GET /wp-content/themes/toivo-lite/fonts/genericons/genericons/genericons.min.css?ver=3.3 HTTP/1.1" 200 15959 "https://w1.perfectmarriagerevenge.com/" "Mozilla/5.0 (Linux; Android 12; M2102J20SI Build/SKQ1.211006.001; wv) AppleWebKit/537.36 (KHTML, like Gecko) Version/4.0 Chrome/136.0.7103.125 Mobile Safari/537.36"
2405:201:6029:3020:fc08:699:6f38:39de - - [08/Jun/2025:14:37:37 -0400] "GET /wp-content/plugins/comic-easel/css/comiceasel.css?ver=6.6.2 HTTP/1.1" 200 1273 "https://w1.perfectmarriagerevenge.com/" "Mozilla/5.0 (Linux; Android 12; M2102J20SI Build/SKQ1.211006.001; wv) AppleWebKit/537.36 (KHTML, like Gecko) Version/4.0 Chrome/136.0.7103.125 Mobile Safari/537.36"
2405:201:6029:3020:fc08:699:6f38:39de - - [08/Jun/2025:14:37:37 -0400] "GET /wp-content/plugins/simple-social-buttons/assets/js/front.js?ver=5.3.1 HTTP/1.1" 200 1932 "https://w1.perfectmarriagerevenge.com/" "Mozilla/5.0 (Linux; Android 12; M2102J20SI Build/SKQ1.211006.001; wv) AppleWebKit/537.36 (KHTML, like Gecko) Version/4.0 Chrome/136.0.7103.125 Mobile Safari/537.36"
2405:201:6029:3020:fc08:699:6f38:39de - - [08/Jun/2025:14:37:37 -0400] "GET /wp-content/plugins/simple-social-buttons/assets/js/frontend-blocks.js?ver=5.3.1 HTTP/1.1" 200 0 "https://w1.perfectmarriagerevenge.com/" "Mozilla/5.0 (Linux; Android 12; M2102J20SI Build/SKQ1.211006.001; wv) AppleWebKit/537.36 (KHTML, like Gecko) Version/4.0 Chrome/136.0.7103.125 Mobile Safari/537.36"
2405:201:6029:3020:fc08:699:6f38:39de - - [08/Jun/2025:14:37:37 -0400] "GET /wp-includes/css/dist/block-library/style.min.css?ver=6.6.2 HTTP/1.1" 200 13903 "https://w1.perfectmarriagerevenge.com/" "Mozilla/5.0 (Linux; Android 12; M2102J20SI Build/SKQ1.211006.001; wv) AppleWebKit/537.36 (KHTML, like Gecko) Version/4.0 Chrome/136.0.7103.125 Mobile Safari/537.36"
2405:201:6029:3020:fc08:699:6f38:39de - - [08/Jun/2025:14:37:37 -0400] "GET /wp-content/plugins/widgets-on-pages/public/css/widgets-on-pages-public.css?ver=1.4.0 HTTP/1.1" 200 83 "https://w1.perfectmarriagerevenge.com/" "Mozilla/5.0 (Linux; Android 12; M2102J20SI Build/SKQ1.211006.001; wv) AppleWebKit/537.36 (KHTML, like Gecko) Version/4.0 Chrome/136.0.7103.125 Mobile Safari/537.36"
2405:201:6029:3020:fc08:699:6f38:39de - - [08/Jun/2025:14:37:37 -0400] "GET /wp-includes/js/jquery/jquery.min.js?ver=3.7.1 HTTP/1.1" 200 29744 "https://w1.perfectmarriagerevenge.com/" "Mozilla/5.0 (Linux; Android 12; M2102J20SI Build/SKQ1.211006.001; wv) AppleWebKit/537.36 (KHTML, like Gecko) Version/4.0 Chrome/136.0.7103.125 Mobile Safari/537.36"
2405:201:6029:3020:fc08:699:6f38:39de - - [08/Jun/2025:14:37:37 -0400] "GET /wp-content/plugins/comic-easel/js/keynav.js HTTP/1.1" 200 302 "https://w1.perfectmarriagerevenge.com/" "Mozilla/5.0 (Linux; Android 12; M2102J20SI Build/SKQ1.211006.001; wv) AppleWebKit/537.36 (KHTML, like Gecko) Version/4.0 Chrome/136.0.7103.125 Mobile Safari/537.36"
2405:201:6029:3020:fc08:699:6f38:39de - - [08/Jun/2025:14:37:37 -0400] "GET /wp-content/themes/toivo-lite/js/responsive-nav.min.js?ver=1.2.0 HTTP/1.1" 200 2102 "https://w1.perfectmarriagerevenge.com/" "Mozilla/5.0 (Linux; Android 12; M2102J20SI Build/SKQ1.211006.001; wv) AppleWebKit/537.36 (KHTML, like Gecko) Version/4.0 Chrome/136.0.7103.125 Mobile Safari/537.36"
2405:201:6029:3020:fc08:699:6f38:39de - - [08/Jun/2025:14:37:37 -0400] "GET /wp-content/uploads/2023/11/cropped-c6bc7d0bee2ae2a165c37049a174150d.jpg HTTP/1.1" 200 112475 "https://w1.perfectmarriagerevenge.com/" "Mozilla/5.0 (Linux; Android 12; M2102J20SI Build/SKQ1.211006.001; wv) AppleWebKit/537.36 (KHTML, like Gecko) Version/4.0 Chrome/136.0.7103.125 Mobile Safari/537.36"
2405:201:6029:3020:fc08:699:6f38:39de - - [08/Jun/2025:14:37:38 -0400] "GET /wp-content/themes/toivo-lite/js/settings.min.js?ver=1.2.0 HTTP/1.1" 200 307 "https://w1.perfectmarriagerevenge.com/" "Mozilla/5.0 (Linux; Android 12; M2102J20SI Build/SKQ1.211006.001; wv) AppleWebKit/537.36 (KHTML, like Gecko) Version/4.0 Chrome/136.0.7103.125 Mobile Safari/537.36"
2405:201:6029:3020:fc08:699:6f38:39de - - [08/Jun/2025:14:37:38 -0400] "GET /wp-content/themes/toivo-lite/js/functions.min.js?ver=1.2.0 HTTP/1.1" 200 593 "https://w1.perfectmarriagerevenge.com/" "Mozilla/5.0 (Linux; Android 12; M2102J20SI Build/SKQ1.211006.001; wv) AppleWebKit/537.36 (KHTML, like Gecko) Version/4.0 Chrome/136.0.7103.125 Mobile Safari/537.36"
2405:201:6029:3020:fc08:699:6f38:39de - - [08/Jun/2025:14:37:40 -0400] "GET /wp-content/uploads/2023/11/cropped-1e07817506d74588354499efe0aa34cc-192x192.jpg HTTP/1.1" 200 7504 "https://w1.perfectmarriagerevenge.com/" "Mozilla/5.0 (Linux; Android 12; M2102J20SI Build/SKQ1.211006.001; wv) AppleWebKit/537.36 (KHTML, like Gecko) Version/4.0 Chrome/136.0.7103.125 Mobile Safari/537.36"
2405:201:6029:3020:fc08:699:6f38:39de - - [08/Jun/2025:14:37:40 -0400] "GET /wp-content/uploads/2023/11/cropped-1e07817506d74588354499efe0aa34cc-32x32.jpg HTTP/1.1" 200 1060 "https://w1.perfectmarriagerevenge.com/" "Mozilla/5.0 (Linux; Android 12; M2102J20SI Build/SKQ1.211006.001; wv) AppleWebKit/537.36 (KHTML, like Gecko) Version/4.0 Chrome/136.0.7103.125 Mobile Safari/537.36"
66.249.66.160 - - [08/Jun/2025:14:43:46 -0400] "GET /manga/perfect-marriage-revenge-chapter-105/ HTTP/1.1" 200 13630 "-" "Mozilla/5.0 (Linux; Android 6.0.1; Nexus 5X Build/MMB29P) AppleWebKit/537.36 (KHTML, like Gecko) Chrome/136.0.7103.113 Mobile Safari/537.36 (compatible; Googlebot/2.1; +http://www.google.com/bot.html)"
162.0.232.193 - - [08/Jun/2025:14:44:33 -0400] "POST /wp-cron.php?doing_wp_cron=1749408273.6976699829101562500000 HTTP/1.1" 200 0 "-" "WordPress/6.6.2; https://w1.perfectmarriagerevenge.com"
66.249.66.161 - - [08/Jun/2025:14:44:30 -0400] "POST /wp-admin/admin-ajax.php HTTP/1.1" 200 69 "https://w1.perfectmarriagerevenge.com/manga/perfect-marriage-revenge-chapter-105/" "Mozilla/5.0 (Linux; Android 6.0.1; Nexus 5X Build/MMB29P) AppleWebKit/537.36 (KHTML, like Gecko) Chrome/136.0.7103.92 Mobile Safari/537.36 (compatible; Googlebot/2.1; +http://www.google.com/bot.html)"
2a03:2880:ff:7:: - - [08/Jun/2025:14:49:49 -0400] "GET /manga/perfect-marriage-revenge-chapter-118/ HTTP/1.1" 200 12369 "-" "meta-externalagent/1.1 (+https://developers.facebook.com/docs/sharing/webmasters/crawler)"
66.249.66.161 - - [08/Jun/2025:14:50:11 -0400] "GET /manga/perfect-marriage-revenge-chapter-58/ HTTP/1.1" 200 11602 "-" "Mozilla/5.0 (Linux; Android 6.0.1; Nexus 5X Build/MMB29P) AppleWebKit/537.36 (KHTML, like Gecko) Chrome/136.0.7103.113 Mobile Safari/537.36 (compatible; Googlebot/2.1; +http://www.google.com/bot.html)"
162.0.232.193 - - [08/Jun/2025:14:50:18 -0400] "POST /wp-cron.php?doing_wp_cron=1749408617.8788020610809326171875 HTTP/1.1" 200 0 "-" "WordPress/6.6.2; https://w1.perfectmarriagerevenge.com"
66.249.66.161 - - [08/Jun/2025:14:50:16 -0400] "POST /wp-admin/admin-ajax.php HTTP/1.1" 200 69 "https://w1.perfectmarriagerevenge.com/manga/perfect-marriage-revenge-chapter-58/" "Mozilla/5.0 (Linux; Android 6.0.1; Nexus 5X Build/MMB29P) AppleWebKit/537.36 (KHTML, like Gecko) Chrome/136.0.7103.92 Mobile Safari/537.36 (compatible; Googlebot/2.1; +http://www.google.com/bot.html)"
162.0.232.193 - - [08/Jun/2025:14:51:58 -0400] "POST /wp-cron.php?doing_wp_cron=1749408718.8744080066680908203125 HTTP/1.1" 200 0 "-" "WordPress/6.6.2; https://w1.perfectmarriagerevenge.com"
45.67.99.41 - - [08/Jun/2025:14:51:57 -0400] "GET /wp-includes/id3/license.txt/feed/ HTTP/1.1" 301 0 "-" "Mozilla/5.0 (Windows NT 10.0; Win64; x64) AppleWebKit/537.36 (KHTML, like Gecko) Chrome/95.0.4638.69 Safari/537.36"
45.67.99.41 - - [08/Jun/2025:14:51:59 -0400] "GET /wp-includes/id3/license.txt/xmlrpc.php?rsd HTTP/1.1" 301 0 "-" "Mozilla/5.0 (Windows NT 10.0; Win64; x64) AppleWebKit/537.36 (KHTML, like Gecko) Chrome/95.0.4638.69 Safari/537.36"
45.67.99.41 - - [08/Jun/2025:14:52:01 -0400] "GET /wp-includes/id3/license.txt/blog/wp-includes/wlwmanifest.xml HTTP/1.1" 301 0 "-" "Mozilla/5.0 (Windows NT 10.0; Win64; x64) AppleWebKit/537.36 (KHTML, like Gecko) Chrome/95.0.4638.69 Safari/537.36"
45.67.99.41 - - [08/Jun/2025:14:52:02 -0400] "GET /wp-includes/id3/license.txt/web/wp-includes/wlwmanifest.xml HTTP/1.1" 301 0 "-" "Mozilla/5.0 (Windows NT 10.0; Win64; x64) AppleWebKit/537.36 (KHTML, like Gecko) Chrome/95.0.4638.69 Safari/537.36"
45.67.99.41 - - [08/Jun/2025:14:52:03 -0400] "GET /wp-includes/id3/license.txt/wordpress/wp-includes/wlwmanifest.xml HTTP/1.1" 301 0 "-" "Mozilla/5.0 (Windows NT 10.0; Win64; x64) AppleWebKit/537.36 (KHTML, like Gecko) Chrome/95.0.4638.69 Safari/537.36"
45.67.99.41 - - [08/Jun/2025:14:52:04 -0400] "GET /wp-includes/id3/license.txt/wp/wp-includes/wlwmanifest.xml HTTP/1.1" 301 0 "-" "Mozilla/5.0 (Windows NT 10.0; Win64; x64) AppleWebKit/537.36 (KHTML, like Gecko) Chrome/95.0.4638.69 Safari/537.36"
45.67.99.41 - - [08/Jun/2025:14:52:04 -0400] "GET /wp-includes/id3/license.txt/2020/wp-includes/wlwmanifest.xml HTTP/1.1" 301 0 "-" "Mozilla/5.0 (Windows NT 10.0; Win64; x64) AppleWebKit/537.36 (KHTML, like Gecko) Chrome/95.0.4638.69 Safari/537.36"
45.67.99.41 - - [08/Jun/2025:14:52:06 -0400] "GET /wp-includes/id3/license.txt/2019/wp-includes/wlwmanifest.xml HTTP/1.1" 301 0 "-" "Mozilla/5.0 (Windows NT 10.0; Win64; x64) AppleWebKit/537.36 (KHTML, like Gecko) Chrome/95.0.4638.69 Safari/537.36"
45.67.99.41 - - [08/Jun/2025:14:52:06 -0400] "GET /wp-includes/id3/license.txt/2021/wp-includes/wlwmanifest.xml HTTP/1.1" 301 0 "-" "Mozilla/5.0 (Windows NT 10.0; Win64; x64) AppleWebKit/537.36 (KHTML, like Gecko) Chrome/95.0.4638.69 Safari/537.36"
45.67.99.41 - - [08/Jun/2025:14:52:07 -0400] "GET /wp-includes/id3/license.txt/shop/wp-includes/wlwmanifest.xml HTTP/1.1" 301 0 "-" "Mozilla/5.0 (Windows NT 10.0; Win64; x64) AppleWebKit/537.36 (KHTML, like Gecko) Chrome/95.0.4638.69 Safari/537.36"
45.67.99.41 - - [08/Jun/2025:14:52:08 -0400] "GET /wp-includes/id3/license.txt/wp1/wp-includes/wlwmanifest.xml HTTP/1.1" 301 0 "-" "Mozilla/5.0 (Windows NT 10.0; Win64; x64) AppleWebKit/537.36 (KHTML, like Gecko) Chrome/95.0.4638.69 Safari/537.36"
45.67.99.41 - - [08/Jun/2025:14:52:08 -0400] "GET /wp-includes/id3/license.txt/test/wp-includes/wlwmanifest.xml HTTP/1.1" 301 0 "-" "Mozilla/5.0 (Windows NT 10.0; Win64; x64) AppleWebKit/537.36 (KHTML, like Gecko) Chrome/95.0.4638.69 Safari/537.36"
45.67.99.41 - - [08/Jun/2025:14:52:09 -0400] "GET /wp-includes/id3/license.txt/site/wp-includes/wlwmanifest.xml HTTP/1.1" 301 0 "-" "Mozilla/5.0 (Windows NT 10.0; Win64; x64) AppleWebKit/537.36 (KHTML, like Gecko) Chrome/95.0.4638.69 Safari/537.36"
45.67.99.41 - - [08/Jun/2025:14:52:09 -0400] "GET /wp-includes/id3/license.txt/cms/wp-includes/wlwmanifest.xml HTTP/1.1" 301 0 "-" "Mozilla/5.0 (Windows NT 10.0; Win64; x64) AppleWebKit/537.36 (KHTML, like Gecko) Chrome/95.0.4638.69 Safari/537.36"
162.0.232.193 - - [08/Jun/2025:14:58:33 -0400] "POST /wp-cron.php?doing_wp_cron=1749409113.3535819053649902343750 HTTP/1.1" 200 0 "-" "WordPress/6.6.2; https://w1.perfectmarriagerevenge.com"
52.167.144.198 - - [08/Jun/2025:14:58:31 -0400] "GET /?s=2024 HTTP/1.1" 200 9281 "-" "Mozilla/5.0 AppleWebKit/537.36 (KHTML, like Gecko; compatible; bingbot/2.0; +http://www.bing.com/bingbot.htm) Chrome/116.0.1938.76 Safari/537.36"
162.0.232.193 - - [08/Jun/2025:15:00:59 -0400] "POST /wp-cron.php?doing_wp_cron=1749409259.3296699523925781250000 HTTP/1.1" 200 0 "-" "WordPress/6.6.2; https://w1.perfectmarriagerevenge.com"
23.23.212.212 - - [08/Jun/2025:15:00:57 -0400] "GET /category/read-perfect-marriage-revenge/page/11/ HTTP/1.1" 200 23447 "-" "Mozilla/5.0 AppleWebKit/537.36 (KHTML, like Gecko; compatible; Amazonbot/0.1; +https://developer.amazon.com/support/amazonbot) Chrome/119.0.6045.214 Safari/537.36"
162.0.232.193 - - [08/Jun/2025:15:00:59 -0400] "GET / HTTP/1.1" 200 10446 "-" "WP Rocket/Preload"
162.0.232.193 - - [08/Jun/2025:15:01:00 -0400] "GET / HTTP/1.1" 200 10450 "-" "WP Rocket/Preload Mozilla/5.0 (iPhone; CPU iPhone OS 9_1 like Mac OS X) AppleWebKit/601.1.46 (KHTML, like Gecko) Version/9.0 Mobile/13B143 Safari/601.1"
162.0.232.193 - - [08/Jun/2025:15:06:28 -0400] "POST /wp-cron.php?doing_wp_cron=1749409588.1894860267639160156250 HTTP/1.1" 200 0 "-" "WordPress/6.6.2; https://w1.perfectmarriagerevenge.com"
216.73.216.122 - - [08/Jun/2025:15:06:26 -0400] "GET /category/perfect-marriage-revenge-webtoon/page/8 HTTP/1.1" 301 0 "-" "Mozilla/5.0 AppleWebKit/537.36 (KHTML, like Gecko; compatible; ClaudeBot/1.0; [email protected])"
216.73.216.122 - - [08/Jun/2025:15:06:28 -0400] "GET /category/perfect-marriage-revenge-webtoon/page/8/ HTTP/1.1" 200 24031 "https://w1.perfectmarriagerevenge.com/category/perfect-marriage-revenge-webtoon/page/8" "Mozilla/5.0 AppleWebKit/537.36 (KHTML, like Gecko; compatible; ClaudeBot/1.0; [email protected])"
162.0.232.193 - - [08/Jun/2025:15:07:48 -0400] "POST /wp-cron.php?doing_wp_cron=1749409668.0265340805053710937500 HTTP/1.1" 200 0 "-" "WordPress/6.6.2; https://w1.perfectmarriagerevenge.com"
18.217.149.209 - - [08/Jun/2025:15:07:47 -0400] "GET /wp-json/wp/v2/users/1 HTTP/1.1" 200 6568 "-" "Mozilla/5.0 (X11; Ubuntu; Linux i686; rv:28.0) Gecko/20100101 Firefox/28.0"
18.217.149.209 - - [08/Jun/2025:15:08:00 -0400] "GET / HTTP/1.1" 200 10467 "-" "Mozilla/5.0 (X11; Ubuntu; Linux i686; rv:28.0) Gecko/20100101 Firefox/28.0"
66.249.66.160 - - [08/Jun/2025:15:10:40 -0400] "GET /manga/perfect-marriage-revenge-chapter-17/ HTTP/1.1" 200 13456 "-" "Mozilla/5.0 (Linux; Android 6.0.1; Nexus 5X Build/MMB29P) AppleWebKit/537.36 (KHTML, like Gecko) Chrome/136.0.7103.113 Mobile Safari/537.36 (compatible; Googlebot/2.1; +http://www.google.com/bot.html)"
162.0.232.193 - - [08/Jun/2025:15:10:46 -0400] "POST /wp-cron.php?doing_wp_cron=1749409846.5721058845520019531250 HTTP/1.1" 200 0 "-" "WordPress/6.6.2; https://w1.perfectmarriagerevenge.com"
66.249.66.161 - - [08/Jun/2025:15:10:44 -0400] "POST /wp-admin/admin-ajax.php HTTP/1.1" 200 69 "https://w1.perfectmarriagerevenge.com/manga/perfect-marriage-revenge-chapter-17/" "Mozilla/5.0 (Linux; Android 6.0.1; Nexus 5X Build/MMB29P) AppleWebKit/537.36 (KHTML, like Gecko) Chrome/136.0.7103.92 Mobile Safari/537.36 (compatible; Googlebot/2.1; +http://www.google.com/bot.html)"
66.249.66.160 - - [08/Jun/2025:15:12:22 -0400] "GET /manga/perfect-marriage-revenge-chapter-80/ HTTP/1.1" 200 13293 "-" "Mozilla/5.0 (Linux; Android 6.0.1; Nexus 5X Build/MMB29P) AppleWebKit/537.36 (KHTML, like Gecko) Chrome/136.0.7103.113 Mobile Safari/537.36 (compatible; Googlebot/2.1; +http://www.google.com/bot.html)"
162.0.232.193 - - [08/Jun/2025:15:12:26 -0400] "POST /wp-cron.php?doing_wp_cron=1749409946.2280929088592529296875 HTTP/1.1" 200 0 "-" "WordPress/6.6.2; https://w1.perfectmarriagerevenge.com"
66.249.66.162 - - [08/Jun/2025:15:12:24 -0400] "POST /wp-admin/admin-ajax.php HTTP/1.1" 200 69 "https://w1.perfectmarriagerevenge.com/manga/perfect-marriage-revenge-chapter-80/" "Mozilla/5.0 (Linux; Android 6.0.1; Nexus 5X Build/MMB29P) AppleWebKit/537.36 (KHTML, like Gecko) Chrome/136.0.7103.92 Mobile Safari/537.36 (compatible; Googlebot/2.1; +http://www.google.com/bot.html)"
2001:8f8:1737:5336:5577:f921:2d66:af80 - - [08/Jun/2025:15:19:24 -0400] "GET / HTTP/1.1" 200 10467 "https://www.bing.com/" "Mozilla/5.0 (Windows NT 10.0; Win64; x64) AppleWebKit/537.36 (KHTML, like Gecko) Chrome/137.0.0.0 Safari/537.36 Edg/137.0.0.0"
2001:8f8:1737:5336:5577:f921:2d66:af80 - - [08/Jun/2025:15:19:25 -0400] "GET /wp-content/themes/toivo-lite/fonts/genericons/genericons/genericons.min.css?ver=3.3 HTTP/1.1" 200 15959 "https://w1.perfectmarriagerevenge.com/" "Mozilla/5.0 (Windows NT 10.0; Win64; x64) AppleWebKit/537.36 (KHTML, like Gecko) Chrome/137.0.0.0 Safari/537.36 Edg/137.0.0.0"
2001:8f8:1737:5336:5577:f921:2d66:af80 - - [08/Jun/2025:15:19:26 -0400] "GET /manga/perfect-marriage-revenge-chapter-1/ HTTP/1.1" 200 13478 "https://w1.perfectmarriagerevenge.com/" "Mozilla/5.0 (Windows NT 10.0; Win64; x64) AppleWebKit/537.36 (KHTML, like Gecko) Chrome/137.0.0.0 Safari/537.36 Edg/137.0.0.0"
162.0.232.193 - - [08/Jun/2025:15:19:43 -0400] "POST /wp-cron.php?doing_wp_cron=1749410382.9182169437408447265625 HTTP/1.1" 200 0 "-" "WordPress/6.6.2; https://w1.perfectmarriagerevenge.com"
185.191.171.11 - - [08/Jun/2025:15:19:41 -0400] "GET /category/perfect-marriage-revenge/page/13/ HTTP/1.1" 200 18563 "-" "Mozilla/5.0 (compatible; SemrushBot/7~bl; +http://www.semrush.com/bot.html)"
2001:8f8:1737:5336:5577:f921:2d66:af80 - - [08/Jun/2025:15:20:01 -0400] "GET /manga/perfect-marriage-revenge-chapter-25/ HTTP/1.1" 200 12333 "https://w1.perfectmarriagerevenge.com/" "Mozilla/5.0 (Windows NT 10.0; Win64; x64) AppleWebKit/537.36 (KHTML, like Gecko) Chrome/137.0.0.0 Safari/537.36 Edg/137.0.0.0"
2001:8f8:1737:5336:5577:f921:2d66:af80 - - [08/Jun/2025:15:20:01 -0400] "GET /manga/perfect-marriage-revenge-chapter-26/ HTTP/1.1" 200 11598 "https://w1.perfectmarriagerevenge.com/" "Mozilla/5.0 (Windows NT 10.0; Win64; x64) AppleWebKit/537.36 (KHTML, like Gecko) Chrome/137.0.0.0 Safari/537.36 Edg/137.0.0.0"
2001:8f8:1737:5336:5577:f921:2d66:af80 - - [08/Jun/2025:15:20:01 -0400] "GET /manga/perfect-marriage-revenge-chapter-26/ HTTP/1.1" 304 0 "https://w1.perfectmarriagerevenge.com/" "Mozilla/5.0 (Windows NT 10.0; Win64; x64) AppleWebKit/537.36 (KHTML, like Gecko) Chrome/137.0.0.0 Safari/537.36 Edg/137.0.0.0"
2001:8f8:1737:5336:5577:f921:2d66:af80 - - [08/Jun/2025:15:20:05 -0400] "GET /wp-content/plugins/simple-social-buttons/assets/fonts/ssb-icon.ttf?eahqa2 HTTP/1.1" 200 6624 "https://w1.perfectmarriagerevenge.com/wp-content/plugins/simple-social-buttons/assets/css/front.css?ver=5.3.1" "Mozilla/5.0 (Windows NT 10.0; Win64; x64) AppleWebKit/537.36 (KHTML, like Gecko) Chrome/137.0.0.0 Safari/537.36 Edg/137.0.0.0"
162.0.232.193 - - [08/Jun/2025:15:20:05 -0400] "POST /wp-cron.php?doing_wp_cron=1749410405.3072469234466552734375 HTTP/1.1" 200 0 "-" "WordPress/6.6.2; https://w1.perfectmarriagerevenge.com"
2001:8f8:1737:5336:5577:f921:2d66:af80 - - [08/Jun/2025:15:20:04 -0400] "POST /wp-admin/admin-ajax.php HTTP/1.1" 200 69 "https://w1.perfectmarriagerevenge.com/manga/perfect-marriage-revenge-chapter-26/" "Mozilla/5.0 (Windows NT 10.0; Win64; x64) AppleWebKit/537.36 (KHTML, like Gecko) Chrome/137.0.0.0 Safari/537.36 Edg/137.0.0.0"
162.0.232.193 - - [08/Jun/2025:15:20:44 -0400] "POST /wp-cron.php?doing_wp_cron=1749410444.0113849639892578125000 HTTP/1.1" 200 0 "-" "WordPress/6.6.2; https://w1.perfectmarriagerevenge.com"
216.73.216.122 - - [08/Jun/2025:15:20:43 -0400] "GET /sitemap_index.xml HTTP/1.1" 200 348 "-" "Mozilla/5.0 AppleWebKit/537.36 (KHTML, like Gecko; compatible; ClaudeBot/1.0; [email protected])"
2001:8f8:1737:5336:5577:f921:2d66:af80 - - [08/Jun/2025:15:24:42 -0400] "GET /category/perfect-marriage-revenge-manhwa/ HTTP/1.1" 200 24146 "https://w1.perfectmarriagerevenge.com/manga/perfect-marriage-revenge-chapter-26/" "Mozilla/5.0 (Windows NT 10.0; Win64; x64) AppleWebKit/537.36 (KHTML, like Gecko) Chrome/137.0.0.0 Safari/537.36 Edg/137.0.0.0"
66.249.66.163 - - [08/Jun/2025:15:28:22 -0400] "GET /tag/read-perfect-marriage-revenge/ HTTP/1.1" 301 0 "-" "Mozilla/5.0 (Linux; Android 6.0.1; Nexus 5X Build/MMB29P) AppleWebKit/537.36 (KHTML, like Gecko) Chrome/136.0.7103.113 Mobile Safari/537.36 (compatible; Googlebot/2.1; +http://www.google.com/bot.html)"
162.0.232.193 - - [08/Jun/2025:15:43:13 -0400] "POST /wp-cron.php?doing_wp_cron=1749411793.4920279979705810546875 HTTP/1.1" 200 0 "-" "WordPress/6.6.2; https://w1.perfectmarriagerevenge.com"
216.73.216.122 - - [08/Jun/2025:15:43:11 -0400] "GET /category/the-essence-of-a-perfect-marriage/page/5 HTTP/1.1" 301 0 "-" "Mozilla/5.0 AppleWebKit/537.36 (KHTML, like Gecko; compatible; ClaudeBot/1.0; [email protected])"
216.73.216.122 - - [08/Jun/2025:15:43:13 -0400] "GET /category/the-essence-of-a-perfect-marriage/page/5/ HTTP/1.1" 200 30841 "https://w1.perfectmarriagerevenge.com/category/the-essence-of-a-perfect-marriage/page/5" "Mozilla/5.0 AppleWebKit/537.36 (KHTML, like Gecko; compatible; ClaudeBot/1.0; [email protected])"
162.0.232.193 - - [08/Jun/2025:16:06:18 -0400] "POST /wp-cron.php?doing_wp_cron=1749413178.1661610603332519531250 HTTP/1.1" 200 0 "-" "WordPress/6.6.2; https://w1.perfectmarriagerevenge.com"
134.17.14.12 - - [08/Jun/2025:16:06:14 -0400] "GET /style2.php HTTP/1.1" 301 0 "-" "Mozilla/4.0 (compatible; MSIE 6.0; Windows NT 5.1; SV1)"
134.17.14.12 - - [08/Jun/2025:16:06:20 -0400] "GET / HTTP/1.1" 200 10467 "-" "Mozilla/4.0 (compatible; MSIE 6.0; Windows NT 5.1; SV1)"
35.230.59.214 - - [08/Jun/2025:16:06:34 -0400] "GET /media/system/js/core.js HTTP/1.1" 301 0 "https://perfectmarriagerevenge.com/media/system/js/core.js" "Mozilla/5.0 (Macintosh; Intel Mac OS X 10_10_1) AppleWebKit/537.36 (KHTML, like Gecko) Chrome/39.0.2171.95 Safari/537.36"
35.230.59.214 - - [08/Jun/2025:16:06:36 -0400] "GET / HTTP/1.1" 200 10467 "https://perfectmarriagerevenge.com/" "Mozilla/5.0 (Macintosh; Intel Mac OS X 10_10_1) AppleWebKit/537.36 (KHTML, like Gecko) Chrome/39.0.2171.95 Safari/537.36"
35.230.59.214 - - [08/Jun/2025:16:06:38 -0400] "GET /wp-includes/js/jquery/jquery.js HTTP/1.1" 200 81316 "https://perfectmarriagerevenge.com/wp-includes/js/jquery/jquery.js" "Mozilla/5.0 (Macintosh; Intel Mac OS X 10_10_1) AppleWebKit/537.36 (KHTML, like Gecko) Chrome/39.0.2171.95 Safari/537.36"
2a03:2880:13ff:3:: - - [08/Jun/2025:16:09:08 -0400] "GET / HTTP/1.1" 200 10497 "-" "meta-externalagent/1.1 (+https://developers.facebook.com/docs/sharing/webmasters/crawler)"
194.87.252.147 - - [08/Jun/2025:16:15:26 -0400] "GET / HTTP/1.1" 200 10467 "-" "Mozilla/5.0 (X11; Ubuntu; Linux i686 on x86_64; rv:48.0) Gecko/20100101 Firefox/48.0"
194.87.252.147 - - [08/Jun/2025:16:15:48 -0400] "POST /wp-content/plugins/wp-automatic/inc/csv.php HTTP/1.1" 403 1242 "https://w1.perfectmarriagerevenge.com/" "Mozilla/5.0 (X11; Ubuntu; Linux i686 on x86_64; rv:48.0) Gecko/20100101 Firefox/48.0"
194.87.252.147 - - [08/Jun/2025:16:15:49 -0400] "POST /wp-content/plugins/wp-automatic/inc/csv.php196a893b7f57.php HTTP/1.1" 403 1242 "https://w1.perfectmarriagerevenge.com/wp-content/plugins/wp-automatic/inc/csv.php" "Mozilla/5.0 (X11; Ubuntu; Linux i686 on x86_64; rv:48.0) Gecko/20100101 Firefox/48.0"
194.87.252.147 - - [08/Jun/2025:16:15:49 -0400] "POST /wp-content/plugins/wp-automatic/inc/csv.php196a893b7f57.php HTTP/1.1" 403 1242 "https://w1.perfectmarriagerevenge.com/wp-content/plugins/wp-automatic/inc/csv.php196a893b7f57.php" "Mozilla/5.0 (X11; Ubuntu; Linux i686 on x86_64; rv:48.0) Gecko/20100101 Firefox/48.0"
162.0.232.193 - - [08/Jun/2025:16:15:52 -0400] "POST /wp-cron.php?doing_wp_cron=1749413752.7244729995727539062500 HTTP/1.1" 200 0 "-" "WordPress/6.6.2; https://w1.perfectmarriagerevenge.com"
194.87.252.147 - xtw18387f5e4 [08/Jun/2025:16:15:50 -0400] "GET /wp-json/wp/v2/settings HTTP/1.1" 401 98 "https://w1.perfectmarriagerevenge.com/wp-content/plugins/wp-automatic/inc/csv.php196a893b7f57.php" "Mozilla/5.0 (X11; Ubuntu; Linux i686 on x86_64; rv:48.0) Gecko/20100101 Firefox/48.0"
162.0.232.193 - - [08/Jun/2025:16:15:53 -0400] "GET /manga/perfect-marriage-revenge-chapter-102/ HTTP/1.1" 200 13198 "-" "WP Rocket/Preload"
162.0.232.193 - - [08/Jun/2025:16:15:54 -0400] "GET /manga/perfect-marriage-revenge-chapter-102/ HTTP/1.1" 200 13202 "-" "WP Rocket/Preload Mozilla/5.0 (iPhone; CPU iPhone OS 9_1 like Mac OS X) AppleWebKit/601.1.46 (KHTML, like Gecko) Version/9.0 Mobile/13B143 Safari/601.1"
162.0.232.193 - - [08/Jun/2025:16:15:55 -0400] "GET /manga/perfect-marriage-revenge-chapter-94/ HTTP/1.1" 200 13149 "-" "WP Rocket/Preload"
162.0.232.193 - - [08/Jun/2025:16:15:55 -0400] "GET /manga/perfect-marriage-revenge-chapter-94/ HTTP/1.1" 200 13166 "-" "WP Rocket/Preload Mozilla/5.0 (iPhone; CPU iPhone OS 9_1 like Mac OS X) AppleWebKit/601.1.46 (KHTML, like Gecko) Version/9.0 Mobile/13B143 Safari/601.1"
162.0.232.193 - - [08/Jun/2025:16:15:56 -0400] "GET /manga/perfect-marriage-revenge-chapter-93/ HTTP/1.1" 200 12109 "-" "WP Rocket/Preload"
162.0.232.193 - - [08/Jun/2025:16:15:57 -0400] "GET /manga/perfect-marriage-revenge-chapter-93/ HTTP/1.1" 200 12121 "-" "WP Rocket/Preload Mozilla/5.0 (iPhone; CPU iPhone OS 9_1 like Mac OS X) AppleWebKit/601.1.46 (KHTML, like Gecko) Version/9.0 Mobile/13B143 Safari/601.1"
162.0.232.193 - - [08/Jun/2025:16:15:58 -0400] "GET /manga/perfect-marriage-revenge-chapter-83/ HTTP/1.1" 200 13144 "-" "WP Rocket/Preload"
162.0.232.193 - - [08/Jun/2025:16:15:59 -0400] "GET /manga/perfect-marriage-revenge-chapter-83/ HTTP/1.1" 200 13157 "-" "WP Rocket/Preload Mozilla/5.0 (iPhone; CPU iPhone OS 9_1 like Mac OS X) AppleWebKit/601.1.46 (KHTML, like Gecko) Version/9.0 Mobile/13B143 Safari/601.1"
162.0.232.193 - - [08/Jun/2025:16:15:59 -0400] "GET /manga/perfect-marriage-revenge-chapter-82/ HTTP/1.1" 200 13340 "-" "WP Rocket/Preload"
162.0.232.193 - - [08/Jun/2025:16:16:00 -0400] "GET /manga/perfect-marriage-revenge-chapter-82/ HTTP/1.1" 200 13341 "-" "WP Rocket/Preload Mozilla/5.0 (iPhone; CPU iPhone OS 9_1 like Mac OS X) AppleWebKit/601.1.46 (KHTML, like Gecko) Version/9.0 Mobile/13B143 Safari/601.1"
157.55.39.204 - - [08/Jun/2025:16:25:10 -0400] "GET /manga/perfect-marriage-revenge-chapter-16/ HTTP/1.1" 200 13836 "-" "Mozilla/5.0 AppleWebKit/537.36 (KHTML, like Gecko; compatible; bingbot/2.0; +http://www.bing.com/bingbot.htm) Chrome/116.0.1938.76 Safari/537.36"
207.46.13.160 - - [08/Jun/2025:16:26:14 -0400] "GET /wp-content/plugins/disqus-comment-system/public/js/comment_count.js?ver=3.1.2 HTTP/1.1" 200 354 "-" "Mozilla/5.0 AppleWebKit/537.36 (KHTML, like Gecko; compatible; bingbot/2.0; +http://www.bing.com/bingbot.htm) Chrome/116.0.1938.76 Safari/537.36"
162.0.232.193 - - [08/Jun/2025:16:34:10 -0400] "POST /wp-cron.php?doing_wp_cron=1749414850.5472919940948486328125 HTTP/1.1" 200 0 "-" "WordPress/6.6.2; https://w1.perfectmarriagerevenge.com"
43.134.72.28 - - [08/Jun/2025:16:34:07 -0400] "GET /?p=1455 HTTP/1.1" 301 0 "https://google.com" "Mozilla/5.0 (Linux; Android 12; Pixel 6) AppleWebKit/537.36 (KHTML, like Gecko) Chrome/99.0.4844.58 Mobile Safari/537.36"
43.134.72.28 - - [08/Jun/2025:16:34:11 -0400] "GET /manga/perfect-marriage-revenge-chapter-104/ HTTP/1.1" 200 12875 "https://google.com" "Mozilla/5.0 (Linux; Android 12; Pixel 6) AppleWebKit/537.36 (KHTML, like Gecko) Chrome/99.0.4844.58 Mobile Safari/537.36"
194.87.252.147 - - [08/Jun/2025:16:44:04 -0400] "GET / HTTP/1.1" 200 10467 "-" "Mozilla/5.0 (X11; Linux i686 on x86_64; rv:50.0) Gecko/20100101 Firefox/50.0"
162.0.232.193 - - [08/Jun/2025:16:44:10 -0400] "POST /wp-cron.php?doing_wp_cron=1749415450.5386879444122314453125 HTTP/1.1" 200 0 "-" "WordPress/6.6.2; https://w1.perfectmarriagerevenge.com"
194.87.252.147 - - [08/Jun/2025:16:44:07 -0400] "POST /wp-content/plugins/wp-automatic/inc/csv.php HTTP/1.1" 200 26 "https://w1.perfectmarriagerevenge.com/" "Mozilla/5.0 (X11; Linux i686 on x86_64; rv:50.0) Gecko/20100101 Firefox/50.0"
194.87.252.147 - - [08/Jun/2025:16:44:11 -0400] "POST /wp-content/plugins/wp-automatic/inc/csv.php HTTP/1.1" 200 26 "https://w1.perfectmarriagerevenge.com/wp-content/plugins/wp-automatic/inc/csv.php" "Mozilla/5.0 (X11; Linux i686 on x86_64; rv:50.0) Gecko/20100101 Firefox/50.0"
194.87.252.147 - - [08/Jun/2025:16:44:21 -0400] "POST /wp-content/plugins/wp-automatic/inc/csv.php HTTP/1.1" 200 26 "https://w1.perfectmarriagerevenge.com/wp-content/plugins/wp-automatic/inc/csv.php" "Mozilla/5.0 (X11; Linux i686 on x86_64; rv:50.0) Gecko/20100101 Firefox/50.0"
194.87.252.147 - - [08/Jun/2025:16:44:21 -0400] "POST /wp-content/plugins/wp-automatic/inc/csv.php HTTP/1.1" 200 26 "https://w1.perfectmarriagerevenge.com/wp-content/plugins/wp-automatic/inc/csv.php" "Mozilla/5.0 (X11; Linux i686 on x86_64; rv:50.0) Gecko/20100101 Firefox/50.0"
194.87.252.147 - - [08/Jun/2025:16:44:23 -0400] "POST /wp-content/plugins/wp-automatic/inc/csv.php196a893b7f57.php HTTP/1.1" 301 0 "https://w1.perfectmarriagerevenge.com/wp-content/plugins/wp-automatic/inc/csv.php" "Mozilla/5.0 (X11; Linux i686 on x86_64; rv:50.0) Gecko/20100101 Firefox/50.0"
194.87.252.147 - - [08/Jun/2025:16:44:24 -0400] "GET / HTTP/1.1" 200 10483 "https://w1.perfectmarriagerevenge.com/wp-content/plugins/wp-automatic/inc/csv.php" "Mozilla/5.0 (X11; Linux i686 on x86_64; rv:50.0) Gecko/20100101 Firefox/50.0"
194.87.252.147 - - [08/Jun/2025:16:44:24 -0400] "POST /wp-content/plugins/wp-automatic/inc/csv.php196a893b7f57.php HTTP/1.1" 301 0 "https://w1.perfectmarriagerevenge.com/" "Mozilla/5.0 (X11; Linux i686 on x86_64; rv:50.0) Gecko/20100101 Firefox/50.0"
194.87.252.147 - - [08/Jun/2025:16:44:25 -0400] "GET / HTTP/1.1" 200 10497 "https://w1.perfectmarriagerevenge.com/" "Mozilla/5.0 (X11; Linux i686 on x86_64; rv:50.0) Gecko/20100101 Firefox/50.0"
194.87.252.147 - - [08/Jun/2025:16:44:26 -0400] "POST /wp-content/plugins/wp-automatic/inc/csv.php196a893b7f57.php HTTP/1.1" 301 0 "https://w1.perfectmarriagerevenge.com/" "Mozilla/5.0 (X11; Linux i686 on x86_64; rv:50.0) Gecko/20100101 Firefox/50.0"
194.87.252.147 - - [08/Jun/2025:16:44:26 -0400] "GET / HTTP/1.1" 200 10467 "https://w1.perfectmarriagerevenge.com/" "Mozilla/5.0 (X11; Linux i686 on x86_64; rv:50.0) Gecko/20100101 Firefox/50.0"
194.87.252.147 - - [08/Jun/2025:16:44:27 -0400] "POST /wp-content/plugins/wp-automatic/inc/csv.php196a893b7f57.php HTTP/1.1" 301 0 "https://w1.perfectmarriagerevenge.com/" "Mozilla/5.0 (X11; Linux i686 on x86_64; rv:50.0) Gecko/20100101 Firefox/50.0"
194.87.252.147 - - [08/Jun/2025:16:44:27 -0400] "GET / HTTP/1.1" 200 10467 "https://w1.perfectmarriagerevenge.com/" "Mozilla/5.0 (X11; Linux i686 on x86_64; rv:50.0) Gecko/20100101 Firefox/50.0"
194.87.252.147 - - [08/Jun/2025:16:44:28 -0400] "GET /wp-login.php HTTP/1.1" 200 1797 "https://w1.perfectmarriagerevenge.com/" "Mozilla/5.0 (X11; Linux i686 on x86_64; rv:50.0) Gecko/20100101 Firefox/50.0"
194.87.252.147 - - [08/Jun/2025:16:44:28 -0400] "POST /wp-login.php HTTP/1.1" 200 1957 "https://w1.perfectmarriagerevenge.com/wp-login.php" "Mozilla/5.0 (X11; Linux i686 on x86_64; rv:50.0) Gecko/20100101 Firefox/50.0"
194.87.252.147 - - [08/Jun/2025:16:44:29 -0400] "GET /wp-admin/plugins.php HTTP/1.1" 302 0 "https://w1.perfectmarriagerevenge.com/wp-login.php" "Mozilla/5.0 (X11; Linux i686 on x86_64; rv:50.0) Gecko/20100101 Firefox/50.0"
194.87.252.147 - - [08/Jun/2025:16:44:30 -0400] "GET /wp-login.php?redirect_to=https%3A%2F%2Fw1.perfectmarriagerevenge.com%2Fwp-admin%2Fplugins.php&reauth=1 HTTP/1.1" 200 1802 "https://w1.perfectmarriagerevenge.com/wp-login.php" "Mozilla/5.0 (X11; Linux i686 on x86_64; rv:50.0) Gecko/20100101 Firefox/50.0"
66.249.66.160 - - [08/Jun/2025:16:44:32 -0400] "POST /wp-admin/admin-ajax.php HTTP/1.1" 200 69 "https://w1.perfectmarriagerevenge.com/manga/perfect-marriage-revenge-chapter-49/" "Mozilla/5.0 (Linux; Android 6.0.1; Nexus 5X Build/MMB29P) AppleWebKit/537.36 (KHTML, like Gecko) Chrome/136.0.7103.92 Mobile Safari/537.36 (compatible; Googlebot/2.1; +http://www.google.com/bot.html)"
2a03:2880:2ff:5:: - - [08/Jun/2025:16:50:45 -0400] "GET / HTTP/1.1" 200 10467 "-" "meta-externalagent/1.1 (+https://developers.facebook.com/docs/sharing/webmasters/crawler)"
47.82.60.131 - - [08/Jun/2025:16:54:18 -0400] "GET / HTTP/1.1" 200 10497 "https://w1.perfectmarriagerevenge.com/" "Mozilla/5.0 (Windows NT 10.0; Win64; x64) AppleWebKit/537.36 (KHTML, like Gecko) Chrome/114.0.0.0 Safari/537.36 Edg/114.0.1823.43"
2a03:2880:ff:b:: - - [08/Jun/2025:17:18:17 -0400] "GET / HTTP/1.1" 200 10497 "-" "meta-externalagent/1.1 (+https://developers.facebook.com/docs/sharing/webmasters/crawler)"
47.128.16.140 - - [08/Jun/2025:17:29:12 -0400] "GET /manga/perfect-marriage-revenge-chapter-119/ HTTP/1.1" 200 12105 "-" "Mozilla/5.0 (Linux; Android 5.0) AppleWebKit/537.36 (KHTML, like Gecko) Mobile Safari/537.36 (compatible; TikTokSpider; [email protected])"
170.106.167.214 - - [08/Jun/2025:17:41:44 -0400] "GET / HTTP/1.1" 200 10450 "https://perfectmarriagerevenge.com/" "Mozilla/5.0 (iPhone; CPU iPhone OS 13_2_3 like Mac OS X) AppleWebKit/605.1.15 (KHTML, like Gecko) Version/13.0.3 Mobile/15E148 Safari/604.1"
162.0.232.193 - - [08/Jun/2025:17:43:11 -0400] "POST /wp-cron.php?doing_wp_cron=1749418991.1568119525909423828125 HTTP/1.1" 200 0 "-" "WordPress/6.6.2; https://w1.perfectmarriagerevenge.com"
52.169.53.20 - - [08/Jun/2025:17:43:08 -0400] "GET /inputs.php HTTP/1.1" 301 0 "-" "-"
52.169.53.20 - - [08/Jun/2025:17:43:11 -0400] "GET /classsmtps.php HTTP/1.1" 301 0 "-" "-"
52.169.53.20 - - [08/Jun/2025:17:43:11 -0400] "GET /wp-blog-header.php HTTP/1.1" 301 0 "-" "-"
52.169.53.20 - - [08/Jun/2025:17:43:12 -0400] "GET /wp-trackback.php HTTP/1.1" 301 0 "-" "-"
52.169.53.20 - - [08/Jun/2025:17:43:12 -0400] "GET /wp-signup.php HTTP/1.1" 301 0 "-" "-"
52.169.53.20 - - [08/Jun/2025:17:43:12 -0400] "GET /wp-comments-post.php HTTP/1.1" 405 0 "-" "-"
52.169.53.20 - - [08/Jun/2025:17:43:12 -0400] "GET /wp-cron.php HTTP/1.1" 200 0 "-" "-"
52.169.53.20 - - [08/Jun/2025:17:43:12 -0400] "GET /wp-load.php HTTP/1.1" 200 0 "-" "-"
52.169.53.20 - - [08/Jun/2025:17:43:13 -0400] "GET /wp-mail.php HTTP/1.1" 500 935 "-" "-"
52.169.53.20 - - [08/Jun/2025:17:43:20 -0400] "GET /edit.php HTTP/1.1" 301 0 "-" "-"
52.169.53.20 - - [08/Jun/2025:17:43:21 -0400] "GET /wp-activate.php HTTP/1.1" 302 0 "-" "-"
52.169.53.20 - - [08/Jun/2025:17:43:21 -0400] "GET /wp-login.php?action=register HTTP/1.1" 302 0 "-" "-"
52.169.53.20 - - [08/Jun/2025:17:43:21 -0400] "GET /wp-login.php?registration=disabled HTTP/1.1" 200 1861 "-" "-"
52.169.53.20 - - [08/Jun/2025:17:43:21 -0400] "GET /plugins.php HTTP/1.1" 301 0 "-" "-"
52.169.53.20 - - [08/Jun/2025:17:43:22 -0400] "GET /post.php HTTP/1.1" 301 0 "-" "-"
52.169.53.20 - - [08/Jun/2025:17:43:22 -0400] "GET /admin.php HTTP/1.1" 301 0 "-" "-"
52.169.53.20 - - [08/Jun/2025:17:43:22 -0400] "GET /about.php HTTP/1.1" 301 0 "-" "-"
52.169.53.20 - - [08/Jun/2025:17:43:22 -0400] "GET /wp-2019.php HTTP/1.1" 301 0 "-" "-"
52.169.53.20 - - [08/Jun/2025:17:43:23 -0400] "GET /atomlib.php HTTP/1.1" 301 0 "-" "-"
52.169.53.20 - - [08/Jun/2025:17:43:23 -0400] "GET /css.php HTTP/1.1" 301 0 "-" "-"
52.169.53.20 - - [08/Jun/2025:17:43:23 -0400] "GET /simple.php HTTP/1.1" 301 0 "-" "-"
52.169.53.20 - - [08/Jun/2025:17:43:23 -0400] "GET /log.php HTTP/1.1" 301 0 "-" "-"
52.169.53.20 - - [08/Jun/2025:17:43:24 -0400] "GET /index.php HTTP/1.1" 301 0 "-" "-"
52.169.53.20 - - [08/Jun/2025:17:43:24 -0400] "GET / HTTP/1.1" 200 10467 "-" "-"
52.169.53.20 - - [08/Jun/2025:17:43:24 -0400] "GET /mail.php HTTP/1.1" 301 0 "-" "-"
52.169.53.20 - - [08/Jun/2025:17:43:25 -0400] "GET /lufix.php HTTP/1.1" 301 0 "-" "-"
52.169.53.20 - - [08/Jun/2025:17:43:25 -0400] "GET /doc.php HTTP/1.1" 301 0 "-" "-"
