143.244.57.118 - - [08/Jun/2025:10:56:16 -0400] "POST //xmlrpc.php HTTP/1.1" 200 205 "-" "Mozilla/5.0 (Windows NT 10.0; Win64; x64) AppleWebKit/537.36 (KHTML, like Gecko) Chrome/78.0.3904.108 Safari/537.36"
162.0.232.193 - - [08/Jun/2025:10:56:46 -0400] "POST /wp-cron.php?doing_wp_cron=1749394606.5387749671936035156250 HTTP/1.1" 200 0 "-" "WordPress/6.6.2; https://w1.perfectmarriagerevenge.com"
143.244.57.118 - - [08/Jun/2025:10:56:30 -0400] "POST //xmlrpc.php HTTP/1.1" 200 205 "-" "Mozilla/5.0 (Windows NT 10.0; Win64; x64) AppleWebKit/537.36 (KHTML, like Gecko) Chrome/78.0.3904.108 Safari/537.36"
143.244.57.118 - - [08/Jun/2025:10:56:47 -0400] "POST //xmlrpc.php HTTP/1.1" 200 205 "-" "Mozilla/5.0 (Windows NT 10.0; Win64; x64) AppleWebKit/537.36 (KHTML, like Gecko) Chrome/78.0.3904.108 Safari/537.36"
143.244.57.118 - - [08/Jun/2025:10:57:00 -0400] "POST //xmlrpc.php HTTP/1.1" 200 205 "-" "Mozilla/5.0 (Windows NT 10.0; Win64; x64) AppleWebKit/537.36 (KHTML, like Gecko) Chrome/78.0.3904.108 Safari/537.36"
143.244.57.118 - - [08/Jun/2025:10:57:16 -0400] "POST //xmlrpc.php HTTP/1.1" 200 205 "-" "Mozilla/5.0 (Windows NT 10.0; Win64; x64) AppleWebKit/537.36 (KHTML, like Gecko) Chrome/78.0.3904.108 Safari/537.36"
162.0.232.193 - - [08/Jun/2025:10:57:46 -0400] "POST /wp-cron.php?doing_wp_cron=1749394666.2165760993957519531250 HTTP/1.1" 200 0 "-" "WordPress/6.6.2; https://w1.perfectmarriagerevenge.com"
143.244.57.118 - - [08/Jun/2025:10:57:30 -0400] "POST //xmlrpc.php HTTP/1.1" 200 205 "-" "Mozilla/5.0 (Windows NT 10.0; Win64; x64) AppleWebKit/537.36 (KHTML, like Gecko) Chrome/78.0.3904.108 Safari/537.36"
143.244.57.118 - - [08/Jun/2025:10:57:47 -0400] "POST //xmlrpc.php HTTP/1.1" 200 205 "-" "Mozilla/5.0 (Windows NT 10.0; Win64; x64) AppleWebKit/537.36 (KHTML, like Gecko) Chrome/78.0.3904.108 Safari/537.36"
143.244.57.118 - - [08/Jun/2025:10:58:00 -0400] "POST //xmlrpc.php HTTP/1.1" 200 205 "-" "Mozilla/5.0 (Windows NT 10.0; Win64; x64) AppleWebKit/537.36 (KHTML, like Gecko) Chrome/78.0.3904.108 Safari/537.36"
143.244.57.118 - - [08/Jun/2025:10:58:16 -0400] "POST //xmlrpc.php HTTP/1.1" 200 205 "-" "Mozilla/5.0 (Windows NT 10.0; Win64; x64) AppleWebKit/537.36 (KHTML, like Gecko) Chrome/78.0.3904.108 Safari/537.36"
162.0.232.193 - - [08/Jun/2025:10:58:46 -0400] "POST /wp-cron.php?doing_wp_cron=1749394726.1244130134582519531250 HTTP/1.1" 200 0 "-" "WordPress/6.6.2; https://w1.perfectmarriagerevenge.com"
143.244.57.118 - - [08/Jun/2025:10:58:31 -0400] "POST //xmlrpc.php HTTP/1.1" 200 205 "-" "Mozilla/5.0 (Windows NT 10.0; Win64; x64) AppleWebKit/537.36 (KHTML, like Gecko) Chrome/78.0.3904.108 Safari/537.36"
143.244.57.118 - - [08/Jun/2025:10:58:46 -0400] "POST //xmlrpc.php HTTP/1.1" 200 205 "-" "Mozilla/5.0 (Windows NT 10.0; Win64; x64) AppleWebKit/537.36 (KHTML, like Gecko) Chrome/78.0.3904.108 Safari/537.36"
143.244.57.118 - - [08/Jun/2025:10:59:01 -0400] "POST //xmlrpc.php HTTP/1.1" 200 205 "-" "Mozilla/5.0 (Windows NT 10.0; Win64; x64) AppleWebKit/537.36 (KHTML, like Gecko) Chrome/78.0.3904.108 Safari/537.36"
143.244.57.118 - - [08/Jun/2025:10:59:16 -0400] "POST //xmlrpc.php HTTP/1.1" 200 205 "-" "Mozilla/5.0 (Windows NT 10.0; Win64; x64) AppleWebKit/537.36 (KHTML, like Gecko) Chrome/78.0.3904.108 Safari/537.36"
162.0.232.193 - - [08/Jun/2025:10:59:46 -0400] "POST /wp-cron.php?doing_wp_cron=1749394785.8439300060272216796875 HTTP/1.1" 200 0 "-" "WordPress/6.6.2; https://w1.perfectmarriagerevenge.com"
143.244.57.118 - - [08/Jun/2025:10:59:30 -0400] "POST //xmlrpc.php HTTP/1.1" 200 205 "-" "Mozilla/5.0 (Windows NT 10.0; Win64; x64) AppleWebKit/537.36 (KHTML, like Gecko) Chrome/78.0.3904.108 Safari/537.36"
143.244.57.118 - - [08/Jun/2025:10:59:46 -0400] "POST //xmlrpc.php HTTP/1.1" 200 205 "-" "Mozilla/5.0 (Windows NT 10.0; Win64; x64) AppleWebKit/537.36 (KHTML, like Gecko) Chrome/78.0.3904.108 Safari/537.36"
143.244.57.118 - - [08/Jun/2025:11:00:00 -0400] "POST //xmlrpc.php HTTP/1.1" 200 205 "-" "Mozilla/5.0 (Windows NT 10.0; Win64; x64) AppleWebKit/537.36 (KHTML, like Gecko) Chrome/78.0.3904.108 Safari/537.36"
143.244.57.118 - - [08/Jun/2025:11:00:16 -0400] "POST //xmlrpc.php HTTP/1.1" 200 205 "-" "Mozilla/5.0 (Windows NT 10.0; Win64; x64) AppleWebKit/537.36 (KHTML, like Gecko) Chrome/78.0.3904.108 Safari/537.36"
162.0.232.193 - - [08/Jun/2025:11:00:45 -0400] "POST /wp-cron.php?doing_wp_cron=1749394845.3603959083557128906250 HTTP/1.1" 200 0 "-" "WordPress/6.6.2; https://w1.perfectmarriagerevenge.com"
143.244.57.118 - - [08/Jun/2025:11:00:31 -0400] "POST //xmlrpc.php HTTP/1.1" 200 205 "-" "Mozilla/5.0 (Windows NT 10.0; Win64; x64) AppleWebKit/537.36 (KHTML, like Gecko) Chrome/78.0.3904.108 Safari/537.36"
162.0.232.193 - - [08/Jun/2025:11:01:01 -0400] "POST /wp-cron.php?doing_wp_cron=1749394861.2944490909576416015625 HTTP/1.1" 200 0 "-" "WordPress/6.6.2; https://w1.perfectmarriagerevenge.com"
143.244.57.118 - - [08/Jun/2025:11:00:45 -0400] "POST //xmlrpc.php HTTP/1.1" 200 205 "-" "Mozilla/5.0 (Windows NT 10.0; Win64; x64) AppleWebKit/537.36 (KHTML, like Gecko) Chrome/78.0.3904.108 Safari/537.36"
143.244.57.118 - - [08/Jun/2025:11:01:01 -0400] "POST //xmlrpc.php HTTP/1.1" 200 205 "-" "Mozilla/5.0 (Windows NT 10.0; Win64; x64) AppleWebKit/537.36 (KHTML, like Gecko) Chrome/78.0.3904.108 Safari/537.36"
143.244.57.118 - - [08/Jun/2025:11:01:16 -0400] "POST //xmlrpc.php HTTP/1.1" 200 205 "-" "Mozilla/5.0 (Windows NT 10.0; Win64; x64) AppleWebKit/537.36 (KHTML, like Gecko) Chrome/78.0.3904.108 Safari/537.36"
162.0.232.193 - - [08/Jun/2025:11:01:46 -0400] "POST /wp-cron.php?doing_wp_cron=1749394906.0689671039581298828125 HTTP/1.1" 200 0 "-" "WordPress/6.6.2; https://w1.perfectmarriagerevenge.com"
143.244.57.118 - - [08/Jun/2025:11:01:30 -0400] "POST //xmlrpc.php HTTP/1.1" 200 205 "-" "Mozilla/5.0 (Windows NT 10.0; Win64; x64) AppleWebKit/537.36 (KHTML, like Gecko) Chrome/78.0.3904.108 Safari/537.36"
143.244.57.118 - - [08/Jun/2025:11:01:46 -0400] "POST //xmlrpc.php HTTP/1.1" 200 205 "-" "Mozilla/5.0 (Windows NT 10.0; Win64; x64) AppleWebKit/537.36 (KHTML, like Gecko) Chrome/78.0.3904.108 Safari/537.36"
143.244.57.118 - - [08/Jun/2025:11:02:01 -0400] "POST //xmlrpc.php HTTP/1.1" 200 205 "-" "Mozilla/5.0 (Windows NT 10.0; Win64; x64) AppleWebKit/537.36 (KHTML, like Gecko) Chrome/78.0.3904.108 Safari/537.36"
143.244.57.118 - - [08/Jun/2025:11:02:15 -0400] "POST //xmlrpc.php HTTP/1.1" 200 205 "-" "Mozilla/5.0 (Windows NT 10.0; Win64; x64) AppleWebKit/537.36 (KHTML, like Gecko) Chrome/78.0.3904.108 Safari/537.36"
162.0.232.193 - - [08/Jun/2025:11:02:45 -0400] "POST /wp-cron.php?doing_wp_cron=1749394965.5192849636077880859375 HTTP/1.1" 200 0 "-" "WordPress/6.6.2; https://w1.perfectmarriagerevenge.com"
143.244.57.118 - - [08/Jun/2025:11:02:31 -0400] "POST //xmlrpc.php HTTP/1.1" 200 205 "-" "Mozilla/5.0 (Windows NT 10.0; Win64; x64) AppleWebKit/537.36 (KHTML, like Gecko) Chrome/78.0.3904.108 Safari/537.36"
143.244.57.118 - - [08/Jun/2025:11:02:46 -0400] "POST //xmlrpc.php HTTP/1.1" 200 205 "-" "Mozilla/5.0 (Windows NT 10.0; Win64; x64) AppleWebKit/537.36 (KHTML, like Gecko) Chrome/78.0.3904.108 Safari/537.36"
143.244.57.118 - - [08/Jun/2025:11:03:01 -0400] "POST //xmlrpc.php HTTP/1.1" 200 205 "-" "Mozilla/5.0 (Windows NT 10.0; Win64; x64) AppleWebKit/537.36 (KHTML, like Gecko) Chrome/78.0.3904.108 Safari/537.36"
143.244.57.118 - - [08/Jun/2025:11:03:16 -0400] "POST //xmlrpc.php HTTP/1.1" 200 205 "-" "Mozilla/5.0 (Windows NT 10.0; Win64; x64) AppleWebKit/537.36 (KHTML, like Gecko) Chrome/78.0.3904.108 Safari/537.36"
162.0.232.193 - - [08/Jun/2025:11:03:45 -0400] "POST /wp-cron.php?doing_wp_cron=1749395025.3646419048309326171875 HTTP/1.1" 200 0 "-" "WordPress/6.6.2; https://w1.perfectmarriagerevenge.com"
143.244.57.118 - - [08/Jun/2025:11:03:31 -0400] "POST //xmlrpc.php HTTP/1.1" 200 205 "-" "Mozilla/5.0 (Windows NT 10.0; Win64; x64) AppleWebKit/537.36 (KHTML, like Gecko) Chrome/78.0.3904.108 Safari/537.36"
162.0.232.193 - - [08/Jun/2025:11:04:01 -0400] "POST /wp-cron.php?doing_wp_cron=1749395040.9058239459991455078125 HTTP/1.1" 200 0 "-" "WordPress/6.6.2; https://w1.perfectmarriagerevenge.com"
143.244.57.118 - - [08/Jun/2025:11:03:45 -0400] "POST //xmlrpc.php HTTP/1.1" 200 205 "-" "Mozilla/5.0 (Windows NT 10.0; Win64; x64) AppleWebKit/537.36 (KHTML, like Gecko) Chrome/78.0.3904.108 Safari/537.36"
143.244.57.118 - - [08/Jun/2025:11:04:01 -0400] "POST //xmlrpc.php HTTP/1.1" 200 205 "-" "Mozilla/5.0 (Windows NT 10.0; Win64; x64) AppleWebKit/537.36 (KHTML, like Gecko) Chrome/78.0.3904.108 Safari/537.36"
162.0.232.193 - - [08/Jun/2025:11:04:31 -0400] "POST /wp-cron.php?doing_wp_cron=1749395071.0032470226287841796875 HTTP/1.1" 200 0 "-" "WordPress/6.6.2; https://w1.perfectmarriagerevenge.com"
143.244.57.118 - - [08/Jun/2025:11:04:15 -0400] "POST //xmlrpc.php HTTP/1.1" 200 205 "-" "Mozilla/5.0 (Windows NT 10.0; Win64; x64) AppleWebKit/537.36 (KHTML, like Gecko) Chrome/78.0.3904.108 Safari/537.36"
162.0.232.193 - - [08/Jun/2025:11:04:45 -0400] "POST /wp-cron.php?doing_wp_cron=1749395085.7327311038970947265625 HTTP/1.1" 200 0 "-" "WordPress/6.6.2; https://w1.perfectmarriagerevenge.com"
143.244.57.118 - - [08/Jun/2025:11:04:31 -0400] "POST //xmlrpc.php HTTP/1.1" 200 205 "-" "Mozilla/5.0 (Windows NT 10.0; Win64; x64) AppleWebKit/537.36 (KHTML, like Gecko) Chrome/78.0.3904.108 Safari/537.36"
143.244.57.118 - - [08/Jun/2025:11:04:46 -0400] "POST //xmlrpc.php HTTP/1.1" 200 205 "-" "Mozilla/5.0 (Windows NT 10.0; Win64; x64) AppleWebKit/537.36 (KHTML, like Gecko) Chrome/78.0.3904.108 Safari/537.36"
43.157.172.39 - - [08/Jun/2025:11:05:12 -0400] "GET /manga/perfect-marriage-revenge-chapter-70/ HTTP/1.1" 200 13367 "-" "Mozilla/5.0 (iPhone; CPU iPhone OS 13_2_3 like Mac OS X) AppleWebKit/605.1.15 (KHTML, like Gecko) Version/13.0.3 Mobile/15E148 Safari/604.1"
143.244.57.118 - - [08/Jun/2025:11:05:00 -0400] "POST //xmlrpc.php HTTP/1.1" 200 205 "-" "Mozilla/5.0 (Windows NT 10.0; Win64; x64) AppleWebKit/537.36 (KHTML, like Gecko) Chrome/78.0.3904.108 Safari/537.36"
143.244.57.118 - - [08/Jun/2025:11:05:16 -0400] "POST //xmlrpc.php HTTP/1.1" 200 205 "-" "Mozilla/5.0 (Windows NT 10.0; Win64; x64) AppleWebKit/537.36 (KHTML, like Gecko) Chrome/78.0.3904.108 Safari/537.36"
162.0.232.193 - - [08/Jun/2025:11:05:45 -0400] "POST /wp-cron.php?doing_wp_cron=1749395145.3425180912017822265625 HTTP/1.1" 200 0 "-" "WordPress/6.6.2; https://w1.perfectmarriagerevenge.com"
143.244.57.118 - - [08/Jun/2025:11:05:31 -0400] "POST //xmlrpc.php HTTP/1.1" 200 205 "-" "Mozilla/5.0 (Windows NT 10.0; Win64; x64) AppleWebKit/537.36 (KHTML, like Gecko) Chrome/78.0.3904.108 Safari/537.36"
162.0.232.193 - - [08/Jun/2025:11:06:01 -0400] "POST /wp-cron.php?doing_wp_cron=1749395161.0380079746246337890625 HTTP/1.1" 200 0 "-" "WordPress/6.6.2; https://w1.perfectmarriagerevenge.com"
143.244.57.118 - - [08/Jun/2025:11:05:45 -0400] "POST //xmlrpc.php HTTP/1.1" 200 205 "-" "Mozilla/5.0 (Windows NT 10.0; Win64; x64) AppleWebKit/537.36 (KHTML, like Gecko) Chrome/78.0.3904.108 Safari/537.36"
143.244.57.118 - - [08/Jun/2025:11:06:01 -0400] "POST //xmlrpc.php HTTP/1.1" 200 205 "-" "Mozilla/5.0 (Windows NT 10.0; Win64; x64) AppleWebKit/537.36 (KHTML, like Gecko) Chrome/78.0.3904.108 Safari/537.36"
143.244.57.118 - - [08/Jun/2025:11:06:15 -0400] "POST //xmlrpc.php HTTP/1.1" 200 205 "-" "Mozilla/5.0 (Windows NT 10.0; Win64; x64) AppleWebKit/537.36 (KHTML, like Gecko) Chrome/78.0.3904.108 Safari/537.36"
162.0.232.193 - - [08/Jun/2025:11:06:45 -0400] "POST /wp-cron.php?doing_wp_cron=1749395205.4830639362335205078125 HTTP/1.1" 200 0 "-" "WordPress/6.6.2; https://w1.perfectmarriagerevenge.com"
143.244.57.118 - - [08/Jun/2025:11:06:31 -0400] "POST //xmlrpc.php HTTP/1.1" 200 205 "-" "Mozilla/5.0 (Windows NT 10.0; Win64; x64) AppleWebKit/537.36 (KHTML, like Gecko) Chrome/78.0.3904.108 Safari/537.36"
162.0.232.193 - - [08/Jun/2025:11:07:01 -0400] "POST /wp-cron.php?doing_wp_cron=1749395221.0778110027313232421875 HTTP/1.1" 200 0 "-" "WordPress/6.6.2; https://w1.perfectmarriagerevenge.com"
143.244.57.118 - - [08/Jun/2025:11:06:45 -0400] "POST //xmlrpc.php HTTP/1.1" 200 205 "-" "Mozilla/5.0 (Windows NT 10.0; Win64; x64) AppleWebKit/537.36 (KHTML, like Gecko) Chrome/78.0.3904.108 Safari/537.36"
66.249.66.163 - - [08/Jun/2025:11:07:11 -0400] "GET /manga/perfect-marriage-revenge-chapter-49/ HTTP/1.1" 200 13344 "-" "Mozilla/5.0 (Linux; Android 6.0.1; Nexus 5X Build/MMB29P) AppleWebKit/537.36 (KHTML, like Gecko) Chrome/136.0.7103.113 Mobile Safari/537.36 (compatible; Googlebot/2.1; +http://www.google.com/bot.html)"
143.244.57.118 - - [08/Jun/2025:11:07:01 -0400] "POST //xmlrpc.php HTTP/1.1" 200 205 "-" "Mozilla/5.0 (Windows NT 10.0; Win64; x64) AppleWebKit/537.36 (KHTML, like Gecko) Chrome/78.0.3904.108 Safari/537.36"
66.249.66.162 - - [08/Jun/2025:11:07:15 -0400] "POST /wp-admin/admin-ajax.php HTTP/1.1" 200 69 "https://w1.perfectmarriagerevenge.com/manga/perfect-marriage-revenge-chapter-49/" "Mozilla/5.0 (Linux; Android 6.0.1; Nexus 5X Build/MMB29P) AppleWebKit/537.36 (KHTML, like Gecko) Chrome/136.0.7103.92 Mobile Safari/537.36 (compatible; Googlebot/2.1; +http://www.google.com/bot.html)"
143.244.57.118 - - [08/Jun/2025:11:07:15 -0400] "POST //xmlrpc.php HTTP/1.1" 200 205 "-" "Mozilla/5.0 (Windows NT 10.0; Win64; x64) AppleWebKit/537.36 (KHTML, like Gecko) Chrome/78.0.3904.108 Safari/537.36"
162.0.232.193 - - [08/Jun/2025:11:07:45 -0400] "POST /wp-cron.php?doing_wp_cron=1749395265.2551949024200439453125 HTTP/1.1" 200 0 "-" "WordPress/6.6.2; https://w1.perfectmarriagerevenge.com"
143.244.57.118 - - [08/Jun/2025:11:07:31 -0400] "POST //xmlrpc.php HTTP/1.1" 200 205 "-" "Mozilla/5.0 (Windows NT 10.0; Win64; x64) AppleWebKit/537.36 (KHTML, like Gecko) Chrome/78.0.3904.108 Safari/537.36"
162.0.232.193 - - [08/Jun/2025:11:07:50 -0400] "POST /wp-cron.php?doing_wp_cron=1749395270.3482959270477294921875 HTTP/1.1" 200 0 "-" "WordPress/6.6.2; https://w1.perfectmarriagerevenge.com"
216.244.66.198 - - [08/Jun/2025:11:07:49 -0400] "GET /category/manga/page/9/ HTTP/1.1" 200 17742 "-" "Mozilla/5.0 (compatible; DotBot/1.2; +https://opensiteexplorer.org/dotbot; [email protected])"
143.244.57.118 - - [08/Jun/2025:11:07:45 -0400] "POST //xmlrpc.php HTTP/1.1" 200 205 "-" "Mozilla/5.0 (Windows NT 10.0; Win64; x64) AppleWebKit/537.36 (KHTML, like Gecko) Chrome/78.0.3904.108 Safari/537.36"
143.244.57.118 - - [08/Jun/2025:11:08:01 -0400] "POST //xmlrpc.php HTTP/1.1" 200 205 "-" "Mozilla/5.0 (Windows NT 10.0; Win64; x64) AppleWebKit/537.36 (KHTML, like Gecko) Chrome/78.0.3904.108 Safari/537.36"
143.244.57.118 - - [08/Jun/2025:11:08:15 -0400] "POST //xmlrpc.php HTTP/1.1" 200 205 "-" "Mozilla/5.0 (Windows NT 10.0; Win64; x64) AppleWebKit/537.36 (KHTML, like Gecko) Chrome/78.0.3904.108 Safari/537.36"
162.0.232.193 - - [08/Jun/2025:11:08:46 -0400] "POST /wp-cron.php?doing_wp_cron=1749395326.1017279624938964843750 HTTP/1.1" 200 0 "-" "WordPress/6.6.2; https://w1.perfectmarriagerevenge.com"
143.244.57.118 - - [08/Jun/2025:11:08:30 -0400] "POST //xmlrpc.php HTTP/1.1" 200 205 "-" "Mozilla/5.0 (Windows NT 10.0; Win64; x64) AppleWebKit/537.36 (KHTML, like Gecko) Chrome/78.0.3904.108 Safari/537.36"
143.244.57.118 - - [08/Jun/2025:11:08:46 -0400] "POST //xmlrpc.php HTTP/1.1" 200 205 "-" "Mozilla/5.0 (Windows NT 10.0; Win64; x64) AppleWebKit/537.36 (KHTML, like Gecko) Chrome/78.0.3904.108 Safari/537.36"
143.244.57.118 - - [08/Jun/2025:11:09:00 -0400] "POST //xmlrpc.php HTTP/1.1" 200 205 "-" "Mozilla/5.0 (Windows NT 10.0; Win64; x64) AppleWebKit/537.36 (KHTML, like Gecko) Chrome/78.0.3904.108 Safari/537.36"
143.244.57.118 - - [08/Jun/2025:11:09:16 -0400] "POST //xmlrpc.php HTTP/1.1" 200 205 "-" "Mozilla/5.0 (Windows NT 10.0; Win64; x64) AppleWebKit/537.36 (KHTML, like Gecko) Chrome/78.0.3904.108 Safari/537.36"
162.0.232.193 - - [08/Jun/2025:11:09:45 -0400] "POST /wp-cron.php?doing_wp_cron=1749395385.8796970844268798828125 HTTP/1.1" 200 0 "-" "WordPress/6.6.2; https://w1.perfectmarriagerevenge.com"
143.244.57.118 - - [08/Jun/2025:11:09:30 -0400] "POST //xmlrpc.php HTTP/1.1" 200 205 "-" "Mozilla/5.0 (Windows NT 10.0; Win64; x64) AppleWebKit/537.36 (KHTML, like Gecko) Chrome/78.0.3904.108 Safari/537.36"
143.244.57.118 - - [08/Jun/2025:11:09:46 -0400] "POST //xmlrpc.php HTTP/1.1" 200 205 "-" "Mozilla/5.0 (Windows NT 10.0; Win64; x64) AppleWebKit/537.36 (KHTML, like Gecko) Chrome/78.0.3904.108 Safari/537.36"
162.0.232.193 - - [08/Jun/2025:11:15:39 -0400] "POST /wp-cron.php?doing_wp_cron=1749395739.0789730548858642578125 HTTP/1.1" 200 0 "-" "WordPress/6.6.2; https://w1.perfectmarriagerevenge.com"
2a03:2880:f800:1:: - - [08/Jun/2025:11:15:36 -0400] "GET /sitemap_index.xml HTTP/1.1" 200 348 "-" "meta-externalagent/1.1 (+https://developers.facebook.com/docs/sharing/webmasters/crawler)"
49.51.195.195 - - [08/Jun/2025:11:15:39 -0400] "GET /manga/perfect-marriage-revenge-chapter-72/ HTTP/1.1" 200 13737 "-" "Mozilla/5.0 (iPhone; CPU iPhone OS 13_2_3 like Mac OS X) AppleWebKit/605.1.15 (KHTML, like Gecko) Version/13.0.3 Mobile/15E148 Safari/604.1"
66.249.66.162 - - [08/Jun/2025:11:16:13 -0400] "GET /tag/read-perfect-marriage-revenge/ HTTP/1.1" 301 0 "-" "Mozilla/5.0 (Linux; Android 6.0.1; Nexus 5X Build/MMB29P) AppleWebKit/537.36 (KHTML, like Gecko) Chrome/136.0.7103.113 Mobile Safari/537.36 (compatible; Googlebot/2.1; +http://www.google.com/bot.html)"
66.249.66.162 - - [08/Jun/2025:11:16:13 -0400] "GET / HTTP/1.1" 200 10450 "-" "Mozilla/5.0 (Linux; Android 6.0.1; Nexus 5X Build/MMB29P) AppleWebKit/537.36 (KHTML, like Gecko) Chrome/136.0.7103.113 Mobile Safari/537.36 (compatible; Googlebot/2.1; +http://www.google.com/bot.html)"
196.251.118.195 - - [08/Jun/2025:11:16:59 -0400] "GET / HTTP/1.1" 200 10450 "-" "Mozlila/5.0 (Linux; Android 7.0; SM-G892A Bulid/NRD90M; wv) AppleWebKit/537.36 (KHTML, like Gecko) Version/4.0 Chrome/60.0.3112.107 Moblie Safari/537.36"
196.251.118.195 - - [08/Jun/2025:11:16:59 -0400] "POST /wp-plain.php HTTP/1.1" 301 0 "www.google.com" "Mozilla/5.0 (Linux; Android 7.0; SM-G892A Bulid/NRD90M; wv) AppleWebKit/537.36 (KHTML, like Gecko) Version/4.0 Chrome/60.0.3112.107 Moblie Safari/537.36"
196.251.118.195 - - [08/Jun/2025:11:16:59 -0400] "POST /ALFA_DATA/alfacgiapi/perl.alfa HTTP/1.1" 301 0 "www.google.com" "Mozlila/5.0 (Linux; Android 7.0; SM-G892A Bulid/NRD90M; wv) AppleWebKit/537.36 (KHTML, like Gecko) Version/4.0 Chrome/60.0.3112.107 Moblie Safari/537.36"
162.0.232.193 - - [08/Jun/2025:11:17:00 -0400] "POST /wp-cron.php?doing_wp_cron=1749395819.9376800060272216796875 HTTP/1.1" 200 0 "-" "WordPress/6.6.2; https://w1.perfectmarriagerevenge.com"
162.0.232.193 - - [08/Jun/2025:11:17:00 -0400] "POST /wp-cron.php?doing_wp_cron=1749395819.9372529983520507812500 HTTP/1.1" 200 0 "-" "WordPress/6.6.2; https://w1.perfectmarriagerevenge.com"
196.251.118.195 - - [08/Jun/2025:11:16:59 -0400] "GET /wp-content/themes/seotheme/db.php?u HTTP/1.1" 301 0 "www.google.com" "Mozlila/5.0 (Linux; Android 7.0; SM-G892A Bulid/NRD90M; wv) AppleWebKit/537.36 (KHTML, like Gecko) Version/4.0 Chrome/60.0.3112.107 Moblie Safari/537.36"
196.251.118.195 - - [08/Jun/2025:11:16:59 -0400] "GET /wp-content/plugins/fix/up.php HTTP/1.1" 301 0 "-" "Mozilla/5.0 (Windows NT 10.0; Win64; x64) AppleWebKit/537.36 (KHTML, like Gecko) Chrome/85.0.4183.102 Safari/537.36"
196.251.118.195 - - [08/Jun/2025:11:17:00 -0400] "GET /wp-content/plugins/apikey/apikey.php?test=hello HTTP/1.1" 301 0 "-" "Mozlila/5.0 (Linux; Android 7.0; SM-G892A Bulid/NRD90M; wv) AppleWebKit/537.36 (KHTML, like Gecko) Version/4.0 Chrome/60.0.3112.107 Moblie Safari/537.36"
196.251.118.195 - - [08/Jun/2025:11:17:00 -0400] "GET / HTTP/1.1" 200 10450 "www.google.com" "Mozlila/5.0 (Linux; Android 7.0; SM-G892A Bulid/NRD90M; wv) AppleWebKit/537.36 (KHTML, like Gecko) Version/4.0 Chrome/60.0.3112.107 Moblie Safari/537.36"
196.251.118.195 - - [08/Jun/2025:11:17:00 -0400] "GET / HTTP/1.1" 200 10450 "-" "Mozlila/5.0 (Linux; Android 7.0; SM-G892A Bulid/NRD90M; wv) AppleWebKit/537.36 (KHTML, like Gecko) Version/4.0 Chrome/60.0.3112.107 Moblie Safari/537.36"
196.251.118.195 - - [08/Jun/2025:11:17:00 -0400] "GET /wp-content/themes/seotheme/db.php?u HTTP/1.1" 301 0 "www.google.com" "Mozlila/5.0 (Linux; Android 7.0; SM-G892A Bulid/NRD90M; wv) AppleWebKit/537.36 (KHTML, like Gecko) Version/4.0 Chrome/60.0.3112.107 Moblie Safari/537.36"
196.251.118.195 - - [08/Jun/2025:11:17:00 -0400] "POST / HTTP/1.1" 200 10220 "www.google.com" "Mozlila/5.0 (Linux; Android 7.0; SM-G892A Bulid/NRD90M; wv) AppleWebKit/537.36 (KHTML, like Gecko) Version/4.0 Chrome/60.0.3112.107 Moblie Safari/537.36"
196.251.118.195 - - [08/Jun/2025:11:17:00 -0400] "GET /plugins/content/apismtp/apismtp.php?test=hello HTTP/1.1" 301 0 "-" "Mozlila/5.0 (Linux; Android 7.0; SM-G892A Bulid/NRD90M; wv) AppleWebKit/537.36 (KHTML, like Gecko) Version/4.0 Chrome/60.0.3112.107 Moblie Safari/537.36"
196.251.118.195 - - [08/Jun/2025:11:17:01 -0400] "GET / HTTP/1.1" 200 10450 "www.google.com" "Mozlila/5.0 (Linux; Android 7.0; SM-G892A Bulid/NRD90M; wv) AppleWebKit/537.36 (KHTML, like Gecko) Version/4.0 Chrome/60.0.3112.107 Moblie Safari/537.36"
196.251.118.195 - - [08/Jun/2025:11:17:01 -0400] "GET / HTTP/1.1" 200 10450 "-" "Mozlila/5.0 (Linux; Android 7.0; SM-G892A Bulid/NRD90M; wv) AppleWebKit/537.36 (KHTML, like Gecko) Version/4.0 Chrome/60.0.3112.107 Moblie Safari/537.36"
196.251.118.195 - - [08/Jun/2025:11:17:01 -0400] "POST /alfacgiapi/perl.alfa HTTP/1.1" 301 0 "www.google.com" "Mozlila/5.0 (Linux; Android 7.0; SM-G892A Bulid/NRD90M; wv) AppleWebKit/537.36 (KHTML, like Gecko) Version/4.0 Chrome/60.0.3112.107 Moblie Safari/537.36"
196.251.118.195 - - [08/Jun/2025:11:17:01 -0400] "GET /wp-content/plugins/apikey/apikey.php.suspected?test=hello HTTP/1.1" 301 0 "-" "Mozlila/5.0 (Linux; Android 7.0; SM-G892A Bulid/NRD90M; wv) AppleWebKit/537.36 (KHTML, like Gecko) Version/4.0 Chrome/60.0.3112.107 Moblie Safari/537.36"
196.251.118.195 - - [08/Jun/2025:11:17:01 -0400] "GET / HTTP/1.1" 200 10450 "-" "Mozlila/5.0 (Linux; Android 7.0; SM-G892A Bulid/NRD90M; wv) AppleWebKit/537.36 (KHTML, like Gecko) Version/4.0 Chrome/60.0.3112.107 Moblie Safari/537.36"
196.251.118.195 - - [08/Jun/2025:11:17:01 -0400] "POST / HTTP/1.1" 200 10220 "www.google.com" "Mozlila/5.0 (Linux; Android 7.0; SM-G892A Bulid/NRD90M; wv) AppleWebKit/537.36 (KHTML, like Gecko) Version/4.0 Chrome/60.0.3112.107 Moblie Safari/537.36"
196.251.118.195 - - [08/Jun/2025:11:17:02 -0400] "GET /plugins/content/apismtp/apismtp.php.suspected?test=hello HTTP/1.1" 301 0 "-" "Mozlila/5.0 (Linux; Android 7.0; SM-G892A Bulid/NRD90M; wv) AppleWebKit/537.36 (KHTML, like Gecko) Version/4.0 Chrome/60.0.3112.107 Moblie Safari/537.36"
196.251.118.195 - - [08/Jun/2025:11:17:02 -0400] "GET / HTTP/1.1" 200 10477 "-" "Mozlila/5.0 (Linux; Android 7.0; SM-G892A Bulid/NRD90M; wv) AppleWebKit/537.36 (KHTML, like Gecko) Version/4.0 Chrome/60.0.3112.107 Moblie Safari/537.36"
162.0.232.193 - - [08/Jun/2025:11:27:58 -0400] "POST /wp-cron.php?doing_wp_cron=1749396478.4941310882568359375000 HTTP/1.1" 200 0 "-" "WordPress/6.6.2; https://w1.perfectmarriagerevenge.com"
43.130.9.111 - - [08/Jun/2025:11:27:55 -0400] "GET /manga/perfect-marriage-revenge-chapter-102/feed/ HTTP/1.1" 200 427 "-" "Mozilla/5.0 (iPhone; CPU iPhone OS 13_2_3 like Mac OS X) AppleWebKit/605.1.15 (KHTML, like Gecko) Version/13.0.3 Mobile/15E148 Safari/604.1"
162.0.232.193 - - [08/Jun/2025:11:34:00 -0400] "POST /wp-cron.php?doing_wp_cron=1749396840.5417730808258056640625 HTTP/1.1" 200 0 "-" "WordPress/6.6.2; https://w1.perfectmarriagerevenge.com"
2602:fb54:637:: - - [08/Jun/2025:11:33:58 -0400] "GET /gdftps.php HTTP/1.1" 301 0 "-" "Mozlila/5.0 (Linux; Android 7.0; SM-G892A Bulid/NRD90M; wv) AppleWebKit/537.36 (KHTML, like Gecko) Version/4.0 Chrome/60.0.3112.107 Moblie Safari/537.36"
2602:fb54:637:: - - [08/Jun/2025:11:34:01 -0400] "GET / HTTP/1.1" 200 10450 "-" "Mozlila/5.0 (Linux; Android 7.0; SM-G892A Bulid/NRD90M; wv) AppleWebKit/537.36 (KHTML, like Gecko) Version/4.0 Chrome/60.0.3112.107 Moblie Safari/537.36"
162.0.232.193 - - [08/Jun/2025:11:34:52 -0400] "POST /wp-cron.php?doing_wp_cron=1749396892.5906879901885986328125 HTTP/1.1" 200 0 "-" "WordPress/6.6.2; https://w1.perfectmarriagerevenge.com"
2602:fb54:637:: - - [08/Jun/2025:11:34:52 -0400] "GET /siteheads.php HTTP/1.1" 301 0 "-" "Mozlila/5.0 (Linux; Android 7.0; SM-G892A Bulid/NRD90M; wv) AppleWebKit/537.36 (KHTML, like Gecko) Version/4.0 Chrome/60.0.3112.107 Moblie Safari/537.36"
2602:fb54:637:: - - [08/Jun/2025:11:34:52 -0400] "GET / HTTP/1.1" 200 10450 "-" "Mozlila/5.0 (Linux; Android 7.0; SM-G892A Bulid/NRD90M; wv) AppleWebKit/537.36 (KHTML, like Gecko) Version/4.0 Chrome/60.0.3112.107 Moblie Safari/537.36"
162.0.232.193 - - [08/Jun/2025:11:36:07 -0400] "POST /wp-cron.php?doing_wp_cron=1749396967.4319949150085449218750 HTTP/1.1" 200 0 "-" "WordPress/6.6.2; https://w1.perfectmarriagerevenge.com"
43.155.140.157 - - [08/Jun/2025:11:36:07 -0400] "GET /wp-json/wp/v2/posts/1547 HTTP/1.1" 200 50391 "-" "Mozilla/5.0 (iPhone; CPU iPhone OS 13_2_3 like Mac OS X) AppleWebKit/605.1.15 (KHTML, like Gecko) Version/13.0.3 Mobile/15E148 Safari/604.1"
43.167.232.38 - - [08/Jun/2025:11:37:26 -0400] "GET / HTTP/1.1" 200 10450 "http://w1.perfectmarriagerevenge.com" "Mozilla/5.0 (iPhone; CPU iPhone OS 13_2_3 like Mac OS X) AppleWebKit/605.1.15 (KHTML, like Gecko) Version/13.0.3 Mobile/15E148 Safari/604.1"
162.0.232.193 - - [08/Jun/2025:11:38:11 -0400] "POST /wp-cron.php?doing_wp_cron=1749397091.6641321182250976562500 HTTP/1.1" 200 0 "-" "WordPress/6.6.2; https://w1.perfectmarriagerevenge.com"
216.73.216.122 - - [08/Jun/2025:11:38:11 -0400] "GET /sitemap_index.xml HTTP/1.1" 200 348 "-" "Mozilla/5.0 AppleWebKit/537.36 (KHTML, like Gecko; compatible; ClaudeBot/1.0; [email protected])"
146.59.127.83 - - [08/Jun/2025:11:44:05 -0400] "GET / HTTP/1.1" 200 10450 "https://duckduckgo.com/" "Mozilla/5.0 (Linux; Android 15; V2342 Build/AP3A.240905.015.A2; wv) AppleWebKit/537.36 (KHTML, like Gecko) Version/4.0 Chrome/136.0.7103.125 Mobile Safari/537.36"
146.59.127.83 - - [08/Jun/2025:11:44:06 -0400] "GET /wp-content/plugins/comic-easel/css/comiceasel.css?ver=6.6.2 HTTP/1.1" 200 1273 "https://w1.perfectmarriagerevenge.com/" "Mozilla/5.0 (Linux; Android 15; V2342 Build/AP3A.240905.015.A2; wv) AppleWebKit/537.36 (KHTML, like Gecko) Version/4.0 Chrome/136.0.7103.125 Mobile Safari/537.36"
146.59.127.83 - - [08/Jun/2025:11:44:06 -0400] "GET /wp-includes/css/dist/block-library/style.min.css?ver=6.6.2 HTTP/1.1" 200 13903 "https://w1.perfectmarriagerevenge.com/" "Mozilla/5.0 (Linux; Android 15; V2342 Build/AP3A.240905.015.A2; wv) AppleWebKit/537.36 (KHTML, like Gecko) Version/4.0 Chrome/136.0.7103.125 Mobile Safari/537.36"
146.59.127.83 - - [08/Jun/2025:11:44:06 -0400] "GET /wp-includes/js/jquery/jquery.min.js?ver=3.7.1 HTTP/1.1" 200 29744 "https://w1.perfectmarriagerevenge.com/" "Mozilla/5.0 (Linux; Android 15; V2342 Build/AP3A.240905.015.A2; wv) AppleWebKit/537.36 (KHTML, like Gecko) Version/4.0 Chrome/136.0.7103.125 Mobile Safari/537.36"
146.59.127.83 - - [08/Jun/2025:11:44:06 -0400] "GET /wp-content/plugins/simple-social-buttons/assets/css/front.css?ver=5.3.1 HTTP/1.1" 200 10295 "https://w1.perfectmarriagerevenge.com/" "Mozilla/5.0 (Linux; Android 15; V2342 Build/AP3A.240905.015.A2; wv) AppleWebKit/537.36 (KHTML, like Gecko) Version/4.0 Chrome/136.0.7103.125 Mobile Safari/537.36"
146.59.127.83 - - [08/Jun/2025:11:44:06 -0400] "GET /wp-content/themes/toivo-lite/style.css?ver=1.2.0 HTTP/1.1" 200 13718 "https://w1.perfectmarriagerevenge.com/" "Mozilla/5.0 (Linux; Android 15; V2342 Build/AP3A.240905.015.A2; wv) AppleWebKit/537.36 (KHTML, like Gecko) Version/4.0 Chrome/136.0.7103.125 Mobile Safari/537.36"
146.59.127.83 - - [08/Jun/2025:11:44:06 -0400] "GET /wp-includes/js/jquery/jquery-migrate.min.js?ver=3.4.1 HTTP/1.1" 200 4678 "https://w1.perfectmarriagerevenge.com/" "Mozilla/5.0 (Linux; Android 15; V2342 Build/AP3A.240905.015.A2; wv) AppleWebKit/537.36 (KHTML, like Gecko) Version/4.0 Chrome/136.0.7103.125 Mobile Safari/537.36"
146.59.127.83 - - [08/Jun/2025:11:44:06 -0400] "GET /wp-content/plugins/widgets-on-pages/public/css/widgets-on-pages-public.css?ver=1.4.0 HTTP/1.1" 200 83 "https://w1.perfectmarriagerevenge.com/" "Mozilla/5.0 (Linux; Android 15; V2342 Build/AP3A.240905.015.A2; wv) AppleWebKit/537.36 (KHTML, like Gecko) Version/4.0 Chrome/136.0.7103.125 Mobile Safari/537.36"
146.59.127.83 - - [08/Jun/2025:11:44:06 -0400] "GET /wp-content/plugins/simple-social-buttons/assets/js/frontend-blocks.js?ver=5.3.1 HTTP/1.1" 200 0 "https://w1.perfectmarriagerevenge.com/" "Mozilla/5.0 (Linux; Android 15; V2342 Build/AP3A.240905.015.A2; wv) AppleWebKit/537.36 (KHTML, like Gecko) Version/4.0 Chrome/136.0.7103.125 Mobile Safari/537.36"
146.59.127.83 - - [08/Jun/2025:11:44:06 -0400] "GET /wp-content/plugins/simple-social-buttons/assets/js/front.js?ver=5.3.1 HTTP/1.1" 200 1932 "https://w1.perfectmarriagerevenge.com/" "Mozilla/5.0 (Linux; Android 15; V2342 Build/AP3A.240905.015.A2; wv) AppleWebKit/537.36 (KHTML, like Gecko) Version/4.0 Chrome/136.0.7103.125 Mobile Safari/537.36"
146.59.127.83 - - [08/Jun/2025:11:44:06 -0400] "GET /wp-content/themes/toivo-lite/fonts/genericons/genericons/genericons.min.css?ver=3.3 HTTP/1.1" 200 15959 "https://w1.perfectmarriagerevenge.com/" "Mozilla/5.0 (Linux; Android 15; V2342 Build/AP3A.240905.015.A2; wv) AppleWebKit/537.36 (KHTML, like Gecko) Version/4.0 Chrome/136.0.7103.125 Mobile Safari/537.36"
146.59.127.83 - - [08/Jun/2025:11:44:07 -0400] "GET /wp-content/uploads/2023/11/0M_details.jpg HTTP/1.1" 200 67440 "https://w1.perfectmarriagerevenge.com/" "Mozilla/5.0 (Linux; Android 15; V2342 Build/AP3A.240905.015.A2; wv) AppleWebKit/537.36 (KHTML, like Gecko) Version/4.0 Chrome/136.0.7103.125 Mobile Safari/537.36"
146.59.127.83 - - [08/Jun/2025:11:44:08 -0400] "GET /wp-content/uploads/2023/11/cropped-c6bc7d0bee2ae2a165c37049a174150d.jpg HTTP/1.1" 200 112475 "https://w1.perfectmarriagerevenge.com/" "Mozilla/5.0 (Linux; Android 15; V2342 Build/AP3A.240905.015.A2; wv) AppleWebKit/537.36 (KHTML, like Gecko) Version/4.0 Chrome/136.0.7103.125 Mobile Safari/537.36"
146.59.127.83 - - [08/Jun/2025:11:44:08 -0400] "GET /wp-content/themes/toivo-lite/js/responsive-nav.min.js?ver=1.2.0 HTTP/1.1" 200 2102 "https://w1.perfectmarriagerevenge.com/" "Mozilla/5.0 (Linux; Android 15; V2342 Build/AP3A.240905.015.A2; wv) AppleWebKit/537.36 (KHTML, like Gecko) Version/4.0 Chrome/136.0.7103.125 Mobile Safari/537.36"
146.59.127.83 - - [08/Jun/2025:11:44:08 -0400] "GET /wp-content/plugins/comic-easel/js/keynav.js HTTP/1.1" 200 302 "https://w1.perfectmarriagerevenge.com/" "Mozilla/5.0 (Linux; Android 15; V2342 Build/AP3A.240905.015.A2; wv) AppleWebKit/537.36 (KHTML, like Gecko) Version/4.0 Chrome/136.0.7103.125 Mobile Safari/537.36"
43.155.129.131 - - [08/Jun/2025:11:45:58 -0400] "GET /manga/perfect-marriage-revenge-chapter-9-5/ HTTP/1.1" 200 12675 "http://w1.perfectmarriagerevenge.com/manga/perfect-marriage-revenge-chapter-9-5/" "Mozilla/5.0 (iPhone; CPU iPhone OS 13_2_3 like Mac OS X) AppleWebKit/605.1.15 (KHTML, like Gecko) Version/13.0.3 Mobile/15E148 Safari/604.1"
2405:201:6029:3020:b2e1:b88f:4318:c3a0 - - [08/Jun/2025:11:51:42 -0400] "GET / HTTP/1.1" 200 10450 "-" "Mozilla/5.0 (Linux; Android 15; motorola edge 50 Build/V1UW35H.63-14-6-4-2; wv) AppleWebKit/537.36 (KHTML, like Gecko) Version/4.0 Chrome/136.0.7103.125 Mobile Safari/537.36"
2405:201:6029:3020:b2e1:b88f:4318:c3a0 - - [08/Jun/2025:11:51:47 -0400] "GET / HTTP/1.1" 304 0 "-" "Mozilla/5.0 (Linux; Android 15; motorola edge 50 Build/V1UW35H.63-14-6-4-2; wv) AppleWebKit/537.36 (KHTML, like Gecko) Version/4.0 Chrome/136.0.7103.125 Mobile Safari/537.36"
2405:201:6029:3020:b2e1:b88f:4318:c3a0 - - [08/Jun/2025:11:51:51 -0400] "GET /manga/perfect-marriage-revenge-chapter-115/ HTTP/1.1" 200 17433 "https://w1.perfectmarriagerevenge.com/" "Mozilla/5.0 (Linux; Android 15; motorola edge 50 Build/V1UW35H.63-14-6-4-2; wv) AppleWebKit/537.36 (KHTML, like Gecko) Version/4.0 Chrome/136.0.7103.125 Mobile Safari/537.36"
2405:201:6029:3020:b2e1:b88f:4318:c3a0 - - [08/Jun/2025:11:51:52 -0400] "GET /manga/perfect-marriage-revenge-chapter-103/ HTTP/1.1" 200 13495 "https://w1.perfectmarriagerevenge.com/" "Mozilla/5.0 (Linux; Android 15; motorola edge 50 Build/V1UW35H.63-14-6-4-2; wv) AppleWebKit/537.36 (KHTML, like Gecko) Version/4.0 Chrome/136.0.7103.125 Mobile Safari/537.36"
2405:201:6029:3020:b2e1:b88f:4318:c3a0 - - [08/Jun/2025:11:51:52 -0400] "GET /manga/perfect-marriage-revenge-chapter-54/ HTTP/1.1" 200 12416 "https://w1.perfectmarriagerevenge.com/" "Mozilla/5.0 (Linux; Android 15; motorola edge 50 Build/V1UW35H.63-14-6-4-2; wv) AppleWebKit/537.36 (KHTML, like Gecko) Version/4.0 Chrome/136.0.7103.125 Mobile Safari/537.36"
2405:201:6029:3020:b2e1:b88f:4318:c3a0 - - [08/Jun/2025:11:51:52 -0400] "GET /manga/perfect-marriage-revenge-chapter-71/ HTTP/1.1" 200 13590 "https://w1.perfectmarriagerevenge.com/" "Mozilla/5.0 (Linux; Android 15; motorola edge 50 Build/V1UW35H.63-14-6-4-2; wv) AppleWebKit/537.36 (KHTML, like Gecko) Version/4.0 Chrome/136.0.7103.125 Mobile Safari/537.36"
2405:201:6029:3020:b2e1:b88f:4318:c3a0 - - [08/Jun/2025:11:51:53 -0400] "GET /manga/perfect-marriage-revenge-chapter-98/ HTTP/1.1" 200 12146 "https://w1.perfectmarriagerevenge.com/" "Mozilla/5.0 (Linux; Android 15; motorola edge 50 Build/V1UW35H.63-14-6-4-2; wv) AppleWebKit/537.36 (KHTML, like Gecko) Version/4.0 Chrome/136.0.7103.125 Mobile Safari/537.36"
2405:201:6029:3020:b2e1:b88f:4318:c3a0 - - [08/Jun/2025:11:51:55 -0400] "GET /manga/perfect-marriage-revenge-chapter-89/ HTTP/1.1" 200 13302 "https://w1.perfectmarriagerevenge.com/" "Mozilla/5.0 (Linux; Android 15; motorola edge 50 Build/V1UW35H.63-14-6-4-2; wv) AppleWebKit/537.36 (KHTML, like Gecko) Version/4.0 Chrome/136.0.7103.125 Mobile Safari/537.36"
2405:201:6029:3020:b2e1:b88f:4318:c3a0 - - [08/Jun/2025:11:51:56 -0400] "GET /manga/perfect-marriage-revenge-chapter-82/ HTTP/1.1" 200 13400 "https://w1.perfectmarriagerevenge.com/" "Mozilla/5.0 (Linux; Android 15; motorola edge 50 Build/V1UW35H.63-14-6-4-2; wv) AppleWebKit/537.36 (KHTML, like Gecko) Version/4.0 Chrome/136.0.7103.125 Mobile Safari/537.36"
2405:201:6029:3020:b2e1:b88f:4318:c3a0 - - [08/Jun/2025:11:51:56 -0400] "GET /manga/perfect-marriage-revenge-chapter-66/ HTTP/1.1" 200 13510 "https://w1.perfectmarriagerevenge.com/" "Mozilla/5.0 (Linux; Android 15; motorola edge 50 Build/V1UW35H.63-14-6-4-2; wv) AppleWebKit/537.36 (KHTML, like Gecko) Version/4.0 Chrome/136.0.7103.125 Mobile Safari/537.36"
2405:201:6029:3020:b2e1:b88f:4318:c3a0 - - [08/Jun/2025:11:51:57 -0400] "GET /manga/perfect-marriage-revenge-chapter-47/ HTTP/1.1" 200 13351 "https://w1.perfectmarriagerevenge.com/" "Mozilla/5.0 (Linux; Android 15; motorola edge 50 Build/V1UW35H.63-14-6-4-2; wv) AppleWebKit/537.36 (KHTML, like Gecko) Version/4.0 Chrome/136.0.7103.125 Mobile Safari/537.36"
2405:201:6029:3020:b2e1:b88f:4318:c3a0 - - [08/Jun/2025:11:51:58 -0400] "GET /manga/perfect-marriage-revenge-chapter-29/ HTTP/1.1" 200 11658 "https://w1.perfectmarriagerevenge.com/" "Mozilla/5.0 (Linux; Android 15; motorola edge 50 Build/V1UW35H.63-14-6-4-2; wv) AppleWebKit/537.36 (KHTML, like Gecko) Version/4.0 Chrome/136.0.7103.125 Mobile Safari/537.36"
2405:201:6029:3020:b2e1:b88f:4318:c3a0 - - [08/Jun/2025:11:51:58 -0400] "GET /manga/perfect-marriage-revenge-chapter-4/ HTTP/1.1" 200 21422 "https://w1.perfectmarriagerevenge.com/" "Mozilla/5.0 (Linux; Android 15; motorola edge 50 Build/V1UW35H.63-14-6-4-2; wv) AppleWebKit/537.36 (KHTML, like Gecko) Version/4.0 Chrome/136.0.7103.125 Mobile Safari/537.36"
2405:201:6029:3020:b2e1:b88f:4318:c3a0 - - [08/Jun/2025:11:52:00 -0400] "GET /manga/perfect-marriage-revenge-chapter-65/ HTTP/1.1" 200 13009 "https://w1.perfectmarriagerevenge.com/" "Mozilla/5.0 (Linux; Android 15; motorola edge 50 Build/V1UW35H.63-14-6-4-2; wv) AppleWebKit/537.36 (KHTML, like Gecko) Version/4.0 Chrome/136.0.7103.125 Mobile Safari/537.36"
162.0.232.193 - - [08/Jun/2025:11:52:35 -0400] "POST /wp-cron.php?doing_wp_cron=1749397955.2542119026184082031250 HTTP/1.1" 200 0 "-" "WordPress/6.6.2; https://w1.perfectmarriagerevenge.com"
158.220.102.209 - - [08/Jun/2025:11:52:32 -0400] "GET /wp-login.php HTTP/1.1" 200 1797 "-" "Mozilla/5.0 (X11; Ubuntu; Linux x86_64; rv:85.0) Gecko/20100101 Firefox/91.0"
158.220.102.209 - - [08/Jun/2025:11:52:36 -0400] "POST /wp-login.php HTTP/1.1" 200 1954 "-" "Mozilla/5.0 (X11; Ubuntu; Linux x86_64; rv:85.0) Gecko/20100101 Firefox/91.0"
43.128.67.187 - - [08/Jun/2025:11:55:23 -0400] "GET /manga/perfect-marriage-revenge-chapter-62/ HTTP/1.1" 200 11651 "-" "Mozilla/5.0 (iPhone; CPU iPhone OS 13_2_3 like Mac OS X) AppleWebKit/605.1.15 (KHTML, like Gecko) Version/13.0.3 Mobile/15E148 Safari/604.1"
165.22.49.156 - - [08/Jun/2025:11:58:02 -0400] "GET / HTTP/1.1" 200 10467 "https://perfectmarriagerevenge.com/" "Mozilla/5.0 (Windows NT 10.0; Win64; x64) AppleWebKit/537.36 (KHTML, like Gecko) Chrome/91.0.4472.124 Safari/537.36"
162.0.232.193 - - [08/Jun/2025:11:58:06 -0400] "POST /wp-cron.php?doing_wp_cron=1749398286.3917191028594970703125 HTTP/1.1" 200 0 "-" "WordPress/6.6.2; https://w1.perfectmarriagerevenge.com"
165.22.49.156 - - [08/Jun/2025:11:58:03 -0400] "GET /wordpress/ HTTP/1.1" 301 0 "https://perfectmarriagerevenge.com/word%70ress/" "Mozilla/5.0 (Macintosh; Intel Mac OS X 10_15_7) AppleWebKit/605.1.15 (KHTML, like Gecko) Version/14.1.1 Safari/605.1.15"
165.22.49.156 - - [08/Jun/2025:11:58:07 -0400] "GET / HTTP/1.1" 200 10467 "https://perfectmarriagerevenge.com/" "Mozilla/5.0 (Macintosh; Intel Mac OS X 10_15_7) AppleWebKit/605.1.15 (KHTML, like Gecko) Version/14.1.1 Safari/605.1.15"
162.0.232.193 - - [08/Jun/2025:11:59:04 -0400] "POST /wp-cron.php?doing_wp_cron=1749398344.3115150928497314453125 HTTP/1.1" 200 0 "-" "WordPress/6.6.2; https://w1.perfectmarriagerevenge.com"
216.244.66.198 - - [08/Jun/2025:11:59:04 -0400] "GET /category/the-essence-of-a-perfect-marriage/page/10/ HTTP/1.1" 200 14691 "-" "Mozilla/5.0 (compatible; DotBot/1.2; +https://opensiteexplorer.org/dotbot; [email protected])"
162.0.232.193 - - [08/Jun/2025:12:01:12 -0400] "POST /wp-cron.php?doing_wp_cron=1749398472.0555601119995117187500 HTTP/1.1" 200 0 "-" "WordPress/6.6.2; https://w1.perfectmarriagerevenge.com"
2804:b54:8300:53c1:387a:16ba:9292:1f70 - - [08/Jun/2025:12:01:09 -0400] "GET /xmlrpc.php HTTP/1.1" 405 46 "-" "Mozilla/5.0 (Windows NT 10.0; Win64; x64) AppleWebKit/537.36 (KHTML, like Gecko) Chrome/91.0.4472.124 Safari/537.36"
66.249.66.160 - - [08/Jun/2025:12:01:42 -0400] "GET /manga/perfect-marriage-revenge-chapter-99/ HTTP/1.1" 200 13384 "-" "Mozilla/5.0 (Linux; Android 6.0.1; Nexus 5X Build/MMB29P) AppleWebKit/537.36 (KHTML, like Gecko) Chrome/136.0.7103.113 Mobile Safari/537.36 (compatible; Googlebot/2.1; +http://www.google.com/bot.html)"
66.249.66.162 - - [08/Jun/2025:12:01:44 -0400] "GET /wp-content/plugins/simple-social-buttons/assets/js/front.js?ver=5.3.1 HTTP/1.1" 200 1932 "https://w1.perfectmarriagerevenge.com/manga/perfect-marriage-revenge-chapter-99/" "Mozilla/5.0 (Linux; Android 6.0.1; Nexus 5X Build/MMB29P) AppleWebKit/537.36 (KHTML, like Gecko) Chrome/136.0.7103.92 Mobile Safari/537.36 (compatible; Googlebot/2.1; +http://www.google.com/bot.html)"
162.0.232.193 - - [08/Jun/2025:12:01:46 -0400] "POST /wp-cron.php?doing_wp_cron=1749398505.9126060009002685546875 HTTP/1.1" 200 0 "-" "WordPress/6.6.2; https://w1.perfectmarriagerevenge.com"
66.249.66.162 - - [08/Jun/2025:12:01:45 -0400] "POST /wp-admin/admin-ajax.php HTTP/1.1" 200 69 "https://w1.perfectmarriagerevenge.com/manga/perfect-marriage-revenge-chapter-99/" "Mozilla/5.0 (Linux; Android 6.0.1; Nexus 5X Build/MMB29P) AppleWebKit/537.36 (KHTML, like Gecko) Chrome/136.0.7103.92 Mobile Safari/537.36 (compatible; Googlebot/2.1; +http://www.google.com/bot.html)"
162.0.232.193 - - [08/Jun/2025:12:05:04 -0400] "POST /wp-cron.php?doing_wp_cron=1749398703.7186141014099121093750 HTTP/1.1" 200 0 "-" "WordPress/6.6.2; https://w1.perfectmarriagerevenge.com"
43.130.16.140 - - [08/Jun/2025:12:05:00 -0400] "GET /wp-json/wp/v2/posts/1489 HTTP/1.1" 200 31164 "-" "Mozilla/5.0 (iPhone; CPU iPhone OS 13_2_3 like Mac OS X) AppleWebKit/605.1.15 (KHTML, like Gecko) Version/13.0.3 Mobile/15E148 Safari/604.1"
2405:201:6029:3020:b2e1:b88f:4318:c3a0 - - [08/Jun/2025:12:11:06 -0400] "GET /wp-content/uploads/2023/11/0M_details.jpg HTTP/1.1" 200 67440 "https://w1.perfectmarriagerevenge.com/" "okhttp/5.0.0-alpha.14"
43.156.202.34 - - [08/Jun/2025:12:14:56 -0400] "GET /manga/perfect-marriage-revenge-chapter-72/ HTTP/1.1" 200 13737 "-" "Mozilla/5.0 (iPhone; CPU iPhone OS 13_2_3 like Mac OS X) AppleWebKit/605.1.15 (KHTML, like Gecko) Version/13.0.3 Mobile/15E148 Safari/604.1"
43.131.253.14 - - [08/Jun/2025:12:26:31 -0400] "GET /manga/perfect-marriage-revenge-chapter-87/ HTTP/1.1" 200 13352 "-" "Mozilla/5.0 (iPhone; CPU iPhone OS 13_2_3 like Mac OS X) AppleWebKit/605.1.15 (KHTML, like Gecko) Version/13.0.3 Mobile/15E148 Safari/604.1"
43.158.91.71 - - [08/Jun/2025:12:35:50 -0400] "GET /manga/perfect-marriage-revenge-chapter-89/ HTTP/1.1" 200 13302 "-" "Mozilla/5.0 (iPhone; CPU iPhone OS 13_2_3 like Mac OS X) AppleWebKit/605.1.15 (KHTML, like Gecko) Version/13.0.3 Mobile/15E148 Safari/604.1"
162.0.232.193 - - [08/Jun/2025:12:46:02 -0400] "POST /wp-cron.php?doing_wp_cron=1749401162.6118059158325195312500 HTTP/1.1" 200 0 "-" "WordPress/6.6.2; https://w1.perfectmarriagerevenge.com"
43.131.36.84 - - [08/Jun/2025:12:45:59 -0400] "GET /?p=1554 HTTP/1.1" 301 0 "-" "Mozilla/5.0 (iPhone; CPU iPhone OS 13_2_3 like Mac OS X) AppleWebKit/605.1.15 (KHTML, like Gecko) Version/13.0.3 Mobile/15E148 Safari/604.1"
162.0.232.193 - - [08/Jun/2025:12:46:02 -0400] "POST /wp-cron.php?doing_wp_cron=1749401162.6117160320281982421875 HTTP/1.1" 200 0 "-" "WordPress/6.6.2; https://w1.perfectmarriagerevenge.com"
216.244.66.198 - - [08/Jun/2025:12:46:01 -0400] "GET /author/admin/page/8/ HTTP/1.1" 200 24755 "-" "Mozilla/5.0 (compatible; DotBot/1.2; +https://opensiteexplorer.org/dotbot; [email protected])"
43.131.36.84 - - [08/Jun/2025:12:46:06 -0400] "GET /manga/perfect-marriage-revenge-chapter-9-5/ HTTP/1.1" 200 12675 "https://w1.perfectmarriagerevenge.com/?p=1554" "Mozilla/5.0 (iPhone; CPU iPhone OS 13_2_3 like Mac OS X) AppleWebKit/605.1.15 (KHTML, like Gecko) Version/13.0.3 Mobile/15E148 Safari/604.1"
162.0.232.193 - - [08/Jun/2025:12:56:07 -0400] "POST /wp-cron.php?doing_wp_cron=1749401767.5068340301513671875000 HTTP/1.1" 200 0 "-" "WordPress/6.6.2; https://w1.perfectmarriagerevenge.com"
2001:19f0:4400:523d:: - - [08/Jun/2025:12:56:04 -0400] "POST /xmlrpc.php HTTP/1.1" 200 205 "-" "Mozilla/5.0 (X11; Ubuntu; Linux x86_64; rv:85.0) Gecko/20100101 Firefox/91.0"
66.249.66.163 - - [08/Jun/2025:12:56:13 -0400] "GET /manga/perfect-marriage-revenge-chapter-7/ HTTP/1.1" 200 11867 "-" "Mozilla/5.0 (Linux; Android 6.0.1; Nexus 5X Build/MMB29P) AppleWebKit/537.36 (KHTML, like Gecko) Chrome/136.0.7103.113 Mobile Safari/537.36 (compatible; Googlebot/2.1; +http://www.google.com/bot.html)"
66.249.66.36 - - [08/Jun/2025:12:56:17 -0400] "POST /wp-admin/admin-ajax.php HTTP/1.1" 200 69 "https://w1.perfectmarriagerevenge.com/manga/perfect-marriage-revenge-chapter-7/" "Mozilla/5.0 (Linux; Android 6.0.1; Nexus 5X Build/MMB29P) AppleWebKit/537.36 (KHTML, like Gecko) Chrome/136.0.7103.92 Mobile Safari/537.36 (compatible; Googlebot/2.1; +http://www.google.com/bot.html)"
162.0.232.193 - - [08/Jun/2025:12:56:44 -0400] "POST /wp-cron.php?doing_wp_cron=1749401804.6563799381256103515625 HTTP/1.1" 200 0 "-" "WordPress/6.6.2; https://w1.perfectmarriagerevenge.com"
43.165.65.75 - - [08/Jun/2025:12:56:44 -0400] "GET /wp-json/oembed/1.0/embed?url=https%3A%2F%2Fw1.perfectmarriagerevenge.com%2Fmanga%2Fperfect-marriage-revenge-chapter-62%2F HTTP/1.1" 200 2655 "-" "Mozilla/5.0 (iPhone; CPU iPhone OS 13_2_3 like Mac OS X) AppleWebKit/605.1.15 (KHTML, like Gecko) Version/13.0.3 Mobile/15E148 Safari/604.1"
162.0.232.193 - - [08/Jun/2025:13:07:20 -0400] "POST /wp-cron.php?doing_wp_cron=1749402440.1038410663604736328125 HTTP/1.1" 200 0 "-" "WordPress/6.6.2; https://w1.perfectmarriagerevenge.com"
170.106.15.3 - - [08/Jun/2025:13:07:15 -0400] "GET /wp-json/wp/v2/posts/1487 HTTP/1.1" 200 34615 "-" "Mozilla/5.0 (iPhone; CPU iPhone OS 13_2_3 like Mac OS X) AppleWebKit/605.1.15 (KHTML, like Gecko) Version/13.0.3 Mobile/15E148 Safari/604.1"
162.0.232.193 - - [08/Jun/2025:13:12:42 -0400] "POST /wp-cron.php?doing_wp_cron=1749402761.5999970436096191406250 HTTP/1.1" 200 0 "-" "WordPress/6.6.2; https://w1.perfectmarriagerevenge.com"
115.245.68.131 - - [08/Jun/2025:13:12:39 -0400] "POST /xmlrpc.php HTTP/1.1" 200 205 "-" "Mozilla/5.0 (X11; Ubuntu; Linux x86_64; rv:85.0) Gecko/20100101 Firefox/91.0"
2a03:2880:ff:4:: - - [08/Jun/2025:13:13:21 -0400] "GET /manga/perfect-marriage-revenge-chapter-118/ HTTP/1.1" 200 12355 "-" "meta-externalagent/1.1 (+https://developers.facebook.com/docs/sharing/webmasters/crawler)"
162.0.232.193 - - [08/Jun/2025:13:15:51 -0400] "POST /wp-cron.php?doing_wp_cron=1749402951.3585619926452636718750 HTTP/1.1" 200 0 "-" "WordPress/6.6.2; https://w1.perfectmarriagerevenge.com"
34.195.60.66 - - [08/Jun/2025:13:15:49 -0400] "GET /category/manga/page/11/ HTTP/1.1" 200 23533 "-" "Mozilla/5.0 AppleWebKit/537.36 (KHTML, like Gecko; compatible; Amazonbot/0.1; +https://developer.amazon.com/support/amazonbot) Chrome/119.0.6045.214 Safari/537.36"
162.0.232.193 - - [08/Jun/2025:13:17:02 -0400] "POST /wp-cron.php?doing_wp_cron=1749403022.4880020618438720703125 HTTP/1.1" 200 0 "-" "WordPress/6.6.2; https://w1.perfectmarriagerevenge.com"
49.51.245.241 - - [08/Jun/2025:13:17:02 -0400] "GET /wp-json/oembed/1.0/embed?url=https%3A%2F%2Fw1.perfectmarriagerevenge.com%2Fmanga%2Fperfect-marriage-revenge-chapter-72%2F&format=xml HTTP/1.1" 200 1208 "-" "Mozilla/5.0 (iPhone; CPU iPhone OS 13_2_3 like Mac OS X) AppleWebKit/605.1.15 (KHTML, like Gecko) Version/13.0.3 Mobile/15E148 Safari/604.1"
66.249.66.69 - - [08/Jun/2025:13:23:06 -0400] "GET /tag/perfect-marriage-revenge/ HTTP/1.1" 301 0 "-" "Mozilla/5.0 (Linux; Android 6.0.1; Nexus 5X Build/MMB29P) AppleWebKit/537.36 (KHTML, like Gecko) Chrome/136.0.7103.113 Mobile Safari/537.36 (compatible; Googlebot/2.1; +http://www.google.com/bot.html)"
162.0.232.193 - - [08/Jun/2025:13:27:26 -0400] "POST /wp-cron.php?doing_wp_cron=1749403646.6385560035705566406250 HTTP/1.1" 200 0 "-" "WordPress/6.6.2; https://w1.perfectmarriagerevenge.com"
2406:30c0:0:66:be24:11ff:fe2e:3b02 - - [08/Jun/2025:13:27:24 -0400] "POST /xmlrpc.php HTTP/1.1" 200 205 "-" "Mozilla/5.0 (X11; Ubuntu; Linux x86_64; rv:85.0) Gecko/20100101 Firefox/91.0"
162.0.232.193 - - [08/Jun/2025:13:27:46 -0400] "POST /wp-cron.php?doing_wp_cron=1749403666.4489979743957519531250 HTTP/1.1" 200 0 "-" "WordPress/6.6.2; https://w1.perfectmarriagerevenge.com"
43.130.74.193 - - [08/Jun/2025:13:27:46 -0400] "GET /?p=1472 HTTP/1.1" 301 0 "-" "Mozilla/5.0 (iPhone; CPU iPhone OS 13_2_3 like Mac OS X) AppleWebKit/605.1.15 (KHTML, like Gecko) Version/13.0.3 Mobile/15E148 Safari/604.1"
43.130.74.193 - - [08/Jun/2025:13:27:50 -0400] "GET /manga/perfect-marriage-revenge-chapter-87/ HTTP/1.1" 200 13352 "https://w1.perfectmarriagerevenge.com/?p=1472" "Mozilla/5.0 (iPhone; CPU iPhone OS 13_2_3 like Mac OS X) AppleWebKit/605.1.15 (KHTML, like Gecko) Version/13.0.3 Mobile/15E148 Safari/604.1"
162.0.232.193 - - [08/Jun/2025:13:37:34 -0400] "POST /wp-cron.php?doing_wp_cron=1749404253.9547700881958007812500 HTTP/1.1" 200 0 "-" "WordPress/6.6.2; https://w1.perfectmarriagerevenge.com"
49.51.243.156 - - [08/Jun/2025:13:37:31 -0400] "GET /manga/perfect-marriage-revenge-chapter-89/feed/ HTTP/1.1" 200 427 "-" "Mozilla/5.0 (iPhone; CPU iPhone OS 13_2_3 like Mac OS X) AppleWebKit/605.1.15 (KHTML, like Gecko) Version/13.0.3 Mobile/15E148 Safari/604.1"
49.51.183.15 - - [08/Jun/2025:13:46:08 -0400] "GET /manga/perfect-marriage-revenge-chapter-87/ HTTP/1.1" 200 13352 "-" "Mozilla/5.0 (iPhone; CPU iPhone OS 13_2_3 like Mac OS X) AppleWebKit/605.1.15 (KHTML, like Gecko) Version/13.0.3 Mobile/15E148 Safari/604.1"
195.82.146.212 - - [08/Jun/2025:13:47:07 -0400] "GET / HTTP/1.1" 200 10467 "https://w1.perfectmarriagerevenge.com/" "Mozilla/5.0 (Windows NT 10.0; Win64; x64) AppleWebKit/537.36 (KHTML, like Gecko) Chrome/130.0.0.0 Safari/537.36 CCleaner/130.0.0.0"
162.0.232.193 - - [08/Jun/2025:13:48:56 -0400] "POST /wp-cron.php?doing_wp_cron=1749404935.9878458976745605468750 HTTP/1.1" 200 0 "-" "WordPress/6.6.2; https://w1.perfectmarriagerevenge.com"
40.77.167.25 - - [08/Jun/2025:13:48:51 -0400] "GET /?s=2026 HTTP/1.1" 200 12476 "-" "Mozilla/5.0 AppleWebKit/537.36 (KHTML, like Gecko; compatible; bingbot/2.0; +http://www.bing.com/bingbot.htm) Chrome/116.0.1938.76 Safari/537.36"
162.0.232.193 - - [08/Jun/2025:13:50:00 -0400] "POST /wp-cron.php?doing_wp_cron=1749405000.4926199913024902343750 HTTP/1.1" 200 0 "-" "WordPress/6.6.2; https://w1.perfectmarriagerevenge.com"
66.249.66.160 - - [08/Jun/2025:13:50:00 -0400] "GET /perfect-marriage-revenge-chapter-2/ HTTP/1.1" 301 0 "-" "Mozilla/5.0 (Linux; Android 6.0.1; Nexus 5X Build/MMB29P) AppleWebKit/537.36 (KHTML, like Gecko) Chrome/136.0.7103.113 Mobile Safari/537.36 (compatible; Googlebot/2.1; +http://www.google.com/bot.html)"
198.235.24.144 - - [08/Jun/2025:13:50:52 -0400] "GET / HTTP/1.1" 200 10467 "-" "-"
162.0.232.193 - - [08/Jun/2025:13:51:21 -0400] "POST /wp-cron.php?doing_wp_cron=1749405081.4625139236450195312500 HTTP/1.1" 200 0 "-" "WordPress/6.6.2; https://w1.perfectmarriagerevenge.com"
199.119.235.250 - - [08/Jun/2025:13:51:21 -0400] "GET /perfect-marriage-revenge-chapter-113/ HTTP/1.1" 301 0 "https://perfectmarriagerevenge.com/" "Mozilla/5.0 (iPhone; CPU iPhone OS 16_1_2 like Mac OS X) AppleWebKit/605.1.15 (KHTML, like Gecko) Version/16.1 Mobile/15E148 Safari/604.1"
