162.0.232.193 - - [08/Jun/2025:20:06:31 -0400] "POST /wp-cron.php?doing_wp_cron=1749427591.1221210956573486328125 HTTP/1.1" 200 0 "-" "WordPress/6.8.1; https://reversevillain.com"
45.94.31.111 - - [08/Jun/2025:20:06:00 -0400] "POST //xmlrpc.php HTTP/1.1" 200 205 "-" "Mozilla/5.0 (Windows NT 10.0; Win64; x64) AppleWebKit/537.36 (KHTML, like Gecko) Chrome/89.0.4389.114 Safari/537.36"
162.0.232.193 - - [08/Jun/2025:20:06:32 -0400] "POST /wp-admin/admin-ajax.php?action=async_litespeed&nonce=leVpj2b1wpzeMloVirRAeIeMSyIvsa4M&litespeed_type=imgoptm HTTP/1.1" 200 5 "-" "WordPress/6.8.1; https://reversevillain.com"
45.94.31.111 - - [08/Jun/2025:20:06:31 -0400] "POST //xmlrpc.php HTTP/1.1" 200 205 "-" "Mozilla/5.0 (Windows NT 10.0; Win64; x64) AppleWebKit/537.36 (KHTML, like Gecko) Chrome/89.0.4389.114 Safari/537.36"
162.0.232.193 - - [08/Jun/2025:20:07:00 -0400] "POST /wp-cron.php?doing_wp_cron=1749427620.6478879451751708984375 HTTP/1.1" 200 0 "-" "WordPress/6.8.1; https://reversevillain.com"
157.245.148.39 - - [08/Jun/2025:20:06:31 -0400] "POST //xmlrpc.php HTTP/1.1" 200 205 "-" "Mozilla/5.0 (Windows NT 10.0; Win64; x64) AppleWebKit/537.36 (KHTML, like Gecko) Chrome/78.0.3904.108 Safari/537.36"
162.0.232.193 - - [08/Jun/2025:20:07:01 -0400] "POST /wp-admin/admin-ajax.php?action=async_litespeed&nonce=yj28BktSHvbnWzgf0lN0itvyQdyk8413&litespeed_type=imgoptm HTTP/1.1" 200 5 "-" "WordPress/6.8.1; https://reversevillain.com"
216.73.216.92 - - [08/Jun/2025:20:07:25 -0400] "GET /comic/ai-wo-kataru-nara-hisoyaka-ni-vol-3-chapter-25-5 HTTP/1.1" 301 0 "-" "Mozilla/5.0 AppleWebKit/537.36 (KHTML, like Gecko; compatible; ClaudeBot/1.0; [email protected])"
162.0.232.193 - - [08/Jun/2025:20:07:30 -0400] "POST /wp-cron.php?doing_wp_cron=1749427650.3094959259033203125000 HTTP/1.1" 200 0 "-" "WordPress/6.8.1; https://reversevillain.com"
157.245.148.39 - - [08/Jun/2025:20:07:01 -0400] "POST //xmlrpc.php HTTP/1.1" 200 205 "-" "Mozilla/5.0 (Windows NT 10.0; Win64; x64) AppleWebKit/537.36 (KHTML, like Gecko) Chrome/78.0.3904.108 Safari/537.36"
45.94.31.111 - - [08/Jun/2025:20:07:00 -0400] "POST //xmlrpc.php HTTP/1.1" 200 205 "-" "Mozilla/5.0 (Windows NT 10.0; Win64; x64) AppleWebKit/537.36 (KHTML, like Gecko) Chrome/89.0.4389.114 Safari/537.36"
45.94.31.111 - - [08/Jun/2025:20:07:31 -0400] "POST //xmlrpc.php HTTP/1.1" 200 205 "-" "Mozilla/5.0 (Windows NT 10.0; Win64; x64) AppleWebKit/537.36 (KHTML, like Gecko) Chrome/89.0.4389.114 Safari/537.36"
157.245.148.39 - - [08/Jun/2025:20:07:30 -0400] "POST //xmlrpc.php HTTP/1.1" 200 205 "-" "Mozilla/5.0 (Windows NT 10.0; Win64; x64) AppleWebKit/537.36 (KHTML, like Gecko) Chrome/78.0.3904.108 Safari/537.36"
43.133.220.37 - - [08/Jun/2025:20:08:09 -0400] "GET /wp-json/wp/v2/posts/1470 HTTP/1.1" 200 10387 "-" "Mozilla/5.0 (iPhone; CPU iPhone OS 13_2_3 like Mac OS X) AppleWebKit/605.1.15 (KHTML, like Gecko) Version/13.0.3 Mobile/15E148 Safari/604.1"
45.94.31.111 - - [08/Jun/2025:20:08:00 -0400] "POST //xmlrpc.php HTTP/1.1" 200 205 "-" "Mozilla/5.0 (Windows NT 10.0; Win64; x64) AppleWebKit/537.36 (KHTML, like Gecko) Chrome/89.0.4389.114 Safari/537.36"
157.245.148.39 - - [08/Jun/2025:20:08:01 -0400] "POST //xmlrpc.php HTTP/1.1" 200 205 "-" "Mozilla/5.0 (Windows NT 10.0; Win64; x64) AppleWebKit/537.36 (KHTML, like Gecko) Chrome/78.0.3904.108 Safari/537.36"
162.0.232.193 - - [08/Jun/2025:20:08:45 -0400] "POST /wp-cron.php?doing_wp_cron=1749427725.5168809890747070312500 HTTP/1.1" 200 0 "-" "WordPress/6.8.1; https://reversevillain.com"
157.245.148.39 - - [08/Jun/2025:20:08:30 -0400] "POST //xmlrpc.php HTTP/1.1" 200 205 "-" "Mozilla/5.0 (Windows NT 10.0; Win64; x64) AppleWebKit/537.36 (KHTML, like Gecko) Chrome/78.0.3904.108 Safari/537.36"
45.94.31.111 - - [08/Jun/2025:20:08:15 -0400] "POST //xmlrpc.php HTTP/1.1" 200 205 "-" "Mozilla/5.0 (Windows NT 10.0; Win64; x64) AppleWebKit/537.36 (KHTML, like Gecko) Chrome/89.0.4389.114 Safari/537.36"
162.0.232.193 - - [08/Jun/2025:20:08:46 -0400] "POST /wp-admin/admin-ajax.php?action=async_litespeed&nonce=QToFB5t5BVldW5Bl1jB9frXjoEjsH9C4&litespeed_type=imgoptm HTTP/1.1" 200 5 "-" "WordPress/6.8.1; https://reversevillain.com"
162.0.232.193 - - [08/Jun/2025:20:09:15 -0400] "POST /wp-cron.php?doing_wp_cron=1749427755.1941409111022949218750 HTTP/1.1" 200 0 "-" "WordPress/6.8.1; https://reversevillain.com"
157.245.148.39 - - [08/Jun/2025:20:08:46 -0400] "POST //xmlrpc.php HTTP/1.1" 200 205 "-" "Mozilla/5.0 (Windows NT 10.0; Win64; x64) AppleWebKit/537.36 (KHTML, like Gecko) Chrome/78.0.3904.108 Safari/537.36"
45.94.31.111 - - [08/Jun/2025:20:08:46 -0400] "POST //xmlrpc.php HTTP/1.1" 200 205 "-" "Mozilla/5.0 (Windows NT 10.0; Win64; x64) AppleWebKit/537.36 (KHTML, like Gecko) Chrome/89.0.4389.114 Safari/537.36"
162.0.232.193 - - [08/Jun/2025:20:09:15 -0400] "POST /wp-admin/admin-ajax.php?action=async_litespeed&nonce=4DthgUuDMMxLmAZ90aVJDFmVHVqdHgIt&litespeed_type=imgoptm HTTP/1.1" 200 5 "-" "WordPress/6.8.1; https://reversevillain.com"
162.0.232.193 - - [08/Jun/2025:20:09:30 -0400] "POST /wp-cron.php?doing_wp_cron=1749427770.7145459651947021484375 HTTP/1.1" 200 0 "-" "WordPress/6.8.1; https://reversevillain.com"
45.94.31.111 - - [08/Jun/2025:20:09:15 -0400] "POST //xmlrpc.php HTTP/1.1" 200 205 "-" "Mozilla/5.0 (Windows NT 10.0; Win64; x64) AppleWebKit/537.36 (KHTML, like Gecko) Chrome/89.0.4389.114 Safari/537.36"
157.245.148.39 - - [08/Jun/2025:20:09:15 -0400] "POST //xmlrpc.php HTTP/1.1" 200 205 "-" "Mozilla/5.0 (Windows NT 10.0; Win64; x64) AppleWebKit/537.36 (KHTML, like Gecko) Chrome/78.0.3904.108 Safari/537.36"
45.94.31.111 - - [08/Jun/2025:20:09:31 -0400] "POST //xmlrpc.php HTTP/1.1" 200 205 "-" "Mozilla/5.0 (Windows NT 10.0; Win64; x64) AppleWebKit/537.36 (KHTML, like Gecko) Chrome/89.0.4389.114 Safari/537.36"
157.245.148.39 - - [08/Jun/2025:20:09:46 -0400] "POST //xmlrpc.php HTTP/1.1" 200 205 "-" "Mozilla/5.0 (Windows NT 10.0; Win64; x64) AppleWebKit/537.36 (KHTML, like Gecko) Chrome/78.0.3904.108 Safari/537.36"
45.94.31.111 - - [08/Jun/2025:20:10:00 -0400] "POST //xmlrpc.php HTTP/1.1" 200 205 "-" "Mozilla/5.0 (Windows NT 10.0; Win64; x64) AppleWebKit/537.36 (KHTML, like Gecko) Chrome/89.0.4389.114 Safari/537.36"
199.195.254.158 - - [08/Jun/2025:20:10:18 -0400] "GET /wp-login.php HTTP/1.1" 200 2047 "-" "Mozilla/5.0 (X11; Linux i686) AppleWebKit/537.36 (KHTML, like Gecko) Chrome/36.0.1985.125 Safari/537.36"
199.195.254.158 - - [08/Jun/2025:20:10:18 -0400] "POST /wp-login.php HTTP/1.1" 200 2145 "-" "Mozilla/5.0 (X11; Linux i686) AppleWebKit/537.36 (KHTML, like Gecko) Chrome/36.0.1985.125 Safari/537.36"
157.245.148.39 - - [08/Jun/2025:20:10:15 -0400] "POST //xmlrpc.php HTTP/1.1" 200 205 "-" "Mozilla/5.0 (Windows NT 10.0; Win64; x64) AppleWebKit/537.36 (KHTML, like Gecko) Chrome/78.0.3904.108 Safari/537.36"
162.0.232.193 - - [08/Jun/2025:20:10:30 -0400] "POST /wp-cron.php?doing_wp_cron=1749427830.7389760017395019531250 HTTP/1.1" 200 0 "-" "WordPress/6.8.1; https://reversevillain.com"
45.94.31.111 - - [08/Jun/2025:20:10:15 -0400] "POST //xmlrpc.php HTTP/1.1" 200 205 "-" "Mozilla/5.0 (Windows NT 10.0; Win64; x64) AppleWebKit/537.36 (KHTML, like Gecko) Chrome/89.0.4389.114 Safari/537.36"
162.0.232.193 - - [08/Jun/2025:20:10:31 -0400] "POST /wp-admin/admin-ajax.php?action=async_litespeed&nonce=CDHy1GwqWHZLIrMax87K4jv7LtcAAfoB&litespeed_type=imgoptm HTTP/1.1" 200 5 "-" "WordPress/6.8.1; https://reversevillain.com"
162.0.232.193 - - [08/Jun/2025:20:11:00 -0400] "POST /wp-cron.php?doing_wp_cron=1749427860.3100619316101074218750 HTTP/1.1" 200 0 "-" "WordPress/6.8.1; https://reversevillain.com"
45.94.31.111 - - [08/Jun/2025:20:10:31 -0400] "POST //xmlrpc.php HTTP/1.1" 200 205 "-" "Mozilla/5.0 (Windows NT 10.0; Win64; x64) AppleWebKit/537.36 (KHTML, like Gecko) Chrome/89.0.4389.114 Safari/537.36"
157.245.148.39 - - [08/Jun/2025:20:10:30 -0400] "POST //xmlrpc.php HTTP/1.1" 200 205 "-" "Mozilla/5.0 (Windows NT 10.0; Win64; x64) AppleWebKit/537.36 (KHTML, like Gecko) Chrome/78.0.3904.108 Safari/537.36"
162.0.232.193 - - [08/Jun/2025:20:11:00 -0400] "POST /wp-admin/admin-ajax.php?action=async_litespeed&nonce=0sZ1bhGKJF2JMwGovkmsNFzBsYuivpm9&litespeed_type=imgoptm HTTP/1.1" 200 5 "-" "WordPress/6.8.1; https://reversevillain.com"
162.0.232.193 - - [08/Jun/2025:20:11:30 -0400] "POST /wp-cron.php?doing_wp_cron=1749427890.1190409660339355468750 HTTP/1.1" 200 0 "-" "WordPress/6.8.1; https://reversevillain.com"
157.245.148.39 - - [08/Jun/2025:20:11:01 -0400] "POST //xmlrpc.php HTTP/1.1" 200 205 "-" "Mozilla/5.0 (Windows NT 10.0; Win64; x64) AppleWebKit/537.36 (KHTML, like Gecko) Chrome/78.0.3904.108 Safari/537.36"
45.94.31.111 - - [08/Jun/2025:20:11:00 -0400] "POST //xmlrpc.php HTTP/1.1" 200 205 "-" "Mozilla/5.0 (Windows NT 10.0; Win64; x64) AppleWebKit/537.36 (KHTML, like Gecko) Chrome/89.0.4389.114 Safari/537.36"
157.245.148.39 - - [08/Jun/2025:20:11:30 -0400] "POST //xmlrpc.php HTTP/1.1" 200 205 "-" "Mozilla/5.0 (Windows NT 10.0; Win64; x64) AppleWebKit/537.36 (KHTML, like Gecko) Chrome/78.0.3904.108 Safari/537.36"
45.94.31.111 - - [08/Jun/2025:20:11:30 -0400] "POST //xmlrpc.php HTTP/1.1" 200 205 "-" "Mozilla/5.0 (Windows NT 10.0; Win64; x64) AppleWebKit/537.36 (KHTML, like Gecko) Chrome/89.0.4389.114 Safari/537.36"
162.0.232.193 - - [08/Jun/2025:20:12:30 -0400] "POST /wp-cron.php?doing_wp_cron=1749427950.4524559974670410156250 HTTP/1.1" 200 0 "-" "WordPress/6.8.1; https://reversevillain.com"
45.94.31.111 - - [08/Jun/2025:20:12:01 -0400] "POST //xmlrpc.php HTTP/1.1" 200 205 "-" "Mozilla/5.0 (Windows NT 10.0; Win64; x64) AppleWebKit/537.36 (KHTML, like Gecko) Chrome/89.0.4389.114 Safari/537.36"
157.245.148.39 - - [08/Jun/2025:20:12:00 -0400] "POST //xmlrpc.php HTTP/1.1" 200 205 "-" "Mozilla/5.0 (Windows NT 10.0; Win64; x64) AppleWebKit/537.36 (KHTML, like Gecko) Chrome/78.0.3904.108 Safari/537.36"
162.0.232.193 - - [08/Jun/2025:20:12:31 -0400] "POST /wp-admin/admin-ajax.php?action=async_litespeed&nonce=lLtohqw0M0S6aA8IHm3QWLu6gLcsYvKq&litespeed_type=imgoptm HTTP/1.1" 200 5 "-" "WordPress/6.8.1; https://reversevillain.com"
162.0.232.193 - - [08/Jun/2025:20:12:35 -0400] "POST /wp-cron.php?doing_wp_cron=1749427955.0282869338989257812500 HTTP/1.1" 200 0 "-" "WordPress/6.8.1; https://reversevillain.com"
52.167.144.214 - - [08/Jun/2025:20:12:34 -0400] "GET /maou-no-ore-ga-dorei-elf-wo-yome-ni-shitanda-ga-dou-medereba-ii-chapter-57/ HTTP/1.1" 301 0 "-" "Mozilla/5.0 AppleWebKit/537.36 (KHTML, like Gecko; compatible; bingbot/2.0; +http://www.bing.com/bingbot.htm) Chrome/116.0.1938.76 Safari/537.36"
162.0.232.193 - - [08/Jun/2025:20:13:00 -0400] "POST /wp-cron.php?doing_wp_cron=1749427980.3376379013061523437500 HTTP/1.1" 200 0 "-" "WordPress/6.8.1; https://reversevillain.com"
157.245.148.39 - - [08/Jun/2025:20:12:31 -0400] "POST //xmlrpc.php HTTP/1.1" 200 205 "-" "Mozilla/5.0 (Windows NT 10.0; Win64; x64) AppleWebKit/537.36 (KHTML, like Gecko) Chrome/78.0.3904.108 Safari/537.36"
45.94.31.111 - - [08/Jun/2025:20:12:30 -0400] "POST //xmlrpc.php HTTP/1.1" 200 205 "-" "Mozilla/5.0 (Windows NT 10.0; Win64; x64) AppleWebKit/537.36 (KHTML, like Gecko) Chrome/89.0.4389.114 Safari/537.36"
162.0.232.193 - - [08/Jun/2025:20:13:01 -0400] "POST /wp-admin/admin-ajax.php?action=async_litespeed&nonce=Yns1YacQ594XBpSR4hGzo9X8ARalaZ9f&litespeed_type=imgoptm HTTP/1.1" 200 5 "-" "WordPress/6.8.1; https://reversevillain.com"
162.0.232.193 - - [08/Jun/2025:20:13:30 -0400] "POST /wp-cron.php?doing_wp_cron=1749428010.3124539852142333984375 HTTP/1.1" 200 0 "-" "WordPress/6.8.1; https://reversevillain.com"
45.94.31.111 - - [08/Jun/2025:20:13:01 -0400] "POST //xmlrpc.php HTTP/1.1" 200 205 "-" "Mozilla/5.0 (Windows NT 10.0; Win64; x64) AppleWebKit/537.36 (KHTML, like Gecko) Chrome/89.0.4389.114 Safari/537.36"
157.245.148.39 - - [08/Jun/2025:20:13:00 -0400] "POST //xmlrpc.php HTTP/1.1" 200 205 "-" "Mozilla/5.0 (Windows NT 10.0; Win64; x64) AppleWebKit/537.36 (KHTML, like Gecko) Chrome/78.0.3904.108 Safari/537.36"
157.245.148.39 - - [08/Jun/2025:20:13:31 -0400] "POST //xmlrpc.php HTTP/1.1" 200 205 "-" "Mozilla/5.0 (Windows NT 10.0; Win64; x64) AppleWebKit/537.36 (KHTML, like Gecko) Chrome/78.0.3904.108 Safari/537.36"
45.94.31.111 - - [08/Jun/2025:20:13:30 -0400] "POST //xmlrpc.php HTTP/1.1" 200 205 "-" "Mozilla/5.0 (Windows NT 10.0; Win64; x64) AppleWebKit/537.36 (KHTML, like Gecko) Chrome/89.0.4389.114 Safari/537.36"
45.94.31.111 - - [08/Jun/2025:20:14:01 -0400] "POST //xmlrpc.php HTTP/1.1" 200 205 "-" "Mozilla/5.0 (Windows NT 10.0; Win64; x64) AppleWebKit/537.36 (KHTML, like Gecko) Chrome/89.0.4389.114 Safari/537.36"
162.0.232.193 - - [08/Jun/2025:20:14:30 -0400] "POST /wp-cron.php?doing_wp_cron=1749428070.6175389289855957031250 HTTP/1.1" 200 0 "-" "WordPress/6.8.1; https://reversevillain.com"
157.245.148.39 - - [08/Jun/2025:20:14:00 -0400] "POST //xmlrpc.php HTTP/1.1" 200 205 "-" "Mozilla/5.0 (Windows NT 10.0; Win64; x64) AppleWebKit/537.36 (KHTML, like Gecko) Chrome/78.0.3904.108 Safari/537.36"
162.0.232.193 - - [08/Jun/2025:20:14:31 -0400] "POST /wp-admin/admin-ajax.php?action=async_litespeed&nonce=xtP37v1Vvy9HWRUY3pdYB4uWpVXKK7kN&litespeed_type=imgoptm HTTP/1.1" 200 5 "-" "WordPress/6.8.1; https://reversevillain.com"
162.0.232.193 - - [08/Jun/2025:20:14:45 -0400] "POST /wp-cron.php?doing_wp_cron=1749428085.4373090267181396484375 HTTP/1.1" 200 0 "-" "WordPress/6.8.1; https://reversevillain.com"
45.94.31.111 - - [08/Jun/2025:20:14:30 -0400] "POST //xmlrpc.php HTTP/1.1" 200 205 "-" "Mozilla/5.0 (Windows NT 10.0; Win64; x64) AppleWebKit/537.36 (KHTML, like Gecko) Chrome/89.0.4389.114 Safari/537.36"
162.0.232.193 - - [08/Jun/2025:20:15:00 -0400] "POST /wp-cron.php?doing_wp_cron=1749428100.2148339748382568359375 HTTP/1.1" 200 0 "-" "WordPress/6.8.1; https://reversevillain.com"
157.245.148.39 - - [08/Jun/2025:20:14:31 -0400] "POST //xmlrpc.php HTTP/1.1" 200 205 "-" "Mozilla/5.0 (Windows NT 10.0; Win64; x64) AppleWebKit/537.36 (KHTML, like Gecko) Chrome/78.0.3904.108 Safari/537.36"
162.0.232.193 - - [08/Jun/2025:20:15:00 -0400] "POST /wp-admin/admin-ajax.php?action=async_litespeed&nonce=Yal3nJxRUAxawYRGhURbyO9tmfB9Oc2A&litespeed_type=imgoptm HTTP/1.1" 200 5 "-" "WordPress/6.8.1; https://reversevillain.com"
45.94.31.111 - - [08/Jun/2025:20:14:45 -0400] "POST //xmlrpc.php HTTP/1.1" 200 205 "-" "Mozilla/5.0 (Windows NT 10.0; Win64; x64) AppleWebKit/537.36 (KHTML, like Gecko) Chrome/89.0.4389.114 Safari/537.36"
162.0.232.193 - - [08/Jun/2025:20:15:31 -0400] "POST /wp-cron.php?doing_wp_cron=1749428130.8231320381164550781250 HTTP/1.1" 200 0 "-" "WordPress/6.8.1; https://reversevillain.com"
157.245.148.39 - - [08/Jun/2025:20:15:00 -0400] "POST //xmlrpc.php HTTP/1.1" 200 205 "-" "Mozilla/5.0 (Windows NT 10.0; Win64; x64) AppleWebKit/537.36 (KHTML, like Gecko) Chrome/78.0.3904.108 Safari/537.36"
45.94.31.111 - - [08/Jun/2025:20:15:16 -0400] "POST //xmlrpc.php HTTP/1.1" 200 205 "-" "Mozilla/5.0 (Windows NT 10.0; Win64; x64) AppleWebKit/537.36 (KHTML, like Gecko) Chrome/89.0.4389.114 Safari/537.36"
157.245.148.39 - - [08/Jun/2025:20:15:31 -0400] "POST //xmlrpc.php HTTP/1.1" 200 205 "-" "Mozilla/5.0 (Windows NT 10.0; Win64; x64) AppleWebKit/537.36 (KHTML, like Gecko) Chrome/78.0.3904.108 Safari/537.36"
45.94.31.111 - - [08/Jun/2025:20:15:45 -0400] "POST //xmlrpc.php HTTP/1.1" 200 205 "-" "Mozilla/5.0 (Windows NT 10.0; Win64; x64) AppleWebKit/537.36 (KHTML, like Gecko) Chrome/89.0.4389.114 Safari/537.36"
45.94.31.111 - - [08/Jun/2025:20:16:00 -0400] "POST //xmlrpc.php HTTP/1.1" 200 205 "-" "Mozilla/5.0 (Windows NT 10.0; Win64; x64) AppleWebKit/537.36 (KHTML, like Gecko) Chrome/89.0.4389.114 Safari/537.36"
157.245.148.39 - - [08/Jun/2025:20:16:00 -0400] "POST //xmlrpc.php HTTP/1.1" 200 205 "-" "Mozilla/5.0 (Windows NT 10.0; Win64; x64) AppleWebKit/537.36 (KHTML, like Gecko) Chrome/78.0.3904.108 Safari/537.36"
162.0.232.193 - - [08/Jun/2025:20:16:46 -0400] "POST /wp-cron.php?doing_wp_cron=1749428206.0848379135131835937500 HTTP/1.1" 200 0 "-" "WordPress/6.8.1; https://reversevillain.com"
162.0.232.193 - - [08/Jun/2025:20:16:46 -0400] "POST /wp-cron.php?doing_wp_cron=1749428206.1519858837127685546875 HTTP/1.1" 200 0 "-" "WordPress/6.8.1; https://reversevillain.com"
45.94.31.111 - - [08/Jun/2025:20:16:15 -0400] "POST //xmlrpc.php HTTP/1.1" 200 205 "-" "Mozilla/5.0 (Windows NT 10.0; Win64; x64) AppleWebKit/537.36 (KHTML, like Gecko) Chrome/89.0.4389.114 Safari/537.36"
157.245.148.39 - - [08/Jun/2025:20:16:15 -0400] "POST //xmlrpc.php HTTP/1.1" 200 205 "-" "Mozilla/5.0 (Windows NT 10.0; Win64; x64) AppleWebKit/537.36 (KHTML, like Gecko) Chrome/78.0.3904.108 Safari/537.36"
162.0.232.193 - - [08/Jun/2025:20:16:46 -0400] "POST /wp-admin/admin-ajax.php?action=async_litespeed&nonce=RVJIYrMFKKfqO6IL4uzdsMCdJw1EpXLP&litespeed_type=imgoptm HTTP/1.1" 200 5 "-" "WordPress/6.8.1; https://reversevillain.com"
5.255.231.182 - - [08/Jun/2025:20:16:49 -0400] "GET /boku-to-jinginaki-ojisan-chapter-26/ HTTP/1.1" 301 0 "-" "Mozilla/5.0 (compatible; YandexBot/3.0; +http://yandex.com/bots)"
87.250.224.127 - - [08/Jun/2025:20:16:50 -0400] "GET / HTTP/1.1" 200 9390 "-" "Mozilla/5.0 (compatible; YandexBot/3.0; +http://yandex.com/bots)"
157.245.148.39 - - [08/Jun/2025:20:16:46 -0400] "POST //xmlrpc.php HTTP/1.1" 200 205 "-" "Mozilla/5.0 (Windows NT 10.0; Win64; x64) AppleWebKit/537.36 (KHTML, like Gecko) Chrome/78.0.3904.108 Safari/537.36"
162.0.232.193 - - [08/Jun/2025:20:17:16 -0400] "POST /wp-cron.php?doing_wp_cron=1749428235.9315149784088134765625 HTTP/1.1" 200 0 "-" "WordPress/6.8.1; https://reversevillain.com"
45.94.31.111 - - [08/Jun/2025:20:16:46 -0400] "POST //xmlrpc.php HTTP/1.1" 200 205 "-" "Mozilla/5.0 (Windows NT 10.0; Win64; x64) AppleWebKit/537.36 (KHTML, like Gecko) Chrome/89.0.4389.114 Safari/537.36"
162.0.232.193 - - [08/Jun/2025:20:17:16 -0400] "POST /wp-admin/admin-ajax.php?action=async_litespeed&nonce=ETTZoUL6sjgatGYmkQmlfkuFLdXOzJQg&litespeed_type=imgoptm HTTP/1.1" 200 5 "-" "WordPress/6.8.1; https://reversevillain.com"
157.245.148.39 - - [08/Jun/2025:20:17:16 -0400] "POST //xmlrpc.php HTTP/1.1" 200 205 "-" "Mozilla/5.0 (Windows NT 10.0; Win64; x64) AppleWebKit/537.36 (KHTML, like Gecko) Chrome/78.0.3904.108 Safari/537.36"
162.0.232.193 - - [08/Jun/2025:20:17:45 -0400] "POST /wp-cron.php?doing_wp_cron=1749428265.7496070861816406250000 HTTP/1.1" 200 0 "-" "WordPress/6.8.1; https://reversevillain.com"
45.94.31.111 - - [08/Jun/2025:20:17:16 -0400] "POST //xmlrpc.php HTTP/1.1" 200 205 "-" "Mozilla/5.0 (Windows NT 10.0; Win64; x64) AppleWebKit/537.36 (KHTML, like Gecko) Chrome/89.0.4389.114 Safari/537.36"
43.135.140.225 - - [08/Jun/2025:20:18:05 -0400] "GET /wp-json/oembed/1.0/embed?url=https%3A%2F%2Freversevillain.com%2Freverse-villain-chapter-79%2F&format=xml HTTP/1.1" 200 1118 "-" "Mozilla/5.0 (iPhone; CPU iPhone OS 13_2_3 like Mac OS X) AppleWebKit/605.1.15 (KHTML, like Gecko) Version/13.0.3 Mobile/15E148 Safari/604.1"
157.245.148.39 - - [08/Jun/2025:20:17:46 -0400] "POST //xmlrpc.php HTTP/1.1" 200 205 "-" "Mozilla/5.0 (Windows NT 10.0; Win64; x64) AppleWebKit/537.36 (KHTML, like Gecko) Chrome/78.0.3904.108 Safari/537.36"
45.94.31.111 - - [08/Jun/2025:20:17:46 -0400] "POST //xmlrpc.php HTTP/1.1" 200 205 "-" "Mozilla/5.0 (Windows NT 10.0; Win64; x64) AppleWebKit/537.36 (KHTML, like Gecko) Chrome/89.0.4389.114 Safari/537.36"
45.94.31.111 - - [08/Jun/2025:20:18:15 -0400] "POST //xmlrpc.php HTTP/1.1" 200 205 "-" "Mozilla/5.0 (Windows NT 10.0; Win64; x64) AppleWebKit/537.36 (KHTML, like Gecko) Chrome/89.0.4389.114 Safari/537.36"
157.245.148.39 - - [08/Jun/2025:20:18:15 -0400] "POST //xmlrpc.php HTTP/1.1" 200 205 "-" "Mozilla/5.0 (Windows NT 10.0; Win64; x64) AppleWebKit/537.36 (KHTML, like Gecko) Chrome/78.0.3904.108 Safari/537.36"
162.0.232.193 - - [08/Jun/2025:20:19:01 -0400] "POST /wp-cron.php?doing_wp_cron=1749428340.9947760105133056640625 HTTP/1.1" 200 0 "-" "WordPress/6.8.1; https://reversevillain.com"
45.94.31.111 - - [08/Jun/2025:20:18:30 -0400] "POST //xmlrpc.php HTTP/1.1" 200 205 "-" "Mozilla/5.0 (Windows NT 10.0; Win64; x64) AppleWebKit/537.36 (KHTML, like Gecko) Chrome/89.0.4389.114 Safari/537.36"
162.0.232.193 - - [08/Jun/2025:20:19:01 -0400] "POST /wp-admin/admin-ajax.php?action=async_litespeed&nonce=bEVdIdkGuQbBXRRA6Qw5mSiffkMUTXJj&litespeed_type=imgoptm HTTP/1.1" 200 5 "-" "WordPress/6.8.1; https://reversevillain.com"
157.245.148.39 - - [08/Jun/2025:20:18:45 -0400] "POST //xmlrpc.php HTTP/1.1" 200 205 "-" "Mozilla/5.0 (Windows NT 10.0; Win64; x64) AppleWebKit/537.36 (KHTML, like Gecko) Chrome/78.0.3904.108 Safari/537.36"
162.0.232.193 - - [08/Jun/2025:20:19:30 -0400] "POST /wp-cron.php?doing_wp_cron=1749428370.6557250022888183593750 HTTP/1.1" 200 0 "-" "WordPress/6.8.1; https://reversevillain.com"
45.94.31.111 - - [08/Jun/2025:20:19:01 -0400] "POST //xmlrpc.php HTTP/1.1" 200 205 "-" "Mozilla/5.0 (Windows NT 10.0; Win64; x64) AppleWebKit/537.36 (KHTML, like Gecko) Chrome/89.0.4389.114 Safari/537.36"
157.245.148.39 - - [08/Jun/2025:20:19:16 -0400] "POST //xmlrpc.php HTTP/1.1" 200 205 "-" "Mozilla/5.0 (Windows NT 10.0; Win64; x64) AppleWebKit/537.36 (KHTML, like Gecko) Chrome/78.0.3904.108 Safari/537.36"
45.94.31.111 - - [08/Jun/2025:20:19:31 -0400] "POST //xmlrpc.php HTTP/1.1" 200 205 "-" "Mozilla/5.0 (Windows NT 10.0; Win64; x64) AppleWebKit/537.36 (KHTML, like Gecko) Chrome/89.0.4389.114 Safari/537.36"
157.245.148.39 - - [08/Jun/2025:20:19:45 -0400] "POST //xmlrpc.php HTTP/1.1" 200 205 "-" "Mozilla/5.0 (Windows NT 10.0; Win64; x64) AppleWebKit/537.36 (KHTML, like Gecko) Chrome/78.0.3904.108 Safari/537.36"
45.94.31.111 - - [08/Jun/2025:20:20:00 -0400] "POST //xmlrpc.php HTTP/1.1" 200 205 "-" "Mozilla/5.0 (Windows NT 10.0; Win64; x64) AppleWebKit/537.36 (KHTML, like Gecko) Chrome/89.0.4389.114 Safari/537.36"
162.0.232.193 - - [08/Jun/2025:20:20:45 -0400] "POST /wp-cron.php?doing_wp_cron=1749428445.4250330924987792968750 HTTP/1.1" 200 0 "-" "WordPress/6.8.1; https://reversevillain.com"
157.245.148.39 - - [08/Jun/2025:20:20:16 -0400] "POST //xmlrpc.php HTTP/1.1" 200 205 "-" "Mozilla/5.0 (Windows NT 10.0; Win64; x64) AppleWebKit/537.36 (KHTML, like Gecko) Chrome/78.0.3904.108 Safari/537.36"
162.0.232.193 - - [08/Jun/2025:20:20:45 -0400] "POST /wp-admin/admin-ajax.php?action=async_litespeed&nonce=qCnpZ4r2fyMsBV2pcCrelNjP3scftgJI&litespeed_type=imgoptm HTTP/1.1" 200 5 "-" "WordPress/6.8.1; https://reversevillain.com"
162.0.232.193 - - [08/Jun/2025:20:21:01 -0400] "POST /wp-cron.php?doing_wp_cron=1749428460.7793240547180175781250 HTTP/1.1" 200 0 "-" "WordPress/6.8.1; https://reversevillain.com"
45.94.31.111 - - [08/Jun/2025:20:20:30 -0400] "POST //xmlrpc.php HTTP/1.1" 200 205 "-" "Mozilla/5.0 (Windows NT 10.0; Win64; x64) AppleWebKit/537.36 (KHTML, like Gecko) Chrome/89.0.4389.114 Safari/537.36"
162.0.232.193 - - [08/Jun/2025:20:21:01 -0400] "POST /wp-admin/admin-ajax.php?action=async_litespeed&nonce=ttTjxH2Ss3MKjBCLgm4b6qk2F8K658Z0&litespeed_type=imgoptm HTTP/1.1" 200 5 "-" "WordPress/6.8.1; https://reversevillain.com"
216.244.66.242 - - [08/Jun/2025:20:21:05 -0400] "GET /artist-acro-chapter-57/ HTTP/1.1" 301 0 "-" "Mozilla/5.0 (compatible; DotBot/1.2; +https://opensiteexplorer.org/dotbot; [email protected])"
216.244.66.242 - - [08/Jun/2025:20:21:12 -0400] "GET /artist-acro-chapter-59/ HTTP/1.1" 301 0 "-" "Mozilla/5.0 (compatible; DotBot/1.2; +https://opensiteexplorer.org/dotbot; [email protected])"
157.245.148.39 - - [08/Jun/2025:20:20:45 -0400] "POST //xmlrpc.php HTTP/1.1" 200 205 "-" "Mozilla/5.0 (Windows NT 10.0; Win64; x64) AppleWebKit/537.36 (KHTML, like Gecko) Chrome/78.0.3904.108 Safari/537.36"
216.244.66.242 - - [08/Jun/2025:20:21:17 -0400] "GET /classmate-no-moto-idol-ga-tonikaku-kyodou-fushin-nan-desu-chapter-1/ HTTP/1.1" 301 0 "-" "Mozilla/5.0 (compatible; DotBot/1.2; +https://opensiteexplorer.org/dotbot; [email protected])"
216.244.66.242 - - [08/Jun/2025:20:21:21 -0400] "GET /path-of-the-shaman-chapter-115/ HTTP/1.1" 301 0 "-" "Mozilla/5.0 (compatible; DotBot/1.2; +https://opensiteexplorer.org/dotbot; [email protected])"
216.244.66.242 - - [08/Jun/2025:20:21:24 -0400] "GET /survival-log-chapter-69/ HTTP/1.1" 301 0 "-" "Mozilla/5.0 (compatible; DotBot/1.2; +https://opensiteexplorer.org/dotbot; [email protected])"
162.0.232.193 - - [08/Jun/2025:20:21:30 -0400] "POST /wp-cron.php?doing_wp_cron=1749428490.6591470241546630859375 HTTP/1.1" 200 0 "-" "WordPress/6.8.1; https://reversevillain.com"
45.94.31.111 - - [08/Jun/2025:20:21:01 -0400] "POST //xmlrpc.php HTTP/1.1" 200 205 "-" "Mozilla/5.0 (Windows NT 10.0; Win64; x64) AppleWebKit/537.36 (KHTML, like Gecko) Chrome/89.0.4389.114 Safari/537.36"
216.244.66.242 - - [08/Jun/2025:20:21:41 -0400] "GET /marriagetoxin-chapter-57/feed/ HTTP/1.1" 301 0 "-" "Mozilla/5.0 (compatible; DotBot/1.2; +https://opensiteexplorer.org/dotbot; [email protected])"
216.244.66.242 - - [08/Jun/2025:20:21:43 -0400] "GET /omniscient-reader-chapter-170/feed/ HTTP/1.1" 301 0 "-" "Mozilla/5.0 (compatible; DotBot/1.2; +https://opensiteexplorer.org/dotbot; [email protected])"
157.245.148.39 - - [08/Jun/2025:20:21:16 -0400] "POST //xmlrpc.php HTTP/1.1" 200 205 "-" "Mozilla/5.0 (Windows NT 10.0; Win64; x64) AppleWebKit/537.36 (KHTML, like Gecko) Chrome/78.0.3904.108 Safari/537.36"
216.244.66.242 - - [08/Jun/2025:20:21:47 -0400] "GET /rankers-return-remake-chapter-116/feed/ HTTP/1.1" 301 0 "-" "Mozilla/5.0 (compatible; DotBot/1.2; +https://opensiteexplorer.org/dotbot; [email protected])"
216.244.66.242 - - [08/Jun/2025:20:21:54 -0400] "GET /isekai-craft-gurashi-jiyuu-kimama-na-seisanshoku-no-honobono-slow-life-chapter-13/feed/ HTTP/1.1" 301 0 "-" "Mozilla/5.0 (compatible; DotBot/1.2; +https://opensiteexplorer.org/dotbot; [email protected])"
216.244.66.242 - - [08/Jun/2025:20:21:55 -0400] "GET /tai-sekaiyou-mahou-shoujo-tsubame-chapter-5/feed/ HTTP/1.1" 301 0 "-" "Mozilla/5.0 (compatible; DotBot/1.2; +https://opensiteexplorer.org/dotbot; [email protected])"
45.94.31.111 - - [08/Jun/2025:20:21:31 -0400] "POST //xmlrpc.php HTTP/1.1" 200 205 "-" "Mozilla/5.0 (Windows NT 10.0; Win64; x64) AppleWebKit/537.36 (KHTML, like Gecko) Chrome/89.0.4389.114 Safari/537.36"
157.245.148.39 - - [08/Jun/2025:20:21:45 -0400] "POST //xmlrpc.php HTTP/1.1" 200 205 "-" "Mozilla/5.0 (Windows NT 10.0; Win64; x64) AppleWebKit/537.36 (KHTML, like Gecko) Chrome/78.0.3904.108 Safari/537.36"
45.94.31.111 - - [08/Jun/2025:20:22:00 -0400] "POST //xmlrpc.php HTTP/1.1" 200 205 "-" "Mozilla/5.0 (Windows NT 10.0; Win64; x64) AppleWebKit/537.36 (KHTML, like Gecko) Chrome/89.0.4389.114 Safari/537.36"
162.0.232.193 - - [08/Jun/2025:20:22:46 -0400] "POST /wp-cron.php?doing_wp_cron=1749428566.1992919445037841796875 HTTP/1.1" 200 0 "-" "WordPress/6.8.1; https://reversevillain.com"
157.245.148.39 - - [08/Jun/2025:20:22:15 -0400] "POST //xmlrpc.php HTTP/1.1" 200 205 "-" "Mozilla/5.0 (Windows NT 10.0; Win64; x64) AppleWebKit/537.36 (KHTML, like Gecko) Chrome/78.0.3904.108 Safari/537.36"
162.0.232.193 - - [08/Jun/2025:20:22:47 -0400] "POST /wp-admin/admin-ajax.php?action=async_litespeed&nonce=EzYnewd7UsctJYUQdHUDdvIvkGPMJspW&litespeed_type=imgoptm HTTP/1.1" 200 5 "-" "WordPress/6.8.1; https://reversevillain.com"
162.0.232.193 - - [08/Jun/2025:20:23:01 -0400] "POST /wp-cron.php?doing_wp_cron=1749428581.1116769313812255859375 HTTP/1.1" 200 0 "-" "WordPress/6.8.1; https://reversevillain.com"
45.94.31.111 - - [08/Jun/2025:20:22:30 -0400] "POST //xmlrpc.php HTTP/1.1" 200 205 "-" "Mozilla/5.0 (Windows NT 10.0; Win64; x64) AppleWebKit/537.36 (KHTML, like Gecko) Chrome/89.0.4389.114 Safari/537.36"
162.0.232.193 - - [08/Jun/2025:20:23:02 -0400] "POST /wp-admin/admin-ajax.php?action=async_litespeed&nonce=91YlheEteAuD8LUXk8i14qKtUsZkGdBt&litespeed_type=imgoptm HTTP/1.1" 200 5 "-" "WordPress/6.8.1; https://reversevillain.com"
157.245.148.39 - - [08/Jun/2025:20:22:46 -0400] "POST //xmlrpc.php HTTP/1.1" 200 205 "-" "Mozilla/5.0 (Windows NT 10.0; Win64; x64) AppleWebKit/537.36 (KHTML, like Gecko) Chrome/78.0.3904.108 Safari/537.36"
162.0.232.193 - - [08/Jun/2025:20:23:31 -0400] "POST /wp-cron.php?doing_wp_cron=1749428610.9312350749969482421875 HTTP/1.1" 200 0 "-" "WordPress/6.8.1; https://reversevillain.com"
45.94.31.111 - - [08/Jun/2025:20:23:01 -0400] "POST //xmlrpc.php HTTP/1.1" 200 205 "-" "Mozilla/5.0 (Windows NT 10.0; Win64; x64) AppleWebKit/537.36 (KHTML, like Gecko) Chrome/89.0.4389.114 Safari/537.36"
157.245.148.39 - - [08/Jun/2025:20:23:16 -0400] "POST //xmlrpc.php HTTP/1.1" 200 205 "-" "Mozilla/5.0 (Windows NT 10.0; Win64; x64) AppleWebKit/537.36 (KHTML, like Gecko) Chrome/78.0.3904.108 Safari/537.36"
157.245.148.39 - - [08/Jun/2025:20:23:45 -0400] "POST //xmlrpc.php HTTP/1.1" 200 205 "-" "Mozilla/5.0 (Windows NT 10.0; Win64; x64) AppleWebKit/537.36 (KHTML, like Gecko) Chrome/78.0.3904.108 Safari/537.36"
45.94.31.111 - - [08/Jun/2025:20:23:31 -0400] "POST //xmlrpc.php HTTP/1.1" 200 205 "-" "Mozilla/5.0 (Windows NT 10.0; Win64; x64) AppleWebKit/537.36 (KHTML, like Gecko) Chrome/89.0.4389.114 Safari/537.36"
162.0.232.193 - - [08/Jun/2025:20:24:31 -0400] "POST /wp-cron.php?doing_wp_cron=1749428671.0183439254760742187500 HTTP/1.1" 200 0 "-" "WordPress/6.8.1; https://reversevillain.com"
157.245.148.39 - - [08/Jun/2025:20:24:00 -0400] "POST //xmlrpc.php HTTP/1.1" 200 205 "-" "Mozilla/5.0 (Windows NT 10.0; Win64; x64) AppleWebKit/537.36 (KHTML, like Gecko) Chrome/78.0.3904.108 Safari/537.36"
162.0.232.193 - - [08/Jun/2025:20:24:31 -0400] "POST /wp-cron.php?doing_wp_cron=1749428671.2071759700775146484375 HTTP/1.1" 200 0 "-" "WordPress/6.8.1; https://reversevillain.com"
45.94.31.111 - - [08/Jun/2025:20:24:00 -0400] "POST //xmlrpc.php HTTP/1.1" 200 205 "-" "Mozilla/5.0 (Windows NT 10.0; Win64; x64) AppleWebKit/537.36 (KHTML, like Gecko) Chrome/89.0.4389.114 Safari/537.36"
162.0.232.193 - - [08/Jun/2025:20:24:32 -0400] "POST /wp-admin/admin-ajax.php?action=async_litespeed&nonce=iIrshLO5CY0djVwjjRbezLlsyl0F6VXS&litespeed_type=imgoptm HTTP/1.1" 200 5 "-" "WordPress/6.8.1; https://reversevillain.com"
45.94.31.111 - - [08/Jun/2025:20:24:31 -0400] "POST //xmlrpc.php HTTP/1.1" 200 205 "-" "Mozilla/5.0 (Windows NT 10.0; Win64; x64) AppleWebKit/537.36 (KHTML, like Gecko) Chrome/89.0.4389.114 Safari/537.36"
162.0.232.193 - - [08/Jun/2025:20:25:00 -0400] "POST /wp-cron.php?doing_wp_cron=1749428700.7245290279388427734375 HTTP/1.1" 200 0 "-" "WordPress/6.8.1; https://reversevillain.com"
157.245.148.39 - - [08/Jun/2025:20:24:31 -0400] "POST //xmlrpc.php HTTP/1.1" 200 205 "-" "Mozilla/5.0 (Windows NT 10.0; Win64; x64) AppleWebKit/537.36 (KHTML, like Gecko) Chrome/78.0.3904.108 Safari/537.36"
162.0.232.193 - - [08/Jun/2025:20:25:01 -0400] "POST /wp-admin/admin-ajax.php?action=async_litespeed&nonce=QYb0gX0n6i4H1BpTpQ2fD9ULIuutwHP7&litespeed_type=imgoptm HTTP/1.1" 200 5 "-" "WordPress/6.8.1; https://reversevillain.com"
157.245.148.39 - - [08/Jun/2025:20:25:01 -0400] "POST //xmlrpc.php HTTP/1.1" 200 205 "-" "Mozilla/5.0 (Windows NT 10.0; Win64; x64) AppleWebKit/537.36 (KHTML, like Gecko) Chrome/78.0.3904.108 Safari/537.36"
162.0.232.193 - - [08/Jun/2025:20:25:30 -0400] "POST /wp-cron.php?doing_wp_cron=1749428730.3308260440826416015625 HTTP/1.1" 200 0 "-" "WordPress/6.8.1; https://reversevillain.com"
45.94.31.111 - - [08/Jun/2025:20:25:01 -0400] "POST //xmlrpc.php HTTP/1.1" 200 205 "-" "Mozilla/5.0 (Windows NT 10.0; Win64; x64) AppleWebKit/537.36 (KHTML, like Gecko) Chrome/89.0.4389.114 Safari/537.36"
45.94.31.111 - - [08/Jun/2025:20:25:30 -0400] "POST //xmlrpc.php HTTP/1.1" 200 205 "-" "Mozilla/5.0 (Windows NT 10.0; Win64; x64) AppleWebKit/537.36 (KHTML, like Gecko) Chrome/89.0.4389.114 Safari/537.36"
157.245.148.39 - - [08/Jun/2025:20:25:30 -0400] "POST //xmlrpc.php HTTP/1.1" 200 205 "-" "Mozilla/5.0 (Windows NT 10.0; Win64; x64) AppleWebKit/537.36 (KHTML, like Gecko) Chrome/78.0.3904.108 Safari/537.36"
45.94.31.111 - - [08/Jun/2025:20:26:01 -0400] "POST //xmlrpc.php HTTP/1.1" 200 205 "-" "Mozilla/5.0 (Windows NT 10.0; Win64; x64) AppleWebKit/537.36 (KHTML, like Gecko) Chrome/89.0.4389.114 Safari/537.36"
162.0.232.193 - - [08/Jun/2025:20:26:30 -0400] "POST /wp-cron.php?doing_wp_cron=1749428790.4265999794006347656250 HTTP/1.1" 200 0 "-" "WordPress/6.8.1; https://reversevillain.com"
157.245.148.39 - - [08/Jun/2025:20:26:01 -0400] "POST //xmlrpc.php HTTP/1.1" 200 205 "-" "Mozilla/5.0 (Windows NT 10.0; Win64; x64) AppleWebKit/537.36 (KHTML, like Gecko) Chrome/78.0.3904.108 Safari/537.36"
162.0.232.193 - - [08/Jun/2025:20:26:30 -0400] "POST /wp-admin/admin-ajax.php?action=async_litespeed&nonce=el8n8bEPdY1i1pyc8taAflHIc4qdv4HD&litespeed_type=imgoptm HTTP/1.1" 200 5 "-" "WordPress/6.8.1; https://reversevillain.com"
162.0.232.193 - - [08/Jun/2025:20:26:48 -0400] "POST /wp-cron.php?doing_wp_cron=1749428808.0045158863067626953125 HTTP/1.1" 200 0 "-" "WordPress/6.8.1; https://reversevillain.com"
43.159.128.247 - - [08/Jun/2025:20:26:47 -0400] "GET /wp-json/wp/v2/posts/1485 HTTP/1.1" 200 10387 "-" "Mozilla/5.0 (iPhone; CPU iPhone OS 13_2_3 like Mac OS X) AppleWebKit/605.1.15 (KHTML, like Gecko) Version/13.0.3 Mobile/15E148 Safari/604.1"
162.0.232.193 - - [08/Jun/2025:20:27:00 -0400] "POST /wp-cron.php?doing_wp_cron=1749428820.5425939559936523437500 HTTP/1.1" 200 0 "-" "WordPress/6.8.1; https://reversevillain.com"
45.94.31.111 - - [08/Jun/2025:20:26:30 -0400] "POST //xmlrpc.php HTTP/1.1" 200 205 "-" "Mozilla/5.0 (Windows NT 10.0; Win64; x64) AppleWebKit/537.36 (KHTML, like Gecko) Chrome/89.0.4389.114 Safari/537.36"
157.245.148.39 - - [08/Jun/2025:20:26:30 -0400] "POST //xmlrpc.php HTTP/1.1" 200 205 "-" "Mozilla/5.0 (Windows NT 10.0; Win64; x64) AppleWebKit/537.36 (KHTML, like Gecko) Chrome/78.0.3904.108 Safari/537.36"
162.0.232.193 - - [08/Jun/2025:20:27:01 -0400] "POST /wp-admin/admin-ajax.php?action=async_litespeed&nonce=6MTjOgNK3y5ScsUh2GgK4KZnxqhLhJQt&litespeed_type=imgoptm HTTP/1.1" 200 5 "-" "WordPress/6.8.1; https://reversevillain.com"
157.245.148.39 - - [08/Jun/2025:20:27:01 -0400] "POST //xmlrpc.php HTTP/1.1" 200 205 "-" "Mozilla/5.0 (Windows NT 10.0; Win64; x64) AppleWebKit/537.36 (KHTML, like Gecko) Chrome/78.0.3904.108 Safari/537.36"
162.0.232.193 - - [08/Jun/2025:20:27:30 -0400] "POST /wp-cron.php?doing_wp_cron=1749428850.1382501125335693359375 HTTP/1.1" 200 0 "-" "WordPress/6.8.1; https://reversevillain.com"
45.94.31.111 - - [08/Jun/2025:20:27:01 -0400] "POST //xmlrpc.php HTTP/1.1" 200 205 "-" "Mozilla/5.0 (Windows NT 10.0; Win64; x64) AppleWebKit/537.36 (KHTML, like Gecko) Chrome/89.0.4389.114 Safari/537.36"
45.94.31.111 - - [08/Jun/2025:20:27:30 -0400] "POST //xmlrpc.php HTTP/1.1" 200 205 "-" "Mozilla/5.0 (Windows NT 10.0; Win64; x64) AppleWebKit/537.36 (KHTML, like Gecko) Chrome/89.0.4389.114 Safari/537.36"
157.245.148.39 - - [08/Jun/2025:20:27:30 -0400] "POST //xmlrpc.php HTTP/1.1" 200 205 "-" "Mozilla/5.0 (Windows NT 10.0; Win64; x64) AppleWebKit/537.36 (KHTML, like Gecko) Chrome/78.0.3904.108 Safari/537.36"
162.0.232.193 - - [08/Jun/2025:20:28:31 -0400] "POST /wp-cron.php?doing_wp_cron=1749428911.0180749893188476562500 HTTP/1.1" 200 0 "-" "WordPress/6.8.1; https://reversevillain.com"
162.0.232.193 - - [08/Jun/2025:20:28:31 -0400] "POST /wp-cron.php?doing_wp_cron=1749428911.0351939201354980468750 HTTP/1.1" 200 0 "-" "WordPress/6.8.1; https://reversevillain.com"
157.245.148.39 - - [08/Jun/2025:20:28:00 -0400] "POST //xmlrpc.php HTTP/1.1" 200 205 "-" "Mozilla/5.0 (Windows NT 10.0; Win64; x64) AppleWebKit/537.36 (KHTML, like Gecko) Chrome/78.0.3904.108 Safari/537.36"
45.94.31.111 - - [08/Jun/2025:20:28:00 -0400] "POST //xmlrpc.php HTTP/1.1" 200 205 "-" "Mozilla/5.0 (Windows NT 10.0; Win64; x64) AppleWebKit/537.36 (KHTML, like Gecko) Chrome/89.0.4389.114 Safari/537.36"
162.0.232.193 - - [08/Jun/2025:20:28:31 -0400] "POST /wp-admin/admin-ajax.php?action=async_litespeed&nonce=gKOqOuWqqlZARJ3GVjkcjpsvrsXIXK4N&litespeed_type=imgoptm HTTP/1.1" 200 5 "-" "WordPress/6.8.1; https://reversevillain.com"
157.245.148.39 - - [08/Jun/2025:20:28:31 -0400] "POST //xmlrpc.php HTTP/1.1" 200 205 "-" "Mozilla/5.0 (Windows NT 10.0; Win64; x64) AppleWebKit/537.36 (KHTML, like Gecko) Chrome/78.0.3904.108 Safari/537.36"
162.0.232.193 - - [08/Jun/2025:20:29:00 -0400] "POST /wp-cron.php?doing_wp_cron=1749428940.6886279582977294921875 HTTP/1.1" 200 0 "-" "WordPress/6.8.1; https://reversevillain.com"
45.94.31.111 - - [08/Jun/2025:20:28:31 -0400] "POST //xmlrpc.php HTTP/1.1" 200 205 "-" "Mozilla/5.0 (Windows NT 10.0; Win64; x64) AppleWebKit/537.36 (KHTML, like Gecko) Chrome/89.0.4389.114 Safari/537.36"
162.0.232.193 - - [08/Jun/2025:20:29:01 -0400] "POST /wp-admin/admin-ajax.php?action=async_litespeed&nonce=ki8odJmEVdvE9OzVdLaoYZ4vO4JYxQzF&litespeed_type=imgoptm HTTP/1.1" 200 5 "-" "WordPress/6.8.1; https://reversevillain.com"
162.0.232.193 - - [08/Jun/2025:20:29:30 -0400] "POST /wp-cron.php?doing_wp_cron=1749428970.2003118991851806640625 HTTP/1.1" 200 0 "-" "WordPress/6.8.1; https://reversevillain.com"
45.94.31.111 - - [08/Jun/2025:20:29:01 -0400] "POST //xmlrpc.php HTTP/1.1" 200 205 "-" "Mozilla/5.0 (Windows NT 10.0; Win64; x64) AppleWebKit/537.36 (KHTML, like Gecko) Chrome/89.0.4389.114 Safari/537.36"
157.245.148.39 - - [08/Jun/2025:20:29:00 -0400] "POST //xmlrpc.php HTTP/1.1" 200 205 "-" "Mozilla/5.0 (Windows NT 10.0; Win64; x64) AppleWebKit/537.36 (KHTML, like Gecko) Chrome/78.0.3904.108 Safari/537.36"
157.245.148.39 - - [08/Jun/2025:20:29:31 -0400] "POST //xmlrpc.php HTTP/1.1" 200 205 "-" "Mozilla/5.0 (Windows NT 10.0; Win64; x64) AppleWebKit/537.36 (KHTML, like Gecko) Chrome/78.0.3904.108 Safari/537.36"
45.94.31.111 - - [08/Jun/2025:20:29:30 -0400] "POST //xmlrpc.php HTTP/1.1" 200 205 "-" "Mozilla/5.0 (Windows NT 10.0; Win64; x64) AppleWebKit/537.36 (KHTML, like Gecko) Chrome/89.0.4389.114 Safari/537.36"
192.5.110.8 - - [08/Jun/2025:20:30:26 -0400] "POST /wp-admin/admin-ajax.php HTTP/1.1" 200 69 "https://reversevillain.com/reverse-villain-chapter-100/" "Mozilla/5.0 (Windows NT 10.0; Win64; x64) AppleWebKit/537.36 (KHTML, like Gecko) Chrome/134.0.0.0 Safari/537.36 OPR/119.0.0.0"
162.0.232.193 - - [08/Jun/2025:20:30:31 -0400] "POST /wp-cron.php?doing_wp_cron=1749429031.1999208927154541015625 HTTP/1.1" 200 0 "-" "WordPress/6.8.1; https://reversevillain.com"
162.0.232.193 - - [08/Jun/2025:20:30:31 -0400] "POST /wp-cron.php?doing_wp_cron=1749429031.2163290977478027343750 HTTP/1.1" 200 0 "-" "WordPress/6.8.1; https://reversevillain.com"
45.94.31.111 - - [08/Jun/2025:20:30:00 -0400] "POST //xmlrpc.php HTTP/1.1" 200 205 "-" "Mozilla/5.0 (Windows NT 10.0; Win64; x64) AppleWebKit/537.36 (KHTML, like Gecko) Chrome/89.0.4389.114 Safari/537.36"
157.245.148.39 - - [08/Jun/2025:20:30:00 -0400] "POST //xmlrpc.php HTTP/1.1" 200 205 "-" "Mozilla/5.0 (Windows NT 10.0; Win64; x64) AppleWebKit/537.36 (KHTML, like Gecko) Chrome/78.0.3904.108 Safari/537.36"
162.0.232.193 - - [08/Jun/2025:20:30:31 -0400] "POST /wp-admin/admin-ajax.php?action=async_litespeed&nonce=63KfVxvUHlXnt4DeQ79m6Eyg9kJojCZt&litespeed_type=imgoptm HTTP/1.1" 200 5 "-" "WordPress/6.8.1; https://reversevillain.com"
157.245.148.39 - - [08/Jun/2025:20:30:31 -0400] "POST //xmlrpc.php HTTP/1.1" 200 205 "-" "Mozilla/5.0 (Windows NT 10.0; Win64; x64) AppleWebKit/537.36 (KHTML, like Gecko) Chrome/78.0.3904.108 Safari/537.36"
162.0.232.193 - - [08/Jun/2025:20:31:01 -0400] "POST /wp-cron.php?doing_wp_cron=1749429060.9168729782104492187500 HTTP/1.1" 200 0 "-" "WordPress/6.8.1; https://reversevillain.com"
45.94.31.111 - - [08/Jun/2025:20:30:31 -0400] "POST //xmlrpc.php HTTP/1.1" 200 205 "-" "Mozilla/5.0 (Windows NT 10.0; Win64; x64) AppleWebKit/537.36 (KHTML, like Gecko) Chrome/89.0.4389.114 Safari/537.36"
162.0.232.193 - - [08/Jun/2025:20:31:01 -0400] "POST /wp-admin/admin-ajax.php?action=async_litespeed&nonce=YkLE8SyhjfstRY2EQhMKMPsWFfTNeEnR&litespeed_type=imgoptm HTTP/1.1" 200 5 "-" "WordPress/6.8.1; https://reversevillain.com"
45.94.31.111 - - [08/Jun/2025:20:31:01 -0400] "POST //xmlrpc.php HTTP/1.1" 200 205 "-" "Mozilla/5.0 (Windows NT 10.0; Win64; x64) AppleWebKit/537.36 (KHTML, like Gecko) Chrome/89.0.4389.114 Safari/537.36"
162.0.232.193 - - [08/Jun/2025:20:31:30 -0400] "POST /wp-cron.php?doing_wp_cron=1749429090.2234380245208740234375 HTTP/1.1" 200 0 "-" "WordPress/6.8.1; https://reversevillain.com"
157.245.148.39 - - [08/Jun/2025:20:31:01 -0400] "POST //xmlrpc.php HTTP/1.1" 200 205 "-" "Mozilla/5.0 (Windows NT 10.0; Win64; x64) AppleWebKit/537.36 (KHTML, like Gecko) Chrome/78.0.3904.108 Safari/537.36"
157.245.148.39 - - [08/Jun/2025:20:31:30 -0400] "POST //xmlrpc.php HTTP/1.1" 200 205 "-" "Mozilla/5.0 (Windows NT 10.0; Win64; x64) AppleWebKit/537.36 (KHTML, like Gecko) Chrome/78.0.3904.108 Safari/537.36"
45.94.31.111 - - [08/Jun/2025:20:31:30 -0400] "POST //xmlrpc.php HTTP/1.1" 200 205 "-" "Mozilla/5.0 (Windows NT 10.0; Win64; x64) AppleWebKit/537.36 (KHTML, like Gecko) Chrome/89.0.4389.114 Safari/537.36"
159.65.232.209 - - [08/Jun/2025:20:31:49 -0400] "POST /wp-login.php HTTP/1.1" 200 0 "-" "Mozilla/5.0"
157.245.148.39 - - [08/Jun/2025:20:31:45 -0400] "POST //xmlrpc.php HTTP/1.1" 200 205 "-" "Mozilla/5.0 (Windows NT 10.0; Win64; x64) AppleWebKit/537.36 (KHTML, like Gecko) Chrome/78.0.3904.108 Safari/537.36"
162.0.232.193 - - [08/Jun/2025:20:32:31 -0400] "POST /wp-cron.php?doing_wp_cron=1749429151.0963490009307861328125 HTTP/1.1" 200 0 "-" "WordPress/6.8.1; https://reversevillain.com"
45.94.31.111 - - [08/Jun/2025:20:32:01 -0400] "POST //xmlrpc.php HTTP/1.1" 200 205 "-" "Mozilla/5.0 (Windows NT 10.0; Win64; x64) AppleWebKit/537.36 (KHTML, like Gecko) Chrome/89.0.4389.114 Safari/537.36"
162.0.232.193 - - [08/Jun/2025:20:32:31 -0400] "POST /wp-admin/admin-ajax.php?action=async_litespeed&nonce=2kQv1HXs2rDxLJOIYll9waWujg9T4z98&litespeed_type=imgoptm HTTP/1.1" 200 5 "-" "WordPress/6.8.1; https://reversevillain.com"
162.0.232.193 - - [08/Jun/2025:20:32:45 -0400] "POST /wp-cron.php?doing_wp_cron=1749429165.3406739234924316406250 HTTP/1.1" 200 0 "-" "WordPress/6.8.1; https://reversevillain.com"
157.245.148.39 - - [08/Jun/2025:20:32:16 -0400] "POST //xmlrpc.php HTTP/1.1" 200 205 "-" "Mozilla/5.0 (Windows NT 10.0; Win64; x64) AppleWebKit/537.36 (KHTML, like Gecko) Chrome/78.0.3904.108 Safari/537.36"
47.128.51.169 - - [08/Jun/2025:20:32:58 -0400] "GET / HTTP/1.1" 200 9390 "-" "Mozilla/5.0 (Linux; Android 5.0) AppleWebKit/537.36 (KHTML, like Gecko) Mobile Safari/537.36 (compatible; Bytespider; [email protected])"
162.0.232.193 - - [08/Jun/2025:20:33:00 -0400] "POST /wp-cron.php?doing_wp_cron=1749429180.6427900791168212890625 HTTP/1.1" 200 0 "-" "WordPress/6.8.1; https://reversevillain.com"
45.94.31.111 - - [08/Jun/2025:20:32:31 -0400] "POST //xmlrpc.php HTTP/1.1" 200 205 "-" "Mozilla/5.0 (Windows NT 10.0; Win64; x64) AppleWebKit/537.36 (KHTML, like Gecko) Chrome/89.0.4389.114 Safari/537.36"
162.0.232.193 - - [08/Jun/2025:20:33:01 -0400] "POST /wp-admin/admin-ajax.php?action=async_litespeed&nonce=3oEoK1xFBbQucJsbpqbnb0ehmGTMMJYf&litespeed_type=imgoptm HTTP/1.1" 200 5 "-" "WordPress/6.8.1; https://reversevillain.com"
157.245.148.39 - - [08/Jun/2025:20:32:45 -0400] "POST //xmlrpc.php HTTP/1.1" 200 205 "-" "Mozilla/5.0 (Windows NT 10.0; Win64; x64) AppleWebKit/537.36 (KHTML, like Gecko) Chrome/78.0.3904.108 Safari/537.36"
162.0.232.193 - - [08/Jun/2025:20:33:30 -0400] "POST /wp-cron.php?doing_wp_cron=1749429210.3492119312286376953125 HTTP/1.1" 200 0 "-" "WordPress/6.8.1; https://reversevillain.com"
45.94.31.111 - - [08/Jun/2025:20:33:01 -0400] "POST //xmlrpc.php HTTP/1.1" 200 205 "-" "Mozilla/5.0 (Windows NT 10.0; Win64; x64) AppleWebKit/537.36 (KHTML, like Gecko) Chrome/89.0.4389.114 Safari/537.36"
157.245.148.39 - - [08/Jun/2025:20:33:16 -0400] "POST //xmlrpc.php HTTP/1.1" 200 205 "-" "Mozilla/5.0 (Windows NT 10.0; Win64; x64) AppleWebKit/537.36 (KHTML, like Gecko) Chrome/78.0.3904.108 Safari/537.36"
45.94.31.111 - - [08/Jun/2025:20:33:30 -0400] "POST //xmlrpc.php HTTP/1.1" 200 205 "-" "Mozilla/5.0 (Windows NT 10.0; Win64; x64) AppleWebKit/537.36 (KHTML, like Gecko) Chrome/89.0.4389.114 Safari/537.36"
47.128.121.103 - - [08/Jun/2025:20:34:10 -0400] "GET /tricked-into-becoming-the-heroines-stepmother-chapter-67/ HTTP/1.1" 301 0 "-" "Mozilla/5.0 (Linux; Android 5.0) AppleWebKit/537.36 (KHTML, like Gecko) Mobile Safari/537.36 (compatible; TikTokSpider; [email protected])"
47.128.121.103 - - [08/Jun/2025:20:34:11 -0400] "GET / HTTP/1.1" 200 9390 "-" "Mozilla/5.0 (Linux; Android 5.0) AppleWebKit/537.36 (KHTML, like Gecko) Mobile Safari/537.36 (compatible; TikTokSpider; [email protected])"
157.245.148.39 - - [08/Jun/2025:20:33:45 -0400] "POST //xmlrpc.php HTTP/1.1" 200 205 "-" "Mozilla/5.0 (Windows NT 10.0; Win64; x64) AppleWebKit/537.36 (KHTML, like Gecko) Chrome/78.0.3904.108 Safari/537.36"
45.94.31.111 - - [08/Jun/2025:20:34:01 -0400] "POST //xmlrpc.php HTTP/1.1" 200 205 "-" "Mozilla/5.0 (Windows NT 10.0; Win64; x64) AppleWebKit/537.36 (KHTML, like Gecko) Chrome/89.0.4389.114 Safari/537.36"
162.0.232.193 - - [08/Jun/2025:20:34:45 -0400] "POST /wp-cron.php?doing_wp_cron=1749429285.0994129180908203125000 HTTP/1.1" 200 0 "-" "WordPress/6.8.1; https://reversevillain.com"
157.245.148.39 - - [08/Jun/2025:20:34:16 -0400] "POST //xmlrpc.php HTTP/1.1" 200 205 "-" "Mozilla/5.0 (Windows NT 10.0; Win64; x64) AppleWebKit/537.36 (KHTML, like Gecko) Chrome/78.0.3904.108 Safari/537.36"
162.0.232.193 - - [08/Jun/2025:20:34:45 -0400] "POST /wp-admin/admin-ajax.php?action=async_litespeed&nonce=Fsqa5AWCGxpdUb4q0rQPuXjwxIZS6N2h&litespeed_type=imgoptm HTTP/1.1" 200 5 "-" "WordPress/6.8.1; https://reversevillain.com"
162.0.232.193 - - [08/Jun/2025:20:35:00 -0400] "POST /wp-cron.php?doing_wp_cron=1749429300.5724849700927734375000 HTTP/1.1" 200 0 "-" "WordPress/6.8.1; https://reversevillain.com"
45.94.31.111 - - [08/Jun/2025:20:34:30 -0400] "POST //xmlrpc.php HTTP/1.1" 200 205 "-" "Mozilla/5.0 (Windows NT 10.0; Win64; x64) AppleWebKit/537.36 (KHTML, like Gecko) Chrome/89.0.4389.114 Safari/537.36"
162.0.232.193 - - [08/Jun/2025:20:35:01 -0400] "POST /wp-admin/admin-ajax.php?action=async_litespeed&nonce=hIgavQeoEaHJe5ahDxqu1K5Qs9YLuEPi&litespeed_type=imgoptm HTTP/1.1" 200 5 "-" "WordPress/6.8.1; https://reversevillain.com"
157.245.148.39 - - [08/Jun/2025:20:34:45 -0400] "POST //xmlrpc.php HTTP/1.1" 200 205 "-" "Mozilla/5.0 (Windows NT 10.0; Win64; x64) AppleWebKit/537.36 (KHTML, like Gecko) Chrome/78.0.3904.108 Safari/537.36"
47.128.33.197 - - [08/Jun/2025:20:35:19 -0400] "GET / HTTP/1.1" 200 9390 "-" "Mozilla/5.0 (Linux; Android 5.0) AppleWebKit/537.36 (KHTML, like Gecko) Mobile Safari/537.36 (compatible; Bytespider; [email protected])"
162.0.232.193 - - [08/Jun/2025:20:35:30 -0400] "POST /wp-cron.php?doing_wp_cron=1749429330.4361169338226318359375 HTTP/1.1" 200 0 "-" "WordPress/6.8.1; https://reversevillain.com"
45.94.31.111 - - [08/Jun/2025:20:35:01 -0400] "POST //xmlrpc.php HTTP/1.1" 200 205 "-" "Mozilla/5.0 (Windows NT 10.0; Win64; x64) AppleWebKit/537.36 (KHTML, like Gecko) Chrome/89.0.4389.114 Safari/537.36"
157.245.148.39 - - [08/Jun/2025:20:35:15 -0400] "POST //xmlrpc.php HTTP/1.1" 200 205 "-" "Mozilla/5.0 (Windows NT 10.0; Win64; x64) AppleWebKit/537.36 (KHTML, like Gecko) Chrome/78.0.3904.108 Safari/537.36"
47.128.16.137 - - [08/Jun/2025:20:35:36 -0400] "GET /tricked-into-becoming-the-heroines-stepmother-chapter-79/ HTTP/1.1" 301 0 "-" "Mozilla/5.0 (Linux; Android 5.0) AppleWebKit/537.36 (KHTML, like Gecko) Mobile Safari/537.36 (compatible; TikTokSpider; [email protected])"
47.128.16.137 - - [08/Jun/2025:20:35:36 -0400] "GET / HTTP/1.1" 200 9390 "-" "Mozilla/5.0 (Linux; Android 5.0) AppleWebKit/537.36 (KHTML, like Gecko) Mobile Safari/537.36 (compatible; TikTokSpider; [email protected])"
43.153.35.128 - - [08/Jun/2025:20:35:43 -0400] "GET /reverse-villain-chapter-57/feed/ HTTP/1.1" 200 1357 "-" "Mozilla/5.0 (iPhone; CPU iPhone OS 13_2_3 like Mac OS X) AppleWebKit/605.1.15 (KHTML, like Gecko) Version/13.0.3 Mobile/15E148 Safari/604.1"
157.245.148.39 - - [08/Jun/2025:20:35:31 -0400] "POST //xmlrpc.php HTTP/1.1" 200 205 "-" "Mozilla/5.0 (Windows NT 10.0; Win64; x64) AppleWebKit/537.36 (KHTML, like Gecko) Chrome/78.0.3904.108 Safari/537.36"
45.94.31.111 - - [08/Jun/2025:20:35:30 -0400] "POST //xmlrpc.php HTTP/1.1" 200 205 "-" "Mozilla/5.0 (Windows NT 10.0; Win64; x64) AppleWebKit/537.36 (KHTML, like Gecko) Chrome/89.0.4389.114 Safari/537.36"
157.245.148.39 - - [08/Jun/2025:20:36:00 -0400] "POST //xmlrpc.php HTTP/1.1" 200 205 "-" "Mozilla/5.0 (Windows NT 10.0; Win64; x64) AppleWebKit/537.36 (KHTML, like Gecko) Chrome/78.0.3904.108 Safari/537.36"
40.77.167.58 - - [08/Jun/2025:20:36:16 -0400] "GET /farmer-of-spirits-chapter-142/ HTTP/1.1" 301 0 "-" "Mozilla/5.0 AppleWebKit/537.36 (KHTML, like Gecko; compatible; bingbot/2.0; +http://www.bing.com/bingbot.htm) Chrome/116.0.1938.76 Safari/537.36"
162.0.232.193 - - [08/Jun/2025:20:36:30 -0400] "POST /wp-cron.php?doing_wp_cron=1749429390.4544401168823242187500 HTTP/1.1" 200 0 "-" "WordPress/6.8.1; https://reversevillain.com"
45.94.31.111 - - [08/Jun/2025:20:36:01 -0400] "POST //xmlrpc.php HTTP/1.1" 200 205 "-" "Mozilla/5.0 (Windows NT 10.0; Win64; x64) AppleWebKit/537.36 (KHTML, like Gecko) Chrome/89.0.4389.114 Safari/537.36"
162.0.232.193 - - [08/Jun/2025:20:36:31 -0400] "POST /wp-admin/admin-ajax.php?action=async_litespeed&nonce=n99bKHOqWoZHsYMyhZZxeUFieeSWylwO&litespeed_type=imgoptm HTTP/1.1" 200 5 "-" "WordPress/6.8.1; https://reversevillain.com"
162.0.232.193 - - [08/Jun/2025:20:36:38 -0400] "POST /wp-cron.php?doing_wp_cron=1749429398.2866880893707275390625 HTTP/1.1" 200 0 "-" "WordPress/6.8.1; https://reversevillain.com"
47.128.122.124 - - [08/Jun/2025:20:36:38 -0400] "GET /ijiranaide-nagatoro-san-chapter-123/ HTTP/1.1" 301 0 "-" "Mozilla/5.0 (Linux; Android 5.0) AppleWebKit/537.36 (KHTML, like Gecko) Mobile Safari/537.36 (compatible; TikTokSpider; [email protected])"
47.128.122.124 - - [08/Jun/2025:20:36:39 -0400] "GET / HTTP/1.1" 200 9390 "-" "Mozilla/5.0 (Linux; Android 5.0) AppleWebKit/537.36 (KHTML, like Gecko) Mobile Safari/537.36 (compatible; TikTokSpider; [email protected])"
