64.227.169.195 - - [08/Jun/2025:10:44:31 -0400] "POST //xmlrpc.php HTTP/1.1" 200 205 "-" "Mozilla/5.0 (Windows NT 10.0; Win64; x64) AppleWebKit/537.36 (KHTML, like Gecko) Chrome/80.0.3987.149 Safari/537.36"
64.227.169.195 - - [08/Jun/2025:10:44:45 -0400] "POST //xmlrpc.php HTTP/1.1" 200 205 "-" "Mozilla/5.0 (Windows NT 10.0; Win64; x64) AppleWebKit/537.36 (KHTML, like Gecko) Chrome/80.0.3987.149 Safari/537.36"
64.227.169.195 - - [08/Jun/2025:10:45:01 -0400] "POST //xmlrpc.php HTTP/1.1" 200 205 "-" "Mozilla/5.0 (Windows NT 10.0; Win64; x64) AppleWebKit/537.36 (KHTML, like Gecko) Chrome/80.0.3987.149 Safari/537.36"
162.0.232.193 - - [08/Jun/2025:10:45:31 -0400] "POST /wp-cron.php?doing_wp_cron=1749393930.8323960304260253906250 HTTP/1.1" 200 0 "-" "WordPress/6.8.1; https://reversevillain.com"
64.227.169.195 - - [08/Jun/2025:10:45:15 -0400] "POST //xmlrpc.php HTTP/1.1" 200 205 "-" "Mozilla/5.0 (Windows NT 10.0; Win64; x64) AppleWebKit/537.36 (KHTML, like Gecko) Chrome/80.0.3987.149 Safari/537.36"
162.0.232.193 - - [08/Jun/2025:10:45:31 -0400] "POST /wp-admin/admin-ajax.php?action=async_litespeed&nonce=sZHbtQiOTGCs7UAB9SbapfV0iV97uTF2&litespeed_type=imgoptm HTTP/1.1" 200 5 "-" "WordPress/6.8.1; https://reversevillain.com"
190.218.203.130 - - [08/Jun/2025:10:45:33 -0400] "GET / HTTP/1.1" 200 9390 "-" "Mozilla/5.0 (Macintosh; Intel Mac OS X 10_11_1) AppleWebKit/601.2.4 (KHTML, like Gecko) Version/9.0.1 Safari/601.2.4 facebookexternalhit/1.1 Facebot Twitterbot/1.0"
190.218.203.130 - - [08/Jun/2025:10:45:33 -0400] "GET /favicon.ico HTTP/1.1" 302 0 "-" "NetworkingExtension/8621.2.5.10.10 Network/4277.122.6 iOS/18.5"
190.218.203.130 - - [08/Jun/2025:10:45:33 -0400] "GET /apple-touch-icon.png HTTP/1.1" 301 0 "-" "NetworkingExtension/8621.2.5.10.10 Network/4277.122.6 iOS/18.5"
190.218.203.130 - - [08/Jun/2025:10:45:33 -0400] "GET /wp-content/uploads/2024/02/cropped-artworks-GR9wiYSqAwJo0Fa7-x7keIQ-t500x500-180x180.jpg HTTP/1.1" 200 6807 "-" "NetworkingExtension/8621.2.5.10.10 Network/4277.122.6 iOS/18.5"
190.218.203.130 - - [08/Jun/2025:10:45:33 -0400] "GET /wp-content/uploads/2024/02/9241cb9aeeaab1cd315f26ebf3104065-522x1024.jpg HTTP/1.1" 200 74937 "-" "NetworkingExtension/8621.2.5.10.10 Network/4277.122.6 iOS/18.5"
190.218.203.130 - - [08/Jun/2025:10:45:33 -0400] "GET /wp-content/uploads/2024/02/cropped-artworks-GR9wiYSqAwJo0Fa7-x7keIQ-t500x500-192x192.jpg HTTP/1.1" 200 7266 "-" "NetworkingExtension/8621.2.5.10.10 Network/4277.122.6 iOS/18.5"
162.0.232.193 - - [08/Jun/2025:10:45:33 -0400] "POST /wp-cron.php?doing_wp_cron=1749393933.7120640277862548828125 HTTP/1.1" 200 0 "-" "WordPress/6.8.1; https://reversevillain.com"
190.218.203.130 - - [08/Jun/2025:10:45:33 -0400] "GET /apple-touch-icon-precomposed.png HTTP/1.1" 301 0 "-" "NetworkingExtension/8621.2.5.10.10 Network/4277.122.6 iOS/18.5"
190.218.203.130 - - [08/Jun/2025:10:45:34 -0400] "GET /wp-content/uploads/2024/02/cropped-artworks-GR9wiYSqAwJo0Fa7-x7keIQ-t500x500-32x32.jpg HTTP/1.1" 200 727 "-" "NetworkingExtension/8621.2.5.10.10 Network/4277.122.6 iOS/18.5"
190.218.203.130 - - [08/Jun/2025:10:45:34 -0400] "GET /wp-content/uploads/2024/02/Reverse_Villain.webp HTTP/1.1" 200 149800 "-" "NetworkingExtension/8621.2.5.10.10 Network/4277.122.6 iOS/18.5"
190.218.203.130 - - [08/Jun/2025:10:45:34 -0400] "GET / HTTP/1.1" 200 9390 "-" "NetworkingExtension/8621.2.5.10.10 Network/4277.122.6 iOS/18.5"
190.218.203.130 - - [08/Jun/2025:10:45:34 -0400] "GET / HTTP/1.1" 200 9390 "-" "NetworkingExtension/8621.2.5.10.10 Network/4277.122.6 iOS/18.5"
64.227.169.195 - - [08/Jun/2025:10:45:31 -0400] "POST //xmlrpc.php HTTP/1.1" 200 205 "-" "Mozilla/5.0 (Windows NT 10.0; Win64; x64) AppleWebKit/537.36 (KHTML, like Gecko) Chrome/80.0.3987.149 Safari/537.36"
47.128.61.97 - - [08/Jun/2025:10:45:56 -0400] "GET / HTTP/1.1" 200 9390 "-" "Mozilla/5.0 (Linux; Android 5.0) AppleWebKit/537.36 (KHTML, like Gecko) Mobile Safari/537.36 (compatible; Bytespider; [email protected])"
162.0.232.193 - - [08/Jun/2025:10:45:58 -0400] "POST /wp-cron.php?doing_wp_cron=1749393957.8351991176605224609375 HTTP/1.1" 200 0 "-" "WordPress/6.8.1; https://reversevillain.com"
47.128.96.157 - - [08/Jun/2025:10:45:57 -0400] "GET /best-teacher-baek-chapter-76/ HTTP/1.1" 301 0 "-" "Mozilla/5.0 (Linux; Android 5.0) AppleWebKit/537.36 (KHTML, like Gecko) Mobile Safari/537.36 (compatible; TikTokSpider; [email protected])"
47.128.96.157 - - [08/Jun/2025:10:45:58 -0400] "GET / HTTP/1.1" 200 9390 "-" "Mozilla/5.0 (Linux; Android 5.0) AppleWebKit/537.36 (KHTML, like Gecko) Mobile Safari/537.36 (compatible; TikTokSpider; [email protected])"
162.0.232.193 - - [08/Jun/2025:10:45:58 -0400] "POST /wp-admin/admin-ajax.php?action=async_litespeed&nonce=GiM1jLSZi1EmJpi2POxauWS6fz9aw7nE&litespeed_type=imgoptm HTTP/1.1" 200 5 "-" "WordPress/6.8.1; https://reversevillain.com"
64.227.169.195 - - [08/Jun/2025:10:45:46 -0400] "POST //xmlrpc.php HTTP/1.1" 200 205 "-" "Mozilla/5.0 (Windows NT 10.0; Win64; x64) AppleWebKit/537.36 (KHTML, like Gecko) Chrome/80.0.3987.149 Safari/537.36"
64.227.169.195 - - [08/Jun/2025:10:46:01 -0400] "POST //xmlrpc.php HTTP/1.1" 200 205 "-" "Mozilla/5.0 (Windows NT 10.0; Win64; x64) AppleWebKit/537.36 (KHTML, like Gecko) Chrome/80.0.3987.149 Safari/537.36"
162.0.232.193 - - [08/Jun/2025:10:46:30 -0400] "POST /wp-cron.php?doing_wp_cron=1749393990.7327198982238769531250 HTTP/1.1" 200 0 "-" "WordPress/6.8.1; https://reversevillain.com"
64.227.169.195 - - [08/Jun/2025:10:46:15 -0400] "POST //xmlrpc.php HTTP/1.1" 200 205 "-" "Mozilla/5.0 (Windows NT 10.0; Win64; x64) AppleWebKit/537.36 (KHTML, like Gecko) Chrome/80.0.3987.149 Safari/537.36"
64.227.169.195 - - [08/Jun/2025:10:46:31 -0400] "POST //xmlrpc.php HTTP/1.1" 200 205 "-" "Mozilla/5.0 (Windows NT 10.0; Win64; x64) AppleWebKit/537.36 (KHTML, like Gecko) Chrome/80.0.3987.149 Safari/537.36"
64.227.169.195 - - [08/Jun/2025:10:46:46 -0400] "POST //xmlrpc.php HTTP/1.1" 200 205 "-" "Mozilla/5.0 (Windows NT 10.0; Win64; x64) AppleWebKit/537.36 (KHTML, like Gecko) Chrome/80.0.3987.149 Safari/537.36"
2a03:2880:f800:a:: - - [08/Jun/2025:10:47:13 -0400] "GET /sitemap_index.xml HTTP/1.1" 200 343 "-" "meta-externalagent/1.1 (+https://developers.facebook.com/docs/sharing/webmasters/crawler)"
64.227.169.195 - - [08/Jun/2025:10:47:00 -0400] "POST //xmlrpc.php HTTP/1.1" 200 205 "-" "Mozilla/5.0 (Windows NT 10.0; Win64; x64) AppleWebKit/537.36 (KHTML, like Gecko) Chrome/80.0.3987.149 Safari/537.36"
64.227.169.195 - - [08/Jun/2025:10:47:16 -0400] "POST //xmlrpc.php HTTP/1.1" 200 205 "-" "Mozilla/5.0 (Windows NT 10.0; Win64; x64) AppleWebKit/537.36 (KHTML, like Gecko) Chrome/80.0.3987.149 Safari/537.36"
162.0.232.193 - - [08/Jun/2025:10:47:45 -0400] "POST /wp-cron.php?doing_wp_cron=1749394065.1215150356292724609375 HTTP/1.1" 200 0 "-" "WordPress/6.8.1; https://reversevillain.com"
64.227.169.195 - - [08/Jun/2025:10:47:31 -0400] "POST //xmlrpc.php HTTP/1.1" 200 205 "-" "Mozilla/5.0 (Windows NT 10.0; Win64; x64) AppleWebKit/537.36 (KHTML, like Gecko) Chrome/80.0.3987.149 Safari/537.36"
162.0.232.193 - - [08/Jun/2025:10:47:45 -0400] "POST /wp-admin/admin-ajax.php?action=async_litespeed&nonce=G4lSq60OODlmuzlvmjQZcoymGIcuIlex&litespeed_type=imgoptm HTTP/1.1" 200 5 "-" "WordPress/6.8.1; https://reversevillain.com"
162.0.232.193 - - [08/Jun/2025:10:48:01 -0400] "POST /wp-cron.php?doing_wp_cron=1749394080.9506199359893798828125 HTTP/1.1" 200 0 "-" "WordPress/6.8.1; https://reversevillain.com"
64.227.169.195 - - [08/Jun/2025:10:47:45 -0400] "POST //xmlrpc.php HTTP/1.1" 200 205 "-" "Mozilla/5.0 (Windows NT 10.0; Win64; x64) AppleWebKit/537.36 (KHTML, like Gecko) Chrome/80.0.3987.149 Safari/537.36"
162.0.232.193 - - [08/Jun/2025:10:48:01 -0400] "POST /wp-admin/admin-ajax.php?action=async_litespeed&nonce=EXGTc2Dd3mBTMTN8CCQZqs9Vy0BhyEHi&litespeed_type=imgoptm HTTP/1.1" 200 5 "-" "WordPress/6.8.1; https://reversevillain.com"
64.227.169.195 - - [08/Jun/2025:10:48:01 -0400] "POST //xmlrpc.php HTTP/1.1" 200 205 "-" "Mozilla/5.0 (Windows NT 10.0; Win64; x64) AppleWebKit/537.36 (KHTML, like Gecko) Chrome/80.0.3987.149 Safari/537.36"
162.0.232.193 - - [08/Jun/2025:10:48:31 -0400] "POST /wp-cron.php?doing_wp_cron=1749394111.0513250827789306640625 HTTP/1.1" 200 0 "-" "WordPress/6.8.1; https://reversevillain.com"
64.227.169.195 - - [08/Jun/2025:10:48:16 -0400] "POST //xmlrpc.php HTTP/1.1" 200 205 "-" "Mozilla/5.0 (Windows NT 10.0; Win64; x64) AppleWebKit/537.36 (KHTML, like Gecko) Chrome/80.0.3987.149 Safari/537.36"
64.227.169.195 - - [08/Jun/2025:10:48:31 -0400] "POST //xmlrpc.php HTTP/1.1" 200 205 "-" "Mozilla/5.0 (Windows NT 10.0; Win64; x64) AppleWebKit/537.36 (KHTML, like Gecko) Chrome/80.0.3987.149 Safari/537.36"
64.227.169.195 - - [08/Jun/2025:10:48:46 -0400] "POST //xmlrpc.php HTTP/1.1" 200 205 "-" "Mozilla/5.0 (Windows NT 10.0; Win64; x64) AppleWebKit/537.36 (KHTML, like Gecko) Chrome/80.0.3987.149 Safari/537.36"
64.227.169.195 - - [08/Jun/2025:10:49:00 -0400] "POST //xmlrpc.php HTTP/1.1" 200 205 "-" "Mozilla/5.0 (Windows NT 10.0; Win64; x64) AppleWebKit/537.36 (KHTML, like Gecko) Chrome/80.0.3987.149 Safari/537.36"
64.227.169.195 - - [08/Jun/2025:10:49:16 -0400] "POST //xmlrpc.php HTTP/1.1" 200 205 "-" "Mozilla/5.0 (Windows NT 10.0; Win64; x64) AppleWebKit/537.36 (KHTML, like Gecko) Chrome/80.0.3987.149 Safari/537.36"
162.0.232.193 - - [08/Jun/2025:10:49:45 -0400] "POST /wp-cron.php?doing_wp_cron=1749394185.8375959396362304687500 HTTP/1.1" 200 0 "-" "WordPress/6.8.1; https://reversevillain.com"
64.227.169.195 - - [08/Jun/2025:10:49:30 -0400] "POST //xmlrpc.php HTTP/1.1" 200 205 "-" "Mozilla/5.0 (Windows NT 10.0; Win64; x64) AppleWebKit/537.36 (KHTML, like Gecko) Chrome/80.0.3987.149 Safari/537.36"
162.0.232.193 - - [08/Jun/2025:10:49:46 -0400] "POST /wp-admin/admin-ajax.php?action=async_litespeed&nonce=BMRTBpQ4JPlVjuxZ3xDRjPfhabQaoS9D&litespeed_type=imgoptm HTTP/1.1" 200 5 "-" "WordPress/6.8.1; https://reversevillain.com"
162.0.232.193 - - [08/Jun/2025:10:50:00 -0400] "POST /wp-cron.php?doing_wp_cron=1749394200.5244529247283935546875 HTTP/1.1" 200 0 "-" "WordPress/6.8.1; https://reversevillain.com"
64.227.169.195 - - [08/Jun/2025:10:49:46 -0400] "POST //xmlrpc.php HTTP/1.1" 200 205 "-" "Mozilla/5.0 (Windows NT 10.0; Win64; x64) AppleWebKit/537.36 (KHTML, like Gecko) Chrome/80.0.3987.149 Safari/537.36"
162.0.232.193 - - [08/Jun/2025:10:50:01 -0400] "POST /wp-admin/admin-ajax.php?action=async_litespeed&nonce=DjQFd9rsjkjPg660oKAdjyCOVXSCphZ3&litespeed_type=imgoptm HTTP/1.1" 200 5 "-" "WordPress/6.8.1; https://reversevillain.com"
64.227.169.195 - - [08/Jun/2025:10:50:02 -0400] "POST //xmlrpc.php HTTP/1.1" 200 205 "-" "Mozilla/5.0 (Windows NT 10.0; Win64; x64) AppleWebKit/537.36 (KHTML, like Gecko) Chrome/80.0.3987.149 Safari/537.36"
162.0.232.193 - - [08/Jun/2025:10:50:31 -0400] "POST /wp-cron.php?doing_wp_cron=1749394230.9741740226745605468750 HTTP/1.1" 200 0 "-" "WordPress/6.8.1; https://reversevillain.com"
64.227.169.195 - - [08/Jun/2025:10:50:15 -0400] "POST //xmlrpc.php HTTP/1.1" 200 205 "-" "Mozilla/5.0 (Windows NT 10.0; Win64; x64) AppleWebKit/537.36 (KHTML, like Gecko) Chrome/80.0.3987.149 Safari/537.36"
64.227.169.195 - - [08/Jun/2025:10:50:31 -0400] "POST //xmlrpc.php HTTP/1.1" 200 205 "-" "Mozilla/5.0 (Windows NT 10.0; Win64; x64) AppleWebKit/537.36 (KHTML, like Gecko) Chrome/80.0.3987.149 Safari/537.36"
64.227.169.195 - - [08/Jun/2025:10:50:46 -0400] "POST //xmlrpc.php HTTP/1.1" 200 205 "-" "Mozilla/5.0 (Windows NT 10.0; Win64; x64) AppleWebKit/537.36 (KHTML, like Gecko) Chrome/80.0.3987.149 Safari/537.36"
64.227.169.195 - - [08/Jun/2025:10:51:00 -0400] "POST //xmlrpc.php HTTP/1.1" 200 205 "-" "Mozilla/5.0 (Windows NT 10.0; Win64; x64) AppleWebKit/537.36 (KHTML, like Gecko) Chrome/80.0.3987.149 Safari/537.36"
64.227.169.195 - - [08/Jun/2025:10:51:16 -0400] "POST //xmlrpc.php HTTP/1.1" 200 205 "-" "Mozilla/5.0 (Windows NT 10.0; Win64; x64) AppleWebKit/537.36 (KHTML, like Gecko) Chrome/80.0.3987.149 Safari/537.36"
162.0.232.193 - - [08/Jun/2025:10:51:45 -0400] "POST /wp-cron.php?doing_wp_cron=1749394305.1158289909362792968750 HTTP/1.1" 200 0 "-" "WordPress/6.8.1; https://reversevillain.com"
64.227.169.195 - - [08/Jun/2025:10:51:31 -0400] "POST //xmlrpc.php HTTP/1.1" 200 205 "-" "Mozilla/5.0 (Windows NT 10.0; Win64; x64) AppleWebKit/537.36 (KHTML, like Gecko) Chrome/80.0.3987.149 Safari/537.36"
162.0.232.193 - - [08/Jun/2025:10:51:45 -0400] "POST /wp-admin/admin-ajax.php?action=async_litespeed&nonce=tVUfH1w8QIyep47BvkqfORDWLWP0Gxar&litespeed_type=imgoptm HTTP/1.1" 200 5 "-" "WordPress/6.8.1; https://reversevillain.com"
162.0.232.193 - - [08/Jun/2025:10:52:01 -0400] "POST /wp-cron.php?doing_wp_cron=1749394320.8145210742950439453125 HTTP/1.1" 200 0 "-" "WordPress/6.8.1; https://reversevillain.com"
64.227.169.195 - - [08/Jun/2025:10:51:45 -0400] "POST //xmlrpc.php HTTP/1.1" 200 205 "-" "Mozilla/5.0 (Windows NT 10.0; Win64; x64) AppleWebKit/537.36 (KHTML, like Gecko) Chrome/80.0.3987.149 Safari/537.36"
162.0.232.193 - - [08/Jun/2025:10:52:01 -0400] "POST /wp-admin/admin-ajax.php?action=async_litespeed&nonce=yVeJIYyQ3hBKUeEWBHbQ25IfI5gzf4ZO&litespeed_type=imgoptm HTTP/1.1" 200 5 "-" "WordPress/6.8.1; https://reversevillain.com"
64.227.169.195 - - [08/Jun/2025:10:52:01 -0400] "POST //xmlrpc.php HTTP/1.1" 200 205 "-" "Mozilla/5.0 (Windows NT 10.0; Win64; x64) AppleWebKit/537.36 (KHTML, like Gecko) Chrome/80.0.3987.149 Safari/537.36"
162.0.232.193 - - [08/Jun/2025:10:52:30 -0400] "POST /wp-cron.php?doing_wp_cron=1749394350.1872959136962890625000 HTTP/1.1" 200 0 "-" "WordPress/6.8.1; https://reversevillain.com"
64.227.169.195 - - [08/Jun/2025:10:52:16 -0400] "POST //xmlrpc.php HTTP/1.1" 200 205 "-" "Mozilla/5.0 (Windows NT 10.0; Win64; x64) AppleWebKit/537.36 (KHTML, like Gecko) Chrome/80.0.3987.149 Safari/537.36"
119.28.177.175 - - [08/Jun/2025:10:52:43 -0400] "GET /?p=1498 HTTP/1.1" 301 0 "-" "Mozilla/5.0 (iPhone; CPU iPhone OS 13_2_3 like Mac OS X) AppleWebKit/605.1.15 (KHTML, like Gecko) Version/13.0.3 Mobile/15E148 Safari/604.1"
64.227.169.195 - - [08/Jun/2025:10:52:30 -0400] "POST //xmlrpc.php HTTP/1.1" 200 205 "-" "Mozilla/5.0 (Windows NT 10.0; Win64; x64) AppleWebKit/537.36 (KHTML, like Gecko) Chrome/80.0.3987.149 Safari/537.36"
119.28.177.175 - - [08/Jun/2025:10:52:47 -0400] "GET /reverse-villain-chapter-55/ HTTP/1.1" 200 9947 "https://reversevillain.com/?p=1498" "Mozilla/5.0 (iPhone; CPU iPhone OS 13_2_3 like Mac OS X) AppleWebKit/605.1.15 (KHTML, like Gecko) Version/13.0.3 Mobile/15E148 Safari/604.1"
64.227.169.195 - - [08/Jun/2025:10:52:46 -0400] "POST //xmlrpc.php HTTP/1.1" 200 205 "-" "Mozilla/5.0 (Windows NT 10.0; Win64; x64) AppleWebKit/537.36 (KHTML, like Gecko) Chrome/80.0.3987.149 Safari/537.36"
64.227.169.195 - - [08/Jun/2025:10:53:00 -0400] "POST //xmlrpc.php HTTP/1.1" 200 205 "-" "Mozilla/5.0 (Windows NT 10.0; Win64; x64) AppleWebKit/537.36 (KHTML, like Gecko) Chrome/80.0.3987.149 Safari/537.36"
162.0.232.193 - - [08/Jun/2025:10:53:31 -0400] "POST /wp-cron.php?doing_wp_cron=1749394410.7196838855743408203125 HTTP/1.1" 200 0 "-" "WordPress/6.8.1; https://reversevillain.com"
64.227.169.195 - - [08/Jun/2025:10:53:16 -0400] "POST //xmlrpc.php HTTP/1.1" 200 205 "-" "Mozilla/5.0 (Windows NT 10.0; Win64; x64) AppleWebKit/537.36 (KHTML, like Gecko) Chrome/80.0.3987.149 Safari/537.36"
162.0.232.193 - - [08/Jun/2025:10:53:31 -0400] "POST /wp-admin/admin-ajax.php?action=async_litespeed&nonce=BRMFzSXyFrUqgM7IVP72OXDxVx3Vgp9k&litespeed_type=imgoptm HTTP/1.1" 200 5 "-" "WordPress/6.8.1; https://reversevillain.com"
162.0.232.193 - - [08/Jun/2025:10:53:45 -0400] "POST /wp-cron.php?doing_wp_cron=1749394425.6365880966186523437500 HTTP/1.1" 200 0 "-" "WordPress/6.8.1; https://reversevillain.com"
64.227.169.195 - - [08/Jun/2025:10:53:31 -0400] "POST //xmlrpc.php HTTP/1.1" 200 205 "-" "Mozilla/5.0 (Windows NT 10.0; Win64; x64) AppleWebKit/537.36 (KHTML, like Gecko) Chrome/80.0.3987.149 Safari/537.36"
162.0.232.193 - - [08/Jun/2025:10:54:00 -0400] "POST /wp-cron.php?doing_wp_cron=1749394440.7221729755401611328125 HTTP/1.1" 200 0 "-" "WordPress/6.8.1; https://reversevillain.com"
64.227.169.195 - - [08/Jun/2025:10:53:46 -0400] "POST //xmlrpc.php HTTP/1.1" 200 205 "-" "Mozilla/5.0 (Windows NT 10.0; Win64; x64) AppleWebKit/537.36 (KHTML, like Gecko) Chrome/80.0.3987.149 Safari/537.36"
162.0.232.193 - - [08/Jun/2025:10:54:01 -0400] "POST /wp-admin/admin-ajax.php?action=async_litespeed&nonce=81N1UrIG6JMd2rgY8APnPMaDmRf59fih&litespeed_type=imgoptm HTTP/1.1" 200 5 "-" "WordPress/6.8.1; https://reversevillain.com"
64.227.169.195 - - [08/Jun/2025:10:54:01 -0400] "POST //xmlrpc.php HTTP/1.1" 200 205 "-" "Mozilla/5.0 (Windows NT 10.0; Win64; x64) AppleWebKit/537.36 (KHTML, like Gecko) Chrome/80.0.3987.149 Safari/537.36"
162.0.232.193 - - [08/Jun/2025:10:54:30 -0400] "POST /wp-cron.php?doing_wp_cron=1749394470.1970779895782470703125 HTTP/1.1" 200 0 "-" "WordPress/6.8.1; https://reversevillain.com"
64.227.169.195 - - [08/Jun/2025:10:54:16 -0400] "POST //xmlrpc.php HTTP/1.1" 200 205 "-" "Mozilla/5.0 (Windows NT 10.0; Win64; x64) AppleWebKit/537.36 (KHTML, like Gecko) Chrome/80.0.3987.149 Safari/537.36"
64.227.169.195 - - [08/Jun/2025:10:54:31 -0400] "POST //xmlrpc.php HTTP/1.1" 200 205 "-" "Mozilla/5.0 (Windows NT 10.0; Win64; x64) AppleWebKit/537.36 (KHTML, like Gecko) Chrome/80.0.3987.149 Safari/537.36"
64.227.169.195 - - [08/Jun/2025:10:54:45 -0400] "POST //xmlrpc.php HTTP/1.1" 200 205 "-" "Mozilla/5.0 (Windows NT 10.0; Win64; x64) AppleWebKit/537.36 (KHTML, like Gecko) Chrome/80.0.3987.149 Safari/537.36"
64.227.169.195 - - [08/Jun/2025:10:55:01 -0400] "POST //xmlrpc.php HTTP/1.1" 200 205 "-" "Mozilla/5.0 (Windows NT 10.0; Win64; x64) AppleWebKit/537.36 (KHTML, like Gecko) Chrome/80.0.3987.149 Safari/537.36"
162.0.232.193 - - [08/Jun/2025:10:55:31 -0400] "POST /wp-cron.php?doing_wp_cron=1749394530.6994988918304443359375 HTTP/1.1" 200 0 "-" "WordPress/6.8.1; https://reversevillain.com"
64.227.169.195 - - [08/Jun/2025:10:55:16 -0400] "POST //xmlrpc.php HTTP/1.1" 200 205 "-" "Mozilla/5.0 (Windows NT 10.0; Win64; x64) AppleWebKit/537.36 (KHTML, like Gecko) Chrome/80.0.3987.149 Safari/537.36"
162.0.232.193 - - [08/Jun/2025:10:55:32 -0400] "POST /wp-admin/admin-ajax.php?action=async_litespeed&nonce=rxUQqZ6mVRF0DcgGmZISPJJzM5aIXbXs&litespeed_type=imgoptm HTTP/1.1" 200 5 "-" "WordPress/6.8.1; https://reversevillain.com"
162.0.232.193 - - [08/Jun/2025:10:55:45 -0400] "POST /wp-cron.php?doing_wp_cron=1749394545.4098949432373046875000 HTTP/1.1" 200 0 "-" "WordPress/6.8.1; https://reversevillain.com"
64.227.169.195 - - [08/Jun/2025:10:55:32 -0400] "POST //xmlrpc.php HTTP/1.1" 200 205 "-" "Mozilla/5.0 (Windows NT 10.0; Win64; x64) AppleWebKit/537.36 (KHTML, like Gecko) Chrome/80.0.3987.149 Safari/537.36"
162.0.232.193 - - [08/Jun/2025:10:56:01 -0400] "POST /wp-cron.php?doing_wp_cron=1749394560.7613120079040527343750 HTTP/1.1" 200 0 "-" "WordPress/6.8.1; https://reversevillain.com"
64.227.169.195 - - [08/Jun/2025:10:55:46 -0400] "POST //xmlrpc.php HTTP/1.1" 200 205 "-" "Mozilla/5.0 (Windows NT 10.0; Win64; x64) AppleWebKit/537.36 (KHTML, like Gecko) Chrome/80.0.3987.149 Safari/537.36"
162.0.232.193 - - [08/Jun/2025:10:56:02 -0400] "POST /wp-admin/admin-ajax.php?action=async_litespeed&nonce=1SdVuO8Jl8n9AutkiWSdIiNsmxl84cnp&litespeed_type=imgoptm HTTP/1.1" 200 0 "-" "WordPress/6.8.1; https://reversevillain.com"
64.227.169.195 - - [08/Jun/2025:10:56:02 -0400] "POST //xmlrpc.php HTTP/1.1" 200 205 "-" "Mozilla/5.0 (Windows NT 10.0; Win64; x64) AppleWebKit/537.36 (KHTML, like Gecko) Chrome/80.0.3987.149 Safari/537.36"
162.0.232.193 - - [08/Jun/2025:10:56:30 -0400] "POST /wp-cron.php?doing_wp_cron=1749394590.3678801059722900390625 HTTP/1.1" 200 0 "-" "WordPress/6.8.1; https://reversevillain.com"
64.227.169.195 - - [08/Jun/2025:10:56:16 -0400] "POST //xmlrpc.php HTTP/1.1" 200 205 "-" "Mozilla/5.0 (Windows NT 10.0; Win64; x64) AppleWebKit/537.36 (KHTML, like Gecko) Chrome/80.0.3987.149 Safari/537.36"
17.241.219.243 - - [08/Jun/2025:10:56:33 -0400] "GET /reverse-villain-chapter-28/ HTTP/1.1" 200 9571 "-" "Mozilla/5.0 (Macintosh; Intel Mac OS X 10_15_7) AppleWebKit/605.1.15 (KHTML, like Gecko) Version/17.4 Safari/605.1.15 (Applebot/0.1; +http://www.apple.com/go/applebot)"
64.227.169.195 - - [08/Jun/2025:10:56:31 -0400] "POST //xmlrpc.php HTTP/1.1" 200 205 "-" "Mozilla/5.0 (Windows NT 10.0; Win64; x64) AppleWebKit/537.36 (KHTML, like Gecko) Chrome/80.0.3987.149 Safari/537.36"
64.227.169.195 - - [08/Jun/2025:10:56:46 -0400] "POST //xmlrpc.php HTTP/1.1" 200 205 "-" "Mozilla/5.0 (Windows NT 10.0; Win64; x64) AppleWebKit/537.36 (KHTML, like Gecko) Chrome/80.0.3987.149 Safari/537.36"
170.106.192.3 - - [08/Jun/2025:10:57:12 -0400] "GET / HTTP/1.1" 200 9390 "http://reversevillain.com" "Mozilla/5.0 (iPhone; CPU iPhone OS 13_2_3 like Mac OS X) AppleWebKit/605.1.15 (KHTML, like Gecko) Version/13.0.3 Mobile/15E148 Safari/604.1"
64.227.169.195 - - [08/Jun/2025:10:57:01 -0400] "POST //xmlrpc.php HTTP/1.1" 200 205 "-" "Mozilla/5.0 (Windows NT 10.0; Win64; x64) AppleWebKit/537.36 (KHTML, like Gecko) Chrome/80.0.3987.149 Safari/537.36"
162.0.232.193 - - [08/Jun/2025:10:57:31 -0400] "POST /wp-cron.php?doing_wp_cron=1749394650.8866510391235351562500 HTTP/1.1" 200 0 "-" "WordPress/6.8.1; https://reversevillain.com"
64.227.169.195 - - [08/Jun/2025:10:57:15 -0400] "POST //xmlrpc.php HTTP/1.1" 200 205 "-" "Mozilla/5.0 (Windows NT 10.0; Win64; x64) AppleWebKit/537.36 (KHTML, like Gecko) Chrome/80.0.3987.149 Safari/537.36"
162.0.232.193 - - [08/Jun/2025:10:57:32 -0400] "POST /wp-admin/admin-ajax.php?action=async_litespeed&nonce=MDgYIBxAheUFGwatJDEzFdvEiMa3uN8x&litespeed_type=imgoptm HTTP/1.1" 200 5 "-" "WordPress/6.8.1; https://reversevillain.com"
162.0.232.193 - - [08/Jun/2025:10:57:46 -0400] "POST /wp-cron.php?doing_wp_cron=1749394665.9745399951934814453125 HTTP/1.1" 200 0 "-" "WordPress/6.8.1; https://reversevillain.com"
64.227.169.195 - - [08/Jun/2025:10:57:31 -0400] "POST //xmlrpc.php HTTP/1.1" 200 205 "-" "Mozilla/5.0 (Windows NT 10.0; Win64; x64) AppleWebKit/537.36 (KHTML, like Gecko) Chrome/80.0.3987.149 Safari/537.36"
162.0.232.193 - - [08/Jun/2025:10:58:00 -0400] "POST /wp-cron.php?doing_wp_cron=1749394680.7639939785003662109375 HTTP/1.1" 200 0 "-" "WordPress/6.8.1; https://reversevillain.com"
64.227.169.195 - - [08/Jun/2025:10:57:47 -0400] "POST //xmlrpc.php HTTP/1.1" 200 205 "-" "Mozilla/5.0 (Windows NT 10.0; Win64; x64) AppleWebKit/537.36 (KHTML, like Gecko) Chrome/80.0.3987.149 Safari/537.36"
162.0.232.193 - - [08/Jun/2025:10:58:01 -0400] "POST /wp-admin/admin-ajax.php?action=async_litespeed&nonce=i0OkS4H6PDLFrKAjP7hT9NppJLsH5san&litespeed_type=imgoptm HTTP/1.1" 200 0 "-" "WordPress/6.8.1; https://reversevillain.com"
64.227.169.195 - - [08/Jun/2025:10:58:01 -0400] "POST //xmlrpc.php HTTP/1.1" 200 205 "-" "Mozilla/5.0 (Windows NT 10.0; Win64; x64) AppleWebKit/537.36 (KHTML, like Gecko) Chrome/80.0.3987.149 Safari/537.36"
64.227.169.195 - - [08/Jun/2025:10:58:17 -0400] "POST //xmlrpc.php HTTP/1.1" 200 205 "-" "Mozilla/5.0 (Windows NT 10.0; Win64; x64) AppleWebKit/537.36 (KHTML, like Gecko) Chrome/80.0.3987.149 Safari/537.36"
162.0.232.193 - - [08/Jun/2025:10:58:31 -0400] "POST /wp-cron.php?doing_wp_cron=1749394710.3671789169311523437500 HTTP/1.1" 200 0 "-" "WordPress/6.8.1; https://reversevillain.com"
162.0.232.193 - - [08/Jun/2025:11:02:45 -0400] "POST /wp-cron.php?doing_wp_cron=1749394965.4746079444885253906250 HTTP/1.1" 200 0 "-" "WordPress/6.8.1; https://reversevillain.com"
43.135.148.92 - - [08/Jun/2025:11:02:40 -0400] "GET /wp-json/oembed/1.0/embed?url=https%3A%2F%2Freversevillain.com%2Freverse-villain-chapter-55%2F&format=xml HTTP/1.1" 200 1117 "-" "Mozilla/5.0 (iPhone; CPU iPhone OS 13_2_3 like Mac OS X) AppleWebKit/605.1.15 (KHTML, like Gecko) Version/13.0.3 Mobile/15E148 Safari/604.1"
159.65.232.209 - - [08/Jun/2025:11:09:49 -0400] "GET / HTTP/1.1" 200 9390 "-" "Mozilla/5.0 (Windows NT 10.0; Win64; x64) AppleWebKit/537.36 (KHTML, like Gecko) Chrome/89.0.4389.114 Safari/537.36"
162.0.232.193 - - [08/Jun/2025:11:09:52 -0400] "POST /wp-cron.php?doing_wp_cron=1749395392.5263180732727050781250 HTTP/1.1" 200 0 "-" "WordPress/6.8.1; https://reversevillain.com"
159.65.232.209 - - [08/Jun/2025:11:09:49 -0400] "GET //wp-includes/wlwmanifest.xml HTTP/1.1" 301 0 "-" "Mozilla/5.0 (Windows NT 10.0; Win64; x64) AppleWebKit/537.36 (KHTML, like Gecko) Chrome/89.0.4389.114 Safari/537.36"
159.65.232.209 - - [08/Jun/2025:11:09:53 -0400] "GET //xmlrpc.php?rsd HTTP/1.1" 200 293 "-" "Mozilla/5.0 (Windows NT 10.0; Win64; x64) AppleWebKit/537.36 (KHTML, like Gecko) Chrome/89.0.4389.114 Safari/537.36"
162.0.232.193 - - [08/Jun/2025:11:09:53 -0400] "POST /wp-admin/admin-ajax.php?action=async_litespeed&nonce=1pfe8FbxRusaagLeaRYaw4Mt17epiUmF&litespeed_type=imgoptm HTTP/1.1" 200 5 "-" "WordPress/6.8.1; https://reversevillain.com"
159.65.232.209 - - [08/Jun/2025:11:09:53 -0400] "GET //?author=1 HTTP/1.1" 301 0 "-" "Mozilla/5.0 (Windows NT 10.0; Win64; x64) AppleWebKit/537.36 (KHTML, like Gecko) Chrome/89.0.4389.114 Safari/537.36"
159.65.232.209 - - [08/Jun/2025:11:09:53 -0400] "GET //?author=2 HTTP/1.1" 301 0 "-" "Mozilla/5.0 (Windows NT 10.0; Win64; x64) AppleWebKit/537.36 (KHTML, like Gecko) Chrome/89.0.4389.114 Safari/537.36"
159.65.232.209 - - [08/Jun/2025:11:09:54 -0400] "GET //?author=3 HTTP/1.1" 301 0 "-" "Mozilla/5.0 (Windows NT 10.0; Win64; x64) AppleWebKit/537.36 (KHTML, like Gecko) Chrome/89.0.4389.114 Safari/537.36"
159.65.232.209 - - [08/Jun/2025:11:09:54 -0400] "GET //wp-json/wp/v2/users/ HTTP/1.1" 200 6355 "-" "Mozilla/5.0 (Windows NT 10.0; Win64; x64) AppleWebKit/537.36 (KHTML, like Gecko) Chrome/89.0.4389.114 Safari/537.36"
159.65.232.209 - - [08/Jun/2025:11:09:55 -0400] "GET //wp-json/oembed/1.0/embed?url=https://reversevillain.com/ HTTP/1.1" 200 2430 "-" "Mozilla/5.0 (Windows NT 10.0; Win64; x64) AppleWebKit/537.36 (KHTML, like Gecko) Chrome/89.0.4389.114 Safari/537.36"
159.65.232.209 - - [08/Jun/2025:11:09:55 -0400] "POST //xmlrpc.php HTTP/1.1" 200 189 "-" "Mozilla/5.0 (Windows NT 10.0; Win64; x64) AppleWebKit/537.36 (KHTML, like Gecko) Chrome/89.0.4389.114 Safari/537.36"
159.65.232.209 - - [08/Jun/2025:11:09:55 -0400] "POST //xmlrpc.php HTTP/1.1" 200 205 "-" "Mozilla/5.0 (Windows NT 10.0; Win64; x64) AppleWebKit/537.36 (KHTML, like Gecko) Chrome/89.0.4389.114 Safari/537.36"
159.65.232.209 - - [08/Jun/2025:11:09:56 -0400] "POST //xmlrpc.php HTTP/1.1" 200 189 "-" "Mozilla/5.0 (Windows NT 10.0; Win64; x64) AppleWebKit/537.36 (KHTML, like Gecko) Chrome/89.0.4389.114 Safari/537.36"
159.65.232.209 - - [08/Jun/2025:11:09:56 -0400] "POST //xmlrpc.php HTTP/1.1" 200 205 "-" "Mozilla/5.0 (Windows NT 10.0; Win64; x64) AppleWebKit/537.36 (KHTML, like Gecko) Chrome/89.0.4389.114 Safari/537.36"
159.65.232.209 - - [08/Jun/2025:11:09:56 -0400] "POST //xmlrpc.php HTTP/1.1" 200 205 "-" "Mozilla/5.0 (Windows NT 10.0; Win64; x64) AppleWebKit/537.36 (KHTML, like Gecko) Chrome/89.0.4389.114 Safari/537.36"
159.65.232.209 - - [08/Jun/2025:11:09:57 -0400] "POST //xmlrpc.php HTTP/1.1" 200 205 "-" "Mozilla/5.0 (Windows NT 10.0; Win64; x64) AppleWebKit/537.36 (KHTML, like Gecko) Chrome/89.0.4389.114 Safari/537.36"
159.65.232.209 - - [08/Jun/2025:11:09:58 -0400] "POST //xmlrpc.php HTTP/1.1" 200 205 "-" "Mozilla/5.0 (Windows NT 10.0; Win64; x64) AppleWebKit/537.36 (KHTML, like Gecko) Chrome/89.0.4389.114 Safari/537.36"
159.65.232.209 - - [08/Jun/2025:11:10:01 -0400] "POST //xmlrpc.php HTTP/1.1" 200 205 "-" "Mozilla/5.0 (Windows NT 10.0; Win64; x64) AppleWebKit/537.36 (KHTML, like Gecko) Chrome/89.0.4389.114 Safari/537.36"
159.65.232.209 - - [08/Jun/2025:11:10:04 -0400] "POST //xmlrpc.php HTTP/1.1" 200 205 "-" "Mozilla/5.0 (Windows NT 10.0; Win64; x64) AppleWebKit/537.36 (KHTML, like Gecko) Chrome/89.0.4389.114 Safari/537.36"
159.65.232.209 - - [08/Jun/2025:11:10:08 -0400] "POST //xmlrpc.php HTTP/1.1" 200 205 "-" "Mozilla/5.0 (Windows NT 10.0; Win64; x64) AppleWebKit/537.36 (KHTML, like Gecko) Chrome/89.0.4389.114 Safari/537.36"
159.65.232.209 - - [08/Jun/2025:11:10:12 -0400] "POST //xmlrpc.php HTTP/1.1" 200 205 "-" "Mozilla/5.0 (Windows NT 10.0; Win64; x64) AppleWebKit/537.36 (KHTML, like Gecko) Chrome/89.0.4389.114 Safari/537.36"
159.65.232.209 - - [08/Jun/2025:11:10:16 -0400] "POST //xmlrpc.php HTTP/1.1" 200 205 "-" "Mozilla/5.0 (Windows NT 10.0; Win64; x64) AppleWebKit/537.36 (KHTML, like Gecko) Chrome/89.0.4389.114 Safari/537.36"
159.65.232.209 - - [08/Jun/2025:11:10:31 -0400] "POST //xmlrpc.php HTTP/1.1" 200 205 "-" "Mozilla/5.0 (Windows NT 10.0; Win64; x64) AppleWebKit/537.36 (KHTML, like Gecko) Chrome/89.0.4389.114 Safari/537.36"
162.0.232.193 - - [08/Jun/2025:11:11:00 -0400] "POST /wp-cron.php?doing_wp_cron=1749395460.3122749328613281250000 HTTP/1.1" 200 0 "-" "WordPress/6.8.1; https://reversevillain.com"
159.65.232.209 - - [08/Jun/2025:11:10:46 -0400] "POST //xmlrpc.php HTTP/1.1" 200 205 "-" "Mozilla/5.0 (Windows NT 10.0; Win64; x64) AppleWebKit/537.36 (KHTML, like Gecko) Chrome/89.0.4389.114 Safari/537.36"
162.0.232.193 - - [08/Jun/2025:11:11:00 -0400] "POST /wp-admin/admin-ajax.php?action=async_litespeed&nonce=GAgdfgdFx5qH26bfEDTgEB0jmA4r1Pmp&litespeed_type=imgoptm HTTP/1.1" 200 5 "-" "WordPress/6.8.1; https://reversevillain.com"
47.128.96.148 - - [08/Jun/2025:11:11:14 -0400] "GET /the-tyrant-wants-to-be-good-chapter-49/ HTTP/1.1" 301 0 "-" "Mozilla/5.0 (Linux; Android 5.0) AppleWebKit/537.36 (KHTML, like Gecko) Mobile Safari/537.36 (compatible; TikTokSpider; [email protected])"
47.128.96.148 - - [08/Jun/2025:11:11:15 -0400] "GET / HTTP/1.1" 200 9390 "-" "Mozilla/5.0 (Linux; Android 5.0) AppleWebKit/537.36 (KHTML, like Gecko) Mobile Safari/537.36 (compatible; TikTokSpider; [email protected])"
159.65.232.209 - - [08/Jun/2025:11:11:00 -0400] "POST //xmlrpc.php HTTP/1.1" 200 205 "-" "Mozilla/5.0 (Windows NT 10.0; Win64; x64) AppleWebKit/537.36 (KHTML, like Gecko) Chrome/89.0.4389.114 Safari/537.36"
162.0.232.193 - - [08/Jun/2025:11:11:30 -0400] "POST /wp-cron.php?doing_wp_cron=1749395490.3349859714508056640625 HTTP/1.1" 200 0 "-" "WordPress/6.8.1; https://reversevillain.com"
159.65.232.209 - - [08/Jun/2025:11:11:16 -0400] "POST //xmlrpc.php HTTP/1.1" 200 205 "-" "Mozilla/5.0 (Windows NT 10.0; Win64; x64) AppleWebKit/537.36 (KHTML, like Gecko) Chrome/89.0.4389.114 Safari/537.36"
159.65.232.209 - - [08/Jun/2025:11:11:30 -0400] "POST //xmlrpc.php HTTP/1.1" 200 205 "-" "Mozilla/5.0 (Windows NT 10.0; Win64; x64) AppleWebKit/537.36 (KHTML, like Gecko) Chrome/89.0.4389.114 Safari/537.36"
159.65.232.209 - - [08/Jun/2025:11:11:46 -0400] "POST //xmlrpc.php HTTP/1.1" 200 205 "-" "Mozilla/5.0 (Windows NT 10.0; Win64; x64) AppleWebKit/537.36 (KHTML, like Gecko) Chrome/89.0.4389.114 Safari/537.36"
159.65.232.209 - - [08/Jun/2025:11:12:01 -0400] "POST //xmlrpc.php HTTP/1.1" 200 205 "-" "Mozilla/5.0 (Windows NT 10.0; Win64; x64) AppleWebKit/537.36 (KHTML, like Gecko) Chrome/89.0.4389.114 Safari/537.36"
162.0.232.193 - - [08/Jun/2025:11:12:30 -0400] "POST /wp-cron.php?doing_wp_cron=1749395550.7245829105377197265625 HTTP/1.1" 200 0 "-" "WordPress/6.8.1; https://reversevillain.com"
159.65.232.209 - - [08/Jun/2025:11:12:15 -0400] "POST //xmlrpc.php HTTP/1.1" 200 205 "-" "Mozilla/5.0 (Windows NT 10.0; Win64; x64) AppleWebKit/537.36 (KHTML, like Gecko) Chrome/89.0.4389.114 Safari/537.36"
162.0.232.193 - - [08/Jun/2025:11:12:31 -0400] "POST /wp-admin/admin-ajax.php?action=async_litespeed&nonce=Msnq4jLsdrGkD2bzNd4XYnAGiKhlBshw&litespeed_type=imgoptm HTTP/1.1" 200 5 "-" "WordPress/6.8.1; https://reversevillain.com"
162.0.232.193 - - [08/Jun/2025:11:12:45 -0400] "POST /wp-cron.php?doing_wp_cron=1749395565.7181689739227294921875 HTTP/1.1" 200 0 "-" "WordPress/6.8.1; https://reversevillain.com"
159.65.232.209 - - [08/Jun/2025:11:12:31 -0400] "POST //xmlrpc.php HTTP/1.1" 200 205 "-" "Mozilla/5.0 (Windows NT 10.0; Win64; x64) AppleWebKit/537.36 (KHTML, like Gecko) Chrome/89.0.4389.114 Safari/537.36"
162.0.232.193 - - [08/Jun/2025:11:13:00 -0400] "POST /wp-cron.php?doing_wp_cron=1749395580.5283451080322265625000 HTTP/1.1" 200 0 "-" "WordPress/6.8.1; https://reversevillain.com"
159.65.232.209 - - [08/Jun/2025:11:12:47 -0400] "POST //xmlrpc.php HTTP/1.1" 200 205 "-" "Mozilla/5.0 (Windows NT 10.0; Win64; x64) AppleWebKit/537.36 (KHTML, like Gecko) Chrome/89.0.4389.114 Safari/537.36"
162.0.232.193 - - [08/Jun/2025:11:13:01 -0400] "POST /wp-admin/admin-ajax.php?action=async_litespeed&nonce=cybVAsvLX3stLOxVjjPBVw1MsOPZuM97&litespeed_type=imgoptm HTTP/1.1" 200 5 "-" "WordPress/6.8.1; https://reversevillain.com"
159.65.232.209 - - [08/Jun/2025:11:13:01 -0400] "POST //xmlrpc.php HTTP/1.1" 200 205 "-" "Mozilla/5.0 (Windows NT 10.0; Win64; x64) AppleWebKit/537.36 (KHTML, like Gecko) Chrome/89.0.4389.114 Safari/537.36"
162.0.232.193 - - [08/Jun/2025:11:13:30 -0400] "POST /wp-cron.php?doing_wp_cron=1749395610.6830070018768310546875 HTTP/1.1" 200 0 "-" "WordPress/6.8.1; https://reversevillain.com"
159.65.232.209 - - [08/Jun/2025:11:13:15 -0400] "POST //xmlrpc.php HTTP/1.1" 200 205 "-" "Mozilla/5.0 (Windows NT 10.0; Win64; x64) AppleWebKit/537.36 (KHTML, like Gecko) Chrome/89.0.4389.114 Safari/537.36"
159.65.232.209 - - [08/Jun/2025:11:13:32 -0400] "POST //xmlrpc.php HTTP/1.1" 200 205 "-" "Mozilla/5.0 (Windows NT 10.0; Win64; x64) AppleWebKit/537.36 (KHTML, like Gecko) Chrome/89.0.4389.114 Safari/537.36"
159.65.232.209 - - [08/Jun/2025:11:13:46 -0400] "POST //xmlrpc.php HTTP/1.1" 200 205 "-" "Mozilla/5.0 (Windows NT 10.0; Win64; x64) AppleWebKit/537.36 (KHTML, like Gecko) Chrome/89.0.4389.114 Safari/537.36"
159.65.232.209 - - [08/Jun/2025:11:14:00 -0400] "POST //xmlrpc.php HTTP/1.1" 200 205 "-" "Mozilla/5.0 (Windows NT 10.0; Win64; x64) AppleWebKit/537.36 (KHTML, like Gecko) Chrome/89.0.4389.114 Safari/537.36"
159.65.232.209 - - [08/Jun/2025:11:14:16 -0400] "POST //xmlrpc.php HTTP/1.1" 200 205 "-" "Mozilla/5.0 (Windows NT 10.0; Win64; x64) AppleWebKit/537.36 (KHTML, like Gecko) Chrome/89.0.4389.114 Safari/537.36"
162.0.232.193 - - [08/Jun/2025:11:14:46 -0400] "POST /wp-cron.php?doing_wp_cron=1749395685.7319009304046630859375 HTTP/1.1" 200 0 "-" "WordPress/6.8.1; https://reversevillain.com"
159.65.232.209 - - [08/Jun/2025:11:14:30 -0400] "POST //xmlrpc.php HTTP/1.1" 200 205 "-" "Mozilla/5.0 (Windows NT 10.0; Win64; x64) AppleWebKit/537.36 (KHTML, like Gecko) Chrome/89.0.4389.114 Safari/537.36"
162.0.232.193 - - [08/Jun/2025:11:14:46 -0400] "POST /wp-admin/admin-ajax.php?action=async_litespeed&nonce=nRebTIG3nVQEKg12zpvJwasv3qUzlECP&litespeed_type=imgoptm HTTP/1.1" 200 5 "-" "WordPress/6.8.1; https://reversevillain.com"
162.0.232.193 - - [08/Jun/2025:11:15:00 -0400] "POST /wp-cron.php?doing_wp_cron=1749395700.4565939903259277343750 HTTP/1.1" 200 0 "-" "WordPress/6.8.1; https://reversevillain.com"
159.65.232.209 - - [08/Jun/2025:11:14:46 -0400] "POST //xmlrpc.php HTTP/1.1" 200 205 "-" "Mozilla/5.0 (Windows NT 10.0; Win64; x64) AppleWebKit/537.36 (KHTML, like Gecko) Chrome/89.0.4389.114 Safari/537.36"
162.0.232.193 - - [08/Jun/2025:11:15:01 -0400] "POST /wp-admin/admin-ajax.php?action=async_litespeed&nonce=sSyzdyzqcioVOoaFm5WRi7ESWvHSos0f&litespeed_type=imgoptm HTTP/1.1" 200 5 "-" "WordPress/6.8.1; https://reversevillain.com"
159.65.232.209 - - [08/Jun/2025:11:15:01 -0400] "POST //xmlrpc.php HTTP/1.1" 200 205 "-" "Mozilla/5.0 (Windows NT 10.0; Win64; x64) AppleWebKit/537.36 (KHTML, like Gecko) Chrome/89.0.4389.114 Safari/537.36"
162.0.232.193 - - [08/Jun/2025:11:15:30 -0400] "POST /wp-cron.php?doing_wp_cron=1749395730.6210908889770507812500 HTTP/1.1" 200 0 "-" "WordPress/6.8.1; https://reversevillain.com"
159.65.232.209 - - [08/Jun/2025:11:15:15 -0400] "POST //xmlrpc.php HTTP/1.1" 200 205 "-" "Mozilla/5.0 (Windows NT 10.0; Win64; x64) AppleWebKit/537.36 (KHTML, like Gecko) Chrome/89.0.4389.114 Safari/537.36"
159.65.232.209 - - [08/Jun/2025:11:15:31 -0400] "POST //xmlrpc.php HTTP/1.1" 200 205 "-" "Mozilla/5.0 (Windows NT 10.0; Win64; x64) AppleWebKit/537.36 (KHTML, like Gecko) Chrome/89.0.4389.114 Safari/537.36"
159.65.232.209 - - [08/Jun/2025:11:15:46 -0400] "POST //xmlrpc.php HTTP/1.1" 200 205 "-" "Mozilla/5.0 (Windows NT 10.0; Win64; x64) AppleWebKit/537.36 (KHTML, like Gecko) Chrome/89.0.4389.114 Safari/537.36"
159.65.232.209 - - [08/Jun/2025:11:16:01 -0400] "POST //xmlrpc.php HTTP/1.1" 200 205 "-" "Mozilla/5.0 (Windows NT 10.0; Win64; x64) AppleWebKit/537.36 (KHTML, like Gecko) Chrome/89.0.4389.114 Safari/537.36"
162.0.232.193 - - [08/Jun/2025:11:16:31 -0400] "POST /wp-cron.php?doing_wp_cron=1749395791.0957119464874267578125 HTTP/1.1" 200 0 "-" "WordPress/6.8.1; https://reversevillain.com"
159.65.232.209 - - [08/Jun/2025:11:16:16 -0400] "POST //xmlrpc.php HTTP/1.1" 200 205 "-" "Mozilla/5.0 (Windows NT 10.0; Win64; x64) AppleWebKit/537.36 (KHTML, like Gecko) Chrome/89.0.4389.114 Safari/537.36"
162.0.232.193 - - [08/Jun/2025:11:16:31 -0400] "POST /wp-admin/admin-ajax.php?action=async_litespeed&nonce=PZBKozg1T368s8P0sakjhBqTu32tnLLi&litespeed_type=imgoptm HTTP/1.1" 200 5 "-" "WordPress/6.8.1; https://reversevillain.com"
162.0.232.193 - - [08/Jun/2025:11:16:45 -0400] "POST /wp-cron.php?doing_wp_cron=1749395805.6528029441833496093750 HTTP/1.1" 200 0 "-" "WordPress/6.8.1; https://reversevillain.com"
159.65.232.209 - - [08/Jun/2025:11:16:31 -0400] "POST //xmlrpc.php HTTP/1.1" 200 205 "-" "Mozilla/5.0 (Windows NT 10.0; Win64; x64) AppleWebKit/537.36 (KHTML, like Gecko) Chrome/89.0.4389.114 Safari/537.36"
162.0.232.193 - - [08/Jun/2025:11:17:00 -0400] "POST /wp-cron.php?doing_wp_cron=1749395820.3055119514465332031250 HTTP/1.1" 200 0 "-" "WordPress/6.8.1; https://reversevillain.com"
159.65.232.209 - - [08/Jun/2025:11:16:46 -0400] "POST //xmlrpc.php HTTP/1.1" 200 205 "-" "Mozilla/5.0 (Windows NT 10.0; Win64; x64) AppleWebKit/537.36 (KHTML, like Gecko) Chrome/89.0.4389.114 Safari/537.36"
162.0.232.193 - - [08/Jun/2025:11:17:00 -0400] "POST /wp-admin/admin-ajax.php?action=async_litespeed&nonce=ja1cvcs6i5AHX6LOdRGAiupirTXe2Mgi&litespeed_type=imgoptm HTTP/1.1" 200 5 "-" "WordPress/6.8.1; https://reversevillain.com"
159.65.232.209 - - [08/Jun/2025:11:17:01 -0400] "POST //xmlrpc.php HTTP/1.1" 200 205 "-" "Mozilla/5.0 (Windows NT 10.0; Win64; x64) AppleWebKit/537.36 (KHTML, like Gecko) Chrome/89.0.4389.114 Safari/537.36"
162.0.232.193 - - [08/Jun/2025:11:17:30 -0400] "POST /wp-cron.php?doing_wp_cron=1749395850.6593549251556396484375 HTTP/1.1" 200 0 "-" "WordPress/6.8.1; https://reversevillain.com"
159.65.232.209 - - [08/Jun/2025:11:17:15 -0400] "POST //xmlrpc.php HTTP/1.1" 200 205 "-" "Mozilla/5.0 (Windows NT 10.0; Win64; x64) AppleWebKit/537.36 (KHTML, like Gecko) Chrome/89.0.4389.114 Safari/537.36"
159.65.232.209 - - [08/Jun/2025:11:17:31 -0400] "POST //xmlrpc.php HTTP/1.1" 200 205 "-" "Mozilla/5.0 (Windows NT 10.0; Win64; x64) AppleWebKit/537.36 (KHTML, like Gecko) Chrome/89.0.4389.114 Safari/537.36"
159.65.232.209 - - [08/Jun/2025:11:17:46 -0400] "POST //xmlrpc.php HTTP/1.1" 200 205 "-" "Mozilla/5.0 (Windows NT 10.0; Win64; x64) AppleWebKit/537.36 (KHTML, like Gecko) Chrome/89.0.4389.114 Safari/537.36"
159.65.232.209 - - [08/Jun/2025:11:18:00 -0400] "POST //xmlrpc.php HTTP/1.1" 200 205 "-" "Mozilla/5.0 (Windows NT 10.0; Win64; x64) AppleWebKit/537.36 (KHTML, like Gecko) Chrome/89.0.4389.114 Safari/537.36"
162.0.232.193 - - [08/Jun/2025:11:18:31 -0400] "POST /wp-cron.php?doing_wp_cron=1749395910.8826069831848144531250 HTTP/1.1" 200 0 "-" "WordPress/6.8.1; https://reversevillain.com"
159.65.232.209 - - [08/Jun/2025:11:18:17 -0400] "POST //xmlrpc.php HTTP/1.1" 200 205 "-" "Mozilla/5.0 (Windows NT 10.0; Win64; x64) AppleWebKit/537.36 (KHTML, like Gecko) Chrome/89.0.4389.114 Safari/537.36"
162.0.232.193 - - [08/Jun/2025:11:18:31 -0400] "POST /wp-admin/admin-ajax.php?action=async_litespeed&nonce=SXtkca9vHgmZF8xG6kqAbXqKRgpyQCGl&litespeed_type=imgoptm HTTP/1.1" 200 5 "-" "WordPress/6.8.1; https://reversevillain.com"
162.0.232.193 - - [08/Jun/2025:11:18:45 -0400] "POST /wp-cron.php?doing_wp_cron=1749395925.7092139720916748046875 HTTP/1.1" 200 0 "-" "WordPress/6.8.1; https://reversevillain.com"
159.65.232.209 - - [08/Jun/2025:11:18:31 -0400] "POST //xmlrpc.php HTTP/1.1" 200 205 "-" "Mozilla/5.0 (Windows NT 10.0; Win64; x64) AppleWebKit/537.36 (KHTML, like Gecko) Chrome/89.0.4389.114 Safari/537.36"
162.0.232.193 - - [08/Jun/2025:11:19:00 -0400] "POST /wp-cron.php?doing_wp_cron=1749395940.6809771060943603515625 HTTP/1.1" 200 0 "-" "WordPress/6.8.1; https://reversevillain.com"
159.65.232.209 - - [08/Jun/2025:11:18:46 -0400] "POST //xmlrpc.php HTTP/1.1" 200 205 "-" "Mozilla/5.0 (Windows NT 10.0; Win64; x64) AppleWebKit/537.36 (KHTML, like Gecko) Chrome/89.0.4389.114 Safari/537.36"
162.0.232.193 - - [08/Jun/2025:11:19:01 -0400] "POST /wp-admin/admin-ajax.php?action=async_litespeed&nonce=KdxGzu1FEoOKi4soYFt7uwXztM9Za0dy&litespeed_type=imgoptm HTTP/1.1" 200 5 "-" "WordPress/6.8.1; https://reversevillain.com"
159.65.232.209 - - [08/Jun/2025:11:19:01 -0400] "POST //xmlrpc.php HTTP/1.1" 200 205 "-" "Mozilla/5.0 (Windows NT 10.0; Win64; x64) AppleWebKit/537.36 (KHTML, like Gecko) Chrome/89.0.4389.114 Safari/537.36"
162.0.232.193 - - [08/Jun/2025:11:19:31 -0400] "POST /wp-cron.php?doing_wp_cron=1749395971.0397500991821289062500 HTTP/1.1" 200 0 "-" "WordPress/6.8.1; https://reversevillain.com"
159.65.232.209 - - [08/Jun/2025:11:19:16 -0400] "POST //xmlrpc.php HTTP/1.1" 200 205 "-" "Mozilla/5.0 (Windows NT 10.0; Win64; x64) AppleWebKit/537.36 (KHTML, like Gecko) Chrome/89.0.4389.114 Safari/537.36"
159.65.232.209 - - [08/Jun/2025:11:19:31 -0400] "POST //xmlrpc.php HTTP/1.1" 200 205 "-" "Mozilla/5.0 (Windows NT 10.0; Win64; x64) AppleWebKit/537.36 (KHTML, like Gecko) Chrome/89.0.4389.114 Safari/537.36"
159.65.232.209 - - [08/Jun/2025:11:19:45 -0400] "POST //xmlrpc.php HTTP/1.1" 200 205 "-" "Mozilla/5.0 (Windows NT 10.0; Win64; x64) AppleWebKit/537.36 (KHTML, like Gecko) Chrome/89.0.4389.114 Safari/537.36"
159.65.232.209 - - [08/Jun/2025:11:20:01 -0400] "POST //xmlrpc.php HTTP/1.1" 200 205 "-" "Mozilla/5.0 (Windows NT 10.0; Win64; x64) AppleWebKit/537.36 (KHTML, like Gecko) Chrome/89.0.4389.114 Safari/537.36"
159.65.232.209 - - [08/Jun/2025:11:20:15 -0400] "POST //xmlrpc.php HTTP/1.1" 200 205 "-" "Mozilla/5.0 (Windows NT 10.0; Win64; x64) AppleWebKit/537.36 (KHTML, like Gecko) Chrome/89.0.4389.114 Safari/537.36"
162.0.232.193 - - [08/Jun/2025:11:20:46 -0400] "POST /wp-cron.php?doing_wp_cron=1749396046.0570468902587890625000 HTTP/1.1" 200 0 "-" "WordPress/6.8.1; https://reversevillain.com"
159.65.232.209 - - [08/Jun/2025:11:20:30 -0400] "POST //xmlrpc.php HTTP/1.1" 200 205 "-" "Mozilla/5.0 (Windows NT 10.0; Win64; x64) AppleWebKit/537.36 (KHTML, like Gecko) Chrome/89.0.4389.114 Safari/537.36"
162.0.232.193 - - [08/Jun/2025:11:20:46 -0400] "POST /wp-admin/admin-ajax.php?action=async_litespeed&nonce=YEwItlSuuXGIVL3wKY7e5qhQeVk0gBu9&litespeed_type=imgoptm HTTP/1.1" 200 5 "-" "WordPress/6.8.1; https://reversevillain.com"
162.0.232.193 - - [08/Jun/2025:11:21:00 -0400] "POST /wp-cron.php?doing_wp_cron=1749396060.2407300472259521484375 HTTP/1.1" 200 0 "-" "WordPress/6.8.1; https://reversevillain.com"
159.65.232.209 - - [08/Jun/2025:11:20:47 -0400] "POST //xmlrpc.php HTTP/1.1" 200 205 "-" "Mozilla/5.0 (Windows NT 10.0; Win64; x64) AppleWebKit/537.36 (KHTML, like Gecko) Chrome/89.0.4389.114 Safari/537.36"
162.0.232.193 - - [08/Jun/2025:11:21:00 -0400] "POST /wp-admin/admin-ajax.php?action=async_litespeed&nonce=AGf7FBzgAuiAzqjJK3QKJN4dGhpZ5nd2&litespeed_type=imgoptm HTTP/1.1" 200 5 "-" "WordPress/6.8.1; https://reversevillain.com"
52.167.144.191 - - [08/Jun/2025:11:21:11 -0400] "GET /the-healing-priest-of-the-sun-chapter-60/ HTTP/1.1" 301 0 "-" "Mozilla/5.0 AppleWebKit/537.36 (KHTML, like Gecko; compatible; bingbot/2.0; +http://www.bing.com/bingbot.htm) Chrome/116.0.1938.76 Safari/537.36"
159.65.232.209 - - [08/Jun/2025:11:21:00 -0400] "POST //xmlrpc.php HTTP/1.1" 200 205 "-" "Mozilla/5.0 (Windows NT 10.0; Win64; x64) AppleWebKit/537.36 (KHTML, like Gecko) Chrome/89.0.4389.114 Safari/537.36"
162.0.232.193 - - [08/Jun/2025:11:21:30 -0400] "POST /wp-cron.php?doing_wp_cron=1749396090.4542770385742187500000 HTTP/1.1" 200 0 "-" "WordPress/6.8.1; https://reversevillain.com"
159.65.232.209 - - [08/Jun/2025:11:21:17 -0400] "POST //xmlrpc.php HTTP/1.1" 200 205 "-" "Mozilla/5.0 (Windows NT 10.0; Win64; x64) AppleWebKit/537.36 (KHTML, like Gecko) Chrome/89.0.4389.114 Safari/537.36"
159.65.232.209 - - [08/Jun/2025:11:21:31 -0400] "POST //xmlrpc.php HTTP/1.1" 200 205 "-" "Mozilla/5.0 (Windows NT 10.0; Win64; x64) AppleWebKit/537.36 (KHTML, like Gecko) Chrome/89.0.4389.114 Safari/537.36"
159.65.232.209 - - [08/Jun/2025:11:21:46 -0400] "POST //xmlrpc.php HTTP/1.1" 200 205 "-" "Mozilla/5.0 (Windows NT 10.0; Win64; x64) AppleWebKit/537.36 (KHTML, like Gecko) Chrome/89.0.4389.114 Safari/537.36"
159.65.232.209 - - [08/Jun/2025:11:22:00 -0400] "POST //xmlrpc.php HTTP/1.1" 200 205 "-" "Mozilla/5.0 (Windows NT 10.0; Win64; x64) AppleWebKit/537.36 (KHTML, like Gecko) Chrome/89.0.4389.114 Safari/537.36"
162.0.232.193 - - [08/Jun/2025:11:22:30 -0400] "POST /wp-cron.php?doing_wp_cron=1749396150.6097800731658935546875 HTTP/1.1" 200 0 "-" "WordPress/6.8.1; https://reversevillain.com"
159.65.232.209 - - [08/Jun/2025:11:22:16 -0400] "POST //xmlrpc.php HTTP/1.1" 200 205 "-" "Mozilla/5.0 (Windows NT 10.0; Win64; x64) AppleWebKit/537.36 (KHTML, like Gecko) Chrome/89.0.4389.114 Safari/537.36"
162.0.232.193 - - [08/Jun/2025:11:22:31 -0400] "POST /wp-admin/admin-ajax.php?action=async_litespeed&nonce=VzYfw6NavN5EnGTL1nr4GL19yATAGzKp&litespeed_type=imgoptm HTTP/1.1" 200 5 "-" "WordPress/6.8.1; https://reversevillain.com"
162.0.232.193 - - [08/Jun/2025:11:22:46 -0400] "POST /wp-cron.php?doing_wp_cron=1749396165.7949559688568115234375 HTTP/1.1" 200 0 "-" "WordPress/6.8.1; https://reversevillain.com"
159.65.232.209 - - [08/Jun/2025:11:22:31 -0400] "POST //xmlrpc.php HTTP/1.1" 200 205 "-" "Mozilla/5.0 (Windows NT 10.0; Win64; x64) AppleWebKit/537.36 (KHTML, like Gecko) Chrome/89.0.4389.114 Safari/537.36"
162.0.232.193 - - [08/Jun/2025:11:23:00 -0400] "POST /wp-cron.php?doing_wp_cron=1749396180.6451869010925292968750 HTTP/1.1" 200 0 "-" "WordPress/6.8.1; https://reversevillain.com"
159.65.232.209 - - [08/Jun/2025:11:22:46 -0400] "POST //xmlrpc.php HTTP/1.1" 200 205 "-" "Mozilla/5.0 (Windows NT 10.0; Win64; x64) AppleWebKit/537.36 (KHTML, like Gecko) Chrome/89.0.4389.114 Safari/537.36"
162.0.232.193 - - [08/Jun/2025:11:23:01 -0400] "POST /wp-admin/admin-ajax.php?action=async_litespeed&nonce=VgAnpxUXDw6cgVy3wt7lqNRvHcTzbcNZ&litespeed_type=imgoptm HTTP/1.1" 200 5 "-" "WordPress/6.8.1; https://reversevillain.com"
159.65.232.209 - - [08/Jun/2025:11:23:01 -0400] "POST //xmlrpc.php HTTP/1.1" 200 205 "-" "Mozilla/5.0 (Windows NT 10.0; Win64; x64) AppleWebKit/537.36 (KHTML, like Gecko) Chrome/89.0.4389.114 Safari/537.36"
162.0.232.193 - - [08/Jun/2025:11:23:30 -0400] "POST /wp-cron.php?doing_wp_cron=1749396210.6834430694580078125000 HTTP/1.1" 200 0 "-" "WordPress/6.8.1; https://reversevillain.com"
159.65.232.209 - - [08/Jun/2025:11:23:16 -0400] "POST //xmlrpc.php HTTP/1.1" 200 205 "-" "Mozilla/5.0 (Windows NT 10.0; Win64; x64) AppleWebKit/537.36 (KHTML, like Gecko) Chrome/89.0.4389.114 Safari/537.36"
159.65.232.209 - - [08/Jun/2025:11:23:31 -0400] "POST //xmlrpc.php HTTP/1.1" 200 205 "-" "Mozilla/5.0 (Windows NT 10.0; Win64; x64) AppleWebKit/537.36 (KHTML, like Gecko) Chrome/89.0.4389.114 Safari/537.36"
159.65.232.209 - - [08/Jun/2025:11:23:46 -0400] "POST //xmlrpc.php HTTP/1.1" 200 205 "-" "Mozilla/5.0 (Windows NT 10.0; Win64; x64) AppleWebKit/537.36 (KHTML, like Gecko) Chrome/89.0.4389.114 Safari/537.36"
89.251.0.249 - - [08/Jun/2025:11:24:09 -0400] "GET / HTTP/1.1" 200 9390 "-" "Mozilla/5.0 (X11; Linux x86_64) AppleWebKit/537.36 (KHTML, like Gecko) Chrome/120.0.0.0 Safari/537.36"
89.251.0.208 - - [08/Jun/2025:11:24:11 -0400] "GET /wp-content/plugins/simple-social-buttons/assets/js/frontend-blocks.js?ver=5.3.1 HTTP/1.1" 200 0 "https://reversevillain.com/" "Mozilla/5.0 (X11; Linux x86_64) AppleWebKit/537.36 (KHTML, like Gecko) Chrome/120.0.0.0 Safari/537.36"
89.251.0.208 - - [08/Jun/2025:11:24:11 -0400] "GET /wp-includes/js/jquery/jquery-migrate.min.js?ver=3.4.1 HTTP/1.1" 200 4678 "https://reversevillain.com/" "Mozilla/5.0 (X11; Linux x86_64) AppleWebKit/537.36 (KHTML, like Gecko) Chrome/120.0.0.0 Safari/537.36"
89.251.0.208 - - [08/Jun/2025:11:24:11 -0400] "GET /wp-content/plugins/widgets-on-pages/public/css/widgets-on-pages-public.css?ver=1.4.0 HTTP/1.1" 200 83 "https://reversevillain.com/" "Mozilla/5.0 (X11; Linux x86_64) AppleWebKit/537.36 (KHTML, like Gecko) Chrome/120.0.0.0 Safari/537.36"
89.251.0.208 - - [08/Jun/2025:11:24:11 -0400] "GET /wp-content/plugins/simple-social-buttons/assets/js/front.js?ver=5.3.1 HTTP/1.1" 200 1932 "https://reversevillain.com/" "Mozilla/5.0 (X11; Linux x86_64) AppleWebKit/537.36 (KHTML, like Gecko) Chrome/120.0.0.0 Safari/537.36"
89.251.0.208 - - [08/Jun/2025:11:24:11 -0400] "GET /wp-content/plugins/simple-social-buttons/assets/css/front.css?ver=5.3.1 HTTP/1.1" 200 10295 "https://reversevillain.com/" "Mozilla/5.0 (X11; Linux x86_64) AppleWebKit/537.36 (KHTML, like Gecko) Chrome/120.0.0.0 Safari/537.36"
89.251.0.208 - - [08/Jun/2025:11:24:11 -0400] "GET /wp-includes/css/dist/block-library/style.min.css?ver=6.8.1 HTTP/1.1" 200 14358 "https://reversevillain.com/" "Mozilla/5.0 (X11; Linux x86_64) AppleWebKit/537.36 (KHTML, like Gecko) Chrome/120.0.0.0 Safari/537.36"
89.251.0.208 - - [08/Jun/2025:11:24:11 -0400] "GET /wp-content/themes/toivo-lite/style.css?ver=1.2.0 HTTP/1.1" 200 13718 "https://reversevillain.com/" "Mozilla/5.0 (X11; Linux x86_64) AppleWebKit/537.36 (KHTML, like Gecko) Chrome/120.0.0.0 Safari/537.36"
89.251.0.208 - - [08/Jun/2025:11:24:11 -0400] "GET /wp-content/themes/toivo-lite/fonts/genericons/genericons/genericons.min.css?ver=3.3 HTTP/1.1" 200 15959 "https://reversevillain.com/" "Mozilla/5.0 (X11; Linux x86_64) AppleWebKit/537.36 (KHTML, like Gecko) Chrome/120.0.0.0 Safari/537.36"
