Current File : /home/honehdyv/access-logs/reversevillain.com.honesthings.com-ssl_log |
162.0.232.193 - - [08/Jun/2025:04:35:33 -0400] "POST /wp-cron.php?doing_wp_cron=1749371733.0205330848693847656250 HTTP/1.1" 200 0 "-" "WordPress/6.8.1; https://reversevillain.com"
43.157.153.236 - - [08/Jun/2025:04:35:31 -0400] "GET /reverse-villain-chapter-38/ HTTP/1.1" 200 9949 "-" "Mozilla/5.0 (iPhone; CPU iPhone OS 13_2_3 like Mac OS X) AppleWebKit/605.1.15 (KHTML, like Gecko) Version/13.0.3 Mobile/15E148 Safari/604.1"
162.0.232.193 - - [08/Jun/2025:04:37:06 -0400] "POST /wp-cron.php?doing_wp_cron=1749371825.9741048812866210937500 HTTP/1.1" 200 0 "-" "WordPress/6.8.1; https://reversevillain.com"
47.128.110.68 - - [08/Jun/2025:04:37:05 -0400] "GET /hanninmae-no-koibito-chapter-15/ HTTP/1.1" 301 0 "-" "Mozilla/5.0 (Linux; Android 5.0) AppleWebKit/537.36 (KHTML, like Gecko) Mobile Safari/537.36 (compatible; TikTokSpider; [email protected])"
47.128.110.68 - - [08/Jun/2025:04:37:06 -0400] "GET / HTTP/1.1" 200 9390 "-" "Mozilla/5.0 (Linux; Android 5.0) AppleWebKit/537.36 (KHTML, like Gecko) Mobile Safari/537.36 (compatible; TikTokSpider; [email protected])"
162.0.232.193 - - [08/Jun/2025:04:37:06 -0400] "POST /wp-admin/admin-ajax.php?action=async_litespeed&nonce=mtjvCzOxJUYaA79rPnviPDgQmoXS32If&litespeed_type=imgoptm HTTP/1.1" 200 5 "-" "WordPress/6.8.1; https://reversevillain.com"
2001:861:3281:6940:5ce6:d143:6de3:a6bc - - [08/Jun/2025:04:38:18 -0400] "GET / HTTP/1.1" 200 9390 "https://www.google.com/" "Mozilla/5.0 (iPhone; CPU iPhone OS 17_0_3 like Mac OS X) AppleWebKit/605.1.15 (KHTML, like Gecko) Version/17.0.1 Mobile/15E148 Safari/604.1"
2001:861:3281:6940:5ce6:d143:6de3:a6bc - - [08/Jun/2025:04:38:19 -0400] "GET /wp-content/themes/toivo-lite/js/settings.min.js?ver=1.2.0 HTTP/1.1" 304 0 "https://reversevillain.com/" "Mozilla/5.0 (iPhone; CPU iPhone OS 17_0_3 like Mac OS X) AppleWebKit/605.1.15 (KHTML, like Gecko) Version/17.0.1 Mobile/15E148 Safari/604.1"
2001:861:3281:6940:5ce6:d143:6de3:a6bc - - [08/Jun/2025:04:38:19 -0400] "GET /wp-content/themes/toivo-lite/js/responsive-nav.min.js?ver=1.2.0 HTTP/1.1" 304 0 "https://reversevillain.com/" "Mozilla/5.0 (iPhone; CPU iPhone OS 17_0_3 like Mac OS X) AppleWebKit/605.1.15 (KHTML, like Gecko) Version/17.0.1 Mobile/15E148 Safari/604.1"
2001:861:3281:6940:5ce6:d143:6de3:a6bc - - [08/Jun/2025:04:38:19 -0400] "GET /wp-content/plugins/simple-social-buttons/assets/js/front.js?ver=5.3.1 HTTP/1.1" 304 0 "https://reversevillain.com/" "Mozilla/5.0 (iPhone; CPU iPhone OS 17_0_3 like Mac OS X) AppleWebKit/605.1.15 (KHTML, like Gecko) Version/17.0.1 Mobile/15E148 Safari/604.1"
2001:861:3281:6940:5ce6:d143:6de3:a6bc - - [08/Jun/2025:04:38:19 -0400] "GET /wp-includes/js/jquery/jquery-migrate.min.js?ver=3.4.1 HTTP/1.1" 304 0 "https://reversevillain.com/" "Mozilla/5.0 (iPhone; CPU iPhone OS 17_0_3 like Mac OS X) AppleWebKit/605.1.15 (KHTML, like Gecko) Version/17.0.1 Mobile/15E148 Safari/604.1"
2001:861:3281:6940:5ce6:d143:6de3:a6bc - - [08/Jun/2025:04:38:19 -0400] "GET /wp-content/plugins/simple-social-buttons/assets/js/frontend-blocks.js?ver=5.3.1 HTTP/1.1" 304 0 "https://reversevillain.com/" "Mozilla/5.0 (iPhone; CPU iPhone OS 17_0_3 like Mac OS X) AppleWebKit/605.1.15 (KHTML, like Gecko) Version/17.0.1 Mobile/15E148 Safari/604.1"
2001:861:3281:6940:5ce6:d143:6de3:a6bc - - [08/Jun/2025:04:38:19 -0400] "GET /wp-content/themes/toivo-lite/js/functions.min.js?ver=1.2.0 HTTP/1.1" 304 0 "https://reversevillain.com/" "Mozilla/5.0 (iPhone; CPU iPhone OS 17_0_3 like Mac OS X) AppleWebKit/605.1.15 (KHTML, like Gecko) Version/17.0.1 Mobile/15E148 Safari/604.1"
2001:861:3281:6940:5ce6:d143:6de3:a6bc - - [08/Jun/2025:04:38:19 -0400] "GET /wp-content/plugins/comic-easel/js/keynav.js HTTP/1.1" 304 0 "https://reversevillain.com/" "Mozilla/5.0 (iPhone; CPU iPhone OS 17_0_3 like Mac OS X) AppleWebKit/605.1.15 (KHTML, like Gecko) Version/17.0.1 Mobile/15E148 Safari/604.1"
2001:861:3281:6940:5ce6:d143:6de3:a6bc - - [08/Jun/2025:04:38:19 -0400] "GET /wp-includes/js/jquery/jquery.min.js?ver=3.7.1 HTTP/1.1" 304 0 "https://reversevillain.com/" "Mozilla/5.0 (iPhone; CPU iPhone OS 17_0_3 like Mac OS X) AppleWebKit/605.1.15 (KHTML, like Gecko) Version/17.0.1 Mobile/15E148 Safari/604.1"
2001:861:3281:6940:5ce6:d143:6de3:a6bc - - [08/Jun/2025:04:38:20 -0400] "GET /wp-content/themes/toivo-lite/fonts/genericons/genericons/Genericons.svg HTTP/1.1" 304 0 "https://reversevillain.com/" "Mozilla/5.0 (iPhone; CPU iPhone OS 17_0_3 like Mac OS X) AppleWebKit/605.1.15 (KHTML, like Gecko) Version/17.0.1 Mobile/15E148 Safari/604.1"
2001:861:3281:6940:5ce6:d143:6de3:a6bc - - [08/Jun/2025:04:38:20 -0400] "GET /wp-includes/js/wp-emoji-release.min.js?ver=6.8.1 HTTP/1.1" 304 0 "https://reversevillain.com/" "Mozilla/5.0 (iPhone; CPU iPhone OS 17_0_3 like Mac OS X) AppleWebKit/605.1.15 (KHTML, like Gecko) Version/17.0.1 Mobile/15E148 Safari/604.1"
162.0.232.193 - - [08/Jun/2025:04:40:07 -0400] "POST /wp-cron.php?doing_wp_cron=1749372006.8985779285430908203125 HTTP/1.1" 200 0 "-" "WordPress/6.8.1; https://reversevillain.com"
216.73.216.92 - - [08/Jun/2025:04:40:05 -0400] "GET /manga/murim-rpg-simulation-chapter-92-episode-92/feed HTTP/1.1" 301 0 "-" "Mozilla/5.0 AppleWebKit/537.36 (KHTML, like Gecko; compatible; ClaudeBot/1.0; [email protected])"
216.73.216.92 - - [08/Jun/2025:04:40:07 -0400] "GET /manga/murim-rpg-simulation-chapter-92-episode-92/feed/ HTTP/1.1" 200 449 "https://reversevillain.com/manga/murim-rpg-simulation-chapter-92-episode-92/feed" "Mozilla/5.0 AppleWebKit/537.36 (KHTML, like Gecko; compatible; ClaudeBot/1.0; [email protected])"
162.0.232.193 - - [08/Jun/2025:04:41:43 -0400] "POST /wp-cron.php?doing_wp_cron=1749372103.3353428840637207031250 HTTP/1.1" 200 0 "-" "WordPress/6.8.1; https://reversevillain.com"
185.191.171.15 - - [08/Jun/2025:04:41:43 -0400] "GET /category/manga/page/6/ HTTP/1.1" 200 8962 "-" "Mozilla/5.0 (compatible; SemrushBot/7~bl; +http://www.semrush.com/bot.html)"
162.0.232.193 - - [08/Jun/2025:04:41:43 -0400] "POST /wp-admin/admin-ajax.php?action=async_litespeed&nonce=XhZj18sqdr2a91Xqaf7ikiqF8D3U5RZy&litespeed_type=imgoptm HTTP/1.1" 200 5 "-" "WordPress/6.8.1; https://reversevillain.com"
194.87.252.147 - - [08/Jun/2025:04:42:20 -0400] "GET / HTTP/1.1" 200 9390 "-" "Mozilla/5.0 (X11; Ubuntu; Linux i686 on x86_64; rv:48.0) Gecko/20100101 Firefox/48.0"
194.87.252.147 - - [08/Jun/2025:04:42:21 -0400] "POST /wp-content/plugins/wp-automatic/inc/csv.php HTTP/1.1" 403 1242 "https://reversevillain.com/" "Mozilla/5.0 (X11; Ubuntu; Linux i686 on x86_64; rv:48.0) Gecko/20100101 Firefox/48.0"
194.87.252.147 - - [08/Jun/2025:04:42:21 -0400] "POST /wp-content/plugins/wp-automatic/inc/csv.php HTTP/1.1" 200 26 "https://reversevillain.com/wp-content/plugins/wp-automatic/inc/csv.php" "Mozilla/5.0 (X11; Ubuntu; Linux i686 on x86_64; rv:48.0) Gecko/20100101 Firefox/48.0"
194.87.252.147 - - [08/Jun/2025:04:42:22 -0400] "POST /wp-content/plugins/wp-automatic/inc/csv.php HTTP/1.1" 200 26 "https://reversevillain.com/wp-content/plugins/wp-automatic/inc/csv.php" "Mozilla/5.0 (X11; Ubuntu; Linux i686 on x86_64; rv:48.0) Gecko/20100101 Firefox/48.0"
194.87.252.147 - - [08/Jun/2025:04:42:22 -0400] "POST /wp-content/plugins/wp-automatic/inc/csv.php HTTP/1.1" 200 26 "https://reversevillain.com/wp-content/plugins/wp-automatic/inc/csv.php" "Mozilla/5.0 (X11; Ubuntu; Linux i686 on x86_64; rv:48.0) Gecko/20100101 Firefox/48.0"
194.87.252.147 - - [08/Jun/2025:04:42:23 -0400] "POST /wp-content/plugins/wp-automatic/inc/csv.php HTTP/1.1" 200 26 "https://reversevillain.com/wp-content/plugins/wp-automatic/inc/csv.php" "Mozilla/5.0 (X11; Ubuntu; Linux i686 on x86_64; rv:48.0) Gecko/20100101 Firefox/48.0"
194.87.252.147 - - [08/Jun/2025:04:42:23 -0400] "POST /wp-content/plugins/wp-automatic/inc/csv.php0ea2f5ff8f53.php HTTP/1.1" 403 1242 "https://reversevillain.com/wp-content/plugins/wp-automatic/inc/csv.php" "Mozilla/5.0 (X11; Ubuntu; Linux i686 on x86_64; rv:48.0) Gecko/20100101 Firefox/48.0"
194.87.252.147 - - [08/Jun/2025:04:42:24 -0400] "POST /wp-content/plugins/wp-automatic/inc/csv.php0ea2f5ff8f53.php HTTP/1.1" 301 0 "https://reversevillain.com/wp-content/plugins/wp-automatic/inc/csv.php0ea2f5ff8f53.php" "Mozilla/5.0 (X11; Ubuntu; Linux i686 on x86_64; rv:48.0) Gecko/20100101 Firefox/48.0"
194.87.252.147 - - [08/Jun/2025:04:42:24 -0400] "GET / HTTP/1.1" 200 9390 "https://reversevillain.com/wp-content/plugins/wp-automatic/inc/csv.php0ea2f5ff8f53.php" "Mozilla/5.0 (X11; Ubuntu; Linux i686 on x86_64; rv:48.0) Gecko/20100101 Firefox/48.0"
194.87.252.147 - - [08/Jun/2025:04:42:25 -0400] "POST /wp-content/plugins/wp-automatic/inc/csv.php0ea2f5ff8f53.php HTTP/1.1" 301 0 "https://reversevillain.com/" "Mozilla/5.0 (X11; Ubuntu; Linux i686 on x86_64; rv:48.0) Gecko/20100101 Firefox/48.0"
194.87.252.147 - - [08/Jun/2025:04:42:25 -0400] "GET / HTTP/1.1" 200 9390 "https://reversevillain.com/" "Mozilla/5.0 (X11; Ubuntu; Linux i686 on x86_64; rv:48.0) Gecko/20100101 Firefox/48.0"
194.87.252.147 - - [08/Jun/2025:04:42:26 -0400] "POST /wp-content/plugins/wp-automatic/inc/csv.php0ea2f5ff8f53.php HTTP/1.1" 301 0 "https://reversevillain.com/" "Mozilla/5.0 (X11; Ubuntu; Linux i686 on x86_64; rv:48.0) Gecko/20100101 Firefox/48.0"
194.87.252.147 - - [08/Jun/2025:04:42:26 -0400] "GET / HTTP/1.1" 200 9390 "https://reversevillain.com/" "Mozilla/5.0 (X11; Ubuntu; Linux i686 on x86_64; rv:48.0) Gecko/20100101 Firefox/48.0"
194.87.252.147 - - [08/Jun/2025:04:42:27 -0400] "POST /wp-content/plugins/wp-automatic/inc/csv.php0ea2f5ff8f53.php HTTP/1.1" 301 0 "https://reversevillain.com/" "Mozilla/5.0 (X11; Ubuntu; Linux i686 on x86_64; rv:48.0) Gecko/20100101 Firefox/48.0"
194.87.252.147 - - [08/Jun/2025:04:42:27 -0400] "GET / HTTP/1.1" 200 9390 "https://reversevillain.com/" "Mozilla/5.0 (X11; Ubuntu; Linux i686 on x86_64; rv:48.0) Gecko/20100101 Firefox/48.0"
194.87.252.147 - - [08/Jun/2025:04:42:28 -0400] "GET /wp-login.php HTTP/1.1" 200 2047 "https://reversevillain.com/" "Mozilla/5.0 (X11; Ubuntu; Linux i686 on x86_64; rv:48.0) Gecko/20100101 Firefox/48.0"
194.87.252.147 - - [08/Jun/2025:04:42:29 -0400] "POST /wp-login.php HTTP/1.1" 200 2144 "https://reversevillain.com/wp-login.php" "Mozilla/5.0 (X11; Ubuntu; Linux i686 on x86_64; rv:48.0) Gecko/20100101 Firefox/48.0"
194.87.252.147 - - [08/Jun/2025:04:42:29 -0400] "GET /wp-admin/plugins.php HTTP/1.1" 302 0 "https://reversevillain.com/wp-login.php" "Mozilla/5.0 (X11; Ubuntu; Linux i686 on x86_64; rv:48.0) Gecko/20100101 Firefox/48.0"
194.87.252.147 - - [08/Jun/2025:04:42:30 -0400] "GET /wp-login.php?redirect_to=https%3A%2F%2Freversevillain.com%2Fwp-admin%2Fplugins.php&reauth=1 HTTP/1.1" 200 2056 "https://reversevillain.com/wp-login.php" "Mozilla/5.0 (X11; Ubuntu; Linux i686 on x86_64; rv:48.0) Gecko/20100101 Firefox/48.0"
162.0.232.193 - - [08/Jun/2025:04:44:04 -0400] "POST /wp-cron.php?doing_wp_cron=1749372244.8217511177062988281250 HTTP/1.1" 200 0 "-" "WordPress/6.8.1; https://reversevillain.com"
47.128.122.125 - - [08/Jun/2025:04:44:03 -0400] "GET /18-chapter-1/ HTTP/1.1" 301 0 "-" "Mozilla/5.0 (Linux; Android 5.0) AppleWebKit/537.36 (KHTML, like Gecko) Mobile Safari/537.36 (compatible; TikTokSpider; [email protected])"
47.128.122.125 - - [08/Jun/2025:04:44:05 -0400] "GET / HTTP/1.1" 200 9390 "-" "Mozilla/5.0 (Linux; Android 5.0) AppleWebKit/537.36 (KHTML, like Gecko) Mobile Safari/537.36 (compatible; TikTokSpider; [email protected])"
162.0.232.193 - - [08/Jun/2025:04:44:05 -0400] "POST /wp-admin/admin-ajax.php?action=async_litespeed&nonce=LzvcZjxCNcI04BAzVdV90tDzZ3tm0mQ1&litespeed_type=imgoptm HTTP/1.1" 200 5 "-" "WordPress/6.8.1; https://reversevillain.com"
40.77.167.42 - - [08/Jun/2025:04:44:39 -0400] "GET /yoku-wakaranai-keredo-isekai-ni-tensei-shiteita-you-desu-chapter-50/ HTTP/1.1" 301 0 "-" "Mozilla/5.0 AppleWebKit/537.36 (KHTML, like Gecko; compatible; bingbot/2.0; +http://www.bing.com/bingbot.htm) Chrome/116.0.1938.76 Safari/537.36"
162.0.232.193 - - [08/Jun/2025:04:45:06 -0400] "POST /wp-cron.php?doing_wp_cron=1749372306.2174530029296875000000 HTTP/1.1" 200 0 "-" "WordPress/6.8.1; https://reversevillain.com"
203.205.6.137 - - [08/Jun/2025:04:45:06 -0400] "POST /xmlrpc.php HTTP/1.1" 200 205 "-" "Mozilla/5.0 (X11; Ubuntu; Linux x86_64; rv:85.0) Gecko/20100101 Firefox/91.0"
162.0.232.193 - - [08/Jun/2025:04:45:06 -0400] "POST /wp-admin/admin-ajax.php?action=async_litespeed&nonce=DZhrBQr9aQ44omQgTOIedmfND3iXoxmN&litespeed_type=imgoptm HTTP/1.1" 200 5 "-" "WordPress/6.8.1; https://reversevillain.com"
52.167.144.163 - - [08/Jun/2025:04:45:13 -0400] "GET /the-exiled-reincarnated-heavy-knight-is-unrivaled-in-game-knowledge-chapter-57/ HTTP/1.1" 301 0 "-" "Mozilla/5.0 AppleWebKit/537.36 (KHTML, like Gecko; compatible; bingbot/2.0; +http://www.bing.com/bingbot.htm) Chrome/116.0.1938.76 Safari/537.36"
162.0.232.193 - - [08/Jun/2025:04:46:01 -0400] "POST /wp-cron.php?doing_wp_cron=1749372361.6899290084838867187500 HTTP/1.1" 200 0 "-" "WordPress/6.8.1; https://reversevillain.com"
40.77.167.42 - - [08/Jun/2025:04:46:01 -0400] "GET /jujutsu-kaisen-chapter-242/ HTTP/1.1" 301 0 "-" "Mozilla/5.0 AppleWebKit/537.36 (KHTML, like Gecko; compatible; bingbot/2.0; +http://www.bing.com/bingbot.htm) Chrome/116.0.1938.76 Safari/537.36"
162.0.232.193 - - [08/Jun/2025:04:47:14 -0400] "POST /wp-cron.php?doing_wp_cron=1749372434.5705769062042236328125 HTTP/1.1" 200 0 "-" "WordPress/6.8.1; https://reversevillain.com"
8.28.7.20 - - [08/Jun/2025:04:47:14 -0400] "GET /ads.txt HTTP/1.1" 301 0 "-" "PubMatic Crawler Bot"
8.28.7.20 - - [08/Jun/2025:04:47:14 -0400] "GET / HTTP/1.1" 200 9390 "-" "PubMatic Crawler Bot"
8.28.7.20 - - [08/Jun/2025:04:47:14 -0400] "GET /ads.txt HTTP/1.1" 301 0 "-" "PubMatic Crawler Bot"
8.28.7.20 - - [08/Jun/2025:04:47:14 -0400] "GET / HTTP/1.1" 200 9390 "-" "PubMatic Crawler Bot"
162.0.232.193 - - [08/Jun/2025:04:47:14 -0400] "POST /wp-admin/admin-ajax.php?action=async_litespeed&nonce=y7F0NhNUF8A05Fa2iVY5Ic17aMPNgxxA&litespeed_type=imgoptm HTTP/1.1" 200 5 "-" "WordPress/6.8.1; https://reversevillain.com"
162.0.232.193 - - [08/Jun/2025:04:47:58 -0400] "POST /wp-cron.php?doing_wp_cron=1749372478.4590990543365478515625 HTTP/1.1" 200 0 "-" "WordPress/6.8.1; https://reversevillain.com"
80.94.97.38 - - [08/Jun/2025:04:47:58 -0400] "POST /xmlrpc.php HTTP/1.1" 200 186 "https://reversevillain.com" "Mozilla/5.0 (Windows NT 10.0; Win64; x64; rv:125.0.1) Gecko/20100101 Firefox/125.0.1"
80.94.97.38 - - [08/Jun/2025:04:47:59 -0400] "POST /wp-login.php HTTP/1.1" 200 2133 "https://reversevillain.com" "Mozilla/5.0 (Macintosh; Intel Mac OS X 10_15_7) AppleWebKit/537.36 (KHTML, like Gecko) Chrome/126.0.0.0 Safari/537.36"
162.0.232.193 - - [08/Jun/2025:04:49:05 -0400] "POST /wp-cron.php?doing_wp_cron=1749372545.1174800395965576171875 HTTP/1.1" 200 0 "-" "WordPress/6.8.1; https://reversevillain.com"
170.106.192.208 - - [08/Jun/2025:04:49:05 -0400] "GET /reverse-villain-chapter-54/ HTTP/1.1" 200 9947 "-" "Mozilla/5.0 (iPhone; CPU iPhone OS 13_2_3 like Mac OS X) AppleWebKit/605.1.15 (KHTML, like Gecko) Version/13.0.3 Mobile/15E148 Safari/604.1"
162.0.232.193 - - [08/Jun/2025:04:49:05 -0400] "POST /wp-admin/admin-ajax.php?action=async_litespeed&nonce=qcvGu1nLv4RYvopjciZxjjixSoLUij28&litespeed_type=imgoptm HTTP/1.1" 200 5 "-" "WordPress/6.8.1; https://reversevillain.com"
162.0.232.193 - - [08/Jun/2025:04:53:05 -0400] "POST /wp-cron.php?doing_wp_cron=1749372785.5773038864135742187500 HTTP/1.1" 200 0 "-" "WordPress/6.8.1; https://reversevillain.com"
40.77.167.7 - - [08/Jun/2025:04:53:04 -0400] "GET /hajime-no-ippo-chapter-1413/ HTTP/1.1" 301 0 "-" "Mozilla/5.0 AppleWebKit/537.36 (KHTML, like Gecko; compatible; bingbot/2.0; +http://www.bing.com/bingbot.htm) Chrome/116.0.1938.76 Safari/537.36"
45.146.54.61 - - [08/Jun/2025:04:54:53 -0400] "GET / HTTP/1.1" 200 9390 "-" "Mozilla/5.0 (X11; Linux x86_64) AppleWebKit/537.36 (KHTML, like Gecko) Chrome/120.0.0.0 Safari/537.36"
162.0.232.193 - - [08/Jun/2025:04:57:38 -0400] "POST /wp-cron.php?doing_wp_cron=1749373058.0756430625915527343750 HTTP/1.1" 200 0 "-" "WordPress/6.8.1; https://reversevillain.com"
43.130.40.120 - - [08/Jun/2025:04:57:36 -0400] "GET /reverse-villain-chapter-47/ HTTP/1.1" 200 9945 "-" "Mozilla/5.0 (iPhone; CPU iPhone OS 13_2_3 like Mac OS X) AppleWebKit/605.1.15 (KHTML, like Gecko) Version/13.0.3 Mobile/15E148 Safari/604.1"
162.0.232.193 - - [08/Jun/2025:04:57:38 -0400] "POST /wp-admin/admin-ajax.php?action=async_litespeed&nonce=c90JDHiCmwX5s0Tl8UMuPCQp76De94Ex&litespeed_type=imgoptm HTTP/1.1" 200 5 "-" "WordPress/6.8.1; https://reversevillain.com"
162.0.232.193 - - [08/Jun/2025:04:59:52 -0400] "POST /wp-cron.php?doing_wp_cron=1749373192.5316898822784423828125 HTTP/1.1" 200 0 "-" "WordPress/6.8.1; https://reversevillain.com"
52.167.144.219 - - [08/Jun/2025:04:59:51 -0400] "GET /infinite-leveling-murim-chapter-114/ HTTP/1.1" 301 0 "-" "Mozilla/5.0 AppleWebKit/537.36 (KHTML, like Gecko; compatible; bingbot/2.0; +http://www.bing.com/bingbot.htm) Chrome/116.0.1938.76 Safari/537.36"
162.0.232.193 - - [08/Jun/2025:04:59:52 -0400] "POST /wp-admin/admin-ajax.php?action=async_litespeed&nonce=9KTg9tSNGCVT0nBIq3kPIdPomRLs7yBT&litespeed_type=imgoptm HTTP/1.1" 200 5 "-" "WordPress/6.8.1; https://reversevillain.com"
162.0.232.193 - - [08/Jun/2025:05:01:09 -0400] "POST /wp-cron.php?doing_wp_cron=1749373269.2510418891906738281250 HTTP/1.1" 200 0 "-" "WordPress/6.8.1; https://reversevillain.com"
47.128.121.78 - - [08/Jun/2025:05:01:09 -0400] "GET /tokyo-revengers-letter-from-keisuke-baji-chapter-27/ HTTP/1.1" 301 0 "-" "Mozilla/5.0 (Linux; Android 5.0) AppleWebKit/537.36 (KHTML, like Gecko) Mobile Safari/537.36 (compatible; TikTokSpider; [email protected])"
47.128.121.78 - - [08/Jun/2025:05:01:10 -0400] "GET / HTTP/1.1" 200 9390 "-" "Mozilla/5.0 (Linux; Android 5.0) AppleWebKit/537.36 (KHTML, like Gecko) Mobile Safari/537.36 (compatible; TikTokSpider; [email protected])"
162.0.232.193 - - [08/Jun/2025:05:01:10 -0400] "POST /wp-admin/admin-ajax.php?action=async_litespeed&nonce=zTJ2tC0xDBEhOdF6pKkpg0wtNNX9yuWX&litespeed_type=imgoptm HTTP/1.1" 200 5 "-" "WordPress/6.8.1; https://reversevillain.com"
162.0.232.193 - - [08/Jun/2025:05:06:04 -0400] "POST /wp-cron.php?doing_wp_cron=1749373564.6362760066986083984375 HTTP/1.1" 200 0 "-" "WordPress/6.8.1; https://reversevillain.com"
43.157.148.38 - - [08/Jun/2025:05:06:03 -0400] "GET /reverse-villain-chapter-82/ HTTP/1.1" 200 9943 "-" "Mozilla/5.0 (iPhone; CPU iPhone OS 13_2_3 like Mac OS X) AppleWebKit/605.1.15 (KHTML, like Gecko) Version/13.0.3 Mobile/15E148 Safari/604.1"
162.0.232.193 - - [08/Jun/2025:05:09:18 -0400] "POST /wp-cron.php?doing_wp_cron=1749373758.4309580326080322265625 HTTP/1.1" 200 0 "-" "WordPress/6.8.1; https://reversevillain.com"
206.189.89.99 - - [08/Jun/2025:05:09:17 -0400] "POST /xmlrpc.php HTTP/1.1" 200 186 "https://reversevillain.com" "Mozilla/5.0 (Macintosh; Intel Mac OS X 10_15_7) AppleWebKit/537.36 (KHTML, like Gecko) Chrome/112.0.5615.138 Safari/537.36"
162.0.232.193 - - [08/Jun/2025:05:09:18 -0400] "POST /wp-admin/admin-ajax.php?action=async_litespeed&nonce=xm1qi6V3Ycaw1IXcdQwiQOJOXAJ82wFC&litespeed_type=imgoptm HTTP/1.1" 200 5 "-" "WordPress/6.8.1; https://reversevillain.com"
206.189.89.99 - - [08/Jun/2025:05:09:20 -0400] "POST /wp-login.php HTTP/1.1" 200 2144 "https://reversevillain.com" "Mozilla/5.0 (Macintosh; Intel Mac OS X 14.3) AppleWebKit/614.31.14 (KHTML, like Gecko) Version/17.0.96 Safari/614.31.14"
52.167.144.16 - - [08/Jun/2025:05:09:33 -0400] "GET /wp-content/uploads/2022/03/1ezulh98ghb71-768x1441.jpeg HTTP/1.1" 301 0 "-" "msnbot/2.0b (+http://search.msn.com/msnbot.htm)"
52.167.144.16 - - [08/Jun/2025:05:09:34 -0400] "GET / HTTP/1.1" 200 9390 "-" "msnbot/2.0b (+http://search.msn.com/msnbot.htm)"
148.72.214.194 - - [08/Jun/2025:05:09:38 -0400] "POST /xmlrpc.php HTTP/1.1" 200 205 "-" "Mozilla/5.0 (X11; Ubuntu; Linux x86_64; rv:85.0) Gecko/20100101 Firefox/91.0"
47.128.121.132 - - [08/Jun/2025:05:10:01 -0400] "GET /the-build-up-chapter-120/ HTTP/1.1" 301 0 "-" "Mozilla/5.0 (Linux; Android 5.0) AppleWebKit/537.36 (KHTML, like Gecko) Mobile Safari/537.36 (compatible; TikTokSpider; [email protected])"
47.128.121.132 - - [08/Jun/2025:05:10:01 -0400] "GET / HTTP/1.1" 200 9390 "-" "Mozilla/5.0 (Linux; Android 5.0) AppleWebKit/537.36 (KHTML, like Gecko) Mobile Safari/537.36 (compatible; TikTokSpider; [email protected])"
162.0.232.193 - - [08/Jun/2025:05:12:35 -0400] "POST /wp-cron.php?doing_wp_cron=1749373955.7904210090637207031250 HTTP/1.1" 200 0 "-" "WordPress/6.8.1; https://reversevillain.com"
47.128.96.148 - - [08/Jun/2025:05:12:34 -0400] "GET /philia-rose-the-prophecy-of-the-crown-of-thorns-chapter-54/ HTTP/1.1" 301 0 "-" "Mozilla/5.0 (Linux; Android 5.0) AppleWebKit/537.36 (KHTML, like Gecko) Mobile Safari/537.36 (compatible; TikTokSpider; [email protected])"
47.128.96.148 - - [08/Jun/2025:05:12:36 -0400] "GET / HTTP/1.1" 200 9390 "-" "Mozilla/5.0 (Linux; Android 5.0) AppleWebKit/537.36 (KHTML, like Gecko) Mobile Safari/537.36 (compatible; TikTokSpider; [email protected])"
162.0.232.193 - - [08/Jun/2025:05:15:52 -0400] "POST /wp-cron.php?doing_wp_cron=1749374151.9115910530090332031250 HTTP/1.1" 200 0 "-" "WordPress/6.8.1; https://reversevillain.com"
47.128.96.12 - - [08/Jun/2025:05:15:50 -0400] "GET /witch-watch-chapter-143/ HTTP/1.1" 301 0 "-" "Mozilla/5.0 (Linux; Android 5.0) AppleWebKit/537.36 (KHTML, like Gecko) Mobile Safari/537.36 (compatible; TikTokSpider; [email protected])"
47.128.96.12 - - [08/Jun/2025:05:15:52 -0400] "GET / HTTP/1.1" 200 9390 "-" "Mozilla/5.0 (Linux; Android 5.0) AppleWebKit/537.36 (KHTML, like Gecko) Mobile Safari/537.36 (compatible; TikTokSpider; [email protected])"
162.0.232.193 - - [08/Jun/2025:05:15:52 -0400] "POST /wp-admin/admin-ajax.php?action=async_litespeed&nonce=JjJ2lK3AOnpQTsgW1SUUxTcOw2udhegA&litespeed_type=imgoptm HTTP/1.1" 200 5 "-" "WordPress/6.8.1; https://reversevillain.com"
43.167.241.46 - - [08/Jun/2025:05:16:15 -0400] "GET /reverse-villain-chapter-45/feed/ HTTP/1.1" 200 906 "-" "Mozilla/5.0 (iPhone; CPU iPhone OS 13_2_3 like Mac OS X) AppleWebKit/605.1.15 (KHTML, like Gecko) Version/13.0.3 Mobile/15E148 Safari/604.1"
162.0.232.193 - - [08/Jun/2025:05:17:26 -0400] "POST /wp-cron.php?doing_wp_cron=1749374246.7624471187591552734375 HTTP/1.1" 200 0 "-" "WordPress/6.8.1; https://reversevillain.com"
40.77.167.71 - - [08/Jun/2025:05:17:26 -0400] "GET /rekishi-mentalist-chapter-14/ HTTP/1.1" 301 0 "-" "Mozilla/5.0 AppleWebKit/537.36 (KHTML, like Gecko; compatible; bingbot/2.0; +http://www.bing.com/bingbot.htm) Chrome/116.0.1938.76 Safari/537.36"
162.0.232.193 - - [08/Jun/2025:05:20:12 -0400] "POST /wp-cron.php?doing_wp_cron=1749374412.6146900653839111328125 HTTP/1.1" 200 0 "-" "WordPress/6.8.1; https://reversevillain.com"
47.128.121.137 - - [08/Jun/2025:05:20:11 -0400] "GET /death-march-kara-hajimaru-isekai-kyousoukyoku-chapter-99/ HTTP/1.1" 301 0 "-" "Mozilla/5.0 (Linux; Android 5.0) AppleWebKit/537.36 (KHTML, like Gecko) Mobile Safari/537.36 (compatible; TikTokSpider; [email protected])"
47.128.121.137 - - [08/Jun/2025:05:20:13 -0400] "GET / HTTP/1.1" 200 9390 "-" "Mozilla/5.0 (Linux; Android 5.0) AppleWebKit/537.36 (KHTML, like Gecko) Mobile Safari/537.36 (compatible; TikTokSpider; [email protected])"
162.0.232.193 - - [08/Jun/2025:05:20:13 -0400] "POST /wp-admin/admin-ajax.php?action=async_litespeed&nonce=jjdH5a3nRbQ17tvldueOgkKZic4ntfww&litespeed_type=imgoptm HTTP/1.1" 200 5 "-" "WordPress/6.8.1; https://reversevillain.com"
47.128.20.240 - - [08/Jun/2025:05:20:29 -0400] "GET / HTTP/1.1" 200 9390 "-" "Mozilla/5.0 (Linux; Android 5.0) AppleWebKit/537.36 (KHTML, like Gecko) Mobile Safari/537.36 (compatible; Bytespider; [email protected])"
66.249.72.194 - - [08/Jun/2025:05:20:52 -0400] "GET /reverse-villain-chapter-1/ HTTP/1.1" 200 9532 "-" "Mozilla/5.0 (Linux; Android 6.0.1; Nexus 5X Build/MMB29P) AppleWebKit/537.36 (KHTML, like Gecko) Chrome/136.0.7103.113 Mobile Safari/537.36 (compatible; Googlebot/2.1; +http://www.google.com/bot.html)"
47.128.115.173 - - [08/Jun/2025:05:23:01 -0400] "GET / HTTP/1.1" 200 9390 "-" "Mozilla/5.0 (Linux; Android 5.0) AppleWebKit/537.36 (KHTML, like Gecko) Mobile Safari/537.36 (compatible; Bytespider; [email protected])"
162.0.232.193 - - [08/Jun/2025:05:23:57 -0400] "POST /wp-cron.php?doing_wp_cron=1749374637.4986519813537597656250 HTTP/1.1" 200 0 "-" "WordPress/6.8.1; https://reversevillain.com"
47.128.52.94 - - [08/Jun/2025:05:23:55 -0400] "GET /robots.txt HTTP/1.1" 200 113 "-" "Mozilla/5.0 (Linux; Android 5.0) AppleWebKit/537.36 (KHTML, like Gecko) Mobile Safari/537.36 (compatible; Bytespider; [email protected])"
40.77.167.159 - - [08/Jun/2025:05:24:21 -0400] "GET /hirayasumi-chapter-44/ HTTP/1.1" 301 0 "-" "Mozilla/5.0 AppleWebKit/537.36 (KHTML, like Gecko; compatible; bingbot/2.0; +http://www.bing.com/bingbot.htm) Chrome/116.0.1938.76 Safari/537.36"
185.177.72.179 - - [08/Jun/2025:05:25:15 -0400] "GET / HTTP/1.1" 200 9390 "-" "Mozilla/5.0 (Windows NT 10.0; Win64; x64) AppleWebKit/537.36 (KHTML, like Gecko) Chrome/91.0.4472.124 Safari/537.36"
162.0.232.193 - - [08/Jun/2025:05:27:37 -0400] "POST /wp-cron.php?doing_wp_cron=1749374857.6116290092468261718750 HTTP/1.1" 200 0 "-" "WordPress/6.8.1; https://reversevillain.com"
47.128.96.190 - - [08/Jun/2025:05:27:36 -0400] "GET /hitoribocchi-no-isekai-kouryaku-chapter-172/ HTTP/1.1" 301 0 "-" "Mozilla/5.0 (Linux; Android 5.0) AppleWebKit/537.36 (KHTML, like Gecko) Mobile Safari/537.36 (compatible; TikTokSpider; [email protected])"
47.128.96.190 - - [08/Jun/2025:05:27:38 -0400] "GET / HTTP/1.1" 200 9390 "-" "Mozilla/5.0 (Linux; Android 5.0) AppleWebKit/537.36 (KHTML, like Gecko) Mobile Safari/537.36 (compatible; TikTokSpider; [email protected])"
162.0.232.193 - - [08/Jun/2025:05:27:37 -0400] "POST /wp-admin/admin-ajax.php?action=async_litespeed&nonce=Zlu2WvuD7chsV5hhe4SdpTt4Q8x64wKy&litespeed_type=imgoptm HTTP/1.1" 200 5 "-" "WordPress/6.8.1; https://reversevillain.com"
49.51.253.26 - - [08/Jun/2025:05:28:48 -0400] "GET /reverse-villain-chapter-38/ HTTP/1.1" 200 9949 "-" "Mozilla/5.0 (iPhone; CPU iPhone OS 13_2_3 like Mac OS X) AppleWebKit/605.1.15 (KHTML, like Gecko) Version/13.0.3 Mobile/15E148 Safari/604.1"
5.255.231.95 - - [08/Jun/2025:05:29:28 -0400] "GET /robots.txt HTTP/1.1" 200 113 "-" "Mozilla/5.0 (compatible; YandexBot/3.0; +http://yandex.com/bots)"
162.0.232.193 - - [08/Jun/2025:05:29:31 -0400] "POST /wp-cron.php?doing_wp_cron=1749374971.4273099899291992187500 HTTP/1.1" 200 0 "-" "WordPress/6.8.1; https://reversevillain.com"
5.255.231.182 - - [08/Jun/2025:05:29:29 -0400] "GET /is-this-hero-for-real-chapter-80/ HTTP/1.1" 301 0 "-" "Mozilla/5.0 (compatible; YandexBot/3.0; +http://yandex.com/bots)"
162.0.232.193 - - [08/Jun/2025:05:29:31 -0400] "POST /wp-admin/admin-ajax.php?action=async_litespeed&nonce=bAARH7nyfj2xqJln4Wy8nVc3rRPG1EJg&litespeed_type=imgoptm HTTP/1.1" 200 5 "-" "WordPress/6.8.1; https://reversevillain.com"
47.82.60.249 - - [08/Jun/2025:05:29:32 -0400] "GET / HTTP/1.1" 200 9390 "https://reversevillain.com/" "Mozilla/5.0 (Windows NT 10.0; Win64; x64) AppleWebKit/537.36 (KHTML, like Gecko) Chrome/114.0.0.0 Safari/537.36 Edg/114.0.1823.43"
213.180.203.99 - - [08/Jun/2025:05:29:33 -0400] "GET / HTTP/1.1" 200 9390 "-" "Mozilla/5.0 (compatible; YandexBot/3.0; +http://yandex.com/bots)"
162.0.232.193 - - [08/Jun/2025:05:30:38 -0400] "POST /wp-cron.php?doing_wp_cron=1749375038.0108790397644042968750 HTTP/1.1" 200 0 "-" "WordPress/6.8.1; https://reversevillain.com"
40.77.167.42 - - [08/Jun/2025:05:30:37 -0400] "GET /hajime-no-ippo-chapter-1414/ HTTP/1.1" 301 0 "-" "Mozilla/5.0 AppleWebKit/537.36 (KHTML, like Gecko; compatible; bingbot/2.0; +http://www.bing.com/bingbot.htm) Chrome/116.0.1938.76 Safari/537.36"
162.0.232.193 - - [08/Jun/2025:05:30:38 -0400] "POST /wp-admin/admin-ajax.php?action=async_litespeed&nonce=zxnP8E8KdXuWrwoNfYGnd7wvV9tUpHmW&litespeed_type=imgoptm HTTP/1.1" 200 5 "-" "WordPress/6.8.1; https://reversevillain.com"
162.0.232.193 - - [08/Jun/2025:05:30:56 -0400] "POST /wp-cron.php?doing_wp_cron=1749375056.0232629776000976562500 HTTP/1.1" 200 0 "-" "WordPress/6.8.1; https://reversevillain.com"
47.119.16.237 - - [08/Jun/2025:05:30:55 -0400] "POST /xmlrpc.php HTTP/1.1" 200 186 "https://reversevillain.com" "Mozilla/5.0 (Macintosh; Intel Mac OS X 10_15_7) AppleWebKit/537.36 (KHTML, like Gecko) Chrome/126.0.0.0 Safari/537.36"
162.0.232.193 - - [08/Jun/2025:05:30:56 -0400] "POST /wp-admin/admin-ajax.php?action=async_litespeed&nonce=OehgZpkRXlSIa7Vv6DOUi2kX0pxS06iI&litespeed_type=imgoptm HTTP/1.1" 200 5 "-" "WordPress/6.8.1; https://reversevillain.com"
47.119.16.237 - - [08/Jun/2025:05:30:57 -0400] "POST /wp-login.php HTTP/1.1" 200 2144 "https://reversevillain.com" "Mozilla/5.0 (Macintosh; Intel Mac OS X 13_3) AppleWebKit/537.36 (KHTML, like Gecko) Chrome/126.0.0.0 Safari/537.36"
162.0.232.193 - - [08/Jun/2025:05:32:13 -0400] "POST /wp-cron.php?doing_wp_cron=1749375133.1976449489593505859375 HTTP/1.1" 200 0 "-" "WordPress/6.8.1; https://reversevillain.com"
107.151.248.207 - - [08/Jun/2025:05:32:13 -0400] "GET /wp-includes/ID3/index.php HTTP/1.1" 301 0 "-" "Mozlila/5.0 (Linux; Android 7.0; SM-G892A Bulid/NRD90M; wv) AppleWebKit/537.36 (KHTML, like Gecko) Version/4.0 Chrome/60.0.3112.107 Moblie Safari/537.36"
107.151.248.207 - - [08/Jun/2025:05:32:13 -0400] "GET / HTTP/1.1" 200 9390 "-" "Mozlila/5.0 (Linux; Android 7.0; SM-G892A Bulid/NRD90M; wv) AppleWebKit/537.36 (KHTML, like Gecko) Version/4.0 Chrome/60.0.3112.107 Moblie Safari/537.36"
107.151.248.207 - - [08/Jun/2025:05:32:16 -0400] "GET /wp-content/plugins/index.php HTTP/1.1" 200 0 "-" "Mozlila/5.0 (Linux; Android 7.0; SM-G892A Bulid/NRD90M; wv) AppleWebKit/537.36 (KHTML, like Gecko) Version/4.0 Chrome/60.0.3112.107 Moblie Safari/537.36"
107.151.248.207 - - [08/Jun/2025:05:32:19 -0400] "GET /wp-admin/network/index.php HTTP/1.1" 302 0 "-" "Mozlila/5.0 (Linux; Android 7.0; SM-G892A Bulid/NRD90M; wv) AppleWebKit/537.36 (KHTML, like Gecko) Version/4.0 Chrome/60.0.3112.107 Moblie Safari/537.36"
107.151.248.207 - - [08/Jun/2025:05:32:19 -0400] "GET /wp-login.php?redirect_to=https%3A%2F%2Freversevillain.com%2Fwp-admin%2Fnetwork%2Findex.php&reauth=1 HTTP/1.1" 200 2056 "-" "Mozlila/5.0 (Linux; Android 7.0; SM-G892A Bulid/NRD90M; wv) AppleWebKit/537.36 (KHTML, like Gecko) Version/4.0 Chrome/60.0.3112.107 Moblie Safari/537.36"
107.151.248.207 - - [08/Jun/2025:05:32:25 -0400] "GET /wp-includes/IXR/index.php HTTP/1.1" 301 0 "-" "Mozlila/5.0 (Linux; Android 7.0; SM-G892A Bulid/NRD90M; wv) AppleWebKit/537.36 (KHTML, like Gecko) Version/4.0 Chrome/60.0.3112.107 Moblie Safari/537.36"
107.151.248.207 - - [08/Jun/2025:05:32:25 -0400] "GET / HTTP/1.1" 200 9390 "-" "Mozlila/5.0 (Linux; Android 7.0; SM-G892A Bulid/NRD90M; wv) AppleWebKit/537.36 (KHTML, like Gecko) Version/4.0 Chrome/60.0.3112.107 Moblie Safari/537.36"
107.151.248.207 - - [08/Jun/2025:05:32:29 -0400] "GET /wp-admin/images/index.php HTTP/1.1" 301 0 "-" "Mozlila/5.0 (Linux; Android 7.0; SM-G892A Bulid/NRD90M; wv) AppleWebKit/537.36 (KHTML, like Gecko) Version/4.0 Chrome/60.0.3112.107 Moblie Safari/537.36"
107.151.248.207 - - [08/Jun/2025:05:32:29 -0400] "GET / HTTP/1.1" 200 9390 "-" "Mozlila/5.0 (Linux; Android 7.0; SM-G892A Bulid/NRD90M; wv) AppleWebKit/537.36 (KHTML, like Gecko) Version/4.0 Chrome/60.0.3112.107 Moblie Safari/537.36"
107.151.248.207 - - [08/Jun/2025:05:32:32 -0400] "GET /wp-login.php HTTP/1.1" 200 2047 "-" "Mozlila/5.0 (Linux; Android 7.0; SM-G892A Bulid/NRD90M; wv) AppleWebKit/537.36 (KHTML, like Gecko) Version/4.0 Chrome/60.0.3112.107 Moblie Safari/537.36"
107.151.248.207 - - [08/Jun/2025:05:32:38 -0400] "GET /wp-content/plugins/admin.php HTTP/1.1" 301 0 "-" "Mozlila/5.0 (Linux; Android 7.0; SM-G892A Bulid/NRD90M; wv) AppleWebKit/537.36 (KHTML, like Gecko) Version/4.0 Chrome/60.0.3112.107 Moblie Safari/537.36"
107.151.248.207 - - [08/Jun/2025:05:32:39 -0400] "GET / HTTP/1.1" 200 9390 "-" "Mozlila/5.0 (Linux; Android 7.0; SM-G892A Bulid/NRD90M; wv) AppleWebKit/537.36 (KHTML, like Gecko) Version/4.0 Chrome/60.0.3112.107 Moblie Safari/537.36"
107.151.248.207 - - [08/Jun/2025:05:32:43 -0400] "GET /xmlrpc.php HTTP/1.1" 405 46 "-" "Mozlila/5.0 (Linux; Android 7.0; SM-G892A Bulid/NRD90M; wv) AppleWebKit/537.36 (KHTML, like Gecko) Version/4.0 Chrome/60.0.3112.107 Moblie Safari/537.36"
107.151.248.207 - - [08/Jun/2025:05:32:46 -0400] "GET /wp-admin.php HTTP/1.1" 301 0 "-" "Mozlila/5.0 (Linux; Android 7.0; SM-G892A Bulid/NRD90M; wv) AppleWebKit/537.36 (KHTML, like Gecko) Version/4.0 Chrome/60.0.3112.107 Moblie Safari/537.36"
107.151.248.207 - - [08/Jun/2025:05:32:47 -0400] "GET / HTTP/1.1" 200 9390 "-" "Mozlila/5.0 (Linux; Android 7.0; SM-G892A Bulid/NRD90M; wv) AppleWebKit/537.36 (KHTML, like Gecko) Version/4.0 Chrome/60.0.3112.107 Moblie Safari/537.36"
107.151.248.207 - - [08/Jun/2025:05:32:49 -0400] "GET /wp-content/plugins/Core-Econ/upH.php HTTP/1.1" 301 0 "-" "Mozlila/5.0 (Linux; Android 7.0; SM-G892A Bulid/NRD90M; wv) AppleWebKit/537.36 (KHTML, like Gecko) Version/4.0 Chrome/60.0.3112.107 Moblie Safari/537.36"
107.151.248.207 - - [08/Jun/2025:05:32:49 -0400] "GET / HTTP/1.1" 200 9390 "-" "Mozlila/5.0 (Linux; Android 7.0; SM-G892A Bulid/NRD90M; wv) AppleWebKit/537.36 (KHTML, like Gecko) Version/4.0 Chrome/60.0.3112.107 Moblie Safari/537.36"
107.151.248.207 - - [08/Jun/2025:05:32:55 -0400] "GET /wp-content/plugins/fix/up.php HTTP/1.1" 301 0 "-" "Mozlila/5.0 (Linux; Android 7.0; SM-G892A Bulid/NRD90M; wv) AppleWebKit/537.36 (KHTML, like Gecko) Version/4.0 Chrome/60.0.3112.107 Moblie Safari/537.36"
107.151.248.207 - - [08/Jun/2025:05:32:55 -0400] "GET / HTTP/1.1" 200 9390 "-" "Mozlila/5.0 (Linux; Android 7.0; SM-G892A Bulid/NRD90M; wv) AppleWebKit/537.36 (KHTML, like Gecko) Version/4.0 Chrome/60.0.3112.107 Moblie Safari/537.36"
107.151.248.207 - - [08/Jun/2025:05:33:00 -0400] "GET /wp-content/plugins/pwnd/pwnd.php HTTP/1.1" 301 0 "-" "Mozlila/5.0 (Linux; Android 7.0; SM-G892A Bulid/NRD90M; wv) AppleWebKit/537.36 (KHTML, like Gecko) Version/4.0 Chrome/60.0.3112.107 Moblie Safari/537.36"
107.151.248.207 - - [08/Jun/2025:05:33:00 -0400] "GET / HTTP/1.1" 200 9390 "-" "Mozlila/5.0 (Linux; Android 7.0; SM-G892A Bulid/NRD90M; wv) AppleWebKit/537.36 (KHTML, like Gecko) Version/4.0 Chrome/60.0.3112.107 Moblie Safari/537.36"
107.151.248.207 - - [08/Jun/2025:05:33:02 -0400] "GET /wp-content/plugins/shell/noimg.php HTTP/1.1" 301 0 "-" "Mozlila/5.0 (Linux; Android 7.0; SM-G892A Bulid/NRD90M; wv) AppleWebKit/537.36 (KHTML, like Gecko) Version/4.0 Chrome/60.0.3112.107 Moblie Safari/537.36"
107.151.248.207 - - [08/Jun/2025:05:33:03 -0400] "GET / HTTP/1.1" 200 9390 "-" "Mozlila/5.0 (Linux; Android 7.0; SM-G892A Bulid/NRD90M; wv) AppleWebKit/537.36 (KHTML, like Gecko) Version/4.0 Chrome/60.0.3112.107 Moblie Safari/537.36"
107.151.248.207 - - [08/Jun/2025:05:33:05 -0400] "GET /WSOEnigma.php HTTP/1.1" 301 0 "-" "Mozlila/5.0 (Linux; Android 7.0; SM-G892A Bulid/NRD90M; wv) AppleWebKit/537.36 (KHTML, like Gecko) Version/4.0 Chrome/60.0.3112.107 Moblie Safari/537.36"
107.151.248.207 - - [08/Jun/2025:05:33:05 -0400] "GET / HTTP/1.1" 200 9390 "-" "Mozlila/5.0 (Linux; Android 7.0; SM-G892A Bulid/NRD90M; wv) AppleWebKit/537.36 (KHTML, like Gecko) Version/4.0 Chrome/60.0.3112.107 Moblie Safari/537.36"
107.151.248.207 - - [08/Jun/2025:05:33:10 -0400] "GET /wp-content/plugins/pwnd-1/pwnd.php HTTP/1.1" 301 0 "-" "Mozlila/5.0 (Linux; Android 7.0; SM-G892A Bulid/NRD90M; wv) AppleWebKit/537.36 (KHTML, like Gecko) Version/4.0 Chrome/60.0.3112.107 Moblie Safari/537.36"
107.151.248.207 - - [08/Jun/2025:05:33:11 -0400] "GET / HTTP/1.1" 200 9390 "-" "Mozlila/5.0 (Linux; Android 7.0; SM-G892A Bulid/NRD90M; wv) AppleWebKit/537.36 (KHTML, like Gecko) Version/4.0 Chrome/60.0.3112.107 Moblie Safari/537.36"
162.0.232.193 - - [08/Jun/2025:05:33:16 -0400] "POST /wp-cron.php?doing_wp_cron=1749375196.3771469593048095703125 HTTP/1.1" 200 0 "-" "WordPress/6.8.1; https://reversevillain.com"
107.151.248.207 - - [08/Jun/2025:05:33:16 -0400] "GET /wp-content/plugins/dummyyummy/wp-signup.php HTTP/1.1" 301 0 "-" "Mozlila/5.0 (Linux; Android 7.0; SM-G892A Bulid/NRD90M; wv) AppleWebKit/537.36 (KHTML, like Gecko) Version/4.0 Chrome/60.0.3112.107 Moblie Safari/537.36"
162.0.232.193 - - [08/Jun/2025:05:33:16 -0400] "POST /wp-admin/admin-ajax.php?action=async_litespeed&nonce=w1cNkCW2VT3eWuiR5r06Z4xy8Aye6qSV&litespeed_type=imgoptm HTTP/1.1" 200 5 "-" "WordPress/6.8.1; https://reversevillain.com"
107.151.248.207 - - [08/Jun/2025:05:33:17 -0400] "GET / HTTP/1.1" 200 9390 "-" "Mozlila/5.0 (Linux; Android 7.0; SM-G892A Bulid/NRD90M; wv) AppleWebKit/537.36 (KHTML, like Gecko) Version/4.0 Chrome/60.0.3112.107 Moblie Safari/537.36"
107.151.248.207 - - [08/Jun/2025:05:33:19 -0400] "GET /wp-content/plugins/clara/clara.php HTTP/1.1" 301 0 "-" "Mozlila/5.0 (Linux; Android 7.0; SM-G892A Bulid/NRD90M; wv) AppleWebKit/537.36 (KHTML, like Gecko) Version/4.0 Chrome/60.0.3112.107 Moblie Safari/537.36"
107.151.248.207 - - [08/Jun/2025:05:33:20 -0400] "GET / HTTP/1.1" 200 9390 "-" "Mozlila/5.0 (Linux; Android 7.0; SM-G892A Bulid/NRD90M; wv) AppleWebKit/537.36 (KHTML, like Gecko) Version/4.0 Chrome/60.0.3112.107 Moblie Safari/537.36"
2402:8100:314b:c0a4:b7b1:632:25e9:c31d - - [08/Jun/2025:05:34:14 -0400] "GET / HTTP/1.1" 200 9390 "https://www.google.com/" "Mozilla/5.0 (Linux; Android 10; K) AppleWebKit/537.36 (KHTML, like Gecko) Chrome/137.0.0.0 Mobile Safari/537.36"
2402:8100:314b:c0a4:b7b1:632:25e9:c31d - - [08/Jun/2025:05:34:15 -0400] "GET /wp-content/plugins/simple-social-buttons/assets/css/front.css?ver=5.3.1 HTTP/1.1" 200 10295 "https://reversevillain.com/" "Mozilla/5.0 (Linux; Android 10; K) AppleWebKit/537.36 (KHTML, like Gecko) Chrome/137.0.0.0 Mobile Safari/537.36"
2402:8100:314b:c0a4:b7b1:632:25e9:c31d - - [08/Jun/2025:05:34:15 -0400] "GET /wp-includes/css/dist/block-library/style.min.css?ver=6.8.1 HTTP/1.1" 200 14358 "https://reversevillain.com/" "Mozilla/5.0 (Linux; Android 10; K) AppleWebKit/537.36 (KHTML, like Gecko) Chrome/137.0.0.0 Mobile Safari/537.36"
2402:8100:314b:c0a4:b7b1:632:25e9:c31d - - [08/Jun/2025:05:34:15 -0400] "GET /wp-content/plugins/widgets-on-pages/public/css/widgets-on-pages-public.css?ver=1.4.0 HTTP/1.1" 200 83 "https://reversevillain.com/" "Mozilla/5.0 (Linux; Android 10; K) AppleWebKit/537.36 (KHTML, like Gecko) Chrome/137.0.0.0 Mobile Safari/537.36"
2402:8100:314b:c0a4:b7b1:632:25e9:c31d - - [08/Jun/2025:05:34:15 -0400] "GET /wp-content/plugins/simple-social-buttons/assets/js/frontend-blocks.js?ver=5.3.1 HTTP/1.1" 200 0 "https://reversevillain.com/" "Mozilla/5.0 (Linux; Android 10; K) AppleWebKit/537.36 (KHTML, like Gecko) Chrome/137.0.0.0 Mobile Safari/537.36"
2402:8100:314b:c0a4:b7b1:632:25e9:c31d - - [08/Jun/2025:05:34:15 -0400] "GET /wp-content/themes/toivo-lite/style.css?ver=1.2.0 HTTP/1.1" 200 13718 "https://reversevillain.com/" "Mozilla/5.0 (Linux; Android 10; K) AppleWebKit/537.36 (KHTML, like Gecko) Chrome/137.0.0.0 Mobile Safari/537.36"
2402:8100:314b:c0a4:b7b1:632:25e9:c31d - - [08/Jun/2025:05:34:15 -0400] "GET /wp-content/themes/toivo-lite/fonts/genericons/genericons/genericons.min.css?ver=3.3 HTTP/1.1" 200 15959 "https://reversevillain.com/" "Mozilla/5.0 (Linux; Android 10; K) AppleWebKit/537.36 (KHTML, like Gecko) Chrome/137.0.0.0 Mobile Safari/537.36"
2402:8100:314b:c0a4:b7b1:632:25e9:c31d - - [08/Jun/2025:05:34:15 -0400] "GET /wp-content/plugins/simple-social-buttons/assets/js/front.js?ver=5.3.1 HTTP/1.1" 200 1932 "https://reversevillain.com/" "Mozilla/5.0 (Linux; Android 10; K) AppleWebKit/537.36 (KHTML, like Gecko) Chrome/137.0.0.0 Mobile Safari/537.36"
2402:8100:314b:c0a4:b7b1:632:25e9:c31d - - [08/Jun/2025:05:34:15 -0400] "GET /wp-includes/js/jquery/jquery-migrate.min.js?ver=3.4.1 HTTP/1.1" 200 4678 "https://reversevillain.com/" "Mozilla/5.0 (Linux; Android 10; K) AppleWebKit/537.36 (KHTML, like Gecko) Chrome/137.0.0.0 Mobile Safari/537.36"
2402:8100:314b:c0a4:b7b1:632:25e9:c31d - - [08/Jun/2025:05:34:15 -0400] "GET /wp-content/uploads/2024/02/Reverse_Villain.webp HTTP/1.1" 200 149800 "https://reversevillain.com/" "Mozilla/5.0 (Linux; Android 10; K) AppleWebKit/537.36 (KHTML, like Gecko) Chrome/137.0.0.0 Mobile Safari/537.36"
2402:8100:314b:c0a4:b7b1:632:25e9:c31d - - [08/Jun/2025:05:34:15 -0400] "GET /wp-includes/js/jquery/jquery.min.js?ver=3.7.1 HTTP/1.1" 200 29744 "https://reversevillain.com/" "Mozilla/5.0 (Linux; Android 10; K) AppleWebKit/537.36 (KHTML, like Gecko) Chrome/137.0.0.0 Mobile Safari/537.36"
2402:8100:314b:c0a4:b7b1:632:25e9:c31d - - [08/Jun/2025:05:34:15 -0400] "GET /wp-content/themes/toivo-lite/js/responsive-nav.min.js?ver=1.2.0 HTTP/1.1" 200 2102 "https://reversevillain.com/" "Mozilla/5.0 (Linux; Android 10; K) AppleWebKit/537.36 (KHTML, like Gecko) Chrome/137.0.0.0 Mobile Safari/537.36"
2402:8100:314b:c0a4:b7b1:632:25e9:c31d - - [08/Jun/2025:05:34:15 -0400] "GET /wp-content/plugins/comic-easel/js/keynav.js HTTP/1.1" 200 302 "https://reversevillain.com/" "Mozilla/5.0 (Linux; Android 10; K) AppleWebKit/537.36 (KHTML, like Gecko) Chrome/137.0.0.0 Mobile Safari/537.36"
2402:8100:314b:c0a4:b7b1:632:25e9:c31d - - [08/Jun/2025:05:34:16 -0400] "GET /wp-content/themes/toivo-lite/js/settings.min.js?ver=1.2.0 HTTP/1.1" 200 307 "https://reversevillain.com/" "Mozilla/5.0 (Linux; Android 10; K) AppleWebKit/537.36 (KHTML, like Gecko) Chrome/137.0.0.0 Mobile Safari/537.36"
2402:8100:314b:c0a4:b7b1:632:25e9:c31d - - [08/Jun/2025:05:34:16 -0400] "GET /wp-content/themes/toivo-lite/js/functions.min.js?ver=1.2.0 HTTP/1.1" 200 593 "https://reversevillain.com/" "Mozilla/5.0 (Linux; Android 10; K) AppleWebKit/537.36 (KHTML, like Gecko) Chrome/137.0.0.0 Mobile Safari/537.36"
162.0.232.193 - - [08/Jun/2025:05:35:27 -0400] "POST /wp-cron.php?doing_wp_cron=1749375327.4135730266571044921875 HTTP/1.1" 200 0 "-" "WordPress/6.8.1; https://reversevillain.com"
213.165.69.29 - - [08/Jun/2025:05:35:25 -0400] "POST /xmlrpc.php HTTP/1.1" 200 205 "-" "Mozilla/5.0 (X11; Ubuntu; Linux x86_64; rv:85.0) Gecko/20100101 Firefox/91.0"
43.153.79.218 - - [08/Jun/2025:05:39:18 -0400] "GET /reverse-villain-chapter-38/ HTTP/1.1" 200 9949 "-" "Mozilla/5.0 (iPhone; CPU iPhone OS 13_2_3 like Mac OS X) AppleWebKit/605.1.15 (KHTML, like Gecko) Version/13.0.3 Mobile/15E148 Safari/604.1"
162.0.232.193 - - [08/Jun/2025:05:40:14 -0400] "POST /wp-cron.php?doing_wp_cron=1749375614.8250100612640380859375 HTTP/1.1" 200 0 "-" "WordPress/6.8.1; https://reversevillain.com"
47.128.110.68 - - [08/Jun/2025:05:40:13 -0400] "GET /its-not-meguro-sans-first-time-chapter-71/ HTTP/1.1" 301 0 "-" "Mozilla/5.0 (Linux; Android 5.0) AppleWebKit/537.36 (KHTML, like Gecko) Mobile Safari/537.36 (compatible; TikTokSpider; [email protected])"
47.128.110.68 - - [08/Jun/2025:05:40:15 -0400] "GET / HTTP/1.1" 200 9390 "-" "Mozilla/5.0 (Linux; Android 5.0) AppleWebKit/537.36 (KHTML, like Gecko) Mobile Safari/537.36 (compatible; TikTokSpider; [email protected])"
162.0.232.193 - - [08/Jun/2025:05:40:15 -0400] "POST /wp-admin/admin-ajax.php?action=async_litespeed&nonce=1Siq09yYg1bgaz6vYYc3gHLYmVjwH1VG&litespeed_type=imgoptm HTTP/1.1" 200 5 "-" "WordPress/6.8.1; https://reversevillain.com"
52.167.144.198 - - [08/Jun/2025:05:41:02 -0400] "GET /jitsu-wa-ore-saikyou-deshita-chapter-67/ HTTP/1.1" 301 0 "-" "Mozilla/5.0 AppleWebKit/537.36 (KHTML, like Gecko; compatible; bingbot/2.0; +http://www.bing.com/bingbot.htm) Chrome/116.0.1938.76 Safari/537.36"
49.51.47.100 - - [08/Jun/2025:05:48:42 -0400] "GET /reverse-villain-chapter-54/ HTTP/1.1" 200 9947 "http://reversevillain.com/reverse-villain-chapter-54/" "Mozilla/5.0 (iPhone; CPU iPhone OS 13_2_3 like Mac OS X) AppleWebKit/605.1.15 (KHTML, like Gecko) Version/13.0.3 Mobile/15E148 Safari/604.1"
162.0.232.193 - - [08/Jun/2025:05:50:32 -0400] "POST /wp-cron.php?doing_wp_cron=1749376232.2958600521087646484375 HTTP/1.1" 200 0 "-" "WordPress/6.8.1; https://reversevillain.com"
40.77.167.65 - - [08/Jun/2025:05:50:29 -0400] "GET /reverse-villain-chapter-7/ HTTP/1.1" 200 9576 "-" "Mozilla/5.0 AppleWebKit/537.36 (KHTML, like Gecko; compatible; bingbot/2.0; +http://www.bing.com/bingbot.htm) Chrome/116.0.1938.76 Safari/537.36"
162.0.232.193 - - [08/Jun/2025:05:52:27 -0400] "POST /wp-cron.php?doing_wp_cron=1749376346.9404809474945068359375 HTTP/1.1" 200 0 "-" "WordPress/6.8.1; https://reversevillain.com"
111.229.111.163 - - [08/Jun/2025:05:52:25 -0400] "POST /xmlrpc.php HTTP/1.1" 200 186 "https://reversevillain.com" "Mozilla/5.0 (Windows NT 10.0; Win64; x64) AppleWebKit/537.36 (KHTML, like Gecko) Chrome/112.0.5615.138 Safari/537.36 Edg/112.0.1722.68"
162.0.232.193 - - [08/Jun/2025:05:52:27 -0400] "POST /wp-admin/admin-ajax.php?action=async_litespeed&nonce=Z49dFu70L2Y2NYSFvJylQqfJrYy9Rd8f&litespeed_type=imgoptm HTTP/1.1" 200 5 "-" "WordPress/6.8.1; https://reversevillain.com"
111.229.111.163 - - [08/Jun/2025:05:52:28 -0400] "POST /wp-login.php HTTP/1.1" 200 2144 "https://reversevillain.com" "Mozilla/5.0 (Windows NT 10.0; Win64; x64) AppleWebKit/537.36 (KHTML, like Gecko) Chrome/126.0.0.0 Safari/537.36 Edg/126.0.0.0"
162.0.232.193 - - [08/Jun/2025:05:54:16 -0400] "POST /wp-cron.php?doing_wp_cron=1749376456.7370181083679199218750 HTTP/1.1" 200 0 "-" "WordPress/6.8.1; https://reversevillain.com"
49.7.227.204 - - [08/Jun/2025:05:54:15 -0400] "GET / HTTP/1.1" 301 0 "http://www.reversevillain.com" "Mozilla/5.0 (iPhone; CPU iPhone OS 13_2_3 like Mac OS X) AppleWebKit/605.1.15 (KHTML, like Gecko) Version/13.0.3 Mobile/15E148 Safari/604.1"
49.7.227.204 - - [08/Jun/2025:05:54:18 -0400] "GET / HTTP/1.1" 200 9390 "https://www.reversevillain.com/" "Mozilla/5.0 (iPhone; CPU iPhone OS 13_2_3 like Mac OS X) AppleWebKit/605.1.15 (KHTML, like Gecko) Version/13.0.3 Mobile/15E148 Safari/604.1"
216.73.216.92 - - [08/Jun/2025:05:56:59 -0400] "GET /robots.txt HTTP/1.1" 200 113 "-" "Mozilla/5.0 AppleWebKit/537.36 (KHTML, like Gecko; compatible; ClaudeBot/1.0; [email protected])"
162.0.232.193 - - [08/Jun/2025:05:57:01 -0400] "POST /wp-cron.php?doing_wp_cron=1749376620.9681971073150634765625 HTTP/1.1" 200 0 "-" "WordPress/6.8.1; https://reversevillain.com"
216.73.216.92 - - [08/Jun/2025:05:56:59 -0400] "GET /sitemap_index.xml HTTP/1.1" 200 343 "-" "Mozilla/5.0 AppleWebKit/537.36 (KHTML, like Gecko; compatible; ClaudeBot/1.0; [email protected])"
162.0.232.193 - - [08/Jun/2025:05:57:01 -0400] "POST /wp-admin/admin-ajax.php?action=async_litespeed&nonce=F2XRUO9mxP2OzSRohwC5INv3JHFalJtL&litespeed_type=imgoptm HTTP/1.1" 200 5 "-" "WordPress/6.8.1; https://reversevillain.com"
43.130.57.76 - - [08/Jun/2025:05:57:21 -0400] "GET /reverse-villain-chapter-47/ HTTP/1.1" 200 9945 "-" "Mozilla/5.0 (iPhone; CPU iPhone OS 13_2_3 like Mac OS X) AppleWebKit/605.1.15 (KHTML, like Gecko) Version/13.0.3 Mobile/15E148 Safari/604.1"
162.0.232.193 - - [08/Jun/2025:05:58:48 -0400] "POST /wp-cron.php?doing_wp_cron=1749376727.9817299842834472656250 HTTP/1.1" 200 0 "-" "WordPress/6.8.1; https://reversevillain.com"
66.249.72.204 - - [08/Jun/2025:05:58:46 -0400] "GET /reverse-villain-chapter-60/ HTTP/1.1" 200 9565 "-" "Mozilla/5.0 (Linux; Android 6.0.1; Nexus 5X Build/MMB29P) AppleWebKit/537.36 (KHTML, like Gecko) Chrome/136.0.7103.113 Mobile Safari/537.36 (compatible; Googlebot/2.1; +http://www.google.com/bot.html)"
66.249.72.204 - - [08/Jun/2025:05:58:48 -0400] "GET /reverse-villain-chapter-7/ HTTP/1.1" 200 9576 "-" "Mozilla/5.0 (Linux; Android 6.0.1; Nexus 5X Build/MMB29P) AppleWebKit/537.36 (KHTML, like Gecko) Chrome/136.0.7103.113 Mobile Safari/537.36 (compatible; Googlebot/2.1; +http://www.google.com/bot.html)"
162.0.232.193 - - [08/Jun/2025:06:02:15 -0400] "POST /wp-cron.php?doing_wp_cron=1749376935.0609641075134277343750 HTTP/1.1" 200 0 "-" "WordPress/6.8.1; https://reversevillain.com"
216.48.182.182 - - [08/Jun/2025:06:02:13 -0400] "POST /xmlrpc.php HTTP/1.1" 200 205 "-" "Mozilla/5.0 (X11; U; Linux i686; en-US; rv:96.0) Gecko/20071914 Firefox/96.0"
162.0.232.193 - - [08/Jun/2025:06:02:15 -0400] "POST /wp-admin/admin-ajax.php?action=async_litespeed&nonce=37b1oczyRBiiuUSdisDjnGmY9PdfIZ95&litespeed_type=imgoptm HTTP/1.1" 200 5 "-" "WordPress/6.8.1; https://reversevillain.com"
162.0.232.193 - - [08/Jun/2025:06:08:25 -0400] "POST /wp-cron.php?doing_wp_cron=1749377305.6903760433197021484375 HTTP/1.1" 200 0 "-" "WordPress/6.8.1; https://reversevillain.com"
170.106.165.76 - - [08/Jun/2025:06:08:24 -0400] "GET /reverse-villain-chapter-82/feed/ HTTP/1.1" 200 1002 "-" "Mozilla/5.0 (iPhone; CPU iPhone OS 13_2_3 like Mac OS X) AppleWebKit/605.1.15 (KHTML, like Gecko) Version/13.0.3 Mobile/15E148 Safari/604.1"
162.0.232.193 - - [08/Jun/2025:06:12:45 -0400] "POST /wp-cron.php?doing_wp_cron=1749377565.4935040473937988281250 HTTP/1.1" 200 0 "-" "WordPress/6.8.1; https://reversevillain.com"
3.208.154.201 - - [08/Jun/2025:06:12:43 -0400] "GET /ads.txt HTTP/1.1" 301 0 "-" "Mozilla/5.0 (Macintosh; Intel Mac OS X 10_12_6) AppleWebKit/537.36 (KHTML, like Gecko) Chrome/63.0.3239.84 Safari/537.36"
3.208.154.201 - - [08/Jun/2025:06:12:45 -0400] "GET / HTTP/1.1" 200 9390 "-" "Mozilla/5.0 (Macintosh; Intel Mac OS X 10_12_6) AppleWebKit/537.36 (KHTML, like Gecko) Chrome/63.0.3239.84 Safari/537.36"
162.0.232.193 - - [08/Jun/2025:06:12:45 -0400] "POST /wp-admin/admin-ajax.php?action=async_litespeed&nonce=AVninfFsFlxWkZU2o6cv2yUpMzlLjWF4&litespeed_type=imgoptm HTTP/1.1" 200 5 "-" "WordPress/6.8.1; https://reversevillain.com"
3.208.154.201 - - [08/Jun/2025:06:12:46 -0400] "GET /ads.txt HTTP/1.1" 301 0 "-" "Mozilla/5.0 (Macintosh; Intel Mac OS X 10_12_6) AppleWebKit/537.36 (KHTML, like Gecko) Chrome/63.0.3239.84 Safari/537.36"
3.208.154.201 - - [08/Jun/2025:06:12:46 -0400] "GET / HTTP/1.1" 200 9390 "-" "Mozilla/5.0 (Macintosh; Intel Mac OS X 10_12_6) AppleWebKit/537.36 (KHTML, like Gecko) Chrome/63.0.3239.84 Safari/537.36"
162.0.232.193 - - [08/Jun/2025:06:13:53 -0400] "POST /wp-cron.php?doing_wp_cron=1749377633.1077220439910888671875 HTTP/1.1" 200 0 "-" "WordPress/6.8.1; https://reversevillain.com"
