89.251.0.249 - - [08/Jun/2025:17:38:59 -0400] "GET /wp-content/plugins/simple-social-buttons/assets/js/frontend-blocks.js?ver=5.3.1 HTTP/1.1" 304 0 "https://reversevillain.com/" "Mozilla/5.0 (X11; Linux x86_64) AppleWebKit/537.36 (KHTML, like Gecko) Chrome/120.0.0.0 Safari/537.36"
89.251.0.249 - - [08/Jun/2025:17:38:59 -0400] "GET /wp-includes/js/jquery/jquery.min.js?ver=3.7.1 HTTP/1.1" 304 0 "https://reversevillain.com/" "Mozilla/5.0 (X11; Linux x86_64) AppleWebKit/537.36 (KHTML, like Gecko) Chrome/120.0.0.0 Safari/537.36"
89.251.0.249 - - [08/Jun/2025:17:38:59 -0400] "GET /wp-content/plugins/simple-social-buttons/assets/js/front.js?ver=5.3.1 HTTP/1.1" 304 0 "https://reversevillain.com/" "Mozilla/5.0 (X11; Linux x86_64) AppleWebKit/537.36 (KHTML, like Gecko) Chrome/120.0.0.0 Safari/537.36"
89.251.0.249 - - [08/Jun/2025:17:39:00 -0400] "GET /wp-content/plugins/comic-easel/js/keynav.js HTTP/1.1" 304 0 "https://reversevillain.com/" "Mozilla/5.0 (X11; Linux x86_64) AppleWebKit/537.36 (KHTML, like Gecko) Chrome/120.0.0.0 Safari/537.36"
89.251.0.249 - - [08/Jun/2025:17:39:00 -0400] "GET /wp-content/themes/toivo-lite/js/responsive-nav.min.js?ver=1.2.0 HTTP/1.1" 304 0 "https://reversevillain.com/" "Mozilla/5.0 (X11; Linux x86_64) AppleWebKit/537.36 (KHTML, like Gecko) Chrome/120.0.0.0 Safari/537.36"
162.0.232.193 - - [08/Jun/2025:17:39:00 -0400] "POST /wp-cron.php?doing_wp_cron=1749418740.3946011066436767578125 HTTP/1.1" 200 0 "-" "WordPress/6.8.1; https://reversevillain.com"
157.245.148.39 - - [08/Jun/2025:17:38:31 -0400] "POST //xmlrpc.php HTTP/1.1" 200 205 "-" "Mozilla/5.0 (Windows NT 10.0; Win64; x64) AppleWebKit/537.36 (KHTML, like Gecko) Chrome/78.0.3904.108 Safari/537.36"
89.251.0.249 - - [08/Jun/2025:17:39:01 -0400] "GET /wp-content/themes/toivo-lite/js/functions.min.js?ver=1.2.0 HTTP/1.1" 304 0 "https://reversevillain.com/" "Mozilla/5.0 (X11; Linux x86_64) AppleWebKit/537.36 (KHTML, like Gecko) Chrome/120.0.0.0 Safari/537.36"
89.251.0.249 - - [08/Jun/2025:17:39:01 -0400] "GET /wp-content/themes/toivo-lite/js/settings.min.js?ver=1.2.0 HTTP/1.1" 304 0 "https://reversevillain.com/" "Mozilla/5.0 (X11; Linux x86_64) AppleWebKit/537.36 (KHTML, like Gecko) Chrome/120.0.0.0 Safari/537.36"
162.0.232.193 - - [08/Jun/2025:17:39:00 -0400] "POST /wp-admin/admin-ajax.php?action=async_litespeed&nonce=trfHyrVQ0rp88wFoGeUvYbBtVurmD1Wt&litespeed_type=imgoptm HTTP/1.1" 200 5 "-" "WordPress/6.8.1; https://reversevillain.com"
89.251.0.249 - - [08/Jun/2025:17:39:01 -0400] "GET /wp-includes/js/wp-emoji-release.min.js?ver=6.8.1 HTTP/1.1" 304 0 "https://reversevillain.com/" "Mozilla/5.0 (X11; Linux x86_64) AppleWebKit/537.36 (KHTML, like Gecko) Chrome/120.0.0.0 Safari/537.36"
139.59.58.126 - - [08/Jun/2025:17:38:46 -0400] "POST //xmlrpc.php HTTP/1.1" 200 205 "-" "Mozilla/5.0 (Windows NT 10.0; Win64; x64) AppleWebKit/537.36 (KHTML, like Gecko) Chrome/80.0.3987.149 Safari/537.36"
162.0.232.193 - - [08/Jun/2025:17:39:31 -0400] "POST /wp-cron.php?doing_wp_cron=1749418771.2491788864135742187500 HTTP/1.1" 200 0 "-" "WordPress/6.8.1; https://reversevillain.com"
157.245.148.39 - - [08/Jun/2025:17:39:00 -0400] "POST //xmlrpc.php HTTP/1.1" 200 205 "-" "Mozilla/5.0 (Windows NT 10.0; Win64; x64) AppleWebKit/537.36 (KHTML, like Gecko) Chrome/78.0.3904.108 Safari/537.36"
139.59.58.126 - - [08/Jun/2025:17:39:16 -0400] "POST //xmlrpc.php HTTP/1.1" 200 205 "-" "Mozilla/5.0 (Windows NT 10.0; Win64; x64) AppleWebKit/537.36 (KHTML, like Gecko) Chrome/80.0.3987.149 Safari/537.36"
157.245.148.39 - - [08/Jun/2025:17:39:31 -0400] "POST //xmlrpc.php HTTP/1.1" 200 205 "-" "Mozilla/5.0 (Windows NT 10.0; Win64; x64) AppleWebKit/537.36 (KHTML, like Gecko) Chrome/78.0.3904.108 Safari/537.36"
139.59.58.126 - - [08/Jun/2025:17:39:45 -0400] "POST //xmlrpc.php HTTP/1.1" 200 205 "-" "Mozilla/5.0 (Windows NT 10.0; Win64; x64) AppleWebKit/537.36 (KHTML, like Gecko) Chrome/80.0.3987.149 Safari/537.36"
157.245.148.39 - - [08/Jun/2025:17:40:01 -0400] "POST //xmlrpc.php HTTP/1.1" 200 205 "-" "Mozilla/5.0 (Windows NT 10.0; Win64; x64) AppleWebKit/537.36 (KHTML, like Gecko) Chrome/78.0.3904.108 Safari/537.36"
162.0.232.193 - - [08/Jun/2025:17:40:46 -0400] "POST /wp-cron.php?doing_wp_cron=1749418845.8138420581817626953125 HTTP/1.1" 200 0 "-" "WordPress/6.8.1; https://reversevillain.com"
139.59.58.126 - - [08/Jun/2025:17:40:16 -0400] "POST //xmlrpc.php HTTP/1.1" 200 205 "-" "Mozilla/5.0 (Windows NT 10.0; Win64; x64) AppleWebKit/537.36 (KHTML, like Gecko) Chrome/80.0.3987.149 Safari/537.36"
162.0.232.193 - - [08/Jun/2025:17:40:46 -0400] "POST /wp-admin/admin-ajax.php?action=async_litespeed&nonce=3hIzCStT0A9QVaJa51xgYgBKTWjea9ej&litespeed_type=imgoptm HTTP/1.1" 200 5 "-" "WordPress/6.8.1; https://reversevillain.com"
162.0.232.193 - - [08/Jun/2025:17:41:01 -0400] "POST /wp-cron.php?doing_wp_cron=1749418860.8451709747314453125000 HTTP/1.1" 200 0 "-" "WordPress/6.8.1; https://reversevillain.com"
157.245.148.39 - - [08/Jun/2025:17:40:30 -0400] "POST //xmlrpc.php HTTP/1.1" 200 205 "-" "Mozilla/5.0 (Windows NT 10.0; Win64; x64) AppleWebKit/537.36 (KHTML, like Gecko) Chrome/78.0.3904.108 Safari/537.36"
162.0.232.193 - - [08/Jun/2025:17:41:01 -0400] "POST /wp-admin/admin-ajax.php?action=async_litespeed&nonce=xefqgO24e4Svgipa1qGfgj1ue9KKKL2K&litespeed_type=imgoptm HTTP/1.1" 200 5 "-" "WordPress/6.8.1; https://reversevillain.com"
139.59.58.126 - - [08/Jun/2025:17:40:46 -0400] "POST //xmlrpc.php HTTP/1.1" 200 205 "-" "Mozilla/5.0 (Windows NT 10.0; Win64; x64) AppleWebKit/537.36 (KHTML, like Gecko) Chrome/80.0.3987.149 Safari/537.36"
162.0.232.193 - - [08/Jun/2025:17:41:30 -0400] "POST /wp-cron.php?doing_wp_cron=1749418890.4636600017547607421875 HTTP/1.1" 200 0 "-" "WordPress/6.8.1; https://reversevillain.com"
157.245.148.39 - - [08/Jun/2025:17:41:01 -0400] "POST //xmlrpc.php HTTP/1.1" 200 205 "-" "Mozilla/5.0 (Windows NT 10.0; Win64; x64) AppleWebKit/537.36 (KHTML, like Gecko) Chrome/78.0.3904.108 Safari/537.36"
139.59.58.126 - - [08/Jun/2025:17:41:16 -0400] "POST //xmlrpc.php HTTP/1.1" 200 205 "-" "Mozilla/5.0 (Windows NT 10.0; Win64; x64) AppleWebKit/537.36 (KHTML, like Gecko) Chrome/80.0.3987.149 Safari/537.36"
139.59.58.126 - - [08/Jun/2025:17:41:45 -0400] "POST //xmlrpc.php HTTP/1.1" 200 205 "-" "Mozilla/5.0 (Windows NT 10.0; Win64; x64) AppleWebKit/537.36 (KHTML, like Gecko) Chrome/80.0.3987.149 Safari/537.36"
157.245.148.39 - - [08/Jun/2025:17:41:31 -0400] "POST //xmlrpc.php HTTP/1.1" 200 205 "-" "Mozilla/5.0 (Windows NT 10.0; Win64; x64) AppleWebKit/537.36 (KHTML, like Gecko) Chrome/78.0.3904.108 Safari/537.36"
139.59.58.126 - - [08/Jun/2025:17:42:01 -0400] "POST //xmlrpc.php HTTP/1.1" 200 205 "-" "Mozilla/5.0 (Windows NT 10.0; Win64; x64) AppleWebKit/537.36 (KHTML, like Gecko) Chrome/80.0.3987.149 Safari/537.36"
157.245.148.39 - - [08/Jun/2025:17:42:01 -0400] "POST //xmlrpc.php HTTP/1.1" 200 205 "-" "Mozilla/5.0 (Windows NT 10.0; Win64; x64) AppleWebKit/537.36 (KHTML, like Gecko) Chrome/78.0.3904.108 Safari/537.36"
162.0.232.193 - - [08/Jun/2025:17:42:45 -0400] "POST /wp-cron.php?doing_wp_cron=1749418965.6890110969543457031250 HTTP/1.1" 200 0 "-" "WordPress/6.8.1; https://reversevillain.com"
139.59.58.126 - - [08/Jun/2025:17:42:30 -0400] "POST //xmlrpc.php HTTP/1.1" 200 205 "-" "Mozilla/5.0 (Windows NT 10.0; Win64; x64) AppleWebKit/537.36 (KHTML, like Gecko) Chrome/80.0.3987.149 Safari/537.36"
162.0.232.193 - - [08/Jun/2025:17:42:46 -0400] "POST /wp-admin/admin-ajax.php?action=async_litespeed&nonce=YCgUSakDQkcXZpY8TsXlJPbNgy2My8KX&litespeed_type=imgoptm HTTP/1.1" 200 5 "-" "WordPress/6.8.1; https://reversevillain.com"
162.0.232.193 - - [08/Jun/2025:17:43:00 -0400] "POST /wp-cron.php?doing_wp_cron=1749418980.6254100799560546875000 HTTP/1.1" 200 0 "-" "WordPress/6.8.1; https://reversevillain.com"
157.245.148.39 - - [08/Jun/2025:17:42:30 -0400] "POST //xmlrpc.php HTTP/1.1" 200 205 "-" "Mozilla/5.0 (Windows NT 10.0; Win64; x64) AppleWebKit/537.36 (KHTML, like Gecko) Chrome/78.0.3904.108 Safari/537.36"
162.0.232.193 - - [08/Jun/2025:17:43:01 -0400] "POST /wp-admin/admin-ajax.php?action=async_litespeed&nonce=9uybGChO2zVIKZdMXyEen4hDxGAgbrLt&litespeed_type=imgoptm HTTP/1.1" 200 5 "-" "WordPress/6.8.1; https://reversevillain.com"
139.59.58.126 - - [08/Jun/2025:17:42:46 -0400] "POST //xmlrpc.php HTTP/1.1" 200 205 "-" "Mozilla/5.0 (Windows NT 10.0; Win64; x64) AppleWebKit/537.36 (KHTML, like Gecko) Chrome/80.0.3987.149 Safari/537.36"
162.0.232.193 - - [08/Jun/2025:17:43:30 -0400] "POST /wp-cron.php?doing_wp_cron=1749419010.1292979717254638671875 HTTP/1.1" 200 0 "-" "WordPress/6.8.1; https://reversevillain.com"
157.245.148.39 - - [08/Jun/2025:17:43:01 -0400] "POST //xmlrpc.php HTTP/1.1" 200 205 "-" "Mozilla/5.0 (Windows NT 10.0; Win64; x64) AppleWebKit/537.36 (KHTML, like Gecko) Chrome/78.0.3904.108 Safari/537.36"
139.59.58.126 - - [08/Jun/2025:17:43:15 -0400] "POST //xmlrpc.php HTTP/1.1" 200 205 "-" "Mozilla/5.0 (Windows NT 10.0; Win64; x64) AppleWebKit/537.36 (KHTML, like Gecko) Chrome/80.0.3987.149 Safari/537.36"
157.245.148.39 - - [08/Jun/2025:17:43:30 -0400] "POST //xmlrpc.php HTTP/1.1" 200 205 "-" "Mozilla/5.0 (Windows NT 10.0; Win64; x64) AppleWebKit/537.36 (KHTML, like Gecko) Chrome/78.0.3904.108 Safari/537.36"
52.167.144.166 - - [08/Jun/2025:17:43:46 -0400] "GET /reverse-villain-chapter-97/ HTTP/1.1" 200 9596 "-" "Mozilla/5.0 AppleWebKit/537.36 (KHTML, like Gecko; compatible; bingbot/2.0; +http://www.bing.com/bingbot.htm) Chrome/116.0.1938.76 Safari/537.36"
157.245.148.39 - - [08/Jun/2025:17:43:46 -0400] "POST //xmlrpc.php HTTP/1.1" 200 205 "-" "Mozilla/5.0 (Windows NT 10.0; Win64; x64) AppleWebKit/537.36 (KHTML, like Gecko) Chrome/78.0.3904.108 Safari/537.36"
139.59.58.126 - - [08/Jun/2025:17:43:46 -0400] "POST //xmlrpc.php HTTP/1.1" 200 205 "-" "Mozilla/5.0 (Windows NT 10.0; Win64; x64) AppleWebKit/537.36 (KHTML, like Gecko) Chrome/80.0.3987.149 Safari/537.36"
162.0.232.193 - - [08/Jun/2025:17:44:30 -0400] "POST /wp-cron.php?doing_wp_cron=1749419070.4895229339599609375000 HTTP/1.1" 200 0 "-" "WordPress/6.8.1; https://reversevillain.com"
157.245.148.39 - - [08/Jun/2025:17:44:15 -0400] "POST //xmlrpc.php HTTP/1.1" 200 205 "-" "Mozilla/5.0 (Windows NT 10.0; Win64; x64) AppleWebKit/537.36 (KHTML, like Gecko) Chrome/78.0.3904.108 Safari/537.36"
162.0.232.193 - - [08/Jun/2025:17:44:31 -0400] "POST /wp-admin/admin-ajax.php?action=async_litespeed&nonce=eoW51aG1s2ptuTJlQ1GO3yfpFBo2xdq2&litespeed_type=imgoptm HTTP/1.1" 200 5 "-" "WordPress/6.8.1; https://reversevillain.com"
162.0.232.193 - - [08/Jun/2025:17:44:46 -0400] "POST /wp-cron.php?doing_wp_cron=1749419085.8827199935913085937500 HTTP/1.1" 200 0 "-" "WordPress/6.8.1; https://reversevillain.com"
139.59.58.126 - - [08/Jun/2025:17:44:15 -0400] "POST //xmlrpc.php HTTP/1.1" 200 205 "-" "Mozilla/5.0 (Windows NT 10.0; Win64; x64) AppleWebKit/537.36 (KHTML, like Gecko) Chrome/80.0.3987.149 Safari/537.36"
162.0.232.193 - - [08/Jun/2025:17:45:15 -0400] "POST /wp-cron.php?doing_wp_cron=1749419115.6252799034118652343750 HTTP/1.1" 200 0 "-" "WordPress/6.8.1; https://reversevillain.com"
139.59.58.126 - - [08/Jun/2025:17:44:46 -0400] "POST //xmlrpc.php HTTP/1.1" 200 205 "-" "Mozilla/5.0 (Windows NT 10.0; Win64; x64) AppleWebKit/537.36 (KHTML, like Gecko) Chrome/80.0.3987.149 Safari/537.36"
157.245.148.39 - - [08/Jun/2025:17:44:30 -0400] "POST //xmlrpc.php HTTP/1.1" 200 205 "-" "Mozilla/5.0 (Windows NT 10.0; Win64; x64) AppleWebKit/537.36 (KHTML, like Gecko) Chrome/78.0.3904.108 Safari/537.36"
162.0.232.193 - - [08/Jun/2025:17:45:16 -0400] "POST /wp-admin/admin-ajax.php?action=async_litespeed&nonce=HcF9SMkdJZHH76jh22qLFzqwsJ4UBmGT&litespeed_type=imgoptm HTTP/1.1" 200 5 "-" "WordPress/6.8.1; https://reversevillain.com"
89.136.193.251 - - [08/Jun/2025:17:45:25 -0400] "GET / HTTP/1.1" 200 9390 "https://www.google.com/" "Mozilla/5.0 (Windows NT 10.0; Win64; x64) AppleWebKit/537.36 (KHTML, like Gecko) Chrome/134.0.0.0 Safari/537.36 OPR/119.0.0.0"
89.136.193.251 - - [08/Jun/2025:17:45:25 -0400] "GET /wp-includes/js/jquery/jquery.min.js?ver=3.7.1 HTTP/1.1" 200 29744 "https://reversevillain.com/" "Mozilla/5.0 (Windows NT 10.0; Win64; x64) AppleWebKit/537.36 (KHTML, like Gecko) Chrome/134.0.0.0 Safari/537.36 OPR/119.0.0.0"
89.136.193.251 - - [08/Jun/2025:17:45:25 -0400] "GET /wp-content/plugins/comic-easel/js/keynav.js HTTP/1.1" 200 302 "https://reversevillain.com/" "Mozilla/5.0 (Windows NT 10.0; Win64; x64) AppleWebKit/537.36 (KHTML, like Gecko) Chrome/134.0.0.0 Safari/537.36 OPR/119.0.0.0"
89.136.193.251 - - [08/Jun/2025:17:45:25 -0400] "GET /wp-content/plugins/simple-social-buttons/assets/js/front.js?ver=5.3.1 HTTP/1.1" 200 1932 "https://reversevillain.com/" "Mozilla/5.0 (Windows NT 10.0; Win64; x64) AppleWebKit/537.36 (KHTML, like Gecko) Chrome/134.0.0.0 Safari/537.36 OPR/119.0.0.0"
89.136.193.251 - - [08/Jun/2025:17:45:25 -0400] "GET /wp-content/uploads/2024/02/9241cb9aeeaab1cd315f26ebf3104065.jpg HTTP/1.1" 200 119521 "https://reversevillain.com/" "Mozilla/5.0 (Windows NT 10.0; Win64; x64) AppleWebKit/537.36 (KHTML, like Gecko) Chrome/134.0.0.0 Safari/537.36 OPR/119.0.0.0"
89.136.193.251 - - [08/Jun/2025:17:45:25 -0400] "GET /wp-content/plugins/widgets-on-pages/public/css/widgets-on-pages-public.css?ver=1.4.0 HTTP/1.1" 200 83 "https://reversevillain.com/" "Mozilla/5.0 (Windows NT 10.0; Win64; x64) AppleWebKit/537.36 (KHTML, like Gecko) Chrome/134.0.0.0 Safari/537.36 OPR/119.0.0.0"
89.136.193.251 - - [08/Jun/2025:17:45:25 -0400] "GET /wp-content/uploads/2024/02/Reverse_Villain.webp HTTP/1.1" 200 149800 "https://reversevillain.com/" "Mozilla/5.0 (Windows NT 10.0; Win64; x64) AppleWebKit/537.36 (KHTML, like Gecko) Chrome/134.0.0.0 Safari/537.36 OPR/119.0.0.0"
89.136.193.251 - - [08/Jun/2025:17:45:25 -0400] "GET /wp-content/plugins/simple-social-buttons/assets/js/frontend-blocks.js?ver=5.3.1 HTTP/1.1" 200 0 "https://reversevillain.com/" "Mozilla/5.0 (Windows NT 10.0; Win64; x64) AppleWebKit/537.36 (KHTML, like Gecko) Chrome/134.0.0.0 Safari/537.36 OPR/119.0.0.0"
89.136.193.251 - - [08/Jun/2025:17:45:25 -0400] "GET /wp-includes/css/dist/block-library/style.min.css?ver=6.8.1 HTTP/1.1" 200 14358 "https://reversevillain.com/" "Mozilla/5.0 (Windows NT 10.0; Win64; x64) AppleWebKit/537.36 (KHTML, like Gecko) Chrome/134.0.0.0 Safari/537.36 OPR/119.0.0.0"
89.136.193.251 - - [08/Jun/2025:17:45:25 -0400] "GET /wp-content/themes/toivo-lite/style.css?ver=1.2.0 HTTP/1.1" 200 13718 "https://reversevillain.com/" "Mozilla/5.0 (Windows NT 10.0; Win64; x64) AppleWebKit/537.36 (KHTML, like Gecko) Chrome/134.0.0.0 Safari/537.36 OPR/119.0.0.0"
89.136.193.251 - - [08/Jun/2025:17:45:25 -0400] "GET /wp-content/plugins/simple-social-buttons/assets/css/front.css?ver=5.3.1 HTTP/1.1" 200 10295 "https://reversevillain.com/" "Mozilla/5.0 (Windows NT 10.0; Win64; x64) AppleWebKit/537.36 (KHTML, like Gecko) Chrome/134.0.0.0 Safari/537.36 OPR/119.0.0.0"
89.136.193.251 - - [08/Jun/2025:17:45:25 -0400] "GET /wp-includes/js/jquery/jquery-migrate.min.js?ver=3.4.1 HTTP/1.1" 200 4678 "https://reversevillain.com/" "Mozilla/5.0 (Windows NT 10.0; Win64; x64) AppleWebKit/537.36 (KHTML, like Gecko) Chrome/134.0.0.0 Safari/537.36 OPR/119.0.0.0"
89.136.193.251 - - [08/Jun/2025:17:45:25 -0400] "GET /wp-content/themes/toivo-lite/fonts/genericons/genericons/genericons.min.css?ver=3.3 HTTP/1.1" 200 15959 "https://reversevillain.com/" "Mozilla/5.0 (Windows NT 10.0; Win64; x64) AppleWebKit/537.36 (KHTML, like Gecko) Chrome/134.0.0.0 Safari/537.36 OPR/119.0.0.0"
89.136.193.251 - - [08/Jun/2025:17:45:26 -0400] "GET /wp-content/themes/toivo-lite/js/responsive-nav.min.js?ver=1.2.0 HTTP/1.1" 200 2102 "https://reversevillain.com/" "Mozilla/5.0 (Windows NT 10.0; Win64; x64) AppleWebKit/537.36 (KHTML, like Gecko) Chrome/134.0.0.0 Safari/537.36 OPR/119.0.0.0"
89.136.193.251 - - [08/Jun/2025:17:45:26 -0400] "GET /wp-content/themes/toivo-lite/js/functions.min.js?ver=1.2.0 HTTP/1.1" 200 593 "https://reversevillain.com/" "Mozilla/5.0 (Windows NT 10.0; Win64; x64) AppleWebKit/537.36 (KHTML, like Gecko) Chrome/134.0.0.0 Safari/537.36 OPR/119.0.0.0"
89.136.193.251 - - [08/Jun/2025:17:45:26 -0400] "GET /wp-content/themes/toivo-lite/js/settings.min.js?ver=1.2.0 HTTP/1.1" 200 307 "https://reversevillain.com/" "Mozilla/5.0 (Windows NT 10.0; Win64; x64) AppleWebKit/537.36 (KHTML, like Gecko) Chrome/134.0.0.0 Safari/537.36 OPR/119.0.0.0"
89.136.193.251 - - [08/Jun/2025:17:45:26 -0400] "GET /wp-content/uploads/2024/02/cropped-118593-t1amacrCPDMv.webp HTTP/1.1" 200 88048 "https://reversevillain.com/" "Mozilla/5.0 (Windows NT 10.0; Win64; x64) AppleWebKit/537.36 (KHTML, like Gecko) Chrome/134.0.0.0 Safari/537.36 OPR/119.0.0.0"
89.136.193.251 - - [08/Jun/2025:17:45:27 -0400] "GET /wp-includes/js/wp-emoji-release.min.js?ver=6.8.1 HTTP/1.1" 200 4771 "https://reversevillain.com/" "Mozilla/5.0 (Windows NT 10.0; Win64; x64) AppleWebKit/537.36 (KHTML, like Gecko) Chrome/134.0.0.0 Safari/537.36 OPR/119.0.0.0"
89.136.193.251 - - [08/Jun/2025:17:45:28 -0400] "GET /wp-content/uploads/2024/02/cropped-artworks-GR9wiYSqAwJo0Fa7-x7keIQ-t500x500-180x180.jpg HTTP/1.1" 200 6807 "https://reversevillain.com/" "Mozilla/5.0 (Windows NT 10.0; Win64; x64) AppleWebKit/537.36 (KHTML, like Gecko) Chrome/134.0.0.0 Safari/537.36 OPR/119.0.0.0"
89.136.193.251 - - [08/Jun/2025:17:45:28 -0400] "GET /wp-content/uploads/2024/02/cropped-artworks-GR9wiYSqAwJo0Fa7-x7keIQ-t500x500-32x32.jpg HTTP/1.1" 200 727 "https://reversevillain.com/" "Mozilla/5.0 (Windows NT 10.0; Win64; x64) AppleWebKit/537.36 (KHTML, like Gecko) Chrome/134.0.0.0 Safari/537.36 OPR/119.0.0.0"
89.136.193.251 - - [08/Jun/2025:17:45:33 -0400] "GET /reverse-villain-chapter-1/ HTTP/1.1" 200 9532 "https://reversevillain.com/" "Mozilla/5.0 (Windows NT 10.0; Win64; x64) AppleWebKit/537.36 (KHTML, like Gecko) Chrome/134.0.0.0 Safari/537.36 OPR/119.0.0.0"
89.136.193.251 - - [08/Jun/2025:17:45:34 -0400] "GET /wp-content/plugins/wp-automatic/js/main-front.js?ver=6.8.1 HTTP/1.1" 200 316 "https://reversevillain.com/reverse-villain-chapter-1/" "Mozilla/5.0 (Windows NT 10.0; Win64; x64) AppleWebKit/537.36 (KHTML, like Gecko) Chrome/134.0.0.0 Safari/537.36 OPR/119.0.0.0"
89.136.193.251 - - [08/Jun/2025:17:45:34 -0400] "GET /wp-content/plugins/wp-automatic/css/wp-automatic.css?ver=1.0.0 HTTP/1.1" 200 537 "https://reversevillain.com/reverse-villain-chapter-1/" "Mozilla/5.0 (Windows NT 10.0; Win64; x64) AppleWebKit/537.36 (KHTML, like Gecko) Chrome/134.0.0.0 Safari/537.36 OPR/119.0.0.0"
89.136.193.251 - - [08/Jun/2025:17:45:34 -0400] "GET /wp-content/plugins/disqus-comment-system/public/js/comment_count.js?ver=3.1.2 HTTP/1.1" 200 354 "https://reversevillain.com/reverse-villain-chapter-1/" "Mozilla/5.0 (Windows NT 10.0; Win64; x64) AppleWebKit/537.36 (KHTML, like Gecko) Chrome/134.0.0.0 Safari/537.36 OPR/119.0.0.0"
89.136.193.251 - - [08/Jun/2025:17:45:34 -0400] "GET /wp-content/plugins/disqus-comment-system/public/js/comment_embed.js?ver=3.1.2 HTTP/1.1" 200 653 "https://reversevillain.com/reverse-villain-chapter-1/" "Mozilla/5.0 (Windows NT 10.0; Win64; x64) AppleWebKit/537.36 (KHTML, like Gecko) Chrome/134.0.0.0 Safari/537.36 OPR/119.0.0.0"
89.136.193.251 - - [08/Jun/2025:17:45:34 -0400] "GET /wp-includes/js/comment-reply.min.js?ver=6.8.1 HTTP/1.1" 200 1247 "https://reversevillain.com/reverse-villain-chapter-1/" "Mozilla/5.0 (Windows NT 10.0; Win64; x64) AppleWebKit/537.36 (KHTML, like Gecko) Chrome/134.0.0.0 Safari/537.36 OPR/119.0.0.0"
89.136.193.251 - - [08/Jun/2025:17:45:34 -0400] "GET /wp-content/plugins/simple-social-buttons/assets/fonts/ssb-icon.ttf?eahqa2 HTTP/1.1" 200 6624 "https://reversevillain.com/wp-content/plugins/simple-social-buttons/assets/css/front.css?ver=5.3.1" "Mozilla/5.0 (Windows NT 10.0; Win64; x64) AppleWebKit/537.36 (KHTML, like Gecko) Chrome/134.0.0.0 Safari/537.36 OPR/119.0.0.0"
162.0.232.193 - - [08/Jun/2025:17:45:36 -0400] "POST /wp-cron.php?doing_wp_cron=1749419136.6638290882110595703125 HTTP/1.1" 200 0 "-" "WordPress/6.8.1; https://reversevillain.com"
43.167.245.18 - - [08/Jun/2025:17:45:36 -0400] "GET /reverse-villain-chapter-42/feed/ HTTP/1.1" 200 1010 "-" "Mozilla/5.0 (iPhone; CPU iPhone OS 13_2_3 like Mac OS X) AppleWebKit/605.1.15 (KHTML, like Gecko) Version/13.0.3 Mobile/15E148 Safari/604.1"
157.245.148.39 - - [08/Jun/2025:17:45:16 -0400] "POST //xmlrpc.php HTTP/1.1" 200 205 "-" "Mozilla/5.0 (Windows NT 10.0; Win64; x64) AppleWebKit/537.36 (KHTML, like Gecko) Chrome/78.0.3904.108 Safari/537.36"
139.59.58.126 - - [08/Jun/2025:17:45:16 -0400] "POST //xmlrpc.php HTTP/1.1" 200 205 "-" "Mozilla/5.0 (Windows NT 10.0; Win64; x64) AppleWebKit/537.36 (KHTML, like Gecko) Chrome/80.0.3987.149 Safari/537.36"
157.245.148.39 - - [08/Jun/2025:17:45:45 -0400] "POST //xmlrpc.php HTTP/1.1" 200 205 "-" "Mozilla/5.0 (Windows NT 10.0; Win64; x64) AppleWebKit/537.36 (KHTML, like Gecko) Chrome/78.0.3904.108 Safari/537.36"
139.59.58.126 - - [08/Jun/2025:17:45:45 -0400] "POST //xmlrpc.php HTTP/1.1" 200 205 "-" "Mozilla/5.0 (Windows NT 10.0; Win64; x64) AppleWebKit/537.36 (KHTML, like Gecko) Chrome/80.0.3987.149 Safari/537.36"
157.245.148.39 - - [08/Jun/2025:17:46:00 -0400] "POST //xmlrpc.php HTTP/1.1" 200 205 "-" "Mozilla/5.0 (Windows NT 10.0; Win64; x64) AppleWebKit/537.36 (KHTML, like Gecko) Chrome/78.0.3904.108 Safari/537.36"
162.0.232.193 - - [08/Jun/2025:17:46:45 -0400] "POST /wp-cron.php?doing_wp_cron=1749419204.8921051025390625000000 HTTP/1.1" 200 0 "-" "WordPress/6.8.1; https://reversevillain.com"
2602:fb54:605:: - - [08/Jun/2025:17:46:44 -0400] "GET /gdftps.php HTTP/1.1" 301 0 "-" "Mozlila/5.0 (Linux; Android 7.0; SM-G892A Bulid/NRD90M; wv) AppleWebKit/537.36 (KHTML, like Gecko) Version/4.0 Chrome/60.0.3112.107 Moblie Safari/537.36"
2602:fb54:605:: - - [08/Jun/2025:17:46:45 -0400] "GET / HTTP/1.1" 200 9390 "-" "Mozlila/5.0 (Linux; Android 7.0; SM-G892A Bulid/NRD90M; wv) AppleWebKit/537.36 (KHTML, like Gecko) Version/4.0 Chrome/60.0.3112.107 Moblie Safari/537.36"
139.59.58.126 - - [08/Jun/2025:17:46:16 -0400] "POST //xmlrpc.php HTTP/1.1" 200 205 "-" "Mozilla/5.0 (Windows NT 10.0; Win64; x64) AppleWebKit/537.36 (KHTML, like Gecko) Chrome/80.0.3987.149 Safari/537.36"
162.0.232.193 - - [08/Jun/2025:17:46:45 -0400] "POST /wp-admin/admin-ajax.php?action=async_litespeed&nonce=AY97Aev4MZfmH1vpowrONyRMpagMF4rD&litespeed_type=imgoptm HTTP/1.1" 200 5 "-" "WordPress/6.8.1; https://reversevillain.com"
162.0.232.193 - - [08/Jun/2025:17:47:00 -0400] "POST /wp-cron.php?doing_wp_cron=1749419220.3258769512176513671875 HTTP/1.1" 200 0 "-" "WordPress/6.8.1; https://reversevillain.com"
157.245.148.39 - - [08/Jun/2025:17:46:31 -0400] "POST //xmlrpc.php HTTP/1.1" 200 205 "-" "Mozilla/5.0 (Windows NT 10.0; Win64; x64) AppleWebKit/537.36 (KHTML, like Gecko) Chrome/78.0.3904.108 Safari/537.36"
139.59.58.126 - - [08/Jun/2025:17:46:45 -0400] "POST //xmlrpc.php HTTP/1.1" 200 205 "-" "Mozilla/5.0 (Windows NT 10.0; Win64; x64) AppleWebKit/537.36 (KHTML, like Gecko) Chrome/80.0.3987.149 Safari/537.36"
162.0.232.193 - - [08/Jun/2025:17:47:00 -0400] "POST /wp-admin/admin-ajax.php?action=async_litespeed&nonce=Ash8QbnVEwXol25BZcUc6pQcl1YIE8oq&litespeed_type=imgoptm HTTP/1.1" 200 5 "-" "WordPress/6.8.1; https://reversevillain.com"
2602:fb54:605:: - - [08/Jun/2025:17:47:01 -0400] "GET /siteheads.php HTTP/1.1" 301 0 "-" "Mozlila/5.0 (Linux; Android 7.0; SM-G892A Bulid/NRD90M; wv) AppleWebKit/537.36 (KHTML, like Gecko) Version/4.0 Chrome/60.0.3112.107 Moblie Safari/537.36"
2602:fb54:605:: - - [08/Jun/2025:17:47:01 -0400] "GET / HTTP/1.1" 200 9390 "-" "Mozlila/5.0 (Linux; Android 7.0; SM-G892A Bulid/NRD90M; wv) AppleWebKit/537.36 (KHTML, like Gecko) Version/4.0 Chrome/60.0.3112.107 Moblie Safari/537.36"
162.0.232.193 - - [08/Jun/2025:17:47:30 -0400] "POST /wp-cron.php?doing_wp_cron=1749419250.2227499485015869140625 HTTP/1.1" 200 0 "-" "WordPress/6.8.1; https://reversevillain.com"
139.59.58.126 - - [08/Jun/2025:17:47:01 -0400] "POST //xmlrpc.php HTTP/1.1" 200 205 "-" "Mozilla/5.0 (Windows NT 10.0; Win64; x64) AppleWebKit/537.36 (KHTML, like Gecko) Chrome/80.0.3987.149 Safari/537.36"
157.245.148.39 - - [08/Jun/2025:17:47:00 -0400] "POST //xmlrpc.php HTTP/1.1" 200 205 "-" "Mozilla/5.0 (Windows NT 10.0; Win64; x64) AppleWebKit/537.36 (KHTML, like Gecko) Chrome/78.0.3904.108 Safari/537.36"
5.255.231.115 - - [08/Jun/2025:17:47:47 -0400] "GET /weak-hero-chapter-260/ HTTP/1.1" 301 0 "-" "Mozilla/5.0 (compatible; YandexBot/3.0; +http://yandex.com/bots)"
87.250.224.202 - - [08/Jun/2025:17:47:48 -0400] "GET / HTTP/1.1" 200 9390 "-" "Mozilla/5.0 (compatible; YandexBot/3.0; +http://yandex.com/bots)"
139.59.58.126 - - [08/Jun/2025:17:47:31 -0400] "POST //xmlrpc.php HTTP/1.1" 200 205 "-" "Mozilla/5.0 (Windows NT 10.0; Win64; x64) AppleWebKit/537.36 (KHTML, like Gecko) Chrome/80.0.3987.149 Safari/537.36"
157.245.148.39 - - [08/Jun/2025:17:47:31 -0400] "POST //xmlrpc.php HTTP/1.1" 200 205 "-" "Mozilla/5.0 (Windows NT 10.0; Win64; x64) AppleWebKit/537.36 (KHTML, like Gecko) Chrome/78.0.3904.108 Safari/537.36"
162.0.232.193 - - [08/Jun/2025:17:48:30 -0400] "POST /wp-cron.php?doing_wp_cron=1749419310.5513548851013183593750 HTTP/1.1" 200 0 "-" "WordPress/6.8.1; https://reversevillain.com"
162.0.232.193 - - [08/Jun/2025:17:48:30 -0400] "POST /wp-cron.php?doing_wp_cron=1749419310.5747399330139160156250 HTTP/1.1" 200 0 "-" "WordPress/6.8.1; https://reversevillain.com"
157.245.148.39 - - [08/Jun/2025:17:48:00 -0400] "POST //xmlrpc.php HTTP/1.1" 200 205 "-" "Mozilla/5.0 (Windows NT 10.0; Win64; x64) AppleWebKit/537.36 (KHTML, like Gecko) Chrome/78.0.3904.108 Safari/537.36"
139.59.58.126 - - [08/Jun/2025:17:48:00 -0400] "POST //xmlrpc.php HTTP/1.1" 200 205 "-" "Mozilla/5.0 (Windows NT 10.0; Win64; x64) AppleWebKit/537.36 (KHTML, like Gecko) Chrome/80.0.3987.149 Safari/537.36"
162.0.232.193 - - [08/Jun/2025:17:48:31 -0400] "POST /wp-admin/admin-ajax.php?action=async_litespeed&nonce=5d4ECc9afoXaS659xyQZyykXovp70b2U&litespeed_type=imgoptm HTTP/1.1" 200 5 "-" "WordPress/6.8.1; https://reversevillain.com"
162.0.232.193 - - [08/Jun/2025:17:49:00 -0400] "POST /wp-cron.php?doing_wp_cron=1749419340.1775000095367431640625 HTTP/1.1" 200 0 "-" "WordPress/6.8.1; https://reversevillain.com"
139.59.58.126 - - [08/Jun/2025:17:48:31 -0400] "POST //xmlrpc.php HTTP/1.1" 200 205 "-" "Mozilla/5.0 (Windows NT 10.0; Win64; x64) AppleWebKit/537.36 (KHTML, like Gecko) Chrome/80.0.3987.149 Safari/537.36"
162.0.232.193 - - [08/Jun/2025:17:49:00 -0400] "POST /wp-admin/admin-ajax.php?action=async_litespeed&nonce=2Dnh1aadJCabmZ7Ujyo6OaSj9dHuc4VH&litespeed_type=imgoptm HTTP/1.1" 200 5 "-" "WordPress/6.8.1; https://reversevillain.com"
157.245.148.39 - - [08/Jun/2025:17:48:30 -0400] "POST //xmlrpc.php HTTP/1.1" 200 205 "-" "Mozilla/5.0 (Windows NT 10.0; Win64; x64) AppleWebKit/537.36 (KHTML, like Gecko) Chrome/78.0.3904.108 Safari/537.36"
162.0.232.193 - - [08/Jun/2025:17:49:30 -0400] "POST /wp-cron.php?doing_wp_cron=1749419370.3361809253692626953125 HTTP/1.1" 200 0 "-" "WordPress/6.8.1; https://reversevillain.com"
157.245.148.39 - - [08/Jun/2025:17:49:01 -0400] "POST //xmlrpc.php HTTP/1.1" 200 205 "-" "Mozilla/5.0 (Windows NT 10.0; Win64; x64) AppleWebKit/537.36 (KHTML, like Gecko) Chrome/78.0.3904.108 Safari/537.36"
139.59.58.126 - - [08/Jun/2025:17:49:00 -0400] "POST //xmlrpc.php HTTP/1.1" 200 205 "-" "Mozilla/5.0 (Windows NT 10.0; Win64; x64) AppleWebKit/537.36 (KHTML, like Gecko) Chrome/80.0.3987.149 Safari/537.36"
139.59.58.126 - - [08/Jun/2025:17:49:31 -0400] "POST //xmlrpc.php HTTP/1.1" 200 205 "-" "Mozilla/5.0 (Windows NT 10.0; Win64; x64) AppleWebKit/537.36 (KHTML, like Gecko) Chrome/80.0.3987.149 Safari/537.36"
157.245.148.39 - - [08/Jun/2025:17:49:30 -0400] "POST //xmlrpc.php HTTP/1.1" 200 205 "-" "Mozilla/5.0 (Windows NT 10.0; Win64; x64) AppleWebKit/537.36 (KHTML, like Gecko) Chrome/78.0.3904.108 Safari/537.36"
157.245.148.39 - - [08/Jun/2025:17:50:01 -0400] "POST //xmlrpc.php HTTP/1.1" 200 205 "-" "Mozilla/5.0 (Windows NT 10.0; Win64; x64) AppleWebKit/537.36 (KHTML, like Gecko) Chrome/78.0.3904.108 Safari/537.36"
162.0.232.193 - - [08/Jun/2025:17:50:30 -0400] "POST /wp-cron.php?doing_wp_cron=1749419430.5678420066833496093750 HTTP/1.1" 200 0 "-" "WordPress/6.8.1; https://reversevillain.com"
139.59.58.126 - - [08/Jun/2025:17:50:00 -0400] "POST //xmlrpc.php HTTP/1.1" 200 205 "-" "Mozilla/5.0 (Windows NT 10.0; Win64; x64) AppleWebKit/537.36 (KHTML, like Gecko) Chrome/80.0.3987.149 Safari/537.36"
162.0.232.193 - - [08/Jun/2025:17:50:31 -0400] "POST /wp-admin/admin-ajax.php?action=async_litespeed&nonce=dPkG0xIcECILIR0rJzn9oPCcIVXBvAIT&litespeed_type=imgoptm HTTP/1.1" 200 5 "-" "WordPress/6.8.1; https://reversevillain.com"
157.245.148.39 - - [08/Jun/2025:17:50:30 -0400] "POST //xmlrpc.php HTTP/1.1" 200 205 "-" "Mozilla/5.0 (Windows NT 10.0; Win64; x64) AppleWebKit/537.36 (KHTML, like Gecko) Chrome/78.0.3904.108 Safari/537.36"
162.0.232.193 - - [08/Jun/2025:17:51:00 -0400] "POST /wp-cron.php?doing_wp_cron=1749419460.2719049453735351562500 HTTP/1.1" 200 0 "-" "WordPress/6.8.1; https://reversevillain.com"
139.59.58.126 - - [08/Jun/2025:17:50:31 -0400] "POST //xmlrpc.php HTTP/1.1" 200 205 "-" "Mozilla/5.0 (Windows NT 10.0; Win64; x64) AppleWebKit/537.36 (KHTML, like Gecko) Chrome/80.0.3987.149 Safari/537.36"
162.0.232.193 - - [08/Jun/2025:17:51:01 -0400] "POST /wp-admin/admin-ajax.php?action=async_litespeed&nonce=x2hEZwKk1lO8ElQj4OWluwqCYYpN16ow&litespeed_type=imgoptm HTTP/1.1" 200 5 "-" "WordPress/6.8.1; https://reversevillain.com"
157.245.148.39 - - [08/Jun/2025:17:51:00 -0400] "POST //xmlrpc.php HTTP/1.1" 200 205 "-" "Mozilla/5.0 (Windows NT 10.0; Win64; x64) AppleWebKit/537.36 (KHTML, like Gecko) Chrome/78.0.3904.108 Safari/537.36"
162.0.232.193 - - [08/Jun/2025:17:51:31 -0400] "POST /wp-cron.php?doing_wp_cron=1749419491.0296409130096435546875 HTTP/1.1" 200 0 "-" "WordPress/6.8.1; https://reversevillain.com"
139.59.58.126 - - [08/Jun/2025:17:51:00 -0400] "POST //xmlrpc.php HTTP/1.1" 200 205 "-" "Mozilla/5.0 (Windows NT 10.0; Win64; x64) AppleWebKit/537.36 (KHTML, like Gecko) Chrome/80.0.3987.149 Safari/537.36"
157.245.148.39 - - [08/Jun/2025:17:51:15 -0400] "POST //xmlrpc.php HTTP/1.1" 200 205 "-" "Mozilla/5.0 (Windows NT 10.0; Win64; x64) AppleWebKit/537.36 (KHTML, like Gecko) Chrome/78.0.3904.108 Safari/537.36"
157.245.148.39 - - [08/Jun/2025:17:51:46 -0400] "POST //xmlrpc.php HTTP/1.1" 200 205 "-" "Mozilla/5.0 (Windows NT 10.0; Win64; x64) AppleWebKit/537.36 (KHTML, like Gecko) Chrome/78.0.3904.108 Safari/537.36"
139.59.58.126 - - [08/Jun/2025:17:51:31 -0400] "POST //xmlrpc.php HTTP/1.1" 200 205 "-" "Mozilla/5.0 (Windows NT 10.0; Win64; x64) AppleWebKit/537.36 (KHTML, like Gecko) Chrome/80.0.3987.149 Safari/537.36"
162.0.232.193 - - [08/Jun/2025:17:52:45 -0400] "POST /wp-cron.php?doing_wp_cron=1749419565.2494080066680908203125 HTTP/1.1" 200 0 "-" "WordPress/6.8.1; https://reversevillain.com"
139.59.58.126 - - [08/Jun/2025:17:52:16 -0400] "POST //xmlrpc.php HTTP/1.1" 200 205 "-" "Mozilla/5.0 (Windows NT 10.0; Win64; x64) AppleWebKit/537.36 (KHTML, like Gecko) Chrome/80.0.3987.149 Safari/537.36"
157.245.148.39 - - [08/Jun/2025:17:52:15 -0400] "POST //xmlrpc.php HTTP/1.1" 200 205 "-" "Mozilla/5.0 (Windows NT 10.0; Win64; x64) AppleWebKit/537.36 (KHTML, like Gecko) Chrome/78.0.3904.108 Safari/537.36"
162.0.232.193 - - [08/Jun/2025:17:52:45 -0400] "POST /wp-admin/admin-ajax.php?action=async_litespeed&nonce=7yRirdIDtPnakvO16z5T9plBJW7hY2Mp&litespeed_type=imgoptm HTTP/1.1" 200 5 "-" "WordPress/6.8.1; https://reversevillain.com"
162.0.232.193 - - [08/Jun/2025:17:53:15 -0400] "POST /wp-cron.php?doing_wp_cron=1749419595.2981541156768798828125 HTTP/1.1" 200 0 "-" "WordPress/6.8.1; https://reversevillain.com"
157.245.148.39 - - [08/Jun/2025:17:52:46 -0400] "POST //xmlrpc.php HTTP/1.1" 200 205 "-" "Mozilla/5.0 (Windows NT 10.0; Win64; x64) AppleWebKit/537.36 (KHTML, like Gecko) Chrome/78.0.3904.108 Safari/537.36"
139.59.58.126 - - [08/Jun/2025:17:52:45 -0400] "POST //xmlrpc.php HTTP/1.1" 200 205 "-" "Mozilla/5.0 (Windows NT 10.0; Win64; x64) AppleWebKit/537.36 (KHTML, like Gecko) Chrome/80.0.3987.149 Safari/537.36"
162.0.232.193 - - [08/Jun/2025:17:53:15 -0400] "POST /wp-admin/admin-ajax.php?action=async_litespeed&nonce=kxM7P9RHrq4K0URMlavzHCsmCA7qX1HK&litespeed_type=imgoptm HTTP/1.1" 200 5 "-" "WordPress/6.8.1; https://reversevillain.com"
157.245.148.39 - - [08/Jun/2025:17:53:15 -0400] "POST //xmlrpc.php HTTP/1.1" 200 205 "-" "Mozilla/5.0 (Windows NT 10.0; Win64; x64) AppleWebKit/537.36 (KHTML, like Gecko) Chrome/78.0.3904.108 Safari/537.36"
162.0.232.193 - - [08/Jun/2025:17:53:46 -0400] "POST /wp-cron.php?doing_wp_cron=1749419625.7854750156402587890625 HTTP/1.1" 200 0 "-" "WordPress/6.8.1; https://reversevillain.com"
139.59.58.126 - - [08/Jun/2025:17:53:16 -0400] "POST //xmlrpc.php HTTP/1.1" 200 205 "-" "Mozilla/5.0 (Windows NT 10.0; Win64; x64) AppleWebKit/537.36 (KHTML, like Gecko) Chrome/80.0.3987.149 Safari/537.36"
83.202.162.166 - - [08/Jun/2025:17:54:11 -0400] "GET / HTTP/1.1" 200 9390 "https://www.google.com/" "Mozilla/5.0 (Linux; Android 10; K) AppleWebKit/537.36 (KHTML, like Gecko) Chrome/137.0.0.0 Mobile Safari/537.36"
83.202.162.166 - - [08/Jun/2025:17:54:12 -0400] "GET /wp-content/plugins/simple-social-buttons/assets/js/front.js?ver=5.3.1 HTTP/1.1" 304 0 "https://reversevillain.com/" "Mozilla/5.0 (Linux; Android 10; K) AppleWebKit/537.36 (KHTML, like Gecko) Chrome/137.0.0.0 Mobile Safari/537.36"
83.202.162.166 - - [08/Jun/2025:17:54:12 -0400] "GET /wp-content/plugins/simple-social-buttons/assets/js/frontend-blocks.js?ver=5.3.1 HTTP/1.1" 304 0 "https://reversevillain.com/" "Mozilla/5.0 (Linux; Android 10; K) AppleWebKit/537.36 (KHTML, like Gecko) Chrome/137.0.0.0 Mobile Safari/537.36"
83.202.162.166 - - [08/Jun/2025:17:54:12 -0400] "GET /wp-includes/js/jquery/jquery-migrate.min.js?ver=3.4.1 HTTP/1.1" 304 0 "https://reversevillain.com/" "Mozilla/5.0 (Linux; Android 10; K) AppleWebKit/537.36 (KHTML, like Gecko) Chrome/137.0.0.0 Mobile Safari/537.36"
83.202.162.166 - - [08/Jun/2025:17:54:12 -0400] "GET /wp-includes/js/jquery/jquery.min.js?ver=3.7.1 HTTP/1.1" 304 0 "https://reversevillain.com/" "Mozilla/5.0 (Linux; Android 10; K) AppleWebKit/537.36 (KHTML, like Gecko) Chrome/137.0.0.0 Mobile Safari/537.36"
83.202.162.166 - - [08/Jun/2025:17:54:12 -0400] "GET /wp-content/plugins/comic-easel/js/keynav.js HTTP/1.1" 304 0 "https://reversevillain.com/" "Mozilla/5.0 (Linux; Android 10; K) AppleWebKit/537.36 (KHTML, like Gecko) Chrome/137.0.0.0 Mobile Safari/537.36"
83.202.162.166 - - [08/Jun/2025:17:54:13 -0400] "GET /wp-content/themes/toivo-lite/js/settings.min.js?ver=1.2.0 HTTP/1.1" 304 0 "https://reversevillain.com/" "Mozilla/5.0 (Linux; Android 10; K) AppleWebKit/537.36 (KHTML, like Gecko) Chrome/137.0.0.0 Mobile Safari/537.36"
83.202.162.166 - - [08/Jun/2025:17:54:13 -0400] "GET /wp-content/themes/toivo-lite/js/responsive-nav.min.js?ver=1.2.0 HTTP/1.1" 304 0 "https://reversevillain.com/" "Mozilla/5.0 (Linux; Android 10; K) AppleWebKit/537.36 (KHTML, like Gecko) Chrome/137.0.0.0 Mobile Safari/537.36"
83.202.162.166 - - [08/Jun/2025:17:54:13 -0400] "GET /wp-content/themes/toivo-lite/js/functions.min.js?ver=1.2.0 HTTP/1.1" 304 0 "https://reversevillain.com/" "Mozilla/5.0 (Linux; Android 10; K) AppleWebKit/537.36 (KHTML, like Gecko) Chrome/137.0.0.0 Mobile Safari/537.36"
157.245.148.39 - - [08/Jun/2025:17:53:46 -0400] "POST //xmlrpc.php HTTP/1.1" 200 205 "-" "Mozilla/5.0 (Windows NT 10.0; Win64; x64) AppleWebKit/537.36 (KHTML, like Gecko) Chrome/78.0.3904.108 Safari/537.36"
139.59.58.126 - - [08/Jun/2025:17:53:46 -0400] "POST //xmlrpc.php HTTP/1.1" 200 205 "-" "Mozilla/5.0 (Windows NT 10.0; Win64; x64) AppleWebKit/537.36 (KHTML, like Gecko) Chrome/80.0.3987.149 Safari/537.36"
83.202.162.166 - - [08/Jun/2025:17:54:19 -0400] "GET /reverse-villain-chapter-1/ HTTP/1.1" 200 9532 "https://reversevillain.com/" "Mozilla/5.0 (Linux; Android 10; K) AppleWebKit/537.36 (KHTML, like Gecko) Chrome/137.0.0.0 Mobile Safari/537.36"
83.202.162.166 - - [08/Jun/2025:17:54:19 -0400] "GET /wp-content/plugins/disqus-comment-system/public/js/comment_count.js?ver=3.1.2 HTTP/1.1" 304 0 "https://reversevillain.com/reverse-villain-chapter-1/" "Mozilla/5.0 (Linux; Android 10; K) AppleWebKit/537.36 (KHTML, like Gecko) Chrome/137.0.0.0 Mobile Safari/537.36"
83.202.162.166 - - [08/Jun/2025:17:54:19 -0400] "GET /wp-content/plugins/wp-automatic/js/main-front.js?ver=6.8.1 HTTP/1.1" 304 0 "https://reversevillain.com/reverse-villain-chapter-1/" "Mozilla/5.0 (Linux; Android 10; K) AppleWebKit/537.36 (KHTML, like Gecko) Chrome/137.0.0.0 Mobile Safari/537.36"
83.202.162.166 - - [08/Jun/2025:17:54:20 -0400] "GET /wp-content/plugins/disqus-comment-system/public/js/comment_embed.js?ver=3.1.2 HTTP/1.1" 304 0 "https://reversevillain.com/reverse-villain-chapter-1/" "Mozilla/5.0 (Linux; Android 10; K) AppleWebKit/537.36 (KHTML, like Gecko) Chrome/137.0.0.0 Mobile Safari/537.36"
83.202.162.166 - - [08/Jun/2025:17:54:20 -0400] "GET /wp-includes/js/comment-reply.min.js?ver=6.8.1 HTTP/1.1" 304 0 "https://reversevillain.com/reverse-villain-chapter-1/" "Mozilla/5.0 (Linux; Android 10; K) AppleWebKit/537.36 (KHTML, like Gecko) Chrome/137.0.0.0 Mobile Safari/537.36"
139.59.58.126 - - [08/Jun/2025:17:54:16 -0400] "POST //xmlrpc.php HTTP/1.1" 200 205 "-" "Mozilla/5.0 (Windows NT 10.0; Win64; x64) AppleWebKit/537.36 (KHTML, like Gecko) Chrome/80.0.3987.149 Safari/537.36"
157.245.148.39 - - [08/Jun/2025:17:54:15 -0400] "POST //xmlrpc.php HTTP/1.1" 200 205 "-" "Mozilla/5.0 (Windows NT 10.0; Win64; x64) AppleWebKit/537.36 (KHTML, like Gecko) Chrome/78.0.3904.108 Safari/537.36"
162.0.232.193 - - [08/Jun/2025:17:55:15 -0400] "POST /wp-cron.php?doing_wp_cron=1749419715.4807929992675781250000 HTTP/1.1" 200 0 "-" "WordPress/6.8.1; https://reversevillain.com"
157.245.148.39 - - [08/Jun/2025:17:54:45 -0400] "POST //xmlrpc.php HTTP/1.1" 200 205 "-" "Mozilla/5.0 (Windows NT 10.0; Win64; x64) AppleWebKit/537.36 (KHTML, like Gecko) Chrome/78.0.3904.108 Safari/537.36"
139.59.58.126 - - [08/Jun/2025:17:54:45 -0400] "POST //xmlrpc.php HTTP/1.1" 200 205 "-" "Mozilla/5.0 (Windows NT 10.0; Win64; x64) AppleWebKit/537.36 (KHTML, like Gecko) Chrome/80.0.3987.149 Safari/537.36"
162.0.232.193 - - [08/Jun/2025:17:55:16 -0400] "POST /wp-admin/admin-ajax.php?action=async_litespeed&nonce=39tZbNqarqG2EP7oNntaxGHhsfRAIDzR&litespeed_type=imgoptm HTTP/1.1" 200 5 "-" "WordPress/6.8.1; https://reversevillain.com"
157.245.148.39 - - [08/Jun/2025:17:55:16 -0400] "POST //xmlrpc.php HTTP/1.1" 200 205 "-" "Mozilla/5.0 (Windows NT 10.0; Win64; x64) AppleWebKit/537.36 (KHTML, like Gecko) Chrome/78.0.3904.108 Safari/537.36"
139.59.58.126 - - [08/Jun/2025:17:55:16 -0400] "POST //xmlrpc.php HTTP/1.1" 200 205 "-" "Mozilla/5.0 (Windows NT 10.0; Win64; x64) AppleWebKit/537.36 (KHTML, like Gecko) Chrome/80.0.3987.149 Safari/537.36"
157.245.148.39 - - [08/Jun/2025:17:55:45 -0400] "POST //xmlrpc.php HTTP/1.1" 200 205 "-" "Mozilla/5.0 (Windows NT 10.0; Win64; x64) AppleWebKit/537.36 (KHTML, like Gecko) Chrome/78.0.3904.108 Safari/537.36"
194.87.252.147 - - [08/Jun/2025:17:56:05 -0400] "GET / HTTP/1.1" 200 9390 "-" "Mozilla/5.0 (Windows NT 6.2; WOW64; rv:50.0) Gecko/20100101 Firefox/50.0"
194.87.252.147 - - [08/Jun/2025:17:56:06 -0400] "POST /wp-content/plugins/wp-automatic/inc/csv.php HTTP/1.1" 403 1242 "https://reversevillain.com/" "Mozilla/5.0 (Windows NT 6.2; WOW64; rv:50.0) Gecko/20100101 Firefox/50.0"
194.87.252.147 - - [08/Jun/2025:17:56:06 -0400] "POST /wp-content/plugins/wp-automatic/inc/csv.php0ea2f5ff8f53.php HTTP/1.1" 403 1242 "https://reversevillain.com/wp-content/plugins/wp-automatic/inc/csv.php" "Mozilla/5.0 (Windows NT 6.2; WOW64; rv:50.0) Gecko/20100101 Firefox/50.0"
194.87.252.147 - - [08/Jun/2025:17:56:14 -0400] "POST /wp-content/plugins/wp-automatic/inc/csv.php0ea2f5ff8f53.php HTTP/1.1" 403 1242 "https://reversevillain.com/wp-content/plugins/wp-automatic/inc/csv.php0ea2f5ff8f53.php" "Mozilla/5.0 (Windows NT 6.2; WOW64; rv:50.0) Gecko/20100101 Firefox/50.0"
139.59.58.126 - - [08/Jun/2025:17:55:46 -0400] "POST //xmlrpc.php HTTP/1.1" 200 205 "-" "Mozilla/5.0 (Windows NT 10.0; Win64; x64) AppleWebKit/537.36 (KHTML, like Gecko) Chrome/80.0.3987.149 Safari/537.36"
162.0.232.193 - - [08/Jun/2025:17:56:25 -0400] "POST /wp-cron.php?doing_wp_cron=1749419785.3793330192565917968750 HTTP/1.1" 200 0 "-" "WordPress/6.8.1; https://reversevillain.com"
194.87.252.147 - xtw18387dfe9 [08/Jun/2025:17:56:25 -0400] "GET /wp-json/wp/v2/settings HTTP/1.1" 401 98 "https://reversevillain.com/wp-content/plugins/wp-automatic/inc/csv.php0ea2f5ff8f53.php" "Mozilla/5.0 (Windows NT 6.2; WOW64; rv:50.0) Gecko/20100101 Firefox/50.0"
162.0.232.193 - - [08/Jun/2025:17:56:26 -0400] "POST /wp-admin/admin-ajax.php?action=async_litespeed&nonce=pGdRcEotavg7daZgzApPPUKPZYGBTMJD&litespeed_type=imgoptm HTTP/1.1" 200 5 "-" "WordPress/6.8.1; https://reversevillain.com"
162.0.232.193 - - [08/Jun/2025:17:56:31 -0400] "POST /wp-cron.php?doing_wp_cron=1749419791.0074560642242431640625 HTTP/1.1" 200 0 "-" "WordPress/6.8.1; https://reversevillain.com"
157.245.148.39 - - [08/Jun/2025:17:56:00 -0400] "POST //xmlrpc.php HTTP/1.1" 200 205 "-" "Mozilla/5.0 (Windows NT 10.0; Win64; x64) AppleWebKit/537.36 (KHTML, like Gecko) Chrome/78.0.3904.108 Safari/537.36"
162.0.232.193 - - [08/Jun/2025:17:56:45 -0400] "POST /wp-cron.php?doing_wp_cron=1749419805.6426939964294433593750 HTTP/1.1" 200 0 "-" "WordPress/6.8.1; https://reversevillain.com"
139.59.58.126 - - [08/Jun/2025:17:56:15 -0400] "POST //xmlrpc.php HTTP/1.1" 200 205 "-" "Mozilla/5.0 (Windows NT 10.0; Win64; x64) AppleWebKit/537.36 (KHTML, like Gecko) Chrome/80.0.3987.149 Safari/537.36"
162.0.232.193 - - [08/Jun/2025:17:57:01 -0400] "POST /wp-cron.php?doing_wp_cron=1749419820.7933580875396728515625 HTTP/1.1" 200 0 "-" "WordPress/6.8.1; https://reversevillain.com"
157.245.148.39 - - [08/Jun/2025:17:56:31 -0400] "POST //xmlrpc.php HTTP/1.1" 200 205 "-" "Mozilla/5.0 (Windows NT 10.0; Win64; x64) AppleWebKit/537.36 (KHTML, like Gecko) Chrome/78.0.3904.108 Safari/537.36"
162.0.232.193 - - [08/Jun/2025:17:57:01 -0400] "POST /wp-admin/admin-ajax.php?action=async_litespeed&nonce=RcvhrqwwG2GlNRLJiEMwn14ceURRnARX&litespeed_type=imgoptm HTTP/1.1" 200 5 "-" "WordPress/6.8.1; https://reversevillain.com"
139.59.58.126 - - [08/Jun/2025:17:56:46 -0400] "POST //xmlrpc.php HTTP/1.1" 200 205 "-" "Mozilla/5.0 (Windows NT 10.0; Win64; x64) AppleWebKit/537.36 (KHTML, like Gecko) Chrome/80.0.3987.149 Safari/537.36"
162.0.232.193 - - [08/Jun/2025:17:57:30 -0400] "POST /wp-cron.php?doing_wp_cron=1749419850.4249100685119628906250 HTTP/1.1" 200 0 "-" "WordPress/6.8.1; https://reversevillain.com"
157.245.148.39 - - [08/Jun/2025:17:57:01 -0400] "POST //xmlrpc.php HTTP/1.1" 200 205 "-" "Mozilla/5.0 (Windows NT 10.0; Win64; x64) AppleWebKit/537.36 (KHTML, like Gecko) Chrome/78.0.3904.108 Safari/537.36"
101.33.55.204 - - [08/Jun/2025:17:57:45 -0400] "GET /?p=1511 HTTP/1.1" 301 0 "-" "Mozilla/5.0 (iPhone; CPU iPhone OS 13_2_3 like Mac OS X) AppleWebKit/605.1.15 (KHTML, like Gecko) Version/13.0.3 Mobile/15E148 Safari/604.1"
139.59.58.126 - - [08/Jun/2025:17:57:15 -0400] "POST //xmlrpc.php HTTP/1.1" 200 205 "-" "Mozilla/5.0 (Windows NT 10.0; Win64; x64) AppleWebKit/537.36 (KHTML, like Gecko) Chrome/80.0.3987.149 Safari/537.36"
101.33.55.204 - - [08/Jun/2025:17:57:51 -0400] "GET /reverse-villain-chapter-42/ HTTP/1.1" 200 9945 "https://reversevillain.com/?p=1511" "Mozilla/5.0 (iPhone; CPU iPhone OS 13_2_3 like Mac OS X) AppleWebKit/605.1.15 (KHTML, like Gecko) Version/13.0.3 Mobile/15E148 Safari/604.1"
157.245.148.39 - - [08/Jun/2025:17:57:30 -0400] "POST //xmlrpc.php HTTP/1.1" 200 205 "-" "Mozilla/5.0 (Windows NT 10.0; Win64; x64) AppleWebKit/537.36 (KHTML, like Gecko) Chrome/78.0.3904.108 Safari/537.36"
139.59.58.126 - - [08/Jun/2025:17:57:46 -0400] "POST //xmlrpc.php HTTP/1.1" 200 205 "-" "Mozilla/5.0 (Windows NT 10.0; Win64; x64) AppleWebKit/537.36 (KHTML, like Gecko) Chrome/80.0.3987.149 Safari/537.36"
162.0.232.193 - - [08/Jun/2025:17:58:30 -0400] "POST /wp-cron.php?doing_wp_cron=1749419910.5415170192718505859375 HTTP/1.1" 200 0 "-" "WordPress/6.8.1; https://reversevillain.com"
157.245.148.39 - - [08/Jun/2025:17:58:01 -0400] "POST //xmlrpc.php HTTP/1.1" 200 205 "-" "Mozilla/5.0 (Windows NT 10.0; Win64; x64) AppleWebKit/537.36 (KHTML, like Gecko) Chrome/78.0.3904.108 Safari/537.36"
162.0.232.193 - - [08/Jun/2025:17:58:31 -0400] "POST /wp-admin/admin-ajax.php?action=async_litespeed&nonce=VGsoSp6rQvMHd2LSW5rqxRMzvDj7sGT7&litespeed_type=imgoptm HTTP/1.1" 200 5 "-" "WordPress/6.8.1; https://reversevillain.com"
162.0.232.193 - - [08/Jun/2025:17:58:46 -0400] "POST /wp-cron.php?doing_wp_cron=1749419925.8308050632476806640625 HTTP/1.1" 200 0 "-" "WordPress/6.8.1; https://reversevillain.com"
139.59.58.126 - - [08/Jun/2025:17:58:15 -0400] "POST //xmlrpc.php HTTP/1.1" 200 205 "-" "Mozilla/5.0 (Windows NT 10.0; Win64; x64) AppleWebKit/537.36 (KHTML, like Gecko) Chrome/80.0.3987.149 Safari/537.36"
162.0.232.193 - - [08/Jun/2025:17:59:00 -0400] "POST /wp-cron.php?doing_wp_cron=1749419940.1369769573211669921875 HTTP/1.1" 200 0 "-" "WordPress/6.8.1; https://reversevillain.com"
157.245.148.39 - - [08/Jun/2025:17:58:31 -0400] "POST //xmlrpc.php HTTP/1.1" 200 205 "-" "Mozilla/5.0 (Windows NT 10.0; Win64; x64) AppleWebKit/537.36 (KHTML, like Gecko) Chrome/78.0.3904.108 Safari/537.36"
162.0.232.193 - - [08/Jun/2025:17:59:00 -0400] "POST /wp-admin/admin-ajax.php?action=async_litespeed&nonce=tJR0mf6FwlFtScp5Q2suDVkjJ4X4518M&litespeed_type=imgoptm HTTP/1.1" 200 5 "-" "WordPress/6.8.1; https://reversevillain.com"
139.59.58.126 - - [08/Jun/2025:17:58:46 -0400] "POST //xmlrpc.php HTTP/1.1" 200 205 "-" "Mozilla/5.0 (Windows NT 10.0; Win64; x64) AppleWebKit/537.36 (KHTML, like Gecko) Chrome/80.0.3987.149 Safari/537.36"
157.245.148.39 - - [08/Jun/2025:17:59:00 -0400] "POST //xmlrpc.php HTTP/1.1" 200 205 "-" "Mozilla/5.0 (Windows NT 10.0; Win64; x64) AppleWebKit/537.36 (KHTML, like Gecko) Chrome/78.0.3904.108 Safari/537.36"
162.0.232.193 - - [08/Jun/2025:17:59:45 -0400] "POST /wp-cron.php?doing_wp_cron=1749419985.4005310535430908203125 HTTP/1.1" 200 0 "-" "WordPress/6.8.1; https://reversevillain.com"
139.59.58.126 - - [08/Jun/2025:17:59:16 -0400] "POST //xmlrpc.php HTTP/1.1" 200 205 "-" "Mozilla/5.0 (Windows NT 10.0; Win64; x64) AppleWebKit/537.36 (KHTML, like Gecko) Chrome/80.0.3987.149 Safari/537.36"
157.245.148.39 - - [08/Jun/2025:17:59:16 -0400] "POST //xmlrpc.php HTTP/1.1" 200 205 "-" "Mozilla/5.0 (Windows NT 10.0; Win64; x64) AppleWebKit/537.36 (KHTML, like Gecko) Chrome/78.0.3904.108 Safari/537.36"
66.249.81.97 - - [08/Jun/2025:17:59:59 -0400] "GET /.well-known/traffic-advice HTTP/1.1" 301 0 "-" "Chrome Privacy Preserving Prefetch Proxy"
2001:4860:7:150b::ff - - [08/Jun/2025:17:59:59 -0400] "GET / HTTP/1.1" 200 9390 "https://www.google.com/" "Mozilla/5.0 (Windows NT 10.0; Win64; x64) AppleWebKit/537.36 (KHTML, like Gecko) Chrome/137.0.0.0 Safari/537.36"
94.145.226.59 - - [08/Jun/2025:18:00:03 -0400] "GET /wp-content/plugins/simple-social-buttons/assets/js/frontend-blocks.js?ver=5.3.1 HTTP/1.1" 200 0 "https://reversevillain.com/" "Mozilla/5.0 (Windows NT 10.0; Win64; x64) AppleWebKit/537.36 (KHTML, like Gecko) Chrome/137.0.0.0 Safari/537.36"
94.145.226.59 - - [08/Jun/2025:18:00:03 -0400] "GET /wp-includes/js/jquery/jquery-migrate.min.js?ver=3.4.1 HTTP/1.1" 304 0 "https://reversevillain.com/" "Mozilla/5.0 (Windows NT 10.0; Win64; x64) AppleWebKit/537.36 (KHTML, like Gecko) Chrome/137.0.0.0 Safari/537.36"
94.145.226.59 - - [08/Jun/2025:18:00:03 -0400] "GET /wp-content/uploads/2024/02/Reverse_Villain.webp HTTP/1.1" 200 149800 "https://reversevillain.com/" "Mozilla/5.0 (Windows NT 10.0; Win64; x64) AppleWebKit/537.36 (KHTML, like Gecko) Chrome/137.0.0.0 Safari/537.36"
94.145.226.59 - - [08/Jun/2025:18:00:03 -0400] "GET /wp-content/plugins/widgets-on-pages/public/css/widgets-on-pages-public.css?ver=1.4.0 HTTP/1.1" 200 83 "https://reversevillain.com/" "Mozilla/5.0 (Windows NT 10.0; Win64; x64) AppleWebKit/537.36 (KHTML, like Gecko) Chrome/137.0.0.0 Safari/537.36"
94.145.226.59 - - [08/Jun/2025:18:00:03 -0400] "GET /wp-content/plugins/simple-social-buttons/assets/css/front.css?ver=5.3.1 HTTP/1.1" 200 10295 "https://reversevillain.com/" "Mozilla/5.0 (Windows NT 10.0; Win64; x64) AppleWebKit/537.36 (KHTML, like Gecko) Chrome/137.0.0.0 Safari/537.36"
94.145.226.59 - - [08/Jun/2025:18:00:03 -0400] "GET /wp-content/themes/toivo-lite/fonts/genericons/genericons/genericons.min.css?ver=3.3 HTTP/1.1" 200 15959 "https://reversevillain.com/" "Mozilla/5.0 (Windows NT 10.0; Win64; x64) AppleWebKit/537.36 (KHTML, like Gecko) Chrome/137.0.0.0 Safari/537.36"
94.145.226.59 - - [08/Jun/2025:18:00:03 -0400] "GET /wp-content/plugins/simple-social-buttons/assets/js/front.js?ver=5.3.1 HTTP/1.1" 200 1932 "https://reversevillain.com/" "Mozilla/5.0 (Windows NT 10.0; Win64; x64) AppleWebKit/537.36 (KHTML, like Gecko) Chrome/137.0.0.0 Safari/537.36"
94.145.226.59 - - [08/Jun/2025:18:00:03 -0400] "GET /wp-content/themes/toivo-lite/style.css?ver=1.2.0 HTTP/1.1" 200 13718 "https://reversevillain.com/" "Mozilla/5.0 (Windows NT 10.0; Win64; x64) AppleWebKit/537.36 (KHTML, like Gecko) Chrome/137.0.0.0 Safari/537.36"
94.145.226.59 - - [08/Jun/2025:18:00:03 -0400] "GET /wp-includes/js/jquery/jquery.min.js?ver=3.7.1 HTTP/1.1" 200 29744 "https://reversevillain.com/" "Mozilla/5.0 (Windows NT 10.0; Win64; x64) AppleWebKit/537.36 (KHTML, like Gecko) Chrome/137.0.0.0 Safari/537.36"
94.145.226.59 - - [08/Jun/2025:18:00:03 -0400] "GET /wp-includes/css/dist/block-library/style.min.css?ver=6.8.1 HTTP/1.1" 200 14358 "https://reversevillain.com/" "Mozilla/5.0 (Windows NT 10.0; Win64; x64) AppleWebKit/537.36 (KHTML, like Gecko) Chrome/137.0.0.0 Safari/537.36"
