134.122.118.246 - - [08/Jun/2025:06:13:52 -0400] "POST /xmlrpc.php HTTP/1.1" 200 186 "https://reversevillain.com" "Mozilla/5.0 (Windows NT 10.0; Win64; x64) AppleWebKit/537.36 (KHTML, like Gecko) Chrome/115.0.5790.171 Safari/537.36 Edg/115.0.1901.203"
162.0.232.193 - - [08/Jun/2025:06:13:53 -0400] "POST /wp-admin/admin-ajax.php?action=async_litespeed&nonce=tuYCe4g51kjZOLmebQE6pRSjJWZHFwnt&litespeed_type=imgoptm HTTP/1.1" 200 5 "-" "WordPress/6.8.1; https://reversevillain.com"
134.122.118.246 - - [08/Jun/2025:06:13:53 -0400] "POST /wp-login.php HTTP/1.1" 200 2144 "https://reversevillain.com" "Mozilla/5.0 (Windows NT 10.0; Win64; x64) AppleWebKit/537.36 (KHTML, like Gecko) Chrome/114.0.5735.134 Safari/537.36"
162.0.232.193 - - [08/Jun/2025:06:14:29 -0400] "POST /wp-cron.php?doing_wp_cron=1749377669.1703820228576660156250 HTTP/1.1" 200 0 "-" "WordPress/6.8.1; https://reversevillain.com"
64.233.173.238 - - [08/Jun/2025:06:14:29 -0400] "GET /.well-known/traffic-advice HTTP/1.1" 301 0 "-" "Chrome Privacy Preserving Prefetch Proxy"
2001:4860:7:401::ec - - [08/Jun/2025:06:14:29 -0400] "GET / HTTP/1.1" 200 9390 "https://www.google.com/" "Mozilla/5.0 (Linux; Android 10; K) AppleWebKit/537.36 (KHTML, like Gecko) Chrome/135.0.0.0 Mobile Safari/537.36"
47.128.32.10 - - [08/Jun/2025:06:14:43 -0400] "GET /category/manga/page/406/ HTTP/1.1" 301 0 "-" "Mozilla/5.0 (Linux; Android 5.0) AppleWebKit/537.36 (KHTML, like Gecko) Mobile Safari/537.36 (compatible; TikTokSpider; [email protected])"
47.128.32.10 - - [08/Jun/2025:06:14:43 -0400] "GET / HTTP/1.1" 200 9390 "-" "Mozilla/5.0 (Linux; Android 5.0) AppleWebKit/537.36 (KHTML, like Gecko) Mobile Safari/537.36 (compatible; TikTokSpider; [email protected])"
144.76.23.112 - - [08/Jun/2025:06:15:51 -0400] "GET /robots.txt HTTP/1.1" 200 113 "http://reversevillain.com/robots.txt" "Mozilla/5.0 (Windows NT 10.0; Win64; x64; trendictionbot0.5.0; trendiction search; http://www.trendiction.de/bot; please let us know of any problems; web at trendiction.com) Gecko/20100101 Firefox/125.0"
162.0.232.193 - - [08/Jun/2025:06:15:54 -0400] "POST /wp-cron.php?doing_wp_cron=1749377754.1261889934539794921875 HTTP/1.1" 200 0 "-" "WordPress/6.8.1; https://reversevillain.com"
144.76.23.112 - - [08/Jun/2025:06:15:53 -0400] "GET /comments/feed/ HTTP/1.1" 200 1384 "http://reversevillain.com/comments/feed/" "Mozilla/5.0 (Windows NT 10.0; Win64; x64; trendictionbot0.5.0; trendiction search; http://www.trendiction.de/bot; please let us know of any problems; web at trendiction.com) Gecko/20100101 Firefox/125.0"
162.0.232.193 - - [08/Jun/2025:06:15:54 -0400] "POST /wp-admin/admin-ajax.php?action=async_litespeed&nonce=gInKNnSijojMXuwE5eDjwBb63nObsrh0&litespeed_type=imgoptm HTTP/1.1" 200 5 "-" "WordPress/6.8.1; https://reversevillain.com"
162.0.232.193 - - [08/Jun/2025:06:16:29 -0400] "POST /wp-cron.php?doing_wp_cron=1749377789.6622250080108642578125 HTTP/1.1" 200 0 "-" "WordPress/6.8.1; https://reversevillain.com"
43.153.135.208 - - [08/Jun/2025:06:16:29 -0400] "GET /?p=1515 HTTP/1.1" 301 0 "-" "Mozilla/5.0 (iPhone; CPU iPhone OS 13_2_3 like Mac OS X) AppleWebKit/605.1.15 (KHTML, like Gecko) Version/13.0.3 Mobile/15E148 Safari/604.1"
43.153.135.208 - - [08/Jun/2025:06:16:32 -0400] "GET /reverse-villain-chapter-38/ HTTP/1.1" 200 9949 "https://reversevillain.com/?p=1515" "Mozilla/5.0 (iPhone; CPU iPhone OS 13_2_3 like Mac OS X) AppleWebKit/605.1.15 (KHTML, like Gecko) Version/13.0.3 Mobile/15E148 Safari/604.1"
162.0.232.193 - - [08/Jun/2025:06:18:38 -0400] "POST /wp-cron.php?doing_wp_cron=1749377918.0130019187927246093750 HTTP/1.1" 200 0 "-" "WordPress/6.8.1; https://reversevillain.com"
74.208.56.106 - - [08/Jun/2025:06:18:36 -0400] "GET /public_html.zip HTTP/1.1" 301 0 "-" "-"
74.208.56.106 - - [08/Jun/2025:06:18:38 -0400] "HEAD / HTTP/1.1" 200 0 "-" "-"
162.0.232.193 - - [08/Jun/2025:06:18:38 -0400] "POST /wp-admin/admin-ajax.php?action=async_litespeed&nonce=qEVMYIwjaPYts1YKhEL35ZPWHqgdEHYG&litespeed_type=imgoptm HTTP/1.1" 200 5 "-" "WordPress/6.8.1; https://reversevillain.com"
50.87.144.147 - - [08/Jun/2025:06:18:53 -0400] "GET /wordpress.zip HTTP/1.1" 301 0 "-" "-"
50.87.144.147 - - [08/Jun/2025:06:18:53 -0400] "HEAD / HTTP/1.1" 200 0 "-" "-"
162.0.232.193 - - [08/Jun/2025:06:20:15 -0400] "POST /wp-cron.php?doing_wp_cron=1749378015.5813870429992675781250 HTTP/1.1" 200 0 "-" "WordPress/6.8.1; https://reversevillain.com"
95.108.213.108 - - [08/Jun/2025:06:20:15 -0400] "GET /oshi-no-ko-chapter-121/ HTTP/1.1" 301 0 "-" "Mozilla/5.0 (compatible; YandexBot/3.0; +http://yandex.com/bots)"
162.0.232.193 - - [08/Jun/2025:06:20:15 -0400] "POST /wp-admin/admin-ajax.php?action=async_litespeed&nonce=lOxQnTA0EyFE1uzWXQ6NZe45xJkGVAjy&litespeed_type=imgoptm HTTP/1.1" 200 5 "-" "WordPress/6.8.1; https://reversevillain.com"
213.180.203.226 - - [08/Jun/2025:06:20:16 -0400] "GET /robots.txt HTTP/1.1" 200 113 "-" "Mozilla/5.0 (compatible; YandexBot/3.0; +http://yandex.com/bots)"
87.250.224.207 - - [08/Jun/2025:06:20:17 -0400] "GET / HTTP/1.1" 200 9390 "-" "Mozilla/5.0 (compatible; YandexBot/3.0; +http://yandex.com/bots)"
43.134.109.11 - - [08/Jun/2025:06:21:01 -0400] "GET / HTTP/1.1" 200 9390 "-" "Mozilla/5.0 (Windows NT 10.0; Win64; x64) AppleWebKit/537.36 (KHTML, like Gecko) Chrome/116.0.0.0 Safari/537.36"
162.0.232.193 - - [08/Jun/2025:06:25:19 -0400] "POST /wp-cron.php?doing_wp_cron=1749378319.5717680454254150390625 HTTP/1.1" 200 0 "-" "WordPress/6.8.1; https://reversevillain.com"
5.255.231.136 - - [08/Jun/2025:06:25:17 -0400] "GET /the-white-mage-who-was-banished-from-the-heros-party-chapter-20-1/ HTTP/1.1" 301 0 "-" "Mozilla/5.0 (compatible; YandexBot/3.0; +http://yandex.com/bots)"
5.255.231.25 - - [08/Jun/2025:06:25:20 -0400] "GET / HTTP/1.1" 200 9390 "-" "Mozilla/5.0 (compatible; YandexBot/3.0; +http://yandex.com/bots)"
143.244.57.120 - - [08/Jun/2025:06:26:27 -0400] "GET / HTTP/1.1" 200 9390 "-" "Mozilla/5.0 (Windows NT 10.0; Win64; x64) AppleWebKit/537.36 (KHTML, like Gecko) Chrome/78.0.3904.108 Safari/537.36"
162.0.232.193 - - [08/Jun/2025:06:26:28 -0400] "POST /wp-cron.php?doing_wp_cron=1749378387.9705018997192382812500 HTTP/1.1" 200 0 "-" "WordPress/6.8.1; https://reversevillain.com"
143.244.57.120 - - [08/Jun/2025:06:26:27 -0400] "GET //wp-includes/wlwmanifest.xml HTTP/1.1" 301 0 "-" "Mozilla/5.0 (Windows NT 10.0; Win64; x64) AppleWebKit/537.36 (KHTML, like Gecko) Chrome/78.0.3904.108 Safari/537.36"
143.244.57.120 - - [08/Jun/2025:06:26:28 -0400] "GET //xmlrpc.php?rsd HTTP/1.1" 200 293 "-" "Mozilla/5.0 (Windows NT 10.0; Win64; x64) AppleWebKit/537.36 (KHTML, like Gecko) Chrome/78.0.3904.108 Safari/537.36"
162.0.232.193 - - [08/Jun/2025:06:26:28 -0400] "POST /wp-admin/admin-ajax.php?action=async_litespeed&nonce=6w01GMvVeACKPz4glxeVPJ3lpC8Bfubh&litespeed_type=imgoptm HTTP/1.1" 200 5 "-" "WordPress/6.8.1; https://reversevillain.com"
143.244.57.120 - - [08/Jun/2025:06:26:28 -0400] "GET //?author=1 HTTP/1.1" 301 0 "-" "Mozilla/5.0 (Windows NT 10.0; Win64; x64) AppleWebKit/537.36 (KHTML, like Gecko) Chrome/78.0.3904.108 Safari/537.36"
162.0.232.193 - - [08/Jun/2025:06:26:29 -0400] "POST /wp-cron.php?doing_wp_cron=1749378389.1227989196777343750000 HTTP/1.1" 200 0 "-" "WordPress/6.8.1; https://reversevillain.com"
143.244.57.120 - - [08/Jun/2025:06:26:28 -0400] "GET //?author=2 HTTP/1.1" 301 0 "-" "Mozilla/5.0 (Windows NT 10.0; Win64; x64) AppleWebKit/537.36 (KHTML, like Gecko) Chrome/78.0.3904.108 Safari/537.36"
143.244.57.120 - - [08/Jun/2025:06:26:29 -0400] "GET //wp-json/wp/v2/users/ HTTP/1.1" 200 6355 "-" "Mozilla/5.0 (Windows NT 10.0; Win64; x64) AppleWebKit/537.36 (KHTML, like Gecko) Chrome/78.0.3904.108 Safari/537.36"
143.244.57.120 - - [08/Jun/2025:06:26:30 -0400] "GET //wp-json/oembed/1.0/embed?url=https://reversevillain.com/ HTTP/1.1" 200 2430 "-" "Mozilla/5.0 (Windows NT 10.0; Win64; x64) AppleWebKit/537.36 (KHTML, like Gecko) Chrome/78.0.3904.108 Safari/537.36"
143.244.57.120 - - [08/Jun/2025:06:26:30 -0400] "POST //xmlrpc.php HTTP/1.1" 200 205 "-" "Mozilla/5.0 (Windows NT 10.0; Win64; x64) AppleWebKit/537.36 (KHTML, like Gecko) Chrome/78.0.3904.108 Safari/537.36"
143.244.57.120 - - [08/Jun/2025:06:26:31 -0400] "POST //xmlrpc.php HTTP/1.1" 200 205 "-" "Mozilla/5.0 (Windows NT 10.0; Win64; x64) AppleWebKit/537.36 (KHTML, like Gecko) Chrome/78.0.3904.108 Safari/537.36"
143.244.57.120 - - [08/Jun/2025:06:26:31 -0400] "POST //xmlrpc.php HTTP/1.1" 200 205 "-" "Mozilla/5.0 (Windows NT 10.0; Win64; x64) AppleWebKit/537.36 (KHTML, like Gecko) Chrome/78.0.3904.108 Safari/537.36"
143.244.57.120 - - [08/Jun/2025:06:26:32 -0400] "POST //xmlrpc.php HTTP/1.1" 200 205 "-" "Mozilla/5.0 (Windows NT 10.0; Win64; x64) AppleWebKit/537.36 (KHTML, like Gecko) Chrome/78.0.3904.108 Safari/537.36"
143.244.57.120 - - [08/Jun/2025:06:26:32 -0400] "POST //xmlrpc.php HTTP/1.1" 200 205 "-" "Mozilla/5.0 (Windows NT 10.0; Win64; x64) AppleWebKit/537.36 (KHTML, like Gecko) Chrome/78.0.3904.108 Safari/537.36"
162.0.232.193 - - [08/Jun/2025:06:26:33 -0400] "POST /wp-cron.php?doing_wp_cron=1749378393.7936079502105712890625 HTTP/1.1" 200 0 "-" "WordPress/6.8.1; https://reversevillain.com"
143.244.57.120 - - [08/Jun/2025:06:26:32 -0400] "POST //xmlrpc.php HTTP/1.1" 200 205 "-" "Mozilla/5.0 (Windows NT 10.0; Win64; x64) AppleWebKit/537.36 (KHTML, like Gecko) Chrome/78.0.3904.108 Safari/537.36"
143.244.57.120 - - [08/Jun/2025:06:26:34 -0400] "POST //xmlrpc.php HTTP/1.1" 200 205 "-" "Mozilla/5.0 (Windows NT 10.0; Win64; x64) AppleWebKit/537.36 (KHTML, like Gecko) Chrome/78.0.3904.108 Safari/537.36"
143.244.57.120 - - [08/Jun/2025:06:26:36 -0400] "POST //xmlrpc.php HTTP/1.1" 200 205 "-" "Mozilla/5.0 (Windows NT 10.0; Win64; x64) AppleWebKit/537.36 (KHTML, like Gecko) Chrome/78.0.3904.108 Safari/537.36"
143.244.57.120 - - [08/Jun/2025:06:26:39 -0400] "POST //xmlrpc.php HTTP/1.1" 200 205 "-" "Mozilla/5.0 (Windows NT 10.0; Win64; x64) AppleWebKit/537.36 (KHTML, like Gecko) Chrome/78.0.3904.108 Safari/537.36"
143.244.57.120 - - [08/Jun/2025:06:26:43 -0400] "POST //xmlrpc.php HTTP/1.1" 200 205 "-" "Mozilla/5.0 (Windows NT 10.0; Win64; x64) AppleWebKit/537.36 (KHTML, like Gecko) Chrome/78.0.3904.108 Safari/537.36"
162.0.232.193 - - [08/Jun/2025:06:27:00 -0400] "POST /wp-cron.php?doing_wp_cron=1749378420.3123719692230224609375 HTTP/1.1" 200 0 "-" "WordPress/6.8.1; https://reversevillain.com"
143.244.57.120 - - [08/Jun/2025:06:26:48 -0400] "POST //xmlrpc.php HTTP/1.1" 200 205 "-" "Mozilla/5.0 (Windows NT 10.0; Win64; x64) AppleWebKit/537.36 (KHTML, like Gecko) Chrome/78.0.3904.108 Safari/537.36"
162.0.232.193 - - [08/Jun/2025:06:27:00 -0400] "POST /wp-admin/admin-ajax.php?action=async_litespeed&nonce=0DWmB0lswcVXWyhQNDxg4fOJlMAZ0Iy8&litespeed_type=imgoptm HTTP/1.1" 200 5 "-" "WordPress/6.8.1; https://reversevillain.com"
143.244.57.120 - - [08/Jun/2025:06:27:00 -0400] "POST //xmlrpc.php HTTP/1.1" 200 205 "-" "Mozilla/5.0 (Windows NT 10.0; Win64; x64) AppleWebKit/537.36 (KHTML, like Gecko) Chrome/78.0.3904.108 Safari/537.36"
143.244.57.120 - - [08/Jun/2025:06:27:15 -0400] "POST //xmlrpc.php HTTP/1.1" 200 205 "-" "Mozilla/5.0 (Windows NT 10.0; Win64; x64) AppleWebKit/537.36 (KHTML, like Gecko) Chrome/78.0.3904.108 Safari/537.36"
162.0.232.193 - - [08/Jun/2025:06:27:31 -0400] "POST /wp-cron.php?doing_wp_cron=1749378451.0560519695281982421875 HTTP/1.1" 200 0 "-" "WordPress/6.8.1; https://reversevillain.com"
143.244.57.120 - - [08/Jun/2025:06:27:31 -0400] "POST //xmlrpc.php HTTP/1.1" 200 205 "-" "Mozilla/5.0 (Windows NT 10.0; Win64; x64) AppleWebKit/537.36 (KHTML, like Gecko) Chrome/78.0.3904.108 Safari/537.36"
143.244.57.120 - - [08/Jun/2025:06:27:45 -0400] "POST //xmlrpc.php HTTP/1.1" 200 205 "-" "Mozilla/5.0 (Windows NT 10.0; Win64; x64) AppleWebKit/537.36 (KHTML, like Gecko) Chrome/78.0.3904.108 Safari/537.36"
143.244.57.120 - - [08/Jun/2025:06:27:50 -0400] "POST //xmlrpc.php HTTP/1.1" 200 205 "-" "Mozilla/5.0 (Windows NT 10.0; Win64; x64) AppleWebKit/537.36 (KHTML, like Gecko) Chrome/78.0.3904.108 Safari/537.36"
143.244.57.120 - - [08/Jun/2025:06:28:01 -0400] "POST //xmlrpc.php HTTP/1.1" 200 205 "-" "Mozilla/5.0 (Windows NT 10.0; Win64; x64) AppleWebKit/537.36 (KHTML, like Gecko) Chrome/78.0.3904.108 Safari/537.36"
143.244.57.120 - - [08/Jun/2025:06:28:06 -0400] "POST //xmlrpc.php HTTP/1.1" 200 205 "-" "Mozilla/5.0 (Windows NT 10.0; Win64; x64) AppleWebKit/537.36 (KHTML, like Gecko) Chrome/78.0.3904.108 Safari/537.36"
49.51.245.241 - - [08/Jun/2025:06:28:20 -0400] "GET /wp-json/oembed/1.0/embed?url=https%3A%2F%2Freversevillain.com%2Freverse-villain-chapter-38%2F&format=xml HTTP/1.1" 200 1119 "-" "Mozilla/5.0 (iPhone; CPU iPhone OS 13_2_3 like Mac OS X) AppleWebKit/605.1.15 (KHTML, like Gecko) Version/13.0.3 Mobile/15E148 Safari/604.1"
162.0.232.193 - - [08/Jun/2025:06:29:40 -0400] "POST /wp-cron.php?doing_wp_cron=1749378580.1101560592651367187500 HTTP/1.1" 200 0 "-" "WordPress/6.8.1; https://reversevillain.com"
89.233.105.203 - - [08/Jun/2025:06:29:39 -0400] "POST /xmlrpc.php HTTP/1.1" 200 205 "-" "Mozilla/5.0 (X11; Ubuntu; Linux x86_64; rv:85.0) Gecko/20100101 Firefox/91.0"
162.0.232.193 - - [08/Jun/2025:06:29:40 -0400] "POST /wp-admin/admin-ajax.php?action=async_litespeed&nonce=HraLisLWNQGGNJCVU521F1MmxolfGXI0&litespeed_type=imgoptm HTTP/1.1" 200 5 "-" "WordPress/6.8.1; https://reversevillain.com"
162.0.232.193 - - [08/Jun/2025:06:31:29 -0400] "POST /wp-cron.php?doing_wp_cron=1749378689.0407640933990478515625 HTTP/1.1" 200 0 "-" "WordPress/6.8.1; https://reversevillain.com"
40.77.167.64 - - [08/Jun/2025:06:31:27 -0400] "GET /?s=2024 HTTP/1.1" 200 8340 "-" "Mozilla/5.0 AppleWebKit/537.36 (KHTML, like Gecko; compatible; bingbot/2.0; +http://www.bing.com/bingbot.htm) Chrome/116.0.1938.76 Safari/537.36"
162.0.232.193 - - [08/Jun/2025:06:31:29 -0400] "POST /wp-admin/admin-ajax.php?action=async_litespeed&nonce=FYI8lT4aW6MGRPGwucyzFLPxsSYaEzXY&litespeed_type=imgoptm HTTP/1.1" 200 5 "-" "WordPress/6.8.1; https://reversevillain.com"
52.167.144.214 - - [08/Jun/2025:06:32:23 -0400] "GET /i-was-the-final-boss-chapter-31/ HTTP/1.1" 301 0 "-" "Mozilla/5.0 AppleWebKit/537.36 (KHTML, like Gecko; compatible; bingbot/2.0; +http://www.bing.com/bingbot.htm) Chrome/116.0.1938.76 Safari/537.36"
162.0.232.193 - - [08/Jun/2025:06:35:26 -0400] "POST /wp-cron.php?doing_wp_cron=1749378926.5820600986480712890625 HTTP/1.1" 200 0 "-" "WordPress/6.8.1; https://reversevillain.com"
81.88.53.143 - - [08/Jun/2025:06:35:25 -0400] "POST /xmlrpc.php HTTP/1.1" 200 186 "https://reversevillain.com" "Mozilla/5.0 (Macintosh; Intel Mac OS X 10_15_7; rv:125.0.1) Gecko/20100101 Firefox/125.0.1"
162.0.232.193 - - [08/Jun/2025:06:35:27 -0400] "POST /wp-admin/admin-ajax.php?action=async_litespeed&nonce=UdQxWWBucnpt22qa14HEXiXsPdMaCc1Z&litespeed_type=imgoptm HTTP/1.1" 200 5 "-" "WordPress/6.8.1; https://reversevillain.com"
81.88.53.143 - - [08/Jun/2025:06:35:27 -0400] "POST /wp-login.php HTTP/1.1" 200 2144 "https://reversevillain.com" "Mozilla/5.0 (Macintosh; Intel Mac OS X 14.5) AppleWebKit/618.3.5 (KHTML, like Gecko) Version/17.4 Safari/618.3.5"
162.0.232.193 - - [08/Jun/2025:06:37:12 -0400] "POST /wp-cron.php?doing_wp_cron=1749379031.8155159950256347656250 HTTP/1.1" 200 0 "-" "WordPress/6.8.1; https://reversevillain.com"
47.128.121.65 - - [08/Jun/2025:06:37:10 -0400] "GET /her-bucket-list-chapter-1/ HTTP/1.1" 301 0 "-" "Mozilla/5.0 (Linux; Android 5.0) AppleWebKit/537.36 (KHTML, like Gecko) Mobile Safari/537.36 (compatible; TikTokSpider; [email protected])"
47.128.121.65 - - [08/Jun/2025:06:37:12 -0400] "GET / HTTP/1.1" 200 9390 "-" "Mozilla/5.0 (Linux; Android 5.0) AppleWebKit/537.36 (KHTML, like Gecko) Mobile Safari/537.36 (compatible; TikTokSpider; [email protected])"
43.157.153.236 - - [08/Jun/2025:06:35:44 -0400] "GET /reverse-villain-chapter-38/feed/ HTTP/1.1" 200 1417 "-" "Mozilla/5.0 (iPhone; CPU iPhone OS 13_2_3 like Mac OS X) AppleWebKit/605.1.15 (KHTML, like Gecko) Version/13.0.3 Mobile/15E148 Safari/604.1"
2401:4900:5f3c:ab45:bdb2:d259:472a:47d5 - - [08/Jun/2025:06:37:49 -0400] "GET /wp-content/uploads/2024/02/Reverse_Villain.webp HTTP/1.1" 200 149800 "-" "Mozilla/5.0 (X11; Linux x86_64) AppleWebKit/537.36 (KHTML, like Gecko) Chrome/135.0.0.0 Safari/537.36 OPR/121.0.0.0"
40.77.167.64 - - [08/Jun/2025:06:38:00 -0400] "GET /hajimete-no-gal-chapter-167/ HTTP/1.1" 301 0 "-" "Mozilla/5.0 AppleWebKit/537.36 (KHTML, like Gecko; compatible; bingbot/2.0; +http://www.bing.com/bingbot.htm) Chrome/116.0.1938.76 Safari/537.36"
47.128.40.201 - - [08/Jun/2025:06:39:26 -0400] "GET / HTTP/1.1" 200 9390 "-" "Mozilla/5.0 (Linux; Android 5.0) AppleWebKit/537.36 (KHTML, like Gecko) Mobile Safari/537.36 (compatible; Bytespider; [email protected])"
162.0.232.193 - - [08/Jun/2025:06:39:52 -0400] "POST /wp-cron.php?doing_wp_cron=1749379192.0748770236968994140625 HTTP/1.1" 200 0 "-" "WordPress/6.8.1; https://reversevillain.com"
40.77.167.64 - - [08/Jun/2025:06:39:50 -0400] "GET /shindou-sephilia-no-gekokujou-program-chapter-34/ HTTP/1.1" 301 0 "-" "Mozilla/5.0 AppleWebKit/537.36 (KHTML, like Gecko; compatible; bingbot/2.0; +http://www.bing.com/bingbot.htm) Chrome/116.0.1938.76 Safari/537.36"
162.0.232.193 - - [08/Jun/2025:06:39:52 -0400] "POST /wp-admin/admin-ajax.php?action=async_litespeed&nonce=yCpWCX03jHXe5vpovGVVbIsxFsK4GbYK&litespeed_type=imgoptm HTTP/1.1" 200 5 "-" "WordPress/6.8.1; https://reversevillain.com"
107.174.224.18 - - [08/Jun/2025:06:41:38 -0400] "GET / HTTP/1.1" 200 9390 "http://reversevillain.com/" "Mozilla/5.0"
47.128.50.40 - - [08/Jun/2025:06:41:54 -0400] "GET / HTTP/1.1" 200 9390 "-" "Mozilla/5.0 (Linux; Android 5.0) AppleWebKit/537.36 (KHTML, like Gecko) Mobile Safari/537.36 (compatible; Bytespider; [email protected])"
43.133.220.37 - - [08/Jun/2025:06:45:52 -0400] "GET /reverse-villain-chapter-54/ HTTP/1.1" 200 9947 "-" "Mozilla/5.0 (iPhone; CPU iPhone OS 13_2_3 like Mac OS X) AppleWebKit/605.1.15 (KHTML, like Gecko) Version/13.0.3 Mobile/15E148 Safari/604.1"
162.0.232.193 - - [08/Jun/2025:06:46:13 -0400] "POST /wp-cron.php?doing_wp_cron=1749379573.7469530105590820312500 HTTP/1.1" 200 0 "-" "WordPress/6.8.1; https://reversevillain.com"
47.128.121.155 - - [08/Jun/2025:06:46:12 -0400] "GET /r15-ja-dame-desu-ka-chapter-15/ HTTP/1.1" 301 0 "-" "Mozilla/5.0 (Linux; Android 5.0) AppleWebKit/537.36 (KHTML, like Gecko) Mobile Safari/537.36 (compatible; TikTokSpider; [email protected])"
47.128.121.155 - - [08/Jun/2025:06:46:14 -0400] "GET / HTTP/1.1" 200 9390 "-" "Mozilla/5.0 (Linux; Android 5.0) AppleWebKit/537.36 (KHTML, like Gecko) Mobile Safari/537.36 (compatible; TikTokSpider; [email protected])"
162.0.232.193 - - [08/Jun/2025:06:52:21 -0400] "POST /wp-cron.php?doing_wp_cron=1749379941.5284519195556640625000 HTTP/1.1" 200 0 "-" "WordPress/6.8.1; https://reversevillain.com"
40.77.167.55 - - [08/Jun/2025:06:52:20 -0400] "GET /the-build-up-chapter-122/ HTTP/1.1" 301 0 "-" "Mozilla/5.0 AppleWebKit/537.36 (KHTML, like Gecko; compatible; bingbot/2.0; +http://www.bing.com/bingbot.htm) Chrome/116.0.1938.76 Safari/537.36"
162.0.232.193 - - [08/Jun/2025:06:52:22 -0400] "POST /wp-admin/admin-ajax.php?action=async_litespeed&nonce=pJ220Ok52YNGjS9U268HfbuEAt8PTkJB&litespeed_type=imgoptm HTTP/1.1" 200 5 "-" "WordPress/6.8.1; https://reversevillain.com"
162.0.232.193 - - [08/Jun/2025:06:55:08 -0400] "POST /wp-cron.php?doing_wp_cron=1749380108.4794790744781494140625 HTTP/1.1" 200 0 "-" "WordPress/6.8.1; https://reversevillain.com"
52.167.144.156 - - [08/Jun/2025:06:55:06 -0400] "GET /risou-no-seijo-zannen-nise-seijo-deshita-kuso-of-the-year-to-yobareta-akuyaku-ni-tensei-shita-nda-ga-chapter-21-2/ HTTP/1.1" 301 0 "-" "Mozilla/5.0 AppleWebKit/537.36 (KHTML, like Gecko; compatible; bingbot/2.0; +http://www.bing.com/bingbot.htm) Chrome/116.0.1938.76 Safari/537.36"
2a02:598:64:8a00::3100:a - - [08/Jun/2025:06:55:42 -0400] "GET /reverse-villain-chapter-97/ HTTP/1.1" 200 9596 "-" "Mozilla/5.0 (compatible; SeznamBot/4.0; +https://o-seznam.cz/napoveda/vyhledavani/en/seznambot-crawler/)"
162.0.232.193 - - [08/Jun/2025:06:57:01 -0400] "POST /wp-cron.php?doing_wp_cron=1749380221.3893809318542480468750 HTTP/1.1" 200 0 "-" "WordPress/6.8.1; https://reversevillain.com"
51.178.45.73 - - [08/Jun/2025:06:57:01 -0400] "POST /xmlrpc.php HTTP/1.1" 200 186 "https://reversevillain.com" "Mozilla/5.0 (Windows NT 10.0; Win64; x64) AppleWebKit/537.36 (KHTML, like Gecko) Chrome/126.0.0.0 Safari/537.36"
51.178.45.73 - - [08/Jun/2025:06:57:02 -0400] "POST /wp-login.php HTTP/1.1" 200 2144 "https://reversevillain.com" "Mozilla/5.0 (Windows NT 10.0; Win64; x64) AppleWebKit/537.36 (KHTML, like Gecko) Chrome/116.0.5845.96 Safari/537.36 Edg/116.0.1938.62"
162.0.232.193 - - [08/Jun/2025:06:57:11 -0400] "POST /wp-admin/admin-ajax.php?action=async_litespeed&nonce=OaPChQVY1ohX2KcgKtS6GYy0MuLcFeTv&litespeed_type=imgoptm HTTP/1.1" 200 5 "-" "WordPress/6.8.1; https://reversevillain.com"
43.166.134.47 - - [08/Jun/2025:06:57:53 -0400] "GET /?p=1506 HTTP/1.1" 301 0 "-" "Mozilla/5.0 (iPhone; CPU iPhone OS 13_2_3 like Mac OS X) AppleWebKit/605.1.15 (KHTML, like Gecko) Version/13.0.3 Mobile/15E148 Safari/604.1"
43.166.134.47 - - [08/Jun/2025:06:57:58 -0400] "GET /reverse-villain-chapter-47/ HTTP/1.1" 200 9945 "https://reversevillain.com/?p=1506" "Mozilla/5.0 (iPhone; CPU iPhone OS 13_2_3 like Mac OS X) AppleWebKit/605.1.15 (KHTML, like Gecko) Version/13.0.3 Mobile/15E148 Safari/604.1"
162.0.232.193 - - [08/Jun/2025:06:58:12 -0400] "POST /wp-cron.php?doing_wp_cron=1749380292.7237250804901123046875 HTTP/1.1" 200 0 "-" "WordPress/6.8.1; https://reversevillain.com"
2400:d860:0:7:20c:29ff:feea:d438 - - [08/Jun/2025:06:58:12 -0400] "POST /xmlrpc.php HTTP/1.1" 200 205 "-" "Mozilla/5.0 (X11; Ubuntu; Linux x86_64; rv:85.0) Gecko/20100101 Firefox/91.0"
162.0.232.193 - - [08/Jun/2025:06:58:13 -0400] "POST /wp-admin/admin-ajax.php?action=async_litespeed&nonce=CS9yrawx3gR1TAzMb3LVPTZeHpEplNne&litespeed_type=imgoptm HTTP/1.1" 200 5 "-" "WordPress/6.8.1; https://reversevillain.com"
162.0.232.193 - - [08/Jun/2025:06:59:58 -0400] "POST /wp-cron.php?doing_wp_cron=1749380398.0189990997314453125000 HTTP/1.1" 200 0 "-" "WordPress/6.8.1; https://reversevillain.com"
40.77.167.55 - - [08/Jun/2025:06:59:56 -0400] "GET /dosanko-gal-wa-namara-menkoi-chapter-105/ HTTP/1.1" 301 0 "-" "Mozilla/5.0 AppleWebKit/537.36 (KHTML, like Gecko; compatible; bingbot/2.0; +http://www.bing.com/bingbot.htm) Chrome/116.0.1938.76 Safari/537.36"
2001:41d0:303:34ec::1 - - [08/Jun/2025:07:00:06 -0400] "GET /robots.txt HTTP/1.1" 200 113 "-" "Mozilla/5.0 (compatible; MJ12bot/v1.4.8; http://mj12bot.com/)"
2001:41d0:303:34ec::1 - - [08/Jun/2025:07:00:12 -0400] "GET /kami-kuzu%E2%98%86idol-chapter-37/ HTTP/1.1" 301 0 "-" "Mozilla/5.0 (compatible; MJ12bot/v1.4.8; http://mj12bot.com/)"
2001:41d0:303:34ec::1 - - [08/Jun/2025:07:00:20 -0400] "GET / HTTP/1.1" 200 9390 "-" "Mozilla/5.0 (compatible; MJ12bot/v1.4.8; http://mj12bot.com/)"
2001:41d0:303:34ec::1 - - [08/Jun/2025:07:00:25 -0400] "GET /kami-kuzu%E2%98%86idol-chapter-37/feed/ HTTP/1.1" 301 0 "-" "Mozilla/5.0 (compatible; MJ12bot/v1.4.8; http://mj12bot.com/)"
95.108.213.152 - - [08/Jun/2025:07:00:26 -0400] "GET /doom-breaker-chapter-68/ HTTP/1.1" 301 0 "-" "Mozilla/5.0 (compatible; YandexBot/3.0; +http://yandex.com/bots)"
2001:41d0:303:34ec::1 - - [08/Jun/2025:07:00:31 -0400] "GET / HTTP/1.1" 200 9390 "-" "Mozilla/5.0 (compatible; MJ12bot/v1.4.8; http://mj12bot.com/)"
2001:41d0:303:34ec::1 - - [08/Jun/2025:07:00:38 -0400] "GET /koushinchou-kouhai-%E2%99%80-to-teishinchou-senpai-%E2%99%82-ga-renai-ni-hattensuru-made-chapter-1/feed/ HTTP/1.1" 301 0 "-" "Mozilla/5.0 (compatible; MJ12bot/v1.4.8; http://mj12bot.com/)"
87.250.224.45 - - [08/Jun/2025:07:00:41 -0400] "GET / HTTP/1.1" 200 9390 "-" "Mozilla/5.0 (compatible; YandexBot/3.0; +http://yandex.com/bots)"
2001:41d0:303:34ec::1 - - [08/Jun/2025:07:00:46 -0400] "GET / HTTP/1.1" 200 9390 "-" "Mozilla/5.0 (compatible; MJ12bot/v1.4.8; http://mj12bot.com/)"
2001:41d0:303:34ec::1 - - [08/Jun/2025:07:00:53 -0400] "GET /koushinchou-kouhai-%E2%99%80-to-teishinchou-senpai-%E2%99%82-ga-renai-ni-hattensuru-made-chapter-1/ HTTP/1.1" 301 0 "-" "Mozilla/5.0 (compatible; MJ12bot/v1.4.8; http://mj12bot.com/)"
2001:41d0:303:34ec::1 - - [08/Jun/2025:07:01:05 -0400] "GET / HTTP/1.1" 200 9390 "-" "Mozilla/5.0 (compatible; MJ12bot/v1.4.8; http://mj12bot.com/)"
162.0.232.193 - - [08/Jun/2025:07:01:13 -0400] "POST /wp-cron.php?doing_wp_cron=1749380472.5912768840789794921875 HTTP/1.1" 200 0 "-" "WordPress/6.8.1; https://reversevillain.com"
2001:41d0:303:34ec::1 - - [08/Jun/2025:07:01:12 -0400] "GET /moto-sh%D0%BEugun-no-undead-knight-chapter-22/ HTTP/1.1" 301 0 "-" "Mozilla/5.0 (compatible; MJ12bot/v1.4.8; http://mj12bot.com/)"
162.0.232.193 - - [08/Jun/2025:07:01:13 -0400] "POST /wp-admin/admin-ajax.php?action=async_litespeed&nonce=Z6ZPWiDWUY2ex9ruocRKJXw8VkvVe0kp&litespeed_type=imgoptm HTTP/1.1" 200 5 "-" "WordPress/6.8.1; https://reversevillain.com"
2001:41d0:303:34ec::1 - - [08/Jun/2025:07:01:20 -0400] "GET / HTTP/1.1" 200 9390 "-" "Mozilla/5.0 (compatible; MJ12bot/v1.4.8; http://mj12bot.com/)"
2001:41d0:303:34ec::1 - - [08/Jun/2025:07:01:25 -0400] "GET /moto-sh%D0%BEugun-no-undead-knight-chapter-22/feed/ HTTP/1.1" 301 0 "-" "Mozilla/5.0 (compatible; MJ12bot/v1.4.8; http://mj12bot.com/)"
2001:41d0:303:34ec::1 - - [08/Jun/2025:07:01:36 -0400] "GET / HTTP/1.1" 200 9390 "-" "Mozilla/5.0 (compatible; MJ12bot/v1.4.8; http://mj12bot.com/)"
162.0.232.193 - - [08/Jun/2025:07:01:45 -0400] "POST /wp-cron.php?doing_wp_cron=1749380504.9037730693817138671875 HTTP/1.1" 200 0 "-" "WordPress/6.8.1; https://reversevillain.com"
2001:41d0:303:34ec::1 - - [08/Jun/2025:07:01:44 -0400] "GET /moto-sh%D0%BEugun-no-undead-knight-chapter-23/ HTTP/1.1" 301 0 "-" "Mozilla/5.0 (compatible; MJ12bot/v1.4.8; http://mj12bot.com/)"
2001:41d0:303:34ec::1 - - [08/Jun/2025:07:01:50 -0400] "GET / HTTP/1.1" 200 9390 "-" "Mozilla/5.0 (compatible; MJ12bot/v1.4.8; http://mj12bot.com/)"
2001:41d0:303:34ec::1 - - [08/Jun/2025:07:01:56 -0400] "GET /moto-sh%D0%BEugun-no-undead-knight-chapter-23/feed/ HTTP/1.1" 301 0 "-" "Mozilla/5.0 (compatible; MJ12bot/v1.4.8; http://mj12bot.com/)"
2001:41d0:303:34ec::1 - - [08/Jun/2025:07:02:06 -0400] "GET / HTTP/1.1" 200 9390 "-" "Mozilla/5.0 (compatible; MJ12bot/v1.4.8; http://mj12bot.com/)"
2001:41d0:303:34ec::1 - - [08/Jun/2025:07:02:10 -0400] "GET /yu%E2%98%86gi%E2%98%86oh-ocg-structures-chapter-25/ HTTP/1.1" 301 0 "-" "Mozilla/5.0 (compatible; MJ12bot/v1.4.8; http://mj12bot.com/)"
2001:41d0:303:34ec::1 - - [08/Jun/2025:07:02:20 -0400] "GET / HTTP/1.1" 200 9390 "-" "Mozilla/5.0 (compatible; MJ12bot/v1.4.8; http://mj12bot.com/)"
40.77.167.42 - - [08/Jun/2025:07:02:23 -0400] "GET /daija-ni-totsuida-musume-chapter-29/ HTTP/1.1" 301 0 "-" "Mozilla/5.0 AppleWebKit/537.36 (KHTML, like Gecko; compatible; bingbot/2.0; +http://www.bing.com/bingbot.htm) Chrome/116.0.1938.76 Safari/537.36"
2001:41d0:303:34ec::1 - - [08/Jun/2025:07:02:23 -0400] "GET /yu%E2%98%86gi%E2%98%86oh-ocg-structures-chapter-29/feed/ HTTP/1.1" 301 0 "-" "Mozilla/5.0 (compatible; MJ12bot/v1.4.8; http://mj12bot.com/)"
2001:41d0:303:34ec::1 - - [08/Jun/2025:07:02:32 -0400] "GET / HTTP/1.1" 200 9390 "-" "Mozilla/5.0 (compatible; MJ12bot/v1.4.8; http://mj12bot.com/)"
2001:41d0:303:34ec::1 - - [08/Jun/2025:07:02:37 -0400] "GET /yu%E2%98%86gi%E2%98%86oh-ocg-structures-chapter-29/ HTTP/1.1" 301 0 "-" "Mozilla/5.0 (compatible; MJ12bot/v1.4.8; http://mj12bot.com/)"
2001:41d0:303:34ec::1 - - [08/Jun/2025:07:02:44 -0400] "GET / HTTP/1.1" 200 9390 "-" "Mozilla/5.0 (compatible; MJ12bot/v1.4.8; http://mj12bot.com/)"
2001:d08:2920:c94b:1847:bd0:f271:314 - - [08/Jun/2025:07:03:49 -0400] "GET /wp-content/uploads/2024/02/9241cb9aeeaab1cd315f26ebf3104065-522x1024.jpg HTTP/1.1" 200 74937 "-" "com.google.android.apps.searchlite/1056791 (Linux; U; Android 13; ms_MY; 23028RNCAG; Build/TP1A.220624.014; Cronet/136.0.7091.2)"
162.0.232.193 - - [08/Jun/2025:07:05:50 -0400] "POST /wp-cron.php?doing_wp_cron=1749380750.1083710193634033203125 HTTP/1.1" 200 0 "-" "WordPress/6.8.1; https://reversevillain.com"
66.249.72.204 - - [08/Jun/2025:07:05:48 -0400] "GET /reverse-villain-chapter-95/ HTTP/1.1" 200 9616 "-" "Mozilla/5.0 (Linux; Android 6.0.1; Nexus 5X Build/MMB29P) AppleWebKit/537.36 (KHTML, like Gecko) Chrome/136.0.7103.113 Mobile Safari/537.36 (compatible; Googlebot/2.1; +http://www.google.com/bot.html)"
162.0.232.193 - - [08/Jun/2025:07:05:50 -0400] "POST /wp-admin/admin-ajax.php?action=async_litespeed&nonce=aSdTFUFsxMLqtesEf7a9fN7PVEmdoZvC&litespeed_type=imgoptm HTTP/1.1" 200 5 "-" "WordPress/6.8.1; https://reversevillain.com"
162.0.232.193 - - [08/Jun/2025:07:08:58 -0400] "POST /wp-cron.php?doing_wp_cron=1749380938.1143939495086669921875 HTTP/1.1" 200 0 "-" "WordPress/6.8.1; https://reversevillain.com"
47.128.16.118 - - [08/Jun/2025:07:08:56 -0400] "GET /shounen-no-abyss-chapter-164/ HTTP/1.1" 301 0 "-" "Mozilla/5.0 (Linux; Android 5.0) AppleWebKit/537.36 (KHTML, like Gecko) Mobile Safari/537.36 (compatible; TikTokSpider; [email protected])"
47.128.16.118 - - [08/Jun/2025:07:08:58 -0400] "GET / HTTP/1.1" 200 9390 "-" "Mozilla/5.0 (Linux; Android 5.0) AppleWebKit/537.36 (KHTML, like Gecko) Mobile Safari/537.36 (compatible; TikTokSpider; [email protected])"
2402:8100:273b:7e59:5f0d:c6c2:7d0e:f485 - - [08/Jun/2025:07:11:29 -0400] "GET / HTTP/1.1" 200 9390 "https://www.google.com/" "Mozilla/5.0 (Linux; Android 10; K) AppleWebKit/537.36 (KHTML, like Gecko) Chrome/135.0.0.0 Mobile Safari/537.36"
2402:8100:273b:7e59:5f0d:c6c2:7d0e:f485 - - [08/Jun/2025:07:11:30 -0400] "GET /wp-content/uploads/2024/02/9241cb9aeeaab1cd315f26ebf3104065.jpg HTTP/1.1" 200 119521 "https://reversevillain.com/" "Mozilla/5.0 (Linux; Android 10; K) AppleWebKit/537.36 (KHTML, like Gecko) Chrome/135.0.0.0 Mobile Safari/537.36"
2402:8100:273b:7e59:5f0d:c6c2:7d0e:f485 - - [08/Jun/2025:07:11:31 -0400] "GET /wp-content/uploads/2024/02/cropped-118593-t1amacrCPDMv.webp HTTP/1.1" 200 88048 "https://reversevillain.com/" "Mozilla/5.0 (Linux; Android 10; K) AppleWebKit/537.36 (KHTML, like Gecko) Chrome/135.0.0.0 Mobile Safari/537.36"
162.0.232.193 - - [08/Jun/2025:07:12:11 -0400] "POST /wp-cron.php?doing_wp_cron=1749381131.1278860569000244140625 HTTP/1.1" 200 0 "-" "WordPress/6.8.1; https://reversevillain.com"
77.23.80.53 - - [08/Jun/2025:07:12:09 -0400] "GET /wp-content/uploads/2022/02/cropped-download-180x180.jpeg HTTP/1.1" 301 0 "-" "Dalvik/2.1.0 (Linux; U; Android 14; SM-A556B Build/UP1A.231005.007)"
162.0.232.193 - - [08/Jun/2025:07:12:11 -0400] "POST /wp-admin/admin-ajax.php?action=async_litespeed&nonce=bZAGW5xgq1CFpQsGFMziP9wv10leQnuG&litespeed_type=imgoptm HTTP/1.1" 200 5 "-" "WordPress/6.8.1; https://reversevillain.com"
77.23.80.53 - - [08/Jun/2025:07:12:12 -0400] "GET / HTTP/1.1" 200 9390 "-" "Dalvik/2.1.0 (Linux; U; Android 14; SM-A556B Build/UP1A.231005.007)"
162.0.232.193 - - [08/Jun/2025:07:13:29 -0400] "POST /wp-cron.php?doing_wp_cron=1749381209.0678410530090332031250 HTTP/1.1" 200 0 "-" "WordPress/6.8.1; https://reversevillain.com"
47.128.121.104 - - [08/Jun/2025:07:13:28 -0400] "GET /tomodachi-game-chapter-110/ HTTP/1.1" 301 0 "-" "Mozilla/5.0 (Linux; Android 5.0) AppleWebKit/537.36 (KHTML, like Gecko) Mobile Safari/537.36 (compatible; TikTokSpider; [email protected])"
47.128.121.104 - - [08/Jun/2025:07:13:29 -0400] "GET / HTTP/1.1" 200 9390 "-" "Mozilla/5.0 (Linux; Android 5.0) AppleWebKit/537.36 (KHTML, like Gecko) Mobile Safari/537.36 (compatible; TikTokSpider; [email protected])"
162.0.232.193 - - [08/Jun/2025:07:13:29 -0400] "POST /wp-admin/admin-ajax.php?action=async_litespeed&nonce=8wkClEUfv3t5BU6zP8DKhEgciXYxK1BH&litespeed_type=imgoptm HTTP/1.1" 200 5 "-" "WordPress/6.8.1; https://reversevillain.com"
162.0.232.193 - - [08/Jun/2025:07:13:53 -0400] "POST /wp-cron.php?doing_wp_cron=1749381233.3129489421844482421875 HTTP/1.1" 200 0 "-" "WordPress/6.8.1; https://reversevillain.com"
52.167.144.17 - - [08/Jun/2025:07:13:53 -0400] "GET /mokushiroku-no-yonkishi-chapter-128/ HTTP/1.1" 301 0 "-" "Mozilla/5.0 AppleWebKit/537.36 (KHTML, like Gecko; compatible; bingbot/2.0; +http://www.bing.com/bingbot.htm) Chrome/116.0.1938.76 Safari/537.36"
162.0.232.193 - - [08/Jun/2025:07:13:53 -0400] "POST /wp-admin/admin-ajax.php?action=async_litespeed&nonce=xwsm3ZpIYRESJcTLhkfZ026YK6e52XDG&litespeed_type=imgoptm HTTP/1.1" 200 5 "-" "WordPress/6.8.1; https://reversevillain.com"
162.0.232.193 - - [08/Jun/2025:07:14:31 -0400] "POST /wp-cron.php?doing_wp_cron=1749381271.2277610301971435546875 HTTP/1.1" 200 0 "-" "WordPress/6.8.1; https://reversevillain.com"
47.128.122.128 - - [08/Jun/2025:07:14:30 -0400] "GET /revenge-of-the-iron-blooded-sword-hound-chapter-54/ HTTP/1.1" 301 0 "-" "Mozilla/5.0 (Linux; Android 5.0) AppleWebKit/537.36 (KHTML, like Gecko) Mobile Safari/537.36 (compatible; TikTokSpider; [email protected])"
47.128.122.128 - - [08/Jun/2025:07:14:31 -0400] "GET / HTTP/1.1" 200 9390 "-" "Mozilla/5.0 (Linux; Android 5.0) AppleWebKit/537.36 (KHTML, like Gecko) Mobile Safari/537.36 (compatible; TikTokSpider; [email protected])"
162.0.232.193 - - [08/Jun/2025:07:16:34 -0400] "POST /wp-cron.php?doing_wp_cron=1749381394.7880780696868896484375 HTTP/1.1" 200 0 "-" "WordPress/6.8.1; https://reversevillain.com"
52.167.144.17 - - [08/Jun/2025:07:16:33 -0400] "GET /amachin-wa-jishou-chapter-49/ HTTP/1.1" 301 0 "-" "Mozilla/5.0 AppleWebKit/537.36 (KHTML, like Gecko; compatible; bingbot/2.0; +http://www.bing.com/bingbot.htm) Chrome/116.0.1938.76 Safari/537.36"
162.0.232.193 - - [08/Jun/2025:07:16:35 -0400] "POST /wp-admin/admin-ajax.php?action=async_litespeed&nonce=g9Xz6rZcSKa3V6xdnttxY8FKyFhesbSj&litespeed_type=imgoptm HTTP/1.1" 200 5 "-" "WordPress/6.8.1; https://reversevillain.com"
47.128.122.124 - - [08/Jun/2025:07:17:03 -0400] "GET /men-of-the-harem-chapter-124/ HTTP/1.1" 301 0 "-" "Mozilla/5.0 (Linux; Android 5.0) AppleWebKit/537.36 (KHTML, like Gecko) Mobile Safari/537.36 (compatible; TikTokSpider; [email protected])"
47.128.122.124 - - [08/Jun/2025:07:17:04 -0400] "GET / HTTP/1.1" 200 9390 "-" "Mozilla/5.0 (Linux; Android 5.0) AppleWebKit/537.36 (KHTML, like Gecko) Mobile Safari/537.36 (compatible; TikTokSpider; [email protected])"
152.228.220.143 - - [08/Jun/2025:07:17:53 -0400] "GET /comments/feed/ HTTP/1.1" 200 1384 "-" "Mozilla/5.0 (X11; Linux i686) AppleWebKit/537.36 (KHTML, like Gecko) Chrome/30.0.1599.66 Safari/537.36"
162.0.232.193 - - [08/Jun/2025:07:18:55 -0400] "POST /wp-cron.php?doing_wp_cron=1749381535.2022149562835693359375 HTTP/1.1" 200 0 "-" "WordPress/6.8.1; https://reversevillain.com"
107.172.243.11 - - [08/Jun/2025:07:18:54 -0400] "POST /xmlrpc.php HTTP/1.1" 200 186 "https://reversevillain.com" "Mozilla/5.0 (Macintosh; Intel Mac OS X 10_15_7) AppleWebKit/537.36 (KHTML, like Gecko) Chrome/126.0.0.0 Safari/537.36"
162.0.232.193 - - [08/Jun/2025:07:18:55 -0400] "POST /wp-admin/admin-ajax.php?action=async_litespeed&nonce=tXOSUEh9Cpd8QTTNS4P2SyrcfYqD117V&litespeed_type=imgoptm HTTP/1.1" 200 5 "-" "WordPress/6.8.1; https://reversevillain.com"
107.172.243.11 - - [08/Jun/2025:07:18:55 -0400] "POST /wp-login.php HTTP/1.1" 200 2144 "https://reversevillain.com" "Mozilla/5.0 (Macintosh; Intel Mac OS X 14_6) AppleWebKit/605.1.15 (KHTML, like Gecko) Version/17.5 Safari/605.1.15"
2001:4860:7:811::f9 - - [08/Jun/2025:07:19:00 -0400] "GET / HTTP/1.1" 200 9390 "https://www.google.com/" "Mozilla/5.0 (Windows NT 10.0; Win64; x64) AppleWebKit/537.36 (KHTML, like Gecko) Chrome/137.0.0.0 Safari/537.36"
64.233.173.238 - - [08/Jun/2025:07:19:00 -0400] "GET /.well-known/traffic-advice HTTP/1.1" 301 0 "-" "Chrome Privacy Preserving Prefetch Proxy"
162.0.232.193 - - [08/Jun/2025:07:24:01 -0400] "POST /wp-cron.php?doing_wp_cron=1749381841.1299850940704345703125 HTTP/1.1" 200 0 "-" "WordPress/6.8.1; https://reversevillain.com"
43.133.62.221 - - [08/Jun/2025:07:23:59 -0400] "GET /manga/im-really-not-a-supervillain-chapter-205/ HTTP/1.1" 200 12963 "https://google.com" "Mozilla/5.0 (Windows NT 10.0; Win64; x64) AppleWebKit/537.36 (KHTML, like Gecko) Chrome/104.0.0.0 Safari/537.36"
162.0.232.193 - - [08/Jun/2025:07:25:33 -0400] "POST /wp-cron.php?doing_wp_cron=1749381933.3376779556274414062500 HTTP/1.1" 200 0 "-" "WordPress/6.8.1; https://reversevillain.com"
47.128.121.115 - - [08/Jun/2025:07:25:33 -0400] "GET /the-espers-game-chapter-68/ HTTP/1.1" 301 0 "-" "Mozilla/5.0 (Linux; Android 5.0) AppleWebKit/537.36 (KHTML, like Gecko) Mobile Safari/537.36 (compatible; TikTokSpider; [email protected])"
47.128.121.115 - - [08/Jun/2025:07:25:33 -0400] "GET / HTTP/1.1" 200 9390 "-" "Mozilla/5.0 (Linux; Android 5.0) AppleWebKit/537.36 (KHTML, like Gecko) Mobile Safari/537.36 (compatible; TikTokSpider; [email protected])"
162.0.232.193 - - [08/Jun/2025:07:25:33 -0400] "POST /wp-admin/admin-ajax.php?action=async_litespeed&nonce=o7DIxvyv0A1unSjX0XtviyBosuzd7p40&litespeed_type=imgoptm HTTP/1.1" 200 5 "-" "WordPress/6.8.1; https://reversevillain.com"
162.0.232.193 - - [08/Jun/2025:07:27:15 -0400] "POST /wp-cron.php?doing_wp_cron=1749382035.0230090618133544921875 HTTP/1.1" 200 0 "-" "WordPress/6.8.1; https://reversevillain.com"
47.128.121.173 - - [08/Jun/2025:07:27:14 -0400] "GET /isekai-kenkokuki-chapter-64/ HTTP/1.1" 301 0 "-" "Mozilla/5.0 (Linux; Android 5.0) AppleWebKit/537.36 (KHTML, like Gecko) Mobile Safari/537.36 (compatible; TikTokSpider; [email protected])"
47.128.121.173 - - [08/Jun/2025:07:27:15 -0400] "GET / HTTP/1.1" 200 9390 "-" "Mozilla/5.0 (Linux; Android 5.0) AppleWebKit/537.36 (KHTML, like Gecko) Mobile Safari/537.36 (compatible; TikTokSpider; [email protected])"
162.0.232.193 - - [08/Jun/2025:07:27:15 -0400] "POST /wp-admin/admin-ajax.php?action=async_litespeed&nonce=Gy2ZI0WBqzxrKdMGUTapE8FE35XmVH1g&litespeed_type=imgoptm HTTP/1.1" 200 5 "-" "WordPress/6.8.1; https://reversevillain.com"
2401:c080:1400:6663:5400:5ff:fe2d:e7b0 - - [08/Jun/2025:07:27:44 -0400] "POST /xmlrpc.php HTTP/1.1" 200 205 "-" "Mozilla/5.0 (X11; Ubuntu; Linux x86_64; rv:85.0) Gecko/20100101 Firefox/91.0"
77.23.80.53 - - [08/Jun/2025:07:30:36 -0400] "GET /wp-content/uploads/2022/02/cropped-download-180x180.jpeg HTTP/1.1" 301 0 "-" "Dalvik/2.1.0 (Linux; U; Android 14; SM-A556B Build/UP1A.231005.007)"
77.23.80.53 - - [08/Jun/2025:07:30:37 -0400] "GET / HTTP/1.1" 200 9390 "-" "Dalvik/2.1.0 (Linux; U; Android 14; SM-A556B Build/UP1A.231005.007)"
162.0.232.193 - - [08/Jun/2025:07:31:22 -0400] "POST /wp-cron.php?doing_wp_cron=1749382282.5708749294281005859375 HTTP/1.1" 200 0 "-" "WordPress/6.8.1; https://reversevillain.com"
52.167.144.235 - - [08/Jun/2025:07:31:21 -0400] "GET /the-exiled-reincarnated-heavy-knight-is-unrivaled-in-game-knowledge-chapter-65/ HTTP/1.1" 301 0 "-" "Mozilla/5.0 AppleWebKit/537.36 (KHTML, like Gecko; compatible; bingbot/2.0; +http://www.bing.com/bingbot.htm) Chrome/116.0.1938.76 Safari/537.36"
52.167.144.170 - - [08/Jun/2025:07:32:14 -0400] "GET /reverse-villain-chapter-1/ HTTP/1.1" 200 9532 "-" "msnbot/2.0b (+http://search.msn.com/msnbot.htm)"
52.167.144.235 - - [08/Jun/2025:07:32:26 -0400] "GET /wp-content/plugins/disqus-comment-system/public/js/comment_count.js?ver=3.1.2 HTTP/1.1" 304 0 "-" "msnbot/2.0b (+http://search.msn.com/msnbot.htm)"
52.167.144.235 - - [08/Jun/2025:07:32:26 -0400] "GET /wp-content/plugins/disqus-comment-system/public/js/comment_embed.js?ver=3.1.2 HTTP/1.1" 304 0 "-" "msnbot/2.0b (+http://search.msn.com/msnbot.htm)"
52.167.144.235 - - [08/Jun/2025:07:32:26 -0400] "GET /wp-content/themes/toivo-lite/js/responsive-nav.min.js?ver=1.2.0 HTTP/1.1" 304 0 "-" "msnbot/2.0b (+http://search.msn.com/msnbot.htm)"
52.167.144.235 - - [08/Jun/2025:07:32:27 -0400] "GET /wp-includes/js/comment-reply.min.js?ver=6.8.1 HTTP/1.1" 304 0 "-" "msnbot/2.0b (+http://search.msn.com/msnbot.htm)"
52.167.144.235 - - [08/Jun/2025:07:32:27 -0400] "GET /wp-includes/js/jquery/jquery.min.js?ver=3.7.1 HTTP/1.1" 304 0 "-" "msnbot/2.0b (+http://search.msn.com/msnbot.htm)"
40.77.167.16 - - [08/Jun/2025:07:32:33 -0400] "GET /wp-includes/js/jquery/jquery-migrate.min.js?ver=3.4.1 HTTP/1.1" 304 0 "-" "msnbot/2.0b (+http://search.msn.com/msnbot.htm)"
40.77.167.16 - - [08/Jun/2025:07:32:33 -0400] "GET /wp-includes/js/wp-emoji-release.min.js?ver=6.8.1 HTTP/1.1" 304 0 "-" "msnbot/2.0b (+http://search.msn.com/msnbot.htm)"
52.167.144.170 - - [08/Jun/2025:07:32:39 -0400] "GET /wp-content/plugins/comic-easel/js/keynav.js HTTP/1.1" 304 0 "-" "msnbot/2.0b (+http://search.msn.com/msnbot.htm)"
52.167.144.170 - - [08/Jun/2025:07:32:39 -0400] "GET /wp-content/plugins/simple-social-buttons/assets/js/frontend-blocks.js?ver=5.3.1 HTTP/1.1" 304 0 "-" "msnbot/2.0b (+http://search.msn.com/msnbot.htm)"
52.167.144.170 - - [08/Jun/2025:07:32:40 -0400] "GET /wp-content/plugins/wp-automatic/js/main-front.js?ver=6.8.1 HTTP/1.1" 304 0 "-" "msnbot/2.0b (+http://search.msn.com/msnbot.htm)"
162.0.232.193 - - [08/Jun/2025:07:34:13 -0400] "POST /wp-cron.php?doing_wp_cron=1749382453.2083981037139892578125 HTTP/1.1" 200 0 "-" "WordPress/6.8.1; https://reversevillain.com"
47.128.110.84 - - [08/Jun/2025:07:34:11 -0400] "GET /berserk-group-2-chapter-374/ HTTP/1.1" 301 0 "-" "Mozilla/5.0 (Linux; Android 5.0) AppleWebKit/537.36 (KHTML, like Gecko) Mobile Safari/537.36 (compatible; TikTokSpider; [email protected])"
47.128.110.84 - - [08/Jun/2025:07:34:13 -0400] "GET / HTTP/1.1" 200 9390 "-" "Mozilla/5.0 (Linux; Android 5.0) AppleWebKit/537.36 (KHTML, like Gecko) Mobile Safari/537.36 (compatible; TikTokSpider; [email protected])"
162.0.232.193 - - [08/Jun/2025:07:34:13 -0400] "POST /wp-admin/admin-ajax.php?action=async_litespeed&nonce=3bZg2AknZXvecyUqO1qkbSbtdVwsnOHR&litespeed_type=imgoptm HTTP/1.1" 200 5 "-" "WordPress/6.8.1; https://reversevillain.com"
162.0.232.193 - - [08/Jun/2025:07:36:06 -0400] "POST /wp-cron.php?doing_wp_cron=1749382566.0212190151214599609375 HTTP/1.1" 200 0 "-" "WordPress/6.8.1; https://reversevillain.com"
47.128.16.128 - - [08/Jun/2025:07:36:04 -0400] "GET /zero-game-chapter-201/ HTTP/1.1" 301 0 "-" "Mozilla/5.0 (Linux; Android 5.0) AppleWebKit/537.36 (KHTML, like Gecko) Mobile Safari/537.36 (compatible; TikTokSpider; [email protected])"
47.128.16.128 - - [08/Jun/2025:07:36:06 -0400] "GET / HTTP/1.1" 200 9390 "-" "Mozilla/5.0 (Linux; Android 5.0) AppleWebKit/537.36 (KHTML, like Gecko) Mobile Safari/537.36 (compatible; TikTokSpider; [email protected])"
162.0.232.193 - - [08/Jun/2025:07:37:12 -0400] "POST /wp-cron.php?doing_wp_cron=1749382631.9579329490661621093750 HTTP/1.1" 200 0 "-" "WordPress/6.8.1; https://reversevillain.com"
47.128.96.13 - - [08/Jun/2025:07:37:11 -0400] "GET /i-reincarnated-as-the-crazed-heir-chapter-122/ HTTP/1.1" 301 0 "-" "Mozilla/5.0 (Linux; Android 5.0) AppleWebKit/537.36 (KHTML, like Gecko) Mobile Safari/537.36 (compatible; TikTokSpider; [email protected])"
47.128.96.13 - - [08/Jun/2025:07:37:12 -0400] "GET / HTTP/1.1" 200 9390 "-" "Mozilla/5.0 (Linux; Android 5.0) AppleWebKit/537.36 (KHTML, like Gecko) Mobile Safari/537.36 (compatible; TikTokSpider; [email protected])"
162.0.232.193 - - [08/Jun/2025:07:37:12 -0400] "POST /wp-admin/admin-ajax.php?action=async_litespeed&nonce=HbffHDUzktRMUU797TeZ5WvedmITy7Ke&litespeed_type=imgoptm HTTP/1.1" 200 5 "-" "WordPress/6.8.1; https://reversevillain.com"
5.255.231.112 - - [08/Jun/2025:07:38:13 -0400] "GET /robots.txt HTTP/1.1" 200 113 "-" "Mozilla/5.0 (compatible; YandexBot/3.0; +http://yandex.com/bots)"
162.0.232.193 - - [08/Jun/2025:07:38:15 -0400] "POST /wp-cron.php?doing_wp_cron=1749382694.8760900497436523437500 HTTP/1.1" 200 0 "-" "WordPress/6.8.1; https://reversevillain.com"
213.180.203.122 - - [08/Jun/2025:07:38:14 -0400] "GET /reverse-villain/chapter-22/ HTTP/1.1" 301 0 "-" "Mozilla/5.0 (compatible; YandexBot/3.0; +http://yandex.com/bots)"
5.255.231.151 - - [08/Jun/2025:07:38:16 -0400] "GET / HTTP/1.1" 200 9390 "-" "Mozilla/5.0 (compatible; YandexBot/3.0; +http://yandex.com/bots)"
103.26.237.102 - - [08/Jun/2025:07:39:54 -0400] "GET /wp-login.php HTTP/1.1" 200 2047 "-" "Mozilla/5.0 (X11; U; Linux i686; en-US; rv:96.0) Gecko/20071914 Firefox/96.0"
162.0.232.193 - - [08/Jun/2025:07:39:55 -0400] "POST /wp-cron.php?doing_wp_cron=1749382794.8505249023437500000000 HTTP/1.1" 200 0 "-" "WordPress/6.8.1; https://reversevillain.com"
103.26.237.102 - - [08/Jun/2025:07:39:54 -0400] "POST /wp-login.php HTTP/1.1" 200 2144 "-" "Mozilla/5.0 (X11; U; Linux i686; en-US; rv:96.0) Gecko/20071914 Firefox/96.0"
162.0.232.193 - - [08/Jun/2025:07:39:55 -0400] "POST /wp-admin/admin-ajax.php?action=async_litespeed&nonce=utvQc1hOCNC6qTu9TvgKkcrfqzcjQYdW&litespeed_type=imgoptm HTTP/1.1" 200 5 "-" "WordPress/6.8.1; https://reversevillain.com"
2001:41d0:a:1865:: - - [08/Jun/2025:07:40:26 -0400] "POST /xmlrpc.php HTTP/1.1" 200 186 "https://reversevillain.com" "Mozilla/5.0 (Windows NT 10.0; Win64; x64) AppleWebKit/537.36 (KHTML, like Gecko) Chrome/116.0.5845.96 Safari/537.36 Edg/116.0.1938.62"
2001:41d0:a:1865:: - - [08/Jun/2025:07:40:27 -0400] "POST /wp-login.php HTTP/1.1" 200 2144 "https://reversevillain.com" "Mozilla/5.0 (Windows NT 10.0; Win64; x64) AppleWebKit/537.36 (KHTML, like Gecko) Chrome/113.0.5672.93 Safari/537.36"
162.0.232.193 - - [08/Jun/2025:07:41:55 -0400] "POST /wp-cron.php?doing_wp_cron=1749382915.0999939441680908203125 HTTP/1.1" 200 0 "-" "WordPress/6.8.1; https://reversevillain.com"
95.108.213.117 - - [08/Jun/2025:07:41:53 -0400] "GET /legendary-rankers-comeback-chapter-1/ HTTP/1.1" 301 0 "-" "Mozilla/5.0 (compatible; YandexBot/3.0; +http://yandex.com/bots)"
213.180.203.81 - - [08/Jun/2025:07:41:56 -0400] "GET / HTTP/1.1" 200 9390 "-" "Mozilla/5.0 (compatible; YandexBot/3.0; +http://yandex.com/bots)"
40.88.21.235 - - [08/Jun/2025:07:43:31 -0400] "GET / HTTP/1.1" 200 9390 "https://reversevillain.com/" "DuckDuckBot/1.1; (+http://duckduckgo.com/duckduckbot.html)"
162.0.232.193 - - [08/Jun/2025:07:44:50 -0400] "POST /wp-cron.php?doing_wp_cron=1749383090.2267870903015136718750 HTTP/1.1" 200 0 "-" "WordPress/6.8.1; https://reversevillain.com"
66.249.72.206 - - [08/Jun/2025:07:44:48 -0400] "GET /reverse-villain-chapter-67/ HTTP/1.1" 200 9570 "-" "Mozilla/5.0 (Linux; Android 6.0.1; Nexus 5X Build/MMB29P) AppleWebKit/537.36 (KHTML, like Gecko) Chrome/136.0.7103.113 Mobile Safari/537.36 (compatible; Googlebot/2.1; +http://www.google.com/bot.html)"
162.0.232.193 - - [08/Jun/2025:07:44:50 -0400] "POST /wp-admin/admin-ajax.php?action=async_litespeed&nonce=jWaDOxKpygeOSezDPlI7vuGiwt14rvpL&litespeed_type=imgoptm HTTP/1.1" 200 5 "-" "WordPress/6.8.1; https://reversevillain.com"
151.248.84.93 - - [08/Jun/2025:07:45:36 -0400] "GET / HTTP/1.1" 200 9390 "-" "Mozilla/5.0 (Macintosh; Intel Mac OS X 10_15_7) AppleWebKit/537.36 (KHTML, like Gecko) Chrome/131.0.0.0 Safari/537.36"
151.248.84.93 - - [08/Jun/2025:07:45:36 -0400] "GET /reverse-villain-chapter-1/ HTTP/1.1" 200 9532 "-" "Mozilla/5.0 (Macintosh; Intel Mac OS X 10_15_7) AppleWebKit/537.36 (KHTML, like Gecko) Chrome/131.0.0.0 Safari/537.36"
151.248.84.93 - - [08/Jun/2025:07:45:36 -0400] "GET /wp-content/plugins/simple-social-buttons/assets/js/frontend-blocks.js?ver=5.3.1 HTTP/1.1" 304 0 "-" "Mozilla/5.0 (Macintosh; Intel Mac OS X 10_15_7) AppleWebKit/537.36 (KHTML, like Gecko) Chrome/131.0.0.0 Safari/537.36"
151.248.84.93 - - [08/Jun/2025:07:45:37 -0400] "GET /wp-content/plugins/simple-social-buttons/assets/js/front.js?ver=5.3.1 HTTP/1.1" 200 1932 "-" "Mozilla/5.0 (Macintosh; Intel Mac OS X 10_15_7) AppleWebKit/537.36 (KHTML, like Gecko) Chrome/131.0.0.0 Safari/537.36"
151.248.84.93 - - [08/Jun/2025:07:45:37 -0400] "GET /wp-content/plugins/wp-automatic/js/main-front.js?ver=6.8.1 HTTP/1.1" 200 316 "-" "Mozilla/5.0 (Macintosh; Intel Mac OS X 10_15_7) AppleWebKit/537.36 (KHTML, like Gecko) Chrome/131.0.0.0 Safari/537.36"
151.248.84.93 - - [08/Jun/2025:07:45:37 -0400] "GET /wp-content/plugins/comic-easel/js/keynav.js HTTP/1.1" 200 302 "-" "Mozilla/5.0 (Macintosh; Intel Mac OS X 10_15_7) AppleWebKit/537.36 (KHTML, like Gecko) Chrome/131.0.0.0 Safari/537.36"
151.248.84.93 - - [08/Jun/2025:07:45:38 -0400] "GET /wp-content/plugins/disqus-comment-system/public/js/comment_count.js?ver=3.1.2 HTTP/1.1" 200 354 "-" "Mozilla/5.0 (Macintosh; Intel Mac OS X 10_15_7) AppleWebKit/537.36 (KHTML, like Gecko) Chrome/131.0.0.0 Safari/537.36"
40.77.190.86 - - [08/Jun/2025:07:48:22 -0400] "GET /wp-content/plugins/simple-social-buttons/assets/fonts/ssb-icon.ttf?eahqa2 HTTP/1.1" 304 0 "-" "Mozilla/5.0 AppleWebKit/537.36 (KHTML, like Gecko; compatible; bingbot/2.0; +http://www.bing.com/bingbot.htm) Chrome/100.0.4896.127 Safari/537.36"
162.0.232.193 - - [08/Jun/2025:07:48:50 -0400] "POST /wp-cron.php?doing_wp_cron=1749383330.1308100223541259765625 HTTP/1.1" 200 0 "-" "WordPress/6.8.1; https://reversevillain.com"
52.167.144.204 - - [08/Jun/2025:07:48:48 -0400] "GET /shounen-no-abyss-chapter-141/ HTTP/1.1" 301 0 "-" "Mozilla/5.0 AppleWebKit/537.36 (KHTML, like Gecko; compatible; bingbot/2.0; +http://www.bing.com/bingbot.htm) Chrome/116.0.1938.76 Safari/537.36"
17.241.227.61 - - [08/Jun/2025:07:51:08 -0400] "GET /robots.txt HTTP/1.1" 200 113 "-" "Mozilla/5.0 (Macintosh; Intel Mac OS X 10_15_7) AppleWebKit/605.1.15 (KHTML, like Gecko) Version/17.4 Safari/605.1.15 (Applebot/0.1; +http://www.apple.com/go/applebot)"
162.0.232.193 - - [08/Jun/2025:07:51:10 -0400] "POST /wp-cron.php?doing_wp_cron=1749383469.9108140468597412109375 HTTP/1.1" 200 0 "-" "WordPress/6.8.1; https://reversevillain.com"
17.241.227.61 - - [08/Jun/2025:07:51:08 -0400] "GET /reverse-villain-chapter-96/ HTTP/1.1" 200 9599 "-" "Mozilla/5.0 (Macintosh; Intel Mac OS X 10_15_7) AppleWebKit/605.1.15 (KHTML, like Gecko) Version/17.4 Safari/605.1.15 (Applebot/0.1; +http://www.apple.com/go/applebot)"
162.0.232.193 - - [08/Jun/2025:07:51:10 -0400] "POST /wp-admin/admin-ajax.php?action=async_litespeed&nonce=qV0EChAyojvhiMgIYHLB6IrVqclCVozP&litespeed_type=imgoptm HTTP/1.1" 200 5 "-" "WordPress/6.8.1; https://reversevillain.com"
162.0.232.193 - - [08/Jun/2025:07:52:18 -0400] "POST /wp-cron.php?doing_wp_cron=1749383538.0848701000213623046875 HTTP/1.1" 200 0 "-" "WordPress/6.8.1; https://reversevillain.com"
