156.59.198.136 - - [08/Jun/2025:17:01:27 -0400] "GET / HTTP/1.1" 200 9390 "https://reversevillain.com/reverse-villain/page/2/%7B%22data-original-href%22:%22https://blogger.googleusercontent.com/img/b/R29vZ2xl/AVvXsEjJ5E9pBChmlnCCEIyYWtn22UFVpL1ibCdxa4-blSE2Qjc6QG9DPzWiZrZP8tXOEcnY1qIqRrQkUV-8mEd4Pl84RqI78NWDfGz3QzFuXpW3PtVr3JnvEvc2e_ZoQ0kZfKxRinJZ22KjX6lRATQAG4DCHmimae6oP1xuHTlfMMQ_dW2Fb7gYxi1o6iLI/s1600/14.jpg%22,%22style%22:%22%22%7D" "Mozilla/5.0 (Linux; Android 5.0) AppleWebKit/537.36 (KHTML, like Gecko) Mobile Safari/537.36 (compatible; Bytespider; [email protected])"
162.0.232.193 - - [08/Jun/2025:17:01:45 -0400] "POST /wp-cron.php?doing_wp_cron=1749416505.4042611122131347656250 HTTP/1.1" 200 0 "-" "WordPress/6.8.1; https://reversevillain.com"
139.59.58.126 - - [08/Jun/2025:17:01:16 -0400] "POST //xmlrpc.php HTTP/1.1" 200 205 "-" "Mozilla/5.0 (Windows NT 10.0; Win64; x64) AppleWebKit/537.36 (KHTML, like Gecko) Chrome/80.0.3987.149 Safari/537.36"
139.59.58.126 - - [08/Jun/2025:17:01:46 -0400] "POST //xmlrpc.php HTTP/1.1" 200 205 "-" "Mozilla/5.0 (Windows NT 10.0; Win64; x64) AppleWebKit/537.36 (KHTML, like Gecko) Chrome/80.0.3987.149 Safari/537.36"
162.0.232.193 - - [08/Jun/2025:17:02:45 -0400] "POST /wp-cron.php?doing_wp_cron=1749416565.5682089328765869140625 HTTP/1.1" 200 0 "-" "WordPress/6.8.1; https://reversevillain.com"
139.59.58.126 - - [08/Jun/2025:17:02:16 -0400] "POST //xmlrpc.php HTTP/1.1" 200 205 "-" "Mozilla/5.0 (Windows NT 10.0; Win64; x64) AppleWebKit/537.36 (KHTML, like Gecko) Chrome/80.0.3987.149 Safari/537.36"
162.0.232.193 - - [08/Jun/2025:17:02:46 -0400] "POST /wp-admin/admin-ajax.php?action=async_litespeed&nonce=6cGA2IWzaIVwHNP1qWMxXjdtyiHGX7s8&litespeed_type=imgoptm HTTP/1.1" 200 5 "-" "WordPress/6.8.1; https://reversevillain.com"
2603:8001:e43f:c7e3:257f:49bb:1829:70b1 - - [08/Jun/2025:17:02:48 -0400] "GET / HTTP/1.1" 200 9390 "-" "Mozilla/5.0 (iPhone; CPU iPhone OS 16_2 like Mac OS X) AppleWebKit/605.1.15 (KHTML, like Gecko) Version/16.2 Mobile/15E148 Safari/604.1 OPX/2.7.1"
2603:8001:e43f:c7e3:257f:49bb:1829:70b1 - - [08/Jun/2025:17:02:48 -0400] "GET /wp-content/themes/toivo-lite/js/responsive-nav.min.js?ver=1.2.0 HTTP/1.1" 304 0 "https://reversevillain.com/" "Mozilla/5.0 (iPhone; CPU iPhone OS 16_2 like Mac OS X) AppleWebKit/605.1.15 (KHTML, like Gecko) Version/16.2 Mobile/15E148 Safari/604.1 OPX/2.7.1"
2603:8001:e43f:c7e3:257f:49bb:1829:70b1 - - [08/Jun/2025:17:02:48 -0400] "GET /wp-includes/js/jquery/jquery-migrate.min.js?ver=3.4.1 HTTP/1.1" 304 0 "https://reversevillain.com/" "Mozilla/5.0 (iPhone; CPU iPhone OS 16_2 like Mac OS X) AppleWebKit/605.1.15 (KHTML, like Gecko) Version/16.2 Mobile/15E148 Safari/604.1 OPX/2.7.1"
2603:8001:e43f:c7e3:257f:49bb:1829:70b1 - - [08/Jun/2025:17:02:48 -0400] "GET /wp-content/plugins/comic-easel/js/keynav.js HTTP/1.1" 304 0 "https://reversevillain.com/" "Mozilla/5.0 (iPhone; CPU iPhone OS 16_2 like Mac OS X) AppleWebKit/605.1.15 (KHTML, like Gecko) Version/16.2 Mobile/15E148 Safari/604.1 OPX/2.7.1"
2603:8001:e43f:c7e3:257f:49bb:1829:70b1 - - [08/Jun/2025:17:02:48 -0400] "GET /wp-content/plugins/simple-social-buttons/assets/js/frontend-blocks.js?ver=5.3.1 HTTP/1.1" 304 0 "https://reversevillain.com/" "Mozilla/5.0 (iPhone; CPU iPhone OS 16_2 like Mac OS X) AppleWebKit/605.1.15 (KHTML, like Gecko) Version/16.2 Mobile/15E148 Safari/604.1 OPX/2.7.1"
2603:8001:e43f:c7e3:257f:49bb:1829:70b1 - - [08/Jun/2025:17:02:48 -0400] "GET /wp-content/themes/toivo-lite/js/functions.min.js?ver=1.2.0 HTTP/1.1" 304 0 "https://reversevillain.com/" "Mozilla/5.0 (iPhone; CPU iPhone OS 16_2 like Mac OS X) AppleWebKit/605.1.15 (KHTML, like Gecko) Version/16.2 Mobile/15E148 Safari/604.1 OPX/2.7.1"
2603:8001:e43f:c7e3:257f:49bb:1829:70b1 - - [08/Jun/2025:17:02:48 -0400] "GET /wp-content/themes/toivo-lite/js/settings.min.js?ver=1.2.0 HTTP/1.1" 304 0 "https://reversevillain.com/" "Mozilla/5.0 (iPhone; CPU iPhone OS 16_2 like Mac OS X) AppleWebKit/605.1.15 (KHTML, like Gecko) Version/16.2 Mobile/15E148 Safari/604.1 OPX/2.7.1"
2603:8001:e43f:c7e3:257f:49bb:1829:70b1 - - [08/Jun/2025:17:02:48 -0400] "GET /wp-content/plugins/simple-social-buttons/assets/js/front.js?ver=5.3.1 HTTP/1.1" 304 0 "https://reversevillain.com/" "Mozilla/5.0 (iPhone; CPU iPhone OS 16_2 like Mac OS X) AppleWebKit/605.1.15 (KHTML, like Gecko) Version/16.2 Mobile/15E148 Safari/604.1 OPX/2.7.1"
2603:8001:e43f:c7e3:257f:49bb:1829:70b1 - - [08/Jun/2025:17:02:48 -0400] "GET /wp-includes/js/jquery/jquery.min.js?ver=3.7.1 HTTP/1.1" 304 0 "https://reversevillain.com/" "Mozilla/5.0 (iPhone; CPU iPhone OS 16_2 like Mac OS X) AppleWebKit/605.1.15 (KHTML, like Gecko) Version/16.2 Mobile/15E148 Safari/604.1 OPX/2.7.1"
2603:8001:e43f:c7e3:257f:49bb:1829:70b1 - - [08/Jun/2025:17:02:49 -0400] "GET /wp-content/themes/toivo-lite/fonts/genericons/genericons/Genericons.svg HTTP/1.1" 200 23714 "https://reversevillain.com/" "Mozilla/5.0 (iPhone; CPU iPhone OS 16_2 like Mac OS X) AppleWebKit/605.1.15 (KHTML, like Gecko) Version/16.2 Mobile/15E148 Safari/604.1 OPX/2.7.1"
2603:8001:e43f:c7e3:257f:49bb:1829:70b1 - - [08/Jun/2025:17:02:49 -0400] "GET /wp-includes/js/wp-emoji-release.min.js?ver=6.8.1 HTTP/1.1" 200 4771 "https://reversevillain.com/" "Mozilla/5.0 (iPhone; CPU iPhone OS 16_2 like Mac OS X) AppleWebKit/605.1.15 (KHTML, like Gecko) Version/16.2 Mobile/15E148 Safari/604.1 OPX/2.7.1"
162.0.232.193 - - [08/Jun/2025:17:03:15 -0400] "POST /wp-cron.php?doing_wp_cron=1749416595.4317500591278076171875 HTTP/1.1" 200 0 "-" "WordPress/6.8.1; https://reversevillain.com"
139.59.58.126 - - [08/Jun/2025:17:02:46 -0400] "POST //xmlrpc.php HTTP/1.1" 200 205 "-" "Mozilla/5.0 (Windows NT 10.0; Win64; x64) AppleWebKit/537.36 (KHTML, like Gecko) Chrome/80.0.3987.149 Safari/537.36"
162.0.232.193 - - [08/Jun/2025:17:03:16 -0400] "POST /wp-admin/admin-ajax.php?action=async_litespeed&nonce=vxHPAAygQ89S0PsgWsqUQUK9ESaXZN0u&litespeed_type=imgoptm HTTP/1.1" 200 5 "-" "WordPress/6.8.1; https://reversevillain.com"
162.0.232.193 - - [08/Jun/2025:17:03:45 -0400] "POST /wp-cron.php?doing_wp_cron=1749416625.7328860759735107421875 HTTP/1.1" 200 0 "-" "WordPress/6.8.1; https://reversevillain.com"
139.59.58.126 - - [08/Jun/2025:17:03:16 -0400] "POST //xmlrpc.php HTTP/1.1" 200 205 "-" "Mozilla/5.0 (Windows NT 10.0; Win64; x64) AppleWebKit/537.36 (KHTML, like Gecko) Chrome/80.0.3987.149 Safari/537.36"
139.59.58.126 - - [08/Jun/2025:17:03:46 -0400] "POST //xmlrpc.php HTTP/1.1" 200 205 "-" "Mozilla/5.0 (Windows NT 10.0; Win64; x64) AppleWebKit/537.36 (KHTML, like Gecko) Chrome/80.0.3987.149 Safari/537.36"
139.59.58.126 - - [08/Jun/2025:17:04:16 -0400] "POST //xmlrpc.php HTTP/1.1" 200 205 "-" "Mozilla/5.0 (Windows NT 10.0; Win64; x64) AppleWebKit/537.36 (KHTML, like Gecko) Chrome/80.0.3987.149 Safari/537.36"
162.0.232.193 - - [08/Jun/2025:17:05:15 -0400] "POST /wp-cron.php?doing_wp_cron=1749416715.6276218891143798828125 HTTP/1.1" 200 0 "-" "WordPress/6.8.1; https://reversevillain.com"
139.59.58.126 - - [08/Jun/2025:17:04:46 -0400] "POST //xmlrpc.php HTTP/1.1" 200 205 "-" "Mozilla/5.0 (Windows NT 10.0; Win64; x64) AppleWebKit/537.36 (KHTML, like Gecko) Chrome/80.0.3987.149 Safari/537.36"
162.0.232.193 - - [08/Jun/2025:17:05:16 -0400] "POST /wp-admin/admin-ajax.php?action=async_litespeed&nonce=zgmzxLiPZyp4WkRWWR8fOMlIYmWfFEBU&litespeed_type=imgoptm HTTP/1.1" 200 5 "-" "WordPress/6.8.1; https://reversevillain.com"
139.59.58.126 - - [08/Jun/2025:17:05:16 -0400] "POST //xmlrpc.php HTTP/1.1" 200 205 "-" "Mozilla/5.0 (Windows NT 10.0; Win64; x64) AppleWebKit/537.36 (KHTML, like Gecko) Chrome/80.0.3987.149 Safari/537.36"
162.0.232.193 - - [08/Jun/2025:17:06:16 -0400] "POST /wp-cron.php?doing_wp_cron=1749416776.2550909519195556640625 HTTP/1.1" 200 0 "-" "WordPress/6.8.1; https://reversevillain.com"
139.59.58.126 - - [08/Jun/2025:17:05:45 -0400] "POST //xmlrpc.php HTTP/1.1" 200 205 "-" "Mozilla/5.0 (Windows NT 10.0; Win64; x64) AppleWebKit/537.36 (KHTML, like Gecko) Chrome/80.0.3987.149 Safari/537.36"
162.0.232.193 - - [08/Jun/2025:17:06:17 -0400] "POST /wp-admin/admin-ajax.php?action=async_litespeed&nonce=RcRWd4KXIk7b6uTLv7bQYPPnwQx8OzV6&litespeed_type=imgoptm HTTP/1.1" 200 5 "-" "WordPress/6.8.1; https://reversevillain.com"
162.0.232.193 - - [08/Jun/2025:17:06:46 -0400] "POST /wp-cron.php?doing_wp_cron=1749416805.9084460735321044921875 HTTP/1.1" 200 0 "-" "WordPress/6.8.1; https://reversevillain.com"
139.59.58.126 - - [08/Jun/2025:17:06:17 -0400] "POST //xmlrpc.php HTTP/1.1" 200 205 "-" "Mozilla/5.0 (Windows NT 10.0; Win64; x64) AppleWebKit/537.36 (KHTML, like Gecko) Chrome/80.0.3987.149 Safari/537.36"
216.244.66.242 - - [08/Jun/2025:17:07:08 -0400] "GET /author/admin/page/537/ HTTP/1.1" 301 0 "-" "Mozilla/5.0 (compatible; DotBot/1.2; +https://opensiteexplorer.org/dotbot; [email protected])"
216.244.66.242 - - [08/Jun/2025:17:07:12 -0400] "GET /category/manga/page/536/ HTTP/1.1" 301 0 "-" "Mozilla/5.0 (compatible; DotBot/1.2; +https://opensiteexplorer.org/dotbot; [email protected])"
139.59.58.126 - - [08/Jun/2025:17:06:46 -0400] "POST //xmlrpc.php HTTP/1.1" 200 205 "-" "Mozilla/5.0 (Windows NT 10.0; Win64; x64) AppleWebKit/537.36 (KHTML, like Gecko) Chrome/80.0.3987.149 Safari/537.36"
139.59.58.126 - - [08/Jun/2025:17:07:16 -0400] "POST //xmlrpc.php HTTP/1.1" 200 205 "-" "Mozilla/5.0 (Windows NT 10.0; Win64; x64) AppleWebKit/537.36 (KHTML, like Gecko) Chrome/80.0.3987.149 Safari/537.36"
162.0.232.193 - - [08/Jun/2025:17:08:16 -0400] "POST /wp-cron.php?doing_wp_cron=1749416895.6878230571746826171875 HTTP/1.1" 200 0 "-" "WordPress/6.8.1; https://reversevillain.com"
139.59.58.126 - - [08/Jun/2025:17:07:46 -0400] "POST //xmlrpc.php HTTP/1.1" 200 205 "-" "Mozilla/5.0 (Windows NT 10.0; Win64; x64) AppleWebKit/537.36 (KHTML, like Gecko) Chrome/80.0.3987.149 Safari/537.36"
162.0.232.193 - - [08/Jun/2025:17:08:16 -0400] "POST /wp-admin/admin-ajax.php?action=async_litespeed&nonce=E377M1g06yiyEl9zxlp4mfg7NpBP5dMu&litespeed_type=imgoptm HTTP/1.1" 200 5 "-" "WordPress/6.8.1; https://reversevillain.com"
139.59.58.126 - - [08/Jun/2025:17:08:16 -0400] "POST //xmlrpc.php HTTP/1.1" 200 205 "-" "Mozilla/5.0 (Windows NT 10.0; Win64; x64) AppleWebKit/537.36 (KHTML, like Gecko) Chrome/80.0.3987.149 Safari/537.36"
170.106.163.84 - - [08/Jun/2025:17:09:05 -0400] "GET /reverse-villain-chapter-42/ HTTP/1.1" 200 9945 "-" "Mozilla/5.0 (iPhone; CPU iPhone OS 13_2_3 like Mac OS X) AppleWebKit/605.1.15 (KHTML, like Gecko) Version/13.0.3 Mobile/15E148 Safari/604.1"
139.59.58.126 - - [08/Jun/2025:17:08:46 -0400] "POST //xmlrpc.php HTTP/1.1" 200 205 "-" "Mozilla/5.0 (Windows NT 10.0; Win64; x64) AppleWebKit/537.36 (KHTML, like Gecko) Chrome/80.0.3987.149 Safari/537.36"
162.0.232.193 - - [08/Jun/2025:17:09:45 -0400] "POST /wp-cron.php?doing_wp_cron=1749416985.7044589519500732421875 HTTP/1.1" 200 0 "-" "WordPress/6.8.1; https://reversevillain.com"
139.59.58.126 - - [08/Jun/2025:17:09:15 -0400] "POST //xmlrpc.php HTTP/1.1" 200 205 "-" "Mozilla/5.0 (Windows NT 10.0; Win64; x64) AppleWebKit/537.36 (KHTML, like Gecko) Chrome/80.0.3987.149 Safari/537.36"
162.0.232.193 - - [08/Jun/2025:17:09:46 -0400] "POST /wp-admin/admin-ajax.php?action=async_litespeed&nonce=8XSEuclnkpL6SNLqefzprP7RsydCrUQl&litespeed_type=imgoptm HTTP/1.1" 200 5 "-" "WordPress/6.8.1; https://reversevillain.com"
162.0.232.193 - - [08/Jun/2025:17:10:16 -0400] "POST /wp-cron.php?doing_wp_cron=1749417015.7778260707855224609375 HTTP/1.1" 200 0 "-" "WordPress/6.8.1; https://reversevillain.com"
139.59.58.126 - - [08/Jun/2025:17:09:46 -0400] "POST //xmlrpc.php HTTP/1.1" 200 205 "-" "Mozilla/5.0 (Windows NT 10.0; Win64; x64) AppleWebKit/537.36 (KHTML, like Gecko) Chrome/80.0.3987.149 Safari/537.36"
162.0.232.193 - - [08/Jun/2025:17:10:17 -0400] "POST /wp-admin/admin-ajax.php?action=async_litespeed&nonce=AgqDFDMrJRvTvtRFBED0XoQwP0EIoiDP&litespeed_type=imgoptm HTTP/1.1" 200 5 "-" "WordPress/6.8.1; https://reversevillain.com"
162.0.232.193 - - [08/Jun/2025:17:10:45 -0400] "POST /wp-cron.php?doing_wp_cron=1749417045.5295829772949218750000 HTTP/1.1" 200 0 "-" "WordPress/6.8.1; https://reversevillain.com"
139.59.58.126 - - [08/Jun/2025:17:10:17 -0400] "POST //xmlrpc.php HTTP/1.1" 200 205 "-" "Mozilla/5.0 (Windows NT 10.0; Win64; x64) AppleWebKit/537.36 (KHTML, like Gecko) Chrome/80.0.3987.149 Safari/537.36"
139.59.58.126 - - [08/Jun/2025:17:10:47 -0400] "POST //xmlrpc.php HTTP/1.1" 200 205 "-" "Mozilla/5.0 (Windows NT 10.0; Win64; x64) AppleWebKit/537.36 (KHTML, like Gecko) Chrome/80.0.3987.149 Safari/537.36"
162.0.232.193 - - [08/Jun/2025:17:11:46 -0400] "POST /wp-cron.php?doing_wp_cron=1749417106.0804569721221923828125 HTTP/1.1" 200 0 "-" "WordPress/6.8.1; https://reversevillain.com"
139.59.58.126 - - [08/Jun/2025:17:11:15 -0400] "POST //xmlrpc.php HTTP/1.1" 200 205 "-" "Mozilla/5.0 (Windows NT 10.0; Win64; x64) AppleWebKit/537.36 (KHTML, like Gecko) Chrome/80.0.3987.149 Safari/537.36"
162.0.232.193 - - [08/Jun/2025:17:11:47 -0400] "POST /wp-admin/admin-ajax.php?action=async_litespeed&nonce=7g5nLfndSWoYieTWV8XeUDdrrJ0uZ3o0&litespeed_type=imgoptm HTTP/1.1" 200 0 "-" "WordPress/6.8.1; https://reversevillain.com"
162.0.232.193 - - [08/Jun/2025:17:12:15 -0400] "POST /wp-cron.php?doing_wp_cron=1749417135.3216331005096435546875 HTTP/1.1" 200 0 "-" "WordPress/6.8.1; https://reversevillain.com"
139.59.58.126 - - [08/Jun/2025:17:11:47 -0400] "POST //xmlrpc.php HTTP/1.1" 200 205 "-" "Mozilla/5.0 (Windows NT 10.0; Win64; x64) AppleWebKit/537.36 (KHTML, like Gecko) Chrome/80.0.3987.149 Safari/537.36"
162.0.232.193 - - [08/Jun/2025:17:12:16 -0400] "POST /wp-admin/admin-ajax.php?action=async_litespeed&nonce=tukA9ig77iFzCQAatg6hrLsO7zWK9OUm&litespeed_type=imgoptm HTTP/1.1" 200 5 "-" "WordPress/6.8.1; https://reversevillain.com"
162.0.232.193 - - [08/Jun/2025:17:12:46 -0400] "POST /wp-cron.php?doing_wp_cron=1749417166.0792789459228515625000 HTTP/1.1" 200 0 "-" "WordPress/6.8.1; https://reversevillain.com"
139.59.58.126 - - [08/Jun/2025:17:12:15 -0400] "POST //xmlrpc.php HTTP/1.1" 200 205 "-" "Mozilla/5.0 (Windows NT 10.0; Win64; x64) AppleWebKit/537.36 (KHTML, like Gecko) Chrome/80.0.3987.149 Safari/537.36"
66.249.66.42 - - [08/Jun/2025:17:12:57 -0400] "GET /wp-content/plugins/simple-social-buttons/assets/js/front.js?ver=5.3.1 HTTP/1.1" 304 0 "https://reversevillain.com/" "Mozilla/5.0 (Linux; Android 6.0.1; Nexus 5X Build/MMB29P) AppleWebKit/537.36 (KHTML, like Gecko) Chrome/136.0.7103.92 Mobile Safari/537.36 (compatible; Googlebot/2.1; +http://www.google.com/bot.html)"
139.59.58.126 - - [08/Jun/2025:17:12:47 -0400] "POST //xmlrpc.php HTTP/1.1" 200 205 "-" "Mozilla/5.0 (Windows NT 10.0; Win64; x64) AppleWebKit/537.36 (KHTML, like Gecko) Chrome/80.0.3987.149 Safari/537.36"
162.0.232.193 - - [08/Jun/2025:17:13:46 -0400] "POST /wp-cron.php?doing_wp_cron=1749417226.3378579616546630859375 HTTP/1.1" 200 0 "-" "WordPress/6.8.1; https://reversevillain.com"
139.59.58.126 - - [08/Jun/2025:17:13:15 -0400] "POST //xmlrpc.php HTTP/1.1" 200 205 "-" "Mozilla/5.0 (Windows NT 10.0; Win64; x64) AppleWebKit/537.36 (KHTML, like Gecko) Chrome/80.0.3987.149 Safari/537.36"
162.0.232.193 - - [08/Jun/2025:17:13:47 -0400] "POST /wp-admin/admin-ajax.php?action=async_litespeed&nonce=6swo7xBnklp6EAHT9jZweTU0onYjvJQS&litespeed_type=imgoptm HTTP/1.1" 200 5 "-" "WordPress/6.8.1; https://reversevillain.com"
162.0.232.193 - - [08/Jun/2025:17:14:15 -0400] "POST /wp-cron.php?doing_wp_cron=1749417255.1199069023132324218750 HTTP/1.1" 200 0 "-" "WordPress/6.8.1; https://reversevillain.com"
139.59.58.126 - - [08/Jun/2025:17:13:47 -0400] "POST //xmlrpc.php HTTP/1.1" 200 205 "-" "Mozilla/5.0 (Windows NT 10.0; Win64; x64) AppleWebKit/537.36 (KHTML, like Gecko) Chrome/80.0.3987.149 Safari/537.36"
162.0.232.193 - - [08/Jun/2025:17:14:15 -0400] "POST /wp-admin/admin-ajax.php?action=async_litespeed&nonce=qt1HqWSWs6OHYZQu4dNqk32k2tUtuqqZ&litespeed_type=imgoptm HTTP/1.1" 200 5 "-" "WordPress/6.8.1; https://reversevillain.com"
162.0.232.193 - - [08/Jun/2025:17:14:46 -0400] "POST /wp-cron.php?doing_wp_cron=1749417285.8146529197692871093750 HTTP/1.1" 200 0 "-" "WordPress/6.8.1; https://reversevillain.com"
139.59.58.126 - - [08/Jun/2025:17:14:15 -0400] "POST //xmlrpc.php HTTP/1.1" 200 205 "-" "Mozilla/5.0 (Windows NT 10.0; Win64; x64) AppleWebKit/537.36 (KHTML, like Gecko) Chrome/80.0.3987.149 Safari/537.36"
139.59.58.126 - - [08/Jun/2025:17:14:46 -0400] "POST //xmlrpc.php HTTP/1.1" 200 205 "-" "Mozilla/5.0 (Windows NT 10.0; Win64; x64) AppleWebKit/537.36 (KHTML, like Gecko) Chrome/80.0.3987.149 Safari/537.36"
139.59.58.126 - - [08/Jun/2025:17:15:16 -0400] "POST //xmlrpc.php HTTP/1.1" 200 205 "-" "Mozilla/5.0 (Windows NT 10.0; Win64; x64) AppleWebKit/537.36 (KHTML, like Gecko) Chrome/80.0.3987.149 Safari/537.36"
129.226.93.214 - - [08/Jun/2025:17:16:03 -0400] "GET /reverse-villain-chapter-29/ HTTP/1.1" 200 9946 "-" "Mozilla/5.0 (iPhone; CPU iPhone OS 13_2_3 like Mac OS X) AppleWebKit/605.1.15 (KHTML, like Gecko) Version/13.0.3 Mobile/15E148 Safari/604.1"
162.0.232.193 - - [08/Jun/2025:17:16:05 -0400] "POST /wp-cron.php?doing_wp_cron=1749417365.1153690814971923828125 HTTP/1.1" 200 0 "-" "WordPress/6.8.1; https://reversevillain.com"
52.167.144.156 - - [08/Jun/2025:17:16:05 -0400] "GET /the-prenup-chapter-75/ HTTP/1.1" 301 0 "-" "Mozilla/5.0 AppleWebKit/537.36 (KHTML, like Gecko; compatible; bingbot/2.0; +http://www.bing.com/bingbot.htm) Chrome/116.0.1938.76 Safari/537.36"
162.0.232.193 - - [08/Jun/2025:17:16:05 -0400] "POST /wp-admin/admin-ajax.php?action=async_litespeed&nonce=iixZXEXdpkQz5ROQQgbc0eWUXyHoelT3&litespeed_type=imgoptm HTTP/1.1" 200 5 "-" "WordPress/6.8.1; https://reversevillain.com"
139.59.58.126 - - [08/Jun/2025:17:15:45 -0400] "POST //xmlrpc.php HTTP/1.1" 200 205 "-" "Mozilla/5.0 (Windows NT 10.0; Win64; x64) AppleWebKit/537.36 (KHTML, like Gecko) Chrome/80.0.3987.149 Safari/537.36"
66.249.66.42 - - [08/Jun/2025:17:16:27 -0400] "GET /wp-includes/js/jquery/jquery.min.js?ver=3.7.1 HTTP/1.1" 304 0 "https://reversevillain.com/" "Mozilla/5.0 (Linux; Android 6.0.1; Nexus 5X Build/MMB29P) AppleWebKit/537.36 (KHTML, like Gecko) Chrome/136.0.7103.92 Mobile Safari/537.36 (compatible; Googlebot/2.1; +http://www.google.com/bot.html)"
162.0.232.193 - - [08/Jun/2025:17:16:43 -0400] "POST /wp-cron.php?doing_wp_cron=1749417403.7308149337768554687500 HTTP/1.1" 200 0 "-" "WordPress/6.8.1; https://reversevillain.com"
47.128.16.131 - - [08/Jun/2025:17:16:43 -0400] "GET /martial-peak-group-2-chapter-3076/ HTTP/1.1" 301 0 "-" "Mozilla/5.0 (Linux; Android 5.0) AppleWebKit/537.36 (KHTML, like Gecko) Mobile Safari/537.36 (compatible; TikTokSpider; [email protected])"
47.128.16.131 - - [08/Jun/2025:17:16:44 -0400] "GET / HTTP/1.1" 200 9390 "-" "Mozilla/5.0 (Linux; Android 5.0) AppleWebKit/537.36 (KHTML, like Gecko) Mobile Safari/537.36 (compatible; TikTokSpider; [email protected])"
139.59.58.126 - - [08/Jun/2025:17:16:16 -0400] "POST //xmlrpc.php HTTP/1.1" 200 205 "-" "Mozilla/5.0 (Windows NT 10.0; Win64; x64) AppleWebKit/537.36 (KHTML, like Gecko) Chrome/80.0.3987.149 Safari/537.36"
66.249.66.41 - - [08/Jun/2025:17:17:02 -0400] "GET /wp-includes/js/jquery/jquery-migrate.min.js?ver=3.4.1 HTTP/1.1" 304 0 "https://reversevillain.com/" "Mozilla/5.0 (Linux; Android 6.0.1; Nexus 5X Build/MMB29P) AppleWebKit/537.36 (KHTML, like Gecko) Chrome/136.0.7103.92 Mobile Safari/537.36 (compatible; Googlebot/2.1; +http://www.google.com/bot.html)"
139.59.58.126 - - [08/Jun/2025:17:16:45 -0400] "POST //xmlrpc.php HTTP/1.1" 200 205 "-" "Mozilla/5.0 (Windows NT 10.0; Win64; x64) AppleWebKit/537.36 (KHTML, like Gecko) Chrome/80.0.3987.149 Safari/537.36"
162.0.232.193 - - [08/Jun/2025:17:17:45 -0400] "POST /wp-cron.php?doing_wp_cron=1749417465.4206490516662597656250 HTTP/1.1" 200 0 "-" "WordPress/6.8.1; https://reversevillain.com"
139.59.58.126 - - [08/Jun/2025:17:17:16 -0400] "POST //xmlrpc.php HTTP/1.1" 200 205 "-" "Mozilla/5.0 (Windows NT 10.0; Win64; x64) AppleWebKit/537.36 (KHTML, like Gecko) Chrome/80.0.3987.149 Safari/537.36"
162.0.232.193 - - [08/Jun/2025:17:17:46 -0400] "POST /wp-admin/admin-ajax.php?action=async_litespeed&nonce=gx60aYLftxIh36VmBegF66Dz0ZmpsUZF&litespeed_type=imgoptm HTTP/1.1" 200 5 "-" "WordPress/6.8.1; https://reversevillain.com"
162.0.232.193 - - [08/Jun/2025:17:18:15 -0400] "POST /wp-cron.php?doing_wp_cron=1749417495.5592238903045654296875 HTTP/1.1" 200 0 "-" "WordPress/6.8.1; https://reversevillain.com"
139.59.58.126 - - [08/Jun/2025:17:17:46 -0400] "POST //xmlrpc.php HTTP/1.1" 200 205 "-" "Mozilla/5.0 (Windows NT 10.0; Win64; x64) AppleWebKit/537.36 (KHTML, like Gecko) Chrome/80.0.3987.149 Safari/537.36"
162.0.232.193 - - [08/Jun/2025:17:18:16 -0400] "POST /wp-admin/admin-ajax.php?action=async_litespeed&nonce=qipEPHTCm7Gf2wuKnHQcS72zrwRHNP8s&litespeed_type=imgoptm HTTP/1.1" 200 5 "-" "WordPress/6.8.1; https://reversevillain.com"
162.0.232.193 - - [08/Jun/2025:17:18:45 -0400] "POST /wp-cron.php?doing_wp_cron=1749417525.5930759906768798828125 HTTP/1.1" 200 0 "-" "WordPress/6.8.1; https://reversevillain.com"
139.59.58.126 - - [08/Jun/2025:17:18:16 -0400] "POST //xmlrpc.php HTTP/1.1" 200 205 "-" "Mozilla/5.0 (Windows NT 10.0; Win64; x64) AppleWebKit/537.36 (KHTML, like Gecko) Chrome/80.0.3987.149 Safari/537.36"
139.59.58.126 - - [08/Jun/2025:17:18:46 -0400] "POST //xmlrpc.php HTTP/1.1" 200 205 "-" "Mozilla/5.0 (Windows NT 10.0; Win64; x64) AppleWebKit/537.36 (KHTML, like Gecko) Chrome/80.0.3987.149 Safari/537.36"
162.0.232.193 - - [08/Jun/2025:17:19:46 -0400] "POST /wp-cron.php?doing_wp_cron=1749417585.9110450744628906250000 HTTP/1.1" 200 0 "-" "WordPress/6.8.1; https://reversevillain.com"
139.59.58.126 - - [08/Jun/2025:17:19:15 -0400] "POST //xmlrpc.php HTTP/1.1" 200 205 "-" "Mozilla/5.0 (Windows NT 10.0; Win64; x64) AppleWebKit/537.36 (KHTML, like Gecko) Chrome/80.0.3987.149 Safari/537.36"
162.0.232.193 - - [08/Jun/2025:17:19:46 -0400] "POST /wp-admin/admin-ajax.php?action=async_litespeed&nonce=6bRD0aVy5plmhpGCFPx7oj0fsX4HECnP&litespeed_type=imgoptm HTTP/1.1" 200 5 "-" "WordPress/6.8.1; https://reversevillain.com"
162.0.232.193 - - [08/Jun/2025:17:20:16 -0400] "POST /wp-cron.php?doing_wp_cron=1749417615.8996109962463378906250 HTTP/1.1" 200 0 "-" "WordPress/6.8.1; https://reversevillain.com"
139.59.58.126 - - [08/Jun/2025:17:19:46 -0400] "POST //xmlrpc.php HTTP/1.1" 200 205 "-" "Mozilla/5.0 (Windows NT 10.0; Win64; x64) AppleWebKit/537.36 (KHTML, like Gecko) Chrome/80.0.3987.149 Safari/537.36"
162.0.232.193 - - [08/Jun/2025:17:20:16 -0400] "POST /wp-admin/admin-ajax.php?action=async_litespeed&nonce=EF2LE6IUvWARaR88I1Lo2tEbm70FnzQL&litespeed_type=imgoptm HTTP/1.1" 200 5 "-" "WordPress/6.8.1; https://reversevillain.com"
162.0.232.193 - - [08/Jun/2025:17:20:46 -0400] "POST /wp-cron.php?doing_wp_cron=1749417645.9529531002044677734375 HTTP/1.1" 200 0 "-" "WordPress/6.8.1; https://reversevillain.com"
139.59.58.126 - - [08/Jun/2025:17:20:16 -0400] "POST //xmlrpc.php HTTP/1.1" 200 205 "-" "Mozilla/5.0 (Windows NT 10.0; Win64; x64) AppleWebKit/537.36 (KHTML, like Gecko) Chrome/80.0.3987.149 Safari/537.36"
139.59.58.126 - - [08/Jun/2025:17:20:46 -0400] "POST //xmlrpc.php HTTP/1.1" 200 205 "-" "Mozilla/5.0 (Windows NT 10.0; Win64; x64) AppleWebKit/537.36 (KHTML, like Gecko) Chrome/80.0.3987.149 Safari/537.36"
162.0.232.193 - - [08/Jun/2025:17:21:46 -0400] "POST /wp-cron.php?doing_wp_cron=1749417706.0916929244995117187500 HTTP/1.1" 200 0 "-" "WordPress/6.8.1; https://reversevillain.com"
139.59.58.126 - - [08/Jun/2025:17:21:16 -0400] "POST //xmlrpc.php HTTP/1.1" 200 205 "-" "Mozilla/5.0 (Windows NT 10.0; Win64; x64) AppleWebKit/537.36 (KHTML, like Gecko) Chrome/80.0.3987.149 Safari/537.36"
162.0.232.193 - - [08/Jun/2025:17:21:46 -0400] "POST /wp-admin/admin-ajax.php?action=async_litespeed&nonce=utRJq4Pyxe3ZE584Xihec9s7HLGCUvLX&litespeed_type=imgoptm HTTP/1.1" 200 5 "-" "WordPress/6.8.1; https://reversevillain.com"
162.0.232.193 - - [08/Jun/2025:17:22:16 -0400] "POST /wp-cron.php?doing_wp_cron=1749417736.0560250282287597656250 HTTP/1.1" 200 0 "-" "WordPress/6.8.1; https://reversevillain.com"
139.59.58.126 - - [08/Jun/2025:17:21:46 -0400] "POST //xmlrpc.php HTTP/1.1" 200 205 "-" "Mozilla/5.0 (Windows NT 10.0; Win64; x64) AppleWebKit/537.36 (KHTML, like Gecko) Chrome/80.0.3987.149 Safari/537.36"
162.0.232.193 - - [08/Jun/2025:17:22:16 -0400] "POST /wp-admin/admin-ajax.php?action=async_litespeed&nonce=q2jVAvEMjOTVjMQgPf7Ys49vu6NJ9tVe&litespeed_type=imgoptm HTTP/1.1" 200 5 "-" "WordPress/6.8.1; https://reversevillain.com"
162.0.232.193 - - [08/Jun/2025:17:22:45 -0400] "POST /wp-cron.php?doing_wp_cron=1749417765.8029859066009521484375 HTTP/1.1" 200 0 "-" "WordPress/6.8.1; https://reversevillain.com"
139.59.58.126 - - [08/Jun/2025:17:22:16 -0400] "POST //xmlrpc.php HTTP/1.1" 200 205 "-" "Mozilla/5.0 (Windows NT 10.0; Win64; x64) AppleWebKit/537.36 (KHTML, like Gecko) Chrome/80.0.3987.149 Safari/537.36"
139.59.58.126 - - [08/Jun/2025:17:22:46 -0400] "POST //xmlrpc.php HTTP/1.1" 200 205 "-" "Mozilla/5.0 (Windows NT 10.0; Win64; x64) AppleWebKit/537.36 (KHTML, like Gecko) Chrome/80.0.3987.149 Safari/537.36"
139.59.58.126 - - [08/Jun/2025:17:23:16 -0400] "POST //xmlrpc.php HTTP/1.1" 200 205 "-" "Mozilla/5.0 (Windows NT 10.0; Win64; x64) AppleWebKit/537.36 (KHTML, like Gecko) Chrome/80.0.3987.149 Safari/537.36"
162.0.232.193 - - [08/Jun/2025:17:24:15 -0400] "POST /wp-cron.php?doing_wp_cron=1749417855.4128410816192626953125 HTTP/1.1" 200 0 "-" "WordPress/6.8.1; https://reversevillain.com"
139.59.58.126 - - [08/Jun/2025:17:23:45 -0400] "POST //xmlrpc.php HTTP/1.1" 200 205 "-" "Mozilla/5.0 (Windows NT 10.0; Win64; x64) AppleWebKit/537.36 (KHTML, like Gecko) Chrome/80.0.3987.149 Safari/537.36"
162.0.232.193 - - [08/Jun/2025:17:24:16 -0400] "POST /wp-admin/admin-ajax.php?action=async_litespeed&nonce=DyK4Ii9V7048BheXbXVzOD7HmOeZ4iZM&litespeed_type=imgoptm HTTP/1.1" 200 5 "-" "WordPress/6.8.1; https://reversevillain.com"
5.255.231.118 - - [08/Jun/2025:17:24:26 -0400] "GET /my-hero-academia-chapter-371/ HTTP/1.1" 301 0 "-" "Mozilla/5.0 (compatible; YandexBot/3.0; +http://yandex.com/bots)"
87.250.224.33 - - [08/Jun/2025:17:24:27 -0400] "GET / HTTP/1.1" 200 9390 "-" "Mozilla/5.0 (compatible; YandexBot/3.0; +http://yandex.com/bots)"
139.59.58.126 - - [08/Jun/2025:17:24:16 -0400] "POST //xmlrpc.php HTTP/1.1" 200 205 "-" "Mozilla/5.0 (Windows NT 10.0; Win64; x64) AppleWebKit/537.36 (KHTML, like Gecko) Chrome/80.0.3987.149 Safari/537.36"
162.0.232.193 - - [08/Jun/2025:17:25:15 -0400] "POST /wp-cron.php?doing_wp_cron=1749417915.7133240699768066406250 HTTP/1.1" 200 0 "-" "WordPress/6.8.1; https://reversevillain.com"
139.59.58.126 - - [08/Jun/2025:17:24:46 -0400] "POST //xmlrpc.php HTTP/1.1" 200 205 "-" "Mozilla/5.0 (Windows NT 10.0; Win64; x64) AppleWebKit/537.36 (KHTML, like Gecko) Chrome/80.0.3987.149 Safari/537.36"
162.0.232.193 - - [08/Jun/2025:17:25:16 -0400] "POST /wp-admin/admin-ajax.php?action=async_litespeed&nonce=Qr2b5nWtcAG8HTsYTMAba53tchUl8BZO&litespeed_type=imgoptm HTTP/1.1" 200 5 "-" "WordPress/6.8.1; https://reversevillain.com"
162.0.232.193 - - [08/Jun/2025:17:25:45 -0400] "POST /wp-cron.php?doing_wp_cron=1749417945.6986238956451416015625 HTTP/1.1" 200 0 "-" "WordPress/6.8.1; https://reversevillain.com"
139.59.58.126 - - [08/Jun/2025:17:25:16 -0400] "POST //xmlrpc.php HTTP/1.1" 200 205 "-" "Mozilla/5.0 (Windows NT 10.0; Win64; x64) AppleWebKit/537.36 (KHTML, like Gecko) Chrome/80.0.3987.149 Safari/537.36"
139.59.58.126 - - [08/Jun/2025:17:25:46 -0400] "POST //xmlrpc.php HTTP/1.1" 200 205 "-" "Mozilla/5.0 (Windows NT 10.0; Win64; x64) AppleWebKit/537.36 (KHTML, like Gecko) Chrome/80.0.3987.149 Safari/537.36"
139.59.58.126 - - [08/Jun/2025:17:26:16 -0400] "POST //xmlrpc.php HTTP/1.1" 200 205 "-" "Mozilla/5.0 (Windows NT 10.0; Win64; x64) AppleWebKit/537.36 (KHTML, like Gecko) Chrome/80.0.3987.149 Safari/537.36"
162.0.232.193 - - [08/Jun/2025:17:26:52 -0400] "POST /wp-cron.php?doing_wp_cron=1749418011.8258109092712402343750 HTTP/1.1" 200 0 "-" "WordPress/6.8.1; https://reversevillain.com"
47.128.121.83 - - [08/Jun/2025:17:26:51 -0400] "GET /hwarang-flower-knights-of-the-underworld-group-2-chapter-31/ HTTP/1.1" 301 0 "-" "Mozilla/5.0 (Linux; Android 5.0) AppleWebKit/537.36 (KHTML, like Gecko) Mobile Safari/537.36 (compatible; TikTokSpider; [email protected])"
162.0.232.193 - - [08/Jun/2025:17:26:52 -0400] "POST /wp-admin/admin-ajax.php?action=async_litespeed&nonce=0cp0krt5htvxq7uF2MxOYlFWy77py43G&litespeed_type=imgoptm HTTP/1.1" 200 5 "-" "WordPress/6.8.1; https://reversevillain.com"
47.128.121.83 - - [08/Jun/2025:17:26:52 -0400] "GET / HTTP/1.1" 200 9390 "-" "Mozilla/5.0 (Linux; Android 5.0) AppleWebKit/537.36 (KHTML, like Gecko) Mobile Safari/537.36 (compatible; TikTokSpider; [email protected])"
43.167.239.66 - - [08/Jun/2025:17:27:02 -0400] "GET /wp-json/oembed/1.0/embed?url=https%3A%2F%2Freversevillain.com%2Freverse-villain-chapter-2%2F HTTP/1.1" 200 2369 "-" "Mozilla/5.0 (iPhone; CPU iPhone OS 13_2_3 like Mac OS X) AppleWebKit/605.1.15 (KHTML, like Gecko) Version/13.0.3 Mobile/15E148 Safari/604.1"
139.59.58.126 - - [08/Jun/2025:17:26:45 -0400] "POST //xmlrpc.php HTTP/1.1" 200 205 "-" "Mozilla/5.0 (Windows NT 10.0; Win64; x64) AppleWebKit/537.36 (KHTML, like Gecko) Chrome/80.0.3987.149 Safari/537.36"
157.245.148.39 - - [08/Jun/2025:17:27:27 -0400] "GET / HTTP/1.1" 200 9390 "-" "Mozilla/5.0 (Windows NT 10.0; Win64; x64) AppleWebKit/537.36 (KHTML, like Gecko) Chrome/78.0.3904.108 Safari/537.36"
157.245.148.39 - - [08/Jun/2025:17:27:27 -0400] "GET //wp-includes/wlwmanifest.xml HTTP/1.1" 301 0 "-" "Mozilla/5.0 (Windows NT 10.0; Win64; x64) AppleWebKit/537.36 (KHTML, like Gecko) Chrome/78.0.3904.108 Safari/537.36"
157.245.148.39 - - [08/Jun/2025:17:27:27 -0400] "GET //xmlrpc.php?rsd HTTP/1.1" 200 293 "-" "Mozilla/5.0 (Windows NT 10.0; Win64; x64) AppleWebKit/537.36 (KHTML, like Gecko) Chrome/78.0.3904.108 Safari/537.36"
157.245.148.39 - - [08/Jun/2025:17:27:28 -0400] "GET //?author=1 HTTP/1.1" 301 0 "-" "Mozilla/5.0 (Windows NT 10.0; Win64; x64) AppleWebKit/537.36 (KHTML, like Gecko) Chrome/78.0.3904.108 Safari/537.36"
157.245.148.39 - - [08/Jun/2025:17:27:28 -0400] "GET //?author=2 HTTP/1.1" 301 0 "-" "Mozilla/5.0 (Windows NT 10.0; Win64; x64) AppleWebKit/537.36 (KHTML, like Gecko) Chrome/78.0.3904.108 Safari/537.36"
157.245.148.39 - - [08/Jun/2025:17:27:28 -0400] "GET //wp-json/wp/v2/users/ HTTP/1.1" 200 6355 "-" "Mozilla/5.0 (Windows NT 10.0; Win64; x64) AppleWebKit/537.36 (KHTML, like Gecko) Chrome/78.0.3904.108 Safari/537.36"
157.245.148.39 - - [08/Jun/2025:17:27:28 -0400] "GET //wp-json/oembed/1.0/embed?url=https://reversevillain.com/ HTTP/1.1" 200 2430 "-" "Mozilla/5.0 (Windows NT 10.0; Win64; x64) AppleWebKit/537.36 (KHTML, like Gecko) Chrome/78.0.3904.108 Safari/537.36"
162.0.232.193 - - [08/Jun/2025:17:27:45 -0400] "POST /wp-cron.php?doing_wp_cron=1749418065.1644439697265625000000 HTTP/1.1" 200 0 "-" "WordPress/6.8.1; https://reversevillain.com"
157.245.148.39 - - [08/Jun/2025:17:27:29 -0400] "POST //xmlrpc.php HTTP/1.1" 200 205 "-" "Mozilla/5.0 (Windows NT 10.0; Win64; x64) AppleWebKit/537.36 (KHTML, like Gecko) Chrome/78.0.3904.108 Safari/537.36"
139.59.58.126 - - [08/Jun/2025:17:27:16 -0400] "POST //xmlrpc.php HTTP/1.1" 200 205 "-" "Mozilla/5.0 (Windows NT 10.0; Win64; x64) AppleWebKit/537.36 (KHTML, like Gecko) Chrome/80.0.3987.149 Safari/537.36"
157.245.148.39 - - [08/Jun/2025:17:27:45 -0400] "POST //xmlrpc.php HTTP/1.1" 200 205 "-" "Mozilla/5.0 (Windows NT 10.0; Win64; x64) AppleWebKit/537.36 (KHTML, like Gecko) Chrome/78.0.3904.108 Safari/537.36"
139.59.58.126 - - [08/Jun/2025:17:27:46 -0400] "POST //xmlrpc.php HTTP/1.1" 200 205 "-" "Mozilla/5.0 (Windows NT 10.0; Win64; x64) AppleWebKit/537.36 (KHTML, like Gecko) Chrome/80.0.3987.149 Safari/537.36"
157.245.148.39 - - [08/Jun/2025:17:28:01 -0400] "POST //xmlrpc.php HTTP/1.1" 200 205 "-" "Mozilla/5.0 (Windows NT 10.0; Win64; x64) AppleWebKit/537.36 (KHTML, like Gecko) Chrome/78.0.3904.108 Safari/537.36"
47.128.122.132 - - [08/Jun/2025:17:28:45 -0400] "GET /barbarian-quest-chapter-63/ HTTP/1.1" 301 0 "-" "Mozilla/5.0 (Linux; Android 5.0) AppleWebKit/537.36 (KHTML, like Gecko) Mobile Safari/537.36 (compatible; TikTokSpider; [email protected])"
162.0.232.193 - - [08/Jun/2025:17:28:46 -0400] "POST /wp-cron.php?doing_wp_cron=1749418125.9098899364471435546875 HTTP/1.1" 200 0 "-" "WordPress/6.8.1; https://reversevillain.com"
139.59.58.126 - - [08/Jun/2025:17:28:16 -0400] "POST //xmlrpc.php HTTP/1.1" 200 205 "-" "Mozilla/5.0 (Windows NT 10.0; Win64; x64) AppleWebKit/537.36 (KHTML, like Gecko) Chrome/80.0.3987.149 Safari/537.36"
47.128.122.132 - - [08/Jun/2025:17:28:46 -0400] "GET / HTTP/1.1" 200 9390 "-" "Mozilla/5.0 (Linux; Android 5.0) AppleWebKit/537.36 (KHTML, like Gecko) Mobile Safari/537.36 (compatible; TikTokSpider; [email protected])"
162.0.232.193 - - [08/Jun/2025:17:28:46 -0400] "POST /wp-admin/admin-ajax.php?action=async_litespeed&nonce=ntzwtEwkkbyDbWFTzSyV53k6g4iRpG1W&litespeed_type=imgoptm HTTP/1.1" 200 5 "-" "WordPress/6.8.1; https://reversevillain.com"
162.0.232.193 - - [08/Jun/2025:17:29:01 -0400] "POST /wp-cron.php?doing_wp_cron=1749418140.8998870849609375000000 HTTP/1.1" 200 0 "-" "WordPress/6.8.1; https://reversevillain.com"
157.245.148.39 - - [08/Jun/2025:17:28:30 -0400] "POST //xmlrpc.php HTTP/1.1" 200 205 "-" "Mozilla/5.0 (Windows NT 10.0; Win64; x64) AppleWebKit/537.36 (KHTML, like Gecko) Chrome/78.0.3904.108 Safari/537.36"
162.0.232.193 - - [08/Jun/2025:17:29:01 -0400] "POST /wp-admin/admin-ajax.php?action=async_litespeed&nonce=ZQOK6Z9RqWhbNUSuCmTkCVv8ZxVZTyiV&litespeed_type=imgoptm HTTP/1.1" 200 5 "-" "WordPress/6.8.1; https://reversevillain.com"
139.59.58.126 - - [08/Jun/2025:17:28:46 -0400] "POST //xmlrpc.php HTTP/1.1" 200 205 "-" "Mozilla/5.0 (Windows NT 10.0; Win64; x64) AppleWebKit/537.36 (KHTML, like Gecko) Chrome/80.0.3987.149 Safari/537.36"
162.0.232.193 - - [08/Jun/2025:17:29:30 -0400] "POST /wp-cron.php?doing_wp_cron=1749418170.4799189567565917968750 HTTP/1.1" 200 0 "-" "WordPress/6.8.1; https://reversevillain.com"
157.245.148.39 - - [08/Jun/2025:17:29:01 -0400] "POST //xmlrpc.php HTTP/1.1" 200 205 "-" "Mozilla/5.0 (Windows NT 10.0; Win64; x64) AppleWebKit/537.36 (KHTML, like Gecko) Chrome/78.0.3904.108 Safari/537.36"
139.59.58.126 - - [08/Jun/2025:17:29:16 -0400] "POST //xmlrpc.php HTTP/1.1" 200 205 "-" "Mozilla/5.0 (Windows NT 10.0; Win64; x64) AppleWebKit/537.36 (KHTML, like Gecko) Chrome/80.0.3987.149 Safari/537.36"
157.245.148.39 - - [08/Jun/2025:17:29:31 -0400] "POST //xmlrpc.php HTTP/1.1" 200 205 "-" "Mozilla/5.0 (Windows NT 10.0; Win64; x64) AppleWebKit/537.36 (KHTML, like Gecko) Chrome/78.0.3904.108 Safari/537.36"
139.59.58.126 - - [08/Jun/2025:17:29:46 -0400] "POST //xmlrpc.php HTTP/1.1" 200 205 "-" "Mozilla/5.0 (Windows NT 10.0; Win64; x64) AppleWebKit/537.36 (KHTML, like Gecko) Chrome/80.0.3987.149 Safari/537.36"
162.0.232.193 - - [08/Jun/2025:17:30:31 -0400] "POST /wp-cron.php?doing_wp_cron=1749418231.0503830909729003906250 HTTP/1.1" 200 0 "-" "WordPress/6.8.1; https://reversevillain.com"
157.245.148.39 - - [08/Jun/2025:17:30:01 -0400] "POST //xmlrpc.php HTTP/1.1" 200 205 "-" "Mozilla/5.0 (Windows NT 10.0; Win64; x64) AppleWebKit/537.36 (KHTML, like Gecko) Chrome/78.0.3904.108 Safari/537.36"
162.0.232.193 - - [08/Jun/2025:17:30:31 -0400] "POST /wp-admin/admin-ajax.php?action=async_litespeed&nonce=rIz4hBlQA8r9eiSS7ezzc3k86Lm04Yge&litespeed_type=imgoptm HTTP/1.1" 200 5 "-" "WordPress/6.8.1; https://reversevillain.com"
162.0.232.193 - - [08/Jun/2025:17:30:46 -0400] "POST /wp-cron.php?doing_wp_cron=1749418245.9398770332336425781250 HTTP/1.1" 200 0 "-" "WordPress/6.8.1; https://reversevillain.com"
139.59.58.126 - - [08/Jun/2025:17:30:15 -0400] "POST //xmlrpc.php HTTP/1.1" 200 205 "-" "Mozilla/5.0 (Windows NT 10.0; Win64; x64) AppleWebKit/537.36 (KHTML, like Gecko) Chrome/80.0.3987.149 Safari/537.36"
162.0.232.193 - - [08/Jun/2025:17:31:01 -0400] "POST /wp-cron.php?doing_wp_cron=1749418260.8018898963928222656250 HTTP/1.1" 200 0 "-" "WordPress/6.8.1; https://reversevillain.com"
157.245.148.39 - - [08/Jun/2025:17:30:31 -0400] "POST //xmlrpc.php HTTP/1.1" 200 205 "-" "Mozilla/5.0 (Windows NT 10.0; Win64; x64) AppleWebKit/537.36 (KHTML, like Gecko) Chrome/78.0.3904.108 Safari/537.36"
162.0.232.193 - - [08/Jun/2025:17:31:01 -0400] "POST /wp-admin/admin-ajax.php?action=async_litespeed&nonce=wZJwEgBmV6YLtsTFntWFMqNsTUCVZXFO&litespeed_type=imgoptm HTTP/1.1" 200 5 "-" "WordPress/6.8.1; https://reversevillain.com"
139.59.58.126 - - [08/Jun/2025:17:30:46 -0400] "POST //xmlrpc.php HTTP/1.1" 200 205 "-" "Mozilla/5.0 (Windows NT 10.0; Win64; x64) AppleWebKit/537.36 (KHTML, like Gecko) Chrome/80.0.3987.149 Safari/537.36"
162.0.232.193 - - [08/Jun/2025:17:31:30 -0400] "POST /wp-cron.php?doing_wp_cron=1749418290.5374290943145751953125 HTTP/1.1" 200 0 "-" "WordPress/6.8.1; https://reversevillain.com"
157.245.148.39 - - [08/Jun/2025:17:31:01 -0400] "POST //xmlrpc.php HTTP/1.1" 200 205 "-" "Mozilla/5.0 (Windows NT 10.0; Win64; x64) AppleWebKit/537.36 (KHTML, like Gecko) Chrome/78.0.3904.108 Safari/537.36"
139.59.58.126 - - [08/Jun/2025:17:31:16 -0400] "POST //xmlrpc.php HTTP/1.1" 200 205 "-" "Mozilla/5.0 (Windows NT 10.0; Win64; x64) AppleWebKit/537.36 (KHTML, like Gecko) Chrome/80.0.3987.149 Safari/537.36"
157.245.148.39 - - [08/Jun/2025:17:31:31 -0400] "POST //xmlrpc.php HTTP/1.1" 200 205 "-" "Mozilla/5.0 (Windows NT 10.0; Win64; x64) AppleWebKit/537.36 (KHTML, like Gecko) Chrome/78.0.3904.108 Safari/537.36"
157.245.148.39 - - [08/Jun/2025:17:32:00 -0400] "POST //xmlrpc.php HTTP/1.1" 200 205 "-" "Mozilla/5.0 (Windows NT 10.0; Win64; x64) AppleWebKit/537.36 (KHTML, like Gecko) Chrome/78.0.3904.108 Safari/537.36"
139.59.58.126 - - [08/Jun/2025:17:31:45 -0400] "POST //xmlrpc.php HTTP/1.1" 200 205 "-" "Mozilla/5.0 (Windows NT 10.0; Win64; x64) AppleWebKit/537.36 (KHTML, like Gecko) Chrome/80.0.3987.149 Safari/537.36"
162.0.232.193 - - [08/Jun/2025:17:32:45 -0400] "POST /wp-cron.php?doing_wp_cron=1749418365.1391570568084716796875 HTTP/1.1" 200 0 "-" "WordPress/6.8.1; https://reversevillain.com"
157.245.148.39 - - [08/Jun/2025:17:32:16 -0400] "POST //xmlrpc.php HTTP/1.1" 200 205 "-" "Mozilla/5.0 (Windows NT 10.0; Win64; x64) AppleWebKit/537.36 (KHTML, like Gecko) Chrome/78.0.3904.108 Safari/537.36"
139.59.58.126 - - [08/Jun/2025:17:32:16 -0400] "POST //xmlrpc.php HTTP/1.1" 200 205 "-" "Mozilla/5.0 (Windows NT 10.0; Win64; x64) AppleWebKit/537.36 (KHTML, like Gecko) Chrome/80.0.3987.149 Safari/537.36"
162.0.232.193 - - [08/Jun/2025:17:32:45 -0400] "POST /wp-admin/admin-ajax.php?action=async_litespeed&nonce=qEiwEy44clsdMmIiskAEUOCZaWsyPlwH&litespeed_type=imgoptm HTTP/1.1" 200 5 "-" "WordPress/6.8.1; https://reversevillain.com"
162.0.232.193 - - [08/Jun/2025:17:33:01 -0400] "POST /wp-cron.php?doing_wp_cron=1749418380.7540850639343261718750 HTTP/1.1" 200 0 "-" "WordPress/6.8.1; https://reversevillain.com"
157.245.148.39 - - [08/Jun/2025:17:32:45 -0400] "POST //xmlrpc.php HTTP/1.1" 200 205 "-" "Mozilla/5.0 (Windows NT 10.0; Win64; x64) AppleWebKit/537.36 (KHTML, like Gecko) Chrome/78.0.3904.108 Safari/537.36"
162.0.232.193 - - [08/Jun/2025:17:33:01 -0400] "POST /wp-admin/admin-ajax.php?action=async_litespeed&nonce=hWp3pGaKG7n99Nh4GSHKUjuyaBF5gVnf&litespeed_type=imgoptm HTTP/1.1" 200 5 "-" "WordPress/6.8.1; https://reversevillain.com"
139.59.58.126 - - [08/Jun/2025:17:32:46 -0400] "POST //xmlrpc.php HTTP/1.1" 200 205 "-" "Mozilla/5.0 (Windows NT 10.0; Win64; x64) AppleWebKit/537.36 (KHTML, like Gecko) Chrome/80.0.3987.149 Safari/537.36"
162.0.232.193 - - [08/Jun/2025:17:33:30 -0400] "POST /wp-cron.php?doing_wp_cron=1749418410.5363240242004394531250 HTTP/1.1" 200 0 "-" "WordPress/6.8.1; https://reversevillain.com"
157.245.148.39 - - [08/Jun/2025:17:33:01 -0400] "POST //xmlrpc.php HTTP/1.1" 200 205 "-" "Mozilla/5.0 (Windows NT 10.0; Win64; x64) AppleWebKit/537.36 (KHTML, like Gecko) Chrome/78.0.3904.108 Safari/537.36"
139.59.58.126 - - [08/Jun/2025:17:33:16 -0400] "POST //xmlrpc.php HTTP/1.1" 200 205 "-" "Mozilla/5.0 (Windows NT 10.0; Win64; x64) AppleWebKit/537.36 (KHTML, like Gecko) Chrome/80.0.3987.149 Safari/537.36"
47.128.110.98 - - [08/Jun/2025:17:33:54 -0400] "GET /mujina-into-the-deep-chapter-2-1/ HTTP/1.1" 301 0 "-" "Mozilla/5.0 (Linux; Android 5.0) AppleWebKit/537.36 (KHTML, like Gecko) Mobile Safari/537.36 (compatible; TikTokSpider; [email protected])"
47.128.110.98 - - [08/Jun/2025:17:33:55 -0400] "GET / HTTP/1.1" 200 9390 "-" "Mozilla/5.0 (Linux; Android 5.0) AppleWebKit/537.36 (KHTML, like Gecko) Mobile Safari/537.36 (compatible; TikTokSpider; [email protected])"
157.245.148.39 - - [08/Jun/2025:17:33:31 -0400] "POST //xmlrpc.php HTTP/1.1" 200 205 "-" "Mozilla/5.0 (Windows NT 10.0; Win64; x64) AppleWebKit/537.36 (KHTML, like Gecko) Chrome/78.0.3904.108 Safari/537.36"
157.245.148.39 - - [08/Jun/2025:17:34:00 -0400] "POST //xmlrpc.php HTTP/1.1" 200 205 "-" "Mozilla/5.0 (Windows NT 10.0; Win64; x64) AppleWebKit/537.36 (KHTML, like Gecko) Chrome/78.0.3904.108 Safari/537.36"
139.59.58.126 - - [08/Jun/2025:17:33:45 -0400] "POST //xmlrpc.php HTTP/1.1" 200 205 "-" "Mozilla/5.0 (Windows NT 10.0; Win64; x64) AppleWebKit/537.36 (KHTML, like Gecko) Chrome/80.0.3987.149 Safari/537.36"
40.77.167.67 - - [08/Jun/2025:17:34:25 -0400] "GET /kimi-wa-008-chapter-229/ HTTP/1.1" 301 0 "-" "Mozilla/5.0 AppleWebKit/537.36 (KHTML, like Gecko; compatible; bingbot/2.0; +http://www.bing.com/bingbot.htm) Chrome/116.0.1938.76 Safari/537.36"
162.0.232.193 - - [08/Jun/2025:17:34:45 -0400] "POST /wp-cron.php?doing_wp_cron=1749418485.1878321170806884765625 HTTP/1.1" 200 0 "-" "WordPress/6.8.1; https://reversevillain.com"
139.59.58.126 - - [08/Jun/2025:17:34:17 -0400] "POST //xmlrpc.php HTTP/1.1" 200 205 "-" "Mozilla/5.0 (Windows NT 10.0; Win64; x64) AppleWebKit/537.36 (KHTML, like Gecko) Chrome/80.0.3987.149 Safari/537.36"
157.245.148.39 - - [08/Jun/2025:17:34:15 -0400] "POST //xmlrpc.php HTTP/1.1" 200 205 "-" "Mozilla/5.0 (Windows NT 10.0; Win64; x64) AppleWebKit/537.36 (KHTML, like Gecko) Chrome/78.0.3904.108 Safari/537.36"
162.0.232.193 - - [08/Jun/2025:17:34:45 -0400] "POST /wp-admin/admin-ajax.php?action=async_litespeed&nonce=iuDXaai2h7tVG78KvI9xN6cCfW29Ylqj&litespeed_type=imgoptm HTTP/1.1" 200 5 "-" "WordPress/6.8.1; https://reversevillain.com"
162.0.232.193 - - [08/Jun/2025:17:34:56 -0400] "POST /wp-cron.php?doing_wp_cron=1749418496.2861740589141845703125 HTTP/1.1" 200 0 "-" "WordPress/6.8.1; https://reversevillain.com"
47.128.121.130 - - [08/Jun/2025:17:34:56 -0400] "GET /tenkuu-shinpan-arrive-chapter-44/ HTTP/1.1" 301 0 "-" "Mozilla/5.0 (Linux; Android 5.0) AppleWebKit/537.36 (KHTML, like Gecko) Mobile Safari/537.36 (compatible; TikTokSpider; [email protected])"
47.128.121.130 - - [08/Jun/2025:17:34:56 -0400] "GET / HTTP/1.1" 200 9390 "-" "Mozilla/5.0 (Linux; Android 5.0) AppleWebKit/537.36 (KHTML, like Gecko) Mobile Safari/537.36 (compatible; TikTokSpider; [email protected])"
162.0.232.193 - - [08/Jun/2025:17:34:56 -0400] "POST /wp-admin/admin-ajax.php?action=async_litespeed&nonce=AJFFpHdF3noEfrPMXji87KBONMZNTeTx&litespeed_type=imgoptm HTTP/1.1" 200 5 "-" "WordPress/6.8.1; https://reversevillain.com"
157.245.148.39 - - [08/Jun/2025:17:34:46 -0400] "POST //xmlrpc.php HTTP/1.1" 200 205 "-" "Mozilla/5.0 (Windows NT 10.0; Win64; x64) AppleWebKit/537.36 (KHTML, like Gecko) Chrome/78.0.3904.108 Safari/537.36"
139.59.58.126 - - [08/Jun/2025:17:34:45 -0400] "POST //xmlrpc.php HTTP/1.1" 200 205 "-" "Mozilla/5.0 (Windows NT 10.0; Win64; x64) AppleWebKit/537.36 (KHTML, like Gecko) Chrome/80.0.3987.149 Safari/537.36"
162.0.232.193 - - [08/Jun/2025:17:35:45 -0400] "POST /wp-cron.php?doing_wp_cron=1749418545.1031529903411865234375 HTTP/1.1" 200 0 "-" "WordPress/6.8.1; https://reversevillain.com"
139.59.58.126 - - [08/Jun/2025:17:35:16 -0400] "POST //xmlrpc.php HTTP/1.1" 200 205 "-" "Mozilla/5.0 (Windows NT 10.0; Win64; x64) AppleWebKit/537.36 (KHTML, like Gecko) Chrome/80.0.3987.149 Safari/537.36"
157.245.148.39 - - [08/Jun/2025:17:35:15 -0400] "POST //xmlrpc.php HTTP/1.1" 200 205 "-" "Mozilla/5.0 (Windows NT 10.0; Win64; x64) AppleWebKit/537.36 (KHTML, like Gecko) Chrome/78.0.3904.108 Safari/537.36"
43.157.170.126 - - [08/Jun/2025:17:36:03 -0400] "GET /reverse-villain-chapter-88/ HTTP/1.1" 200 9946 "-" "Mozilla/5.0 (iPhone; CPU iPhone OS 13_2_3 like Mac OS X) AppleWebKit/605.1.15 (KHTML, like Gecko) Version/13.0.3 Mobile/15E148 Safari/604.1"
139.59.58.126 - - [08/Jun/2025:17:35:45 -0400] "POST //xmlrpc.php HTTP/1.1" 200 205 "-" "Mozilla/5.0 (Windows NT 10.0; Win64; x64) AppleWebKit/537.36 (KHTML, like Gecko) Chrome/80.0.3987.149 Safari/537.36"
157.245.148.39 - - [08/Jun/2025:17:35:45 -0400] "POST //xmlrpc.php HTTP/1.1" 200 205 "-" "Mozilla/5.0 (Windows NT 10.0; Win64; x64) AppleWebKit/537.36 (KHTML, like Gecko) Chrome/78.0.3904.108 Safari/537.36"
157.245.148.39 - - [08/Jun/2025:17:36:16 -0400] "POST //xmlrpc.php HTTP/1.1" 200 205 "-" "Mozilla/5.0 (Windows NT 10.0; Win64; x64) AppleWebKit/537.36 (KHTML, like Gecko) Chrome/78.0.3904.108 Safari/537.36"
162.0.232.193 - - [08/Jun/2025:17:36:45 -0400] "POST /wp-cron.php?doing_wp_cron=1749418605.3986449241638183593750 HTTP/1.1" 200 0 "-" "WordPress/6.8.1; https://reversevillain.com"
139.59.58.126 - - [08/Jun/2025:17:36:16 -0400] "POST //xmlrpc.php HTTP/1.1" 200 205 "-" "Mozilla/5.0 (Windows NT 10.0; Win64; x64) AppleWebKit/537.36 (KHTML, like Gecko) Chrome/80.0.3987.149 Safari/537.36"
162.0.232.193 - - [08/Jun/2025:17:36:46 -0400] "POST /wp-admin/admin-ajax.php?action=async_litespeed&nonce=2wZZgdMgYj3tfrAqkvsXPxUO8Z7p1wNy&litespeed_type=imgoptm HTTP/1.1" 200 5 "-" "WordPress/6.8.1; https://reversevillain.com"
162.0.232.193 - - [08/Jun/2025:17:37:01 -0400] "POST /wp-cron.php?doing_wp_cron=1749418620.8260889053344726562500 HTTP/1.1" 200 0 "-" "WordPress/6.8.1; https://reversevillain.com"
157.245.148.39 - - [08/Jun/2025:17:36:45 -0400] "POST //xmlrpc.php HTTP/1.1" 200 205 "-" "Mozilla/5.0 (Windows NT 10.0; Win64; x64) AppleWebKit/537.36 (KHTML, like Gecko) Chrome/78.0.3904.108 Safari/537.36"
162.0.232.193 - - [08/Jun/2025:17:37:01 -0400] "POST /wp-admin/admin-ajax.php?action=async_litespeed&nonce=NRj5Lhhjk2DkZiJzrauvVFhLOUIjeCM6&litespeed_type=imgoptm HTTP/1.1" 200 5 "-" "WordPress/6.8.1; https://reversevillain.com"
139.59.58.126 - - [08/Jun/2025:17:36:46 -0400] "POST //xmlrpc.php HTTP/1.1" 200 205 "-" "Mozilla/5.0 (Windows NT 10.0; Win64; x64) AppleWebKit/537.36 (KHTML, like Gecko) Chrome/80.0.3987.149 Safari/537.36"
178.128.112.102 - - [08/Jun/2025:17:37:16 -0400] "GET /sftp-config.json HTTP/1.1" 301 0 "-" "Mozilla/5.0 (Macintosh; Intel Mac OS X 10.15; rv:77.0) Gecko/20100101 Firefox/77.0"
178.128.112.102 - - [08/Jun/2025:17:37:16 -0400] "GET / HTTP/1.1" 200 9390 "-" "Mozilla/5.0 (Macintosh; Intel Mac OS X 10.15; rv:77.0) Gecko/20100101 Firefox/77.0"
178.128.112.102 - - [08/Jun/2025:17:37:17 -0400] "GET /.vscode/sftp.json HTTP/1.1" 301 0 "-" "Mozilla/5.0 (Macintosh; Intel Mac OS X 10.15; rv:77.0) Gecko/20100101 Firefox/77.0"
178.128.112.102 - - [08/Jun/2025:17:37:18 -0400] "GET / HTTP/1.1" 200 9390 "-" "Mozilla/5.0 (Macintosh; Intel Mac OS X 10.15; rv:77.0) Gecko/20100101 Firefox/77.0"
162.0.232.193 - - [08/Jun/2025:17:37:30 -0400] "POST /wp-cron.php?doing_wp_cron=1749418650.4955480098724365234375 HTTP/1.1" 200 0 "-" "WordPress/6.8.1; https://reversevillain.com"
157.245.148.39 - - [08/Jun/2025:17:37:01 -0400] "POST //xmlrpc.php HTTP/1.1" 200 205 "-" "Mozilla/5.0 (Windows NT 10.0; Win64; x64) AppleWebKit/537.36 (KHTML, like Gecko) Chrome/78.0.3904.108 Safari/537.36"
139.59.58.126 - - [08/Jun/2025:17:37:15 -0400] "POST //xmlrpc.php HTTP/1.1" 200 205 "-" "Mozilla/5.0 (Windows NT 10.0; Win64; x64) AppleWebKit/537.36 (KHTML, like Gecko) Chrome/80.0.3987.149 Safari/537.36"
157.245.148.39 - - [08/Jun/2025:17:37:31 -0400] "POST //xmlrpc.php HTTP/1.1" 200 205 "-" "Mozilla/5.0 (Windows NT 10.0; Win64; x64) AppleWebKit/537.36 (KHTML, like Gecko) Chrome/78.0.3904.108 Safari/537.36"
157.245.148.39 - - [08/Jun/2025:17:38:00 -0400] "POST //xmlrpc.php HTTP/1.1" 200 205 "-" "Mozilla/5.0 (Windows NT 10.0; Win64; x64) AppleWebKit/537.36 (KHTML, like Gecko) Chrome/78.0.3904.108 Safari/537.36"
139.59.58.126 - - [08/Jun/2025:17:37:45 -0400] "POST //xmlrpc.php HTTP/1.1" 200 205 "-" "Mozilla/5.0 (Windows NT 10.0; Win64; x64) AppleWebKit/537.36 (KHTML, like Gecko) Chrome/80.0.3987.149 Safari/537.36"
162.0.232.193 - - [08/Jun/2025:17:38:30 -0400] "POST /wp-cron.php?doing_wp_cron=1749418710.7017939090728759765625 HTTP/1.1" 200 0 "-" "WordPress/6.8.1; https://reversevillain.com"
157.245.148.39 - - [08/Jun/2025:17:38:15 -0400] "POST //xmlrpc.php HTTP/1.1" 200 205 "-" "Mozilla/5.0 (Windows NT 10.0; Win64; x64) AppleWebKit/537.36 (KHTML, like Gecko) Chrome/78.0.3904.108 Safari/537.36"
162.0.232.193 - - [08/Jun/2025:17:38:31 -0400] "POST /wp-admin/admin-ajax.php?action=async_litespeed&nonce=0Oi4hzvqEnml0YAkwQToG4zcsG9ErbDf&litespeed_type=imgoptm HTTP/1.1" 200 5 "-" "WordPress/6.8.1; https://reversevillain.com"
162.0.232.193 - - [08/Jun/2025:17:38:45 -0400] "POST /wp-cron.php?doing_wp_cron=1749418725.5881440639495849609375 HTTP/1.1" 200 0 "-" "WordPress/6.8.1; https://reversevillain.com"
139.59.58.126 - - [08/Jun/2025:17:38:16 -0400] "POST //xmlrpc.php HTTP/1.1" 200 205 "-" "Mozilla/5.0 (Windows NT 10.0; Win64; x64) AppleWebKit/537.36 (KHTML, like Gecko) Chrome/80.0.3987.149 Safari/537.36"
89.251.0.249 - - [08/Jun/2025:17:38:59 -0400] "GET / HTTP/1.1" 200 9390 "-" "Mozilla/5.0 (X11; Linux x86_64) AppleWebKit/537.36 (KHTML, like Gecko) Chrome/120.0.0.0 Safari/537.36"
89.251.0.249 - - [08/Jun/2025:17:38:59 -0400] "GET /wp-includes/js/jquery/jquery-migrate.min.js?ver=3.4.1 HTTP/1.1" 304 0 "https://reversevillain.com/" "Mozilla/5.0 (X11; Linux x86_64) AppleWebKit/537.36 (KHTML, like Gecko) Chrome/120.0.0.0 Safari/537.36"
