64.227.169.195 - - [08/Jun/2025:09:50:16 -0400] "POST //xmlrpc.php HTTP/1.1" 200 205 "-" "Mozilla/5.0 (Windows NT 10.0; Win64; x64) AppleWebKit/537.36 (KHTML, like Gecko) Chrome/80.0.3987.149 Safari/537.36"
162.0.232.193 - - [08/Jun/2025:09:51:31 -0400] "POST /wp-cron.php?doing_wp_cron=1749390690.9872140884399414062500 HTTP/1.1" 200 0 "-" "WordPress/6.8.1; https://reversevillain.com"
64.227.169.195 - - [08/Jun/2025:09:50:45 -0400] "POST //xmlrpc.php HTTP/1.1" 200 205 "-" "Mozilla/5.0 (Windows NT 10.0; Win64; x64) AppleWebKit/537.36 (KHTML, like Gecko) Chrome/80.0.3987.149 Safari/537.36"
162.0.232.193 - - [08/Jun/2025:09:51:31 -0400] "POST /wp-admin/admin-ajax.php?action=async_litespeed&nonce=P0k4gKzsImGrWqE1vPYJ1db0WLyUcfQQ&litespeed_type=imgoptm HTTP/1.1" 200 5 "-" "WordPress/6.8.1; https://reversevillain.com"
64.227.169.195 - - [08/Jun/2025:09:51:31 -0400] "POST //xmlrpc.php HTTP/1.1" 200 205 "-" "Mozilla/5.0 (Windows NT 10.0; Win64; x64) AppleWebKit/537.36 (KHTML, like Gecko) Chrome/80.0.3987.149 Safari/537.36"
16.170.143.231 - - [08/Jun/2025:09:52:13 -0400] "GET /style.php HTTP/1.1" 301 0 "-" "Mozlila/5.0 (Linux; Android 7.0; SM-G892A Bulid/NRD90M; wv) AppleWebKit/537.36 (KHTML, like Gecko) Version/4.0 Chrome/60.0.3112.107 Moblie Safari/537.36"
16.170.143.231 - - [08/Jun/2025:09:52:14 -0400] "GET / HTTP/1.1" 200 9390 "-" "Mozlila/5.0 (Linux; Android 7.0; SM-G892A Bulid/NRD90M; wv) AppleWebKit/537.36 (KHTML, like Gecko) Version/4.0 Chrome/60.0.3112.107 Moblie Safari/537.36"
162.0.232.193 - - [08/Jun/2025:09:52:31 -0400] "POST /wp-cron.php?doing_wp_cron=1749390751.0229079723358154296875 HTTP/1.1" 200 0 "-" "WordPress/6.8.1; https://reversevillain.com"
64.227.169.195 - - [08/Jun/2025:09:52:00 -0400] "POST //xmlrpc.php HTTP/1.1" 200 205 "-" "Mozilla/5.0 (Windows NT 10.0; Win64; x64) AppleWebKit/537.36 (KHTML, like Gecko) Chrome/80.0.3987.149 Safari/537.36"
162.0.232.193 - - [08/Jun/2025:09:52:31 -0400] "POST /wp-admin/admin-ajax.php?action=async_litespeed&nonce=eyqeVv1eO0nUGD3jmRDABaWFvySz6RGJ&litespeed_type=imgoptm HTTP/1.1" 200 5 "-" "WordPress/6.8.1; https://reversevillain.com"
162.0.232.193 - - [08/Jun/2025:09:53:00 -0400] "POST /wp-cron.php?doing_wp_cron=1749390780.6868000030517578125000 HTTP/1.1" 200 0 "-" "WordPress/6.8.1; https://reversevillain.com"
64.227.169.195 - - [08/Jun/2025:09:52:31 -0400] "POST //xmlrpc.php HTTP/1.1" 200 205 "-" "Mozilla/5.0 (Windows NT 10.0; Win64; x64) AppleWebKit/537.36 (KHTML, like Gecko) Chrome/80.0.3987.149 Safari/537.36"
162.0.232.193 - - [08/Jun/2025:09:53:01 -0400] "POST /wp-admin/admin-ajax.php?action=async_litespeed&nonce=8s4on9w4RQfMwN0bAXDjVwZR4gMduMc8&litespeed_type=imgoptm HTTP/1.1" 200 5 "-" "WordPress/6.8.1; https://reversevillain.com"
124.156.157.91 - - [08/Jun/2025:09:53:13 -0400] "GET /reverse-villain-chapter-77/feed/ HTTP/1.1" 200 1066 "-" "Mozilla/5.0 (iPhone; CPU iPhone OS 13_2_3 like Mac OS X) AppleWebKit/605.1.15 (KHTML, like Gecko) Version/13.0.3 Mobile/15E148 Safari/604.1"
162.0.232.193 - - [08/Jun/2025:09:53:30 -0400] "POST /wp-cron.php?doing_wp_cron=1749390810.3557689189910888671875 HTTP/1.1" 200 0 "-" "WordPress/6.8.1; https://reversevillain.com"
64.227.169.195 - - [08/Jun/2025:09:53:01 -0400] "POST //xmlrpc.php HTTP/1.1" 200 205 "-" "Mozilla/5.0 (Windows NT 10.0; Win64; x64) AppleWebKit/537.36 (KHTML, like Gecko) Chrome/80.0.3987.149 Safari/537.36"
64.227.169.195 - - [08/Jun/2025:09:53:31 -0400] "POST //xmlrpc.php HTTP/1.1" 200 205 "-" "Mozilla/5.0 (Windows NT 10.0; Win64; x64) AppleWebKit/537.36 (KHTML, like Gecko) Chrome/80.0.3987.149 Safari/537.36"
162.0.232.193 - - [08/Jun/2025:09:54:30 -0400] "POST /wp-cron.php?doing_wp_cron=1749390870.5822908878326416015625 HTTP/1.1" 200 0 "-" "WordPress/6.8.1; https://reversevillain.com"
64.227.169.195 - - [08/Jun/2025:09:54:00 -0400] "POST //xmlrpc.php HTTP/1.1" 200 205 "-" "Mozilla/5.0 (Windows NT 10.0; Win64; x64) AppleWebKit/537.36 (KHTML, like Gecko) Chrome/80.0.3987.149 Safari/537.36"
162.0.232.193 - - [08/Jun/2025:09:54:30 -0400] "POST /wp-admin/admin-ajax.php?action=async_litespeed&nonce=bZny7g4a8usT2BqOuUXPQLRTdRswBK2n&litespeed_type=imgoptm HTTP/1.1" 200 5 "-" "WordPress/6.8.1; https://reversevillain.com"
162.0.232.193 - - [08/Jun/2025:09:55:00 -0400] "POST /wp-cron.php?doing_wp_cron=1749390900.2040619850158691406250 HTTP/1.1" 200 0 "-" "WordPress/6.8.1; https://reversevillain.com"
64.227.169.195 - - [08/Jun/2025:09:54:31 -0400] "POST //xmlrpc.php HTTP/1.1" 200 205 "-" "Mozilla/5.0 (Windows NT 10.0; Win64; x64) AppleWebKit/537.36 (KHTML, like Gecko) Chrome/80.0.3987.149 Safari/537.36"
162.0.232.193 - - [08/Jun/2025:09:55:00 -0400] "POST /wp-admin/admin-ajax.php?action=async_litespeed&nonce=Jje3azVJZz111J3KR4I7FqV3gZ6TtU1h&litespeed_type=imgoptm HTTP/1.1" 200 5 "-" "WordPress/6.8.1; https://reversevillain.com"
162.0.232.193 - - [08/Jun/2025:09:55:31 -0400] "POST /wp-cron.php?doing_wp_cron=1749390931.0429880619049072265625 HTTP/1.1" 200 0 "-" "WordPress/6.8.1; https://reversevillain.com"
64.227.169.195 - - [08/Jun/2025:09:55:00 -0400] "POST //xmlrpc.php HTTP/1.1" 200 205 "-" "Mozilla/5.0 (Windows NT 10.0; Win64; x64) AppleWebKit/537.36 (KHTML, like Gecko) Chrome/80.0.3987.149 Safari/537.36"
64.227.169.195 - - [08/Jun/2025:09:55:31 -0400] "POST //xmlrpc.php HTTP/1.1" 200 205 "-" "Mozilla/5.0 (Windows NT 10.0; Win64; x64) AppleWebKit/537.36 (KHTML, like Gecko) Chrome/80.0.3987.149 Safari/537.36"
64.227.169.195 - - [08/Jun/2025:09:56:01 -0400] "POST //xmlrpc.php HTTP/1.1" 200 205 "-" "Mozilla/5.0 (Windows NT 10.0; Win64; x64) AppleWebKit/537.36 (KHTML, like Gecko) Chrome/80.0.3987.149 Safari/537.36"
64.227.169.195 - - [08/Jun/2025:09:56:15 -0400] "POST //xmlrpc.php HTTP/1.1" 200 205 "-" "Mozilla/5.0 (Windows NT 10.0; Win64; x64) AppleWebKit/537.36 (KHTML, like Gecko) Chrome/80.0.3987.149 Safari/537.36"
162.0.232.193 - - [08/Jun/2025:09:56:45 -0400] "POST /wp-cron.php?doing_wp_cron=1749391005.6726899147033691406250 HTTP/1.1" 200 0 "-" "WordPress/6.8.1; https://reversevillain.com"
64.227.169.195 - - [08/Jun/2025:09:56:31 -0400] "POST //xmlrpc.php HTTP/1.1" 200 205 "-" "Mozilla/5.0 (Windows NT 10.0; Win64; x64) AppleWebKit/537.36 (KHTML, like Gecko) Chrome/80.0.3987.149 Safari/537.36"
162.0.232.193 - - [08/Jun/2025:09:56:46 -0400] "POST /wp-admin/admin-ajax.php?action=async_litespeed&nonce=8ypuyfJggS7Z5o0Wp5buvyGXjKYUNoaf&litespeed_type=imgoptm HTTP/1.1" 200 5 "-" "WordPress/6.8.1; https://reversevillain.com"
162.0.232.193 - - [08/Jun/2025:09:57:15 -0400] "POST /wp-cron.php?doing_wp_cron=1749391035.7026090621948242187500 HTTP/1.1" 200 0 "-" "WordPress/6.8.1; https://reversevillain.com"
64.227.169.195 - - [08/Jun/2025:09:56:46 -0400] "POST //xmlrpc.php HTTP/1.1" 200 205 "-" "Mozilla/5.0 (Windows NT 10.0; Win64; x64) AppleWebKit/537.36 (KHTML, like Gecko) Chrome/80.0.3987.149 Safari/537.36"
162.0.232.193 - - [08/Jun/2025:09:57:16 -0400] "POST /wp-admin/admin-ajax.php?action=async_litespeed&nonce=XnNGZA7hRvLBeJcM6fIEyuqHMFKCo0a8&litespeed_type=imgoptm HTTP/1.1" 200 5 "-" "WordPress/6.8.1; https://reversevillain.com"
162.0.232.193 - - [08/Jun/2025:09:57:45 -0400] "POST /wp-cron.php?doing_wp_cron=1749391065.4124639034271240234375 HTTP/1.1" 200 0 "-" "WordPress/6.8.1; https://reversevillain.com"
64.227.169.195 - - [08/Jun/2025:09:57:16 -0400] "POST //xmlrpc.php HTTP/1.1" 200 205 "-" "Mozilla/5.0 (Windows NT 10.0; Win64; x64) AppleWebKit/537.36 (KHTML, like Gecko) Chrome/80.0.3987.149 Safari/537.36"
64.227.169.195 - - [08/Jun/2025:09:57:46 -0400] "POST //xmlrpc.php HTTP/1.1" 200 205 "-" "Mozilla/5.0 (Windows NT 10.0; Win64; x64) AppleWebKit/537.36 (KHTML, like Gecko) Chrome/80.0.3987.149 Safari/537.36"
2a03:2880:f800:: - - [08/Jun/2025:09:58:27 -0400] "GET / HTTP/1.1" 301 0 "-" "meta-externalagent/1.1 (+https://developers.facebook.com/docs/sharing/webmasters/crawler)"
2a03:2880:f800:1:: - - [08/Jun/2025:09:58:29 -0400] "GET / HTTP/1.1" 200 9390 "-" "meta-externalagent/1.1 (+https://developers.facebook.com/docs/sharing/webmasters/crawler)"
162.0.232.193 - - [08/Jun/2025:09:58:45 -0400] "POST /wp-cron.php?doing_wp_cron=1749391125.6375720500946044921875 HTTP/1.1" 200 0 "-" "WordPress/6.8.1; https://reversevillain.com"
64.227.169.195 - - [08/Jun/2025:09:58:15 -0400] "POST //xmlrpc.php HTTP/1.1" 200 205 "-" "Mozilla/5.0 (Windows NT 10.0; Win64; x64) AppleWebKit/537.36 (KHTML, like Gecko) Chrome/80.0.3987.149 Safari/537.36"
162.0.232.193 - - [08/Jun/2025:09:58:46 -0400] "POST /wp-admin/admin-ajax.php?action=async_litespeed&nonce=OWXApzkXii7W7KjI9Cealb9Lpv6CxYy4&litespeed_type=imgoptm HTTP/1.1" 200 5 "-" "WordPress/6.8.1; https://reversevillain.com"
162.0.232.193 - - [08/Jun/2025:09:59:15 -0400] "POST /wp-cron.php?doing_wp_cron=1749391155.3130469322204589843750 HTTP/1.1" 200 0 "-" "WordPress/6.8.1; https://reversevillain.com"
64.227.169.195 - - [08/Jun/2025:09:58:46 -0400] "POST //xmlrpc.php HTTP/1.1" 200 205 "-" "Mozilla/5.0 (Windows NT 10.0; Win64; x64) AppleWebKit/537.36 (KHTML, like Gecko) Chrome/80.0.3987.149 Safari/537.36"
162.0.232.193 - - [08/Jun/2025:09:59:15 -0400] "POST /wp-admin/admin-ajax.php?action=async_litespeed&nonce=ENPEecSftW2jySDGJPKqHiAkdvIlSyMi&litespeed_type=imgoptm HTTP/1.1" 200 5 "-" "WordPress/6.8.1; https://reversevillain.com"
162.0.232.193 - - [08/Jun/2025:09:59:46 -0400] "POST /wp-cron.php?doing_wp_cron=1749391186.0719709396362304687500 HTTP/1.1" 200 0 "-" "WordPress/6.8.1; https://reversevillain.com"
64.227.169.195 - - [08/Jun/2025:09:59:15 -0400] "POST //xmlrpc.php HTTP/1.1" 200 205 "-" "Mozilla/5.0 (Windows NT 10.0; Win64; x64) AppleWebKit/537.36 (KHTML, like Gecko) Chrome/80.0.3987.149 Safari/537.36"
64.227.169.195 - - [08/Jun/2025:09:59:46 -0400] "POST //xmlrpc.php HTTP/1.1" 200 205 "-" "Mozilla/5.0 (Windows NT 10.0; Win64; x64) AppleWebKit/537.36 (KHTML, like Gecko) Chrome/80.0.3987.149 Safari/537.36"
47.243.161.234 - - [08/Jun/2025:10:00:18 -0400] "GET /act-like-you-love-me-chapter-97 HTTP/1.1" 301 0 "-" "Mozilla/5.0 (Macintosh; Intel Mac OS X 10_15_7) AppleWebKit/537.36 (KHTML, like Gecko) Chrome/109.0.0.0 Safari/537.36"
47.243.161.234 - - [08/Jun/2025:10:00:18 -0400] "GET / HTTP/1.1" 200 9390 "https://reversevillain.com/act-like-you-love-me-chapter-97" "Mozilla/5.0 (Macintosh; Intel Mac OS X 10_15_7) AppleWebKit/537.36 (KHTML, like Gecko) Chrome/109.0.0.0 Safari/537.36"
45.146.54.46 - - [08/Jun/2025:10:00:38 -0400] "GET / HTTP/1.1" 200 9390 "-" "Mozilla/5.0 (X11; Linux x86_64) AppleWebKit/537.36 (KHTML, like Gecko) Chrome/120.0.0.0 Safari/537.36"
64.227.169.195 - - [08/Jun/2025:10:00:16 -0400] "POST //xmlrpc.php HTTP/1.1" 200 205 "-" "Mozilla/5.0 (Windows NT 10.0; Win64; x64) AppleWebKit/537.36 (KHTML, like Gecko) Chrome/80.0.3987.149 Safari/537.36"
162.0.232.193 - - [08/Jun/2025:10:01:16 -0400] "POST /wp-cron.php?doing_wp_cron=1749391275.7905859947204589843750 HTTP/1.1" 200 0 "-" "WordPress/6.8.1; https://reversevillain.com"
64.227.169.195 - - [08/Jun/2025:10:00:45 -0400] "POST //xmlrpc.php HTTP/1.1" 200 205 "-" "Mozilla/5.0 (Windows NT 10.0; Win64; x64) AppleWebKit/537.36 (KHTML, like Gecko) Chrome/80.0.3987.149 Safari/537.36"
162.0.232.193 - - [08/Jun/2025:10:01:16 -0400] "POST /wp-admin/admin-ajax.php?action=async_litespeed&nonce=P99AyvcNfY3YrNNet5tbhjRaiueVeyrj&litespeed_type=imgoptm HTTP/1.1" 200 5 "-" "WordPress/6.8.1; https://reversevillain.com"
64.227.169.195 - - [08/Jun/2025:10:01:16 -0400] "POST //xmlrpc.php HTTP/1.1" 200 205 "-" "Mozilla/5.0 (Windows NT 10.0; Win64; x64) AppleWebKit/537.36 (KHTML, like Gecko) Chrome/80.0.3987.149 Safari/537.36"
64.227.169.195 - - [08/Jun/2025:10:01:46 -0400] "POST //xmlrpc.php HTTP/1.1" 200 205 "-" "Mozilla/5.0 (Windows NT 10.0; Win64; x64) AppleWebKit/537.36 (KHTML, like Gecko) Chrome/80.0.3987.149 Safari/537.36"
162.0.232.193 - - [08/Jun/2025:10:02:45 -0400] "POST /wp-cron.php?doing_wp_cron=1749391365.6151669025421142578125 HTTP/1.1" 200 0 "-" "WordPress/6.8.1; https://reversevillain.com"
64.227.169.195 - - [08/Jun/2025:10:02:15 -0400] "POST //xmlrpc.php HTTP/1.1" 200 205 "-" "Mozilla/5.0 (Windows NT 10.0; Win64; x64) AppleWebKit/537.36 (KHTML, like Gecko) Chrome/80.0.3987.149 Safari/537.36"
162.0.232.193 - - [08/Jun/2025:10:02:46 -0400] "POST /wp-admin/admin-ajax.php?action=async_litespeed&nonce=Rlzs8tD2fGchl2n7eukyOhBH8WT8u4yd&litespeed_type=imgoptm HTTP/1.1" 200 5 "-" "WordPress/6.8.1; https://reversevillain.com"
162.0.232.193 - - [08/Jun/2025:10:03:15 -0400] "POST /wp-cron.php?doing_wp_cron=1749391395.3032410144805908203125 HTTP/1.1" 200 0 "-" "WordPress/6.8.1; https://reversevillain.com"
64.227.169.195 - - [08/Jun/2025:10:02:46 -0400] "POST //xmlrpc.php HTTP/1.1" 200 205 "-" "Mozilla/5.0 (Windows NT 10.0; Win64; x64) AppleWebKit/537.36 (KHTML, like Gecko) Chrome/80.0.3987.149 Safari/537.36"
162.0.232.193 - - [08/Jun/2025:10:03:15 -0400] "POST /wp-admin/admin-ajax.php?action=async_litespeed&nonce=mvULMPxPTsGDhYUW41HGJvo9QlsqidCA&litespeed_type=imgoptm HTTP/1.1" 200 5 "-" "WordPress/6.8.1; https://reversevillain.com"
43.159.136.201 - - [08/Jun/2025:10:03:17 -0400] "GET /reverse-villain-chapter-55/ HTTP/1.1" 200 9947 "http://reversevillain.com/reverse-villain-chapter-55/" "Mozilla/5.0 (iPhone; CPU iPhone OS 13_2_3 like Mac OS X) AppleWebKit/605.1.15 (KHTML, like Gecko) Version/13.0.3 Mobile/15E148 Safari/604.1"
162.0.232.193 - - [08/Jun/2025:10:03:46 -0400] "POST /wp-cron.php?doing_wp_cron=1749391425.9751229286193847656250 HTTP/1.1" 200 0 "-" "WordPress/6.8.1; https://reversevillain.com"
64.227.169.195 - - [08/Jun/2025:10:03:15 -0400] "POST //xmlrpc.php HTTP/1.1" 200 205 "-" "Mozilla/5.0 (Windows NT 10.0; Win64; x64) AppleWebKit/537.36 (KHTML, like Gecko) Chrome/80.0.3987.149 Safari/537.36"
64.227.169.195 - - [08/Jun/2025:10:03:46 -0400] "POST //xmlrpc.php HTTP/1.1" 200 205 "-" "Mozilla/5.0 (Windows NT 10.0; Win64; x64) AppleWebKit/537.36 (KHTML, like Gecko) Chrome/80.0.3987.149 Safari/537.36"
64.227.169.195 - - [08/Jun/2025:10:04:16 -0400] "POST //xmlrpc.php HTTP/1.1" 200 205 "-" "Mozilla/5.0 (Windows NT 10.0; Win64; x64) AppleWebKit/537.36 (KHTML, like Gecko) Chrome/80.0.3987.149 Safari/537.36"
162.0.232.193 - - [08/Jun/2025:10:05:16 -0400] "POST /wp-cron.php?doing_wp_cron=1749391515.7554719448089599609375 HTTP/1.1" 200 0 "-" "WordPress/6.8.1; https://reversevillain.com"
64.227.169.195 - - [08/Jun/2025:10:04:45 -0400] "POST //xmlrpc.php HTTP/1.1" 200 205 "-" "Mozilla/5.0 (Windows NT 10.0; Win64; x64) AppleWebKit/537.36 (KHTML, like Gecko) Chrome/80.0.3987.149 Safari/537.36"
162.0.232.193 - - [08/Jun/2025:10:05:16 -0400] "POST /wp-admin/admin-ajax.php?action=async_litespeed&nonce=L3Z5AQaEcAFwe7mnqrAiM0rh9ikAcZwF&litespeed_type=imgoptm HTTP/1.1" 200 5 "-" "WordPress/6.8.1; https://reversevillain.com"
64.227.169.195 - - [08/Jun/2025:10:05:16 -0400] "POST //xmlrpc.php HTTP/1.1" 200 205 "-" "Mozilla/5.0 (Windows NT 10.0; Win64; x64) AppleWebKit/537.36 (KHTML, like Gecko) Chrome/80.0.3987.149 Safari/537.36"
77.23.80.53 - - [08/Jun/2025:10:06:12 -0400] "GET /wp-content/uploads/2022/02/cropped-download-180x180.jpeg HTTP/1.1" 301 0 "-" "Dalvik/2.1.0 (Linux; U; Android 14; SM-A556B Build/UP1A.231005.007)"
77.23.80.53 - - [08/Jun/2025:10:06:13 -0400] "GET / HTTP/1.1" 200 9390 "-" "Dalvik/2.1.0 (Linux; U; Android 14; SM-A556B Build/UP1A.231005.007)"
64.227.169.195 - - [08/Jun/2025:10:05:46 -0400] "POST //xmlrpc.php HTTP/1.1" 200 205 "-" "Mozilla/5.0 (Windows NT 10.0; Win64; x64) AppleWebKit/537.36 (KHTML, like Gecko) Chrome/80.0.3987.149 Safari/537.36"
162.0.232.193 - - [08/Jun/2025:10:06:46 -0400] "POST /wp-cron.php?doing_wp_cron=1749391606.0233829021453857421875 HTTP/1.1" 200 0 "-" "WordPress/6.8.1; https://reversevillain.com"
64.227.169.195 - - [08/Jun/2025:10:06:15 -0400] "POST //xmlrpc.php HTTP/1.1" 200 205 "-" "Mozilla/5.0 (Windows NT 10.0; Win64; x64) AppleWebKit/537.36 (KHTML, like Gecko) Chrome/80.0.3987.149 Safari/537.36"
64.227.169.195 - - [08/Jun/2025:10:06:46 -0400] "POST //xmlrpc.php HTTP/1.1" 200 205 "-" "Mozilla/5.0 (Windows NT 10.0; Win64; x64) AppleWebKit/537.36 (KHTML, like Gecko) Chrome/80.0.3987.149 Safari/537.36"
45.146.54.51 - - [08/Jun/2025:10:07:09 -0400] "GET / HTTP/1.1" 200 9390 "-" "Mozilla/5.0 (X11; Linux x86_64) AppleWebKit/537.36 (KHTML, like Gecko) Chrome/120.0.0.0 Safari/537.36"
64.227.169.195 - - [08/Jun/2025:10:07:01 -0400] "POST //xmlrpc.php HTTP/1.1" 200 205 "-" "Mozilla/5.0 (Windows NT 10.0; Win64; x64) AppleWebKit/537.36 (KHTML, like Gecko) Chrome/80.0.3987.149 Safari/537.36"
64.227.169.195 - - [08/Jun/2025:10:07:15 -0400] "POST //xmlrpc.php HTTP/1.1" 200 205 "-" "Mozilla/5.0 (Windows NT 10.0; Win64; x64) AppleWebKit/537.36 (KHTML, like Gecko) Chrome/80.0.3987.149 Safari/537.36"
64.227.169.195 - - [08/Jun/2025:10:07:31 -0400] "POST //xmlrpc.php HTTP/1.1" 200 205 "-" "Mozilla/5.0 (Windows NT 10.0; Win64; x64) AppleWebKit/537.36 (KHTML, like Gecko) Chrome/80.0.3987.149 Safari/537.36"
162.0.232.193 - - [08/Jun/2025:10:08:00 -0400] "POST /wp-cron.php?doing_wp_cron=1749391680.2945969104766845703125 HTTP/1.1" 200 0 "-" "WordPress/6.8.1; https://reversevillain.com"
64.227.169.195 - - [08/Jun/2025:10:07:46 -0400] "POST //xmlrpc.php HTTP/1.1" 200 205 "-" "Mozilla/5.0 (Windows NT 10.0; Win64; x64) AppleWebKit/537.36 (KHTML, like Gecko) Chrome/80.0.3987.149 Safari/537.36"
162.0.232.193 - - [08/Jun/2025:10:08:00 -0400] "POST /wp-admin/admin-ajax.php?action=async_litespeed&nonce=6qytra2MWWSYKpNDh9IktsjFWvO0WMNl&litespeed_type=imgoptm HTTP/1.1" 200 5 "-" "WordPress/6.8.1; https://reversevillain.com"
64.227.169.195 - - [08/Jun/2025:10:08:01 -0400] "POST //xmlrpc.php HTTP/1.1" 200 205 "-" "Mozilla/5.0 (Windows NT 10.0; Win64; x64) AppleWebKit/537.36 (KHTML, like Gecko) Chrome/80.0.3987.149 Safari/537.36"
162.0.232.193 - - [08/Jun/2025:10:08:30 -0400] "POST /wp-cron.php?doing_wp_cron=1749391710.3027050495147705078125 HTTP/1.1" 200 0 "-" "WordPress/6.8.1; https://reversevillain.com"
64.227.169.195 - - [08/Jun/2025:10:08:16 -0400] "POST //xmlrpc.php HTTP/1.1" 200 205 "-" "Mozilla/5.0 (Windows NT 10.0; Win64; x64) AppleWebKit/537.36 (KHTML, like Gecko) Chrome/80.0.3987.149 Safari/537.36"
64.227.169.195 - - [08/Jun/2025:10:08:31 -0400] "POST //xmlrpc.php HTTP/1.1" 200 205 "-" "Mozilla/5.0 (Windows NT 10.0; Win64; x64) AppleWebKit/537.36 (KHTML, like Gecko) Chrome/80.0.3987.149 Safari/537.36"
64.227.169.195 - - [08/Jun/2025:10:08:45 -0400] "POST //xmlrpc.php HTTP/1.1" 200 205 "-" "Mozilla/5.0 (Windows NT 10.0; Win64; x64) AppleWebKit/537.36 (KHTML, like Gecko) Chrome/80.0.3987.149 Safari/537.36"
64.227.169.195 - - [08/Jun/2025:10:09:01 -0400] "POST //xmlrpc.php HTTP/1.1" 200 205 "-" "Mozilla/5.0 (Windows NT 10.0; Win64; x64) AppleWebKit/537.36 (KHTML, like Gecko) Chrome/80.0.3987.149 Safari/537.36"
162.0.232.193 - - [08/Jun/2025:10:09:31 -0400] "POST /wp-cron.php?doing_wp_cron=1749391770.8883080482482910156250 HTTP/1.1" 200 0 "-" "WordPress/6.8.1; https://reversevillain.com"
64.227.169.195 - - [08/Jun/2025:10:09:15 -0400] "POST //xmlrpc.php HTTP/1.1" 200 205 "-" "Mozilla/5.0 (Windows NT 10.0; Win64; x64) AppleWebKit/537.36 (KHTML, like Gecko) Chrome/80.0.3987.149 Safari/537.36"
162.0.232.193 - - [08/Jun/2025:10:09:31 -0400] "POST /wp-admin/admin-ajax.php?action=async_litespeed&nonce=sdmPQ3YI0cyk2yzuWOjjaD2xjAgxclKA&litespeed_type=imgoptm HTTP/1.1" 200 5 "-" "WordPress/6.8.1; https://reversevillain.com"
162.0.232.193 - - [08/Jun/2025:10:09:45 -0400] "POST /wp-cron.php?doing_wp_cron=1749391785.7007648944854736328125 HTTP/1.1" 200 0 "-" "WordPress/6.8.1; https://reversevillain.com"
64.227.169.195 - - [08/Jun/2025:10:09:31 -0400] "POST //xmlrpc.php HTTP/1.1" 200 205 "-" "Mozilla/5.0 (Windows NT 10.0; Win64; x64) AppleWebKit/537.36 (KHTML, like Gecko) Chrome/80.0.3987.149 Safari/537.36"
152.228.220.143 - - [08/Jun/2025:10:09:54 -0400] "GET /comments/feed/ HTTP/1.1" 200 1384 "-" "Mozilla/5.0 (X11; Linux i686) AppleWebKit/537.36 (KHTML, like Gecko) Chrome/30.0.1599.66 Safari/537.36"
162.0.232.193 - - [08/Jun/2025:10:10:00 -0400] "POST /wp-cron.php?doing_wp_cron=1749391800.4527258872985839843750 HTTP/1.1" 200 0 "-" "WordPress/6.8.1; https://reversevillain.com"
64.227.169.195 - - [08/Jun/2025:10:09:46 -0400] "POST //xmlrpc.php HTTP/1.1" 200 205 "-" "Mozilla/5.0 (Windows NT 10.0; Win64; x64) AppleWebKit/537.36 (KHTML, like Gecko) Chrome/80.0.3987.149 Safari/537.36"
162.0.232.193 - - [08/Jun/2025:10:10:00 -0400] "POST /wp-admin/admin-ajax.php?action=async_litespeed&nonce=4QyTfuvhPRsqpPNcjR1aZ1z91n4dYrHG&litespeed_type=imgoptm HTTP/1.1" 200 5 "-" "WordPress/6.8.1; https://reversevillain.com"
64.227.169.195 - - [08/Jun/2025:10:10:01 -0400] "POST //xmlrpc.php HTTP/1.1" 200 205 "-" "Mozilla/5.0 (Windows NT 10.0; Win64; x64) AppleWebKit/537.36 (KHTML, like Gecko) Chrome/80.0.3987.149 Safari/537.36"
47.128.16.134 - - [08/Jun/2025:10:10:16 -0400] "GET /yubiwa-no-eranda-konyakusha-chapter-16/ HTTP/1.1" 301 0 "-" "Mozilla/5.0 (Linux; Android 5.0) AppleWebKit/537.36 (KHTML, like Gecko) Mobile Safari/537.36 (compatible; TikTokSpider; [email protected])"
47.128.16.134 - - [08/Jun/2025:10:10:16 -0400] "GET / HTTP/1.1" 200 9390 "-" "Mozilla/5.0 (Linux; Android 5.0) AppleWebKit/537.36 (KHTML, like Gecko) Mobile Safari/537.36 (compatible; TikTokSpider; [email protected])"
162.0.232.193 - - [08/Jun/2025:10:10:30 -0400] "POST /wp-cron.php?doing_wp_cron=1749391830.8136110305786132812500 HTTP/1.1" 200 0 "-" "WordPress/6.8.1; https://reversevillain.com"
64.227.169.195 - - [08/Jun/2025:10:10:15 -0400] "POST //xmlrpc.php HTTP/1.1" 200 205 "-" "Mozilla/5.0 (Windows NT 10.0; Win64; x64) AppleWebKit/537.36 (KHTML, like Gecko) Chrome/80.0.3987.149 Safari/537.36"
64.227.169.195 - - [08/Jun/2025:10:10:31 -0400] "POST //xmlrpc.php HTTP/1.1" 200 205 "-" "Mozilla/5.0 (Windows NT 10.0; Win64; x64) AppleWebKit/537.36 (KHTML, like Gecko) Chrome/80.0.3987.149 Safari/537.36"
64.227.169.195 - - [08/Jun/2025:10:10:47 -0400] "POST //xmlrpc.php HTTP/1.1" 200 205 "-" "Mozilla/5.0 (Windows NT 10.0; Win64; x64) AppleWebKit/537.36 (KHTML, like Gecko) Chrome/80.0.3987.149 Safari/537.36"
64.227.169.195 - - [08/Jun/2025:10:11:00 -0400] "POST //xmlrpc.php HTTP/1.1" 200 205 "-" "Mozilla/5.0 (Windows NT 10.0; Win64; x64) AppleWebKit/537.36 (KHTML, like Gecko) Chrome/80.0.3987.149 Safari/537.36"
64.227.169.195 - - [08/Jun/2025:10:11:16 -0400] "POST //xmlrpc.php HTTP/1.1" 200 205 "-" "Mozilla/5.0 (Windows NT 10.0; Win64; x64) AppleWebKit/537.36 (KHTML, like Gecko) Chrome/80.0.3987.149 Safari/537.36"
162.0.232.193 - - [08/Jun/2025:10:11:45 -0400] "POST /wp-cron.php?doing_wp_cron=1749391905.2727530002593994140625 HTTP/1.1" 200 0 "-" "WordPress/6.8.1; https://reversevillain.com"
64.227.169.195 - - [08/Jun/2025:10:11:31 -0400] "POST //xmlrpc.php HTTP/1.1" 200 205 "-" "Mozilla/5.0 (Windows NT 10.0; Win64; x64) AppleWebKit/537.36 (KHTML, like Gecko) Chrome/80.0.3987.149 Safari/537.36"
162.0.232.193 - - [08/Jun/2025:10:11:45 -0400] "POST /wp-admin/admin-ajax.php?action=async_litespeed&nonce=iu8E6QTChHW6NFJL3ousgPa8UgHevTgi&litespeed_type=imgoptm HTTP/1.1" 200 5 "-" "WordPress/6.8.1; https://reversevillain.com"
162.0.232.193 - - [08/Jun/2025:10:12:01 -0400] "POST /wp-cron.php?doing_wp_cron=1749391921.0507819652557373046875 HTTP/1.1" 200 0 "-" "WordPress/6.8.1; https://reversevillain.com"
64.227.169.195 - - [08/Jun/2025:10:11:45 -0400] "POST //xmlrpc.php HTTP/1.1" 200 205 "-" "Mozilla/5.0 (Windows NT 10.0; Win64; x64) AppleWebKit/537.36 (KHTML, like Gecko) Chrome/80.0.3987.149 Safari/537.36"
162.0.232.193 - - [08/Jun/2025:10:12:01 -0400] "POST /wp-admin/admin-ajax.php?action=async_litespeed&nonce=dwEWzcfEzUrZ2Syac4W6flWiYbS2mFxD&litespeed_type=imgoptm HTTP/1.1" 200 5 "-" "WordPress/6.8.1; https://reversevillain.com"
64.227.169.195 - - [08/Jun/2025:10:12:01 -0400] "POST //xmlrpc.php HTTP/1.1" 200 205 "-" "Mozilla/5.0 (Windows NT 10.0; Win64; x64) AppleWebKit/537.36 (KHTML, like Gecko) Chrome/80.0.3987.149 Safari/537.36"
162.0.232.193 - - [08/Jun/2025:10:12:30 -0400] "POST /wp-cron.php?doing_wp_cron=1749391950.5925319194793701171875 HTTP/1.1" 200 0 "-" "WordPress/6.8.1; https://reversevillain.com"
64.227.169.195 - - [08/Jun/2025:10:12:16 -0400] "POST //xmlrpc.php HTTP/1.1" 200 205 "-" "Mozilla/5.0 (Windows NT 10.0; Win64; x64) AppleWebKit/537.36 (KHTML, like Gecko) Chrome/80.0.3987.149 Safari/537.36"
64.227.169.195 - - [08/Jun/2025:10:12:31 -0400] "POST //xmlrpc.php HTTP/1.1" 200 205 "-" "Mozilla/5.0 (Windows NT 10.0; Win64; x64) AppleWebKit/537.36 (KHTML, like Gecko) Chrome/80.0.3987.149 Safari/537.36"
43.159.136.201 - - [08/Jun/2025:10:12:47 -0400] "GET /reverse-villain-chapter-43/feed/ HTTP/1.1" 200 832 "-" "Mozilla/5.0 (iPhone; CPU iPhone OS 13_2_3 like Mac OS X) AppleWebKit/605.1.15 (KHTML, like Gecko) Version/13.0.3 Mobile/15E148 Safari/604.1"
64.227.169.195 - - [08/Jun/2025:10:12:45 -0400] "POST //xmlrpc.php HTTP/1.1" 200 205 "-" "Mozilla/5.0 (Windows NT 10.0; Win64; x64) AppleWebKit/537.36 (KHTML, like Gecko) Chrome/80.0.3987.149 Safari/537.36"
77.23.80.53 - - [08/Jun/2025:10:13:02 -0400] "GET /wp-content/uploads/2022/02/cropped-download-180x180.jpeg HTTP/1.1" 301 0 "-" "Dalvik/2.1.0 (Linux; U; Android 14; SM-A556B Build/UP1A.231005.007)"
77.23.80.53 - - [08/Jun/2025:10:13:03 -0400] "GET / HTTP/1.1" 200 9390 "-" "Dalvik/2.1.0 (Linux; U; Android 14; SM-A556B Build/UP1A.231005.007)"
64.227.169.195 - - [08/Jun/2025:10:13:01 -0400] "POST //xmlrpc.php HTTP/1.1" 200 205 "-" "Mozilla/5.0 (Windows NT 10.0; Win64; x64) AppleWebKit/537.36 (KHTML, like Gecko) Chrome/80.0.3987.149 Safari/537.36"
64.227.169.195 - - [08/Jun/2025:10:13:16 -0400] "POST //xmlrpc.php HTTP/1.1" 200 205 "-" "Mozilla/5.0 (Windows NT 10.0; Win64; x64) AppleWebKit/537.36 (KHTML, like Gecko) Chrome/80.0.3987.149 Safari/537.36"
162.0.232.193 - - [08/Jun/2025:10:13:45 -0400] "POST /wp-cron.php?doing_wp_cron=1749392025.7489609718322753906250 HTTP/1.1" 200 0 "-" "WordPress/6.8.1; https://reversevillain.com"
64.227.169.195 - - [08/Jun/2025:10:13:30 -0400] "POST //xmlrpc.php HTTP/1.1" 200 205 "-" "Mozilla/5.0 (Windows NT 10.0; Win64; x64) AppleWebKit/537.36 (KHTML, like Gecko) Chrome/80.0.3987.149 Safari/537.36"
162.0.232.193 - - [08/Jun/2025:10:13:46 -0400] "POST /wp-admin/admin-ajax.php?action=async_litespeed&nonce=Iuxssh2GuDp5jhewv4m8J2490KRsVtJi&litespeed_type=imgoptm HTTP/1.1" 200 5 "-" "WordPress/6.8.1; https://reversevillain.com"
162.0.232.193 - - [08/Jun/2025:10:14:00 -0400] "POST /wp-cron.php?doing_wp_cron=1749392040.5739209651947021484375 HTTP/1.1" 200 0 "-" "WordPress/6.8.1; https://reversevillain.com"
64.227.169.195 - - [08/Jun/2025:10:13:46 -0400] "POST //xmlrpc.php HTTP/1.1" 200 205 "-" "Mozilla/5.0 (Windows NT 10.0; Win64; x64) AppleWebKit/537.36 (KHTML, like Gecko) Chrome/80.0.3987.149 Safari/537.36"
162.0.232.193 - - [08/Jun/2025:10:14:01 -0400] "POST /wp-admin/admin-ajax.php?action=async_litespeed&nonce=3f71Sb6mpP2tSmsBiu1zFgfnVptMKAcZ&litespeed_type=imgoptm HTTP/1.1" 200 5 "-" "WordPress/6.8.1; https://reversevillain.com"
64.227.169.195 - - [08/Jun/2025:10:14:01 -0400] "POST //xmlrpc.php HTTP/1.1" 200 205 "-" "Mozilla/5.0 (Windows NT 10.0; Win64; x64) AppleWebKit/537.36 (KHTML, like Gecko) Chrome/80.0.3987.149 Safari/537.36"
162.0.232.193 - - [08/Jun/2025:10:14:31 -0400] "POST /wp-cron.php?doing_wp_cron=1749392070.8597939014434814453125 HTTP/1.1" 200 0 "-" "WordPress/6.8.1; https://reversevillain.com"
64.227.169.195 - - [08/Jun/2025:10:14:15 -0400] "POST //xmlrpc.php HTTP/1.1" 200 205 "-" "Mozilla/5.0 (Windows NT 10.0; Win64; x64) AppleWebKit/537.36 (KHTML, like Gecko) Chrome/80.0.3987.149 Safari/537.36"
64.227.169.195 - - [08/Jun/2025:10:14:31 -0400] "POST //xmlrpc.php HTTP/1.1" 200 205 "-" "Mozilla/5.0 (Windows NT 10.0; Win64; x64) AppleWebKit/537.36 (KHTML, like Gecko) Chrome/80.0.3987.149 Safari/537.36"
64.227.169.195 - - [08/Jun/2025:10:14:46 -0400] "POST //xmlrpc.php HTTP/1.1" 200 205 "-" "Mozilla/5.0 (Windows NT 10.0; Win64; x64) AppleWebKit/537.36 (KHTML, like Gecko) Chrome/80.0.3987.149 Safari/537.36"
64.227.169.195 - - [08/Jun/2025:10:15:01 -0400] "POST //xmlrpc.php HTTP/1.1" 200 205 "-" "Mozilla/5.0 (Windows NT 10.0; Win64; x64) AppleWebKit/537.36 (KHTML, like Gecko) Chrome/80.0.3987.149 Safari/537.36"
64.227.169.195 - - [08/Jun/2025:10:15:15 -0400] "POST //xmlrpc.php HTTP/1.1" 200 205 "-" "Mozilla/5.0 (Windows NT 10.0; Win64; x64) AppleWebKit/537.36 (KHTML, like Gecko) Chrome/80.0.3987.149 Safari/537.36"
162.0.232.193 - - [08/Jun/2025:10:15:45 -0400] "POST /wp-cron.php?doing_wp_cron=1749392145.1548590660095214843750 HTTP/1.1" 200 0 "-" "WordPress/6.8.1; https://reversevillain.com"
64.227.169.195 - - [08/Jun/2025:10:15:31 -0400] "POST //xmlrpc.php HTTP/1.1" 200 205 "-" "Mozilla/5.0 (Windows NT 10.0; Win64; x64) AppleWebKit/537.36 (KHTML, like Gecko) Chrome/80.0.3987.149 Safari/537.36"
162.0.232.193 - - [08/Jun/2025:10:15:45 -0400] "POST /wp-admin/admin-ajax.php?action=async_litespeed&nonce=16cXRUZ5Ku0ql2VfQMWbeZEgocppOGkK&litespeed_type=imgoptm HTTP/1.1" 200 5 "-" "WordPress/6.8.1; https://reversevillain.com"
162.0.232.193 - - [08/Jun/2025:10:16:01 -0400] "POST /wp-cron.php?doing_wp_cron=1749392161.0170938968658447265625 HTTP/1.1" 200 0 "-" "WordPress/6.8.1; https://reversevillain.com"
64.227.169.195 - - [08/Jun/2025:10:15:45 -0400] "POST //xmlrpc.php HTTP/1.1" 200 205 "-" "Mozilla/5.0 (Windows NT 10.0; Win64; x64) AppleWebKit/537.36 (KHTML, like Gecko) Chrome/80.0.3987.149 Safari/537.36"
162.0.232.193 - - [08/Jun/2025:10:16:01 -0400] "POST /wp-admin/admin-ajax.php?action=async_litespeed&nonce=JGelm3Zw65gjChmHQ6Gj3XE5JkD6O4p4&litespeed_type=imgoptm HTTP/1.1" 200 5 "-" "WordPress/6.8.1; https://reversevillain.com"
64.227.169.195 - - [08/Jun/2025:10:16:02 -0400] "POST //xmlrpc.php HTTP/1.1" 200 205 "-" "Mozilla/5.0 (Windows NT 10.0; Win64; x64) AppleWebKit/537.36 (KHTML, like Gecko) Chrome/80.0.3987.149 Safari/537.36"
162.0.232.193 - - [08/Jun/2025:10:16:30 -0400] "POST /wp-cron.php?doing_wp_cron=1749392190.2324559688568115234375 HTTP/1.1" 200 0 "-" "WordPress/6.8.1; https://reversevillain.com"
64.227.169.195 - - [08/Jun/2025:10:16:16 -0400] "POST //xmlrpc.php HTTP/1.1" 200 205 "-" "Mozilla/5.0 (Windows NT 10.0; Win64; x64) AppleWebKit/537.36 (KHTML, like Gecko) Chrome/80.0.3987.149 Safari/537.36"
64.227.169.195 - - [08/Jun/2025:10:16:30 -0400] "POST //xmlrpc.php HTTP/1.1" 200 205 "-" "Mozilla/5.0 (Windows NT 10.0; Win64; x64) AppleWebKit/537.36 (KHTML, like Gecko) Chrome/80.0.3987.149 Safari/537.36"
64.227.169.195 - - [08/Jun/2025:10:16:46 -0400] "POST //xmlrpc.php HTTP/1.1" 200 205 "-" "Mozilla/5.0 (Windows NT 10.0; Win64; x64) AppleWebKit/537.36 (KHTML, like Gecko) Chrome/80.0.3987.149 Safari/537.36"
64.227.169.195 - - [08/Jun/2025:10:17:01 -0400] "POST //xmlrpc.php HTTP/1.1" 200 205 "-" "Mozilla/5.0 (Windows NT 10.0; Win64; x64) AppleWebKit/537.36 (KHTML, like Gecko) Chrome/80.0.3987.149 Safari/537.36"
162.0.232.193 - - [08/Jun/2025:10:17:31 -0400] "POST /wp-cron.php?doing_wp_cron=1749392250.8924989700317382812500 HTTP/1.1" 200 0 "-" "WordPress/6.8.1; https://reversevillain.com"
64.227.169.195 - - [08/Jun/2025:10:17:15 -0400] "POST //xmlrpc.php HTTP/1.1" 200 205 "-" "Mozilla/5.0 (Windows NT 10.0; Win64; x64) AppleWebKit/537.36 (KHTML, like Gecko) Chrome/80.0.3987.149 Safari/537.36"
162.0.232.193 - - [08/Jun/2025:10:17:31 -0400] "POST /wp-admin/admin-ajax.php?action=async_litespeed&nonce=P5K8uqTcL8WtzQy6qtgZWsIGzTGk8ejr&litespeed_type=imgoptm HTTP/1.1" 200 5 "-" "WordPress/6.8.1; https://reversevillain.com"
162.0.232.193 - - [08/Jun/2025:10:17:45 -0400] "POST /wp-cron.php?doing_wp_cron=1749392265.3819859027862548828125 HTTP/1.1" 200 0 "-" "WordPress/6.8.1; https://reversevillain.com"
64.227.169.195 - - [08/Jun/2025:10:17:32 -0400] "POST //xmlrpc.php HTTP/1.1" 200 205 "-" "Mozilla/5.0 (Windows NT 10.0; Win64; x64) AppleWebKit/537.36 (KHTML, like Gecko) Chrome/80.0.3987.149 Safari/537.36"
162.0.232.193 - - [08/Jun/2025:10:18:00 -0400] "POST /wp-cron.php?doing_wp_cron=1749392280.5518031120300292968750 HTTP/1.1" 200 0 "-" "WordPress/6.8.1; https://reversevillain.com"
64.227.169.195 - - [08/Jun/2025:10:17:47 -0400] "POST //xmlrpc.php HTTP/1.1" 200 205 "-" "Mozilla/5.0 (Windows NT 10.0; Win64; x64) AppleWebKit/537.36 (KHTML, like Gecko) Chrome/80.0.3987.149 Safari/537.36"
162.0.232.193 - - [08/Jun/2025:10:18:01 -0400] "POST /wp-admin/admin-ajax.php?action=async_litespeed&nonce=ramVRFMDDnylUV7PnSXwbiaXCJRqIjLg&litespeed_type=imgoptm HTTP/1.1" 200 5 "-" "WordPress/6.8.1; https://reversevillain.com"
64.227.169.195 - - [08/Jun/2025:10:18:01 -0400] "POST //xmlrpc.php HTTP/1.1" 200 205 "-" "Mozilla/5.0 (Windows NT 10.0; Win64; x64) AppleWebKit/537.36 (KHTML, like Gecko) Chrome/80.0.3987.149 Safari/537.36"
162.0.232.193 - - [08/Jun/2025:10:18:30 -0400] "POST /wp-cron.php?doing_wp_cron=1749392310.2992639541625976562500 HTTP/1.1" 200 0 "-" "WordPress/6.8.1; https://reversevillain.com"
64.227.169.195 - - [08/Jun/2025:10:18:16 -0400] "POST //xmlrpc.php HTTP/1.1" 200 205 "-" "Mozilla/5.0 (Windows NT 10.0; Win64; x64) AppleWebKit/537.36 (KHTML, like Gecko) Chrome/80.0.3987.149 Safari/537.36"
64.227.169.195 - - [08/Jun/2025:10:18:31 -0400] "POST //xmlrpc.php HTTP/1.1" 200 205 "-" "Mozilla/5.0 (Windows NT 10.0; Win64; x64) AppleWebKit/537.36 (KHTML, like Gecko) Chrome/80.0.3987.149 Safari/537.36"
47.82.60.230 - - [08/Jun/2025:10:18:47 -0400] "GET / HTTP/1.1" 200 9390 "https://reversevillain.com/" "Mozilla/5.0 (Windows NT 10.0; Win64; x64) AppleWebKit/537.36 (KHTML, like Gecko) Chrome/114.0.0.0 Safari/537.36 Edg/114.0.1823.43"
64.227.169.195 - - [08/Jun/2025:10:18:46 -0400] "POST //xmlrpc.php HTTP/1.1" 200 205 "-" "Mozilla/5.0 (Windows NT 10.0; Win64; x64) AppleWebKit/537.36 (KHTML, like Gecko) Chrome/80.0.3987.149 Safari/537.36"
64.227.169.195 - - [08/Jun/2025:10:19:01 -0400] "POST //xmlrpc.php HTTP/1.1" 200 205 "-" "Mozilla/5.0 (Windows NT 10.0; Win64; x64) AppleWebKit/537.36 (KHTML, like Gecko) Chrome/80.0.3987.149 Safari/537.36"
162.0.232.193 - - [08/Jun/2025:10:19:30 -0400] "POST /wp-cron.php?doing_wp_cron=1749392370.7146298885345458984375 HTTP/1.1" 200 0 "-" "WordPress/6.8.1; https://reversevillain.com"
64.227.169.195 - - [08/Jun/2025:10:19:15 -0400] "POST //xmlrpc.php HTTP/1.1" 200 205 "-" "Mozilla/5.0 (Windows NT 10.0; Win64; x64) AppleWebKit/537.36 (KHTML, like Gecko) Chrome/80.0.3987.149 Safari/537.36"
162.0.232.193 - - [08/Jun/2025:10:19:31 -0400] "POST /wp-admin/admin-ajax.php?action=async_litespeed&nonce=rTuja3EMdH1Lg6X9AdEfDwBXXn96uuoR&litespeed_type=imgoptm HTTP/1.1" 200 5 "-" "WordPress/6.8.1; https://reversevillain.com"
162.0.232.193 - - [08/Jun/2025:10:19:46 -0400] "POST /wp-cron.php?doing_wp_cron=1749392385.9280529022216796875000 HTTP/1.1" 200 0 "-" "WordPress/6.8.1; https://reversevillain.com"
64.227.169.195 - - [08/Jun/2025:10:19:31 -0400] "POST //xmlrpc.php HTTP/1.1" 200 205 "-" "Mozilla/5.0 (Windows NT 10.0; Win64; x64) AppleWebKit/537.36 (KHTML, like Gecko) Chrome/80.0.3987.149 Safari/537.36"
162.0.232.193 - - [08/Jun/2025:10:20:00 -0400] "POST /wp-cron.php?doing_wp_cron=1749392400.7330949306488037109375 HTTP/1.1" 200 0 "-" "WordPress/6.8.1; https://reversevillain.com"
64.227.169.195 - - [08/Jun/2025:10:19:46 -0400] "POST //xmlrpc.php HTTP/1.1" 200 205 "-" "Mozilla/5.0 (Windows NT 10.0; Win64; x64) AppleWebKit/537.36 (KHTML, like Gecko) Chrome/80.0.3987.149 Safari/537.36"
162.0.232.193 - - [08/Jun/2025:10:20:01 -0400] "POST /wp-admin/admin-ajax.php?action=async_litespeed&nonce=sCNMUWkMqOZ2hsVY4Je0LofvgsrtJoo3&litespeed_type=imgoptm HTTP/1.1" 200 5 "-" "WordPress/6.8.1; https://reversevillain.com"
64.227.169.195 - - [08/Jun/2025:10:20:01 -0400] "POST //xmlrpc.php HTTP/1.1" 200 205 "-" "Mozilla/5.0 (Windows NT 10.0; Win64; x64) AppleWebKit/537.36 (KHTML, like Gecko) Chrome/80.0.3987.149 Safari/537.36"
36.255.87.0 - - [08/Jun/2025:10:20:23 -0400] "GET / HTTP/1.1" 200 9390 "https://search.brave.com/" "Mozilla/5.0 (Linux; Android 10; K) AppleWebKit/537.36 (KHTML, like Gecko) Chrome/137.0.0.0 Mobile Safari/537.36"
36.255.87.0 - - [08/Jun/2025:10:20:25 -0400] "GET /wp-content/plugins/simple-social-buttons/assets/js/front.js?ver=5.3.1 HTTP/1.1" 200 1932 "https://reversevillain.com/" "Mozilla/5.0 (Linux; Android 10; K) AppleWebKit/537.36 (KHTML, like Gecko) Chrome/137.0.0.0 Mobile Safari/537.36"
36.255.87.0 - - [08/Jun/2025:10:20:25 -0400] "GET /wp-content/plugins/simple-social-buttons/assets/js/frontend-blocks.js?ver=5.3.1 HTTP/1.1" 200 0 "https://reversevillain.com/" "Mozilla/5.0 (Linux; Android 10; K) AppleWebKit/537.36 (KHTML, like Gecko) Chrome/137.0.0.0 Mobile Safari/537.36"
36.255.87.0 - - [08/Jun/2025:10:20:25 -0400] "GET /wp-content/uploads/2024/02/9241cb9aeeaab1cd315f26ebf3104065.jpg HTTP/1.1" 200 119521 "https://reversevillain.com/" "Mozilla/5.0 (Linux; Android 10; K) AppleWebKit/537.36 (KHTML, like Gecko) Chrome/137.0.0.0 Mobile Safari/537.36"
36.255.87.0 - - [08/Jun/2025:10:20:25 -0400] "GET /wp-content/plugins/widgets-on-pages/public/css/widgets-on-pages-public.css?ver=1.4.0 HTTP/1.1" 200 83 "https://reversevillain.com/" "Mozilla/5.0 (Linux; Android 10; K) AppleWebKit/537.36 (KHTML, like Gecko) Chrome/137.0.0.0 Mobile Safari/537.36"
36.255.87.0 - - [08/Jun/2025:10:20:25 -0400] "GET /wp-includes/js/jquery/jquery-migrate.min.js?ver=3.4.1 HTTP/1.1" 200 4678 "https://reversevillain.com/" "Mozilla/5.0 (Linux; Android 10; K) AppleWebKit/537.36 (KHTML, like Gecko) Chrome/137.0.0.0 Mobile Safari/537.36"
36.255.87.0 - - [08/Jun/2025:10:20:25 -0400] "GET /wp-content/uploads/2024/02/Reverse_Villain.webp HTTP/1.1" 200 149800 "https://reversevillain.com/" "Mozilla/5.0 (Linux; Android 10; K) AppleWebKit/537.36 (KHTML, like Gecko) Chrome/137.0.0.0 Mobile Safari/537.36"
36.255.87.0 - - [08/Jun/2025:10:20:25 -0400] "GET /wp-content/plugins/simple-social-buttons/assets/css/front.css?ver=5.3.1 HTTP/1.1" 200 10295 "https://reversevillain.com/" "Mozilla/5.0 (Linux; Android 10; K) AppleWebKit/537.36 (KHTML, like Gecko) Chrome/137.0.0.0 Mobile Safari/537.36"
36.255.87.0 - - [08/Jun/2025:10:20:25 -0400] "GET /wp-includes/css/dist/block-library/style.min.css?ver=6.8.1 HTTP/1.1" 200 14358 "https://reversevillain.com/" "Mozilla/5.0 (Linux; Android 10; K) AppleWebKit/537.36 (KHTML, like Gecko) Chrome/137.0.0.0 Mobile Safari/537.36"
36.255.87.0 - - [08/Jun/2025:10:20:25 -0400] "GET /wp-includes/js/jquery/jquery.min.js?ver=3.7.1 HTTP/1.1" 200 29744 "https://reversevillain.com/" "Mozilla/5.0 (Linux; Android 10; K) AppleWebKit/537.36 (KHTML, like Gecko) Chrome/137.0.0.0 Mobile Safari/537.36"
36.255.87.0 - - [08/Jun/2025:10:20:25 -0400] "GET /wp-content/themes/toivo-lite/fonts/genericons/genericons/genericons.min.css?ver=3.3 HTTP/1.1" 200 15959 "https://reversevillain.com/" "Mozilla/5.0 (Linux; Android 10; K) AppleWebKit/537.36 (KHTML, like Gecko) Chrome/137.0.0.0 Mobile Safari/537.36"
36.255.87.0 - - [08/Jun/2025:10:20:25 -0400] "GET /wp-content/themes/toivo-lite/style.css?ver=1.2.0 HTTP/1.1" 200 13718 "https://reversevillain.com/" "Mozilla/5.0 (Linux; Android 10; K) AppleWebKit/537.36 (KHTML, like Gecko) Chrome/137.0.0.0 Mobile Safari/537.36"
36.255.87.0 - - [08/Jun/2025:10:20:25 -0400] "GET /wp-content/plugins/comic-easel/js/keynav.js HTTP/1.1" 200 302 "https://reversevillain.com/" "Mozilla/5.0 (Linux; Android 10; K) AppleWebKit/537.36 (KHTML, like Gecko) Chrome/137.0.0.0 Mobile Safari/537.36"
36.255.87.0 - - [08/Jun/2025:10:20:26 -0400] "GET /wp-content/themes/toivo-lite/js/responsive-nav.min.js?ver=1.2.0 HTTP/1.1" 200 2102 "https://reversevillain.com/" "Mozilla/5.0 (Linux; Android 10; K) AppleWebKit/537.36 (KHTML, like Gecko) Chrome/137.0.0.0 Mobile Safari/537.36"
36.255.87.0 - - [08/Jun/2025:10:20:26 -0400] "GET /wp-content/themes/toivo-lite/js/settings.min.js?ver=1.2.0 HTTP/1.1" 200 307 "https://reversevillain.com/" "Mozilla/5.0 (Linux; Android 10; K) AppleWebKit/537.36 (KHTML, like Gecko) Chrome/137.0.0.0 Mobile Safari/537.36"
36.255.87.0 - - [08/Jun/2025:10:20:26 -0400] "GET /wp-content/themes/toivo-lite/js/functions.min.js?ver=1.2.0 HTTP/1.1" 200 593 "https://reversevillain.com/" "Mozilla/5.0 (Linux; Android 10; K) AppleWebKit/537.36 (KHTML, like Gecko) Chrome/137.0.0.0 Mobile Safari/537.36"
36.255.87.0 - - [08/Jun/2025:10:20:28 -0400] "GET /wp-content/uploads/2024/02/cropped-artworks-GR9wiYSqAwJo0Fa7-x7keIQ-t500x500-192x192.jpg HTTP/1.1" 200 7266 "https://reversevillain.com/" "Mozilla/5.0 (Linux; Android 10; K) AppleWebKit/537.36 (KHTML, like Gecko) Chrome/137.0.0.0 Mobile Safari/537.36"
36.255.87.0 - - [08/Jun/2025:10:20:28 -0400] "GET /wp-content/uploads/2024/02/cropped-artworks-GR9wiYSqAwJo0Fa7-x7keIQ-t500x500-180x180.jpg HTTP/1.1" 200 6807 "https://reversevillain.com/" "Mozilla/5.0 (Linux; Android 10; K) AppleWebKit/537.36 (KHTML, like Gecko) Chrome/137.0.0.0 Mobile Safari/537.36"
162.0.232.193 - - [08/Jun/2025:10:20:30 -0400] "POST /wp-cron.php?doing_wp_cron=1749392430.5233600139617919921875 HTTP/1.1" 200 0 "-" "WordPress/6.8.1; https://reversevillain.com"
64.227.169.195 - - [08/Jun/2025:10:20:16 -0400] "POST //xmlrpc.php HTTP/1.1" 200 205 "-" "Mozilla/5.0 (Windows NT 10.0; Win64; x64) AppleWebKit/537.36 (KHTML, like Gecko) Chrome/80.0.3987.149 Safari/537.36"
36.255.87.0 - - [08/Jun/2025:10:20:30 -0400] "GET /reverse-villain-chapter-43/ HTTP/1.1" 200 9943 "https://reversevillain.com/" "Mozilla/5.0 (Linux; Android 10; K) AppleWebKit/537.36 (KHTML, like Gecko) Chrome/137.0.0.0 Mobile Safari/537.36"
36.255.87.0 - - [08/Jun/2025:10:20:31 -0400] "GET /wp-content/plugins/wp-automatic/css/wp-automatic.css?ver=1.0.0 HTTP/1.1" 200 537 "https://reversevillain.com/reverse-villain-chapter-43/" "Mozilla/5.0 (Linux; Android 10; K) AppleWebKit/537.36 (KHTML, like Gecko) Chrome/137.0.0.0 Mobile Safari/537.36"
36.255.87.0 - - [08/Jun/2025:10:20:31 -0400] "GET /wp-content/plugins/wp-automatic/js/main-front.js?ver=6.8.1 HTTP/1.1" 200 316 "https://reversevillain.com/reverse-villain-chapter-43/" "Mozilla/5.0 (Linux; Android 10; K) AppleWebKit/537.36 (KHTML, like Gecko) Chrome/137.0.0.0 Mobile Safari/537.36"
36.255.87.0 - - [08/Jun/2025:10:20:32 -0400] "GET /wp-content/plugins/disqus-comment-system/public/js/comment_count.js?ver=3.1.2 HTTP/1.1" 200 354 "https://reversevillain.com/reverse-villain-chapter-43/" "Mozilla/5.0 (Linux; Android 10; K) AppleWebKit/537.36 (KHTML, like Gecko) Chrome/137.0.0.0 Mobile Safari/537.36"
36.255.87.0 - - [08/Jun/2025:10:20:32 -0400] "GET /wp-content/plugins/simple-social-buttons/assets/fonts/ssb-icon.ttf?eahqa2 HTTP/1.1" 200 6624 "https://reversevillain.com/wp-content/plugins/simple-social-buttons/assets/css/front.css?ver=5.3.1" "Mozilla/5.0 (Linux; Android 10; K) AppleWebKit/537.36 (KHTML, like Gecko) Chrome/137.0.0.0 Mobile Safari/537.36"
36.255.87.0 - - [08/Jun/2025:10:20:32 -0400] "GET /wp-content/plugins/disqus-comment-system/public/js/comment_embed.js?ver=3.1.2 HTTP/1.1" 200 653 "https://reversevillain.com/reverse-villain-chapter-43/" "Mozilla/5.0 (Linux; Android 10; K) AppleWebKit/537.36 (KHTML, like Gecko) Chrome/137.0.0.0 Mobile Safari/537.36"
36.255.87.0 - - [08/Jun/2025:10:20:33 -0400] "GET /wp-includes/js/comment-reply.min.js?ver=6.8.1 HTTP/1.1" 200 1247 "https://reversevillain.com/reverse-villain-chapter-43/" "Mozilla/5.0 (Linux; Android 10; K) AppleWebKit/537.36 (KHTML, like Gecko) Chrome/137.0.0.0 Mobile Safari/537.36"
36.255.87.0 - - [08/Jun/2025:10:20:33 -0400] "POST /wp-admin/admin-ajax.php HTTP/1.1" 200 69 "https://reversevillain.com/reverse-villain-chapter-43/" "Mozilla/5.0 (Linux; Android 10; K) AppleWebKit/537.36 (KHTML, like Gecko) Chrome/137.0.0.0 Mobile Safari/537.36"
64.227.169.195 - - [08/Jun/2025:10:20:31 -0400] "POST //xmlrpc.php HTTP/1.1" 200 205 "-" "Mozilla/5.0 (Windows NT 10.0; Win64; x64) AppleWebKit/537.36 (KHTML, like Gecko) Chrome/80.0.3987.149 Safari/537.36"
36.255.87.0 - - [08/Jun/2025:10:20:55 -0400] "GET /reverse-villain-chapter-44/ HTTP/1.1" 200 9955 "https://reversevillain.com/" "Mozilla/5.0 (Linux; Android 10; K) AppleWebKit/537.36 (KHTML, like Gecko) Chrome/137.0.0.0 Mobile Safari/537.36"
36.255.87.0 - - [08/Jun/2025:10:20:56 -0400] "POST /wp-admin/admin-ajax.php HTTP/1.1" 200 69 "https://reversevillain.com/reverse-villain-chapter-44/" "Mozilla/5.0 (Linux; Android 10; K) AppleWebKit/537.36 (KHTML, like Gecko) Chrome/137.0.0.0 Mobile Safari/537.36"
64.227.169.195 - - [08/Jun/2025:10:20:46 -0400] "POST //xmlrpc.php HTTP/1.1" 200 205 "-" "Mozilla/5.0 (Windows NT 10.0; Win64; x64) AppleWebKit/537.36 (KHTML, like Gecko) Chrome/80.0.3987.149 Safari/537.36"
64.227.169.195 - - [08/Jun/2025:10:21:00 -0400] "POST //xmlrpc.php HTTP/1.1" 200 205 "-" "Mozilla/5.0 (Windows NT 10.0; Win64; x64) AppleWebKit/537.36 (KHTML, like Gecko) Chrome/80.0.3987.149 Safari/537.36"
64.227.169.195 - - [08/Jun/2025:10:21:16 -0400] "POST //xmlrpc.php HTTP/1.1" 200 205 "-" "Mozilla/5.0 (Windows NT 10.0; Win64; x64) AppleWebKit/537.36 (KHTML, like Gecko) Chrome/80.0.3987.149 Safari/537.36"
162.0.232.193 - - [08/Jun/2025:10:21:46 -0400] "POST /wp-cron.php?doing_wp_cron=1749392505.9685759544372558593750 HTTP/1.1" 200 0 "-" "WordPress/6.8.1; https://reversevillain.com"
64.227.169.195 - - [08/Jun/2025:10:21:30 -0400] "POST //xmlrpc.php HTTP/1.1" 200 205 "-" "Mozilla/5.0 (Windows NT 10.0; Win64; x64) AppleWebKit/537.36 (KHTML, like Gecko) Chrome/80.0.3987.149 Safari/537.36"
162.0.232.193 - - [08/Jun/2025:10:21:46 -0400] "POST /wp-admin/admin-ajax.php?action=async_litespeed&nonce=1cUUNoXlqPK9gj1QIIYkHaxaCo9aRHUM&litespeed_type=imgoptm HTTP/1.1" 200 5 "-" "WordPress/6.8.1; https://reversevillain.com"
47.128.111.112 - - [08/Jun/2025:10:21:49 -0400] "GET /isekai-monster-breeder-chapter-66/ HTTP/1.1" 301 0 "-" "Mozilla/5.0 (Linux; Android 5.0) AppleWebKit/537.36 (KHTML, like Gecko) Mobile Safari/537.36 (compatible; TikTokSpider; [email protected])"
47.128.111.112 - - [08/Jun/2025:10:21:50 -0400] "GET / HTTP/1.1" 200 9390 "-" "Mozilla/5.0 (Linux; Android 5.0) AppleWebKit/537.36 (KHTML, like Gecko) Mobile Safari/537.36 (compatible; TikTokSpider; [email protected])"
162.0.232.193 - - [08/Jun/2025:10:22:00 -0400] "POST /wp-cron.php?doing_wp_cron=1749392520.7909479141235351562500 HTTP/1.1" 200 0 "-" "WordPress/6.8.1; https://reversevillain.com"
64.227.169.195 - - [08/Jun/2025:10:21:46 -0400] "POST //xmlrpc.php HTTP/1.1" 200 205 "-" "Mozilla/5.0 (Windows NT 10.0; Win64; x64) AppleWebKit/537.36 (KHTML, like Gecko) Chrome/80.0.3987.149 Safari/537.36"
162.0.232.193 - - [08/Jun/2025:10:22:01 -0400] "POST /wp-admin/admin-ajax.php?action=async_litespeed&nonce=bEvJ4TLV7A20mJxzCa5bRs1bqsU2WICB&litespeed_type=imgoptm HTTP/1.1" 200 5 "-" "WordPress/6.8.1; https://reversevillain.com"
64.227.169.195 - - [08/Jun/2025:10:22:01 -0400] "POST //xmlrpc.php HTTP/1.1" 200 205 "-" "Mozilla/5.0 (Windows NT 10.0; Win64; x64) AppleWebKit/537.36 (KHTML, like Gecko) Chrome/80.0.3987.149 Safari/537.36"
162.0.232.193 - - [08/Jun/2025:10:22:30 -0400] "POST /wp-cron.php?doing_wp_cron=1749392550.1508719921112060546875 HTTP/1.1" 200 0 "-" "WordPress/6.8.1; https://reversevillain.com"
64.227.169.195 - - [08/Jun/2025:10:22:16 -0400] "POST //xmlrpc.php HTTP/1.1" 200 205 "-" "Mozilla/5.0 (Windows NT 10.0; Win64; x64) AppleWebKit/537.36 (KHTML, like Gecko) Chrome/80.0.3987.149 Safari/537.36"
64.227.169.195 - - [08/Jun/2025:10:22:30 -0400] "POST //xmlrpc.php HTTP/1.1" 200 205 "-" "Mozilla/5.0 (Windows NT 10.0; Win64; x64) AppleWebKit/537.36 (KHTML, like Gecko) Chrome/80.0.3987.149 Safari/537.36"
64.227.169.195 - - [08/Jun/2025:10:22:46 -0400] "POST //xmlrpc.php HTTP/1.1" 200 205 "-" "Mozilla/5.0 (Windows NT 10.0; Win64; x64) AppleWebKit/537.36 (KHTML, like Gecko) Chrome/80.0.3987.149 Safari/537.36"
43.135.182.95 - - [08/Jun/2025:10:23:06 -0400] "GET /reverse-villain-chapter-46/ HTTP/1.1" 200 9946 "-" "Mozilla/5.0 (iPhone; CPU iPhone OS 13_2_3 like Mac OS X) AppleWebKit/605.1.15 (KHTML, like Gecko) Version/13.0.3 Mobile/15E148 Safari/604.1"
64.227.169.195 - - [08/Jun/2025:10:23:01 -0400] "POST //xmlrpc.php HTTP/1.1" 200 205 "-" "Mozilla/5.0 (Windows NT 10.0; Win64; x64) AppleWebKit/537.36 (KHTML, like Gecko) Chrome/80.0.3987.149 Safari/537.36"
162.0.232.193 - - [08/Jun/2025:10:23:31 -0400] "POST /wp-cron.php?doing_wp_cron=1749392610.7968840599060058593750 HTTP/1.1" 200 0 "-" "WordPress/6.8.1; https://reversevillain.com"
64.227.169.195 - - [08/Jun/2025:10:23:15 -0400] "POST //xmlrpc.php HTTP/1.1" 200 205 "-" "Mozilla/5.0 (Windows NT 10.0; Win64; x64) AppleWebKit/537.36 (KHTML, like Gecko) Chrome/80.0.3987.149 Safari/537.36"
162.0.232.193 - - [08/Jun/2025:10:23:31 -0400] "POST /wp-admin/admin-ajax.php?action=async_litespeed&nonce=50rATrYOUuQZT5DLlpsaT30tKHCrh6AO&litespeed_type=imgoptm HTTP/1.1" 200 5 "-" "WordPress/6.8.1; https://reversevillain.com"
162.0.232.193 - - [08/Jun/2025:10:23:46 -0400] "POST /wp-cron.php?doing_wp_cron=1749392625.8218569755554199218750 HTTP/1.1" 200 0 "-" "WordPress/6.8.1; https://reversevillain.com"
64.227.169.195 - - [08/Jun/2025:10:23:32 -0400] "POST //xmlrpc.php HTTP/1.1" 200 205 "-" "Mozilla/5.0 (Windows NT 10.0; Win64; x64) AppleWebKit/537.36 (KHTML, like Gecko) Chrome/80.0.3987.149 Safari/537.36"
162.0.232.193 - - [08/Jun/2025:10:23:53 -0400] "POST /wp-cron.php?doing_wp_cron=1749392633.6624701023101806640625 HTTP/1.1" 200 0 "-" "WordPress/6.8.1; https://reversevillain.com"
52.167.144.163 - - [08/Jun/2025:10:23:53 -0400] "GET /flying-witch-chapter-74/ HTTP/1.1" 301 0 "-" "Mozilla/5.0 AppleWebKit/537.36 (KHTML, like Gecko; compatible; bingbot/2.0; +http://www.bing.com/bingbot.htm) Chrome/116.0.1938.76 Safari/537.36"
162.0.232.193 - - [08/Jun/2025:10:23:54 -0400] "POST /wp-admin/admin-ajax.php?action=async_litespeed&nonce=0Sce2L6kzNWkhCJlJztWpTJiNUy7AlbX&litespeed_type=imgoptm HTTP/1.1" 200 5 "-" "WordPress/6.8.1; https://reversevillain.com"
47.128.122.107 - - [08/Jun/2025:10:23:58 -0400] "GET /eris-no-seihai-chapter-41/ HTTP/1.1" 301 0 "-" "Mozilla/5.0 (Linux; Android 5.0) AppleWebKit/537.36 (KHTML, like Gecko) Mobile Safari/537.36 (compatible; TikTokSpider; [email protected])"
47.128.122.107 - - [08/Jun/2025:10:23:58 -0400] "GET / HTTP/1.1" 200 9390 "-" "Mozilla/5.0 (Linux; Android 5.0) AppleWebKit/537.36 (KHTML, like Gecko) Mobile Safari/537.36 (compatible; TikTokSpider; [email protected])"
