157.245.148.39 - - [08/Jun/2025:19:15:01 -0400] "POST //xmlrpc.php HTTP/1.1" 200 205 "-" "Mozilla/5.0 (Windows NT 10.0; Win64; x64) AppleWebKit/537.36 (KHTML, like Gecko) Chrome/78.0.3904.108 Safari/537.36"
162.0.232.193 - - [08/Jun/2025:19:15:30 -0400] "POST /wp-cron.php?doing_wp_cron=1749424530.3153820037841796875000 HTTP/1.1" 200 0 "-" "WordPress/6.8.1; https://reversevillain.com"
45.94.31.111 - - [08/Jun/2025:19:15:01 -0400] "POST //xmlrpc.php HTTP/1.1" 200 205 "-" "Mozilla/5.0 (Windows NT 10.0; Win64; x64) AppleWebKit/537.36 (KHTML, like Gecko) Chrome/89.0.4389.114 Safari/537.36"
139.59.58.126 - - [08/Jun/2025:19:15:00 -0400] "POST //xmlrpc.php HTTP/1.1" 200 205 "-" "Mozilla/5.0 (Windows NT 10.0; Win64; x64) AppleWebKit/537.36 (KHTML, like Gecko) Chrome/80.0.3987.149 Safari/537.36"
157.245.148.39 - - [08/Jun/2025:19:15:30 -0400] "POST //xmlrpc.php HTTP/1.1" 200 205 "-" "Mozilla/5.0 (Windows NT 10.0; Win64; x64) AppleWebKit/537.36 (KHTML, like Gecko) Chrome/78.0.3904.108 Safari/537.36"
45.94.31.111 - - [08/Jun/2025:19:15:30 -0400] "POST //xmlrpc.php HTTP/1.1" 200 205 "-" "Mozilla/5.0 (Windows NT 10.0; Win64; x64) AppleWebKit/537.36 (KHTML, like Gecko) Chrome/89.0.4389.114 Safari/537.36"
139.59.58.126 - - [08/Jun/2025:19:15:31 -0400] "POST //xmlrpc.php HTTP/1.1" 200 205 "-" "Mozilla/5.0 (Windows NT 10.0; Win64; x64) AppleWebKit/537.36 (KHTML, like Gecko) Chrome/80.0.3987.149 Safari/537.36"
45.94.31.111 - - [08/Jun/2025:19:16:01 -0400] "POST //xmlrpc.php HTTP/1.1" 200 205 "-" "Mozilla/5.0 (Windows NT 10.0; Win64; x64) AppleWebKit/537.36 (KHTML, like Gecko) Chrome/89.0.4389.114 Safari/537.36"
162.0.232.193 - - [08/Jun/2025:19:16:31 -0400] "POST /wp-cron.php?doing_wp_cron=1749424591.0867490768432617187500 HTTP/1.1" 200 0 "-" "WordPress/6.8.1; https://reversevillain.com"
157.245.148.39 - - [08/Jun/2025:19:16:00 -0400] "POST //xmlrpc.php HTTP/1.1" 200 205 "-" "Mozilla/5.0 (Windows NT 10.0; Win64; x64) AppleWebKit/537.36 (KHTML, like Gecko) Chrome/78.0.3904.108 Safari/537.36"
162.0.232.193 - - [08/Jun/2025:19:16:31 -0400] "POST /wp-admin/admin-ajax.php?action=async_litespeed&nonce=J2L0qLiG2wtLIZMqc5FxfHHQQaKJS6gj&litespeed_type=imgoptm HTTP/1.1" 200 5 "-" "WordPress/6.8.1; https://reversevillain.com"
162.0.232.193 - - [08/Jun/2025:19:16:45 -0400] "POST /wp-cron.php?doing_wp_cron=1749424605.5434470176696777343750 HTTP/1.1" 200 0 "-" "WordPress/6.8.1; https://reversevillain.com"
139.59.58.126 - - [08/Jun/2025:19:16:16 -0400] "POST //xmlrpc.php HTTP/1.1" 200 205 "-" "Mozilla/5.0 (Windows NT 10.0; Win64; x64) AppleWebKit/537.36 (KHTML, like Gecko) Chrome/80.0.3987.149 Safari/537.36"
162.0.232.193 - - [08/Jun/2025:19:16:52 -0400] "POST /wp-cron.php?doing_wp_cron=1749424611.9163169860839843750000 HTTP/1.1" 200 0 "-" "WordPress/6.8.1; https://reversevillain.com"
47.128.110.70 - - [08/Jun/2025:19:16:51 -0400] "GET /genkai-level-1-kara-no-nariagari-chapter-26/ HTTP/1.1" 301 0 "-" "Mozilla/5.0 (Linux; Android 5.0) AppleWebKit/537.36 (KHTML, like Gecko) Mobile Safari/537.36 (compatible; TikTokSpider; [email protected])"
162.0.232.193 - - [08/Jun/2025:19:16:52 -0400] "POST /wp-admin/admin-ajax.php?action=async_litespeed&nonce=c6iZNdn1mNst8LqHeuuBUAdHya7otdtl&litespeed_type=imgoptm HTTP/1.1" 200 5 "-" "WordPress/6.8.1; https://reversevillain.com"
47.128.110.70 - - [08/Jun/2025:19:16:52 -0400] "GET / HTTP/1.1" 200 9390 "-" "Mozilla/5.0 (Linux; Android 5.0) AppleWebKit/537.36 (KHTML, like Gecko) Mobile Safari/537.36 (compatible; TikTokSpider; [email protected])"
45.94.31.111 - - [08/Jun/2025:19:16:30 -0400] "POST //xmlrpc.php HTTP/1.1" 200 205 "-" "Mozilla/5.0 (Windows NT 10.0; Win64; x64) AppleWebKit/537.36 (KHTML, like Gecko) Chrome/89.0.4389.114 Safari/537.36"
157.245.148.39 - - [08/Jun/2025:19:16:31 -0400] "POST //xmlrpc.php HTTP/1.1" 200 205 "-" "Mozilla/5.0 (Windows NT 10.0; Win64; x64) AppleWebKit/537.36 (KHTML, like Gecko) Chrome/78.0.3904.108 Safari/537.36"
43.166.240.231 - - [08/Jun/2025:19:17:07 -0400] "GET /reverse-villain-chapter-79/ HTTP/1.1" 200 9597 "-" "Mozilla/5.0 (iPhone; CPU iPhone OS 13_2_3 like Mac OS X) AppleWebKit/605.1.15 (KHTML, like Gecko) Version/13.0.3 Mobile/15E148 Safari/604.1"
162.0.232.193 - - [08/Jun/2025:19:17:30 -0400] "POST /wp-cron.php?doing_wp_cron=1749424650.2689731121063232421875 HTTP/1.1" 200 0 "-" "WordPress/6.8.1; https://reversevillain.com"
157.245.148.39 - - [08/Jun/2025:19:17:01 -0400] "POST //xmlrpc.php HTTP/1.1" 200 205 "-" "Mozilla/5.0 (Windows NT 10.0; Win64; x64) AppleWebKit/537.36 (KHTML, like Gecko) Chrome/78.0.3904.108 Safari/537.36"
45.94.31.111 - - [08/Jun/2025:19:17:00 -0400] "POST //xmlrpc.php HTTP/1.1" 200 205 "-" "Mozilla/5.0 (Windows NT 10.0; Win64; x64) AppleWebKit/537.36 (KHTML, like Gecko) Chrome/89.0.4389.114 Safari/537.36"
157.245.148.39 - - [08/Jun/2025:19:17:30 -0400] "POST //xmlrpc.php HTTP/1.1" 200 205 "-" "Mozilla/5.0 (Windows NT 10.0; Win64; x64) AppleWebKit/537.36 (KHTML, like Gecko) Chrome/78.0.3904.108 Safari/537.36"
45.94.31.111 - - [08/Jun/2025:19:17:30 -0400] "POST //xmlrpc.php HTTP/1.1" 200 205 "-" "Mozilla/5.0 (Windows NT 10.0; Win64; x64) AppleWebKit/537.36 (KHTML, like Gecko) Chrome/89.0.4389.114 Safari/537.36"
157.245.148.39 - - [08/Jun/2025:19:17:46 -0400] "POST //xmlrpc.php HTTP/1.1" 200 205 "-" "Mozilla/5.0 (Windows NT 10.0; Win64; x64) AppleWebKit/537.36 (KHTML, like Gecko) Chrome/78.0.3904.108 Safari/537.36"
162.0.232.193 - - [08/Jun/2025:19:18:30 -0400] "POST /wp-cron.php?doing_wp_cron=1749424710.3817028999328613281250 HTTP/1.1" 200 0 "-" "WordPress/6.8.1; https://reversevillain.com"
162.0.232.193 - - [08/Jun/2025:19:18:30 -0400] "POST /wp-cron.php?doing_wp_cron=1749424710.4702808856964111328125 HTTP/1.1" 200 0 "-" "WordPress/6.8.1; https://reversevillain.com"
45.94.31.111 - - [08/Jun/2025:19:18:01 -0400] "POST //xmlrpc.php HTTP/1.1" 200 205 "-" "Mozilla/5.0 (Windows NT 10.0; Win64; x64) AppleWebKit/537.36 (KHTML, like Gecko) Chrome/89.0.4389.114 Safari/537.36"
157.245.148.39 - - [08/Jun/2025:19:18:15 -0400] "POST //xmlrpc.php HTTP/1.1" 200 205 "-" "Mozilla/5.0 (Windows NT 10.0; Win64; x64) AppleWebKit/537.36 (KHTML, like Gecko) Chrome/78.0.3904.108 Safari/537.36"
162.0.232.193 - - [08/Jun/2025:19:18:31 -0400] "POST /wp-admin/admin-ajax.php?action=async_litespeed&nonce=s6tokObJcUYlVwEg8bqwT9cGimLGw4Wx&litespeed_type=imgoptm HTTP/1.1" 200 5 "-" "WordPress/6.8.1; https://reversevillain.com"
162.0.232.193 - - [08/Jun/2025:19:19:00 -0400] "POST /wp-cron.php?doing_wp_cron=1749424740.1410100460052490234375 HTTP/1.1" 200 0 "-" "WordPress/6.8.1; https://reversevillain.com"
157.245.148.39 - - [08/Jun/2025:19:18:31 -0400] "POST //xmlrpc.php HTTP/1.1" 200 205 "-" "Mozilla/5.0 (Windows NT 10.0; Win64; x64) AppleWebKit/537.36 (KHTML, like Gecko) Chrome/78.0.3904.108 Safari/537.36"
162.0.232.193 - - [08/Jun/2025:19:19:00 -0400] "POST /wp-admin/admin-ajax.php?action=async_litespeed&nonce=jL3ywFmmEZ7l8JmrtUeotsMbwhJ3R0bl&litespeed_type=imgoptm HTTP/1.1" 200 5 "-" "WordPress/6.8.1; https://reversevillain.com"
45.94.31.111 - - [08/Jun/2025:19:18:30 -0400] "POST //xmlrpc.php HTTP/1.1" 200 205 "-" "Mozilla/5.0 (Windows NT 10.0; Win64; x64) AppleWebKit/537.36 (KHTML, like Gecko) Chrome/89.0.4389.114 Safari/537.36"
157.245.148.39 - - [08/Jun/2025:19:19:00 -0400] "POST //xmlrpc.php HTTP/1.1" 200 205 "-" "Mozilla/5.0 (Windows NT 10.0; Win64; x64) AppleWebKit/537.36 (KHTML, like Gecko) Chrome/78.0.3904.108 Safari/537.36"
162.0.232.193 - - [08/Jun/2025:19:19:30 -0400] "POST /wp-cron.php?doing_wp_cron=1749424770.2794079780578613281250 HTTP/1.1" 200 0 "-" "WordPress/6.8.1; https://reversevillain.com"
45.94.31.111 - - [08/Jun/2025:19:19:01 -0400] "POST //xmlrpc.php HTTP/1.1" 200 205 "-" "Mozilla/5.0 (Windows NT 10.0; Win64; x64) AppleWebKit/537.36 (KHTML, like Gecko) Chrome/89.0.4389.114 Safari/537.36"
157.245.148.39 - - [08/Jun/2025:19:19:15 -0400] "POST //xmlrpc.php HTTP/1.1" 200 205 "-" "Mozilla/5.0 (Windows NT 10.0; Win64; x64) AppleWebKit/537.36 (KHTML, like Gecko) Chrome/78.0.3904.108 Safari/537.36"
45.94.31.111 - - [08/Jun/2025:19:19:30 -0400] "POST //xmlrpc.php HTTP/1.1" 200 205 "-" "Mozilla/5.0 (Windows NT 10.0; Win64; x64) AppleWebKit/537.36 (KHTML, like Gecko) Chrome/89.0.4389.114 Safari/537.36"
157.245.148.39 - - [08/Jun/2025:19:19:46 -0400] "POST //xmlrpc.php HTTP/1.1" 200 205 "-" "Mozilla/5.0 (Windows NT 10.0; Win64; x64) AppleWebKit/537.36 (KHTML, like Gecko) Chrome/78.0.3904.108 Safari/537.36"
162.0.232.193 - - [08/Jun/2025:19:20:44 -0400] "POST /wp-cron.php?doing_wp_cron=1749424844.4826180934906005859375 HTTP/1.1" 200 0 "-" "WordPress/6.8.1; https://reversevillain.com"
47.128.121.191 - - [08/Jun/2025:19:20:44 -0400] "GET /kabushikigaisha-magi-lumiere-chapter-101/ HTTP/1.1" 301 0 "-" "Mozilla/5.0 (Linux; Android 5.0) AppleWebKit/537.36 (KHTML, like Gecko) Mobile Safari/537.36 (compatible; TikTokSpider; [email protected])"
162.0.232.193 - - [08/Jun/2025:19:20:44 -0400] "POST /wp-admin/admin-ajax.php?action=async_litespeed&nonce=uApc5ssHl5s61LeZaxlWEOyAGY8eXl2I&litespeed_type=imgoptm HTTP/1.1" 200 5 "-" "WordPress/6.8.1; https://reversevillain.com"
45.94.31.111 - - [08/Jun/2025:19:20:01 -0400] "POST //xmlrpc.php HTTP/1.1" 200 205 "-" "Mozilla/5.0 (Windows NT 10.0; Win64; x64) AppleWebKit/537.36 (KHTML, like Gecko) Chrome/89.0.4389.114 Safari/537.36"
157.245.148.39 - - [08/Jun/2025:19:20:15 -0400] "POST //xmlrpc.php HTTP/1.1" 200 205 "-" "Mozilla/5.0 (Windows NT 10.0; Win64; x64) AppleWebKit/537.36 (KHTML, like Gecko) Chrome/78.0.3904.108 Safari/537.36"
47.128.121.191 - - [08/Jun/2025:19:20:45 -0400] "GET / HTTP/1.1" 200 9390 "-" "Mozilla/5.0 (Linux; Android 5.0) AppleWebKit/537.36 (KHTML, like Gecko) Mobile Safari/537.36 (compatible; TikTokSpider; [email protected])"
162.0.232.193 - - [08/Jun/2025:19:21:00 -0400] "POST /wp-cron.php?doing_wp_cron=1749424860.3207130432128906250000 HTTP/1.1" 200 0 "-" "WordPress/6.8.1; https://reversevillain.com"
45.94.31.111 - - [08/Jun/2025:19:20:45 -0400] "POST //xmlrpc.php HTTP/1.1" 200 205 "-" "Mozilla/5.0 (Windows NT 10.0; Win64; x64) AppleWebKit/537.36 (KHTML, like Gecko) Chrome/89.0.4389.114 Safari/537.36"
162.0.232.193 - - [08/Jun/2025:19:21:00 -0400] "POST /wp-admin/admin-ajax.php?action=async_litespeed&nonce=m7PuPDeLDq8D7y3H9FBIij20sCd7ZcJu&litespeed_type=imgoptm HTTP/1.1" 200 5 "-" "WordPress/6.8.1; https://reversevillain.com"
157.245.148.39 - - [08/Jun/2025:19:20:45 -0400] "POST //xmlrpc.php HTTP/1.1" 200 205 "-" "Mozilla/5.0 (Windows NT 10.0; Win64; x64) AppleWebKit/537.36 (KHTML, like Gecko) Chrome/78.0.3904.108 Safari/537.36"
157.245.148.39 - - [08/Jun/2025:19:21:15 -0400] "POST //xmlrpc.php HTTP/1.1" 200 205 "-" "Mozilla/5.0 (Windows NT 10.0; Win64; x64) AppleWebKit/537.36 (KHTML, like Gecko) Chrome/78.0.3904.108 Safari/537.36"
162.0.232.193 - - [08/Jun/2025:19:21:46 -0400] "POST /wp-cron.php?doing_wp_cron=1749424905.8863689899444580078125 HTTP/1.1" 200 0 "-" "WordPress/6.8.1; https://reversevillain.com"
45.94.31.111 - - [08/Jun/2025:19:21:00 -0400] "POST //xmlrpc.php HTTP/1.1" 200 205 "-" "Mozilla/5.0 (Windows NT 10.0; Win64; x64) AppleWebKit/537.36 (KHTML, like Gecko) Chrome/89.0.4389.114 Safari/537.36"
47.128.121.123 - - [08/Jun/2025:19:21:46 -0400] "GET /trash-of-the-counts-family-chapter-118/ HTTP/1.1" 301 0 "-" "Mozilla/5.0 (Linux; Android 5.0) AppleWebKit/537.36 (KHTML, like Gecko) Mobile Safari/537.36 (compatible; TikTokSpider; [email protected])"
47.128.121.123 - - [08/Jun/2025:19:21:47 -0400] "GET / HTTP/1.1" 200 9390 "-" "Mozilla/5.0 (Linux; Android 5.0) AppleWebKit/537.36 (KHTML, like Gecko) Mobile Safari/537.36 (compatible; TikTokSpider; [email protected])"
157.245.148.39 - - [08/Jun/2025:19:21:46 -0400] "POST //xmlrpc.php HTTP/1.1" 200 205 "-" "Mozilla/5.0 (Windows NT 10.0; Win64; x64) AppleWebKit/537.36 (KHTML, like Gecko) Chrome/78.0.3904.108 Safari/537.36"
45.94.31.111 - - [08/Jun/2025:19:21:46 -0400] "POST //xmlrpc.php HTTP/1.1" 200 205 "-" "Mozilla/5.0 (Windows NT 10.0; Win64; x64) AppleWebKit/537.36 (KHTML, like Gecko) Chrome/89.0.4389.114 Safari/537.36"
157.245.148.39 - - [08/Jun/2025:19:22:15 -0400] "POST //xmlrpc.php HTTP/1.1" 200 205 "-" "Mozilla/5.0 (Windows NT 10.0; Win64; x64) AppleWebKit/537.36 (KHTML, like Gecko) Chrome/78.0.3904.108 Safari/537.36"
162.0.232.193 - - [08/Jun/2025:19:23:00 -0400] "POST /wp-cron.php?doing_wp_cron=1749424980.7161159515380859375000 HTTP/1.1" 200 0 "-" "WordPress/6.8.1; https://reversevillain.com"
45.94.31.111 - - [08/Jun/2025:19:22:30 -0400] "POST //xmlrpc.php HTTP/1.1" 200 205 "-" "Mozilla/5.0 (Windows NT 10.0; Win64; x64) AppleWebKit/537.36 (KHTML, like Gecko) Chrome/89.0.4389.114 Safari/537.36"
162.0.232.193 - - [08/Jun/2025:19:23:01 -0400] "POST /wp-admin/admin-ajax.php?action=async_litespeed&nonce=Mp1WBiTYIzuHq6Dz7r4AjTwqBwUvOSpc&litespeed_type=imgoptm HTTP/1.1" 200 5 "-" "WordPress/6.8.1; https://reversevillain.com"
157.245.148.39 - - [08/Jun/2025:19:22:45 -0400] "POST //xmlrpc.php HTTP/1.1" 200 205 "-" "Mozilla/5.0 (Windows NT 10.0; Win64; x64) AppleWebKit/537.36 (KHTML, like Gecko) Chrome/78.0.3904.108 Safari/537.36"
162.0.232.193 - - [08/Jun/2025:19:23:31 -0400] "POST /wp-cron.php?doing_wp_cron=1749425010.7869629859924316406250 HTTP/1.1" 200 0 "-" "WordPress/6.8.1; https://reversevillain.com"
40.77.167.58 - - [08/Jun/2025:19:23:30 -0400] "GET /the-espers-game-chapter-68/ HTTP/1.1" 301 0 "-" "Mozilla/5.0 AppleWebKit/537.36 (KHTML, like Gecko; compatible; bingbot/2.0; +http://www.bing.com/bingbot.htm) Chrome/116.0.1938.76 Safari/537.36"
40.77.167.58 - - [08/Jun/2025:19:23:31 -0400] "GET /sss-class-revival-hunter-chapter-86/ HTTP/1.1" 301 0 "-" "Mozilla/5.0 AppleWebKit/537.36 (KHTML, like Gecko; compatible; bingbot/2.0; +http://www.bing.com/bingbot.htm) Chrome/116.0.1938.76 Safari/537.36"
45.94.31.111 - - [08/Jun/2025:19:23:01 -0400] "POST //xmlrpc.php HTTP/1.1" 200 205 "-" "Mozilla/5.0 (Windows NT 10.0; Win64; x64) AppleWebKit/537.36 (KHTML, like Gecko) Chrome/89.0.4389.114 Safari/537.36"
157.245.148.39 - - [08/Jun/2025:19:23:15 -0400] "POST //xmlrpc.php HTTP/1.1" 200 205 "-" "Mozilla/5.0 (Windows NT 10.0; Win64; x64) AppleWebKit/537.36 (KHTML, like Gecko) Chrome/78.0.3904.108 Safari/537.36"
45.94.31.111 - - [08/Jun/2025:19:23:45 -0400] "POST //xmlrpc.php HTTP/1.1" 200 205 "-" "Mozilla/5.0 (Windows NT 10.0; Win64; x64) AppleWebKit/537.36 (KHTML, like Gecko) Chrome/89.0.4389.114 Safari/537.36"
157.245.148.39 - - [08/Jun/2025:19:23:46 -0400] "POST //xmlrpc.php HTTP/1.1" 200 205 "-" "Mozilla/5.0 (Windows NT 10.0; Win64; x64) AppleWebKit/537.36 (KHTML, like Gecko) Chrome/78.0.3904.108 Safari/537.36"
43.157.148.38 - - [08/Jun/2025:19:24:33 -0400] "GET /reverse-villain-chapter-68/ HTTP/1.1" 200 9564 "-" "Mozilla/5.0 (iPhone; CPU iPhone OS 13_2_3 like Mac OS X) AppleWebKit/605.1.15 (KHTML, like Gecko) Version/13.0.3 Mobile/15E148 Safari/604.1"
162.0.232.193 - - [08/Jun/2025:19:24:46 -0400] "POST /wp-cron.php?doing_wp_cron=1749425086.1108250617980957031250 HTTP/1.1" 200 0 "-" "WordPress/6.8.1; https://reversevillain.com"
45.94.31.111 - - [08/Jun/2025:19:24:00 -0400] "POST //xmlrpc.php HTTP/1.1" 200 205 "-" "Mozilla/5.0 (Windows NT 10.0; Win64; x64) AppleWebKit/537.36 (KHTML, like Gecko) Chrome/89.0.4389.114 Safari/537.36"
162.0.232.193 - - [08/Jun/2025:19:24:46 -0400] "POST /wp-cron.php?doing_wp_cron=1749425086.3311350345611572265625 HTTP/1.1" 200 0 "-" "WordPress/6.8.1; https://reversevillain.com"
157.245.148.39 - - [08/Jun/2025:19:24:15 -0400] "POST //xmlrpc.php HTTP/1.1" 200 205 "-" "Mozilla/5.0 (Windows NT 10.0; Win64; x64) AppleWebKit/537.36 (KHTML, like Gecko) Chrome/78.0.3904.108 Safari/537.36"
162.0.232.193 - - [08/Jun/2025:19:24:47 -0400] "POST /wp-admin/admin-ajax.php?action=async_litespeed&nonce=FWGZNbCJzOdXRfbp7R3HdAp8UgbTBsX4&litespeed_type=imgoptm HTTP/1.1" 200 5 "-" "WordPress/6.8.1; https://reversevillain.com"
198.98.57.71 - - [08/Jun/2025:19:24:54 -0400] "GET /wp-login.php HTTP/1.1" 200 2047 "-" "Mozilla/5.0 (Macintosh; Intel Mac OS X 10_7_5) AppleWebKit/537.77.4 (KHTML, like Gecko) Version/6.1.5 Safari/537.77.4"
162.0.232.193 - - [08/Jun/2025:19:24:55 -0400] "POST /wp-cron.php?doing_wp_cron=1749425095.1804800033569335937500 HTTP/1.1" 200 0 "-" "WordPress/6.8.1; https://reversevillain.com"
198.98.57.71 - - [08/Jun/2025:19:24:55 -0400] "POST /wp-login.php HTTP/1.1" 200 2145 "-" "Mozilla/5.0 (Macintosh; Intel Mac OS X 10_7_5) AppleWebKit/537.77.4 (KHTML, like Gecko) Version/6.1.5 Safari/537.77.4"
162.0.232.193 - - [08/Jun/2025:19:24:55 -0400] "POST /wp-admin/admin-ajax.php?action=async_litespeed&nonce=ynONAKp4QQfy41yZq9VO4cnerQ57P1Ci&litespeed_type=imgoptm HTTP/1.1" 200 5 "-" "WordPress/6.8.1; https://reversevillain.com"
157.245.148.39 - - [08/Jun/2025:19:24:47 -0400] "POST //xmlrpc.php HTTP/1.1" 200 205 "-" "Mozilla/5.0 (Windows NT 10.0; Win64; x64) AppleWebKit/537.36 (KHTML, like Gecko) Chrome/78.0.3904.108 Safari/537.36"
162.0.232.193 - - [08/Jun/2025:19:25:31 -0400] "POST /wp-cron.php?doing_wp_cron=1749425130.8615570068359375000000 HTTP/1.1" 200 0 "-" "WordPress/6.8.1; https://reversevillain.com"
45.94.31.111 - - [08/Jun/2025:19:24:46 -0400] "POST //xmlrpc.php HTTP/1.1" 200 205 "-" "Mozilla/5.0 (Windows NT 10.0; Win64; x64) AppleWebKit/537.36 (KHTML, like Gecko) Chrome/89.0.4389.114 Safari/537.36"
157.245.148.39 - - [08/Jun/2025:19:25:15 -0400] "POST //xmlrpc.php HTTP/1.1" 200 205 "-" "Mozilla/5.0 (Windows NT 10.0; Win64; x64) AppleWebKit/537.36 (KHTML, like Gecko) Chrome/78.0.3904.108 Safari/537.36"
45.94.31.111 - - [08/Jun/2025:19:25:31 -0400] "POST //xmlrpc.php HTTP/1.1" 200 205 "-" "Mozilla/5.0 (Windows NT 10.0; Win64; x64) AppleWebKit/537.36 (KHTML, like Gecko) Chrome/89.0.4389.114 Safari/537.36"
157.245.148.39 - - [08/Jun/2025:19:25:45 -0400] "POST //xmlrpc.php HTTP/1.1" 200 205 "-" "Mozilla/5.0 (Windows NT 10.0; Win64; x64) AppleWebKit/537.36 (KHTML, like Gecko) Chrome/78.0.3904.108 Safari/537.36"
45.94.31.111 - - [08/Jun/2025:19:26:15 -0400] "POST //xmlrpc.php HTTP/1.1" 200 205 "-" "Mozilla/5.0 (Windows NT 10.0; Win64; x64) AppleWebKit/537.36 (KHTML, like Gecko) Chrome/89.0.4389.114 Safari/537.36"
162.0.232.193 - - [08/Jun/2025:19:26:46 -0400] "POST /wp-cron.php?doing_wp_cron=1749425206.0821409225463867187500 HTTP/1.1" 200 0 "-" "WordPress/6.8.1; https://reversevillain.com"
157.245.148.39 - - [08/Jun/2025:19:26:15 -0400] "POST //xmlrpc.php HTTP/1.1" 200 205 "-" "Mozilla/5.0 (Windows NT 10.0; Win64; x64) AppleWebKit/537.36 (KHTML, like Gecko) Chrome/78.0.3904.108 Safari/537.36"
162.0.232.193 - - [08/Jun/2025:19:26:46 -0400] "POST /wp-admin/admin-ajax.php?action=async_litespeed&nonce=IcGVkvcVfsUzGoPlYQaugU2ieMEQtWry&litespeed_type=imgoptm HTTP/1.1" 200 5 "-" "WordPress/6.8.1; https://reversevillain.com"
45.94.31.111 - - [08/Jun/2025:19:26:30 -0400] "POST //xmlrpc.php HTTP/1.1" 200 205 "-" "Mozilla/5.0 (Windows NT 10.0; Win64; x64) AppleWebKit/537.36 (KHTML, like Gecko) Chrome/89.0.4389.114 Safari/537.36"
162.0.232.193 - - [08/Jun/2025:19:27:16 -0400] "POST /wp-cron.php?doing_wp_cron=1749425235.9394590854644775390625 HTTP/1.1" 200 0 "-" "WordPress/6.8.1; https://reversevillain.com"
157.245.148.39 - - [08/Jun/2025:19:26:46 -0400] "POST //xmlrpc.php HTTP/1.1" 200 205 "-" "Mozilla/5.0 (Windows NT 10.0; Win64; x64) AppleWebKit/537.36 (KHTML, like Gecko) Chrome/78.0.3904.108 Safari/537.36"
162.0.232.193 - - [08/Jun/2025:19:27:16 -0400] "POST /wp-admin/admin-ajax.php?action=async_litespeed&nonce=FiyPL5MqNXiZm93HwFAztPUTvJRZZ4CE&litespeed_type=imgoptm HTTP/1.1" 200 5 "-" "WordPress/6.8.1; https://reversevillain.com"
162.0.232.193 - - [08/Jun/2025:19:27:45 -0400] "POST /wp-cron.php?doing_wp_cron=1749425265.5051019191741943359375 HTTP/1.1" 200 0 "-" "WordPress/6.8.1; https://reversevillain.com"
157.245.148.39 - - [08/Jun/2025:19:27:16 -0400] "POST //xmlrpc.php HTTP/1.1" 200 205 "-" "Mozilla/5.0 (Windows NT 10.0; Win64; x64) AppleWebKit/537.36 (KHTML, like Gecko) Chrome/78.0.3904.108 Safari/537.36"
216.244.66.242 - - [08/Jun/2025:19:27:50 -0400] "GET /robots.txt HTTP/1.1" 200 113 "-" "Mozilla/5.0 (compatible; DotBot/1.2; +https://opensiteexplorer.org/dotbot; [email protected])"
45.94.31.111 - - [08/Jun/2025:19:27:16 -0400] "POST //xmlrpc.php HTTP/1.1" 200 205 "-" "Mozilla/5.0 (Windows NT 10.0; Win64; x64) AppleWebKit/537.36 (KHTML, like Gecko) Chrome/89.0.4389.114 Safari/537.36"
157.245.148.39 - - [08/Jun/2025:19:27:46 -0400] "POST //xmlrpc.php HTTP/1.1" 200 205 "-" "Mozilla/5.0 (Windows NT 10.0; Win64; x64) AppleWebKit/537.36 (KHTML, like Gecko) Chrome/78.0.3904.108 Safari/537.36"
45.94.31.111 - - [08/Jun/2025:19:28:00 -0400] "POST //xmlrpc.php HTTP/1.1" 200 205 "-" "Mozilla/5.0 (Windows NT 10.0; Win64; x64) AppleWebKit/537.36 (KHTML, like Gecko) Chrome/89.0.4389.114 Safari/537.36"
157.245.148.39 - - [08/Jun/2025:19:28:15 -0400] "POST //xmlrpc.php HTTP/1.1" 200 205 "-" "Mozilla/5.0 (Windows NT 10.0; Win64; x64) AppleWebKit/537.36 (KHTML, like Gecko) Chrome/78.0.3904.108 Safari/537.36"
162.0.232.193 - - [08/Jun/2025:19:28:46 -0400] "POST /wp-cron.php?doing_wp_cron=1749425325.8163409233093261718750 HTTP/1.1" 200 0 "-" "WordPress/6.8.1; https://reversevillain.com"
45.94.31.111 - - [08/Jun/2025:19:28:30 -0400] "POST //xmlrpc.php HTTP/1.1" 200 205 "-" "Mozilla/5.0 (Windows NT 10.0; Win64; x64) AppleWebKit/537.36 (KHTML, like Gecko) Chrome/89.0.4389.114 Safari/537.36"
162.0.232.193 - - [08/Jun/2025:19:28:46 -0400] "POST /wp-admin/admin-ajax.php?action=async_litespeed&nonce=4R7iAhXfWuJchFqgwscke1QRCZI2NuCr&litespeed_type=imgoptm HTTP/1.1" 200 5 "-" "WordPress/6.8.1; https://reversevillain.com"
162.0.232.193 - - [08/Jun/2025:19:29:00 -0400] "POST /wp-cron.php?doing_wp_cron=1749425340.5962839126586914062500 HTTP/1.1" 200 0 "-" "WordPress/6.8.1; https://reversevillain.com"
157.245.148.39 - - [08/Jun/2025:19:28:30 -0400] "POST //xmlrpc.php HTTP/1.1" 200 205 "-" "Mozilla/5.0 (Windows NT 10.0; Win64; x64) AppleWebKit/537.36 (KHTML, like Gecko) Chrome/78.0.3904.108 Safari/537.36"
162.0.232.193 - - [08/Jun/2025:19:29:01 -0400] "POST /wp-admin/admin-ajax.php?action=async_litespeed&nonce=YcMAvBHN6hX3wIWZNMnctm2E48rRZX2Z&litespeed_type=imgoptm HTTP/1.1" 200 5 "-" "WordPress/6.8.1; https://reversevillain.com"
45.94.31.111 - - [08/Jun/2025:19:28:46 -0400] "POST //xmlrpc.php HTTP/1.1" 200 205 "-" "Mozilla/5.0 (Windows NT 10.0; Win64; x64) AppleWebKit/537.36 (KHTML, like Gecko) Chrome/89.0.4389.114 Safari/537.36"
162.0.232.193 - - [08/Jun/2025:19:29:30 -0400] "POST /wp-cron.php?doing_wp_cron=1749425370.2126491069793701171875 HTTP/1.1" 200 0 "-" "WordPress/6.8.1; https://reversevillain.com"
157.245.148.39 - - [08/Jun/2025:19:29:01 -0400] "POST //xmlrpc.php HTTP/1.1" 200 205 "-" "Mozilla/5.0 (Windows NT 10.0; Win64; x64) AppleWebKit/537.36 (KHTML, like Gecko) Chrome/78.0.3904.108 Safari/537.36"
45.94.31.111 - - [08/Jun/2025:19:29:15 -0400] "POST //xmlrpc.php HTTP/1.1" 200 205 "-" "Mozilla/5.0 (Windows NT 10.0; Win64; x64) AppleWebKit/537.36 (KHTML, like Gecko) Chrome/89.0.4389.114 Safari/537.36"
157.245.148.39 - - [08/Jun/2025:19:29:30 -0400] "POST //xmlrpc.php HTTP/1.1" 200 205 "-" "Mozilla/5.0 (Windows NT 10.0; Win64; x64) AppleWebKit/537.36 (KHTML, like Gecko) Chrome/78.0.3904.108 Safari/537.36"
45.94.31.111 - - [08/Jun/2025:19:29:46 -0400] "POST //xmlrpc.php HTTP/1.1" 200 205 "-" "Mozilla/5.0 (Windows NT 10.0; Win64; x64) AppleWebKit/537.36 (KHTML, like Gecko) Chrome/89.0.4389.114 Safari/537.36"
157.245.148.39 - - [08/Jun/2025:19:30:00 -0400] "POST //xmlrpc.php HTTP/1.1" 200 205 "-" "Mozilla/5.0 (Windows NT 10.0; Win64; x64) AppleWebKit/537.36 (KHTML, like Gecko) Chrome/78.0.3904.108 Safari/537.36"
162.0.232.193 - - [08/Jun/2025:19:30:30 -0400] "POST /wp-cron.php?doing_wp_cron=1749425430.5135269165039062500000 HTTP/1.1" 200 0 "-" "WordPress/6.8.1; https://reversevillain.com"
45.94.31.111 - - [08/Jun/2025:19:30:15 -0400] "POST //xmlrpc.php HTTP/1.1" 200 205 "-" "Mozilla/5.0 (Windows NT 10.0; Win64; x64) AppleWebKit/537.36 (KHTML, like Gecko) Chrome/89.0.4389.114 Safari/537.36"
162.0.232.193 - - [08/Jun/2025:19:30:31 -0400] "POST /wp-admin/admin-ajax.php?action=async_litespeed&nonce=PQrtB7hJnTmNXe6PpZadNn98aG42Lvx0&litespeed_type=imgoptm HTTP/1.1" 200 5 "-" "WordPress/6.8.1; https://reversevillain.com"
162.0.232.193 - - [08/Jun/2025:19:30:45 -0400] "POST /wp-cron.php?doing_wp_cron=1749425445.4758150577545166015625 HTTP/1.1" 200 0 "-" "WordPress/6.8.1; https://reversevillain.com"
157.245.148.39 - - [08/Jun/2025:19:30:16 -0400] "POST //xmlrpc.php HTTP/1.1" 200 205 "-" "Mozilla/5.0 (Windows NT 10.0; Win64; x64) AppleWebKit/537.36 (KHTML, like Gecko) Chrome/78.0.3904.108 Safari/537.36"
162.0.232.193 - - [08/Jun/2025:19:31:00 -0400] "POST /wp-cron.php?doing_wp_cron=1749425460.0977869033813476562500 HTTP/1.1" 200 0 "-" "WordPress/6.8.1; https://reversevillain.com"
45.94.31.111 - - [08/Jun/2025:19:30:31 -0400] "POST //xmlrpc.php HTTP/1.1" 200 205 "-" "Mozilla/5.0 (Windows NT 10.0; Win64; x64) AppleWebKit/537.36 (KHTML, like Gecko) Chrome/89.0.4389.114 Safari/537.36"
162.0.232.193 - - [08/Jun/2025:19:31:00 -0400] "POST /wp-admin/admin-ajax.php?action=async_litespeed&nonce=PODjAPkyazHVJ64zF5ggZK2irvVTbx9L&litespeed_type=imgoptm HTTP/1.1" 200 5 "-" "WordPress/6.8.1; https://reversevillain.com"
45.94.31.111 - - [08/Jun/2025:19:31:00 -0400] "POST //xmlrpc.php HTTP/1.1" 200 205 "-" "Mozilla/5.0 (Windows NT 10.0; Win64; x64) AppleWebKit/537.36 (KHTML, like Gecko) Chrome/89.0.4389.114 Safari/537.36"
157.245.148.39 - - [08/Jun/2025:19:30:45 -0400] "POST //xmlrpc.php HTTP/1.1" 200 205 "-" "Mozilla/5.0 (Windows NT 10.0; Win64; x64) AppleWebKit/537.36 (KHTML, like Gecko) Chrome/78.0.3904.108 Safari/537.36"
47.128.110.99 - - [08/Jun/2025:19:31:17 -0400] "GET /odd-girl-out-chapter-374/ HTTP/1.1" 301 0 "-" "Mozilla/5.0 (Linux; Android 5.0) AppleWebKit/537.36 (KHTML, like Gecko) Mobile Safari/537.36 (compatible; TikTokSpider; [email protected])"
47.128.110.99 - - [08/Jun/2025:19:31:18 -0400] "GET / HTTP/1.1" 200 9390 "-" "Mozilla/5.0 (Linux; Android 5.0) AppleWebKit/537.36 (KHTML, like Gecko) Mobile Safari/537.36 (compatible; TikTokSpider; [email protected])"
162.0.232.193 - - [08/Jun/2025:19:31:45 -0400] "POST /wp-cron.php?doing_wp_cron=1749425505.1107308864593505859375 HTTP/1.1" 200 0 "-" "WordPress/6.8.1; https://reversevillain.com"
157.245.148.39 - - [08/Jun/2025:19:31:16 -0400] "POST //xmlrpc.php HTTP/1.1" 200 205 "-" "Mozilla/5.0 (Windows NT 10.0; Win64; x64) AppleWebKit/537.36 (KHTML, like Gecko) Chrome/78.0.3904.108 Safari/537.36"
45.94.31.111 - - [08/Jun/2025:19:31:15 -0400] "POST //xmlrpc.php HTTP/1.1" 200 205 "-" "Mozilla/5.0 (Windows NT 10.0; Win64; x64) AppleWebKit/537.36 (KHTML, like Gecko) Chrome/89.0.4389.114 Safari/537.36"
45.94.31.111 - - [08/Jun/2025:19:31:46 -0400] "POST //xmlrpc.php HTTP/1.1" 200 205 "-" "Mozilla/5.0 (Windows NT 10.0; Win64; x64) AppleWebKit/537.36 (KHTML, like Gecko) Chrome/89.0.4389.114 Safari/537.36"
157.245.148.39 - - [08/Jun/2025:19:31:45 -0400] "POST //xmlrpc.php HTTP/1.1" 200 205 "-" "Mozilla/5.0 (Windows NT 10.0; Win64; x64) AppleWebKit/537.36 (KHTML, like Gecko) Chrome/78.0.3904.108 Safari/537.36"
162.0.232.193 - - [08/Jun/2025:19:32:45 -0400] "POST /wp-cron.php?doing_wp_cron=1749425565.5310680866241455078125 HTTP/1.1" 200 0 "-" "WordPress/6.8.1; https://reversevillain.com"
45.94.31.111 - - [08/Jun/2025:19:32:15 -0400] "POST //xmlrpc.php HTTP/1.1" 200 205 "-" "Mozilla/5.0 (Windows NT 10.0; Win64; x64) AppleWebKit/537.36 (KHTML, like Gecko) Chrome/89.0.4389.114 Safari/537.36"
157.245.148.39 - - [08/Jun/2025:19:32:15 -0400] "POST //xmlrpc.php HTTP/1.1" 200 205 "-" "Mozilla/5.0 (Windows NT 10.0; Win64; x64) AppleWebKit/537.36 (KHTML, like Gecko) Chrome/78.0.3904.108 Safari/537.36"
162.0.232.193 - - [08/Jun/2025:19:32:46 -0400] "POST /wp-admin/admin-ajax.php?action=async_litespeed&nonce=7kjq1GKjBeObOAdQFgFgTolXn1J81KH8&litespeed_type=imgoptm HTTP/1.1" 200 5 "-" "WordPress/6.8.1; https://reversevillain.com"
162.0.232.193 - - [08/Jun/2025:19:33:15 -0400] "POST /wp-cron.php?doing_wp_cron=1749425595.1809949874877929687500 HTTP/1.1" 200 0 "-" "WordPress/6.8.1; https://reversevillain.com"
157.245.148.39 - - [08/Jun/2025:19:32:46 -0400] "POST //xmlrpc.php HTTP/1.1" 200 205 "-" "Mozilla/5.0 (Windows NT 10.0; Win64; x64) AppleWebKit/537.36 (KHTML, like Gecko) Chrome/78.0.3904.108 Safari/537.36"
45.94.31.111 - - [08/Jun/2025:19:32:45 -0400] "POST //xmlrpc.php HTTP/1.1" 200 205 "-" "Mozilla/5.0 (Windows NT 10.0; Win64; x64) AppleWebKit/537.36 (KHTML, like Gecko) Chrome/89.0.4389.114 Safari/537.36"
162.0.232.193 - - [08/Jun/2025:19:33:15 -0400] "POST /wp-admin/admin-ajax.php?action=async_litespeed&nonce=Hz4aTNVPYdcYjPJUeP3aDrn0IKREdiRZ&litespeed_type=imgoptm HTTP/1.1" 200 5 "-" "WordPress/6.8.1; https://reversevillain.com"
162.0.232.193 - - [08/Jun/2025:19:33:31 -0400] "POST /wp-cron.php?doing_wp_cron=1749425610.9722719192504882812500 HTTP/1.1" 200 0 "-" "WordPress/6.8.1; https://reversevillain.com"
157.245.148.39 - - [08/Jun/2025:19:33:15 -0400] "POST //xmlrpc.php HTTP/1.1" 200 205 "-" "Mozilla/5.0 (Windows NT 10.0; Win64; x64) AppleWebKit/537.36 (KHTML, like Gecko) Chrome/78.0.3904.108 Safari/537.36"
45.94.31.111 - - [08/Jun/2025:19:33:16 -0400] "POST //xmlrpc.php HTTP/1.1" 200 205 "-" "Mozilla/5.0 (Windows NT 10.0; Win64; x64) AppleWebKit/537.36 (KHTML, like Gecko) Chrome/89.0.4389.114 Safari/537.36"
52.167.144.23 - - [08/Jun/2025:19:33:48 -0400] "GET /maou-sama-exchange-chapter-1/ HTTP/1.1" 301 0 "-" "Mozilla/5.0 AppleWebKit/537.36 (KHTML, like Gecko; compatible; bingbot/2.0; +http://www.bing.com/bingbot.htm) Chrome/116.0.1938.76 Safari/537.36"
157.245.148.39 - - [08/Jun/2025:19:33:31 -0400] "POST //xmlrpc.php HTTP/1.1" 200 205 "-" "Mozilla/5.0 (Windows NT 10.0; Win64; x64) AppleWebKit/537.36 (KHTML, like Gecko) Chrome/78.0.3904.108 Safari/537.36"
45.94.31.111 - - [08/Jun/2025:19:33:45 -0400] "POST //xmlrpc.php HTTP/1.1" 200 205 "-" "Mozilla/5.0 (Windows NT 10.0; Win64; x64) AppleWebKit/537.36 (KHTML, like Gecko) Chrome/89.0.4389.114 Safari/537.36"
213.180.203.59 - - [08/Jun/2025:19:34:30 -0400] "GET /r15-ja-dame-desu-ka-chapter-15/ HTTP/1.1" 301 0 "-" "Mozilla/5.0 (compatible; YandexBot/3.0; +http://yandex.com/bots)"
162.0.232.193 - - [08/Jun/2025:19:34:31 -0400] "POST /wp-cron.php?doing_wp_cron=1749425671.1280829906463623046875 HTTP/1.1" 200 0 "-" "WordPress/6.8.1; https://reversevillain.com"
157.245.148.39 - - [08/Jun/2025:19:34:00 -0400] "POST //xmlrpc.php HTTP/1.1" 200 205 "-" "Mozilla/5.0 (Windows NT 10.0; Win64; x64) AppleWebKit/537.36 (KHTML, like Gecko) Chrome/78.0.3904.108 Safari/537.36"
162.0.232.193 - - [08/Jun/2025:19:34:31 -0400] "POST /wp-admin/admin-ajax.php?action=async_litespeed&nonce=m9d6l77yprEWV1uSkGuX7CaO0Czcs1e0&litespeed_type=imgoptm HTTP/1.1" 200 5 "-" "WordPress/6.8.1; https://reversevillain.com"
5.255.231.17 - - [08/Jun/2025:19:34:32 -0400] "GET / HTTP/1.1" 200 9390 "-" "Mozilla/5.0 (compatible; YandexBot/3.0; +http://yandex.com/bots)"
141.98.11.152 - - [08/Jun/2025:19:34:39 -0400] "GET / HTTP/1.1" 200 9390 "-" "Mozilla/5.0 (Windows NT 10.0; Win64; x64) AppleWebKit/537.36 (KHTML, like Gecko) Chrome/58.0.3029.110 Safari/537.3"
162.0.232.193 - - [08/Jun/2025:19:34:40 -0400] "POST /wp-cron.php?doing_wp_cron=1749425680.1596479415893554687500 HTTP/1.1" 200 0 "-" "WordPress/6.8.1; https://reversevillain.com"
141.98.11.152 - - [08/Jun/2025:19:34:40 -0400] "GET /phpinfo.php HTTP/1.1" 301 0 "-" "Mozilla/5.0 (Windows NT 10.0; Win64; x64) AppleWebKit/537.36 (KHTML, like Gecko) Chrome/58.0.3029.110 Safari/537.3"
141.98.11.152 - - [08/Jun/2025:19:34:40 -0400] "GET / HTTP/1.1" 200 9390 "-" "Mozilla/5.0 (Windows NT 10.0; Win64; x64) AppleWebKit/537.36 (KHTML, like Gecko) Chrome/58.0.3029.110 Safari/537.3"
141.98.11.152 - - [08/Jun/2025:19:34:41 -0400] "GET /info.php HTTP/1.1" 301 0 "-" "Mozilla/5.0 (Windows NT 10.0; Win64; x64) AppleWebKit/537.36 (KHTML, like Gecko) Chrome/58.0.3029.110 Safari/537.3"
141.98.11.152 - - [08/Jun/2025:19:34:42 -0400] "GET / HTTP/1.1" 200 9390 "-" "Mozilla/5.0 (Windows NT 10.0; Win64; x64) AppleWebKit/537.36 (KHTML, like Gecko) Chrome/58.0.3029.110 Safari/537.3"
141.98.11.152 - - [08/Jun/2025:19:34:42 -0400] "GET /phpinfo HTTP/1.1" 301 0 "-" "Mozilla/5.0 (Windows NT 10.0; Win64; x64) AppleWebKit/537.36 (KHTML, like Gecko) Chrome/58.0.3029.110 Safari/537.3"
141.98.11.152 - - [08/Jun/2025:19:34:43 -0400] "GET / HTTP/1.1" 200 9390 "-" "Mozilla/5.0 (Windows NT 10.0; Win64; x64) AppleWebKit/537.36 (KHTML, like Gecko) Chrome/58.0.3029.110 Safari/537.3"
141.98.11.152 - - [08/Jun/2025:19:34:44 -0400] "GET /php_info.php HTTP/1.1" 301 0 "-" "Mozilla/5.0 (Windows NT 10.0; Win64; x64) AppleWebKit/537.36 (KHTML, like Gecko) Chrome/58.0.3029.110 Safari/537.3"
141.98.11.152 - - [08/Jun/2025:19:34:44 -0400] "GET / HTTP/1.1" 200 9390 "-" "Mozilla/5.0 (Windows NT 10.0; Win64; x64) AppleWebKit/537.36 (KHTML, like Gecko) Chrome/58.0.3029.110 Safari/537.3"
141.98.11.152 - - [08/Jun/2025:19:34:45 -0400] "GET /test.php HTTP/1.1" 301 0 "-" "Mozilla/5.0 (Windows NT 10.0; Win64; x64) AppleWebKit/537.36 (KHTML, like Gecko) Chrome/58.0.3029.110 Safari/537.3"
141.98.11.152 - - [08/Jun/2025:19:34:45 -0400] "GET / HTTP/1.1" 200 9390 "-" "Mozilla/5.0 (Windows NT 10.0; Win64; x64) AppleWebKit/537.36 (KHTML, like Gecko) Chrome/58.0.3029.110 Safari/537.3"
45.94.31.111 - - [08/Jun/2025:19:34:15 -0400] "POST //xmlrpc.php HTTP/1.1" 200 205 "-" "Mozilla/5.0 (Windows NT 10.0; Win64; x64) AppleWebKit/537.36 (KHTML, like Gecko) Chrome/89.0.4389.114 Safari/537.36"
141.98.11.152 - - [08/Jun/2025:19:34:47 -0400] "GET /_profiler/phpinfo HTTP/1.1" 301 0 "-" "Mozilla/5.0 (Windows NT 10.0; Win64; x64) AppleWebKit/537.36 (KHTML, like Gecko) Chrome/58.0.3029.110 Safari/537.3"
141.98.11.152 - - [08/Jun/2025:19:34:47 -0400] "GET / HTTP/1.1" 200 9390 "-" "Mozilla/5.0 (Windows NT 10.0; Win64; x64) AppleWebKit/537.36 (KHTML, like Gecko) Chrome/58.0.3029.110 Safari/537.3"
141.98.11.152 - - [08/Jun/2025:19:34:48 -0400] "GET /index.php?info HTTP/1.1" 301 0 "-" "Mozilla/5.0 (Windows NT 10.0; Win64; x64) AppleWebKit/537.36 (KHTML, like Gecko) Chrome/58.0.3029.110 Safari/537.3"
141.98.11.152 - - [08/Jun/2025:19:34:48 -0400] "GET /?info HTTP/1.1" 200 9389 "-" "Mozilla/5.0 (Windows NT 10.0; Win64; x64) AppleWebKit/537.36 (KHTML, like Gecko) Chrome/58.0.3029.110 Safari/537.3"
141.98.11.152 - - [08/Jun/2025:19:34:49 -0400] "GET /debug.php HTTP/1.1" 301 0 "-" "Mozilla/5.0 (Windows NT 10.0; Win64; x64) AppleWebKit/537.36 (KHTML, like Gecko) Chrome/58.0.3029.110 Safari/537.3"
141.98.11.152 - - [08/Jun/2025:19:34:49 -0400] "GET / HTTP/1.1" 200 9390 "-" "Mozilla/5.0 (Windows NT 10.0; Win64; x64) AppleWebKit/537.36 (KHTML, like Gecko) Chrome/58.0.3029.110 Safari/537.3"
162.0.232.193 - - [08/Jun/2025:19:34:51 -0400] "POST /wp-cron.php?doing_wp_cron=1749425690.8446419239044189453125 HTTP/1.1" 200 0 "-" "WordPress/6.8.1; https://reversevillain.com"
141.98.11.152 - - [08/Jun/2025:19:34:50 -0400] "GET /debugger.php HTTP/1.1" 301 0 "-" "Mozilla/5.0 (Windows NT 10.0; Win64; x64) AppleWebKit/537.36 (KHTML, like Gecko) Chrome/58.0.3029.110 Safari/537.3"
141.98.11.152 - - [08/Jun/2025:19:34:51 -0400] "GET / HTTP/1.1" 200 9390 "-" "Mozilla/5.0 (Windows NT 10.0; Win64; x64) AppleWebKit/537.36 (KHTML, like Gecko) Chrome/58.0.3029.110 Safari/537.3"
162.0.232.193 - - [08/Jun/2025:19:34:51 -0400] "POST /wp-admin/admin-ajax.php?action=async_litespeed&nonce=mybumNuBRBfm49QNkdrEbDgJ5hRWsJRP&litespeed_type=imgoptm HTTP/1.1" 200 5 "-" "WordPress/6.8.1; https://reversevillain.com"
141.98.11.152 - - [08/Jun/2025:19:34:51 -0400] "GET /.env HTTP/1.1" 301 0 "-" "Mozilla/5.0 (Windows NT 10.0; Win64; x64) AppleWebKit/537.36 (KHTML, like Gecko) Chrome/58.0.3029.110 Safari/537.3"
141.98.11.152 - - [08/Jun/2025:19:34:52 -0400] "GET / HTTP/1.1" 200 9390 "-" "Mozilla/5.0 (Windows NT 10.0; Win64; x64) AppleWebKit/537.36 (KHTML, like Gecko) Chrome/58.0.3029.110 Safari/537.3"
141.98.11.152 - - [08/Jun/2025:19:34:52 -0400] "GET /config/.env HTTP/1.1" 301 0 "-" "Mozilla/5.0 (Windows NT 10.0; Win64; x64) AppleWebKit/537.36 (KHTML, like Gecko) Chrome/58.0.3029.110 Safari/537.3"
141.98.11.152 - - [08/Jun/2025:19:34:53 -0400] "GET / HTTP/1.1" 200 9390 "-" "Mozilla/5.0 (Windows NT 10.0; Win64; x64) AppleWebKit/537.36 (KHTML, like Gecko) Chrome/58.0.3029.110 Safari/537.3"
141.98.11.152 - - [08/Jun/2025:19:34:53 -0400] "GET /.env.production HTTP/1.1" 301 0 "-" "Mozilla/5.0 (Windows NT 10.0; Win64; x64) AppleWebKit/537.36 (KHTML, like Gecko) Chrome/58.0.3029.110 Safari/537.3"
141.98.11.152 - - [08/Jun/2025:19:34:54 -0400] "GET / HTTP/1.1" 200 9390 "-" "Mozilla/5.0 (Windows NT 10.0; Win64; x64) AppleWebKit/537.36 (KHTML, like Gecko) Chrome/58.0.3029.110 Safari/537.3"
141.98.11.152 - - [08/Jun/2025:19:34:54 -0400] "GET /.env.local HTTP/1.1" 301 0 "-" "Mozilla/5.0 (Windows NT 10.0; Win64; x64) AppleWebKit/537.36 (KHTML, like Gecko) Chrome/58.0.3029.110 Safari/537.3"
141.98.11.152 - - [08/Jun/2025:19:34:55 -0400] "GET / HTTP/1.1" 200 9390 "-" "Mozilla/5.0 (Windows NT 10.0; Win64; x64) AppleWebKit/537.36 (KHTML, like Gecko) Chrome/58.0.3029.110 Safari/537.3"
141.98.11.152 - - [08/Jun/2025:19:34:55 -0400] "GET /api/shared/config/config.env HTTP/1.1" 301 0 "-" "Mozilla/5.0 (Windows NT 10.0; Win64; x64) AppleWebKit/537.36 (KHTML, like Gecko) Chrome/58.0.3029.110 Safari/537.3"
141.98.11.152 - - [08/Jun/2025:19:34:55 -0400] "GET / HTTP/1.1" 200 9390 "-" "Mozilla/5.0 (Windows NT 10.0; Win64; x64) AppleWebKit/537.36 (KHTML, like Gecko) Chrome/58.0.3029.110 Safari/537.3"
141.98.11.152 - - [08/Jun/2025:19:34:56 -0400] "GET /api/.env/.env.development HTTP/1.1" 301 0 "-" "Mozilla/5.0 (Windows NT 10.0; Win64; x64) AppleWebKit/537.36 (KHTML, like Gecko) Chrome/58.0.3029.110 Safari/537.3"
141.98.11.152 - - [08/Jun/2025:19:34:56 -0400] "GET / HTTP/1.1" 200 9390 "-" "Mozilla/5.0 (Windows NT 10.0; Win64; x64) AppleWebKit/537.36 (KHTML, like Gecko) Chrome/58.0.3029.110 Safari/537.3"
141.98.11.152 - - [08/Jun/2025:19:34:57 -0400] "GET /app/.env HTTP/1.1" 301 0 "-" "Mozilla/5.0 (Windows NT 10.0; Win64; x64) AppleWebKit/537.36 (KHTML, like Gecko) Chrome/58.0.3029.110 Safari/537.3"
141.98.11.152 - - [08/Jun/2025:19:34:57 -0400] "GET / HTTP/1.1" 200 9390 "-" "Mozilla/5.0 (Windows NT 10.0; Win64; x64) AppleWebKit/537.36 (KHTML, like Gecko) Chrome/58.0.3029.110 Safari/537.3"
141.98.11.152 - - [08/Jun/2025:19:34:58 -0400] "GET /register/ HTTP/1.1" 301 0 "-" "Mozilla/5.0 (Windows NT 10.0; Win64; x64) AppleWebKit/537.36 (KHTML, like Gecko) Chrome/58.0.3029.110 Safari/537.3"
141.98.11.152 - - [08/Jun/2025:19:34:58 -0400] "GET / HTTP/1.1" 200 9390 "-" "Mozilla/5.0 (Windows NT 10.0; Win64; x64) AppleWebKit/537.36 (KHTML, like Gecko) Chrome/58.0.3029.110 Safari/537.3"
141.98.11.152 - - [08/Jun/2025:19:34:59 -0400] "GET /contact/ HTTP/1.1" 301 0 "-" "Mozilla/5.0 (Windows NT 10.0; Win64; x64) AppleWebKit/537.36 (KHTML, like Gecko) Chrome/58.0.3029.110 Safari/537.3"
141.98.11.152 - - [08/Jun/2025:19:34:59 -0400] "GET / HTTP/1.1" 200 9390 "-" "Mozilla/5.0 (Windows NT 10.0; Win64; x64) AppleWebKit/537.36 (KHTML, like Gecko) Chrome/58.0.3029.110 Safari/537.3"
157.245.148.39 - - [08/Jun/2025:19:34:31 -0400] "POST //xmlrpc.php HTTP/1.1" 200 205 "-" "Mozilla/5.0 (Windows NT 10.0; Win64; x64) AppleWebKit/537.36 (KHTML, like Gecko) Chrome/78.0.3904.108 Safari/537.36"
141.98.11.152 - - [08/Jun/2025:19:35:00 -0400] "GET /.AWS_/credentials HTTP/1.1" 301 0 "-" "Mozilla/5.0 (Windows NT 10.0; Win64; x64) AppleWebKit/537.36 (KHTML, like Gecko) Chrome/58.0.3029.110 Safari/537.3"
141.98.11.152 - - [08/Jun/2025:19:35:01 -0400] "GET / HTTP/1.1" 200 9390 "-" "Mozilla/5.0 (Windows NT 10.0; Win64; x64) AppleWebKit/537.36 (KHTML, like Gecko) Chrome/58.0.3029.110 Safari/537.3"
141.98.11.152 - - [08/Jun/2025:19:35:01 -0400] "GET /karma.conf.json HTTP/1.1" 301 0 "-" "Mozilla/5.0 (Windows NT 10.0; Win64; x64) AppleWebKit/537.36 (KHTML, like Gecko) Chrome/58.0.3029.110 Safari/537.3"
141.98.11.152 - - [08/Jun/2025:19:35:02 -0400] "GET / HTTP/1.1" 200 9390 "-" "Mozilla/5.0 (Windows NT 10.0; Win64; x64) AppleWebKit/537.36 (KHTML, like Gecko) Chrome/58.0.3029.110 Safari/537.3"
141.98.11.152 - - [08/Jun/2025:19:35:02 -0400] "GET /index.php HTTP/1.1" 301 0 "-" "Mozilla/5.0 (Windows NT 10.0; Win64; x64) AppleWebKit/537.36 (KHTML, like Gecko) Chrome/58.0.3029.110 Safari/537.3"
141.98.11.152 - - [08/Jun/2025:19:35:02 -0400] "GET / HTTP/1.1" 200 9390 "-" "Mozilla/5.0 (Windows NT 10.0; Win64; x64) AppleWebKit/537.36 (KHTML, like Gecko) Chrome/58.0.3029.110 Safari/537.3"
141.98.11.152 - - [08/Jun/2025:19:35:03 -0400] "GET /.aws/credentials/config/ HTTP/1.1" 301 0 "-" "Mozilla/5.0 (Windows NT 10.0; Win64; x64) AppleWebKit/537.36 (KHTML, like Gecko) Chrome/58.0.3029.110 Safari/537.3"
141.98.11.152 - - [08/Jun/2025:19:35:04 -0400] "GET / HTTP/1.1" 200 9390 "-" "Mozilla/5.0 (Windows NT 10.0; Win64; x64) AppleWebKit/537.36 (KHTML, like Gecko) Chrome/58.0.3029.110 Safari/537.3"
141.98.11.152 - - [08/Jun/2025:19:35:04 -0400] "GET /.git/ HTTP/1.1" 403 1242 "-" "Mozilla/5.0 (Windows NT 10.0; Win64; x64) AppleWebKit/537.36 (KHTML, like Gecko) Chrome/58.0.3029.110 Safari/537.3"
45.94.31.111 - - [08/Jun/2025:19:34:46 -0400] "POST //xmlrpc.php HTTP/1.1" 200 205 "-" "Mozilla/5.0 (Windows NT 10.0; Win64; x64) AppleWebKit/537.36 (KHTML, like Gecko) Chrome/89.0.4389.114 Safari/537.36"
45.94.31.111 - - [08/Jun/2025:19:35:15 -0400] "POST //xmlrpc.php HTTP/1.1" 200 205 "-" "Mozilla/5.0 (Windows NT 10.0; Win64; x64) AppleWebKit/537.36 (KHTML, like Gecko) Chrome/89.0.4389.114 Safari/537.36"
162.0.232.193 - - [08/Jun/2025:19:35:30 -0400] "POST /wp-cron.php?doing_wp_cron=1749425730.2766299247741699218750 HTTP/1.1" 200 0 "-" "WordPress/6.8.1; https://reversevillain.com"
157.245.148.39 - - [08/Jun/2025:19:35:01 -0400] "POST //xmlrpc.php HTTP/1.1" 200 205 "-" "Mozilla/5.0 (Windows NT 10.0; Win64; x64) AppleWebKit/537.36 (KHTML, like Gecko) Chrome/78.0.3904.108 Safari/537.36"
129.226.213.145 - - [08/Jun/2025:19:35:43 -0400] "GET /reverse-villain-chapter-57/ HTTP/1.1" 200 9947 "-" "Mozilla/5.0 (iPhone; CPU iPhone OS 13_2_3 like Mac OS X) AppleWebKit/605.1.15 (KHTML, like Gecko) Version/13.0.3 Mobile/15E148 Safari/604.1"
45.94.31.111 - - [08/Jun/2025:19:35:30 -0400] "POST //xmlrpc.php HTTP/1.1" 200 205 "-" "Mozilla/5.0 (Windows NT 10.0; Win64; x64) AppleWebKit/537.36 (KHTML, like Gecko) Chrome/89.0.4389.114 Safari/537.36"
157.245.148.39 - - [08/Jun/2025:19:35:30 -0400] "POST //xmlrpc.php HTTP/1.1" 200 205 "-" "Mozilla/5.0 (Windows NT 10.0; Win64; x64) AppleWebKit/537.36 (KHTML, like Gecko) Chrome/78.0.3904.108 Safari/537.36"
45.94.31.111 - - [08/Jun/2025:19:36:01 -0400] "POST //xmlrpc.php HTTP/1.1" 200 205 "-" "Mozilla/5.0 (Windows NT 10.0; Win64; x64) AppleWebKit/537.36 (KHTML, like Gecko) Chrome/89.0.4389.114 Safari/537.36"
162.0.232.193 - - [08/Jun/2025:19:36:30 -0400] "POST /wp-cron.php?doing_wp_cron=1749425790.3105330467224121093750 HTTP/1.1" 200 0 "-" "WordPress/6.8.1; https://reversevillain.com"
157.245.148.39 - - [08/Jun/2025:19:36:01 -0400] "POST //xmlrpc.php HTTP/1.1" 200 205 "-" "Mozilla/5.0 (Windows NT 10.0; Win64; x64) AppleWebKit/537.36 (KHTML, like Gecko) Chrome/78.0.3904.108 Safari/537.36"
162.0.232.193 - - [08/Jun/2025:19:36:30 -0400] "POST /wp-admin/admin-ajax.php?action=async_litespeed&nonce=NwERtXdlQoWjajr6H2LOHKdGpO1MDfdl&litespeed_type=imgoptm HTTP/1.1" 200 5 "-" "WordPress/6.8.1; https://reversevillain.com"
162.0.232.193 - - [08/Jun/2025:19:36:45 -0400] "POST /wp-cron.php?doing_wp_cron=1749425805.5471780300140380859375 HTTP/1.1" 200 0 "-" "WordPress/6.8.1; https://reversevillain.com"
45.94.31.111 - - [08/Jun/2025:19:36:30 -0400] "POST //xmlrpc.php HTTP/1.1" 200 205 "-" "Mozilla/5.0 (Windows NT 10.0; Win64; x64) AppleWebKit/537.36 (KHTML, like Gecko) Chrome/89.0.4389.114 Safari/537.36"
162.0.232.193 - - [08/Jun/2025:19:37:01 -0400] "POST /wp-cron.php?doing_wp_cron=1749425820.8121058940887451171875 HTTP/1.1" 200 0 "-" "WordPress/6.8.1; https://reversevillain.com"
157.245.148.39 - - [08/Jun/2025:19:36:30 -0400] "POST //xmlrpc.php HTTP/1.1" 200 205 "-" "Mozilla/5.0 (Windows NT 10.0; Win64; x64) AppleWebKit/537.36 (KHTML, like Gecko) Chrome/78.0.3904.108 Safari/537.36"
162.0.232.193 - - [08/Jun/2025:19:37:01 -0400] "POST /wp-admin/admin-ajax.php?action=async_litespeed&nonce=XyXC36HGF78tGopw6fh7CijR9fWEoejo&litespeed_type=imgoptm HTTP/1.1" 200 5 "-" "WordPress/6.8.1; https://reversevillain.com"
45.94.31.111 - - [08/Jun/2025:19:36:46 -0400] "POST //xmlrpc.php HTTP/1.1" 200 205 "-" "Mozilla/5.0 (Windows NT 10.0; Win64; x64) AppleWebKit/537.36 (KHTML, like Gecko) Chrome/89.0.4389.114 Safari/537.36"
157.245.148.39 - - [08/Jun/2025:19:37:01 -0400] "POST //xmlrpc.php HTTP/1.1" 200 205 "-" "Mozilla/5.0 (Windows NT 10.0; Win64; x64) AppleWebKit/537.36 (KHTML, like Gecko) Chrome/78.0.3904.108 Safari/537.36"
162.0.232.193 - - [08/Jun/2025:19:37:30 -0400] "POST /wp-cron.php?doing_wp_cron=1749425850.3200340270996093750000 HTTP/1.1" 200 0 "-" "WordPress/6.8.1; https://reversevillain.com"
45.94.31.111 - - [08/Jun/2025:19:37:15 -0400] "POST //xmlrpc.php HTTP/1.1" 200 205 "-" "Mozilla/5.0 (Windows NT 10.0; Win64; x64) AppleWebKit/537.36 (KHTML, like Gecko) Chrome/89.0.4389.114 Safari/537.36"
157.245.148.39 - - [08/Jun/2025:19:37:30 -0400] "POST //xmlrpc.php HTTP/1.1" 200 205 "-" "Mozilla/5.0 (Windows NT 10.0; Win64; x64) AppleWebKit/537.36 (KHTML, like Gecko) Chrome/78.0.3904.108 Safari/537.36"
17.241.219.203 - - [08/Jun/2025:19:37:59 -0400] "GET /manga/staying-with-ajumma-chapter-89/ HTTP/1.1" 200 19527 "-" "Mozilla/5.0 (Macintosh; Intel Mac OS X 10_15_7) AppleWebKit/605.1.15 (KHTML, like Gecko) Version/17.4 Safari/605.1.15 (Applebot/0.1; +http://www.apple.com/go/applebot)"
45.94.31.111 - - [08/Jun/2025:19:37:30 -0400] "POST //xmlrpc.php HTTP/1.1" 200 205 "-" "Mozilla/5.0 (Windows NT 10.0; Win64; x64) AppleWebKit/537.36 (KHTML, like Gecko) Chrome/89.0.4389.114 Safari/537.36"
216.244.66.242 - - [08/Jun/2025:19:38:00 -0400] "GET /after-school-lessons-for-unripe-apples-chapter-100/ HTTP/1.1" 301 0 "-" "Mozilla/5.0 (compatible; DotBot/1.2; +https://opensiteexplorer.org/dotbot; [email protected])"
216.244.66.242 - - [08/Jun/2025:19:38:08 -0400] "GET /dragon-yashinatte-kudasai-chapter-1/ HTTP/1.1" 301 0 "-" "Mozilla/5.0 (compatible; DotBot/1.2; +https://opensiteexplorer.org/dotbot; [email protected])"
216.244.66.242 - - [08/Jun/2025:19:38:14 -0400] "GET /kidults-chapter-101/ HTTP/1.1" 301 0 "-" "Mozilla/5.0 (compatible; DotBot/1.2; +https://opensiteexplorer.org/dotbot; [email protected])"
157.245.148.39 - - [08/Jun/2025:19:37:45 -0400] "POST //xmlrpc.php HTTP/1.1" 200 205 "-" "Mozilla/5.0 (Windows NT 10.0; Win64; x64) AppleWebKit/537.36 (KHTML, like Gecko) Chrome/78.0.3904.108 Safari/537.36"
216.244.66.242 - - [08/Jun/2025:19:38:19 -0400] "GET /maria-no-danzai-chapter-14/ HTTP/1.1" 301 0 "-" "Mozilla/5.0 (compatible; DotBot/1.2; +https://opensiteexplorer.org/dotbot; [email protected])"
216.244.66.242 - - [08/Jun/2025:19:38:22 -0400] "GET /perfect-marriage-revenge-chapter-94/ HTTP/1.1" 301 0 "-" "Mozilla/5.0 (compatible; DotBot/1.2; +https://opensiteexplorer.org/dotbot; [email protected])"
216.244.66.242 - - [08/Jun/2025:19:38:26 -0400] "GET /ramen-akaneko-chapter-1/ HTTP/1.1" 301 0 "-" "Mozilla/5.0 (compatible; DotBot/1.2; +https://opensiteexplorer.org/dotbot; [email protected])"
216.244.66.242 - - [08/Jun/2025:19:38:28 -0400] "GET /zombie-100-zombie-ni-naru-made-ni-shitai-100-no-koto-chapter-40/ HTTP/1.1" 301 0 "-" "Mozilla/5.0 (compatible; DotBot/1.2; +https://opensiteexplorer.org/dotbot; [email protected])"
45.94.31.111 - - [08/Jun/2025:19:38:01 -0400] "POST //xmlrpc.php HTTP/1.1" 200 205 "-" "Mozilla/5.0 (Windows NT 10.0; Win64; x64) AppleWebKit/537.36 (KHTML, like Gecko) Chrome/89.0.4389.114 Safari/537.36"
162.0.232.193 - - [08/Jun/2025:19:38:45 -0400] "POST /wp-cron.php?doing_wp_cron=1749425925.3632590770721435546875 HTTP/1.1" 200 0 "-" "WordPress/6.8.1; https://reversevillain.com"
157.245.148.39 - - [08/Jun/2025:19:38:16 -0400] "POST //xmlrpc.php HTTP/1.1" 200 205 "-" "Mozilla/5.0 (Windows NT 10.0; Win64; x64) AppleWebKit/537.36 (KHTML, like Gecko) Chrome/78.0.3904.108 Safari/537.36"
162.0.232.193 - - [08/Jun/2025:19:38:45 -0400] "POST /wp-admin/admin-ajax.php?action=async_litespeed&nonce=TDrdBan0PjH958iHVmlNcdnmioDHnz2Z&litespeed_type=imgoptm HTTP/1.1" 200 5 "-" "WordPress/6.8.1; https://reversevillain.com"
47.128.40.184 - - [08/Jun/2025:19:38:48 -0400] "GET / HTTP/1.1" 200 9390 "-" "Mozilla/5.0 (Linux; Android 5.0) AppleWebKit/537.36 (KHTML, like Gecko) Mobile Safari/537.36 (compatible; Bytespider; [email protected])"
162.0.232.193 - - [08/Jun/2025:19:39:00 -0400] "POST /wp-cron.php?doing_wp_cron=1749425940.6845450401306152343750 HTTP/1.1" 200 0 "-" "WordPress/6.8.1; https://reversevillain.com"
45.94.31.111 - - [08/Jun/2025:19:38:30 -0400] "POST //xmlrpc.php HTTP/1.1" 200 205 "-" "Mozilla/5.0 (Windows NT 10.0; Win64; x64) AppleWebKit/537.36 (KHTML, like Gecko) Chrome/89.0.4389.114 Safari/537.36"
162.0.232.193 - - [08/Jun/2025:19:39:01 -0400] "POST /wp-admin/admin-ajax.php?action=async_litespeed&nonce=bNOe7LwuUNtK4NicJ0adv9nGk4I0z839&litespeed_type=imgoptm HTTP/1.1" 200 5 "-" "WordPress/6.8.1; https://reversevillain.com"
216.244.66.242 - - [08/Jun/2025:19:39:03 -0400] "GET /a-whirlwind-campus-affair-chapter-65/feed/ HTTP/1.1" 301 0 "-" "Mozilla/5.0 (compatible; DotBot/1.2; +https://opensiteexplorer.org/dotbot; [email protected])"
216.244.66.242 - - [08/Jun/2025:19:39:05 -0400] "GET /minami-ke-chapter-462/feed/ HTTP/1.1" 301 0 "-" "Mozilla/5.0 (compatible; DotBot/1.2; +https://opensiteexplorer.org/dotbot; [email protected])"
216.244.66.242 - - [08/Jun/2025:19:39:06 -0400] "GET /reverse-villain/chapter-80/ HTTP/1.1" 301 0 "-" "Mozilla/5.0 (compatible; DotBot/1.2; +https://opensiteexplorer.org/dotbot; [email protected])"
157.245.148.39 - - [08/Jun/2025:19:38:45 -0400] "POST //xmlrpc.php HTTP/1.1" 200 205 "-" "Mozilla/5.0 (Windows NT 10.0; Win64; x64) AppleWebKit/537.36 (KHTML, like Gecko) Chrome/78.0.3904.108 Safari/537.36"
