52.167.144.162 - - [08/Jun/2025:07:52:17 -0400] "GET /boushokuki-no-ken-chapter-22/ HTTP/1.1" 301 0 "-" "Mozilla/5.0 AppleWebKit/537.36 (KHTML, like Gecko; compatible; bingbot/2.0; +http://www.bing.com/bingbot.htm) Chrome/116.0.1938.76 Safari/537.36"
162.0.232.193 - - [08/Jun/2025:07:52:18 -0400] "POST /wp-admin/admin-ajax.php?action=async_litespeed&nonce=ewe2n8Tn94ujSbJRSfd5AIQhapsBmgT9&litespeed_type=imgoptm HTTP/1.1" 200 5 "-" "WordPress/6.8.1; https://reversevillain.com"
17.22.253.74 - - [08/Jun/2025:07:55:10 -0400] "GET /wp-content/plugins/simple-social-buttons/assets/js/front.js?ver=5.3.1 HTTP/1.1" 304 0 "https://reversevillain.com/reverse-villain-chapter-96/" "Mozilla/5.0 (Macintosh; Intel Mac OS X 10_15_7) AppleWebKit/605.1.15 (KHTML, like Gecko) Version/17.4 Safari/605.1.15 (Applebot/0.1; +http://www.apple.com/go/applebot)"
17.22.253.170 - - [08/Jun/2025:07:55:11 -0400] "GET /wp-content/themes/toivo-lite/js/settings.min.js?ver=1.2.0 HTTP/1.1" 304 0 "https://reversevillain.com/reverse-villain-chapter-96/" "Mozilla/5.0 (Macintosh; Intel Mac OS X 10_15_7) AppleWebKit/605.1.15 (KHTML, like Gecko) Version/17.4 Safari/605.1.15 (Applebot/0.1; +http://www.apple.com/go/applebot)"
17.22.245.21 - - [08/Jun/2025:07:55:13 -0400] "GET /wp-content/themes/toivo-lite/js/functions.min.js?ver=1.2.0 HTTP/1.1" 304 0 "https://reversevillain.com/reverse-villain-chapter-96/" "Mozilla/5.0 (Macintosh; Intel Mac OS X 10_15_7) AppleWebKit/605.1.15 (KHTML, like Gecko) Version/17.4 Safari/605.1.15 (Applebot/0.1; +http://www.apple.com/go/applebot)"
162.0.232.193 - - [08/Jun/2025:07:57:26 -0400] "POST /wp-cron.php?doing_wp_cron=1749383846.5874550342559814453125 HTTP/1.1" 200 0 "-" "WordPress/6.8.1; https://reversevillain.com"
2a02:598:64:8a00::3100:a - - [08/Jun/2025:07:57:25 -0400] "GET /reverse-villain-chapter-106/ HTTP/1.1" 200 9584 "-" "Mozilla/5.0 (compatible; SeznamBot/4.0; +https://o-seznam.cz/napoveda/vyhledavani/en/seznambot-crawler/)"
2001:4860:7:801::f5 - - [08/Jun/2025:07:58:55 -0400] "GET / HTTP/1.1" 200 9390 "https://www.google.com/" "Mozilla/5.0 (Macintosh; Intel Mac OS X 10_15_7) AppleWebKit/537.36 (KHTML, like Gecko) Chrome/137.0.0.0 Safari/537.36"
162.0.232.193 - - [08/Jun/2025:08:02:30 -0400] "POST /wp-cron.php?doing_wp_cron=1749384149.7941429615020751953125 HTTP/1.1" 200 0 "-" "WordPress/6.8.1; https://reversevillain.com"
89.117.19.179 - - [08/Jun/2025:08:02:28 -0400] "POST /xmlrpc.php HTTP/1.1" 200 186 "https://reversevillain.com" "Mozilla/5.0 (Macintosh; Intel Mac OS X 14_4_1) AppleWebKit/605.1.15 (KHTML, like Gecko) Version/17.3.1 Safari/605.1.15"
162.0.232.193 - - [08/Jun/2025:08:02:30 -0400] "POST /wp-admin/admin-ajax.php?action=async_litespeed&nonce=3bpm1p7Ei44HulskhqCJzmSymUIqVoCo&litespeed_type=imgoptm HTTP/1.1" 200 5 "-" "WordPress/6.8.1; https://reversevillain.com"
89.117.19.179 - - [08/Jun/2025:08:02:30 -0400] "POST /wp-login.php HTTP/1.1" 200 2144 "https://reversevillain.com" "Mozilla/5.0 (Windows NT 10.0; Win64; x64) AppleWebKit/537.36 (KHTML, like Gecko) Chrome/115.0.5790.102 Safari/537.36"
47.128.125.131 - - [08/Jun/2025:08:02:32 -0400] "GET / HTTP/1.1" 200 9390 "-" "Mozilla/5.0 (Linux; Android 5.0) AppleWebKit/537.36 (KHTML, like Gecko) Mobile Safari/537.36 (compatible; Bytespider; [email protected])"
104.210.140.135 - - [08/Jun/2025:08:02:38 -0400] "GET /robots.txt HTTP/1.1" 200 113 "-" "Mozilla/5.0 (Macintosh; Intel Mac OS X 10_15_7) AppleWebKit/537.36 (KHTML, like Gecko) Chrome/131.0.0.0 Safari/537.36; compatible; OAI-SearchBot/1.0; +https://openai.com/searchbot"
47.128.22.251 - - [08/Jun/2025:08:05:01 -0400] "GET / HTTP/1.1" 200 9390 "-" "Mozilla/5.0 (Linux; Android 5.0) AppleWebKit/537.36 (KHTML, like Gecko) Mobile Safari/537.36 (compatible; Bytespider; [email protected])"
146.174.166.54 - - [08/Jun/2025:08:07:24 -0400] "GET /wp-content/plugins/simple-social-buttons/assets/js/front.js?ver=5.3.1 HTTP/1.1" 304 0 "-" "Mozilla/5.0 (X11; U; Linux i686; en-US) AppleWebKit/534.16 (KHTML, like Gecko) Ubuntu/10.10 Chromium/10.0.648.133 Chrome/10.0.648.133 Safari/534.16"
162.0.232.193 - - [08/Jun/2025:08:09:23 -0400] "POST /wp-cron.php?doing_wp_cron=1749384563.2405929565429687500000 HTTP/1.1" 200 0 "-" "WordPress/6.8.1; https://reversevillain.com"
43.135.186.135 - - [08/Jun/2025:08:09:21 -0400] "GET / HTTP/1.1" 301 0 "http://www.reversevillain.com" "Mozilla/5.0 (iPhone; CPU iPhone OS 13_2_3 like Mac OS X) AppleWebKit/605.1.15 (KHTML, like Gecko) Version/13.0.3 Mobile/15E148 Safari/604.1"
43.135.186.135 - - [08/Jun/2025:08:09:23 -0400] "GET / HTTP/1.1" 200 9390 "https://www.reversevillain.com/" "Mozilla/5.0 (iPhone; CPU iPhone OS 13_2_3 like Mac OS X) AppleWebKit/605.1.15 (KHTML, like Gecko) Version/13.0.3 Mobile/15E148 Safari/604.1"
162.0.232.193 - - [08/Jun/2025:08:09:23 -0400] "POST /wp-admin/admin-ajax.php?action=async_litespeed&nonce=uC7K4cryTpjLXjiOeuCJjyAF8jWdOIIo&litespeed_type=imgoptm HTTP/1.1" 200 5 "-" "WordPress/6.8.1; https://reversevillain.com"
162.0.232.193 - - [08/Jun/2025:08:10:29 -0400] "POST /wp-cron.php?doing_wp_cron=1749384629.5264348983764648437500 HTTP/1.1" 200 0 "-" "WordPress/6.8.1; https://reversevillain.com"
40.77.167.32 - - [08/Jun/2025:08:10:29 -0400] "GET /the-immortal-emperor-luo-wuji-has-returned-chapter-221/ HTTP/1.1" 301 0 "-" "Mozilla/5.0 AppleWebKit/537.36 (KHTML, like Gecko; compatible; bingbot/2.0; +http://www.bing.com/bingbot.htm) Chrome/116.0.1938.76 Safari/537.36"
162.0.232.193 - - [08/Jun/2025:08:10:29 -0400] "POST /wp-admin/admin-ajax.php?action=async_litespeed&nonce=Koqqxj3odEHPXG6Sb3yiM1zV6Pyw75Ug&litespeed_type=imgoptm HTTP/1.1" 200 5 "-" "WordPress/6.8.1; https://reversevillain.com"
185.191.171.19 - - [08/Jun/2025:08:10:59 -0400] "GET /robots.txt HTTP/1.1" 200 113 "-" "Mozilla/5.0 (compatible; SemrushBot/7~bl; +http://www.semrush.com/bot.html)"
162.0.232.193 - - [08/Jun/2025:08:11:00 -0400] "POST /wp-cron.php?doing_wp_cron=1749384659.7592389583587646484375 HTTP/1.1" 200 0 "-" "WordPress/6.8.1; https://reversevillain.com"
85.208.96.211 - - [08/Jun/2025:08:10:59 -0400] "GET /author/admin/page/11/ HTTP/1.1" 200 9138 "-" "Mozilla/5.0 (compatible; SemrushBot/7~bl; +http://www.semrush.com/bot.html)"
162.0.232.193 - - [08/Jun/2025:08:11:00 -0400] "POST /wp-admin/admin-ajax.php?action=async_litespeed&nonce=kYJ1Gbvdej7MZQWRVO6gX30FlQMuSHZO&litespeed_type=imgoptm HTTP/1.1" 200 5 "-" "WordPress/6.8.1; https://reversevillain.com"
162.0.232.193 - - [08/Jun/2025:08:14:37 -0400] "POST /wp-cron.php?doing_wp_cron=1749384876.8205130100250244140625 HTTP/1.1" 200 0 "-" "WordPress/6.8.1; https://reversevillain.com"
47.128.16.113 - - [08/Jun/2025:08:14:35 -0400] "GET /swordmasters-youngest-son-chapter-100/ HTTP/1.1" 301 0 "-" "Mozilla/5.0 (Linux; Android 5.0) AppleWebKit/537.36 (KHTML, like Gecko) Mobile Safari/537.36 (compatible; TikTokSpider; [email protected])"
47.128.16.113 - - [08/Jun/2025:08:14:37 -0400] "GET / HTTP/1.1" 200 9390 "-" "Mozilla/5.0 (Linux; Android 5.0) AppleWebKit/537.36 (KHTML, like Gecko) Mobile Safari/537.36 (compatible; TikTokSpider; [email protected])"
162.0.232.193 - - [08/Jun/2025:08:18:10 -0400] "POST /wp-cron.php?doing_wp_cron=1749385090.1721210479736328125000 HTTP/1.1" 200 0 "-" "WordPress/6.8.1; https://reversevillain.com"
47.128.122.114 - - [08/Jun/2025:08:18:08 -0400] "GET /yajin-tensei-chapter-32/ HTTP/1.1" 301 0 "-" "Mozilla/5.0 (Linux; Android 5.0) AppleWebKit/537.36 (KHTML, like Gecko) Mobile Safari/537.36 (compatible; TikTokSpider; [email protected])"
47.128.122.114 - - [08/Jun/2025:08:18:10 -0400] "GET / HTTP/1.1" 200 9390 "-" "Mozilla/5.0 (Linux; Android 5.0) AppleWebKit/537.36 (KHTML, like Gecko) Mobile Safari/537.36 (compatible; TikTokSpider; [email protected])"
162.0.232.193 - - [08/Jun/2025:08:18:10 -0400] "POST /wp-admin/admin-ajax.php?action=async_litespeed&nonce=ZCdYWlulC8e7pPYUNq7MZYDGyFOQFvzC&litespeed_type=imgoptm HTTP/1.1" 200 5 "-" "WordPress/6.8.1; https://reversevillain.com"
162.0.232.193 - - [08/Jun/2025:08:19:15 -0400] "POST /wp-cron.php?doing_wp_cron=1749385154.8501799106597900390625 HTTP/1.1" 200 0 "-" "WordPress/6.8.1; https://reversevillain.com"
47.128.111.150 - - [08/Jun/2025:08:19:14 -0400] "GET /villainess-level-99-chapter-17-2/ HTTP/1.1" 301 0 "-" "Mozilla/5.0 (Linux; Android 5.0) AppleWebKit/537.36 (KHTML, like Gecko) Mobile Safari/537.36 (compatible; TikTokSpider; [email protected])"
47.128.111.150 - - [08/Jun/2025:08:19:15 -0400] "GET / HTTP/1.1" 200 9390 "-" "Mozilla/5.0 (Linux; Android 5.0) AppleWebKit/537.36 (KHTML, like Gecko) Mobile Safari/537.36 (compatible; TikTokSpider; [email protected])"
162.0.232.193 - - [08/Jun/2025:08:19:15 -0400] "POST /wp-admin/admin-ajax.php?action=async_litespeed&nonce=0RStJNaGBnYhsiY5SFEqJTFXFsFx7iNG&litespeed_type=imgoptm HTTP/1.1" 200 5 "-" "WordPress/6.8.1; https://reversevillain.com"
162.0.232.193 - - [08/Jun/2025:08:20:24 -0400] "POST /wp-cron.php?doing_wp_cron=1749385224.2099990844726562500000 HTTP/1.1" 200 0 "-" "WordPress/6.8.1; https://reversevillain.com"
52.167.144.19 - - [08/Jun/2025:08:20:24 -0400] "GET /jibaku-shounen-hanako-kun-chapter-105/ HTTP/1.1" 301 0 "-" "Mozilla/5.0 AppleWebKit/537.36 (KHTML, like Gecko; compatible; bingbot/2.0; +http://www.bing.com/bingbot.htm) Chrome/116.0.1938.76 Safari/537.36"
162.0.232.193 - - [08/Jun/2025:08:21:39 -0400] "POST /wp-cron.php?doing_wp_cron=1749385298.9696779251098632812500 HTTP/1.1" 200 0 "-" "WordPress/6.8.1; https://reversevillain.com"
47.128.122.131 - - [08/Jun/2025:08:21:38 -0400] "GET /reverse-villain/chapter-45/ HTTP/1.1" 301 0 "-" "Mozilla/5.0 (Linux; Android 5.0) AppleWebKit/537.36 (KHTML, like Gecko) Mobile Safari/537.36 (compatible; TikTokSpider; [email protected])"
47.128.122.131 - - [08/Jun/2025:08:21:39 -0400] "GET / HTTP/1.1" 200 9390 "-" "Mozilla/5.0 (Linux; Android 5.0) AppleWebKit/537.36 (KHTML, like Gecko) Mobile Safari/537.36 (compatible; TikTokSpider; [email protected])"
162.0.232.193 - - [08/Jun/2025:08:21:39 -0400] "POST /wp-admin/admin-ajax.php?action=async_litespeed&nonce=wVRVUmhmwnqu7z8xerfvP5u6jHLlAzw0&litespeed_type=imgoptm HTTP/1.1" 200 5 "-" "WordPress/6.8.1; https://reversevillain.com"
144.76.23.112 - - [08/Jun/2025:08:21:42 -0400] "GET /robots.txt HTTP/1.1" 304 0 "http://reversevillain.com/robots.txt" "Mozilla/5.0 (Windows NT 10.0; Win64; x64; trendictionbot0.5.0; trendiction search; http://www.trendiction.de/bot; please let us know of any problems; web at trendiction.com) Gecko/20100101 Firefox/125.0"
144.76.23.112 - - [08/Jun/2025:08:21:44 -0400] "GET /comments/feed/ HTTP/1.1" 304 0 "http://reversevillain.com/comments/feed/" "Mozilla/5.0 (Windows NT 10.0; Win64; x64; trendictionbot0.5.0; trendiction search; http://www.trendiction.de/bot; please let us know of any problems; web at trendiction.com) Gecko/20100101 Firefox/125.0"
162.0.232.193 - - [08/Jun/2025:08:23:20 -0400] "POST /wp-cron.php?doing_wp_cron=1749385400.7735750675201416015625 HTTP/1.1" 200 0 "-" "WordPress/6.8.1; https://reversevillain.com"
47.128.32.102 - - [08/Jun/2025:08:23:19 -0400] "GET /the-legend-of-zelda-twilight-princess-chapter-37/ HTTP/1.1" 301 0 "-" "Mozilla/5.0 (Linux; Android 5.0) AppleWebKit/537.36 (KHTML, like Gecko) Mobile Safari/537.36 (compatible; TikTokSpider; [email protected])"
47.128.32.102 - - [08/Jun/2025:08:23:21 -0400] "GET / HTTP/1.1" 200 9390 "-" "Mozilla/5.0 (Linux; Android 5.0) AppleWebKit/537.36 (KHTML, like Gecko) Mobile Safari/537.36 (compatible; TikTokSpider; [email protected])"
162.0.232.193 - - [08/Jun/2025:08:23:21 -0400] "POST /wp-admin/admin-ajax.php?action=async_litespeed&nonce=DNNikmYVnre2xUctC8E7F2gvpyLOJwlT&litespeed_type=imgoptm HTTP/1.1" 200 5 "-" "WordPress/6.8.1; https://reversevillain.com"
43.166.136.153 - - [08/Jun/2025:08:23:28 -0400] "GET /reverse-villain-chapter-46/ HTTP/1.1" 200 9946 "-" "Mozilla/5.0 (iPhone; CPU iPhone OS 13_2_3 like Mac OS X) AppleWebKit/605.1.15 (KHTML, like Gecko) Version/13.0.3 Mobile/15E148 Safari/604.1"
66.249.66.43 - - [08/Jun/2025:08:23:48 -0400] "GET /reverse-villain-chapter-32/ HTTP/1.1" 200 9565 "-" "Mozilla/5.0 (Linux; Android 6.0.1; Nexus 5X Build/MMB29P) AppleWebKit/537.36 (KHTML, like Gecko) Chrome/136.0.7103.113 Mobile Safari/537.36 (compatible; Googlebot/2.1; +http://www.google.com/bot.html)"
162.0.232.193 - - [08/Jun/2025:08:32:46 -0400] "POST /wp-cron.php?doing_wp_cron=1749385966.0971629619598388671875 HTTP/1.1" 200 0 "-" "WordPress/6.8.1; https://reversevillain.com"
47.128.121.87 - - [08/Jun/2025:08:32:42 -0400] "GET /isekai-kuimetsu-no-same-chapter-26/ HTTP/1.1" 301 0 "-" "Mozilla/5.0 (Linux; Android 5.0) AppleWebKit/537.36 (KHTML, like Gecko) Mobile Safari/537.36 (compatible; TikTokSpider; [email protected])"
47.128.121.87 - - [08/Jun/2025:08:32:46 -0400] "GET / HTTP/1.1" 200 9390 "-" "Mozilla/5.0 (Linux; Android 5.0) AppleWebKit/537.36 (KHTML, like Gecko) Mobile Safari/537.36 (compatible; TikTokSpider; [email protected])"
43.159.138.217 - - [08/Jun/2025:08:33:11 -0400] "GET /reverse-villain-chapter-30/ HTTP/1.1" 200 9949 "-" "Mozilla/5.0 (iPhone; CPU iPhone OS 13_2_3 like Mac OS X) AppleWebKit/605.1.15 (KHTML, like Gecko) Version/13.0.3 Mobile/15E148 Safari/604.1"
162.0.232.193 - - [08/Jun/2025:08:34:39 -0400] "POST /wp-cron.php?doing_wp_cron=1749386078.9107160568237304687500 HTTP/1.1" 200 0 "-" "WordPress/6.8.1; https://reversevillain.com"
40.77.167.74 - - [08/Jun/2025:08:34:37 -0400] "GET /exorcist-wo-otosenai-chapter-52/ HTTP/1.1" 301 0 "-" "Mozilla/5.0 AppleWebKit/537.36 (KHTML, like Gecko; compatible; bingbot/2.0; +http://www.bing.com/bingbot.htm) Chrome/116.0.1938.76 Safari/537.36"
162.0.232.193 - - [08/Jun/2025:08:34:39 -0400] "POST /wp-admin/admin-ajax.php?action=async_litespeed&nonce=i8XiUcdHWLUK8ssh7xB2H6YxiJB0pQOq&litespeed_type=imgoptm HTTP/1.1" 200 5 "-" "WordPress/6.8.1; https://reversevillain.com"
46.32.231.116 - - [08/Jun/2025:08:35:54 -0400] "GET /wp-login.php HTTP/1.1" 200 2047 "-" "Mozilla/5.0 (X11; Ubuntu; Linux x86_64; rv:85.0) Gecko/20100101 Firefox/91.0"
162.0.232.193 - - [08/Jun/2025:08:35:55 -0400] "POST /wp-cron.php?doing_wp_cron=1749386155.1267290115356445312500 HTTP/1.1" 200 0 "-" "WordPress/6.8.1; https://reversevillain.com"
46.32.231.116 - - [08/Jun/2025:08:35:54 -0400] "POST /wp-login.php HTTP/1.1" 200 2144 "-" "Mozilla/5.0 (X11; Ubuntu; Linux x86_64; rv:85.0) Gecko/20100101 Firefox/91.0"
162.0.232.193 - - [08/Jun/2025:08:35:55 -0400] "POST /wp-admin/admin-ajax.php?action=async_litespeed&nonce=x9Sqe2Vxdbz1NazuAanjS5kxgxR1f7yg&litespeed_type=imgoptm HTTP/1.1" 200 5 "-" "WordPress/6.8.1; https://reversevillain.com"
162.0.232.193 - - [08/Jun/2025:08:36:54 -0400] "POST /wp-cron.php?doing_wp_cron=1749386214.3164620399475097656250 HTTP/1.1" 200 0 "-" "WordPress/6.8.1; https://reversevillain.com"
8.218.65.24 - - [08/Jun/2025:08:36:54 -0400] "HEAD /popular-manga HTTP/1.1" 301 0 "-" "Mozilla/5.0 (Windows NT 6.3; Win64; x64) AppleWebKit/537.36 (KHTML, like Gecko) Chrome/68.0.2986.59 Safari/537.36"
8.218.65.24 - - [08/Jun/2025:08:36:55 -0400] "HEAD /popular-manga/ HTTP/1.1" 200 0 "-" "Mozilla/5.0 (Windows NT 6.3; Win64; x64) AppleWebKit/537.36 (KHTML, like Gecko) Chrome/68.0.2986.59 Safari/537.36"
8.218.65.24 - - [08/Jun/2025:08:36:55 -0400] "GET /popular-manga HTTP/1.1" 301 0 "-" "Mozilla/5.0 (Windows NT 6.3; Win64; x64) AppleWebKit/537.36 (KHTML, like Gecko) Chrome/68.0.2986.59 Safari/537.36"
8.218.65.24 - - [08/Jun/2025:08:36:56 -0400] "GET /popular-manga/ HTTP/1.1" 200 8566 "-" "Mozilla/5.0 (Windows NT 6.3; Win64; x64) AppleWebKit/537.36 (KHTML, like Gecko) Chrome/68.0.2986.59 Safari/537.36"
216.73.216.92 - - [08/Jun/2025:08:38:16 -0400] "GET /robots.txt HTTP/1.1" 304 0 "-" "Mozilla/5.0 AppleWebKit/537.36 (KHTML, like Gecko; compatible; ClaudeBot/1.0; [email protected])"
162.0.232.193 - - [08/Jun/2025:08:38:17 -0400] "POST /wp-cron.php?doing_wp_cron=1749386297.0262639522552490234375 HTTP/1.1" 200 0 "-" "WordPress/6.8.1; https://reversevillain.com"
216.73.216.92 - - [08/Jun/2025:08:38:16 -0400] "GET /sitemap_index.xml HTTP/1.1" 200 343 "-" "Mozilla/5.0 AppleWebKit/537.36 (KHTML, like Gecko; compatible; ClaudeBot/1.0; [email protected])"
162.0.232.193 - - [08/Jun/2025:08:38:17 -0400] "POST /wp-admin/admin-ajax.php?action=async_litespeed&nonce=u280BKuxHz3ZsNyvGcQKYekBQnh1ruIZ&litespeed_type=imgoptm HTTP/1.1" 200 5 "-" "WordPress/6.8.1; https://reversevillain.com"
77.23.80.53 - - [08/Jun/2025:08:38:51 -0400] "GET /wp-content/uploads/2022/02/cropped-download-180x180.jpeg HTTP/1.1" 200 0 "-" "Dalvik/2.1.0 (Linux; U; Android 14; SM-A556B Build/UP1A.231005.007)"
162.0.232.193 - - [08/Jun/2025:08:38:52 -0400] "POST /wp-cron.php?doing_wp_cron=1749386332.0014750957489013671875 HTTP/1.1" 200 0 "-" "WordPress/6.8.1; https://reversevillain.com"
42.83.147.55 - - [08/Jun/2025:08:39:11 -0400] "GET / HTTP/1.1" 200 9390 "-" "Mozilla/5.0 (Windows NT 6.1; Win64; x64) AppleWebKit/537.36 (KHTML, like Gecko)Chrome/74.0.3729.169 Safari/537.36"
77.23.80.53 - - [08/Jun/2025:08:39:12 -0400] "GET /wp-content/uploads/2022/02/cropped-download-180x180.jpeg HTTP/1.1" 301 0 "-" "Dalvik/2.1.0 (Linux; U; Android 14; SM-A556B Build/UP1A.231005.007)"
42.83.147.55 - - [08/Jun/2025:08:39:12 -0400] "GET / HTTP/1.1" 200 9390 "-" "Mozilla/5.0 (Windows NT 6.1; Win64; x64) AppleWebKit/537.36 (KHTML, like Gecko)Chrome/74.0.3729.169 Safari/537.36"
77.23.80.53 - - [08/Jun/2025:08:39:12 -0400] "GET / HTTP/1.1" 200 9390 "-" "Dalvik/2.1.0 (Linux; U; Android 14; SM-A556B Build/UP1A.231005.007)"
162.0.232.193 - - [08/Jun/2025:08:40:07 -0400] "POST /wp-cron.php?doing_wp_cron=1749386407.2031021118164062500000 HTTP/1.1" 200 0 "-" "WordPress/6.8.1; https://reversevillain.com"
40.77.167.70 - - [08/Jun/2025:08:40:06 -0400] "GET /mage-demon-queen-group-3-chapter-61/ HTTP/1.1" 301 0 "-" "Mozilla/5.0 AppleWebKit/537.36 (KHTML, like Gecko; compatible; bingbot/2.0; +http://www.bing.com/bingbot.htm) Chrome/116.0.1938.76 Safari/537.36"
162.0.232.193 - - [08/Jun/2025:08:40:07 -0400] "POST /wp-admin/admin-ajax.php?action=async_litespeed&nonce=zWatWtou8hS9cfJD9OO3jBgkcMOInsLT&litespeed_type=imgoptm HTTP/1.1" 200 5 "-" "WordPress/6.8.1; https://reversevillain.com"
2403:6200:88a0:de8b:795b:32d5:8c69:2f4f - - [08/Jun/2025:08:41:27 -0400] "GET / HTTP/1.1" 200 9390 "https://www.google.com/" "Mozilla/5.0 (Windows NT 10.0; Win64; x64) AppleWebKit/537.36 (KHTML, like Gecko) Chrome/137.0.0.0 Safari/537.36"
2403:6200:88a0:de8b:795b:32d5:8c69:2f4f - - [08/Jun/2025:08:41:28 -0400] "GET /wp-includes/js/jquery/jquery-migrate.min.js?ver=3.4.1 HTTP/1.1" 304 0 "https://reversevillain.com/" "Mozilla/5.0 (Windows NT 10.0; Win64; x64) AppleWebKit/537.36 (KHTML, like Gecko) Chrome/137.0.0.0 Safari/537.36"
2403:6200:88a0:de8b:795b:32d5:8c69:2f4f - - [08/Jun/2025:08:41:28 -0400] "GET /wp-content/plugins/simple-social-buttons/assets/js/frontend-blocks.js?ver=5.3.1 HTTP/1.1" 304 0 "https://reversevillain.com/" "Mozilla/5.0 (Windows NT 10.0; Win64; x64) AppleWebKit/537.36 (KHTML, like Gecko) Chrome/137.0.0.0 Safari/537.36"
2403:6200:88a0:de8b:795b:32d5:8c69:2f4f - - [08/Jun/2025:08:41:28 -0400] "GET /wp-content/plugins/comic-easel/js/keynav.js HTTP/1.1" 304 0 "https://reversevillain.com/" "Mozilla/5.0 (Windows NT 10.0; Win64; x64) AppleWebKit/537.36 (KHTML, like Gecko) Chrome/137.0.0.0 Safari/537.36"
2403:6200:88a0:de8b:795b:32d5:8c69:2f4f - - [08/Jun/2025:08:41:28 -0400] "GET /wp-includes/js/jquery/jquery.min.js?ver=3.7.1 HTTP/1.1" 304 0 "https://reversevillain.com/" "Mozilla/5.0 (Windows NT 10.0; Win64; x64) AppleWebKit/537.36 (KHTML, like Gecko) Chrome/137.0.0.0 Safari/537.36"
2403:6200:88a0:de8b:795b:32d5:8c69:2f4f - - [08/Jun/2025:08:41:28 -0400] "GET /wp-content/themes/toivo-lite/js/responsive-nav.min.js?ver=1.2.0 HTTP/1.1" 304 0 "https://reversevillain.com/" "Mozilla/5.0 (Windows NT 10.0; Win64; x64) AppleWebKit/537.36 (KHTML, like Gecko) Chrome/137.0.0.0 Safari/537.36"
2403:6200:88a0:de8b:795b:32d5:8c69:2f4f - - [08/Jun/2025:08:41:29 -0400] "GET /wp-content/themes/toivo-lite/js/settings.min.js?ver=1.2.0 HTTP/1.1" 304 0 "https://reversevillain.com/" "Mozilla/5.0 (Windows NT 10.0; Win64; x64) AppleWebKit/537.36 (KHTML, like Gecko) Chrome/137.0.0.0 Safari/537.36"
2403:6200:88a0:de8b:795b:32d5:8c69:2f4f - - [08/Jun/2025:08:41:29 -0400] "GET /wp-content/themes/toivo-lite/js/functions.min.js?ver=1.2.0 HTTP/1.1" 304 0 "https://reversevillain.com/" "Mozilla/5.0 (Windows NT 10.0; Win64; x64) AppleWebKit/537.36 (KHTML, like Gecko) Chrome/137.0.0.0 Safari/537.36"
2403:6200:88a0:de8b:795b:32d5:8c69:2f4f - - [08/Jun/2025:08:41:29 -0400] "GET /wp-includes/js/wp-emoji-release.min.js?ver=6.8.1 HTTP/1.1" 304 0 "https://reversevillain.com/" "Mozilla/5.0 (Windows NT 10.0; Win64; x64) AppleWebKit/537.36 (KHTML, like Gecko) Chrome/137.0.0.0 Safari/537.36"
2403:6200:88a0:de8b:795b:32d5:8c69:2f4f - - [08/Jun/2025:08:41:30 -0400] "GET /wp-content/uploads/2024/02/cropped-artworks-GR9wiYSqAwJo0Fa7-x7keIQ-t500x500-32x32.jpg HTTP/1.1" 200 727 "https://reversevillain.com/" "Mozilla/5.0 (Windows NT 10.0; Win64; x64) AppleWebKit/537.36 (KHTML, like Gecko) Chrome/137.0.0.0 Safari/537.36"
162.0.232.193 - - [08/Jun/2025:08:42:26 -0400] "POST /wp-cron.php?doing_wp_cron=1749386546.5241560935974121093750 HTTP/1.1" 200 0 "-" "WordPress/6.8.1; https://reversevillain.com"
47.238.14.0 - - [08/Jun/2025:08:42:24 -0400] "GET /the-archmage-returns-after-4000-years-chapter-163 HTTP/1.1" 301 0 "-" "Mozilla/5.0 (Macintosh; Intel Mac OS X 10_15_7) AppleWebKit/537.36 (KHTML, like Gecko) Chrome/109.0.0.0 Safari/537.36"
47.238.14.0 - - [08/Jun/2025:08:42:27 -0400] "GET / HTTP/1.1" 200 9390 "https://reversevillain.com/the-archmage-returns-after-4000-years-chapter-163" "Mozilla/5.0 (Macintosh; Intel Mac OS X 10_15_7) AppleWebKit/537.36 (KHTML, like Gecko) Chrome/109.0.0.0 Safari/537.36"
47.128.96.196 - - [08/Jun/2025:08:42:37 -0400] "GET /shinjiteita-nakama-tachi-ni-dungeon-chapter-90/ HTTP/1.1" 301 0 "-" "Mozilla/5.0 (Linux; Android 5.0) AppleWebKit/537.36 (KHTML, like Gecko) Mobile Safari/537.36 (compatible; TikTokSpider; [email protected])"
47.128.96.196 - - [08/Jun/2025:08:42:38 -0400] "GET / HTTP/1.1" 200 9390 "-" "Mozilla/5.0 (Linux; Android 5.0) AppleWebKit/537.36 (KHTML, like Gecko) Mobile Safari/537.36 (compatible; TikTokSpider; [email protected])"
2001:67c:2070:c942::1 - - [08/Jun/2025:08:42:51 -0400] "POST /xmlrpc.php HTTP/1.1" 200 186 "https://reversevillain.com" "Mozilla/5.0 (Macintosh; Intel Mac OS X 10_15_7; rv:125.0.1) Gecko/20100101 Firefox/125.0.1"
2001:67c:2070:c942::1 - - [08/Jun/2025:08:42:52 -0400] "POST /wp-login.php HTTP/1.1" 200 2144 "https://reversevillain.com" "Mozilla/5.0 (Windows NT 11.0; Win64; x64; rv:126.0) Gecko/20100101 Firefox/126.0"
162.0.232.193 - - [08/Jun/2025:08:44:11 -0400] "POST /wp-cron.php?doing_wp_cron=1749386651.1154990196228027343750 HTTP/1.1" 200 0 "-" "WordPress/6.8.1; https://reversevillain.com"
43.135.145.77 - - [08/Jun/2025:08:44:11 -0400] "GET /reverse-villain-chapter-27/ HTTP/1.1" 200 9945 "-" "Mozilla/5.0 (iPhone; CPU iPhone OS 13_2_3 like Mac OS X) AppleWebKit/605.1.15 (KHTML, like Gecko) Version/13.0.3 Mobile/15E148 Safari/604.1"
162.0.232.193 - - [08/Jun/2025:08:44:11 -0400] "POST /wp-admin/admin-ajax.php?action=async_litespeed&nonce=sepUfBpCdzxGHJFxrilw0s3dGZM5B294&litespeed_type=imgoptm HTTP/1.1" 200 5 "-" "WordPress/6.8.1; https://reversevillain.com"
162.0.232.193 - - [08/Jun/2025:08:50:49 -0400] "POST /wp-cron.php?doing_wp_cron=1749387049.3230450153350830078125 HTTP/1.1" 200 0 "-" "WordPress/6.8.1; https://reversevillain.com"
40.77.167.149 - - [08/Jun/2025:08:50:48 -0400] "GET /reverse-villain-chapter-86/ HTTP/1.1" 200 9569 "-" "Mozilla/5.0 AppleWebKit/537.36 (KHTML, like Gecko; compatible; bingbot/2.0; +http://www.bing.com/bingbot.htm) Chrome/116.0.1938.76 Safari/537.36"
162.0.232.193 - - [08/Jun/2025:08:52:01 -0400] "POST /wp-cron.php?doing_wp_cron=1749387121.2172260284423828125000 HTTP/1.1" 200 0 "-" "WordPress/6.8.1; https://reversevillain.com"
43.167.157.80 - - [08/Jun/2025:08:52:01 -0400] "GET /reverse-villain-chapter-77/ HTTP/1.1" 200 9969 "-" "Mozilla/5.0 (iPhone; CPU iPhone OS 13_2_3 like Mac OS X) AppleWebKit/605.1.15 (KHTML, like Gecko) Version/13.0.3 Mobile/15E148 Safari/604.1"
162.0.232.193 - - [08/Jun/2025:08:52:01 -0400] "POST /wp-admin/admin-ajax.php?action=async_litespeed&nonce=jGorstzaUOHwZAWXamRx6MQJyE5nZuE8&litespeed_type=imgoptm HTTP/1.1" 200 5 "-" "WordPress/6.8.1; https://reversevillain.com"
162.0.232.193 - - [08/Jun/2025:08:53:16 -0400] "POST /wp-cron.php?doing_wp_cron=1749387196.4586110115051269531250 HTTP/1.1" 200 0 "-" "WordPress/6.8.1; https://reversevillain.com"
40.77.167.149 - - [08/Jun/2025:08:53:16 -0400] "GET /reverse-villain-chapter-23/ HTTP/1.1" 200 9568 "-" "msnbot/2.0b (+http://search.msn.com/msnbot.htm)"
203.2.64.59 - - [08/Jun/2025:08:59:47 -0400] "GET / HTTP/1.1" 200 9390 "http://reversevillain.com" "Mozilla/5.0 (iPhone; CPU iPhone OS 13_2_3 like Mac OS X) AppleWebKit/605.1.15 (KHTML, like Gecko) Version/13.0.3 Mobile/15E148 Safari/604.1"
162.0.232.193 - - [08/Jun/2025:09:02:51 -0400] "POST /wp-cron.php?doing_wp_cron=1749387771.3834080696105957031250 HTTP/1.1" 200 0 "-" "WordPress/6.8.1; https://reversevillain.com"
66.249.66.41 - - [08/Jun/2025:09:02:48 -0400] "GET /reverse-villain-chapter-3/ HTTP/1.1" 200 9554 "-" "Mozilla/5.0 (Linux; Android 6.0.1; Nexus 5X Build/MMB29P) AppleWebKit/537.36 (KHTML, like Gecko) Chrome/136.0.7103.113 Mobile Safari/537.36 (compatible; Googlebot/2.1; +http://www.google.com/bot.html)"
162.0.232.193 - - [08/Jun/2025:09:02:52 -0400] "POST /wp-admin/admin-ajax.php?action=async_litespeed&nonce=ZOr9NsW97qwsr9HfcVajioQ9JeyGUaU6&litespeed_type=imgoptm HTTP/1.1" 200 5 "-" "WordPress/6.8.1; https://reversevillain.com"
40.77.167.121 - - [08/Jun/2025:09:03:18 -0400] "GET /i-get-stronger-the-more-i-eat-chapter-99/ HTTP/1.1" 301 0 "-" "Mozilla/5.0 AppleWebKit/537.36 (KHTML, like Gecko; compatible; bingbot/2.0; +http://www.bing.com/bingbot.htm) Chrome/116.0.1938.76 Safari/537.36"
162.0.232.193 - - [08/Jun/2025:09:04:11 -0400] "POST /wp-cron.php?doing_wp_cron=1749387850.8738069534301757812500 HTTP/1.1" 200 0 "-" "WordPress/6.8.1; https://reversevillain.com"
43.153.123.3 - - [08/Jun/2025:09:04:10 -0400] "GET /reverse-villain-chapter-55/ HTTP/1.1" 200 9947 "-" "Mozilla/5.0 (iPhone; CPU iPhone OS 13_2_3 like Mac OS X) AppleWebKit/605.1.15 (KHTML, like Gecko) Version/13.0.3 Mobile/15E148 Safari/604.1"
162.0.232.193 - - [08/Jun/2025:09:04:11 -0400] "POST /wp-admin/admin-ajax.php?action=async_litespeed&nonce=fIh6TQ8ifELF4fiXKE4ZlWUhwwBRdUDs&litespeed_type=imgoptm HTTP/1.1" 200 5 "-" "WordPress/6.8.1; https://reversevillain.com"
162.0.232.193 - - [08/Jun/2025:09:05:44 -0400] "POST /wp-cron.php?doing_wp_cron=1749387944.3958969116210937500000 HTTP/1.1" 200 0 "-" "WordPress/6.8.1; https://reversevillain.com"
94.231.103.89 - - [08/Jun/2025:09:05:42 -0400] "POST /xmlrpc.php HTTP/1.1" 200 186 "https://reversevillain.com" "Mozilla/5.0 (Macintosh; Intel Mac OS X 13.3; rv:126.0) Gecko/20100101 Firefox/126.0"
94.231.103.89 - - [08/Jun/2025:09:05:45 -0400] "POST /wp-login.php HTTP/1.1" 200 2144 "https://reversevillain.com" "Mozilla/5.0 (Windows NT 10.0; Win64; x64) AppleWebKit/537.36 (KHTML, like Gecko) Chrome/113.0.5672.93 Safari/537.36"
162.0.232.193 - - [08/Jun/2025:09:08:47 -0400] "POST /wp-cron.php?doing_wp_cron=1749388127.3627979755401611328125 HTTP/1.1" 200 0 "-" "WordPress/6.8.1; https://reversevillain.com"
52.167.144.159 - - [08/Jun/2025:09:08:45 -0400] "GET /tower-of-god-group-3-chapter-166/ HTTP/1.1" 301 0 "-" "Mozilla/5.0 AppleWebKit/537.36 (KHTML, like Gecko; compatible; bingbot/2.0; +http://www.bing.com/bingbot.htm) Chrome/116.0.1938.76 Safari/537.36"
162.0.232.193 - - [08/Jun/2025:09:08:48 -0400] "POST /wp-admin/admin-ajax.php?action=async_litespeed&nonce=V1nkzsejPzFv0ZXhbvyA1zkJdFejCEiU&litespeed_type=imgoptm HTTP/1.1" 200 5 "-" "WordPress/6.8.1; https://reversevillain.com"
162.0.232.193 - - [08/Jun/2025:09:09:51 -0400] "POST /wp-cron.php?doing_wp_cron=1749388191.3236720561981201171875 HTTP/1.1" 200 0 "-" "WordPress/6.8.1; https://reversevillain.com"
216.73.216.92 - - [08/Jun/2025:09:09:51 -0400] "GET /manga/betrothed-to-my-sisters-ex-chapter-48 HTTP/1.1" 301 0 "-" "Mozilla/5.0 AppleWebKit/537.36 (KHTML, like Gecko; compatible; ClaudeBot/1.0; [email protected])"
216.73.216.92 - - [08/Jun/2025:09:09:51 -0400] "GET /manga/betrothed-to-my-sisters-ex-chapter-48/ HTTP/1.1" 200 11834 "https://reversevillain.com/manga/betrothed-to-my-sisters-ex-chapter-48" "Mozilla/5.0 AppleWebKit/537.36 (KHTML, like Gecko; compatible; ClaudeBot/1.0; [email protected])"
162.0.232.193 - - [08/Jun/2025:09:09:51 -0400] "POST /wp-admin/admin-ajax.php?action=async_litespeed&nonce=7FYAS03E8a60ALmb99xwHx0FgRLJNHaG&litespeed_type=imgoptm HTTP/1.1" 200 5 "-" "WordPress/6.8.1; https://reversevillain.com"
162.0.232.193 - - [08/Jun/2025:09:10:47 -0400] "POST /wp-cron.php?doing_wp_cron=1749388246.7934529781341552734375 HTTP/1.1" 200 0 "-" "WordPress/6.8.1; https://reversevillain.com"
47.128.96.202 - - [08/Jun/2025:09:10:46 -0400] "GET /my-office-rebound-marriage-chapter-1/ HTTP/1.1" 301 0 "-" "Mozilla/5.0 (Linux; Android 5.0) AppleWebKit/537.36 (KHTML, like Gecko) Mobile Safari/537.36 (compatible; TikTokSpider; [email protected])"
47.128.96.202 - - [08/Jun/2025:09:10:47 -0400] "GET / HTTP/1.1" 200 9390 "-" "Mozilla/5.0 (Linux; Android 5.0) AppleWebKit/537.36 (KHTML, like Gecko) Mobile Safari/537.36 (compatible; TikTokSpider; [email protected])"
43.157.158.178 - - [08/Jun/2025:09:11:42 -0400] "GET /reverse-villain-chapter-43/ HTTP/1.1" 200 9943 "-" "Mozilla/5.0 (iPhone; CPU iPhone OS 13_2_3 like Mac OS X) AppleWebKit/605.1.15 (KHTML, like Gecko) Version/13.0.3 Mobile/15E148 Safari/604.1"
40.77.167.20 - - [08/Jun/2025:09:11:44 -0400] "GET /sitemap_index.xml HTTP/1.1" 200 343 "-" "msnbot/2.0b (+http://search.msn.com/msnbot.htm)"
162.0.232.193 - - [08/Jun/2025:09:13:58 -0400] "POST /wp-cron.php?doing_wp_cron=1749388438.0463030338287353515625 HTTP/1.1" 200 0 "-" "WordPress/6.8.1; https://reversevillain.com"
37.79.30.194 - - [08/Jun/2025:09:13:56 -0400] "GET /wan-zha-chao-huang-chapter-374/ HTTP/1.1" 301 0 "https://yandex.ru/" "Mozilla/5.0 (Windows NT 10.0; Win64; x64) AppleWebKit/537.36 (KHTML, like Gecko) Chrome/134.0.0.0 YaBrowser/25.4.0.0 Safari/537.36"
37.79.30.194 - - [08/Jun/2025:09:13:58 -0400] "GET / HTTP/1.1" 200 9390 "https://yandex.ru/" "Mozilla/5.0 (Windows NT 10.0; Win64; x64) AppleWebKit/537.36 (KHTML, like Gecko) Chrome/134.0.0.0 YaBrowser/25.4.0.0 Safari/537.36"
162.0.232.193 - - [08/Jun/2025:09:13:58 -0400] "POST /wp-admin/admin-ajax.php?action=async_litespeed&nonce=DeAtUOwBmoKZwWXWOaspFSioUsrWlNpB&litespeed_type=imgoptm HTTP/1.1" 200 5 "-" "WordPress/6.8.1; https://reversevillain.com"
37.79.30.194 - - [08/Jun/2025:09:13:59 -0400] "GET /wp-content/plugins/comic-easel/js/keynav.js HTTP/1.1" 304 0 "https://reversevillain.com/" "Mozilla/5.0 (Windows NT 10.0; Win64; x64) AppleWebKit/537.36 (KHTML, like Gecko) Chrome/134.0.0.0 YaBrowser/25.4.0.0 Safari/537.36"
37.79.30.194 - - [08/Jun/2025:09:13:59 -0400] "GET /wp-content/uploads/2024/02/9241cb9aeeaab1cd315f26ebf3104065-522x1024.jpg HTTP/1.1" 200 74937 "https://reversevillain.com/" "Mozilla/5.0 (Windows NT 10.0; Win64; x64) AppleWebKit/537.36 (KHTML, like Gecko) Chrome/134.0.0.0 YaBrowser/25.4.0.0 Safari/537.36"
37.79.30.194 - - [08/Jun/2025:09:13:59 -0400] "GET /wp-content/plugins/simple-social-buttons/assets/js/front.js?ver=5.3.1 HTTP/1.1" 200 1932 "https://reversevillain.com/" "Mozilla/5.0 (Windows NT 10.0; Win64; x64) AppleWebKit/537.36 (KHTML, like Gecko) Chrome/134.0.0.0 YaBrowser/25.4.0.0 Safari/537.36"
37.79.30.194 - - [08/Jun/2025:09:13:59 -0400] "GET /wp-content/plugins/widgets-on-pages/public/css/widgets-on-pages-public.css?ver=1.4.0 HTTP/1.1" 200 83 "https://reversevillain.com/" "Mozilla/5.0 (Windows NT 10.0; Win64; x64) AppleWebKit/537.36 (KHTML, like Gecko) Chrome/134.0.0.0 YaBrowser/25.4.0.0 Safari/537.36"
37.79.30.194 - - [08/Jun/2025:09:13:59 -0400] "GET /wp-includes/js/jquery/jquery-migrate.min.js?ver=3.4.1 HTTP/1.1" 304 0 "https://reversevillain.com/" "Mozilla/5.0 (Windows NT 10.0; Win64; x64) AppleWebKit/537.36 (KHTML, like Gecko) Chrome/134.0.0.0 YaBrowser/25.4.0.0 Safari/537.36"
37.79.30.194 - - [08/Jun/2025:09:13:59 -0400] "GET /wp-content/uploads/2024/02/Reverse_Villain.webp HTTP/1.1" 200 149800 "https://reversevillain.com/" "Mozilla/5.0 (Windows NT 10.0; Win64; x64) AppleWebKit/537.36 (KHTML, like Gecko) Chrome/134.0.0.0 YaBrowser/25.4.0.0 Safari/537.36"
37.79.30.194 - - [08/Jun/2025:09:13:59 -0400] "GET /wp-content/plugins/simple-social-buttons/assets/js/frontend-blocks.js?ver=5.3.1 HTTP/1.1" 200 0 "https://reversevillain.com/" "Mozilla/5.0 (Windows NT 10.0; Win64; x64) AppleWebKit/537.36 (KHTML, like Gecko) Chrome/134.0.0.0 YaBrowser/25.4.0.0 Safari/537.36"
37.79.30.194 - - [08/Jun/2025:09:13:59 -0400] "GET /wp-content/plugins/simple-social-buttons/assets/css/front.css?ver=5.3.1 HTTP/1.1" 200 10295 "https://reversevillain.com/" "Mozilla/5.0 (Windows NT 10.0; Win64; x64) AppleWebKit/537.36 (KHTML, like Gecko) Chrome/134.0.0.0 YaBrowser/25.4.0.0 Safari/537.36"
37.79.30.194 - - [08/Jun/2025:09:13:59 -0400] "GET /wp-includes/js/jquery/jquery.min.js?ver=3.7.1 HTTP/1.1" 200 29744 "https://reversevillain.com/" "Mozilla/5.0 (Windows NT 10.0; Win64; x64) AppleWebKit/537.36 (KHTML, like Gecko) Chrome/134.0.0.0 YaBrowser/25.4.0.0 Safari/537.36"
37.79.30.194 - - [08/Jun/2025:09:13:59 -0400] "GET /wp-content/themes/toivo-lite/fonts/genericons/genericons/genericons.min.css?ver=3.3 HTTP/1.1" 200 15959 "https://reversevillain.com/" "Mozilla/5.0 (Windows NT 10.0; Win64; x64) AppleWebKit/537.36 (KHTML, like Gecko) Chrome/134.0.0.0 YaBrowser/25.4.0.0 Safari/537.36"
37.79.30.194 - - [08/Jun/2025:09:13:59 -0400] "GET /wp-includes/css/dist/block-library/style.min.css?ver=6.8.1 HTTP/1.1" 200 14358 "https://reversevillain.com/" "Mozilla/5.0 (Windows NT 10.0; Win64; x64) AppleWebKit/537.36 (KHTML, like Gecko) Chrome/134.0.0.0 YaBrowser/25.4.0.0 Safari/537.36"
37.79.30.194 - - [08/Jun/2025:09:13:59 -0400] "GET /wp-content/themes/toivo-lite/style.css?ver=1.2.0 HTTP/1.1" 200 13718 "https://reversevillain.com/" "Mozilla/5.0 (Windows NT 10.0; Win64; x64) AppleWebKit/537.36 (KHTML, like Gecko) Chrome/134.0.0.0 YaBrowser/25.4.0.0 Safari/537.36"
37.79.30.194 - - [08/Jun/2025:09:14:00 -0400] "GET /wp-content/themes/toivo-lite/js/responsive-nav.min.js?ver=1.2.0 HTTP/1.1" 200 2102 "https://reversevillain.com/" "Mozilla/5.0 (Windows NT 10.0; Win64; x64) AppleWebKit/537.36 (KHTML, like Gecko) Chrome/134.0.0.0 YaBrowser/25.4.0.0 Safari/537.36"
37.79.30.194 - - [08/Jun/2025:09:14:01 -0400] "GET /wp-content/themes/toivo-lite/js/settings.min.js?ver=1.2.0 HTTP/1.1" 304 0 "https://reversevillain.com/" "Mozilla/5.0 (Windows NT 10.0; Win64; x64) AppleWebKit/537.36 (KHTML, like Gecko) Chrome/134.0.0.0 YaBrowser/25.4.0.0 Safari/537.36"
37.79.30.194 - - [08/Jun/2025:09:14:01 -0400] "GET /wp-content/uploads/2024/02/cropped-118593-t1amacrCPDMv.webp HTTP/1.1" 200 88048 "https://reversevillain.com/" "Mozilla/5.0 (Windows NT 10.0; Win64; x64) AppleWebKit/537.36 (KHTML, like Gecko) Chrome/134.0.0.0 YaBrowser/25.4.0.0 Safari/537.36"
37.79.30.194 - - [08/Jun/2025:09:14:01 -0400] "GET /wp-content/themes/toivo-lite/js/functions.min.js?ver=1.2.0 HTTP/1.1" 200 593 "https://reversevillain.com/" "Mozilla/5.0 (Windows NT 10.0; Win64; x64) AppleWebKit/537.36 (KHTML, like Gecko) Chrome/134.0.0.0 YaBrowser/25.4.0.0 Safari/537.36"
37.79.30.194 - - [08/Jun/2025:09:14:02 -0400] "GET /wp-includes/js/wp-emoji-release.min.js?ver=6.8.1 HTTP/1.1" 200 4771 "https://reversevillain.com/" "Mozilla/5.0 (Windows NT 10.0; Win64; x64) AppleWebKit/537.36 (KHTML, like Gecko) Chrome/134.0.0.0 YaBrowser/25.4.0.0 Safari/537.36"
162.0.232.193 - - [08/Jun/2025:09:21:23 -0400] "POST /wp-cron.php?doing_wp_cron=1749388883.8446269035339355468750 HTTP/1.1" 200 0 "-" "WordPress/6.8.1; https://reversevillain.com"
87.250.224.35 - - [08/Jun/2025:09:21:22 -0400] "GET /tensei-kizoku-kantei-sukiru-de-nariagaru-chapter-94/ HTTP/1.1" 301 0 "-" "Mozilla/5.0 (compatible; YandexBot/3.0; +http://yandex.com/bots)"
5.255.231.173 - - [08/Jun/2025:09:21:25 -0400] "GET / HTTP/1.1" 200 9390 "-" "Mozilla/5.0 (compatible; YandexBot/3.0; +http://yandex.com/bots)"
43.135.186.135 - - [08/Jun/2025:09:22:17 -0400] "GET /reverse-villain-chapter-46/ HTTP/1.1" 200 9946 "http://reversevillain.com/reverse-villain-chapter-46/" "Mozilla/5.0 (iPhone; CPU iPhone OS 13_2_3 like Mac OS X) AppleWebKit/605.1.15 (KHTML, like Gecko) Version/13.0.3 Mobile/15E148 Safari/604.1"
162.0.232.193 - - [08/Jun/2025:09:22:33 -0400] "POST /wp-cron.php?doing_wp_cron=1749388953.3041529655456542968750 HTTP/1.1" 200 0 "-" "WordPress/6.8.1; https://reversevillain.com"
47.128.121.11 - - [08/Jun/2025:09:22:33 -0400] "GET /dumbbell-nan-kilo-moteru-chapter-177/ HTTP/1.1" 301 0 "-" "Mozilla/5.0 (Linux; Android 5.0) AppleWebKit/537.36 (KHTML, like Gecko) Mobile Safari/537.36 (compatible; TikTokSpider; [email protected])"
47.128.121.11 - - [08/Jun/2025:09:22:33 -0400] "GET / HTTP/1.1" 200 9390 "-" "Mozilla/5.0 (Linux; Android 5.0) AppleWebKit/537.36 (KHTML, like Gecko) Mobile Safari/537.36 (compatible; TikTokSpider; [email protected])"
162.0.232.193 - - [08/Jun/2025:09:22:33 -0400] "POST /wp-admin/admin-ajax.php?action=async_litespeed&nonce=qcb6pIytl0koao36jWI9jWE3a1pQDABr&litespeed_type=imgoptm HTTP/1.1" 200 5 "-" "WordPress/6.8.1; https://reversevillain.com"
47.128.99.106 - - [08/Jun/2025:09:23:51 -0400] "GET / HTTP/1.1" 200 9390 "-" "Mozilla/5.0 (Linux; Android 5.0) AppleWebKit/537.36 (KHTML, like Gecko) Mobile Safari/537.36 (compatible; Bytespider; [email protected])"
162.0.232.193 - - [08/Jun/2025:09:28:47 -0400] "POST /wp-cron.php?doing_wp_cron=1749389327.5921330451965332031250 HTTP/1.1" 200 0 "-" "WordPress/6.8.1; https://reversevillain.com"
47.128.121.70 - - [08/Jun/2025:09:28:45 -0400] "GET /zombie-100-zombie-ni-naru-made-ni-shitai-100-no-koto-chapter-60/ HTTP/1.1" 301 0 "-" "Mozilla/5.0 (Linux; Android 5.0) AppleWebKit/537.36 (KHTML, like Gecko) Mobile Safari/537.36 (compatible; TikTokSpider; [email protected])"
47.128.121.70 - - [08/Jun/2025:09:28:48 -0400] "GET / HTTP/1.1" 200 9390 "-" "Mozilla/5.0 (Linux; Android 5.0) AppleWebKit/537.36 (KHTML, like Gecko) Mobile Safari/537.36 (compatible; TikTokSpider; [email protected])"
162.0.232.193 - - [08/Jun/2025:09:28:48 -0400] "POST /wp-admin/admin-ajax.php?action=async_litespeed&nonce=HTqjGgqED6J4glMWmCXUfDTGHFOK7ZtD&litespeed_type=imgoptm HTTP/1.1" 200 5 "-" "WordPress/6.8.1; https://reversevillain.com"
162.0.232.193 - - [08/Jun/2025:09:31:23 -0400] "POST /wp-cron.php?doing_wp_cron=1749389483.6143128871917724609375 HTTP/1.1" 200 0 "-" "WordPress/6.8.1; https://reversevillain.com"
47.128.111.115 - - [08/Jun/2025:09:31:22 -0400] "GET /isekai-walking-chapter-47/ HTTP/1.1" 301 0 "-" "Mozilla/5.0 (Linux; Android 5.0) AppleWebKit/537.36 (KHTML, like Gecko) Mobile Safari/537.36 (compatible; TikTokSpider; [email protected])"
47.128.111.115 - - [08/Jun/2025:09:31:24 -0400] "GET / HTTP/1.1" 200 9390 "-" "Mozilla/5.0 (Linux; Android 5.0) AppleWebKit/537.36 (KHTML, like Gecko) Mobile Safari/537.36 (compatible; TikTokSpider; [email protected])"
162.0.232.193 - - [08/Jun/2025:09:31:24 -0400] "POST /wp-admin/admin-ajax.php?action=async_litespeed&nonce=WIUVgiWhpy0X2cI2mXtaPiNTIrNJlfnm&litespeed_type=imgoptm HTTP/1.1" 200 5 "-" "WordPress/6.8.1; https://reversevillain.com"
43.153.15.51 - - [08/Jun/2025:09:32:39 -0400] "GET /reverse-villain-chapter-30/ HTTP/1.1" 200 9949 "http://reversevillain.com/reverse-villain-chapter-30/" "Mozilla/5.0 (iPhone; CPU iPhone OS 13_2_3 like Mac OS X) AppleWebKit/605.1.15 (KHTML, like Gecko) Version/13.0.3 Mobile/15E148 Safari/604.1"
162.0.232.193 - - [08/Jun/2025:09:34:43 -0400] "POST /wp-cron.php?doing_wp_cron=1749389683.4245169162750244140625 HTTP/1.1" 200 0 "-" "WordPress/6.8.1; https://reversevillain.com"
3.213.106.226 - - [08/Jun/2025:09:34:41 -0400] "GET /manga/murim-rpg-simulation-chapter-92-episode-92/ HTTP/1.1" 200 13602 "-" "Mozilla/5.0 AppleWebKit/537.36 (KHTML, like Gecko; compatible; Amazonbot/0.1; +https://developer.amazon.com/support/amazonbot) Chrome/119.0.6045.214 Safari/537.36"
162.0.232.193 - - [08/Jun/2025:09:36:40 -0400] "POST /wp-cron.php?doing_wp_cron=1749389800.3309090137481689453125 HTTP/1.1" 200 0 "-" "WordPress/6.8.1; https://reversevillain.com"
40.77.167.18 - - [08/Jun/2025:09:36:39 -0400] "GET /kanojo-okarishimasu-chapter-289/ HTTP/1.1" 301 0 "-" "Mozilla/5.0 AppleWebKit/537.36 (KHTML, like Gecko; compatible; bingbot/2.0; +http://www.bing.com/bingbot.htm) Chrome/116.0.1938.76 Safari/537.36"
162.0.232.193 - - [08/Jun/2025:09:36:40 -0400] "POST /wp-admin/admin-ajax.php?action=async_litespeed&nonce=mGZuyi6czhCXOpBBfnLQOW332ljl5JFF&litespeed_type=imgoptm HTTP/1.1" 200 5 "-" "WordPress/6.8.1; https://reversevillain.com"
45.146.54.87 - - [08/Jun/2025:09:39:23 -0400] "GET / HTTP/1.1" 200 9390 "-" "Mozilla/5.0 (X11; Linux x86_64) AppleWebKit/537.36 (KHTML, like Gecko) Chrome/120.0.0.0 Safari/537.36"
162.0.232.193 - - [08/Jun/2025:09:42:07 -0400] "POST /wp-cron.php?doing_wp_cron=1749390126.9133911132812500000000 HTTP/1.1" 200 0 "-" "WordPress/6.8.1; https://reversevillain.com"
129.226.93.214 - - [08/Jun/2025:09:42:05 -0400] "GET /wp-json/wp/v2/posts/1526 HTTP/1.1" 200 10387 "-" "Mozilla/5.0 (iPhone; CPU iPhone OS 13_2_3 like Mac OS X) AppleWebKit/605.1.15 (KHTML, like Gecko) Version/13.0.3 Mobile/15E148 Safari/604.1"
162.0.232.193 - - [08/Jun/2025:09:42:07 -0400] "POST /wp-admin/admin-ajax.php?action=async_litespeed&nonce=NcPnWmHVAjpKsfZjnb6Kwfkh3IwhC8c7&litespeed_type=imgoptm HTTP/1.1" 200 5 "-" "WordPress/6.8.1; https://reversevillain.com"
64.227.169.195 - - [08/Jun/2025:09:43:40 -0400] "GET / HTTP/1.1" 200 9390 "-" "Mozilla/5.0 (Windows NT 10.0; Win64; x64) AppleWebKit/537.36 (KHTML, like Gecko) Chrome/80.0.3987.149 Safari/537.36"
162.0.232.193 - - [08/Jun/2025:09:43:41 -0400] "POST /wp-cron.php?doing_wp_cron=1749390221.6248090267181396484375 HTTP/1.1" 200 0 "-" "WordPress/6.8.1; https://reversevillain.com"
64.227.169.195 - - [08/Jun/2025:09:43:41 -0400] "GET //wp-includes/wlwmanifest.xml HTTP/1.1" 301 0 "-" "Mozilla/5.0 (Windows NT 10.0; Win64; x64) AppleWebKit/537.36 (KHTML, like Gecko) Chrome/80.0.3987.149 Safari/537.36"
64.227.169.195 - - [08/Jun/2025:09:43:42 -0400] "GET //xmlrpc.php?rsd HTTP/1.1" 200 293 "-" "Mozilla/5.0 (Windows NT 10.0; Win64; x64) AppleWebKit/537.36 (KHTML, like Gecko) Chrome/80.0.3987.149 Safari/537.36"
64.227.169.195 - - [08/Jun/2025:09:43:42 -0400] "GET //?author=1 HTTP/1.1" 301 0 "-" "Mozilla/5.0 (Windows NT 10.0; Win64; x64) AppleWebKit/537.36 (KHTML, like Gecko) Chrome/80.0.3987.149 Safari/537.36"
64.227.169.195 - - [08/Jun/2025:09:43:43 -0400] "GET //?author=2 HTTP/1.1" 301 0 "-" "Mozilla/5.0 (Windows NT 10.0; Win64; x64) AppleWebKit/537.36 (KHTML, like Gecko) Chrome/80.0.3987.149 Safari/537.36"
64.227.169.195 - - [08/Jun/2025:09:43:44 -0400] "GET //wp-json/wp/v2/users/ HTTP/1.1" 200 6355 "-" "Mozilla/5.0 (Windows NT 10.0; Win64; x64) AppleWebKit/537.36 (KHTML, like Gecko) Chrome/80.0.3987.149 Safari/537.36"
64.227.169.195 - - [08/Jun/2025:09:43:44 -0400] "GET //wp-json/oembed/1.0/embed?url=https://reversevillain.com/ HTTP/1.1" 200 2430 "-" "Mozilla/5.0 (Windows NT 10.0; Win64; x64) AppleWebKit/537.36 (KHTML, like Gecko) Chrome/80.0.3987.149 Safari/537.36"
52.167.144.22 - - [08/Jun/2025:09:43:52 -0400] "GET /mochiron-isharyou-seikyuu-itashimasu-chapter-21-2/ HTTP/1.1" 301 0 "-" "Mozilla/5.0 AppleWebKit/537.36 (KHTML, like Gecko; compatible; bingbot/2.0; +http://www.bing.com/bingbot.htm) Chrome/116.0.1938.76 Safari/537.36"
64.227.169.195 - - [08/Jun/2025:09:43:44 -0400] "POST //xmlrpc.php HTTP/1.1" 200 189 "-" "Mozilla/5.0 (Windows NT 10.0; Win64; x64) AppleWebKit/537.36 (KHTML, like Gecko) Chrome/80.0.3987.149 Safari/537.36"
64.227.169.195 - - [08/Jun/2025:09:44:01 -0400] "POST //xmlrpc.php HTTP/1.1" 200 205 "-" "Mozilla/5.0 (Windows NT 10.0; Win64; x64) AppleWebKit/537.36 (KHTML, like Gecko) Chrome/80.0.3987.149 Safari/537.36"
162.0.232.193 - - [08/Jun/2025:09:45:01 -0400] "POST /wp-cron.php?doing_wp_cron=1749390301.0118908882141113281250 HTTP/1.1" 200 0 "-" "WordPress/6.8.1; https://reversevillain.com"
64.227.169.195 - - [08/Jun/2025:09:44:30 -0400] "POST //xmlrpc.php HTTP/1.1" 200 189 "-" "Mozilla/5.0 (Windows NT 10.0; Win64; x64) AppleWebKit/537.36 (KHTML, like Gecko) Chrome/80.0.3987.149 Safari/537.36"
162.0.232.193 - - [08/Jun/2025:09:45:01 -0400] "POST /wp-admin/admin-ajax.php?action=async_litespeed&nonce=gcIp9OGjqkqWweTvXgTIU7xysPPBp7LG&litespeed_type=imgoptm HTTP/1.1" 200 5 "-" "WordPress/6.8.1; https://reversevillain.com"
162.0.232.193 - - [08/Jun/2025:09:45:30 -0400] "POST /wp-cron.php?doing_wp_cron=1749390330.6073129177093505859375 HTTP/1.1" 200 0 "-" "WordPress/6.8.1; https://reversevillain.com"
64.227.169.195 - - [08/Jun/2025:09:45:01 -0400] "POST //xmlrpc.php HTTP/1.1" 200 205 "-" "Mozilla/5.0 (Windows NT 10.0; Win64; x64) AppleWebKit/537.36 (KHTML, like Gecko) Chrome/80.0.3987.149 Safari/537.36"
64.227.169.195 - - [08/Jun/2025:09:45:31 -0400] "POST //xmlrpc.php HTTP/1.1" 200 205 "-" "Mozilla/5.0 (Windows NT 10.0; Win64; x64) AppleWebKit/537.36 (KHTML, like Gecko) Chrome/80.0.3987.149 Safari/537.36"
162.0.232.193 - - [08/Jun/2025:09:46:30 -0400] "POST /wp-cron.php?doing_wp_cron=1749390390.7635140419006347656250 HTTP/1.1" 200 0 "-" "WordPress/6.8.1; https://reversevillain.com"
64.227.169.195 - - [08/Jun/2025:09:46:00 -0400] "POST //xmlrpc.php HTTP/1.1" 200 205 "-" "Mozilla/5.0 (Windows NT 10.0; Win64; x64) AppleWebKit/537.36 (KHTML, like Gecko) Chrome/80.0.3987.149 Safari/537.36"
162.0.232.193 - - [08/Jun/2025:09:46:31 -0400] "POST /wp-admin/admin-ajax.php?action=async_litespeed&nonce=GrWiy9GRRpUSqSgQj36oeBmY7pbDRwVU&litespeed_type=imgoptm HTTP/1.1" 200 5 "-" "WordPress/6.8.1; https://reversevillain.com"
162.0.232.193 - - [08/Jun/2025:09:46:39 -0400] "POST /wp-cron.php?doing_wp_cron=1749390399.1515879631042480468750 HTTP/1.1" 200 0 "-" "WordPress/6.8.1; https://reversevillain.com"
216.73.216.92 - - [08/Jun/2025:09:46:39 -0400] "GET /manga/truth-mask-chapter-98/feed HTTP/1.1" 301 0 "-" "Mozilla/5.0 AppleWebKit/537.36 (KHTML, like Gecko; compatible; ClaudeBot/1.0; [email protected])"
216.73.216.92 - - [08/Jun/2025:09:46:39 -0400] "GET /manga/truth-mask-chapter-98/feed/ HTTP/1.1" 200 424 "https://reversevillain.com/manga/truth-mask-chapter-98/feed" "Mozilla/5.0 AppleWebKit/537.36 (KHTML, like Gecko; compatible; ClaudeBot/1.0; [email protected])"
52.167.144.22 - - [08/Jun/2025:09:46:43 -0400] "GET /mistake-chapter-73/ HTTP/1.1" 301 0 "-" "Mozilla/5.0 AppleWebKit/537.36 (KHTML, like Gecko; compatible; bingbot/2.0; +http://www.bing.com/bingbot.htm) Chrome/116.0.1938.76 Safari/537.36"
162.0.232.193 - - [08/Jun/2025:09:47:00 -0400] "POST /wp-cron.php?doing_wp_cron=1749390420.5356950759887695312500 HTTP/1.1" 200 0 "-" "WordPress/6.8.1; https://reversevillain.com"
64.227.169.195 - - [08/Jun/2025:09:46:31 -0400] "POST //xmlrpc.php HTTP/1.1" 200 205 "-" "Mozilla/5.0 (Windows NT 10.0; Win64; x64) AppleWebKit/537.36 (KHTML, like Gecko) Chrome/80.0.3987.149 Safari/537.36"
162.0.232.193 - - [08/Jun/2025:09:47:01 -0400] "POST /wp-admin/admin-ajax.php?action=async_litespeed&nonce=eQsrz1fCx76uEWsAnA9xdVpVRiEPgRb9&litespeed_type=imgoptm HTTP/1.1" 200 5 "-" "WordPress/6.8.1; https://reversevillain.com"
162.0.232.193 - - [08/Jun/2025:09:47:30 -0400] "POST /wp-cron.php?doing_wp_cron=1749390450.2111480236053466796875 HTTP/1.1" 200 0 "-" "WordPress/6.8.1; https://reversevillain.com"
64.227.169.195 - - [08/Jun/2025:09:47:01 -0400] "POST //xmlrpc.php HTTP/1.1" 200 205 "-" "Mozilla/5.0 (Windows NT 10.0; Win64; x64) AppleWebKit/537.36 (KHTML, like Gecko) Chrome/80.0.3987.149 Safari/537.36"
64.227.169.195 - - [08/Jun/2025:09:47:31 -0400] "POST //xmlrpc.php HTTP/1.1" 200 205 "-" "Mozilla/5.0 (Windows NT 10.0; Win64; x64) AppleWebKit/537.36 (KHTML, like Gecko) Chrome/80.0.3987.149 Safari/537.36"
64.227.169.195 - - [08/Jun/2025:09:48:00 -0400] "POST //xmlrpc.php HTTP/1.1" 200 205 "-" "Mozilla/5.0 (Windows NT 10.0; Win64; x64) AppleWebKit/537.36 (KHTML, like Gecko) Chrome/80.0.3987.149 Safari/537.36"
162.0.232.193 - - [08/Jun/2025:09:48:45 -0400] "POST /wp-cron.php?doing_wp_cron=1749390525.4914560317993164062500 HTTP/1.1" 200 0 "-" "WordPress/6.8.1; https://reversevillain.com"
64.227.169.195 - - [08/Jun/2025:09:48:16 -0400] "POST //xmlrpc.php HTTP/1.1" 200 205 "-" "Mozilla/5.0 (Windows NT 10.0; Win64; x64) AppleWebKit/537.36 (KHTML, like Gecko) Chrome/80.0.3987.149 Safari/537.36"
162.0.232.193 - - [08/Jun/2025:09:48:46 -0400] "POST /wp-admin/admin-ajax.php?action=async_litespeed&nonce=vSUcrAo9mYb8FucHEjILOPr565roVUe7&litespeed_type=imgoptm HTTP/1.1" 200 5 "-" "WordPress/6.8.1; https://reversevillain.com"
162.0.232.193 - - [08/Jun/2025:09:49:15 -0400] "POST /wp-cron.php?doing_wp_cron=1749390555.1872711181640625000000 HTTP/1.1" 200 0 "-" "WordPress/6.8.1; https://reversevillain.com"
64.227.169.195 - - [08/Jun/2025:09:48:46 -0400] "POST //xmlrpc.php HTTP/1.1" 200 205 "-" "Mozilla/5.0 (Windows NT 10.0; Win64; x64) AppleWebKit/537.36 (KHTML, like Gecko) Chrome/80.0.3987.149 Safari/537.36"
162.0.232.193 - - [08/Jun/2025:09:49:15 -0400] "POST /wp-admin/admin-ajax.php?action=async_litespeed&nonce=02TYLKwCYJQ4bRRRut39bU9d6mDJBrIR&litespeed_type=imgoptm HTTP/1.1" 200 5 "-" "WordPress/6.8.1; https://reversevillain.com"
162.0.232.193 - - [08/Jun/2025:09:49:46 -0400] "POST /wp-cron.php?doing_wp_cron=1749390586.1437249183654785156250 HTTP/1.1" 200 0 "-" "WordPress/6.8.1; https://reversevillain.com"
64.227.169.195 - - [08/Jun/2025:09:49:15 -0400] "POST //xmlrpc.php HTTP/1.1" 200 205 "-" "Mozilla/5.0 (Windows NT 10.0; Win64; x64) AppleWebKit/537.36 (KHTML, like Gecko) Chrome/80.0.3987.149 Safari/537.36"
64.227.169.195 - - [08/Jun/2025:09:49:47 -0400] "POST //xmlrpc.php HTTP/1.1" 200 205 "-" "Mozilla/5.0 (Windows NT 10.0; Win64; x64) AppleWebKit/537.36 (KHTML, like Gecko) Chrome/80.0.3987.149 Safari/537.36"
