159.65.232.209 - - [08/Jun/2025:12:01:17 -0400] "POST //xmlrpc.php HTTP/1.1" 200 205 "-" "Mozilla/5.0 (Windows NT 10.0; Win64; x64) AppleWebKit/537.36 (KHTML, like Gecko) Chrome/89.0.4389.114 Safari/537.36"
162.0.232.193 - - [08/Jun/2025:12:02:16 -0400] "POST /wp-cron.php?doing_wp_cron=1749398536.2287120819091796875000 HTTP/1.1" 200 0 "-" "WordPress/6.8.1; https://reversevillain.com"
159.65.232.209 - - [08/Jun/2025:12:01:46 -0400] "POST //xmlrpc.php HTTP/1.1" 200 205 "-" "Mozilla/5.0 (Windows NT 10.0; Win64; x64) AppleWebKit/537.36 (KHTML, like Gecko) Chrome/89.0.4389.114 Safari/537.36"
162.0.232.193 - - [08/Jun/2025:12:02:17 -0400] "POST /wp-admin/admin-ajax.php?action=async_litespeed&nonce=Ili3mfZrhb7gyjcNFRw9oMb8abSls7KA&litespeed_type=imgoptm HTTP/1.1" 200 5 "-" "WordPress/6.8.1; https://reversevillain.com"
162.0.232.193 - - [08/Jun/2025:12:02:37 -0400] "POST /wp-cron.php?doing_wp_cron=1749398557.5208868980407714843750 HTTP/1.1" 200 0 "-" "WordPress/6.8.1; https://reversevillain.com"
40.77.167.67 - - [08/Jun/2025:12:02:37 -0400] "GET /superhuman-era-chapter-130/ HTTP/1.1" 301 0 "-" "Mozilla/5.0 AppleWebKit/537.36 (KHTML, like Gecko; compatible; bingbot/2.0; +http://www.bing.com/bingbot.htm) Chrome/116.0.1938.76 Safari/537.36"
159.65.232.209 - - [08/Jun/2025:12:02:17 -0400] "POST //xmlrpc.php HTTP/1.1" 200 205 "-" "Mozilla/5.0 (Windows NT 10.0; Win64; x64) AppleWebKit/537.36 (KHTML, like Gecko) Chrome/89.0.4389.114 Safari/537.36"
159.65.232.209 - - [08/Jun/2025:12:02:46 -0400] "POST //xmlrpc.php HTTP/1.1" 200 205 "-" "Mozilla/5.0 (Windows NT 10.0; Win64; x64) AppleWebKit/537.36 (KHTML, like Gecko) Chrome/89.0.4389.114 Safari/537.36"
162.0.232.193 - - [08/Jun/2025:12:03:45 -0400] "POST /wp-cron.php?doing_wp_cron=1749398625.5950961112976074218750 HTTP/1.1" 200 0 "-" "WordPress/6.8.1; https://reversevillain.com"
159.65.232.209 - - [08/Jun/2025:12:03:16 -0400] "POST //xmlrpc.php HTTP/1.1" 200 205 "-" "Mozilla/5.0 (Windows NT 10.0; Win64; x64) AppleWebKit/537.36 (KHTML, like Gecko) Chrome/89.0.4389.114 Safari/537.36"
162.0.232.193 - - [08/Jun/2025:12:03:46 -0400] "POST /wp-admin/admin-ajax.php?action=async_litespeed&nonce=1MKFnueRB8SFJvTYIONBuXLazGypbzDd&litespeed_type=imgoptm HTTP/1.1" 200 0 "-" "WordPress/6.8.1; https://reversevillain.com"
162.0.232.193 - - [08/Jun/2025:12:04:16 -0400] "POST /wp-cron.php?doing_wp_cron=1749398655.7513029575347900390625 HTTP/1.1" 200 0 "-" "WordPress/6.8.1; https://reversevillain.com"
159.65.232.209 - - [08/Jun/2025:12:03:46 -0400] "POST //xmlrpc.php HTTP/1.1" 200 205 "-" "Mozilla/5.0 (Windows NT 10.0; Win64; x64) AppleWebKit/537.36 (KHTML, like Gecko) Chrome/89.0.4389.114 Safari/537.36"
162.0.232.193 - - [08/Jun/2025:12:04:16 -0400] "POST /wp-admin/admin-ajax.php?action=async_litespeed&nonce=NHZlWeZhFcxGrFCFKLjWzknU3NoNXWef&litespeed_type=imgoptm HTTP/1.1" 200 5 "-" "WordPress/6.8.1; https://reversevillain.com"
162.0.232.193 - - [08/Jun/2025:12:04:46 -0400] "POST /wp-cron.php?doing_wp_cron=1749398685.9485180377960205078125 HTTP/1.1" 200 0 "-" "WordPress/6.8.1; https://reversevillain.com"
159.65.232.209 - - [08/Jun/2025:12:04:16 -0400] "POST //xmlrpc.php HTTP/1.1" 200 205 "-" "Mozilla/5.0 (Windows NT 10.0; Win64; x64) AppleWebKit/537.36 (KHTML, like Gecko) Chrome/89.0.4389.114 Safari/537.36"
159.65.232.209 - - [08/Jun/2025:12:04:47 -0400] "POST //xmlrpc.php HTTP/1.1" 200 205 "-" "Mozilla/5.0 (Windows NT 10.0; Win64; x64) AppleWebKit/537.36 (KHTML, like Gecko) Chrome/89.0.4389.114 Safari/537.36"
159.65.232.209 - - [08/Jun/2025:12:05:16 -0400] "POST //xmlrpc.php HTTP/1.1" 200 205 "-" "Mozilla/5.0 (Windows NT 10.0; Win64; x64) AppleWebKit/537.36 (KHTML, like Gecko) Chrome/89.0.4389.114 Safari/537.36"
162.0.232.193 - - [08/Jun/2025:12:06:15 -0400] "POST /wp-cron.php?doing_wp_cron=1749398775.1032969951629638671875 HTTP/1.1" 200 0 "-" "WordPress/6.8.1; https://reversevillain.com"
159.65.232.209 - - [08/Jun/2025:12:05:46 -0400] "POST //xmlrpc.php HTTP/1.1" 200 205 "-" "Mozilla/5.0 (Windows NT 10.0; Win64; x64) AppleWebKit/537.36 (KHTML, like Gecko) Chrome/89.0.4389.114 Safari/537.36"
162.0.232.193 - - [08/Jun/2025:12:06:15 -0400] "POST /wp-admin/admin-ajax.php?action=async_litespeed&nonce=IfRrzK7371EO1v34ssoIouRJZXIwt0sq&litespeed_type=imgoptm HTTP/1.1" 200 5 "-" "WordPress/6.8.1; https://reversevillain.com"
159.65.232.209 - - [08/Jun/2025:12:06:15 -0400] "POST //xmlrpc.php HTTP/1.1" 200 205 "-" "Mozilla/5.0 (Windows NT 10.0; Win64; x64) AppleWebKit/537.36 (KHTML, like Gecko) Chrome/89.0.4389.114 Safari/537.36"
162.0.232.193 - - [08/Jun/2025:12:07:15 -0400] "POST /wp-cron.php?doing_wp_cron=1749398835.2033228874206542968750 HTTP/1.1" 200 0 "-" "WordPress/6.8.1; https://reversevillain.com"
159.65.232.209 - - [08/Jun/2025:12:06:46 -0400] "POST //xmlrpc.php HTTP/1.1" 200 205 "-" "Mozilla/5.0 (Windows NT 10.0; Win64; x64) AppleWebKit/537.36 (KHTML, like Gecko) Chrome/89.0.4389.114 Safari/537.36"
162.0.232.193 - - [08/Jun/2025:12:07:15 -0400] "POST /wp-admin/admin-ajax.php?action=async_litespeed&nonce=YXdWtWJcxpERafPdLR8MDwssDZuEuMRY&litespeed_type=imgoptm HTTP/1.1" 200 5 "-" "WordPress/6.8.1; https://reversevillain.com"
162.0.232.193 - - [08/Jun/2025:12:07:32 -0400] "POST /wp-cron.php?doing_wp_cron=1749398852.5263330936431884765625 HTTP/1.1" 200 0 "-" "WordPress/6.8.1; https://reversevillain.com"
40.77.167.0 - - [08/Jun/2025:12:07:32 -0400] "GET /chanto-suenai-kyuuketsuki-chan-chapter-21/ HTTP/1.1" 301 0 "-" "Mozilla/5.0 AppleWebKit/537.36 (KHTML, like Gecko; compatible; bingbot/2.0; +http://www.bing.com/bingbot.htm) Chrome/116.0.1938.76 Safari/537.36"
162.0.232.193 - - [08/Jun/2025:12:07:46 -0400] "POST /wp-cron.php?doing_wp_cron=1749398866.2416770458221435546875 HTTP/1.1" 200 0 "-" "WordPress/6.8.1; https://reversevillain.com"
159.65.232.209 - - [08/Jun/2025:12:07:15 -0400] "POST //xmlrpc.php HTTP/1.1" 200 205 "-" "Mozilla/5.0 (Windows NT 10.0; Win64; x64) AppleWebKit/537.36 (KHTML, like Gecko) Chrome/89.0.4389.114 Safari/537.36"
162.0.232.193 - - [08/Jun/2025:12:08:16 -0400] "POST /wp-cron.php?doing_wp_cron=1749398896.1247119903564453125000 HTTP/1.1" 200 0 "-" "WordPress/6.8.1; https://reversevillain.com"
159.65.232.209 - - [08/Jun/2025:12:07:46 -0400] "POST //xmlrpc.php HTTP/1.1" 200 205 "-" "Mozilla/5.0 (Windows NT 10.0; Win64; x64) AppleWebKit/537.36 (KHTML, like Gecko) Chrome/89.0.4389.114 Safari/537.36"
162.0.232.193 - - [08/Jun/2025:12:08:16 -0400] "POST /wp-admin/admin-ajax.php?action=async_litespeed&nonce=6POHYo9owqA13UZ49u5JCdl2aZjFSz0l&litespeed_type=imgoptm HTTP/1.1" 200 5 "-" "WordPress/6.8.1; https://reversevillain.com"
162.0.232.193 - - [08/Jun/2025:12:08:45 -0400] "POST /wp-cron.php?doing_wp_cron=1749398925.1489069461822509765625 HTTP/1.1" 200 0 "-" "WordPress/6.8.1; https://reversevillain.com"
159.65.232.209 - - [08/Jun/2025:12:08:17 -0400] "POST //xmlrpc.php HTTP/1.1" 200 205 "-" "Mozilla/5.0 (Windows NT 10.0; Win64; x64) AppleWebKit/537.36 (KHTML, like Gecko) Chrome/89.0.4389.114 Safari/537.36"
159.65.232.209 - - [08/Jun/2025:12:08:45 -0400] "POST //xmlrpc.php HTTP/1.1" 200 205 "-" "Mozilla/5.0 (Windows NT 10.0; Win64; x64) AppleWebKit/537.36 (KHTML, like Gecko) Chrome/89.0.4389.114 Safari/537.36"
162.0.232.193 - - [08/Jun/2025:12:09:46 -0400] "POST /wp-cron.php?doing_wp_cron=1749398986.0261359214782714843750 HTTP/1.1" 200 0 "-" "WordPress/6.8.1; https://reversevillain.com"
159.65.232.209 - - [08/Jun/2025:12:09:16 -0400] "POST //xmlrpc.php HTTP/1.1" 200 205 "-" "Mozilla/5.0 (Windows NT 10.0; Win64; x64) AppleWebKit/537.36 (KHTML, like Gecko) Chrome/89.0.4389.114 Safari/537.36"
162.0.232.193 - - [08/Jun/2025:12:09:46 -0400] "POST /wp-admin/admin-ajax.php?action=async_litespeed&nonce=bqBmZkualw4ikkZlGT2NsuBfKDxVByxI&litespeed_type=imgoptm HTTP/1.1" 200 5 "-" "WordPress/6.8.1; https://reversevillain.com"
162.0.232.193 - - [08/Jun/2025:12:10:03 -0400] "POST /wp-cron.php?doing_wp_cron=1749399003.2049250602722167968750 HTTP/1.1" 200 0 "-" "WordPress/6.8.1; https://reversevillain.com"
182.44.67.97 - - [08/Jun/2025:12:10:02 -0400] "GET / HTTP/1.1" 301 0 "http://www.reversevillain.com" "Mozilla/5.0 (iPhone; CPU iPhone OS 13_2_3 like Mac OS X) AppleWebKit/605.1.15 (KHTML, like Gecko) Version/13.0.3 Mobile/15E148 Safari/604.1"
162.0.232.193 - - [08/Jun/2025:12:10:03 -0400] "POST /wp-admin/admin-ajax.php?action=async_litespeed&nonce=VYe0Hrj28Xpeh2RVOGSrTlsTb8jNlAG2&litespeed_type=imgoptm HTTP/1.1" 200 5 "-" "WordPress/6.8.1; https://reversevillain.com"
182.44.67.97 - - [08/Jun/2025:12:10:06 -0400] "GET / HTTP/1.1" 200 9390 "https://www.reversevillain.com/" "Mozilla/5.0 (iPhone; CPU iPhone OS 13_2_3 like Mac OS X) AppleWebKit/605.1.15 (KHTML, like Gecko) Version/13.0.3 Mobile/15E148 Safari/604.1"
159.65.232.209 - - [08/Jun/2025:12:09:46 -0400] "POST //xmlrpc.php HTTP/1.1" 200 205 "-" "Mozilla/5.0 (Windows NT 10.0; Win64; x64) AppleWebKit/537.36 (KHTML, like Gecko) Chrome/89.0.4389.114 Safari/537.36"
162.0.232.193 - - [08/Jun/2025:12:10:45 -0400] "POST /wp-cron.php?doing_wp_cron=1749399045.5565190315246582031250 HTTP/1.1" 200 0 "-" "WordPress/6.8.1; https://reversevillain.com"
159.65.232.209 - - [08/Jun/2025:12:10:16 -0400] "POST //xmlrpc.php HTTP/1.1" 200 205 "-" "Mozilla/5.0 (Windows NT 10.0; Win64; x64) AppleWebKit/537.36 (KHTML, like Gecko) Chrome/89.0.4389.114 Safari/537.36"
159.65.232.209 - - [08/Jun/2025:12:10:46 -0400] "POST //xmlrpc.php HTTP/1.1" 200 205 "-" "Mozilla/5.0 (Windows NT 10.0; Win64; x64) AppleWebKit/537.36 (KHTML, like Gecko) Chrome/89.0.4389.114 Safari/537.36"
162.0.232.193 - - [08/Jun/2025:12:11:46 -0400] "POST /wp-cron.php?doing_wp_cron=1749399105.8846509456634521484375 HTTP/1.1" 200 0 "-" "WordPress/6.8.1; https://reversevillain.com"
159.65.232.209 - - [08/Jun/2025:12:11:15 -0400] "POST //xmlrpc.php HTTP/1.1" 200 205 "-" "Mozilla/5.0 (Windows NT 10.0; Win64; x64) AppleWebKit/537.36 (KHTML, like Gecko) Chrome/89.0.4389.114 Safari/537.36"
162.0.232.193 - - [08/Jun/2025:12:11:46 -0400] "POST /wp-admin/admin-ajax.php?action=async_litespeed&nonce=1IFeZIJaDe0cDDssbQ2eZVWuFUAK4Sf8&litespeed_type=imgoptm HTTP/1.1" 200 5 "-" "WordPress/6.8.1; https://reversevillain.com"
162.0.232.193 - - [08/Jun/2025:12:12:15 -0400] "POST /wp-cron.php?doing_wp_cron=1749399135.6555020809173583984375 HTTP/1.1" 200 0 "-" "WordPress/6.8.1; https://reversevillain.com"
159.65.232.209 - - [08/Jun/2025:12:11:46 -0400] "POST //xmlrpc.php HTTP/1.1" 200 205 "-" "Mozilla/5.0 (Windows NT 10.0; Win64; x64) AppleWebKit/537.36 (KHTML, like Gecko) Chrome/89.0.4389.114 Safari/537.36"
52.167.144.199 - - [08/Jun/2025:12:12:15 -0400] "GET /boku-igai-zennin-tenseisha-ka-yo-chapter-10/ HTTP/1.1" 301 0 "-" "Mozilla/5.0 AppleWebKit/537.36 (KHTML, like Gecko; compatible; bingbot/2.0; +http://www.bing.com/bingbot.htm) Chrome/116.0.1938.76 Safari/537.36"
162.0.232.193 - - [08/Jun/2025:12:12:16 -0400] "POST /wp-admin/admin-ajax.php?action=async_litespeed&nonce=i8GJ1CYZpReEgYOyD0EKz4PSPdQv5prz&litespeed_type=imgoptm HTTP/1.1" 200 5 "-" "WordPress/6.8.1; https://reversevillain.com"
162.0.232.193 - - [08/Jun/2025:12:12:45 -0400] "POST /wp-cron.php?doing_wp_cron=1749399165.6849830150604248046875 HTTP/1.1" 200 0 "-" "WordPress/6.8.1; https://reversevillain.com"
159.65.232.209 - - [08/Jun/2025:12:12:16 -0400] "POST //xmlrpc.php HTTP/1.1" 200 205 "-" "Mozilla/5.0 (Windows NT 10.0; Win64; x64) AppleWebKit/537.36 (KHTML, like Gecko) Chrome/89.0.4389.114 Safari/537.36"
159.65.232.209 - - [08/Jun/2025:12:12:46 -0400] "POST //xmlrpc.php HTTP/1.1" 200 205 "-" "Mozilla/5.0 (Windows NT 10.0; Win64; x64) AppleWebKit/537.36 (KHTML, like Gecko) Chrome/89.0.4389.114 Safari/537.36"
162.0.232.193 - - [08/Jun/2025:12:13:46 -0400] "POST /wp-cron.php?doing_wp_cron=1749399225.9623360633850097656250 HTTP/1.1" 200 0 "-" "WordPress/6.8.1; https://reversevillain.com"
159.65.232.209 - - [08/Jun/2025:12:13:15 -0400] "POST //xmlrpc.php HTTP/1.1" 200 205 "-" "Mozilla/5.0 (Windows NT 10.0; Win64; x64) AppleWebKit/537.36 (KHTML, like Gecko) Chrome/89.0.4389.114 Safari/537.36"
162.0.232.193 - - [08/Jun/2025:12:13:46 -0400] "POST /wp-admin/admin-ajax.php?action=async_litespeed&nonce=HcGgamsXTSWv9s38iMJNrMK7mq9plbuV&litespeed_type=imgoptm HTTP/1.1" 200 5 "-" "WordPress/6.8.1; https://reversevillain.com"
162.0.232.193 - - [08/Jun/2025:12:14:16 -0400] "POST /wp-cron.php?doing_wp_cron=1749399255.7903640270233154296875 HTTP/1.1" 200 0 "-" "WordPress/6.8.1; https://reversevillain.com"
159.65.232.209 - - [08/Jun/2025:12:13:46 -0400] "POST //xmlrpc.php HTTP/1.1" 200 205 "-" "Mozilla/5.0 (Windows NT 10.0; Win64; x64) AppleWebKit/537.36 (KHTML, like Gecko) Chrome/89.0.4389.114 Safari/537.36"
162.0.232.193 - - [08/Jun/2025:12:14:16 -0400] "POST /wp-admin/admin-ajax.php?action=async_litespeed&nonce=0Xs5TdOdFYgv6Cj4W4h5cZmKzegwskPm&litespeed_type=imgoptm HTTP/1.1" 200 5 "-" "WordPress/6.8.1; https://reversevillain.com"
162.0.232.193 - - [08/Jun/2025:12:14:45 -0400] "POST /wp-cron.php?doing_wp_cron=1749399285.5640521049499511718750 HTTP/1.1" 200 0 "-" "WordPress/6.8.1; https://reversevillain.com"
159.65.232.209 - - [08/Jun/2025:12:14:16 -0400] "POST //xmlrpc.php HTTP/1.1" 200 205 "-" "Mozilla/5.0 (Windows NT 10.0; Win64; x64) AppleWebKit/537.36 (KHTML, like Gecko) Chrome/89.0.4389.114 Safari/537.36"
159.65.232.209 - - [08/Jun/2025:12:14:46 -0400] "POST //xmlrpc.php HTTP/1.1" 200 205 "-" "Mozilla/5.0 (Windows NT 10.0; Win64; x64) AppleWebKit/537.36 (KHTML, like Gecko) Chrome/89.0.4389.114 Safari/537.36"
159.65.232.209 - - [08/Jun/2025:12:15:16 -0400] "POST //xmlrpc.php HTTP/1.1" 200 205 "-" "Mozilla/5.0 (Windows NT 10.0; Win64; x64) AppleWebKit/537.36 (KHTML, like Gecko) Chrome/89.0.4389.114 Safari/537.36"
162.0.232.193 - - [08/Jun/2025:12:16:15 -0400] "POST /wp-cron.php?doing_wp_cron=1749399375.5643229484558105468750 HTTP/1.1" 200 0 "-" "WordPress/6.8.1; https://reversevillain.com"
159.65.232.209 - - [08/Jun/2025:12:15:46 -0400] "POST //xmlrpc.php HTTP/1.1" 200 205 "-" "Mozilla/5.0 (Windows NT 10.0; Win64; x64) AppleWebKit/537.36 (KHTML, like Gecko) Chrome/89.0.4389.114 Safari/537.36"
162.0.232.193 - - [08/Jun/2025:12:16:16 -0400] "POST /wp-admin/admin-ajax.php?action=async_litespeed&nonce=s8j2hpX0PabUEl84yHcCb1Xzu7odbyWs&litespeed_type=imgoptm HTTP/1.1" 200 5 "-" "WordPress/6.8.1; https://reversevillain.com"
159.65.232.209 - - [08/Jun/2025:12:16:17 -0400] "POST //xmlrpc.php HTTP/1.1" 200 205 "-" "Mozilla/5.0 (Windows NT 10.0; Win64; x64) AppleWebKit/537.36 (KHTML, like Gecko) Chrome/89.0.4389.114 Safari/537.36"
159.65.232.209 - - [08/Jun/2025:12:16:47 -0400] "POST //xmlrpc.php HTTP/1.1" 200 205 "-" "Mozilla/5.0 (Windows NT 10.0; Win64; x64) AppleWebKit/537.36 (KHTML, like Gecko) Chrome/89.0.4389.114 Safari/537.36"
162.0.232.193 - - [08/Jun/2025:12:17:45 -0400] "POST /wp-cron.php?doing_wp_cron=1749399465.7311210632324218750000 HTTP/1.1" 200 0 "-" "WordPress/6.8.1; https://reversevillain.com"
159.65.232.209 - - [08/Jun/2025:12:17:15 -0400] "POST //xmlrpc.php HTTP/1.1" 200 205 "-" "Mozilla/5.0 (Windows NT 10.0; Win64; x64) AppleWebKit/537.36 (KHTML, like Gecko) Chrome/89.0.4389.114 Safari/537.36"
159.65.232.209 - - [08/Jun/2025:12:17:46 -0400] "POST //xmlrpc.php HTTP/1.1" 200 205 "-" "Mozilla/5.0 (Windows NT 10.0; Win64; x64) AppleWebKit/537.36 (KHTML, like Gecko) Chrome/89.0.4389.114 Safari/537.36"
162.0.232.193 - - [08/Jun/2025:12:18:46 -0400] "POST /wp-cron.php?doing_wp_cron=1749399526.0371730327606201171875 HTTP/1.1" 200 0 "-" "WordPress/6.8.1; https://reversevillain.com"
159.65.232.209 - - [08/Jun/2025:12:18:15 -0400] "POST //xmlrpc.php HTTP/1.1" 200 205 "-" "Mozilla/5.0 (Windows NT 10.0; Win64; x64) AppleWebKit/537.36 (KHTML, like Gecko) Chrome/89.0.4389.114 Safari/537.36"
162.0.232.193 - - [08/Jun/2025:12:18:46 -0400] "POST /wp-admin/admin-ajax.php?action=async_litespeed&nonce=CFf1axJd0iOF1cXJsnKq3psjxFikvJ3E&litespeed_type=imgoptm HTTP/1.1" 200 5 "-" "WordPress/6.8.1; https://reversevillain.com"
162.0.232.193 - - [08/Jun/2025:12:19:16 -0400] "POST /wp-cron.php?doing_wp_cron=1749399555.9172480106353759765625 HTTP/1.1" 200 0 "-" "WordPress/6.8.1; https://reversevillain.com"
159.65.232.209 - - [08/Jun/2025:12:18:46 -0400] "POST //xmlrpc.php HTTP/1.1" 200 205 "-" "Mozilla/5.0 (Windows NT 10.0; Win64; x64) AppleWebKit/537.36 (KHTML, like Gecko) Chrome/89.0.4389.114 Safari/537.36"
162.0.232.193 - - [08/Jun/2025:12:19:16 -0400] "POST /wp-admin/admin-ajax.php?action=async_litespeed&nonce=58DmiUsBW4mLfNvbZDSdXGjCx2Cqy1EW&litespeed_type=imgoptm HTTP/1.1" 200 5 "-" "WordPress/6.8.1; https://reversevillain.com"
162.0.232.193 - - [08/Jun/2025:12:19:45 -0400] "POST /wp-cron.php?doing_wp_cron=1749399585.4971909523010253906250 HTTP/1.1" 200 0 "-" "WordPress/6.8.1; https://reversevillain.com"
159.65.232.209 - - [08/Jun/2025:12:19:16 -0400] "POST //xmlrpc.php HTTP/1.1" 200 205 "-" "Mozilla/5.0 (Windows NT 10.0; Win64; x64) AppleWebKit/537.36 (KHTML, like Gecko) Chrome/89.0.4389.114 Safari/537.36"
139.59.58.126 - - [08/Jun/2025:12:19:48 -0400] "GET /wp-login.php HTTP/1.1" 200 2047 "-" "Mozilla/5.0"
139.59.58.126 - - [08/Jun/2025:12:19:48 -0400] "GET /?author=1 HTTP/1.1" 301 0 "-" "Mozilla/5.0"
139.59.58.126 - - [08/Jun/2025:12:19:49 -0400] "GET /?author=2 HTTP/1.1" 301 0 "-" "Mozilla/5.0"
66.249.66.41 - - [08/Jun/2025:12:19:58 -0400] "GET / HTTP/1.1" 200 9390 "-" "Mozilla/5.0 (Linux; Android 6.0.1; Nexus 5X Build/MMB29P) AppleWebKit/537.36 (KHTML, like Gecko) Chrome/137.0.7151.68 Mobile Safari/537.36 (compatible; Googlebot/2.1; +http://www.google.com/bot.html)"
159.65.232.209 - - [08/Jun/2025:12:19:46 -0400] "POST //xmlrpc.php HTTP/1.1" 200 205 "-" "Mozilla/5.0 (Windows NT 10.0; Win64; x64) AppleWebKit/537.36 (KHTML, like Gecko) Chrome/89.0.4389.114 Safari/537.36"
162.0.232.193 - - [08/Jun/2025:12:20:45 -0400] "POST /wp-cron.php?doing_wp_cron=1749399645.5823628902435302734375 HTTP/1.1" 200 0 "-" "WordPress/6.8.1; https://reversevillain.com"
159.65.232.209 - - [08/Jun/2025:12:20:16 -0400] "POST //xmlrpc.php HTTP/1.1" 200 205 "-" "Mozilla/5.0 (Windows NT 10.0; Win64; x64) AppleWebKit/537.36 (KHTML, like Gecko) Chrome/89.0.4389.114 Safari/537.36"
162.0.232.193 - - [08/Jun/2025:12:20:46 -0400] "POST /wp-admin/admin-ajax.php?action=async_litespeed&nonce=vaBPuog52qRjVogQfTtRbUE8uFQVsNsa&litespeed_type=imgoptm HTTP/1.1" 200 5 "-" "WordPress/6.8.1; https://reversevillain.com"
162.0.232.193 - - [08/Jun/2025:12:21:16 -0400] "POST /wp-cron.php?doing_wp_cron=1749399676.1069369316101074218750 HTTP/1.1" 200 0 "-" "WordPress/6.8.1; https://reversevillain.com"
159.65.232.209 - - [08/Jun/2025:12:20:46 -0400] "POST //xmlrpc.php HTTP/1.1" 200 205 "-" "Mozilla/5.0 (Windows NT 10.0; Win64; x64) AppleWebKit/537.36 (KHTML, like Gecko) Chrome/89.0.4389.114 Safari/537.36"
162.0.232.193 - - [08/Jun/2025:12:21:16 -0400] "POST /wp-admin/admin-ajax.php?action=async_litespeed&nonce=VwtMzLgemDlKxyG782cMHYL7Ybhl0xkG&litespeed_type=imgoptm HTTP/1.1" 200 5 "-" "WordPress/6.8.1; https://reversevillain.com"
162.0.232.193 - - [08/Jun/2025:12:21:46 -0400] "POST /wp-cron.php?doing_wp_cron=1749399706.0350520610809326171875 HTTP/1.1" 200 0 "-" "WordPress/6.8.1; https://reversevillain.com"
159.65.232.209 - - [08/Jun/2025:12:21:16 -0400] "POST //xmlrpc.php HTTP/1.1" 200 205 "-" "Mozilla/5.0 (Windows NT 10.0; Win64; x64) AppleWebKit/537.36 (KHTML, like Gecko) Chrome/89.0.4389.114 Safari/537.36"
47.128.122.132 - - [08/Jun/2025:12:22:14 -0400] "GET /blue-lock-episode-nagi-chapter-16/ HTTP/1.1" 301 0 "-" "Mozilla/5.0 (Linux; Android 5.0) AppleWebKit/537.36 (KHTML, like Gecko) Mobile Safari/537.36 (compatible; TikTokSpider; [email protected])"
47.128.122.132 - - [08/Jun/2025:12:22:15 -0400] "GET / HTTP/1.1" 200 9390 "-" "Mozilla/5.0 (Linux; Android 5.0) AppleWebKit/537.36 (KHTML, like Gecko) Mobile Safari/537.36 (compatible; TikTokSpider; [email protected])"
159.65.232.209 - - [08/Jun/2025:12:21:46 -0400] "POST //xmlrpc.php HTTP/1.1" 200 205 "-" "Mozilla/5.0 (Windows NT 10.0; Win64; x64) AppleWebKit/537.36 (KHTML, like Gecko) Chrome/89.0.4389.114 Safari/537.36"
159.65.232.209 - - [08/Jun/2025:12:22:16 -0400] "POST //xmlrpc.php HTTP/1.1" 200 205 "-" "Mozilla/5.0 (Windows NT 10.0; Win64; x64) AppleWebKit/537.36 (KHTML, like Gecko) Chrome/89.0.4389.114 Safari/537.36"
162.0.232.193 - - [08/Jun/2025:12:23:16 -0400] "POST /wp-cron.php?doing_wp_cron=1749399795.8971550464630126953125 HTTP/1.1" 200 0 "-" "WordPress/6.8.1; https://reversevillain.com"
159.65.232.209 - - [08/Jun/2025:12:22:46 -0400] "POST //xmlrpc.php HTTP/1.1" 200 205 "-" "Mozilla/5.0 (Windows NT 10.0; Win64; x64) AppleWebKit/537.36 (KHTML, like Gecko) Chrome/89.0.4389.114 Safari/537.36"
47.128.121.105 - - [08/Jun/2025:12:23:16 -0400] "GET /karakai-jouzu-no-moto-takagi-san-chapter-301/ HTTP/1.1" 301 0 "-" "Mozilla/5.0 (Linux; Android 5.0) AppleWebKit/537.36 (KHTML, like Gecko) Mobile Safari/537.36 (compatible; TikTokSpider; [email protected])"
162.0.232.193 - - [08/Jun/2025:12:23:16 -0400] "POST /wp-admin/admin-ajax.php?action=async_litespeed&nonce=BhU57lnMTu55z2IAgGsKrojugeLa9u9f&litespeed_type=imgoptm HTTP/1.1" 200 5 "-" "WordPress/6.8.1; https://reversevillain.com"
47.128.121.105 - - [08/Jun/2025:12:23:16 -0400] "GET / HTTP/1.1" 200 9390 "-" "Mozilla/5.0 (Linux; Android 5.0) AppleWebKit/537.36 (KHTML, like Gecko) Mobile Safari/537.36 (compatible; TikTokSpider; [email protected])"
159.65.232.209 - - [08/Jun/2025:12:23:16 -0400] "POST //xmlrpc.php HTTP/1.1" 200 205 "-" "Mozilla/5.0 (Windows NT 10.0; Win64; x64) AppleWebKit/537.36 (KHTML, like Gecko) Chrome/89.0.4389.114 Safari/537.36"
159.65.232.209 - - [08/Jun/2025:12:23:46 -0400] "POST //xmlrpc.php HTTP/1.1" 200 205 "-" "Mozilla/5.0 (Windows NT 10.0; Win64; x64) AppleWebKit/537.36 (KHTML, like Gecko) Chrome/89.0.4389.114 Safari/537.36"
162.0.232.193 - - [08/Jun/2025:12:24:45 -0400] "POST /wp-cron.php?doing_wp_cron=1749399885.5307400226593017578125 HTTP/1.1" 200 0 "-" "WordPress/6.8.1; https://reversevillain.com"
159.65.232.209 - - [08/Jun/2025:12:24:16 -0400] "POST //xmlrpc.php HTTP/1.1" 200 205 "-" "Mozilla/5.0 (Windows NT 10.0; Win64; x64) AppleWebKit/537.36 (KHTML, like Gecko) Chrome/89.0.4389.114 Safari/537.36"
159.65.232.209 - - [08/Jun/2025:12:24:46 -0400] "POST //xmlrpc.php HTTP/1.1" 200 205 "-" "Mozilla/5.0 (Windows NT 10.0; Win64; x64) AppleWebKit/537.36 (KHTML, like Gecko) Chrome/89.0.4389.114 Safari/537.36"
47.128.121.178 - - [08/Jun/2025:12:25:43 -0400] "GET /kill-the-dragon-chapter-69/ HTTP/1.1" 301 0 "-" "Mozilla/5.0 (Linux; Android 5.0) AppleWebKit/537.36 (KHTML, like Gecko) Mobile Safari/537.36 (compatible; TikTokSpider; [email protected])"
47.128.121.178 - - [08/Jun/2025:12:25:44 -0400] "GET / HTTP/1.1" 200 9390 "-" "Mozilla/5.0 (Linux; Android 5.0) AppleWebKit/537.36 (KHTML, like Gecko) Mobile Safari/537.36 (compatible; TikTokSpider; [email protected])"
162.0.232.193 - - [08/Jun/2025:12:25:46 -0400] "POST /wp-cron.php?doing_wp_cron=1749399946.0561680793762207031250 HTTP/1.1" 200 0 "-" "WordPress/6.8.1; https://reversevillain.com"
159.65.232.209 - - [08/Jun/2025:12:25:15 -0400] "POST //xmlrpc.php HTTP/1.1" 200 205 "-" "Mozilla/5.0 (Windows NT 10.0; Win64; x64) AppleWebKit/537.36 (KHTML, like Gecko) Chrome/89.0.4389.114 Safari/537.36"
162.0.232.193 - - [08/Jun/2025:12:25:46 -0400] "POST /wp-admin/admin-ajax.php?action=async_litespeed&nonce=Vz6hJImIjYteNwTRk6uYoKMaulbawEbM&litespeed_type=imgoptm HTTP/1.1" 200 5 "-" "WordPress/6.8.1; https://reversevillain.com"
162.0.232.193 - - [08/Jun/2025:12:26:15 -0400] "POST /wp-cron.php?doing_wp_cron=1749399975.6534409523010253906250 HTTP/1.1" 200 0 "-" "WordPress/6.8.1; https://reversevillain.com"
159.65.232.209 - - [08/Jun/2025:12:25:47 -0400] "POST //xmlrpc.php HTTP/1.1" 200 205 "-" "Mozilla/5.0 (Windows NT 10.0; Win64; x64) AppleWebKit/537.36 (KHTML, like Gecko) Chrome/89.0.4389.114 Safari/537.36"
162.0.232.193 - - [08/Jun/2025:12:26:16 -0400] "POST /wp-admin/admin-ajax.php?action=async_litespeed&nonce=L4K7JxFoyuYKPNZoR52KlhMs1Ni0VK9T&litespeed_type=imgoptm HTTP/1.1" 200 5 "-" "WordPress/6.8.1; https://reversevillain.com"
139.59.58.126 - - [08/Jun/2025:12:26:37 -0400] "GET / HTTP/1.1" 200 9390 "-" "Mozilla/5.0 (Windows NT 10.0; Win64; x64) AppleWebKit/537.36 (KHTML, like Gecko) Chrome/80.0.3987.149 Safari/537.36"
162.0.232.193 - - [08/Jun/2025:12:26:38 -0400] "POST /wp-cron.php?doing_wp_cron=1749399998.3495390415191650390625 HTTP/1.1" 200 0 "-" "WordPress/6.8.1; https://reversevillain.com"
139.59.58.126 - - [08/Jun/2025:12:26:38 -0400] "GET //wp-includes/wlwmanifest.xml HTTP/1.1" 301 0 "-" "Mozilla/5.0 (Windows NT 10.0; Win64; x64) AppleWebKit/537.36 (KHTML, like Gecko) Chrome/80.0.3987.149 Safari/537.36"
139.59.58.126 - - [08/Jun/2025:12:26:39 -0400] "GET //xmlrpc.php?rsd HTTP/1.1" 200 293 "-" "Mozilla/5.0 (Windows NT 10.0; Win64; x64) AppleWebKit/537.36 (KHTML, like Gecko) Chrome/80.0.3987.149 Safari/537.36"
139.59.58.126 - - [08/Jun/2025:12:26:39 -0400] "GET //?author=1 HTTP/1.1" 301 0 "-" "Mozilla/5.0 (Windows NT 10.0; Win64; x64) AppleWebKit/537.36 (KHTML, like Gecko) Chrome/80.0.3987.149 Safari/537.36"
139.59.58.126 - - [08/Jun/2025:12:26:40 -0400] "GET //?author=2 HTTP/1.1" 301 0 "-" "Mozilla/5.0 (Windows NT 10.0; Win64; x64) AppleWebKit/537.36 (KHTML, like Gecko) Chrome/80.0.3987.149 Safari/537.36"
139.59.58.126 - - [08/Jun/2025:12:26:40 -0400] "GET //wp-json/wp/v2/users/ HTTP/1.1" 200 6355 "-" "Mozilla/5.0 (Windows NT 10.0; Win64; x64) AppleWebKit/537.36 (KHTML, like Gecko) Chrome/80.0.3987.149 Safari/537.36"
139.59.58.126 - - [08/Jun/2025:12:26:41 -0400] "GET //wp-json/oembed/1.0/embed?url=https://reversevillain.com/ HTTP/1.1" 200 2430 "-" "Mozilla/5.0 (Windows NT 10.0; Win64; x64) AppleWebKit/537.36 (KHTML, like Gecko) Chrome/80.0.3987.149 Safari/537.36"
159.65.232.209 - - [08/Jun/2025:12:26:16 -0400] "POST //xmlrpc.php HTTP/1.1" 200 205 "-" "Mozilla/5.0 (Windows NT 10.0; Win64; x64) AppleWebKit/537.36 (KHTML, like Gecko) Chrome/89.0.4389.114 Safari/537.36"
139.59.58.126 - - [08/Jun/2025:12:26:41 -0400] "POST //xmlrpc.php HTTP/1.1" 200 189 "-" "Mozilla/5.0 (Windows NT 10.0; Win64; x64) AppleWebKit/537.36 (KHTML, like Gecko) Chrome/80.0.3987.149 Safari/537.36"
159.65.232.209 - - [08/Jun/2025:12:26:46 -0400] "POST //xmlrpc.php HTTP/1.1" 200 205 "-" "Mozilla/5.0 (Windows NT 10.0; Win64; x64) AppleWebKit/537.36 (KHTML, like Gecko) Chrome/89.0.4389.114 Safari/537.36"
139.59.58.126 - - [08/Jun/2025:12:27:01 -0400] "POST //xmlrpc.php HTTP/1.1" 200 189 "-" "Mozilla/5.0 (Windows NT 10.0; Win64; x64) AppleWebKit/537.36 (KHTML, like Gecko) Chrome/80.0.3987.149 Safari/537.36"
162.0.232.193 - - [08/Jun/2025:12:27:45 -0400] "POST /wp-cron.php?doing_wp_cron=1749400065.3054480552673339843750 HTTP/1.1" 200 0 "-" "WordPress/6.8.1; https://reversevillain.com"
159.65.232.209 - - [08/Jun/2025:12:27:16 -0400] "POST //xmlrpc.php HTTP/1.1" 200 205 "-" "Mozilla/5.0 (Windows NT 10.0; Win64; x64) AppleWebKit/537.36 (KHTML, like Gecko) Chrome/89.0.4389.114 Safari/537.36"
162.0.232.193 - - [08/Jun/2025:12:27:45 -0400] "POST /wp-admin/admin-ajax.php?action=async_litespeed&nonce=s0IY7jHIUBV7sjjg1fJagdblQXPzIgL1&litespeed_type=imgoptm HTTP/1.1" 200 5 "-" "WordPress/6.8.1; https://reversevillain.com"
162.0.232.193 - - [08/Jun/2025:12:28:00 -0400] "POST /wp-cron.php?doing_wp_cron=1749400080.7233679294586181640625 HTTP/1.1" 200 0 "-" "WordPress/6.8.1; https://reversevillain.com"
139.59.58.126 - - [08/Jun/2025:12:27:30 -0400] "POST //xmlrpc.php HTTP/1.1" 200 205 "-" "Mozilla/5.0 (Windows NT 10.0; Win64; x64) AppleWebKit/537.36 (KHTML, like Gecko) Chrome/80.0.3987.149 Safari/537.36"
162.0.232.193 - - [08/Jun/2025:12:28:01 -0400] "POST /wp-admin/admin-ajax.php?action=async_litespeed&nonce=i0iPupCL6I3HL0Wfs3k6wPu7ZRehVemP&litespeed_type=imgoptm HTTP/1.1" 200 5 "-" "WordPress/6.8.1; https://reversevillain.com"
159.65.232.209 - - [08/Jun/2025:12:27:46 -0400] "POST //xmlrpc.php HTTP/1.1" 200 205 "-" "Mozilla/5.0 (Windows NT 10.0; Win64; x64) AppleWebKit/537.36 (KHTML, like Gecko) Chrome/89.0.4389.114 Safari/537.36"
162.0.232.193 - - [08/Jun/2025:12:28:30 -0400] "POST /wp-cron.php?doing_wp_cron=1749400110.4283258914947509765625 HTTP/1.1" 200 0 "-" "WordPress/6.8.1; https://reversevillain.com"
139.59.58.126 - - [08/Jun/2025:12:28:01 -0400] "POST //xmlrpc.php HTTP/1.1" 200 205 "-" "Mozilla/5.0 (Windows NT 10.0; Win64; x64) AppleWebKit/537.36 (KHTML, like Gecko) Chrome/80.0.3987.149 Safari/537.36"
159.65.232.209 - - [08/Jun/2025:12:28:15 -0400] "POST //xmlrpc.php HTTP/1.1" 200 205 "-" "Mozilla/5.0 (Windows NT 10.0; Win64; x64) AppleWebKit/537.36 (KHTML, like Gecko) Chrome/89.0.4389.114 Safari/537.36"
40.77.167.7 - - [08/Jun/2025:12:28:59 -0400] "GET /the-player-that-cant-level-up-chapter-119/ HTTP/1.1" 301 0 "-" "Mozilla/5.0 AppleWebKit/537.36 (KHTML, like Gecko; compatible; bingbot/2.0; +http://www.bing.com/bingbot.htm) Chrome/116.0.1938.76 Safari/537.36"
139.59.58.126 - - [08/Jun/2025:12:28:31 -0400] "POST //xmlrpc.php HTTP/1.1" 200 189 "-" "Mozilla/5.0 (Windows NT 10.0; Win64; x64) AppleWebKit/537.36 (KHTML, like Gecko) Chrome/80.0.3987.149 Safari/537.36"
159.65.232.209 - - [08/Jun/2025:12:28:46 -0400] "POST //xmlrpc.php HTTP/1.1" 200 205 "-" "Mozilla/5.0 (Windows NT 10.0; Win64; x64) AppleWebKit/537.36 (KHTML, like Gecko) Chrome/89.0.4389.114 Safari/537.36"
162.0.232.193 - - [08/Jun/2025:12:29:31 -0400] "POST /wp-cron.php?doing_wp_cron=1749400170.9425110816955566406250 HTTP/1.1" 200 0 "-" "WordPress/6.8.1; https://reversevillain.com"
139.59.58.126 - - [08/Jun/2025:12:29:00 -0400] "POST //xmlrpc.php HTTP/1.1" 200 205 "-" "Mozilla/5.0 (Windows NT 10.0; Win64; x64) AppleWebKit/537.36 (KHTML, like Gecko) Chrome/80.0.3987.149 Safari/537.36"
162.0.232.193 - - [08/Jun/2025:12:29:31 -0400] "POST /wp-admin/admin-ajax.php?action=async_litespeed&nonce=OSgLUTsQfiOHJamTEz6BumbK9Ope4Pzp&litespeed_type=imgoptm HTTP/1.1" 200 5 "-" "WordPress/6.8.1; https://reversevillain.com"
162.0.232.193 - - [08/Jun/2025:12:29:46 -0400] "POST /wp-cron.php?doing_wp_cron=1749400186.0902729034423828125000 HTTP/1.1" 200 0 "-" "WordPress/6.8.1; https://reversevillain.com"
159.65.232.209 - - [08/Jun/2025:12:29:15 -0400] "POST //xmlrpc.php HTTP/1.1" 200 205 "-" "Mozilla/5.0 (Windows NT 10.0; Win64; x64) AppleWebKit/537.36 (KHTML, like Gecko) Chrome/89.0.4389.114 Safari/537.36"
162.0.232.193 - - [08/Jun/2025:12:30:00 -0400] "POST /wp-cron.php?doing_wp_cron=1749400200.6562960147857666015625 HTTP/1.1" 200 0 "-" "WordPress/6.8.1; https://reversevillain.com"
139.59.58.126 - - [08/Jun/2025:12:29:31 -0400] "POST //xmlrpc.php HTTP/1.1" 200 205 "-" "Mozilla/5.0 (Windows NT 10.0; Win64; x64) AppleWebKit/537.36 (KHTML, like Gecko) Chrome/80.0.3987.149 Safari/537.36"
162.0.232.193 - - [08/Jun/2025:12:30:01 -0400] "POST /wp-admin/admin-ajax.php?action=async_litespeed&nonce=i04IxtieqekkMGM6bsbuZ3XBWgGaNlP2&litespeed_type=imgoptm HTTP/1.1" 200 5 "-" "WordPress/6.8.1; https://reversevillain.com"
159.65.232.209 - - [08/Jun/2025:12:29:46 -0400] "POST //xmlrpc.php HTTP/1.1" 200 205 "-" "Mozilla/5.0 (Windows NT 10.0; Win64; x64) AppleWebKit/537.36 (KHTML, like Gecko) Chrome/89.0.4389.114 Safari/537.36"
162.0.232.193 - - [08/Jun/2025:12:30:30 -0400] "POST /wp-cron.php?doing_wp_cron=1749400230.7456409931182861328125 HTTP/1.1" 200 0 "-" "WordPress/6.8.1; https://reversevillain.com"
139.59.58.126 - - [08/Jun/2025:12:30:01 -0400] "POST //xmlrpc.php HTTP/1.1" 200 205 "-" "Mozilla/5.0 (Windows NT 10.0; Win64; x64) AppleWebKit/537.36 (KHTML, like Gecko) Chrome/80.0.3987.149 Safari/537.36"
159.65.232.209 - - [08/Jun/2025:12:30:16 -0400] "POST //xmlrpc.php HTTP/1.1" 200 205 "-" "Mozilla/5.0 (Windows NT 10.0; Win64; x64) AppleWebKit/537.36 (KHTML, like Gecko) Chrome/89.0.4389.114 Safari/537.36"
139.59.58.126 - - [08/Jun/2025:12:30:31 -0400] "POST //xmlrpc.php HTTP/1.1" 200 205 "-" "Mozilla/5.0 (Windows NT 10.0; Win64; x64) AppleWebKit/537.36 (KHTML, like Gecko) Chrome/80.0.3987.149 Safari/537.36"
159.65.232.209 - - [08/Jun/2025:12:30:46 -0400] "POST //xmlrpc.php HTTP/1.1" 200 205 "-" "Mozilla/5.0 (Windows NT 10.0; Win64; x64) AppleWebKit/537.36 (KHTML, like Gecko) Chrome/89.0.4389.114 Safari/537.36"
139.59.58.126 - - [08/Jun/2025:12:31:01 -0400] "POST //xmlrpc.php HTTP/1.1" 200 205 "-" "Mozilla/5.0 (Windows NT 10.0; Win64; x64) AppleWebKit/537.36 (KHTML, like Gecko) Chrome/80.0.3987.149 Safari/537.36"
162.0.232.193 - - [08/Jun/2025:12:31:45 -0400] "POST /wp-cron.php?doing_wp_cron=1749400305.5012989044189453125000 HTTP/1.1" 200 0 "-" "WordPress/6.8.1; https://reversevillain.com"
159.65.232.209 - - [08/Jun/2025:12:31:16 -0400] "POST //xmlrpc.php HTTP/1.1" 200 205 "-" "Mozilla/5.0 (Windows NT 10.0; Win64; x64) AppleWebKit/537.36 (KHTML, like Gecko) Chrome/89.0.4389.114 Safari/537.36"
162.0.232.193 - - [08/Jun/2025:12:31:46 -0400] "POST /wp-admin/admin-ajax.php?action=async_litespeed&nonce=vkf2lUkl3JE80hoPXL1tc1CbDSwVrENU&litespeed_type=imgoptm HTTP/1.1" 200 5 "-" "WordPress/6.8.1; https://reversevillain.com"
162.0.232.193 - - [08/Jun/2025:12:32:00 -0400] "POST /wp-cron.php?doing_wp_cron=1749400320.3089609146118164062500 HTTP/1.1" 200 0 "-" "WordPress/6.8.1; https://reversevillain.com"
139.59.58.126 - - [08/Jun/2025:12:31:31 -0400] "POST //xmlrpc.php HTTP/1.1" 200 205 "-" "Mozilla/5.0 (Windows NT 10.0; Win64; x64) AppleWebKit/537.36 (KHTML, like Gecko) Chrome/80.0.3987.149 Safari/537.36"
162.0.232.193 - - [08/Jun/2025:12:32:00 -0400] "POST /wp-admin/admin-ajax.php?action=async_litespeed&nonce=w8FKTWI8LGFQhYytXITnfKp6e8hhPX7q&litespeed_type=imgoptm HTTP/1.1" 200 5 "-" "WordPress/6.8.1; https://reversevillain.com"
43.134.119.86 - - [08/Jun/2025:12:32:11 -0400] "GET / HTTP/1.1" 200 9390 "https://google.com" "Mozilla/5.0 (Macintosh; Intel Mac OS X 10_14_2) AppleWebKit/537.36 (KHTML, like Gecko) Chrome/117.0.5938 Safari/537.36"
159.65.232.209 - - [08/Jun/2025:12:31:46 -0400] "POST //xmlrpc.php HTTP/1.1" 200 205 "-" "Mozilla/5.0 (Windows NT 10.0; Win64; x64) AppleWebKit/537.36 (KHTML, like Gecko) Chrome/89.0.4389.114 Safari/537.36"
162.0.232.193 - - [08/Jun/2025:12:32:31 -0400] "POST /wp-cron.php?doing_wp_cron=1749400350.9954850673675537109375 HTTP/1.1" 200 0 "-" "WordPress/6.8.1; https://reversevillain.com"
139.59.58.126 - - [08/Jun/2025:12:32:00 -0400] "POST //xmlrpc.php HTTP/1.1" 200 205 "-" "Mozilla/5.0 (Windows NT 10.0; Win64; x64) AppleWebKit/537.36 (KHTML, like Gecko) Chrome/80.0.3987.149 Safari/537.36"
159.65.232.209 - - [08/Jun/2025:12:32:16 -0400] "POST //xmlrpc.php HTTP/1.1" 200 205 "-" "Mozilla/5.0 (Windows NT 10.0; Win64; x64) AppleWebKit/537.36 (KHTML, like Gecko) Chrome/89.0.4389.114 Safari/537.36"
139.59.58.126 - - [08/Jun/2025:12:32:31 -0400] "POST //xmlrpc.php HTTP/1.1" 200 205 "-" "Mozilla/5.0 (Windows NT 10.0; Win64; x64) AppleWebKit/537.36 (KHTML, like Gecko) Chrome/80.0.3987.149 Safari/537.36"
159.65.232.209 - - [08/Jun/2025:12:32:45 -0400] "POST //xmlrpc.php HTTP/1.1" 200 205 "-" "Mozilla/5.0 (Windows NT 10.0; Win64; x64) AppleWebKit/537.36 (KHTML, like Gecko) Chrome/89.0.4389.114 Safari/537.36"
52.169.30.38 - - [08/Jun/2025:12:33:29 -0400] "GET /wp-content/plugins/hellopress/wp_filemanager.php HTTP/1.1" 301 0 "-" "-"
52.169.30.38 - - [08/Jun/2025:12:33:29 -0400] "GET / HTTP/1.1" 200 9390 "-" "-"
52.169.30.38 - - [08/Jun/2025:12:33:29 -0400] "GET /wp-includes/Text/network.php HTTP/1.1" 301 0 "-" "-"
139.59.58.126 - - [08/Jun/2025:12:33:01 -0400] "POST //xmlrpc.php HTTP/1.1" 200 205 "-" "Mozilla/5.0 (Windows NT 10.0; Win64; x64) AppleWebKit/537.36 (KHTML, like Gecko) Chrome/80.0.3987.149 Safari/537.36"
52.169.30.38 - - [08/Jun/2025:12:33:30 -0400] "GET / HTTP/1.1" 200 9390 "-" "-"
52.169.30.38 - - [08/Jun/2025:12:33:30 -0400] "GET /wp-content/upgrade-temp-backup/wp-login.php HTTP/1.1" 301 0 "-" "-"
52.169.30.38 - - [08/Jun/2025:12:33:31 -0400] "GET / HTTP/1.1" 200 9390 "-" "-"
162.0.232.193 - - [08/Jun/2025:12:33:31 -0400] "POST /wp-cron.php?doing_wp_cron=1749400411.4617021083831787109375 HTTP/1.1" 200 0 "-" "WordPress/6.8.1; https://reversevillain.com"
52.169.30.38 - - [08/Jun/2025:12:33:31 -0400] "GET /js/fm.php HTTP/1.1" 301 0 "-" "-"
52.169.30.38 - - [08/Jun/2025:12:33:32 -0400] "GET / HTTP/1.1" 200 9390 "-" "-"
162.0.232.193 - - [08/Jun/2025:12:33:32 -0400] "POST /wp-admin/admin-ajax.php?action=async_litespeed&nonce=apO5NjySA80IN3Iz0nCYxoHwOe5Doy3h&litespeed_type=imgoptm HTTP/1.1" 200 5 "-" "WordPress/6.8.1; https://reversevillain.com"
52.169.30.38 - - [08/Jun/2025:12:33:32 -0400] "GET /wp-content/themes/astra/inc/ki1k.php HTTP/1.1" 301 0 "-" "-"
52.169.30.38 - - [08/Jun/2025:12:33:32 -0400] "GET / HTTP/1.1" 200 9390 "-" "-"
162.0.232.193 - - [08/Jun/2025:12:33:33 -0400] "POST /wp-cron.php?doing_wp_cron=1749400413.0722000598907470703125 HTTP/1.1" 200 0 "-" "WordPress/6.8.1; https://reversevillain.com"
52.169.30.38 - - [08/Jun/2025:12:33:32 -0400] "GET /WordPress/wp-admin/includes/zmFM.php HTTP/1.1" 301 0 "-" "-"
52.169.30.38 - - [08/Jun/2025:12:33:33 -0400] "GET / HTTP/1.1" 200 9390 "-" "-"
52.169.30.38 - - [08/Jun/2025:12:33:33 -0400] "GET /default.php HTTP/1.1" 301 0 "-" "-"
52.169.30.38 - - [08/Jun/2025:12:33:33 -0400] "GET / HTTP/1.1" 200 9390 "-" "-"
52.169.30.38 - - [08/Jun/2025:12:33:34 -0400] "GET /ty.php HTTP/1.1" 301 0 "-" "-"
52.169.30.38 - - [08/Jun/2025:12:33:34 -0400] "GET / HTTP/1.1" 200 9390 "-" "-"
52.169.30.38 - - [08/Jun/2025:12:33:34 -0400] "GET /wp-content/themes/cay-van-phong/filemanager.php HTTP/1.1" 301 0 "-" "-"
52.169.30.38 - - [08/Jun/2025:12:33:35 -0400] "GET / HTTP/1.1" 200 9390 "-" "-"
52.169.30.38 - - [08/Jun/2025:12:33:35 -0400] "GET /fm.php HTTP/1.1" 301 0 "-" "-"
52.169.30.38 - - [08/Jun/2025:12:33:35 -0400] "GET / HTTP/1.1" 200 9390 "-" "-"
52.169.30.38 - - [08/Jun/2025:12:33:35 -0400] "GET /wp-content/plugins/seoplugins/index.php HTTP/1.1" 301 0 "-" "-"
52.169.30.38 - - [08/Jun/2025:12:33:35 -0400] "GET / HTTP/1.1" 200 9390 "-" "-"
52.169.30.38 - - [08/Jun/2025:12:33:36 -0400] "GET /ini.php HTTP/1.1" 301 0 "-" "-"
52.169.30.38 - - [08/Jun/2025:12:33:36 -0400] "GET / HTTP/1.1" 200 9390 "-" "-"
52.169.30.38 - - [08/Jun/2025:12:33:36 -0400] "GET /libraries/legacy/info.php HTTP/1.1" 301 0 "-" "-"
52.169.30.38 - - [08/Jun/2025:12:33:36 -0400] "GET / HTTP/1.1" 200 9390 "-" "-"
52.169.30.38 - - [08/Jun/2025:12:33:37 -0400] "GET /wp-content/themes/include.php HTTP/1.1" 301 0 "-" "-"
52.169.30.38 - - [08/Jun/2025:12:33:37 -0400] "GET / HTTP/1.1" 200 9390 "-" "-"
52.169.30.38 - - [08/Jun/2025:12:33:37 -0400] "GET /wp-admin/network/about.php HTTP/1.1" 302 0 "-" "-"
52.169.30.38 - - [08/Jun/2025:12:33:37 -0400] "GET /wp-login.php?redirect_to=https%3A%2F%2Freversevillain.com%2Fwp-admin%2Fnetwork%2Fabout.php&reauth=1 HTTP/1.1" 200 2060 "-" "-"
52.169.30.38 - - [08/Jun/2025:12:33:38 -0400] "GET /alfa.php HTTP/1.1" 301 0 "-" "-"
52.169.30.38 - - [08/Jun/2025:12:33:38 -0400] "GET / HTTP/1.1" 200 9390 "-" "-"
159.65.232.209 - - [08/Jun/2025:12:33:16 -0400] "POST //xmlrpc.php HTTP/1.1" 200 205 "-" "Mozilla/5.0 (Windows NT 10.0; Win64; x64) AppleWebKit/537.36 (KHTML, like Gecko) Chrome/89.0.4389.114 Safari/537.36"
52.169.30.38 - - [08/Jun/2025:12:33:38 -0400] "GET /wp-mail.php/wp-includes/ID3/rk2.php HTTP/1.1" 200 0 "-" "-"
162.0.232.193 - - [08/Jun/2025:12:34:00 -0400] "POST /wp-cron.php?doing_wp_cron=1749400440.7071781158447265625000 HTTP/1.1" 200 0 "-" "WordPress/6.8.1; https://reversevillain.com"
139.59.58.126 - - [08/Jun/2025:12:33:30 -0400] "POST //xmlrpc.php HTTP/1.1" 200 205 "-" "Mozilla/5.0 (Windows NT 10.0; Win64; x64) AppleWebKit/537.36 (KHTML, like Gecko) Chrome/80.0.3987.149 Safari/537.36"
162.0.232.193 - - [08/Jun/2025:12:34:01 -0400] "POST /wp-admin/admin-ajax.php?action=async_litespeed&nonce=n7tBisdSfUOsouayZa5N0SZVPrS2wnLR&litespeed_type=imgoptm HTTP/1.1" 200 5 "-" "WordPress/6.8.1; https://reversevillain.com"
159.65.232.209 - - [08/Jun/2025:12:33:46 -0400] "POST //xmlrpc.php HTTP/1.1" 200 205 "-" "Mozilla/5.0 (Windows NT 10.0; Win64; x64) AppleWebKit/537.36 (KHTML, like Gecko) Chrome/89.0.4389.114 Safari/537.36"
139.59.58.126 - - [08/Jun/2025:12:34:01 -0400] "POST //xmlrpc.php HTTP/1.1" 200 205 "-" "Mozilla/5.0 (Windows NT 10.0; Win64; x64) AppleWebKit/537.36 (KHTML, like Gecko) Chrome/80.0.3987.149 Safari/537.36"
162.0.232.193 - - [08/Jun/2025:12:34:30 -0400] "POST /wp-cron.php?doing_wp_cron=1749400470.7174420356750488281250 HTTP/1.1" 200 0 "-" "WordPress/6.8.1; https://reversevillain.com"
159.65.232.209 - - [08/Jun/2025:12:34:15 -0400] "POST //xmlrpc.php HTTP/1.1" 200 205 "-" "Mozilla/5.0 (Windows NT 10.0; Win64; x64) AppleWebKit/537.36 (KHTML, like Gecko) Chrome/89.0.4389.114 Safari/537.36"
139.59.58.126 - - [08/Jun/2025:12:34:31 -0400] "POST //xmlrpc.php HTTP/1.1" 200 205 "-" "Mozilla/5.0 (Windows NT 10.0; Win64; x64) AppleWebKit/537.36 (KHTML, like Gecko) Chrome/80.0.3987.149 Safari/537.36"
159.65.232.209 - - [08/Jun/2025:12:34:31 -0400] "POST //xmlrpc.php HTTP/1.1" 200 205 "-" "Mozilla/5.0 (Windows NT 10.0; Win64; x64) AppleWebKit/537.36 (KHTML, like Gecko) Chrome/89.0.4389.114 Safari/537.36"
159.65.232.209 - - [08/Jun/2025:12:35:01 -0400] "POST //xmlrpc.php HTTP/1.1" 200 205 "-" "Mozilla/5.0 (Windows NT 10.0; Win64; x64) AppleWebKit/537.36 (KHTML, like Gecko) Chrome/89.0.4389.114 Safari/537.36"
162.0.232.193 - - [08/Jun/2025:12:35:30 -0400] "POST /wp-cron.php?doing_wp_cron=1749400530.8445019721984863281250 HTTP/1.1" 200 0 "-" "WordPress/6.8.1; https://reversevillain.com"
139.59.58.126 - - [08/Jun/2025:12:35:00 -0400] "POST //xmlrpc.php HTTP/1.1" 200 205 "-" "Mozilla/5.0 (Windows NT 10.0; Win64; x64) AppleWebKit/537.36 (KHTML, like Gecko) Chrome/80.0.3987.149 Safari/537.36"
162.0.232.193 - - [08/Jun/2025:12:35:31 -0400] "POST /wp-admin/admin-ajax.php?action=async_litespeed&nonce=ikL7TLf3ZjYHxHL4QPOOiBHL9eSBCuZs&litespeed_type=imgoptm HTTP/1.1" 200 5 "-" "WordPress/6.8.1; https://reversevillain.com"
162.0.232.193 - - [08/Jun/2025:12:36:00 -0400] "POST /wp-cron.php?doing_wp_cron=1749400560.1260890960693359375000 HTTP/1.1" 200 0 "-" "WordPress/6.8.1; https://reversevillain.com"
159.65.232.209 - - [08/Jun/2025:12:35:31 -0400] "POST //xmlrpc.php HTTP/1.1" 200 205 "-" "Mozilla/5.0 (Windows NT 10.0; Win64; x64) AppleWebKit/537.36 (KHTML, like Gecko) Chrome/89.0.4389.114 Safari/537.36"
139.59.58.126 - - [08/Jun/2025:12:35:31 -0400] "POST //xmlrpc.php HTTP/1.1" 200 205 "-" "Mozilla/5.0 (Windows NT 10.0; Win64; x64) AppleWebKit/537.36 (KHTML, like Gecko) Chrome/80.0.3987.149 Safari/537.36"
162.0.232.193 - - [08/Jun/2025:12:36:00 -0400] "POST /wp-admin/admin-ajax.php?action=async_litespeed&nonce=Q9Blsp8bBZLV6NuMCmbFMaQuSe4ybD5X&litespeed_type=imgoptm HTTP/1.1" 200 5 "-" "WordPress/6.8.1; https://reversevillain.com"
162.0.232.193 - - [08/Jun/2025:12:36:30 -0400] "POST /wp-cron.php?doing_wp_cron=1749400590.1417229175567626953125 HTTP/1.1" 200 0 "-" "WordPress/6.8.1; https://reversevillain.com"
139.59.58.126 - - [08/Jun/2025:12:36:01 -0400] "POST //xmlrpc.php HTTP/1.1" 200 205 "-" "Mozilla/5.0 (Windows NT 10.0; Win64; x64) AppleWebKit/537.36 (KHTML, like Gecko) Chrome/80.0.3987.149 Safari/537.36"
159.65.232.209 - - [08/Jun/2025:12:36:00 -0400] "POST //xmlrpc.php HTTP/1.1" 200 205 "-" "Mozilla/5.0 (Windows NT 10.0; Win64; x64) AppleWebKit/537.36 (KHTML, like Gecko) Chrome/89.0.4389.114 Safari/537.36"
159.65.232.209 - - [08/Jun/2025:12:36:31 -0400] "POST //xmlrpc.php HTTP/1.1" 200 205 "-" "Mozilla/5.0 (Windows NT 10.0; Win64; x64) AppleWebKit/537.36 (KHTML, like Gecko) Chrome/89.0.4389.114 Safari/537.36"
139.59.58.126 - - [08/Jun/2025:12:36:30 -0400] "POST //xmlrpc.php HTTP/1.1" 200 205 "-" "Mozilla/5.0 (Windows NT 10.0; Win64; x64) AppleWebKit/537.36 (KHTML, like Gecko) Chrome/80.0.3987.149 Safari/537.36"
162.0.232.193 - - [08/Jun/2025:12:37:30 -0400] "POST /wp-cron.php?doing_wp_cron=1749400650.2059040069580078125000 HTTP/1.1" 200 0 "-" "WordPress/6.8.1; https://reversevillain.com"
139.59.58.126 - - [08/Jun/2025:12:37:01 -0400] "POST //xmlrpc.php HTTP/1.1" 200 205 "-" "Mozilla/5.0 (Windows NT 10.0; Win64; x64) AppleWebKit/537.36 (KHTML, like Gecko) Chrome/80.0.3987.149 Safari/537.36"
159.65.232.209 - - [08/Jun/2025:12:37:01 -0400] "POST //xmlrpc.php HTTP/1.1" 200 205 "-" "Mozilla/5.0 (Windows NT 10.0; Win64; x64) AppleWebKit/537.36 (KHTML, like Gecko) Chrome/89.0.4389.114 Safari/537.36"
162.0.232.193 - - [08/Jun/2025:12:37:30 -0400] "POST /wp-admin/admin-ajax.php?action=async_litespeed&nonce=Ej92n2T3yobywoC8GleWWzT4vhrXLK1k&litespeed_type=imgoptm HTTP/1.1" 200 5 "-" "WordPress/6.8.1; https://reversevillain.com"
162.0.232.193 - - [08/Jun/2025:12:37:58 -0400] "POST /wp-cron.php?doing_wp_cron=1749400678.4858119487762451171875 HTTP/1.1" 200 0 "-" "WordPress/6.8.1; https://reversevillain.com"
66.249.66.44 - - [08/Jun/2025:12:37:58 -0400] "GET /reverse-villain-chapter-34/ HTTP/1.1" 200 9567 "-" "Mozilla/5.0 (Linux; Android 6.0.1; Nexus 5X Build/MMB29P) AppleWebKit/537.36 (KHTML, like Gecko) Chrome/136.0.7103.113 Mobile Safari/537.36 (compatible; Googlebot/2.1; +http://www.google.com/bot.html)"
162.0.232.193 - - [08/Jun/2025:12:37:59 -0400] "POST /wp-admin/admin-ajax.php?action=async_litespeed&nonce=fUp8rb0MCIHpyTNvmffHSH9s3uajySYU&litespeed_type=imgoptm HTTP/1.1" 200 5 "-" "WordPress/6.8.1; https://reversevillain.com"
159.65.232.209 - - [08/Jun/2025:12:37:30 -0400] "POST //xmlrpc.php HTTP/1.1" 200 205 "-" "Mozilla/5.0 (Windows NT 10.0; Win64; x64) AppleWebKit/537.36 (KHTML, like Gecko) Chrome/89.0.4389.114 Safari/537.36"
139.59.58.126 - - [08/Jun/2025:12:37:30 -0400] "POST //xmlrpc.php HTTP/1.1" 200 205 "-" "Mozilla/5.0 (Windows NT 10.0; Win64; x64) AppleWebKit/537.36 (KHTML, like Gecko) Chrome/80.0.3987.149 Safari/537.36"
139.59.58.126 - - [08/Jun/2025:12:38:01 -0400] "POST //xmlrpc.php HTTP/1.1" 200 205 "-" "Mozilla/5.0 (Windows NT 10.0; Win64; x64) AppleWebKit/537.36 (KHTML, like Gecko) Chrome/80.0.3987.149 Safari/537.36"
162.0.232.193 - - [08/Jun/2025:12:38:30 -0400] "POST /wp-cron.php?doing_wp_cron=1749400710.3203330039978027343750 HTTP/1.1" 200 0 "-" "WordPress/6.8.1; https://reversevillain.com"
159.65.232.209 - - [08/Jun/2025:12:38:01 -0400] "POST //xmlrpc.php HTTP/1.1" 200 205 "-" "Mozilla/5.0 (Windows NT 10.0; Win64; x64) AppleWebKit/537.36 (KHTML, like Gecko) Chrome/89.0.4389.114 Safari/537.36"
40.77.167.241 - - [08/Jun/2025:12:38:38 -0400] "GET /yureka-chapter-259/ HTTP/1.1" 301 0 "-" "Mozilla/5.0 AppleWebKit/537.36 (KHTML, like Gecko; compatible; bingbot/2.0; +http://www.bing.com/bingbot.htm) Chrome/116.0.1938.76 Safari/537.36"
139.59.58.126 - - [08/Jun/2025:12:38:30 -0400] "POST //xmlrpc.php HTTP/1.1" 200 205 "-" "Mozilla/5.0 (Windows NT 10.0; Win64; x64) AppleWebKit/537.36 (KHTML, like Gecko) Chrome/80.0.3987.149 Safari/537.36"
159.65.232.209 - - [08/Jun/2025:12:38:31 -0400] "POST //xmlrpc.php HTTP/1.1" 200 205 "-" "Mozilla/5.0 (Windows NT 10.0; Win64; x64) AppleWebKit/537.36 (KHTML, like Gecko) Chrome/89.0.4389.114 Safari/537.36"
139.59.58.126 - - [08/Jun/2025:12:38:46 -0400] "POST //xmlrpc.php HTTP/1.1" 200 205 "-" "Mozilla/5.0 (Windows NT 10.0; Win64; x64) AppleWebKit/537.36 (KHTML, like Gecko) Chrome/80.0.3987.149 Safari/537.36"
162.0.232.193 - - [08/Jun/2025:12:39:31 -0400] "POST /wp-cron.php?doing_wp_cron=1749400770.7941401004791259765625 HTTP/1.1" 200 0 "-" "WordPress/6.8.1; https://reversevillain.com"
159.65.232.209 - - [08/Jun/2025:12:39:00 -0400] "POST //xmlrpc.php HTTP/1.1" 200 205 "-" "Mozilla/5.0 (Windows NT 10.0; Win64; x64) AppleWebKit/537.36 (KHTML, like Gecko) Chrome/89.0.4389.114 Safari/537.36"
162.0.232.193 - - [08/Jun/2025:12:39:31 -0400] "POST /wp-admin/admin-ajax.php?action=async_litespeed&nonce=ZKWHZ6ETDOIxIVF8uybXKVGWM6aNEEPC&litespeed_type=imgoptm HTTP/1.1" 200 5 "-" "WordPress/6.8.1; https://reversevillain.com"
162.0.232.193 - - [08/Jun/2025:12:39:46 -0400] "POST /wp-cron.php?doing_wp_cron=1749400785.9820370674133300781250 HTTP/1.1" 200 0 "-" "WordPress/6.8.1; https://reversevillain.com"
139.59.58.126 - - [08/Jun/2025:12:39:15 -0400] "POST //xmlrpc.php HTTP/1.1" 200 205 "-" "Mozilla/5.0 (Windows NT 10.0; Win64; x64) AppleWebKit/537.36 (KHTML, like Gecko) Chrome/80.0.3987.149 Safari/537.36"
162.0.232.193 - - [08/Jun/2025:12:40:00 -0400] "POST /wp-cron.php?doing_wp_cron=1749400800.4975728988647460937500 HTTP/1.1" 200 0 "-" "WordPress/6.8.1; https://reversevillain.com"
159.65.232.209 - - [08/Jun/2025:12:39:31 -0400] "POST //xmlrpc.php HTTP/1.1" 200 205 "-" "Mozilla/5.0 (Windows NT 10.0; Win64; x64) AppleWebKit/537.36 (KHTML, like Gecko) Chrome/89.0.4389.114 Safari/537.36"
162.0.232.193 - - [08/Jun/2025:12:40:01 -0400] "POST /wp-admin/admin-ajax.php?action=async_litespeed&nonce=OpzTvIZJQtPg6s0OH0NPKsurKgiGginX&litespeed_type=imgoptm HTTP/1.1" 200 5 "-" "WordPress/6.8.1; https://reversevillain.com"
139.59.58.126 - - [08/Jun/2025:12:39:46 -0400] "POST //xmlrpc.php HTTP/1.1" 200 205 "-" "Mozilla/5.0 (Windows NT 10.0; Win64; x64) AppleWebKit/537.36 (KHTML, like Gecko) Chrome/80.0.3987.149 Safari/537.36"
162.0.232.193 - - [08/Jun/2025:12:40:30 -0400] "POST /wp-cron.php?doing_wp_cron=1749400830.1516139507293701171875 HTTP/1.1" 200 0 "-" "WordPress/6.8.1; https://reversevillain.com"
159.65.232.209 - - [08/Jun/2025:12:40:01 -0400] "POST //xmlrpc.php HTTP/1.1" 200 205 "-" "Mozilla/5.0 (Windows NT 10.0; Win64; x64) AppleWebKit/537.36 (KHTML, like Gecko) Chrome/89.0.4389.114 Safari/537.36"
139.59.58.126 - - [08/Jun/2025:12:40:16 -0400] "POST //xmlrpc.php HTTP/1.1" 200 205 "-" "Mozilla/5.0 (Windows NT 10.0; Win64; x64) AppleWebKit/537.36 (KHTML, like Gecko) Chrome/80.0.3987.149 Safari/537.36"
159.65.232.209 - - [08/Jun/2025:12:40:30 -0400] "POST //xmlrpc.php HTTP/1.1" 200 205 "-" "Mozilla/5.0 (Windows NT 10.0; Win64; x64) AppleWebKit/537.36 (KHTML, like Gecko) Chrome/89.0.4389.114 Safari/537.36"
139.59.58.126 - - [08/Jun/2025:12:40:45 -0400] "POST //xmlrpc.php HTTP/1.1" 200 205 "-" "Mozilla/5.0 (Windows NT 10.0; Win64; x64) AppleWebKit/537.36 (KHTML, like Gecko) Chrome/80.0.3987.149 Safari/537.36"
162.0.232.193 - - [08/Jun/2025:12:41:30 -0400] "POST /wp-cron.php?doing_wp_cron=1749400890.7060561180114746093750 HTTP/1.1" 200 0 "-" "WordPress/6.8.1; https://reversevillain.com"
