2600:1006:b175:ebaf:b9f9:e7ad:bb08:deb - - [09/Jun/2025:01:53:25 -0400] "GET /reverse-villain-chapter-1/ HTTP/1.1" 200 9532 "https://reversevillain.com/" "Mozilla/5.0 (iPhone; CPU iPhone OS 18_3_2 like Mac OS X) AppleWebKit/605.1.15 (KHTML, like Gecko) Version/18.3.1 Mobile/15E148 Safari/604.1"
2600:1006:b175:ebaf:b9f9:e7ad:bb08:deb - - [09/Jun/2025:01:53:25 -0400] "GET /wp-content/plugins/simple-social-buttons/assets/js/frontend-blocks.js?ver=5.3.1 HTTP/1.1" 304 0 "https://reversevillain.com/reverse-villain-chapter-1/" "Mozilla/5.0 (iPhone; CPU iPhone OS 18_3_2 like Mac OS X) AppleWebKit/605.1.15 (KHTML, like Gecko) Version/18.3.1 Mobile/15E148 Safari/604.1"
2600:1006:b175:ebaf:b9f9:e7ad:bb08:deb - - [09/Jun/2025:01:53:25 -0400] "GET /wp-includes/js/jquery/jquery.min.js?ver=3.7.1 HTTP/1.1" 304 0 "https://reversevillain.com/reverse-villain-chapter-1/" "Mozilla/5.0 (iPhone; CPU iPhone OS 18_3_2 like Mac OS X) AppleWebKit/605.1.15 (KHTML, like Gecko) Version/18.3.1 Mobile/15E148 Safari/604.1"
2600:1006:b175:ebaf:b9f9:e7ad:bb08:deb - - [09/Jun/2025:01:53:25 -0400] "GET /wp-includes/js/jquery/jquery-migrate.min.js?ver=3.4.1 HTTP/1.1" 304 0 "https://reversevillain.com/reverse-villain-chapter-1/" "Mozilla/5.0 (iPhone; CPU iPhone OS 18_3_2 like Mac OS X) AppleWebKit/605.1.15 (KHTML, like Gecko) Version/18.3.1 Mobile/15E148 Safari/604.1"
2600:1006:b175:ebaf:b9f9:e7ad:bb08:deb - - [09/Jun/2025:01:53:25 -0400] "GET /wp-content/plugins/simple-social-buttons/assets/js/front.js?ver=5.3.1 HTTP/1.1" 304 0 "https://reversevillain.com/reverse-villain-chapter-1/" "Mozilla/5.0 (iPhone; CPU iPhone OS 18_3_2 like Mac OS X) AppleWebKit/605.1.15 (KHTML, like Gecko) Version/18.3.1 Mobile/15E148 Safari/604.1"
2600:1006:b175:ebaf:b9f9:e7ad:bb08:deb - - [09/Jun/2025:01:53:25 -0400] "GET /wp-content/plugins/wp-automatic/js/main-front.js?ver=6.8.1 HTTP/1.1" 304 0 "https://reversevillain.com/reverse-villain-chapter-1/" "Mozilla/5.0 (iPhone; CPU iPhone OS 18_3_2 like Mac OS X) AppleWebKit/605.1.15 (KHTML, like Gecko) Version/18.3.1 Mobile/15E148 Safari/604.1"
2600:1006:b175:ebaf:b9f9:e7ad:bb08:deb - - [09/Jun/2025:01:53:25 -0400] "GET /wp-content/plugins/comic-easel/js/keynav.js HTTP/1.1" 304 0 "https://reversevillain.com/reverse-villain-chapter-1/" "Mozilla/5.0 (iPhone; CPU iPhone OS 18_3_2 like Mac OS X) AppleWebKit/605.1.15 (KHTML, like Gecko) Version/18.3.1 Mobile/15E148 Safari/604.1"
2600:1006:b175:ebaf:b9f9:e7ad:bb08:deb - - [09/Jun/2025:01:53:25 -0400] "GET /wp-content/plugins/disqus-comment-system/public/js/comment_count.js?ver=3.1.2 HTTP/1.1" 304 0 "https://reversevillain.com/reverse-villain-chapter-1/" "Mozilla/5.0 (iPhone; CPU iPhone OS 18_3_2 like Mac OS X) AppleWebKit/605.1.15 (KHTML, like Gecko) Version/18.3.1 Mobile/15E148 Safari/604.1"
2600:1006:b175:ebaf:b9f9:e7ad:bb08:deb - - [09/Jun/2025:01:53:25 -0400] "GET /wp-content/themes/toivo-lite/js/functions.min.js?ver=1.2.0 HTTP/1.1" 304 0 "https://reversevillain.com/reverse-villain-chapter-1/" "Mozilla/5.0 (iPhone; CPU iPhone OS 18_3_2 like Mac OS X) AppleWebKit/605.1.15 (KHTML, like Gecko) Version/18.3.1 Mobile/15E148 Safari/604.1"
2600:1006:b175:ebaf:b9f9:e7ad:bb08:deb - - [09/Jun/2025:01:53:25 -0400] "GET /wp-includes/js/comment-reply.min.js?ver=6.8.1 HTTP/1.1" 304 0 "https://reversevillain.com/reverse-villain-chapter-1/" "Mozilla/5.0 (iPhone; CPU iPhone OS 18_3_2 like Mac OS X) AppleWebKit/605.1.15 (KHTML, like Gecko) Version/18.3.1 Mobile/15E148 Safari/604.1"
2600:1006:b175:ebaf:b9f9:e7ad:bb08:deb - - [09/Jun/2025:01:53:25 -0400] "GET /wp-content/themes/toivo-lite/js/settings.min.js?ver=1.2.0 HTTP/1.1" 304 0 "https://reversevillain.com/reverse-villain-chapter-1/" "Mozilla/5.0 (iPhone; CPU iPhone OS 18_3_2 like Mac OS X) AppleWebKit/605.1.15 (KHTML, like Gecko) Version/18.3.1 Mobile/15E148 Safari/604.1"
2600:1006:b175:ebaf:b9f9:e7ad:bb08:deb - - [09/Jun/2025:01:53:25 -0400] "GET /wp-content/themes/toivo-lite/js/responsive-nav.min.js?ver=1.2.0 HTTP/1.1" 304 0 "https://reversevillain.com/reverse-villain-chapter-1/" "Mozilla/5.0 (iPhone; CPU iPhone OS 18_3_2 like Mac OS X) AppleWebKit/605.1.15 (KHTML, like Gecko) Version/18.3.1 Mobile/15E148 Safari/604.1"
2600:1006:b175:ebaf:b9f9:e7ad:bb08:deb - - [09/Jun/2025:01:53:25 -0400] "GET /wp-content/plugins/disqus-comment-system/public/js/comment_embed.js?ver=3.1.2 HTTP/1.1" 304 0 "https://reversevillain.com/reverse-villain-chapter-1/" "Mozilla/5.0 (iPhone; CPU iPhone OS 18_3_2 like Mac OS X) AppleWebKit/605.1.15 (KHTML, like Gecko) Version/18.3.1 Mobile/15E148 Safari/604.1"
2600:1006:b175:ebaf:b9f9:e7ad:bb08:deb - - [09/Jun/2025:01:53:26 -0400] "GET /wp-content/plugins/simple-social-buttons/assets/fonts/ssb-icon.ttf?eahqa2 HTTP/1.1" 200 6624 "https://reversevillain.com/reverse-villain-chapter-1/" "Mozilla/5.0 (iPhone; CPU iPhone OS 18_3_2 like Mac OS X) AppleWebKit/605.1.15 (KHTML, like Gecko) Version/18.3.1 Mobile/15E148 Safari/604.1"
162.0.232.193 - - [09/Jun/2025:01:54:22 -0400] "POST /wp-cron.php?doing_wp_cron=1749448462.3278241157531738281250 HTTP/1.1" 200 0 "-" "WordPress/6.8.1; https://reversevillain.com"
66.249.66.32 - - [09/Jun/2025:01:41:46 -0400] "GET /robots.txt HTTP/1.1" 301 0 "-" "Mozilla/5.0 (compatible; Googlebot/2.1; +http://www.google.com/bot.html)"
66.249.66.76 - - [09/Jun/2025:01:41:47 -0400] "GET /robots.txt HTTP/1.1" 304 0 "-" "Mozilla/5.0 (compatible; Googlebot/2.1; +http://www.google.com/bot.html)"
162.0.232.193 - - [09/Jun/2025:01:41:49 -0400] "POST /wp-cron.php?doing_wp_cron=1749447708.8071279525756835937500 HTTP/1.1" 200 0 "-" "WordPress/6.8.1; https://reversevillain.com"
66.249.66.44 - - [09/Jun/2025:01:41:47 -0400] "GET / HTTP/1.1" 301 0 "-" "Mozilla/5.0 (Linux; Android 6.0.1; Nexus 5X Build/MMB29P) AppleWebKit/537.36 (KHTML, like Gecko) Chrome/136.0.7103.113 Mobile Safari/537.36 (compatible; Googlebot/2.1; +http://www.google.com/bot.html)"
66.249.66.168 - - [09/Jun/2025:01:41:49 -0400] "GET / HTTP/1.1" 200 9390 "-" "Mozilla/5.0 (Linux; Android 6.0.1; Nexus 5X Build/MMB29P) AppleWebKit/537.36 (KHTML, like Gecko) Chrome/136.0.7103.113 Mobile Safari/537.36 (compatible; Googlebot/2.1; +http://www.google.com/bot.html)"
17.241.219.199 - - [09/Jun/2025:01:42:03 -0400] "GET /manga/berserk-of-gluttony-chapter-67-hausen-restored/ HTTP/1.1" 200 10441 "-" "Mozilla/5.0 (Macintosh; Intel Mac OS X 10_15_7) AppleWebKit/605.1.15 (KHTML, like Gecko) Version/17.4 Safari/605.1.15 (Applebot/0.1; +http://www.apple.com/go/applebot)"
162.0.232.193 - - [09/Jun/2025:01:43:47 -0400] "POST /wp-cron.php?doing_wp_cron=1749447827.7364981174468994140625 HTTP/1.1" 200 0 "-" "WordPress/6.8.1; https://reversevillain.com"
159.65.232.209 - - [09/Jun/2025:01:43:42 -0400] "POST /wp-login.php HTTP/1.1" 200 2132 "-" "Mozilla/5.0"
162.0.232.193 - - [09/Jun/2025:01:43:48 -0400] "POST /wp-admin/admin-ajax.php?action=async_litespeed&nonce=vHlQwyWr3M7unZO9putJ5Im0STCLBLmb&litespeed_type=imgoptm HTTP/1.1" 200 5 "-" "WordPress/6.8.1; https://reversevillain.com"
162.0.232.193 - - [09/Jun/2025:01:46:26 -0400] "POST /wp-cron.php?doing_wp_cron=1749447986.6104710102081298828125 HTTP/1.1" 200 0 "-" "WordPress/6.8.1; https://reversevillain.com"
43.166.134.47 - - [09/Jun/2025:01:46:25 -0400] "GET /?p=1513 HTTP/1.1" 301 0 "-" "Mozilla/5.0 (iPhone; CPU iPhone OS 13_2_3 like Mac OS X) AppleWebKit/605.1.15 (KHTML, like Gecko) Version/13.0.3 Mobile/15E148 Safari/604.1"
162.0.232.193 - - [09/Jun/2025:01:46:27 -0400] "POST /wp-admin/admin-ajax.php?action=async_litespeed&nonce=vgGu8HY7Tmmn395S1qeTa0VKHeMwcfd7&litespeed_type=imgoptm HTTP/1.1" 200 5 "-" "WordPress/6.8.1; https://reversevillain.com"
43.166.134.47 - - [09/Jun/2025:01:46:33 -0400] "GET /reverse-villain-chapter-40/ HTTP/1.1" 200 9572 "https://reversevillain.com/?p=1513" "Mozilla/5.0 (iPhone; CPU iPhone OS 13_2_3 like Mac OS X) AppleWebKit/605.1.15 (KHTML, like Gecko) Version/13.0.3 Mobile/15E148 Safari/604.1"
156.59.198.135 - - [09/Jun/2025:01:54:22 -0400] "GET /reverse-villain/page/2/%7B%22data-original-href%22:%22https://blogger.googleusercontent.com/img/b/R29vZ2xl/AVvXsEj4VUZPw125V5zI3knQ4XgaiLG7zn9NKkp1P-0hRCraKGigUZX-tUd-1eosIID1KyBQraEt9pugpUyWXnj2w8gXM7oIoy0x52r9Coj51RWmk1iM6ZuXeXn4Vkc6cERTHiyKPAOfY8QhgLJ-eyAbC962zzozY9peskevLu6LJYgWoxj0Tem-LowWILYB/s1600/33.jpg%22,%22style%22:%22%22%7D HTTP/1.1" 301 0 "-" "Mozilla/5.0 (Linux; Android 5.0) AppleWebKit/537.36 (KHTML, like Gecko) Mobile Safari/537.36 (compatible; Bytespider; [email protected])"
162.0.232.193 - - [09/Jun/2025:01:54:22 -0400] "POST /wp-admin/admin-ajax.php?action=async_litespeed&nonce=Rs24z8MgO8vKTX63QiTX6wDMP7tue0iO&litespeed_type=imgoptm HTTP/1.1" 200 5 "-" "WordPress/6.8.1; https://reversevillain.com"
2602:ffe4:8:1001::4 - - [09/Jun/2025:01:54:23 -0400] "GET / HTTP/1.1" 200 9390 "https://reversevillain.com/reverse-villain/page/2/%7B%22data-original-href%22:%22https://blogger.googleusercontent.com/img/b/R29vZ2xl/AVvXsEj4VUZPw125V5zI3knQ4XgaiLG7zn9NKkp1P-0hRCraKGigUZX-tUd-1eosIID1KyBQraEt9pugpUyWXnj2w8gXM7oIoy0x52r9Coj51RWmk1iM6ZuXeXn4Vkc6cERTHiyKPAOfY8QhgLJ-eyAbC962zzozY9peskevLu6LJYgWoxj0Tem-LowWILYB/s1600/33.jpg%22,%22style%22:%22%22%7D" "Mozilla/5.0 (Linux; Android 5.0) AppleWebKit/537.36 (KHTML, like Gecko) Mobile Safari/537.36 (compatible; Bytespider; [email protected])"
162.0.232.193 - - [09/Jun/2025:01:57:16 -0400] "POST /wp-cron.php?doing_wp_cron=1749448636.0149900913238525390625 HTTP/1.1" 200 0 "-" "WordPress/6.8.1; https://reversevillain.com"
64.227.169.195 - - [09/Jun/2025:01:57:14 -0400] "POST /wp-login.php HTTP/1.1" 200 2130 "-" "Mozilla/5.0"
162.0.232.193 - - [09/Jun/2025:01:59:29 -0400] "POST /wp-cron.php?doing_wp_cron=1749448769.2872750759124755859375 HTTP/1.1" 200 0 "-" "WordPress/6.8.1; https://reversevillain.com"
43.166.128.187 - - [09/Jun/2025:01:59:27 -0400] "GET /wp-json/oembed/1.0/embed?url=https%3A%2F%2Freversevillain.com%2Freverse-villain-chapter-40%2F HTTP/1.1" 200 2375 "-" "Mozilla/5.0 (iPhone; CPU iPhone OS 13_2_3 like Mac OS X) AppleWebKit/605.1.15 (KHTML, like Gecko) Version/13.0.3 Mobile/15E148 Safari/604.1"
162.0.232.193 - - [09/Jun/2025:01:59:29 -0400] "POST /wp-admin/admin-ajax.php?action=async_litespeed&nonce=OPzPVNcqAesmOKQk387KTGeodnNSxYFb&litespeed_type=imgoptm HTTP/1.1" 200 5 "-" "WordPress/6.8.1; https://reversevillain.com"
162.0.232.193 - - [09/Jun/2025:02:06:35 -0400] "POST /wp-cron.php?doing_wp_cron=1749449194.8797900676727294921875 HTTP/1.1" 200 0 "-" "WordPress/6.8.1; https://reversevillain.com"
202.76.162.153 - - [09/Jun/2025:02:06:33 -0400] "GET /one-piece-manga-chapter-1060-2/ HTTP/1.1" 301 0 "-" "Mozilla/5.0 (X11; Linux i686; rv:2.0b10) Gecko/20100101 Firefox/4.0b10"
162.0.232.193 - - [09/Jun/2025:02:06:35 -0400] "POST /wp-admin/admin-ajax.php?action=async_litespeed&nonce=Lkt4T14xtLyXS24bLtsKFRfGbaiQ2GFW&litespeed_type=imgoptm HTTP/1.1" 200 5 "-" "WordPress/6.8.1; https://reversevillain.com"
146.174.172.33 - - [09/Jun/2025:02:06:36 -0400] "GET / HTTP/1.1" 200 9390 "-" "Mozilla/5.0 (X11; Linux i686; rv:2.0b10) Gecko/20100101 Firefox/4.0b10"
47.128.35.51 - - [09/Jun/2025:02:06:50 -0400] "GET / HTTP/1.1" 200 9390 "-" "Mozilla/5.0 (Linux; Android 5.0) AppleWebKit/537.36 (KHTML, like Gecko) Mobile Safari/537.36 (compatible; Bytespider; [email protected])"
162.0.232.193 - - [09/Jun/2025:02:09:53 -0400] "POST /wp-cron.php?doing_wp_cron=1749449393.3918659687042236328125 HTTP/1.1" 200 0 "-" "WordPress/6.8.1; https://reversevillain.com"
47.128.121.86 - - [09/Jun/2025:02:09:51 -0400] "GET /a-mans-man-chapter-130/ HTTP/1.1" 301 0 "-" "Mozilla/5.0 (Linux; Android 5.0) AppleWebKit/537.36 (KHTML, like Gecko) Mobile Safari/537.36 (compatible; TikTokSpider; [email protected])"
47.128.121.86 - - [09/Jun/2025:02:09:53 -0400] "GET / HTTP/1.1" 200 9390 "-" "Mozilla/5.0 (Linux; Android 5.0) AppleWebKit/537.36 (KHTML, like Gecko) Mobile Safari/537.36 (compatible; TikTokSpider; [email protected])"
162.0.232.193 - - [09/Jun/2025:02:09:54 -0400] "POST /wp-admin/admin-ajax.php?action=async_litespeed&nonce=XAlk1D4IFydi9sciaFYdSdX3jHLxRvhV&litespeed_type=imgoptm HTTP/1.1" 200 5 "-" "WordPress/6.8.1; https://reversevillain.com"
165.227.68.71 - - [09/Jun/2025:02:09:57 -0400] "GET /wp-content/plugins/litespeed-cache/readme.txt HTTP/1.1" 200 10548 "-" "Mozlila/5.0 (Linux; Android 7.0; SM-G892A Bulid/NRD90M; wv) AppleWebKit/537.36 (KHTML, like Gecko) Version/4.0 Chrome/60.0.3112.107 Moblie Safari/537.36"
170.106.11.6 - - [09/Jun/2025:02:10:11 -0400] "GET /wp-json/wp/v2/posts/1518 HTTP/1.1" 200 10387 "-" "Mozilla/5.0 (iPhone; CPU iPhone OS 13_2_3 like Mac OS X) AppleWebKit/605.1.15 (KHTML, like Gecko) Version/13.0.3 Mobile/15E148 Safari/604.1"
162.0.232.193 - - [09/Jun/2025:02:10:54 -0400] "POST /wp-cron.php?doing_wp_cron=1749449453.9793789386749267578125 HTTP/1.1" 200 0 "-" "WordPress/6.8.1; https://reversevillain.com"
47.128.121.133 - - [09/Jun/2025:02:10:53 -0400] "GET /namida-ame-to-serenade-chapter-55/ HTTP/1.1" 301 0 "-" "Mozilla/5.0 (Linux; Android 5.0) AppleWebKit/537.36 (KHTML, like Gecko) Mobile Safari/537.36 (compatible; TikTokSpider; [email protected])"
47.128.121.133 - - [09/Jun/2025:02:10:54 -0400] "GET / HTTP/1.1" 200 9390 "-" "Mozilla/5.0 (Linux; Android 5.0) AppleWebKit/537.36 (KHTML, like Gecko) Mobile Safari/537.36 (compatible; TikTokSpider; [email protected])"
162.0.232.193 - - [09/Jun/2025:02:10:54 -0400] "POST /wp-admin/admin-ajax.php?action=async_litespeed&nonce=njOI94NnN6ihwNZ4rS6KLHtXnWXSuwEM&litespeed_type=imgoptm HTTP/1.1" 200 5 "-" "WordPress/6.8.1; https://reversevillain.com"
103.131.71.19 - - [09/Jun/2025:02:12:15 -0400] "GET /robots.txt HTTP/1.1" 304 0 "-" "Mozilla/5.0 (compatible; coccocbot-image/1.0; +http://help.coccoc.com/searchengine)"
103.131.71.36 - - [09/Jun/2025:02:12:58 -0400] "GET /wp-content/uploads/2024/02/9241cb9aeeaab1cd315f26ebf3104065-522x1024.jpg HTTP/1.1" 200 74937 "-" "Mozilla/5.0 (compatible; coccocbot-image/1.0; +http://help.coccoc.com/searchengine)"
162.0.232.193 - - [09/Jun/2025:02:13:00 -0400] "POST /wp-cron.php?doing_wp_cron=1749449580.3843200206756591796875 HTTP/1.1" 200 0 "-" "WordPress/6.8.1; https://reversevillain.com"
40.77.167.25 - - [09/Jun/2025:02:12:59 -0400] "GET /king-golf-chapter-158/ HTTP/1.1" 301 0 "-" "Mozilla/5.0 AppleWebKit/537.36 (KHTML, like Gecko; compatible; bingbot/2.0; +http://www.bing.com/bingbot.htm) Chrome/116.0.1938.76 Safari/537.36"
47.239.170.34 - - [09/Jun/2025:02:14:28 -0400] "HEAD /reverse-villain-chapter-110 HTTP/1.1" 301 0 "-" "Mozilla/5.0 (Windows NT 6.3; Win64; x64) AppleWebKit/537.36 (KHTML, like Gecko) Chrome/72.0.2611.185 Safari/537.36"
47.239.171.45 - - [09/Jun/2025:02:14:28 -0400] "HEAD / HTTP/1.1" 200 0 "-" "Mozilla/5.0 (Windows NT 10.0; Win64; x64) AppleWebKit/537.36 (KHTML, like Gecko) Chrome/61.0.2376.157 Safari/537.36"
47.239.170.34 - - [09/Jun/2025:02:14:28 -0400] "HEAD /reverse-villain-chapter-1 HTTP/1.1" 301 0 "-" "Mozilla/5.0 (Windows NT 10.0; Win64; x64) AppleWebKit/537.36 (KHTML, like Gecko) Chrome/76.0.3067.60 Safari/537.36"
47.239.170.120 - - [09/Jun/2025:02:14:28 -0400] "HEAD /popular-manga HTTP/1.1" 301 0 "-" "Mozilla/5.0 (Windows NT 6.3; Win64; x64) AppleWebKit/537.36 (KHTML, like Gecko) Chrome/65.0.2708.28 Safari/537.36"
47.239.170.34 - - [09/Jun/2025:02:14:28 -0400] "HEAD /reverse-villain-chapter-110/ HTTP/1.1" 200 0 "-" "Mozilla/5.0 (Windows NT 6.3; Win64; x64) AppleWebKit/537.36 (KHTML, like Gecko) Chrome/72.0.2611.185 Safari/537.36"
47.239.171.45 - - [09/Jun/2025:02:14:28 -0400] "GET / HTTP/1.1" 200 9390 "-" "Mozilla/5.0 (Windows NT 10.0; Win64; x64) AppleWebKit/537.36 (KHTML, like Gecko) Chrome/61.0.2376.157 Safari/537.36"
47.239.170.34 - - [09/Jun/2025:02:14:28 -0400] "HEAD /reverse-villain-chapter-1/ HTTP/1.1" 200 0 "-" "Mozilla/5.0 (Windows NT 10.0; Win64; x64) AppleWebKit/537.36 (KHTML, like Gecko) Chrome/76.0.3067.60 Safari/537.36"
47.239.170.120 - - [09/Jun/2025:02:14:28 -0400] "HEAD /popular-manga/ HTTP/1.1" 200 0 "-" "Mozilla/5.0 (Windows NT 6.3; Win64; x64) AppleWebKit/537.36 (KHTML, like Gecko) Chrome/65.0.2708.28 Safari/537.36"
47.239.170.34 - - [09/Jun/2025:02:14:28 -0400] "GET /reverse-villain-chapter-110 HTTP/1.1" 301 0 "-" "Mozilla/5.0 (Windows NT 6.3; Win64; x64) AppleWebKit/537.36 (KHTML, like Gecko) Chrome/72.0.2611.185 Safari/537.36"
47.239.170.34 - - [09/Jun/2025:02:14:28 -0400] "GET /reverse-villain-chapter-1 HTTP/1.1" 301 0 "-" "Mozilla/5.0 (Windows NT 10.0; Win64; x64) AppleWebKit/537.36 (KHTML, like Gecko) Chrome/76.0.3067.60 Safari/537.36"
47.239.170.120 - - [09/Jun/2025:02:14:28 -0400] "GET /popular-manga HTTP/1.1" 301 0 "-" "Mozilla/5.0 (Windows NT 6.3; Win64; x64) AppleWebKit/537.36 (KHTML, like Gecko) Chrome/65.0.2708.28 Safari/537.36"
47.239.170.34 - - [09/Jun/2025:02:14:28 -0400] "GET /reverse-villain-chapter-1/ HTTP/1.1" 200 9532 "-" "Mozilla/5.0 (Windows NT 10.0; Win64; x64) AppleWebKit/537.36 (KHTML, like Gecko) Chrome/76.0.3067.60 Safari/537.36"
47.239.170.34 - - [09/Jun/2025:02:14:28 -0400] "GET /reverse-villain-chapter-110/ HTTP/1.1" 200 9956 "-" "Mozilla/5.0 (Windows NT 6.3; Win64; x64) AppleWebKit/537.36 (KHTML, like Gecko) Chrome/72.0.2611.185 Safari/537.36"
47.239.170.120 - - [09/Jun/2025:02:14:28 -0400] "GET /popular-manga/ HTTP/1.1" 200 8566 "-" "Mozilla/5.0 (Windows NT 6.3; Win64; x64) AppleWebKit/537.36 (KHTML, like Gecko) Chrome/65.0.2708.28 Safari/537.36"
162.0.232.193 - - [09/Jun/2025:02:14:44 -0400] "POST /wp-cron.php?doing_wp_cron=1749449683.9213669300079345703125 HTTP/1.1" 200 0 "-" "WordPress/6.8.1; https://reversevillain.com"
47.128.122.133 - - [09/Jun/2025:02:14:42 -0400] "GET /ore-no-genjitsu-wa-renai-game-chapter-68-2/ HTTP/1.1" 301 0 "-" "Mozilla/5.0 (Linux; Android 5.0) AppleWebKit/537.36 (KHTML, like Gecko) Mobile Safari/537.36 (compatible; TikTokSpider; [email protected])"
47.128.122.133 - - [09/Jun/2025:02:14:44 -0400] "GET / HTTP/1.1" 200 9390 "-" "Mozilla/5.0 (Linux; Android 5.0) AppleWebKit/537.36 (KHTML, like Gecko) Mobile Safari/537.36 (compatible; TikTokSpider; [email protected])"
162.0.232.193 - - [09/Jun/2025:02:14:44 -0400] "POST /wp-admin/admin-ajax.php?action=async_litespeed&nonce=gdnLJtiywtMSTqZFBV4FojbttQqOCwT7&litespeed_type=imgoptm HTTP/1.1" 200 5 "-" "WordPress/6.8.1; https://reversevillain.com"
54.36.148.65 - - [09/Jun/2025:02:17:08 -0400] "GET /robots.txt HTTP/1.1" 200 113 "-" "Mozilla/5.0 (compatible; AhrefsBot/7.0; +http://ahrefs.com/robot/)"
77.23.80.53 - - [09/Jun/2025:02:17:11 -0400] "GET /wp-content/uploads/2022/02/cropped-download-180x180.jpeg HTTP/1.1" 301 0 "-" "Dalvik/2.1.0 (Linux; U; Android 14; SM-A556B Build/UP1A.231005.007)"
162.0.232.193 - - [09/Jun/2025:02:17:11 -0400] "POST /wp-cron.php?doing_wp_cron=1749449831.1187729835510253906250 HTTP/1.1" 200 0 "-" "WordPress/6.8.1; https://reversevillain.com"
51.222.253.7 - - [09/Jun/2025:02:17:09 -0400] "GET /sitemap_index.xml HTTP/1.1" 200 343 "-" "Mozilla/5.0 (compatible; AhrefsBot/7.0; +http://ahrefs.com/robot/)"
77.23.80.53 - - [09/Jun/2025:02:17:11 -0400] "GET / HTTP/1.1" 200 9390 "-" "Dalvik/2.1.0 (Linux; U; Android 14; SM-A556B Build/UP1A.231005.007)"
162.0.232.193 - - [09/Jun/2025:02:17:11 -0400] "POST /wp-admin/admin-ajax.php?action=async_litespeed&nonce=2S7URP3RWGYJWdxFrCNZKzgMyUKoC1Lu&litespeed_type=imgoptm HTTP/1.1" 200 5 "-" "WordPress/6.8.1; https://reversevillain.com"
51.222.253.11 - - [09/Jun/2025:02:17:12 -0400] "GET /post-sitemap.xml HTTP/1.1" 200 820 "-" "Mozilla/5.0 (compatible; AhrefsBot/7.0; +http://ahrefs.com/robot/)"
51.222.253.9 - - [09/Jun/2025:02:17:16 -0400] "GET /page-sitemap.xml HTTP/1.1" 200 505 "-" "Mozilla/5.0 (compatible; AhrefsBot/7.0; +http://ahrefs.com/robot/)"
51.222.253.13 - - [09/Jun/2025:02:17:18 -0400] "GET /comic-sitemap.xml HTTP/1.1" 200 1347 "-" "Mozilla/5.0 (compatible; AhrefsBot/7.0; +http://ahrefs.com/robot/)"
51.222.253.14 - - [09/Jun/2025:02:17:20 -0400] "GET /category-sitemap.xml HTTP/1.1" 200 371 "-" "Mozilla/5.0 (compatible; AhrefsBot/7.0; +http://ahrefs.com/robot/)"
51.222.253.3 - - [09/Jun/2025:02:17:23 -0400] "GET /post_tag-sitemap.xml HTTP/1.1" 200 368 "-" "Mozilla/5.0 (compatible; AhrefsBot/7.0; +http://ahrefs.com/robot/)"
51.222.253.18 - - [09/Jun/2025:02:17:24 -0400] "GET /author-sitemap.xml HTTP/1.1" 200 343 "-" "Mozilla/5.0 (compatible; AhrefsBot/7.0; +http://ahrefs.com/robot/)"
139.59.58.126 - - [09/Jun/2025:02:19:26 -0400] "GET /wp-admin/css/ HTTP/1.1" 200 3139 "binance.com" "Mozilla/5.0 (Windows NT 10.0; Win64; x64) AppleWebKit/537.36 (KHTML, like Gecko) Chrome/90.0.4430.85 Safari/537.36"
139.59.58.126 - - [09/Jun/2025:02:19:35 -0400] "GET /wp-content/uploads/2025/06/ HTTP/1.1" 200 555 "binance.com" "Mozilla/5.0 (Windows NT 10.0; Win64; x64) AppleWebKit/537.36 (KHTML, like Gecko) Chrome/90.0.4430.85 Safari/537.36"
139.59.58.126 - - [09/Jun/2025:02:19:44 -0400] "GET /wp-content/uploads/2025/05/ HTTP/1.1" 200 555 "binance.com" "Mozilla/5.0 (Windows NT 10.0; Win64; x64) AppleWebKit/537.36 (KHTML, like Gecko) Chrome/90.0.4430.85 Safari/537.36"
139.59.58.126 - - [09/Jun/2025:02:19:54 -0400] "GET /wp-content/uploads/ HTTP/1.1" 200 1167 "binance.com" "Mozilla/5.0 (Windows NT 10.0; Win64; x64) AppleWebKit/537.36 (KHTML, like Gecko) Chrome/90.0.4430.85 Safari/537.36"
139.59.58.126 - - [09/Jun/2025:02:20:02 -0400] "GET /wp-content/upgrade/ HTTP/1.1" 200 548 "binance.com" "Mozilla/5.0 (Windows NT 10.0; Win64; x64) AppleWebKit/537.36 (KHTML, like Gecko) Chrome/90.0.4430.85 Safari/537.36"
162.0.232.193 - - [09/Jun/2025:02:20:05 -0400] "POST /wp-cron.php?doing_wp_cron=1749450004.7795341014862060546875 HTTP/1.1" 200 0 "-" "WordPress/6.8.1; https://reversevillain.com"
43.130.72.177 - - [09/Jun/2025:02:20:02 -0400] "GET /wp-json/oembed/1.0/embed?url=https%3A%2F%2Freversevillain.com%2Freverse-villain-chapter-25%2F HTTP/1.1" 200 2375 "-" "Mozilla/5.0 (iPhone; CPU iPhone OS 13_2_3 like Mac OS X) AppleWebKit/605.1.15 (KHTML, like Gecko) Version/13.0.3 Mobile/15E148 Safari/604.1"
139.59.58.126 - - [09/Jun/2025:02:20:11 -0400] "GET /wp-content/languages/ HTTP/1.1" 200 3255 "binance.com" "Mozilla/5.0 (Windows NT 10.0; Win64; x64) AppleWebKit/537.36 (KHTML, like Gecko) Chrome/90.0.4430.85 Safari/537.36"
139.59.58.126 - - [09/Jun/2025:02:20:20 -0400] "GET /wp-content/languages/ HTTP/1.1" 200 3255 "binance.com" "Mozilla/5.0 (Windows NT 10.0; Win64; x64) AppleWebKit/537.36 (KHTML, like Gecko) Chrome/90.0.4430.85 Safari/537.36"
139.59.58.126 - - [09/Jun/2025:02:20:34 -0400] "GET /wp-content/languages/admin-it_IT.l10n.php HTTP/1.1" 200 0 "binance.com" "Mozilla/5.0 (Windows NT 10.0; Win64; x64) AppleWebKit/537.36 (KHTML, like Gecko) Chrome/90.0.4430.85 Safari/537.36"
139.59.58.126 - - [09/Jun/2025:02:20:50 -0400] "GET /wp-content/languages/admin-network-it_IT.l10n.php HTTP/1.1" 200 0 "binance.com" "Mozilla/5.0 (Windows NT 10.0; Win64; x64) AppleWebKit/537.36 (KHTML, like Gecko) Chrome/90.0.4430.85 Safari/537.36"
139.59.58.126 - - [09/Jun/2025:02:21:00 -0400] "GET /wp-content/languages/continents-cities-it_IT.l10n.php HTTP/1.1" 200 0 "binance.com" "Mozilla/5.0 (Windows NT 10.0; Win64; x64) AppleWebKit/537.36 (KHTML, like Gecko) Chrome/90.0.4430.85 Safari/537.36"
139.59.58.126 - - [09/Jun/2025:02:21:13 -0400] "GET /wp-content/languages/it_IT.l10n.php HTTP/1.1" 200 0 "binance.com" "Mozilla/5.0 (Windows NT 10.0; Win64; x64) AppleWebKit/537.36 (KHTML, like Gecko) Chrome/90.0.4430.85 Safari/537.36"
139.59.58.126 - - [09/Jun/2025:02:21:22 -0400] "GET /wp-admin/includes/ HTTP/1.1" 200 4522 "binance.com" "Mozilla/5.0 (Windows NT 10.0; Win64; x64) AppleWebKit/537.36 (KHTML, like Gecko) Chrome/90.0.4430.85 Safari/537.36"
139.59.58.126 - - [09/Jun/2025:02:21:35 -0400] "GET /wp-admin/includes/ HTTP/1.1" 200 4522 "binance.com" "Mozilla/5.0 (Windows NT 10.0; Win64; x64) AppleWebKit/537.36 (KHTML, like Gecko) Chrome/90.0.4430.85 Safari/537.36"
185.107.56.142 - - [09/Jun/2025:02:21:50 -0400] "GET / HTTP/1.1" 200 9390 "https://search.brave.com/" "Mozilla/5.0 (Linux; Android 10; K) AppleWebKit/537.36 (KHTML, like Gecko) Chrome/137.0.0.0 Mobile Safari/537.36"
185.107.56.142 - - [09/Jun/2025:02:21:51 -0400] "GET /wp-content/plugins/simple-social-buttons/assets/js/front.js?ver=5.3.1 HTTP/1.1" 200 1932 "https://reversevillain.com/" "Mozilla/5.0 (Linux; Android 10; K) AppleWebKit/537.36 (KHTML, like Gecko) Chrome/137.0.0.0 Mobile Safari/537.36"
185.107.56.142 - - [09/Jun/2025:02:21:51 -0400] "GET /wp-content/themes/toivo-lite/style.css?ver=1.2.0 HTTP/1.1" 200 13718 "https://reversevillain.com/" "Mozilla/5.0 (Linux; Android 10; K) AppleWebKit/537.36 (KHTML, like Gecko) Chrome/137.0.0.0 Mobile Safari/537.36"
185.107.56.142 - - [09/Jun/2025:02:21:51 -0400] "GET /wp-content/plugins/widgets-on-pages/public/css/widgets-on-pages-public.css?ver=1.4.0 HTTP/1.1" 200 83 "https://reversevillain.com/" "Mozilla/5.0 (Linux; Android 10; K) AppleWebKit/537.36 (KHTML, like Gecko) Chrome/137.0.0.0 Mobile Safari/537.36"
185.107.56.142 - - [09/Jun/2025:02:21:51 -0400] "GET /wp-content/themes/toivo-lite/fonts/genericons/genericons/genericons.min.css?ver=3.3 HTTP/1.1" 200 15959 "https://reversevillain.com/" "Mozilla/5.0 (Linux; Android 10; K) AppleWebKit/537.36 (KHTML, like Gecko) Chrome/137.0.0.0 Mobile Safari/537.36"
185.107.56.142 - - [09/Jun/2025:02:21:51 -0400] "GET /wp-includes/js/jquery/jquery-migrate.min.js?ver=3.4.1 HTTP/1.1" 200 4678 "https://reversevillain.com/" "Mozilla/5.0 (Linux; Android 10; K) AppleWebKit/537.36 (KHTML, like Gecko) Chrome/137.0.0.0 Mobile Safari/537.36"
185.107.56.142 - - [09/Jun/2025:02:21:51 -0400] "GET /wp-content/plugins/simple-social-buttons/assets/css/front.css?ver=5.3.1 HTTP/1.1" 200 10295 "https://reversevillain.com/" "Mozilla/5.0 (Linux; Android 10; K) AppleWebKit/537.36 (KHTML, like Gecko) Chrome/137.0.0.0 Mobile Safari/537.36"
185.107.56.142 - - [09/Jun/2025:02:21:51 -0400] "GET /wp-includes/css/dist/block-library/style.min.css?ver=6.8.1 HTTP/1.1" 200 14358 "https://reversevillain.com/" "Mozilla/5.0 (Linux; Android 10; K) AppleWebKit/537.36 (KHTML, like Gecko) Chrome/137.0.0.0 Mobile Safari/537.36"
185.107.56.142 - - [09/Jun/2025:02:21:51 -0400] "GET /wp-includes/js/jquery/jquery.min.js?ver=3.7.1 HTTP/1.1" 200 29744 "https://reversevillain.com/" "Mozilla/5.0 (Linux; Android 10; K) AppleWebKit/537.36 (KHTML, like Gecko) Chrome/137.0.0.0 Mobile Safari/537.36"
185.107.56.142 - - [09/Jun/2025:02:21:51 -0400] "GET /wp-content/uploads/2024/02/Reverse_Villain.webp HTTP/1.1" 200 149800 "https://reversevillain.com/" "Mozilla/5.0 (Linux; Android 10; K) AppleWebKit/537.36 (KHTML, like Gecko) Chrome/137.0.0.0 Mobile Safari/537.36"
185.107.56.142 - - [09/Jun/2025:02:21:52 -0400] "GET /wp-content/plugins/comic-easel/js/keynav.js HTTP/1.1" 200 302 "https://reversevillain.com/" "Mozilla/5.0 (Linux; Android 10; K) AppleWebKit/537.36 (KHTML, like Gecko) Chrome/137.0.0.0 Mobile Safari/537.36"
185.107.56.142 - - [09/Jun/2025:02:21:52 -0400] "GET /wp-content/uploads/2024/02/9241cb9aeeaab1cd315f26ebf3104065.jpg HTTP/1.1" 200 119521 "https://reversevillain.com/" "Mozilla/5.0 (Linux; Android 10; K) AppleWebKit/537.36 (KHTML, like Gecko) Chrome/137.0.0.0 Mobile Safari/537.36"
185.107.56.142 - - [09/Jun/2025:02:21:53 -0400] "GET /wp-content/themes/toivo-lite/js/responsive-nav.min.js?ver=1.2.0 HTTP/1.1" 200 2102 "https://reversevillain.com/" "Mozilla/5.0 (Linux; Android 10; K) AppleWebKit/537.36 (KHTML, like Gecko) Chrome/137.0.0.0 Mobile Safari/537.36"
185.107.56.142 - - [09/Jun/2025:02:21:53 -0400] "GET /wp-content/themes/toivo-lite/js/settings.min.js?ver=1.2.0 HTTP/1.1" 200 307 "https://reversevillain.com/" "Mozilla/5.0 (Linux; Android 10; K) AppleWebKit/537.36 (KHTML, like Gecko) Chrome/137.0.0.0 Mobile Safari/537.36"
185.107.56.142 - - [09/Jun/2025:02:21:53 -0400] "GET /wp-content/themes/toivo-lite/js/functions.min.js?ver=1.2.0 HTTP/1.1" 200 593 "https://reversevillain.com/" "Mozilla/5.0 (Linux; Android 10; K) AppleWebKit/537.36 (KHTML, like Gecko) Chrome/137.0.0.0 Mobile Safari/537.36"
185.107.56.142 - - [09/Jun/2025:02:21:56 -0400] "GET /wp-content/plugins/simple-social-buttons/assets/js/frontend-blocks.js?ver=5.3.1 HTTP/1.1" 200 0 "https://reversevillain.com/" "Mozilla/5.0 (Linux; Android 10; K) AppleWebKit/537.36 (KHTML, like Gecko) Chrome/137.0.0.0 Mobile Safari/537.36"
185.107.56.142 - - [09/Jun/2025:02:21:56 -0400] "GET /wp-content/uploads/2024/02/cropped-118593-t1amacrCPDMv.webp HTTP/1.1" 200 88048 "https://reversevillain.com/" "Mozilla/5.0 (Linux; Android 10; K) AppleWebKit/537.36 (KHTML, like Gecko) Chrome/137.0.0.0 Mobile Safari/537.36"
139.59.58.126 - - [09/Jun/2025:02:22:07 -0400] "GET /wp-admin/maint/ HTTP/1.1" 200 627 "binance.com" "Mozilla/5.0 (Windows NT 10.0; Win64; x64) AppleWebKit/537.36 (KHTML, like Gecko) Chrome/90.0.4430.85 Safari/537.36"
139.59.58.126 - - [09/Jun/2025:02:22:20 -0400] "GET /wp-admin/maint/ HTTP/1.1" 200 627 "binance.com" "Mozilla/5.0 (Windows NT 10.0; Win64; x64) AppleWebKit/537.36 (KHTML, like Gecko) Chrome/90.0.4430.85 Safari/537.36"
162.0.232.193 - - [09/Jun/2025:02:22:39 -0400] "POST /wp-cron.php?doing_wp_cron=1749450158.9007980823516845703125 HTTP/1.1" 200 0 "-" "WordPress/6.8.1; https://reversevillain.com"
139.59.58.126 - - [09/Jun/2025:02:22:37 -0400] "GET /wp-admin/network/ HTTP/1.1" 302 0 "binance.com" "Mozilla/5.0 (Windows NT 10.0; Win64; x64) AppleWebKit/537.36 (KHTML, like Gecko) Chrome/90.0.4430.85 Safari/537.36"
162.0.232.193 - - [09/Jun/2025:02:22:39 -0400] "POST /wp-admin/admin-ajax.php?action=async_litespeed&nonce=u5tL1lQaII26nrK2w9UivZCyWHW9S79A&litespeed_type=imgoptm HTTP/1.1" 200 5 "-" "WordPress/6.8.1; https://reversevillain.com"
139.59.58.126 - - [09/Jun/2025:02:22:44 -0400] "GET /wp-login.php?redirect_to=https%3A%2F%2Freversevillain.com%2Fwp-admin%2Fnetwork%2F&reauth=1 HTTP/1.1" 200 2059 "binance.com" "Mozilla/5.0 (Windows NT 10.0; Win64; x64) AppleWebKit/537.36 (KHTML, like Gecko) Chrome/90.0.4430.85 Safari/537.36"
139.59.58.126 - - [09/Jun/2025:02:22:56 -0400] "GET /wp-admin/user/ HTTP/1.1" 302 0 "binance.com" "Mozilla/5.0 (Windows NT 10.0; Win64; x64) AppleWebKit/537.36 (KHTML, like Gecko) Chrome/90.0.4430.85 Safari/537.36"
139.59.58.126 - - [09/Jun/2025:02:23:00 -0400] "GET /wp-login.php?redirect_to=https%3A%2F%2Freversevillain.com%2Fwp-admin%2Fuser%2F&reauth=1 HTTP/1.1" 200 2054 "binance.com" "Mozilla/5.0 (Windows NT 10.0; Win64; x64) AppleWebKit/537.36 (KHTML, like Gecko) Chrome/90.0.4430.85 Safari/537.36"
139.59.58.126 - - [09/Jun/2025:02:23:09 -0400] "GET /wp-admin/css/ HTTP/1.1" 200 3103 "binance.com" "Mozilla/5.0 (Windows NT 10.0; Win64; x64) AppleWebKit/537.36 (KHTML, like Gecko) Chrome/90.0.4430.85 Safari/537.36"
139.59.58.126 - - [09/Jun/2025:02:23:20 -0400] "GET /wp-admin/css/colors/ HTTP/1.1" 200 1149 "binance.com" "Mozilla/5.0 (Windows NT 10.0; Win64; x64) AppleWebKit/537.36 (KHTML, like Gecko) Chrome/90.0.4430.85 Safari/537.36"
139.59.58.126 - - [09/Jun/2025:02:23:32 -0400] "GET /wp-admin/css/colors/blue/ HTTP/1.1" 200 734 "binance.com" "Mozilla/5.0 (Windows NT 10.0; Win64; x64) AppleWebKit/537.36 (KHTML, like Gecko) Chrome/90.0.4430.85 Safari/537.36"
139.59.58.126 - - [09/Jun/2025:02:23:40 -0400] "GET /wp-admin/css/colors/coffee/ HTTP/1.1" 200 742 "binance.com" "Mozilla/5.0 (Windows NT 10.0; Win64; x64) AppleWebKit/537.36 (KHTML, like Gecko) Chrome/90.0.4430.85 Safari/537.36"
139.59.58.126 - - [09/Jun/2025:02:23:51 -0400] "GET /wp-admin/css/colors/ectoplasm/ HTTP/1.1" 200 733 "binance.com" "Mozilla/5.0 (Windows NT 10.0; Win64; x64) AppleWebKit/537.36 (KHTML, like Gecko) Chrome/90.0.4430.85 Safari/537.36"
139.59.58.126 - - [09/Jun/2025:02:24:03 -0400] "GET /wp-admin/css/colors/light/ HTTP/1.1" 200 744 "binance.com" "Mozilla/5.0 (Windows NT 10.0; Win64; x64) AppleWebKit/537.36 (KHTML, like Gecko) Chrome/90.0.4430.85 Safari/537.36"
139.59.58.126 - - [09/Jun/2025:02:24:11 -0400] "GET /wp-admin/css/colors/midnight/ HTTP/1.1" 200 739 "binance.com" "Mozilla/5.0 (Windows NT 10.0; Win64; x64) AppleWebKit/537.36 (KHTML, like Gecko) Chrome/90.0.4430.85 Safari/537.36"
139.59.58.126 - - [09/Jun/2025:02:24:22 -0400] "GET /wp-admin/css/colors/modern/ HTTP/1.1" 200 738 "binance.com" "Mozilla/5.0 (Windows NT 10.0; Win64; x64) AppleWebKit/537.36 (KHTML, like Gecko) Chrome/90.0.4430.85 Safari/537.36"
139.59.58.126 - - [09/Jun/2025:02:24:30 -0400] "GET /wp-admin/css/colors/ocean/ HTTP/1.1" 200 742 "binance.com" "Mozilla/5.0 (Windows NT 10.0; Win64; x64) AppleWebKit/537.36 (KHTML, like Gecko) Chrome/90.0.4430.85 Safari/537.36"
162.0.232.193 - - [09/Jun/2025:02:24:40 -0400] "POST /wp-cron.php?doing_wp_cron=1749450279.9137890338897705078125 HTTP/1.1" 200 0 "-" "WordPress/6.8.1; https://reversevillain.com"
139.59.58.126 - - [09/Jun/2025:02:24:38 -0400] "GET /wp-admin/css/colors/sunrise/%20 HTTP/1.1" 301 0 "binance.com" "Mozilla/5.0 (Windows NT 10.0; Win64; x64) AppleWebKit/537.36 (KHTML, like Gecko) Chrome/90.0.4430.85 Safari/537.36"
162.0.232.193 - - [09/Jun/2025:02:24:40 -0400] "POST /wp-admin/admin-ajax.php?action=async_litespeed&nonce=Ybl5koyt7UPdfn1wZY9y3DyW31x6p6Cq&litespeed_type=imgoptm HTTP/1.1" 200 5 "-" "WordPress/6.8.1; https://reversevillain.com"
139.59.58.126 - - [09/Jun/2025:02:24:42 -0400] "GET / HTTP/1.1" 200 9390 "binance.com" "Mozilla/5.0 (Windows NT 10.0; Win64; x64) AppleWebKit/537.36 (KHTML, like Gecko) Chrome/90.0.4430.85 Safari/537.36"
139.59.58.126 - - [09/Jun/2025:02:24:53 -0400] "GET /wp-admin/images/ HTTP/1.1" 200 2708 "binance.com" "Mozilla/5.0 (Windows NT 10.0; Win64; x64) AppleWebKit/537.36 (KHTML, like Gecko) Chrome/90.0.4430.85 Safari/537.36"
139.59.58.126 - - [09/Jun/2025:02:25:02 -0400] "GET /wp-admin/js/ HTTP/1.1" 200 3568 "binance.com" "Mozilla/5.0 (Windows NT 10.0; Win64; x64) AppleWebKit/537.36 (KHTML, like Gecko) Chrome/90.0.4430.85 Safari/537.36"
139.59.58.126 - - [09/Jun/2025:02:25:12 -0400] "GET /wp-admin/js/widgets/ HTTP/1.1" 200 1275 "binance.com" "Mozilla/5.0 (Windows NT 10.0; Win64; x64) AppleWebKit/537.36 (KHTML, like Gecko) Chrome/90.0.4430.85 Safari/537.36"
139.59.58.126 - - [09/Jun/2025:02:25:19 -0400] "GET /wp-includes/ HTTP/1.1" 200 9561 "binance.com" "Mozilla/5.0 (Windows NT 10.0; Win64; x64) AppleWebKit/537.36 (KHTML, like Gecko) Chrome/90.0.4430.85 Safari/537.36"
139.59.58.126 - - [09/Jun/2025:02:25:31 -0400] "GET /wp-includes/ HTTP/1.1" 200 9535 "binance.com" "Mozilla/5.0 (Windows NT 10.0; Win64; x64) AppleWebKit/537.36 (KHTML, like Gecko) Chrome/90.0.4430.85 Safari/537.36"
139.59.58.126 - - [09/Jun/2025:02:25:43 -0400] "GET /wp-includes/block-bindings.php HTTP/1.1" 200 0 "binance.com" "Mozilla/5.0 (Windows NT 10.0; Win64; x64) AppleWebKit/537.36 (KHTML, like Gecko) Chrome/90.0.4430.85 Safari/537.36"
139.59.58.126 - - [09/Jun/2025:02:25:52 -0400] "GET /wp-includes/block-editor.php HTTP/1.1" 200 0 "binance.com" "Mozilla/5.0 (Windows NT 10.0; Win64; x64) AppleWebKit/537.36 (KHTML, like Gecko) Chrome/90.0.4430.85 Safari/537.36"
139.59.58.126 - - [09/Jun/2025:02:26:03 -0400] "GET /wp-includes/block-template-utils.php HTTP/1.1" 200 0 "binance.com" "Mozilla/5.0 (Windows NT 10.0; Win64; x64) AppleWebKit/537.36 (KHTML, like Gecko) Chrome/90.0.4430.85 Safari/537.36"
216.73.216.92 - - [09/Jun/2025:02:26:07 -0400] "GET /robots.txt HTTP/1.1" 304 0 "-" "Mozilla/5.0 AppleWebKit/537.36 (KHTML, like Gecko; compatible; ClaudeBot/1.0; [email protected])"
162.0.232.193 - - [09/Jun/2025:02:26:07 -0400] "POST /wp-cron.php?doing_wp_cron=1749450367.3810958862304687500000 HTTP/1.1" 200 0 "-" "WordPress/6.8.1; https://reversevillain.com"
216.73.216.92 - - [09/Jun/2025:02:26:07 -0400] "GET /comic/sekai-saikyou-no-shinjuu-tsukai-chapter-17-2 HTTP/1.1" 301 0 "-" "Mozilla/5.0 AppleWebKit/537.36 (KHTML, like Gecko; compatible; ClaudeBot/1.0; [email protected])"
162.0.232.193 - - [09/Jun/2025:02:26:07 -0400] "POST /wp-admin/admin-ajax.php?action=async_litespeed&nonce=EwaUZxxtS313wjz2guZPjFcfQAQqV0Jq&litespeed_type=imgoptm HTTP/1.1" 200 5 "-" "WordPress/6.8.1; https://reversevillain.com"
139.59.58.126 - - [09/Jun/2025:02:26:11 -0400] "GET /wp-includes/block-template.php HTTP/1.1" 200 0 "binance.com" "Mozilla/5.0 (Windows NT 10.0; Win64; x64) AppleWebKit/537.36 (KHTML, like Gecko) Chrome/90.0.4430.85 Safari/537.36"
139.59.58.126 - - [09/Jun/2025:02:26:21 -0400] "GET /wp-includes/class-avif-info.php HTTP/1.1" 200 0 "binance.com" "Mozilla/5.0 (Windows NT 10.0; Win64; x64) AppleWebKit/537.36 (KHTML, like Gecko) Chrome/90.0.4430.85 Safari/537.36"
47.128.96.150 - - [09/Jun/2025:02:26:28 -0400] "GET /dragon-ball-super-chapter-99/ HTTP/1.1" 301 0 "-" "Mozilla/5.0 (Linux; Android 5.0) AppleWebKit/537.36 (KHTML, like Gecko) Mobile Safari/537.36 (compatible; TikTokSpider; [email protected])"
47.128.96.150 - - [09/Jun/2025:02:26:29 -0400] "GET / HTTP/1.1" 200 9390 "-" "Mozilla/5.0 (Linux; Android 5.0) AppleWebKit/537.36 (KHTML, like Gecko) Mobile Safari/537.36 (compatible; TikTokSpider; [email protected])"
139.59.58.126 - - [09/Jun/2025:02:26:34 -0400] "GET /wp-includes/class-wp-block-bindings-registry.php HTTP/1.1" 200 0 "binance.com" "Mozilla/5.0 (Windows NT 10.0; Win64; x64) AppleWebKit/537.36 (KHTML, like Gecko) Chrome/90.0.4430.85 Safari/537.36"
162.0.232.193 - - [09/Jun/2025:02:26:42 -0400] "POST /wp-cron.php?doing_wp_cron=1749450402.4251139163970947265625 HTTP/1.1" 200 0 "-" "WordPress/6.8.1; https://reversevillain.com"
45.141.215.152 - - [09/Jun/2025:02:26:42 -0400] "GET //wp-content/plugins/fix/up.php HTTP/1.1" 301 0 "-" "Mozilla/5.0 (Windows NT 10.0; Win64; x64) AppleWebKit/537.36 (KHTML, like Gecko) Chrome/85.0.4183.102 Safari/537.36"
45.141.215.152 - - [09/Jun/2025:02:26:42 -0400] "GET / HTTP/1.1" 200 9390 "-" "Mozilla/5.0 (Windows NT 10.0; Win64; x64) AppleWebKit/537.36 (KHTML, like Gecko) Chrome/85.0.4183.102 Safari/537.36"
139.59.58.126 - - [09/Jun/2025:02:26:43 -0400] "GET /wp-includes/class-wp-block-bindings-source.php HTTP/1.1" 200 0 "binance.com" "Mozilla/5.0 (Windows NT 10.0; Win64; x64) AppleWebKit/537.36 (KHTML, like Gecko) Chrome/90.0.4430.85 Safari/537.36"
139.59.58.126 - - [09/Jun/2025:02:26:52 -0400] "GET /wp-includes/class-wp-block-editor-context.php HTTP/1.1" 200 0 "binance.com" "Mozilla/5.0 (Windows NT 10.0; Win64; x64) AppleWebKit/537.36 (KHTML, like Gecko) Chrome/90.0.4430.85 Safari/537.36"
139.59.58.126 - - [09/Jun/2025:02:27:00 -0400] "GET /wp-includes/class-wp-block-metadata-registry.php HTTP/1.1" 200 0 "binance.com" "Mozilla/5.0 (Windows NT 10.0; Win64; x64) AppleWebKit/537.36 (KHTML, like Gecko) Chrome/90.0.4430.85 Safari/537.36"
139.59.58.126 - - [09/Jun/2025:02:27:11 -0400] "GET /wp-includes/class-wp-block-parser-block.php HTTP/1.1" 200 0 "binance.com" "Mozilla/5.0 (Windows NT 10.0; Win64; x64) AppleWebKit/537.36 (KHTML, like Gecko) Chrome/90.0.4430.85 Safari/537.36"
139.59.58.126 - - [09/Jun/2025:02:27:20 -0400] "GET /wp-includes/class-wp-block-parser-frame.php HTTP/1.1" 200 0 "binance.com" "Mozilla/5.0 (Windows NT 10.0; Win64; x64) AppleWebKit/537.36 (KHTML, like Gecko) Chrome/90.0.4430.85 Safari/537.36"
47.128.111.10 - - [09/Jun/2025:02:27:30 -0400] "GET /category/manga/page/526/ HTTP/1.1" 301 0 "-" "Mozilla/5.0 (Linux; Android 5.0) AppleWebKit/537.36 (KHTML, like Gecko) Mobile Safari/537.36 (compatible; TikTokSpider; [email protected])"
47.128.111.10 - - [09/Jun/2025:02:27:31 -0400] "GET / HTTP/1.1" 200 9390 "-" "Mozilla/5.0 (Linux; Android 5.0) AppleWebKit/537.36 (KHTML, like Gecko) Mobile Safari/537.36 (compatible; TikTokSpider; [email protected])"
43.166.128.187 - - [09/Jun/2025:02:27:32 -0400] "GET /wp-json/wp/v2/posts/1529 HTTP/1.1" 200 10387 "-" "Mozilla/5.0 (iPhone; CPU iPhone OS 13_2_3 like Mac OS X) AppleWebKit/605.1.15 (KHTML, like Gecko) Version/13.0.3 Mobile/15E148 Safari/604.1"
139.59.58.126 - - [09/Jun/2025:02:27:36 -0400] "GET /wp-includes/class-wp-block-template.php HTTP/1.1" 200 0 "binance.com" "Mozilla/5.0 (Windows NT 10.0; Win64; x64) AppleWebKit/537.36 (KHTML, like Gecko) Chrome/90.0.4430.85 Safari/537.36"
139.59.58.126 - - [09/Jun/2025:02:27:46 -0400] "GET /wp-includes/class-wp-block-templates-registry.php HTTP/1.1" 200 0 "binance.com" "Mozilla/5.0 (Windows NT 10.0; Win64; x64) AppleWebKit/537.36 (KHTML, like Gecko) Chrome/90.0.4430.85 Safari/537.36"
139.59.58.126 - - [09/Jun/2025:02:27:54 -0400] "GET /wp-includes/class-wp-classic-to-block-menu-converter.php HTTP/1.1" 200 0 "binance.com" "Mozilla/5.0 (Windows NT 10.0; Win64; x64) AppleWebKit/537.36 (KHTML, like Gecko) Chrome/90.0.4430.85 Safari/537.36"
162.0.232.193 - - [09/Jun/2025:02:28:05 -0400] "POST /wp-cron.php?doing_wp_cron=1749450484.8275780677795410156250 HTTP/1.1" 200 0 "-" "WordPress/6.8.1; https://reversevillain.com"
216.73.216.92 - - [09/Jun/2025:02:28:04 -0400] "GET /manga/sekai-saikyou-no-shinjuu-tsukai-chapter-17-2/feed HTTP/1.1" 301 0 "-" "Mozilla/5.0 AppleWebKit/537.36 (KHTML, like Gecko; compatible; ClaudeBot/1.0; [email protected])"
216.73.216.92 - - [09/Jun/2025:02:28:05 -0400] "GET /manga/sekai-saikyou-no-shinjuu-tsukai-chapter-17-2/feed/ HTTP/1.1" 200 451 "https://reversevillain.com/manga/sekai-saikyou-no-shinjuu-tsukai-chapter-17-2/feed" "Mozilla/5.0 AppleWebKit/537.36 (KHTML, like Gecko; compatible; ClaudeBot/1.0; [email protected])"
162.0.232.193 - - [09/Jun/2025:02:28:05 -0400] "POST /wp-admin/admin-ajax.php?action=async_litespeed&nonce=FH5jumAHt12WyU2i16SurmhNen03aWBK&litespeed_type=imgoptm HTTP/1.1" 200 5 "-" "WordPress/6.8.1; https://reversevillain.com"
139.59.58.126 - - [09/Jun/2025:02:28:08 -0400] "GET /wp-includes/class-wp-dependencies.php HTTP/1.1" 200 0 "binance.com" "Mozilla/5.0 (Windows NT 10.0; Win64; x64) AppleWebKit/537.36 (KHTML, like Gecko) Chrome/90.0.4430.85 Safari/537.36"
139.59.58.126 - - [09/Jun/2025:02:28:20 -0400] "GET /wp-includes/class-wp-duotone.php HTTP/1.1" 200 0 "binance.com" "Mozilla/5.0 (Windows NT 10.0; Win64; x64) AppleWebKit/537.36 (KHTML, like Gecko) Chrome/90.0.4430.85 Safari/537.36"
139.59.58.126 - - [09/Jun/2025:02:28:28 -0400] "GET /wp-includes/class-wp-exception.php HTTP/1.1" 200 0 "binance.com" "Mozilla/5.0 (Windows NT 10.0; Win64; x64) AppleWebKit/537.36 (KHTML, like Gecko) Chrome/90.0.4430.85 Safari/537.36"
139.59.58.126 - - [09/Jun/2025:02:28:39 -0400] "GET /wp-includes/class-wp-http.php HTTP/1.1" 200 6 "binance.com" "Mozilla/5.0 (Windows NT 10.0; Win64; x64) AppleWebKit/537.36 (KHTML, like Gecko) Chrome/90.0.4430.85 Safari/537.36"
139.59.58.126 - - [09/Jun/2025:02:28:50 -0400] "GET /wp-includes/class-wp-navigation-fallback.php HTTP/1.1" 200 0 "binance.com" "Mozilla/5.0 (Windows NT 10.0; Win64; x64) AppleWebKit/537.36 (KHTML, like Gecko) Chrome/90.0.4430.85 Safari/537.36"
159.65.232.209 - - [09/Jun/2025:02:28:32 -0400] "POST /wp-login.php HTTP/1.1" 200 0 "-" "Mozilla/5.0"
139.59.58.126 - - [09/Jun/2025:02:28:59 -0400] "GET /wp-includes/class-wp-phpmailer.php HTTP/1.1" 500 0 "binance.com" "Mozilla/5.0 (Windows NT 10.0; Win64; x64) AppleWebKit/537.36 (KHTML, like Gecko) Chrome/90.0.4430.85 Safari/537.36"
139.59.58.126 - - [09/Jun/2025:02:29:07 -0400] "GET /wp-includes/class-wp-plugin-dependencies.php HTTP/1.1" 200 0 "binance.com" "Mozilla/5.0 (Windows NT 10.0; Win64; x64) AppleWebKit/537.36 (KHTML, like Gecko) Chrome/90.0.4430.85 Safari/537.36"
139.59.58.126 - - [09/Jun/2025:02:29:14 -0400] "GET /wp-includes/class-wp-script-modules.php HTTP/1.1" 200 0 "binance.com" "Mozilla/5.0 (Windows NT 10.0; Win64; x64) AppleWebKit/537.36 (KHTML, like Gecko) Chrome/90.0.4430.85 Safari/537.36"
2001:4860:7:b0c::fa - - [09/Jun/2025:02:29:25 -0400] "GET / HTTP/1.1" 200 9390 "https://www.google.com/" "Mozilla/5.0 (Linux; Android 10; K) AppleWebKit/537.36 (KHTML, like Gecko) Chrome/137.0.0.0 Mobile Safari/537.36"
139.59.58.126 - - [09/Jun/2025:02:29:25 -0400] "GET /wp-includes/class-wp-scripts.php HTTP/1.1" 500 0 "binance.com" "Mozilla/5.0 (Windows NT 10.0; Win64; x64) AppleWebKit/537.36 (KHTML, like Gecko) Chrome/90.0.4430.85 Safari/537.36"
162.0.232.193 - - [09/Jun/2025:02:29:26 -0400] "POST /wp-cron.php?doing_wp_cron=1749450565.7978041172027587890625 HTTP/1.1" 200 0 "-" "WordPress/6.8.1; https://reversevillain.com"
64.233.173.238 - - [09/Jun/2025:02:29:24 -0400] "GET /.well-known/traffic-advice HTTP/1.1" 301 0 "-" "Chrome Privacy Preserving Prefetch Proxy"
139.59.58.126 - - [09/Jun/2025:02:29:34 -0400] "GET /wp-includes/class-wp-speculation-rules.php HTTP/1.1" 200 0 "binance.com" "Mozilla/5.0 (Windows NT 10.0; Win64; x64) AppleWebKit/537.36 (KHTML, like Gecko) Chrome/90.0.4430.85 Safari/537.36"
139.59.58.126 - - [09/Jun/2025:02:29:41 -0400] "GET /wp-includes/class-wp-styles.php HTTP/1.1" 500 0 "binance.com" "Mozilla/5.0 (Windows NT 10.0; Win64; x64) AppleWebKit/537.36 (KHTML, like Gecko) Chrome/90.0.4430.85 Safari/537.36"
139.59.58.126 - - [09/Jun/2025:02:29:49 -0400] "GET /wp-includes/class-wp-textdomain-registry.php HTTP/1.1" 200 0 "binance.com" "Mozilla/5.0 (Windows NT 10.0; Win64; x64) AppleWebKit/537.36 (KHTML, like Gecko) Chrome/90.0.4430.85 Safari/537.36"
139.59.58.126 - - [09/Jun/2025:02:29:59 -0400] "GET /wp-includes/class-wp-theme-json-data.php HTTP/1.1" 200 0 "binance.com" "Mozilla/5.0 (Windows NT 10.0; Win64; x64) AppleWebKit/537.36 (KHTML, like Gecko) Chrome/90.0.4430.85 Safari/537.36"
139.59.58.126 - - [09/Jun/2025:02:30:09 -0400] "GET /wp-includes/class-wp-theme-json-resolver.php HTTP/1.1" 200 0 "binance.com" "Mozilla/5.0 (Windows NT 10.0; Win64; x64) AppleWebKit/537.36 (KHTML, like Gecko) Chrome/90.0.4430.85 Safari/537.36"
139.59.58.126 - - [09/Jun/2025:02:30:25 -0400] "GET /wp-includes/class-wp-theme-json-schema.php HTTP/1.1" 200 0 "binance.com" "Mozilla/5.0 (Windows NT 10.0; Win64; x64) AppleWebKit/537.36 (KHTML, like Gecko) Chrome/90.0.4430.85 Safari/537.36"
139.59.58.126 - - [09/Jun/2025:02:30:36 -0400] "GET /wp-includes/class-wp-theme-json.php HTTP/1.1" 200 0 "binance.com" "Mozilla/5.0 (Windows NT 10.0; Win64; x64) AppleWebKit/537.36 (KHTML, like Gecko) Chrome/90.0.4430.85 Safari/537.36"
162.0.232.193 - - [09/Jun/2025:02:30:39 -0400] "POST /wp-cron.php?doing_wp_cron=1749450639.5161490440368652343750 HTTP/1.1" 200 0 "-" "WordPress/6.8.1; https://reversevillain.com"
216.73.216.92 - - [09/Jun/2025:02:30:39 -0400] "GET /sitemap_index.xml HTTP/1.1" 200 343 "-" "Mozilla/5.0 AppleWebKit/537.36 (KHTML, like Gecko; compatible; ClaudeBot/1.0; [email protected])"
162.0.232.193 - - [09/Jun/2025:02:30:40 -0400] "POST /wp-admin/admin-ajax.php?action=async_litespeed&nonce=tZKhJzQmH6bnz18YIE2dC3Vgb5j3Tl25&litespeed_type=imgoptm HTTP/1.1" 200 5 "-" "WordPress/6.8.1; https://reversevillain.com"
139.59.58.126 - - [09/Jun/2025:02:30:49 -0400] "GET /wp-includes/class-wp-token-map.php HTTP/1.1" 200 0 "binance.com" "Mozilla/5.0 (Windows NT 10.0; Win64; x64) AppleWebKit/537.36 (KHTML, like Gecko) Chrome/90.0.4430.85 Safari/537.36"
139.59.58.126 - - [09/Jun/2025:02:31:00 -0400] "GET /wp-includes/class-wp-url-pattern-prefixer.php HTTP/1.1" 200 0 "binance.com" "Mozilla/5.0 (Windows NT 10.0; Win64; x64) AppleWebKit/537.36 (KHTML, like Gecko) Chrome/90.0.4430.85 Safari/537.36"
139.59.58.126 - - [09/Jun/2025:02:31:10 -0400] "GET /wp-includes/class-wpdb.php HTTP/1.1" 200 0 "binance.com" "Mozilla/5.0 (Windows NT 10.0; Win64; x64) AppleWebKit/537.36 (KHTML, like Gecko) Chrome/90.0.4430.85 Safari/537.36"
139.59.58.126 - - [09/Jun/2025:02:31:19 -0400] "GET /wp-includes/fonts.php HTTP/1.1" 200 0 "binance.com" "Mozilla/5.0 (Windows NT 10.0; Win64; x64) AppleWebKit/537.36 (KHTML, like Gecko) Chrome/90.0.4430.85 Safari/537.36"
139.59.58.126 - - [09/Jun/2025:02:31:28 -0400] "GET /wp-includes/global-styles-and-settings.php HTTP/1.1" 200 0 "binance.com" "Mozilla/5.0 (Windows NT 10.0; Win64; x64) AppleWebKit/537.36 (KHTML, like Gecko) Chrome/90.0.4430.85 Safari/537.36"
139.59.58.126 - - [09/Jun/2025:02:31:40 -0400] "GET /wp-includes/https-detection.php HTTP/1.1" 200 0 "binance.com" "Mozilla/5.0 (Windows NT 10.0; Win64; x64) AppleWebKit/537.36 (KHTML, like Gecko) Chrome/90.0.4430.85 Safari/537.36"
139.59.58.126 - - [09/Jun/2025:02:31:48 -0400] "GET /wp-includes/https-migration.php HTTP/1.1" 200 0 "binance.com" "Mozilla/5.0 (Windows NT 10.0; Win64; x64) AppleWebKit/537.36 (KHTML, like Gecko) Chrome/90.0.4430.85 Safari/537.36"
139.59.58.126 - - [09/Jun/2025:02:31:59 -0400] "GET /wp-includes/robots-template.php HTTP/1.1" 200 0 "binance.com" "Mozilla/5.0 (Windows NT 10.0; Win64; x64) AppleWebKit/537.36 (KHTML, like Gecko) Chrome/90.0.4430.85 Safari/537.36"
139.59.58.126 - - [09/Jun/2025:02:32:12 -0400] "GET /wp-includes/script-modules.php HTTP/1.1" 200 0 "binance.com" "Mozilla/5.0 (Windows NT 10.0; Win64; x64) AppleWebKit/537.36 (KHTML, like Gecko) Chrome/90.0.4430.85 Safari/537.36"
139.59.58.126 - - [09/Jun/2025:02:32:36 -0400] "GET /wp-includes/speculative-loading.php HTTP/1.1" 200 0 "binance.com" "Mozilla/5.0 (Windows NT 10.0; Win64; x64) AppleWebKit/537.36 (KHTML, like Gecko) Chrome/90.0.4430.85 Safari/537.36"
139.59.58.126 - - [09/Jun/2025:02:32:48 -0400] "GET /wp-includes/style-engine.php HTTP/1.1" 200 0 "binance.com" "Mozilla/5.0 (Windows NT 10.0; Win64; x64) AppleWebKit/537.36 (KHTML, like Gecko) Chrome/90.0.4430.85 Safari/537.36"
139.59.58.126 - - [09/Jun/2025:02:32:55 -0400] "GET /wp-includes/template-canvas.php HTTP/1.1" 500 0 "binance.com" "Mozilla/5.0 (Windows NT 10.0; Win64; x64) AppleWebKit/537.36 (KHTML, like Gecko) Chrome/90.0.4430.85 Safari/537.36"
139.59.58.126 - - [09/Jun/2025:02:33:03 -0400] "GET /wp-includes/theme-previews.php HTTP/1.1" 200 0 "binance.com" "Mozilla/5.0 (Windows NT 10.0; Win64; x64) AppleWebKit/537.36 (KHTML, like Gecko) Chrome/90.0.4430.85 Safari/537.36"
139.59.58.126 - - [09/Jun/2025:02:33:14 -0400] "GET /wp-includes/theme-templates.php HTTP/1.1" 200 0 "binance.com" "Mozilla/5.0 (Windows NT 10.0; Win64; x64) AppleWebKit/537.36 (KHTML, like Gecko) Chrome/90.0.4430.85 Safari/537.36"
139.59.58.126 - - [09/Jun/2025:02:33:21 -0400] "GET /wp-includes/ID3/ HTTP/1.1" 200 1369 "binance.com" "Mozilla/5.0 (Windows NT 10.0; Win64; x64) AppleWebKit/537.36 (KHTML, like Gecko) Chrome/90.0.4430.85 Safari/537.36"
139.59.58.126 - - [09/Jun/2025:02:33:31 -0400] "GET /wp-includes/ID3/ HTTP/1.1" 200 1369 "binance.com" "Mozilla/5.0 (Windows NT 10.0; Win64; x64) AppleWebKit/537.36 (KHTML, like Gecko) Chrome/90.0.4430.85 Safari/537.36"
