49.51.183.15 - - [09/Jun/2025:09:03:34 -0400] "GET /admin.php HTTP/1.1" 404 16 "-" "Mozilla/5.0 (iPhone; CPU iPhone OS 13_2_3 like Mac OS X) AppleWebKit/605.1.15 (KHTML, like Gecko) Version/13.0.3 Mobile/15E148 Safari/604.1"
20.171.207.22 - - [09/Jun/2025:09:03:39 -0400] "GET /wp-includes/class-wp-block-supports.php HTTP/1.1" 403 1242 "-" "Mozilla/5.0 AppleWebKit/537.36 (KHTML, like Gecko; compatible; GPTBot/1.2; +https://openai.com/gptbot)"
20.171.207.22 - - [09/Jun/2025:09:04:09 -0400] "GET /wp-includes/class-wp-post-type.php HTTP/1.1" 403 1242 "-" "Mozilla/5.0 AppleWebKit/537.36 (KHTML, like Gecko; compatible; GPTBot/1.2; +https://openai.com/gptbot)"
20.171.207.22 - - [09/Jun/2025:09:04:37 -0400] "GET /wp-includes/class-wp-xmlrpc-server.php HTTP/1.1" 403 1242 "-" "Mozilla/5.0 AppleWebKit/537.36 (KHTML, like Gecko; compatible; GPTBot/1.2; +https://openai.com/gptbot)"
20.171.207.22 - - [09/Jun/2025:09:05:04 -0400] "GET /wp-includes/class-wp-ajax-response.php HTTP/1.1" 403 1242 "-" "Mozilla/5.0 AppleWebKit/537.36 (KHTML, like Gecko; compatible; GPTBot/1.2; +https://openai.com/gptbot)"
20.171.207.22 - - [09/Jun/2025:09:05:31 -0400] "GET /wp-includes/class-wp-http-response.php HTTP/1.1" 403 1242 "-" "Mozilla/5.0 AppleWebKit/537.36 (KHTML, like Gecko; compatible; GPTBot/1.2; +https://openai.com/gptbot)"
20.171.207.22 - - [09/Jun/2025:09:05:59 -0400] "GET /wp-includes/class-wp-http-requests-hooks.php HTTP/1.1" 403 1242 "-" "Mozilla/5.0 AppleWebKit/537.36 (KHTML, like Gecko; compatible; GPTBot/1.2; +https://openai.com/gptbot)"
20.171.207.22 - - [09/Jun/2025:09:06:28 -0400] "GET /wp-includes/class-wp-customize-nav-menus.php HTTP/1.1" 403 1242 "-" "Mozilla/5.0 AppleWebKit/537.36 (KHTML, like Gecko; compatible; GPTBot/1.2; +https://openai.com/gptbot)"
20.171.207.22 - - [09/Jun/2025:09:06:56 -0400] "GET /wp-includes/class-walker-nav-menu.php HTTP/1.1" 403 1242 "-" "Mozilla/5.0 AppleWebKit/537.36 (KHTML, like Gecko; compatible; GPTBot/1.2; +https://openai.com/gptbot)"
20.171.207.22 - - [09/Jun/2025:09:07:25 -0400] "GET /wp-includes/spl-autoload-compat.php HTTP/1.1" 403 1242 "-" "Mozilla/5.0 AppleWebKit/537.36 (KHTML, like Gecko; compatible; GPTBot/1.2; +https://openai.com/gptbot)"
20.171.207.22 - - [09/Jun/2025:09:07:52 -0400] "GET /wp-includes/class-wp-embed.php HTTP/1.1" 403 1242 "-" "Mozilla/5.0 AppleWebKit/537.36 (KHTML, like Gecko; compatible; GPTBot/1.2; +https://openai.com/gptbot)"
20.171.207.22 - - [09/Jun/2025:09:08:21 -0400] "GET /wp-includes/class-wp-block-parser-frame.php HTTP/1.1" 403 1242 "-" "Mozilla/5.0 AppleWebKit/537.36 (KHTML, like Gecko; compatible; GPTBot/1.2; +https://openai.com/gptbot)"
20.171.207.22 - - [09/Jun/2025:09:08:50 -0400] "GET /wp-admin/update-core.php HTTP/1.1" 403 1242 "-" "Mozilla/5.0 AppleWebKit/537.36 (KHTML, like Gecko; compatible; GPTBot/1.2; +https://openai.com/gptbot)"
20.171.207.22 - - [09/Jun/2025:09:09:19 -0400] "GET /wp-includes/block-template-utils.php HTTP/1.1" 403 1242 "-" "Mozilla/5.0 AppleWebKit/537.36 (KHTML, like Gecko; compatible; GPTBot/1.2; +https://openai.com/gptbot)"
162.0.232.193 - - [09/Jun/2025:09:09:38 -0400] "POST /wp-cron.php?doing_wp_cron=1749474578.4820840358734130859375 HTTP/1.1" 200 0 "-" "WordPress/6.8.1; https://reversevillain.com"
213.238.181.133 - - [09/Jun/2025:09:09:34 -0400] "POST /xmlrpc.php HTTP/1.1" 200 205 "-" "Mozilla/5.0 (X11; Ubuntu; Linux x86_64; rv:85.0) Gecko/20100101 Firefox/91.0"
162.0.232.193 - - [09/Jun/2025:09:09:39 -0400] "POST /wp-admin/admin-ajax.php?action=async_litespeed&nonce=2C7oWFD9Thcku7sC5rsbEnniJh4cQRW8&litespeed_type=imgoptm HTTP/1.1" 200 5 "-" "WordPress/6.8.1; https://reversevillain.com"
20.171.207.22 - - [09/Jun/2025:09:09:48 -0400] "GET /wp-includes/class-wp-matchesmapregex.php HTTP/1.1" 403 1242 "-" "Mozilla/5.0 AppleWebKit/537.36 (KHTML, like Gecko; compatible; GPTBot/1.2; +https://openai.com/gptbot)"
20.171.207.22 - - [09/Jun/2025:09:10:16 -0400] "GET /wp-includes/class-wp-navigation-fallback.php HTTP/1.1" 403 1242 "-" "Mozilla/5.0 AppleWebKit/537.36 (KHTML, like Gecko; compatible; GPTBot/1.2; +https://openai.com/gptbot)"
20.171.207.22 - - [09/Jun/2025:09:10:45 -0400] "GET /wp-includes/class-wp-metadata-lazyloader.php HTTP/1.1" 403 1242 "-" "Mozilla/5.0 AppleWebKit/537.36 (KHTML, like Gecko; compatible; GPTBot/1.2; +https://openai.com/gptbot)"
52.167.144.142 - - [09/Jun/2025:09:11:07 -0400] "GET /?s=2025 HTTP/1.1" 200 1792 "-" "Mozilla/5.0 AppleWebKit/537.36 (KHTML, like Gecko; compatible; bingbot/2.0; +http://www.bing.com/bingbot.htm) Chrome/116.0.1938.76 Safari/537.36"
20.171.207.22 - - [09/Jun/2025:09:11:12 -0400] "GET /wp-includes/pluggable-deprecated.php HTTP/1.1" 403 1242 "-" "Mozilla/5.0 AppleWebKit/537.36 (KHTML, like Gecko; compatible; GPTBot/1.2; +https://openai.com/gptbot)"
20.171.207.22 - - [09/Jun/2025:09:11:40 -0400] "GET /wp-admin/import.php HTTP/1.1" 403 1242 "-" "Mozilla/5.0 AppleWebKit/537.36 (KHTML, like Gecko; compatible; GPTBot/1.2; +https://openai.com/gptbot)"
162.0.232.193 - - [09/Jun/2025:09:11:59 -0400] "POST /wp-cron.php?doing_wp_cron=1749474718.6484880447387695312500 HTTP/1.1" 200 0 "-" "WordPress/6.8.1; https://reversevillain.com"
198.98.57.71 - - [09/Jun/2025:09:11:56 -0400] "GET /wp-login.php HTTP/1.1" 200 2047 "-" "Mozilla/5.0 (Macintosh; Intel Mac OS X 10_9_3) AppleWebKit/537.75.14 (KHTML, like Gecko) Version/7.0.3 Safari/537.75.14"
198.98.57.71 - - [09/Jun/2025:09:11:59 -0400] "POST /wp-login.php HTTP/1.1" 200 2144 "-" "Mozilla/5.0 (Macintosh; Intel Mac OS X 10_9_3) AppleWebKit/537.75.14 (KHTML, like Gecko) Version/7.0.3 Safari/537.75.14"
162.0.232.193 - - [09/Jun/2025:09:11:59 -0400] "POST /wp-admin/admin-ajax.php?action=async_litespeed&nonce=Da6S3YIR7V6yqoYJdhCWlrnSMU2kfzlK&litespeed_type=imgoptm HTTP/1.1" 200 0 "-" "WordPress/6.8.1; https://reversevillain.com"
20.171.207.22 - - [09/Jun/2025:09:12:09 -0400] "GET /wp-includes/html-api/ HTTP/1.1" 200 1458 "-" "Mozilla/5.0 AppleWebKit/537.36 (KHTML, like Gecko; compatible; GPTBot/1.2; +https://openai.com/gptbot)"
20.171.207.22 - - [09/Jun/2025:09:12:36 -0400] "GET /wp-includes/class-wp-customize-control.php HTTP/1.1" 403 1242 "-" "Mozilla/5.0 AppleWebKit/537.36 (KHTML, like Gecko; compatible; GPTBot/1.2; +https://openai.com/gptbot)"
20.171.207.22 - - [09/Jun/2025:09:13:02 -0400] "GET /wp-includes/class-wp-customize-manager.php HTTP/1.1" 403 1242 "-" "Mozilla/5.0 AppleWebKit/537.36 (KHTML, like Gecko; compatible; GPTBot/1.2; +https://openai.com/gptbot)"
20.171.207.22 - - [09/Jun/2025:09:13:27 -0400] "GET /wp-includes/class-wp-oembed-controller.php HTTP/1.1" 403 1242 "-" "Mozilla/5.0 AppleWebKit/537.36 (KHTML, like Gecko; compatible; GPTBot/1.2; +https://openai.com/gptbot)"
20.171.207.22 - - [09/Jun/2025:09:13:52 -0400] "GET /wp-includes/class-wp-customize-section.php HTTP/1.1" 403 1242 "-" "Mozilla/5.0 AppleWebKit/537.36 (KHTML, like Gecko; compatible; GPTBot/1.2; +https://openai.com/gptbot)"
20.171.207.22 - - [09/Jun/2025:09:14:18 -0400] "GET /wp-includes/class-wp-customize-widgets.php HTTP/1.1" 403 1242 "-" "Mozilla/5.0 AppleWebKit/537.36 (KHTML, like Gecko; compatible; GPTBot/1.2; +https://openai.com/gptbot)"
52.167.144.174 - - [09/Jun/2025:09:14:28 -0400] "GET /K9xCYTKFls_ipyzzWpvjI HTTP/1.1" 200 131 "-" "msnbot/2.0b (+http://search.msn.com/msnbot.htm)"
52.167.144.174 - - [09/Jun/2025:09:14:28 -0400] "GET /wp-content/ HTTP/1.1" 200 0 "-" "msnbot/2.0b (+http://search.msn.com/msnbot.htm)"
52.167.144.174 - - [09/Jun/2025:09:14:29 -0400] "GET /wp-settings.php HTTP/1.1" 500 0 "-" "msnbot/2.0b (+http://search.msn.com/msnbot.htm)"
52.167.144.174 - - [09/Jun/2025:09:14:29 -0400] "GET /wp-cron.php HTTP/1.1" 200 0 "-" "msnbot/2.0b (+http://search.msn.com/msnbot.htm)"
52.167.144.174 - - [09/Jun/2025:09:14:29 -0400] "GET /error_log HTTP/1.1" 403 1242 "-" "msnbot/2.0b (+http://search.msn.com/msnbot.htm)"
162.0.232.193 - - [09/Jun/2025:09:14:31 -0400] "POST /wp-cron.php?doing_wp_cron=1749474870.8976650238037109375000 HTTP/1.1" 200 0 "-" "WordPress/6.8.1; https://reversevillain.com"
52.167.144.174 - - [09/Jun/2025:09:14:30 -0400] "GET /wp-admin/ HTTP/1.1" 302 0 "-" "msnbot/2.0b (+http://search.msn.com/msnbot.htm)"
52.167.144.219 - - [09/Jun/2025:09:14:33 -0400] "GET /wp-mail.php HTTP/1.1" 500 946 "-" "msnbot/2.0b (+http://search.msn.com/msnbot.htm)"
52.167.144.235 - - [09/Jun/2025:09:14:33 -0400] "GET /wp-load.php HTTP/1.1" 200 0 "-" "msnbot/2.0b (+http://search.msn.com/msnbot.htm)"
52.167.144.235 - - [09/Jun/2025:09:14:34 -0400] "GET /userfuns.php HTTP/1.1" 200 12 "-" "msnbot/2.0b (+http://search.msn.com/msnbot.htm)"
52.167.144.235 - - [09/Jun/2025:09:14:34 -0400] "GET /readme.html HTTP/1.1" 200 2662 "-" "msnbot/2.0b (+http://search.msn.com/msnbot.htm)"
52.167.144.235 - - [09/Jun/2025:09:14:34 -0400] "GET /wp-links-opml.php HTTP/1.1" 200 166 "-" "msnbot/2.0b (+http://search.msn.com/msnbot.htm)"
52.167.144.235 - - [09/Jun/2025:09:14:35 -0400] "GET /license.txt HTTP/1.1" 200 6865 "-" "msnbot/2.0b (+http://search.msn.com/msnbot.htm)"
52.167.144.235 - - [09/Jun/2025:09:14:35 -0400] "GET /wp-config-sample.php HTTP/1.1" 500 905 "-" "msnbot/2.0b (+http://search.msn.com/msnbot.htm)"
52.167.144.235 - - [09/Jun/2025:09:14:35 -0400] "GET /2.php HTTP/1.1" 403 1242 "-" "msnbot/2.0b (+http://search.msn.com/msnbot.htm)"
52.167.144.235 - - [09/Jun/2025:09:14:38 -0400] "GET /wp-blog-header.php HTTP/1.1" 301 0 "-" "msnbot/2.0b (+http://search.msn.com/msnbot.htm)"
52.167.144.174 - - [09/Jun/2025:09:14:38 -0400] "GET /wp-login.php?redirect_to=https%3A%2F%2Freversevillain.com%2Fwp-admin%2F&reauth=1 HTTP/1.1" 200 2054 "-" "msnbot/2.0b (+http://search.msn.com/msnbot.htm)"
52.167.144.219 - - [09/Jun/2025:09:14:42 -0400] "GET /cgi-bin/ HTTP/1.1" 403 1242 "-" "msnbot/2.0b (+http://search.msn.com/msnbot.htm)"
162.0.232.193 - - [09/Jun/2025:09:14:43 -0400] "POST /wp-cron.php?doing_wp_cron=1749474883.4543190002441406250000 HTTP/1.1" 200 0 "-" "WordPress/6.8.1; https://reversevillain.com"
52.167.144.219 - - [09/Jun/2025:09:14:43 -0400] "GET /wp-activate.php HTTP/1.1" 302 0 "-" "msnbot/2.0b (+http://search.msn.com/msnbot.htm)"
52.167.144.219 - - [09/Jun/2025:09:14:44 -0400] "GET /wp-login.php?action=register HTTP/1.1" 302 0 "-" "msnbot/2.0b (+http://search.msn.com/msnbot.htm)"
52.167.144.219 - - [09/Jun/2025:09:14:44 -0400] "GET /wp-login.php?registration=disabled HTTP/1.1" 200 2118 "-" "msnbot/2.0b (+http://search.msn.com/msnbot.htm)"
52.167.144.219 - - [09/Jun/2025:09:14:45 -0400] "GET /522314/ HTTP/1.1" 200 644 "-" "msnbot/2.0b (+http://search.msn.com/msnbot.htm)"
20.171.207.22 - - [09/Jun/2025:09:14:45 -0400] "GET /wp-includes/class-wp-customize-setting.php HTTP/1.1" 403 1242 "-" "Mozilla/5.0 AppleWebKit/537.36 (KHTML, like Gecko; compatible; GPTBot/1.2; +https://openai.com/gptbot)"
52.167.144.235 - - [09/Jun/2025:09:14:50 -0400] "GET /?MA HTTP/1.1" 200 1778 "-" "msnbot/2.0b (+http://search.msn.com/msnbot.htm)"
52.167.144.219 - - [09/Jun/2025:09:14:55 -0400] "GET /wp-signup.php HTTP/1.1" 301 0 "-" "msnbot/2.0b (+http://search.msn.com/msnbot.htm)"
52.167.144.219 - - [09/Jun/2025:09:14:55 -0400] "GET /wp-mail.php HTTP/1.1" 429 957 "-" "msnbot/2.0b (+http://search.msn.com/msnbot.htm)"
52.167.144.174 - - [09/Jun/2025:09:15:00 -0400] "GET /wp-settings.php HTTP/1.1" 500 0 "-" "msnbot/2.0b (+http://search.msn.com/msnbot.htm)"
52.167.144.235 - - [09/Jun/2025:09:15:05 -0400] "GET /wp-config-sample.php HTTP/1.1" 500 905 "-" "msnbot/2.0b (+http://search.msn.com/msnbot.htm)"
52.167.144.235 - - [09/Jun/2025:09:15:06 -0400] "GET /2.php HTTP/1.1" 403 1242 "-" "msnbot/2.0b (+http://search.msn.com/msnbot.htm)"
20.171.207.22 - - [09/Jun/2025:09:15:11 -0400] "GET /wp-admin/upgrade.php HTTP/1.1" 403 1242 "-" "Mozilla/5.0 AppleWebKit/537.36 (KHTML, like Gecko; compatible; GPTBot/1.2; +https://openai.com/gptbot)"
52.167.144.219 - - [09/Jun/2025:09:15:13 -0400] "GET /cgi-bin/ HTTP/1.1" 403 1242 "-" "msnbot/2.0b (+http://search.msn.com/msnbot.htm)"
52.167.144.174 - - [09/Jun/2025:09:15:18 -0400] "GET /error_log HTTP/1.1" 403 1242 "-" "msnbot/2.0b (+http://search.msn.com/msnbot.htm)"
20.171.207.22 - - [09/Jun/2025:09:15:36 -0400] "GET /wp-includes/class-wp-hook.php HTTP/1.1" 403 1242 "-" "Mozilla/5.0 AppleWebKit/537.36 (KHTML, like Gecko; compatible; GPTBot/1.2; +https://openai.com/gptbot)"
162.0.232.193 - - [09/Jun/2025:09:15:40 -0400] "POST /wp-cron.php?doing_wp_cron=1749474940.1688640117645263671875 HTTP/1.1" 200 0 "-" "WordPress/6.8.1; https://reversevillain.com"
43.159.144.16 - - [09/Jun/2025:09:15:40 -0400] "GET /wp-activate.php HTTP/1.1" 302 0 "-" "Mozilla/5.0 (iPhone; CPU iPhone OS 13_2_3 like Mac OS X) AppleWebKit/605.1.15 (KHTML, like Gecko) Version/13.0.3 Mobile/15E148 Safari/604.1"
162.0.232.193 - - [09/Jun/2025:09:15:43 -0400] "POST /wp-cron.php?doing_wp_cron=1749474943.4591050148010253906250 HTTP/1.1" 200 0 "-" "WordPress/6.8.1; https://reversevillain.com"
43.159.144.16 - - [09/Jun/2025:09:15:43 -0400] "GET /wp-login.php?action=register HTTP/1.1" 302 0 "https://www.reversevillain.com/wp-activate.php" "Mozilla/5.0 (iPhone; CPU iPhone OS 13_2_3 like Mac OS X) AppleWebKit/605.1.15 (KHTML, like Gecko) Version/13.0.3 Mobile/15E148 Safari/604.1"
162.0.232.193 - - [09/Jun/2025:09:15:44 -0400] "POST /wp-admin/admin-ajax.php?action=async_litespeed&nonce=crPQEpv96mmZbr3FlVW7poG7790GKgPB&litespeed_type=imgoptm HTTP/1.1" 200 5 "-" "WordPress/6.8.1; https://reversevillain.com"
43.159.144.16 - - [09/Jun/2025:09:15:45 -0400] "GET /wp-login.php?registration=disabled HTTP/1.1" 200 2118 "https://reversevillain.com/wp-login.php?action=register" "Mozilla/5.0 (iPhone; CPU iPhone OS 13_2_3 like Mac OS X) AppleWebKit/605.1.15 (KHTML, like Gecko) Version/13.0.3 Mobile/15E148 Safari/604.1"
20.171.207.22 - - [09/Jun/2025:09:16:00 -0400] "GET /wp-includes/class-wp-term.php HTTP/1.1" 403 1242 "-" "Mozilla/5.0 AppleWebKit/537.36 (KHTML, like Gecko; compatible; GPTBot/1.2; +https://openai.com/gptbot)"
20.171.207.22 - - [09/Jun/2025:09:16:25 -0400] "GET /wp-includes/html-api/html5-named-character-references.php HTTP/1.1" 403 1242 "-" "Mozilla/5.0 AppleWebKit/537.36 (KHTML, like Gecko; compatible; GPTBot/1.2; +https://openai.com/gptbot)"
20.171.207.22 - - [09/Jun/2025:09:16:51 -0400] "GET /wp-includes/class-wp-role.php HTTP/1.1" 403 1242 "-" "Mozilla/5.0 AppleWebKit/537.36 (KHTML, like Gecko; compatible; GPTBot/1.2; +https://openai.com/gptbot)"
20.171.207.22 - - [09/Jun/2025:09:17:16 -0400] "GET /wp-includes/class-wp-block-patterns-registry.php HTTP/1.1" 403 1242 "-" "Mozilla/5.0 AppleWebKit/537.36 (KHTML, like Gecko; compatible; GPTBot/1.2; +https://openai.com/gptbot)"
20.171.207.22 - - [09/Jun/2025:09:17:41 -0400] "GET /wp-includes/class-wp-block-bindings-registry.php HTTP/1.1" 403 1242 "-" "Mozilla/5.0 AppleWebKit/537.36 (KHTML, like Gecko; compatible; GPTBot/1.2; +https://openai.com/gptbot)"
20.171.207.22 - - [09/Jun/2025:09:18:06 -0400] "GET /wp-includes/class-walker-page-dropdown.php HTTP/1.1" 403 1242 "-" "Mozilla/5.0 AppleWebKit/537.36 (KHTML, like Gecko; compatible; GPTBot/1.2; +https://openai.com/gptbot)"
2a03:2880:f800:1d:: - - [09/Jun/2025:09:18:11 -0400] "GET /sitemap_index.xml HTTP/1.1" 404 1251 "-" "meta-externalagent/1.1 (+https://developers.facebook.com/docs/sharing/webmasters/crawler)"
20.171.207.22 - - [09/Jun/2025:09:18:32 -0400] "GET /wp-includes/ms-default-filters.php HTTP/1.1" 403 1242 "-" "Mozilla/5.0 AppleWebKit/537.36 (KHTML, like Gecko; compatible; GPTBot/1.2; +https://openai.com/gptbot)"
20.171.207.22 - - [09/Jun/2025:09:18:56 -0400] "GET /wp-includes/speculative-loading.php HTTP/1.1" 403 1242 "-" "Mozilla/5.0 AppleWebKit/537.36 (KHTML, like Gecko; compatible; GPTBot/1.2; +https://openai.com/gptbot)"
118.195.153.213 - - [09/Jun/2025:09:19:00 -0400] "GET / HTTP/1.1" 200 1795 "http://reversevillain.com" "Mozilla/5.0 (iPhone; CPU iPhone OS 13_2_3 like Mac OS X) AppleWebKit/605.1.15 (KHTML, like Gecko) Version/13.0.3 Mobile/15E148 Safari/604.1"
20.171.207.22 - - [09/Jun/2025:09:19:21 -0400] "GET /_autoindex/assets/icons/corner-left-up.svg HTTP/1.1" 200 328 "-" "Mozilla/5.0 AppleWebKit/537.36 (KHTML, like Gecko; compatible; GPTBot/1.2; +https://openai.com/gptbot)"
20.171.207.22 - - [09/Jun/2025:09:19:47 -0400] "GET /wp-includes/class-wp-block-templates-registry.php HTTP/1.1" 403 1242 "-" "Mozilla/5.0 AppleWebKit/537.36 (KHTML, like Gecko; compatible; GPTBot/1.2; +https://openai.com/gptbot)"
162.0.232.193 - - [09/Jun/2025:09:20:13 -0400] "POST /wp-cron.php?doing_wp_cron=1749475213.4522290229797363281250 HTTP/1.1" 200 0 "-" "WordPress/6.8.1; https://reversevillain.com"
20.171.207.22 - - [09/Jun/2025:09:20:11 -0400] "GET /wp-login.php HTTP/1.1" 200 2047 "-" "Mozilla/5.0 AppleWebKit/537.36 (KHTML, like Gecko; compatible; GPTBot/1.2; +https://openai.com/gptbot)"
162.0.232.193 - - [09/Jun/2025:09:20:14 -0400] "POST /wp-admin/admin-ajax.php?action=async_litespeed&nonce=PwFvB4UXGWcPpFL7DiF4RzDNHAXB4YZ0&litespeed_type=imgoptm HTTP/1.1" 503 0 "-" "WordPress/6.8.1; https://reversevillain.com"
20.171.207.22 - - [09/Jun/2025:09:20:34 -0400] "GET /wp-includes/class-wp-network-query.php HTTP/1.1" 403 1242 "-" "Mozilla/5.0 AppleWebKit/537.36 (KHTML, like Gecko; compatible; GPTBot/1.2; +https://openai.com/gptbot)"
20.171.207.22 - - [09/Jun/2025:09:20:54 -0400] "GET /wp-includes/class-wp-recovery-mode.php HTTP/1.1" 403 1242 "-" "Mozilla/5.0 AppleWebKit/537.36 (KHTML, like Gecko; compatible; GPTBot/1.2; +https://openai.com/gptbot)"
20.171.207.22 - - [09/Jun/2025:09:21:15 -0400] "GET /wp-includes/interactivity-api/ HTTP/1.1" 200 732 "-" "Mozilla/5.0 AppleWebKit/537.36 (KHTML, like Gecko; compatible; GPTBot/1.2; +https://openai.com/gptbot)"
20.171.207.22 - - [09/Jun/2025:09:21:36 -0400] "GET /wp-includes/class-wp-text-diff-renderer-table.php HTTP/1.1" 403 1242 "-" "Mozilla/5.0 AppleWebKit/537.36 (KHTML, like Gecko; compatible; GPTBot/1.2; +https://openai.com/gptbot)"
20.171.207.22 - - [09/Jun/2025:09:21:54 -0400] "GET /wp-includes/class-wp-http-encoding.php HTTP/1.1" 403 1242 "-" "Mozilla/5.0 AppleWebKit/537.36 (KHTML, like Gecko; compatible; GPTBot/1.2; +https://openai.com/gptbot)"
20.171.207.22 - - [09/Jun/2025:09:22:12 -0400] "GET /wp-includes/block-template.php HTTP/1.1" 403 1242 "-" "Mozilla/5.0 AppleWebKit/537.36 (KHTML, like Gecko; compatible; GPTBot/1.2; +https://openai.com/gptbot)"
20.171.207.22 - - [09/Jun/2025:09:22:31 -0400] "GET /wp-includes/block-patterns.php HTTP/1.1" 403 1242 "-" "Mozilla/5.0 AppleWebKit/537.36 (KHTML, like Gecko; compatible; GPTBot/1.2; +https://openai.com/gptbot)"
20.171.207.22 - - [09/Jun/2025:09:22:50 -0400] "GET /wp-includes/block-bindings.php HTTP/1.1" 403 1242 "-" "Mozilla/5.0 AppleWebKit/537.36 (KHTML, like Gecko; compatible; GPTBot/1.2; +https://openai.com/gptbot)"
20.171.207.22 - - [09/Jun/2025:09:23:09 -0400] "GET /wp-includes/class-requests.php HTTP/1.1" 403 1242 "-" "Mozilla/5.0 AppleWebKit/537.36 (KHTML, like Gecko; compatible; GPTBot/1.2; +https://openai.com/gptbot)"
20.171.207.22 - - [09/Jun/2025:09:23:27 -0400] "GET /wp-includes/media-template.php HTTP/1.1" 403 1242 "-" "Mozilla/5.0 AppleWebKit/537.36 (KHTML, like Gecko; compatible; GPTBot/1.2; +https://openai.com/gptbot)"
20.171.207.22 - - [09/Jun/2025:09:23:45 -0400] "GET /wp-includes/theme-previews.php HTTP/1.1" 403 1242 "-" "Mozilla/5.0 AppleWebKit/537.36 (KHTML, like Gecko; compatible; GPTBot/1.2; +https://openai.com/gptbot)"
20.171.207.22 - - [09/Jun/2025:09:24:03 -0400] "GET /wp-includes/class.wp-dependencies.php HTTP/1.1" 403 1242 "-" "Mozilla/5.0 AppleWebKit/537.36 (KHTML, like Gecko; compatible; GPTBot/1.2; +https://openai.com/gptbot)"
20.171.207.22 - - [09/Jun/2025:09:24:21 -0400] "GET /wp-includes/interactivity-api/interactivity-api.php HTTP/1.1" 403 1242 "-" "Mozilla/5.0 AppleWebKit/537.36 (KHTML, like Gecko; compatible; GPTBot/1.2; +https://openai.com/gptbot)"
40.77.167.7 - - [09/Jun/2025:09:24:35 -0400] "GET /reverse-villain-chapter-7/ HTTP/1.1" 404 1251 "-" "Mozilla/5.0 AppleWebKit/537.36 (KHTML, like Gecko; compatible; bingbot/2.0; +http://www.bing.com/bingbot.htm) Chrome/116.0.1938.76 Safari/537.36"
20.171.207.22 - - [09/Jun/2025:09:24:39 -0400] "GET /wp-includes/interactivity-api/class-wp-interactivity-api.php HTTP/1.1" 403 1242 "-" "Mozilla/5.0 AppleWebKit/537.36 (KHTML, like Gecko; compatible; GPTBot/1.2; +https://openai.com/gptbot)"
20.171.207.22 - - [09/Jun/2025:09:24:58 -0400] "GET /wp-includes/interactivity-api/class-wp-interactivity-api-directives-processor.php HTTP/1.1" 403 1242 "-" "Mozilla/5.0 AppleWebKit/537.36 (KHTML, like Gecko; compatible; GPTBot/1.2; +https://openai.com/gptbot)"
24.122.54.166 - - [09/Jun/2025:09:25:16 -0400] "GET /wp-config-sample.php HTTP/1.1" 500 905 "-" "Mozilla/5.0 (Linux; Android 5.0; SM-G900P Build/LRX21T) AppleWebKit/537.36 (KHTML, like Gecko) Chrome/51.0.1977.1490 Mobile Safari/537.36"
20.171.207.22 - - [09/Jun/2025:09:25:17 -0400] "GET /wp-includes/class-wp-phpmailer.php HTTP/1.1" 403 1242 "-" "Mozilla/5.0 AppleWebKit/537.36 (KHTML, like Gecko; compatible; GPTBot/1.2; +https://openai.com/gptbot)"
20.171.207.22 - - [09/Jun/2025:09:25:36 -0400] "GET /wp-includes/class-wp-dependencies.php HTTP/1.1" 403 1242 "-" "Mozilla/5.0 AppleWebKit/537.36 (KHTML, like Gecko; compatible; GPTBot/1.2; +https://openai.com/gptbot)"
20.171.207.22 - - [09/Jun/2025:09:25:55 -0400] "GET /wp-includes/class-wp-textdomain-registry.php HTTP/1.1" 403 1242 "-" "Mozilla/5.0 AppleWebKit/537.36 (KHTML, like Gecko; compatible; GPTBot/1.2; +https://openai.com/gptbot)"
47.128.16.150 - - [09/Jun/2025:09:26:07 -0400] "GET /oshi-ga-budoukan-ittekuretara-shinu-chapter-1/ HTTP/1.1" 404 1251 "-" "Mozilla/5.0 (Linux; Android 5.0) AppleWebKit/537.36 (KHTML, like Gecko) Mobile Safari/537.36 (compatible; TikTokSpider; [email protected])"
20.171.207.22 - - [09/Jun/2025:09:26:13 -0400] "GET /wp-includes/class-wp-theme-json-data.php HTTP/1.1" 403 1242 "-" "Mozilla/5.0 AppleWebKit/537.36 (KHTML, like Gecko; compatible; GPTBot/1.2; +https://openai.com/gptbot)"
17.241.227.174 - - [09/Jun/2025:09:26:15 -0400] "GET /manga/im-really-not-a-supervillain-chapter-204/ HTTP/1.1" 404 1251 "-" "Mozilla/5.0 (Macintosh; Intel Mac OS X 10_15_7) AppleWebKit/605.1.15 (KHTML, like Gecko) Version/17.4 Safari/605.1.15 (Applebot/0.1; +http://www.apple.com/go/applebot)"
20.171.207.22 - - [09/Jun/2025:09:26:49 -0400] "GET /wp-includes/robots-template.php HTTP/1.1" 403 1242 "-" "Mozilla/5.0 AppleWebKit/537.36 (KHTML, like Gecko; compatible; GPTBot/1.2; +https://openai.com/gptbot)"
2a02:3030:661:3ee6:6a64:ad86:3e71:7b12 - - [09/Jun/2025:09:26:50 -0400] "GET /wp-content/uploads/2022/02/cropped-download-180x180.jpeg HTTP/1.1" 200 0 "-" "Dalvik/2.1.0 (Linux; U; Android 14; SM-A556B Build/UP1A.231005.007)"
20.171.207.22 - - [09/Jun/2025:09:27:05 -0400] "GET /wp-includes/https-migration.php HTTP/1.1" 403 1242 "-" "Mozilla/5.0 AppleWebKit/537.36 (KHTML, like Gecko; compatible; GPTBot/1.2; +https://openai.com/gptbot)"
20.171.207.22 - - [09/Jun/2025:09:27:23 -0400] "GET /wp-includes/template-loader.php HTTP/1.1" 403 1242 "-" "Mozilla/5.0 AppleWebKit/537.36 (KHTML, like Gecko; compatible; GPTBot/1.2; +https://openai.com/gptbot)"
52.167.144.203 - - [09/Jun/2025:09:27:34 -0400] "GET /?SA HTTP/1.1" 200 1798 "-" "msnbot/2.0b (+http://search.msn.com/msnbot.htm)"
20.171.207.22 - - [09/Jun/2025:09:27:40 -0400] "GET /wp-includes/https-detection.php HTTP/1.1" 403 1242 "-" "Mozilla/5.0 AppleWebKit/537.36 (KHTML, like Gecko; compatible; GPTBot/1.2; +https://openai.com/gptbot)"
20.171.207.22 - - [09/Jun/2025:09:27:56 -0400] "GET /wp-includes/template-canvas.php HTTP/1.1" 403 1242 "-" "Mozilla/5.0 AppleWebKit/537.36 (KHTML, like Gecko; compatible; GPTBot/1.2; +https://openai.com/gptbot)"
20.171.207.22 - - [09/Jun/2025:09:28:13 -0400] "GET /wp-includes/theme-templates.php HTTP/1.1" 403 1242 "-" "Mozilla/5.0 AppleWebKit/537.36 (KHTML, like Gecko; compatible; GPTBot/1.2; +https://openai.com/gptbot)"
20.171.207.22 - - [09/Jun/2025:09:28:30 -0400] "GET /wp-includes/class-simplepie.php HTTP/1.1" 403 1242 "-" "Mozilla/5.0 AppleWebKit/537.36 (KHTML, like Gecko; compatible; GPTBot/1.2; +https://openai.com/gptbot)"
216.244.66.242 - - [09/Jun/2025:09:28:38 -0400] "GET /robots.txt HTTP/1.1" 404 1251 "-" "Mozilla/5.0 (compatible; DotBot/1.2; +https://opensiteexplorer.org/dotbot; [email protected])"
20.171.207.22 - - [09/Jun/2025:09:28:47 -0400] "GET /wp-includes/class-wp-theme-json-schema.php HTTP/1.1" 403 1242 "-" "Mozilla/5.0 AppleWebKit/537.36 (KHTML, like Gecko; compatible; GPTBot/1.2; +https://openai.com/gptbot)"
20.171.207.22 - - [09/Jun/2025:09:29:04 -0400] "GET /wp-includes/admin-bar.php HTTP/1.1" 403 1242 "-" "Mozilla/5.0 AppleWebKit/537.36 (KHTML, like Gecko; compatible; GPTBot/1.2; +https://openai.com/gptbot)"
86.44.119.122 - - [09/Jun/2025:09:29:16 -0400] "GET /wp-settings.php HTTP/1.1" 500 0 "-" "Mozilla/5.0 (Linux; Android 5.0; SM-G900P Build/LRX21T) AppleWebKit/537.36 (KHTML, like Gecko) Chrome/45.0.5197.1104 Mobile Safari/537.36"
20.171.207.22 - - [09/Jun/2025:09:29:21 -0400] "GET /_autoindex/assets/js/tablesort.number.js HTTP/1.1" 304 0 "-" "Mozilla/5.0 AppleWebKit/537.36 (KHTML, like Gecko; compatible; GPTBot/1.2; +https://openai.com/gptbot)"
20.171.207.22 - - [09/Jun/2025:09:29:37 -0400] "GET /wp-includes/class-wp-recovery-mode-key-service.php HTTP/1.1" 403 1242 "-" "Mozilla/5.0 AppleWebKit/537.36 (KHTML, like Gecko; compatible; GPTBot/1.2; +https://openai.com/gptbot)"
20.171.207.22 - - [09/Jun/2025:09:29:52 -0400] "GET /wp-admin/install.php HTTP/1.1" 403 1242 "-" "Mozilla/5.0 AppleWebKit/537.36 (KHTML, like Gecko; compatible; GPTBot/1.2; +https://openai.com/gptbot)"
20.171.207.22 - - [09/Jun/2025:09:30:08 -0400] "GET /wp-includes/class-wp-dependency.php HTTP/1.1" 403 1242 "-" "Mozilla/5.0 AppleWebKit/537.36 (KHTML, like Gecko; compatible; GPTBot/1.2; +https://openai.com/gptbot)"
20.171.207.22 - - [09/Jun/2025:09:30:24 -0400] "GET /wp-includes/class-wp-http-streams.php HTTP/1.1" 403 1242 "-" "Mozilla/5.0 AppleWebKit/537.36 (KHTML, like Gecko; compatible; GPTBot/1.2; +https://openai.com/gptbot)"
47.128.22.38 - - [09/Jun/2025:09:30:27 -0400] "GET / HTTP/1.1" 200 1799 "-" "Mozilla/5.0 (Linux; Android 5.0) AppleWebKit/537.36 (KHTML, like Gecko) Mobile Safari/537.36 (compatible; Bytespider; [email protected])"
47.128.22.38 - - [09/Jun/2025:09:30:28 -0400] "GET /_autoindex/assets/css/autoindex.css HTTP/1.1" 200 1170 "https://reversevillain.com/" "Mozilla/5.0 (Linux; Android 5.0) AppleWebKit/537.36 (KHTML, like Gecko) Mobile Safari/537.36 (compatible; Bytespider; [email protected])"
47.128.22.38 - - [09/Jun/2025:09:30:28 -0400] "GET /_autoindex/assets/icons/folder-fill.svg HTTP/1.1" 200 333 "https://reversevillain.com/" "Mozilla/5.0 (Linux; Android 5.0) AppleWebKit/537.36 (KHTML, like Gecko) Mobile Safari/537.36 (compatible; Bytespider; [email protected])"
47.128.22.38 - - [09/Jun/2025:09:30:29 -0400] "GET /_autoindex/assets/icons/file-text.svg HTTP/1.1" 200 394 "https://reversevillain.com/" "Mozilla/5.0 (Linux; Android 5.0) AppleWebKit/537.36 (KHTML, like Gecko) Mobile Safari/537.36 (compatible; Bytespider; [email protected])"
47.128.22.38 - - [09/Jun/2025:09:30:29 -0400] "GET /_autoindex/assets/icons/file.svg HTTP/1.1" 200 354 "https://reversevillain.com/" "Mozilla/5.0 (Linux; Android 5.0) AppleWebKit/537.36 (KHTML, like Gecko) Mobile Safari/537.36 (compatible; Bytespider; [email protected])"
47.128.96.149 - - [09/Jun/2025:09:30:41 -0400] "GET /men-of-the-harem-chapter-128/ HTTP/1.1" 404 1251 "-" "Mozilla/5.0 (Linux; Android 5.0) AppleWebKit/537.36 (KHTML, like Gecko) Mobile Safari/537.36 (compatible; TikTokSpider; [email protected])"
20.171.207.22 - - [09/Jun/2025:09:30:46 -0400] "GET /wp-includes/class-wp-query.php HTTP/1.1" 403 1242 "-" "Mozilla/5.0 AppleWebKit/537.36 (KHTML, like Gecko; compatible; GPTBot/1.2; +https://openai.com/gptbot)"
40.77.167.155 - - [09/Jun/2025:09:33:05 -0400] "GET /reality-quest-chapter-1/ HTTP/1.1" 404 1251 "-" "Mozilla/5.0 AppleWebKit/537.36 (KHTML, like Gecko; compatible; bingbot/2.0; +http://www.bing.com/bingbot.htm) Chrome/116.0.1938.76 Safari/537.36"
47.128.122.214 - - [09/Jun/2025:09:33:52 -0400] "GET / HTTP/1.1" 200 1799 "-" "Mozilla/5.0 (Linux; Android 5.0) AppleWebKit/537.36 (KHTML, like Gecko) Mobile Safari/537.36 (compatible; Bytespider; [email protected])"
43.135.145.73 - - [09/Jun/2025:09:35:11 -0400] "GET /wp-admin/ HTTP/1.1" 302 0 "-" "Mozilla/5.0 (iPhone; CPU iPhone OS 13_2_3 like Mac OS X) AppleWebKit/605.1.15 (KHTML, like Gecko) Version/13.0.3 Mobile/15E148 Safari/604.1"
43.135.145.73 - - [09/Jun/2025:09:35:16 -0400] "GET /wp-login.php?redirect_to=https%3A%2F%2Fwww.reversevillain.com%2Fwp-admin%2F&reauth=1 HTTP/1.1" 200 2061 "https://www.reversevillain.com/wp-admin/" "Mozilla/5.0 (iPhone; CPU iPhone OS 13_2_3 like Mac OS X) AppleWebKit/605.1.15 (KHTML, like Gecko) Version/13.0.3 Mobile/15E148 Safari/604.1"
47.128.121.79 - - [09/Jun/2025:09:36:14 -0400] "GET /murim-rpg-simulation-chapter-90/ HTTP/1.1" 404 1251 "-" "Mozilla/5.0 (Linux; Android 5.0) AppleWebKit/537.36 (KHTML, like Gecko) Mobile Safari/537.36 (compatible; TikTokSpider; [email protected])"
107.151.248.207 - - [09/Jun/2025:09:38:25 -0400] "GET /wp-includes/ID3/index.php HTTP/1.1" 404 1251 "-" "Mozlila/5.0 (Linux; Android 7.0; SM-G892A Bulid/NRD90M; wv) AppleWebKit/537.36 (KHTML, like Gecko) Version/4.0 Chrome/60.0.3112.107 Moblie Safari/537.36"
107.151.248.207 - - [09/Jun/2025:09:38:27 -0400] "GET /wp-content/plugins/index.php HTTP/1.1" 200 0 "-" "Mozlila/5.0 (Linux; Android 7.0; SM-G892A Bulid/NRD90M; wv) AppleWebKit/537.36 (KHTML, like Gecko) Version/4.0 Chrome/60.0.3112.107 Moblie Safari/537.36"
162.0.232.193 - - [09/Jun/2025:09:38:32 -0400] "POST /wp-cron.php?doing_wp_cron=1749476312.5416851043701171875000 HTTP/1.1" 200 0 "-" "WordPress/6.8.1; https://reversevillain.com"
107.151.248.207 - - [09/Jun/2025:09:38:31 -0400] "GET /wp-admin/network/index.php HTTP/1.1" 302 0 "-" "Mozlila/5.0 (Linux; Android 7.0; SM-G892A Bulid/NRD90M; wv) AppleWebKit/537.36 (KHTML, like Gecko) Version/4.0 Chrome/60.0.3112.107 Moblie Safari/537.36"
107.151.248.207 - - [09/Jun/2025:09:38:33 -0400] "GET /wp-login.php?redirect_to=https%3A%2F%2Freversevillain.com%2Fwp-admin%2Fnetwork%2Findex.php&reauth=1 HTTP/1.1" 200 2056 "-" "Mozlila/5.0 (Linux; Android 7.0; SM-G892A Bulid/NRD90M; wv) AppleWebKit/537.36 (KHTML, like Gecko) Version/4.0 Chrome/60.0.3112.107 Moblie Safari/537.36"
52.167.144.219 - - [09/Jun/2025:09:38:34 -0400] "GET /?ND HTTP/1.1" 200 1792 "-" "msnbot/2.0b (+http://search.msn.com/msnbot.htm)"
52.167.144.182 - - [09/Jun/2025:09:38:37 -0400] "GET /wp-login.php HTTP/1.1" 200 2047 "-" "msnbot/2.0b (+http://search.msn.com/msnbot.htm)"
107.151.248.207 - - [09/Jun/2025:09:38:38 -0400] "GET /wp-includes/IXR/index.php HTTP/1.1" 404 1251 "-" "Mozlila/5.0 (Linux; Android 7.0; SM-G892A Bulid/NRD90M; wv) AppleWebKit/537.36 (KHTML, like Gecko) Version/4.0 Chrome/60.0.3112.107 Moblie Safari/537.36"
107.151.248.207 - - [09/Jun/2025:09:38:42 -0400] "GET /wp-admin/images/index.php HTTP/1.1" 302 0 "-" "Mozlila/5.0 (Linux; Android 7.0; SM-G892A Bulid/NRD90M; wv) AppleWebKit/537.36 (KHTML, like Gecko) Version/4.0 Chrome/60.0.3112.107 Moblie Safari/537.36"
107.151.248.207 - - [09/Jun/2025:09:38:42 -0400] "GET /wp-login.php?redirect_to=https%3A%2F%2Freversevillain.com%2Fwp-admin%2Fimages%2Findex.php&reauth=1 HTTP/1.1" 200 2058 "-" "Mozlila/5.0 (Linux; Android 7.0; SM-G892A Bulid/NRD90M; wv) AppleWebKit/537.36 (KHTML, like Gecko) Version/4.0 Chrome/60.0.3112.107 Moblie Safari/537.36"
52.167.144.18 - - [09/Jun/2025:09:38:43 -0400] "GET /admin.php HTTP/1.1" 404 16 "-" "msnbot/2.0b (+http://search.msn.com/msnbot.htm)"
107.151.248.207 - - [09/Jun/2025:09:38:45 -0400] "GET /wp-login.php HTTP/1.1" 200 2047 "-" "Mozlila/5.0 (Linux; Android 7.0; SM-G892A Bulid/NRD90M; wv) AppleWebKit/537.36 (KHTML, like Gecko) Version/4.0 Chrome/60.0.3112.107 Moblie Safari/537.36"
107.151.248.207 - - [09/Jun/2025:09:38:46 -0400] "GET /wp-content/plugins/admin.php HTTP/1.1" 200 0 "-" "Mozlila/5.0 (Linux; Android 7.0; SM-G892A Bulid/NRD90M; wv) AppleWebKit/537.36 (KHTML, like Gecko) Version/4.0 Chrome/60.0.3112.107 Moblie Safari/537.36"
107.151.248.207 - - [09/Jun/2025:09:38:48 -0400] "GET /xmlrpc.php HTTP/1.1" 405 46 "-" "Mozlila/5.0 (Linux; Android 7.0; SM-G892A Bulid/NRD90M; wv) AppleWebKit/537.36 (KHTML, like Gecko) Version/4.0 Chrome/60.0.3112.107 Moblie Safari/537.36"
107.151.248.207 - - [09/Jun/2025:09:38:50 -0400] "GET /wp-admin.php HTTP/1.1" 404 1251 "-" "Mozlila/5.0 (Linux; Android 7.0; SM-G892A Bulid/NRD90M; wv) AppleWebKit/537.36 (KHTML, like Gecko) Version/4.0 Chrome/60.0.3112.107 Moblie Safari/537.36"
107.151.248.207 - - [09/Jun/2025:09:38:54 -0400] "GET /wp-content/plugins/Core-Econ/upH.php HTTP/1.1" 200 0 "-" "Mozlila/5.0 (Linux; Android 7.0; SM-G892A Bulid/NRD90M; wv) AppleWebKit/537.36 (KHTML, like Gecko) Version/4.0 Chrome/60.0.3112.107 Moblie Safari/537.36"
107.151.248.207 - - [09/Jun/2025:09:38:56 -0400] "GET /wp-content/plugins/fix/up.php HTTP/1.1" 200 0 "-" "Mozlila/5.0 (Linux; Android 7.0; SM-G892A Bulid/NRD90M; wv) AppleWebKit/537.36 (KHTML, like Gecko) Version/4.0 Chrome/60.0.3112.107 Moblie Safari/537.36"
107.151.248.207 - - [09/Jun/2025:09:39:00 -0400] "GET /wp-content/plugins/pwnd/pwnd.php HTTP/1.1" 200 0 "-" "Mozlila/5.0 (Linux; Android 7.0; SM-G892A Bulid/NRD90M; wv) AppleWebKit/537.36 (KHTML, like Gecko) Version/4.0 Chrome/60.0.3112.107 Moblie Safari/537.36"
107.151.248.207 - - [09/Jun/2025:09:39:02 -0400] "GET /wp-content/plugins/shell/noimg.php HTTP/1.1" 200 0 "-" "Mozlila/5.0 (Linux; Android 7.0; SM-G892A Bulid/NRD90M; wv) AppleWebKit/537.36 (KHTML, like Gecko) Version/4.0 Chrome/60.0.3112.107 Moblie Safari/537.36"
107.151.248.207 - - [09/Jun/2025:09:39:04 -0400] "GET /WSOEnigma.php HTTP/1.1" 404 1251 "-" "Mozlila/5.0 (Linux; Android 7.0; SM-G892A Bulid/NRD90M; wv) AppleWebKit/537.36 (KHTML, like Gecko) Version/4.0 Chrome/60.0.3112.107 Moblie Safari/537.36"
107.151.248.207 - - [09/Jun/2025:09:39:08 -0400] "GET /wp-content/plugins/pwnd-1/pwnd.php HTTP/1.1" 200 0 "-" "Mozlila/5.0 (Linux; Android 7.0; SM-G892A Bulid/NRD90M; wv) AppleWebKit/537.36 (KHTML, like Gecko) Version/4.0 Chrome/60.0.3112.107 Moblie Safari/537.36"
107.151.248.207 - - [09/Jun/2025:09:39:09 -0400] "GET /wp-content/plugins/dummyyummy/wp-signup.php HTTP/1.1" 200 0 "-" "Mozlila/5.0 (Linux; Android 7.0; SM-G892A Bulid/NRD90M; wv) AppleWebKit/537.36 (KHTML, like Gecko) Version/4.0 Chrome/60.0.3112.107 Moblie Safari/537.36"
107.151.248.207 - - [09/Jun/2025:09:39:10 -0400] "GET /wp-content/plugins/clara/clara.php HTTP/1.1" 200 0 "-" "Mozlila/5.0 (Linux; Android 7.0; SM-G892A Bulid/NRD90M; wv) AppleWebKit/537.36 (KHTML, like Gecko) Version/4.0 Chrome/60.0.3112.107 Moblie Safari/537.36"
52.167.144.18 - - [09/Jun/2025:09:39:13 -0400] "GET /admin.php HTTP/1.1" 404 16 "-" "msnbot/2.0b (+http://search.msn.com/msnbot.htm)"
213.180.203.238 - - [09/Jun/2025:09:39:22 -0400] "GET /robots.txt HTTP/1.1" 404 1251 "-" "Mozilla/5.0 (compatible; YandexBot/3.0; +http://yandex.com/bots)"
95.108.213.220 - - [09/Jun/2025:09:39:23 -0400] "GET /nano-machine-chapter-115-3/ HTTP/1.1" 404 1251 "-" "Mozilla/5.0 (compatible; YandexBot/3.0; +http://yandex.com/bots)"
66.249.66.45 - - [09/Jun/2025:09:39:25 -0400] "GET /reverse-villain/chapter-2/ HTTP/1.1" 404 1251 "-" "Mozilla/5.0 (Linux; Android 6.0.1; Nexus 5X Build/MMB29P) AppleWebKit/537.36 (KHTML, like Gecko) Chrome/136.0.7103.113 Mobile Safari/537.36 (compatible; Googlebot/2.1; +http://www.google.com/bot.html)"
52.167.144.182 - - [09/Jun/2025:09:40:29 -0400] "GET /youjo-senki-chapter-63-5/ HTTP/1.1" 404 1251 "-" "Mozilla/5.0 AppleWebKit/537.36 (KHTML, like Gecko; compatible; bingbot/2.0; +http://www.bing.com/bingbot.htm) Chrome/116.0.1938.76 Safari/537.36"
185.139.138.32 - - [09/Jun/2025:09:41:26 -0400] "GET /reverse-villain/chapter-1/ HTTP/1.1" 404 1251 "-" "Mozilla/5.0 (iPhone; CPU iPhone OS 16_6 like Mac OS X) AppleWebKit/605.1.15 (KHTML, like Gecko) Version/16.6 Mobile/15E148 Safari/604.1"
185.139.138.32 - - [09/Jun/2025:09:41:27 -0400] "GET /favicon.ico HTTP/1.1" 404 1251 "-" "Mozilla/5.0 (iPhone; CPU iPhone OS 16_6 like Mac OS X) AppleWebKit/605.1.15 (KHTML, like Gecko) Version/16.6 Mobile/15E148 Safari/604.1"
185.139.138.32 - - [09/Jun/2025:09:41:27 -0400] "GET /reverse-villain/chapter-1/ HTTP/1.1" 404 1251 "-" "Mozilla/5.0 (iPhone; CPU iPhone OS 16_6 like Mac OS X) AppleWebKit/605.1.15 (KHTML, like Gecko) Version/16.6 Mobile/15E148 Safari/604.1"
20.171.207.22 - - [09/Jun/2025:09:41:57 -0400] "GET /wp-includes/functions.wp-scripts.php HTTP/1.1" 403 1242 "-" "Mozilla/5.0 AppleWebKit/537.36 (KHTML, like Gecko; compatible; GPTBot/1.2; +https://openai.com/gptbot)"
20.171.207.22 - - [09/Jun/2025:09:42:01 -0400] "GET /wp-includes/default-widgets.php HTTP/1.1" 403 1242 "-" "Mozilla/5.0 AppleWebKit/537.36 (KHTML, like Gecko; compatible; GPTBot/1.2; +https://openai.com/gptbot)"
185.139.138.32 - - [09/Jun/2025:09:42:11 -0400] "GET /reverse-villain/chapter-1/ HTTP/1.1" 404 1251 "-" "Mozilla/5.0 (iPhone; CPU iPhone OS 16_6 like Mac OS X) AppleWebKit/605.1.15 (KHTML, like Gecko) Version/16.6 Mobile/15E148 Safari/604.1"
185.139.138.32 - - [09/Jun/2025:09:42:12 -0400] "GET /favicon.ico HTTP/1.1" 404 1251 "-" "Mozilla/5.0 (iPhone; CPU iPhone OS 16_6 like Mac OS X) AppleWebKit/605.1.15 (KHTML, like Gecko) Version/16.6 Mobile/15E148 Safari/604.1"
20.171.207.22 - - [09/Jun/2025:09:42:12 -0400] "GET /wp-includes/default-filters.php HTTP/1.1" 403 1242 "-" "Mozilla/5.0 AppleWebKit/537.36 (KHTML, like Gecko; compatible; GPTBot/1.2; +https://openai.com/gptbot)"
185.139.138.32 - - [09/Jun/2025:09:42:13 -0400] "GET /reverse-villain/chapter-1/ HTTP/1.1" 404 1251 "-" "Mozilla/5.0 (iPhone; CPU iPhone OS 16_6 like Mac OS X) AppleWebKit/605.1.15 (KHTML, like Gecko) Version/16.6 Mobile/15E148 Safari/604.1"
20.171.207.22 - - [09/Jun/2025:09:42:28 -0400] "GET /wp-includes/class-wp-styles.php HTTP/1.1" 403 1242 "-" "Mozilla/5.0 AppleWebKit/537.36 (KHTML, like Gecko; compatible; GPTBot/1.2; +https://openai.com/gptbot)"
20.171.207.22 - - [09/Jun/2025:09:42:42 -0400] "GET /wp-includes/class-wp-locale.php HTTP/1.1" 403 1242 "-" "Mozilla/5.0 AppleWebKit/537.36 (KHTML, like Gecko; compatible; GPTBot/1.2; +https://openai.com/gptbot)"
20.171.207.22 - - [09/Jun/2025:09:42:57 -0400] "GET /wp-includes/class-wp-theme-json-resolver.php HTTP/1.1" 403 1242 "-" "Mozilla/5.0 AppleWebKit/537.36 (KHTML, like Gecko; compatible; GPTBot/1.2; +https://openai.com/gptbot)"
216.244.66.242 - - [09/Jun/2025:09:43:07 -0400] "GET /bye-bye-liberty-chapter-1/ HTTP/1.1" 404 1251 "-" "Mozilla/5.0 (compatible; DotBot/1.2; +https://opensiteexplorer.org/dotbot; [email protected])"
216.244.66.242 - - [09/Jun/2025:09:43:11 -0400] "GET /flawless-group-3-chapter-14/ HTTP/1.1" 404 1251 "-" "Mozilla/5.0 (compatible; DotBot/1.2; +https://opensiteexplorer.org/dotbot; [email protected])"
20.171.207.22 - - [09/Jun/2025:09:43:12 -0400] "GET /wp-includes/class-wp-roles.php HTTP/1.1" 403 1242 "-" "Mozilla/5.0 AppleWebKit/537.36 (KHTML, like Gecko; compatible; GPTBot/1.2; +https://openai.com/gptbot)"
216.244.66.242 - - [09/Jun/2025:09:43:15 -0400] "GET /i-reincarnated-as-the-crazed-heir-chapter-108/ HTTP/1.1" 404 1251 "-" "Mozilla/5.0 (compatible; DotBot/1.2; +https://opensiteexplorer.org/dotbot; [email protected])"
216.244.66.242 - - [09/Jun/2025:09:43:18 -0400] "GET /isekai-mahou-wa-okureteru-chapter-47/ HTTP/1.1" 404 1251 "-" "Mozilla/5.0 (compatible; DotBot/1.2; +https://opensiteexplorer.org/dotbot; [email protected])"
162.0.232.193 - - [09/Jun/2025:09:43:21 -0400] "POST /wp-cron.php?doing_wp_cron=1749476600.8970849514007568359375 HTTP/1.1" 200 0 "-" "WordPress/6.8.1; https://reversevillain.com"
216.244.66.242 - - [09/Jun/2025:09:43:21 -0400] "GET /jujutsu-kaisen-chapter-242/ HTTP/1.1" 404 1251 "-" "Mozilla/5.0 (compatible; DotBot/1.2; +https://opensiteexplorer.org/dotbot; [email protected])"
162.0.232.193 - - [09/Jun/2025:09:43:21 -0400] "POST /wp-admin/admin-ajax.php?action=async_litespeed&nonce=g7MlDxynZ6oQJO3dIPVKHxpSjCrmRhmA&litespeed_type=imgoptm HTTP/1.1" 200 5 "-" "WordPress/6.8.1; https://reversevillain.com"
216.244.66.242 - - [09/Jun/2025:09:43:23 -0400] "GET /karakuri-circus-chapter-409/ HTTP/1.1" 404 1251 "-" "Mozilla/5.0 (compatible; DotBot/1.2; +https://opensiteexplorer.org/dotbot; [email protected])"
216.244.66.242 - - [09/Jun/2025:09:43:25 -0400] "GET /my-hero-academia-chapter-371-2/ HTTP/1.1" 404 1251 "-" "Mozilla/5.0 (compatible; DotBot/1.2; +https://opensiteexplorer.org/dotbot; [email protected])"
216.244.66.242 - - [09/Jun/2025:09:43:27 -0400] "GET /my-unexpected-marriage-chapter-1/ HTTP/1.1" 404 1251 "-" "Mozilla/5.0 (compatible; DotBot/1.2; +https://opensiteexplorer.org/dotbot; [email protected])"
20.171.207.22 - - [09/Jun/2025:09:43:28 -0400] "GET /wp-includes/class-wp-block.php HTTP/1.1" 403 1242 "-" "Mozilla/5.0 AppleWebKit/537.36 (KHTML, like Gecko; compatible; GPTBot/1.2; +https://openai.com/gptbot)"
216.244.66.242 - - [09/Jun/2025:09:43:29 -0400] "GET /nano-machine-chapter-114-3/ HTTP/1.1" 404 1251 "-" "Mozilla/5.0 (compatible; DotBot/1.2; +https://opensiteexplorer.org/dotbot; [email protected])"
216.244.66.242 - - [09/Jun/2025:09:43:30 -0400] "GET /overgeared-chapter-202/ HTTP/1.1" 404 1251 "-" "Mozilla/5.0 (compatible; DotBot/1.2; +https://opensiteexplorer.org/dotbot; [email protected])"
216.244.66.242 - - [09/Jun/2025:09:43:31 -0400] "GET /sekkyaku-musou-chapter-35/ HTTP/1.1" 404 1251 "-" "Mozilla/5.0 (compatible; DotBot/1.2; +https://opensiteexplorer.org/dotbot; [email protected])"
216.244.66.242 - - [09/Jun/2025:09:43:32 -0400] "GET /tokimori-san-ga-muboubi-desu-chapter-24/ HTTP/1.1" 404 1251 "-" "Mozilla/5.0 (compatible; DotBot/1.2; +https://opensiteexplorer.org/dotbot; [email protected])"
216.244.66.242 - - [09/Jun/2025:09:43:33 -0400] "GET /zombie-100-zombie-ni-naru-made-ni-shitai-100-no-koto-chapter-60/ HTTP/1.1" 404 1251 "-" "Mozilla/5.0 (compatible; DotBot/1.2; +https://opensiteexplorer.org/dotbot; [email protected])"
20.171.207.22 - - [09/Jun/2025:09:43:43 -0400] "GET /wp-includes/class-wp-block-metadata-registry.php HTTP/1.1" 403 1242 "-" "Mozilla/5.0 AppleWebKit/537.36 (KHTML, like Gecko; compatible; GPTBot/1.2; +https://openai.com/gptbot)"
43.134.141.244 - - [09/Jun/2025:09:43:19 -0400] "GET /wp-mail.php HTTP/1.1" 200 0 "-" "Mozilla/5.0 (iPhone; CPU iPhone OS 13_2_3 like Mac OS X) AppleWebKit/605.1.15 (KHTML, like Gecko) Version/13.0.3 Mobile/15E148 Safari/604.1"
20.171.207.22 - - [09/Jun/2025:09:43:58 -0400] "GET /wp-includes/class-wp-http-cookie.php HTTP/1.1" 403 1242 "-" "Mozilla/5.0 AppleWebKit/537.36 (KHTML, like Gecko; compatible; GPTBot/1.2; +https://openai.com/gptbot)"
20.171.207.22 - - [09/Jun/2025:09:44:13 -0400] "GET /wp-includes/class-wp-http-curl.php HTTP/1.1" 403 1242 "-" "Mozilla/5.0 AppleWebKit/537.36 (KHTML, like Gecko; compatible; GPTBot/1.2; +https://openai.com/gptbot)"
20.171.207.22 - - [09/Jun/2025:09:44:28 -0400] "GET /wp-includes/default-widgets.php HTTP/1.1" 403 1242 "-" "Mozilla/5.0 AppleWebKit/537.36 (KHTML, like Gecko; compatible; GPTBot/1.2; +https://openai.com/gptbot)"
20.171.207.22 - - [09/Jun/2025:09:44:43 -0400] "GET /wp-includes/html-api/class-wp-html-span.php HTTP/1.1" 403 1242 "-" "Mozilla/5.0 AppleWebKit/537.36 (KHTML, like Gecko; compatible; GPTBot/1.2; +https://openai.com/gptbot)"
20.171.207.22 - - [09/Jun/2025:09:44:58 -0400] "GET /wp-includes/class-walker-comment.php HTTP/1.1" 403 1242 "-" "Mozilla/5.0 AppleWebKit/537.36 (KHTML, like Gecko; compatible; GPTBot/1.2; +https://openai.com/gptbot)"
20.171.207.22 - - [09/Jun/2025:09:45:13 -0400] "GET /wp-includes/class-wp-oembed.php HTTP/1.1" 403 1242 "-" "Mozilla/5.0 AppleWebKit/537.36 (KHTML, like Gecko; compatible; GPTBot/1.2; +https://openai.com/gptbot)"
20.171.207.22 - - [09/Jun/2025:09:45:28 -0400] "GET /wp-includes/class-wp-walker.php HTTP/1.1" 403 1242 "-" "Mozilla/5.0 AppleWebKit/537.36 (KHTML, like Gecko; compatible; GPTBot/1.2; +https://openai.com/gptbot)"
20.171.207.22 - - [09/Jun/2025:09:45:43 -0400] "GET /wp-includes/class-wp-widget.php HTTP/1.1" 403 1242 "-" "Mozilla/5.0 AppleWebKit/537.36 (KHTML, like Gecko; compatible; GPTBot/1.2; +https://openai.com/gptbot)"
216.244.66.242 - - [09/Jun/2025:09:45:48 -0400] "GET /ao-no-orchestra-chapter-47/feed/ HTTP/1.1" 404 1251 "-" "Mozilla/5.0 (compatible; DotBot/1.2; +https://opensiteexplorer.org/dotbot; [email protected])"
216.244.66.242 - - [09/Jun/2025:09:45:49 -0400] "GET /boku-no-hero-academia-chapter-406/feed/ HTTP/1.1" 404 1251 "-" "Mozilla/5.0 (compatible; DotBot/1.2; +https://opensiteexplorer.org/dotbot; [email protected])"
216.244.66.242 - - [09/Jun/2025:09:45:50 -0400] "GET /hajime-no-ippo-chapter-1439/feed/ HTTP/1.1" 404 1251 "-" "Mozilla/5.0 (compatible; DotBot/1.2; +https://opensiteexplorer.org/dotbot; [email protected])"
216.244.66.242 - - [09/Jun/2025:09:45:51 -0400] "GET /kanojo-okarishimasu-chapter-294/feed/ HTTP/1.1" 404 1251 "-" "Mozilla/5.0 (compatible; DotBot/1.2; +https://opensiteexplorer.org/dotbot; [email protected])"
216.244.66.242 - - [09/Jun/2025:09:45:52 -0400] "GET /karakuri-circus-chapter-409/feed/ HTTP/1.1" 404 1251 "-" "Mozilla/5.0 (compatible; DotBot/1.2; +https://opensiteexplorer.org/dotbot; [email protected])"
216.244.66.242 - - [09/Jun/2025:09:45:53 -0400] "GET /mix-chapter-129/feed/ HTTP/1.1" 404 1251 "-" "Mozilla/5.0 (compatible; DotBot/1.2; +https://opensiteexplorer.org/dotbot; [email protected])"
216.244.66.242 - - [09/Jun/2025:09:45:54 -0400] "GET /omniscient-reader-chapter-183/feed/ HTTP/1.1" 404 1251 "-" "Mozilla/5.0 (compatible; DotBot/1.2; +https://opensiteexplorer.org/dotbot; [email protected])"
216.244.66.242 - - [09/Jun/2025:09:45:55 -0400] "GET /one-piece-manga-chapter-1056/feed/ HTTP/1.1" 404 1251 "-" "Mozilla/5.0 (compatible; DotBot/1.2; +https://opensiteexplorer.org/dotbot; [email protected])"
216.244.66.242 - - [09/Jun/2025:09:45:56 -0400] "GET /peerless-dad-chapter-277/feed/ HTTP/1.1" 404 1251 "-" "Mozilla/5.0 (compatible; DotBot/1.2; +https://opensiteexplorer.org/dotbot; [email protected])"
216.244.66.242 - - [09/Jun/2025:09:45:57 -0400] "GET /the-dog-diaries-group-2-chapter-56/feed/ HTTP/1.1" 404 1251 "-" "Mozilla/5.0 (compatible; DotBot/1.2; +https://opensiteexplorer.org/dotbot; [email protected])"
20.171.207.22 - - [09/Jun/2025:09:45:57 -0400] "GET /wp-includes/class.wp-styles.php HTTP/1.1" 403 1242 "-" "Mozilla/5.0 AppleWebKit/537.36 (KHTML, like Gecko; compatible; GPTBot/1.2; +https://openai.com/gptbot)"
216.244.66.242 - - [09/Jun/2025:09:45:57 -0400] "GET /toaru-majutsu-no-index-chapter-187/feed/ HTTP/1.1" 404 1251 "-" "Mozilla/5.0 (compatible; DotBot/1.2; +https://opensiteexplorer.org/dotbot; [email protected])"
47.128.120.72 - - [09/Jun/2025:09:45:59 -0400] "GET /error_log HTTP/1.1" 403 1242 "-" "Mozilla/5.0 (Linux; Android 5.0) AppleWebKit/537.36 (KHTML, like Gecko) Mobile Safari/537.36 (compatible; Bytespider; [email protected])"
20.171.207.22 - - [09/Jun/2025:09:46:12 -0400] "GET /wp-includes/class-wp-image-editor.php HTTP/1.1" 403 1242 "-" "Mozilla/5.0 AppleWebKit/537.36 (KHTML, like Gecko; compatible; GPTBot/1.2; +https://openai.com/gptbot)"
20.171.207.22 - - [09/Jun/2025:09:46:28 -0400] "GET /wp-includes/class-walker-category-dropdown.php HTTP/1.1" 403 1242 "-" "Mozilla/5.0 AppleWebKit/537.36 (KHTML, like Gecko; compatible; GPTBot/1.2; +https://openai.com/gptbot)"
20.171.207.22 - - [09/Jun/2025:09:46:43 -0400] "GET /wp-includes/images/ HTTP/1.1" 200 1685 "-" "Mozilla/5.0 AppleWebKit/537.36 (KHTML, like Gecko; compatible; GPTBot/1.2; +https://openai.com/gptbot)"
216.244.66.242 - - [09/Jun/2025:09:46:45 -0400] "GET /futago-no-ane-ga-miko-toshite-hikitorarete-watashi-wa-suterareta-kedo-tabun-watashi-ga-miko-de-aru-chapter-19-2/feed/ HTTP/1.1" 404 1251 "-" "Mozilla/5.0 (compatible; DotBot/1.2; +https://opensiteexplorer.org/dotbot; [email protected])"
216.244.66.242 - - [09/Jun/2025:09:46:46 -0400] "GET /leveling-up-my-husband-to-the-max-chapter-107/feed/ HTTP/1.1" 404 1251 "-" "Mozilla/5.0 (compatible; DotBot/1.2; +https://opensiteexplorer.org/dotbot; [email protected])"
216.244.66.242 - - [09/Jun/2025:09:46:47 -0400] "GET /shangri-la-frontier-kusoge-hunter-kamige-ni-idoman-to-su-chapter-156/feed/ HTTP/1.1" 404 1251 "-" "Mozilla/5.0 (compatible; DotBot/1.2; +https://opensiteexplorer.org/dotbot; [email protected])"
216.244.66.242 - - [09/Jun/2025:09:46:48 -0400] "GET /tokimori-san-ga-muboubi-desu-chapter-30/feed/ HTTP/1.1" 404 1251 "-" "Mozilla/5.0 (compatible; DotBot/1.2; +https://opensiteexplorer.org/dotbot; [email protected])"
20.171.207.22 - - [09/Jun/2025:09:46:58 -0400] "GET /wp-includes/class-wp-block-parser.php HTTP/1.1" 403 1242 "-" "Mozilla/5.0 AppleWebKit/537.36 (KHTML, like Gecko; compatible; GPTBot/1.2; +https://openai.com/gptbot)"
20.171.207.22 - - [09/Jun/2025:09:47:11 -0400] "GET /wp-includes/class-wp-object-cache.php HTTP/1.1" 403 1242 "-" "Mozilla/5.0 AppleWebKit/537.36 (KHTML, like Gecko; compatible; GPTBot/1.2; +https://openai.com/gptbot)"
20.171.207.22 - - [09/Jun/2025:09:47:25 -0400] "GET /wp-includes/class-wp-block-type-registry.php HTTP/1.1" 403 1242 "-" "Mozilla/5.0 AppleWebKit/537.36 (KHTML, like Gecko; compatible; GPTBot/1.2; +https://openai.com/gptbot)"
51.81.240.50 - - [09/Jun/2025:09:47:44 -0400] "GET / HTTP/1.1" 200 1799 "http://reversevillain.com" "Mozilla/5.0 (Macintosh; Intel Mac OS X 10_15_7) AppleWebKit/537.36 (KHTML, like Gecko) Chrome/114.0.5735.134 Safari/537.36"
51.81.240.50 - - [09/Jun/2025:09:47:44 -0400] "GET /index.php?author=1 HTTP/1.1" 404 1251 "https://reversevillain.com" "Mozilla/5.0 (Macintosh; Intel Mac OS X 10_15_7; rv:126.0) Gecko/20100101 Firefox/126.0"
51.81.240.50 - - [09/Jun/2025:09:47:44 -0400] "GET /index.php?author=2 HTTP/1.1" 404 1251 "https://reversevillain.com" "Mozilla/5.0 (Windows NT 10.0; Win64; x64) AppleWebKit/537.36 (KHTML, like Gecko) Chrome/115.0.5790.171 Safari/537.36 Edg/115.0.1901.203"
