94.145.226.59 - - [08/Jun/2025:18:00:03 -0400] "GET /wp-content/plugins/comic-easel/js/keynav.js HTTP/1.1" 200 302 "https://reversevillain.com/" "Mozilla/5.0 (Windows NT 10.0; Win64; x64) AppleWebKit/537.36 (KHTML, like Gecko) Chrome/137.0.0.0 Safari/537.36"
94.145.226.59 - - [08/Jun/2025:18:00:03 -0400] "GET /wp-content/uploads/2024/02/9241cb9aeeaab1cd315f26ebf3104065-522x1024.jpg HTTP/1.1" 200 74937 "https://reversevillain.com/" "Mozilla/5.0 (Windows NT 10.0; Win64; x64) AppleWebKit/537.36 (KHTML, like Gecko) Chrome/137.0.0.0 Safari/537.36"
94.145.226.59 - - [08/Jun/2025:18:00:04 -0400] "GET /wp-content/themes/toivo-lite/js/settings.min.js?ver=1.2.0 HTTP/1.1" 200 307 "https://reversevillain.com/" "Mozilla/5.0 (Windows NT 10.0; Win64; x64) AppleWebKit/537.36 (KHTML, like Gecko) Chrome/137.0.0.0 Safari/537.36"
94.145.226.59 - - [08/Jun/2025:18:00:04 -0400] "GET /wp-content/themes/toivo-lite/js/functions.min.js?ver=1.2.0 HTTP/1.1" 200 593 "https://reversevillain.com/" "Mozilla/5.0 (Windows NT 10.0; Win64; x64) AppleWebKit/537.36 (KHTML, like Gecko) Chrome/137.0.0.0 Safari/537.36"
94.145.226.59 - - [08/Jun/2025:18:00:04 -0400] "GET /wp-content/themes/toivo-lite/js/responsive-nav.min.js?ver=1.2.0 HTTP/1.1" 304 0 "https://reversevillain.com/" "Mozilla/5.0 (Windows NT 10.0; Win64; x64) AppleWebKit/537.36 (KHTML, like Gecko) Chrome/137.0.0.0 Safari/537.36"
94.145.226.59 - - [08/Jun/2025:18:00:04 -0400] "GET /wp-content/uploads/2024/02/cropped-118593-t1amacrCPDMv.webp HTTP/1.1" 200 88048 "https://reversevillain.com/" "Mozilla/5.0 (Windows NT 10.0; Win64; x64) AppleWebKit/537.36 (KHTML, like Gecko) Chrome/137.0.0.0 Safari/537.36"
94.145.226.59 - - [08/Jun/2025:18:00:04 -0400] "GET /wp-includes/js/wp-emoji-release.min.js?ver=6.8.1 HTTP/1.1" 200 4771 "https://reversevillain.com/" "Mozilla/5.0 (Windows NT 10.0; Win64; x64) AppleWebKit/537.36 (KHTML, like Gecko) Chrome/137.0.0.0 Safari/537.36"
94.145.226.59 - - [08/Jun/2025:18:00:05 -0400] "GET /wp-content/uploads/2024/02/cropped-artworks-GR9wiYSqAwJo0Fa7-x7keIQ-t500x500-32x32.jpg HTTP/1.1" 200 727 "https://reversevillain.com/" "Mozilla/5.0 (Windows NT 10.0; Win64; x64) AppleWebKit/537.36 (KHTML, like Gecko) Chrome/137.0.0.0 Safari/537.36"
94.145.226.59 - - [08/Jun/2025:18:00:12 -0400] "GET /reverse-villain-chapter-1/ HTTP/1.1" 200 9532 "https://reversevillain.com/" "Mozilla/5.0 (Windows NT 10.0; Win64; x64) AppleWebKit/537.36 (KHTML, like Gecko) Chrome/137.0.0.0 Safari/537.36"
94.145.226.59 - - [08/Jun/2025:18:00:13 -0400] "GET /wp-content/plugins/disqus-comment-system/public/js/comment_count.js?ver=3.1.2 HTTP/1.1" 200 354 "https://reversevillain.com/reverse-villain-chapter-1/" "Mozilla/5.0 (Windows NT 10.0; Win64; x64) AppleWebKit/537.36 (KHTML, like Gecko) Chrome/137.0.0.0 Safari/537.36"
94.145.226.59 - - [08/Jun/2025:18:00:13 -0400] "GET /wp-content/plugins/wp-automatic/js/main-front.js?ver=6.8.1 HTTP/1.1" 200 316 "https://reversevillain.com/reverse-villain-chapter-1/" "Mozilla/5.0 (Windows NT 10.0; Win64; x64) AppleWebKit/537.36 (KHTML, like Gecko) Chrome/137.0.0.0 Safari/537.36"
94.145.226.59 - - [08/Jun/2025:18:00:13 -0400] "GET /wp-content/plugins/disqus-comment-system/public/js/comment_embed.js?ver=3.1.2 HTTP/1.1" 200 653 "https://reversevillain.com/reverse-villain-chapter-1/" "Mozilla/5.0 (Windows NT 10.0; Win64; x64) AppleWebKit/537.36 (KHTML, like Gecko) Chrome/137.0.0.0 Safari/537.36"
94.145.226.59 - - [08/Jun/2025:18:00:13 -0400] "GET /wp-includes/js/comment-reply.min.js?ver=6.8.1 HTTP/1.1" 200 1247 "https://reversevillain.com/reverse-villain-chapter-1/" "Mozilla/5.0 (Windows NT 10.0; Win64; x64) AppleWebKit/537.36 (KHTML, like Gecko) Chrome/137.0.0.0 Safari/537.36"
94.145.226.59 - - [08/Jun/2025:18:00:14 -0400] "GET /wp-content/plugins/simple-social-buttons/assets/fonts/ssb-icon.ttf?eahqa2 HTTP/1.1" 200 6624 "https://reversevillain.com/wp-content/plugins/simple-social-buttons/assets/css/front.css?ver=5.3.1" "Mozilla/5.0 (Windows NT 10.0; Win64; x64) AppleWebKit/537.36 (KHTML, like Gecko) Chrome/137.0.0.0 Safari/537.36"
139.59.58.126 - - [08/Jun/2025:17:59:50 -0400] "POST //xmlrpc.php HTTP/1.1" 200 205 "-" "Mozilla/5.0 (Windows NT 10.0; Win64; x64) AppleWebKit/537.36 (KHTML, like Gecko) Chrome/80.0.3987.149 Safari/537.36"
157.245.148.39 - - [08/Jun/2025:17:59:45 -0400] "POST //xmlrpc.php HTTP/1.1" 200 205 "-" "Mozilla/5.0 (Windows NT 10.0; Win64; x64) AppleWebKit/537.36 (KHTML, like Gecko) Chrome/78.0.3904.108 Safari/537.36"
94.145.226.59 - - [08/Jun/2025:18:00:22 -0400] "GET /category/reverse-villain-manhwa/ HTTP/1.1" 200 8882 "https://reversevillain.com/reverse-villain-chapter-1/" "Mozilla/5.0 (Windows NT 10.0; Win64; x64) AppleWebKit/537.36 (KHTML, like Gecko) Chrome/137.0.0.0 Safari/537.36"
94.145.226.59 - - [08/Jun/2025:18:00:25 -0400] "GET /reverse-villain-chapter-1/ HTTP/1.1" 200 9532 "https://reversevillain.com/category/reverse-villain-manhwa/" "Mozilla/5.0 (Windows NT 10.0; Win64; x64) AppleWebKit/537.36 (KHTML, like Gecko) Chrome/137.0.0.0 Safari/537.36"
94.145.226.59 - - [08/Jun/2025:18:00:29 -0400] "GET /reverse-villain-chapter-1/ HTTP/1.1" 200 9532 "https://reversevillain.com/category/reverse-villain-manhwa/" "Mozilla/5.0 (Windows NT 10.0; Win64; x64) AppleWebKit/537.36 (KHTML, like Gecko) Chrome/137.0.0.0 Safari/537.36"
139.59.58.126 - - [08/Jun/2025:18:00:15 -0400] "POST //xmlrpc.php HTTP/1.1" 200 205 "-" "Mozilla/5.0 (Windows NT 10.0; Win64; x64) AppleWebKit/537.36 (KHTML, like Gecko) Chrome/80.0.3987.149 Safari/537.36"
157.245.148.39 - - [08/Jun/2025:18:00:16 -0400] "POST //xmlrpc.php HTTP/1.1" 200 205 "-" "Mozilla/5.0 (Windows NT 10.0; Win64; x64) AppleWebKit/537.36 (KHTML, like Gecko) Chrome/78.0.3904.108 Safari/537.36"
162.0.232.193 - - [08/Jun/2025:18:01:01 -0400] "POST /wp-cron.php?doing_wp_cron=1749420060.9187219142913818359375 HTTP/1.1" 200 0 "-" "WordPress/6.8.1; https://reversevillain.com"
139.59.58.126 - - [08/Jun/2025:18:00:30 -0400] "POST //xmlrpc.php HTTP/1.1" 200 205 "-" "Mozilla/5.0 (Windows NT 10.0; Win64; x64) AppleWebKit/537.36 (KHTML, like Gecko) Chrome/80.0.3987.149 Safari/537.36"
162.0.232.193 - - [08/Jun/2025:18:01:01 -0400] "POST /wp-admin/admin-ajax.php?action=async_litespeed&nonce=zjl1MPV6TcxngIpnM3hW8L7xM2uWlit0&litespeed_type=imgoptm HTTP/1.1" 200 5 "-" "WordPress/6.8.1; https://reversevillain.com"
157.245.148.39 - - [08/Jun/2025:18:00:45 -0400] "POST //xmlrpc.php HTTP/1.1" 200 205 "-" "Mozilla/5.0 (Windows NT 10.0; Win64; x64) AppleWebKit/537.36 (KHTML, like Gecko) Chrome/78.0.3904.108 Safari/537.36"
162.0.232.193 - - [08/Jun/2025:18:01:31 -0400] "POST /wp-cron.php?doing_wp_cron=1749420091.0678589344024658203125 HTTP/1.1" 200 0 "-" "WordPress/6.8.1; https://reversevillain.com"
139.59.58.126 - - [08/Jun/2025:18:01:01 -0400] "POST //xmlrpc.php HTTP/1.1" 200 205 "-" "Mozilla/5.0 (Windows NT 10.0; Win64; x64) AppleWebKit/537.36 (KHTML, like Gecko) Chrome/80.0.3987.149 Safari/537.36"
157.245.148.39 - - [08/Jun/2025:18:01:16 -0400] "POST //xmlrpc.php HTTP/1.1" 200 205 "-" "Mozilla/5.0 (Windows NT 10.0; Win64; x64) AppleWebKit/537.36 (KHTML, like Gecko) Chrome/78.0.3904.108 Safari/537.36"
157.245.148.39 - - [08/Jun/2025:18:01:45 -0400] "POST //xmlrpc.php HTTP/1.1" 200 205 "-" "Mozilla/5.0 (Windows NT 10.0; Win64; x64) AppleWebKit/537.36 (KHTML, like Gecko) Chrome/78.0.3904.108 Safari/537.36"
64.227.169.195 - - [08/Jun/2025:18:02:00 -0400] "GET /wp-login.php HTTP/1.1" 200 2047 "-" "Mozilla/5.0"
139.59.58.126 - - [08/Jun/2025:18:01:31 -0400] "POST //xmlrpc.php HTTP/1.1" 200 205 "-" "Mozilla/5.0 (Windows NT 10.0; Win64; x64) AppleWebKit/537.36 (KHTML, like Gecko) Chrome/80.0.3987.149 Safari/537.36"
64.227.169.195 - - [08/Jun/2025:18:02:01 -0400] "GET /?author=1 HTTP/1.1" 301 0 "-" "Mozilla/5.0"
64.227.169.195 - - [08/Jun/2025:18:02:02 -0400] "GET /?author=2 HTTP/1.1" 301 0 "-" "Mozilla/5.0"
139.59.58.126 - - [08/Jun/2025:18:02:01 -0400] "POST //xmlrpc.php HTTP/1.1" 200 205 "-" "Mozilla/5.0 (Windows NT 10.0; Win64; x64) AppleWebKit/537.36 (KHTML, like Gecko) Chrome/80.0.3987.149 Safari/537.36"
157.245.148.39 - - [08/Jun/2025:18:02:00 -0400] "POST //xmlrpc.php HTTP/1.1" 200 205 "-" "Mozilla/5.0 (Windows NT 10.0; Win64; x64) AppleWebKit/537.36 (KHTML, like Gecko) Chrome/78.0.3904.108 Safari/537.36"
162.0.232.193 - - [08/Jun/2025:18:03:00 -0400] "POST /wp-cron.php?doing_wp_cron=1749420180.1224980354309082031250 HTTP/1.1" 200 0 "-" "WordPress/6.8.1; https://reversevillain.com"
157.245.148.39 - - [08/Jun/2025:18:02:31 -0400] "POST //xmlrpc.php HTTP/1.1" 200 205 "-" "Mozilla/5.0 (Windows NT 10.0; Win64; x64) AppleWebKit/537.36 (KHTML, like Gecko) Chrome/78.0.3904.108 Safari/537.36"
139.59.58.126 - - [08/Jun/2025:18:02:31 -0400] "POST //xmlrpc.php HTTP/1.1" 200 205 "-" "Mozilla/5.0 (Windows NT 10.0; Win64; x64) AppleWebKit/537.36 (KHTML, like Gecko) Chrome/80.0.3987.149 Safari/537.36"
162.0.232.193 - - [08/Jun/2025:18:03:00 -0400] "POST /wp-admin/admin-ajax.php?action=async_litespeed&nonce=wqXzMM3mnrWLoKyoNNB4FOeLjZ3To1Nl&litespeed_type=imgoptm HTTP/1.1" 200 5 "-" "WordPress/6.8.1; https://reversevillain.com"
157.245.148.39 - - [08/Jun/2025:18:03:00 -0400] "POST //xmlrpc.php HTTP/1.1" 200 205 "-" "Mozilla/5.0 (Windows NT 10.0; Win64; x64) AppleWebKit/537.36 (KHTML, like Gecko) Chrome/78.0.3904.108 Safari/537.36"
2a0b:21c0:a003:a::4 - - [08/Jun/2025:18:03:26 -0400] "GET / HTTP/1.1" 200 9390 "-" "Mozilla/5.0 (Windows NT 10.0; WOW64) AppleWebKit/537.36 (KHTML, like Gecko) Chrome/66.0.3359.117 Safari/537.36"
2a0b:21c0:a003:a::6 - - [08/Jun/2025:18:03:26 -0400] "GET / HTTP/1.1" 200 9390 "-" "Mozilla/5.0 (Windows NT 10.0; WOW64) AppleWebKit/537.36 (KHTML, like Gecko) Chrome/66.0.3359.117 Safari/537.36"
162.0.232.193 - - [08/Jun/2025:18:03:31 -0400] "POST /wp-cron.php?doing_wp_cron=1749420211.0903511047363281250000 HTTP/1.1" 200 0 "-" "WordPress/6.8.1; https://reversevillain.com"
139.59.58.126 - - [08/Jun/2025:18:03:00 -0400] "POST //xmlrpc.php HTTP/1.1" 200 205 "-" "Mozilla/5.0 (Windows NT 10.0; Win64; x64) AppleWebKit/537.36 (KHTML, like Gecko) Chrome/80.0.3987.149 Safari/537.36"
157.245.148.39 - - [08/Jun/2025:18:03:15 -0400] "POST //xmlrpc.php HTTP/1.1" 200 205 "-" "Mozilla/5.0 (Windows NT 10.0; Win64; x64) AppleWebKit/537.36 (KHTML, like Gecko) Chrome/78.0.3904.108 Safari/537.36"
139.59.58.126 - - [08/Jun/2025:18:03:31 -0400] "POST //xmlrpc.php HTTP/1.1" 200 205 "-" "Mozilla/5.0 (Windows NT 10.0; Win64; x64) AppleWebKit/537.36 (KHTML, like Gecko) Chrome/80.0.3987.149 Safari/537.36"
157.245.148.39 - - [08/Jun/2025:18:03:46 -0400] "POST //xmlrpc.php HTTP/1.1" 200 205 "-" "Mozilla/5.0 (Windows NT 10.0; Win64; x64) AppleWebKit/537.36 (KHTML, like Gecko) Chrome/78.0.3904.108 Safari/537.36"
139.59.58.126 - - [08/Jun/2025:18:04:01 -0400] "POST //xmlrpc.php HTTP/1.1" 200 205 "-" "Mozilla/5.0 (Windows NT 10.0; Win64; x64) AppleWebKit/537.36 (KHTML, like Gecko) Chrome/80.0.3987.149 Safari/537.36"
157.245.148.39 - - [08/Jun/2025:18:04:15 -0400] "POST //xmlrpc.php HTTP/1.1" 200 205 "-" "Mozilla/5.0 (Windows NT 10.0; Win64; x64) AppleWebKit/537.36 (KHTML, like Gecko) Chrome/78.0.3904.108 Safari/537.36"
162.0.232.193 - - [08/Jun/2025:18:04:46 -0400] "POST /wp-cron.php?doing_wp_cron=1749420285.9407110214233398437500 HTTP/1.1" 200 0 "-" "WordPress/6.8.1; https://reversevillain.com"
162.0.232.193 - - [08/Jun/2025:18:04:46 -0400] "POST /wp-cron.php?doing_wp_cron=1749420285.8818800449371337890625 HTTP/1.1" 200 0 "-" "WordPress/6.8.1; https://reversevillain.com"
157.245.148.39 - - [08/Jun/2025:18:04:30 -0400] "POST //xmlrpc.php HTTP/1.1" 200 205 "-" "Mozilla/5.0 (Windows NT 10.0; Win64; x64) AppleWebKit/537.36 (KHTML, like Gecko) Chrome/78.0.3904.108 Safari/537.36"
139.59.58.126 - - [08/Jun/2025:18:04:30 -0400] "POST //xmlrpc.php HTTP/1.1" 200 205 "-" "Mozilla/5.0 (Windows NT 10.0; Win64; x64) AppleWebKit/537.36 (KHTML, like Gecko) Chrome/80.0.3987.149 Safari/537.36"
162.0.232.193 - - [08/Jun/2025:18:04:46 -0400] "POST /wp-admin/admin-ajax.php?action=async_litespeed&nonce=Uhje4mpYBDznRFWrTe5yiRI5Ts1CXiHu&litespeed_type=imgoptm HTTP/1.1" 200 5 "-" "WordPress/6.8.1; https://reversevillain.com"
139.59.58.126 - - [08/Jun/2025:18:04:46 -0400] "POST //xmlrpc.php HTTP/1.1" 200 205 "-" "Mozilla/5.0 (Windows NT 10.0; Win64; x64) AppleWebKit/537.36 (KHTML, like Gecko) Chrome/80.0.3987.149 Safari/537.36"
162.0.232.193 - - [08/Jun/2025:18:05:15 -0400] "POST /wp-cron.php?doing_wp_cron=1749420315.5331940650939941406250 HTTP/1.1" 200 0 "-" "WordPress/6.8.1; https://reversevillain.com"
157.245.148.39 - - [08/Jun/2025:18:04:46 -0400] "POST //xmlrpc.php HTTP/1.1" 200 205 "-" "Mozilla/5.0 (Windows NT 10.0; Win64; x64) AppleWebKit/537.36 (KHTML, like Gecko) Chrome/78.0.3904.108 Safari/537.36"
162.0.232.193 - - [08/Jun/2025:18:05:16 -0400] "POST /wp-admin/admin-ajax.php?action=async_litespeed&nonce=nDBjWEB3Ds8hyKgD5w1pap27rPvGiroT&litespeed_type=imgoptm HTTP/1.1" 200 5 "-" "WordPress/6.8.1; https://reversevillain.com"
139.59.58.126 - - [08/Jun/2025:18:05:16 -0400] "POST //xmlrpc.php HTTP/1.1" 200 205 "-" "Mozilla/5.0 (Windows NT 10.0; Win64; x64) AppleWebKit/537.36 (KHTML, like Gecko) Chrome/80.0.3987.149 Safari/537.36"
162.0.232.193 - - [08/Jun/2025:18:05:45 -0400] "POST /wp-cron.php?doing_wp_cron=1749420345.0886180400848388671875 HTTP/1.1" 200 0 "-" "WordPress/6.8.1; https://reversevillain.com"
157.245.148.39 - - [08/Jun/2025:18:05:16 -0400] "POST //xmlrpc.php HTTP/1.1" 200 205 "-" "Mozilla/5.0 (Windows NT 10.0; Win64; x64) AppleWebKit/537.36 (KHTML, like Gecko) Chrome/78.0.3904.108 Safari/537.36"
43.166.7.113 - - [08/Jun/2025:18:06:13 -0400] "GET /wp-json/oembed/1.0/embed?url=https%3A%2F%2Freversevillain.com%2Freverse-villain-chapter-42%2F&format=xml HTTP/1.1" 200 1120 "-" "Mozilla/5.0 (iPhone; CPU iPhone OS 13_2_3 like Mac OS X) AppleWebKit/605.1.15 (KHTML, like Gecko) Version/13.0.3 Mobile/15E148 Safari/604.1"
139.59.58.126 - - [08/Jun/2025:18:05:45 -0400] "POST //xmlrpc.php HTTP/1.1" 200 205 "-" "Mozilla/5.0 (Windows NT 10.0; Win64; x64) AppleWebKit/537.36 (KHTML, like Gecko) Chrome/80.0.3987.149 Safari/537.36"
157.245.148.39 - - [08/Jun/2025:18:05:45 -0400] "POST //xmlrpc.php HTTP/1.1" 200 205 "-" "Mozilla/5.0 (Windows NT 10.0; Win64; x64) AppleWebKit/537.36 (KHTML, like Gecko) Chrome/78.0.3904.108 Safari/537.36"
157.245.148.39 - - [08/Jun/2025:18:06:16 -0400] "POST //xmlrpc.php HTTP/1.1" 200 205 "-" "Mozilla/5.0 (Windows NT 10.0; Win64; x64) AppleWebKit/537.36 (KHTML, like Gecko) Chrome/78.0.3904.108 Safari/537.36"
162.0.232.193 - - [08/Jun/2025:18:06:46 -0400] "POST /wp-cron.php?doing_wp_cron=1749420405.9054720401763916015625 HTTP/1.1" 200 0 "-" "WordPress/6.8.1; https://reversevillain.com"
139.59.58.126 - - [08/Jun/2025:18:06:16 -0400] "POST //xmlrpc.php HTTP/1.1" 200 205 "-" "Mozilla/5.0 (Windows NT 10.0; Win64; x64) AppleWebKit/537.36 (KHTML, like Gecko) Chrome/80.0.3987.149 Safari/537.36"
162.0.232.193 - - [08/Jun/2025:18:06:46 -0400] "POST /wp-admin/admin-ajax.php?action=async_litespeed&nonce=1kV8Ui4HndUPTkd9wRi1VXEINKFtI9mY&litespeed_type=imgoptm HTTP/1.1" 200 5 "-" "WordPress/6.8.1; https://reversevillain.com"
162.0.232.193 - - [08/Jun/2025:18:07:15 -0400] "POST /wp-cron.php?doing_wp_cron=1749420435.4637799263000488281250 HTTP/1.1" 200 0 "-" "WordPress/6.8.1; https://reversevillain.com"
157.245.148.39 - - [08/Jun/2025:18:06:46 -0400] "POST //xmlrpc.php HTTP/1.1" 200 205 "-" "Mozilla/5.0 (Windows NT 10.0; Win64; x64) AppleWebKit/537.36 (KHTML, like Gecko) Chrome/78.0.3904.108 Safari/537.36"
139.59.58.126 - - [08/Jun/2025:18:06:46 -0400] "POST //xmlrpc.php HTTP/1.1" 200 205 "-" "Mozilla/5.0 (Windows NT 10.0; Win64; x64) AppleWebKit/537.36 (KHTML, like Gecko) Chrome/80.0.3987.149 Safari/537.36"
162.0.232.193 - - [08/Jun/2025:18:07:16 -0400] "POST /wp-admin/admin-ajax.php?action=async_litespeed&nonce=lkYLtFHQoywps4VqhMCqtQoeLRBpYmj1&litespeed_type=imgoptm HTTP/1.1" 200 5 "-" "WordPress/6.8.1; https://reversevillain.com"
162.0.232.193 - - [08/Jun/2025:18:07:32 -0400] "POST /wp-cron.php?doing_wp_cron=1749420452.7335889339447021484375 HTTP/1.1" 200 0 "-" "WordPress/6.8.1; https://reversevillain.com"
106.227.49.113 - - [08/Jun/2025:18:07:32 -0400] "GET / HTTP/1.1" 301 0 "http://www.reversevillain.com" "Mozilla/5.0 (iPhone; CPU iPhone OS 13_2_3 like Mac OS X) AppleWebKit/605.1.15 (KHTML, like Gecko) Version/13.0.3 Mobile/15E148 Safari/604.1"
106.227.49.113 - - [08/Jun/2025:18:07:34 -0400] "GET / HTTP/1.1" 200 9390 "https://www.reversevillain.com/" "Mozilla/5.0 (iPhone; CPU iPhone OS 13_2_3 like Mac OS X) AppleWebKit/605.1.15 (KHTML, like Gecko) Version/13.0.3 Mobile/15E148 Safari/604.1"
139.59.58.126 - - [08/Jun/2025:18:07:16 -0400] "POST //xmlrpc.php HTTP/1.1" 200 205 "-" "Mozilla/5.0 (Windows NT 10.0; Win64; x64) AppleWebKit/537.36 (KHTML, like Gecko) Chrome/80.0.3987.149 Safari/537.36"
157.245.148.39 - - [08/Jun/2025:18:07:15 -0400] "POST //xmlrpc.php HTTP/1.1" 200 205 "-" "Mozilla/5.0 (Windows NT 10.0; Win64; x64) AppleWebKit/537.36 (KHTML, like Gecko) Chrome/78.0.3904.108 Safari/537.36"
157.245.148.39 - - [08/Jun/2025:18:07:46 -0400] "POST //xmlrpc.php HTTP/1.1" 200 205 "-" "Mozilla/5.0 (Windows NT 10.0; Win64; x64) AppleWebKit/537.36 (KHTML, like Gecko) Chrome/78.0.3904.108 Safari/537.36"
139.59.58.126 - - [08/Jun/2025:18:07:45 -0400] "POST //xmlrpc.php HTTP/1.1" 200 205 "-" "Mozilla/5.0 (Windows NT 10.0; Win64; x64) AppleWebKit/537.36 (KHTML, like Gecko) Chrome/80.0.3987.149 Safari/537.36"
162.0.232.193 - - [08/Jun/2025:18:08:45 -0400] "POST /wp-cron.php?doing_wp_cron=1749420525.1406419277191162109375 HTTP/1.1" 200 0 "-" "WordPress/6.8.1; https://reversevillain.com"
139.59.58.126 - - [08/Jun/2025:18:08:16 -0400] "POST //xmlrpc.php HTTP/1.1" 200 205 "-" "Mozilla/5.0 (Windows NT 10.0; Win64; x64) AppleWebKit/537.36 (KHTML, like Gecko) Chrome/80.0.3987.149 Safari/537.36"
157.245.148.39 - - [08/Jun/2025:18:08:15 -0400] "POST //xmlrpc.php HTTP/1.1" 200 205 "-" "Mozilla/5.0 (Windows NT 10.0; Win64; x64) AppleWebKit/537.36 (KHTML, like Gecko) Chrome/78.0.3904.108 Safari/537.36"
162.0.232.193 - - [08/Jun/2025:18:08:45 -0400] "POST /wp-admin/admin-ajax.php?action=async_litespeed&nonce=2yAMS7hVO3MZSEj8le1r0X6ICROpWuUV&litespeed_type=imgoptm HTTP/1.1" 200 5 "-" "WordPress/6.8.1; https://reversevillain.com"
162.0.232.193 - - [08/Jun/2025:18:09:01 -0400] "POST /wp-cron.php?doing_wp_cron=1749420540.7774178981781005859375 HTTP/1.1" 200 0 "-" "WordPress/6.8.1; https://reversevillain.com"
157.245.148.39 - - [08/Jun/2025:18:08:45 -0400] "POST //xmlrpc.php HTTP/1.1" 200 205 "-" "Mozilla/5.0 (Windows NT 10.0; Win64; x64) AppleWebKit/537.36 (KHTML, like Gecko) Chrome/78.0.3904.108 Safari/537.36"
162.0.232.193 - - [08/Jun/2025:18:09:01 -0400] "POST /wp-admin/admin-ajax.php?action=async_litespeed&nonce=0swb1gq8UsrGw3JShLisJ2uQQuIHGJKs&litespeed_type=imgoptm HTTP/1.1" 200 5 "-" "WordPress/6.8.1; https://reversevillain.com"
139.59.58.126 - - [08/Jun/2025:18:08:45 -0400] "POST //xmlrpc.php HTTP/1.1" 200 205 "-" "Mozilla/5.0 (Windows NT 10.0; Win64; x64) AppleWebKit/537.36 (KHTML, like Gecko) Chrome/80.0.3987.149 Safari/537.36"
47.128.16.110 - - [08/Jun/2025:18:09:17 -0400] "GET /skeleton-soldier-couldnt-protect-the-dungeon-chapter-258/ HTTP/1.1" 301 0 "-" "Mozilla/5.0 (Linux; Android 5.0) AppleWebKit/537.36 (KHTML, like Gecko) Mobile Safari/537.36 (compatible; TikTokSpider; [email protected])"
47.128.16.110 - - [08/Jun/2025:18:09:18 -0400] "GET / HTTP/1.1" 200 9390 "-" "Mozilla/5.0 (Linux; Android 5.0) AppleWebKit/537.36 (KHTML, like Gecko) Mobile Safari/537.36 (compatible; TikTokSpider; [email protected])"
162.0.232.193 - - [08/Jun/2025:18:09:30 -0400] "POST /wp-cron.php?doing_wp_cron=1749420570.5018529891967773437500 HTTP/1.1" 200 0 "-" "WordPress/6.8.1; https://reversevillain.com"
157.245.148.39 - - [08/Jun/2025:18:09:01 -0400] "POST //xmlrpc.php HTTP/1.1" 200 205 "-" "Mozilla/5.0 (Windows NT 10.0; Win64; x64) AppleWebKit/537.36 (KHTML, like Gecko) Chrome/78.0.3904.108 Safari/537.36"
139.59.58.126 - - [08/Jun/2025:18:09:16 -0400] "POST //xmlrpc.php HTTP/1.1" 200 205 "-" "Mozilla/5.0 (Windows NT 10.0; Win64; x64) AppleWebKit/537.36 (KHTML, like Gecko) Chrome/80.0.3987.149 Safari/537.36"
157.245.148.39 - - [08/Jun/2025:18:09:31 -0400] "POST //xmlrpc.php HTTP/1.1" 200 205 "-" "Mozilla/5.0 (Windows NT 10.0; Win64; x64) AppleWebKit/537.36 (KHTML, like Gecko) Chrome/78.0.3904.108 Safari/537.36"
139.59.58.126 - - [08/Jun/2025:18:09:46 -0400] "POST //xmlrpc.php HTTP/1.1" 200 205 "-" "Mozilla/5.0 (Windows NT 10.0; Win64; x64) AppleWebKit/537.36 (KHTML, like Gecko) Chrome/80.0.3987.149 Safari/537.36"
162.0.232.193 - - [08/Jun/2025:18:10:30 -0400] "POST /wp-cron.php?doing_wp_cron=1749420630.6233780384063720703125 HTTP/1.1" 200 0 "-" "WordPress/6.8.1; https://reversevillain.com"
157.245.148.39 - - [08/Jun/2025:18:10:00 -0400] "POST //xmlrpc.php HTTP/1.1" 200 205 "-" "Mozilla/5.0 (Windows NT 10.0; Win64; x64) AppleWebKit/537.36 (KHTML, like Gecko) Chrome/78.0.3904.108 Safari/537.36"
162.0.232.193 - - [08/Jun/2025:18:10:31 -0400] "POST /wp-admin/admin-ajax.php?action=async_litespeed&nonce=hYUyZkL2lIBjsQJmoUIj8pvdWRVZJqfc&litespeed_type=imgoptm HTTP/1.1" 200 5 "-" "WordPress/6.8.1; https://reversevillain.com"
162.0.232.193 - - [08/Jun/2025:18:10:45 -0400] "POST /wp-cron.php?doing_wp_cron=1749420645.5036880970001220703125 HTTP/1.1" 200 0 "-" "WordPress/6.8.1; https://reversevillain.com"
139.59.58.126 - - [08/Jun/2025:18:10:15 -0400] "POST //xmlrpc.php HTTP/1.1" 200 205 "-" "Mozilla/5.0 (Windows NT 10.0; Win64; x64) AppleWebKit/537.36 (KHTML, like Gecko) Chrome/80.0.3987.149 Safari/537.36"
162.0.232.193 - - [08/Jun/2025:18:11:00 -0400] "POST /wp-cron.php?doing_wp_cron=1749420660.1897161006927490234375 HTTP/1.1" 200 0 "-" "WordPress/6.8.1; https://reversevillain.com"
157.245.148.39 - - [08/Jun/2025:18:10:31 -0400] "POST //xmlrpc.php HTTP/1.1" 200 205 "-" "Mozilla/5.0 (Windows NT 10.0; Win64; x64) AppleWebKit/537.36 (KHTML, like Gecko) Chrome/78.0.3904.108 Safari/537.36"
162.0.232.193 - - [08/Jun/2025:18:11:00 -0400] "POST /wp-admin/admin-ajax.php?action=async_litespeed&nonce=qrGY6UZWTCwXUMa57WrCZSWlfNJMSeWf&litespeed_type=imgoptm HTTP/1.1" 200 5 "-" "WordPress/6.8.1; https://reversevillain.com"
139.59.58.126 - - [08/Jun/2025:18:10:46 -0400] "POST //xmlrpc.php HTTP/1.1" 200 205 "-" "Mozilla/5.0 (Windows NT 10.0; Win64; x64) AppleWebKit/537.36 (KHTML, like Gecko) Chrome/80.0.3987.149 Safari/537.36"
157.245.148.39 - - [08/Jun/2025:18:11:00 -0400] "POST //xmlrpc.php HTTP/1.1" 200 205 "-" "Mozilla/5.0 (Windows NT 10.0; Win64; x64) AppleWebKit/537.36 (KHTML, like Gecko) Chrome/78.0.3904.108 Safari/537.36"
162.0.232.193 - - [08/Jun/2025:18:11:45 -0400] "POST /wp-cron.php?doing_wp_cron=1749420705.1068079471588134765625 HTTP/1.1" 200 0 "-" "WordPress/6.8.1; https://reversevillain.com"
157.245.148.39 - - [08/Jun/2025:18:11:16 -0400] "POST //xmlrpc.php HTTP/1.1" 200 205 "-" "Mozilla/5.0 (Windows NT 10.0; Win64; x64) AppleWebKit/537.36 (KHTML, like Gecko) Chrome/78.0.3904.108 Safari/537.36"
139.59.58.126 - - [08/Jun/2025:18:11:15 -0400] "POST //xmlrpc.php HTTP/1.1" 200 205 "-" "Mozilla/5.0 (Windows NT 10.0; Win64; x64) AppleWebKit/537.36 (KHTML, like Gecko) Chrome/80.0.3987.149 Safari/537.36"
157.245.148.39 - - [08/Jun/2025:18:11:45 -0400] "POST //xmlrpc.php HTTP/1.1" 200 205 "-" "Mozilla/5.0 (Windows NT 10.0; Win64; x64) AppleWebKit/537.36 (KHTML, like Gecko) Chrome/78.0.3904.108 Safari/537.36"
139.59.58.126 - - [08/Jun/2025:18:11:46 -0400] "POST //xmlrpc.php HTTP/1.1" 200 205 "-" "Mozilla/5.0 (Windows NT 10.0; Win64; x64) AppleWebKit/537.36 (KHTML, like Gecko) Chrome/80.0.3987.149 Safari/537.36"
157.245.148.39 - - [08/Jun/2025:18:12:00 -0400] "POST //xmlrpc.php HTTP/1.1" 200 205 "-" "Mozilla/5.0 (Windows NT 10.0; Win64; x64) AppleWebKit/537.36 (KHTML, like Gecko) Chrome/78.0.3904.108 Safari/537.36"
47.128.121.59 - - [08/Jun/2025:18:12:36 -0400] "GET /mokushiroku-no-yonkishi-chapter-138/ HTTP/1.1" 301 0 "-" "Mozilla/5.0 (Linux; Android 5.0) AppleWebKit/537.36 (KHTML, like Gecko) Mobile Safari/537.36 (compatible; TikTokSpider; [email protected])"
47.128.121.59 - - [08/Jun/2025:18:12:36 -0400] "GET / HTTP/1.1" 200 9390 "-" "Mozilla/5.0 (Linux; Android 5.0) AppleWebKit/537.36 (KHTML, like Gecko) Mobile Safari/537.36 (compatible; TikTokSpider; [email protected])"
162.0.232.193 - - [08/Jun/2025:18:12:45 -0400] "POST /wp-cron.php?doing_wp_cron=1749420765.1739530563354492187500 HTTP/1.1" 200 0 "-" "WordPress/6.8.1; https://reversevillain.com"
157.245.148.39 - - [08/Jun/2025:18:12:16 -0400] "POST //xmlrpc.php HTTP/1.1" 200 205 "-" "Mozilla/5.0 (Windows NT 10.0; Win64; x64) AppleWebKit/537.36 (KHTML, like Gecko) Chrome/78.0.3904.108 Safari/537.36"
162.0.232.193 - - [08/Jun/2025:18:12:45 -0400] "POST /wp-admin/admin-ajax.php?action=async_litespeed&nonce=VR0uLulL1W4cEwTFhjck1HpVheRFNgK5&litespeed_type=imgoptm HTTP/1.1" 200 5 "-" "WordPress/6.8.1; https://reversevillain.com"
162.0.232.193 - - [08/Jun/2025:18:13:00 -0400] "POST /wp-cron.php?doing_wp_cron=1749420780.2111670970916748046875 HTTP/1.1" 200 0 "-" "WordPress/6.8.1; https://reversevillain.com"
139.59.58.126 - - [08/Jun/2025:18:12:16 -0400] "POST //xmlrpc.php HTTP/1.1" 200 205 "-" "Mozilla/5.0 (Windows NT 10.0; Win64; x64) AppleWebKit/537.36 (KHTML, like Gecko) Chrome/80.0.3987.149 Safari/537.36"
162.0.232.193 - - [08/Jun/2025:18:13:00 -0400] "POST /wp-admin/admin-ajax.php?action=async_litespeed&nonce=1MaqAexPlmOrE6EusClcF374oQMNlu2F&litespeed_type=imgoptm HTTP/1.1" 200 5 "-" "WordPress/6.8.1; https://reversevillain.com"
157.245.148.39 - - [08/Jun/2025:18:12:45 -0400] "POST //xmlrpc.php HTTP/1.1" 200 205 "-" "Mozilla/5.0 (Windows NT 10.0; Win64; x64) AppleWebKit/537.36 (KHTML, like Gecko) Chrome/78.0.3904.108 Safari/537.36"
157.245.148.39 - - [08/Jun/2025:18:13:16 -0400] "POST //xmlrpc.php HTTP/1.1" 200 205 "-" "Mozilla/5.0 (Windows NT 10.0; Win64; x64) AppleWebKit/537.36 (KHTML, like Gecko) Chrome/78.0.3904.108 Safari/537.36"
162.0.232.193 - - [08/Jun/2025:18:13:45 -0400] "POST /wp-cron.php?doing_wp_cron=1749420825.1069691181182861328125 HTTP/1.1" 200 0 "-" "WordPress/6.8.1; https://reversevillain.com"
139.59.58.126 - - [08/Jun/2025:18:13:01 -0400] "POST //xmlrpc.php HTTP/1.1" 200 205 "-" "Mozilla/5.0 (Windows NT 10.0; Win64; x64) AppleWebKit/537.36 (KHTML, like Gecko) Chrome/80.0.3987.149 Safari/537.36"
157.245.148.39 - - [08/Jun/2025:18:13:45 -0400] "POST //xmlrpc.php HTTP/1.1" 200 205 "-" "Mozilla/5.0 (Windows NT 10.0; Win64; x64) AppleWebKit/537.36 (KHTML, like Gecko) Chrome/78.0.3904.108 Safari/537.36"
157.245.148.39 - - [08/Jun/2025:18:14:00 -0400] "POST //xmlrpc.php HTTP/1.1" 200 205 "-" "Mozilla/5.0 (Windows NT 10.0; Win64; x64) AppleWebKit/537.36 (KHTML, like Gecko) Chrome/78.0.3904.108 Safari/537.36"
139.59.58.126 - - [08/Jun/2025:18:13:45 -0400] "POST //xmlrpc.php HTTP/1.1" 200 205 "-" "Mozilla/5.0 (Windows NT 10.0; Win64; x64) AppleWebKit/537.36 (KHTML, like Gecko) Chrome/80.0.3987.149 Safari/537.36"
162.0.232.193 - - [08/Jun/2025:18:14:46 -0400] "POST /wp-cron.php?doing_wp_cron=1749420886.1221330165863037109375 HTTP/1.1" 200 0 "-" "WordPress/6.8.1; https://reversevillain.com"
157.245.148.39 - - [08/Jun/2025:18:14:15 -0400] "POST //xmlrpc.php HTTP/1.1" 200 205 "-" "Mozilla/5.0 (Windows NT 10.0; Win64; x64) AppleWebKit/537.36 (KHTML, like Gecko) Chrome/78.0.3904.108 Safari/537.36"
162.0.232.193 - - [08/Jun/2025:18:14:47 -0400] "POST /wp-admin/admin-ajax.php?action=async_litespeed&nonce=VnYd93xGY4NefBMwLuXhLHs6fLX32Lpl&litespeed_type=imgoptm HTTP/1.1" 200 5 "-" "WordPress/6.8.1; https://reversevillain.com"
162.0.232.193 - - [08/Jun/2025:18:15:15 -0400] "POST /wp-cron.php?doing_wp_cron=1749420915.6391570568084716796875 HTTP/1.1" 200 0 "-" "WordPress/6.8.1; https://reversevillain.com"
157.245.148.39 - - [08/Jun/2025:18:14:46 -0400] "POST //xmlrpc.php HTTP/1.1" 200 205 "-" "Mozilla/5.0 (Windows NT 10.0; Win64; x64) AppleWebKit/537.36 (KHTML, like Gecko) Chrome/78.0.3904.108 Safari/537.36"
139.59.58.126 - - [08/Jun/2025:18:14:31 -0400] "POST //xmlrpc.php HTTP/1.1" 200 205 "-" "Mozilla/5.0 (Windows NT 10.0; Win64; x64) AppleWebKit/537.36 (KHTML, like Gecko) Chrome/80.0.3987.149 Safari/537.36"
162.0.232.193 - - [08/Jun/2025:18:15:16 -0400] "POST /wp-admin/admin-ajax.php?action=async_litespeed&nonce=BjEtNnJocMrOUUODgc6Yu2yg1NGV4rMm&litespeed_type=imgoptm HTTP/1.1" 200 5 "-" "WordPress/6.8.1; https://reversevillain.com"
162.0.232.193 - - [08/Jun/2025:18:15:45 -0400] "POST /wp-cron.php?doing_wp_cron=1749420945.3104510307312011718750 HTTP/1.1" 200 0 "-" "WordPress/6.8.1; https://reversevillain.com"
157.245.148.39 - - [08/Jun/2025:18:15:16 -0400] "POST //xmlrpc.php HTTP/1.1" 200 205 "-" "Mozilla/5.0 (Windows NT 10.0; Win64; x64) AppleWebKit/537.36 (KHTML, like Gecko) Chrome/78.0.3904.108 Safari/537.36"
139.59.58.126 - - [08/Jun/2025:18:15:16 -0400] "POST //xmlrpc.php HTTP/1.1" 200 205 "-" "Mozilla/5.0 (Windows NT 10.0; Win64; x64) AppleWebKit/537.36 (KHTML, like Gecko) Chrome/80.0.3987.149 Safari/537.36"
157.245.148.39 - - [08/Jun/2025:18:15:45 -0400] "POST //xmlrpc.php HTTP/1.1" 200 205 "-" "Mozilla/5.0 (Windows NT 10.0; Win64; x64) AppleWebKit/537.36 (KHTML, like Gecko) Chrome/78.0.3904.108 Safari/537.36"
43.156.202.34 - - [08/Jun/2025:18:16:20 -0400] "GET /wp-json/oembed/1.0/embed?url=https%3A%2F%2Freversevillain.com%2Freverse-villain-chapter-29%2F&format=xml HTTP/1.1" 200 1119 "-" "Mozilla/5.0 (iPhone; CPU iPhone OS 13_2_3 like Mac OS X) AppleWebKit/605.1.15 (KHTML, like Gecko) Version/13.0.3 Mobile/15E148 Safari/604.1"
157.245.148.39 - - [08/Jun/2025:18:16:16 -0400] "POST //xmlrpc.php HTTP/1.1" 200 205 "-" "Mozilla/5.0 (Windows NT 10.0; Win64; x64) AppleWebKit/537.36 (KHTML, like Gecko) Chrome/78.0.3904.108 Safari/537.36"
162.0.232.193 - - [08/Jun/2025:18:16:46 -0400] "POST /wp-cron.php?doing_wp_cron=1749421006.0870079994201660156250 HTTP/1.1" 200 0 "-" "WordPress/6.8.1; https://reversevillain.com"
139.59.58.126 - - [08/Jun/2025:18:16:00 -0400] "POST //xmlrpc.php HTTP/1.1" 200 205 "-" "Mozilla/5.0 (Windows NT 10.0; Win64; x64) AppleWebKit/537.36 (KHTML, like Gecko) Chrome/80.0.3987.149 Safari/537.36"
162.0.232.193 - - [08/Jun/2025:18:16:46 -0400] "POST /wp-admin/admin-ajax.php?action=async_litespeed&nonce=ZsRreGyQ5ZkECwjn7bzsToi8dh00KOXM&litespeed_type=imgoptm HTTP/1.1" 200 5 "-" "WordPress/6.8.1; https://reversevillain.com"
162.0.232.193 - - [08/Jun/2025:18:17:15 -0400] "POST /wp-cron.php?doing_wp_cron=1749421035.6272380352020263671875 HTTP/1.1" 200 0 "-" "WordPress/6.8.1; https://reversevillain.com"
157.245.148.39 - - [08/Jun/2025:18:16:45 -0400] "POST //xmlrpc.php HTTP/1.1" 200 205 "-" "Mozilla/5.0 (Windows NT 10.0; Win64; x64) AppleWebKit/537.36 (KHTML, like Gecko) Chrome/78.0.3904.108 Safari/537.36"
162.0.232.193 - - [08/Jun/2025:18:17:16 -0400] "POST /wp-admin/admin-ajax.php?action=async_litespeed&nonce=Yarnxr6l9YBXQsgPHTqwokhz2clhlFuO&litespeed_type=imgoptm HTTP/1.1" 200 5 "-" "WordPress/6.8.1; https://reversevillain.com"
162.0.232.193 - - [08/Jun/2025:18:17:31 -0400] "POST /wp-cron.php?doing_wp_cron=1749421051.1780009269714355468750 HTTP/1.1" 200 0 "-" "WordPress/6.8.1; https://reversevillain.com"
139.59.58.126 - - [08/Jun/2025:18:16:46 -0400] "POST //xmlrpc.php HTTP/1.1" 200 205 "-" "Mozilla/5.0 (Windows NT 10.0; Win64; x64) AppleWebKit/537.36 (KHTML, like Gecko) Chrome/80.0.3987.149 Safari/537.36"
157.245.148.39 - - [08/Jun/2025:18:17:16 -0400] "POST //xmlrpc.php HTTP/1.1" 200 205 "-" "Mozilla/5.0 (Windows NT 10.0; Win64; x64) AppleWebKit/537.36 (KHTML, like Gecko) Chrome/78.0.3904.108 Safari/537.36"
139.59.58.126 - - [08/Jun/2025:18:17:32 -0400] "POST //xmlrpc.php HTTP/1.1" 200 205 "-" "Mozilla/5.0 (Windows NT 10.0; Win64; x64) AppleWebKit/537.36 (KHTML, like Gecko) Chrome/80.0.3987.149 Safari/537.36"
157.245.148.39 - - [08/Jun/2025:18:17:45 -0400] "POST //xmlrpc.php HTTP/1.1" 200 205 "-" "Mozilla/5.0 (Windows NT 10.0; Win64; x64) AppleWebKit/537.36 (KHTML, like Gecko) Chrome/78.0.3904.108 Safari/537.36"
162.0.232.193 - - [08/Jun/2025:18:18:33 -0400] "POST /wp-cron.php?doing_wp_cron=1749421113.5090570449829101562500 HTTP/1.1" 200 0 "-" "WordPress/6.8.1; https://reversevillain.com"
107.151.214.254 - - [08/Jun/2025:18:18:33 -0400] "GET /wp-content/plugins/shell/about.php HTTP/1.1" 301 0 "www.google.com" "Mozlila/5.0 (Linux; Android 7.0; SM-G892A Bulid/NRD90M; wv) AppleWebKit/537.36 (KHTML, like Gecko) Version/4.0 Chrome/60.0.3112.107 Moblie Safari/537.36"
107.151.214.254 - - [08/Jun/2025:18:18:34 -0400] "GET / HTTP/1.1" 200 9390 "www.google.com" "Mozlila/5.0 (Linux; Android 7.0; SM-G892A Bulid/NRD90M; wv) AppleWebKit/537.36 (KHTML, like Gecko) Version/4.0 Chrome/60.0.3112.107 Moblie Safari/537.36"
107.151.214.254 - - [08/Jun/2025:18:18:34 -0400] "GET /wp-content/plugins/pwnd/pwnd.php HTTP/1.1" 301 0 "www.google.com" "Mozlila/5.0 (Linux; Android 7.0; SM-G892A Bulid/NRD90M; wv) AppleWebKit/537.36 (KHTML, like Gecko) Version/4.0 Chrome/60.0.3112.107 Moblie Safari/537.36"
162.0.232.193 - - [08/Jun/2025:18:18:34 -0400] "POST /wp-admin/admin-ajax.php?action=async_litespeed&nonce=XOb2PQ5zErWFGfgo4WP8vG0eO5r2qOcd&litespeed_type=imgoptm HTTP/1.1" 200 5 "-" "WordPress/6.8.1; https://reversevillain.com"
107.151.214.254 - - [08/Jun/2025:18:18:35 -0400] "GET / HTTP/1.1" 200 9390 "www.google.com" "Mozlila/5.0 (Linux; Android 7.0; SM-G892A Bulid/NRD90M; wv) AppleWebKit/537.36 (KHTML, like Gecko) Version/4.0 Chrome/60.0.3112.107 Moblie Safari/537.36"
157.245.148.39 - - [08/Jun/2025:18:18:15 -0400] "POST //xmlrpc.php HTTP/1.1" 200 205 "-" "Mozilla/5.0 (Windows NT 10.0; Win64; x64) AppleWebKit/537.36 (KHTML, like Gecko) Chrome/78.0.3904.108 Safari/537.36"
107.151.214.254 - - [08/Jun/2025:18:18:45 -0400] "GET /wp-content/plugins/fix/up.php HTTP/1.1" 301 0 "www.google.com" "Mozlila/5.0 (Linux; Android 7.0; SM-G892A Bulid/NRD90M; wv) AppleWebKit/537.36 (KHTML, like Gecko) Version/4.0 Chrome/60.0.3112.107 Moblie Safari/537.36"
107.151.214.254 - - [08/Jun/2025:18:18:46 -0400] "GET / HTTP/1.1" 200 9390 "www.google.com" "Mozlila/5.0 (Linux; Android 7.0; SM-G892A Bulid/NRD90M; wv) AppleWebKit/537.36 (KHTML, like Gecko) Version/4.0 Chrome/60.0.3112.107 Moblie Safari/537.36"
107.151.214.254 - - [08/Jun/2025:18:18:48 -0400] "GET /wp-content/plugins/ph-file-manager/wp-file.php HTTP/1.1" 301 0 "www.google.com" "Mozlila/5.0 (Linux; Android 7.0; SM-G892A Bulid/NRD90M; wv) AppleWebKit/537.36 (KHTML, like Gecko) Version/4.0 Chrome/60.0.3112.107 Moblie Safari/537.36"
107.151.214.254 - - [08/Jun/2025:18:18:49 -0400] "GET / HTTP/1.1" 200 9390 "www.google.com" "Mozlila/5.0 (Linux; Android 7.0; SM-G892A Bulid/NRD90M; wv) AppleWebKit/537.36 (KHTML, like Gecko) Version/4.0 Chrome/60.0.3112.107 Moblie Safari/537.36"
162.0.232.193 - - [08/Jun/2025:18:18:50 -0400] "POST /wp-cron.php?doing_wp_cron=1749421130.3332259654998779296875 HTTP/1.1" 200 0 "-" "WordPress/6.8.1; https://reversevillain.com"
107.151.214.254 - - [08/Jun/2025:18:18:50 -0400] "GET /wp-content/plugins/root-file-manager/wp-file.php HTTP/1.1" 301 0 "www.google.com" "Mozlila/5.0 (Linux; Android 7.0; SM-G892A Bulid/NRD90M; wv) AppleWebKit/537.36 (KHTML, like Gecko) Version/4.0 Chrome/60.0.3112.107 Moblie Safari/537.36"
107.151.214.254 - - [08/Jun/2025:18:18:50 -0400] "GET / HTTP/1.1" 200 9390 "www.google.com" "Mozlila/5.0 (Linux; Android 7.0; SM-G892A Bulid/NRD90M; wv) AppleWebKit/537.36 (KHTML, like Gecko) Version/4.0 Chrome/60.0.3112.107 Moblie Safari/537.36"
162.0.232.193 - - [08/Jun/2025:18:18:50 -0400] "POST /wp-admin/admin-ajax.php?action=async_litespeed&nonce=qImoR9lD15g2jpdBZL22S1Ij2Cwah3QX&litespeed_type=imgoptm HTTP/1.1" 200 5 "-" "WordPress/6.8.1; https://reversevillain.com"
139.59.58.126 - - [08/Jun/2025:18:18:15 -0400] "POST //xmlrpc.php HTTP/1.1" 200 205 "-" "Mozilla/5.0 (Windows NT 10.0; Win64; x64) AppleWebKit/537.36 (KHTML, like Gecko) Chrome/80.0.3987.149 Safari/537.36"
107.151.214.254 - - [08/Jun/2025:18:19:09 -0400] "GET /wp-content/plugins/wp-help/mini.php HTTP/1.1" 301 0 "www.google.com" "Mozlila/5.0 (Linux; Android 7.0; SM-G892A Bulid/NRD90M; wv) AppleWebKit/537.36 (KHTML, like Gecko) Version/4.0 Chrome/60.0.3112.107 Moblie Safari/537.36"
107.151.214.254 - - [08/Jun/2025:18:19:09 -0400] "GET / HTTP/1.1" 200 9390 "www.google.com" "Mozlila/5.0 (Linux; Android 7.0; SM-G892A Bulid/NRD90M; wv) AppleWebKit/537.36 (KHTML, like Gecko) Version/4.0 Chrome/60.0.3112.107 Moblie Safari/537.36"
107.151.214.254 - - [08/Jun/2025:18:19:13 -0400] "GET /wp-content/themes/travel/issue.php HTTP/1.1" 301 0 "www.google.com" "Mozlila/5.0 (Linux; Android 7.0; SM-G892A Bulid/NRD90M; wv) AppleWebKit/537.36 (KHTML, like Gecko) Version/4.0 Chrome/60.0.3112.107 Moblie Safari/537.36"
107.151.214.254 - - [08/Jun/2025:18:19:14 -0400] "GET / HTTP/1.1" 200 9390 "www.google.com" "Mozlila/5.0 (Linux; Android 7.0; SM-G892A Bulid/NRD90M; wv) AppleWebKit/537.36 (KHTML, like Gecko) Version/4.0 Chrome/60.0.3112.107 Moblie Safari/537.36"
107.151.214.254 - - [08/Jun/2025:18:19:14 -0400] "GET /wp-content/themes/jaida/lang.php HTTP/1.1" 301 0 "www.google.com" "Mozlila/5.0 (Linux; Android 7.0; SM-G892A Bulid/NRD90M; wv) AppleWebKit/537.36 (KHTML, like Gecko) Version/4.0 Chrome/60.0.3112.107 Moblie Safari/537.36"
107.151.214.254 - - [08/Jun/2025:18:19:14 -0400] "GET / HTTP/1.1" 200 9390 "www.google.com" "Mozlila/5.0 (Linux; Android 7.0; SM-G892A Bulid/NRD90M; wv) AppleWebKit/537.36 (KHTML, like Gecko) Version/4.0 Chrome/60.0.3112.107 Moblie Safari/537.36"
157.245.148.39 - - [08/Jun/2025:18:18:45 -0400] "POST //xmlrpc.php HTTP/1.1" 200 205 "-" "Mozilla/5.0 (Windows NT 10.0; Win64; x64) AppleWebKit/537.36 (KHTML, like Gecko) Chrome/78.0.3904.108 Safari/537.36"
43.134.107.106 - - [08/Jun/2025:18:19:17 -0400] "GET / HTTP/1.1" 200 9390 "-" "Mozilla/5.0 (Windows NT 10.0; Win64; x64) AppleWebKit/537.36 (KHTML, like Gecko) Chrome/107.0.0.0 Safari/537.36"
162.0.232.193 - - [08/Jun/2025:18:19:31 -0400] "POST /wp-cron.php?doing_wp_cron=1749421170.9070730209350585937500 HTTP/1.1" 200 0 "-" "WordPress/6.8.1; https://reversevillain.com"
139.59.58.126 - - [08/Jun/2025:18:19:00 -0400] "POST //xmlrpc.php HTTP/1.1" 200 205 "-" "Mozilla/5.0 (Windows NT 10.0; Win64; x64) AppleWebKit/537.36 (KHTML, like Gecko) Chrome/80.0.3987.149 Safari/537.36"
157.245.148.39 - - [08/Jun/2025:18:19:15 -0400] "POST //xmlrpc.php HTTP/1.1" 200 205 "-" "Mozilla/5.0 (Windows NT 10.0; Win64; x64) AppleWebKit/537.36 (KHTML, like Gecko) Chrome/78.0.3904.108 Safari/537.36"
139.59.58.126 - - [08/Jun/2025:18:19:31 -0400] "POST //xmlrpc.php HTTP/1.1" 200 205 "-" "Mozilla/5.0 (Windows NT 10.0; Win64; x64) AppleWebKit/537.36 (KHTML, like Gecko) Chrome/80.0.3987.149 Safari/537.36"
157.245.148.39 - - [08/Jun/2025:18:19:46 -0400] "POST //xmlrpc.php HTTP/1.1" 200 205 "-" "Mozilla/5.0 (Windows NT 10.0; Win64; x64) AppleWebKit/537.36 (KHTML, like Gecko) Chrome/78.0.3904.108 Safari/537.36"
139.59.58.126 - - [08/Jun/2025:18:20:01 -0400] "POST //xmlrpc.php HTTP/1.1" 200 205 "-" "Mozilla/5.0 (Windows NT 10.0; Win64; x64) AppleWebKit/537.36 (KHTML, like Gecko) Chrome/80.0.3987.149 Safari/537.36"
162.0.232.193 - - [08/Jun/2025:18:20:45 -0400] "POST /wp-cron.php?doing_wp_cron=1749421245.5026400089263916015625 HTTP/1.1" 200 0 "-" "WordPress/6.8.1; https://reversevillain.com"
157.245.148.39 - - [08/Jun/2025:18:20:15 -0400] "POST //xmlrpc.php HTTP/1.1" 200 205 "-" "Mozilla/5.0 (Windows NT 10.0; Win64; x64) AppleWebKit/537.36 (KHTML, like Gecko) Chrome/78.0.3904.108 Safari/537.36"
162.0.232.193 - - [08/Jun/2025:18:20:46 -0400] "POST /wp-admin/admin-ajax.php?action=async_litespeed&nonce=8dRIhbmMhwbQJiUe34ir8B5UV6oCkxm5&litespeed_type=imgoptm HTTP/1.1" 200 5 "-" "WordPress/6.8.1; https://reversevillain.com"
162.0.232.193 - - [08/Jun/2025:18:21:01 -0400] "POST /wp-cron.php?doing_wp_cron=1749421261.1045870780944824218750 HTTP/1.1" 200 0 "-" "WordPress/6.8.1; https://reversevillain.com"
139.59.58.126 - - [08/Jun/2025:18:20:30 -0400] "POST //xmlrpc.php HTTP/1.1" 200 205 "-" "Mozilla/5.0 (Windows NT 10.0; Win64; x64) AppleWebKit/537.36 (KHTML, like Gecko) Chrome/80.0.3987.149 Safari/537.36"
162.0.232.193 - - [08/Jun/2025:18:21:01 -0400] "POST /wp-admin/admin-ajax.php?action=async_litespeed&nonce=H6gc2kWvTXr4ICBgCYb9QlvuSJogf9v4&litespeed_type=imgoptm HTTP/1.1" 200 5 "-" "WordPress/6.8.1; https://reversevillain.com"
157.245.148.39 - - [08/Jun/2025:18:20:46 -0400] "POST //xmlrpc.php HTTP/1.1" 200 205 "-" "Mozilla/5.0 (Windows NT 10.0; Win64; x64) AppleWebKit/537.36 (KHTML, like Gecko) Chrome/78.0.3904.108 Safari/537.36"
162.0.232.193 - - [08/Jun/2025:18:21:31 -0400] "POST /wp-cron.php?doing_wp_cron=1749421291.0425400733947753906250 HTTP/1.1" 200 0 "-" "WordPress/6.8.1; https://reversevillain.com"
139.59.58.126 - - [08/Jun/2025:18:21:01 -0400] "POST //xmlrpc.php HTTP/1.1" 200 205 "-" "Mozilla/5.0 (Windows NT 10.0; Win64; x64) AppleWebKit/537.36 (KHTML, like Gecko) Chrome/80.0.3987.149 Safari/537.36"
157.245.148.39 - - [08/Jun/2025:18:21:15 -0400] "POST //xmlrpc.php HTTP/1.1" 200 205 "-" "Mozilla/5.0 (Windows NT 10.0; Win64; x64) AppleWebKit/537.36 (KHTML, like Gecko) Chrome/78.0.3904.108 Safari/537.36"
47.128.96.145 - - [08/Jun/2025:18:21:56 -0400] "GET /the-espers-game-chapter-56/ HTTP/1.1" 301 0 "-" "Mozilla/5.0 (Linux; Android 5.0) AppleWebKit/537.36 (KHTML, like Gecko) Mobile Safari/537.36 (compatible; TikTokSpider; [email protected])"
47.128.96.145 - - [08/Jun/2025:18:21:57 -0400] "GET / HTTP/1.1" 200 9390 "-" "Mozilla/5.0 (Linux; Android 5.0) AppleWebKit/537.36 (KHTML, like Gecko) Mobile Safari/537.36 (compatible; TikTokSpider; [email protected])"
139.59.58.126 - - [08/Jun/2025:18:21:31 -0400] "POST //xmlrpc.php HTTP/1.1" 200 205 "-" "Mozilla/5.0 (Windows NT 10.0; Win64; x64) AppleWebKit/537.36 (KHTML, like Gecko) Chrome/80.0.3987.149 Safari/537.36"
157.245.148.39 - - [08/Jun/2025:18:21:45 -0400] "POST //xmlrpc.php HTTP/1.1" 200 205 "-" "Mozilla/5.0 (Windows NT 10.0; Win64; x64) AppleWebKit/537.36 (KHTML, like Gecko) Chrome/78.0.3904.108 Safari/537.36"
162.0.232.193 - - [08/Jun/2025:18:22:45 -0400] "POST /wp-cron.php?doing_wp_cron=1749421365.4612948894500732421875 HTTP/1.1" 200 0 "-" "WordPress/6.8.1; https://reversevillain.com"
157.245.148.39 - - [08/Jun/2025:18:22:16 -0400] "POST //xmlrpc.php HTTP/1.1" 200 205 "-" "Mozilla/5.0 (Windows NT 10.0; Win64; x64) AppleWebKit/537.36 (KHTML, like Gecko) Chrome/78.0.3904.108 Safari/537.36"
162.0.232.193 - - [08/Jun/2025:18:22:45 -0400] "POST /wp-cron.php?doing_wp_cron=1749421365.6461210250854492187500 HTTP/1.1" 200 0 "-" "WordPress/6.8.1; https://reversevillain.com"
139.59.58.126 - - [08/Jun/2025:18:22:16 -0400] "POST //xmlrpc.php HTTP/1.1" 200 205 "-" "Mozilla/5.0 (Windows NT 10.0; Win64; x64) AppleWebKit/537.36 (KHTML, like Gecko) Chrome/80.0.3987.149 Safari/537.36"
162.0.232.193 - - [08/Jun/2025:18:22:46 -0400] "POST /wp-admin/admin-ajax.php?action=async_litespeed&nonce=4ArXcQad5mymeIO2iMm48s3WgL9kaJGq&litespeed_type=imgoptm HTTP/1.1" 200 5 "-" "WordPress/6.8.1; https://reversevillain.com"
162.0.232.193 - - [08/Jun/2025:18:23:15 -0400] "POST /wp-cron.php?doing_wp_cron=1749421395.6948668956756591796875 HTTP/1.1" 200 0 "-" "WordPress/6.8.1; https://reversevillain.com"
139.59.58.126 - - [08/Jun/2025:18:22:46 -0400] "POST //xmlrpc.php HTTP/1.1" 200 205 "-" "Mozilla/5.0 (Windows NT 10.0; Win64; x64) AppleWebKit/537.36 (KHTML, like Gecko) Chrome/80.0.3987.149 Safari/537.36"
157.245.148.39 - - [08/Jun/2025:18:22:45 -0400] "POST //xmlrpc.php HTTP/1.1" 200 205 "-" "Mozilla/5.0 (Windows NT 10.0; Win64; x64) AppleWebKit/537.36 (KHTML, like Gecko) Chrome/78.0.3904.108 Safari/537.36"
162.0.232.193 - - [08/Jun/2025:18:23:16 -0400] "POST /wp-admin/admin-ajax.php?action=async_litespeed&nonce=TSoJdlV873YJ5cXz5XUjS1jYOvGdNSOM&litespeed_type=imgoptm HTTP/1.1" 200 5 "-" "WordPress/6.8.1; https://reversevillain.com"
139.59.58.126 - - [08/Jun/2025:18:23:16 -0400] "POST //xmlrpc.php HTTP/1.1" 200 205 "-" "Mozilla/5.0 (Windows NT 10.0; Win64; x64) AppleWebKit/537.36 (KHTML, like Gecko) Chrome/80.0.3987.149 Safari/537.36"
162.0.232.193 - - [08/Jun/2025:18:23:45 -0400] "POST /wp-cron.php?doing_wp_cron=1749421425.4217638969421386718750 HTTP/1.1" 200 0 "-" "WordPress/6.8.1; https://reversevillain.com"
157.245.148.39 - - [08/Jun/2025:18:23:16 -0400] "POST //xmlrpc.php HTTP/1.1" 200 205 "-" "Mozilla/5.0 (Windows NT 10.0; Win64; x64) AppleWebKit/537.36 (KHTML, like Gecko) Chrome/78.0.3904.108 Safari/537.36"
157.245.148.39 - - [08/Jun/2025:18:23:45 -0400] "POST //xmlrpc.php HTTP/1.1" 200 205 "-" "Mozilla/5.0 (Windows NT 10.0; Win64; x64) AppleWebKit/537.36 (KHTML, like Gecko) Chrome/78.0.3904.108 Safari/537.36"
139.59.58.126 - - [08/Jun/2025:18:23:45 -0400] "POST //xmlrpc.php HTTP/1.1" 200 205 "-" "Mozilla/5.0 (Windows NT 10.0; Win64; x64) AppleWebKit/537.36 (KHTML, like Gecko) Chrome/80.0.3987.149 Safari/537.36"
157.245.148.39 - - [08/Jun/2025:18:24:16 -0400] "POST //xmlrpc.php HTTP/1.1" 200 205 "-" "Mozilla/5.0 (Windows NT 10.0; Win64; x64) AppleWebKit/537.36 (KHTML, like Gecko) Chrome/78.0.3904.108 Safari/537.36"
162.0.232.193 - - [08/Jun/2025:18:24:45 -0400] "POST /wp-cron.php?doing_wp_cron=1749421485.4788610935211181640625 HTTP/1.1" 200 0 "-" "WordPress/6.8.1; https://reversevillain.com"
139.59.58.126 - - [08/Jun/2025:18:24:16 -0400] "POST //xmlrpc.php HTTP/1.1" 200 205 "-" "Mozilla/5.0 (Windows NT 10.0; Win64; x64) AppleWebKit/537.36 (KHTML, like Gecko) Chrome/80.0.3987.149 Safari/537.36"
162.0.232.193 - - [08/Jun/2025:18:24:46 -0400] "POST /wp-admin/admin-ajax.php?action=async_litespeed&nonce=bs0iCtGCMxxMQL4Qf5FKu7okwl0gkmdO&litespeed_type=imgoptm HTTP/1.1" 200 5 "-" "WordPress/6.8.1; https://reversevillain.com"
162.0.232.193 - - [08/Jun/2025:18:25:01 -0400] "POST /wp-cron.php?doing_wp_cron=1749421500.7972600460052490234375 HTTP/1.1" 200 0 "-" "WordPress/6.8.1; https://reversevillain.com"
157.245.148.39 - - [08/Jun/2025:18:24:45 -0400] "POST //xmlrpc.php HTTP/1.1" 200 205 "-" "Mozilla/5.0 (Windows NT 10.0; Win64; x64) AppleWebKit/537.36 (KHTML, like Gecko) Chrome/78.0.3904.108 Safari/537.36"
162.0.232.193 - - [08/Jun/2025:18:25:01 -0400] "POST /wp-admin/admin-ajax.php?action=async_litespeed&nonce=VKnJ3P3o37IcMelYeQPkZALeRIaOYM7a&litespeed_type=imgoptm HTTP/1.1" 200 0 "-" "WordPress/6.8.1; https://reversevillain.com"
17.241.75.187 - - [08/Jun/2025:18:25:07 -0400] "GET /reverse-villain-chapter-59/ HTTP/1.1" 200 9568 "-" "Mozilla/5.0 (Macintosh; Intel Mac OS X 10_15_7) AppleWebKit/605.1.15 (KHTML, like Gecko) Version/17.4 Safari/605.1.15 (Applebot/0.1; +http://www.apple.com/go/applebot)"
139.59.58.126 - - [08/Jun/2025:18:24:46 -0400] "POST //xmlrpc.php HTTP/1.1" 200 205 "-" "Mozilla/5.0 (Windows NT 10.0; Win64; x64) AppleWebKit/537.36 (KHTML, like Gecko) Chrome/80.0.3987.149 Safari/537.36"
162.0.232.193 - - [08/Jun/2025:18:25:30 -0400] "POST /wp-cron.php?doing_wp_cron=1749421530.4280400276184082031250 HTTP/1.1" 200 0 "-" "WordPress/6.8.1; https://reversevillain.com"
157.245.148.39 - - [08/Jun/2025:18:25:01 -0400] "POST //xmlrpc.php HTTP/1.1" 200 205 "-" "Mozilla/5.0 (Windows NT 10.0; Win64; x64) AppleWebKit/537.36 (KHTML, like Gecko) Chrome/78.0.3904.108 Safari/537.36"
139.59.58.126 - - [08/Jun/2025:18:25:15 -0400] "POST //xmlrpc.php HTTP/1.1" 200 205 "-" "Mozilla/5.0 (Windows NT 10.0; Win64; x64) AppleWebKit/537.36 (KHTML, like Gecko) Chrome/80.0.3987.149 Safari/537.36"
157.245.148.39 - - [08/Jun/2025:18:25:30 -0400] "POST //xmlrpc.php HTTP/1.1" 200 205 "-" "Mozilla/5.0 (Windows NT 10.0; Win64; x64) AppleWebKit/537.36 (KHTML, like Gecko) Chrome/78.0.3904.108 Safari/537.36"
139.59.58.126 - - [08/Jun/2025:18:25:46 -0400] "POST //xmlrpc.php HTTP/1.1" 200 205 "-" "Mozilla/5.0 (Windows NT 10.0; Win64; x64) AppleWebKit/537.36 (KHTML, like Gecko) Chrome/80.0.3987.149 Safari/537.36"
162.0.232.193 - - [08/Jun/2025:18:26:30 -0400] "POST /wp-cron.php?doing_wp_cron=1749421590.4338610172271728515625 HTTP/1.1" 200 0 "-" "WordPress/6.8.1; https://reversevillain.com"
157.245.148.39 - - [08/Jun/2025:18:26:01 -0400] "POST //xmlrpc.php HTTP/1.1" 200 205 "-" "Mozilla/5.0 (Windows NT 10.0; Win64; x64) AppleWebKit/537.36 (KHTML, like Gecko) Chrome/78.0.3904.108 Safari/537.36"
139.59.58.126 - - [08/Jun/2025:18:26:15 -0400] "POST //xmlrpc.php HTTP/1.1" 200 205 "-" "Mozilla/5.0 (Windows NT 10.0; Win64; x64) AppleWebKit/537.36 (KHTML, like Gecko) Chrome/80.0.3987.149 Safari/537.36"
162.0.232.193 - - [08/Jun/2025:18:26:31 -0400] "POST /wp-admin/admin-ajax.php?action=async_litespeed&nonce=TAIIGyv1iE2MgdEAM1i4NFOq13tzPsx4&litespeed_type=imgoptm HTTP/1.1" 200 5 "-" "WordPress/6.8.1; https://reversevillain.com"
162.0.232.193 - - [08/Jun/2025:18:27:00 -0400] "POST /wp-cron.php?doing_wp_cron=1749421620.2645618915557861328125 HTTP/1.1" 200 0 "-" "WordPress/6.8.1; https://reversevillain.com"
139.59.58.126 - - [08/Jun/2025:18:26:31 -0400] "POST //xmlrpc.php HTTP/1.1" 200 205 "-" "Mozilla/5.0 (Windows NT 10.0; Win64; x64) AppleWebKit/537.36 (KHTML, like Gecko) Chrome/80.0.3987.149 Safari/537.36"
157.245.148.39 - - [08/Jun/2025:18:26:30 -0400] "POST //xmlrpc.php HTTP/1.1" 200 205 "-" "Mozilla/5.0 (Windows NT 10.0; Win64; x64) AppleWebKit/537.36 (KHTML, like Gecko) Chrome/78.0.3904.108 Safari/537.36"
162.0.232.193 - - [08/Jun/2025:18:27:01 -0400] "POST /wp-admin/admin-ajax.php?action=async_litespeed&nonce=J5IC5KAncDH8RDcYFkSDrq2ajYbY2Za3&litespeed_type=imgoptm HTTP/1.1" 200 5 "-" "WordPress/6.8.1; https://reversevillain.com"
162.0.232.193 - - [08/Jun/2025:18:27:30 -0400] "POST /wp-cron.php?doing_wp_cron=1749421650.3781659603118896484375 HTTP/1.1" 200 0 "-" "WordPress/6.8.1; https://reversevillain.com"
157.245.148.39 - - [08/Jun/2025:18:27:01 -0400] "POST //xmlrpc.php HTTP/1.1" 200 205 "-" "Mozilla/5.0 (Windows NT 10.0; Win64; x64) AppleWebKit/537.36 (KHTML, like Gecko) Chrome/78.0.3904.108 Safari/537.36"
139.59.58.126 - - [08/Jun/2025:18:27:00 -0400] "POST //xmlrpc.php HTTP/1.1" 200 205 "-" "Mozilla/5.0 (Windows NT 10.0; Win64; x64) AppleWebKit/537.36 (KHTML, like Gecko) Chrome/80.0.3987.149 Safari/537.36"
