52.178.198.23 - - [09/Jun/2025:07:56:20 -0400] "GET /wp-login.php?redirect_to=https%3A%2F%2Freversevillain.com%2Fwp-admin%2Fclass-db.php&reauth=1 HTTP/1.1" 200 2064 "-" "-"
162.0.232.193 - - [09/Jun/2025:07:56:20 -0400] "POST /wp-admin/admin-ajax.php?action=async_litespeed&nonce=KpS08E0R2I64FF0pLcGx1IXaCmcgRZhn&litespeed_type=imgoptm HTTP/1.1" 200 5 "-" "WordPress/6.8.1; https://reversevillain.com"
52.178.198.23 - - [09/Jun/2025:07:56:20 -0400] "GET /wp-contentt.php HTTP/1.1" 404 1251 "-" "-"
52.178.198.23 - - [09/Jun/2025:07:56:21 -0400] "GET /theme.php HTTP/1.1" 404 1251 "-" "-"
52.178.198.23 - - [09/Jun/2025:07:56:21 -0400] "GET /alumni_reg.php HTTP/1.1" 404 1251 "-" "-"
52.178.198.23 - - [09/Jun/2025:07:56:21 -0400] "GET /colors.php HTTP/1.1" 404 1251 "-" "-"
52.178.198.23 - - [09/Jun/2025:07:56:21 -0400] "GET /Js.php HTTP/1.1" 404 1251 "-" "-"
20.171.207.75 - - [09/Jun/2025:07:56:21 -0400] "GET /wp-includes/class-wp-admin-bar.php HTTP/1.1" 403 1242 "-" "Mozilla/5.0 AppleWebKit/537.36 (KHTML, like Gecko; compatible; GPTBot/1.2; +https://openai.com/gptbot)"
52.178.198.23 - - [09/Jun/2025:07:56:21 -0400] "GET /access.php HTTP/1.1" 404 1251 "-" "-"
52.178.198.23 - - [09/Jun/2025:07:56:21 -0400] "GET /classsmtps.php HTTP/1.1" 404 1251 "-" "-"
52.178.198.23 - - [09/Jun/2025:07:56:22 -0400] "GET /contentloader1.php HTTP/1.1" 404 1251 "-" "-"
52.178.198.23 - - [09/Jun/2025:07:56:22 -0400] "GET /content.php888 HTTP/1.1" 404 1251 "-" "-"
52.178.198.23 - - [09/Jun/2025:07:56:22 -0400] "GET /al.php HTTP/1.1" 404 1251 "-" "-"
52.178.198.23 - - [09/Jun/2025:07:56:22 -0400] "GET /global.php HTTP/1.1" 404 1251 "-" "-"
52.178.198.23 - - [09/Jun/2025:07:56:22 -0400] "GET /update.php HTTP/1.1" 404 1251 "-" "-"
52.178.198.23 - - [09/Jun/2025:07:56:23 -0400] "GET /blog.php HTTP/1.1" 404 1251 "-" "-"
52.178.198.23 - - [09/Jun/2025:07:56:23 -0400] "GET /flower.php HTTP/1.1" 404 1251 "-" "-"
52.178.198.23 - - [09/Jun/2025:07:56:23 -0400] "GET /bypass.php HTTP/1.1" 404 1251 "-" "-"
52.178.198.23 - - [09/Jun/2025:07:56:23 -0400] "GET /extractable-loader-head.php HTTP/1.1" 404 1251 "-" "-"
52.178.198.23 - - [09/Jun/2025:07:56:23 -0400] "GET /defaults.php HTTP/1.1" 404 1251 "-" "-"
52.178.198.23 - - [09/Jun/2025:07:56:23 -0400] "GET /post.php HTTP/1.1" 404 1251 "-" "-"
52.178.198.23 - - [09/Jun/2025:07:56:24 -0400] "GET /csv.php HTTP/1.1" 404 1251 "-" "-"
52.178.198.23 - - [09/Jun/2025:07:56:24 -0400] "GET /fox.php HTTP/1.1" 404 1251 "-" "-"
52.178.198.23 - - [09/Jun/2025:07:56:24 -0400] "GET /disagraeosc.php HTTP/1.1" 404 1251 "-" "-"
52.178.198.23 - - [09/Jun/2025:07:56:24 -0400] "GET /about.php525 HTTP/1.1" 404 1251 "-" "-"
52.178.198.23 - - [09/Jun/2025:07:56:24 -0400] "GET /spip.php HTTP/1.1" 404 1251 "-" "-"
52.178.198.23 - - [09/Jun/2025:07:56:24 -0400] "GET /catuploadcsv.php HTTP/1.1" 404 1251 "-" "-"
52.178.198.23 - - [09/Jun/2025:07:56:25 -0400] "GET /backup.php HTTP/1.1" 404 1251 "-" "-"
52.178.198.23 - - [09/Jun/2025:07:56:25 -0400] "GET /haiterus.php HTTP/1.1" 404 1251 "-" "-"
52.178.198.23 - - [09/Jun/2025:07:56:25 -0400] "GET /go.php HTTP/1.1" 404 1251 "-" "-"
52.178.198.23 - - [09/Jun/2025:07:56:25 -0400] "GET /gecko-new.php HTTP/1.1" 404 1251 "-" "-"
52.178.198.23 - - [09/Jun/2025:07:56:25 -0400] "GET /wp-admin.php HTTP/1.1" 404 1251 "-" "-"
52.178.198.23 - - [09/Jun/2025:07:56:26 -0400] "GET /wp-configs.php HTTP/1.1" 404 1251 "-" "-"
52.178.198.23 - - [09/Jun/2025:07:56:26 -0400] "GET /essexec.php HTTP/1.1" 404 1251 "-" "-"
52.178.198.23 - - [09/Jun/2025:07:56:26 -0400] "GET /hello.php HTTP/1.1" 404 1251 "-" "-"
52.178.198.23 - - [09/Jun/2025:07:56:26 -0400] "GET /fi2.php HTTP/1.1" 404 1251 "-" "-"
52.178.198.23 - - [09/Jun/2025:07:56:26 -0400] "GET /1p.php HTTP/1.1" 404 1251 "-" "-"
52.178.198.23 - - [09/Jun/2025:07:56:26 -0400] "GET /Njima.php HTTP/1.1" 404 1251 "-" "-"
52.178.198.23 - - [09/Jun/2025:07:56:27 -0400] "GET /configs.php HTTP/1.1" 404 1251 "-" "-"
52.178.198.23 - - [09/Jun/2025:07:56:27 -0400] "GET /disagraeed.php HTTP/1.1" 404 1251 "-" "-"
52.178.198.23 - - [09/Jun/2025:07:56:27 -0400] "GET /file.php HTTP/1.1" 404 1251 "-" "-"
52.178.198.23 - - [09/Jun/2025:07:56:27 -0400] "GET /add_actualites.php HTTP/1.1" 404 1251 "-" "-"
52.178.198.23 - - [09/Jun/2025:07:56:27 -0400] "GET /alfanew.php7 HTTP/1.1" 404 1251 "-" "-"
52.178.198.23 - - [09/Jun/2025:07:56:27 -0400] "GET /xmlrpc.php0 HTTP/1.1" 404 1251 "-" "-"
52.178.198.23 - - [09/Jun/2025:07:56:28 -0400] "GET /content.php HTTP/1.1" 404 1251 "-" "-"
52.178.198.23 - - [09/Jun/2025:07:56:28 -0400] "GET /wxo.php HTTP/1.1" 404 1251 "-" "-"
52.178.198.23 - - [09/Jun/2025:07:56:28 -0400] "GET /as.php HTTP/1.1" 404 1251 "-" "-"
52.178.198.23 - - [09/Jun/2025:07:56:28 -0400] "GET /room.php HTTP/1.1" 404 1251 "-" "-"
52.178.198.23 - - [09/Jun/2025:07:56:28 -0400] "GET /info.php HTTP/1.1" 404 1251 "-" "-"
52.178.198.23 - - [09/Jun/2025:07:56:29 -0400] "GET /class-wp-cmd.php HTTP/1.1" 404 1251 "-" "-"
52.178.198.23 - - [09/Jun/2025:07:56:29 -0400] "GET /disagreed.php HTTP/1.1" 404 1251 "-" "-"
52.178.198.23 - - [09/Jun/2025:07:56:29 -0400] "GET /class_api.php HTTP/1.1" 404 1251 "-" "-"
52.178.198.23 - - [09/Jun/2025:07:56:29 -0400] "GET /aksinet.php HTTP/1.1" 404 1251 "-" "-"
52.178.198.23 - - [09/Jun/2025:07:56:29 -0400] "GET /alfa-rex1.php HTTP/1.1" 404 1251 "-" "-"
52.178.198.23 - - [09/Jun/2025:07:56:29 -0400] "GET /headerg.php HTTP/1.1" 404 1251 "-" "-"
52.178.198.23 - - [09/Jun/2025:07:56:30 -0400] "GET /meta.php HTTP/1.1" 404 1251 "-" "-"
52.178.198.23 - - [09/Jun/2025:07:56:30 -0400] "GET /dxc.php HTTP/1.1" 404 1251 "-" "-"
52.178.198.23 - - [09/Jun/2025:07:56:30 -0400] "GET /ini.php HTTP/1.1" 404 1251 "-" "-"
52.178.198.23 - - [09/Jun/2025:07:56:30 -0400] "GET /wp-2019.php HTTP/1.1" 404 1251 "-" "-"
52.178.198.23 - - [09/Jun/2025:07:56:30 -0400] "GET /menu.php HTTP/1.1" 404 1251 "-" "-"
52.178.198.23 - - [09/Jun/2025:07:56:31 -0400] "GET /alfa.php HTTP/1.1" 404 1251 "-" "-"
52.178.198.23 - - [09/Jun/2025:07:56:31 -0400] "GET /feed-rss2-queue.php HTTP/1.1" 404 1251 "-" "-"
52.178.198.23 - - [09/Jun/2025:07:56:31 -0400] "GET /inputs.php HTTP/1.1" 404 1251 "-" "-"
52.178.198.23 - - [09/Jun/2025:07:56:31 -0400] "GET /class-walker-category-dropdown-class.php HTTP/1.1" 404 1251 "-" "-"
52.178.198.23 - - [09/Jun/2025:07:56:31 -0400] "GET /1.php7 HTTP/1.1" 404 1251 "-" "-"
52.178.198.23 - - [09/Jun/2025:07:56:31 -0400] "GET /ds.php HTTP/1.1" 404 1251 "-" "-"
52.178.198.23 - - [09/Jun/2025:07:56:32 -0400] "GET /GOD.php HTTP/1.1" 404 1251 "-" "-"
52.178.198.23 - - [09/Jun/2025:07:56:32 -0400] "GET /ggfi.php HTTP/1.1" 404 1251 "-" "-"
52.178.198.23 - - [09/Jun/2025:07:56:32 -0400] "GET /alfa-rex.php HTTP/1.1" 404 1251 "-" "-"
52.178.198.23 - - [09/Jun/2025:07:56:32 -0400] "GET /cookie.php HTTP/1.1" 404 1251 "-" "-"
52.178.198.23 - - [09/Jun/2025:07:56:32 -0400] "GET /NewFile.php HTTP/1.1" 404 1251 "-" "-"
52.178.198.23 - - [09/Jun/2025:07:56:32 -0400] "GET /config.php HTTP/1.1" 404 1251 "-" "-"
52.178.198.23 - - [09/Jun/2025:07:56:33 -0400] "GET /22.php HTTP/1.1" 404 1251 "-" "-"
52.178.198.23 - - [09/Jun/2025:07:56:33 -0400] "GET /bak.php HTTP/1.1" 404 1251 "-" "-"
52.178.198.23 - - [09/Jun/2025:07:56:33 -0400] "GET /install.php HTTP/1.1" 404 1251 "-" "-"
52.178.198.23 - - [09/Jun/2025:07:56:33 -0400] "GET /colour.php HTTP/1.1" 404 1251 "-" "-"
52.178.198.23 - - [09/Jun/2025:07:56:33 -0400] "GET /OK.php HTTP/1.1" 404 1251 "-" "-"
52.178.198.23 - - [09/Jun/2025:07:56:34 -0400] "GET /aaa.php HTTP/1.1" 404 1251 "-" "-"
52.178.198.23 - - [09/Jun/2025:07:56:34 -0400] "GET /about.php HTTP/1.1" 404 1251 "-" "-"
52.178.198.23 - - [09/Jun/2025:07:56:34 -0400] "GET /2.php HTTP/1.1" 403 1242 "-" "-"
52.178.198.23 - - [09/Jun/2025:07:56:34 -0400] "GET /config.php7 HTTP/1.1" 404 1251 "-" "-"
52.178.198.23 - - [09/Jun/2025:07:56:34 -0400] "GET /gebase.php69 HTTP/1.1" 404 1251 "-" "-"
52.178.198.23 - - [09/Jun/2025:07:56:34 -0400] "GET /input.php HTTP/1.1" 404 1251 "-" "-"
52.178.198.23 - - [09/Jun/2025:07:56:35 -0400] "GET /cache-base.php HTTP/1.1" 404 1251 "-" "-"
52.178.198.23 - - [09/Jun/2025:07:56:35 -0400] "GET /asasx.php HTTP/1.1" 404 1251 "-" "-"
52.178.198.23 - - [09/Jun/2025:07:56:35 -0400] "GET /delpaths.php HTTP/1.1" 404 1251 "-" "-"
52.178.198.23 - - [09/Jun/2025:07:56:35 -0400] "GET /readme.php HTTP/1.1" 404 1251 "-" "-"
52.178.198.23 - - [09/Jun/2025:07:56:35 -0400] "GET /Casper.php HTTP/1.1" 404 1251 "-" "-"
52.178.198.23 - - [09/Jun/2025:07:56:36 -0400] "GET /updates.php HTTP/1.1" 404 1251 "-" "-"
52.178.198.23 - - [09/Jun/2025:07:56:36 -0400] "GET /fw.php HTTP/1.1" 404 1251 "-" "-"
52.178.198.23 - - [09/Jun/2025:07:56:36 -0400] "GET /ae.php HTTP/1.1" 404 1251 "-" "-"
52.178.198.23 - - [09/Jun/2025:07:56:36 -0400] "GET /class-php HTTP/1.1" 404 1251 "-" "-"
52.178.198.23 - - [09/Jun/2025:07:56:36 -0400] "GET /embed.php HTTP/1.1" 404 1251 "-" "-"
52.178.198.23 - - [09/Jun/2025:07:56:37 -0400] "GET /admin.php1 HTTP/1.1" 404 1251 "-" "-"
52.178.198.23 - - [09/Jun/2025:07:56:37 -0400] "GET /index.php HTTP/1.1" 404 1251 "-" "-"
52.178.198.23 - - [09/Jun/2025:07:56:37 -0400] "GET /about.php7 HTTP/1.1" 404 1251 "-" "-"
52.178.198.23 - - [09/Jun/2025:07:56:37 -0400] "GET /c.php HTTP/1.1" 404 1251 "-" "-"
52.178.198.23 - - [09/Jun/2025:07:56:37 -0400] "GET /class.api.php HTTP/1.1" 404 1251 "-" "-"
52.178.198.23 - - [09/Jun/2025:07:56:37 -0400] "GET /bk.php HTTP/1.1" 404 1251 "-" "-"
52.178.198.23 - - [09/Jun/2025:07:56:38 -0400] "GET /02.php HTTP/1.1" 404 1251 "-" "-"
52.178.198.23 - - [09/Jun/2025:07:56:38 -0400] "GET /24.php HTTP/1.1" 404 1251 "-" "-"
52.178.198.23 - - [09/Jun/2025:07:56:38 -0400] "GET /blog.php7 HTTP/1.1" 404 1251 "-" "-"
52.178.198.23 - - [09/Jun/2025:07:56:38 -0400] "GET /amaxx.php HTTP/1.1" 404 1251 "-" "-"
52.178.198.23 - - [09/Jun/2025:07:56:38 -0400] "GET /disagrsod.php HTTP/1.1" 404 1251 "-" "-"
52.178.198.23 - - [09/Jun/2025:07:56:38 -0400] "GET /gebase.php HTTP/1.1" 404 1251 "-" "-"
52.178.198.23 - - [09/Jun/2025:07:56:39 -0400] "GET /Auth.php HTTP/1.1" 404 1251 "-" "-"
52.178.198.23 - - [09/Jun/2025:07:56:39 -0400] "GET /1index.php HTTP/1.1" 404 1251 "-" "-"
52.178.198.23 - - [09/Jun/2025:07:56:39 -0400] "GET /randkeyword.php HTTP/1.1" 404 1251 "-" "-"
52.178.198.23 - - [09/Jun/2025:07:56:39 -0400] "GET /help.php HTTP/1.1" 404 1251 "-" "-"
52.178.198.23 - - [09/Jun/2025:07:56:39 -0400] "GET /text.php HTTP/1.1" 404 1251 "-" "-"
52.178.198.23 - - [09/Jun/2025:07:56:40 -0400] "GET /files.php HTTP/1.1" 404 1251 "-" "-"
52.178.198.23 - - [09/Jun/2025:07:56:40 -0400] "GET /css.php HTTP/1.1" 404 1251 "-" "-"
52.178.198.23 - - [09/Jun/2025:07:56:40 -0400] "GET /root.php HTTP/1.1" 404 1251 "-" "-"
52.178.198.23 - - [09/Jun/2025:07:56:40 -0400] "GET /autoload_classmap.php HTTP/1.1" 404 1251 "-" "-"
52.178.198.23 - - [09/Jun/2025:07:56:40 -0400] "GET /contact_tpl.php HTTP/1.1" 404 1251 "-" "-"
52.178.198.23 - - [09/Jun/2025:07:56:40 -0400] "GET /f35.php HTTP/1.1" 404 1251 "-" "-"
52.178.198.23 - - [09/Jun/2025:07:56:41 -0400] "GET /alfanew.php HTTP/1.1" 404 1251 "-" "-"
52.178.198.23 - - [09/Jun/2025:07:56:41 -0400] "GET /alfa-rex.php7 HTTP/1.1" 404 1251 "-" "-"
52.178.198.23 - - [09/Jun/2025:07:56:41 -0400] "GET /error.php HTTP/1.1" 404 1251 "-" "-"
52.178.198.23 - - [09/Jun/2025:07:56:41 -0400] "GET /12.php HTTP/1.1" 404 1251 "-" "-"
52.178.198.23 - - [09/Jun/2025:07:56:41 -0400] "GET /plugin.php HTTP/1.1" 404 1251 "-" "-"
52.178.198.23 - - [09/Jun/2025:07:56:41 -0400] "GET /class-IXR-base64-view.php HTTP/1.1" 404 1251 "-" "-"
52.178.198.23 - - [09/Jun/2025:07:56:42 -0400] "GET /beence.php HTTP/1.1" 404 1251 "-" "-"
52.178.198.23 - - [09/Jun/2025:07:56:42 -0400] "GET /chosen.php HTTP/1.1" 404 1251 "-" "-"
52.178.198.23 - - [09/Jun/2025:07:56:42 -0400] "GET /xleet.php HTTP/1.1" 404 1251 "-" "-"
52.178.198.23 - - [09/Jun/2025:07:56:42 -0400] "GET /admin.php7 HTTP/1.1" 404 1251 "-" "-"
52.178.198.23 - - [09/Jun/2025:07:56:42 -0400] "GET /class-IXR-encryption.php HTTP/1.1" 404 1251 "-" "-"
52.178.198.23 - - [09/Jun/2025:07:56:43 -0400] "GET /radio.php HTTP/1.1" 404 1251 "-" "-"
52.178.198.23 - - [09/Jun/2025:07:56:43 -0400] "GET /favicon.php HTTP/1.1" 404 1251 "-" "-"
52.178.198.23 - - [09/Jun/2025:07:56:43 -0400] "GET /M1.php HTTP/1.1" 404 1251 "-" "-"
52.178.198.23 - - [09/Jun/2025:07:56:43 -0400] "GET /system.php HTTP/1.1" 404 1251 "-" "-"
52.178.198.23 - - [09/Jun/2025:07:56:43 -0400] "GET /fied.php HTTP/1.1" 404 1251 "-" "-"
52.178.198.23 - - [09/Jun/2025:07:56:43 -0400] "GET /1.php HTTP/1.1" 404 1251 "-" "-"
52.178.198.23 - - [09/Jun/2025:07:56:44 -0400] "GET /admin.php HTTP/1.1" 404 16 "-" "-"
52.178.198.23 - - [09/Jun/2025:07:56:44 -0400] "GET /404.php123123 HTTP/1.1" 404 1251 "-" "-"
52.178.198.23 - - [09/Jun/2025:07:56:44 -0400] "GET /curl.php HTTP/1.1" 404 1251 "-" "-"
52.178.198.23 - - [09/Jun/2025:07:56:44 -0400] "GET /block-bindings.php HTTP/1.1" 404 1251 "-" "-"
52.178.198.23 - - [09/Jun/2025:07:56:44 -0400] "GET /functions.php HTTP/1.1" 404 1251 "-" "-"
52.178.198.23 - - [09/Jun/2025:07:56:45 -0400] "GET /cJLGqzB.php HTTP/1.1" 404 1251 "-" "-"
52.178.198.23 - - [09/Jun/2025:07:56:45 -0400] "GET /conf_upload.php HTTP/1.1" 404 1251 "-" "-"
52.178.198.23 - - [09/Jun/2025:07:56:45 -0400] "GET /c99.php HTTP/1.1" 404 1251 "-" "-"
52.178.198.23 - - [09/Jun/2025:07:56:45 -0400] "GET /cron.php HTTP/1.1" 404 1251 "-" "-"
52.178.198.23 - - [09/Jun/2025:07:56:45 -0400] "GET /inc.php HTTP/1.1" 404 1251 "-" "-"
52.178.198.23 - - [09/Jun/2025:07:56:45 -0400] "GET /f.php HTTP/1.1" 404 1251 "-" "-"
52.178.198.23 - - [09/Jun/2025:07:56:46 -0400] "GET /goods.php HTTP/1.1" 404 1251 "-" "-"
52.178.198.23 - - [09/Jun/2025:07:56:46 -0400] "GET /locale.php HTTP/1.1" 404 1251 "-" "-"
52.178.198.23 - - [09/Jun/2025:07:56:46 -0400] "GET /class-walker-comment-beta.php HTTP/1.1" 404 1251 "-" "-"
52.178.198.23 - - [09/Jun/2025:07:56:46 -0400] "GET /dropdown.php HTTP/1.1" 404 1251 "-" "-"
52.178.198.23 - - [09/Jun/2025:07:56:46 -0400] "GET /cloud.php HTTP/1.1" 404 1251 "-" "-"
52.178.198.23 - - [09/Jun/2025:07:56:46 -0400] "GET /disagraep.php HTTP/1.1" 404 1251 "-" "-"
52.178.198.23 - - [09/Jun/2025:07:56:47 -0400] "GET /edit.php HTTP/1.1" 404 1251 "-" "-"
52.178.198.23 - - [09/Jun/2025:07:56:47 -0400] "GET /hehe.php HTTP/1.1" 404 1251 "-" "-"
52.178.198.23 - - [09/Jun/2025:07:56:47 -0400] "GET /user.php HTTP/1.1" 404 1251 "-" "-"
52.178.198.23 - - [09/Jun/2025:07:56:47 -0400] "GET /404.php HTTP/1.1" 404 1251 "-" "-"
52.178.198.23 - - [09/Jun/2025:07:56:47 -0400] "GET /bypass.php7 HTTP/1.1" 404 1251 "-" "-"
52.178.198.23 - - [09/Jun/2025:07:56:48 -0400] "GET /Alfa.php HTTP/1.1" 404 1251 "-" "-"
52.178.198.23 - - [09/Jun/2025:07:56:48 -0400] "GET /hoot.php HTTP/1.1" 404 1251 "-" "-"
52.178.198.23 - - [09/Jun/2025:07:56:48 -0400] "GET /wp-index.php HTTP/1.1" 404 1251 "-" "-"
52.178.198.23 - - [09/Jun/2025:07:56:48 -0400] "GET /feeds.php HTTP/1.1" 404 1251 "-" "-"
52.178.198.23 - - [09/Jun/2025:07:56:48 -0400] "GET /browse.php HTTP/1.1" 404 1251 "-" "-"
52.178.198.23 - - [09/Jun/2025:07:56:48 -0400] "GET /xmlrpc.php HTTP/1.1" 405 46 "-" "-"
20.171.207.75 - - [09/Jun/2025:07:57:21 -0400] "GET /wp-includes/class-wp-classic-to-block-menu-converter.php HTTP/1.1" 403 1242 "-" "Mozilla/5.0 AppleWebKit/537.36 (KHTML, like Gecko; compatible; GPTBot/1.2; +https://openai.com/gptbot)"
143.44.192.65 - - [09/Jun/2025:07:57:42 -0400] "GET / HTTP/1.1" 200 1795 "https://www.google.com/" "Mozilla/5.0 (Linux; Android 10; K) AppleWebKit/537.36 (KHTML, like Gecko) Chrome/137.0.0.0 Mobile Safari/537.36"
143.44.192.65 - - [09/Jun/2025:07:57:43 -0400] "GET /_autoindex/assets/icons/folder-fill.svg HTTP/1.1" 200 333 "https://reversevillain.com/" "Mozilla/5.0 (Linux; Android 10; K) AppleWebKit/537.36 (KHTML, like Gecko) Chrome/137.0.0.0 Mobile Safari/537.36"
143.44.192.65 - - [09/Jun/2025:07:57:43 -0400] "GET /_autoindex/assets/js/tablesort.number.js HTTP/1.1" 200 322 "https://reversevillain.com/" "Mozilla/5.0 (Linux; Android 10; K) AppleWebKit/537.36 (KHTML, like Gecko) Chrome/137.0.0.0 Mobile Safari/537.36"
143.44.192.65 - - [09/Jun/2025:07:57:43 -0400] "GET /_autoindex/assets/css/autoindex.css HTTP/1.1" 200 1170 "https://reversevillain.com/" "Mozilla/5.0 (Linux; Android 10; K) AppleWebKit/537.36 (KHTML, like Gecko) Chrome/137.0.0.0 Mobile Safari/537.36"
143.44.192.65 - - [09/Jun/2025:07:57:43 -0400] "GET /_autoindex/assets/js/tablesort.js HTTP/1.1" 200 2137 "https://reversevillain.com/" "Mozilla/5.0 (Linux; Android 10; K) AppleWebKit/537.36 (KHTML, like Gecko) Chrome/137.0.0.0 Mobile Safari/537.36"
143.44.192.65 - - [09/Jun/2025:07:57:43 -0400] "GET /_autoindex/assets/icons/file-text.svg HTTP/1.1" 200 394 "https://reversevillain.com/" "Mozilla/5.0 (Linux; Android 10; K) AppleWebKit/537.36 (KHTML, like Gecko) Chrome/137.0.0.0 Mobile Safari/537.36"
143.44.192.65 - - [09/Jun/2025:07:57:43 -0400] "GET /_autoindex/assets/icons/file.svg HTTP/1.1" 200 354 "https://reversevillain.com/" "Mozilla/5.0 (Linux; Android 10; K) AppleWebKit/537.36 (KHTML, like Gecko) Chrome/137.0.0.0 Mobile Safari/537.36"
143.44.192.65 - - [09/Jun/2025:07:57:44 -0400] "GET /favicon.ico HTTP/1.1" 404 1251 "https://reversevillain.com/" "Mozilla/5.0 (Linux; Android 10; K) AppleWebKit/537.36 (KHTML, like Gecko) Chrome/137.0.0.0 Mobile Safari/537.36"
156.59.198.136 - - [09/Jun/2025:07:58:00 -0400] "GET /reverse-villain/page/2/%7B%22data-original-href%22:%22https://blogger.googleusercontent.com/img/b/R29vZ2xl/AVvXsEiqCXcPTnG3kN4i2WQtOKEbtoZ0xshaLhFcf83CNqcbyNYCY-664nIq0dqVguAmSbGJ-O3aBrYsO_ysAX4rdsU9ir2Yhy-vyO2GNA18Hzxyi4Ffnp5ZJzHjBe78qxJL7cD4-jOm_T5jMND6XlS7lDtBxIje6XVleptk9CZJGapljWhseA1oBX_fomRc/s1600/39.jpg%22,%22style%22:%22%22%7D HTTP/1.1" 404 1251 "-" "Mozilla/5.0 (Linux; Android 5.0) AppleWebKit/537.36 (KHTML, like Gecko) Mobile Safari/537.36 (compatible; Bytespider; [email protected])"
20.171.207.75 - - [09/Jun/2025:07:58:24 -0400] "GET /wp-includes/class-wp-image-editor-gd.php HTTP/1.1" 403 1242 "-" "Mozilla/5.0 AppleWebKit/537.36 (KHTML, like Gecko; compatible; GPTBot/1.2; +https://openai.com/gptbot)"
216.244.66.242 - - [09/Jun/2025:07:58:33 -0400] "GET /robots.txt HTTP/1.1" 404 1251 "-" "Mozilla/5.0 (compatible; DotBot/1.2; +https://opensiteexplorer.org/dotbot; [email protected])"
20.171.207.75 - - [09/Jun/2025:07:59:25 -0400] "GET /wp-includes/class-avif-info.php HTTP/1.1" 403 1242 "-" "Mozilla/5.0 AppleWebKit/537.36 (KHTML, like Gecko; compatible; GPTBot/1.2; +https://openai.com/gptbot)"
66.249.66.41 - - [09/Jun/2025:08:00:25 -0400] "GET /comic/ HTTP/1.1" 404 1251 "-" "Mozilla/5.0 (Linux; Android 6.0.1; Nexus 5X Build/MMB29P) AppleWebKit/537.36 (KHTML, like Gecko) Chrome/136.0.7103.113 Mobile Safari/537.36 (compatible; Googlebot/2.1; +http://www.google.com/bot.html)"
2001:4860:7:40c::de - - [09/Jun/2025:08:00:25 -0400] "GET / HTTP/1.1" 200 1795 "https://www.google.com/" "Mozilla/5.0 (Linux; Android 10; K) AppleWebKit/537.36 (KHTML, like Gecko) Chrome/137.0.0.0 Mobile Safari/537.36"
20.171.207.75 - - [09/Jun/2025:08:00:29 -0400] "GET /wp-includes/class-wp-text-diff-renderer-inline.php HTTP/1.1" 403 1242 "-" "Mozilla/5.0 AppleWebKit/537.36 (KHTML, like Gecko; compatible; GPTBot/1.2; +https://openai.com/gptbot)"
20.171.207.75 - - [09/Jun/2025:08:01:30 -0400] "GET /wp-includes/class-phpass.php HTTP/1.1" 403 1242 "-" "Mozilla/5.0 AppleWebKit/537.36 (KHTML, like Gecko; compatible; GPTBot/1.2; +https://openai.com/gptbot)"
82.145.215.206 - - [09/Jun/2025:08:02:25 -0400] "GET / HTTP/1.1" 200 1795 "-" "Mozilla/5.0 (iPhone; CPU iPhone OS 11_0 like Mac OS X) AppleWebKit/604.1.38 (KHTML, like Gecko) Version/11.0 Mobile/15A372 Safari/604.1"
45.87.213.196 - - [09/Jun/2025:08:02:25 -0400] "GET /reverse-villain-chapter-1/ HTTP/1.1" 404 1251 "-" "Mozilla/5.0 (X11; Linux x86_64) AppleWebKit/537.36 (KHTML, like Gecko) Chrome/135.0.0.0 Safari/537.36 OPR/121.0.0.0"
82.145.215.206 - - [09/Jun/2025:08:02:25 -0400] "GET /apple-touch-icon.png HTTP/1.1" 404 1251 "-" "Go-http-client/1.1"
20.171.207.75 - - [09/Jun/2025:08:02:32 -0400] "GET /wp-includes/class-wp-speculation-rules.php HTTP/1.1" 403 1242 "-" "Mozilla/5.0 AppleWebKit/537.36 (KHTML, like Gecko; compatible; GPTBot/1.2; +https://openai.com/gptbot)"
20.171.207.75 - - [09/Jun/2025:08:03:37 -0400] "GET /wp-includes/class-wp-recovery-mode-cookie-service.php HTTP/1.1" 403 1242 "-" "Mozilla/5.0 AppleWebKit/537.36 (KHTML, like Gecko; compatible; GPTBot/1.2; +https://openai.com/gptbot)"
20.171.207.75 - - [09/Jun/2025:08:04:40 -0400] "GET /wp-includes/class-wp-recovery-mode-email-service.php HTTP/1.1" 403 1242 "-" "Mozilla/5.0 AppleWebKit/537.36 (KHTML, like Gecko; compatible; GPTBot/1.2; +https://openai.com/gptbot)"
162.0.232.193 - - [09/Jun/2025:08:06:50 -0400] "POST /wp-cron.php?doing_wp_cron=1749470810.5768411159515380859375 HTTP/1.1" 200 0 "-" "WordPress/6.8.1; https://reversevillain.com"
20.171.207.75 - - [09/Jun/2025:08:06:47 -0400] "GET /wp-mail.php HTTP/1.1" 500 946 "-" "Mozilla/5.0 AppleWebKit/537.36 (KHTML, like Gecko; compatible; GPTBot/1.2; +https://openai.com/gptbot)"
216.244.66.242 - - [09/Jun/2025:08:07:10 -0400] "GET /grand-blue-chapter-87/ HTTP/1.1" 404 1251 "-" "Mozilla/5.0 (compatible; DotBot/1.2; +https://opensiteexplorer.org/dotbot; [email protected])"
216.244.66.242 - - [09/Jun/2025:08:07:16 -0400] "GET /hero-has-returned-chapter-97/ HTTP/1.1" 404 1251 "-" "Mozilla/5.0 (compatible; DotBot/1.2; +https://opensiteexplorer.org/dotbot; [email protected])"
216.244.66.242 - - [09/Jun/2025:08:07:20 -0400] "GET /remonster-chapter-95/ HTTP/1.1" 404 1251 "-" "Mozilla/5.0 (compatible; DotBot/1.2; +https://opensiteexplorer.org/dotbot; [email protected])"
216.244.66.242 - - [09/Jun/2025:08:07:25 -0400] "GET /renzu-sou-no-sankaku-chapter-1/ HTTP/1.1" 404 1251 "-" "Mozilla/5.0 (compatible; DotBot/1.2; +https://opensiteexplorer.org/dotbot; [email protected])"
216.244.66.242 - - [09/Jun/2025:08:07:30 -0400] "GET /satanophany-chapter-123/ HTTP/1.1" 404 1251 "-" "Mozilla/5.0 (compatible; DotBot/1.2; +https://opensiteexplorer.org/dotbot; [email protected])"
216.244.66.242 - - [09/Jun/2025:08:07:32 -0400] "GET /shinka-no-mi-chapter-39/ HTTP/1.1" 404 1251 "-" "Mozilla/5.0 (compatible; DotBot/1.2; +https://opensiteexplorer.org/dotbot; [email protected])"
216.244.66.242 - - [09/Jun/2025:08:07:34 -0400] "GET /tower-of-god-group-3-chapter-168/ HTTP/1.1" 404 1251 "-" "Mozilla/5.0 (compatible; DotBot/1.2; +https://opensiteexplorer.org/dotbot; [email protected])"
216.244.66.242 - - [09/Jun/2025:08:07:38 -0400] "GET /shimotsuki-san-wa-mob-ga-suki-hitomishiri-na-kanojo-wa-ore-ni-dake-dere-amai-chapter-1/ HTTP/1.1" 404 1251 "-" "Mozilla/5.0 (compatible; DotBot/1.2; +https://opensiteexplorer.org/dotbot; [email protected])"
20.171.207.75 - - [09/Jun/2025:08:07:52 -0400] "GET /admin.php HTTP/1.1" 404 16 "-" "Mozilla/5.0 AppleWebKit/537.36 (KHTML, like Gecko; compatible; GPTBot/1.2; +https://openai.com/gptbot)"
23.98.186.198 - - [09/Jun/2025:08:07:57 -0400] "GET /robots.txt HTTP/1.1" 404 1251 "-" "Mozilla/5.0 AppleWebKit/537.36 (KHTML, like Gecko); compatible; ChatGPT-User/1.0; +https://openai.com/bot"
23.98.186.198 - - [09/Jun/2025:08:07:57 -0400] "GET / HTTP/1.1" 200 1795 "-" "Mozilla/5.0 AppleWebKit/537.36 (KHTML, like Gecko); compatible; ChatGPT-User/1.0; +https://openai.com/bot"
216.244.66.242 - - [09/Jun/2025:08:08:10 -0400] "GET /isekai-nonbiri-nouka-chapter-218/feed/ HTTP/1.1" 404 1251 "-" "Mozilla/5.0 (compatible; DotBot/1.2; +https://opensiteexplorer.org/dotbot; [email protected])"
66.249.66.45 - - [09/Jun/2025:08:08:25 -0400] "GET /reverse-villain/chapter-2/ HTTP/1.1" 404 1251 "-" "Mozilla/5.0 (Linux; Android 6.0.1; Nexus 5X Build/MMB29P) AppleWebKit/537.36 (KHTML, like Gecko) Chrome/136.0.7103.113 Mobile Safari/537.36 (compatible; Googlebot/2.1; +http://www.google.com/bot.html)"
216.244.66.242 - - [09/Jun/2025:08:08:28 -0400] "GET /toaru-tenin-to-kyaku-no-hanashi-chapter-1/feed/ HTTP/1.1" 404 1251 "-" "Mozilla/5.0 (compatible; DotBot/1.2; +https://opensiteexplorer.org/dotbot; [email protected])"
196.251.73.28 - - [09/Jun/2025:08:11:09 -0400] "GET / HTTP/1.1" 200 1795 "-" "-"
196.251.73.28 - - [09/Jun/2025:08:11:09 -0400] "GET /wp-admin/install.php HTTP/1.1" 403 1242 "-" "-"
196.251.73.28 - - [09/Jun/2025:08:11:09 -0400] "GET /wp-admin/setup-config.php HTTP/1.1" 409 1041 "-" "-"
47.128.61.51 - - [09/Jun/2025:08:11:25 -0400] "GET / HTTP/1.1" 200 1795 "-" "Mozilla/5.0 (Linux; Android 5.0) AppleWebKit/537.36 (KHTML, like Gecko) Mobile Safari/537.36 (compatible; Bytespider; [email protected])"
160.19.18.171 - - [09/Jun/2025:08:12:00 -0400] "GET /wp-content/uploads/2024/02/9241cb9aeeaab1cd315f26ebf3104065-522x1024.jpg HTTP/1.1" 200 74937 "-" "com.google.android.googlequicksearchbox/301503882 (Linux; U; Android 13; in_ID; SM-A035F; Build/TP1A.220624.014; Cronet/137.0.7104.0)"
47.128.16.131 - - [09/Jun/2025:08:12:22 -0400] "GET /cheat-kusushi-no-slow-life-isekai-ni-tsukurou-drugstore-chapter-48/ HTTP/1.1" 404 1251 "-" "Mozilla/5.0 (Linux; Android 5.0) AppleWebKit/537.36 (KHTML, like Gecko) Mobile Safari/537.36 (compatible; TikTokSpider; [email protected])"
202.130.215.20 - - [09/Jun/2025:08:13:01 -0400] "GET /error_log HTTP/1.1" 403 1242 "-" "Mozilla/5.0 (Linux; Android 8.0; Pixel 2 Build/OPD3.170816.012) AppleWebKit/537.36 (KHTML, like Gecko) Chrome/47.0.8666.1510 Mobile Safari/537.36"
4.227.36.109 - - [09/Jun/2025:08:14:50 -0400] "GET /robots.txt HTTP/1.1" 404 1251 "-" "Mozilla/5.0 AppleWebKit/537.36 (KHTML, like Gecko; compatible; GPTBot/1.2; +https://openai.com/gptbot)"
17.241.75.224 - - [09/Jun/2025:08:16:39 -0400] "GET /robots.txt HTTP/1.1" 404 1251 "-" "Mozilla/5.0 (Macintosh; Intel Mac OS X 10_15_7) AppleWebKit/605.1.15 (KHTML, like Gecko) Version/17.4 Safari/605.1.15 (Applebot/0.1; +http://www.apple.com/go/applebot)"
17.241.75.224 - - [09/Jun/2025:08:16:40 -0400] "GET /reverse-villain-chapter-47/ HTTP/1.1" 404 1251 "-" "Mozilla/5.0 (Macintosh; Intel Mac OS X 10_15_7) AppleWebKit/605.1.15 (KHTML, like Gecko) Version/17.4 Safari/605.1.15 (Applebot/0.1; +http://www.apple.com/go/applebot)"
162.0.232.193 - - [09/Jun/2025:08:17:35 -0400] "POST /wp-cron.php?doing_wp_cron=1749471455.0012431144714355468750 HTTP/1.1" 200 0 "-" "WordPress/6.8.1; https://reversevillain.com"
2605:7380:1000:1310:7cab:51ff:fe14:7ed2 - - [09/Jun/2025:08:17:32 -0400] "POST /xmlrpc.php HTTP/1.1" 200 205 "-" "Mozilla/5.0 (X11; Ubuntu; Linux x86_64; rv:85.0) Gecko/20100101 Firefox/91.0"
162.0.232.193 - - [09/Jun/2025:08:17:35 -0400] "POST /wp-admin/admin-ajax.php?action=async_litespeed&nonce=UTfVcoR2VZmhaZgaH2CXbm4Vja8KbPSO&litespeed_type=imgoptm HTTP/1.1" 200 5 "-" "WordPress/6.8.1; https://reversevillain.com"
52.167.144.186 - - [09/Jun/2025:08:17:49 -0400] "GET /sss-class-revival-hunter-chapter-100/ HTTP/1.1" 404 1251 "-" "Mozilla/5.0 AppleWebKit/537.36 (KHTML, like Gecko; compatible; bingbot/2.0; +http://www.bing.com/bingbot.htm) Chrome/116.0.1938.76 Safari/537.36"
2600:1700:1e90:efa0:55c7:9caa:e9d0:5ee1 - - [09/Jun/2025:08:18:05 -0400] "GET /reverse-villain/chapter-55/ HTTP/1.1" 404 1251 "-" "Mozilla/5.0 (iPhone; CPU iPhone OS 18_5 like Mac OS X) AppleWebKit/605.1.15 (KHTML, like Gecko) Mobile/15E148"
2600:1700:1e90:efa0:55c7:9caa:e9d0:5ee1 - - [09/Jun/2025:08:18:08 -0400] "GET /reverse-villain/chapter-55/ HTTP/1.1" 404 1251 "-" "Mozilla/5.0 (iPhone; CPU iPhone OS 18_5 like Mac OS X) AppleWebKit/605.1.15 (KHTML, like Gecko) Mobile/15E148"
162.0.232.193 - - [09/Jun/2025:08:20:26 -0400] "POST /wp-cron.php?doing_wp_cron=1749471626.5235219001770019531250 HTTP/1.1" 200 0 "-" "WordPress/6.8.1; https://reversevillain.com"
203.211.110.100 - - [09/Jun/2025:08:20:25 -0400] "GET /wp-mail.php HTTP/1.1" 500 946 "-" "Mozilla/5.0 (Linux; Android 8.0; Pixel 2 Build/OPD3.170816.012) AppleWebKit/537.36 (KHTML, like Gecko) Chrome/49.0.1649.1320 Mobile Safari/537.36"
162.0.232.193 - - [09/Jun/2025:08:20:27 -0400] "POST /wp-admin/admin-ajax.php?action=async_litespeed&nonce=0lq4BO3fyoKra4A6dBhA4yznNYwNVIa8&litespeed_type=imgoptm HTTP/1.1" 200 5 "-" "WordPress/6.8.1; https://reversevillain.com"
66.249.66.44 - - [09/Jun/2025:08:21:50 -0400] "GET /cgi-bin/ HTTP/1.1" 403 1242 "-" "Mozilla/5.0 (Linux; Android 6.0.1; Nexus 5X Build/MMB29P) AppleWebKit/537.36 (KHTML, like Gecko) Chrome/136.0.7103.113 Mobile Safari/537.36 (compatible; Googlebot/2.1; +http://www.google.com/bot.html)"
47.203.147.110 - - [09/Jun/2025:08:24:25 -0400] "GET /wp-config-sample.php HTTP/1.1" 500 905 "-" "Mozilla/5.0 (Linux; Android 5.0; SM-G900P Build/LRX21T) AppleWebKit/537.36 (KHTML, like Gecko) Chrome/42.0.8427.1180 Mobile Safari/537.36"
162.0.232.193 - - [09/Jun/2025:08:25:17 -0400] "POST /wp-cron.php?doing_wp_cron=1749471917.6453919410705566406250 HTTP/1.1" 200 0 "-" "WordPress/6.8.1; https://reversevillain.com"
199.195.250.4 - - [09/Jun/2025:08:25:16 -0400] "GET /wp-login.php HTTP/1.1" 200 2047 "-" "Mozilla/5.0 (Macintosh; Intel Mac OS X 10_9_2) AppleWebKit/537.36 (KHTML, like Gecko) Chrome/35.0.1916.153 Safari/537.36"
199.195.250.4 - - [09/Jun/2025:08:25:18 -0400] "POST /wp-login.php HTTP/1.1" 200 2145 "-" "Mozilla/5.0 (Macintosh; Intel Mac OS X 10_9_2) AppleWebKit/537.36 (KHTML, like Gecko) Chrome/35.0.1916.153 Safari/537.36"
17.241.75.211 - - [09/Jun/2025:08:26:35 -0400] "GET /manga/tit-for-tat-chapter-76/ HTTP/1.1" 404 1251 "-" "Mozilla/5.0 (Macintosh; Intel Mac OS X 10_15_7) AppleWebKit/605.1.15 (KHTML, like Gecko) Version/17.4 Safari/605.1.15 (Applebot/0.1; +http://www.apple.com/go/applebot)"
173.25.44.85 - - [09/Jun/2025:08:28:31 -0400] "GET /wp-settings.php HTTP/1.1" 500 0 "-" "Mozilla/5.0 (Linux; Android 8.0; Pixel 2 Build/OPD3.170816.012) AppleWebKit/537.36 (KHTML, like Gecko) Chrome/56.0.4245.1398 Mobile Safari/537.36"
47.128.16.165 - - [09/Jun/2025:08:29:52 -0400] "GET /shin-tokyo-chapter-67/ HTTP/1.1" 404 1251 "-" "Mozilla/5.0 (Linux; Android 5.0) AppleWebKit/537.36 (KHTML, like Gecko) Mobile Safari/537.36 (compatible; TikTokSpider; [email protected])"
107.151.214.254 - - [09/Jun/2025:08:30:35 -0400] "GET /wp-content/plugins/shell/about.php HTTP/1.1" 200 0 "www.google.com" "Mozlila/5.0 (Linux; Android 7.0; SM-G892A Bulid/NRD90M; wv) AppleWebKit/537.36 (KHTML, like Gecko) Version/4.0 Chrome/60.0.3112.107 Moblie Safari/537.36"
107.151.214.254 - - [09/Jun/2025:08:30:35 -0400] "GET /wp-content/plugins/pwnd/pwnd.php HTTP/1.1" 200 0 "www.google.com" "Mozlila/5.0 (Linux; Android 7.0; SM-G892A Bulid/NRD90M; wv) AppleWebKit/537.36 (KHTML, like Gecko) Version/4.0 Chrome/60.0.3112.107 Moblie Safari/537.36"
107.151.214.254 - - [09/Jun/2025:08:30:43 -0400] "GET /wp-content/plugins/fix/up.php HTTP/1.1" 200 0 "www.google.com" "Mozlila/5.0 (Linux; Android 7.0; SM-G892A Bulid/NRD90M; wv) AppleWebKit/537.36 (KHTML, like Gecko) Version/4.0 Chrome/60.0.3112.107 Moblie Safari/537.36"
107.151.214.254 - - [09/Jun/2025:08:30:46 -0400] "GET /wp-content/plugins/ph-file-manager/wp-file.php HTTP/1.1" 200 0 "www.google.com" "Mozlila/5.0 (Linux; Android 7.0; SM-G892A Bulid/NRD90M; wv) AppleWebKit/537.36 (KHTML, like Gecko) Version/4.0 Chrome/60.0.3112.107 Moblie Safari/537.36"
107.151.214.254 - - [09/Jun/2025:08:30:48 -0400] "GET /wp-content/plugins/root-file-manager/wp-file.php HTTP/1.1" 200 0 "www.google.com" "Mozlila/5.0 (Linux; Android 7.0; SM-G892A Bulid/NRD90M; wv) AppleWebKit/537.36 (KHTML, like Gecko) Version/4.0 Chrome/60.0.3112.107 Moblie Safari/537.36"
47.128.16.176 - - [09/Jun/2025:08:30:54 -0400] "GET /kyougaku-koukou-no-genjitsu-chapter-78/ HTTP/1.1" 404 1251 "-" "Mozilla/5.0 (Linux; Android 5.0) AppleWebKit/537.36 (KHTML, like Gecko) Mobile Safari/537.36 (compatible; TikTokSpider; [email protected])"
107.151.214.254 - - [09/Jun/2025:08:31:05 -0400] "GET /wp-content/plugins/wp-help/mini.php HTTP/1.1" 200 0 "www.google.com" "Mozlila/5.0 (Linux; Android 7.0; SM-G892A Bulid/NRD90M; wv) AppleWebKit/537.36 (KHTML, like Gecko) Version/4.0 Chrome/60.0.3112.107 Moblie Safari/537.36"
107.151.214.254 - - [09/Jun/2025:08:31:14 -0400] "GET /wp-content/themes/travel/issue.php HTTP/1.1" 200 0 "www.google.com" "Mozlila/5.0 (Linux; Android 7.0; SM-G892A Bulid/NRD90M; wv) AppleWebKit/537.36 (KHTML, like Gecko) Version/4.0 Chrome/60.0.3112.107 Moblie Safari/537.36"
107.151.214.254 - - [09/Jun/2025:08:31:18 -0400] "GET /wp-content/themes/jaida/lang.php HTTP/1.1" 200 0 "www.google.com" "Mozlila/5.0 (Linux; Android 7.0; SM-G892A Bulid/NRD90M; wv) AppleWebKit/537.36 (KHTML, like Gecko) Version/4.0 Chrome/60.0.3112.107 Moblie Safari/537.36"
47.128.121.112 - - [09/Jun/2025:08:31:56 -0400] "GET /denkigai-no-honya-san-chapter-93/ HTTP/1.1" 404 1251 "-" "Mozilla/5.0 (Linux; Android 5.0) AppleWebKit/537.36 (KHTML, like Gecko) Mobile Safari/537.36 (compatible; TikTokSpider; [email protected])"
46.112.78.38 - - [09/Jun/2025:08:32:54 -0400] "GET /reverse-villain-chapter-1/ HTTP/1.1" 404 1251 "-" "Mozilla/5.0 (X11; Linux x86_64) AppleWebKit/537.36 (KHTML, like Gecko) Chrome/135.0.0.0 Safari/537.36 OPR/121.0.0.0"
47.128.121.76 - - [09/Jun/2025:08:33:43 -0400] "GET /sentai-daishikkaku-chapter-99/ HTTP/1.1" 404 1251 "-" "Mozilla/5.0 (Linux; Android 5.0) AppleWebKit/537.36 (KHTML, like Gecko) Mobile Safari/537.36 (compatible; TikTokSpider; [email protected])"
47.128.116.80 - - [09/Jun/2025:08:35:08 -0400] "GET / HTTP/1.1" 200 1792 "-" "Mozilla/5.0 (Linux; Android 5.0) AppleWebKit/537.36 (KHTML, like Gecko) Mobile Safari/537.36 (compatible; Bytespider; [email protected])"
47.238.13.7 - - [09/Jun/2025:08:36:33 -0400] "GET /kaiko-sareta-ankoku-heishi-30-dai-no-slow-na-second-life-chapter-43 HTTP/1.1" 404 1251 "-" "Mozilla/5.0 (Macintosh; Intel Mac OS X 10_15_7) AppleWebKit/537.36 (KHTML, like Gecko) Chrome/109.0.0.0 Safari/537.36"
162.0.232.193 - - [09/Jun/2025:08:37:16 -0400] "POST /wp-cron.php?doing_wp_cron=1749472635.8156380653381347656250 HTTP/1.1" 200 0 "-" "WordPress/6.8.1; https://reversevillain.com"
139.59.58.126 - - [09/Jun/2025:08:37:12 -0400] "GET /wp-login.php HTTP/1.1" 200 2130 "-" "Mozilla/5.0"
139.59.58.126 - - [09/Jun/2025:08:37:16 -0400] "GET /?author=1 HTTP/1.1" 200 1792 "-" "Mozilla/5.0"
162.0.232.193 - - [09/Jun/2025:08:37:16 -0400] "POST /wp-admin/admin-ajax.php?action=async_litespeed&nonce=OcDqEgjRDmyWhAISyJHbk4lIQq0zbO4f&litespeed_type=imgoptm HTTP/1.1" 200 5 "-" "WordPress/6.8.1; https://reversevillain.com"
139.59.58.126 - - [09/Jun/2025:08:37:17 -0400] "GET /?feed=rss2 HTTP/1.1" 200 1792 "-" "Mozilla/5.0"
43.130.100.35 - - [09/Jun/2025:08:40:42 -0400] "GET / HTTP/1.1" 200 1796 "http://www.reversevillain.com" "Mozilla/5.0 (iPhone; CPU iPhone OS 13_2_3 like Mac OS X) AppleWebKit/605.1.15 (KHTML, like Gecko) Version/13.0.3 Mobile/15E148 Safari/604.1"
54.85.7.119 - - [09/Jun/2025:08:41:02 -0400] "GET /hanlim-gym-group-2-chapter-7/ HTTP/1.1" 404 1251 "-" "Mozilla/5.0 AppleWebKit/537.36 (KHTML, like Gecko; compatible; Amazonbot/0.1; +https://developer.amazon.com/support/amazonbot) Chrome/119.0.6045.214 Safari/537.36"
44.220.2.97 - - [09/Jun/2025:08:41:06 -0400] "GET /akane-banashi-chapter-65/ HTTP/1.1" 404 1251 "-" "Mozilla/5.0 AppleWebKit/537.36 (KHTML, like Gecko; compatible; Amazonbot/0.1; +https://developer.amazon.com/support/amazonbot) Chrome/119.0.6045.214 Safari/537.36"
18.213.240.226 - - [09/Jun/2025:08:41:09 -0400] "GET /ore-no-kokan-wa-bishoujo-datta-no-ka-chapter-25/ HTTP/1.1" 404 1251 "-" "Mozilla/5.0 AppleWebKit/537.36 (KHTML, like Gecko; compatible; Amazonbot/0.1; +https://developer.amazon.com/support/amazonbot) Chrome/119.0.6045.214 Safari/537.36"
52.45.194.165 - - [09/Jun/2025:08:41:15 -0400] "GET /chouzetsu-kataomoi-high-spec-yoshida-chapter-7/ HTTP/1.1" 404 1251 "-" "Mozilla/5.0 AppleWebKit/537.36 (KHTML, like Gecko; compatible; Amazonbot/0.1; +https://developer.amazon.com/support/amazonbot) Chrome/119.0.6045.214 Safari/537.36"
34.192.125.239 - - [09/Jun/2025:08:41:18 -0400] "GET /marriagetoxin-chapter-52/ HTTP/1.1" 404 1251 "-" "Mozilla/5.0 AppleWebKit/537.36 (KHTML, like Gecko; compatible; Amazonbot/0.1; +https://developer.amazon.com/support/amazonbot) Chrome/119.0.6045.214 Safari/537.36"
18.214.138.148 - - [09/Jun/2025:08:41:21 -0400] "GET /bitten-contract-chapter-80/ HTTP/1.1" 404 1251 "-" "Mozilla/5.0 AppleWebKit/537.36 (KHTML, like Gecko; compatible; Amazonbot/0.1; +https://developer.amazon.com/support/amazonbot) Chrome/119.0.6045.214 Safari/537.36"
34.225.87.80 - - [09/Jun/2025:08:41:26 -0400] "GET /manager-kim-chapter-59/ HTTP/1.1" 404 1251 "-" "Mozilla/5.0 AppleWebKit/537.36 (KHTML, like Gecko; compatible; Amazonbot/0.1; +https://developer.amazon.com/support/amazonbot) Chrome/119.0.6045.214 Safari/537.36"
3.229.95.193 - - [09/Jun/2025:08:41:30 -0400] "GET /soushi-souai-chapter-76/ HTTP/1.1" 404 1251 "-" "Mozilla/5.0 AppleWebKit/537.36 (KHTML, like Gecko; compatible; Amazonbot/0.1; +https://developer.amazon.com/support/amazonbot) Chrome/119.0.6045.214 Safari/537.36"
216.244.66.242 - - [09/Jun/2025:08:43:09 -0400] "GET /robots.txt HTTP/1.1" 404 1251 "-" "Mozilla/5.0 (compatible; DotBot/1.2; +https://opensiteexplorer.org/dotbot; [email protected])"
86.8.159.130 - - [09/Jun/2025:08:44:08 -0400] "GET /error_log HTTP/1.1" 403 1242 "-" "Mozilla/5.0 (Linux; Android 8.0; Pixel 2 Build/OPD3.170816.012) AppleWebKit/537.36 (KHTML, like Gecko) Chrome/60.0.4506.1510 Mobile Safari/537.36"
176.29.167.146 - - [09/Jun/2025:08:46:44 -0400] "GET / HTTP/1.1" 200 1792 "-" "Mozilla/5.0 (iPhone; CPU iPhone OS 18_5 like Mac OS X) AppleWebKit/605.1.15 (KHTML, like Gecko) Version/18.5 Mobile/15E148 Safari/604.1"
176.29.167.146 - - [09/Jun/2025:08:46:45 -0400] "GET /_autoindex/assets/js/tablesort.number.js HTTP/1.1" 200 322 "https://reversevillain.com/" "Mozilla/5.0 (iPhone; CPU iPhone OS 18_5 like Mac OS X) AppleWebKit/605.1.15 (KHTML, like Gecko) Version/18.5 Mobile/15E148 Safari/604.1"
176.29.167.146 - - [09/Jun/2025:08:46:45 -0400] "GET /_autoindex/assets/css/autoindex.css HTTP/1.1" 200 1170 "https://reversevillain.com/" "Mozilla/5.0 (iPhone; CPU iPhone OS 18_5 like Mac OS X) AppleWebKit/605.1.15 (KHTML, like Gecko) Version/18.5 Mobile/15E148 Safari/604.1"
176.29.167.146 - - [09/Jun/2025:08:46:45 -0400] "GET /_autoindex/assets/js/tablesort.js HTTP/1.1" 200 2137 "https://reversevillain.com/" "Mozilla/5.0 (iPhone; CPU iPhone OS 18_5 like Mac OS X) AppleWebKit/605.1.15 (KHTML, like Gecko) Version/18.5 Mobile/15E148 Safari/604.1"
176.29.167.146 - - [09/Jun/2025:08:46:45 -0400] "GET /_autoindex/assets/icons/file-text.svg HTTP/1.1" 200 394 "https://reversevillain.com/" "Mozilla/5.0 (iPhone; CPU iPhone OS 18_5 like Mac OS X) AppleWebKit/605.1.15 (KHTML, like Gecko) Version/18.5 Mobile/15E148 Safari/604.1"
176.29.167.146 - - [09/Jun/2025:08:46:45 -0400] "GET /_autoindex/assets/icons/folder-fill.svg HTTP/1.1" 200 333 "https://reversevillain.com/" "Mozilla/5.0 (iPhone; CPU iPhone OS 18_5 like Mac OS X) AppleWebKit/605.1.15 (KHTML, like Gecko) Version/18.5 Mobile/15E148 Safari/604.1"
176.29.167.146 - - [09/Jun/2025:08:46:46 -0400] "GET /_autoindex/assets/icons/file.svg HTTP/1.1" 200 354 "https://reversevillain.com/" "Mozilla/5.0 (iPhone; CPU iPhone OS 18_5 like Mac OS X) AppleWebKit/605.1.15 (KHTML, like Gecko) Version/18.5 Mobile/15E148 Safari/604.1"
176.29.167.146 - - [09/Jun/2025:08:46:46 -0400] "GET /favicon.ico HTTP/1.1" 404 1251 "https://reversevillain.com/" "Mozilla/5.0 (iPhone; CPU iPhone OS 18_5 like Mac OS X) AppleWebKit/605.1.15 (KHTML, like Gecko) Version/18.5 Mobile/15E148 Safari/604.1"
2602:ffe4:8:1001::4 - - [09/Jun/2025:08:49:46 -0400] "GET /reverse-villain/page/2/%7B%22data-original-href%22:%22https://blogger.googleusercontent.com/img/b/R29vZ2xl/AVvXsEhFvcUFOVyxF-eQDDBDbUnu9RtbMry1gzUAiViTv6-RZFUhyBIHvFcdKFfzFt1ct6M8zq-0KvUptAFOIVgl8JNEnWdC3AmSDz9g53U5YW9IH3OeVMFl5Z7iyy_N-2JEqL23QkzTzmCz62UUCOsej3blfk3aT14QtYF2VDRomNqvr8nfM81qJVl25qUE/s1600/35.jpg%22,%22style%22:%22%22%7D HTTP/1.1" 404 1251 "-" "Mozilla/5.0 (Linux; Android 5.0) AppleWebKit/537.36 (KHTML, like Gecko) Mobile Safari/537.36 (compatible; Bytespider; [email protected])"
216.244.66.242 - - [09/Jun/2025:08:49:48 -0400] "GET /from-a-knight-to-a-lady-chapter-100/ HTTP/1.1" 404 1251 "-" "Mozilla/5.0 (compatible; DotBot/1.2; +https://opensiteexplorer.org/dotbot; [email protected])"
216.244.66.242 - - [09/Jun/2025:08:49:52 -0400] "GET /my-home-hero-chapter-197/ HTTP/1.1" 404 1251 "-" "Mozilla/5.0 (compatible; DotBot/1.2; +https://opensiteexplorer.org/dotbot; [email protected])"
216.244.66.242 - - [09/Jun/2025:08:49:57 -0400] "GET /dame-skill-auto-mode-ga-kakusei-shimashita-are-guild-no-scout-no-minasan-ore-wo-iranai-tte-ittemasen-deshita-chapter-27/ HTTP/1.1" 404 1251 "-" "Mozilla/5.0 (compatible; DotBot/1.2; +https://opensiteexplorer.org/dotbot; [email protected])"
216.244.66.242 - - [09/Jun/2025:08:50:00 -0400] "GET /eiyuu-to-kenja-no-tenseikon-katsute-no-koutekishu-to-konyaku-shite-saikyou-fuufu-ni-narimashita-chapter-9/ HTTP/1.1" 404 1251 "-" "Mozilla/5.0 (compatible; DotBot/1.2; +https://opensiteexplorer.org/dotbot; [email protected])"
52.167.144.235 - - [09/Jun/2025:08:50:14 -0400] "GET /the-exiled-reincarnated-heavy-knight-is-unrivaled-in-game-knowledge-chapter-67/ HTTP/1.1" 404 1251 "-" "Mozilla/5.0 AppleWebKit/537.36 (KHTML, like Gecko; compatible; bingbot/2.0; +http://www.bing.com/bingbot.htm) Chrome/116.0.1938.76 Safari/537.36"
216.244.66.242 - - [09/Jun/2025:08:50:19 -0400] "GET /hoarding-in-hell-chapter-52/feed/ HTTP/1.1" 404 1251 "-" "Mozilla/5.0 (compatible; DotBot/1.2; +https://opensiteexplorer.org/dotbot; [email protected])"
216.244.66.242 - - [09/Jun/2025:08:50:21 -0400] "GET /reawakened-man-group-2-chapter-22/feed/ HTTP/1.1" 404 1251 "-" "Mozilla/5.0 (compatible; DotBot/1.2; +https://opensiteexplorer.org/dotbot; [email protected])"
216.244.66.242 - - [09/Jun/2025:08:50:25 -0400] "GET /shadows-house-chapter-177/feed/ HTTP/1.1" 404 1251 "-" "Mozilla/5.0 (compatible; DotBot/1.2; +https://opensiteexplorer.org/dotbot; [email protected])"
162.0.232.193 - - [09/Jun/2025:08:51:49 -0400] "POST /wp-cron.php?doing_wp_cron=1749473508.8563990592956542968750 HTTP/1.1" 200 0 "-" "WordPress/6.8.1; https://reversevillain.com"
97.224.184.39 - - [09/Jun/2025:08:51:46 -0400] "GET /wp-mail.php HTTP/1.1" 500 946 "-" "Mozilla/5.0 (Linux; Android 6.0; Nexus 5 Build/MRA58N) AppleWebKit/537.36 (KHTML, like Gecko) Chrome/54.0.2645.1805 Mobile Safari/537.36"
66.249.66.43 - - [09/Jun/2025:08:53:24 -0400] "GET /category/read-reverse-villain/page/8/ HTTP/1.1" 404 1251 "-" "Mozilla/5.0 (Linux; Android 6.0.1; Nexus 5X Build/MMB29P) AppleWebKit/537.36 (KHTML, like Gecko) Chrome/136.0.7103.113 Mobile Safari/537.36 (compatible; Googlebot/2.1; +http://www.google.com/bot.html)"
43.159.148.221 - - [09/Jun/2025:08:54:52 -0400] "GET /2.php HTTP/1.1" 403 1242 "-" "Mozilla/5.0 (iPhone; CPU iPhone OS 13_2_3 like Mac OS X) AppleWebKit/605.1.15 (KHTML, like Gecko) Version/13.0.3 Mobile/15E148 Safari/604.1"
5.255.231.95 - - [09/Jun/2025:08:55:01 -0400] "GET /robots.txt HTTP/1.1" 404 1251 "-" "Mozilla/5.0 (compatible; YandexBot/3.0; +http://yandex.com/bots)"
87.250.224.252 - - [09/Jun/2025:08:55:02 -0400] "GET /how-to-become-a-dragon-chapter-162/ HTTP/1.1" 404 1251 "-" "Mozilla/5.0 (compatible; YandexBot/3.0; +http://yandex.com/bots)"
40.77.167.54 - - [09/Jun/2025:08:56:40 -0400] "GET /aekanaru-chapter-39/ HTTP/1.1" 404 1251 "-" "Mozilla/5.0 AppleWebKit/537.36 (KHTML, like Gecko; compatible; bingbot/2.0; +http://www.bing.com/bingbot.htm) Chrome/116.0.1938.76 Safari/537.36"
8.28.7.20 - - [09/Jun/2025:08:57:15 -0400] "GET /ads.txt HTTP/1.1" 404 1251 "-" "PubMatic Crawler Bot"
8.28.7.20 - - [09/Jun/2025:08:57:15 -0400] "GET /ads.txt HTTP/1.1" 404 1251 "-" "Mozilla/5.0 (X11; Linux x86_64) AppleWebKit/537.36 (KHTML, like Gecko) Chrome/66.0.3359.139 Safari/537.36"
8.28.7.20 - - [09/Jun/2025:08:57:15 -0400] "GET /ads.txt HTTP/1.1" 404 1251 "-" "PubMatic Crawler Bot"
8.28.7.20 - - [09/Jun/2025:08:57:15 -0400] "GET /ads.txt HTTP/1.1" 404 1251 "-" "Mozilla/5.0 (X11; Linux x86_64) AppleWebKit/537.36 (KHTML, like Gecko) Chrome/66.0.3359.139 Safari/537.36"
4.227.36.113 - - [09/Jun/2025:08:57:29 -0400] "GET /robots.txt HTTP/1.1" 404 1251 "-" "Mozilla/5.0 AppleWebKit/537.36 (KHTML, like Gecko; compatible; GPTBot/1.2; +https://openai.com/gptbot)"
20.171.207.22 - - [09/Jun/2025:08:57:29 -0400] "GET /error_log HTTP/1.1" 403 1242 "-" "Mozilla/5.0 AppleWebKit/537.36 (KHTML, like Gecko; compatible; GPTBot/1.2; +https://openai.com/gptbot)"
162.0.232.193 - - [09/Jun/2025:08:57:34 -0400] "POST /wp-cron.php?doing_wp_cron=1749473854.4521260261535644531250 HTTP/1.1" 200 0 "-" "WordPress/6.8.1; https://reversevillain.com"
20.171.207.22 - - [09/Jun/2025:08:57:32 -0400] "GET /xmlrpc.php HTTP/1.1" 405 46 "-" "Mozilla/5.0 AppleWebKit/537.36 (KHTML, like Gecko; compatible; GPTBot/1.2; +https://openai.com/gptbot)"
162.0.232.193 - - [09/Jun/2025:08:57:35 -0400] "POST /wp-admin/admin-ajax.php?action=async_litespeed&nonce=F9lCiGnvqBt56ztbxEpb0hwBfig2pNQf&litespeed_type=imgoptm HTTP/1.1" 200 5 "-" "WordPress/6.8.1; https://reversevillain.com"
20.171.207.22 - - [09/Jun/2025:08:57:36 -0400] "GET /cgi-bin/ HTTP/1.1" 403 1242 "-" "Mozilla/5.0 AppleWebKit/537.36 (KHTML, like Gecko; compatible; GPTBot/1.2; +https://openai.com/gptbot)"
20.171.207.22 - - [09/Jun/2025:08:57:39 -0400] "GET /2.php HTTP/1.1" 403 1242 "-" "Mozilla/5.0 AppleWebKit/537.36 (KHTML, like Gecko; compatible; GPTBot/1.2; +https://openai.com/gptbot)"
20.171.207.22 - - [09/Jun/2025:08:57:42 -0400] "GET /wp-config-sample.php HTTP/1.1" 500 905 "-" "Mozilla/5.0 AppleWebKit/537.36 (KHTML, like Gecko; compatible; GPTBot/1.2; +https://openai.com/gptbot)"
20.171.207.22 - - [09/Jun/2025:08:57:45 -0400] "GET /wp-settings.php HTTP/1.1" 500 0 "-" "Mozilla/5.0 AppleWebKit/537.36 (KHTML, like Gecko; compatible; GPTBot/1.2; +https://openai.com/gptbot)"
40.77.167.54 - - [09/Jun/2025:08:57:51 -0400] "GET /akuyaku-reijou-wa-dekiai-route-ni-hairimashita-chapter-12/ HTTP/1.1" 404 1251 "-" "Mozilla/5.0 AppleWebKit/537.36 (KHTML, like Gecko; compatible; bingbot/2.0; +http://www.bing.com/bingbot.htm) Chrome/116.0.1938.76 Safari/537.36"
20.171.207.22 - - [09/Jun/2025:08:57:55 -0400] "GET /wp-comments-post.php HTTP/1.1" 405 0 "-" "Mozilla/5.0 AppleWebKit/537.36 (KHTML, like Gecko; compatible; GPTBot/1.2; +https://openai.com/gptbot)"
20.171.207.22 - - [09/Jun/2025:08:58:26 -0400] "GET /wp-includes/error-protection.php HTTP/1.1" 403 1242 "-" "Mozilla/5.0 AppleWebKit/537.36 (KHTML, like Gecko; compatible; GPTBot/1.2; +https://openai.com/gptbot)"
196.251.69.133 - - [09/Jun/2025:08:58:35 -0400] "GET / HTTP/1.1" 200 1792 "-" "Mozilla/5.0 (Windows NT 10.0; Win64; x64) AppleWebKit/537.36 (KHTML, like Gecko) Chrome/88.0.4240.193 Safari/537.36"
196.251.69.133 - - [09/Jun/2025:08:58:35 -0400] "GET //wp-includes/wlwmanifest.xml HTTP/1.1" 404 1251 "-" "Mozilla/5.0 (Windows NT 10.0; Win64; x64) AppleWebKit/537.36 (KHTML, like Gecko) Chrome/88.0.4240.193 Safari/537.36"
196.251.69.133 - - [09/Jun/2025:08:58:35 -0400] "GET / HTTP/1.1" 200 1792 "-" "Mozilla/5.0 (Windows NT 10.0; Win64; x64) AppleWebKit/537.36 (KHTML, like Gecko) Chrome/88.0.4240.193 Safari/537.36"
20.171.207.22 - - [09/Jun/2025:08:58:54 -0400] "GET /wp-includes/ms-default-constants.php HTTP/1.1" 403 1242 "-" "Mozilla/5.0 AppleWebKit/537.36 (KHTML, like Gecko; compatible; GPTBot/1.2; +https://openai.com/gptbot)"
20.171.207.22 - - [09/Jun/2025:08:59:24 -0400] "GET /wp-includes/class-wp-customize-panel.php HTTP/1.1" 403 1242 "-" "Mozilla/5.0 AppleWebKit/537.36 (KHTML, like Gecko; compatible; GPTBot/1.2; +https://openai.com/gptbot)"
20.171.207.22 - - [09/Jun/2025:08:59:53 -0400] "GET /wp-includes/embed-template.php HTTP/1.1" 403 1242 "-" "Mozilla/5.0 AppleWebKit/537.36 (KHTML, like Gecko; compatible; GPTBot/1.2; +https://openai.com/gptbot)"
20.171.207.22 - - [09/Jun/2025:09:00:22 -0400] "GET /wp-includes/class-wp-simplepie-sanitize-kses.php HTTP/1.1" 403 1242 "-" "Mozilla/5.0 AppleWebKit/537.36 (KHTML, like Gecko; compatible; GPTBot/1.2; +https://openai.com/gptbot)"
52.167.144.182 - - [09/Jun/2025:09:00:46 -0400] "GET /ultra-alternate-character-chapter-96/ HTTP/1.1" 404 1251 "-" "Mozilla/5.0 AppleWebKit/537.36 (KHTML, like Gecko; compatible; bingbot/2.0; +http://www.bing.com/bingbot.htm) Chrome/116.0.1938.76 Safari/537.36"
20.171.207.22 - - [09/Jun/2025:09:00:49 -0400] "GET /wp-includes/class-wp-recovery-mode-link-service.php HTTP/1.1" 403 1242 "-" "Mozilla/5.0 AppleWebKit/537.36 (KHTML, like Gecko; compatible; GPTBot/1.2; +https://openai.com/gptbot)"
66.249.66.44 - - [09/Jun/2025:09:01:11 -0400] "GET /manga/ HTTP/1.1" 404 1251 "-" "Mozilla/5.0 (Linux; Android 6.0.1; Nexus 5X Build/MMB29P) AppleWebKit/537.36 (KHTML, like Gecko) Chrome/136.0.7103.113 Mobile Safari/537.36 (compatible; Googlebot/2.1; +http://www.google.com/bot.html)"
20.171.207.22 - - [09/Jun/2025:09:01:18 -0400] "GET /wp-includes/class-phpmailer.php HTTP/1.1" 403 1242 "-" "Mozilla/5.0 AppleWebKit/537.36 (KHTML, like Gecko; compatible; GPTBot/1.2; +https://openai.com/gptbot)"
20.171.207.22 - - [09/Jun/2025:09:01:47 -0400] "GET /wp-includes/class-wp-http.php HTTP/1.1" 403 1242 "-" "Mozilla/5.0 AppleWebKit/537.36 (KHTML, like Gecko; compatible; GPTBot/1.2; +https://openai.com/gptbot)"
20.171.207.22 - - [09/Jun/2025:09:02:14 -0400] "GET /wp-includes/class-wp-site.php HTTP/1.1" 403 1242 "-" "Mozilla/5.0 AppleWebKit/537.36 (KHTML, like Gecko; compatible; GPTBot/1.2; +https://openai.com/gptbot)"
52.167.144.18 - - [09/Jun/2025:09:02:26 -0400] "GET /sanda-chapter-40/ HTTP/1.1" 404 1251 "-" "Mozilla/5.0 AppleWebKit/537.36 (KHTML, like Gecko; compatible; bingbot/2.0; +http://www.bing.com/bingbot.htm) Chrome/116.0.1938.76 Safari/537.36"
20.171.207.22 - - [09/Jun/2025:09:02:43 -0400] "GET /wp-includes/class-wp-widget-factory.php HTTP/1.1" 403 1242 "-" "Mozilla/5.0 AppleWebKit/537.36 (KHTML, like Gecko; compatible; GPTBot/1.2; +https://openai.com/gptbot)"
20.171.207.22 - - [09/Jun/2025:09:03:12 -0400] "GET /wp-includes/class-wp-block-template.php HTTP/1.1" 403 1242 "-" "Mozilla/5.0 AppleWebKit/537.36 (KHTML, like Gecko; compatible; GPTBot/1.2; +https://openai.com/gptbot)"
