185.177.72.210 - - [09/Jun/2025:05:19:28 -0400] "GET /notifications/private.json HTTP/1.1" 404 1251 "-" "Mozilla/5.0 (Windows NT 10.0; Win64; x64) AppleWebKit/537.36 (KHTML, like Gecko) Chrome/91.0.4472.124 Safari/537.36"
185.177.72.210 - - [09/Jun/2025:05:19:28 -0400] "GET /notifications/private.yml HTTP/1.1" 404 1251 "-" "Mozilla/5.0 (Windows NT 10.0; Win64; x64) AppleWebKit/537.36 (KHTML, like Gecko) Chrome/91.0.4472.124 Safari/537.36"
185.177.72.210 - - [09/Jun/2025:05:19:29 -0400] "GET /notifications/prod.json HTTP/1.1" 404 1251 "-" "Mozilla/5.0 (Windows NT 10.0; Win64; x64) AppleWebKit/537.36 (KHTML, like Gecko) Chrome/91.0.4472.124 Safari/537.36"
185.177.72.210 - - [09/Jun/2025:05:19:29 -0400] "GET /notifications/public HTTP/1.1" 404 1251 "-" "Mozilla/5.0 (Windows NT 10.0; Win64; x64) AppleWebKit/537.36 (KHTML, like Gecko) Chrome/91.0.4472.124 Safari/537.36"
185.177.72.210 - - [09/Jun/2025:05:19:29 -0400] "GET /notifications/public.env HTTP/1.1" 404 1251 "-" "Mozilla/5.0 (Windows NT 10.0; Win64; x64) AppleWebKit/537.36 (KHTML, like Gecko) Chrome/91.0.4472.124 Safari/537.36"
185.177.72.210 - - [09/Jun/2025:05:19:29 -0400] "GET /notifications/relay HTTP/1.1" 404 1251 "-" "Mozilla/5.0 (Windows NT 10.0; Win64; x64) AppleWebKit/537.36 (KHTML, like Gecko) Chrome/91.0.4472.124 Safari/537.36"
185.177.72.210 - - [09/Jun/2025:05:19:29 -0400] "GET /notifications/secrets.yml HTTP/1.1" 404 1251 "-" "Mozilla/5.0 (Windows NT 10.0; Win64; x64) AppleWebKit/537.36 (KHTML, like Gecko) Chrome/91.0.4472.124 Safari/537.36"
185.177.72.210 - - [09/Jun/2025:05:19:30 -0400] "GET /notifications/settings.yaml HTTP/1.1" 404 1251 "-" "Mozilla/5.0 (Windows NT 10.0; Win64; x64) AppleWebKit/537.36 (KHTML, like Gecko) Chrome/91.0.4472.124 Safari/537.36"
185.177.72.210 - - [09/Jun/2025:05:19:30 -0400] "GET /notifications/smtp_settings.yaml HTTP/1.1" 404 1251 "-" "Mozilla/5.0 (Windows NT 10.0; Win64; x64) AppleWebKit/537.36 (KHTML, like Gecko) Chrome/91.0.4472.124 Safari/537.36"
185.177.72.210 - - [09/Jun/2025:05:19:30 -0400] "GET /notifications/test.conf HTTP/1.1" 404 1251 "-" "Mozilla/5.0 (Windows NT 10.0; Win64; x64) AppleWebKit/537.36 (KHTML, like Gecko) Chrome/91.0.4472.124 Safari/537.36"
185.177.72.210 - - [09/Jun/2025:05:19:30 -0400] "GET /notifications/test.log HTTP/1.1" 404 1251 "-" "Mozilla/5.0 (Windows NT 10.0; Win64; x64) AppleWebKit/537.36 (KHTML, like Gecko) Chrome/91.0.4472.124 Safari/537.36"
185.177.72.210 - - [09/Jun/2025:05:19:30 -0400] "GET /notifications/token.bak HTTP/1.1" 404 1251 "-" "Mozilla/5.0 (Windows NT 10.0; Win64; x64) AppleWebKit/537.36 (KHTML, like Gecko) Chrome/91.0.4472.124 Safari/537.36"
185.177.72.210 - - [09/Jun/2025:05:19:30 -0400] "GET /notifications/token.env HTTP/1.1" 404 1251 "-" "Mozilla/5.0 (Windows NT 10.0; Win64; x64) AppleWebKit/537.36 (KHTML, like Gecko) Chrome/91.0.4472.124 Safari/537.36"
185.177.72.210 - - [09/Jun/2025:05:19:31 -0400] "GET /notifications/token.yml HTTP/1.1" 404 1251 "-" "Mozilla/5.0 (Windows NT 10.0; Win64; x64) AppleWebKit/537.36 (KHTML, like Gecko) Chrome/91.0.4472.124 Safari/537.36"
185.177.72.210 - - [09/Jun/2025:05:19:31 -0400] "GET /notifications/transport.json HTTP/1.1" 404 1251 "-" "Mozilla/5.0 (Windows NT 10.0; Win64; x64) AppleWebKit/537.36 (KHTML, like Gecko) Chrome/91.0.4472.124 Safari/537.36"
185.177.72.210 - - [09/Jun/2025:05:19:31 -0400] "GET /notifications/vault.json HTTP/1.1" 404 1251 "-" "Mozilla/5.0 (Windows NT 10.0; Win64; x64) AppleWebKit/537.36 (KHTML, like Gecko) Chrome/91.0.4472.124 Safari/537.36"
185.177.72.210 - - [09/Jun/2025:05:19:32 -0400] "GET /partner/config/config.js HTTP/1.1" 404 1251 "-" "Mozilla/5.0 (Windows NT 10.0; Win64; x64) AppleWebKit/537.36 (KHTML, like Gecko) Chrome/91.0.4472.124 Safari/537.36"
185.177.72.210 - - [09/Jun/2025:05:19:32 -0400] "GET /phpinfo HTTP/1.1" 404 1251 "-" "Mozilla/5.0 (Windows NT 10.0; Win64; x64) AppleWebKit/537.36 (KHTML, like Gecko) Chrome/91.0.4472.124 Safari/537.36"
185.177.72.210 - - [09/Jun/2025:05:19:32 -0400] "GET /phpinfo.php HTTP/1.1" 404 1251 "-" "Mozilla/5.0 (Windows NT 10.0; Win64; x64) AppleWebKit/537.36 (KHTML, like Gecko) Chrome/91.0.4472.124 Safari/537.36"
185.177.72.210 - - [09/Jun/2025:05:19:32 -0400] "GET /portal/.env HTTP/1.1" 404 1251 "-" "Mozilla/5.0 (Windows NT 10.0; Win64; x64) AppleWebKit/537.36 (KHTML, like Gecko) Chrome/91.0.4472.124 Safari/537.36"
185.177.72.210 - - [09/Jun/2025:05:19:32 -0400] "GET /prod/.env HTTP/1.1" 404 1251 "-" "Mozilla/5.0 (Windows NT 10.0; Win64; x64) AppleWebKit/537.36 (KHTML, like Gecko) Chrome/91.0.4472.124 Safari/537.36"
185.177.72.210 - - [09/Jun/2025:05:19:32 -0400] "GET /public/.env HTTP/1.1" 404 1251 "-" "Mozilla/5.0 (Windows NT 10.0; Win64; x64) AppleWebKit/537.36 (KHTML, like Gecko) Chrome/91.0.4472.124 Safari/537.36"
185.177.72.210 - - [09/Jun/2025:05:19:33 -0400] "GET /public/js/main.js HTTP/1.1" 404 1251 "-" "Mozilla/5.0 (Windows NT 10.0; Win64; x64) AppleWebKit/537.36 (KHTML, like Gecko) Chrome/91.0.4472.124 Safari/537.36"
185.177.72.210 - - [09/Jun/2025:05:19:33 -0400] "GET /s3.js HTTP/1.1" 404 1251 "-" "Mozilla/5.0 (Windows NT 10.0; Win64; x64) AppleWebKit/537.36 (KHTML, like Gecko) Chrome/91.0.4472.124 Safari/537.36"
185.177.72.210 - - [09/Jun/2025:05:19:34 -0400] "GET /scripts/nodemailer.js HTTP/1.1" 404 1251 "-" "Mozilla/5.0 (Windows NT 10.0; Win64; x64) AppleWebKit/537.36 (KHTML, like Gecko) Chrome/91.0.4472.124 Safari/537.36"
185.177.72.210 - - [09/Jun/2025:05:19:34 -0400] "GET /secrets/access.bak HTTP/1.1" 404 1251 "-" "Mozilla/5.0 (Windows NT 10.0; Win64; x64) AppleWebKit/537.36 (KHTML, like Gecko) Chrome/91.0.4472.124 Safari/537.36"
185.177.72.210 - - [09/Jun/2025:05:19:34 -0400] "GET /secrets/access.conf HTTP/1.1" 404 1251 "-" "Mozilla/5.0 (Windows NT 10.0; Win64; x64) AppleWebKit/537.36 (KHTML, like Gecko) Chrome/91.0.4472.124 Safari/537.36"
185.177.72.210 - - [09/Jun/2025:05:19:34 -0400] "GET /secrets/access.log HTTP/1.1" 404 1251 "-" "Mozilla/5.0 (Windows NT 10.0; Win64; x64) AppleWebKit/537.36 (KHTML, like Gecko) Chrome/91.0.4472.124 Safari/537.36"
185.177.72.210 - - [09/Jun/2025:05:19:35 -0400] "GET /secrets/access.yml HTTP/1.1" 404 1251 "-" "Mozilla/5.0 (Windows NT 10.0; Win64; x64) AppleWebKit/537.36 (KHTML, like Gecko) Chrome/91.0.4472.124 Safari/537.36"
185.177.72.210 - - [09/Jun/2025:05:19:35 -0400] "GET /secrets/admin.json HTTP/1.1" 404 1251 "-" "Mozilla/5.0 (Windows NT 10.0; Win64; x64) AppleWebKit/537.36 (KHTML, like Gecko) Chrome/91.0.4472.124 Safari/537.36"
185.177.72.210 - - [09/Jun/2025:05:19:35 -0400] "GET /secrets/auth.log HTTP/1.1" 404 1251 "-" "Mozilla/5.0 (Windows NT 10.0; Win64; x64) AppleWebKit/537.36 (KHTML, like Gecko) Chrome/91.0.4472.124 Safari/537.36"
185.177.72.210 - - [09/Jun/2025:05:19:35 -0400] "GET /secrets/aws/auth.yml HTTP/1.1" 404 1251 "-" "Mozilla/5.0 (Windows NT 10.0; Win64; x64) AppleWebKit/537.36 (KHTML, like Gecko) Chrome/91.0.4472.124 Safari/537.36"
185.177.72.210 - - [09/Jun/2025:05:19:36 -0400] "GET /secrets/aws/cli.yaml HTTP/1.1" 404 1251 "-" "Mozilla/5.0 (Windows NT 10.0; Win64; x64) AppleWebKit/537.36 (KHTML, like Gecko) Chrome/91.0.4472.124 Safari/537.36"
185.177.72.210 - - [09/Jun/2025:05:19:36 -0400] "GET /secrets/aws/conf.conf HTTP/1.1" 404 1251 "-" "Mozilla/5.0 (Windows NT 10.0; Win64; x64) AppleWebKit/537.36 (KHTML, like Gecko) Chrome/91.0.4472.124 Safari/537.36"
185.177.72.210 - - [09/Jun/2025:05:19:36 -0400] "GET /secrets/aws/config.txt HTTP/1.1" 404 1251 "-" "Mozilla/5.0 (Windows NT 10.0; Win64; x64) AppleWebKit/537.36 (KHTML, like Gecko) Chrome/91.0.4472.124 Safari/537.36"
185.177.72.210 - - [09/Jun/2025:05:19:36 -0400] "GET /secrets/aws/dump HTTP/1.1" 404 1251 "-" "Mozilla/5.0 (Windows NT 10.0; Win64; x64) AppleWebKit/537.36 (KHTML, like Gecko) Chrome/91.0.4472.124 Safari/537.36"
185.177.72.210 - - [09/Jun/2025:05:19:36 -0400] "GET /secrets/aws/log HTTP/1.1" 404 1251 "-" "Mozilla/5.0 (Windows NT 10.0; Win64; x64) AppleWebKit/537.36 (KHTML, like Gecko) Chrome/91.0.4472.124 Safari/537.36"
185.177.72.210 - - [09/Jun/2025:05:19:37 -0400] "GET /secrets/aws/log.ini HTTP/1.1" 404 1251 "-" "Mozilla/5.0 (Windows NT 10.0; Win64; x64) AppleWebKit/537.36 (KHTML, like Gecko) Chrome/91.0.4472.124 Safari/537.36"
185.177.72.210 - - [09/Jun/2025:05:19:37 -0400] "GET /secrets/aws/prod.bak HTTP/1.1" 404 1251 "-" "Mozilla/5.0 (Windows NT 10.0; Win64; x64) AppleWebKit/537.36 (KHTML, like Gecko) Chrome/91.0.4472.124 Safari/537.36"
185.177.72.210 - - [09/Jun/2025:05:19:37 -0400] "GET /secrets/aws/prod.env HTTP/1.1" 404 1251 "-" "Mozilla/5.0 (Windows NT 10.0; Win64; x64) AppleWebKit/537.36 (KHTML, like Gecko) Chrome/91.0.4472.124 Safari/537.36"
185.177.72.210 - - [09/Jun/2025:05:19:37 -0400] "GET /secrets/aws/prod.json HTTP/1.1" 404 1251 "-" "Mozilla/5.0 (Windows NT 10.0; Win64; x64) AppleWebKit/537.36 (KHTML, like Gecko) Chrome/91.0.4472.124 Safari/537.36"
185.177.72.210 - - [09/Jun/2025:05:19:37 -0400] "GET /secrets/aws/profile.log HTTP/1.1" 404 1251 "-" "Mozilla/5.0 (Windows NT 10.0; Win64; x64) AppleWebKit/537.36 (KHTML, like Gecko) Chrome/91.0.4472.124 Safari/537.36"
185.177.72.210 - - [09/Jun/2025:05:19:37 -0400] "GET /secrets/aws/s3.bak HTTP/1.1" 404 1251 "-" "Mozilla/5.0 (Windows NT 10.0; Win64; x64) AppleWebKit/537.36 (KHTML, like Gecko) Chrome/91.0.4472.124 Safari/537.36"
185.177.72.210 - - [09/Jun/2025:05:19:38 -0400] "GET /secrets/aws/s3.yaml HTTP/1.1" 404 1251 "-" "Mozilla/5.0 (Windows NT 10.0; Win64; x64) AppleWebKit/537.36 (KHTML, like Gecko) Chrome/91.0.4472.124 Safari/537.36"
185.177.72.210 - - [09/Jun/2025:05:19:38 -0400] "GET /secrets/aws/s3.yml HTTP/1.1" 404 1251 "-" "Mozilla/5.0 (Windows NT 10.0; Win64; x64) AppleWebKit/537.36 (KHTML, like Gecko) Chrome/91.0.4472.124 Safari/537.36"
185.177.72.210 - - [09/Jun/2025:05:19:38 -0400] "GET /secrets/aws/session.yml HTTP/1.1" 404 1251 "-" "Mozilla/5.0 (Windows NT 10.0; Win64; x64) AppleWebKit/537.36 (KHTML, like Gecko) Chrome/91.0.4472.124 Safari/537.36"
185.177.72.210 - - [09/Jun/2025:05:19:38 -0400] "GET /secrets/aws/test.bak HTTP/1.1" 404 1251 "-" "Mozilla/5.0 (Windows NT 10.0; Win64; x64) AppleWebKit/537.36 (KHTML, like Gecko) Chrome/91.0.4472.124 Safari/537.36"
185.177.72.210 - - [09/Jun/2025:05:19:38 -0400] "GET /secrets/aws/tokens.conf HTTP/1.1" 404 1251 "-" "Mozilla/5.0 (Windows NT 10.0; Win64; x64) AppleWebKit/537.36 (KHTML, like Gecko) Chrome/91.0.4472.124 Safari/537.36"
185.177.72.210 - - [09/Jun/2025:05:19:39 -0400] "GET /secrets/aws/yaml.env HTTP/1.1" 404 1251 "-" "Mozilla/5.0 (Windows NT 10.0; Win64; x64) AppleWebKit/537.36 (KHTML, like Gecko) Chrome/91.0.4472.124 Safari/537.36"
185.177.72.210 - - [09/Jun/2025:05:19:39 -0400] "GET /secrets/aws/yml.yaml HTTP/1.1" 404 1251 "-" "Mozilla/5.0 (Windows NT 10.0; Win64; x64) AppleWebKit/537.36 (KHTML, like Gecko) Chrome/91.0.4472.124 Safari/537.36"
185.177.72.210 - - [09/Jun/2025:05:19:39 -0400] "GET /secrets/backup.bak HTTP/1.1" 404 1251 "-" "Mozilla/5.0 (Windows NT 10.0; Win64; x64) AppleWebKit/537.36 (KHTML, like Gecko) Chrome/91.0.4472.124 Safari/537.36"
185.177.72.210 - - [09/Jun/2025:05:19:39 -0400] "GET /secrets/backup.log HTTP/1.1" 404 1251 "-" "Mozilla/5.0 (Windows NT 10.0; Win64; x64) AppleWebKit/537.36 (KHTML, like Gecko) Chrome/91.0.4472.124 Safari/537.36"
185.177.72.210 - - [09/Jun/2025:05:19:39 -0400] "GET /secrets/config.conf HTTP/1.1" 404 1251 "-" "Mozilla/5.0 (Windows NT 10.0; Win64; x64) AppleWebKit/537.36 (KHTML, like Gecko) Chrome/91.0.4472.124 Safari/537.36"
185.177.72.210 - - [09/Jun/2025:05:19:40 -0400] "GET /secrets/credentials.bak HTTP/1.1" 404 1251 "-" "Mozilla/5.0 (Windows NT 10.0; Win64; x64) AppleWebKit/537.36 (KHTML, like Gecko) Chrome/91.0.4472.124 Safari/537.36"
185.177.72.210 - - [09/Jun/2025:05:19:40 -0400] "GET /secrets/credentials.log HTTP/1.1" 404 1251 "-" "Mozilla/5.0 (Windows NT 10.0; Win64; x64) AppleWebKit/537.36 (KHTML, like Gecko) Chrome/91.0.4472.124 Safari/537.36"
185.177.72.210 - - [09/Jun/2025:05:19:40 -0400] "GET /secrets/debug.bak HTTP/1.1" 404 1251 "-" "Mozilla/5.0 (Windows NT 10.0; Win64; x64) AppleWebKit/537.36 (KHTML, like Gecko) Chrome/91.0.4472.124 Safari/537.36"
185.177.72.210 - - [09/Jun/2025:05:19:40 -0400] "GET /secrets/env.json HTTP/1.1" 404 1251 "-" "Mozilla/5.0 (Windows NT 10.0; Win64; x64) AppleWebKit/537.36 (KHTML, like Gecko) Chrome/91.0.4472.124 Safari/537.36"
185.177.72.210 - - [09/Jun/2025:05:19:41 -0400] "GET /secrets/keys.ini HTTP/1.1" 404 1251 "-" "Mozilla/5.0 (Windows NT 10.0; Win64; x64) AppleWebKit/537.36 (KHTML, like Gecko) Chrome/91.0.4472.124 Safari/537.36"
185.177.72.210 - - [09/Jun/2025:05:19:41 -0400] "GET /secrets/keys.yml HTTP/1.1" 404 1251 "-" "Mozilla/5.0 (Windows NT 10.0; Win64; x64) AppleWebKit/537.36 (KHTML, like Gecko) Chrome/91.0.4472.124 Safari/537.36"
185.177.72.210 - - [09/Jun/2025:05:19:41 -0400] "GET /secrets/main.env HTTP/1.1" 404 1251 "-" "Mozilla/5.0 (Windows NT 10.0; Win64; x64) AppleWebKit/537.36 (KHTML, like Gecko) Chrome/91.0.4472.124 Safari/537.36"
185.177.72.210 - - [09/Jun/2025:05:19:42 -0400] "GET /secrets/main.txt HTTP/1.1" 404 1251 "-" "Mozilla/5.0 (Windows NT 10.0; Win64; x64) AppleWebKit/537.36 (KHTML, like Gecko) Chrome/91.0.4472.124 Safari/537.36"
185.177.72.210 - - [09/Jun/2025:05:19:42 -0400] "GET /secrets/private.conf HTTP/1.1" 404 1251 "-" "Mozilla/5.0 (Windows NT 10.0; Win64; x64) AppleWebKit/537.36 (KHTML, like Gecko) Chrome/91.0.4472.124 Safari/537.36"
185.177.72.210 - - [09/Jun/2025:05:19:42 -0400] "GET /secrets/private.txt HTTP/1.1" 404 1251 "-" "Mozilla/5.0 (Windows NT 10.0; Win64; x64) AppleWebKit/537.36 (KHTML, like Gecko) Chrome/91.0.4472.124 Safari/537.36"
185.177.72.210 - - [09/Jun/2025:05:19:43 -0400] "GET /secrets/prod.yml HTTP/1.1" 404 1251 "-" "Mozilla/5.0 (Windows NT 10.0; Win64; x64) AppleWebKit/537.36 (KHTML, like Gecko) Chrome/91.0.4472.124 Safari/537.36"
185.177.72.210 - - [09/Jun/2025:05:19:43 -0400] "GET /secrets/public.ini HTTP/1.1" 404 1251 "-" "Mozilla/5.0 (Windows NT 10.0; Win64; x64) AppleWebKit/537.36 (KHTML, like Gecko) Chrome/91.0.4472.124 Safari/537.36"
185.177.72.210 - - [09/Jun/2025:05:19:44 -0400] "GET /secrets/relay.bak HTTP/1.1" 404 1251 "-" "Mozilla/5.0 (Windows NT 10.0; Win64; x64) AppleWebKit/537.36 (KHTML, like Gecko) Chrome/91.0.4472.124 Safari/537.36"
185.177.72.210 - - [09/Jun/2025:05:19:44 -0400] "GET /secrets/secrets.conf HTTP/1.1" 404 1251 "-" "Mozilla/5.0 (Windows NT 10.0; Win64; x64) AppleWebKit/537.36 (KHTML, like Gecko) Chrome/91.0.4472.124 Safari/537.36"
185.177.72.210 - - [09/Jun/2025:05:19:44 -0400] "GET /secrets/secrets.env HTTP/1.1" 404 1251 "-" "Mozilla/5.0 (Windows NT 10.0; Win64; x64) AppleWebKit/537.36 (KHTML, like Gecko) Chrome/91.0.4472.124 Safari/537.36"
185.177.72.210 - - [09/Jun/2025:05:19:44 -0400] "GET /secrets/settings.conf HTTP/1.1" 404 1251 "-" "Mozilla/5.0 (Windows NT 10.0; Win64; x64) AppleWebKit/537.36 (KHTML, like Gecko) Chrome/91.0.4472.124 Safari/537.36"
185.177.72.210 - - [09/Jun/2025:05:19:44 -0400] "GET /secrets/settings.json HTTP/1.1" 404 1251 "-" "Mozilla/5.0 (Windows NT 10.0; Win64; x64) AppleWebKit/537.36 (KHTML, like Gecko) Chrome/91.0.4472.124 Safari/537.36"
185.177.72.210 - - [09/Jun/2025:05:19:45 -0400] "GET /secrets/settings.yml HTTP/1.1" 404 1251 "-" "Mozilla/5.0 (Windows NT 10.0; Win64; x64) AppleWebKit/537.36 (KHTML, like Gecko) Chrome/91.0.4472.124 Safari/537.36"
185.177.72.210 - - [09/Jun/2025:05:19:45 -0400] "GET /secrets/smtp HTTP/1.1" 404 1251 "-" "Mozilla/5.0 (Windows NT 10.0; Win64; x64) AppleWebKit/537.36 (KHTML, like Gecko) Chrome/91.0.4472.124 Safari/537.36"
185.177.72.210 - - [09/Jun/2025:05:19:45 -0400] "GET /secrets/smtp_settings.env HTTP/1.1" 404 1251 "-" "Mozilla/5.0 (Windows NT 10.0; Win64; x64) AppleWebKit/537.36 (KHTML, like Gecko) Chrome/91.0.4472.124 Safari/537.36"
185.177.72.210 - - [09/Jun/2025:05:19:45 -0400] "GET /secrets/smtp_settings.log HTTP/1.1" 404 1251 "-" "Mozilla/5.0 (Windows NT 10.0; Win64; x64) AppleWebKit/537.36 (KHTML, like Gecko) Chrome/91.0.4472.124 Safari/537.36"
185.177.72.210 - - [09/Jun/2025:05:19:45 -0400] "GET /secrets/smtp_settings.txt HTTP/1.1" 404 1251 "-" "Mozilla/5.0 (Windows NT 10.0; Win64; x64) AppleWebKit/537.36 (KHTML, like Gecko) Chrome/91.0.4472.124 Safari/537.36"
185.177.72.210 - - [09/Jun/2025:05:19:46 -0400] "GET /secrets/test.yaml HTTP/1.1" 404 1251 "-" "Mozilla/5.0 (Windows NT 10.0; Win64; x64) AppleWebKit/537.36 (KHTML, like Gecko) Chrome/91.0.4472.124 Safari/537.36"
185.177.72.210 - - [09/Jun/2025:05:19:46 -0400] "GET /secrets/transport HTTP/1.1" 404 1251 "-" "Mozilla/5.0 (Windows NT 10.0; Win64; x64) AppleWebKit/537.36 (KHTML, like Gecko) Chrome/91.0.4472.124 Safari/537.36"
185.177.72.210 - - [09/Jun/2025:05:19:46 -0400] "GET /secured/phpinfo.php HTTP/1.1" 404 1251 "-" "Mozilla/5.0 (Windows NT 10.0; Win64; x64) AppleWebKit/537.36 (KHTML, like Gecko) Chrome/91.0.4472.124 Safari/537.36"
185.177.72.210 - - [09/Jun/2025:05:19:46 -0400] "GET /sendgrid.env HTTP/1.1" 404 1251 "-" "Mozilla/5.0 (Windows NT 10.0; Win64; x64) AppleWebKit/537.36 (KHTML, like Gecko) Chrome/91.0.4472.124 Safari/537.36"
185.177.72.210 - - [09/Jun/2025:05:19:47 -0400] "GET /sendgrid/access.txt HTTP/1.1" 404 1251 "-" "Mozilla/5.0 (Windows NT 10.0; Win64; x64) AppleWebKit/537.36 (KHTML, like Gecko) Chrome/91.0.4472.124 Safari/537.36"
185.177.72.210 - - [09/Jun/2025:05:19:47 -0400] "GET /sendgrid/access.yaml HTTP/1.1" 404 1251 "-" "Mozilla/5.0 (Windows NT 10.0; Win64; x64) AppleWebKit/537.36 (KHTML, like Gecko) Chrome/91.0.4472.124 Safari/537.36"
185.177.72.210 - - [09/Jun/2025:05:19:47 -0400] "GET /sendgrid/admin.bak HTTP/1.1" 404 1251 "-" "Mozilla/5.0 (Windows NT 10.0; Win64; x64) AppleWebKit/537.36 (KHTML, like Gecko) Chrome/91.0.4472.124 Safari/537.36"
185.177.72.210 - - [09/Jun/2025:05:19:47 -0400] "GET /sendgrid/auth.yaml HTTP/1.1" 404 1251 "-" "Mozilla/5.0 (Windows NT 10.0; Win64; x64) AppleWebKit/537.36 (KHTML, like Gecko) Chrome/91.0.4472.124 Safari/537.36"
185.177.72.210 - - [09/Jun/2025:05:19:47 -0400] "GET /sendgrid/backup.bak HTTP/1.1" 404 1251 "-" "Mozilla/5.0 (Windows NT 10.0; Win64; x64) AppleWebKit/537.36 (KHTML, like Gecko) Chrome/91.0.4472.124 Safari/537.36"
185.177.72.210 - - [09/Jun/2025:05:19:48 -0400] "GET /sendgrid/backup.ini HTTP/1.1" 404 1251 "-" "Mozilla/5.0 (Windows NT 10.0; Win64; x64) AppleWebKit/537.36 (KHTML, like Gecko) Chrome/91.0.4472.124 Safari/537.36"
185.177.72.210 - - [09/Jun/2025:05:19:48 -0400] "GET /_autoindex/assets/js/tablesort.js HTTP/1.1" 304 0 "-" "Mozilla/5.0 (Windows NT 10.0; Win64; x64) AppleWebKit/537.36 (KHTML, like Gecko) Chrome/91.0.4472.124 Safari/537.36"
185.177.72.210 - - [09/Jun/2025:05:19:49 -0400] "GET /_autoindex/assets/js/tablesort.number.js HTTP/1.1" 304 0 "-" "Mozilla/5.0 (Windows NT 10.0; Win64; x64) AppleWebKit/537.36 (KHTML, like Gecko) Chrome/91.0.4472.124 Safari/537.36"
185.177.72.210 - - [09/Jun/2025:05:19:49 -0400] "GET /2.php HTTP/1.1" 403 1242 "-" "Mozilla/5.0 (Windows NT 10.0; Win64; x64) AppleWebKit/537.36 (KHTML, like Gecko) Chrome/91.0.4472.124 Safari/537.36"
185.177.72.210 - - [09/Jun/2025:05:19:49 -0400] "GET /2.php HTTP/1.1" 403 1242 "-" "Mozilla/5.0 (Windows NT 10.0; Win64; x64) AppleWebKit/537.36 (KHTML, like Gecko) Chrome/91.0.4472.124 Safari/537.36"
185.177.72.210 - - [09/Jun/2025:05:19:49 -0400] "GET /admin.php HTTP/1.1" 404 16 "-" "Mozilla/5.0 (Windows NT 10.0; Win64; x64) AppleWebKit/537.36 (KHTML, like Gecko) Chrome/91.0.4472.124 Safari/537.36"
185.177.72.210 - - [09/Jun/2025:05:19:50 -0400] "GET /admin.php HTTP/1.1" 404 16 "-" "Mozilla/5.0 (Windows NT 10.0; Win64; x64) AppleWebKit/537.36 (KHTML, like Gecko) Chrome/91.0.4472.124 Safari/537.36"
185.177.72.210 - - [09/Jun/2025:05:19:50 -0400] "GET /userfuns.php HTTP/1.1" 200 12 "-" "Mozilla/5.0 (Windows NT 10.0; Win64; x64) AppleWebKit/537.36 (KHTML, like Gecko) Chrome/91.0.4472.124 Safari/537.36"
185.177.72.210 - - [09/Jun/2025:05:19:50 -0400] "GET /userfuns.php HTTP/1.1" 200 12 "-" "Mozilla/5.0 (Windows NT 10.0; Win64; x64) AppleWebKit/537.36 (KHTML, like Gecko) Chrome/91.0.4472.124 Safari/537.36"
162.0.232.193 - - [09/Jun/2025:05:19:54 -0400] "POST /wp-cron.php?doing_wp_cron=1749460793.6886410713195800781250 HTTP/1.1" 200 0 "-" "WordPress/6.8.1; https://reversevillain.com"
185.177.72.210 - - [09/Jun/2025:05:19:51 -0400] "GET /wp-activate.php HTTP/1.1" 302 0 "-" "Mozilla/5.0 (Windows NT 10.0; Win64; x64) AppleWebKit/537.36 (KHTML, like Gecko) Chrome/91.0.4472.124 Safari/537.36"
162.0.232.193 - - [09/Jun/2025:05:19:57 -0400] "POST /wp-cron.php?doing_wp_cron=1749460797.1758439540863037109375 HTTP/1.1" 200 0 "-" "WordPress/6.8.1; https://reversevillain.com"
185.177.72.210 - - [09/Jun/2025:05:19:54 -0400] "GET /wp-login.php?action=register HTTP/1.1" 302 0 "-" "Mozilla/5.0 (Windows NT 10.0; Win64; x64) AppleWebKit/537.36 (KHTML, like Gecko) Chrome/91.0.4472.124 Safari/537.36"
185.177.72.210 - - [09/Jun/2025:05:19:57 -0400] "GET /wp-login.php?registration=disabled HTTP/1.1" 200 2118 "-" "Mozilla/5.0 (Windows NT 10.0; Win64; x64) AppleWebKit/537.36 (KHTML, like Gecko) Chrome/91.0.4472.124 Safari/537.36"
162.0.232.193 - - [09/Jun/2025:05:19:57 -0400] "POST /wp-admin/admin-ajax.php?action=async_litespeed&nonce=yApAuWGLRrxSvsgPVqNfAs6ymK9gXaoR&litespeed_type=imgoptm HTTP/1.1" 200 0 "-" "WordPress/6.8.1; https://reversevillain.com"
162.0.232.193 - - [09/Jun/2025:05:19:58 -0400] "POST /wp-cron.php?doing_wp_cron=1749460798.8054349422454833984375 HTTP/1.1" 200 0 "-" "WordPress/6.8.1; https://reversevillain.com"
185.177.72.210 - - [09/Jun/2025:05:19:58 -0400] "GET /wp-activate.php HTTP/1.1" 302 0 "-" "Mozilla/5.0 (Windows NT 10.0; Win64; x64) AppleWebKit/537.36 (KHTML, like Gecko) Chrome/91.0.4472.124 Safari/537.36"
185.177.72.210 - - [09/Jun/2025:05:19:59 -0400] "GET /wp-login.php?action=register HTTP/1.1" 302 0 "-" "Mozilla/5.0 (Windows NT 10.0; Win64; x64) AppleWebKit/537.36 (KHTML, like Gecko) Chrome/91.0.4472.124 Safari/537.36"
185.177.72.210 - - [09/Jun/2025:05:19:59 -0400] "GET /wp-login.php?registration=disabled HTTP/1.1" 200 2118 "-" "Mozilla/5.0 (Windows NT 10.0; Win64; x64) AppleWebKit/537.36 (KHTML, like Gecko) Chrome/91.0.4472.124 Safari/537.36"
185.177.72.210 - - [09/Jun/2025:05:20:00 -0400] "GET /wp-blog-header.php HTTP/1.1" 301 0 "-" "Mozilla/5.0 (Windows NT 10.0; Win64; x64) AppleWebKit/537.36 (KHTML, like Gecko) Chrome/91.0.4472.124 Safari/537.36"
185.177.72.210 - - [09/Jun/2025:05:20:00 -0400] "GET / HTTP/1.1" 200 1756 "-" "Mozilla/5.0 (Windows NT 10.0; Win64; x64) AppleWebKit/537.36 (KHTML, like Gecko) Chrome/91.0.4472.124 Safari/537.36"
185.177.72.210 - - [09/Jun/2025:05:20:01 -0400] "GET /wp-blog-header.php HTTP/1.1" 301 0 "-" "Mozilla/5.0 (Windows NT 10.0; Win64; x64) AppleWebKit/537.36 (KHTML, like Gecko) Chrome/91.0.4472.124 Safari/537.36"
185.177.72.210 - - [09/Jun/2025:05:20:01 -0400] "GET / HTTP/1.1" 200 1756 "-" "Mozilla/5.0 (Windows NT 10.0; Win64; x64) AppleWebKit/537.36 (KHTML, like Gecko) Chrome/91.0.4472.124 Safari/537.36"
185.177.72.210 - - [09/Jun/2025:05:20:01 -0400] "GET /wp-comments-post.php HTTP/1.1" 405 0 "-" "Mozilla/5.0 (Windows NT 10.0; Win64; x64) AppleWebKit/537.36 (KHTML, like Gecko) Chrome/91.0.4472.124 Safari/537.36"
136.60.232.162 - - [09/Jun/2025:05:20:15 -0400] "GET /wp-settings.php HTTP/1.1" 500 0 "-" "Mozilla/5.0 (Linux; Android 8.0; Pixel 2 Build/OPD3.170816.012) AppleWebKit/537.36 (KHTML, like Gecko) Chrome/45.0.4983.1758 Mobile Safari/537.36"
185.177.72.210 - - [09/Jun/2025:05:20:32 -0400] "GET /wp-comments-post.php HTTP/1.1" 405 0 "-" "Mozilla/5.0 (Windows NT 10.0; Win64; x64) AppleWebKit/537.36 (KHTML, like Gecko) Chrome/91.0.4472.124 Safari/537.36"
185.177.72.210 - - [09/Jun/2025:05:21:02 -0400] "GET /wp-config-sample.php HTTP/1.1" 500 905 "-" "Mozilla/5.0 (Windows NT 10.0; Win64; x64) AppleWebKit/537.36 (KHTML, like Gecko) Chrome/91.0.4472.124 Safari/537.36"
185.177.72.210 - - [09/Jun/2025:05:21:02 -0400] "GET /wp-config-sample.php HTTP/1.1" 500 905 "-" "Mozilla/5.0 (Windows NT 10.0; Win64; x64) AppleWebKit/537.36 (KHTML, like Gecko) Chrome/91.0.4472.124 Safari/537.36"
185.177.72.210 - - [09/Jun/2025:05:21:03 -0400] "GET /wp-cron.php HTTP/1.1" 200 0 "-" "Mozilla/5.0 (Windows NT 10.0; Win64; x64) AppleWebKit/537.36 (KHTML, like Gecko) Chrome/91.0.4472.124 Safari/537.36"
185.177.72.210 - - [09/Jun/2025:05:21:03 -0400] "GET /wp-cron.php HTTP/1.1" 200 0 "-" "Mozilla/5.0 (Windows NT 10.0; Win64; x64) AppleWebKit/537.36 (KHTML, like Gecko) Chrome/91.0.4472.124 Safari/537.36"
185.177.72.210 - - [09/Jun/2025:05:21:03 -0400] "GET /wp-links-opml.php HTTP/1.1" 200 166 "-" "Mozilla/5.0 (Windows NT 10.0; Win64; x64) AppleWebKit/537.36 (KHTML, like Gecko) Chrome/91.0.4472.124 Safari/537.36"
162.0.232.193 - - [09/Jun/2025:05:21:03 -0400] "POST /wp-admin/admin-ajax.php?action=async_litespeed&nonce=Igg9xSSFmjpUS3YCU92aLTejvJbv6z8m&litespeed_type=imgoptm HTTP/1.1" 200 5 "-" "WordPress/6.8.1; https://reversevillain.com"
185.177.72.210 - - [09/Jun/2025:05:21:05 -0400] "GET /wp-links-opml.php HTTP/1.1" 200 166 "-" "Mozilla/5.0 (Windows NT 10.0; Win64; x64) AppleWebKit/537.36 (KHTML, like Gecko) Chrome/91.0.4472.124 Safari/537.36"
185.177.72.210 - - [09/Jun/2025:05:21:06 -0400] "GET /wp-load.php HTTP/1.1" 200 0 "-" "Mozilla/5.0 (Windows NT 10.0; Win64; x64) AppleWebKit/537.36 (KHTML, like Gecko) Chrome/91.0.4472.124 Safari/537.36"
185.177.72.210 - - [09/Jun/2025:05:21:07 -0400] "GET /wp-load.php HTTP/1.1" 200 0 "-" "Mozilla/5.0 (Windows NT 10.0; Win64; x64) AppleWebKit/537.36 (KHTML, like Gecko) Chrome/91.0.4472.124 Safari/537.36"
185.177.72.210 - - [09/Jun/2025:05:21:08 -0400] "GET /wp-login.php HTTP/1.1" 200 2047 "-" "Mozilla/5.0 (Windows NT 10.0; Win64; x64) AppleWebKit/537.36 (KHTML, like Gecko) Chrome/91.0.4472.124 Safari/537.36"
185.177.72.210 - - [09/Jun/2025:05:21:08 -0400] "GET /wp-login.php HTTP/1.1" 200 2047 "-" "Mozilla/5.0 (Windows NT 10.0; Win64; x64) AppleWebKit/537.36 (KHTML, like Gecko) Chrome/91.0.4472.124 Safari/537.36"
185.177.72.210 - - [09/Jun/2025:05:21:09 -0400] "GET /wp-mail.php HTTP/1.1" 500 946 "-" "Mozilla/5.0 (Windows NT 10.0; Win64; x64) AppleWebKit/537.36 (KHTML, like Gecko) Chrome/91.0.4472.124 Safari/537.36"
185.177.72.210 - - [09/Jun/2025:05:21:10 -0400] "GET /wp-mail.php HTTP/1.1" 429 957 "-" "Mozilla/5.0 (Windows NT 10.0; Win64; x64) AppleWebKit/537.36 (KHTML, like Gecko) Chrome/91.0.4472.124 Safari/537.36"
185.177.72.210 - - [09/Jun/2025:05:21:10 -0400] "GET /wp-settings.php HTTP/1.1" 500 0 "-" "Mozilla/5.0 (Windows NT 10.0; Win64; x64) AppleWebKit/537.36 (KHTML, like Gecko) Chrome/91.0.4472.124 Safari/537.36"
185.177.72.210 - - [09/Jun/2025:05:21:10 -0400] "GET /wp-settings.php HTTP/1.1" 500 0 "-" "Mozilla/5.0 (Windows NT 10.0; Win64; x64) AppleWebKit/537.36 (KHTML, like Gecko) Chrome/91.0.4472.124 Safari/537.36"
185.177.72.210 - - [09/Jun/2025:05:21:11 -0400] "GET /wp-signup.php HTTP/1.1" 301 0 "-" "Mozilla/5.0 (Windows NT 10.0; Win64; x64) AppleWebKit/537.36 (KHTML, like Gecko) Chrome/91.0.4472.124 Safari/537.36"
185.177.72.210 - - [09/Jun/2025:05:21:11 -0400] "GET / HTTP/1.1" 200 1761 "-" "Mozilla/5.0 (Windows NT 10.0; Win64; x64) AppleWebKit/537.36 (KHTML, like Gecko) Chrome/91.0.4472.124 Safari/537.36"
185.177.72.210 - - [09/Jun/2025:05:21:11 -0400] "GET /wp-signup.php HTTP/1.1" 301 0 "-" "Mozilla/5.0 (Windows NT 10.0; Win64; x64) AppleWebKit/537.36 (KHTML, like Gecko) Chrome/91.0.4472.124 Safari/537.36"
185.177.72.210 - - [09/Jun/2025:05:21:11 -0400] "GET / HTTP/1.1" 200 1761 "-" "Mozilla/5.0 (Windows NT 10.0; Win64; x64) AppleWebKit/537.36 (KHTML, like Gecko) Chrome/91.0.4472.124 Safari/537.36"
185.177.72.210 - - [09/Jun/2025:05:21:12 -0400] "GET /wp-trackback.php HTTP/1.1" 301 0 "-" "Mozilla/5.0 (Windows NT 10.0; Win64; x64) AppleWebKit/537.36 (KHTML, like Gecko) Chrome/91.0.4472.124 Safari/537.36"
185.177.72.210 - - [09/Jun/2025:05:21:12 -0400] "GET / HTTP/1.1" 200 1761 "-" "Mozilla/5.0 (Windows NT 10.0; Win64; x64) AppleWebKit/537.36 (KHTML, like Gecko) Chrome/91.0.4472.124 Safari/537.36"
185.177.72.210 - - [09/Jun/2025:05:21:12 -0400] "GET /wp-trackback.php HTTP/1.1" 301 0 "-" "Mozilla/5.0 (Windows NT 10.0; Win64; x64) AppleWebKit/537.36 (KHTML, like Gecko) Chrome/91.0.4472.124 Safari/537.36"
185.177.72.210 - - [09/Jun/2025:05:21:13 -0400] "GET / HTTP/1.1" 200 1761 "-" "Mozilla/5.0 (Windows NT 10.0; Win64; x64) AppleWebKit/537.36 (KHTML, like Gecko) Chrome/91.0.4472.124 Safari/537.36"
185.177.72.210 - - [09/Jun/2025:05:21:13 -0400] "GET /xmlrpc.php HTTP/1.1" 405 46 "-" "Mozilla/5.0 (Windows NT 10.0; Win64; x64) AppleWebKit/537.36 (KHTML, like Gecko) Chrome/91.0.4472.124 Safari/537.36"
185.177.72.210 - - [09/Jun/2025:05:21:14 -0400] "GET /xmlrpc.php HTTP/1.1" 405 46 "-" "Mozilla/5.0 (Windows NT 10.0; Win64; x64) AppleWebKit/537.36 (KHTML, like Gecko) Chrome/91.0.4472.124 Safari/537.36"
47.128.121.61 - - [09/Jun/2025:05:22:44 -0400] "GET /oshi-no-ko-chapter-125-5/ HTTP/1.1" 404 1251 "-" "Mozilla/5.0 (Linux; Android 5.0) AppleWebKit/537.36 (KHTML, like Gecko) Mobile Safari/537.36 (compatible; TikTokSpider; [email protected])"
64.233.173.226 - - [09/Jun/2025:05:23:40 -0400] "GET /.well-known/traffic-advice HTTP/1.1" 404 1251 "-" "Chrome Privacy Preserving Prefetch Proxy"
2001:4860:7:805::9a - - [09/Jun/2025:05:23:40 -0400] "GET / HTTP/1.1" 200 1761 "https://www.google.com/" "Mozilla/5.0 (Linux; Android 10; K) AppleWebKit/537.36 (KHTML, like Gecko) Chrome/137.0.0.0 Safari/537.36"
162.0.232.193 - - [09/Jun/2025:05:23:45 -0400] "POST /wp-cron.php?doing_wp_cron=1749461024.9555420875549316406250 HTTP/1.1" 200 0 "-" "WordPress/6.8.1; https://reversevillain.com"
75.119.221.53 - - [09/Jun/2025:05:23:42 -0400] "POST /xmlrpc.php HTTP/1.1" 200 205 "-" "Mozilla/5.0 (X11; Ubuntu; Linux x86_64; rv:85.0) Gecko/20100101 Firefox/91.0"
162.0.232.193 - - [09/Jun/2025:05:25:53 -0400] "POST /wp-cron.php?doing_wp_cron=1749461153.3586719036102294921875 HTTP/1.1" 200 0 "-" "WordPress/6.8.1; https://reversevillain.com"
159.65.232.209 - - [09/Jun/2025:05:25:51 -0400] "POST /wp-login.php HTTP/1.1" 200 2130 "-" "Mozilla/5.0"
162.0.232.193 - - [09/Jun/2025:05:25:54 -0400] "POST /wp-admin/admin-ajax.php?action=async_litespeed&nonce=rvwwsK1VErJnmx6CBQMHV0v2yiWnXA2L&litespeed_type=imgoptm HTTP/1.1" 200 5 "-" "WordPress/6.8.1; https://reversevillain.com"
103.46.202.113 - - [09/Jun/2025:05:26:25 -0400] "GET / HTTP/1.1" 200 1761 "https://www.google.com/" "Mozilla/5.0 (Linux; Android 10; K) AppleWebKit/537.36 (KHTML, like Gecko) Chrome/137.0.0.0 Mobile Safari/537.36"
103.46.202.113 - - [09/Jun/2025:05:26:26 -0400] "GET /_autoindex/assets/js/tablesort.js HTTP/1.1" 200 2137 "https://reversevillain.com/" "Mozilla/5.0 (Linux; Android 10; K) AppleWebKit/537.36 (KHTML, like Gecko) Chrome/137.0.0.0 Mobile Safari/537.36"
103.46.202.113 - - [09/Jun/2025:05:26:26 -0400] "GET /_autoindex/assets/css/autoindex.css HTTP/1.1" 200 1170 "https://reversevillain.com/" "Mozilla/5.0 (Linux; Android 10; K) AppleWebKit/537.36 (KHTML, like Gecko) Chrome/137.0.0.0 Mobile Safari/537.36"
103.46.202.113 - - [09/Jun/2025:05:26:26 -0400] "GET /_autoindex/assets/icons/folder-fill.svg HTTP/1.1" 200 333 "https://reversevillain.com/" "Mozilla/5.0 (Linux; Android 10; K) AppleWebKit/537.36 (KHTML, like Gecko) Chrome/137.0.0.0 Mobile Safari/537.36"
103.46.202.113 - - [09/Jun/2025:05:26:26 -0400] "GET /_autoindex/assets/js/tablesort.number.js HTTP/1.1" 200 322 "https://reversevillain.com/" "Mozilla/5.0 (Linux; Android 10; K) AppleWebKit/537.36 (KHTML, like Gecko) Chrome/137.0.0.0 Mobile Safari/537.36"
103.46.202.113 - - [09/Jun/2025:05:26:26 -0400] "GET /_autoindex/assets/icons/file-text.svg HTTP/1.1" 200 394 "https://reversevillain.com/" "Mozilla/5.0 (Linux; Android 10; K) AppleWebKit/537.36 (KHTML, like Gecko) Chrome/137.0.0.0 Mobile Safari/537.36"
103.46.202.113 - - [09/Jun/2025:05:26:27 -0400] "GET /_autoindex/assets/icons/file.svg HTTP/1.1" 200 354 "https://reversevillain.com/" "Mozilla/5.0 (Linux; Android 10; K) AppleWebKit/537.36 (KHTML, like Gecko) Chrome/137.0.0.0 Mobile Safari/537.36"
103.46.202.113 - - [09/Jun/2025:05:26:28 -0400] "GET /favicon.ico HTTP/1.1" 404 1251 "https://reversevillain.com/" "Mozilla/5.0 (Linux; Android 10; K) AppleWebKit/537.36 (KHTML, like Gecko) Chrome/137.0.0.0 Mobile Safari/537.36"
40.77.167.47 - - [09/Jun/2025:05:28:03 -0400] "GET /two-on-ice-chapter-10/ HTTP/1.1" 404 1251 "-" "Mozilla/5.0 AppleWebKit/537.36 (KHTML, like Gecko; compatible; bingbot/2.0; +http://www.bing.com/bingbot.htm) Chrome/116.0.1938.76 Safari/537.36"
162.0.232.193 - - [09/Jun/2025:05:28:30 -0400] "POST /wp-cron.php?doing_wp_cron=1749461309.9474039077758789062500 HTTP/1.1" 200 0 "-" "WordPress/6.8.1; https://reversevillain.com"
49.51.50.147 - - [09/Jun/2025:05:28:29 -0400] "GET /wp-activate.php HTTP/1.1" 302 0 "-" "Mozilla/5.0 (iPhone; CPU iPhone OS 13_2_3 like Mac OS X) AppleWebKit/605.1.15 (KHTML, like Gecko) Version/13.0.3 Mobile/15E148 Safari/604.1"
162.0.232.193 - - [09/Jun/2025:05:28:32 -0400] "POST /wp-cron.php?doing_wp_cron=1749461312.2680490016937255859375 HTTP/1.1" 200 0 "-" "WordPress/6.8.1; https://reversevillain.com"
49.51.50.147 - - [09/Jun/2025:05:28:32 -0400] "GET /wp-login.php?action=register HTTP/1.1" 302 0 "https://reversevillain.com/wp-activate.php" "Mozilla/5.0 (iPhone; CPU iPhone OS 13_2_3 like Mac OS X) AppleWebKit/605.1.15 (KHTML, like Gecko) Version/13.0.3 Mobile/15E148 Safari/604.1"
49.51.50.147 - - [09/Jun/2025:05:28:34 -0400] "GET /wp-login.php?registration=disabled HTTP/1.1" 200 2118 "https://reversevillain.com/wp-login.php?action=register" "Mozilla/5.0 (iPhone; CPU iPhone OS 13_2_3 like Mac OS X) AppleWebKit/605.1.15 (KHTML, like Gecko) Version/13.0.3 Mobile/15E148 Safari/604.1"
47.128.18.134 - - [09/Jun/2025:05:29:32 -0400] "GET / HTTP/1.1" 200 1761 "-" "Mozilla/5.0 (Linux; Android 5.0) AppleWebKit/537.36 (KHTML, like Gecko) Mobile Safari/537.36 (compatible; Bytespider; [email protected])"
47.128.96.145 - - [09/Jun/2025:05:30:13 -0400] "GET /higanjima-saigo-no-47-hiai-chapter-69/ HTTP/1.1" 404 1251 "-" "Mozilla/5.0 (Linux; Android 5.0) AppleWebKit/537.36 (KHTML, like Gecko) Mobile Safari/537.36 (compatible; TikTokSpider; [email protected])"
47.128.60.223 - - [09/Jun/2025:05:30:23 -0400] "GET /robots.txt HTTP/1.1" 404 1251 "-" "Mozilla/5.0 (Linux; Android 5.0) AppleWebKit/537.36 (KHTML, like Gecko) Mobile Safari/537.36 (compatible; Bytespider; [email protected])"
17.241.75.251 - - [09/Jun/2025:05:31:06 -0400] "GET /manga/im-really-not-a-supervillain-chapter-210/ HTTP/1.1" 404 1251 "-" "Mozilla/5.0 (Macintosh; Intel Mac OS X 10_15_7) AppleWebKit/605.1.15 (KHTML, like Gecko) Version/17.4 Safari/605.1.15 (Applebot/0.1; +http://www.apple.com/go/applebot)"
47.128.125.8 - - [09/Jun/2025:05:31:51 -0400] "GET /robots.txt HTTP/1.1" 404 1251 "-" "Mozilla/5.0 (Linux; Android 5.0) AppleWebKit/537.36 (KHTML, like Gecko) Mobile Safari/537.36 (compatible; Bytespider; [email protected])"
47.128.116.21 - - [09/Jun/2025:05:32:41 -0400] "GET / HTTP/1.1" 200 1761 "-" "Mozilla/5.0 (Linux; Android 5.0) AppleWebKit/537.36 (KHTML, like Gecko) Mobile Safari/537.36 (compatible; Bytespider; [email protected])"
77.23.80.53 - - [09/Jun/2025:05:34:30 -0400] "GET /wp-content/uploads/2022/02/cropped-download-180x180.jpeg HTTP/1.1" 200 0 "-" "Dalvik/2.1.0 (Linux; U; Android 14; SM-A556B Build/UP1A.231005.007)"
47.128.116.243 - - [09/Jun/2025:05:34:35 -0400] "GET /robots.txt HTTP/1.1" 404 1251 "-" "Mozilla/5.0 (Linux; Android 5.0) AppleWebKit/537.36 (KHTML, like Gecko) Mobile Safari/537.36 (compatible; Bytespider; [email protected])"
47.128.119.223 - - [09/Jun/2025:05:35:29 -0400] "GET /robots.txt HTTP/1.1" 404 1251 "-" "Mozilla/5.0 (Linux; Android 5.0) AppleWebKit/537.36 (KHTML, like Gecko) Mobile Safari/537.36 (compatible; Bytespider; [email protected])"
52.167.144.139 - - [09/Jun/2025:05:35:53 -0400] "GET /eleceed-chapter-273/ HTTP/1.1" 404 1251 "-" "Mozilla/5.0 AppleWebKit/537.36 (KHTML, like Gecko; compatible; bingbot/2.0; +http://www.bing.com/bingbot.htm) Chrome/116.0.1938.76 Safari/537.36"
216.244.66.242 - - [09/Jun/2025:05:36:45 -0400] "GET /robots.txt HTTP/1.1" 404 1251 "-" "Mozilla/5.0 (compatible; DotBot/1.2; +https://opensiteexplorer.org/dotbot; [email protected])"
43.153.87.54 - - [09/Jun/2025:05:38:40 -0400] "GET /wp-comments-post.php HTTP/1.1" 405 0 "-" "Mozilla/5.0 (iPhone; CPU iPhone OS 13_2_3 like Mac OS X) AppleWebKit/605.1.15 (KHTML, like Gecko) Version/13.0.3 Mobile/15E148 Safari/604.1"
47.82.60.188 - - [09/Jun/2025:05:38:52 -0400] "GET / HTTP/1.1" 200 1761 "https://reversevillain.com/" "Mozilla/5.0 (Windows NT 10.0; Win64; x64) AppleWebKit/537.36 (KHTML, like Gecko) Chrome/114.0.0.0 Safari/537.36 Edg/114.0.1823.43"
162.0.232.193 - - [09/Jun/2025:05:39:39 -0400] "POST /wp-cron.php?doing_wp_cron=1749461979.5851700305938720703125 HTTP/1.1" 200 0 "-" "WordPress/6.8.1; https://reversevillain.com"
103.124.172.22 - - [09/Jun/2025:05:39:35 -0400] "POST /xmlrpc.php HTTP/1.1" 200 205 "-" "Mozilla/5.0 (X11; Ubuntu; Linux x86_64; rv:85.0) Gecko/20100101 Firefox/91.0"
162.0.232.193 - - [09/Jun/2025:05:39:40 -0400] "POST /wp-admin/admin-ajax.php?action=async_litespeed&nonce=CbH1eWVIq5K1G833smmeWcxBDcCV2mNt&litespeed_type=imgoptm HTTP/1.1" 200 5 "-" "WordPress/6.8.1; https://reversevillain.com"
52.167.144.139 - - [09/Jun/2025:05:41:14 -0400] "GET /boku-to-jinginaki-ojisan-chapter-28/ HTTP/1.1" 404 1251 "-" "Mozilla/5.0 AppleWebKit/537.36 (KHTML, like Gecko; compatible; bingbot/2.0; +http://www.bing.com/bingbot.htm) Chrome/116.0.1938.76 Safari/537.36"
47.128.111.139 - - [09/Jun/2025:05:42:04 -0400] "GET /bokutachi-no-remake-chapter-32-2/ HTTP/1.1" 404 1251 "-" "Mozilla/5.0 (Linux; Android 5.0) AppleWebKit/537.36 (KHTML, like Gecko) Mobile Safari/537.36 (compatible; TikTokSpider; [email protected])"
162.0.232.193 - - [09/Jun/2025:05:42:42 -0400] "POST /wp-cron.php?doing_wp_cron=1749462162.3772189617156982421875 HTTP/1.1" 200 0 "-" "WordPress/6.8.1; https://reversevillain.com"
185.37.123.218 - - [09/Jun/2025:05:42:38 -0400] "GET /wp-mail.php HTTP/1.1" 500 946 "-" "Mozilla/5.0 (Linux; Android 8.0; Pixel 2 Build/OPD3.170816.012) AppleWebKit/537.36 (KHTML, like Gecko) Chrome/53.0.4694.1982 Mobile Safari/537.36"
162.0.232.193 - - [09/Jun/2025:05:42:43 -0400] "POST /wp-admin/admin-ajax.php?action=async_litespeed&nonce=wG3sfi7hbJZ7B6dDpLk2riTTsZ1Ikt3S&litespeed_type=imgoptm HTTP/1.1" 200 5 "-" "WordPress/6.8.1; https://reversevillain.com"
4.227.36.109 - - [09/Jun/2025:05:44:48 -0400] "GET /robots.txt HTTP/1.1" 404 1251 "-" "Mozilla/5.0 AppleWebKit/537.36 (KHTML, like Gecko; compatible; GPTBot/1.2; +https://openai.com/gptbot)"
20.171.207.75 - - [09/Jun/2025:05:44:49 -0400] "GET / HTTP/1.1" 200 1761 "-" "Mozilla/5.0 AppleWebKit/537.36 (KHTML, like Gecko; compatible; GPTBot/1.2; +https://openai.com/gptbot)"
20.171.207.75 - - [09/Jun/2025:05:44:52 -0400] "GET /?MA HTTP/1.1" 200 1762 "-" "Mozilla/5.0 AppleWebKit/537.36 (KHTML, like Gecko; compatible; GPTBot/1.2; +https://openai.com/gptbot)"
20.171.207.75 - - [09/Jun/2025:05:44:55 -0400] "GET /?ND HTTP/1.1" 200 1758 "-" "Mozilla/5.0 AppleWebKit/537.36 (KHTML, like Gecko; compatible; GPTBot/1.2; +https://openai.com/gptbot)"
162.0.232.193 - - [09/Jun/2025:05:45:02 -0400] "POST /wp-cron.php?doing_wp_cron=1749462302.3115620613098144531250 HTTP/1.1" 200 0 "-" "WordPress/6.8.1; https://reversevillain.com"
20.171.207.75 - - [09/Jun/2025:05:44:57 -0400] "GET /wp-mail.php HTTP/1.1" 429 957 "-" "Mozilla/5.0 AppleWebKit/537.36 (KHTML, like Gecko; compatible; GPTBot/1.2; +https://openai.com/gptbot)"
20.171.207.75 - - [09/Jun/2025:05:45:03 -0400] "GET /?SA HTTP/1.1" 200 1762 "-" "Mozilla/5.0 AppleWebKit/537.36 (KHTML, like Gecko; compatible; GPTBot/1.2; +https://openai.com/gptbot)"
162.0.232.193 - - [09/Jun/2025:05:45:03 -0400] "POST /wp-admin/admin-ajax.php?action=async_litespeed&nonce=Y57NdttCr5ncPkLTzuOEUmSFkd1XM8QJ&litespeed_type=imgoptm HTTP/1.1" 200 0 "-" "WordPress/6.8.1; https://reversevillain.com"
47.128.121.96 - - [09/Jun/2025:05:45:06 -0400] "GET /hoankan-evans-no-uso-chapter-162/ HTTP/1.1" 404 1251 "-" "Mozilla/5.0 (Linux; Android 5.0) AppleWebKit/537.36 (KHTML, like Gecko) Mobile Safari/537.36 (compatible; TikTokSpider; [email protected])"
20.171.207.75 - - [09/Jun/2025:05:45:10 -0400] "GET /wp-content/ HTTP/1.1" 200 0 "-" "Mozilla/5.0 AppleWebKit/537.36 (KHTML, like Gecko; compatible; GPTBot/1.2; +https://openai.com/gptbot)"
20.171.207.75 - - [09/Jun/2025:05:45:21 -0400] "GET /wp-blog-header.php HTTP/1.1" 301 0 "-" "Mozilla/5.0 AppleWebKit/537.36 (KHTML, like Gecko; compatible; GPTBot/1.2; +https://openai.com/gptbot)"
20.171.207.75 - - [09/Jun/2025:05:45:22 -0400] "GET / HTTP/1.1" 200 1761 "-" "Mozilla/5.0 AppleWebKit/537.36 (KHTML, like Gecko; compatible; GPTBot/1.2; +https://openai.com/gptbot)"
20.171.207.75 - - [09/Jun/2025:05:45:38 -0400] "GET /wp-admin/ HTTP/1.1" 302 0 "-" "Mozilla/5.0 AppleWebKit/537.36 (KHTML, like Gecko; compatible; GPTBot/1.2; +https://openai.com/gptbot)"
20.171.207.75 - - [09/Jun/2025:05:45:39 -0400] "GET /wp-login.php?redirect_to=https%3A%2F%2Freversevillain.com%2Fwp-admin%2F&reauth=1 HTTP/1.1" 200 2055 "-" "Mozilla/5.0 AppleWebKit/537.36 (KHTML, like Gecko; compatible; GPTBot/1.2; +https://openai.com/gptbot)"
20.171.207.75 - - [09/Jun/2025:05:45:53 -0400] "GET /wp-load.php HTTP/1.1" 200 0 "-" "Mozilla/5.0 AppleWebKit/537.36 (KHTML, like Gecko; compatible; GPTBot/1.2; +https://openai.com/gptbot)"
20.171.207.75 - - [09/Jun/2025:05:46:06 -0400] "GET /wp-includes/ HTTP/1.1" 200 9558 "-" "Mozilla/5.0 AppleWebKit/537.36 (KHTML, like Gecko; compatible; GPTBot/1.2; +https://openai.com/gptbot)"
20.171.207.75 - - [09/Jun/2025:05:46:18 -0400] "GET /?NA HTTP/1.1" 200 1761 "-" "Mozilla/5.0 AppleWebKit/537.36 (KHTML, like Gecko; compatible; GPTBot/1.2; +https://openai.com/gptbot)"
20.171.207.75 - - [09/Jun/2025:05:46:29 -0400] "GET /?MD HTTP/1.1" 200 1764 "-" "Mozilla/5.0 AppleWebKit/537.36 (KHTML, like Gecko; compatible; GPTBot/1.2; +https://openai.com/gptbot)"
107.159.248.188 - - [09/Jun/2025:05:46:38 -0400] "GET /wp-config-sample.php HTTP/1.1" 500 905 "-" "Mozilla/5.0 (iPhone; CPU iPhone OS 11_0 like Mac OS X) AppleWebKit/537.36 (KHTML, like Gecko) Chrome/56.0.6645.1376 Mobile Safari/537.36"
20.171.207.75 - - [09/Jun/2025:05:46:39 -0400] "GET /?SD HTTP/1.1" 200 1759 "-" "Mozilla/5.0 AppleWebKit/537.36 (KHTML, like Gecko; compatible; GPTBot/1.2; +https://openai.com/gptbot)"
20.171.207.75 - - [09/Jun/2025:05:46:48 -0400] "GET /wp-cron.php HTTP/1.1" 200 0 "-" "Mozilla/5.0 AppleWebKit/537.36 (KHTML, like Gecko; compatible; GPTBot/1.2; +https://openai.com/gptbot)"
20.171.207.75 - - [09/Jun/2025:05:46:57 -0400] "GET /admin.php HTTP/1.1" 404 16 "-" "Mozilla/5.0 AppleWebKit/537.36 (KHTML, like Gecko; compatible; GPTBot/1.2; +https://openai.com/gptbot)"
2a02:598:64:8a00::3100:a - - [09/Jun/2025:05:47:01 -0400] "GET /post-sitemap.xml HTTP/1.1" 404 1251 "-" "Mozilla/5.0 (compatible; SeznamBot/4.0; +https://o-seznam.cz/napoveda/vyhledavani/en/seznambot-crawler/)"
20.171.207.75 - - [09/Jun/2025:05:47:04 -0400] "GET /xmlrpc.php HTTP/1.1" 405 46 "-" "Mozilla/5.0 AppleWebKit/537.36 (KHTML, like Gecko; compatible; GPTBot/1.2; +https://openai.com/gptbot)"
216.244.66.242 - - [09/Jun/2025:05:48:06 -0400] "GET /captain-alice-chapter-11/ HTTP/1.1" 404 1251 "-" "Mozilla/5.0 (compatible; DotBot/1.2; +https://opensiteexplorer.org/dotbot; [email protected])"
216.244.66.242 - - [09/Jun/2025:05:48:10 -0400] "GET /jitsu-wa-ore-saikyou-deshita-chapter-63/ HTTP/1.1" 404 1251 "-" "Mozilla/5.0 (compatible; DotBot/1.2; +https://opensiteexplorer.org/dotbot; [email protected])"
216.244.66.242 - - [09/Jun/2025:05:48:14 -0400] "GET /kanan-sama-wa-akumade-choroi-chapter-61/ HTTP/1.1" 404 1251 "-" "Mozilla/5.0 (compatible; DotBot/1.2; +https://opensiteexplorer.org/dotbot; [email protected])"
216.244.66.242 - - [09/Jun/2025:05:48:17 -0400] "GET /monster-to-parent-chapter-1/ HTTP/1.1" 404 1251 "-" "Mozilla/5.0 (compatible; DotBot/1.2; +https://opensiteexplorer.org/dotbot; [email protected])"
216.244.66.242 - - [09/Jun/2025:05:48:20 -0400] "GET /tensei-shitara-ken-deshita-chapter-69/ HTTP/1.1" 404 1251 "-" "Mozilla/5.0 (compatible; DotBot/1.2; +https://opensiteexplorer.org/dotbot; [email protected])"
216.244.66.242 - - [09/Jun/2025:05:48:22 -0400] "GET /the-max-level-hero-strikes-back-chapter-143/ HTTP/1.1" 404 1251 "-" "Mozilla/5.0 (compatible; DotBot/1.2; +https://opensiteexplorer.org/dotbot; [email protected])"
216.244.66.242 - - [09/Jun/2025:05:48:24 -0400] "GET /the-tyrant-wants-to-be-good-chapter-36/ HTTP/1.1" 404 1251 "-" "Mozilla/5.0 (compatible; DotBot/1.2; +https://opensiteexplorer.org/dotbot; [email protected])"
216.244.66.242 - - [09/Jun/2025:05:48:26 -0400] "GET /toaru-tenin-to-kyaku-no-hanashi-chapter-36/ HTTP/1.1" 404 1251 "-" "Mozilla/5.0 (compatible; DotBot/1.2; +https://opensiteexplorer.org/dotbot; [email protected])"
216.244.66.242 - - [09/Jun/2025:05:48:27 -0400] "GET /volcanic-age-chapter-255/ HTTP/1.1" 404 1251 "-" "Mozilla/5.0 (compatible; DotBot/1.2; +https://opensiteexplorer.org/dotbot; [email protected])"
216.244.66.242 - - [09/Jun/2025:05:48:29 -0400] "GET /futago-no-ane-ga-miko-toshite-hikitorarete-watashi-wa-suterareta-kedo-tabun-watashi-ga-miko-de-aru-chapter-19-2/ HTTP/1.1" 404 1251 "-" "Mozilla/5.0 (compatible; DotBot/1.2; +https://opensiteexplorer.org/dotbot; [email protected])"
162.0.232.193 - - [09/Jun/2025:05:48:41 -0400] "POST /wp-cron.php?doing_wp_cron=1749462520.8840739727020263671875 HTTP/1.1" 200 0 "-" "WordPress/6.8.1; https://reversevillain.com"
162.0.232.193 - - [09/Jun/2025:05:48:41 -0400] "POST /wp-admin/admin-ajax.php?action=async_litespeed&nonce=aMU1v9jcMGFKl4HPp1kIPzkwV19isq95&litespeed_type=imgoptm HTTP/1.1" 200 5 "-" "WordPress/6.8.1; https://reversevillain.com"
20.171.207.75 - - [09/Jun/2025:05:48:37 -0400] "GET /wp-mail.php HTTP/1.1" 200 0 "-" "Mozilla/5.0 AppleWebKit/537.36 (KHTML, like Gecko; compatible; GPTBot/1.2; +https://openai.com/gptbot)"
216.244.66.242 - - [09/Jun/2025:05:49:09 -0400] "GET /3-gatsu-no-lion-chapter-204/feed/ HTTP/1.1" 404 1251 "-" "Mozilla/5.0 (compatible; DotBot/1.2; +https://opensiteexplorer.org/dotbot; [email protected])"
216.244.66.242 - - [09/Jun/2025:05:49:10 -0400] "GET /87-3/feed/ HTTP/1.1" 404 1251 "-" "Mozilla/5.0 (compatible; DotBot/1.2; +https://opensiteexplorer.org/dotbot; [email protected])"
216.244.66.242 - - [09/Jun/2025:05:49:11 -0400] "GET /jinmen-chapter-43/feed/ HTTP/1.1" 404 1251 "-" "Mozilla/5.0 (compatible; DotBot/1.2; +https://opensiteexplorer.org/dotbot; [email protected])"
216.244.66.242 - - [09/Jun/2025:05:49:13 -0400] "GET /leadale-no-daichi-nite-chapter-14/feed/ HTTP/1.1" 404 1251 "-" "Mozilla/5.0 (compatible; DotBot/1.2; +https://opensiteexplorer.org/dotbot; [email protected])"
216.244.66.242 - - [09/Jun/2025:05:49:14 -0400] "GET /megami-no-cafe-terrace-chapter-116/feed/ HTTP/1.1" 404 1251 "-" "Mozilla/5.0 (compatible; DotBot/1.2; +https://opensiteexplorer.org/dotbot; [email protected])"
216.244.66.242 - - [09/Jun/2025:05:49:15 -0400] "GET /shen-yin-wang-zuo-chapter-220/feed/ HTTP/1.1" 404 1251 "-" "Mozilla/5.0 (compatible; DotBot/1.2; +https://opensiteexplorer.org/dotbot; [email protected])"
216.244.66.242 - - [09/Jun/2025:05:49:33 -0400] "GET /futago-no-ane-ga-miko-toshite-hikitorarete-watashi-wa-suterareta-kedo-tabun-watashi-ga-miko-de-aru-chapter-19-1/feed/ HTTP/1.1" 404 1251 "-" "Mozilla/5.0 (compatible; DotBot/1.2; +https://opensiteexplorer.org/dotbot; [email protected])"
216.244.66.242 - - [09/Jun/2025:05:49:34 -0400] "GET /toaru-tenin-to-kyaku-no-hanashi-chapter-33/feed/ HTTP/1.1" 404 1251 "-" "Mozilla/5.0 (compatible; DotBot/1.2; +https://opensiteexplorer.org/dotbot; [email protected])"
52.167.144.156 - - [09/Jun/2025:05:49:36 -0400] "GET /a-deadbeats-meal-chapter-84/ HTTP/1.1" 404 1251 "-" "Mozilla/5.0 AppleWebKit/537.36 (KHTML, like Gecko; compatible; bingbot/2.0; +http://www.bing.com/bingbot.htm) Chrome/116.0.1938.76 Safari/537.36"
49.51.243.156 - - [09/Jun/2025:05:49:43 -0400] "GET /wp-config-sample.php HTTP/1.1" 500 905 "-" "Mozilla/5.0 (iPhone; CPU iPhone OS 13_2_3 like Mac OS X) AppleWebKit/605.1.15 (KHTML, like Gecko) Version/13.0.3 Mobile/15E148 Safari/604.1"
162.0.232.193 - - [09/Jun/2025:05:49:44 -0400] "POST /wp-cron.php?doing_wp_cron=1749462584.4984030723571777343750 HTTP/1.1" 200 0 "-" "WordPress/6.8.1; https://reversevillain.com"
20.171.207.75 - - [09/Jun/2025:05:49:44 -0400] "GET /wp-blog-header.php?ND HTTP/1.1" 301 0 "-" "Mozilla/5.0 AppleWebKit/537.36 (KHTML, like Gecko; compatible; GPTBot/1.2; +https://openai.com/gptbot)"
20.171.207.75 - - [09/Jun/2025:05:49:44 -0400] "GET / HTTP/1.1" 200 1761 "-" "Mozilla/5.0 AppleWebKit/537.36 (KHTML, like Gecko; compatible; GPTBot/1.2; +https://openai.com/gptbot)"
162.0.232.193 - - [09/Jun/2025:05:49:45 -0400] "POST /wp-admin/admin-ajax.php?action=async_litespeed&nonce=9DTHsK034N9WPsfLcZUcc97ZiYJakPeZ&litespeed_type=imgoptm HTTP/1.1" 200 5 "-" "WordPress/6.8.1; https://reversevillain.com"
162.0.232.193 - - [09/Jun/2025:05:49:50 -0400] "POST /wp-cron.php?doing_wp_cron=1749462590.4660611152648925781250 HTTP/1.1" 200 0 "-" "WordPress/6.8.1; https://reversevillain.com"
64.227.169.195 - - [09/Jun/2025:05:49:50 -0400] "POST /wp-login.php HTTP/1.1" 200 2130 "-" "Mozilla/5.0"
162.0.232.193 - - [09/Jun/2025:05:49:51 -0400] "POST /wp-admin/admin-ajax.php?action=async_litespeed&nonce=4x3bWMg6a69PFaqEbIwuqBJatRiYxZZa&litespeed_type=imgoptm HTTP/1.1" 200 5 "-" "WordPress/6.8.1; https://reversevillain.com"
216.244.66.242 - - [09/Jun/2025:05:49:55 -0400] "GET /osananajimi-kanojo-no-morahara-ga-hidoi-nde-zetsuen-sengen-shite-yatta-jibunrashiku-ikiru-koto-ni-shitara-nazeka-tonari-no-seki-no-kakure-bishoujo-kara-kokuhaku-sareta-chapter-15/feed/ HTTP/1.1" 404 1251 "-" "Mozilla/5.0 (compatible; DotBot/1.2; +https://opensiteexplorer.org/dotbot; [email protected])"
162.0.232.193 - - [09/Jun/2025:05:50:43 -0400] "POST /wp-cron.php?doing_wp_cron=1749462643.1780579090118408203125 HTTP/1.1" 200 0 "-" "WordPress/6.8.1; https://reversevillain.com"
