162.0.232.193 - - [08/Jun/2025:21:29:30 -0400] "POST /wp-cron.php?doing_wp_cron=1749432570.5330030918121337890625 HTTP/1.1" 200 0 "-" "WordPress/6.8.1; https://reversevillain.com"
45.94.31.111 - - [08/Jun/2025:21:29:01 -0400] "POST //xmlrpc.php HTTP/1.1" 200 205 "-" "Mozilla/5.0 (Windows NT 10.0; Win64; x64) AppleWebKit/537.36 (KHTML, like Gecko) Chrome/89.0.4389.114 Safari/537.36"
162.0.232.193 - - [08/Jun/2025:21:30:01 -0400] "POST /wp-cron.php?doing_wp_cron=1749432601.0185561180114746093750 HTTP/1.1" 200 0 "-" "WordPress/6.8.1; https://reversevillain.com"
45.94.31.111 - - [08/Jun/2025:21:29:30 -0400] "POST //xmlrpc.php HTTP/1.1" 200 205 "-" "Mozilla/5.0 (Windows NT 10.0; Win64; x64) AppleWebKit/537.36 (KHTML, like Gecko) Chrome/89.0.4389.114 Safari/537.36"
162.0.232.193 - - [08/Jun/2025:21:30:01 -0400] "POST /wp-admin/admin-ajax.php?action=async_litespeed&nonce=8Z7SszIAaHnJcUzejEfcCK4GJXhCsDF7&litespeed_type=imgoptm HTTP/1.1" 200 5 "-" "WordPress/6.8.1; https://reversevillain.com"
47.128.122.109 - - [08/Jun/2025:21:30:23 -0400] "GET /the-spark-in-your-eyes-chapter-98/ HTTP/1.1" 301 0 "-" "Mozilla/5.0 (Linux; Android 5.0) AppleWebKit/537.36 (KHTML, like Gecko) Mobile Safari/537.36 (compatible; TikTokSpider; [email protected])"
47.128.122.109 - - [08/Jun/2025:21:30:24 -0400] "GET / HTTP/1.1" 200 9390 "-" "Mozilla/5.0 (Linux; Android 5.0) AppleWebKit/537.36 (KHTML, like Gecko) Mobile Safari/537.36 (compatible; TikTokSpider; [email protected])"
162.0.232.193 - - [08/Jun/2025:21:30:30 -0400] "POST /wp-cron.php?doing_wp_cron=1749432630.7053039073944091796875 HTTP/1.1" 200 0 "-" "WordPress/6.8.1; https://reversevillain.com"
45.94.31.111 - - [08/Jun/2025:21:30:01 -0400] "POST //xmlrpc.php HTTP/1.1" 200 205 "-" "Mozilla/5.0 (Windows NT 10.0; Win64; x64) AppleWebKit/537.36 (KHTML, like Gecko) Chrome/89.0.4389.114 Safari/537.36"
45.94.31.111 - - [08/Jun/2025:21:30:31 -0400] "POST //xmlrpc.php HTTP/1.1" 200 205 "-" "Mozilla/5.0 (Windows NT 10.0; Win64; x64) AppleWebKit/537.36 (KHTML, like Gecko) Chrome/89.0.4389.114 Safari/537.36"
45.94.31.111 - - [08/Jun/2025:21:31:00 -0400] "POST //xmlrpc.php HTTP/1.1" 200 205 "-" "Mozilla/5.0 (Windows NT 10.0; Win64; x64) AppleWebKit/537.36 (KHTML, like Gecko) Chrome/89.0.4389.114 Safari/537.36"
162.0.232.193 - - [08/Jun/2025:21:32:01 -0400] "POST /wp-cron.php?doing_wp_cron=1749432720.8382999897003173828125 HTTP/1.1" 200 0 "-" "WordPress/6.8.1; https://reversevillain.com"
45.94.31.111 - - [08/Jun/2025:21:31:30 -0400] "POST //xmlrpc.php HTTP/1.1" 200 205 "-" "Mozilla/5.0 (Windows NT 10.0; Win64; x64) AppleWebKit/537.36 (KHTML, like Gecko) Chrome/89.0.4389.114 Safari/537.36"
162.0.232.193 - - [08/Jun/2025:21:32:01 -0400] "POST /wp-admin/admin-ajax.php?action=async_litespeed&nonce=8JdDxqo07jiZV32wdwDSxOr4P1YfEtkm&litespeed_type=imgoptm HTTP/1.1" 200 5 "-" "WordPress/6.8.1; https://reversevillain.com"
45.94.31.111 - - [08/Jun/2025:21:32:01 -0400] "POST //xmlrpc.php HTTP/1.1" 200 205 "-" "Mozilla/5.0 (Windows NT 10.0; Win64; x64) AppleWebKit/537.36 (KHTML, like Gecko) Chrome/89.0.4389.114 Safari/537.36"
45.94.31.111 - - [08/Jun/2025:21:32:30 -0400] "POST //xmlrpc.php HTTP/1.1" 200 205 "-" "Mozilla/5.0 (Windows NT 10.0; Win64; x64) AppleWebKit/537.36 (KHTML, like Gecko) Chrome/89.0.4389.114 Safari/537.36"
64.227.169.195 - - [08/Jun/2025:21:32:47 -0400] "POST /wp-login.php HTTP/1.1" 200 0 "-" "Mozilla/5.0"
162.0.232.193 - - [08/Jun/2025:21:33:31 -0400] "POST /wp-cron.php?doing_wp_cron=1749432810.8313310146331787109375 HTTP/1.1" 200 0 "-" "WordPress/6.8.1; https://reversevillain.com"
45.94.31.111 - - [08/Jun/2025:21:33:00 -0400] "POST //xmlrpc.php HTTP/1.1" 200 205 "-" "Mozilla/5.0 (Windows NT 10.0; Win64; x64) AppleWebKit/537.36 (KHTML, like Gecko) Chrome/89.0.4389.114 Safari/537.36"
45.94.31.111 - - [08/Jun/2025:21:33:31 -0400] "POST //xmlrpc.php HTTP/1.1" 200 205 "-" "Mozilla/5.0 (Windows NT 10.0; Win64; x64) AppleWebKit/537.36 (KHTML, like Gecko) Chrome/89.0.4389.114 Safari/537.36"
87.250.224.239 - - [08/Jun/2025:21:34:07 -0400] "GET /reverse-villain/chapter-22/ HTTP/1.1" 301 0 "-" "Mozilla/5.0 (compatible; YandexBot/3.0; +http://yandex.com/bots)"
213.180.203.70 - - [08/Jun/2025:21:34:08 -0400] "GET / HTTP/1.1" 200 9390 "-" "Mozilla/5.0 (compatible; YandexBot/3.0; +http://yandex.com/bots)"
68.169.43.28 - - [08/Jun/2025:21:34:28 -0400] "GET /2.php HTTP/1.1" 301 0 "-" "Mozilla/5.0 (Windows NT 10.0; Win64; x64; rv:139.0) Gecko/20100101 Firefox/139.0"
68.169.43.28 - - [08/Jun/2025:21:34:30 -0400] "GET / HTTP/1.1" 200 9390 "-" "Mozilla/5.0 (Windows NT 10.0; Win64; x64; rv:139.0) Gecko/20100101 Firefox/139.0"
45.94.31.111 - - [08/Jun/2025:21:34:00 -0400] "POST //xmlrpc.php HTTP/1.1" 200 205 "-" "Mozilla/5.0 (Windows NT 10.0; Win64; x64) AppleWebKit/537.36 (KHTML, like Gecko) Chrome/89.0.4389.114 Safari/537.36"
68.169.43.28 - - [08/Jun/2025:21:34:30 -0400] "GET / HTTP/1.1" 200 9390 "-" "Mozilla/5.0 (Windows NT 10.0; Win64; x64; rv:139.0) Gecko/20100101 Firefox/139.0"
68.169.43.28 - - [08/Jun/2025:21:34:32 -0400] "GET /wp-content/plugins/simple-social-buttons/assets/css/front.css?ver=5.3.1 HTTP/1.1" 200 10295 "https://reversevillain.com/" "Mozilla/5.0 (Windows NT 10.0; Win64; x64; rv:139.0) Gecko/20100101 Firefox/139.0"
68.169.43.28 - - [08/Jun/2025:21:34:32 -0400] "GET /wp-content/plugins/simple-social-buttons/assets/js/frontend-blocks.js?ver=5.3.1 HTTP/1.1" 200 0 "https://reversevillain.com/" "Mozilla/5.0 (Windows NT 10.0; Win64; x64; rv:139.0) Gecko/20100101 Firefox/139.0"
68.169.43.28 - - [08/Jun/2025:21:34:32 -0400] "GET /wp-includes/js/jquery/jquery-migrate.min.js?ver=3.4.1 HTTP/1.1" 200 4678 "https://reversevillain.com/" "Mozilla/5.0 (Windows NT 10.0; Win64; x64; rv:139.0) Gecko/20100101 Firefox/139.0"
68.169.43.28 - - [08/Jun/2025:21:34:32 -0400] "GET /wp-includes/js/jquery/jquery.min.js?ver=3.7.1 HTTP/1.1" 200 29744 "https://reversevillain.com/" "Mozilla/5.0 (Windows NT 10.0; Win64; x64; rv:139.0) Gecko/20100101 Firefox/139.0"
68.169.43.28 - - [08/Jun/2025:21:34:32 -0400] "GET /wp-content/uploads/2024/02/9241cb9aeeaab1cd315f26ebf3104065-522x1024.jpg HTTP/1.1" 200 74937 "https://reversevillain.com/" "Mozilla/5.0 (Windows NT 10.0; Win64; x64; rv:139.0) Gecko/20100101 Firefox/139.0"
68.169.43.28 - - [08/Jun/2025:21:34:32 -0400] "GET /wp-content/plugins/simple-social-buttons/assets/js/front.js?ver=5.3.1 HTTP/1.1" 200 1932 "https://reversevillain.com/" "Mozilla/5.0 (Windows NT 10.0; Win64; x64; rv:139.0) Gecko/20100101 Firefox/139.0"
68.169.43.28 - - [08/Jun/2025:21:34:32 -0400] "GET /wp-content/plugins/comic-easel/js/keynav.js HTTP/1.1" 200 302 "https://reversevillain.com/" "Mozilla/5.0 (Windows NT 10.0; Win64; x64; rv:139.0) Gecko/20100101 Firefox/139.0"
68.169.43.28 - - [08/Jun/2025:21:34:32 -0400] "GET /wp-content/themes/toivo-lite/js/functions.min.js?ver=1.2.0 HTTP/1.1" 200 593 "https://reversevillain.com/" "Mozilla/5.0 (Windows NT 10.0; Win64; x64; rv:139.0) Gecko/20100101 Firefox/139.0"
68.169.43.28 - - [08/Jun/2025:21:34:32 -0400] "GET /wp-content/themes/toivo-lite/js/responsive-nav.min.js?ver=1.2.0 HTTP/1.1" 200 2102 "https://reversevillain.com/" "Mozilla/5.0 (Windows NT 10.0; Win64; x64; rv:139.0) Gecko/20100101 Firefox/139.0"
68.169.43.28 - - [08/Jun/2025:21:34:32 -0400] "GET /wp-content/themes/toivo-lite/js/settings.min.js?ver=1.2.0 HTTP/1.1" 200 307 "https://reversevillain.com/" "Mozilla/5.0 (Windows NT 10.0; Win64; x64; rv:139.0) Gecko/20100101 Firefox/139.0"
162.0.232.193 - - [08/Jun/2025:21:34:46 -0400] "POST /wp-cron.php?doing_wp_cron=1749432885.8380188941955566406250 HTTP/1.1" 200 0 "-" "WordPress/6.8.1; https://reversevillain.com"
45.94.31.111 - - [08/Jun/2025:21:34:30 -0400] "POST //xmlrpc.php HTTP/1.1" 200 205 "-" "Mozilla/5.0 (Windows NT 10.0; Win64; x64) AppleWebKit/537.36 (KHTML, like Gecko) Chrome/89.0.4389.114 Safari/537.36"
162.0.232.193 - - [08/Jun/2025:21:34:46 -0400] "POST /wp-admin/admin-ajax.php?action=async_litespeed&nonce=IxAu7ilt1AtPhlqTbbCJiQJBNmx7DU35&litespeed_type=imgoptm HTTP/1.1" 200 5 "-" "WordPress/6.8.1; https://reversevillain.com"
68.169.43.28 - - [08/Jun/2025:21:34:59 -0400] "GET /wp-content/themes/toivo-lite/fonts/genericons/genericons/Genericons.eot HTTP/1.1" 200 22760 "https://reversevillain.com/wp-content/themes/toivo-lite/fonts/genericons/genericons/genericons.min.css?ver=3.3" "Mozilla/5.0 (Windows NT 10.0; Win64; x64; rv:139.0) Gecko/20100101 Firefox/139.0"
68.169.43.28 - - [08/Jun/2025:21:35:02 -0400] "GET /wp-content/uploads/2024/02/cropped-artworks-GR9wiYSqAwJo0Fa7-x7keIQ-t500x500-32x32.jpg HTTP/1.1" 200 727 "https://reversevillain.com/" "Mozilla/5.0 (Windows NT 10.0; Win64; x64; rv:139.0) Gecko/20100101 Firefox/139.0"
68.169.43.28 - - [08/Jun/2025:21:35:02 -0400] "GET /wp-content/uploads/2024/02/cropped-artworks-GR9wiYSqAwJo0Fa7-x7keIQ-t500x500-192x192.jpg HTTP/1.1" 200 7266 "https://reversevillain.com/" "Mozilla/5.0 (Windows NT 10.0; Win64; x64; rv:139.0) Gecko/20100101 Firefox/139.0"
162.0.232.193 - - [08/Jun/2025:21:35:15 -0400] "POST /wp-cron.php?doing_wp_cron=1749432915.2993791103363037109375 HTTP/1.1" 200 0 "-" "WordPress/6.8.1; https://reversevillain.com"
45.94.31.111 - - [08/Jun/2025:21:34:46 -0400] "POST //xmlrpc.php HTTP/1.1" 200 205 "-" "Mozilla/5.0 (Windows NT 10.0; Win64; x64) AppleWebKit/537.36 (KHTML, like Gecko) Chrome/89.0.4389.114 Safari/537.36"
162.0.232.193 - - [08/Jun/2025:21:35:15 -0400] "POST /wp-admin/admin-ajax.php?action=async_litespeed&nonce=6gxCdF5T2BHyshbVs9G6Qu5l3DEgNYYd&litespeed_type=imgoptm HTTP/1.1" 200 5 "-" "WordPress/6.8.1; https://reversevillain.com"
162.0.232.193 - - [08/Jun/2025:21:35:30 -0400] "POST /wp-cron.php?doing_wp_cron=1749432930.8069028854370117187500 HTTP/1.1" 200 0 "-" "WordPress/6.8.1; https://reversevillain.com"
45.94.31.111 - - [08/Jun/2025:21:35:15 -0400] "POST //xmlrpc.php HTTP/1.1" 200 205 "-" "Mozilla/5.0 (Windows NT 10.0; Win64; x64) AppleWebKit/537.36 (KHTML, like Gecko) Chrome/89.0.4389.114 Safari/537.36"
45.94.31.111 - - [08/Jun/2025:21:35:31 -0400] "POST //xmlrpc.php HTTP/1.1" 200 205 "-" "Mozilla/5.0 (Windows NT 10.0; Win64; x64) AppleWebKit/537.36 (KHTML, like Gecko) Chrome/89.0.4389.114 Safari/537.36"
47.128.121.143 - - [08/Jun/2025:21:36:04 -0400] "GET /onepunch-man-one-chapter-150/ HTTP/1.1" 301 0 "-" "Mozilla/5.0 (Linux; Android 5.0) AppleWebKit/537.36 (KHTML, like Gecko) Mobile Safari/537.36 (compatible; TikTokSpider; [email protected])"
47.128.121.143 - - [08/Jun/2025:21:36:05 -0400] "GET / HTTP/1.1" 200 9390 "-" "Mozilla/5.0 (Linux; Android 5.0) AppleWebKit/537.36 (KHTML, like Gecko) Mobile Safari/537.36 (compatible; TikTokSpider; [email protected])"
45.94.31.111 - - [08/Jun/2025:21:36:00 -0400] "POST //xmlrpc.php HTTP/1.1" 200 205 "-" "Mozilla/5.0 (Windows NT 10.0; Win64; x64) AppleWebKit/537.36 (KHTML, like Gecko) Chrome/89.0.4389.114 Safari/537.36"
162.0.232.193 - - [08/Jun/2025:21:36:46 -0400] "POST /wp-cron.php?doing_wp_cron=1749433005.8794450759887695312500 HTTP/1.1" 200 0 "-" "WordPress/6.8.1; https://reversevillain.com"
45.94.31.111 - - [08/Jun/2025:21:36:15 -0400] "POST //xmlrpc.php HTTP/1.1" 200 205 "-" "Mozilla/5.0 (Windows NT 10.0; Win64; x64) AppleWebKit/537.36 (KHTML, like Gecko) Chrome/89.0.4389.114 Safari/537.36"
162.0.232.193 - - [08/Jun/2025:21:36:46 -0400] "POST /wp-admin/admin-ajax.php?action=async_litespeed&nonce=tsuuMHleZRBL6U33CuUilML2WWGDVJgK&litespeed_type=imgoptm HTTP/1.1" 200 5 "-" "WordPress/6.8.1; https://reversevillain.com"
162.0.232.193 - - [08/Jun/2025:21:36:56 -0400] "POST /wp-cron.php?doing_wp_cron=1749433016.4870030879974365234375 HTTP/1.1" 200 0 "-" "WordPress/6.8.1; https://reversevillain.com"
49.51.73.183 - - [08/Jun/2025:21:36:56 -0400] "GET /wp-json/oembed/1.0/embed?url=https%3A%2F%2Freversevillain.com%2Freverse-villain-chapter-44%2F HTTP/1.1" 200 2375 "-" "Mozilla/5.0 (iPhone; CPU iPhone OS 13_2_3 like Mac OS X) AppleWebKit/605.1.15 (KHTML, like Gecko) Version/13.0.3 Mobile/15E148 Safari/604.1"
162.0.232.193 - - [08/Jun/2025:21:36:56 -0400] "POST /wp-admin/admin-ajax.php?action=async_litespeed&nonce=KK0VCRnrAaHlbESPVfEU4moaO8ogfoRv&litespeed_type=imgoptm HTTP/1.1" 200 5 "-" "WordPress/6.8.1; https://reversevillain.com"
45.94.31.111 - - [08/Jun/2025:21:36:46 -0400] "POST //xmlrpc.php HTTP/1.1" 200 205 "-" "Mozilla/5.0 (Windows NT 10.0; Win64; x64) AppleWebKit/537.36 (KHTML, like Gecko) Chrome/89.0.4389.114 Safari/537.36"
162.0.232.193 - - [08/Jun/2025:21:37:30 -0400] "POST /wp-cron.php?doing_wp_cron=1749433050.4875020980834960937500 HTTP/1.1" 200 0 "-" "WordPress/6.8.1; https://reversevillain.com"
45.94.31.111 - - [08/Jun/2025:21:37:15 -0400] "POST //xmlrpc.php HTTP/1.1" 200 205 "-" "Mozilla/5.0 (Windows NT 10.0; Win64; x64) AppleWebKit/537.36 (KHTML, like Gecko) Chrome/89.0.4389.114 Safari/537.36"
45.94.31.111 - - [08/Jun/2025:21:37:30 -0400] "POST //xmlrpc.php HTTP/1.1" 200 205 "-" "Mozilla/5.0 (Windows NT 10.0; Win64; x64) AppleWebKit/537.36 (KHTML, like Gecko) Chrome/89.0.4389.114 Safari/537.36"
45.94.31.111 - - [08/Jun/2025:21:38:01 -0400] "POST //xmlrpc.php HTTP/1.1" 200 205 "-" "Mozilla/5.0 (Windows NT 10.0; Win64; x64) AppleWebKit/537.36 (KHTML, like Gecko) Chrome/89.0.4389.114 Safari/537.36"
162.0.232.193 - - [08/Jun/2025:21:38:45 -0400] "POST /wp-cron.php?doing_wp_cron=1749433125.3824961185455322265625 HTTP/1.1" 200 0 "-" "WordPress/6.8.1; https://reversevillain.com"
45.94.31.111 - - [08/Jun/2025:21:38:30 -0400] "POST //xmlrpc.php HTTP/1.1" 200 205 "-" "Mozilla/5.0 (Windows NT 10.0; Win64; x64) AppleWebKit/537.36 (KHTML, like Gecko) Chrome/89.0.4389.114 Safari/537.36"
162.0.232.193 - - [08/Jun/2025:21:38:45 -0400] "POST /wp-admin/admin-ajax.php?action=async_litespeed&nonce=5GC3sW7UF58no5TlGOu4fOKTP995mbIF&litespeed_type=imgoptm HTTP/1.1" 200 5 "-" "WordPress/6.8.1; https://reversevillain.com"
162.0.232.193 - - [08/Jun/2025:21:39:01 -0400] "POST /wp-cron.php?doing_wp_cron=1749433140.8498570919036865234375 HTTP/1.1" 200 0 "-" "WordPress/6.8.1; https://reversevillain.com"
45.94.31.111 - - [08/Jun/2025:21:38:45 -0400] "POST //xmlrpc.php HTTP/1.1" 200 205 "-" "Mozilla/5.0 (Windows NT 10.0; Win64; x64) AppleWebKit/537.36 (KHTML, like Gecko) Chrome/89.0.4389.114 Safari/537.36"
162.0.232.193 - - [08/Jun/2025:21:39:01 -0400] "POST /wp-admin/admin-ajax.php?action=async_litespeed&nonce=LwPHH8cKbzk3j9Pq3Boru9YIZGRtZ27k&litespeed_type=imgoptm HTTP/1.1" 200 5 "-" "WordPress/6.8.1; https://reversevillain.com"
162.0.232.193 - - [08/Jun/2025:21:39:30 -0400] "POST /wp-cron.php?doing_wp_cron=1749433170.3119120597839355468750 HTTP/1.1" 200 0 "-" "WordPress/6.8.1; https://reversevillain.com"
45.94.31.111 - - [08/Jun/2025:21:39:01 -0400] "POST //xmlrpc.php HTTP/1.1" 200 205 "-" "Mozilla/5.0 (Windows NT 10.0; Win64; x64) AppleWebKit/537.36 (KHTML, like Gecko) Chrome/89.0.4389.114 Safari/537.36"
45.94.31.111 - - [08/Jun/2025:21:39:30 -0400] "POST //xmlrpc.php HTTP/1.1" 200 205 "-" "Mozilla/5.0 (Windows NT 10.0; Win64; x64) AppleWebKit/537.36 (KHTML, like Gecko) Chrome/89.0.4389.114 Safari/537.36"
45.94.31.111 - - [08/Jun/2025:21:39:45 -0400] "POST //xmlrpc.php HTTP/1.1" 200 205 "-" "Mozilla/5.0 (Windows NT 10.0; Win64; x64) AppleWebKit/537.36 (KHTML, like Gecko) Chrome/89.0.4389.114 Safari/537.36"
162.0.232.193 - - [08/Jun/2025:21:45:33 -0400] "POST /wp-cron.php?doing_wp_cron=1749433533.6505930423736572265625 HTTP/1.1" 200 0 "-" "WordPress/6.8.1; https://reversevillain.com"
43.128.149.102 - - [08/Jun/2025:21:45:31 -0400] "GET /wp-json/oembed/1.0/embed?url=https%3A%2F%2Freversevillain.com%2Freverse-villain-chapter-44%2F&format=xml HTTP/1.1" 200 1118 "-" "Mozilla/5.0 (iPhone; CPU iPhone OS 13_2_3 like Mac OS X) AppleWebKit/605.1.15 (KHTML, like Gecko) Version/13.0.3 Mobile/15E148 Safari/604.1"
162.0.232.193 - - [08/Jun/2025:21:45:34 -0400] "POST /wp-admin/admin-ajax.php?action=async_litespeed&nonce=CCPd5baeEqbjzaFctJLBrwAPFZbN8flO&litespeed_type=imgoptm HTTP/1.1" 200 5 "-" "WordPress/6.8.1; https://reversevillain.com"
40.77.167.51 - - [08/Jun/2025:21:45:50 -0400] "GET /akai-ringo-chapter-46/ HTTP/1.1" 301 0 "-" "Mozilla/5.0 AppleWebKit/537.36 (KHTML, like Gecko; compatible; bingbot/2.0; +http://www.bing.com/bingbot.htm) Chrome/116.0.1938.76 Safari/537.36"
47.128.16.172 - - [08/Jun/2025:21:46:09 -0400] "GET /sekai-no-owari-no-encore-chapter-73/ HTTP/1.1" 301 0 "-" "Mozilla/5.0 (Linux; Android 5.0) AppleWebKit/537.36 (KHTML, like Gecko) Mobile Safari/537.36 (compatible; TikTokSpider; [email protected])"
47.128.16.172 - - [08/Jun/2025:21:46:09 -0400] "GET / HTTP/1.1" 200 9390 "-" "Mozilla/5.0 (Linux; Android 5.0) AppleWebKit/537.36 (KHTML, like Gecko) Mobile Safari/537.36 (compatible; TikTokSpider; [email protected])"
162.0.232.193 - - [08/Jun/2025:21:47:28 -0400] "POST /wp-cron.php?doing_wp_cron=1749433648.7992179393768310546875 HTTP/1.1" 200 0 "-" "WordPress/6.8.1; https://reversevillain.com"
40.77.167.51 - - [08/Jun/2025:21:47:28 -0400] "GET /?s=2026 HTTP/1.1" 200 7687 "-" "Mozilla/5.0 AppleWebKit/537.36 (KHTML, like Gecko; compatible; bingbot/2.0; +http://www.bing.com/bingbot.htm) Chrome/116.0.1938.76 Safari/537.36"
162.0.232.193 - - [08/Jun/2025:21:47:29 -0400] "POST /wp-admin/admin-ajax.php?action=async_litespeed&nonce=GrUtxJCFToXh3dDBBu1ilLpxSg5JtjKT&litespeed_type=imgoptm HTTP/1.1" 200 5 "-" "WordPress/6.8.1; https://reversevillain.com"
162.0.232.193 - - [08/Jun/2025:21:50:39 -0400] "POST /wp-cron.php?doing_wp_cron=1749433839.4833030700683593750000 HTTP/1.1" 200 0 "-" "WordPress/6.8.1; https://reversevillain.com"
47.128.121.163 - - [08/Jun/2025:21:50:37 -0400] "GET /shin-tokyo-chapter-61/ HTTP/1.1" 301 0 "-" "Mozilla/5.0 (Linux; Android 5.0) AppleWebKit/537.36 (KHTML, like Gecko) Mobile Safari/537.36 (compatible; TikTokSpider; [email protected])"
162.0.232.193 - - [08/Jun/2025:21:50:40 -0400] "POST /wp-admin/admin-ajax.php?action=async_litespeed&nonce=iDfTYphtnhu4cIDr3OtoY1Btl1iiHZgT&litespeed_type=imgoptm HTTP/1.1" 200 5 "-" "WordPress/6.8.1; https://reversevillain.com"
47.128.121.163 - - [08/Jun/2025:21:50:40 -0400] "GET / HTTP/1.1" 200 9390 "-" "Mozilla/5.0 (Linux; Android 5.0) AppleWebKit/537.36 (KHTML, like Gecko) Mobile Safari/537.36 (compatible; TikTokSpider; [email protected])"
162.0.232.193 - - [08/Jun/2025:21:54:52 -0400] "POST /wp-cron.php?doing_wp_cron=1749434092.7620389461517333984375 HTTP/1.1" 200 0 "-" "WordPress/6.8.1; https://reversevillain.com"
43.167.232.38 - - [08/Jun/2025:21:54:51 -0400] "GET /reverse-villain-chapter-31/feed/ HTTP/1.1" 200 1299 "-" "Mozilla/5.0 (iPhone; CPU iPhone OS 13_2_3 like Mac OS X) AppleWebKit/605.1.15 (KHTML, like Gecko) Version/13.0.3 Mobile/15E148 Safari/604.1"
162.0.232.193 - - [08/Jun/2025:21:54:53 -0400] "POST /wp-admin/admin-ajax.php?action=async_litespeed&nonce=ymrOBF6HXkWFa7BCVyr78PDXYsiQwoti&litespeed_type=imgoptm HTTP/1.1" 200 5 "-" "WordPress/6.8.1; https://reversevillain.com"
162.0.232.193 - - [08/Jun/2025:22:01:25 -0400] "POST /wp-cron.php?doing_wp_cron=1749434485.2191970348358154296875 HTTP/1.1" 200 0 "-" "WordPress/6.8.1; https://reversevillain.com"
159.65.232.209 - - [08/Jun/2025:22:01:19 -0400] "POST /wp-login.php HTTP/1.1" 200 2132 "-" "Mozilla/5.0"
142.202.49.117 - - [08/Jun/2025:22:01:36 -0400] "GET / HTTP/1.1" 200 9390 "-" "Mozilla/5.0 (iPhone; CPU iPhone OS 18_5 like Mac OS X) AppleWebKit/605.1.15 (KHTML, like Gecko) Version/18.5 Mobile/15E148 Safari/604.1"
142.202.49.117 - - [08/Jun/2025:22:01:37 -0400] "GET /wp-includes/js/jquery/jquery.min.js?ver=3.7.1 HTTP/1.1" 304 0 "https://reversevillain.com/" "Mozilla/5.0 (iPhone; CPU iPhone OS 18_5 like Mac OS X) AppleWebKit/605.1.15 (KHTML, like Gecko) Version/18.5 Mobile/15E148 Safari/604.1"
142.202.49.117 - - [08/Jun/2025:22:01:37 -0400] "GET /wp-content/plugins/comic-easel/js/keynav.js HTTP/1.1" 304 0 "https://reversevillain.com/" "Mozilla/5.0 (iPhone; CPU iPhone OS 18_5 like Mac OS X) AppleWebKit/605.1.15 (KHTML, like Gecko) Version/18.5 Mobile/15E148 Safari/604.1"
142.202.49.117 - - [08/Jun/2025:22:01:37 -0400] "GET /wp-content/themes/toivo-lite/js/responsive-nav.min.js?ver=1.2.0 HTTP/1.1" 304 0 "https://reversevillain.com/" "Mozilla/5.0 (iPhone; CPU iPhone OS 18_5 like Mac OS X) AppleWebKit/605.1.15 (KHTML, like Gecko) Version/18.5 Mobile/15E148 Safari/604.1"
142.202.49.117 - - [08/Jun/2025:22:01:37 -0400] "GET /wp-content/plugins/simple-social-buttons/assets/js/frontend-blocks.js?ver=5.3.1 HTTP/1.1" 304 0 "https://reversevillain.com/" "Mozilla/5.0 (iPhone; CPU iPhone OS 18_5 like Mac OS X) AppleWebKit/605.1.15 (KHTML, like Gecko) Version/18.5 Mobile/15E148 Safari/604.1"
142.202.49.117 - - [08/Jun/2025:22:01:37 -0400] "GET /wp-content/themes/toivo-lite/js/settings.min.js?ver=1.2.0 HTTP/1.1" 304 0 "https://reversevillain.com/" "Mozilla/5.0 (iPhone; CPU iPhone OS 18_5 like Mac OS X) AppleWebKit/605.1.15 (KHTML, like Gecko) Version/18.5 Mobile/15E148 Safari/604.1"
142.202.49.117 - - [08/Jun/2025:22:01:37 -0400] "GET /wp-content/themes/toivo-lite/js/functions.min.js?ver=1.2.0 HTTP/1.1" 304 0 "https://reversevillain.com/" "Mozilla/5.0 (iPhone; CPU iPhone OS 18_5 like Mac OS X) AppleWebKit/605.1.15 (KHTML, like Gecko) Version/18.5 Mobile/15E148 Safari/604.1"
142.202.49.117 - - [08/Jun/2025:22:01:37 -0400] "GET /wp-includes/js/jquery/jquery-migrate.min.js?ver=3.4.1 HTTP/1.1" 304 0 "https://reversevillain.com/" "Mozilla/5.0 (iPhone; CPU iPhone OS 18_5 like Mac OS X) AppleWebKit/605.1.15 (KHTML, like Gecko) Version/18.5 Mobile/15E148 Safari/604.1"
142.202.49.117 - - [08/Jun/2025:22:01:37 -0400] "GET /wp-content/plugins/simple-social-buttons/assets/js/front.js?ver=5.3.1 HTTP/1.1" 304 0 "https://reversevillain.com/" "Mozilla/5.0 (iPhone; CPU iPhone OS 18_5 like Mac OS X) AppleWebKit/605.1.15 (KHTML, like Gecko) Version/18.5 Mobile/15E148 Safari/604.1"
66.249.66.43 - - [08/Jun/2025:22:07:18 -0400] "GET /robots.txt HTTP/1.1" 304 0 "-" "Mozilla/5.0 (compatible; Googlebot/2.1; +http://www.google.com/bot.html)"
66.249.66.44 - - [08/Jun/2025:22:07:18 -0400] "GET /ads.txt HTTP/1.1" 301 0 "-" "Mozilla/5.0 (compatible; Googlebot/2.1; +http://www.google.com/bot.html)"
66.249.66.14 - - [08/Jun/2025:22:07:19 -0400] "GET / HTTP/1.1" 200 9390 "-" "Mozilla/5.0 (compatible; Googlebot/2.1; +http://www.google.com/bot.html)"
162.0.232.193 - - [08/Jun/2025:22:07:26 -0400] "POST /wp-cron.php?doing_wp_cron=1749434845.9566318988800048828125 HTTP/1.1" 200 0 "-" "WordPress/6.8.1; https://reversevillain.com"
40.77.167.159 - - [08/Jun/2025:22:07:24 -0400] "GET /overgeared-chapter-191/ HTTP/1.1" 301 0 "-" "Mozilla/5.0 AppleWebKit/537.36 (KHTML, like Gecko; compatible; bingbot/2.0; +http://www.bing.com/bingbot.htm) Chrome/116.0.1938.76 Safari/537.36"
162.0.232.193 - - [08/Jun/2025:22:07:26 -0400] "POST /wp-admin/admin-ajax.php?action=async_litespeed&nonce=j13vLZDhoq3C5cuRlV5ARUPETFkfOEqq&litespeed_type=imgoptm HTTP/1.1" 200 5 "-" "WordPress/6.8.1; https://reversevillain.com"
162.0.232.193 - - [08/Jun/2025:22:08:42 -0400] "POST /wp-cron.php?doing_wp_cron=1749434922.6099929809570312500000 HTTP/1.1" 200 0 "-" "WordPress/6.8.1; https://reversevillain.com"
47.128.16.171 - - [08/Jun/2025:22:08:42 -0400] "GET /this-is-the-law-chapter-104/ HTTP/1.1" 301 0 "-" "Mozilla/5.0 (Linux; Android 5.0) AppleWebKit/537.36 (KHTML, like Gecko) Mobile Safari/537.36 (compatible; TikTokSpider; [email protected])"
47.128.16.171 - - [08/Jun/2025:22:08:43 -0400] "GET / HTTP/1.1" 200 9390 "-" "Mozilla/5.0 (Linux; Android 5.0) AppleWebKit/537.36 (KHTML, like Gecko) Mobile Safari/537.36 (compatible; TikTokSpider; [email protected])"
162.0.232.193 - - [08/Jun/2025:22:08:43 -0400] "POST /wp-admin/admin-ajax.php?action=async_litespeed&nonce=ZKQwXfLRQCwtlBSIa473ijp8uqrdX4jx&litespeed_type=imgoptm HTTP/1.1" 200 5 "-" "WordPress/6.8.1; https://reversevillain.com"
4.227.36.109 - - [08/Jun/2025:22:11:57 -0400] "GET /robots.txt HTTP/1.1" 200 113 "http://reversevillain.com/robots.txt" "Mozilla/5.0 AppleWebKit/537.36 (KHTML, like Gecko; compatible; GPTBot/1.2; +https://openai.com/gptbot)"
20.171.207.75 - - [08/Jun/2025:22:12:09 -0400] "GET / HTTP/1.1" 200 9390 "-" "Mozilla/5.0 AppleWebKit/537.36 (KHTML, like Gecko; compatible; GPTBot/1.2; +https://openai.com/gptbot)"
162.0.232.193 - - [08/Jun/2025:22:12:20 -0400] "POST /wp-cron.php?doing_wp_cron=1749435140.1615290641784667968750 HTTP/1.1" 200 0 "-" "WordPress/6.8.1; https://reversevillain.com"
20.171.207.75 - - [08/Jun/2025:22:12:18 -0400] "GET /?s=%7Bsearch_term_string%7D HTTP/1.1" 200 7702 "-" "Mozilla/5.0 AppleWebKit/537.36 (KHTML, like Gecko; compatible; GPTBot/1.2; +https://openai.com/gptbot)"
162.0.232.193 - - [08/Jun/2025:22:12:20 -0400] "POST /wp-admin/admin-ajax.php?action=async_litespeed&nonce=ya0PM869bOu4HeFy7lzhkQ2n9HnxexeF&litespeed_type=imgoptm HTTP/1.1" 200 5 "-" "WordPress/6.8.1; https://reversevillain.com"
52.167.144.138 - - [08/Jun/2025:22:12:43 -0400] "GET /the-healing-priest-of-the-sun-chapter-64/ HTTP/1.1" 301 0 "-" "Mozilla/5.0 AppleWebKit/537.36 (KHTML, like Gecko; compatible; bingbot/2.0; +http://www.bing.com/bingbot.htm) Chrome/116.0.1938.76 Safari/537.36"
20.171.207.75 - - [08/Jun/2025:22:13:17 -0400] "GET /sitemap_index.xml HTTP/1.1" 200 343 "-" "Mozilla/5.0 AppleWebKit/537.36 (KHTML, like Gecko; compatible; GPTBot/1.2; +https://openai.com/gptbot)"
162.0.232.193 - - [08/Jun/2025:22:16:58 -0400] "POST /wp-cron.php?doing_wp_cron=1749435418.0741529464721679687500 HTTP/1.1" 200 0 "-" "WordPress/6.8.1; https://reversevillain.com"
40.77.167.42 - - [08/Jun/2025:22:16:56 -0400] "GET /the-espers-game-chapter-81/ HTTP/1.1" 301 0 "-" "Mozilla/5.0 AppleWebKit/537.36 (KHTML, like Gecko; compatible; bingbot/2.0; +http://www.bing.com/bingbot.htm) Chrome/116.0.1938.76 Safari/537.36"
47.128.113.105 - - [08/Jun/2025:22:20:51 -0400] "GET / HTTP/1.1" 200 9390 "-" "Mozilla/5.0 (Linux; Android 5.0) AppleWebKit/537.36 (KHTML, like Gecko) Mobile Safari/537.36 (compatible; Bytespider; [email protected])"
45.132.225.245 - - [08/Jun/2025:22:27:26 -0400] "GET / HTTP/1.1" 200 9390 "-" "Mozilla/5.0 (X11; Linux x86_64) AppleWebKit/537.36 (KHTML, like Gecko) Chrome/120.0.0.0 Safari/537.36"
162.0.232.193 - - [08/Jun/2025:22:27:31 -0400] "POST /wp-cron.php?doing_wp_cron=1749436051.1375050544738769531250 HTTP/1.1" 200 0 "-" "WordPress/6.8.1; https://reversevillain.com"
47.128.122.122 - - [08/Jun/2025:22:27:29 -0400] "GET /zero-game-chapter-232/ HTTP/1.1" 301 0 "-" "Mozilla/5.0 (Linux; Android 5.0) AppleWebKit/537.36 (KHTML, like Gecko) Mobile Safari/537.36 (compatible; TikTokSpider; [email protected])"
47.128.122.122 - - [08/Jun/2025:22:27:31 -0400] "GET / HTTP/1.1" 200 9390 "-" "Mozilla/5.0 (Linux; Android 5.0) AppleWebKit/537.36 (KHTML, like Gecko) Mobile Safari/537.36 (compatible; TikTokSpider; [email protected])"
162.0.232.193 - - [08/Jun/2025:22:27:31 -0400] "POST /wp-admin/admin-ajax.php?action=async_litespeed&nonce=EokCXU1jebMDHTd1yfYqpDakKk8WTCy9&litespeed_type=imgoptm HTTP/1.1" 200 5 "-" "WordPress/6.8.1; https://reversevillain.com"
2804:7af8:294:1400:831:dcae:4897:f670 - - [08/Jun/2025:22:28:33 -0400] "GET /wp-content/uploads/2024/02/cropped-artworks-GR9wiYSqAwJo0Fa7-x7keIQ-t500x500-32x32.jpg HTTP/1.1" 200 727 "-" "Mozilla/5.0 (Windows NT 10.0; Win64; x64) AppleWebKit/537.36 (KHTML, like Gecko) Chrome/137.0.0.0 Safari/537.36 Edg/137.0.0.0"
152.228.220.143 - - [08/Jun/2025:22:31:57 -0400] "GET /comments/feed/ HTTP/1.1" 200 1384 "-" "Mozilla/5.0 (X11; Linux i686) AppleWebKit/537.36 (KHTML, like Gecko) Chrome/30.0.1599.66 Safari/537.36"
216.73.216.92 - - [08/Jun/2025:22:32:09 -0400] "GET /robots.txt HTTP/1.1" 304 0 "-" "Mozilla/5.0 AppleWebKit/537.36 (KHTML, like Gecko; compatible; ClaudeBot/1.0; [email protected])"
162.0.232.193 - - [08/Jun/2025:22:32:11 -0400] "POST /wp-cron.php?doing_wp_cron=1749436331.1632430553436279296875 HTTP/1.1" 200 0 "-" "WordPress/6.8.1; https://reversevillain.com"
216.73.216.92 - - [08/Jun/2025:22:32:09 -0400] "GET /manga/sekai-saikyou-no-shinjuu-tsukai-chapter-17-2 HTTP/1.1" 301 0 "-" "Mozilla/5.0 AppleWebKit/537.36 (KHTML, like Gecko; compatible; ClaudeBot/1.0; [email protected])"
216.73.216.92 - - [08/Jun/2025:22:32:11 -0400] "GET /manga/sekai-saikyou-no-shinjuu-tsukai-chapter-17-2/ HTTP/1.1" 200 9913 "https://reversevillain.com/manga/sekai-saikyou-no-shinjuu-tsukai-chapter-17-2" "Mozilla/5.0 AppleWebKit/537.36 (KHTML, like Gecko; compatible; ClaudeBot/1.0; [email protected])"
162.0.232.193 - - [08/Jun/2025:22:32:11 -0400] "POST /wp-admin/admin-ajax.php?action=async_litespeed&nonce=BZ0eAhTJiK5XhB6efxlbZhKdbNp0Lbmb&litespeed_type=imgoptm HTTP/1.1" 200 5 "-" "WordPress/6.8.1; https://reversevillain.com"
162.0.232.193 - - [08/Jun/2025:22:33:36 -0400] "POST /wp-cron.php?doing_wp_cron=1749436416.3180689811706542968750 HTTP/1.1" 200 0 "-" "WordPress/6.8.1; https://reversevillain.com"
52.167.144.189 - - [08/Jun/2025:22:33:36 -0400] "GET /kono-kaisha-ni-suki-na-hito-ga-imasu-chapter-75/ HTTP/1.1" 301 0 "-" "Mozilla/5.0 AppleWebKit/537.36 (KHTML, like Gecko; compatible; bingbot/2.0; +http://www.bing.com/bingbot.htm) Chrome/116.0.1938.76 Safari/537.36"
162.0.232.193 - - [08/Jun/2025:22:33:36 -0400] "POST /wp-admin/admin-ajax.php?action=async_litespeed&nonce=ytaJatNpI8uZ1IC8NDKMRdyBOYD4uAZ2&litespeed_type=imgoptm HTTP/1.1" 200 5 "-" "WordPress/6.8.1; https://reversevillain.com"
162.0.232.193 - - [08/Jun/2025:22:35:56 -0400] "POST /wp-cron.php?doing_wp_cron=1749436556.0176370143890380859375 HTTP/1.1" 200 0 "-" "WordPress/6.8.1; https://reversevillain.com"
40.77.167.247 - - [08/Jun/2025:22:35:54 -0400] "GET /messiah-code-edge-chapter-6/ HTTP/1.1" 301 0 "-" "Mozilla/5.0 AppleWebKit/537.36 (KHTML, like Gecko; compatible; bingbot/2.0; +http://www.bing.com/bingbot.htm) Chrome/116.0.1938.76 Safari/537.36"
162.0.232.193 - - [08/Jun/2025:22:35:56 -0400] "POST /wp-admin/admin-ajax.php?action=async_litespeed&nonce=aJ7I149p55mNJHge7UFFg0vw5SQFcNlp&litespeed_type=imgoptm HTTP/1.1" 200 5 "-" "WordPress/6.8.1; https://reversevillain.com"
144.76.23.112 - - [08/Jun/2025:22:37:45 -0400] "GET /robots.txt HTTP/1.1" 304 0 "http://reversevillain.com/robots.txt" "Mozilla/5.0 (Windows NT 10.0; Win64; x64; trendictionbot0.5.0; trendiction search; http://www.trendiction.de/bot; please let us know of any problems; web at trendiction.com) Gecko/20100101 Firefox/125.0"
144.76.23.112 - - [08/Jun/2025:22:37:48 -0400] "GET /comments/feed/ HTTP/1.1" 304 0 "http://reversevillain.com/comments/feed/" "Mozilla/5.0 (Windows NT 10.0; Win64; x64; trendictionbot0.5.0; trendiction search; http://www.trendiction.de/bot; please let us know of any problems; web at trendiction.com) Gecko/20100101 Firefox/125.0"
198.98.61.147 - - [08/Jun/2025:22:41:40 -0400] "GET /wp-login.php HTTP/1.1" 200 2047 "-" "Mozilla/5.0 (Macintosh; Intel Mac OS X 10_9_4) AppleWebKit/537.36 (KHTML, like Gecko) Chrome/35.0.1916.153 Safari/537.36"
162.0.232.193 - - [08/Jun/2025:22:41:42 -0400] "POST /wp-cron.php?doing_wp_cron=1749436902.0150010585784912109375 HTTP/1.1" 200 0 "-" "WordPress/6.8.1; https://reversevillain.com"
198.98.61.147 - - [08/Jun/2025:22:41:40 -0400] "POST /wp-login.php HTTP/1.1" 200 2145 "-" "Mozilla/5.0 (Macintosh; Intel Mac OS X 10_9_4) AppleWebKit/537.36 (KHTML, like Gecko) Chrome/35.0.1916.153 Safari/537.36"
66.249.66.14 - - [08/Jun/2025:22:41:46 -0400] "GET /reverse-villain-chapter-23/ HTTP/1.1" 200 9568 "-" "Mozilla/5.0 (Linux; Android 6.0.1; Nexus 5X Build/MMB29P) AppleWebKit/537.36 (KHTML, like Gecko) Chrome/136.0.7103.113 Mobile Safari/537.36 (compatible; Googlebot/2.1; +http://www.google.com/bot.html)"
52.255.111.122 - - [08/Jun/2025:22:41:51 -0400] "GET /robots.txt HTTP/1.1" 304 0 "-" "Mozilla/5.0 AppleWebKit/537.36 (KHTML, like Gecko); compatible; ChatGPT-User/1.0; +https://openai.com/bot"
52.255.111.122 - - [08/Jun/2025:22:41:51 -0400] "GET / HTTP/1.1" 200 9390 "-" "Mozilla/5.0 AppleWebKit/537.36 (KHTML, like Gecko); compatible; ChatGPT-User/1.0; +https://openai.com/bot"
162.0.232.193 - - [08/Jun/2025:22:43:09 -0400] "POST /wp-cron.php?doing_wp_cron=1749436989.2728900909423828125000 HTTP/1.1" 200 0 "-" "WordPress/6.8.1; https://reversevillain.com"
17.241.75.81 - - [08/Jun/2025:22:43:09 -0400] "GET /manga/the-reincarnation-magician-of-the-inferior-eyes-chapter-114/ HTTP/1.1" 200 10286 "-" "Mozilla/5.0 (Macintosh; Intel Mac OS X 10_15_7) AppleWebKit/605.1.15 (KHTML, like Gecko) Version/17.4 Safari/605.1.15 (Applebot/0.1; +http://www.apple.com/go/applebot)"
162.0.232.193 - - [08/Jun/2025:22:43:09 -0400] "POST /wp-admin/admin-ajax.php?action=async_litespeed&nonce=D07zNq421rn565ikO6KwhXrsxEDb4wDP&litespeed_type=imgoptm HTTP/1.1" 200 5 "-" "WordPress/6.8.1; https://reversevillain.com"
17.246.15.119 - - [08/Jun/2025:22:44:10 -0400] "GET /wp-content/plugins/simple-social-buttons/assets/js/frontend-blocks.js?ver=5.3.1 HTTP/1.1" 304 0 "https://reversevillain.com/manga/the-reincarnation-magician-of-the-inferior-eyes-chapter-114/" "Mozilla/5.0 (Macintosh; Intel Mac OS X 10_15_7) AppleWebKit/605.1.15 (KHTML, like Gecko) Version/17.4 Safari/605.1.15 (Applebot/0.1; +http://www.apple.com/go/applebot)"
17.246.23.73 - - [08/Jun/2025:22:44:11 -0400] "GET /wp-includes/js/jquery/jquery.min.js?ver=3.7.1 HTTP/1.1" 304 0 "https://reversevillain.com/manga/the-reincarnation-magician-of-the-inferior-eyes-chapter-114/" "Mozilla/5.0 (Macintosh; Intel Mac OS X 10_15_7) AppleWebKit/605.1.15 (KHTML, like Gecko) Version/17.4 Safari/605.1.15 (Applebot/0.1; +http://www.apple.com/go/applebot)"
17.246.15.13 - - [08/Jun/2025:22:44:11 -0400] "GET /wp-content/plugins/simple-social-buttons/assets/js/front.js?ver=5.3.1 HTTP/1.1" 304 0 "https://reversevillain.com/manga/the-reincarnation-magician-of-the-inferior-eyes-chapter-114/" "Mozilla/5.0 (Macintosh; Intel Mac OS X 10_15_7) AppleWebKit/605.1.15 (KHTML, like Gecko) Version/17.4 Safari/605.1.15 (Applebot/0.1; +http://www.apple.com/go/applebot)"
17.246.19.236 - - [08/Jun/2025:22:44:11 -0400] "GET /wp-includes/js/jquery/jquery-migrate.min.js?ver=3.4.1 HTTP/1.1" 304 0 "https://reversevillain.com/manga/the-reincarnation-magician-of-the-inferior-eyes-chapter-114/" "Mozilla/5.0 (Macintosh; Intel Mac OS X 10_15_7) AppleWebKit/605.1.15 (KHTML, like Gecko) Version/17.4 Safari/605.1.15 (Applebot/0.1; +http://www.apple.com/go/applebot)"
17.246.15.194 - - [08/Jun/2025:22:44:11 -0400] "GET /wp-content/plugins/disqus-comment-system/public/js/comment_embed.js?ver=3.1.2 HTTP/1.1" 304 0 "https://reversevillain.com/manga/the-reincarnation-magician-of-the-inferior-eyes-chapter-114/" "Mozilla/5.0 (Macintosh; Intel Mac OS X 10_15_7) AppleWebKit/605.1.15 (KHTML, like Gecko) Version/17.4 Safari/605.1.15 (Applebot/0.1; +http://www.apple.com/go/applebot)"
17.246.23.198 - - [08/Jun/2025:22:44:12 -0400] "GET /wp-content/plugins/wp-automatic/js/main-front.js?ver=6.8.1 HTTP/1.1" 304 0 "https://reversevillain.com/manga/the-reincarnation-magician-of-the-inferior-eyes-chapter-114/" "Mozilla/5.0 (Macintosh; Intel Mac OS X 10_15_7) AppleWebKit/605.1.15 (KHTML, like Gecko) Version/17.4 Safari/605.1.15 (Applebot/0.1; +http://www.apple.com/go/applebot)"
17.246.23.198 - - [08/Jun/2025:22:44:12 -0400] "GET /wp-content/themes/toivo-lite/js/functions.min.js?ver=1.2.0 HTTP/1.1" 304 0 "https://reversevillain.com/manga/the-reincarnation-magician-of-the-inferior-eyes-chapter-114/" "Mozilla/5.0 (Macintosh; Intel Mac OS X 10_15_7) AppleWebKit/605.1.15 (KHTML, like Gecko) Version/17.4 Safari/605.1.15 (Applebot/0.1; +http://www.apple.com/go/applebot)"
17.246.19.225 - - [08/Jun/2025:22:44:12 -0400] "GET /wp-content/plugins/comic-easel/js/keynav.js HTTP/1.1" 304 0 "https://reversevillain.com/manga/the-reincarnation-magician-of-the-inferior-eyes-chapter-114/" "Mozilla/5.0 (Macintosh; Intel Mac OS X 10_15_7) AppleWebKit/605.1.15 (KHTML, like Gecko) Version/17.4 Safari/605.1.15 (Applebot/0.1; +http://www.apple.com/go/applebot)"
17.246.23.249 - - [08/Jun/2025:22:44:13 -0400] "GET /wp-content/plugins/disqus-comment-system/public/js/comment_count.js?ver=3.1.2 HTTP/1.1" 304 0 "https://reversevillain.com/manga/the-reincarnation-magician-of-the-inferior-eyes-chapter-114/" "Mozilla/5.0 (Macintosh; Intel Mac OS X 10_15_7) AppleWebKit/605.1.15 (KHTML, like Gecko) Version/17.4 Safari/605.1.15 (Applebot/0.1; +http://www.apple.com/go/applebot)"
17.246.19.105 - - [08/Jun/2025:22:44:13 -0400] "GET /wp-includes/js/comment-reply.min.js?ver=6.8.1 HTTP/1.1" 304 0 "https://reversevillain.com/manga/the-reincarnation-magician-of-the-inferior-eyes-chapter-114/" "Mozilla/5.0 (Macintosh; Intel Mac OS X 10_15_7) AppleWebKit/605.1.15 (KHTML, like Gecko) Version/17.4 Safari/605.1.15 (Applebot/0.1; +http://www.apple.com/go/applebot)"
17.246.19.82 - - [08/Jun/2025:22:44:13 -0400] "GET /wp-content/themes/toivo-lite/js/responsive-nav.min.js?ver=1.2.0 HTTP/1.1" 304 0 "https://reversevillain.com/manga/the-reincarnation-magician-of-the-inferior-eyes-chapter-114/" "Mozilla/5.0 (Macintosh; Intel Mac OS X 10_15_7) AppleWebKit/605.1.15 (KHTML, like Gecko) Version/17.4 Safari/605.1.15 (Applebot/0.1; +http://www.apple.com/go/applebot)"
17.246.15.230 - - [08/Jun/2025:22:44:14 -0400] "GET /wp-content/themes/toivo-lite/js/settings.min.js?ver=1.2.0 HTTP/1.1" 304 0 "https://reversevillain.com/manga/the-reincarnation-magician-of-the-inferior-eyes-chapter-114/" "Mozilla/5.0 (Macintosh; Intel Mac OS X 10_15_7) AppleWebKit/605.1.15 (KHTML, like Gecko) Version/17.4 Safari/605.1.15 (Applebot/0.1; +http://www.apple.com/go/applebot)"
162.0.232.193 - - [08/Jun/2025:22:46:31 -0400] "POST /wp-cron.php?doing_wp_cron=1749437191.3486080169677734375000 HTTP/1.1" 200 0 "-" "WordPress/6.8.1; https://reversevillain.com"
159.65.232.209 - - [08/Jun/2025:22:46:30 -0400] "POST /wp-login.php HTTP/1.1" 200 2132 "-" "Mozilla/5.0"
162.0.232.193 - - [08/Jun/2025:22:47:46 -0400] "POST /wp-cron.php?doing_wp_cron=1749437266.7610371112823486328125 HTTP/1.1" 200 0 "-" "WordPress/6.8.1; https://reversevillain.com"
40.77.167.159 - - [08/Jun/2025:22:47:46 -0400] "GET /akuyaku-reijou-no-tsuihougo-chapter-27/ HTTP/1.1" 301 0 "-" "Mozilla/5.0 AppleWebKit/537.36 (KHTML, like Gecko; compatible; bingbot/2.0; +http://www.bing.com/bingbot.htm) Chrome/116.0.1938.76 Safari/537.36"
162.0.232.193 - - [08/Jun/2025:22:47:47 -0400] "POST /wp-admin/admin-ajax.php?action=async_litespeed&nonce=P9ncxse7IZRDyoiwGc7tRUwe39e5Uuwp&litespeed_type=imgoptm HTTP/1.1" 200 5 "-" "WordPress/6.8.1; https://reversevillain.com"
162.0.232.193 - - [08/Jun/2025:22:48:17 -0400] "POST /wp-cron.php?doing_wp_cron=1749437297.5196180343627929687500 HTTP/1.1" 200 0 "-" "WordPress/6.8.1; https://reversevillain.com"
47.128.121.91 - - [08/Jun/2025:22:48:17 -0400] "GET /be-bop-high-school-chapter-161/ HTTP/1.1" 301 0 "-" "Mozilla/5.0 (Linux; Android 5.0) AppleWebKit/537.36 (KHTML, like Gecko) Mobile Safari/537.36 (compatible; TikTokSpider; [email protected])"
47.128.121.91 - - [08/Jun/2025:22:48:18 -0400] "GET / HTTP/1.1" 200 9390 "-" "Mozilla/5.0 (Linux; Android 5.0) AppleWebKit/537.36 (KHTML, like Gecko) Mobile Safari/537.36 (compatible; TikTokSpider; [email protected])"
162.0.232.193 - - [08/Jun/2025:22:48:18 -0400] "POST /wp-admin/admin-ajax.php?action=async_litespeed&nonce=8ztbRQxlb5m8Hc9qsbQIMYKHhvOrp4h2&litespeed_type=imgoptm HTTP/1.1" 200 5 "-" "WordPress/6.8.1; https://reversevillain.com"
162.0.232.193 - - [08/Jun/2025:22:53:39 -0400] "POST /wp-cron.php?doing_wp_cron=1749437619.3509778976440429687500 HTTP/1.1" 200 0 "-" "WordPress/6.8.1; https://reversevillain.com"
52.167.144.170 - - [08/Jun/2025:22:53:37 -0400] "GET /seoul-station-druid-chapter-105/ HTTP/1.1" 301 0 "-" "Mozilla/5.0 AppleWebKit/537.36 (KHTML, like Gecko; compatible; bingbot/2.0; +http://www.bing.com/bingbot.htm) Chrome/116.0.1938.76 Safari/537.36"
37.9.170.217 - - [08/Jun/2025:22:53:47 -0400] "GET / HTTP/1.1" 200 9390 "-" "-"
156.59.198.136 - - [08/Jun/2025:22:54:18 -0400] "GET /reverse-villain/page/2/%7B%22data-original-href%22:%22https://blogger.googleusercontent.com/img/b/R29vZ2xl/AVvXsEgJJE2kySdnHu6h271kdKFzqcG_SpD0cod_l7RwELnztNL9fod1ffIQYQAFEJ5tI4ReNGp9iieqUTuwfrqxtk8cenimdJj49gm7QS8qLVT1_EeiLAYJg644zl_0W8pzsxkX98PV-Q4DJp1F3E0-t9bWL6tfXHTRbGbZSlgijV6K7JxWYUewDiW4WfUo/s1600/09.jpg%22,%22style%22:%22%22%7D HTTP/1.1" 301 0 "-" "Mozilla/5.0 (Linux; Android 5.0) AppleWebKit/537.36 (KHTML, like Gecko) Mobile Safari/537.36 (compatible; Bytespider; [email protected])"
2602:ffe4:8:1001::5 - - [08/Jun/2025:22:54:18 -0400] "GET / HTTP/1.1" 200 9390 "https://reversevillain.com/reverse-villain/page/2/%7B%22data-original-href%22:%22https://blogger.googleusercontent.com/img/b/R29vZ2xl/AVvXsEgJJE2kySdnHu6h271kdKFzqcG_SpD0cod_l7RwELnztNL9fod1ffIQYQAFEJ5tI4ReNGp9iieqUTuwfrqxtk8cenimdJj49gm7QS8qLVT1_EeiLAYJg644zl_0W8pzsxkX98PV-Q4DJp1F3E0-t9bWL6tfXHTRbGbZSlgijV6K7JxWYUewDiW4WfUo/s1600/09.jpg%22,%22style%22:%22%22%7D" "Mozilla/5.0 (Linux; Android 5.0) AppleWebKit/537.36 (KHTML, like Gecko) Mobile Safari/537.36 (compatible; Bytespider; [email protected])"
162.0.232.193 - - [08/Jun/2025:22:55:09 -0400] "POST /wp-cron.php?doing_wp_cron=1749437708.8817729949951171875000 HTTP/1.1" 200 0 "-" "WordPress/6.8.1; https://reversevillain.com"
156.59.198.136 - - [08/Jun/2025:22:55:08 -0400] "GET /reverse-villain/page/2/%7B%22data-original-href%22:%22https://blogger.googleusercontent.com/img/b/R29vZ2xl/AVvXsEjXuHPb07aPpJg9lSRdJtRzM0dY0utEs-zmNRp41Ye0pk0XheWjlEhsZMtLCUmvgOuNt_76PswRJXnPtxMsoh9mTaGhHjWG23ai_KL1KsVmKtc0F8l857kfMMAVPWi0DILjJbBf4PvUYlskdCVKAXwzwp45oUDNMj_IH6aEil5JQV9pRDbFFOl_5-3U/s1600/25.jpg%22,%22style%22:%22%22%7D HTTP/1.1" 301 0 "-" "Mozilla/5.0 (Linux; Android 5.0) AppleWebKit/537.36 (KHTML, like Gecko) Mobile Safari/537.36 (compatible; Bytespider; [email protected])"
162.0.232.193 - - [08/Jun/2025:22:55:09 -0400] "POST /wp-admin/admin-ajax.php?action=async_litespeed&nonce=UqR9pFgJS77QOtWFygwGLqz11XYZ7pAX&litespeed_type=imgoptm HTTP/1.1" 200 5 "-" "WordPress/6.8.1; https://reversevillain.com"
156.59.198.135 - - [08/Jun/2025:22:55:10 -0400] "GET / HTTP/1.1" 200 9390 "https://reversevillain.com/reverse-villain/page/2/%7B%22data-original-href%22:%22https://blogger.googleusercontent.com/img/b/R29vZ2xl/AVvXsEjXuHPb07aPpJg9lSRdJtRzM0dY0utEs-zmNRp41Ye0pk0XheWjlEhsZMtLCUmvgOuNt_76PswRJXnPtxMsoh9mTaGhHjWG23ai_KL1KsVmKtc0F8l857kfMMAVPWi0DILjJbBf4PvUYlskdCVKAXwzwp45oUDNMj_IH6aEil5JQV9pRDbFFOl_5-3U/s1600/25.jpg%22,%22style%22:%22%22%7D" "Mozilla/5.0 (Linux; Android 5.0) AppleWebKit/537.36 (KHTML, like Gecko) Mobile Safari/537.36 (compatible; Bytespider; [email protected])"
162.0.232.193 - - [08/Jun/2025:23:02:11 -0400] "POST /wp-cron.php?doing_wp_cron=1749438131.0009529590606689453125 HTTP/1.1" 200 0 "-" "WordPress/6.8.1; https://reversevillain.com"
213.180.203.234 - - [08/Jun/2025:23:02:09 -0400] "GET /my-secretly-hot-husband-chapter-81/ HTTP/1.1" 301 0 "-" "Mozilla/5.0 (compatible; YandexBot/3.0; +http://yandex.com/bots)"
213.180.203.159 - - [08/Jun/2025:23:02:12 -0400] "GET / HTTP/1.1" 200 9390 "-" "Mozilla/5.0 (compatible; YandexBot/3.0; +http://yandex.com/bots)"
162.0.232.193 - - [08/Jun/2025:23:04:35 -0400] "POST /wp-cron.php?doing_wp_cron=1749438275.4051799774169921875000 HTTP/1.1" 200 0 "-" "WordPress/6.8.1; https://reversevillain.com"
213.180.203.237 - - [08/Jun/2025:23:04:34 -0400] "GET /the-white-mage-who-was-banished-from-the-heros-party-chapter-20-1/ HTTP/1.1" 301 0 "-" "Mozilla/5.0 (compatible; YandexBot/3.0; +http://yandex.com/bots)"
162.0.232.193 - - [08/Jun/2025:23:04:36 -0400] "POST /wp-admin/admin-ajax.php?action=async_litespeed&nonce=YGrl3YEwtnzY3p837GvFlQ8IqLNatpLc&litespeed_type=imgoptm HTTP/1.1" 200 5 "-" "WordPress/6.8.1; https://reversevillain.com"
87.250.224.50 - - [08/Jun/2025:23:04:37 -0400] "GET / HTTP/1.1" 200 9390 "-" "Mozilla/5.0 (compatible; YandexBot/3.0; +http://yandex.com/bots)"
2a02:598:96:8a00::1200:12f - - [08/Jun/2025:23:13:42 -0400] "GET /robots.txt HTTP/1.1" 200 113 "-" "Mozilla/5.0 (compatible; SeznamBot/4.0; +https://o-seznam.cz/napoveda/vyhledavani/en/seznambot-crawler/)"
2a02:598:96:8a00::1200:12f - - [08/Jun/2025:23:13:42 -0400] "GET /reverse-villain-chapter-109/ HTTP/1.1" 200 9964 "-" "Mozilla/5.0 (compatible; SeznamBot/4.0; +https://o-seznam.cz/napoveda/vyhledavani/en/seznambot-crawler/)"
2a09:bac2:6c99:e78::171:12b - - [08/Jun/2025:23:14:13 -0400] "GET / HTTP/1.1" 200 9390 "-" "Mozilla/5.0 (iPhone; CPU iPhone OS 18_5 like Mac OS X) AppleWebKit/605.1.15 (KHTML, like Gecko) Version/18.5 Mobile/15E148 Safari/604.1"
2a09:bac2:6c99:e78::171:12b - - [08/Jun/2025:23:14:13 -0400] "GET /wp-content/themes/toivo-lite/fonts/genericons/genericons/Genericons.svg HTTP/1.1" 200 23714 "https://reversevillain.com/" "Mozilla/5.0 (iPhone; CPU iPhone OS 18_5 like Mac OS X) AppleWebKit/605.1.15 (KHTML, like Gecko) Version/18.5 Mobile/15E148 Safari/604.1"
2a09:bac2:6c99:e78::171:12b - - [08/Jun/2025:23:14:14 -0400] "GET /wp-content/uploads/2024/02/cropped-artworks-GR9wiYSqAwJo0Fa7-x7keIQ-t500x500-32x32.jpg HTTP/1.1" 200 727 "https://reversevillain.com/" "Mozilla/5.0 (iPhone; CPU iPhone OS 18_5 like Mac OS X) AppleWebKit/605.1.15 (KHTML, like Gecko) Version/18.5 Mobile/15E148 Safari/604.1"
47.128.33.146 - - [08/Jun/2025:23:14:38 -0400] "GET / HTTP/1.1" 200 9390 "-" "Mozilla/5.0 (Linux; Android 5.0) AppleWebKit/537.36 (KHTML, like Gecko) Mobile Safari/537.36 (compatible; Bytespider; [email protected])"
40.77.167.43 - - [08/Jun/2025:23:14:57 -0400] "GET / HTTP/1.1" 200 9390 "-" "msnbot/2.0b (+http://search.msn.com/msnbot.htm)"
52.167.144.190 - - [08/Jun/2025:23:15:41 -0400] "GET /wp-includes/js/wp-emoji-release.min.js?ver=6.8.1 HTTP/1.1" 304 0 "-" "msnbot/2.0b (+http://search.msn.com/msnbot.htm)"
162.0.232.193 - - [08/Jun/2025:23:15:57 -0400] "POST /wp-cron.php?doing_wp_cron=1749438956.8470010757446289062500 HTTP/1.1" 200 0 "-" "WordPress/6.8.1; https://reversevillain.com"
47.128.111.119 - - [08/Jun/2025:23:15:55 -0400] "GET /isekai-nihon-chapter-7/ HTTP/1.1" 301 0 "-" "Mozilla/5.0 (Linux; Android 5.0) AppleWebKit/537.36 (KHTML, like Gecko) Mobile Safari/537.36 (compatible; TikTokSpider; [email protected])"
47.128.111.119 - - [08/Jun/2025:23:15:57 -0400] "GET / HTTP/1.1" 200 9390 "-" "Mozilla/5.0 (Linux; Android 5.0) AppleWebKit/537.36 (KHTML, like Gecko) Mobile Safari/537.36 (compatible; TikTokSpider; [email protected])"
162.0.232.193 - - [08/Jun/2025:23:15:57 -0400] "POST /wp-admin/admin-ajax.php?action=async_litespeed&nonce=5xHm7n0mI5yLoIZDLKKKYK3EFwPOcqay&litespeed_type=imgoptm HTTP/1.1" 200 5 "-" "WordPress/6.8.1; https://reversevillain.com"
47.128.58.94 - - [08/Jun/2025:23:17:11 -0400] "GET / HTTP/1.1" 200 9390 "-" "Mozilla/5.0 (Linux; Android 5.0) AppleWebKit/537.36 (KHTML, like Gecko) Mobile Safari/537.36 (compatible; Bytespider; [email protected])"
162.0.232.193 - - [08/Jun/2025:23:18:37 -0400] "POST /wp-cron.php?doing_wp_cron=1749439116.9797589778900146484375 HTTP/1.1" 200 0 "-" "WordPress/6.8.1; https://reversevillain.com"
47.128.32.11 - - [08/Jun/2025:23:18:35 -0400] "GET /bitten-contract-chapter-66/ HTTP/1.1" 301 0 "-" "Mozilla/5.0 (Linux; Android 5.0) AppleWebKit/537.36 (KHTML, like Gecko) Mobile Safari/537.36 (compatible; TikTokSpider; [email protected])"
47.128.32.11 - - [08/Jun/2025:23:18:37 -0400] "GET / HTTP/1.1" 200 9390 "-" "Mozilla/5.0 (Linux; Android 5.0) AppleWebKit/537.36 (KHTML, like Gecko) Mobile Safari/537.36 (compatible; TikTokSpider; [email protected])"
47.128.44.17 - - [08/Jun/2025:23:19:01 -0400] "GET /hanlim-gym-group-2-chapter-26/ HTTP/1.1" 301 0 "-" "Mozilla/5.0 (Linux; Android 5.0) AppleWebKit/537.36 (KHTML, like Gecko) Mobile Safari/537.36 (compatible; Bytespider; [email protected])"
47.128.44.17 - - [08/Jun/2025:23:19:02 -0400] "GET / HTTP/1.1" 200 9390 "-" "Mozilla/5.0 (Linux; Android 5.0) AppleWebKit/537.36 (KHTML, like Gecko) Mobile Safari/537.36 (compatible; Bytespider; [email protected])"
162.0.232.193 - - [08/Jun/2025:23:19:41 -0400] "POST /wp-cron.php?doing_wp_cron=1749439180.8609149456024169921875 HTTP/1.1" 200 0 "-" "WordPress/6.8.1; https://reversevillain.com"
47.128.96.189 - - [08/Jun/2025:23:19:40 -0400] "GET /tower-of-god-group-3-chapter-167/ HTTP/1.1" 301 0 "-" "Mozilla/5.0 (Linux; Android 5.0) AppleWebKit/537.36 (KHTML, like Gecko) Mobile Safari/537.36 (compatible; TikTokSpider; [email protected])"
47.128.96.189 - - [08/Jun/2025:23:19:41 -0400] "GET / HTTP/1.1" 200 9390 "-" "Mozilla/5.0 (Linux; Android 5.0) AppleWebKit/537.36 (KHTML, like Gecko) Mobile Safari/537.36 (compatible; TikTokSpider; [email protected])"
162.0.232.193 - - [08/Jun/2025:23:19:41 -0400] "POST /wp-admin/admin-ajax.php?action=async_litespeed&nonce=J8VyuFNDqHkeKNtci8QHtrqCr5FrNRSL&litespeed_type=imgoptm HTTP/1.1" 200 5 "-" "WordPress/6.8.1; https://reversevillain.com"
162.0.232.193 - - [08/Jun/2025:23:20:43 -0400] "POST /wp-cron.php?doing_wp_cron=1749439242.8164598941802978515625 HTTP/1.1" 200 0 "-" "WordPress/6.8.1; https://reversevillain.com"
47.128.122.129 - - [08/Jun/2025:23:20:42 -0400] "GET /isekai-craft-gurashi-jiyuu-kimama-na-seisanshoku-no-honobono-slow-life-chapter-13/ HTTP/1.1" 301 0 "-" "Mozilla/5.0 (Linux; Android 5.0) AppleWebKit/537.36 (KHTML, like Gecko) Mobile Safari/537.36 (compatible; TikTokSpider; [email protected])"
47.128.122.129 - - [08/Jun/2025:23:20:43 -0400] "GET / HTTP/1.1" 200 9390 "-" "Mozilla/5.0 (Linux; Android 5.0) AppleWebKit/537.36 (KHTML, like Gecko) Mobile Safari/537.36 (compatible; TikTokSpider; [email protected])"
162.0.232.193 - - [08/Jun/2025:23:20:43 -0400] "POST /wp-admin/admin-ajax.php?action=async_litespeed&nonce=CB5AYCGNoDNLmP7KSp3iMLy5jpl5B87N&litespeed_type=imgoptm HTTP/1.1" 200 5 "-" "WordPress/6.8.1; https://reversevillain.com"
40.77.167.158 - - [08/Jun/2025:23:20:50 -0400] "GET /tokidoki-bosotto-russia-go-de-dereru-tonari-no-aalya-san-chapter-24/ HTTP/1.1" 301 0 "-" "Mozilla/5.0 AppleWebKit/537.36 (KHTML, like Gecko; compatible; bingbot/2.0; +http://www.bing.com/bingbot.htm) Chrome/116.0.1938.76 Safari/537.36"
162.0.232.193 - - [08/Jun/2025:23:22:45 -0400] "POST /wp-cron.php?doing_wp_cron=1749439365.4919030666351318359375 HTTP/1.1" 200 0 "-" "WordPress/6.8.1; https://reversevillain.com"
