139.59.58.126 - - [08/Jun/2025:14:44:30 -0400] "POST //xmlrpc.php HTTP/1.1" 200 205 "-" "Mozilla/5.0 (Windows NT 10.0; Win64; x64) AppleWebKit/537.36 (KHTML, like Gecko) Chrome/80.0.3987.149 Safari/537.36"
47.128.121.158 - - [08/Jun/2025:14:44:50 -0400] "GET /solo-spell-caster-chapter-111/ HTTP/1.1" 301 0 "-" "Mozilla/5.0 (Linux; Android 5.0) AppleWebKit/537.36 (KHTML, like Gecko) Mobile Safari/537.36 (compatible; TikTokSpider; [email protected])"
47.128.121.158 - - [08/Jun/2025:14:44:51 -0400] "GET / HTTP/1.1" 200 9390 "-" "Mozilla/5.0 (Linux; Android 5.0) AppleWebKit/537.36 (KHTML, like Gecko) Mobile Safari/537.36 (compatible; TikTokSpider; [email protected])"
162.0.232.193 - - [08/Jun/2025:14:45:16 -0400] "POST /wp-cron.php?doing_wp_cron=1749408315.8216331005096435546875 HTTP/1.1" 200 0 "-" "WordPress/6.8.1; https://reversevillain.com"
139.59.58.126 - - [08/Jun/2025:14:44:46 -0400] "POST //xmlrpc.php HTTP/1.1" 200 205 "-" "Mozilla/5.0 (Windows NT 10.0; Win64; x64) AppleWebKit/537.36 (KHTML, like Gecko) Chrome/80.0.3987.149 Safari/537.36"
162.0.232.193 - - [08/Jun/2025:14:45:16 -0400] "POST /wp-admin/admin-ajax.php?action=async_litespeed&nonce=MzexmSsW7WpkJhon527TulxdKRoPjmTj&litespeed_type=imgoptm HTTP/1.1" 200 5 "-" "WordPress/6.8.1; https://reversevillain.com"
162.0.232.193 - - [08/Jun/2025:14:45:45 -0400] "POST /wp-cron.php?doing_wp_cron=1749408345.6864099502563476562500 HTTP/1.1" 200 0 "-" "WordPress/6.8.1; https://reversevillain.com"
139.59.58.126 - - [08/Jun/2025:14:45:16 -0400] "POST //xmlrpc.php HTTP/1.1" 200 205 "-" "Mozilla/5.0 (Windows NT 10.0; Win64; x64) AppleWebKit/537.36 (KHTML, like Gecko) Chrome/80.0.3987.149 Safari/537.36"
35.236.202.80 - - [08/Jun/2025:14:46:02 -0400] "GET /robots.txt HTTP/1.1" 304 0 "-" "Mozilla/5.0 (compatible; Orbbot/1.1;)"
35.236.202.80 - - [08/Jun/2025:14:46:02 -0400] "GET / HTTP/1.1" 200 9390 "-" "Mozilla/5.0 (compatible; Orbbot/1.1;)"
35.245.44.203 - - [08/Jun/2025:14:46:03 -0400] "GET /reverse-villain-chapter-7/ HTTP/1.1" 200 9576 "-" "Mozilla/5.0 (compatible; Orbbot/1.1;)"
35.245.35.135 - - [08/Jun/2025:14:46:03 -0400] "GET /reverse-villain-chapter-96/ HTTP/1.1" 200 9599 "-" "Mozilla/5.0 (compatible; Orbbot/1.1;)"
35.245.131.164 - - [08/Jun/2025:14:46:03 -0400] "GET /reverse-villain-chapter-3/ HTTP/1.1" 200 9554 "-" "Mozilla/5.0 (compatible; Orbbot/1.1;)"
34.48.114.241 - - [08/Jun/2025:14:46:03 -0400] "GET /reverse-villain-chapter-8/ HTTP/1.1" 200 9556 "-" "Mozilla/5.0 (compatible; Orbbot/1.1;)"
35.245.221.205 - - [08/Jun/2025:14:46:03 -0400] "GET /reverse-villain-chapter-5/ HTTP/1.1" 200 9941 "-" "Mozilla/5.0 (compatible; Orbbot/1.1;)"
35.245.221.205 - - [08/Jun/2025:14:46:03 -0400] "GET /privacy-policy/ HTTP/1.1" 200 12008 "-" "Mozilla/5.0 (compatible; Orbbot/1.1;)"
35.245.37.230 - - [08/Jun/2025:14:46:03 -0400] "GET /reverse-villain-chapter-31/ HTTP/1.1" 200 9563 "-" "Mozilla/5.0 (compatible; Orbbot/1.1;)"
35.245.35.135 - - [08/Jun/2025:14:46:03 -0400] "GET /reverse-villain-chapter-32/ HTTP/1.1" 200 9565 "-" "Mozilla/5.0 (compatible; Orbbot/1.1;)"
35.236.202.80 - - [08/Jun/2025:14:46:03 -0400] "GET /reverse-villain-chapter-9/ HTTP/1.1" 200 9552 "-" "Mozilla/5.0 (compatible; Orbbot/1.1;)"
34.48.114.171 - - [08/Jun/2025:14:46:03 -0400] "GET /reverse-villain-chapter-40/ HTTP/1.1" 200 9572 "-" "Mozilla/5.0 (compatible; Orbbot/1.1;)"
34.21.27.253 - - [08/Jun/2025:14:46:03 -0400] "GET /reverse-villain-chapter-1/ HTTP/1.1" 200 9532 "-" "Mozilla/5.0 (compatible; Orbbot/1.1;)"
35.245.221.205 - - [08/Jun/2025:14:46:04 -0400] "GET /reverse-villain-chapter-6/ HTTP/1.1" 200 9943 "-" "Mozilla/5.0 (compatible; Orbbot/1.1;)"
35.245.35.135 - - [08/Jun/2025:14:46:03 -0400] "GET /reverse-villain-chapter-41/ HTTP/1.1" 200 9566 "-" "Mozilla/5.0 (compatible; Orbbot/1.1;)"
35.236.202.80 - - [08/Jun/2025:14:46:04 -0400] "GET /reverse-villain-chapter-4/ HTTP/1.1" 200 9944 "-" "Mozilla/5.0 (compatible; Orbbot/1.1;)"
35.245.37.230 - - [08/Jun/2025:14:46:04 -0400] "GET /popular-manga/ HTTP/1.1" 200 8566 "-" "Mozilla/5.0 (compatible; Orbbot/1.1;)"
35.245.98.0 - - [08/Jun/2025:14:46:04 -0400] "GET /reverse-villain-chapter-2/ HTTP/1.1" 200 9553 "-" "Mozilla/5.0 (compatible; Orbbot/1.1;)"
35.221.4.163 - - [08/Jun/2025:14:46:04 -0400] "GET /reverse-villain-chapter-52/ HTTP/1.1" 200 9571 "-" "Mozilla/5.0 (compatible; Orbbot/1.1;)"
35.245.44.203 - - [08/Jun/2025:14:46:04 -0400] "GET /reverse-villain-chapter-75/ HTTP/1.1" 200 9568 "-" "Mozilla/5.0 (compatible; Orbbot/1.1;)"
34.48.114.171 - - [08/Jun/2025:14:46:04 -0400] "GET /reverse-villain-chapter-73/ HTTP/1.1" 200 9567 "-" "Mozilla/5.0 (compatible; Orbbot/1.1;)"
139.59.58.126 - - [08/Jun/2025:14:45:46 -0400] "POST //xmlrpc.php HTTP/1.1" 200 205 "-" "Mozilla/5.0 (Windows NT 10.0; Win64; x64) AppleWebKit/537.36 (KHTML, like Gecko) Chrome/80.0.3987.149 Safari/537.36"
139.59.58.126 - - [08/Jun/2025:14:46:16 -0400] "POST //xmlrpc.php HTTP/1.1" 200 205 "-" "Mozilla/5.0 (Windows NT 10.0; Win64; x64) AppleWebKit/537.36 (KHTML, like Gecko) Chrome/80.0.3987.149 Safari/537.36"
162.0.232.193 - - [08/Jun/2025:14:47:16 -0400] "POST /wp-cron.php?doing_wp_cron=1749408436.0697720050811767578125 HTTP/1.1" 200 0 "-" "WordPress/6.8.1; https://reversevillain.com"
139.59.58.126 - - [08/Jun/2025:14:46:45 -0400] "POST //xmlrpc.php HTTP/1.1" 200 205 "-" "Mozilla/5.0 (Windows NT 10.0; Win64; x64) AppleWebKit/537.36 (KHTML, like Gecko) Chrome/80.0.3987.149 Safari/537.36"
162.0.232.193 - - [08/Jun/2025:14:47:16 -0400] "POST /wp-admin/admin-ajax.php?action=async_litespeed&nonce=44FJYcATflANNe3yftFKIGy3udffZUz5&litespeed_type=imgoptm HTTP/1.1" 200 5 "-" "WordPress/6.8.1; https://reversevillain.com"
52.167.144.19 - - [08/Jun/2025:14:47:19 -0400] "GET /shokuryou-jinrui-re-chapter-61/ HTTP/1.1" 301 0 "-" "Mozilla/5.0 AppleWebKit/537.36 (KHTML, like Gecko; compatible; bingbot/2.0; +http://www.bing.com/bingbot.htm) Chrome/116.0.1938.76 Safari/537.36"
139.59.58.126 - - [08/Jun/2025:14:47:16 -0400] "POST //xmlrpc.php HTTP/1.1" 200 205 "-" "Mozilla/5.0 (Windows NT 10.0; Win64; x64) AppleWebKit/537.36 (KHTML, like Gecko) Chrome/80.0.3987.149 Safari/537.36"
139.59.58.126 - - [08/Jun/2025:14:47:46 -0400] "POST //xmlrpc.php HTTP/1.1" 200 205 "-" "Mozilla/5.0 (Windows NT 10.0; Win64; x64) AppleWebKit/537.36 (KHTML, like Gecko) Chrome/80.0.3987.149 Safari/537.36"
162.0.232.193 - - [08/Jun/2025:14:48:46 -0400] "POST /wp-cron.php?doing_wp_cron=1749408525.7850289344787597656250 HTTP/1.1" 200 0 "-" "WordPress/6.8.1; https://reversevillain.com"
139.59.58.126 - - [08/Jun/2025:14:48:15 -0400] "POST //xmlrpc.php HTTP/1.1" 200 205 "-" "Mozilla/5.0 (Windows NT 10.0; Win64; x64) AppleWebKit/537.36 (KHTML, like Gecko) Chrome/80.0.3987.149 Safari/537.36"
139.59.58.126 - - [08/Jun/2025:14:48:46 -0400] "POST //xmlrpc.php HTTP/1.1" 200 205 "-" "Mozilla/5.0 (Windows NT 10.0; Win64; x64) AppleWebKit/537.36 (KHTML, like Gecko) Chrome/80.0.3987.149 Safari/537.36"
139.59.58.126 - - [08/Jun/2025:14:49:16 -0400] "POST //xmlrpc.php HTTP/1.1" 200 205 "-" "Mozilla/5.0 (Windows NT 10.0; Win64; x64) AppleWebKit/537.36 (KHTML, like Gecko) Chrome/80.0.3987.149 Safari/537.36"
162.0.232.193 - - [08/Jun/2025:14:50:15 -0400] "POST /wp-cron.php?doing_wp_cron=1749408615.5388040542602539062500 HTTP/1.1" 200 0 "-" "WordPress/6.8.1; https://reversevillain.com"
139.59.58.126 - - [08/Jun/2025:14:49:45 -0400] "POST //xmlrpc.php HTTP/1.1" 200 205 "-" "Mozilla/5.0 (Windows NT 10.0; Win64; x64) AppleWebKit/537.36 (KHTML, like Gecko) Chrome/80.0.3987.149 Safari/537.36"
162.0.232.193 - - [08/Jun/2025:14:50:16 -0400] "POST /wp-admin/admin-ajax.php?action=async_litespeed&nonce=TXkQg7HbYhqJhGurUtLdFkyAPq0BLmq3&litespeed_type=imgoptm HTTP/1.1" 200 5 "-" "WordPress/6.8.1; https://reversevillain.com"
139.59.58.126 - - [08/Jun/2025:14:50:16 -0400] "POST //xmlrpc.php HTTP/1.1" 200 205 "-" "Mozilla/5.0 (Windows NT 10.0; Win64; x64) AppleWebKit/537.36 (KHTML, like Gecko) Chrome/80.0.3987.149 Safari/537.36"
162.0.232.193 - - [08/Jun/2025:14:51:16 -0400] "POST /wp-cron.php?doing_wp_cron=1749408676.1088960170745849609375 HTTP/1.1" 200 0 "-" "WordPress/6.8.1; https://reversevillain.com"
139.59.58.126 - - [08/Jun/2025:14:50:46 -0400] "POST //xmlrpc.php HTTP/1.1" 200 205 "-" "Mozilla/5.0 (Windows NT 10.0; Win64; x64) AppleWebKit/537.36 (KHTML, like Gecko) Chrome/80.0.3987.149 Safari/537.36"
162.0.232.193 - - [08/Jun/2025:14:51:17 -0400] "POST /wp-admin/admin-ajax.php?action=async_litespeed&nonce=Zf3PT0BSqWlJlWT2OuZS39XIVBf0i1EL&litespeed_type=imgoptm HTTP/1.1" 200 5 "-" "WordPress/6.8.1; https://reversevillain.com"
162.0.232.193 - - [08/Jun/2025:14:51:45 -0400] "POST /wp-cron.php?doing_wp_cron=1749408705.2546110153198242187500 HTTP/1.1" 200 0 "-" "WordPress/6.8.1; https://reversevillain.com"
139.59.58.126 - - [08/Jun/2025:14:51:17 -0400] "POST //xmlrpc.php HTTP/1.1" 200 205 "-" "Mozilla/5.0 (Windows NT 10.0; Win64; x64) AppleWebKit/537.36 (KHTML, like Gecko) Chrome/80.0.3987.149 Safari/537.36"
162.0.232.193 - - [08/Jun/2025:14:52:15 -0400] "POST /wp-cron.php?doing_wp_cron=1749408735.1329159736633300781250 HTTP/1.1" 200 0 "-" "WordPress/6.8.1; https://reversevillain.com"
139.59.58.126 - - [08/Jun/2025:14:51:46 -0400] "POST //xmlrpc.php HTTP/1.1" 200 205 "-" "Mozilla/5.0 (Windows NT 10.0; Win64; x64) AppleWebKit/537.36 (KHTML, like Gecko) Chrome/80.0.3987.149 Safari/537.36"
162.0.232.193 - - [08/Jun/2025:14:52:15 -0400] "POST /wp-admin/admin-ajax.php?action=async_litespeed&nonce=6twN8htRGGjSJ0k5zFiU4ozD6bWmentU&litespeed_type=imgoptm HTTP/1.1" 200 5 "-" "WordPress/6.8.1; https://reversevillain.com"
162.0.232.193 - - [08/Jun/2025:14:52:41 -0400] "POST /wp-cron.php?doing_wp_cron=1749408761.5654098987579345703125 HTTP/1.1" 200 0 "-" "WordPress/6.8.1; https://reversevillain.com"
2602:ffe4:8:1001::5 - - [08/Jun/2025:14:52:41 -0400] "GET /reverse-villain/page/2/%7B%22data-original-href%22:%22https://blogger.googleusercontent.com/img/b/R29vZ2xl/AVvXsEgX6Yhdsc8uUDOH4dwXa21i7KxfQe70gho0qW0_TfSAGr0jf0ci70-SpnvAb9GhfMROX8od6JS3TSSQdhOHOw6jQEOVVI1-48BvvoLCXLJsiyRfp6HxM48kodDeiRn7jk-pAsdw2MlzN1l1-KnBDKFscchjJToWLwvpB_yzlgsM45goDJF_YAKnjg7w/s1600/21.jpg%22,%22style%22:%22%22%7D HTTP/1.1" 301 0 "-" "Mozilla/5.0 (Linux; Android 5.0) AppleWebKit/537.36 (KHTML, like Gecko) Mobile Safari/537.36 (compatible; Bytespider; [email protected])"
156.59.198.136 - - [08/Jun/2025:14:52:42 -0400] "GET / HTTP/1.1" 200 9390 "https://reversevillain.com/reverse-villain/page/2/%7B%22data-original-href%22:%22https://blogger.googleusercontent.com/img/b/R29vZ2xl/AVvXsEgX6Yhdsc8uUDOH4dwXa21i7KxfQe70gho0qW0_TfSAGr0jf0ci70-SpnvAb9GhfMROX8od6JS3TSSQdhOHOw6jQEOVVI1-48BvvoLCXLJsiyRfp6HxM48kodDeiRn7jk-pAsdw2MlzN1l1-KnBDKFscchjJToWLwvpB_yzlgsM45goDJF_YAKnjg7w/s1600/21.jpg%22,%22style%22:%22%22%7D" "Mozilla/5.0 (Linux; Android 5.0) AppleWebKit/537.36 (KHTML, like Gecko) Mobile Safari/537.36 (compatible; Bytespider; [email protected])"
139.59.58.126 - - [08/Jun/2025:14:52:16 -0400] "POST //xmlrpc.php HTTP/1.1" 200 205 "-" "Mozilla/5.0 (Windows NT 10.0; Win64; x64) AppleWebKit/537.36 (KHTML, like Gecko) Chrome/80.0.3987.149 Safari/537.36"
139.59.58.126 - - [08/Jun/2025:14:52:45 -0400] "POST //xmlrpc.php HTTP/1.1" 200 205 "-" "Mozilla/5.0 (Windows NT 10.0; Win64; x64) AppleWebKit/537.36 (KHTML, like Gecko) Chrome/80.0.3987.149 Safari/537.36"
139.59.58.126 - - [08/Jun/2025:14:53:01 -0400] "POST //xmlrpc.php HTTP/1.1" 200 205 "-" "Mozilla/5.0 (Windows NT 10.0; Win64; x64) AppleWebKit/537.36 (KHTML, like Gecko) Chrome/80.0.3987.149 Safari/537.36"
2602:ffe4:8:1001::5 - - [08/Jun/2025:14:53:32 -0400] "GET /reverse-villain/page/2/%7B%22data-original-href%22:%22https://blogger.googleusercontent.com/img/b/R29vZ2xl/AVvXsEhZLXonz1TYWSBHizIdMm5lLxVRovODCpSOU8BceCQVkzceEUPP9jPE58Nd4P-JfiQT4FFibzxjgAXMHHdIBaOpfa1gxz-gV_tO2HrWcanKPQ1u_QtQl8mYSJ6ndJqk8E1b-bvjJCTucGU7GjduNDU4-lmxauih4opNGWH3RtibV8fjNmMiLPuS4pEu/s1600/17.jpg%22,%22style%22:%22%22%7D HTTP/1.1" 301 0 "-" "Mozilla/5.0 (Linux; Android 5.0) AppleWebKit/537.36 (KHTML, like Gecko) Mobile Safari/537.36 (compatible; Bytespider; [email protected])"
156.59.198.136 - - [08/Jun/2025:14:53:33 -0400] "GET / HTTP/1.1" 200 9390 "https://reversevillain.com/reverse-villain/page/2/%7B%22data-original-href%22:%22https://blogger.googleusercontent.com/img/b/R29vZ2xl/AVvXsEhZLXonz1TYWSBHizIdMm5lLxVRovODCpSOU8BceCQVkzceEUPP9jPE58Nd4P-JfiQT4FFibzxjgAXMHHdIBaOpfa1gxz-gV_tO2HrWcanKPQ1u_QtQl8mYSJ6ndJqk8E1b-bvjJCTucGU7GjduNDU4-lmxauih4opNGWH3RtibV8fjNmMiLPuS4pEu/s1600/17.jpg%22,%22style%22:%22%22%7D" "Mozilla/5.0 (Linux; Android 5.0) AppleWebKit/537.36 (KHTML, like Gecko) Mobile Safari/537.36 (compatible; Bytespider; [email protected])"
162.0.232.193 - - [08/Jun/2025:14:54:00 -0400] "POST /wp-cron.php?doing_wp_cron=1749408840.5883009433746337890625 HTTP/1.1" 200 0 "-" "WordPress/6.8.1; https://reversevillain.com"
139.59.58.126 - - [08/Jun/2025:14:53:30 -0400] "POST //xmlrpc.php HTTP/1.1" 200 205 "-" "Mozilla/5.0 (Windows NT 10.0; Win64; x64) AppleWebKit/537.36 (KHTML, like Gecko) Chrome/80.0.3987.149 Safari/537.36"
162.0.232.193 - - [08/Jun/2025:14:54:01 -0400] "POST /wp-admin/admin-ajax.php?action=async_litespeed&nonce=QWI1hyvDzx0ZJXd0HqyOb8gLIvClOSOc&litespeed_type=imgoptm HTTP/1.1" 200 5 "-" "WordPress/6.8.1; https://reversevillain.com"
162.0.232.193 - - [08/Jun/2025:14:54:30 -0400] "POST /wp-cron.php?doing_wp_cron=1749408870.4647789001464843750000 HTTP/1.1" 200 0 "-" "WordPress/6.8.1; https://reversevillain.com"
139.59.58.126 - - [08/Jun/2025:14:54:01 -0400] "POST //xmlrpc.php HTTP/1.1" 200 205 "-" "Mozilla/5.0 (Windows NT 10.0; Win64; x64) AppleWebKit/537.36 (KHTML, like Gecko) Chrome/80.0.3987.149 Safari/537.36"
139.59.58.126 - - [08/Jun/2025:14:54:31 -0400] "POST //xmlrpc.php HTTP/1.1" 200 205 "-" "Mozilla/5.0 (Windows NT 10.0; Win64; x64) AppleWebKit/537.36 (KHTML, like Gecko) Chrome/80.0.3987.149 Safari/537.36"
139.59.58.126 - - [08/Jun/2025:14:55:01 -0400] "POST //xmlrpc.php HTTP/1.1" 200 205 "-" "Mozilla/5.0 (Windows NT 10.0; Win64; x64) AppleWebKit/537.36 (KHTML, like Gecko) Chrome/80.0.3987.149 Safari/537.36"
162.0.232.193 - - [08/Jun/2025:14:55:45 -0400] "POST /wp-cron.php?doing_wp_cron=1749408945.7118260860443115234375 HTTP/1.1" 200 0 "-" "WordPress/6.8.1; https://reversevillain.com"
139.59.58.126 - - [08/Jun/2025:14:55:30 -0400] "POST //xmlrpc.php HTTP/1.1" 200 205 "-" "Mozilla/5.0 (Windows NT 10.0; Win64; x64) AppleWebKit/537.36 (KHTML, like Gecko) Chrome/80.0.3987.149 Safari/537.36"
162.0.232.193 - - [08/Jun/2025:14:55:46 -0400] "POST /wp-admin/admin-ajax.php?action=async_litespeed&nonce=Rjem9KH9QfmfgbD4X1Dm5C2O6FmjArdg&litespeed_type=imgoptm HTTP/1.1" 200 5 "-" "WordPress/6.8.1; https://reversevillain.com"
162.0.232.193 - - [08/Jun/2025:14:56:15 -0400] "POST /wp-cron.php?doing_wp_cron=1749408975.6260540485382080078125 HTTP/1.1" 200 0 "-" "WordPress/6.8.1; https://reversevillain.com"
139.59.58.126 - - [08/Jun/2025:14:55:46 -0400] "POST //xmlrpc.php HTTP/1.1" 200 205 "-" "Mozilla/5.0 (Windows NT 10.0; Win64; x64) AppleWebKit/537.36 (KHTML, like Gecko) Chrome/80.0.3987.149 Safari/537.36"
162.0.232.193 - - [08/Jun/2025:14:56:16 -0400] "POST /wp-admin/admin-ajax.php?action=async_litespeed&nonce=UaNA3whIAfCAgfwtQiHNW2NuqkPkhz3h&litespeed_type=imgoptm HTTP/1.1" 200 5 "-" "WordPress/6.8.1; https://reversevillain.com"
162.0.232.193 - - [08/Jun/2025:14:56:45 -0400] "POST /wp-cron.php?doing_wp_cron=1749409005.6428349018096923828125 HTTP/1.1" 200 0 "-" "WordPress/6.8.1; https://reversevillain.com"
139.59.58.126 - - [08/Jun/2025:14:56:16 -0400] "POST //xmlrpc.php HTTP/1.1" 200 205 "-" "Mozilla/5.0 (Windows NT 10.0; Win64; x64) AppleWebKit/537.36 (KHTML, like Gecko) Chrome/80.0.3987.149 Safari/537.36"
139.59.58.126 - - [08/Jun/2025:14:56:46 -0400] "POST //xmlrpc.php HTTP/1.1" 200 205 "-" "Mozilla/5.0 (Windows NT 10.0; Win64; x64) AppleWebKit/537.36 (KHTML, like Gecko) Chrome/80.0.3987.149 Safari/537.36"
162.0.232.193 - - [08/Jun/2025:14:57:46 -0400] "POST /wp-cron.php?doing_wp_cron=1749409065.9297831058502197265625 HTTP/1.1" 200 0 "-" "WordPress/6.8.1; https://reversevillain.com"
139.59.58.126 - - [08/Jun/2025:14:57:15 -0400] "POST //xmlrpc.php HTTP/1.1" 200 205 "-" "Mozilla/5.0 (Windows NT 10.0; Win64; x64) AppleWebKit/537.36 (KHTML, like Gecko) Chrome/80.0.3987.149 Safari/537.36"
162.0.232.193 - - [08/Jun/2025:14:57:46 -0400] "POST /wp-admin/admin-ajax.php?action=async_litespeed&nonce=doClxPQzPQ5DeVdDtim3pnFtrgCG73eT&litespeed_type=imgoptm HTTP/1.1" 200 5 "-" "WordPress/6.8.1; https://reversevillain.com"
162.0.232.193 - - [08/Jun/2025:14:58:15 -0400] "POST /wp-cron.php?doing_wp_cron=1749409095.7489728927612304687500 HTTP/1.1" 200 0 "-" "WordPress/6.8.1; https://reversevillain.com"
139.59.58.126 - - [08/Jun/2025:14:57:46 -0400] "POST //xmlrpc.php HTTP/1.1" 200 205 "-" "Mozilla/5.0 (Windows NT 10.0; Win64; x64) AppleWebKit/537.36 (KHTML, like Gecko) Chrome/80.0.3987.149 Safari/537.36"
162.0.232.193 - - [08/Jun/2025:14:58:16 -0400] "POST /wp-admin/admin-ajax.php?action=async_litespeed&nonce=J65DX15KVpd4hYApVH6Bn8zup5fcjsRI&litespeed_type=imgoptm HTTP/1.1" 200 5 "-" "WordPress/6.8.1; https://reversevillain.com"
162.0.232.193 - - [08/Jun/2025:14:58:46 -0400] "POST /wp-cron.php?doing_wp_cron=1749409125.9153800010681152343750 HTTP/1.1" 200 0 "-" "WordPress/6.8.1; https://reversevillain.com"
139.59.58.126 - - [08/Jun/2025:14:58:16 -0400] "POST //xmlrpc.php HTTP/1.1" 200 205 "-" "Mozilla/5.0 (Windows NT 10.0; Win64; x64) AppleWebKit/537.36 (KHTML, like Gecko) Chrome/80.0.3987.149 Safari/537.36"
139.59.58.126 - - [08/Jun/2025:14:58:46 -0400] "POST //xmlrpc.php HTTP/1.1" 200 205 "-" "Mozilla/5.0 (Windows NT 10.0; Win64; x64) AppleWebKit/537.36 (KHTML, like Gecko) Chrome/80.0.3987.149 Safari/537.36"
139.59.58.126 - - [08/Jun/2025:14:59:16 -0400] "POST //xmlrpc.php HTTP/1.1" 200 205 "-" "Mozilla/5.0 (Windows NT 10.0; Win64; x64) AppleWebKit/537.36 (KHTML, like Gecko) Chrome/80.0.3987.149 Safari/537.36"
162.0.232.193 - - [08/Jun/2025:15:00:16 -0400] "POST /wp-cron.php?doing_wp_cron=1749409215.7779309749603271484375 HTTP/1.1" 200 0 "-" "WordPress/6.8.1; https://reversevillain.com"
139.59.58.126 - - [08/Jun/2025:14:59:45 -0400] "POST //xmlrpc.php HTTP/1.1" 200 205 "-" "Mozilla/5.0 (Windows NT 10.0; Win64; x64) AppleWebKit/537.36 (KHTML, like Gecko) Chrome/80.0.3987.149 Safari/537.36"
162.0.232.193 - - [08/Jun/2025:15:00:16 -0400] "POST /wp-admin/admin-ajax.php?action=async_litespeed&nonce=oU0G5364KzKy4p1yKCf4Bfn81FCKQAkk&litespeed_type=imgoptm HTTP/1.1" 200 5 "-" "WordPress/6.8.1; https://reversevillain.com"
77.23.80.53 - - [08/Jun/2025:15:00:23 -0400] "GET /wp-content/uploads/2022/02/cropped-download-180x180.jpeg HTTP/1.1" 301 0 "-" "Dalvik/2.1.0 (Linux; U; Android 14; SM-A556B Build/UP1A.231005.007)"
77.23.80.53 - - [08/Jun/2025:15:00:23 -0400] "GET / HTTP/1.1" 200 9390 "-" "Dalvik/2.1.0 (Linux; U; Android 14; SM-A556B Build/UP1A.231005.007)"
139.59.58.126 - - [08/Jun/2025:15:00:16 -0400] "POST //xmlrpc.php HTTP/1.1" 200 205 "-" "Mozilla/5.0 (Windows NT 10.0; Win64; x64) AppleWebKit/537.36 (KHTML, like Gecko) Chrome/80.0.3987.149 Safari/537.36"
139.59.58.126 - - [08/Jun/2025:15:00:46 -0400] "POST //xmlrpc.php HTTP/1.1" 200 205 "-" "Mozilla/5.0 (Windows NT 10.0; Win64; x64) AppleWebKit/537.36 (KHTML, like Gecko) Chrome/80.0.3987.149 Safari/537.36"
162.0.232.193 - - [08/Jun/2025:15:01:46 -0400] "POST /wp-cron.php?doing_wp_cron=1749409306.0399880409240722656250 HTTP/1.1" 200 0 "-" "WordPress/6.8.1; https://reversevillain.com"
139.59.58.126 - - [08/Jun/2025:15:01:15 -0400] "POST //xmlrpc.php HTTP/1.1" 200 205 "-" "Mozilla/5.0 (Windows NT 10.0; Win64; x64) AppleWebKit/537.36 (KHTML, like Gecko) Chrome/80.0.3987.149 Safari/537.36"
139.59.58.126 - - [08/Jun/2025:15:01:46 -0400] "POST //xmlrpc.php HTTP/1.1" 200 205 "-" "Mozilla/5.0 (Windows NT 10.0; Win64; x64) AppleWebKit/537.36 (KHTML, like Gecko) Chrome/80.0.3987.149 Safari/537.36"
139.59.58.126 - - [08/Jun/2025:15:02:16 -0400] "POST //xmlrpc.php HTTP/1.1" 200 205 "-" "Mozilla/5.0 (Windows NT 10.0; Win64; x64) AppleWebKit/537.36 (KHTML, like Gecko) Chrome/80.0.3987.149 Safari/537.36"
162.0.232.193 - - [08/Jun/2025:15:03:16 -0400] "POST /wp-cron.php?doing_wp_cron=1749409395.9778978824615478515625 HTTP/1.1" 200 0 "-" "WordPress/6.8.1; https://reversevillain.com"
139.59.58.126 - - [08/Jun/2025:15:02:45 -0400] "POST //xmlrpc.php HTTP/1.1" 200 205 "-" "Mozilla/5.0 (Windows NT 10.0; Win64; x64) AppleWebKit/537.36 (KHTML, like Gecko) Chrome/80.0.3987.149 Safari/537.36"
162.0.232.193 - - [08/Jun/2025:15:03:18 -0400] "POST /wp-admin/admin-ajax.php?action=async_litespeed&nonce=3LLj06F8r9lkTHMTpzGpxlEfuGZYonBd&litespeed_type=imgoptm HTTP/1.1" 200 5 "-" "WordPress/6.8.1; https://reversevillain.com"
80.85.246.217 - - [08/Jun/2025:15:03:34 -0400] "GET / HTTP/1.1" 200 9390 "-" "Mozilla/5.0 (Macintosh; Intel Mac OS X 10_15_7) AppleWebKit/537.36 (KHTML, like Gecko) Chrome/133.0.0.0 Safari/537.36"
80.85.246.217 - - [08/Jun/2025:15:03:34 -0400] "GET /comments/feed/ HTTP/1.1" 200 1384 "-" "Mozilla/5.0 (Macintosh; Intel Mac OS X 10_15_7) AppleWebKit/537.36 (KHTML, like Gecko) Chrome/133.0.0.0 Safari/537.36"
139.59.58.126 - - [08/Jun/2025:15:03:17 -0400] "POST //xmlrpc.php HTTP/1.1" 200 205 "-" "Mozilla/5.0 (Windows NT 10.0; Win64; x64) AppleWebKit/537.36 (KHTML, like Gecko) Chrome/80.0.3987.149 Safari/537.36"
139.59.58.126 - - [08/Jun/2025:15:03:46 -0400] "POST //xmlrpc.php HTTP/1.1" 200 205 "-" "Mozilla/5.0 (Windows NT 10.0; Win64; x64) AppleWebKit/537.36 (KHTML, like Gecko) Chrome/80.0.3987.149 Safari/537.36"
162.0.232.193 - - [08/Jun/2025:15:04:46 -0400] "POST /wp-cron.php?doing_wp_cron=1749409486.1906900405883789062500 HTTP/1.1" 200 0 "-" "WordPress/6.8.1; https://reversevillain.com"
139.59.58.126 - - [08/Jun/2025:15:04:15 -0400] "POST //xmlrpc.php HTTP/1.1" 200 205 "-" "Mozilla/5.0 (Windows NT 10.0; Win64; x64) AppleWebKit/537.36 (KHTML, like Gecko) Chrome/80.0.3987.149 Safari/537.36"
162.0.232.193 - - [08/Jun/2025:15:04:46 -0400] "POST /wp-admin/admin-ajax.php?action=async_litespeed&nonce=zATbR9HT52m6X2E3YsciLfa7boNBT83C&litespeed_type=imgoptm HTTP/1.1" 200 5 "-" "WordPress/6.8.1; https://reversevillain.com"
162.0.232.193 - - [08/Jun/2025:15:05:16 -0400] "POST /wp-cron.php?doing_wp_cron=1749409515.9701690673828125000000 HTTP/1.1" 200 0 "-" "WordPress/6.8.1; https://reversevillain.com"
139.59.58.126 - - [08/Jun/2025:15:04:46 -0400] "POST //xmlrpc.php HTTP/1.1" 200 205 "-" "Mozilla/5.0 (Windows NT 10.0; Win64; x64) AppleWebKit/537.36 (KHTML, like Gecko) Chrome/80.0.3987.149 Safari/537.36"
162.0.232.193 - - [08/Jun/2025:15:05:16 -0400] "POST /wp-admin/admin-ajax.php?action=async_litespeed&nonce=7V07XIig6hdb37QPsk5UX6S0tgaReRuZ&litespeed_type=imgoptm HTTP/1.1" 200 5 "-" "WordPress/6.8.1; https://reversevillain.com"
162.0.232.193 - - [08/Jun/2025:15:05:45 -0400] "POST /wp-cron.php?doing_wp_cron=1749409545.7078580856323242187500 HTTP/1.1" 200 0 "-" "WordPress/6.8.1; https://reversevillain.com"
139.59.58.126 - - [08/Jun/2025:15:05:16 -0400] "POST //xmlrpc.php HTTP/1.1" 200 205 "-" "Mozilla/5.0 (Windows NT 10.0; Win64; x64) AppleWebKit/537.36 (KHTML, like Gecko) Chrome/80.0.3987.149 Safari/537.36"
139.59.58.126 - - [08/Jun/2025:15:05:46 -0400] "POST //xmlrpc.php HTTP/1.1" 200 205 "-" "Mozilla/5.0 (Windows NT 10.0; Win64; x64) AppleWebKit/537.36 (KHTML, like Gecko) Chrome/80.0.3987.149 Safari/537.36"
162.0.232.193 - - [08/Jun/2025:15:06:46 -0400] "POST /wp-cron.php?doing_wp_cron=1749409605.9223089218139648437500 HTTP/1.1" 200 0 "-" "WordPress/6.8.1; https://reversevillain.com"
139.59.58.126 - - [08/Jun/2025:15:06:16 -0400] "POST //xmlrpc.php HTTP/1.1" 200 205 "-" "Mozilla/5.0 (Windows NT 10.0; Win64; x64) AppleWebKit/537.36 (KHTML, like Gecko) Chrome/80.0.3987.149 Safari/537.36"
162.0.232.193 - - [08/Jun/2025:15:06:46 -0400] "POST /wp-admin/admin-ajax.php?action=async_litespeed&nonce=Vu3T2GwZftBPKQ4VaXJ5dfqSbEU22h8D&litespeed_type=imgoptm HTTP/1.1" 200 5 "-" "WordPress/6.8.1; https://reversevillain.com"
162.0.232.193 - - [08/Jun/2025:15:07:15 -0400] "POST /wp-cron.php?doing_wp_cron=1749409635.5258600711822509765625 HTTP/1.1" 200 0 "-" "WordPress/6.8.1; https://reversevillain.com"
2a02:598:64:8a00::3100:a - - [08/Jun/2025:15:07:15 -0400] "GET /reverse-villain-chapter-94/ HTTP/1.1" 200 9616 "-" "Mozilla/5.0 (compatible; SeznamBot/4.0; +https://o-seznam.cz/napoveda/vyhledavani/en/seznambot-crawler/)"
139.59.58.126 - - [08/Jun/2025:15:06:46 -0400] "POST //xmlrpc.php HTTP/1.1" 200 205 "-" "Mozilla/5.0 (Windows NT 10.0; Win64; x64) AppleWebKit/537.36 (KHTML, like Gecko) Chrome/80.0.3987.149 Safari/537.36"
162.0.232.193 - - [08/Jun/2025:15:07:16 -0400] "POST /wp-admin/admin-ajax.php?action=async_litespeed&nonce=wnOIT7wcM8ZHclwNQyUsPM5WJiaWnfWj&litespeed_type=imgoptm HTTP/1.1" 200 5 "-" "WordPress/6.8.1; https://reversevillain.com"
162.0.232.193 - - [08/Jun/2025:15:07:45 -0400] "POST /wp-cron.php?doing_wp_cron=1749409665.4034209251403808593750 HTTP/1.1" 200 0 "-" "WordPress/6.8.1; https://reversevillain.com"
139.59.58.126 - - [08/Jun/2025:15:07:16 -0400] "POST //xmlrpc.php HTTP/1.1" 200 205 "-" "Mozilla/5.0 (Windows NT 10.0; Win64; x64) AppleWebKit/537.36 (KHTML, like Gecko) Chrome/80.0.3987.149 Safari/537.36"
139.59.58.126 - - [08/Jun/2025:15:07:46 -0400] "POST //xmlrpc.php HTTP/1.1" 200 205 "-" "Mozilla/5.0 (Windows NT 10.0; Win64; x64) AppleWebKit/537.36 (KHTML, like Gecko) Chrome/80.0.3987.149 Safari/537.36"
162.0.232.193 - - [08/Jun/2025:15:08:45 -0400] "POST /wp-cron.php?doing_wp_cron=1749409725.5954029560089111328125 HTTP/1.1" 200 0 "-" "WordPress/6.8.1; https://reversevillain.com"
139.59.58.126 - - [08/Jun/2025:15:08:15 -0400] "POST //xmlrpc.php HTTP/1.1" 200 205 "-" "Mozilla/5.0 (Windows NT 10.0; Win64; x64) AppleWebKit/537.36 (KHTML, like Gecko) Chrome/80.0.3987.149 Safari/537.36"
162.0.232.193 - - [08/Jun/2025:15:08:46 -0400] "POST /wp-admin/admin-ajax.php?action=async_litespeed&nonce=iKuu36KTycNPAF1SGB7LM77dZy3lyZlj&litespeed_type=imgoptm HTTP/1.1" 200 5 "-" "WordPress/6.8.1; https://reversevillain.com"
162.0.232.193 - - [08/Jun/2025:15:09:15 -0400] "POST /wp-cron.php?doing_wp_cron=1749409755.2902278900146484375000 HTTP/1.1" 200 0 "-" "WordPress/6.8.1; https://reversevillain.com"
139.59.58.126 - - [08/Jun/2025:15:08:46 -0400] "POST //xmlrpc.php HTTP/1.1" 200 205 "-" "Mozilla/5.0 (Windows NT 10.0; Win64; x64) AppleWebKit/537.36 (KHTML, like Gecko) Chrome/80.0.3987.149 Safari/537.36"
162.0.232.193 - - [08/Jun/2025:15:09:15 -0400] "POST /wp-admin/admin-ajax.php?action=async_litespeed&nonce=2N01MRPa5SzjDbgLtyvMxHBnYK1XjEZo&litespeed_type=imgoptm HTTP/1.1" 200 5 "-" "WordPress/6.8.1; https://reversevillain.com"
162.0.232.193 - - [08/Jun/2025:15:09:46 -0400] "POST /wp-cron.php?doing_wp_cron=1749409786.0902080535888671875000 HTTP/1.1" 200 0 "-" "WordPress/6.8.1; https://reversevillain.com"
139.59.58.126 - - [08/Jun/2025:15:09:15 -0400] "POST //xmlrpc.php HTTP/1.1" 200 205 "-" "Mozilla/5.0 (Windows NT 10.0; Win64; x64) AppleWebKit/537.36 (KHTML, like Gecko) Chrome/80.0.3987.149 Safari/537.36"
139.59.58.126 - - [08/Jun/2025:15:09:46 -0400] "POST //xmlrpc.php HTTP/1.1" 200 205 "-" "Mozilla/5.0 (Windows NT 10.0; Win64; x64) AppleWebKit/537.36 (KHTML, like Gecko) Chrome/80.0.3987.149 Safari/537.36"
139.59.58.126 - - [08/Jun/2025:15:10:16 -0400] "POST //xmlrpc.php HTTP/1.1" 200 205 "-" "Mozilla/5.0 (Windows NT 10.0; Win64; x64) AppleWebKit/537.36 (KHTML, like Gecko) Chrome/80.0.3987.149 Safari/537.36"
162.0.232.193 - - [08/Jun/2025:15:11:01 -0400] "POST /wp-cron.php?doing_wp_cron=1749409860.9732160568237304687500 HTTP/1.1" 200 0 "-" "WordPress/6.8.1; https://reversevillain.com"
139.59.58.126 - - [08/Jun/2025:15:10:45 -0400] "POST //xmlrpc.php HTTP/1.1" 200 205 "-" "Mozilla/5.0 (Windows NT 10.0; Win64; x64) AppleWebKit/537.36 (KHTML, like Gecko) Chrome/80.0.3987.149 Safari/537.36"
162.0.232.193 - - [08/Jun/2025:15:11:01 -0400] "POST /wp-admin/admin-ajax.php?action=async_litespeed&nonce=CxED3vgSyeobNwGW6Fiuxz4QknMikohJ&litespeed_type=imgoptm HTTP/1.1" 200 5 "-" "WordPress/6.8.1; https://reversevillain.com"
162.0.232.193 - - [08/Jun/2025:15:11:30 -0400] "POST /wp-cron.php?doing_wp_cron=1749409890.6650040149688720703125 HTTP/1.1" 200 0 "-" "WordPress/6.8.1; https://reversevillain.com"
139.59.58.126 - - [08/Jun/2025:15:11:01 -0400] "POST //xmlrpc.php HTTP/1.1" 200 205 "-" "Mozilla/5.0 (Windows NT 10.0; Win64; x64) AppleWebKit/537.36 (KHTML, like Gecko) Chrome/80.0.3987.149 Safari/537.36"
139.59.58.126 - - [08/Jun/2025:15:11:31 -0400] "POST //xmlrpc.php HTTP/1.1" 200 205 "-" "Mozilla/5.0 (Windows NT 10.0; Win64; x64) AppleWebKit/537.36 (KHTML, like Gecko) Chrome/80.0.3987.149 Safari/537.36"
34.60.178.41 - - [08/Jun/2025:15:12:01 -0400] "GET / HTTP/1.1" 200 9390 "http://reversevillain.com" "Mozilla/5.0 (compatible; CMS-Checker/1.0; +https://example.com)"
139.59.58.126 - - [08/Jun/2025:15:12:01 -0400] "POST //xmlrpc.php HTTP/1.1" 200 205 "-" "Mozilla/5.0 (Windows NT 10.0; Win64; x64) AppleWebKit/537.36 (KHTML, like Gecko) Chrome/80.0.3987.149 Safari/537.36"
162.0.232.193 - - [08/Jun/2025:15:12:45 -0400] "POST /wp-cron.php?doing_wp_cron=1749409965.6793360710144042968750 HTTP/1.1" 200 0 "-" "WordPress/6.8.1; https://reversevillain.com"
139.59.58.126 - - [08/Jun/2025:15:12:30 -0400] "POST //xmlrpc.php HTTP/1.1" 200 205 "-" "Mozilla/5.0 (Windows NT 10.0; Win64; x64) AppleWebKit/537.36 (KHTML, like Gecko) Chrome/80.0.3987.149 Safari/537.36"
162.0.232.193 - - [08/Jun/2025:15:12:46 -0400] "POST /wp-admin/admin-ajax.php?action=async_litespeed&nonce=KvUWRbsLfqoIDPTT4iWTUjwWh2zE6Lgs&litespeed_type=imgoptm HTTP/1.1" 200 5 "-" "WordPress/6.8.1; https://reversevillain.com"
162.0.232.193 - - [08/Jun/2025:15:13:15 -0400] "POST /wp-cron.php?doing_wp_cron=1749409995.3972458839416503906250 HTTP/1.1" 200 0 "-" "WordPress/6.8.1; https://reversevillain.com"
139.59.58.126 - - [08/Jun/2025:15:12:46 -0400] "POST //xmlrpc.php HTTP/1.1" 200 205 "-" "Mozilla/5.0 (Windows NT 10.0; Win64; x64) AppleWebKit/537.36 (KHTML, like Gecko) Chrome/80.0.3987.149 Safari/537.36"
162.0.232.193 - - [08/Jun/2025:15:13:16 -0400] "POST /wp-admin/admin-ajax.php?action=async_litespeed&nonce=B6xKRUVk6yBmh5r73BEyNMaE2y5dVf79&litespeed_type=imgoptm HTTP/1.1" 200 5 "-" "WordPress/6.8.1; https://reversevillain.com"
49.51.72.76 - - [08/Jun/2025:15:13:25 -0400] "GET / HTTP/1.1" 301 0 "http://www.reversevillain.com" "Mozilla/5.0 (iPhone; CPU iPhone OS 13_2_3 like Mac OS X) AppleWebKit/605.1.15 (KHTML, like Gecko) Version/13.0.3 Mobile/15E148 Safari/604.1"
49.51.72.76 - - [08/Jun/2025:15:13:27 -0400] "GET / HTTP/1.1" 200 9390 "https://www.reversevillain.com/" "Mozilla/5.0 (iPhone; CPU iPhone OS 13_2_3 like Mac OS X) AppleWebKit/605.1.15 (KHTML, like Gecko) Version/13.0.3 Mobile/15E148 Safari/604.1"
162.0.232.193 - - [08/Jun/2025:15:13:30 -0400] "POST /wp-cron.php?doing_wp_cron=1749410010.3128809928894042968750 HTTP/1.1" 200 0 "-" "WordPress/6.8.1; https://reversevillain.com"
52.167.144.168 - - [08/Jun/2025:15:13:30 -0400] "GET /limit-breaker-group-2-chapter-6/ HTTP/1.1" 301 0 "-" "Mozilla/5.0 AppleWebKit/537.36 (KHTML, like Gecko; compatible; bingbot/2.0; +http://www.bing.com/bingbot.htm) Chrome/116.0.1938.76 Safari/537.36"
139.59.58.126 - - [08/Jun/2025:15:13:15 -0400] "POST //xmlrpc.php HTTP/1.1" 200 205 "-" "Mozilla/5.0 (Windows NT 10.0; Win64; x64) AppleWebKit/537.36 (KHTML, like Gecko) Chrome/80.0.3987.149 Safari/537.36"
139.59.58.126 - - [08/Jun/2025:15:13:46 -0400] "POST //xmlrpc.php HTTP/1.1" 200 205 "-" "Mozilla/5.0 (Windows NT 10.0; Win64; x64) AppleWebKit/537.36 (KHTML, like Gecko) Chrome/80.0.3987.149 Safari/537.36"
162.0.232.193 - - [08/Jun/2025:15:14:31 -0400] "POST /wp-cron.php?doing_wp_cron=1749410070.8224439620971679687500 HTTP/1.1" 200 0 "-" "WordPress/6.8.1; https://reversevillain.com"
139.59.58.126 - - [08/Jun/2025:15:14:15 -0400] "POST //xmlrpc.php HTTP/1.1" 200 205 "-" "Mozilla/5.0 (Windows NT 10.0; Win64; x64) AppleWebKit/537.36 (KHTML, like Gecko) Chrome/80.0.3987.149 Safari/537.36"
162.0.232.193 - - [08/Jun/2025:15:14:31 -0400] "POST /wp-admin/admin-ajax.php?action=async_litespeed&nonce=b6FJ2mvvR2vytVUNFN3vDWFaSTu7nCTi&litespeed_type=imgoptm HTTP/1.1" 200 5 "-" "WordPress/6.8.1; https://reversevillain.com"
162.0.232.193 - - [08/Jun/2025:15:15:01 -0400] "POST /wp-cron.php?doing_wp_cron=1749410100.7713370323181152343750 HTTP/1.1" 200 0 "-" "WordPress/6.8.1; https://reversevillain.com"
139.59.58.126 - - [08/Jun/2025:15:14:31 -0400] "POST //xmlrpc.php HTTP/1.1" 200 205 "-" "Mozilla/5.0 (Windows NT 10.0; Win64; x64) AppleWebKit/537.36 (KHTML, like Gecko) Chrome/80.0.3987.149 Safari/537.36"
162.0.232.193 - - [08/Jun/2025:15:15:01 -0400] "POST /wp-admin/admin-ajax.php?action=async_litespeed&nonce=HBzMITsi7YkGHI7YAaAWhDNgr9rirmXv&litespeed_type=imgoptm HTTP/1.1" 200 5 "-" "WordPress/6.8.1; https://reversevillain.com"
66.249.66.44 - - [08/Jun/2025:15:15:15 -0400] "GET / HTTP/1.1" 200 9390 "-" "Mozilla/5.0 (Linux; Android 6.0.1; Nexus 5X Build/MMB29P) AppleWebKit/537.36 (KHTML, like Gecko) Chrome/136.0.7103.113 Mobile Safari/537.36 (compatible; Googlebot/2.1; +http://www.google.com/bot.html)"
162.0.232.193 - - [08/Jun/2025:15:15:30 -0400] "POST /wp-cron.php?doing_wp_cron=1749410130.5048980712890625000000 HTTP/1.1" 200 0 "-" "WordPress/6.8.1; https://reversevillain.com"
139.59.58.126 - - [08/Jun/2025:15:15:01 -0400] "POST //xmlrpc.php HTTP/1.1" 200 205 "-" "Mozilla/5.0 (Windows NT 10.0; Win64; x64) AppleWebKit/537.36 (KHTML, like Gecko) Chrome/80.0.3987.149 Safari/537.36"
139.59.58.126 - - [08/Jun/2025:15:15:31 -0400] "POST //xmlrpc.php HTTP/1.1" 200 205 "-" "Mozilla/5.0 (Windows NT 10.0; Win64; x64) AppleWebKit/537.36 (KHTML, like Gecko) Chrome/80.0.3987.149 Safari/537.36"
162.0.232.193 - - [08/Jun/2025:15:16:31 -0400] "POST /wp-cron.php?doing_wp_cron=1749410190.7594869136810302734375 HTTP/1.1" 200 0 "-" "WordPress/6.8.1; https://reversevillain.com"
139.59.58.126 - - [08/Jun/2025:15:16:00 -0400] "POST //xmlrpc.php HTTP/1.1" 200 205 "-" "Mozilla/5.0 (Windows NT 10.0; Win64; x64) AppleWebKit/537.36 (KHTML, like Gecko) Chrome/80.0.3987.149 Safari/537.36"
162.0.232.193 - - [08/Jun/2025:15:16:31 -0400] "POST /wp-admin/admin-ajax.php?action=async_litespeed&nonce=jCsKBZQdFQw6QwhFGiLlEh2mMmRe4nCj&litespeed_type=imgoptm HTTP/1.1" 200 5 "-" "WordPress/6.8.1; https://reversevillain.com"
162.0.232.193 - - [08/Jun/2025:15:16:55 -0400] "POST /wp-cron.php?doing_wp_cron=1749410215.6659750938415527343750 HTTP/1.1" 200 0 "-" "WordPress/6.8.1; https://reversevillain.com"
3.208.154.201 - - [08/Jun/2025:15:16:55 -0400] "GET /ads.txt HTTP/1.1" 301 0 "-" "Mozilla/5.0 (Macintosh; Intel Mac OS X 10_12_6) AppleWebKit/537.36 (KHTML, like Gecko) Chrome/63.0.3239.84 Safari/537.36"
3.208.154.201 - - [08/Jun/2025:15:16:56 -0400] "GET / HTTP/1.1" 200 9390 "-" "Mozilla/5.0 (Macintosh; Intel Mac OS X 10_12_6) AppleWebKit/537.36 (KHTML, like Gecko) Chrome/63.0.3239.84 Safari/537.36"
162.0.232.193 - - [08/Jun/2025:15:16:56 -0400] "POST /wp-admin/admin-ajax.php?action=async_litespeed&nonce=ebDIfgbidVftr3Fnprv4MczYYWvJZeGS&litespeed_type=imgoptm HTTP/1.1" 200 5 "-" "WordPress/6.8.1; https://reversevillain.com"
3.208.154.201 - - [08/Jun/2025:15:16:56 -0400] "GET /ads.txt HTTP/1.1" 301 0 "-" "Mozilla/5.0 (Macintosh; Intel Mac OS X 10_12_6) AppleWebKit/537.36 (KHTML, like Gecko) Chrome/63.0.3239.84 Safari/537.36"
3.208.154.201 - - [08/Jun/2025:15:16:56 -0400] "GET / HTTP/1.1" 200 9390 "-" "Mozilla/5.0 (Macintosh; Intel Mac OS X 10_12_6) AppleWebKit/537.36 (KHTML, like Gecko) Chrome/63.0.3239.84 Safari/537.36"
139.59.58.126 - - [08/Jun/2025:15:16:31 -0400] "POST //xmlrpc.php HTTP/1.1" 200 189 "-" "Mozilla/5.0 (Windows NT 10.0; Win64; x64) AppleWebKit/537.36 (KHTML, like Gecko) Chrome/80.0.3987.149 Safari/537.36"
162.0.232.193 - - [08/Jun/2025:15:17:30 -0400] "POST /wp-cron.php?doing_wp_cron=1749410250.2133929729461669921875 HTTP/1.1" 200 0 "-" "WordPress/6.8.1; https://reversevillain.com"
139.59.58.126 - - [08/Jun/2025:15:17:01 -0400] "POST //xmlrpc.php HTTP/1.1" 200 205 "-" "Mozilla/5.0 (Windows NT 10.0; Win64; x64) AppleWebKit/537.36 (KHTML, like Gecko) Chrome/80.0.3987.149 Safari/537.36"
139.59.58.126 - - [08/Jun/2025:15:17:31 -0400] "POST //xmlrpc.php HTTP/1.1" 200 205 "-" "Mozilla/5.0 (Windows NT 10.0; Win64; x64) AppleWebKit/537.36 (KHTML, like Gecko) Chrome/80.0.3987.149 Safari/537.36"
162.0.232.193 - - [08/Jun/2025:15:18:30 -0400] "POST /wp-cron.php?doing_wp_cron=1749410310.5157310962677001953125 HTTP/1.1" 200 0 "-" "WordPress/6.8.1; https://reversevillain.com"
139.59.58.126 - - [08/Jun/2025:15:18:00 -0400] "POST //xmlrpc.php HTTP/1.1" 200 205 "-" "Mozilla/5.0 (Windows NT 10.0; Win64; x64) AppleWebKit/537.36 (KHTML, like Gecko) Chrome/80.0.3987.149 Safari/537.36"
162.0.232.193 - - [08/Jun/2025:15:18:31 -0400] "POST /wp-admin/admin-ajax.php?action=async_litespeed&nonce=FYYogSzAeGTSGw487y413VPVTSuJxp7j&litespeed_type=imgoptm HTTP/1.1" 200 5 "-" "WordPress/6.8.1; https://reversevillain.com"
162.0.232.193 - - [08/Jun/2025:15:19:00 -0400] "POST /wp-cron.php?doing_wp_cron=1749410340.3152348995208740234375 HTTP/1.1" 200 0 "-" "WordPress/6.8.1; https://reversevillain.com"
139.59.58.126 - - [08/Jun/2025:15:18:31 -0400] "POST //xmlrpc.php HTTP/1.1" 200 205 "-" "Mozilla/5.0 (Windows NT 10.0; Win64; x64) AppleWebKit/537.36 (KHTML, like Gecko) Chrome/80.0.3987.149 Safari/537.36"
162.0.232.193 - - [08/Jun/2025:15:19:01 -0400] "POST /wp-admin/admin-ajax.php?action=async_litespeed&nonce=m9rC1gYipUcZhDQPmY6jEg1JKFyAAdLL&litespeed_type=imgoptm HTTP/1.1" 200 5 "-" "WordPress/6.8.1; https://reversevillain.com"
64.226.56.123 - - [08/Jun/2025:15:19:04 -0400] "GET /wp-content/uploads/2022/02/cropped-download-180x180.jpeg HTTP/1.1" 301 0 "-" "Dalvik/2.1.0 (Linux; U; Android 11; SM-A107F Build/RP1A.200720.012)"
64.226.56.123 - - [08/Jun/2025:15:19:05 -0400] "GET / HTTP/1.1" 200 9390 "-" "Dalvik/2.1.0 (Linux; U; Android 11; SM-A107F Build/RP1A.200720.012)"
162.0.232.193 - - [08/Jun/2025:15:19:30 -0400] "POST /wp-cron.php?doing_wp_cron=1749410370.3191659450531005859375 HTTP/1.1" 200 0 "-" "WordPress/6.8.1; https://reversevillain.com"
139.59.58.126 - - [08/Jun/2025:15:19:01 -0400] "POST //xmlrpc.php HTTP/1.1" 200 205 "-" "Mozilla/5.0 (Windows NT 10.0; Win64; x64) AppleWebKit/537.36 (KHTML, like Gecko) Chrome/80.0.3987.149 Safari/537.36"
64.226.56.123 - - [08/Jun/2025:15:19:32 -0400] "GET /wp-content/uploads/2022/02/cropped-download-180x180.jpeg HTTP/1.1" 301 0 "-" "Dalvik/2.1.0 (Linux; U; Android 11; SM-A107F Build/RP1A.200720.012)"
64.226.56.123 - - [08/Jun/2025:15:19:32 -0400] "GET / HTTP/1.1" 200 9390 "-" "Dalvik/2.1.0 (Linux; U; Android 11; SM-A107F Build/RP1A.200720.012)"
64.226.56.123 - - [08/Jun/2025:15:19:44 -0400] "GET /wp-content/uploads/2022/02/cropped-download-180x180.jpeg HTTP/1.1" 301 0 "-" "Dalvik/2.1.0 (Linux; U; Android 11; SM-A107F Build/RP1A.200720.012)"
194.87.252.147 - - [08/Jun/2025:15:19:45 -0400] "GET / HTTP/1.1" 200 9390 "-" "Mozilla/5.0 (compatible; MSIE 9.0; Windows NT 10.0; Trident/5.0)"
64.226.56.123 - - [08/Jun/2025:15:19:45 -0400] "GET / HTTP/1.1" 200 9390 "-" "Dalvik/2.1.0 (Linux; U; Android 11; SM-A107F Build/RP1A.200720.012)"
194.87.252.147 - - [08/Jun/2025:15:19:46 -0400] "POST /wp-content/plugins/wp-automatic/inc/csv.php HTTP/1.1" 403 1242 "https://reversevillain.com/" "Mozilla/5.0 (compatible; MSIE 9.0; Windows NT 10.0; Trident/5.0)"
194.87.252.147 - - [08/Jun/2025:15:19:46 -0400] "POST /wp-content/plugins/wp-automatic/inc/csv.php HTTP/1.1" 200 26 "https://reversevillain.com/wp-content/plugins/wp-automatic/inc/csv.php" "Mozilla/5.0 (compatible; MSIE 9.0; Windows NT 10.0; Trident/5.0)"
194.87.252.147 - - [08/Jun/2025:15:19:47 -0400] "POST /wp-content/plugins/wp-automatic/inc/csv.php HTTP/1.1" 200 26 "https://reversevillain.com/wp-content/plugins/wp-automatic/inc/csv.php" "Mozilla/5.0 (compatible; MSIE 9.0; Windows NT 10.0; Trident/5.0)"
194.87.252.147 - - [08/Jun/2025:15:19:48 -0400] "POST /wp-content/plugins/wp-automatic/inc/csv.php HTTP/1.1" 200 26 "https://reversevillain.com/wp-content/plugins/wp-automatic/inc/csv.php" "Mozilla/5.0 (compatible; MSIE 9.0; Windows NT 10.0; Trident/5.0)"
194.87.252.147 - - [08/Jun/2025:15:19:48 -0400] "POST /wp-content/plugins/wp-automatic/inc/csv.php HTTP/1.1" 200 26 "https://reversevillain.com/wp-content/plugins/wp-automatic/inc/csv.php" "Mozilla/5.0 (compatible; MSIE 9.0; Windows NT 10.0; Trident/5.0)"
89.251.0.215 - - [08/Jun/2025:15:19:49 -0400] "GET / HTTP/1.1" 200 9390 "-" "Mozilla/5.0 (X11; Linux x86_64) AppleWebKit/537.36 (KHTML, like Gecko) Chrome/120.0.0.0 Safari/537.36"
64.226.56.123 - - [08/Jun/2025:15:19:50 -0400] "GET /wp-content/uploads/2022/02/cropped-download-180x180.jpeg HTTP/1.1" 301 0 "-" "Dalvik/2.1.0 (Linux; U; Android 11; SM-A107F Build/RP1A.200720.012)"
64.226.56.123 - - [08/Jun/2025:15:19:51 -0400] "GET / HTTP/1.1" 200 9390 "-" "Dalvik/2.1.0 (Linux; U; Android 11; SM-A107F Build/RP1A.200720.012)"
194.87.252.147 - - [08/Jun/2025:15:19:51 -0400] "POST /wp-content/plugins/wp-automatic/inc/csv.php0ea2f5ff8f53.php HTTP/1.1" 403 1242 "https://reversevillain.com/wp-content/plugins/wp-automatic/inc/csv.php" "Mozilla/5.0 (compatible; MSIE 9.0; Windows NT 10.0; Trident/5.0)"
194.87.252.147 - - [08/Jun/2025:15:19:52 -0400] "POST /wp-content/plugins/wp-automatic/inc/csv.php0ea2f5ff8f53.php HTTP/1.1" 301 0 "https://reversevillain.com/wp-content/plugins/wp-automatic/inc/csv.php0ea2f5ff8f53.php" "Mozilla/5.0 (compatible; MSIE 9.0; Windows NT 10.0; Trident/5.0)"
194.87.252.147 - - [08/Jun/2025:15:19:52 -0400] "GET / HTTP/1.1" 200 9390 "https://reversevillain.com/wp-content/plugins/wp-automatic/inc/csv.php0ea2f5ff8f53.php" "Mozilla/5.0 (compatible; MSIE 9.0; Windows NT 10.0; Trident/5.0)"
194.87.252.147 - - [08/Jun/2025:15:19:52 -0400] "POST /wp-content/plugins/wp-automatic/inc/csv.php0ea2f5ff8f53.php HTTP/1.1" 301 0 "https://reversevillain.com/" "Mozilla/5.0 (compatible; MSIE 9.0; Windows NT 10.0; Trident/5.0)"
194.87.252.147 - - [08/Jun/2025:15:19:53 -0400] "GET / HTTP/1.1" 200 9390 "https://reversevillain.com/" "Mozilla/5.0 (compatible; MSIE 9.0; Windows NT 10.0; Trident/5.0)"
194.87.252.147 - - [08/Jun/2025:15:19:53 -0400] "POST /wp-content/plugins/wp-automatic/inc/csv.php0ea2f5ff8f53.php HTTP/1.1" 301 0 "https://reversevillain.com/" "Mozilla/5.0 (compatible; MSIE 9.0; Windows NT 10.0; Trident/5.0)"
194.87.252.147 - - [08/Jun/2025:15:19:53 -0400] "GET / HTTP/1.1" 200 9390 "https://reversevillain.com/" "Mozilla/5.0 (compatible; MSIE 9.0; Windows NT 10.0; Trident/5.0)"
194.87.252.147 - - [08/Jun/2025:15:19:54 -0400] "POST /wp-content/plugins/wp-automatic/inc/csv.php0ea2f5ff8f53.php HTTP/1.1" 301 0 "https://reversevillain.com/" "Mozilla/5.0 (compatible; MSIE 9.0; Windows NT 10.0; Trident/5.0)"
194.87.252.147 - - [08/Jun/2025:15:19:55 -0400] "GET / HTTP/1.1" 200 9390 "https://reversevillain.com/" "Mozilla/5.0 (compatible; MSIE 9.0; Windows NT 10.0; Trident/5.0)"
194.87.252.147 - - [08/Jun/2025:15:19:55 -0400] "GET /wp-login.php HTTP/1.1" 200 2047 "https://reversevillain.com/" "Mozilla/5.0 (compatible; MSIE 9.0; Windows NT 10.0; Trident/5.0)"
194.87.252.147 - - [08/Jun/2025:15:19:56 -0400] "POST /wp-login.php HTTP/1.1" 200 2131 "https://reversevillain.com/wp-login.php" "Mozilla/5.0 (compatible; MSIE 9.0; Windows NT 10.0; Trident/5.0)"
194.87.252.147 - - [08/Jun/2025:15:19:57 -0400] "GET /wp-admin/plugins.php HTTP/1.1" 302 0 "https://reversevillain.com/wp-login.php" "Mozilla/5.0 (compatible; MSIE 9.0; Windows NT 10.0; Trident/5.0)"
194.87.252.147 - - [08/Jun/2025:15:19:57 -0400] "GET /wp-login.php?redirect_to=https%3A%2F%2Freversevillain.com%2Fwp-admin%2Fplugins.php&reauth=1 HTTP/1.1" 200 2057 "https://reversevillain.com/wp-login.php" "Mozilla/5.0 (compatible; MSIE 9.0; Windows NT 10.0; Trident/5.0)"
139.59.58.126 - - [08/Jun/2025:15:19:30 -0400] "POST //xmlrpc.php HTTP/1.1" 200 205 "-" "Mozilla/5.0 (Windows NT 10.0; Win64; x64) AppleWebKit/537.36 (KHTML, like Gecko) Chrome/80.0.3987.149 Safari/537.36"
162.0.232.193 - - [08/Jun/2025:15:20:31 -0400] "POST /wp-cron.php?doing_wp_cron=1749410430.8459489345550537109375 HTTP/1.1" 200 0 "-" "WordPress/6.8.1; https://reversevillain.com"
139.59.58.126 - - [08/Jun/2025:15:20:01 -0400] "POST //xmlrpc.php HTTP/1.1" 200 205 "-" "Mozilla/5.0 (Windows NT 10.0; Win64; x64) AppleWebKit/537.36 (KHTML, like Gecko) Chrome/80.0.3987.149 Safari/537.36"
162.0.232.193 - - [08/Jun/2025:15:20:31 -0400] "POST /wp-admin/admin-ajax.php?action=async_litespeed&nonce=PpL3i3ZlZR8VL0l7H9wXQdRci9w2MI61&litespeed_type=imgoptm HTTP/1.1" 200 5 "-" "WordPress/6.8.1; https://reversevillain.com"
162.0.232.193 - - [08/Jun/2025:15:21:01 -0400] "POST /wp-cron.php?doing_wp_cron=1749410461.1713559627532958984375 HTTP/1.1" 200 0 "-" "WordPress/6.8.1; https://reversevillain.com"
139.59.58.126 - - [08/Jun/2025:15:20:31 -0400] "POST //xmlrpc.php HTTP/1.1" 200 205 "-" "Mozilla/5.0 (Windows NT 10.0; Win64; x64) AppleWebKit/537.36 (KHTML, like Gecko) Chrome/80.0.3987.149 Safari/537.36"
162.0.232.193 - - [08/Jun/2025:15:21:01 -0400] "POST /wp-admin/admin-ajax.php?action=async_litespeed&nonce=tvf2M4vSParidKDLvP0WaxUW1EEhrQRU&litespeed_type=imgoptm HTTP/1.1" 200 5 "-" "WordPress/6.8.1; https://reversevillain.com"
162.0.232.193 - - [08/Jun/2025:15:21:31 -0400] "POST /wp-cron.php?doing_wp_cron=1749410491.0372960567474365234375 HTTP/1.1" 200 0 "-" "WordPress/6.8.1; https://reversevillain.com"
139.59.58.126 - - [08/Jun/2025:15:21:01 -0400] "POST //xmlrpc.php HTTP/1.1" 200 205 "-" "Mozilla/5.0 (Windows NT 10.0; Win64; x64) AppleWebKit/537.36 (KHTML, like Gecko) Chrome/80.0.3987.149 Safari/537.36"
139.59.58.126 - - [08/Jun/2025:15:21:31 -0400] "POST //xmlrpc.php HTTP/1.1" 200 205 "-" "Mozilla/5.0 (Windows NT 10.0; Win64; x64) AppleWebKit/537.36 (KHTML, like Gecko) Chrome/80.0.3987.149 Safari/537.36"
139.59.58.126 - - [08/Jun/2025:15:22:01 -0400] "POST //xmlrpc.php HTTP/1.1" 200 205 "-" "Mozilla/5.0 (Windows NT 10.0; Win64; x64) AppleWebKit/537.36 (KHTML, like Gecko) Chrome/80.0.3987.149 Safari/537.36"
162.0.232.193 - - [08/Jun/2025:15:23:01 -0400] "POST /wp-cron.php?doing_wp_cron=1749410580.8349130153656005859375 HTTP/1.1" 200 0 "-" "WordPress/6.8.1; https://reversevillain.com"
139.59.58.126 - - [08/Jun/2025:15:22:30 -0400] "POST //xmlrpc.php HTTP/1.1" 200 205 "-" "Mozilla/5.0 (Windows NT 10.0; Win64; x64) AppleWebKit/537.36 (KHTML, like Gecko) Chrome/80.0.3987.149 Safari/537.36"
162.0.232.193 - - [08/Jun/2025:15:23:01 -0400] "POST /wp-admin/admin-ajax.php?action=async_litespeed&nonce=WCBl2wsmDlyGxTQy7QQisiC8uAxW3ggm&litespeed_type=imgoptm HTTP/1.1" 200 5 "-" "WordPress/6.8.1; https://reversevillain.com"
2600:387:15:1d14::c - - [08/Jun/2025:15:23:05 -0400] "GET /wp-content/uploads/2022/02/cropped-download-192x192.jpeg HTTP/1.1" 301 0 "-" "OperaGX/2825 CFNetwork/3826.500.131 Darwin/24.5.0"
2600:387:15:1d14::c - - [08/Jun/2025:15:23:05 -0400] "GET / HTTP/1.1" 200 9390 "-" "OperaGX/2825 CFNetwork/3826.500.131 Darwin/24.5.0"
139.59.58.126 - - [08/Jun/2025:15:23:01 -0400] "POST //xmlrpc.php HTTP/1.1" 200 205 "-" "Mozilla/5.0 (Windows NT 10.0; Win64; x64) AppleWebKit/537.36 (KHTML, like Gecko) Chrome/80.0.3987.149 Safari/537.36"
139.59.58.126 - - [08/Jun/2025:15:23:31 -0400] "POST //xmlrpc.php HTTP/1.1" 200 205 "-" "Mozilla/5.0 (Windows NT 10.0; Win64; x64) AppleWebKit/537.36 (KHTML, like Gecko) Chrome/80.0.3987.149 Safari/537.36"
162.0.232.193 - - [08/Jun/2025:15:24:31 -0400] "POST /wp-cron.php?doing_wp_cron=1749410671.1161921024322509765625 HTTP/1.1" 200 0 "-" "WordPress/6.8.1; https://reversevillain.com"
139.59.58.126 - - [08/Jun/2025:15:24:00 -0400] "POST //xmlrpc.php HTTP/1.1" 200 205 "-" "Mozilla/5.0 (Windows NT 10.0; Win64; x64) AppleWebKit/537.36 (KHTML, like Gecko) Chrome/80.0.3987.149 Safari/537.36"
139.59.58.126 - - [08/Jun/2025:15:24:31 -0400] "POST //xmlrpc.php HTTP/1.1" 200 205 "-" "Mozilla/5.0 (Windows NT 10.0; Win64; x64) AppleWebKit/537.36 (KHTML, like Gecko) Chrome/80.0.3987.149 Safari/537.36"
139.59.58.126 - - [08/Jun/2025:15:25:01 -0400] "POST //xmlrpc.php HTTP/1.1" 200 205 "-" "Mozilla/5.0 (Windows NT 10.0; Win64; x64) AppleWebKit/537.36 (KHTML, like Gecko) Chrome/80.0.3987.149 Safari/537.36"
162.0.232.193 - - [08/Jun/2025:15:25:53 -0400] "POST /wp-cron.php?doing_wp_cron=1749410753.3218140602111816406250 HTTP/1.1" 200 0 "-" "WordPress/6.8.1; https://reversevillain.com"
35.197.15.213 - - [08/Jun/2025:15:25:53 -0400] "GET /media/system/js/core.js HTTP/1.1" 301 0 "http://reversevillain.com/media/system/js/core.js" "Mozilla/5.0 (Macintosh; Intel Mac OS X 10_10_1) AppleWebKit/537.36 (KHTML, like Gecko) Chrome/39.0.2171.95 Safari/537.36"
35.197.15.213 - - [08/Jun/2025:15:25:53 -0400] "GET / HTTP/1.1" 200 9390 "https://reversevillain.com/media/system/js/core.js" "Mozilla/5.0 (Macintosh; Intel Mac OS X 10_10_1) AppleWebKit/537.36 (KHTML, like Gecko) Chrome/39.0.2171.95 Safari/537.36"
162.0.232.193 - - [08/Jun/2025:15:25:53 -0400] "POST /wp-admin/admin-ajax.php?action=async_litespeed&nonce=BRFx1csWJNICBICZT90dQX7N2CKIDzam&litespeed_type=imgoptm HTTP/1.1" 200 5 "-" "WordPress/6.8.1; https://reversevillain.com"
35.197.15.213 - - [08/Jun/2025:15:25:56 -0400] "GET /wp-includes/js/jquery/jquery.js HTTP/1.1" 200 81316 "http://reversevillain.com/wp-includes/js/jquery/jquery.js" "Mozilla/5.0 (Macintosh; Intel Mac OS X 10_10_1) AppleWebKit/537.36 (KHTML, like Gecko) Chrome/39.0.2171.95 Safari/537.36"
139.59.58.126 - - [08/Jun/2025:15:25:30 -0400] "POST //xmlrpc.php HTTP/1.1" 200 205 "-" "Mozilla/5.0 (Windows NT 10.0; Win64; x64) AppleWebKit/537.36 (KHTML, like Gecko) Chrome/80.0.3987.149 Safari/537.36"
162.0.232.193 - - [08/Jun/2025:15:26:30 -0400] "POST /wp-cron.php?doing_wp_cron=1749410790.1392509937286376953125 HTTP/1.1" 200 0 "-" "WordPress/6.8.1; https://reversevillain.com"
139.59.58.126 - - [08/Jun/2025:15:26:01 -0400] "POST //xmlrpc.php HTTP/1.1" 200 205 "-" "Mozilla/5.0 (Windows NT 10.0; Win64; x64) AppleWebKit/537.36 (KHTML, like Gecko) Chrome/80.0.3987.149 Safari/537.36"
