151.250.142.167 - - [08/Jun/2025:08:55:21 -0400] "GET /wp-content/themes/toivo-lite/style.css?ver=1.2.0 HTTP/1.1" 200 13718 "https://remonster.online/" "Mozilla/5.0 (Linux; Android 10; K) AppleWebKit/537.36 (KHTML, like Gecko) Chrome/137.0.0.0 Mobile Safari/537.36"
151.250.142.167 - - [08/Jun/2025:08:55:21 -0400] "GET /wp-includes/js/jquery/jquery-migrate.min.js?ver=3.4.1 HTTP/1.1" 200 4678 "https://remonster.online/" "Mozilla/5.0 (Linux; Android 10; K) AppleWebKit/537.36 (KHTML, like Gecko) Chrome/137.0.0.0 Mobile Safari/537.36"
151.250.142.167 - - [08/Jun/2025:08:55:21 -0400] "GET /wp-content/plugins/simple-social-buttons/assets/js/front.js?ver=5.3.1 HTTP/1.1" 200 1932 "https://remonster.online/" "Mozilla/5.0 (Linux; Android 10; K) AppleWebKit/537.36 (KHTML, like Gecko) Chrome/137.0.0.0 Mobile Safari/537.36"
151.250.142.167 - - [08/Jun/2025:08:55:21 -0400] "GET /wp-content/plugins/comic-easel/js/keynav.js HTTP/1.1" 200 302 "https://remonster.online/" "Mozilla/5.0 (Linux; Android 10; K) AppleWebKit/537.36 (KHTML, like Gecko) Chrome/137.0.0.0 Mobile Safari/537.36"
151.250.142.167 - - [08/Jun/2025:08:55:22 -0400] "GET /wp-content/themes/toivo-lite/js/responsive-nav.min.js?ver=1.2.0 HTTP/1.1" 200 2102 "https://remonster.online/" "Mozilla/5.0 (Linux; Android 10; K) AppleWebKit/537.36 (KHTML, like Gecko) Chrome/137.0.0.0 Mobile Safari/537.36"
151.250.142.167 - - [08/Jun/2025:08:55:22 -0400] "GET /wp-content/themes/toivo-lite/js/settings.min.js?ver=1.2.0 HTTP/1.1" 200 307 "https://remonster.online/" "Mozilla/5.0 (Linux; Android 10; K) AppleWebKit/537.36 (KHTML, like Gecko) Chrome/137.0.0.0 Mobile Safari/537.36"
151.250.142.167 - - [08/Jun/2025:08:55:22 -0400] "GET /wp-content/themes/toivo-lite/js/functions.min.js?ver=1.2.0 HTTP/1.1" 200 593 "https://remonster.online/" "Mozilla/5.0 (Linux; Android 10; K) AppleWebKit/537.36 (KHTML, like Gecko) Chrome/137.0.0.0 Mobile Safari/537.36"
151.250.142.167 - - [08/Jun/2025:08:55:26 -0400] "GET /wp-content/uploads/2021/11/cropped-CeDzRGZ-192x192.png HTTP/1.1" 200 68304 "https://remonster.online/" "Mozilla/5.0 (Linux; Android 10; K) AppleWebKit/537.36 (KHTML, like Gecko) Chrome/137.0.0.0 Mobile Safari/537.36"
151.250.142.167 - - [08/Jun/2025:08:55:26 -0400] "GET /wp-content/uploads/2021/11/cropped-CeDzRGZ-180x180.png HTTP/1.1" 200 60430 "https://remonster.online/" "Mozilla/5.0 (Linux; Android 10; K) AppleWebKit/537.36 (KHTML, like Gecko) Chrome/137.0.0.0 Mobile Safari/537.36"
151.250.142.167 - - [08/Jun/2025:08:55:27 -0400] "GET /manga/remonster-chapter-106/ HTTP/1.1" 200 14313 "https://remonster.online/" "Mozilla/5.0 (Linux; Android 10; K) AppleWebKit/537.36 (KHTML, like Gecko) Chrome/137.0.0.0 Mobile Safari/537.36"
151.250.142.167 - - [08/Jun/2025:08:55:28 -0400] "GET /manga/remonster-chapter-106/ HTTP/1.1" 304 0 "https://remonster.online/" "Mozilla/5.0 (Linux; Android 10; K) AppleWebKit/537.36 (KHTML, like Gecko) Chrome/137.0.0.0 Mobile Safari/537.36"
151.250.142.167 - - [08/Jun/2025:08:55:28 -0400] "GET /wp-content/plugins/wp-automatic/js/main-front.js?ver=6.6.2 HTTP/1.1" 200 316 "https://remonster.online/manga/remonster-chapter-106/" "Mozilla/5.0 (Linux; Android 10; K) AppleWebKit/537.36 (KHTML, like Gecko) Chrome/137.0.0.0 Mobile Safari/537.36"
151.250.142.167 - - [08/Jun/2025:08:55:28 -0400] "GET /wp-content/plugins/disqus-comment-system/public/js/comment_count.js?ver=3.1.2 HTTP/1.1" 200 354 "https://remonster.online/manga/remonster-chapter-106/" "Mozilla/5.0 (Linux; Android 10; K) AppleWebKit/537.36 (KHTML, like Gecko) Chrome/137.0.0.0 Mobile Safari/537.36"
151.250.142.167 - - [08/Jun/2025:08:55:28 -0400] "GET /wp-content/plugins/wp-automatic/css/wp-automatic.css?ver=1.0.0 HTTP/1.1" 200 537 "https://remonster.online/manga/remonster-chapter-106/" "Mozilla/5.0 (Linux; Android 10; K) AppleWebKit/537.36 (KHTML, like Gecko) Chrome/137.0.0.0 Mobile Safari/537.36"
151.250.142.167 - - [08/Jun/2025:08:55:28 -0400] "GET /wp-content/plugins/disqus-comment-system/public/js/comment_embed.js?ver=3.1.2 HTTP/1.1" 200 653 "https://remonster.online/manga/remonster-chapter-106/" "Mozilla/5.0 (Linux; Android 10; K) AppleWebKit/537.36 (KHTML, like Gecko) Chrome/137.0.0.0 Mobile Safari/537.36"
151.250.142.167 - - [08/Jun/2025:08:55:29 -0400] "GET /wp-includes/js/comment-reply.min.js?ver=6.6.2 HTTP/1.1" 200 1228 "https://remonster.online/manga/remonster-chapter-106/" "Mozilla/5.0 (Linux; Android 10; K) AppleWebKit/537.36 (KHTML, like Gecko) Chrome/137.0.0.0 Mobile Safari/537.36"
151.250.142.167 - - [08/Jun/2025:08:55:29 -0400] "GET /wp-content/plugins/simple-social-buttons/assets/fonts/ssb-icon.ttf?eahqa2 HTTP/1.1" 200 6624 "https://remonster.online/wp-content/plugins/simple-social-buttons/assets/css/front.css?ver=5.3.1" "Mozilla/5.0 (Linux; Android 10; K) AppleWebKit/537.36 (KHTML, like Gecko) Chrome/137.0.0.0 Mobile Safari/537.36"
151.250.142.167 - - [08/Jun/2025:08:55:31 -0400] "GET /wp-content/uploads/2021/11/CeDzRGZ-768x682.png HTTP/1.1" 200 1056180 "https://remonster.online/manga/remonster-chapter-106/" "Mozilla/5.0 (Linux; Android 10; K) AppleWebKit/537.36 (KHTML, like Gecko) Chrome/137.0.0.0 Mobile Safari/537.36"
2001:8f8:1425:2773:88f9:2263:b86a:584c - - [08/Jun/2025:08:55:32 -0400] "GET /manga/re-monster-chapter-61/ HTTP/1.1" 200 17376 "https://remonster.online/" "Mozilla/5.0 (iPhone; CPU iPhone OS 18_5 like Mac OS X) AppleWebKit/605.1.15 (KHTML, like Gecko) Version/18.5 Mobile/15E148 Safari/604.1"
2a02:26f7:c5c8:4000:4000::e - - [08/Jun/2025:08:55:34 -0400] "GET / HTTP/1.1" 200 10813 "-" "Mozilla/5.0 (iPhone; CPU iPhone OS 18_5 like Mac OS X) AppleWebKit/605.1.15 (KHTML, like Gecko) Version/18.5 Mobile/15E148 Safari/604.1"
2a02:26f7:c5c8:4000:4000::e - - [08/Jun/2025:08:55:35 -0400] "GET /wp-content/plugins/simple-social-buttons/assets/css/front.css?ver=5.3.1 HTTP/1.1" 200 10295 "https://remonster.online/" "Mozilla/5.0 (iPhone; CPU iPhone OS 18_5 like Mac OS X) AppleWebKit/605.1.15 (KHTML, like Gecko) Version/18.5 Mobile/15E148 Safari/604.1"
2a02:26f7:c5c8:4000:4000::e - - [08/Jun/2025:08:55:35 -0400] "GET /wp-includes/css/dist/block-library/style.min.css?ver=6.6.2 HTTP/1.1" 200 13903 "https://remonster.online/" "Mozilla/5.0 (iPhone; CPU iPhone OS 18_5 like Mac OS X) AppleWebKit/605.1.15 (KHTML, like Gecko) Version/18.5 Mobile/15E148 Safari/604.1"
2a02:26f7:c5c8:4000:4000::e - - [08/Jun/2025:08:55:35 -0400] "GET /wp-content/themes/toivo-lite/style.css?ver=1.2.0 HTTP/1.1" 200 13718 "https://remonster.online/" "Mozilla/5.0 (iPhone; CPU iPhone OS 18_5 like Mac OS X) AppleWebKit/605.1.15 (KHTML, like Gecko) Version/18.5 Mobile/15E148 Safari/604.1"
2a02:26f7:c5c8:4000:4000::e - - [08/Jun/2025:08:55:35 -0400] "GET /wp-includes/js/jquery/jquery-migrate.min.js?ver=3.4.1 HTTP/1.1" 200 4678 "https://remonster.online/" "Mozilla/5.0 (iPhone; CPU iPhone OS 18_5 like Mac OS X) AppleWebKit/605.1.15 (KHTML, like Gecko) Version/18.5 Mobile/15E148 Safari/604.1"
2a02:26f7:c5c8:4000:4000::e - - [08/Jun/2025:08:55:35 -0400] "GET /wp-includes/js/jquery/jquery.min.js?ver=3.7.1 HTTP/1.1" 200 29744 "https://remonster.online/" "Mozilla/5.0 (iPhone; CPU iPhone OS 18_5 like Mac OS X) AppleWebKit/605.1.15 (KHTML, like Gecko) Version/18.5 Mobile/15E148 Safari/604.1"
2a02:26f7:c5c8:4000:4000::e - - [08/Jun/2025:08:55:35 -0400] "GET /wp-content/plugins/simple-social-buttons/assets/js/frontend-blocks.js?ver=5.3.1 HTTP/1.1" 200 0 "https://remonster.online/" "Mozilla/5.0 (iPhone; CPU iPhone OS 18_5 like Mac OS X) AppleWebKit/605.1.15 (KHTML, like Gecko) Version/18.5 Mobile/15E148 Safari/604.1"
2a02:26f7:c5c8:4000:4000::e - - [08/Jun/2025:08:55:35 -0400] "GET /wp-content/uploads/2021/11/8168f-bSGoS.jpeg HTTP/1.1" 200 428790 "https://remonster.online/" "Mozilla/5.0 (iPhone; CPU iPhone OS 18_5 like Mac OS X) AppleWebKit/605.1.15 (KHTML, like Gecko) Version/18.5 Mobile/15E148 Safari/604.1"
2a02:26f7:c5c8:4000:4000::e - - [08/Jun/2025:08:55:35 -0400] "GET /wp-content/plugins/comic-easel/js/keynav.js HTTP/1.1" 200 302 "https://remonster.online/" "Mozilla/5.0 (iPhone; CPU iPhone OS 18_5 like Mac OS X) AppleWebKit/605.1.15 (KHTML, like Gecko) Version/18.5 Mobile/15E148 Safari/604.1"
2a02:26f7:c5c8:4000:4000::e - - [08/Jun/2025:08:55:35 -0400] "GET /wp-content/themes/toivo-lite/fonts/genericons/genericons/genericons.min.css?ver=3.3 HTTP/1.1" 200 15959 "https://remonster.online/" "Mozilla/5.0 (iPhone; CPU iPhone OS 18_5 like Mac OS X) AppleWebKit/605.1.15 (KHTML, like Gecko) Version/18.5 Mobile/15E148 Safari/604.1"
2a02:26f7:c5c8:4000:4000::e - - [08/Jun/2025:08:55:35 -0400] "GET /wp-content/plugins/widgets-on-pages/public/css/widgets-on-pages-public.css?ver=1.4.0 HTTP/1.1" 200 83 "https://remonster.online/" "Mozilla/5.0 (iPhone; CPU iPhone OS 18_5 like Mac OS X) AppleWebKit/605.1.15 (KHTML, like Gecko) Version/18.5 Mobile/15E148 Safari/604.1"
2a02:26f7:c5c8:4000:4000::e - - [08/Jun/2025:08:55:35 -0400] "GET /wp-content/themes/toivo-lite/js/responsive-nav.min.js?ver=1.2.0 HTTP/1.1" 200 2102 "https://remonster.online/" "Mozilla/5.0 (iPhone; CPU iPhone OS 18_5 like Mac OS X) AppleWebKit/605.1.15 (KHTML, like Gecko) Version/18.5 Mobile/15E148 Safari/604.1"
2a02:26f7:c5c8:4000:4000::e - - [08/Jun/2025:08:55:35 -0400] "GET /wp-content/plugins/links-auto-replacer/public/js/lar-public.js?ver=2.0.0 HTTP/1.1" 200 393 "https://remonster.online/" "Mozilla/5.0 (iPhone; CPU iPhone OS 18_5 like Mac OS X) AppleWebKit/605.1.15 (KHTML, like Gecko) Version/18.5 Mobile/15E148 Safari/604.1"
2a02:26f7:c5c8:4000:4000::e - - [08/Jun/2025:08:55:35 -0400] "GET /wp-content/themes/toivo-lite/js/settings.min.js?ver=1.2.0 HTTP/1.1" 200 307 "https://remonster.online/" "Mozilla/5.0 (iPhone; CPU iPhone OS 18_5 like Mac OS X) AppleWebKit/605.1.15 (KHTML, like Gecko) Version/18.5 Mobile/15E148 Safari/604.1"
2a02:26f7:c5c8:4000:4000::e - - [08/Jun/2025:08:55:35 -0400] "GET /wp-content/themes/toivo-lite/js/functions.min.js?ver=1.2.0 HTTP/1.1" 200 593 "https://remonster.online/" "Mozilla/5.0 (iPhone; CPU iPhone OS 18_5 like Mac OS X) AppleWebKit/605.1.15 (KHTML, like Gecko) Version/18.5 Mobile/15E148 Safari/604.1"
2a02:26f7:c5c8:4000:4000::e - - [08/Jun/2025:08:55:35 -0400] "GET /wp-content/plugins/simple-social-buttons/assets/js/front.js?ver=5.3.1 HTTP/1.1" 200 1932 "https://remonster.online/" "Mozilla/5.0 (iPhone; CPU iPhone OS 18_5 like Mac OS X) AppleWebKit/605.1.15 (KHTML, like Gecko) Version/18.5 Mobile/15E148 Safari/604.1"
2a02:26f7:c5c8:4000:4000::e - - [08/Jun/2025:08:55:36 -0400] "GET /wp-content/uploads/2021/11/LN_v09_001.jpeg HTTP/1.1" 200 1105440 "https://remonster.online/" "Mozilla/5.0 (iPhone; CPU iPhone OS 18_5 like Mac OS X) AppleWebKit/605.1.15 (KHTML, like Gecko) Version/18.5 Mobile/15E148 Safari/604.1"
2a02:26f7:c5c8:4000:4000::e - - [08/Jun/2025:08:55:36 -0400] "GET /wp-content/themes/toivo-lite/fonts/genericons/genericons/Genericons.svg HTTP/1.1" 200 23714 "https://remonster.online/" "Mozilla/5.0 (iPhone; CPU iPhone OS 18_5 like Mac OS X) AppleWebKit/605.1.15 (KHTML, like Gecko) Version/18.5 Mobile/15E148 Safari/604.1"
2a02:26f7:c5c8:4000:4000::e - - [08/Jun/2025:08:55:37 -0400] "GET /wp-content/uploads/2021/11/cropped-670x300.jpg HTTP/1.1" 200 233958 "https://remonster.online/" "Mozilla/5.0 (iPhone; CPU iPhone OS 18_5 like Mac OS X) AppleWebKit/605.1.15 (KHTML, like Gecko) Version/18.5 Mobile/15E148 Safari/604.1"
151.250.142.167 - - [08/Jun/2025:08:55:40 -0400] "GET /manga/remonster-chapter-98/ HTTP/1.1" 200 15029 "https://remonster.online/manga/remonster-chapter-106/" "Mozilla/5.0 (Linux; Android 10; K) AppleWebKit/537.36 (KHTML, like Gecko) Chrome/137.0.0.0 Mobile Safari/537.36"
151.250.142.167 - - [08/Jun/2025:08:55:40 -0400] "GET /manga/remonster-chapter-103/ HTTP/1.1" 200 15069 "https://remonster.online/manga/remonster-chapter-106/" "Mozilla/5.0 (Linux; Android 10; K) AppleWebKit/537.36 (KHTML, like Gecko) Chrome/137.0.0.0 Mobile Safari/537.36"
151.250.142.167 - - [08/Jun/2025:08:55:41 -0400] "GET /manga/remonster-chapter-106/ HTTP/1.1" 304 0 "https://remonster.online/manga/remonster-chapter-106/" "Mozilla/5.0 (Linux; Android 10; K) AppleWebKit/537.36 (KHTML, like Gecko) Chrome/137.0.0.0 Mobile Safari/537.36"
151.250.142.167 - - [08/Jun/2025:08:55:41 -0400] "GET /manga/remonster-chapter-106/ HTTP/1.1" 304 0 "https://remonster.online/manga/remonster-chapter-106/" "Mozilla/5.0 (Linux; Android 10; K) AppleWebKit/537.36 (KHTML, like Gecko) Chrome/137.0.0.0 Mobile Safari/537.36"
2a02:26f7:c5c8:4000:4000::e - - [08/Jun/2025:08:55:42 -0400] "GET /wp-content/uploads/2021/11/cropped-CeDzRGZ-192x192.png HTTP/1.1" 200 68304 "https://remonster.online/" "Mozilla/5.0 (iPhone; CPU iPhone OS 18_5 like Mac OS X) AppleWebKit/605.1.15 (KHTML, like Gecko) Version/18.5 Mobile/15E148 Safari/604.1"
2a02:26f7:c5c8:4000:4000::e - - [08/Jun/2025:08:55:42 -0400] "GET /wp-content/uploads/2021/11/cropped-CeDzRGZ-32x32.png HTTP/1.1" 200 2410 "https://remonster.online/" "Mozilla/5.0 (iPhone; CPU iPhone OS 18_5 like Mac OS X) AppleWebKit/605.1.15 (KHTML, like Gecko) Version/18.5 Mobile/15E148 Safari/604.1"
2a02:26f7:c5c8:4000:4000::e - - [08/Jun/2025:08:55:45 -0400] "GET /manga/re-monster-chapter-67/ HTTP/1.1" 200 17972 "https://remonster.online/" "Mozilla/5.0 (iPhone; CPU iPhone OS 18_5 like Mac OS X) AppleWebKit/605.1.15 (KHTML, like Gecko) Version/18.5 Mobile/15E148 Safari/604.1"
151.250.142.167 - - [08/Jun/2025:08:55:46 -0400] "GET /manga/remonster-chapter-103/ HTTP/1.1" 304 0 "https://remonster.online/manga/remonster-chapter-106/" "Mozilla/5.0 (Linux; Android 10; K) AppleWebKit/537.36 (KHTML, like Gecko) Chrome/137.0.0.0 Mobile Safari/537.36"
2a02:26f7:c5c8:4000:4000::e - - [08/Jun/2025:08:55:46 -0400] "GET /wp-content/plugins/wp-automatic/css/wp-automatic.css?ver=1.0.0 HTTP/1.1" 200 537 "https://remonster.online/manga/re-monster-chapter-67/" "Mozilla/5.0 (iPhone; CPU iPhone OS 18_5 like Mac OS X) AppleWebKit/605.1.15 (KHTML, like Gecko) Version/18.5 Mobile/15E148 Safari/604.1"
2a02:26f7:c5c8:4000:4000::e - - [08/Jun/2025:08:55:46 -0400] "GET /wp-content/plugins/wp-automatic/js/main-front.js?ver=6.6.2 HTTP/1.1" 200 316 "https://remonster.online/manga/re-monster-chapter-67/" "Mozilla/5.0 (iPhone; CPU iPhone OS 18_5 like Mac OS X) AppleWebKit/605.1.15 (KHTML, like Gecko) Version/18.5 Mobile/15E148 Safari/604.1"
2a02:26f7:c5c8:4000:4000::e - - [08/Jun/2025:08:55:46 -0400] "GET /wp-content/plugins/disqus-comment-system/public/js/comment_count.js?ver=3.1.2 HTTP/1.1" 200 354 "https://remonster.online/manga/re-monster-chapter-67/" "Mozilla/5.0 (iPhone; CPU iPhone OS 18_5 like Mac OS X) AppleWebKit/605.1.15 (KHTML, like Gecko) Version/18.5 Mobile/15E148 Safari/604.1"
151.250.142.167 - - [08/Jun/2025:08:55:46 -0400] "GET /manga/remonster-chapter-105/ HTTP/1.1" 200 18283 "https://remonster.online/manga/remonster-chapter-106/" "Mozilla/5.0 (Linux; Android 10; K) AppleWebKit/537.36 (KHTML, like Gecko) Chrome/137.0.0.0 Mobile Safari/537.36"
2a02:26f7:c5c8:4000:4000::e - - [08/Jun/2025:08:55:46 -0400] "GET /wp-content/plugins/disqus-comment-system/public/js/comment_embed.js?ver=3.1.2 HTTP/1.1" 200 653 "https://remonster.online/manga/re-monster-chapter-67/" "Mozilla/5.0 (iPhone; CPU iPhone OS 18_5 like Mac OS X) AppleWebKit/605.1.15 (KHTML, like Gecko) Version/18.5 Mobile/15E148 Safari/604.1"
2a02:26f7:c5c8:4000:4000::e - - [08/Jun/2025:08:55:46 -0400] "GET /wp-includes/js/comment-reply.min.js?ver=6.6.2 HTTP/1.1" 200 1228 "https://remonster.online/manga/re-monster-chapter-67/" "Mozilla/5.0 (iPhone; CPU iPhone OS 18_5 like Mac OS X) AppleWebKit/605.1.15 (KHTML, like Gecko) Version/18.5 Mobile/15E148 Safari/604.1"
151.250.142.167 - - [08/Jun/2025:08:55:46 -0400] "GET /manga/remonster-chapter-105/ HTTP/1.1" 304 0 "https://remonster.online/manga/remonster-chapter-106/" "Mozilla/5.0 (Linux; Android 10; K) AppleWebKit/537.36 (KHTML, like Gecko) Chrome/137.0.0.0 Mobile Safari/537.36"
2a02:26f7:c5c8:4000:4000::e - - [08/Jun/2025:08:55:47 -0400] "GET /wp-content/plugins/simple-social-buttons/assets/fonts/ssb-icon.ttf?eahqa2 HTTP/1.1" 200 6624 "https://remonster.online/" "Mozilla/5.0 (iPhone; CPU iPhone OS 18_5 like Mac OS X) AppleWebKit/605.1.15 (KHTML, like Gecko) Version/18.5 Mobile/15E148 Safari/604.1"
162.0.232.193 - - [08/Jun/2025:08:55:47 -0400] "POST /wp-cron.php?doing_wp_cron=1749387347.2575430870056152343750 HTTP/1.1" 200 0 "-" "WordPress/6.6.2; https://remonster.online"
2a02:26f7:c5c8:4000:4000::e - - [08/Jun/2025:08:55:47 -0400] "POST /wp-admin/admin-ajax.php HTTP/1.1" 200 69 "https://remonster.online/manga/re-monster-chapter-67/" "Mozilla/5.0 (iPhone; CPU iPhone OS 18_5 like Mac OS X) AppleWebKit/605.1.15 (KHTML, like Gecko) Version/18.5 Mobile/15E148 Safari/604.1"
151.250.142.167 - - [08/Jun/2025:08:55:47 -0400] "POST /wp-admin/admin-ajax.php HTTP/1.1" 200 69 "https://remonster.online/manga/remonster-chapter-105/" "Mozilla/5.0 (Linux; Android 10; K) AppleWebKit/537.36 (KHTML, like Gecko) Chrome/137.0.0.0 Mobile Safari/537.36"
2001:8f8:1425:2773:88f9:2263:b86a:584c - - [08/Jun/2025:08:55:52 -0400] "GET /manga/re-monster-chapter-60/ HTTP/1.1" 200 17841 "https://remonster.online/manga/re-monster-chapter-61/" "Mozilla/5.0 (iPhone; CPU iPhone OS 18_5 like Mac OS X) AppleWebKit/605.1.15 (KHTML, like Gecko) Version/18.5 Mobile/15E148 Safari/604.1"
2001:8f8:1425:2773:88f9:2263:b86a:584c - - [08/Jun/2025:08:55:53 -0400] "POST /wp-admin/admin-ajax.php HTTP/1.1" 200 69 "https://remonster.online/manga/re-monster-chapter-60/" "Mozilla/5.0 (iPhone; CPU iPhone OS 18_5 like Mac OS X) AppleWebKit/605.1.15 (KHTML, like Gecko) Version/18.5 Mobile/15E148 Safari/604.1"
2a02:26f7:c5c8:4000:4000::e - - [08/Jun/2025:08:56:06 -0400] "GET /manga/re-monster-chapter-57/ HTTP/1.1" 200 17451 "https://remonster.online/" "Mozilla/5.0 (iPhone; CPU iPhone OS 18_5 like Mac OS X) AppleWebKit/605.1.15 (KHTML, like Gecko) Version/18.5 Mobile/15E148 Safari/604.1"
2001:8f8:1425:2773:88f9:2263:b86a:584c - - [08/Jun/2025:08:56:14 -0400] "GET /manga/re-monster-chapter-59/ HTTP/1.1" 200 17413 "https://remonster.online/manga/re-monster-chapter-60/" "Mozilla/5.0 (iPhone; CPU iPhone OS 18_5 like Mac OS X) AppleWebKit/605.1.15 (KHTML, like Gecko) Version/18.5 Mobile/15E148 Safari/604.1"
2a02:26f7:c5c8:4000:4000::e - - [08/Jun/2025:08:56:18 -0400] "GET /wp-content/uploads/2021/11/CeDzRGZ-768x682.png HTTP/1.1" 200 1056180 "https://remonster.online/manga/re-monster-chapter-57/" "Mozilla/5.0 (iPhone; CPU iPhone OS 18_5 like Mac OS X) AppleWebKit/605.1.15 (KHTML, like Gecko) Version/18.5 Mobile/15E148 Safari/604.1"
2a02:810d:d01:ba00:b3c6:34:8685:c7c4 - - [08/Jun/2025:08:56:26 -0400] "GET /manga/re-monster-chapter-3/ HTTP/1.1" 304 0 "-" "Mozilla/5.0 (Linux; Android 10; K) AppleWebKit/537.36 (KHTML, like Gecko) Chrome/137.0.0.0 Mobile Safari/537.36"
2a02:810d:d01:ba00:b3c6:34:8685:c7c4 - - [08/Jun/2025:08:56:27 -0400] "GET /manga/re-monster-chapter-5/ HTTP/1.1" 200 18549 "-" "Mozilla/5.0 (Linux; Android 10; K) AppleWebKit/537.36 (KHTML, like Gecko) Chrome/137.0.0.0 Mobile Safari/537.36"
2a02:810d:d01:ba00:b3c6:34:8685:c7c4 - - [08/Jun/2025:08:56:27 -0400] "GET /manga/re-monster-chapter-5/ HTTP/1.1" 304 0 "https://remonster.online/manga/re-monster-chapter-4/" "Mozilla/5.0 (Linux; Android 10; K) AppleWebKit/537.36 (KHTML, like Gecko) Chrome/137.0.0.0 Mobile Safari/537.36"
162.0.232.193 - - [08/Jun/2025:08:56:28 -0400] "POST /wp-cron.php?doing_wp_cron=1749387388.6324210166931152343750 HTTP/1.1" 200 0 "-" "WordPress/6.6.2; https://remonster.online"
2a02:810d:d01:ba00:b3c6:34:8685:c7c4 - - [08/Jun/2025:08:56:28 -0400] "POST /wp-admin/admin-ajax.php HTTP/1.1" 200 69 "https://remonster.online/manga/re-monster-chapter-5/" "Mozilla/5.0 (Linux; Android 10; K) AppleWebKit/537.36 (KHTML, like Gecko) Chrome/137.0.0.0 Mobile Safari/537.36"
2a02:26f7:c5c8:4000:4000::e - - [08/Jun/2025:08:56:31 -0400] "GET /manga/re-monster-chapter-58/ HTTP/1.1" 200 17390 "https://remonster.online/manga/re-monster-chapter-57/" "Mozilla/5.0 (iPhone; CPU iPhone OS 18_5 like Mac OS X) AppleWebKit/605.1.15 (KHTML, like Gecko) Version/18.5 Mobile/15E148 Safari/604.1"
137.27.161.10 - - [08/Jun/2025:08:57:07 -0400] "GET /manga/re-monster-chapter-51/ HTTP/1.1" 200 17556 "https://remonster.online/manga/re-monster-chapter-52/" "Mozilla/5.0 (Windows NT 10.0; Win64; x64) AppleWebKit/537.36 (KHTML, like Gecko) Chrome/136.0.0.0 Safari/537.36"
137.27.161.10 - - [08/Jun/2025:08:57:08 -0400] "GET /manga/re-monster-chapter-53/ HTTP/1.1" 200 17405 "https://remonster.online/manga/re-monster-chapter-52/" "Mozilla/5.0 (Windows NT 10.0; Win64; x64) AppleWebKit/537.36 (KHTML, like Gecko) Chrome/136.0.0.0 Safari/537.36"
137.27.161.10 - - [08/Jun/2025:08:57:09 -0400] "GET /manga/re-monster-chapter-53/ HTTP/1.1" 304 0 "https://remonster.online/manga/re-monster-chapter-52/" "Mozilla/5.0 (Windows NT 10.0; Win64; x64) AppleWebKit/537.36 (KHTML, like Gecko) Chrome/136.0.0.0 Safari/537.36"
143.244.57.84 - - [08/Jun/2025:08:57:17 -0400] "GET / HTTP/1.1" 200 10863 "-" "Mozilla/5.0 (Windows NT 10.0; Win64; x64) AppleWebKit/537.36 (KHTML, like Gecko) Chrome/78.0.3904.108 Safari/537.36"
162.0.232.193 - - [08/Jun/2025:08:57:18 -0400] "POST /wp-cron.php?doing_wp_cron=1749387438.3227300643920898437500 HTTP/1.1" 200 0 "-" "WordPress/6.6.2; https://remonster.online"
143.244.57.84 - - [08/Jun/2025:08:57:17 -0400] "GET //wp-includes/wlwmanifest.xml HTTP/1.1" 301 0 "-" "Mozilla/5.0 (Windows NT 10.0; Win64; x64) AppleWebKit/537.36 (KHTML, like Gecko) Chrome/78.0.3904.108 Safari/537.36"
143.244.57.84 - - [08/Jun/2025:08:57:18 -0400] "GET //xmlrpc.php?rsd HTTP/1.1" 200 294 "-" "Mozilla/5.0 (Windows NT 10.0; Win64; x64) AppleWebKit/537.36 (KHTML, like Gecko) Chrome/78.0.3904.108 Safari/537.36"
143.244.57.84 - - [08/Jun/2025:08:57:18 -0400] "GET //?author=1 HTTP/1.1" 301 0 "-" "Mozilla/5.0 (Windows NT 10.0; Win64; x64) AppleWebKit/537.36 (KHTML, like Gecko) Chrome/78.0.3904.108 Safari/537.36"
143.244.57.84 - - [08/Jun/2025:08:57:19 -0400] "GET //?author=2 HTTP/1.1" 301 0 "-" "Mozilla/5.0 (Windows NT 10.0; Win64; x64) AppleWebKit/537.36 (KHTML, like Gecko) Chrome/78.0.3904.108 Safari/537.36"
143.244.57.84 - - [08/Jun/2025:08:57:19 -0400] "GET //wp-json/wp/v2/users/ HTTP/1.1" 200 6557 "-" "Mozilla/5.0 (Windows NT 10.0; Win64; x64) AppleWebKit/537.36 (KHTML, like Gecko) Chrome/78.0.3904.108 Safari/537.36"
143.244.57.84 - - [08/Jun/2025:08:57:19 -0400] "GET //wp-json/oembed/1.0/embed?url=https://remonster.online/ HTTP/1.1" 200 2401 "-" "Mozilla/5.0 (Windows NT 10.0; Win64; x64) AppleWebKit/537.36 (KHTML, like Gecko) Chrome/78.0.3904.108 Safari/537.36"
173.88.244.146 - - [08/Jun/2025:08:57:31 -0400] "GET /manga/remonster-chapter-76/ HTTP/1.1" 200 17400 "https://remonster.online/manga/remonster-chapter-75/" "Mozilla/5.0 (Linux; Android 10; K) AppleWebKit/537.36 (KHTML, like Gecko) Chrome/137.0.0.0 Mobile Safari/537.36"
151.250.142.167 - - [08/Jun/2025:08:58:05 -0400] "GET /manga/remonster-chapter-98/ HTTP/1.1" 304 0 "https://remonster.online/manga/remonster-chapter-106/" "Mozilla/5.0 (Linux; Android 10; K) AppleWebKit/537.36 (KHTML, like Gecko) Chrome/137.0.0.0 Mobile Safari/537.36"
151.250.142.167 - - [08/Jun/2025:08:58:13 -0400] "GET /manga/re-monster-chapter-1/ HTTP/1.1" 200 17990 "https://www.google.com/" "Mozilla/5.0 (Linux; Android 10; K) AppleWebKit/537.36 (KHTML, like Gecko) Chrome/137.0.0.0 Mobile Safari/537.36"
151.250.142.167 - - [08/Jun/2025:08:58:25 -0400] "GET / HTTP/1.1" 304 0 "https://www.google.com/" "Mozilla/5.0 (Linux; Android 10; K) AppleWebKit/537.36 (KHTML, like Gecko) Chrome/137.0.0.0 Mobile Safari/537.36"
2a02:26f7:c5c8:4000:4000::e - - [08/Jun/2025:08:58:47 -0400] "GET /manga/re-monster-chapter-59/ HTTP/1.1" 200 17413 "https://remonster.online/manga/re-monster-chapter-58/" "Mozilla/5.0 (iPhone; CPU iPhone OS 18_5 like Mac OS X) AppleWebKit/605.1.15 (KHTML, like Gecko) Version/18.5 Mobile/15E148 Safari/604.1"
2001:8f8:1123:f964:19b3:a0ca:4ffe:3d22 - - [08/Jun/2025:08:58:55 -0400] "GET /manga/re-monster-chapter-70/ HTTP/1.1" 304 0 "https://remonster.online/manga/re-monster-chapter-71/" "Mozilla/5.0 (Linux; Android 10; K) AppleWebKit/537.36 (KHTML, like Gecko) SamsungBrowser/28.0 Chrome/130.0.0.0 Mobile Safari/537.36"
2001:8f8:1123:f964:19b3:a0ca:4ffe:3d22 - - [08/Jun/2025:08:58:55 -0400] "GET /manga/re-monster-chapter-72/ HTTP/1.1" 200 17961 "https://remonster.online/manga/re-monster-chapter-71/" "Mozilla/5.0 (Linux; Android 10; K) AppleWebKit/537.36 (KHTML, like Gecko) SamsungBrowser/28.0 Chrome/130.0.0.0 Mobile Safari/537.36"
162.0.232.193 - - [08/Jun/2025:08:58:56 -0400] "POST /wp-cron.php?doing_wp_cron=1749387536.7377998828887939453125 HTTP/1.1" 200 0 "-" "WordPress/6.6.2; https://remonster.online"
2001:8f8:1123:f964:19b3:a0ca:4ffe:3d22 - - [08/Jun/2025:08:58:56 -0400] "POST /wp-admin/admin-ajax.php HTTP/1.1" 200 69 "https://remonster.online/manga/re-monster-chapter-72/" "Mozilla/5.0 (Linux; Android 10; K) AppleWebKit/537.36 (KHTML, like Gecko) SamsungBrowser/28.0 Chrome/130.0.0.0 Mobile Safari/537.36"
2806:101e:f:d214:bd4e:d139:a74b:ee10 - - [08/Jun/2025:08:59:16 -0400] "GET /manga/re-monster-chapter-70/ HTTP/1.1" 200 18115 "-" "Mozilla/5.0 (iPhone; CPU iPhone OS 18_5 like Mac OS X) AppleWebKit/605.1.15 (KHTML, like Gecko) Mobile/15E148"
119.45.20.16 - - [08/Jun/2025:08:59:27 -0400] "GET / HTTP/1.1" 200 10813 "http://remonster.online" "Mozilla/5.0 (iPhone; CPU iPhone OS 13_2_3 like Mac OS X) AppleWebKit/605.1.15 (KHTML, like Gecko) Version/13.0.3 Mobile/15E148 Safari/604.1"
43.166.134.114 - - [08/Jun/2025:08:59:53 -0400] "GET /remonster-chapter-102/ HTTP/1.1" 200 12578 "-" "Mozilla/5.0 (iPhone; CPU iPhone OS 13_2_3 like Mac OS X) AppleWebKit/605.1.15 (KHTML, like Gecko) Version/13.0.3 Mobile/15E148 Safari/604.1"
105.245.120.154 - - [08/Jun/2025:09:00:06 -0400] "GET /manga/re-monster-chapter-19/ HTTP/1.1" 304 0 "-" "Mozilla/5.0 (Linux; Android 10; K) AppleWebKit/537.36 (KHTML, like Gecko) Chrome/133.0.0.0 Safari/537.36"
105.245.120.154 - - [08/Jun/2025:09:00:06 -0400] "GET /manga/re-monster-chapter-21/ HTTP/1.1" 200 15992 "-" "Mozilla/5.0 (Linux; Android 10; K) AppleWebKit/537.36 (KHTML, like Gecko) Chrome/133.0.0.0 Safari/537.36"
105.245.120.154 - - [08/Jun/2025:09:00:07 -0400] "GET /manga/re-monster-chapter-21/ HTTP/1.1" 304 0 "https://remonster.online/manga/re-monster-chapter-20/" "Mozilla/5.0 (Linux; Android 10; K) AppleWebKit/537.36 (KHTML, like Gecko) Chrome/133.0.0.0 Safari/537.36"
92.196.103.254 - - [08/Jun/2025:09:00:08 -0400] "GET / HTTP/1.1" 200 10863 "https://www.google.com/" "Mozilla/5.0 (Windows NT 10.0; Win64; x64; rv:139.0) Gecko/20100101 Firefox/139.0"
92.196.103.254 - - [08/Jun/2025:09:00:09 -0400] "GET /wp-content/themes/toivo-lite/fonts/genericons/genericons/genericons.min.css?ver=3.3 HTTP/1.1" 200 15959 "https://remonster.online/" "Mozilla/5.0 (Windows NT 10.0; Win64; x64; rv:139.0) Gecko/20100101 Firefox/139.0"
92.196.103.254 - - [08/Jun/2025:09:00:09 -0400] "GET /wp-content/uploads/2021/11/8168f-bSGoS-717x1024.jpeg HTTP/1.1" 200 200846 "https://remonster.online/" "Mozilla/5.0 (Windows NT 10.0; Win64; x64; rv:139.0) Gecko/20100101 Firefox/139.0"
92.196.103.254 - - [08/Jun/2025:09:00:09 -0400] "GET /wp-content/uploads/2021/11/LN_v09_001-697x1024.jpeg HTTP/1.1" 200 214016 "https://remonster.online/" "Mozilla/5.0 (Windows NT 10.0; Win64; x64; rv:139.0) Gecko/20100101 Firefox/139.0"
92.196.103.254 - - [08/Jun/2025:09:00:10 -0400] "GET /wp-content/themes/toivo-lite/fonts/genericons/genericons/Genericons.eot HTTP/1.1" 200 22760 "https://remonster.online/wp-content/themes/toivo-lite/fonts/genericons/genericons/genericons.min.css?ver=3.3" "Mozilla/5.0 (Windows NT 10.0; Win64; x64; rv:139.0) Gecko/20100101 Firefox/139.0"
92.196.103.254 - - [08/Jun/2025:09:00:28 -0400] "GET /manga/remonster-chapter-106/ HTTP/1.1" 200 14258 "https://remonster.online/" "Mozilla/5.0 (Windows NT 10.0; Win64; x64; rv:139.0) Gecko/20100101 Firefox/139.0"
92.196.103.254 - - [08/Jun/2025:09:00:29 -0400] "GET /wp-content/plugins/simple-social-buttons/assets/fonts/ssb-icon.ttf?eahqa2 HTTP/1.1" 200 6624 "https://remonster.online/wp-content/plugins/simple-social-buttons/assets/css/front.css?ver=5.3.1" "Mozilla/5.0 (Windows NT 10.0; Win64; x64; rv:139.0) Gecko/20100101 Firefox/139.0"
2a02:c7e:3164:8200:24b0:138f:411b:cf1b - - [08/Jun/2025:09:00:33 -0400] "GET /manga/re-monster-chapter-20/ HTTP/1.1" 200 15957 "https://remonster.online/manga/re-monster-chapter-19/" "Mozilla/5.0 (Windows NT 10.0; Win64; x64; rv:139.0) Gecko/20100101 Firefox/139.0"
162.0.232.193 - - [08/Jun/2025:09:00:44 -0400] "POST /wp-cron.php?doing_wp_cron=1749387644.6209099292755126953125 HTTP/1.1" 200 0 "-" "WordPress/6.6.2; https://remonster.online"
92.196.103.254 - - [08/Jun/2025:09:00:44 -0400] "GET /favicon.ico HTTP/1.1" 302 0 "https://remonster.online/" "Mozilla/5.0 (Windows NT 10.0; Win64; x64; rv:139.0) Gecko/20100101 Firefox/139.0"
102.215.255.170 - - [08/Jun/2025:09:01:12 -0400] "GET /manga/re-monster-chapter-46/ HTTP/1.1" 200 17406 "https://remonster.online/manga/re-monster-chapter-45/" "Mozilla/5.0 (Linux; Android 10; K) AppleWebKit/537.36 (KHTML, like Gecko) SamsungBrowser/27.0 Chrome/125.0.0.0 Mobile Safari/537.36"
66.249.79.229 - - [08/Jun/2025:09:02:18 -0400] "GET /manga/re-monster-chapter-14/ HTTP/1.1" 200 17739 "-" "Mozilla/5.0 (Linux; Android 6.0.1; Nexus 5X Build/MMB29P) AppleWebKit/537.36 (KHTML, like Gecko) Chrome/136.0.7103.113 Mobile Safari/537.36 (compatible; Googlebot/2.1; +http://www.google.com/bot.html)"
162.0.232.193 - - [08/Jun/2025:09:02:22 -0400] "POST /wp-cron.php?doing_wp_cron=1749387741.9116098880767822265625 HTTP/1.1" 200 0 "-" "WordPress/6.6.2; https://remonster.online"
66.249.79.230 - - [08/Jun/2025:09:02:21 -0400] "POST /wp-admin/admin-ajax.php HTTP/1.1" 200 69 "https://remonster.online/manga/re-monster-chapter-14/" "Mozilla/5.0 (Linux; Android 6.0.1; Nexus 5X Build/MMB29P) AppleWebKit/537.36 (KHTML, like Gecko) Chrome/136.0.7103.92 Mobile Safari/537.36 (compatible; Googlebot/2.1; +http://www.google.com/bot.html)"
2804:1b3:9803:4e42:d08d:1429:218f:31d4 - - [08/Jun/2025:09:02:30 -0400] "GET / HTTP/1.1" 200 10813 "https://www.google.com/" "Mozilla/5.0 (iPhone; CPU iPhone OS 18_5_0 like Mac OS X) AppleWebKit/605.1.15 (KHTML, like Gecko) CriOS/137.0.7151.79 Mobile/15E148 Safari/604.1"
2804:1b3:9803:4e42:d08d:1429:218f:31d4 - - [08/Jun/2025:09:02:33 -0400] "GET /manga/remonster-chapter-106/ HTTP/1.1" 200 14313 "https://remonster.online/" "Mozilla/5.0 (iPhone; CPU iPhone OS 18_5_0 like Mac OS X) AppleWebKit/605.1.15 (KHTML, like Gecko) CriOS/137.0.7151.79 Mobile/15E148 Safari/604.1"
2a03:2880:2ff:7:: - - [08/Jun/2025:09:02:44 -0400] "GET / HTTP/1.1" 200 10863 "-" "meta-externalagent/1.1 (+https://developers.facebook.com/docs/sharing/webmasters/crawler)"
180.244.162.71 - - [08/Jun/2025:09:02:46 -0400] "GET / HTTP/1.1" 304 0 "https://www.google.com/" "Mozilla/5.0 (Linux; Android 10; K) AppleWebKit/537.36 (KHTML, like Gecko) Chrome/137.0.0.0 Mobile Safari/537.36"
180.244.162.71 - - [08/Jun/2025:09:02:52 -0400] "GET /manga/re-monster-chapter-14/ HTTP/1.1" 200 17737 "https://remonster.online/" "Mozilla/5.0 (Linux; Android 10; K) AppleWebKit/537.36 (KHTML, like Gecko) Chrome/137.0.0.0 Mobile Safari/537.36"
180.244.162.71 - - [08/Jun/2025:09:02:52 -0400] "GET /manga/re-monster-chapter-15/ HTTP/1.1" 304 0 "https://remonster.online/" "Mozilla/5.0 (Linux; Android 10; K) AppleWebKit/537.36 (KHTML, like Gecko) Chrome/137.0.0.0 Mobile Safari/537.36"
180.244.162.71 - - [08/Jun/2025:09:02:52 -0400] "GET /manga/re-monster-chapter-15/ HTTP/1.1" 304 0 "https://remonster.online/" "Mozilla/5.0 (Linux; Android 10; K) AppleWebKit/537.36 (KHTML, like Gecko) Chrome/137.0.0.0 Mobile Safari/537.36"
162.0.232.193 - - [08/Jun/2025:09:02:54 -0400] "POST /wp-cron.php?doing_wp_cron=1749387774.2744309902191162109375 HTTP/1.1" 200 0 "-" "WordPress/6.6.2; https://remonster.online"
180.244.162.71 - - [08/Jun/2025:09:02:53 -0400] "POST /wp-admin/admin-ajax.php HTTP/1.1" 200 69 "https://remonster.online/manga/re-monster-chapter-15/" "Mozilla/5.0 (Linux; Android 10; K) AppleWebKit/537.36 (KHTML, like Gecko) Chrome/137.0.0.0 Mobile Safari/537.36"
171.236.59.128 - - [08/Jun/2025:09:03:03 -0400] "GET /manga/re-monster-chapter-13/ HTTP/1.1" 200 17389 "https://www.google.com/" "Mozilla/5.0 (Linux; Android 10; K) AppleWebKit/537.36 (KHTML, like Gecko) Chrome/136.0.0.0 Mobile Safari/537.36"
171.236.59.128 - - [08/Jun/2025:09:03:05 -0400] "GET /manga/re-monster-chapter-13/ HTTP/1.1" 200 17389 "https://remonster.online/manga/re-monster-chapter-13/" "Mozilla/5.0 (Linux; Android 10; K) AppleWebKit/537.36 (KHTML, like Gecko) Chrome/136.0.0.0 Mobile Safari/537.36"
180.244.162.71 - - [08/Jun/2025:09:03:07 -0400] "GET / HTTP/1.1" 200 10813 "https://remonster.online/manga/re-monster-chapter-15/" "Mozilla/5.0 (Linux; Android 10; K) AppleWebKit/537.36 (KHTML, like Gecko) Chrome/137.0.0.0 Mobile Safari/537.36"
180.244.162.71 - - [08/Jun/2025:09:03:09 -0400] "GET /manga/re-monster-chapter-10/ HTTP/1.1" 304 0 "https://remonster.online/" "Mozilla/5.0 (Linux; Android 10; K) AppleWebKit/537.36 (KHTML, like Gecko) Chrome/137.0.0.0 Mobile Safari/537.36"
180.244.162.71 - - [08/Jun/2025:09:03:11 -0400] "GET /manga/re-monster-chapter-16/ HTTP/1.1" 200 17991 "https://remonster.online/" "Mozilla/5.0 (Linux; Android 10; K) AppleWebKit/537.36 (KHTML, like Gecko) Chrome/137.0.0.0 Mobile Safari/537.36"
180.244.162.71 - - [08/Jun/2025:09:03:11 -0400] "GET /manga/re-monster-chapter-16/ HTTP/1.1" 304 0 "https://remonster.online/" "Mozilla/5.0 (Linux; Android 10; K) AppleWebKit/537.36 (KHTML, like Gecko) Chrome/137.0.0.0 Mobile Safari/537.36"
51.154.104.70 - - [08/Jun/2025:09:03:11 -0400] "GET / HTTP/1.1" 200 10813 "https://www.google.com/" "Mozilla/5.0 (Linux; Android 10; K) AppleWebKit/537.36 (KHTML, like Gecko) Chrome/125.0.0.0 Mobile Safari/537.36"
180.244.162.71 - - [08/Jun/2025:09:03:12 -0400] "POST /wp-admin/admin-ajax.php HTTP/1.1" 200 69 "https://remonster.online/manga/re-monster-chapter-16/" "Mozilla/5.0 (Linux; Android 10; K) AppleWebKit/537.36 (KHTML, like Gecko) Chrome/137.0.0.0 Mobile Safari/537.36"
51.154.104.70 - - [08/Jun/2025:09:03:18 -0400] "GET /manga/remonster-chapter-106/ HTTP/1.1" 200 14313 "https://remonster.online/" "Mozilla/5.0 (Linux; Android 10; K) AppleWebKit/537.36 (KHTML, like Gecko) Chrome/125.0.0.0 Mobile Safari/537.36"
171.236.59.128 - - [08/Jun/2025:09:03:21 -0400] "GET /manga/re-monster-chapter-43/ HTTP/1.1" 200 17923 "https://www.google.com/" "Mozilla/5.0 (Linux; Android 10; K) AppleWebKit/537.36 (KHTML, like Gecko) Chrome/136.0.0.0 Mobile Safari/537.36"
162.0.232.193 - - [08/Jun/2025:09:03:22 -0400] "POST /wp-cron.php?doing_wp_cron=1749387802.8949348926544189453125 HTTP/1.1" 200 0 "-" "WordPress/6.6.2; https://remonster.online"
171.236.59.128 - - [08/Jun/2025:09:03:22 -0400] "POST /wp-admin/admin-ajax.php HTTP/1.1" 200 69 "https://remonster.online/manga/re-monster-chapter-43/" "Mozilla/5.0 (Linux; Android 10; K) AppleWebKit/537.36 (KHTML, like Gecko) Chrome/136.0.0.0 Mobile Safari/537.36"
51.154.104.70 - - [08/Jun/2025:09:03:24 -0400] "GET /wp-content/uploads/2021/11/CeDzRGZ-768x682.png HTTP/1.1" 200 1056180 "https://remonster.online/manga/remonster-chapter-106/" "Mozilla/5.0 (Linux; Android 10; K) AppleWebKit/537.36 (KHTML, like Gecko) Chrome/125.0.0.0 Mobile Safari/537.36"
51.154.104.70 - - [08/Jun/2025:09:03:25 -0400] "GET /tag/remonster-106/ HTTP/1.1" 301 0 "https://remonster.online/manga/remonster-chapter-106/" "Mozilla/5.0 (Linux; Android 10; K) AppleWebKit/537.36 (KHTML, like Gecko) Chrome/125.0.0.0 Mobile Safari/537.36"
51.154.104.70 - - [08/Jun/2025:09:03:25 -0400] "GET / HTTP/1.1" 304 0 "https://remonster.online/manga/remonster-chapter-106/" "Mozilla/5.0 (Linux; Android 10; K) AppleWebKit/537.36 (KHTML, like Gecko) Chrome/125.0.0.0 Mobile Safari/537.36"
2804:1b3:9803:4e42:d08d:1429:218f:31d4 - - [08/Jun/2025:09:03:27 -0400] "GET /manga/remonster-chapter-105/ HTTP/1.1" 200 18283 "https://remonster.online/" "Mozilla/5.0 (iPhone; CPU iPhone OS 18_5_0 like Mac OS X) AppleWebKit/605.1.15 (KHTML, like Gecko) CriOS/137.0.7151.79 Mobile/15E148 Safari/604.1"
51.154.104.70 - - [08/Jun/2025:09:03:28 -0400] "GET /manga/remonster-chapter-105/ HTTP/1.1" 200 18283 "https://remonster.online/" "Mozilla/5.0 (Linux; Android 10; K) AppleWebKit/537.36 (KHTML, like Gecko) Chrome/125.0.0.0 Mobile Safari/537.36"
2804:1b3:9803:4e42:d08d:1429:218f:31d4 - - [08/Jun/2025:09:03:28 -0400] "POST /wp-admin/admin-ajax.php HTTP/1.1" 200 69 "https://remonster.online/manga/remonster-chapter-105/" "Mozilla/5.0 (iPhone; CPU iPhone OS 18_5_0 like Mac OS X) AppleWebKit/605.1.15 (KHTML, like Gecko) CriOS/137.0.7151.79 Mobile/15E148 Safari/604.1"
51.154.104.70 - - [08/Jun/2025:09:03:29 -0400] "POST /wp-admin/admin-ajax.php HTTP/1.1" 200 69 "https://remonster.online/manga/remonster-chapter-105/" "Mozilla/5.0 (Linux; Android 10; K) AppleWebKit/537.36 (KHTML, like Gecko) Chrome/125.0.0.0 Mobile Safari/537.36"
180.244.162.71 - - [08/Jun/2025:09:03:37 -0400] "GET /manga/re-monster-chapter-17/ HTTP/1.1" 304 0 "https://remonster.online/" "Mozilla/5.0 (Linux; Android 10; K) AppleWebKit/537.36 (KHTML, like Gecko) Chrome/137.0.0.0 Mobile Safari/537.36"
180.244.162.71 - - [08/Jun/2025:09:03:37 -0400] "GET /manga/re-monster-chapter-17/ HTTP/1.1" 304 0 "https://remonster.online/" "Mozilla/5.0 (Linux; Android 10; K) AppleWebKit/537.36 (KHTML, like Gecko) Chrome/137.0.0.0 Mobile Safari/537.36"
2a02:810d:d01:ba00:b3c6:34:8685:c7c4 - - [08/Jun/2025:09:03:42 -0400] "GET /manga/re-monster-chapter-6/ HTTP/1.1" 200 18960 "-" "Mozilla/5.0 (Linux; Android 10; K) AppleWebKit/537.36 (KHTML, like Gecko) Chrome/137.0.0.0 Mobile Safari/537.36"
2a02:810d:d01:ba00:b3c6:34:8685:c7c4 - - [08/Jun/2025:09:03:42 -0400] "GET /manga/re-monster-chapter-6/ HTTP/1.1" 304 0 "https://remonster.online/manga/re-monster-chapter-5/" "Mozilla/5.0 (Linux; Android 10; K) AppleWebKit/537.36 (KHTML, like Gecko) Chrome/137.0.0.0 Mobile Safari/537.36"
162.0.232.193 - - [08/Jun/2025:09:03:43 -0400] "POST /wp-cron.php?doing_wp_cron=1749387823.4530620574951171875000 HTTP/1.1" 200 0 "-" "WordPress/6.6.2; https://remonster.online"
2a02:810d:d01:ba00:b3c6:34:8685:c7c4 - - [08/Jun/2025:09:03:43 -0400] "POST /wp-admin/admin-ajax.php HTTP/1.1" 200 69 "https://remonster.online/manga/re-monster-chapter-6/" "Mozilla/5.0 (Linux; Android 10; K) AppleWebKit/537.36 (KHTML, like Gecko) Chrome/137.0.0.0 Mobile Safari/537.36"
51.154.104.70 - - [08/Jun/2025:09:03:49 -0400] "GET /manga/remonster-chapter-80/ HTTP/1.1" 200 14382 "https://remonster.online/" "Mozilla/5.0 (Linux; Android 10; K) AppleWebKit/537.36 (KHTML, like Gecko) Chrome/125.0.0.0 Mobile Safari/537.36"
51.154.104.70 - - [08/Jun/2025:09:03:50 -0400] "POST /wp-admin/admin-ajax.php HTTP/1.1" 200 69 "https://remonster.online/manga/remonster-chapter-80/" "Mozilla/5.0 (Linux; Android 10; K) AppleWebKit/537.36 (KHTML, like Gecko) Chrome/125.0.0.0 Mobile Safari/537.36"
51.154.104.70 - - [08/Jun/2025:09:03:51 -0400] "GET /tag/remonster-manga/ HTTP/1.1" 301 0 "https://remonster.online/manga/remonster-chapter-80/" "Mozilla/5.0 (Linux; Android 10; K) AppleWebKit/537.36 (KHTML, like Gecko) Chrome/125.0.0.0 Mobile Safari/537.36"
51.154.104.70 - - [08/Jun/2025:09:03:51 -0400] "GET / HTTP/1.1" 304 0 "https://remonster.online/manga/remonster-chapter-80/" "Mozilla/5.0 (Linux; Android 10; K) AppleWebKit/537.36 (KHTML, like Gecko) Chrome/125.0.0.0 Mobile Safari/537.36"
180.244.162.71 - - [08/Jun/2025:09:03:53 -0400] "GET /manga/re-monster-chapter-18/ HTTP/1.1" 200 18291 "https://remonster.online/" "Mozilla/5.0 (Linux; Android 10; K) AppleWebKit/537.36 (KHTML, like Gecko) Chrome/137.0.0.0 Mobile Safari/537.36"
180.244.162.71 - - [08/Jun/2025:09:03:54 -0400] "GET /manga/re-monster-chapter-18/ HTTP/1.1" 304 0 "https://remonster.online/" "Mozilla/5.0 (Linux; Android 10; K) AppleWebKit/537.36 (KHTML, like Gecko) Chrome/137.0.0.0 Mobile Safari/537.36"
51.154.104.70 - - [08/Jun/2025:09:03:54 -0400] "GET /manga/remonster-chapter-80/ HTTP/1.1" 304 0 "https://remonster.online/" "Mozilla/5.0 (Linux; Android 10; K) AppleWebKit/537.36 (KHTML, like Gecko) Chrome/125.0.0.0 Mobile Safari/537.36"
51.154.104.70 - - [08/Jun/2025:09:03:55 -0400] "POST /wp-admin/admin-ajax.php HTTP/1.1" 200 69 "https://remonster.online/manga/remonster-chapter-80/" "Mozilla/5.0 (Linux; Android 10; K) AppleWebKit/537.36 (KHTML, like Gecko) Chrome/125.0.0.0 Mobile Safari/537.36"
51.154.104.70 - - [08/Jun/2025:09:03:56 -0400] "GET /manga/remonster-chapter-81/ HTTP/1.1" 200 14437 "https://remonster.online/manga/remonster-chapter-80/" "Mozilla/5.0 (Linux; Android 10; K) AppleWebKit/537.36 (KHTML, like Gecko) Chrome/125.0.0.0 Mobile Safari/537.36"
51.154.104.70 - - [08/Jun/2025:09:03:57 -0400] "GET /manga/remonster-chapter-79/ HTTP/1.1" 200 17830 "https://remonster.online/manga/remonster-chapter-80/" "Mozilla/5.0 (Linux; Android 10; K) AppleWebKit/537.36 (KHTML, like Gecko) Chrome/125.0.0.0 Mobile Safari/537.36"
180.244.162.71 - - [08/Jun/2025:09:04:21 -0400] "GET /category/remonster-manga/ HTTP/1.1" 200 25229 "https://remonster.online/manga/re-monster-chapter-18/" "Mozilla/5.0 (Linux; Android 10; K) AppleWebKit/537.36 (KHTML, like Gecko) Chrome/137.0.0.0 Mobile Safari/537.36"
180.244.162.71 - - [08/Jun/2025:09:04:24 -0400] "GET /manga/re-monster-chapter-18/ HTTP/1.1" 304 0 "https://remonster.online/" "Mozilla/5.0 (Linux; Android 10; K) AppleWebKit/537.36 (KHTML, like Gecko) Chrome/137.0.0.0 Mobile Safari/537.36"
69.79.197.195 - - [08/Jun/2025:09:04:25 -0400] "GET /manga/re-monster-chapter-8/ HTTP/1.1" 200 16850 "https://remonster.online/manga/re-monster-chapter-7/" "Mozilla/5.0 (iPhone; CPU iPhone OS 18_0 like Mac OS X) AppleWebKit/605.1.15 (KHTML, like Gecko) Version/18.0 Mobile/15E148 Safari/604.1"
162.0.232.193 - - [08/Jun/2025:09:04:26 -0400] "POST /wp-cron.php?doing_wp_cron=1749387866.5149691104888916015625 HTTP/1.1" 200 0 "-" "WordPress/6.6.2; https://remonster.online"
69.79.197.195 - - [08/Jun/2025:09:04:26 -0400] "POST /wp-admin/admin-ajax.php HTTP/1.1" 200 49 "https://remonster.online/manga/re-monster-chapter-8/" "Mozilla/5.0 (iPhone; CPU iPhone OS 18_0 like Mac OS X) AppleWebKit/605.1.15 (KHTML, like Gecko) Version/18.0 Mobile/15E148 Safari/604.1"
69.79.197.195 - - [08/Jun/2025:09:04:26 -0400] "POST /wp-admin/admin-ajax.php HTTP/1.1" 200 595 "https://remonster.online/manga/re-monster-chapter-8/" "Mozilla/5.0 (iPhone; CPU iPhone OS 18_0 like Mac OS X) AppleWebKit/605.1.15 (KHTML, like Gecko) Version/18.0 Mobile/15E148 Safari/604.1"
51.154.104.70 - - [08/Jun/2025:09:04:31 -0400] "GET /manga/re-monster-chapter-40/ HTTP/1.1" 200 16596 "https://remonster.online/" "Mozilla/5.0 (Linux; Android 10; K) AppleWebKit/537.36 (KHTML, like Gecko) Chrome/125.0.0.0 Mobile Safari/537.36"
180.244.162.71 - - [08/Jun/2025:09:04:35 -0400] "GET /manga/re-monster-chapter-19/ HTTP/1.1" 200 18473 "https://remonster.online/" "Mozilla/5.0 (Linux; Android 10; K) AppleWebKit/537.36 (KHTML, like Gecko) Chrome/137.0.0.0 Mobile Safari/537.36"
180.244.162.71 - - [08/Jun/2025:09:04:35 -0400] "GET /manga/re-monster-chapter-19/ HTTP/1.1" 304 0 "https://remonster.online/" "Mozilla/5.0 (Linux; Android 10; K) AppleWebKit/537.36 (KHTML, like Gecko) Chrome/137.0.0.0 Mobile Safari/537.36"
162.0.232.193 - - [08/Jun/2025:09:04:36 -0400] "POST /wp-cron.php?doing_wp_cron=1749387876.6056299209594726562500 HTTP/1.1" 200 0 "-" "WordPress/6.6.2; https://remonster.online"
180.244.162.71 - - [08/Jun/2025:09:04:36 -0400] "POST /wp-admin/admin-ajax.php HTTP/1.1" 200 69 "https://remonster.online/manga/re-monster-chapter-19/" "Mozilla/5.0 (Linux; Android 10; K) AppleWebKit/537.36 (KHTML, like Gecko) Chrome/137.0.0.0 Mobile Safari/537.36"
180.244.162.71 - - [08/Jun/2025:09:04:58 -0400] "GET /manga/re-monster-chapter-20/ HTTP/1.1" 200 15974 "https://remonster.online/manga/re-monster-chapter-19/" "Mozilla/5.0 (Linux; Android 10; K) AppleWebKit/537.36 (KHTML, like Gecko) Chrome/137.0.0.0 Mobile Safari/537.36"
180.244.162.71 - - [08/Jun/2025:09:04:58 -0400] "GET /manga/re-monster-chapter-20/ HTTP/1.1" 304 0 "https://remonster.online/manga/re-monster-chapter-19/" "Mozilla/5.0 (Linux; Android 10; K) AppleWebKit/537.36 (KHTML, like Gecko) Chrome/137.0.0.0 Mobile Safari/537.36"
180.244.162.71 - - [08/Jun/2025:09:05:09 -0400] "GET /manga/re-monster-chapter-19/ HTTP/1.1" 304 0 "https://remonster.online/manga/re-monster-chapter-20/" "Mozilla/5.0 (Linux; Android 10; K) AppleWebKit/537.36 (KHTML, like Gecko) Chrome/137.0.0.0 Mobile Safari/537.36"
180.244.162.71 - - [08/Jun/2025:09:05:10 -0400] "GET /manga/re-monster-chapter-19/ HTTP/1.1" 304 0 "https://remonster.online/manga/re-monster-chapter-20/" "Mozilla/5.0 (Linux; Android 10; K) AppleWebKit/537.36 (KHTML, like Gecko) Chrome/137.0.0.0 Mobile Safari/537.36"
180.244.162.71 - - [08/Jun/2025:09:05:11 -0400] "POST /wp-admin/admin-ajax.php HTTP/1.1" 200 69 "https://remonster.online/manga/re-monster-chapter-19/" "Mozilla/5.0 (Linux; Android 10; K) AppleWebKit/537.36 (KHTML, like Gecko) Chrome/137.0.0.0 Mobile Safari/537.36"
180.244.162.71 - - [08/Jun/2025:09:05:14 -0400] "GET /manga/remonster-chapter-102/ HTTP/1.1" 200 14861 "https://remonster.online/manga/re-monster-chapter-19/" "Mozilla/5.0 (Linux; Android 10; K) AppleWebKit/537.36 (KHTML, like Gecko) Chrome/137.0.0.0 Mobile Safari/537.36"
180.244.162.71 - - [08/Jun/2025:09:05:16 -0400] "GET /manga/re-monster-chapter-18/ HTTP/1.1" 304 0 "https://remonster.online/manga/re-monster-chapter-19/" "Mozilla/5.0 (Linux; Android 10; K) AppleWebKit/537.36 (KHTML, like Gecko) Chrome/137.0.0.0 Mobile Safari/537.36"
180.244.162.71 - - [08/Jun/2025:09:05:17 -0400] "GET /manga/re-monster-chapter-18/ HTTP/1.1" 304 0 "https://remonster.online/manga/re-monster-chapter-19/" "Mozilla/5.0 (Linux; Android 10; K) AppleWebKit/537.36 (KHTML, like Gecko) Chrome/137.0.0.0 Mobile Safari/537.36"
105.245.120.154 - - [08/Jun/2025:09:05:17 -0400] "GET /manga/re-monster-chapter-22/ HTTP/1.1" 200 16300 "-" "Mozilla/5.0 (Linux; Android 10; K) AppleWebKit/537.36 (KHTML, like Gecko) Chrome/133.0.0.0 Safari/537.36"
105.245.120.154 - - [08/Jun/2025:09:05:18 -0400] "GET /manga/re-monster-chapter-22/ HTTP/1.1" 304 0 "https://remonster.online/manga/re-monster-chapter-21/" "Mozilla/5.0 (Linux; Android 10; K) AppleWebKit/537.36 (KHTML, like Gecko) Chrome/133.0.0.0 Safari/537.36"
180.244.162.71 - - [08/Jun/2025:09:05:22 -0400] "GET /manga/remonster-chapter-103/ HTTP/1.1" 200 15069 "https://remonster.online/manga/re-monster-chapter-18/" "Mozilla/5.0 (Linux; Android 10; K) AppleWebKit/537.36 (KHTML, like Gecko) Chrome/137.0.0.0 Mobile Safari/537.36"
180.244.162.71 - - [08/Jun/2025:09:05:24 -0400] "GET /manga/re-monster-chapter-17/ HTTP/1.1" 304 0 "https://remonster.online/manga/re-monster-chapter-18/" "Mozilla/5.0 (Linux; Android 10; K) AppleWebKit/537.36 (KHTML, like Gecko) Chrome/137.0.0.0 Mobile Safari/537.36"
180.244.162.71 - - [08/Jun/2025:09:05:24 -0400] "GET /manga/re-monster-chapter-17/ HTTP/1.1" 304 0 "https://remonster.online/manga/re-monster-chapter-18/" "Mozilla/5.0 (Linux; Android 10; K) AppleWebKit/537.36 (KHTML, like Gecko) Chrome/137.0.0.0 Mobile Safari/537.36"
180.244.162.71 - - [08/Jun/2025:09:05:27 -0400] "GET /manga/remonster-chapter-102/ HTTP/1.1" 304 0 "https://remonster.online/manga/re-monster-chapter-17/" "Mozilla/5.0 (Linux; Android 10; K) AppleWebKit/537.36 (KHTML, like Gecko) Chrome/137.0.0.0 Mobile Safari/537.36"
180.244.162.71 - - [08/Jun/2025:09:05:29 -0400] "GET /manga/re-monster-chapter-18/ HTTP/1.1" 304 0 "https://remonster.online/manga/re-monster-chapter-17/" "Mozilla/5.0 (Linux; Android 10; K) AppleWebKit/537.36 (KHTML, like Gecko) Chrome/137.0.0.0 Mobile Safari/537.36"
180.244.162.71 - - [08/Jun/2025:09:05:30 -0400] "GET /manga/re-monster-chapter-16/ HTTP/1.1" 304 0 "https://remonster.online/manga/re-monster-chapter-17/" "Mozilla/5.0 (Linux; Android 10; K) AppleWebKit/537.36 (KHTML, like Gecko) Chrome/137.0.0.0 Mobile Safari/537.36"
180.244.162.71 - - [08/Jun/2025:09:05:30 -0400] "GET /manga/re-monster-chapter-16/ HTTP/1.1" 304 0 "https://remonster.online/manga/re-monster-chapter-17/" "Mozilla/5.0 (Linux; Android 10; K) AppleWebKit/537.36 (KHTML, like Gecko) Chrome/137.0.0.0 Mobile Safari/537.36"
162.0.232.193 - - [08/Jun/2025:09:05:31 -0400] "POST /wp-cron.php?doing_wp_cron=1749387931.5645649433135986328125 HTTP/1.1" 200 0 "-" "WordPress/6.6.2; https://remonster.online"
180.244.162.71 - - [08/Jun/2025:09:05:31 -0400] "GET /manga/re-monster-chapter-16/ HTTP/1.1" 304 0 "https://remonster.online/manga/re-monster-chapter-16/" "Mozilla/5.0 (Linux; Android 10; K) AppleWebKit/537.36 (KHTML, like Gecko) Chrome/137.0.0.0 Mobile Safari/537.36"
180.244.162.71 - - [08/Jun/2025:09:05:31 -0400] "POST /wp-admin/admin-ajax.php HTTP/1.1" 200 69 "https://remonster.online/manga/re-monster-chapter-16/" "Mozilla/5.0 (Linux; Android 10; K) AppleWebKit/537.36 (KHTML, like Gecko) Chrome/137.0.0.0 Mobile Safari/537.36"
2607:fb90:e62b:cb2a:b47f:c4d5:86fc:e78d - - [08/Jun/2025:09:06:17 -0400] "GET /manga/re-monster-chapter-8/ HTTP/1.1" 200 16850 "https://www.google.com/" "Mozilla/5.0 (iPhone; CPU iPhone OS 18_5 like Mac OS X) AppleWebKit/605.1.15 (KHTML, like Gecko) Version/18.5 Mobile/15E148 Safari/604.1"
52.167.144.212 - - [08/Jun/2025:09:06:49 -0400] "GET /manga/re-monster-chapter-42/ HTTP/1.1" 200 17676 "-" "Mozilla/5.0 AppleWebKit/537.36 (KHTML, like Gecko; compatible; bingbot/2.0; +http://www.bing.com/bingbot.htm) Chrome/116.0.1938.76 Safari/537.36"
114.10.143.108 - - [08/Jun/2025:09:06:56 -0400] "GET / HTTP/1.1" 200 10813 "https://www.google.com/" "Mozilla/5.0 (Linux; Android 10; K) AppleWebKit/537.36 (KHTML, like Gecko) Chrome/136.0.0.0 Mobile Safari/537.36"
114.10.143.108 - - [08/Jun/2025:09:07:03 -0400] "GET /manga/remonster-chapter-90/ HTTP/1.1" 200 14629 "https://remonster.online/" "Mozilla/5.0 (Linux; Android 10; K) AppleWebKit/537.36 (KHTML, like Gecko) Chrome/136.0.0.0 Mobile Safari/537.36"
