2601:8c1:8286:d760:9936:dccf:e796:b945 - - [08/Jun/2025:13:39:34 -0400] "GET / HTTP/1.1" 200 10812 "https://www.google.com/" "Mozilla/5.0 (Linux; Android 10; K) AppleWebKit/537.36 (KHTML, like Gecko) Chrome/134.0.0.0 Mobile Safari/537.36"
2601:8c1:8286:d760:9936:dccf:e796:b945 - - [08/Jun/2025:13:39:34 -0400] "GET /wp-content/uploads/2021/11/LN_v09_001-768x1128.jpeg HTTP/1.1" 200 243388 "https://remonster.online/" "Mozilla/5.0 (Linux; Android 10; K) AppleWebKit/537.36 (KHTML, like Gecko) Chrome/134.0.0.0 Mobile Safari/537.36"
2601:8c1:8286:d760:9936:dccf:e796:b945 - - [08/Jun/2025:13:39:34 -0400] "GET /wp-content/uploads/2021/11/8168f-bSGoS-768x1097.jpeg HTTP/1.1" 200 223084 "https://remonster.online/" "Mozilla/5.0 (Linux; Android 10; K) AppleWebKit/537.36 (KHTML, like Gecko) Chrome/134.0.0.0 Mobile Safari/537.36"
2601:8c1:8286:d760:9936:dccf:e796:b945 - - [08/Jun/2025:13:39:40 -0400] "GET /manga/remonster-chapter-106/ HTTP/1.1" 200 14313 "https://remonster.online/" "Mozilla/5.0 (Linux; Android 10; K) AppleWebKit/537.36 (KHTML, like Gecko) Chrome/134.0.0.0 Mobile Safari/537.36"
2601:8c1:8286:d760:9936:dccf:e796:b945 - - [08/Jun/2025:13:39:40 -0400] "GET /manga/remonster-chapter-106/ HTTP/1.1" 304 0 "https://remonster.online/" "Mozilla/5.0 (Linux; Android 10; K) AppleWebKit/537.36 (KHTML, like Gecko) Chrome/134.0.0.0 Mobile Safari/537.36"
2601:8c1:8286:d760:9936:dccf:e796:b945 - - [08/Jun/2025:13:39:44 -0400] "GET /manga/remonster-chapter-105/ HTTP/1.1" 200 18283 "https://remonster.online/manga/remonster-chapter-106/" "Mozilla/5.0 (Linux; Android 10; K) AppleWebKit/537.36 (KHTML, like Gecko) Chrome/134.0.0.0 Mobile Safari/537.36"
2601:8c1:8286:d760:9936:dccf:e796:b945 - - [08/Jun/2025:13:39:48 -0400] "GET / HTTP/1.1" 304 0 "https://remonster.online/manga/remonster-chapter-106/" "Mozilla/5.0 (Linux; Android 10; K) AppleWebKit/537.36 (KHTML, like Gecko) Chrome/134.0.0.0 Mobile Safari/537.36"
2601:8c1:8286:d760:9936:dccf:e796:b945 - - [08/Jun/2025:13:39:54 -0400] "GET /tag/reincarnated-monster/ HTTP/1.1" 301 0 "https://remonster.online/manga/remonster-chapter-106/" "Mozilla/5.0 (Linux; Android 10; K) AppleWebKit/537.36 (KHTML, like Gecko) Chrome/134.0.0.0 Mobile Safari/537.36"
2601:8c1:8286:d760:9936:dccf:e796:b945 - - [08/Jun/2025:13:39:54 -0400] "GET / HTTP/1.1" 304 0 "https://remonster.online/manga/remonster-chapter-106/" "Mozilla/5.0 (Linux; Android 10; K) AppleWebKit/537.36 (KHTML, like Gecko) Chrome/134.0.0.0 Mobile Safari/537.36"
2601:8c1:8286:d760:9936:dccf:e796:b945 - - [08/Jun/2025:13:40:01 -0400] "GET /manga/remonster-chapter-105/ HTTP/1.1" 304 0 "https://remonster.online/manga/remonster-chapter-106/" "Mozilla/5.0 (Linux; Android 10; K) AppleWebKit/537.36 (KHTML, like Gecko) Chrome/134.0.0.0 Mobile Safari/537.36"
162.0.232.193 - - [08/Jun/2025:13:40:02 -0400] "POST /wp-cron.php?doing_wp_cron=1749404401.9321370124816894531250 HTTP/1.1" 200 0 "-" "WordPress/6.6.2; https://remonster.online"
2601:8c1:8286:d760:9936:dccf:e796:b945 - - [08/Jun/2025:13:40:01 -0400] "POST /wp-admin/admin-ajax.php HTTP/1.1" 200 69 "https://remonster.online/manga/remonster-chapter-105/" "Mozilla/5.0 (Linux; Android 10; K) AppleWebKit/537.36 (KHTML, like Gecko) Chrome/134.0.0.0 Mobile Safari/537.36"
69.79.197.195 - - [08/Jun/2025:13:40:22 -0400] "GET /manga/re-monster-chapter-29/ HTTP/1.1" 200 17101 "https://remonster.online/manga/re-monster-chapter-28/" "Mozilla/5.0 (iPhone; CPU iPhone OS 18_0 like Mac OS X) AppleWebKit/605.1.15 (KHTML, like Gecko) Version/18.0 Mobile/15E148 Safari/604.1"
2601:8c1:8286:d760:9936:dccf:e796:b945 - - [08/Jun/2025:13:40:23 -0400] "GET /category/remonster-manga/ HTTP/1.1" 200 25242 "https://remonster.online/manga/remonster-chapter-106/" "Mozilla/5.0 (Linux; Android 10; K) AppleWebKit/537.36 (KHTML, like Gecko) Chrome/134.0.0.0 Mobile Safari/537.36"
2601:8c1:8286:d760:9936:dccf:e796:b945 - - [08/Jun/2025:13:40:24 -0400] "GET /category/remonster-manga/ HTTP/1.1" 304 0 "https://remonster.online/manga/remonster-chapter-106/" "Mozilla/5.0 (Linux; Android 10; K) AppleWebKit/537.36 (KHTML, like Gecko) Chrome/134.0.0.0 Mobile Safari/537.36"
162.0.232.193 - - [08/Jun/2025:13:40:45 -0400] "POST /wp-cron.php?doing_wp_cron=1749404445.5172851085662841796875 HTTP/1.1" 200 0 "-" "WordPress/6.6.2; https://remonster.online"
2601:8c1:8286:d760:9936:dccf:e796:b945 - - [08/Jun/2025:13:40:45 -0400] "GET /category/remonster-manga/page/2/ HTTP/1.1" 200 19293 "https://remonster.online/category/remonster-manga/" "Mozilla/5.0 (Linux; Android 10; K) AppleWebKit/537.36 (KHTML, like Gecko) Chrome/134.0.0.0 Mobile Safari/537.36"
2601:8c1:8286:d760:9936:dccf:e796:b945 - - [08/Jun/2025:13:40:46 -0400] "GET /category/remonster-manga/page/2/ HTTP/1.1" 200 19293 "https://remonster.online/category/remonster-manga/" "Mozilla/5.0 (Linux; Android 10; K) AppleWebKit/537.36 (KHTML, like Gecko) Chrome/134.0.0.0 Mobile Safari/537.36"
85.208.96.211 - - [08/Jun/2025:13:40:57 -0400] "GET /tag/remonster-chapter-92-manga-scan/ HTTP/1.1" 301 0 "-" "Mozilla/5.0 (compatible; SemrushBot/7~bl; +http://www.semrush.com/bot.html)"
2003:ed:5720:f500:49e2:990e:8c15:a8e3 - - [08/Jun/2025:13:41:26 -0400] "GET /manga/re-monster-chapter-57/ HTTP/1.1" 200 17456 "https://remonster.online/manga/re-monster-chapter-56/" "Mozilla/5.0 (Windows NT 10.0; Win64; x64) AppleWebKit/537.36 (KHTML, like Gecko) Chrome/137.0.0.0 Safari/537.36"
2003:ed:5720:f500:49e2:990e:8c15:a8e3 - - [08/Jun/2025:13:41:27 -0400] "GET /manga/re-monster-chapter-57/ HTTP/1.1" 304 0 "https://remonster.online/manga/re-monster-chapter-56/" "Mozilla/5.0 (Windows NT 10.0; Win64; x64) AppleWebKit/537.36 (KHTML, like Gecko) Chrome/137.0.0.0 Safari/537.36"
2601:5ca:180:6d00:39b7:585a:a16d:b900 - - [08/Jun/2025:13:41:38 -0400] "GET /manga/re-monster-chapter-17/ HTTP/1.1" 200 17395 "https://remonster.online/manga/re-monster-chapter-16/" "Mozilla/5.0 (Windows NT 10.0; Win64; x64) AppleWebKit/537.36 (KHTML, like Gecko) Chrome/134.0.0.0 Safari/537.36 OPR/119.0.0.0"
2601:5ca:180:6d00:39b7:585a:a16d:b900 - - [08/Jun/2025:13:41:38 -0400] "GET /manga/re-monster-chapter-17/ HTTP/1.1" 304 0 "https://remonster.online/manga/re-monster-chapter-16/" "Mozilla/5.0 (Windows NT 10.0; Win64; x64) AppleWebKit/537.36 (KHTML, like Gecko) Chrome/134.0.0.0 Safari/537.36 OPR/119.0.0.0"
2a02:908:1065:ed40:7ac8:63a9:6c1e:1f5d - - [08/Jun/2025:13:41:44 -0400] "GET /manga/re-monster-chapter-64/ HTTP/1.1" 200 18116 "https://remonster.online/manga/re-monster-chapter-63/" "Mozilla/5.0 (Windows NT 10.0; Win64; x64; rv:139.0) Gecko/20100101 Firefox/139.0"
2a02:908:1065:ed40:7ac8:63a9:6c1e:1f5d - - [08/Jun/2025:13:41:44 -0400] "GET /manga/re-monster-chapter-64/ HTTP/1.1" 200 18116 "https://remonster.online/manga/re-monster-chapter-63/" "Mozilla/5.0 (Windows NT 10.0; Win64; x64; rv:139.0) Gecko/20100101 Firefox/139.0"
162.0.232.193 - - [08/Jun/2025:13:41:45 -0400] "POST /wp-cron.php?doing_wp_cron=1749404505.3518180847167968750000 HTTP/1.1" 200 0 "-" "WordPress/6.6.2; https://remonster.online"
2a02:908:1065:ed40:7ac8:63a9:6c1e:1f5d - - [08/Jun/2025:13:41:45 -0400] "POST /wp-admin/admin-ajax.php HTTP/1.1" 200 69 "https://remonster.online/manga/re-monster-chapter-64/" "Mozilla/5.0 (Windows NT 10.0; Win64; x64; rv:139.0) Gecko/20100101 Firefox/139.0"
2601:8c1:8286:d760:9936:dccf:e796:b945 - - [08/Jun/2025:13:41:45 -0400] "GET /category/remonster-manga/page/3/ HTTP/1.1" 200 18890 "https://remonster.online/category/remonster-manga/page/2/" "Mozilla/5.0 (Linux; Android 10; K) AppleWebKit/537.36 (KHTML, like Gecko) Chrome/134.0.0.0 Mobile Safari/537.36"
2601:8c1:8286:d760:9936:dccf:e796:b945 - - [08/Jun/2025:13:41:54 -0400] "GET /category/remonster-manga/page/2/ HTTP/1.1" 200 19293 "https://remonster.online/category/remonster-manga/" "Mozilla/5.0 (Linux; Android 10; K) AppleWebKit/537.36 (KHTML, like Gecko) Chrome/134.0.0.0 Mobile Safari/537.36"
2601:8c1:8286:d760:9936:dccf:e796:b945 - - [08/Jun/2025:13:41:56 -0400] "GET /tag/read-remonster/ HTTP/1.1" 301 0 "https://remonster.online/category/remonster-manga/page/2/" "Mozilla/5.0 (Linux; Android 10; K) AppleWebKit/537.36 (KHTML, like Gecko) Chrome/134.0.0.0 Mobile Safari/537.36"
2601:8c1:8286:d760:9936:dccf:e796:b945 - - [08/Jun/2025:13:41:57 -0400] "GET / HTTP/1.1" 304 0 "https://remonster.online/category/remonster-manga/page/2/" "Mozilla/5.0 (Linux; Android 10; K) AppleWebKit/537.36 (KHTML, like Gecko) Chrome/134.0.0.0 Mobile Safari/537.36"
198.44.191.225 - - [08/Jun/2025:13:41:57 -0400] "POST /wp-login.php HTTP/1.1" 200 1875 "-" "Mozilla/5.0"
2601:8c1:8286:d760:9936:dccf:e796:b945 - - [08/Jun/2025:13:42:00 -0400] "GET /manga/remonster-chapter-97/ HTTP/1.1" 200 15039 "https://remonster.online/category/remonster-manga/page/2/" "Mozilla/5.0 (Linux; Android 10; K) AppleWebKit/537.36 (KHTML, like Gecko) Chrome/134.0.0.0 Mobile Safari/537.36"
2601:8c1:8286:d760:9936:dccf:e796:b945 - - [08/Jun/2025:13:42:00 -0400] "GET /manga/remonster-chapter-97/ HTTP/1.1" 304 0 "https://remonster.online/category/remonster-manga/page/2/" "Mozilla/5.0 (Linux; Android 10; K) AppleWebKit/537.36 (KHTML, like Gecko) Chrome/134.0.0.0 Mobile Safari/537.36"
2607:fb90:eabd:404e:b96a:d2f4:d397:8656 - - [08/Jun/2025:13:43:39 -0400] "GET /manga/remonster-chapter-76/ HTTP/1.1" 200 17400 "-" "Mozilla/5.0 (Macintosh; Intel Mac OS X 10_15_7) AppleWebKit/605.1.15 (KHTML, like Gecko) Version/18.1.1 Mobile/15E148 Safari/604.1"
137.27.161.10 - - [08/Jun/2025:13:43:42 -0400] "GET /manga/re-monster-chapter-54/ HTTP/1.1" 304 0 "https://remonster.online/manga/re-monster-chapter-55/" "Mozilla/5.0 (Windows NT 10.0; Win64; x64) AppleWebKit/537.36 (KHTML, like Gecko) Chrome/136.0.0.0 Safari/537.36"
137.27.161.10 - - [08/Jun/2025:13:43:43 -0400] "GET /manga/re-monster-chapter-56/ HTTP/1.1" 200 17355 "https://remonster.online/manga/re-monster-chapter-55/" "Mozilla/5.0 (Windows NT 10.0; Win64; x64) AppleWebKit/537.36 (KHTML, like Gecko) Chrome/136.0.0.0 Safari/537.36"
137.27.161.10 - - [08/Jun/2025:13:43:41 -0400] "GET /tag/rou/ HTTP/1.1" 301 0 "https://remonster.online/manga/re-monster-chapter-55/" "Mozilla/5.0 (Windows NT 10.0; Win64; x64) AppleWebKit/537.36 (KHTML, like Gecko) Chrome/136.0.0.0 Safari/537.36"
137.27.161.10 - - [08/Jun/2025:13:43:43 -0400] "GET / HTTP/1.1" 200 10858 "https://remonster.online/manga/re-monster-chapter-55/" "Mozilla/5.0 (Windows NT 10.0; Win64; x64) AppleWebKit/537.36 (KHTML, like Gecko) Chrome/136.0.0.0 Safari/537.36"
137.27.161.10 - - [08/Jun/2025:13:43:45 -0400] "GET /manga/re-monster-chapter-56/ HTTP/1.1" 304 0 "https://remonster.online/manga/re-monster-chapter-55/" "Mozilla/5.0 (Windows NT 10.0; Win64; x64) AppleWebKit/537.36 (KHTML, like Gecko) Chrome/136.0.0.0 Safari/537.36"
162.0.232.193 - - [08/Jun/2025:13:43:52 -0400] "POST /wp-cron.php?doing_wp_cron=1749404632.7416779994964599609375 HTTP/1.1" 200 0 "-" "WordPress/6.6.2; https://remonster.online"
2607:fb90:eabd:404e:b96a:d2f4:d397:8656 - - [08/Jun/2025:13:43:52 -0400] "GET /manga/remonster-chapter-76/null HTTP/1.1" 301 0 "-" "Mozilla/5.0 (Macintosh; Intel Mac OS X 10_15_7) AppleWebKit/605.1.15 (KHTML, like Gecko) Version/18.1.1 Mobile/15E148 Safari/604.1"
2607:fb90:eabd:404e:b96a:d2f4:d397:8656 - - [08/Jun/2025:13:43:53 -0400] "GET /manga/remonster-chapter-79/ HTTP/1.1" 200 18193 "-" "Mozilla/5.0 (Macintosh; Intel Mac OS X 10_15_7) AppleWebKit/605.1.15 (KHTML, like Gecko) Version/18.1.1 Mobile/15E148 Safari/604.1"
162.0.232.193 - - [08/Jun/2025:13:43:55 -0400] "GET /manga/remonster-chapter-81/ HTTP/1.1" 200 13991 "-" "WP Rocket/Preload"
162.0.232.193 - - [08/Jun/2025:13:43:56 -0400] "GET /manga/remonster-chapter-81/ HTTP/1.1" 200 13970 "-" "WP Rocket/Preload Mozilla/5.0 (iPhone; CPU iPhone OS 9_1 like Mac OS X) AppleWebKit/601.1.46 (KHTML, like Gecko) Version/9.0 Mobile/13B143 Safari/601.1"
162.0.232.193 - - [08/Jun/2025:13:43:57 -0400] "GET /manga/re-monster-chapter-67/ HTTP/1.1" 200 17534 "-" "WP Rocket/Preload"
2607:fb90:eabd:404e:b96a:d2f4:d397:8656 - - [08/Jun/2025:13:43:56 -0400] "POST /wp-admin/admin-ajax.php HTTP/1.1" 200 69 "https://remonster.online/manga/remonster-chapter-79/" "Mozilla/5.0 (Macintosh; Intel Mac OS X 10_15_7) AppleWebKit/605.1.15 (KHTML, like Gecko) Version/18.1.1 Mobile/15E148 Safari/604.1"
162.0.232.193 - - [08/Jun/2025:13:43:58 -0400] "GET /manga/re-monster-chapter-67/ HTTP/1.1" 200 17523 "-" "WP Rocket/Preload Mozilla/5.0 (iPhone; CPU iPhone OS 9_1 like Mac OS X) AppleWebKit/601.1.46 (KHTML, like Gecko) Version/9.0 Mobile/13B143 Safari/601.1"
162.0.232.193 - - [08/Jun/2025:13:43:59 -0400] "GET /manga/re-monster-chapter-6:/ HTTP/1.1" 200 18455 "-" "WP Rocket/Preload"
2607:fb90:eabd:404e:b96a:d2f4:d397:8656 - - [08/Jun/2025:13:44:00 -0400] "GET /manga/remonster-chapter-79/null HTTP/1.1" 301 0 "-" "Mozilla/5.0 (Macintosh; Intel Mac OS X 10_15_7) AppleWebKit/605.1.15 (KHTML, like Gecko) Version/18.1.1 Mobile/15E148 Safari/604.1"
162.0.232.193 - - [08/Jun/2025:13:44:00 -0400] "GET /manga/re-monster-chapter-6:/ HTTP/1.1" 200 18460 "-" "WP Rocket/Preload Mozilla/5.0 (iPhone; CPU iPhone OS 9_1 like Mac OS X) AppleWebKit/601.1.46 (KHTML, like Gecko) Version/9.0 Mobile/13B143 Safari/601.1"
2607:fb90:eabd:404e:b96a:d2f4:d397:8656 - - [08/Jun/2025:13:44:01 -0400] "GET /manga/remonster-chapter-77/ HTTP/1.1" 200 17346 "-" "Mozilla/5.0 (Macintosh; Intel Mac OS X 10_15_7) AppleWebKit/605.1.15 (KHTML, like Gecko) Version/18.1.1 Mobile/15E148 Safari/604.1"
162.0.232.193 - - [08/Jun/2025:13:44:02 -0400] "GET /manga/re-monster-chapter-72/ HTTP/1.1" 200 17532 "-" "WP Rocket/Preload"
162.0.232.193 - - [08/Jun/2025:13:44:03 -0400] "GET /manga/re-monster-chapter-72/ HTTP/1.1" 200 17850 "-" "WP Rocket/Preload Mozilla/5.0 (iPhone; CPU iPhone OS 9_1 like Mac OS X) AppleWebKit/601.1.46 (KHTML, like Gecko) Version/9.0 Mobile/13B143 Safari/601.1"
162.0.232.193 - - [08/Jun/2025:13:44:04 -0400] "GET /manga/re-monster-chapter-63/ HTTP/1.1" 200 0 "-" "WP Rocket/Preload"
162.0.232.193 - - [08/Jun/2025:13:44:05 -0400] "GET /manga/re-monster-chapter-63/ HTTP/1.1" 200 0 "-" "WP Rocket/Preload Mozilla/5.0 (iPhone; CPU iPhone OS 9_1 like Mac OS X) AppleWebKit/601.1.46 (KHTML, like Gecko) Version/9.0 Mobile/13B143 Safari/601.1"
51.159.226.162 - - [08/Jun/2025:13:44:17 -0400] "GET / HTTP/1.1" 200 10850 "https://www.google.com/" "Mozilla/5.0 (Android 10; Mobile; rv:139.0) Gecko/139.0 Firefox/139.0"
162.0.232.193 - - [08/Jun/2025:13:44:18 -0400] "POST /wp-cron.php?doing_wp_cron=1749404658.2715499401092529296875 HTTP/1.1" 200 0 "-" "WordPress/6.6.2; https://remonster.online"
175.138.128.51 - - [08/Jun/2025:13:44:18 -0400] "GET /manga/re-monster-chapter-68/ HTTP/1.1" 200 17480 "https://remonster.online/manga/re-monster-chapter-67/" "Mozilla/5.0 (Windows NT 10.0; Win64; x64) AppleWebKit/537.36 (KHTML, like Gecko) Chrome/137.0.0.0 Safari/537.36"
51.159.225.192 - - [08/Jun/2025:13:44:20 -0400] "GET /wp-content/themes/toivo-lite/fonts/genericons/genericons/Genericons.eot HTTP/1.1" 200 22760 "https://remonster.online/wp-content/themes/toivo-lite/fonts/genericons/genericons/genericons.min.css?ver=3.3" "Mozilla/5.0 (Android 10; Mobile; rv:139.0) Gecko/139.0 Firefox/139.0"
43.165.65.180 - - [08/Jun/2025:13:45:45 -0400] "GET /tag/haruyoshi-kobayakawa/ HTTP/1.1" 301 0 "-" "Mozilla/5.0 (iPhone; CPU iPhone OS 13_2_3 like Mac OS X) AppleWebKit/605.1.15 (KHTML, like Gecko) Version/13.0.3 Mobile/15E148 Safari/604.1"
43.165.65.180 - - [08/Jun/2025:13:45:50 -0400] "GET / HTTP/1.1" 200 10812 "https://remonster.online/tag/haruyoshi-kobayakawa/" "Mozilla/5.0 (iPhone; CPU iPhone OS 13_2_3 like Mac OS X) AppleWebKit/605.1.15 (KHTML, like Gecko) Version/13.0.3 Mobile/15E148 Safari/604.1"
2a0a:ef40:6c4:4f01:e47a:790:45f:159e - - [08/Jun/2025:13:45:53 -0400] "GET / HTTP/1.1" 200 10812 "-" "Mozilla/5.0 (Linux; Android 10; K) AppleWebKit/537.36 (KHTML, like Gecko) Chrome/137.0.0.0 Mobile Safari/537.36"
162.0.232.193 - - [08/Jun/2025:13:45:56 -0400] "POST /wp-cron.php?doing_wp_cron=1749404756.3649199008941650390625 HTTP/1.1" 200 0 "-" "WordPress/6.6.2; https://remonster.online"
2a0a:ef40:6c4:4f01:e47a:790:45f:159e - - [08/Jun/2025:13:45:56 -0400] "GET /manga/remonster-chapter-81/ HTTP/1.1" 200 14089 "-" "Mozilla/5.0 (Linux; Android 10; K) AppleWebKit/537.36 (KHTML, like Gecko) Chrome/137.0.0.0 Mobile Safari/537.36"
2a0a:ef40:6c4:4f01:e47a:790:45f:159e - - [08/Jun/2025:13:45:56 -0400] "GET /manga/remonster-chapter-81/ HTTP/1.1" 304 0 "https://remonster.online/" "Mozilla/5.0 (Linux; Android 10; K) AppleWebKit/537.36 (KHTML, like Gecko) Chrome/137.0.0.0 Mobile Safari/537.36"
2a0a:ef40:6c4:4f01:e47a:790:45f:159e - - [08/Jun/2025:13:45:55 -0400] "GET /manga/remonster-chapter-80/ HTTP/1.1" 200 13961 "-" "Mozilla/5.0 (Linux; Android 10; K) AppleWebKit/537.36 (KHTML, like Gecko) Chrome/137.0.0.0 Mobile Safari/537.36"
162.0.232.193 - - [08/Jun/2025:13:45:57 -0400] "GET /manga/re-monster-chapter-46./ HTTP/1.1" 200 18058 "-" "WP Rocket/Preload"
2a0a:ef40:6c4:4f01:e47a:790:45f:159e - - [08/Jun/2025:13:45:58 -0400] "GET /manga/remonster-chapter-80/ HTTP/1.1" 304 0 "-" "Mozilla/5.0 (Linux; Android 10; K) AppleWebKit/537.36 (KHTML, like Gecko) Chrome/137.0.0.0 Mobile Safari/537.36"
162.0.232.193 - - [08/Jun/2025:13:45:58 -0400] "GET /manga/re-monster-chapter-46./ HTTP/1.1" 200 18052 "-" "WP Rocket/Preload Mozilla/5.0 (iPhone; CPU iPhone OS 9_1 like Mac OS X) AppleWebKit/601.1.46 (KHTML, like Gecko) Version/9.0 Mobile/13B143 Safari/601.1"
162.0.232.193 - - [08/Jun/2025:13:45:59 -0400] "GET /manga/re-monster-chapter-55/ HTTP/1.1" 200 17367 "-" "WP Rocket/Preload"
162.0.232.193 - - [08/Jun/2025:13:46:00 -0400] "GET /manga/re-monster-chapter-55/ HTTP/1.1" 200 17451 "-" "WP Rocket/Preload Mozilla/5.0 (iPhone; CPU iPhone OS 9_1 like Mac OS X) AppleWebKit/601.1.46 (KHTML, like Gecko) Version/9.0 Mobile/13B143 Safari/601.1"
162.0.232.193 - - [08/Jun/2025:13:46:01 -0400] "GET /manga/re-monster-chapter-50/ HTTP/1.1" 200 0 "-" "WP Rocket/Preload"
2a0a:ef40:6c4:4f01:e47a:790:45f:159e - - [08/Jun/2025:13:46:02 -0400] "GET /tag/remonster-manga/ HTTP/1.1" 301 0 "-" "Mozilla/5.0 (Linux; Android 10; K) AppleWebKit/537.36 (KHTML, like Gecko) Chrome/137.0.0.0 Mobile Safari/537.36"
162.0.232.193 - - [08/Jun/2025:13:46:02 -0400] "GET /manga/re-monster-chapter-50/ HTTP/1.1" 200 0 "-" "WP Rocket/Preload Mozilla/5.0 (iPhone; CPU iPhone OS 9_1 like Mac OS X) AppleWebKit/601.1.46 (KHTML, like Gecko) Version/9.0 Mobile/13B143 Safari/601.1"
2a0a:ef40:6c4:4f01:e47a:790:45f:159e - - [08/Jun/2025:13:46:02 -0400] "GET /manga/remonster-chapter-82/ HTTP/1.1" 200 14034 "-" "Mozilla/5.0 (Linux; Android 10; K) AppleWebKit/537.36 (KHTML, like Gecko) Chrome/137.0.0.0 Mobile Safari/537.36"
162.0.232.193 - - [08/Jun/2025:13:46:04 -0400] "GET /manga/re-monster-chapter-51/ HTTP/1.1" 200 17511 "-" "WP Rocket/Preload"
85.208.96.202 - - [08/Jun/2025:13:46:05 -0400] "GET /remonster-chapter-59/ HTTP/1.1" 200 12818 "-" "Mozilla/5.0 (compatible; SemrushBot/7~bl; +http://www.semrush.com/bot.html)"
162.0.232.193 - - [08/Jun/2025:13:46:06 -0400] "GET /manga/re-monster-chapter-51/ HTTP/1.1" 200 17510 "-" "WP Rocket/Preload Mozilla/5.0 (iPhone; CPU iPhone OS 9_1 like Mac OS X) AppleWebKit/601.1.46 (KHTML, like Gecko) Version/9.0 Mobile/13B143 Safari/601.1"
162.0.232.193 - - [08/Jun/2025:13:46:07 -0400] "GET /manga/re-monster-chapter-41/ HTTP/1.1" 200 17323 "-" "WP Rocket/Preload"
162.0.232.193 - - [08/Jun/2025:13:46:09 -0400] "GET /manga/re-monster-chapter-41/ HTTP/1.1" 200 17316 "-" "WP Rocket/Preload Mozilla/5.0 (iPhone; CPU iPhone OS 9_1 like Mac OS X) AppleWebKit/601.1.46 (KHTML, like Gecko) Version/9.0 Mobile/13B143 Safari/601.1"
2a0a:ef40:6c4:4f01:e47a:790:45f:159e - - [08/Jun/2025:13:46:10 -0400] "GET /manga/remonster-chapter-81/ HTTP/1.1" 304 0 "https://remonster.online/" "Mozilla/5.0 (Linux; Android 10; K) AppleWebKit/537.36 (KHTML, like Gecko) Chrome/137.0.0.0 Mobile Safari/537.36"
162.0.232.193 - - [08/Jun/2025:13:46:10 -0400] "GET /manga/re-monster-chapter-37/ HTTP/1.1" 200 17726 "-" "WP Rocket/Preload"
162.0.232.193 - - [08/Jun/2025:13:46:11 -0400] "GET /manga/re-monster-chapter-37/ HTTP/1.1" 200 18040 "-" "WP Rocket/Preload Mozilla/5.0 (iPhone; CPU iPhone OS 9_1 like Mac OS X) AppleWebKit/601.1.46 (KHTML, like Gecko) Version/9.0 Mobile/13B143 Safari/601.1"
2a0a:ef40:6c4:4f01:e47a:790:45f:159e - - [08/Jun/2025:13:46:12 -0400] "GET /tag/remonster-chapter-80/ HTTP/1.1" 301 0 "-" "Mozilla/5.0 (Linux; Android 10; K) AppleWebKit/537.36 (KHTML, like Gecko) Chrome/137.0.0.0 Mobile Safari/537.36"
162.0.232.193 - - [08/Jun/2025:13:46:13 -0400] "GET /manga/re-monster-chapter-24/ HTTP/1.1" 200 17725 "-" "WP Rocket/Preload"
162.0.232.193 - - [08/Jun/2025:13:46:14 -0400] "GET /manga/re-monster-chapter-24/ HTTP/1.1" 200 0 "-" "WP Rocket/Preload Mozilla/5.0 (iPhone; CPU iPhone OS 9_1 like Mac OS X) AppleWebKit/601.1.46 (KHTML, like Gecko) Version/9.0 Mobile/13B143 Safari/601.1"
2a0a:ef40:6c4:4f01:e47a:790:45f:159e - - [08/Jun/2025:13:46:14 -0400] "GET /manga/remonster-chapter-82/ HTTP/1.1" 304 0 "-" "Mozilla/5.0 (Linux; Android 10; K) AppleWebKit/537.36 (KHTML, like Gecko) Chrome/137.0.0.0 Mobile Safari/537.36"
162.0.232.193 - - [08/Jun/2025:13:46:16 -0400] "GET /manga/re-monster-chapter-19/ HTTP/1.1" 200 0 "-" "WP Rocket/Preload"
2a0a:ef40:6c4:4f01:e47a:790:45f:159e - - [08/Jun/2025:13:46:16 -0400] "GET /manga/remonster-chapter-82/ HTTP/1.1" 304 0 "https://remonster.online/" "Mozilla/5.0 (Linux; Android 10; K) AppleWebKit/537.36 (KHTML, like Gecko) Chrome/137.0.0.0 Mobile Safari/537.36"
162.0.232.193 - - [08/Jun/2025:13:46:17 -0400] "GET /manga/re-monster-chapter-19/ HTTP/1.1" 200 0 "-" "WP Rocket/Preload Mozilla/5.0 (iPhone; CPU iPhone OS 9_1 like Mac OS X) AppleWebKit/601.1.46 (KHTML, like Gecko) Version/9.0 Mobile/13B143 Safari/601.1"
2a0a:ef40:6c4:4f01:e47a:790:45f:159e - - [08/Jun/2025:13:46:25 -0400] "GET / HTTP/1.1" 304 0 "-" "Mozilla/5.0 (Linux; Android 10; K) AppleWebKit/537.36 (KHTML, like Gecko) Chrome/137.0.0.0 Mobile Safari/537.36"
2a0a:ef40:6c4:4f01:e47a:790:45f:159e - - [08/Jun/2025:13:46:27 -0400] "GET /manga/remonster-chapter-82/ HTTP/1.1" 304 0 "https://remonster.online/" "Mozilla/5.0 (Linux; Android 10; K) AppleWebKit/537.36 (KHTML, like Gecko) Chrome/137.0.0.0 Mobile Safari/537.36"
2a0a:ef40:6c4:4f01:e47a:790:45f:159e - - [08/Jun/2025:13:46:29 -0400] "GET / HTTP/1.1" 304 0 "-" "Mozilla/5.0 (Linux; Android 10; K) AppleWebKit/537.36 (KHTML, like Gecko) Chrome/137.0.0.0 Mobile Safari/537.36"
2a0a:ef40:6c4:4f01:e47a:790:45f:159e - - [08/Jun/2025:13:46:29 -0400] "GET / HTTP/1.1" 304 0 "https://remonster.online/manga/remonster-chapter-82/" "Mozilla/5.0 (Linux; Android 10; K) AppleWebKit/537.36 (KHTML, like Gecko) Chrome/137.0.0.0 Mobile Safari/537.36"
2601:5ca:180:6d00:39b7:585a:a16d:b900 - - [08/Jun/2025:13:46:35 -0400] "GET /manga/re-monster-chapter-18/ HTTP/1.1" 200 18248 "https://remonster.online/manga/re-monster-chapter-17/" "Mozilla/5.0 (Windows NT 10.0; Win64; x64) AppleWebKit/537.36 (KHTML, like Gecko) Chrome/134.0.0.0 Safari/537.36 OPR/119.0.0.0"
2601:5ca:180:6d00:39b7:585a:a16d:b900 - - [08/Jun/2025:13:46:35 -0400] "GET /manga/re-monster-chapter-18/ HTTP/1.1" 304 0 "https://remonster.online/manga/re-monster-chapter-17/" "Mozilla/5.0 (Windows NT 10.0; Win64; x64) AppleWebKit/537.36 (KHTML, like Gecko) Chrome/134.0.0.0 Safari/537.36 OPR/119.0.0.0"
162.0.232.193 - - [08/Jun/2025:13:46:37 -0400] "POST /wp-cron.php?doing_wp_cron=1749404796.9139029979705810546875 HTTP/1.1" 200 0 "-" "WordPress/6.6.2; https://remonster.online"
2a0a:ef40:6c4:4f01:e47a:790:45f:159e - - [08/Jun/2025:13:46:36 -0400] "GET /manga/re-monster-chapter-46/ HTTP/1.1" 200 17729 "-" "Mozilla/5.0 (Linux; Android 10; K) AppleWebKit/537.36 (KHTML, like Gecko) Chrome/137.0.0.0 Mobile Safari/537.36"
2a0a:ef40:6c4:4f01:e47a:790:45f:159e - - [08/Jun/2025:13:46:38 -0400] "GET /manga/re-monster-chapter-46/ HTTP/1.1" 304 0 "https://remonster.online/" "Mozilla/5.0 (Linux; Android 10; K) AppleWebKit/537.36 (KHTML, like Gecko) Chrome/137.0.0.0 Mobile Safari/537.36"
162.0.232.193 - - [08/Jun/2025:13:46:37 -0400] "GET /manga/re-monster-chapter-21/ HTTP/1.1" 200 16008 "-" "WP Rocket/Preload"
162.0.232.193 - - [08/Jun/2025:13:46:39 -0400] "GET /manga/re-monster-chapter-21/ HTTP/1.1" 200 16269 "-" "WP Rocket/Preload Mozilla/5.0 (iPhone; CPU iPhone OS 9_1 like Mac OS X) AppleWebKit/601.1.46 (KHTML, like Gecko) Version/9.0 Mobile/13B143 Safari/601.1"
2a0a:ef40:6c4:4f01:e47a:790:45f:159e - - [08/Jun/2025:13:46:38 -0400] "POST /wp-admin/admin-ajax.php HTTP/1.1" 200 69 "https://remonster.online/manga/re-monster-chapter-46/" "Mozilla/5.0 (Linux; Android 10; K) AppleWebKit/537.36 (KHTML, like Gecko) Chrome/137.0.0.0 Mobile Safari/537.36"
162.0.232.193 - - [08/Jun/2025:13:46:40 -0400] "GET /manga/re-monster-chapter-13/ HTTP/1.1" 200 17793 "-" "WP Rocket/Preload"
162.0.232.193 - - [08/Jun/2025:13:46:41 -0400] "GET /manga/re-monster-chapter-13/ HTTP/1.1" 200 17769 "-" "WP Rocket/Preload Mozilla/5.0 (iPhone; CPU iPhone OS 9_1 like Mac OS X) AppleWebKit/601.1.46 (KHTML, like Gecko) Version/9.0 Mobile/13B143 Safari/601.1"
162.0.232.193 - - [08/Jun/2025:13:46:42 -0400] "GET /manga/re-monster-chapter-7-/ HTTP/1.1" 200 18352 "-" "WP Rocket/Preload"
162.0.232.193 - - [08/Jun/2025:13:46:44 -0400] "GET /manga/re-monster-chapter-7-/ HTTP/1.1" 200 18354 "-" "WP Rocket/Preload Mozilla/5.0 (iPhone; CPU iPhone OS 9_1 like Mac OS X) AppleWebKit/601.1.46 (KHTML, like Gecko) Version/9.0 Mobile/13B143 Safari/601.1"
162.0.232.193 - - [08/Jun/2025:13:46:45 -0400] "GET /manga/re-monster-chapter-54./ HTTP/1.1" 200 17734 "-" "WP Rocket/Preload"
162.0.232.193 - - [08/Jun/2025:13:46:46 -0400] "GET /manga/re-monster-chapter-54./ HTTP/1.1" 200 17721 "-" "WP Rocket/Preload Mozilla/5.0 (iPhone; CPU iPhone OS 9_1 like Mac OS X) AppleWebKit/601.1.46 (KHTML, like Gecko) Version/9.0 Mobile/13B143 Safari/601.1"
162.0.232.193 - - [08/Jun/2025:13:46:48 -0400] "GET /manga/re-monster-chapter-7./ HTTP/1.1" 200 18352 "-" "WP Rocket/Preload"
162.0.232.193 - - [08/Jun/2025:13:46:49 -0400] "GET /manga/re-monster-chapter-7./ HTTP/1.1" 200 18354 "-" "WP Rocket/Preload Mozilla/5.0 (iPhone; CPU iPhone OS 9_1 like Mac OS X) AppleWebKit/601.1.46 (KHTML, like Gecko) Version/9.0 Mobile/13B143 Safari/601.1"
162.0.232.193 - - [08/Jun/2025:13:46:50 -0400] "GET /manga/re-monster-chapter-69./ HTTP/1.1" 200 18314 "-" "WP Rocket/Preload"
162.0.232.193 - - [08/Jun/2025:13:46:51 -0400] "GET /manga/re-monster-chapter-69./ HTTP/1.1" 200 18315 "-" "WP Rocket/Preload Mozilla/5.0 (iPhone; CPU iPhone OS 9_1 like Mac OS X) AppleWebKit/601.1.46 (KHTML, like Gecko) Version/9.0 Mobile/13B143 Safari/601.1"
2a0a:ef40:6c4:4f01:e47a:790:45f:159e - - [08/Jun/2025:13:46:52 -0400] "GET /manga/re-monster-chapter-55/ HTTP/1.1" 200 17451 "-" "Mozilla/5.0 (Linux; Android 10; K) AppleWebKit/537.36 (KHTML, like Gecko) Chrome/137.0.0.0 Mobile Safari/537.36"
162.0.232.193 - - [08/Jun/2025:13:46:52 -0400] "GET /manga/re-monster-chapter-16/ HTTP/1.1" 200 17551 "-" "WP Rocket/Preload"
2a0a:ef40:6c4:4f01:e47a:790:45f:159e - - [08/Jun/2025:13:46:52 -0400] "GET /manga/re-monster-chapter-55/ HTTP/1.1" 304 0 "https://remonster.online/" "Mozilla/5.0 (Linux; Android 10; K) AppleWebKit/537.36 (KHTML, like Gecko) Chrome/137.0.0.0 Mobile Safari/537.36"
162.0.232.193 - - [08/Jun/2025:13:46:53 -0400] "GET /manga/re-monster-chapter-16/ HTTP/1.1" 200 17547 "-" "WP Rocket/Preload Mozilla/5.0 (iPhone; CPU iPhone OS 9_1 like Mac OS X) AppleWebKit/601.1.46 (KHTML, like Gecko) Version/9.0 Mobile/13B143 Safari/601.1"
2a0a:ef40:6c4:4f01:e47a:790:45f:159e - - [08/Jun/2025:13:46:54 -0400] "GET /manga/re-monster-chapter-55/ HTTP/1.1" 304 0 "-" "Mozilla/5.0 (Linux; Android 10; K) AppleWebKit/537.36 (KHTML, like Gecko) Chrome/137.0.0.0 Mobile Safari/537.36"
162.0.232.193 - - [08/Jun/2025:13:46:54 -0400] "GET /manga/re-monster-chapter-43/ HTTP/1.1" 200 17468 "-" "WP Rocket/Preload"
162.0.232.193 - - [08/Jun/2025:13:46:55 -0400] "GET /manga/re-monster-chapter-43/ HTTP/1.1" 200 17802 "-" "WP Rocket/Preload Mozilla/5.0 (iPhone; CPU iPhone OS 9_1 like Mac OS X) AppleWebKit/601.1.46 (KHTML, like Gecko) Version/9.0 Mobile/13B143 Safari/601.1"
162.0.232.193 - - [08/Jun/2025:13:46:56 -0400] "GET /manga/remonster-chapter-91/ HTTP/1.1" 200 14457 "-" "WP Rocket/Preload"
2a0a:ef40:6c4:4f01:e47a:790:45f:159e - - [08/Jun/2025:13:46:57 -0400] "GET /manga/re-monster-chapter-58/ HTTP/1.1" 200 17738 "-" "Mozilla/5.0 (Linux; Android 10; K) AppleWebKit/537.36 (KHTML, like Gecko) Chrome/137.0.0.0 Mobile Safari/537.36"
2a0a:ef40:6c4:4f01:e47a:790:45f:159e - - [08/Jun/2025:13:46:58 -0400] "GET /manga/re-monster-chapter-58/ HTTP/1.1" 304 0 "https://remonster.online/" "Mozilla/5.0 (Linux; Android 10; K) AppleWebKit/537.36 (KHTML, like Gecko) Chrome/137.0.0.0 Mobile Safari/537.36"
162.0.232.193 - - [08/Jun/2025:13:46:57 -0400] "GET /manga/remonster-chapter-91/ HTTP/1.1" 200 0 "-" "WP Rocket/Preload Mozilla/5.0 (iPhone; CPU iPhone OS 9_1 like Mac OS X) AppleWebKit/601.1.46 (KHTML, like Gecko) Version/9.0 Mobile/13B143 Safari/601.1"
162.0.232.193 - - [08/Jun/2025:13:46:58 -0400] "GET /privacy-policy/ HTTP/1.1" 200 13344 "-" "WP Rocket/Preload"
2a0a:ef40:6c4:4f01:e47a:790:45f:159e - - [08/Jun/2025:13:46:58 -0400] "POST /wp-admin/admin-ajax.php HTTP/1.1" 200 69 "https://remonster.online/manga/re-monster-chapter-58/" "Mozilla/5.0 (Linux; Android 10; K) AppleWebKit/537.36 (KHTML, like Gecko) Chrome/137.0.0.0 Mobile Safari/537.36"
162.0.232.193 - - [08/Jun/2025:13:46:59 -0400] "GET /privacy-policy/ HTTP/1.1" 200 13699 "-" "WP Rocket/Preload Mozilla/5.0 (iPhone; CPU iPhone OS 9_1 like Mac OS X) AppleWebKit/601.1.46 (KHTML, like Gecko) Version/9.0 Mobile/13B143 Safari/601.1"
2a0a:ef40:6c4:4f01:e47a:790:45f:159e - - [08/Jun/2025:13:47:03 -0400] "GET /manga/re-monster-chapter-56/ HTTP/1.1" 200 17642 "-" "Mozilla/5.0 (Linux; Android 10; K) AppleWebKit/537.36 (KHTML, like Gecko) Chrome/137.0.0.0 Mobile Safari/537.36"
2a0a:ef40:6c4:4f01:e47a:790:45f:159e - - [08/Jun/2025:13:47:04 -0400] "GET /manga/re-monster-chapter-56/ HTTP/1.1" 304 0 "https://remonster.online/" "Mozilla/5.0 (Linux; Android 10; K) AppleWebKit/537.36 (KHTML, like Gecko) Chrome/137.0.0.0 Mobile Safari/537.36"
2a0a:ef40:6c4:4f01:e47a:790:45f:159e - - [08/Jun/2025:13:47:14 -0400] "GET /manga/re-monster-chapter-52/ HTTP/1.1" 200 17368 "-" "Mozilla/5.0 (Linux; Android 10; K) AppleWebKit/537.36 (KHTML, like Gecko) Chrome/137.0.0.0 Mobile Safari/537.36"
2a0a:ef40:6c4:4f01:e47a:790:45f:159e - - [08/Jun/2025:13:47:15 -0400] "GET /manga/re-monster-chapter-52/ HTTP/1.1" 304 0 "https://remonster.online/" "Mozilla/5.0 (Linux; Android 10; K) AppleWebKit/537.36 (KHTML, like Gecko) Chrome/137.0.0.0 Mobile Safari/537.36"
162.0.232.193 - - [08/Jun/2025:13:47:29 -0400] "POST /wp-cron.php?doing_wp_cron=1749404849.3073339462280273437500 HTTP/1.1" 200 0 "-" "WordPress/6.6.2; https://remonster.online"
114.10.41.15 - - [08/Jun/2025:13:47:29 -0400] "GET /manga/remonster-chapter-97/ HTTP/1.1" 200 15389 "https://remonster.online/manga/re-monster-chapter-1/" "Mozilla/5.0 (iPhone; CPU iPhone OS 18_3_2 like Mac OS X) AppleWebKit/605.1.15 (KHTML, like Gecko) CriOS/137.0.7151.79 Mobile/15E148 Safari/604.1"
162.0.232.193 - - [08/Jun/2025:13:47:30 -0400] "POST /wp-cron.php?doing_wp_cron=1749404850.8266339302062988281250 HTTP/1.1" 200 0 "-" "WordPress/6.6.2; https://remonster.online"
114.10.41.15 - - [08/Jun/2025:13:47:30 -0400] "POST /wp-admin/admin-ajax.php HTTP/1.1" 200 69 "https://remonster.online/manga/remonster-chapter-97/" "Mozilla/5.0 (iPhone; CPU iPhone OS 18_3_2 like Mac OS X) AppleWebKit/605.1.15 (KHTML, like Gecko) CriOS/137.0.7151.79 Mobile/15E148 Safari/604.1"
162.0.232.193 - - [08/Jun/2025:13:47:31 -0400] "GET /remonster-chapter-82/ HTTP/1.1" 200 13158 "-" "WP Rocket/Preload"
162.0.232.193 - - [08/Jun/2025:13:47:33 -0400] "GET /remonster-chapter-82/ HTTP/1.1" 200 12810 "-" "WP Rocket/Preload Mozilla/5.0 (iPhone; CPU iPhone OS 9_1 like Mac OS X) AppleWebKit/601.1.46 (KHTML, like Gecko) Version/9.0 Mobile/13B143 Safari/601.1"
162.0.232.193 - - [08/Jun/2025:13:47:34 -0400] "GET /manga/re-monster-chapter-73./ HTTP/1.1" 200 17672 "-" "WP Rocket/Preload"
162.0.232.193 - - [08/Jun/2025:13:47:35 -0400] "GET /manga/re-monster-chapter-73./ HTTP/1.1" 200 17653 "-" "WP Rocket/Preload Mozilla/5.0 (iPhone; CPU iPhone OS 9_1 like Mac OS X) AppleWebKit/601.1.46 (KHTML, like Gecko) Version/9.0 Mobile/13B143 Safari/601.1"
162.0.232.193 - - [08/Jun/2025:13:47:37 -0400] "GET /manga/re-monster-chapter-63./ HTTP/1.1" 200 17702 "-" "WP Rocket/Preload"
162.0.232.193 - - [08/Jun/2025:13:47:38 -0400] "GET /manga/re-monster-chapter-63./ HTTP/1.1" 200 17692 "-" "WP Rocket/Preload Mozilla/5.0 (iPhone; CPU iPhone OS 9_1 like Mac OS X) AppleWebKit/601.1.46 (KHTML, like Gecko) Version/9.0 Mobile/13B143 Safari/601.1"
162.0.232.193 - - [08/Jun/2025:13:47:39 -0400] "GET /manga/re-monster-chapter-61./ HTTP/1.1" 200 17642 "-" "WP Rocket/Preload"
162.0.232.193 - - [08/Jun/2025:13:47:40 -0400] "GET /manga/re-monster-chapter-61./ HTTP/1.1" 200 17640 "-" "WP Rocket/Preload Mozilla/5.0 (iPhone; CPU iPhone OS 9_1 like Mac OS X) AppleWebKit/601.1.46 (KHTML, like Gecko) Version/9.0 Mobile/13B143 Safari/601.1"
162.0.232.193 - - [08/Jun/2025:13:47:41 -0400] "GET /manga/re-monster-chapter-7/ HTTP/1.1" 200 18068 "-" "WP Rocket/Preload"
162.0.232.193 - - [08/Jun/2025:13:47:42 -0400] "GET /manga/re-monster-chapter-7/ HTTP/1.1" 200 18046 "-" "WP Rocket/Preload Mozilla/5.0 (iPhone; CPU iPhone OS 9_1 like Mac OS X) AppleWebKit/601.1.46 (KHTML, like Gecko) Version/9.0 Mobile/13B143 Safari/601.1"
162.0.232.193 - - [08/Jun/2025:13:47:43 -0400] "GET /manga/re-monster-chapter-50./ HTTP/1.1" 200 18061 "-" "WP Rocket/Preload"
162.0.232.193 - - [08/Jun/2025:13:47:44 -0400] "GET /manga/re-monster-chapter-50./ HTTP/1.1" 200 18058 "-" "WP Rocket/Preload Mozilla/5.0 (iPhone; CPU iPhone OS 9_1 like Mac OS X) AppleWebKit/601.1.46 (KHTML, like Gecko) Version/9.0 Mobile/13B143 Safari/601.1"
162.0.232.193 - - [08/Jun/2025:13:47:45 -0400] "GET /manga/re-monster-chapter-52./ HTTP/1.1" 200 17707 "-" "WP Rocket/Preload"
162.0.232.193 - - [08/Jun/2025:13:47:46 -0400] "GET /manga/re-monster-chapter-52./ HTTP/1.1" 200 17697 "-" "WP Rocket/Preload Mozilla/5.0 (iPhone; CPU iPhone OS 9_1 like Mac OS X) AppleWebKit/601.1.46 (KHTML, like Gecko) Version/9.0 Mobile/13B143 Safari/601.1"
162.0.232.193 - - [08/Jun/2025:13:47:47 -0400] "GET /remonster-chapter-89/ HTTP/1.1" 200 13219 "-" "WP Rocket/Preload"
162.0.232.193 - - [08/Jun/2025:13:47:48 -0400] "GET /remonster-chapter-89/ HTTP/1.1" 200 13211 "-" "WP Rocket/Preload Mozilla/5.0 (iPhone; CPU iPhone OS 9_1 like Mac OS X) AppleWebKit/601.1.46 (KHTML, like Gecko) Version/9.0 Mobile/13B143 Safari/601.1"
162.0.232.193 - - [08/Jun/2025:13:47:49 -0400] "GET /remonster-chapter-75/ HTTP/1.1" 200 12786 "-" "WP Rocket/Preload"
162.0.232.193 - - [08/Jun/2025:13:47:50 -0400] "GET /remonster-chapter-75/ HTTP/1.1" 200 13105 "-" "WP Rocket/Preload Mozilla/5.0 (iPhone; CPU iPhone OS 9_1 like Mac OS X) AppleWebKit/601.1.46 (KHTML, like Gecko) Version/9.0 Mobile/13B143 Safari/601.1"
162.0.232.193 - - [08/Jun/2025:13:47:51 -0400] "GET /remonster-chapter-73/ HTTP/1.1" 200 12791 "-" "WP Rocket/Preload"
162.0.232.193 - - [08/Jun/2025:13:47:52 -0400] "GET /remonster-chapter-73/ HTTP/1.1" 200 13102 "-" "WP Rocket/Preload Mozilla/5.0 (iPhone; CPU iPhone OS 9_1 like Mac OS X) AppleWebKit/601.1.46 (KHTML, like Gecko) Version/9.0 Mobile/13B143 Safari/601.1"
162.0.232.193 - - [08/Jun/2025:13:47:53 -0400] "GET /remonster-chapter-63/ HTTP/1.1" 200 12868 "-" "WP Rocket/Preload"
162.0.232.193 - - [08/Jun/2025:13:47:54 -0400] "GET /remonster-chapter-63/ HTTP/1.1" 200 13206 "-" "WP Rocket/Preload Mozilla/5.0 (iPhone; CPU iPhone OS 9_1 like Mac OS X) AppleWebKit/601.1.46 (KHTML, like Gecko) Version/9.0 Mobile/13B143 Safari/601.1"
2001:8003:3083:1000:b08e:d3f4:3f81:1033 - - [08/Jun/2025:13:48:04 -0400] "GET /manga/re-monster-chapter-48/ HTTP/1.1" 200 17353 "https://remonster.online/" "Mozilla/5.0 (Macintosh; Intel Mac OS X 10_15_7) AppleWebKit/605.1.15 (KHTML, like Gecko) Version/18.5 Safari/605.1.15"
2600:1004:b15b:a556:68c3:b2ff:fed0:bc6 - - [08/Jun/2025:13:48:11 -0400] "GET /manga/re-monster-chapter-67/ HTTP/1.1" 200 17567 "https://remonster.online/manga/re-monster-chapter-66/" "Mozilla/5.0 (Linux; Android 10; K) AppleWebKit/537.36 (KHTML, like Gecko) Chrome/137.0.0.0 Mobile Safari/537.36"
162.0.232.193 - - [08/Jun/2025:13:49:27 -0400] "POST /wp-cron.php?doing_wp_cron=1749404967.4949231147766113281250 HTTP/1.1" 200 0 "-" "WordPress/6.6.2; https://remonster.online"
2a02:908:1065:ed40:7ac8:63a9:6c1e:1f5d - - [08/Jun/2025:13:49:27 -0400] "GET /manga/re-monster-chapter-65/ HTTP/1.1" 200 17380 "https://remonster.online/manga/re-monster-chapter-64/" "Mozilla/5.0 (Windows NT 10.0; Win64; x64; rv:139.0) Gecko/20100101 Firefox/139.0"
2a02:908:1065:ed40:7ac8:63a9:6c1e:1f5d - - [08/Jun/2025:13:49:27 -0400] "GET /manga/re-monster-chapter-65/ HTTP/1.1" 200 17380 "https://remonster.online/manga/re-monster-chapter-64/" "Mozilla/5.0 (Windows NT 10.0; Win64; x64; rv:139.0) Gecko/20100101 Firefox/139.0"
162.0.232.193 - - [08/Jun/2025:13:49:28 -0400] "GET /remonster-chapter-64/ HTTP/1.1" 200 13267 "-" "WP Rocket/Preload"
162.0.232.193 - - [08/Jun/2025:13:49:29 -0400] "GET /remonster-chapter-64/ HTTP/1.1" 200 13248 "-" "WP Rocket/Preload Mozilla/5.0 (iPhone; CPU iPhone OS 9_1 like Mac OS X) AppleWebKit/601.1.46 (KHTML, like Gecko) Version/9.0 Mobile/13B143 Safari/601.1"
162.0.232.193 - - [08/Jun/2025:13:49:30 -0400] "GET /remonster-chapter-57/ HTTP/1.1" 200 12760 "-" "WP Rocket/Preload"
162.0.232.193 - - [08/Jun/2025:13:49:32 -0400] "GET /remonster-chapter-57/ HTTP/1.1" 200 12769 "-" "WP Rocket/Preload Mozilla/5.0 (iPhone; CPU iPhone OS 9_1 like Mac OS X) AppleWebKit/601.1.46 (KHTML, like Gecko) Version/9.0 Mobile/13B143 Safari/601.1"
162.0.232.193 - - [08/Jun/2025:13:49:33 -0400] "GET /remonster-chapter-34/ HTTP/1.1" 200 12695 "-" "WP Rocket/Preload"
162.0.232.193 - - [08/Jun/2025:13:49:34 -0400] "GET /remonster-chapter-34/ HTTP/1.1" 200 12986 "-" "WP Rocket/Preload Mozilla/5.0 (iPhone; CPU iPhone OS 9_1 like Mac OS X) AppleWebKit/601.1.46 (KHTML, like Gecko) Version/9.0 Mobile/13B143 Safari/601.1"
162.0.232.193 - - [08/Jun/2025:13:49:35 -0400] "GET /remonster-chapter-32/ HTTP/1.1" 200 12782 "-" "WP Rocket/Preload"
162.0.232.193 - - [08/Jun/2025:13:49:36 -0400] "GET /remonster-chapter-32/ HTTP/1.1" 200 13088 "-" "WP Rocket/Preload Mozilla/5.0 (iPhone; CPU iPhone OS 9_1 like Mac OS X) AppleWebKit/601.1.46 (KHTML, like Gecko) Version/9.0 Mobile/13B143 Safari/601.1"
162.0.232.193 - - [08/Jun/2025:13:49:38 -0400] "GET /remonster-chapter-30/ HTTP/1.1" 200 13161 "-" "WP Rocket/Preload"
162.0.232.193 - - [08/Jun/2025:13:49:39 -0400] "GET /remonster-chapter-30/ HTTP/1.1" 200 12860 "-" "WP Rocket/Preload Mozilla/5.0 (iPhone; CPU iPhone OS 9_1 like Mac OS X) AppleWebKit/601.1.46 (KHTML, like Gecko) Version/9.0 Mobile/13B143 Safari/601.1"
162.0.232.193 - - [08/Jun/2025:13:49:40 -0400] "GET /remonster-chapter-29/ HTTP/1.1" 200 12719 "-" "WP Rocket/Preload"
162.0.232.193 - - [08/Jun/2025:13:49:41 -0400] "GET /remonster-chapter-29/ HTTP/1.1" 200 12688 "-" "WP Rocket/Preload Mozilla/5.0 (iPhone; CPU iPhone OS 9_1 like Mac OS X) AppleWebKit/601.1.46 (KHTML, like Gecko) Version/9.0 Mobile/13B143 Safari/601.1"
162.0.232.193 - - [08/Jun/2025:13:49:42 -0400] "GET /remonster-chapter-28-3/ HTTP/1.1" 200 13161 "-" "WP Rocket/Preload"
162.0.232.193 - - [08/Jun/2025:13:49:44 -0400] "GET /remonster-chapter-28-3/ HTTP/1.1" 200 13168 "-" "WP Rocket/Preload Mozilla/5.0 (iPhone; CPU iPhone OS 9_1 like Mac OS X) AppleWebKit/601.1.46 (KHTML, like Gecko) Version/9.0 Mobile/13B143 Safari/601.1"
103.121.204.231 - - [08/Jun/2025:13:49:45 -0400] "GET / HTTP/1.1" 200 10812 "https://www.google.com/" "Mozilla/5.0 (Linux; Android 10; K) AppleWebKit/537.36 (KHTML, like Gecko) Chrome/137.0.0.0 Mobile Safari/537.36"
162.0.232.193 - - [08/Jun/2025:13:49:45 -0400] "GET /remonster-chapter-28-2-humans-and-demi-humans/ HTTP/1.1" 200 12885 "-" "WP Rocket/Preload"
103.121.204.231 - - [08/Jun/2025:13:49:45 -0400] "GET /wp-content/plugins/widgets-on-pages/public/css/widgets-on-pages-public.css?ver=1.4.0 HTTP/1.1" 200 83 "-" "Mozilla/5.0 (Linux; Android 10; K) AppleWebKit/537.36 (KHTML, like Gecko) Chrome/137.0.0.0 Mobile Safari/537.36"
103.121.204.231 - - [08/Jun/2025:13:49:45 -0400] "GET /wp-includes/css/dist/block-library/style.min.css?ver=6.6.2 HTTP/1.1" 200 13903 "-" "Mozilla/5.0 (Linux; Android 10; K) AppleWebKit/537.36 (KHTML, like Gecko) Chrome/137.0.0.0 Mobile Safari/537.36"
103.121.204.231 - - [08/Jun/2025:13:49:45 -0400] "GET /wp-content/plugins/simple-social-buttons/assets/css/front.css?ver=5.3.1 HTTP/1.1" 200 10295 "-" "Mozilla/5.0 (Linux; Android 10; K) AppleWebKit/537.36 (KHTML, like Gecko) Chrome/137.0.0.0 Mobile Safari/537.36"
103.121.204.231 - - [08/Jun/2025:13:49:46 -0400] "GET /wp-content/plugins/links-auto-replacer/public/js/lar-public.js?ver=2.0.0 HTTP/1.1" 200 393 "https://remonster.online/" "Mozilla/5.0 (Linux; Android 10; K) AppleWebKit/537.36 (KHTML, like Gecko) Chrome/137.0.0.0 Mobile Safari/537.36"
103.121.204.231 - - [08/Jun/2025:13:49:46 -0400] "GET /wp-content/plugins/comic-easel/js/keynav.js HTTP/1.1" 200 302 "https://remonster.online/" "Mozilla/5.0 (Linux; Android 10; K) AppleWebKit/537.36 (KHTML, like Gecko) Chrome/137.0.0.0 Mobile Safari/537.36"
103.121.204.231 - - [08/Jun/2025:13:49:46 -0400] "GET /wp-includes/js/jquery/jquery.min.js?ver=3.7.1 HTTP/1.1" 200 29744 "https://remonster.online/" "Mozilla/5.0 (Linux; Android 10; K) AppleWebKit/537.36 (KHTML, like Gecko) Chrome/137.0.0.0 Mobile Safari/537.36"
103.121.204.231 - - [08/Jun/2025:13:49:46 -0400] "GET /wp-content/themes/toivo-lite/fonts/genericons/genericons/genericons.min.css?ver=3.3 HTTP/1.1" 200 15959 "https://remonster.online/" "Mozilla/5.0 (Linux; Android 10; K) AppleWebKit/537.36 (KHTML, like Gecko) Chrome/137.0.0.0 Mobile Safari/537.36"
103.121.204.231 - - [08/Jun/2025:13:49:46 -0400] "GET /wp-content/plugins/simple-social-buttons/assets/js/front.js?ver=5.3.1 HTTP/1.1" 200 1932 "https://remonster.online/" "Mozilla/5.0 (Linux; Android 10; K) AppleWebKit/537.36 (KHTML, like Gecko) Chrome/137.0.0.0 Mobile Safari/537.36"
103.121.204.231 - - [08/Jun/2025:13:49:46 -0400] "GET /wp-includes/js/jquery/jquery-migrate.min.js?ver=3.4.1 HTTP/1.1" 200 4678 "https://remonster.online/" "Mozilla/5.0 (Linux; Android 10; K) AppleWebKit/537.36 (KHTML, like Gecko) Chrome/137.0.0.0 Mobile Safari/537.36"
103.121.204.231 - - [08/Jun/2025:13:49:46 -0400] "GET /wp-content/themes/toivo-lite/style.css?ver=1.2.0 HTTP/1.1" 200 13718 "https://remonster.online/" "Mozilla/5.0 (Linux; Android 10; K) AppleWebKit/537.36 (KHTML, like Gecko) Chrome/137.0.0.0 Mobile Safari/537.36"
162.0.232.193 - - [08/Jun/2025:13:49:46 -0400] "GET /remonster-chapter-28-2-humans-and-demi-humans/ HTTP/1.1" 200 0 "-" "WP Rocket/Preload Mozilla/5.0 (iPhone; CPU iPhone OS 9_1 like Mac OS X) AppleWebKit/601.1.46 (KHTML, like Gecko) Version/9.0 Mobile/13B143 Safari/601.1"
103.121.204.231 - - [08/Jun/2025:13:49:46 -0400] "GET /wp-content/uploads/2021/11/8168f-bSGoS-1260x1800.jpeg HTTP/1.1" 200 463933 "https://remonster.online/" "Mozilla/5.0 (Linux; Android 10; K) AppleWebKit/537.36 (KHTML, like Gecko) Chrome/137.0.0.0 Mobile Safari/537.36"
103.121.204.231 - - [08/Jun/2025:13:49:46 -0400] "GET /wp-content/uploads/2021/11/LN_v09_001.jpeg HTTP/1.1" 200 1105440 "https://remonster.online/" "Mozilla/5.0 (Linux; Android 10; K) AppleWebKit/537.36 (KHTML, like Gecko) Chrome/137.0.0.0 Mobile Safari/537.36"
162.0.232.193 - - [08/Jun/2025:13:49:47 -0400] "GET /remonster-chapter-28-assault/ HTTP/1.1" 200 0 "-" "WP Rocket/Preload"
162.0.232.193 - - [08/Jun/2025:13:49:49 -0400] "GET /remonster-chapter-28-assault/ HTTP/1.1" 200 13080 "-" "WP Rocket/Preload Mozilla/5.0 (iPhone; CPU iPhone OS 9_1 like Mac OS X) AppleWebKit/601.1.46 (KHTML, like Gecko) Version/9.0 Mobile/13B143 Safari/601.1"
162.0.232.193 - - [08/Jun/2025:13:49:54 -0400] "POST /wp-cron.php?doing_wp_cron=1749404994.2556350231170654296875 HTTP/1.1" 200 0 "-" "WordPress/6.6.2; https://remonster.online"
162.0.232.193 - - [08/Jun/2025:13:49:54 -0400] "POST /wp-cron.php?doing_wp_cron=1749404994.2670791149139404296875 HTTP/1.1" 200 0 "-" "WordPress/6.6.2; https://remonster.online"
103.121.204.231 - - [08/Jun/2025:13:49:54 -0400] "GET /manga/remonster-chapter-96/ HTTP/1.1" 200 15132 "https://remonster.online/" "Mozilla/5.0 (Linux; Android 10; K) AppleWebKit/537.36 (KHTML, like Gecko) Chrome/137.0.0.0 Mobile Safari/537.36"
2a0a:ef40:6c4:4f01:e47a:790:45f:159e - - [08/Jun/2025:13:49:53 -0400] "GET /manga/re-monster-chapter-65/ HTTP/1.1" 200 17375 "-" "Mozilla/5.0 (Linux; Android 10; K) AppleWebKit/537.36 (KHTML, like Gecko) Chrome/137.0.0.0 Mobile Safari/537.36"
162.0.232.193 - - [08/Jun/2025:13:49:54 -0400] "GET /remonster-chapter-27-2/ HTTP/1.1" 200 13065 "-" "WP Rocket/Preload"
2a0a:ef40:6c4:4f01:e47a:790:45f:159e - - [08/Jun/2025:13:49:55 -0400] "GET /manga/re-monster-chapter-65/ HTTP/1.1" 304 0 "https://remonster.online/" "Mozilla/5.0 (Linux; Android 10; K) AppleWebKit/537.36 (KHTML, like Gecko) Chrome/137.0.0.0 Mobile Safari/537.36"
103.121.204.231 - - [08/Jun/2025:13:49:55 -0400] "GET /manga/remonster-chapter-106/ HTTP/1.1" 200 14691 "https://remonster.online/" "Mozilla/5.0 (Linux; Android 10; K) AppleWebKit/537.36 (KHTML, like Gecko) Chrome/137.0.0.0 Mobile Safari/537.36"
162.0.232.193 - - [08/Jun/2025:13:49:56 -0400] "GET /remonster-chapter-27-2/ HTTP/1.1" 200 13071 "-" "WP Rocket/Preload Mozilla/5.0 (iPhone; CPU iPhone OS 9_1 like Mac OS X) AppleWebKit/601.1.46 (KHTML, like Gecko) Version/9.0 Mobile/13B143 Safari/601.1"
103.121.204.231 - - [08/Jun/2025:13:49:57 -0400] "GET /manga/remonster-chapter-106/ HTTP/1.1" 304 0 "https://remonster.online/" "Mozilla/5.0 (Linux; Android 10; K) AppleWebKit/537.36 (KHTML, like Gecko) Chrome/137.0.0.0 Mobile Safari/537.36"
162.0.232.193 - - [08/Jun/2025:13:49:57 -0400] "GET /remonster-chapter-24-first-contact/ HTTP/1.1" 200 12879 "-" "WP Rocket/Preload"
162.0.232.193 - - [08/Jun/2025:13:49:58 -0400] "GET /remonster-chapter-24-first-contact/ HTTP/1.1" 200 12850 "-" "WP Rocket/Preload Mozilla/5.0 (iPhone; CPU iPhone OS 9_1 like Mac OS X) AppleWebKit/601.1.46 (KHTML, like Gecko) Version/9.0 Mobile/13B143 Safari/601.1"
103.121.204.231 - - [08/Jun/2025:13:49:58 -0400] "POST /wp-admin/admin-ajax.php HTTP/1.1" 200 69 "https://remonster.online/manga/remonster-chapter-106/" "Mozilla/5.0 (Linux; Android 10; K) AppleWebKit/537.36 (KHTML, like Gecko) Chrome/137.0.0.0 Mobile Safari/537.36"
162.0.232.193 - - [08/Jun/2025:13:49:59 -0400] "GET /remonster-chapter-21/ HTTP/1.1" 200 12717 "-" "WP Rocket/Preload"
162.0.232.193 - - [08/Jun/2025:13:50:00 -0400] "GET /remonster-chapter-21/ HTTP/1.1" 200 0 "-" "WP Rocket/Preload Mozilla/5.0 (iPhone; CPU iPhone OS 9_1 like Mac OS X) AppleWebKit/601.1.46 (KHTML, like Gecko) Version/9.0 Mobile/13B143 Safari/601.1"
162.0.232.193 - - [08/Jun/2025:13:50:02 -0400] "GET /remonster-chapter-20-2/ HTTP/1.1" 200 0 "-" "WP Rocket/Preload"
103.121.204.231 - - [08/Jun/2025:13:50:03 -0400] "GET /manga/remonster-chapter-105/ HTTP/1.1" 200 17779 "https://remonster.online/" "Mozilla/5.0 (Linux; Android 10; K) AppleWebKit/537.36 (KHTML, like Gecko) Chrome/137.0.0.0 Mobile Safari/537.36"
162.0.232.193 - - [08/Jun/2025:13:50:03 -0400] "GET /remonster-chapter-20-2/ HTTP/1.1" 200 0 "-" "WP Rocket/Preload Mozilla/5.0 (iPhone; CPU iPhone OS 9_1 like Mac OS X) AppleWebKit/601.1.46 (KHTML, like Gecko) Version/9.0 Mobile/13B143 Safari/601.1"
103.121.204.231 - - [08/Jun/2025:13:50:05 -0400] "GET /manga/remonster-chapter-105/ HTTP/1.1" 304 0 "https://remonster.online/" "Mozilla/5.0 (Linux; Android 10; K) AppleWebKit/537.36 (KHTML, like Gecko) Chrome/137.0.0.0 Mobile Safari/537.36"
162.0.232.193 - - [08/Jun/2025:13:50:05 -0400] "GET /remonster-chapter-20-1/ HTTP/1.1" 200 0 "-" "WP Rocket/Preload"
162.0.232.193 - - [08/Jun/2025:13:50:06 -0400] "GET /remonster-chapter-20-1/ HTTP/1.1" 200 0 "-" "WP Rocket/Preload Mozilla/5.0 (iPhone; CPU iPhone OS 9_1 like Mac OS X) AppleWebKit/601.1.46 (KHTML, like Gecko) Version/9.0 Mobile/13B143 Safari/601.1"
162.0.232.193 - - [08/Jun/2025:13:50:08 -0400] "GET /remonster-chapter-19/ HTTP/1.1" 200 0 "-" "WP Rocket/Preload"
162.0.232.193 - - [08/Jun/2025:13:50:09 -0400] "GET /remonster-chapter-19/ HTTP/1.1" 200 13248 "-" "WP Rocket/Preload Mozilla/5.0 (iPhone; CPU iPhone OS 9_1 like Mac OS X) AppleWebKit/601.1.46 (KHTML, like Gecko) Version/9.0 Mobile/13B143 Safari/601.1"
162.0.232.193 - - [08/Jun/2025:13:50:10 -0400] "GET /remonster-chapter-16/ HTTP/1.1" 200 13074 "-" "WP Rocket/Preload"
162.0.232.193 - - [08/Jun/2025:13:50:12 -0400] "GET /remonster-chapter-16/ HTTP/1.1" 200 13070 "-" "WP Rocket/Preload Mozilla/5.0 (iPhone; CPU iPhone OS 9_1 like Mac OS X) AppleWebKit/601.1.46 (KHTML, like Gecko) Version/9.0 Mobile/13B143 Safari/601.1"
162.0.232.193 - - [08/Jun/2025:13:50:13 -0400] "GET /remonster-chapter-14/ HTTP/1.1" 200 0 "-" "WP Rocket/Preload"
162.0.232.193 - - [08/Jun/2025:13:50:15 -0400] "GET /remonster-chapter-14/ HTTP/1.1" 200 0 "-" "WP Rocket/Preload Mozilla/5.0 (iPhone; CPU iPhone OS 9_1 like Mac OS X) AppleWebKit/601.1.46 (KHTML, like Gecko) Version/9.0 Mobile/13B143 Safari/601.1"
2601:5ca:180:6d00:39b7:585a:a16d:b900 - - [08/Jun/2025:13:50:18 -0400] "GET /manga/re-monster-chapter-19/ HTTP/1.1" 200 18061 "https://remonster.online/manga/re-monster-chapter-18/" "Mozilla/5.0 (Windows NT 10.0; Win64; x64) AppleWebKit/537.36 (KHTML, like Gecko) Chrome/134.0.0.0 Safari/537.36 OPR/119.0.0.0"
2601:5ca:180:6d00:39b7:585a:a16d:b900 - - [08/Jun/2025:13:50:19 -0400] "GET /manga/re-monster-chapter-19/ HTTP/1.1" 304 0 "https://remonster.online/manga/re-monster-chapter-18/" "Mozilla/5.0 (Windows NT 10.0; Win64; x64) AppleWebKit/537.36 (KHTML, like Gecko) Chrome/134.0.0.0 Safari/537.36 OPR/119.0.0.0"
