136.158.10.14 - - [08/Jun/2025:10:38:56 -0400] "GET /manga/re-monster-chapter-67/ HTTP/1.1" 304 0 "https://remonster.online/manga/re-monster-chapter-66/" "Mozilla/5.0 (Linux; Android 10; K) AppleWebKit/537.36 (KHTML, like Gecko) Chrome/137.0.0.0 Mobile Safari/537.36"
162.0.232.193 - - [08/Jun/2025:10:38:57 -0400] "POST /wp-cron.php?doing_wp_cron=1749393537.5821568965911865234375 HTTP/1.1" 200 0 "-" "WordPress/6.6.2; https://remonster.online"
136.158.10.14 - - [08/Jun/2025:10:38:57 -0400] "POST /wp-admin/admin-ajax.php HTTP/1.1" 200 69 "https://remonster.online/manga/re-monster-chapter-67/" "Mozilla/5.0 (Linux; Android 10; K) AppleWebKit/537.36 (KHTML, like Gecko) Chrome/137.0.0.0 Mobile Safari/537.36"
2601:346:a80:dd20:c1aa:e8da:593e:af8a - - [08/Jun/2025:10:39:13 -0400] "GET /apple-touch-icon-precomposed.png HTTP/1.1" 301 0 "-" "NetworkingExtension/8621.2.5.10.10 Network/4277.122.6 iOS/18.5"
2601:346:a80:dd20:c1aa:e8da:593e:af8a - - [08/Jun/2025:10:39:13 -0400] "GET /apple-touch-icon.png HTTP/1.1" 301 0 "-" "NetworkingExtension/8621.2.5.10.10 Network/4277.122.6 iOS/18.5"
2601:346:a80:dd20:c1aa:e8da:593e:af8a - - [08/Jun/2025:10:39:13 -0400] "GET /favicon.ico HTTP/1.1" 302 0 "-" "NetworkingExtension/8621.2.5.10.10 Network/4277.122.6 iOS/18.5"
2601:346:a80:dd20:c1aa:e8da:593e:af8a - - [08/Jun/2025:10:39:13 -0400] "GET / HTTP/1.1" 200 10863 "-" "NetworkingExtension/8621.2.5.10.10 Network/4277.122.6 iOS/18.5"
2601:346:a80:dd20:c1aa:e8da:593e:af8a - - [08/Jun/2025:10:39:13 -0400] "GET / HTTP/1.1" 200 10863 "-" "NetworkingExtension/8621.2.5.10.10 Network/4277.122.6 iOS/18.5"
2601:346:a80:dd20:c1aa:e8da:593e:af8a - - [08/Jun/2025:10:39:13 -0400] "GET /manga/re-monster-chapter-47/ HTTP/1.1" 200 17196 "-" "Mozilla/5.0 (Macintosh; Intel Mac OS X 10_11_1) AppleWebKit/601.2.4 (KHTML, like Gecko) Version/9.0.1 Safari/601.2.4 facebookexternalhit/1.1 Facebot Twitterbot/1.0"
2601:346:a80:dd20:c1aa:e8da:593e:af8a - - [08/Jun/2025:10:39:14 -0400] "GET /favicon.ico HTTP/1.1" 302 0 "-" "NetworkingExtension/8621.2.5.10.10 Network/4277.122.6 iOS/18.5"
2601:346:a80:dd20:c1aa:e8da:593e:af8a - - [08/Jun/2025:10:39:14 -0400] "GET /apple-touch-icon.png HTTP/1.1" 301 0 "-" "NetworkingExtension/8621.2.5.10.10 Network/4277.122.6 iOS/18.5"
2601:346:a80:dd20:c1aa:e8da:593e:af8a - - [08/Jun/2025:10:39:14 -0400] "GET /apple-touch-icon-precomposed.png HTTP/1.1" 301 0 "-" "NetworkingExtension/8621.2.5.10.10 Network/4277.122.6 iOS/18.5"
2601:346:a80:dd20:c1aa:e8da:593e:af8a - - [08/Jun/2025:10:39:14 -0400] "GET / HTTP/1.1" 200 10863 "-" "NetworkingExtension/8621.2.5.10.10 Network/4277.122.6 iOS/18.5"
2601:346:a80:dd20:c1aa:e8da:593e:af8a - - [08/Jun/2025:10:39:14 -0400] "GET /manga/re-monster-chapter-47/ HTTP/1.1" 200 17196 "-" "Mozilla/5.0 (Macintosh; Intel Mac OS X 10_11_1) AppleWebKit/601.2.4 (KHTML, like Gecko) Version/9.0.1 Safari/601.2.4 facebookexternalhit/1.1 Facebot Twitterbot/1.0"
2601:346:a80:dd20:c1aa:e8da:593e:af8a - - [08/Jun/2025:10:39:14 -0400] "GET / HTTP/1.1" 200 10863 "-" "NetworkingExtension/8621.2.5.10.10 Network/4277.122.6 iOS/18.5"
165.225.210.237 - - [08/Jun/2025:10:39:20 -0400] "GET /manga/re-monster-chapter-67/ HTTP/1.1" 200 17972 "https://remonster.online/manga/re-monster-chapter-66/" "Mozilla/5.0 (Android 11; Mobile; rv:139.0) Gecko/139.0 Firefox/139.0"
162.0.232.193 - - [08/Jun/2025:10:39:21 -0400] "POST /wp-cron.php?doing_wp_cron=1749393561.8087909221649169921875 HTTP/1.1" 200 0 "-" "WordPress/6.6.2; https://remonster.online"
165.225.210.237 - - [08/Jun/2025:10:39:21 -0400] "POST /wp-admin/admin-ajax.php HTTP/1.1" 200 69 "https://remonster.online/manga/re-monster-chapter-67/" "Mozilla/5.0 (Android 11; Mobile; rv:139.0) Gecko/139.0 Firefox/139.0"
2a09:bac5:6f75:23a5::38d:8 - - [08/Jun/2025:10:39:30 -0400] "GET / HTTP/1.1" 200 10863 "https://www.bing.com/" "Mozilla/5.0 (Windows NT 10.0; Win64; x64) AppleWebKit/537.36 (KHTML, like Gecko) Chrome/137.0.0.0 Safari/537.36 Edg/137.0.0.0"
2a09:bac5:6f75:23a5::38d:8 - - [08/Jun/2025:10:39:31 -0400] "GET /wp-content/plugins/widgets-on-pages/public/css/widgets-on-pages-public.css?ver=1.4.0 HTTP/1.1" 200 83 "https://remonster.online/" "Mozilla/5.0 (Windows NT 10.0; Win64; x64) AppleWebKit/537.36 (KHTML, like Gecko) Chrome/137.0.0.0 Safari/537.36 Edg/137.0.0.0"
2a09:bac5:6f75:23a5::38d:8 - - [08/Jun/2025:10:39:31 -0400] "GET /wp-content/plugins/simple-social-buttons/assets/js/front.js?ver=5.3.1 HTTP/1.1" 200 1932 "https://remonster.online/" "Mozilla/5.0 (Windows NT 10.0; Win64; x64) AppleWebKit/537.36 (KHTML, like Gecko) Chrome/137.0.0.0 Safari/537.36 Edg/137.0.0.0"
2a09:bac5:6f75:23a5::38d:8 - - [08/Jun/2025:10:39:31 -0400] "GET /wp-content/uploads/2021/11/8168f-bSGoS-717x1024.jpeg HTTP/1.1" 200 200846 "https://remonster.online/" "Mozilla/5.0 (Windows NT 10.0; Win64; x64) AppleWebKit/537.36 (KHTML, like Gecko) Chrome/137.0.0.0 Safari/537.36 Edg/137.0.0.0"
2a09:bac5:6f75:23a5::38d:8 - - [08/Jun/2025:10:39:31 -0400] "GET /wp-content/plugins/simple-social-buttons/assets/js/frontend-blocks.js?ver=5.3.1 HTTP/1.1" 200 0 "https://remonster.online/" "Mozilla/5.0 (Windows NT 10.0; Win64; x64) AppleWebKit/537.36 (KHTML, like Gecko) Chrome/137.0.0.0 Safari/537.36 Edg/137.0.0.0"
2a09:bac5:6f75:23a5::38d:8 - - [08/Jun/2025:10:39:31 -0400] "GET /wp-content/uploads/2021/11/LN_v09_001-697x1024.jpeg HTTP/1.1" 200 214016 "https://remonster.online/" "Mozilla/5.0 (Windows NT 10.0; Win64; x64) AppleWebKit/537.36 (KHTML, like Gecko) Chrome/137.0.0.0 Safari/537.36 Edg/137.0.0.0"
2a09:bac5:6f75:23a5::38d:8 - - [08/Jun/2025:10:39:31 -0400] "GET /wp-content/uploads/2021/11/cropped-670x300.jpg HTTP/1.1" 200 233958 "https://remonster.online/" "Mozilla/5.0 (Windows NT 10.0; Win64; x64) AppleWebKit/537.36 (KHTML, like Gecko) Chrome/137.0.0.0 Safari/537.36 Edg/137.0.0.0"
2a09:bac5:6f75:23a5::38d:8 - - [08/Jun/2025:10:39:31 -0400] "GET /wp-content/plugins/simple-social-buttons/assets/css/front.css?ver=5.3.1 HTTP/1.1" 200 10295 "https://remonster.online/" "Mozilla/5.0 (Windows NT 10.0; Win64; x64) AppleWebKit/537.36 (KHTML, like Gecko) Chrome/137.0.0.0 Safari/537.36 Edg/137.0.0.0"
2a09:bac5:6f75:23a5::38d:8 - - [08/Jun/2025:10:39:31 -0400] "GET /wp-content/plugins/links-auto-replacer/public/js/lar-public.js?ver=2.0.0 HTTP/1.1" 200 393 "https://remonster.online/" "Mozilla/5.0 (Windows NT 10.0; Win64; x64) AppleWebKit/537.36 (KHTML, like Gecko) Chrome/137.0.0.0 Safari/537.36 Edg/137.0.0.0"
2a09:bac5:6f75:23a5::38d:8 - - [08/Jun/2025:10:39:31 -0400] "GET /wp-includes/js/jquery/jquery-migrate.min.js?ver=3.4.1 HTTP/1.1" 200 4678 "https://remonster.online/" "Mozilla/5.0 (Windows NT 10.0; Win64; x64) AppleWebKit/537.36 (KHTML, like Gecko) Chrome/137.0.0.0 Safari/537.36 Edg/137.0.0.0"
2a09:bac5:6f75:23a5::38d:8 - - [08/Jun/2025:10:39:31 -0400] "GET /wp-content/themes/toivo-lite/fonts/genericons/genericons/genericons.min.css?ver=3.3 HTTP/1.1" 200 15959 "https://remonster.online/" "Mozilla/5.0 (Windows NT 10.0; Win64; x64) AppleWebKit/537.36 (KHTML, like Gecko) Chrome/137.0.0.0 Safari/537.36 Edg/137.0.0.0"
2a09:bac5:6f75:23a5::38d:8 - - [08/Jun/2025:10:39:31 -0400] "GET /wp-includes/css/dist/block-library/style.min.css?ver=6.6.2 HTTP/1.1" 200 13903 "https://remonster.online/" "Mozilla/5.0 (Windows NT 10.0; Win64; x64) AppleWebKit/537.36 (KHTML, like Gecko) Chrome/137.0.0.0 Safari/537.36 Edg/137.0.0.0"
2a09:bac5:6f75:23a5::38d:8 - - [08/Jun/2025:10:39:31 -0400] "GET /wp-content/themes/toivo-lite/style.css?ver=1.2.0 HTTP/1.1" 200 13718 "https://remonster.online/" "Mozilla/5.0 (Windows NT 10.0; Win64; x64) AppleWebKit/537.36 (KHTML, like Gecko) Chrome/137.0.0.0 Safari/537.36 Edg/137.0.0.0"
2a09:bac5:6f75:23a5::38d:8 - - [08/Jun/2025:10:39:31 -0400] "GET /wp-includes/js/jquery/jquery.min.js?ver=3.7.1 HTTP/1.1" 200 29744 "https://remonster.online/" "Mozilla/5.0 (Windows NT 10.0; Win64; x64) AppleWebKit/537.36 (KHTML, like Gecko) Chrome/137.0.0.0 Safari/537.36 Edg/137.0.0.0"
2a09:bac5:6f75:23a5::38d:8 - - [08/Jun/2025:10:39:31 -0400] "GET /wp-content/plugins/comic-easel/js/keynav.js HTTP/1.1" 200 302 "https://remonster.online/" "Mozilla/5.0 (Windows NT 10.0; Win64; x64) AppleWebKit/537.36 (KHTML, like Gecko) Chrome/137.0.0.0 Safari/537.36 Edg/137.0.0.0"
2a09:bac5:6f75:23a5::38d:8 - - [08/Jun/2025:10:39:32 -0400] "GET /wp-content/themes/toivo-lite/js/functions.min.js?ver=1.2.0 HTTP/1.1" 200 593 "https://remonster.online/" "Mozilla/5.0 (Windows NT 10.0; Win64; x64) AppleWebKit/537.36 (KHTML, like Gecko) Chrome/137.0.0.0 Safari/537.36 Edg/137.0.0.0"
2a09:bac5:6f75:23a5::38d:8 - - [08/Jun/2025:10:39:32 -0400] "GET /wp-content/themes/toivo-lite/js/responsive-nav.min.js?ver=1.2.0 HTTP/1.1" 200 2102 "https://remonster.online/" "Mozilla/5.0 (Windows NT 10.0; Win64; x64) AppleWebKit/537.36 (KHTML, like Gecko) Chrome/137.0.0.0 Safari/537.36 Edg/137.0.0.0"
2a09:bac5:6f75:23a5::38d:8 - - [08/Jun/2025:10:39:32 -0400] "GET /wp-content/themes/toivo-lite/js/settings.min.js?ver=1.2.0 HTTP/1.1" 200 307 "https://remonster.online/" "Mozilla/5.0 (Windows NT 10.0; Win64; x64) AppleWebKit/537.36 (KHTML, like Gecko) Chrome/137.0.0.0 Safari/537.36 Edg/137.0.0.0"
2a09:bac5:6f75:23a5::38d:8 - - [08/Jun/2025:10:39:35 -0400] "GET /wp-content/uploads/2021/11/cropped-CeDzRGZ-32x32.png HTTP/1.1" 200 2410 "https://remonster.online/" "Mozilla/5.0 (Windows NT 10.0; Win64; x64) AppleWebKit/537.36 (KHTML, like Gecko) Chrome/137.0.0.0 Safari/537.36 Edg/137.0.0.0"
2a09:bac5:6f75:23a5::38d:8 - - [08/Jun/2025:10:39:49 -0400] "GET /wp-content/uploads/2021/11/CeDzRGZ-300x266.png HTTP/1.1" 200 144941 "https://remonster.online/" "Mozilla/5.0 (Windows NT 10.0; Win64; x64) AppleWebKit/537.36 (KHTML, like Gecko) Chrome/137.0.0.0 Safari/537.36 Edg/137.0.0.0"
2a02:c7e:3164:8200:24b0:138f:411b:cf1b - - [08/Jun/2025:10:39:58 -0400] "GET /manga/re-monster-chapter-21/ HTTP/1.1" 200 16433 "https://remonster.online/manga/re-monster-chapter-20/" "Mozilla/5.0 (Windows NT 10.0; Win64; x64; rv:139.0) Gecko/20100101 Firefox/139.0"
162.0.232.193 - - [08/Jun/2025:10:39:59 -0400] "POST /wp-cron.php?doing_wp_cron=1749393598.9762349128723144531250 HTTP/1.1" 200 0 "-" "WordPress/6.6.2; https://remonster.online"
2a02:c7e:3164:8200:24b0:138f:411b:cf1b - - [08/Jun/2025:10:39:58 -0400] "POST /wp-admin/admin-ajax.php HTTP/1.1" 200 69 "https://remonster.online/manga/re-monster-chapter-21/" "Mozilla/5.0 (Windows NT 10.0; Win64; x64; rv:139.0) Gecko/20100101 Firefox/139.0"
165.225.210.237 - - [08/Jun/2025:10:41:04 -0400] "GET /manga/re-monster-chapter-68/ HTTP/1.1" 200 17912 "https://remonster.online/manga/re-monster-chapter-67/" "Mozilla/5.0 (Android 11; Mobile; rv:139.0) Gecko/139.0 Firefox/139.0"
162.0.232.193 - - [08/Jun/2025:10:41:05 -0400] "POST /wp-cron.php?doing_wp_cron=1749393665.5221669673919677734375 HTTP/1.1" 200 0 "-" "WordPress/6.6.2; https://remonster.online"
165.225.210.237 - - [08/Jun/2025:10:41:05 -0400] "POST /wp-admin/admin-ajax.php HTTP/1.1" 200 69 "https://remonster.online/manga/re-monster-chapter-68/" "Mozilla/5.0 (Android 11; Mobile; rv:139.0) Gecko/139.0 Firefox/139.0"
64.224.122.42 - - [08/Jun/2025:10:41:21 -0400] "GET /tag/kichi/ HTTP/1.1" 301 0 "https://remonster.online/manga/re-monster-chapter-62/" "Mozilla/5.0 (Linux; Android 10; K) AppleWebKit/537.36 (KHTML, like Gecko) Chrome/137.0.0.0 Mobile Safari/537.36"
64.224.122.42 - - [08/Jun/2025:10:41:22 -0400] "GET / HTTP/1.1" 304 0 "https://remonster.online/manga/re-monster-chapter-62/" "Mozilla/5.0 (Linux; Android 10; K) AppleWebKit/537.36 (KHTML, like Gecko) Chrome/137.0.0.0 Mobile Safari/537.36"
64.224.122.42 - - [08/Jun/2025:10:41:22 -0400] "GET /manga/re-monster-chapter-63/ HTTP/1.1" 200 17810 "https://remonster.online/manga/re-monster-chapter-62/" "Mozilla/5.0 (Linux; Android 10; K) AppleWebKit/537.36 (KHTML, like Gecko) Chrome/137.0.0.0 Mobile Safari/537.36"
64.224.122.42 - - [08/Jun/2025:10:41:22 -0400] "GET /manga/re-monster-chapter-63/ HTTP/1.1" 304 0 "https://remonster.online/manga/re-monster-chapter-62/" "Mozilla/5.0 (Linux; Android 10; K) AppleWebKit/537.36 (KHTML, like Gecko) Chrome/137.0.0.0 Mobile Safari/537.36"
162.0.232.193 - - [08/Jun/2025:10:41:23 -0400] "POST /wp-cron.php?doing_wp_cron=1749393683.4002990722656250000000 HTTP/1.1" 200 0 "-" "WordPress/6.6.2; https://remonster.online"
64.224.122.42 - - [08/Jun/2025:10:41:23 -0400] "POST /wp-admin/admin-ajax.php HTTP/1.1" 200 69 "https://remonster.online/manga/re-monster-chapter-63/" "Mozilla/5.0 (Linux; Android 10; K) AppleWebKit/537.36 (KHTML, like Gecko) Chrome/137.0.0.0 Mobile Safari/537.36"
2001:268:7228:8b8e:9165:9508:eab5:9d6b - - [08/Jun/2025:10:41:45 -0400] "GET /tag/rou/ HTTP/1.1" 301 0 "-" "Mozilla/5.0 (Linux; Android 10; K) AppleWebKit/537.36 (KHTML, like Gecko) Chrome/137.0.0.0 Mobile Safari/537.36"
2001:268:7228:8b8e:9165:9508:eab5:9d6b - - [08/Jun/2025:10:41:46 -0400] "GET /manga/re-monster-chapter-21/ HTTP/1.1" 200 15992 "-" "Mozilla/5.0 (Linux; Android 10; K) AppleWebKit/537.36 (KHTML, like Gecko) Chrome/137.0.0.0 Mobile Safari/537.36"
2001:268:7228:8b8e:9165:9508:eab5:9d6b - - [08/Jun/2025:10:41:46 -0400] "GET /manga/re-monster-chapter-21/ HTTP/1.1" 304 0 "https://remonster.online/manga/re-monster-chapter-20/" "Mozilla/5.0 (Linux; Android 10; K) AppleWebKit/537.36 (KHTML, like Gecko) Chrome/137.0.0.0 Mobile Safari/537.36"
114.119.146.179 - - [08/Jun/2025:10:42:35 -0400] "GET /tag/remonster-chapter-101-chapter/ HTTP/1.1" 301 0 "https://remonster.online/manga/remonster-chapter-101/" "Mozilla/5.0 (Linux; Android 7.0;) AppleWebKit/537.36 (KHTML, like Gecko) Mobile Safari/537.36 (compatible; PetalBot;+https://webmaster.petalsearch.com/site/petalbot)"
114.119.146.179 - - [08/Jun/2025:10:42:36 -0400] "GET / HTTP/1.1" 200 10813 "https://remonster.online/manga/remonster-chapter-101/" "Mozilla/5.0 (Linux; Android 7.0;) AppleWebKit/537.36 (KHTML, like Gecko) Mobile Safari/537.36 (compatible; PetalBot;+https://webmaster.petalsearch.com/site/petalbot)"
2a02:26f7:c5c8:4000:1800::2 - - [08/Jun/2025:10:42:42 -0400] "GET /manga/re-monster-chapter-59/ HTTP/1.1" 200 17413 "-" "Mozilla/5.0 (iPhone; CPU iPhone OS 18_5 like Mac OS X) AppleWebKit/605.1.15 (KHTML, like Gecko) Version/18.5 Mobile/15E148 Safari/604.1"
78.98.94.198 - - [08/Jun/2025:10:45:56 -0400] "GET /manga/re-monster-chapter-29/ HTTP/1.1" 200 17100 "-" "Mozilla/5.0 (iPhone; CPU iPhone OS 18_5 like Mac OS X) AppleWebKit/605.1.15 (KHTML, like Gecko) Mobile/15E148"
64.224.122.42 - - [08/Jun/2025:10:46:05 -0400] "GET /manga/re-monster-chapter-64/ HTTP/1.1" 200 18106 "https://remonster.online/manga/re-monster-chapter-63/" "Mozilla/5.0 (Linux; Android 10; K) AppleWebKit/537.36 (KHTML, like Gecko) Chrome/137.0.0.0 Mobile Safari/537.36"
78.98.94.198 - - [08/Jun/2025:10:46:05 -0400] "GET /manga/re-monster-chapter-29/ HTTP/1.1" 200 17101 "-" "Mozilla/5.0 (iPhone; CPU iPhone OS 18_5 like Mac OS X) AppleWebKit/605.1.15 (KHTML, like Gecko) Mobile/15E148"
64.224.122.42 - - [08/Jun/2025:10:46:06 -0400] "GET /manga/re-monster-chapter-64/ HTTP/1.1" 304 0 "https://remonster.online/manga/re-monster-chapter-63/" "Mozilla/5.0 (Linux; Android 10; K) AppleWebKit/537.36 (KHTML, like Gecko) Chrome/137.0.0.0 Mobile Safari/537.36"
162.0.232.193 - - [08/Jun/2025:10:46:08 -0400] "POST /wp-cron.php?doing_wp_cron=1749393968.0486359596252441406250 HTTP/1.1" 200 0 "-" "WordPress/6.6.2; https://remonster.online"
64.224.122.42 - - [08/Jun/2025:10:46:06 -0400] "POST /wp-admin/admin-ajax.php HTTP/1.1" 200 69 "https://remonster.online/manga/re-monster-chapter-64/" "Mozilla/5.0 (Linux; Android 10; K) AppleWebKit/537.36 (KHTML, like Gecko) Chrome/137.0.0.0 Mobile Safari/537.36"
126.209.78.123 - - [08/Jun/2025:10:46:44 -0400] "GET / HTTP/1.1" 200 10813 "https://www.google.com/" "Mozilla/5.0 (iPhone; CPU iPhone OS 18_5 like Mac OS X) AppleWebKit/605.1.15 (KHTML, like Gecko) Version/18.5 Mobile/15E148 Safari/604.1"
126.209.78.123 - - [08/Jun/2025:10:46:44 -0400] "GET /wp-content/uploads/2021/11/8168f-bSGoS.jpeg HTTP/1.1" 200 428790 "https://remonster.online/" "Mozilla/5.0 (iPhone; CPU iPhone OS 18_5 like Mac OS X) AppleWebKit/605.1.15 (KHTML, like Gecko) Version/18.5 Mobile/15E148 Safari/604.1"
126.209.78.123 - - [08/Jun/2025:10:46:58 -0400] "GET /manga/re-monster-chapter-30/ HTTP/1.1" 200 15864 "https://remonster.online/" "Mozilla/5.0 (iPhone; CPU iPhone OS 18_5 like Mac OS X) AppleWebKit/605.1.15 (KHTML, like Gecko) Version/18.5 Mobile/15E148 Safari/604.1"
162.0.232.193 - - [08/Jun/2025:10:46:59 -0400] "POST /wp-cron.php?doing_wp_cron=1749394019.3905079364776611328125 HTTP/1.1" 200 0 "-" "WordPress/6.6.2; https://remonster.online"
126.209.78.123 - - [08/Jun/2025:10:46:59 -0400] "POST /wp-admin/admin-ajax.php HTTP/1.1" 200 69 "https://remonster.online/manga/re-monster-chapter-30/" "Mozilla/5.0 (iPhone; CPU iPhone OS 18_5 like Mac OS X) AppleWebKit/605.1.15 (KHTML, like Gecko) Version/18.5 Mobile/15E148 Safari/604.1"
115.66.188.112 - - [08/Jun/2025:10:47:15 -0400] "GET /manga/re-monster-chapter-1/ HTTP/1.1" 200 17990 "-" "Mozilla/5.0 (iPhone; CPU iPhone OS 18_5 like Mac OS X) AppleWebKit/605.1.15 (KHTML, like Gecko) Version/18.5 Mobile/15E148 Safari/604.1 OPT/5.5.3"
115.66.188.112 - - [08/Jun/2025:10:47:15 -0400] "GET /apple-touch-icon.png HTTP/1.1" 301 0 "-" "Opera/4 CFNetwork/3826.500.131 Darwin/24.5.0"
115.66.188.112 - - [08/Jun/2025:10:47:16 -0400] "GET / HTTP/1.1" 200 10863 "-" "Opera/4 CFNetwork/3826.500.131 Darwin/24.5.0"
162.0.232.193 - - [08/Jun/2025:10:47:17 -0400] "POST /wp-cron.php?doing_wp_cron=1749394037.5888559818267822265625 HTTP/1.1" 200 0 "-" "WordPress/6.6.2; https://remonster.online"
115.66.188.112 - - [08/Jun/2025:10:47:17 -0400] "GET /apple-touch-icon-precomposed.png HTTP/1.1" 301 0 "-" "Opera/4 CFNetwork/3826.500.131 Darwin/24.5.0"
115.66.188.112 - - [08/Jun/2025:10:47:17 -0400] "GET / HTTP/1.1" 200 10893 "-" "Opera/4 CFNetwork/3826.500.131 Darwin/24.5.0"
115.66.188.112 - - [08/Jun/2025:10:47:32 -0400] "GET /manga/re-monster-chapter-1/ HTTP/1.1" 304 0 "https://remonster.online/manga/re-monster-chapter-1/" "Mozilla/5.0 (iPhone; CPU iPhone OS 18_5 like Mac OS X) AppleWebKit/605.1.15 (KHTML, like Gecko) Version/18.5 Mobile/15E148 Safari/604.1 OPT/5.5.3"
115.66.188.112 - - [08/Jun/2025:10:47:35 -0400] "GET /manga/re-monster-chapter-1/ HTTP/1.1" 304 0 "https://remonster.online/manga/re-monster-chapter-1/" "Mozilla/5.0 (iPhone; CPU iPhone OS 18_5 like Mac OS X) AppleWebKit/605.1.15 (KHTML, like Gecko) Version/18.5 Mobile/15E148 Safari/604.1 OPT/5.5.3"
115.66.188.112 - - [08/Jun/2025:10:47:40 -0400] "GET / HTTP/1.1" 200 10813 "https://remonster.online/manga/re-monster-chapter-1/" "Mozilla/5.0 (iPhone; CPU iPhone OS 18_5 like Mac OS X) AppleWebKit/605.1.15 (KHTML, like Gecko) Version/18.5 Mobile/15E148 Safari/604.1 OPT/5.5.3"
51.148.94.100 - - [08/Jun/2025:10:47:56 -0400] "GET /manga/re-monster-chapter-15/ HTTP/1.1" 200 17810 "https://www.google.com/" "Mozilla/5.0 (Macintosh; Intel Mac OS X 10_15_7) AppleWebKit/605.1.15 (KHTML, like Gecko) Version/18.5 Safari/605.1.15"
162.0.232.193 - - [08/Jun/2025:10:47:57 -0400] "POST /wp-cron.php?doing_wp_cron=1749394076.8994500637054443359375 HTTP/1.1" 200 0 "-" "WordPress/6.6.2; https://remonster.online"
51.148.94.100 - - [08/Jun/2025:10:47:56 -0400] "POST /wp-admin/admin-ajax.php HTTP/1.1" 200 69 "https://remonster.online/manga/re-monster-chapter-15/" "Mozilla/5.0 (Macintosh; Intel Mac OS X 10_15_7) AppleWebKit/605.1.15 (KHTML, like Gecko) Version/18.5 Safari/605.1.15"
126.209.78.123 - - [08/Jun/2025:10:48:13 -0400] "GET /manga/re-monster-chapter-50/ HTTP/1.1" 200 17389 "https://remonster.online/" "Mozilla/5.0 (iPhone; CPU iPhone OS 18_5 like Mac OS X) AppleWebKit/605.1.15 (KHTML, like Gecko) Version/18.5 Mobile/15E148 Safari/604.1"
185.191.171.11 - - [08/Jun/2025:10:48:15 -0400] "GET /tag/remonster-91/ HTTP/1.1" 301 0 "-" "Mozilla/5.0 (compatible; SemrushBot/7~bl; +http://www.semrush.com/bot.html)"
2a02:8428:f12b:8c01:af47:a487:1bc8:a54e - - [08/Jun/2025:10:48:20 -0400] "GET /manga/re-monster-chapter-41/ HTTP/1.1" 200 17370 "https://remonster.online/manga/re-monster-chapter-40/" "Mozilla/5.0 (Linux; Android 10; K) AppleWebKit/537.36 (KHTML, like Gecko) Chrome/137.0.0.0 Mobile Safari/537.36"
2a02:8428:f12b:8c01:af47:a487:1bc8:a54e - - [08/Jun/2025:10:48:20 -0400] "GET /manga/re-monster-chapter-41/ HTTP/1.1" 304 0 "https://remonster.online/manga/re-monster-chapter-40/" "Mozilla/5.0 (Linux; Android 10; K) AppleWebKit/537.36 (KHTML, like Gecko) Chrome/137.0.0.0 Mobile Safari/537.36"
2a02:c7e:3164:8200:24b0:138f:411b:cf1b - - [08/Jun/2025:10:49:06 -0400] "GET /manga/re-monster-chapter-22/ HTTP/1.1" 200 16275 "https://remonster.online/manga/re-monster-chapter-21/" "Mozilla/5.0 (Windows NT 10.0; Win64; x64; rv:139.0) Gecko/20100101 Firefox/139.0"
126.209.78.123 - - [08/Jun/2025:10:49:09 -0400] "GET /manga/re-monster-chapter-52/ HTTP/1.1" 200 17811 "https://remonster.online/" "Mozilla/5.0 (iPhone; CPU iPhone OS 18_5 like Mac OS X) AppleWebKit/605.1.15 (KHTML, like Gecko) Version/18.5 Mobile/15E148 Safari/604.1"
162.0.232.193 - - [08/Jun/2025:10:49:10 -0400] "POST /wp-cron.php?doing_wp_cron=1749394150.5619740486145019531250 HTTP/1.1" 200 0 "-" "WordPress/6.6.2; https://remonster.online"
126.209.78.123 - - [08/Jun/2025:10:49:10 -0400] "POST /wp-admin/admin-ajax.php HTTP/1.1" 200 69 "https://remonster.online/manga/re-monster-chapter-52/" "Mozilla/5.0 (iPhone; CPU iPhone OS 18_5 like Mac OS X) AppleWebKit/605.1.15 (KHTML, like Gecko) Version/18.5 Mobile/15E148 Safari/604.1"
173.80.70.117 - - [08/Jun/2025:10:49:33 -0400] "GET /manga/re-monster-chapter-41/ HTTP/1.1" 200 17376 "https://remonster.online/manga/re-monster-chapter-40/" "Mozilla/5.0 (Macintosh; Intel Mac OS X 10_15_7) AppleWebKit/605.1.15 (KHTML, like Gecko) Version/18.5 Safari/605.1.15"
124.123.117.252 - - [08/Jun/2025:10:49:45 -0400] "GET / HTTP/1.1" 200 10813 "https://www.google.com/" "Mozilla/5.0 (Linux; Android 10; K) AppleWebKit/537.36 (KHTML, like Gecko) Chrome/137.0.0.0 Mobile Safari/537.36"
126.209.78.123 - - [08/Jun/2025:10:49:46 -0400] "GET /manga/re-monster-chapter-60/ HTTP/1.1" 200 17841 "https://remonster.online/" "Mozilla/5.0 (iPhone; CPU iPhone OS 18_5 like Mac OS X) AppleWebKit/605.1.15 (KHTML, like Gecko) Version/18.5 Mobile/15E148 Safari/604.1"
162.0.232.193 - - [08/Jun/2025:10:49:47 -0400] "POST /wp-cron.php?doing_wp_cron=1749394187.7414169311523437500000 HTTP/1.1" 200 0 "-" "WordPress/6.6.2; https://remonster.online"
126.209.78.123 - - [08/Jun/2025:10:49:47 -0400] "POST /wp-admin/admin-ajax.php HTTP/1.1" 200 69 "https://remonster.online/manga/re-monster-chapter-60/" "Mozilla/5.0 (iPhone; CPU iPhone OS 18_5 like Mac OS X) AppleWebKit/605.1.15 (KHTML, like Gecko) Version/18.5 Mobile/15E148 Safari/604.1"
66.249.79.236 - - [08/Jun/2025:10:49:51 -0400] "GET /manga/re-monster-chapter-22/ HTTP/1.1" 200 16385 "-" "Mozilla/5.0 (Linux; Android 6.0.1; Nexus 5X Build/MMB29P) AppleWebKit/537.36 (KHTML, like Gecko) Chrome/136.0.7103.113 Mobile Safari/537.36 (compatible; Googlebot/2.1; +http://www.google.com/bot.html)"
124.123.117.252 - - [08/Jun/2025:10:49:52 -0400] "GET /manga/remonster-chapter-93/ HTTP/1.1" 200 15013 "-" "Mozilla/5.0 (Linux; Android 10; K) AppleWebKit/537.36 (KHTML, like Gecko) Chrome/137.0.0.0 Mobile Safari/537.36"
124.123.117.252 - - [08/Jun/2025:10:49:53 -0400] "GET /manga/re-monster-chapter-67/ HTTP/1.1" 200 17972 "-" "Mozilla/5.0 (Linux; Android 10; K) AppleWebKit/537.36 (KHTML, like Gecko) Chrome/137.0.0.0 Mobile Safari/537.36"
37.96.61.209 - - [08/Jun/2025:10:49:54 -0400] "GET /manga/re-monster-chapter-38/ HTTP/1.1" 200 17336 "-" "Mozilla/5.0 (Linux; Android 10; K) AppleWebKit/537.36 (KHTML, like Gecko) Chrome/136.0.0.0 Mobile Safari/537.36"
124.123.117.252 - - [08/Jun/2025:10:49:54 -0400] "GET /manga/re-monster-chapter-18/ HTTP/1.1" 200 18291 "-" "Mozilla/5.0 (Linux; Android 10; K) AppleWebKit/537.36 (KHTML, like Gecko) Chrome/137.0.0.0 Mobile Safari/537.36"
2001:56b:ffff:5ec7:e102:e5b2:6260:b66b - - [08/Jun/2025:10:49:55 -0400] "GET /manga/re-monster-chapter-5/ HTTP/1.1" 304 0 "-" "Mozilla/5.0 (Linux; Android 15; SM-S918W Build/AP3A.240905.015.A2; wv) AppleWebKit/537.36 (KHTML, like Gecko) Version/4.0 Chrome/136.0.7103.125 Mobile Safari/537.36"
2001:56b:ffff:5ec7:e102:e5b2:6260:b66b - - [08/Jun/2025:10:49:56 -0400] "POST /wp-admin/admin-ajax.php HTTP/1.1" 200 69 "https://remonster.online/manga/re-monster-chapter-5/" "Mozilla/5.0 (Linux; Android 15; SM-S918W Build/AP3A.240905.015.A2; wv) AppleWebKit/537.36 (KHTML, like Gecko) Version/4.0 Chrome/136.0.7103.125 Mobile Safari/537.36"
2a00:23c7:3c19:9501:c081:1c79:d3f5:e090 - - [08/Jun/2025:10:50:04 -0400] "GET / HTTP/1.1" 200 10863 "https://www.google.com/" "Mozilla/5.0 (Windows NT 10.0; Win64; x64) AppleWebKit/537.36 (KHTML, like Gecko) Chrome/123.0.0.0 Safari/537.36"
2a00:23c7:3c19:9501:c081:1c79:d3f5:e090 - - [08/Jun/2025:10:50:09 -0400] "GET /manga/remonster-chapter-79/ HTTP/1.1" 200 17825 "https://remonster.online/" "Mozilla/5.0 (Windows NT 10.0; Win64; x64) AppleWebKit/537.36 (KHTML, like Gecko) Chrome/123.0.0.0 Safari/537.36"
2a00:23c7:3c19:9501:c081:1c79:d3f5:e090 - - [08/Jun/2025:10:50:11 -0400] "GET /wp-content/uploads/2021/11/CeDzRGZ-300x266.png HTTP/1.1" 200 144941 "https://remonster.online/" "Mozilla/5.0 (Windows NT 10.0; Win64; x64) AppleWebKit/537.36 (KHTML, like Gecko) Chrome/123.0.0.0 Safari/537.36"
2a00:23c7:3c19:9501:c081:1c79:d3f5:e090 - - [08/Jun/2025:10:50:11 -0400] "GET /manga/re-monster-chapter-28/ HTTP/1.1" 200 17377 "https://remonster.online/" "Mozilla/5.0 (Windows NT 10.0; Win64; x64) AppleWebKit/537.36 (KHTML, like Gecko) Chrome/123.0.0.0 Safari/537.36"
2a00:23c7:3c19:9501:c081:1c79:d3f5:e090 - - [08/Jun/2025:10:50:12 -0400] "GET /manga/re-monster-chapter-30/ HTTP/1.1" 200 15815 "https://remonster.online/" "Mozilla/5.0 (Windows NT 10.0; Win64; x64) AppleWebKit/537.36 (KHTML, like Gecko) Chrome/123.0.0.0 Safari/537.36"
2a00:23c7:3c19:9501:c081:1c79:d3f5:e090 - - [08/Jun/2025:10:50:12 -0400] "GET /manga/re-monster-chapter-34/ HTTP/1.1" 200 16999 "https://remonster.online/" "Mozilla/5.0 (Windows NT 10.0; Win64; x64) AppleWebKit/537.36 (KHTML, like Gecko) Chrome/123.0.0.0 Safari/537.36"
126.209.78.123 - - [08/Jun/2025:10:50:19 -0400] "GET /manga/re-monster-chapter-58/ HTTP/1.1" 200 17390 "https://remonster.online/" "Mozilla/5.0 (iPhone; CPU iPhone OS 18_5 like Mac OS X) AppleWebKit/605.1.15 (KHTML, like Gecko) Version/18.5 Mobile/15E148 Safari/604.1"
2a00:23c7:3c19:9501:c081:1c79:d3f5:e090 - - [08/Jun/2025:10:50:26 -0400] "GET /manga/re-monster-chapter-33/ HTTP/1.1" 200 17735 "https://remonster.online/manga/re-monster-chapter-34/" "Mozilla/5.0 (Windows NT 10.0; Win64; x64) AppleWebKit/537.36 (KHTML, like Gecko) Chrome/123.0.0.0 Safari/537.36"
2a00:23c7:3c19:9501:c081:1c79:d3f5:e090 - - [08/Jun/2025:10:50:26 -0400] "GET /manga/re-monster-chapter-35/ HTTP/1.1" 200 17767 "https://remonster.online/manga/re-monster-chapter-34/" "Mozilla/5.0 (Windows NT 10.0; Win64; x64) AppleWebKit/537.36 (KHTML, like Gecko) Chrome/123.0.0.0 Safari/537.36"
162.0.232.193 - - [08/Jun/2025:10:50:28 -0400] "POST /wp-cron.php?doing_wp_cron=1749394227.8553259372711181640625 HTTP/1.1" 200 0 "-" "WordPress/6.6.2; https://remonster.online"
2a00:23c7:3c19:9501:c081:1c79:d3f5:e090 - - [08/Jun/2025:10:50:27 -0400] "POST /wp-admin/admin-ajax.php HTTP/1.1" 200 69 "https://remonster.online/manga/re-monster-chapter-35/" "Mozilla/5.0 (Windows NT 10.0; Win64; x64) AppleWebKit/537.36 (KHTML, like Gecko) Chrome/123.0.0.0 Safari/537.36"
2a03:2880:f800:2:: - - [08/Jun/2025:10:50:30 -0400] "GET /manga/remonster-chapter-88/ HTTP/1.1" 200 14001 "-" "meta-externalagent/1.1 (+https://developers.facebook.com/docs/sharing/webmasters/crawler)"
51.148.94.100 - - [08/Jun/2025:10:50:34 -0400] "GET /manga/re-monster-chapter-16/ HTTP/1.1" 200 17998 "https://remonster.online/manga/re-monster-chapter-15/" "Mozilla/5.0 (Macintosh; Intel Mac OS X 10_15_7) AppleWebKit/605.1.15 (KHTML, like Gecko) Version/18.5 Safari/605.1.15"
162.0.232.193 - - [08/Jun/2025:10:50:34 -0400] "POST /wp-cron.php?doing_wp_cron=1749394234.8859479427337646484375 HTTP/1.1" 200 0 "-" "WordPress/6.6.2; https://remonster.online"
51.148.94.100 - - [08/Jun/2025:10:50:34 -0400] "POST /wp-admin/admin-ajax.php HTTP/1.1" 200 69 "https://remonster.online/manga/re-monster-chapter-16/" "Mozilla/5.0 (Macintosh; Intel Mac OS X 10_15_7) AppleWebKit/605.1.15 (KHTML, like Gecko) Version/18.5 Safari/605.1.15"
85.208.96.205 - - [08/Jun/2025:10:50:54 -0400] "GET /remonster-chapter-30/ HTTP/1.1" 200 13218 "-" "Mozilla/5.0 (compatible; SemrushBot/7~bl; +http://www.semrush.com/bot.html)"
126.209.78.123 - - [08/Jun/2025:10:50:55 -0400] "GET /manga/re-monster-chapter-55/ HTTP/1.1" 200 17417 "https://remonster.online/" "Mozilla/5.0 (iPhone; CPU iPhone OS 18_5 like Mac OS X) AppleWebKit/605.1.15 (KHTML, like Gecko) Version/18.5 Mobile/15E148 Safari/604.1"
2001:268:7228:8b8e:9165:9508:eab5:9d6b - - [08/Jun/2025:10:50:59 -0400] "GET /manga/re-monster-chapter-20/ HTTP/1.1" 304 0 "-" "Mozilla/5.0 (Linux; Android 10; K) AppleWebKit/537.36 (KHTML, like Gecko) Chrome/137.0.0.0 Mobile Safari/537.36"
2001:268:7228:8b8e:9165:9508:eab5:9d6b - - [08/Jun/2025:10:50:59 -0400] "GET /manga/re-monster-chapter-22/ HTTP/1.1" 200 16300 "-" "Mozilla/5.0 (Linux; Android 10; K) AppleWebKit/537.36 (KHTML, like Gecko) Chrome/137.0.0.0 Mobile Safari/537.36"
2001:268:7228:8b8e:9165:9508:eab5:9d6b - - [08/Jun/2025:10:50:59 -0400] "GET /manga/re-monster-chapter-22/ HTTP/1.1" 304 0 "https://remonster.online/manga/re-monster-chapter-21/" "Mozilla/5.0 (Linux; Android 10; K) AppleWebKit/537.36 (KHTML, like Gecko) Chrome/137.0.0.0 Mobile Safari/537.36"
191.88.10.176 - - [08/Jun/2025:10:51:05 -0400] "GET /manga/re-monster-chapter-15/ HTTP/1.1" 200 17788 "https://www.google.com/" "Mozilla/5.0 (Linux; Android 10; K) AppleWebKit/537.36 (KHTML, like Gecko) Chrome/137.0.0.0 Mobile Safari/537.36"
191.88.10.176 - - [08/Jun/2025:10:51:06 -0400] "POST /wp-admin/admin-ajax.php HTTP/1.1" 200 69 "https://remonster.online/manga/re-monster-chapter-15/" "Mozilla/5.0 (Linux; Android 10; K) AppleWebKit/537.36 (KHTML, like Gecko) Chrome/137.0.0.0 Mobile Safari/537.36"
51.148.94.100 - - [08/Jun/2025:10:51:20 -0400] "GET /manga/re-monster-chapter-17/ HTTP/1.1" 200 17395 "https://remonster.online/manga/re-monster-chapter-16/" "Mozilla/5.0 (Macintosh; Intel Mac OS X 10_15_7) AppleWebKit/605.1.15 (KHTML, like Gecko) Version/18.5 Safari/605.1.15"
69.79.197.195 - - [08/Jun/2025:10:51:48 -0400] "GET /manga/re-monster-chapter-14/ HTTP/1.1" 200 17735 "https://remonster.online/manga/re-monster-chapter-13/" "Mozilla/5.0 (iPhone; CPU iPhone OS 18_0 like Mac OS X) AppleWebKit/605.1.15 (KHTML, like Gecko) Version/18.0 Mobile/15E148 Safari/604.1"
162.0.232.193 - - [08/Jun/2025:10:51:49 -0400] "POST /wp-cron.php?doing_wp_cron=1749394309.0636041164398193359375 HTTP/1.1" 200 0 "-" "WordPress/6.6.2; https://remonster.online"
69.79.197.195 - - [08/Jun/2025:10:51:48 -0400] "POST /wp-admin/admin-ajax.php HTTP/1.1" 200 69 "https://remonster.online/manga/re-monster-chapter-14/" "Mozilla/5.0 (iPhone; CPU iPhone OS 18_0 like Mac OS X) AppleWebKit/605.1.15 (KHTML, like Gecko) Version/18.0 Mobile/15E148 Safari/604.1"
180.244.162.71 - - [08/Jun/2025:10:52:06 -0400] "GET / HTTP/1.1" 200 10813 "https://www.google.com/" "Mozilla/5.0 (Linux; Android 10; K) AppleWebKit/537.36 (KHTML, like Gecko) Chrome/137.0.0.0 Mobile Safari/537.36"
180.244.162.71 - - [08/Jun/2025:10:52:11 -0400] "GET / HTTP/1.1" 200 10813 "https://remonster.online/" "Mozilla/5.0 (Linux; Android 10; K) AppleWebKit/537.36 (KHTML, like Gecko) Chrome/137.0.0.0 Mobile Safari/537.36"
180.244.162.71 - - [08/Jun/2025:10:52:12 -0400] "GET /manga/re-monster-chapter-66/ HTTP/1.1" 200 18283 "https://remonster.online/" "Mozilla/5.0 (Linux; Android 10; K) AppleWebKit/537.36 (KHTML, like Gecko) Chrome/137.0.0.0 Mobile Safari/537.36"
180.244.162.71 - - [08/Jun/2025:10:52:13 -0400] "GET /manga/re-monster-chapter-53/ HTTP/1.1" 200 17371 "https://remonster.online/" "Mozilla/5.0 (Linux; Android 10; K) AppleWebKit/537.36 (KHTML, like Gecko) Chrome/137.0.0.0 Mobile Safari/537.36"
180.244.162.71 - - [08/Jun/2025:10:52:13 -0400] "GET /manga/re-monster-chapter-34/ HTTP/1.1" 200 16969 "https://remonster.online/" "Mozilla/5.0 (Linux; Android 10; K) AppleWebKit/537.36 (KHTML, like Gecko) Chrome/137.0.0.0 Mobile Safari/537.36"
180.244.162.71 - - [08/Jun/2025:10:52:14 -0400] "GET /manga/re-monster-chapter-19/ HTTP/1.1" 200 18473 "https://remonster.online/" "Mozilla/5.0 (Linux; Android 10; K) AppleWebKit/537.36 (KHTML, like Gecko) Chrome/137.0.0.0 Mobile Safari/537.36"
180.244.162.71 - - [08/Jun/2025:10:52:15 -0400] "GET /manga/re-monster-chapter-15/ HTTP/1.1" 200 17788 "https://remonster.online/" "Mozilla/5.0 (Linux; Android 10; K) AppleWebKit/537.36 (KHTML, like Gecko) Chrome/137.0.0.0 Mobile Safari/537.36"
180.244.162.71 - - [08/Jun/2025:10:52:16 -0400] "GET /manga/re-monster-chapter-15/ HTTP/1.1" 304 0 "https://remonster.online/" "Mozilla/5.0 (Linux; Android 10; K) AppleWebKit/537.36 (KHTML, like Gecko) Chrome/137.0.0.0 Mobile Safari/537.36"
162.0.232.193 - - [08/Jun/2025:10:52:17 -0400] "POST /wp-cron.php?doing_wp_cron=1749394337.0038709640502929687500 HTTP/1.1" 200 0 "-" "WordPress/6.6.2; https://remonster.online"
180.244.162.71 - - [08/Jun/2025:10:52:16 -0400] "POST /wp-admin/admin-ajax.php HTTP/1.1" 200 69 "https://remonster.online/manga/re-monster-chapter-15/" "Mozilla/5.0 (Linux; Android 10; K) AppleWebKit/537.36 (KHTML, like Gecko) Chrome/137.0.0.0 Mobile Safari/537.36"
180.244.162.71 - - [08/Jun/2025:10:52:31 -0400] "GET /manga/re-monster-chapter-20/ HTTP/1.1" 200 15974 "https://remonster.online/" "Mozilla/5.0 (Linux; Android 10; K) AppleWebKit/537.36 (KHTML, like Gecko) Chrome/137.0.0.0 Mobile Safari/537.36"
180.244.162.71 - - [08/Jun/2025:10:52:32 -0400] "GET /manga/re-monster-chapter-21/ HTTP/1.1" 200 15992 "https://remonster.online/" "Mozilla/5.0 (Linux; Android 10; K) AppleWebKit/537.36 (KHTML, like Gecko) Chrome/137.0.0.0 Mobile Safari/537.36"
180.244.162.71 - - [08/Jun/2025:10:52:32 -0400] "GET /manga/re-monster-chapter-21/ HTTP/1.1" 304 0 "https://remonster.online/" "Mozilla/5.0 (Linux; Android 10; K) AppleWebKit/537.36 (KHTML, like Gecko) Chrome/137.0.0.0 Mobile Safari/537.36"
180.244.162.71 - - [08/Jun/2025:10:52:33 -0400] "GET / HTTP/1.1" 304 0 "https://remonster.online/manga/re-monster-chapter-21/" "Mozilla/5.0 (Linux; Android 10; K) AppleWebKit/537.36 (KHTML, like Gecko) Chrome/137.0.0.0 Mobile Safari/537.36"
180.244.162.71 - - [08/Jun/2025:10:52:41 -0400] "GET /category/remonster-manga/ HTTP/1.1" 200 25229 "https://remonster.online/manga/re-monster-chapter-21/" "Mozilla/5.0 (Linux; Android 10; K) AppleWebKit/537.36 (KHTML, like Gecko) Chrome/137.0.0.0 Mobile Safari/537.36"
180.244.162.71 - - [08/Jun/2025:10:52:43 -0400] "GET /manga/re-monster-chapter-22/ HTTP/1.1" 200 16300 "https://remonster.online/manga/re-monster-chapter-21/" "Mozilla/5.0 (Linux; Android 10; K) AppleWebKit/537.36 (KHTML, like Gecko) Chrome/137.0.0.0 Mobile Safari/537.36"
180.244.162.71 - - [08/Jun/2025:10:52:43 -0400] "GET /manga/re-monster-chapter-22/ HTTP/1.1" 304 0 "https://remonster.online/manga/re-monster-chapter-21/" "Mozilla/5.0 (Linux; Android 10; K) AppleWebKit/537.36 (KHTML, like Gecko) Chrome/137.0.0.0 Mobile Safari/537.36"
180.244.162.71 - - [08/Jun/2025:10:52:45 -0400] "GET /manga/re-monster-chapter-22/ HTTP/1.1" 304 0 "https://remonster.online/manga/re-monster-chapter-22/" "Mozilla/5.0 (Linux; Android 10; K) AppleWebKit/537.36 (KHTML, like Gecko) Chrome/137.0.0.0 Mobile Safari/537.36"
180.244.162.71 - - [08/Jun/2025:10:52:59 -0400] "GET /tag/gobujii/ HTTP/1.1" 301 0 "https://remonster.online/manga/re-monster-chapter-22/" "Mozilla/5.0 (Linux; Android 10; K) AppleWebKit/537.36 (KHTML, like Gecko) Chrome/137.0.0.0 Mobile Safari/537.36"
180.244.162.71 - - [08/Jun/2025:10:52:59 -0400] "GET /manga/re-monster-chapter-23/ HTTP/1.1" 200 16723 "https://remonster.online/manga/re-monster-chapter-22/" "Mozilla/5.0 (Linux; Android 10; K) AppleWebKit/537.36 (KHTML, like Gecko) Chrome/137.0.0.0 Mobile Safari/537.36"
180.244.162.71 - - [08/Jun/2025:10:52:59 -0400] "GET / HTTP/1.1" 304 0 "https://remonster.online/manga/re-monster-chapter-22/" "Mozilla/5.0 (Linux; Android 10; K) AppleWebKit/537.36 (KHTML, like Gecko) Chrome/137.0.0.0 Mobile Safari/537.36"
180.244.162.71 - - [08/Jun/2025:10:53:00 -0400] "GET /manga/re-monster-chapter-23/ HTTP/1.1" 304 0 "https://remonster.online/manga/re-monster-chapter-22/" "Mozilla/5.0 (Linux; Android 10; K) AppleWebKit/537.36 (KHTML, like Gecko) Chrome/137.0.0.0 Mobile Safari/537.36"
162.0.232.193 - - [08/Jun/2025:10:53:01 -0400] "POST /wp-cron.php?doing_wp_cron=1749394381.6463460922241210937500 HTTP/1.1" 200 0 "-" "WordPress/6.6.2; https://remonster.online"
180.244.162.71 - - [08/Jun/2025:10:53:02 -0400] "GET / HTTP/1.1" 304 0 "https://remonster.online/manga/re-monster-chapter-23/" "Mozilla/5.0 (Linux; Android 10; K) AppleWebKit/537.36 (KHTML, like Gecko) Chrome/137.0.0.0 Mobile Safari/537.36"
180.244.162.71 - - [08/Jun/2025:10:53:02 -0400] "GET /manga/re-monster-chapter-23/ HTTP/1.1" 304 0 "https://remonster.online/manga/re-monster-chapter-23/" "Mozilla/5.0 (Linux; Android 10; K) AppleWebKit/537.36 (KHTML, like Gecko) Chrome/137.0.0.0 Mobile Safari/537.36"
180.244.162.71 - - [08/Jun/2025:10:53:01 -0400] "POST /wp-admin/admin-ajax.php HTTP/1.1" 200 69 "https://remonster.online/manga/re-monster-chapter-23/" "Mozilla/5.0 (Linux; Android 10; K) AppleWebKit/537.36 (KHTML, like Gecko) Chrome/137.0.0.0 Mobile Safari/537.36"
180.244.162.71 - - [08/Jun/2025:10:53:06 -0400] "GET /tag/kogitsune-kanekiru/ HTTP/1.1" 301 0 "https://remonster.online/manga/re-monster-chapter-23/" "Mozilla/5.0 (Linux; Android 10; K) AppleWebKit/537.36 (KHTML, like Gecko) Chrome/137.0.0.0 Mobile Safari/537.36"
180.244.162.71 - - [08/Jun/2025:10:53:06 -0400] "GET / HTTP/1.1" 304 0 "https://remonster.online/manga/re-monster-chapter-23/" "Mozilla/5.0 (Linux; Android 10; K) AppleWebKit/537.36 (KHTML, like Gecko) Chrome/137.0.0.0 Mobile Safari/537.36"
180.244.162.71 - - [08/Jun/2025:10:53:07 -0400] "GET /manga/re-monster-chapter-22/ HTTP/1.1" 304 0 "https://remonster.online/manga/re-monster-chapter-23/" "Mozilla/5.0 (Linux; Android 10; K) AppleWebKit/537.36 (KHTML, like Gecko) Chrome/137.0.0.0 Mobile Safari/537.36"
180.244.162.71 - - [08/Jun/2025:10:53:07 -0400] "GET /manga/re-monster-chapter-24/ HTTP/1.1" 200 17717 "https://remonster.online/manga/re-monster-chapter-23/" "Mozilla/5.0 (Linux; Android 10; K) AppleWebKit/537.36 (KHTML, like Gecko) Chrome/137.0.0.0 Mobile Safari/537.36"
180.244.162.71 - - [08/Jun/2025:10:53:07 -0400] "GET /manga/re-monster-chapter-24/ HTTP/1.1" 304 0 "https://remonster.online/manga/re-monster-chapter-23/" "Mozilla/5.0 (Linux; Android 10; K) AppleWebKit/537.36 (KHTML, like Gecko) Chrome/137.0.0.0 Mobile Safari/537.36"
180.244.162.71 - - [08/Jun/2025:10:53:09 -0400] "GET /manga/re-monster-chapter-24/ HTTP/1.1" 304 0 "https://remonster.online/manga/re-monster-chapter-24/" "Mozilla/5.0 (Linux; Android 10; K) AppleWebKit/537.36 (KHTML, like Gecko) Chrome/137.0.0.0 Mobile Safari/537.36"
180.244.162.71 - - [08/Jun/2025:10:53:17 -0400] "GET /manga/re-monster-chapter-25/ HTTP/1.1" 200 17363 "https://remonster.online/manga/re-monster-chapter-24/" "Mozilla/5.0 (Linux; Android 10; K) AppleWebKit/537.36 (KHTML, like Gecko) Chrome/137.0.0.0 Mobile Safari/537.36"
180.244.162.71 - - [08/Jun/2025:10:53:25 -0400] "GET /manga/re-monster-chapter-25/ HTTP/1.1" 304 0 "https://remonster.online/manga/re-monster-chapter-24/" "Mozilla/5.0 (Linux; Android 10; K) AppleWebKit/537.36 (KHTML, like Gecko) Chrome/137.0.0.0 Mobile Safari/537.36"
180.244.162.71 - - [08/Jun/2025:10:54:08 -0400] "GET /manga/re-monster-chapter-24/ HTTP/1.1" 304 0 "https://remonster.online/manga/re-monster-chapter-25/" "Mozilla/5.0 (Linux; Android 10; K) AppleWebKit/537.36 (KHTML, like Gecko) Chrome/137.0.0.0 Mobile Safari/537.36"
180.244.162.71 - - [08/Jun/2025:10:54:08 -0400] "GET /manga/re-monster-chapter-26/ HTTP/1.1" 200 16619 "https://remonster.online/manga/re-monster-chapter-25/" "Mozilla/5.0 (Linux; Android 10; K) AppleWebKit/537.36 (KHTML, like Gecko) Chrome/137.0.0.0 Mobile Safari/537.36"
69.247.65.144 - - [08/Jun/2025:10:54:08 -0400] "GET / HTTP/1.1" 200 10863 "https://www.google.com/" "Mozilla/5.0 (Windows NT 10.0; Win64; x64) AppleWebKit/537.36 (KHTML, like Gecko) Chrome/134.0.0.0 Safari/537.36 OPR/119.0.0.0"
180.244.162.71 - - [08/Jun/2025:10:54:08 -0400] "GET /manga/re-monster-chapter-26/ HTTP/1.1" 304 0 "https://remonster.online/manga/re-monster-chapter-25/" "Mozilla/5.0 (Linux; Android 10; K) AppleWebKit/537.36 (KHTML, like Gecko) Chrome/137.0.0.0 Mobile Safari/537.36"
69.247.65.144 - - [08/Jun/2025:10:54:08 -0400] "GET /wp-content/uploads/2021/11/LN_v09_001-697x1024.jpeg HTTP/1.1" 200 214016 "https://remonster.online/" "Mozilla/5.0 (Windows NT 10.0; Win64; x64) AppleWebKit/537.36 (KHTML, like Gecko) Chrome/134.0.0.0 Safari/537.36 OPR/119.0.0.0"
69.247.65.144 - - [08/Jun/2025:10:54:08 -0400] "GET /wp-content/uploads/2021/11/8168f-bSGoS-717x1024.jpeg HTTP/1.1" 200 200846 "https://remonster.online/" "Mozilla/5.0 (Windows NT 10.0; Win64; x64) AppleWebKit/537.36 (KHTML, like Gecko) Chrome/134.0.0.0 Safari/537.36 OPR/119.0.0.0"
180.244.162.71 - - [08/Jun/2025:10:54:09 -0400] "GET / HTTP/1.1" 304 0 "https://remonster.online/manga/re-monster-chapter-26/" "Mozilla/5.0 (Linux; Android 10; K) AppleWebKit/537.36 (KHTML, like Gecko) Chrome/137.0.0.0 Mobile Safari/537.36"
69.247.65.144 - - [08/Jun/2025:10:54:14 -0400] "GET /manga/re-monster-chapter-73/ HTTP/1.1" 200 17453 "https://remonster.online/" "Mozilla/5.0 (Windows NT 10.0; Win64; x64) AppleWebKit/537.36 (KHTML, like Gecko) Chrome/134.0.0.0 Safari/537.36 OPR/119.0.0.0"
69.247.65.144 - - [08/Jun/2025:10:54:15 -0400] "GET /manga/re-monster-chapter-74/ HTTP/1.1" 200 17651 "https://remonster.online/" "Mozilla/5.0 (Windows NT 10.0; Win64; x64) AppleWebKit/537.36 (KHTML, like Gecko) Chrome/134.0.0.0 Safari/537.36 OPR/119.0.0.0"
69.247.65.144 - - [08/Jun/2025:10:54:15 -0400] "GET /manga/remonster-chapter-75/ HTTP/1.1" 200 17366 "https://remonster.online/" "Mozilla/5.0 (Windows NT 10.0; Win64; x64) AppleWebKit/537.36 (KHTML, like Gecko) Chrome/134.0.0.0 Safari/537.36 OPR/119.0.0.0"
69.247.65.144 - - [08/Jun/2025:10:54:16 -0400] "GET /manga/remonster-chapter-75/ HTTP/1.1" 304 0 "https://remonster.online/" "Mozilla/5.0 (Windows NT 10.0; Win64; x64) AppleWebKit/537.36 (KHTML, like Gecko) Chrome/134.0.0.0 Safari/537.36 OPR/119.0.0.0"
2400:1a00:b060:ca79:a126:5901:d08f:1107 - - [08/Jun/2025:10:54:45 -0400] "GET / HTTP/1.1" 200 10856 "https://www.google.com/" "Mozilla/5.0 (Linux; Android 10; K) AppleWebKit/537.36 (KHTML, like Gecko) Chrome/137.0.0.0 Mobile Safari/537.36"
2400:1a00:b060:ca79:a126:5901:d08f:1107 - - [08/Jun/2025:10:54:47 -0400] "GET /wp-includes/css/dist/block-library/style.min.css?ver=6.6.2 HTTP/1.1" 200 13903 "https://remonster.online/" "Mozilla/5.0 (Linux; Android 10; K) AppleWebKit/537.36 (KHTML, like Gecko) Chrome/137.0.0.0 Mobile Safari/537.36"
2400:1a00:b060:ca79:a126:5901:d08f:1107 - - [08/Jun/2025:10:54:47 -0400] "GET /wp-content/plugins/simple-social-buttons/assets/css/front.css?ver=5.3.1 HTTP/1.1" 200 10295 "https://remonster.online/" "Mozilla/5.0 (Linux; Android 10; K) AppleWebKit/537.36 (KHTML, like Gecko) Chrome/137.0.0.0 Mobile Safari/537.36"
2400:1a00:b060:ca79:a126:5901:d08f:1107 - - [08/Jun/2025:10:54:48 -0400] "GET /wp-content/plugins/widgets-on-pages/public/css/widgets-on-pages-public.css?ver=1.4.0 HTTP/1.1" 200 83 "https://remonster.online/" "Mozilla/5.0 (Linux; Android 10; K) AppleWebKit/537.36 (KHTML, like Gecko) Chrome/137.0.0.0 Mobile Safari/537.36"
2400:1a00:b060:ca79:a126:5901:d08f:1107 - - [08/Jun/2025:10:54:48 -0400] "GET /wp-content/themes/toivo-lite/fonts/genericons/genericons/genericons.min.css?ver=3.3 HTTP/1.1" 200 15959 "https://remonster.online/" "Mozilla/5.0 (Linux; Android 10; K) AppleWebKit/537.36 (KHTML, like Gecko) Chrome/137.0.0.0 Mobile Safari/537.36"
2400:1a00:b060:ca79:a126:5901:d08f:1107 - - [08/Jun/2025:10:54:48 -0400] "GET /wp-content/themes/toivo-lite/style.css?ver=1.2.0 HTTP/1.1" 200 13718 "https://remonster.online/" "Mozilla/5.0 (Linux; Android 10; K) AppleWebKit/537.36 (KHTML, like Gecko) Chrome/137.0.0.0 Mobile Safari/537.36"
2400:1a00:b060:ca79:a126:5901:d08f:1107 - - [08/Jun/2025:10:54:49 -0400] "GET /wp-content/plugins/simple-social-buttons/assets/js/frontend-blocks.js?ver=5.3.1 HTTP/1.1" 200 0 "https://remonster.online/" "Mozilla/5.0 (Linux; Android 10; K) AppleWebKit/537.36 (KHTML, like Gecko) Chrome/137.0.0.0 Mobile Safari/537.36"
2400:1a00:b060:ca79:a126:5901:d08f:1107 - - [08/Jun/2025:10:54:49 -0400] "GET /wp-includes/js/jquery/jquery.min.js?ver=3.7.1 HTTP/1.1" 200 29744 "https://remonster.online/" "Mozilla/5.0 (Linux; Android 10; K) AppleWebKit/537.36 (KHTML, like Gecko) Chrome/137.0.0.0 Mobile Safari/537.36"
2400:1a00:b060:ca79:a126:5901:d08f:1107 - - [08/Jun/2025:10:54:49 -0400] "GET /wp-includes/js/jquery/jquery-migrate.min.js?ver=3.4.1 HTTP/1.1" 200 4678 "https://remonster.online/" "Mozilla/5.0 (Linux; Android 10; K) AppleWebKit/537.36 (KHTML, like Gecko) Chrome/137.0.0.0 Mobile Safari/537.36"
2400:1a00:b060:ca79:a126:5901:d08f:1107 - - [08/Jun/2025:10:54:49 -0400] "GET /wp-content/plugins/links-auto-replacer/public/js/lar-public.js?ver=2.0.0 HTTP/1.1" 200 393 "https://remonster.online/" "Mozilla/5.0 (Linux; Android 10; K) AppleWebKit/537.36 (KHTML, like Gecko) Chrome/137.0.0.0 Mobile Safari/537.36"
2400:1a00:b060:ca79:a126:5901:d08f:1107 - - [08/Jun/2025:10:54:49 -0400] "GET /wp-content/plugins/simple-social-buttons/assets/js/front.js?ver=5.3.1 HTTP/1.1" 200 1932 "https://remonster.online/" "Mozilla/5.0 (Linux; Android 10; K) AppleWebKit/537.36 (KHTML, like Gecko) Chrome/137.0.0.0 Mobile Safari/537.36"
2400:1a00:b060:ca79:a126:5901:d08f:1107 - - [08/Jun/2025:10:54:50 -0400] "GET /wp-content/uploads/2021/11/CeDzRGZ-768x682.png HTTP/1.1" 200 1056180 "https://remonster.online/" "Mozilla/5.0 (Linux; Android 10; K) AppleWebKit/537.36 (KHTML, like Gecko) Chrome/137.0.0.0 Mobile Safari/537.36"
2400:1a00:b060:ca79:a126:5901:d08f:1107 - - [08/Jun/2025:10:54:50 -0400] "GET /wp-content/uploads/2021/11/LN_v09_001.jpeg HTTP/1.1" 200 1105440 "https://remonster.online/" "Mozilla/5.0 (Linux; Android 10; K) AppleWebKit/537.36 (KHTML, like Gecko) Chrome/137.0.0.0 Mobile Safari/537.36"
2400:1a00:b060:ca79:a126:5901:d08f:1107 - - [08/Jun/2025:10:54:50 -0400] "GET /wp-content/uploads/2021/11/8168f-bSGoS-1260x1800.jpeg HTTP/1.1" 200 463933 "https://remonster.online/" "Mozilla/5.0 (Linux; Android 10; K) AppleWebKit/537.36 (KHTML, like Gecko) Chrome/137.0.0.0 Mobile Safari/537.36"
2400:1a00:b060:ca79:a126:5901:d08f:1107 - - [08/Jun/2025:10:54:53 -0400] "GET /wp-content/themes/toivo-lite/js/responsive-nav.min.js?ver=1.2.0 HTTP/1.1" 200 2102 "https://remonster.online/" "Mozilla/5.0 (Linux; Android 10; K) AppleWebKit/537.36 (KHTML, like Gecko) Chrome/137.0.0.0 Mobile Safari/537.36"
2400:1a00:b060:ca79:a126:5901:d08f:1107 - - [08/Jun/2025:10:54:53 -0400] "GET /wp-content/uploads/2021/11/cropped-670x300.jpg HTTP/1.1" 200 233958 "https://remonster.online/" "Mozilla/5.0 (Linux; Android 10; K) AppleWebKit/537.36 (KHTML, like Gecko) Chrome/137.0.0.0 Mobile Safari/537.36"
2400:1a00:b060:ca79:a126:5901:d08f:1107 - - [08/Jun/2025:10:54:53 -0400] "GET /wp-content/themes/toivo-lite/js/functions.min.js?ver=1.2.0 HTTP/1.1" 200 593 "https://remonster.online/" "Mozilla/5.0 (Linux; Android 10; K) AppleWebKit/537.36 (KHTML, like Gecko) Chrome/137.0.0.0 Mobile Safari/537.36"
2400:1a00:b060:ca79:a126:5901:d08f:1107 - - [08/Jun/2025:10:54:53 -0400] "GET /wp-content/plugins/comic-easel/js/keynav.js HTTP/1.1" 200 302 "https://remonster.online/" "Mozilla/5.0 (Linux; Android 10; K) AppleWebKit/537.36 (KHTML, like Gecko) Chrome/137.0.0.0 Mobile Safari/537.36"
2400:1a00:b060:ca79:a126:5901:d08f:1107 - - [08/Jun/2025:10:54:53 -0400] "GET /wp-content/themes/toivo-lite/js/settings.min.js?ver=1.2.0 HTTP/1.1" 200 307 "https://remonster.online/" "Mozilla/5.0 (Linux; Android 10; K) AppleWebKit/537.36 (KHTML, like Gecko) Chrome/137.0.0.0 Mobile Safari/537.36"
2400:1a00:b060:ca79:a126:5901:d08f:1107 - - [08/Jun/2025:10:54:55 -0400] "GET /wp-content/uploads/2021/11/cropped-CeDzRGZ-192x192.png HTTP/1.1" 200 68304 "https://remonster.online/" "Mozilla/5.0 (Linux; Android 10; K) AppleWebKit/537.36 (KHTML, like Gecko) Chrome/137.0.0.0 Mobile Safari/537.36"
51.148.94.100 - - [08/Jun/2025:10:54:55 -0400] "GET /manga/re-monster-chapter-25/ HTTP/1.1" 200 17360 "https://www.google.com/" "Mozilla/5.0 (Macintosh; Intel Mac OS X 10_15_7) AppleWebKit/605.1.15 (KHTML, like Gecko) Version/18.5 Safari/605.1.15"
2400:1a00:b060:ca79:a126:5901:d08f:1107 - - [08/Jun/2025:10:54:55 -0400] "GET /wp-content/uploads/2021/11/cropped-CeDzRGZ-180x180.png HTTP/1.1" 200 60430 "https://remonster.online/" "Mozilla/5.0 (Linux; Android 10; K) AppleWebKit/537.36 (KHTML, like Gecko) Chrome/137.0.0.0 Mobile Safari/537.36"
2400:1a00:b060:ca79:a126:5901:d08f:1107 - - [08/Jun/2025:10:54:59 -0400] "GET /manga/re-monster-chapter-15/ HTTP/1.1" 200 17788 "https://www.google.com/" "Mozilla/5.0 (Linux; Android 10; K) AppleWebKit/537.36 (KHTML, like Gecko) Chrome/137.0.0.0 Mobile Safari/537.36"
2400:1a00:b060:ca79:a126:5901:d08f:1107 - - [08/Jun/2025:10:55:01 -0400] "GET /wp-content/plugins/wp-automatic/css/wp-automatic.css?ver=1.0.0 HTTP/1.1" 200 537 "https://remonster.online/manga/re-monster-chapter-15/" "Mozilla/5.0 (Linux; Android 10; K) AppleWebKit/537.36 (KHTML, like Gecko) Chrome/137.0.0.0 Mobile Safari/537.36"
2400:1a00:b060:ca79:a126:5901:d08f:1107 - - [08/Jun/2025:10:55:01 -0400] "GET /wp-content/plugins/wp-automatic/js/main-front.js?ver=6.6.2 HTTP/1.1" 200 316 "https://remonster.online/manga/re-monster-chapter-15/" "Mozilla/5.0 (Linux; Android 10; K) AppleWebKit/537.36 (KHTML, like Gecko) Chrome/137.0.0.0 Mobile Safari/537.36"
