84.46.154.81 - - [08/Jun/2025:15:42:13 -0400] "GET /manga/remonster-chapter-106/ HTTP/1.1" 200 14657 "https://remonster.online/manga/remonster-chapter-105/" "Mozilla/5.0 (Windows NT 10.0; Win64; x64; rv:139.0) Gecko/20100101 Firefox/139.0"
162.0.232.193 - - [08/Jun/2025:15:42:14 -0400] "POST /wp-cron.php?doing_wp_cron=1749411734.2430679798126220703125 HTTP/1.1" 200 0 "-" "WordPress/6.6.2; https://remonster.online"
84.46.154.81 - - [08/Jun/2025:15:42:14 -0400] "POST /wp-admin/admin-ajax.php HTTP/1.1" 200 69 "https://remonster.online/manga/remonster-chapter-106/" "Mozilla/5.0 (Windows NT 10.0; Win64; x64; rv:139.0) Gecko/20100101 Firefox/139.0"
2001:67c:2660:425:20::265 - - [08/Jun/2025:15:42:35 -0400] "GET /manga/re-monster-chapter-63/ HTTP/1.1" 200 17410 "https://remonster.online/manga/re-monster-chapter-62/" "Mozilla/5.0 (Linux; Android 10; K) AppleWebKit/537.36 (KHTML, like Gecko) Chrome/135.0.0.0 Mobile Safari/537.36 OPR/89.0.0.0"
2001:67c:2660:425:20::265 - - [08/Jun/2025:15:42:35 -0400] "GET /manga/re-monster-chapter-63/ HTTP/1.1" 304 0 "https://remonster.online/manga/re-monster-chapter-62/" "Mozilla/5.0 (Linux; Android 10; K) AppleWebKit/537.36 (KHTML, like Gecko) Chrome/135.0.0.0 Mobile Safari/537.36 OPR/89.0.0.0"
2001:999:590:c6d9:8193:6b56:161f:1552 - - [08/Jun/2025:15:42:43 -0400] "GET / HTTP/1.1" 200 10858 "-" "Mozilla/5.0 (Windows NT 10.0; Win64; x64) AppleWebKit/537.36 (KHTML, like Gecko) Chrome/137.0.0.0 Safari/537.36"
103.196.139.252 - - [08/Jun/2025:15:42:44 -0400] "GET /manga/remonster-chapter-76/ HTTP/1.1" 200 17398 "https://remonster.online/manga/remonster-chapter-75/" "Mozilla/5.0 (iPhone; CPU iPhone OS 17_6_1 like Mac OS X) AppleWebKit/605.1.15 (KHTML, like Gecko) CriOS/137.0.7151.79 Mobile/15E148 Safari/604.1"
2001:999:590:c6d9:8193:6b56:161f:1552 - - [08/Jun/2025:15:42:46 -0400] "GET /wp-content/uploads/2021/11/LN_v09_001-697x1024.jpeg HTTP/1.1" 200 214016 "https://remonster.online/" "Mozilla/5.0 (Windows NT 10.0; Win64; x64) AppleWebKit/537.36 (KHTML, like Gecko) Chrome/137.0.0.0 Safari/537.36"
2001:999:590:c6d9:8193:6b56:161f:1552 - - [08/Jun/2025:15:42:46 -0400] "GET /wp-content/uploads/2021/11/8168f-bSGoS-717x1024.jpeg HTTP/1.1" 200 200846 "https://remonster.online/" "Mozilla/5.0 (Windows NT 10.0; Win64; x64) AppleWebKit/537.36 (KHTML, like Gecko) Chrome/137.0.0.0 Safari/537.36"
2001:67c:2660:425:20::265 - - [08/Jun/2025:15:43:34 -0400] "GET /manga/re-monster-chapter-64/ HTTP/1.1" 200 17707 "https://remonster.online/manga/re-monster-chapter-63/" "Mozilla/5.0 (Linux; Android 10; K) AppleWebKit/537.36 (KHTML, like Gecko) Chrome/135.0.0.0 Mobile Safari/537.36 OPR/89.0.0.0"
2001:67c:2660:425:20::265 - - [08/Jun/2025:15:43:35 -0400] "GET /manga/re-monster-chapter-64/ HTTP/1.1" 304 0 "https://remonster.online/manga/re-monster-chapter-63/" "Mozilla/5.0 (Linux; Android 10; K) AppleWebKit/537.36 (KHTML, like Gecko) Chrome/135.0.0.0 Mobile Safari/537.36 OPR/89.0.0.0"
136.158.43.164 - - [08/Jun/2025:15:43:42 -0400] "GET /wp-content/uploads/2021/11/CeDzRGZ-768x682.png HTTP/1.1" 200 1056180 "https://remonster.online/manga/re-monster-chapter-38/" "Mozilla/5.0 (Linux; Android 10; K) AppleWebKit/537.36 (KHTML, like Gecko) Chrome/128.0.0.0 Mobile Safari/537.36"
2607:fb90:ee57:c9c4:6149:e105:5ac2:e504 - - [08/Jun/2025:15:44:04 -0400] "GET /manga/re-monster-chapter-20/ HTTP/1.1" 200 16375 "-" "Mozilla/5.0 (iPhone; CPU iPhone OS 18_5 like Mac OS X) AppleWebKit/605.1.15 (KHTML, like Gecko) Mobile/15E148"
103.196.139.252 - - [08/Jun/2025:15:44:28 -0400] "GET /manga/remonster-chapter-77/ HTTP/1.1" 200 17438 "https://remonster.online/manga/remonster-chapter-76/" "Mozilla/5.0 (iPhone; CPU iPhone OS 17_6_1 like Mac OS X) AppleWebKit/605.1.15 (KHTML, like Gecko) CriOS/137.0.7151.79 Mobile/15E148 Safari/604.1"
2001:67c:2660:425:20::265 - - [08/Jun/2025:15:44:35 -0400] "GET /manga/re-monster-chapter-65/ HTTP/1.1" 200 17410 "https://remonster.online/manga/re-monster-chapter-64/" "Mozilla/5.0 (Linux; Android 10; K) AppleWebKit/537.36 (KHTML, like Gecko) Chrome/135.0.0.0 Mobile Safari/537.36 OPR/89.0.0.0"
2001:67c:2660:425:20::265 - - [08/Jun/2025:15:44:36 -0400] "GET /manga/re-monster-chapter-65/ HTTP/1.1" 304 0 "https://remonster.online/manga/re-monster-chapter-64/" "Mozilla/5.0 (Linux; Android 10; K) AppleWebKit/537.36 (KHTML, like Gecko) Chrome/135.0.0.0 Mobile Safari/537.36 OPR/89.0.0.0"
111.235.88.20 - - [08/Jun/2025:15:44:45 -0400] "GET / HTTP/1.1" 200 10842 "https://search.brave.com/" "Mozilla/5.0 (Windows NT 10.0; Win64; x64) AppleWebKit/537.36 (KHTML, like Gecko) Chrome/137.0.0.0 Safari/537.36"
111.235.88.20 - - [08/Jun/2025:15:44:51 -0400] "GET /manga/re-monster-chapter-1/ HTTP/1.1" 200 17995 "-" "Mozilla/5.0 (Windows NT 10.0; Win64; x64) AppleWebKit/537.36 (KHTML, like Gecko) Chrome/137.0.0.0 Safari/537.36"
111.235.88.20 - - [08/Jun/2025:15:44:51 -0400] "GET /manga/re-monster-chapter-1/ HTTP/1.1" 304 0 "https://remonster.online/" "Mozilla/5.0 (Windows NT 10.0; Win64; x64) AppleWebKit/537.36 (KHTML, like Gecko) Chrome/137.0.0.0 Safari/537.36"
111.235.88.20 - - [08/Jun/2025:15:45:01 -0400] "GET /manga/re-monster-chapter-1/ HTTP/1.1" 200 17995 "https://search.brave.com/" "Mozilla/5.0 (Windows NT 10.0; Win64; x64) AppleWebKit/537.36 (KHTML, like Gecko) Chrome/137.0.0.0 Safari/537.36"
162.0.232.193 - - [08/Jun/2025:15:45:08 -0400] "POST /wp-cron.php?doing_wp_cron=1749411908.8378899097442626953125 HTTP/1.1" 200 0 "-" "WordPress/6.6.2; https://remonster.online"
198.44.191.225 - - [08/Jun/2025:15:45:08 -0400] "POST /wp-login.php HTTP/1.1" 200 1875 "-" "Mozilla/5.0"
162.0.232.193 - - [08/Jun/2025:15:45:09 -0400] "GET /manga/re-monster-chapter-18/ HTTP/1.1" 200 18653 "-" "WP Rocket/Preload"
162.0.232.193 - - [08/Jun/2025:15:45:10 -0400] "GET /manga/re-monster-chapter-18/ HTTP/1.1" 200 19017 "-" "WP Rocket/Preload Mozilla/5.0 (iPhone; CPU iPhone OS 9_1 like Mac OS X) AppleWebKit/601.1.46 (KHTML, like Gecko) Version/9.0 Mobile/13B143 Safari/601.1"
62.83.204.62 - - [08/Jun/2025:15:45:27 -0400] "GET /manga/re-monster-chapter-50/ HTTP/1.1" 200 18091 "https://remonster.online/" "Mozilla/5.0 (Windows NT 10.0; Win64; x64) AppleWebKit/537.36 (KHTML, like Gecko) Chrome/137.0.0.0 Safari/537.36"
62.83.204.62 - - [08/Jun/2025:15:45:28 -0400] "GET /wp-content/plugins/wp-automatic/css/wp-automatic.css?ver=1.0.0 HTTP/1.1" 200 537 "https://remonster.online/manga/re-monster-chapter-50/" "Mozilla/5.0 (Windows NT 10.0; Win64; x64) AppleWebKit/537.36 (KHTML, like Gecko) Chrome/137.0.0.0 Safari/537.36"
62.83.204.62 - - [08/Jun/2025:15:45:28 -0400] "GET /wp-content/plugins/wp-automatic/js/main-front.js?ver=6.6.2 HTTP/1.1" 200 316 "https://remonster.online/manga/re-monster-chapter-50/" "Mozilla/5.0 (Windows NT 10.0; Win64; x64) AppleWebKit/537.36 (KHTML, like Gecko) Chrome/137.0.0.0 Safari/537.36"
62.83.204.62 - - [08/Jun/2025:15:45:29 -0400] "GET /wp-content/plugins/disqus-comment-system/public/js/comment_count.js?ver=3.1.2 HTTP/1.1" 200 354 "https://remonster.online/manga/re-monster-chapter-50/" "Mozilla/5.0 (Windows NT 10.0; Win64; x64) AppleWebKit/537.36 (KHTML, like Gecko) Chrome/137.0.0.0 Safari/537.36"
62.83.204.62 - - [08/Jun/2025:15:45:29 -0400] "GET /wp-content/plugins/disqus-comment-system/public/js/comment_embed.js?ver=3.1.2 HTTP/1.1" 200 653 "https://remonster.online/manga/re-monster-chapter-50/" "Mozilla/5.0 (Windows NT 10.0; Win64; x64) AppleWebKit/537.36 (KHTML, like Gecko) Chrome/137.0.0.0 Safari/537.36"
162.0.232.193 - - [08/Jun/2025:15:45:30 -0400] "POST /wp-cron.php?doing_wp_cron=1749411930.3799738883972167968750 HTTP/1.1" 200 0 "-" "WordPress/6.6.2; https://remonster.online"
62.83.204.62 - - [08/Jun/2025:15:45:30 -0400] "GET /wp-content/plugins/simple-social-buttons/assets/fonts/ssb-icon.ttf?eahqa2 HTTP/1.1" 200 6624 "https://remonster.online/wp-content/plugins/simple-social-buttons/assets/css/front.css?ver=5.3.1" "Mozilla/5.0 (Windows NT 10.0; Win64; x64) AppleWebKit/537.36 (KHTML, like Gecko) Chrome/137.0.0.0 Safari/537.36"
62.83.204.62 - - [08/Jun/2025:15:45:29 -0400] "POST /wp-admin/admin-ajax.php HTTP/1.1" 200 69 "https://remonster.online/manga/re-monster-chapter-50/" "Mozilla/5.0 (Windows NT 10.0; Win64; x64) AppleWebKit/537.36 (KHTML, like Gecko) Chrome/137.0.0.0 Safari/537.36"
62.83.204.62 - - [08/Jun/2025:15:45:33 -0400] "GET /wp-content/uploads/2021/11/CeDzRGZ-300x266.png HTTP/1.1" 200 144941 "https://remonster.online/manga/re-monster-chapter-50/" "Mozilla/5.0 (Windows NT 10.0; Win64; x64) AppleWebKit/537.36 (KHTML, like Gecko) Chrome/137.0.0.0 Safari/537.36"
2001:67c:2660:425:20::265 - - [08/Jun/2025:15:45:40 -0400] "GET /manga/re-monster-chapter-66/ HTTP/1.1" 200 17880 "https://remonster.online/manga/re-monster-chapter-65/" "Mozilla/5.0 (Linux; Android 10; K) AppleWebKit/537.36 (KHTML, like Gecko) Chrome/135.0.0.0 Mobile Safari/537.36 OPR/89.0.0.0"
2001:67c:2660:425:20::265 - - [08/Jun/2025:15:45:41 -0400] "GET /manga/re-monster-chapter-66/ HTTP/1.1" 304 0 "https://remonster.online/manga/re-monster-chapter-65/" "Mozilla/5.0 (Linux; Android 10; K) AppleWebKit/537.36 (KHTML, like Gecko) Chrome/135.0.0.0 Mobile Safari/537.36 OPR/89.0.0.0"
2001:67c:2660:425:20::265 - - [08/Jun/2025:15:46:41 -0400] "GET /manga/re-monster-chapter-67/ HTTP/1.1" 200 17567 "https://remonster.online/manga/re-monster-chapter-66/" "Mozilla/5.0 (Linux; Android 10; K) AppleWebKit/537.36 (KHTML, like Gecko) Chrome/135.0.0.0 Mobile Safari/537.36 OPR/89.0.0.0"
2001:67c:2660:425:20::265 - - [08/Jun/2025:15:46:42 -0400] "GET /manga/re-monster-chapter-67/ HTTP/1.1" 304 0 "https://remonster.online/manga/re-monster-chapter-66/" "Mozilla/5.0 (Linux; Android 10; K) AppleWebKit/537.36 (KHTML, like Gecko) Chrome/135.0.0.0 Mobile Safari/537.36 OPR/89.0.0.0"
103.196.139.252 - - [08/Jun/2025:15:47:39 -0400] "GET /manga/remonster-chapter-78/ HTTP/1.1" 200 17076 "https://remonster.online/manga/remonster-chapter-77/" "Mozilla/5.0 (iPhone; CPU iPhone OS 17_6_1 like Mac OS X) AppleWebKit/605.1.15 (KHTML, like Gecko) CriOS/137.0.7151.79 Mobile/15E148 Safari/604.1"
2a00:f29:2c8:bb7:516f:1e2b:e94d:e870 - - [08/Jun/2025:15:47:42 -0400] "GET /manga/re-monster-chapter-55/ HTTP/1.1" 304 0 "https://remonster.online/manga/re-monster-chapter-56/" "Mozilla/5.0 (Windows NT 10.0; Win64; x64) AppleWebKit/537.36 (KHTML, like Gecko) Chrome/137.0.0.0 Safari/537.36"
2a00:f29:2c8:bb7:516f:1e2b:e94d:e870 - - [08/Jun/2025:15:47:42 -0400] "GET /manga/re-monster-chapter-57/ HTTP/1.1" 200 17857 "https://remonster.online/manga/re-monster-chapter-56/" "Mozilla/5.0 (Windows NT 10.0; Win64; x64) AppleWebKit/537.36 (KHTML, like Gecko) Chrome/137.0.0.0 Safari/537.36"
2a00:f29:2c8:bb7:516f:1e2b:e94d:e870 - - [08/Jun/2025:15:47:42 -0400] "GET /manga/re-monster-chapter-57/ HTTP/1.1" 304 0 "https://remonster.online/manga/re-monster-chapter-56/" "Mozilla/5.0 (Windows NT 10.0; Win64; x64) AppleWebKit/537.36 (KHTML, like Gecko) Chrome/137.0.0.0 Safari/537.36"
162.0.232.193 - - [08/Jun/2025:15:47:43 -0400] "POST /wp-cron.php?doing_wp_cron=1749412063.5259499549865722656250 HTTP/1.1" 200 0 "-" "WordPress/6.6.2; https://remonster.online"
2a00:f29:2c8:bb7:516f:1e2b:e94d:e870 - - [08/Jun/2025:15:47:43 -0400] "POST /wp-admin/admin-ajax.php HTTP/1.1" 200 69 "https://remonster.online/manga/re-monster-chapter-57/" "Mozilla/5.0 (Windows NT 10.0; Win64; x64) AppleWebKit/537.36 (KHTML, like Gecko) Chrome/137.0.0.0 Safari/537.36"
66.249.79.237 - - [08/Jun/2025:15:48:40 -0400] "GET /manga/re-monster-chapter-12/ HTTP/1.1" 200 17408 "-" "Mozilla/5.0 (Linux; Android 6.0.1; Nexus 5X Build/MMB29P) AppleWebKit/537.36 (KHTML, like Gecko) Chrome/136.0.7103.113 Mobile Safari/537.36 (compatible; Googlebot/2.1; +http://www.google.com/bot.html)"
162.0.232.193 - - [08/Jun/2025:15:48:41 -0400] "POST /wp-cron.php?doing_wp_cron=1749412121.2446250915527343750000 HTTP/1.1" 200 0 "-" "WordPress/6.6.2; https://remonster.online"
66.249.79.236 - - [08/Jun/2025:15:48:41 -0400] "GET /robots.txt HTTP/1.1" 200 111 "-" "Mozilla/5.0 (compatible; Googlebot/2.1; +http://www.google.com/bot.html)"
82.156.199.117 - - [08/Jun/2025:15:50:07 -0400] "GET / HTTP/1.1" 200 10821 "http://remonster.online" "Mozilla/5.0 (Windows NT 10.0; Win64; x64) AppleWebKit/537.36 (KHTML, like Gecko) Chrome/115.0.5790.171 Safari/537.36 Edg/115.0.1901.203"
162.0.232.193 - - [08/Jun/2025:15:50:12 -0400] "POST /wp-cron.php?doing_wp_cron=1749412212.5874691009521484375000 HTTP/1.1" 200 0 "-" "WordPress/6.6.2; https://remonster.online"
82.156.199.117 - - [08/Jun/2025:15:50:09 -0400] "GET /index.php?author=1 HTTP/1.1" 301 0 "https://remonster.online" "Mozilla/5.0 (Macintosh; Intel Mac OS X 10_15_7) AppleWebKit/537.36 (KHTML, like Gecko) Chrome/113.0.5672.93 Safari/537.36"
82.156.199.117 - - [08/Jun/2025:15:50:13 -0400] "GET /author/admin/ HTTP/1.1" 200 25627 "https://remonster.online" "Mozilla/5.0 (Macintosh; Intel Mac OS X 10_15_7) AppleWebKit/537.36 (KHTML, like Gecko) Chrome/113.0.5672.93 Safari/537.36"
82.156.199.117 - - [08/Jun/2025:15:50:13 -0400] "GET /index.php?author=2 HTTP/1.1" 301 0 "https://remonster.online" "Mozilla/5.0 (Macintosh; Intel Mac OS X 10_15_7) AppleWebKit/537.36 (KHTML, like Gecko) Chrome/113.0.5672.93 Safari/537.36"
82.156.199.117 - - [08/Jun/2025:15:50:14 -0400] "GET / HTTP/1.1" 200 10821 "https://remonster.online" "Mozilla/5.0 (Macintosh; Intel Mac OS X 10_15_7) AppleWebKit/537.36 (KHTML, like Gecko) Chrome/113.0.5672.93 Safari/537.36"
82.156.199.117 - - [08/Jun/2025:15:50:14 -0400] "GET /index.php?author=3 HTTP/1.1" 301 0 "https://remonster.online" "Mozilla/5.0 (Windows NT 10.0; Win64; x64) AppleWebKit/537.36 (KHTML, like Gecko) Chrome/116.0.5845.96 Safari/537.36 Edg/116.0.1938.62"
82.156.199.117 - - [08/Jun/2025:15:50:15 -0400] "GET / HTTP/1.1" 200 10821 "https://remonster.online" "Mozilla/5.0 (Windows NT 10.0; Win64; x64) AppleWebKit/537.36 (KHTML, like Gecko) Chrome/116.0.5845.96 Safari/537.36 Edg/116.0.1938.62"
2001:67c:2660:425:20::265 - - [08/Jun/2025:15:50:48 -0400] "GET /manga/re-monster-chapter-68/ HTTP/1.1" 200 17511 "https://remonster.online/manga/re-monster-chapter-67/" "Mozilla/5.0 (Linux; Android 10; K) AppleWebKit/537.36 (KHTML, like Gecko) Chrome/135.0.0.0 Mobile Safari/537.36 OPR/89.0.0.0"
2001:67c:2660:425:20::265 - - [08/Jun/2025:15:50:49 -0400] "GET /manga/re-monster-chapter-68/ HTTP/1.1" 304 0 "https://remonster.online/manga/re-monster-chapter-67/" "Mozilla/5.0 (Linux; Android 10; K) AppleWebKit/537.36 (KHTML, like Gecko) Chrome/135.0.0.0 Mobile Safari/537.36 OPR/89.0.0.0"
142.169.132.237 - - [08/Jun/2025:15:52:00 -0400] "GET /tag/original/ HTTP/1.1" 301 0 "https://remonster.online/manga/re-monster-chapter-36/" "Mozilla/5.0 (Linux; Android 10; K) AppleWebKit/537.36 (KHTML, like Gecko) Chrome/137.0.0.0 Mobile Safari/537.36"
142.169.132.237 - - [08/Jun/2025:15:52:01 -0400] "GET / HTTP/1.1" 200 10812 "https://remonster.online/manga/re-monster-chapter-36/" "Mozilla/5.0 (Linux; Android 10; K) AppleWebKit/537.36 (KHTML, like Gecko) Chrome/137.0.0.0 Mobile Safari/537.36"
142.169.132.237 - - [08/Jun/2025:15:52:01 -0400] "GET /manga/re-monster-chapter-37/ HTTP/1.1" 200 18075 "https://remonster.online/manga/re-monster-chapter-36/" "Mozilla/5.0 (Linux; Android 10; K) AppleWebKit/537.36 (KHTML, like Gecko) Chrome/137.0.0.0 Mobile Safari/537.36"
142.169.132.237 - - [08/Jun/2025:15:52:02 -0400] "GET /manga/re-monster-chapter-37/ HTTP/1.1" 304 0 "https://remonster.online/manga/re-monster-chapter-36/" "Mozilla/5.0 (Linux; Android 10; K) AppleWebKit/537.36 (KHTML, like Gecko) Chrome/137.0.0.0 Mobile Safari/537.36"
2001:67c:2660:425:20::265 - - [08/Jun/2025:15:52:03 -0400] "GET /manga/re-monster-chapter-67/ HTTP/1.1" 304 0 "https://remonster.online/manga/re-monster-chapter-68/" "Mozilla/5.0 (Linux; Android 10; K) AppleWebKit/537.36 (KHTML, like Gecko) Chrome/135.0.0.0 Mobile Safari/537.36 OPR/89.0.0.0"
2001:67c:2660:425:20::265 - - [08/Jun/2025:15:52:03 -0400] "GET /manga/re-monster-chapter-69/ HTTP/1.1" 200 17977 "https://remonster.online/manga/re-monster-chapter-68/" "Mozilla/5.0 (Linux; Android 10; K) AppleWebKit/537.36 (KHTML, like Gecko) Chrome/135.0.0.0 Mobile Safari/537.36 OPR/89.0.0.0"
162.0.232.193 - - [08/Jun/2025:15:52:03 -0400] "POST /wp-cron.php?doing_wp_cron=1749412323.3138968944549560546875 HTTP/1.1" 200 0 "-" "WordPress/6.6.2; https://remonster.online"
2001:67c:2660:425:20::265 - - [08/Jun/2025:15:52:03 -0400] "GET /manga/re-monster-chapter-69/ HTTP/1.1" 304 0 "https://remonster.online/manga/re-monster-chapter-68/" "Mozilla/5.0 (Linux; Android 10; K) AppleWebKit/537.36 (KHTML, like Gecko) Chrome/135.0.0.0 Mobile Safari/537.36 OPR/89.0.0.0"
142.169.132.237 - - [08/Jun/2025:15:52:03 -0400] "POST /wp-admin/admin-ajax.php HTTP/1.1" 200 49 "https://remonster.online/manga/re-monster-chapter-37/" "Mozilla/5.0 (Linux; Android 10; K) AppleWebKit/537.36 (KHTML, like Gecko) Chrome/137.0.0.0 Mobile Safari/537.36"
142.169.132.237 - - [08/Jun/2025:15:52:03 -0400] "POST /wp-admin/admin-ajax.php HTTP/1.1" 200 452 "https://remonster.online/manga/re-monster-chapter-37/" "Mozilla/5.0 (Linux; Android 10; K) AppleWebKit/537.36 (KHTML, like Gecko) Chrome/137.0.0.0 Mobile Safari/537.36"
142.169.132.237 - - [08/Jun/2025:15:52:02 -0400] "POST /wp-admin/admin-ajax.php HTTP/1.1" 200 69 "https://remonster.online/manga/re-monster-chapter-37/" "Mozilla/5.0 (Linux; Android 10; K) AppleWebKit/537.36 (KHTML, like Gecko) Chrome/137.0.0.0 Mobile Safari/537.36"
2a02:598:128:8a00::b00:2 - - [08/Jun/2025:15:54:02 -0400] "GET /remonster-chapter-77/ HTTP/1.1" 200 12812 "-" "Mozilla/5.0 (compatible; SeznamBot/4.0; +https://o-seznam.cz/napoveda/vyhledavani/en/seznambot-crawler/)"
2001:67c:2660:425:20::265 - - [08/Jun/2025:15:54:10 -0400] "GET / HTTP/1.1" 304 0 "https://remonster.online/manga/re-monster-chapter-69/" "Mozilla/5.0 (Linux; Android 10; K) AppleWebKit/537.36 (KHTML, like Gecko) Chrome/135.0.0.0 Mobile Safari/537.36 OPR/89.0.0.0"
2001:67c:2660:425:20::265 - - [08/Jun/2025:15:54:10 -0400] "GET /manga/re-monster-chapter-68/ HTTP/1.1" 304 0 "https://remonster.online/manga/re-monster-chapter-69/" "Mozilla/5.0 (Linux; Android 10; K) AppleWebKit/537.36 (KHTML, like Gecko) Chrome/135.0.0.0 Mobile Safari/537.36 OPR/89.0.0.0"
2001:67c:2660:425:20::265 - - [08/Jun/2025:15:54:11 -0400] "GET /manga/re-monster-chapter-70/ HTTP/1.1" 200 17698 "https://remonster.online/manga/re-monster-chapter-69/" "Mozilla/5.0 (Linux; Android 10; K) AppleWebKit/537.36 (KHTML, like Gecko) Chrome/135.0.0.0 Mobile Safari/537.36 OPR/89.0.0.0"
2001:67c:2660:425:20::265 - - [08/Jun/2025:15:54:11 -0400] "GET /manga/re-monster-chapter-70/ HTTP/1.1" 304 0 "https://remonster.online/manga/re-monster-chapter-69/" "Mozilla/5.0 (Linux; Android 10; K) AppleWebKit/537.36 (KHTML, like Gecko) Chrome/135.0.0.0 Mobile Safari/537.36 OPR/89.0.0.0"
2a02:c7e:3164:8200:24b0:138f:411b:cf1b - - [08/Jun/2025:15:54:14 -0400] "GET /manga/re-monster-chapter-36/ HTTP/1.1" 200 17925 "https://remonster.online/manga/re-monster-chapter-35/" "Mozilla/5.0 (Windows NT 10.0; Win64; x64; rv:139.0) Gecko/20100101 Firefox/139.0"
162.0.232.193 - - [08/Jun/2025:15:54:16 -0400] "POST /wp-cron.php?doing_wp_cron=1749412456.6791009902954101562500 HTTP/1.1" 200 0 "-" "WordPress/6.6.2; https://remonster.online"
2a02:c7e:3164:8200:24b0:138f:411b:cf1b - - [08/Jun/2025:15:54:14 -0400] "POST /wp-admin/admin-ajax.php HTTP/1.1" 200 69 "https://remonster.online/manga/re-monster-chapter-36/" "Mozilla/5.0 (Windows NT 10.0; Win64; x64; rv:139.0) Gecko/20100101 Firefox/139.0"
2605:b100:d1a:122b:0:15:4725:2901 - - [08/Jun/2025:15:54:33 -0400] "GET /tag/remonster-manga/ HTTP/1.1" 301 0 "-" "Mozilla/5.0 (Linux; Android 10; K) AppleWebKit/537.36 (KHTML, like Gecko) Chrome/137.0.0.0 Mobile Safari/537.36"
2605:b100:d1a:122b:0:15:4725:2901 - - [08/Jun/2025:15:54:34 -0400] "GET /manga/re-monster-chapter-26/ HTTP/1.1" 200 16988 "-" "Mozilla/5.0 (Linux; Android 10; K) AppleWebKit/537.36 (KHTML, like Gecko) Chrome/137.0.0.0 Mobile Safari/537.36"
2605:b100:d1a:122b:0:15:4725:2901 - - [08/Jun/2025:15:54:34 -0400] "GET /manga/re-monster-chapter-26/ HTTP/1.1" 304 0 "https://remonster.online/manga/re-monster-chapter-25/" "Mozilla/5.0 (Linux; Android 10; K) AppleWebKit/537.36 (KHTML, like Gecko) Chrome/137.0.0.0 Mobile Safari/537.36"
2804:30c:1950:a200:fc31:4822:278:8cbb - - [08/Jun/2025:15:55:07 -0400] "GET /manga/re-monster-chapter-36/ HTTP/1.1" 200 18251 "https://remonster.online/manga/re-monster-chapter-35/" "Mozilla/5.0 (iPhone; CPU iPhone OS 18_5 like Mac OS X) AppleWebKit/605.1.15 (KHTML, like Gecko) Version/18.5 Mobile/15E148 Safari/604.1 Ddg/18.5"
162.0.232.193 - - [08/Jun/2025:15:55:08 -0400] "POST /wp-cron.php?doing_wp_cron=1749412507.9770929813385009765625 HTTP/1.1" 200 0 "-" "WordPress/6.6.2; https://remonster.online"
2804:30c:1950:a200:fc31:4822:278:8cbb - - [08/Jun/2025:15:55:07 -0400] "POST /wp-admin/admin-ajax.php HTTP/1.1" 200 69 "https://remonster.online/manga/re-monster-chapter-36/" "Mozilla/5.0 (iPhone; CPU iPhone OS 18_5 like Mac OS X) AppleWebKit/605.1.15 (KHTML, like Gecko) Version/18.5 Mobile/15E148 Safari/604.1 Ddg/18.5"
2600:8800:890a:cb00:953c:6ed3:b327:c679 - - [08/Jun/2025:15:55:17 -0400] "GET /manga/re-monster-chapter-3/ HTTP/1.1" 200 18428 "https://remonster.online/manga/re-monster-chapter-2/" "Mozilla/5.0 (iPhone; CPU iPhone OS 18_1_1 like Mac OS X) AppleWebKit/605.1.15 (KHTML, like Gecko) Version/18.1.1 Mobile/15E148 Safari/604.1"
162.0.232.193 - - [08/Jun/2025:15:55:18 -0400] "POST /wp-cron.php?doing_wp_cron=1749412517.9108049869537353515625 HTTP/1.1" 200 0 "-" "WordPress/6.6.2; https://remonster.online"
2600:8800:890a:cb00:953c:6ed3:b327:c679 - - [08/Jun/2025:15:55:17 -0400] "POST /wp-admin/admin-ajax.php HTTP/1.1" 200 69 "https://remonster.online/manga/re-monster-chapter-3/" "Mozilla/5.0 (iPhone; CPU iPhone OS 18_1_1 like Mac OS X) AppleWebKit/605.1.15 (KHTML, like Gecko) Version/18.1.1 Mobile/15E148 Safari/604.1"
2001:67c:2660:425:20::265 - - [08/Jun/2025:15:55:38 -0400] "GET /manga/re-monster-chapter-71/ HTTP/1.1" 200 17730 "https://remonster.online/manga/re-monster-chapter-70/" "Mozilla/5.0 (Linux; Android 10; K) AppleWebKit/537.36 (KHTML, like Gecko) Chrome/135.0.0.0 Mobile Safari/537.36 OPR/89.0.0.0"
2001:67c:2660:425:20::265 - - [08/Jun/2025:15:55:39 -0400] "GET /manga/re-monster-chapter-71/ HTTP/1.1" 304 0 "https://remonster.online/manga/re-monster-chapter-70/" "Mozilla/5.0 (Linux; Android 10; K) AppleWebKit/537.36 (KHTML, like Gecko) Chrome/135.0.0.0 Mobile Safari/537.36 OPR/89.0.0.0"
2605:b100:d1a:122b:0:15:4725:2901 - - [08/Jun/2025:15:56:13 -0400] "GET /manga/re-monster-chapter-26/ HTTP/1.1" 304 0 "https://remonster.online/manga/re-monster-chapter-25/" "Mozilla/5.0 (Linux; Android 10; K) AppleWebKit/537.36 (KHTML, like Gecko) Chrome/137.0.0.0 Mobile Safari/537.36"
162.0.232.193 - - [08/Jun/2025:15:56:14 -0400] "POST /wp-cron.php?doing_wp_cron=1749412574.4421620368957519531250 HTTP/1.1" 200 0 "-" "WordPress/6.6.2; https://remonster.online"
2605:b100:d1a:122b:0:15:4725:2901 - - [08/Jun/2025:15:56:14 -0400] "POST /wp-admin/admin-ajax.php HTTP/1.1" 200 49 "https://remonster.online/manga/re-monster-chapter-26/" "Mozilla/5.0 (Linux; Android 10; K) AppleWebKit/537.36 (KHTML, like Gecko) Chrome/137.0.0.0 Mobile Safari/537.36"
2605:b100:d1a:122b:0:15:4725:2901 - - [08/Jun/2025:15:56:15 -0400] "POST /wp-admin/admin-ajax.php HTTP/1.1" 200 452 "https://remonster.online/manga/re-monster-chapter-26/" "Mozilla/5.0 (Linux; Android 10; K) AppleWebKit/537.36 (KHTML, like Gecko) Chrome/137.0.0.0 Mobile Safari/537.36"
2605:b100:d1a:122b:0:15:4725:2901 - - [08/Jun/2025:15:56:16 -0400] "GET /manga/re-monster-chapter-26/ HTTP/1.1" 304 0 "-" "Mozilla/5.0 (Linux; Android 10; K) AppleWebKit/537.36 (KHTML, like Gecko) Chrome/137.0.0.0 Mobile Safari/537.36"
90.167.51.118 - - [08/Jun/2025:15:57:29 -0400] "GET / HTTP/1.1" 200 10809 "https://www.google.com/" "Mozilla/5.0 (Linux; Android 10; K) AppleWebKit/537.36 (KHTML, like Gecko) Chrome/136.0.0.0 Mobile Safari/537.36"
90.167.51.118 - - [08/Jun/2025:15:57:35 -0400] "GET /manga/remonster-chapter-101/ HTTP/1.1" 200 15541 "https://remonster.online/" "Mozilla/5.0 (Linux; Android 10; K) AppleWebKit/537.36 (KHTML, like Gecko) Chrome/136.0.0.0 Mobile Safari/537.36"
90.167.51.118 - - [08/Jun/2025:15:57:36 -0400] "GET /manga/remonster-chapter-101/ HTTP/1.1" 304 0 "https://remonster.online/" "Mozilla/5.0 (Linux; Android 10; K) AppleWebKit/537.36 (KHTML, like Gecko) Chrome/136.0.0.0 Mobile Safari/537.36"
162.0.232.193 - - [08/Jun/2025:15:57:37 -0400] "POST /wp-cron.php?doing_wp_cron=1749412657.3616340160369873046875 HTTP/1.1" 200 0 "-" "WordPress/6.6.2; https://remonster.online"
90.167.51.118 - - [08/Jun/2025:15:57:37 -0400] "POST /wp-admin/admin-ajax.php HTTP/1.1" 200 69 "https://remonster.online/manga/remonster-chapter-101/" "Mozilla/5.0 (Linux; Android 10; K) AppleWebKit/537.36 (KHTML, like Gecko) Chrome/136.0.0.0 Mobile Safari/537.36"
2001:67c:2660:425:f24d:a2ff:fe74:2be2 - - [08/Jun/2025:15:58:32 -0400] "GET /manga/re-monster-chapter-72/ HTTP/1.1" 200 17901 "https://remonster.online/manga/re-monster-chapter-71/" "Mozilla/5.0 (Linux; Android 10; K) AppleWebKit/537.36 (KHTML, like Gecko) Chrome/135.0.0.0 Mobile Safari/537.36 OPR/89.0.0.0"
2001:67c:2660:425:f24d:a2ff:fe74:2be2 - - [08/Jun/2025:15:58:32 -0400] "GET /manga/re-monster-chapter-72/ HTTP/1.1" 304 0 "https://remonster.online/manga/re-monster-chapter-71/" "Mozilla/5.0 (Linux; Android 10; K) AppleWebKit/537.36 (KHTML, like Gecko) Chrome/135.0.0.0 Mobile Safari/537.36 OPR/89.0.0.0"
162.0.232.193 - - [08/Jun/2025:15:58:36 -0400] "POST /wp-cron.php?doing_wp_cron=1749412716.0729949474334716796875 HTTP/1.1" 200 0 "-" "WordPress/6.6.2; https://remonster.online"
217.114.43.119 - - [08/Jun/2025:15:58:35 -0400] "GET /phpinfo HTTP/1.1" 301 0 "http://remonster.online/phpinfo" "Mozilla/5.0 (Windows NT 10.0; Win64; x64) AppleWebKit/537.36 (KHTML, like Gecko) Chrome/91.0.4472.124 Safari/537.36"
217.114.43.119 - - [08/Jun/2025:15:58:36 -0400] "GET / HTTP/1.1" 200 10842 "https://remonster.online/phpinfo" "Mozilla/5.0 (Windows NT 10.0; Win64; x64) AppleWebKit/537.36 (KHTML, like Gecko) Chrome/91.0.4472.124 Safari/537.36"
217.114.43.119 - - [08/Jun/2025:15:58:39 -0400] "GET /phpinfo.php HTTP/1.1" 301 0 "http://remonster.online/phpinfo.php" "Mozilla/5.0 (X11; Linux x86_64) AppleWebKit/537.36 (KHTML, like Gecko) Chrome/91.0.4472.124 Safari/537.36"
217.114.43.119 - - [08/Jun/2025:15:58:40 -0400] "GET / HTTP/1.1" 200 10842 "https://remonster.online/phpinfo.php" "Mozilla/5.0 (X11; Linux x86_64) AppleWebKit/537.36 (KHTML, like Gecko) Chrome/91.0.4472.124 Safari/537.36"
217.114.43.119 - - [08/Jun/2025:15:58:44 -0400] "GET /test.php HTTP/1.1" 301 0 "http://remonster.online/test.php" "Mozilla/5.0 (X11; Linux x86_64) AppleWebKit/537.36 (KHTML, like Gecko) Chrome/91.0.4472.124 Safari/537.36"
217.114.43.119 - - [08/Jun/2025:15:58:45 -0400] "GET / HTTP/1.1" 200 10858 "https://remonster.online/test.php" "Mozilla/5.0 (X11; Linux x86_64) AppleWebKit/537.36 (KHTML, like Gecko) Chrome/91.0.4472.124 Safari/537.36"
69.79.197.195 - - [08/Jun/2025:15:58:49 -0400] "GET /manga/re-monster-chapter-32/ HTTP/1.1" 200 17362 "https://remonster.online/manga/re-monster-chapter-31/" "Mozilla/5.0 (iPhone; CPU iPhone OS 18_0 like Mac OS X) AppleWebKit/605.1.15 (KHTML, like Gecko) Version/18.0 Mobile/15E148 Safari/604.1"
217.114.43.119 - - [08/Jun/2025:15:58:49 -0400] "GET /_profiler/phpinfo HTTP/1.1" 301 0 "http://remonster.online/_profiler/phpinfo" "Mozilla/5.0 (Windows NT 10.0; Win64; x64) AppleWebKit/537.36 (KHTML, like Gecko) Chrome/91.0.4472.124 Safari/537.36"
217.114.43.119 - - [08/Jun/2025:15:58:49 -0400] "GET / HTTP/1.1" 200 10821 "https://remonster.online/_profiler/phpinfo" "Mozilla/5.0 (Windows NT 10.0; Win64; x64) AppleWebKit/537.36 (KHTML, like Gecko) Chrome/91.0.4472.124 Safari/537.36"
217.114.43.119 - - [08/Jun/2025:15:58:54 -0400] "GET /info.php HTTP/1.1" 301 0 "http://remonster.online/info.php" "Mozilla/5.0 (X11; Linux x86_64) AppleWebKit/537.36 (KHTML, like Gecko) Chrome/91.0.4472.124 Safari/537.36"
217.114.43.119 - - [08/Jun/2025:15:58:54 -0400] "GET / HTTP/1.1" 200 10858 "https://remonster.online/info.php" "Mozilla/5.0 (X11; Linux x86_64) AppleWebKit/537.36 (KHTML, like Gecko) Chrome/91.0.4472.124 Safari/537.36"
217.114.43.119 - - [08/Jun/2025:15:58:59 -0400] "GET /php.php HTTP/1.1" 301 0 "http://remonster.online/php.php" "Mozilla/5.0 (X11; Linux x86_64) AppleWebKit/537.36 (KHTML, like Gecko) Chrome/91.0.4472.124 Safari/537.36"
217.114.43.119 - - [08/Jun/2025:15:58:59 -0400] "GET / HTTP/1.1" 200 10821 "https://remonster.online/php.php" "Mozilla/5.0 (X11; Linux x86_64) AppleWebKit/537.36 (KHTML, like Gecko) Chrome/91.0.4472.124 Safari/537.36"
217.114.43.119 - - [08/Jun/2025:15:59:03 -0400] "GET /php_info.php HTTP/1.1" 301 0 "http://remonster.online/php_info.php" "Mozilla/5.0 (X11; Linux x86_64) AppleWebKit/537.36 (KHTML, like Gecko) Chrome/91.0.4472.124 Safari/537.36"
217.114.43.119 - - [08/Jun/2025:15:59:03 -0400] "GET / HTTP/1.1" 200 10858 "https://remonster.online/php_info.php" "Mozilla/5.0 (X11; Linux x86_64) AppleWebKit/537.36 (KHTML, like Gecko) Chrome/91.0.4472.124 Safari/537.36"
217.114.43.119 - - [08/Jun/2025:15:59:08 -0400] "GET /i.php HTTP/1.1" 301 0 "http://remonster.online/i.php" "Mozilla/5.0 (X11; Linux x86_64) AppleWebKit/537.36 (KHTML, like Gecko) Chrome/91.0.4472.124 Safari/537.36"
217.114.43.119 - - [08/Jun/2025:15:59:08 -0400] "GET / HTTP/1.1" 200 10821 "https://remonster.online/i.php" "Mozilla/5.0 (X11; Linux x86_64) AppleWebKit/537.36 (KHTML, like Gecko) Chrome/91.0.4472.124 Safari/537.36"
217.114.43.119 - - [08/Jun/2025:15:59:12 -0400] "GET /pi.php HTTP/1.1" 301 0 "http://remonster.online/pi.php" "Mozilla/5.0 (Macintosh; Intel Mac OS X 10_15_7) AppleWebKit/537.36 (KHTML, like Gecko) Chrome/91.0.4472.124 Safari/537.36"
217.114.43.119 - - [08/Jun/2025:15:59:12 -0400] "GET / HTTP/1.1" 200 10858 "https://remonster.online/pi.php" "Mozilla/5.0 (Macintosh; Intel Mac OS X 10_15_7) AppleWebKit/537.36 (KHTML, like Gecko) Chrome/91.0.4472.124 Safari/537.36"
185.191.171.6 - - [08/Jun/2025:15:59:15 -0400] "GET /manga/remonster-chapter-98/ HTTP/1.1" 200 15070 "-" "Mozilla/5.0 (compatible; SemrushBot/7~bl; +http://www.semrush.com/bot.html)"
217.114.43.119 - - [08/Jun/2025:15:59:16 -0400] "GET /config.phpinfo HTTP/1.1" 301 0 "http://remonster.online/config.phpinfo" "Mozilla/5.0 (Windows NT 10.0; Win64; x64) AppleWebKit/537.36 (KHTML, like Gecko) Chrome/91.0.4472.124 Safari/537.36"
217.114.43.119 - - [08/Jun/2025:15:59:16 -0400] "GET / HTTP/1.1" 200 10858 "https://remonster.online/config.phpinfo" "Mozilla/5.0 (Windows NT 10.0; Win64; x64) AppleWebKit/537.36 (KHTML, like Gecko) Chrome/91.0.4472.124 Safari/537.36"
162.0.232.193 - - [08/Jun/2025:15:59:21 -0400] "POST /wp-cron.php?doing_wp_cron=1749412761.2070190906524658203125 HTTP/1.1" 200 0 "-" "WordPress/6.6.2; https://remonster.online"
217.114.43.119 - - [08/Jun/2025:15:59:21 -0400] "GET /admin/phpinfo.php HTTP/1.1" 301 0 "http://remonster.online/admin/phpinfo.php" "Mozilla/5.0 (Windows NT 10.0; Win64; x64) AppleWebKit/537.36 (KHTML, like Gecko) Chrome/91.0.4472.124 Safari/537.36"
217.114.43.119 - - [08/Jun/2025:15:59:21 -0400] "GET / HTTP/1.1" 200 10821 "https://remonster.online/admin/phpinfo.php" "Mozilla/5.0 (Windows NT 10.0; Win64; x64) AppleWebKit/537.36 (KHTML, like Gecko) Chrome/91.0.4472.124 Safari/537.36"
217.114.43.119 - - [08/Jun/2025:15:59:25 -0400] "GET /.aws/credentials HTTP/1.1" 301 0 "http://remonster.online/.aws/credentials" "Mozilla/5.0 (Macintosh; Intel Mac OS X 10_15_7) AppleWebKit/537.36 (KHTML, like Gecko) Chrome/91.0.4472.124 Safari/537.36"
217.114.43.119 - - [08/Jun/2025:15:59:25 -0400] "GET / HTTP/1.1" 200 10821 "https://remonster.online/.aws/credentials" "Mozilla/5.0 (Macintosh; Intel Mac OS X 10_15_7) AppleWebKit/537.36 (KHTML, like Gecko) Chrome/91.0.4472.124 Safari/537.36"
162.0.232.193 - - [08/Jun/2025:15:59:30 -0400] "POST /wp-cron.php?doing_wp_cron=1749412770.0255138874053955078125 HTTP/1.1" 200 0 "-" "WordPress/6.6.2; https://remonster.online"
217.114.43.119 - - [08/Jun/2025:15:59:29 -0400] "GET /pinfo.php HTTP/1.1" 301 0 "http://remonster.online/pinfo.php" "Mozilla/5.0 (Windows NT 10.0; Win64; x64) AppleWebKit/537.36 (KHTML, like Gecko) Chrome/91.0.4472.124 Safari/537.36"
217.114.43.119 - - [08/Jun/2025:15:59:30 -0400] "GET / HTTP/1.1" 200 10821 "https://remonster.online/pinfo.php" "Mozilla/5.0 (Windows NT 10.0; Win64; x64) AppleWebKit/537.36 (KHTML, like Gecko) Chrome/91.0.4472.124 Safari/537.36"
2001:67c:2660:425:f24d:a2ff:fe74:2be2 - - [08/Jun/2025:15:59:30 -0400] "GET /manga/re-monster-chapter-73/ HTTP/1.1" 200 17437 "https://remonster.online/manga/re-monster-chapter-72/" "Mozilla/5.0 (Linux; Android 10; K) AppleWebKit/537.36 (KHTML, like Gecko) Chrome/135.0.0.0 Mobile Safari/537.36 OPR/89.0.0.0"
2001:67c:2660:425:f24d:a2ff:fe74:2be2 - - [08/Jun/2025:15:59:31 -0400] "GET /manga/re-monster-chapter-73/ HTTP/1.1" 304 0 "https://remonster.online/manga/re-monster-chapter-72/" "Mozilla/5.0 (Linux; Android 10; K) AppleWebKit/537.36 (KHTML, like Gecko) Chrome/135.0.0.0 Mobile Safari/537.36 OPR/89.0.0.0"
217.114.43.119 - - [08/Jun/2025:15:59:35 -0400] "GET /phpinfo2.php HTTP/1.1" 301 0 "http://remonster.online/phpinfo2.php" "Mozilla/5.0 (Windows NT 10.0; Win64; x64) AppleWebKit/537.36 (KHTML, like Gecko) Chrome/91.0.4472.124 Safari/537.36"
217.114.43.119 - - [08/Jun/2025:15:59:35 -0400] "GET / HTTP/1.1" 200 10858 "https://remonster.online/phpinfo2.php" "Mozilla/5.0 (Windows NT 10.0; Win64; x64) AppleWebKit/537.36 (KHTML, like Gecko) Chrome/91.0.4472.124 Safari/537.36"
217.114.43.119 - - [08/Jun/2025:15:59:39 -0400] "GET /php_version.php HTTP/1.1" 301 0 "http://remonster.online/php_version.php" "Mozilla/5.0 (X11; Linux x86_64) AppleWebKit/537.36 (KHTML, like Gecko) Chrome/91.0.4472.124 Safari/537.36"
217.114.43.119 - - [08/Jun/2025:15:59:39 -0400] "GET / HTTP/1.1" 200 10821 "https://remonster.online/php_version.php" "Mozilla/5.0 (X11; Linux x86_64) AppleWebKit/537.36 (KHTML, like Gecko) Chrome/91.0.4472.124 Safari/537.36"
217.114.43.119 - - [08/Jun/2025:15:59:43 -0400] "GET /version.php HTTP/1.1" 301 0 "http://remonster.online/version.php" "Mozilla/5.0 (X11; Linux x86_64) AppleWebKit/537.36 (KHTML, like Gecko) Chrome/91.0.4472.124 Safari/537.36"
217.114.43.119 - - [08/Jun/2025:15:59:43 -0400] "GET / HTTP/1.1" 200 10821 "https://remonster.online/version.php" "Mozilla/5.0 (X11; Linux x86_64) AppleWebKit/537.36 (KHTML, like Gecko) Chrome/91.0.4472.124 Safari/537.36"
217.114.43.119 - - [08/Jun/2025:15:59:48 -0400] "GET /server-info.php HTTP/1.1" 301 0 "http://remonster.online/server-info.php" "Mozilla/5.0 (X11; Linux x86_64) AppleWebKit/537.36 (KHTML, like Gecko) Chrome/91.0.4472.124 Safari/537.36"
217.114.43.119 - - [08/Jun/2025:15:59:48 -0400] "GET / HTTP/1.1" 200 10821 "https://remonster.online/server-info.php" "Mozilla/5.0 (X11; Linux x86_64) AppleWebKit/537.36 (KHTML, like Gecko) Chrome/91.0.4472.124 Safari/537.36"
217.114.43.119 - - [08/Jun/2025:15:59:52 -0400] "GET /env.php HTTP/1.1" 301 0 "http://remonster.online/env.php" "Mozilla/5.0 (Macintosh; Intel Mac OS X 10_15_7) AppleWebKit/537.36 (KHTML, like Gecko) Chrome/91.0.4472.124 Safari/537.36"
217.114.43.119 - - [08/Jun/2025:15:59:52 -0400] "GET / HTTP/1.1" 200 10821 "https://remonster.online/env.php" "Mozilla/5.0 (Macintosh; Intel Mac OS X 10_15_7) AppleWebKit/537.36 (KHTML, like Gecko) Chrome/91.0.4472.124 Safari/537.36"
217.114.43.119 - - [08/Jun/2025:15:59:56 -0400] "GET /init.php HTTP/1.1" 301 0 "http://remonster.online/init.php" "Mozilla/5.0 (Macintosh; Intel Mac OS X 10_15_7) AppleWebKit/537.36 (KHTML, like Gecko) Chrome/91.0.4472.124 Safari/537.36"
217.114.43.119 - - [08/Jun/2025:15:59:56 -0400] "GET / HTTP/1.1" 200 10821 "https://remonster.online/init.php" "Mozilla/5.0 (Macintosh; Intel Mac OS X 10_15_7) AppleWebKit/537.36 (KHTML, like Gecko) Chrome/91.0.4472.124 Safari/537.36"
195.26.22.208 - - [08/Jun/2025:16:00:46 -0400] "GET / HTTP/1.1" 200 10812 "https://www.google.com/" "Mozilla/5.0 (Linux; Android 10; K) AppleWebKit/537.36 (KHTML, like Gecko) Chrome/136.0.0.0 Mobile Safari/537.36"
195.26.22.208 - - [08/Jun/2025:16:00:58 -0400] "GET /category/remonster-manga/ HTTP/1.1" 200 25242 "https://remonster.online/" "Mozilla/5.0 (Linux; Android 10; K) AppleWebKit/537.36 (KHTML, like Gecko) Chrome/136.0.0.0 Mobile Safari/537.36"
195.26.22.208 - - [08/Jun/2025:16:00:58 -0400] "GET /category/remonster-manga/ HTTP/1.1" 304 0 "https://remonster.online/" "Mozilla/5.0 (Linux; Android 10; K) AppleWebKit/537.36 (KHTML, like Gecko) Chrome/136.0.0.0 Mobile Safari/537.36"
37.31.156.190 - - [08/Jun/2025:16:01:24 -0400] "GET /manga/re-monster-chapter-45/ HTTP/1.1" 200 17786 "-" "Mozilla/5.0 (iPhone; CPU iPhone OS 18_5 like Mac OS X) AppleWebKit/605.1.15 (KHTML, like Gecko) Mobile/15E148"
2a03:2880:f800:19:: - - [08/Jun/2025:16:01:31 -0400] "GET /tag/original/ HTTP/1.1" 301 0 "-" "meta-externalagent/1.1 (+https://developers.facebook.com/docs/sharing/webmasters/crawler)"
2a03:2880:f800:19:: - - [08/Jun/2025:16:01:33 -0400] "GET / HTTP/1.1" 200 10821 "-" "meta-externalagent/1.1 (+https://developers.facebook.com/docs/sharing/webmasters/crawler)"
162.0.232.193 - - [08/Jun/2025:16:02:27 -0400] "POST /wp-cron.php?doing_wp_cron=1749412947.4561629295349121093750 HTTP/1.1" 200 0 "-" "WordPress/6.6.2; https://remonster.online"
2600:4040:986f:5500:7d9f:8eef:9728:df5b - - [08/Jun/2025:16:02:27 -0400] "POST /wp-admin/admin-ajax.php HTTP/1.1" 200 69 "https://remonster.online/manga/re-monster-chapter-1/" "Mozilla/5.0 (Windows NT 10.0; Win64; x64) AppleWebKit/537.36 (KHTML, like Gecko) Chrome/137.0.0.0 Safari/537.36"
142.169.132.237 - - [08/Jun/2025:16:03:09 -0400] "GET /tag/remonster-manga/ HTTP/1.1" 301 0 "https://remonster.online/manga/re-monster-chapter-37/" "Mozilla/5.0 (Linux; Android 10; K) AppleWebKit/537.36 (KHTML, like Gecko) Chrome/137.0.0.0 Mobile Safari/537.36"
142.169.132.237 - - [08/Jun/2025:16:03:09 -0400] "GET / HTTP/1.1" 304 0 "https://remonster.online/manga/re-monster-chapter-37/" "Mozilla/5.0 (Linux; Android 10; K) AppleWebKit/537.36 (KHTML, like Gecko) Chrome/137.0.0.0 Mobile Safari/537.36"
142.169.132.237 - - [08/Jun/2025:16:03:09 -0400] "GET /manga/re-monster-chapter-38/ HTTP/1.1" 200 18045 "https://remonster.online/manga/re-monster-chapter-37/" "Mozilla/5.0 (Linux; Android 10; K) AppleWebKit/537.36 (KHTML, like Gecko) Chrome/137.0.0.0 Mobile Safari/537.36"
142.169.132.237 - - [08/Jun/2025:16:03:10 -0400] "GET /manga/re-monster-chapter-38/ HTTP/1.1" 304 0 "https://remonster.online/manga/re-monster-chapter-37/" "Mozilla/5.0 (Linux; Android 10; K) AppleWebKit/537.36 (KHTML, like Gecko) Chrome/137.0.0.0 Mobile Safari/537.36"
162.0.232.193 - - [08/Jun/2025:16:03:11 -0400] "POST /wp-cron.php?doing_wp_cron=1749412990.9447720050811767578125 HTTP/1.1" 200 0 "-" "WordPress/6.6.2; https://remonster.online"
142.169.132.237 - - [08/Jun/2025:16:03:10 -0400] "POST /wp-admin/admin-ajax.php HTTP/1.1" 200 69 "https://remonster.online/manga/re-monster-chapter-38/" "Mozilla/5.0 (Linux; Android 10; K) AppleWebKit/537.36 (KHTML, like Gecko) Chrome/137.0.0.0 Mobile Safari/537.36"
2a02:c7e:3164:8200:24b0:138f:411b:cf1b - - [08/Jun/2025:16:03:15 -0400] "GET /manga/re-monster-chapter-37/ HTTP/1.1" 200 17769 "https://remonster.online/manga/re-monster-chapter-36/" "Mozilla/5.0 (Windows NT 10.0; Win64; x64; rv:139.0) Gecko/20100101 Firefox/139.0"
2a02:c7e:3164:8200:24b0:138f:411b:cf1b - - [08/Jun/2025:16:03:16 -0400] "POST /wp-admin/admin-ajax.php HTTP/1.1" 200 69 "https://remonster.online/manga/re-monster-chapter-37/" "Mozilla/5.0 (Windows NT 10.0; Win64; x64; rv:139.0) Gecko/20100101 Firefox/139.0"
2001:67c:2660:425:20::265 - - [08/Jun/2025:16:03:21 -0400] "GET / HTTP/1.1" 304 0 "https://remonster.online/manga/re-monster-chapter-73/" "Mozilla/5.0 (Linux; Android 10; K) AppleWebKit/537.36 (KHTML, like Gecko) Chrome/135.0.0.0 Mobile Safari/537.36 OPR/89.0.0.0"
2001:67c:2660:425:20::265 - - [08/Jun/2025:16:03:21 -0400] "GET /manga/re-monster-chapter-72/ HTTP/1.1" 304 0 "https://remonster.online/manga/re-monster-chapter-73/" "Mozilla/5.0 (Linux; Android 10; K) AppleWebKit/537.36 (KHTML, like Gecko) Chrome/135.0.0.0 Mobile Safari/537.36 OPR/89.0.0.0"
2001:67c:2660:425:20::265 - - [08/Jun/2025:16:03:22 -0400] "GET /manga/re-monster-chapter-74/ HTTP/1.1" 200 17658 "https://remonster.online/manga/re-monster-chapter-73/" "Mozilla/5.0 (Linux; Android 10; K) AppleWebKit/537.36 (KHTML, like Gecko) Chrome/135.0.0.0 Mobile Safari/537.36 OPR/89.0.0.0"
2001:67c:2660:425:20::265 - - [08/Jun/2025:16:03:22 -0400] "GET /manga/re-monster-chapter-74/ HTTP/1.1" 304 0 "https://remonster.online/manga/re-monster-chapter-73/" "Mozilla/5.0 (Linux; Android 10; K) AppleWebKit/537.36 (KHTML, like Gecko) Chrome/135.0.0.0 Mobile Safari/537.36 OPR/89.0.0.0"
66.249.79.230 - - [08/Jun/2025:16:03:30 -0400] "GET /tag/rou/ HTTP/1.1" 301 0 "-" "Mozilla/5.0 (Linux; Android 6.0.1; Nexus 5X Build/MMB29P) AppleWebKit/537.36 (KHTML, like Gecko) Chrome/136.0.7103.113 Mobile Safari/537.36 (compatible; Googlebot/2.1; +http://www.google.com/bot.html)"
178.169.128.173 - - [08/Jun/2025:16:03:31 -0400] "GET / HTTP/1.1" 200 10821 "https://www.google.com/" "Mozilla/5.0 (Windows NT 10.0; Win64; x64) AppleWebKit/537.36 (KHTML, like Gecko) Chrome/136.0.0.0 Safari/537.36"
178.169.128.173 - - [08/Jun/2025:16:03:32 -0400] "GET /wp-content/plugins/simple-social-buttons/assets/js/frontend-blocks.js?ver=5.3.1 HTTP/1.1" 200 0 "https://remonster.online/" "Mozilla/5.0 (Windows NT 10.0; Win64; x64) AppleWebKit/537.36 (KHTML, like Gecko) Chrome/136.0.0.0 Safari/537.36"
178.169.128.173 - - [08/Jun/2025:16:03:32 -0400] "GET /wp-content/plugins/comic-easel/js/keynav.js HTTP/1.1" 200 302 "https://remonster.online/" "Mozilla/5.0 (Windows NT 10.0; Win64; x64) AppleWebKit/537.36 (KHTML, like Gecko) Chrome/136.0.0.0 Safari/537.36"
178.169.128.173 - - [08/Jun/2025:16:03:32 -0400] "GET /wp-content/uploads/2021/11/8168f-bSGoS-717x1024.jpeg HTTP/1.1" 200 200846 "https://remonster.online/" "Mozilla/5.0 (Windows NT 10.0; Win64; x64) AppleWebKit/537.36 (KHTML, like Gecko) Chrome/136.0.0.0 Safari/537.36"
178.169.128.173 - - [08/Jun/2025:16:03:32 -0400] "GET /wp-includes/js/jquery/jquery-migrate.min.js?ver=3.4.1 HTTP/1.1" 200 4678 "https://remonster.online/" "Mozilla/5.0 (Windows NT 10.0; Win64; x64) AppleWebKit/537.36 (KHTML, like Gecko) Chrome/136.0.0.0 Safari/537.36"
178.169.128.173 - - [08/Jun/2025:16:03:32 -0400] "GET /wp-content/plugins/widgets-on-pages/public/css/widgets-on-pages-public.css?ver=1.4.0 HTTP/1.1" 200 83 "https://remonster.online/" "Mozilla/5.0 (Windows NT 10.0; Win64; x64) AppleWebKit/537.36 (KHTML, like Gecko) Chrome/136.0.0.0 Safari/537.36"
178.169.128.173 - - [08/Jun/2025:16:03:32 -0400] "GET /wp-content/plugins/simple-social-buttons/assets/js/front.js?ver=5.3.1 HTTP/1.1" 200 1932 "https://remonster.online/" "Mozilla/5.0 (Windows NT 10.0; Win64; x64) AppleWebKit/537.36 (KHTML, like Gecko) Chrome/136.0.0.0 Safari/537.36"
178.169.128.173 - - [08/Jun/2025:16:03:32 -0400] "GET /wp-content/plugins/links-auto-replacer/public/js/lar-public.js?ver=2.0.0 HTTP/1.1" 200 393 "https://remonster.online/" "Mozilla/5.0 (Windows NT 10.0; Win64; x64) AppleWebKit/537.36 (KHTML, like Gecko) Chrome/136.0.0.0 Safari/537.36"
178.169.128.173 - - [08/Jun/2025:16:03:32 -0400] "GET /wp-content/uploads/2021/11/LN_v09_001-697x1024.jpeg HTTP/1.1" 200 214016 "https://remonster.online/" "Mozilla/5.0 (Windows NT 10.0; Win64; x64) AppleWebKit/537.36 (KHTML, like Gecko) Chrome/136.0.0.0 Safari/537.36"
178.169.128.173 - - [08/Jun/2025:16:03:32 -0400] "GET /wp-content/uploads/2021/11/cropped-670x300.jpg HTTP/1.1" 200 233958 "https://remonster.online/" "Mozilla/5.0 (Windows NT 10.0; Win64; x64) AppleWebKit/537.36 (KHTML, like Gecko) Chrome/136.0.0.0 Safari/537.36"
178.169.128.173 - - [08/Jun/2025:16:03:32 -0400] "GET /wp-content/themes/toivo-lite/fonts/genericons/genericons/genericons.min.css?ver=3.3 HTTP/1.1" 200 15959 "https://remonster.online/" "Mozilla/5.0 (Windows NT 10.0; Win64; x64) AppleWebKit/537.36 (KHTML, like Gecko) Chrome/136.0.0.0 Safari/537.36"
178.169.128.173 - - [08/Jun/2025:16:03:32 -0400] "GET /wp-includes/js/jquery/jquery.min.js?ver=3.7.1 HTTP/1.1" 200 29744 "https://remonster.online/" "Mozilla/5.0 (Windows NT 10.0; Win64; x64) AppleWebKit/537.36 (KHTML, like Gecko) Chrome/136.0.0.0 Safari/537.36"
178.169.128.173 - - [08/Jun/2025:16:03:32 -0400] "GET /wp-includes/css/dist/block-library/style.min.css?ver=6.6.2 HTTP/1.1" 200 13903 "https://remonster.online/" "Mozilla/5.0 (Windows NT 10.0; Win64; x64) AppleWebKit/537.36 (KHTML, like Gecko) Chrome/136.0.0.0 Safari/537.36"
178.169.128.173 - - [08/Jun/2025:16:03:32 -0400] "GET /wp-content/plugins/simple-social-buttons/assets/css/front.css?ver=5.3.1 HTTP/1.1" 200 10295 "https://remonster.online/" "Mozilla/5.0 (Windows NT 10.0; Win64; x64) AppleWebKit/537.36 (KHTML, like Gecko) Chrome/136.0.0.0 Safari/537.36"
178.169.128.173 - - [08/Jun/2025:16:03:32 -0400] "GET /wp-content/themes/toivo-lite/style.css?ver=1.2.0 HTTP/1.1" 200 13718 "https://remonster.online/" "Mozilla/5.0 (Windows NT 10.0; Win64; x64) AppleWebKit/537.36 (KHTML, like Gecko) Chrome/136.0.0.0 Safari/537.36"
178.169.128.173 - - [08/Jun/2025:16:03:32 -0400] "GET /wp-content/themes/toivo-lite/js/settings.min.js?ver=1.2.0 HTTP/1.1" 200 307 "https://remonster.online/" "Mozilla/5.0 (Windows NT 10.0; Win64; x64) AppleWebKit/537.36 (KHTML, like Gecko) Chrome/136.0.0.0 Safari/537.36"
178.169.128.173 - - [08/Jun/2025:16:03:32 -0400] "GET /wp-content/themes/toivo-lite/js/functions.min.js?ver=1.2.0 HTTP/1.1" 200 593 "https://remonster.online/" "Mozilla/5.0 (Windows NT 10.0; Win64; x64) AppleWebKit/537.36 (KHTML, like Gecko) Chrome/136.0.0.0 Safari/537.36"
178.169.128.173 - - [08/Jun/2025:16:03:32 -0400] "GET /wp-content/themes/toivo-lite/js/responsive-nav.min.js?ver=1.2.0 HTTP/1.1" 200 2102 "https://remonster.online/" "Mozilla/5.0 (Windows NT 10.0; Win64; x64) AppleWebKit/537.36 (KHTML, like Gecko) Chrome/136.0.0.0 Safari/537.36"
178.169.128.173 - - [08/Jun/2025:16:03:34 -0400] "GET /wp-content/uploads/2021/11/cropped-CeDzRGZ-32x32.png HTTP/1.1" 200 2410 "https://remonster.online/" "Mozilla/5.0 (Windows NT 10.0; Win64; x64) AppleWebKit/537.36 (KHTML, like Gecko) Chrome/136.0.0.0 Safari/537.36"
178.169.128.173 - - [08/Jun/2025:16:03:34 -0400] "GET /wp-content/uploads/2021/11/cropped-CeDzRGZ-32x32.png HTTP/1.1" 200 2410 "-" "Mozilla/5.0 (Windows NT 10.0; Win64; x64) AppleWebKit/537.36 (KHTML, like Gecko) Chrome/136.0.0.0 Safari/537.36"
178.169.128.173 - - [08/Jun/2025:16:03:34 -0400] "GET /privacy-policy/ HTTP/1.1" 200 13370 "https://remonster.online/" "Mozilla/5.0 (Windows NT 10.0; Win64; x64) AppleWebKit/537.36 (KHTML, like Gecko) Chrome/136.0.0.0 Safari/537.36"
195.26.22.208 - - [08/Jun/2025:16:03:35 -0400] "GET /remonster-chapter-103/ HTTP/1.1" 200 12894 "https://remonster.online/category/remonster-manga/" "Mozilla/5.0 (Linux; Android 10; K) AppleWebKit/537.36 (KHTML, like Gecko) Chrome/136.0.0.0 Mobile Safari/537.36"
195.26.22.208 - - [08/Jun/2025:16:03:38 -0400] "GET / HTTP/1.1" 200 10812 "https://www.google.com/" "Mozilla/5.0 (Linux; Android 10; K) AppleWebKit/537.36 (KHTML, like Gecko) Chrome/136.0.0.0 Mobile Safari/537.36"
178.169.128.173 - - [08/Jun/2025:16:03:41 -0400] "GET /wp-content/uploads/2021/11/CeDzRGZ-300x266.png HTTP/1.1" 200 144941 "https://remonster.online/" "Mozilla/5.0 (Windows NT 10.0; Win64; x64) AppleWebKit/537.36 (KHTML, like Gecko) Chrome/136.0.0.0 Safari/537.36"
178.169.128.173 - - [08/Jun/2025:16:03:46 -0400] "GET /manga/re-monster-chapter-31/ HTTP/1.1" 200 17775 "https://remonster.online/" "Mozilla/5.0 (Windows NT 10.0; Win64; x64) AppleWebKit/537.36 (KHTML, like Gecko) Chrome/136.0.0.0 Safari/537.36"
178.169.128.173 - - [08/Jun/2025:16:03:47 -0400] "GET /manga/re-monster-chapter-31/ HTTP/1.1" 304 0 "https://remonster.online/" "Mozilla/5.0 (Windows NT 10.0; Win64; x64) AppleWebKit/537.36 (KHTML, like Gecko) Chrome/136.0.0.0 Safari/537.36"
178.169.128.173 - - [08/Jun/2025:16:03:47 -0400] "GET /wp-content/plugins/wp-automatic/css/wp-automatic.css?ver=1.0.0 HTTP/1.1" 200 537 "https://remonster.online/manga/re-monster-chapter-31/" "Mozilla/5.0 (Windows NT 10.0; Win64; x64) AppleWebKit/537.36 (KHTML, like Gecko) Chrome/136.0.0.0 Safari/537.36"
178.169.128.173 - - [08/Jun/2025:16:03:47 -0400] "GET /wp-content/plugins/wp-automatic/js/main-front.js?ver=6.6.2 HTTP/1.1" 200 316 "https://remonster.online/manga/re-monster-chapter-31/" "Mozilla/5.0 (Windows NT 10.0; Win64; x64) AppleWebKit/537.36 (KHTML, like Gecko) Chrome/136.0.0.0 Safari/537.36"
178.169.128.173 - - [08/Jun/2025:16:03:48 -0400] "GET /wp-content/plugins/disqus-comment-system/public/js/comment_count.js?ver=3.1.2 HTTP/1.1" 200 354 "https://remonster.online/manga/re-monster-chapter-31/" "Mozilla/5.0 (Windows NT 10.0; Win64; x64) AppleWebKit/537.36 (KHTML, like Gecko) Chrome/136.0.0.0 Safari/537.36"
178.169.128.173 - - [08/Jun/2025:16:03:48 -0400] "GET /wp-content/plugins/disqus-comment-system/public/js/comment_embed.js?ver=3.1.2 HTTP/1.1" 200 653 "https://remonster.online/manga/re-monster-chapter-31/" "Mozilla/5.0 (Windows NT 10.0; Win64; x64) AppleWebKit/537.36 (KHTML, like Gecko) Chrome/136.0.0.0 Safari/537.36"
178.169.128.173 - - [08/Jun/2025:16:03:48 -0400] "GET /wp-includes/js/comment-reply.min.js?ver=6.6.2 HTTP/1.1" 200 1228 "https://remonster.online/manga/re-monster-chapter-31/" "Mozilla/5.0 (Windows NT 10.0; Win64; x64) AppleWebKit/537.36 (KHTML, like Gecko) Chrome/136.0.0.0 Safari/537.36"
178.169.128.173 - - [08/Jun/2025:16:03:48 -0400] "GET /wp-content/plugins/simple-social-buttons/assets/fonts/ssb-icon.ttf?eahqa2 HTTP/1.1" 200 6624 "https://remonster.online/wp-content/plugins/simple-social-buttons/assets/css/front.css?ver=5.3.1" "Mozilla/5.0 (Windows NT 10.0; Win64; x64) AppleWebKit/537.36 (KHTML, like Gecko) Chrome/136.0.0.0 Safari/537.36"
