Current File : /home/honehdyv/access-logs/remonster.honesthings.com-ssl_log |
46.34.228.172 - - [08/Jun/2025:04:34:30 -0400] "GET /manga/remonster-chapter-103/ HTTP/1.1" 200 15095 "-" "Mozilla/5.0 (iPhone; CPU iPhone OS 18_5 like Mac OS X) AppleWebKit/605.1.15 (KHTML, like Gecko) Version/18.5 Mobile/15E148 Safari/604.1 OPX/2.7.1"
162.0.232.193 - - [08/Jun/2025:04:34:31 -0400] "POST /wp-cron.php?doing_wp_cron=1749371671.2123649120330810546875 HTTP/1.1" 200 0 "-" "WordPress/6.6.2; https://remonster.online"
46.34.228.172 - - [08/Jun/2025:04:34:30 -0400] "GET /apple-touch-icon.png HTTP/1.1" 301 0 "-" "OperaGX/2825 CFNetwork/3826.500.131 Darwin/24.5.0"
46.34.228.172 - - [08/Jun/2025:04:34:31 -0400] "GET / HTTP/1.1" 200 10900 "-" "OperaGX/2825 CFNetwork/3826.500.131 Darwin/24.5.0"
46.34.228.172 - - [08/Jun/2025:04:34:31 -0400] "GET /wp-content/plugins/simple-social-buttons/assets/css/front.css?ver=5.3.1 HTTP/1.1" 200 10295 "https://remonster.online/manga/remonster-chapter-103/" "Mozilla/5.0 (iPhone; CPU iPhone OS 18_5 like Mac OS X) AppleWebKit/605.1.15 (KHTML, like Gecko) Version/18.5 Mobile/15E148 Safari/604.1 OPX/2.7.1"
46.34.228.172 - - [08/Jun/2025:04:34:31 -0400] "GET /wp-content/plugins/wp-automatic/css/wp-automatic.css?ver=1.0.0 HTTP/1.1" 200 537 "https://remonster.online/manga/remonster-chapter-103/" "Mozilla/5.0 (iPhone; CPU iPhone OS 18_5 like Mac OS X) AppleWebKit/605.1.15 (KHTML, like Gecko) Version/18.5 Mobile/15E148 Safari/604.1 OPX/2.7.1"
46.34.228.172 - - [08/Jun/2025:04:34:31 -0400] "GET /wp-content/plugins/wp-automatic/js/main-front.js?ver=6.6.2 HTTP/1.1" 200 316 "https://remonster.online/manga/remonster-chapter-103/" "Mozilla/5.0 (iPhone; CPU iPhone OS 18_5 like Mac OS X) AppleWebKit/605.1.15 (KHTML, like Gecko) Version/18.5 Mobile/15E148 Safari/604.1 OPX/2.7.1"
46.34.228.172 - - [08/Jun/2025:04:34:31 -0400] "GET /wp-content/themes/toivo-lite/js/responsive-nav.min.js?ver=1.2.0 HTTP/1.1" 200 2102 "https://remonster.online/manga/remonster-chapter-103/" "Mozilla/5.0 (iPhone; CPU iPhone OS 18_5 like Mac OS X) AppleWebKit/605.1.15 (KHTML, like Gecko) Version/18.5 Mobile/15E148 Safari/604.1 OPX/2.7.1"
46.34.228.172 - - [08/Jun/2025:04:34:31 -0400] "GET /wp-content/plugins/simple-social-buttons/assets/js/front.js?ver=5.3.1 HTTP/1.1" 200 1932 "https://remonster.online/manga/remonster-chapter-103/" "Mozilla/5.0 (iPhone; CPU iPhone OS 18_5 like Mac OS X) AppleWebKit/605.1.15 (KHTML, like Gecko) Version/18.5 Mobile/15E148 Safari/604.1 OPX/2.7.1"
46.34.228.172 - - [08/Jun/2025:04:34:31 -0400] "GET /wp-content/plugins/disqus-comment-system/public/js/comment_embed.js?ver=3.1.2 HTTP/1.1" 200 653 "https://remonster.online/manga/remonster-chapter-103/" "Mozilla/5.0 (iPhone; CPU iPhone OS 18_5 like Mac OS X) AppleWebKit/605.1.15 (KHTML, like Gecko) Version/18.5 Mobile/15E148 Safari/604.1 OPX/2.7.1"
46.34.228.172 - - [08/Jun/2025:04:34:31 -0400] "GET /wp-content/themes/toivo-lite/js/functions.min.js?ver=1.2.0 HTTP/1.1" 200 593 "https://remonster.online/manga/remonster-chapter-103/" "Mozilla/5.0 (iPhone; CPU iPhone OS 18_5 like Mac OS X) AppleWebKit/605.1.15 (KHTML, like Gecko) Version/18.5 Mobile/15E148 Safari/604.1 OPX/2.7.1"
46.34.228.172 - - [08/Jun/2025:04:34:31 -0400] "GET /wp-includes/js/comment-reply.min.js?ver=6.6.2 HTTP/1.1" 200 1228 "https://remonster.online/manga/remonster-chapter-103/" "Mozilla/5.0 (iPhone; CPU iPhone OS 18_5 like Mac OS X) AppleWebKit/605.1.15 (KHTML, like Gecko) Version/18.5 Mobile/15E148 Safari/604.1 OPX/2.7.1"
46.34.228.172 - - [08/Jun/2025:04:34:31 -0400] "GET /wp-includes/js/jquery/jquery.min.js?ver=3.7.1 HTTP/1.1" 200 29744 "https://remonster.online/manga/remonster-chapter-103/" "Mozilla/5.0 (iPhone; CPU iPhone OS 18_5 like Mac OS X) AppleWebKit/605.1.15 (KHTML, like Gecko) Version/18.5 Mobile/15E148 Safari/604.1 OPX/2.7.1"
124.149.29.39 - - [08/Jun/2025:04:33:51 -0400] "GET /category/re-monster/ HTTP/1.1" 200 25314 "https://remonster.online/manga/re-monster-chapter-35/" "Mozilla/5.0 (Linux; Android 10; K) AppleWebKit/537.36 (KHTML, like Gecko) Chrome/137.0.0.0 Mobile Safari/537.36"
124.149.29.39 - - [08/Jun/2025:04:34:11 -0400] "GET /manga/re-monster-chapter-36/ HTTP/1.1" 200 17512 "https://remonster.online/manga/re-monster-chapter-35/" "Mozilla/5.0 (Linux; Android 10; K) AppleWebKit/537.36 (KHTML, like Gecko) Chrome/137.0.0.0 Mobile Safari/537.36"
124.149.29.39 - - [08/Jun/2025:04:34:12 -0400] "GET /manga/re-monster-chapter-36/ HTTP/1.1" 304 0 "https://remonster.online/manga/re-monster-chapter-35/" "Mozilla/5.0 (Linux; Android 10; K) AppleWebKit/537.36 (KHTML, like Gecko) Chrome/137.0.0.0 Mobile Safari/537.36"
124.149.29.39 - - [08/Jun/2025:04:34:09 -0400] "GET /tag/reincarnated-monster/ HTTP/1.1" 301 0 "https://remonster.online/manga/re-monster-chapter-35/" "Mozilla/5.0 (Linux; Android 10; K) AppleWebKit/537.36 (KHTML, like Gecko) Chrome/137.0.0.0 Mobile Safari/537.36"
162.0.232.193 - - [08/Jun/2025:04:34:22 -0400] "POST /wp-cron.php?doing_wp_cron=1749371662.0787649154663085937500 HTTP/1.1" 200 0 "-" "WordPress/6.6.2; https://remonster.online"
2001:41d0:304:200::7518 - - [08/Jun/2025:04:34:21 -0400] "POST /xmlrpc.php HTTP/1.1" 200 205 "-" "Mozilla/5.0 (X11; Ubuntu; Linux x86_64; rv:85.0) Gecko/20100101 Firefox/91.0"
46.34.228.172 - - [08/Jun/2025:04:34:31 -0400] "GET /wp-content/plugins/disqus-comment-system/public/js/comment_count.js?ver=3.1.2 HTTP/1.1" 200 354 "https://remonster.online/manga/remonster-chapter-103/" "Mozilla/5.0 (iPhone; CPU iPhone OS 18_5 like Mac OS X) AppleWebKit/605.1.15 (KHTML, like Gecko) Version/18.5 Mobile/15E148 Safari/604.1 OPX/2.7.1"
46.34.228.172 - - [08/Jun/2025:04:34:32 -0400] "GET /apple-touch-icon-precomposed.png HTTP/1.1" 301 0 "-" "OperaGX/2825 CFNetwork/3826.500.131 Darwin/24.5.0"
46.34.228.172 - - [08/Jun/2025:04:34:32 -0400] "GET / HTTP/1.1" 200 10893 "-" "OperaGX/2825 CFNetwork/3826.500.131 Darwin/24.5.0"
46.34.228.172 - - [08/Jun/2025:04:34:32 -0400] "GET /wp-content/plugins/simple-social-buttons/assets/fonts/ssb-icon.ttf?eahqa2 HTTP/1.1" 200 6624 "https://remonster.online/manga/remonster-chapter-103/" "Mozilla/5.0 (iPhone; CPU iPhone OS 18_5 like Mac OS X) AppleWebKit/605.1.15 (KHTML, like Gecko) Version/18.5 Mobile/15E148 Safari/604.1 OPX/2.7.1"
46.34.228.172 - - [08/Jun/2025:04:34:32 -0400] "GET /wp-content/themes/toivo-lite/fonts/genericons/genericons/Genericons.svg HTTP/1.1" 200 23714 "https://remonster.online/manga/remonster-chapter-103/" "Mozilla/5.0 (iPhone; CPU iPhone OS 18_5 like Mac OS X) AppleWebKit/605.1.15 (KHTML, like Gecko) Version/18.5 Mobile/15E148 Safari/604.1 OPX/2.7.1"
85.237.234.226 - - [08/Jun/2025:04:34:38 -0400] "GET /manga/remonster-chapter-103/ HTTP/1.1" 200 15069 "-" "Mozilla/5.0 (iPhone; CPU iPhone OS 18_5 like Mac OS X) AppleWebKit/605.1.15 (KHTML, like Gecko) Version/18.5 Mobile/15E148 Safari/604.1 OPX/2.7.1"
2a09:bac3:316:355::55:1d - - [08/Jun/2025:04:35:33 -0400] "GET / HTTP/1.1" 200 10856 "-" "Mozilla/5.0 (iPhone; CPU iPhone OS 17_7_1 like Mac OS X) AppleWebKit/605.1.15 (KHTML, like Gecko) Version/17.8 Mobile/15E148 Safari/604.1"
85.237.234.226 - - [08/Jun/2025:04:35:38 -0400] "GET /wp-content/uploads/2021/11/cropped-CeDzRGZ-192x192.png HTTP/1.1" 200 68304 "-" "OperaGX/2825 CFNetwork/3826.500.131 Darwin/24.5.0"
2409:40c2:11b:7cd1:60b2:1d7e:ab9d:7102 - - [08/Jun/2025:04:36:47 -0400] "GET /manga/remonster-chapter-94/ HTTP/1.1" 200 15020 "https://remonster.online/" "Mozilla/5.0 (Windows NT 10.0; Win64; x64) AppleWebKit/537.36 (KHTML, like Gecko) Chrome/137.0.0.0 Safari/537.36"
2001:8f8:1123:f964:19b3:a0ca:4ffe:3d22 - - [08/Jun/2025:04:37:23 -0400] "GET /manga/re-monster-chapter-60/ HTTP/1.1" 200 17815 "-" "Mozilla/5.0 (Linux; Android 10; K) AppleWebKit/537.36 (KHTML, like Gecko) SamsungBrowser/28.0 Chrome/130.0.0.0 Mobile Safari/537.36"
162.0.232.193 - - [08/Jun/2025:04:37:26 -0400] "POST /wp-cron.php?doing_wp_cron=1749371846.5916709899902343750000 HTTP/1.1" 200 0 "-" "WordPress/6.6.2; https://remonster.online"
2001:8f8:1123:f964:19b3:a0ca:4ffe:3d22 - - [08/Jun/2025:04:37:25 -0400] "POST /wp-admin/admin-ajax.php HTTP/1.1" 200 69 "https://remonster.online/manga/re-monster-chapter-60/" "Mozilla/5.0 (Linux; Android 10; K) AppleWebKit/537.36 (KHTML, like Gecko) SamsungBrowser/28.0 Chrome/130.0.0.0 Mobile Safari/537.36"
162.0.232.193 - - [08/Jun/2025:04:38:03 -0400] "POST /wp-cron.php?doing_wp_cron=1749371883.1699829101562500000000 HTTP/1.1" 200 0 "-" "WordPress/6.6.2; https://remonster.online"
42.117.128.44 - - [08/Jun/2025:04:38:03 -0400] "POST /xmlrpc.php HTTP/1.1" 200 186 "https://remonster.online" "Mozilla/5.0 (Windows NT 10.0; Win64; x64) AppleWebKit/537.36 (KHTML, like Gecko) Chrome/116.0.5845.96 Safari/537.36 Edg/116.0.1938.62"
42.117.128.44 - - [08/Jun/2025:04:38:03 -0400] "POST /wp-login.php HTTP/1.1" 200 1876 "https://remonster.online" "Mozilla/5.0 (Macintosh; Intel Mac OS X 14_6) AppleWebKit/605.1.15 (KHTML, like Gecko) Version/17.5 Safari/605.1.15"
104.248.139.165 - - [08/Jun/2025:04:39:42 -0400] "POST /_ignition/execute-solution HTTP/1.1" 403 1242 "-" "Mozilla/5.0 (Macintosh; Intel Mac OS X 10_15_7) AppleWebKit/605.1.15 (KHTML, like Gecko) Version/17.1.2 Mobile/15E148 Safari/604.1"
104.248.139.165 - - [08/Jun/2025:04:39:42 -0400] "POST /_ignition/execute-solution HTTP/1.1" 403 1242 "-" "Mozilla/5.0 (SS; Linux i686) AppleWebKit/537.36 (KHTML, like Gecko) Chrome/129.0.0.0 Safari/537.36"
162.0.232.193 - - [08/Jun/2025:04:39:44 -0400] "POST /wp-cron.php?doing_wp_cron=1749371984.2532839775085449218750 HTTP/1.1" 200 0 "-" "WordPress/6.6.2; https://remonster.online"
104.248.139.165 - - [08/Jun/2025:04:39:43 -0400] "POST /_ignition/execute-solution HTTP/1.1" 301 0 "-" "Mozilla/5.0 (Macintosh; Intel Mac OS X 10_15_7) AppleWebKit/605.1.15 (KHTML, like Gecko) Version/18.0.1 Safari/605.1.15"
104.248.139.165 - - [08/Jun/2025:04:39:44 -0400] "GET / HTTP/1.1" 200 10900 "https://remonster.online/_ignition/execute-solution" "Mozilla/5.0 (Macintosh; Intel Mac OS X 10_15_7) AppleWebKit/605.1.15 (KHTML, like Gecko) Version/18.0.1 Safari/605.1.15"
104.248.139.165 - - [08/Jun/2025:04:39:45 -0400] "POST /_ignition/execute-solution HTTP/1.1" 301 0 "-" "Mozilla/5.0 (Ubuntu; Linux x86_64; rv:129.0) Gecko/20100101 Firefox/129.0"
104.248.139.165 - - [08/Jun/2025:04:39:45 -0400] "GET / HTTP/1.1" 200 10900 "https://remonster.online/_ignition/execute-solution" "Mozilla/5.0 (Ubuntu; Linux x86_64; rv:129.0) Gecko/20100101 Firefox/129.0"
104.248.139.165 - - [08/Jun/2025:04:39:46 -0400] "POST /_ignition/execute-solution HTTP/1.1" 403 1242 "-" "Mozilla/5.0 (CentOS; Linux i686) AppleWebKit/537.36 (KHTML, like Gecko) Chrome/127.0.0.0 Safari/537.36"
85.193.240.76 - - [08/Jun/2025:04:39:46 -0400] "GET / HTTP/1.1" 200 10856 "https://www.google.com/" "Mozilla/5.0 (iPhone; CPU iPhone OS 18_5 like Mac OS X) AppleWebKit/605.1.15 (KHTML, like Gecko) Version/18.5 Mobile/15E148 Safari/604.1"
104.248.139.165 - - [08/Jun/2025:04:39:46 -0400] "POST /_ignition/execute-solution HTTP/1.1" 301 0 "-" "Mozilla/5.0 (Fedora; Linux x86_64) AppleWebKit/537.36 (KHTML, like Gecko) Chrome/122.0.0.0 Safari/537.36"
104.248.139.165 - - [08/Jun/2025:04:39:47 -0400] "GET / HTTP/1.1" 200 10900 "https://remonster.online/_ignition/execute-solution" "Mozilla/5.0 (Fedora; Linux x86_64) AppleWebKit/537.36 (KHTML, like Gecko) Chrome/122.0.0.0 Safari/537.36"
194.87.252.147 - - [08/Jun/2025:04:41:14 -0400] "GET / HTTP/1.1" 200 10863 "-" "Mozilla/5.0 (Macintosh; Intel Mac OS X 10.11; rv:49.0) Gecko/20100101 Firefox/49.0"
194.87.252.147 - - [08/Jun/2025:04:41:16 -0400] "POST /wp-content/plugins/wp-automatic/inc/csv.php HTTP/1.1" 403 1242 "https://remonster.online/" "Mozilla/5.0 (Macintosh; Intel Mac OS X 10.11; rv:49.0) Gecko/20100101 Firefox/49.0"
162.0.232.193 - - [08/Jun/2025:04:41:21 -0400] "POST /wp-cron.php?doing_wp_cron=1749372081.0006840229034423828125 HTTP/1.1" 200 0 "-" "WordPress/6.6.2; https://remonster.online"
194.87.252.147 - - [08/Jun/2025:04:41:19 -0400] "POST /wp-content/plugins/wp-automatic/inc/csv.php HTTP/1.1" 200 26 "https://remonster.online/wp-content/plugins/wp-automatic/inc/csv.php" "Mozilla/5.0 (Macintosh; Intel Mac OS X 10.11; rv:49.0) Gecko/20100101 Firefox/49.0"
194.87.252.147 - - [08/Jun/2025:04:41:21 -0400] "POST /wp-content/plugins/wp-automatic/inc/csv.php HTTP/1.1" 200 26 "https://remonster.online/wp-content/plugins/wp-automatic/inc/csv.php" "Mozilla/5.0 (Macintosh; Intel Mac OS X 10.11; rv:49.0) Gecko/20100101 Firefox/49.0"
194.87.252.147 - - [08/Jun/2025:04:41:22 -0400] "POST /wp-content/plugins/wp-automatic/inc/csv.php HTTP/1.1" 200 26 "https://remonster.online/wp-content/plugins/wp-automatic/inc/csv.php" "Mozilla/5.0 (Macintosh; Intel Mac OS X 10.11; rv:49.0) Gecko/20100101 Firefox/49.0"
194.87.252.147 - - [08/Jun/2025:04:41:22 -0400] "POST /wp-content/plugins/wp-automatic/inc/csv.php HTTP/1.1" 200 26 "https://remonster.online/wp-content/plugins/wp-automatic/inc/csv.php" "Mozilla/5.0 (Macintosh; Intel Mac OS X 10.11; rv:49.0) Gecko/20100101 Firefox/49.0"
194.87.252.147 - - [08/Jun/2025:04:41:23 -0400] "POST /wp-content/plugins/wp-automatic/inc/csv.php0f14c9ed1e64.php HTTP/1.1" 403 1242 "https://remonster.online/wp-content/plugins/wp-automatic/inc/csv.php" "Mozilla/5.0 (Macintosh; Intel Mac OS X 10.11; rv:49.0) Gecko/20100101 Firefox/49.0"
194.87.252.147 - - [08/Jun/2025:04:41:23 -0400] "POST /wp-content/plugins/wp-automatic/inc/csv.php0f14c9ed1e64.php HTTP/1.1" 301 0 "https://remonster.online/wp-content/plugins/wp-automatic/inc/csv.php0f14c9ed1e64.php" "Mozilla/5.0 (Macintosh; Intel Mac OS X 10.11; rv:49.0) Gecko/20100101 Firefox/49.0"
194.87.252.147 - - [08/Jun/2025:04:41:24 -0400] "GET / HTTP/1.1" 200 10893 "https://remonster.online/wp-content/plugins/wp-automatic/inc/csv.php0f14c9ed1e64.php" "Mozilla/5.0 (Macintosh; Intel Mac OS X 10.11; rv:49.0) Gecko/20100101 Firefox/49.0"
194.87.252.147 - - [08/Jun/2025:04:41:24 -0400] "POST /wp-content/plugins/wp-automatic/inc/csv.php0f14c9ed1e64.php HTTP/1.1" 301 0 "https://remonster.online/" "Mozilla/5.0 (Macintosh; Intel Mac OS X 10.11; rv:49.0) Gecko/20100101 Firefox/49.0"
194.87.252.147 - - [08/Jun/2025:04:41:25 -0400] "GET / HTTP/1.1" 200 10900 "https://remonster.online/" "Mozilla/5.0 (Macintosh; Intel Mac OS X 10.11; rv:49.0) Gecko/20100101 Firefox/49.0"
194.87.252.147 - - [08/Jun/2025:04:41:25 -0400] "POST /wp-content/plugins/wp-automatic/inc/csv.php0f14c9ed1e64.php HTTP/1.1" 301 0 "https://remonster.online/" "Mozilla/5.0 (Macintosh; Intel Mac OS X 10.11; rv:49.0) Gecko/20100101 Firefox/49.0"
194.87.252.147 - - [08/Jun/2025:04:41:26 -0400] "GET / HTTP/1.1" 200 10900 "https://remonster.online/" "Mozilla/5.0 (Macintosh; Intel Mac OS X 10.11; rv:49.0) Gecko/20100101 Firefox/49.0"
194.87.252.147 - - [08/Jun/2025:04:41:27 -0400] "POST /wp-content/plugins/wp-automatic/inc/csv.php0f14c9ed1e64.php HTTP/1.1" 301 0 "https://remonster.online/" "Mozilla/5.0 (Macintosh; Intel Mac OS X 10.11; rv:49.0) Gecko/20100101 Firefox/49.0"
194.87.252.147 - - [08/Jun/2025:04:41:27 -0400] "GET / HTTP/1.1" 200 10863 "https://remonster.online/" "Mozilla/5.0 (Macintosh; Intel Mac OS X 10.11; rv:49.0) Gecko/20100101 Firefox/49.0"
194.87.252.147 - - [08/Jun/2025:04:41:28 -0400] "GET /wp-login.php HTTP/1.1" 200 1751 "https://remonster.online/" "Mozilla/5.0 (Macintosh; Intel Mac OS X 10.11; rv:49.0) Gecko/20100101 Firefox/49.0"
194.87.252.147 - - [08/Jun/2025:04:41:29 -0400] "POST /wp-login.php HTTP/1.1" 200 1910 "https://remonster.online/wp-login.php" "Mozilla/5.0 (Macintosh; Intel Mac OS X 10.11; rv:49.0) Gecko/20100101 Firefox/49.0"
194.87.252.147 - - [08/Jun/2025:04:41:29 -0400] "GET /wp-admin/plugins.php HTTP/1.1" 302 0 "https://remonster.online/wp-login.php" "Mozilla/5.0 (Macintosh; Intel Mac OS X 10.11; rv:49.0) Gecko/20100101 Firefox/49.0"
162.0.232.193 - - [08/Jun/2025:04:41:30 -0400] "POST /wp-cron.php?doing_wp_cron=1749372090.3552010059356689453125 HTTP/1.1" 200 0 "-" "WordPress/6.6.2; https://remonster.online"
194.87.252.147 - - [08/Jun/2025:04:41:30 -0400] "GET /wp-login.php?redirect_to=https%3A%2F%2Fremonster.online%2Fwp-admin%2Fplugins.php&reauth=1 HTTP/1.1" 200 1757 "https://remonster.online/wp-login.php" "Mozilla/5.0 (Macintosh; Intel Mac OS X 10.11; rv:49.0) Gecko/20100101 Firefox/49.0"
54.210.200.246 - - [08/Jun/2025:04:41:53 -0400] "GET /ads.txt HTTP/1.1" 200 501 "-" "Mozilla/5.0 (Windows NT 10.0; Win64; x64) AppleWebKit/537.36 (KHTML, like Gecko) Chrome/58.0.3029.110 Safari/537.3"
2a09:bac2:5509:18c8::278:80 - - [08/Jun/2025:04:42:33 -0400] "GET /manga/re-monster-chapter-9/ HTTP/1.1" 200 17096 "-" "Mozilla/5.0 (iPhone; CPU iPhone OS 18_5 like Mac OS X) AppleWebKit/605.1.15 (KHTML, like Gecko) Mobile/15E148"
66.249.79.237 - - [08/Jun/2025:04:43:08 -0400] "GET /manga/re-monster-chapter-30/ HTTP/1.1" 200 15864 "-" "Mozilla/5.0 (Linux; Android 6.0.1; Nexus 5X Build/MMB29P) AppleWebKit/537.36 (KHTML, like Gecko) Chrome/136.0.7103.113 Mobile Safari/537.36 (compatible; Googlebot/2.1; +http://www.google.com/bot.html)"
162.0.232.193 - - [08/Jun/2025:04:43:11 -0400] "POST /wp-cron.php?doing_wp_cron=1749372191.0067241191864013671875 HTTP/1.1" 200 0 "-" "WordPress/6.6.2; https://remonster.online"
66.249.79.238 - - [08/Jun/2025:04:43:10 -0400] "POST /wp-admin/admin-ajax.php HTTP/1.1" 200 69 "https://remonster.online/manga/re-monster-chapter-30/" "Mozilla/5.0 (Linux; Android 6.0.1; Nexus 5X Build/MMB29P) AppleWebKit/537.36 (KHTML, like Gecko) Chrome/136.0.7103.92 Mobile Safari/537.36 (compatible; Googlebot/2.1; +http://www.google.com/bot.html)"
85.193.240.76 - - [08/Jun/2025:04:44:18 -0400] "GET /manga/re-monster-chapter-1/ HTTP/1.1" 200 17990 "https://remonster.online/" "Mozilla/5.0 (iPhone; CPU iPhone OS 18_5 like Mac OS X) AppleWebKit/605.1.15 (KHTML, like Gecko) Version/18.5 Mobile/15E148 Safari/604.1"
2409:40c2:11b:7cd1:60b2:1d7e:ab9d:7102 - - [08/Jun/2025:04:44:58 -0400] "GET /manga/remonster-chapter-106/ HTTP/1.1" 200 14266 "https://remonster.online/manga/remonster-chapter-106/" "Mozilla/5.0"
2409:40c2:11b:7cd1:60b2:1d7e:ab9d:7102 - - [08/Jun/2025:04:45:02 -0400] "GET /manga/remonster-chapter-105/ HTTP/1.1" 200 18185 "https://remonster.online/manga/remonster-chapter-105/" "Mozilla/5.0"
2409:40c2:11b:7cd1:60b2:1d7e:ab9d:7102 - - [08/Jun/2025:04:45:06 -0400] "GET /manga/remonster-chapter-104/ HTTP/1.1" 200 18599 "https://remonster.online/manga/remonster-chapter-104/" "Mozilla/5.0"
2409:40c2:11b:7cd1:60b2:1d7e:ab9d:7102 - - [08/Jun/2025:04:45:09 -0400] "GET /manga/remonster-chapter-103/ HTTP/1.1" 200 15397 "https://remonster.online/manga/remonster-chapter-103/" "Mozilla/5.0"
2409:40f0:19:8cd5:4869:2dff:fe73:b928 - - [08/Jun/2025:04:45:14 -0400] "GET /tag/gobue/ HTTP/1.1" 301 0 "https://remonster.online/manga/re-monster-chapter-44/" "Mozilla/5.0 (Linux; Android 10; K) AppleWebKit/537.36 (KHTML, like Gecko) Chrome/136.0.0.0 Mobile Safari/537.36"
2409:40f0:19:8cd5:4869:2dff:fe73:b928 - - [08/Jun/2025:04:45:15 -0400] "GET / HTTP/1.1" 200 10813 "https://remonster.online/manga/re-monster-chapter-44/" "Mozilla/5.0 (Linux; Android 10; K) AppleWebKit/537.36 (KHTML, like Gecko) Chrome/136.0.0.0 Mobile Safari/537.36"
2409:40c2:11b:7cd1:60b2:1d7e:ab9d:7102 - - [08/Jun/2025:04:45:15 -0400] "GET /manga/remonster-chapter-102/ HTTP/1.1" 200 15584 "https://remonster.online/manga/remonster-chapter-102/" "Mozilla/5.0"
2409:40c2:11b:7cd1:60b2:1d7e:ab9d:7102 - - [08/Jun/2025:04:45:19 -0400] "GET /manga/remonster-chapter-101/ HTTP/1.1" 200 15165 "https://remonster.online/manga/remonster-chapter-101/" "Mozilla/5.0"
124.149.29.39 - - [08/Jun/2025:04:45:19 -0400] "GET /manga/re-monster-chapter-35/ HTTP/1.1" 200 17372 "https://remonster.online/manga/re-monster-chapter-36/" "Mozilla/5.0 (Linux; Android 10; K) AppleWebKit/537.36 (KHTML, like Gecko) Chrome/137.0.0.0 Mobile Safari/537.36"
124.149.29.39 - - [08/Jun/2025:04:45:20 -0400] "GET /manga/re-monster-chapter-37/ HTTP/1.1" 200 17371 "https://remonster.online/manga/re-monster-chapter-36/" "Mozilla/5.0 (Linux; Android 10; K) AppleWebKit/537.36 (KHTML, like Gecko) Chrome/137.0.0.0 Mobile Safari/537.36"
124.149.29.39 - - [08/Jun/2025:04:45:20 -0400] "GET /manga/re-monster-chapter-37/ HTTP/1.1" 304 0 "https://remonster.online/manga/re-monster-chapter-36/" "Mozilla/5.0 (Linux; Android 10; K) AppleWebKit/537.36 (KHTML, like Gecko) Chrome/137.0.0.0 Mobile Safari/537.36"
2409:40c2:11b:7cd1:60b2:1d7e:ab9d:7102 - - [08/Jun/2025:04:45:23 -0400] "GET /manga/remonster-chapter-100/ HTTP/1.1" 200 15612 "https://remonster.online/manga/remonster-chapter-100/" "Mozilla/5.0"
162.0.232.193 - - [08/Jun/2025:04:45:25 -0400] "POST /wp-cron.php?doing_wp_cron=1749372325.5820100307464599609375 HTTP/1.1" 200 0 "-" "WordPress/6.6.2; https://remonster.online"
40.77.167.151 - - [08/Jun/2025:04:45:25 -0400] "GET /remonster-chapter-30-2/feed/ HTTP/1.1" 200 405 "-" "Mozilla/5.0 AppleWebKit/537.36 (KHTML, like Gecko; compatible; bingbot/2.0; +http://www.bing.com/bingbot.htm) Chrome/116.0.1938.76 Safari/537.36"
2409:40c2:11b:7cd1:60b2:1d7e:ab9d:7102 - - [08/Jun/2025:04:45:27 -0400] "GET /manga/remonster-chapter-99/ HTTP/1.1" 200 15529 "https://remonster.online/manga/remonster-chapter-99/" "Mozilla/5.0"
2409:40c2:11b:7cd1:60b2:1d7e:ab9d:7102 - - [08/Jun/2025:04:45:32 -0400] "GET /manga/remonster-chapter-98/ HTTP/1.1" 200 15070 "https://remonster.online/manga/remonster-chapter-98/" "Mozilla/5.0"
2409:40c2:11b:7cd1:60b2:1d7e:ab9d:7102 - - [08/Jun/2025:04:45:36 -0400] "GET /manga/remonster-chapter-97/ HTTP/1.1" 200 15059 "https://remonster.online/manga/remonster-chapter-97/" "Mozilla/5.0"
2409:40c2:11b:7cd1:60b2:1d7e:ab9d:7102 - - [08/Jun/2025:04:45:40 -0400] "GET /manga/remonster-chapter-96/ HTTP/1.1" 200 15154 "https://remonster.online/manga/remonster-chapter-96/" "Mozilla/5.0"
2409:40c2:11b:7cd1:60b2:1d7e:ab9d:7102 - - [08/Jun/2025:04:45:44 -0400] "GET /manga/remonster-chapter-95/ HTTP/1.1" 200 15342 "https://remonster.online/manga/remonster-chapter-95/" "Mozilla/5.0"
2409:40c2:11b:7cd1:60b2:1d7e:ab9d:7102 - - [08/Jun/2025:04:45:48 -0400] "GET /manga/remonster-chapter-94/ HTTP/1.1" 200 15039 "https://remonster.online/manga/remonster-chapter-94/" "Mozilla/5.0"
2409:40c2:11b:7cd1:60b2:1d7e:ab9d:7102 - - [08/Jun/2025:04:45:52 -0400] "GET /manga/remonster-chapter-93/ HTTP/1.1" 200 15361 "https://remonster.online/manga/remonster-chapter-93/" "Mozilla/5.0"
2409:40c2:11b:7cd1:60b2:1d7e:ab9d:7102 - - [08/Jun/2025:04:45:59 -0400] "GET /manga/remonster-chapter-92/ HTTP/1.1" 200 15013 "https://remonster.online/manga/remonster-chapter-92/" "Mozilla/5.0"
2409:40c2:11b:7cd1:60b2:1d7e:ab9d:7102 - - [08/Jun/2025:04:46:03 -0400] "GET /manga/remonster-chapter-91/ HTTP/1.1" 200 14481 "https://remonster.online/manga/remonster-chapter-91/" "Mozilla/5.0"
2409:40c2:11b:7cd1:60b2:1d7e:ab9d:7102 - - [08/Jun/2025:04:46:07 -0400] "GET /manga/remonster-chapter-90/ HTTP/1.1" 200 14197 "https://remonster.online/manga/remonster-chapter-90/" "Mozilla/5.0"
2409:40c2:11b:7cd1:60b2:1d7e:ab9d:7102 - - [08/Jun/2025:04:46:11 -0400] "GET /manga/remonster-chapter-89/ HTTP/1.1" 200 14567 "https://remonster.online/manga/remonster-chapter-89/" "Mozilla/5.0"
2409:40c2:11b:7cd1:60b2:1d7e:ab9d:7102 - - [08/Jun/2025:04:46:18 -0400] "GET /manga/remonster-chapter-88/ HTTP/1.1" 200 14001 "https://remonster.online/manga/remonster-chapter-88/" "Mozilla/5.0"
158.140.175.224 - - [08/Jun/2025:04:46:20 -0400] "GET /tag/chapters/ HTTP/1.1" 301 0 "https://remonster.online/manga/re-monster-chapter-48/" "Mozilla/5.0 (Linux; Android 10; K) AppleWebKit/537.36 (KHTML, like Gecko) Chrome/137.0.0.0 Mobile Safari/537.36"
158.140.175.224 - - [08/Jun/2025:04:46:20 -0400] "GET / HTTP/1.1" 304 0 "https://remonster.online/manga/re-monster-chapter-48/" "Mozilla/5.0 (Linux; Android 10; K) AppleWebKit/537.36 (KHTML, like Gecko) Chrome/137.0.0.0 Mobile Safari/537.36"
158.140.175.224 - - [08/Jun/2025:04:46:20 -0400] "GET /tag/reincarnated-monster/ HTTP/1.1" 301 0 "https://remonster.online/manga/re-monster-chapter-48/" "Mozilla/5.0 (Linux; Android 10; K) AppleWebKit/537.36 (KHTML, like Gecko) Chrome/137.0.0.0 Mobile Safari/537.36"
158.140.175.224 - - [08/Jun/2025:04:46:21 -0400] "GET / HTTP/1.1" 304 0 "https://remonster.online/manga/re-monster-chapter-48/" "Mozilla/5.0 (Linux; Android 10; K) AppleWebKit/537.36 (KHTML, like Gecko) Chrome/137.0.0.0 Mobile Safari/537.36"
2409:40c2:11b:7cd1:60b2:1d7e:ab9d:7102 - - [08/Jun/2025:04:46:22 -0400] "GET /manga/remonster-chapter-87/ HTTP/1.1" 200 14044 "https://remonster.online/manga/remonster-chapter-87/" "Mozilla/5.0"
2409:40c2:11b:7cd1:60b2:1d7e:ab9d:7102 - - [08/Jun/2025:04:46:26 -0400] "GET /manga/remonster-chapter-86/ HTTP/1.1" 200 14743 "https://remonster.online/manga/remonster-chapter-86/" "Mozilla/5.0"
2409:40c2:11b:7cd1:60b2:1d7e:ab9d:7102 - - [08/Jun/2025:04:46:30 -0400] "GET /manga/remonster-chapter-85/ HTTP/1.1" 200 14088 "https://remonster.online/manga/remonster-chapter-85/" "Mozilla/5.0"
158.140.175.224 - - [08/Jun/2025:04:46:32 -0400] "GET /manga/re-monster-chapter-49/ HTTP/1.1" 200 17745 "https://remonster.online/manga/re-monster-chapter-48/" "Mozilla/5.0 (Linux; Android 10; K) AppleWebKit/537.36 (KHTML, like Gecko) Chrome/137.0.0.0 Mobile Safari/537.36"
158.140.175.224 - - [08/Jun/2025:04:46:32 -0400] "GET /manga/re-monster-chapter-49/ HTTP/1.1" 304 0 "https://remonster.online/manga/re-monster-chapter-48/" "Mozilla/5.0 (Linux; Android 10; K) AppleWebKit/537.36 (KHTML, like Gecko) Chrome/137.0.0.0 Mobile Safari/537.36"
158.140.175.224 - - [08/Jun/2025:04:46:33 -0400] "GET /manga/re-monster-chapter-49/ HTTP/1.1" 304 0 "https://remonster.online/manga/re-monster-chapter-49/" "Mozilla/5.0 (Linux; Android 10; K) AppleWebKit/537.36 (KHTML, like Gecko) Chrome/137.0.0.0 Mobile Safari/537.36"
2409:40c2:11b:7cd1:60b2:1d7e:ab9d:7102 - - [08/Jun/2025:04:46:36 -0400] "GET /manga/remonster-chapter-84/ HTTP/1.1" 200 14121 "https://remonster.online/manga/remonster-chapter-84/" "Mozilla/5.0"
2409:40c2:11b:7cd1:60b2:1d7e:ab9d:7102 - - [08/Jun/2025:04:46:40 -0400] "GET /manga/remonster-chapter-83/ HTTP/1.1" 200 14467 "https://remonster.online/manga/remonster-chapter-83/" "Mozilla/5.0"
2409:40c2:11b:7cd1:60b2:1d7e:ab9d:7102 - - [08/Jun/2025:04:46:45 -0400] "GET /manga/remonster-chapter-82/ HTTP/1.1" 200 14457 "https://remonster.online/manga/remonster-chapter-82/" "Mozilla/5.0"
2409:40c2:11b:7cd1:60b2:1d7e:ab9d:7102 - - [08/Jun/2025:04:46:50 -0400] "GET /manga/remonster-chapter-81/ HTTP/1.1" 200 14421 "https://remonster.online/manga/remonster-chapter-81/" "Mozilla/5.0"
2409:40c2:11b:7cd1:60b2:1d7e:ab9d:7102 - - [08/Jun/2025:04:46:56 -0400] "GET /manga/remonster-chapter-80/ HTTP/1.1" 200 14391 "https://remonster.online/manga/remonster-chapter-80/" "Mozilla/5.0"
2409:40c2:11b:7cd1:60b2:1d7e:ab9d:7102 - - [08/Jun/2025:04:46:59 -0400] "GET /manga/remonster-chapter-79/ HTTP/1.1" 200 17825 "https://remonster.online/manga/remonster-chapter-79/" "Mozilla/5.0"
2409:40c2:11b:7cd1:60b2:1d7e:ab9d:7102 - - [08/Jun/2025:04:47:03 -0400] "GET /manga/remonster-chapter-78/ HTTP/1.1" 200 16774 "https://remonster.online/manga/remonster-chapter-78/" "Mozilla/5.0"
2409:40c2:11b:7cd1:60b2:1d7e:ab9d:7102 - - [08/Jun/2025:04:47:11 -0400] "GET /manga/remonster-chapter-77/ HTTP/1.1" 200 17439 "https://remonster.online/manga/remonster-chapter-77/" "Mozilla/5.0"
2409:40c2:11b:7cd1:60b2:1d7e:ab9d:7102 - - [08/Jun/2025:04:47:16 -0400] "GET /manga/remonster-chapter-76/ HTTP/1.1" 200 17383 "https://remonster.online/manga/remonster-chapter-76/" "Mozilla/5.0"
2409:40c2:11b:7cd1:60b2:1d7e:ab9d:7102 - - [08/Jun/2025:04:47:20 -0400] "GET /manga/remonster-chapter-75/ HTTP/1.1" 200 17366 "https://remonster.online/manga/remonster-chapter-75/" "Mozilla/5.0"
2409:40c2:11b:7cd1:60b2:1d7e:ab9d:7102 - - [08/Jun/2025:04:47:25 -0400] "GET /manga/re-monster-chapter-74/ HTTP/1.1" 200 17651 "https://remonster.online/manga/re-monster-chapter-74/" "Mozilla/5.0"
2409:40c2:11b:7cd1:60b2:1d7e:ab9d:7102 - - [08/Jun/2025:04:47:29 -0400] "GET /manga/re-monster-chapter-73/ HTTP/1.1" 200 17453 "https://remonster.online/manga/re-monster-chapter-73/" "Mozilla/5.0"
2409:40c2:11b:7cd1:60b2:1d7e:ab9d:7102 - - [08/Jun/2025:04:47:33 -0400] "GET /manga/re-monster-chapter-72/ HTTP/1.1" 200 17973 "https://remonster.online/manga/re-monster-chapter-72/" "Mozilla/5.0"
49.149.78.12 - - [08/Jun/2025:04:47:35 -0400] "GET /manga/re-monster-chapter-13/ HTTP/1.1" 200 17389 "https://www.google.com/" "Mozilla/5.0 (iPhone; CPU iPhone OS 18_5_0 like Mac OS X) AppleWebKit/605.1.15 (KHTML, like Gecko) CriOS/137.0.7151.51 Mobile/15E148 Safari/604.1"
49.149.78.12 - - [08/Jun/2025:04:47:37 -0400] "GET /wp-content/uploads/2021/11/cropped-CeDzRGZ-192x192.png HTTP/1.1" 200 68304 "-" "Mozilla/5.0 (iPhone; CPU iPhone OS 18_5_0 like Mac OS X) AppleWebKit/605.1.15 (KHTML, like Gecko) CriOS/137.0.7151.51 Mobile/15E148 Safari/604.1"
49.149.78.12 - - [08/Jun/2025:04:47:37 -0400] "GET /wp-content/uploads/2021/11/cropped-CeDzRGZ-180x180.png HTTP/1.1" 200 60430 "-" "Mozilla/5.0 (iPhone; CPU iPhone OS 18_5_0 like Mac OS X) AppleWebKit/605.1.15 (KHTML, like Gecko) CriOS/137.0.7151.51 Mobile/15E148 Safari/604.1"
2409:40c2:11b:7cd1:60b2:1d7e:ab9d:7102 - - [08/Jun/2025:04:47:38 -0400] "GET /manga/re-monster-chapter-71/ HTTP/1.1" 200 17732 "https://remonster.online/manga/re-monster-chapter-71/" "Mozilla/5.0"
2409:40c2:11b:7cd1:60b2:1d7e:ab9d:7102 - - [08/Jun/2025:04:47:43 -0400] "GET /manga/re-monster-chapter-70/ HTTP/1.1" 200 17711 "https://remonster.online/manga/re-monster-chapter-70/" "Mozilla/5.0"
2409:40c2:11b:7cd1:60b2:1d7e:ab9d:7102 - - [08/Jun/2025:04:47:47 -0400] "GET /manga/re-monster-chapter-69/ HTTP/1.1" 200 17996 "https://remonster.online/manga/re-monster-chapter-69/" "Mozilla/5.0"
2409:40c2:11b:7cd1:60b2:1d7e:ab9d:7102 - - [08/Jun/2025:04:47:50 -0400] "GET /manga/re-monster-chapter-68/ HTTP/1.1" 200 17954 "https://remonster.online/manga/re-monster-chapter-68/" "Mozilla/5.0"
49.149.78.12 - - [08/Jun/2025:04:47:53 -0400] "GET /manga/re-monster-chapter-25/ HTTP/1.1" 200 17363 "https://www.google.com/" "Mozilla/5.0 (iPhone; CPU iPhone OS 18_5_0 like Mac OS X) AppleWebKit/605.1.15 (KHTML, like Gecko) CriOS/137.0.7151.51 Mobile/15E148 Safari/604.1"
2409:40c2:11b:7cd1:60b2:1d7e:ab9d:7102 - - [08/Jun/2025:04:47:55 -0400] "GET /manga/re-monster-chapter-67/ HTTP/1.1" 200 17972 "https://remonster.online/manga/re-monster-chapter-67/" "Mozilla/5.0"
2409:40c2:11b:7cd1:60b2:1d7e:ab9d:7102 - - [08/Jun/2025:04:47:59 -0400] "GET /manga/re-monster-chapter-66/ HTTP/1.1" 200 18264 "https://remonster.online/manga/re-monster-chapter-66/" "Mozilla/5.0"
2409:40c2:11b:7cd1:60b2:1d7e:ab9d:7102 - - [08/Jun/2025:04:48:03 -0400] "GET /manga/re-monster-chapter-65/ HTTP/1.1" 200 17816 "https://remonster.online/manga/re-monster-chapter-65/" "Mozilla/5.0"
2409:40c2:11b:7cd1:60b2:1d7e:ab9d:7102 - - [08/Jun/2025:04:48:07 -0400] "GET /manga/re-monster-chapter-64/ HTTP/1.1" 200 18116 "https://remonster.online/manga/re-monster-chapter-64/" "Mozilla/5.0"
2409:40c2:11b:7cd1:60b2:1d7e:ab9d:7102 - - [08/Jun/2025:04:48:12 -0400] "GET /manga/re-monster-chapter-63/ HTTP/1.1" 200 17774 "https://remonster.online/manga/re-monster-chapter-63/" "Mozilla/5.0"
2409:40c2:11b:7cd1:60b2:1d7e:ab9d:7102 - - [08/Jun/2025:04:48:17 -0400] "GET /manga/re-monster-chapter-62/ HTTP/1.1" 200 17779 "https://remonster.online/manga/re-monster-chapter-62/" "Mozilla/5.0"
2409:40c2:11b:7cd1:60b2:1d7e:ab9d:7102 - - [08/Jun/2025:04:48:20 -0400] "GET /manga/re-monster-chapter-61/ HTTP/1.1" 200 17377 "https://remonster.online/manga/re-monster-chapter-61/" "Mozilla/5.0"
2409:40c2:11b:7cd1:60b2:1d7e:ab9d:7102 - - [08/Jun/2025:04:48:24 -0400] "GET /manga/re-monster-chapter-60/ HTTP/1.1" 200 17829 "https://remonster.online/manga/re-monster-chapter-60/" "Mozilla/5.0"
2409:40c2:11b:7cd1:60b2:1d7e:ab9d:7102 - - [08/Jun/2025:04:48:31 -0400] "GET /manga/re-monster-chapter-59/ HTTP/1.1" 200 17414 "https://remonster.online/manga/re-monster-chapter-59/" "Mozilla/5.0"
49.150.69.11 - - [08/Jun/2025:04:48:50 -0400] "GET / HTTP/1.1" 200 10856 "https://www.google.com/" "Mozilla/5.0 (Linux; Android 10; K) AppleWebKit/537.36 (KHTML, like Gecko) Chrome/125.0.0.0 Mobile Safari/537.36"
49.150.69.11 - - [08/Jun/2025:04:48:51 -0400] "GET /wp-content/uploads/2021/11/8168f-bSGoS-1260x1800.jpeg HTTP/1.1" 200 463933 "https://remonster.online/" "Mozilla/5.0 (Linux; Android 10; K) AppleWebKit/537.36 (KHTML, like Gecko) Chrome/125.0.0.0 Mobile Safari/537.36"
49.150.69.11 - - [08/Jun/2025:04:48:58 -0400] "GET /manga/remonster-chapter-104/ HTTP/1.1" 200 18582 "https://remonster.online/" "Mozilla/5.0 (Linux; Android 10; K) AppleWebKit/537.36 (KHTML, like Gecko) Chrome/125.0.0.0 Mobile Safari/537.36"
49.150.69.11 - - [08/Jun/2025:04:49:06 -0400] "GET / HTTP/1.1" 304 0 "https://remonster.online/manga/remonster-chapter-104/" "Mozilla/5.0 (Linux; Android 10; K) AppleWebKit/537.36 (KHTML, like Gecko) Chrome/125.0.0.0 Mobile Safari/537.36"
49.150.69.11 - - [08/Jun/2025:04:49:08 -0400] "GET /category/remonster-manga/ HTTP/1.1" 200 25229 "https://remonster.online/manga/remonster-chapter-104/" "Mozilla/5.0 (Linux; Android 10; K) AppleWebKit/537.36 (KHTML, like Gecko) Chrome/125.0.0.0 Mobile Safari/537.36"
49.150.69.11 - - [08/Jun/2025:04:49:09 -0400] "GET /manga/remonster-chapter-105/ HTTP/1.1" 200 18283 "https://remonster.online/manga/remonster-chapter-104/" "Mozilla/5.0 (Linux; Android 10; K) AppleWebKit/537.36 (KHTML, like Gecko) Chrome/125.0.0.0 Mobile Safari/537.36"
162.0.232.193 - - [08/Jun/2025:04:49:10 -0400] "POST /wp-cron.php?doing_wp_cron=1749372550.2149009704589843750000 HTTP/1.1" 200 0 "-" "WordPress/6.6.2; https://remonster.online"
49.150.69.11 - - [08/Jun/2025:04:49:09 -0400] "POST /wp-admin/admin-ajax.php HTTP/1.1" 200 69 "https://remonster.online/manga/remonster-chapter-105/" "Mozilla/5.0 (Linux; Android 10; K) AppleWebKit/537.36 (KHTML, like Gecko) Chrome/125.0.0.0 Mobile Safari/537.36"
49.149.78.12 - - [08/Jun/2025:04:49:16 -0400] "GET /manga/re-monster-chapter-30/ HTTP/1.1" 200 15864 "https://www.google.com/" "Mozilla/5.0 (iPhone; CPU iPhone OS 18_5_0 like Mac OS X) AppleWebKit/605.1.15 (KHTML, like Gecko) CriOS/137.0.7151.51 Mobile/15E148 Safari/604.1"
162.0.232.193 - - [08/Jun/2025:04:49:18 -0400] "POST /wp-cron.php?doing_wp_cron=1749372558.1185719966888427734375 HTTP/1.1" 200 0 "-" "WordPress/6.6.2; https://remonster.online"
49.149.78.12 - - [08/Jun/2025:04:49:17 -0400] "POST /wp-admin/admin-ajax.php HTTP/1.1" 200 69 "https://remonster.online/manga/re-monster-chapter-30/" "Mozilla/5.0 (iPhone; CPU iPhone OS 18_5_0 like Mac OS X) AppleWebKit/605.1.15 (KHTML, like Gecko) CriOS/137.0.7151.51 Mobile/15E148 Safari/604.1"
2409:40c2:11b:7cd1:60b2:1d7e:ab9d:7102 - - [08/Jun/2025:04:49:26 -0400] "GET /manga/re-monster-chapter-58/ HTTP/1.1" 200 17357 "https://remonster.online/manga/re-monster-chapter-58/" "Mozilla/5.0"
2409:40c2:11b:7cd1:60b2:1d7e:ab9d:7102 - - [08/Jun/2025:04:49:29 -0400] "GET /manga/re-monster-chapter-57/ HTTP/1.1" 200 17450 "https://remonster.online/manga/re-monster-chapter-57/" "Mozilla/5.0"
2409:40c2:11b:7cd1:60b2:1d7e:ab9d:7102 - - [08/Jun/2025:04:49:35 -0400] "GET /manga/re-monster-chapter-56/ HTTP/1.1" 200 17355 "https://remonster.online/manga/re-monster-chapter-56/" "Mozilla/5.0"
2409:40c2:11b:7cd1:60b2:1d7e:ab9d:7102 - - [08/Jun/2025:04:49:40 -0400] "GET /manga/re-monster-chapter-55/ HTTP/1.1" 200 17409 "https://remonster.online/manga/re-monster-chapter-55/" "Mozilla/5.0"
2409:40c2:11b:7cd1:60b2:1d7e:ab9d:7102 - - [08/Jun/2025:04:49:46 -0400] "GET /manga/re-monster-chapter-54/ HTTP/1.1" 200 17481 "https://remonster.online/manga/re-monster-chapter-54/" "Mozilla/5.0"
162.0.232.193 - - [08/Jun/2025:04:49:50 -0400] "POST /wp-cron.php?doing_wp_cron=1749372590.6655058860778808593750 HTTP/1.1" 200 0 "-" "WordPress/6.6.2; https://remonster.online"
198.44.191.225 - - [08/Jun/2025:04:49:50 -0400] "POST /wp-login.php HTTP/1.1" 200 1876 "-" "Mozilla/5.0"
2409:40c2:11b:7cd1:60b2:1d7e:ab9d:7102 - - [08/Jun/2025:04:49:51 -0400] "GET /manga/re-monster-chapter-53/ HTTP/1.1" 200 17405 "https://remonster.online/manga/re-monster-chapter-53/" "Mozilla/5.0"
2409:40c2:11b:7cd1:60b2:1d7e:ab9d:7102 - - [08/Jun/2025:04:49:55 -0400] "GET /manga/re-monster-chapter-52/ HTTP/1.1" 200 17804 "https://remonster.online/manga/re-monster-chapter-52/" "Mozilla/5.0"
2409:40c2:11b:7cd1:60b2:1d7e:ab9d:7102 - - [08/Jun/2025:04:50:00 -0400] "GET /manga/re-monster-chapter-51/ HTTP/1.1" 200 17556 "https://remonster.online/manga/re-monster-chapter-51/" "Mozilla/5.0"
2409:40c2:11b:7cd1:60b2:1d7e:ab9d:7102 - - [08/Jun/2025:04:50:03 -0400] "GET /manga/re-monster-chapter-50/ HTTP/1.1" 200 17391 "https://remonster.online/manga/re-monster-chapter-50/" "Mozilla/5.0"
2409:40c2:11b:7cd1:60b2:1d7e:ab9d:7102 - - [08/Jun/2025:04:50:07 -0400] "GET /manga/re-monster-chapter-49/ HTTP/1.1" 200 17427 "https://remonster.online/manga/re-monster-chapter-49/" "Mozilla/5.0"
2409:40c2:11b:7cd1:60b2:1d7e:ab9d:7102 - - [08/Jun/2025:04:50:10 -0400] "GET /manga/re-monster-chapter-48/ HTTP/1.1" 200 17417 "https://remonster.online/manga/re-monster-chapter-48/" "Mozilla/5.0"
2409:40c2:11b:7cd1:60b2:1d7e:ab9d:7102 - - [08/Jun/2025:04:50:14 -0400] "GET /manga/re-monster-chapter-47/ HTTP/1.1" 200 17372 "https://remonster.online/manga/re-monster-chapter-47/" "Mozilla/5.0"
2409:40c2:11b:7cd1:60b2:1d7e:ab9d:7102 - - [08/Jun/2025:04:50:18 -0400] "GET /manga/re-monster-chapter-46/ HTTP/1.1" 200 17411 "https://remonster.online/manga/re-monster-chapter-46/" "Mozilla/5.0"
2409:40c2:11b:7cd1:60b2:1d7e:ab9d:7102 - - [08/Jun/2025:04:50:22 -0400] "GET /manga/re-monster-chapter-45/ HTTP/1.1" 200 17359 "https://remonster.online/manga/re-monster-chapter-45/" "Mozilla/5.0"
2409:40c2:11b:7cd1:60b2:1d7e:ab9d:7102 - - [08/Jun/2025:04:50:26 -0400] "GET /manga/re-monster-chapter-44/ HTTP/1.1" 200 17631 "https://remonster.online/manga/re-monster-chapter-44/" "Mozilla/5.0"
2409:40c2:11b:7cd1:60b2:1d7e:ab9d:7102 - - [08/Jun/2025:04:50:29 -0400] "GET /manga/re-monster-chapter-43/ HTTP/1.1" 200 17885 "https://remonster.online/manga/re-monster-chapter-43/" "Mozilla/5.0"
2409:40c2:11b:7cd1:60b2:1d7e:ab9d:7102 - - [08/Jun/2025:04:50:32 -0400] "GET /manga/re-monster-chapter-42/ HTTP/1.1" 200 17676 "https://remonster.online/manga/re-monster-chapter-42/" "Mozilla/5.0"
2409:40c2:11b:7cd1:60b2:1d7e:ab9d:7102 - - [08/Jun/2025:04:50:37 -0400] "GET /manga/re-monster-chapter-41/ HTTP/1.1" 200 17376 "https://remonster.online/manga/re-monster-chapter-41/" "Mozilla/5.0"
2409:40c2:11b:7cd1:60b2:1d7e:ab9d:7102 - - [08/Jun/2025:04:50:47 -0400] "GET /manga/re-monster-chapter-40/ HTTP/1.1" 200 16593 "https://remonster.online/manga/re-monster-chapter-40/" "Mozilla/5.0"
2409:40c2:11b:7cd1:60b2:1d7e:ab9d:7102 - - [08/Jun/2025:04:51:10 -0400] "GET /manga/re-monster-chapter-39/ HTTP/1.1" 200 15610 "https://remonster.online/manga/re-monster-chapter-39/" "Mozilla/5.0"
2409:40c2:11b:7cd1:60b2:1d7e:ab9d:7102 - - [08/Jun/2025:04:51:14 -0400] "GET /manga/re-monster-chapter-38/ HTTP/1.1" 200 17364 "https://remonster.online/manga/re-monster-chapter-38/" "Mozilla/5.0"
2409:40c2:11b:7cd1:60b2:1d7e:ab9d:7102 - - [08/Jun/2025:04:51:18 -0400] "GET /manga/re-monster-chapter-37/ HTTP/1.1" 200 17378 "https://remonster.online/manga/re-monster-chapter-37/" "Mozilla/5.0"
2409:40c2:11b:7cd1:60b2:1d7e:ab9d:7102 - - [08/Jun/2025:04:51:21 -0400] "GET /manga/re-monster-chapter-36/ HTTP/1.1" 200 17511 "https://remonster.online/manga/re-monster-chapter-36/" "Mozilla/5.0"
2409:40c2:11b:7cd1:60b2:1d7e:ab9d:7102 - - [08/Jun/2025:04:51:26 -0400] "GET /manga/re-monster-chapter-35/ HTTP/1.1" 200 17767 "https://remonster.online/manga/re-monster-chapter-35/" "Mozilla/5.0"
2409:40c2:11b:7cd1:60b2:1d7e:ab9d:7102 - - [08/Jun/2025:04:51:30 -0400] "GET /manga/re-monster-chapter-34/ HTTP/1.1" 200 16999 "https://remonster.online/manga/re-monster-chapter-34/" "Mozilla/5.0"
2409:40c2:11b:7cd1:60b2:1d7e:ab9d:7102 - - [08/Jun/2025:04:51:42 -0400] "GET /manga/re-monster-chapter-33/ HTTP/1.1" 200 17735 "https://remonster.online/manga/re-monster-chapter-33/" "Mozilla/5.0"
2409:40c2:11b:7cd1:60b2:1d7e:ab9d:7102 - - [08/Jun/2025:04:51:45 -0400] "GET /manga/re-monster-chapter-32/ HTTP/1.1" 200 17766 "https://remonster.online/manga/re-monster-chapter-32/" "Mozilla/5.0"
2409:40c2:11b:7cd1:60b2:1d7e:ab9d:7102 - - [08/Jun/2025:04:51:48 -0400] "GET /manga/re-monster-chapter-31/ HTTP/1.1" 200 17374 "https://remonster.online/manga/re-monster-chapter-31/" "Mozilla/5.0"
2409:40c2:11b:7cd1:60b2:1d7e:ab9d:7102 - - [08/Jun/2025:04:51:54 -0400] "GET /manga/re-monster-chapter-30/ HTTP/1.1" 200 15815 "https://remonster.online/manga/re-monster-chapter-30/" "Mozilla/5.0"
2409:40c2:11b:7cd1:60b2:1d7e:ab9d:7102 - - [08/Jun/2025:04:51:58 -0400] "GET /manga/re-monster-chapter-29/ HTTP/1.1" 200 17047 "https://remonster.online/manga/re-monster-chapter-29/" "Mozilla/5.0"
2409:40c2:11b:7cd1:60b2:1d7e:ab9d:7102 - - [08/Jun/2025:04:52:14 -0400] "GET /manga/re-monster-chapter-28/ HTTP/1.1" 200 17377 "https://remonster.online/manga/re-monster-chapter-28/" "Mozilla/5.0"
2409:40c2:11b:7cd1:60b2:1d7e:ab9d:7102 - - [08/Jun/2025:04:52:17 -0400] "GET /manga/re-monster-chapter-27/ HTTP/1.1" 200 17340 "https://remonster.online/manga/re-monster-chapter-27/" "Mozilla/5.0"
2409:40c2:11b:7cd1:60b2:1d7e:ab9d:7102 - - [08/Jun/2025:04:52:21 -0400] "GET /manga/re-monster-chapter-26/ HTTP/1.1" 200 16616 "https://remonster.online/manga/re-monster-chapter-26/" "Mozilla/5.0"
2409:40c2:11b:7cd1:60b2:1d7e:ab9d:7102 - - [08/Jun/2025:04:52:26 -0400] "GET /manga/re-monster-chapter-25/ HTTP/1.1" 200 17360 "https://remonster.online/manga/re-monster-chapter-25/" "Mozilla/5.0"
2409:40c2:11b:7cd1:60b2:1d7e:ab9d:7102 - - [08/Jun/2025:04:52:31 -0400] "GET /manga/re-monster-chapter-24/ HTTP/1.1" 200 17759 "https://remonster.online/manga/re-monster-chapter-24/" "Mozilla/5.0"
17.241.219.191 - - [08/Jun/2025:04:52:34 -0400] "GET /remonster-chapter-92/ HTTP/1.1" 200 12994 "-" "Mozilla/5.0 (Macintosh; Intel Mac OS X 10_15_7) AppleWebKit/605.1.15 (KHTML, like Gecko) Version/17.4 Safari/605.1.15 (Applebot/0.1; +http://www.apple.com/go/applebot)"
2409:40c2:11b:7cd1:60b2:1d7e:ab9d:7102 - - [08/Jun/2025:04:52:35 -0400] "GET /manga/re-monster-chapter-23/ HTTP/1.1" 200 16720 "https://remonster.online/manga/re-monster-chapter-23/" "Mozilla/5.0"
2409:40c2:11b:7cd1:60b2:1d7e:ab9d:7102 - - [08/Jun/2025:04:52:41 -0400] "GET /manga/re-monster-chapter-22/ HTTP/1.1" 200 16275 "https://remonster.online/manga/re-monster-chapter-22/" "Mozilla/5.0"
2409:40c2:11b:7cd1:60b2:1d7e:ab9d:7102 - - [08/Jun/2025:04:52:46 -0400] "GET /manga/re-monster-chapter-21/ HTTP/1.1" 200 16433 "https://remonster.online/manga/re-monster-chapter-21/" "Mozilla/5.0"
2409:40c2:11b:7cd1:60b2:1d7e:ab9d:7102 - - [08/Jun/2025:04:52:50 -0400] "GET /manga/re-monster-chapter-20/ HTTP/1.1" 200 16041 "https://remonster.online/manga/re-monster-chapter-20/" "Mozilla/5.0"
2409:40c2:11b:7cd1:60b2:1d7e:ab9d:7102 - - [08/Jun/2025:04:52:54 -0400] "GET /manga/re-monster-chapter-19/ HTTP/1.1" 200 18456 "https://remonster.online/manga/re-monster-chapter-19/" "Mozilla/5.0"
162.0.232.193 - - [08/Jun/2025:04:52:59 -0400] "POST /wp-cron.php?doing_wp_cron=1749372779.2045280933380126953125 HTTP/1.1" 200 0 "-" "WordPress/6.6.2; https://remonster.online"
2409:40c2:11b:7cd1:60b2:1d7e:ab9d:7102 - - [08/Jun/2025:04:52:59 -0400] "GET /manga/re-monster-chapter-18/ HTTP/1.1" 200 18210 "https://remonster.online/manga/re-monster-chapter-18/" "Mozilla/5.0"
2409:40c2:11b:7cd1:60b2:1d7e:ab9d:7102 - - [08/Jun/2025:04:53:10 -0400] "GET /manga/re-monster-chapter-17/ HTTP/1.1" 200 17376 "https://remonster.online/manga/re-monster-chapter-17/" "Mozilla/5.0"
2409:40c2:11b:7cd1:60b2:1d7e:ab9d:7102 - - [08/Jun/2025:04:53:14 -0400] "GET /manga/re-monster-chapter-16/ HTTP/1.1" 200 17998 "https://remonster.online/manga/re-monster-chapter-16/" "Mozilla/5.0"
2409:40c2:11b:7cd1:60b2:1d7e:ab9d:7102 - - [08/Jun/2025:04:53:18 -0400] "GET /manga/re-monster-chapter-15/ HTTP/1.1" 200 17807 "https://remonster.online/manga/re-monster-chapter-15/" "Mozilla/5.0"
2409:40c2:11b:7cd1:60b2:1d7e:ab9d:7102 - - [08/Jun/2025:04:53:25 -0400] "GET /manga/re-monster-chapter-14/ HTTP/1.1" 200 17734 "https://remonster.online/manga/re-monster-chapter-14/" "Mozilla/5.0"
2409:40c2:11b:7cd1:60b2:1d7e:ab9d:7102 - - [08/Jun/2025:04:53:29 -0400] "GET /manga/re-monster-chapter-13/ HTTP/1.1" 200 17434 "https://remonster.online/manga/re-monster-chapter-13/" "Mozilla/5.0"
2409:40c2:11b:7cd1:60b2:1d7e:ab9d:7102 - - [08/Jun/2025:04:53:35 -0400] "GET /manga/re-monster-chapter-12/ HTTP/1.1" 200 17795 "https://remonster.online/manga/re-monster-chapter-12/" "Mozilla/5.0"
2409:40c2:11b:7cd1:60b2:1d7e:ab9d:7102 - - [08/Jun/2025:04:53:39 -0400] "GET /manga/re-monster-chapter-11/ HTTP/1.1" 200 18100 "https://remonster.online/manga/re-monster-chapter-11/" "Mozilla/5.0"
2409:40c2:11b:7cd1:60b2:1d7e:ab9d:7102 - - [08/Jun/2025:04:53:51 -0400] "GET /manga/re-monster-chapter-10/ HTTP/1.1" 200 17059 "https://remonster.online/manga/re-monster-chapter-10/" "Mozilla/5.0"
2409:40c2:11b:7cd1:60b2:1d7e:ab9d:7102 - - [08/Jun/2025:04:53:55 -0400] "GET /manga/re-monster-chapter-9/ HTTP/1.1" 200 16799 "https://remonster.online/manga/re-monster-chapter-9/" "Mozilla/5.0"
2409:40c2:11b:7cd1:60b2:1d7e:ab9d:7102 - - [08/Jun/2025:04:53:59 -0400] "GET /manga/re-monster-chapter-8/ HTTP/1.1" 200 16502 "https://remonster.online/manga/re-monster-chapter-8/" "Mozilla/5.0"
2409:40c2:11b:7cd1:60b2:1d7e:ab9d:7102 - - [08/Jun/2025:04:54:10 -0400] "GET /manga/re-monster-chapter-7/ HTTP/1.1" 200 18519 "https://remonster.online/manga/re-monster-chapter-7/" "Mozilla/5.0"
2409:40c2:11b:7cd1:60b2:1d7e:ab9d:7102 - - [08/Jun/2025:04:54:16 -0400] "GET /manga/re-monster-chapter-6/ HTTP/1.1" 200 18565 "https://remonster.online/manga/re-monster-chapter-6/" "Mozilla/5.0"
2409:40c2:11b:7cd1:60b2:1d7e:ab9d:7102 - - [08/Jun/2025:04:54:20 -0400] "GET /manga/re-monster-chapter-5/ HTTP/1.1" 200 18555 "https://remonster.online/manga/re-monster-chapter-5/" "Mozilla/5.0"
2409:40c2:11b:7cd1:60b2:1d7e:ab9d:7102 - - [08/Jun/2025:04:54:25 -0400] "GET /manga/re-monster-chapter-4/ HTTP/1.1" 200 18016 "https://remonster.online/manga/re-monster-chapter-4/" "Mozilla/5.0"
2409:40c2:11b:7cd1:60b2:1d7e:ab9d:7102 - - [08/Jun/2025:04:54:28 -0400] "GET /manga/re-monster-chapter-3/ HTTP/1.1" 200 18043 "https://remonster.online/manga/re-monster-chapter-3/" "Mozilla/5.0"
2409:40c2:11b:7cd1:60b2:1d7e:ab9d:7102 - - [08/Jun/2025:04:54:32 -0400] "GET /manga/re-monster-chapter-2/ HTTP/1.1" 200 18157 "https://remonster.online/manga/re-monster-chapter-2/" "Mozilla/5.0"
2409:40c2:11b:7cd1:60b2:1d7e:ab9d:7102 - - [08/Jun/2025:04:54:39 -0400] "GET /manga/re-monster-chapter-1/ HTTP/1.1" 200 18373 "https://remonster.online/manga/re-monster-chapter-1/" "Mozilla/5.0"
15.204.43.173 - - [08/Jun/2025:04:57:00 -0400] "GET / HTTP/1.1" 200 10900 "http://remonster.online" "Mozilla/5.0 (Windows NT 11.0; Win64; x64) AppleWebKit/537.36 (KHTML, like Gecko) Chrome/126.0.0.0 Safari/537.36 Edg/126.0.0.0"
158.140.175.224 - - [08/Jun/2025:04:57:41 -0400] "GET /manga/re-monster-chapter-50/ HTTP/1.1" 200 17369 "https://remonster.online/manga/re-monster-chapter-49/" "Mozilla/5.0 (Linux; Android 10; K) AppleWebKit/537.36 (KHTML, like Gecko) Chrome/137.0.0.0 Mobile Safari/537.36"
162.0.232.193 - - [08/Jun/2025:04:58:31 -0400] "POST /wp-cron.php?doing_wp_cron=1749373111.2590909004211425781250 HTTP/1.1" 200 0 "-" "WordPress/6.6.2; https://remonster.online"
109.123.76.134 - - [08/Jun/2025:04:58:29 -0400] "POST /xmlrpc.php HTTP/1.1" 200 205 "-" "Mozilla/5.0 (X11; Ubuntu; Linux x86_64; rv:85.0) Gecko/20100101 Firefox/91.0"
162.0.232.193 - - [08/Jun/2025:04:59:23 -0400] "POST /wp-cron.php?doing_wp_cron=1749373163.3959729671478271484375 HTTP/1.1" 200 0 "-" "WordPress/6.6.2; https://remonster.online"
15.204.43.172 - - [08/Jun/2025:04:59:23 -0400] "POST /xmlrpc.php HTTP/1.1" 200 186 "https://remonster.online" "Mozilla/5.0 (Windows NT 11.0; Win64; x64; rv:126.0) Gecko/20100101 Firefox/126.0"
15.204.43.172 - - [08/Jun/2025:04:59:24 -0400] "POST /wp-login.php HTTP/1.1" 200 1876 "https://remonster.online" "Mozilla/5.0 (Windows NT 10.0; Win64; x64; rv:128.0) Gecko/20100101 Firefox/128.0"
131.226.104.251 - - [08/Jun/2025:04:59:45 -0400] "GET / HTTP/1.1" 200 10856 "https://www.google.com/" "Mozilla/5.0 (iPhone; CPU iPhone OS 18_5 like Mac OS X) AppleWebKit/605.1.15 (KHTML, like Gecko) Version/18.5 Mobile/15E148 Safari/604.1 OPT/5.5.3"
131.226.104.251 - - [08/Jun/2025:04:59:54 -0400] "GET /manga/re-monster-chapter-1/ HTTP/1.1" 200 17990 "https://remonster.online/" "Mozilla/5.0 (iPhone; CPU iPhone OS 18_5 like Mac OS X) AppleWebKit/605.1.15 (KHTML, like Gecko) Version/18.5 Mobile/15E148 Safari/604.1 OPT/5.5.3"
54.89.90.224 - - [08/Jun/2025:05:00:59 -0400] "GET /remonster-chapter-42/ HTTP/1.1" 200 12935 "-" "Mozilla/5.0 AppleWebKit/537.36 (KHTML, like Gecko; compatible; Amazonbot/0.1; +https://developer.amazon.com/support/amazonbot) Chrome/119.0.6045.214 Safari/537.36"
2604:3d09:687f:e450:8d40:fb12:15be:6384 - - [08/Jun/2025:05:01:45 -0400] "GET / HTTP/1.1" 200 10856 "https://www.google.com/" "Mozilla/5.0 (Linux; Android 10; K) AppleWebKit/537.36 (KHTML, like Gecko) Chrome/137.0.0.0 Mobile Safari/537.36"
2604:3d09:687f:e450:8d40:fb12:15be:6384 - - [08/Jun/2025:05:01:45 -0400] "GET /wp-content/uploads/2021/11/LN_v09_001.jpeg HTTP/1.1" 200 1105440 "https://remonster.online/" "Mozilla/5.0 (Linux; Android 10; K) AppleWebKit/537.36 (KHTML, like Gecko) Chrome/137.0.0.0 Mobile Safari/537.36"
2604:3d09:687f:e450:8d40:fb12:15be:6384 - - [08/Jun/2025:05:01:45 -0400] "GET /wp-content/uploads/2021/11/8168f-bSGoS.jpeg HTTP/1.1" 200 428790 "https://remonster.online/" "Mozilla/5.0 (Linux; Android 10; K) AppleWebKit/537.36 (KHTML, like Gecko) Chrome/137.0.0.0 Mobile Safari/537.36"
