2400:1a00:b060:ca79:a126:5901:d08f:1107 - - [08/Jun/2025:10:55:01 -0400] "GET /manga/re-monster-chapter-15/ HTTP/1.1" 304 0 "https://www.google.com/" "Mozilla/5.0 (Linux; Android 10; K) AppleWebKit/537.36 (KHTML, like Gecko) Chrome/137.0.0.0 Mobile Safari/537.36"
2400:1a00:b060:ca79:a126:5901:d08f:1107 - - [08/Jun/2025:10:55:03 -0400] "GET /wp-content/plugins/disqus-comment-system/public/js/comment_count.js?ver=3.1.2 HTTP/1.1" 200 354 "https://remonster.online/manga/re-monster-chapter-15/" "Mozilla/5.0 (Linux; Android 10; K) AppleWebKit/537.36 (KHTML, like Gecko) Chrome/137.0.0.0 Mobile Safari/537.36"
2400:1a00:b060:ca79:a126:5901:d08f:1107 - - [08/Jun/2025:10:55:04 -0400] "GET /wp-content/plugins/disqus-comment-system/public/js/comment_embed.js?ver=3.1.2 HTTP/1.1" 200 653 "https://remonster.online/manga/re-monster-chapter-15/" "Mozilla/5.0 (Linux; Android 10; K) AppleWebKit/537.36 (KHTML, like Gecko) Chrome/137.0.0.0 Mobile Safari/537.36"
2400:1a00:b060:ca79:a126:5901:d08f:1107 - - [08/Jun/2025:10:55:05 -0400] "GET /wp-content/plugins/simple-social-buttons/assets/fonts/ssb-icon.ttf?eahqa2 HTTP/1.1" 200 6624 "https://remonster.online/wp-content/plugins/simple-social-buttons/assets/css/front.css?ver=5.3.1" "Mozilla/5.0 (Linux; Android 10; K) AppleWebKit/537.36 (KHTML, like Gecko) Chrome/137.0.0.0 Mobile Safari/537.36"
162.0.232.193 - - [08/Jun/2025:10:55:05 -0400] "POST /wp-cron.php?doing_wp_cron=1749394505.5416250228881835937500 HTTP/1.1" 200 0 "-" "WordPress/6.6.2; https://remonster.online"
162.0.232.193 - - [08/Jun/2025:10:55:05 -0400] "POST /wp-cron.php?doing_wp_cron=1749394505.5492238998413085937500 HTTP/1.1" 200 0 "-" "WordPress/6.6.2; https://remonster.online"
2400:1a00:b060:ca79:a126:5901:d08f:1107 - - [08/Jun/2025:10:55:04 -0400] "POST /wp-admin/admin-ajax.php HTTP/1.1" 200 69 "https://remonster.online/manga/re-monster-chapter-15/" "Mozilla/5.0 (Linux; Android 10; K) AppleWebKit/537.36 (KHTML, like Gecko) Chrome/137.0.0.0 Mobile Safari/537.36"
2400:1a00:b060:ca79:a126:5901:d08f:1107 - - [08/Jun/2025:10:55:04 -0400] "POST /wp-admin/admin-ajax.php HTTP/1.1" 200 69 "https://remonster.online/manga/re-monster-chapter-15/" "Mozilla/5.0 (Linux; Android 10; K) AppleWebKit/537.36 (KHTML, like Gecko) Chrome/137.0.0.0 Mobile Safari/537.36"
2400:1a00:b060:ca79:a126:5901:d08f:1107 - - [08/Jun/2025:10:55:09 -0400] "GET /wp-includes/js/comment-reply.min.js?ver=6.6.2 HTTP/1.1" 200 1228 "https://remonster.online/manga/re-monster-chapter-15/" "Mozilla/5.0 (Linux; Android 10; K) AppleWebKit/537.36 (KHTML, like Gecko) Chrome/137.0.0.0 Mobile Safari/537.36"
162.0.232.193 - - [08/Jun/2025:10:55:29 -0400] "POST /wp-cron.php?doing_wp_cron=1749394529.5442359447479248046875 HTTP/1.1" 200 0 "-" "WordPress/6.6.2; https://remonster.online"
2601:603:a80:a470:516f:89d0:467:665f - - [08/Jun/2025:10:55:28 -0400] "POST /wp-admin/admin-ajax.php HTTP/1.1" 200 69 "https://remonster.online/manga/re-monster-chapter-30/" "Mozilla/5.0 (Linux; Android 10; K) AppleWebKit/537.36 (KHTML, like Gecko) Chrome/137.0.0.0 Mobile Safari/537.36"
51.148.94.100 - - [08/Jun/2025:10:55:45 -0400] "GET /manga/re-monster-chapter-26/ HTTP/1.1" 200 16616 "https://remonster.online/manga/re-monster-chapter-25/" "Mozilla/5.0 (Macintosh; Intel Mac OS X 10_15_7) AppleWebKit/605.1.15 (KHTML, like Gecko) Version/18.5 Safari/605.1.15"
51.148.94.100 - - [08/Jun/2025:10:55:46 -0400] "GET /manga/re-monster-chapter-26/ HTTP/1.1" 200 16616 "https://remonster.online/manga/re-monster-chapter-25/" "Mozilla/5.0 (Macintosh; Intel Mac OS X 10_15_7) AppleWebKit/605.1.15 (KHTML, like Gecko) Version/18.5 Safari/605.1.15"
51.148.94.100 - - [08/Jun/2025:10:56:12 -0400] "GET /manga/re-monster-chapter-27/ HTTP/1.1" 200 17340 "https://remonster.online/manga/re-monster-chapter-26/" "Mozilla/5.0 (Macintosh; Intel Mac OS X 10_15_7) AppleWebKit/605.1.15 (KHTML, like Gecko) Version/18.5 Safari/605.1.15"
162.0.232.193 - - [08/Jun/2025:10:56:52 -0400] "POST /wp-cron.php?doing_wp_cron=1749394612.3973169326782226562500 HTTP/1.1" 200 0 "-" "WordPress/6.6.2; https://remonster.online"
2600:4040:b184:3900:e5cf:c7:1c31:844c - - [08/Jun/2025:10:56:51 -0400] "POST /wp-admin/admin-ajax.php HTTP/1.1" 200 69 "https://remonster.online/manga/re-monster-chapter-19/" "Mozilla/5.0 (iPad; CPU OS 18_1_1 like Mac OS X) AppleWebKit/605.1.15 (KHTML, like Gecko) Version/18.1.1 Mobile/15E148 Safari/604.1"
51.148.94.100 - - [08/Jun/2025:10:56:53 -0400] "GET /manga/re-monster-chapter-28/ HTTP/1.1" 200 17377 "https://remonster.online/manga/re-monster-chapter-27/" "Mozilla/5.0 (Macintosh; Intel Mac OS X 10_15_7) AppleWebKit/605.1.15 (KHTML, like Gecko) Version/18.5 Safari/605.1.15"
2600:4040:b184:3900:e5cf:c7:1c31:844c - - [08/Jun/2025:10:56:57 -0400] "GET /manga/re-monster-chapter-20/ HTTP/1.1" 304 0 "https://remonster.online/manga/re-monster-chapter-19/" "Mozilla/5.0 (iPad; CPU OS 18_1_1 like Mac OS X) AppleWebKit/605.1.15 (KHTML, like Gecko) Version/18.1.1 Mobile/15E148 Safari/604.1"
2600:4040:b184:3900:e5cf:c7:1c31:844c - - [08/Jun/2025:10:57:01 -0400] "GET /apple-touch-icon.png HTTP/1.1" 301 0 "-" "NetworkingExtension/8619.2.8.10.9 Network/4277.42.2 iOS/18.1.1"
2600:4040:b184:3900:e5cf:c7:1c31:844c - - [08/Jun/2025:10:57:01 -0400] "GET /apple-touch-icon-precomposed.png HTTP/1.1" 301 0 "-" "NetworkingExtension/8619.2.8.10.9 Network/4277.42.2 iOS/18.1.1"
2600:4040:b184:3900:e5cf:c7:1c31:844c - - [08/Jun/2025:10:57:01 -0400] "GET /favicon.ico HTTP/1.1" 302 0 "-" "NetworkingExtension/8619.2.8.10.9 Network/4277.42.2 iOS/18.1.1"
2600:4040:b184:3900:e5cf:c7:1c31:844c - - [08/Jun/2025:10:57:02 -0400] "GET / HTTP/1.1" 200 10900 "-" "NetworkingExtension/8619.2.8.10.9 Network/4277.42.2 iOS/18.1.1"
2600:4040:b184:3900:e5cf:c7:1c31:844c - - [08/Jun/2025:10:57:02 -0400] "GET / HTTP/1.1" 200 10863 "-" "NetworkingExtension/8619.2.8.10.9 Network/4277.42.2 iOS/18.1.1"
2a09:bac1:3480:18::19c:49 - - [08/Jun/2025:10:57:11 -0400] "GET /manga/remonster-chapter-103/ HTTP/1.1" 200 15069 "https://remonster.online/" "Mozilla/5.0 (Linux; Android 10; K) AppleWebKit/537.36 (KHTML, like Gecko) Chrome/137.0.0.0 Mobile Safari/537.36"
198.44.191.225 - - [08/Jun/2025:10:57:11 -0400] "POST /wp-login.php HTTP/1.1" 200 1875 "-" "Mozilla/5.0"
2a09:bac1:3480:18::19c:49 - - [08/Jun/2025:10:57:13 -0400] "GET /manga/re-monster-chapter-44/ HTTP/1.1" 200 17655 "https://remonster.online/" "Mozilla/5.0 (Linux; Android 10; K) AppleWebKit/537.36 (KHTML, like Gecko) Chrome/137.0.0.0 Mobile Safari/537.36"
2a09:bac1:3480:18::19c:49 - - [08/Jun/2025:10:57:14 -0400] "GET /manga/re-monster-chapter-48/ HTTP/1.1" 200 17417 "https://remonster.online/" "Mozilla/5.0 (Linux; Android 10; K) AppleWebKit/537.36 (KHTML, like Gecko) Chrome/137.0.0.0 Mobile Safari/537.36"
2a09:bac1:3480:18::19c:49 - - [08/Jun/2025:10:57:15 -0400] "GET /manga/re-monster-chapter-48/ HTTP/1.1" 304 0 "https://remonster.online/" "Mozilla/5.0 (Linux; Android 10; K) AppleWebKit/537.36 (KHTML, like Gecko) Chrome/137.0.0.0 Mobile Safari/537.36"
2600:4040:b184:3900:e5cf:c7:1c31:844c - - [08/Jun/2025:10:57:18 -0400] "GET / HTTP/1.1" 200 10863 "-" "Mozilla/5.0 (iPad; CPU OS 18_1_1 like Mac OS X) AppleWebKit/605.1.15 (KHTML, like Gecko) Version/18.1.1 Mobile/15E148 Safari/604.1"
162.0.232.193 - - [08/Jun/2025:10:57:36 -0400] "POST /wp-cron.php?doing_wp_cron=1749394656.7211670875549316406250 HTTP/1.1" 200 0 "-" "WordPress/6.6.2; https://remonster.online"
51.148.94.100 - - [08/Jun/2025:10:57:36 -0400] "GET /?s=28.2 HTTP/1.1" 200 9948 "https://remonster.online/manga/re-monster-chapter-28/" "Mozilla/5.0 (Macintosh; Intel Mac OS X 10_15_7) AppleWebKit/605.1.15 (KHTML, like Gecko) Version/18.5 Safari/605.1.15"
2a09:bac1:3480:18::19c:49 - - [08/Jun/2025:10:58:10 -0400] "GET /manga/re-monster-chapter-49/ HTTP/1.1" 304 0 "https://remonster.online/manga/re-monster-chapter-48/" "Mozilla/5.0 (Linux; Android 10; K) AppleWebKit/537.36 (KHTML, like Gecko) Chrome/137.0.0.0 Mobile Safari/537.36"
2a09:bac1:3480:18::19c:49 - - [08/Jun/2025:10:58:10 -0400] "GET /manga/re-monster-chapter-49/ HTTP/1.1" 304 0 "https://remonster.online/manga/re-monster-chapter-48/" "Mozilla/5.0 (Linux; Android 10; K) AppleWebKit/537.36 (KHTML, like Gecko) Chrome/137.0.0.0 Mobile Safari/537.36"
2a09:bac1:3480:18::19c:49 - - [08/Jun/2025:10:58:12 -0400] "POST /wp-admin/admin-ajax.php HTTP/1.1" 200 47 "https://remonster.online/manga/re-monster-chapter-49/" "Mozilla/5.0 (Linux; Android 10; K) AppleWebKit/537.36 (KHTML, like Gecko) Chrome/137.0.0.0 Mobile Safari/537.36"
2a02:a03f:6748:d201:753e:3808:a7da:c18a - - [08/Jun/2025:10:58:17 -0400] "GET /manga/re-monster-chapter-38/ HTTP/1.1" 200 17336 "-" "Mozilla/5.0 (Linux; Android 10; K) AppleWebKit/537.36 (KHTML, like Gecko) Chrome/137.0.0.0 Mobile Safari/537.36"
76.49.6.198 - - [08/Jun/2025:10:59:28 -0400] "GET /manga/re-monster-chapter-3/ HTTP/1.1" 200 18027 "https://remonster.online/manga/re-monster-chapter-2/" "Mozilla/5.0 (iPhone; CPU iPhone OS 15_6_1 like Mac OS X) AppleWebKit/605.1.15 (KHTML, like Gecko) Version/15.6.1 Mobile/15E148 Safari/604.1"
2600:4040:b184:3900:e5cf:c7:1c31:844c - - [08/Jun/2025:10:59:34 -0400] "GET / HTTP/1.1" 304 0 "https://www.google.com/" "Mozilla/5.0 (iPad; CPU OS 18_1_1 like Mac OS X) AppleWebKit/605.1.15 (KHTML, like Gecko) Version/18.1.1 Mobile/15E148 Safari/604.1"
2001:268:7228:8b8e:9165:9508:eab5:9d6b - - [08/Jun/2025:10:59:38 -0400] "GET /manga/re-monster-chapter-21/ HTTP/1.1" 304 0 "-" "Mozilla/5.0 (Linux; Android 10; K) AppleWebKit/537.36 (KHTML, like Gecko) Chrome/137.0.0.0 Mobile Safari/537.36"
2001:268:7228:8b8e:9165:9508:eab5:9d6b - - [08/Jun/2025:10:59:38 -0400] "GET /manga/re-monster-chapter-23/ HTTP/1.1" 200 16723 "-" "Mozilla/5.0 (Linux; Android 10; K) AppleWebKit/537.36 (KHTML, like Gecko) Chrome/137.0.0.0 Mobile Safari/537.36"
2001:268:7228:8b8e:9165:9508:eab5:9d6b - - [08/Jun/2025:10:59:38 -0400] "GET /manga/re-monster-chapter-23/ HTTP/1.1" 304 0 "https://remonster.online/manga/re-monster-chapter-22/" "Mozilla/5.0 (Linux; Android 10; K) AppleWebKit/537.36 (KHTML, like Gecko) Chrome/137.0.0.0 Mobile Safari/537.36"
162.0.232.193 - - [08/Jun/2025:10:59:39 -0400] "POST /wp-cron.php?doing_wp_cron=1749394779.5781250000000000000000 HTTP/1.1" 200 0 "-" "WordPress/6.6.2; https://remonster.online"
2001:268:7228:8b8e:9165:9508:eab5:9d6b - - [08/Jun/2025:10:59:39 -0400] "POST /wp-admin/admin-ajax.php HTTP/1.1" 200 69 "https://remonster.online/manga/re-monster-chapter-23/" "Mozilla/5.0 (Linux; Android 10; K) AppleWebKit/537.36 (KHTML, like Gecko) Chrome/137.0.0.0 Mobile Safari/537.36"
76.49.6.198 - - [08/Jun/2025:10:59:42 -0400] "GET /manga/re-monster-chapter-4/ HTTP/1.1" 200 18436 "https://remonster.online/manga/re-monster-chapter-3/" "Mozilla/5.0 (iPhone; CPU iPhone OS 15_6_1 like Mac OS X) AppleWebKit/605.1.15 (KHTML, like Gecko) Version/15.6.1 Mobile/15E148 Safari/604.1"
2a09:bac1:3480:18::19c:49 - - [08/Jun/2025:10:59:43 -0400] "GET /tag/gobue/ HTTP/1.1" 301 0 "https://remonster.online/manga/re-monster-chapter-49/" "Mozilla/5.0 (Linux; Android 10; K) AppleWebKit/537.36 (KHTML, like Gecko) Chrome/137.0.0.0 Mobile Safari/537.36"
2a09:bac1:3480:18::19c:49 - - [08/Jun/2025:10:59:43 -0400] "GET / HTTP/1.1" 200 10813 "https://remonster.online/manga/re-monster-chapter-49/" "Mozilla/5.0 (Linux; Android 10; K) AppleWebKit/537.36 (KHTML, like Gecko) Chrome/137.0.0.0 Mobile Safari/537.36"
2a09:bac1:3480:18::19c:49 - - [08/Jun/2025:10:59:43 -0400] "GET /manga/re-monster-chapter-50/ HTTP/1.1" 200 17389 "https://remonster.online/manga/re-monster-chapter-49/" "Mozilla/5.0 (Linux; Android 10; K) AppleWebKit/537.36 (KHTML, like Gecko) Chrome/137.0.0.0 Mobile Safari/537.36"
2a09:bac1:3480:18::19c:49 - - [08/Jun/2025:10:59:44 -0400] "GET /manga/re-monster-chapter-50/ HTTP/1.1" 304 0 "https://remonster.online/manga/re-monster-chapter-49/" "Mozilla/5.0 (Linux; Android 10; K) AppleWebKit/537.36 (KHTML, like Gecko) Chrome/137.0.0.0 Mobile Safari/537.36"
2600:4040:b184:3900:e5cf:c7:1c31:844c - - [08/Jun/2025:10:59:47 -0400] "GET /manga/re-monster-chapter-1/ HTTP/1.1" 200 18373 "https://www.google.com/" "Mozilla/5.0 (iPad; CPU OS 18_1_1 like Mac OS X) AppleWebKit/605.1.15 (KHTML, like Gecko) Version/18.1.1 Mobile/15E148 Safari/604.1"
173.80.70.117 - - [08/Jun/2025:10:59:57 -0400] "GET /manga/re-monster-chapter-42/ HTTP/1.1" 200 17676 "https://remonster.online/manga/re-monster-chapter-41/" "Mozilla/5.0 (Macintosh; Intel Mac OS X 10_15_7) AppleWebKit/605.1.15 (KHTML, like Gecko) Version/18.5 Safari/605.1.15"
2a02:c7e:3164:8200:24b0:138f:411b:cf1b - - [08/Jun/2025:11:00:17 -0400] "GET /manga/re-monster-chapter-23/ HTTP/1.1" 200 16720 "https://remonster.online/manga/re-monster-chapter-22/" "Mozilla/5.0 (Windows NT 10.0; Win64; x64; rv:139.0) Gecko/20100101 Firefox/139.0"
162.0.232.193 - - [08/Jun/2025:11:00:18 -0400] "POST /wp-cron.php?doing_wp_cron=1749394818.5852439403533935546875 HTTP/1.1" 200 0 "-" "WordPress/6.6.2; https://remonster.online"
2a02:c7e:3164:8200:24b0:138f:411b:cf1b - - [08/Jun/2025:11:00:18 -0400] "POST /wp-admin/admin-ajax.php HTTP/1.1" 200 69 "https://remonster.online/manga/re-monster-chapter-23/" "Mozilla/5.0 (Windows NT 10.0; Win64; x64; rv:139.0) Gecko/20100101 Firefox/139.0"
172.178.141.133 - - [08/Jun/2025:11:00:21 -0400] "GET /manga/re-monster-chapter-1/ HTTP/1.1" 200 18379 "-" "Mozilla/5.0 AppleWebKit/537.36 (KHTML, like Gecko); compatible; ChatGPT-User/1.0; +https://openai.com/bot"
172.178.141.133 - - [08/Jun/2025:11:00:21 -0400] "GET / HTTP/1.1" 304 0 "-" "Mozilla/5.0 AppleWebKit/537.36 (KHTML, like Gecko); compatible; ChatGPT-User/1.0; +https://openai.com/bot"
76.49.6.198 - - [08/Jun/2025:11:00:22 -0400] "GET /manga/re-monster-chapter-5/ HTTP/1.1" 200 18540 "https://remonster.online/manga/re-monster-chapter-4/" "Mozilla/5.0 (iPhone; CPU iPhone OS 15_6_1 like Mac OS X) AppleWebKit/605.1.15 (KHTML, like Gecko) Version/15.6.1 Mobile/15E148 Safari/604.1"
76.49.6.198 - - [08/Jun/2025:11:00:22 -0400] "POST /wp-admin/admin-ajax.php HTTP/1.1" 200 69 "https://remonster.online/manga/re-monster-chapter-5/" "Mozilla/5.0 (iPhone; CPU iPhone OS 15_6_1 like Mac OS X) AppleWebKit/605.1.15 (KHTML, like Gecko) Version/15.6.1 Mobile/15E148 Safari/604.1"
2a02:8428:f12b:8c01:af47:a487:1bc8:a54e - - [08/Jun/2025:11:00:47 -0400] "GET /category/remonster/ HTTP/1.1" 200 24978 "https://remonster.online/manga/re-monster-chapter-41/" "Mozilla/5.0 (Linux; Android 10; K) AppleWebKit/537.36 (KHTML, like Gecko) Chrome/137.0.0.0 Mobile Safari/537.36"
2a02:8428:f12b:8c01:af47:a487:1bc8:a54e - - [08/Jun/2025:11:00:49 -0400] "GET /manga/re-monster-chapter-42/ HTTP/1.1" 200 17676 "https://remonster.online/manga/re-monster-chapter-41/" "Mozilla/5.0 (Linux; Android 10; K) AppleWebKit/537.36 (KHTML, like Gecko) Chrome/137.0.0.0 Mobile Safari/537.36"
76.49.6.198 - - [08/Jun/2025:11:00:49 -0400] "GET /manga/re-monster-chapter-6/ HTTP/1.1" 200 18960 "https://remonster.online/manga/re-monster-chapter-5/" "Mozilla/5.0 (iPhone; CPU iPhone OS 15_6_1 like Mac OS X) AppleWebKit/605.1.15 (KHTML, like Gecko) Version/15.6.1 Mobile/15E148 Safari/604.1"
2a02:8428:f12b:8c01:af47:a487:1bc8:a54e - - [08/Jun/2025:11:00:50 -0400] "GET /manga/re-monster-chapter-42/ HTTP/1.1" 304 0 "https://remonster.online/manga/re-monster-chapter-41/" "Mozilla/5.0 (Linux; Android 10; K) AppleWebKit/537.36 (KHTML, like Gecko) Chrome/137.0.0.0 Mobile Safari/537.36"
162.0.232.193 - - [08/Jun/2025:11:00:50 -0400] "POST /wp-cron.php?doing_wp_cron=1749394850.1974859237670898437500 HTTP/1.1" 200 0 "-" "WordPress/6.6.2; https://remonster.online"
76.49.6.198 - - [08/Jun/2025:11:00:49 -0400] "POST /wp-admin/admin-ajax.php HTTP/1.1" 200 69 "https://remonster.online/manga/re-monster-chapter-6/" "Mozilla/5.0 (iPhone; CPU iPhone OS 15_6_1 like Mac OS X) AppleWebKit/605.1.15 (KHTML, like Gecko) Version/15.6.1 Mobile/15E148 Safari/604.1"
2a02:8428:f12b:8c01:af47:a487:1bc8:a54e - - [08/Jun/2025:11:00:51 -0400] "GET /manga/re-monster-chapter-42/ HTTP/1.1" 304 0 "https://remonster.online/manga/re-monster-chapter-42/" "Mozilla/5.0 (Linux; Android 10; K) AppleWebKit/537.36 (KHTML, like Gecko) Chrome/137.0.0.0 Mobile Safari/537.36"
76.49.6.198 - - [08/Jun/2025:11:00:58 -0400] "GET /manga/re-monster-chapter-7/ HTTP/1.1" 200 18493 "https://remonster.online/manga/re-monster-chapter-6/" "Mozilla/5.0 (iPhone; CPU iPhone OS 15_6_1 like Mac OS X) AppleWebKit/605.1.15 (KHTML, like Gecko) Version/15.6.1 Mobile/15E148 Safari/604.1"
76.49.6.198 - - [08/Jun/2025:11:00:58 -0400] "POST /wp-admin/admin-ajax.php HTTP/1.1" 200 69 "https://remonster.online/manga/re-monster-chapter-7/" "Mozilla/5.0 (iPhone; CPU iPhone OS 15_6_1 like Mac OS X) AppleWebKit/605.1.15 (KHTML, like Gecko) Version/15.6.1 Mobile/15E148 Safari/604.1"
2a09:bac1:3480:18::19c:49 - - [08/Jun/2025:11:01:00 -0400] "GET /manga/re-monster-chapter-49/ HTTP/1.1" 304 0 "https://remonster.online/manga/re-monster-chapter-50/" "Mozilla/5.0 (Linux; Android 10; K) AppleWebKit/537.36 (KHTML, like Gecko) Chrome/137.0.0.0 Mobile Safari/537.36"
2a09:bac1:3480:18::19c:49 - - [08/Jun/2025:11:01:01 -0400] "GET /manga/re-monster-chapter-51/ HTTP/1.1" 200 17557 "https://remonster.online/manga/re-monster-chapter-50/" "Mozilla/5.0 (Linux; Android 10; K) AppleWebKit/537.36 (KHTML, like Gecko) Chrome/137.0.0.0 Mobile Safari/537.36"
2a09:bac1:3480:18::19c:49 - - [08/Jun/2025:11:01:01 -0400] "GET /manga/re-monster-chapter-51/ HTTP/1.1" 304 0 "https://remonster.online/manga/re-monster-chapter-50/" "Mozilla/5.0 (Linux; Android 10; K) AppleWebKit/537.36 (KHTML, like Gecko) Chrome/137.0.0.0 Mobile Safari/537.36"
126.209.78.123 - - [08/Jun/2025:11:01:42 -0400] "GET /manga/re-monster-chapter-56/ HTTP/1.1" 200 17392 "https://remonster.online/manga/re-monster-chapter-55/" "Mozilla/5.0 (iPhone; CPU iPhone OS 18_5 like Mac OS X) AppleWebKit/605.1.15 (KHTML, like Gecko) Version/18.5 Mobile/15E148 Safari/604.1"
149.12.167.128 - - [08/Jun/2025:11:01:45 -0400] "GET / HTTP/1.1" 200 10900 "-" "Mozilla/5.0 (Windows NT 10.0; Win64; x64; rv:135.0) Gecko/20100101 Firefox/135.0"
162.0.232.193 - - [08/Jun/2025:11:01:46 -0400] "POST /wp-cron.php?doing_wp_cron=1749394906.7804539203643798828125 HTTP/1.1" 200 0 "-" "WordPress/6.6.2; https://remonster.online"
149.12.167.128 - - [08/Jun/2025:11:01:46 -0400] "GET /robots.txt HTTP/1.1" 200 111 "-" "Mozilla/5.0 (Macintosh; Intel Mac OS X 10_15_7) AppleWebKit/537.36 (KHTML, like Gecko) Chrome/129.0.0.0 Safari/537.36"
149.12.167.128 - - [08/Jun/2025:11:01:48 -0400] "GET /sitemap_index.xml HTTP/1.1" 200 340 "-" "Mozilla/5.0 (Windows NT 10.0; Win64; x64) AppleWebKit/537.36 (KHTML, like Gecko) Chrome/129.0.0.0 Safari/537.36"
2a09:bac1:3480:18::19c:49 - - [08/Jun/2025:11:01:56 -0400] "GET /manga/re-monster-chapter-52/ HTTP/1.1" 200 17811 "https://remonster.online/manga/re-monster-chapter-51/" "Mozilla/5.0 (Linux; Android 10; K) AppleWebKit/537.36 (KHTML, like Gecko) Chrome/137.0.0.0 Mobile Safari/537.36"
2a09:bac1:3480:18::19c:49 - - [08/Jun/2025:11:01:56 -0400] "GET /tag/kogitsune-kanekiru/ HTTP/1.1" 301 0 "https://remonster.online/manga/re-monster-chapter-51/" "Mozilla/5.0 (Linux; Android 10; K) AppleWebKit/537.36 (KHTML, like Gecko) Chrome/137.0.0.0 Mobile Safari/537.36"
2a09:bac1:3480:18::19c:49 - - [08/Jun/2025:11:01:56 -0400] "GET / HTTP/1.1" 304 0 "https://remonster.online/manga/re-monster-chapter-51/" "Mozilla/5.0 (Linux; Android 10; K) AppleWebKit/537.36 (KHTML, like Gecko) Chrome/137.0.0.0 Mobile Safari/537.36"
110.235.184.244 - - [08/Jun/2025:11:02:09 -0400] "GET /manga/re-monster-chapter-12/ HTTP/1.1" 200 17795 "-" "Mozilla/5.0 (iPad; CPU OS 18_5_0 like Mac OS X) AppleWebKit/605.1.15 (KHTML, like Gecko) CriOS/137.0.7151.79 Mobile/15E148 Safari/604.1"
110.235.184.244 - - [08/Jun/2025:11:02:09 -0400] "POST /wp-admin/admin-ajax.php HTTP/1.1" 200 69 "https://remonster.online/manga/re-monster-chapter-12/" "Mozilla/5.0 (iPad; CPU OS 18_5_0 like Mac OS X) AppleWebKit/605.1.15 (KHTML, like Gecko) CriOS/137.0.7151.79 Mobile/15E148 Safari/604.1"
76.49.6.198 - - [08/Jun/2025:11:02:28 -0400] "GET /manga/re-monster-chapter-8/ HTTP/1.1" 200 16850 "https://remonster.online/manga/re-monster-chapter-7/" "Mozilla/5.0 (iPhone; CPU iPhone OS 15_6_1 like Mac OS X) AppleWebKit/605.1.15 (KHTML, like Gecko) Version/15.6.1 Mobile/15E148 Safari/604.1"
2600:4040:b184:3900:e5cf:c7:1c31:844c - - [08/Jun/2025:11:02:34 -0400] "GET / HTTP/1.1" 304 0 "https://remonster.online/manga/re-monster-chapter-20/" "Mozilla/5.0 (iPad; CPU OS 18_1_1 like Mac OS X) AppleWebKit/605.1.15 (KHTML, like Gecko) Version/18.1.1 Mobile/15E148 Safari/604.1"
2600:4040:b184:3900:e5cf:c7:1c31:844c - - [08/Jun/2025:11:02:41 -0400] "GET /apple-touch-icon.png HTTP/1.1" 301 0 "-" "NetworkingExtension/8619.2.8.10.9 Network/4277.42.2 iOS/18.1.1"
162.0.232.193 - - [08/Jun/2025:11:02:42 -0400] "POST /wp-cron.php?doing_wp_cron=1749394962.1232628822326660156250 HTTP/1.1" 200 0 "-" "WordPress/6.6.2; https://remonster.online"
2600:4040:b184:3900:e5cf:c7:1c31:844c - - [08/Jun/2025:11:02:41 -0400] "GET /apple-touch-icon-precomposed.png HTTP/1.1" 301 0 "-" "NetworkingExtension/8619.2.8.10.9 Network/4277.42.2 iOS/18.1.1"
2600:4040:b184:3900:e5cf:c7:1c31:844c - - [08/Jun/2025:11:02:41 -0400] "GET /favicon.ico HTTP/1.1" 302 0 "-" "NetworkingExtension/8619.2.8.10.9 Network/4277.42.2 iOS/18.1.1"
2600:4040:b184:3900:e5cf:c7:1c31:844c - - [08/Jun/2025:11:02:42 -0400] "GET / HTTP/1.1" 200 10863 "-" "NetworkingExtension/8619.2.8.10.9 Network/4277.42.2 iOS/18.1.1"
2600:4040:b184:3900:e5cf:c7:1c31:844c - - [08/Jun/2025:11:02:42 -0400] "GET / HTTP/1.1" 200 10863 "-" "NetworkingExtension/8619.2.8.10.9 Network/4277.42.2 iOS/18.1.1"
2600:4040:b184:3900:a4e9:cd1a:b8dd:7bd4 - - [08/Jun/2025:11:03:00 -0400] "GET /favicon.ico HTTP/1.1" 302 0 "-" "NetworkingExtension/8619.2.8.10.9 Network/4277.42.2 iOS/18.1.1"
2600:4040:b184:3900:a4e9:cd1a:b8dd:7bd4 - - [08/Jun/2025:11:03:00 -0400] "GET /apple-touch-icon-precomposed.png HTTP/1.1" 301 0 "-" "NetworkingExtension/8619.2.8.10.9 Network/4277.42.2 iOS/18.1.1"
2600:4040:b184:3900:a4e9:cd1a:b8dd:7bd4 - - [08/Jun/2025:11:03:00 -0400] "GET /apple-touch-icon.png HTTP/1.1" 301 0 "-" "NetworkingExtension/8619.2.8.10.9 Network/4277.42.2 iOS/18.1.1"
2600:4040:b184:3900:a4e9:cd1a:b8dd:7bd4 - - [08/Jun/2025:11:03:01 -0400] "GET / HTTP/1.1" 200 10863 "-" "NetworkingExtension/8619.2.8.10.9 Network/4277.42.2 iOS/18.1.1"
2600:4040:b184:3900:a4e9:cd1a:b8dd:7bd4 - - [08/Jun/2025:11:03:01 -0400] "GET / HTTP/1.1" 200 10863 "-" "NetworkingExtension/8619.2.8.10.9 Network/4277.42.2 iOS/18.1.1"
2600:4040:b184:3900:a4e9:cd1a:b8dd:7bd4 - - [08/Jun/2025:11:03:04 -0400] "GET / HTTP/1.1" 200 10813 "-" "Mozilla/5.0 (Macintosh; Intel Mac OS X 10_15_7) AppleWebKit/605.1.15 (KHTML, like Gecko) Version/18.1.1 Mobile/15E148 Safari/604.1"
2001:268:7228:8b8e:9165:9508:eab5:9d6b - - [08/Jun/2025:11:03:05 -0400] "GET /manga/re-monster-chapter-22/ HTTP/1.1" 304 0 "-" "Mozilla/5.0 (Linux; Android 10; K) AppleWebKit/537.36 (KHTML, like Gecko) Chrome/137.0.0.0 Mobile Safari/537.36"
2001:268:7228:8b8e:9165:9508:eab5:9d6b - - [08/Jun/2025:11:03:05 -0400] "GET /tag/kogitsune-kanekiru/ HTTP/1.1" 301 0 "-" "Mozilla/5.0 (Linux; Android 10; K) AppleWebKit/537.36 (KHTML, like Gecko) Chrome/137.0.0.0 Mobile Safari/537.36"
2001:268:7228:8b8e:9165:9508:eab5:9d6b - - [08/Jun/2025:11:03:06 -0400] "GET /manga/re-monster-chapter-24/ HTTP/1.1" 200 17717 "-" "Mozilla/5.0 (Linux; Android 10; K) AppleWebKit/537.36 (KHTML, like Gecko) Chrome/137.0.0.0 Mobile Safari/537.36"
2001:268:7228:8b8e:9165:9508:eab5:9d6b - - [08/Jun/2025:11:03:06 -0400] "GET /manga/re-monster-chapter-24/ HTTP/1.1" 304 0 "https://remonster.online/manga/re-monster-chapter-23/" "Mozilla/5.0 (Linux; Android 10; K) AppleWebKit/537.36 (KHTML, like Gecko) Chrome/137.0.0.0 Mobile Safari/537.36"
64.224.122.42 - - [08/Jun/2025:11:03:13 -0400] "GET /manga/re-monster-chapter-63/ HTTP/1.1" 304 0 "https://remonster.online/manga/re-monster-chapter-64/" "Mozilla/5.0 (Linux; Android 10; K) AppleWebKit/537.36 (KHTML, like Gecko) Chrome/137.0.0.0 Mobile Safari/537.36"
64.224.122.42 - - [08/Jun/2025:11:03:14 -0400] "GET /manga/re-monster-chapter-65/ HTTP/1.1" 200 17410 "https://remonster.online/manga/re-monster-chapter-64/" "Mozilla/5.0 (Linux; Android 10; K) AppleWebKit/537.36 (KHTML, like Gecko) Chrome/137.0.0.0 Mobile Safari/537.36"
64.224.122.42 - - [08/Jun/2025:11:03:14 -0400] "GET /manga/re-monster-chapter-65/ HTTP/1.1" 304 0 "https://remonster.online/manga/re-monster-chapter-64/" "Mozilla/5.0 (Linux; Android 10; K) AppleWebKit/537.36 (KHTML, like Gecko) Chrome/137.0.0.0 Mobile Safari/537.36"
76.49.6.198 - - [08/Jun/2025:11:03:14 -0400] "GET /manga/re-monster-chapter-9/ HTTP/1.1" 200 17096 "https://remonster.online/manga/re-monster-chapter-8/" "Mozilla/5.0 (iPhone; CPU iPhone OS 15_6_1 like Mac OS X) AppleWebKit/605.1.15 (KHTML, like Gecko) Version/15.6.1 Mobile/15E148 Safari/604.1"
2600:4040:b184:3900:291a:f26:534d:1c48 - - [08/Jun/2025:11:03:21 -0400] "GET /manga/re-monster-chapter-56/ HTTP/1.1" 200 17355 "-" "Mozilla/5.0 (iPad; CPU OS 18_1_1 like Mac OS X) AppleWebKit/605.1.15 (KHTML, like Gecko) Version/18.1.1 Mobile/15E148 Safari/604.1"
162.0.232.193 - - [08/Jun/2025:11:03:24 -0400] "POST /wp-cron.php?doing_wp_cron=1749395004.6262640953063964843750 HTTP/1.1" 200 0 "-" "WordPress/6.6.2; https://remonster.online"
2600:4040:b184:3900:291a:f26:534d:1c48 - - [08/Jun/2025:11:03:24 -0400] "GET /apple-touch-icon.png HTTP/1.1" 301 0 "-" "NetworkingExtension/8619.2.8.10.9 Network/4277.42.2 iOS/18.1.1"
2600:4040:b184:3900:291a:f26:534d:1c48 - - [08/Jun/2025:11:03:24 -0400] "GET /apple-touch-icon-precomposed.png HTTP/1.1" 301 0 "-" "NetworkingExtension/8619.2.8.10.9 Network/4277.42.2 iOS/18.1.1"
2600:4040:b184:3900:291a:f26:534d:1c48 - - [08/Jun/2025:11:03:24 -0400] "GET /favicon.ico HTTP/1.1" 302 0 "-" "NetworkingExtension/8619.2.8.10.9 Network/4277.42.2 iOS/18.1.1"
2600:4040:b184:3900:291a:f26:534d:1c48 - - [08/Jun/2025:11:03:25 -0400] "GET / HTTP/1.1" 200 10863 "-" "NetworkingExtension/8619.2.8.10.9 Network/4277.42.2 iOS/18.1.1"
2600:4040:b184:3900:291a:f26:534d:1c48 - - [08/Jun/2025:11:03:24 -0400] "GET /manga/re-monster-chapter-56/ HTTP/1.1" 200 17204 "-" "Mozilla/5.0 (Macintosh; Intel Mac OS X 10_11_1) AppleWebKit/601.2.4 (KHTML, like Gecko) Version/9.0.1 Safari/601.2.4 facebookexternalhit/1.1 Facebot Twitterbot/1.0"
2600:4040:b184:3900:291a:f26:534d:1c48 - - [08/Jun/2025:11:03:25 -0400] "GET / HTTP/1.1" 200 10863 "-" "NetworkingExtension/8619.2.8.10.9 Network/4277.42.2 iOS/18.1.1"
2600:4040:b184:3900:291a:f26:534d:1c48 - - [08/Jun/2025:11:03:38 -0400] "GET /manga/re-monster-chapter-57/ HTTP/1.1" 200 17456 "-" "Mozilla/5.0 (iPad; CPU OS 18_1_1 like Mac OS X) AppleWebKit/605.1.15 (KHTML, like Gecko) Version/18.1.1 Mobile/15E148 Safari/604.1"
2600:4040:b184:3900:291a:f26:534d:1c48 - - [08/Jun/2025:11:03:41 -0400] "GET /manga/re-monster-chapter-57/ HTTP/1.1" 304 0 "https://remonster.online/manga/re-monster-chapter-56/" "Mozilla/5.0 (iPad; CPU OS 18_1_1 like Mac OS X) AppleWebKit/605.1.15 (KHTML, like Gecko) Version/18.1.1 Mobile/15E148 Safari/604.1"
2600:4040:b184:3900:291a:f26:534d:1c48 - - [08/Jun/2025:11:03:50 -0400] "GET /manga/re-monster-chapter-58/ HTTP/1.1" 200 17357 "-" "Mozilla/5.0 (iPad; CPU OS 18_1_1 like Mac OS X) AppleWebKit/605.1.15 (KHTML, like Gecko) Version/18.1.1 Mobile/15E148 Safari/604.1"
2600:4040:b184:3900:291a:f26:534d:1c48 - - [08/Jun/2025:11:03:54 -0400] "GET /manga/re-monster-chapter-58/ HTTP/1.1" 304 0 "https://remonster.online/manga/re-monster-chapter-57/" "Mozilla/5.0 (iPad; CPU OS 18_1_1 like Mac OS X) AppleWebKit/605.1.15 (KHTML, like Gecko) Version/18.1.1 Mobile/15E148 Safari/604.1"
2600:4040:b184:3900:291a:f26:534d:1c48 - - [08/Jun/2025:11:03:56 -0400] "GET /apple-touch-icon-precomposed.png HTTP/1.1" 301 0 "-" "NetworkingExtension/8619.2.8.10.9 Network/4277.42.2 iOS/18.1.1"
2600:4040:b184:3900:291a:f26:534d:1c48 - - [08/Jun/2025:11:03:56 -0400] "GET /apple-touch-icon.png HTTP/1.1" 301 0 "-" "NetworkingExtension/8619.2.8.10.9 Network/4277.42.2 iOS/18.1.1"
162.0.232.193 - - [08/Jun/2025:11:03:57 -0400] "POST /wp-cron.php?doing_wp_cron=1749395036.8499970436096191406250 HTTP/1.1" 200 0 "-" "WordPress/6.6.2; https://remonster.online"
2600:4040:b184:3900:291a:f26:534d:1c48 - - [08/Jun/2025:11:03:56 -0400] "GET /favicon.ico HTTP/1.1" 302 0 "-" "NetworkingExtension/8619.2.8.10.9 Network/4277.42.2 iOS/18.1.1"
2600:4040:b184:3900:291a:f26:534d:1c48 - - [08/Jun/2025:11:03:57 -0400] "GET / HTTP/1.1" 200 10863 "-" "NetworkingExtension/8619.2.8.10.9 Network/4277.42.2 iOS/18.1.1"
2600:4040:b184:3900:291a:f26:534d:1c48 - - [08/Jun/2025:11:03:57 -0400] "GET / HTTP/1.1" 200 10900 "-" "NetworkingExtension/8619.2.8.10.9 Network/4277.42.2 iOS/18.1.1"
2600:4040:b184:3900:291a:f26:534d:1c48 - - [08/Jun/2025:11:04:07 -0400] "GET /manga/re-monster-chapter-58/ HTTP/1.1" 304 0 "-" "Mozilla/5.0 (iPad; CPU OS 18_1_1 like Mac OS X) AppleWebKit/605.1.15 (KHTML, like Gecko) Version/18.1.1 Mobile/15E148 Safari/604.1"
2600:4040:b184:3900:291a:f26:534d:1c48 - - [08/Jun/2025:11:04:12 -0400] "GET /manga/re-monster-chapter-58/ HTTP/1.1" 304 0 "https://remonster.online/manga/re-monster-chapter-57/" "Mozilla/5.0 (iPad; CPU OS 18_1_1 like Mac OS X) AppleWebKit/605.1.15 (KHTML, like Gecko) Version/18.1.1 Mobile/15E148 Safari/604.1"
2600:4040:b184:3900:291a:f26:534d:1c48 - - [08/Jun/2025:11:04:15 -0400] "GET /manga/re-monster-chapter-58/ HTTP/1.1" 200 17390 "-" "Mozilla/5.0 (Macintosh; Intel Mac OS X 10_15_7) AppleWebKit/605.1.15 (KHTML, like Gecko) Version/18.1.1 Mobile/15E148 Safari/604.1"
162.0.232.193 - - [08/Jun/2025:11:04:15 -0400] "POST /wp-cron.php?doing_wp_cron=1749395055.7717900276184082031250 HTTP/1.1" 200 0 "-" "WordPress/6.6.2; https://remonster.online"
2600:4040:b184:3900:291a:f26:534d:1c48 - - [08/Jun/2025:11:04:15 -0400] "GET /apple-touch-icon-152x152-precomposed.png HTTP/1.1" 301 0 "-" "MobileSafari/8619.2.8.10.9 CFNetwork/1568.200.51 Darwin/24.1.0"
2600:4040:b184:3900:291a:f26:534d:1c48 - - [08/Jun/2025:11:04:16 -0400] "GET / HTTP/1.1" 200 10813 "-" "MobileSafari/8619.2.8.10.9 CFNetwork/1568.200.51 Darwin/24.1.0"
2600:4040:b184:3900:291a:f26:534d:1c48 - - [08/Jun/2025:11:04:16 -0400] "GET /apple-touch-icon-152x152.png HTTP/1.1" 301 0 "-" "MobileSafari/8619.2.8.10.9 CFNetwork/1568.200.51 Darwin/24.1.0"
2600:4040:b184:3900:291a:f26:534d:1c48 - - [08/Jun/2025:11:04:17 -0400] "GET / HTTP/1.1" 200 10813 "-" "MobileSafari/8619.2.8.10.9 CFNetwork/1568.200.51 Darwin/24.1.0"
2600:4040:b184:3900:291a:f26:534d:1c48 - - [08/Jun/2025:11:04:25 -0400] "GET /manga/re-monster-chapter-59/ HTTP/1.1" 200 17414 "-" "Mozilla/5.0 (iPad; CPU OS 18_1_1 like Mac OS X) AppleWebKit/605.1.15 (KHTML, like Gecko) Version/18.1.1 Mobile/15E148 Safari/604.1"
2600:4040:b184:3900:291a:f26:534d:1c48 - - [08/Jun/2025:11:04:29 -0400] "GET /manga/re-monster-chapter-59/ HTTP/1.1" 304 0 "https://remonster.online/manga/re-monster-chapter-58/" "Mozilla/5.0 (iPad; CPU OS 18_1_1 like Mac OS X) AppleWebKit/605.1.15 (KHTML, like Gecko) Version/18.1.1 Mobile/15E148 Safari/604.1"
2600:4040:b184:3900:291a:f26:534d:1c48 - - [08/Jun/2025:11:04:37 -0400] "GET /manga/re-monster-chapter-60/ HTTP/1.1" 200 17829 "-" "Mozilla/5.0 (iPad; CPU OS 18_1_1 like Mac OS X) AppleWebKit/605.1.15 (KHTML, like Gecko) Version/18.1.1 Mobile/15E148 Safari/604.1"
162.0.232.193 - - [08/Jun/2025:11:04:38 -0400] "POST /wp-cron.php?doing_wp_cron=1749395078.1169838905334472656250 HTTP/1.1" 200 0 "-" "WordPress/6.6.2; https://remonster.online"
2600:4040:b184:3900:291a:f26:534d:1c48 - - [08/Jun/2025:11:04:37 -0400] "POST /wp-admin/admin-ajax.php HTTP/1.1" 200 69 "https://remonster.online/manga/re-monster-chapter-60/" "Mozilla/5.0 (iPad; CPU OS 18_1_1 like Mac OS X) AppleWebKit/605.1.15 (KHTML, like Gecko) Version/18.1.1 Mobile/15E148 Safari/604.1"
2600:4040:b184:3900:291a:f26:534d:1c48 - - [08/Jun/2025:11:04:39 -0400] "GET /manga/re-monster-chapter-60/ HTTP/1.1" 304 0 "https://remonster.online/manga/re-monster-chapter-59/" "Mozilla/5.0 (iPad; CPU OS 18_1_1 like Mac OS X) AppleWebKit/605.1.15 (KHTML, like Gecko) Version/18.1.1 Mobile/15E148 Safari/604.1"
2600:4040:b184:3900:291a:f26:534d:1c48 - - [08/Jun/2025:11:04:39 -0400] "POST /wp-admin/admin-ajax.php HTTP/1.1" 200 69 "https://remonster.online/manga/re-monster-chapter-60/" "Mozilla/5.0 (iPad; CPU OS 18_1_1 like Mac OS X) AppleWebKit/605.1.15 (KHTML, like Gecko) Version/18.1.1 Mobile/15E148 Safari/604.1"
2600:4040:b184:3900:291a:f26:534d:1c48 - - [08/Jun/2025:11:04:43 -0400] "GET / HTTP/1.1" 304 0 "https://remonster.online/manga/re-monster-chapter-60/" "Mozilla/5.0 (iPad; CPU OS 18_1_1 like Mac OS X) AppleWebKit/605.1.15 (KHTML, like Gecko) Version/18.1.1 Mobile/15E148 Safari/604.1"
2600:4040:b184:3900:291a:f26:534d:1c48 - - [08/Jun/2025:11:04:48 -0400] "GET /manga/re-monster-chapter-61/ HTTP/1.1" 200 17377 "-" "Mozilla/5.0 (iPad; CPU OS 18_1_1 like Mac OS X) AppleWebKit/605.1.15 (KHTML, like Gecko) Version/18.1.1 Mobile/15E148 Safari/604.1"
76.49.6.198 - - [08/Jun/2025:11:04:52 -0400] "GET /manga/re-monster-chapter-10/ HTTP/1.1" 200 17032 "https://remonster.online/manga/re-monster-chapter-9/" "Mozilla/5.0 (iPhone; CPU iPhone OS 15_6_1 like Mac OS X) AppleWebKit/605.1.15 (KHTML, like Gecko) Version/15.6.1 Mobile/15E148 Safari/604.1"
2600:4040:b184:3900:291a:f26:534d:1c48 - - [08/Jun/2025:11:04:52 -0400] "GET /manga/re-monster-chapter-62/ HTTP/1.1" 200 17779 "-" "Mozilla/5.0 (iPad; CPU OS 18_1_1 like Mac OS X) AppleWebKit/605.1.15 (KHTML, like Gecko) Version/18.1.1 Mobile/15E148 Safari/604.1"
76.49.6.198 - - [08/Jun/2025:11:04:52 -0400] "POST /wp-admin/admin-ajax.php HTTP/1.1" 200 69 "https://remonster.online/manga/re-monster-chapter-10/" "Mozilla/5.0 (iPhone; CPU iPhone OS 15_6_1 like Mac OS X) AppleWebKit/605.1.15 (KHTML, like Gecko) Version/15.6.1 Mobile/15E148 Safari/604.1"
2600:4040:b184:3900:291a:f26:534d:1c48 - - [08/Jun/2025:11:04:52 -0400] "POST /wp-admin/admin-ajax.php HTTP/1.1" 200 69 "https://remonster.online/manga/re-monster-chapter-62/" "Mozilla/5.0 (iPad; CPU OS 18_1_1 like Mac OS X) AppleWebKit/605.1.15 (KHTML, like Gecko) Version/18.1.1 Mobile/15E148 Safari/604.1"
2600:4040:b184:3900:291a:f26:534d:1c48 - - [08/Jun/2025:11:04:56 -0400] "GET /manga/re-monster-chapter-63/ HTTP/1.1" 200 17774 "-" "Mozilla/5.0 (iPad; CPU OS 18_1_1 like Mac OS X) AppleWebKit/605.1.15 (KHTML, like Gecko) Version/18.1.1 Mobile/15E148 Safari/604.1"
2600:4040:b184:3900:291a:f26:534d:1c48 - - [08/Jun/2025:11:04:56 -0400] "POST /wp-admin/admin-ajax.php HTTP/1.1" 200 69 "https://remonster.online/manga/re-monster-chapter-63/" "Mozilla/5.0 (iPad; CPU OS 18_1_1 like Mac OS X) AppleWebKit/605.1.15 (KHTML, like Gecko) Version/18.1.1 Mobile/15E148 Safari/604.1"
69.79.197.195 - - [08/Jun/2025:11:04:59 -0400] "GET /manga/re-monster-chapter-15/ HTTP/1.1" 200 17788 "https://remonster.online/manga/re-monster-chapter-14/" "Mozilla/5.0 (iPhone; CPU iPhone OS 18_0 like Mac OS X) AppleWebKit/605.1.15 (KHTML, like Gecko) Version/18.0 Mobile/15E148 Safari/604.1"
2600:4040:b184:3900:291a:f26:534d:1c48 - - [08/Jun/2025:11:05:00 -0400] "GET /manga/re-monster-chapter-64/ HTTP/1.1" 200 18116 "-" "Mozilla/5.0 (iPad; CPU OS 18_1_1 like Mac OS X) AppleWebKit/605.1.15 (KHTML, like Gecko) Version/18.1.1 Mobile/15E148 Safari/604.1"
69.79.197.195 - - [08/Jun/2025:11:05:00 -0400] "POST /wp-admin/admin-ajax.php HTTP/1.1" 200 69 "https://remonster.online/manga/re-monster-chapter-15/" "Mozilla/5.0 (iPhone; CPU iPhone OS 18_0 like Mac OS X) AppleWebKit/605.1.15 (KHTML, like Gecko) Version/18.0 Mobile/15E148 Safari/604.1"
2600:4040:b184:3900:291a:f26:534d:1c48 - - [08/Jun/2025:11:05:00 -0400] "POST /wp-admin/admin-ajax.php HTTP/1.1" 200 69 "https://remonster.online/manga/re-monster-chapter-64/" "Mozilla/5.0 (iPad; CPU OS 18_1_1 like Mac OS X) AppleWebKit/605.1.15 (KHTML, like Gecko) Version/18.1.1 Mobile/15E148 Safari/604.1"
2600:4040:b184:3900:291a:f26:534d:1c48 - - [08/Jun/2025:11:05:04 -0400] "GET /manga/re-monster-chapter-65/ HTTP/1.1" 200 17816 "-" "Mozilla/5.0 (iPad; CPU OS 18_1_1 like Mac OS X) AppleWebKit/605.1.15 (KHTML, like Gecko) Version/18.1.1 Mobile/15E148 Safari/604.1"
2600:4040:b184:3900:291a:f26:534d:1c48 - - [08/Jun/2025:11:05:04 -0400] "POST /wp-admin/admin-ajax.php HTTP/1.1" 200 69 "https://remonster.online/manga/re-monster-chapter-65/" "Mozilla/5.0 (iPad; CPU OS 18_1_1 like Mac OS X) AppleWebKit/605.1.15 (KHTML, like Gecko) Version/18.1.1 Mobile/15E148 Safari/604.1"
2600:4040:b184:3900:291a:f26:534d:1c48 - - [08/Jun/2025:11:05:07 -0400] "GET /manga/re-monster-chapter-66/ HTTP/1.1" 200 18264 "-" "Mozilla/5.0 (iPad; CPU OS 18_1_1 like Mac OS X) AppleWebKit/605.1.15 (KHTML, like Gecko) Version/18.1.1 Mobile/15E148 Safari/604.1"
2600:4040:b184:3900:291a:f26:534d:1c48 - - [08/Jun/2025:11:05:08 -0400] "POST /wp-admin/admin-ajax.php HTTP/1.1" 200 69 "https://remonster.online/manga/re-monster-chapter-66/" "Mozilla/5.0 (iPad; CPU OS 18_1_1 like Mac OS X) AppleWebKit/605.1.15 (KHTML, like Gecko) Version/18.1.1 Mobile/15E148 Safari/604.1"
2600:4040:b184:3900:291a:f26:534d:1c48 - - [08/Jun/2025:11:05:14 -0400] "GET /manga/re-monster-chapter-67/ HTTP/1.1" 200 17972 "-" "Mozilla/5.0 (iPad; CPU OS 18_1_1 like Mac OS X) AppleWebKit/605.1.15 (KHTML, like Gecko) Version/18.1.1 Mobile/15E148 Safari/604.1"
2600:4040:b184:3900:291a:f26:534d:1c48 - - [08/Jun/2025:11:05:14 -0400] "POST /wp-admin/admin-ajax.php HTTP/1.1" 200 69 "https://remonster.online/manga/re-monster-chapter-67/" "Mozilla/5.0 (iPad; CPU OS 18_1_1 like Mac OS X) AppleWebKit/605.1.15 (KHTML, like Gecko) Version/18.1.1 Mobile/15E148 Safari/604.1"
2600:4040:b184:3900:291a:f26:534d:1c48 - - [08/Jun/2025:11:05:18 -0400] "GET /manga/re-monster-chapter-69/ HTTP/1.1" 200 17996 "-" "Mozilla/5.0 (iPad; CPU OS 18_1_1 like Mac OS X) AppleWebKit/605.1.15 (KHTML, like Gecko) Version/18.1.1 Mobile/15E148 Safari/604.1"
2600:4040:b184:3900:291a:f26:534d:1c48 - - [08/Jun/2025:11:05:20 -0400] "GET /manga/re-monster-chapter-68/ HTTP/1.1" 200 17954 "-" "Mozilla/5.0 (iPad; CPU OS 18_1_1 like Mac OS X) AppleWebKit/605.1.15 (KHTML, like Gecko) Version/18.1.1 Mobile/15E148 Safari/604.1"
162.0.232.193 - - [08/Jun/2025:11:05:20 -0400] "POST /wp-cron.php?doing_wp_cron=1749395120.6195349693298339843750 HTTP/1.1" 200 0 "-" "WordPress/6.6.2; https://remonster.online"
2600:4040:b184:3900:291a:f26:534d:1c48 - - [08/Jun/2025:11:05:20 -0400] "POST /wp-admin/admin-ajax.php HTTP/1.1" 200 69 "https://remonster.online/manga/re-monster-chapter-68/" "Mozilla/5.0 (iPad; CPU OS 18_1_1 like Mac OS X) AppleWebKit/605.1.15 (KHTML, like Gecko) Version/18.1.1 Mobile/15E148 Safari/604.1"
76.49.6.198 - - [08/Jun/2025:11:05:22 -0400] "GET /manga/re-monster-chapter-11/ HTTP/1.1" 200 18103 "https://remonster.online/manga/re-monster-chapter-10/" "Mozilla/5.0 (iPhone; CPU iPhone OS 15_6_1 like Mac OS X) AppleWebKit/605.1.15 (KHTML, like Gecko) Version/15.6.1 Mobile/15E148 Safari/604.1"
76.49.6.198 - - [08/Jun/2025:11:05:23 -0400] "POST /wp-admin/admin-ajax.php HTTP/1.1" 200 69 "https://remonster.online/manga/re-monster-chapter-11/" "Mozilla/5.0 (iPhone; CPU iPhone OS 15_6_1 like Mac OS X) AppleWebKit/605.1.15 (KHTML, like Gecko) Version/15.6.1 Mobile/15E148 Safari/604.1"
2600:4040:b184:3900:291a:f26:534d:1c48 - - [08/Jun/2025:11:05:24 -0400] "GET /manga/re-monster-chapter-69/ HTTP/1.1" 304 0 "-" "Mozilla/5.0 (iPad; CPU OS 18_1_1 like Mac OS X) AppleWebKit/605.1.15 (KHTML, like Gecko) Version/18.1.1 Mobile/15E148 Safari/604.1"
2600:4040:b184:3900:291a:f26:534d:1c48 - - [08/Jun/2025:11:05:27 -0400] "GET /manga/re-monster-chapter-70/ HTTP/1.1" 200 17711 "-" "Mozilla/5.0 (iPad; CPU OS 18_1_1 like Mac OS X) AppleWebKit/605.1.15 (KHTML, like Gecko) Version/18.1.1 Mobile/15E148 Safari/604.1"
2600:4040:b184:3900:291a:f26:534d:1c48 - - [08/Jun/2025:11:05:32 -0400] "GET /manga/re-monster-chapter-71/ HTTP/1.1" 200 17732 "-" "Mozilla/5.0 (iPad; CPU OS 18_1_1 like Mac OS X) AppleWebKit/605.1.15 (KHTML, like Gecko) Version/18.1.1 Mobile/15E148 Safari/604.1"
2600:4040:b184:3900:291a:f26:534d:1c48 - - [08/Jun/2025:11:05:35 -0400] "GET /manga/re-monster-chapter-72/ HTTP/1.1" 200 17973 "-" "Mozilla/5.0 (iPad; CPU OS 18_1_1 like Mac OS X) AppleWebKit/605.1.15 (KHTML, like Gecko) Version/18.1.1 Mobile/15E148 Safari/604.1"
162.0.232.193 - - [08/Jun/2025:11:05:36 -0400] "POST /wp-cron.php?doing_wp_cron=1749395135.8493781089782714843750 HTTP/1.1" 200 0 "-" "WordPress/6.6.2; https://remonster.online"
2600:4040:b184:3900:291a:f26:534d:1c48 - - [08/Jun/2025:11:05:35 -0400] "POST /wp-admin/admin-ajax.php HTTP/1.1" 200 69 "https://remonster.online/manga/re-monster-chapter-72/" "Mozilla/5.0 (iPad; CPU OS 18_1_1 like Mac OS X) AppleWebKit/605.1.15 (KHTML, like Gecko) Version/18.1.1 Mobile/15E148 Safari/604.1"
2600:4040:b184:3900:291a:f26:534d:1c48 - - [08/Jun/2025:11:05:39 -0400] "GET /manga/re-monster-chapter-73/ HTTP/1.1" 200 17453 "-" "Mozilla/5.0 (iPad; CPU OS 18_1_1 like Mac OS X) AppleWebKit/605.1.15 (KHTML, like Gecko) Version/18.1.1 Mobile/15E148 Safari/604.1"
185.191.171.13 - - [08/Jun/2025:11:05:42 -0400] "GET /author/admin/page/5/ HTTP/1.1" 200 19324 "-" "Mozilla/5.0 (compatible; SemrushBot/7~bl; +http://www.semrush.com/bot.html)"
2600:4040:b184:3900:291a:f26:534d:1c48 - - [08/Jun/2025:11:05:44 -0400] "GET /manga/re-monster-chapter-74/ HTTP/1.1" 200 17651 "-" "Mozilla/5.0 (iPad; CPU OS 18_1_1 like Mac OS X) AppleWebKit/605.1.15 (KHTML, like Gecko) Version/18.1.1 Mobile/15E148 Safari/604.1"
2600:4040:b184:3900:291a:f26:534d:1c48 - - [08/Jun/2025:11:05:47 -0400] "GET /manga/remonster-chapter-75/ HTTP/1.1" 200 17366 "-" "Mozilla/5.0 (iPad; CPU OS 18_1_1 like Mac OS X) AppleWebKit/605.1.15 (KHTML, like Gecko) Version/18.1.1 Mobile/15E148 Safari/604.1"
2600:4040:b184:3900:291a:f26:534d:1c48 - - [08/Jun/2025:11:05:53 -0400] "GET /manga/remonster-chapter-75/ HTTP/1.1" 200 17422 "-" "Mozilla/5.0 (Macintosh; Intel Mac OS X 10_15_7) AppleWebKit/605.1.15 (KHTML, like Gecko) Version/18.1.1 Mobile/15E148 Safari/604.1"
76.49.6.198 - - [08/Jun/2025:11:05:55 -0400] "GET /manga/re-monster-chapter-12/ HTTP/1.1" 200 17806 "https://remonster.online/manga/re-monster-chapter-11/" "Mozilla/5.0 (iPhone; CPU iPhone OS 15_6_1 like Mac OS X) AppleWebKit/605.1.15 (KHTML, like Gecko) Version/15.6.1 Mobile/15E148 Safari/604.1"
76.49.6.198 - - [08/Jun/2025:11:05:55 -0400] "POST /wp-admin/admin-ajax.php HTTP/1.1" 200 69 "https://remonster.online/manga/re-monster-chapter-12/" "Mozilla/5.0 (iPhone; CPU iPhone OS 15_6_1 like Mac OS X) AppleWebKit/605.1.15 (KHTML, like Gecko) Version/15.6.1 Mobile/15E148 Safari/604.1"
2001:ee0:46e1:35a0:8d3b:17d9:6cd:8f15 - - [08/Jun/2025:11:06:03 -0400] "GET / HTTP/1.1" 200 10856 "https://www.google.com/url?q=https://remonster.online/&sa=U&sqi=2&ved=2ahUKEwiw5ZvojOKNAxVSsFYBHbxeAmsQFnoECAsQAQ&zccpm=epi&usg=AOvVaw0kliG4Nej1xKHfGxNiwLk_" "Mozilla/5.0 (iPhone; CPU iPhone OS 16_7_10 like Mac OS X) AppleWebKit/605.1.15 (KHTML, like Gecko) GSA/371.0.763199552 Mobile/15E148 Safari/604.1"
2600:4040:b184:3900:291a:f26:534d:1c48 - - [08/Jun/2025:11:06:05 -0400] "GET /manga/remonster-chapter-75/null HTTP/1.1" 301 0 "-" "Mozilla/5.0 (Macintosh; Intel Mac OS X 10_15_7) AppleWebKit/605.1.15 (KHTML, like Gecko) Version/18.1.1 Mobile/15E148 Safari/604.1"
2600:4040:b184:3900:291a:f26:534d:1c48 - - [08/Jun/2025:11:06:06 -0400] "GET /manga/re-monster-chapter-74/ HTTP/1.1" 200 17659 "-" "Mozilla/5.0 (Macintosh; Intel Mac OS X 10_15_7) AppleWebKit/605.1.15 (KHTML, like Gecko) Version/18.1.1 Mobile/15E148 Safari/604.1"
2600:4040:b184:3900:291a:f26:534d:1c48 - - [08/Jun/2025:11:06:26 -0400] "GET /manga/re-monster-chapter-73/ HTTP/1.1" 200 17443 "-" "Mozilla/5.0 (Macintosh; Intel Mac OS X 10_15_7) AppleWebKit/605.1.15 (KHTML, like Gecko) Version/18.1.1 Mobile/15E148 Safari/604.1"
2600:4040:b184:3900:291a:f26:534d:1c48 - - [08/Jun/2025:11:06:29 -0400] "GET /manga/re-monster-chapter-72/ HTTP/1.1" 200 17966 "-" "Mozilla/5.0 (Macintosh; Intel Mac OS X 10_15_7) AppleWebKit/605.1.15 (KHTML, like Gecko) Version/18.1.1 Mobile/15E148 Safari/604.1"
162.0.232.193 - - [08/Jun/2025:11:06:30 -0400] "POST /wp-cron.php?doing_wp_cron=1749395190.1514160633087158203125 HTTP/1.1" 200 0 "-" "WordPress/6.6.2; https://remonster.online"
2600:4040:b184:3900:291a:f26:534d:1c48 - - [08/Jun/2025:11:06:29 -0400] "POST /wp-admin/admin-ajax.php HTTP/1.1" 200 69 "https://remonster.online/manga/re-monster-chapter-72/" "Mozilla/5.0 (Macintosh; Intel Mac OS X 10_15_7) AppleWebKit/605.1.15 (KHTML, like Gecko) Version/18.1.1 Mobile/15E148 Safari/604.1"
2600:4040:b184:3900:291a:f26:534d:1c48 - - [08/Jun/2025:11:06:32 -0400] "GET /manga/re-monster-chapter-71/ HTTP/1.1" 200 17764 "-" "Mozilla/5.0 (Macintosh; Intel Mac OS X 10_15_7) AppleWebKit/605.1.15 (KHTML, like Gecko) Version/18.1.1 Mobile/15E148 Safari/604.1"
2600:4040:b184:3900:291a:f26:534d:1c48 - - [08/Jun/2025:11:06:46 -0400] "GET /manga/remonster-chapter-76/ HTTP/1.1" 200 17383 "-" "Mozilla/5.0 (iPad; CPU OS 18_1_1 like Mac OS X) AppleWebKit/605.1.15 (KHTML, like Gecko) Version/18.1.1 Mobile/15E148 Safari/604.1"
2600:4040:b184:3900:291a:f26:534d:1c48 - - [08/Jun/2025:11:06:51 -0400] "GET /manga/remonster-chapter-77/ HTTP/1.1" 200 17439 "-" "Mozilla/5.0 (iPad; CPU OS 18_1_1 like Mac OS X) AppleWebKit/605.1.15 (KHTML, like Gecko) Version/18.1.1 Mobile/15E148 Safari/604.1"
2600:4040:b184:3900:291a:f26:534d:1c48 - - [08/Jun/2025:11:06:54 -0400] "GET /manga/remonster-chapter-78/ HTTP/1.1" 200 16737 "-" "Mozilla/5.0 (iPad; CPU OS 18_1_1 like Mac OS X) AppleWebKit/605.1.15 (KHTML, like Gecko) Version/18.1.1 Mobile/15E148 Safari/604.1"
2600:4040:b184:3900:291a:f26:534d:1c48 - - [08/Jun/2025:11:06:57 -0400] "GET /manga/remonster-chapter-79/ HTTP/1.1" 200 17825 "-" "Mozilla/5.0 (iPad; CPU OS 18_1_1 like Mac OS X) AppleWebKit/605.1.15 (KHTML, like Gecko) Version/18.1.1 Mobile/15E148 Safari/604.1"
2600:4040:b184:3900:291a:f26:534d:1c48 - - [08/Jun/2025:11:07:01 -0400] "GET /manga/remonster-chapter-80/ HTTP/1.1" 200 14391 "-" "Mozilla/5.0 (iPad; CPU OS 18_1_1 like Mac OS X) AppleWebKit/605.1.15 (KHTML, like Gecko) Version/18.1.1 Mobile/15E148 Safari/604.1"
2600:4040:b184:3900:291a:f26:534d:1c48 - - [08/Jun/2025:11:07:01 -0400] "POST /wp-admin/admin-ajax.php HTTP/1.1" 200 69 "https://remonster.online/manga/remonster-chapter-80/" "Mozilla/5.0 (iPad; CPU OS 18_1_1 like Mac OS X) AppleWebKit/605.1.15 (KHTML, like Gecko) Version/18.1.1 Mobile/15E148 Safari/604.1"
2a02:c7e:3164:8200:24b0:138f:411b:cf1b - - [08/Jun/2025:11:07:22 -0400] "GET /manga/re-monster-chapter-24/ HTTP/1.1" 200 17725 "https://remonster.online/manga/re-monster-chapter-23/" "Mozilla/5.0 (Windows NT 10.0; Win64; x64; rv:139.0) Gecko/20100101 Firefox/139.0"
76.49.6.198 - - [08/Jun/2025:11:07:59 -0400] "GET /manga/re-monster-chapter-13/ HTTP/1.1" 200 17389 "https://remonster.online/manga/re-monster-chapter-12/" "Mozilla/5.0 (iPhone; CPU iPhone OS 15_6_1 like Mac OS X) AppleWebKit/605.1.15 (KHTML, like Gecko) Version/15.6.1 Mobile/15E148 Safari/604.1"
49.49.239.84 - - [08/Jun/2025:11:08:20 -0400] "GET /manga/remonster-chapter-103/ HTTP/1.1" 200 15069 "-" "Mozilla/5.0 (iPhone; CPU iPhone OS 18_5 like Mac OS X) AppleWebKit/605.1.15 (KHTML, like Gecko) Mobile/15E148"
91.84.104.205 - - [08/Jun/2025:11:08:49 -0400] "GET / HTTP/1.1" 200 10863 "-" "Mozilla/5.0 (Macintosh; Intel Mac OS X 10_15_7) AppleWebKit/537.36 (KHTML, like Gecko) Chrome/133.0.0.0 Safari/537.36"
2a02:598:96:8a00::1200:124 - - [08/Jun/2025:11:08:55 -0400] "GET /remonster-chapter-84/ HTTP/1.1" 200 12953 "-" "Mozilla/5.0 (compatible; SeznamBot/4.0; +https://o-seznam.cz/napoveda/vyhledavani/en/seznambot-crawler/)"
162.0.232.193 - - [08/Jun/2025:11:08:56 -0400] "POST /wp-cron.php?doing_wp_cron=1749395336.2183399200439453125000 HTTP/1.1" 200 0 "-" "WordPress/6.6.2; https://remonster.online"
91.84.104.205 - - [08/Jun/2025:11:08:56 -0400] "GET /comments/feed/ HTTP/1.1" 200 386 "-" "Mozilla/5.0 (Macintosh; Intel Mac OS X 10_15_7) AppleWebKit/537.36 (KHTML, like Gecko) Chrome/133.0.0.0 Safari/537.36"
64.224.122.42 - - [08/Jun/2025:11:09:26 -0400] "GET /tag/chapter/ HTTP/1.1" 301 0 "https://remonster.online/manga/re-monster-chapter-65/" "Mozilla/5.0 (Linux; Android 10; K) AppleWebKit/537.36 (KHTML, like Gecko) Chrome/137.0.0.0 Mobile Safari/537.36"
64.224.122.42 - - [08/Jun/2025:11:09:27 -0400] "GET / HTTP/1.1" 304 0 "https://remonster.online/manga/re-monster-chapter-65/" "Mozilla/5.0 (Linux; Android 10; K) AppleWebKit/537.36 (KHTML, like Gecko) Chrome/137.0.0.0 Mobile Safari/537.36"
64.224.122.42 - - [08/Jun/2025:11:09:27 -0400] "GET /manga/re-monster-chapter-66/ HTTP/1.1" 200 18283 "https://remonster.online/manga/re-monster-chapter-65/" "Mozilla/5.0 (Linux; Android 10; K) AppleWebKit/537.36 (KHTML, like Gecko) Chrome/137.0.0.0 Mobile Safari/537.36"
64.224.122.42 - - [08/Jun/2025:11:09:28 -0400] "GET /manga/re-monster-chapter-66/ HTTP/1.1" 304 0 "https://remonster.online/manga/re-monster-chapter-65/" "Mozilla/5.0 (Linux; Android 10; K) AppleWebKit/537.36 (KHTML, like Gecko) Chrome/137.0.0.0 Mobile Safari/537.36"
162.0.232.193 - - [08/Jun/2025:11:09:29 -0400] "POST /wp-cron.php?doing_wp_cron=1749395368.9884879589080810546875 HTTP/1.1" 200 0 "-" "WordPress/6.6.2; https://remonster.online"
64.224.122.42 - - [08/Jun/2025:11:09:28 -0400] "POST /wp-admin/admin-ajax.php HTTP/1.1" 200 69 "https://remonster.online/manga/re-monster-chapter-66/" "Mozilla/5.0 (Linux; Android 10; K) AppleWebKit/537.36 (KHTML, like Gecko) Chrome/137.0.0.0 Mobile Safari/537.36"
76.49.6.198 - - [08/Jun/2025:11:09:33 -0400] "GET /manga/re-monster-chapter-14/ HTTP/1.1" 200 17739 "https://remonster.online/manga/re-monster-chapter-13/" "Mozilla/5.0 (iPhone; CPU iPhone OS 15_6_1 like Mac OS X) AppleWebKit/605.1.15 (KHTML, like Gecko) Version/15.6.1 Mobile/15E148 Safari/604.1"
162.0.232.193 - - [08/Jun/2025:11:09:34 -0400] "POST /wp-cron.php?doing_wp_cron=1749395374.5221300125122070312500 HTTP/1.1" 200 0 "-" "WordPress/6.6.2; https://remonster.online"
