82.145.215.206 - - [08/Jun/2025:05:59:05 -0400] "GET / HTTP/1.1" 200 10863 "https://remonster.online/apple-touch-icon.png" "Go-http-client/1.1"
85.193.240.76 - - [08/Jun/2025:06:00:04 -0400] "GET /manga/re-monster-chapter-28/ HTTP/1.1" 200 17374 "https://remonster.online/manga/re-monster-chapter-27/" "Mozilla/5.0 (iPhone; CPU iPhone OS 18_5 like Mac OS X) AppleWebKit/605.1.15 (KHTML, like Gecko) Version/18.5 Mobile/15E148 Safari/604.1"
162.0.232.193 - - [08/Jun/2025:06:00:12 -0400] "POST /wp-cron.php?doing_wp_cron=1749376812.0049450397491455078125 HTTP/1.1" 200 0 "-" "WordPress/6.6.2; https://remonster.online"
45.61.185.227 - - [08/Jun/2025:06:00:11 -0400] "GET /?author=1 HTTP/1.1" 301 0 "http://www.google.com.hk" "Mozilla/5.0 (Windows NT 6.1; WOW64) AppleWebKit/537.36 (KHTML, like Gecko) Chrome/42.0.2311.90 Safari/537.36"
2001:8003:990a:8b00:7093:1ddb:1f03:5a51 - - [08/Jun/2025:06:00:30 -0400] "GET /manga/re-monster-chapter-58/ HTTP/1.1" 200 17390 "https://remonster.online/manga/re-monster-chapter-57/" "Mozilla/5.0 (iPhone; CPU iPhone OS 18_5 like Mac OS X) AppleWebKit/605.1.15 (KHTML, like Gecko) Version/18.5 Mobile/15E148 Safari/604.1"
45.61.185.227 - - [08/Jun/2025:06:00:50 -0400] "GET /author/admin/ HTTP/1.1" 200 25210 "http://www.google.com.hk" "Mozilla/5.0 (Windows NT 6.1; WOW64) AppleWebKit/537.36 (KHTML, like Gecko) Chrome/42.0.2311.90 Safari/537.36"
175.176.38.130 - - [08/Jun/2025:06:01:06 -0400] "GET /manga/re-monster-chapter-33/ HTTP/1.1" 304 0 "https://remonster.online/manga/re-monster-chapter-34/" "Mozilla/5.0 (Linux; Android 10; K) AppleWebKit/537.36 (KHTML, like Gecko) SamsungBrowser/28.0 Chrome/130.0.0.0 Mobile Safari/537.36"
175.176.38.130 - - [08/Jun/2025:06:01:07 -0400] "GET /manga/re-monster-chapter-35/ HTTP/1.1" 304 0 "https://remonster.online/manga/re-monster-chapter-34/" "Mozilla/5.0 (Linux; Android 10; K) AppleWebKit/537.36 (KHTML, like Gecko) SamsungBrowser/28.0 Chrome/130.0.0.0 Mobile Safari/537.36"
5.20.243.135 - - [08/Jun/2025:06:01:49 -0400] "GET /manga/re-monster-chapter-3/ HTTP/1.1" 200 18043 "https://remonster.online/manga/re-monster-chapter-2/" "Mozilla/5.0 (Windows NT 10.0; Win64; x64) AppleWebKit/537.36 (KHTML, like Gecko) Chrome/137.0.0.0 Safari/537.36"
5.20.243.135 - - [08/Jun/2025:06:01:49 -0400] "GET /manga/re-monster-chapter-3/ HTTP/1.1" 304 0 "https://remonster.online/manga/re-monster-chapter-2/" "Mozilla/5.0 (Windows NT 10.0; Win64; x64) AppleWebKit/537.36 (KHTML, like Gecko) Chrome/137.0.0.0 Safari/537.36"
162.0.232.193 - - [08/Jun/2025:06:01:59 -0400] "POST /wp-cron.php?doing_wp_cron=1749376919.8917279243469238281250 HTTP/1.1" 200 0 "-" "WordPress/6.6.2; https://remonster.online"
45.61.185.227 - - [08/Jun/2025:06:01:59 -0400] "GET /wp-login.php?wp_lang=e HTTP/1.1" 200 1745 "-" "Mozilla/5.0 (Windows NT 6.1; WOW64) AppleWebKit/537.36 (KHTML, like Gecko) Chrome/36.0.1985.125 Safari/537.36"
162.0.232.193 - - [08/Jun/2025:06:02:18 -0400] "POST /wp-cron.php?doing_wp_cron=1749376938.2424631118774414062500 HTTP/1.1" 200 0 "-" "WordPress/6.6.2; https://remonster.online"
45.61.185.227 - - [08/Jun/2025:06:02:18 -0400] "POST /wp-login.php?wp_lang=e HTTP/1.1" 200 1879 "-" "Mozilla/5.0 (Windows NT 6.1; WOW64) AppleWebKit/537.36 (KHTML, like Gecko) Chrome/36.0.1985.125 Safari/537.36"
2001:fd8:b61d:c500:f984:e277:c717:faa2 - - [08/Jun/2025:06:03:00 -0400] "GET /manga/re-monster-chapter-13/ HTTP/1.1" 200 17389 "https://remonster.online/manga/re-monster-chapter-12/" "Mozilla/5.0 (iPhone; CPU iPhone OS 18_5 like Mac OS X) AppleWebKit/605.1.15 (KHTML, like Gecko) Version/18.5 Mobile/15E148 Safari/604.1 OPT/5.5.3"
162.0.232.193 - - [08/Jun/2025:06:03:53 -0400] "POST /wp-cron.php?doing_wp_cron=1749377033.0542409420013427734375 HTTP/1.1" 200 0 "-" "WordPress/6.6.2; https://remonster.online"
45.90.73.208 - - [08/Jun/2025:06:03:52 -0400] "POST /xmlrpc.php HTTP/1.1" 200 186 "https://remonster.online" "Mozilla/5.0 (Macintosh; Intel Mac OS X 10_15_7) AppleWebKit/537.36 (KHTML, like Gecko) Chrome/116.0.5845.96 Safari/537.36"
45.90.73.208 - - [08/Jun/2025:06:03:53 -0400] "POST /wp-login.php HTTP/1.1" 200 1876 "https://remonster.online" "Mozilla/5.0 (Macintosh; Intel Mac OS X 14_4_1) AppleWebKit/605.1.15 (KHTML, like Gecko) Version/17.3.1 Safari/605.1.15"
162.0.232.193 - - [08/Jun/2025:06:04:10 -0400] "POST /wp-cron.php?doing_wp_cron=1749377050.2590470314025878906250 HTTP/1.1" 200 0 "-" "WordPress/6.6.2; https://remonster.online"
8.210.207.148 - - [08/Jun/2025:06:04:10 -0400] "HEAD /dmca HTTP/1.1" 301 0 "-" "Mozilla/5.0 (Windows NT 6.2; Win64; x64) AppleWebKit/537.36 (KHTML, like Gecko) Chrome/65.0.3914.74 Safari/537.36"
8.210.187.177 - - [08/Jun/2025:06:04:10 -0400] "HEAD /category/remonster HTTP/1.1" 301 0 "-" "Mozilla/5.0 (Windows NT 6.3; Win64; x64) AppleWebKit/537.36 (KHTML, like Gecko) Chrome/70.0.3872.180 Safari/537.36"
8.210.201.177 - - [08/Jun/2025:06:04:10 -0400] "HEAD /category/remonster-manga HTTP/1.1" 301 0 "-" "Mozilla/5.0 (Windows NT 6.1; Win64; x64) AppleWebKit/537.36 (KHTML, like Gecko) Chrome/65.0.2988.43 Safari/537.36"
8.210.201.120 - - [08/Jun/2025:06:04:10 -0400] "HEAD /manga/re-monster-chapter-1 HTTP/1.1" 301 0 "-" "Mozilla/5.0 (Windows NT 6.1; Win64; x64) AppleWebKit/537.36 (KHTML, like Gecko) Chrome/77.0.2318.174 Safari/537.36"
8.210.207.148 - - [08/Jun/2025:06:04:10 -0400] "HEAD /dmca/ HTTP/1.1" 200 0 "-" "Mozilla/5.0 (Windows NT 6.2; Win64; x64) AppleWebKit/537.36 (KHTML, like Gecko) Chrome/65.0.3914.74 Safari/537.36"
8.210.187.177 - - [08/Jun/2025:06:04:10 -0400] "HEAD /category/remonster/ HTTP/1.1" 200 0 "-" "Mozilla/5.0 (Windows NT 6.3; Win64; x64) AppleWebKit/537.36 (KHTML, like Gecko) Chrome/70.0.3872.180 Safari/537.36"
8.210.201.177 - - [08/Jun/2025:06:04:10 -0400] "HEAD /category/remonster-manga/ HTTP/1.1" 200 0 "-" "Mozilla/5.0 (Windows NT 6.1; Win64; x64) AppleWebKit/537.36 (KHTML, like Gecko) Chrome/65.0.2988.43 Safari/537.36"
8.210.201.120 - - [08/Jun/2025:06:04:10 -0400] "HEAD /manga/re-monster-chapter-1/ HTTP/1.1" 200 0 "-" "Mozilla/5.0 (Windows NT 6.1; Win64; x64) AppleWebKit/537.36 (KHTML, like Gecko) Chrome/77.0.2318.174 Safari/537.36"
8.210.207.148 - - [08/Jun/2025:06:04:10 -0400] "GET /dmca HTTP/1.1" 301 0 "-" "Mozilla/5.0 (Windows NT 6.2; Win64; x64) AppleWebKit/537.36 (KHTML, like Gecko) Chrome/65.0.3914.74 Safari/537.36"
14.224.134.203 - - [08/Jun/2025:06:04:10 -0400] "HEAD / HTTP/1.1" 200 0 "-" "Mozilla/5.0 (Windows NT 6.0; Win64; x64) AppleWebKit/537.36 (KHTML, like Gecko) Chrome/61.0.2115.196 Safari/537.36"
8.210.187.177 - - [08/Jun/2025:06:04:10 -0400] "GET /category/remonster HTTP/1.1" 301 0 "-" "Mozilla/5.0 (Windows NT 6.3; Win64; x64) AppleWebKit/537.36 (KHTML, like Gecko) Chrome/70.0.3872.180 Safari/537.36"
8.210.201.177 - - [08/Jun/2025:06:04:10 -0400] "GET /category/remonster-manga HTTP/1.1" 301 0 "-" "Mozilla/5.0 (Windows NT 6.1; Win64; x64) AppleWebKit/537.36 (KHTML, like Gecko) Chrome/65.0.2988.43 Safari/537.36"
8.210.201.120 - - [08/Jun/2025:06:04:10 -0400] "GET /manga/re-monster-chapter-1 HTTP/1.1" 301 0 "-" "Mozilla/5.0 (Windows NT 6.1; Win64; x64) AppleWebKit/537.36 (KHTML, like Gecko) Chrome/77.0.2318.174 Safari/537.36"
8.210.207.148 - - [08/Jun/2025:06:04:11 -0400] "GET /dmca/ HTTP/1.1" 200 10855 "-" "Mozilla/5.0 (Windows NT 6.2; Win64; x64) AppleWebKit/537.36 (KHTML, like Gecko) Chrome/65.0.3914.74 Safari/537.36"
8.210.187.177 - - [08/Jun/2025:06:04:11 -0400] "GET /category/remonster/ HTTP/1.1" 200 24979 "-" "Mozilla/5.0 (Windows NT 6.3; Win64; x64) AppleWebKit/537.36 (KHTML, like Gecko) Chrome/70.0.3872.180 Safari/537.36"
8.210.201.177 - - [08/Jun/2025:06:04:11 -0400] "GET /category/remonster-manga/ HTTP/1.1" 200 25019 "-" "Mozilla/5.0 (Windows NT 6.1; Win64; x64) AppleWebKit/537.36 (KHTML, like Gecko) Chrome/65.0.2988.43 Safari/537.36"
8.210.201.120 - - [08/Jun/2025:06:04:11 -0400] "GET /manga/re-monster-chapter-1/ HTTP/1.1" 200 18379 "-" "Mozilla/5.0 (Windows NT 6.1; Win64; x64) AppleWebKit/537.36 (KHTML, like Gecko) Chrome/77.0.2318.174 Safari/537.36"
14.224.134.203 - - [08/Jun/2025:06:04:11 -0400] "GET / HTTP/1.1" 200 10863 "-" "Mozilla/5.0 (Windows NT 6.0; Win64; x64) AppleWebKit/537.36 (KHTML, like Gecko) Chrome/61.0.2115.196 Safari/537.36"
5.20.243.135 - - [08/Jun/2025:06:05:11 -0400] "GET /manga/re-monster-chapter-2/ HTTP/1.1" 304 0 "https://remonster.online/manga/re-monster-chapter-3/" "Mozilla/5.0 (Windows NT 10.0; Win64; x64) AppleWebKit/537.36 (KHTML, like Gecko) Chrome/137.0.0.0 Safari/537.36"
5.20.243.135 - - [08/Jun/2025:06:05:11 -0400] "GET /manga/re-monster-chapter-4/ HTTP/1.1" 200 18016 "https://remonster.online/manga/re-monster-chapter-3/" "Mozilla/5.0 (Windows NT 10.0; Win64; x64) AppleWebKit/537.36 (KHTML, like Gecko) Chrome/137.0.0.0 Safari/537.36"
5.20.243.135 - - [08/Jun/2025:06:05:11 -0400] "GET /manga/re-monster-chapter-4/ HTTP/1.1" 304 0 "https://remonster.online/manga/re-monster-chapter-3/" "Mozilla/5.0 (Windows NT 10.0; Win64; x64) AppleWebKit/537.36 (KHTML, like Gecko) Chrome/137.0.0.0 Safari/537.36"
2001:8f8:1123:f964:19b3:a0ca:4ffe:3d22 - - [08/Jun/2025:06:06:22 -0400] "GET /manga/re-monster-chapter-62/ HTTP/1.1" 304 0 "https://remonster.online/manga/re-monster-chapter-63/" "Mozilla/5.0 (Linux; Android 10; K) AppleWebKit/537.36 (KHTML, like Gecko) SamsungBrowser/28.0 Chrome/130.0.0.0 Mobile Safari/537.36"
2001:8f8:1123:f964:19b3:a0ca:4ffe:3d22 - - [08/Jun/2025:06:06:22 -0400] "GET /category/re-monster/ HTTP/1.1" 200 25314 "https://remonster.online/manga/re-monster-chapter-63/" "Mozilla/5.0 (Linux; Android 10; K) AppleWebKit/537.36 (KHTML, like Gecko) SamsungBrowser/28.0 Chrome/130.0.0.0 Mobile Safari/537.36"
2001:8f8:1123:f964:19b3:a0ca:4ffe:3d22 - - [08/Jun/2025:06:06:22 -0400] "GET /manga/re-monster-chapter-64/ HTTP/1.1" 200 18106 "https://remonster.online/manga/re-monster-chapter-63/" "Mozilla/5.0 (Linux; Android 10; K) AppleWebKit/537.36 (KHTML, like Gecko) SamsungBrowser/28.0 Chrome/130.0.0.0 Mobile Safari/537.36"
162.0.232.193 - - [08/Jun/2025:06:06:24 -0400] "POST /wp-cron.php?doing_wp_cron=1749377184.0071949958801269531250 HTTP/1.1" 200 0 "-" "WordPress/6.6.2; https://remonster.online"
2001:8f8:1123:f964:19b3:a0ca:4ffe:3d22 - - [08/Jun/2025:06:06:23 -0400] "POST /wp-admin/admin-ajax.php HTTP/1.1" 200 69 "https://remonster.online/manga/re-monster-chapter-64/" "Mozilla/5.0 (Linux; Android 10; K) AppleWebKit/537.36 (KHTML, like Gecko) SamsungBrowser/28.0 Chrome/130.0.0.0 Mobile Safari/537.36"
2001:fd8:b61d:c500:f984:e277:c717:faa2 - - [08/Jun/2025:06:06:24 -0400] "GET /manga/re-monster-chapter-14/ HTTP/1.1" 200 17739 "https://remonster.online/manga/re-monster-chapter-13/" "Mozilla/5.0 (iPhone; CPU iPhone OS 18_5 like Mac OS X) AppleWebKit/605.1.15 (KHTML, like Gecko) Version/18.5 Mobile/15E148 Safari/604.1 OPT/5.5.3"
2001:fd8:b61d:c500:f984:e277:c717:faa2 - - [08/Jun/2025:06:06:25 -0400] "POST /wp-admin/admin-ajax.php HTTP/1.1" 200 69 "https://remonster.online/manga/re-monster-chapter-14/" "Mozilla/5.0 (iPhone; CPU iPhone OS 18_5 like Mac OS X) AppleWebKit/605.1.15 (KHTML, like Gecko) Version/18.5 Mobile/15E148 Safari/604.1 OPT/5.5.3"
162.0.232.193 - - [08/Jun/2025:06:06:46 -0400] "POST /wp-cron.php?doing_wp_cron=1749377206.1838850975036621093750 HTTP/1.1" 200 0 "-" "WordPress/6.6.2; https://remonster.online"
8.210.206.156 - - [08/Jun/2025:06:06:46 -0400] "HEAD /manga/remonster-chapter-105 HTTP/1.1" 301 0 "-" "Mozilla/5.0 (Windows NT 6.1; Win64; x64) AppleWebKit/537.36 (KHTML, like Gecko) Chrome/72.0.3403.122 Safari/537.36"
8.210.206.156 - - [08/Jun/2025:06:06:46 -0400] "HEAD /manga/remonster-chapter-105/ HTTP/1.1" 200 0 "-" "Mozilla/5.0 (Windows NT 6.1; Win64; x64) AppleWebKit/537.36 (KHTML, like Gecko) Chrome/72.0.3403.122 Safari/537.36"
8.210.206.156 - - [08/Jun/2025:06:06:46 -0400] "GET /manga/remonster-chapter-105 HTTP/1.1" 301 0 "-" "Mozilla/5.0 (Windows NT 6.1; Win64; x64) AppleWebKit/537.36 (KHTML, like Gecko) Chrome/72.0.3403.122 Safari/537.36"
8.210.206.156 - - [08/Jun/2025:06:06:47 -0400] "GET /manga/remonster-chapter-105/ HTTP/1.1" 200 18241 "-" "Mozilla/5.0 (Windows NT 6.1; Win64; x64) AppleWebKit/537.36 (KHTML, like Gecko) Chrome/72.0.3403.122 Safari/537.36"
175.176.38.130 - - [08/Jun/2025:06:07:37 -0400] "GET /tag/original/ HTTP/1.1" 301 0 "https://remonster.online/manga/re-monster-chapter-35/" "Mozilla/5.0 (Linux; Android 10; K) AppleWebKit/537.36 (KHTML, like Gecko) SamsungBrowser/28.0 Chrome/130.0.0.0 Mobile Safari/537.36"
175.176.38.130 - - [08/Jun/2025:06:07:38 -0400] "GET / HTTP/1.1" 200 10856 "https://remonster.online/manga/re-monster-chapter-35/" "Mozilla/5.0 (Linux; Android 10; K) AppleWebKit/537.36 (KHTML, like Gecko) SamsungBrowser/28.0 Chrome/130.0.0.0 Mobile Safari/537.36"
175.176.38.130 - - [08/Jun/2025:06:07:41 -0400] "GET /manga/re-monster-chapter-36/ HTTP/1.1" 200 17512 "https://remonster.online/manga/re-monster-chapter-35/" "Mozilla/5.0 (Linux; Android 10; K) AppleWebKit/537.36 (KHTML, like Gecko) SamsungBrowser/28.0 Chrome/130.0.0.0 Mobile Safari/537.36"
43.167.236.228 - - [08/Jun/2025:06:08:46 -0400] "GET /manga/remonster-chapter-87/ HTTP/1.1" 200 14000 "-" "Mozilla/5.0 (iPhone; CPU iPhone OS 13_2_3 like Mac OS X) AppleWebKit/605.1.15 (KHTML, like Gecko) Version/13.0.3 Mobile/15E148 Safari/604.1"
5.20.243.135 - - [08/Jun/2025:06:09:17 -0400] "GET /manga/re-monster-chapter-3/ HTTP/1.1" 304 0 "https://remonster.online/manga/re-monster-chapter-4/" "Mozilla/5.0 (Windows NT 10.0; Win64; x64) AppleWebKit/537.36 (KHTML, like Gecko) Chrome/137.0.0.0 Safari/537.36"
5.20.243.135 - - [08/Jun/2025:06:09:17 -0400] "GET /manga/re-monster-chapter-5/ HTTP/1.1" 200 18555 "https://remonster.online/manga/re-monster-chapter-4/" "Mozilla/5.0 (Windows NT 10.0; Win64; x64) AppleWebKit/537.36 (KHTML, like Gecko) Chrome/137.0.0.0 Safari/537.36"
5.20.243.135 - - [08/Jun/2025:06:09:17 -0400] "GET /manga/re-monster-chapter-5/ HTTP/1.1" 304 0 "https://remonster.online/manga/re-monster-chapter-4/" "Mozilla/5.0 (Windows NT 10.0; Win64; x64) AppleWebKit/537.36 (KHTML, like Gecko) Chrome/137.0.0.0 Safari/537.36"
162.0.232.193 - - [08/Jun/2025:06:09:18 -0400] "POST /wp-cron.php?doing_wp_cron=1749377358.3402290344238281250000 HTTP/1.1" 200 0 "-" "WordPress/6.6.2; https://remonster.online"
5.20.243.135 - - [08/Jun/2025:06:09:18 -0400] "POST /wp-admin/admin-ajax.php HTTP/1.1" 200 69 "https://remonster.online/manga/re-monster-chapter-5/" "Mozilla/5.0 (Windows NT 10.0; Win64; x64) AppleWebKit/537.36 (KHTML, like Gecko) Chrome/137.0.0.0 Safari/537.36"
105.245.120.154 - - [08/Jun/2025:06:10:26 -0400] "GET /manga/re-monster-chapter-1/ HTTP/1.1" 304 0 "-" "Mozilla/5.0 (Linux; Android 10; K) AppleWebKit/537.36 (KHTML, like Gecko) Chrome/133.0.0.0 Safari/537.36"
105.245.120.154 - - [08/Jun/2025:06:10:26 -0400] "GET /manga/re-monster-chapter-3/ HTTP/1.1" 200 18192 "-" "Mozilla/5.0 (Linux; Android 10; K) AppleWebKit/537.36 (KHTML, like Gecko) Chrome/133.0.0.0 Safari/537.36"
105.245.120.154 - - [08/Jun/2025:06:10:26 -0400] "GET /manga/re-monster-chapter-3/ HTTP/1.1" 304 0 "https://remonster.online/manga/re-monster-chapter-2/" "Mozilla/5.0 (Linux; Android 10; K) AppleWebKit/537.36 (KHTML, like Gecko) Chrome/133.0.0.0 Safari/537.36"
2001:fd8:b61d:c500:f984:e277:c717:faa2 - - [08/Jun/2025:06:10:28 -0400] "GET /manga/re-monster-chapter-15/ HTTP/1.1" 200 17788 "https://remonster.online/manga/re-monster-chapter-14/" "Mozilla/5.0 (iPhone; CPU iPhone OS 18_5 like Mac OS X) AppleWebKit/605.1.15 (KHTML, like Gecko) Version/18.5 Mobile/15E148 Safari/604.1 OPT/5.5.3"
162.0.232.193 - - [08/Jun/2025:06:10:28 -0400] "POST /wp-cron.php?doing_wp_cron=1749377428.8096060752868652343750 HTTP/1.1" 200 0 "-" "WordPress/6.6.2; https://remonster.online"
2001:fd8:b61d:c500:f984:e277:c717:faa2 - - [08/Jun/2025:06:10:28 -0400] "POST /wp-admin/admin-ajax.php HTTP/1.1" 200 69 "https://remonster.online/manga/re-monster-chapter-15/" "Mozilla/5.0 (iPhone; CPU iPhone OS 18_5 like Mac OS X) AppleWebKit/605.1.15 (KHTML, like Gecko) Version/18.5 Mobile/15E148 Safari/604.1 OPT/5.5.3"
175.176.38.130 - - [08/Jun/2025:06:10:42 -0400] "GET /tag/sei/ HTTP/1.1" 301 0 "https://remonster.online/manga/re-monster-chapter-36/" "Mozilla/5.0 (Linux; Android 10; K) AppleWebKit/537.36 (KHTML, like Gecko) SamsungBrowser/28.0 Chrome/130.0.0.0 Mobile Safari/537.36"
175.176.38.130 - - [08/Jun/2025:06:10:43 -0400] "GET / HTTP/1.1" 304 0 "https://remonster.online/manga/re-monster-chapter-36/" "Mozilla/5.0 (Linux; Android 10; K) AppleWebKit/537.36 (KHTML, like Gecko) SamsungBrowser/28.0 Chrome/130.0.0.0 Mobile Safari/537.36"
175.176.38.130 - - [08/Jun/2025:06:10:45 -0400] "GET /manga/re-monster-chapter-37/ HTTP/1.1" 200 17371 "https://remonster.online/manga/re-monster-chapter-36/" "Mozilla/5.0 (Linux; Android 10; K) AppleWebKit/537.36 (KHTML, like Gecko) SamsungBrowser/28.0 Chrome/130.0.0.0 Mobile Safari/537.36"
162.0.232.193 - - [08/Jun/2025:06:11:21 -0400] "POST /wp-cron.php?doing_wp_cron=1749377481.6278889179229736328125 HTTP/1.1" 200 0 "-" "WordPress/6.6.2; https://remonster.online"
198.44.191.225 - - [08/Jun/2025:06:11:21 -0400] "POST /wp-login.php HTTP/1.1" 200 1876 "-" "Mozilla/5.0"
2001:8003:990a:8b00:7093:1ddb:1f03:5a51 - - [08/Jun/2025:06:12:53 -0400] "GET /manga/re-monster-chapter-59/ HTTP/1.1" 200 17413 "https://remonster.online/manga/re-monster-chapter-58/" "Mozilla/5.0 (iPhone; CPU iPhone OS 18_5 like Mac OS X) AppleWebKit/605.1.15 (KHTML, like Gecko) Version/18.5 Mobile/15E148 Safari/604.1"
40.77.167.51 - - [08/Jun/2025:06:12:53 -0400] "GET /manga/re-monster-chapter-59/ HTTP/1.1" 200 17414 "-" "Mozilla/5.0 AppleWebKit/537.36 (KHTML, like Gecko; compatible; bingbot/2.0; +http://www.bing.com/bingbot.htm) Chrome/116.0.1938.76 Safari/537.36"
5.20.243.135 - - [08/Jun/2025:06:12:54 -0400] "GET /manga/re-monster-chapter-6/ HTTP/1.1" 200 18644 "https://remonster.online/manga/re-monster-chapter-5/" "Mozilla/5.0 (Windows NT 10.0; Win64; x64) AppleWebKit/537.36 (KHTML, like Gecko) Chrome/137.0.0.0 Safari/537.36"
5.20.243.135 - - [08/Jun/2025:06:12:54 -0400] "GET /manga/re-monster-chapter-4/ HTTP/1.1" 304 0 "https://remonster.online/manga/re-monster-chapter-5/" "Mozilla/5.0 (Windows NT 10.0; Win64; x64) AppleWebKit/537.36 (KHTML, like Gecko) Chrome/137.0.0.0 Safari/537.36"
5.20.243.135 - - [08/Jun/2025:06:12:55 -0400] "GET /manga/re-monster-chapter-6/ HTTP/1.1" 304 0 "https://remonster.online/manga/re-monster-chapter-5/" "Mozilla/5.0 (Windows NT 10.0; Win64; x64) AppleWebKit/537.36 (KHTML, like Gecko) Chrome/137.0.0.0 Safari/537.36"
162.0.232.193 - - [08/Jun/2025:06:12:57 -0400] "POST /wp-cron.php?doing_wp_cron=1749377577.6768059730529785156250 HTTP/1.1" 200 0 "-" "WordPress/6.6.2; https://remonster.online"
5.20.243.135 - - [08/Jun/2025:06:12:55 -0400] "POST /wp-admin/admin-ajax.php HTTP/1.1" 200 69 "https://remonster.online/manga/re-monster-chapter-6/" "Mozilla/5.0 (Windows NT 10.0; Win64; x64) AppleWebKit/537.36 (KHTML, like Gecko) Chrome/137.0.0.0 Safari/537.36"
17.241.75.168 - - [08/Jun/2025:06:13:04 -0400] "GET /manga/remonster-chapter-106/ HTTP/1.1" 200 14266 "-" "Mozilla/5.0 (Macintosh; Intel Mac OS X 10_15_7) AppleWebKit/605.1.15 (KHTML, like Gecko) Version/17.4 Safari/605.1.15 (Applebot/0.1; +http://www.apple.com/go/applebot)"
2001:8003:990a:8b00:7093:1ddb:1f03:5a51 - - [08/Jun/2025:06:14:00 -0400] "GET /manga/re-monster-chapter-60/ HTTP/1.1" 200 17841 "https://remonster.online/manga/re-monster-chapter-59/" "Mozilla/5.0 (iPhone; CPU iPhone OS 18_5 like Mac OS X) AppleWebKit/605.1.15 (KHTML, like Gecko) Version/18.5 Mobile/15E148 Safari/604.1"
162.0.232.193 - - [08/Jun/2025:06:14:00 -0400] "POST /wp-cron.php?doing_wp_cron=1749377640.8711760044097900390625 HTTP/1.1" 200 0 "-" "WordPress/6.6.2; https://remonster.online"
2001:8003:990a:8b00:7093:1ddb:1f03:5a51 - - [08/Jun/2025:06:14:00 -0400] "POST /wp-admin/admin-ajax.php HTTP/1.1" 200 69 "https://remonster.online/manga/re-monster-chapter-60/" "Mozilla/5.0 (iPhone; CPU iPhone OS 18_5 like Mac OS X) AppleWebKit/605.1.15 (KHTML, like Gecko) Version/18.5 Mobile/15E148 Safari/604.1"
2001:fd8:b61d:c500:f984:e277:c717:faa2 - - [08/Jun/2025:06:14:30 -0400] "GET /manga/re-monster-chapter-16/ HTTP/1.1" 200 17991 "https://remonster.online/manga/re-monster-chapter-15/" "Mozilla/5.0 (iPhone; CPU iPhone OS 18_5 like Mac OS X) AppleWebKit/605.1.15 (KHTML, like Gecko) Version/18.5 Mobile/15E148 Safari/604.1 OPT/5.5.3"
162.0.232.193 - - [08/Jun/2025:06:14:30 -0400] "POST /wp-cron.php?doing_wp_cron=1749377670.7638831138610839843750 HTTP/1.1" 200 0 "-" "WordPress/6.6.2; https://remonster.online"
2001:fd8:b61d:c500:f984:e277:c717:faa2 - - [08/Jun/2025:06:14:30 -0400] "POST /wp-admin/admin-ajax.php HTTP/1.1" 200 69 "https://remonster.online/manga/re-monster-chapter-16/" "Mozilla/5.0 (iPhone; CPU iPhone OS 18_5 like Mac OS X) AppleWebKit/605.1.15 (KHTML, like Gecko) Version/18.5 Mobile/15E148 Safari/604.1 OPT/5.5.3"
95.240.202.81 - - [08/Jun/2025:06:14:57 -0400] "GET /manga/re-monster-chapter-1/ HTTP/1.1" 200 18379 "-" "Mozilla/5.0 (Windows NT 10.0; Win64; x64) AppleWebKit/537.36 (KHTML, like Gecko) Chrome/137.0.0.0 Safari/537.36"
82.34.163.0 - - [08/Jun/2025:06:15:02 -0400] "GET /manga/remonster-chapter-95/ HTTP/1.1" 200 15330 "-" "Mozilla/5.0 (iPhone; CPU iPhone OS 18_5 like Mac OS X) AppleWebKit/605.1.15 (KHTML, like Gecko) Version/18.5 Mobile/15E148 Safari/604.1"
2a02:2f0d:b81b:4b00:5ddb:1684:4967:85ca - - [08/Jun/2025:06:15:14 -0400] "GET / HTTP/1.1" 200 10856 "https://www.google.com/" "Mozilla/5.0 (Linux; Android 10; K) AppleWebKit/537.36 (KHTML, like Gecko) Chrome/137.0.0.0 Mobile Safari/537.36"
2a02:2f0d:b81b:4b00:5ddb:1684:4967:85ca - - [08/Jun/2025:06:15:20 -0400] "GET /manga/remonster-chapter-87/ HTTP/1.1" 200 14000 "https://remonster.online/" "Mozilla/5.0 (Linux; Android 10; K) AppleWebKit/537.36 (KHTML, like Gecko) Chrome/137.0.0.0 Mobile Safari/537.36"
2a02:2f0d:b81b:4b00:5ddb:1684:4967:85ca - - [08/Jun/2025:06:15:31 -0400] "GET /manga/remonster-chapter-82/ HTTP/1.1" 200 14477 "https://remonster.online/" "Mozilla/5.0 (Linux; Android 10; K) AppleWebKit/537.36 (KHTML, like Gecko) Chrome/137.0.0.0 Mobile Safari/537.36"
2a02:2f0d:b81b:4b00:5ddb:1684:4967:85ca - - [08/Jun/2025:06:15:32 -0400] "GET /manga/re-monster-chapter-56/ HTTP/1.1" 200 17392 "https://remonster.online/" "Mozilla/5.0 (Linux; Android 10; K) AppleWebKit/537.36 (KHTML, like Gecko) Chrome/137.0.0.0 Mobile Safari/537.36"
2a02:2f0d:b81b:4b00:5ddb:1684:4967:85ca - - [08/Jun/2025:06:15:32 -0400] "GET /manga/re-monster-chapter-20/ HTTP/1.1" 200 15974 "https://remonster.online/" "Mozilla/5.0 (Linux; Android 10; K) AppleWebKit/537.36 (KHTML, like Gecko) Chrome/137.0.0.0 Mobile Safari/537.36"
2a02:2f0d:b81b:4b00:5ddb:1684:4967:85ca - - [08/Jun/2025:06:15:38 -0400] "GET /manga/re-monster-chapter-15/ HTTP/1.1" 200 17788 "https://remonster.online/" "Mozilla/5.0 (Linux; Android 10; K) AppleWebKit/537.36 (KHTML, like Gecko) Chrome/137.0.0.0 Mobile Safari/537.36"
66.249.79.238 - - [08/Jun/2025:06:15:54 -0400] "GET / HTTP/1.1" 200 10813 "-" "Mozilla/5.0 (Linux; Android 6.0.1; Nexus 5X Build/MMB29P) AppleWebKit/537.36 (KHTML, like Gecko) Chrome/136.0.7103.113 Mobile Safari/537.36 (compatible; Googlebot/2.1; +http://www.google.com/bot.html)"
2001:e60:3032:bb90:0:49:93e4:3801 - - [08/Jun/2025:06:16:01 -0400] "GET / HTTP/1.1" 200 10813 "https://www.google.com/" "Mozilla/5.0 (Linux; Android 10; K) AppleWebKit/537.36 (KHTML, like Gecko) SamsungBrowser/28.0 Chrome/130.0.0.0 Mobile Safari/537.36"
2001:8003:990a:8b00:7093:1ddb:1f03:5a51 - - [08/Jun/2025:06:16:02 -0400] "GET /manga/re-monster-chapter-61/ HTTP/1.1" 200 17378 "https://remonster.online/manga/re-monster-chapter-60/" "Mozilla/5.0 (iPhone; CPU iPhone OS 18_5 like Mac OS X) AppleWebKit/605.1.15 (KHTML, like Gecko) Version/18.5 Mobile/15E148 Safari/604.1"
162.0.232.193 - - [08/Jun/2025:06:16:25 -0400] "POST /wp-cron.php?doing_wp_cron=1749377785.1504080295562744140625 HTTP/1.1" 200 0 "-" "WordPress/6.6.2; https://remonster.online"
103.110.84.130 - - [08/Jun/2025:06:16:24 -0400] "POST /xmlrpc.php HTTP/1.1" 200 205 "-" "Mozilla/5.0 (X11; Ubuntu; Linux x86_64; rv:85.0) Gecko/20100101 Firefox/91.0"
175.176.38.130 - - [08/Jun/2025:06:16:50 -0400] "GET /category/remonster-manga/ HTTP/1.1" 200 25229 "https://remonster.online/manga/re-monster-chapter-37/" "Mozilla/5.0 (Linux; Android 10; K) AppleWebKit/537.36 (KHTML, like Gecko) SamsungBrowser/28.0 Chrome/130.0.0.0 Mobile Safari/537.36"
175.176.38.130 - - [08/Jun/2025:06:17:01 -0400] "GET /category/remonster-manga/ HTTP/1.1" 304 0 "https://remonster.online/manga/re-monster-chapter-36/" "Mozilla/5.0 (Linux; Android 10; K) AppleWebKit/537.36 (KHTML, like Gecko) SamsungBrowser/28.0 Chrome/130.0.0.0 Mobile Safari/537.36"
175.176.38.130 - - [08/Jun/2025:06:17:06 -0400] "GET /manga/re-monster-chapter-34/ HTTP/1.1" 200 16964 "https://remonster.online/manga/re-monster-chapter-33/" "Mozilla/5.0 (Linux; Android 10; K) AppleWebKit/537.36 (KHTML, like Gecko) SamsungBrowser/28.0 Chrome/130.0.0.0 Mobile Safari/537.36"
175.176.38.130 - - [08/Jun/2025:06:17:08 -0400] "GET /manga/re-monster-chapter-33/ HTTP/1.1" 200 17713 "https://remonster.online/manga/re-monster-chapter-32/" "Mozilla/5.0 (Linux; Android 10; K) AppleWebKit/537.36 (KHTML, like Gecko) SamsungBrowser/28.0 Chrome/130.0.0.0 Mobile Safari/537.36"
175.176.38.130 - - [08/Jun/2025:06:17:09 -0400] "GET /manga/re-monster-chapter-32/ HTTP/1.1" 200 17364 "https://remonster.online/" "Mozilla/5.0 (Linux; Android 10; K) AppleWebKit/537.36 (KHTML, like Gecko) SamsungBrowser/28.0 Chrome/130.0.0.0 Mobile Safari/537.36"
175.176.38.130 - - [08/Jun/2025:06:17:11 -0400] "GET / HTTP/1.1" 200 10813 "https://www.google.com/" "Mozilla/5.0 (Linux; Android 10; K) AppleWebKit/537.36 (KHTML, like Gecko) SamsungBrowser/28.0 Chrome/130.0.0.0 Mobile Safari/537.36"
175.176.38.130 - - [08/Jun/2025:06:17:14 -0400] "GET /manga/re-monster-chapter-40/ HTTP/1.1" 200 16596 "https://remonster.online/" "Mozilla/5.0 (Linux; Android 10; K) AppleWebKit/537.36 (KHTML, like Gecko) SamsungBrowser/28.0 Chrome/130.0.0.0 Mobile Safari/537.36"
142.169.132.237 - - [08/Jun/2025:06:17:19 -0400] "GET /manga/re-monster-chapter-30/ HTTP/1.1" 200 15864 "https://remonster.online/manga/re-monster-chapter-30/" "Mozilla/5.0 (Linux; Android 10; K) AppleWebKit/537.36 (KHTML, like Gecko) Chrome/137.0.0.0 Mobile Safari/537.36"
114.119.142.140 - - [08/Jun/2025:06:18:21 -0400] "GET /tag/remonster-chapter-106-high-quality/ HTTP/1.1" 301 0 "https://remonster.online/manga/remonster-chapter-106/" "Mozilla/5.0 (Linux; Android 7.0;) AppleWebKit/537.36 (KHTML, like Gecko) Mobile Safari/537.36 (compatible; PetalBot;+https://webmaster.petalsearch.com/site/petalbot)"
114.119.142.140 - - [08/Jun/2025:06:18:22 -0400] "GET / HTTP/1.1" 200 10813 "https://remonster.online/manga/remonster-chapter-106/" "Mozilla/5.0 (Linux; Android 7.0;) AppleWebKit/537.36 (KHTML, like Gecko) Mobile Safari/537.36 (compatible; PetalBot;+https://webmaster.petalsearch.com/site/petalbot)"
2001:8003:990a:8b00:7093:1ddb:1f03:5a51 - - [08/Jun/2025:06:18:43 -0400] "GET /manga/re-monster-chapter-62/ HTTP/1.1" 200 17804 "https://remonster.online/manga/re-monster-chapter-61/" "Mozilla/5.0 (iPhone; CPU iPhone OS 18_5 like Mac OS X) AppleWebKit/605.1.15 (KHTML, like Gecko) Version/18.5 Mobile/15E148 Safari/604.1"
162.0.232.193 - - [08/Jun/2025:06:18:44 -0400] "POST /wp-cron.php?doing_wp_cron=1749377923.9495940208435058593750 HTTP/1.1" 200 0 "-" "WordPress/6.6.2; https://remonster.online"
2001:8003:990a:8b00:7093:1ddb:1f03:5a51 - - [08/Jun/2025:06:18:43 -0400] "POST /wp-admin/admin-ajax.php HTTP/1.1" 200 69 "https://remonster.online/manga/re-monster-chapter-62/" "Mozilla/5.0 (iPhone; CPU iPhone OS 18_5 like Mac OS X) AppleWebKit/605.1.15 (KHTML, like Gecko) Version/18.5 Mobile/15E148 Safari/604.1"
2001:fd8:b61d:c500:f984:e277:c717:faa2 - - [08/Jun/2025:06:18:54 -0400] "GET /manga/re-monster-chapter-17/ HTTP/1.1" 200 17370 "https://remonster.online/manga/re-monster-chapter-16/" "Mozilla/5.0 (iPhone; CPU iPhone OS 18_5 like Mac OS X) AppleWebKit/605.1.15 (KHTML, like Gecko) Version/18.5 Mobile/15E148 Safari/604.1 OPT/5.5.3"
2607:fea8:565b:a000:9596:8960:5628:5229 - - [08/Jun/2025:06:19:20 -0400] "GET /manga/remonster-chapter-82/ HTTP/1.1" 200 14450 "-" "Mozilla/5.0 (iPhone; CPU iPhone OS 17_0_3 like Mac OS X) AppleWebKit/605.1.15 (KHTML, like Gecko) Version/17.0.1 Mobile/15E148 Safari/604.1"
114.10.70.35 - - [08/Jun/2025:06:20:10 -0400] "GET / HTTP/1.1" 200 10813 "https://www.google.com/" "Mozilla/5.0 (Linux; Android 10; K) AppleWebKit/537.36 (KHTML, like Gecko) Chrome/136.0.0.0 Mobile Safari/537.36"
2001:8003:990a:8b00:7093:1ddb:1f03:5a51 - - [08/Jun/2025:06:20:16 -0400] "GET /manga/re-monster-chapter-63/ HTTP/1.1" 200 17810 "https://remonster.online/manga/re-monster-chapter-62/" "Mozilla/5.0 (iPhone; CPU iPhone OS 18_5 like Mac OS X) AppleWebKit/605.1.15 (KHTML, like Gecko) Version/18.5 Mobile/15E148 Safari/604.1"
162.0.232.193 - - [08/Jun/2025:06:20:17 -0400] "POST /wp-cron.php?doing_wp_cron=1749378017.4156830310821533203125 HTTP/1.1" 200 0 "-" "WordPress/6.6.2; https://remonster.online"
2001:8003:990a:8b00:7093:1ddb:1f03:5a51 - - [08/Jun/2025:06:20:17 -0400] "POST /wp-admin/admin-ajax.php HTTP/1.1" 200 69 "https://remonster.online/manga/re-monster-chapter-63/" "Mozilla/5.0 (iPhone; CPU iPhone OS 18_5 like Mac OS X) AppleWebKit/605.1.15 (KHTML, like Gecko) Version/18.5 Mobile/15E148 Safari/604.1"
170.106.73.216 - - [08/Jun/2025:06:20:32 -0400] "GET /manga/re-monster-chapter-55/ HTTP/1.1" 200 17417 "-" "Mozilla/5.0 (iPhone; CPU iPhone OS 13_2_3 like Mac OS X) AppleWebKit/605.1.15 (KHTML, like Gecko) Version/13.0.3 Mobile/15E148 Safari/604.1"
122.150.234.18 - - [08/Jun/2025:06:20:44 -0400] "GET /manga/re-monster-chapter-51/ HTTP/1.1" 200 17557 "https://remonster.online/manga/re-monster-chapter-50/" "Mozilla/5.0 (Linux; Android 10; K) AppleWebKit/537.36 (KHTML, like Gecko) Chrome/135.0.0.0 Mobile Safari/537.36"
175.176.38.130 - - [08/Jun/2025:06:20:54 -0400] "GET /tag/kichi/ HTTP/1.1" 301 0 "https://remonster.online/manga/re-monster-chapter-40/" "Mozilla/5.0 (Linux; Android 10; K) AppleWebKit/537.36 (KHTML, like Gecko) SamsungBrowser/28.0 Chrome/130.0.0.0 Mobile Safari/537.36"
175.176.38.130 - - [08/Jun/2025:06:20:54 -0400] "GET / HTTP/1.1" 304 0 "https://remonster.online/manga/re-monster-chapter-40/" "Mozilla/5.0 (Linux; Android 10; K) AppleWebKit/537.36 (KHTML, like Gecko) SamsungBrowser/28.0 Chrome/130.0.0.0 Mobile Safari/537.36"
175.176.38.130 - - [08/Jun/2025:06:20:54 -0400] "GET /tag/volume/ HTTP/1.1" 301 0 "https://remonster.online/manga/re-monster-chapter-40/" "Mozilla/5.0 (Linux; Android 10; K) AppleWebKit/537.36 (KHTML, like Gecko) SamsungBrowser/28.0 Chrome/130.0.0.0 Mobile Safari/537.36"
175.176.38.130 - - [08/Jun/2025:06:20:55 -0400] "GET / HTTP/1.1" 304 0 "https://remonster.online/manga/re-monster-chapter-40/" "Mozilla/5.0 (Linux; Android 10; K) AppleWebKit/537.36 (KHTML, like Gecko) SamsungBrowser/28.0 Chrome/130.0.0.0 Mobile Safari/537.36"
175.176.38.130 - - [08/Jun/2025:06:20:56 -0400] "GET /manga/re-monster-chapter-41/ HTTP/1.1" 200 17370 "https://remonster.online/manga/re-monster-chapter-40/" "Mozilla/5.0 (Linux; Android 10; K) AppleWebKit/537.36 (KHTML, like Gecko) SamsungBrowser/28.0 Chrome/130.0.0.0 Mobile Safari/537.36"
175.176.38.130 - - [08/Jun/2025:06:21:09 -0400] "GET /tag/gobujii/ HTTP/1.1" 301 0 "https://remonster.online/manga/re-monster-chapter-40/" "Mozilla/5.0 (Linux; Android 10; K) AppleWebKit/537.36 (KHTML, like Gecko) SamsungBrowser/28.0 Chrome/130.0.0.0 Mobile Safari/537.36"
175.176.38.130 - - [08/Jun/2025:06:21:10 -0400] "GET / HTTP/1.1" 304 0 "https://remonster.online/manga/re-monster-chapter-40/" "Mozilla/5.0 (Linux; Android 10; K) AppleWebKit/537.36 (KHTML, like Gecko) SamsungBrowser/28.0 Chrome/130.0.0.0 Mobile Safari/537.36"
175.176.38.130 - - [08/Jun/2025:06:21:12 -0400] "GET /manga/re-monster-chapter-50/ HTTP/1.1" 200 17344 "https://remonster.online/" "Mozilla/5.0 (Linux; Android 10; K) AppleWebKit/537.36 (KHTML, like Gecko) SamsungBrowser/28.0 Chrome/130.0.0.0 Mobile Safari/537.36"
175.176.38.130 - - [08/Jun/2025:06:21:14 -0400] "GET /manga/re-monster-chapter-50/ HTTP/1.1" 304 0 "https://remonster.online/manga/re-monster-chapter-50/" "Mozilla/5.0 (Linux; Android 10; K) AppleWebKit/537.36 (KHTML, like Gecko) SamsungBrowser/28.0 Chrome/130.0.0.0 Mobile Safari/537.36"
119.94.160.37 - - [08/Jun/2025:06:21:20 -0400] "GET /category/remonster/ HTTP/1.1" 200 24978 "https://remonster.online/manga/re-monster-chapter-70/" "Mozilla/5.0 (Linux; Android 10; K) AppleWebKit/537.36 (KHTML, like Gecko) Chrome/137.0.0.0 Mobile Safari/537.36"
119.94.160.37 - - [08/Jun/2025:06:21:20 -0400] "GET /tag/volume/ HTTP/1.1" 301 0 "https://remonster.online/manga/re-monster-chapter-70/" "Mozilla/5.0 (Linux; Android 10; K) AppleWebKit/537.36 (KHTML, like Gecko) Chrome/137.0.0.0 Mobile Safari/537.36"
119.94.160.37 - - [08/Jun/2025:06:21:20 -0400] "GET /manga/re-monster-chapter-69/ HTTP/1.1" 200 17977 "https://remonster.online/manga/re-monster-chapter-70/" "Mozilla/5.0 (Linux; Android 10; K) AppleWebKit/537.36 (KHTML, like Gecko) Chrome/137.0.0.0 Mobile Safari/537.36"
119.94.160.37 - - [08/Jun/2025:06:21:20 -0400] "GET / HTTP/1.1" 200 10849 "https://remonster.online/manga/re-monster-chapter-70/" "Mozilla/5.0 (Linux; Android 10; K) AppleWebKit/537.36 (KHTML, like Gecko) Chrome/137.0.0.0 Mobile Safari/537.36"
119.94.160.37 - - [08/Jun/2025:06:21:21 -0400] "GET /manga/re-monster-chapter-71/ HTTP/1.1" 200 17764 "https://remonster.online/manga/re-monster-chapter-70/" "Mozilla/5.0 (Linux; Android 10; K) AppleWebKit/537.36 (KHTML, like Gecko) Chrome/137.0.0.0 Mobile Safari/537.36"
119.94.160.37 - - [08/Jun/2025:06:21:21 -0400] "GET /manga/re-monster-chapter-71/ HTTP/1.1" 304 0 "https://remonster.online/manga/re-monster-chapter-70/" "Mozilla/5.0 (Linux; Android 10; K) AppleWebKit/537.36 (KHTML, like Gecko) Chrome/137.0.0.0 Mobile Safari/537.36"
175.176.38.130 - - [08/Jun/2025:06:22:01 -0400] "GET /manga/re-monster-chapter-51/ HTTP/1.1" 200 17526 "https://remonster.online/manga/re-monster-chapter-50/" "Mozilla/5.0 (Linux; Android 10; K) AppleWebKit/537.36 (KHTML, like Gecko) SamsungBrowser/28.0 Chrome/130.0.0.0 Mobile Safari/537.36"
2001:8003:990a:8b00:7093:1ddb:1f03:5a51 - - [08/Jun/2025:06:22:13 -0400] "GET /manga/re-monster-chapter-64/ HTTP/1.1" 200 18106 "https://remonster.online/manga/re-monster-chapter-63/" "Mozilla/5.0 (iPhone; CPU iPhone OS 18_5 like Mac OS X) AppleWebKit/605.1.15 (KHTML, like Gecko) Version/18.5 Mobile/15E148 Safari/604.1"
162.0.232.193 - - [08/Jun/2025:06:22:14 -0400] "POST /wp-cron.php?doing_wp_cron=1749378133.9696080684661865234375 HTTP/1.1" 200 0 "-" "WordPress/6.6.2; https://remonster.online"
2001:8003:990a:8b00:7093:1ddb:1f03:5a51 - - [08/Jun/2025:06:22:13 -0400] "POST /wp-admin/admin-ajax.php HTTP/1.1" 200 69 "https://remonster.online/manga/re-monster-chapter-64/" "Mozilla/5.0 (iPhone; CPU iPhone OS 18_5 like Mac OS X) AppleWebKit/605.1.15 (KHTML, like Gecko) Version/18.5 Mobile/15E148 Safari/604.1"
2001:fd8:b61d:c500:f984:e277:c717:faa2 - - [08/Jun/2025:06:22:39 -0400] "GET /manga/re-monster-chapter-18/ HTTP/1.1" 200 18291 "https://remonster.online/manga/re-monster-chapter-17/" "Mozilla/5.0 (iPhone; CPU iPhone OS 18_5 like Mac OS X) AppleWebKit/605.1.15 (KHTML, like Gecko) Version/18.5 Mobile/15E148 Safari/604.1 OPT/5.5.3"
2001:8003:990a:8b00:7093:1ddb:1f03:5a51 - - [08/Jun/2025:06:23:02 -0400] "GET /manga/re-monster-chapter-65/ HTTP/1.1" 200 17410 "https://remonster.online/manga/re-monster-chapter-64/" "Mozilla/5.0 (iPhone; CPU iPhone OS 18_5 like Mac OS X) AppleWebKit/605.1.15 (KHTML, like Gecko) Version/18.5 Mobile/15E148 Safari/604.1"
79.165.138.234 - - [08/Jun/2025:06:23:50 -0400] "GET / HTTP/1.1" 200 10813 "https://www.google.com/" "Mozilla/5.0 (iPhone; CPU iPhone OS 18_3_2 like Mac OS X) AppleWebKit/605.1.15 (KHTML, like Gecko) Version/18.3.1 Mobile/15E148 Safari/604.1"
79.165.138.234 - - [08/Jun/2025:06:23:51 -0400] "GET /wp-content/themes/toivo-lite/fonts/genericons/genericons/Genericons.svg HTTP/1.1" 200 23714 "https://remonster.online/" "Mozilla/5.0 (iPhone; CPU iPhone OS 18_3_2 like Mac OS X) AppleWebKit/605.1.15 (KHTML, like Gecko) Version/18.3.1 Mobile/15E148 Safari/604.1"
79.165.138.234 - - [08/Jun/2025:06:23:51 -0400] "GET /wp-content/uploads/2021/11/8168f-bSGoS-768x1097.jpeg HTTP/1.1" 200 223084 "https://remonster.online/" "Mozilla/5.0 (iPhone; CPU iPhone OS 18_3_2 like Mac OS X) AppleWebKit/605.1.15 (KHTML, like Gecko) Version/18.3.1 Mobile/15E148 Safari/604.1"
79.165.138.234 - - [08/Jun/2025:06:23:51 -0400] "GET /wp-content/uploads/2021/11/LN_v09_001-768x1128.jpeg HTTP/1.1" 200 243388 "https://remonster.online/" "Mozilla/5.0 (iPhone; CPU iPhone OS 18_3_2 like Mac OS X) AppleWebKit/605.1.15 (KHTML, like Gecko) Version/18.3.1 Mobile/15E148 Safari/604.1"
142.169.132.237 - - [08/Jun/2025:06:23:53 -0400] "GET /category/re-monster/ HTTP/1.1" 200 25314 "https://remonster.online/manga/re-monster-chapter-30/" "Mozilla/5.0 (Linux; Android 10; K) AppleWebKit/537.36 (KHTML, like Gecko) Chrome/137.0.0.0 Mobile Safari/537.36"
142.169.132.237 - - [08/Jun/2025:06:23:58 -0400] "GET /tag/chapters/ HTTP/1.1" 301 0 "https://remonster.online/manga/re-monster-chapter-30/" "Mozilla/5.0 (Linux; Android 10; K) AppleWebKit/537.36 (KHTML, like Gecko) Chrome/137.0.0.0 Mobile Safari/537.36"
142.169.132.237 - - [08/Jun/2025:06:23:58 -0400] "GET / HTTP/1.1" 200 10856 "https://remonster.online/manga/re-monster-chapter-30/" "Mozilla/5.0 (Linux; Android 10; K) AppleWebKit/537.36 (KHTML, like Gecko) Chrome/137.0.0.0 Mobile Safari/537.36"
142.169.132.237 - - [08/Jun/2025:06:23:59 -0400] "GET /manga/re-monster-chapter-31/ HTTP/1.1" 200 17367 "https://remonster.online/manga/re-monster-chapter-30/" "Mozilla/5.0 (Linux; Android 10; K) AppleWebKit/537.36 (KHTML, like Gecko) Chrome/137.0.0.0 Mobile Safari/537.36"
142.169.132.237 - - [08/Jun/2025:06:23:59 -0400] "GET /manga/re-monster-chapter-31/ HTTP/1.1" 304 0 "https://remonster.online/manga/re-monster-chapter-30/" "Mozilla/5.0 (Linux; Android 10; K) AppleWebKit/537.36 (KHTML, like Gecko) Chrome/137.0.0.0 Mobile Safari/537.36"
79.165.138.234 - - [08/Jun/2025:06:24:08 -0400] "GET /wp-content/uploads/2021/11/CeDzRGZ-768x682.png HTTP/1.1" 200 1056180 "https://remonster.online/" "Mozilla/5.0 (iPhone; CPU iPhone OS 18_3_2 like Mac OS X) AppleWebKit/605.1.15 (KHTML, like Gecko) Version/18.3.1 Mobile/15E148 Safari/604.1"
79.165.138.234 - - [08/Jun/2025:06:24:18 -0400] "GET /manga/remonster-chapter-106/ HTTP/1.1" 200 14313 "https://remonster.online/" "Mozilla/5.0 (iPhone; CPU iPhone OS 18_3_2 like Mac OS X) AppleWebKit/605.1.15 (KHTML, like Gecko) Version/18.3.1 Mobile/15E148 Safari/604.1"
79.165.138.234 - - [08/Jun/2025:06:24:19 -0400] "GET /wp-content/plugins/simple-social-buttons/assets/fonts/ssb-icon.ttf?eahqa2 HTTP/1.1" 200 6624 "https://remonster.online/" "Mozilla/5.0 (iPhone; CPU iPhone OS 18_3_2 like Mac OS X) AppleWebKit/605.1.15 (KHTML, like Gecko) Version/18.3.1 Mobile/15E148 Safari/604.1"
79.165.138.234 - - [08/Jun/2025:06:24:32 -0400] "GET /manga/remonster-chapter-105/ HTTP/1.1" 200 18283 "https://remonster.online/manga/remonster-chapter-106/" "Mozilla/5.0 (iPhone; CPU iPhone OS 18_3_2 like Mac OS X) AppleWebKit/605.1.15 (KHTML, like Gecko) Version/18.3.1 Mobile/15E148 Safari/604.1"
162.0.232.193 - - [08/Jun/2025:06:24:33 -0400] "POST /wp-cron.php?doing_wp_cron=1749378273.4478750228881835937500 HTTP/1.1" 200 0 "-" "WordPress/6.6.2; https://remonster.online"
79.165.138.234 - - [08/Jun/2025:06:24:33 -0400] "POST /wp-admin/admin-ajax.php HTTP/1.1" 200 69 "https://remonster.online/manga/remonster-chapter-105/" "Mozilla/5.0 (iPhone; CPU iPhone OS 18_3_2 like Mac OS X) AppleWebKit/605.1.15 (KHTML, like Gecko) Version/18.3.1 Mobile/15E148 Safari/604.1"
79.165.138.234 - - [08/Jun/2025:06:24:38 -0400] "GET /wp-content/uploads/2021/11/cropped-CeDzRGZ-32x32.png HTTP/1.1" 200 2410 "https://remonster.online/manga/remonster-chapter-105/" "Mozilla/5.0 (iPhone; CPU iPhone OS 18_3_2 like Mac OS X) AppleWebKit/605.1.15 (KHTML, like Gecko) Version/18.3.1 Mobile/15E148 Safari/604.1"
79.165.138.234 - - [08/Jun/2025:06:24:38 -0400] "GET /wp-content/uploads/2021/11/cropped-CeDzRGZ-192x192.png HTTP/1.1" 200 68304 "https://remonster.online/manga/remonster-chapter-105/" "Mozilla/5.0 (iPhone; CPU iPhone OS 18_3_2 like Mac OS X) AppleWebKit/605.1.15 (KHTML, like Gecko) Version/18.3.1 Mobile/15E148 Safari/604.1"
40.77.167.151 - - [08/Jun/2025:06:24:47 -0400] "GET /manga/re-monster-chapter-2/ HTTP/1.1" 200 18157 "-" "Mozilla/5.0 AppleWebKit/537.36 (KHTML, like Gecko; compatible; bingbot/2.0; +http://www.bing.com/bingbot.htm) Chrome/116.0.1938.76 Safari/537.36"
105.245.120.154 - - [08/Jun/2025:06:25:01 -0400] "GET /manga/re-monster-chapter-4/ HTTP/1.1" 200 18436 "-" "Mozilla/5.0 (Linux; Android 10; K) AppleWebKit/537.36 (KHTML, like Gecko) Chrome/133.0.0.0 Safari/537.36"
105.245.120.154 - - [08/Jun/2025:06:25:01 -0400] "GET /manga/re-monster-chapter-4/ HTTP/1.1" 304 0 "https://remonster.online/manga/re-monster-chapter-3/" "Mozilla/5.0 (Linux; Android 10; K) AppleWebKit/537.36 (KHTML, like Gecko) Chrome/133.0.0.0 Safari/537.36"
105.245.120.154 - - [08/Jun/2025:06:25:18 -0400] "GET /wp-content/plugins/wp-rocket/assets/js/wpr-beacon.min.js HTTP/1.1" 200 3530 "https://remonster.online/manga/re-monster-chapter-4/" "Mozilla/5.0 (Linux; Android 10; K) AppleWebKit/537.36 (KHTML, like Gecko) Chrome/133.0.0.0 Safari/537.36"
34.55.113.150 - - [08/Jun/2025:06:25:24 -0400] "HEAD /manga/re-monster-chapter-9/ HTTP/1.1" 200 0 "-" "curl/8.10.0"
34.55.113.150 - - [08/Jun/2025:06:25:24 -0400] "GET /manga/re-monster-chapter-9/ HTTP/1.1" 200 16799 "-" "curl/8.10.0"
162.0.232.193 - - [08/Jun/2025:06:25:34 -0400] "POST /wp-cron.php?doing_wp_cron=1749378334.5655369758605957031250 HTTP/1.1" 200 0 "-" "WordPress/6.6.2; https://remonster.online"
69.57.162.26 - - [08/Jun/2025:06:25:34 -0400] "POST /xmlrpc.php HTTP/1.1" 200 186 "https://remonster.online" "Mozilla/5.0 (Windows NT 10.0; Win64; x64; rv:129.0) Gecko/20100101 Firefox/129.0"
69.57.162.26 - - [08/Jun/2025:06:25:34 -0400] "POST /wp-login.php HTTP/1.1" 200 1876 "https://remonster.online" "Mozilla/5.0 (Macintosh; Intel Mac OS X 10_15_7) AppleWebKit/537.36 (KHTML, like Gecko) Chrome/126.0.0.0 Safari/537.36"
119.94.160.37 - - [08/Jun/2025:06:25:56 -0400] "GET /manga/re-monster-chapter-70/ HTTP/1.1" 200 18115 "https://remonster.online/manga/re-monster-chapter-71/" "Mozilla/5.0 (Linux; Android 10; K) AppleWebKit/537.36 (KHTML, like Gecko) Chrome/137.0.0.0 Mobile Safari/537.36"
119.94.160.37 - - [08/Jun/2025:06:25:57 -0400] "GET /manga/re-monster-chapter-72/ HTTP/1.1" 200 18003 "https://remonster.online/manga/re-monster-chapter-71/" "Mozilla/5.0 (Linux; Android 10; K) AppleWebKit/537.36 (KHTML, like Gecko) Chrome/137.0.0.0 Mobile Safari/537.36"
119.94.160.37 - - [08/Jun/2025:06:25:57 -0400] "GET /manga/re-monster-chapter-72/ HTTP/1.1" 304 0 "https://remonster.online/manga/re-monster-chapter-71/" "Mozilla/5.0 (Linux; Android 10; K) AppleWebKit/537.36 (KHTML, like Gecko) Chrome/137.0.0.0 Mobile Safari/537.36"
119.94.160.37 - - [08/Jun/2025:06:25:58 -0400] "POST /wp-admin/admin-ajax.php HTTP/1.1" 200 69 "https://remonster.online/manga/re-monster-chapter-72/" "Mozilla/5.0 (Linux; Android 10; K) AppleWebKit/537.36 (KHTML, like Gecko) Chrome/137.0.0.0 Mobile Safari/537.36"
2001:8003:990a:8b00:7093:1ddb:1f03:5a51 - - [08/Jun/2025:06:26:14 -0400] "GET /manga/re-monster-chapter-66/ HTTP/1.1" 200 18275 "https://remonster.online/manga/re-monster-chapter-65/" "Mozilla/5.0 (iPhone; CPU iPhone OS 18_5 like Mac OS X) AppleWebKit/605.1.15 (KHTML, like Gecko) Version/18.5 Mobile/15E148 Safari/604.1"
2001:8003:990a:8b00:7093:1ddb:1f03:5a51 - - [08/Jun/2025:06:26:14 -0400] "POST /wp-admin/admin-ajax.php HTTP/1.1" 200 69 "https://remonster.online/manga/re-monster-chapter-66/" "Mozilla/5.0 (iPhone; CPU iPhone OS 18_5 like Mac OS X) AppleWebKit/605.1.15 (KHTML, like Gecko) Version/18.5 Mobile/15E148 Safari/604.1"
2603:7000:6303:9476:b9d3:798b:34cb:da62 - - [08/Jun/2025:06:26:41 -0400] "GET /apple-touch-icon.png HTTP/1.1" 301 0 "-" "NetworkingExtension/8621.2.5.10.10 Network/4277.122.6 iOS/18.5"
162.0.232.193 - - [08/Jun/2025:06:26:41 -0400] "POST /wp-cron.php?doing_wp_cron=1749378401.3641140460968017578125 HTTP/1.1" 200 0 "-" "WordPress/6.6.2; https://remonster.online"
2603:7000:6303:9476:b9d3:798b:34cb:da62 - - [08/Jun/2025:06:26:41 -0400] "GET /apple-touch-icon-precomposed.png HTTP/1.1" 301 0 "-" "NetworkingExtension/8621.2.5.10.10 Network/4277.122.6 iOS/18.5"
2603:7000:6303:9476:b9d3:798b:34cb:da62 - - [08/Jun/2025:06:26:41 -0400] "GET /favicon.ico HTTP/1.1" 302 0 "-" "NetworkingExtension/8621.2.5.10.10 Network/4277.122.6 iOS/18.5"
2603:7000:6303:9476:b9d3:798b:34cb:da62 - - [08/Jun/2025:06:26:41 -0400] "GET / HTTP/1.1" 200 10863 "-" "NetworkingExtension/8621.2.5.10.10 Network/4277.122.6 iOS/18.5"
2603:7000:6303:9476:b9d3:798b:34cb:da62 - - [08/Jun/2025:06:26:41 -0400] "GET / HTTP/1.1" 200 10863 "-" "NetworkingExtension/8621.2.5.10.10 Network/4277.122.6 iOS/18.5"
2001:8f8:1123:f964:19b3:a0ca:4ffe:3d22 - - [08/Jun/2025:06:27:53 -0400] "GET / HTTP/1.1" 304 0 "https://remonster.online/manga/re-monster-chapter-64/" "Mozilla/5.0 (Linux; Android 10; K) AppleWebKit/537.36 (KHTML, like Gecko) SamsungBrowser/28.0 Chrome/130.0.0.0 Mobile Safari/537.36"
2001:8f8:1123:f964:19b3:a0ca:4ffe:3d22 - - [08/Jun/2025:06:27:54 -0400] "GET /manga/re-monster-chapter-65/ HTTP/1.1" 200 17410 "https://remonster.online/manga/re-monster-chapter-64/" "Mozilla/5.0 (Linux; Android 10; K) AppleWebKit/537.36 (KHTML, like Gecko) SamsungBrowser/28.0 Chrome/130.0.0.0 Mobile Safari/537.36"
43.157.149.188 - - [08/Jun/2025:06:28:16 -0400] "GET /manga/re-monster-chapter-45/ HTTP/1.1" 200 17389 "-" "Mozilla/5.0 (iPhone; CPU iPhone OS 13_2_3 like Mac OS X) AppleWebKit/605.1.15 (KHTML, like Gecko) Version/13.0.3 Mobile/15E148 Safari/604.1"
2001:fd8:b61d:c500:f984:e277:c717:faa2 - - [08/Jun/2025:06:28:17 -0400] "GET /manga/re-monster-chapter-19/ HTTP/1.1" 200 18473 "https://remonster.online/manga/re-monster-chapter-18/" "Mozilla/5.0 (iPhone; CPU iPhone OS 18_5 like Mac OS X) AppleWebKit/605.1.15 (KHTML, like Gecko) Version/18.5 Mobile/15E148 Safari/604.1 OPT/5.5.3"
162.0.232.193 - - [08/Jun/2025:06:28:17 -0400] "POST /wp-cron.php?doing_wp_cron=1749378497.8495559692382812500000 HTTP/1.1" 200 0 "-" "WordPress/6.6.2; https://remonster.online"
2001:fd8:b61d:c500:f984:e277:c717:faa2 - - [08/Jun/2025:06:28:17 -0400] "POST /wp-admin/admin-ajax.php HTTP/1.1" 200 69 "https://remonster.online/manga/re-monster-chapter-19/" "Mozilla/5.0 (iPhone; CPU iPhone OS 18_5 like Mac OS X) AppleWebKit/605.1.15 (KHTML, like Gecko) Version/18.5 Mobile/15E148 Safari/604.1 OPT/5.5.3"
119.94.160.37 - - [08/Jun/2025:06:28:28 -0400] "GET /manga/re-monster-chapter-71/ HTTP/1.1" 304 0 "https://remonster.online/manga/re-monster-chapter-72/" "Mozilla/5.0 (Linux; Android 10; K) AppleWebKit/537.36 (KHTML, like Gecko) Chrome/137.0.0.0 Mobile Safari/537.36"
119.94.160.37 - - [08/Jun/2025:06:28:28 -0400] "GET /manga/re-monster-chapter-73/ HTTP/1.1" 200 17422 "https://remonster.online/manga/re-monster-chapter-72/" "Mozilla/5.0 (Linux; Android 10; K) AppleWebKit/537.36 (KHTML, like Gecko) Chrome/137.0.0.0 Mobile Safari/537.36"
119.94.160.37 - - [08/Jun/2025:06:28:29 -0400] "GET /manga/re-monster-chapter-73/ HTTP/1.1" 304 0 "https://remonster.online/manga/re-monster-chapter-72/" "Mozilla/5.0 (Linux; Android 10; K) AppleWebKit/537.36 (KHTML, like Gecko) Chrome/137.0.0.0 Mobile Safari/537.36"
119.94.160.37 - - [08/Jun/2025:06:28:30 -0400] "GET /manga/re-monster-chapter-73/ HTTP/1.1" 304 0 "https://remonster.online/manga/re-monster-chapter-73/" "Mozilla/5.0 (Linux; Android 10; K) AppleWebKit/537.36 (KHTML, like Gecko) Chrome/137.0.0.0 Mobile Safari/537.36"
192.252.136.7 - - [08/Jun/2025:06:28:33 -0400] "GET /wp-content/plugins/disqus-comment-system/public/js/comment_embed.js?ver=3.1.2 HTTP/1.1" 200 653 "https://remonster.online/manga/re-monster-chapter-20/" "Mozilla/5.0 (Macintosh; Intel Mac OS X 10_15_7) AppleWebKit/605.1.15 (KHTML, like Gecko) Version/18.5 Safari/605.1.15"
192.252.136.7 - - [08/Jun/2025:06:28:33 -0400] "GET /wp-includes/css/dist/block-library/style.min.css?ver=6.6.2 HTTP/1.1" 200 13903 "https://remonster.online/manga/re-monster-chapter-20/" "Mozilla/5.0 (Macintosh; Intel Mac OS X 10_15_7) AppleWebKit/605.1.15 (KHTML, like Gecko) Version/18.5 Safari/605.1.15"
2001:8003:990a:8b00:7093:1ddb:1f03:5a51 - - [08/Jun/2025:06:28:43 -0400] "GET /manga/re-monster-chapter-67/ HTTP/1.1" 200 17980 "https://remonster.online/manga/re-monster-chapter-66/" "Mozilla/5.0 (iPhone; CPU iPhone OS 18_5 like Mac OS X) AppleWebKit/605.1.15 (KHTML, like Gecko) Version/18.5 Mobile/15E148 Safari/604.1"
162.0.232.193 - - [08/Jun/2025:06:28:44 -0400] "POST /wp-cron.php?doing_wp_cron=1749378524.3780589103698730468750 HTTP/1.1" 200 0 "-" "WordPress/6.6.2; https://remonster.online"
2603:7000:6303:9476:b9d3:798b:34cb:da62 - - [08/Jun/2025:06:26:41 -0400] "GET /manga/re-monster-chapter-2/ HTTP/1.1" 200 17999 "-" "Mozilla/5.0 (Macintosh; Intel Mac OS X 10_11_1) AppleWebKit/601.2.4 (KHTML, like Gecko) Version/9.0.1 Safari/601.2.4 facebookexternalhit/1.1 Facebot Twitterbot/1.0"
2001:8003:990a:8b00:7093:1ddb:1f03:5a51 - - [08/Jun/2025:06:28:44 -0400] "POST /wp-admin/admin-ajax.php HTTP/1.1" 200 69 "https://remonster.online/manga/re-monster-chapter-67/" "Mozilla/5.0 (iPhone; CPU iPhone OS 18_5 like Mac OS X) AppleWebKit/605.1.15 (KHTML, like Gecko) Version/18.5 Mobile/15E148 Safari/604.1"
175.176.38.130 - - [08/Jun/2025:06:29:19 -0400] "GET /manga/re-monster-chapter-50/ HTTP/1.1" 304 0 "https://remonster.online/manga/re-monster-chapter-51/" "Mozilla/5.0 (Linux; Android 10; K) AppleWebKit/537.36 (KHTML, like Gecko) SamsungBrowser/28.0 Chrome/130.0.0.0 Mobile Safari/537.36"
