114.10.143.108 - - [08/Jun/2025:09:07:04 -0400] "GET /manga/remonster-chapter-90/ HTTP/1.1" 304 0 "https://remonster.online/" "Mozilla/5.0 (Linux; Android 10; K) AppleWebKit/537.36 (KHTML, like Gecko) Chrome/136.0.0.0 Mobile Safari/537.36"
162.0.232.193 - - [08/Jun/2025:09:07:05 -0400] "POST /wp-cron.php?doing_wp_cron=1749388025.4512000083923339843750 HTTP/1.1" 200 0 "-" "WordPress/6.6.2; https://remonster.online"
2001:8f8:1123:f964:19b3:a0ca:4ffe:3d22 - - [08/Jun/2025:09:07:05 -0400] "GET /category/remonster/ HTTP/1.1" 304 0 "https://remonster.online/manga/re-monster-chapter-72/" "Mozilla/5.0 (Linux; Android 10; K) AppleWebKit/537.36 (KHTML, like Gecko) SamsungBrowser/28.0 Chrome/130.0.0.0 Mobile Safari/537.36"
2001:8f8:1123:f964:19b3:a0ca:4ffe:3d22 - - [08/Jun/2025:09:07:05 -0400] "GET /tag/goblin/ HTTP/1.1" 301 0 "https://remonster.online/manga/re-monster-chapter-72/" "Mozilla/5.0 (Linux; Android 10; K) AppleWebKit/537.36 (KHTML, like Gecko) SamsungBrowser/28.0 Chrome/130.0.0.0 Mobile Safari/537.36"
114.10.143.108 - - [08/Jun/2025:09:07:06 -0400] "GET /manga/remonster-chapter-91/ HTTP/1.1" 200 14141 "https://remonster.online/manga/remonster-chapter-90/" "Mozilla/5.0 (Linux; Android 10; K) AppleWebKit/537.36 (KHTML, like Gecko) Chrome/136.0.0.0 Mobile Safari/537.36"
114.10.143.108 - - [08/Jun/2025:09:07:05 -0400] "POST /wp-admin/admin-ajax.php HTTP/1.1" 200 69 "https://remonster.online/manga/remonster-chapter-90/" "Mozilla/5.0 (Linux; Android 10; K) AppleWebKit/537.36 (KHTML, like Gecko) Chrome/136.0.0.0 Mobile Safari/537.36"
2001:8f8:1123:f964:19b3:a0ca:4ffe:3d22 - - [08/Jun/2025:09:07:06 -0400] "GET / HTTP/1.1" 304 0 "https://remonster.online/manga/re-monster-chapter-72/" "Mozilla/5.0 (Linux; Android 10; K) AppleWebKit/537.36 (KHTML, like Gecko) SamsungBrowser/28.0 Chrome/130.0.0.0 Mobile Safari/537.36"
2001:8f8:1123:f964:19b3:a0ca:4ffe:3d22 - - [08/Jun/2025:09:07:07 -0400] "GET /tag/haruyoshi-kobayakawa/ HTTP/1.1" 301 0 "https://remonster.online/manga/re-monster-chapter-72/" "Mozilla/5.0 (Linux; Android 10; K) AppleWebKit/537.36 (KHTML, like Gecko) SamsungBrowser/28.0 Chrome/130.0.0.0 Mobile Safari/537.36"
2001:8f8:1123:f964:19b3:a0ca:4ffe:3d22 - - [08/Jun/2025:09:07:07 -0400] "GET /manga/re-monster-chapter-73/ HTTP/1.1" 200 17443 "https://remonster.online/manga/re-monster-chapter-72/" "Mozilla/5.0 (Linux; Android 10; K) AppleWebKit/537.36 (KHTML, like Gecko) SamsungBrowser/28.0 Chrome/130.0.0.0 Mobile Safari/537.36"
2001:8f8:1123:f964:19b3:a0ca:4ffe:3d22 - - [08/Jun/2025:09:07:08 -0400] "GET / HTTP/1.1" 304 0 "https://remonster.online/manga/re-monster-chapter-72/" "Mozilla/5.0 (Linux; Android 10; K) AppleWebKit/537.36 (KHTML, like Gecko) SamsungBrowser/28.0 Chrome/130.0.0.0 Mobile Safari/537.36"
114.10.143.108 - - [08/Jun/2025:09:07:14 -0400] "GET /tag/remonster-manga/ HTTP/1.1" 301 0 "https://remonster.online/manga/remonster-chapter-90/" "Mozilla/5.0 (Linux; Android 10; K) AppleWebKit/537.36 (KHTML, like Gecko) Chrome/136.0.0.0 Mobile Safari/537.36"
114.10.143.108 - - [08/Jun/2025:09:07:15 -0400] "GET / HTTP/1.1" 200 10813 "https://remonster.online/manga/remonster-chapter-90/" "Mozilla/5.0 (Linux; Android 10; K) AppleWebKit/537.36 (KHTML, like Gecko) Chrome/136.0.0.0 Mobile Safari/537.36"
180.244.162.71 - - [08/Jun/2025:09:07:19 -0400] "GET /manga/remonster-chapter-104/ HTTP/1.1" 200 18582 "https://remonster.online/manga/re-monster-chapter-16/" "Mozilla/5.0 (Linux; Android 10; K) AppleWebKit/537.36 (KHTML, like Gecko) Chrome/137.0.0.0 Mobile Safari/537.36"
180.244.162.71 - - [08/Jun/2025:09:07:20 -0400] "GET /manga/re-monster-chapter-17/ HTTP/1.1" 304 0 "https://remonster.online/manga/re-monster-chapter-16/" "Mozilla/5.0 (Linux; Android 10; K) AppleWebKit/537.36 (KHTML, like Gecko) Chrome/137.0.0.0 Mobile Safari/537.36"
114.10.143.108 - - [08/Jun/2025:09:07:20 -0400] "GET /tag/remonster-chapter-90-high-quality/ HTTP/1.1" 301 0 "https://remonster.online/manga/remonster-chapter-90/" "Mozilla/5.0 (Linux; Android 10; K) AppleWebKit/537.36 (KHTML, like Gecko) Chrome/136.0.0.0 Mobile Safari/537.36"
114.10.143.108 - - [08/Jun/2025:09:07:21 -0400] "GET / HTTP/1.1" 304 0 "https://remonster.online/manga/remonster-chapter-90/" "Mozilla/5.0 (Linux; Android 10; K) AppleWebKit/537.36 (KHTML, like Gecko) Chrome/136.0.0.0 Mobile Safari/537.36"
180.244.162.71 - - [08/Jun/2025:09:07:21 -0400] "GET /manga/re-monster-chapter-15/ HTTP/1.1" 304 0 "https://remonster.online/manga/re-monster-chapter-16/" "Mozilla/5.0 (Linux; Android 10; K) AppleWebKit/537.36 (KHTML, like Gecko) Chrome/137.0.0.0 Mobile Safari/537.36"
180.244.162.71 - - [08/Jun/2025:09:07:21 -0400] "GET /manga/re-monster-chapter-15/ HTTP/1.1" 304 0 "https://remonster.online/manga/re-monster-chapter-16/" "Mozilla/5.0 (Linux; Android 10; K) AppleWebKit/537.36 (KHTML, like Gecko) Chrome/137.0.0.0 Mobile Safari/537.36"
162.0.232.193 - - [08/Jun/2025:09:07:23 -0400] "POST /wp-cron.php?doing_wp_cron=1749388043.1090209484100341796875 HTTP/1.1" 200 0 "-" "WordPress/6.6.2; https://remonster.online"
180.244.162.71 - - [08/Jun/2025:09:07:23 -0400] "GET /manga/re-monster-chapter-15/ HTTP/1.1" 304 0 "https://remonster.online/manga/re-monster-chapter-15/" "Mozilla/5.0 (Linux; Android 10; K) AppleWebKit/537.36 (KHTML, like Gecko) Chrome/137.0.0.0 Mobile Safari/537.36"
114.10.143.108 - - [08/Jun/2025:09:07:23 -0400] "GET /manga/remonster-chapter-100/ HTTP/1.1" 200 15536 "https://remonster.online/" "Mozilla/5.0 (Linux; Android 10; K) AppleWebKit/537.36 (KHTML, like Gecko) Chrome/136.0.0.0 Mobile Safari/537.36"
180.244.162.71 - - [08/Jun/2025:09:07:22 -0400] "POST /wp-admin/admin-ajax.php HTTP/1.1" 200 69 "https://remonster.online/manga/re-monster-chapter-15/" "Mozilla/5.0 (Linux; Android 10; K) AppleWebKit/537.36 (KHTML, like Gecko) Chrome/137.0.0.0 Mobile Safari/537.36"
114.10.143.108 - - [08/Jun/2025:09:07:24 -0400] "GET /manga/remonster-chapter-100/ HTTP/1.1" 304 0 "https://remonster.online/" "Mozilla/5.0 (Linux; Android 10; K) AppleWebKit/537.36 (KHTML, like Gecko) Chrome/136.0.0.0 Mobile Safari/537.36"
114.10.143.108 - - [08/Jun/2025:09:07:24 -0400] "POST /wp-admin/admin-ajax.php HTTP/1.1" 200 69 "https://remonster.online/manga/remonster-chapter-100/" "Mozilla/5.0 (Linux; Android 10; K) AppleWebKit/537.36 (KHTML, like Gecko) Chrome/136.0.0.0 Mobile Safari/537.36"
114.10.143.108 - - [08/Jun/2025:09:07:48 -0400] "GET /manga/remonster-chapter-105/ HTTP/1.1" 200 18283 "https://remonster.online/" "Mozilla/5.0 (Linux; Android 10; K) AppleWebKit/537.36 (KHTML, like Gecko) Chrome/136.0.0.0 Mobile Safari/537.36"
114.10.143.108 - - [08/Jun/2025:09:07:49 -0400] "GET /manga/remonster-chapter-105/ HTTP/1.1" 304 0 "https://remonster.online/" "Mozilla/5.0 (Linux; Android 10; K) AppleWebKit/537.36 (KHTML, like Gecko) Chrome/136.0.0.0 Mobile Safari/537.36"
47.4.236.36 - - [08/Jun/2025:09:07:49 -0400] "GET /manga/remonster-chapter-92/ HTTP/1.1" 200 15039 "https://remonster.online/manga/remonster-chapter-91/" "Mozilla/5.0 (iPhone; CPU iPhone OS 18_4_1 like Mac OS X) AppleWebKit/605.1.15 (KHTML, like Gecko) CriOS/137.0.7151.79 Mobile/15E148 Safari/604.1"
162.0.232.193 - - [08/Jun/2025:09:07:50 -0400] "POST /wp-cron.php?doing_wp_cron=1749388069.8241589069366455078125 HTTP/1.1" 200 0 "-" "WordPress/6.6.2; https://remonster.online"
114.10.143.108 - - [08/Jun/2025:09:07:49 -0400] "POST /wp-admin/admin-ajax.php HTTP/1.1" 200 69 "https://remonster.online/manga/remonster-chapter-105/" "Mozilla/5.0 (Linux; Android 10; K) AppleWebKit/537.36 (KHTML, like Gecko) Chrome/136.0.0.0 Mobile Safari/537.36"
114.10.143.108 - - [08/Jun/2025:09:07:56 -0400] "GET /manga/remonster-chapter-100/ HTTP/1.1" 304 0 "https://remonster.online/" "Mozilla/5.0 (Linux; Android 10; K) AppleWebKit/537.36 (KHTML, like Gecko) Chrome/136.0.0.0 Mobile Safari/537.36"
114.10.143.108 - - [08/Jun/2025:09:07:58 -0400] "GET / HTTP/1.1" 304 0 "https://remonster.online/manga/remonster-chapter-100/" "Mozilla/5.0 (Linux; Android 10; K) AppleWebKit/537.36 (KHTML, like Gecko) Chrome/136.0.0.0 Mobile Safari/537.36"
47.4.236.36 - - [08/Jun/2025:09:07:58 -0400] "GET /manga/remonster-chapter-92/ HTTP/1.1" 200 15039 "https://remonster.online/manga/remonster-chapter-91/" "Mozilla/5.0 (iPhone; CPU iPhone OS 18_4_1 like Mac OS X) AppleWebKit/605.1.15 (KHTML, like Gecko) CriOS/137.0.7151.79 Mobile/15E148 Safari/604.1"
114.10.143.108 - - [08/Jun/2025:09:07:57 -0400] "POST /wp-admin/admin-ajax.php HTTP/1.1" 200 69 "https://remonster.online/manga/remonster-chapter-100/" "Mozilla/5.0 (Linux; Android 10; K) AppleWebKit/537.36 (KHTML, like Gecko) Chrome/136.0.0.0 Mobile Safari/537.36"
47.4.236.36 - - [08/Jun/2025:09:08:05 -0400] "GET /manga/remonster-chapter-92/ HTTP/1.1" 200 15039 "https://remonster.online/manga/remonster-chapter-91/" "Mozilla/5.0 (iPhone; CPU iPhone OS 18_4_1 like Mac OS X) AppleWebKit/605.1.15 (KHTML, like Gecko) CriOS/137.0.7151.79 Mobile/15E148 Safari/604.1"
47.4.236.36 - - [08/Jun/2025:09:08:06 -0400] "GET / HTTP/1.1" 200 10813 "https://remonster.online/manga/remonster-chapter-92/" "Mozilla/5.0 (iPhone; CPU iPhone OS 18_4_1 like Mac OS X) AppleWebKit/605.1.15 (KHTML, like Gecko) CriOS/137.0.7151.79 Mobile/15E148 Safari/604.1"
47.4.236.36 - - [08/Jun/2025:09:08:11 -0400] "GET /manga/remonster-chapter-91/ HTTP/1.1" 200 14141 "https://remonster.online/" "Mozilla/5.0 (iPhone; CPU iPhone OS 18_4_1 like Mac OS X) AppleWebKit/605.1.15 (KHTML, like Gecko) CriOS/137.0.7151.79 Mobile/15E148 Safari/604.1"
47.4.236.36 - - [08/Jun/2025:09:08:16 -0400] "GET /manga/remonster-chapter-91/ HTTP/1.1" 200 14141 "https://remonster.online/" "Mozilla/5.0 (iPhone; CPU iPhone OS 18_4_1 like Mac OS X) AppleWebKit/605.1.15 (KHTML, like Gecko) CriOS/137.0.7151.79 Mobile/15E148 Safari/604.1"
162.0.232.193 - - [08/Jun/2025:09:09:00 -0400] "POST /wp-cron.php?doing_wp_cron=1749388140.1264300346374511718750 HTTP/1.1" 200 0 "-" "WordPress/6.6.2; https://remonster.online"
103.177.240.195 - - [08/Jun/2025:09:08:59 -0400] "GET /wp-login.php HTTP/1.1" 200 1749 "-" "Mozilla/5.0 (X11; Ubuntu; Linux x86_64; rv:85.0) Gecko/20100101 Firefox/91.0"
103.177.240.195 - - [08/Jun/2025:09:09:16 -0400] "POST /wp-login.php HTTP/1.1" 200 1903 "-" "Mozilla/5.0 (X11; Ubuntu; Linux x86_64; rv:85.0) Gecko/20100101 Firefox/91.0"
43.153.76.247 - - [08/Jun/2025:09:09:27 -0400] "GET /manga/re-monster-chapter-71/ HTTP/1.1" 200 17764 "-" "Mozilla/5.0 (iPhone; CPU iPhone OS 13_2_3 like Mac OS X) AppleWebKit/605.1.15 (KHTML, like Gecko) Version/13.0.3 Mobile/15E148 Safari/604.1"
2a02:810d:d01:ba00:2c5d:d42:f857:5e7c - - [08/Jun/2025:09:09:51 -0400] "GET /manga/re-monster-chapter-5/ HTTP/1.1" 304 0 "-" "Mozilla/5.0 (Linux; Android 10; K) AppleWebKit/537.36 (KHTML, like Gecko) Chrome/137.0.0.0 Mobile Safari/537.36"
2a02:810d:d01:ba00:2c5d:d42:f857:5e7c - - [08/Jun/2025:09:09:51 -0400] "GET /manga/re-monster-chapter-7/ HTTP/1.1" 200 18493 "-" "Mozilla/5.0 (Linux; Android 10; K) AppleWebKit/537.36 (KHTML, like Gecko) Chrome/137.0.0.0 Mobile Safari/537.36"
2a02:810d:d01:ba00:2c5d:d42:f857:5e7c - - [08/Jun/2025:09:09:51 -0400] "GET /manga/re-monster-chapter-7/ HTTP/1.1" 304 0 "https://remonster.online/manga/re-monster-chapter-6/" "Mozilla/5.0 (Linux; Android 10; K) AppleWebKit/537.36 (KHTML, like Gecko) Chrome/137.0.0.0 Mobile Safari/537.36"
162.0.232.193 - - [08/Jun/2025:09:09:52 -0400] "POST /wp-cron.php?doing_wp_cron=1749388192.8821499347686767578125 HTTP/1.1" 200 0 "-" "WordPress/6.6.2; https://remonster.online"
2a02:810d:d01:ba00:2c5d:d42:f857:5e7c - - [08/Jun/2025:09:09:52 -0400] "POST /wp-admin/admin-ajax.php HTTP/1.1" 200 69 "https://remonster.online/manga/re-monster-chapter-7/" "Mozilla/5.0 (Linux; Android 10; K) AppleWebKit/537.36 (KHTML, like Gecko) Chrome/137.0.0.0 Mobile Safari/537.36"
112.141.26.208 - - [08/Jun/2025:09:11:34 -0400] "GET /manga/remonster-chapter-106/ HTTP/1.1" 200 14304 "https://www.google.se/" "Mozilla/5.0 (Linux; Android 10; K) AppleWebKit/537.36 (KHTML, like Gecko) Chrome/135.0.0.0 Safari/537.36 OPR/89.0.0.0"
82.145.215.206 - - [08/Jun/2025:09:11:36 -0400] "GET / HTTP/1.1" 200 10849 "-" "Mozilla/5.0 (iPhone; CPU iPhone OS 11_0 like Mac OS X) AppleWebKit/604.1.38 (KHTML, like Gecko) Version/11.0 Mobile/15A372 Safari/604.1"
82.145.215.206 - - [08/Jun/2025:09:11:36 -0400] "GET /apple-touch-icon.png HTTP/1.1" 200 0 "-" "Go-http-client/1.1"
162.0.232.193 - - [08/Jun/2025:09:11:39 -0400] "POST /wp-cron.php?doing_wp_cron=1749388299.1644339561462402343750 HTTP/1.1" 200 0 "-" "WordPress/6.6.2; https://remonster.online"
112.141.26.208 - - [08/Jun/2025:09:11:56 -0400] "GET / HTTP/1.1" 200 10813 "https://remonster.online/manga/remonster-chapter-106/" "Mozilla/5.0 (Linux; Android 10; K) AppleWebKit/537.36 (KHTML, like Gecko) Chrome/135.0.0.0 Safari/537.36 OPR/89.0.0.0"
112.141.26.208 - - [08/Jun/2025:09:11:57 -0400] "GET / HTTP/1.1" 304 0 "https://remonster.online/manga/remonster-chapter-106/" "Mozilla/5.0 (Linux; Android 10; K) AppleWebKit/537.36 (KHTML, like Gecko) Chrome/135.0.0.0 Safari/537.36 OPR/89.0.0.0"
2400:9800:fa:a0e5:3cee:7b04:697c:2e11 - - [08/Jun/2025:09:12:19 -0400] "GET /wp-content/uploads/2021/11/8168f-bSGoS-717x1024.jpeg HTTP/1.1" 200 200846 "https://myactivity.google.com/" "Mozilla/5.0 (iPhone; CPU iPhone OS 17_6_1 like Mac OS X) AppleWebKit/605.1.15 (KHTML, like Gecko) CriOS/137.0.7151.51 Mobile/15E148 Safari/604.1"
84.46.154.81 - - [08/Jun/2025:09:12:28 -0400] "GET /manga/remonster-chapter-106/ HTTP/1.1" 200 14266 "https://remonster.online/manga/remonster-chapter-105/" "Mozilla/5.0 (Windows NT 10.0; Win64; x64; rv:139.0) Gecko/20100101 Firefox/139.0"
49.159.74.100 - - [08/Jun/2025:09:14:41 -0400] "GET / HTTP/1.1" 200 10893 "-" "Google"
2a04:4e41:5eef:768e::526f:768e - - [08/Jun/2025:09:15:04 -0400] "GET /manga/remonster-chapter-95/ HTTP/1.1" 200 15330 "-" "Mozilla/5.0 (iPhone; CPU iPhone OS 18_4_1 like Mac OS X) AppleWebKit/605.1.15 (KHTML, like Gecko) Mobile/15E148"
2001:56b:ffff:5ec7:e102:e5b2:6260:b66b - - [08/Jun/2025:09:15:38 -0400] "GET /manga/re-monster-chapter-4/ HTTP/1.1" 200 18436 "https://remonster.online/manga/re-monster-chapter-3/" "Mozilla/5.0 (Linux; Android 15; SM-S918W Build/AP3A.240905.015.A2; wv) AppleWebKit/537.36 (KHTML, like Gecko) Version/4.0 Chrome/136.0.7103.125 Mobile Safari/537.36"
162.0.232.193 - - [08/Jun/2025:09:15:41 -0400] "POST /wp-cron.php?doing_wp_cron=1749388541.3225569725036621093750 HTTP/1.1" 200 0 "-" "WordPress/6.6.2; https://remonster.online"
2001:56b:ffff:5ec7:e102:e5b2:6260:b66b - - [08/Jun/2025:09:15:39 -0400] "POST /wp-admin/admin-ajax.php HTTP/1.1" 200 49 "https://remonster.online/manga/re-monster-chapter-4/" "Mozilla/5.0 (Linux; Android 15; SM-S918W Build/AP3A.240905.015.A2; wv) AppleWebKit/537.36 (KHTML, like Gecko) Version/4.0 Chrome/136.0.7103.125 Mobile Safari/537.36"
2001:56b:ffff:5ec7:e102:e5b2:6260:b66b - - [08/Jun/2025:09:15:41 -0400] "POST /wp-admin/admin-ajax.php HTTP/1.1" 200 595 "https://remonster.online/manga/re-monster-chapter-4/" "Mozilla/5.0 (Linux; Android 15; SM-S918W Build/AP3A.240905.015.A2; wv) AppleWebKit/537.36 (KHTML, like Gecko) Version/4.0 Chrome/136.0.7103.125 Mobile Safari/537.36"
162.0.232.193 - - [08/Jun/2025:09:16:23 -0400] "POST /wp-cron.php?doing_wp_cron=1749388582.9919390678405761718750 HTTP/1.1" 200 0 "-" "WordPress/6.6.2; https://remonster.online"
45.61.184.107 - - [08/Jun/2025:09:16:22 -0400] "GET /wp-login.php HTTP/1.1" 200 1749 "-" "Mozilla/5.0 (Windows NT 6.1; rv:30.0) Gecko/20100101 Firefox/30.0"
45.61.184.107 - - [08/Jun/2025:09:16:23 -0400] "POST /wp-login.php HTTP/1.1" 200 1888 "-" "Mozilla/5.0 (Windows NT 6.1; rv:30.0) Gecko/20100101 Firefox/30.0"
162.0.232.193 - - [08/Jun/2025:09:17:04 -0400] "POST /wp-cron.php?doing_wp_cron=1749388624.1081120967864990234375 HTTP/1.1" 200 0 "-" "WordPress/6.6.2; https://remonster.online"
2a02:810d:d01:ba00:2c5d:d42:f857:5e7c - - [08/Jun/2025:09:17:03 -0400] "POST /wp-admin/admin-ajax.php HTTP/1.1" 200 69 "https://remonster.online/manga/re-monster-chapter-7/" "Mozilla/5.0 (Linux; Android 10; K) AppleWebKit/537.36 (KHTML, like Gecko) Chrome/137.0.0.0 Mobile Safari/537.36"
2405:201:a40a:9305:fd18:cfcd:ecdb:7ec6 - - [08/Jun/2025:09:17:11 -0400] "GET /manga/remonster-chapter-106/ HTTP/1.1" 200 14258 "https://search.brave.com/" "Mozilla/5.0 (Windows NT 10.0; Win64; x64) AppleWebKit/537.36 (KHTML, like Gecko) Chrome/137.0.0.0 Safari/537.36"
2405:201:a40a:9305:fd18:cfcd:ecdb:7ec6 - - [08/Jun/2025:09:17:19 -0400] "GET /tag/reincarnated-monster/ HTTP/1.1" 301 0 "-" "Mozilla/5.0 (Windows NT 10.0; Win64; x64) AppleWebKit/537.36 (KHTML, like Gecko) Chrome/137.0.0.0 Safari/537.36"
105.245.120.154 - - [08/Jun/2025:09:17:36 -0400] "GET /manga/re-monster-chapter-23/ HTTP/1.1" 200 16723 "-" "Mozilla/5.0 (Linux; Android 10; K) AppleWebKit/537.36 (KHTML, like Gecko) Chrome/133.0.0.0 Safari/537.36"
105.245.120.154 - - [08/Jun/2025:09:17:37 -0400] "GET /manga/re-monster-chapter-23/ HTTP/1.1" 304 0 "https://remonster.online/manga/re-monster-chapter-22/" "Mozilla/5.0 (Linux; Android 10; K) AppleWebKit/537.36 (KHTML, like Gecko) Chrome/133.0.0.0 Safari/537.36"
162.0.232.193 - - [08/Jun/2025:09:17:39 -0400] "POST /wp-cron.php?doing_wp_cron=1749388659.1318190097808837890625 HTTP/1.1" 200 0 "-" "WordPress/6.6.2; https://remonster.online"
105.245.120.154 - - [08/Jun/2025:09:17:38 -0400] "POST /wp-admin/admin-ajax.php HTTP/1.1" 200 69 "https://remonster.online/manga/re-monster-chapter-23/" "Mozilla/5.0 (Linux; Android 10; K) AppleWebKit/537.36 (KHTML, like Gecko) Chrome/133.0.0.0 Safari/537.36"
68.183.145.0 - - [08/Jun/2025:09:17:59 -0400] "POST /wp-login.php HTTP/1.1" 200 1911 "https://remonster.online" "Mozilla/5.0 (Windows NT 10.0; Win64; x64) AppleWebKit/537.36 (KHTML, like Gecko) Chrome/116.0.5845.96 Safari/537.36"
13.126.34.59 - - [08/Jun/2025:09:19:40 -0400] "GET /ads.txt HTTP/1.1" 200 501 "-" "axios/1.7.4"
170.106.147.63 - - [08/Jun/2025:09:19:45 -0400] "GET /manga/re-monster-chapter-66/ HTTP/1.1" 200 18283 "-" "Mozilla/5.0 (iPhone; CPU iPhone OS 13_2_3 like Mac OS X) AppleWebKit/605.1.15 (KHTML, like Gecko) Version/13.0.3 Mobile/15E148 Safari/604.1"
125.166.169.76 - - [08/Jun/2025:09:20:37 -0400] "GET / HTTP/1.1" 200 10863 "https://www.google.com/" "Mozilla/5.0 (Windows NT 10.0; Win64; x64) AppleWebKit/537.36 (KHTML, like Gecko) Chrome/134.0.0.0 Safari/537.36 OPR/119.0.0.0"
94.101.29.236 - - [08/Jun/2025:09:20:51 -0400] "GET /manga/remonster-chapter-94/ HTTP/1.1" 200 15020 "-" "Mozilla/5.0 (Windows NT 10.0; Win64; x64) AppleWebKit/537.36 (KHTML, like Gecko) Chrome/137.0.0.0 Safari/537.36"
94.101.29.236 - - [08/Jun/2025:09:20:53 -0400] "GET /category/remonster-manga/ HTTP/1.1" 200 25019 "https://remonster.online/manga/remonster-chapter-94/" "Mozilla/5.0 (Windows NT 10.0; Win64; x64) AppleWebKit/537.36 (KHTML, like Gecko) Chrome/137.0.0.0 Safari/537.36"
94.101.29.236 - - [08/Jun/2025:09:20:56 -0400] "GET /manga/re-monster-chapter-1/ HTTP/1.1" 200 18428 "https://remonster.online/manga/remonster-chapter-94/" "Mozilla/5.0 (Windows NT 10.0; Win64; x64) AppleWebKit/537.36 (KHTML, like Gecko) Chrome/137.0.0.0 Safari/537.36"
94.101.29.236 - - [08/Jun/2025:09:20:58 -0400] "GET / HTTP/1.1" 200 10900 "https://remonster.online/manga/remonster-chapter-94/" "Mozilla/5.0 (Windows NT 10.0; Win64; x64) AppleWebKit/537.36 (KHTML, like Gecko) Chrome/137.0.0.0 Safari/537.36"
94.101.29.236 - - [08/Jun/2025:09:21:00 -0400] "GET /manga/remonster-chapter-105/ HTTP/1.1" 200 18185 "https://remonster.online/manga/remonster-chapter-94/" "Mozilla/5.0 (Windows NT 10.0; Win64; x64) AppleWebKit/537.36 (KHTML, like Gecko) Chrome/137.0.0.0 Safari/537.36"
94.101.29.236 - - [08/Jun/2025:09:21:02 -0400] "GET /category/remonster/ HTTP/1.1" 200 24979 "https://remonster.online/manga/remonster-chapter-94/" "Mozilla/5.0 (Windows NT 10.0; Win64; x64) AppleWebKit/537.36 (KHTML, like Gecko) Chrome/137.0.0.0 Safari/537.36"
94.101.29.236 - - [08/Jun/2025:09:21:02 -0400] "GET /dmca/ HTTP/1.1" 200 10830 "https://remonster.online/manga/remonster-chapter-94/" "Mozilla/5.0 (Windows NT 10.0; Win64; x64) AppleWebKit/537.36 (KHTML, like Gecko) Chrome/137.0.0.0 Safari/537.36"
94.101.29.236 - - [08/Jun/2025:09:21:02 -0400] "GET /privacy-policy/ HTTP/1.1" 200 13402 "https://remonster.online/manga/remonster-chapter-94/" "Mozilla/5.0 (Windows NT 10.0; Win64; x64) AppleWebKit/537.36 (KHTML, like Gecko) Chrome/137.0.0.0 Safari/537.36"
114.119.144.17 - - [08/Jun/2025:09:21:04 -0400] "GET /tag/webcomicanga/ HTTP/1.1" 301 0 "https://remonster.online/manga/remonster-chapter-101/" "Mozilla/5.0 (Linux; Android 7.0;) AppleWebKit/537.36 (KHTML, like Gecko) Mobile Safari/537.36 (compatible; PetalBot;+https://webmaster.petalsearch.com/site/petalbot)"
94.101.29.236 - - [08/Jun/2025:09:21:06 -0400] "GET /tag/haruyoshi-kobayakawa/ HTTP/1.1" 301 0 "https://remonster.online/manga/remonster-chapter-94/" "Mozilla/5.0 (Windows NT 10.0; Win64; x64) AppleWebKit/537.36 (KHTML, like Gecko) Chrome/137.0.0.0 Safari/537.36"
114.119.144.17 - - [08/Jun/2025:09:21:06 -0400] "GET / HTTP/1.1" 200 10813 "https://remonster.online/manga/remonster-chapter-101/" "Mozilla/5.0 (Linux; Android 7.0;) AppleWebKit/537.36 (KHTML, like Gecko) Mobile Safari/537.36 (compatible; PetalBot;+https://webmaster.petalsearch.com/site/petalbot)"
94.101.29.236 - - [08/Jun/2025:09:21:06 -0400] "GET / HTTP/1.1" 304 0 "https://remonster.online/manga/remonster-chapter-94/" "Mozilla/5.0 (Windows NT 10.0; Win64; x64) AppleWebKit/537.36 (KHTML, like Gecko) Chrome/137.0.0.0 Safari/537.36"
94.101.29.236 - - [08/Jun/2025:09:21:06 -0400] "GET /tag/read-remonster-chapter-92-online/ HTTP/1.1" 301 0 "https://remonster.online/manga/remonster-chapter-94/" "Mozilla/5.0 (Windows NT 10.0; Win64; x64) AppleWebKit/537.36 (KHTML, like Gecko) Chrome/137.0.0.0 Safari/537.36"
94.101.29.236 - - [08/Jun/2025:09:21:07 -0400] "GET / HTTP/1.1" 304 0 "https://remonster.online/manga/remonster-chapter-94/" "Mozilla/5.0 (Windows NT 10.0; Win64; x64) AppleWebKit/537.36 (KHTML, like Gecko) Chrome/137.0.0.0 Safari/537.36"
94.101.29.236 - - [08/Jun/2025:09:21:07 -0400] "GET /tag/remonster-92/ HTTP/1.1" 301 0 "https://remonster.online/manga/remonster-chapter-94/" "Mozilla/5.0 (Windows NT 10.0; Win64; x64) AppleWebKit/537.36 (KHTML, like Gecko) Chrome/137.0.0.0 Safari/537.36"
94.101.29.236 - - [08/Jun/2025:09:21:08 -0400] "GET / HTTP/1.1" 304 0 "https://remonster.online/manga/remonster-chapter-94/" "Mozilla/5.0 (Windows NT 10.0; Win64; x64) AppleWebKit/537.36 (KHTML, like Gecko) Chrome/137.0.0.0 Safari/537.36"
94.101.29.236 - - [08/Jun/2025:09:21:10 -0400] "GET /manga/ HTTP/1.1" 301 0 "https://remonster.online/manga/remonster-chapter-94/" "Mozilla/5.0 (Windows NT 10.0; Win64; x64) AppleWebKit/537.36 (KHTML, like Gecko) Chrome/137.0.0.0 Safari/537.36"
94.101.29.236 - - [08/Jun/2025:09:21:10 -0400] "GET / HTTP/1.1" 304 0 "https://remonster.online/manga/remonster-chapter-94/" "Mozilla/5.0 (Windows NT 10.0; Win64; x64) AppleWebKit/537.36 (KHTML, like Gecko) Chrome/137.0.0.0 Safari/537.36"
94.101.29.236 - - [08/Jun/2025:09:21:16 -0400] "GET / HTTP/1.1" 304 0 "https://remonster.online/manga/remonster-chapter-94/" "Mozilla/5.0 (Windows NT 10.0; Win64; x64) AppleWebKit/537.36 (KHTML, like Gecko) Chrome/137.0.0.0 Safari/537.36"
94.101.29.236 - - [08/Jun/2025:09:21:17 -0400] "GET / HTTP/1.1" 304 0 "https://remonster.online/" "Mozilla/5.0 (Windows NT 10.0; Win64; x64) AppleWebKit/537.36 (KHTML, like Gecko) Chrome/137.0.0.0 Safari/537.36"
94.101.29.236 - - [08/Jun/2025:09:21:17 -0400] "GET /wp-content/uploads/2021/11/LN_v09_001-697x1024.jpeg HTTP/1.1" 200 214016 "https://remonster.online/" "Mozilla/5.0 (Windows NT 10.0; Win64; x64) AppleWebKit/537.36 (KHTML, like Gecko) Chrome/137.0.0.0 Safari/537.36"
94.101.29.236 - - [08/Jun/2025:09:21:17 -0400] "GET /wp-content/uploads/2021/11/8168f-bSGoS-717x1024.jpeg HTTP/1.1" 200 200846 "https://remonster.online/" "Mozilla/5.0 (Windows NT 10.0; Win64; x64) AppleWebKit/537.36 (KHTML, like Gecko) Chrome/137.0.0.0 Safari/537.36"
94.101.29.236 - - [08/Jun/2025:09:21:19 -0400] "GET /manga/remonster-chapter-105/ HTTP/1.1" 304 0 "https://remonster.online/" "Mozilla/5.0 (Windows NT 10.0; Win64; x64) AppleWebKit/537.36 (KHTML, like Gecko) Chrome/137.0.0.0 Safari/537.36"
94.101.29.236 - - [08/Jun/2025:09:21:24 -0400] "GET /manga/remonster-chapter-94/ HTTP/1.1" 304 0 "https://remonster.online/" "Mozilla/5.0 (Windows NT 10.0; Win64; x64) AppleWebKit/537.36 (KHTML, like Gecko) Chrome/137.0.0.0 Safari/537.36"
94.101.29.236 - - [08/Jun/2025:09:21:24 -0400] "GET /manga/remonster-chapter-80/ HTTP/1.1" 200 14391 "https://remonster.online/" "Mozilla/5.0 (Windows NT 10.0; Win64; x64) AppleWebKit/537.36 (KHTML, like Gecko) Chrome/137.0.0.0 Safari/537.36"
94.101.29.236 - - [08/Jun/2025:09:21:25 -0400] "GET /manga/remonster-chapter-77/ HTTP/1.1" 200 17439 "https://remonster.online/" "Mozilla/5.0 (Windows NT 10.0; Win64; x64) AppleWebKit/537.36 (KHTML, like Gecko) Chrome/137.0.0.0 Safari/537.36"
94.101.29.236 - - [08/Jun/2025:09:21:25 -0400] "GET /manga/re-monster-chapter-61/ HTTP/1.1" 200 17377 "https://remonster.online/" "Mozilla/5.0 (Windows NT 10.0; Win64; x64) AppleWebKit/537.36 (KHTML, like Gecko) Chrome/137.0.0.0 Safari/537.36"
94.101.29.236 - - [08/Jun/2025:09:21:31 -0400] "GET / HTTP/1.1" 304 0 "https://remonster.online/" "Mozilla/5.0 (Windows NT 10.0; Win64; x64) AppleWebKit/537.36 (KHTML, like Gecko) Chrome/137.0.0.0 Safari/537.36"
94.101.29.236 - - [08/Jun/2025:09:21:31 -0400] "GET / HTTP/1.1" 304 0 "https://remonster.online/" "Mozilla/5.0 (Windows NT 10.0; Win64; x64) AppleWebKit/537.36 (KHTML, like Gecko) Chrome/137.0.0.0 Safari/537.36"
94.101.29.236 - - [08/Jun/2025:09:21:33 -0400] "GET / HTTP/1.1" 304 0 "https://remonster.online/" "Mozilla/5.0 (Windows NT 10.0; Win64; x64) AppleWebKit/537.36 (KHTML, like Gecko) Chrome/137.0.0.0 Safari/537.36"
94.101.29.236 - - [08/Jun/2025:09:21:33 -0400] "GET / HTTP/1.1" 304 0 "https://remonster.online/" "Mozilla/5.0 (Windows NT 10.0; Win64; x64) AppleWebKit/537.36 (KHTML, like Gecko) Chrome/137.0.0.0 Safari/537.36"
94.101.29.236 - - [08/Jun/2025:09:21:35 -0400] "GET /manga/re-monster-chapter-1/ HTTP/1.1" 304 0 "https://remonster.online/" "Mozilla/5.0 (Windows NT 10.0; Win64; x64) AppleWebKit/537.36 (KHTML, like Gecko) Chrome/137.0.0.0 Safari/537.36"
94.101.29.236 - - [08/Jun/2025:09:21:39 -0400] "GET /manga/remonster-chapter-105/ HTTP/1.1" 304 0 "https://remonster.online/" "Mozilla/5.0 (Windows NT 10.0; Win64; x64) AppleWebKit/537.36 (KHTML, like Gecko) Chrome/137.0.0.0 Safari/537.36"
94.101.29.236 - - [08/Jun/2025:09:21:40 -0400] "GET /category/remonster-manga/ HTTP/1.1" 304 0 "https://remonster.online/" "Mozilla/5.0 (Windows NT 10.0; Win64; x64) AppleWebKit/537.36 (KHTML, like Gecko) Chrome/137.0.0.0 Safari/537.36"
94.101.29.236 - - [08/Jun/2025:09:21:40 -0400] "GET /privacy-policy/ HTTP/1.1" 304 0 "https://remonster.online/" "Mozilla/5.0 (Windows NT 10.0; Win64; x64) AppleWebKit/537.36 (KHTML, like Gecko) Chrome/137.0.0.0 Safari/537.36"
94.101.29.236 - - [08/Jun/2025:09:21:41 -0400] "GET /dmca/ HTTP/1.1" 304 0 "https://remonster.online/" "Mozilla/5.0 (Windows NT 10.0; Win64; x64) AppleWebKit/537.36 (KHTML, like Gecko) Chrome/137.0.0.0 Safari/537.36"
94.101.29.236 - - [08/Jun/2025:09:21:42 -0400] "GET /dmca/ HTTP/1.1" 304 0 "https://remonster.online/" "Mozilla/5.0 (Windows NT 10.0; Win64; x64) AppleWebKit/537.36 (KHTML, like Gecko) Chrome/137.0.0.0 Safari/537.36"
94.101.29.236 - - [08/Jun/2025:09:21:46 -0400] "GET / HTTP/1.1" 304 0 "https://remonster.online/dmca/" "Mozilla/5.0 (Windows NT 10.0; Win64; x64) AppleWebKit/537.36 (KHTML, like Gecko) Chrome/137.0.0.0 Safari/537.36"
94.101.29.236 - - [08/Jun/2025:09:21:47 -0400] "GET / HTTP/1.1" 304 0 "https://remonster.online/dmca/" "Mozilla/5.0 (Windows NT 10.0; Win64; x64) AppleWebKit/537.36 (KHTML, like Gecko) Chrome/137.0.0.0 Safari/537.36"
66.249.79.229 - - [08/Jun/2025:09:22:02 -0400] "GET /wp-content/uploads/2021/11/8168f-bSGoS-717x1024.jpeg HTTP/1.1" 200 200846 "-" "Googlebot-Image/1.0"
2001:f40:99c:51b0:197f:1c33:d7a2:8aba - - [08/Jun/2025:09:22:15 -0400] "GET / HTTP/1.1" 200 10863 "https://www.google.com/" "Mozilla/5.0 (Windows NT 10.0; Win64; x64) AppleWebKit/537.36 (KHTML, like Gecko) Chrome/137.0.0.0 Safari/537.36 Edg/137.0.0.0"
65.27.152.107 - - [08/Jun/2025:09:22:18 -0400] "GET / HTTP/1.1" 200 10813 "https://www.google.com/" "Mozilla/5.0 (iPhone; CPU iPhone OS 18_5 like Mac OS X) AppleWebKit/605.1.15 (KHTML, like Gecko) Version/18.5 Mobile/15E148 Safari/604.1"
65.27.152.107 - - [08/Jun/2025:09:22:32 -0400] "GET /manga/re-monster-chapter-58/ HTTP/1.1" 200 17390 "https://remonster.online/" "Mozilla/5.0 (iPhone; CPU iPhone OS 18_5 like Mac OS X) AppleWebKit/605.1.15 (KHTML, like Gecko) Version/18.5 Mobile/15E148 Safari/604.1"
2001:f40:99c:51b0:197f:1c33:d7a2:8aba - - [08/Jun/2025:09:22:36 -0400] "GET /manga/remonster-chapter-93/ HTTP/1.1" 200 15361 "https://remonster.online/" "Mozilla/5.0 (Windows NT 10.0; Win64; x64) AppleWebKit/537.36 (KHTML, like Gecko) Chrome/137.0.0.0 Safari/537.36 Edg/137.0.0.0"
2001:f40:99c:51b0:197f:1c33:d7a2:8aba - - [08/Jun/2025:09:22:43 -0400] "GET /manga/re-monster-chapter-1/ HTTP/1.1" 200 18379 "https://remonster.online/" "Mozilla/5.0 (Windows NT 10.0; Win64; x64) AppleWebKit/537.36 (KHTML, like Gecko) Chrome/137.0.0.0 Safari/537.36 Edg/137.0.0.0"
2001:f40:99c:51b0:197f:1c33:d7a2:8aba - - [08/Jun/2025:09:22:44 -0400] "GET /manga/re-monster-chapter-1/ HTTP/1.1" 304 0 "https://remonster.online/" "Mozilla/5.0 (Windows NT 10.0; Win64; x64) AppleWebKit/537.36 (KHTML, like Gecko) Chrome/137.0.0.0 Safari/537.36 Edg/137.0.0.0"
65.27.152.107 - - [08/Jun/2025:09:22:44 -0400] "GET /manga/re-monster-chapter-40/ HTTP/1.1" 200 16596 "https://remonster.online/" "Mozilla/5.0 (iPhone; CPU iPhone OS 18_5 like Mac OS X) AppleWebKit/605.1.15 (KHTML, like Gecko) Version/18.5 Mobile/15E148 Safari/604.1"
2001:f40:99c:51b0:197f:1c33:d7a2:8aba - - [08/Jun/2025:09:22:44 -0400] "GET /wp-content/plugins/simple-social-buttons/assets/fonts/ssb-icon.ttf?eahqa2 HTTP/1.1" 200 6624 "https://remonster.online/wp-content/plugins/simple-social-buttons/assets/css/front.css?ver=5.3.1" "Mozilla/5.0 (Windows NT 10.0; Win64; x64) AppleWebKit/537.36 (KHTML, like Gecko) Chrome/137.0.0.0 Safari/537.36 Edg/137.0.0.0"
65.27.152.107 - - [08/Jun/2025:09:22:49 -0400] "GET /manga/re-monster-chapter-47/ HTTP/1.1" 200 17377 "https://remonster.online/" "Mozilla/5.0 (iPhone; CPU iPhone OS 18_5 like Mac OS X) AppleWebKit/605.1.15 (KHTML, like Gecko) Version/18.5 Mobile/15E148 Safari/604.1"
146.70.240.82 - - [08/Jun/2025:09:22:50 -0400] "GET /manga/remonster-chapter-94/ HTTP/1.1" 200 15013 "-" "Mozilla/5.0 (iPhone; CPU iPhone OS 18_5 like Mac OS X) AppleWebKit/605.1.15 (KHTML, like Gecko) Mobile/15E148"
65.27.152.107 - - [08/Jun/2025:09:23:03 -0400] "GET /manga/re-monster-chapter-48/ HTTP/1.1" 200 17417 "https://remonster.online/" "Mozilla/5.0 (iPhone; CPU iPhone OS 18_5 like Mac OS X) AppleWebKit/605.1.15 (KHTML, like Gecko) Version/18.5 Mobile/15E148 Safari/604.1"
2001:8f8:1123:f964:19b3:a0ca:4ffe:3d22 - - [08/Jun/2025:09:23:14 -0400] "GET /manga/re-monster-chapter-74/ HTTP/1.1" 200 17675 "https://remonster.online/manga/re-monster-chapter-73/" "Mozilla/5.0 (Linux; Android 10; K) AppleWebKit/537.36 (KHTML, like Gecko) SamsungBrowser/28.0 Chrome/130.0.0.0 Mobile Safari/537.36"
2001:8f8:1123:f964:19b3:a0ca:4ffe:3d22 - - [08/Jun/2025:09:23:14 -0400] "GET /tag/manga/ HTTP/1.1" 301 0 "https://remonster.online/manga/re-monster-chapter-73/" "Mozilla/5.0 (Linux; Android 10; K) AppleWebKit/537.36 (KHTML, like Gecko) SamsungBrowser/28.0 Chrome/130.0.0.0 Mobile Safari/537.36"
65.27.152.107 - - [08/Jun/2025:09:23:17 -0400] "GET /manga/re-monster-chapter-50/ HTTP/1.1" 200 17389 "https://remonster.online/" "Mozilla/5.0 (iPhone; CPU iPhone OS 18_5 like Mac OS X) AppleWebKit/605.1.15 (KHTML, like Gecko) Version/18.5 Mobile/15E148 Safari/604.1"
66.249.79.229 - - [08/Jun/2025:09:23:29 -0400] "GET /manga/re-monster-chapter-25/ HTTP/1.1" 200 17363 "-" "Mozilla/5.0 (Linux; Android 6.0.1; Nexus 5X Build/MMB29P) AppleWebKit/537.36 (KHTML, like Gecko) Chrome/136.0.7103.113 Mobile Safari/537.36 (compatible; Googlebot/2.1; +http://www.google.com/bot.html)"
65.27.152.107 - - [08/Jun/2025:09:23:36 -0400] "GET /manga/re-monster-chapter-51/ HTTP/1.1" 200 17557 "https://remonster.online/manga/re-monster-chapter-50/" "Mozilla/5.0 (iPhone; CPU iPhone OS 18_5 like Mac OS X) AppleWebKit/605.1.15 (KHTML, like Gecko) Version/18.5 Mobile/15E148 Safari/604.1"
14.1.65.3 - - [08/Jun/2025:09:24:17 -0400] "GET / HTTP/1.1" 200 10813 "https://www.google.com/" "Mozilla/5.0 (Linux; Android 10; K) AppleWebKit/537.36 (KHTML, like Gecko) Chrome/137.0.0.0 Mobile Safari/537.36"
65.27.152.107 - - [08/Jun/2025:09:24:20 -0400] "GET /manga/re-monster-chapter-52/ HTTP/1.1" 200 17813 "https://remonster.online/manga/re-monster-chapter-51/" "Mozilla/5.0 (iPhone; CPU iPhone OS 18_5 like Mac OS X) AppleWebKit/605.1.15 (KHTML, like Gecko) Version/18.5 Mobile/15E148 Safari/604.1"
162.0.232.193 - - [08/Jun/2025:09:24:21 -0400] "POST /wp-cron.php?doing_wp_cron=1749389061.1553099155426025390625 HTTP/1.1" 200 0 "-" "WordPress/6.6.2; https://remonster.online"
65.27.152.107 - - [08/Jun/2025:09:24:20 -0400] "POST /wp-admin/admin-ajax.php HTTP/1.1" 200 69 "https://remonster.online/manga/re-monster-chapter-52/" "Mozilla/5.0 (iPhone; CPU iPhone OS 18_5 like Mac OS X) AppleWebKit/605.1.15 (KHTML, like Gecko) Version/18.5 Mobile/15E148 Safari/604.1"
14.1.65.3 - - [08/Jun/2025:09:24:22 -0400] "GET /category/remonster-manga/ HTTP/1.1" 200 25229 "https://remonster.online/" "Mozilla/5.0 (Linux; Android 10; K) AppleWebKit/537.36 (KHTML, like Gecko) Chrome/137.0.0.0 Mobile Safari/537.36"
14.1.65.3 - - [08/Jun/2025:09:24:27 -0400] "GET /manga/remonster-chapter-104/ HTTP/1.1" 200 18582 "https://remonster.online/" "Mozilla/5.0 (Linux; Android 10; K) AppleWebKit/537.36 (KHTML, like Gecko) Chrome/137.0.0.0 Mobile Safari/537.36"
2001:999:415:8b2:901a:a4ff:36dd:68ab - - [08/Jun/2025:09:24:29 -0400] "GET / HTTP/1.1" 200 10863 "https://www.google.com/" "Mozilla/5.0 (Windows NT 10.0; Win64; x64) AppleWebKit/537.36 (KHTML, like Gecko) Chrome/137.0.0.0 Safari/537.36"
14.1.65.3 - - [08/Jun/2025:09:24:29 -0400] "GET /manga/remonster-chapter-104/ HTTP/1.1" 304 0 "https://remonster.online/" "Mozilla/5.0 (Linux; Android 10; K) AppleWebKit/537.36 (KHTML, like Gecko) Chrome/137.0.0.0 Mobile Safari/537.36"
2001:999:415:8b2:901a:a4ff:36dd:68ab - - [08/Jun/2025:09:24:30 -0400] "GET /wp-content/uploads/2021/11/cropped-670x300.jpg HTTP/1.1" 200 233958 "https://remonster.online/" "Mozilla/5.0 (Windows NT 10.0; Win64; x64) AppleWebKit/537.36 (KHTML, like Gecko) Chrome/137.0.0.0 Safari/537.36"
2001:999:415:8b2:901a:a4ff:36dd:68ab - - [08/Jun/2025:09:24:30 -0400] "GET /wp-content/plugins/widgets-on-pages/public/css/widgets-on-pages-public.css?ver=1.4.0 HTTP/1.1" 200 83 "https://remonster.online/" "Mozilla/5.0 (Windows NT 10.0; Win64; x64) AppleWebKit/537.36 (KHTML, like Gecko) Chrome/137.0.0.0 Safari/537.36"
2001:999:415:8b2:901a:a4ff:36dd:68ab - - [08/Jun/2025:09:24:30 -0400] "GET /wp-includes/css/dist/block-library/style.min.css?ver=6.6.2 HTTP/1.1" 200 13903 "https://remonster.online/" "Mozilla/5.0 (Windows NT 10.0; Win64; x64) AppleWebKit/537.36 (KHTML, like Gecko) Chrome/137.0.0.0 Safari/537.36"
2001:999:415:8b2:901a:a4ff:36dd:68ab - - [08/Jun/2025:09:24:30 -0400] "GET /wp-content/plugins/simple-social-buttons/assets/css/front.css?ver=5.3.1 HTTP/1.1" 200 10295 "https://remonster.online/" "Mozilla/5.0 (Windows NT 10.0; Win64; x64) AppleWebKit/537.36 (KHTML, like Gecko) Chrome/137.0.0.0 Safari/537.36"
2001:999:415:8b2:901a:a4ff:36dd:68ab - - [08/Jun/2025:09:24:30 -0400] "GET /wp-includes/js/jquery/jquery-migrate.min.js?ver=3.4.1 HTTP/1.1" 200 4678 "https://remonster.online/" "Mozilla/5.0 (Windows NT 10.0; Win64; x64) AppleWebKit/537.36 (KHTML, like Gecko) Chrome/137.0.0.0 Safari/537.36"
2001:999:415:8b2:901a:a4ff:36dd:68ab - - [08/Jun/2025:09:24:30 -0400] "GET /wp-content/plugins/links-auto-replacer/public/js/lar-public.js?ver=2.0.0 HTTP/1.1" 200 393 "https://remonster.online/" "Mozilla/5.0 (Windows NT 10.0; Win64; x64) AppleWebKit/537.36 (KHTML, like Gecko) Chrome/137.0.0.0 Safari/537.36"
2001:999:415:8b2:901a:a4ff:36dd:68ab - - [08/Jun/2025:09:24:30 -0400] "GET /wp-content/plugins/comic-easel/js/keynav.js HTTP/1.1" 200 302 "https://remonster.online/" "Mozilla/5.0 (Windows NT 10.0; Win64; x64) AppleWebKit/537.36 (KHTML, like Gecko) Chrome/137.0.0.0 Safari/537.36"
2001:999:415:8b2:901a:a4ff:36dd:68ab - - [08/Jun/2025:09:24:30 -0400] "GET /wp-content/plugins/simple-social-buttons/assets/js/frontend-blocks.js?ver=5.3.1 HTTP/1.1" 200 0 "https://remonster.online/" "Mozilla/5.0 (Windows NT 10.0; Win64; x64) AppleWebKit/537.36 (KHTML, like Gecko) Chrome/137.0.0.0 Safari/537.36"
2001:999:415:8b2:901a:a4ff:36dd:68ab - - [08/Jun/2025:09:24:30 -0400] "GET /wp-content/plugins/simple-social-buttons/assets/js/front.js?ver=5.3.1 HTTP/1.1" 200 1932 "https://remonster.online/" "Mozilla/5.0 (Windows NT 10.0; Win64; x64) AppleWebKit/537.36 (KHTML, like Gecko) Chrome/137.0.0.0 Safari/537.36"
2001:999:415:8b2:901a:a4ff:36dd:68ab - - [08/Jun/2025:09:24:30 -0400] "GET /wp-content/themes/toivo-lite/style.css?ver=1.2.0 HTTP/1.1" 200 13718 "https://remonster.online/" "Mozilla/5.0 (Windows NT 10.0; Win64; x64) AppleWebKit/537.36 (KHTML, like Gecko) Chrome/137.0.0.0 Safari/537.36"
2001:999:415:8b2:901a:a4ff:36dd:68ab - - [08/Jun/2025:09:24:30 -0400] "GET /wp-content/themes/toivo-lite/fonts/genericons/genericons/genericons.min.css?ver=3.3 HTTP/1.1" 200 15959 "https://remonster.online/" "Mozilla/5.0 (Windows NT 10.0; Win64; x64) AppleWebKit/537.36 (KHTML, like Gecko) Chrome/137.0.0.0 Safari/537.36"
2001:999:415:8b2:901a:a4ff:36dd:68ab - - [08/Jun/2025:09:24:30 -0400] "GET /wp-includes/js/jquery/jquery.min.js?ver=3.7.1 HTTP/1.1" 200 29744 "https://remonster.online/" "Mozilla/5.0 (Windows NT 10.0; Win64; x64) AppleWebKit/537.36 (KHTML, like Gecko) Chrome/137.0.0.0 Safari/537.36"
2001:999:415:8b2:901a:a4ff:36dd:68ab - - [08/Jun/2025:09:24:30 -0400] "GET /wp-content/uploads/2021/11/8168f-bSGoS-1260x1800.jpeg HTTP/1.1" 200 463933 "https://remonster.online/" "Mozilla/5.0 (Windows NT 10.0; Win64; x64) AppleWebKit/537.36 (KHTML, like Gecko) Chrome/137.0.0.0 Safari/537.36"
2001:999:415:8b2:901a:a4ff:36dd:68ab - - [08/Jun/2025:09:24:30 -0400] "GET /wp-content/uploads/2021/11/LN_v09_001.jpeg HTTP/1.1" 200 1105440 "https://remonster.online/" "Mozilla/5.0 (Windows NT 10.0; Win64; x64) AppleWebKit/537.36 (KHTML, like Gecko) Chrome/137.0.0.0 Safari/537.36"
2001:999:415:8b2:901a:a4ff:36dd:68ab - - [08/Jun/2025:09:24:30 -0400] "GET /wp-content/themes/toivo-lite/js/responsive-nav.min.js?ver=1.2.0 HTTP/1.1" 200 2102 "https://remonster.online/" "Mozilla/5.0 (Windows NT 10.0; Win64; x64) AppleWebKit/537.36 (KHTML, like Gecko) Chrome/137.0.0.0 Safari/537.36"
2001:999:415:8b2:901a:a4ff:36dd:68ab - - [08/Jun/2025:09:24:31 -0400] "GET /wp-content/themes/toivo-lite/js/settings.min.js?ver=1.2.0 HTTP/1.1" 200 307 "https://remonster.online/" "Mozilla/5.0 (Windows NT 10.0; Win64; x64) AppleWebKit/537.36 (KHTML, like Gecko) Chrome/137.0.0.0 Safari/537.36"
2001:999:415:8b2:901a:a4ff:36dd:68ab - - [08/Jun/2025:09:24:31 -0400] "GET /wp-content/themes/toivo-lite/js/functions.min.js?ver=1.2.0 HTTP/1.1" 200 593 "https://remonster.online/" "Mozilla/5.0 (Windows NT 10.0; Win64; x64) AppleWebKit/537.36 (KHTML, like Gecko) Chrome/137.0.0.0 Safari/537.36"
2001:999:415:8b2:901a:a4ff:36dd:68ab - - [08/Jun/2025:09:24:31 -0400] "GET /manga/remonster-chapter-105/ HTTP/1.1" 200 18185 "https://remonster.online/" "Mozilla/5.0 (Windows NT 10.0; Win64; x64) AppleWebKit/537.36 (KHTML, like Gecko) Chrome/137.0.0.0 Safari/537.36"
2001:999:415:8b2:901a:a4ff:36dd:68ab - - [08/Jun/2025:09:24:31 -0400] "GET /category/remonster-manga/ HTTP/1.1" 200 25019 "https://remonster.online/" "Mozilla/5.0 (Windows NT 10.0; Win64; x64) AppleWebKit/537.36 (KHTML, like Gecko) Chrome/137.0.0.0 Safari/537.36"
2001:999:415:8b2:901a:a4ff:36dd:68ab - - [08/Jun/2025:09:24:31 -0400] "GET /wp-content/uploads/2021/11/cropped-CeDzRGZ-32x32.png HTTP/1.1" 200 2410 "https://remonster.online/" "Mozilla/5.0 (Windows NT 10.0; Win64; x64) AppleWebKit/537.36 (KHTML, like Gecko) Chrome/137.0.0.0 Safari/537.36"
2001:999:415:8b2:901a:a4ff:36dd:68ab - - [08/Jun/2025:09:24:35 -0400] "GET /manga/remonster-chapter-106/ HTTP/1.1" 200 14266 "https://remonster.online/" "Mozilla/5.0 (Windows NT 10.0; Win64; x64) AppleWebKit/537.36 (KHTML, like Gecko) Chrome/137.0.0.0 Safari/537.36"
2001:999:415:8b2:901a:a4ff:36dd:68ab - - [08/Jun/2025:09:24:36 -0400] "GET /manga/re-monster-chapter-57/ HTTP/1.1" 200 17456 "https://remonster.online/" "Mozilla/5.0 (Windows NT 10.0; Win64; x64) AppleWebKit/537.36 (KHTML, like Gecko) Chrome/137.0.0.0 Safari/537.36"
2001:999:415:8b2:901a:a4ff:36dd:68ab - - [08/Jun/2025:09:24:36 -0400] "GET /manga/re-monster-chapter-41/ HTTP/1.1" 200 17376 "https://remonster.online/" "Mozilla/5.0 (Windows NT 10.0; Win64; x64) AppleWebKit/537.36 (KHTML, like Gecko) Chrome/137.0.0.0 Safari/537.36"
2001:999:415:8b2:901a:a4ff:36dd:68ab - - [08/Jun/2025:09:24:36 -0400] "GET /manga/re-monster-chapter-35/ HTTP/1.1" 200 17767 "https://remonster.online/" "Mozilla/5.0 (Windows NT 10.0; Win64; x64) AppleWebKit/537.36 (KHTML, like Gecko) Chrome/137.0.0.0 Safari/537.36"
2001:999:415:8b2:901a:a4ff:36dd:68ab - - [08/Jun/2025:09:24:36 -0400] "GET /manga/re-monster-chapter-36/ HTTP/1.1" 200 17511 "https://remonster.online/" "Mozilla/5.0 (Windows NT 10.0; Win64; x64) AppleWebKit/537.36 (KHTML, like Gecko) Chrome/137.0.0.0 Safari/537.36"
2001:999:415:8b2:901a:a4ff:36dd:68ab - - [08/Jun/2025:09:24:37 -0400] "GET /manga/re-monster-chapter-36/ HTTP/1.1" 304 0 "https://remonster.online/" "Mozilla/5.0 (Windows NT 10.0; Win64; x64) AppleWebKit/537.36 (KHTML, like Gecko) Chrome/137.0.0.0 Safari/537.36"
2001:999:415:8b2:901a:a4ff:36dd:68ab - - [08/Jun/2025:09:24:37 -0400] "GET /wp-content/plugins/wp-automatic/js/main-front.js?ver=6.6.2 HTTP/1.1" 200 316 "https://remonster.online/manga/re-monster-chapter-36/" "Mozilla/5.0 (Windows NT 10.0; Win64; x64) AppleWebKit/537.36 (KHTML, like Gecko) Chrome/137.0.0.0 Safari/537.36"
2001:999:415:8b2:901a:a4ff:36dd:68ab - - [08/Jun/2025:09:24:37 -0400] "GET /wp-content/plugins/wp-automatic/css/wp-automatic.css?ver=1.0.0 HTTP/1.1" 200 537 "https://remonster.online/manga/re-monster-chapter-36/" "Mozilla/5.0 (Windows NT 10.0; Win64; x64) AppleWebKit/537.36 (KHTML, like Gecko) Chrome/137.0.0.0 Safari/537.36"
2001:999:415:8b2:901a:a4ff:36dd:68ab - - [08/Jun/2025:09:24:38 -0400] "GET /wp-content/plugins/disqus-comment-system/public/js/comment_count.js?ver=3.1.2 HTTP/1.1" 200 354 "https://remonster.online/manga/re-monster-chapter-36/" "Mozilla/5.0 (Windows NT 10.0; Win64; x64) AppleWebKit/537.36 (KHTML, like Gecko) Chrome/137.0.0.0 Safari/537.36"
2001:999:415:8b2:901a:a4ff:36dd:68ab - - [08/Jun/2025:09:24:38 -0400] "GET /wp-content/plugins/disqus-comment-system/public/js/comment_embed.js?ver=3.1.2 HTTP/1.1" 200 653 "https://remonster.online/manga/re-monster-chapter-36/" "Mozilla/5.0 (Windows NT 10.0; Win64; x64) AppleWebKit/537.36 (KHTML, like Gecko) Chrome/137.0.0.0 Safari/537.36"
2001:999:415:8b2:901a:a4ff:36dd:68ab - - [08/Jun/2025:09:24:38 -0400] "GET /wp-includes/js/comment-reply.min.js?ver=6.6.2 HTTP/1.1" 200 1228 "https://remonster.online/manga/re-monster-chapter-36/" "Mozilla/5.0 (Windows NT 10.0; Win64; x64) AppleWebKit/537.36 (KHTML, like Gecko) Chrome/137.0.0.0 Safari/537.36"
2001:999:415:8b2:901a:a4ff:36dd:68ab - - [08/Jun/2025:09:24:38 -0400] "GET /wp-content/plugins/simple-social-buttons/assets/fonts/ssb-icon.ttf?eahqa2 HTTP/1.1" 200 6624 "https://remonster.online/wp-content/plugins/simple-social-buttons/assets/css/front.css?ver=5.3.1" "Mozilla/5.0 (Windows NT 10.0; Win64; x64) AppleWebKit/537.36 (KHTML, like Gecko) Chrome/137.0.0.0 Safari/537.36"
87.188.160.98 - - [08/Jun/2025:09:25:45 -0400] "GET /manga/re-monster-chapter-7/ HTTP/1.1" 200 18493 "-" "Mozilla/5.0 (Linux; Android 10; K) AppleWebKit/537.36 (KHTML, like Gecko) Chrome/136.0.0.0 Mobile Safari/537.36"
162.0.232.193 - - [08/Jun/2025:09:25:52 -0400] "POST /wp-cron.php?doing_wp_cron=1749389152.2163550853729248046875 HTTP/1.1" 200 0 "-" "WordPress/6.6.2; https://remonster.online"
87.188.160.98 - - [08/Jun/2025:09:25:51 -0400] "POST /wp-admin/admin-ajax.php HTTP/1.1" 200 69 "https://remonster.online/manga/re-monster-chapter-7/" "Mozilla/5.0 (Linux; Android 10; K) AppleWebKit/537.36 (KHTML, like Gecko) Chrome/136.0.0.0 Mobile Safari/537.36"
65.27.152.107 - - [08/Jun/2025:09:26:01 -0400] "GET /manga/re-monster-chapter-53/ HTTP/1.1" 200 17365 "https://remonster.online/manga/re-monster-chapter-52/" "Mozilla/5.0 (iPhone; CPU iPhone OS 18_5 like Mac OS X) AppleWebKit/605.1.15 (KHTML, like Gecko) Version/18.5 Mobile/15E148 Safari/604.1"
52.159.227.37 - - [08/Jun/2025:09:27:02 -0400] "GET / HTTP/1.1" 200 10863 "-" "Mozilla/5.0 AppleWebKit/537.36 (KHTML, like Gecko); compatible; ChatGPT-User/1.0; +https://openai.com/bot"
65.27.152.107 - - [08/Jun/2025:09:27:31 -0400] "GET /manga/re-monster-chapter-54/ HTTP/1.1" 200 17420 "https://remonster.online/manga/re-monster-chapter-53/" "Mozilla/5.0 (iPhone; CPU iPhone OS 18_5 like Mac OS X) AppleWebKit/605.1.15 (KHTML, like Gecko) Version/18.5 Mobile/15E148 Safari/604.1"
206.62.43.70 - - [08/Jun/2025:09:27:34 -0400] "GET /manga/remonster-chapter-101/ HTTP/1.1" 200 15261 "https://remonster.online/" "Mozilla/5.0 (Linux; Android 10; K) AppleWebKit/537.36 (KHTML, like Gecko) Chrome/137.0.0.0 Mobile Safari/537.36"
206.62.43.70 - - [08/Jun/2025:09:27:34 -0400] "GET /manga/remonster-chapter-101/ HTTP/1.1" 304 0 "https://remonster.online/" "Mozilla/5.0 (Linux; Android 10; K) AppleWebKit/537.36 (KHTML, like Gecko) Chrome/137.0.0.0 Mobile Safari/537.36"
206.62.43.70 - - [08/Jun/2025:09:27:40 -0400] "GET /manga/remonster-chapter-94/ HTTP/1.1" 200 15013 "https://remonster.online/" "Mozilla/5.0 (Linux; Android 10; K) AppleWebKit/537.36 (KHTML, like Gecko) Chrome/137.0.0.0 Mobile Safari/537.36"
206.62.43.70 - - [08/Jun/2025:09:27:40 -0400] "GET /manga/remonster-chapter-94/ HTTP/1.1" 304 0 "https://remonster.online/" "Mozilla/5.0 (Linux; Android 10; K) AppleWebKit/537.36 (KHTML, like Gecko) Chrome/137.0.0.0 Mobile Safari/537.36"
206.62.43.70 - - [08/Jun/2025:09:27:45 -0400] "GET /manga/remonster-chapter-95/ HTTP/1.1" 200 15343 "https://remonster.online/manga/remonster-chapter-94/" "Mozilla/5.0 (Linux; Android 10; K) AppleWebKit/537.36 (KHTML, like Gecko) Chrome/137.0.0.0 Mobile Safari/537.36"
206.62.43.70 - - [08/Jun/2025:09:27:46 -0400] "GET /manga/remonster-chapter-104/ HTTP/1.1" 304 0 "https://remonster.online/manga/remonster-chapter-94/" "Mozilla/5.0 (Linux; Android 10; K) AppleWebKit/537.36 (KHTML, like Gecko) Chrome/137.0.0.0 Mobile Safari/537.36"
206.62.43.70 - - [08/Jun/2025:09:27:48 -0400] "GET /tag/read-manga-raw-remonster-chapter-92/ HTTP/1.1" 301 0 "https://remonster.online/manga/remonster-chapter-94/" "Mozilla/5.0 (Linux; Android 10; K) AppleWebKit/537.36 (KHTML, like Gecko) Chrome/137.0.0.0 Mobile Safari/537.36"
206.62.43.70 - - [08/Jun/2025:09:27:49 -0400] "GET / HTTP/1.1" 200 10813 "https://remonster.online/manga/remonster-chapter-94/" "Mozilla/5.0 (Linux; Android 10; K) AppleWebKit/537.36 (KHTML, like Gecko) Chrome/137.0.0.0 Mobile Safari/537.36"
2001:f40:99c:51b0:197f:1c33:d7a2:8aba - - [08/Jun/2025:09:27:53 -0400] "GET /wp-content/uploads/2021/11/CeDzRGZ-300x266.png HTTP/1.1" 200 144941 "https://remonster.online/manga/re-monster-chapter-1/" "Mozilla/5.0 (Windows NT 10.0; Win64; x64) AppleWebKit/537.36 (KHTML, like Gecko) Chrome/137.0.0.0 Safari/537.36 Edg/137.0.0.0"
206.62.43.70 - - [08/Jun/2025:09:28:00 -0400] "GET /manga/remonster-chapter-101/ HTTP/1.1" 304 0 "https://remonster.online/" "Mozilla/5.0 (Linux; Android 10; K) AppleWebKit/537.36 (KHTML, like Gecko) Chrome/137.0.0.0 Mobile Safari/537.36"
162.0.232.193 - - [08/Jun/2025:09:28:00 -0400] "POST /wp-cron.php?doing_wp_cron=1749389280.7917399406433105468750 HTTP/1.1" 200 0 "-" "WordPress/6.6.2; https://remonster.online"
216.73.216.22 - - [08/Jun/2025:09:28:00 -0400] "GET /sitemap_index.xml HTTP/1.1" 200 340 "-" "Mozilla/5.0 AppleWebKit/537.36 (KHTML, like Gecko; compatible; ClaudeBot/1.0; [email protected])"
2001:f40:99c:51b0:197f:1c33:d7a2:8aba - - [08/Jun/2025:09:28:01 -0400] "GET /manga/re-monster-chapter-2/ HTTP/1.1" 200 18157 "https://remonster.online/manga/re-monster-chapter-1/" "Mozilla/5.0 (Windows NT 10.0; Win64; x64) AppleWebKit/537.36 (KHTML, like Gecko) Chrome/137.0.0.0 Safari/537.36 Edg/137.0.0.0"
2001:f40:99c:51b0:197f:1c33:d7a2:8aba - - [08/Jun/2025:09:28:02 -0400] "GET /manga/re-monster-chapter-2/ HTTP/1.1" 304 0 "https://remonster.online/manga/re-monster-chapter-1/" "Mozilla/5.0 (Windows NT 10.0; Win64; x64) AppleWebKit/537.36 (KHTML, like Gecko) Chrome/137.0.0.0 Safari/537.36 Edg/137.0.0.0"
2001:f40:99c:51b0:197f:1c33:d7a2:8aba - - [08/Jun/2025:09:28:02 -0400] "GET /category/remonster/ HTTP/1.1" 200 24979 "https://remonster.online/manga/re-monster-chapter-2/" "Mozilla/5.0 (Windows NT 10.0; Win64; x64) AppleWebKit/537.36 (KHTML, like Gecko) Chrome/137.0.0.0 Safari/537.36 Edg/137.0.0.0"
206.62.43.70 - - [08/Jun/2025:09:28:04 -0400] "GET / HTTP/1.1" 304 0 "https://remonster.online/manga/remonster-chapter-101/" "Mozilla/5.0 (Linux; Android 10; K) AppleWebKit/537.36 (KHTML, like Gecko) Chrome/137.0.0.0 Mobile Safari/537.36"
2803:1800:1304:caa0:80f5:d0a4:98b0:305e - - [08/Jun/2025:09:28:12 -0400] "GET /manga/re-monster-chapter-38/ HTTP/1.1" 200 17323 "https://remonster.online/manga/re-monster-chapter-37/" "Mozilla/5.0 (iPhone; CPU iPhone OS 18_5 like Mac OS X) AppleWebKit/605.1.15 (KHTML, like Gecko) Version/18.5 Mobile/15E148 Safari/604.1"
