148.252.129.51 - - [08/Jun/2025:14:37:56 -0400] "GET /category/remonster/ HTTP/1.1" 200 24976 "https://remonster.online/manga/re-monster-chapter-5/" "Mozilla/5.0 (Linux; Android 10; K) AppleWebKit/537.36 (KHTML, like Gecko) Chrome/137.0.0.0 Mobile Safari/537.36"
148.252.129.51 - - [08/Jun/2025:14:37:56 -0400] "GET /manga/re-monster-chapter-4/ HTTP/1.1" 200 18420 "https://remonster.online/manga/re-monster-chapter-5/" "Mozilla/5.0 (Linux; Android 10; K) AppleWebKit/537.36 (KHTML, like Gecko) Chrome/137.0.0.0 Mobile Safari/537.36"
148.252.129.51 - - [08/Jun/2025:14:37:57 -0400] "GET /manga/re-monster-chapter-6/ HTTP/1.1" 200 18155 "https://remonster.online/manga/re-monster-chapter-5/" "Mozilla/5.0 (Linux; Android 10; K) AppleWebKit/537.36 (KHTML, like Gecko) Chrome/137.0.0.0 Mobile Safari/537.36"
148.252.129.51 - - [08/Jun/2025:14:37:57 -0400] "GET /manga/re-monster-chapter-6/ HTTP/1.1" 304 0 "https://remonster.online/manga/re-monster-chapter-5/" "Mozilla/5.0 (Linux; Android 10; K) AppleWebKit/537.36 (KHTML, like Gecko) Chrome/137.0.0.0 Mobile Safari/537.36"
2a0a:ef40:6c4:4f01:e47a:790:45f:159e - - [08/Jun/2025:14:38:04 -0400] "GET /manga/re-monster-chapter-62/ HTTP/1.1" 200 17399 "-" "Mozilla/5.0 (Linux; Android 10; K) AppleWebKit/537.36 (KHTML, like Gecko) Chrome/137.0.0.0 Mobile Safari/537.36"
2a0a:ef40:6c4:4f01:e47a:790:45f:159e - - [08/Jun/2025:14:38:05 -0400] "GET /manga/re-monster-chapter-62/ HTTP/1.1" 304 0 "https://remonster.online/" "Mozilla/5.0 (Linux; Android 10; K) AppleWebKit/537.36 (KHTML, like Gecko) Chrome/137.0.0.0 Mobile Safari/537.36"
2a0a:ef40:6c4:4f01:e47a:790:45f:159e - - [08/Jun/2025:14:38:16 -0400] "GET /manga/re-monster-chapter-60/ HTTP/1.1" 200 17446 "-" "Mozilla/5.0 (Linux; Android 10; K) AppleWebKit/537.36 (KHTML, like Gecko) Chrome/137.0.0.0 Mobile Safari/537.36"
2a0a:ef40:6c4:4f01:e47a:790:45f:159e - - [08/Jun/2025:14:38:16 -0400] "GET /manga/re-monster-chapter-60/ HTTP/1.1" 304 0 "https://remonster.online/" "Mozilla/5.0 (Linux; Android 10; K) AppleWebKit/537.36 (KHTML, like Gecko) Chrome/137.0.0.0 Mobile Safari/537.36"
2a0a:ef40:6c4:4f01:e47a:790:45f:159e - - [08/Jun/2025:14:38:22 -0400] "GET /manga/re-monster-chapter-54/ HTTP/1.1" 200 17756 "-" "Mozilla/5.0 (Linux; Android 10; K) AppleWebKit/537.36 (KHTML, like Gecko) Chrome/137.0.0.0 Mobile Safari/537.36"
2a0a:ef40:6c4:4f01:e47a:790:45f:159e - - [08/Jun/2025:14:38:23 -0400] "GET /manga/re-monster-chapter-54/ HTTP/1.1" 304 0 "https://remonster.online/" "Mozilla/5.0 (Linux; Android 10; K) AppleWebKit/537.36 (KHTML, like Gecko) Chrome/137.0.0.0 Mobile Safari/537.36"
40.77.167.70 - - [08/Jun/2025:14:38:39 -0400] "GET / HTTP/1.1" 200 10821 "-" "Mozilla/5.0 AppleWebKit/537.36 (KHTML, like Gecko; compatible; bingbot/2.0; +http://www.bing.com/bingbot.htm) Chrome/116.0.1938.76 Safari/537.36"
2a0a:ef40:6c4:4f01:e47a:790:45f:159e - - [08/Jun/2025:14:38:43 -0400] "GET /tag/rou/ HTTP/1.1" 301 0 "-" "Mozilla/5.0 (Linux; Android 10; K) AppleWebKit/537.36 (KHTML, like Gecko) Chrome/137.0.0.0 Mobile Safari/537.36"
2a0a:ef40:6c4:4f01:e47a:790:45f:159e - - [08/Jun/2025:14:38:51 -0400] "GET /manga/re-monster-chapter-55/ HTTP/1.1" 304 0 "-" "Mozilla/5.0 (Linux; Android 10; K) AppleWebKit/537.36 (KHTML, like Gecko) Chrome/137.0.0.0 Mobile Safari/537.36"
2a0a:ef40:6c4:4f01:e47a:790:45f:159e - - [08/Jun/2025:14:38:51 -0400] "GET /manga/re-monster-chapter-55/ HTTP/1.1" 304 0 "https://remonster.online/manga/re-monster-chapter-54/" "Mozilla/5.0 (Linux; Android 10; K) AppleWebKit/537.36 (KHTML, like Gecko) Chrome/137.0.0.0 Mobile Safari/537.36"
2600:1004:b15b:a556:68c3:b2ff:fed0:bc6 - - [08/Jun/2025:14:38:52 -0400] "GET /manga/re-monster-chapter-72/ HTTP/1.1" 200 17912 "https://remonster.online/manga/re-monster-chapter-71/" "Mozilla/5.0 (Linux; Android 10; K) AppleWebKit/537.36 (KHTML, like Gecko) Chrome/137.0.0.0 Mobile Safari/537.36"
2600:1004:b15b:a556:68c3:b2ff:fed0:bc6 - - [08/Jun/2025:14:38:52 -0400] "GET /manga/re-monster-chapter-72/ HTTP/1.1" 304 0 "https://remonster.online/manga/re-monster-chapter-71/" "Mozilla/5.0 (Linux; Android 10; K) AppleWebKit/537.36 (KHTML, like Gecko) Chrome/137.0.0.0 Mobile Safari/537.36"
104.232.37.225 - - [08/Jun/2025:14:38:54 -0400] "GET /manga/remonster-chapter-79/ HTTP/1.1" 200 18240 "https://remonster.online/manga/remonster-chapter-78/" "Mozilla/5.0 (iPhone; CPU iPhone OS 18_5_0 like Mac OS X) AppleWebKit/605.1.15 (KHTML, like Gecko) GSA/371.0.763199552 Mobile/15E148 Safari/604.1"
162.0.232.193 - - [08/Jun/2025:14:38:55 -0400] "POST /wp-cron.php?doing_wp_cron=1749407935.2294759750366210937500 HTTP/1.1" 200 0 "-" "WordPress/6.6.2; https://remonster.online"
74.125.212.173 - - [08/Jun/2025:14:38:55 -0400] "GET /manga/remonster-chapter-79/ HTTP/1.1" 200 18240 "-" "Mozilla/5.0 (Linux; Android 7.0; SM-G930V Build/NRD90M) AppleWebKit/537.36 (KHTML, like Gecko) Chrome/59.0.3071.125 Mobile Safari/537.36 (compatible; Google-Read-Aloud; +https://support.google.com/webmasters/answer/1061943)"
74.125.212.172 - - [08/Jun/2025:14:38:55 -0400] "GET /manga/remonster-chapter-79/ HTTP/1.1" 200 18240 "-" "Mozilla/5.0 (Linux; Android 7.0; SM-G930V Build/NRD90M) AppleWebKit/537.36 (KHTML, like Gecko) Chrome/59.0.3071.125 Mobile Safari/537.36 (compatible; Google-Read-Aloud; +https://support.google.com/webmasters/answer/1061943)"
104.232.37.225 - - [08/Jun/2025:14:38:54 -0400] "POST /wp-admin/admin-ajax.php HTTP/1.1" 200 69 "https://remonster.online/manga/remonster-chapter-79/" "Mozilla/5.0 (iPhone; CPU iPhone OS 18_5_0 like Mac OS X) AppleWebKit/605.1.15 (KHTML, like Gecko) GSA/371.0.763199552 Mobile/15E148 Safari/604.1"
74.125.212.165 - - [08/Jun/2025:14:38:56 -0400] "POST /wp-admin/admin-ajax.php HTTP/1.1" 200 69 "https://remonster.online/manga/remonster-chapter-79/" "Mozilla/5.0 (Linux; Android 7.0; SM-G930V Build/NRD90M) AppleWebKit/537.36 (KHTML, like Gecko) Chrome/59.0.3071.125 Mobile Safari/537.36 (compatible; Google-Read-Aloud; +https://support.google.com/webmasters/answer/1061943)"
174.95.87.74 - - [08/Jun/2025:14:39:20 -0400] "GET /manga/remonster-chapter-76/ HTTP/1.1" 200 17398 "https://remonster.online/manga/remonster-chapter-75/" "Mozilla/5.0 (Android 11; Mobile; rv:139.0) Gecko/139.0 Firefox/139.0"
115.189.85.147 - - [08/Jun/2025:14:39:48 -0400] "GET /manga/re-monster-chapter-32/ HTTP/1.1" 200 17362 "https://remonster.online/manga/re-monster-chapter-31/" "Mozilla/5.0 (Linux; Android 10; K) AppleWebKit/537.36 (KHTML, like Gecko) SamsungBrowser/28.0 Chrome/130.0.0.0 Mobile Safari/537.36"
115.189.85.147 - - [08/Jun/2025:14:39:53 -0400] "GET /wp-content/plugins/disqus-comment-system/public/js/comment_count.js?ver=3.1.2 HTTP/1.1" 200 354 "https://remonster.online/manga/re-monster-chapter-32/" "Mozilla/5.0 (Linux; Android 10; K) AppleWebKit/537.36 (KHTML, like Gecko) SamsungBrowser/28.0 Chrome/130.0.0.0 Mobile Safari/537.36"
51.8.102.58 - - [08/Jun/2025:14:39:57 -0400] "GET /manga/remonster-chapter-106/ HTTP/1.1" 200 14664 "-" "Mozilla/5.0 (Macintosh; Intel Mac OS X 10_15_7) AppleWebKit/537.36 (KHTML, like Gecko) Chrome/131.0.0.0 Safari/537.36; compatible; OAI-SearchBot/1.0; +https://openai.com/searchbot"
174.95.87.74 - - [08/Jun/2025:14:40:21 -0400] "GET /manga/remonster-chapter-77/ HTTP/1.1" 200 17434 "https://remonster.online/manga/remonster-chapter-76/" "Mozilla/5.0 (Android 11; Mobile; rv:139.0) Gecko/139.0 Firefox/139.0"
2a02:c7e:3164:8200:24b0:138f:411b:cf1b - - [08/Jun/2025:14:42:05 -0400] "GET /manga/re-monster-chapter-30/ HTTP/1.1" 200 15403 "https://remonster.online/manga/re-monster-chapter-29/" "Mozilla/5.0 (Windows NT 10.0; Win64; x64; rv:139.0) Gecko/20100101 Firefox/139.0"
2607:fb91:bd2b:40ab:4880:e4cd:7767:858c - - [08/Jun/2025:14:42:12 -0400] "GET /manga/remonster-chapter-75/ HTTP/1.1" 200 17423 "https://remonster.online/manga/re-monster-chapter-74/" "Mozilla/5.0 (iPhone; CPU iPhone OS 18_5 like Mac OS X) AppleWebKit/605.1.15 (KHTML, like Gecko) Version/18.5 Mobile/15E148 Safari/604.1"
70.60.96.120 - - [08/Jun/2025:14:42:44 -0400] "GET /favicon.ico HTTP/1.1" 302 0 "-" "NetworkingExtension/8621.2.5.10.10 Network/4277.122.6 iOS/18.5"
70.60.96.120 - - [08/Jun/2025:14:42:44 -0400] "GET /manga/remonster-chapter-85/ HTTP/1.1" 200 13908 "-" "Mozilla/5.0 (Macintosh; Intel Mac OS X 10_11_1) AppleWebKit/601.2.4 (KHTML, like Gecko) Version/9.0.1 Safari/601.2.4 facebookexternalhit/1.1 Facebot Twitterbot/1.0"
162.0.232.193 - - [08/Jun/2025:14:42:48 -0400] "POST /wp-cron.php?doing_wp_cron=1749408167.8159549236297607421875 HTTP/1.1" 200 0 "-" "WordPress/6.6.2; https://remonster.online"
162.0.232.193 - - [08/Jun/2025:14:42:48 -0400] "POST /wp-cron.php?doing_wp_cron=1749408167.8171889781951904296875 HTTP/1.1" 200 0 "-" "WordPress/6.6.2; https://remonster.online"
70.60.96.120 - - [08/Jun/2025:14:42:44 -0400] "GET /apple-touch-icon-precomposed.png HTTP/1.1" 301 0 "-" "NetworkingExtension/8621.2.5.10.10 Network/4277.122.6 iOS/18.5"
70.60.96.120 - - [08/Jun/2025:14:42:44 -0400] "GET /apple-touch-icon.png HTTP/1.1" 301 0 "-" "NetworkingExtension/8621.2.5.10.10 Network/4277.122.6 iOS/18.5"
70.60.96.120 - - [08/Jun/2025:14:42:48 -0400] "GET / HTTP/1.1" 200 10821 "-" "NetworkingExtension/8621.2.5.10.10 Network/4277.122.6 iOS/18.5"
70.60.96.120 - - [08/Jun/2025:14:42:48 -0400] "GET / HTTP/1.1" 200 10821 "-" "NetworkingExtension/8621.2.5.10.10 Network/4277.122.6 iOS/18.5"
174.95.87.74 - - [08/Jun/2025:14:43:16 -0400] "GET /manga/remonster-chapter-78/ HTTP/1.1" 200 17076 "https://remonster.online/manga/remonster-chapter-77/" "Mozilla/5.0 (Android 11; Mobile; rv:139.0) Gecko/139.0 Firefox/139.0"
2600:1004:b15b:a556:68c3:b2ff:fed0:bc6 - - [08/Jun/2025:14:43:21 -0400] "GET / HTTP/1.1" 304 0 "https://remonster.online/manga/re-monster-chapter-72/" "Mozilla/5.0 (Linux; Android 10; K) AppleWebKit/537.36 (KHTML, like Gecko) Chrome/137.0.0.0 Mobile Safari/537.36"
2600:1004:b15b:a556:68c3:b2ff:fed0:bc6 - - [08/Jun/2025:14:43:21 -0400] "GET /manga/re-monster-chapter-73/ HTTP/1.1" 200 17437 "https://remonster.online/manga/re-monster-chapter-72/" "Mozilla/5.0 (Linux; Android 10; K) AppleWebKit/537.36 (KHTML, like Gecko) Chrome/137.0.0.0 Mobile Safari/537.36"
162.0.232.193 - - [08/Jun/2025:14:43:21 -0400] "POST /wp-cron.php?doing_wp_cron=1749408201.6370429992675781250000 HTTP/1.1" 200 0 "-" "WordPress/6.6.2; https://remonster.online"
85.208.96.194 - - [08/Jun/2025:14:43:21 -0400] "GET /author/admin/page/10/ HTTP/1.1" 200 17458 "-" "Mozilla/5.0 (compatible; SemrushBot/7~bl; +http://www.semrush.com/bot.html)"
2600:1004:b15b:a556:68c3:b2ff:fed0:bc6 - - [08/Jun/2025:14:43:22 -0400] "GET /manga/re-monster-chapter-73/ HTTP/1.1" 304 0 "https://remonster.online/manga/re-monster-chapter-72/" "Mozilla/5.0 (Linux; Android 10; K) AppleWebKit/537.36 (KHTML, like Gecko) Chrome/137.0.0.0 Mobile Safari/537.36"
174.95.87.74 - - [08/Jun/2025:14:44:09 -0400] "GET /manga/remonster-chapter-79/ HTTP/1.1" 200 18240 "https://remonster.online/manga/remonster-chapter-78/" "Mozilla/5.0 (Android 11; Mobile; rv:139.0) Gecko/139.0 Firefox/139.0"
162.0.232.193 - - [08/Jun/2025:14:44:10 -0400] "POST /wp-cron.php?doing_wp_cron=1749408250.8042340278625488281250 HTTP/1.1" 200 0 "-" "WordPress/6.6.2; https://remonster.online"
162.0.232.193 - - [08/Jun/2025:14:44:11 -0400] "GET /remonster-chapter-31/ HTTP/1.1" 200 12721 "-" "WP Rocket/Preload"
174.95.87.74 - - [08/Jun/2025:14:44:10 -0400] "POST /wp-admin/admin-ajax.php HTTP/1.1" 200 69 "https://remonster.online/manga/remonster-chapter-79/" "Mozilla/5.0 (Android 11; Mobile; rv:139.0) Gecko/139.0 Firefox/139.0"
162.0.232.193 - - [08/Jun/2025:14:44:12 -0400] "GET /remonster-chapter-31/ HTTP/1.1" 200 13079 "-" "WP Rocket/Preload Mozilla/5.0 (iPhone; CPU iPhone OS 9_1 like Mac OS X) AppleWebKit/601.1.46 (KHTML, like Gecko) Version/9.0 Mobile/13B143 Safari/601.1"
162.0.232.193 - - [08/Jun/2025:14:44:28 -0400] "POST /wp-cron.php?doing_wp_cron=1749408268.2888069152832031250000 HTTP/1.1" 200 0 "-" "WordPress/6.6.2; https://remonster.online"
119.28.177.175 - - [08/Jun/2025:14:44:28 -0400] "GET /wp-json/oembed/1.0/embed?url=https%3A%2F%2Fremonster.online%2Fprivacy-policy%2F&format=xml HTTP/1.1" 200 1256 "-" "Mozilla/5.0 (iPhone; CPU iPhone OS 13_2_3 like Mac OS X) AppleWebKit/605.1.15 (KHTML, like Gecko) Version/13.0.3 Mobile/15E148 Safari/604.1"
2a02:c7e:3164:8200:24b0:138f:411b:cf1b - - [08/Jun/2025:14:45:42 -0400] "GET /manga/re-monster-chapter-31/ HTTP/1.1" 200 17775 "https://remonster.online/manga/re-monster-chapter-30/" "Mozilla/5.0 (Windows NT 10.0; Win64; x64; rv:139.0) Gecko/20100101 Firefox/139.0"
162.0.232.193 - - [08/Jun/2025:14:45:42 -0400] "POST /wp-cron.php?doing_wp_cron=1749408342.8436889648437500000000 HTTP/1.1" 200 0 "-" "WordPress/6.6.2; https://remonster.online"
2a02:c7e:3164:8200:24b0:138f:411b:cf1b - - [08/Jun/2025:14:45:42 -0400] "POST /wp-admin/admin-ajax.php HTTP/1.1" 200 69 "https://remonster.online/manga/re-monster-chapter-31/" "Mozilla/5.0 (Windows NT 10.0; Win64; x64; rv:139.0) Gecko/20100101 Firefox/139.0"
104.232.37.225 - - [08/Jun/2025:14:45:55 -0400] "GET /manga/remonster-chapter-80/ HTTP/1.1" 200 13989 "https://remonster.online/manga/remonster-chapter-79/" "Mozilla/5.0 (iPhone; CPU iPhone OS 18_5_0 like Mac OS X) AppleWebKit/605.1.15 (KHTML, like Gecko) GSA/371.0.763199552 Mobile/15E148 Safari/604.1"
104.232.37.225 - - [08/Jun/2025:14:46:04 -0400] "GET /manga/remonster-chapter-80/ HTTP/1.1" 200 14029 "https://remonster.online/manga/remonster-chapter-79/" "Mozilla/5.0 (iPhone; CPU iPhone OS 18_5_0 like Mac OS X) AppleWebKit/605.1.15 (KHTML, like Gecko) GSA/371.0.763199552 Mobile/15E148 Safari/604.1"
104.232.37.225 - - [08/Jun/2025:14:46:07 -0400] "GET /manga/remonster-chapter-81/ HTTP/1.1" 200 13999 "https://remonster.online/manga/remonster-chapter-80/" "Mozilla/5.0 (iPhone; CPU iPhone OS 18_5_0 like Mac OS X) AppleWebKit/605.1.15 (KHTML, like Gecko) GSA/371.0.763199552 Mobile/15E148 Safari/604.1"
104.232.37.225 - - [08/Jun/2025:14:46:09 -0400] "GET /manga/remonster-chapter-80/ HTTP/1.1" 200 13989 "https://remonster.online/manga/remonster-chapter-81/" "Mozilla/5.0 (iPhone; CPU iPhone OS 18_5_0 like Mac OS X) AppleWebKit/605.1.15 (KHTML, like Gecko) GSA/371.0.763199552 Mobile/15E148 Safari/604.1"
104.232.37.225 - - [08/Jun/2025:14:46:18 -0400] "GET /manga/re-monster-chapter-1/ HTTP/1.1" 200 17990 "https://www.google.com/url?q=https://remonster.online/manga/re-monster-chapter-1/&sa=U&ved=2ahUKEwihnZCFvuKNAxVbJEQIHWfaEYIQFnoECEoQAQ&zccpm=epi&usg=AOvVaw2B_GryRizxN_a_cmgzEBlp" "Mozilla/5.0 (iPhone; CPU iPhone OS 18_5_0 like Mac OS X) AppleWebKit/605.1.15 (KHTML, like Gecko) GSA/371.0.763199552 Mobile/15E148 Safari/604.1"
104.232.37.225 - - [08/Jun/2025:14:46:26 -0400] "GET / HTTP/1.1" 200 10812 "https://remonster.online/manga/re-monster-chapter-1/" "Mozilla/5.0 (iPhone; CPU iPhone OS 18_5_0 like Mac OS X) AppleWebKit/605.1.15 (KHTML, like Gecko) GSA/371.0.763199552 Mobile/15E148 Safari/604.1"
104.232.37.225 - - [08/Jun/2025:14:46:31 -0400] "GET /manga/remonster-chapter-80/ HTTP/1.1" 200 13989 "https://remonster.online/" "Mozilla/5.0 (iPhone; CPU iPhone OS 18_5_0 like Mac OS X) AppleWebKit/605.1.15 (KHTML, like Gecko) GSA/371.0.763199552 Mobile/15E148 Safari/604.1"
104.232.37.225 - - [08/Jun/2025:14:46:33 -0400] "GET /manga/remonster-chapter-81/ HTTP/1.1" 200 13999 "https://remonster.online/manga/remonster-chapter-80/" "Mozilla/5.0 (iPhone; CPU iPhone OS 18_5_0 like Mac OS X) AppleWebKit/605.1.15 (KHTML, like Gecko) GSA/371.0.763199552 Mobile/15E148 Safari/604.1"
104.232.37.225 - - [08/Jun/2025:14:46:35 -0400] "GET /manga/remonster-chapter-82/ HTTP/1.1" 200 14060 "https://remonster.online/manga/remonster-chapter-81/" "Mozilla/5.0 (iPhone; CPU iPhone OS 18_5_0 like Mac OS X) AppleWebKit/605.1.15 (KHTML, like Gecko) GSA/371.0.763199552 Mobile/15E148 Safari/604.1"
66.249.79.231 - - [08/Jun/2025:14:46:35 -0400] "GET /manga/re-monster-chapter-56/ HTTP/1.1" 200 17676 "-" "Mozilla/5.0 (Linux; Android 6.0.1; Nexus 5X Build/MMB29P) AppleWebKit/537.36 (KHTML, like Gecko) Chrome/136.0.7103.113 Mobile Safari/537.36 (compatible; Googlebot/2.1; +http://www.google.com/bot.html)"
104.232.37.225 - - [08/Jun/2025:14:46:37 -0400] "GET /manga/remonster-chapter-83/ HTTP/1.1" 200 14445 "https://remonster.online/manga/remonster-chapter-82/" "Mozilla/5.0 (iPhone; CPU iPhone OS 18_5_0 like Mac OS X) AppleWebKit/605.1.15 (KHTML, like Gecko) GSA/371.0.763199552 Mobile/15E148 Safari/604.1"
162.0.232.193 - - [08/Jun/2025:14:46:38 -0400] "POST /wp-cron.php?doing_wp_cron=1749408398.2512381076812744140625 HTTP/1.1" 200 0 "-" "WordPress/6.6.2; https://remonster.online"
104.232.37.225 - - [08/Jun/2025:14:46:38 -0400] "POST /wp-admin/admin-ajax.php HTTP/1.1" 200 69 "https://remonster.online/manga/remonster-chapter-83/" "Mozilla/5.0 (iPhone; CPU iPhone OS 18_5_0 like Mac OS X) AppleWebKit/605.1.15 (KHTML, like Gecko) GSA/371.0.763199552 Mobile/15E148 Safari/604.1"
104.232.37.225 - - [08/Jun/2025:14:46:39 -0400] "GET /manga/remonster-chapter-84/ HTTP/1.1" 200 14501 "https://remonster.online/manga/remonster-chapter-83/" "Mozilla/5.0 (iPhone; CPU iPhone OS 18_5_0 like Mac OS X) AppleWebKit/605.1.15 (KHTML, like Gecko) GSA/371.0.763199552 Mobile/15E148 Safari/604.1"
104.232.37.225 - - [08/Jun/2025:14:46:39 -0400] "POST /wp-admin/admin-ajax.php HTTP/1.1" 200 69 "https://remonster.online/manga/remonster-chapter-84/" "Mozilla/5.0 (iPhone; CPU iPhone OS 18_5_0 like Mac OS X) AppleWebKit/605.1.15 (KHTML, like Gecko) GSA/371.0.763199552 Mobile/15E148 Safari/604.1"
104.232.37.225 - - [08/Jun/2025:14:46:41 -0400] "GET /manga/remonster-chapter-85/ HTTP/1.1" 200 14502 "https://remonster.online/manga/remonster-chapter-84/" "Mozilla/5.0 (iPhone; CPU iPhone OS 18_5_0 like Mac OS X) AppleWebKit/605.1.15 (KHTML, like Gecko) GSA/371.0.763199552 Mobile/15E148 Safari/604.1"
104.232.37.225 - - [08/Jun/2025:14:46:41 -0400] "POST /wp-admin/admin-ajax.php HTTP/1.1" 200 69 "https://remonster.online/manga/remonster-chapter-85/" "Mozilla/5.0 (iPhone; CPU iPhone OS 18_5_0 like Mac OS X) AppleWebKit/605.1.15 (KHTML, like Gecko) GSA/371.0.763199552 Mobile/15E148 Safari/604.1"
104.232.37.225 - - [08/Jun/2025:14:46:43 -0400] "GET /manga/remonster-chapter-86/ HTTP/1.1" 200 14041 "https://remonster.online/manga/remonster-chapter-85/" "Mozilla/5.0 (iPhone; CPU iPhone OS 18_5_0 like Mac OS X) AppleWebKit/605.1.15 (KHTML, like Gecko) GSA/371.0.763199552 Mobile/15E148 Safari/604.1"
104.232.37.225 - - [08/Jun/2025:14:46:46 -0400] "POST /wp-admin/admin-ajax.php HTTP/1.1" 200 69 "https://remonster.online/manga/remonster-chapter-83/" "Mozilla/5.0 (iPhone; CPU iPhone OS 18_5_0 like Mac OS X) AppleWebKit/605.1.15 (KHTML, like Gecko) GSA/371.0.763199552 Mobile/15E148 Safari/604.1"
104.232.37.225 - - [08/Jun/2025:14:46:50 -0400] "GET /manga/remonster-chapter-106/ HTTP/1.1" 200 14713 "https://remonster.online/" "Mozilla/5.0 (iPhone; CPU iPhone OS 18_5_0 like Mac OS X) AppleWebKit/605.1.15 (KHTML, like Gecko) GSA/371.0.763199552 Mobile/15E148 Safari/604.1"
104.232.37.225 - - [08/Jun/2025:14:46:51 -0400] "POST /wp-admin/admin-ajax.php HTTP/1.1" 200 69 "https://remonster.online/manga/remonster-chapter-106/" "Mozilla/5.0 (iPhone; CPU iPhone OS 18_5_0 like Mac OS X) AppleWebKit/605.1.15 (KHTML, like Gecko) GSA/371.0.763199552 Mobile/15E148 Safari/604.1"
104.232.37.225 - - [08/Jun/2025:14:46:56 -0400] "GET /manga/remonster-chapter-105/ HTTP/1.1" 200 17889 "https://remonster.online/" "Mozilla/5.0 (iPhone; CPU iPhone OS 18_5_0 like Mac OS X) AppleWebKit/605.1.15 (KHTML, like Gecko) GSA/371.0.763199552 Mobile/15E148 Safari/604.1"
104.232.37.225 - - [08/Jun/2025:14:47:18 -0400] "GET /manga/remonster-chapter-104/ HTTP/1.1" 200 18582 "https://remonster.online/" "Mozilla/5.0 (iPhone; CPU iPhone OS 18_5_0 like Mac OS X) AppleWebKit/605.1.15 (KHTML, like Gecko) GSA/371.0.763199552 Mobile/15E148 Safari/604.1"
69.247.65.144 - - [08/Jun/2025:14:47:20 -0400] "GET /manga/remonster-chapter-75/ HTTP/1.1" 200 17366 "https://remonster.online/" "Mozilla/5.0 (Windows NT 10.0; Win64; x64) AppleWebKit/537.36 (KHTML, like Gecko) Chrome/134.0.0.0 Safari/537.36 OPR/119.0.0.0"
69.247.65.144 - - [08/Jun/2025:14:47:25 -0400] "GET /wp-content/uploads/2021/11/CeDzRGZ-300x266.png HTTP/1.1" 200 144941 "https://remonster.online/manga/remonster-chapter-75/" "Mozilla/5.0 (Windows NT 10.0; Win64; x64) AppleWebKit/537.36 (KHTML, like Gecko) Chrome/134.0.0.0 Safari/537.36 OPR/119.0.0.0"
104.232.37.225 - - [08/Jun/2025:14:47:38 -0400] "GET /manga/remonster-chapter-89/ HTTP/1.1" 200 14291 "https://remonster.online/" "Mozilla/5.0 (iPhone; CPU iPhone OS 18_5_0 like Mac OS X) AppleWebKit/605.1.15 (KHTML, like Gecko) GSA/371.0.763199552 Mobile/15E148 Safari/604.1"
104.232.37.225 - - [08/Jun/2025:14:47:42 -0400] "GET /manga/remonster-chapter-90/ HTTP/1.1" 200 14517 "https://remonster.online/" "Mozilla/5.0 (iPhone; CPU iPhone OS 18_5_0 like Mac OS X) AppleWebKit/605.1.15 (KHTML, like Gecko) GSA/371.0.763199552 Mobile/15E148 Safari/604.1"
104.232.37.225 - - [08/Jun/2025:14:47:45 -0400] "GET /manga/remonster-chapter-91/ HTTP/1.1" 200 14134 "https://remonster.online/" "Mozilla/5.0 (iPhone; CPU iPhone OS 18_5_0 like Mac OS X) AppleWebKit/605.1.15 (KHTML, like Gecko) GSA/371.0.763199552 Mobile/15E148 Safari/604.1"
104.232.37.225 - - [08/Jun/2025:14:47:47 -0400] "GET /manga/remonster-chapter-92/ HTTP/1.1" 200 15038 "https://remonster.online/" "Mozilla/5.0 (iPhone; CPU iPhone OS 18_5_0 like Mac OS X) AppleWebKit/605.1.15 (KHTML, like Gecko) GSA/371.0.763199552 Mobile/15E148 Safari/604.1"
104.232.37.225 - - [08/Jun/2025:14:47:52 -0400] "GET /manga/remonster-chapter-93/ HTTP/1.1" 200 15036 "https://remonster.online/manga/remonster-chapter-92/" "Mozilla/5.0 (iPhone; CPU iPhone OS 18_5_0 like Mac OS X) AppleWebKit/605.1.15 (KHTML, like Gecko) GSA/371.0.763199552 Mobile/15E148 Safari/604.1"
104.232.37.225 - - [08/Jun/2025:14:47:55 -0400] "GET /manga/remonster-chapter-94/ HTTP/1.1" 200 15013 "https://remonster.online/manga/remonster-chapter-93/" "Mozilla/5.0 (iPhone; CPU iPhone OS 18_5_0 like Mac OS X) AppleWebKit/605.1.15 (KHTML, like Gecko) GSA/371.0.763199552 Mobile/15E148 Safari/604.1"
104.232.37.225 - - [08/Jun/2025:14:47:57 -0400] "GET /manga/remonster-chapter-95/ HTTP/1.1" 200 15331 "https://remonster.online/manga/remonster-chapter-94/" "Mozilla/5.0 (iPhone; CPU iPhone OS 18_5_0 like Mac OS X) AppleWebKit/605.1.15 (KHTML, like Gecko) GSA/371.0.763199552 Mobile/15E148 Safari/604.1"
104.232.37.225 - - [08/Jun/2025:14:48:08 -0400] "GET /manga/remonster-chapter-97/ HTTP/1.1" 200 15428 "https://remonster.online/" "Mozilla/5.0 (iPhone; CPU iPhone OS 18_5_0 like Mac OS X) AppleWebKit/605.1.15 (KHTML, like Gecko) GSA/371.0.763199552 Mobile/15E148 Safari/604.1"
162.0.232.193 - - [08/Jun/2025:14:48:09 -0400] "POST /wp-cron.php?doing_wp_cron=1749408489.0678141117095947265625 HTTP/1.1" 200 0 "-" "WordPress/6.6.2; https://remonster.online"
104.232.37.225 - - [08/Jun/2025:14:48:08 -0400] "POST /wp-admin/admin-ajax.php HTTP/1.1" 200 69 "https://remonster.online/manga/remonster-chapter-97/" "Mozilla/5.0 (iPhone; CPU iPhone OS 18_5_0 like Mac OS X) AppleWebKit/605.1.15 (KHTML, like Gecko) GSA/371.0.763199552 Mobile/15E148 Safari/604.1"
104.232.37.225 - - [08/Jun/2025:14:48:17 -0400] "GET /manga/remonster-chapter-102/ HTTP/1.1" 200 14865 "https://remonster.online/" "Mozilla/5.0 (iPhone; CPU iPhone OS 18_5_0 like Mac OS X) AppleWebKit/605.1.15 (KHTML, like Gecko) GSA/371.0.763199552 Mobile/15E148 Safari/604.1"
104.232.37.225 - - [08/Jun/2025:14:48:21 -0400] "GET /manga/remonster-chapter-103/ HTTP/1.1" 200 15209 "https://remonster.online/" "Mozilla/5.0 (iPhone; CPU iPhone OS 18_5_0 like Mac OS X) AppleWebKit/605.1.15 (KHTML, like Gecko) GSA/371.0.763199552 Mobile/15E148 Safari/604.1"
104.232.37.225 - - [08/Jun/2025:14:48:25 -0400] "GET /manga/remonster-chapter-86/ HTTP/1.1" 304 0 "https://remonster.online/" "Mozilla/5.0 (iPhone; CPU iPhone OS 18_5_0 like Mac OS X) AppleWebKit/605.1.15 (KHTML, like Gecko) GSA/371.0.763199552 Mobile/15E148 Safari/604.1"
104.232.37.225 - - [08/Jun/2025:14:48:28 -0400] "GET /manga/remonster-chapter-93/ HTTP/1.1" 304 0 "https://remonster.online/" "Mozilla/5.0 (iPhone; CPU iPhone OS 18_5_0 like Mac OS X) AppleWebKit/605.1.15 (KHTML, like Gecko) GSA/371.0.763199552 Mobile/15E148 Safari/604.1"
104.232.37.225 - - [08/Jun/2025:14:48:31 -0400] "GET /manga/remonster-chapter-94/ HTTP/1.1" 304 0 "https://remonster.online/manga/remonster-chapter-93/" "Mozilla/5.0 (iPhone; CPU iPhone OS 18_5_0 like Mac OS X) AppleWebKit/605.1.15 (KHTML, like Gecko) GSA/371.0.763199552 Mobile/15E148 Safari/604.1"
2a00:f29:2c8:bb7:516f:1e2b:e94d:e870 - - [08/Jun/2025:14:48:39 -0400] "GET / HTTP/1.1" 200 10821 "https://www.google.com/" "Mozilla/5.0 (Windows NT 10.0; Win64; x64) AppleWebKit/537.36 (KHTML, like Gecko) Chrome/137.0.0.0 Safari/537.36"
104.232.37.225 - - [08/Jun/2025:14:48:40 -0400] "GET /manga/remonster-chapter-105/ HTTP/1.1" 304 0 "https://remonster.online/" "Mozilla/5.0 (iPhone; CPU iPhone OS 18_5_0 like Mac OS X) AppleWebKit/605.1.15 (KHTML, like Gecko) GSA/371.0.763199552 Mobile/15E148 Safari/604.1"
2a0a:ef40:6c4:4f01:e47a:790:45f:159e - - [08/Jun/2025:14:48:41 -0400] "GET /tag/reincarnated-monster/ HTTP/1.1" 301 0 "-" "Mozilla/5.0 (Linux; Android 10; K) AppleWebKit/537.36 (KHTML, like Gecko) Chrome/137.0.0.0 Mobile Safari/537.36"
2a0a:ef40:6c4:4f01:e47a:790:45f:159e - - [08/Jun/2025:14:48:41 -0400] "GET /manga/re-monster-chapter-54/ HTTP/1.1" 304 0 "-" "Mozilla/5.0 (Linux; Android 10; K) AppleWebKit/537.36 (KHTML, like Gecko) Chrome/137.0.0.0 Mobile Safari/537.36"
104.232.37.225 - - [08/Jun/2025:14:48:44 -0400] "GET /manga/remonster-chapter-103/ HTTP/1.1" 304 0 "https://remonster.online/" "Mozilla/5.0 (iPhone; CPU iPhone OS 18_5_0 like Mac OS X) AppleWebKit/605.1.15 (KHTML, like Gecko) GSA/371.0.763199552 Mobile/15E148 Safari/604.1"
2a00:f29:2c8:bb7:516f:1e2b:e94d:e870 - - [08/Jun/2025:14:48:45 -0400] "GET /manga/remonster-chapter-103/ HTTP/1.1" 200 15397 "https://remonster.online/" "Mozilla/5.0 (Windows NT 10.0; Win64; x64) AppleWebKit/537.36 (KHTML, like Gecko) Chrome/137.0.0.0 Safari/537.36"
2a00:f29:2c8:bb7:516f:1e2b:e94d:e870 - - [08/Jun/2025:14:48:48 -0400] "GET /manga/re-monster-chapter-40/ HTTP/1.1" 200 17000 "https://remonster.online/" "Mozilla/5.0 (Windows NT 10.0; Win64; x64) AppleWebKit/537.36 (KHTML, like Gecko) Chrome/137.0.0.0 Safari/537.36"
2a00:f29:2c8:bb7:516f:1e2b:e94d:e870 - - [08/Jun/2025:14:48:48 -0400] "GET /manga/re-monster-chapter-3/ HTTP/1.1" 200 18447 "https://remonster.online/" "Mozilla/5.0 (Windows NT 10.0; Win64; x64) AppleWebKit/537.36 (KHTML, like Gecko) Chrome/137.0.0.0 Safari/537.36"
104.232.37.225 - - [08/Jun/2025:14:48:48 -0400] "GET /manga/remonster-chapter-104/ HTTP/1.1" 304 0 "https://remonster.online/" "Mozilla/5.0 (iPhone; CPU iPhone OS 18_5_0 like Mac OS X) AppleWebKit/605.1.15 (KHTML, like Gecko) GSA/371.0.763199552 Mobile/15E148 Safari/604.1"
2a00:f29:2c8:bb7:516f:1e2b:e94d:e870 - - [08/Jun/2025:14:48:49 -0400] "GET /manga/re-monster-chapter-9/ HTTP/1.1" 200 17223 "https://remonster.online/" "Mozilla/5.0 (Windows NT 10.0; Win64; x64) AppleWebKit/537.36 (KHTML, like Gecko) Chrome/137.0.0.0 Safari/537.36"
2a00:f29:2c8:bb7:516f:1e2b:e94d:e870 - - [08/Jun/2025:14:48:50 -0400] "GET /manga/re-monster-chapter-11/ HTTP/1.1" 200 17699 "https://remonster.online/" "Mozilla/5.0 (Windows NT 10.0; Win64; x64) AppleWebKit/537.36 (KHTML, like Gecko) Chrome/137.0.0.0 Safari/537.36"
2a00:f29:2c8:bb7:516f:1e2b:e94d:e870 - - [08/Jun/2025:14:48:50 -0400] "GET /manga/re-monster-chapter-6/ HTTP/1.1" 200 18162 "https://remonster.online/" "Mozilla/5.0 (Windows NT 10.0; Win64; x64) AppleWebKit/537.36 (KHTML, like Gecko) Chrome/137.0.0.0 Safari/537.36"
2a00:f29:2c8:bb7:516f:1e2b:e94d:e870 - - [08/Jun/2025:14:48:50 -0400] "GET /manga/re-monster-chapter-10/ HTTP/1.1" 200 16661 "https://remonster.online/" "Mozilla/5.0 (Windows NT 10.0; Win64; x64) AppleWebKit/537.36 (KHTML, like Gecko) Chrome/137.0.0.0 Safari/537.36"
2a00:f29:2c8:bb7:516f:1e2b:e94d:e870 - - [08/Jun/2025:14:48:52 -0400] "GET /manga/re-monster-chapter-9/ HTTP/1.1" 304 0 "https://remonster.online/" "Mozilla/5.0 (Windows NT 10.0; Win64; x64) AppleWebKit/537.36 (KHTML, like Gecko) Chrome/137.0.0.0 Safari/537.36"
162.0.232.193 - - [08/Jun/2025:14:48:54 -0400] "POST /wp-cron.php?doing_wp_cron=1749408534.2667679786682128906250 HTTP/1.1" 200 0 "-" "WordPress/6.6.2; https://remonster.online"
2a00:f29:2c8:bb7:516f:1e2b:e94d:e870 - - [08/Jun/2025:14:48:54 -0400] "POST /wp-admin/admin-ajax.php HTTP/1.1" 200 69 "https://remonster.online/manga/re-monster-chapter-9/" "Mozilla/5.0 (Windows NT 10.0; Win64; x64) AppleWebKit/537.36 (KHTML, like Gecko) Chrome/137.0.0.0 Safari/537.36"
2a00:f29:2c8:bb7:516f:1e2b:e94d:e870 - - [08/Jun/2025:14:49:13 -0400] "GET /manga/re-monster-chapter-38/ HTTP/1.1" 200 17755 "https://remonster.online/" "Mozilla/5.0 (Windows NT 10.0; Win64; x64) AppleWebKit/537.36 (KHTML, like Gecko) Chrome/137.0.0.0 Safari/537.36"
2a00:f29:2c8:bb7:516f:1e2b:e94d:e870 - - [08/Jun/2025:14:49:13 -0400] "GET /manga/re-monster-chapter-38/ HTTP/1.1" 304 0 "https://remonster.online/" "Mozilla/5.0 (Windows NT 10.0; Win64; x64) AppleWebKit/537.36 (KHTML, like Gecko) Chrome/137.0.0.0 Safari/537.36"
2a00:f29:2c8:bb7:516f:1e2b:e94d:e870 - - [08/Jun/2025:14:49:14 -0400] "GET / HTTP/1.1" 200 10858 "https://remonster.online/manga/re-monster-chapter-38/" "Mozilla/5.0 (Windows NT 10.0; Win64; x64) AppleWebKit/537.36 (KHTML, like Gecko) Chrome/137.0.0.0 Safari/537.36"
2a00:f29:2c8:bb7:516f:1e2b:e94d:e870 - - [08/Jun/2025:14:49:14 -0400] "POST /wp-admin/admin-ajax.php HTTP/1.1" 200 69 "https://remonster.online/manga/re-monster-chapter-38/" "Mozilla/5.0 (Windows NT 10.0; Win64; x64) AppleWebKit/537.36 (KHTML, like Gecko) Chrome/137.0.0.0 Safari/537.36"
2a00:f29:2c8:bb7:516f:1e2b:e94d:e870 - - [08/Jun/2025:14:49:27 -0400] "GET /manga/re-monster-chapter-41/ HTTP/1.1" 200 17375 "https://remonster.online/" "Mozilla/5.0 (Windows NT 10.0; Win64; x64) AppleWebKit/537.36 (KHTML, like Gecko) Chrome/137.0.0.0 Safari/537.36"
2a00:f29:2c8:bb7:516f:1e2b:e94d:e870 - - [08/Jun/2025:14:49:30 -0400] "GET /manga/re-monster-chapter-39/ HTTP/1.1" 200 16004 "https://remonster.online/" "Mozilla/5.0 (Windows NT 10.0; Win64; x64) AppleWebKit/537.36 (KHTML, like Gecko) Chrome/137.0.0.0 Safari/537.36"
2a00:f29:2c8:bb7:516f:1e2b:e94d:e870 - - [08/Jun/2025:14:49:31 -0400] "GET /manga/re-monster-chapter-39/ HTTP/1.1" 304 0 "https://remonster.online/" "Mozilla/5.0 (Windows NT 10.0; Win64; x64) AppleWebKit/537.36 (KHTML, like Gecko) Chrome/137.0.0.0 Safari/537.36"
162.0.232.193 - - [08/Jun/2025:14:49:31 -0400] "POST /wp-cron.php?doing_wp_cron=1749408571.8417561054229736328125 HTTP/1.1" 200 0 "-" "WordPress/6.6.2; https://remonster.online"
2a00:f29:2c8:bb7:516f:1e2b:e94d:e870 - - [08/Jun/2025:14:49:32 -0400] "GET /manga/re-monster-chapter-1/ HTTP/1.1" 200 17995 "https://remonster.online/manga/re-monster-chapter-39/" "Mozilla/5.0 (Windows NT 10.0; Win64; x64) AppleWebKit/537.36 (KHTML, like Gecko) Chrome/137.0.0.0 Safari/537.36"
2a00:f29:2c8:bb7:516f:1e2b:e94d:e870 - - [08/Jun/2025:14:49:31 -0400] "POST /wp-admin/admin-ajax.php HTTP/1.1" 200 69 "https://remonster.online/manga/re-monster-chapter-39/" "Mozilla/5.0 (Windows NT 10.0; Win64; x64) AppleWebKit/537.36 (KHTML, like Gecko) Chrome/137.0.0.0 Safari/537.36"
2a00:f29:2c8:bb7:516f:1e2b:e94d:e870 - - [08/Jun/2025:14:49:37 -0400] "GET /manga/re-monster-chapter-46/ HTTP/1.1" 200 17389 "https://remonster.online/" "Mozilla/5.0 (Windows NT 10.0; Win64; x64) AppleWebKit/537.36 (KHTML, like Gecko) Chrome/137.0.0.0 Safari/537.36"
2a00:f29:2c8:bb7:516f:1e2b:e94d:e870 - - [08/Jun/2025:14:49:37 -0400] "GET /manga/re-monster-chapter-47/ HTTP/1.1" 200 17739 "https://remonster.online/" "Mozilla/5.0 (Windows NT 10.0; Win64; x64) AppleWebKit/537.36 (KHTML, like Gecko) Chrome/137.0.0.0 Safari/537.36"
2a00:f29:2c8:bb7:516f:1e2b:e94d:e870 - - [08/Jun/2025:14:49:38 -0400] "GET /manga/re-monster-chapter-48/ HTTP/1.1" 200 17405 "https://remonster.online/" "Mozilla/5.0 (Windows NT 10.0; Win64; x64) AppleWebKit/537.36 (KHTML, like Gecko) Chrome/137.0.0.0 Safari/537.36"
2a00:f29:2c8:bb7:516f:1e2b:e94d:e870 - - [08/Jun/2025:14:49:38 -0400] "GET /manga/re-monster-chapter-48/ HTTP/1.1" 304 0 "https://remonster.online/" "Mozilla/5.0 (Windows NT 10.0; Win64; x64) AppleWebKit/537.36 (KHTML, like Gecko) Chrome/137.0.0.0 Safari/537.36"
2a00:f29:2c8:bb7:516f:1e2b:e94d:e870 - - [08/Jun/2025:14:49:39 -0400] "GET / HTTP/1.1" 304 0 "https://remonster.online/manga/re-monster-chapter-48/" "Mozilla/5.0 (Windows NT 10.0; Win64; x64) AppleWebKit/537.36 (KHTML, like Gecko) Chrome/137.0.0.0 Safari/537.36"
104.232.37.225 - - [08/Jun/2025:14:49:40 -0400] "GET /manga/remonster-chapter-105/ HTTP/1.1" 304 0 "https://remonster.online/manga/remonster-chapter-104/" "Mozilla/5.0 (iPhone; CPU iPhone OS 18_5_0 like Mac OS X) AppleWebKit/605.1.15 (KHTML, like Gecko) GSA/371.0.763199552 Mobile/15E148 Safari/604.1"
103.105.10.241 - - [08/Jun/2025:14:49:53 -0400] "GET / HTTP/1.1" 200 10855 "https://www.google.com/" "Mozilla/5.0 (Linux; Android 10; K) AppleWebKit/537.36 (KHTML, like Gecko) Chrome/137.0.0.0 Mobile Safari/537.36"
103.105.10.241 - - [08/Jun/2025:14:49:58 -0400] "GET /manga/remonster-chapter-104/ HTTP/1.1" 200 18580 "https://remonster.online/" "Mozilla/5.0 (Linux; Android 10; K) AppleWebKit/537.36 (KHTML, like Gecko) Chrome/137.0.0.0 Mobile Safari/537.36"
103.105.10.241 - - [08/Jun/2025:14:49:59 -0400] "GET /manga/remonster-chapter-98/ HTTP/1.1" 200 15173 "https://remonster.online/" "Mozilla/5.0 (Linux; Android 10; K) AppleWebKit/537.36 (KHTML, like Gecko) Chrome/137.0.0.0 Mobile Safari/537.36"
103.105.10.241 - - [08/Jun/2025:14:49:59 -0400] "GET /manga/re-monster-chapter-72/ HTTP/1.1" 200 17901 "https://remonster.online/" "Mozilla/5.0 (Linux; Android 10; K) AppleWebKit/537.36 (KHTML, like Gecko) Chrome/137.0.0.0 Mobile Safari/537.36"
103.105.10.241 - - [08/Jun/2025:14:49:59 -0400] "GET /manga/remonster-chapter-83/ HTTP/1.1" 200 14417 "https://remonster.online/" "Mozilla/5.0 (Linux; Android 10; K) AppleWebKit/537.36 (KHTML, like Gecko) Chrome/137.0.0.0 Mobile Safari/537.36"
2a02:26f7:f6d5:a620:0:a000:0:d - - [08/Jun/2025:14:50:42 -0400] "GET /manga/remonster-chapter-77/ HTTP/1.1" 200 17434 "-" "Mozilla/5.0 (iPhone; CPU iPhone OS 18_5 like Mac OS X) AppleWebKit/605.1.15 (KHTML, like Gecko) Mobile/15E148"
2a00:f29:2c8:bb7:516f:1e2b:e94d:e870 - - [08/Jun/2025:14:51:46 -0400] "GET /tag/remonster-manga/ HTTP/1.1" 301 0 "https://remonster.online/manga/re-monster-chapter-48/" "Mozilla/5.0 (Windows NT 10.0; Win64; x64) AppleWebKit/537.36 (KHTML, like Gecko) Chrome/137.0.0.0 Safari/537.36"
2a00:f29:2c8:bb7:516f:1e2b:e94d:e870 - - [08/Jun/2025:14:51:46 -0400] "GET /manga/re-monster-chapter-49/ HTTP/1.1" 200 17427 "https://remonster.online/manga/re-monster-chapter-48/" "Mozilla/5.0 (Windows NT 10.0; Win64; x64) AppleWebKit/537.36 (KHTML, like Gecko) Chrome/137.0.0.0 Safari/537.36"
2a00:f29:2c8:bb7:516f:1e2b:e94d:e870 - - [08/Jun/2025:14:51:47 -0400] "GET / HTTP/1.1" 304 0 "https://remonster.online/manga/re-monster-chapter-48/" "Mozilla/5.0 (Windows NT 10.0; Win64; x64) AppleWebKit/537.36 (KHTML, like Gecko) Chrome/137.0.0.0 Safari/537.36"
2a00:f29:2c8:bb7:516f:1e2b:e94d:e870 - - [08/Jun/2025:14:51:47 -0400] "GET /manga/re-monster-chapter-49/ HTTP/1.1" 304 0 "https://remonster.online/manga/re-monster-chapter-48/" "Mozilla/5.0 (Windows NT 10.0; Win64; x64) AppleWebKit/537.36 (KHTML, like Gecko) Chrome/137.0.0.0 Safari/537.36"
114.119.144.17 - - [08/Jun/2025:14:52:46 -0400] "GET /tag/remonster-chapter-92-chapter/ HTTP/1.1" 301 0 "https://remonster.online/manga/remonster-chapter-92/" "Mozilla/5.0 (Linux; Android 7.0;) AppleWebKit/537.36 (KHTML, like Gecko) Mobile Safari/537.36 (compatible; PetalBot;+https://webmaster.petalsearch.com/site/petalbot)"
114.119.144.17 - - [08/Jun/2025:14:52:47 -0400] "GET / HTTP/1.1" 200 10812 "https://remonster.online/manga/remonster-chapter-92/" "Mozilla/5.0 (Linux; Android 7.0;) AppleWebKit/537.36 (KHTML, like Gecko) Mobile Safari/537.36 (compatible; PetalBot;+https://webmaster.petalsearch.com/site/petalbot)"
103.138.172.30 - - [08/Jun/2025:14:53:06 -0400] "GET /manga/re-monster-chapter-17/ HTTP/1.1" 200 17758 "https://www.google.com.bd/" "Mozilla/5.0 (Linux; U; Android 14; en-US; I2009 Build/UP1A.231005.007) AppleWebKit/537.36 (KHTML, like Gecko) Version/4.0 Chrome/123.0.6312.80 UCBrowser/14.6.0.1360 Mobile Safari/537.36"
162.0.232.193 - - [08/Jun/2025:14:53:09 -0400] "POST /wp-cron.php?doing_wp_cron=1749408789.6186490058898925781250 HTTP/1.1" 200 0 "-" "WordPress/6.6.2; https://remonster.online"
103.138.172.30 - - [08/Jun/2025:14:53:09 -0400] "POST /wp-admin/admin-ajax.php HTTP/1.1" 200 69 "https://remonster.online/manga/re-monster-chapter-17/" "Mozilla/5.0 (Linux; U; Android 14; en-US; I2009 Build/UP1A.231005.007) AppleWebKit/537.36 (KHTML, like Gecko) Version/4.0 Chrome/123.0.6312.80 UCBrowser/14.6.0.1360 Mobile Safari/537.36"
2a00:f29:2c8:bb7:516f:1e2b:e94d:e870 - - [08/Jun/2025:14:54:34 -0400] "GET /manga/re-monster-chapter-50/ HTTP/1.1" 200 18084 "https://remonster.online/manga/re-monster-chapter-49/" "Mozilla/5.0 (Windows NT 10.0; Win64; x64) AppleWebKit/537.36 (KHTML, like Gecko) Chrome/137.0.0.0 Safari/537.36"
2a00:f29:2c8:bb7:516f:1e2b:e94d:e870 - - [08/Jun/2025:14:54:34 -0400] "GET /manga/re-monster-chapter-50/ HTTP/1.1" 304 0 "https://remonster.online/manga/re-monster-chapter-49/" "Mozilla/5.0 (Windows NT 10.0; Win64; x64) AppleWebKit/537.36 (KHTML, like Gecko) Chrome/137.0.0.0 Safari/537.36"
162.0.232.193 - - [08/Jun/2025:14:54:37 -0400] "POST /wp-cron.php?doing_wp_cron=1749408877.0429708957672119140625 HTTP/1.1" 200 0 "-" "WordPress/6.6.2; https://remonster.online"
2a00:f29:2c8:bb7:516f:1e2b:e94d:e870 - - [08/Jun/2025:14:54:35 -0400] "POST /wp-admin/admin-ajax.php HTTP/1.1" 200 69 "https://remonster.online/manga/re-monster-chapter-50/" "Mozilla/5.0 (Windows NT 10.0; Win64; x64) AppleWebKit/537.36 (KHTML, like Gecko) Chrome/137.0.0.0 Safari/537.36"
2a00:f29:2c8:bb7:516f:1e2b:e94d:e870 - - [08/Jun/2025:14:54:42 -0400] "POST /wp-admin/admin-ajax.php HTTP/1.1" 200 49 "https://remonster.online/manga/re-monster-chapter-50/" "Mozilla/5.0 (Windows NT 10.0; Win64; x64) AppleWebKit/537.36 (KHTML, like Gecko) Chrome/137.0.0.0 Safari/537.36"
2a00:f29:2c8:bb7:516f:1e2b:e94d:e870 - - [08/Jun/2025:14:54:43 -0400] "POST /wp-admin/admin-ajax.php HTTP/1.1" 200 599 "https://remonster.online/manga/re-monster-chapter-50/" "Mozilla/5.0 (Windows NT 10.0; Win64; x64) AppleWebKit/537.36 (KHTML, like Gecko) Chrome/137.0.0.0 Safari/537.36"
2001:4958:2a56:8601:85bc:6dc9:6bdd:71f8 - - [08/Jun/2025:14:54:55 -0400] "GET /manga/re-monster-chapter-30/ HTTP/1.1" 200 15442 "https://www.google.com/" "Mozilla/5.0 (iPhone; CPU iPhone OS 18_5 like Mac OS X) AppleWebKit/605.1.15 (KHTML, like Gecko) Brave/1 Mobile/15E148 Safari/604.1"
103.196.139.252 - - [08/Jun/2025:14:55:12 -0400] "GET / HTTP/1.1" 200 10812 "https://www.google.com/" "Mozilla/5.0 (iPhone; CPU iPhone OS 17_6_1 like Mac OS X) AppleWebKit/605.1.15 (KHTML, like Gecko) CriOS/137.0.7151.79 Mobile/15E148 Safari/604.1"
103.196.139.252 - - [08/Jun/2025:14:55:20 -0400] "GET /manga/re-monster-chapter-43/ HTTP/1.1" 200 17847 "https://remonster.online/" "Mozilla/5.0 (iPhone; CPU iPhone OS 17_6_1 like Mac OS X) AppleWebKit/605.1.15 (KHTML, like Gecko) CriOS/137.0.7151.79 Mobile/15E148 Safari/604.1"
162.0.232.193 - - [08/Jun/2025:14:55:29 -0400] "POST /wp-cron.php?doing_wp_cron=1749408929.4820709228515625000000 HTTP/1.1" 200 0 "-" "WordPress/6.6.2; https://remonster.online"
136.158.10.14 - - [08/Jun/2025:14:55:29 -0400] "POST /wp-admin/admin-ajax.php HTTP/1.1" 200 69 "https://remonster.online/manga/re-monster-chapter-67/" "Mozilla/5.0 (Linux; Android 10; K) AppleWebKit/537.36 (KHTML, like Gecko) Chrome/137.0.0.0 Mobile Safari/537.36"
2001:4958:2a56:8601:85bc:6dc9:6bdd:71f8 - - [08/Jun/2025:14:55:32 -0400] "GET / HTTP/1.1" 200 10812 "https://remonster.online/manga/re-monster-chapter-30/" "Mozilla/5.0 (iPhone; CPU iPhone OS 18_5 like Mac OS X) AppleWebKit/605.1.15 (KHTML, like Gecko) Brave/1 Mobile/15E148 Safari/604.1"
2001:4958:2a56:8601:85bc:6dc9:6bdd:71f8 - - [08/Jun/2025:14:55:33 -0400] "GET /wp-content/uploads/2021/11/8168f-bSGoS.jpeg HTTP/1.1" 200 428790 "https://remonster.online/" "Mozilla/5.0 (iPhone; CPU iPhone OS 18_5 like Mac OS X) AppleWebKit/605.1.15 (KHTML, like Gecko) Brave/1 Mobile/15E148 Safari/604.1"
103.196.139.252 - - [08/Jun/2025:14:55:37 -0400] "GET /manga/re-monster-chapter-52/ HTTP/1.1" 200 17415 "https://remonster.online/" "Mozilla/5.0 (iPhone; CPU iPhone OS 17_6_1 like Mac OS X) AppleWebKit/605.1.15 (KHTML, like Gecko) CriOS/137.0.7151.79 Mobile/15E148 Safari/604.1"
103.196.139.252 - - [08/Jun/2025:14:55:47 -0400] "GET /manga/re-monster-chapter-62/ HTTP/1.1" 200 17392 "https://remonster.online/" "Mozilla/5.0 (iPhone; CPU iPhone OS 17_6_1 like Mac OS X) AppleWebKit/605.1.15 (KHTML, like Gecko) CriOS/137.0.7151.79 Mobile/15E148 Safari/604.1"
2804:4ec:1101:4168:4195:ee58:879f:c7db - - [08/Jun/2025:14:55:49 -0400] "GET /manga/remonster-chapter-77/ HTTP/1.1" 200 17434 "https://remonster.online/manga/remonster-chapter-76/" "Mozilla/5.0 (Linux; Android 10; K) AppleWebKit/537.36 (KHTML, like Gecko) Chrome/137.0.0.0 Mobile Safari/537.36"
2804:4ec:1101:4168:4195:ee58:879f:c7db - - [08/Jun/2025:14:55:50 -0400] "GET /manga/remonster-chapter-77/ HTTP/1.1" 304 0 "https://remonster.online/manga/remonster-chapter-76/" "Mozilla/5.0 (Linux; Android 10; K) AppleWebKit/537.36 (KHTML, like Gecko) Chrome/137.0.0.0 Mobile Safari/537.36"
136.158.10.14 - - [08/Jun/2025:14:55:51 -0400] "GET /manga/re-monster-chapter-66/ HTTP/1.1" 200 17880 "https://remonster.online/manga/re-monster-chapter-67/" "Mozilla/5.0 (Linux; Android 10; K) AppleWebKit/537.36 (KHTML, like Gecko) Chrome/137.0.0.0 Mobile Safari/537.36"
136.158.10.14 - - [08/Jun/2025:14:55:51 -0400] "GET /manga/re-monster-chapter-68/ HTTP/1.1" 200 17500 "https://remonster.online/manga/re-monster-chapter-67/" "Mozilla/5.0 (Linux; Android 10; K) AppleWebKit/537.36 (KHTML, like Gecko) Chrome/137.0.0.0 Mobile Safari/537.36"
136.158.10.14 - - [08/Jun/2025:14:55:51 -0400] "GET /manga/re-monster-chapter-68/ HTTP/1.1" 304 0 "https://remonster.online/manga/re-monster-chapter-67/" "Mozilla/5.0 (Linux; Android 10; K) AppleWebKit/537.36 (KHTML, like Gecko) Chrome/137.0.0.0 Mobile Safari/537.36"
2001:4958:2a56:8601:85bc:6dc9:6bdd:71f8 - - [08/Jun/2025:14:55:57 -0400] "GET /manga/re-monster-chapter-30/ HTTP/1.1" 304 0 "https://remonster.online/" "Mozilla/5.0 (iPhone; CPU iPhone OS 18_5 like Mac OS X) AppleWebKit/605.1.15 (KHTML, like Gecko) Brave/1 Mobile/15E148 Safari/604.1"
2001:4958:2a56:8601:85bc:6dc9:6bdd:71f8 - - [08/Jun/2025:14:56:02 -0400] "GET /manga/re-monster-chapter-31/ HTTP/1.1" 200 17736 "https://remonster.online/manga/re-monster-chapter-30/" "Mozilla/5.0 (iPhone; CPU iPhone OS 18_5 like Mac OS X) AppleWebKit/605.1.15 (KHTML, like Gecko) Brave/1 Mobile/15E148 Safari/604.1"
162.0.232.193 - - [08/Jun/2025:14:56:03 -0400] "POST /wp-cron.php?doing_wp_cron=1749408963.2424759864807128906250 HTTP/1.1" 200 0 "-" "WordPress/6.6.2; https://remonster.online"
2001:4958:2a56:8601:85bc:6dc9:6bdd:71f8 - - [08/Jun/2025:14:56:03 -0400] "POST /wp-admin/admin-ajax.php HTTP/1.1" 200 69 "https://remonster.online/manga/re-monster-chapter-31/" "Mozilla/5.0 (iPhone; CPU iPhone OS 18_5 like Mac OS X) AppleWebKit/605.1.15 (KHTML, like Gecko) Brave/1 Mobile/15E148 Safari/604.1"
187.19.177.27 - - [08/Jun/2025:14:56:07 -0400] "GET / HTTP/1.1" 200 10812 "https://search.brave.com/" "Mozilla/5.0 (Linux; Android 10; K) AppleWebKit/537.36 (KHTML, like Gecko) Chrome/135.0.0.0 Mobile Safari/537.36"
187.19.177.27 - - [08/Jun/2025:14:56:14 -0400] "GET /manga/remonster-chapter-106/ HTTP/1.1" 200 14758 "-" "Mozilla/5.0 (Linux; Android 10; K) AppleWebKit/537.36 (KHTML, like Gecko) Chrome/135.0.0.0 Mobile Safari/537.36"
187.19.177.27 - - [08/Jun/2025:14:56:15 -0400] "GET /manga/remonster-chapter-106/ HTTP/1.1" 304 0 "https://remonster.online/" "Mozilla/5.0 (Linux; Android 10; K) AppleWebKit/537.36 (KHTML, like Gecko) Chrome/135.0.0.0 Mobile Safari/537.36"
187.19.177.27 - - [08/Jun/2025:14:56:15 -0400] "POST /wp-admin/admin-ajax.php HTTP/1.1" 200 69 "https://remonster.online/manga/remonster-chapter-106/" "Mozilla/5.0 (Linux; Android 10; K) AppleWebKit/537.36 (KHTML, like Gecko) Chrome/135.0.0.0 Mobile Safari/537.36"
187.19.177.27 - - [08/Jun/2025:14:56:18 -0400] "GET /tag/read-manga-remonster-chapter-106-raw/ HTTP/1.1" 301 0 "-" "Mozilla/5.0 (Linux; Android 10; K) AppleWebKit/537.36 (KHTML, like Gecko) Chrome/135.0.0.0 Mobile Safari/537.36"
162.0.232.193 - - [08/Jun/2025:14:56:18 -0400] "POST /wp-cron.php?doing_wp_cron=1749408978.6294310092926025390625 HTTP/1.1" 200 0 "-" "WordPress/6.6.2; https://remonster.online"
66.249.79.230 - - [08/Jun/2025:14:56:18 -0400] "GET /manga/re-monster-chapter-31/feed/ HTTP/1.1" 200 410 "-" "Mozilla/5.0 (Linux; Android 6.0.1; Nexus 5X Build/MMB29P) AppleWebKit/537.36 (KHTML, like Gecko) Chrome/137.0.7151.68 Mobile Safari/537.36 (compatible; Googlebot/2.1; +http://www.google.com/bot.html)"
187.19.177.27 - - [08/Jun/2025:14:56:19 -0400] "GET /manga/remonster-chapter-106/ HTTP/1.1" 304 0 "-" "Mozilla/5.0 (Linux; Android 10; K) AppleWebKit/537.36 (KHTML, like Gecko) Chrome/135.0.0.0 Mobile Safari/537.36"
187.19.177.27 - - [08/Jun/2025:14:56:19 -0400] "GET /manga/remonster-chapter-100/ HTTP/1.1" 200 15145 "-" "Mozilla/5.0 (Linux; Android 10; K) AppleWebKit/537.36 (KHTML, like Gecko) Chrome/135.0.0.0 Mobile Safari/537.36"
187.19.177.27 - - [08/Jun/2025:14:56:21 -0400] "GET /manga/remonster-chapter-106/ HTTP/1.1" 304 0 "https://remonster.online/manga/remonster-chapter-106/" "Mozilla/5.0 (Linux; Android 10; K) AppleWebKit/537.36 (KHTML, like Gecko) Chrome/135.0.0.0 Mobile Safari/537.36"
187.19.177.27 - - [08/Jun/2025:14:56:21 -0400] "POST /wp-admin/admin-ajax.php HTTP/1.1" 200 69 "https://remonster.online/manga/remonster-chapter-106/" "Mozilla/5.0 (Linux; Android 10; K) AppleWebKit/537.36 (KHTML, like Gecko) Chrome/135.0.0.0 Mobile Safari/537.36"
187.19.177.27 - - [08/Jun/2025:14:56:22 -0400] "GET / HTTP/1.1" 304 0 "-" "Mozilla/5.0 (Linux; Android 10; K) AppleWebKit/537.36 (KHTML, like Gecko) Chrome/135.0.0.0 Mobile Safari/537.36"
103.196.139.252 - - [08/Jun/2025:14:56:24 -0400] "GET /manga/re-monster-chapter-55/ HTTP/1.1" 200 17451 "https://remonster.online/" "Mozilla/5.0 (iPhone; CPU iPhone OS 17_6_1 like Mac OS X) AppleWebKit/605.1.15 (KHTML, like Gecko) CriOS/137.0.7151.79 Mobile/15E148 Safari/604.1"
2001:4958:2a56:8601:85bc:6dc9:6bdd:71f8 - - [08/Jun/2025:14:56:45 -0400] "GET /manga/re-monster-chapter-27/ HTTP/1.1" 200 17316 "https://remonster.online/" "Mozilla/5.0 (iPhone; CPU iPhone OS 18_5 like Mac OS X) AppleWebKit/605.1.15 (KHTML, like Gecko) Brave/1 Mobile/15E148 Safari/604.1"
103.196.139.252 - - [08/Jun/2025:14:58:33 -0400] "GET /manga/re-monster-chapter-56/ HTTP/1.1" 200 17694 "https://remonster.online/manga/re-monster-chapter-55/" "Mozilla/5.0 (iPhone; CPU iPhone OS 17_6_1 like Mac OS X) AppleWebKit/605.1.15 (KHTML, like Gecko) CriOS/137.0.7151.79 Mobile/15E148 Safari/604.1"
5.20.243.135 - - [08/Jun/2025:14:58:34 -0400] "GET /manga/re-monster-chapter-11/ HTTP/1.1" 200 17699 "https://remonster.online/manga/re-monster-chapter-12/" "Mozilla/5.0 (Windows NT 10.0; Win64; x64) AppleWebKit/537.36 (KHTML, like Gecko) Chrome/137.0.0.0 Safari/537.36"
5.20.243.135 - - [08/Jun/2025:14:58:34 -0400] "GET /manga/re-monster-chapter-13/ HTTP/1.1" 200 17835 "https://remonster.online/manga/re-monster-chapter-12/" "Mozilla/5.0 (Windows NT 10.0; Win64; x64) AppleWebKit/537.36 (KHTML, like Gecko) Chrome/137.0.0.0 Safari/537.36"
5.20.243.135 - - [08/Jun/2025:14:58:34 -0400] "GET /manga/re-monster-chapter-13/ HTTP/1.1" 304 0 "https://remonster.online/manga/re-monster-chapter-12/" "Mozilla/5.0 (Windows NT 10.0; Win64; x64) AppleWebKit/537.36 (KHTML, like Gecko) Chrome/137.0.0.0 Safari/537.36"
5.20.243.135 - - [08/Jun/2025:14:58:34 -0400] "GET /tag/remonster-manga/ HTTP/1.1" 301 0 "https://remonster.online/manga/re-monster-chapter-12/" "Mozilla/5.0 (Windows NT 10.0; Win64; x64) AppleWebKit/537.36 (KHTML, like Gecko) Chrome/137.0.0.0 Safari/537.36"
162.0.232.193 - - [08/Jun/2025:14:58:35 -0400] "POST /wp-cron.php?doing_wp_cron=1749409115.4289140701293945312500 HTTP/1.1" 200 0 "-" "WordPress/6.6.2; https://remonster.online"
5.20.243.135 - - [08/Jun/2025:14:58:34 -0400] "POST /wp-admin/admin-ajax.php HTTP/1.1" 200 69 "https://remonster.online/manga/re-monster-chapter-13/" "Mozilla/5.0 (Windows NT 10.0; Win64; x64) AppleWebKit/537.36 (KHTML, like Gecko) Chrome/137.0.0.0 Safari/537.36"
82.145.215.206 - - [08/Jun/2025:14:59:14 -0400] "GET / HTTP/1.1" 200 10855 "-" "Mozilla/5.0 (iPhone; CPU iPhone OS 11_0 like Mac OS X) AppleWebKit/604.1.38 (KHTML, like Gecko) Version/11.0 Mobile/15A372 Safari/604.1"
82.145.215.206 - - [08/Jun/2025:14:59:14 -0400] "GET /apple-touch-icon.png HTTP/1.1" 301 0 "-" "Go-http-client/1.1"
82.145.215.206 - - [08/Jun/2025:14:59:15 -0400] "GET / HTTP/1.1" 200 10821 "https://remonster.online/apple-touch-icon.png" "Go-http-client/1.1"
2001:67c:2660:425:20::265 - - [08/Jun/2025:14:59:18 -0400] "GET /manga/re-monster-chapter-35/ HTTP/1.1" 200 17351 "-" "Mozilla/5.0 (X11; Linux x86_64) AppleWebKit/537.36 (KHTML, like Gecko) Chrome/135.0.0.0 Safari/537.36 OPR/121.0.0.0"
2001:67c:2660:425:20::265 - - [08/Jun/2025:14:59:32 -0400] "GET /tag/remonster-manga/ HTTP/1.1" 301 0 "https://remonster.online/manga/re-monster-chapter-35/" "Mozilla/5.0 (Linux; Android 10; K) AppleWebKit/537.36 (KHTML, like Gecko) Chrome/135.0.0.0 Mobile Safari/537.36 OPR/89.0.0.0"
2001:67c:2660:425:20::265 - - [08/Jun/2025:14:59:33 -0400] "GET /manga/re-monster-chapter-34/ HTTP/1.1" 200 17031 "https://remonster.online/manga/re-monster-chapter-35/" "Mozilla/5.0 (Linux; Android 10; K) AppleWebKit/537.36 (KHTML, like Gecko) Chrome/135.0.0.0 Mobile Safari/537.36 OPR/89.0.0.0"
