2001:d08:1a06:6be3:1:0:3541:baf8 - - [08/Jun/2025:11:48:54 -0400] "GET /manga/re-monster-chapter-48/ HTTP/1.1" 200 17417 "https://remonster.online/manga/re-monster-chapter-47/" "Mozilla/5.0 (Linux; Android 10; K) AppleWebKit/537.36 (KHTML, like Gecko) Chrome/137.0.0.0 Mobile Safari/537.36"
2001:d08:1a06:6be3:1:0:3541:baf8 - - [08/Jun/2025:11:48:54 -0400] "GET /manga/re-monster-chapter-48/ HTTP/1.1" 304 0 "https://remonster.online/manga/re-monster-chapter-47/" "Mozilla/5.0 (Linux; Android 10; K) AppleWebKit/537.36 (KHTML, like Gecko) Chrome/137.0.0.0 Mobile Safari/537.36"
126.209.78.123 - - [08/Jun/2025:11:48:59 -0400] "GET /manga/re-monster-chapter-60/ HTTP/1.1" 304 0 "https://remonster.online/manga/re-monster-chapter-59/" "Mozilla/5.0 (iPhone; CPU iPhone OS 18_5 like Mac OS X) AppleWebKit/605.1.15 (KHTML, like Gecko) Version/18.5 Mobile/15E148 Safari/604.1"
162.0.232.193 - - [08/Jun/2025:11:49:00 -0400] "POST /wp-cron.php?doing_wp_cron=1749397740.1527740955352783203125 HTTP/1.1" 200 0 "-" "WordPress/6.6.2; https://remonster.online"
126.209.78.123 - - [08/Jun/2025:11:48:59 -0400] "POST /wp-admin/admin-ajax.php HTTP/1.1" 200 69 "https://remonster.online/manga/re-monster-chapter-60/" "Mozilla/5.0 (iPhone; CPU iPhone OS 18_5 like Mac OS X) AppleWebKit/605.1.15 (KHTML, like Gecko) Version/18.5 Mobile/15E148 Safari/604.1"
114.119.157.239 - - [08/Jun/2025:11:49:47 -0400] "GET /manga/remonster-chapter-105/ HTTP/1.1" 200 18283 "https://remonster.online/manga/re-monster-chapter-58/" "Mozilla/5.0 (Linux; Android 7.0;) AppleWebKit/537.36 (KHTML, like Gecko) Mobile Safari/537.36 (compatible; PetalBot;+https://webmaster.petalsearch.com/site/petalbot)"
76.49.6.198 - - [08/Jun/2025:11:50:43 -0400] "GET /manga/re-monster-chapter-49/ HTTP/1.1" 200 17745 "https://remonster.online/manga/re-monster-chapter-48/" "Mozilla/5.0 (iPhone; CPU iPhone OS 15_6_1 like Mac OS X) AppleWebKit/605.1.15 (KHTML, like Gecko) Version/15.6.1 Mobile/15E148 Safari/604.1"
114.119.157.239 - - [08/Jun/2025:11:51:08 -0400] "GET /manga/re-monster-chapter-24/ HTTP/1.1" 200 17717 "http://remonster.online/" "Mozilla/5.0 (Linux; Android 7.0;) AppleWebKit/537.36 (KHTML, like Gecko) Mobile Safari/537.36 (compatible; PetalBot;+https://webmaster.petalsearch.com/site/petalbot)"
2001:d08:1a06:6be3:1:0:3541:baf8 - - [08/Jun/2025:11:51:08 -0400] "GET /manga/re-monster-chapter-49/ HTTP/1.1" 200 17745 "https://remonster.online/manga/re-monster-chapter-48/" "Mozilla/5.0 (Linux; Android 10; K) AppleWebKit/537.36 (KHTML, like Gecko) Chrome/137.0.0.0 Mobile Safari/537.36"
2001:d08:1a06:6be3:1:0:3541:baf8 - - [08/Jun/2025:11:51:09 -0400] "GET /manga/re-monster-chapter-49/ HTTP/1.1" 304 0 "https://remonster.online/manga/re-monster-chapter-48/" "Mozilla/5.0 (Linux; Android 10; K) AppleWebKit/537.36 (KHTML, like Gecko) Chrome/137.0.0.0 Mobile Safari/537.36"
2a09:bac5:3a26:25b9::3c2:3c - - [08/Jun/2025:11:51:34 -0400] "GET /manga/re-monster-chapter-30/ HTTP/1.1" 200 15864 "https://remonster.online/manga/re-monster-chapter-29/" "Mozilla/5.0 (iPhone; CPU iPhone OS 17_6_1 like Mac OS X) AppleWebKit/605.1.15 (KHTML, like Gecko) Version/17.6 Mobile/15E148 Safari/604.1"
162.0.232.193 - - [08/Jun/2025:11:51:35 -0400] "POST /wp-cron.php?doing_wp_cron=1749397894.9979829788208007812500 HTTP/1.1" 200 0 "-" "WordPress/6.6.2; https://remonster.online"
2a09:bac5:3a26:25b9::3c2:3c - - [08/Jun/2025:11:51:34 -0400] "POST /wp-admin/admin-ajax.php HTTP/1.1" 200 69 "https://remonster.online/manga/re-monster-chapter-30/" "Mozilla/5.0 (iPhone; CPU iPhone OS 17_6_1 like Mac OS X) AppleWebKit/605.1.15 (KHTML, like Gecko) Version/17.6 Mobile/15E148 Safari/604.1"
103.111.32.218 - - [08/Jun/2025:11:51:39 -0400] "GET /manga/re-monster-chapter-66/ HTTP/1.1" 200 18320 "https://remonster.online/manga/re-monster-chapter-65/" "Mozilla/5.0 (iPhone; CPU iPhone OS 18_5_0 like Mac OS X) AppleWebKit/605.1.15 (KHTML, like Gecko) GSA/371.0.763199552 Mobile/15E148 Safari/604.1"
103.111.32.218 - - [08/Jun/2025:11:51:39 -0400] "POST /wp-admin/admin-ajax.php HTTP/1.1" 200 69 "https://remonster.online/manga/re-monster-chapter-66/" "Mozilla/5.0 (iPhone; CPU iPhone OS 18_5_0 like Mac OS X) AppleWebKit/605.1.15 (KHTML, like Gecko) GSA/371.0.763199552 Mobile/15E148 Safari/604.1"
91.242.162.3 - - [08/Jun/2025:11:51:51 -0400] "GET /manga/re-monster-chapter-20 HTTP/1.1" 301 0 "-" "Mozilla/5.0 (compatible; Qwantbot/1.0_3659666; +https://help.qwant.com/bot/)"
91.242.162.3 - - [08/Jun/2025:11:51:52 -0400] "GET /manga/re-monster-chapter-20/ HTTP/1.1" 200 15957 "https://remonster.online/manga/re-monster-chapter-20" "Mozilla/5.0 (compatible; Qwantbot/1.0_3659666; +https://help.qwant.com/bot/)"
76.49.6.198 - - [08/Jun/2025:11:52:11 -0400] "GET /manga/re-monster-chapter-50/ HTTP/1.1" 200 17369 "https://remonster.online/manga/re-monster-chapter-49/" "Mozilla/5.0 (iPhone; CPU iPhone OS 15_6_1 like Mac OS X) AppleWebKit/605.1.15 (KHTML, like Gecko) Version/15.6.1 Mobile/15E148 Safari/604.1"
64.224.122.42 - - [08/Jun/2025:11:52:32 -0400] "GET /manga/re-monster-chapter-73/ HTTP/1.1" 304 0 "https://remonster.online/manga/re-monster-chapter-74/" "Mozilla/5.0 (Linux; Android 10; K) AppleWebKit/537.36 (KHTML, like Gecko) Chrome/137.0.0.0 Mobile Safari/537.36"
64.224.122.42 - - [08/Jun/2025:11:52:33 -0400] "GET /manga/remonster-chapter-75/ HTTP/1.1" 200 17408 "https://remonster.online/manga/re-monster-chapter-74/" "Mozilla/5.0 (Linux; Android 10; K) AppleWebKit/537.36 (KHTML, like Gecko) Chrome/137.0.0.0 Mobile Safari/537.36"
64.224.122.42 - - [08/Jun/2025:11:52:33 -0400] "GET /manga/remonster-chapter-75/ HTTP/1.1" 304 0 "https://remonster.online/manga/re-monster-chapter-74/" "Mozilla/5.0 (Linux; Android 10; K) AppleWebKit/537.36 (KHTML, like Gecko) Chrome/137.0.0.0 Mobile Safari/537.36"
2a01:599:106:4445:6918:933:c729:86d - - [08/Jun/2025:11:52:43 -0400] "GET /manga/re-monster-chapter-69/ HTTP/1.1" 200 17977 "https://remonster.online/manga/re-monster-chapter-68/" "Mozilla/5.0 (iPhone; CPU iPhone OS 16_7_11 like Mac OS X) AppleWebKit/605.1.15 (KHTML, like Gecko) Version/16.6.1 Mobile/15E148 Safari/604.1"
69.79.197.195 - - [08/Jun/2025:11:53:10 -0400] "GET /manga/re-monster-chapter-19/ HTTP/1.1" 200 18473 "https://remonster.online/manga/re-monster-chapter-18/" "Mozilla/5.0 (iPhone; CPU iPhone OS 18_0 like Mac OS X) AppleWebKit/605.1.15 (KHTML, like Gecko) Version/18.0 Mobile/15E148 Safari/604.1"
162.0.232.193 - - [08/Jun/2025:11:53:11 -0400] "POST /wp-cron.php?doing_wp_cron=1749397991.3988180160522460937500 HTTP/1.1" 200 0 "-" "WordPress/6.6.2; https://remonster.online"
69.79.197.195 - - [08/Jun/2025:11:53:11 -0400] "POST /wp-admin/admin-ajax.php HTTP/1.1" 200 69 "https://remonster.online/manga/re-monster-chapter-19/" "Mozilla/5.0 (iPhone; CPU iPhone OS 18_0 like Mac OS X) AppleWebKit/605.1.15 (KHTML, like Gecko) Version/18.0 Mobile/15E148 Safari/604.1"
2409:40f0:39:99b5:309a:5109:f58e:b458 - - [08/Jun/2025:11:53:50 -0400] "GET / HTTP/1.1" 200 10863 "https://www.google.com/" "Mozilla/5.0 (Macintosh; Intel Mac OS X 10_15_7) AppleWebKit/605.1.15 (KHTML, like Gecko) Version/18.5 Safari/605.1.15"
2409:40f0:39:99b5:309a:5109:f58e:b458 - - [08/Jun/2025:11:53:52 -0400] "GET /wp-content/themes/toivo-lite/fonts/genericons/genericons/Genericons.svg HTTP/1.1" 200 23714 "https://remonster.online/" "Mozilla/5.0 (Macintosh; Intel Mac OS X 10_15_7) AppleWebKit/605.1.15 (KHTML, like Gecko) Version/18.5 Safari/605.1.15"
2409:40f0:39:99b5:309a:5109:f58e:b458 - - [08/Jun/2025:11:54:01 -0400] "GET /manga/re-monster-chapter-20/ HTTP/1.1" 200 15957 "https://remonster.online/" "Mozilla/5.0 (Macintosh; Intel Mac OS X 10_15_7) AppleWebKit/605.1.15 (KHTML, like Gecko) Version/18.5 Safari/605.1.15"
2409:40f0:39:99b5:309a:5109:f58e:b458 - - [08/Jun/2025:11:54:02 -0400] "GET /wp-content/plugins/simple-social-buttons/assets/fonts/ssb-icon.ttf?eahqa2 HTTP/1.1" 200 6624 "https://remonster.online/" "Mozilla/5.0 (Macintosh; Intel Mac OS X 10_15_7) AppleWebKit/605.1.15 (KHTML, like Gecko) Version/18.5 Safari/605.1.15"
76.49.6.198 - - [08/Jun/2025:11:54:14 -0400] "GET /manga/re-monster-chapter-51/ HTTP/1.1" 200 17557 "https://remonster.online/manga/re-monster-chapter-50/" "Mozilla/5.0 (iPhone; CPU iPhone OS 15_6_1 like Mac OS X) AppleWebKit/605.1.15 (KHTML, like Gecko) Version/15.6.1 Mobile/15E148 Safari/604.1"
162.0.232.193 - - [08/Jun/2025:11:54:32 -0400] "POST /wp-cron.php?doing_wp_cron=1749398072.5673561096191406250000 HTTP/1.1" 200 0 "-" "WordPress/6.6.2; https://remonster.online"
149.40.62.3 - - [08/Jun/2025:11:54:32 -0400] "POST /wp-admin/admin-ajax.php HTTP/1.1" 200 69 "https://remonster.online/manga/re-monster-chapter-24/" "Mozilla/5.0 (Linux; Android 10; K) AppleWebKit/537.36 (KHTML, like Gecko) Chrome/115.0.0.0 Mobile Safari/537.36"
119.94.160.37 - - [08/Jun/2025:11:54:38 -0400] "GET /manga/remonster-chapter-77/ HTTP/1.1" 200 17437 "https://remonster.online/manga/remonster-chapter-76/" "Mozilla/5.0 (Linux; Android 10; K) AppleWebKit/537.36 (KHTML, like Gecko) Chrome/137.0.0.0 Mobile Safari/537.36"
119.94.160.37 - - [08/Jun/2025:11:54:38 -0400] "GET /manga/remonster-chapter-77/ HTTP/1.1" 304 0 "https://remonster.online/manga/remonster-chapter-76/" "Mozilla/5.0 (Linux; Android 10; K) AppleWebKit/537.36 (KHTML, like Gecko) Chrome/137.0.0.0 Mobile Safari/537.36"
2409:40f0:39:99b5:309a:5109:f58e:b458 - - [08/Jun/2025:11:54:57 -0400] "GET /manga/re-monster-chapter-40/ HTTP/1.1" 200 16593 "https://remonster.online/" "Mozilla/5.0 (Macintosh; Intel Mac OS X 10_15_7) AppleWebKit/605.1.15 (KHTML, like Gecko) Version/18.5 Safari/605.1.15"
2a09:bac5:3a20:1028::19c:58 - - [08/Jun/2025:11:55:03 -0400] "GET /manga/re-monster-chapter-31/ HTTP/1.1" 200 17346 "https://remonster.online/manga/re-monster-chapter-30/" "Mozilla/5.0 (iPhone; CPU iPhone OS 17_6_1 like Mac OS X) AppleWebKit/605.1.15 (KHTML, like Gecko) Version/17.6 Mobile/15E148 Safari/604.1"
40.77.167.69 - - [08/Jun/2025:11:55:08 -0400] "GET / HTTP/1.1" 200 10863 "-" "Mozilla/5.0 AppleWebKit/537.36 (KHTML, like Gecko; compatible; bingbot/2.0; +http://www.bing.com/bingbot.htm) Chrome/116.0.1938.76 Safari/537.36"
43.159.145.149 - - [08/Jun/2025:11:55:12 -0400] "GET /xmlrpc.php?rsd HTTP/1.1" 200 294 "-" "Mozilla/5.0 (iPhone; CPU iPhone OS 13_2_3 like Mac OS X) AppleWebKit/605.1.15 (KHTML, like Gecko) Version/13.0.3 Mobile/15E148 Safari/604.1"
76.49.6.198 - - [08/Jun/2025:11:55:29 -0400] "GET /manga/re-monster-chapter-52/ HTTP/1.1" 200 17811 "https://remonster.online/manga/re-monster-chapter-51/" "Mozilla/5.0 (iPhone; CPU iPhone OS 15_6_1 like Mac OS X) AppleWebKit/605.1.15 (KHTML, like Gecko) Version/15.6.1 Mobile/15E148 Safari/604.1"
162.0.232.193 - - [08/Jun/2025:11:55:31 -0400] "POST /wp-cron.php?doing_wp_cron=1749398131.2936689853668212890625 HTTP/1.1" 200 0 "-" "WordPress/6.6.2; https://remonster.online"
76.49.6.198 - - [08/Jun/2025:11:55:30 -0400] "POST /wp-admin/admin-ajax.php HTTP/1.1" 200 69 "https://remonster.online/manga/re-monster-chapter-52/" "Mozilla/5.0 (iPhone; CPU iPhone OS 15_6_1 like Mac OS X) AppleWebKit/605.1.15 (KHTML, like Gecko) Version/15.6.1 Mobile/15E148 Safari/604.1"
185.191.171.16 - - [08/Jun/2025:11:55:38 -0400] "GET /remonster-chapter-103/ HTTP/1.1" 200 13226 "-" "Mozilla/5.0 (compatible; SemrushBot/7~bl; +http://www.semrush.com/bot.html)"
2001:f40:974:22a6:9c62:f683:d86b:55ca - - [08/Jun/2025:11:55:38 -0400] "POST /wp-admin/admin-ajax.php HTTP/1.1" 200 69 "https://remonster.online/manga/re-monster-chapter-62/" "Mozilla/5.0 (iPhone; CPU iPhone OS 18_5 like Mac OS X) AppleWebKit/605.1.15 (KHTML, like Gecko) Version/18.5 Mobile/15E148 Safari/604.1"
76.49.6.198 - - [08/Jun/2025:11:56:22 -0400] "GET /manga/re-monster-chapter-53/ HTTP/1.1" 200 17371 "https://remonster.online/manga/re-monster-chapter-52/" "Mozilla/5.0 (iPhone; CPU iPhone OS 15_6_1 like Mac OS X) AppleWebKit/605.1.15 (KHTML, like Gecko) Version/15.6.1 Mobile/15E148 Safari/604.1"
2600:387:5:803::77 - - [08/Jun/2025:11:56:30 -0400] "GET / HTTP/1.1" 200 10813 "https://www.google.com/" "Mozilla/5.0 (iPhone; CPU iPhone OS 18_5 like Mac OS X) AppleWebKit/605.1.15 (KHTML, like Gecko) Version/18.5 Mobile/15E148 Safari/604.1"
162.0.232.193 - - [08/Jun/2025:11:56:34 -0400] "POST /wp-cron.php?doing_wp_cron=1749398194.8459429740905761718750 HTTP/1.1" 200 0 "-" "WordPress/6.6.2; https://remonster.online"
2001:861:2c31:9130:cdb0:b2ff:eed9:3e5f - - [08/Jun/2025:11:56:34 -0400] "POST /wp-admin/admin-ajax.php HTTP/1.1" 200 69 "https://remonster.online/manga/re-monster-chapter-51/" "Mozilla/5.0 (Windows NT 10.0; Win64; x64) AppleWebKit/537.36 (KHTML, like Gecko) Chrome/137.0.0.0 Safari/537.36"
173.34.243.231 - - [08/Jun/2025:11:57:03 -0400] "GET / HTTP/1.1" 200 10813 "https://www.google.com/" "Mozilla/5.0 (Linux; Android 10; K) AppleWebKit/537.36 (KHTML, like Gecko) SamsungBrowser/28.0 Chrome/130.0.0.0 Mobile Safari/537.36"
126.209.78.123 - - [08/Jun/2025:11:57:07 -0400] "GET /manga/re-monster-chapter-61/ HTTP/1.1" 200 17378 "https://remonster.online/manga/re-monster-chapter-60/" "Mozilla/5.0 (iPhone; CPU iPhone OS 18_5 like Mac OS X) AppleWebKit/605.1.15 (KHTML, like Gecko) Version/18.5 Mobile/15E148 Safari/604.1"
173.34.243.231 - - [08/Jun/2025:11:57:07 -0400] "GET /manga/remonster-chapter-93/ HTTP/1.1" 200 15013 "https://remonster.online/" "Mozilla/5.0 (Linux; Android 10; K) AppleWebKit/537.36 (KHTML, like Gecko) SamsungBrowser/28.0 Chrome/130.0.0.0 Mobile Safari/537.36"
173.34.243.231 - - [08/Jun/2025:11:57:07 -0400] "GET /manga/remonster-chapter-92/ HTTP/1.1" 200 15039 "https://remonster.online/" "Mozilla/5.0 (Linux; Android 10; K) AppleWebKit/537.36 (KHTML, like Gecko) SamsungBrowser/28.0 Chrome/130.0.0.0 Mobile Safari/537.36"
173.34.243.231 - - [08/Jun/2025:11:57:10 -0400] "GET /manga/re-monster-chapter-1/ HTTP/1.1" 200 17990 "https://remonster.online/" "Mozilla/5.0 (Linux; Android 10; K) AppleWebKit/537.36 (KHTML, like Gecko) SamsungBrowser/28.0 Chrome/130.0.0.0 Mobile Safari/537.36"
76.49.6.198 - - [08/Jun/2025:11:57:10 -0400] "GET /manga/re-monster-chapter-54/ HTTP/1.1" 200 17420 "https://remonster.online/manga/re-monster-chapter-53/" "Mozilla/5.0 (iPhone; CPU iPhone OS 15_6_1 like Mac OS X) AppleWebKit/605.1.15 (KHTML, like Gecko) Version/15.6.1 Mobile/15E148 Safari/604.1"
173.34.243.231 - - [08/Jun/2025:11:57:17 -0400] "GET /manga/re-monster-chapter-2/ HTTP/1.1" 200 18137 "https://remonster.online/manga/re-monster-chapter-1/" "Mozilla/5.0 (Linux; Android 10; K) AppleWebKit/537.36 (KHTML, like Gecko) SamsungBrowser/28.0 Chrome/130.0.0.0 Mobile Safari/537.36"
173.34.243.231 - - [08/Jun/2025:11:57:31 -0400] "GET /manga/re-monster-chapter-1/ HTTP/1.1" 304 0 "https://remonster.online/manga/re-monster-chapter-2/" "Mozilla/5.0 (Linux; Android 10; K) AppleWebKit/537.36 (KHTML, like Gecko) SamsungBrowser/28.0 Chrome/130.0.0.0 Mobile Safari/537.36"
173.34.243.231 - - [08/Jun/2025:11:57:33 -0400] "GET /manga/re-monster-chapter-3/ HTTP/1.1" 200 18027 "https://remonster.online/manga/re-monster-chapter-2/" "Mozilla/5.0 (Linux; Android 10; K) AppleWebKit/537.36 (KHTML, like Gecko) SamsungBrowser/28.0 Chrome/130.0.0.0 Mobile Safari/537.36"
173.34.243.231 - - [08/Jun/2025:11:57:41 -0400] "GET /tag/gobue/ HTTP/1.1" 301 0 "https://remonster.online/manga/re-monster-chapter-3/" "Mozilla/5.0 (Linux; Android 10; K) AppleWebKit/537.36 (KHTML, like Gecko) SamsungBrowser/28.0 Chrome/130.0.0.0 Mobile Safari/537.36"
173.34.243.231 - - [08/Jun/2025:11:57:41 -0400] "GET / HTTP/1.1" 304 0 "https://remonster.online/manga/re-monster-chapter-3/" "Mozilla/5.0 (Linux; Android 10; K) AppleWebKit/537.36 (KHTML, like Gecko) SamsungBrowser/28.0 Chrome/130.0.0.0 Mobile Safari/537.36"
173.34.243.231 - - [08/Jun/2025:11:57:42 -0400] "GET /manga/re-monster-chapter-4/ HTTP/1.1" 200 18436 "https://remonster.online/manga/re-monster-chapter-3/" "Mozilla/5.0 (Linux; Android 10; K) AppleWebKit/537.36 (KHTML, like Gecko) SamsungBrowser/28.0 Chrome/130.0.0.0 Mobile Safari/537.36"
162.0.232.193 - - [08/Jun/2025:11:57:43 -0400] "POST /wp-cron.php?doing_wp_cron=1749398263.6993119716644287109375 HTTP/1.1" 200 0 "-" "WordPress/6.6.2; https://remonster.online"
173.34.243.231 - - [08/Jun/2025:11:57:43 -0400] "POST /wp-admin/admin-ajax.php HTTP/1.1" 200 47 "https://remonster.online/manga/re-monster-chapter-4/" "Mozilla/5.0 (Linux; Android 10; K) AppleWebKit/537.36 (KHTML, like Gecko) SamsungBrowser/28.0 Chrome/130.0.0.0 Mobile Safari/537.36"
173.34.243.231 - - [08/Jun/2025:11:57:58 -0400] "GET /manga/re-monster-chapter-3/ HTTP/1.1" 304 0 "https://remonster.online/manga/re-monster-chapter-4/" "Mozilla/5.0 (Linux; Android 10; K) AppleWebKit/537.36 (KHTML, like Gecko) SamsungBrowser/28.0 Chrome/130.0.0.0 Mobile Safari/537.36"
173.34.243.231 - - [08/Jun/2025:11:57:59 -0400] "GET /manga/re-monster-chapter-5/ HTTP/1.1" 200 18540 "https://remonster.online/manga/re-monster-chapter-4/" "Mozilla/5.0 (Linux; Android 10; K) AppleWebKit/537.36 (KHTML, like Gecko) SamsungBrowser/28.0 Chrome/130.0.0.0 Mobile Safari/537.36"
2601:5ca:180:6d00:39b7:585a:a16d:b900 - - [08/Jun/2025:11:57:59 -0400] "GET /manga/re-monster-chapter-2/ HTTP/1.1" 200 18157 "https://remonster.online/manga/re-monster-chapter-1/" "Mozilla/5.0 (Windows NT 10.0; Win64; x64) AppleWebKit/537.36 (KHTML, like Gecko) Chrome/134.0.0.0 Safari/537.36 OPR/119.0.0.0"
2601:5ca:180:6d00:39b7:585a:a16d:b900 - - [08/Jun/2025:11:58:00 -0400] "GET /manga/re-monster-chapter-2/ HTTP/1.1" 304 0 "https://remonster.online/manga/re-monster-chapter-1/" "Mozilla/5.0 (Windows NT 10.0; Win64; x64) AppleWebKit/537.36 (KHTML, like Gecko) Chrome/134.0.0.0 Safari/537.36 OPR/119.0.0.0"
173.34.243.231 - - [08/Jun/2025:11:58:00 -0400] "POST /wp-admin/admin-ajax.php HTTP/1.1" 200 69 "https://remonster.online/manga/re-monster-chapter-5/" "Mozilla/5.0 (Linux; Android 10; K) AppleWebKit/537.36 (KHTML, like Gecko) SamsungBrowser/28.0 Chrome/130.0.0.0 Mobile Safari/537.36"
2601:5ca:180:6d00:39b7:585a:a16d:b900 - - [08/Jun/2025:11:58:01 -0400] "GET /category/remonster-manga/ HTTP/1.1" 200 25019 "https://remonster.online/manga/re-monster-chapter-2/" "Mozilla/5.0 (Windows NT 10.0; Win64; x64) AppleWebKit/537.36 (KHTML, like Gecko) Chrome/134.0.0.0 Safari/537.36 OPR/119.0.0.0"
2601:5ca:180:6d00:39b7:585a:a16d:b900 - - [08/Jun/2025:11:58:01 -0400] "GET /category/remonster/ HTTP/1.1" 200 24979 "https://remonster.online/manga/re-monster-chapter-2/" "Mozilla/5.0 (Windows NT 10.0; Win64; x64) AppleWebKit/537.36 (KHTML, like Gecko) Chrome/134.0.0.0 Safari/537.36 OPR/119.0.0.0"
173.34.243.231 - - [08/Jun/2025:11:58:08 -0400] "GET /manga/re-monster-chapter-4/ HTTP/1.1" 304 0 "https://remonster.online/manga/re-monster-chapter-5/" "Mozilla/5.0 (Linux; Android 10; K) AppleWebKit/537.36 (KHTML, like Gecko) SamsungBrowser/28.0 Chrome/130.0.0.0 Mobile Safari/537.36"
173.34.243.231 - - [08/Jun/2025:11:58:17 -0400] "GET /manga/remonster-chapter-105/ HTTP/1.1" 200 18283 "https://remonster.online/manga/re-monster-chapter-5/" "Mozilla/5.0 (Linux; Android 10; K) AppleWebKit/537.36 (KHTML, like Gecko) SamsungBrowser/28.0 Chrome/130.0.0.0 Mobile Safari/537.36"
162.0.232.193 - - [08/Jun/2025:11:58:18 -0400] "POST /wp-cron.php?doing_wp_cron=1749398298.4715189933776855468750 HTTP/1.1" 200 0 "-" "WordPress/6.6.2; https://remonster.online"
173.34.243.231 - - [08/Jun/2025:11:58:18 -0400] "POST /wp-admin/admin-ajax.php HTTP/1.1" 200 69 "https://remonster.online/manga/remonster-chapter-105/" "Mozilla/5.0 (Linux; Android 10; K) AppleWebKit/537.36 (KHTML, like Gecko) SamsungBrowser/28.0 Chrome/130.0.0.0 Mobile Safari/537.36"
103.111.32.218 - - [08/Jun/2025:11:58:35 -0400] "GET /manga/re-monster-chapter-67/ HTTP/1.1" 200 17972 "https://remonster.online/manga/re-monster-chapter-66/" "Mozilla/5.0 (iPhone; CPU iPhone OS 18_5_0 like Mac OS X) AppleWebKit/605.1.15 (KHTML, like Gecko) GSA/371.0.763199552 Mobile/15E148 Safari/604.1"
162.0.232.193 - - [08/Jun/2025:11:58:35 -0400] "POST /wp-cron.php?doing_wp_cron=1749398315.4627339839935302734375 HTTP/1.1" 200 0 "-" "WordPress/6.6.2; https://remonster.online"
103.111.32.218 - - [08/Jun/2025:11:58:35 -0400] "POST /wp-admin/admin-ajax.php HTTP/1.1" 200 69 "https://remonster.online/manga/re-monster-chapter-67/" "Mozilla/5.0 (iPhone; CPU iPhone OS 18_5_0 like Mac OS X) AppleWebKit/605.1.15 (KHTML, like Gecko) GSA/371.0.763199552 Mobile/15E148 Safari/604.1"
173.34.243.231 - - [08/Jun/2025:11:58:40 -0400] "GET /manga/remonster-chapter-104/ HTTP/1.1" 200 18582 "https://remonster.online/manga/remonster-chapter-105/" "Mozilla/5.0 (Linux; Android 10; K) AppleWebKit/537.36 (KHTML, like Gecko) SamsungBrowser/28.0 Chrome/130.0.0.0 Mobile Safari/537.36"
76.49.6.198 - - [08/Jun/2025:11:58:41 -0400] "GET /manga/re-monster-chapter-55/ HTTP/1.1" 200 17452 "https://remonster.online/manga/re-monster-chapter-54/" "Mozilla/5.0 (iPhone; CPU iPhone OS 15_6_1 like Mac OS X) AppleWebKit/605.1.15 (KHTML, like Gecko) Version/15.6.1 Mobile/15E148 Safari/604.1"
77.237.15.242 - - [08/Jun/2025:11:58:45 -0400] "GET /manga/remonster-chapter-92/ HTTP/1.1" 200 15013 "https://www.google.com/" "Mozilla/5.0 (Windows NT 10.0; Win64; x64) AppleWebKit/537.36 (KHTML, like Gecko) Chrome/137.0.0.0 Safari/537.36"
77.237.15.242 - - [08/Jun/2025:11:58:47 -0400] "GET /manga/ HTTP/1.1" 301 0 "https://remonster.online/manga/remonster-chapter-92/" "Mozilla/5.0 (Windows NT 10.0; Win64; x64) AppleWebKit/537.36 (KHTML, like Gecko) Chrome/137.0.0.0 Safari/537.36"
77.237.15.242 - - [08/Jun/2025:11:58:47 -0400] "GET / HTTP/1.1" 200 10863 "https://remonster.online/manga/remonster-chapter-92/" "Mozilla/5.0 (Windows NT 10.0; Win64; x64) AppleWebKit/537.36 (KHTML, like Gecko) Chrome/137.0.0.0 Safari/537.36"
77.237.15.242 - - [08/Jun/2025:11:58:48 -0400] "GET / HTTP/1.1" 304 0 "https://remonster.online/manga/remonster-chapter-92/" "Mozilla/5.0 (Windows NT 10.0; Win64; x64) AppleWebKit/537.36 (KHTML, like Gecko) Chrome/137.0.0.0 Safari/537.36"
77.237.15.242 - - [08/Jun/2025:11:58:50 -0400] "GET / HTTP/1.1" 304 0 "https://remonster.online/manga/remonster-chapter-92/" "Mozilla/5.0 (Windows NT 10.0; Win64; x64) AppleWebKit/537.36 (KHTML, like Gecko) Chrome/137.0.0.0 Safari/537.36"
77.237.15.242 - - [08/Jun/2025:11:58:50 -0400] "GET /manga/re-monster-chapter-1/ HTTP/1.1" 200 18379 "https://remonster.online/" "Mozilla/5.0 (Windows NT 10.0; Win64; x64) AppleWebKit/537.36 (KHTML, like Gecko) Chrome/137.0.0.0 Safari/537.36"
173.34.243.231 - - [08/Jun/2025:11:59:04 -0400] "GET /tag/volume/ HTTP/1.1" 301 0 "https://remonster.online/manga/remonster-chapter-104/" "Mozilla/5.0 (Linux; Android 10; K) AppleWebKit/537.36 (KHTML, like Gecko) SamsungBrowser/28.0 Chrome/130.0.0.0 Mobile Safari/537.36"
173.34.243.231 - - [08/Jun/2025:11:59:05 -0400] "GET / HTTP/1.1" 304 0 "https://remonster.online/manga/remonster-chapter-104/" "Mozilla/5.0 (Linux; Android 10; K) AppleWebKit/537.36 (KHTML, like Gecko) SamsungBrowser/28.0 Chrome/130.0.0.0 Mobile Safari/537.36"
173.34.243.231 - - [08/Jun/2025:11:59:05 -0400] "GET /manga/remonster-chapter-103/ HTTP/1.1" 200 15069 "https://remonster.online/manga/remonster-chapter-104/" "Mozilla/5.0 (Linux; Android 10; K) AppleWebKit/537.36 (KHTML, like Gecko) SamsungBrowser/28.0 Chrome/130.0.0.0 Mobile Safari/537.36"
64.224.122.42 - - [08/Jun/2025:11:59:16 -0400] "GET /category/remonster/ HTTP/1.1" 304 0 "https://remonster.online/manga/remonster-chapter-75/" "Mozilla/5.0 (Linux; Android 10; K) AppleWebKit/537.36 (KHTML, like Gecko) Chrome/137.0.0.0 Mobile Safari/537.36"
64.224.122.42 - - [08/Jun/2025:11:59:16 -0400] "GET /manga/re-monster-chapter-74/ HTTP/1.1" 304 0 "https://remonster.online/manga/remonster-chapter-75/" "Mozilla/5.0 (Linux; Android 10; K) AppleWebKit/537.36 (KHTML, like Gecko) Chrome/137.0.0.0 Mobile Safari/537.36"
64.224.122.42 - - [08/Jun/2025:11:59:16 -0400] "GET /manga/remonster-chapter-76/ HTTP/1.1" 200 17400 "https://remonster.online/manga/remonster-chapter-75/" "Mozilla/5.0 (Linux; Android 10; K) AppleWebKit/537.36 (KHTML, like Gecko) Chrome/137.0.0.0 Mobile Safari/537.36"
64.224.122.42 - - [08/Jun/2025:11:59:17 -0400] "GET /manga/remonster-chapter-76/ HTTP/1.1" 304 0 "https://remonster.online/manga/remonster-chapter-75/" "Mozilla/5.0 (Linux; Android 10; K) AppleWebKit/537.36 (KHTML, like Gecko) Chrome/137.0.0.0 Mobile Safari/537.36"
173.34.243.231 - - [08/Jun/2025:11:59:18 -0400] "GET /manga/remonster-chapter-103/ HTTP/1.1" 304 0 "https://remonster.online/manga/remonster-chapter-104/" "Mozilla/5.0 (Linux; Android 10; K) AppleWebKit/537.36 (KHTML, like Gecko) SamsungBrowser/28.0 Chrome/130.0.0.0 Mobile Safari/537.36"
173.34.243.231 - - [08/Jun/2025:11:59:25 -0400] "GET /manga/remonster-chapter-102/ HTTP/1.1" 200 14861 "https://remonster.online/manga/remonster-chapter-103/" "Mozilla/5.0 (Linux; Android 10; K) AppleWebKit/537.36 (KHTML, like Gecko) SamsungBrowser/28.0 Chrome/130.0.0.0 Mobile Safari/537.36"
173.34.243.231 - - [08/Jun/2025:11:59:30 -0400] "GET /tag/remonster-chapter-102-manga-scan/ HTTP/1.1" 301 0 "https://remonster.online/manga/remonster-chapter-102/" "Mozilla/5.0 (Linux; Android 10; K) AppleWebKit/537.36 (KHTML, like Gecko) SamsungBrowser/28.0 Chrome/130.0.0.0 Mobile Safari/537.36"
76.49.6.198 - - [08/Jun/2025:11:59:54 -0400] "GET /manga/re-monster-chapter-56/ HTTP/1.1" 200 17392 "https://remonster.online/manga/re-monster-chapter-55/" "Mozilla/5.0 (iPhone; CPU iPhone OS 15_6_1 like Mac OS X) AppleWebKit/605.1.15 (KHTML, like Gecko) Version/15.6.1 Mobile/15E148 Safari/604.1"
175.176.38.130 - - [08/Jun/2025:12:00:25 -0400] "GET /manga/re-monster-chapter-52/ HTTP/1.1" 200 17811 "https://remonster.online/manga/re-monster-chapter-51/" "Mozilla/5.0 (Linux; Android 10; K) AppleWebKit/537.36 (KHTML, like Gecko) SamsungBrowser/28.0 Chrome/130.0.0.0 Mobile Safari/537.36"
162.0.232.193 - - [08/Jun/2025:12:00:27 -0400] "POST /wp-cron.php?doing_wp_cron=1749398427.7381930351257324218750 HTTP/1.1" 200 0 "-" "WordPress/6.6.2; https://remonster.online"
175.176.38.130 - - [08/Jun/2025:12:00:27 -0400] "POST /wp-admin/admin-ajax.php HTTP/1.1" 200 69 "https://remonster.online/manga/re-monster-chapter-52/" "Mozilla/5.0 (Linux; Android 10; K) AppleWebKit/537.36 (KHTML, like Gecko) SamsungBrowser/28.0 Chrome/130.0.0.0 Mobile Safari/537.36"
76.49.6.198 - - [08/Jun/2025:12:00:58 -0400] "GET /manga/re-monster-chapter-57/ HTTP/1.1" 200 17451 "https://remonster.online/manga/re-monster-chapter-56/" "Mozilla/5.0 (iPhone; CPU iPhone OS 15_6_1 like Mac OS X) AppleWebKit/605.1.15 (KHTML, like Gecko) Version/15.6.1 Mobile/15E148 Safari/604.1"
2a09:bac5:3a20:1028::19c:58 - - [08/Jun/2025:12:01:08 -0400] "GET /manga/re-monster-chapter-32/ HTTP/1.1" 200 17364 "https://remonster.online/manga/re-monster-chapter-31/" "Mozilla/5.0 (iPhone; CPU iPhone OS 17_6_1 like Mac OS X) AppleWebKit/605.1.15 (KHTML, like Gecko) Version/17.6 Mobile/15E148 Safari/604.1"
76.49.6.198 - - [08/Jun/2025:12:02:03 -0400] "GET /manga/re-monster-chapter-58/ HTTP/1.1" 200 17390 "https://remonster.online/manga/re-monster-chapter-57/" "Mozilla/5.0 (iPhone; CPU iPhone OS 15_6_1 like Mac OS X) AppleWebKit/605.1.15 (KHTML, like Gecko) Version/15.6.1 Mobile/15E148 Safari/604.1"
119.94.160.37 - - [08/Jun/2025:12:02:18 -0400] "GET /manga/remonster-chapter-76/ HTTP/1.1" 304 0 "https://remonster.online/manga/remonster-chapter-77/" "Mozilla/5.0 (Linux; Android 10; K) AppleWebKit/537.36 (KHTML, like Gecko) Chrome/137.0.0.0 Mobile Safari/537.36"
119.94.160.37 - - [08/Jun/2025:12:02:18 -0400] "GET /manga/remonster-chapter-78/ HTTP/1.1" 200 16749 "https://remonster.online/manga/remonster-chapter-77/" "Mozilla/5.0 (Linux; Android 10; K) AppleWebKit/537.36 (KHTML, like Gecko) Chrome/137.0.0.0 Mobile Safari/537.36"
119.94.160.37 - - [08/Jun/2025:12:02:18 -0400] "GET /manga/remonster-chapter-78/ HTTP/1.1" 304 0 "https://remonster.online/manga/remonster-chapter-77/" "Mozilla/5.0 (Linux; Android 10; K) AppleWebKit/537.36 (KHTML, like Gecko) Chrome/137.0.0.0 Mobile Safari/537.36"
76.49.6.198 - - [08/Jun/2025:12:02:22 -0400] "GET /manga/re-monster-chapter-59/ HTTP/1.1" 200 17413 "https://remonster.online/manga/re-monster-chapter-58/" "Mozilla/5.0 (iPhone; CPU iPhone OS 15_6_1 like Mac OS X) AppleWebKit/605.1.15 (KHTML, like Gecko) Version/15.6.1 Mobile/15E148 Safari/604.1"
121.101.185.62 - - [08/Jun/2025:12:02:54 -0400] "GET /manga/re-monster-chapter-17/ HTTP/1.1" 200 17370 "https://www.google.com/" "Mozilla/5.0 (Linux; Android 10; K) AppleWebKit/537.36 (KHTML, like Gecko) Chrome/137.0.0.0 Mobile Safari/537.36"
76.49.6.198 - - [08/Jun/2025:12:03:04 -0400] "GET /manga/re-monster-chapter-60/ HTTP/1.1" 200 17841 "https://remonster.online/manga/re-monster-chapter-59/" "Mozilla/5.0 (iPhone; CPU iPhone OS 15_6_1 like Mac OS X) AppleWebKit/605.1.15 (KHTML, like Gecko) Version/15.6.1 Mobile/15E148 Safari/604.1"
172.248.161.2 - - [08/Jun/2025:12:03:04 -0400] "GET /manga/re-monster-chapter-17/ HTTP/1.1" 200 17370 "https://www.google.com/" "Mozilla/5.0 (Linux; Android 15; Pixel 9 Pro Fold Build/BP1A.250505.005) AppleWebKit/537.36 (KHTML, like Gecko) Chrome/136.0.7103.127 Mobile Safari/537.36 OPX/2.8"
162.0.232.193 - - [08/Jun/2025:12:03:04 -0400] "POST /wp-cron.php?doing_wp_cron=1749398584.6647729873657226562500 HTTP/1.1" 200 0 "-" "WordPress/6.6.2; https://remonster.online"
76.49.6.198 - - [08/Jun/2025:12:03:04 -0400] "POST /wp-admin/admin-ajax.php HTTP/1.1" 200 69 "https://remonster.online/manga/re-monster-chapter-60/" "Mozilla/5.0 (iPhone; CPU iPhone OS 15_6_1 like Mac OS X) AppleWebKit/605.1.15 (KHTML, like Gecko) Version/15.6.1 Mobile/15E148 Safari/604.1"
98.111.115.27 - - [08/Jun/2025:12:03:24 -0400] "GET /manga/remonster-chapter-90/ HTTP/1.1" 200 14179 "-" "Mozilla/5.0 (Windows NT 10.0; Win64; x64; rv:139.0) Gecko/20100101 Firefox/139.0"
2601:5ca:180:6d00:39b7:585a:a16d:b900 - - [08/Jun/2025:12:03:28 -0400] "GET /manga/re-monster-chapter-3/ HTTP/1.1" 200 18043 "https://remonster.online/manga/re-monster-chapter-2/" "Mozilla/5.0 (Windows NT 10.0; Win64; x64) AppleWebKit/537.36 (KHTML, like Gecko) Chrome/134.0.0.0 Safari/537.36 OPR/119.0.0.0"
2601:5ca:180:6d00:39b7:585a:a16d:b900 - - [08/Jun/2025:12:03:35 -0400] "GET /manga/remonster-chapter-106/ HTTP/1.1" 200 14266 "https://remonster.online/manga/re-monster-chapter-2/" "Mozilla/5.0 (Windows NT 10.0; Win64; x64) AppleWebKit/537.36 (KHTML, like Gecko) Chrome/134.0.0.0 Safari/537.36 OPR/119.0.0.0"
2601:5ca:180:6d00:39b7:585a:a16d:b900 - - [08/Jun/2025:12:03:36 -0400] "GET /manga/re-monster-chapter-3/ HTTP/1.1" 304 0 "https://remonster.online/manga/re-monster-chapter-2/" "Mozilla/5.0 (Windows NT 10.0; Win64; x64) AppleWebKit/537.36 (KHTML, like Gecko) Chrome/134.0.0.0 Safari/537.36 OPR/119.0.0.0"
64.224.122.42 - - [08/Jun/2025:12:04:23 -0400] "GET /manga/remonster-chapter-75/ HTTP/1.1" 304 0 "https://remonster.online/manga/remonster-chapter-76/" "Mozilla/5.0 (Linux; Android 10; K) AppleWebKit/537.36 (KHTML, like Gecko) Chrome/137.0.0.0 Mobile Safari/537.36"
64.224.122.42 - - [08/Jun/2025:12:04:23 -0400] "GET /manga/remonster-chapter-77/ HTTP/1.1" 200 17437 "https://remonster.online/manga/remonster-chapter-76/" "Mozilla/5.0 (Linux; Android 10; K) AppleWebKit/537.36 (KHTML, like Gecko) Chrome/137.0.0.0 Mobile Safari/537.36"
64.224.122.42 - - [08/Jun/2025:12:04:24 -0400] "GET /manga/remonster-chapter-77/ HTTP/1.1" 304 0 "https://remonster.online/manga/remonster-chapter-76/" "Mozilla/5.0 (Linux; Android 10; K) AppleWebKit/537.36 (KHTML, like Gecko) Chrome/137.0.0.0 Mobile Safari/537.36"
76.49.6.198 - - [08/Jun/2025:12:04:40 -0400] "GET /manga/re-monster-chapter-61/ HTTP/1.1" 200 17378 "https://remonster.online/manga/re-monster-chapter-60/" "Mozilla/5.0 (iPhone; CPU iPhone OS 15_6_1 like Mac OS X) AppleWebKit/605.1.15 (KHTML, like Gecko) Version/15.6.1 Mobile/15E148 Safari/604.1"
170.106.84.136 - - [08/Jun/2025:12:04:42 -0400] "GET /manga/re-monster-chapter-60/ HTTP/1.1" 200 17841 "-" "Mozilla/5.0 (iPhone; CPU iPhone OS 13_2_3 like Mac OS X) AppleWebKit/605.1.15 (KHTML, like Gecko) Version/13.0.3 Mobile/15E148 Safari/604.1"
192.252.136.7 - - [08/Jun/2025:12:05:21 -0400] "GET /manga/re-monster-chapter-23/ HTTP/1.1" 200 16720 "https://remonster.online/manga/re-monster-chapter-22/" "Mozilla/5.0 (Macintosh; Intel Mac OS X 10_15_7) AppleWebKit/605.1.15 (KHTML, like Gecko) Version/18.5 Safari/605.1.15"
162.0.232.193 - - [08/Jun/2025:12:05:22 -0400] "POST /wp-cron.php?doing_wp_cron=1749398722.7273120880126953125000 HTTP/1.1" 200 0 "-" "WordPress/6.6.2; https://remonster.online"
192.252.136.7 - - [08/Jun/2025:12:05:22 -0400] "POST /wp-admin/admin-ajax.php HTTP/1.1" 200 69 "https://remonster.online/manga/re-monster-chapter-23/" "Mozilla/5.0 (Macintosh; Intel Mac OS X 10_15_7) AppleWebKit/605.1.15 (KHTML, like Gecko) Version/18.5 Safari/605.1.15"
2a09:bac5:3a20:1028::19c:58 - - [08/Jun/2025:12:05:43 -0400] "GET /manga/re-monster-chapter-33/ HTTP/1.1" 200 17722 "https://remonster.online/manga/re-monster-chapter-32/" "Mozilla/5.0 (iPhone; CPU iPhone OS 17_6_1 like Mac OS X) AppleWebKit/605.1.15 (KHTML, like Gecko) Version/17.6 Mobile/15E148 Safari/604.1"
76.49.6.198 - - [08/Jun/2025:12:05:55 -0400] "GET /manga/re-monster-chapter-62/ HTTP/1.1" 200 17804 "https://remonster.online/manga/re-monster-chapter-61/" "Mozilla/5.0 (iPhone; CPU iPhone OS 15_6_1 like Mac OS X) AppleWebKit/605.1.15 (KHTML, like Gecko) Version/15.6.1 Mobile/15E148 Safari/604.1"
162.0.232.193 - - [08/Jun/2025:12:05:56 -0400] "POST /wp-cron.php?doing_wp_cron=1749398756.6730990409851074218750 HTTP/1.1" 200 0 "-" "WordPress/6.6.2; https://remonster.online"
119.94.160.37 - - [08/Jun/2025:12:05:56 -0400] "GET /manga/remonster-chapter-79/ HTTP/1.1" 200 17830 "https://remonster.online/manga/remonster-chapter-78/" "Mozilla/5.0 (Linux; Android 10; K) AppleWebKit/537.36 (KHTML, like Gecko) Chrome/137.0.0.0 Mobile Safari/537.36"
119.94.160.37 - - [08/Jun/2025:12:05:57 -0400] "GET /manga/remonster-chapter-79/ HTTP/1.1" 304 0 "https://remonster.online/manga/remonster-chapter-78/" "Mozilla/5.0 (Linux; Android 10; K) AppleWebKit/537.36 (KHTML, like Gecko) Chrome/137.0.0.0 Mobile Safari/537.36"
76.49.6.198 - - [08/Jun/2025:12:05:56 -0400] "POST /wp-admin/admin-ajax.php HTTP/1.1" 200 69 "https://remonster.online/manga/re-monster-chapter-62/" "Mozilla/5.0 (iPhone; CPU iPhone OS 15_6_1 like Mac OS X) AppleWebKit/605.1.15 (KHTML, like Gecko) Version/15.6.1 Mobile/15E148 Safari/604.1"
76.49.6.198 - - [08/Jun/2025:12:06:51 -0400] "GET /manga/re-monster-chapter-63/ HTTP/1.1" 200 17802 "https://remonster.online/manga/re-monster-chapter-62/" "Mozilla/5.0 (iPhone; CPU iPhone OS 15_6_1 like Mac OS X) AppleWebKit/605.1.15 (KHTML, like Gecko) Version/15.6.1 Mobile/15E148 Safari/604.1"
162.0.232.193 - - [08/Jun/2025:12:06:52 -0400] "POST /wp-cron.php?doing_wp_cron=1749398812.4987549781799316406250 HTTP/1.1" 200 0 "-" "WordPress/6.6.2; https://remonster.online"
76.49.6.198 - - [08/Jun/2025:12:06:52 -0400] "POST /wp-admin/admin-ajax.php HTTP/1.1" 200 69 "https://remonster.online/manga/re-monster-chapter-63/" "Mozilla/5.0 (iPhone; CPU iPhone OS 15_6_1 like Mac OS X) AppleWebKit/605.1.15 (KHTML, like Gecko) Version/15.6.1 Mobile/15E148 Safari/604.1"
69.79.197.195 - - [08/Jun/2025:12:06:55 -0400] "GET /manga/re-monster-chapter-20/ HTTP/1.1" 200 15974 "https://remonster.online/manga/re-monster-chapter-19/" "Mozilla/5.0 (iPhone; CPU iPhone OS 18_0 like Mac OS X) AppleWebKit/605.1.15 (KHTML, like Gecko) Version/18.0 Mobile/15E148 Safari/604.1"
192.252.136.7 - - [08/Jun/2025:12:07:04 -0400] "GET /manga/re-monster-chapter-24/ HTTP/1.1" 200 17725 "https://remonster.online/manga/re-monster-chapter-23/" "Mozilla/5.0 (Macintosh; Intel Mac OS X 10_15_7) AppleWebKit/605.1.15 (KHTML, like Gecko) Version/18.5 Safari/605.1.15"
192.252.136.7 - - [08/Jun/2025:12:07:17 -0400] "GET /manga/re-monster-chapter-24/ HTTP/1.1" 200 17725 "https://remonster.online/manga/re-monster-chapter-23/" "Mozilla/5.0 (Macintosh; Intel Mac OS X 10_15_7) AppleWebKit/605.1.15 (KHTML, like Gecko) Version/18.5 Safari/605.1.15"
2601:5ca:180:6d00:39b7:585a:a16d:b900 - - [08/Jun/2025:12:07:26 -0400] "GET /manga/re-monster-chapter-4/ HTTP/1.1" 200 18016 "https://remonster.online/manga/re-monster-chapter-3/" "Mozilla/5.0 (Windows NT 10.0; Win64; x64) AppleWebKit/537.36 (KHTML, like Gecko) Chrome/134.0.0.0 Safari/537.36 OPR/119.0.0.0"
2601:5ca:180:6d00:39b7:585a:a16d:b900 - - [08/Jun/2025:12:07:28 -0400] "GET /manga/re-monster-chapter-4/ HTTP/1.1" 304 0 "https://remonster.online/manga/re-monster-chapter-3/" "Mozilla/5.0 (Windows NT 10.0; Win64; x64) AppleWebKit/537.36 (KHTML, like Gecko) Chrome/134.0.0.0 Safari/537.36 OPR/119.0.0.0"
103.111.32.218 - - [08/Jun/2025:12:08:01 -0400] "GET /manga/re-monster-chapter-68/ HTTP/1.1" 200 17921 "https://remonster.online/manga/re-monster-chapter-67/" "Mozilla/5.0 (iPhone; CPU iPhone OS 18_5_0 like Mac OS X) AppleWebKit/605.1.15 (KHTML, like Gecko) GSA/371.0.763199552 Mobile/15E148 Safari/604.1"
162.0.232.193 - - [08/Jun/2025:12:08:02 -0400] "POST /wp-cron.php?doing_wp_cron=1749398881.9995920658111572265625 HTTP/1.1" 200 0 "-" "WordPress/6.6.2; https://remonster.online"
103.111.32.218 - - [08/Jun/2025:12:08:01 -0400] "POST /wp-admin/admin-ajax.php HTTP/1.1" 200 69 "https://remonster.online/manga/re-monster-chapter-68/" "Mozilla/5.0 (iPhone; CPU iPhone OS 18_5_0 like Mac OS X) AppleWebKit/605.1.15 (KHTML, like Gecko) GSA/371.0.763199552 Mobile/15E148 Safari/604.1"
162.0.232.193 - - [08/Jun/2025:12:09:07 -0400] "POST /wp-cron.php?doing_wp_cron=1749398946.9113800525665283203125 HTTP/1.1" 200 0 "-" "WordPress/6.6.2; https://remonster.online"
70.27.27.51 - - [08/Jun/2025:12:09:06 -0400] "POST /wp-admin/admin-ajax.php HTTP/1.1" 200 69 "https://remonster.online/manga/remonster-chapter-92/" "Mozilla/5.0 (Windows NT 10.0; Win64; x64) AppleWebKit/537.36 (KHTML, like Gecko) Chrome/137.0.0.0 Safari/537.36"
124.120.121.163 - - [08/Jun/2025:12:09:19 -0400] "GET /manga/re-monster-chapter-24/ HTTP/1.1" 304 0 "https://remonster.online/manga/re-monster-chapter-25/" "Mozilla/5.0 (Windows NT 10.0; Win64; x64) AppleWebKit/537.36 (KHTML, like Gecko) Chrome/137.0.0.0 Safari/537.36"
124.120.121.163 - - [08/Jun/2025:12:09:19 -0400] "GET /manga/re-monster-chapter-26/ HTTP/1.1" 200 16616 "https://remonster.online/manga/re-monster-chapter-25/" "Mozilla/5.0 (Windows NT 10.0; Win64; x64) AppleWebKit/537.36 (KHTML, like Gecko) Chrome/137.0.0.0 Safari/537.36"
124.120.121.163 - - [08/Jun/2025:12:09:20 -0400] "GET /manga/re-monster-chapter-26/ HTTP/1.1" 304 0 "https://remonster.online/manga/re-monster-chapter-25/" "Mozilla/5.0 (Windows NT 10.0; Win64; x64) AppleWebKit/537.36 (KHTML, like Gecko) Chrome/137.0.0.0 Safari/537.36"
49.237.38.47 - - [08/Jun/2025:12:09:39 -0400] "GET /wp-content/plugins/widgets-on-pages/public/css/widgets-on-pages-public.css?ver=1.4.0 HTTP/1.1" 200 83 "-" "Mozilla/5.0 (Linux; Android 10; K) AppleWebKit/537.36 (KHTML, like Gecko) Chrome/137.0.0.0 Mobile Safari/537.36"
49.237.38.47 - - [08/Jun/2025:12:09:39 -0400] "GET /wp-includes/css/dist/block-library/style.min.css?ver=6.6.2 HTTP/1.1" 200 13903 "-" "Mozilla/5.0 (Linux; Android 10; K) AppleWebKit/537.36 (KHTML, like Gecko) Chrome/137.0.0.0 Mobile Safari/537.36"
49.237.38.47 - - [08/Jun/2025:12:09:39 -0400] "GET / HTTP/1.1" 200 10813 "https://www.google.com/" "Mozilla/5.0 (Linux; Android 10; K) AppleWebKit/537.36 (KHTML, like Gecko) Chrome/137.0.0.0 Mobile Safari/537.36"
49.237.38.47 - - [08/Jun/2025:12:09:39 -0400] "GET /wp-content/plugins/simple-social-buttons/assets/css/front.css?ver=5.3.1 HTTP/1.1" 200 10295 "-" "Mozilla/5.0 (Linux; Android 10; K) AppleWebKit/537.36 (KHTML, like Gecko) Chrome/137.0.0.0 Mobile Safari/537.36"
49.237.38.47 - - [08/Jun/2025:12:09:40 -0400] "GET /wp-content/uploads/2021/11/LN_v09_001.jpeg HTTP/1.1" 200 1105440 "https://remonster.online/" "Mozilla/5.0 (Linux; Android 10; K) AppleWebKit/537.36 (KHTML, like Gecko) Chrome/137.0.0.0 Mobile Safari/537.36"
49.237.38.47 - - [08/Jun/2025:12:09:40 -0400] "GET /wp-content/plugins/simple-social-buttons/assets/js/frontend-blocks.js?ver=5.3.1 HTTP/1.1" 200 0 "https://remonster.online/" "Mozilla/5.0 (Linux; Android 10; K) AppleWebKit/537.36 (KHTML, like Gecko) Chrome/137.0.0.0 Mobile Safari/537.36"
49.237.38.47 - - [08/Jun/2025:12:09:40 -0400] "GET /wp-includes/js/jquery/jquery-migrate.min.js?ver=3.4.1 HTTP/1.1" 200 4678 "https://remonster.online/" "Mozilla/5.0 (Linux; Android 10; K) AppleWebKit/537.36 (KHTML, like Gecko) Chrome/137.0.0.0 Mobile Safari/537.36"
49.237.38.47 - - [08/Jun/2025:12:09:40 -0400] "GET /wp-content/plugins/comic-easel/js/keynav.js HTTP/1.1" 200 302 "https://remonster.online/" "Mozilla/5.0 (Linux; Android 10; K) AppleWebKit/537.36 (KHTML, like Gecko) Chrome/137.0.0.0 Mobile Safari/537.36"
49.237.38.47 - - [08/Jun/2025:12:09:40 -0400] "GET /wp-content/themes/toivo-lite/fonts/genericons/genericons/genericons.min.css?ver=3.3 HTTP/1.1" 200 15959 "https://remonster.online/" "Mozilla/5.0 (Linux; Android 10; K) AppleWebKit/537.36 (KHTML, like Gecko) Chrome/137.0.0.0 Mobile Safari/537.36"
49.237.38.47 - - [08/Jun/2025:12:09:40 -0400] "GET /wp-content/uploads/2021/11/8168f-bSGoS.jpeg HTTP/1.1" 200 428790 "https://remonster.online/" "Mozilla/5.0 (Linux; Android 10; K) AppleWebKit/537.36 (KHTML, like Gecko) Chrome/137.0.0.0 Mobile Safari/537.36"
49.237.38.47 - - [08/Jun/2025:12:09:40 -0400] "GET /wp-content/plugins/links-auto-replacer/public/js/lar-public.js?ver=2.0.0 HTTP/1.1" 200 393 "https://remonster.online/" "Mozilla/5.0 (Linux; Android 10; K) AppleWebKit/537.36 (KHTML, like Gecko) Chrome/137.0.0.0 Mobile Safari/537.36"
49.237.38.47 - - [08/Jun/2025:12:09:40 -0400] "GET /wp-content/themes/toivo-lite/style.css?ver=1.2.0 HTTP/1.1" 200 13718 "https://remonster.online/" "Mozilla/5.0 (Linux; Android 10; K) AppleWebKit/537.36 (KHTML, like Gecko) Chrome/137.0.0.0 Mobile Safari/537.36"
49.237.38.47 - - [08/Jun/2025:12:09:40 -0400] "GET /wp-includes/js/jquery/jquery.min.js?ver=3.7.1 HTTP/1.1" 200 29744 "https://remonster.online/" "Mozilla/5.0 (Linux; Android 10; K) AppleWebKit/537.36 (KHTML, like Gecko) Chrome/137.0.0.0 Mobile Safari/537.36"
49.237.38.47 - - [08/Jun/2025:12:09:41 -0400] "GET /wp-content/plugins/simple-social-buttons/assets/js/front.js?ver=5.3.1 HTTP/1.1" 200 1932 "https://remonster.online/" "Mozilla/5.0 (Linux; Android 10; K) AppleWebKit/537.36 (KHTML, like Gecko) Chrome/137.0.0.0 Mobile Safari/537.36"
49.237.38.47 - - [08/Jun/2025:12:09:41 -0400] "GET /wp-content/themes/toivo-lite/js/responsive-nav.min.js?ver=1.2.0 HTTP/1.1" 200 2102 "https://remonster.online/" "Mozilla/5.0 (Linux; Android 10; K) AppleWebKit/537.36 (KHTML, like Gecko) Chrome/137.0.0.0 Mobile Safari/537.36"
49.237.38.47 - - [08/Jun/2025:12:09:41 -0400] "GET /wp-content/themes/toivo-lite/js/functions.min.js?ver=1.2.0 HTTP/1.1" 200 593 "https://remonster.online/" "Mozilla/5.0 (Linux; Android 10; K) AppleWebKit/537.36 (KHTML, like Gecko) Chrome/137.0.0.0 Mobile Safari/537.36"
49.237.38.47 - - [08/Jun/2025:12:09:41 -0400] "GET /wp-content/uploads/2021/11/cropped-670x300.jpg HTTP/1.1" 200 233958 "https://remonster.online/" "Mozilla/5.0 (Linux; Android 10; K) AppleWebKit/537.36 (KHTML, like Gecko) Chrome/137.0.0.0 Mobile Safari/537.36"
49.237.38.47 - - [08/Jun/2025:12:09:41 -0400] "GET /wp-content/uploads/2021/11/8168f-bSGoS-1260x1800.jpeg HTTP/1.1" 200 463933 "https://remonster.online/" "Mozilla/5.0 (Linux; Android 10; K) AppleWebKit/537.36 (KHTML, like Gecko) Chrome/137.0.0.0 Mobile Safari/537.36"
49.237.38.47 - - [08/Jun/2025:12:09:42 -0400] "GET /wp-content/themes/toivo-lite/js/settings.min.js?ver=1.2.0 HTTP/1.1" 200 307 "https://remonster.online/" "Mozilla/5.0 (Linux; Android 10; K) AppleWebKit/537.36 (KHTML, like Gecko) Chrome/137.0.0.0 Mobile Safari/537.36"
49.237.38.47 - - [08/Jun/2025:12:09:44 -0400] "GET /wp-content/uploads/2021/11/cropped-CeDzRGZ-180x180.png HTTP/1.1" 200 60430 "https://remonster.online/" "Mozilla/5.0 (Linux; Android 10; K) AppleWebKit/537.36 (KHTML, like Gecko) Chrome/137.0.0.0 Mobile Safari/537.36"
49.237.38.47 - - [08/Jun/2025:12:09:44 -0400] "GET /wp-content/uploads/2021/11/cropped-CeDzRGZ-192x192.png HTTP/1.1" 200 68304 "https://remonster.online/" "Mozilla/5.0 (Linux; Android 10; K) AppleWebKit/537.36 (KHTML, like Gecko) Chrome/137.0.0.0 Mobile Safari/537.36"
162.0.232.193 - - [08/Jun/2025:12:09:57 -0400] "POST /wp-cron.php?doing_wp_cron=1749398997.5352399349212646484375 HTTP/1.1" 200 0 "-" "WordPress/6.6.2; https://remonster.online"
49.245.45.233 - - [08/Jun/2025:12:09:57 -0400] "POST /wp-admin/admin-ajax.php HTTP/1.1" 200 69 "https://remonster.online/manga/re-monster-chapter-35/" "Mozilla/5.0 (Linux; Android 10; K) AppleWebKit/537.36 (KHTML, like Gecko) Chrome/137.0.0.0 Mobile Safari/537.36"
70.50.167.128 - - [08/Jun/2025:12:10:19 -0400] "GET / HTTP/1.1" 200 10813 "https://www.google.com/" "Mozilla/5.0 (iPhone; CPU iPhone OS 18_5 like Mac OS X) AppleWebKit/605.1.15 (KHTML, like Gecko) Version/18.5 Mobile/15E148 Safari/604.1"
70.50.167.128 - - [08/Jun/2025:12:10:26 -0400] "GET /manga/re-monster-chapter-1/ HTTP/1.1" 200 17990 "https://remonster.online/" "Mozilla/5.0 (iPhone; CPU iPhone OS 18_5 like Mac OS X) AppleWebKit/605.1.15 (KHTML, like Gecko) Version/18.5 Mobile/15E148 Safari/604.1"
64.224.122.42 - - [08/Jun/2025:12:10:42 -0400] "GET /tag/gobue/ HTTP/1.1" 301 0 "https://remonster.online/manga/remonster-chapter-77/" "Mozilla/5.0 (Linux; Android 10; K) AppleWebKit/537.36 (KHTML, like Gecko) Chrome/137.0.0.0 Mobile Safari/537.36"
64.224.122.42 - - [08/Jun/2025:12:10:42 -0400] "GET / HTTP/1.1" 304 0 "https://remonster.online/manga/remonster-chapter-77/" "Mozilla/5.0 (Linux; Android 10; K) AppleWebKit/537.36 (KHTML, like Gecko) Chrome/137.0.0.0 Mobile Safari/537.36"
64.224.122.42 - - [08/Jun/2025:12:10:42 -0400] "GET /manga/remonster-chapter-78/ HTTP/1.1" 200 16749 "https://remonster.online/manga/remonster-chapter-77/" "Mozilla/5.0 (Linux; Android 10; K) AppleWebKit/537.36 (KHTML, like Gecko) Chrome/137.0.0.0 Mobile Safari/537.36"
64.224.122.42 - - [08/Jun/2025:12:10:43 -0400] "GET /manga/remonster-chapter-78/ HTTP/1.1" 304 0 "https://remonster.online/manga/remonster-chapter-77/" "Mozilla/5.0 (Linux; Android 10; K) AppleWebKit/537.36 (KHTML, like Gecko) Chrome/137.0.0.0 Mobile Safari/537.36"
2a02:810d:8606:a500:4020:aa13:4b88:c78c - - [08/Jun/2025:12:10:51 -0400] "GET / HTTP/1.1" 200 10813 "-" "Mozilla/5.0 (Linux; Android 10; K) AppleWebKit/537.36 (KHTML, like Gecko) Chrome/137.0.0.0 Safari/537.36"
2a02:810d:8606:a500:4020:aa13:4b88:c78c - - [08/Jun/2025:12:11:01 -0400] "GET /manga/re-monster-chapter-67/ HTTP/1.1" 200 17972 "https://remonster.online/" "Mozilla/5.0 (Linux; Android 10; K) AppleWebKit/537.36 (KHTML, like Gecko) Chrome/137.0.0.0 Safari/537.36"
2a02:810d:8606:a500:4020:aa13:4b88:c78c - - [08/Jun/2025:12:11:01 -0400] "GET /manga/re-monster-chapter-67/ HTTP/1.1" 304 0 "https://remonster.online/" "Mozilla/5.0 (Linux; Android 10; K) AppleWebKit/537.36 (KHTML, like Gecko) Chrome/137.0.0.0 Safari/537.36"
2601:5ca:180:6d00:39b7:585a:a16d:b900 - - [08/Jun/2025:12:11:02 -0400] "GET /manga/re-monster-chapter-3/ HTTP/1.1" 304 0 "https://remonster.online/manga/re-monster-chapter-4/" "Mozilla/5.0 (Windows NT 10.0; Win64; x64) AppleWebKit/537.36 (KHTML, like Gecko) Chrome/134.0.0.0 Safari/537.36 OPR/119.0.0.0"
162.0.232.193 - - [08/Jun/2025:12:11:02 -0400] "POST /wp-cron.php?doing_wp_cron=1749399062.7944009304046630859375 HTTP/1.1" 200 0 "-" "WordPress/6.6.2; https://remonster.online"
2601:5ca:180:6d00:39b7:585a:a16d:b900 - - [08/Jun/2025:12:11:03 -0400] "GET /manga/re-monster-chapter-5/ HTTP/1.1" 200 18555 "https://remonster.online/manga/re-monster-chapter-4/" "Mozilla/5.0 (Windows NT 10.0; Win64; x64) AppleWebKit/537.36 (KHTML, like Gecko) Chrome/134.0.0.0 Safari/537.36 OPR/119.0.0.0"
2a02:810d:8606:a500:4020:aa13:4b88:c78c - - [08/Jun/2025:12:11:02 -0400] "POST /wp-admin/admin-ajax.php HTTP/1.1" 200 69 "https://remonster.online/manga/re-monster-chapter-67/" "Mozilla/5.0 (Linux; Android 10; K) AppleWebKit/537.36 (KHTML, like Gecko) Chrome/137.0.0.0 Safari/537.36"
2601:5ca:180:6d00:39b7:585a:a16d:b900 - - [08/Jun/2025:12:11:03 -0400] "GET /manga/re-monster-chapter-5/ HTTP/1.1" 304 0 "https://remonster.online/manga/re-monster-chapter-4/" "Mozilla/5.0 (Windows NT 10.0; Win64; x64) AppleWebKit/537.36 (KHTML, like Gecko) Chrome/134.0.0.0 Safari/537.36 OPR/119.0.0.0"
2601:5ca:180:6d00:39b7:585a:a16d:b900 - - [08/Jun/2025:12:11:04 -0400] "GET /dmca/ HTTP/1.1" 200 10830 "https://remonster.online/manga/re-monster-chapter-5/" "Mozilla/5.0 (Windows NT 10.0; Win64; x64) AppleWebKit/537.36 (KHTML, like Gecko) Chrome/134.0.0.0 Safari/537.36 OPR/119.0.0.0"
2601:5ca:180:6d00:39b7:585a:a16d:b900 - - [08/Jun/2025:12:11:04 -0400] "POST /wp-admin/admin-ajax.php HTTP/1.1" 200 69 "https://remonster.online/manga/re-monster-chapter-5/" "Mozilla/5.0 (Windows NT 10.0; Win64; x64) AppleWebKit/537.36 (KHTML, like Gecko) Chrome/134.0.0.0 Safari/537.36 OPR/119.0.0.0"
2a09:bac5:3a20:1028::19c:58 - - [08/Jun/2025:12:11:16 -0400] "GET /manga/re-monster-chapter-34/ HTTP/1.1" 200 16964 "https://remonster.online/manga/re-monster-chapter-33/" "Mozilla/5.0 (iPhone; CPU iPhone OS 17_6_1 like Mac OS X) AppleWebKit/605.1.15 (KHTML, like Gecko) Version/17.6 Mobile/15E148 Safari/604.1"
40.88.21.235 - - [08/Jun/2025:12:11:40 -0400] "GET / HTTP/1.1" 200 10863 "https://remonster.online/" "DuckDuckBot/1.1; (+http://duckduckgo.com/duckduckbot.html)"
64.224.122.42 - - [08/Jun/2025:12:11:52 -0400] "GET / HTTP/1.1" 304 0 "https://remonster.online/manga/remonster-chapter-78/" "Mozilla/5.0 (Linux; Android 10; K) AppleWebKit/537.36 (KHTML, like Gecko) Chrome/137.0.0.0 Mobile Safari/537.36"
64.224.122.42 - - [08/Jun/2025:12:11:52 -0400] "GET /manga/remonster-chapter-79/ HTTP/1.1" 200 17830 "https://remonster.online/manga/remonster-chapter-78/" "Mozilla/5.0 (Linux; Android 10; K) AppleWebKit/537.36 (KHTML, like Gecko) Chrome/137.0.0.0 Mobile Safari/537.36"
141.0.13.68 - - [08/Jun/2025:12:11:52 -0400] "GET / HTTP/1.1" 200 10856 "https://www.google.com.tr/" "Mozilla/5.0 (Linux; Android 10; K) AppleWebKit/537.36 (KHTML, like Gecko) Chrome/135.0.0.0 Mobile Safari/537.36 OPR/89.0.0.0"
