2003:cf:e737:cd00:74f8:f44a:1d3e:cf58 - - [08/Jun/2025:05:02:06 -0400] "GET /tag/kichi/ HTTP/1.1" 301 0 "https://remonster.online/manga/re-monster-chapter-64/" "Mozilla/5.0 (iPhone; CPU iPhone OS 16_7_11 like Mac OS X) AppleWebKit/605.1.15 (KHTML, like Gecko) Version/16.6.1 Mobile/15E148 Safari/604.1"
2003:cf:e737:cd00:74f8:f44a:1d3e:cf58 - - [08/Jun/2025:05:02:06 -0400] "GET / HTTP/1.1" 200 10813 "https://remonster.online/manga/re-monster-chapter-64/" "Mozilla/5.0 (iPhone; CPU iPhone OS 16_7_11 like Mac OS X) AppleWebKit/605.1.15 (KHTML, like Gecko) Version/16.6.1 Mobile/15E148 Safari/604.1"
2003:cf:e737:cd00:74f8:f44a:1d3e:cf58 - - [08/Jun/2025:05:02:06 -0400] "GET /manga/re-monster-chapter-65/ HTTP/1.1" 200 17409 "https://remonster.online/manga/re-monster-chapter-64/" "Mozilla/5.0 (iPhone; CPU iPhone OS 16_7_11 like Mac OS X) AppleWebKit/605.1.15 (KHTML, like Gecko) Version/16.6.1 Mobile/15E148 Safari/604.1"
2402:3a80:4392:3c99:68cf:de22:8e61:4c93 - - [08/Jun/2025:05:02:56 -0400] "GET / HTTP/1.1" 200 10813 "https://www.google.com/" "Mozilla/5.0 (Linux; Android 10; K) AppleWebKit/537.36 (KHTML, like Gecko) Chrome/137.0.0.0 Mobile Safari/537.36"
162.0.232.193 - - [08/Jun/2025:05:03:01 -0400] "POST /wp-cron.php?doing_wp_cron=1749373381.4028649330139160156250 HTTP/1.1" 200 0 "-" "WordPress/6.6.2; https://remonster.online"
2001:8f8:1123:f964:19b3:a0ca:4ffe:3d22 - - [08/Jun/2025:05:03:02 -0400] "GET /manga/remonster-chapter-101/ HTTP/1.1" 200 15145 "https://remonster.online/manga/re-monster-chapter-60/" "Mozilla/5.0 (Linux; Android 10; K) AppleWebKit/537.36 (KHTML, like Gecko) SamsungBrowser/28.0 Chrome/130.0.0.0 Mobile Safari/537.36"
2001:8f8:1123:f964:19b3:a0ca:4ffe:3d22 - - [08/Jun/2025:05:03:01 -0400] "POST /wp-admin/admin-ajax.php HTTP/1.1" 200 69 "https://remonster.online/manga/re-monster-chapter-60/" "Mozilla/5.0 (Linux; Android 10; K) AppleWebKit/537.36 (KHTML, like Gecko) SamsungBrowser/28.0 Chrome/130.0.0.0 Mobile Safari/537.36"
2001:8f8:1123:f964:19b3:a0ca:4ffe:3d22 - - [08/Jun/2025:05:03:10 -0400] "POST /wp-admin/admin-ajax.php HTTP/1.1" 200 69 "https://remonster.online/manga/re-monster-chapter-60/" "Mozilla/5.0 (Linux; Android 10; K) AppleWebKit/537.36 (KHTML, like Gecko) SamsungBrowser/28.0 Chrome/130.0.0.0 Mobile Safari/537.36"
162.0.232.193 - - [08/Jun/2025:05:03:19 -0400] "POST /wp-cron.php?doing_wp_cron=1749373399.4266250133514404296875 HTTP/1.1" 200 0 "-" "WordPress/6.6.2; https://remonster.online"
17.241.219.179 - - [08/Jun/2025:05:03:19 -0400] "POST /wp-admin/admin-ajax.php HTTP/1.1" 200 69 "https://remonster.online/remonster-chapter-92/" "Mozilla/5.0 (Macintosh; Intel Mac OS X 10_15_7) AppleWebKit/605.1.15 (KHTML, like Gecko) Version/17.4 Safari/605.1.15 (Applebot/0.1; +http://www.apple.com/go/applebot)"
49.47.145.169 - - [08/Jun/2025:05:04:39 -0400] "GET /manga/re-monster-chapter-41/ HTTP/1.1" 200 17370 "-" "Mozilla/5.0 (Linux; Android 10; K) AppleWebKit/537.36 (KHTML, like Gecko) Chrome/137.0.0.0 Mobile Safari/537.36"
114.119.142.210 - - [08/Jun/2025:05:05:14 -0400] "GET /tag/remonster-chapter-105-manga-scan/ HTTP/1.1" 301 0 "https://remonster.online/manga/remonster-chapter-105/" "Mozilla/5.0 (Linux; Android 7.0;) AppleWebKit/537.36 (KHTML, like Gecko) Mobile Safari/537.36 (compatible; PetalBot;+https://webmaster.petalsearch.com/site/petalbot)"
114.119.142.210 - - [08/Jun/2025:05:05:14 -0400] "GET / HTTP/1.1" 200 10856 "https://remonster.online/manga/remonster-chapter-105/" "Mozilla/5.0 (Linux; Android 7.0;) AppleWebKit/537.36 (KHTML, like Gecko) Mobile Safari/537.36 (compatible; PetalBot;+https://webmaster.petalsearch.com/site/petalbot)"
131.226.104.251 - - [08/Jun/2025:05:05:19 -0400] "GET /manga/re-monster-chapter-2/ HTTP/1.1" 200 18137 "https://remonster.online/manga/re-monster-chapter-1/" "Mozilla/5.0 (iPhone; CPU iPhone OS 18_5 like Mac OS X) AppleWebKit/605.1.15 (KHTML, like Gecko) Version/18.5 Mobile/15E148 Safari/604.1 OPT/5.5.3"
172.178.141.128 - - [08/Jun/2025:05:05:23 -0400] "GET /manga/re-monster-chapter-12/ HTTP/1.1" 200 17795 "-" "Mozilla/5.0 AppleWebKit/537.36 (KHTML, like Gecko); compatible; ChatGPT-User/1.0; +https://openai.com/bot"
172.178.141.141 - - [08/Jun/2025:05:05:23 -0400] "GET / HTTP/1.1" 200 10893 "-" "Mozilla/5.0 AppleWebKit/537.36 (KHTML, like Gecko); compatible; ChatGPT-User/1.0; +https://openai.com/bot"
114.119.143.101 - - [08/Jun/2025:05:07:01 -0400] "GET /tag/comic-remonster-chapter-101/ HTTP/1.1" 301 0 "https://remonster.online/manga/remonster-chapter-101/" "Mozilla/5.0 (Linux; Android 7.0;) AppleWebKit/537.36 (KHTML, like Gecko) Mobile Safari/537.36 (compatible; PetalBot;+https://webmaster.petalsearch.com/site/petalbot)"
114.119.143.101 - - [08/Jun/2025:05:07:04 -0400] "GET / HTTP/1.1" 200 10856 "https://remonster.online/manga/remonster-chapter-101/" "Mozilla/5.0 (Linux; Android 7.0;) AppleWebKit/537.36 (KHTML, like Gecko) Mobile Safari/537.36 (compatible; PetalBot;+https://webmaster.petalsearch.com/site/petalbot)"
85.193.240.76 - - [08/Jun/2025:05:07:07 -0400] "GET /manga/re-monster-chapter-2/ HTTP/1.1" 200 18148 "https://remonster.online/manga/re-monster-chapter-1/" "Mozilla/5.0 (iPhone; CPU iPhone OS 18_5 like Mac OS X) AppleWebKit/605.1.15 (KHTML, like Gecko) Version/18.5 Mobile/15E148 Safari/604.1"
2600:4040:96d5:2600:ec2f:148d:8ec0:c6ed - - [08/Jun/2025:05:07:55 -0400] "GET /manga/re-monster-chapter-47/ HTTP/1.1" 200 17377 "-" "Mozilla/5.0 (Macintosh; Intel Mac OS X 10_15_7) AppleWebKit/605.1.15 (KHTML, like Gecko) Version/17.13 Mobile/15E148 Safari/604.1"
162.0.232.193 - - [08/Jun/2025:05:08:03 -0400] "POST /wp-cron.php?doing_wp_cron=1749373683.5083630084991455078125 HTTP/1.1" 200 0 "-" "WordPress/6.6.2; https://remonster.online"
2600:4040:96d5:2600:ec2f:148d:8ec0:c6ed - - [08/Jun/2025:05:08:03 -0400] "GET /manga/re-monster-chapter-47/null HTTP/1.1" 301 0 "-" "Mozilla/5.0 (Macintosh; Intel Mac OS X 10_15_7) AppleWebKit/605.1.15 (KHTML, like Gecko) Version/17.13 Mobile/15E148 Safari/604.1"
82.77.218.235 - - [08/Jun/2025:05:08:14 -0400] "GET / HTTP/1.1" 200 10856 "https://www.google.com/" "Mozilla/5.0 (Linux; Android 10; K) AppleWebKit/537.36 (KHTML, like Gecko) SamsungBrowser/28.0 Chrome/130.0.0.0 Mobile Safari/537.36"
82.77.218.235 - - [08/Jun/2025:05:08:22 -0400] "GET / HTTP/1.1" 200 10813 "-" "Mozilla/5.0 (Linux; Android 10; K) AppleWebKit/537.36 (KHTML, like Gecko) SamsungBrowser/28.0 Chrome/130.0.0.0 Mobile Safari/537.36"
17.241.75.50 - - [08/Jun/2025:05:09:11 -0400] "GET /manga/re-monster-chapter-56/ HTTP/1.1" 200 17355 "-" "Mozilla/5.0 (Macintosh; Intel Mac OS X 10_15_7) AppleWebKit/605.1.15 (KHTML, like Gecko) Version/17.4 Safari/605.1.15 (Applebot/0.1; +http://www.apple.com/go/applebot)"
66.249.79.238 - - [08/Jun/2025:05:09:24 -0400] "GET /manga/re-monster-chapter-17/ HTTP/1.1" 200 17366 "-" "Mozilla/5.0 (Linux; Android 6.0.1; Nexus 5X Build/MMB29P) AppleWebKit/537.36 (KHTML, like Gecko) Chrome/136.0.7103.113 Mobile Safari/537.36 (compatible; Googlebot/2.1; +http://www.google.com/bot.html)"
131.226.104.251 - - [08/Jun/2025:05:09:46 -0400] "GET /manga/re-monster-chapter-3/ HTTP/1.1" 200 18192 "https://remonster.online/manga/re-monster-chapter-2/" "Mozilla/5.0 (iPhone; CPU iPhone OS 18_5 like Mac OS X) AppleWebKit/605.1.15 (KHTML, like Gecko) Version/18.5 Mobile/15E148 Safari/604.1 OPT/5.5.3"
5.20.243.135 - - [08/Jun/2025:05:12:00 -0400] "GET / HTTP/1.1" 200 10893 "https://www.google.com/" "Mozilla/5.0 (Windows NT 10.0; Win64; x64) AppleWebKit/537.36 (KHTML, like Gecko) Chrome/137.0.0.0 Safari/537.36"
5.20.243.135 - - [08/Jun/2025:05:12:01 -0400] "GET / HTTP/1.1" 200 10900 "https://remonster.online/" "Mozilla/5.0 (Windows NT 10.0; Win64; x64) AppleWebKit/537.36 (KHTML, like Gecko) Chrome/137.0.0.0 Safari/537.36"
5.20.243.135 - - [08/Jun/2025:05:12:01 -0400] "GET /wp-content/uploads/2021/11/8168f-bSGoS-717x1024.jpeg HTTP/1.1" 200 200846 "https://remonster.online/" "Mozilla/5.0 (Windows NT 10.0; Win64; x64) AppleWebKit/537.36 (KHTML, like Gecko) Chrome/137.0.0.0 Safari/537.36"
5.20.243.135 - - [08/Jun/2025:05:12:20 -0400] "GET /wp-content/uploads/2021/11/CeDzRGZ-300x266.png HTTP/1.1" 200 144941 "https://remonster.online/" "Mozilla/5.0 (Windows NT 10.0; Win64; x64) AppleWebKit/537.36 (KHTML, like Gecko) Chrome/137.0.0.0 Safari/537.36"
5.20.243.135 - - [08/Jun/2025:05:12:20 -0400] "GET /manga/re-monster-chapter-1/ HTTP/1.1" 200 18373 "https://remonster.online/" "Mozilla/5.0 (Windows NT 10.0; Win64; x64) AppleWebKit/537.36 (KHTML, like Gecko) Chrome/137.0.0.0 Safari/537.36"
5.20.243.135 - - [08/Jun/2025:05:12:21 -0400] "GET /manga/re-monster-chapter-1/ HTTP/1.1" 304 0 "https://remonster.online/" "Mozilla/5.0 (Windows NT 10.0; Win64; x64) AppleWebKit/537.36 (KHTML, like Gecko) Chrome/137.0.0.0 Safari/537.36"
5.20.243.135 - - [08/Jun/2025:05:12:22 -0400] "GET /wp-content/plugins/wp-rocket/assets/js/wpr-beacon.min.js HTTP/1.1" 200 3530 "https://remonster.online/manga/re-monster-chapter-1/" "Mozilla/5.0 (Windows NT 10.0; Win64; x64) AppleWebKit/537.36 (KHTML, like Gecko) Chrome/137.0.0.0 Safari/537.36"
5.20.243.135 - - [08/Jun/2025:05:12:22 -0400] "GET /wp-content/plugins/simple-social-buttons/assets/fonts/ssb-icon.ttf?eahqa2 HTTP/1.1" 200 6624 "https://remonster.online/wp-content/plugins/simple-social-buttons/assets/css/front.css?ver=5.3.1" "Mozilla/5.0 (Windows NT 10.0; Win64; x64) AppleWebKit/537.36 (KHTML, like Gecko) Chrome/137.0.0.0 Safari/537.36"
64.112.214.42 - - [08/Jun/2025:05:12:37 -0400] "GET /wp-content/uploads/2021/11/CeDzRGZ-768x682.png HTTP/1.1" 200 1056180 "https://remonster.online/manga/re-monster-chapter-15/" "Mozilla/5.0 (Linux; Android 10; K) AppleWebKit/537.36 (KHTML, like Gecko) Chrome/137.0.0.0 Mobile Safari/537.36"
162.0.232.193 - - [08/Jun/2025:05:12:38 -0400] "POST /wp-cron.php?doing_wp_cron=1749373958.1197180747985839843750 HTTP/1.1" 200 0 "-" "WordPress/6.6.2; https://remonster.online"
64.112.214.42 - - [08/Jun/2025:05:12:36 -0400] "POST /wp-admin/admin-ajax.php HTTP/1.1" 200 69 "https://remonster.online/manga/re-monster-chapter-15/" "Mozilla/5.0 (Linux; Android 10; K) AppleWebKit/537.36 (KHTML, like Gecko) Chrome/137.0.0.0 Mobile Safari/537.36"
85.193.240.76 - - [08/Jun/2025:05:13:11 -0400] "GET /manga/re-monster-chapter-3/ HTTP/1.1" 200 18027 "https://remonster.online/manga/re-monster-chapter-2/" "Mozilla/5.0 (iPhone; CPU iPhone OS 18_5 like Mac OS X) AppleWebKit/605.1.15 (KHTML, like Gecko) Version/18.5 Mobile/15E148 Safari/604.1"
5.20.243.135 - - [08/Jun/2025:05:13:56 -0400] "GET /manga/re-monster-chapter-2/ HTTP/1.1" 200 18157 "https://remonster.online/manga/re-monster-chapter-1/" "Mozilla/5.0 (Windows NT 10.0; Win64; x64) AppleWebKit/537.36 (KHTML, like Gecko) Chrome/137.0.0.0 Safari/537.36"
5.20.243.135 - - [08/Jun/2025:05:13:57 -0400] "GET /manga/re-monster-chapter-2/ HTTP/1.1" 304 0 "https://remonster.online/manga/re-monster-chapter-1/" "Mozilla/5.0 (Windows NT 10.0; Win64; x64) AppleWebKit/537.36 (KHTML, like Gecko) Chrome/137.0.0.0 Safari/537.36"
2600:387:f:4318::8 - - [08/Jun/2025:05:13:57 -0400] "GET /manga/re-monster-chapter-71/ HTTP/1.1" 200 17736 "-" "Mozilla/5.0 (iPhone; CPU iPhone OS 18_5 like Mac OS X) AppleWebKit/605.1.15 (KHTML, like Gecko) Mobile/15E148"
1.37.82.170 - - [08/Jun/2025:05:14:51 -0400] "GET / HTTP/1.1" 200 10813 "https://www.google.com/" "Mozilla/5.0 (Linux; Android 10; K) AppleWebKit/537.36 (KHTML, like Gecko) SamsungBrowser/28.0 Chrome/130.0.0.0 Mobile Safari/537.36"
1.37.82.170 - - [08/Jun/2025:05:15:14 -0400] "GET /manga/remonster-chapter-98/ HTTP/1.1" 200 15029 "https://remonster.online/" "Mozilla/5.0 (Linux; Android 10; K) AppleWebKit/537.36 (KHTML, like Gecko) SamsungBrowser/28.0 Chrome/130.0.0.0 Mobile Safari/537.36"
1.37.82.170 - - [08/Jun/2025:05:15:15 -0400] "GET /manga/remonster-chapter-79/ HTTP/1.1" 200 17830 "https://remonster.online/" "Mozilla/5.0 (Linux; Android 10; K) AppleWebKit/537.36 (KHTML, like Gecko) SamsungBrowser/28.0 Chrome/130.0.0.0 Mobile Safari/537.36"
1.37.82.170 - - [08/Jun/2025:05:15:15 -0400] "GET /manga/re-monster-chapter-27/ HTTP/1.1" 200 17680 "https://remonster.online/" "Mozilla/5.0 (Linux; Android 10; K) AppleWebKit/537.36 (KHTML, like Gecko) SamsungBrowser/28.0 Chrome/130.0.0.0 Mobile Safari/537.36"
1.37.82.170 - - [08/Jun/2025:05:15:20 -0400] "GET /manga/re-monster-chapter-16/ HTTP/1.1" 200 17991 "https://remonster.online/" "Mozilla/5.0 (Linux; Android 10; K) AppleWebKit/537.36 (KHTML, like Gecko) SamsungBrowser/28.0 Chrome/130.0.0.0 Mobile Safari/537.36"
1.37.82.170 - - [08/Jun/2025:05:15:21 -0400] "GET /manga/re-monster-chapter-32/ HTTP/1.1" 200 17364 "https://remonster.online/" "Mozilla/5.0 (Linux; Android 10; K) AppleWebKit/537.36 (KHTML, like Gecko) SamsungBrowser/28.0 Chrome/130.0.0.0 Mobile Safari/537.36"
1.37.82.170 - - [08/Jun/2025:05:15:22 -0400] "GET /manga/re-monster-chapter-30/ HTTP/1.1" 200 15877 "https://remonster.online/" "Mozilla/5.0 (Linux; Android 10; K) AppleWebKit/537.36 (KHTML, like Gecko) SamsungBrowser/28.0 Chrome/130.0.0.0 Mobile Safari/537.36"
162.0.232.193 - - [08/Jun/2025:05:15:24 -0400] "POST /wp-cron.php?doing_wp_cron=1749374124.3033630847930908203125 HTTP/1.1" 200 0 "-" "WordPress/6.6.2; https://remonster.online"
1.37.82.170 - - [08/Jun/2025:05:15:24 -0400] "POST /wp-admin/admin-ajax.php HTTP/1.1" 200 69 "https://remonster.online/manga/re-monster-chapter-30/" "Mozilla/5.0 (Linux; Android 10; K) AppleWebKit/537.36 (KHTML, like Gecko) SamsungBrowser/28.0 Chrome/130.0.0.0 Mobile Safari/537.36"
1.37.82.170 - - [08/Jun/2025:05:15:25 -0400] "GET /tag/volume/ HTTP/1.1" 301 0 "https://remonster.online/manga/re-monster-chapter-30/" "Mozilla/5.0 (Linux; Android 10; K) AppleWebKit/537.36 (KHTML, like Gecko) SamsungBrowser/28.0 Chrome/130.0.0.0 Mobile Safari/537.36"
1.37.82.170 - - [08/Jun/2025:05:15:25 -0400] "GET / HTTP/1.1" 304 0 "https://remonster.online/manga/re-monster-chapter-30/" "Mozilla/5.0 (Linux; Android 10; K) AppleWebKit/537.36 (KHTML, like Gecko) SamsungBrowser/28.0 Chrome/130.0.0.0 Mobile Safari/537.36"
1.37.82.170 - - [08/Jun/2025:05:16:05 -0400] "GET /manga/re-monster-chapter-33/ HTTP/1.1" 200 17722 "https://remonster.online/" "Mozilla/5.0 (Linux; Android 10; K) AppleWebKit/537.36 (KHTML, like Gecko) SamsungBrowser/28.0 Chrome/130.0.0.0 Mobile Safari/537.36"
1.37.82.170 - - [08/Jun/2025:05:16:06 -0400] "GET /manga/re-monster-chapter-39/ HTTP/1.1" 200 15629 "https://remonster.online/" "Mozilla/5.0 (Linux; Android 10; K) AppleWebKit/537.36 (KHTML, like Gecko) SamsungBrowser/28.0 Chrome/130.0.0.0 Mobile Safari/537.36"
85.193.240.76 - - [08/Jun/2025:05:16:53 -0400] "GET /manga/re-monster-chapter-4/ HTTP/1.1" 200 18436 "https://remonster.online/manga/re-monster-chapter-3/" "Mozilla/5.0 (iPhone; CPU iPhone OS 18_5 like Mac OS X) AppleWebKit/605.1.15 (KHTML, like Gecko) Version/18.5 Mobile/15E148 Safari/604.1"
131.226.104.251 - - [08/Jun/2025:05:17:15 -0400] "GET /manga/re-monster-chapter-4/ HTTP/1.1" 200 18436 "https://remonster.online/manga/re-monster-chapter-3/" "Mozilla/5.0 (iPhone; CPU iPhone OS 18_5 like Mac OS X) AppleWebKit/605.1.15 (KHTML, like Gecko) Version/18.5 Mobile/15E148 Safari/604.1 OPT/5.5.3"
2001:d08:1a07:3fc2:e4de:584c:f28d:79ee - - [08/Jun/2025:05:17:23 -0400] "GET / HTTP/1.1" 200 10849 "https://www.google.com/" "Mozilla/5.0 (Linux; Android 10; K) AppleWebKit/537.36 (KHTML, like Gecko) Chrome/136.0.0.0 Mobile Safari/537.36"
2001:d08:1a07:3fc2:e4de:584c:f28d:79ee - - [08/Jun/2025:05:17:23 -0400] "GET /wp-content/uploads/2021/11/8168f-bSGoS-1260x1800.jpeg HTTP/1.1" 200 463933 "https://remonster.online/" "Mozilla/5.0 (Linux; Android 10; K) AppleWebKit/537.36 (KHTML, like Gecko) Chrome/136.0.0.0 Mobile Safari/537.36"
2001:d08:1a07:3fc2:e4de:584c:f28d:79ee - - [08/Jun/2025:05:17:24 -0400] "GET /wp-content/themes/toivo-lite/style.css?ver=1.2.0 HTTP/1.1" 200 13718 "https://remonster.online/" "Mozilla/5.0 (Linux; Android 10; K) AppleWebKit/537.36 (KHTML, like Gecko) Chrome/136.0.0.0 Mobile Safari/537.36"
2001:d08:1a07:3fc2:e4de:584c:f28d:79ee - - [08/Jun/2025:05:17:24 -0400] "GET /wp-content/themes/toivo-lite/fonts/genericons/genericons/genericons.min.css?ver=3.3 HTTP/1.1" 200 15959 "https://remonster.online/" "Mozilla/5.0 (Linux; Android 10; K) AppleWebKit/537.36 (KHTML, like Gecko) Chrome/136.0.0.0 Mobile Safari/537.36"
2001:d08:1a07:3fc2:e4de:584c:f28d:79ee - - [08/Jun/2025:05:17:24 -0400] "GET /wp-includes/css/dist/block-library/style.min.css?ver=6.6.2 HTTP/1.1" 200 13903 "https://remonster.online/" "Mozilla/5.0 (Linux; Android 10; K) AppleWebKit/537.36 (KHTML, like Gecko) Chrome/136.0.0.0 Mobile Safari/537.36"
2001:d08:1a07:3fc2:e4de:584c:f28d:79ee - - [08/Jun/2025:05:17:24 -0400] "GET /wp-content/plugins/simple-social-buttons/assets/css/front.css?ver=5.3.1 HTTP/1.1" 200 10295 "https://remonster.online/" "Mozilla/5.0 (Linux; Android 10; K) AppleWebKit/537.36 (KHTML, like Gecko) Chrome/136.0.0.0 Mobile Safari/537.36"
2001:d08:1a07:3fc2:e4de:584c:f28d:79ee - - [08/Jun/2025:05:17:24 -0400] "GET /wp-content/plugins/simple-social-buttons/assets/js/frontend-blocks.js?ver=5.3.1 HTTP/1.1" 200 0 "https://remonster.online/" "Mozilla/5.0 (Linux; Android 10; K) AppleWebKit/537.36 (KHTML, like Gecko) Chrome/136.0.0.0 Mobile Safari/537.36"
2001:d08:1a07:3fc2:e4de:584c:f28d:79ee - - [08/Jun/2025:05:17:24 -0400] "GET /wp-includes/js/jquery/jquery-migrate.min.js?ver=3.4.1 HTTP/1.1" 200 4678 "https://remonster.online/" "Mozilla/5.0 (Linux; Android 10; K) AppleWebKit/537.36 (KHTML, like Gecko) Chrome/136.0.0.0 Mobile Safari/537.36"
2001:d08:1a07:3fc2:e4de:584c:f28d:79ee - - [08/Jun/2025:05:17:24 -0400] "GET /wp-includes/js/jquery/jquery.min.js?ver=3.7.1 HTTP/1.1" 200 29744 "https://remonster.online/" "Mozilla/5.0 (Linux; Android 10; K) AppleWebKit/537.36 (KHTML, like Gecko) Chrome/136.0.0.0 Mobile Safari/537.36"
2001:d08:1a07:3fc2:e4de:584c:f28d:79ee - - [08/Jun/2025:05:17:24 -0400] "GET /wp-content/plugins/links-auto-replacer/public/js/lar-public.js?ver=2.0.0 HTTP/1.1" 200 393 "https://remonster.online/" "Mozilla/5.0 (Linux; Android 10; K) AppleWebKit/537.36 (KHTML, like Gecko) Chrome/136.0.0.0 Mobile Safari/537.36"
2001:d08:1a07:3fc2:e4de:584c:f28d:79ee - - [08/Jun/2025:05:17:24 -0400] "GET /wp-content/plugins/simple-social-buttons/assets/js/front.js?ver=5.3.1 HTTP/1.1" 200 1932 "https://remonster.online/" "Mozilla/5.0 (Linux; Android 10; K) AppleWebKit/537.36 (KHTML, like Gecko) Chrome/136.0.0.0 Mobile Safari/537.36"
2001:d08:1a07:3fc2:e4de:584c:f28d:79ee - - [08/Jun/2025:05:17:24 -0400] "GET /wp-content/plugins/widgets-on-pages/public/css/widgets-on-pages-public.css?ver=1.4.0 HTTP/1.1" 200 83 "https://remonster.online/" "Mozilla/5.0 (Linux; Android 10; K) AppleWebKit/537.36 (KHTML, like Gecko) Chrome/136.0.0.0 Mobile Safari/537.36"
2001:d08:1a07:3fc2:e4de:584c:f28d:79ee - - [08/Jun/2025:05:17:24 -0400] "GET /wp-content/plugins/comic-easel/js/keynav.js HTTP/1.1" 200 302 "https://remonster.online/" "Mozilla/5.0 (Linux; Android 10; K) AppleWebKit/537.36 (KHTML, like Gecko) Chrome/136.0.0.0 Mobile Safari/537.36"
2001:d08:1a07:3fc2:e4de:584c:f28d:79ee - - [08/Jun/2025:05:17:24 -0400] "GET /wp-content/uploads/2021/11/LN_v09_001.jpeg HTTP/1.1" 200 1105440 "https://remonster.online/" "Mozilla/5.0 (Linux; Android 10; K) AppleWebKit/537.36 (KHTML, like Gecko) Chrome/136.0.0.0 Mobile Safari/537.36"
2001:d08:1a07:3fc2:e4de:584c:f28d:79ee - - [08/Jun/2025:05:17:24 -0400] "GET /wp-content/themes/toivo-lite/js/responsive-nav.min.js?ver=1.2.0 HTTP/1.1" 200 2102 "https://remonster.online/" "Mozilla/5.0 (Linux; Android 10; K) AppleWebKit/537.36 (KHTML, like Gecko) Chrome/136.0.0.0 Mobile Safari/537.36"
2001:d08:1a07:3fc2:e4de:584c:f28d:79ee - - [08/Jun/2025:05:17:24 -0400] "GET /wp-content/uploads/2021/11/cropped-670x300.jpg HTTP/1.1" 200 233958 "https://remonster.online/" "Mozilla/5.0 (Linux; Android 10; K) AppleWebKit/537.36 (KHTML, like Gecko) Chrome/136.0.0.0 Mobile Safari/537.36"
2001:d08:1a07:3fc2:e4de:584c:f28d:79ee - - [08/Jun/2025:05:17:25 -0400] "GET /wp-content/themes/toivo-lite/js/functions.min.js?ver=1.2.0 HTTP/1.1" 200 593 "https://remonster.online/" "Mozilla/5.0 (Linux; Android 10; K) AppleWebKit/537.36 (KHTML, like Gecko) Chrome/136.0.0.0 Mobile Safari/537.36"
2001:d08:1a07:3fc2:e4de:584c:f28d:79ee - - [08/Jun/2025:05:17:25 -0400] "GET /wp-content/themes/toivo-lite/js/settings.min.js?ver=1.2.0 HTTP/1.1" 200 307 "https://remonster.online/" "Mozilla/5.0 (Linux; Android 10; K) AppleWebKit/537.36 (KHTML, like Gecko) Chrome/136.0.0.0 Mobile Safari/537.36"
2001:d08:1a07:3fc2:e4de:584c:f28d:79ee - - [08/Jun/2025:05:17:28 -0400] "GET /wp-content/uploads/2021/11/cropped-CeDzRGZ-192x192.png HTTP/1.1" 200 68304 "https://remonster.online/" "Mozilla/5.0 (Linux; Android 10; K) AppleWebKit/537.36 (KHTML, like Gecko) Chrome/136.0.0.0 Mobile Safari/537.36"
2001:d08:1a07:3fc2:e4de:584c:f28d:79ee - - [08/Jun/2025:05:17:28 -0400] "GET /wp-content/uploads/2021/11/cropped-CeDzRGZ-180x180.png HTTP/1.1" 200 60430 "https://remonster.online/" "Mozilla/5.0 (Linux; Android 10; K) AppleWebKit/537.36 (KHTML, like Gecko) Chrome/136.0.0.0 Mobile Safari/537.36"
2001:8004:6970:6bee:15f1:f348:bc40:da5d - - [08/Jun/2025:05:18:49 -0400] "GET / HTTP/1.1" 200 10813 "https://search.brave.com/" "Mozilla/5.0 (Linux; Android 10; K) AppleWebKit/537.36 (KHTML, like Gecko) Chrome/137.0.0.0 Mobile Safari/537.36"
85.193.240.76 - - [08/Jun/2025:05:18:53 -0400] "GET /manga/re-monster-chapter-5/ HTTP/1.1" 200 18594 "https://remonster.online/manga/re-monster-chapter-4/" "Mozilla/5.0 (iPhone; CPU iPhone OS 18_5 like Mac OS X) AppleWebKit/605.1.15 (KHTML, like Gecko) Version/18.5 Mobile/15E148 Safari/604.1"
162.0.232.193 - - [08/Jun/2025:05:18:55 -0400] "POST /wp-cron.php?doing_wp_cron=1749374335.4558870792388916015625 HTTP/1.1" 200 0 "-" "WordPress/6.6.2; https://remonster.online"
85.193.240.76 - - [08/Jun/2025:05:18:53 -0400] "POST /wp-admin/admin-ajax.php HTTP/1.1" 200 69 "https://remonster.online/manga/re-monster-chapter-5/" "Mozilla/5.0 (iPhone; CPU iPhone OS 18_5 like Mac OS X) AppleWebKit/605.1.15 (KHTML, like Gecko) Version/18.5 Mobile/15E148 Safari/604.1"
2001:8004:6970:6bee:15f1:f348:bc40:da5d - - [08/Jun/2025:05:18:56 -0400] "GET / HTTP/1.1" 200 10813 "https://search.brave.com/" "Mozilla/5.0 (Linux; Android 10; K) AppleWebKit/537.36 (KHTML, like Gecko) Chrome/137.0.0.0 Mobile Safari/537.36"
2001:8004:6970:6bee:15f1:f348:bc40:da5d - - [08/Jun/2025:05:19:00 -0400] "GET /wp-content/uploads/2021/11/cropped-CeDzRGZ-180x180.png HTTP/1.1" 200 60430 "https://remonster.online/" "Mozilla/5.0 (Linux; Android 10; K) AppleWebKit/537.36 (KHTML, like Gecko) Chrome/137.0.0.0 Mobile Safari/537.36"
2001:8004:6970:6bee:15f1:f348:bc40:da5d - - [08/Jun/2025:05:19:13 -0400] "GET /manga/re-monster-chapter-1/ HTTP/1.1" 200 17990 "https://remonster.online/" "Mozilla/5.0 (Linux; Android 10; K) AppleWebKit/537.36 (KHTML, like Gecko) Chrome/137.0.0.0 Mobile Safari/537.36"
2001:8004:6970:6bee:15f1:f348:bc40:da5d - - [08/Jun/2025:05:19:13 -0400] "GET /manga/re-monster-chapter-1/ HTTP/1.1" 304 0 "https://remonster.online/" "Mozilla/5.0 (Linux; Android 10; K) AppleWebKit/537.36 (KHTML, like Gecko) Chrome/137.0.0.0 Mobile Safari/537.36"
2001:8f8:1123:f964:19b3:a0ca:4ffe:3d22 - - [08/Jun/2025:05:20:54 -0400] "GET /manga/re-monster-chapter-61/ HTTP/1.1" 200 17378 "https://remonster.online/manga/re-monster-chapter-60/" "Mozilla/5.0 (Linux; Android 10; K) AppleWebKit/537.36 (KHTML, like Gecko) SamsungBrowser/28.0 Chrome/130.0.0.0 Mobile Safari/537.36"
2001:8f8:1123:f964:19b3:a0ca:4ffe:3d22 - - [08/Jun/2025:05:20:53 -0400] "GET /tag/gobujii/ HTTP/1.1" 301 0 "https://remonster.online/manga/re-monster-chapter-60/" "Mozilla/5.0 (Linux; Android 10; K) AppleWebKit/537.36 (KHTML, like Gecko) SamsungBrowser/28.0 Chrome/130.0.0.0 Mobile Safari/537.36"
162.0.232.193 - - [08/Jun/2025:05:20:55 -0400] "POST /wp-cron.php?doing_wp_cron=1749374455.4669039249420166015625 HTTP/1.1" 200 0 "-" "WordPress/6.6.2; https://remonster.online"
103.169.35.190 - - [08/Jun/2025:05:20:54 -0400] "POST /xmlrpc.php HTTP/1.1" 200 186 "https://remonster.online" "Mozilla/5.0 (Macintosh; Intel Mac OS X 10_15_7) AppleWebKit/537.36 (KHTML, like Gecko) Chrome/112.0.5615.138 Safari/537.36"
103.169.35.190 - - [08/Jun/2025:05:20:56 -0400] "POST /wp-login.php HTTP/1.1" 200 1876 "https://remonster.online" "Mozilla/5.0 (Macintosh; Intel Mac OS X 13_3) AppleWebKit/537.36 (KHTML, like Gecko) Chrome/126.0.0.0 Safari/537.36 Edg/126.0.0.0"
85.193.240.76 - - [08/Jun/2025:05:20:59 -0400] "GET /manga/re-monster-chapter-6/ HTTP/1.1" 200 18960 "https://remonster.online/manga/re-monster-chapter-5/" "Mozilla/5.0 (iPhone; CPU iPhone OS 18_5 like Mac OS X) AppleWebKit/605.1.15 (KHTML, like Gecko) Version/18.5 Mobile/15E148 Safari/604.1"
85.193.240.76 - - [08/Jun/2025:05:20:59 -0400] "POST /wp-admin/admin-ajax.php HTTP/1.1" 200 69 "https://remonster.online/manga/re-monster-chapter-6/" "Mozilla/5.0 (iPhone; CPU iPhone OS 18_5 like Mac OS X) AppleWebKit/605.1.15 (KHTML, like Gecko) Version/18.5 Mobile/15E148 Safari/604.1"
2001:8004:6970:6bee:15f1:f348:bc40:da5d - - [08/Jun/2025:05:21:48 -0400] "GET /manga/re-monster-chapter-2/ HTTP/1.1" 200 18137 "https://remonster.online/manga/re-monster-chapter-1/" "Mozilla/5.0 (Linux; Android 10; K) AppleWebKit/537.36 (KHTML, like Gecko) Chrome/137.0.0.0 Mobile Safari/537.36"
2001:8004:6970:6bee:15f1:f348:bc40:da5d - - [08/Jun/2025:05:21:48 -0400] "GET /manga/re-monster-chapter-2/ HTTP/1.1" 304 0 "https://remonster.online/manga/re-monster-chapter-1/" "Mozilla/5.0 (Linux; Android 10; K) AppleWebKit/537.36 (KHTML, like Gecko) Chrome/137.0.0.0 Mobile Safari/537.36"
66.249.79.238 - - [08/Jun/2025:05:22:02 -0400] "GET /wp-content/uploads/2021/11/cropped-CeDzRGZ-32x32.png HTTP/1.1" 200 2410 "-" "Googlebot-Image/1.0"
85.193.240.76 - - [08/Jun/2025:05:22:16 -0400] "GET /manga/re-monster-chapter-7/ HTTP/1.1" 200 18550 "https://remonster.online/manga/re-monster-chapter-6/" "Mozilla/5.0 (iPhone; CPU iPhone OS 18_5 like Mac OS X) AppleWebKit/605.1.15 (KHTML, like Gecko) Version/18.5 Mobile/15E148 Safari/604.1"
162.0.232.193 - - [08/Jun/2025:05:22:17 -0400] "POST /wp-cron.php?doing_wp_cron=1749374537.4859709739685058593750 HTTP/1.1" 200 0 "-" "WordPress/6.6.2; https://remonster.online"
85.193.240.76 - - [08/Jun/2025:05:22:17 -0400] "POST /wp-admin/admin-ajax.php HTTP/1.1" 200 69 "https://remonster.online/manga/re-monster-chapter-7/" "Mozilla/5.0 (iPhone; CPU iPhone OS 18_5 like Mac OS X) AppleWebKit/605.1.15 (KHTML, like Gecko) Version/18.5 Mobile/15E148 Safari/604.1"
162.0.232.193 - - [08/Jun/2025:05:23:04 -0400] "POST /wp-cron.php?doing_wp_cron=1749374584.5536129474639892578125 HTTP/1.1" 200 0 "-" "WordPress/6.6.2; https://remonster.online"
103.205.211.78 - - [08/Jun/2025:05:23:04 -0400] "POST /xmlrpc.php HTTP/1.1" 200 205 "-" "Mozilla/5.0 (X11; Ubuntu; Linux x86_64; rv:85.0) Gecko/20100101 Firefox/91.0"
2a01:cb06:902c:2557:1ca:5dd8:f5b0:6036 - - [08/Jun/2025:05:23:41 -0400] "GET /manga/re-monster-chapter-13/ HTTP/1.1" 200 17389 "-" "Mozilla/5.0 (iPhone; CPU iPhone OS 18_5 like Mac OS X) AppleWebKit/605.1.15 (KHTML, like Gecko) Mobile/15E148"
131.226.104.251 - - [08/Jun/2025:05:23:48 -0400] "GET /manga/re-monster-chapter-5/ HTTP/1.1" 200 18540 "https://remonster.online/manga/re-monster-chapter-4/" "Mozilla/5.0 (iPhone; CPU iPhone OS 18_5 like Mac OS X) AppleWebKit/605.1.15 (KHTML, like Gecko) Version/18.5 Mobile/15E148 Safari/604.1 OPT/5.5.3"
162.0.232.193 - - [08/Jun/2025:05:23:49 -0400] "POST /wp-cron.php?doing_wp_cron=1749374629.7090320587158203125000 HTTP/1.1" 200 0 "-" "WordPress/6.6.2; https://remonster.online"
131.226.104.251 - - [08/Jun/2025:05:23:49 -0400] "POST /wp-admin/admin-ajax.php HTTP/1.1" 200 69 "https://remonster.online/manga/re-monster-chapter-5/" "Mozilla/5.0 (iPhone; CPU iPhone OS 18_5 like Mac OS X) AppleWebKit/605.1.15 (KHTML, like Gecko) Version/18.5 Mobile/15E148 Safari/604.1 OPT/5.5.3"
2003:cf:e737:cd00:74f8:f44a:1d3e:cf58 - - [08/Jun/2025:05:24:17 -0400] "GET /manga/re-monster-chapter-66/ HTTP/1.1" 200 18283 "https://remonster.online/manga/re-monster-chapter-65/" "Mozilla/5.0 (iPhone; CPU iPhone OS 16_7_11 like Mac OS X) AppleWebKit/605.1.15 (KHTML, like Gecko) Version/16.6.1 Mobile/15E148 Safari/604.1"
162.0.232.193 - - [08/Jun/2025:05:24:18 -0400] "POST /wp-cron.php?doing_wp_cron=1749374658.8841021060943603515625 HTTP/1.1" 200 0 "-" "WordPress/6.6.2; https://remonster.online"
2003:cf:e737:cd00:74f8:f44a:1d3e:cf58 - - [08/Jun/2025:05:24:18 -0400] "POST /wp-admin/admin-ajax.php HTTP/1.1" 200 69 "https://remonster.online/manga/re-monster-chapter-66/" "Mozilla/5.0 (iPhone; CPU iPhone OS 16_7_11 like Mac OS X) AppleWebKit/605.1.15 (KHTML, like Gecko) Version/16.6.1 Mobile/15E148 Safari/604.1"
162.0.232.193 - - [08/Jun/2025:05:24:58 -0400] "POST /wp-cron.php?doing_wp_cron=1749374698.3646628856658935546875 HTTP/1.1" 200 0 "-" "WordPress/6.6.2; https://remonster.online"
45.61.185.227 - - [08/Jun/2025:05:24:58 -0400] "POST /wp-json/sure-triggers/v1/automation/action HTTP/1.1" 404 114 "-" "Mozilla/5.0 (Macintosh; Intel Mac OS X 10_15_7) AppleWebKit/537.36 (KHTML, like Gecko) Chrome/113.0.0.0 Safari/537.36"
2403:4800:722d:9601:4cd1:6ce1:f53b:2a45 - - [08/Jun/2025:05:25:03 -0400] "GET / HTTP/1.1" 200 10863 "https://www.bing.com/" "Mozilla/5.0 (Windows NT 10.0; Win64; x64) AppleWebKit/537.36 (KHTML, like Gecko) Chrome/134.0.0.0 Safari/537.36 Edg/134.0.0.0"
2403:4800:722d:9601:4cd1:6ce1:f53b:2a45 - - [08/Jun/2025:05:25:03 -0400] "GET /wp-content/plugins/simple-social-buttons/assets/js/frontend-blocks.js?ver=5.3.1 HTTP/1.1" 200 0 "https://remonster.online/" "Mozilla/5.0 (Windows NT 10.0; Win64; x64) AppleWebKit/537.36 (KHTML, like Gecko) Chrome/134.0.0.0 Safari/537.36 Edg/134.0.0.0"
45.61.185.227 - - [08/Jun/2025:05:25:35 -0400] "GET / HTTP/1.1" 200 10900 "http://www.google.com.hk" "Mozilla/5.0 (Windows NT 6.1; WOW64) AppleWebKit/537.36 (KHTML, like Gecko) Chrome/42.0.2311.90 Safari/537.36"
54.86.66.252 - - [08/Jun/2025:05:26:11 -0400] "GET /manga/remonster-chapter-105/ HTTP/1.1" 200 18185 "-" "Mozilla/5.0 (Macintosh; Intel Mac OS X 10_10_1) AppleWebKit/600.1.25 (KHTML, like Gecko) Version/8.0 Safari/600.1.25"
162.0.232.193 - - [08/Jun/2025:05:26:30 -0400] "POST /wp-cron.php?doing_wp_cron=1749374790.5511350631713867187500 HTTP/1.1" 200 0 "-" "WordPress/6.6.2; https://remonster.online"
45.61.185.227 - - [08/Jun/2025:05:26:30 -0400] "GET /wp-login.php?wp_lang=e HTTP/1.1" 200 1745 "-" "Mozilla/5.0 (Windows NT 6.1; WOW64) AppleWebKit/537.36 (KHTML, like Gecko) Chrome/36.0.1985.125 Safari/537.36"
2001:8004:6970:6bee:15f1:f348:bc40:da5d - - [08/Jun/2025:05:26:35 -0400] "GET /manga/re-monster-chapter-3/ HTTP/1.1" 200 18027 "https://remonster.online/manga/re-monster-chapter-2/" "Mozilla/5.0 (Linux; Android 10; K) AppleWebKit/537.36 (KHTML, like Gecko) Chrome/137.0.0.0 Mobile Safari/537.36"
2001:8004:6970:6bee:15f1:f348:bc40:da5d - - [08/Jun/2025:05:26:35 -0400] "GET /manga/re-monster-chapter-3/ HTTP/1.1" 304 0 "https://remonster.online/manga/re-monster-chapter-2/" "Mozilla/5.0 (Linux; Android 10; K) AppleWebKit/537.36 (KHTML, like Gecko) Chrome/137.0.0.0 Mobile Safari/537.36"
45.61.185.227 - - [08/Jun/2025:05:26:37 -0400] "POST /wp-login.php?wp_lang=e HTTP/1.1" 200 1879 "-" "Mozilla/5.0 (Windows NT 6.1; WOW64) AppleWebKit/537.36 (KHTML, like Gecko) Chrome/36.0.1985.125 Safari/537.36"
172.178.141.128 - - [08/Jun/2025:05:26:52 -0400] "GET / HTTP/1.1" 304 0 "-" "Mozilla/5.0 AppleWebKit/537.36 (KHTML, like Gecko); compatible; ChatGPT-User/1.0; +https://openai.com/bot"
85.193.240.76 - - [08/Jun/2025:05:27:16 -0400] "GET /manga/re-monster-chapter-8/ HTTP/1.1" 200 16850 "https://remonster.online/manga/re-monster-chapter-7/" "Mozilla/5.0 (iPhone; CPU iPhone OS 18_5 like Mac OS X) AppleWebKit/605.1.15 (KHTML, like Gecko) Version/18.5 Mobile/15E148 Safari/604.1"
85.193.240.76 - - [08/Jun/2025:05:28:25 -0400] "GET /manga/re-monster-chapter-9/ HTTP/1.1" 200 17096 "https://remonster.online/manga/re-monster-chapter-8/" "Mozilla/5.0 (iPhone; CPU iPhone OS 18_5 like Mac OS X) AppleWebKit/605.1.15 (KHTML, like Gecko) Version/18.5 Mobile/15E148 Safari/604.1"
173.239.224.157 - - [08/Jun/2025:05:28:55 -0400] "GET /manga/re-monster-chapter-58/ HTTP/1.1" 200 17390 "https://remonster.online/manga/re-monster-chapter-57/" "Mozilla/5.0 (Linux; Android 10; K) AppleWebKit/537.36 (KHTML, like Gecko) Chrome/137.0.0.0 Mobile Safari/537.36"
173.239.224.157 - - [08/Jun/2025:05:28:55 -0400] "GET /manga/re-monster-chapter-58/ HTTP/1.1" 304 0 "https://remonster.online/manga/re-monster-chapter-57/" "Mozilla/5.0 (Linux; Android 10; K) AppleWebKit/537.36 (KHTML, like Gecko) Chrome/137.0.0.0 Mobile Safari/537.36"
66.249.79.236 - - [08/Jun/2025:05:29:31 -0400] "GET /manga/re-monster-chapter-50/ HTTP/1.1" 200 17389 "-" "Mozilla/5.0 (Linux; Android 6.0.1; Nexus 5X Build/MMB29P) AppleWebKit/537.36 (KHTML, like Gecko) Chrome/136.0.7103.113 Mobile Safari/537.36 (compatible; Googlebot/2.1; +http://www.google.com/bot.html)"
162.0.232.193 - - [08/Jun/2025:05:30:42 -0400] "POST /wp-cron.php?doing_wp_cron=1749375042.2131938934326171875000 HTTP/1.1" 200 0 "-" "WordPress/6.6.2; https://remonster.online"
198.44.191.225 - - [08/Jun/2025:05:30:42 -0400] "POST /wp-login.php HTTP/1.1" 200 1876 "-" "Mozilla/5.0"
197.221.123.2 - - [08/Jun/2025:05:30:47 -0400] "GET / HTTP/1.1" 200 10863 "-" "Mozilla/5.0 (Windows NT 10.0; Win64; x64) AppleWebKit/537.36 (KHTML, like Gecko) Chrome/137.0.0.0 Safari/537.36"
197.221.123.2 - - [08/Jun/2025:05:30:48 -0400] "GET /wp-content/uploads/2021/11/CeDzRGZ-300x266.png HTTP/1.1" 200 144941 "https://remonster.online/" "Mozilla/5.0 (Windows NT 10.0; Win64; x64) AppleWebKit/537.36 (KHTML, like Gecko) Chrome/137.0.0.0 Safari/537.36"
197.221.123.2 - - [08/Jun/2025:05:30:48 -0400] "GET /wp-content/uploads/2021/11/8168f-bSGoS-717x1024.jpeg HTTP/1.1" 200 200846 "https://remonster.online/" "Mozilla/5.0 (Windows NT 10.0; Win64; x64) AppleWebKit/537.36 (KHTML, like Gecko) Chrome/137.0.0.0 Safari/537.36"
197.221.123.2 - - [08/Jun/2025:05:30:48 -0400] "GET /wp-content/uploads/2021/11/LN_v09_001-697x1024.jpeg HTTP/1.1" 200 214016 "https://remonster.online/" "Mozilla/5.0 (Windows NT 10.0; Win64; x64) AppleWebKit/537.36 (KHTML, like Gecko) Chrome/137.0.0.0 Safari/537.36"
85.193.240.76 - - [08/Jun/2025:05:30:58 -0400] "GET /manga/re-monster-chapter-10/ HTTP/1.1" 200 17032 "https://remonster.online/manga/re-monster-chapter-9/" "Mozilla/5.0 (iPhone; CPU iPhone OS 18_5 like Mac OS X) AppleWebKit/605.1.15 (KHTML, like Gecko) Version/18.5 Mobile/15E148 Safari/604.1"
85.193.240.76 - - [08/Jun/2025:05:30:58 -0400] "POST /wp-admin/admin-ajax.php HTTP/1.1" 200 69 "https://remonster.online/manga/re-monster-chapter-10/" "Mozilla/5.0 (iPhone; CPU iPhone OS 18_5 like Mac OS X) AppleWebKit/605.1.15 (KHTML, like Gecko) Version/18.5 Mobile/15E148 Safari/604.1"
131.226.104.251 - - [08/Jun/2025:05:31:04 -0400] "GET /manga/re-monster-chapter-6/ HTTP/1.1" 200 18960 "https://remonster.online/manga/re-monster-chapter-5/" "Mozilla/5.0 (iPhone; CPU iPhone OS 18_5 like Mac OS X) AppleWebKit/605.1.15 (KHTML, like Gecko) Version/18.5 Mobile/15E148 Safari/604.1 OPT/5.5.3"
131.226.104.251 - - [08/Jun/2025:05:31:04 -0400] "POST /wp-admin/admin-ajax.php HTTP/1.1" 200 69 "https://remonster.online/manga/re-monster-chapter-6/" "Mozilla/5.0 (iPhone; CPU iPhone OS 18_5 like Mac OS X) AppleWebKit/605.1.15 (KHTML, like Gecko) Version/18.5 Mobile/15E148 Safari/604.1 OPT/5.5.3"
2a02:598:128:8a00::b00:2 - - [08/Jun/2025:05:31:22 -0400] "GET /manga/re-monster-chapter-48/ HTTP/1.1" 200 17417 "-" "Mozilla/5.0 (compatible; SeznamBot/4.0; +https://o-seznam.cz/napoveda/vyhledavani/en/seznambot-crawler/)"
2001:8004:6970:6bee:15f1:f348:bc40:da5d - - [08/Jun/2025:05:31:27 -0400] "GET /manga/re-monster-chapter-2/ HTTP/1.1" 304 0 "https://remonster.online/manga/re-monster-chapter-3/" "Mozilla/5.0 (Linux; Android 10; K) AppleWebKit/537.36 (KHTML, like Gecko) Chrome/137.0.0.0 Mobile Safari/537.36"
2001:8004:6970:6bee:15f1:f348:bc40:da5d - - [08/Jun/2025:05:31:31 -0400] "GET /manga/re-monster-chapter-4/ HTTP/1.1" 200 18436 "https://remonster.online/manga/re-monster-chapter-3/" "Mozilla/5.0 (Linux; Android 10; K) AppleWebKit/537.36 (KHTML, like Gecko) Chrome/137.0.0.0 Mobile Safari/537.36"
2001:8004:6970:6bee:15f1:f348:bc40:da5d - - [08/Jun/2025:05:31:32 -0400] "GET /manga/re-monster-chapter-4/ HTTP/1.1" 304 0 "https://remonster.online/manga/re-monster-chapter-3/" "Mozilla/5.0 (Linux; Android 10; K) AppleWebKit/537.36 (KHTML, like Gecko) Chrome/137.0.0.0 Mobile Safari/537.36"
2001:8004:6970:6bee:15f1:f348:bc40:da5d - - [08/Jun/2025:05:31:35 -0400] "GET /manga/re-monster-chapter-4/ HTTP/1.1" 304 0 "https://remonster.online/manga/re-monster-chapter-4/" "Mozilla/5.0 (Linux; Android 10; K) AppleWebKit/537.36 (KHTML, like Gecko) Chrome/137.0.0.0 Mobile Safari/537.36"
2001:8004:6970:6bee:15f1:f348:bc40:da5d - - [08/Jun/2025:05:31:36 -0400] "GET /wp-content/plugins/wp-rocket/assets/js/wpr-beacon.min.js HTTP/1.1" 200 3530 "https://remonster.online/manga/re-monster-chapter-4/" "Mozilla/5.0 (Linux; Android 10; K) AppleWebKit/537.36 (KHTML, like Gecko) Chrome/137.0.0.0 Mobile Safari/537.36"
79.45.143.213 - - [08/Jun/2025:05:31:46 -0400] "GET /manga/re-monster-chapter-35/ HTTP/1.1" 200 17767 "https://remonster.online/manga/re-monster-chapter-34/" "Mozilla/5.0 (Windows NT 10.0; Win64; x64) AppleWebKit/537.36 (KHTML, like Gecko) Chrome/137.0.0.0 Safari/537.36 Edg/137.0.0.0"
79.45.143.213 - - [08/Jun/2025:05:31:47 -0400] "GET /manga/re-monster-chapter-35/ HTTP/1.1" 304 0 "https://remonster.online/manga/re-monster-chapter-34/" "Mozilla/5.0 (Windows NT 10.0; Win64; x64) AppleWebKit/537.36 (KHTML, like Gecko) Chrome/137.0.0.0 Safari/537.36 Edg/137.0.0.0"
162.0.232.193 - - [08/Jun/2025:05:31:48 -0400] "POST /wp-cron.php?doing_wp_cron=1749375108.4444410800933837890625 HTTP/1.1" 200 0 "-" "WordPress/6.6.2; https://remonster.online"
79.45.143.213 - - [08/Jun/2025:05:31:48 -0400] "POST /wp-admin/admin-ajax.php HTTP/1.1" 200 69 "https://remonster.online/manga/re-monster-chapter-35/" "Mozilla/5.0 (Windows NT 10.0; Win64; x64) AppleWebKit/537.36 (KHTML, like Gecko) Chrome/137.0.0.0 Safari/537.36 Edg/137.0.0.0"
85.193.240.76 - - [08/Jun/2025:05:32:01 -0400] "GET /manga/re-monster-chapter-11/ HTTP/1.1" 200 18103 "https://remonster.online/manga/re-monster-chapter-10/" "Mozilla/5.0 (iPhone; CPU iPhone OS 18_5 like Mac OS X) AppleWebKit/605.1.15 (KHTML, like Gecko) Version/18.5 Mobile/15E148 Safari/604.1"
85.193.240.76 - - [08/Jun/2025:05:32:02 -0400] "POST /wp-admin/admin-ajax.php HTTP/1.1" 200 69 "https://remonster.online/manga/re-monster-chapter-11/" "Mozilla/5.0 (iPhone; CPU iPhone OS 18_5 like Mac OS X) AppleWebKit/605.1.15 (KHTML, like Gecko) Version/18.5 Mobile/15E148 Safari/604.1"
85.193.240.76 - - [08/Jun/2025:05:32:21 -0400] "GET /manga/re-monster-chapter-12/ HTTP/1.1" 200 17806 "https://remonster.online/manga/re-monster-chapter-11/" "Mozilla/5.0 (iPhone; CPU iPhone OS 18_5 like Mac OS X) AppleWebKit/605.1.15 (KHTML, like Gecko) Version/18.5 Mobile/15E148 Safari/604.1"
162.0.232.193 - - [08/Jun/2025:05:32:21 -0400] "POST /wp-cron.php?doing_wp_cron=1749375141.6875910758972167968750 HTTP/1.1" 200 0 "-" "WordPress/6.6.2; https://remonster.online"
85.193.240.76 - - [08/Jun/2025:05:32:21 -0400] "POST /wp-admin/admin-ajax.php HTTP/1.1" 200 69 "https://remonster.online/manga/re-monster-chapter-12/" "Mozilla/5.0 (iPhone; CPU iPhone OS 18_5 like Mac OS X) AppleWebKit/605.1.15 (KHTML, like Gecko) Version/18.5 Mobile/15E148 Safari/604.1"
162.0.232.193 - - [08/Jun/2025:05:34:23 -0400] "POST /wp-cron.php?doing_wp_cron=1749375263.7134020328521728515625 HTTP/1.1" 200 0 "-" "WordPress/6.6.2; https://remonster.online"
2803:1500:1c00:250f:641f:5379:27e0:c0ee - - [08/Jun/2025:05:34:20 -0400] "POST /wp-admin/admin-ajax.php HTTP/1.1" 200 69 "https://remonster.online/manga/re-monster-chapter-34/" "Mozilla/5.0 (Windows NT 10.0; Win64; x64; rv:139.0) Gecko/20100101 Firefox/139.0"
2001:8004:6970:6bee:15f1:f348:bc40:da5d - - [08/Jun/2025:05:34:55 -0400] "GET /category/remonster-manga/ HTTP/1.1" 200 25229 "https://remonster.online/manga/re-monster-chapter-4/" "Mozilla/5.0 (Linux; Android 10; K) AppleWebKit/537.36 (KHTML, like Gecko) Chrome/137.0.0.0 Mobile Safari/537.36"
2001:8004:6970:6bee:15f1:f348:bc40:da5d - - [08/Jun/2025:05:34:55 -0400] "GET /manga/re-monster-chapter-5/ HTTP/1.1" 200 18540 "https://remonster.online/manga/re-monster-chapter-4/" "Mozilla/5.0 (Linux; Android 10; K) AppleWebKit/537.36 (KHTML, like Gecko) Chrome/137.0.0.0 Mobile Safari/537.36"
2001:8004:6970:6bee:15f1:f348:bc40:da5d - - [08/Jun/2025:05:34:56 -0400] "GET /manga/re-monster-chapter-5/ HTTP/1.1" 304 0 "https://remonster.online/manga/re-monster-chapter-4/" "Mozilla/5.0 (Linux; Android 10; K) AppleWebKit/537.36 (KHTML, like Gecko) Chrome/137.0.0.0 Mobile Safari/537.36"
162.0.232.193 - - [08/Jun/2025:05:34:57 -0400] "POST /wp-cron.php?doing_wp_cron=1749375297.0621290206909179687500 HTTP/1.1" 200 0 "-" "WordPress/6.6.2; https://remonster.online"
2001:8004:6970:6bee:15f1:f348:bc40:da5d - - [08/Jun/2025:05:34:56 -0400] "POST /wp-admin/admin-ajax.php HTTP/1.1" 200 69 "https://remonster.online/manga/re-monster-chapter-5/" "Mozilla/5.0 (Linux; Android 10; K) AppleWebKit/537.36 (KHTML, like Gecko) Chrome/137.0.0.0 Mobile Safari/537.36"
2001:8004:6970:6bee:15f1:f348:bc40:da5d - - [08/Jun/2025:05:35:04 -0400] "GET /manga/re-monster-chapter-5/ HTTP/1.1" 304 0 "https://remonster.online/manga/re-monster-chapter-5/" "Mozilla/5.0 (Linux; Android 10; K) AppleWebKit/537.36 (KHTML, like Gecko) Chrome/137.0.0.0 Mobile Safari/537.36"
2001:8f8:1123:f964:19b3:a0ca:4ffe:3d22 - - [08/Jun/2025:05:35:22 -0400] "GET /manga/re-monster-chapter-60/ HTTP/1.1" 304 0 "https://remonster.online/manga/re-monster-chapter-61/" "Mozilla/5.0 (Linux; Android 10; K) AppleWebKit/537.36 (KHTML, like Gecko) SamsungBrowser/28.0 Chrome/130.0.0.0 Mobile Safari/537.36"
2001:8f8:1123:f964:19b3:a0ca:4ffe:3d22 - - [08/Jun/2025:05:35:22 -0400] "GET /tag/remonster/ HTTP/1.1" 301 0 "https://remonster.online/manga/re-monster-chapter-61/" "Mozilla/5.0 (Linux; Android 10; K) AppleWebKit/537.36 (KHTML, like Gecko) SamsungBrowser/28.0 Chrome/130.0.0.0 Mobile Safari/537.36"
2001:8f8:1123:f964:19b3:a0ca:4ffe:3d22 - - [08/Jun/2025:05:35:23 -0400] "GET /manga/re-monster-chapter-62/ HTTP/1.1" 200 17804 "https://remonster.online/manga/re-monster-chapter-61/" "Mozilla/5.0 (Linux; Android 10; K) AppleWebKit/537.36 (KHTML, like Gecko) SamsungBrowser/28.0 Chrome/130.0.0.0 Mobile Safari/537.36"
2001:8f8:1123:f964:19b3:a0ca:4ffe:3d22 - - [08/Jun/2025:05:35:23 -0400] "GET / HTTP/1.1" 304 0 "https://remonster.online/manga/re-monster-chapter-61/" "Mozilla/5.0 (Linux; Android 10; K) AppleWebKit/537.36 (KHTML, like Gecko) SamsungBrowser/28.0 Chrome/130.0.0.0 Mobile Safari/537.36"
162.0.232.193 - - [08/Jun/2025:05:35:24 -0400] "POST /wp-cron.php?doing_wp_cron=1749375324.2368619441986083984375 HTTP/1.1" 200 0 "-" "WordPress/6.6.2; https://remonster.online"
84.161.184.252 - - [08/Jun/2025:05:35:24 -0400] "GET /manga/re-monster-chapter-67/ HTTP/1.1" 200 17980 "https://remonster.online/manga/re-monster-chapter-66/" "Mozilla/5.0 (iPhone; CPU iPhone OS 16_7_11 like Mac OS X) AppleWebKit/605.1.15 (KHTML, like Gecko) Version/16.6.1 Mobile/15E148 Safari/604.1"
2001:8f8:1123:f964:19b3:a0ca:4ffe:3d22 - - [08/Jun/2025:05:35:24 -0400] "POST /wp-admin/admin-ajax.php HTTP/1.1" 200 69 "https://remonster.online/manga/re-monster-chapter-62/" "Mozilla/5.0 (Linux; Android 10; K) AppleWebKit/537.36 (KHTML, like Gecko) SamsungBrowser/28.0 Chrome/130.0.0.0 Mobile Safari/537.36"
84.161.184.252 - - [08/Jun/2025:05:35:25 -0400] "POST /wp-admin/admin-ajax.php HTTP/1.1" 200 69 "https://remonster.online/manga/re-monster-chapter-67/" "Mozilla/5.0 (iPhone; CPU iPhone OS 16_7_11 like Mac OS X) AppleWebKit/605.1.15 (KHTML, like Gecko) Version/16.6.1 Mobile/15E148 Safari/604.1"
131.226.104.251 - - [08/Jun/2025:05:35:30 -0400] "GET /manga/re-monster-chapter-7/ HTTP/1.1" 200 18493 "https://remonster.online/manga/re-monster-chapter-6/" "Mozilla/5.0 (iPhone; CPU iPhone OS 18_5 like Mac OS X) AppleWebKit/605.1.15 (KHTML, like Gecko) Version/18.5 Mobile/15E148 Safari/604.1 OPT/5.5.3"
162.0.232.193 - - [08/Jun/2025:05:35:31 -0400] "POST /wp-cron.php?doing_wp_cron=1749375330.9385309219360351562500 HTTP/1.1" 200 0 "-" "WordPress/6.6.2; https://remonster.online"
131.226.104.251 - - [08/Jun/2025:05:35:30 -0400] "POST /wp-admin/admin-ajax.php HTTP/1.1" 200 69 "https://remonster.online/manga/re-monster-chapter-7/" "Mozilla/5.0 (iPhone; CPU iPhone OS 18_5 like Mac OS X) AppleWebKit/605.1.15 (KHTML, like Gecko) Version/18.5 Mobile/15E148 Safari/604.1 OPT/5.5.3"
2404:160:806d:eb44:40f7:84ff:fec1:1aae - - [08/Jun/2025:05:35:35 -0400] "GET /manga/re-monster-chapter-29/ HTTP/1.1" 200 17101 "https://www.google.com/" "Mozilla/5.0 (Linux; Android 10; K) AppleWebKit/537.36 (KHTML, like Gecko) Chrome/126.0.0.0 Mobile Safari/537.36"
2a02:a420:232:8c76:2281:75bb:c134:b295 - - [08/Jun/2025:05:35:36 -0400] "GET / HTTP/1.1" 200 10849 "https://www.google.com/" "Mozilla/5.0 (Linux; Android 10; K) AppleWebKit/537.36 (KHTML, like Gecko) Chrome/137.0.0.0 Mobile Safari/537.36"
2404:160:806d:eb44:40f7:84ff:fec1:1aae - - [08/Jun/2025:05:35:38 -0400] "GET /manga/re-monster-chapter-29/ HTTP/1.1" 304 0 "https://remonster.online/manga/re-monster-chapter-29/" "Mozilla/5.0 (Linux; Android 10; K) AppleWebKit/537.36 (KHTML, like Gecko) Chrome/126.0.0.0 Mobile Safari/537.36"
2404:160:806d:eb44:40f7:84ff:fec1:1aae - - [08/Jun/2025:05:35:56 -0400] "GET /manga/re-monster-chapter-28/ HTTP/1.1" 200 17368 "https://remonster.online/manga/re-monster-chapter-29/" "Mozilla/5.0 (Linux; Android 10; K) AppleWebKit/537.36 (KHTML, like Gecko) Chrome/126.0.0.0 Mobile Safari/537.36"
2a02:a420:232:8c76:2281:75bb:c134:b295 - - [08/Jun/2025:05:36:11 -0400] "GET /manga/remonster-chapter-100/ HTTP/1.1" 200 15536 "-" "Mozilla/5.0 (Linux; Android 10; K) AppleWebKit/537.36 (KHTML, like Gecko) Chrome/137.0.0.0 Mobile Safari/537.36"
2a02:a420:232:8c76:2281:75bb:c134:b295 - - [08/Jun/2025:05:36:12 -0400] "GET /manga/remonster-chapter-100/ HTTP/1.1" 200 15536 "https://remonster.online/" "Mozilla/5.0 (Linux; Android 10; K) AppleWebKit/537.36 (KHTML, like Gecko) Chrome/137.0.0.0 Mobile Safari/537.36"
2a02:a420:232:8c76:2281:75bb:c134:b295 - - [08/Jun/2025:05:36:12 -0400] "GET /manga/remonster-chapter-105/ HTTP/1.1" 200 18283 "-" "Mozilla/5.0 (Linux; Android 10; K) AppleWebKit/537.36 (KHTML, like Gecko) Chrome/137.0.0.0 Mobile Safari/537.36"
2a02:a420:232:8c76:2281:75bb:c134:b295 - - [08/Jun/2025:05:36:13 -0400] "GET /manga/remonster-chapter-100/ HTTP/1.1" 200 15536 "https://remonster.online/" "Mozilla/5.0 (Linux; Android 10; K) AppleWebKit/537.36 (KHTML, like Gecko) Chrome/137.0.0.0 Mobile Safari/537.36"
162.0.232.193 - - [08/Jun/2025:05:36:18 -0400] "POST /wp-cron.php?doing_wp_cron=1749375378.4414389133453369140625 HTTP/1.1" 200 0 "-" "WordPress/6.6.2; https://remonster.online"
2a02:a420:232:8c76:2281:75bb:c134:b295 - - [08/Jun/2025:05:36:18 -0400] "POST /wp-admin/admin-ajax.php HTTP/1.1" 200 69 "https://remonster.online/manga/remonster-chapter-100/" "Mozilla/5.0 (Linux; Android 10; K) AppleWebKit/537.36 (KHTML, like Gecko) Chrome/137.0.0.0 Mobile Safari/537.36"
2404:160:806d:eb44:40f7:84ff:fec1:1aae - - [08/Jun/2025:05:36:26 -0400] "GET /category/manga/ HTTP/1.1" 200 25296 "https://remonster.online/manga/re-monster-chapter-28/" "Mozilla/5.0 (Linux; Android 10; K) AppleWebKit/537.36 (KHTML, like Gecko) Chrome/126.0.0.0 Mobile Safari/537.36"
2404:160:806d:eb44:40f7:84ff:fec1:1aae - - [08/Jun/2025:05:36:29 -0400] "GET /manga/re-monster-chapter-29/ HTTP/1.1" 304 0 "https://remonster.online/manga/re-monster-chapter-28/" "Mozilla/5.0 (Linux; Android 10; K) AppleWebKit/537.36 (KHTML, like Gecko) Chrome/126.0.0.0 Mobile Safari/537.36"
162.0.232.193 - - [08/Jun/2025:05:37:05 -0400] "POST /wp-cron.php?doing_wp_cron=1749375425.5320839881896972656250 HTTP/1.1" 200 0 "-" "WordPress/6.6.2; https://remonster.online"
2001:44c8:4151:120:4051:e2ce:30a7:9d7f - - [08/Jun/2025:05:37:05 -0400] "GET /apple-touch-icon-precomposed.png HTTP/1.1" 301 0 "-" "NetworkingExtension/8621.2.5.10.10 Network/4277.122.6 iOS/18.5"
2001:44c8:4151:120:4051:e2ce:30a7:9d7f - - [08/Jun/2025:05:37:05 -0400] "GET /favicon.ico HTTP/1.1" 302 0 "-" "NetworkingExtension/8621.2.5.10.10 Network/4277.122.6 iOS/18.5"
2001:44c8:4151:120:4051:e2ce:30a7:9d7f - - [08/Jun/2025:05:37:05 -0400] "GET /apple-touch-icon.png HTTP/1.1" 301 0 "-" "NetworkingExtension/8621.2.5.10.10 Network/4277.122.6 iOS/18.5"
2001:44c8:4151:120:4051:e2ce:30a7:9d7f - - [08/Jun/2025:05:37:06 -0400] "GET / HTTP/1.1" 200 10863 "-" "NetworkingExtension/8621.2.5.10.10 Network/4277.122.6 iOS/18.5"
2001:44c8:4151:120:4051:e2ce:30a7:9d7f - - [08/Jun/2025:05:37:05 -0400] "GET /manga/remonster-chapter-87/ HTTP/1.1" 200 13798 "-" "Mozilla/5.0 (Macintosh; Intel Mac OS X 10_11_1) AppleWebKit/601.2.4 (KHTML, like Gecko) Version/9.0.1 Safari/601.2.4 facebookexternalhit/1.1 Facebot Twitterbot/1.0"
2001:44c8:4151:120:4051:e2ce:30a7:9d7f - - [08/Jun/2025:05:37:06 -0400] "GET / HTTP/1.1" 200 10863 "-" "NetworkingExtension/8621.2.5.10.10 Network/4277.122.6 iOS/18.5"
114.119.142.210 - - [08/Jun/2025:05:37:21 -0400] "GET /manga/remonster-chapter-76/ HTTP/1.1" 200 17400 "http://remonster.online/" "Mozilla/5.0 (Linux; Android 7.0;) AppleWebKit/537.36 (KHTML, like Gecko) Mobile Safari/537.36 (compatible; PetalBot;+https://webmaster.petalsearch.com/site/petalbot)"
180.70.219.114 - - [08/Jun/2025:05:37:31 -0400] "GET /remonster-chapter-86/ HTTP/1.1" 200 12912 "-" "Mozilla/5.0 (Linux; Android 10; K) AppleWebKit/537.36 (KHTML, like Gecko) Chrome/137.0.0.0 Mobile Safari/537.36"
162.0.232.193 - - [08/Jun/2025:05:37:31 -0400] "POST /wp-cron.php?doing_wp_cron=1749375451.7516698837280273437500 HTTP/1.1" 200 0 "-" "WordPress/6.6.2; https://remonster.online"
