52.169.74.151 - - [08/Jun/2025:08:15:47 -0400] "GET / HTTP/1.1" 200 10900 "-" "-"
52.169.74.151 - - [08/Jun/2025:08:15:48 -0400] "GET /wp-includes/blocks/about.php HTTP/1.1" 301 0 "-" "-"
52.169.74.151 - - [08/Jun/2025:08:15:48 -0400] "GET / HTTP/1.1" 200 10863 "-" "-"
52.169.74.151 - - [08/Jun/2025:08:15:48 -0400] "GET /wp-includes/Text/about.php HTTP/1.1" 301 0 "-" "-"
52.169.74.151 - - [08/Jun/2025:08:15:48 -0400] "GET / HTTP/1.1" 200 10893 "-" "-"
52.169.74.151 - - [08/Jun/2025:08:15:49 -0400] "GET /wp-content/themes/wp-pridmag/init.php HTTP/1.1" 301 0 "-" "-"
52.169.74.151 - - [08/Jun/2025:08:15:49 -0400] "GET / HTTP/1.1" 200 10900 "-" "-"
52.169.74.151 - - [08/Jun/2025:08:15:49 -0400] "GET /wp-content/themes/index.php HTTP/1.1" 200 0 "-" "-"
52.169.74.151 - - [08/Jun/2025:08:15:49 -0400] "GET /wp-includes/plugins.php HTTP/1.1" 301 0 "-" "-"
52.169.74.151 - - [08/Jun/2025:08:15:50 -0400] "GET / HTTP/1.1" 200 10863 "-" "-"
52.169.74.151 - - [08/Jun/2025:08:15:50 -0400] "GET /wp-content/upgrade/wp-login.php HTTP/1.1" 301 0 "-" "-"
52.169.74.151 - - [08/Jun/2025:08:15:50 -0400] "GET / HTTP/1.1" 200 10863 "-" "-"
52.169.74.151 - - [08/Jun/2025:08:15:50 -0400] "GET /wp-includes/certificates/wp-login.php HTTP/1.1" 301 0 "-" "-"
52.169.74.151 - - [08/Jun/2025:08:15:51 -0400] "GET / HTTP/1.1" 200 10863 "-" "-"
52.169.74.151 - - [08/Jun/2025:08:15:51 -0400] "GET /wp-admin/css/network.php HTTP/1.1" 301 0 "-" "-"
52.169.74.151 - - [08/Jun/2025:08:15:51 -0400] "GET / HTTP/1.1" 200 10863 "-" "-"
52.169.74.151 - - [08/Jun/2025:08:15:51 -0400] "GET /wp-cron.php HTTP/1.1" 200 0 "-" "-"
52.169.74.151 - - [08/Jun/2025:08:15:52 -0400] "GET /assets/bypass.php HTTP/1.1" 301 0 "-" "-"
52.169.74.151 - - [08/Jun/2025:08:15:52 -0400] "GET / HTTP/1.1" 200 10863 "-" "-"
52.169.74.151 - - [08/Jun/2025:08:15:52 -0400] "GET /sx.php HTTP/1.1" 301 0 "-" "-"
52.169.74.151 - - [08/Jun/2025:08:15:52 -0400] "GET / HTTP/1.1" 200 10863 "-" "-"
52.169.74.151 - - [08/Jun/2025:08:15:52 -0400] "GET /0x.php HTTP/1.1" 301 0 "-" "-"
52.169.74.151 - - [08/Jun/2025:08:15:53 -0400] "GET / HTTP/1.1" 200 10863 "-" "-"
52.169.74.151 - - [08/Jun/2025:08:15:53 -0400] "GET /adminfuns.php HTTP/1.1" 301 0 "-" "-"
52.169.74.151 - - [08/Jun/2025:08:15:53 -0400] "GET / HTTP/1.1" 200 10900 "-" "-"
52.169.74.151 - - [08/Jun/2025:08:15:53 -0400] "GET /wp-includes/about.php HTTP/1.1" 301 0 "-" "-"
52.169.74.151 - - [08/Jun/2025:08:15:54 -0400] "GET / HTTP/1.1" 200 10863 "-" "-"
52.169.74.151 - - [08/Jun/2025:08:15:54 -0400] "GET /wp-admin/js/ HTTP/1.1" 200 3219 "-" "-"
52.169.74.151 - - [08/Jun/2025:08:15:54 -0400] "GET /wp-admin/images/chosen.php HTTP/1.1" 301 0 "-" "-"
52.169.74.151 - - [08/Jun/2025:08:15:54 -0400] "GET / HTTP/1.1" 200 10893 "-" "-"
52.169.74.151 - - [08/Jun/2025:08:15:55 -0400] "GET /wp-includes/wp-class.php HTTP/1.1" 301 0 "-" "-"
52.169.74.151 - - [08/Jun/2025:08:15:55 -0400] "GET / HTTP/1.1" 200 10863 "-" "-"
52.169.74.151 - - [08/Jun/2025:08:15:55 -0400] "GET /wp-admin/install.php HTTP/1.1" 200 426 "-" "-"
52.169.74.151 - - [08/Jun/2025:08:15:55 -0400] "GET /wp-includes/js/tinymce/skins/lightgray/img/index.php HTTP/1.1" 301 0 "-" "-"
52.169.74.151 - - [08/Jun/2025:08:15:56 -0400] "GET / HTTP/1.1" 200 10863 "-" "-"
52.169.74.151 - - [08/Jun/2025:08:15:56 -0400] "GET /cgi-bin/about.php HTTP/1.1" 301 0 "-" "-"
52.169.74.151 - - [08/Jun/2025:08:15:56 -0400] "GET / HTTP/1.1" 200 10863 "-" "-"
52.169.74.151 - - [08/Jun/2025:08:15:56 -0400] "GET /wp-admin/css/colors/about.php HTTP/1.1" 301 0 "-" "-"
52.169.74.151 - - [08/Jun/2025:08:15:56 -0400] "GET / HTTP/1.1" 200 10863 "-" "-"
52.169.74.151 - - [08/Jun/2025:08:15:57 -0400] "GET /.well-known/classwithtostring.php HTTP/1.1" 301 0 "-" "-"
52.169.74.151 - - [08/Jun/2025:08:15:57 -0400] "GET / HTTP/1.1" 200 10900 "-" "-"
52.169.74.151 - - [08/Jun/2025:08:15:57 -0400] "GET /wp-admin/js/about.php HTTP/1.1" 301 0 "-" "-"
52.169.74.151 - - [08/Jun/2025:08:15:57 -0400] "GET / HTTP/1.1" 200 10863 "-" "-"
52.169.74.151 - - [08/Jun/2025:08:15:58 -0400] "GET /comfunctions.php HTTP/1.1" 301 0 "-" "-"
52.169.74.151 - - [08/Jun/2025:08:15:58 -0400] "GET / HTTP/1.1" 200 10900 "-" "-"
52.169.74.151 - - [08/Jun/2025:08:15:58 -0400] "GET /images/class-config.php HTTP/1.1" 301 0 "-" "-"
52.169.74.151 - - [08/Jun/2025:08:15:58 -0400] "GET / HTTP/1.1" 200 10893 "-" "-"
52.169.74.151 - - [08/Jun/2025:08:15:59 -0400] "GET /wp-includes/widgets/include.php HTTP/1.1" 301 0 "-" "-"
52.169.74.151 - - [08/Jun/2025:08:15:59 -0400] "GET / HTTP/1.1" 200 10863 "-" "-"
52.169.74.151 - - [08/Jun/2025:08:15:59 -0400] "GET /install.php HTTP/1.1" 301 0 "-" "-"
52.169.74.151 - - [08/Jun/2025:08:16:00 -0400] "GET / HTTP/1.1" 200 10863 "-" "-"
196.251.80.244 - - [08/Jun/2025:08:15:46 -0400] "POST //xmlrpc.php HTTP/1.1" 200 205 "-" "Mozilla/5.0 (Windows NT 10.0; Win64; x64) AppleWebKit/537.36 (KHTML, like Gecko) Chrome/89.0.4389.114 Safari/537.36"
157.245.148.39 - - [08/Jun/2025:08:15:46 -0400] "POST //xmlrpc.php HTTP/1.1" 200 205 "-" "Mozilla/5.0 (Windows NT 10.0; Win64; x64) AppleWebKit/537.36 (KHTML, like Gecko) Chrome/78.0.3904.108 Safari/537.36"
52.169.74.151 - - [08/Jun/2025:08:16:00 -0400] "GET /.well-known/acme-challenge/admin.php HTTP/1.1" 301 0 "-" "-"
52.169.74.151 - - [08/Jun/2025:08:16:00 -0400] "GET / HTTP/1.1" 200 10863 "-" "-"
52.169.74.151 - - [08/Jun/2025:08:16:01 -0400] "GET /wp-includes/wp-includes_function.php HTTP/1.1" 301 0 "-" "-"
52.169.74.151 - - [08/Jun/2025:08:16:01 -0400] "GET / HTTP/1.1" 200 10900 "-" "-"
52.169.74.151 - - [08/Jun/2025:08:16:01 -0400] "GET /.well-known/file.php/ HTTP/1.1" 301 0 "-" "-"
52.169.74.151 - - [08/Jun/2025:08:16:02 -0400] "GET / HTTP/1.1" 200 10863 "-" "-"
52.169.74.151 - - [08/Jun/2025:08:16:02 -0400] "GET /wp-includes/SimplePie/gzdecodes.php HTTP/1.1" 301 0 "-" "-"
52.169.74.151 - - [08/Jun/2025:08:16:02 -0400] "GET / HTTP/1.1" 200 10900 "-" "-"
52.169.74.151 - - [08/Jun/2025:08:16:02 -0400] "GET /wp-back.php HTTP/1.1" 301 0 "-" "-"
52.169.74.151 - - [08/Jun/2025:08:16:02 -0400] "GET / HTTP/1.1" 200 10863 "-" "-"
52.169.74.151 - - [08/Jun/2025:08:16:03 -0400] "GET /wp-admin/css/colors/blue/about.php HTTP/1.1" 301 0 "-" "-"
52.169.74.151 - - [08/Jun/2025:08:16:03 -0400] "GET / HTTP/1.1" 200 10863 "-" "-"
52.169.74.151 - - [08/Jun/2025:08:16:03 -0400] "GET /themes/index.php HTTP/1.1" 301 0 "-" "-"
52.169.74.151 - - [08/Jun/2025:08:16:04 -0400] "GET / HTTP/1.1" 200 10863 "-" "-"
196.251.80.244 - - [08/Jun/2025:08:16:00 -0400] "POST //xmlrpc.php HTTP/1.1" 200 205 "-" "Mozilla/5.0 (Windows NT 10.0; Win64; x64) AppleWebKit/537.36 (KHTML, like Gecko) Chrome/89.0.4389.114 Safari/537.36"
157.245.148.39 - - [08/Jun/2025:08:16:00 -0400] "POST //xmlrpc.php HTTP/1.1" 200 205 "-" "Mozilla/5.0 (Windows NT 10.0; Win64; x64) AppleWebKit/537.36 (KHTML, like Gecko) Chrome/78.0.3904.108 Safari/537.36"
162.0.232.193 - - [08/Jun/2025:08:16:30 -0400] "POST /wp-cron.php?doing_wp_cron=1749384990.6561429500579833984375 HTTP/1.1" 200 0 "-" "WordPress/6.6.2; https://remonster.online"
196.251.80.244 - - [08/Jun/2025:08:16:15 -0400] "POST //xmlrpc.php HTTP/1.1" 200 205 "-" "Mozilla/5.0 (Windows NT 10.0; Win64; x64) AppleWebKit/537.36 (KHTML, like Gecko) Chrome/89.0.4389.114 Safari/537.36"
157.245.148.39 - - [08/Jun/2025:08:16:15 -0400] "POST //xmlrpc.php HTTP/1.1" 200 205 "-" "Mozilla/5.0 (Windows NT 10.0; Win64; x64) AppleWebKit/537.36 (KHTML, like Gecko) Chrome/78.0.3904.108 Safari/537.36"
2620:121:5042:51:a8cf::1 - - [08/Jun/2025:08:16:41 -0400] "GET / HTTP/1.1" 200 10863 "-" "Snap URL Preview Service; bot; snapchat; https://developers.snap.com/robots"
34.240.194.194 - - [08/Jun/2025:08:16:42 -0400] "GET / HTTP/1.1" 200 10813 "-" "Mozilla/5.0 (iPhone; CPU iPhone OS 16_1_2 like Mac OS X) AppleWebKit/519.3.50 (KHTML, like Gecko) Version/16.1 Mobile/15E148 Snapchat/12.24.0.23 (like Safari/519.3, panda)"
157.245.148.39 - - [08/Jun/2025:08:16:31 -0400] "POST //xmlrpc.php HTTP/1.1" 200 205 "-" "Mozilla/5.0 (Windows NT 10.0; Win64; x64) AppleWebKit/537.36 (KHTML, like Gecko) Chrome/78.0.3904.108 Safari/537.36"
196.251.80.244 - - [08/Jun/2025:08:16:31 -0400] "POST //xmlrpc.php HTTP/1.1" 200 205 "-" "Mozilla/5.0 (Windows NT 10.0; Win64; x64) AppleWebKit/537.36 (KHTML, like Gecko) Chrome/89.0.4389.114 Safari/537.36"
196.251.80.244 - - [08/Jun/2025:08:16:46 -0400] "POST //xmlrpc.php HTTP/1.1" 200 205 "-" "Mozilla/5.0 (Windows NT 10.0; Win64; x64) AppleWebKit/537.36 (KHTML, like Gecko) Chrome/89.0.4389.114 Safari/537.36"
157.245.148.39 - - [08/Jun/2025:08:16:45 -0400] "POST //xmlrpc.php HTTP/1.1" 200 205 "-" "Mozilla/5.0 (Windows NT 10.0; Win64; x64) AppleWebKit/537.36 (KHTML, like Gecko) Chrome/78.0.3904.108 Safari/537.36"
196.251.80.244 - - [08/Jun/2025:08:17:00 -0400] "POST //xmlrpc.php HTTP/1.1" 200 205 "-" "Mozilla/5.0 (Windows NT 10.0; Win64; x64) AppleWebKit/537.36 (KHTML, like Gecko) Chrome/89.0.4389.114 Safari/537.36"
157.245.148.39 - - [08/Jun/2025:08:17:00 -0400] "POST //xmlrpc.php HTTP/1.1" 200 205 "-" "Mozilla/5.0 (Windows NT 10.0; Win64; x64) AppleWebKit/537.36 (KHTML, like Gecko) Chrome/78.0.3904.108 Safari/537.36"
110.13.77.24 - - [08/Jun/2025:08:17:23 -0400] "GET /manga/re-monster-chapter-32/ HTTP/1.1" 200 17766 "https://www.google.com/" "Mozilla/5.0 (Windows NT 10.0; Win64; x64) AppleWebKit/537.36 (KHTML, like Gecko) Chrome/137.0.0.0 Safari/537.36"
162.0.232.193 - - [08/Jun/2025:08:17:24 -0400] "POST /wp-cron.php?doing_wp_cron=1749385044.3047790527343750000000 HTTP/1.1" 200 0 "-" "WordPress/6.6.2; https://remonster.online"
110.13.77.24 - - [08/Jun/2025:08:17:24 -0400] "POST /wp-admin/admin-ajax.php HTTP/1.1" 200 69 "https://remonster.online/manga/re-monster-chapter-32/" "Mozilla/5.0 (Windows NT 10.0; Win64; x64) AppleWebKit/537.36 (KHTML, like Gecko) Chrome/137.0.0.0 Safari/537.36"
105.245.120.154 - - [08/Jun/2025:08:17:25 -0400] "GET /manga/re-monster-chapter-18/ HTTP/1.1" 200 18291 "-" "Mozilla/5.0 (Linux; Android 10; K) AppleWebKit/537.36 (KHTML, like Gecko) Chrome/133.0.0.0 Safari/537.36"
105.245.120.154 - - [08/Jun/2025:08:17:26 -0400] "GET /manga/re-monster-chapter-18/ HTTP/1.1" 304 0 "https://remonster.online/manga/re-monster-chapter-17/" "Mozilla/5.0 (Linux; Android 10; K) AppleWebKit/537.36 (KHTML, like Gecko) Chrome/133.0.0.0 Safari/537.36"
110.13.77.24 - - [08/Jun/2025:08:17:28 -0400] "GET /wp-content/uploads/2021/11/cropped-CeDzRGZ-32x32.png HTTP/1.1" 200 2410 "https://remonster.online/manga/re-monster-chapter-32/" "Mozilla/5.0 (Windows NT 10.0; Win64; x64) AppleWebKit/537.36 (KHTML, like Gecko) Chrome/137.0.0.0 Safari/537.36"
162.0.232.193 - - [08/Jun/2025:08:17:30 -0400] "POST /wp-cron.php?doing_wp_cron=1749385050.1459150314331054687500 HTTP/1.1" 200 0 "-" "WordPress/6.6.2; https://remonster.online"
157.245.148.39 - - [08/Jun/2025:08:17:16 -0400] "POST //xmlrpc.php HTTP/1.1" 200 205 "-" "Mozilla/5.0 (Windows NT 10.0; Win64; x64) AppleWebKit/537.36 (KHTML, like Gecko) Chrome/78.0.3904.108 Safari/537.36"
196.251.80.244 - - [08/Jun/2025:08:17:15 -0400] "POST //xmlrpc.php HTTP/1.1" 200 205 "-" "Mozilla/5.0 (Windows NT 10.0; Win64; x64) AppleWebKit/537.36 (KHTML, like Gecko) Chrome/89.0.4389.114 Safari/537.36"
196.251.80.244 - - [08/Jun/2025:08:17:31 -0400] "POST //xmlrpc.php HTTP/1.1" 200 205 "-" "Mozilla/5.0 (Windows NT 10.0; Win64; x64) AppleWebKit/537.36 (KHTML, like Gecko) Chrome/89.0.4389.114 Safari/537.36"
157.245.148.39 - - [08/Jun/2025:08:17:30 -0400] "POST //xmlrpc.php HTTP/1.1" 200 205 "-" "Mozilla/5.0 (Windows NT 10.0; Win64; x64) AppleWebKit/537.36 (KHTML, like Gecko) Chrome/78.0.3904.108 Safari/537.36"
196.251.80.244 - - [08/Jun/2025:08:17:45 -0400] "POST //xmlrpc.php HTTP/1.1" 200 205 "-" "Mozilla/5.0 (Windows NT 10.0; Win64; x64) AppleWebKit/537.36 (KHTML, like Gecko) Chrome/89.0.4389.114 Safari/537.36"
157.245.148.39 - - [08/Jun/2025:08:17:45 -0400] "POST //xmlrpc.php HTTP/1.1" 200 205 "-" "Mozilla/5.0 (Windows NT 10.0; Win64; x64) AppleWebKit/537.36 (KHTML, like Gecko) Chrome/78.0.3904.108 Safari/537.36"
157.245.148.39 - - [08/Jun/2025:08:18:01 -0400] "POST //xmlrpc.php HTTP/1.1" 200 205 "-" "Mozilla/5.0 (Windows NT 10.0; Win64; x64) AppleWebKit/537.36 (KHTML, like Gecko) Chrome/78.0.3904.108 Safari/537.36"
196.251.80.244 - - [08/Jun/2025:08:18:00 -0400] "POST //xmlrpc.php HTTP/1.1" 200 205 "-" "Mozilla/5.0 (Windows NT 10.0; Win64; x64) AppleWebKit/537.36 (KHTML, like Gecko) Chrome/89.0.4389.114 Safari/537.36"
20.191.45.212 - - [08/Jun/2025:08:18:22 -0400] "GET / HTTP/1.1" 200 10900 "https://remonster.online/" "DuckDuckBot/1.1; (+http://duckduckgo.com/duckduckbot.html)"
162.0.232.193 - - [08/Jun/2025:08:18:30 -0400] "POST /wp-cron.php?doing_wp_cron=1749385110.4511370658874511718750 HTTP/1.1" 200 0 "-" "WordPress/6.6.2; https://remonster.online"
157.245.148.39 - - [08/Jun/2025:08:18:15 -0400] "POST //xmlrpc.php HTTP/1.1" 200 205 "-" "Mozilla/5.0 (Windows NT 10.0; Win64; x64) AppleWebKit/537.36 (KHTML, like Gecko) Chrome/78.0.3904.108 Safari/537.36"
196.251.80.244 - - [08/Jun/2025:08:18:15 -0400] "POST //xmlrpc.php HTTP/1.1" 200 205 "-" "Mozilla/5.0 (Windows NT 10.0; Win64; x64) AppleWebKit/537.36 (KHTML, like Gecko) Chrome/89.0.4389.114 Safari/537.36"
196.251.80.244 - - [08/Jun/2025:08:18:31 -0400] "POST //xmlrpc.php HTTP/1.1" 200 205 "-" "Mozilla/5.0 (Windows NT 10.0; Win64; x64) AppleWebKit/537.36 (KHTML, like Gecko) Chrome/89.0.4389.114 Safari/537.36"
157.245.148.39 - - [08/Jun/2025:08:18:30 -0400] "POST //xmlrpc.php HTTP/1.1" 200 205 "-" "Mozilla/5.0 (Windows NT 10.0; Win64; x64) AppleWebKit/537.36 (KHTML, like Gecko) Chrome/78.0.3904.108 Safari/537.36"
157.245.148.39 - - [08/Jun/2025:08:18:46 -0400] "POST //xmlrpc.php HTTP/1.1" 200 205 "-" "Mozilla/5.0 (Windows NT 10.0; Win64; x64) AppleWebKit/537.36 (KHTML, like Gecko) Chrome/78.0.3904.108 Safari/537.36"
196.251.80.244 - - [08/Jun/2025:08:18:45 -0400] "POST //xmlrpc.php HTTP/1.1" 200 205 "-" "Mozilla/5.0 (Windows NT 10.0; Win64; x64) AppleWebKit/537.36 (KHTML, like Gecko) Chrome/89.0.4389.114 Safari/537.36"
157.245.148.39 - - [08/Jun/2025:08:19:00 -0400] "POST //xmlrpc.php HTTP/1.1" 200 205 "-" "Mozilla/5.0 (Windows NT 10.0; Win64; x64) AppleWebKit/537.36 (KHTML, like Gecko) Chrome/78.0.3904.108 Safari/537.36"
196.251.80.244 - - [08/Jun/2025:08:19:00 -0400] "POST //xmlrpc.php HTTP/1.1" 200 205 "-" "Mozilla/5.0 (Windows NT 10.0; Win64; x64) AppleWebKit/537.36 (KHTML, like Gecko) Chrome/89.0.4389.114 Safari/537.36"
2804:4ec:1101:4168:4195:ee58:879f:c7db - - [08/Jun/2025:08:19:19 -0400] "GET / HTTP/1.1" 304 0 "https://remonster.online/manga/re-monster-chapter-73/" "Mozilla/5.0 (Linux; Android 10; K) AppleWebKit/537.36 (KHTML, like Gecko) Chrome/137.0.0.0 Mobile Safari/537.36"
2804:4ec:1101:4168:4195:ee58:879f:c7db - - [08/Jun/2025:08:19:22 -0400] "GET /manga/re-monster-chapter-72/ HTTP/1.1" 304 0 "https://remonster.online/manga/re-monster-chapter-73/" "Mozilla/5.0 (Linux; Android 10; K) AppleWebKit/537.36 (KHTML, like Gecko) Chrome/137.0.0.0 Mobile Safari/537.36"
2804:4ec:1101:4168:4195:ee58:879f:c7db - - [08/Jun/2025:08:19:23 -0400] "GET /manga/re-monster-chapter-74/ HTTP/1.1" 200 17659 "https://remonster.online/manga/re-monster-chapter-73/" "Mozilla/5.0 (Linux; Android 10; K) AppleWebKit/537.36 (KHTML, like Gecko) Chrome/137.0.0.0 Mobile Safari/537.36"
2804:4ec:1101:4168:4195:ee58:879f:c7db - - [08/Jun/2025:08:19:23 -0400] "GET /manga/re-monster-chapter-74/ HTTP/1.1" 304 0 "https://remonster.online/manga/re-monster-chapter-73/" "Mozilla/5.0 (Linux; Android 10; K) AppleWebKit/537.36 (KHTML, like Gecko) Chrome/137.0.0.0 Mobile Safari/537.36"
2804:4ec:1101:4168:4195:ee58:879f:c7db - - [08/Jun/2025:08:19:25 -0400] "GET /manga/re-monster-chapter-74/ HTTP/1.1" 304 0 "https://remonster.online/manga/re-monster-chapter-74/" "Mozilla/5.0 (Linux; Android 10; K) AppleWebKit/537.36 (KHTML, like Gecko) Chrome/137.0.0.0 Mobile Safari/537.36"
162.0.232.193 - - [08/Jun/2025:08:19:30 -0400] "POST /wp-cron.php?doing_wp_cron=1749385170.8760349750518798828125 HTTP/1.1" 200 0 "-" "WordPress/6.6.2; https://remonster.online"
157.245.148.39 - - [08/Jun/2025:08:19:15 -0400] "POST //xmlrpc.php HTTP/1.1" 200 205 "-" "Mozilla/5.0 (Windows NT 10.0; Win64; x64) AppleWebKit/537.36 (KHTML, like Gecko) Chrome/78.0.3904.108 Safari/537.36"
196.251.80.244 - - [08/Jun/2025:08:19:15 -0400] "POST //xmlrpc.php HTTP/1.1" 200 189 "-" "Mozilla/5.0 (Windows NT 10.0; Win64; x64) AppleWebKit/537.36 (KHTML, like Gecko) Chrome/89.0.4389.114 Safari/537.36"
157.245.148.39 - - [08/Jun/2025:08:19:31 -0400] "POST //xmlrpc.php HTTP/1.1" 200 205 "-" "Mozilla/5.0 (Windows NT 10.0; Win64; x64) AppleWebKit/537.36 (KHTML, like Gecko) Chrome/78.0.3904.108 Safari/537.36"
196.251.80.244 - - [08/Jun/2025:08:19:31 -0400] "POST //xmlrpc.php HTTP/1.1" 200 189 "-" "Mozilla/5.0 (Windows NT 10.0; Win64; x64) AppleWebKit/537.36 (KHTML, like Gecko) Chrome/89.0.4389.114 Safari/537.36"
196.251.80.244 - - [08/Jun/2025:08:19:45 -0400] "POST //xmlrpc.php HTTP/1.1" 200 205 "-" "Mozilla/5.0 (Windows NT 10.0; Win64; x64) AppleWebKit/537.36 (KHTML, like Gecko) Chrome/89.0.4389.114 Safari/537.36"
157.245.148.39 - - [08/Jun/2025:08:19:45 -0400] "POST //xmlrpc.php HTTP/1.1" 200 205 "-" "Mozilla/5.0 (Windows NT 10.0; Win64; x64) AppleWebKit/537.36 (KHTML, like Gecko) Chrome/78.0.3904.108 Safari/537.36"
2a02:c7e:3164:8200:24b0:138f:411b:cf1b - - [08/Jun/2025:08:20:05 -0400] "GET /manga/re-monster-chapter-17/ HTTP/1.1" 200 17395 "https://remonster.online/manga/re-monster-chapter-16/" "Mozilla/5.0 (Windows NT 10.0; Win64; x64; rv:139.0) Gecko/20100101 Firefox/139.0"
196.251.80.244 - - [08/Jun/2025:08:20:00 -0400] "POST //xmlrpc.php HTTP/1.1" 200 205 "-" "Mozilla/5.0 (Windows NT 10.0; Win64; x64) AppleWebKit/537.36 (KHTML, like Gecko) Chrome/89.0.4389.114 Safari/537.36"
157.245.148.39 - - [08/Jun/2025:08:20:00 -0400] "POST //xmlrpc.php HTTP/1.1" 200 205 "-" "Mozilla/5.0 (Windows NT 10.0; Win64; x64) AppleWebKit/537.36 (KHTML, like Gecko) Chrome/78.0.3904.108 Safari/537.36"
162.0.232.193 - - [08/Jun/2025:08:20:30 -0400] "POST /wp-cron.php?doing_wp_cron=1749385230.2766358852386474609375 HTTP/1.1" 200 0 "-" "WordPress/6.6.2; https://remonster.online"
157.245.148.39 - - [08/Jun/2025:08:20:16 -0400] "POST //xmlrpc.php HTTP/1.1" 200 205 "-" "Mozilla/5.0 (Windows NT 10.0; Win64; x64) AppleWebKit/537.36 (KHTML, like Gecko) Chrome/78.0.3904.108 Safari/537.36"
196.251.80.244 - - [08/Jun/2025:08:20:15 -0400] "POST //xmlrpc.php HTTP/1.1" 200 205 "-" "Mozilla/5.0 (Windows NT 10.0; Win64; x64) AppleWebKit/537.36 (KHTML, like Gecko) Chrome/89.0.4389.114 Safari/537.36"
170.106.35.153 - - [08/Jun/2025:08:20:41 -0400] "GET /manga/re-monster-chapter-50/ HTTP/1.1" 200 17389 "-" "Mozilla/5.0 (iPhone; CPU iPhone OS 13_2_3 like Mac OS X) AppleWebKit/605.1.15 (KHTML, like Gecko) Version/13.0.3 Mobile/15E148 Safari/604.1"
196.251.80.244 - - [08/Jun/2025:08:20:31 -0400] "POST //xmlrpc.php HTTP/1.1" 200 205 "-" "Mozilla/5.0 (Windows NT 10.0; Win64; x64) AppleWebKit/537.36 (KHTML, like Gecko) Chrome/89.0.4389.114 Safari/537.36"
157.245.148.39 - - [08/Jun/2025:08:20:30 -0400] "POST //xmlrpc.php HTTP/1.1" 200 205 "-" "Mozilla/5.0 (Windows NT 10.0; Win64; x64) AppleWebKit/537.36 (KHTML, like Gecko) Chrome/78.0.3904.108 Safari/537.36"
2a03:2880:f800:9:: - - [08/Jun/2025:08:20:49 -0400] "GET /?p=1488 HTTP/1.1" 301 0 "-" "meta-externalagent/1.1 (+https://developers.facebook.com/docs/sharing/webmasters/crawler)"
2a03:2880:f800:1c:: - - [08/Jun/2025:08:20:51 -0400] "GET / HTTP/1.1" 200 10863 "-" "meta-externalagent/1.1 (+https://developers.facebook.com/docs/sharing/webmasters/crawler)"
196.251.80.244 - - [08/Jun/2025:08:20:45 -0400] "POST //xmlrpc.php HTTP/1.1" 200 205 "-" "Mozilla/5.0 (Windows NT 10.0; Win64; x64) AppleWebKit/537.36 (KHTML, like Gecko) Chrome/89.0.4389.114 Safari/537.36"
157.245.148.39 - - [08/Jun/2025:08:20:45 -0400] "POST //xmlrpc.php HTTP/1.1" 200 205 "-" "Mozilla/5.0 (Windows NT 10.0; Win64; x64) AppleWebKit/537.36 (KHTML, like Gecko) Chrome/78.0.3904.108 Safari/537.36"
157.245.148.39 - - [08/Jun/2025:08:21:01 -0400] "POST //xmlrpc.php HTTP/1.1" 200 205 "-" "Mozilla/5.0 (Windows NT 10.0; Win64; x64) AppleWebKit/537.36 (KHTML, like Gecko) Chrome/78.0.3904.108 Safari/537.36"
196.251.80.244 - - [08/Jun/2025:08:21:00 -0400] "POST //xmlrpc.php HTTP/1.1" 200 205 "-" "Mozilla/5.0 (Windows NT 10.0; Win64; x64) AppleWebKit/537.36 (KHTML, like Gecko) Chrome/89.0.4389.114 Safari/537.36"
162.0.232.193 - - [08/Jun/2025:08:21:30 -0400] "POST /wp-cron.php?doing_wp_cron=1749385290.6557319164276123046875 HTTP/1.1" 200 0 "-" "WordPress/6.6.2; https://remonster.online"
157.245.148.39 - - [08/Jun/2025:08:21:15 -0400] "POST //xmlrpc.php HTTP/1.1" 200 205 "-" "Mozilla/5.0 (Windows NT 10.0; Win64; x64) AppleWebKit/537.36 (KHTML, like Gecko) Chrome/78.0.3904.108 Safari/537.36"
196.251.80.244 - - [08/Jun/2025:08:21:15 -0400] "POST //xmlrpc.php HTTP/1.1" 200 205 "-" "Mozilla/5.0 (Windows NT 10.0; Win64; x64) AppleWebKit/537.36 (KHTML, like Gecko) Chrome/89.0.4389.114 Safari/537.36"
157.245.148.39 - - [08/Jun/2025:08:21:31 -0400] "POST //xmlrpc.php HTTP/1.1" 200 205 "-" "Mozilla/5.0 (Windows NT 10.0; Win64; x64) AppleWebKit/537.36 (KHTML, like Gecko) Chrome/78.0.3904.108 Safari/537.36"
196.251.80.244 - - [08/Jun/2025:08:21:31 -0400] "POST //xmlrpc.php HTTP/1.1" 200 205 "-" "Mozilla/5.0 (Windows NT 10.0; Win64; x64) AppleWebKit/537.36 (KHTML, like Gecko) Chrome/89.0.4389.114 Safari/537.36"
196.251.80.244 - - [08/Jun/2025:08:21:45 -0400] "POST //xmlrpc.php HTTP/1.1" 200 205 "-" "Mozilla/5.0 (Windows NT 10.0; Win64; x64) AppleWebKit/537.36 (KHTML, like Gecko) Chrome/89.0.4389.114 Safari/537.36"
157.245.148.39 - - [08/Jun/2025:08:21:45 -0400] "POST //xmlrpc.php HTTP/1.1" 200 205 "-" "Mozilla/5.0 (Windows NT 10.0; Win64; x64) AppleWebKit/537.36 (KHTML, like Gecko) Chrome/78.0.3904.108 Safari/537.36"
66.249.79.229 - - [08/Jun/2025:08:22:02 -0400] "GET /wp-content/uploads/2021/11/CeDzRGZ.png HTTP/1.1" 200 1728239 "-" "Googlebot-Image/1.0"
196.251.80.244 - - [08/Jun/2025:08:22:00 -0400] "POST //xmlrpc.php HTTP/1.1" 200 205 "-" "Mozilla/5.0 (Windows NT 10.0; Win64; x64) AppleWebKit/537.36 (KHTML, like Gecko) Chrome/89.0.4389.114 Safari/537.36"
157.245.148.39 - - [08/Jun/2025:08:22:00 -0400] "POST //xmlrpc.php HTTP/1.1" 200 205 "-" "Mozilla/5.0 (Windows NT 10.0; Win64; x64) AppleWebKit/537.36 (KHTML, like Gecko) Chrome/78.0.3904.108 Safari/537.36"
162.0.232.193 - - [08/Jun/2025:08:22:30 -0400] "POST /wp-cron.php?doing_wp_cron=1749385350.1519351005554199218750 HTTP/1.1" 200 0 "-" "WordPress/6.6.2; https://remonster.online"
157.245.148.39 - - [08/Jun/2025:08:22:16 -0400] "POST //xmlrpc.php HTTP/1.1" 200 205 "-" "Mozilla/5.0 (Windows NT 10.0; Win64; x64) AppleWebKit/537.36 (KHTML, like Gecko) Chrome/78.0.3904.108 Safari/537.36"
196.251.80.244 - - [08/Jun/2025:08:22:15 -0400] "POST //xmlrpc.php HTTP/1.1" 200 205 "-" "Mozilla/5.0 (Windows NT 10.0; Win64; x64) AppleWebKit/537.36 (KHTML, like Gecko) Chrome/89.0.4389.114 Safari/537.36"
196.251.80.244 - - [08/Jun/2025:08:22:31 -0400] "POST //xmlrpc.php HTTP/1.1" 200 205 "-" "Mozilla/5.0 (Windows NT 10.0; Win64; x64) AppleWebKit/537.36 (KHTML, like Gecko) Chrome/89.0.4389.114 Safari/537.36"
157.245.148.39 - - [08/Jun/2025:08:22:30 -0400] "POST //xmlrpc.php HTTP/1.1" 200 205 "-" "Mozilla/5.0 (Windows NT 10.0; Win64; x64) AppleWebKit/537.36 (KHTML, like Gecko) Chrome/78.0.3904.108 Safari/537.36"
196.251.80.244 - - [08/Jun/2025:08:22:45 -0400] "POST //xmlrpc.php HTTP/1.1" 200 205 "-" "Mozilla/5.0 (Windows NT 10.0; Win64; x64) AppleWebKit/537.36 (KHTML, like Gecko) Chrome/89.0.4389.114 Safari/537.36"
157.245.148.39 - - [08/Jun/2025:08:22:45 -0400] "POST //xmlrpc.php HTTP/1.1" 200 205 "-" "Mozilla/5.0 (Windows NT 10.0; Win64; x64) AppleWebKit/537.36 (KHTML, like Gecko) Chrome/78.0.3904.108 Safari/537.36"
2600:387:15:1419::4 - - [08/Jun/2025:08:23:06 -0400] "GET / HTTP/1.1" 200 10863 "https://www.google.com/" "Mozilla/5.0 (Windows NT 10.0; Win64; x64) AppleWebKit/537.36 (KHTML, like Gecko) Chrome/136.0.0.0 Safari/537.36"
2001:8f8:1123:f964:19b3:a0ca:4ffe:3d22 - - [08/Jun/2025:08:23:10 -0400] "GET /manga/re-monster-chapter-70/ HTTP/1.1" 200 18115 "https://remonster.online/manga/re-monster-chapter-69/" "Mozilla/5.0 (Linux; Android 10; K) AppleWebKit/537.36 (KHTML, like Gecko) SamsungBrowser/28.0 Chrome/130.0.0.0 Mobile Safari/537.36"
2001:8f8:1123:f964:19b3:a0ca:4ffe:3d22 - - [08/Jun/2025:08:23:10 -0400] "GET /tag/original/ HTTP/1.1" 301 0 "https://remonster.online/manga/re-monster-chapter-69/" "Mozilla/5.0 (Linux; Android 10; K) AppleWebKit/537.36 (KHTML, like Gecko) SamsungBrowser/28.0 Chrome/130.0.0.0 Mobile Safari/537.36"
2001:8f8:1123:f964:19b3:a0ca:4ffe:3d22 - - [08/Jun/2025:08:23:11 -0400] "GET / HTTP/1.1" 304 0 "https://remonster.online/manga/re-monster-chapter-69/" "Mozilla/5.0 (Linux; Android 10; K) AppleWebKit/537.36 (KHTML, like Gecko) SamsungBrowser/28.0 Chrome/130.0.0.0 Mobile Safari/537.36"
2600:387:15:1419::4 - - [08/Jun/2025:08:23:11 -0400] "GET /manga/remonster-chapter-98/ HTTP/1.1" 200 15070 "https://remonster.online/" "Mozilla/5.0 (Windows NT 10.0; Win64; x64) AppleWebKit/537.36 (KHTML, like Gecko) Chrome/136.0.0.0 Safari/537.36"
2600:387:15:1419::4 - - [08/Jun/2025:08:23:12 -0400] "GET /manga/remonster-chapter-101/ HTTP/1.1" 200 15165 "https://remonster.online/" "Mozilla/5.0 (Windows NT 10.0; Win64; x64) AppleWebKit/537.36 (KHTML, like Gecko) Chrome/136.0.0.0 Safari/537.36"
2600:387:15:1419::4 - - [08/Jun/2025:08:23:12 -0400] "GET /manga/remonster-chapter-104/ HTTP/1.1" 200 18599 "https://remonster.online/" "Mozilla/5.0 (Windows NT 10.0; Win64; x64) AppleWebKit/537.36 (KHTML, like Gecko) Chrome/136.0.0.0 Safari/537.36"
2001:8f8:1123:f964:19b3:a0ca:4ffe:3d22 - - [08/Jun/2025:08:23:11 -0400] "POST /wp-admin/admin-ajax.php HTTP/1.1" 200 69 "https://remonster.online/manga/re-monster-chapter-70/" "Mozilla/5.0 (Linux; Android 10; K) AppleWebKit/537.36 (KHTML, like Gecko) SamsungBrowser/28.0 Chrome/130.0.0.0 Mobile Safari/537.36"
2600:387:15:1419::4 - - [08/Jun/2025:08:23:12 -0400] "GET /manga/remonster-chapter-103/ HTTP/1.1" 200 15540 "https://remonster.online/" "Mozilla/5.0 (Windows NT 10.0; Win64; x64) AppleWebKit/537.36 (KHTML, like Gecko) Chrome/136.0.0.0 Safari/537.36"
2600:387:15:1419::4 - - [08/Jun/2025:08:23:13 -0400] "GET /manga/remonster-chapter-103/ HTTP/1.1" 304 0 "https://remonster.online/" "Mozilla/5.0 (Windows NT 10.0; Win64; x64) AppleWebKit/537.36 (KHTML, like Gecko) Chrome/136.0.0.0 Safari/537.36"
157.245.148.39 - - [08/Jun/2025:08:23:01 -0400] "POST //xmlrpc.php HTTP/1.1" 200 205 "-" "Mozilla/5.0 (Windows NT 10.0; Win64; x64) AppleWebKit/537.36 (KHTML, like Gecko) Chrome/78.0.3904.108 Safari/537.36"
196.251.80.244 - - [08/Jun/2025:08:23:00 -0400] "POST //xmlrpc.php HTTP/1.1" 200 205 "-" "Mozilla/5.0 (Windows NT 10.0; Win64; x64) AppleWebKit/537.36 (KHTML, like Gecko) Chrome/89.0.4389.114 Safari/537.36"
69.79.197.195 - - [08/Jun/2025:08:23:17 -0400] "GET /manga/re-monster-chapter-5/ HTTP/1.1" 200 18540 "https://remonster.online/manga/re-monster-chapter-4/" "Mozilla/5.0 (iPhone; CPU iPhone OS 18_0 like Mac OS X) AppleWebKit/605.1.15 (KHTML, like Gecko) Version/18.0 Mobile/15E148 Safari/604.1"
162.0.232.193 - - [08/Jun/2025:08:23:17 -0400] "POST /wp-cron.php?doing_wp_cron=1749385397.8408141136169433593750 HTTP/1.1" 200 0 "-" "WordPress/6.6.2; https://remonster.online"
69.79.197.195 - - [08/Jun/2025:08:23:17 -0400] "POST /wp-admin/admin-ajax.php HTTP/1.1" 200 69 "https://remonster.online/manga/re-monster-chapter-5/" "Mozilla/5.0 (iPhone; CPU iPhone OS 18_0 like Mac OS X) AppleWebKit/605.1.15 (KHTML, like Gecko) Version/18.0 Mobile/15E148 Safari/604.1"
2600:387:15:1419::4 - - [08/Jun/2025:08:23:19 -0400] "GET / HTTP/1.1" 200 10863 "https://remonster.online/manga/remonster-chapter-103/" "Mozilla/5.0 (Windows NT 10.0; Win64; x64) AppleWebKit/537.36 (KHTML, like Gecko) Chrome/136.0.0.0 Safari/537.36"
2600:387:15:1419::4 - - [08/Jun/2025:08:23:24 -0400] "GET /manga/remonster-chapter-103/ HTTP/1.1" 304 0 "https://remonster.online/" "Mozilla/5.0 (Windows NT 10.0; Win64; x64) AppleWebKit/537.36 (KHTML, like Gecko) Chrome/136.0.0.0 Safari/537.36"
2600:387:15:1419::4 - - [08/Jun/2025:08:23:25 -0400] "GET / HTTP/1.1" 304 0 "https://remonster.online/manga/remonster-chapter-103/" "Mozilla/5.0 (Windows NT 10.0; Win64; x64) AppleWebKit/537.36 (KHTML, like Gecko) Chrome/136.0.0.0 Safari/537.36"
162.0.232.193 - - [08/Jun/2025:08:23:30 -0400] "POST /wp-cron.php?doing_wp_cron=1749385410.5191020965576171875000 HTTP/1.1" 200 0 "-" "WordPress/6.6.2; https://remonster.online"
157.245.148.39 - - [08/Jun/2025:08:23:15 -0400] "POST //xmlrpc.php HTTP/1.1" 200 205 "-" "Mozilla/5.0 (Windows NT 10.0; Win64; x64) AppleWebKit/537.36 (KHTML, like Gecko) Chrome/78.0.3904.108 Safari/537.36"
196.251.80.244 - - [08/Jun/2025:08:23:15 -0400] "POST //xmlrpc.php HTTP/1.1" 200 205 "-" "Mozilla/5.0 (Windows NT 10.0; Win64; x64) AppleWebKit/537.36 (KHTML, like Gecko) Chrome/89.0.4389.114 Safari/537.36"
105.245.120.154 - - [08/Jun/2025:08:23:40 -0400] "GET /manga/re-monster-chapter-19/ HTTP/1.1" 200 18473 "-" "Mozilla/5.0 (Linux; Android 10; K) AppleWebKit/537.36 (KHTML, like Gecko) Chrome/133.0.0.0 Safari/537.36"
105.245.120.154 - - [08/Jun/2025:08:23:40 -0400] "GET /manga/re-monster-chapter-19/ HTTP/1.1" 304 0 "https://remonster.online/manga/re-monster-chapter-18/" "Mozilla/5.0 (Linux; Android 10; K) AppleWebKit/537.36 (KHTML, like Gecko) Chrome/133.0.0.0 Safari/537.36"
105.245.120.154 - - [08/Jun/2025:08:23:41 -0400] "POST /wp-admin/admin-ajax.php HTTP/1.1" 200 69 "https://remonster.online/manga/re-monster-chapter-19/" "Mozilla/5.0 (Linux; Android 10; K) AppleWebKit/537.36 (KHTML, like Gecko) Chrome/133.0.0.0 Safari/537.36"
196.251.80.244 - - [08/Jun/2025:08:23:31 -0400] "POST //xmlrpc.php HTTP/1.1" 200 205 "-" "Mozilla/5.0 (Windows NT 10.0; Win64; x64) AppleWebKit/537.36 (KHTML, like Gecko) Chrome/89.0.4389.114 Safari/537.36"
157.245.148.39 - - [08/Jun/2025:08:23:30 -0400] "POST //xmlrpc.php HTTP/1.1" 200 205 "-" "Mozilla/5.0 (Windows NT 10.0; Win64; x64) AppleWebKit/537.36 (KHTML, like Gecko) Chrome/78.0.3904.108 Safari/537.36"
105.245.120.154 - - [08/Jun/2025:08:23:54 -0400] "GET / HTTP/1.1" 304 0 "-" "Mozilla/5.0 (Linux; Android 10; K) AppleWebKit/537.36 (KHTML, like Gecko) Chrome/133.0.0.0 Safari/537.36"
105.245.120.154 - - [08/Jun/2025:08:23:54 -0400] "GET /manga/re-monster-chapter-19/ HTTP/1.1" 304 0 "-" "Mozilla/5.0 (Linux; Android 10; K) AppleWebKit/537.36 (KHTML, like Gecko) Chrome/133.0.0.0 Safari/537.36"
157.245.148.39 - - [08/Jun/2025:08:23:46 -0400] "POST //xmlrpc.php HTTP/1.1" 200 205 "-" "Mozilla/5.0 (Windows NT 10.0; Win64; x64) AppleWebKit/537.36 (KHTML, like Gecko) Chrome/78.0.3904.108 Safari/537.36"
196.251.80.244 - - [08/Jun/2025:08:23:45 -0400] "POST //xmlrpc.php HTTP/1.1" 200 205 "-" "Mozilla/5.0 (Windows NT 10.0; Win64; x64) AppleWebKit/537.36 (KHTML, like Gecko) Chrome/89.0.4389.114 Safari/537.36"
157.245.148.39 - - [08/Jun/2025:08:24:00 -0400] "POST //xmlrpc.php HTTP/1.1" 200 205 "-" "Mozilla/5.0 (Windows NT 10.0; Win64; x64) AppleWebKit/537.36 (KHTML, like Gecko) Chrome/78.0.3904.108 Safari/537.36"
196.251.80.244 - - [08/Jun/2025:08:24:00 -0400] "POST //xmlrpc.php HTTP/1.1" 200 205 "-" "Mozilla/5.0 (Windows NT 10.0; Win64; x64) AppleWebKit/537.36 (KHTML, like Gecko) Chrome/89.0.4389.114 Safari/537.36"
162.0.232.193 - - [08/Jun/2025:08:24:30 -0400] "POST /wp-cron.php?doing_wp_cron=1749385470.7331790924072265625000 HTTP/1.1" 200 0 "-" "WordPress/6.6.2; https://remonster.online"
157.245.148.39 - - [08/Jun/2025:08:24:15 -0400] "POST //xmlrpc.php HTTP/1.1" 200 205 "-" "Mozilla/5.0 (Windows NT 10.0; Win64; x64) AppleWebKit/537.36 (KHTML, like Gecko) Chrome/78.0.3904.108 Safari/537.36"
196.251.80.244 - - [08/Jun/2025:08:24:15 -0400] "POST //xmlrpc.php HTTP/1.1" 200 205 "-" "Mozilla/5.0 (Windows NT 10.0; Win64; x64) AppleWebKit/537.36 (KHTML, like Gecko) Chrome/89.0.4389.114 Safari/537.36"
157.245.148.39 - - [08/Jun/2025:08:24:31 -0400] "POST //xmlrpc.php HTTP/1.1" 200 205 "-" "Mozilla/5.0 (Windows NT 10.0; Win64; x64) AppleWebKit/537.36 (KHTML, like Gecko) Chrome/78.0.3904.108 Safari/537.36"
196.251.80.244 - - [08/Jun/2025:08:24:31 -0400] "POST //xmlrpc.php HTTP/1.1" 200 205 "-" "Mozilla/5.0 (Windows NT 10.0; Win64; x64) AppleWebKit/537.36 (KHTML, like Gecko) Chrome/89.0.4389.114 Safari/537.36"
157.245.148.39 - - [08/Jun/2025:08:24:45 -0400] "POST //xmlrpc.php HTTP/1.1" 200 205 "-" "Mozilla/5.0 (Windows NT 10.0; Win64; x64) AppleWebKit/537.36 (KHTML, like Gecko) Chrome/78.0.3904.108 Safari/537.36"
196.251.80.244 - - [08/Jun/2025:08:24:45 -0400] "POST //xmlrpc.php HTTP/1.1" 200 205 "-" "Mozilla/5.0 (Windows NT 10.0; Win64; x64) AppleWebKit/537.36 (KHTML, like Gecko) Chrome/89.0.4389.114 Safari/537.36"
157.245.148.39 - - [08/Jun/2025:08:25:00 -0400] "POST //xmlrpc.php HTTP/1.1" 200 205 "-" "Mozilla/5.0 (Windows NT 10.0; Win64; x64) AppleWebKit/537.36 (KHTML, like Gecko) Chrome/78.0.3904.108 Safari/537.36"
196.251.80.244 - - [08/Jun/2025:08:25:00 -0400] "POST //xmlrpc.php HTTP/1.1" 200 205 "-" "Mozilla/5.0 (Windows NT 10.0; Win64; x64) AppleWebKit/537.36 (KHTML, like Gecko) Chrome/89.0.4389.114 Safari/537.36"
2a09:bac3:311:355::55:43 - - [08/Jun/2025:08:25:28 -0400] "GET / HTTP/1.1" 304 0 "-" "Mozilla/5.0 (iPhone; CPU iPhone OS 17_7_1 like Mac OS X) AppleWebKit/605.1.15 (KHTML, like Gecko) Version/17.8 Mobile/15E148 Safari/604.1"
157.245.148.39 - - [08/Jun/2025:08:25:15 -0400] "POST //xmlrpc.php HTTP/1.1" 200 205 "-" "Mozilla/5.0 (Windows NT 10.0; Win64; x64) AppleWebKit/537.36 (KHTML, like Gecko) Chrome/78.0.3904.108 Safari/537.36"
162.0.232.193 - - [08/Jun/2025:08:25:31 -0400] "POST /wp-cron.php?doing_wp_cron=1749385530.9963159561157226562500 HTTP/1.1" 200 0 "-" "WordPress/6.6.2; https://remonster.online"
196.251.80.244 - - [08/Jun/2025:08:25:15 -0400] "POST //xmlrpc.php HTTP/1.1" 200 205 "-" "Mozilla/5.0 (Windows NT 10.0; Win64; x64) AppleWebKit/537.36 (KHTML, like Gecko) Chrome/89.0.4389.114 Safari/537.36"
196.251.80.244 - - [08/Jun/2025:08:25:31 -0400] "POST //xmlrpc.php HTTP/1.1" 200 205 "-" "Mozilla/5.0 (Windows NT 10.0; Win64; x64) AppleWebKit/537.36 (KHTML, like Gecko) Chrome/89.0.4389.114 Safari/537.36"
157.245.148.39 - - [08/Jun/2025:08:25:31 -0400] "POST //xmlrpc.php HTTP/1.1" 200 205 "-" "Mozilla/5.0 (Windows NT 10.0; Win64; x64) AppleWebKit/537.36 (KHTML, like Gecko) Chrome/78.0.3904.108 Safari/537.36"
196.251.80.244 - - [08/Jun/2025:08:25:45 -0400] "POST //xmlrpc.php HTTP/1.1" 200 205 "-" "Mozilla/5.0 (Windows NT 10.0; Win64; x64) AppleWebKit/537.36 (KHTML, like Gecko) Chrome/89.0.4389.114 Safari/537.36"
157.245.148.39 - - [08/Jun/2025:08:25:45 -0400] "POST //xmlrpc.php HTTP/1.1" 200 205 "-" "Mozilla/5.0 (Windows NT 10.0; Win64; x64) AppleWebKit/537.36 (KHTML, like Gecko) Chrome/78.0.3904.108 Safari/537.36"
196.251.80.244 - - [08/Jun/2025:08:26:00 -0400] "POST //xmlrpc.php HTTP/1.1" 200 205 "-" "Mozilla/5.0 (Windows NT 10.0; Win64; x64) AppleWebKit/537.36 (KHTML, like Gecko) Chrome/89.0.4389.114 Safari/537.36"
157.245.148.39 - - [08/Jun/2025:08:26:00 -0400] "POST //xmlrpc.php HTTP/1.1" 200 205 "-" "Mozilla/5.0 (Windows NT 10.0; Win64; x64) AppleWebKit/537.36 (KHTML, like Gecko) Chrome/78.0.3904.108 Safari/537.36"
162.0.232.193 - - [08/Jun/2025:08:26:30 -0400] "POST /wp-cron.php?doing_wp_cron=1749385590.1540639400482177734375 HTTP/1.1" 200 0 "-" "WordPress/6.6.2; https://remonster.online"
196.251.80.244 - - [08/Jun/2025:08:26:16 -0400] "POST //xmlrpc.php HTTP/1.1" 200 205 "-" "Mozilla/5.0 (Windows NT 10.0; Win64; x64) AppleWebKit/537.36 (KHTML, like Gecko) Chrome/89.0.4389.114 Safari/537.36"
157.245.148.39 - - [08/Jun/2025:08:26:16 -0400] "POST //xmlrpc.php HTTP/1.1" 200 205 "-" "Mozilla/5.0 (Windows NT 10.0; Win64; x64) AppleWebKit/537.36 (KHTML, like Gecko) Chrome/78.0.3904.108 Safari/537.36"
196.251.80.244 - - [08/Jun/2025:08:26:30 -0400] "POST //xmlrpc.php HTTP/1.1" 200 205 "-" "Mozilla/5.0 (Windows NT 10.0; Win64; x64) AppleWebKit/537.36 (KHTML, like Gecko) Chrome/89.0.4389.114 Safari/537.36"
157.245.148.39 - - [08/Jun/2025:08:26:30 -0400] "POST //xmlrpc.php HTTP/1.1" 200 205 "-" "Mozilla/5.0 (Windows NT 10.0; Win64; x64) AppleWebKit/537.36 (KHTML, like Gecko) Chrome/78.0.3904.108 Safari/537.36"
2600:387:15:1419::4 - - [08/Jun/2025:08:26:59 -0400] "GET /manga/remonster-chapter-103/ HTTP/1.1" 304 0 "https://remonster.online/" "Mozilla/5.0 (Windows NT 10.0; Win64; x64) AppleWebKit/537.36 (KHTML, like Gecko) Chrome/136.0.0.0 Safari/537.36"
196.251.80.244 - - [08/Jun/2025:08:26:45 -0400] "POST //xmlrpc.php HTTP/1.1" 200 205 "-" "Mozilla/5.0 (Windows NT 10.0; Win64; x64) AppleWebKit/537.36 (KHTML, like Gecko) Chrome/89.0.4389.114 Safari/537.36"
157.245.148.39 - - [08/Jun/2025:08:26:45 -0400] "POST //xmlrpc.php HTTP/1.1" 200 205 "-" "Mozilla/5.0 (Windows NT 10.0; Win64; x64) AppleWebKit/537.36 (KHTML, like Gecko) Chrome/78.0.3904.108 Safari/537.36"
196.251.80.244 - - [08/Jun/2025:08:27:01 -0400] "POST //xmlrpc.php HTTP/1.1" 200 205 "-" "Mozilla/5.0 (Windows NT 10.0; Win64; x64) AppleWebKit/537.36 (KHTML, like Gecko) Chrome/89.0.4389.114 Safari/537.36"
157.245.148.39 - - [08/Jun/2025:08:27:01 -0400] "POST //xmlrpc.php HTTP/1.1" 200 205 "-" "Mozilla/5.0 (Windows NT 10.0; Win64; x64) AppleWebKit/537.36 (KHTML, like Gecko) Chrome/78.0.3904.108 Safari/537.36"
157.245.148.39 - - [08/Jun/2025:08:27:15 -0400] "POST //xmlrpc.php HTTP/1.1" 200 205 "-" "Mozilla/5.0 (Windows NT 10.0; Win64; x64) AppleWebKit/537.36 (KHTML, like Gecko) Chrome/78.0.3904.108 Safari/537.36"
162.0.232.193 - - [08/Jun/2025:08:27:30 -0400] "POST /wp-cron.php?doing_wp_cron=1749385650.4261400699615478515625 HTTP/1.1" 200 0 "-" "WordPress/6.6.2; https://remonster.online"
196.251.80.244 - - [08/Jun/2025:08:27:15 -0400] "POST //xmlrpc.php HTTP/1.1" 200 205 "-" "Mozilla/5.0 (Windows NT 10.0; Win64; x64) AppleWebKit/537.36 (KHTML, like Gecko) Chrome/89.0.4389.114 Safari/537.36"
157.245.148.39 - - [08/Jun/2025:08:27:30 -0400] "POST //xmlrpc.php HTTP/1.1" 200 205 "-" "Mozilla/5.0 (Windows NT 10.0; Win64; x64) AppleWebKit/537.36 (KHTML, like Gecko) Chrome/78.0.3904.108 Safari/537.36"
196.251.80.244 - - [08/Jun/2025:08:27:30 -0400] "POST //xmlrpc.php HTTP/1.1" 200 205 "-" "Mozilla/5.0 (Windows NT 10.0; Win64; x64) AppleWebKit/537.36 (KHTML, like Gecko) Chrome/89.0.4389.114 Safari/537.36"
157.245.148.39 - - [08/Jun/2025:08:27:46 -0400] "POST //xmlrpc.php HTTP/1.1" 200 205 "-" "Mozilla/5.0 (Windows NT 10.0; Win64; x64) AppleWebKit/537.36 (KHTML, like Gecko) Chrome/78.0.3904.108 Safari/537.36"
196.251.80.244 - - [08/Jun/2025:08:27:46 -0400] "POST //xmlrpc.php HTTP/1.1" 200 205 "-" "Mozilla/5.0 (Windows NT 10.0; Win64; x64) AppleWebKit/537.36 (KHTML, like Gecko) Chrome/89.0.4389.114 Safari/537.36"
196.251.80.244 - - [08/Jun/2025:08:28:00 -0400] "POST //xmlrpc.php HTTP/1.1" 200 205 "-" "Mozilla/5.0 (Windows NT 10.0; Win64; x64) AppleWebKit/537.36 (KHTML, like Gecko) Chrome/89.0.4389.114 Safari/537.36"
157.245.148.39 - - [08/Jun/2025:08:28:00 -0400] "POST //xmlrpc.php HTTP/1.1" 200 205 "-" "Mozilla/5.0 (Windows NT 10.0; Win64; x64) AppleWebKit/537.36 (KHTML, like Gecko) Chrome/78.0.3904.108 Safari/537.36"
157.245.148.39 - - [08/Jun/2025:08:28:15 -0400] "POST //xmlrpc.php HTTP/1.1" 200 205 "-" "Mozilla/5.0 (Windows NT 10.0; Win64; x64) AppleWebKit/537.36 (KHTML, like Gecko) Chrome/78.0.3904.108 Safari/537.36"
162.0.232.193 - - [08/Jun/2025:08:28:30 -0400] "POST /wp-cron.php?doing_wp_cron=1749385710.5328099727630615234375 HTTP/1.1" 200 0 "-" "WordPress/6.6.2; https://remonster.online"
196.251.80.244 - - [08/Jun/2025:08:28:15 -0400] "POST //xmlrpc.php HTTP/1.1" 200 205 "-" "Mozilla/5.0 (Windows NT 10.0; Win64; x64) AppleWebKit/537.36 (KHTML, like Gecko) Chrome/89.0.4389.114 Safari/537.36"
157.245.148.39 - - [08/Jun/2025:08:28:30 -0400] "POST //xmlrpc.php HTTP/1.1" 200 205 "-" "Mozilla/5.0 (Windows NT 10.0; Win64; x64) AppleWebKit/537.36 (KHTML, like Gecko) Chrome/78.0.3904.108 Safari/537.36"
196.251.80.244 - - [08/Jun/2025:08:28:30 -0400] "POST //xmlrpc.php HTTP/1.1" 200 205 "-" "Mozilla/5.0 (Windows NT 10.0; Win64; x64) AppleWebKit/537.36 (KHTML, like Gecko) Chrome/89.0.4389.114 Safari/537.36"
196.251.80.244 - - [08/Jun/2025:08:28:46 -0400] "POST //xmlrpc.php HTTP/1.1" 200 205 "-" "Mozilla/5.0 (Windows NT 10.0; Win64; x64) AppleWebKit/537.36 (KHTML, like Gecko) Chrome/89.0.4389.114 Safari/537.36"
157.245.148.39 - - [08/Jun/2025:08:28:46 -0400] "POST //xmlrpc.php HTTP/1.1" 200 205 "-" "Mozilla/5.0 (Windows NT 10.0; Win64; x64) AppleWebKit/537.36 (KHTML, like Gecko) Chrome/78.0.3904.108 Safari/537.36"
196.251.80.244 - - [08/Jun/2025:08:29:00 -0400] "POST //xmlrpc.php HTTP/1.1" 200 205 "-" "Mozilla/5.0 (Windows NT 10.0; Win64; x64) AppleWebKit/537.36 (KHTML, like Gecko) Chrome/89.0.4389.114 Safari/537.36"
157.245.148.39 - - [08/Jun/2025:08:29:00 -0400] "POST //xmlrpc.php HTTP/1.1" 200 205 "-" "Mozilla/5.0 (Windows NT 10.0; Win64; x64) AppleWebKit/537.36 (KHTML, like Gecko) Chrome/78.0.3904.108 Safari/537.36"
162.0.232.193 - - [08/Jun/2025:08:29:30 -0400] "POST /wp-cron.php?doing_wp_cron=1749385770.7145309448242187500000 HTTP/1.1" 200 0 "-" "WordPress/6.6.2; https://remonster.online"
196.251.80.244 - - [08/Jun/2025:08:29:15 -0400] "POST //xmlrpc.php HTTP/1.1" 200 205 "-" "Mozilla/5.0 (Windows NT 10.0; Win64; x64) AppleWebKit/537.36 (KHTML, like Gecko) Chrome/89.0.4389.114 Safari/537.36"
157.245.148.39 - - [08/Jun/2025:08:29:15 -0400] "POST //xmlrpc.php HTTP/1.1" 200 205 "-" "Mozilla/5.0 (Windows NT 10.0; Win64; x64) AppleWebKit/537.36 (KHTML, like Gecko) Chrome/78.0.3904.108 Safari/537.36"
105.245.120.154 - - [08/Jun/2025:08:29:39 -0400] "GET /manga/re-monster-chapter-20/ HTTP/1.1" 200 15980 "-" "Mozilla/5.0 (Linux; Android 10; K) AppleWebKit/537.36 (KHTML, like Gecko) Chrome/133.0.0.0 Safari/537.36"
105.245.120.154 - - [08/Jun/2025:08:29:40 -0400] "GET /manga/re-monster-chapter-20/ HTTP/1.1" 304 0 "https://remonster.online/manga/re-monster-chapter-19/" "Mozilla/5.0 (Linux; Android 10; K) AppleWebKit/537.36 (KHTML, like Gecko) Chrome/133.0.0.0 Safari/537.36"
196.251.80.244 - - [08/Jun/2025:08:29:31 -0400] "POST //xmlrpc.php HTTP/1.1" 200 205 "-" "Mozilla/5.0 (Windows NT 10.0; Win64; x64) AppleWebKit/537.36 (KHTML, like Gecko) Chrome/89.0.4389.114 Safari/537.36"
157.245.148.39 - - [08/Jun/2025:08:29:31 -0400] "POST //xmlrpc.php HTTP/1.1" 200 205 "-" "Mozilla/5.0 (Windows NT 10.0; Win64; x64) AppleWebKit/537.36 (KHTML, like Gecko) Chrome/78.0.3904.108 Safari/537.36"
196.251.80.244 - - [08/Jun/2025:08:29:45 -0400] "POST //xmlrpc.php HTTP/1.1" 200 205 "-" "Mozilla/5.0 (Windows NT 10.0; Win64; x64) AppleWebKit/537.36 (KHTML, like Gecko) Chrome/89.0.4389.114 Safari/537.36"
157.245.148.39 - - [08/Jun/2025:08:29:45 -0400] "POST //xmlrpc.php HTTP/1.1" 200 205 "-" "Mozilla/5.0 (Windows NT 10.0; Win64; x64) AppleWebKit/537.36 (KHTML, like Gecko) Chrome/78.0.3904.108 Safari/537.36"
196.251.80.244 - - [08/Jun/2025:08:30:00 -0400] "POST //xmlrpc.php HTTP/1.1" 200 205 "-" "Mozilla/5.0 (Windows NT 10.0; Win64; x64) AppleWebKit/537.36 (KHTML, like Gecko) Chrome/89.0.4389.114 Safari/537.36"
157.245.148.39 - - [08/Jun/2025:08:30:00 -0400] "POST //xmlrpc.php HTTP/1.1" 200 205 "-" "Mozilla/5.0 (Windows NT 10.0; Win64; x64) AppleWebKit/537.36 (KHTML, like Gecko) Chrome/78.0.3904.108 Safari/537.36"
2600:387:15:1419::4 - - [08/Jun/2025:08:30:21 -0400] "GET / HTTP/1.1" 304 0 "https://remonster.online/manga/remonster-chapter-103/" "Mozilla/5.0 (Windows NT 10.0; Win64; x64) AppleWebKit/537.36 (KHTML, like Gecko) Chrome/136.0.0.0 Safari/537.36"
2600:387:15:1419::4 - - [08/Jun/2025:08:30:22 -0400] "GET / HTTP/1.1" 304 0 "https://remonster.online/manga/remonster-chapter-103/" "Mozilla/5.0 (Windows NT 10.0; Win64; x64) AppleWebKit/537.36 (KHTML, like Gecko) Chrome/136.0.0.0 Safari/537.36"
2600:387:15:1419::4 - - [08/Jun/2025:08:30:25 -0400] "GET /manga/remonster-chapter-103/ HTTP/1.1" 304 0 "https://remonster.online/" "Mozilla/5.0 (Windows NT 10.0; Win64; x64) AppleWebKit/537.36 (KHTML, like Gecko) Chrome/136.0.0.0 Safari/537.36"
2600:387:15:1419::4 - - [08/Jun/2025:08:30:26 -0400] "GET /manga/remonster-chapter-105/ HTTP/1.1" 200 18185 "https://remonster.online/" "Mozilla/5.0 (Windows NT 10.0; Win64; x64) AppleWebKit/537.36 (KHTML, like Gecko) Chrome/136.0.0.0 Safari/537.36"
2600:387:15:1419::4 - - [08/Jun/2025:08:30:27 -0400] "GET /manga/remonster-chapter-103/ HTTP/1.1" 304 0 "https://remonster.online/" "Mozilla/5.0 (Windows NT 10.0; Win64; x64) AppleWebKit/537.36 (KHTML, like Gecko) Chrome/136.0.0.0 Safari/537.36"
162.0.232.193 - - [08/Jun/2025:08:30:30 -0400] "POST /wp-cron.php?doing_wp_cron=1749385830.2405610084533691406250 HTTP/1.1" 200 0 "-" "WordPress/6.6.2; https://remonster.online"
157.245.148.39 - - [08/Jun/2025:08:30:16 -0400] "POST //xmlrpc.php HTTP/1.1" 200 205 "-" "Mozilla/5.0 (Windows NT 10.0; Win64; x64) AppleWebKit/537.36 (KHTML, like Gecko) Chrome/78.0.3904.108 Safari/537.36"
196.251.80.244 - - [08/Jun/2025:08:30:15 -0400] "POST //xmlrpc.php HTTP/1.1" 200 205 "-" "Mozilla/5.0 (Windows NT 10.0; Win64; x64) AppleWebKit/537.36 (KHTML, like Gecko) Chrome/89.0.4389.114 Safari/537.36"
196.251.80.244 - - [08/Jun/2025:08:30:31 -0400] "POST //xmlrpc.php HTTP/1.1" 200 205 "-" "Mozilla/5.0 (Windows NT 10.0; Win64; x64) AppleWebKit/537.36 (KHTML, like Gecko) Chrome/89.0.4389.114 Safari/537.36"
157.245.148.39 - - [08/Jun/2025:08:30:30 -0400] "POST //xmlrpc.php HTTP/1.1" 200 205 "-" "Mozilla/5.0 (Windows NT 10.0; Win64; x64) AppleWebKit/537.36 (KHTML, like Gecko) Chrome/78.0.3904.108 Safari/537.36"
170.106.192.208 - - [08/Jun/2025:08:30:50 -0400] "GET /xmlrpc.php HTTP/1.1" 405 46 "-" "Mozilla/5.0 (iPhone; CPU iPhone OS 13_2_3 like Mac OS X) AppleWebKit/605.1.15 (KHTML, like Gecko) Version/13.0.3 Mobile/15E148 Safari/604.1"
196.251.80.244 - - [08/Jun/2025:08:30:45 -0400] "POST //xmlrpc.php HTTP/1.1" 200 205 "-" "Mozilla/5.0 (Windows NT 10.0; Win64; x64) AppleWebKit/537.36 (KHTML, like Gecko) Chrome/89.0.4389.114 Safari/537.36"
157.245.148.39 - - [08/Jun/2025:08:30:45 -0400] "POST //xmlrpc.php HTTP/1.1" 200 205 "-" "Mozilla/5.0 (Windows NT 10.0; Win64; x64) AppleWebKit/537.36 (KHTML, like Gecko) Chrome/78.0.3904.108 Safari/537.36"
2600:387:15:1419::4 - - [08/Jun/2025:08:31:07 -0400] "GET /manga/remonster-chapter-105/ HTTP/1.1" 304 0 "https://remonster.online/manga/remonster-chapter-103/" "Mozilla/5.0 (Windows NT 10.0; Win64; x64) AppleWebKit/537.36 (KHTML, like Gecko) Chrome/136.0.0.0 Safari/537.36"
157.245.148.39 - - [08/Jun/2025:08:31:01 -0400] "POST //xmlrpc.php HTTP/1.1" 200 205 "-" "Mozilla/5.0 (Windows NT 10.0; Win64; x64) AppleWebKit/537.36 (KHTML, like Gecko) Chrome/78.0.3904.108 Safari/537.36"
196.251.80.244 - - [08/Jun/2025:08:31:00 -0400] "POST //xmlrpc.php HTTP/1.1" 200 205 "-" "Mozilla/5.0 (Windows NT 10.0; Win64; x64) AppleWebKit/537.36 (KHTML, like Gecko) Chrome/89.0.4389.114 Safari/537.36"
162.0.232.193 - - [08/Jun/2025:08:31:30 -0400] "POST /wp-cron.php?doing_wp_cron=1749385890.8138759136199951171875 HTTP/1.1" 200 0 "-" "WordPress/6.6.2; https://remonster.online"
157.245.148.39 - - [08/Jun/2025:08:31:15 -0400] "POST //xmlrpc.php HTTP/1.1" 200 205 "-" "Mozilla/5.0 (Windows NT 10.0; Win64; x64) AppleWebKit/537.36 (KHTML, like Gecko) Chrome/78.0.3904.108 Safari/537.36"
196.251.80.244 - - [08/Jun/2025:08:31:15 -0400] "POST //xmlrpc.php HTTP/1.1" 200 205 "-" "Mozilla/5.0 (Windows NT 10.0; Win64; x64) AppleWebKit/537.36 (KHTML, like Gecko) Chrome/89.0.4389.114 Safari/537.36"
157.245.148.39 - - [08/Jun/2025:08:31:31 -0400] "POST //xmlrpc.php HTTP/1.1" 200 205 "-" "Mozilla/5.0 (Windows NT 10.0; Win64; x64) AppleWebKit/537.36 (KHTML, like Gecko) Chrome/78.0.3904.108 Safari/537.36"
196.251.80.244 - - [08/Jun/2025:08:31:31 -0400] "POST //xmlrpc.php HTTP/1.1" 200 205 "-" "Mozilla/5.0 (Windows NT 10.0; Win64; x64) AppleWebKit/537.36 (KHTML, like Gecko) Chrome/89.0.4389.114 Safari/537.36"
157.245.148.39 - - [08/Jun/2025:08:31:45 -0400] "POST //xmlrpc.php HTTP/1.1" 200 205 "-" "Mozilla/5.0 (Windows NT 10.0; Win64; x64) AppleWebKit/537.36 (KHTML, like Gecko) Chrome/78.0.3904.108 Safari/537.36"
196.251.80.244 - - [08/Jun/2025:08:31:45 -0400] "POST //xmlrpc.php HTTP/1.1" 200 205 "-" "Mozilla/5.0 (Windows NT 10.0; Win64; x64) AppleWebKit/537.36 (KHTML, like Gecko) Chrome/89.0.4389.114 Safari/537.36"
3.208.154.201 - - [08/Jun/2025:08:32:09 -0400] "GET /ads.txt HTTP/1.1" 200 501 "-" "Mozilla/5.0 (Macintosh; Intel Mac OS X 10_12_6) AppleWebKit/537.36 (KHTML, like Gecko) Chrome/63.0.3239.84 Safari/537.36"
196.251.80.244 - - [08/Jun/2025:08:32:00 -0400] "POST //xmlrpc.php HTTP/1.1" 200 205 "-" "Mozilla/5.0 (Windows NT 10.0; Win64; x64) AppleWebKit/537.36 (KHTML, like Gecko) Chrome/89.0.4389.114 Safari/537.36"
157.245.148.39 - - [08/Jun/2025:08:32:00 -0400] "POST //xmlrpc.php HTTP/1.1" 200 205 "-" "Mozilla/5.0 (Windows NT 10.0; Win64; x64) AppleWebKit/537.36 (KHTML, like Gecko) Chrome/78.0.3904.108 Safari/537.36"
66.249.79.237 - - [08/Jun/2025:08:32:18 -0400] "GET /manga/re-monster-chapter-39/ HTTP/1.1" 200 15629 "-" "Mozilla/5.0 (Linux; Android 6.0.1; Nexus 5X Build/MMB29P) AppleWebKit/537.36 (KHTML, like Gecko) Chrome/136.0.7103.113 Mobile Safari/537.36 (compatible; Googlebot/2.1; +http://www.google.com/bot.html)"
162.0.232.193 - - [08/Jun/2025:08:32:25 -0400] "POST /wp-cron.php?doing_wp_cron=1749385945.5991640090942382812500 HTTP/1.1" 200 0 "-" "WordPress/6.6.2; https://remonster.online"
91.151.95.70 - - [08/Jun/2025:08:32:25 -0400] "POST /xmlrpc.php HTTP/1.1" 200 186 "https://remonster.online" "Mozilla/5.0 (Macintosh; Intel Mac OS X 14.5) AppleWebKit/618.3.5 (KHTML, like Gecko) Version/17.4 Safari/618.3.5"
91.151.95.70 - - [08/Jun/2025:08:32:26 -0400] "POST /wp-login.php HTTP/1.1" 200 1905 "https://remonster.online" "Mozilla/5.0 (Windows NT 10.0; Win64; x64) AppleWebKit/537.36 (KHTML, like Gecko) Chrome/112.0.5615.138 Safari/537.36 Edg/112.0.1722.68"
