162.0.232.193 - - [08/Jun/2025:16:03:48 -0400] "POST /wp-cron.php?doing_wp_cron=1749413028.7904450893402099609375 HTTP/1.1" 200 0 "-" "WordPress/6.6.2; https://remonster.online"
178.169.128.173 - - [08/Jun/2025:16:03:48 -0400] "POST /wp-admin/admin-ajax.php HTTP/1.1" 200 69 "https://remonster.online/manga/re-monster-chapter-31/" "Mozilla/5.0 (Windows NT 10.0; Win64; x64) AppleWebKit/537.36 (KHTML, like Gecko) Chrome/136.0.0.0 Safari/537.36"
178.169.128.173 - - [08/Jun/2025:16:03:55 -0400] "GET /manga/remonster-chapter-105/ HTTP/1.1" 200 17791 "https://remonster.online/manga/re-monster-chapter-31/" "Mozilla/5.0 (Windows NT 10.0; Win64; x64) AppleWebKit/537.36 (KHTML, like Gecko) Chrome/136.0.0.0 Safari/537.36"
69.79.197.195 - - [08/Jun/2025:16:04:18 -0400] "GET /manga/re-monster-chapter-33/ HTTP/1.1" 200 18116 "https://remonster.online/manga/re-monster-chapter-32/" "Mozilla/5.0 (iPhone; CPU iPhone OS 18_0 like Mac OS X) AppleWebKit/605.1.15 (KHTML, like Gecko) Version/18.0 Mobile/15E148 Safari/604.1"
162.0.232.193 - - [08/Jun/2025:16:04:19 -0400] "POST /wp-cron.php?doing_wp_cron=1749413059.2597939968109130859375 HTTP/1.1" 200 0 "-" "WordPress/6.6.2; https://remonster.online"
69.79.197.195 - - [08/Jun/2025:16:04:19 -0400] "POST /wp-admin/admin-ajax.php HTTP/1.1" 200 69 "https://remonster.online/manga/re-monster-chapter-33/" "Mozilla/5.0 (iPhone; CPU iPhone OS 18_0 like Mac OS X) AppleWebKit/605.1.15 (KHTML, like Gecko) Version/18.0 Mobile/15E148 Safari/604.1"
114.119.142.210 - - [08/Jun/2025:16:04:40 -0400] "GET /tag/remonster-chapter-101-high-quality/ HTTP/1.1" 301 0 "https://remonster.online/manga/remonster-chapter-101/" "Mozilla/5.0 (Linux; Android 7.0;) AppleWebKit/537.36 (KHTML, like Gecko) Mobile Safari/537.36 (compatible; PetalBot;+https://webmaster.petalsearch.com/site/petalbot)"
114.119.142.210 - - [08/Jun/2025:16:04:41 -0400] "GET / HTTP/1.1" 200 10812 "https://remonster.online/manga/remonster-chapter-101/" "Mozilla/5.0 (Linux; Android 7.0;) AppleWebKit/537.36 (KHTML, like Gecko) Mobile Safari/537.36 (compatible; PetalBot;+https://webmaster.petalsearch.com/site/petalbot)"
114.119.157.239 - - [08/Jun/2025:16:06:11 -0400] "GET /tag/read-remonster-chapter-105-online/ HTTP/1.1" 301 0 "https://remonster.online/manga/remonster-chapter-105/" "Mozilla/5.0 (Linux; Android 7.0;) AppleWebKit/537.36 (KHTML, like Gecko) Mobile Safari/537.36 (compatible; PetalBot;+https://webmaster.petalsearch.com/site/petalbot)"
114.119.157.239 - - [08/Jun/2025:16:06:13 -0400] "GET / HTTP/1.1" 200 10812 "https://remonster.online/manga/remonster-chapter-105/" "Mozilla/5.0 (Linux; Android 7.0;) AppleWebKit/537.36 (KHTML, like Gecko) Mobile Safari/537.36 (compatible; PetalBot;+https://webmaster.petalsearch.com/site/petalbot)"
2401:4900:5700:eb5f:c037:2fff:fedd:3a48 - - [08/Jun/2025:16:06:19 -0400] "GET / HTTP/1.1" 200 10812 "https://www.google.com/" "Mozilla/5.0 (Linux; Android 10; K) AppleWebKit/537.36 (KHTML, like Gecko) Chrome/137.0.0.0 Mobile Safari/537.36"
2a0a:ef40:df9:e901:d6b7:e38b:f224:4ec - - [08/Jun/2025:16:06:29 -0400] "GET / HTTP/1.1" 200 10812 "https://www.google.com/" "Mozilla/5.0 (Linux; Android 10; K) AppleWebKit/537.36 (KHTML, like Gecko) Chrome/137.0.0.0 Mobile Safari/537.36"
2a0a:ef40:df9:e901:d6b7:e38b:f224:4ec - - [08/Jun/2025:16:06:38 -0400] "GET /manga/remonster-chapter-81/ HTTP/1.1" 200 13999 "https://remonster.online/" "Mozilla/5.0 (Linux; Android 10; K) AppleWebKit/537.36 (KHTML, like Gecko) Chrome/137.0.0.0 Mobile Safari/537.36"
2a0a:ef40:df9:e901:d6b7:e38b:f224:4ec - - [08/Jun/2025:16:06:39 -0400] "GET /manga/re-monster-chapter-36/ HTTP/1.1" 200 18251 "https://remonster.online/" "Mozilla/5.0 (Linux; Android 10; K) AppleWebKit/537.36 (KHTML, like Gecko) Chrome/137.0.0.0 Mobile Safari/537.36"
2a0a:ef40:df9:e901:d6b7:e38b:f224:4ec - - [08/Jun/2025:16:06:40 -0400] "GET /manga/re-monster-chapter-70/ HTTP/1.1" 200 17698 "https://remonster.online/" "Mozilla/5.0 (Linux; Android 10; K) AppleWebKit/537.36 (KHTML, like Gecko) Chrome/137.0.0.0 Mobile Safari/537.36"
2a0a:ef40:df9:e901:d6b7:e38b:f224:4ec - - [08/Jun/2025:16:06:40 -0400] "GET /manga/remonster-chapter-83/ HTTP/1.1" 200 14417 "https://remonster.online/" "Mozilla/5.0 (Linux; Android 10; K) AppleWebKit/537.36 (KHTML, like Gecko) Chrome/137.0.0.0 Mobile Safari/537.36"
2a0a:ef40:df9:e901:d6b7:e38b:f224:4ec - - [08/Jun/2025:16:06:41 -0400] "GET /manga/remonster-chapter-104/ HTTP/1.1" 200 18582 "https://remonster.online/" "Mozilla/5.0 (Linux; Android 10; K) AppleWebKit/537.36 (KHTML, like Gecko) Chrome/137.0.0.0 Mobile Safari/537.36"
2a0a:ef40:df9:e901:d6b7:e38b:f224:4ec - - [08/Jun/2025:16:06:42 -0400] "GET /manga/remonster-chapter-94/ HTTP/1.1" 200 15013 "https://remonster.online/" "Mozilla/5.0 (Linux; Android 10; K) AppleWebKit/537.36 (KHTML, like Gecko) Chrome/137.0.0.0 Mobile Safari/537.36"
2a0a:ef40:df9:e901:d6b7:e38b:f224:4ec - - [08/Jun/2025:16:06:42 -0400] "GET /manga/re-monster-chapter-50/ HTTP/1.1" 200 17746 "https://remonster.online/" "Mozilla/5.0 (Linux; Android 10; K) AppleWebKit/537.36 (KHTML, like Gecko) Chrome/137.0.0.0 Mobile Safari/537.36"
2a0a:ef40:df9:e901:d6b7:e38b:f224:4ec - - [08/Jun/2025:16:06:45 -0400] "GET /manga/re-monster-chapter-1/ HTTP/1.1" 200 17990 "https://remonster.online/" "Mozilla/5.0 (Linux; Android 10; K) AppleWebKit/537.36 (KHTML, like Gecko) Chrome/137.0.0.0 Mobile Safari/537.36"
2a0a:ef40:df9:e901:d6b7:e38b:f224:4ec - - [08/Jun/2025:16:06:45 -0400] "GET /manga/re-monster-chapter-1/ HTTP/1.1" 304 0 "https://remonster.online/" "Mozilla/5.0 (Linux; Android 10; K) AppleWebKit/537.36 (KHTML, like Gecko) Chrome/137.0.0.0 Mobile Safari/537.36"
114.119.144.17 - - [08/Jun/2025:16:07:40 -0400] "GET /tag/read-manga-remonster-chapter-105-raw/ HTTP/1.1" 301 0 "https://remonster.online/manga/remonster-chapter-105/" "Mozilla/5.0 (Linux; Android 7.0;) AppleWebKit/537.36 (KHTML, like Gecko) Mobile Safari/537.36 (compatible; PetalBot;+https://webmaster.petalsearch.com/site/petalbot)"
114.119.144.17 - - [08/Jun/2025:16:07:40 -0400] "GET / HTTP/1.1" 200 10850 "https://remonster.online/manga/remonster-chapter-105/" "Mozilla/5.0 (Linux; Android 7.0;) AppleWebKit/537.36 (KHTML, like Gecko) Mobile Safari/537.36 (compatible; PetalBot;+https://webmaster.petalsearch.com/site/petalbot)"
178.156.137.37 - - [08/Jun/2025:16:07:47 -0400] "GET /manga/re-monster-chapter-1/ HTTP/1.1" 200 17995 "-" "Mozilla/5.0 (Windows NT 10.0; Win64; x64) AppleWebKit/537.36 (KHTML, like Gecko) Chrome/84.0.4147.105 Safari/537.36"
69.79.197.195 - - [08/Jun/2025:16:08:02 -0400] "GET /manga/re-monster-chapter-34/ HTTP/1.1" 200 17031 "https://remonster.online/manga/re-monster-chapter-33/" "Mozilla/5.0 (iPhone; CPU iPhone OS 18_0 like Mac OS X) AppleWebKit/605.1.15 (KHTML, like Gecko) Version/18.0 Mobile/15E148 Safari/604.1"
174.137.8.219 - - [08/Jun/2025:16:08:44 -0400] "GET / HTTP/1.1" 200 10812 "https://www.google.com/" "Mozilla/5.0 (iPhone; CPU iPhone OS 18_5 like Mac OS X) AppleWebKit/605.1.15 (KHTML, like Gecko) Version/18.5 Mobile/15E148 Safari/604.1"
174.137.8.219 - - [08/Jun/2025:16:08:58 -0400] "GET /manga/re-monster-chapter-1/ HTTP/1.1" 200 17990 "https://remonster.online/" "Mozilla/5.0 (iPhone; CPU iPhone OS 18_5 like Mac OS X) AppleWebKit/605.1.15 (KHTML, like Gecko) Version/18.5 Mobile/15E148 Safari/604.1"
174.137.8.219 - - [08/Jun/2025:16:09:13 -0400] "GET /manga/re-monster-chapter-21/ HTTP/1.1" 200 16341 "https://remonster.online/" "Mozilla/5.0 (iPhone; CPU iPhone OS 18_5 like Mac OS X) AppleWebKit/605.1.15 (KHTML, like Gecko) Version/18.5 Mobile/15E148 Safari/604.1"
162.0.232.193 - - [08/Jun/2025:16:09:14 -0400] "POST /wp-cron.php?doing_wp_cron=1749413354.8869090080261230468750 HTTP/1.1" 200 0 "-" "WordPress/6.6.2; https://remonster.online"
174.137.8.219 - - [08/Jun/2025:16:09:14 -0400] "POST /wp-admin/admin-ajax.php HTTP/1.1" 200 49 "https://remonster.online/manga/re-monster-chapter-21/" "Mozilla/5.0 (iPhone; CPU iPhone OS 18_5 like Mac OS X) AppleWebKit/605.1.15 (KHTML, like Gecko) Version/18.5 Mobile/15E148 Safari/604.1"
174.137.8.219 - - [08/Jun/2025:16:09:15 -0400] "POST /wp-admin/admin-ajax.php HTTP/1.1" 200 452 "https://remonster.online/manga/re-monster-chapter-21/" "Mozilla/5.0 (iPhone; CPU iPhone OS 18_5 like Mac OS X) AppleWebKit/605.1.15 (KHTML, like Gecko) Version/18.5 Mobile/15E148 Safari/604.1"
2001:67c:2660:425:20::265 - - [08/Jun/2025:16:09:31 -0400] "GET /manga/re-monster-chapter-73/ HTTP/1.1" 304 0 "https://remonster.online/manga/re-monster-chapter-74/" "Mozilla/5.0 (Linux; Android 10; K) AppleWebKit/537.36 (KHTML, like Gecko) Chrome/135.0.0.0 Mobile Safari/537.36 OPR/89.0.0.0"
2001:67c:2660:425:20::265 - - [08/Jun/2025:16:09:31 -0400] "GET /manga/remonster-chapter-75/ HTTP/1.1" 200 17423 "https://remonster.online/manga/re-monster-chapter-74/" "Mozilla/5.0 (Linux; Android 10; K) AppleWebKit/537.36 (KHTML, like Gecko) Chrome/135.0.0.0 Mobile Safari/537.36 OPR/89.0.0.0"
2001:67c:2660:425:20::265 - - [08/Jun/2025:16:09:31 -0400] "GET /tag/volume/ HTTP/1.1" 301 0 "https://remonster.online/manga/re-monster-chapter-74/" "Mozilla/5.0 (Linux; Android 10; K) AppleWebKit/537.36 (KHTML, like Gecko) Chrome/135.0.0.0 Mobile Safari/537.36 OPR/89.0.0.0"
2001:67c:2660:425:20::265 - - [08/Jun/2025:16:09:32 -0400] "GET /manga/remonster-chapter-75/ HTTP/1.1" 304 0 "https://remonster.online/manga/re-monster-chapter-74/" "Mozilla/5.0 (Linux; Android 10; K) AppleWebKit/537.36 (KHTML, like Gecko) Chrome/135.0.0.0 Mobile Safari/537.36 OPR/89.0.0.0"
2001:67c:2660:425:20::265 - - [08/Jun/2025:16:09:32 -0400] "GET / HTTP/1.1" 304 0 "https://remonster.online/manga/re-monster-chapter-74/" "Mozilla/5.0 (Linux; Android 10; K) AppleWebKit/537.36 (KHTML, like Gecko) Chrome/135.0.0.0 Mobile Safari/537.36 OPR/89.0.0.0"
2804:30c:1950:a200:fc31:4822:278:8cbb - - [08/Jun/2025:16:09:45 -0400] "GET /manga/re-monster-chapter-37/ HTTP/1.1" 200 18075 "https://remonster.online/manga/re-monster-chapter-36/" "Mozilla/5.0 (iPhone; CPU iPhone OS 18_5 like Mac OS X) AppleWebKit/605.1.15 (KHTML, like Gecko) Version/18.5 Mobile/15E148 Safari/604.1 Ddg/18.5"
162.0.232.193 - - [08/Jun/2025:16:09:46 -0400] "POST /wp-cron.php?doing_wp_cron=1749413386.8047130107879638671875 HTTP/1.1" 200 0 "-" "WordPress/6.6.2; https://remonster.online"
2804:30c:1950:a200:fc31:4822:278:8cbb - - [08/Jun/2025:16:09:46 -0400] "POST /wp-admin/admin-ajax.php HTTP/1.1" 200 69 "https://remonster.online/manga/re-monster-chapter-37/" "Mozilla/5.0 (iPhone; CPU iPhone OS 18_5 like Mac OS X) AppleWebKit/605.1.15 (KHTML, like Gecko) Version/18.5 Mobile/15E148 Safari/604.1 Ddg/18.5"
37.31.156.190 - - [08/Jun/2025:16:10:08 -0400] "GET /manga/re-monster-chapter-45/ HTTP/1.1" 200 17786 "-" "Mozilla/5.0 (iPhone; CPU iPhone OS 18_5 like Mac OS X) AppleWebKit/605.1.15 (KHTML, like Gecko) Mobile/15E148"
2001:67c:2660:425:20::265 - - [08/Jun/2025:16:10:20 -0400] "GET /tag/gobue/ HTTP/1.1" 301 0 "https://remonster.online/manga/remonster-chapter-75/" "Mozilla/5.0 (Linux; Android 10; K) AppleWebKit/537.36 (KHTML, like Gecko) Chrome/135.0.0.0 Mobile Safari/537.36 OPR/89.0.0.0"
2001:67c:2660:425:20::265 - - [08/Jun/2025:16:10:21 -0400] "GET / HTTP/1.1" 304 0 "https://remonster.online/manga/remonster-chapter-75/" "Mozilla/5.0 (Linux; Android 10; K) AppleWebKit/537.36 (KHTML, like Gecko) Chrome/135.0.0.0 Mobile Safari/537.36 OPR/89.0.0.0"
2001:67c:2660:425:20::265 - - [08/Jun/2025:16:10:21 -0400] "GET /manga/remonster-chapter-76/ HTTP/1.1" 200 17398 "https://remonster.online/manga/remonster-chapter-75/" "Mozilla/5.0 (Linux; Android 10; K) AppleWebKit/537.36 (KHTML, like Gecko) Chrome/135.0.0.0 Mobile Safari/537.36 OPR/89.0.0.0"
2001:67c:2660:425:20::265 - - [08/Jun/2025:16:10:21 -0400] "GET /manga/remonster-chapter-76/ HTTP/1.1" 304 0 "https://remonster.online/manga/remonster-chapter-75/" "Mozilla/5.0 (Linux; Android 10; K) AppleWebKit/537.36 (KHTML, like Gecko) Chrome/135.0.0.0 Mobile Safari/537.36 OPR/89.0.0.0"
174.137.8.219 - - [08/Jun/2025:16:10:23 -0400] "GET /manga/re-monster-chapter-30/ HTTP/1.1" 200 15541 "https://remonster.online/" "Mozilla/5.0 (iPhone; CPU iPhone OS 18_5 like Mac OS X) AppleWebKit/605.1.15 (KHTML, like Gecko) Version/18.5 Mobile/15E148 Safari/604.1"
94.133.105.93 - - [08/Jun/2025:16:10:56 -0400] "GET / HTTP/1.1" 200 10821 "https://www.google.com/" "Mozilla/5.0 (Windows NT 10.0; Win64; x64) AppleWebKit/537.36 (KHTML, like Gecko) Chrome/137.0.0.0 Safari/537.36 Edg/137.0.0.0"
185.191.171.2 - - [08/Jun/2025:16:11:08 -0400] "GET /remonster-chapter-42/ HTTP/1.1" 200 12897 "-" "Mozilla/5.0 (compatible; SemrushBot/7~bl; +http://www.semrush.com/bot.html)"
174.137.8.219 - - [08/Jun/2025:16:11:27 -0400] "GET /manga/re-monster-chapter-31/ HTTP/1.1" 200 17736 "https://remonster.online/manga/re-monster-chapter-30/" "Mozilla/5.0 (iPhone; CPU iPhone OS 18_5 like Mac OS X) AppleWebKit/605.1.15 (KHTML, like Gecko) Version/18.5 Mobile/15E148 Safari/604.1"
2a02:c7e:3164:8200:24b0:138f:411b:cf1b - - [08/Jun/2025:16:11:28 -0400] "GET /manga/re-monster-chapter-38/ HTTP/1.1" 200 17755 "https://remonster.online/manga/re-monster-chapter-37/" "Mozilla/5.0 (Windows NT 10.0; Win64; x64; rv:139.0) Gecko/20100101 Firefox/139.0"
162.0.232.193 - - [08/Jun/2025:16:11:28 -0400] "POST /wp-cron.php?doing_wp_cron=1749413488.6747839450836181640625 HTTP/1.1" 200 0 "-" "WordPress/6.6.2; https://remonster.online"
174.137.8.219 - - [08/Jun/2025:16:11:28 -0400] "POST /wp-admin/admin-ajax.php HTTP/1.1" 200 69 "https://remonster.online/manga/re-monster-chapter-31/" "Mozilla/5.0 (iPhone; CPU iPhone OS 18_5 like Mac OS X) AppleWebKit/605.1.15 (KHTML, like Gecko) Version/18.5 Mobile/15E148 Safari/604.1"
2a02:c7e:3164:8200:24b0:138f:411b:cf1b - - [08/Jun/2025:16:11:29 -0400] "POST /wp-admin/admin-ajax.php HTTP/1.1" 200 69 "https://remonster.online/manga/re-monster-chapter-38/" "Mozilla/5.0 (Windows NT 10.0; Win64; x64; rv:139.0) Gecko/20100101 Firefox/139.0"
2603:8080:2f05:ea00:65df:aba6:7799:c2ce - - [08/Jun/2025:16:11:49 -0400] "GET / HTTP/1.1" 200 10812 "https://www.google.com/" "Mozilla/5.0 (Linux; Android 10; K) AppleWebKit/537.36 (KHTML, like Gecko) Chrome/125.0.0.0 Mobile Safari/537.36"
174.137.8.219 - - [08/Jun/2025:16:11:56 -0400] "GET /manga/re-monster-chapter-39/ HTTP/1.1" 200 16037 "https://remonster.online/" "Mozilla/5.0 (iPhone; CPU iPhone OS 18_5 like Mac OS X) AppleWebKit/605.1.15 (KHTML, like Gecko) Version/18.5 Mobile/15E148 Safari/604.1"
162.0.232.193 - - [08/Jun/2025:16:11:57 -0400] "POST /wp-cron.php?doing_wp_cron=1749413517.1812069416046142578125 HTTP/1.1" 200 0 "-" "WordPress/6.6.2; https://remonster.online"
174.137.8.219 - - [08/Jun/2025:16:11:56 -0400] "POST /wp-admin/admin-ajax.php HTTP/1.1" 200 69 "https://remonster.online/manga/re-monster-chapter-39/" "Mozilla/5.0 (iPhone; CPU iPhone OS 18_5 like Mac OS X) AppleWebKit/605.1.15 (KHTML, like Gecko) Version/18.5 Mobile/15E148 Safari/604.1"
2603:8080:2f05:ea00:65df:aba6:7799:c2ce - - [08/Jun/2025:16:12:06 -0400] "GET /manga/remonster-chapter-81/ HTTP/1.1" 200 14040 "https://remonster.online/" "Mozilla/5.0 (Linux; Android 10; K) AppleWebKit/537.36 (KHTML, like Gecko) Chrome/125.0.0.0 Mobile Safari/537.36"
2603:8080:2f05:ea00:65df:aba6:7799:c2ce - - [08/Jun/2025:16:12:06 -0400] "GET /manga/re-monster-chapter-23/ HTTP/1.1" 200 16380 "https://remonster.online/" "Mozilla/5.0 (Linux; Android 10; K) AppleWebKit/537.36 (KHTML, like Gecko) Chrome/125.0.0.0 Mobile Safari/537.36"
2603:8080:2f05:ea00:65df:aba6:7799:c2ce - - [08/Jun/2025:16:12:10 -0400] "GET /manga/re-monster-chapter-1/ HTTP/1.1" 200 17990 "https://remonster.online/" "Mozilla/5.0 (Linux; Android 10; K) AppleWebKit/537.36 (KHTML, like Gecko) Chrome/125.0.0.0 Mobile Safari/537.36"
174.137.8.219 - - [08/Jun/2025:16:12:17 -0400] "GET /manga/re-monster-chapter-55/ HTTP/1.1" 200 17451 "https://remonster.online/" "Mozilla/5.0 (iPhone; CPU iPhone OS 18_5 like Mac OS X) AppleWebKit/605.1.15 (KHTML, like Gecko) Version/18.5 Mobile/15E148 Safari/604.1"
2a02:908:1065:ed40:7ac8:63a9:6c1e:1f5d - - [08/Jun/2025:16:12:57 -0400] "GET /manga/re-monster-chapter-70/ HTTP/1.1" 200 17709 "https://remonster.online/manga/re-monster-chapter-69/" "Mozilla/5.0 (Windows NT 10.0; Win64; x64; rv:139.0) Gecko/20100101 Firefox/139.0"
2a02:908:1065:ed40:7ac8:63a9:6c1e:1f5d - - [08/Jun/2025:16:12:58 -0400] "GET /manga/re-monster-chapter-70/ HTTP/1.1" 200 17709 "https://remonster.online/manga/re-monster-chapter-69/" "Mozilla/5.0 (Windows NT 10.0; Win64; x64; rv:139.0) Gecko/20100101 Firefox/139.0"
2001:67c:2660:425:20::265 - - [08/Jun/2025:16:12:59 -0400] "GET / HTTP/1.1" 304 0 "https://remonster.online/manga/remonster-chapter-76/" "Mozilla/5.0 (Linux; Android 10; K) AppleWebKit/537.36 (KHTML, like Gecko) Chrome/135.0.0.0 Mobile Safari/537.36 OPR/89.0.0.0"
2001:67c:2660:425:20::265 - - [08/Jun/2025:16:12:59 -0400] "GET /manga/remonster-chapter-75/ HTTP/1.1" 304 0 "https://remonster.online/manga/remonster-chapter-76/" "Mozilla/5.0 (Linux; Android 10; K) AppleWebKit/537.36 (KHTML, like Gecko) Chrome/135.0.0.0 Mobile Safari/537.36 OPR/89.0.0.0"
2001:67c:2660:425:20::265 - - [08/Jun/2025:16:12:59 -0400] "GET /tag/goblin/ HTTP/1.1" 301 0 "https://remonster.online/manga/remonster-chapter-76/" "Mozilla/5.0 (Linux; Android 10; K) AppleWebKit/537.36 (KHTML, like Gecko) Chrome/135.0.0.0 Mobile Safari/537.36 OPR/89.0.0.0"
2001:67c:2660:425:20::265 - - [08/Jun/2025:16:13:00 -0400] "GET / HTTP/1.1" 304 0 "https://remonster.online/manga/remonster-chapter-76/" "Mozilla/5.0 (Linux; Android 10; K) AppleWebKit/537.36 (KHTML, like Gecko) Chrome/135.0.0.0 Mobile Safari/537.36 OPR/89.0.0.0"
2001:67c:2660:425:20::265 - - [08/Jun/2025:16:13:01 -0400] "GET /manga/remonster-chapter-77/ HTTP/1.1" 200 17434 "https://remonster.online/manga/remonster-chapter-76/" "Mozilla/5.0 (Linux; Android 10; K) AppleWebKit/537.36 (KHTML, like Gecko) Chrome/135.0.0.0 Mobile Safari/537.36 OPR/89.0.0.0"
2001:67c:2660:425:20::265 - - [08/Jun/2025:16:13:01 -0400] "GET /manga/remonster-chapter-77/ HTTP/1.1" 304 0 "https://remonster.online/manga/remonster-chapter-76/" "Mozilla/5.0 (Linux; Android 10; K) AppleWebKit/537.36 (KHTML, like Gecko) Chrome/135.0.0.0 Mobile Safari/537.36 OPR/89.0.0.0"
174.137.8.219 - - [08/Jun/2025:16:13:06 -0400] "GET /manga/re-monster-chapter-65/ HTTP/1.1" 200 17410 "https://remonster.online/" "Mozilla/5.0 (iPhone; CPU iPhone OS 18_5 like Mac OS X) AppleWebKit/605.1.15 (KHTML, like Gecko) Version/18.5 Mobile/15E148 Safari/604.1"
2001:67c:2660:425:20::265 - - [08/Jun/2025:16:13:34 -0400] "GET /category/remonster/ HTTP/1.1" 304 0 "https://remonster.online/manga/remonster-chapter-77/" "Mozilla/5.0 (Linux; Android 10; K) AppleWebKit/537.36 (KHTML, like Gecko) Chrome/135.0.0.0 Mobile Safari/537.36 OPR/89.0.0.0"
2001:67c:2660:425:20::265 - - [08/Jun/2025:16:13:34 -0400] "GET / HTTP/1.1" 304 0 "https://remonster.online/manga/remonster-chapter-77/" "Mozilla/5.0 (Linux; Android 10; K) AppleWebKit/537.36 (KHTML, like Gecko) Chrome/135.0.0.0 Mobile Safari/537.36 OPR/89.0.0.0"
2001:67c:2660:425:20::265 - - [08/Jun/2025:16:13:35 -0400] "GET /manga/remonster-chapter-78/ HTTP/1.1" 200 17076 "https://remonster.online/manga/remonster-chapter-77/" "Mozilla/5.0 (Linux; Android 10; K) AppleWebKit/537.36 (KHTML, like Gecko) Chrome/135.0.0.0 Mobile Safari/537.36 OPR/89.0.0.0"
2001:67c:2660:425:20::265 - - [08/Jun/2025:16:13:36 -0400] "GET /manga/remonster-chapter-78/ HTTP/1.1" 304 0 "https://remonster.online/manga/remonster-chapter-77/" "Mozilla/5.0 (Linux; Android 10; K) AppleWebKit/537.36 (KHTML, like Gecko) Chrome/135.0.0.0 Mobile Safari/537.36 OPR/89.0.0.0"
2001:67c:2660:425:20::265 - - [08/Jun/2025:16:13:38 -0400] "GET /manga/remonster-chapter-78/ HTTP/1.1" 200 16735 "-" "Mozilla/5.0 (X11; Linux x86_64) AppleWebKit/537.36 (KHTML, like Gecko) Chrome/135.0.0.0 Safari/537.36 OPR/121.0.0.0"
2a03:2880:f800:5:: - - [08/Jun/2025:16:14:30 -0400] "GET /tag/remonster-chapter-92-high-quality/ HTTP/1.1" 301 0 "-" "meta-externalagent/1.1 (+https://developers.facebook.com/docs/sharing/webmasters/crawler)"
102.215.255.170 - - [08/Jun/2025:16:14:32 -0400] "GET / HTTP/1.1" 200 10812 "https://www.google.com/" "Mozilla/5.0 (iPhone; CPU iPhone OS 18_5 like Mac OS X) AppleWebKit/605.1.15 (KHTML, like Gecko) Version/18.5 Mobile/15E148 Safari/604.1"
2a03:2880:f800:15:: - - [08/Jun/2025:16:14:32 -0400] "GET / HTTP/1.1" 200 10858 "-" "meta-externalagent/1.1 (+https://developers.facebook.com/docs/sharing/webmasters/crawler)"
102.215.255.170 - - [08/Jun/2025:16:14:32 -0400] "GET /wp-includes/css/dist/block-library/style.min.css?ver=6.6.2 HTTP/1.1" 200 13903 "https://remonster.online/" "Mozilla/5.0 (iPhone; CPU iPhone OS 18_5 like Mac OS X) AppleWebKit/605.1.15 (KHTML, like Gecko) Version/18.5 Mobile/15E148 Safari/604.1"
102.215.255.170 - - [08/Jun/2025:16:14:32 -0400] "GET /wp-content/plugins/simple-social-buttons/assets/js/frontend-blocks.js?ver=5.3.1 HTTP/1.1" 200 0 "https://remonster.online/" "Mozilla/5.0 (iPhone; CPU iPhone OS 18_5 like Mac OS X) AppleWebKit/605.1.15 (KHTML, like Gecko) Version/18.5 Mobile/15E148 Safari/604.1"
102.215.255.170 - - [08/Jun/2025:16:14:32 -0400] "GET /wp-content/plugins/widgets-on-pages/public/css/widgets-on-pages-public.css?ver=1.4.0 HTTP/1.1" 200 83 "https://remonster.online/" "Mozilla/5.0 (iPhone; CPU iPhone OS 18_5 like Mac OS X) AppleWebKit/605.1.15 (KHTML, like Gecko) Version/18.5 Mobile/15E148 Safari/604.1"
102.215.255.170 - - [08/Jun/2025:16:14:32 -0400] "GET /wp-content/themes/toivo-lite/style.css?ver=1.2.0 HTTP/1.1" 200 13718 "https://remonster.online/" "Mozilla/5.0 (iPhone; CPU iPhone OS 18_5 like Mac OS X) AppleWebKit/605.1.15 (KHTML, like Gecko) Version/18.5 Mobile/15E148 Safari/604.1"
102.215.255.170 - - [08/Jun/2025:16:14:32 -0400] "GET /wp-includes/js/jquery/jquery.min.js?ver=3.7.1 HTTP/1.1" 200 29744 "https://remonster.online/" "Mozilla/5.0 (iPhone; CPU iPhone OS 18_5 like Mac OS X) AppleWebKit/605.1.15 (KHTML, like Gecko) Version/18.5 Mobile/15E148 Safari/604.1"
102.215.255.170 - - [08/Jun/2025:16:14:32 -0400] "GET /wp-content/themes/toivo-lite/js/responsive-nav.min.js?ver=1.2.0 HTTP/1.1" 200 2102 "https://remonster.online/" "Mozilla/5.0 (iPhone; CPU iPhone OS 18_5 like Mac OS X) AppleWebKit/605.1.15 (KHTML, like Gecko) Version/18.5 Mobile/15E148 Safari/604.1"
102.215.255.170 - - [08/Jun/2025:16:14:32 -0400] "GET /wp-content/plugins/simple-social-buttons/assets/js/front.js?ver=5.3.1 HTTP/1.1" 200 1932 "https://remonster.online/" "Mozilla/5.0 (iPhone; CPU iPhone OS 18_5 like Mac OS X) AppleWebKit/605.1.15 (KHTML, like Gecko) Version/18.5 Mobile/15E148 Safari/604.1"
102.215.255.170 - - [08/Jun/2025:16:14:32 -0400] "GET /wp-content/themes/toivo-lite/fonts/genericons/genericons/genericons.min.css?ver=3.3 HTTP/1.1" 200 15959 "https://remonster.online/" "Mozilla/5.0 (iPhone; CPU iPhone OS 18_5 like Mac OS X) AppleWebKit/605.1.15 (KHTML, like Gecko) Version/18.5 Mobile/15E148 Safari/604.1"
102.215.255.170 - - [08/Jun/2025:16:14:32 -0400] "GET /wp-content/themes/toivo-lite/js/functions.min.js?ver=1.2.0 HTTP/1.1" 200 593 "https://remonster.online/" "Mozilla/5.0 (iPhone; CPU iPhone OS 18_5 like Mac OS X) AppleWebKit/605.1.15 (KHTML, like Gecko) Version/18.5 Mobile/15E148 Safari/604.1"
102.215.255.170 - - [08/Jun/2025:16:14:32 -0400] "GET /wp-content/plugins/links-auto-replacer/public/js/lar-public.js?ver=2.0.0 HTTP/1.1" 200 393 "https://remonster.online/" "Mozilla/5.0 (iPhone; CPU iPhone OS 18_5 like Mac OS X) AppleWebKit/605.1.15 (KHTML, like Gecko) Version/18.5 Mobile/15E148 Safari/604.1"
102.215.255.170 - - [08/Jun/2025:16:14:32 -0400] "GET /wp-content/plugins/comic-easel/js/keynav.js HTTP/1.1" 200 302 "https://remonster.online/" "Mozilla/5.0 (iPhone; CPU iPhone OS 18_5 like Mac OS X) AppleWebKit/605.1.15 (KHTML, like Gecko) Version/18.5 Mobile/15E148 Safari/604.1"
102.215.255.170 - - [08/Jun/2025:16:14:32 -0400] "GET /wp-includes/js/jquery/jquery-migrate.min.js?ver=3.4.1 HTTP/1.1" 200 4678 "https://remonster.online/" "Mozilla/5.0 (iPhone; CPU iPhone OS 18_5 like Mac OS X) AppleWebKit/605.1.15 (KHTML, like Gecko) Version/18.5 Mobile/15E148 Safari/604.1"
102.215.255.170 - - [08/Jun/2025:16:14:32 -0400] "GET /wp-content/themes/toivo-lite/js/settings.min.js?ver=1.2.0 HTTP/1.1" 200 307 "https://remonster.online/" "Mozilla/5.0 (iPhone; CPU iPhone OS 18_5 like Mac OS X) AppleWebKit/605.1.15 (KHTML, like Gecko) Version/18.5 Mobile/15E148 Safari/604.1"
102.215.255.170 - - [08/Jun/2025:16:14:32 -0400] "GET /wp-content/plugins/simple-social-buttons/assets/css/front.css?ver=5.3.1 HTTP/1.1" 200 10295 "https://remonster.online/" "Mozilla/5.0 (iPhone; CPU iPhone OS 18_5 like Mac OS X) AppleWebKit/605.1.15 (KHTML, like Gecko) Version/18.5 Mobile/15E148 Safari/604.1"
102.215.255.170 - - [08/Jun/2025:16:14:32 -0400] "GET /wp-content/uploads/2021/11/8168f-bSGoS-1260x1800.jpeg HTTP/1.1" 200 463933 "https://remonster.online/" "Mozilla/5.0 (iPhone; CPU iPhone OS 18_5 like Mac OS X) AppleWebKit/605.1.15 (KHTML, like Gecko) Version/18.5 Mobile/15E148 Safari/604.1"
102.215.255.170 - - [08/Jun/2025:16:14:33 -0400] "GET /wp-content/uploads/2021/11/LN_v09_001.jpeg HTTP/1.1" 200 1105440 "https://remonster.online/" "Mozilla/5.0 (iPhone; CPU iPhone OS 18_5 like Mac OS X) AppleWebKit/605.1.15 (KHTML, like Gecko) Version/18.5 Mobile/15E148 Safari/604.1"
102.215.255.170 - - [08/Jun/2025:16:14:34 -0400] "GET /wp-content/themes/toivo-lite/fonts/genericons/genericons/Genericons.svg HTTP/1.1" 200 23714 "https://remonster.online/" "Mozilla/5.0 (iPhone; CPU iPhone OS 18_5 like Mac OS X) AppleWebKit/605.1.15 (KHTML, like Gecko) Version/18.5 Mobile/15E148 Safari/604.1"
102.215.255.170 - - [08/Jun/2025:16:14:34 -0400] "GET /wp-content/uploads/2021/11/cropped-670x300.jpg HTTP/1.1" 200 233958 "https://remonster.online/" "Mozilla/5.0 (iPhone; CPU iPhone OS 18_5 like Mac OS X) AppleWebKit/605.1.15 (KHTML, like Gecko) Version/18.5 Mobile/15E148 Safari/604.1"
102.215.255.170 - - [08/Jun/2025:16:14:39 -0400] "GET /wp-content/uploads/2021/11/cropped-CeDzRGZ-32x32.png HTTP/1.1" 200 2410 "https://remonster.online/" "Mozilla/5.0 (iPhone; CPU iPhone OS 18_5 like Mac OS X) AppleWebKit/605.1.15 (KHTML, like Gecko) Version/18.5 Mobile/15E148 Safari/604.1"
2001:1388:5560:55c:71fa:d2f2:8fb2:ab2 - - [08/Jun/2025:16:14:47 -0400] "GET / HTTP/1.1" 200 10812 "https://www.google.com/" "Mozilla/5.0 (Linux; Android 10; K) AppleWebKit/537.36 (KHTML, like Gecko) Chrome/136.0.0.0 Mobile Safari/537.36"
2605:b100:d1a:122b:0:15:4725:2901 - - [08/Jun/2025:16:14:49 -0400] "GET /tag/volume/ HTTP/1.1" 301 0 "-" "Mozilla/5.0 (Linux; Android 10; K) AppleWebKit/537.36 (KHTML, like Gecko) Chrome/137.0.0.0 Mobile Safari/537.36"
2605:b100:d1a:122b:0:15:4725:2901 - - [08/Jun/2025:16:14:50 -0400] "GET /manga/re-monster-chapter-27/ HTTP/1.1" 200 17316 "-" "Mozilla/5.0 (Linux; Android 10; K) AppleWebKit/537.36 (KHTML, like Gecko) Chrome/137.0.0.0 Mobile Safari/537.36"
2001:1388:5560:55c:71fa:d2f2:8fb2:ab2 - - [08/Jun/2025:16:14:51 -0400] "GET / HTTP/1.1" 200 10812 "https://remonster.online/" "Mozilla/5.0 (Linux; Android 10; K) AppleWebKit/537.36 (KHTML, like Gecko) Chrome/136.0.0.0 Mobile Safari/537.36"
2605:b100:d1a:122b:0:15:4725:2901 - - [08/Jun/2025:16:14:51 -0400] "GET /manga/re-monster-chapter-27/ HTTP/1.1" 304 0 "https://remonster.online/manga/re-monster-chapter-26/" "Mozilla/5.0 (Linux; Android 10; K) AppleWebKit/537.36 (KHTML, like Gecko) Chrome/137.0.0.0 Mobile Safari/537.36"
142.169.132.237 - - [08/Jun/2025:16:15:27 -0400] "GET /tag/kichi/ HTTP/1.1" 301 0 "https://remonster.online/manga/re-monster-chapter-38/" "Mozilla/5.0 (Linux; Android 10; K) AppleWebKit/537.36 (KHTML, like Gecko) Chrome/137.0.0.0 Mobile Safari/537.36"
142.169.132.237 - - [08/Jun/2025:16:15:27 -0400] "GET / HTTP/1.1" 304 0 "https://remonster.online/manga/re-monster-chapter-38/" "Mozilla/5.0 (Linux; Android 10; K) AppleWebKit/537.36 (KHTML, like Gecko) Chrome/137.0.0.0 Mobile Safari/537.36"
142.169.132.237 - - [08/Jun/2025:16:15:34 -0400] "GET /tag/reincarnated-monster/ HTTP/1.1" 301 0 "https://remonster.online/manga/re-monster-chapter-38/" "Mozilla/5.0 (Linux; Android 10; K) AppleWebKit/537.36 (KHTML, like Gecko) Chrome/137.0.0.0 Mobile Safari/537.36"
142.169.132.237 - - [08/Jun/2025:16:15:35 -0400] "GET / HTTP/1.1" 304 0 "https://remonster.online/manga/re-monster-chapter-38/" "Mozilla/5.0 (Linux; Android 10; K) AppleWebKit/537.36 (KHTML, like Gecko) Chrome/137.0.0.0 Mobile Safari/537.36"
142.169.132.237 - - [08/Jun/2025:16:15:38 -0400] "GET /manga/re-monster-chapter-39/ HTTP/1.1" 200 16037 "https://remonster.online/manga/re-monster-chapter-38/" "Mozilla/5.0 (Linux; Android 10; K) AppleWebKit/537.36 (KHTML, like Gecko) Chrome/137.0.0.0 Mobile Safari/537.36"
142.169.132.237 - - [08/Jun/2025:16:15:38 -0400] "GET /manga/re-monster-chapter-39/ HTTP/1.1" 304 0 "https://remonster.online/manga/re-monster-chapter-38/" "Mozilla/5.0 (Linux; Android 10; K) AppleWebKit/537.36 (KHTML, like Gecko) Chrome/137.0.0.0 Mobile Safari/537.36"
162.0.232.193 - - [08/Jun/2025:16:15:39 -0400] "POST /wp-cron.php?doing_wp_cron=1749413739.1403460502624511718750 HTTP/1.1" 200 0 "-" "WordPress/6.6.2; https://remonster.online"
142.169.132.237 - - [08/Jun/2025:16:15:38 -0400] "POST /wp-admin/admin-ajax.php HTTP/1.1" 200 69 "https://remonster.online/manga/re-monster-chapter-39/" "Mozilla/5.0 (Linux; Android 10; K) AppleWebKit/537.36 (KHTML, like Gecko) Chrome/137.0.0.0 Mobile Safari/537.36"
66.249.83.76 - - [08/Jun/2025:16:15:42 -0400] "GET /manga/re-monster-chapter-39/ HTTP/1.1" 200 16034 "-" "Mozilla/5.0 (Linux; Android 7.0; SM-G930V Build/NRD90M) AppleWebKit/537.36 (KHTML, like Gecko) Chrome/59.0.3071.125 Mobile Safari/537.36 (compatible; Google-Read-Aloud; +https://support.google.com/webmasters/answer/1061943)"
66.249.83.71 - - [08/Jun/2025:16:15:42 -0400] "GET /manga/re-monster-chapter-39/ HTTP/1.1" 200 16134 "-" "Mozilla/5.0 (Linux; Android 7.0; SM-G930V Build/NRD90M) AppleWebKit/537.36 (KHTML, like Gecko) Chrome/59.0.3071.125 Mobile Safari/537.36 (compatible; Google-Read-Aloud; +https://support.google.com/webmasters/answer/1061943)"
66.249.83.71 - - [08/Jun/2025:16:15:43 -0400] "POST /wp-admin/admin-ajax.php HTTP/1.1" 200 69 "https://remonster.online/manga/re-monster-chapter-39/" "Mozilla/5.0 (Linux; Android 7.0; SM-G930V Build/NRD90M) AppleWebKit/537.36 (KHTML, like Gecko) Chrome/59.0.3071.125 Mobile Safari/537.36 (compatible; Google-Read-Aloud; +https://support.google.com/webmasters/answer/1061943)"
102.215.255.170 - - [08/Jun/2025:16:16:47 -0400] "GET / HTTP/1.1" 200 10850 "https://www.google.com/" "Mozilla/5.0 (iPhone; CPU iPhone OS 18_5 like Mac OS X) AppleWebKit/605.1.15 (KHTML, like Gecko) Version/18.5 Mobile/15E148 Safari/604.1"
102.215.255.170 - - [08/Jun/2025:16:16:59 -0400] "GET / HTTP/1.1" 200 10812 "https://www.google.com/" "Mozilla/5.0 (iPhone; CPU iPhone OS 18_5 like Mac OS X) AppleWebKit/605.1.15 (KHTML, like Gecko) Version/18.5 Mobile/15E148 Safari/604.1"
102.215.255.170 - - [08/Jun/2025:16:17:01 -0400] "GET /wp-content/themes/toivo-lite/fonts/genericons/genericons/Genericons.svg HTTP/1.1" 200 23714 "https://remonster.online/" "Mozilla/5.0 (iPhone; CPU iPhone OS 18_5 like Mac OS X) AppleWebKit/605.1.15 (KHTML, like Gecko) Version/18.5 Mobile/15E148 Safari/604.1"
2605:b100:d1a:122b:0:15:4725:2901 - - [08/Jun/2025:16:17:39 -0400] "GET /manga/re-monster-chapter-27/ HTTP/1.1" 304 0 "-" "Mozilla/5.0 (Linux; Android 10; K) AppleWebKit/537.36 (KHTML, like Gecko) Chrome/137.0.0.0 Mobile Safari/537.36"
2605:b100:d1a:122b:0:15:4725:2901 - - [08/Jun/2025:16:17:39 -0400] "GET /manga/re-monster-chapter-27/ HTTP/1.1" 304 0 "https://remonster.online/manga/re-monster-chapter-26/" "Mozilla/5.0 (Linux; Android 10; K) AppleWebKit/537.36 (KHTML, like Gecko) Chrome/137.0.0.0 Mobile Safari/537.36"
66.249.79.229 - - [08/Jun/2025:16:18:19 -0400] "GET / HTTP/1.1" 200 10812 "-" "Mozilla/5.0 (Linux; Android 6.0.1; Nexus 5X Build/MMB29P) AppleWebKit/537.36 (KHTML, like Gecko) Chrome/136.0.7103.113 Mobile Safari/537.36 (compatible; Googlebot/2.1; +http://www.google.com/bot.html)"
190.141.188.62 - - [08/Jun/2025:16:18:30 -0400] "GET / HTTP/1.1" 200 10812 "https://www.google.com/" "Mozilla/5.0 (iPhone; CPU iPhone OS 18_5 like Mac OS X) AppleWebKit/605.1.15 (KHTML, like Gecko) Version/18.5 Mobile/15E148 Safari/604.1"
69.79.197.195 - - [08/Jun/2025:16:18:59 -0400] "GET /manga/re-monster-chapter-35/ HTTP/1.1" 200 17372 "https://remonster.online/manga/re-monster-chapter-34/" "Mozilla/5.0 (iPhone; CPU iPhone OS 18_0 like Mac OS X) AppleWebKit/605.1.15 (KHTML, like Gecko) Version/18.0 Mobile/15E148 Safari/604.1"
71.34.29.44 - - [08/Jun/2025:16:20:53 -0400] "GET /manga/re-monster-chapter-67/ HTTP/1.1" 200 17567 "-" "Mozilla/5.0 (iPhone; CPU iPhone OS 18_5 like Mac OS X) AppleWebKit/605.1.15 (KHTML, like Gecko) Version/18.5 Mobile/15E148 Safari/604.1"
2a02:c7e:3164:8200:24b0:138f:411b:cf1b - - [08/Jun/2025:16:21:43 -0400] "GET /manga/re-monster-chapter-39/ HTTP/1.1" 200 16004 "https://remonster.online/manga/re-monster-chapter-38/" "Mozilla/5.0 (Windows NT 10.0; Win64; x64; rv:139.0) Gecko/20100101 Firefox/139.0"
162.0.232.193 - - [08/Jun/2025:16:21:46 -0400] "POST /wp-cron.php?doing_wp_cron=1749414106.1372959613800048828125 HTTP/1.1" 200 0 "-" "WordPress/6.6.2; https://remonster.online"
2a02:c7e:3164:8200:24b0:138f:411b:cf1b - - [08/Jun/2025:16:21:44 -0400] "POST /wp-admin/admin-ajax.php HTTP/1.1" 200 69 "https://remonster.online/manga/re-monster-chapter-39/" "Mozilla/5.0 (Windows NT 10.0; Win64; x64; rv:139.0) Gecko/20100101 Firefox/139.0"
2a0a:ef40:df9:e901:d6b7:e38b:f224:4ec - - [08/Jun/2025:16:22:07 -0400] "GET /tag/chapter/ HTTP/1.1" 301 0 "https://remonster.online/manga/re-monster-chapter-1/" "Mozilla/5.0 (Linux; Android 10; K) AppleWebKit/537.36 (KHTML, like Gecko) Chrome/137.0.0.0 Mobile Safari/537.36"
2a0a:ef40:df9:e901:d6b7:e38b:f224:4ec - - [08/Jun/2025:16:22:07 -0400] "GET / HTTP/1.1" 200 10812 "https://remonster.online/manga/re-monster-chapter-1/" "Mozilla/5.0 (Linux; Android 10; K) AppleWebKit/537.36 (KHTML, like Gecko) Chrome/137.0.0.0 Mobile Safari/537.36"
2a0a:ef40:df9:e901:d6b7:e38b:f224:4ec - - [08/Jun/2025:16:22:09 -0400] "GET /manga/re-monster-chapter-2/ HTTP/1.1" 200 18548 "https://remonster.online/manga/re-monster-chapter-1/" "Mozilla/5.0 (Linux; Android 10; K) AppleWebKit/537.36 (KHTML, like Gecko) Chrome/137.0.0.0 Mobile Safari/537.36"
2a0a:ef40:df9:e901:d6b7:e38b:f224:4ec - - [08/Jun/2025:16:22:10 -0400] "GET /manga/re-monster-chapter-2/ HTTP/1.1" 304 0 "https://remonster.online/manga/re-monster-chapter-1/" "Mozilla/5.0 (Linux; Android 10; K) AppleWebKit/537.36 (KHTML, like Gecko) Chrome/137.0.0.0 Mobile Safari/537.36"
2a0a:ef40:df9:e901:d6b7:e38b:f224:4ec - - [08/Jun/2025:16:22:10 -0400] "POST /wp-admin/admin-ajax.php HTTP/1.1" 200 72 "https://remonster.online/manga/re-monster-chapter-2/" "Mozilla/5.0 (Linux; Android 10; K) AppleWebKit/537.36 (KHTML, like Gecko) Chrome/137.0.0.0 Mobile Safari/537.36"
162.0.232.193 - - [08/Jun/2025:16:23:20 -0400] "POST /wp-cron.php?doing_wp_cron=1749414200.7504699230194091796875 HTTP/1.1" 200 0 "-" "WordPress/6.6.2; https://remonster.online"
185.191.171.7 - - [08/Jun/2025:16:23:20 -0400] "GET /category/remonster/page/3/ HTTP/1.1" 200 18881 "-" "Mozilla/5.0 (compatible; SemrushBot/7~bl; +http://www.semrush.com/bot.html)"
174.137.8.219 - - [08/Jun/2025:16:23:47 -0400] "GET /manga/re-monster-chapter-66/ HTTP/1.1" 200 17880 "https://remonster.online/manga/re-monster-chapter-65/" "Mozilla/5.0 (iPhone; CPU iPhone OS 18_5 like Mac OS X) AppleWebKit/605.1.15 (KHTML, like Gecko) Version/18.5 Mobile/15E148 Safari/604.1"
2804:30c:1950:a200:fc31:4822:278:8cbb - - [08/Jun/2025:16:24:13 -0400] "GET /manga/re-monster-chapter-38/ HTTP/1.1" 200 18045 "https://remonster.online/manga/re-monster-chapter-37/" "Mozilla/5.0 (iPhone; CPU iPhone OS 18_5 like Mac OS X) AppleWebKit/605.1.15 (KHTML, like Gecko) Version/18.5 Mobile/15E148 Safari/604.1 Ddg/18.5"
162.0.232.193 - - [08/Jun/2025:16:24:13 -0400] "POST /wp-cron.php?doing_wp_cron=1749414253.8310270309448242187500 HTTP/1.1" 200 0 "-" "WordPress/6.6.2; https://remonster.online"
2804:30c:1950:a200:fc31:4822:278:8cbb - - [08/Jun/2025:16:24:13 -0400] "POST /wp-admin/admin-ajax.php HTTP/1.1" 200 69 "https://remonster.online/manga/re-monster-chapter-38/" "Mozilla/5.0 (iPhone; CPU iPhone OS 18_5 like Mac OS X) AppleWebKit/605.1.15 (KHTML, like Gecko) Version/18.5 Mobile/15E148 Safari/604.1 Ddg/18.5"
2a02:c7e:3164:8200:24b0:138f:411b:cf1b - - [08/Jun/2025:16:24:51 -0400] "GET /manga/re-monster-chapter-40/ HTTP/1.1" 200 17000 "https://remonster.online/manga/re-monster-chapter-39/" "Mozilla/5.0 (Windows NT 10.0; Win64; x64; rv:139.0) Gecko/20100101 Firefox/139.0"
162.0.232.193 - - [08/Jun/2025:16:24:52 -0400] "POST /wp-cron.php?doing_wp_cron=1749414292.2693181037902832031250 HTTP/1.1" 200 0 "-" "WordPress/6.6.2; https://remonster.online"
2a02:c7e:3164:8200:24b0:138f:411b:cf1b - - [08/Jun/2025:16:24:52 -0400] "POST /wp-admin/admin-ajax.php HTTP/1.1" 200 69 "https://remonster.online/manga/re-monster-chapter-40/" "Mozilla/5.0 (Windows NT 10.0; Win64; x64; rv:139.0) Gecko/20100101 Firefox/139.0"
2a02:c7e:3164:8200:24b0:138f:411b:cf1b - - [08/Jun/2025:16:25:04 -0400] "GET /manga/re-monster-chapter-40/ HTTP/1.1" 304 0 "https://remonster.online/manga/re-monster-chapter-39/" "Mozilla/5.0 (Windows NT 10.0; Win64; x64; rv:139.0) Gecko/20100101 Firefox/139.0"
2600:1004:b15b:a556:68c3:b2ff:fed0:bc6 - - [08/Jun/2025:16:25:04 -0400] "GET /manga/re-monster-chapter-74/ HTTP/1.1" 200 17658 "https://remonster.online/manga/re-monster-chapter-73/" "Mozilla/5.0 (Linux; Android 10; K) AppleWebKit/537.36 (KHTML, like Gecko) Chrome/137.0.0.0 Mobile Safari/537.36"
2a02:c7e:3164:8200:24b0:138f:411b:cf1b - - [08/Jun/2025:16:25:05 -0400] "POST /wp-admin/admin-ajax.php HTTP/1.1" 200 69 "https://remonster.online/manga/re-monster-chapter-40/" "Mozilla/5.0 (Windows NT 10.0; Win64; x64; rv:139.0) Gecko/20100101 Firefox/139.0"
2600:1004:b15b:a556:68c3:b2ff:fed0:bc6 - - [08/Jun/2025:16:25:16 -0400] "GET /manga/re-monster-chapter-74/ HTTP/1.1" 304 0 "https://remonster.online/manga/re-monster-chapter-73/" "Mozilla/5.0 (Linux; Android 10; K) AppleWebKit/537.36 (KHTML, like Gecko) Chrome/137.0.0.0 Mobile Safari/537.36"
162.0.232.193 - - [08/Jun/2025:16:26:13 -0400] "POST /wp-cron.php?doing_wp_cron=1749414373.2241649627685546875000 HTTP/1.1" 200 0 "-" "WordPress/6.6.2; https://remonster.online"
198.44.191.225 - - [08/Jun/2025:16:26:12 -0400] "POST /wp-login.php HTTP/1.1" 200 1875 "-" "Mozilla/5.0"
2607:fb91:8b24:8bf9:f1e3:5af9:aeb4:6d74 - - [08/Jun/2025:16:28:11 -0400] "GET / HTTP/1.1" 200 10821 "https://www.google.com/" "Mozilla/5.0 (Linux; Android 5.1.1; SM-T280) AppleWebKit/537.36 (KHTML, like Gecko) Chrome/95.0.4638.74 Safari/537.36"
2607:fb91:8b24:8bf9:f1e3:5af9:aeb4:6d74 - - [08/Jun/2025:16:28:16 -0400] "GET /wp-content/uploads/2021/11/8168f-bSGoS-768x1097.jpeg HTTP/1.1" 200 223084 "https://remonster.online/" "Mozilla/5.0 (Linux; Android 5.1.1; SM-T280) AppleWebKit/537.36 (KHTML, like Gecko) Chrome/95.0.4638.74 Safari/537.36"
2607:fb91:8b24:8bf9:f1e3:5af9:aeb4:6d74 - - [08/Jun/2025:16:28:36 -0400] "GET /manga/re-monster-chapter-14/ HTTP/1.1" 200 17336 "https://remonster.online/" "Mozilla/5.0 (Linux; Android 5.1.1; SM-T280) AppleWebKit/537.36 (KHTML, like Gecko) Chrome/95.0.4638.74 Safari/537.36"
2607:fb91:8b24:8bf9:f1e3:5af9:aeb4:6d74 - - [08/Jun/2025:16:28:36 -0400] "GET /manga/re-monster-chapter-10/ HTTP/1.1" 200 16634 "https://remonster.online/" "Mozilla/5.0 (Linux; Android 5.1.1; SM-T280) AppleWebKit/537.36 (KHTML, like Gecko) Chrome/95.0.4638.74 Safari/537.36"
185.191.171.13 - - [08/Jun/2025:16:29:16 -0400] "GET /tag/comic-remonster-chapter-91/ HTTP/1.1" 301 0 "-" "Mozilla/5.0 (compatible; SemrushBot/7~bl; +http://www.semrush.com/bot.html)"
2607:fb91:8b24:8bf9:f1e3:5af9:aeb4:6d74 - - [08/Jun/2025:16:29:29 -0400] "GET /manga/re-monster-chapter-4/ HTTP/1.1" 200 18421 "https://remonster.online/" "Mozilla/5.0 (Linux; Android 5.1.1; SM-T280) AppleWebKit/537.36 (KHTML, like Gecko) Chrome/95.0.4638.74 Safari/537.36"
162.0.232.193 - - [08/Jun/2025:16:29:32 -0400] "POST /wp-cron.php?doing_wp_cron=1749414572.5778460502624511718750 HTTP/1.1" 200 0 "-" "WordPress/6.6.2; https://remonster.online"
2607:fb91:8b24:8bf9:f1e3:5af9:aeb4:6d74 - - [08/Jun/2025:16:29:32 -0400] "POST /wp-admin/admin-ajax.php HTTP/1.1" 200 72 "https://remonster.online/manga/re-monster-chapter-4/" "Mozilla/5.0 (Linux; Android 5.1.1; SM-T280) AppleWebKit/537.36 (KHTML, like Gecko) Chrome/95.0.4638.74 Safari/537.36"
2607:fb91:8b24:8bf9:f1e3:5af9:aeb4:6d74 - - [08/Jun/2025:16:31:39 -0400] "GET /manga/re-monster-chapter-12/ HTTP/1.1" 200 17395 "https://remonster.online/" "Mozilla/5.0 (Linux; Android 5.1.1; SM-T280) AppleWebKit/537.36 (KHTML, like Gecko) Chrome/95.0.4638.74 Safari/537.36"
137.27.161.10 - - [08/Jun/2025:16:32:28 -0400] "GET /manga/re-monster-chapter-56/ HTTP/1.1" 200 17356 "https://remonster.online/manga/re-monster-chapter-57/" "Mozilla/5.0 (Windows NT 10.0; Win64; x64) AppleWebKit/537.36 (KHTML, like Gecko) Chrome/136.0.0.0 Safari/537.36"
137.27.161.10 - - [08/Jun/2025:16:32:28 -0400] "GET /manga/re-monster-chapter-58/ HTTP/1.1" 200 17753 "https://remonster.online/manga/re-monster-chapter-57/" "Mozilla/5.0 (Windows NT 10.0; Win64; x64) AppleWebKit/537.36 (KHTML, like Gecko) Chrome/136.0.0.0 Safari/537.36"
137.27.161.10 - - [08/Jun/2025:16:32:30 -0400] "GET /manga/re-monster-chapter-58/ HTTP/1.1" 304 0 "https://remonster.online/manga/re-monster-chapter-57/" "Mozilla/5.0 (Windows NT 10.0; Win64; x64) AppleWebKit/537.36 (KHTML, like Gecko) Chrome/136.0.0.0 Safari/537.36"
162.0.232.193 - - [08/Jun/2025:16:32:32 -0400] "POST /wp-cron.php?doing_wp_cron=1749414752.6170530319213867187500 HTTP/1.1" 200 0 "-" "WordPress/6.6.2; https://remonster.online"
137.27.161.10 - - [08/Jun/2025:16:32:31 -0400] "POST /wp-admin/admin-ajax.php HTTP/1.1" 200 69 "https://remonster.online/manga/re-monster-chapter-58/" "Mozilla/5.0 (Windows NT 10.0; Win64; x64) AppleWebKit/537.36 (KHTML, like Gecko) Chrome/136.0.0.0 Safari/537.36"
66.249.79.236 - - [08/Jun/2025:16:33:08 -0400] "GET /robots.txt HTTP/1.1" 301 0 "-" "Mozilla/5.0 (compatible; Googlebot/2.1; +http://www.google.com/bot.html)"
66.249.79.237 - - [08/Jun/2025:16:33:08 -0400] "GET / HTTP/1.1" 301 0 "-" "Mozilla/5.0 (Linux; Android 6.0.1; Nexus 5X Build/MMB29P) AppleWebKit/537.36 (KHTML, like Gecko) Chrome/136.0.7103.113 Mobile Safari/537.36 (compatible; Googlebot/2.1; +http://www.google.com/bot.html)"
2607:fb91:8b24:8bf9:f1e3:5af9:aeb4:6d74 - - [08/Jun/2025:16:33:33 -0400] "GET /manga/re-monster-chapter-14/ HTTP/1.1" 304 0 "https://remonster.online/" "Mozilla/5.0 (Linux; Android 5.1.1; SM-T280) AppleWebKit/537.36 (KHTML, like Gecko) Chrome/95.0.4638.74 Safari/537.36"
69.79.197.195 - - [08/Jun/2025:16:33:46 -0400] "GET /manga/re-monster-chapter-36/ HTTP/1.1" 200 18251 "https://remonster.online/manga/re-monster-chapter-35/" "Mozilla/5.0 (iPhone; CPU iPhone OS 18_0 like Mac OS X) AppleWebKit/605.1.15 (KHTML, like Gecko) Version/18.0 Mobile/15E148 Safari/604.1"
162.0.232.193 - - [08/Jun/2025:16:33:47 -0400] "POST /wp-cron.php?doing_wp_cron=1749414827.2249629497528076171875 HTTP/1.1" 200 0 "-" "WordPress/6.6.2; https://remonster.online"
69.79.197.195 - - [08/Jun/2025:16:33:47 -0400] "POST /wp-admin/admin-ajax.php HTTP/1.1" 200 47 "https://remonster.online/manga/re-monster-chapter-36/" "Mozilla/5.0 (iPhone; CPU iPhone OS 18_0 like Mac OS X) AppleWebKit/605.1.15 (KHTML, like Gecko) Version/18.0 Mobile/15E148 Safari/604.1"
69.79.197.195 - - [08/Jun/2025:16:33:46 -0400] "POST /wp-admin/admin-ajax.php HTTP/1.1" 200 69 "https://remonster.online/manga/re-monster-chapter-36/" "Mozilla/5.0 (iPhone; CPU iPhone OS 18_0 like Mac OS X) AppleWebKit/605.1.15 (KHTML, like Gecko) Version/18.0 Mobile/15E148 Safari/604.1"
2607:fb91:8b24:8bf9:f1e3:5af9:aeb4:6d74 - - [08/Jun/2025:16:34:00 -0400] "GET /manga/re-monster-chapter-17/ HTTP/1.1" 200 17792 "https://remonster.online/" "Mozilla/5.0 (Linux; Android 5.1.1; SM-T280) AppleWebKit/537.36 (KHTML, like Gecko) Chrome/95.0.4638.74 Safari/537.36"
2607:fb91:8b24:8bf9:f1e3:5af9:aeb4:6d74 - - [08/Jun/2025:16:34:02 -0400] "POST /wp-admin/admin-ajax.php HTTP/1.1" 200 69 "https://remonster.online/manga/re-monster-chapter-17/" "Mozilla/5.0 (Linux; Android 5.1.1; SM-T280) AppleWebKit/537.36 (KHTML, like Gecko) Chrome/95.0.4638.74 Safari/537.36"
2a02:c7e:3164:8200:24b0:138f:411b:cf1b - - [08/Jun/2025:16:34:10 -0400] "GET /manga/re-monster-chapter-41/ HTTP/1.1" 200 17375 "https://remonster.online/manga/re-monster-chapter-40/" "Mozilla/5.0 (Windows NT 10.0; Win64; x64; rv:139.0) Gecko/20100101 Firefox/139.0"
2600:382:37e0:e2e0:bc03:acd3:3a39:7e45 - - [08/Jun/2025:16:34:23 -0400] "GET / HTTP/1.1" 200 10858 "-" "Mozilla/5.0 (Macintosh; Intel Mac OS X 10_15_7) AppleWebKit/605.1.15 (KHTML, like Gecko) Version/17.13 Safari/605.1.15"
2600:382:37e0:e2e0:bc03:acd3:3a39:7e45 - - [08/Jun/2025:16:34:23 -0400] "GET /wp-content/uploads/2021/11/8168f-bSGoS.jpeg HTTP/1.1" 200 428790 "https://remonster.online/" "Mozilla/5.0 (Macintosh; Intel Mac OS X 10_15_7) AppleWebKit/605.1.15 (KHTML, like Gecko) Version/17.13 Safari/605.1.15"
174.137.8.219 - - [08/Jun/2025:16:35:01 -0400] "GET /manga/re-monster-chapter-67/ HTTP/1.1" 200 17567 "https://remonster.online/manga/re-monster-chapter-66/" "Mozilla/5.0 (iPhone; CPU iPhone OS 18_5 like Mac OS X) AppleWebKit/605.1.15 (KHTML, like Gecko) Version/18.5 Mobile/15E148 Safari/604.1"
2607:fb91:8b24:8bf9:f1e3:5af9:aeb4:6d74 - - [08/Jun/2025:16:35:27 -0400] "GET /manga/re-monster-chapter-16/ HTTP/1.1" 200 17601 "https://remonster.online/" "Mozilla/5.0 (Linux; Android 5.1.1; SM-T280) AppleWebKit/537.36 (KHTML, like Gecko) Chrome/95.0.4638.74 Safari/537.36"
2607:fb91:8b24:8bf9:f1e3:5af9:aeb4:6d74 - - [08/Jun/2025:16:35:35 -0400] "GET /manga/re-monster-chapter-15/ HTTP/1.1" 200 17410 "https://remonster.online/" "Mozilla/5.0 (Linux; Android 5.1.1; SM-T280) AppleWebKit/537.36 (KHTML, like Gecko) Chrome/95.0.4638.74 Safari/537.36"
2600:100c:b06e:4e0f:69da:1808:97bf:320f - - [08/Jun/2025:16:36:02 -0400] "GET /manga/remonster-chapter-91/ HTTP/1.1" 200 14134 "-" "Mozilla/5.0 (iPhone; CPU iPhone OS 18_4_1 like Mac OS X) AppleWebKit/605.1.15 (KHTML, like Gecko) Version/18.4 Mobile/15E148 Safari/604.1"
162.0.232.193 - - [08/Jun/2025:16:36:05 -0400] "POST /wp-cron.php?doing_wp_cron=1749414964.9533760547637939453125 HTTP/1.1" 200 0 "-" "WordPress/6.6.2; https://remonster.online"
2600:100c:b06e:4e0f:69da:1808:97bf:320f - - [08/Jun/2025:16:36:04 -0400] "GET /apple-touch-icon-120x120-precomposed.png HTTP/1.1" 301 0 "-" "MobileSafari/8621.1.15.10.7 CFNetwork/3826.500.111.2.2 Darwin/24.4.0"
2600:100c:b06e:4e0f:69da:1808:97bf:320f - - [08/Jun/2025:16:36:05 -0400] "GET / HTTP/1.1" 200 10812 "-" "MobileSafari/8621.1.15.10.7 CFNetwork/3826.500.111.2.2 Darwin/24.4.0"
2600:100c:b06e:4e0f:69da:1808:97bf:320f - - [08/Jun/2025:16:36:05 -0400] "GET /apple-touch-icon-120x120.png HTTP/1.1" 301 0 "-" "MobileSafari/8621.1.15.10.7 CFNetwork/3826.500.111.2.2 Darwin/24.4.0"
2600:100c:b06e:4e0f:69da:1808:97bf:320f - - [08/Jun/2025:16:36:06 -0400] "GET / HTTP/1.1" 200 10812 "-" "MobileSafari/8621.1.15.10.7 CFNetwork/3826.500.111.2.2 Darwin/24.4.0"
2600:100c:b06e:4e0f:69da:1808:97bf:320f - - [08/Jun/2025:16:36:09 -0400] "GET / HTTP/1.1" 200 10812 "https://remonster.online/manga/remonster-chapter-91/" "Mozilla/5.0 (iPhone; CPU iPhone OS 18_4_1 like Mac OS X) AppleWebKit/605.1.15 (KHTML, like Gecko) Version/18.4 Mobile/15E148 Safari/604.1"
2600:1004:b15b:a556:68c3:b2ff:fed0:bc6 - - [08/Jun/2025:16:36:11 -0400] "GET /manga/remonster-chapter-75/ HTTP/1.1" 200 17423 "https://remonster.online/manga/re-monster-chapter-74/" "Mozilla/5.0 (Linux; Android 10; K) AppleWebKit/537.36 (KHTML, like Gecko) Chrome/137.0.0.0 Mobile Safari/537.36"
2600:100c:b06e:4e0f:69da:1808:97bf:320f - - [08/Jun/2025:16:36:13 -0400] "GET /manga/remonster-chapter-106/ HTTP/1.1" 200 14713 "https://remonster.online/" "Mozilla/5.0 (iPhone; CPU iPhone OS 18_4_1 like Mac OS X) AppleWebKit/605.1.15 (KHTML, like Gecko) Version/18.4 Mobile/15E148 Safari/604.1"
2600:100c:b06e:4e0f:69da:1808:97bf:320f - - [08/Jun/2025:16:36:13 -0400] "POST /wp-admin/admin-ajax.php HTTP/1.1" 200 69 "https://remonster.online/manga/remonster-chapter-106/" "Mozilla/5.0 (iPhone; CPU iPhone OS 18_4_1 like Mac OS X) AppleWebKit/605.1.15 (KHTML, like Gecko) Version/18.4 Mobile/15E148 Safari/604.1"
98.171.50.108 - - [08/Jun/2025:16:36:23 -0400] "GET / HTTP/1.1" 200 10855 "https://www.google.com/" "Mozilla/5.0 (iPhone; CPU iPhone OS 18_5_0 like Mac OS X) AppleWebKit/605.1.15 (KHTML, like Gecko) CriOS/137.0.7151.79 Mobile/15E148 Safari/604.1"
98.171.50.108 - - [08/Jun/2025:16:36:34 -0400] "GET /manga/remonster-chapter-82/ HTTP/1.1" 200 14051 "https://remonster.online/" "Mozilla/5.0 (iPhone; CPU iPhone OS 18_5_0 like Mac OS X) AppleWebKit/605.1.15 (KHTML, like Gecko) CriOS/137.0.7151.79 Mobile/15E148 Safari/604.1"
98.171.50.108 - - [08/Jun/2025:16:36:39 -0400] "GET /manga/remonster-chapter-82/ HTTP/1.1" 200 14060 "https://remonster.online/" "Mozilla/5.0 (iPhone; CPU iPhone OS 18_5_0 like Mac OS X) AppleWebKit/605.1.15 (KHTML, like Gecko) CriOS/137.0.7151.79 Mobile/15E148 Safari/604.1"
98.171.50.108 - - [08/Jun/2025:16:36:49 -0400] "GET /manga/re-monster-chapter-50/ HTTP/1.1" 200 17768 "https://remonster.online/" "Mozilla/5.0 (iPhone; CPU iPhone OS 18_5_0 like Mac OS X) AppleWebKit/605.1.15 (KHTML, like Gecko) CriOS/137.0.7151.79 Mobile/15E148 Safari/604.1"
162.0.232.193 - - [08/Jun/2025:16:36:50 -0400] "POST /wp-cron.php?doing_wp_cron=1749415010.3402819633483886718750 HTTP/1.1" 200 0 "-" "WordPress/6.6.2; https://remonster.online"
98.171.50.108 - - [08/Jun/2025:16:36:50 -0400] "POST /wp-admin/admin-ajax.php HTTP/1.1" 200 69 "https://remonster.online/manga/re-monster-chapter-50/" "Mozilla/5.0 (iPhone; CPU iPhone OS 18_5_0 like Mac OS X) AppleWebKit/605.1.15 (KHTML, like Gecko) CriOS/137.0.7151.79 Mobile/15E148 Safari/604.1"
