2600:1010:b085:6a36:0:28:400c:901 - - [08/Jun/2025:12:46:46 -0400] "GET /manga/re-monster-chapter-43/ HTTP/1.1" 200 17923 "https://remonster.online/manga/re-monster-chapter-42/" "Mozilla/5.0 (Linux; Android 10; K) AppleWebKit/537.36 (KHTML, like Gecko) Chrome/136.0.0.0 Mobile Safari/537.36"
2600:1010:b085:6a36:0:28:400c:901 - - [08/Jun/2025:12:46:47 -0400] "GET /manga/re-monster-chapter-43/ HTTP/1.1" 304 0 "https://remonster.online/manga/re-monster-chapter-42/" "Mozilla/5.0 (Linux; Android 10; K) AppleWebKit/537.36 (KHTML, like Gecko) Chrome/136.0.0.0 Mobile Safari/537.36"
162.0.232.193 - - [08/Jun/2025:12:46:48 -0400] "POST /wp-cron.php?doing_wp_cron=1749401208.1672589778900146484375 HTTP/1.1" 200 0 "-" "WordPress/6.6.2; https://remonster.online"
2600:1010:b085:6a36:0:28:400c:901 - - [08/Jun/2025:12:46:48 -0400] "GET /manga/re-monster-chapter-43/ HTTP/1.1" 304 0 "https://remonster.online/manga/re-monster-chapter-43/" "Mozilla/5.0 (Linux; Android 10; K) AppleWebKit/537.36 (KHTML, like Gecko) Chrome/136.0.0.0 Mobile Safari/537.36"
162.0.232.193 - - [08/Jun/2025:12:46:48 -0400] "GET /remonster-chapter-87/ HTTP/1.1" 200 12782 "-" "WP Rocket/Preload"
2600:1010:b085:6a36:0:28:400c:901 - - [08/Jun/2025:12:46:47 -0400] "POST /wp-admin/admin-ajax.php HTTP/1.1" 200 69 "https://remonster.online/manga/re-monster-chapter-43/" "Mozilla/5.0 (Linux; Android 10; K) AppleWebKit/537.36 (KHTML, like Gecko) Chrome/136.0.0.0 Mobile Safari/537.36"
162.0.232.193 - - [08/Jun/2025:12:46:49 -0400] "GET /remonster-chapter-87/ HTTP/1.1" 200 12806 "-" "WP Rocket/Preload Mozilla/5.0 (iPhone; CPU iPhone OS 9_1 like Mac OS X) AppleWebKit/601.1.46 (KHTML, like Gecko) Version/9.0 Mobile/13B143 Safari/601.1"
162.0.232.193 - - [08/Jun/2025:12:46:50 -0400] "GET /remonster-chapter-88/ HTTP/1.1" 200 12788 "-" "WP Rocket/Preload"
162.0.232.193 - - [08/Jun/2025:12:46:51 -0400] "GET /remonster-chapter-88/ HTTP/1.1" 200 12766 "-" "WP Rocket/Preload Mozilla/5.0 (iPhone; CPU iPhone OS 9_1 like Mac OS X) AppleWebKit/601.1.46 (KHTML, like Gecko) Version/9.0 Mobile/13B143 Safari/601.1"
162.0.232.193 - - [08/Jun/2025:12:46:52 -0400] "GET /remonster-chapter-78/ HTTP/1.1" 200 12641 "-" "WP Rocket/Preload"
162.0.232.193 - - [08/Jun/2025:12:46:53 -0400] "GET /remonster-chapter-78/ HTTP/1.1" 200 12932 "-" "WP Rocket/Preload Mozilla/5.0 (iPhone; CPU iPhone OS 9_1 like Mac OS X) AppleWebKit/601.1.46 (KHTML, like Gecko) Version/9.0 Mobile/13B143 Safari/601.1"
162.0.232.193 - - [08/Jun/2025:12:46:54 -0400] "GET /remonster-chapter-67/ HTTP/1.1" 200 12786 "-" "WP Rocket/Preload"
162.0.232.193 - - [08/Jun/2025:12:46:55 -0400] "GET /remonster-chapter-67/ HTTP/1.1" 200 13068 "-" "WP Rocket/Preload Mozilla/5.0 (iPhone; CPU iPhone OS 9_1 like Mac OS X) AppleWebKit/601.1.46 (KHTML, like Gecko) Version/9.0 Mobile/13B143 Safari/601.1"
162.0.232.193 - - [08/Jun/2025:12:46:56 -0400] "GET /remonster-chapter-62/ HTTP/1.1" 200 12751 "-" "WP Rocket/Preload"
162.0.232.193 - - [08/Jun/2025:12:46:57 -0400] "GET /remonster-chapter-62/ HTTP/1.1" 200 13070 "-" "WP Rocket/Preload Mozilla/5.0 (iPhone; CPU iPhone OS 9_1 like Mac OS X) AppleWebKit/601.1.46 (KHTML, like Gecko) Version/9.0 Mobile/13B143 Safari/601.1"
162.0.232.193 - - [08/Jun/2025:12:46:57 -0400] "GET /remonster-chapter-59/ HTTP/1.1" 200 12797 "-" "WP Rocket/Preload"
162.0.232.193 - - [08/Jun/2025:12:46:58 -0400] "GET /remonster-chapter-59/ HTTP/1.1" 200 13075 "-" "WP Rocket/Preload Mozilla/5.0 (iPhone; CPU iPhone OS 9_1 like Mac OS X) AppleWebKit/601.1.46 (KHTML, like Gecko) Version/9.0 Mobile/13B143 Safari/601.1"
162.0.232.193 - - [08/Jun/2025:12:46:59 -0400] "GET /remonster-chapter-46/ HTTP/1.1" 200 12784 "-" "WP Rocket/Preload"
162.0.232.193 - - [08/Jun/2025:12:47:00 -0400] "GET /remonster-chapter-46/ HTTP/1.1" 200 13106 "-" "WP Rocket/Preload Mozilla/5.0 (iPhone; CPU iPhone OS 9_1 like Mac OS X) AppleWebKit/601.1.46 (KHTML, like Gecko) Version/9.0 Mobile/13B143 Safari/601.1"
162.0.232.193 - - [08/Jun/2025:12:47:01 -0400] "GET /remonster-chapter-39-1/ HTTP/1.1" 200 12236 "-" "WP Rocket/Preload"
162.0.232.193 - - [08/Jun/2025:12:47:02 -0400] "GET /remonster-chapter-39-1/ HTTP/1.1" 200 12499 "-" "WP Rocket/Preload Mozilla/5.0 (iPhone; CPU iPhone OS 9_1 like Mac OS X) AppleWebKit/601.1.46 (KHTML, like Gecko) Version/9.0 Mobile/13B143 Safari/601.1"
162.0.232.193 - - [08/Jun/2025:12:47:03 -0400] "GET /remonster-chapter-42/ HTTP/1.1" 200 12839 "-" "WP Rocket/Preload"
162.0.232.193 - - [08/Jun/2025:12:47:04 -0400] "GET /remonster-chapter-42/ HTTP/1.1" 200 13154 "-" "WP Rocket/Preload Mozilla/5.0 (iPhone; CPU iPhone OS 9_1 like Mac OS X) AppleWebKit/601.1.46 (KHTML, like Gecko) Version/9.0 Mobile/13B143 Safari/601.1"
162.0.232.193 - - [08/Jun/2025:12:47:05 -0400] "GET /remonster-chapter-39-2/ HTTP/1.1" 200 12271 "-" "WP Rocket/Preload"
162.0.232.193 - - [08/Jun/2025:12:47:06 -0400] "GET /remonster-chapter-39-2/ HTTP/1.1" 200 12546 "-" "WP Rocket/Preload Mozilla/5.0 (iPhone; CPU iPhone OS 9_1 like Mac OS X) AppleWebKit/601.1.46 (KHTML, like Gecko) Version/9.0 Mobile/13B143 Safari/601.1"
162.0.232.193 - - [08/Jun/2025:12:47:07 -0400] "GET /manga/remonster-chapter-105/ HTTP/1.1" 200 17737 "-" "WP Rocket/Preload"
162.0.232.193 - - [08/Jun/2025:12:47:08 -0400] "GET /manga/remonster-chapter-105/ HTTP/1.1" 200 18283 "-" "WP Rocket/Preload Mozilla/5.0 (iPhone; CPU iPhone OS 9_1 like Mac OS X) AppleWebKit/601.1.46 (KHTML, like Gecko) Version/9.0 Mobile/13B143 Safari/601.1"
162.0.232.193 - - [08/Jun/2025:12:47:08 -0400] "GET /manga/remonster-chapter-102/ HTTP/1.1" 200 15106 "-" "WP Rocket/Preload"
162.0.232.193 - - [08/Jun/2025:12:47:09 -0400] "GET /manga/remonster-chapter-102/ HTTP/1.1" 200 14861 "-" "WP Rocket/Preload Mozilla/5.0 (iPhone; CPU iPhone OS 9_1 like Mac OS X) AppleWebKit/601.1.46 (KHTML, like Gecko) Version/9.0 Mobile/13B143 Safari/601.1"
162.0.232.193 - - [08/Jun/2025:12:47:10 -0400] "GET /manga/remonster-chapter-106/ HTTP/1.1" 200 14642 "-" "WP Rocket/Preload"
162.0.232.193 - - [08/Jun/2025:12:47:11 -0400] "GET /manga/remonster-chapter-106/ HTTP/1.1" 200 14341 "-" "WP Rocket/Preload Mozilla/5.0 (iPhone; CPU iPhone OS 9_1 like Mac OS X) AppleWebKit/601.1.46 (KHTML, like Gecko) Version/9.0 Mobile/13B143 Safari/601.1"
76.49.6.198 - - [08/Jun/2025:12:47:26 -0400] "GET /manga/remonster-chapter-76/ HTTP/1.1" 200 17400 "https://remonster.online/manga/remonster-chapter-75/" "Mozilla/5.0 (iPhone; CPU iPhone OS 15_6_1 like Mac OS X) AppleWebKit/605.1.15 (KHTML, like Gecko) Version/15.6.1 Mobile/15E148 Safari/604.1"
103.111.32.218 - - [08/Jun/2025:12:47:52 -0400] "GET /manga/re-monster-chapter-71/ HTTP/1.1" 200 17764 "https://remonster.online/manga/re-monster-chapter-70/" "Mozilla/5.0 (iPhone; CPU iPhone OS 18_5_0 like Mac OS X) AppleWebKit/605.1.15 (KHTML, like Gecko) GSA/371.0.763199552 Mobile/15E148 Safari/604.1"
76.49.6.198 - - [08/Jun/2025:12:47:54 -0400] "GET /manga/remonster-chapter-77/ HTTP/1.1" 200 17437 "https://remonster.online/manga/remonster-chapter-76/" "Mozilla/5.0 (iPhone; CPU iPhone OS 15_6_1 like Mac OS X) AppleWebKit/605.1.15 (KHTML, like Gecko) Version/15.6.1 Mobile/15E148 Safari/604.1"
76.49.6.198 - - [08/Jun/2025:12:48:11 -0400] "GET /manga/remonster-chapter-78/ HTTP/1.1" 200 16749 "https://remonster.online/manga/remonster-chapter-77/" "Mozilla/5.0 (iPhone; CPU iPhone OS 15_6_1 like Mac OS X) AppleWebKit/605.1.15 (KHTML, like Gecko) Version/15.6.1 Mobile/15E148 Safari/604.1"
85.208.96.195 - - [08/Jun/2025:12:48:14 -0400] "GET /manga/remonster-chapter-95/ HTTP/1.1" 200 15342 "-" "Mozilla/5.0 (compatible; SemrushBot/7~bl; +http://www.semrush.com/bot.html)"
76.49.6.198 - - [08/Jun/2025:12:48:21 -0400] "GET /manga/remonster-chapter-79/ HTTP/1.1" 200 17830 "https://remonster.online/manga/remonster-chapter-78/" "Mozilla/5.0 (iPhone; CPU iPhone OS 15_6_1 like Mac OS X) AppleWebKit/605.1.15 (KHTML, like Gecko) Version/15.6.1 Mobile/15E148 Safari/604.1"
76.49.6.198 - - [08/Jun/2025:12:48:38 -0400] "GET /manga/remonster-chapter-80/ HTTP/1.1" 200 14382 "https://remonster.online/manga/remonster-chapter-79/" "Mozilla/5.0 (iPhone; CPU iPhone OS 15_6_1 like Mac OS X) AppleWebKit/605.1.15 (KHTML, like Gecko) Version/15.6.1 Mobile/15E148 Safari/604.1"
2a01:599:a1d:650c:a481:9c1a:e726:3308 - - [08/Jun/2025:12:48:39 -0400] "GET /manga/re-monster-chapter-71/ HTTP/1.1" 200 17764 "https://remonster.online/manga/re-monster-chapter-70/" "Mozilla/5.0 (iPhone; CPU iPhone OS 16_7_11 like Mac OS X) AppleWebKit/605.1.15 (KHTML, like Gecko) Version/16.6.1 Mobile/15E148 Safari/604.1"
162.0.232.193 - - [08/Jun/2025:12:48:39 -0400] "POST /wp-cron.php?doing_wp_cron=1749401319.2558140754699707031250 HTTP/1.1" 200 0 "-" "WordPress/6.6.2; https://remonster.online"
76.49.6.198 - - [08/Jun/2025:12:48:39 -0400] "POST /wp-admin/admin-ajax.php HTTP/1.1" 200 69 "https://remonster.online/manga/remonster-chapter-80/" "Mozilla/5.0 (iPhone; CPU iPhone OS 15_6_1 like Mac OS X) AppleWebKit/605.1.15 (KHTML, like Gecko) Version/15.6.1 Mobile/15E148 Safari/604.1"
76.49.6.198 - - [08/Jun/2025:12:48:43 -0400] "GET /manga/remonster-chapter-81/ HTTP/1.1" 200 14397 "https://remonster.online/manga/remonster-chapter-80/" "Mozilla/5.0 (iPhone; CPU iPhone OS 15_6_1 like Mac OS X) AppleWebKit/605.1.15 (KHTML, like Gecko) Version/15.6.1 Mobile/15E148 Safari/604.1"
76.49.6.198 - - [08/Jun/2025:12:48:43 -0400] "POST /wp-admin/admin-ajax.php HTTP/1.1" 200 69 "https://remonster.online/manga/remonster-chapter-81/" "Mozilla/5.0 (iPhone; CPU iPhone OS 15_6_1 like Mac OS X) AppleWebKit/605.1.15 (KHTML, like Gecko) Version/15.6.1 Mobile/15E148 Safari/604.1"
2a00:23c6:7138:3c01:a40a:629d:c1c5:d51c - - [08/Jun/2025:12:49:06 -0400] "GET /apple-touch-icon-precomposed.png HTTP/1.1" 301 0 "-" "NetworkingExtension/8621.2.5.10.10 Network/4277.122.6 iOS/18.5"
2a00:23c6:7138:3c01:a40a:629d:c1c5:d51c - - [08/Jun/2025:12:49:06 -0400] "GET /favicon.ico HTTP/1.1" 302 0 "-" "NetworkingExtension/8621.2.5.10.10 Network/4277.122.6 iOS/18.5"
2a00:23c6:7138:3c01:a40a:629d:c1c5:d51c - - [08/Jun/2025:12:49:06 -0400] "GET /apple-touch-icon.png HTTP/1.1" 301 0 "-" "NetworkingExtension/8621.2.5.10.10 Network/4277.122.6 iOS/18.5"
2a00:23c6:7138:3c01:a40a:629d:c1c5:d51c - - [08/Jun/2025:12:49:06 -0400] "GET /manga/remonster-chapter-79/ HTTP/1.1" 200 17646 "-" "Mozilla/5.0 (Macintosh; Intel Mac OS X 10_11_1) AppleWebKit/601.2.4 (KHTML, like Gecko) Version/9.0.1 Safari/601.2.4 facebookexternalhit/1.1 Facebot Twitterbot/1.0"
2a00:23c6:7138:3c01:a40a:629d:c1c5:d51c - - [08/Jun/2025:12:49:06 -0400] "GET / HTTP/1.1" 200 10821 "-" "NetworkingExtension/8621.2.5.10.10 Network/4277.122.6 iOS/18.5"
2a00:23c6:7138:3c01:a40a:629d:c1c5:d51c - - [08/Jun/2025:12:49:06 -0400] "GET / HTTP/1.1" 200 10821 "-" "NetworkingExtension/8621.2.5.10.10 Network/4277.122.6 iOS/18.5"
2a09:bac5:3a20:1028::19c:58 - - [08/Jun/2025:12:49:34 -0400] "GET /manga/re-monster-chapter-36/ HTTP/1.1" 200 17512 "https://remonster.online/manga/re-monster-chapter-35/" "Mozilla/5.0 (iPhone; CPU iPhone OS 17_6_1 like Mac OS X) AppleWebKit/605.1.15 (KHTML, like Gecko) Version/17.6 Mobile/15E148 Safari/604.1"
69.79.197.195 - - [08/Jun/2025:12:50:29 -0400] "GET /manga/re-monster-chapter-25/ HTTP/1.1" 200 17363 "https://remonster.online/manga/re-monster-chapter-24/" "Mozilla/5.0 (iPhone; CPU iPhone OS 18_0 like Mac OS X) AppleWebKit/605.1.15 (KHTML, like Gecko) Version/18.0 Mobile/15E148 Safari/604.1"
2a02:c7e:3164:8200:24b0:138f:411b:cf1b - - [08/Jun/2025:12:50:55 -0400] "GET /manga/re-monster-chapter-26/ HTTP/1.1" 200 17013 "https://remonster.online/manga/re-monster-chapter-25/" "Mozilla/5.0 (Windows NT 10.0; Win64; x64; rv:139.0) Gecko/20100101 Firefox/139.0"
162.0.232.193 - - [08/Jun/2025:12:50:56 -0400] "POST /wp-cron.php?doing_wp_cron=1749401456.3656899929046630859375 HTTP/1.1" 200 0 "-" "WordPress/6.6.2; https://remonster.online"
2a02:c7e:3164:8200:24b0:138f:411b:cf1b - - [08/Jun/2025:12:50:56 -0400] "POST /wp-admin/admin-ajax.php HTTP/1.1" 200 69 "https://remonster.online/manga/re-monster-chapter-26/" "Mozilla/5.0 (Windows NT 10.0; Win64; x64; rv:139.0) Gecko/20100101 Firefox/139.0"
5.62.145.60 - - [08/Jun/2025:12:51:11 -0400] "GET /manga/re-monster-chapter-17/ HTTP/1.1" 200 17370 "https://www.google.com/" "Mozilla/5.0 (Linux; Android 10; K) AppleWebKit/537.36 (KHTML, like Gecko) Chrome/137.0.0.0 Mobile Safari/537.36"
192.252.136.7 - - [08/Jun/2025:12:51:55 -0400] "GET /manga/re-monster-chapter-32/ HTTP/1.1" 200 17766 "https://remonster.online/manga/re-monster-chapter-31/" "Mozilla/5.0 (Macintosh; Intel Mac OS X 10_15_7) AppleWebKit/605.1.15 (KHTML, like Gecko) Version/18.5 Safari/605.1.15"
162.0.232.193 - - [08/Jun/2025:12:51:55 -0400] "POST /wp-cron.php?doing_wp_cron=1749401515.7588069438934326171875 HTTP/1.1" 200 0 "-" "WordPress/6.6.2; https://remonster.online"
192.252.136.7 - - [08/Jun/2025:12:51:55 -0400] "POST /wp-admin/admin-ajax.php HTTP/1.1" 200 69 "https://remonster.online/manga/re-monster-chapter-32/" "Mozilla/5.0 (Macintosh; Intel Mac OS X 10_15_7) AppleWebKit/605.1.15 (KHTML, like Gecko) Version/18.5 Safari/605.1.15"
2600:1010:b085:6a36:0:28:400c:901 - - [08/Jun/2025:12:52:32 -0400] "GET /manga/re-monster-chapter-16/ HTTP/1.1" 200 17991 "https://remonster.online/manga/re-monster-chapter-15/" "Mozilla/5.0 (Linux; Android 10; K) AppleWebKit/537.36 (KHTML, like Gecko) Chrome/136.0.0.0 Mobile Safari/537.36"
2600:1010:b085:6a36:0:28:400c:901 - - [08/Jun/2025:12:52:33 -0400] "GET /manga/re-monster-chapter-16/ HTTP/1.1" 304 0 "https://remonster.online/manga/re-monster-chapter-15/" "Mozilla/5.0 (Linux; Android 10; K) AppleWebKit/537.36 (KHTML, like Gecko) Chrome/136.0.0.0 Mobile Safari/537.36"
162.0.232.193 - - [08/Jun/2025:12:52:34 -0400] "POST /wp-cron.php?doing_wp_cron=1749401554.3566029071807861328125 HTTP/1.1" 200 0 "-" "WordPress/6.6.2; https://remonster.online"
2600:1010:b085:6a36:0:28:400c:901 - - [08/Jun/2025:12:52:33 -0400] "POST /wp-admin/admin-ajax.php HTTP/1.1" 200 69 "https://remonster.online/manga/re-monster-chapter-16/" "Mozilla/5.0 (Linux; Android 10; K) AppleWebKit/537.36 (KHTML, like Gecko) Chrome/136.0.0.0 Mobile Safari/537.36"
2600:1010:b085:6a36:0:28:400c:901 - - [08/Jun/2025:12:52:38 -0400] "GET /manga/re-monster-chapter-16/ HTTP/1.1" 304 0 "https://remonster.online/manga/re-monster-chapter-15/" "Mozilla/5.0 (Linux; Android 10; K) AppleWebKit/537.36 (KHTML, like Gecko) Chrome/136.0.0.0 Mobile Safari/537.36"
2600:1010:b085:6a36:0:28:400c:901 - - [08/Jun/2025:12:52:39 -0400] "GET /manga/re-monster-chapter-16/ HTTP/1.1" 304 0 "https://remonster.online/manga/re-monster-chapter-16/" "Mozilla/5.0 (Linux; Android 10; K) AppleWebKit/537.36 (KHTML, like Gecko) Chrome/136.0.0.0 Mobile Safari/537.36"
2600:1010:b085:6a36:0:28:400c:901 - - [08/Jun/2025:12:52:39 -0400] "POST /wp-admin/admin-ajax.php HTTP/1.1" 200 69 "https://remonster.online/manga/re-monster-chapter-16/" "Mozilla/5.0 (Linux; Android 10; K) AppleWebKit/537.36 (KHTML, like Gecko) Chrome/136.0.0.0 Mobile Safari/537.36"
2a01:e0a:a41:710:a58d:d129:cf75:7d0a - - [08/Jun/2025:12:52:58 -0400] "GET / HTTP/1.1" 200 10812 "https://www.google.com/" "Mozilla/5.0 (Linux; Android 10; K) AppleWebKit/537.36 (KHTML, like Gecko) Chrome/137.0.0.0 Mobile Safari/537.36"
2a01:e0a:a41:710:a58d:d129:cf75:7d0a - - [08/Jun/2025:12:53:22 -0400] "GET /manga/remonster-chapter-76/ HTTP/1.1" 200 17400 "https://remonster.online/" "Mozilla/5.0 (Linux; Android 10; K) AppleWebKit/537.36 (KHTML, like Gecko) Chrome/137.0.0.0 Mobile Safari/537.36"
2a01:e0a:a41:710:a58d:d129:cf75:7d0a - - [08/Jun/2025:12:53:23 -0400] "GET /manga/re-monster-chapter-69/ HTTP/1.1" 200 17977 "https://remonster.online/" "Mozilla/5.0 (Linux; Android 10; K) AppleWebKit/537.36 (KHTML, like Gecko) Chrome/137.0.0.0 Mobile Safari/537.36"
2a01:e0a:a41:710:a58d:d129:cf75:7d0a - - [08/Jun/2025:12:53:23 -0400] "GET /manga/re-monster-chapter-69/ HTTP/1.1" 304 0 "https://remonster.online/" "Mozilla/5.0 (Linux; Android 10; K) AppleWebKit/537.36 (KHTML, like Gecko) Chrome/137.0.0.0 Mobile Safari/537.36"
66.249.79.229 - - [08/Jun/2025:12:53:31 -0400] "GET /ads.txt HTTP/1.1" 200 501 "-" "Mozilla/5.0 (compatible; Googlebot/2.1; +http://www.google.com/bot.html)"
192.252.136.7 - - [08/Jun/2025:12:54:47 -0400] "GET /manga/re-monster-chapter-33/ HTTP/1.1" 200 17735 "https://remonster.online/manga/re-monster-chapter-32/" "Mozilla/5.0 (Macintosh; Intel Mac OS X 10_15_7) AppleWebKit/605.1.15 (KHTML, like Gecko) Version/18.5 Safari/605.1.15"
192.252.136.7 - - [08/Jun/2025:12:54:59 -0400] "GET /manga/re-monster-chapter-33/ HTTP/1.1" 200 17735 "https://remonster.online/manga/re-monster-chapter-32/" "Mozilla/5.0 (Macintosh; Intel Mac OS X 10_15_7) AppleWebKit/605.1.15 (KHTML, like Gecko) Version/18.5 Safari/605.1.15"
66.249.79.229 - - [08/Jun/2025:12:55:23 -0400] "GET /manga/re-monster-chapter-41/ HTTP/1.1" 200 17370 "-" "Mozilla/5.0 (Linux; Android 6.0.1; Nexus 5X Build/MMB29P) AppleWebKit/537.36 (KHTML, like Gecko) Chrome/136.0.7103.113 Mobile Safari/537.36 (compatible; Googlebot/2.1; +http://www.google.com/bot.html)"
74.87.56.12 - - [08/Jun/2025:12:55:41 -0400] "GET /manga/re-monster-chapter-1/ HTTP/1.1" 200 17990 "https://remonster.online/" "Mozilla/5.0 (iPhone; CPU iPhone OS 18_5 like Mac OS X) AppleWebKit/605.1.15 (KHTML, like Gecko) Version/18.5 Mobile/15E148 Safari/604.1"
122.161.51.218 - - [08/Jun/2025:12:55:46 -0400] "GET /manga/re-monster-chapter-4/ HTTP/1.1" 200 18436 "https://remonster.online/manga/re-monster-chapter-3/" "Mozilla/5.0 (Linux; Android 10; K) AppleWebKit/537.36 (KHTML, like Gecko) Chrome/137.0.0.0 Mobile Safari/537.36"
162.0.232.193 - - [08/Jun/2025:12:56:03 -0400] "POST /wp-cron.php?doing_wp_cron=1749401763.3231890201568603515625 HTTP/1.1" 200 0 "-" "WordPress/6.6.2; https://remonster.online"
122.161.51.218 - - [08/Jun/2025:12:55:59 -0400] "POST /wp-admin/admin-ajax.php HTTP/1.1" 200 47 "https://remonster.online/manga/re-monster-chapter-4/" "Mozilla/5.0 (Linux; Android 10; K) AppleWebKit/537.36 (KHTML, like Gecko) Chrome/137.0.0.0 Mobile Safari/537.36"
43.153.85.46 - - [08/Jun/2025:12:56:26 -0400] "GET /manga/re-monster-chapter-60/ HTTP/1.1" 200 17841 "-" "Mozilla/5.0 (iPhone; CPU iPhone OS 13_2_3 like Mac OS X) AppleWebKit/605.1.15 (KHTML, like Gecko) Version/13.0.3 Mobile/15E148 Safari/604.1"
2607:fb90:6327:5041:c66:519b:8631:fbfe - - [08/Jun/2025:12:56:40 -0400] "GET /manga/remonster-chapter-96/ HTTP/1.1" 200 15191 "-" "Mozilla/5.0 (iPhone; CPU iPhone OS 18_0 like Mac OS X) AppleWebKit/605.1.15 (KHTML, like Gecko) Version/18.0 Mobile/15E148 Safari/604.1"
2a01:599:a1d:650c:a481:9c1a:e726:3308 - - [08/Jun/2025:12:56:59 -0400] "GET /manga/re-monster-chapter-72/ HTTP/1.1" 200 17966 "https://remonster.online/manga/re-monster-chapter-71/" "Mozilla/5.0 (iPhone; CPU iPhone OS 16_7_11 like Mac OS X) AppleWebKit/605.1.15 (KHTML, like Gecko) Version/16.6.1 Mobile/15E148 Safari/604.1"
162.0.232.193 - - [08/Jun/2025:12:57:00 -0400] "POST /wp-cron.php?doing_wp_cron=1749401820.1549990177154541015625 HTTP/1.1" 200 0 "-" "WordPress/6.6.2; https://remonster.online"
2a01:599:a1d:650c:a481:9c1a:e726:3308 - - [08/Jun/2025:12:56:59 -0400] "POST /wp-admin/admin-ajax.php HTTP/1.1" 200 69 "https://remonster.online/manga/re-monster-chapter-72/" "Mozilla/5.0 (iPhone; CPU iPhone OS 16_7_11 like Mac OS X) AppleWebKit/605.1.15 (KHTML, like Gecko) Version/16.6.1 Mobile/15E148 Safari/604.1"
192.252.136.7 - - [08/Jun/2025:12:57:18 -0400] "GET /manga/re-monster-chapter-34/ HTTP/1.1" 200 16999 "https://remonster.online/manga/re-monster-chapter-33/" "Mozilla/5.0 (Macintosh; Intel Mac OS X 10_15_7) AppleWebKit/605.1.15 (KHTML, like Gecko) Version/18.5 Safari/605.1.15"
2607:fb90:6327:5041:c66:519b:8631:fbfe - - [08/Jun/2025:12:57:28 -0400] "GET /manga/remonster-chapter-96/ HTTP/1.1" 200 15191 "-" "Mozilla/5.0 (iPhone; CPU iPhone OS 18_0 like Mac OS X) AppleWebKit/605.1.15 (KHTML, like Gecko) Version/18.0 Mobile/15E148 Safari/604.1"
192.252.136.7 - - [08/Jun/2025:12:57:30 -0400] "GET /manga/re-monster-chapter-34/ HTTP/1.1" 200 16999 "https://remonster.online/manga/re-monster-chapter-33/" "Mozilla/5.0 (Macintosh; Intel Mac OS X 10_15_7) AppleWebKit/605.1.15 (KHTML, like Gecko) Version/18.5 Safari/605.1.15"
137.27.161.10 - - [08/Jun/2025:12:57:43 -0400] "GET /manga/re-monster-chapter-53/ HTTP/1.1" 304 0 "https://remonster.online/manga/re-monster-chapter-54/" "Mozilla/5.0 (Windows NT 10.0; Win64; x64) AppleWebKit/537.36 (KHTML, like Gecko) Chrome/136.0.0.0 Safari/537.36"
137.27.161.10 - - [08/Jun/2025:12:57:57 -0400] "GET /manga/re-monster-chapter-55/ HTTP/1.1" 200 17409 "https://remonster.online/manga/re-monster-chapter-54/" "Mozilla/5.0 (Windows NT 10.0; Win64; x64) AppleWebKit/537.36 (KHTML, like Gecko) Chrome/136.0.0.0 Safari/537.36"
137.27.161.10 - - [08/Jun/2025:12:58:02 -0400] "GET /manga/re-monster-chapter-55/ HTTP/1.1" 304 0 "https://remonster.online/manga/re-monster-chapter-54/" "Mozilla/5.0 (Windows NT 10.0; Win64; x64) AppleWebKit/537.36 (KHTML, like Gecko) Chrome/136.0.0.0 Safari/537.36"
162.0.232.193 - - [08/Jun/2025:12:58:05 -0400] "POST /wp-cron.php?doing_wp_cron=1749401885.3722889423370361328125 HTTP/1.1" 200 0 "-" "WordPress/6.6.2; https://remonster.online"
185.191.171.14 - - [08/Jun/2025:12:58:05 -0400] "GET /category/re-monster/page/4/ HTTP/1.1" 200 18876 "-" "Mozilla/5.0 (compatible; SemrushBot/7~bl; +http://www.semrush.com/bot.html)"
66.249.79.230 - - [08/Jun/2025:12:58:31 -0400] "GET /wp-content/uploads/2021/11/8168f-bSGoS.jpeg HTTP/1.1" 200 428790 "-" "Googlebot-Image/1.0"
2a02:c7e:3164:8200:24b0:138f:411b:cf1b - - [08/Jun/2025:12:58:55 -0400] "GET /manga/re-monster-chapter-27/ HTTP/1.1" 200 17340 "https://remonster.online/manga/re-monster-chapter-26/" "Mozilla/5.0 (Windows NT 10.0; Win64; x64; rv:139.0) Gecko/20100101 Firefox/139.0"
82.145.215.206 - - [08/Jun/2025:12:59:35 -0400] "GET / HTTP/1.1" 200 10855 "-" "Mozilla/5.0 (iPhone; CPU iPhone OS 11_0 like Mac OS X) AppleWebKit/604.1.38 (KHTML, like Gecko) Version/11.0 Mobile/15A372 Safari/604.1"
162.0.232.193 - - [08/Jun/2025:12:59:36 -0400] "POST /wp-cron.php?doing_wp_cron=1749401976.1863350868225097656250 HTTP/1.1" 200 0 "-" "WordPress/6.6.2; https://remonster.online"
82.145.215.206 - - [08/Jun/2025:12:59:36 -0400] "GET /apple-touch-icon.png HTTP/1.1" 301 0 "-" "Go-http-client/1.1"
82.145.215.206 - - [08/Jun/2025:12:59:36 -0400] "GET / HTTP/1.1" 200 10821 "https://remonster.online/apple-touch-icon.png" "Go-http-client/1.1"
126.209.78.123 - - [08/Jun/2025:12:59:46 -0400] "GET /manga/re-monster-chapter-65/ HTTP/1.1" 200 17410 "https://remonster.online/manga/re-monster-chapter-64/" "Mozilla/5.0 (iPhone; CPU iPhone OS 18_5 like Mac OS X) AppleWebKit/605.1.15 (KHTML, like Gecko) Version/18.5 Mobile/15E148 Safari/604.1"
85.208.96.194 - - [08/Jun/2025:13:00:16 -0400] "GET /remonster-chapter-28-3/ HTTP/1.1" 200 13221 "-" "Mozilla/5.0 (compatible; SemrushBot/7~bl; +http://www.semrush.com/bot.html)"
2600:1017:b8cd:a9a9:71cb:d12a:28dd:fa77 - - [08/Jun/2025:13:00:17 -0400] "GET /manga/re-monster-chapter-61/ HTTP/1.1" 200 17378 "-" "Mozilla/5.0 (iPhone; CPU iPhone OS 18_5 like Mac OS X) AppleWebKit/605.1.15 (KHTML, like Gecko) Mobile/15E148"
2600:1017:b8cd:a9a9:71cb:d12a:28dd:fa77 - - [08/Jun/2025:13:00:28 -0400] "GET /manga/re-monster-chapter-61/ HTTP/1.1" 200 17378 "-" "Mozilla/5.0 (iPhone; CPU iPhone OS 18_5 like Mac OS X) AppleWebKit/605.1.15 (KHTML, like Gecko) Mobile/15E148"
162.0.232.193 - - [08/Jun/2025:13:00:57 -0400] "POST /wp-cron.php?doing_wp_cron=1749402057.8522241115570068359375 HTTP/1.1" 200 0 "-" "WordPress/6.6.2; https://remonster.online"
198.44.191.225 - - [08/Jun/2025:13:00:57 -0400] "POST /wp-login.php HTTP/1.1" 200 1875 "-" "Mozilla/5.0"
74.87.56.12 - - [08/Jun/2025:13:03:02 -0400] "GET /manga/re-monster-chapter-2/ HTTP/1.1" 200 18137 "https://remonster.online/manga/re-monster-chapter-1/" "Mozilla/5.0 (iPhone; CPU iPhone OS 18_5 like Mac OS X) AppleWebKit/605.1.15 (KHTML, like Gecko) Version/18.5 Mobile/15E148 Safari/604.1"
2a01:599:a1d:650c:a481:9c1a:e726:3308 - - [08/Jun/2025:13:03:16 -0400] "GET /manga/re-monster-chapter-73/ HTTP/1.1" 200 17443 "https://remonster.online/manga/re-monster-chapter-72/" "Mozilla/5.0 (iPhone; CPU iPhone OS 16_7_11 like Mac OS X) AppleWebKit/605.1.15 (KHTML, like Gecko) Version/16.6.1 Mobile/15E148 Safari/604.1"
2001:14bb:c4:6aaa::6783:7701 - - [08/Jun/2025:13:03:31 -0400] "GET / HTTP/1.1" 200 10812 "https://www.google.com/" "Mozilla/5.0 (Linux; Android 10; K) AppleWebKit/537.36 (KHTML, like Gecko) Chrome/137.0.0.0 Mobile Safari/537.36"
2001:14bb:c4:6aaa::6783:7701 - - [08/Jun/2025:13:03:34 -0400] "GET /wp-content/uploads/2021/11/cropped-CeDzRGZ-180x180.png HTTP/1.1" 200 60430 "https://remonster.online/" "Mozilla/5.0 (Linux; Android 10; K) AppleWebKit/537.36 (KHTML, like Gecko) Chrome/137.0.0.0 Mobile Safari/537.36"
2001:14bb:c4:6aaa::6783:7701 - - [08/Jun/2025:13:03:34 -0400] "GET /wp-content/uploads/2021/11/cropped-CeDzRGZ-192x192.png HTTP/1.1" 200 68304 "https://remonster.online/" "Mozilla/5.0 (Linux; Android 10; K) AppleWebKit/537.36 (KHTML, like Gecko) Chrome/137.0.0.0 Mobile Safari/537.36"
162.0.232.193 - - [08/Jun/2025:13:03:51 -0400] "POST /wp-cron.php?doing_wp_cron=1749402231.7560610771179199218750 HTTP/1.1" 200 0 "-" "WordPress/6.6.2; https://remonster.online"
43.173.1.69 - - [08/Jun/2025:13:03:48 -0400] "GET /wp-admin/admin-ajax.php HTTP/1.1" 400 5 "-" "Mozilla/5.0 (iPhone; CPU iPhone OS 13_2_3 like Mac OS X) AppleWebKit/605.1.15 (KHTML, like Gecko) Version/13.0.3 Mobile/15E148 Safari/604.1"
3.208.154.201 - - [08/Jun/2025:13:04:36 -0400] "GET /ads.txt HTTP/1.1" 200 501 "-" "Mozilla/5.0 (Macintosh; Intel Mac OS X 10_12_6) AppleWebKit/537.36 (KHTML, like Gecko) Chrome/63.0.3239.84 Safari/537.36"
80.77.87.234 - - [08/Jun/2025:13:04:55 -0400] "GET /ads.txt HTTP/1.1" 200 501 "-" "Mozilla/5.0 (X11; Linux x86_64) AppleWebKit/537.36 (KHTML, like Gecko) Chrome/97.0.4692.99 Safari/537.36"
95.168.120.23 - - [08/Jun/2025:13:06:08 -0400] "GET / HTTP/1.1" 200 10812 "https://www.google.com/" "Mozilla/5.0 (Linux; Android 10; K) AppleWebKit/537.36 (KHTML, like Gecko) Chrome/137.0.0.0 Mobile Safari/537.36"
95.168.120.23 - - [08/Jun/2025:13:06:09 -0400] "GET /wp-content/uploads/2021/11/LN_v09_001-768x1128.jpeg HTTP/1.1" 200 243388 "https://remonster.online/" "Mozilla/5.0 (Linux; Android 10; K) AppleWebKit/537.36 (KHTML, like Gecko) Chrome/137.0.0.0 Mobile Safari/537.36"
95.168.120.23 - - [08/Jun/2025:13:06:09 -0400] "GET /wp-content/uploads/2021/11/8168f-bSGoS-768x1097.jpeg HTTP/1.1" 200 223084 "https://remonster.online/" "Mozilla/5.0 (Linux; Android 10; K) AppleWebKit/537.36 (KHTML, like Gecko) Chrome/137.0.0.0 Mobile Safari/537.36"
69.79.197.195 - - [08/Jun/2025:13:06:55 -0400] "GET /manga/re-monster-chapter-26/ HTTP/1.1" 200 16619 "https://remonster.online/manga/re-monster-chapter-25/" "Mozilla/5.0 (iPhone; CPU iPhone OS 18_0 like Mac OS X) AppleWebKit/605.1.15 (KHTML, like Gecko) Version/18.0 Mobile/15E148 Safari/604.1"
162.0.232.193 - - [08/Jun/2025:13:07:16 -0400] "POST /wp-cron.php?doing_wp_cron=1749402436.6205079555511474609375 HTTP/1.1" 200 0 "-" "WordPress/6.6.2; https://remonster.online"
2a03:2880:f800:c:: - - [08/Jun/2025:13:07:14 -0400] "GET /?p=1500 HTTP/1.1" 301 0 "-" "meta-externalagent/1.1 (+https://developers.facebook.com/docs/sharing/webmasters/crawler)"
2a03:2880:f800:e:: - - [08/Jun/2025:13:07:18 -0400] "GET / HTTP/1.1" 200 10821 "-" "meta-externalagent/1.1 (+https://developers.facebook.com/docs/sharing/webmasters/crawler)"
2601:5ca:180:6d00:39b7:585a:a16d:b900 - - [08/Jun/2025:13:07:32 -0400] "GET /manga/re-monster-chapter-8/ HTTP/1.1" 200 16502 "https://remonster.online/manga/re-monster-chapter-7/" "Mozilla/5.0 (Windows NT 10.0; Win64; x64) AppleWebKit/537.36 (KHTML, like Gecko) Chrome/134.0.0.0 Safari/537.36 OPR/119.0.0.0"
2601:5ca:180:6d00:39b7:585a:a16d:b900 - - [08/Jun/2025:13:07:32 -0400] "GET /manga/re-monster-chapter-8/ HTTP/1.1" 304 0 "https://remonster.online/manga/re-monster-chapter-7/" "Mozilla/5.0 (Windows NT 10.0; Win64; x64) AppleWebKit/537.36 (KHTML, like Gecko) Chrome/134.0.0.0 Safari/537.36 OPR/119.0.0.0"
162.0.232.193 - - [08/Jun/2025:13:09:31 -0400] "POST /wp-cron.php?doing_wp_cron=1749402571.7202970981597900390625 HTTP/1.1" 200 0 "-" "WordPress/6.6.2; https://remonster.online"
216.73.216.22 - - [08/Jun/2025:13:09:29 -0400] "GET /sitemap_index.xml HTTP/1.1" 200 340 "-" "Mozilla/5.0 AppleWebKit/537.36 (KHTML, like Gecko; compatible; ClaudeBot/1.0; [email protected])"
2601:5ca:180:6d00:39b7:585a:a16d:b900 - - [08/Jun/2025:13:10:09 -0400] "GET /manga/re-monster-chapter-9/ HTTP/1.1" 200 16829 "https://remonster.online/manga/re-monster-chapter-8/" "Mozilla/5.0 (Windows NT 10.0; Win64; x64) AppleWebKit/537.36 (KHTML, like Gecko) Chrome/134.0.0.0 Safari/537.36 OPR/119.0.0.0"
2601:5ca:180:6d00:39b7:585a:a16d:b900 - - [08/Jun/2025:13:10:09 -0400] "GET /manga/re-monster-chapter-9/ HTTP/1.1" 304 0 "https://remonster.online/manga/re-monster-chapter-8/" "Mozilla/5.0 (Windows NT 10.0; Win64; x64) AppleWebKit/537.36 (KHTML, like Gecko) Chrome/134.0.0.0 Safari/537.36 OPR/119.0.0.0"
50.24.162.73 - - [08/Jun/2025:13:10:49 -0400] "GET /manga/re-monster-chapter-51/ HTTP/1.1" 200 17557 "-" "Mozilla/5.0 (iPhone; CPU iPhone OS 18_5 like Mac OS X) AppleWebKit/605.1.15 (KHTML, like Gecko) Mobile/15E148"
217.236.214.52 - - [08/Jun/2025:13:11:41 -0400] "GET / HTTP/1.1" 200 10821 "https://www.google.com/" "Mozilla/5.0 (Windows NT 10.0; Win64; x64) AppleWebKit/537.36 (KHTML, like Gecko) Chrome/137.0.0.0 Safari/537.36"
2003:ed:5720:f500:49e2:990e:8c15:a8e3 - - [08/Jun/2025:13:11:59 -0400] "GET /manga/re-monster-chapter-1/ HTTP/1.1" 200 17995 "https://www.google.com/" "Mozilla/5.0 (Windows NT 10.0; Win64; x64) AppleWebKit/537.36 (KHTML, like Gecko) Chrome/137.0.0.0 Safari/537.36"
2003:ed:5720:f500:49e2:990e:8c15:a8e3 - - [08/Jun/2025:13:12:17 -0400] "GET /manga/remonster-chapter-105/ HTTP/1.1" 200 17791 "https://remonster.online/" "Mozilla/5.0 (Windows NT 10.0; Win64; x64) AppleWebKit/537.36 (KHTML, like Gecko) Chrome/137.0.0.0 Safari/537.36"
2a01:599:a1d:650c:a481:9c1a:e726:3308 - - [08/Jun/2025:13:12:43 -0400] "GET /manga/re-monster-chapter-74/ HTTP/1.1" 200 17659 "https://remonster.online/manga/re-monster-chapter-73/" "Mozilla/5.0 (iPhone; CPU iPhone OS 16_7_11 like Mac OS X) AppleWebKit/605.1.15 (KHTML, like Gecko) Version/16.6.1 Mobile/15E148 Safari/604.1"
2a02:26f7:c6c5:4000:9000::4 - - [08/Jun/2025:13:12:59 -0400] "GET /manga/re-monster-chapter-24/ HTTP/1.1" 200 17717 "-" "Mozilla/5.0 (iPhone; CPU iPhone OS 18_4_1 like Mac OS X) AppleWebKit/605.1.15 (KHTML, like Gecko) Mobile/15E148"
2003:ed:5720:f500:49e2:990e:8c15:a8e3 - - [08/Jun/2025:13:13:05 -0400] "GET /category/remonster-manga/ HTTP/1.1" 200 25018 "https://remonster.online/manga/remonster-chapter-105/" "Mozilla/5.0 (Windows NT 10.0; Win64; x64) AppleWebKit/537.36 (KHTML, like Gecko) Chrome/137.0.0.0 Safari/537.36"
2003:ed:5720:f500:49e2:990e:8c15:a8e3 - - [08/Jun/2025:13:13:08 -0400] "GET /category/remonster-manga/ HTTP/1.1" 304 0 "https://remonster.online/manga/remonster-chapter-105/" "Mozilla/5.0 (Windows NT 10.0; Win64; x64) AppleWebKit/537.36 (KHTML, like Gecko) Chrome/137.0.0.0 Safari/537.36"
2003:ed:5720:f500:49e2:990e:8c15:a8e3 - - [08/Jun/2025:13:13:20 -0400] "GET / HTTP/1.1" 200 10821 "https://remonster.online/category/remonster-manga/" "Mozilla/5.0 (Windows NT 10.0; Win64; x64) AppleWebKit/537.36 (KHTML, like Gecko) Chrome/137.0.0.0 Safari/537.36"
2003:ed:5720:f500:49e2:990e:8c15:a8e3 - - [08/Jun/2025:13:13:21 -0400] "GET / HTTP/1.1" 304 0 "https://remonster.online/category/remonster-manga/" "Mozilla/5.0 (Windows NT 10.0; Win64; x64) AppleWebKit/537.36 (KHTML, like Gecko) Chrome/137.0.0.0 Safari/537.36"
2601:5ca:180:6d00:39b7:585a:a16d:b900 - - [08/Jun/2025:13:13:21 -0400] "GET /manga/re-monster-chapter-10/ HTTP/1.1" 200 17030 "https://remonster.online/manga/re-monster-chapter-9/" "Mozilla/5.0 (Windows NT 10.0; Win64; x64) AppleWebKit/537.36 (KHTML, like Gecko) Chrome/134.0.0.0 Safari/537.36 OPR/119.0.0.0"
2601:5ca:180:6d00:39b7:585a:a16d:b900 - - [08/Jun/2025:13:13:22 -0400] "GET /manga/re-monster-chapter-10/ HTTP/1.1" 304 0 "https://remonster.online/manga/re-monster-chapter-9/" "Mozilla/5.0 (Windows NT 10.0; Win64; x64) AppleWebKit/537.36 (KHTML, like Gecko) Chrome/134.0.0.0 Safari/537.36 OPR/119.0.0.0"
162.0.232.193 - - [08/Jun/2025:13:13:23 -0400] "POST /wp-cron.php?doing_wp_cron=1749402802.9128379821777343750000 HTTP/1.1" 200 0 "-" "WordPress/6.6.2; https://remonster.online"
2601:5ca:180:6d00:39b7:585a:a16d:b900 - - [08/Jun/2025:13:13:22 -0400] "POST /wp-admin/admin-ajax.php HTTP/1.1" 200 69 "https://remonster.online/manga/re-monster-chapter-10/" "Mozilla/5.0 (Windows NT 10.0; Win64; x64) AppleWebKit/537.36 (KHTML, like Gecko) Chrome/134.0.0.0 Safari/537.36 OPR/119.0.0.0"
2003:ed:5720:f500:49e2:990e:8c15:a8e3 - - [08/Jun/2025:13:13:26 -0400] "GET /manga/remonster-chapter-100/ HTTP/1.1" 200 15591 "https://remonster.online/" "Mozilla/5.0 (Windows NT 10.0; Win64; x64) AppleWebKit/537.36 (KHTML, like Gecko) Chrome/137.0.0.0 Safari/537.36"
2003:ed:5720:f500:49e2:990e:8c15:a8e3 - - [08/Jun/2025:13:13:31 -0400] "GET /manga/re-monster-chapter-20/ HTTP/1.1" 200 15957 "https://remonster.online/" "Mozilla/5.0 (Windows NT 10.0; Win64; x64) AppleWebKit/537.36 (KHTML, like Gecko) Chrome/137.0.0.0 Safari/537.36"
2003:ed:5720:f500:49e2:990e:8c15:a8e3 - - [08/Jun/2025:13:13:32 -0400] "GET /manga/re-monster-chapter-23/ HTTP/1.1" 200 16720 "https://remonster.online/" "Mozilla/5.0 (Windows NT 10.0; Win64; x64) AppleWebKit/537.36 (KHTML, like Gecko) Chrome/137.0.0.0 Safari/537.36"
66.249.79.236 - - [08/Jun/2025:13:14:28 -0400] "GET /manga/remonster-chapter-101/ HTTP/1.1" 200 15145 "-" "Mozilla/5.0 (Linux; Android 6.0.1; Nexus 5X Build/MMB29P) AppleWebKit/537.36 (KHTML, like Gecko) Chrome/136.0.7103.113 Mobile Safari/537.36 (compatible; Googlebot/2.1; +http://www.google.com/bot.html)"
2003:ed:5720:f500:49e2:990e:8c15:a8e3 - - [08/Jun/2025:13:14:48 -0400] "GET /manga/re-monster-chapter-25/ HTTP/1.1" 200 17360 "https://remonster.online/" "Mozilla/5.0 (Windows NT 10.0; Win64; x64) AppleWebKit/537.36 (KHTML, like Gecko) Chrome/137.0.0.0 Safari/537.36"
2003:ed:5720:f500:49e2:990e:8c15:a8e3 - - [08/Jun/2025:13:14:48 -0400] "GET /manga/re-monster-chapter-30/ HTTP/1.1" 200 15815 "https://remonster.online/" "Mozilla/5.0 (Windows NT 10.0; Win64; x64) AppleWebKit/537.36 (KHTML, like Gecko) Chrome/137.0.0.0 Safari/537.36"
54.209.60.63 - - [08/Jun/2025:13:14:49 -0400] "GET /manga/re-monster-chapter-68/ HTTP/1.1" 200 17954 "-" "Mozilla/5.0 (Macintosh; Intel Mac OS X 10_10_1) AppleWebKit/600.1.25 (KHTML, like Gecko) Version/8.0 Safari/600.1.25"
2003:ed:5720:f500:49e2:990e:8c15:a8e3 - - [08/Jun/2025:13:14:49 -0400] "GET /manga/re-monster-chapter-33/ HTTP/1.1" 200 17735 "https://remonster.online/" "Mozilla/5.0 (Windows NT 10.0; Win64; x64) AppleWebKit/537.36 (KHTML, like Gecko) Chrome/137.0.0.0 Safari/537.36"
2003:ed:5720:f500:49e2:990e:8c15:a8e3 - - [08/Jun/2025:13:14:50 -0400] "GET /manga/re-monster-chapter-31/ HTTP/1.1" 200 17376 "https://remonster.online/" "Mozilla/5.0 (Windows NT 10.0; Win64; x64) AppleWebKit/537.36 (KHTML, like Gecko) Chrome/137.0.0.0 Safari/537.36"
2003:ed:5720:f500:49e2:990e:8c15:a8e3 - - [08/Jun/2025:13:14:52 -0400] "GET /manga/re-monster-chapter-30/ HTTP/1.1" 304 0 "https://remonster.online/" "Mozilla/5.0 (Windows NT 10.0; Win64; x64) AppleWebKit/537.36 (KHTML, like Gecko) Chrome/137.0.0.0 Safari/537.36"
162.0.232.193 - - [08/Jun/2025:13:14:54 -0400] "POST /wp-cron.php?doing_wp_cron=1749402894.5512540340423583984375 HTTP/1.1" 200 0 "-" "WordPress/6.6.2; https://remonster.online"
2003:ed:5720:f500:49e2:990e:8c15:a8e3 - - [08/Jun/2025:13:14:54 -0400] "POST /wp-admin/admin-ajax.php HTTP/1.1" 200 69 "https://remonster.online/manga/re-monster-chapter-30/" "Mozilla/5.0 (Windows NT 10.0; Win64; x64) AppleWebKit/537.36 (KHTML, like Gecko) Chrome/137.0.0.0 Safari/537.36"
2003:ed:5720:f500:49e2:990e:8c15:a8e3 - - [08/Jun/2025:13:15:06 -0400] "GET /manga/re-monster-chapter-32/ HTTP/1.1" 200 17766 "https://remonster.online/" "Mozilla/5.0 (Windows NT 10.0; Win64; x64) AppleWebKit/537.36 (KHTML, like Gecko) Chrome/137.0.0.0 Safari/537.36"
2003:ed:5720:f500:49e2:990e:8c15:a8e3 - - [08/Jun/2025:13:15:07 -0400] "GET /manga/re-monster-chapter-39/ HTTP/1.1" 200 15610 "https://remonster.online/" "Mozilla/5.0 (Windows NT 10.0; Win64; x64) AppleWebKit/537.36 (KHTML, like Gecko) Chrome/137.0.0.0 Safari/537.36"
2003:ed:5720:f500:49e2:990e:8c15:a8e3 - - [08/Jun/2025:13:15:07 -0400] "GET /manga/re-monster-chapter-40/ HTTP/1.1" 200 16593 "https://remonster.online/" "Mozilla/5.0 (Windows NT 10.0; Win64; x64) AppleWebKit/537.36 (KHTML, like Gecko) Chrome/137.0.0.0 Safari/537.36"
2003:ed:5720:f500:49e2:990e:8c15:a8e3 - - [08/Jun/2025:13:15:08 -0400] "GET /manga/re-monster-chapter-40/ HTTP/1.1" 304 0 "https://remonster.online/" "Mozilla/5.0 (Windows NT 10.0; Win64; x64) AppleWebKit/537.36 (KHTML, like Gecko) Chrome/137.0.0.0 Safari/537.36"
66.249.79.238 - - [08/Jun/2025:13:15:28 -0400] "GET /tag/sei/ HTTP/1.1" 301 0 "-" "Mozilla/5.0 (Linux; Android 6.0.1; Nexus 5X Build/MMB29P) AppleWebKit/537.36 (KHTML, like Gecko) Chrome/136.0.7103.113 Mobile Safari/537.36 (compatible; Googlebot/2.1; +http://www.google.com/bot.html)"
66.249.79.237 - - [08/Jun/2025:13:15:29 -0400] "GET / HTTP/1.1" 200 10812 "-" "Mozilla/5.0 (Linux; Android 6.0.1; Nexus 5X Build/MMB29P) AppleWebKit/537.36 (KHTML, like Gecko) Chrome/136.0.7103.113 Mobile Safari/537.36 (compatible; Googlebot/2.1; +http://www.google.com/bot.html)"
66.249.79.237 - - [08/Jun/2025:13:15:32 -0400] "GET /wp-includes/js/jquery/jquery.min.js?ver=3.7.1 HTTP/1.1" 200 29744 "https://remonster.online/" "Mozilla/5.0 (Linux; Android 6.0.1; Nexus 5X Build/MMB29P) AppleWebKit/537.36 (KHTML, like Gecko) Chrome/136.0.7103.92 Mobile Safari/537.36 (compatible; Googlebot/2.1; +http://www.google.com/bot.html)"
66.249.79.236 - - [08/Jun/2025:13:15:32 -0400] "GET /wp-content/themes/toivo-lite/js/settings.min.js?ver=1.2.0 HTTP/1.1" 200 307 "https://remonster.online/" "Mozilla/5.0 (Linux; Android 6.0.1; Nexus 5X Build/MMB29P) AppleWebKit/537.36 (KHTML, like Gecko) Chrome/136.0.7103.92 Mobile Safari/537.36 (compatible; Googlebot/2.1; +http://www.google.com/bot.html)"
49.51.245.241 - - [08/Jun/2025:13:15:35 -0400] "GET /tag/remonster-chapter-93/ HTTP/1.1" 301 0 "-" "Mozilla/5.0 (iPhone; CPU iPhone OS 13_2_3 like Mac OS X) AppleWebKit/605.1.15 (KHTML, like Gecko) Version/13.0.3 Mobile/15E148 Safari/604.1"
49.51.245.241 - - [08/Jun/2025:13:15:43 -0400] "GET / HTTP/1.1" 200 10812 "https://remonster.online/tag/remonster-chapter-93/" "Mozilla/5.0 (iPhone; CPU iPhone OS 13_2_3 like Mac OS X) AppleWebKit/605.1.15 (KHTML, like Gecko) Version/13.0.3 Mobile/15E148 Safari/604.1"
2003:ed:5720:f500:49e2:990e:8c15:a8e3 - - [08/Jun/2025:13:15:54 -0400] "GET /manga/re-monster-chapter-39/ HTTP/1.1" 304 0 "https://remonster.online/manga/re-monster-chapter-40/" "Mozilla/5.0 (Windows NT 10.0; Win64; x64) AppleWebKit/537.36 (KHTML, like Gecko) Chrome/137.0.0.0 Safari/537.36"
2003:ed:5720:f500:49e2:990e:8c15:a8e3 - - [08/Jun/2025:13:15:57 -0400] "GET /manga/re-monster-chapter-41/ HTTP/1.1" 200 17376 "https://remonster.online/manga/re-monster-chapter-40/" "Mozilla/5.0 (Windows NT 10.0; Win64; x64) AppleWebKit/537.36 (KHTML, like Gecko) Chrome/137.0.0.0 Safari/537.36"
2601:5ca:180:6d00:39b7:585a:a16d:b900 - - [08/Jun/2025:13:15:58 -0400] "GET /manga/re-monster-chapter-9/ HTTP/1.1" 304 0 "https://remonster.online/manga/re-monster-chapter-10/" "Mozilla/5.0 (Windows NT 10.0; Win64; x64) AppleWebKit/537.36 (KHTML, like Gecko) Chrome/134.0.0.0 Safari/537.36 OPR/119.0.0.0"
2601:5ca:180:6d00:39b7:585a:a16d:b900 - - [08/Jun/2025:13:15:58 -0400] "GET /manga/re-monster-chapter-11/ HTTP/1.1" 200 18100 "https://remonster.online/manga/re-monster-chapter-10/" "Mozilla/5.0 (Windows NT 10.0; Win64; x64) AppleWebKit/537.36 (KHTML, like Gecko) Chrome/134.0.0.0 Safari/537.36 OPR/119.0.0.0"
2601:5ca:180:6d00:39b7:585a:a16d:b900 - - [08/Jun/2025:13:15:59 -0400] "GET /manga/re-monster-chapter-11/ HTTP/1.1" 304 0 "https://remonster.online/manga/re-monster-chapter-10/" "Mozilla/5.0 (Windows NT 10.0; Win64; x64) AppleWebKit/537.36 (KHTML, like Gecko) Chrome/134.0.0.0 Safari/537.36 OPR/119.0.0.0"
162.0.232.193 - - [08/Jun/2025:13:15:59 -0400] "POST /wp-cron.php?doing_wp_cron=1749402959.8594799041748046875000 HTTP/1.1" 200 0 "-" "WordPress/6.6.2; https://remonster.online"
2601:5ca:180:6d00:39b7:585a:a16d:b900 - - [08/Jun/2025:13:15:59 -0400] "POST /wp-admin/admin-ajax.php HTTP/1.1" 200 69 "https://remonster.online/manga/re-monster-chapter-11/" "Mozilla/5.0 (Windows NT 10.0; Win64; x64) AppleWebKit/537.36 (KHTML, like Gecko) Chrome/134.0.0.0 Safari/537.36 OPR/119.0.0.0"
2003:ed:5720:f500:49e2:990e:8c15:a8e3 - - [08/Jun/2025:13:16:01 -0400] "GET /manga/re-monster-chapter-46/ HTTP/1.1" 200 17390 "https://remonster.online/" "Mozilla/5.0 (Windows NT 10.0; Win64; x64) AppleWebKit/537.36 (KHTML, like Gecko) Chrome/137.0.0.0 Safari/537.36"
2003:ed:5720:f500:49e2:990e:8c15:a8e3 - - [08/Jun/2025:13:16:01 -0400] "GET /manga/re-monster-chapter-48/ HTTP/1.1" 200 17417 "https://remonster.online/" "Mozilla/5.0 (Windows NT 10.0; Win64; x64) AppleWebKit/537.36 (KHTML, like Gecko) Chrome/137.0.0.0 Safari/537.36"
2003:ed:5720:f500:49e2:990e:8c15:a8e3 - - [08/Jun/2025:13:16:01 -0400] "GET /manga/re-monster-chapter-44/ HTTP/1.1" 200 17647 "https://remonster.online/" "Mozilla/5.0 (Windows NT 10.0; Win64; x64) AppleWebKit/537.36 (KHTML, like Gecko) Chrome/137.0.0.0 Safari/537.36"
2003:ed:5720:f500:49e2:990e:8c15:a8e3 - - [08/Jun/2025:13:16:03 -0400] "GET /manga/re-monster-chapter-46/ HTTP/1.1" 304 0 "https://remonster.online/" "Mozilla/5.0 (Windows NT 10.0; Win64; x64) AppleWebKit/537.36 (KHTML, like Gecko) Chrome/137.0.0.0 Safari/537.36"
2003:ed:5720:f500:49e2:990e:8c15:a8e3 - - [08/Jun/2025:13:16:03 -0400] "GET /manga/re-monster-chapter-45/ HTTP/1.1" 200 17359 "https://remonster.online/" "Mozilla/5.0 (Windows NT 10.0; Win64; x64) AppleWebKit/537.36 (KHTML, like Gecko) Chrome/137.0.0.0 Safari/537.36"
2a01:e0a:a41:710:a58d:d129:cf75:7d0a - - [08/Jun/2025:13:16:19 -0400] "GET /manga/re-monster-chapter-68/ HTTP/1.1" 200 17921 "https://remonster.online/manga/re-monster-chapter-69/" "Mozilla/5.0 (Linux; Android 10; K) AppleWebKit/537.36 (KHTML, like Gecko) Chrome/137.0.0.0 Mobile Safari/537.36"
2a01:e0a:a41:710:a58d:d129:cf75:7d0a - - [08/Jun/2025:13:16:19 -0400] "GET /tag/kichi/ HTTP/1.1" 301 0 "https://remonster.online/manga/re-monster-chapter-69/" "Mozilla/5.0 (Linux; Android 10; K) AppleWebKit/537.36 (KHTML, like Gecko) Chrome/137.0.0.0 Mobile Safari/537.36"
2a01:e0a:a41:710:a58d:d129:cf75:7d0a - - [08/Jun/2025:13:16:19 -0400] "GET / HTTP/1.1" 200 10812 "https://remonster.online/manga/re-monster-chapter-69/" "Mozilla/5.0 (Linux; Android 10; K) AppleWebKit/537.36 (KHTML, like Gecko) Chrome/137.0.0.0 Mobile Safari/537.36"
2a01:e0a:a41:710:a58d:d129:cf75:7d0a - - [08/Jun/2025:13:16:19 -0400] "GET /manga/re-monster-chapter-70/ HTTP/1.1" 200 18115 "https://remonster.online/manga/re-monster-chapter-69/" "Mozilla/5.0 (Linux; Android 10; K) AppleWebKit/537.36 (KHTML, like Gecko) Chrome/137.0.0.0 Mobile Safari/537.36"
2a01:e0a:a41:710:a58d:d129:cf75:7d0a - - [08/Jun/2025:13:16:20 -0400] "GET /manga/re-monster-chapter-70/ HTTP/1.1" 304 0 "https://remonster.online/manga/re-monster-chapter-69/" "Mozilla/5.0 (Linux; Android 10; K) AppleWebKit/537.36 (KHTML, like Gecko) Chrome/137.0.0.0 Mobile Safari/537.36"
162.0.232.193 - - [08/Jun/2025:13:16:21 -0400] "POST /wp-cron.php?doing_wp_cron=1749402980.9645099639892578125000 HTTP/1.1" 200 0 "-" "WordPress/6.6.2; https://remonster.online"
2a01:e0a:a41:710:a58d:d129:cf75:7d0a - - [08/Jun/2025:13:16:20 -0400] "POST /wp-admin/admin-ajax.php HTTP/1.1" 200 69 "https://remonster.online/manga/re-monster-chapter-70/" "Mozilla/5.0 (Linux; Android 10; K) AppleWebKit/537.36 (KHTML, like Gecko) Chrome/137.0.0.0 Mobile Safari/537.36"
2600:1004:b15b:a556:68c3:b2ff:fed0:bc6 - - [08/Jun/2025:13:16:49 -0400] "GET /manga/re-monster-chapter-65/ HTTP/1.1" 200 17410 "https://remonster.online/manga/re-monster-chapter-64/" "Mozilla/5.0 (Linux; Android 10; K) AppleWebKit/537.36 (KHTML, like Gecko) Chrome/137.0.0.0 Mobile Safari/537.36"
2a03:2880:f800:18:: - - [08/Jun/2025:13:16:56 -0400] "GET /manga/re-monster-chapter-1/ HTTP/1.1" 200 17995 "-" "meta-externalagent/1.1 (+https://developers.facebook.com/docs/sharing/webmasters/crawler)"
82.145.215.206 - - [08/Jun/2025:13:17:42 -0400] "GET / HTTP/1.1" 200 10855 "-" "Mozilla/5.0 (iPhone; CPU iPhone OS 11_0 like Mac OS X) AppleWebKit/604.1.38 (KHTML, like Gecko) Version/11.0 Mobile/15A372 Safari/604.1"
162.0.232.193 - - [08/Jun/2025:13:17:43 -0400] "POST /wp-cron.php?doing_wp_cron=1749403062.9359920024871826171875 HTTP/1.1" 200 0 "-" "WordPress/6.6.2; https://remonster.online"
82.145.215.206 - - [08/Jun/2025:13:17:42 -0400] "GET /apple-touch-icon.png HTTP/1.1" 301 0 "-" "Go-http-client/1.1"
82.145.215.206 - - [08/Jun/2025:13:17:43 -0400] "GET / HTTP/1.1" 200 10821 "https://remonster.online/apple-touch-icon.png" "Go-http-client/1.1"
2601:5ca:180:6d00:39b7:585a:a16d:b900 - - [08/Jun/2025:13:17:47 -0400] "GET /manga/re-monster-chapter-12/ HTTP/1.1" 200 17795 "https://remonster.online/manga/re-monster-chapter-11/" "Mozilla/5.0 (Windows NT 10.0; Win64; x64) AppleWebKit/537.36 (KHTML, like Gecko) Chrome/134.0.0.0 Safari/537.36 OPR/119.0.0.0"
2601:5ca:180:6d00:39b7:585a:a16d:b900 - - [08/Jun/2025:13:17:47 -0400] "GET /manga/re-monster-chapter-12/ HTTP/1.1" 304 0 "https://remonster.online/manga/re-monster-chapter-11/" "Mozilla/5.0 (Windows NT 10.0; Win64; x64) AppleWebKit/537.36 (KHTML, like Gecko) Chrome/134.0.0.0 Safari/537.36 OPR/119.0.0.0"
2601:5ca:180:6d00:39b7:585a:a16d:b900 - - [08/Jun/2025:13:17:47 -0400] "POST /wp-admin/admin-ajax.php HTTP/1.1" 200 69 "https://remonster.online/manga/re-monster-chapter-12/" "Mozilla/5.0 (Windows NT 10.0; Win64; x64) AppleWebKit/537.36 (KHTML, like Gecko) Chrome/134.0.0.0 Safari/537.36 OPR/119.0.0.0"
64.224.122.42 - - [08/Jun/2025:13:18:18 -0400] "GET / HTTP/1.1" 200 10812 "https://www.google.com/" "Mozilla/5.0 (Linux; Android 10; K) AppleWebKit/537.36 (KHTML, like Gecko) Chrome/137.0.0.0 Mobile Safari/537.36"
205.254.169.120 - - [08/Jun/2025:13:18:18 -0400] "GET / HTTP/1.1" 200 10812 "https://search.brave.com/" "Mozilla/5.0 (Linux; Android 10; K) AppleWebKit/537.36 (KHTML, like Gecko) Chrome/137.0.0.0 Mobile Safari/537.36"
205.254.169.120 - - [08/Jun/2025:13:18:19 -0400] "GET /wp-content/uploads/2021/11/LN_v09_001-768x1128.jpeg HTTP/1.1" 200 243388 "https://remonster.online/" "Mozilla/5.0 (Linux; Android 10; K) AppleWebKit/537.36 (KHTML, like Gecko) Chrome/137.0.0.0 Mobile Safari/537.36"
205.254.169.120 - - [08/Jun/2025:13:18:19 -0400] "GET /wp-content/uploads/2021/11/8168f-bSGoS-768x1097.jpeg HTTP/1.1" 200 223084 "https://remonster.online/" "Mozilla/5.0 (Linux; Android 10; K) AppleWebKit/537.36 (KHTML, like Gecko) Chrome/137.0.0.0 Mobile Safari/537.36"
2003:ed:5720:f500:49e2:990e:8c15:a8e3 - - [08/Jun/2025:13:18:20 -0400] "GET /manga/re-monster-chapter-45/ HTTP/1.1" 304 0 "https://remonster.online/manga/re-monster-chapter-46/" "Mozilla/5.0 (Windows NT 10.0; Win64; x64) AppleWebKit/537.36 (KHTML, like Gecko) Chrome/137.0.0.0 Safari/537.36"
2003:ed:5720:f500:49e2:990e:8c15:a8e3 - - [08/Jun/2025:13:18:20 -0400] "GET /manga/re-monster-chapter-47/ HTTP/1.1" 200 17372 "https://remonster.online/manga/re-monster-chapter-46/" "Mozilla/5.0 (Windows NT 10.0; Win64; x64) AppleWebKit/537.36 (KHTML, like Gecko) Chrome/137.0.0.0 Safari/537.36"
2003:ed:5720:f500:49e2:990e:8c15:a8e3 - - [08/Jun/2025:13:18:20 -0400] "GET /manga/re-monster-chapter-47/ HTTP/1.1" 304 0 "https://remonster.online/manga/re-monster-chapter-46/" "Mozilla/5.0 (Windows NT 10.0; Win64; x64) AppleWebKit/537.36 (KHTML, like Gecko) Chrome/137.0.0.0 Safari/537.36"
64.224.122.42 - - [08/Jun/2025:13:18:23 -0400] "GET /manga/remonster-chapter-85/ HTTP/1.1" 200 14075 "https://remonster.online/" "Mozilla/5.0 (Linux; Android 10; K) AppleWebKit/537.36 (KHTML, like Gecko) Chrome/137.0.0.0 Mobile Safari/537.36"
64.224.122.42 - - [08/Jun/2025:13:18:23 -0400] "GET /manga/remonster-chapter-85/ HTTP/1.1" 304 0 "https://remonster.online/" "Mozilla/5.0 (Linux; Android 10; K) AppleWebKit/537.36 (KHTML, like Gecko) Chrome/137.0.0.0 Mobile Safari/537.36"
205.254.169.120 - - [08/Jun/2025:13:18:25 -0400] "GET /manga/remonster-chapter-106/ HTTP/1.1" 200 14313 "-" "Mozilla/5.0 (Linux; Android 10; K) AppleWebKit/537.36 (KHTML, like Gecko) Chrome/137.0.0.0 Mobile Safari/537.36"
205.254.169.120 - - [08/Jun/2025:13:18:26 -0400] "GET /manga/remonster-chapter-106/ HTTP/1.1" 304 0 "https://remonster.online/" "Mozilla/5.0 (Linux; Android 10; K) AppleWebKit/537.36 (KHTML, like Gecko) Chrome/137.0.0.0 Mobile Safari/537.36"
64.224.122.42 - - [08/Jun/2025:13:18:28 -0400] "GET /category/remonster/ HTTP/1.1" 200 24976 "https://remonster.online/manga/remonster-chapter-85/" "Mozilla/5.0 (Linux; Android 10; K) AppleWebKit/537.36 (KHTML, like Gecko) Chrome/137.0.0.0 Mobile Safari/537.36"
64.224.122.42 - - [08/Jun/2025:13:18:29 -0400] "GET /tag/reincarnated-monster/ HTTP/1.1" 301 0 "https://remonster.online/manga/remonster-chapter-85/" "Mozilla/5.0 (Linux; Android 10; K) AppleWebKit/537.36 (KHTML, like Gecko) Chrome/137.0.0.0 Mobile Safari/537.36"
64.224.122.42 - - [08/Jun/2025:13:18:30 -0400] "GET /manga/remonster-chapter-86/ HTTP/1.1" 200 14435 "https://remonster.online/manga/remonster-chapter-85/" "Mozilla/5.0 (Linux; Android 10; K) AppleWebKit/537.36 (KHTML, like Gecko) Chrome/137.0.0.0 Mobile Safari/537.36"
64.224.122.42 - - [08/Jun/2025:13:18:30 -0400] "GET / HTTP/1.1" 200 10812 "https://remonster.online/manga/remonster-chapter-85/" "Mozilla/5.0 (Linux; Android 10; K) AppleWebKit/537.36 (KHTML, like Gecko) Chrome/137.0.0.0 Mobile Safari/537.36"
