40.77.167.4 - - [08/Jun/2025:15:22:41 -0400] "GET /wp-json/wp/v2/posts/2108 HTTP/1.1" 200 23405 "-" "Mozilla/5.0 AppleWebKit/537.36 (KHTML, like Gecko; compatible; bingbot/2.0; +http://www.bing.com/bingbot.htm) Chrome/116.0.1938.76 Safari/537.36"
2a01:36d:1300:8a97:2c60:757c:38a5:75c1 - - [08/Jun/2025:15:22:42 -0400] "GET /manga/re-monster-chapter-54/ HTTP/1.1" 200 17751 "https://www.google.com/" "Mozilla/5.0 (iPhone; CPU iPhone OS 18_2_0 like Mac OS X) AppleWebKit/605.1.15 (KHTML, like Gecko) CriOS/137.0.7151.79 Mobile/15E148 Safari/604.1"
2a01:36d:1300:8a97:2c60:757c:38a5:75c1 - - [08/Jun/2025:15:22:43 -0400] "GET /wp-content/plugins/wp-rocket/assets/js/wpr-beacon.min.js HTTP/1.1" 200 3530 "https://remonster.online/manga/re-monster-chapter-54/" "Mozilla/5.0 (iPhone; CPU iPhone OS 18_2_0 like Mac OS X) AppleWebKit/605.1.15 (KHTML, like Gecko) CriOS/137.0.7151.79 Mobile/15E148 Safari/604.1"
136.158.10.14 - - [08/Jun/2025:15:22:59 -0400] "GET /manga/re-monster-chapter-71/ HTTP/1.1" 200 17730 "https://remonster.online/manga/re-monster-chapter-70/" "Mozilla/5.0 (Linux; Android 10; K) AppleWebKit/537.36 (KHTML, like Gecko) Chrome/137.0.0.0 Mobile Safari/537.36"
136.158.10.14 - - [08/Jun/2025:15:22:59 -0400] "GET /manga/re-monster-chapter-71/ HTTP/1.1" 304 0 "https://remonster.online/manga/re-monster-chapter-70/" "Mozilla/5.0 (Linux; Android 10; K) AppleWebKit/537.36 (KHTML, like Gecko) Chrome/137.0.0.0 Mobile Safari/537.36"
40.77.167.4 - - [08/Jun/2025:15:23:01 -0400] "GET /manga/re-monster-chapter-73/ HTTP/1.1" 200 17453 "-" "Mozilla/5.0 AppleWebKit/537.36 (KHTML, like Gecko; compatible; bingbot/2.0; +http://www.bing.com/bingbot.htm) Chrome/116.0.1938.76 Safari/537.36"
2a02:26f7:e348:5403:0:6000:0:b - - [08/Jun/2025:15:23:18 -0400] "GET / HTTP/1.1" 200 10850 "https://www.google.com/" "Mozilla/5.0 (iPhone; CPU iPhone OS 18_4_1 like Mac OS X) AppleWebKit/605.1.15 (KHTML, like Gecko) Version/18.4 Mobile/15E148 Safari/604.1"
171.241.24.180 - - [08/Jun/2025:15:23:22 -0400] "GET /manga/remonster-chapter-100/ HTTP/1.1" 200 15145 "-" "Mozilla/5.0 (Linux; Android 10; K) AppleWebKit/537.36 (KHTML, like Gecko) SamsungBrowser/28.0 Chrome/130.0.0.0 Mobile Safari/537.36"
2a02:a451:f953:1:48e6:e6c3:9f2c:4030 - - [08/Jun/2025:15:23:23 -0400] "GET /manga/remonster-chapter-106/ HTTP/1.1" 200 14664 "-" "Mozilla/5.0 (Windows NT 10.0; Win64; x64) AppleWebKit/537.36 (KHTML, like Gecko) Chrome/137.0.0.0 Safari/537.36"
162.0.232.193 - - [08/Jun/2025:15:23:24 -0400] "POST /wp-cron.php?doing_wp_cron=1749410604.6491529941558837890625 HTTP/1.1" 200 0 "-" "WordPress/6.6.2; https://remonster.online"
2a02:a451:f953:1:48e6:e6c3:9f2c:4030 - - [08/Jun/2025:15:23:24 -0400] "POST /wp-admin/admin-ajax.php HTTP/1.1" 200 69 "https://remonster.online/manga/remonster-chapter-106/" "Mozilla/5.0 (Windows NT 10.0; Win64; x64) AppleWebKit/537.36 (KHTML, like Gecko) Chrome/137.0.0.0 Safari/537.36"
2a02:26f7:e348:5403:0:6000:0:b - - [08/Jun/2025:15:23:26 -0400] "GET /wp-content/themes/toivo-lite/fonts/genericons/genericons/Genericons.svg HTTP/1.1" 200 23714 "https://remonster.online/" "Mozilla/5.0 (iPhone; CPU iPhone OS 18_4_1 like Mac OS X) AppleWebKit/605.1.15 (KHTML, like Gecko) Version/18.4 Mobile/15E148 Safari/604.1"
2a02:26f7:e348:5403:0:6000:0:b - - [08/Jun/2025:15:23:39 -0400] "GET /manga/re-monster-chapter-1/ HTTP/1.1" 200 17990 "https://remonster.online/" "Mozilla/5.0 (iPhone; CPU iPhone OS 18_4_1 like Mac OS X) AppleWebKit/605.1.15 (KHTML, like Gecko) Version/18.4 Mobile/15E148 Safari/604.1"
2a02:26f7:e348:5403:0:6000:0:b - - [08/Jun/2025:15:23:40 -0400] "GET /wp-content/plugins/simple-social-buttons/assets/fonts/ssb-icon.ttf?eahqa2 HTTP/1.1" 200 6624 "https://remonster.online/" "Mozilla/5.0 (iPhone; CPU iPhone OS 18_4_1 like Mac OS X) AppleWebKit/605.1.15 (KHTML, like Gecko) Version/18.4 Mobile/15E148 Safari/604.1"
2a00:f29:2c8:bb7:516f:1e2b:e94d:e870 - - [08/Jun/2025:15:23:44 -0400] "GET /manga/re-monster-chapter-56/ HTTP/1.1" 200 17356 "https://remonster.online/manga/re-monster-chapter-55/" "Mozilla/5.0 (Windows NT 10.0; Win64; x64) AppleWebKit/537.36 (KHTML, like Gecko) Chrome/137.0.0.0 Safari/537.36"
2a00:f29:2c8:bb7:516f:1e2b:e94d:e870 - - [08/Jun/2025:15:23:44 -0400] "GET /manga/re-monster-chapter-56/ HTTP/1.1" 304 0 "https://remonster.online/manga/re-monster-chapter-55/" "Mozilla/5.0 (Windows NT 10.0; Win64; x64) AppleWebKit/537.36 (KHTML, like Gecko) Chrome/137.0.0.0 Safari/537.36"
2405:201:d004:8007:8ce8:4c0a:4cb3:4fdb - - [08/Jun/2025:15:24:03 -0400] "GET /manga/re-monster-chapter-74/ HTTP/1.1" 200 17658 "https://remonster.online/manga/re-monster-chapter-73/" "Mozilla/5.0 (Linux; Android 15; motorola edge 50 pro) AppleWebKit/537.36 (KHTML, like Gecko) JioSphere/5.0.5 Chrome/127.0.6533.101 Mobile Safari/537.36"
5.20.243.135 - - [08/Jun/2025:15:24:03 -0400] "GET /manga/re-monster-chapter-17/ HTTP/1.1" 304 0 "https://remonster.online/manga/re-monster-chapter-18/" "Mozilla/5.0 (Windows NT 10.0; Win64; x64) AppleWebKit/537.36 (KHTML, like Gecko) Chrome/137.0.0.0 Safari/537.36"
5.20.243.135 - - [08/Jun/2025:15:24:04 -0400] "GET /manga/re-monster-chapter-19/ HTTP/1.1" 200 18061 "https://remonster.online/manga/re-monster-chapter-18/" "Mozilla/5.0 (Windows NT 10.0; Win64; x64) AppleWebKit/537.36 (KHTML, like Gecko) Chrome/137.0.0.0 Safari/537.36"
5.20.243.135 - - [08/Jun/2025:15:24:04 -0400] "GET /manga/re-monster-chapter-19/ HTTP/1.1" 304 0 "https://remonster.online/manga/re-monster-chapter-18/" "Mozilla/5.0 (Windows NT 10.0; Win64; x64) AppleWebKit/537.36 (KHTML, like Gecko) Chrome/137.0.0.0 Safari/537.36"
2600:1700:c5e1:3790:b8e1:6c06:5d8d:7580 - - [08/Jun/2025:15:24:10 -0400] "GET /manga/re-monster-chapter-49/ HTTP/1.1" 200 17400 "https://remonster.online/manga/re-monster-chapter-48/" "Mozilla/5.0 (iPhone; CPU iPhone OS 18_5 like Mac OS X) AppleWebKit/605.1.15 (KHTML, like Gecko) Version/18.5 Mobile/15E148 Safari/604.1"
2001:67c:2660:425:20::265 - - [08/Jun/2025:15:24:11 -0400] "GET /manga/re-monster-chapter-49/ HTTP/1.1" 200 17400 "https://remonster.online/manga/re-monster-chapter-48/" "Mozilla/5.0 (Linux; Android 10; K) AppleWebKit/537.36 (KHTML, like Gecko) Chrome/135.0.0.0 Mobile Safari/537.36 OPR/89.0.0.0"
2001:67c:2660:425:20::265 - - [08/Jun/2025:15:24:12 -0400] "GET /manga/re-monster-chapter-49/ HTTP/1.1" 304 0 "https://remonster.online/manga/re-monster-chapter-48/" "Mozilla/5.0 (Linux; Android 10; K) AppleWebKit/537.36 (KHTML, like Gecko) Chrome/135.0.0.0 Mobile Safari/537.36 OPR/89.0.0.0"
103.196.139.252 - - [08/Jun/2025:15:24:39 -0400] "GET /manga/re-monster-chapter-68/ HTTP/1.1" 200 17511 "https://remonster.online/manga/re-monster-chapter-67/" "Mozilla/5.0 (iPhone; CPU iPhone OS 17_6_1 like Mac OS X) AppleWebKit/605.1.15 (KHTML, like Gecko) CriOS/137.0.7151.79 Mobile/15E148 Safari/604.1"
103.196.139.252 - - [08/Jun/2025:15:25:20 -0400] "GET /manga/re-monster-chapter-69/ HTTP/1.1" 200 17977 "https://remonster.online/manga/re-monster-chapter-68/" "Mozilla/5.0 (iPhone; CPU iPhone OS 17_6_1 like Mac OS X) AppleWebKit/605.1.15 (KHTML, like Gecko) CriOS/137.0.7151.79 Mobile/15E148 Safari/604.1"
43.153.87.54 - - [08/Jun/2025:15:25:57 -0400] "GET /privacy-policy/ HTTP/1.1" 200 13743 "-" "Mozilla/5.0 (iPhone; CPU iPhone OS 13_2_3 like Mac OS X) AppleWebKit/605.1.15 (KHTML, like Gecko) Version/13.0.3 Mobile/15E148 Safari/604.1"
2001:67c:2660:425:20::265 - - [08/Jun/2025:15:26:01 -0400] "GET /manga/re-monster-chapter-50/ HTTP/1.1" 200 17781 "https://remonster.online/manga/re-monster-chapter-49/" "Mozilla/5.0 (Linux; Android 10; K) AppleWebKit/537.36 (KHTML, like Gecko) Chrome/135.0.0.0 Mobile Safari/537.36 OPR/89.0.0.0"
2001:67c:2660:425:20::265 - - [08/Jun/2025:15:26:01 -0400] "GET /manga/re-monster-chapter-48/ HTTP/1.1" 304 0 "https://remonster.online/manga/re-monster-chapter-49/" "Mozilla/5.0 (Linux; Android 10; K) AppleWebKit/537.36 (KHTML, like Gecko) Chrome/135.0.0.0 Mobile Safari/537.36 OPR/89.0.0.0"
2001:67c:2660:425:20::265 - - [08/Jun/2025:15:26:01 -0400] "GET / HTTP/1.1" 304 0 "https://remonster.online/manga/re-monster-chapter-49/" "Mozilla/5.0 (Linux; Android 10; K) AppleWebKit/537.36 (KHTML, like Gecko) Chrome/135.0.0.0 Mobile Safari/537.36 OPR/89.0.0.0"
2001:67c:2660:425:20::265 - - [08/Jun/2025:15:26:01 -0400] "GET /category/re-monster/ HTTP/1.1" 200 25314 "https://remonster.online/manga/re-monster-chapter-49/" "Mozilla/5.0 (Linux; Android 10; K) AppleWebKit/537.36 (KHTML, like Gecko) Chrome/135.0.0.0 Mobile Safari/537.36 OPR/89.0.0.0"
2001:67c:2660:425:20::265 - - [08/Jun/2025:15:26:02 -0400] "GET /manga/re-monster-chapter-50/ HTTP/1.1" 304 0 "https://remonster.online/manga/re-monster-chapter-49/" "Mozilla/5.0 (Linux; Android 10; K) AppleWebKit/537.36 (KHTML, like Gecko) Chrome/135.0.0.0 Mobile Safari/537.36 OPR/89.0.0.0"
162.0.232.193 - - [08/Jun/2025:15:26:03 -0400] "POST /wp-cron.php?doing_wp_cron=1749410763.0992259979248046875000 HTTP/1.1" 200 0 "-" "WordPress/6.6.2; https://remonster.online"
2001:67c:2660:425:20::265 - - [08/Jun/2025:15:26:02 -0400] "POST /wp-admin/admin-ajax.php HTTP/1.1" 200 69 "https://remonster.online/manga/re-monster-chapter-50/" "Mozilla/5.0 (Linux; Android 10; K) AppleWebKit/537.36 (KHTML, like Gecko) Chrome/135.0.0.0 Mobile Safari/537.36 OPR/89.0.0.0"
2600:1003:b88e:1ee6:2d8d:d811:eba:6ffd - - [08/Jun/2025:15:26:27 -0400] "GET /manga/remonster-chapter-106/ HTTP/1.1" 200 14713 "https://www.google.com/" "Mozilla/5.0 (iPhone; CPU iPhone OS 18_3_2 like Mac OS X) AppleWebKit/605.1.15 (KHTML, like Gecko) Version/18.3 Mobile/15E148 Safari/604.1 OPX/2.7.1"
162.0.232.193 - - [08/Jun/2025:15:26:28 -0400] "POST /wp-cron.php?doing_wp_cron=1749410788.6333920955657958984375 HTTP/1.1" 200 0 "-" "WordPress/6.6.2; https://remonster.online"
2600:1003:b88e:1ee6:2d8d:d811:eba:6ffd - - [08/Jun/2025:15:26:28 -0400] "POST /wp-admin/admin-ajax.php HTTP/1.1" 200 69 "https://remonster.online/manga/remonster-chapter-106/" "Mozilla/5.0 (iPhone; CPU iPhone OS 18_3_2 like Mac OS X) AppleWebKit/605.1.15 (KHTML, like Gecko) Version/18.3 Mobile/15E148 Safari/604.1 OPX/2.7.1"
2001:67c:2660:425:20::265 - - [08/Jun/2025:15:27:01 -0400] "GET /manga/re-monster-chapter-49/ HTTP/1.1" 304 0 "https://remonster.online/manga/re-monster-chapter-50/" "Mozilla/5.0 (Linux; Android 10; K) AppleWebKit/537.36 (KHTML, like Gecko) Chrome/135.0.0.0 Mobile Safari/537.36 OPR/89.0.0.0"
2001:67c:2660:425:20::265 - - [08/Jun/2025:15:27:01 -0400] "GET /manga/re-monster-chapter-51/ HTTP/1.1" 200 17556 "https://remonster.online/manga/re-monster-chapter-50/" "Mozilla/5.0 (Linux; Android 10; K) AppleWebKit/537.36 (KHTML, like Gecko) Chrome/135.0.0.0 Mobile Safari/537.36 OPR/89.0.0.0"
2001:67c:2660:425:20::265 - - [08/Jun/2025:15:27:01 -0400] "GET /tag/kichi/ HTTP/1.1" 301 0 "https://remonster.online/manga/re-monster-chapter-50/" "Mozilla/5.0 (Linux; Android 10; K) AppleWebKit/537.36 (KHTML, like Gecko) Chrome/135.0.0.0 Mobile Safari/537.36 OPR/89.0.0.0"
2001:67c:2660:425:20::265 - - [08/Jun/2025:15:27:02 -0400] "GET /manga/re-monster-chapter-51/ HTTP/1.1" 304 0 "https://remonster.online/manga/re-monster-chapter-50/" "Mozilla/5.0 (Linux; Android 10; K) AppleWebKit/537.36 (KHTML, like Gecko) Chrome/135.0.0.0 Mobile Safari/537.36 OPR/89.0.0.0"
2001:67c:2660:425:20::265 - - [08/Jun/2025:15:27:02 -0400] "GET / HTTP/1.1" 304 0 "https://remonster.online/manga/re-monster-chapter-50/" "Mozilla/5.0 (Linux; Android 10; K) AppleWebKit/537.36 (KHTML, like Gecko) Chrome/135.0.0.0 Mobile Safari/537.36 OPR/89.0.0.0"
162.0.232.193 - - [08/Jun/2025:15:27:34 -0400] "POST /wp-cron.php?doing_wp_cron=1749410854.6600561141967773437500 HTTP/1.1" 200 0 "-" "WordPress/6.6.2; https://remonster.online"
85.208.96.193 - - [08/Jun/2025:15:27:34 -0400] "GET /category/remonster/page/4/ HTTP/1.1" 200 18853 "-" "Mozilla/5.0 (compatible; SemrushBot/7~bl; +http://www.semrush.com/bot.html)"
5.20.243.135 - - [08/Jun/2025:15:27:37 -0400] "GET /manga/re-monster-chapter-18/ HTTP/1.1" 304 0 "https://remonster.online/manga/re-monster-chapter-19/" "Mozilla/5.0 (Windows NT 10.0; Win64; x64) AppleWebKit/537.36 (KHTML, like Gecko) Chrome/137.0.0.0 Safari/537.36"
5.20.243.135 - - [08/Jun/2025:15:27:38 -0400] "GET /manga/re-monster-chapter-20/ HTTP/1.1" 200 16366 "https://remonster.online/manga/re-monster-chapter-19/" "Mozilla/5.0 (Windows NT 10.0; Win64; x64) AppleWebKit/537.36 (KHTML, like Gecko) Chrome/137.0.0.0 Safari/537.36"
5.20.243.135 - - [08/Jun/2025:15:27:38 -0400] "GET /manga/re-monster-chapter-20/ HTTP/1.1" 304 0 "https://remonster.online/manga/re-monster-chapter-19/" "Mozilla/5.0 (Windows NT 10.0; Win64; x64) AppleWebKit/537.36 (KHTML, like Gecko) Chrome/137.0.0.0 Safari/537.36"
5.20.243.135 - - [08/Jun/2025:15:27:38 -0400] "POST /wp-admin/admin-ajax.php HTTP/1.1" 200 69 "https://remonster.online/manga/re-monster-chapter-20/" "Mozilla/5.0 (Windows NT 10.0; Win64; x64) AppleWebKit/537.36 (KHTML, like Gecko) Chrome/137.0.0.0 Safari/537.36"
136.158.7.73 - - [08/Jun/2025:15:28:19 -0400] "GET /manga/re-monster-chapter-1/ HTTP/1.1" 200 17990 "https://remonster.online/manga/re-monster-chapter-1/" "Mozilla/5.0 (Linux; Android 10; K) AppleWebKit/537.36 (KHTML, like Gecko) Chrome/137.0.0.0 Mobile Safari/537.36"
103.196.139.252 - - [08/Jun/2025:15:28:39 -0400] "GET /manga/re-monster-chapter-70/ HTTP/1.1" 200 17698 "https://remonster.online/manga/re-monster-chapter-69/" "Mozilla/5.0 (iPhone; CPU iPhone OS 17_6_1 like Mac OS X) AppleWebKit/605.1.15 (KHTML, like Gecko) CriOS/137.0.7151.79 Mobile/15E148 Safari/604.1"
2001:67c:2660:425:20::265 - - [08/Jun/2025:15:29:04 -0400] "GET /manga/re-monster-chapter-50/ HTTP/1.1" 304 0 "https://remonster.online/manga/re-monster-chapter-51/" "Mozilla/5.0 (Linux; Android 10; K) AppleWebKit/537.36 (KHTML, like Gecko) Chrome/135.0.0.0 Mobile Safari/537.36 OPR/89.0.0.0"
2001:67c:2660:425:20::265 - - [08/Jun/2025:15:29:05 -0400] "GET /manga/re-monster-chapter-52/ HTTP/1.1" 200 17450 "https://remonster.online/manga/re-monster-chapter-51/" "Mozilla/5.0 (Linux; Android 10; K) AppleWebKit/537.36 (KHTML, like Gecko) Chrome/135.0.0.0 Mobile Safari/537.36 OPR/89.0.0.0"
2001:67c:2660:425:20::265 - - [08/Jun/2025:15:29:05 -0400] "GET /manga/re-monster-chapter-52/ HTTP/1.1" 304 0 "https://remonster.online/manga/re-monster-chapter-51/" "Mozilla/5.0 (Linux; Android 10; K) AppleWebKit/537.36 (KHTML, like Gecko) Chrome/135.0.0.0 Mobile Safari/537.36 OPR/89.0.0.0"
2401:4900:93f1:bc78:d0ce:c9ff:fe35:71f3 - - [08/Jun/2025:15:29:35 -0400] "GET /manga/re-monster-chapter-22/ HTTP/1.1" 200 16344 "https://www.google.com/" "Mozilla/5.0 (Linux; Android 10; K) AppleWebKit/537.36 (KHTML, like Gecko) Chrome/137.0.0.0 Mobile Safari/537.36"
136.158.10.14 - - [08/Jun/2025:15:29:42 -0400] "GET / HTTP/1.1" 304 0 "https://remonster.online/manga/re-monster-chapter-71/" "Mozilla/5.0 (Linux; Android 10; K) AppleWebKit/537.36 (KHTML, like Gecko) Chrome/137.0.0.0 Mobile Safari/537.36"
136.158.10.14 - - [08/Jun/2025:15:29:42 -0400] "GET /manga/re-monster-chapter-70/ HTTP/1.1" 304 0 "https://remonster.online/manga/re-monster-chapter-71/" "Mozilla/5.0 (Linux; Android 10; K) AppleWebKit/537.36 (KHTML, like Gecko) Chrome/137.0.0.0 Mobile Safari/537.36"
136.158.10.14 - - [08/Jun/2025:15:29:43 -0400] "GET /manga/re-monster-chapter-72/ HTTP/1.1" 200 17901 "https://remonster.online/manga/re-monster-chapter-71/" "Mozilla/5.0 (Linux; Android 10; K) AppleWebKit/537.36 (KHTML, like Gecko) Chrome/137.0.0.0 Mobile Safari/537.36"
136.158.10.14 - - [08/Jun/2025:15:29:44 -0400] "GET /manga/re-monster-chapter-72/ HTTP/1.1" 304 0 "https://remonster.online/manga/re-monster-chapter-71/" "Mozilla/5.0 (Linux; Android 10; K) AppleWebKit/537.36 (KHTML, like Gecko) Chrome/137.0.0.0 Mobile Safari/537.36"
162.0.232.193 - - [08/Jun/2025:15:29:45 -0400] "POST /wp-cron.php?doing_wp_cron=1749410985.5956299304962158203125 HTTP/1.1" 200 0 "-" "WordPress/6.6.2; https://remonster.online"
136.158.10.14 - - [08/Jun/2025:15:29:45 -0400] "POST /wp-admin/admin-ajax.php HTTP/1.1" 200 49 "https://remonster.online/manga/re-monster-chapter-72/" "Mozilla/5.0 (Linux; Android 10; K) AppleWebKit/537.36 (KHTML, like Gecko) Chrome/137.0.0.0 Mobile Safari/537.36"
136.158.10.14 - - [08/Jun/2025:15:29:46 -0400] "POST /wp-admin/admin-ajax.php HTTP/1.1" 200 597 "https://remonster.online/manga/re-monster-chapter-72/" "Mozilla/5.0 (Linux; Android 10; K) AppleWebKit/537.36 (KHTML, like Gecko) Chrome/137.0.0.0 Mobile Safari/537.36"
69.79.197.195 - - [08/Jun/2025:15:29:49 -0400] "GET /manga/re-monster-chapter-31/ HTTP/1.1" 200 17736 "https://remonster.online/manga/re-monster-chapter-30/" "Mozilla/5.0 (iPhone; CPU iPhone OS 18_0 like Mac OS X) AppleWebKit/605.1.15 (KHTML, like Gecko) Version/18.0 Mobile/15E148 Safari/604.1"
69.79.197.195 - - [08/Jun/2025:15:29:50 -0400] "POST /wp-admin/admin-ajax.php HTTP/1.1" 200 69 "https://remonster.online/manga/re-monster-chapter-31/" "Mozilla/5.0 (iPhone; CPU iPhone OS 18_0 like Mac OS X) AppleWebKit/605.1.15 (KHTML, like Gecko) Version/18.0 Mobile/15E148 Safari/604.1"
109.118.189.172 - - [08/Jun/2025:15:30:32 -0400] "GET /manga/remonster-chapter-79/ HTTP/1.1" 200 18240 "-" "Mozilla/5.0 (Linux; Android 10; K) AppleWebKit/537.36 (KHTML, like Gecko) Chrome/136.0.0.0 Mobile Safari/537.36"
162.0.232.193 - - [08/Jun/2025:15:30:36 -0400] "POST /wp-cron.php?doing_wp_cron=1749411036.3279840946197509765625 HTTP/1.1" 200 0 "-" "WordPress/6.6.2; https://remonster.online"
109.118.189.172 - - [08/Jun/2025:15:30:36 -0400] "POST /wp-admin/admin-ajax.php HTTP/1.1" 200 69 "https://remonster.online/manga/remonster-chapter-79/" "Mozilla/5.0 (Linux; Android 10; K) AppleWebKit/537.36 (KHTML, like Gecko) Chrome/136.0.0.0 Mobile Safari/537.36"
103.196.139.252 - - [08/Jun/2025:15:30:39 -0400] "GET /manga/re-monster-chapter-71/ HTTP/1.1" 200 17730 "https://remonster.online/manga/re-monster-chapter-70/" "Mozilla/5.0 (iPhone; CPU iPhone OS 17_6_1 like Mac OS X) AppleWebKit/605.1.15 (KHTML, like Gecko) CriOS/137.0.7151.79 Mobile/15E148 Safari/604.1"
2001:67c:2660:425:20::265 - - [08/Jun/2025:15:31:09 -0400] "GET / HTTP/1.1" 304 0 "https://remonster.online/manga/re-monster-chapter-52/" "Mozilla/5.0 (Linux; Android 10; K) AppleWebKit/537.36 (KHTML, like Gecko) Chrome/135.0.0.0 Mobile Safari/537.36 OPR/89.0.0.0"
2001:67c:2660:425:20::265 - - [08/Jun/2025:15:31:09 -0400] "GET /manga/re-monster-chapter-51/ HTTP/1.1" 304 0 "https://remonster.online/manga/re-monster-chapter-52/" "Mozilla/5.0 (Linux; Android 10; K) AppleWebKit/537.36 (KHTML, like Gecko) Chrome/135.0.0.0 Mobile Safari/537.36 OPR/89.0.0.0"
2001:67c:2660:425:20::265 - - [08/Jun/2025:15:31:10 -0400] "GET /manga/re-monster-chapter-53/ HTTP/1.1" 200 18091 "https://remonster.online/manga/re-monster-chapter-52/" "Mozilla/5.0 (Linux; Android 10; K) AppleWebKit/537.36 (KHTML, like Gecko) Chrome/135.0.0.0 Mobile Safari/537.36 OPR/89.0.0.0"
2001:67c:2660:425:20::265 - - [08/Jun/2025:15:31:10 -0400] "GET /manga/re-monster-chapter-53/ HTTP/1.1" 304 0 "https://remonster.online/manga/re-monster-chapter-52/" "Mozilla/5.0 (Linux; Android 10; K) AppleWebKit/537.36 (KHTML, like Gecko) Chrome/135.0.0.0 Mobile Safari/537.36 OPR/89.0.0.0"
2001:67c:2660:425:20::265 - - [08/Jun/2025:15:31:11 -0400] "POST /wp-admin/admin-ajax.php HTTP/1.1" 200 69 "https://remonster.online/manga/re-monster-chapter-53/" "Mozilla/5.0 (Linux; Android 10; K) AppleWebKit/537.36 (KHTML, like Gecko) Chrome/135.0.0.0 Mobile Safari/537.36 OPR/89.0.0.0"
83.248.90.63 - - [08/Jun/2025:15:31:52 -0400] "GET /manga/remonster-chapter-83/ HTTP/1.1" 200 14459 "-" "Mozilla/5.0 (Windows NT 10.0; Win64; x64) AppleWebKit/537.36 (KHTML, like Gecko) Chrome/137.0.0.0 Safari/537.36"
162.0.232.193 - - [08/Jun/2025:15:31:53 -0400] "POST /wp-cron.php?doing_wp_cron=1749411113.6601889133453369140625 HTTP/1.1" 200 0 "-" "WordPress/6.6.2; https://remonster.online"
83.248.90.63 - - [08/Jun/2025:15:31:54 -0400] "GET /manga/re-monster-chapter-1/ HTTP/1.1" 200 17995 "https://remonster.online/manga/remonster-chapter-83/" "Mozilla/5.0 (Windows NT 10.0; Win64; x64) AppleWebKit/537.36 (KHTML, like Gecko) Chrome/137.0.0.0 Safari/537.36"
83.248.90.63 - - [08/Jun/2025:15:31:54 -0400] "GET / HTTP/1.1" 200 10821 "https://remonster.online/manga/remonster-chapter-83/" "Mozilla/5.0 (Windows NT 10.0; Win64; x64) AppleWebKit/537.36 (KHTML, like Gecko) Chrome/137.0.0.0 Safari/537.36"
83.248.90.63 - - [08/Jun/2025:15:31:53 -0400] "POST /wp-admin/admin-ajax.php HTTP/1.1" 200 69 "https://remonster.online/manga/remonster-chapter-83/" "Mozilla/5.0 (Windows NT 10.0; Win64; x64) AppleWebKit/537.36 (KHTML, like Gecko) Chrome/137.0.0.0 Safari/537.36"
83.248.90.63 - - [08/Jun/2025:15:31:54 -0400] "GET / HTTP/1.1" 304 0 "https://remonster.online/manga/remonster-chapter-83/" "Mozilla/5.0 (Windows NT 10.0; Win64; x64) AppleWebKit/537.36 (KHTML, like Gecko) Chrome/137.0.0.0 Safari/537.36"
83.248.90.63 - - [08/Jun/2025:15:31:56 -0400] "GET /manga/remonster-chapter-100/ HTTP/1.1" 200 15335 "https://remonster.online/" "Mozilla/5.0 (Windows NT 10.0; Win64; x64) AppleWebKit/537.36 (KHTML, like Gecko) Chrome/137.0.0.0 Safari/537.36"
83.248.90.63 - - [08/Jun/2025:15:31:56 -0400] "GET /manga/remonster-chapter-104/ HTTP/1.1" 200 18600 "https://remonster.online/" "Mozilla/5.0 (Windows NT 10.0; Win64; x64) AppleWebKit/537.36 (KHTML, like Gecko) Chrome/137.0.0.0 Safari/537.36"
83.248.90.63 - - [08/Jun/2025:15:31:56 -0400] "GET /manga/remonster-chapter-105/ HTTP/1.1" 200 17791 "https://remonster.online/" "Mozilla/5.0 (Windows NT 10.0; Win64; x64) AppleWebKit/537.36 (KHTML, like Gecko) Chrome/137.0.0.0 Safari/537.36"
83.248.90.63 - - [08/Jun/2025:15:31:57 -0400] "GET /manga/remonster-chapter-105/ HTTP/1.1" 304 0 "https://remonster.online/" "Mozilla/5.0 (Windows NT 10.0; Win64; x64) AppleWebKit/537.36 (KHTML, like Gecko) Chrome/137.0.0.0 Safari/537.36"
83.248.90.63 - - [08/Jun/2025:15:32:01 -0400] "GET /tag/gobue/ HTTP/1.1" 301 0 "https://remonster.online/manga/remonster-chapter-105/" "Mozilla/5.0 (Windows NT 10.0; Win64; x64) AppleWebKit/537.36 (KHTML, like Gecko) Chrome/137.0.0.0 Safari/537.36"
83.248.90.63 - - [08/Jun/2025:15:32:01 -0400] "GET /manga/remonster-chapter-104/ HTTP/1.1" 304 0 "https://remonster.online/manga/remonster-chapter-105/" "Mozilla/5.0 (Windows NT 10.0; Win64; x64) AppleWebKit/537.36 (KHTML, like Gecko) Chrome/137.0.0.0 Safari/537.36"
83.248.90.63 - - [08/Jun/2025:15:32:01 -0400] "GET / HTTP/1.1" 304 0 "https://remonster.online/manga/remonster-chapter-105/" "Mozilla/5.0 (Windows NT 10.0; Win64; x64) AppleWebKit/537.36 (KHTML, like Gecko) Chrome/137.0.0.0 Safari/537.36"
83.248.90.63 - - [08/Jun/2025:15:32:02 -0400] "GET /manga/remonster-chapter-106/ HTTP/1.1" 200 14657 "https://remonster.online/manga/remonster-chapter-105/" "Mozilla/5.0 (Windows NT 10.0; Win64; x64) AppleWebKit/537.36 (KHTML, like Gecko) Chrome/137.0.0.0 Safari/537.36"
83.248.90.63 - - [08/Jun/2025:15:32:02 -0400] "GET /manga/remonster-chapter-106/ HTTP/1.1" 304 0 "https://remonster.online/manga/remonster-chapter-105/" "Mozilla/5.0 (Windows NT 10.0; Win64; x64) AppleWebKit/537.36 (KHTML, like Gecko) Chrome/137.0.0.0 Safari/537.36"
83.248.90.63 - - [08/Jun/2025:15:32:02 -0400] "POST /wp-admin/admin-ajax.php HTTP/1.1" 200 69 "https://remonster.online/manga/remonster-chapter-106/" "Mozilla/5.0 (Windows NT 10.0; Win64; x64) AppleWebKit/537.36 (KHTML, like Gecko) Chrome/137.0.0.0 Safari/537.36"
2a02:c7e:3164:8200:24b0:138f:411b:cf1b - - [08/Jun/2025:15:32:11 -0400] "GET /manga/re-monster-chapter-35/ HTTP/1.1" 200 17351 "https://remonster.online/manga/re-monster-chapter-34/" "Mozilla/5.0 (Windows NT 10.0; Win64; x64; rv:139.0) Gecko/20100101 Firefox/139.0"
103.196.139.252 - - [08/Jun/2025:15:32:14 -0400] "GET /manga/re-monster-chapter-72/ HTTP/1.1" 200 17901 "https://remonster.online/manga/re-monster-chapter-71/" "Mozilla/5.0 (iPhone; CPU iPhone OS 17_6_1 like Mac OS X) AppleWebKit/605.1.15 (KHTML, like Gecko) CriOS/137.0.7151.79 Mobile/15E148 Safari/604.1"
2804:214:828c:247b:1:2:a32f:71c9 - - [08/Jun/2025:15:32:22 -0400] "GET / HTTP/1.1" 200 10812 "https://www.google.com/" "Mozilla/5.0 (Linux; Android 10; K) AppleWebKit/537.36 (KHTML, like Gecko) Chrome/137.0.0.0 Mobile Safari/537.36"
2001:67c:2660:425:20::265 - - [08/Jun/2025:15:32:29 -0400] "GET /manga/re-monster-chapter-54/ HTTP/1.1" 200 17751 "https://remonster.online/manga/re-monster-chapter-53/" "Mozilla/5.0 (Linux; Android 10; K) AppleWebKit/537.36 (KHTML, like Gecko) Chrome/135.0.0.0 Mobile Safari/537.36 OPR/89.0.0.0"
2001:67c:2660:425:20::265 - - [08/Jun/2025:15:32:30 -0400] "GET /manga/re-monster-chapter-54/ HTTP/1.1" 304 0 "https://remonster.online/manga/re-monster-chapter-53/" "Mozilla/5.0 (Linux; Android 10; K) AppleWebKit/537.36 (KHTML, like Gecko) Chrome/135.0.0.0 Mobile Safari/537.36 OPR/89.0.0.0"
2001:67c:2660:425:20::265 - - [08/Jun/2025:15:33:45 -0400] "GET /tag/original/ HTTP/1.1" 301 0 "https://remonster.online/manga/re-monster-chapter-54/" "Mozilla/5.0 (Linux; Android 10; K) AppleWebKit/537.36 (KHTML, like Gecko) Chrome/135.0.0.0 Mobile Safari/537.36 OPR/89.0.0.0"
2001:67c:2660:425:20::265 - - [08/Jun/2025:15:33:46 -0400] "GET /manga/re-monster-chapter-55/ HTTP/1.1" 200 17469 "https://remonster.online/manga/re-monster-chapter-54/" "Mozilla/5.0 (Linux; Android 10; K) AppleWebKit/537.36 (KHTML, like Gecko) Chrome/135.0.0.0 Mobile Safari/537.36 OPR/89.0.0.0"
2001:67c:2660:425:20::265 - - [08/Jun/2025:15:33:46 -0400] "GET / HTTP/1.1" 304 0 "https://remonster.online/manga/re-monster-chapter-54/" "Mozilla/5.0 (Linux; Android 10; K) AppleWebKit/537.36 (KHTML, like Gecko) Chrome/135.0.0.0 Mobile Safari/537.36 OPR/89.0.0.0"
2001:67c:2660:425:20::265 - - [08/Jun/2025:15:33:46 -0400] "GET /manga/re-monster-chapter-55/ HTTP/1.1" 304 0 "https://remonster.online/manga/re-monster-chapter-54/" "Mozilla/5.0 (Linux; Android 10; K) AppleWebKit/537.36 (KHTML, like Gecko) Chrome/135.0.0.0 Mobile Safari/537.36 OPR/89.0.0.0"
66.249.79.236 - - [08/Jun/2025:15:33:51 -0400] "GET /manga/remonster-chapter-84/ HTTP/1.1" 200 14480 "-" "Mozilla/5.0 (Linux; Android 6.0.1; Nexus 5X Build/MMB29P) AppleWebKit/537.36 (KHTML, like Gecko) Chrome/136.0.7103.113 Mobile Safari/537.36 (compatible; Googlebot/2.1; +http://www.google.com/bot.html)"
2a03:2880:f800:1a:: - - [08/Jun/2025:15:33:53 -0400] "GET /manga/remonster-chapter-92/ HTTP/1.1" 200 15028 "-" "meta-externalagent/1.1 (+https://developers.facebook.com/docs/sharing/webmasters/crawler)"
162.0.232.193 - - [08/Jun/2025:15:33:54 -0400] "POST /wp-cron.php?doing_wp_cron=1749411234.8162488937377929687500 HTTP/1.1" 200 0 "-" "WordPress/6.6.2; https://remonster.online"
66.249.79.238 - - [08/Jun/2025:15:33:54 -0400] "POST /wp-admin/admin-ajax.php HTTP/1.1" 200 69 "https://remonster.online/manga/remonster-chapter-84/" "Mozilla/5.0 (Linux; Android 6.0.1; Nexus 5X Build/MMB29P) AppleWebKit/537.36 (KHTML, like Gecko) Chrome/136.0.7103.92 Mobile Safari/537.36 (compatible; Googlebot/2.1; +http://www.google.com/bot.html)"
103.196.139.252 - - [08/Jun/2025:15:33:56 -0400] "GET /manga/re-monster-chapter-73/ HTTP/1.1" 200 17432 "https://remonster.online/manga/re-monster-chapter-72/" "Mozilla/5.0 (iPhone; CPU iPhone OS 17_6_1 like Mac OS X) AppleWebKit/605.1.15 (KHTML, like Gecko) CriOS/137.0.7151.79 Mobile/15E148 Safari/604.1"
2409:40e1:4056:6d09:a4ed:96ff:fe1a:5f0b - - [08/Jun/2025:15:34:07 -0400] "GET /manga/re-monster-chapter-1/ HTTP/1.1" 200 18067 "https://www.google.com/" "Mozilla/5.0 (Linux; Android 10; K) AppleWebKit/537.36 (KHTML, like Gecko) Chrome/137.0.0.0 Mobile Safari/537.36"
2409:40e1:4056:6d09:a4ed:96ff:fe1a:5f0b - - [08/Jun/2025:15:34:09 -0400] "GET /manga/re-monster-chapter-1/ HTTP/1.1" 200 17990 "https://remonster.online/manga/re-monster-chapter-1/" "Mozilla/5.0 (Linux; Android 10; K) AppleWebKit/537.36 (KHTML, like Gecko) Chrome/137.0.0.0 Mobile Safari/537.36"
2409:40e1:4056:6d09:a4ed:96ff:fe1a:5f0b - - [08/Jun/2025:15:34:22 -0400] "GET /tag/kichi/ HTTP/1.1" 301 0 "https://remonster.online/manga/re-monster-chapter-1/" "Mozilla/5.0 (Linux; Android 10; K) AppleWebKit/537.36 (KHTML, like Gecko) Chrome/137.0.0.0 Mobile Safari/537.36"
2409:40e1:4056:6d09:a4ed:96ff:fe1a:5f0b - - [08/Jun/2025:15:34:23 -0400] "GET / HTTP/1.1" 200 10812 "https://remonster.online/manga/re-monster-chapter-1/" "Mozilla/5.0 (Linux; Android 10; K) AppleWebKit/537.36 (KHTML, like Gecko) Chrome/137.0.0.0 Mobile Safari/537.36"
2409:40e1:4056:6d09:a4ed:96ff:fe1a:5f0b - - [08/Jun/2025:15:34:28 -0400] "GET /manga/remonster-chapter-92/ HTTP/1.1" 200 15038 "https://www.google.com/" "Mozilla/5.0 (Linux; Android 10; K) AppleWebKit/537.36 (KHTML, like Gecko) Chrome/137.0.0.0 Mobile Safari/537.36"
2409:40e1:4056:6d09:a4ed:96ff:fe1a:5f0b - - [08/Jun/2025:15:34:30 -0400] "GET /tag/reincarnated-monster/ HTTP/1.1" 301 0 "https://remonster.online/manga/remonster-chapter-92/" "Mozilla/5.0 (Linux; Android 10; K) AppleWebKit/537.36 (KHTML, like Gecko) Chrome/137.0.0.0 Mobile Safari/537.36"
2409:40e1:4056:6d09:a4ed:96ff:fe1a:5f0b - - [08/Jun/2025:15:34:31 -0400] "GET / HTTP/1.1" 304 0 "https://remonster.online/manga/remonster-chapter-92/" "Mozilla/5.0 (Linux; Android 10; K) AppleWebKit/537.36 (KHTML, like Gecko) Chrome/137.0.0.0 Mobile Safari/537.36"
2409:40e1:4056:6d09:a4ed:96ff:fe1a:5f0b - - [08/Jun/2025:15:34:33 -0400] "GET /manga/remonster-chapter-106/ HTTP/1.1" 200 14713 "https://remonster.online/manga/remonster-chapter-92/" "Mozilla/5.0 (Linux; Android 10; K) AppleWebKit/537.36 (KHTML, like Gecko) Chrome/137.0.0.0 Mobile Safari/537.36"
2409:40e1:4056:6d09:a4ed:96ff:fe1a:5f0b - - [08/Jun/2025:15:34:34 -0400] "GET /manga/remonster-chapter-106/ HTTP/1.1" 304 0 "https://remonster.online/manga/remonster-chapter-92/" "Mozilla/5.0 (Linux; Android 10; K) AppleWebKit/537.36 (KHTML, like Gecko) Chrome/137.0.0.0 Mobile Safari/537.36"
162.0.232.193 - - [08/Jun/2025:15:34:35 -0400] "POST /wp-cron.php?doing_wp_cron=1749411275.2115480899810791015625 HTTP/1.1" 200 0 "-" "WordPress/6.6.2; https://remonster.online"
2409:40e1:4056:6d09:a4ed:96ff:fe1a:5f0b - - [08/Jun/2025:15:34:34 -0400] "POST /wp-admin/admin-ajax.php HTTP/1.1" 200 69 "https://remonster.online/manga/remonster-chapter-106/" "Mozilla/5.0 (Linux; Android 10; K) AppleWebKit/537.36 (KHTML, like Gecko) Chrome/137.0.0.0 Mobile Safari/537.36"
2409:40e1:4056:6d09:a4ed:96ff:fe1a:5f0b - - [08/Jun/2025:15:34:44 -0400] "GET /manga/re-monster-chapter-1/ HTTP/1.1" 304 0 "https://www.google.com/" "Mozilla/5.0 (Linux; Android 10; K) AppleWebKit/537.36 (KHTML, like Gecko) Chrome/137.0.0.0 Mobile Safari/537.36"
2a01:5a8:302:2dfd:5115:9c08:8222:598 - - [08/Jun/2025:15:34:46 -0400] "GET /manga/remonster-chapter-106/ HTTP/1.1" 200 14664 "https://remonster.online/manga/remonster-chapter-105/" "Mozilla/5.0 (Windows NT 10.0; Win64; x64; rv:139.0) Gecko/20100101 Firefox/139.0"
2a01:5a8:302:2dfd:5115:9c08:8222:598 - - [08/Jun/2025:15:34:47 -0400] "POST /wp-admin/admin-ajax.php HTTP/1.1" 200 69 "https://remonster.online/manga/remonster-chapter-106/" "Mozilla/5.0 (Windows NT 10.0; Win64; x64; rv:139.0) Gecko/20100101 Firefox/139.0"
2001:67c:2660:425:20::265 - - [08/Jun/2025:15:34:52 -0400] "GET /manga/re-monster-chapter-56/ HTTP/1.1" 200 17676 "https://remonster.online/manga/re-monster-chapter-55/" "Mozilla/5.0 (Linux; Android 10; K) AppleWebKit/537.36 (KHTML, like Gecko) Chrome/135.0.0.0 Mobile Safari/537.36 OPR/89.0.0.0"
2001:67c:2660:425:20::265 - - [08/Jun/2025:15:34:53 -0400] "GET /manga/re-monster-chapter-56/ HTTP/1.1" 304 0 "https://remonster.online/manga/re-monster-chapter-55/" "Mozilla/5.0 (Linux; Android 10; K) AppleWebKit/537.36 (KHTML, like Gecko) Chrome/135.0.0.0 Mobile Safari/537.36 OPR/89.0.0.0"
2409:40e1:4056:6d09:a4ed:96ff:fe1a:5f0b - - [08/Jun/2025:15:34:53 -0400] "GET /tag/goblin/ HTTP/1.1" 301 0 "https://remonster.online/manga/re-monster-chapter-1/" "Mozilla/5.0 (Linux; Android 10; K) AppleWebKit/537.36 (KHTML, like Gecko) Chrome/137.0.0.0 Mobile Safari/537.36"
2409:40e1:4056:6d09:a4ed:96ff:fe1a:5f0b - - [08/Jun/2025:15:34:53 -0400] "GET / HTTP/1.1" 304 0 "https://remonster.online/manga/re-monster-chapter-1/" "Mozilla/5.0 (Linux; Android 10; K) AppleWebKit/537.36 (KHTML, like Gecko) Chrome/137.0.0.0 Mobile Safari/537.36"
2409:40e1:4056:6d09:a4ed:96ff:fe1a:5f0b - - [08/Jun/2025:15:34:58 -0400] "GET /category/remonster/ HTTP/1.1" 200 24976 "https://remonster.online/manga/re-monster-chapter-1/" "Mozilla/5.0 (Linux; Android 10; K) AppleWebKit/537.36 (KHTML, like Gecko) Chrome/137.0.0.0 Mobile Safari/537.36"
2409:40e1:4056:6d09:a4ed:96ff:fe1a:5f0b - - [08/Jun/2025:15:35:02 -0400] "GET /manga/remonster-chapter-101/ HTTP/1.1" 200 15541 "https://remonster.online/manga/re-monster-chapter-1/" "Mozilla/5.0 (Linux; Android 10; K) AppleWebKit/537.36 (KHTML, like Gecko) Chrome/137.0.0.0 Mobile Safari/537.36"
2409:40e1:4056:6d09:a4ed:96ff:fe1a:5f0b - - [08/Jun/2025:15:35:03 -0400] "GET /manga/remonster-chapter-99/ HTTP/1.1" 200 15549 "https://remonster.online/manga/re-monster-chapter-1/" "Mozilla/5.0 (Linux; Android 10; K) AppleWebKit/537.36 (KHTML, like Gecko) Chrome/137.0.0.0 Mobile Safari/537.36"
2409:40e1:4056:6d09:a4ed:96ff:fe1a:5f0b - - [08/Jun/2025:15:35:05 -0400] "GET /manga/remonster-chapter-97/ HTTP/1.1" 200 15428 "https://remonster.online/manga/re-monster-chapter-1/" "Mozilla/5.0 (Linux; Android 10; K) AppleWebKit/537.36 (KHTML, like Gecko) Chrome/137.0.0.0 Mobile Safari/537.36"
2409:40e1:4056:6d09:a4ed:96ff:fe1a:5f0b - - [08/Jun/2025:15:35:05 -0400] "GET /manga/remonster-chapter-97/ HTTP/1.1" 304 0 "https://remonster.online/manga/re-monster-chapter-1/" "Mozilla/5.0 (Linux; Android 10; K) AppleWebKit/537.36 (KHTML, like Gecko) Chrome/137.0.0.0 Mobile Safari/537.36"
2409:40e1:4056:6d09:a4ed:96ff:fe1a:5f0b - - [08/Jun/2025:15:35:06 -0400] "POST /wp-admin/admin-ajax.php HTTP/1.1" 200 69 "https://remonster.online/manga/remonster-chapter-97/" "Mozilla/5.0 (Linux; Android 10; K) AppleWebKit/537.36 (KHTML, like Gecko) Chrome/137.0.0.0 Mobile Safari/537.36"
2409:40e1:4056:6d09:a4ed:96ff:fe1a:5f0b - - [08/Jun/2025:15:35:23 -0400] "GET /manga/remonster-chapter-103/ HTTP/1.1" 200 15079 "https://remonster.online/manga/re-monster-chapter-1/" "Mozilla/5.0 (Linux; Android 10; K) AppleWebKit/537.36 (KHTML, like Gecko) Chrome/137.0.0.0 Mobile Safari/537.36"
2409:40e1:4056:6d09:a4ed:96ff:fe1a:5f0b - - [08/Jun/2025:15:35:23 -0400] "GET /manga/remonster-chapter-102/ HTTP/1.1" 200 14865 "https://remonster.online/manga/re-monster-chapter-1/" "Mozilla/5.0 (Linux; Android 10; K) AppleWebKit/537.36 (KHTML, like Gecko) Chrome/137.0.0.0 Mobile Safari/537.36"
2409:40e1:4056:6d09:a4ed:96ff:fe1a:5f0b - - [08/Jun/2025:15:35:30 -0400] "GET /manga/remonster-chapter-92/ HTTP/1.1" 304 0 "https://www.google.com/" "Mozilla/5.0 (Linux; Android 10; K) AppleWebKit/537.36 (KHTML, like Gecko) Chrome/137.0.0.0 Mobile Safari/537.36"
2409:40e1:4056:6d09:a4ed:96ff:fe1a:5f0b - - [08/Jun/2025:15:35:32 -0400] "GET / HTTP/1.1" 304 0 "https://remonster.online/manga/remonster-chapter-92/" "Mozilla/5.0 (Linux; Android 10; K) AppleWebKit/537.36 (KHTML, like Gecko) Chrome/137.0.0.0 Mobile Safari/537.36"
2409:40e1:4056:6d09:a4ed:96ff:fe1a:5f0b - - [08/Jun/2025:15:35:34 -0400] "GET /manga/remonster-chapter-91/ HTTP/1.1" 200 14134 "https://remonster.online/manga/remonster-chapter-92/" "Mozilla/5.0 (Linux; Android 10; K) AppleWebKit/537.36 (KHTML, like Gecko) Chrome/137.0.0.0 Mobile Safari/537.36"
2409:40e1:4056:6d09:a4ed:96ff:fe1a:5f0b - - [08/Jun/2025:15:35:35 -0400] "GET /manga/remonster-chapter-103/ HTTP/1.1" 304 0 "https://remonster.online/manga/remonster-chapter-92/" "Mozilla/5.0 (Linux; Android 10; K) AppleWebKit/537.36 (KHTML, like Gecko) Chrome/137.0.0.0 Mobile Safari/537.36"
2001:67c:2660:425:20::265 - - [08/Jun/2025:15:35:50 -0400] "GET /category/remonster/ HTTP/1.1" 200 25134 "https://remonster.online/manga/re-monster-chapter-56/" "Mozilla/5.0 (Linux; Android 10; K) AppleWebKit/537.36 (KHTML, like Gecko) Chrome/135.0.0.0 Mobile Safari/537.36 OPR/89.0.0.0"
2001:67c:2660:425:20::265 - - [08/Jun/2025:15:35:50 -0400] "GET /manga/re-monster-chapter-55/ HTTP/1.1" 304 0 "https://remonster.online/manga/re-monster-chapter-56/" "Mozilla/5.0 (Linux; Android 10; K) AppleWebKit/537.36 (KHTML, like Gecko) Chrome/135.0.0.0 Mobile Safari/537.36 OPR/89.0.0.0"
2001:67c:2660:425:20::265 - - [08/Jun/2025:15:35:50 -0400] "GET /manga/re-monster-chapter-57/ HTTP/1.1" 200 17848 "https://remonster.online/manga/re-monster-chapter-56/" "Mozilla/5.0 (Linux; Android 10; K) AppleWebKit/537.36 (KHTML, like Gecko) Chrome/135.0.0.0 Mobile Safari/537.36 OPR/89.0.0.0"
2001:67c:2660:425:20::265 - - [08/Jun/2025:15:35:51 -0400] "GET /manga/re-monster-chapter-57/ HTTP/1.1" 304 0 "https://remonster.online/manga/re-monster-chapter-56/" "Mozilla/5.0 (Linux; Android 10; K) AppleWebKit/537.36 (KHTML, like Gecko) Chrome/135.0.0.0 Mobile Safari/537.36 OPR/89.0.0.0"
162.0.232.193 - - [08/Jun/2025:15:35:52 -0400] "POST /wp-cron.php?doing_wp_cron=1749411351.9555160999298095703125 HTTP/1.1" 200 0 "-" "WordPress/6.6.2; https://remonster.online"
2001:67c:2660:425:20::265 - - [08/Jun/2025:15:35:51 -0400] "POST /wp-admin/admin-ajax.php HTTP/1.1" 200 69 "https://remonster.online/manga/re-monster-chapter-57/" "Mozilla/5.0 (Linux; Android 10; K) AppleWebKit/537.36 (KHTML, like Gecko) Chrome/135.0.0.0 Mobile Safari/537.36 OPR/89.0.0.0"
103.196.139.252 - - [08/Jun/2025:15:35:58 -0400] "GET /manga/re-monster-chapter-74/ HTTP/1.1" 200 17658 "https://remonster.online/manga/re-monster-chapter-73/" "Mozilla/5.0 (iPhone; CPU iPhone OS 17_6_1 like Mac OS X) AppleWebKit/605.1.15 (KHTML, like Gecko) CriOS/137.0.7151.79 Mobile/15E148 Safari/604.1"
2001:67c:2660:425:20::265 - - [08/Jun/2025:15:37:02 -0400] "GET /manga/re-monster-chapter-58/ HTTP/1.1" 200 17789 "https://remonster.online/manga/re-monster-chapter-57/" "Mozilla/5.0 (Linux; Android 10; K) AppleWebKit/537.36 (KHTML, like Gecko) Chrome/135.0.0.0 Mobile Safari/537.36 OPR/89.0.0.0"
2001:67c:2660:425:20::265 - - [08/Jun/2025:15:37:03 -0400] "GET /manga/re-monster-chapter-58/ HTTP/1.1" 304 0 "https://remonster.online/manga/re-monster-chapter-57/" "Mozilla/5.0 (Linux; Android 10; K) AppleWebKit/537.36 (KHTML, like Gecko) Chrome/135.0.0.0 Mobile Safari/537.36 OPR/89.0.0.0"
162.0.232.193 - - [08/Jun/2025:15:37:04 -0400] "POST /wp-cron.php?doing_wp_cron=1749411424.1559619903564453125000 HTTP/1.1" 200 0 "-" "WordPress/6.6.2; https://remonster.online"
2001:67c:2660:425:20::265 - - [08/Jun/2025:15:37:03 -0400] "POST /wp-admin/admin-ajax.php HTTP/1.1" 200 69 "https://remonster.online/manga/re-monster-chapter-58/" "Mozilla/5.0 (Linux; Android 10; K) AppleWebKit/537.36 (KHTML, like Gecko) Chrome/135.0.0.0 Mobile Safari/537.36 OPR/89.0.0.0"
142.169.132.237 - - [08/Jun/2025:15:37:16 -0400] "GET /wp-content/uploads/2021/11/CeDzRGZ-768x682.png HTTP/1.1" 200 1056180 "https://remonster.online/manga/re-monster-chapter-35/" "Mozilla/5.0 (Linux; Android 10; K) AppleWebKit/537.36 (KHTML, like Gecko) Chrome/137.0.0.0 Mobile Safari/537.36"
142.169.132.237 - - [08/Jun/2025:15:37:18 -0400] "GET /manga/re-monster-chapter-36/ HTTP/1.1" 200 18251 "https://remonster.online/manga/re-monster-chapter-35/" "Mozilla/5.0 (Linux; Android 10; K) AppleWebKit/537.36 (KHTML, like Gecko) Chrome/137.0.0.0 Mobile Safari/537.36"
162.0.232.193 - - [08/Jun/2025:15:37:19 -0400] "POST /wp-cron.php?doing_wp_cron=1749411439.0998780727386474609375 HTTP/1.1" 200 0 "-" "WordPress/6.6.2; https://remonster.online"
142.169.132.237 - - [08/Jun/2025:15:37:19 -0400] "POST /wp-admin/admin-ajax.php HTTP/1.1" 200 49 "https://remonster.online/manga/re-monster-chapter-36/" "Mozilla/5.0 (Linux; Android 10; K) AppleWebKit/537.36 (KHTML, like Gecko) Chrome/137.0.0.0 Mobile Safari/537.36"
142.169.132.237 - - [08/Jun/2025:15:37:18 -0400] "POST /wp-admin/admin-ajax.php HTTP/1.1" 200 69 "https://remonster.online/manga/re-monster-chapter-36/" "Mozilla/5.0 (Linux; Android 10; K) AppleWebKit/537.36 (KHTML, like Gecko) Chrome/137.0.0.0 Mobile Safari/537.36"
142.169.132.237 - - [08/Jun/2025:15:37:19 -0400] "POST /wp-admin/admin-ajax.php HTTP/1.1" 200 597 "https://remonster.online/manga/re-monster-chapter-36/" "Mozilla/5.0 (Linux; Android 10; K) AppleWebKit/537.36 (KHTML, like Gecko) Chrome/137.0.0.0 Mobile Safari/537.36"
2a01:e0a:a41:710:a58d:d129:cf75:7d0a - - [08/Jun/2025:15:37:35 -0400] "GET / HTTP/1.1" 304 0 "https://www.google.com/" "Mozilla/5.0 (Linux; Android 10; K) AppleWebKit/537.36 (KHTML, like Gecko) Chrome/137.0.0.0 Mobile Safari/537.36"
2a01:e0a:a41:710:a58d:d129:cf75:7d0a - - [08/Jun/2025:15:37:44 -0400] "GET /manga/re-monster-chapter-72/ HTTP/1.1" 200 17901 "https://remonster.online/" "Mozilla/5.0 (Linux; Android 10; K) AppleWebKit/537.36 (KHTML, like Gecko) Chrome/137.0.0.0 Mobile Safari/537.36"
2a01:e0a:a41:710:a58d:d129:cf75:7d0a - - [08/Jun/2025:15:37:45 -0400] "GET /manga/re-monster-chapter-72/ HTTP/1.1" 304 0 "https://remonster.online/" "Mozilla/5.0 (Linux; Android 10; K) AppleWebKit/537.36 (KHTML, like Gecko) Chrome/137.0.0.0 Mobile Safari/537.36"
2a01:e0a:a41:710:a58d:d129:cf75:7d0a - - [08/Jun/2025:15:37:52 -0400] "GET /manga/re-monster-chapter-73/ HTTP/1.1" 304 0 "https://remonster.online/manga/re-monster-chapter-72/" "Mozilla/5.0 (Linux; Android 10; K) AppleWebKit/537.36 (KHTML, like Gecko) Chrome/137.0.0.0 Mobile Safari/537.36"
2a01:e0a:a41:710:a58d:d129:cf75:7d0a - - [08/Jun/2025:15:37:52 -0400] "GET /manga/re-monster-chapter-73/ HTTP/1.1" 304 0 "https://remonster.online/manga/re-monster-chapter-72/" "Mozilla/5.0 (Linux; Android 10; K) AppleWebKit/537.36 (KHTML, like Gecko) Chrome/137.0.0.0 Mobile Safari/537.36"
142.169.132.237 - - [08/Jun/2025:15:38:02 -0400] "GET /manga/re-monster-chapter-36/ HTTP/1.1" 304 0 "https://remonster.online/manga/re-monster-chapter-36/" "Mozilla/5.0 (Linux; Android 10; K) AppleWebKit/537.36 (KHTML, like Gecko) Chrome/137.0.0.0 Mobile Safari/537.36"
2001:67c:2660:425:20::265 - - [08/Jun/2025:15:38:15 -0400] "GET / HTTP/1.1" 304 0 "https://remonster.online/manga/re-monster-chapter-58/" "Mozilla/5.0 (Linux; Android 10; K) AppleWebKit/537.36 (KHTML, like Gecko) Chrome/135.0.0.0 Mobile Safari/537.36 OPR/89.0.0.0"
2001:67c:2660:425:20::265 - - [08/Jun/2025:15:38:15 -0400] "GET /manga/re-monster-chapter-59/ HTTP/1.1" 200 17812 "https://remonster.online/manga/re-monster-chapter-58/" "Mozilla/5.0 (Linux; Android 10; K) AppleWebKit/537.36 (KHTML, like Gecko) Chrome/135.0.0.0 Mobile Safari/537.36 OPR/89.0.0.0"
2001:67c:2660:425:20::265 - - [08/Jun/2025:15:38:16 -0400] "GET /manga/re-monster-chapter-59/ HTTP/1.1" 304 0 "https://remonster.online/manga/re-monster-chapter-58/" "Mozilla/5.0 (Linux; Android 10; K) AppleWebKit/537.36 (KHTML, like Gecko) Chrome/135.0.0.0 Mobile Safari/537.36 OPR/89.0.0.0"
162.0.232.193 - - [08/Jun/2025:15:38:17 -0400] "POST /wp-cron.php?doing_wp_cron=1749411497.3173699378967285156250 HTTP/1.1" 200 0 "-" "WordPress/6.6.2; https://remonster.online"
2001:67c:2660:425:20::265 - - [08/Jun/2025:15:38:17 -0400] "POST /wp-admin/admin-ajax.php HTTP/1.1" 200 69 "https://remonster.online/manga/re-monster-chapter-59/" "Mozilla/5.0 (Linux; Android 10; K) AppleWebKit/537.36 (KHTML, like Gecko) Chrome/135.0.0.0 Mobile Safari/537.36 OPR/89.0.0.0"
2600:8800:890a:cb00:953c:6ed3:b327:c679 - - [08/Jun/2025:15:38:36 -0400] "GET /manga/re-monster-chapter-2/ HTTP/1.1" 200 18548 "https://remonster.online/manga/re-monster-chapter-1/" "Mozilla/5.0 (iPhone; CPU iPhone OS 18_1_1 like Mac OS X) AppleWebKit/605.1.15 (KHTML, like Gecko) Version/18.1.1 Mobile/15E148 Safari/604.1"
162.0.232.193 - - [08/Jun/2025:15:38:37 -0400] "POST /wp-cron.php?doing_wp_cron=1749411517.0242559909820556640625 HTTP/1.1" 200 0 "-" "WordPress/6.6.2; https://remonster.online"
2600:8800:890a:cb00:953c:6ed3:b327:c679 - - [08/Jun/2025:15:38:36 -0400] "POST /wp-admin/admin-ajax.php HTTP/1.1" 200 72 "https://remonster.online/manga/re-monster-chapter-2/" "Mozilla/5.0 (iPhone; CPU iPhone OS 18_1_1 like Mac OS X) AppleWebKit/605.1.15 (KHTML, like Gecko) Version/18.1.1 Mobile/15E148 Safari/604.1"
2600:1006:b05a:9a5d:3c0e:d954:d44c:9891 - - [08/Jun/2025:15:38:59 -0400] "GET /manga/re-monster-chapter-55/ HTTP/1.1" 200 17451 "-" "Mozilla/5.0 (iPhone; CPU iPhone OS 18_5_0 like Mac OS X) AppleWebKit/605.1.15 (KHTML, like Gecko) CriOS/137.0.7151.79 Mobile/15E148 Safari/604.1"
2001:67c:2660:425:20::265 - - [08/Jun/2025:15:39:09 -0400] "GET /category/remonster/ HTTP/1.1" 304 0 "https://remonster.online/manga/re-monster-chapter-59/" "Mozilla/5.0 (Linux; Android 10; K) AppleWebKit/537.36 (KHTML, like Gecko) Chrome/135.0.0.0 Mobile Safari/537.36 OPR/89.0.0.0"
2001:67c:2660:425:20::265 - - [08/Jun/2025:15:39:09 -0400] "GET /manga/re-monster-chapter-60/ HTTP/1.1" 200 17410 "https://remonster.online/manga/re-monster-chapter-59/" "Mozilla/5.0 (Linux; Android 10; K) AppleWebKit/537.36 (KHTML, like Gecko) Chrome/135.0.0.0 Mobile Safari/537.36 OPR/89.0.0.0"
2001:67c:2660:425:20::265 - - [08/Jun/2025:15:39:10 -0400] "GET /manga/re-monster-chapter-60/ HTTP/1.1" 304 0 "https://remonster.online/manga/re-monster-chapter-59/" "Mozilla/5.0 (Linux; Android 10; K) AppleWebKit/537.36 (KHTML, like Gecko) Chrome/135.0.0.0 Mobile Safari/537.36 OPR/89.0.0.0"
103.196.139.252 - - [08/Jun/2025:15:39:15 -0400] "GET /manga/remonster-chapter-75/ HTTP/1.1" 200 17423 "https://remonster.online/manga/re-monster-chapter-74/" "Mozilla/5.0 (iPhone; CPU iPhone OS 17_6_1 like Mac OS X) AppleWebKit/605.1.15 (KHTML, like Gecko) CriOS/137.0.7151.79 Mobile/15E148 Safari/604.1"
185.191.171.13 - - [08/Jun/2025:15:40:02 -0400] "GET /tag/remonster-92/ HTTP/1.1" 301 0 "-" "Mozilla/5.0 (compatible; SemrushBot/7~bl; +http://www.semrush.com/bot.html)"
2001:67c:2660:425:20::265 - - [08/Jun/2025:15:40:10 -0400] "GET /manga/re-monster-chapter-59/ HTTP/1.1" 304 0 "https://remonster.online/manga/re-monster-chapter-60/" "Mozilla/5.0 (Linux; Android 10; K) AppleWebKit/537.36 (KHTML, like Gecko) Chrome/135.0.0.0 Mobile Safari/537.36 OPR/89.0.0.0"
2001:67c:2660:425:20::265 - - [08/Jun/2025:15:40:10 -0400] "GET /manga/re-monster-chapter-61/ HTTP/1.1" 200 17376 "https://remonster.online/manga/re-monster-chapter-60/" "Mozilla/5.0 (Linux; Android 10; K) AppleWebKit/537.36 (KHTML, like Gecko) Chrome/135.0.0.0 Mobile Safari/537.36 OPR/89.0.0.0"
2001:67c:2660:425:20::265 - - [08/Jun/2025:15:40:10 -0400] "GET /manga/re-monster-chapter-61/ HTTP/1.1" 304 0 "https://remonster.online/manga/re-monster-chapter-60/" "Mozilla/5.0 (Linux; Android 10; K) AppleWebKit/537.36 (KHTML, like Gecko) Chrome/135.0.0.0 Mobile Safari/537.36 OPR/89.0.0.0"
86.33.91.59 - - [08/Jun/2025:15:40:26 -0400] "GET / HTTP/1.1" 200 10812 "-" "Mozilla/5.0 (iPhone; CPU iPhone OS 18_3_2 like Mac OS X) AppleWebKit/605.1.15 (KHTML, like Gecko) Version/18.3.1 Mobile/15E148 Safari/604.1"
185.191.171.9 - - [08/Jun/2025:15:41:04 -0400] "GET /privacy-policy/ HTTP/1.1" 200 13370 "-" "Mozilla/5.0 (compatible; SemrushBot/7~bl; +http://www.semrush.com/bot.html)"
2001:67c:2660:425:20::265 - - [08/Jun/2025:15:41:57 -0400] "GET / HTTP/1.1" 304 0 "https://remonster.online/manga/re-monster-chapter-61/" "Mozilla/5.0 (Linux; Android 10; K) AppleWebKit/537.36 (KHTML, like Gecko) Chrome/135.0.0.0 Mobile Safari/537.36 OPR/89.0.0.0"
2001:67c:2660:425:20::265 - - [08/Jun/2025:15:41:57 -0400] "GET /category/remonster/ HTTP/1.1" 304 0 "https://remonster.online/manga/re-monster-chapter-61/" "Mozilla/5.0 (Linux; Android 10; K) AppleWebKit/537.36 (KHTML, like Gecko) Chrome/135.0.0.0 Mobile Safari/537.36 OPR/89.0.0.0"
2001:67c:2660:425:20::265 - - [08/Jun/2025:15:41:58 -0400] "GET /manga/re-monster-chapter-60/ HTTP/1.1" 304 0 "https://remonster.online/manga/re-monster-chapter-61/" "Mozilla/5.0 (Linux; Android 10; K) AppleWebKit/537.36 (KHTML, like Gecko) Chrome/135.0.0.0 Mobile Safari/537.36 OPR/89.0.0.0"
2001:67c:2660:425:20::265 - - [08/Jun/2025:15:41:59 -0400] "GET /manga/re-monster-chapter-62/ HTTP/1.1" 200 17399 "https://remonster.online/manga/re-monster-chapter-61/" "Mozilla/5.0 (Linux; Android 10; K) AppleWebKit/537.36 (KHTML, like Gecko) Chrome/135.0.0.0 Mobile Safari/537.36 OPR/89.0.0.0"
2001:67c:2660:425:20::265 - - [08/Jun/2025:15:41:59 -0400] "GET /manga/re-monster-chapter-62/ HTTP/1.1" 304 0 "https://remonster.online/manga/re-monster-chapter-61/" "Mozilla/5.0 (Linux; Android 10; K) AppleWebKit/537.36 (KHTML, like Gecko) Chrome/135.0.0.0 Mobile Safari/537.36 OPR/89.0.0.0"
2804:214:828c:247b:1:2:a32f:71c9 - - [08/Jun/2025:15:42:00 -0400] "GET / HTTP/1.1" 304 0 "https://www.google.com/" "Mozilla/5.0 (Linux; Android 10; K) AppleWebKit/537.36 (KHTML, like Gecko) Chrome/137.0.0.0 Mobile Safari/537.36"
2804:214:828c:247b:1:2:a32f:71c9 - - [08/Jun/2025:15:42:04 -0400] "GET / HTTP/1.1" 200 10812 "https://www.google.com/" "Mozilla/5.0 (Linux; Android 10; K) AppleWebKit/537.36 (KHTML, like Gecko) Chrome/137.0.0.0 Mobile Safari/537.36"
2804:214:828c:247b:1:2:a32f:71c9 - - [08/Jun/2025:15:42:06 -0400] "GET / HTTP/1.1" 200 10812 "https://remonster.online/" "Mozilla/5.0 (Linux; Android 10; K) AppleWebKit/537.36 (KHTML, like Gecko) Chrome/137.0.0.0 Mobile Safari/537.36"
2804:214:828c:247b:1:2:a32f:71c9 - - [08/Jun/2025:15:42:08 -0400] "GET /manga/remonster-chapter-105/ HTTP/1.1" 200 17879 "https://remonster.online/" "Mozilla/5.0 (Linux; Android 10; K) AppleWebKit/537.36 (KHTML, like Gecko) Chrome/137.0.0.0 Mobile Safari/537.36"
2804:214:828c:247b:1:2:a32f:71c9 - - [08/Jun/2025:15:42:10 -0400] "GET /manga/remonster-chapter-102/ HTTP/1.1" 200 14865 "https://remonster.online/" "Mozilla/5.0 (Linux; Android 10; K) AppleWebKit/537.36 (KHTML, like Gecko) Chrome/137.0.0.0 Mobile Safari/537.36"
2804:214:828c:247b:1:2:a32f:71c9 - - [08/Jun/2025:15:42:10 -0400] "GET /manga/re-monster-chapter-47/ HTTP/1.1" 200 17771 "https://remonster.online/" "Mozilla/5.0 (Linux; Android 10; K) AppleWebKit/537.36 (KHTML, like Gecko) Chrome/137.0.0.0 Mobile Safari/537.36"
2804:214:828c:247b:1:2:a32f:71c9 - - [08/Jun/2025:15:42:12 -0400] "GET /manga/remonster-chapter-97/ HTTP/1.1" 200 15428 "https://remonster.online/" "Mozilla/5.0 (Linux; Android 10; K) AppleWebKit/537.36 (KHTML, like Gecko) Chrome/137.0.0.0 Mobile Safari/537.36"
