180.70.219.114 - - [08/Jun/2025:05:37:31 -0400] "POST /wp-admin/admin-ajax.php HTTP/1.1" 200 69 "https://remonster.online/remonster-chapter-86/" "Mozilla/5.0 (Linux; Android 10; K) AppleWebKit/537.36 (KHTML, like Gecko) Chrome/137.0.0.0 Mobile Safari/537.36"
2a02:a420:232:8c76:2281:75bb:c134:b295 - - [08/Jun/2025:05:37:39 -0400] "GET /manga/remonster-chapter-100/ HTTP/1.1" 304 0 "https://remonster.online/" "Mozilla/5.0 (Linux; Android 10; K) AppleWebKit/537.36 (KHTML, like Gecko) Chrome/137.0.0.0 Mobile Safari/537.36"
2a02:a420:232:8c76:2281:75bb:c134:b295 - - [08/Jun/2025:05:37:39 -0400] "POST /wp-admin/admin-ajax.php HTTP/1.1" 200 69 "https://remonster.online/manga/remonster-chapter-100/" "Mozilla/5.0 (Linux; Android 10; K) AppleWebKit/537.36 (KHTML, like Gecko) Chrome/137.0.0.0 Mobile Safari/537.36"
2a02:a420:232:8c76:2281:75bb:c134:b295 - - [08/Jun/2025:05:37:54 -0400] "GET / HTTP/1.1" 200 10813 "-" "Mozilla/5.0 (Linux; Android 10; K) AppleWebKit/537.36 (KHTML, like Gecko) Chrome/137.0.0.0 Mobile Safari/537.36"
2a02:a420:232:8c76:2281:75bb:c134:b295 - - [08/Jun/2025:05:38:02 -0400] "GET /manga/remonster-chapter-101/ HTTP/1.1" 200 15145 "-" "Mozilla/5.0 (Linux; Android 10; K) AppleWebKit/537.36 (KHTML, like Gecko) Chrome/137.0.0.0 Mobile Safari/537.36"
2a02:a420:232:8c76:2281:75bb:c134:b295 - - [08/Jun/2025:05:38:02 -0400] "GET /manga/remonster-chapter-101/ HTTP/1.1" 304 0 "https://remonster.online/" "Mozilla/5.0 (Linux; Android 10; K) AppleWebKit/537.36 (KHTML, like Gecko) Chrome/137.0.0.0 Mobile Safari/537.36"
2a02:a420:232:8c76:2281:75bb:c134:b295 - - [08/Jun/2025:05:38:08 -0400] "GET /manga/remonster-chapter-105/ HTTP/1.1" 200 18283 "https://www.google.com/" "Mozilla/5.0 (Linux; Android 10; K) AppleWebKit/537.36 (KHTML, like Gecko) Chrome/137.0.0.0 Mobile Safari/537.36"
2a02:a420:232:8c76:2281:75bb:c134:b295 - - [08/Jun/2025:05:38:08 -0400] "POST /wp-admin/admin-ajax.php HTTP/1.1" 200 69 "https://remonster.online/manga/remonster-chapter-105/" "Mozilla/5.0 (Linux; Android 10; K) AppleWebKit/537.36 (KHTML, like Gecko) Chrome/137.0.0.0 Mobile Safari/537.36"
85.193.240.76 - - [08/Jun/2025:05:38:27 -0400] "GET /manga/re-monster-chapter-13/ HTTP/1.1" 200 17389 "https://remonster.online/manga/re-monster-chapter-12/" "Mozilla/5.0 (iPhone; CPU iPhone OS 18_5 like Mac OS X) AppleWebKit/605.1.15 (KHTML, like Gecko) Version/18.5 Mobile/15E148 Safari/604.1"
2001:8004:6970:6bee:15f1:f348:bc40:da5d - - [08/Jun/2025:05:38:30 -0400] "GET /manga/re-monster-chapter-6/ HTTP/1.1" 200 18960 "https://remonster.online/manga/re-monster-chapter-5/" "Mozilla/5.0 (Linux; Android 10; K) AppleWebKit/537.36 (KHTML, like Gecko) Chrome/137.0.0.0 Mobile Safari/537.36"
2001:8004:6970:6bee:15f1:f348:bc40:da5d - - [08/Jun/2025:05:38:31 -0400] "GET /manga/re-monster-chapter-6/ HTTP/1.1" 304 0 "https://remonster.online/manga/re-monster-chapter-5/" "Mozilla/5.0 (Linux; Android 10; K) AppleWebKit/537.36 (KHTML, like Gecko) Chrome/137.0.0.0 Mobile Safari/537.36"
162.0.232.193 - - [08/Jun/2025:05:38:32 -0400] "POST /wp-cron.php?doing_wp_cron=1749375512.0610599517822265625000 HTTP/1.1" 200 0 "-" "WordPress/6.6.2; https://remonster.online"
2001:8004:6970:6bee:15f1:f348:bc40:da5d - - [08/Jun/2025:05:38:31 -0400] "POST /wp-admin/admin-ajax.php HTTP/1.1" 200 69 "https://remonster.online/manga/re-monster-chapter-6/" "Mozilla/5.0 (Linux; Android 10; K) AppleWebKit/537.36 (KHTML, like Gecko) Chrome/137.0.0.0 Mobile Safari/537.36"
131.226.104.251 - - [08/Jun/2025:05:38:48 -0400] "GET /manga/re-monster-chapter-8/ HTTP/1.1" 200 16850 "https://remonster.online/manga/re-monster-chapter-7/" "Mozilla/5.0 (iPhone; CPU iPhone OS 18_5 like Mac OS X) AppleWebKit/605.1.15 (KHTML, like Gecko) Version/18.5 Mobile/15E148 Safari/604.1 OPT/5.5.3"
79.45.143.213 - - [08/Jun/2025:05:39:42 -0400] "GET /manga/re-monster-chapter-36/ HTTP/1.1" 200 17523 "https://remonster.online/manga/re-monster-chapter-35/" "Mozilla/5.0 (Windows NT 10.0; Win64; x64) AppleWebKit/537.36 (KHTML, like Gecko) Chrome/137.0.0.0 Safari/537.36 Edg/137.0.0.0"
79.45.143.213 - - [08/Jun/2025:05:39:43 -0400] "GET /manga/re-monster-chapter-36/ HTTP/1.1" 304 0 "https://remonster.online/manga/re-monster-chapter-35/" "Mozilla/5.0 (Windows NT 10.0; Win64; x64) AppleWebKit/537.36 (KHTML, like Gecko) Chrome/137.0.0.0 Safari/537.36 Edg/137.0.0.0"
79.45.143.213 - - [08/Jun/2025:05:39:43 -0400] "GET / HTTP/1.1" 200 10863 "https://remonster.online/manga/re-monster-chapter-36/" "Mozilla/5.0 (Windows NT 10.0; Win64; x64) AppleWebKit/537.36 (KHTML, like Gecko) Chrome/137.0.0.0 Safari/537.36 Edg/137.0.0.0"
85.193.240.76 - - [08/Jun/2025:05:40:52 -0400] "GET /manga/re-monster-chapter-14/ HTTP/1.1" 200 17739 "https://remonster.online/manga/re-monster-chapter-13/" "Mozilla/5.0 (iPhone; CPU iPhone OS 18_5 like Mac OS X) AppleWebKit/605.1.15 (KHTML, like Gecko) Version/18.5 Mobile/15E148 Safari/604.1"
162.0.232.193 - - [08/Jun/2025:05:40:53 -0400] "POST /wp-cron.php?doing_wp_cron=1749375652.9515409469604492187500 HTTP/1.1" 200 0 "-" "WordPress/6.6.2; https://remonster.online"
85.193.240.76 - - [08/Jun/2025:05:40:52 -0400] "POST /wp-admin/admin-ajax.php HTTP/1.1" 200 69 "https://remonster.online/manga/re-monster-chapter-14/" "Mozilla/5.0 (iPhone; CPU iPhone OS 18_5 like Mac OS X) AppleWebKit/605.1.15 (KHTML, like Gecko) Version/18.5 Mobile/15E148 Safari/604.1"
2001:8004:6970:6bee:15f1:f348:bc40:da5d - - [08/Jun/2025:05:41:12 -0400] "GET /tag/volume/ HTTP/1.1" 301 0 "https://remonster.online/manga/re-monster-chapter-6/" "Mozilla/5.0 (Linux; Android 10; K) AppleWebKit/537.36 (KHTML, like Gecko) Chrome/137.0.0.0 Mobile Safari/537.36"
2001:8004:6970:6bee:15f1:f348:bc40:da5d - - [08/Jun/2025:05:41:13 -0400] "GET / HTTP/1.1" 200 10849 "https://remonster.online/manga/re-monster-chapter-6/" "Mozilla/5.0 (Linux; Android 10; K) AppleWebKit/537.36 (KHTML, like Gecko) Chrome/137.0.0.0 Mobile Safari/537.36"
2001:8004:6970:6bee:15f1:f348:bc40:da5d - - [08/Jun/2025:05:41:14 -0400] "GET /manga/re-monster-chapter-7/ HTTP/1.1" 200 18493 "https://remonster.online/manga/re-monster-chapter-6/" "Mozilla/5.0 (Linux; Android 10; K) AppleWebKit/537.36 (KHTML, like Gecko) Chrome/137.0.0.0 Mobile Safari/537.36"
2001:8004:6970:6bee:15f1:f348:bc40:da5d - - [08/Jun/2025:05:41:15 -0400] "GET /manga/re-monster-chapter-7/ HTTP/1.1" 304 0 "https://remonster.online/manga/re-monster-chapter-6/" "Mozilla/5.0 (Linux; Android 10; K) AppleWebKit/537.36 (KHTML, like Gecko) Chrome/137.0.0.0 Mobile Safari/537.36"
2001:8004:6970:6bee:15f1:f348:bc40:da5d - - [08/Jun/2025:05:41:15 -0400] "POST /wp-admin/admin-ajax.php HTTP/1.1" 200 69 "https://remonster.online/manga/re-monster-chapter-7/" "Mozilla/5.0 (Linux; Android 10; K) AppleWebKit/537.36 (KHTML, like Gecko) Chrome/137.0.0.0 Mobile Safari/537.36"
85.193.240.76 - - [08/Jun/2025:05:41:47 -0400] "GET /manga/re-monster-chapter-15/ HTTP/1.1" 200 17788 "https://remonster.online/manga/re-monster-chapter-14/" "Mozilla/5.0 (iPhone; CPU iPhone OS 18_5 like Mac OS X) AppleWebKit/605.1.15 (KHTML, like Gecko) Version/18.5 Mobile/15E148 Safari/604.1"
162.0.232.193 - - [08/Jun/2025:05:41:48 -0400] "POST /wp-cron.php?doing_wp_cron=1749375708.2668290138244628906250 HTTP/1.1" 200 0 "-" "WordPress/6.6.2; https://remonster.online"
85.193.240.76 - - [08/Jun/2025:05:41:48 -0400] "POST /wp-admin/admin-ajax.php HTTP/1.1" 200 69 "https://remonster.online/manga/re-monster-chapter-15/" "Mozilla/5.0 (iPhone; CPU iPhone OS 18_5 like Mac OS X) AppleWebKit/605.1.15 (KHTML, like Gecko) Version/18.5 Mobile/15E148 Safari/604.1"
85.193.240.76 - - [08/Jun/2025:05:42:08 -0400] "GET /manga/re-monster-chapter-16/ HTTP/1.1" 200 17991 "https://remonster.online/manga/re-monster-chapter-15/" "Mozilla/5.0 (iPhone; CPU iPhone OS 18_5 like Mac OS X) AppleWebKit/605.1.15 (KHTML, like Gecko) Version/18.5 Mobile/15E148 Safari/604.1"
85.193.240.76 - - [08/Jun/2025:05:42:09 -0400] "POST /wp-admin/admin-ajax.php HTTP/1.1" 200 69 "https://remonster.online/manga/re-monster-chapter-16/" "Mozilla/5.0 (iPhone; CPU iPhone OS 18_5 like Mac OS X) AppleWebKit/605.1.15 (KHTML, like Gecko) Version/18.5 Mobile/15E148 Safari/604.1"
162.0.232.193 - - [08/Jun/2025:05:42:32 -0400] "POST /wp-cron.php?doing_wp_cron=1749375752.1453709602355957031250 HTTP/1.1" 200 0 "-" "WordPress/6.6.2; https://remonster.online"
20.204.164.126 - - [08/Jun/2025:05:42:32 -0400] "POST /xmlrpc.php HTTP/1.1" 200 186 "https://remonster.online" "Mozilla/5.0 (Macintosh; Intel Mac OS X 14_4_1) AppleWebKit/605.1.15 (KHTML, like Gecko) Version/17.3.1 Safari/605.1.15"
20.204.164.126 - - [08/Jun/2025:05:42:33 -0400] "POST /wp-login.php HTTP/1.1" 200 1876 "https://remonster.online" "Mozilla/5.0 (Macintosh; Intel Mac OS X 10_15_7) AppleWebKit/537.36 (KHTML, like Gecko) Chrome/112.0.5615.138 Safari/537.36"
66.249.79.231 - - [08/Jun/2025:05:43:43 -0400] "GET /manga/re-monster-chapter-1/ HTTP/1.1" 200 18067 "-" "Mozilla/5.0 (Linux; Android 6.0.1; Nexus 5X Build/MMB29P) AppleWebKit/537.36 (KHTML, like Gecko) Chrome/136.0.7103.113 Mobile Safari/537.36 (compatible; Googlebot/2.1; +http://www.google.com/bot.html)"
2601:3c8:437c:7e20:705a:b18d:d843:8a02 - - [08/Jun/2025:05:44:14 -0400] "GET / HTTP/1.1" 200 10856 "https://www.google.com/" "Mozilla/5.0 (Linux; Android 10; K) AppleWebKit/537.36 (KHTML, like Gecko) Chrome/137.0.0.0 Mobile Safari/537.36"
2601:3c8:437c:7e20:705a:b18d:d843:8a02 - - [08/Jun/2025:05:44:14 -0400] "GET /wp-content/themes/toivo-lite/style.css?ver=1.2.0 HTTP/1.1" 200 13718 "https://remonster.online/" "Mozilla/5.0 (Linux; Android 10; K) AppleWebKit/537.36 (KHTML, like Gecko) Chrome/137.0.0.0 Mobile Safari/537.36"
2601:3c8:437c:7e20:705a:b18d:d843:8a02 - - [08/Jun/2025:05:44:14 -0400] "GET /wp-content/plugins/simple-social-buttons/assets/js/frontend-blocks.js?ver=5.3.1 HTTP/1.1" 200 0 "https://remonster.online/" "Mozilla/5.0 (Linux; Android 10; K) AppleWebKit/537.36 (KHTML, like Gecko) Chrome/137.0.0.0 Mobile Safari/537.36"
2601:3c8:437c:7e20:705a:b18d:d843:8a02 - - [08/Jun/2025:05:44:14 -0400] "GET /wp-includes/js/jquery/jquery.min.js?ver=3.7.1 HTTP/1.1" 200 29744 "https://remonster.online/" "Mozilla/5.0 (Linux; Android 10; K) AppleWebKit/537.36 (KHTML, like Gecko) Chrome/137.0.0.0 Mobile Safari/537.36"
2601:3c8:437c:7e20:705a:b18d:d843:8a02 - - [08/Jun/2025:05:44:14 -0400] "GET /wp-content/plugins/comic-easel/js/keynav.js HTTP/1.1" 200 302 "https://remonster.online/" "Mozilla/5.0 (Linux; Android 10; K) AppleWebKit/537.36 (KHTML, like Gecko) Chrome/137.0.0.0 Mobile Safari/537.36"
2601:3c8:437c:7e20:705a:b18d:d843:8a02 - - [08/Jun/2025:05:44:14 -0400] "GET /wp-content/uploads/2021/11/LN_v09_001.jpeg HTTP/1.1" 200 1105440 "https://remonster.online/" "Mozilla/5.0 (Linux; Android 10; K) AppleWebKit/537.36 (KHTML, like Gecko) Chrome/137.0.0.0 Mobile Safari/537.36"
2601:3c8:437c:7e20:705a:b18d:d843:8a02 - - [08/Jun/2025:05:44:15 -0400] "GET /wp-content/themes/toivo-lite/js/settings.min.js?ver=1.2.0 HTTP/1.1" 200 307 "https://remonster.online/" "Mozilla/5.0 (Linux; Android 10; K) AppleWebKit/537.36 (KHTML, like Gecko) Chrome/137.0.0.0 Mobile Safari/537.36"
2601:3c8:437c:7e20:705a:b18d:d843:8a02 - - [08/Jun/2025:05:44:16 -0400] "GET /wp-content/uploads/2021/11/cropped-CeDzRGZ-180x180.png HTTP/1.1" 200 60430 "https://remonster.online/" "Mozilla/5.0 (Linux; Android 10; K) AppleWebKit/537.36 (KHTML, like Gecko) Chrome/137.0.0.0 Mobile Safari/537.36"
2601:3c8:437c:7e20:705a:b18d:d843:8a02 - - [08/Jun/2025:05:44:16 -0400] "GET /wp-content/uploads/2021/11/cropped-CeDzRGZ-192x192.png HTTP/1.1" 200 68304 "https://remonster.online/" "Mozilla/5.0 (Linux; Android 10; K) AppleWebKit/537.36 (KHTML, like Gecko) Chrome/137.0.0.0 Mobile Safari/537.36"
2601:3c8:437c:7e20:705a:b18d:d843:8a02 - - [08/Jun/2025:05:44:29 -0400] "GET /wp-content/uploads/2021/11/CeDzRGZ-768x682.png HTTP/1.1" 200 1056180 "https://remonster.online/" "Mozilla/5.0 (Linux; Android 10; K) AppleWebKit/537.36 (KHTML, like Gecko) Chrome/137.0.0.0 Mobile Safari/537.36"
2601:3c8:437c:7e20:705a:b18d:d843:8a02 - - [08/Jun/2025:05:44:36 -0400] "GET /manga/re-monster-chapter-11/ HTTP/1.1" 200 18149 "https://remonster.online/" "Mozilla/5.0 (Linux; Android 10; K) AppleWebKit/537.36 (KHTML, like Gecko) Chrome/137.0.0.0 Mobile Safari/537.36"
2601:3c8:437c:7e20:705a:b18d:d843:8a02 - - [08/Jun/2025:05:44:36 -0400] "GET /manga/re-monster-chapter-11/ HTTP/1.1" 304 0 "https://remonster.online/" "Mozilla/5.0 (Linux; Android 10; K) AppleWebKit/537.36 (KHTML, like Gecko) Chrome/137.0.0.0 Mobile Safari/537.36"
2601:3c8:437c:7e20:705a:b18d:d843:8a02 - - [08/Jun/2025:05:44:36 -0400] "GET /wp-content/plugins/wp-automatic/css/wp-automatic.css?ver=1.0.0 HTTP/1.1" 200 537 "https://remonster.online/manga/re-monster-chapter-11/" "Mozilla/5.0 (Linux; Android 10; K) AppleWebKit/537.36 (KHTML, like Gecko) Chrome/137.0.0.0 Mobile Safari/537.36"
2601:3c8:437c:7e20:705a:b18d:d843:8a02 - - [08/Jun/2025:05:44:36 -0400] "GET /wp-content/plugins/wp-automatic/js/main-front.js?ver=6.6.2 HTTP/1.1" 200 316 "https://remonster.online/manga/re-monster-chapter-11/" "Mozilla/5.0 (Linux; Android 10; K) AppleWebKit/537.36 (KHTML, like Gecko) Chrome/137.0.0.0 Mobile Safari/537.36"
2601:3c8:437c:7e20:705a:b18d:d843:8a02 - - [08/Jun/2025:05:44:36 -0400] "GET /wp-content/plugins/disqus-comment-system/public/js/comment_embed.js?ver=3.1.2 HTTP/1.1" 200 653 "https://remonster.online/manga/re-monster-chapter-11/" "Mozilla/5.0 (Linux; Android 10; K) AppleWebKit/537.36 (KHTML, like Gecko) Chrome/137.0.0.0 Mobile Safari/537.36"
2601:3c8:437c:7e20:705a:b18d:d843:8a02 - - [08/Jun/2025:05:44:37 -0400] "GET /wp-includes/js/comment-reply.min.js?ver=6.6.2 HTTP/1.1" 200 1228 "https://remonster.online/manga/re-monster-chapter-11/" "Mozilla/5.0 (Linux; Android 10; K) AppleWebKit/537.36 (KHTML, like Gecko) Chrome/137.0.0.0 Mobile Safari/537.36"
2601:3c8:437c:7e20:705a:b18d:d843:8a02 - - [08/Jun/2025:05:44:37 -0400] "GET /wp-content/plugins/disqus-comment-system/public/js/comment_count.js?ver=3.1.2 HTTP/1.1" 200 354 "https://remonster.online/manga/re-monster-chapter-11/" "Mozilla/5.0 (Linux; Android 10; K) AppleWebKit/537.36 (KHTML, like Gecko) Chrome/137.0.0.0 Mobile Safari/537.36"
2601:3c8:437c:7e20:705a:b18d:d843:8a02 - - [08/Jun/2025:05:44:37 -0400] "GET /wp-content/plugins/simple-social-buttons/assets/fonts/ssb-icon.ttf?eahqa2 HTTP/1.1" 200 6624 "https://remonster.online/wp-content/plugins/simple-social-buttons/assets/css/front.css?ver=5.3.1" "Mozilla/5.0 (Linux; Android 10; K) AppleWebKit/537.36 (KHTML, like Gecko) Chrome/137.0.0.0 Mobile Safari/537.36"
162.0.232.193 - - [08/Jun/2025:05:44:37 -0400] "POST /wp-cron.php?doing_wp_cron=1749375877.3206450939178466796875 HTTP/1.1" 200 0 "-" "WordPress/6.6.2; https://remonster.online"
2601:3c8:437c:7e20:705a:b18d:d843:8a02 - - [08/Jun/2025:05:44:37 -0400] "POST /wp-admin/admin-ajax.php HTTP/1.1" 200 69 "https://remonster.online/manga/re-monster-chapter-11/" "Mozilla/5.0 (Linux; Android 10; K) AppleWebKit/537.36 (KHTML, like Gecko) Chrome/137.0.0.0 Mobile Safari/537.36"
2601:3c8:437c:7e20:705a:b18d:d843:8a02 - - [08/Jun/2025:05:45:17 -0400] "GET /manga/re-monster-chapter-12/ HTTP/1.1" 200 17806 "https://remonster.online/manga/re-monster-chapter-11/" "Mozilla/5.0 (Linux; Android 10; K) AppleWebKit/537.36 (KHTML, like Gecko) Chrome/137.0.0.0 Mobile Safari/537.36"
2601:3c8:437c:7e20:705a:b18d:d843:8a02 - - [08/Jun/2025:05:45:17 -0400] "GET /manga/re-monster-chapter-12/ HTTP/1.1" 304 0 "https://remonster.online/manga/re-monster-chapter-11/" "Mozilla/5.0 (Linux; Android 10; K) AppleWebKit/537.36 (KHTML, like Gecko) Chrome/137.0.0.0 Mobile Safari/537.36"
162.0.232.193 - - [08/Jun/2025:05:45:17 -0400] "POST /wp-cron.php?doing_wp_cron=1749375917.6883530616760253906250 HTTP/1.1" 200 0 "-" "WordPress/6.6.2; https://remonster.online"
2601:3c8:437c:7e20:705a:b18d:d843:8a02 - - [08/Jun/2025:05:45:17 -0400] "POST /wp-admin/admin-ajax.php HTTP/1.1" 200 69 "https://remonster.online/manga/re-monster-chapter-12/" "Mozilla/5.0 (Linux; Android 10; K) AppleWebKit/537.36 (KHTML, like Gecko) Chrome/137.0.0.0 Mobile Safari/537.36"
2001:8004:6970:6bee:15f1:f348:bc40:da5d - - [08/Jun/2025:05:45:30 -0400] "GET /tag/remonster-manga/ HTTP/1.1" 301 0 "https://remonster.online/manga/re-monster-chapter-7/" "Mozilla/5.0 (Linux; Android 10; K) AppleWebKit/537.36 (KHTML, like Gecko) Chrome/137.0.0.0 Mobile Safari/537.36"
2001:8004:6970:6bee:15f1:f348:bc40:da5d - - [08/Jun/2025:05:45:30 -0400] "GET /manga/re-monster-chapter-6/ HTTP/1.1" 304 0 "https://remonster.online/manga/re-monster-chapter-7/" "Mozilla/5.0 (Linux; Android 10; K) AppleWebKit/537.36 (KHTML, like Gecko) Chrome/137.0.0.0 Mobile Safari/537.36"
2001:8004:6970:6bee:15f1:f348:bc40:da5d - - [08/Jun/2025:05:45:30 -0400] "GET / HTTP/1.1" 304 0 "https://remonster.online/manga/re-monster-chapter-7/" "Mozilla/5.0 (Linux; Android 10; K) AppleWebKit/537.36 (KHTML, like Gecko) Chrome/137.0.0.0 Mobile Safari/537.36"
2001:8004:6970:6bee:15f1:f348:bc40:da5d - - [08/Jun/2025:05:45:31 -0400] "GET /manga/re-monster-chapter-8/ HTTP/1.1" 200 16850 "https://remonster.online/manga/re-monster-chapter-7/" "Mozilla/5.0 (Linux; Android 10; K) AppleWebKit/537.36 (KHTML, like Gecko) Chrome/137.0.0.0 Mobile Safari/537.36"
2001:8004:6970:6bee:15f1:f348:bc40:da5d - - [08/Jun/2025:05:45:32 -0400] "GET /manga/re-monster-chapter-8/ HTTP/1.1" 304 0 "https://remonster.online/manga/re-monster-chapter-7/" "Mozilla/5.0 (Linux; Android 10; K) AppleWebKit/537.36 (KHTML, like Gecko) Chrome/137.0.0.0 Mobile Safari/537.36"
105.245.120.154 - - [08/Jun/2025:05:46:19 -0400] "GET /manga/re-monster-chapter-1/ HTTP/1.1" 200 17990 "https://www.google.com/" "Mozilla/5.0 (Linux; Android 10; K) AppleWebKit/537.36 (KHTML, like Gecko) Chrome/133.0.0.0 Safari/537.36"
85.193.240.76 - - [08/Jun/2025:05:47:23 -0400] "GET /manga/re-monster-chapter-17/ HTTP/1.1" 200 17370 "https://remonster.online/manga/re-monster-chapter-16/" "Mozilla/5.0 (iPhone; CPU iPhone OS 18_5 like Mac OS X) AppleWebKit/605.1.15 (KHTML, like Gecko) Version/18.5 Mobile/15E148 Safari/604.1"
188.236.188.138 - - [08/Jun/2025:05:47:35 -0400] "GET /manga/re-monster-chapter-19/ HTTP/1.1" 200 18473 "-" "Mozilla/5.0 (iPhone; CPU iPhone OS 18_5 like Mac OS X) AppleWebKit/605.1.15 (KHTML, like Gecko) Version/18.5 Mobile/15E148 Safari/604.1"
162.0.232.193 - - [08/Jun/2025:05:47:36 -0400] "POST /wp-cron.php?doing_wp_cron=1749376056.2291409969329833984375 HTTP/1.1" 200 0 "-" "WordPress/6.6.2; https://remonster.online"
188.236.188.138 - - [08/Jun/2025:05:47:35 -0400] "POST /wp-admin/admin-ajax.php HTTP/1.1" 200 69 "https://remonster.online/manga/re-monster-chapter-19/" "Mozilla/5.0 (iPhone; CPU iPhone OS 18_5 like Mac OS X) AppleWebKit/605.1.15 (KHTML, like Gecko) Version/18.5 Mobile/15E148 Safari/604.1"
24.214.108.38 - - [08/Jun/2025:05:47:42 -0400] "GET / HTTP/1.1" 200 10813 "https://www.google.com/" "Mozilla/5.0 (Linux; Android 10; K) AppleWebKit/537.36 (KHTML, like Gecko) Chrome/137.0.0.0 Mobile Safari/537.36"
2a0d:3341:c597:1e10:d1eb:9ec4:7799:70ed - - [08/Jun/2025:05:48:21 -0400] "GET / HTTP/1.1" 200 10863 "-" "Mozilla/5.0 (Macintosh; Intel Mac OS X 10_15_7) AppleWebKit/605.1.15 (KHTML, like Gecko) Version/18.5 Safari/605.1.15"
2a0d:3341:c597:1e10:d1eb:9ec4:7799:70ed - - [08/Jun/2025:05:48:22 -0400] "GET / HTTP/1.1" 304 0 "-" "Mozilla/5.0 (Macintosh; Intel Mac OS X 10_15_7) AppleWebKit/605.1.15 (KHTML, like Gecko) Version/18.5 Safari/605.1.15"
2001:8004:6970:6bee:15f1:f348:bc40:da5d - - [08/Jun/2025:05:48:37 -0400] "GET /manga/re-monster-chapter-9/ HTTP/1.1" 200 17096 "https://remonster.online/manga/re-monster-chapter-8/" "Mozilla/5.0 (Linux; Android 10; K) AppleWebKit/537.36 (KHTML, like Gecko) Chrome/137.0.0.0 Mobile Safari/537.36"
2001:8004:6970:6bee:15f1:f348:bc40:da5d - - [08/Jun/2025:05:48:37 -0400] "GET /manga/re-monster-chapter-9/ HTTP/1.1" 304 0 "https://remonster.online/manga/re-monster-chapter-8/" "Mozilla/5.0 (Linux; Android 10; K) AppleWebKit/537.36 (KHTML, like Gecko) Chrome/137.0.0.0 Mobile Safari/537.36"
79.45.143.213 - - [08/Jun/2025:05:48:40 -0400] "GET /manga/re-monster-chapter-37/ HTTP/1.1" 200 17378 "https://remonster.online/manga/re-monster-chapter-36/" "Mozilla/5.0 (Windows NT 10.0; Win64; x64) AppleWebKit/537.36 (KHTML, like Gecko) Chrome/137.0.0.0 Safari/537.36 Edg/137.0.0.0"
79.45.143.213 - - [08/Jun/2025:05:48:40 -0400] "GET /manga/re-monster-chapter-37/ HTTP/1.1" 304 0 "https://remonster.online/manga/re-monster-chapter-36/" "Mozilla/5.0 (Windows NT 10.0; Win64; x64) AppleWebKit/537.36 (KHTML, like Gecko) Chrome/137.0.0.0 Safari/537.36 Edg/137.0.0.0"
162.0.232.193 - - [08/Jun/2025:05:49:14 -0400] "POST /wp-cron.php?doing_wp_cron=1749376154.7952480316162109375000 HTTP/1.1" 200 0 "-" "WordPress/6.6.2; https://remonster.online"
165.225.210.237 - - [08/Jun/2025:05:49:14 -0400] "POST /wp-admin/admin-ajax.php HTTP/1.1" 200 72 "https://remonster.online/manga/re-monster-chapter-55/" "Mozilla/5.0 (Android 11; Mobile; rv:139.0) Gecko/139.0 Firefox/139.0"
2a02:a318:82d5:ba80:ee12:9d08:af8d:cfe6 - - [08/Jun/2025:05:49:17 -0400] "GET / HTTP/1.1" 200 10813 "https://www.google.com/" "Mozilla/5.0 (Linux; Android 10; K) AppleWebKit/537.36 (KHTML, like Gecko) Chrome/137.0.0.0 Mobile Safari/537.36"
2a02:a318:82d5:ba80:ee12:9d08:af8d:cfe6 - - [08/Jun/2025:05:49:24 -0400] "GET /manga/remonster-chapter-98/ HTTP/1.1" 200 15029 "https://remonster.online/" "Mozilla/5.0 (Linux; Android 10; K) AppleWebKit/537.36 (KHTML, like Gecko) Chrome/137.0.0.0 Mobile Safari/537.36"
2a02:a318:82d5:ba80:ee12:9d08:af8d:cfe6 - - [08/Jun/2025:05:49:24 -0400] "GET /manga/remonster-chapter-98/ HTTP/1.1" 304 0 "https://remonster.online/" "Mozilla/5.0 (Linux; Android 10; K) AppleWebKit/537.36 (KHTML, like Gecko) Chrome/137.0.0.0 Mobile Safari/537.36"
85.193.240.76 - - [08/Jun/2025:05:49:33 -0400] "GET /manga/re-monster-chapter-18/ HTTP/1.1" 200 18291 "https://remonster.online/manga/re-monster-chapter-17/" "Mozilla/5.0 (iPhone; CPU iPhone OS 18_5 like Mac OS X) AppleWebKit/605.1.15 (KHTML, like Gecko) Version/18.5 Mobile/15E148 Safari/604.1"
2a02:a318:82d5:ba80:ee12:9d08:af8d:cfe6 - - [08/Jun/2025:05:49:42 -0400] "GET /manga/remonster-chapter-98/ HTTP/1.1" 304 0 "https://remonster.online/" "Mozilla/5.0 (Linux; Android 10; K) AppleWebKit/537.36 (KHTML, like Gecko) Chrome/137.0.0.0 Mobile Safari/537.36"
188.236.188.138 - - [08/Jun/2025:05:49:46 -0400] "GET / HTTP/1.1" 200 10856 "-" "Mozilla/5.0 (iPhone; CPU iPhone OS 18_5 like Mac OS X) AppleWebKit/605.1.15 (KHTML, like Gecko) Version/18.5 Mobile/15E148 Safari/604.1"
2a02:a318:82d5:ba80:ee12:9d08:af8d:cfe6 - - [08/Jun/2025:05:49:56 -0400] "GET /manga/remonster-chapter-97/ HTTP/1.1" 200 15039 "https://remonster.online/manga/remonster-chapter-98/" "Mozilla/5.0 (Linux; Android 10; K) AppleWebKit/537.36 (KHTML, like Gecko) Chrome/137.0.0.0 Mobile Safari/537.36"
2a02:a318:82d5:ba80:ee12:9d08:af8d:cfe6 - - [08/Jun/2025:05:49:56 -0400] "GET /manga/remonster-chapter-97/ HTTP/1.1" 304 0 "https://remonster.online/manga/remonster-chapter-98/" "Mozilla/5.0 (Linux; Android 10; K) AppleWebKit/537.36 (KHTML, like Gecko) Chrome/137.0.0.0 Mobile Safari/537.36"
2001:8004:6970:6bee:15f1:f348:bc40:da5d - - [08/Jun/2025:05:50:16 -0400] "GET / HTTP/1.1" 304 0 "https://remonster.online/manga/re-monster-chapter-9/" "Mozilla/5.0 (Linux; Android 10; K) AppleWebKit/537.36 (KHTML, like Gecko) Chrome/137.0.0.0 Mobile Safari/537.36"
2001:8004:6970:6bee:15f1:f348:bc40:da5d - - [08/Jun/2025:05:50:16 -0400] "GET /manga/re-monster-chapter-10/ HTTP/1.1" 200 17032 "https://remonster.online/manga/re-monster-chapter-9/" "Mozilla/5.0 (Linux; Android 10; K) AppleWebKit/537.36 (KHTML, like Gecko) Chrome/137.0.0.0 Mobile Safari/537.36"
2001:8004:6970:6bee:15f1:f348:bc40:da5d - - [08/Jun/2025:05:50:16 -0400] "GET /manga/re-monster-chapter-10/ HTTP/1.1" 304 0 "https://remonster.online/manga/re-monster-chapter-9/" "Mozilla/5.0 (Linux; Android 10; K) AppleWebKit/537.36 (KHTML, like Gecko) Chrome/137.0.0.0 Mobile Safari/537.36"
162.0.232.193 - - [08/Jun/2025:05:50:17 -0400] "POST /wp-cron.php?doing_wp_cron=1749376217.6972270011901855468750 HTTP/1.1" 200 0 "-" "WordPress/6.6.2; https://remonster.online"
2001:8004:6970:6bee:15f1:f348:bc40:da5d - - [08/Jun/2025:05:50:17 -0400] "POST /wp-admin/admin-ajax.php HTTP/1.1" 200 69 "https://remonster.online/manga/re-monster-chapter-10/" "Mozilla/5.0 (Linux; Android 10; K) AppleWebKit/537.36 (KHTML, like Gecko) Chrome/137.0.0.0 Mobile Safari/537.36"
2601:3c8:437c:7e20:705a:b18d:d843:8a02 - - [08/Jun/2025:05:50:34 -0400] "GET /manga/re-monster-chapter-13/ HTTP/1.1" 200 17389 "https://remonster.online/manga/re-monster-chapter-12/" "Mozilla/5.0 (Linux; Android 10; K) AppleWebKit/537.36 (KHTML, like Gecko) Chrome/137.0.0.0 Mobile Safari/537.36"
2601:3c8:437c:7e20:705a:b18d:d843:8a02 - - [08/Jun/2025:05:50:34 -0400] "GET /manga/re-monster-chapter-13/ HTTP/1.1" 304 0 "https://remonster.online/manga/re-monster-chapter-12/" "Mozilla/5.0 (Linux; Android 10; K) AppleWebKit/537.36 (KHTML, like Gecko) Chrome/137.0.0.0 Mobile Safari/537.36"
2001:fd8:b61d:c500:f984:e277:c717:faa2 - - [08/Jun/2025:05:50:55 -0400] "GET /manga/re-monster-chapter-9/ HTTP/1.1" 200 17096 "https://remonster.online/manga/re-monster-chapter-8/" "Mozilla/5.0 (iPhone; CPU iPhone OS 18_5 like Mac OS X) AppleWebKit/605.1.15 (KHTML, like Gecko) Version/18.5 Mobile/15E148 Safari/604.1 OPT/5.5.3"
2601:3c8:437c:7e20:705a:b18d:d843:8a02 - - [08/Jun/2025:05:51:06 -0400] "GET /manga/re-monster-chapter-14/ HTTP/1.1" 200 17739 "https://remonster.online/manga/re-monster-chapter-13/" "Mozilla/5.0 (Linux; Android 10; K) AppleWebKit/537.36 (KHTML, like Gecko) Chrome/137.0.0.0 Mobile Safari/537.36"
2601:3c8:437c:7e20:705a:b18d:d843:8a02 - - [08/Jun/2025:05:51:06 -0400] "GET /manga/re-monster-chapter-14/ HTTP/1.1" 304 0 "https://remonster.online/manga/re-monster-chapter-13/" "Mozilla/5.0 (Linux; Android 10; K) AppleWebKit/537.36 (KHTML, like Gecko) Chrome/137.0.0.0 Mobile Safari/537.36"
162.0.232.193 - - [08/Jun/2025:05:51:06 -0400] "POST /wp-cron.php?doing_wp_cron=1749376266.7766230106353759765625 HTTP/1.1" 200 0 "-" "WordPress/6.6.2; https://remonster.online"
85.193.240.76 - - [08/Jun/2025:05:51:07 -0400] "GET /manga/re-monster-chapter-19/ HTTP/1.1" 200 18473 "https://remonster.online/manga/re-monster-chapter-18/" "Mozilla/5.0 (iPhone; CPU iPhone OS 18_5 like Mac OS X) AppleWebKit/605.1.15 (KHTML, like Gecko) Version/18.5 Mobile/15E148 Safari/604.1"
2601:3c8:437c:7e20:705a:b18d:d843:8a02 - - [08/Jun/2025:05:51:06 -0400] "POST /wp-admin/admin-ajax.php HTTP/1.1" 200 69 "https://remonster.online/manga/re-monster-chapter-14/" "Mozilla/5.0 (Linux; Android 10; K) AppleWebKit/537.36 (KHTML, like Gecko) Chrome/137.0.0.0 Mobile Safari/537.36"
85.193.240.76 - - [08/Jun/2025:05:51:07 -0400] "POST /wp-admin/admin-ajax.php HTTP/1.1" 200 69 "https://remonster.online/manga/re-monster-chapter-19/" "Mozilla/5.0 (iPhone; CPU iPhone OS 18_5 like Mac OS X) AppleWebKit/605.1.15 (KHTML, like Gecko) Version/18.5 Mobile/15E148 Safari/604.1"
162.0.232.193 - - [08/Jun/2025:05:52:09 -0400] "POST /wp-cron.php?doing_wp_cron=1749376329.1657071113586425781250 HTTP/1.1" 200 0 "-" "WordPress/6.6.2; https://remonster.online"
45.12.223.210 - - [08/Jun/2025:05:52:08 -0400] "GET /manga/re-monster-chapter-69/ HTTP/1.1" 200 17934 "-" "Mozilla/5.0 (Linux; arm_64; Android 15; SM-S931B) AppleWebKit/537.36 (KHTML, like Gecko) Chrome/134.0.6998.77 YaBrowser/25.4.5.77.00 SA/3 Mobile Safari/537.36"
85.193.240.76 - - [08/Jun/2025:05:52:16 -0400] "GET /manga/re-monster-chapter-20/ HTTP/1.1" 200 15974 "https://remonster.online/manga/re-monster-chapter-19/" "Mozilla/5.0 (iPhone; CPU iPhone OS 18_5 like Mac OS X) AppleWebKit/605.1.15 (KHTML, like Gecko) Version/18.5 Mobile/15E148 Safari/604.1"
2601:3c8:437c:7e20:705a:b18d:d843:8a02 - - [08/Jun/2025:05:52:18 -0400] "GET /tag/goblin/ HTTP/1.1" 301 0 "https://remonster.online/manga/re-monster-chapter-14/" "Mozilla/5.0 (Linux; Android 10; K) AppleWebKit/537.36 (KHTML, like Gecko) Chrome/137.0.0.0 Mobile Safari/537.36"
2601:3c8:437c:7e20:705a:b18d:d843:8a02 - - [08/Jun/2025:05:52:19 -0400] "GET / HTTP/1.1" 200 10813 "https://remonster.online/manga/re-monster-chapter-14/" "Mozilla/5.0 (Linux; Android 10; K) AppleWebKit/537.36 (KHTML, like Gecko) Chrome/137.0.0.0 Mobile Safari/537.36"
2601:3c8:437c:7e20:705a:b18d:d843:8a02 - - [08/Jun/2025:05:52:19 -0400] "GET /manga/re-monster-chapter-15/ HTTP/1.1" 200 17788 "https://remonster.online/manga/re-monster-chapter-14/" "Mozilla/5.0 (Linux; Android 10; K) AppleWebKit/537.36 (KHTML, like Gecko) Chrome/137.0.0.0 Mobile Safari/537.36"
2601:3c8:437c:7e20:705a:b18d:d843:8a02 - - [08/Jun/2025:05:52:20 -0400] "GET /manga/re-monster-chapter-15/ HTTP/1.1" 304 0 "https://remonster.online/manga/re-monster-chapter-14/" "Mozilla/5.0 (Linux; Android 10; K) AppleWebKit/537.36 (KHTML, like Gecko) Chrome/137.0.0.0 Mobile Safari/537.36"
162.0.232.193 - - [08/Jun/2025:05:52:20 -0400] "POST /wp-cron.php?doing_wp_cron=1749376340.5616910457611083984375 HTTP/1.1" 200 0 "-" "WordPress/6.6.2; https://remonster.online"
2601:3c8:437c:7e20:705a:b18d:d843:8a02 - - [08/Jun/2025:05:52:20 -0400] "POST /wp-admin/admin-ajax.php HTTP/1.1" 200 69 "https://remonster.online/manga/re-monster-chapter-15/" "Mozilla/5.0 (Linux; Android 10; K) AppleWebKit/537.36 (KHTML, like Gecko) Chrome/137.0.0.0 Mobile Safari/537.36"
85.193.240.76 - - [08/Jun/2025:05:52:42 -0400] "GET /manga/re-monster-chapter-21/ HTTP/1.1" 200 15992 "https://remonster.online/manga/re-monster-chapter-20/" "Mozilla/5.0 (iPhone; CPU iPhone OS 18_5 like Mac OS X) AppleWebKit/605.1.15 (KHTML, like Gecko) Version/18.5 Mobile/15E148 Safari/604.1"
66.249.79.238 - - [08/Jun/2025:05:52:43 -0400] "GET /category/remonster/ HTTP/1.1" 200 24978 "-" "Mozilla/5.0 (Linux; Android 6.0.1; Nexus 5X Build/MMB29P) AppleWebKit/537.36 (KHTML, like Gecko) Chrome/136.0.7103.113 Mobile Safari/537.36 (compatible; Googlebot/2.1; +http://www.google.com/bot.html)"
85.193.240.76 - - [08/Jun/2025:05:52:56 -0400] "GET /manga/re-monster-chapter-22/ HTTP/1.1" 200 16300 "https://remonster.online/manga/re-monster-chapter-21/" "Mozilla/5.0 (iPhone; CPU iPhone OS 18_5 like Mac OS X) AppleWebKit/605.1.15 (KHTML, like Gecko) Version/18.5 Mobile/15E148 Safari/604.1"
175.176.38.130 - - [08/Jun/2025:05:52:57 -0400] "GET / HTTP/1.1" 200 10813 "https://www.google.com/" "Mozilla/5.0 (Linux; Android 10; K) AppleWebKit/537.36 (KHTML, like Gecko) SamsungBrowser/28.0 Chrome/130.0.0.0 Mobile Safari/537.36"
175.176.38.130 - - [08/Jun/2025:05:53:00 -0400] "GET / HTTP/1.1" 304 0 "https://remonster.online/" "Mozilla/5.0 (Linux; Android 10; K) AppleWebKit/537.36 (KHTML, like Gecko) SamsungBrowser/28.0 Chrome/130.0.0.0 Mobile Safari/537.36"
2001:8f8:1123:f964:19b3:a0ca:4ffe:3d22 - - [08/Jun/2025:05:53:06 -0400] "GET /manga/re-monster-chapter-63/ HTTP/1.1" 200 17810 "https://remonster.online/manga/re-monster-chapter-62/" "Mozilla/5.0 (Linux; Android 10; K) AppleWebKit/537.36 (KHTML, like Gecko) SamsungBrowser/28.0 Chrome/130.0.0.0 Mobile Safari/537.36"
2001:8f8:1123:f964:19b3:a0ca:4ffe:3d22 - - [08/Jun/2025:05:53:06 -0400] "GET /tag/goblin/ HTTP/1.1" 301 0 "https://remonster.online/manga/re-monster-chapter-62/" "Mozilla/5.0 (Linux; Android 10; K) AppleWebKit/537.36 (KHTML, like Gecko) SamsungBrowser/28.0 Chrome/130.0.0.0 Mobile Safari/537.36"
2001:8f8:1123:f964:19b3:a0ca:4ffe:3d22 - - [08/Jun/2025:05:53:06 -0400] "GET / HTTP/1.1" 304 0 "https://remonster.online/manga/re-monster-chapter-62/" "Mozilla/5.0 (Linux; Android 10; K) AppleWebKit/537.36 (KHTML, like Gecko) SamsungBrowser/28.0 Chrome/130.0.0.0 Mobile Safari/537.36"
162.0.232.193 - - [08/Jun/2025:05:53:07 -0400] "POST /wp-cron.php?doing_wp_cron=1749376387.4174709320068359375000 HTTP/1.1" 200 0 "-" "WordPress/6.6.2; https://remonster.online"
175.176.38.130 - - [08/Jun/2025:05:53:07 -0400] "GET /manga/re-monster-chapter-62/ HTTP/1.1" 200 17804 "https://remonster.online/" "Mozilla/5.0 (Linux; Android 10; K) AppleWebKit/537.36 (KHTML, like Gecko) SamsungBrowser/28.0 Chrome/130.0.0.0 Mobile Safari/537.36"
2001:8f8:1123:f964:19b3:a0ca:4ffe:3d22 - - [08/Jun/2025:05:53:07 -0400] "POST /wp-admin/admin-ajax.php HTTP/1.1" 200 69 "https://remonster.online/manga/re-monster-chapter-63/" "Mozilla/5.0 (Linux; Android 10; K) AppleWebKit/537.36 (KHTML, like Gecko) SamsungBrowser/28.0 Chrome/130.0.0.0 Mobile Safari/537.36"
2001:8f8:1123:f964:19b3:a0ca:4ffe:3d22 - - [08/Jun/2025:05:53:08 -0400] "GET /manga/re-monster-chapter-63/ HTTP/1.1" 304 0 "https://remonster.online/manga/re-monster-chapter-63/" "Mozilla/5.0 (Linux; Android 10; K) AppleWebKit/537.36 (KHTML, like Gecko) SamsungBrowser/28.0 Chrome/130.0.0.0 Mobile Safari/537.36"
175.176.38.130 - - [08/Jun/2025:05:53:08 -0400] "GET /manga/re-monster-chapter-1/ HTTP/1.1" 200 17990 "https://remonster.online/" "Mozilla/5.0 (Linux; Android 10; K) AppleWebKit/537.36 (KHTML, like Gecko) SamsungBrowser/28.0 Chrome/130.0.0.0 Mobile Safari/537.36"
175.176.38.130 - - [08/Jun/2025:05:53:09 -0400] "GET /manga/re-monster-chapter-15/ HTTP/1.1" 200 17788 "https://remonster.online/" "Mozilla/5.0 (Linux; Android 10; K) AppleWebKit/537.36 (KHTML, like Gecko) SamsungBrowser/28.0 Chrome/130.0.0.0 Mobile Safari/537.36"
175.176.38.130 - - [08/Jun/2025:05:53:10 -0400] "GET /manga/re-monster-chapter-14/ HTTP/1.1" 200 17739 "https://remonster.online/" "Mozilla/5.0 (Linux; Android 10; K) AppleWebKit/537.36 (KHTML, like Gecko) SamsungBrowser/28.0 Chrome/130.0.0.0 Mobile Safari/537.36"
85.193.240.76 - - [08/Jun/2025:05:53:10 -0400] "GET /manga/re-monster-chapter-23/ HTTP/1.1" 200 16723 "https://remonster.online/manga/re-monster-chapter-22/" "Mozilla/5.0 (iPhone; CPU iPhone OS 18_5 like Mac OS X) AppleWebKit/605.1.15 (KHTML, like Gecko) Version/18.5 Mobile/15E148 Safari/604.1"
175.176.38.130 - - [08/Jun/2025:05:53:11 -0400] "GET /manga/re-monster-chapter-23/ HTTP/1.1" 200 16723 "https://remonster.online/" "Mozilla/5.0 (Linux; Android 10; K) AppleWebKit/537.36 (KHTML, like Gecko) SamsungBrowser/28.0 Chrome/130.0.0.0 Mobile Safari/537.36"
85.193.240.76 - - [08/Jun/2025:05:53:11 -0400] "POST /wp-admin/admin-ajax.php HTTP/1.1" 200 69 "https://remonster.online/manga/re-monster-chapter-23/" "Mozilla/5.0 (iPhone; CPU iPhone OS 18_5 like Mac OS X) AppleWebKit/605.1.15 (KHTML, like Gecko) Version/18.5 Mobile/15E148 Safari/604.1"
175.176.38.130 - - [08/Jun/2025:05:53:12 -0400] "POST /wp-admin/admin-ajax.php HTTP/1.1" 200 69 "https://remonster.online/manga/re-monster-chapter-23/" "Mozilla/5.0 (Linux; Android 10; K) AppleWebKit/537.36 (KHTML, like Gecko) SamsungBrowser/28.0 Chrome/130.0.0.0 Mobile Safari/537.36"
165.225.210.237 - - [08/Jun/2025:05:53:16 -0400] "GET /manga/re-monster-chapter-56/ HTTP/1.1" 200 17392 "https://remonster.online/manga/re-monster-chapter-55/" "Mozilla/5.0 (Android 11; Mobile; rv:139.0) Gecko/139.0 Firefox/139.0"
85.193.240.76 - - [08/Jun/2025:05:53:21 -0400] "GET /manga/re-monster-chapter-24/ HTTP/1.1" 200 17717 "https://remonster.online/manga/re-monster-chapter-23/" "Mozilla/5.0 (iPhone; CPU iPhone OS 18_5 like Mac OS X) AppleWebKit/605.1.15 (KHTML, like Gecko) Version/18.5 Mobile/15E148 Safari/604.1"
175.176.38.130 - - [08/Jun/2025:05:53:23 -0400] "GET /manga/re-monster-chapter-22/ HTTP/1.1" 200 16300 "https://remonster.online/" "Mozilla/5.0 (Linux; Android 10; K) AppleWebKit/537.36 (KHTML, like Gecko) SamsungBrowser/28.0 Chrome/130.0.0.0 Mobile Safari/537.36"
175.176.38.130 - - [08/Jun/2025:05:53:25 -0400] "GET /manga/re-monster-chapter-35/ HTTP/1.1" 200 17372 "https://remonster.online/" "Mozilla/5.0 (Linux; Android 10; K) AppleWebKit/537.36 (KHTML, like Gecko) SamsungBrowser/28.0 Chrome/130.0.0.0 Mobile Safari/537.36"
105.245.120.154 - - [08/Jun/2025:05:53:35 -0400] "GET /tag/chapter/ HTTP/1.1" 301 0 "-" "Mozilla/5.0 (Linux; Android 10; K) AppleWebKit/537.36 (KHTML, like Gecko) Chrome/133.0.0.0 Safari/537.36"
105.245.120.154 - - [08/Jun/2025:05:53:35 -0400] "GET /manga/re-monster-chapter-2/ HTTP/1.1" 200 18148 "-" "Mozilla/5.0 (Linux; Android 10; K) AppleWebKit/537.36 (KHTML, like Gecko) Chrome/133.0.0.0 Safari/537.36"
105.245.120.154 - - [08/Jun/2025:05:53:36 -0400] "GET /manga/re-monster-chapter-2/ HTTP/1.1" 304 0 "https://remonster.online/manga/re-monster-chapter-1/" "Mozilla/5.0 (Linux; Android 10; K) AppleWebKit/537.36 (KHTML, like Gecko) Chrome/133.0.0.0 Safari/537.36"
2001:fd8:b61d:c500:f984:e277:c717:faa2 - - [08/Jun/2025:05:53:41 -0400] "GET /manga/re-monster-chapter-10/ HTTP/1.1" 200 17032 "https://remonster.online/manga/re-monster-chapter-9/" "Mozilla/5.0 (iPhone; CPU iPhone OS 18_5 like Mac OS X) AppleWebKit/605.1.15 (KHTML, like Gecko) Version/18.5 Mobile/15E148 Safari/604.1 OPT/5.5.3"
162.0.232.193 - - [08/Jun/2025:05:53:41 -0400] "POST /wp-cron.php?doing_wp_cron=1749376421.7108209133148193359375 HTTP/1.1" 200 0 "-" "WordPress/6.6.2; https://remonster.online"
2001:fd8:b61d:c500:f984:e277:c717:faa2 - - [08/Jun/2025:05:53:41 -0400] "POST /wp-admin/admin-ajax.php HTTP/1.1" 200 69 "https://remonster.online/manga/re-monster-chapter-10/" "Mozilla/5.0 (iPhone; CPU iPhone OS 18_5 like Mac OS X) AppleWebKit/605.1.15 (KHTML, like Gecko) Version/18.5 Mobile/15E148 Safari/604.1 OPT/5.5.3"
182.44.12.37 - - [08/Jun/2025:05:53:44 -0400] "GET / HTTP/1.1" 301 0 "http://www.remonster.online" "Mozilla/5.0 (iPhone; CPU iPhone OS 13_2_3 like Mac OS X) AppleWebKit/605.1.15 (KHTML, like Gecko) Version/13.0.3 Mobile/15E148 Safari/604.1"
175.176.38.130 - - [08/Jun/2025:05:53:47 -0400] "GET /manga/re-monster-chapter-32/ HTTP/1.1" 200 17364 "https://remonster.online/" "Mozilla/5.0 (Linux; Android 10; K) AppleWebKit/537.36 (KHTML, like Gecko) SamsungBrowser/28.0 Chrome/130.0.0.0 Mobile Safari/537.36"
175.176.38.130 - - [08/Jun/2025:05:54:10 -0400] "GET /manga/re-monster-chapter-33/ HTTP/1.1" 200 17722 "https://remonster.online/manga/re-monster-chapter-32/" "Mozilla/5.0 (Linux; Android 10; K) AppleWebKit/537.36 (KHTML, like Gecko) SamsungBrowser/28.0 Chrome/130.0.0.0 Mobile Safari/537.36"
2001:e68:5402:3442:4400:30d1:dabf:3ed9 - - [08/Jun/2025:05:54:36 -0400] "GET / HTTP/1.1" 200 10856 "https://www.google.com/" "Mozilla/5.0 (Linux; Android 10; K) AppleWebKit/537.36 (KHTML, like Gecko) Chrome/137.0.0.0 Mobile Safari/537.36"
2001:e68:5402:3442:4400:30d1:dabf:3ed9 - - [08/Jun/2025:05:54:37 -0400] "GET /wp-includes/js/jquery/jquery-migrate.min.js?ver=3.4.1 HTTP/1.1" 200 4678 "https://remonster.online/" "Mozilla/5.0 (Linux; Android 10; K) AppleWebKit/537.36 (KHTML, like Gecko) Chrome/137.0.0.0 Mobile Safari/537.36"
2001:e68:5402:3442:4400:30d1:dabf:3ed9 - - [08/Jun/2025:05:54:39 -0400] "GET /wp-content/uploads/2021/11/cropped-CeDzRGZ-192x192.png HTTP/1.1" 200 68304 "https://remonster.online/" "Mozilla/5.0 (Linux; Android 10; K) AppleWebKit/537.36 (KHTML, like Gecko) Chrome/137.0.0.0 Mobile Safari/537.36"
165.225.210.237 - - [08/Jun/2025:05:54:46 -0400] "GET /manga/re-monster-chapter-57/ HTTP/1.1" 200 17451 "https://remonster.online/manga/re-monster-chapter-56/" "Mozilla/5.0 (Android 11; Mobile; rv:139.0) Gecko/139.0 Firefox/139.0"
2001:e68:5402:3442:4400:30d1:dabf:3ed9 - - [08/Jun/2025:05:54:55 -0400] "GET /manga/remonster-chapter-88/ HTTP/1.1" 200 14004 "https://remonster.online/" "Mozilla/5.0 (Linux; Android 10; K) AppleWebKit/537.36 (KHTML, like Gecko) Chrome/137.0.0.0 Mobile Safari/537.36"
2001:e68:5402:3442:4400:30d1:dabf:3ed9 - - [08/Jun/2025:05:54:56 -0400] "GET /manga/remonster-chapter-75/ HTTP/1.1" 200 17422 "https://remonster.online/" "Mozilla/5.0 (Linux; Android 10; K) AppleWebKit/537.36 (KHTML, like Gecko) Chrome/137.0.0.0 Mobile Safari/537.36"
2001:e68:5402:3442:4400:30d1:dabf:3ed9 - - [08/Jun/2025:05:54:57 -0400] "GET /manga/re-monster-chapter-23/ HTTP/1.1" 200 16723 "https://remonster.online/" "Mozilla/5.0 (Linux; Android 10; K) AppleWebKit/537.36 (KHTML, like Gecko) Chrome/137.0.0.0 Mobile Safari/537.36"
2001:e68:5402:3442:4400:30d1:dabf:3ed9 - - [08/Jun/2025:05:54:58 -0400] "GET /manga/remonster-chapter-91/ HTTP/1.1" 200 14141 "https://remonster.online/" "Mozilla/5.0 (Linux; Android 10; K) AppleWebKit/537.36 (KHTML, like Gecko) Chrome/137.0.0.0 Mobile Safari/537.36"
2001:e68:5402:3442:4400:30d1:dabf:3ed9 - - [08/Jun/2025:05:55:02 -0400] "GET /manga/remonster-chapter-100/ HTTP/1.1" 200 15536 "https://remonster.online/" "Mozilla/5.0 (Linux; Android 10; K) AppleWebKit/537.36 (KHTML, like Gecko) Chrome/137.0.0.0 Mobile Safari/537.36"
2001:e68:5402:3442:4400:30d1:dabf:3ed9 - - [08/Jun/2025:05:55:03 -0400] "GET /manga/remonster-chapter-100/ HTTP/1.1" 304 0 "https://remonster.online/" "Mozilla/5.0 (Linux; Android 10; K) AppleWebKit/537.36 (KHTML, like Gecko) Chrome/137.0.0.0 Mobile Safari/537.36"
162.0.232.193 - - [08/Jun/2025:05:55:05 -0400] "POST /wp-cron.php?doing_wp_cron=1749376504.9205579757690429687500 HTTP/1.1" 200 0 "-" "WordPress/6.6.2; https://remonster.online"
2001:e68:5402:3442:4400:30d1:dabf:3ed9 - - [08/Jun/2025:05:55:04 -0400] "POST /wp-admin/admin-ajax.php HTTP/1.1" 200 69 "https://remonster.online/manga/remonster-chapter-100/" "Mozilla/5.0 (Linux; Android 10; K) AppleWebKit/537.36 (KHTML, like Gecko) Chrome/137.0.0.0 Mobile Safari/537.36"
85.193.240.76 - - [08/Jun/2025:05:55:25 -0400] "GET /manga/re-monster-chapter-25/ HTTP/1.1" 200 17363 "https://remonster.online/manga/re-monster-chapter-24/" "Mozilla/5.0 (iPhone; CPU iPhone OS 18_5 like Mac OS X) AppleWebKit/605.1.15 (KHTML, like Gecko) Version/18.5 Mobile/15E148 Safari/604.1"
2001:e68:5402:3442:4400:30d1:dabf:3ed9 - - [08/Jun/2025:05:55:36 -0400] "GET /manga/remonster-chapter-105/ HTTP/1.1" 200 18283 "https://remonster.online/manga/remonster-chapter-100/" "Mozilla/5.0 (Linux; Android 10; K) AppleWebKit/537.36 (KHTML, like Gecko) Chrome/137.0.0.0 Mobile Safari/537.36"
2001:e68:5402:3442:4400:30d1:dabf:3ed9 - - [08/Jun/2025:05:55:36 -0400] "GET /manga/remonster-chapter-105/ HTTP/1.1" 304 0 "https://remonster.online/manga/remonster-chapter-100/" "Mozilla/5.0 (Linux; Android 10; K) AppleWebKit/537.36 (KHTML, like Gecko) Chrome/137.0.0.0 Mobile Safari/537.36"
162.0.232.193 - - [08/Jun/2025:05:55:37 -0400] "POST /wp-cron.php?doing_wp_cron=1749376537.1659929752349853515625 HTTP/1.1" 200 0 "-" "WordPress/6.6.2; https://remonster.online"
2001:e68:5402:3442:4400:30d1:dabf:3ed9 - - [08/Jun/2025:05:55:36 -0400] "POST /wp-admin/admin-ajax.php HTTP/1.1" 200 69 "https://remonster.online/manga/remonster-chapter-105/" "Mozilla/5.0 (Linux; Android 10; K) AppleWebKit/537.36 (KHTML, like Gecko) Chrome/137.0.0.0 Mobile Safari/537.36"
43.153.54.14 - - [08/Jun/2025:05:55:47 -0400] "GET / HTTP/1.1" 301 0 "http://www.remonster.online" "Mozilla/5.0 (iPhone; CPU iPhone OS 13_2_3 like Mac OS X) AppleWebKit/605.1.15 (KHTML, like Gecko) Version/13.0.3 Mobile/15E148 Safari/604.1"
43.153.54.14 - - [08/Jun/2025:05:55:48 -0400] "GET / HTTP/1.1" 200 10813 "https://www.remonster.online/" "Mozilla/5.0 (iPhone; CPU iPhone OS 13_2_3 like Mac OS X) AppleWebKit/605.1.15 (KHTML, like Gecko) Version/13.0.3 Mobile/15E148 Safari/604.1"
2601:3c8:437c:7e20:705a:b18d:d843:8a02 - - [08/Jun/2025:05:56:02 -0400] "GET /manga/re-monster-chapter-16/ HTTP/1.1" 200 17991 "https://remonster.online/manga/re-monster-chapter-15/" "Mozilla/5.0 (Linux; Android 10; K) AppleWebKit/537.36 (KHTML, like Gecko) Chrome/137.0.0.0 Mobile Safari/537.36"
2601:3c8:437c:7e20:705a:b18d:d843:8a02 - - [08/Jun/2025:05:56:02 -0400] "GET /manga/re-monster-chapter-16/ HTTP/1.1" 304 0 "https://remonster.online/manga/re-monster-chapter-15/" "Mozilla/5.0 (Linux; Android 10; K) AppleWebKit/537.36 (KHTML, like Gecko) Chrome/137.0.0.0 Mobile Safari/537.36"
2601:3c8:437c:7e20:705a:b18d:d843:8a02 - - [08/Jun/2025:05:56:02 -0400] "POST /wp-admin/admin-ajax.php HTTP/1.1" 200 69 "https://remonster.online/manga/re-monster-chapter-16/" "Mozilla/5.0 (Linux; Android 10; K) AppleWebKit/537.36 (KHTML, like Gecko) Chrome/137.0.0.0 Mobile Safari/537.36"
2001:fd8:b61d:c500:f984:e277:c717:faa2 - - [08/Jun/2025:05:56:03 -0400] "GET /manga/re-monster-chapter-11/ HTTP/1.1" 200 18103 "https://remonster.online/manga/re-monster-chapter-10/" "Mozilla/5.0 (iPhone; CPU iPhone OS 18_5 like Mac OS X) AppleWebKit/605.1.15 (KHTML, like Gecko) Version/18.5 Mobile/15E148 Safari/604.1 OPT/5.5.3"
2001:fd8:b61d:c500:f984:e277:c717:faa2 - - [08/Jun/2025:05:56:04 -0400] "POST /wp-admin/admin-ajax.php HTTP/1.1" 200 69 "https://remonster.online/manga/re-monster-chapter-11/" "Mozilla/5.0 (iPhone; CPU iPhone OS 18_5 like Mac OS X) AppleWebKit/605.1.15 (KHTML, like Gecko) Version/18.5 Mobile/15E148 Safari/604.1 OPT/5.5.3"
175.176.38.130 - - [08/Jun/2025:05:56:05 -0400] "GET /category/remonster/ HTTP/1.1" 200 24978 "https://remonster.online/manga/re-monster-chapter-33/" "Mozilla/5.0 (Linux; Android 10; K) AppleWebKit/537.36 (KHTML, like Gecko) SamsungBrowser/28.0 Chrome/130.0.0.0 Mobile Safari/537.36"
175.176.38.130 - - [08/Jun/2025:05:56:06 -0400] "GET /manga/re-monster-chapter-32/ HTTP/1.1" 304 0 "https://remonster.online/manga/re-monster-chapter-33/" "Mozilla/5.0 (Linux; Android 10; K) AppleWebKit/537.36 (KHTML, like Gecko) SamsungBrowser/28.0 Chrome/130.0.0.0 Mobile Safari/537.36"
175.176.38.130 - - [08/Jun/2025:05:56:07 -0400] "GET /manga/re-monster-chapter-34/ HTTP/1.1" 200 16964 "https://remonster.online/manga/re-monster-chapter-33/" "Mozilla/5.0 (Linux; Android 10; K) AppleWebKit/537.36 (KHTML, like Gecko) SamsungBrowser/28.0 Chrome/130.0.0.0 Mobile Safari/537.36"
165.225.210.237 - - [08/Jun/2025:05:56:29 -0400] "GET /manga/re-monster-chapter-58/ HTTP/1.1" 200 17390 "https://remonster.online/manga/re-monster-chapter-57/" "Mozilla/5.0 (Android 11; Mobile; rv:139.0) Gecko/139.0 Firefox/139.0"
114.119.142.140 - - [08/Jun/2025:05:56:38 -0400] "GET /tag/remonster-chapter-95-chapter/ HTTP/1.1" 301 0 "https://remonster.online/manga/remonster-chapter-101/" "Mozilla/5.0 (Linux; Android 7.0;) AppleWebKit/537.36 (KHTML, like Gecko) Mobile Safari/537.36 (compatible; PetalBot;+https://webmaster.petalsearch.com/site/petalbot)"
114.119.142.140 - - [08/Jun/2025:05:56:38 -0400] "GET / HTTP/1.1" 200 10813 "https://remonster.online/manga/remonster-chapter-101/" "Mozilla/5.0 (Linux; Android 7.0;) AppleWebKit/537.36 (KHTML, like Gecko) Mobile Safari/537.36 (compatible; PetalBot;+https://webmaster.petalsearch.com/site/petalbot)"
2001:e68:5402:3442:4400:30d1:dabf:3ed9 - - [08/Jun/2025:05:56:48 -0400] "GET / HTTP/1.1" 200 10813 "https://remonster.online/manga/remonster-chapter-105/" "Mozilla/5.0 (Linux; Android 10; K) AppleWebKit/537.36 (KHTML, like Gecko) Chrome/137.0.0.0 Mobile Safari/537.36"
2001:e68:5402:3442:4400:30d1:dabf:3ed9 - - [08/Jun/2025:05:56:48 -0400] "GET / HTTP/1.1" 304 0 "https://remonster.online/manga/remonster-chapter-105/" "Mozilla/5.0 (Linux; Android 10; K) AppleWebKit/537.36 (KHTML, like Gecko) Chrome/137.0.0.0 Mobile Safari/537.36"
79.45.143.213 - - [08/Jun/2025:05:56:52 -0400] "GET /manga/re-monster-chapter-38/ HTTP/1.1" 200 17364 "https://remonster.online/manga/re-monster-chapter-37/" "Mozilla/5.0 (Windows NT 10.0; Win64; x64) AppleWebKit/537.36 (KHTML, like Gecko) Chrome/137.0.0.0 Safari/537.36 Edg/137.0.0.0"
79.45.143.213 - - [08/Jun/2025:05:56:53 -0400] "GET /manga/re-monster-chapter-38/ HTTP/1.1" 304 0 "https://remonster.online/manga/re-monster-chapter-37/" "Mozilla/5.0 (Windows NT 10.0; Win64; x64) AppleWebKit/537.36 (KHTML, like Gecko) Chrome/137.0.0.0 Safari/537.36 Edg/137.0.0.0"
79.45.143.213 - - [08/Jun/2025:05:56:53 -0400] "GET / HTTP/1.1" 304 0 "https://remonster.online/manga/re-monster-chapter-38/" "Mozilla/5.0 (Windows NT 10.0; Win64; x64) AppleWebKit/537.36 (KHTML, like Gecko) Chrome/137.0.0.0 Safari/537.36 Edg/137.0.0.0"
2001:e68:5402:3442:4400:30d1:dabf:3ed9 - - [08/Jun/2025:05:56:55 -0400] "GET /category/remonster/ HTTP/1.1" 200 24978 "https://remonster.online/" "Mozilla/5.0 (Linux; Android 10; K) AppleWebKit/537.36 (KHTML, like Gecko) Chrome/137.0.0.0 Mobile Safari/537.36"
2001:e68:5402:3442:4400:30d1:dabf:3ed9 - - [08/Jun/2025:05:56:57 -0400] "GET /privacy-policy/ HTTP/1.1" 200 13720 "https://remonster.online/" "Mozilla/5.0 (Linux; Android 10; K) AppleWebKit/537.36 (KHTML, like Gecko) Chrome/137.0.0.0 Mobile Safari/537.36"
2001:fd8:b61d:c500:f984:e277:c717:faa2 - - [08/Jun/2025:05:57:55 -0400] "GET /manga/re-monster-chapter-12/ HTTP/1.1" 200 17806 "https://remonster.online/manga/re-monster-chapter-11/" "Mozilla/5.0 (iPhone; CPU iPhone OS 18_5 like Mac OS X) AppleWebKit/605.1.15 (KHTML, like Gecko) Version/18.5 Mobile/15E148 Safari/604.1 OPT/5.5.3"
162.0.232.193 - - [08/Jun/2025:05:57:55 -0400] "POST /wp-cron.php?doing_wp_cron=1749376675.6288270950317382812500 HTTP/1.1" 200 0 "-" "WordPress/6.6.2; https://remonster.online"
2001:fd8:b61d:c500:f984:e277:c717:faa2 - - [08/Jun/2025:05:57:55 -0400] "POST /wp-admin/admin-ajax.php HTTP/1.1" 200 69 "https://remonster.online/manga/re-monster-chapter-12/" "Mozilla/5.0 (iPhone; CPU iPhone OS 18_5 like Mac OS X) AppleWebKit/605.1.15 (KHTML, like Gecko) Version/18.5 Mobile/15E148 Safari/604.1 OPT/5.5.3"
85.193.240.76 - - [08/Jun/2025:05:58:03 -0400] "GET /manga/re-monster-chapter-26/ HTTP/1.1" 200 16619 "https://remonster.online/manga/re-monster-chapter-25/" "Mozilla/5.0 (iPhone; CPU iPhone OS 18_5 like Mac OS X) AppleWebKit/605.1.15 (KHTML, like Gecko) Version/18.5 Mobile/15E148 Safari/604.1"
85.193.240.76 - - [08/Jun/2025:05:58:48 -0400] "GET /manga/re-monster-chapter-27/ HTTP/1.1" 200 17677 "https://remonster.online/manga/re-monster-chapter-26/" "Mozilla/5.0 (iPhone; CPU iPhone OS 18_5 like Mac OS X) AppleWebKit/605.1.15 (KHTML, like Gecko) Version/18.5 Mobile/15E148 Safari/604.1"
82.145.215.206 - - [08/Jun/2025:05:59:03 -0400] "GET / HTTP/1.1" 200 10856 "-" "Mozilla/5.0 (iPhone; CPU iPhone OS 11_0 like Mac OS X) AppleWebKit/604.1.38 (KHTML, like Gecko) Version/11.0 Mobile/15A372 Safari/604.1"
162.0.232.193 - - [08/Jun/2025:05:59:04 -0400] "POST /wp-cron.php?doing_wp_cron=1749376744.6974029541015625000000 HTTP/1.1" 200 0 "-" "WordPress/6.6.2; https://remonster.online"
82.145.215.206 - - [08/Jun/2025:05:59:04 -0400] "GET /apple-touch-icon.png HTTP/1.1" 301 0 "-" "Go-http-client/1.1"
