164.127.229.66 - - [08/Jun/2025:12:34:16 -0400] "GET /manga/re-monster-chapter-2/ HTTP/1.1" 304 0 "https://remonster.online/manga/re-monster-chapter-1/" "Mozilla/5.0 (Windows NT 10.0; Win64; x64) AppleWebKit/537.36 (KHTML, like Gecko) Chrome/137.0.0.0 Safari/537.36"
17.241.75.252 - - [08/Jun/2025:12:35:02 -0400] "GET /manga/remonster-chapter-89/ HTTP/1.1" 200 14567 "-" "Mozilla/5.0 (Macintosh; Intel Mac OS X 10_15_7) AppleWebKit/605.1.15 (KHTML, like Gecko) Version/17.4 Safari/605.1.15 (Applebot/0.1; +http://www.apple.com/go/applebot)"
164.127.229.66 - - [08/Jun/2025:12:35:03 -0400] "GET /manga/re-monster-chapter-1/ HTTP/1.1" 304 0 "https://remonster.online/manga/re-monster-chapter-2/" "Mozilla/5.0 (Windows NT 10.0; Win64; x64) AppleWebKit/537.36 (KHTML, like Gecko) Chrome/137.0.0.0 Safari/537.36"
164.127.229.66 - - [08/Jun/2025:12:35:04 -0400] "GET /manga/re-monster-chapter-3/ HTTP/1.1" 200 18043 "https://remonster.online/manga/re-monster-chapter-2/" "Mozilla/5.0 (Windows NT 10.0; Win64; x64) AppleWebKit/537.36 (KHTML, like Gecko) Chrome/137.0.0.0 Safari/537.36"
164.127.229.66 - - [08/Jun/2025:12:35:04 -0400] "GET /manga/re-monster-chapter-3/ HTTP/1.1" 304 0 "https://remonster.online/manga/re-monster-chapter-2/" "Mozilla/5.0 (Windows NT 10.0; Win64; x64) AppleWebKit/537.36 (KHTML, like Gecko) Chrome/137.0.0.0 Safari/537.36"
164.127.229.66 - - [08/Jun/2025:12:35:05 -0400] "GET /dmca/ HTTP/1.1" 200 10830 "https://remonster.online/manga/re-monster-chapter-3/" "Mozilla/5.0 (Windows NT 10.0; Win64; x64) AppleWebKit/537.36 (KHTML, like Gecko) Chrome/137.0.0.0 Safari/537.36"
174.95.87.74 - - [08/Jun/2025:12:35:15 -0400] "GET /manga/re-monster-chapter-73/ HTTP/1.1" 200 17443 "https://remonster.online/manga/re-monster-chapter-72/" "Mozilla/5.0 (Android 11; Mobile; rv:139.0) Gecko/139.0 Firefox/139.0"
43.133.14.237 - - [08/Jun/2025:12:35:18 -0400] "GET /manga/re-monster-chapter-59/ HTTP/1.1" 200 17413 "-" "Mozilla/5.0 (iPhone; CPU iPhone OS 13_2_3 like Mac OS X) AppleWebKit/605.1.15 (KHTML, like Gecko) Version/13.0.3 Mobile/15E148 Safari/604.1"
164.127.229.66 - - [08/Jun/2025:12:35:28 -0400] "GET /manga/re-monster-chapter-4/ HTTP/1.1" 200 18016 "https://remonster.online/manga/re-monster-chapter-3/" "Mozilla/5.0 (Windows NT 10.0; Win64; x64) AppleWebKit/537.36 (KHTML, like Gecko) Chrome/137.0.0.0 Safari/537.36"
164.127.229.66 - - [08/Jun/2025:12:35:30 -0400] "GET /manga/re-monster-chapter-4/ HTTP/1.1" 304 0 "https://remonster.online/manga/re-monster-chapter-3/" "Mozilla/5.0 (Windows NT 10.0; Win64; x64) AppleWebKit/537.36 (KHTML, like Gecko) Chrome/137.0.0.0 Safari/537.36"
164.127.229.66 - - [08/Jun/2025:12:35:30 -0400] "GET /dmca/ HTTP/1.1" 304 0 "https://remonster.online/manga/re-monster-chapter-4/" "Mozilla/5.0 (Windows NT 10.0; Win64; x64) AppleWebKit/537.36 (KHTML, like Gecko) Chrome/137.0.0.0 Safari/537.36"
76.49.6.198 - - [08/Jun/2025:12:35:32 -0400] "GET /manga/re-monster-chapter-66/ HTTP/1.1" 200 18283 "https://remonster.online/manga/re-monster-chapter-65/" "Mozilla/5.0 (iPhone; CPU iPhone OS 15_6_1 like Mac OS X) AppleWebKit/605.1.15 (KHTML, like Gecko) Version/15.6.1 Mobile/15E148 Safari/604.1"
162.0.232.193 - - [08/Jun/2025:12:35:33 -0400] "POST /wp-cron.php?doing_wp_cron=1749400533.0190320014953613281250 HTTP/1.1" 200 0 "-" "WordPress/6.6.2; https://remonster.online"
76.49.6.198 - - [08/Jun/2025:12:35:32 -0400] "POST /wp-admin/admin-ajax.php HTTP/1.1" 200 69 "https://remonster.online/manga/re-monster-chapter-66/" "Mozilla/5.0 (iPhone; CPU iPhone OS 15_6_1 like Mac OS X) AppleWebKit/605.1.15 (KHTML, like Gecko) Version/15.6.1 Mobile/15E148 Safari/604.1"
164.127.229.66 - - [08/Jun/2025:12:35:37 -0400] "GET /privacy-policy/ HTTP/1.1" 200 13370 "https://remonster.online/manga/re-monster-chapter-4/" "Mozilla/5.0 (Windows NT 10.0; Win64; x64) AppleWebKit/537.36 (KHTML, like Gecko) Chrome/137.0.0.0 Safari/537.36"
164.127.229.66 - - [08/Jun/2025:12:35:37 -0400] "GET /manga/re-monster-chapter-1/ HTTP/1.1" 304 0 "https://remonster.online/manga/re-monster-chapter-4/" "Mozilla/5.0 (Windows NT 10.0; Win64; x64) AppleWebKit/537.36 (KHTML, like Gecko) Chrome/137.0.0.0 Safari/537.36"
164.127.229.66 - - [08/Jun/2025:12:35:40 -0400] "GET / HTTP/1.1" 200 10863 "https://remonster.online/manga/re-monster-chapter-4/" "Mozilla/5.0 (Windows NT 10.0; Win64; x64) AppleWebKit/537.36 (KHTML, like Gecko) Chrome/137.0.0.0 Safari/537.36"
164.127.229.66 - - [08/Jun/2025:12:35:40 -0400] "GET /manga/remonster-chapter-105/ HTTP/1.1" 200 18185 "https://remonster.online/manga/re-monster-chapter-4/" "Mozilla/5.0 (Windows NT 10.0; Win64; x64) AppleWebKit/537.36 (KHTML, like Gecko) Chrome/137.0.0.0 Safari/537.36"
164.127.229.66 - - [08/Jun/2025:12:36:05 -0400] "GET /manga/re-monster-chapter-2/ HTTP/1.1" 304 0 "https://remonster.online/manga/re-monster-chapter-1/" "Mozilla/5.0 (Windows NT 10.0; Win64; x64) AppleWebKit/537.36 (KHTML, like Gecko) Chrome/137.0.0.0 Safari/537.36"
164.127.229.66 - - [08/Jun/2025:12:36:07 -0400] "GET /manga/re-monster-chapter-3/ HTTP/1.1" 304 0 "https://remonster.online/" "Mozilla/5.0 (Windows NT 10.0; Win64; x64) AppleWebKit/537.36 (KHTML, like Gecko) Chrome/137.0.0.0 Safari/537.36"
164.127.229.66 - - [08/Jun/2025:12:36:07 -0400] "GET /manga/re-monster-chapter-9/ HTTP/1.1" 200 16799 "https://remonster.online/" "Mozilla/5.0 (Windows NT 10.0; Win64; x64) AppleWebKit/537.36 (KHTML, like Gecko) Chrome/137.0.0.0 Safari/537.36"
164.127.229.66 - - [08/Jun/2025:12:36:08 -0400] "GET /manga/re-monster-chapter-13/ HTTP/1.1" 200 17436 "https://remonster.online/" "Mozilla/5.0 (Windows NT 10.0; Win64; x64) AppleWebKit/537.36 (KHTML, like Gecko) Chrome/137.0.0.0 Safari/537.36"
164.127.229.66 - - [08/Jun/2025:12:36:09 -0400] "GET /manga/re-monster-chapter-14/ HTTP/1.1" 200 17734 "https://remonster.online/" "Mozilla/5.0 (Windows NT 10.0; Win64; x64) AppleWebKit/537.36 (KHTML, like Gecko) Chrome/137.0.0.0 Safari/537.36"
164.127.229.66 - - [08/Jun/2025:12:36:09 -0400] "GET /manga/re-monster-chapter-14/ HTTP/1.1" 304 0 "https://remonster.online/" "Mozilla/5.0 (Windows NT 10.0; Win64; x64) AppleWebKit/537.36 (KHTML, like Gecko) Chrome/137.0.0.0 Safari/537.36"
164.127.229.66 - - [08/Jun/2025:12:36:10 -0400] "GET /manga/remonster-chapter-105/ HTTP/1.1" 304 0 "https://remonster.online/manga/re-monster-chapter-14/" "Mozilla/5.0 (Windows NT 10.0; Win64; x64) AppleWebKit/537.36 (KHTML, like Gecko) Chrome/137.0.0.0 Safari/537.36"
164.127.229.66 - - [08/Jun/2025:12:36:10 -0400] "GET /manga/re-monster-chapter-14/ HTTP/1.1" 304 0 "https://remonster.online/manga/re-monster-chapter-14/" "Mozilla/5.0 (Windows NT 10.0; Win64; x64) AppleWebKit/537.36 (KHTML, like Gecko) Chrome/137.0.0.0 Safari/537.36"
164.127.229.66 - - [08/Jun/2025:12:36:09 -0400] "POST /wp-admin/admin-ajax.php HTTP/1.1" 200 69 "https://remonster.online/manga/re-monster-chapter-14/" "Mozilla/5.0 (Windows NT 10.0; Win64; x64) AppleWebKit/537.36 (KHTML, like Gecko) Chrome/137.0.0.0 Safari/537.36"
69.79.197.195 - - [08/Jun/2025:12:36:10 -0400] "GET /manga/re-monster-chapter-23/ HTTP/1.1" 200 16757 "https://remonster.online/manga/re-monster-chapter-22/" "Mozilla/5.0 (iPhone; CPU iPhone OS 18_0 like Mac OS X) AppleWebKit/605.1.15 (KHTML, like Gecko) Version/18.0 Mobile/15E148 Safari/604.1"
69.79.197.195 - - [08/Jun/2025:12:36:11 -0400] "POST /wp-admin/admin-ajax.php HTTP/1.1" 200 69 "https://remonster.online/manga/re-monster-chapter-23/" "Mozilla/5.0 (iPhone; CPU iPhone OS 18_0 like Mac OS X) AppleWebKit/605.1.15 (KHTML, like Gecko) Version/18.0 Mobile/15E148 Safari/604.1"
2a01:599:106:4445:55f9:81bb:11c3:d8d3 - - [08/Jun/2025:12:36:19 -0400] "GET /manga/re-monster-chapter-70/ HTTP/1.1" 200 18115 "https://remonster.online/manga/re-monster-chapter-69/" "Mozilla/5.0 (iPhone; CPU iPhone OS 16_7_11 like Mac OS X) AppleWebKit/605.1.15 (KHTML, like Gecko) Version/16.6.1 Mobile/15E148 Safari/604.1"
164.127.229.66 - - [08/Jun/2025:12:36:19 -0400] "GET /manga/re-monster-chapter-15/ HTTP/1.1" 200 17807 "https://remonster.online/" "Mozilla/5.0 (Windows NT 10.0; Win64; x64) AppleWebKit/537.36 (KHTML, like Gecko) Chrome/137.0.0.0 Safari/537.36"
164.127.229.66 - - [08/Jun/2025:12:36:19 -0400] "GET /manga/re-monster-chapter-21/ HTTP/1.1" 200 16433 "https://remonster.online/" "Mozilla/5.0 (Windows NT 10.0; Win64; x64) AppleWebKit/537.36 (KHTML, like Gecko) Chrome/137.0.0.0 Safari/537.36"
164.127.229.66 - - [08/Jun/2025:12:36:19 -0400] "GET /manga/re-monster-chapter-17/ HTTP/1.1" 200 17395 "https://remonster.online/" "Mozilla/5.0 (Windows NT 10.0; Win64; x64) AppleWebKit/537.36 (KHTML, like Gecko) Chrome/137.0.0.0 Safari/537.36"
162.0.232.193 - - [08/Jun/2025:12:36:20 -0400] "POST /wp-cron.php?doing_wp_cron=1749400580.1716370582580566406250 HTTP/1.1" 200 0 "-" "WordPress/6.6.2; https://remonster.online"
164.127.229.66 - - [08/Jun/2025:12:36:20 -0400] "GET /manga/re-monster-chapter-17/ HTTP/1.1" 304 0 "https://remonster.online/" "Mozilla/5.0 (Windows NT 10.0; Win64; x64) AppleWebKit/537.36 (KHTML, like Gecko) Chrome/137.0.0.0 Safari/537.36"
2a01:599:106:4445:55f9:81bb:11c3:d8d3 - - [08/Jun/2025:12:36:19 -0400] "POST /wp-admin/admin-ajax.php HTTP/1.1" 200 69 "https://remonster.online/manga/re-monster-chapter-70/" "Mozilla/5.0 (iPhone; CPU iPhone OS 16_7_11 like Mac OS X) AppleWebKit/605.1.15 (KHTML, like Gecko) Version/16.6.1 Mobile/15E148 Safari/604.1"
76.49.6.198 - - [08/Jun/2025:12:36:21 -0400] "GET /manga/re-monster-chapter-67/ HTTP/1.1" 200 17972 "https://remonster.online/manga/re-monster-chapter-66/" "Mozilla/5.0 (iPhone; CPU iPhone OS 15_6_1 like Mac OS X) AppleWebKit/605.1.15 (KHTML, like Gecko) Version/15.6.1 Mobile/15E148 Safari/604.1"
76.49.6.198 - - [08/Jun/2025:12:36:21 -0400] "POST /wp-admin/admin-ajax.php HTTP/1.1" 200 69 "https://remonster.online/manga/re-monster-chapter-67/" "Mozilla/5.0 (iPhone; CPU iPhone OS 15_6_1 like Mac OS X) AppleWebKit/605.1.15 (KHTML, like Gecko) Version/15.6.1 Mobile/15E148 Safari/604.1"
162.0.232.193 - - [08/Jun/2025:12:36:44 -0400] "POST /wp-cron.php?doing_wp_cron=1749400603.9633429050445556640625 HTTP/1.1" 200 0 "-" "WordPress/6.6.2; https://remonster.online"
17.22.253.83 - - [08/Jun/2025:12:36:43 -0400] "POST /wp-admin/admin-ajax.php HTTP/1.1" 200 49 "https://remonster.online/manga/remonster-chapter-89/" "Mozilla/5.0 (Macintosh; Intel Mac OS X 10_15_7) AppleWebKit/605.1.15 (KHTML, like Gecko) Version/17.4 Safari/605.1.15 (Applebot/0.1; +http://www.apple.com/go/applebot)"
185.191.171.11 - - [08/Jun/2025:12:36:49 -0400] "GET /category/remonster-manga/page/10/ HTTP/1.1" 200 16925 "-" "Mozilla/5.0 (compatible; SemrushBot/7~bl; +http://www.semrush.com/bot.html)"
174.95.87.74 - - [08/Jun/2025:12:36:53 -0400] "GET /manga/re-monster-chapter-74/ HTTP/1.1" 200 17659 "https://remonster.online/manga/re-monster-chapter-73/" "Mozilla/5.0 (Android 11; Mobile; rv:139.0) Gecko/139.0 Firefox/139.0"
192.252.136.7 - - [08/Jun/2025:12:37:04 -0400] "GET /manga/re-monster-chapter-29/ HTTP/1.1" 200 17080 "https://remonster.online/manga/re-monster-chapter-28/" "Mozilla/5.0 (Macintosh; Intel Mac OS X 10_15_7) AppleWebKit/605.1.15 (KHTML, like Gecko) Version/18.5 Safari/605.1.15"
164.127.229.66 - - [08/Jun/2025:12:37:04 -0400] "GET /manga/re-monster-chapter-19/ HTTP/1.1" 200 18456 "https://remonster.online/" "Mozilla/5.0 (Windows NT 10.0; Win64; x64) AppleWebKit/537.36 (KHTML, like Gecko) Chrome/137.0.0.0 Safari/537.36"
164.127.229.66 - - [08/Jun/2025:12:37:04 -0400] "GET /manga/re-monster-chapter-16/ HTTP/1.1" 200 17998 "https://remonster.online/" "Mozilla/5.0 (Windows NT 10.0; Win64; x64) AppleWebKit/537.36 (KHTML, like Gecko) Chrome/137.0.0.0 Safari/537.36"
164.127.229.66 - - [08/Jun/2025:12:37:04 -0400] "GET /manga/re-monster-chapter-18/ HTTP/1.1" 200 18248 "https://remonster.online/" "Mozilla/5.0 (Windows NT 10.0; Win64; x64) AppleWebKit/537.36 (KHTML, like Gecko) Chrome/137.0.0.0 Safari/537.36"
164.127.229.66 - - [08/Jun/2025:12:37:05 -0400] "GET /manga/re-monster-chapter-16/ HTTP/1.1" 304 0 "https://remonster.online/" "Mozilla/5.0 (Windows NT 10.0; Win64; x64) AppleWebKit/537.36 (KHTML, like Gecko) Chrome/137.0.0.0 Safari/537.36"
164.127.229.66 - - [08/Jun/2025:12:37:05 -0400] "POST /wp-admin/admin-ajax.php HTTP/1.1" 200 69 "https://remonster.online/manga/re-monster-chapter-16/" "Mozilla/5.0 (Windows NT 10.0; Win64; x64) AppleWebKit/537.36 (KHTML, like Gecko) Chrome/137.0.0.0 Safari/537.36"
76.49.6.198 - - [08/Jun/2025:12:37:10 -0400] "GET /manga/re-monster-chapter-68/ HTTP/1.1" 200 17921 "https://remonster.online/manga/re-monster-chapter-67/" "Mozilla/5.0 (iPhone; CPU iPhone OS 15_6_1 like Mac OS X) AppleWebKit/605.1.15 (KHTML, like Gecko) Version/15.6.1 Mobile/15E148 Safari/604.1"
76.49.6.198 - - [08/Jun/2025:12:37:10 -0400] "POST /wp-admin/admin-ajax.php HTTP/1.1" 200 69 "https://remonster.online/manga/re-monster-chapter-68/" "Mozilla/5.0 (iPhone; CPU iPhone OS 15_6_1 like Mac OS X) AppleWebKit/605.1.15 (KHTML, like Gecko) Version/15.6.1 Mobile/15E148 Safari/604.1"
2001:d08:1a06:6be3:1:0:3541:baf8 - - [08/Jun/2025:12:37:21 -0400] "GET /manga/re-monster-chapter-56/ HTTP/1.1" 200 17392 "https://remonster.online/manga/re-monster-chapter-55/" "Mozilla/5.0 (Linux; Android 10; K) AppleWebKit/537.36 (KHTML, like Gecko) Chrome/137.0.0.0 Mobile Safari/537.36"
2001:d08:1a06:6be3:1:0:3541:baf8 - - [08/Jun/2025:12:37:21 -0400] "GET /manga/re-monster-chapter-56/ HTTP/1.1" 304 0 "https://remonster.online/manga/re-monster-chapter-55/" "Mozilla/5.0 (Linux; Android 10; K) AppleWebKit/537.36 (KHTML, like Gecko) Chrome/137.0.0.0 Mobile Safari/537.36"
208.115.211.77 - - [08/Jun/2025:12:37:32 -0400] "GET / HTTP/1.1" 200 10856 "https://www.google.com/" "Mozilla/5.0 (Linux; Android 10; K) AppleWebKit/537.36 (KHTML, like Gecko) Chrome/137.0.0.0 Mobile Safari/537.36"
76.49.6.198 - - [08/Jun/2025:12:37:34 -0400] "GET /manga/re-monster-chapter-69/ HTTP/1.1" 200 17960 "https://remonster.online/manga/re-monster-chapter-68/" "Mozilla/5.0 (iPhone; CPU iPhone OS 15_6_1 like Mac OS X) AppleWebKit/605.1.15 (KHTML, like Gecko) Version/15.6.1 Mobile/15E148 Safari/604.1"
164.127.229.66 - - [08/Jun/2025:12:37:45 -0400] "GET /manga/re-monster-chapter-15/ HTTP/1.1" 304 0 "https://remonster.online/" "Mozilla/5.0 (Windows NT 10.0; Win64; x64) AppleWebKit/537.36 (KHTML, like Gecko) Chrome/137.0.0.0 Safari/537.36"
162.0.232.193 - - [08/Jun/2025:12:37:46 -0400] "POST /wp-cron.php?doing_wp_cron=1749400666.3547449111938476562500 HTTP/1.1" 200 0 "-" "WordPress/6.6.2; https://remonster.online"
164.127.229.66 - - [08/Jun/2025:12:37:46 -0400] "POST /wp-admin/admin-ajax.php HTTP/1.1" 200 69 "https://remonster.online/manga/re-monster-chapter-15/" "Mozilla/5.0 (Windows NT 10.0; Win64; x64) AppleWebKit/537.36 (KHTML, like Gecko) Chrome/137.0.0.0 Safari/537.36"
164.127.229.66 - - [08/Jun/2025:12:38:00 -0400] "GET /manga/re-monster-chapter-14/ HTTP/1.1" 304 0 "https://remonster.online/" "Mozilla/5.0 (Windows NT 10.0; Win64; x64) AppleWebKit/537.36 (KHTML, like Gecko) Chrome/137.0.0.0 Safari/537.36"
164.127.229.66 - - [08/Jun/2025:12:38:01 -0400] "POST /wp-admin/admin-ajax.php HTTP/1.1" 200 69 "https://remonster.online/manga/re-monster-chapter-14/" "Mozilla/5.0 (Windows NT 10.0; Win64; x64) AppleWebKit/537.36 (KHTML, like Gecko) Chrome/137.0.0.0 Safari/537.36"
2a05:45c2:72c0:200:e965:f998:d007:3d53 - - [08/Jun/2025:12:38:37 -0400] "GET /manga/re-monster-chapter-1/ HTTP/1.1" 200 18379 "https://remonster.online/" "Mozilla/5.0 (Macintosh; Intel Mac OS X 10_15_7) AppleWebKit/605.1.15 (KHTML, like Gecko) Version/18.5 Safari/605.1.15"
76.49.6.198 - - [08/Jun/2025:12:38:38 -0400] "GET /manga/re-monster-chapter-70/ HTTP/1.1" 200 18115 "https://remonster.online/manga/re-monster-chapter-69/" "Mozilla/5.0 (iPhone; CPU iPhone OS 15_6_1 like Mac OS X) AppleWebKit/605.1.15 (KHTML, like Gecko) Version/15.6.1 Mobile/15E148 Safari/604.1"
162.0.232.193 - - [08/Jun/2025:12:38:39 -0400] "POST /wp-cron.php?doing_wp_cron=1749400718.9973320960998535156250 HTTP/1.1" 200 0 "-" "WordPress/6.6.2; https://remonster.online"
164.127.229.66 - - [08/Jun/2025:12:38:38 -0400] "POST /wp-admin/admin-ajax.php HTTP/1.1" 200 69 "https://remonster.online/manga/re-monster-chapter-14/" "Mozilla/5.0 (Windows NT 10.0; Win64; x64) AppleWebKit/537.36 (KHTML, like Gecko) Chrome/137.0.0.0 Safari/537.36"
76.49.6.198 - - [08/Jun/2025:12:38:38 -0400] "POST /wp-admin/admin-ajax.php HTTP/1.1" 200 69 "https://remonster.online/manga/re-monster-chapter-70/" "Mozilla/5.0 (iPhone; CPU iPhone OS 15_6_1 like Mac OS X) AppleWebKit/605.1.15 (KHTML, like Gecko) Version/15.6.1 Mobile/15E148 Safari/604.1"
164.127.229.66 - - [08/Jun/2025:12:38:40 -0400] "GET /manga/re-monster-chapter-19/ HTTP/1.1" 304 0 "https://remonster.online/" "Mozilla/5.0 (Windows NT 10.0; Win64; x64) AppleWebKit/537.36 (KHTML, like Gecko) Chrome/137.0.0.0 Safari/537.36"
164.127.229.66 - - [08/Jun/2025:12:38:40 -0400] "GET /manga/re-monster-chapter-39/ HTTP/1.1" 200 15610 "https://remonster.online/" "Mozilla/5.0 (Windows NT 10.0; Win64; x64) AppleWebKit/537.36 (KHTML, like Gecko) Chrome/137.0.0.0 Safari/537.36"
164.127.229.66 - - [08/Jun/2025:12:38:43 -0400] "GET /manga/remonster-chapter-105/ HTTP/1.1" 304 0 "https://remonster.online/" "Mozilla/5.0 (Windows NT 10.0; Win64; x64) AppleWebKit/537.36 (KHTML, like Gecko) Chrome/137.0.0.0 Safari/537.36"
164.127.229.66 - - [08/Jun/2025:12:38:44 -0400] "GET /manga/remonster-chapter-105/ HTTP/1.1" 304 0 "https://remonster.online/" "Mozilla/5.0 (Windows NT 10.0; Win64; x64) AppleWebKit/537.36 (KHTML, like Gecko) Chrome/137.0.0.0 Safari/537.36"
164.127.229.66 - - [08/Jun/2025:12:38:45 -0400] "GET / HTTP/1.1" 304 0 "https://remonster.online/manga/remonster-chapter-105/" "Mozilla/5.0 (Windows NT 10.0; Win64; x64) AppleWebKit/537.36 (KHTML, like Gecko) Chrome/137.0.0.0 Safari/537.36"
164.127.229.66 - - [08/Jun/2025:12:38:44 -0400] "POST /wp-admin/admin-ajax.php HTTP/1.1" 200 69 "https://remonster.online/manga/remonster-chapter-105/" "Mozilla/5.0 (Windows NT 10.0; Win64; x64) AppleWebKit/537.36 (KHTML, like Gecko) Chrome/137.0.0.0 Safari/537.36"
69.79.197.195 - - [08/Jun/2025:12:38:49 -0400] "GET /manga/re-monster-chapter-24/ HTTP/1.1" 200 17717 "https://remonster.online/manga/re-monster-chapter-23/" "Mozilla/5.0 (iPhone; CPU iPhone OS 18_0 like Mac OS X) AppleWebKit/605.1.15 (KHTML, like Gecko) Version/18.0 Mobile/15E148 Safari/604.1"
76.49.6.198 - - [08/Jun/2025:12:39:15 -0400] "GET /manga/re-monster-chapter-71/ HTTP/1.1" 200 17764 "https://remonster.online/manga/re-monster-chapter-70/" "Mozilla/5.0 (iPhone; CPU iPhone OS 15_6_1 like Mac OS X) AppleWebKit/605.1.15 (KHTML, like Gecko) Version/15.6.1 Mobile/15E148 Safari/604.1"
164.127.229.66 - - [08/Jun/2025:12:39:23 -0400] "GET /manga/remonster-chapter-103/ HTTP/1.1" 200 15397 "https://remonster.online/" "Mozilla/5.0 (Windows NT 10.0; Win64; x64) AppleWebKit/537.36 (KHTML, like Gecko) Chrome/137.0.0.0 Safari/537.36"
164.127.229.66 - - [08/Jun/2025:12:39:23 -0400] "GET /manga/remonster-chapter-106/ HTTP/1.1" 200 14266 "https://remonster.online/" "Mozilla/5.0 (Windows NT 10.0; Win64; x64) AppleWebKit/537.36 (KHTML, like Gecko) Chrome/137.0.0.0 Safari/537.36"
164.127.229.66 - - [08/Jun/2025:12:39:23 -0400] "GET /manga/remonster-chapter-106/ HTTP/1.1" 304 0 "https://remonster.online/" "Mozilla/5.0 (Windows NT 10.0; Win64; x64) AppleWebKit/537.36 (KHTML, like Gecko) Chrome/137.0.0.0 Safari/537.36"
2607:fb90:9b8f:c106:b9fb:3060:a337:3383 - - [08/Jun/2025:12:39:24 -0400] "GET /manga/re-monster-chapter-2/ HTTP/1.1" 200 18137 "-" "Mozilla/5.0 (iPhone; CPU iPhone OS 18_4 like Mac OS X) AppleWebKit/605.1.15 (KHTML, like Gecko) Mobile/15E148"
164.127.229.66 - - [08/Jun/2025:12:39:28 -0400] "GET /tag/sei/ HTTP/1.1" 301 0 "https://remonster.online/manga/remonster-chapter-106/" "Mozilla/5.0 (Windows NT 10.0; Win64; x64) AppleWebKit/537.36 (KHTML, like Gecko) Chrome/137.0.0.0 Safari/537.36"
164.127.229.66 - - [08/Jun/2025:12:39:29 -0400] "GET / HTTP/1.1" 304 0 "https://remonster.online/manga/remonster-chapter-106/" "Mozilla/5.0 (Windows NT 10.0; Win64; x64) AppleWebKit/537.36 (KHTML, like Gecko) Chrome/137.0.0.0 Safari/537.36"
2607:fb90:9b8f:c106:b9fb:3060:a337:3383 - - [08/Jun/2025:12:39:34 -0400] "GET /manga/re-monster-chapter-2/ HTTP/1.1" 200 18137 "-" "Mozilla/5.0 (iPhone; CPU iPhone OS 18_4 like Mac OS X) AppleWebKit/605.1.15 (KHTML, like Gecko) Mobile/15E148"
164.127.229.66 - - [08/Jun/2025:12:39:35 -0400] "GET /manga/remonster-chapter-106/ HTTP/1.1" 304 0 "https://remonster.online/" "Mozilla/5.0 (Windows NT 10.0; Win64; x64) AppleWebKit/537.36 (KHTML, like Gecko) Chrome/137.0.0.0 Safari/537.36"
164.127.229.66 - - [08/Jun/2025:12:39:36 -0400] "GET /manga/remonster-chapter-105/ HTTP/1.1" 304 0 "https://remonster.online/" "Mozilla/5.0 (Windows NT 10.0; Win64; x64) AppleWebKit/537.36 (KHTML, like Gecko) Chrome/137.0.0.0 Safari/537.36"
164.127.229.66 - - [08/Jun/2025:12:39:36 -0400] "GET /manga/remonster-chapter-104/ HTTP/1.1" 200 18599 "https://remonster.online/" "Mozilla/5.0 (Windows NT 10.0; Win64; x64) AppleWebKit/537.36 (KHTML, like Gecko) Chrome/137.0.0.0 Safari/537.36"
164.127.229.66 - - [08/Jun/2025:12:39:36 -0400] "GET /manga/remonster-chapter-104/ HTTP/1.1" 304 0 "https://remonster.online/" "Mozilla/5.0 (Windows NT 10.0; Win64; x64) AppleWebKit/537.36 (KHTML, like Gecko) Chrome/137.0.0.0 Safari/537.36"
124.120.121.163 - - [08/Jun/2025:12:39:59 -0400] "GET /manga/re-monster-chapter-25/ HTTP/1.1" 304 0 "https://remonster.online/manga/re-monster-chapter-26/" "Mozilla/5.0 (Windows NT 10.0; Win64; x64) AppleWebKit/537.36 (KHTML, like Gecko) Chrome/137.0.0.0 Safari/537.36"
124.120.121.163 - - [08/Jun/2025:12:39:59 -0400] "GET /manga/re-monster-chapter-27/ HTTP/1.1" 200 17340 "https://remonster.online/manga/re-monster-chapter-26/" "Mozilla/5.0 (Windows NT 10.0; Win64; x64) AppleWebKit/537.36 (KHTML, like Gecko) Chrome/137.0.0.0 Safari/537.36"
124.120.121.163 - - [08/Jun/2025:12:40:00 -0400] "GET /manga/re-monster-chapter-27/ HTTP/1.1" 304 0 "https://remonster.online/manga/re-monster-chapter-26/" "Mozilla/5.0 (Windows NT 10.0; Win64; x64) AppleWebKit/537.36 (KHTML, like Gecko) Chrome/137.0.0.0 Safari/537.36"
2001:d08:1a06:6be3:1:0:3541:baf8 - - [08/Jun/2025:12:40:11 -0400] "GET /manga/re-monster-chapter-57/ HTTP/1.1" 200 17451 "https://remonster.online/manga/re-monster-chapter-56/" "Mozilla/5.0 (Linux; Android 10; K) AppleWebKit/537.36 (KHTML, like Gecko) Chrome/137.0.0.0 Mobile Safari/537.36"
2001:d08:1a06:6be3:1:0:3541:baf8 - - [08/Jun/2025:12:40:11 -0400] "GET /manga/re-monster-chapter-57/ HTTP/1.1" 304 0 "https://remonster.online/manga/re-monster-chapter-56/" "Mozilla/5.0 (Linux; Android 10; K) AppleWebKit/537.36 (KHTML, like Gecko) Chrome/137.0.0.0 Mobile Safari/537.36"
2a0a:ef40:6c4:4f01:e47a:790:45f:159e - - [08/Jun/2025:12:40:16 -0400] "GET / HTTP/1.1" 200 10813 "https://search.brave.com/" "Mozilla/5.0 (Linux; Android 10; K) AppleWebKit/537.36 (KHTML, like Gecko) Chrome/137.0.0.0 Mobile Safari/537.36"
76.49.6.198 - - [08/Jun/2025:12:40:25 -0400] "GET /manga/re-monster-chapter-72/ HTTP/1.1" 200 17966 "https://remonster.online/manga/re-monster-chapter-71/" "Mozilla/5.0 (iPhone; CPU iPhone OS 15_6_1 like Mac OS X) AppleWebKit/605.1.15 (KHTML, like Gecko) Version/15.6.1 Mobile/15E148 Safari/604.1"
2a0a:ef40:6c4:4f01:e47a:790:45f:159e - - [08/Jun/2025:12:40:25 -0400] "GET /manga/re-monster-chapter-15/ HTTP/1.1" 200 17788 "-" "Mozilla/5.0 (Linux; Android 10; K) AppleWebKit/537.36 (KHTML, like Gecko) Chrome/137.0.0.0 Mobile Safari/537.36"
162.0.232.193 - - [08/Jun/2025:12:40:26 -0400] "POST /wp-cron.php?doing_wp_cron=1749400826.0259039402008056640625 HTTP/1.1" 200 0 "-" "WordPress/6.6.2; https://remonster.online"
76.49.6.198 - - [08/Jun/2025:12:40:25 -0400] "POST /wp-admin/admin-ajax.php HTTP/1.1" 200 69 "https://remonster.online/manga/re-monster-chapter-72/" "Mozilla/5.0 (iPhone; CPU iPhone OS 15_6_1 like Mac OS X) AppleWebKit/605.1.15 (KHTML, like Gecko) Version/15.6.1 Mobile/15E148 Safari/604.1"
2a0a:ef40:6c4:4f01:e47a:790:45f:159e - - [08/Jun/2025:12:40:31 -0400] "GET /manga/re-monster-chapter-22/ HTTP/1.1" 200 16300 "-" "Mozilla/5.0 (Linux; Android 10; K) AppleWebKit/537.36 (KHTML, like Gecko) Chrome/137.0.0.0 Mobile Safari/537.36"
2a0a:ef40:6c4:4f01:e47a:790:45f:159e - - [08/Jun/2025:12:40:32 -0400] "GET /manga/re-monster-chapter-22/ HTTP/1.1" 304 0 "https://remonster.online/" "Mozilla/5.0 (Linux; Android 10; K) AppleWebKit/537.36 (KHTML, like Gecko) Chrome/137.0.0.0 Mobile Safari/537.36"
172.213.11.147 - - [08/Jun/2025:12:41:07 -0400] "GET / HTTP/1.1" 200 10900 "-" "Mozilla/5.0 AppleWebKit/537.36 (KHTML, like Gecko); compatible; ChatGPT-User/1.0; +https://openai.com/bot"
162.0.232.193 - - [08/Jun/2025:12:41:15 -0400] "POST /wp-cron.php?doing_wp_cron=1749400875.2074050903320312500000 HTTP/1.1" 200 0 "-" "WordPress/6.6.2; https://remonster.online"
207.46.13.102 - - [08/Jun/2025:12:41:15 -0400] "GET /sitemap_index.xml HTTP/1.1" 200 340 "-" "Mozilla/5.0 AppleWebKit/537.36 (KHTML, like Gecko; compatible; bingbot/2.0; +http://www.bing.com/bingbot.htm) Chrome/116.0.1938.76 Safari/537.36"
76.49.6.198 - - [08/Jun/2025:12:42:11 -0400] "GET /manga/re-monster-chapter-73/ HTTP/1.1" 200 17443 "https://remonster.online/manga/re-monster-chapter-72/" "Mozilla/5.0 (iPhone; CPU iPhone OS 15_6_1 like Mac OS X) AppleWebKit/605.1.15 (KHTML, like Gecko) Version/15.6.1 Mobile/15E148 Safari/604.1"
192.252.136.7 - - [08/Jun/2025:12:42:58 -0400] "GET /manga/re-monster-chapter-30/ HTTP/1.1" 200 15815 "https://remonster.online/manga/re-monster-chapter-29/" "Mozilla/5.0 (Macintosh; Intel Mac OS X 10_15_7) AppleWebKit/605.1.15 (KHTML, like Gecko) Version/18.5 Safari/605.1.15"
162.0.232.193 - - [08/Jun/2025:12:42:59 -0400] "POST /wp-cron.php?doing_wp_cron=1749400979.4070370197296142578125 HTTP/1.1" 200 0 "-" "WordPress/6.6.2; https://remonster.online"
192.252.136.7 - - [08/Jun/2025:12:42:59 -0400] "POST /wp-admin/admin-ajax.php HTTP/1.1" 200 69 "https://remonster.online/manga/re-monster-chapter-30/" "Mozilla/5.0 (Macintosh; Intel Mac OS X 10_15_7) AppleWebKit/605.1.15 (KHTML, like Gecko) Version/18.5 Safari/605.1.15"
76.49.6.198 - - [08/Jun/2025:12:43:18 -0400] "GET /manga/re-monster-chapter-74/ HTTP/1.1" 200 17659 "https://remonster.online/manga/re-monster-chapter-73/" "Mozilla/5.0 (iPhone; CPU iPhone OS 15_6_1 like Mac OS X) AppleWebKit/605.1.15 (KHTML, like Gecko) Version/15.6.1 Mobile/15E148 Safari/604.1"
43.167.245.18 - - [08/Jun/2025:12:43:39 -0400] "GET /manga/re-monster-chapter-47/ HTTP/1.1" 200 17377 "-" "Mozilla/5.0 (iPhone; CPU iPhone OS 13_2_3 like Mac OS X) AppleWebKit/605.1.15 (KHTML, like Gecko) Version/13.0.3 Mobile/15E148 Safari/604.1"
2600:1010:b085:6a36:0:28:400c:901 - - [08/Jun/2025:12:43:53 -0400] "GET /manga/re-monster-chapter-42/ HTTP/1.1" 200 17676 "https://remonster.online/manga/re-monster-chapter-43/" "Mozilla/5.0 (Linux; Android 10; K) AppleWebKit/537.36 (KHTML, like Gecko) Chrome/136.0.0.0 Mobile Safari/537.36"
162.0.232.193 - - [08/Jun/2025:12:44:07 -0400] "POST /wp-cron.php?doing_wp_cron=1749401047.4047269821166992187500 HTTP/1.1" 200 0 "-" "WordPress/6.6.2; https://remonster.online"
2600:1010:b085:6a36:0:28:400c:901 - - [08/Jun/2025:12:44:07 -0400] "GET / HTTP/1.1" 200 10794 "https://remonster.online/manga/re-monster-chapter-42/" "Mozilla/5.0 (Linux; Android 10; K) AppleWebKit/537.36 (KHTML, like Gecko) Chrome/136.0.0.0 Mobile Safari/537.36"
162.0.232.193 - - [08/Jun/2025:12:44:08 -0400] "GET /remonster-chapter-91/ HTTP/1.1" 200 12783 "-" "WP Rocket/Preload"
2600:1010:b085:6a36:0:28:400c:901 - - [08/Jun/2025:12:44:08 -0400] "GET / HTTP/1.1" 304 0 "https://remonster.online/manga/re-monster-chapter-42/" "Mozilla/5.0 (Linux; Android 10; K) AppleWebKit/537.36 (KHTML, like Gecko) Chrome/136.0.0.0 Mobile Safari/537.36"
162.0.232.193 - - [08/Jun/2025:12:44:08 -0400] "GET /remonster-chapter-91/ HTTP/1.1" 200 12805 "-" "WP Rocket/Preload Mozilla/5.0 (iPhone; CPU iPhone OS 9_1 like Mac OS X) AppleWebKit/601.1.46 (KHTML, like Gecko) Version/9.0 Mobile/13B143 Safari/601.1"
162.0.232.193 - - [08/Jun/2025:12:44:10 -0400] "GET /remonster-chapter-98/ HTTP/1.1" 200 12848 "-" "WP Rocket/Preload"
162.0.232.193 - - [08/Jun/2025:12:44:11 -0400] "GET /remonster-chapter-98/ HTTP/1.1" 200 12840 "-" "WP Rocket/Preload Mozilla/5.0 (iPhone; CPU iPhone OS 9_1 like Mac OS X) AppleWebKit/601.1.46 (KHTML, like Gecko) Version/9.0 Mobile/13B143 Safari/601.1"
162.0.232.193 - - [08/Jun/2025:12:44:12 -0400] "GET /remonster-chapter-104/ HTTP/1.1" 200 16316 "-" "WP Rocket/Preload"
162.0.232.193 - - [08/Jun/2025:12:44:13 -0400] "GET /remonster-chapter-104/ HTTP/1.1" 200 16603 "-" "WP Rocket/Preload Mozilla/5.0 (iPhone; CPU iPhone OS 9_1 like Mac OS X) AppleWebKit/601.1.46 (KHTML, like Gecko) Version/9.0 Mobile/13B143 Safari/601.1"
162.0.232.193 - - [08/Jun/2025:12:44:14 -0400] "GET /remonster-chapter-81/ HTTP/1.1" 200 13210 "-" "WP Rocket/Preload"
162.0.232.193 - - [08/Jun/2025:12:44:14 -0400] "GET /remonster-chapter-81/ HTTP/1.1" 200 12866 "-" "WP Rocket/Preload Mozilla/5.0 (iPhone; CPU iPhone OS 9_1 like Mac OS X) AppleWebKit/601.1.46 (KHTML, like Gecko) Version/9.0 Mobile/13B143 Safari/601.1"
162.0.232.193 - - [08/Jun/2025:12:44:15 -0400] "GET /remonster-chapter-72/ HTTP/1.1" 200 12760 "-" "WP Rocket/Preload"
162.0.232.193 - - [08/Jun/2025:12:44:16 -0400] "GET /remonster-chapter-72/ HTTP/1.1" 200 12766 "-" "WP Rocket/Preload Mozilla/5.0 (iPhone; CPU iPhone OS 9_1 like Mac OS X) AppleWebKit/601.1.46 (KHTML, like Gecko) Version/9.0 Mobile/13B143 Safari/601.1"
162.0.232.193 - - [08/Jun/2025:12:44:18 -0400] "POST /wp-cron.php?doing_wp_cron=1749401058.7900540828704833984375 HTTP/1.1" 200 0 "-" "WordPress/6.6.2; https://remonster.online"
2600:1010:b085:6a36:0:28:400c:901 - - [08/Jun/2025:12:44:18 -0400] "GET /category/remonster-manga/ HTTP/1.1" 200 25426 "https://remonster.online/" "Mozilla/5.0 (Linux; Android 10; K) AppleWebKit/537.36 (KHTML, like Gecko) Chrome/136.0.0.0 Mobile Safari/537.36"
2600:1700:c5e1:3790:b8e1:6c06:5d8d:7580 - - [08/Jun/2025:12:44:19 -0400] "GET /manga/re-monster-chapter-48/ HTTP/1.1" 304 0 "https://remonster.online/manga/re-monster-chapter-47/" "Mozilla/5.0 (iPhone; CPU iPhone OS 18_5 like Mac OS X) AppleWebKit/605.1.15 (KHTML, like Gecko) Version/18.5 Mobile/15E148 Safari/604.1"
2600:1010:b085:6a36:0:28:400c:901 - - [08/Jun/2025:12:44:19 -0400] "GET /category/remonster-manga/ HTTP/1.1" 304 0 "https://remonster.online/" "Mozilla/5.0 (Linux; Android 10; K) AppleWebKit/537.36 (KHTML, like Gecko) Chrome/136.0.0.0 Mobile Safari/537.36"
2600:1010:b085:6a36:0:28:400c:901 - - [08/Jun/2025:12:44:25 -0400] "GET /manga/re-monster-chapter-1/ HTTP/1.1" 200 17990 "https://remonster.online/category/remonster-manga/" "Mozilla/5.0 (Linux; Android 10; K) AppleWebKit/537.36 (KHTML, like Gecko) Chrome/136.0.0.0 Mobile Safari/537.36"
2600:1010:b085:6a36:0:28:400c:901 - - [08/Jun/2025:12:44:25 -0400] "GET /manga/re-monster-chapter-1/ HTTP/1.1" 304 0 "https://remonster.online/category/remonster-manga/" "Mozilla/5.0 (Linux; Android 10; K) AppleWebKit/537.36 (KHTML, like Gecko) Chrome/136.0.0.0 Mobile Safari/537.36"
2600:1010:b085:6a36:0:28:400c:901 - - [08/Jun/2025:12:44:27 -0400] "GET /manga/ HTTP/1.1" 301 0 "https://remonster.online/manga/re-monster-chapter-1/" "Mozilla/5.0 (Linux; Android 10; K) AppleWebKit/537.36 (KHTML, like Gecko) Chrome/136.0.0.0 Mobile Safari/537.36"
2600:1010:b085:6a36:0:28:400c:901 - - [08/Jun/2025:12:44:27 -0400] "GET / HTTP/1.1" 304 0 "https://remonster.online/manga/re-monster-chapter-1/" "Mozilla/5.0 (Linux; Android 10; K) AppleWebKit/537.36 (KHTML, like Gecko) Chrome/136.0.0.0 Mobile Safari/537.36"
2600:1010:b085:6a36:0:28:400c:901 - - [08/Jun/2025:12:44:27 -0400] "GET / HTTP/1.1" 304 0 "https://remonster.online/manga/re-monster-chapter-1/" "Mozilla/5.0 (Linux; Android 10; K) AppleWebKit/537.36 (KHTML, like Gecko) Chrome/136.0.0.0 Mobile Safari/537.36"
2600:1010:b085:6a36:0:28:400c:901 - - [08/Jun/2025:12:44:38 -0400] "GET /manga/re-monster-chapter-56/ HTTP/1.1" 200 17392 "https://remonster.online/" "Mozilla/5.0 (Linux; Android 10; K) AppleWebKit/537.36 (KHTML, like Gecko) Chrome/136.0.0.0 Mobile Safari/537.36"
2600:1010:b085:6a36:0:28:400c:901 - - [08/Jun/2025:12:44:38 -0400] "GET /manga/re-monster-chapter-56/ HTTP/1.1" 304 0 "https://remonster.online/" "Mozilla/5.0 (Linux; Android 10; K) AppleWebKit/537.36 (KHTML, like Gecko) Chrome/136.0.0.0 Mobile Safari/537.36"
126.209.78.123 - - [08/Jun/2025:12:44:40 -0400] "GET /manga/re-monster-chapter-64/ HTTP/1.1" 200 18106 "https://remonster.online/manga/re-monster-chapter-63/" "Mozilla/5.0 (iPhone; CPU iPhone OS 18_5 like Mac OS X) AppleWebKit/605.1.15 (KHTML, like Gecko) Version/18.5 Mobile/15E148 Safari/604.1"
162.0.232.193 - - [08/Jun/2025:12:44:41 -0400] "POST /wp-cron.php?doing_wp_cron=1749401080.9777379035949707031250 HTTP/1.1" 200 0 "-" "WordPress/6.6.2; https://remonster.online"
162.0.232.193 - - [08/Jun/2025:12:44:41 -0400] "GET /remonster-chapter-71/ HTTP/1.1" 200 13213 "-" "WP Rocket/Preload"
126.209.78.123 - - [08/Jun/2025:12:44:40 -0400] "POST /wp-admin/admin-ajax.php HTTP/1.1" 200 69 "https://remonster.online/manga/re-monster-chapter-64/" "Mozilla/5.0 (iPhone; CPU iPhone OS 18_5 like Mac OS X) AppleWebKit/605.1.15 (KHTML, like Gecko) Version/18.5 Mobile/15E148 Safari/604.1"
162.0.232.193 - - [08/Jun/2025:12:44:42 -0400] "GET /remonster-chapter-71/ HTTP/1.1" 200 13213 "-" "WP Rocket/Preload Mozilla/5.0 (iPhone; CPU iPhone OS 9_1 like Mac OS X) AppleWebKit/601.1.46 (KHTML, like Gecko) Version/9.0 Mobile/13B143 Safari/601.1"
162.0.232.193 - - [08/Jun/2025:12:44:43 -0400] "GET /remonster-chapter-61/ HTTP/1.1" 200 12391 "-" "WP Rocket/Preload"
2600:1010:b085:6a36:0:28:400c:901 - - [08/Jun/2025:12:44:43 -0400] "GET /manga/re-monster-chapter-50/ HTTP/1.1" 200 17389 "https://remonster.online/" "Mozilla/5.0 (Linux; Android 10; K) AppleWebKit/537.36 (KHTML, like Gecko) Chrome/136.0.0.0 Mobile Safari/537.36"
2600:1010:b085:6a36:0:28:400c:901 - - [08/Jun/2025:12:44:44 -0400] "GET /manga/re-monster-chapter-50/ HTTP/1.1" 304 0 "https://remonster.online/" "Mozilla/5.0 (Linux; Android 10; K) AppleWebKit/537.36 (KHTML, like Gecko) Chrome/136.0.0.0 Mobile Safari/537.36"
162.0.232.193 - - [08/Jun/2025:12:44:44 -0400] "GET /remonster-chapter-61/ HTTP/1.1" 200 12675 "-" "WP Rocket/Preload Mozilla/5.0 (iPhone; CPU iPhone OS 9_1 like Mac OS X) AppleWebKit/601.1.46 (KHTML, like Gecko) Version/9.0 Mobile/13B143 Safari/601.1"
162.0.232.193 - - [08/Jun/2025:12:44:45 -0400] "GET /remonster-chapter-53/ HTTP/1.1" 200 12773 "-" "WP Rocket/Preload"
162.0.232.193 - - [08/Jun/2025:12:44:46 -0400] "GET /remonster-chapter-53/ HTTP/1.1" 200 13099 "-" "WP Rocket/Preload Mozilla/5.0 (iPhone; CPU iPhone OS 9_1 like Mac OS X) AppleWebKit/601.1.46 (KHTML, like Gecko) Version/9.0 Mobile/13B143 Safari/601.1"
162.0.232.193 - - [08/Jun/2025:12:44:47 -0400] "GET /remonster-chapter-52/ HTTP/1.1" 200 12790 "-" "WP Rocket/Preload"
162.0.232.193 - - [08/Jun/2025:12:44:48 -0400] "GET /remonster-chapter-52/ HTTP/1.1" 200 13067 "-" "WP Rocket/Preload Mozilla/5.0 (iPhone; CPU iPhone OS 9_1 like Mac OS X) AppleWebKit/601.1.46 (KHTML, like Gecko) Version/9.0 Mobile/13B143 Safari/601.1"
2600:1010:b085:6a36:0:28:400c:901 - - [08/Jun/2025:12:44:49 -0400] "GET /manga/re-monster-chapter-42/ HTTP/1.1" 200 17676 "https://remonster.online/" "Mozilla/5.0 (Linux; Android 10; K) AppleWebKit/537.36 (KHTML, like Gecko) Chrome/136.0.0.0 Mobile Safari/537.36"
2600:1010:b085:6a36:0:28:400c:901 - - [08/Jun/2025:12:44:49 -0400] "GET /manga/re-monster-chapter-42/ HTTP/1.1" 304 0 "https://remonster.online/" "Mozilla/5.0 (Linux; Android 10; K) AppleWebKit/537.36 (KHTML, like Gecko) Chrome/136.0.0.0 Mobile Safari/537.36"
162.0.232.193 - - [08/Jun/2025:12:44:49 -0400] "GET /remonster-chapter-51/ HTTP/1.1" 200 12779 "-" "WP Rocket/Preload"
2600:1010:b085:6a36:0:28:400c:901 - - [08/Jun/2025:12:44:50 -0400] "GET /manga/re-monster-chapter-42/ HTTP/1.1" 304 0 "https://remonster.online/manga/re-monster-chapter-42/" "Mozilla/5.0 (Linux; Android 10; K) AppleWebKit/537.36 (KHTML, like Gecko) Chrome/136.0.0.0 Mobile Safari/537.36"
162.0.232.193 - - [08/Jun/2025:12:44:50 -0400] "GET /remonster-chapter-51/ HTTP/1.1" 200 12740 "-" "WP Rocket/Preload Mozilla/5.0 (iPhone; CPU iPhone OS 9_1 like Mac OS X) AppleWebKit/601.1.46 (KHTML, like Gecko) Version/9.0 Mobile/13B143 Safari/601.1"
162.0.232.193 - - [08/Jun/2025:12:44:50 -0400] "GET /remonster-chapter-44/ HTTP/1.1" 200 13155 "-" "WP Rocket/Preload"
122.52.249.228 - - [08/Jun/2025:12:44:51 -0400] "GET /wp-content/uploads/2021/11/8168f-bSGoS-717x1024.jpeg HTTP/1.1" 200 200846 "https://myactivity.google.com/" "Mozilla/5.0 (Linux; Android 10; K) AppleWebKit/537.36 (KHTML, like Gecko) Chrome/137.0.0.0 Mobile Safari/537.36"
162.0.232.193 - - [08/Jun/2025:12:44:51 -0400] "GET /remonster-chapter-44/ HTTP/1.1" 200 13155 "-" "WP Rocket/Preload Mozilla/5.0 (iPhone; CPU iPhone OS 9_1 like Mac OS X) AppleWebKit/601.1.46 (KHTML, like Gecko) Version/9.0 Mobile/13B143 Safari/601.1"
162.0.232.193 - - [08/Jun/2025:12:44:52 -0400] "GET /remonster-chapter-43/ HTTP/1.1" 200 12856 "-" "WP Rocket/Preload"
162.0.232.193 - - [08/Jun/2025:12:44:53 -0400] "GET /remonster-chapter-43/ HTTP/1.1" 200 13167 "-" "WP Rocket/Preload Mozilla/5.0 (iPhone; CPU iPhone OS 9_1 like Mac OS X) AppleWebKit/601.1.46 (KHTML, like Gecko) Version/9.0 Mobile/13B143 Safari/601.1"
162.0.232.193 - - [08/Jun/2025:12:44:54 -0400] "GET /remonster-chapter-41/ HTTP/1.1" 200 12385 "-" "WP Rocket/Preload"
162.0.232.193 - - [08/Jun/2025:12:44:55 -0400] "GET /remonster-chapter-41/ HTTP/1.1" 200 12349 "-" "WP Rocket/Preload Mozilla/5.0 (iPhone; CPU iPhone OS 9_1 like Mac OS X) AppleWebKit/601.1.46 (KHTML, like Gecko) Version/9.0 Mobile/13B143 Safari/601.1"
162.0.232.193 - - [08/Jun/2025:12:44:56 -0400] "GET /remonster-chapter-30-1/ HTTP/1.1" 200 12238 "-" "WP Rocket/Preload"
162.0.232.193 - - [08/Jun/2025:12:44:56 -0400] "GET /remonster-chapter-30-1/ HTTP/1.1" 200 12496 "-" "WP Rocket/Preload Mozilla/5.0 (iPhone; CPU iPhone OS 9_1 like Mac OS X) AppleWebKit/601.1.46 (KHTML, like Gecko) Version/9.0 Mobile/13B143 Safari/601.1"
162.0.232.193 - - [08/Jun/2025:12:44:57 -0400] "GET /remonster-chapter-31/ HTTP/1.1" 200 12774 "-" "WP Rocket/Preload"
162.0.232.193 - - [08/Jun/2025:12:44:58 -0400] "GET /remonster-chapter-31/ HTTP/1.1" 200 13028 "-" "WP Rocket/Preload Mozilla/5.0 (iPhone; CPU iPhone OS 9_1 like Mac OS X) AppleWebKit/601.1.46 (KHTML, like Gecko) Version/9.0 Mobile/13B143 Safari/601.1"
162.0.232.193 - - [08/Jun/2025:12:44:59 -0400] "GET /remonster-chapter-30-2/ HTTP/1.1" 200 12629 "-" "WP Rocket/Preload"
162.0.232.193 - - [08/Jun/2025:12:45:00 -0400] "GET /remonster-chapter-30-2/ HTTP/1.1" 200 12619 "-" "WP Rocket/Preload Mozilla/5.0 (iPhone; CPU iPhone OS 9_1 like Mac OS X) AppleWebKit/601.1.46 (KHTML, like Gecko) Version/9.0 Mobile/13B143 Safari/601.1"
162.0.232.193 - - [08/Jun/2025:12:45:01 -0400] "GET /remonster-chapter-12/ HTTP/1.1" 200 12691 "-" "WP Rocket/Preload"
162.0.232.193 - - [08/Jun/2025:12:45:02 -0400] "GET /remonster-chapter-12/ HTTP/1.1" 200 13042 "-" "WP Rocket/Preload Mozilla/5.0 (iPhone; CPU iPhone OS 9_1 like Mac OS X) AppleWebKit/601.1.46 (KHTML, like Gecko) Version/9.0 Mobile/13B143 Safari/601.1"
162.0.232.193 - - [08/Jun/2025:12:45:03 -0400] "GET /remonster-chapter-8/ HTTP/1.1" 200 12502 "-" "WP Rocket/Preload"
162.0.232.193 - - [08/Jun/2025:12:45:04 -0400] "GET /remonster-chapter-8/ HTTP/1.1" 200 12803 "-" "WP Rocket/Preload Mozilla/5.0 (iPhone; CPU iPhone OS 9_1 like Mac OS X) AppleWebKit/601.1.46 (KHTML, like Gecko) Version/9.0 Mobile/13B143 Safari/601.1"
2600:1010:b085:6a36:0:28:400c:901 - - [08/Jun/2025:12:45:05 -0400] "GET / HTTP/1.1" 304 0 "https://remonster.online/manga/re-monster-chapter-42/" "Mozilla/5.0 (Linux; Android 10; K) AppleWebKit/537.36 (KHTML, like Gecko) Chrome/136.0.0.0 Mobile Safari/537.36"
162.0.232.193 - - [08/Jun/2025:12:45:05 -0400] "GET /remonster-chapter-7/ HTTP/1.1" 200 12935 "-" "WP Rocket/Preload"
2600:1010:b085:6a36:0:28:400c:901 - - [08/Jun/2025:12:45:05 -0400] "GET / HTTP/1.1" 304 0 "https://remonster.online/manga/re-monster-chapter-42/" "Mozilla/5.0 (Linux; Android 10; K) AppleWebKit/537.36 (KHTML, like Gecko) Chrome/136.0.0.0 Mobile Safari/537.36"
162.0.232.193 - - [08/Jun/2025:12:45:06 -0400] "GET /remonster-chapter-7/ HTTP/1.1" 200 13215 "-" "WP Rocket/Preload Mozilla/5.0 (iPhone; CPU iPhone OS 9_1 like Mac OS X) AppleWebKit/601.1.46 (KHTML, like Gecko) Version/9.0 Mobile/13B143 Safari/601.1"
2601:983:8000:736:81d:dae2:5b95:f476 - - [08/Jun/2025:12:45:09 -0400] "GET /manga/re-monster-chapter-15/ HTTP/1.1" 200 17807 "-" "Mozilla/5.0 (Macintosh; Intel Mac OS X 10_15_7) AppleWebKit/605.1.15 (KHTML, like Gecko)"
2600:1010:b085:6a36:0:28:400c:901 - - [08/Jun/2025:12:45:09 -0400] "GET /manga/re-monster-chapter-20/ HTTP/1.1" 200 15974 "https://remonster.online/" "Mozilla/5.0 (Linux; Android 10; K) AppleWebKit/537.36 (KHTML, like Gecko) Chrome/136.0.0.0 Mobile Safari/537.36"
2600:1010:b085:6a36:0:28:400c:901 - - [08/Jun/2025:12:45:09 -0400] "GET /manga/re-monster-chapter-20/ HTTP/1.1" 304 0 "https://remonster.online/" "Mozilla/5.0 (Linux; Android 10; K) AppleWebKit/537.36 (KHTML, like Gecko) Chrome/136.0.0.0 Mobile Safari/537.36"
2600:1010:b085:6a36:0:28:400c:901 - - [08/Jun/2025:12:45:10 -0400] "GET /manga/re-monster-chapter-20/ HTTP/1.1" 304 0 "https://remonster.online/manga/re-monster-chapter-20/" "Mozilla/5.0 (Linux; Android 10; K) AppleWebKit/537.36 (KHTML, like Gecko) Chrome/136.0.0.0 Mobile Safari/537.36"
2600:1010:b085:6a36:0:28:400c:901 - - [08/Jun/2025:12:45:32 -0400] "GET / HTTP/1.1" 304 0 "https://remonster.online/manga/re-monster-chapter-20/" "Mozilla/5.0 (Linux; Android 10; K) AppleWebKit/537.36 (KHTML, like Gecko) Chrome/136.0.0.0 Mobile Safari/537.36"
2600:1010:b085:6a36:0:28:400c:901 - - [08/Jun/2025:12:45:32 -0400] "GET / HTTP/1.1" 304 0 "https://remonster.online/manga/re-monster-chapter-20/" "Mozilla/5.0 (Linux; Android 10; K) AppleWebKit/537.36 (KHTML, like Gecko) Chrome/136.0.0.0 Mobile Safari/537.36"
76.49.6.198 - - [08/Jun/2025:12:45:36 -0400] "GET /manga/remonster-chapter-75/ HTTP/1.1" 200 17422 "https://remonster.online/manga/re-monster-chapter-74/" "Mozilla/5.0 (iPhone; CPU iPhone OS 15_6_1 like Mac OS X) AppleWebKit/605.1.15 (KHTML, like Gecko) Version/15.6.1 Mobile/15E148 Safari/604.1"
2600:1010:b085:6a36:0:28:400c:901 - - [08/Jun/2025:12:45:37 -0400] "GET /manga/re-monster-chapter-15/ HTTP/1.1" 200 17788 "https://remonster.online/" "Mozilla/5.0 (Linux; Android 10; K) AppleWebKit/537.36 (KHTML, like Gecko) Chrome/136.0.0.0 Mobile Safari/537.36"
2600:1010:b085:6a36:0:28:400c:901 - - [08/Jun/2025:12:45:37 -0400] "GET /manga/re-monster-chapter-15/ HTTP/1.1" 304 0 "https://remonster.online/" "Mozilla/5.0 (Linux; Android 10; K) AppleWebKit/537.36 (KHTML, like Gecko) Chrome/136.0.0.0 Mobile Safari/537.36"
162.0.232.193 - - [08/Jun/2025:12:45:37 -0400] "POST /wp-cron.php?doing_wp_cron=1749401137.5386381149291992187500 HTTP/1.1" 200 0 "-" "WordPress/6.6.2; https://remonster.online"
2600:1010:b085:6a36:0:28:400c:901 - - [08/Jun/2025:12:45:37 -0400] "GET /manga/re-monster-chapter-15/ HTTP/1.1" 304 0 "https://remonster.online/manga/re-monster-chapter-15/" "Mozilla/5.0 (Linux; Android 10; K) AppleWebKit/537.36 (KHTML, like Gecko) Chrome/136.0.0.0 Mobile Safari/537.36"
162.0.232.193 - - [08/Jun/2025:12:45:37 -0400] "GET / HTTP/1.1" 200 10802 "-" "WP Rocket/Preload"
2600:1010:b085:6a36:0:28:400c:901 - - [08/Jun/2025:12:45:37 -0400] "POST /wp-admin/admin-ajax.php HTTP/1.1" 200 69 "https://remonster.online/manga/re-monster-chapter-15/" "Mozilla/5.0 (Linux; Android 10; K) AppleWebKit/537.36 (KHTML, like Gecko) Chrome/136.0.0.0 Mobile Safari/537.36"
162.0.232.193 - - [08/Jun/2025:12:45:38 -0400] "GET / HTTP/1.1" 200 10812 "-" "WP Rocket/Preload Mozilla/5.0 (iPhone; CPU iPhone OS 9_1 like Mac OS X) AppleWebKit/601.1.46 (KHTML, like Gecko) Version/9.0 Mobile/13B143 Safari/601.1"
162.0.232.193 - - [08/Jun/2025:12:45:39 -0400] "GET /manga/re-monster-chapter-58/ HTTP/1.1" 200 17711 "-" "WP Rocket/Preload"
162.0.232.193 - - [08/Jun/2025:12:45:40 -0400] "GET /manga/re-monster-chapter-58/ HTTP/1.1" 200 17377 "-" "WP Rocket/Preload Mozilla/5.0 (iPhone; CPU iPhone OS 9_1 like Mac OS X) AppleWebKit/601.1.46 (KHTML, like Gecko) Version/9.0 Mobile/13B143 Safari/601.1"
162.0.232.193 - - [08/Jun/2025:12:45:41 -0400] "GET /manga/re-monster-chapter-55/ HTTP/1.1" 200 17409 "-" "WP Rocket/Preload"
162.0.232.193 - - [08/Jun/2025:12:45:41 -0400] "GET /manga/re-monster-chapter-55/ HTTP/1.1" 200 17396 "-" "WP Rocket/Preload Mozilla/5.0 (iPhone; CPU iPhone OS 9_1 like Mac OS X) AppleWebKit/601.1.46 (KHTML, like Gecko) Version/9.0 Mobile/13B143 Safari/601.1"
162.0.232.193 - - [08/Jun/2025:12:45:42 -0400] "GET /manga/re-monster-chapter-24/ HTTP/1.1" 200 17676 "-" "WP Rocket/Preload"
162.0.232.193 - - [08/Jun/2025:12:45:43 -0400] "GET /manga/re-monster-chapter-24/ HTTP/1.1" 200 17717 "-" "WP Rocket/Preload Mozilla/5.0 (iPhone; CPU iPhone OS 9_1 like Mac OS X) AppleWebKit/601.1.46 (KHTML, like Gecko) Version/9.0 Mobile/13B143 Safari/601.1"
162.0.232.193 - - [08/Jun/2025:12:45:44 -0400] "GET /manga/re-monster-chapter-26/ HTTP/1.1" 200 16995 "-" "WP Rocket/Preload"
162.0.232.193 - - [08/Jun/2025:12:45:45 -0400] "GET /manga/re-monster-chapter-26/ HTTP/1.1" 200 16645 "-" "WP Rocket/Preload Mozilla/5.0 (iPhone; CPU iPhone OS 9_1 like Mac OS X) AppleWebKit/601.1.46 (KHTML, like Gecko) Version/9.0 Mobile/13B143 Safari/601.1"
162.0.232.193 - - [08/Jun/2025:12:45:45 -0400] "GET /category/manga/ HTTP/1.1" 200 25190 "-" "WP Rocket/Preload"
162.0.232.193 - - [08/Jun/2025:12:45:46 -0400] "GET /category/manga/ HTTP/1.1" 200 25527 "-" "WP Rocket/Preload Mozilla/5.0 (iPhone; CPU iPhone OS 9_1 like Mac OS X) AppleWebKit/601.1.46 (KHTML, like Gecko) Version/9.0 Mobile/13B143 Safari/601.1"
162.0.232.193 - - [08/Jun/2025:12:45:47 -0400] "GET /remonster-chapter-86/ HTTP/1.1" 200 12793 "-" "WP Rocket/Preload"
162.0.232.193 - - [08/Jun/2025:12:45:48 -0400] "GET /remonster-chapter-86/ HTTP/1.1" 200 12458 "-" "WP Rocket/Preload Mozilla/5.0 (iPhone; CPU iPhone OS 9_1 like Mac OS X) AppleWebKit/601.1.46 (KHTML, like Gecko) Version/9.0 Mobile/13B143 Safari/601.1"
162.0.232.193 - - [08/Jun/2025:12:45:49 -0400] "GET /dmca/ HTTP/1.1" 200 10811 "-" "WP Rocket/Preload"
162.0.232.193 - - [08/Jun/2025:12:45:50 -0400] "GET /dmca/ HTTP/1.1" 200 11093 "-" "WP Rocket/Preload Mozilla/5.0 (iPhone; CPU iPhone OS 9_1 like Mac OS X) AppleWebKit/601.1.46 (KHTML, like Gecko) Version/9.0 Mobile/13B143 Safari/601.1"
162.0.232.193 - - [08/Jun/2025:12:45:51 -0400] "GET /category/remonster/ HTTP/1.1" 200 25174 "-" "WP Rocket/Preload"
162.0.232.193 - - [08/Jun/2025:12:45:52 -0400] "GET /category/remonster/ HTTP/1.1" 200 25176 "-" "WP Rocket/Preload Mozilla/5.0 (iPhone; CPU iPhone OS 9_1 like Mac OS X) AppleWebKit/601.1.46 (KHTML, like Gecko) Version/9.0 Mobile/13B143 Safari/601.1"
162.0.232.193 - - [08/Jun/2025:12:45:52 -0400] "GET /category/remonster-manga/ HTTP/1.1" 200 25176 "-" "WP Rocket/Preload"
162.0.232.193 - - [08/Jun/2025:12:45:53 -0400] "GET /category/remonster-manga/ HTTP/1.1" 200 25242 "-" "WP Rocket/Preload Mozilla/5.0 (iPhone; CPU iPhone OS 9_1 like Mac OS X) AppleWebKit/601.1.46 (KHTML, like Gecko) Version/9.0 Mobile/13B143 Safari/601.1"
162.0.232.193 - - [08/Jun/2025:12:45:54 -0400] "GET /category/re-monster/ HTTP/1.1" 200 25287 "-" "WP Rocket/Preload"
162.0.232.193 - - [08/Jun/2025:12:45:55 -0400] "GET /category/re-monster/ HTTP/1.1" 200 25532 "-" "WP Rocket/Preload Mozilla/5.0 (iPhone; CPU iPhone OS 9_1 like Mac OS X) AppleWebKit/601.1.46 (KHTML, like Gecko) Version/9.0 Mobile/13B143 Safari/601.1"
162.0.232.193 - - [08/Jun/2025:12:45:56 -0400] "GET /manga/re-monster-chapter-1/ HTTP/1.1" 200 17937 "-" "WP Rocket/Preload"
162.0.232.193 - - [08/Jun/2025:12:45:57 -0400] "GET /manga/re-monster-chapter-1/ HTTP/1.1" 200 18067 "-" "WP Rocket/Preload Mozilla/5.0 (iPhone; CPU iPhone OS 9_1 like Mac OS X) AppleWebKit/601.1.46 (KHTML, like Gecko) Version/9.0 Mobile/13B143 Safari/601.1"
162.0.232.193 - - [08/Jun/2025:12:45:57 -0400] "GET /remonster-chapter-103/ HTTP/1.1" 200 13159 "-" "WP Rocket/Preload"
162.0.232.193 - - [08/Jun/2025:12:45:58 -0400] "GET /remonster-chapter-103/ HTTP/1.1" 200 12836 "-" "WP Rocket/Preload Mozilla/5.0 (iPhone; CPU iPhone OS 9_1 like Mac OS X) AppleWebKit/601.1.46 (KHTML, like Gecko) Version/9.0 Mobile/13B143 Safari/601.1"
162.0.232.193 - - [08/Jun/2025:12:45:59 -0400] "GET /remonster-chapter-99/ HTTP/1.1" 200 13588 "-" "WP Rocket/Preload"
162.0.232.193 - - [08/Jun/2025:12:46:00 -0400] "GET /remonster-chapter-99/ HTTP/1.1" 200 13261 "-" "WP Rocket/Preload Mozilla/5.0 (iPhone; CPU iPhone OS 9_1 like Mac OS X) AppleWebKit/601.1.46 (KHTML, like Gecko) Version/9.0 Mobile/13B143 Safari/601.1"
162.0.232.193 - - [08/Jun/2025:12:46:01 -0400] "GET /remonster-chapter-96/ HTTP/1.1" 200 13171 "-" "WP Rocket/Preload"
162.0.232.193 - - [08/Jun/2025:12:46:02 -0400] "GET /remonster-chapter-96/ HTTP/1.1" 200 13162 "-" "WP Rocket/Preload Mozilla/5.0 (iPhone; CPU iPhone OS 9_1 like Mac OS X) AppleWebKit/601.1.46 (KHTML, like Gecko) Version/9.0 Mobile/13B143 Safari/601.1"
192.252.136.7 - - [08/Jun/2025:12:46:37 -0400] "GET /manga/re-monster-chapter-31/ HTTP/1.1" 200 17376 "https://remonster.online/manga/re-monster-chapter-30/" "Mozilla/5.0 (Macintosh; Intel Mac OS X 10_15_7) AppleWebKit/605.1.15 (KHTML, like Gecko) Version/18.5 Safari/605.1.15"
2600:1010:b085:6a36:0:28:400c:901 - - [08/Jun/2025:12:46:46 -0400] "GET /tag/kogitsune-kanekiru/ HTTP/1.1" 301 0 "https://remonster.online/manga/re-monster-chapter-42/" "Mozilla/5.0 (Linux; Android 10; K) AppleWebKit/537.36 (KHTML, like Gecko) Chrome/136.0.0.0 Mobile Safari/537.36"
2600:1010:b085:6a36:0:28:400c:901 - - [08/Jun/2025:12:46:46 -0400] "GET / HTTP/1.1" 304 0 "https://remonster.online/manga/re-monster-chapter-42/" "Mozilla/5.0 (Linux; Android 10; K) AppleWebKit/537.36 (KHTML, like Gecko) Chrome/136.0.0.0 Mobile Safari/537.36"
