2607:fb90:3e2b:c250:b05b:93e9:941f:d435 - - [15/Aug/2024:14:01:36 -0400] "GET /apple-touch-icon.png HTTP/1.1" 301 0 "-" "NetworkingExtension/8618.2.12.10.9 CFNetwork/1496.0.7 Darwin/23.5.0"
2607:fb90:3e2b:c250:b05b:93e9:941f:d435 - - [15/Aug/2024:14:01:36 -0400] "GET /favicon.ico HTTP/1.1" 302 0 "-" "NetworkingExtension/8618.2.12.10.9 CFNetwork/1496.0.7 Darwin/23.5.0"
2607:fb90:3e2b:c250:b05b:93e9:941f:d435 - - [15/Aug/2024:14:01:36 -0400] "GET / HTTP/1.1" 200 11603 "-" "NetworkingExtension/8618.2.12.10.9 CFNetwork/1496.0.7 Darwin/23.5.0"
2607:fb90:3e2b:c250:b05b:93e9:941f:d435 - - [15/Aug/2024:14:01:37 -0400] "GET / HTTP/1.1" 200 11603 "-" "NetworkingExtension/8618.2.12.10.9 CFNetwork/1496.0.7 Darwin/23.5.0"
2607:fb90:3e2b:c250:b05b:93e9:941f:d435 - - [15/Aug/2024:14:01:36 -0400] "GET / HTTP/1.1" 200 11400 "-" "Mozilla/5.0 (Macintosh; Intel Mac OS X 10_11_1) AppleWebKit/601.2.4 (KHTML, like Gecko) Version/9.0.1 Safari/601.2.4 facebookexternalhit/1.1 Facebot Twitterbot/1.0"
2607:fb91:2c27:a340:dce5:ddfa:8d5e:39be - - [15/Aug/2024:14:01:58 -0400] "GET / HTTP/1.1" 200 11596 "https://www.bing.com/" "Mozilla/5.0 (iPhone; CPU iPhone OS 17_5 like Mac OS X) AppleWebKit/605.1.15 (KHTML, like Gecko) EdgiOS/127.0.2651.81 Version/17.0 Mobile/15E148 Safari/604.1"
70.95.130.222 - - [15/Aug/2024:14:02:08 -0400] "GET / HTTP/1.1" 200 11596 "https://duckduckgo.com/" "Mozilla/5.0 (iPhone; CPU iPhone OS 17_5_1 like Mac OS X) AppleWebKit/605.1.15 (KHTML, like Gecko) Version/17.5 Mobile/15E148 Safari/604.1 Ddg/17.5"
70.95.130.222 - - [15/Aug/2024:14:02:08 -0400] "GET /favicon.ico HTTP/1.1" 302 0 "-" "NetworkingExtension/8618.2.12.10.9 CFNetwork/1496.0.7 Darwin/23.5.0"
162.0.232.193 - - [15/Aug/2024:14:02:09 -0400] "POST /wp-cron.php?doing_wp_cron=1723744928.8110740184783935546875 HTTP/1.1" 200 0 "-" "WordPress/6.5.5; https://r.lookismmanga.com"
162.0.232.193 - - [15/Aug/2024:14:02:09 -0400] "POST /wp-cron.php?doing_wp_cron=1723744928.8111350536346435546875 HTTP/1.1" 200 0 "-" "WordPress/6.5.5; https://r.lookismmanga.com"
70.95.130.222 - - [15/Aug/2024:14:02:08 -0400] "GET / HTTP/1.1" 200 11402 "-" "Mozilla/5.0 (Macintosh; Intel Mac OS X 10_11_1) AppleWebKit/601.2.4 (KHTML, like Gecko) Version/9.0.1 Safari/601.2.4 facebookexternalhit/1.1 Facebot Twitterbot/1.0"
70.95.130.222 - - [15/Aug/2024:14:02:08 -0400] "GET /apple-touch-icon.png HTTP/1.1" 301 0 "-" "NetworkingExtension/8618.2.12.10.9 CFNetwork/1496.0.7 Darwin/23.5.0"
70.95.130.222 - - [15/Aug/2024:14:02:08 -0400] "GET /apple-touch-icon-precomposed.png HTTP/1.1" 301 0 "-" "NetworkingExtension/8618.2.12.10.9 CFNetwork/1496.0.7 Darwin/23.5.0"
70.95.130.222 - - [15/Aug/2024:14:02:09 -0400] "GET / HTTP/1.1" 200 11625 "-" "NetworkingExtension/8618.2.12.10.9 CFNetwork/1496.0.7 Darwin/23.5.0"
70.95.130.222 - - [15/Aug/2024:14:02:09 -0400] "GET / HTTP/1.1" 200 11603 "-" "NetworkingExtension/8618.2.12.10.9 CFNetwork/1496.0.7 Darwin/23.5.0"
66.249.79.168 - - [15/Aug/2024:14:02:24 -0400] "GET /comic/lookism-chapter-458/ HTTP/1.1" 200 11597 "-" "Mozilla/5.0 (Linux; Android 6.0.1; Nexus 5X Build/MMB29P) AppleWebKit/537.36 (KHTML, like Gecko) Chrome/127.0.6533.99 Mobile Safari/537.36 (compatible; Googlebot/2.1; +http://www.google.com/bot.html)"
66.249.79.167 - - [15/Aug/2024:14:02:25 -0400] "GET /comic/lookism-chapter-240/ HTTP/1.1" 200 12920 "-" "Mozilla/5.0 (Linux; Android 6.0.1; Nexus 5X Build/MMB29P) AppleWebKit/537.36 (KHTML, like Gecko) Chrome/127.0.6533.99 Mobile Safari/537.36 (compatible; Googlebot/2.1; +http://www.google.com/bot.html)"
162.0.232.193 - - [15/Aug/2024:14:02:33 -0400] "POST /wp-cron.php?doing_wp_cron=1723744953.1433279514312744140625 HTTP/1.1" 200 0 "-" "WordPress/6.5.5; https://r.lookismmanga.com"
66.249.79.167 - - [15/Aug/2024:14:02:32 -0400] "POST /wp-admin/admin-ajax.php HTTP/1.1" 200 69 "https://r.lookismmanga.com/comic/lookism-chapter-240/" "Mozilla/5.0 (Linux; Android 6.0.1; Nexus 5X Build/MMB29P) AppleWebKit/537.36 (KHTML, like Gecko) Chrome/126.0.6478.182 Mobile Safari/537.36 (compatible; Googlebot/2.1; +http://www.google.com/bot.html)"
162.0.232.193 - - [15/Aug/2024:14:02:49 -0400] "POST /wp-cron.php?doing_wp_cron=1723744968.8377320766448974609375 HTTP/1.1" 200 0 "-" "WordPress/6.5.5; https://r.lookismmanga.com"
198.54.128.124 - - [15/Aug/2024:14:02:48 -0400] "POST /xmlrpc.php HTTP/1.1" 200 186 "-" "Mozilla/5.0 (Windows NT 10.0; Win64; x64) AppleWebKit/537.36 (KHTML, like Gecko) Chrome/123.0.0.0 Safari/537.36"
162.0.232.193 - - [15/Aug/2024:14:03:06 -0400] "POST /wp-cron.php?doing_wp_cron=1723744986.5032660961151123046875 HTTP/1.1" 200 0 "-" "WordPress/6.5.5; https://r.lookismmanga.com"
136.158.66.92 - - [15/Aug/2024:14:03:06 -0400] "GET / HTTP/1.1" 200 11603 "https://www.bing.com/" "Mozilla/5.0 (Windows NT 10.0; Win64; x64) AppleWebKit/537.36 (KHTML, like Gecko) Chrome/127.0.0.0 Safari/537.36 Edg/127.0.0.0"
114.119.151.175 - - [15/Aug/2024:14:03:06 -0400] "GET /lookism/lookism-chapter-151/ HTTP/1.1" 301 0 "https://ww13.lookismmanga.com/lookism/page/32/" "Mozilla/5.0 (Linux; Android 7.0;) AppleWebKit/537.36 (KHTML, like Gecko) Mobile Safari/537.36 (compatible; PetalBot;+https://webmaster.petalsearch.com/site/petalbot)"
114.119.151.175 - - [15/Aug/2024:14:03:07 -0400] "GET / HTTP/1.1" 200 11596 "https://ww13.lookismmanga.com/lookism/page/32/" "Mozilla/5.0 (Linux; Android 7.0;) AppleWebKit/537.36 (KHTML, like Gecko) Mobile Safari/537.36 (compatible; PetalBot;+https://webmaster.petalsearch.com/site/petalbot)"
136.158.66.92 - - [15/Aug/2024:14:03:11 -0400] "GET /comic/lookism-chapter-514/ HTTP/1.1" 200 10596 "https://r.lookismmanga.com/" "Mozilla/5.0 (Windows NT 10.0; Win64; x64) AppleWebKit/537.36 (KHTML, like Gecko) Chrome/127.0.0.0 Safari/537.36 Edg/127.0.0.0"
162.0.232.193 - - [15/Aug/2024:14:04:04 -0400] "POST /wp-cron.php?doing_wp_cron=1723745044.1520810127258300781250 HTTP/1.1" 200 0 "-" "WordPress/6.5.5; https://r.lookismmanga.com"
66.249.79.167 - - [15/Aug/2024:14:04:03 -0400] "POST /wp-admin/admin-ajax.php HTTP/1.1" 200 69 "https://r.lookismmanga.com/comic/lookism-chapter-458/" "Mozilla/5.0 (Linux; Android 6.0.1; Nexus 5X Build/MMB29P) AppleWebKit/537.36 (KHTML, like Gecko) Chrome/126.0.6478.182 Mobile Safari/537.36 (compatible; Googlebot/2.1; +http://www.google.com/bot.html)"
162.0.232.193 - - [15/Aug/2024:14:05:08 -0400] "POST /wp-cron.php?doing_wp_cron=1723745108.0530850887298583984375 HTTP/1.1" 200 0 "-" "WordPress/6.5.5; https://r.lookismmanga.com"
2a06:98c0:3600::103 - - [15/Aug/2024:14:05:07 -0400] "GET /favicon.ico HTTP/1.1" 302 0 "https://www.ecosia.org/" "Mozilla/5.0 (Windows NT 10.0; Win64; x64) AppleWebKit/537.36 (KHTML, like Gecko) Chrome/127.0.0.0 Safari/537.36"
2405:201:5505:d040:2017:c1fc:891a:8c6f - - [15/Aug/2024:14:05:35 -0400] "GET / HTTP/1.1" 200 11625 "https://www.bing.com/" "Mozilla/5.0 (Windows NT 10.0; Win64; x64) AppleWebKit/537.36 (KHTML, like Gecko) Chrome/127.0.0.0 Safari/537.36 Edg/127.0.0.0"
2405:201:c003:4065:71ff:a318:a820:9202 - - [15/Aug/2024:14:05:37 -0400] "GET / HTTP/1.1" 200 11596 "https://duckduckgo.com/" "Mozilla/5.0 (Linux; Android 10; K) AppleWebKit/537.36 (KHTML, like Gecko) Chrome/127.0.0.0 Mobile Safari/537.36"
2405:201:5505:d040:2017:c1fc:891a:8c6f - - [15/Aug/2024:14:05:43 -0400] "GET /comic/lookism-chapter-514/ HTTP/1.1" 200 10643 "https://r.lookismmanga.com/" "Mozilla/5.0 (Windows NT 10.0; Win64; x64) AppleWebKit/537.36 (KHTML, like Gecko) Chrome/127.0.0.0 Safari/537.36 Edg/127.0.0.0"
2405:201:5505:d040:2017:c1fc:891a:8c6f - - [15/Aug/2024:14:05:43 -0400] "GET /comic/lookism-chapter-513/ HTTP/1.1" 200 11110 "https://r.lookismmanga.com/" "Mozilla/5.0 (Windows NT 10.0; Win64; x64) AppleWebKit/537.36 (KHTML, like Gecko) Chrome/127.0.0.0 Safari/537.36 Edg/127.0.0.0"
2405:201:5505:d040:2017:c1fc:891a:8c6f - - [15/Aug/2024:14:05:43 -0400] "GET /comic/lookism-chapter-506/ HTTP/1.1" 200 11154 "https://r.lookismmanga.com/" "Mozilla/5.0 (Windows NT 10.0; Win64; x64) AppleWebKit/537.36 (KHTML, like Gecko) Chrome/127.0.0.0 Safari/537.36 Edg/127.0.0.0"
2405:201:c003:4065:71ff:a318:a820:9202 - - [15/Aug/2024:14:05:45 -0400] "GET /comic/lookism-chapter-514/ HTTP/1.1" 200 10640 "-" "Mozilla/5.0 (Linux; Android 10; K) AppleWebKit/537.36 (KHTML, like Gecko) Chrome/127.0.0.0 Mobile Safari/537.36"
2601:5cb:c000:2d10:fca4:dd56:a20f:3f9f - - [15/Aug/2024:14:07:24 -0400] "GET / HTTP/1.1" 200 11596 "https://www.bing.com/" "Mozilla/5.0 (iPhone; CPU iPhone OS 16_6 like Mac OS X) AppleWebKit/605.1.15 (KHTML, like Gecko) Version/16.6 Mobile/15E148 Safari/604.1"
162.0.232.193 - - [15/Aug/2024:14:07:24 -0400] "POST /wp-cron.php?doing_wp_cron=1723745244.2586650848388671875000 HTTP/1.1" 200 0 "-" "WordPress/6.5.5; https://r.lookismmanga.com"
2a03:2880:27ff:11::face:b00c - - [15/Aug/2024:14:07:22 -0400] "GET /?p=2014 HTTP/1.1" 301 0 "-" "facebookexternalhit/1.1 (+http://www.facebook.com/externalhit_uatext.php)"
2a03:2880:13ff:9::face:b00c - - [15/Aug/2024:14:07:24 -0400] "GET /?p=2347 HTTP/1.1" 301 0 "-" "meta-externalagent/1.1 (+https://developers.facebook.com/docs/sharing/webmasters/crawler)"
2601:19c:4a0d:d400:6131:4588:b908:d99c - - [15/Aug/2024:14:07:25 -0400] "GET /comic/lookism-chapter-511/ HTTP/1.1" 200 11103 "https://www.bing.com/" "Mozilla/5.0 (Windows NT 10.0; Win64; x64) AppleWebKit/537.36 (KHTML, like Gecko) Chrome/127.0.0.0 Safari/537.36 Edg/127.0.0.0"
2601:19c:4a0d:d400:6131:4588:b908:d99c - - [15/Aug/2024:14:07:26 -0400] "GET /wp-content/uploads/2024/02/MV5BMmI0NjY3NWYtMjEyYi00MjBlLWE4NDktNzNjZWNjMGUyY2U2XkEyXkFqcGdeQXVyMTUzNjM4ODE1._V1_-1024x576.jpg HTTP/1.1" 200 70245 "https://r.lookismmanga.com/comic/lookism-chapter-511/" "Mozilla/5.0 (Windows NT 10.0; Win64; x64) AppleWebKit/537.36 (KHTML, like Gecko) Chrome/127.0.0.0 Safari/537.36 Edg/127.0.0.0"
2601:19c:4a0d:d400:6131:4588:b908:d99c - - [15/Aug/2024:14:07:26 -0400] "POST /wp-admin/admin-ajax.php HTTP/1.1" 200 69 "https://r.lookismmanga.com/comic/lookism-chapter-511/" "Mozilla/5.0 (Windows NT 10.0; Win64; x64) AppleWebKit/537.36 (KHTML, like Gecko) Chrome/127.0.0.0 Safari/537.36 Edg/127.0.0.0"
2a03:2880:22ff:72::face:b00c - - [15/Aug/2024:14:07:27 -0400] "GET /?p=2293 HTTP/1.1" 301 0 "-" "meta-externalagent/1.1 (+https://developers.facebook.com/docs/sharing/webmasters/crawler)"
2601:5cb:c000:2d10:fca4:dd56:a20f:3f9f - - [15/Aug/2024:14:07:28 -0400] "GET /comic/lookism-chapter-514/ HTTP/1.1" 200 10578 "https://r.lookismmanga.com/" "Mozilla/5.0 (iPhone; CPU iPhone OS 16_6 like Mac OS X) AppleWebKit/605.1.15 (KHTML, like Gecko) Version/16.6 Mobile/15E148 Safari/604.1"
2601:19c:4a0d:d400:6131:4588:b908:d99c - - [15/Aug/2024:14:07:28 -0400] "GET / HTTP/1.1" 200 11625 "https://r.lookismmanga.com/comic/lookism-chapter-511/" "Mozilla/5.0 (Windows NT 10.0; Win64; x64) AppleWebKit/537.36 (KHTML, like Gecko) Chrome/127.0.0.0 Safari/537.36 Edg/127.0.0.0"
2601:19c:4a0d:d400:6131:4588:b908:d99c - - [15/Aug/2024:14:07:29 -0400] "GET / HTTP/1.1" 304 0 "https://r.lookismmanga.com/" "Mozilla/5.0 (Windows NT 10.0; Win64; x64) AppleWebKit/537.36 (KHTML, like Gecko) Chrome/127.0.0.0 Safari/537.36 Edg/127.0.0.0"
162.0.232.193 - - [15/Aug/2024:14:07:38 -0400] "POST /wp-cron.php?doing_wp_cron=1723745258.4567110538482666015625 HTTP/1.1" 200 0 "-" "WordPress/6.5.5; https://r.lookismmanga.com"
2a03:2880:2ff:2::face:b00c - - [15/Aug/2024:14:07:38 -0400] "GET / HTTP/1.1" 200 11400 "-" "facebookexternalhit/1.1 (+http://www.facebook.com/externalhit_uatext.php)"
2a03:2880:13ff:12::face:b00c - - [15/Aug/2024:14:07:54 -0400] "GET /?p=2121 HTTP/1.1" 301 0 "-" "meta-externalagent/1.1 (+https://developers.facebook.com/docs/sharing/webmasters/crawler)"
162.0.232.193 - - [15/Aug/2024:14:08:05 -0400] "POST /wp-cron.php?doing_wp_cron=1723745285.2721428871154785156250 HTTP/1.1" 200 0 "-" "WordPress/6.5.5; https://r.lookismmanga.com"
114.119.155.142 - - [15/Aug/2024:14:08:05 -0400] "GET /lookism/lookism-chapter-464/ HTTP/1.1" 301 0 "https://lookismmanga.com/lookism/lookism-chapter-486/" "Mozilla/5.0 (Linux; Android 7.0;) AppleWebKit/537.36 (KHTML, like Gecko) Mobile Safari/537.36 (compatible; PetalBot;+https://webmaster.petalsearch.com/site/petalbot)"
2a03:2880:15ff:1::face:b00c - - [15/Aug/2024:14:08:05 -0400] "GET / HTTP/1.1" 200 11400 "-" "facebookexternalhit/1.1 (+http://www.facebook.com/externalhit_uatext.php)"
114.119.155.142 - - [15/Aug/2024:14:08:06 -0400] "GET / HTTP/1.1" 200 11596 "https://lookismmanga.com/lookism/lookism-chapter-486/" "Mozilla/5.0 (Linux; Android 7.0;) AppleWebKit/537.36 (KHTML, like Gecko) Mobile Safari/537.36 (compatible; PetalBot;+https://webmaster.petalsearch.com/site/petalbot)"
2a03:2880:ff:19::face:b00c - - [15/Aug/2024:14:08:07 -0400] "GET /?p=1989 HTTP/1.1" 301 0 "-" "meta-externalagent/1.1 (+https://developers.facebook.com/docs/sharing/webmasters/crawler)"
162.0.232.193 - - [15/Aug/2024:14:08:19 -0400] "POST /wp-cron.php?doing_wp_cron=1723745299.4427139759063720703125 HTTP/1.1" 200 0 "-" "WordPress/6.5.5; https://r.lookismmanga.com"
2a03:2880:f800:f:: - - [15/Aug/2024:14:08:19 -0400] "GET /?p=2171 HTTP/1.1" 301 0 "-" "facebookexternalhit/1.1 (+http://www.facebook.com/externalhit_uatext.php)"
162.0.232.193 - - [15/Aug/2024:14:08:57 -0400] "POST /wp-cron.php?doing_wp_cron=1723745337.4271960258483886718750 HTTP/1.1" 200 0 "-" "WordPress/6.5.5; https://r.lookismmanga.com"
2a03:2880:2ff:10::face:b00c - - [15/Aug/2024:14:08:57 -0400] "GET /?p=1954 HTTP/1.1" 301 0 "-" "meta-externalagent/1.1 (+https://developers.facebook.com/docs/sharing/webmasters/crawler)"
2409:4061:4e39:7396:b0b7:5fd1:3de:4d61 - - [15/Aug/2024:14:09:15 -0400] "GET /comic/lookism-chapter-1/ HTTP/1.1" 200 11405 "https://www.google.com/" "Mozilla/5.0 (Linux; Android 11; 220333QBI) AppleWebKit/537.36 (KHTML, like Gecko) Chrome/97.0.4692.98 Mobile Safari/537.36"
162.0.232.193 - - [15/Aug/2024:14:09:58 -0400] "POST /wp-cron.php?doing_wp_cron=1723745398.3990530967712402343750 HTTP/1.1" 200 0 "-" "WordPress/6.5.5; https://r.lookismmanga.com"
2a03:2880:13ff:74::face:b00c - - [15/Aug/2024:14:09:58 -0400] "GET /?p=2268 HTTP/1.1" 301 0 "-" "facebookexternalhit/1.1 (+http://www.facebook.com/externalhit_uatext.php)"
2001:4450:475a:fd00:65ab:455f:e999:e2c4 - - [15/Aug/2024:14:10:08 -0400] "GET /comic/lookism-chapter-268/ HTTP/1.1" 200 13092 "https://www.google.com/" "Mozilla/5.0 (Linux; Android 10; K) AppleWebKit/537.36 (KHTML, like Gecko) Chrome/127.0.0.0 Mobile Safari/537.36"
162.0.232.193 - - [15/Aug/2024:14:11:22 -0400] "POST /wp-cron.php?doing_wp_cron=1723745482.5009510517120361328125 HTTP/1.1" 200 0 "-" "WordPress/6.5.5; https://r.lookismmanga.com"
2001:41d0:1:c220::1 - - [15/Aug/2024:14:11:22 -0400] "POST /wp-login.php HTTP/1.1" 200 1949 "-" "Mozilla/5.0 (Windows NT 6.3; Win64; x64) AppleWebKit/537.36 (KHTML, like Gecko) Chrome/65.0.3325.181 Safari/537.36"
2001:4450:8151:4a00:3960:e766:e11a:c18 - - [15/Aug/2024:14:11:31 -0400] "GET / HTTP/1.1" 200 11596 "https://duckduckgo.com/" "Mozilla/5.0 (iPhone; CPU iPhone OS 17_5_1 like Mac OS X) AppleWebKit/605.1.15 (KHTML, like Gecko) Version/17.5 Mobile/15E148 Safari/604.1"
162.0.232.193 - - [15/Aug/2024:14:11:37 -0400] "POST /wp-cron.php?doing_wp_cron=1723745497.1715970039367675781250 HTTP/1.1" 200 0 "-" "WordPress/6.5.5; https://r.lookismmanga.com"
2a03:2880:2ff:2::face:b00c - - [15/Aug/2024:14:11:37 -0400] "GET /comic/lookism-chapter-352/ HTTP/1.1" 200 12273 "-" "facebookexternalhit/1.1 (+http://www.facebook.com/externalhit_uatext.php)"
113.182.22.21 - - [15/Aug/2024:14:11:48 -0400] "GET / HTTP/1.1" 200 11603 "https://www.bing.com/" "Mozilla/5.0 (Windows NT 10.0; Win64; x64) AppleWebKit/537.36 (KHTML, like Gecko) Chrome/127.0.0.0 Safari/537.36 Edg/127.0.0.0"
117.243.50.57 - - [15/Aug/2024:14:11:53 -0400] "POST /wp-admin/admin-ajax.php HTTP/1.1" 200 69 "https://r.lookismmanga.com/comic/lookism-chapter-514/" "Mozilla/5.0 (Windows NT 10.0; Win64; x64) AppleWebKit/537.36 (KHTML, like Gecko) Chrome/127.0.0.0 Safari/537.36"
103.225.191.191 - - [15/Aug/2024:14:11:54 -0400] "GET / HTTP/1.1" 200 11596 "-" "Mozilla/5.0 (Linux; Android 10; K) AppleWebKit/537.36 (KHTML, like Gecko) Chrome/127.0.0.0 Mobile Safari/537.36"
103.225.191.191 - - [15/Aug/2024:14:12:01 -0400] "GET /comic/lookism-chapter-504/ HTTP/1.1" 200 11274 "https://r.lookismmanga.com/" "Mozilla/5.0 (Linux; Android 10; K) AppleWebKit/537.36 (KHTML, like Gecko) Chrome/127.0.0.0 Mobile Safari/537.36"
162.0.232.193 - - [15/Aug/2024:14:12:03 -0400] "POST /wp-cron.php?doing_wp_cron=1723745523.1249039173126220703125 HTTP/1.1" 200 0 "-" "WordPress/6.5.5; https://r.lookismmanga.com"
103.225.191.191 - - [15/Aug/2024:14:12:02 -0400] "POST /wp-admin/admin-ajax.php HTTP/1.1" 200 793 "https://r.lookismmanga.com/comic/lookism-chapter-504/" "Mozilla/5.0 (Linux; Android 10; K) AppleWebKit/537.36 (KHTML, like Gecko) Chrome/127.0.0.0 Mobile Safari/537.36"
103.225.191.191 - - [15/Aug/2024:14:12:03 -0400] "GET /tag/lookism-manhwa/ HTTP/1.1" 301 0 "https://r.lookismmanga.com/comic/lookism-chapter-504/" "Mozilla/5.0 (Linux; Android 10; K) AppleWebKit/537.36 (KHTML, like Gecko) Chrome/127.0.0.0 Mobile Safari/537.36"
103.225.191.191 - - [15/Aug/2024:14:12:03 -0400] "GET / HTTP/1.1" 304 0 "https://r.lookismmanga.com/" "Mozilla/5.0 (Linux; Android 10; K) AppleWebKit/537.36 (KHTML, like Gecko) Chrome/127.0.0.0 Mobile Safari/537.36"
103.225.191.191 - - [15/Aug/2024:14:12:07 -0400] "GET /comic/lookism-chapter-502/ HTTP/1.1" 200 11528 "https://r.lookismmanga.com/" "Mozilla/5.0 (Linux; Android 10; K) AppleWebKit/537.36 (KHTML, like Gecko) Chrome/127.0.0.0 Mobile Safari/537.36"
64.233.173.15 - - [15/Aug/2024:14:12:08 -0400] "GET /comic/lookism-chapter-504/ HTTP/1.1" 200 11309 "-" "Mozilla/5.0 (Linux; Android 7.0; SM-G930V Build/NRD90M) AppleWebKit/537.36 (KHTML, like Gecko) Chrome/59.0.3071.125 Mobile Safari/537.36 (compatible; Google-Read-Aloud; +https://support.google.com/webmasters/answer/1061943)"
64.233.173.17 - - [15/Aug/2024:14:12:08 -0400] "GET /comic/lookism-chapter-504/ HTTP/1.1" 200 11274 "-" "Mozilla/5.0 (Linux; Android 7.0; SM-G930V Build/NRD90M) AppleWebKit/537.36 (KHTML, like Gecko) Chrome/59.0.3071.125 Mobile Safari/537.36 (compatible; Google-Read-Aloud; +https://support.google.com/webmasters/answer/1061943)"
103.225.191.191 - - [15/Aug/2024:14:12:07 -0400] "POST /wp-admin/admin-ajax.php HTTP/1.1" 200 69 "https://r.lookismmanga.com/comic/lookism-chapter-502/" "Mozilla/5.0 (Linux; Android 10; K) AppleWebKit/537.36 (KHTML, like Gecko) Chrome/127.0.0.0 Mobile Safari/537.36"
64.233.173.16 - - [15/Aug/2024:14:12:08 -0400] "GET /wp-content/plugins/wp-rocket/assets/js/lcp-beacon.min.js HTTP/1.1" 200 2232 "https://r.lookismmanga.com/comic/lookism-chapter-504/" "Mozilla/5.0 (Linux; Android 7.0; SM-G930V Build/NRD90M) AppleWebKit/537.36 (KHTML, like Gecko) Chrome/59.0.3071.125 Mobile Safari/537.36 (compatible; Google-Read-Aloud; +https://support.google.com/webmasters/answer/1061943)"
64.233.173.16 - - [15/Aug/2024:14:12:11 -0400] "GET /comic/lookism-chapter-502/ HTTP/1.1" 200 11485 "-" "Mozilla/5.0 (Linux; Android 7.0; SM-G930V Build/NRD90M) AppleWebKit/537.36 (KHTML, like Gecko) Chrome/59.0.3071.125 Mobile Safari/537.36 (compatible; Google-Read-Aloud; +https://support.google.com/webmasters/answer/1061943)"
64.233.173.15 - - [15/Aug/2024:14:12:11 -0400] "GET /comic/lookism-chapter-502/ HTTP/1.1" 200 11485 "-" "Mozilla/5.0 (Linux; Android 7.0; SM-G930V Build/NRD90M) AppleWebKit/537.36 (KHTML, like Gecko) Chrome/59.0.3071.125 Mobile Safari/537.36 (compatible; Google-Read-Aloud; +https://support.google.com/webmasters/answer/1061943)"
64.233.173.16 - - [15/Aug/2024:14:12:13 -0400] "POST /wp-admin/admin-ajax.php HTTP/1.1" 200 69 "https://r.lookismmanga.com/comic/lookism-chapter-502/" "Mozilla/5.0 (Linux; Android 7.0; SM-G930V Build/NRD90M) AppleWebKit/537.36 (KHTML, like Gecko) Chrome/59.0.3071.125 Mobile Safari/537.36 (compatible; Google-Read-Aloud; +https://support.google.com/webmasters/answer/1061943)"
2409:4080:1009:669c:ef7b:bda0:88ca:5231 - - [15/Aug/2024:14:12:29 -0400] "GET / HTTP/1.1" 200 11596 "-" "Mozilla/5.0 (Linux; Android 12; M2102J20SI Build/SKQ1.211006.001; wv) AppleWebKit/537.36 (KHTML, like Gecko) Version/4.0 Chrome/127.0.6533.66 Mobile Safari/537.36"
2409:4080:1009:669c:ef7b:bda0:88ca:5231 - - [15/Aug/2024:14:12:34 -0400] "GET /comic/lookism-chapter-514/ HTTP/1.1" 200 10578 "https://r.lookismmanga.com/" "Mozilla/5.0 (Linux; Android 12; M2102J20SI Build/SKQ1.211006.001; wv) AppleWebKit/537.36 (KHTML, like Gecko) Version/4.0 Chrome/127.0.6533.66 Mobile Safari/537.36"
5.102.7.252 - - [15/Aug/2024:14:14:08 -0400] "GET / HTTP/1.1" 200 11596 "https://www.bing.com/" "Mozilla/5.0 (Linux; Android 10; K) AppleWebKit/537.36 (KHTML, like Gecko) SamsungBrowser/25.0 Chrome/121.0.0.0 Mobile Safari/537.36"
181.199.152.226 - - [15/Aug/2024:14:14:49 -0400] "GET / HTTP/1.1" 200 11603 "https://www.bing.com/" "Mozilla/5.0 (Windows NT 10.0; Win64; x64) AppleWebKit/537.36 (KHTML, like Gecko) Chrome/127.0.0.0 Safari/537.36 Edg/127.0.0.0"
181.199.152.226 - - [15/Aug/2024:14:14:51 -0400] "GET /wp-content/uploads/2024/02/lookismkmanhwabookvolume17dkshop-706x1024.jpg HTTP/1.1" 200 101529 "https://r.lookismmanga.com/" "Mozilla/5.0 (Windows NT 10.0; Win64; x64) AppleWebKit/537.36 (KHTML, like Gecko) Chrome/127.0.0.0 Safari/537.36 Edg/127.0.0.0"
181.199.152.226 - - [15/Aug/2024:14:14:51 -0400] "GET /wp-content/uploads/2024/02/lookismkmanhwabookvolume5dkshop-753x1024.webp HTTP/1.1" 200 76864 "https://r.lookismmanga.com/" "Mozilla/5.0 (Windows NT 10.0; Win64; x64) AppleWebKit/537.36 (KHTML, like Gecko) Chrome/127.0.0.0 Safari/537.36 Edg/127.0.0.0"
41.23.45.211 - - [15/Aug/2024:14:14:56 -0400] "GET / HTTP/1.1" 200 11596 "-" "Mozilla/5.0 (Linux; Android 12; CTR-LX2 Build/HUAWEICTR-LX2; wv) AppleWebKit/537.36 (KHTML, like Gecko) Chrome/99.0.4844.88 Mobile Safari/537.36 HuaweiBrowser/14.0.5.303 HMSCore/6.14.0.302"
181.199.152.226 - - [15/Aug/2024:14:14:59 -0400] "GET /wp-content/uploads/2024/02/cropped-if-the-anime-continues-and-reaches-the-point-of-current-v0-frhh1uf0zj5a1-32x32.webp HTTP/1.1" 200 438 "https://r.lookismmanga.com/" "Mozilla/5.0 (Windows NT 10.0; Win64; x64) AppleWebKit/537.36 (KHTML, like Gecko) Chrome/127.0.0.0 Safari/537.36 Edg/127.0.0.0"
41.23.45.211 - - [15/Aug/2024:14:15:00 -0400] "GET /wp-content/uploads/2024/02/cropped-if-the-anime-continues-and-reaches-the-point-of-current-v0-frhh1uf0zj5a1-192x192.webp HTTP/1.1" 200 4440 "https://r.lookismmanga.com/" "Mozilla/5.0 (Linux; Android 12; CTR-LX2 Build/HUAWEICTR-LX2; wv) AppleWebKit/537.36 (KHTML, like Gecko) Chrome/99.0.4844.88 Mobile Safari/537.36 HuaweiBrowser/14.0.5.303 HMSCore/6.14.0.302"
52.167.144.167 - - [15/Aug/2024:14:15:10 -0400] "GET / HTTP/1.1" 200 11603 "-" "Mozilla/5.0 (Windows NT 10.0; Win64; x64) AppleWebKit/537.36 (KHTML, like Gecko) Chrome/112.0.0.0 Safari/537.36 Edg/112.0.1722.68"
52.167.144.167 - - [15/Aug/2024:14:15:10 -0400] "GET / HTTP/1.1" 200 11603 "-" "Mozilla/5.0 (Windows NT 10.0; Win64; x64) AppleWebKit/537.36 (KHTML, like Gecko) Chrome/112.0.0.0 Safari/537.36 Edg/112.0.1722.68"
66.249.79.167 - - [15/Aug/2024:14:15:20 -0400] "GET /comic/lookism-chapter-505/ HTTP/1.1" 200 11593 "-" "Mozilla/5.0 (Linux; Android 6.0.1; Nexus 5X Build/MMB29P) AppleWebKit/537.36 (KHTML, like Gecko) Chrome/127.0.6533.99 Mobile Safari/537.36 (compatible; Googlebot/2.1; +http://www.google.com/bot.html)"
162.0.232.193 - - [15/Aug/2024:14:15:23 -0400] "POST /wp-cron.php?doing_wp_cron=1723745723.1037189960479736328125 HTTP/1.1" 200 0 "-" "WordPress/6.5.5; https://r.lookismmanga.com"
66.249.79.166 - - [15/Aug/2024:14:15:21 -0400] "GET /lookism/lookism-chapter-48/ HTTP/1.1" 301 0 "-" "Mozilla/5.0 (Linux; Android 6.0.1; Nexus 5X Build/MMB29P) AppleWebKit/537.36 (KHTML, like Gecko) Chrome/127.0.6533.119 Mobile Safari/537.36 (compatible; Googlebot/2.1; +http://www.google.com/bot.html)"
66.249.79.167 - - [15/Aug/2024:14:15:23 -0400] "POST /wp-admin/admin-ajax.php HTTP/1.1" 200 69 "https://r.lookismmanga.com/comic/lookism-chapter-505/" "Mozilla/5.0 (Linux; Android 6.0.1; Nexus 5X Build/MMB29P) AppleWebKit/537.36 (KHTML, like Gecko) Chrome/126.0.6478.182 Mobile Safari/537.36 (compatible; Googlebot/2.1; +http://www.google.com/bot.html)"
66.249.79.167 - - [15/Aug/2024:14:15:25 -0400] "GET / HTTP/1.1" 200 11596 "-" "Mozilla/5.0 (Linux; Android 6.0.1; Nexus 5X Build/MMB29P) AppleWebKit/537.36 (KHTML, like Gecko) Chrome/127.0.6533.119 Mobile Safari/537.36 (compatible; Googlebot/2.1; +http://www.google.com/bot.html)"
162.0.232.193 - - [15/Aug/2024:14:15:43 -0400] "POST /wp-cron.php?doing_wp_cron=1723745742.8125939369201660156250 HTTP/1.1" 200 0 "-" "WordPress/6.5.5; https://r.lookismmanga.com"
66.249.79.166 - - [15/Aug/2024:14:15:42 -0400] "GET /lookism/lookism-chapter-48/ HTTP/1.1" 301 0 "-" "Googlebot-Image/1.0"
2402:8100:2061:597f::52ac:7ad1 - - [15/Aug/2024:14:16:39 -0400] "GET / HTTP/1.1" 200 11596 "-" "Mozilla/5.0 (Linux; Android 13; Infinix X6832 Build/TP1A.220624.014; wv) AppleWebKit/537.36 (KHTML, like Gecko) Version/4.0 Chrome/127.0.6533.103 Mobile Safari/537.36"
2003:cf:3f2f:efa2:89e2:6b76:ddd1:8a6 - - [15/Aug/2024:14:16:43 -0400] "GET / HTTP/1.1" 200 11603 "https://duckduckgo.com/" "Mozilla/5.0 (Windows NT 10.0; Win64; x64) AppleWebKit/537.36 (KHTML, like Gecko) Chrome/127.0.0.0 Safari/537.36"
14.180.131.125 - - [15/Aug/2024:14:16:45 -0400] "GET / HTTP/1.1" 200 11603 "https://www.bing.com/" "Mozilla/5.0 (Windows NT 10.0; Win64; x64) AppleWebKit/537.36 (KHTML, like Gecko) Chrome/127.0.0.0 Safari/537.36 Edg/127.0.0.0"
2003:cf:3f2f:efa2:89e2:6b76:ddd1:8a6 - - [15/Aug/2024:14:16:47 -0400] "GET /comic/lookism-chapter-510/ HTTP/1.1" 200 11511 "https://r.lookismmanga.com/" "Mozilla/5.0 (Windows NT 10.0; Win64; x64) AppleWebKit/537.36 (KHTML, like Gecko) Chrome/127.0.0.0 Safari/537.36"
2003:cf:3f2f:efa2:89e2:6b76:ddd1:8a6 - - [15/Aug/2024:14:16:48 -0400] "GET /lookism-chapter-511/ HTTP/1.1" 200 11530 "https://r.lookismmanga.com/" "Mozilla/5.0 (Windows NT 10.0; Win64; x64) AppleWebKit/537.36 (KHTML, like Gecko) Chrome/127.0.0.0 Safari/537.36"
14.180.131.125 - - [15/Aug/2024:14:16:48 -0400] "GET /comic/lookism-chapter-513/ HTTP/1.1" 200 11063 "https://r.lookismmanga.com/" "Mozilla/5.0 (Windows NT 10.0; Win64; x64) AppleWebKit/537.36 (KHTML, like Gecko) Chrome/127.0.0.0 Safari/537.36 Edg/127.0.0.0"
2003:cf:3f2f:efa2:89e2:6b76:ddd1:8a6 - - [15/Aug/2024:14:16:48 -0400] "GET /privacy-policy/ HTTP/1.1" 200 12907 "https://r.lookismmanga.com/" "Mozilla/5.0 (Windows NT 10.0; Win64; x64) AppleWebKit/537.36 (KHTML, like Gecko) Chrome/127.0.0.0 Safari/537.36"
14.180.131.125 - - [15/Aug/2024:14:16:48 -0400] "GET /comic/lookism-chapter-514/ HTTP/1.1" 200 10596 "https://r.lookismmanga.com/" "Mozilla/5.0 (Windows NT 10.0; Win64; x64) AppleWebKit/537.36 (KHTML, like Gecko) Chrome/127.0.0.0 Safari/537.36 Edg/127.0.0.0"
2003:cf:3f2f:efa2:89e2:6b76:ddd1:8a6 - - [15/Aug/2024:14:16:51 -0400] "GET /comic/lookism-chapter-514/ HTTP/1.1" 200 10643 "https://r.lookismmanga.com/" "Mozilla/5.0 (Windows NT 10.0; Win64; x64) AppleWebKit/537.36 (KHTML, like Gecko) Chrome/127.0.0.0 Safari/537.36"
2402:8100:2061:597f::52ac:7ad1 - - [15/Aug/2024:14:17:11 -0400] "GET / HTTP/1.1" 304 0 "https://r.lookismmanga.com/" "Mozilla/5.0 (Linux; Android 13; Infinix X6832 Build/TP1A.220624.014; wv) AppleWebKit/537.36 (KHTML, like Gecko) Version/4.0 Chrome/127.0.6533.103 Mobile Safari/537.36"
2402:8100:2061:597f::52ac:7ad1 - - [15/Aug/2024:14:17:12 -0400] "GET /comic/lookism-chapter-504/ HTTP/1.1" 200 11274 "https://r.lookismmanga.com/" "Mozilla/5.0 (Linux; Android 13; Infinix X6832 Build/TP1A.220624.014; wv) AppleWebKit/537.36 (KHTML, like Gecko) Version/4.0 Chrome/127.0.6533.103 Mobile Safari/537.36"
2402:8100:2061:597f::52ac:7ad1 - - [15/Aug/2024:14:17:19 -0400] "GET / HTTP/1.1" 304 0 "https://r.lookismmanga.com/" "Mozilla/5.0 (Linux; Android 13; Infinix X6832 Build/TP1A.220624.014; wv) AppleWebKit/537.36 (KHTML, like Gecko) Version/4.0 Chrome/127.0.6533.103 Mobile Safari/537.36"
2402:8100:2061:597f::52ac:7ad1 - - [15/Aug/2024:14:17:37 -0400] "GET /comic/lookism-chapter-503/ HTTP/1.1" 200 11631 "https://r.lookismmanga.com/" "Mozilla/5.0 (Linux; Android 13; Infinix X6832 Build/TP1A.220624.014; wv) AppleWebKit/537.36 (KHTML, like Gecko) Version/4.0 Chrome/127.0.6533.103 Mobile Safari/537.36"
2a01:e0a:d5a:900:f4d6:29fa:e67:c48b - - [15/Aug/2024:14:17:58 -0400] "GET / HTTP/1.1" 200 11603 "https://www.bing.com/" "Mozilla/5.0 (Windows NT 10.0; Win64; x64) AppleWebKit/537.36 (KHTML, like Gecko) Chrome/127.0.0.0 Safari/537.36"
24.186.82.71 - - [15/Aug/2024:14:18:42 -0400] "GET /comic/lookism-chapter-514/ HTTP/1.1" 200 10596 "https://r.lookismmanga.com/" "Mozilla/5.0 (Windows NT 10.0; Win64; x64) AppleWebKit/537.36 (KHTML, like Gecko) Chrome/127.0.0.0 Safari/537.36 Edg/127.0.0.0"
2001:4860:7:50c::ff - - [15/Aug/2024:14:19:33 -0400] "GET / HTTP/1.1" 200 11596 "https://www.google.com/" "Mozilla/5.0 (Linux; Android 10; K) AppleWebKit/537.36 (KHTML, like Gecko) Chrome/127.0.0.0 Mobile Safari/537.36"
162.0.232.193 - - [15/Aug/2024:14:19:34 -0400] "POST /wp-cron.php?doing_wp_cron=1723745973.9112479686737060546875 HTTP/1.1" 200 0 "-" "WordPress/6.5.5; https://r.lookismmanga.com"
66.249.82.10 - - [15/Aug/2024:14:19:33 -0400] "GET /.well-known/traffic-advice HTTP/1.1" 301 0 "-" "Chrome Privacy Preserving Prefetch Proxy"
110.54.192.12 - - [15/Aug/2024:14:19:34 -0400] "GET / HTTP/1.1" 200 11596 "https://www.google.com/" "Mozilla/5.0 (Linux; Android 10; K) AppleWebKit/537.36 (KHTML, like Gecko) Chrome/127.0.0.0 Mobile Safari/537.36"
2a0d:187:2007:b000:fc4d:5f5f:1561:cda6 - - [15/Aug/2024:14:20:12 -0400] "GET / HTTP/1.1" 200 11603 "https://r.search.yahoo.com/_ylt=AwrFYHG.Rr5mdQQAQPZXNyoA;_ylu=Y29sbwNiZjEEcG9zAzQEdnRpZAMEc2VjA3Ny/RV=2/RE=1724955583/RO=10/RU=https%3a%2f%2fr.lookismmanga.com%2f/RK=2/RS=eJfPqpM8ou_QV.9YCzgaLE2C_uY-" "Mozilla/5.0 (Windows NT 10.0; Win64; x64) AppleWebKit/537.36 (KHTML, like Gecko) Chrome/127.0.0.0 Safari/537.36"
66.249.79.166 - - [15/Aug/2024:14:20:35 -0400] "GET /comic/lookism-chapter-463/ HTTP/1.1" 200 11273 "-" "Mozilla/5.0 (Linux; Android 6.0.1; Nexus 5X Build/MMB29P) AppleWebKit/537.36 (KHTML, like Gecko) Chrome/127.0.6533.99 Mobile Safari/537.36 (compatible; Googlebot/2.1; +http://www.google.com/bot.html)"
162.0.232.193 - - [15/Aug/2024:14:20:35 -0400] "POST /wp-cron.php?doing_wp_cron=1723746035.0481290817260742187500 HTTP/1.1" 200 0 "-" "WordPress/6.5.5; https://r.lookismmanga.com"
162.0.232.193 - - [15/Aug/2024:14:20:37 -0400] "POST /wp-cron.php?doing_wp_cron=1723746036.9378790855407714843750 HTTP/1.1" 200 0 "-" "WordPress/6.5.5; https://r.lookismmanga.com"
2a03:2880:22ff:73::face:b00c - - [15/Aug/2024:14:20:36 -0400] "GET /?p=2162 HTTP/1.1" 301 0 "-" "facebookexternalhit/1.1 (+http://www.facebook.com/externalhit_uatext.php)"
162.0.232.193 - - [15/Aug/2024:14:20:37 -0400] "GET /comic/lookism-chapter-450/ HTTP/1.1" 200 11610 "-" "WP Rocket/Preload"
162.0.232.193 - - [15/Aug/2024:14:20:38 -0400] "GET /comic/lookism-chapter-450/ HTTP/1.1" 200 11487 "-" "WP Rocket/Preload Mozilla/5.0 (iPhone; CPU iPhone OS 9_1 like Mac OS X) AppleWebKit/601.1.46 (KHTML, like Gecko) Version/9.0 Mobile/13B143 Safari/601.1"
162.0.232.193 - - [15/Aug/2024:14:20:39 -0400] "GET /return-policy/ HTTP/1.1" 200 10013 "-" "WP Rocket/Preload"
162.0.232.193 - - [15/Aug/2024:14:20:41 -0400] "GET /return-policy/ HTTP/1.1" 200 10012 "-" "WP Rocket/Preload Mozilla/5.0 (iPhone; CPU iPhone OS 9_1 like Mac OS X) AppleWebKit/601.1.46 (KHTML, like Gecko) Version/9.0 Mobile/13B143 Safari/601.1"
162.0.232.193 - - [15/Aug/2024:14:20:42 -0400] "GET /terms-and-conditions/ HTTP/1.1" 200 12024 "-" "WP Rocket/Preload"
162.0.232.193 - - [15/Aug/2024:14:20:43 -0400] "GET /terms-and-conditions/ HTTP/1.1" 200 12025 "-" "WP Rocket/Preload Mozilla/5.0 (iPhone; CPU iPhone OS 9_1 like Mac OS X) AppleWebKit/601.1.46 (KHTML, like Gecko) Version/9.0 Mobile/13B143 Safari/601.1"
162.0.232.193 - - [15/Aug/2024:14:20:44 -0400] "GET /privacy-policy/ HTTP/1.1" 200 12957 "-" "WP Rocket/Preload"
162.0.232.193 - - [15/Aug/2024:14:20:45 -0400] "GET /privacy-policy/ HTTP/1.1" 200 13058 "-" "WP Rocket/Preload Mozilla/5.0 (iPhone; CPU iPhone OS 9_1 like Mac OS X) AppleWebKit/601.1.46 (KHTML, like Gecko) Version/9.0 Mobile/13B143 Safari/601.1"
162.0.232.193 - - [15/Aug/2024:14:20:46 -0400] "GET /comic/lookism-chapter-362/ HTTP/1.1" 200 11869 "-" "WP Rocket/Preload"
162.0.232.193 - - [15/Aug/2024:14:20:47 -0400] "GET /comic/lookism-chapter-362/ HTTP/1.1" 200 11870 "-" "WP Rocket/Preload Mozilla/5.0 (iPhone; CPU iPhone OS 9_1 like Mac OS X) AppleWebKit/601.1.46 (KHTML, like Gecko) Version/9.0 Mobile/13B143 Safari/601.1"
78.167.3.93 - - [15/Aug/2024:14:21:33 -0400] "GET / HTTP/1.1" 304 0 "https://www.bing.com/" "Mozilla/5.0 (Windows NT 10.0; Win64; x64) AppleWebKit/537.36 (KHTML, like Gecko) Chrome/127.0.0.0 Safari/537.36 Edg/127.0.0.0"
2a00:1851:801a:38ce:17eb:bfd4:4cc7:4536 - - [15/Aug/2024:14:22:01 -0400] "GET / HTTP/1.1" 200 11596 "https://duckduckgo.com/" "Mozilla/5.0 (Linux; Android 10; K) AppleWebKit/537.36 (KHTML, like Gecko) Chrome/126.0.0.0 Mobile Safari/537.36 OPR/83.0.0.0"
2a00:1851:801a:38ce:17eb:bfd4:4cc7:4536 - - [15/Aug/2024:14:22:05 -0400] "GET / HTTP/1.1" 304 0 "https://r.lookismmanga.com/" "Mozilla/5.0 (Linux; Android 10; K) AppleWebKit/537.36 (KHTML, like Gecko) Chrome/126.0.0.0 Mobile Safari/537.36 OPR/83.0.0.0"
2a03:2880:22ff:4::face:b00c - - [15/Aug/2024:14:23:17 -0400] "GET /comic/lookism-chapter-84/ HTTP/1.1" 200 11322 "-" "meta-externalagent/1.1 (+https://developers.facebook.com/docs/sharing/webmasters/crawler)"
66.249.79.166 - - [15/Aug/2024:14:23:50 -0400] "GET /comic/lookism-chapter-221/ HTTP/1.1" 200 13098 "-" "Mozilla/5.0 (Linux; Android 6.0.1; Nexus 5X Build/MMB29P) AppleWebKit/537.36 (KHTML, like Gecko) Chrome/127.0.6533.99 Mobile Safari/537.36 (compatible; Googlebot/2.1; +http://www.google.com/bot.html)"
2409:4081:9c9c:e71b:40bd:b8e5:c5d3:439e - - [15/Aug/2024:14:23:55 -0400] "GET /comic/lookism-chapter-511/ HTTP/1.1" 200 11160 "https://www.bing.com/" "Mozilla/5.0 (Windows NT 10.0; Win64; x64) AppleWebKit/537.36 (KHTML, like Gecko) Chrome/127.0.0.0 Safari/537.36 Edg/127.0.0.0"
2409:4081:9c9c:e71b:40bd:b8e5:c5d3:439e - - [15/Aug/2024:14:23:57 -0400] "GET /wp-content/uploads/2024/02/MV5BMmI0NjY3NWYtMjEyYi00MjBlLWE4NDktNzNjZWNjMGUyY2U2XkEyXkFqcGdeQXVyMTUzNjM4ODE1._V1_-1536x864.jpg HTTP/1.1" 200 125242 "https://r.lookismmanga.com/comic/lookism-chapter-511/" "Mozilla/5.0 (Windows NT 10.0; Win64; x64) AppleWebKit/537.36 (KHTML, like Gecko) Chrome/127.0.0.0 Safari/537.36 Edg/127.0.0.0"
162.0.232.193 - - [15/Aug/2024:14:23:59 -0400] "POST /wp-cron.php?doing_wp_cron=1723746238.8592429161071777343750 HTTP/1.1" 200 0 "-" "WordPress/6.5.5; https://r.lookismmanga.com"
162.0.232.193 - - [15/Aug/2024:14:24:00 -0400] "POST /wp-admin/admin-ajax.php?action=as_async_request_queue_runner&nonce=d9b680132e HTTP/1.1" 200 0 "-" "WordPress/6.5.5; https://r.lookismmanga.com"
2409:4081:9c9c:e71b:40bd:b8e5:c5d3:439e - - [15/Aug/2024:14:23:58 -0400] "POST /wp-admin/admin-ajax.php HTTP/1.1" 200 69 "https://r.lookismmanga.com/comic/lookism-chapter-511/" "Mozilla/5.0 (Windows NT 10.0; Win64; x64) AppleWebKit/537.36 (KHTML, like Gecko) Chrome/127.0.0.0 Safari/537.36 Edg/127.0.0.0"
162.0.232.193 - - [15/Aug/2024:14:24:00 -0400] "GET /comic/lookism-chapter-181/ HTTP/1.1" 200 12998 "-" "WP Rocket/Preload"
162.0.232.193 - - [15/Aug/2024:14:24:02 -0400] "GET /comic/lookism-chapter-181/ HTTP/1.1" 200 0 "-" "WP Rocket/Preload Mozilla/5.0 (iPhone; CPU iPhone OS 9_1 like Mac OS X) AppleWebKit/601.1.46 (KHTML, like Gecko) Version/9.0 Mobile/13B143 Safari/601.1"
162.0.232.193 - - [15/Aug/2024:14:24:03 -0400] "GET /comic/lookism-chapter-387/ HTTP/1.1" 200 0 "-" "WP Rocket/Preload"
2409:4081:9c9c:e71b:40bd:b8e5:c5d3:439e - - [15/Aug/2024:14:24:04 -0400] "GET /comic/lookism-chapter-514/ HTTP/1.1" 200 10596 "https://r.lookismmanga.com/comic/lookism-chapter-511/" "Mozilla/5.0 (Windows NT 10.0; Win64; x64) AppleWebKit/537.36 (KHTML, like Gecko) Chrome/127.0.0.0 Safari/537.36 Edg/127.0.0.0"
162.0.232.193 - - [15/Aug/2024:14:24:05 -0400] "GET /comic/lookism-chapter-387/ HTTP/1.1" 200 0 "-" "WP Rocket/Preload Mozilla/5.0 (iPhone; CPU iPhone OS 9_1 like Mac OS X) AppleWebKit/601.1.46 (KHTML, like Gecko) Version/9.0 Mobile/13B143 Safari/601.1"
162.0.232.193 - - [15/Aug/2024:14:24:07 -0400] "GET /comic/lookism-chapter-385/ HTTP/1.1" 200 0 "-" "WP Rocket/Preload"
2409:4081:9c9c:e71b:40bd:b8e5:c5d3:439e - - [15/Aug/2024:14:24:08 -0400] "GET /category/lookism-webtoon/ HTTP/1.1" 200 10362 "https://r.lookismmanga.com/comic/lookism-chapter-514/" "Mozilla/5.0 (Windows NT 10.0; Win64; x64) AppleWebKit/537.36 (KHTML, like Gecko) Chrome/127.0.0.0 Safari/537.36 Edg/127.0.0.0"
162.0.232.193 - - [15/Aug/2024:14:24:08 -0400] "GET /comic/lookism-chapter-385/ HTTP/1.1" 200 0 "-" "WP Rocket/Preload Mozilla/5.0 (iPhone; CPU iPhone OS 9_1 like Mac OS X) AppleWebKit/601.1.46 (KHTML, like Gecko) Version/9.0 Mobile/13B143 Safari/601.1"
162.0.232.193 - - [15/Aug/2024:14:24:10 -0400] "GET /comic/lookism-chapter-447/ HTTP/1.1" 200 0 "-" "WP Rocket/Preload"
120.29.110.50 - - [15/Aug/2024:14:24:10 -0400] "GET / HTTP/1.1" 200 11596 "-" "Mozilla/5.0 (Linux; Android 12; Redmi Note 9S Build/SKQ1.211019.001; wv) AppleWebKit/537.36 (KHTML, like Gecko) Version/4.0 Chrome/127.0.6533.103 Mobile Safari/537.36"
162.0.232.193 - - [15/Aug/2024:14:24:11 -0400] "GET /comic/lookism-chapter-447/ HTTP/1.1" 200 0 "-" "WP Rocket/Preload Mozilla/5.0 (iPhone; CPU iPhone OS 9_1 like Mac OS X) AppleWebKit/601.1.46 (KHTML, like Gecko) Version/9.0 Mobile/13B143 Safari/601.1"
162.0.232.193 - - [15/Aug/2024:14:24:13 -0400] "GET /comic/lookism-chapter-155/ HTTP/1.1" 200 0 "-" "WP Rocket/Preload"
162.0.232.193 - - [15/Aug/2024:14:24:14 -0400] "GET /comic/lookism-chapter-155/ HTTP/1.1" 200 0 "-" "WP Rocket/Preload Mozilla/5.0 (iPhone; CPU iPhone OS 9_1 like Mac OS X) AppleWebKit/601.1.46 (KHTML, like Gecko) Version/9.0 Mobile/13B143 Safari/601.1"
162.0.232.193 - - [15/Aug/2024:14:24:16 -0400] "GET /comic/lookism-chapter-453/ HTTP/1.1" 200 0 "-" "WP Rocket/Preload"
162.0.232.193 - - [15/Aug/2024:14:24:17 -0400] "GET /comic/lookism-chapter-453/ HTTP/1.1" 200 0 "-" "WP Rocket/Preload Mozilla/5.0 (iPhone; CPU iPhone OS 9_1 like Mac OS X) AppleWebKit/601.1.46 (KHTML, like Gecko) Version/9.0 Mobile/13B143 Safari/601.1"
162.0.232.193 - - [15/Aug/2024:14:24:19 -0400] "GET /comic/lookism-chapter-164/ HTTP/1.1" 200 0 "-" "WP Rocket/Preload"
162.0.232.193 - - [15/Aug/2024:14:24:20 -0400] "GET /comic/lookism-chapter-164/ HTTP/1.1" 200 0 "-" "WP Rocket/Preload Mozilla/5.0 (iPhone; CPU iPhone OS 9_1 like Mac OS X) AppleWebKit/601.1.46 (KHTML, like Gecko) Version/9.0 Mobile/13B143 Safari/601.1"
41.121.87.245 - - [15/Aug/2024:14:24:43 -0400] "GET / HTTP/1.1" 304 0 "https://www.bing.com/" "Mozilla/5.0 (Linux; Android 12; CTR-LX2; HMSCore 6.14.0.302) AppleWebKit/537.36 (KHTML, like Gecko) Chrome/99.0.4844.88 HuaweiBrowser/14.0.5.303 Mobile Safari/537.36"
41.121.87.245 - - [15/Aug/2024:14:24:46 -0400] "GET / HTTP/1.1" 304 0 "https://r.lookismmanga.com/" "Mozilla/5.0 (Linux; Android 12; CTR-LX2; HMSCore 6.14.0.302) AppleWebKit/537.36 (KHTML, like Gecko) Chrome/99.0.4844.88 HuaweiBrowser/14.0.5.303 Mobile Safari/537.36"
41.121.87.245 - - [15/Aug/2024:14:24:47 -0400] "GET /comic/lookism-chapter-510/ HTTP/1.1" 200 11645 "https://r.lookismmanga.com/" "Mozilla/5.0 (Linux; Android 12; CTR-LX2; HMSCore 6.14.0.302) AppleWebKit/537.36 (KHTML, like Gecko) Chrome/99.0.4844.88 HuaweiBrowser/14.0.5.303 Mobile Safari/537.36"
49.146.151.240 - - [15/Aug/2024:14:24:52 -0400] "GET / HTTP/1.1" 200 11596 "https://www.bing.com/" "Mozilla/5.0 (Linux; Android 10; JNY-LX2; HMSCore 6.14.0.301) AppleWebKit/537.36 (KHTML, like Gecko) Chrome/99.0.4844.88 HuaweiBrowser/14.0.5.303 Mobile Safari/537.36"
52.167.144.17 - - [15/Aug/2024:14:24:57 -0400] "GET / HTTP/1.1" 200 11603 "-" "Mozilla/5.0 AppleWebKit/537.36 (KHTML, like Gecko; compatible; bingbot/2.0; +http://www.bing.com/bingbot.htm) Chrome/116.0.1938.76 Safari/537.36"
49.146.151.240 - - [15/Aug/2024:14:25:00 -0400] "GET /comic/lookism-chapter-511-2/ HTTP/1.1" 200 11085 "https://r.lookismmanga.com/" "Mozilla/5.0 (Linux; Android 10; JNY-LX2; HMSCore 6.14.0.301) AppleWebKit/537.36 (KHTML, like Gecko) Chrome/99.0.4844.88 HuaweiBrowser/14.0.5.303 Mobile Safari/537.36"
49.146.151.240 - - [15/Aug/2024:14:25:01 -0400] "GET /comic/lookism-chapter-514/ HTTP/1.1" 200 10578 "https://r.lookismmanga.com/" "Mozilla/5.0 (Linux; Android 10; JNY-LX2; HMSCore 6.14.0.301) AppleWebKit/537.36 (KHTML, like Gecko) Chrome/99.0.4844.88 HuaweiBrowser/14.0.5.303 Mobile Safari/537.36"
41.121.87.245 - - [15/Aug/2024:14:25:06 -0400] "GET /wp-content/uploads/2024/02/cropped-if-the-anime-continues-and-reaches-the-point-of-current-v0-frhh1uf0zj5a1-192x192.webp HTTP/1.1" 200 4440 "-" "Dalvik/2.1.0 (Linux; U; Android 12; CTR-LX2 Build/HUAWEICTR-LX2)"
2a01:e0a:3a3:e7b0:a445:88:4c53:e00e - - [15/Aug/2024:14:26:46 -0400] "GET / HTTP/1.1" 200 11603 "https://www.bing.com/" "Mozilla/5.0 (Windows NT 10.0; Win64; x64) AppleWebKit/537.36 (KHTML, like Gecko) Chrome/127.0.0.0 Safari/537.36 Edg/127.0.0.0"
2a01:e0a:3a3:e7b0:a445:88:4c53:e00e - - [15/Aug/2024:14:27:03 -0400] "GET /comic/lookism-chapter-514/ HTTP/1.1" 200 10596 "https://r.lookismmanga.com/" "Mozilla/5.0 (Windows NT 10.0; Win64; x64) AppleWebKit/537.36 (KHTML, like Gecko) Chrome/127.0.0.0 Safari/537.36 Edg/127.0.0.0"
2a01:e0a:3a3:e7b0:a445:88:4c53:e00e - - [15/Aug/2024:14:27:04 -0400] "GET / HTTP/1.1" 304 0 "https://r.lookismmanga.com/comic/lookism-chapter-514/" "Mozilla/5.0 (Windows NT 10.0; Win64; x64) AppleWebKit/537.36 (KHTML, like Gecko) Chrome/127.0.0.0 Safari/537.36 Edg/127.0.0.0"
66.249.79.170 - - [15/Aug/2024:14:27:05 -0400] "GET /comic/lookism-chapter-454/ HTTP/1.1" 200 11054 "-" "Mozilla/5.0 (Linux; Android 6.0.1; Nexus 5X Build/MMB29P) AppleWebKit/537.36 (KHTML, like Gecko) Chrome/127.0.6533.99 Mobile Safari/537.36 (compatible; Googlebot/2.1; +http://www.google.com/bot.html)"
82.0.231.10 - - [15/Aug/2024:14:27:09 -0400] "GET / HTTP/1.1" 200 11603 "https://www.bing.com/" "Mozilla/5.0 (Windows NT 10.0; Win64; x64) AppleWebKit/537.36 (KHTML, like Gecko) Chrome/125.0.0.0 Safari/537.36 Edg/125.0.0.0"
82.0.231.10 - - [15/Aug/2024:14:27:16 -0400] "GET /comic/lookism-chapter-514/ HTTP/1.1" 200 10596 "https://r.lookismmanga.com/" "Mozilla/5.0 (Windows NT 10.0; Win64; x64) AppleWebKit/537.36 (KHTML, like Gecko) Chrome/125.0.0.0 Safari/537.36 Edg/125.0.0.0"
66.249.79.170 - - [15/Aug/2024:14:27:33 -0400] "GET /comic/lookism-chapter-101/ HTTP/1.1" 200 11350 "-" "Mozilla/5.0 (Linux; Android 6.0.1; Nexus 5X Build/MMB29P) AppleWebKit/537.36 (KHTML, like Gecko) Chrome/127.0.6533.99 Mobile Safari/537.36 (compatible; Googlebot/2.1; +http://www.google.com/bot.html)"
162.0.232.193 - - [15/Aug/2024:14:27:41 -0400] "POST /wp-cron.php?doing_wp_cron=1723746460.9110209941864013671875 HTTP/1.1" 200 0 "-" "WordPress/6.5.5; https://r.lookismmanga.com"
162.0.232.193 - - [15/Aug/2024:14:27:41 -0400] "GET /comic/lookism-chapter-65/ HTTP/1.1" 200 11559 "-" "WP Rocket/Preload"
66.249.79.170 - - [15/Aug/2024:14:27:39 -0400] "POST /wp-admin/admin-ajax.php HTTP/1.1" 200 69 "https://r.lookismmanga.com/comic/lookism-chapter-101/" "Mozilla/5.0 (Linux; Android 6.0.1; Nexus 5X Build/MMB29P) AppleWebKit/537.36 (KHTML, like Gecko) Chrome/126.0.6478.182 Mobile Safari/537.36 (compatible; Googlebot/2.1; +http://www.google.com/bot.html)"
162.0.232.193 - - [15/Aug/2024:14:27:42 -0400] "GET /comic/lookism-chapter-65/ HTTP/1.1" 200 11560 "-" "WP Rocket/Preload Mozilla/5.0 (iPhone; CPU iPhone OS 9_1 like Mac OS X) AppleWebKit/601.1.46 (KHTML, like Gecko) Version/9.0 Mobile/13B143 Safari/601.1"
162.0.232.193 - - [15/Aug/2024:14:27:44 -0400] "GET /comic/lookism-chapter-395/ HTTP/1.1" 200 11310 "-" "WP Rocket/Preload"
162.0.232.193 - - [15/Aug/2024:14:27:45 -0400] "GET /comic/lookism-chapter-395/ HTTP/1.1" 200 11312 "-" "WP Rocket/Preload Mozilla/5.0 (iPhone; CPU iPhone OS 9_1 like Mac OS X) AppleWebKit/601.1.46 (KHTML, like Gecko) Version/9.0 Mobile/13B143 Safari/601.1"
162.0.232.193 - - [15/Aug/2024:14:27:46 -0400] "GET /comic/lookism-chapter-163/ HTTP/1.1" 200 12787 "-" "WP Rocket/Preload"
162.0.232.193 - - [15/Aug/2024:14:27:47 -0400] "GET /comic/lookism-chapter-163/ HTTP/1.1" 200 12785 "-" "WP Rocket/Preload Mozilla/5.0 (iPhone; CPU iPhone OS 9_1 like Mac OS X) AppleWebKit/601.1.46 (KHTML, like Gecko) Version/9.0 Mobile/13B143 Safari/601.1"
162.0.232.193 - - [15/Aug/2024:14:27:48 -0400] "GET /comic/lookism-chapter-121/ HTTP/1.1" 200 11739 "-" "WP Rocket/Preload"
162.0.232.193 - - [15/Aug/2024:14:27:49 -0400] "GET /comic/lookism-chapter-121/ HTTP/1.1" 200 11739 "-" "WP Rocket/Preload Mozilla/5.0 (iPhone; CPU iPhone OS 9_1 like Mac OS X) AppleWebKit/601.1.46 (KHTML, like Gecko) Version/9.0 Mobile/13B143 Safari/601.1"
162.0.232.193 - - [15/Aug/2024:14:27:50 -0400] "GET /comic/lookism-chapter-143/ HTTP/1.1" 200 12346 "-" "WP Rocket/Preload"
162.0.232.193 - - [15/Aug/2024:14:27:52 -0400] "GET /comic/lookism-chapter-143/ HTTP/1.1" 200 12347 "-" "WP Rocket/Preload Mozilla/5.0 (iPhone; CPU iPhone OS 9_1 like Mac OS X) AppleWebKit/601.1.46 (KHTML, like Gecko) Version/9.0 Mobile/13B143 Safari/601.1"
136.158.61.115 - - [15/Aug/2024:14:27:52 -0400] "GET / HTTP/1.1" 200 11596 "https://www.bing.com/" "Mozilla/5.0 (Linux; Android 10; JNY-LX2; HMSCore 6.14.0.302) AppleWebKit/537.36 (KHTML, like Gecko) Chrome/99.0.4844.88 HuaweiBrowser/14.0.5.303 Mobile Safari/537.36"
162.0.232.193 - - [15/Aug/2024:14:27:53 -0400] "GET /comic/lookism-chapter-371/ HTTP/1.1" 200 11806 "-" "WP Rocket/Preload"
162.0.232.193 - - [15/Aug/2024:14:27:54 -0400] "GET /comic/lookism-chapter-371/ HTTP/1.1" 200 11829 "-" "WP Rocket/Preload Mozilla/5.0 (iPhone; CPU iPhone OS 9_1 like Mac OS X) AppleWebKit/601.1.46 (KHTML, like Gecko) Version/9.0 Mobile/13B143 Safari/601.1"
162.0.232.193 - - [15/Aug/2024:14:27:55 -0400] "GET /comic/lookism-chapter-21/ HTTP/1.1" 200 11532 "-" "WP Rocket/Preload"
162.0.232.193 - - [15/Aug/2024:14:27:56 -0400] "GET /comic/lookism-chapter-21/ HTTP/1.1" 200 11533 "-" "WP Rocket/Preload Mozilla/5.0 (iPhone; CPU iPhone OS 9_1 like Mac OS X) AppleWebKit/601.1.46 (KHTML, like Gecko) Version/9.0 Mobile/13B143 Safari/601.1"
162.0.232.193 - - [15/Aug/2024:14:27:57 -0400] "GET /comic/lookism-chapter-36/ HTTP/1.1" 200 11502 "-" "WP Rocket/Preload"
162.0.232.193 - - [15/Aug/2024:14:27:58 -0400] "GET /comic/lookism-chapter-36/ HTTP/1.1" 200 11506 "-" "WP Rocket/Preload Mozilla/5.0 (iPhone; CPU iPhone OS 9_1 like Mac OS X) AppleWebKit/601.1.46 (KHTML, like Gecko) Version/9.0 Mobile/13B143 Safari/601.1"
136.158.61.115 - - [15/Aug/2024:14:27:58 -0400] "GET /comic/lookism-chapter-514/ HTTP/1.1" 200 10640 "https://r.lookismmanga.com/" "Mozilla/5.0 (Linux; Android 10; JNY-LX2; HMSCore 6.14.0.302) AppleWebKit/537.36 (KHTML, like Gecko) Chrome/99.0.4844.88 HuaweiBrowser/14.0.5.303 Mobile Safari/537.36"
162.0.232.193 - - [15/Aug/2024:14:27:59 -0400] "GET /comic/lookism-chapter-147/ HTTP/1.1" 200 12306 "-" "WP Rocket/Preload"
162.0.232.193 - - [15/Aug/2024:14:28:00 -0400] "GET /comic/lookism-chapter-147/ HTTP/1.1" 200 12304 "-" "WP Rocket/Preload Mozilla/5.0 (iPhone; CPU iPhone OS 9_1 like Mac OS X) AppleWebKit/601.1.46 (KHTML, like Gecko) Version/9.0 Mobile/13B143 Safari/601.1"
162.0.232.193 - - [15/Aug/2024:14:28:01 -0400] "GET /comic/lookism-chapter-46/ HTTP/1.1" 200 11536 "-" "WP Rocket/Preload"
162.0.232.193 - - [15/Aug/2024:14:28:02 -0400] "GET /comic/lookism-chapter-46/ HTTP/1.1" 200 11538 "-" "WP Rocket/Preload Mozilla/5.0 (iPhone; CPU iPhone OS 9_1 like Mac OS X) AppleWebKit/601.1.46 (KHTML, like Gecko) Version/9.0 Mobile/13B143 Safari/601.1"
162.0.232.193 - - [15/Aug/2024:14:28:04 -0400] "GET /comic/lookism-chapter-178/ HTTP/1.1" 200 12244 "-" "WP Rocket/Preload"
162.0.232.193 - - [15/Aug/2024:14:28:05 -0400] "GET /comic/lookism-chapter-178/ HTTP/1.1" 200 12244 "-" "WP Rocket/Preload Mozilla/5.0 (iPhone; CPU iPhone OS 9_1 like Mac OS X) AppleWebKit/601.1.46 (KHTML, like Gecko) Version/9.0 Mobile/13B143 Safari/601.1"
162.0.232.193 - - [15/Aug/2024:14:28:34 -0400] "POST /wp-cron.php?doing_wp_cron=1723746513.9730091094970703125000 HTTP/1.1" 200 0 "-" "WordPress/6.5.5; https://r.lookismmanga.com"
105.157.85.96 - - [15/Aug/2024:14:28:33 -0400] "GET / HTTP/1.1" 200 11438 "https://business77.web-hosting.com:2083/" "Mozilla/5.0 (Macintosh; Intel Mac OS X 10_15_7) AppleWebKit/537.36 (KHTML, like Gecko) Chrome/126.0.0.0 Safari/537.36"
105.157.85.96 - - [15/Aug/2024:14:28:35 -0400] "GET /robots.txt?478818 HTTP/1.1" 200 111 "-" "Mozilla/5.0 (Macintosh; Intel Mac OS X 10_15_7) AppleWebKit/537.36 (KHTML, like Gecko) Chrome/126.0.0.0 Safari/537.36"
2a06:98c0:3600::103 - - [15/Aug/2024:14:28:41 -0400] "GET /privacy-policy/ HTTP/1.1" 200 14659 "-" "Mozilla/5.0 (X11; Linux x86_64) AppleWebKit/537.36 (KHTML, like Gecko) Chrome/83.0.4103.7 Safari/537.36"
2a06:98c0:3600::103 - - [15/Aug/2024:14:28:41 -0400] "GET / HTTP/1.1" 200 14066 "-" "Mozilla/5.0 (X11; Linux x86_64) AppleWebKit/537.36 (KHTML, like Gecko) Chrome/83.0.4103.7 Safari/537.36"
2a06:98c0:3600::103 - - [15/Aug/2024:14:28:41 -0400] "GET /comic/lookism-chapter-240/ HTTP/1.1" 200 16160 "-" "Mozilla/5.0 (X11; Linux x86_64) AppleWebKit/537.36 (KHTML, like Gecko) Chrome/83.0.4103.7 Safari/537.36"
2a06:98c0:3600::103 - - [15/Aug/2024:14:28:41 -0400] "GET /comic/lookism-chapter-231/ HTTP/1.1" 200 16340 "-" "Mozilla/5.0 (X11; Linux x86_64) AppleWebKit/537.36 (KHTML, like Gecko) Chrome/83.0.4103.7 Safari/537.36"
2a06:98c0:3600::103 - - [15/Aug/2024:14:28:41 -0400] "GET /comic/lookism-chapter-233/ HTTP/1.1" 200 15903 "-" "Mozilla/5.0 (X11; Linux x86_64) AppleWebKit/537.36 (KHTML, like Gecko) Chrome/83.0.4103.7 Safari/537.36"
2a06:98c0:3600::103 - - [15/Aug/2024:14:28:41 -0400] "GET /category/lookism-manhwa/ HTTP/1.1" 200 11738 "-" "Mozilla/5.0 (X11; Linux x86_64) AppleWebKit/537.36 (KHTML, like Gecko) Chrome/83.0.4103.7 Safari/537.36"
