162.0.232.193 - - [15/Aug/2024:08:27:22 -0400] "GET /comic/lookism-chapter-44/ HTTP/1.1" 200 11445 "-" "WP Rocket/Preload Mozilla/5.0 (iPhone; CPU iPhone OS 9_1 like Mac OS X) AppleWebKit/601.1.46 (KHTML, like Gecko) Version/9.0 Mobile/13B143 Safari/601.1"
162.0.232.193 - - [15/Aug/2024:08:27:23 -0400] "GET /comic/lookism-chapter-43/ HTTP/1.1" 200 11469 "-" "WP Rocket/Preload"
162.0.232.193 - - [15/Aug/2024:08:27:24 -0400] "GET /comic/lookism-chapter-43/ HTTP/1.1" 200 11472 "-" "WP Rocket/Preload Mozilla/5.0 (iPhone; CPU iPhone OS 9_1 like Mac OS X) AppleWebKit/601.1.46 (KHTML, like Gecko) Version/9.0 Mobile/13B143 Safari/601.1"
162.0.232.193 - - [15/Aug/2024:08:27:25 -0400] "GET /comic/lookism-chapter-50/ HTTP/1.1" 200 11610 "-" "WP Rocket/Preload"
162.0.232.193 - - [15/Aug/2024:08:27:27 -0400] "GET /comic/lookism-chapter-50/ HTTP/1.1" 200 11611 "-" "WP Rocket/Preload Mozilla/5.0 (iPhone; CPU iPhone OS 9_1 like Mac OS X) AppleWebKit/601.1.46 (KHTML, like Gecko) Version/9.0 Mobile/13B143 Safari/601.1"
162.0.232.193 - - [15/Aug/2024:08:27:48 -0400] "POST /wp-cron.php?doing_wp_cron=1723724867.9456510543823242187500 HTTP/1.1" 200 0 "-" "WordPress/6.5.5; https://r.lookismmanga.com"
162.0.232.193 - - [15/Aug/2024:08:27:48 -0400] "GET /comic/lookism-chapter-346/ HTTP/1.1" 200 12893 "-" "WP Rocket/Preload"
162.0.232.193 - - [15/Aug/2024:08:27:49 -0400] "GET /comic/lookism-chapter-346/ HTTP/1.1" 200 12890 "-" "WP Rocket/Preload Mozilla/5.0 (iPhone; CPU iPhone OS 9_1 like Mac OS X) AppleWebKit/601.1.46 (KHTML, like Gecko) Version/9.0 Mobile/13B143 Safari/601.1"
162.0.232.193 - - [15/Aug/2024:08:27:51 -0400] "GET /comic/lookism-chapter-449/ HTTP/1.1" 200 10983 "-" "WP Rocket/Preload"
162.0.232.193 - - [15/Aug/2024:08:27:52 -0400] "GET /comic/lookism-chapter-449/ HTTP/1.1" 200 10983 "-" "WP Rocket/Preload Mozilla/5.0 (iPhone; CPU iPhone OS 9_1 like Mac OS X) AppleWebKit/601.1.46 (KHTML, like Gecko) Version/9.0 Mobile/13B143 Safari/601.1"
162.0.232.193 - - [15/Aug/2024:08:27:53 -0400] "GET /comic/lookism-chapter-118/ HTTP/1.1" 200 11637 "-" "WP Rocket/Preload"
162.0.232.193 - - [15/Aug/2024:08:27:54 -0400] "GET /comic/lookism-chapter-118/ HTTP/1.1" 200 11640 "-" "WP Rocket/Preload Mozilla/5.0 (iPhone; CPU iPhone OS 9_1 like Mac OS X) AppleWebKit/601.1.46 (KHTML, like Gecko) Version/9.0 Mobile/13B143 Safari/601.1"
162.0.232.193 - - [15/Aug/2024:08:27:55 -0400] "GET /comic/lookism-chapter-104/ HTTP/1.1" 200 11325 "-" "WP Rocket/Preload"
162.0.232.193 - - [15/Aug/2024:08:27:56 -0400] "GET /comic/lookism-chapter-104/ HTTP/1.1" 200 11324 "-" "WP Rocket/Preload Mozilla/5.0 (iPhone; CPU iPhone OS 9_1 like Mac OS X) AppleWebKit/601.1.46 (KHTML, like Gecko) Version/9.0 Mobile/13B143 Safari/601.1"
162.0.232.193 - - [15/Aug/2024:08:27:58 -0400] "GET /comic/lookism-chapter-27/ HTTP/1.1" 200 11717 "-" "WP Rocket/Preload"
162.0.232.193 - - [15/Aug/2024:08:27:59 -0400] "GET /comic/lookism-chapter-27/ HTTP/1.1" 200 11544 "-" "WP Rocket/Preload Mozilla/5.0 (iPhone; CPU iPhone OS 9_1 like Mac OS X) AppleWebKit/601.1.46 (KHTML, like Gecko) Version/9.0 Mobile/13B143 Safari/601.1"
162.0.232.193 - - [15/Aug/2024:08:28:00 -0400] "GET /author/admin/ HTTP/1.1" 200 10651 "-" "WP Rocket/Preload"
162.0.232.193 - - [15/Aug/2024:08:28:01 -0400] "GET /author/admin/ HTTP/1.1" 200 10651 "-" "WP Rocket/Preload Mozilla/5.0 (iPhone; CPU iPhone OS 9_1 like Mac OS X) AppleWebKit/601.1.46 (KHTML, like Gecko) Version/9.0 Mobile/13B143 Safari/601.1"
162.0.232.193 - - [15/Aug/2024:08:28:02 -0400] "GET /category/lookism-manhwa/ HTTP/1.1" 200 10323 "-" "WP Rocket/Preload"
162.0.232.193 - - [15/Aug/2024:08:28:03 -0400] "GET /category/lookism-manhwa/ HTTP/1.1" 200 10371 "-" "WP Rocket/Preload Mozilla/5.0 (iPhone; CPU iPhone OS 9_1 like Mac OS X) AppleWebKit/601.1.46 (KHTML, like Gecko) Version/9.0 Mobile/13B143 Safari/601.1"
2a03:2880:13ff:24::face:b00c - - [15/Aug/2024:08:28:04 -0400] "GET /lookism/lookism-chapter-87/ HTTP/1.1" 301 0 "-" "facebookexternalhit/1.1 (+http://www.facebook.com/externalhit_uatext.php)"
162.0.232.193 - - [15/Aug/2024:08:28:04 -0400] "GET /comic/lookism-chapter-505/ HTTP/1.1" 200 11458 "-" "WP Rocket/Preload"
162.0.232.193 - - [15/Aug/2024:08:28:05 -0400] "GET /comic/lookism-chapter-505/ HTTP/1.1" 200 11570 "-" "WP Rocket/Preload Mozilla/5.0 (iPhone; CPU iPhone OS 9_1 like Mac OS X) AppleWebKit/601.1.46 (KHTML, like Gecko) Version/9.0 Mobile/13B143 Safari/601.1"
162.0.232.193 - - [15/Aug/2024:08:28:06 -0400] "GET /comic/lookism-chapter-256/ HTTP/1.1" 200 12986 "-" "WP Rocket/Preload"
162.0.232.193 - - [15/Aug/2024:08:28:07 -0400] "GET /comic/lookism-chapter-256/ HTTP/1.1" 200 13035 "-" "WP Rocket/Preload Mozilla/5.0 (iPhone; CPU iPhone OS 9_1 like Mac OS X) AppleWebKit/601.1.46 (KHTML, like Gecko) Version/9.0 Mobile/13B143 Safari/601.1"
162.0.232.193 - - [15/Aug/2024:08:28:09 -0400] "GET /comic/lookism-chapter-259/ HTTP/1.1" 200 12889 "-" "WP Rocket/Preload"
162.0.232.193 - - [15/Aug/2024:08:28:10 -0400] "GET /comic/lookism-chapter-259/ HTTP/1.1" 200 12614 "-" "WP Rocket/Preload Mozilla/5.0 (iPhone; CPU iPhone OS 9_1 like Mac OS X) AppleWebKit/601.1.46 (KHTML, like Gecko) Version/9.0 Mobile/13B143 Safari/601.1"
162.0.232.193 - - [15/Aug/2024:08:28:11 -0400] "GET /comic/lookism-chapter-56/ HTTP/1.1" 200 11495 "-" "WP Rocket/Preload"
162.0.232.193 - - [15/Aug/2024:08:28:12 -0400] "GET /comic/lookism-chapter-56/ HTTP/1.1" 200 11496 "-" "WP Rocket/Preload Mozilla/5.0 (iPhone; CPU iPhone OS 9_1 like Mac OS X) AppleWebKit/601.1.46 (KHTML, like Gecko) Version/9.0 Mobile/13B143 Safari/601.1"
162.0.232.193 - - [15/Aug/2024:08:28:29 -0400] "POST /wp-cron.php?doing_wp_cron=1723724908.9481151103973388671875 HTTP/1.1" 200 0 "-" "WordPress/6.5.5; https://r.lookismmanga.com"
51.222.253.18 - - [15/Aug/2024:08:28:28 -0400] "GET /lookism/lookism-chapter-351/ HTTP/1.1" 301 0 "-" "Mozilla/5.0 (compatible; AhrefsBot/7.0; +http://ahrefs.com/robot/)"
162.0.232.193 - - [15/Aug/2024:08:29:30 -0400] "POST /wp-cron.php?doing_wp_cron=1723724969.9761569499969482421875 HTTP/1.1" 200 0 "-" "WordPress/6.5.5; https://r.lookismmanga.com"
2a03:2880:13ff:d::face:b00c - - [15/Aug/2024:08:29:29 -0400] "GET /?p=2157 HTTP/1.1" 301 0 "-" "facebookexternalhit/1.1 (+http://www.facebook.com/externalhit_uatext.php)"
162.0.232.193 - - [15/Aug/2024:08:29:30 -0400] "GET /comic/lookism-chapter-292/ HTTP/1.1" 200 13688 "-" "WP Rocket/Preload"
162.0.232.193 - - [15/Aug/2024:08:29:31 -0400] "GET /comic/lookism-chapter-292/ HTTP/1.1" 200 13688 "-" "WP Rocket/Preload Mozilla/5.0 (iPhone; CPU iPhone OS 9_1 like Mac OS X) AppleWebKit/601.1.46 (KHTML, like Gecko) Version/9.0 Mobile/13B143 Safari/601.1"
162.0.232.193 - - [15/Aug/2024:08:29:33 -0400] "GET /comic/lookism-chapter-319/ HTTP/1.1" 200 13136 "-" "WP Rocket/Preload"
162.0.232.193 - - [15/Aug/2024:08:29:34 -0400] "GET /comic/lookism-chapter-319/ HTTP/1.1" 200 13135 "-" "WP Rocket/Preload Mozilla/5.0 (iPhone; CPU iPhone OS 9_1 like Mac OS X) AppleWebKit/601.1.46 (KHTML, like Gecko) Version/9.0 Mobile/13B143 Safari/601.1"
162.0.232.193 - - [15/Aug/2024:08:29:36 -0400] "GET /comic/lookism-chapter-424/ HTTP/1.1" 200 11418 "-" "WP Rocket/Preload"
162.0.232.193 - - [15/Aug/2024:08:29:37 -0400] "GET /comic/lookism-chapter-424/ HTTP/1.1" 200 11547 "-" "WP Rocket/Preload Mozilla/5.0 (iPhone; CPU iPhone OS 9_1 like Mac OS X) AppleWebKit/601.1.46 (KHTML, like Gecko) Version/9.0 Mobile/13B143 Safari/601.1"
162.0.232.193 - - [15/Aug/2024:08:29:38 -0400] "GET /comic/lookism-chapter-433/ HTTP/1.1" 200 11092 "-" "WP Rocket/Preload"
162.0.232.193 - - [15/Aug/2024:08:29:39 -0400] "GET /comic/lookism-chapter-433/ HTTP/1.1" 200 10930 "-" "WP Rocket/Preload Mozilla/5.0 (iPhone; CPU iPhone OS 9_1 like Mac OS X) AppleWebKit/601.1.46 (KHTML, like Gecko) Version/9.0 Mobile/13B143 Safari/601.1"
162.0.232.193 - - [15/Aug/2024:08:29:40 -0400] "GET /comic/lookism-chapter-389/ HTTP/1.1" 200 11433 "-" "WP Rocket/Preload"
148.72.207.110 - - [15/Aug/2024:08:29:41 -0400] "GET /wp-login.php HTTP/1.1" 200 1824 "-" "Mozilla/5.0 (X11; Fedora; Linux x86_64; rv:94.0) Gecko/20100101 Firefox/95.0"
162.0.232.193 - - [15/Aug/2024:08:29:41 -0400] "GET /comic/lookism-chapter-389/ HTTP/1.1" 200 11432 "-" "WP Rocket/Preload Mozilla/5.0 (iPhone; CPU iPhone OS 9_1 like Mac OS X) AppleWebKit/601.1.46 (KHTML, like Gecko) Version/9.0 Mobile/13B143 Safari/601.1"
148.72.207.110 - - [15/Aug/2024:08:29:42 -0400] "POST /wp-login.php HTTP/1.1" 200 1974 "-" "Mozilla/5.0 (X11; Fedora; Linux x86_64; rv:94.0) Gecko/20100101 Firefox/95.0"
162.0.232.193 - - [15/Aug/2024:08:29:42 -0400] "GET /comic/lookism-chapter-394/ HTTP/1.1" 200 11277 "-" "WP Rocket/Preload"
162.0.232.193 - - [15/Aug/2024:08:29:44 -0400] "GET /comic/lookism-chapter-394/ HTTP/1.1" 200 11277 "-" "WP Rocket/Preload Mozilla/5.0 (iPhone; CPU iPhone OS 9_1 like Mac OS X) AppleWebKit/601.1.46 (KHTML, like Gecko) Version/9.0 Mobile/13B143 Safari/601.1"
162.0.232.193 - - [15/Aug/2024:08:29:45 -0400] "GET /comic/lookism-chapter-129/ HTTP/1.1" 200 11692 "-" "WP Rocket/Preload"
162.0.232.193 - - [15/Aug/2024:08:29:46 -0400] "GET /comic/lookism-chapter-129/ HTTP/1.1" 200 11785 "-" "WP Rocket/Preload Mozilla/5.0 (iPhone; CPU iPhone OS 9_1 like Mac OS X) AppleWebKit/601.1.46 (KHTML, like Gecko) Version/9.0 Mobile/13B143 Safari/601.1"
162.0.232.193 - - [15/Aug/2024:08:29:47 -0400] "GET /comic/lookism-chapter-75/ HTTP/1.1" 200 11560 "-" "WP Rocket/Preload"
162.0.232.193 - - [15/Aug/2024:08:29:48 -0400] "GET /comic/lookism-chapter-75/ HTTP/1.1" 200 11533 "-" "WP Rocket/Preload Mozilla/5.0 (iPhone; CPU iPhone OS 9_1 like Mac OS X) AppleWebKit/601.1.46 (KHTML, like Gecko) Version/9.0 Mobile/13B143 Safari/601.1"
162.0.232.193 - - [15/Aug/2024:08:29:49 -0400] "GET /comic/lookism-chapter-403/ HTTP/1.1" 200 18382 "-" "WP Rocket/Preload"
162.0.232.193 - - [15/Aug/2024:08:29:50 -0400] "GET /comic/lookism-chapter-403/ HTTP/1.1" 200 18383 "-" "WP Rocket/Preload Mozilla/5.0 (iPhone; CPU iPhone OS 9_1 like Mac OS X) AppleWebKit/601.1.46 (KHTML, like Gecko) Version/9.0 Mobile/13B143 Safari/601.1"
162.0.232.193 - - [15/Aug/2024:08:29:51 -0400] "GET /comic/lookism-chapter-32/ HTTP/1.1" 200 11614 "-" "WP Rocket/Preload"
162.0.232.193 - - [15/Aug/2024:08:29:52 -0400] "GET /comic/lookism-chapter-32/ HTTP/1.1" 200 11612 "-" "WP Rocket/Preload Mozilla/5.0 (iPhone; CPU iPhone OS 9_1 like Mac OS X) AppleWebKit/601.1.46 (KHTML, like Gecko) Version/9.0 Mobile/13B143 Safari/601.1"
162.0.232.193 - - [15/Aug/2024:08:30:38 -0400] "POST /wp-cron.php?doing_wp_cron=1723725038.6376020908355712890625 HTTP/1.1" 200 0 "-" "WordPress/6.5.5; https://r.lookismmanga.com"
51.222.253.4 - - [15/Aug/2024:08:30:38 -0400] "GET /lookism/lookism-chapter-350/ HTTP/1.1" 301 0 "-" "Mozilla/5.0 (compatible; AhrefsBot/7.0; +http://ahrefs.com/robot/)"
162.0.232.193 - - [15/Aug/2024:08:30:39 -0400] "GET /comic/lookism-chapter-150/ HTTP/1.1" 200 12267 "-" "WP Rocket/Preload"
162.0.232.193 - - [15/Aug/2024:08:30:40 -0400] "GET /comic/lookism-chapter-150/ HTTP/1.1" 200 12267 "-" "WP Rocket/Preload Mozilla/5.0 (iPhone; CPU iPhone OS 9_1 like Mac OS X) AppleWebKit/601.1.46 (KHTML, like Gecko) Version/9.0 Mobile/13B143 Safari/601.1"
162.0.232.193 - - [15/Aug/2024:08:30:41 -0400] "GET /comic/lookism-chapter-358/ HTTP/1.1" 200 11756 "-" "WP Rocket/Preload"
162.0.232.193 - - [15/Aug/2024:08:30:42 -0400] "GET /comic/lookism-chapter-358/ HTTP/1.1" 200 11584 "-" "WP Rocket/Preload Mozilla/5.0 (iPhone; CPU iPhone OS 9_1 like Mac OS X) AppleWebKit/601.1.46 (KHTML, like Gecko) Version/9.0 Mobile/13B143 Safari/601.1"
162.0.232.193 - - [15/Aug/2024:08:30:44 -0400] "GET /comic/lookism-chapter-293/ HTTP/1.1" 200 13042 "-" "WP Rocket/Preload"
162.0.232.193 - - [15/Aug/2024:08:30:45 -0400] "GET /comic/lookism-chapter-293/ HTTP/1.1" 200 13042 "-" "WP Rocket/Preload Mozilla/5.0 (iPhone; CPU iPhone OS 9_1 like Mac OS X) AppleWebKit/601.1.46 (KHTML, like Gecko) Version/9.0 Mobile/13B143 Safari/601.1"
162.0.232.193 - - [15/Aug/2024:08:30:46 -0400] "GET /comic/lookism-chapter-297/ HTTP/1.1" 200 13003 "-" "WP Rocket/Preload"
162.0.232.193 - - [15/Aug/2024:08:30:47 -0400] "GET /comic/lookism-chapter-297/ HTTP/1.1" 200 13003 "-" "WP Rocket/Preload Mozilla/5.0 (iPhone; CPU iPhone OS 9_1 like Mac OS X) AppleWebKit/601.1.46 (KHTML, like Gecko) Version/9.0 Mobile/13B143 Safari/601.1"
162.0.232.193 - - [15/Aug/2024:08:30:48 -0400] "GET /comic/lookism-chapter-361-1/ HTTP/1.1" 200 12246 "-" "WP Rocket/Preload"
162.0.232.193 - - [15/Aug/2024:08:30:49 -0400] "GET /comic/lookism-chapter-361-1/ HTTP/1.1" 200 12196 "-" "WP Rocket/Preload Mozilla/5.0 (iPhone; CPU iPhone OS 9_1 like Mac OS X) AppleWebKit/601.1.46 (KHTML, like Gecko) Version/9.0 Mobile/13B143 Safari/601.1"
162.0.232.193 - - [15/Aug/2024:08:30:51 -0400] "GET /comic/lookism-chapter-183/ HTTP/1.1" 200 12520 "-" "WP Rocket/Preload"
162.0.232.193 - - [15/Aug/2024:08:30:52 -0400] "GET /comic/lookism-chapter-183/ HTTP/1.1" 200 12518 "-" "WP Rocket/Preload Mozilla/5.0 (iPhone; CPU iPhone OS 9_1 like Mac OS X) AppleWebKit/601.1.46 (KHTML, like Gecko) Version/9.0 Mobile/13B143 Safari/601.1"
162.0.232.193 - - [15/Aug/2024:08:30:53 -0400] "GET /comic/lookism-chapter-366-1/ HTTP/1.1" 200 11850 "-" "WP Rocket/Preload"
162.0.232.193 - - [15/Aug/2024:08:30:54 -0400] "GET /comic/lookism-chapter-366-1/ HTTP/1.1" 200 11830 "-" "WP Rocket/Preload Mozilla/5.0 (iPhone; CPU iPhone OS 9_1 like Mac OS X) AppleWebKit/601.1.46 (KHTML, like Gecko) Version/9.0 Mobile/13B143 Safari/601.1"
162.0.232.193 - - [15/Aug/2024:08:31:35 -0400] "POST /wp-cron.php?doing_wp_cron=1723725095.5310609340667724609375 HTTP/1.1" 200 0 "-" "WordPress/6.5.5; https://r.lookismmanga.com"
2a03:2880:f800:: - - [15/Aug/2024:08:31:35 -0400] "GET /lookism/lookism-chapter-461/ HTTP/1.1" 301 0 "-" "facebookexternalhit/1.1 (+http://www.facebook.com/externalhit_uatext.php)"
162.0.232.193 - - [15/Aug/2024:08:31:53 -0400] "POST /wp-cron.php?doing_wp_cron=1723725112.9061241149902343750000 HTTP/1.1" 200 0 "-" "WordPress/6.5.5; https://r.lookismmanga.com"
51.222.253.2 - - [15/Aug/2024:08:31:52 -0400] "GET /lookism/lookism-chapter-348/ HTTP/1.1" 301 0 "-" "Mozilla/5.0 (compatible; AhrefsBot/7.0; +http://ahrefs.com/robot/)"
162.0.232.193 - - [15/Aug/2024:08:32:04 -0400] "POST /wp-cron.php?doing_wp_cron=1723725123.7388288974761962890625 HTTP/1.1" 200 0 "-" "WordPress/6.5.5; https://r.lookismmanga.com"
114.119.155.142 - - [15/Aug/2024:08:32:04 -0400] "GET / HTTP/1.1" 200 11596 "https://ww7.lookismmanga.com/tag/lookism-chapter-450/" "Mozilla/5.0 (Linux; Android 7.0;) AppleWebKit/537.36 (KHTML, like Gecko) Mobile Safari/537.36 (compatible; PetalBot;+https://webmaster.petalsearch.com/site/petalbot)"
162.0.232.193 - - [15/Aug/2024:08:32:45 -0400] "POST /wp-cron.php?doing_wp_cron=1723725165.4394750595092773437500 HTTP/1.1" 200 0 "-" "WordPress/6.5.5; https://r.lookismmanga.com"
162.0.232.193 - - [15/Aug/2024:08:33:07 -0400] "POST /wp-cron.php?doing_wp_cron=1723725187.6113069057464599609375 HTTP/1.1" 200 0 "-" "WordPress/6.5.5; https://r.lookismmanga.com"
51.222.253.10 - - [15/Aug/2024:08:33:07 -0400] "GET /lookism/lookism-chapter-347/ HTTP/1.1" 301 0 "-" "Mozilla/5.0 (compatible; AhrefsBot/7.0; +http://ahrefs.com/robot/)"
89.75.182.188 - - [15/Aug/2024:08:33:22 -0400] "GET / HTTP/1.1" 200 11603 "-" "Mozilla/5.0 (Windows NT 10.0; Win64; x64) AppleWebKit/537.36 (KHTML, like Gecko) Chrome/127.0.0.0 Safari/537.36"
89.75.182.188 - - [15/Aug/2024:08:33:23 -0400] "GET /wp-content/themes/toivo-lite/fonts/genericons/genericons/genericons.min.css?ver=3.3 HTTP/1.1" 200 15959 "https://r.lookismmanga.com/" "Mozilla/5.0 (Windows NT 10.0; Win64; x64) AppleWebKit/537.36 (KHTML, like Gecko) Chrome/127.0.0.0 Safari/537.36"
89.75.182.188 - - [15/Aug/2024:08:33:23 -0400] "GET /wp-content/plugins/simple-social-buttons/assets/css/front.css?ver=5.1.3 HTTP/1.1" 200 9767 "https://r.lookismmanga.com/" "Mozilla/5.0 (Windows NT 10.0; Win64; x64) AppleWebKit/537.36 (KHTML, like Gecko) Chrome/127.0.0.0 Safari/537.36"
89.75.182.188 - - [15/Aug/2024:08:33:23 -0400] "GET /wp-content/uploads/2024/02/lookismkmanhwabookvolume17dkshop.jpg HTTP/1.1" 200 108104 "https://r.lookismmanga.com/" "Mozilla/5.0 (Windows NT 10.0; Win64; x64) AppleWebKit/537.36 (KHTML, like Gecko) Chrome/127.0.0.0 Safari/537.36"
89.75.182.188 - - [15/Aug/2024:08:33:23 -0400] "GET /wp-includes/js/jquery/jquery.min.js?ver=3.7.1 HTTP/1.1" 200 29744 "https://r.lookismmanga.com/" "Mozilla/5.0 (Windows NT 10.0; Win64; x64) AppleWebKit/537.36 (KHTML, like Gecko) Chrome/127.0.0.0 Safari/537.36"
89.75.182.188 - - [15/Aug/2024:08:33:23 -0400] "GET /wp-content/uploads/2024/02/lookismkmanhwabookvolume5dkshop.webp HTTP/1.1" 200 97320 "https://r.lookismmanga.com/" "Mozilla/5.0 (Windows NT 10.0; Win64; x64) AppleWebKit/537.36 (KHTML, like Gecko) Chrome/127.0.0.0 Safari/537.36"
89.75.182.188 - - [15/Aug/2024:08:33:23 -0400] "GET /wp-content/uploads/2024/02/cropped-MV5BMmI0NjY3NWYtMjEyYi00MjBlLWE4NDktNzNjZWNjMGUyY2U2XkEyXkFqcGdeQXVyMTUzNjM4ODE1._V1_.jpg HTTP/1.1" 200 88480 "https://r.lookismmanga.com/" "Mozilla/5.0 (Windows NT 10.0; Win64; x64) AppleWebKit/537.36 (KHTML, like Gecko) Chrome/127.0.0.0 Safari/537.36"
89.75.182.188 - - [15/Aug/2024:08:33:23 -0400] "GET /wp-content/themes/toivo-lite/js/settings.min.js?ver=1.2.0 HTTP/1.1" 200 307 "https://r.lookismmanga.com/" "Mozilla/5.0 (Windows NT 10.0; Win64; x64) AppleWebKit/537.36 (KHTML, like Gecko) Chrome/127.0.0.0 Safari/537.36"
89.75.182.188 - - [15/Aug/2024:08:33:24 -0400] "GET /wp-content/uploads/2024/02/cropped-if-the-anime-continues-and-reaches-the-point-of-current-v0-frhh1uf0zj5a1-32x32.webp HTTP/1.1" 200 438 "https://r.lookismmanga.com/" "Mozilla/5.0 (Windows NT 10.0; Win64; x64) AppleWebKit/537.36 (KHTML, like Gecko) Chrome/127.0.0.0 Safari/537.36"
89.75.182.188 - - [15/Aug/2024:08:33:25 -0400] "GET /comic/lookism-chapter-507/ HTTP/1.1" 200 11520 "https://r.lookismmanga.com/" "Mozilla/5.0 (Windows NT 10.0; Win64; x64) AppleWebKit/537.36 (KHTML, like Gecko) Chrome/127.0.0.0 Safari/537.36"
162.0.232.193 - - [15/Aug/2024:08:34:03 -0400] "POST /wp-cron.php?doing_wp_cron=1723725242.7821600437164306640625 HTTP/1.1" 200 0 "-" "WordPress/6.5.5; https://r.lookismmanga.com"
2a06:98c0:3600::103 - - [15/Aug/2024:08:34:02 -0400] "GET /favicon.ico HTTP/1.1" 302 0 "https://www.ecosia.org/" "Mozilla/5.0 (iPhone; CPU iPhone OS 17_5_1 like Mac OS X) AppleWebKit/605.1.15 (KHTML, like Gecko) Version/17.5 Mobile/15E148 Safari/604.1"
2a06:98c0:3600::103 - - [15/Aug/2024:08:34:03 -0400] "GET /wp-content/uploads/2024/02/cropped-if-the-anime-continues-and-reaches-the-point-of-current-v0-frhh1uf0zj5a1-32x32.webp HTTP/1.1" 200 438 "https://www.ecosia.org/" "Mozilla/5.0 (iPhone; CPU iPhone OS 17_5_1 like Mac OS X) AppleWebKit/605.1.15 (KHTML, like Gecko) Version/17.5 Mobile/15E148 Safari/604.1"
66.249.64.132 - - [15/Aug/2024:08:34:22 -0400] "GET / HTTP/1.1" 200 11603 "-" "Mozilla/5.0 (compatible; Googlebot/2.1; +http://www.google.com/bot.html)"
162.0.232.193 - - [15/Aug/2024:08:34:37 -0400] "POST /wp-cron.php?doing_wp_cron=1723725277.3771328926086425781250 HTTP/1.1" 200 0 "-" "WordPress/6.5.5; https://r.lookismmanga.com"
2a06:98c0:3600::103 - - [15/Aug/2024:08:34:37 -0400] "GET /favicon.ico HTTP/1.1" 302 0 "https://www.ecosia.org/" "Mozilla/5.0 (iPhone; CPU iPhone OS 17_5_1 like Mac OS X) AppleWebKit/605.1.15 (KHTML, like Gecko) Version/17.5 Mobile/15E148 Safari/604.1"
2a06:98c0:3600::103 - - [15/Aug/2024:08:34:38 -0400] "GET /wp-content/uploads/2024/02/cropped-if-the-anime-continues-and-reaches-the-point-of-current-v0-frhh1uf0zj5a1-32x32.webp HTTP/1.1" 200 438 "https://www.ecosia.org/" "Mozilla/5.0 (iPhone; CPU iPhone OS 17_5_1 like Mac OS X) AppleWebKit/605.1.15 (KHTML, like Gecko) Version/17.5 Mobile/15E148 Safari/604.1"
2a03:2880:22ff:72::face:b00c - - [15/Aug/2024:08:34:55 -0400] "GET /lookism/lookism-chapter-186/ HTTP/1.1" 301 0 "-" "facebookexternalhit/1.1 (+http://www.facebook.com/externalhit_uatext.php)"
89.151.29.234 - - [15/Aug/2024:08:35:08 -0400] "GET / HTTP/1.1" 200 11603 "https://www.bing.com/" "Mozilla/5.0 (Windows NT 10.0; Win64; x64) AppleWebKit/537.36 (KHTML, like Gecko) Chrome/127.0.0.0 Safari/537.36 Edg/127.0.0.0"
89.151.29.234 - - [15/Aug/2024:08:35:08 -0400] "GET /wp-includes/css/dist/block-library/style.min.css?ver=6.5.5 HTTP/1.1" 200 14071 "https://r.lookismmanga.com/" "Mozilla/5.0 (Windows NT 10.0; Win64; x64) AppleWebKit/537.36 (KHTML, like Gecko) Chrome/127.0.0.0 Safari/537.36 Edg/127.0.0.0"
89.151.29.234 - - [15/Aug/2024:08:35:09 -0400] "GET /wp-content/uploads/2024/02/cropped-MV5BMmI0NjY3NWYtMjEyYi00MjBlLWE4NDktNzNjZWNjMGUyY2U2XkEyXkFqcGdeQXVyMTUzNjM4ODE1._V1_.jpg HTTP/1.1" 200 88480 "https://r.lookismmanga.com/" "Mozilla/5.0 (Windows NT 10.0; Win64; x64) AppleWebKit/537.36 (KHTML, like Gecko) Chrome/127.0.0.0 Safari/537.36 Edg/127.0.0.0"
89.151.29.234 - - [15/Aug/2024:08:35:09 -0400] "GET /wp-content/plugins/simple-social-buttons/assets/css/front.css?ver=5.1.3 HTTP/1.1" 200 9767 "https://r.lookismmanga.com/" "Mozilla/5.0 (Windows NT 10.0; Win64; x64) AppleWebKit/537.36 (KHTML, like Gecko) Chrome/127.0.0.0 Safari/537.36 Edg/127.0.0.0"
103.189.200.41 - - [15/Aug/2024:08:35:09 -0400] "GET / HTTP/1.1" 200 11596 "https://www.ecosia.org/" "Mozilla/5.0 (iPhone; CPU iPhone OS 17_5_1 like Mac OS X) AppleWebKit/605.1.15 (KHTML, like Gecko) Version/17.5 Mobile/15E148 Safari/604.1"
89.151.29.234 - - [15/Aug/2024:08:35:09 -0400] "GET /wp-content/plugins/widgets-on-pages/public/css/widgets-on-pages-public.css?ver=1.4.0 HTTP/1.1" 200 83 "https://r.lookismmanga.com/" "Mozilla/5.0 (Windows NT 10.0; Win64; x64) AppleWebKit/537.36 (KHTML, like Gecko) Chrome/127.0.0.0 Safari/537.36 Edg/127.0.0.0"
89.151.29.234 - - [15/Aug/2024:08:35:10 -0400] "GET /wp-content/themes/toivo-lite/fonts/genericons/genericons/genericons.min.css?ver=3.3 HTTP/1.1" 200 15959 "https://r.lookismmanga.com/" "Mozilla/5.0 (Windows NT 10.0; Win64; x64) AppleWebKit/537.36 (KHTML, like Gecko) Chrome/127.0.0.0 Safari/537.36 Edg/127.0.0.0"
89.151.29.234 - - [15/Aug/2024:08:35:10 -0400] "GET /wp-content/themes/toivo-lite/style.css?ver=1.2.0 HTTP/1.1" 200 13718 "https://r.lookismmanga.com/" "Mozilla/5.0 (Windows NT 10.0; Win64; x64) AppleWebKit/537.36 (KHTML, like Gecko) Chrome/127.0.0.0 Safari/537.36 Edg/127.0.0.0"
89.151.29.234 - - [15/Aug/2024:08:35:10 -0400] "GET /wp-content/plugins/simple-social-buttons/assets/js/frontend-blocks.js?ver=5.1.3 HTTP/1.1" 200 0 "https://r.lookismmanga.com/" "Mozilla/5.0 (Windows NT 10.0; Win64; x64) AppleWebKit/537.36 (KHTML, like Gecko) Chrome/127.0.0.0 Safari/537.36 Edg/127.0.0.0"
89.151.29.234 - - [15/Aug/2024:08:35:11 -0400] "GET /wp-includes/js/jquery/jquery.min.js?ver=3.7.1 HTTP/1.1" 200 29744 "https://r.lookismmanga.com/" "Mozilla/5.0 (Windows NT 10.0; Win64; x64) AppleWebKit/537.36 (KHTML, like Gecko) Chrome/127.0.0.0 Safari/537.36 Edg/127.0.0.0"
89.151.29.234 - - [15/Aug/2024:08:35:11 -0400] "GET /wp-includes/js/jquery/jquery-migrate.min.js?ver=3.4.1 HTTP/1.1" 200 4678 "https://r.lookismmanga.com/" "Mozilla/5.0 (Windows NT 10.0; Win64; x64) AppleWebKit/537.36 (KHTML, like Gecko) Chrome/127.0.0.0 Safari/537.36 Edg/127.0.0.0"
89.151.29.234 - - [15/Aug/2024:08:35:11 -0400] "GET /wp-content/plugins/simple-social-buttons/assets/js/front.js?ver=5.1.3 HTTP/1.1" 200 1577 "https://r.lookismmanga.com/" "Mozilla/5.0 (Windows NT 10.0; Win64; x64) AppleWebKit/537.36 (KHTML, like Gecko) Chrome/127.0.0.0 Safari/537.36 Edg/127.0.0.0"
89.151.29.234 - - [15/Aug/2024:08:35:11 -0400] "GET /wp-content/uploads/2024/02/lookismkmanhwabookvolume17dkshop-706x1024.jpg HTTP/1.1" 200 101529 "https://r.lookismmanga.com/" "Mozilla/5.0 (Windows NT 10.0; Win64; x64) AppleWebKit/537.36 (KHTML, like Gecko) Chrome/127.0.0.0 Safari/537.36 Edg/127.0.0.0"
89.151.29.234 - - [15/Aug/2024:08:35:11 -0400] "GET /wp-content/plugins/comic-easel/js/keynav.js HTTP/1.1" 200 302 "https://r.lookismmanga.com/" "Mozilla/5.0 (Windows NT 10.0; Win64; x64) AppleWebKit/537.36 (KHTML, like Gecko) Chrome/127.0.0.0 Safari/537.36 Edg/127.0.0.0"
89.151.29.234 - - [15/Aug/2024:08:35:12 -0400] "GET /wp-content/uploads/2024/02/lookismkmanhwabookvolume5dkshop-753x1024.webp HTTP/1.1" 200 76864 "https://r.lookismmanga.com/" "Mozilla/5.0 (Windows NT 10.0; Win64; x64) AppleWebKit/537.36 (KHTML, like Gecko) Chrome/127.0.0.0 Safari/537.36 Edg/127.0.0.0"
89.151.29.234 - - [15/Aug/2024:08:35:12 -0400] "GET /wp-content/themes/toivo-lite/js/responsive-nav.min.js?ver=1.2.0 HTTP/1.1" 200 2102 "https://r.lookismmanga.com/" "Mozilla/5.0 (Windows NT 10.0; Win64; x64) AppleWebKit/537.36 (KHTML, like Gecko) Chrome/127.0.0.0 Safari/537.36 Edg/127.0.0.0"
89.151.29.234 - - [15/Aug/2024:08:35:13 -0400] "GET /wp-content/themes/toivo-lite/js/settings.min.js?ver=1.2.0 HTTP/1.1" 200 307 "https://r.lookismmanga.com/" "Mozilla/5.0 (Windows NT 10.0; Win64; x64) AppleWebKit/537.36 (KHTML, like Gecko) Chrome/127.0.0.0 Safari/537.36 Edg/127.0.0.0"
89.151.29.234 - - [15/Aug/2024:08:35:13 -0400] "GET /wp-content/themes/toivo-lite/js/functions.min.js?ver=1.2.0 HTTP/1.1" 200 593 "https://r.lookismmanga.com/" "Mozilla/5.0 (Windows NT 10.0; Win64; x64) AppleWebKit/537.36 (KHTML, like Gecko) Chrome/127.0.0.0 Safari/537.36 Edg/127.0.0.0"
89.151.29.234 - - [15/Aug/2024:08:35:13 -0400] "GET /wp-content/uploads/2024/02/cropped-if-the-anime-continues-and-reaches-the-point-of-current-v0-frhh1uf0zj5a1-32x32.webp HTTP/1.1" 200 438 "https://r.lookismmanga.com/" "Mozilla/5.0 (Windows NT 10.0; Win64; x64) AppleWebKit/537.36 (KHTML, like Gecko) Chrome/127.0.0.0 Safari/537.36 Edg/127.0.0.0"
89.151.29.234 - - [15/Aug/2024:08:35:22 -0400] "GET / HTTP/1.1" 304 0 "https://r.lookismmanga.com/" "Mozilla/5.0 (Windows NT 10.0; Win64; x64) AppleWebKit/537.36 (KHTML, like Gecko) Chrome/127.0.0.0 Safari/537.36 Edg/127.0.0.0"
162.0.232.193 - - [15/Aug/2024:08:36:22 -0400] "POST /wp-cron.php?doing_wp_cron=1723725382.3756051063537597656250 HTTP/1.1" 200 0 "-" "WordPress/6.5.5; https://r.lookismmanga.com"
51.222.253.16 - - [15/Aug/2024:08:36:22 -0400] "GET /lookism/lookism-chapter-345/ HTTP/1.1" 301 0 "-" "Mozilla/5.0 (compatible; AhrefsBot/7.0; +http://ahrefs.com/robot/)"
90.79.228.4 - - [15/Aug/2024:08:36:52 -0400] "GET / HTTP/1.1" 200 11603 "https://duckduckgo.com/" "Mozilla/5.0 (Macintosh; Intel Mac OS X 10_15_7) AppleWebKit/537.36 (KHTML, like Gecko) Chrome/127.0.0.0 Safari/537.36"
162.0.232.193 - - [15/Aug/2024:08:37:04 -0400] "POST /wp-cron.php?doing_wp_cron=1723725424.3835139274597167968750 HTTP/1.1" 200 0 "-" "WordPress/6.5.5; https://r.lookismmanga.com"
114.119.145.233 - - [15/Aug/2024:08:37:05 -0400] "GET / HTTP/1.1" 200 11596 "https://ww7.lookismmanga.com/tag/lookism-chapter-450/" "Mozilla/5.0 (Linux; Android 7.0;) AppleWebKit/537.36 (KHTML, like Gecko) Mobile Safari/537.36 (compatible; PetalBot;+https://webmaster.petalsearch.com/site/petalbot)"
2a03:2880:22ff:74::face:b00c - - [15/Aug/2024:08:37:05 -0400] "GET /?p=1940 HTTP/1.1" 301 0 "-" "facebookexternalhit/1.1 (+http://www.facebook.com/externalhit_uatext.php)"
41.155.35.8 - - [15/Aug/2024:08:37:52 -0400] "HEAD /comic/lookism-chapter-514/ HTTP/1.1" 200 0 "-" "Mozilla/5.0 (Windows NT 10.0; Win64; x64) AppleWebKit/537.36 (KHTML, like Gecko) Chrome/127.0.0.0 Safari/537.36 Edg/127.0.0.0"
162.0.232.193 - - [15/Aug/2024:08:38:40 -0400] "POST /wp-cron.php?doing_wp_cron=1723725519.7827310562133789062500 HTTP/1.1" 200 0 "-" "WordPress/6.5.5; https://r.lookismmanga.com"
2a03:2880:f800:a:: - - [15/Aug/2024:08:38:39 -0400] "GET /lookism/lookism-chapter-161/ HTTP/1.1" 301 0 "-" "facebookexternalhit/1.1 (+http://www.facebook.com/externalhit_uatext.php)"
2a03:2880:13ff:74::face:b00c - - [15/Aug/2024:08:38:45 -0400] "GET /lookism/lookism-chapter-357/ HTTP/1.1" 301 0 "-" "facebookexternalhit/1.1 (+http://www.facebook.com/externalhit_uatext.php)"
51.222.253.11 - - [15/Aug/2024:08:38:53 -0400] "GET /lookism/lookism-chapter-417/ HTTP/1.1" 301 0 "-" "Mozilla/5.0 (compatible; AhrefsBot/7.0; +http://ahrefs.com/robot/)"
162.0.232.193 - - [15/Aug/2024:08:40:44 -0400] "POST /wp-cron.php?doing_wp_cron=1723725644.0244228839874267578125 HTTP/1.1" 200 0 "-" "WordPress/6.5.5; https://r.lookismmanga.com"
66.249.64.128 - - [15/Aug/2024:08:41:09 -0400] "GET /comic/lookism-chapter-338/ HTTP/1.1" 200 12314 "-" "Mozilla/5.0 (Linux; Android 6.0.1; Nexus 5X Build/MMB29P) AppleWebKit/537.36 (KHTML, like Gecko) Chrome/127.0.6533.99 Mobile Safari/537.36 (compatible; Googlebot/2.1; +http://www.google.com/bot.html)"
162.0.232.193 - - [15/Aug/2024:08:41:32 -0400] "POST /wp-cron.php?doing_wp_cron=1723725691.9348928928375244140625 HTTP/1.1" 200 0 "-" "WordPress/6.5.5; https://r.lookismmanga.com"
51.222.253.3 - - [15/Aug/2024:08:41:31 -0400] "GET /lookism/lookism-chapter-339/ HTTP/1.1" 301 0 "-" "Mozilla/5.0 (compatible; AhrefsBot/7.0; +http://ahrefs.com/robot/)"
192.95.30.177 - - [15/Aug/2024:08:41:33 -0400] "GET /lookism/chapter-412/feed/ HTTP/1.1" 301 0 "-" "Mozilla/5.0 (compatible; MJ12bot/v1.4.8; http://mj12bot.com/)"
162.0.232.193 - - [15/Aug/2024:08:41:39 -0400] "POST /wp-cron.php?doing_wp_cron=1723725698.7962639331817626953125 HTTP/1.1" 200 0 "-" "WordPress/6.5.5; https://r.lookismmanga.com"
2a03:2880:27ff:3::face:b00c - - [15/Aug/2024:08:41:38 -0400] "GET /lookism/lookism-chapter-375/ HTTP/1.1" 301 0 "-" "meta-externalagent/1.1 (+https://developers.facebook.com/docs/sharing/webmasters/crawler)"
162.0.232.193 - - [15/Aug/2024:08:42:03 -0400] "POST /wp-cron.php?doing_wp_cron=1723725722.8135221004486083984375 HTTP/1.1" 200 0 "-" "WordPress/6.5.5; https://r.lookismmanga.com"
114.119.151.0 - - [15/Aug/2024:08:42:03 -0400] "GET / HTTP/1.1" 200 11596 "https://w1.lookismmanga.com/tag/volume/page/26/" "Mozilla/5.0 (Linux; Android 7.0;) AppleWebKit/537.36 (KHTML, like Gecko) Mobile Safari/537.36 (compatible; PetalBot;+https://webmaster.petalsearch.com/site/petalbot)"
2602:80d:1000::23 - - [15/Aug/2024:08:42:04 -0400] "GET / HTTP/1.1" 200 11603 "-" "Mozilla/5.0 (compatible; CensysInspect/1.1; +https://about.censys.io/)"
2602:80d:1000::23 - - [15/Aug/2024:08:42:11 -0400] "GET /wp-content/uploads/2024/02/cropped-if-the-anime-continues-and-reaches-the-point-of-current-v0-frhh1uf0zj5a1-192x192.webp HTTP/1.1" 200 4440 "-" "Mozilla/5.0 (compatible; CensysInspect/1.1; +https://about.censys.io/)"
2a03:2880:27ff:a::face:b00c - - [15/Aug/2024:08:42:13 -0400] "GET /?p=1981 HTTP/1.1" 301 0 "-" "facebookexternalhit/1.1 (+http://www.facebook.com/externalhit_uatext.php)"
2602:80d:1000::23 - - [15/Aug/2024:08:42:13 -0400] "GET /wp-content/uploads/2024/02/cropped-if-the-anime-continues-and-reaches-the-point-of-current-v0-frhh1uf0zj5a1-180x180.webp HTTP/1.1" 200 4302 "-" "Mozilla/5.0 (compatible; CensysInspect/1.1; +https://about.censys.io/)"
2602:80d:1000::23 - - [15/Aug/2024:08:42:15 -0400] "GET /favicon.ico HTTP/1.1" 302 0 "-" "Mozilla/5.0 (compatible; CensysInspect/1.1; +https://about.censys.io/)"
162.0.232.193 - - [15/Aug/2024:08:42:28 -0400] "POST /wp-cron.php?doing_wp_cron=1723725748.2229390144348144531250 HTTP/1.1" 200 0 "-" "WordPress/6.5.5; https://r.lookismmanga.com"
216.244.66.244 - - [15/Aug/2024:08:42:28 -0400] "GET /robots.txt HTTP/1.1" 200 111 "-" "Mozilla/5.0 (compatible; DotBot/1.2; +https://opensiteexplorer.org/dotbot; [email protected])"
162.0.232.193 - - [15/Aug/2024:08:42:50 -0400] "POST /wp-cron.php?doing_wp_cron=1723725770.4313011169433593750000 HTTP/1.1" 200 0 "-" "WordPress/6.5.5; https://r.lookismmanga.com"
66.249.64.130 - - [15/Aug/2024:08:42:50 -0400] "GET /lookism/lookism-chapter-293/ HTTP/1.1" 301 0 "-" "Mozilla/5.0 (Linux; Android 6.0.1; Nexus 5X Build/MMB29P) AppleWebKit/537.36 (KHTML, like Gecko) Chrome/127.0.6533.99 Mobile Safari/537.36 (compatible; Googlebot/2.1; +http://www.google.com/bot.html)"
66.249.64.129 - - [15/Aug/2024:08:42:51 -0400] "GET / HTTP/1.1" 200 11596 "-" "Mozilla/5.0 (Linux; Android 6.0.1; Nexus 5X Build/MMB29P) AppleWebKit/537.36 (KHTML, like Gecko) Chrome/127.0.6533.99 Mobile Safari/537.36 (compatible; Googlebot/2.1; +http://www.google.com/bot.html)"
180.191.42.201 - - [15/Aug/2024:08:43:27 -0400] "GET /comic/lookism-chapter-511/ HTTP/1.1" 200 11160 "https://www.bing.com/" "Mozilla/5.0 (Linux; Android 10; JNY-LX2; HMSCore 6.14.0.302) AppleWebKit/537.36 (KHTML, like Gecko) Chrome/99.0.4844.88 HuaweiBrowser/14.0.5.303 Mobile Safari/537.36"
115.147.16.202 - - [15/Aug/2024:08:43:28 -0400] "GET /wp-content/uploads/2024/02/MV5BMmI0NjY3NWYtMjEyYi00MjBlLWE4NDktNzNjZWNjMGUyY2U2XkEyXkFqcGdeQXVyMTUzNjM4ODE1._V1_-1024x576.jpg HTTP/1.1" 200 70245 "https://r.lookismmanga.com/comic/lookism-chapter-511/" "Mozilla/5.0 (Linux; Android 10; JNY-LX2; HMSCore 6.14.0.302) AppleWebKit/537.36 (KHTML, like Gecko) Chrome/99.0.4844.88 HuaweiBrowser/14.0.5.303 Mobile Safari/537.36"
162.0.232.193 - - [15/Aug/2024:08:43:29 -0400] "POST /wp-cron.php?doing_wp_cron=1723725809.1093389987945556640625 HTTP/1.1" 200 0 "-" "WordPress/6.5.5; https://r.lookismmanga.com"
115.147.16.202 - - [15/Aug/2024:08:43:28 -0400] "POST /wp-admin/admin-ajax.php HTTP/1.1" 200 69 "https://r.lookismmanga.com/comic/lookism-chapter-511/" "Mozilla/5.0 (Linux; Android 10; JNY-LX2; HMSCore 6.14.0.302) AppleWebKit/537.36 (KHTML, like Gecko) Chrome/99.0.4844.88 HuaweiBrowser/14.0.5.303 Mobile Safari/537.36"
115.147.16.202 - - [15/Aug/2024:08:43:32 -0400] "GET /comic/lookism-chapter-510/ HTTP/1.1" 200 11645 "https://r.lookismmanga.com/comic/lookism-chapter-511/" "Mozilla/5.0 (Linux; Android 10; JNY-LX2; HMSCore 6.14.0.302) AppleWebKit/537.36 (KHTML, like Gecko) Chrome/99.0.4844.88 HuaweiBrowser/14.0.5.303 Mobile Safari/537.36"
115.147.16.202 - - [15/Aug/2024:08:43:33 -0400] "GET /tag/lookism-manhwa/ HTTP/1.1" 301 0 "https://r.lookismmanga.com/comic/lookism-chapter-511/" "Mozilla/5.0 (Linux; Android 10; JNY-LX2; HMSCore 6.14.0.302) AppleWebKit/537.36 (KHTML, like Gecko) Chrome/99.0.4844.88 HuaweiBrowser/14.0.5.303 Mobile Safari/537.36"
115.147.16.202 - - [15/Aug/2024:08:43:33 -0400] "GET / HTTP/1.1" 200 11596 "https://r.lookismmanga.com/" "Mozilla/5.0 (Linux; Android 10; JNY-LX2; HMSCore 6.14.0.302) AppleWebKit/537.36 (KHTML, like Gecko) Chrome/99.0.4844.88 HuaweiBrowser/14.0.5.303 Mobile Safari/537.36"
162.0.232.193 - - [15/Aug/2024:08:44:15 -0400] "POST /wp-cron.php?doing_wp_cron=1723725855.1130769252777099609375 HTTP/1.1" 200 0 "-" "WordPress/6.5.5; https://r.lookismmanga.com"
51.222.253.1 - - [15/Aug/2024:08:44:14 -0400] "GET /lookism/lookism-chapter-343/ HTTP/1.1" 301 0 "-" "Mozilla/5.0 (compatible; AhrefsBot/7.0; +http://ahrefs.com/robot/)"
2a02:aa1:164e:d56c:947b:975d:e231:d169 - - [15/Aug/2024:08:44:25 -0400] "GET / HTTP/1.1" 200 11596 "https://www.bing.com/" "Mozilla/5.0 (Linux; Android 10; JNY-LX1; HMSCore 6.2.0.319) AppleWebKit/537.36 (KHTML, like Gecko) Chrome/88.0.4324.93 HuaweiBrowser/11.1.2.332 Mobile Safari/537.36"
2a02:aa1:164e:d56c:947b:975d:e231:d169 - - [15/Aug/2024:08:44:27 -0400] "GET /wp-content/uploads/2024/02/cropped-if-the-anime-continues-and-reaches-the-point-of-current-v0-frhh1uf0zj5a1-180x180.webp HTTP/1.1" 200 4302 "-" "Dalvik/2.1.0 (Linux; U; Android 10; JNY-LX1 Build/HUAWEIJNY-L21)"
2a02:aa1:164e:d56c:947b:975d:e231:d169 - - [15/Aug/2024:08:44:28 -0400] "GET /comic/lookism-chapter-510-1/ HTTP/1.1" 200 11196 "https://r.lookismmanga.com/" "Mozilla/5.0 (Linux; Android 10; JNY-LX1; HMSCore 6.2.0.319) AppleWebKit/537.36 (KHTML, like Gecko) Chrome/88.0.4324.93 HuaweiBrowser/11.1.2.332 Mobile Safari/537.36"
2a02:aa1:164e:d56c:947b:975d:e231:d169 - - [15/Aug/2024:08:44:29 -0400] "GET /comic/lookism-chapter-499/ HTTP/1.1" 200 11594 "https://r.lookismmanga.com/" "Mozilla/5.0 (Linux; Android 10; JNY-LX1; HMSCore 6.2.0.319) AppleWebKit/537.36 (KHTML, like Gecko) Chrome/88.0.4324.93 HuaweiBrowser/11.1.2.332 Mobile Safari/537.36"
2a02:aa1:164e:d56c:947b:975d:e231:d169 - - [15/Aug/2024:08:44:30 -0400] "GET /comic/lookism-chapter-513/ HTTP/1.1" 200 11086 "https://r.lookismmanga.com/" "Mozilla/5.0 (Linux; Android 10; JNY-LX1; HMSCore 6.2.0.319) AppleWebKit/537.36 (KHTML, like Gecko) Chrome/88.0.4324.93 HuaweiBrowser/11.1.2.332 Mobile Safari/537.36"
162.0.232.193 - - [15/Aug/2024:08:44:31 -0400] "POST /wp-cron.php?doing_wp_cron=1723725870.8577508926391601562500 HTTP/1.1" 200 0 "-" "WordPress/6.5.5; https://r.lookismmanga.com"
2a02:aa1:164e:d56c:947b:975d:e231:d169 - - [15/Aug/2024:08:44:30 -0400] "POST /wp-admin/admin-ajax.php HTTP/1.1" 200 69 "https://r.lookismmanga.com/comic/lookism-chapter-513/" "Mozilla/5.0 (Linux; Android 10; JNY-LX1; HMSCore 6.2.0.319) AppleWebKit/537.36 (KHTML, like Gecko) Chrome/88.0.4324.93 HuaweiBrowser/11.1.2.332 Mobile Safari/537.36"
162.0.232.193 - - [15/Aug/2024:08:44:55 -0400] "POST /wp-cron.php?doing_wp_cron=1723725895.2459530830383300781250 HTTP/1.1" 200 0 "-" "WordPress/6.5.5; https://r.lookismmanga.com"
2a03:2880:16ff:70::face:b00c - - [15/Aug/2024:08:44:55 -0400] "GET /?p=1909 HTTP/1.1" 301 0 "-" "facebookexternalhit/1.1 (+http://www.facebook.com/externalhit_uatext.php)"
66.249.64.130 - - [15/Aug/2024:08:45:39 -0400] "GET /comic/lookism-chapter-213/ HTTP/1.1" 200 12914 "-" "Mozilla/5.0 (Linux; Android 6.0.1; Nexus 5X Build/MMB29P) AppleWebKit/537.36 (KHTML, like Gecko) Chrome/127.0.6533.99 Mobile Safari/537.36 (compatible; Googlebot/2.1; +http://www.google.com/bot.html)"
2402:800:6210:bd81:f446:4ca2:7482:2677 - - [15/Aug/2024:08:45:41 -0400] "GET / HTTP/1.1" 200 11603 "https://search.yahoo.com/" "Mozilla/5.0 (Windows NT 10.0; Win64; x64) AppleWebKit/537.36 (KHTML, like Gecko) Chrome/127.0.0.0 Safari/537.36"
2402:800:6210:bd81:f446:4ca2:7482:2677 - - [15/Aug/2024:08:45:42 -0400] "GET / HTTP/1.1" 304 0 "https://r.lookismmanga.com/" "Mozilla/5.0 (Windows NT 10.0; Win64; x64) AppleWebKit/537.36 (KHTML, like Gecko) Chrome/127.0.0.0 Safari/537.36"
162.0.232.193 - - [15/Aug/2024:08:46:04 -0400] "POST /wp-cron.php?doing_wp_cron=1723725964.6854259967803955078125 HTTP/1.1" 200 0 "-" "WordPress/6.5.5; https://r.lookismmanga.com"
217.182.158.226 - - [15/Aug/2024:08:46:04 -0400] "POST /wp-login.php HTTP/1.1" 200 1971 "-" "Mozilla/5.0 (Windows NT 6.1; Win64; x64) AppleWebKit/537.36 (KHTML, like Gecko) Chrome/80.0.3987.163 Safari/537.36"
162.0.232.193 - - [15/Aug/2024:08:46:23 -0400] "POST /wp-cron.php?doing_wp_cron=1723725983.2751119136810302734375 HTTP/1.1" 200 0 "-" "WordPress/6.5.5; https://r.lookismmanga.com"
2a03:2880:2ff:5::face:b00c - - [15/Aug/2024:08:46:23 -0400] "GET /lookism/lookism-chapter-128/ HTTP/1.1" 301 0 "-" "facebookexternalhit/1.1 (+http://www.facebook.com/externalhit_uatext.php)"
2a03:2880:13ff:16::face:b00c - - [15/Aug/2024:08:46:30 -0400] "GET / HTTP/1.1" 200 11400 "-" "facebookexternalhit/1.1 (+http://www.facebook.com/externalhit_uatext.php)"
92.13.72.163 - - [15/Aug/2024:08:46:47 -0400] "GET / HTTP/1.1" 200 11596 "https://www.google.com/" "Mozilla/5.0 (Linux; Android 10; K) AppleWebKit/537.36 (KHTML, like Gecko) Chrome/127.0.0.0 Mobile Safari/537.36"
92.13.72.163 - - [15/Aug/2024:08:46:53 -0400] "GET /comic/lookism-chapter-493/ HTTP/1.1" 200 11482 "https://r.lookismmanga.com/" "Mozilla/5.0 (Linux; Android 10; K) AppleWebKit/537.36 (KHTML, like Gecko) Chrome/127.0.0.0 Mobile Safari/537.36"
92.13.72.163 - - [15/Aug/2024:08:46:54 -0400] "GET /comic/lookism-chapter-501/ HTTP/1.1" 200 11087 "https://r.lookismmanga.com/" "Mozilla/5.0 (Linux; Android 10; K) AppleWebKit/537.36 (KHTML, like Gecko) Chrome/127.0.0.0 Mobile Safari/537.36"
66.249.64.129 - - [15/Aug/2024:08:46:56 -0400] "GET /comic/lookism-chapter-4/ HTTP/1.1" 200 11814 "-" "Mozilla/5.0 (Linux; Android 6.0.1; Nexus 5X Build/MMB29P) AppleWebKit/537.36 (KHTML, like Gecko) Chrome/127.0.6533.99 Mobile Safari/537.36 (compatible; Googlebot/2.1; +http://www.google.com/bot.html)"
92.13.72.163 - - [15/Aug/2024:08:46:58 -0400] "GET /comic/lookism-chapter-511/ HTTP/1.1" 200 11160 "https://r.lookismmanga.com/" "Mozilla/5.0 (Linux; Android 10; K) AppleWebKit/537.36 (KHTML, like Gecko) Chrome/127.0.0.0 Mobile Safari/537.36"
92.13.72.163 - - [15/Aug/2024:08:46:58 -0400] "GET /wp-content/plugins/wp-automatic/css/wp-automatic.css?ver=1.0.0 HTTP/1.1" 200 537 "https://r.lookismmanga.com/comic/lookism-chapter-511/" "Mozilla/5.0 (Linux; Android 10; K) AppleWebKit/537.36 (KHTML, like Gecko) Chrome/127.0.0.0 Mobile Safari/537.36"
92.13.72.163 - - [15/Aug/2024:08:46:58 -0400] "GET /wp-content/uploads/2024/02/MV5BMmI0NjY3NWYtMjEyYi00MjBlLWE4NDktNzNjZWNjMGUyY2U2XkEyXkFqcGdeQXVyMTUzNjM4ODE1._V1_-1024x576.jpg HTTP/1.1" 200 70245 "https://r.lookismmanga.com/comic/lookism-chapter-511/" "Mozilla/5.0 (Linux; Android 10; K) AppleWebKit/537.36 (KHTML, like Gecko) Chrome/127.0.0.0 Mobile Safari/537.36"
162.0.232.193 - - [15/Aug/2024:08:46:59 -0400] "POST /wp-cron.php?doing_wp_cron=1723726018.9975759983062744140625 HTTP/1.1" 200 0 "-" "WordPress/6.5.5; https://r.lookismmanga.com"
92.13.72.163 - - [15/Aug/2024:08:46:58 -0400] "POST /wp-admin/admin-ajax.php HTTP/1.1" 200 69 "https://r.lookismmanga.com/comic/lookism-chapter-511/" "Mozilla/5.0 (Linux; Android 10; K) AppleWebKit/537.36 (KHTML, like Gecko) Chrome/127.0.0.0 Mobile Safari/537.36"
92.13.72.163 - - [15/Aug/2024:08:47:02 -0400] "GET /tag/lookism-511-raw/ HTTP/1.1" 301 0 "https://r.lookismmanga.com/comic/lookism-chapter-511/" "Mozilla/5.0 (Linux; Android 10; K) AppleWebKit/537.36 (KHTML, like Gecko) Chrome/127.0.0.0 Mobile Safari/537.36"
92.13.72.163 - - [15/Aug/2024:08:47:02 -0400] "GET /comic/lookism-chapter-510/ HTTP/1.1" 200 11675 "https://r.lookismmanga.com/comic/lookism-chapter-511/" "Mozilla/5.0 (Linux; Android 10; K) AppleWebKit/537.36 (KHTML, like Gecko) Chrome/127.0.0.0 Mobile Safari/537.36"
92.13.72.163 - - [15/Aug/2024:08:47:02 -0400] "GET / HTTP/1.1" 304 0 "https://r.lookismmanga.com/" "Mozilla/5.0 (Linux; Android 10; K) AppleWebKit/537.36 (KHTML, like Gecko) Chrome/127.0.0.0 Mobile Safari/537.36"
92.13.72.163 - - [15/Aug/2024:08:47:05 -0400] "GET /comic/lookism-chapter-507/ HTTP/1.1" 200 11641 "https://r.lookismmanga.com/comic/lookism-chapter-511/" "Mozilla/5.0 (Linux; Android 10; K) AppleWebKit/537.36 (KHTML, like Gecko) Chrome/127.0.0.0 Mobile Safari/537.36"
92.13.72.163 - - [15/Aug/2024:08:47:06 -0400] "POST /wp-admin/admin-ajax.php HTTP/1.1" 200 69 "https://r.lookismmanga.com/comic/lookism-chapter-507/" "Mozilla/5.0 (Linux; Android 10; K) AppleWebKit/537.36 (KHTML, like Gecko) Chrome/127.0.0.0 Mobile Safari/537.36"
51.222.253.14 - - [15/Aug/2024:08:47:12 -0400] "GET /lookism/lookism-chapter-338/ HTTP/1.1" 301 0 "-" "Mozilla/5.0 (compatible; AhrefsBot/7.0; +http://ahrefs.com/robot/)"
92.13.72.163 - - [15/Aug/2024:08:47:26 -0400] "GET /tag/read-lookism/ HTTP/1.1" 301 0 "https://r.lookismmanga.com/comic/lookism-chapter-511/" "Mozilla/5.0 (Linux; Android 10; K) AppleWebKit/537.36 (KHTML, like Gecko) Chrome/127.0.0.0 Mobile Safari/537.36"
92.13.72.163 - - [15/Aug/2024:08:47:30 -0400] "GET /comic/lookism-chapter-502/ HTTP/1.1" 200 11090 "https://r.lookismmanga.com/" "Mozilla/5.0 (Linux; Android 10; K) AppleWebKit/537.36 (KHTML, like Gecko) Chrome/127.0.0.0 Mobile Safari/537.36"
92.13.72.163 - - [15/Aug/2024:08:47:31 -0400] "GET / HTTP/1.1" 304 0 "https://r.lookismmanga.com/" "Mozilla/5.0 (Linux; Android 10; K) AppleWebKit/537.36 (KHTML, like Gecko) Chrome/127.0.0.0 Mobile Safari/537.36"
92.13.72.163 - - [15/Aug/2024:08:47:33 -0400] "GET /comic/lookism-chapter-505/ HTTP/1.1" 200 11639 "https://r.lookismmanga.com/" "Mozilla/5.0 (Linux; Android 10; K) AppleWebKit/537.36 (KHTML, like Gecko) Chrome/127.0.0.0 Mobile Safari/537.36"
162.0.232.193 - - [15/Aug/2024:08:47:34 -0400] "POST /wp-cron.php?doing_wp_cron=1723726054.4591948986053466796875 HTTP/1.1" 200 0 "-" "WordPress/6.5.5; https://r.lookismmanga.com"
92.13.72.163 - - [15/Aug/2024:08:47:34 -0400] "POST /wp-admin/admin-ajax.php HTTP/1.1" 200 69 "https://r.lookismmanga.com/comic/lookism-chapter-505/" "Mozilla/5.0 (Linux; Android 10; K) AppleWebKit/537.36 (KHTML, like Gecko) Chrome/127.0.0.0 Mobile Safari/537.36"
92.13.72.163 - - [15/Aug/2024:08:47:44 -0400] "GET /comic/lookism-chapter-513/ HTTP/1.1" 200 11086 "https://r.lookismmanga.com/" "Mozilla/5.0 (Linux; Android 10; K) AppleWebKit/537.36 (KHTML, like Gecko) Chrome/127.0.0.0 Mobile Safari/537.36"
162.0.232.193 - - [15/Aug/2024:08:47:45 -0400] "POST /wp-cron.php?doing_wp_cron=1723726064.9463870525360107421875 HTTP/1.1" 200 0 "-" "WordPress/6.5.5; https://r.lookismmanga.com"
216.244.66.244 - - [15/Aug/2024:08:47:45 -0400] "GET /lookism/chapter-217/feed/ HTTP/1.1" 301 0 "-" "Mozilla/5.0 (compatible; DotBot/1.2; +https://opensiteexplorer.org/dotbot; [email protected])"
92.13.72.163 - - [15/Aug/2024:08:47:44 -0400] "POST /wp-admin/admin-ajax.php HTTP/1.1" 200 69 "https://r.lookismmanga.com/comic/lookism-chapter-513/" "Mozilla/5.0 (Linux; Android 10; K) AppleWebKit/537.36 (KHTML, like Gecko) Chrome/127.0.0.0 Mobile Safari/537.36"
92.13.72.163 - - [15/Aug/2024:08:47:49 -0400] "GET /comic/lookism-chapter-512/ HTTP/1.1" 200 10995 "https://r.lookismmanga.com/" "Mozilla/5.0 (Linux; Android 10; K) AppleWebKit/537.36 (KHTML, like Gecko) Chrome/127.0.0.0 Mobile Safari/537.36"
92.13.72.163 - - [15/Aug/2024:08:47:50 -0400] "POST /wp-admin/admin-ajax.php HTTP/1.1" 200 69 "https://r.lookismmanga.com/comic/lookism-chapter-512/" "Mozilla/5.0 (Linux; Android 10; K) AppleWebKit/537.36 (KHTML, like Gecko) Chrome/127.0.0.0 Mobile Safari/537.36"
2405:201:5c05:f093:1196:c8d9:d4f5:446 - - [15/Aug/2024:08:48:12 -0400] "GET / HTTP/1.1" 200 11603 "https://www.bing.com/" "Mozilla/5.0 (Windows NT 10.0; Win64; x64) AppleWebKit/537.36 (KHTML, like Gecko) Chrome/127.0.0.0 Safari/537.36 Edg/127.0.0.0"
2405:201:5c05:f093:1196:c8d9:d4f5:446 - - [15/Aug/2024:08:48:20 -0400] "GET /comic/lookism-chapter-514/ HTTP/1.1" 200 10596 "https://r.lookismmanga.com/" "Mozilla/5.0 (Windows NT 10.0; Win64; x64) AppleWebKit/537.36 (KHTML, like Gecko) Chrome/127.0.0.0 Safari/537.36 Edg/127.0.0.0"
162.0.232.193 - - [15/Aug/2024:08:48:24 -0400] "POST /wp-cron.php?doing_wp_cron=1723726103.9402179718017578125000 HTTP/1.1" 200 0 "-" "WordPress/6.5.5; https://r.lookismmanga.com"
2405:201:5c05:f093:1196:c8d9:d4f5:446 - - [15/Aug/2024:08:48:24 -0400] "GET /comic/lookism-chapter-274/ HTTP/1.1" 200 12936 "https://r.lookismmanga.com/" "Mozilla/5.0 (Windows NT 10.0; Win64; x64) AppleWebKit/537.36 (KHTML, like Gecko) Chrome/127.0.0.0 Safari/537.36 Edg/127.0.0.0"
2405:201:5c05:f093:1196:c8d9:d4f5:446 - - [15/Aug/2024:08:48:23 -0400] "GET /comic/lookism-chapter-475/ HTTP/1.1" 200 11480 "https://r.lookismmanga.com/" "Mozilla/5.0 (Windows NT 10.0; Win64; x64) AppleWebKit/537.36 (KHTML, like Gecko) Chrome/127.0.0.0 Safari/537.36 Edg/127.0.0.0"
2405:201:5c05:f093:1196:c8d9:d4f5:446 - - [15/Aug/2024:08:48:25 -0400] "GET /comic/lookism-chapter-494/ HTTP/1.1" 200 11723 "https://r.lookismmanga.com/" "Mozilla/5.0 (Windows NT 10.0; Win64; x64) AppleWebKit/537.36 (KHTML, like Gecko) Chrome/127.0.0.0 Safari/537.36 Edg/127.0.0.0"
2405:201:5c05:f093:1196:c8d9:d4f5:446 - - [15/Aug/2024:08:48:26 -0400] "GET /comic/lookism-chapter-513/ HTTP/1.1" 200 11063 "https://r.lookismmanga.com/" "Mozilla/5.0 (Windows NT 10.0; Win64; x64) AppleWebKit/537.36 (KHTML, like Gecko) Chrome/127.0.0.0 Safari/537.36 Edg/127.0.0.0"
92.13.72.163 - - [15/Aug/2024:08:49:45 -0400] "GET /comic/lookism-chapter-513/ HTTP/1.1" 304 0 "https://r.lookismmanga.com/" "Mozilla/5.0 (Linux; Android 10; K) AppleWebKit/537.36 (KHTML, like Gecko) Chrome/127.0.0.0 Mobile Safari/537.36"
51.222.253.7 - - [15/Aug/2024:08:49:46 -0400] "GET /lookism/lookism-chapter-68/ HTTP/1.1" 301 0 "-" "Mozilla/5.0 (compatible; AhrefsBot/7.0; +http://ahrefs.com/robot/)"
162.0.232.193 - - [15/Aug/2024:08:49:46 -0400] "POST /wp-cron.php?doing_wp_cron=1723726185.9408218860626220703125 HTTP/1.1" 200 0 "-" "WordPress/6.5.5; https://r.lookismmanga.com"
92.13.72.163 - - [15/Aug/2024:08:49:45 -0400] "POST /wp-admin/admin-ajax.php HTTP/1.1" 200 69 "https://r.lookismmanga.com/comic/lookism-chapter-513/" "Mozilla/5.0 (Linux; Android 10; K) AppleWebKit/537.36 (KHTML, like Gecko) Chrome/127.0.0.0 Mobile Safari/537.36"
2405:201:5c05:f093:1196:c8d9:d4f5:446 - - [15/Aug/2024:08:50:11 -0400] "GET /comic/lookism-chapter-493/ HTTP/1.1" 200 11413 "https://r.lookismmanga.com/" "Mozilla/5.0 (Windows NT 10.0; Win64; x64) AppleWebKit/537.36 (KHTML, like Gecko) Chrome/127.0.0.0 Safari/537.36 Edg/127.0.0.0"
2405:201:5c05:f093:1196:c8d9:d4f5:446 - - [15/Aug/2024:08:50:11 -0400] "GET /comic/lookism-chapter-492/ HTTP/1.1" 200 11609 "https://r.lookismmanga.com/" "Mozilla/5.0 (Windows NT 10.0; Win64; x64) AppleWebKit/537.36 (KHTML, like Gecko) Chrome/127.0.0.0 Safari/537.36 Edg/127.0.0.0"
2405:201:5c05:f093:1196:c8d9:d4f5:446 - - [15/Aug/2024:08:50:12 -0400] "GET /comic/lookism-chapter-491-2/ HTTP/1.1" 200 11567 "https://r.lookismmanga.com/" "Mozilla/5.0 (Windows NT 10.0; Win64; x64) AppleWebKit/537.36 (KHTML, like Gecko) Chrome/127.0.0.0 Safari/537.36 Edg/127.0.0.0"
2405:201:5c05:f093:1196:c8d9:d4f5:446 - - [15/Aug/2024:08:50:12 -0400] "GET /comic/lookism-chapter-490-2/ HTTP/1.1" 200 11526 "https://r.lookismmanga.com/" "Mozilla/5.0 (Windows NT 10.0; Win64; x64) AppleWebKit/537.36 (KHTML, like Gecko) Chrome/127.0.0.0 Safari/537.36 Edg/127.0.0.0"
2405:201:5c05:f093:1196:c8d9:d4f5:446 - - [15/Aug/2024:08:50:12 -0400] "GET /comic/lookism-chapter-489/ HTTP/1.1" 200 11628 "https://r.lookismmanga.com/" "Mozilla/5.0 (Windows NT 10.0; Win64; x64) AppleWebKit/537.36 (KHTML, like Gecko) Chrome/127.0.0.0 Safari/537.36 Edg/127.0.0.0"
2405:201:5c05:f093:1196:c8d9:d4f5:446 - - [15/Aug/2024:08:50:13 -0400] "GET /comic/lookism-chapter-483/ HTTP/1.1" 200 11602 "https://r.lookismmanga.com/" "Mozilla/5.0 (Windows NT 10.0; Win64; x64) AppleWebKit/537.36 (KHTML, like Gecko) Chrome/127.0.0.0 Safari/537.36 Edg/127.0.0.0"
2405:201:5c05:f093:1196:c8d9:d4f5:446 - - [15/Aug/2024:08:50:15 -0400] "GET /comic/lookism-chapter-477/ HTTP/1.1" 200 11628 "https://r.lookismmanga.com/" "Mozilla/5.0 (Windows NT 10.0; Win64; x64) AppleWebKit/537.36 (KHTML, like Gecko) Chrome/127.0.0.0 Safari/537.36 Edg/127.0.0.0"
162.0.232.193 - - [15/Aug/2024:08:50:18 -0400] "POST /wp-cron.php?doing_wp_cron=1723726217.9505848884582519531250 HTTP/1.1" 200 0 "-" "WordPress/6.5.5; https://r.lookismmanga.com"
