162.0.232.193 - - [15/Aug/2024:12:16:36 -0400] "POST /wp-cron.php?doing_wp_cron=1723738596.6497430801391601562500 HTTP/1.1" 200 0 "-" "WordPress/6.5.5; https://r.lookismmanga.com"
162.0.232.193 - - [15/Aug/2024:12:16:36 -0400] "POST /wp-cron.php?doing_wp_cron=1723738596.6495690345764160156250 HTTP/1.1" 200 0 "-" "WordPress/6.5.5; https://r.lookismmanga.com"
184.188.64.56 - - [15/Aug/2024:12:16:36 -0400] "GET /apple-touch-icon-precomposed.png HTTP/1.1" 301 0 "-" "NetworkingExtension/8618.3.11.10.5 CFNetwork/1498.700.2 Darwin/23.6.0"
184.188.64.56 - - [15/Aug/2024:12:16:36 -0400] "GET /apple-touch-icon.png HTTP/1.1" 301 0 "-" "NetworkingExtension/8618.3.11.10.5 CFNetwork/1498.700.2 Darwin/23.6.0"
184.188.64.56 - - [15/Aug/2024:12:16:36 -0400] "GET / HTTP/1.1" 200 11400 "-" "Mozilla/5.0 (Macintosh; Intel Mac OS X 10_11_1) AppleWebKit/601.2.4 (KHTML, like Gecko) Version/9.0.1 Safari/601.2.4 facebookexternalhit/1.1 Facebot Twitterbot/1.0"
184.188.64.56 - - [15/Aug/2024:12:16:37 -0400] "GET / HTTP/1.1" 200 11603 "-" "NetworkingExtension/8618.3.11.10.5 CFNetwork/1498.700.2 Darwin/23.6.0"
184.188.64.56 - - [15/Aug/2024:12:16:37 -0400] "GET / HTTP/1.1" 200 11603 "-" "NetworkingExtension/8618.3.11.10.5 CFNetwork/1498.700.2 Darwin/23.6.0"
184.188.64.56 - - [15/Aug/2024:12:16:47 -0400] "GET /comic/lookism-chapter-514/ HTTP/1.1" 200 10640 "https://r.lookismmanga.com/" "Mozilla/5.0 (iPhone; CPU iPhone OS 17_6_1 like Mac OS X) AppleWebKit/605.1.15 (KHTML, like Gecko) Version/17.6 Mobile/15E148 Safari/604.1 Ddg/17.6"
2405:201:a419:9806:454a:cc8d:d4a0:503e - - [15/Aug/2024:12:16:51 -0400] "GET / HTTP/1.1" 200 11603 "https://www.bing.com/" "Mozilla/5.0 (Windows NT 10.0; Win64; x64) AppleWebKit/537.36 (KHTML, like Gecko) Chrome/127.0.0.0 Safari/537.36 Edg/127.0.0.0"
2401:4900:1c61:53df:749a:59ef:cf40:2f05 - - [15/Aug/2024:12:16:53 -0400] "GET / HTTP/1.1" 200 11603 "https://www.bing.com/" "Mozilla/5.0 (Windows NT 10.0; Win64; x64) AppleWebKit/537.36 (KHTML, like Gecko) Chrome/127.0.0.0 Safari/537.36 Edg/127.0.0.0"
2401:4900:1c61:53df:749a:59ef:cf40:2f05 - - [15/Aug/2024:12:16:55 -0400] "GET /comic/lookism-chapter-1/ HTTP/1.1" 200 11755 "https://r.lookismmanga.com/" "Mozilla/5.0 (Windows NT 10.0; Win64; x64) AppleWebKit/537.36 (KHTML, like Gecko) Chrome/127.0.0.0 Safari/537.36 Edg/127.0.0.0"
2401:4900:1c61:53df:749a:59ef:cf40:2f05 - - [15/Aug/2024:12:16:58 -0400] "GET /comic/lookism-chapter-513/ HTTP/1.1" 200 11063 "https://r.lookismmanga.com/" "Mozilla/5.0 (Windows NT 10.0; Win64; x64) AppleWebKit/537.36 (KHTML, like Gecko) Chrome/127.0.0.0 Safari/537.36 Edg/127.0.0.0"
2401:4900:1c61:53df:749a:59ef:cf40:2f05 - - [15/Aug/2024:12:16:58 -0400] "GET /comic/lookism-chapter-514/ HTTP/1.1" 200 10596 "https://r.lookismmanga.com/" "Mozilla/5.0 (Windows NT 10.0; Win64; x64) AppleWebKit/537.36 (KHTML, like Gecko) Chrome/127.0.0.0 Safari/537.36 Edg/127.0.0.0"
2001:4452:46e:ea00:2859:3146:7c22:32be - - [15/Aug/2024:12:17:08 -0400] "GET / HTTP/1.1" 200 11596 "-" "Mozilla/5.0 (Linux; Android 13; SM-A326U1 Build/TP1A.220624.014; wv) AppleWebKit/537.36 (KHTML, like Gecko) Version/4.0 Chrome/127.0.6533.103 Mobile Safari/537.36"
81.22.183.56 - - [15/Aug/2024:12:17:12 -0400] "GET / HTTP/1.1" 200 11603 "https://www.bing.com/" "Mozilla/5.0 (Windows NT 10.0; Win64; x64) AppleWebKit/537.36 (KHTML, like Gecko) Chrome/127.0.0.0 Safari/537.36 Edg/127.0.0.0"
66.249.68.66 - - [15/Aug/2024:12:17:35 -0400] "GET /comic/lookism-chapter-303/ HTTP/1.1" 200 12652 "-" "Mozilla/5.0 (Linux; Android 6.0.1; Nexus 5X Build/MMB29P) AppleWebKit/537.36 (KHTML, like Gecko) Chrome/127.0.6533.99 Mobile Safari/537.36 (compatible; Googlebot/2.1; +http://www.google.com/bot.html)"
103.217.231.96 - - [15/Aug/2024:12:18:15 -0400] "GET / HTTP/1.1" 200 11603 "https://www.bing.com/" "Mozilla/5.0 (Windows NT 10.0; Win64; x64) AppleWebKit/537.36 (KHTML, like Gecko) Chrome/127.0.0.0 Safari/537.36 Edg/127.0.0.0"
2400:74e0:13:5414:6835:e50c:3411:ccd8 - - [15/Aug/2024:12:18:18 -0400] "GET / HTTP/1.1" 304 0 "https://www.bing.com/" "Mozilla/5.0 (Windows NT 10.0; Win64; x64) AppleWebKit/537.36 (KHTML, like Gecko) Chrome/127.0.0.0 Safari/537.36 Edg/127.0.0.0"
103.217.231.96 - - [15/Aug/2024:12:18:22 -0400] "GET /comic/lookism-chapter-514/ HTTP/1.1" 200 10596 "https://r.lookismmanga.com/" "Mozilla/5.0 (Windows NT 10.0; Win64; x64) AppleWebKit/537.36 (KHTML, like Gecko) Chrome/127.0.0.0 Safari/537.36 Edg/127.0.0.0"
2400:74e0:13:5414:6835:e50c:3411:ccd8 - - [15/Aug/2024:12:18:25 -0400] "GET / HTTP/1.1" 304 0 "https://r.lookismmanga.com/" "Mozilla/5.0 (Windows NT 10.0; Win64; x64) AppleWebKit/537.36 (KHTML, like Gecko) Chrome/127.0.0.0 Safari/537.36 Edg/127.0.0.0"
2400:74e0:13:5414:6835:e50c:3411:ccd8 - - [15/Aug/2024:12:18:30 -0400] "GET /category/lookism-manga/ HTTP/1.1" 200 10369 "https://r.lookismmanga.com/" "Mozilla/5.0 (Windows NT 10.0; Win64; x64) AppleWebKit/537.36 (KHTML, like Gecko) Chrome/127.0.0.0 Safari/537.36 Edg/127.0.0.0"
2400:74e0:13:5414:6835:e50c:3411:ccd8 - - [15/Aug/2024:12:18:31 -0400] "GET /lookism-chapter-511/ HTTP/1.1" 304 0 "https://r.lookismmanga.com/" "Mozilla/5.0 (Windows NT 10.0; Win64; x64) AppleWebKit/537.36 (KHTML, like Gecko) Chrome/127.0.0.0 Safari/537.36 Edg/127.0.0.0"
2400:74e0:13:5414:6835:e50c:3411:ccd8 - - [15/Aug/2024:12:18:32 -0400] "GET /comic/lookism-chapter-510/ HTTP/1.1" 304 0 "https://r.lookismmanga.com/" "Mozilla/5.0 (Windows NT 10.0; Win64; x64) AppleWebKit/537.36 (KHTML, like Gecko) Chrome/127.0.0.0 Safari/537.36 Edg/127.0.0.0"
2400:74e0:13:5414:6835:e50c:3411:ccd8 - - [15/Aug/2024:12:18:38 -0400] "GET / HTTP/1.1" 304 0 "https://r.lookismmanga.com/lookism-chapter-511/" "Mozilla/5.0 (Windows NT 10.0; Win64; x64) AppleWebKit/537.36 (KHTML, like Gecko) Chrome/127.0.0.0 Safari/537.36 Edg/127.0.0.0"
2400:74e0:13:5414:6835:e50c:3411:ccd8 - - [15/Aug/2024:12:18:43 -0400] "GET /comic/lookism-chapter-514/ HTTP/1.1" 304 0 "https://r.lookismmanga.com/lookism-chapter-511/" "Mozilla/5.0 (Windows NT 10.0; Win64; x64) AppleWebKit/537.36 (KHTML, like Gecko) Chrome/127.0.0.0 Safari/537.36 Edg/127.0.0.0"
2400:74e0:13:5414:6835:e50c:3411:ccd8 - - [15/Aug/2024:12:18:44 -0400] "GET /comic/lookism-chapter-513/ HTTP/1.1" 200 11063 "https://r.lookismmanga.com/lookism-chapter-511/" "Mozilla/5.0 (Windows NT 10.0; Win64; x64) AppleWebKit/537.36 (KHTML, like Gecko) Chrome/127.0.0.0 Safari/537.36 Edg/127.0.0.0"
2600:1000:b184:85d3:4524:76d5:30e2:5ed1 - - [15/Aug/2024:12:18:49 -0400] "GET / HTTP/1.1" 200 11596 "https://search.yahoo.com/" "Mozilla/5.0 (iPhone; CPU iPhone OS 17_5_1 like Mac OS X) AppleWebKit/605.1.15 (KHTML, like Gecko) Version/17.5 Mobile/15E148 Safari/604.1"
162.0.232.193 - - [15/Aug/2024:12:18:52 -0400] "POST /wp-cron.php?doing_wp_cron=1723738732.6039381027221679687500 HTTP/1.1" 200 0 "-" "WordPress/6.5.5; https://r.lookismmanga.com"
2a03:2880:22ff:5::face:b00c - - [15/Aug/2024:12:18:52 -0400] "GET /?p=2393 HTTP/1.1" 301 0 "-" "meta-externalagent/1.1 (+https://developers.facebook.com/docs/sharing/webmasters/crawler)"
162.0.232.193 - - [15/Aug/2024:12:18:53 -0400] "GET /comic/lookism-chapter-383/ HTTP/1.1" 200 11360 "-" "WP Rocket/Preload"
162.0.232.193 - - [15/Aug/2024:12:18:54 -0400] "GET /comic/lookism-chapter-383/ HTTP/1.1" 200 11361 "-" "WP Rocket/Preload Mozilla/5.0 (iPhone; CPU iPhone OS 9_1 like Mac OS X) AppleWebKit/601.1.46 (KHTML, like Gecko) Version/9.0 Mobile/13B143 Safari/601.1"
162.0.232.193 - - [15/Aug/2024:12:18:55 -0400] "GET /comic/lookism-chapter-177/ HTTP/1.1" 200 12837 "-" "WP Rocket/Preload"
162.0.232.193 - - [15/Aug/2024:12:18:56 -0400] "GET /comic/lookism-chapter-177/ HTTP/1.1" 200 12838 "-" "WP Rocket/Preload Mozilla/5.0 (iPhone; CPU iPhone OS 9_1 like Mac OS X) AppleWebKit/601.1.46 (KHTML, like Gecko) Version/9.0 Mobile/13B143 Safari/601.1"
162.0.232.193 - - [15/Aug/2024:12:18:58 -0400] "GET /comic/lookism-chapter-411/ HTTP/1.1" 200 11470 "-" "WP Rocket/Preload"
162.0.232.193 - - [15/Aug/2024:12:18:59 -0400] "GET /comic/lookism-chapter-411/ HTTP/1.1" 200 11471 "-" "WP Rocket/Preload Mozilla/5.0 (iPhone; CPU iPhone OS 9_1 like Mac OS X) AppleWebKit/601.1.46 (KHTML, like Gecko) Version/9.0 Mobile/13B143 Safari/601.1"
162.0.232.193 - - [15/Aug/2024:12:19:00 -0400] "GET /comic/lookism-chapter-414/ HTTP/1.1" 200 11462 "-" "WP Rocket/Preload"
162.0.232.193 - - [15/Aug/2024:12:19:01 -0400] "GET /comic/lookism-chapter-414/ HTTP/1.1" 200 11470 "-" "WP Rocket/Preload Mozilla/5.0 (iPhone; CPU iPhone OS 9_1 like Mac OS X) AppleWebKit/601.1.46 (KHTML, like Gecko) Version/9.0 Mobile/13B143 Safari/601.1"
162.0.232.193 - - [15/Aug/2024:12:19:02 -0400] "GET /comic/lookism-chapter-146/ HTTP/1.1" 200 12487 "-" "WP Rocket/Preload"
162.0.232.193 - - [15/Aug/2024:12:19:03 -0400] "GET /comic/lookism-chapter-146/ HTTP/1.1" 200 12487 "-" "WP Rocket/Preload Mozilla/5.0 (iPhone; CPU iPhone OS 9_1 like Mac OS X) AppleWebKit/601.1.46 (KHTML, like Gecko) Version/9.0 Mobile/13B143 Safari/601.1"
2402:1980:8247:ab4:2063:1007:84ec:2e87 - - [15/Aug/2024:12:19:48 -0400] "GET / HTTP/1.1" 200 11603 "https://www.bing.com/" "Mozilla/5.0 (Windows NT 10.0; Win64; x64) AppleWebKit/537.36 (KHTML, like Gecko) Chrome/127.0.0.0 Safari/537.36 Edg/127.0.0.0"
2402:1980:8247:ab4:2063:1007:84ec:2e87 - - [15/Aug/2024:12:19:51 -0400] "GET /comic/lookism-chapter-511/ HTTP/1.1" 200 11160 "https://www.bing.com/" "Mozilla/5.0 (Windows NT 10.0; Win64; x64) AppleWebKit/537.36 (KHTML, like Gecko) Chrome/127.0.0.0 Safari/537.36 Edg/127.0.0.0"
2402:1980:8247:ab4:2063:1007:84ec:2e87 - - [15/Aug/2024:12:19:52 -0400] "GET /wp-content/uploads/2024/02/MV5BMmI0NjY3NWYtMjEyYi00MjBlLWE4NDktNzNjZWNjMGUyY2U2XkEyXkFqcGdeQXVyMTUzNjM4ODE1._V1_-1260x709.jpg HTTP/1.1" 200 95093 "https://r.lookismmanga.com/comic/lookism-chapter-511/" "Mozilla/5.0 (Windows NT 10.0; Win64; x64) AppleWebKit/537.36 (KHTML, like Gecko) Chrome/127.0.0.0 Safari/537.36 Edg/127.0.0.0"
162.0.232.193 - - [15/Aug/2024:12:19:52 -0400] "POST /wp-cron.php?doing_wp_cron=1723738792.4086029529571533203125 HTTP/1.1" 200 0 "-" "WordPress/6.5.5; https://r.lookismmanga.com"
2402:1980:8247:ab4:2063:1007:84ec:2e87 - - [15/Aug/2024:12:19:52 -0400] "POST /wp-admin/admin-ajax.php HTTP/1.1" 200 69 "https://r.lookismmanga.com/comic/lookism-chapter-511/" "Mozilla/5.0 (Windows NT 10.0; Win64; x64) AppleWebKit/537.36 (KHTML, like Gecko) Chrome/127.0.0.0 Safari/537.36 Edg/127.0.0.0"
162.0.232.193 - - [15/Aug/2024:12:19:53 -0400] "GET /comic/lookism-chapter-34/ HTTP/1.1" 200 11497 "-" "WP Rocket/Preload"
162.0.232.193 - - [15/Aug/2024:12:19:54 -0400] "GET /comic/lookism-chapter-34/ HTTP/1.1" 200 11498 "-" "WP Rocket/Preload Mozilla/5.0 (iPhone; CPU iPhone OS 9_1 like Mac OS X) AppleWebKit/601.1.46 (KHTML, like Gecko) Version/9.0 Mobile/13B143 Safari/601.1"
162.0.232.193 - - [15/Aug/2024:12:19:55 -0400] "GET /comic/lookism-chapter-25/ HTTP/1.1" 200 11603 "-" "WP Rocket/Preload"
162.0.232.193 - - [15/Aug/2024:12:19:57 -0400] "GET /comic/lookism-chapter-25/ HTTP/1.1" 200 11605 "-" "WP Rocket/Preload Mozilla/5.0 (iPhone; CPU iPhone OS 9_1 like Mac OS X) AppleWebKit/601.1.46 (KHTML, like Gecko) Version/9.0 Mobile/13B143 Safari/601.1"
162.0.232.193 - - [15/Aug/2024:12:19:58 -0400] "GET /comic/lookism-chapter-184/ HTTP/1.1" 200 12890 "-" "WP Rocket/Preload"
162.0.232.193 - - [15/Aug/2024:12:19:59 -0400] "GET /comic/lookism-chapter-184/ HTTP/1.1" 200 12892 "-" "WP Rocket/Preload Mozilla/5.0 (iPhone; CPU iPhone OS 9_1 like Mac OS X) AppleWebKit/601.1.46 (KHTML, like Gecko) Version/9.0 Mobile/13B143 Safari/601.1"
2402:1980:8247:ab4:2063:1007:84ec:2e87 - - [15/Aug/2024:12:20:00 -0400] "GET /comic/lookism-chapter-514/ HTTP/1.1" 200 10643 "https://r.lookismmanga.com/" "Mozilla/5.0 (Windows NT 10.0; Win64; x64) AppleWebKit/537.36 (KHTML, like Gecko) Chrome/127.0.0.0 Safari/537.36 Edg/127.0.0.0"
162.0.232.193 - - [15/Aug/2024:12:20:00 -0400] "GET /comic/lookism-chapter-103/ HTTP/1.1" 200 11313 "-" "WP Rocket/Preload"
162.0.232.193 - - [15/Aug/2024:12:20:01 -0400] "GET /comic/lookism-chapter-103/ HTTP/1.1" 200 0 "-" "WP Rocket/Preload Mozilla/5.0 (iPhone; CPU iPhone OS 9_1 like Mac OS X) AppleWebKit/601.1.46 (KHTML, like Gecko) Version/9.0 Mobile/13B143 Safari/601.1"
2a06:98c0:3600::103 - - [15/Aug/2024:12:20:02 -0400] "GET /favicon.ico HTTP/1.1" 302 0 "https://www.ecosia.org/" "Mozilla/5.0 (Linux; Android 10; K) AppleWebKit/537.36 (KHTML, like Gecko) Chrome/127.0.0.0 Mobile Safari/537.36"
2a06:98c0:3600::103 - - [15/Aug/2024:12:20:03 -0400] "GET /wp-content/uploads/2024/02/cropped-if-the-anime-continues-and-reaches-the-point-of-current-v0-frhh1uf0zj5a1-32x32.webp HTTP/1.1" 200 438 "https://www.ecosia.org/" "Mozilla/5.0 (Linux; Android 10; K) AppleWebKit/537.36 (KHTML, like Gecko) Chrome/127.0.0.0 Mobile Safari/537.36"
162.0.232.193 - - [15/Aug/2024:12:20:03 -0400] "GET /comic/lookism-chapter-203/ HTTP/1.1" 200 0 "-" "WP Rocket/Preload"
162.0.232.193 - - [15/Aug/2024:12:20:05 -0400] "GET /comic/lookism-chapter-203/ HTTP/1.1" 200 12762 "-" "WP Rocket/Preload Mozilla/5.0 (iPhone; CPU iPhone OS 9_1 like Mac OS X) AppleWebKit/601.1.46 (KHTML, like Gecko) Version/9.0 Mobile/13B143 Safari/601.1"
162.0.232.193 - - [15/Aug/2024:12:20:06 -0400] "GET /comic/lookism-chapter-188/ HTTP/1.1" 200 0 "-" "WP Rocket/Preload"
162.0.232.193 - - [15/Aug/2024:12:20:07 -0400] "GET /comic/lookism-chapter-188/ HTTP/1.1" 200 12379 "-" "WP Rocket/Preload Mozilla/5.0 (iPhone; CPU iPhone OS 9_1 like Mac OS X) AppleWebKit/601.1.46 (KHTML, like Gecko) Version/9.0 Mobile/13B143 Safari/601.1"
162.0.232.193 - - [15/Aug/2024:12:20:08 -0400] "GET /comic/lookism-chapter-168/ HTTP/1.1" 200 12337 "-" "WP Rocket/Preload"
162.0.232.193 - - [15/Aug/2024:12:20:10 -0400] "GET /comic/lookism-chapter-168/ HTTP/1.1" 200 12397 "-" "WP Rocket/Preload Mozilla/5.0 (iPhone; CPU iPhone OS 9_1 like Mac OS X) AppleWebKit/601.1.46 (KHTML, like Gecko) Version/9.0 Mobile/13B143 Safari/601.1"
162.0.232.193 - - [15/Aug/2024:12:20:11 -0400] "GET /comic/lookism-chapter-135/ HTTP/1.1" 200 11859 "-" "WP Rocket/Preload"
162.0.232.193 - - [15/Aug/2024:12:20:13 -0400] "GET /comic/lookism-chapter-135/ HTTP/1.1" 200 11859 "-" "WP Rocket/Preload Mozilla/5.0 (iPhone; CPU iPhone OS 9_1 like Mac OS X) AppleWebKit/601.1.46 (KHTML, like Gecko) Version/9.0 Mobile/13B143 Safari/601.1"
162.0.232.193 - - [15/Aug/2024:12:20:14 -0400] "GET /comic/lookism-chapter-75/ HTTP/1.1" 200 11531 "-" "WP Rocket/Preload"
2402:1980:8247:ab4:2063:1007:84ec:2e87 - - [15/Aug/2024:12:20:15 -0400] "GET /lookism-chapter-511/ HTTP/1.1" 200 11530 "https://r.lookismmanga.com/comic/lookism-chapter-511/" "Mozilla/5.0 (Windows NT 10.0; Win64; x64) AppleWebKit/537.36 (KHTML, like Gecko) Chrome/127.0.0.0 Safari/537.36 Edg/127.0.0.0"
162.0.232.193 - - [15/Aug/2024:12:20:16 -0400] "GET /comic/lookism-chapter-75/ HTTP/1.1" 200 11608 "-" "WP Rocket/Preload Mozilla/5.0 (iPhone; CPU iPhone OS 9_1 like Mac OS X) AppleWebKit/601.1.46 (KHTML, like Gecko) Version/9.0 Mobile/13B143 Safari/601.1"
111.119.49.238 - - [15/Aug/2024:12:20:43 -0400] "GET /comic/lookism-chapter-511/ HTTP/1.1" 200 11103 "https://www.bing.com/" "Mozilla/5.0 (Linux; Android 10; PPA-LX2; HMSCore 6.14.0.301) AppleWebKit/537.36 (KHTML, like Gecko) Chrome/99.0.4844.88 HuaweiBrowser/14.0.5.303 Mobile Safari/537.36"
111.119.49.238 - - [15/Aug/2024:12:20:45 -0400] "GET /wp-content/uploads/2024/02/MV5BMmI0NjY3NWYtMjEyYi00MjBlLWE4NDktNzNjZWNjMGUyY2U2XkEyXkFqcGdeQXVyMTUzNjM4ODE1._V1_-1024x576.jpg HTTP/1.1" 200 70245 "https://r.lookismmanga.com/comic/lookism-chapter-511/" "Mozilla/5.0 (Linux; Android 10; PPA-LX2; HMSCore 6.14.0.301) AppleWebKit/537.36 (KHTML, like Gecko) Chrome/99.0.4844.88 HuaweiBrowser/14.0.5.303 Mobile Safari/537.36"
162.0.232.193 - - [15/Aug/2024:12:20:46 -0400] "POST /wp-cron.php?doing_wp_cron=1723738845.8574190139770507812500 HTTP/1.1" 200 0 "-" "WordPress/6.5.5; https://r.lookismmanga.com"
162.0.232.193 - - [15/Aug/2024:12:20:46 -0400] "GET /comic/lookism-chapter-206/ HTTP/1.1" 200 12771 "-" "WP Rocket/Preload"
111.119.49.238 - - [15/Aug/2024:12:20:46 -0400] "GET /tag/lookism-511/ HTTP/1.1" 301 0 "https://r.lookismmanga.com/comic/lookism-chapter-511/" "Mozilla/5.0 (Linux; Android 10; PPA-LX2; HMSCore 6.14.0.301) AppleWebKit/537.36 (KHTML, like Gecko) Chrome/99.0.4844.88 HuaweiBrowser/14.0.5.303 Mobile Safari/537.36"
111.119.49.238 - - [15/Aug/2024:12:20:45 -0400] "POST /wp-admin/admin-ajax.php HTTP/1.1" 200 69 "https://r.lookismmanga.com/comic/lookism-chapter-511/" "Mozilla/5.0 (Linux; Android 10; PPA-LX2; HMSCore 6.14.0.301) AppleWebKit/537.36 (KHTML, like Gecko) Chrome/99.0.4844.88 HuaweiBrowser/14.0.5.303 Mobile Safari/537.36"
111.119.49.238 - - [15/Aug/2024:12:20:46 -0400] "GET /wp-content/uploads/2024/02/cropped-if-the-anime-continues-and-reaches-the-point-of-current-v0-frhh1uf0zj5a1-32x32.webp HTTP/1.1" 200 438 "https://r.lookismmanga.com/comic/lookism-chapter-511/" "Mozilla/5.0 (Linux; Android 10; PPA-LX2; HMSCore 6.14.0.301) AppleWebKit/537.36 (KHTML, like Gecko) Chrome/99.0.4844.88 HuaweiBrowser/14.0.5.303 Mobile Safari/537.36"
2a03:2880:f800:9:: - - [15/Aug/2024:12:20:47 -0400] "GET /comic/lookism-chapter-83/ HTTP/1.1" 200 11721 "-" "meta-externalagent/1.1 (+https://developers.facebook.com/docs/sharing/webmasters/crawler)"
111.119.49.238 - - [15/Aug/2024:12:20:46 -0400] "GET /tag/lookism-manga/ HTTP/1.1" 301 0 "https://r.lookismmanga.com/comic/lookism-chapter-511/" "Mozilla/5.0 (Linux; Android 10; PPA-LX2; HMSCore 6.14.0.301) AppleWebKit/537.36 (KHTML, like Gecko) Chrome/99.0.4844.88 HuaweiBrowser/14.0.5.303 Mobile Safari/537.36"
111.119.49.238 - - [15/Aug/2024:12:20:47 -0400] "GET / HTTP/1.1" 200 11596 "https://r.lookismmanga.com/" "Mozilla/5.0 (Linux; Android 10; PPA-LX2; HMSCore 6.14.0.301) AppleWebKit/537.36 (KHTML, like Gecko) Chrome/99.0.4844.88 HuaweiBrowser/14.0.5.303 Mobile Safari/537.36"
111.119.49.238 - - [15/Aug/2024:12:20:47 -0400] "GET / HTTP/1.1" 304 0 "https://r.lookismmanga.com/" "Mozilla/5.0 (Linux; Android 10; PPA-LX2; HMSCore 6.14.0.301) AppleWebKit/537.36 (KHTML, like Gecko) Chrome/99.0.4844.88 HuaweiBrowser/14.0.5.303 Mobile Safari/537.36"
111.119.49.238 - - [15/Aug/2024:12:20:47 -0400] "GET /wp-content/uploads/2024/02/cropped-if-the-anime-continues-and-reaches-the-point-of-current-v0-frhh1uf0zj5a1-192x192.webp HTTP/1.1" 200 4440 "https://r.lookismmanga.com/comic/lookism-chapter-511/" "Mozilla/5.0 (Linux; Android 10; PPA-LX2; HMSCore 6.14.0.301) AppleWebKit/537.36 (KHTML, like Gecko) Chrome/99.0.4844.88 HuaweiBrowser/14.0.5.303 Mobile Safari/537.36"
111.119.49.238 - - [15/Aug/2024:12:20:47 -0400] "GET /wp-content/uploads/2024/02/cropped-if-the-anime-continues-and-reaches-the-point-of-current-v0-frhh1uf0zj5a1-180x180.webp HTTP/1.1" 200 4302 "-" "Dalvik/2.1.0 (Linux; U; Android 10; PPA-LX2 Build/HUAWEIPPA-LX2)"
162.0.232.193 - - [15/Aug/2024:12:20:47 -0400] "GET /comic/lookism-chapter-206/ HTTP/1.1" 200 12806 "-" "WP Rocket/Preload Mozilla/5.0 (iPhone; CPU iPhone OS 9_1 like Mac OS X) AppleWebKit/601.1.46 (KHTML, like Gecko) Version/9.0 Mobile/13B143 Safari/601.1"
105.244.236.147 - - [15/Aug/2024:12:20:47 -0400] "GET / HTTP/1.1" 200 11603 "https://www.bing.com/" "Mozilla/5.0 (Windows NT 10.0; Win64; x64) AppleWebKit/537.36 (KHTML, like Gecko) Chrome/125.0.0.0 Safari/537.36 Edg/125.0.0.0"
162.0.232.193 - - [15/Aug/2024:12:20:48 -0400] "GET /comic/lookism-chapter-129/ HTTP/1.1" 200 11753 "-" "WP Rocket/Preload"
162.0.232.193 - - [15/Aug/2024:12:20:49 -0400] "GET /comic/lookism-chapter-129/ HTTP/1.1" 200 11691 "-" "WP Rocket/Preload Mozilla/5.0 (iPhone; CPU iPhone OS 9_1 like Mac OS X) AppleWebKit/601.1.46 (KHTML, like Gecko) Version/9.0 Mobile/13B143 Safari/601.1"
111.119.49.238 - - [15/Aug/2024:12:20:50 -0400] "GET /comic/lookism-chapter-514/ HTTP/1.1" 200 10578 "https://r.lookismmanga.com/comic/lookism-chapter-511/" "Mozilla/5.0 (Linux; Android 10; PPA-LX2; HMSCore 6.14.0.301) AppleWebKit/537.36 (KHTML, like Gecko) Chrome/99.0.4844.88 HuaweiBrowser/14.0.5.303 Mobile Safari/537.36"
162.0.232.193 - - [15/Aug/2024:12:20:50 -0400] "GET /comic/lookism-chapter-374/ HTTP/1.1" 200 12066 "-" "WP Rocket/Preload"
162.0.232.193 - - [15/Aug/2024:12:20:51 -0400] "GET /comic/lookism-chapter-374/ HTTP/1.1" 200 12066 "-" "WP Rocket/Preload Mozilla/5.0 (iPhone; CPU iPhone OS 9_1 like Mac OS X) AppleWebKit/601.1.46 (KHTML, like Gecko) Version/9.0 Mobile/13B143 Safari/601.1"
162.0.232.193 - - [15/Aug/2024:12:20:52 -0400] "GET /comic/lookism-chapter-364/ HTTP/1.1" 200 11421 "-" "WP Rocket/Preload"
162.0.232.193 - - [15/Aug/2024:12:20:54 -0400] "GET /comic/lookism-chapter-364/ HTTP/1.1" 200 11421 "-" "WP Rocket/Preload Mozilla/5.0 (iPhone; CPU iPhone OS 9_1 like Mac OS X) AppleWebKit/601.1.46 (KHTML, like Gecko) Version/9.0 Mobile/13B143 Safari/601.1"
52.156.77.150 - - [15/Aug/2024:12:20:54 -0400] "GET /comic/lookism-chapter-511/ HTTP/1.1" 200 11160 "-" "Mozilla/5.0 AppleWebKit/537.36 (KHTML, like Gecko); compatible; ChatGPT-User/1.0; +https://openai.com/bot"
162.0.232.193 - - [15/Aug/2024:12:20:55 -0400] "GET /comic/lookism-chapter-407/ HTTP/1.1" 200 11428 "-" "WP Rocket/Preload"
162.0.232.193 - - [15/Aug/2024:12:20:56 -0400] "GET /comic/lookism-chapter-407/ HTTP/1.1" 200 11425 "-" "WP Rocket/Preload Mozilla/5.0 (iPhone; CPU iPhone OS 9_1 like Mac OS X) AppleWebKit/601.1.46 (KHTML, like Gecko) Version/9.0 Mobile/13B143 Safari/601.1"
162.0.232.193 - - [15/Aug/2024:12:20:57 -0400] "GET /comic/lookism-chapter-30/ HTTP/1.1" 200 11571 "-" "WP Rocket/Preload"
162.0.232.193 - - [15/Aug/2024:12:20:58 -0400] "GET /comic/lookism-chapter-30/ HTTP/1.1" 200 11574 "-" "WP Rocket/Preload Mozilla/5.0 (iPhone; CPU iPhone OS 9_1 like Mac OS X) AppleWebKit/601.1.46 (KHTML, like Gecko) Version/9.0 Mobile/13B143 Safari/601.1"
54.251.209.226 - - [15/Aug/2024:12:20:59 -0400] "GET / HTTP/1.1" 200 11596 "https://duckduckgo.com/" "Mozilla/5.0 (Linux; Android 10; K) AppleWebKit/537.36 (KHTML, like Gecko) Chrome/115.0.0.0 Mobile Safari/537.36"
162.0.232.193 - - [15/Aug/2024:12:20:59 -0400] "GET /comic/lookism-chapter-333/ HTTP/1.1" 200 12951 "-" "WP Rocket/Preload"
162.0.232.193 - - [15/Aug/2024:12:21:00 -0400] "GET /comic/lookism-chapter-333/ HTTP/1.1" 200 12764 "-" "WP Rocket/Preload Mozilla/5.0 (iPhone; CPU iPhone OS 9_1 like Mac OS X) AppleWebKit/601.1.46 (KHTML, like Gecko) Version/9.0 Mobile/13B143 Safari/601.1"
162.0.232.193 - - [15/Aug/2024:12:21:01 -0400] "GET /comic/lookism-chapter-128/ HTTP/1.1" 200 11865 "-" "WP Rocket/Preload"
162.0.232.193 - - [15/Aug/2024:12:21:02 -0400] "GET /comic/lookism-chapter-128/ HTTP/1.1" 200 11865 "-" "WP Rocket/Preload Mozilla/5.0 (iPhone; CPU iPhone OS 9_1 like Mac OS X) AppleWebKit/601.1.46 (KHTML, like Gecko) Version/9.0 Mobile/13B143 Safari/601.1"
162.0.232.193 - - [15/Aug/2024:12:21:04 -0400] "GET /comic/lookism-chapter-157/ HTTP/1.1" 200 11905 "-" "WP Rocket/Preload"
162.0.232.193 - - [15/Aug/2024:12:21:05 -0400] "GET /comic/lookism-chapter-157/ HTTP/1.1" 200 11751 "-" "WP Rocket/Preload Mozilla/5.0 (iPhone; CPU iPhone OS 9_1 like Mac OS X) AppleWebKit/601.1.46 (KHTML, like Gecko) Version/9.0 Mobile/13B143 Safari/601.1"
162.0.232.193 - - [15/Aug/2024:12:21:06 -0400] "GET /comic/lookism-chapter-361/ HTTP/1.1" 200 11704 "-" "WP Rocket/Preload"
162.0.232.193 - - [15/Aug/2024:12:21:07 -0400] "GET /comic/lookism-chapter-361/ HTTP/1.1" 200 11882 "-" "WP Rocket/Preload Mozilla/5.0 (iPhone; CPU iPhone OS 9_1 like Mac OS X) AppleWebKit/601.1.46 (KHTML, like Gecko) Version/9.0 Mobile/13B143 Safari/601.1"
162.0.232.193 - - [15/Aug/2024:12:21:08 -0400] "GET /comic/lookism-chapter-502/ HTTP/1.1" 200 11462 "-" "WP Rocket/Preload"
162.0.232.193 - - [15/Aug/2024:12:21:09 -0400] "GET /comic/lookism-chapter-502/ HTTP/1.1" 200 11462 "-" "WP Rocket/Preload Mozilla/5.0 (iPhone; CPU iPhone OS 9_1 like Mac OS X) AppleWebKit/601.1.46 (KHTML, like Gecko) Version/9.0 Mobile/13B143 Safari/601.1"
142.55.3.13 - - [15/Aug/2024:12:21:34 -0400] "GET / HTTP/1.1" 200 11603 "https://www.bing.com/" "Mozilla/5.0 (Windows NT 10.0; Win64; x64) AppleWebKit/537.36 (KHTML, like Gecko) Chrome/127.0.0.0 Safari/537.36 Edg/127.0.0.0"
142.55.3.13 - - [15/Aug/2024:12:21:37 -0400] "GET /comic/lookism-chapter-513/ HTTP/1.1" 200 11063 "https://r.lookismmanga.com/" "Mozilla/5.0 (Windows NT 10.0; Win64; x64) AppleWebKit/537.36 (KHTML, like Gecko) Chrome/127.0.0.0 Safari/537.36 Edg/127.0.0.0"
142.55.3.13 - - [15/Aug/2024:12:21:37 -0400] "GET /comic/lookism-chapter-514/ HTTP/1.1" 304 0 "https://r.lookismmanga.com/" "Mozilla/5.0 (Windows NT 10.0; Win64; x64) AppleWebKit/537.36 (KHTML, like Gecko) Chrome/127.0.0.0 Safari/537.36 Edg/127.0.0.0"
76.67.121.66 - - [15/Aug/2024:12:21:40 -0400] "GET / HTTP/1.1" 200 11596 "https://duckduckgo.com/" "Mozilla/5.0 (iPhone; CPU iPhone OS 17_5_1 like Mac OS X) AppleWebKit/605.1.15 (KHTML, like Gecko) Version/17.5 Mobile/15E148 Safari/604.1 Ddg/17.5"
76.67.121.66 - - [15/Aug/2024:12:21:41 -0400] "GET /wp-content/themes/toivo-lite/fonts/genericons/genericons/Genericons.svg HTTP/1.1" 200 23714 "https://r.lookismmanga.com/" "Mozilla/5.0 (iPhone; CPU iPhone OS 17_5_1 like Mac OS X) AppleWebKit/605.1.15 (KHTML, like Gecko) Version/17.5 Mobile/15E148 Safari/604.1 Ddg/17.5"
76.67.121.66 - - [15/Aug/2024:12:21:41 -0400] "GET /favicon.ico HTTP/1.1" 302 0 "-" "NetworkingExtension/8618.2.12.10.9 CFNetwork/1496.0.7 Darwin/23.5.0"
162.0.232.193 - - [15/Aug/2024:12:21:41 -0400] "POST /wp-cron.php?doing_wp_cron=1723738901.3419489860534667968750 HTTP/1.1" 200 0 "-" "WordPress/6.5.5; https://r.lookismmanga.com"
162.0.232.193 - - [15/Aug/2024:12:21:41 -0400] "POST /wp-cron.php?doing_wp_cron=1723738901.3419311046600341796875 HTTP/1.1" 200 0 "-" "WordPress/6.5.5; https://r.lookismmanga.com"
76.67.121.66 - - [15/Aug/2024:12:21:41 -0400] "GET / HTTP/1.1" 200 11400 "-" "Mozilla/5.0 (Macintosh; Intel Mac OS X 10_11_1) AppleWebKit/601.2.4 (KHTML, like Gecko) Version/9.0.1 Safari/601.2.4 facebookexternalhit/1.1 Facebot Twitterbot/1.0"
76.67.121.66 - - [15/Aug/2024:12:21:41 -0400] "GET /apple-touch-icon.png HTTP/1.1" 301 0 "-" "NetworkingExtension/8618.2.12.10.9 CFNetwork/1496.0.7 Darwin/23.5.0"
76.67.121.66 - - [15/Aug/2024:12:21:41 -0400] "GET /apple-touch-icon-precomposed.png HTTP/1.1" 301 0 "-" "NetworkingExtension/8618.2.12.10.9 CFNetwork/1496.0.7 Darwin/23.5.0"
76.67.121.66 - - [15/Aug/2024:12:21:42 -0400] "GET / HTTP/1.1" 200 0 "-" "NetworkingExtension/8618.2.12.10.9 CFNetwork/1496.0.7 Darwin/23.5.0"
76.67.121.66 - - [15/Aug/2024:12:21:42 -0400] "GET / HTTP/1.1" 200 0 "-" "NetworkingExtension/8618.2.12.10.9 CFNetwork/1496.0.7 Darwin/23.5.0"
162.0.232.193 - - [15/Aug/2024:12:21:42 -0400] "GET /comic/lookism-chapter-501/ HTTP/1.1" 200 11222 "-" "WP Rocket/Preload"
162.0.232.193 - - [15/Aug/2024:12:21:42 -0400] "GET /comic/lookism-chapter-501/ HTTP/1.1" 200 11422 "-" "WP Rocket/Preload Mozilla/5.0 (iPhone; CPU iPhone OS 9_1 like Mac OS X) AppleWebKit/601.1.46 (KHTML, like Gecko) Version/9.0 Mobile/13B143 Safari/601.1"
162.0.232.193 - - [15/Aug/2024:12:21:44 -0400] "GET /comic/lookism-chapter-491-2/ HTTP/1.1" 200 11540 "-" "WP Rocket/Preload"
162.0.232.193 - - [15/Aug/2024:12:21:45 -0400] "GET /comic/lookism-chapter-491-2/ HTTP/1.1" 200 11403 "-" "WP Rocket/Preload Mozilla/5.0 (iPhone; CPU iPhone OS 9_1 like Mac OS X) AppleWebKit/601.1.46 (KHTML, like Gecko) Version/9.0 Mobile/13B143 Safari/601.1"
162.0.232.193 - - [15/Aug/2024:12:21:46 -0400] "GET /comic/lookism-chapter-490-2/ HTTP/1.1" 200 11501 "-" "WP Rocket/Preload"
162.0.232.193 - - [15/Aug/2024:12:21:47 -0400] "GET /comic/lookism-chapter-490-2/ HTTP/1.1" 200 11525 "-" "WP Rocket/Preload Mozilla/5.0 (iPhone; CPU iPhone OS 9_1 like Mac OS X) AppleWebKit/601.1.46 (KHTML, like Gecko) Version/9.0 Mobile/13B143 Safari/601.1"
162.0.232.193 - - [15/Aug/2024:12:21:47 -0400] "GET /comic/lookism-chapter-486/ HTTP/1.1" 200 11476 "-" "WP Rocket/Preload"
2a06:98c0:3600::103 - - [15/Aug/2024:12:21:48 -0400] "GET /favicon.ico HTTP/1.1" 302 0 "https://www.ecosia.org/" "Mozilla/5.0 (iPhone; CPU iPhone OS 16_7_8 like Mac OS X) AppleWebKit/605.1.15 (KHTML, like Gecko) Version/16.7.8 Mobile/15E148 Safari/605.1.15 (Ecosia [email protected])"
2a06:98c0:3600::103 - - [15/Aug/2024:12:21:49 -0400] "GET /wp-content/uploads/2024/02/cropped-if-the-anime-continues-and-reaches-the-point-of-current-v0-frhh1uf0zj5a1-32x32.webp HTTP/1.1" 200 438 "https://www.ecosia.org/" "Mozilla/5.0 (iPhone; CPU iPhone OS 16_7_8 like Mac OS X) AppleWebKit/605.1.15 (KHTML, like Gecko) Version/16.7.8 Mobile/15E148 Safari/605.1.15 (Ecosia [email protected])"
162.0.232.193 - - [15/Aug/2024:12:21:49 -0400] "GET /comic/lookism-chapter-486/ HTTP/1.1" 200 11476 "-" "WP Rocket/Preload Mozilla/5.0 (iPhone; CPU iPhone OS 9_1 like Mac OS X) AppleWebKit/601.1.46 (KHTML, like Gecko) Version/9.0 Mobile/13B143 Safari/601.1"
162.0.232.193 - - [15/Aug/2024:12:21:50 -0400] "GET /comic/lookism-chapter-483/ HTTP/1.1" 200 11572 "-" "WP Rocket/Preload"
162.0.232.193 - - [15/Aug/2024:12:21:51 -0400] "GET /comic/lookism-chapter-483/ HTTP/1.1" 200 11573 "-" "WP Rocket/Preload Mozilla/5.0 (iPhone; CPU iPhone OS 9_1 like Mac OS X) AppleWebKit/601.1.46 (KHTML, like Gecko) Version/9.0 Mobile/13B143 Safari/601.1"
162.0.232.193 - - [15/Aug/2024:12:21:52 -0400] "GET /comic/lookism-chapter-479/ HTTP/1.1" 200 11608 "-" "WP Rocket/Preload"
162.0.232.193 - - [15/Aug/2024:12:21:53 -0400] "GET /comic/lookism-chapter-479/ HTTP/1.1" 200 11607 "-" "WP Rocket/Preload Mozilla/5.0 (iPhone; CPU iPhone OS 9_1 like Mac OS X) AppleWebKit/601.1.46 (KHTML, like Gecko) Version/9.0 Mobile/13B143 Safari/601.1"
162.0.232.193 - - [15/Aug/2024:12:21:54 -0400] "GET /comic/lookism-chapter-475/ HTTP/1.1" 200 11507 "-" "WP Rocket/Preload"
162.0.232.193 - - [15/Aug/2024:12:21:55 -0400] "GET /comic/lookism-chapter-475/ HTTP/1.1" 200 11098 "-" "WP Rocket/Preload Mozilla/5.0 (iPhone; CPU iPhone OS 9_1 like Mac OS X) AppleWebKit/601.1.46 (KHTML, like Gecko) Version/9.0 Mobile/13B143 Safari/601.1"
162.0.232.193 - - [15/Aug/2024:12:21:56 -0400] "GET /comic/lookism-chapter-4/ HTTP/1.1" 200 11175 "-" "WP Rocket/Preload"
162.0.232.193 - - [15/Aug/2024:12:21:57 -0400] "GET /comic/lookism-chapter-4/ HTTP/1.1" 200 11337 "-" "WP Rocket/Preload Mozilla/5.0 (iPhone; CPU iPhone OS 9_1 like Mac OS X) AppleWebKit/601.1.46 (KHTML, like Gecko) Version/9.0 Mobile/13B143 Safari/601.1"
162.0.232.193 - - [15/Aug/2024:12:21:58 -0400] "GET /comic/lookism-chapter-254/ HTTP/1.1" 200 13080 "-" "WP Rocket/Preload"
66.249.68.64 - - [15/Aug/2024:12:21:59 -0400] "GET /comic/lookism-chapter-66/ HTTP/1.1" 200 11751 "-" "Mozilla/5.0 (Linux; Android 6.0.1; Nexus 5X Build/MMB29P) AppleWebKit/537.36 (KHTML, like Gecko) Chrome/127.0.6533.99 Mobile Safari/537.36 (compatible; Googlebot/2.1; +http://www.google.com/bot.html)"
162.0.232.193 - - [15/Aug/2024:12:21:59 -0400] "GET /comic/lookism-chapter-254/ HTTP/1.1" 200 13079 "-" "WP Rocket/Preload Mozilla/5.0 (iPhone; CPU iPhone OS 9_1 like Mac OS X) AppleWebKit/601.1.46 (KHTML, like Gecko) Version/9.0 Mobile/13B143 Safari/601.1"
162.0.232.193 - - [15/Aug/2024:12:22:00 -0400] "GET /comic/lookism-chapter-270/ HTTP/1.1" 200 13182 "-" "WP Rocket/Preload"
162.0.232.193 - - [15/Aug/2024:12:22:01 -0400] "GET /comic/lookism-chapter-270/ HTTP/1.1" 200 12992 "-" "WP Rocket/Preload Mozilla/5.0 (iPhone; CPU iPhone OS 9_1 like Mac OS X) AppleWebKit/601.1.46 (KHTML, like Gecko) Version/9.0 Mobile/13B143 Safari/601.1"
162.0.232.193 - - [15/Aug/2024:12:22:03 -0400] "GET /comic/lookism-chapter-276/ HTTP/1.1" 200 12996 "-" "WP Rocket/Preload"
162.0.232.193 - - [15/Aug/2024:12:22:04 -0400] "GET /comic/lookism-chapter-276/ HTTP/1.1" 200 12994 "-" "WP Rocket/Preload Mozilla/5.0 (iPhone; CPU iPhone OS 9_1 like Mac OS X) AppleWebKit/601.1.46 (KHTML, like Gecko) Version/9.0 Mobile/13B143 Safari/601.1"
66.249.68.66 - - [15/Aug/2024:12:22:04 -0400] "POST /wp-admin/admin-ajax.php HTTP/1.1" 200 69 "https://r.lookismmanga.com/comic/lookism-chapter-66/" "Mozilla/5.0 (Linux; Android 6.0.1; Nexus 5X Build/MMB29P) AppleWebKit/537.36 (KHTML, like Gecko) Chrome/126.0.6478.182 Mobile Safari/537.36 (compatible; Googlebot/2.1; +http://www.google.com/bot.html)"
162.0.232.193 - - [15/Aug/2024:12:22:05 -0400] "GET /comic/lookism-chapter-277/ HTTP/1.1" 200 13214 "-" "WP Rocket/Preload"
162.0.232.193 - - [15/Aug/2024:12:22:06 -0400] "GET /comic/lookism-chapter-277/ HTTP/1.1" 200 13218 "-" "WP Rocket/Preload Mozilla/5.0 (iPhone; CPU iPhone OS 9_1 like Mac OS X) AppleWebKit/601.1.46 (KHTML, like Gecko) Version/9.0 Mobile/13B143 Safari/601.1"
151.36.214.24 - - [15/Aug/2024:12:22:30 -0400] "GET / HTTP/1.1" 200 11596 "-" "Mozilla/5.0 (Linux; Android 13; SM-A127F Build/TP1A.220624.014; wv) AppleWebKit/537.36 (KHTML, like Gecko) Version/4.0 Chrome/127.0.6533.103 Mobile Safari/537.36"
151.36.214.24 - - [15/Aug/2024:12:22:34 -0400] "GET / HTTP/1.1" 304 0 "https://r.lookismmanga.com/" "Mozilla/5.0 (Linux; Android 13; SM-A127F Build/TP1A.220624.014; wv) AppleWebKit/537.36 (KHTML, like Gecko) Version/4.0 Chrome/127.0.6533.103 Mobile Safari/537.36"
151.36.214.24 - - [15/Aug/2024:12:22:34 -0400] "GET /comic/lookism-chapter-510-1/ HTTP/1.1" 200 11146 "https://r.lookismmanga.com/" "Mozilla/5.0 (Linux; Android 13; SM-A127F Build/TP1A.220624.014; wv) AppleWebKit/537.36 (KHTML, like Gecko) Version/4.0 Chrome/127.0.6533.103 Mobile Safari/537.36"
162.0.232.193 - - [15/Aug/2024:12:23:02 -0400] "POST /wp-cron.php?doing_wp_cron=1723738981.7895638942718505859375 HTTP/1.1" 200 0 "-" "WordPress/6.5.5; https://r.lookismmanga.com"
66.249.68.64 - - [15/Aug/2024:12:23:01 -0400] "GET /lookism/lookism-chapter-426/ HTTP/1.1" 301 0 "-" "Mozilla/5.0 (Linux; Android 6.0.1; Nexus 5X Build/MMB29P) AppleWebKit/537.36 (KHTML, like Gecko) Chrome/127.0.6533.119 Mobile Safari/537.36 (compatible; Googlebot/2.1; +http://www.google.com/bot.html)"
66.249.68.64 - - [15/Aug/2024:12:23:02 -0400] "GET / HTTP/1.1" 200 11596 "-" "Mozilla/5.0 (Linux; Android 6.0.1; Nexus 5X Build/MMB29P) AppleWebKit/537.36 (KHTML, like Gecko) Chrome/127.0.6533.119 Mobile Safari/537.36 (compatible; Googlebot/2.1; +http://www.google.com/bot.html)"
162.0.232.193 - - [15/Aug/2024:12:23:02 -0400] "GET /comic/lookism-chapter-280/ HTTP/1.1" 200 13477 "-" "WP Rocket/Preload"
162.0.232.193 - - [15/Aug/2024:12:23:04 -0400] "GET /comic/lookism-chapter-280/ HTTP/1.1" 200 13505 "-" "WP Rocket/Preload Mozilla/5.0 (iPhone; CPU iPhone OS 9_1 like Mac OS X) AppleWebKit/601.1.46 (KHTML, like Gecko) Version/9.0 Mobile/13B143 Safari/601.1"
162.0.232.193 - - [15/Aug/2024:12:23:05 -0400] "GET /comic/lookism-chapter-282/ HTTP/1.1" 200 13519 "-" "WP Rocket/Preload"
162.0.232.193 - - [15/Aug/2024:12:23:06 -0400] "GET /comic/lookism-chapter-282/ HTTP/1.1" 200 13595 "-" "WP Rocket/Preload Mozilla/5.0 (iPhone; CPU iPhone OS 9_1 like Mac OS X) AppleWebKit/601.1.46 (KHTML, like Gecko) Version/9.0 Mobile/13B143 Safari/601.1"
162.0.232.193 - - [15/Aug/2024:12:23:07 -0400] "GET /comic/lookism-chapter-284/ HTTP/1.1" 200 13584 "-" "WP Rocket/Preload"
162.0.232.193 - - [15/Aug/2024:12:23:08 -0400] "GET /comic/lookism-chapter-284/ HTTP/1.1" 200 13600 "-" "WP Rocket/Preload Mozilla/5.0 (iPhone; CPU iPhone OS 9_1 like Mac OS X) AppleWebKit/601.1.46 (KHTML, like Gecko) Version/9.0 Mobile/13B143 Safari/601.1"
162.0.232.193 - - [15/Aug/2024:12:23:10 -0400] "GET /comic/lookism-chapter-267/ HTTP/1.1" 200 12896 "-" "WP Rocket/Preload"
162.0.232.193 - - [15/Aug/2024:12:23:11 -0400] "GET /comic/lookism-chapter-267/ HTTP/1.1" 200 12860 "-" "WP Rocket/Preload Mozilla/5.0 (iPhone; CPU iPhone OS 9_1 like Mac OS X) AppleWebKit/601.1.46 (KHTML, like Gecko) Version/9.0 Mobile/13B143 Safari/601.1"
151.36.214.24 - - [15/Aug/2024:12:23:12 -0400] "GET / HTTP/1.1" 304 0 "https://r.lookismmanga.com/" "Mozilla/5.0 (Linux; Android 13; SM-A127F Build/TP1A.220624.014; wv) AppleWebKit/537.36 (KHTML, like Gecko) Version/4.0 Chrome/127.0.6533.103 Mobile Safari/537.36"
162.0.232.193 - - [15/Aug/2024:12:23:12 -0400] "GET /comic/lookism-chapter-257/ HTTP/1.1" 200 12892 "-" "WP Rocket/Preload"
162.0.232.193 - - [15/Aug/2024:12:23:13 -0400] "GET /comic/lookism-chapter-257/ HTTP/1.1" 200 12852 "-" "WP Rocket/Preload Mozilla/5.0 (iPhone; CPU iPhone OS 9_1 like Mac OS X) AppleWebKit/601.1.46 (KHTML, like Gecko) Version/9.0 Mobile/13B143 Safari/601.1"
162.0.232.193 - - [15/Aug/2024:12:23:14 -0400] "GET /comic/lookism-chapter-259/ HTTP/1.1" 200 12470 "-" "WP Rocket/Preload"
162.0.232.193 - - [15/Aug/2024:12:23:16 -0400] "GET /comic/lookism-chapter-259/ HTTP/1.1" 200 12489 "-" "WP Rocket/Preload Mozilla/5.0 (iPhone; CPU iPhone OS 9_1 like Mac OS X) AppleWebKit/601.1.46 (KHTML, like Gecko) Version/9.0 Mobile/13B143 Safari/601.1"
162.0.232.193 - - [15/Aug/2024:12:23:17 -0400] "GET /comic/lookism-chapter-261/ HTTP/1.1" 200 13071 "-" "WP Rocket/Preload"
151.36.214.24 - - [15/Aug/2024:12:23:17 -0400] "GET /comic/lookism-chapter-514/ HTTP/1.1" 200 10578 "https://r.lookismmanga.com/" "Mozilla/5.0 (Linux; Android 13; SM-A127F Build/TP1A.220624.014; wv) AppleWebKit/537.36 (KHTML, like Gecko) Version/4.0 Chrome/127.0.6533.103 Mobile Safari/537.36"
151.36.214.24 - - [15/Aug/2024:12:23:18 -0400] "GET /wp-content/plugins/wp-automatic/css/wp-automatic.css?ver=1.0.0 HTTP/1.1" 200 537 "https://r.lookismmanga.com/comic/lookism-chapter-514/" "Mozilla/5.0 (Linux; Android 13; SM-A127F Build/TP1A.220624.014; wv) AppleWebKit/537.36 (KHTML, like Gecko) Version/4.0 Chrome/127.0.6533.103 Mobile Safari/537.36"
151.36.214.24 - - [15/Aug/2024:12:23:18 -0400] "GET /wp-content/plugins/wp-automatic/js/main-front.js?ver=6.5.5 HTTP/1.1" 200 316 "https://r.lookismmanga.com/comic/lookism-chapter-514/" "Mozilla/5.0 (Linux; Android 13; SM-A127F Build/TP1A.220624.014; wv) AppleWebKit/537.36 (KHTML, like Gecko) Version/4.0 Chrome/127.0.6533.103 Mobile Safari/537.36"
162.0.232.193 - - [15/Aug/2024:12:23:18 -0400] "GET /comic/lookism-chapter-261/ HTTP/1.1" 200 12992 "-" "WP Rocket/Preload Mozilla/5.0 (iPhone; CPU iPhone OS 9_1 like Mac OS X) AppleWebKit/601.1.46 (KHTML, like Gecko) Version/9.0 Mobile/13B143 Safari/601.1"
151.36.214.24 - - [15/Aug/2024:12:23:18 -0400] "GET /wp-content/plugins/disqus-comment-system/public/js/comment_count.js?ver=3.1.1 HTTP/1.1" 200 354 "https://r.lookismmanga.com/comic/lookism-chapter-514/" "Mozilla/5.0 (Linux; Android 13; SM-A127F Build/TP1A.220624.014; wv) AppleWebKit/537.36 (KHTML, like Gecko) Version/4.0 Chrome/127.0.6533.103 Mobile Safari/537.36"
162.0.232.193 - - [15/Aug/2024:12:23:19 -0400] "GET /comic/lookism-chapter-264/ HTTP/1.1" 200 13013 "-" "WP Rocket/Preload"
66.249.68.64 - - [15/Aug/2024:12:23:20 -0400] "GET /lookism/lookism-chapter-426/ HTTP/1.1" 301 0 "-" "Googlebot-Image/1.0"
162.0.232.193 - - [15/Aug/2024:12:23:20 -0400] "GET /comic/lookism-chapter-264/ HTTP/1.1" 200 13013 "-" "WP Rocket/Preload Mozilla/5.0 (iPhone; CPU iPhone OS 9_1 like Mac OS X) AppleWebKit/601.1.46 (KHTML, like Gecko) Version/9.0 Mobile/13B143 Safari/601.1"
162.0.232.193 - - [15/Aug/2024:12:23:21 -0400] "GET /comic/lookism-chapter-265/ HTTP/1.1" 200 13011 "-" "WP Rocket/Preload"
87.1.43.3 - - [15/Aug/2024:12:23:22 -0400] "GET / HTTP/1.1" 200 11603 "https://www.bing.com/" "Mozilla/5.0 (Windows NT 10.0; Win64; x64) AppleWebKit/537.36 (KHTML, like Gecko) Chrome/125.0.0.0 Safari/537.36 Edg/125.0.0.0"
162.0.232.193 - - [15/Aug/2024:12:23:23 -0400] "GET /comic/lookism-chapter-265/ HTTP/1.1" 200 13013 "-" "WP Rocket/Preload Mozilla/5.0 (iPhone; CPU iPhone OS 9_1 like Mac OS X) AppleWebKit/601.1.46 (KHTML, like Gecko) Version/9.0 Mobile/13B143 Safari/601.1"
162.0.232.193 - - [15/Aug/2024:12:23:24 -0400] "GET /comic/lookism-chapter-312/ HTTP/1.1" 200 13670 "-" "WP Rocket/Preload"
162.0.232.193 - - [15/Aug/2024:12:23:25 -0400] "GET /comic/lookism-chapter-312/ HTTP/1.1" 200 13671 "-" "WP Rocket/Preload Mozilla/5.0 (iPhone; CPU iPhone OS 9_1 like Mac OS X) AppleWebKit/601.1.46 (KHTML, like Gecko) Version/9.0 Mobile/13B143 Safari/601.1"
87.1.43.3 - - [15/Aug/2024:12:23:25 -0400] "GET / HTTP/1.1" 304 0 "https://r.lookismmanga.com/" "Mozilla/5.0 (Windows NT 10.0; Win64; x64) AppleWebKit/537.36 (KHTML, like Gecko) Chrome/125.0.0.0 Safari/537.36 Edg/125.0.0.0"
87.1.43.3 - - [15/Aug/2024:12:23:26 -0400] "GET /comic/lookism-chapter-513/ HTTP/1.1" 200 11063 "https://r.lookismmanga.com/" "Mozilla/5.0 (Windows NT 10.0; Win64; x64) AppleWebKit/537.36 (KHTML, like Gecko) Chrome/125.0.0.0 Safari/537.36 Edg/125.0.0.0"
87.1.43.3 - - [15/Aug/2024:12:23:27 -0400] "GET /comic/lookism-chapter-511/ HTTP/1.1" 200 11103 "https://r.lookismmanga.com/" "Mozilla/5.0 (Windows NT 10.0; Win64; x64) AppleWebKit/537.36 (KHTML, like Gecko) Chrome/125.0.0.0 Safari/537.36 Edg/125.0.0.0"
117.254.17.15 - - [15/Aug/2024:12:24:12 -0400] "GET / HTTP/1.1" 304 0 "https://www.bing.com/" "Mozilla/5.0 (Windows NT 10.0; Win64; x64) AppleWebKit/537.36 (KHTML, like Gecko) Chrome/127.0.0.0 Safari/537.36 Edg/127.0.0.0"
1.53.222.115 - - [15/Aug/2024:12:25:19 -0400] "GET / HTTP/1.1" 200 11603 "https://www.bing.com/" "Mozilla/5.0 (Macintosh; Intel Mac OS X 10_15_7) AppleWebKit/537.36 (KHTML, like Gecko) Chrome/127.0.0.0 Safari/537.36"
1.53.222.115 - - [15/Aug/2024:12:25:22 -0400] "GET /comic/lookism-chapter-513/ HTTP/1.1" 200 11110 "https://r.lookismmanga.com/" "Mozilla/5.0 (Macintosh; Intel Mac OS X 10_15_7) AppleWebKit/537.36 (KHTML, like Gecko) Chrome/127.0.0.0 Safari/537.36"
1.53.222.115 - - [15/Aug/2024:12:25:23 -0400] "GET /comic/lookism-chapter-514/ HTTP/1.1" 200 10596 "https://r.lookismmanga.com/" "Mozilla/5.0 (Macintosh; Intel Mac OS X 10_15_7) AppleWebKit/537.36 (KHTML, like Gecko) Chrome/127.0.0.0 Safari/537.36"
119.94.163.149 - - [15/Aug/2024:12:25:36 -0400] "GET /comic/lookism-chapter-511/ HTTP/1.1" 200 11103 "https://search.yahoo.com/" "Mozilla/5.0 (Linux; Android 10; K) AppleWebKit/537.36 (KHTML, like Gecko) Chrome/124.0.0.0 Mobile Safari/537.36"
119.94.163.149 - - [15/Aug/2024:12:25:37 -0400] "GET /wp-content/uploads/2024/02/MV5BMmI0NjY3NWYtMjEyYi00MjBlLWE4NDktNzNjZWNjMGUyY2U2XkEyXkFqcGdeQXVyMTUzNjM4ODE1._V1_-1024x576.jpg HTTP/1.1" 200 70245 "https://r.lookismmanga.com/comic/lookism-chapter-511/" "Mozilla/5.0 (Linux; Android 10; K) AppleWebKit/537.36 (KHTML, like Gecko) Chrome/124.0.0.0 Mobile Safari/537.36"
162.0.232.193 - - [15/Aug/2024:12:25:37 -0400] "POST /wp-cron.php?doing_wp_cron=1723739137.3728160858154296875000 HTTP/1.1" 200 0 "-" "WordPress/6.5.5; https://r.lookismmanga.com"
119.94.163.149 - - [15/Aug/2024:12:25:38 -0400] "GET /tag/lookism-webtoon/ HTTP/1.1" 301 0 "https://r.lookismmanga.com/comic/lookism-chapter-511/" "Mozilla/5.0 (Linux; Android 10; K) AppleWebKit/537.36 (KHTML, like Gecko) Chrome/124.0.0.0 Mobile Safari/537.36"
162.0.232.193 - - [15/Aug/2024:12:25:38 -0400] "GET /comic/lookism-chapter-313/ HTTP/1.1" 200 13455 "-" "WP Rocket/Preload"
119.94.163.149 - - [15/Aug/2024:12:25:37 -0400] "POST /wp-admin/admin-ajax.php HTTP/1.1" 200 69 "https://r.lookismmanga.com/comic/lookism-chapter-511/" "Mozilla/5.0 (Linux; Android 10; K) AppleWebKit/537.36 (KHTML, like Gecko) Chrome/124.0.0.0 Mobile Safari/537.36"
119.94.163.149 - - [15/Aug/2024:12:25:38 -0400] "GET / HTTP/1.1" 200 11596 "https://r.lookismmanga.com/" "Mozilla/5.0 (Linux; Android 10; K) AppleWebKit/537.36 (KHTML, like Gecko) Chrome/124.0.0.0 Mobile Safari/537.36"
162.0.232.193 - - [15/Aug/2024:12:25:39 -0400] "GET /comic/lookism-chapter-313/ HTTP/1.1" 200 13455 "-" "WP Rocket/Preload Mozilla/5.0 (iPhone; CPU iPhone OS 9_1 like Mac OS X) AppleWebKit/601.1.46 (KHTML, like Gecko) Version/9.0 Mobile/13B143 Safari/601.1"
119.94.163.149 - - [15/Aug/2024:12:25:40 -0400] "GET /comic/lookism-chapter-514/ HTTP/1.1" 200 10578 "https://r.lookismmanga.com/comic/lookism-chapter-511/" "Mozilla/5.0 (Linux; Android 10; K) AppleWebKit/537.36 (KHTML, like Gecko) Chrome/124.0.0.0 Mobile Safari/537.36"
162.0.232.193 - - [15/Aug/2024:12:25:40 -0400] "GET /comic/lookism-chapter-314/ HTTP/1.1" 200 13105 "-" "WP Rocket/Preload"
162.0.232.193 - - [15/Aug/2024:12:25:41 -0400] "GET /comic/lookism-chapter-314/ HTTP/1.1" 200 13106 "-" "WP Rocket/Preload Mozilla/5.0 (iPhone; CPU iPhone OS 9_1 like Mac OS X) AppleWebKit/601.1.46 (KHTML, like Gecko) Version/9.0 Mobile/13B143 Safari/601.1"
162.0.232.193 - - [15/Aug/2024:12:25:42 -0400] "GET /comic/lookism-chapter-298/ HTTP/1.1" 200 13288 "-" "WP Rocket/Preload"
162.0.232.193 - - [15/Aug/2024:12:25:44 -0400] "GET /comic/lookism-chapter-298/ HTTP/1.1" 200 13289 "-" "WP Rocket/Preload Mozilla/5.0 (iPhone; CPU iPhone OS 9_1 like Mac OS X) AppleWebKit/601.1.46 (KHTML, like Gecko) Version/9.0 Mobile/13B143 Safari/601.1"
162.0.232.193 - - [15/Aug/2024:12:25:45 -0400] "GET /comic/lookism-chapter-78/ HTTP/1.1" 200 11615 "-" "WP Rocket/Preload"
162.0.232.193 - - [15/Aug/2024:12:25:46 -0400] "GET /comic/lookism-chapter-78/ HTTP/1.1" 200 11451 "-" "WP Rocket/Preload Mozilla/5.0 (iPhone; CPU iPhone OS 9_1 like Mac OS X) AppleWebKit/601.1.46 (KHTML, like Gecko) Version/9.0 Mobile/13B143 Safari/601.1"
162.0.232.193 - - [15/Aug/2024:12:25:48 -0400] "GET /comic/lookism-chapter-324/ HTTP/1.1" 200 13049 "-" "WP Rocket/Preload"
162.0.232.193 - - [15/Aug/2024:12:25:49 -0400] "GET /comic/lookism-chapter-324/ HTTP/1.1" 200 13048 "-" "WP Rocket/Preload Mozilla/5.0 (iPhone; CPU iPhone OS 9_1 like Mac OS X) AppleWebKit/601.1.46 (KHTML, like Gecko) Version/9.0 Mobile/13B143 Safari/601.1"
162.0.232.193 - - [15/Aug/2024:12:25:50 -0400] "GET /comic/lookism-chapter-226/ HTTP/1.1" 200 13206 "-" "WP Rocket/Preload"
162.0.232.193 - - [15/Aug/2024:12:25:52 -0400] "GET /comic/lookism-chapter-226/ HTTP/1.1" 200 13206 "-" "WP Rocket/Preload Mozilla/5.0 (iPhone; CPU iPhone OS 9_1 like Mac OS X) AppleWebKit/601.1.46 (KHTML, like Gecko) Version/9.0 Mobile/13B143 Safari/601.1"
162.0.232.193 - - [15/Aug/2024:12:25:53 -0400] "GET /comic/lookism-chapter-472/ HTTP/1.1" 200 11585 "-" "WP Rocket/Preload"
162.0.232.193 - - [15/Aug/2024:12:25:54 -0400] "GET /comic/lookism-chapter-472/ HTTP/1.1" 200 11585 "-" "WP Rocket/Preload Mozilla/5.0 (iPhone; CPU iPhone OS 9_1 like Mac OS X) AppleWebKit/601.1.46 (KHTML, like Gecko) Version/9.0 Mobile/13B143 Safari/601.1"
162.0.232.193 - - [15/Aug/2024:12:25:55 -0400] "GET /comic/lookism-chapter-459/ HTTP/1.1" 200 11830 "-" "WP Rocket/Preload"
162.0.232.193 - - [15/Aug/2024:12:25:56 -0400] "GET /comic/lookism-chapter-459/ HTTP/1.1" 200 11833 "-" "WP Rocket/Preload Mozilla/5.0 (iPhone; CPU iPhone OS 9_1 like Mac OS X) AppleWebKit/601.1.46 (KHTML, like Gecko) Version/9.0 Mobile/13B143 Safari/601.1"
162.0.232.193 - - [15/Aug/2024:12:25:57 -0400] "GET /comic/lookism-chapter-172/ HTTP/1.1" 200 12449 "-" "WP Rocket/Preload"
162.0.232.193 - - [15/Aug/2024:12:25:59 -0400] "GET /comic/lookism-chapter-172/ HTTP/1.1" 200 12451 "-" "WP Rocket/Preload Mozilla/5.0 (iPhone; CPU iPhone OS 9_1 like Mac OS X) AppleWebKit/601.1.46 (KHTML, like Gecko) Version/9.0 Mobile/13B143 Safari/601.1"
162.0.232.193 - - [15/Aug/2024:12:26:00 -0400] "GET /comic/lookism-chapter-426/ HTTP/1.1" 200 11643 "-" "WP Rocket/Preload"
162.0.232.193 - - [15/Aug/2024:12:26:01 -0400] "GET /comic/lookism-chapter-426/ HTTP/1.1" 200 11643 "-" "WP Rocket/Preload Mozilla/5.0 (iPhone; CPU iPhone OS 9_1 like Mac OS X) AppleWebKit/601.1.46 (KHTML, like Gecko) Version/9.0 Mobile/13B143 Safari/601.1"
119.94.163.149 - - [15/Aug/2024:12:26:12 -0400] "GET /comic/lookism-chapter-514/ HTTP/1.1" 304 0 "https://r.lookismmanga.com/comic/lookism-chapter-511/" "Mozilla/5.0 (Linux; Android 10; K) AppleWebKit/537.36 (KHTML, like Gecko) Chrome/124.0.0.0 Mobile Safari/537.36"
162.0.232.193 - - [15/Aug/2024:12:26:17 -0400] "POST /wp-cron.php?doing_wp_cron=1723739177.1695199012756347656250 HTTP/1.1" 200 0 "-" "WordPress/6.5.5; https://r.lookismmanga.com"
66.249.68.64 - - [15/Aug/2024:12:26:16 -0400] "GET /lookism/lookism-chapter-309/ HTTP/1.1" 301 0 "-" "Mozilla/5.0 (Linux; Android 6.0.1; Nexus 5X Build/MMB29P) AppleWebKit/537.36 (KHTML, like Gecko) Chrome/127.0.6533.119 Mobile Safari/537.36 (compatible; Googlebot/2.1; +http://www.google.com/bot.html)"
66.249.68.66 - - [15/Aug/2024:12:26:17 -0400] "GET / HTTP/1.1" 200 11596 "-" "Mozilla/5.0 (Linux; Android 6.0.1; Nexus 5X Build/MMB29P) AppleWebKit/537.36 (KHTML, like Gecko) Chrome/127.0.6533.119 Mobile Safari/537.36 (compatible; Googlebot/2.1; +http://www.google.com/bot.html)"
124.106.203.104 - - [15/Aug/2024:12:26:24 -0400] "GET /comic/lookism-chapter-498/ HTTP/1.1" 200 11074 "https://r.lookismmanga.com/" "Mozilla/5.0 (Linux; Android 12; M2007J20CG) AppleWebKit/537.36 (KHTML, like Gecko) Chrome/114.0.0.0 Mobile Safari/537.36"
66.249.68.65 - - [15/Aug/2024:12:26:25 -0400] "GET /lookism/lookism-chapter-309/ HTTP/1.1" 301 0 "-" "Googlebot-Image/1.0"
119.94.163.149 - - [15/Aug/2024:12:26:50 -0400] "GET /comic/lookism-chapter-514/ HTTP/1.1" 304 0 "https://r.lookismmanga.com/" "Mozilla/5.0 (Linux; Android 10; K) AppleWebKit/537.36 (KHTML, like Gecko) Chrome/124.0.0.0 Mobile Safari/537.36"
40.77.167.70 - - [15/Aug/2024:12:27:35 -0400] "GET / HTTP/1.1" 200 11603 "-" "Mozilla/5.0 AppleWebKit/537.36 (KHTML, like Gecko; compatible; bingbot/2.0; +http://www.bing.com/bingbot.htm) Chrome/116.0.1938.76 Safari/537.36"
2409:40f2:1015:3a6d:d74f:67bf:6033:9450 - - [15/Aug/2024:12:27:58 -0400] "GET / HTTP/1.1" 304 0 "-" "Mozilla/5.0 (Linux; Android 11; CPH1937 Build/RKQ1.200903.002; wv) AppleWebKit/537.36 (KHTML, like Gecko) Version/4.0 Chrome/127.0.6533.66 Mobile Safari/537.36"
68.134.127.10 - - [15/Aug/2024:12:28:24 -0400] "GET / HTTP/1.1" 200 11603 "https://www.bing.com/" "Mozilla/5.0 (Windows NT 10.0; Win64; x64) AppleWebKit/537.36 (KHTML, like Gecko) Chrome/127.0.0.0 Safari/537.36 Edg/127.0.0.0"
68.134.127.10 - - [15/Aug/2024:12:28:28 -0400] "GET /category/lookism-manga/ HTTP/1.1" 200 10422 "https://r.lookismmanga.com/" "Mozilla/5.0 (Windows NT 10.0; Win64; x64) AppleWebKit/537.36 (KHTML, like Gecko) Chrome/127.0.0.0 Safari/537.36 Edg/127.0.0.0"
68.134.127.10 - - [15/Aug/2024:12:28:32 -0400] "GET /comic/lookism-chapter-514/ HTTP/1.1" 200 10643 "https://r.lookismmanga.com/" "Mozilla/5.0 (Windows NT 10.0; Win64; x64) AppleWebKit/537.36 (KHTML, like Gecko) Chrome/127.0.0.0 Safari/537.36 Edg/127.0.0.0"
