162.0.232.193 - - [15/Aug/2024:09:20:50 -0400] "GET /comic/lookism-chapter-467/ HTTP/1.1" 200 11745 "-" "WP Rocket/Preload Mozilla/5.0 (iPhone; CPU iPhone OS 9_1 like Mac OS X) AppleWebKit/601.1.46 (KHTML, like Gecko) Version/9.0 Mobile/13B143 Safari/601.1"
40.84.221.218 - - [15/Aug/2024:09:20:50 -0400] "GET / HTTP/1.1" 200 11625 "-" "Mozilla/5.0 AppleWebKit/537.36 (KHTML, like Gecko); compatible; ChatGPT-User/1.0; +https://openai.com/bot"
162.0.232.193 - - [15/Aug/2024:09:20:51 -0400] "GET /comic/lookism-chapter-465/ HTTP/1.1" 200 11545 "-" "WP Rocket/Preload"
162.0.232.193 - - [15/Aug/2024:09:20:52 -0400] "GET /comic/lookism-chapter-465/ HTTP/1.1" 200 11546 "-" "WP Rocket/Preload Mozilla/5.0 (iPhone; CPU iPhone OS 9_1 like Mac OS X) AppleWebKit/601.1.46 (KHTML, like Gecko) Version/9.0 Mobile/13B143 Safari/601.1"
162.0.232.193 - - [15/Aug/2024:09:20:53 -0400] "GET /comic/lookism-chapter-474/ HTTP/1.1" 200 11640 "-" "WP Rocket/Preload"
162.0.232.193 - - [15/Aug/2024:09:20:54 -0400] "GET /comic/lookism-chapter-474/ HTTP/1.1" 200 11640 "-" "WP Rocket/Preload Mozilla/5.0 (iPhone; CPU iPhone OS 9_1 like Mac OS X) AppleWebKit/601.1.46 (KHTML, like Gecko) Version/9.0 Mobile/13B143 Safari/601.1"
162.0.232.193 - - [15/Aug/2024:09:20:55 -0400] "GET /comic/lookism-chapter-422/ HTTP/1.1" 200 11746 "-" "WP Rocket/Preload"
162.0.232.193 - - [15/Aug/2024:09:20:56 -0400] "GET /comic/lookism-chapter-422/ HTTP/1.1" 200 11746 "-" "WP Rocket/Preload Mozilla/5.0 (iPhone; CPU iPhone OS 9_1 like Mac OS X) AppleWebKit/601.1.46 (KHTML, like Gecko) Version/9.0 Mobile/13B143 Safari/601.1"
162.0.232.193 - - [15/Aug/2024:09:20:57 -0400] "GET /comic/lookism-chapter-234/ HTTP/1.1" 200 12632 "-" "WP Rocket/Preload"
162.0.232.193 - - [15/Aug/2024:09:20:59 -0400] "POST /wp-cron.php?doing_wp_cron=1723728059.1487159729003906250000 HTTP/1.1" 200 0 "-" "WordPress/6.5.5; https://r.lookismmanga.com"
162.0.232.193 - - [15/Aug/2024:09:20:59 -0400] "GET /comic/lookism-chapter-234/ HTTP/1.1" 200 12631 "-" "WP Rocket/Preload Mozilla/5.0 (iPhone; CPU iPhone OS 9_1 like Mac OS X) AppleWebKit/601.1.46 (KHTML, like Gecko) Version/9.0 Mobile/13B143 Safari/601.1"
162.0.232.193 - - [15/Aug/2024:09:21:05 -0400] "POST /wp-admin/admin-ajax.php?action=as_async_request_queue_runner&nonce=d9b680132e HTTP/1.1" 200 0 "-" "WordPress/6.5.5; https://r.lookismmanga.com"
162.0.232.193 - - [15/Aug/2024:09:21:05 -0400] "GET /comic/lookism-chapter-233/ HTTP/1.1" 200 12892 "-" "WP Rocket/Preload"
162.0.232.193 - - [15/Aug/2024:09:21:07 -0400] "GET /comic/lookism-chapter-233/ HTTP/1.1" 200 12894 "-" "WP Rocket/Preload Mozilla/5.0 (iPhone; CPU iPhone OS 9_1 like Mac OS X) AppleWebKit/601.1.46 (KHTML, like Gecko) Version/9.0 Mobile/13B143 Safari/601.1"
162.0.232.193 - - [15/Aug/2024:09:21:08 -0400] "GET /comic/lookism-chapter-230/ HTTP/1.1" 200 13226 "-" "WP Rocket/Preload"
162.0.232.193 - - [15/Aug/2024:09:21:09 -0400] "GET /comic/lookism-chapter-230/ HTTP/1.1" 200 13228 "-" "WP Rocket/Preload Mozilla/5.0 (iPhone; CPU iPhone OS 9_1 like Mac OS X) AppleWebKit/601.1.46 (KHTML, like Gecko) Version/9.0 Mobile/13B143 Safari/601.1"
47.128.42.167 - - [15/Aug/2024:09:21:55 -0400] "GET /comic/lookism-chapter-434/ HTTP/1.1" 200 11787 "-" "Mozilla/5.0 (Linux; Android 5.0) AppleWebKit/537.36 (KHTML, like Gecko) Mobile Safari/537.36 (compatible; Bytespider; [email protected])"
162.0.232.193 - - [15/Aug/2024:09:22:20 -0400] "POST /wp-cron.php?doing_wp_cron=1723728140.3790600299835205078125 HTTP/1.1" 200 0 "-" "WordPress/6.5.5; https://r.lookismmanga.com"
2a03:2880:f800:4:: - - [15/Aug/2024:09:22:20 -0400] "GET /?p=1986 HTTP/1.1" 301 0 "-" "facebookexternalhit/1.1 (+http://www.facebook.com/externalhit_uatext.php)"
162.0.232.193 - - [15/Aug/2024:09:23:11 -0400] "POST /wp-cron.php?doing_wp_cron=1723728191.6563229560852050781250 HTTP/1.1" 200 0 "-" "WordPress/6.5.5; https://r.lookismmanga.com"
2a03:2880:2ff:9::face:b00c - - [15/Aug/2024:09:23:11 -0400] "GET /lookism/lookism-chapter-9/ HTTP/1.1" 301 0 "-" "facebookexternalhit/1.1 (+http://www.facebook.com/externalhit_uatext.php)"
162.0.232.193 - - [15/Aug/2024:09:23:20 -0400] "POST /wp-cron.php?doing_wp_cron=1723728200.1161479949951171875000 HTTP/1.1" 200 0 "-" "WordPress/6.5.5; https://r.lookismmanga.com"
89.22.123.105 - - [15/Aug/2024:09:23:19 -0400] "GET /wp-login.php HTTP/1.1" 200 1824 "-" "Mozilla/5.0 (Windows NT 10.0; Win64; x64; rv:42.0) Gecko/20100101 Firefox/42.0"
2401:4900:58c7:ca28:5c30:3300:2ee5:edfd - - [15/Aug/2024:09:23:45 -0400] "GET / HTTP/1.1" 200 11603 "https://www.bing.com/" "Mozilla/5.0 (Windows NT 10.0; Win64; x64) AppleWebKit/537.36 (KHTML, like Gecko) Chrome/126.0.0.0 Safari/537.36 Edg/126.0.0.0"
2401:4900:58c7:ca28:5c30:3300:2ee5:edfd - - [15/Aug/2024:09:23:52 -0400] "GET /comic/lookism-chapter-514/ HTTP/1.1" 200 10596 "https://r.lookismmanga.com/" "Mozilla/5.0 (Windows NT 10.0; Win64; x64) AppleWebKit/537.36 (KHTML, like Gecko) Chrome/126.0.0.0 Safari/537.36 Edg/126.0.0.0"
162.0.232.193 - - [15/Aug/2024:09:24:21 -0400] "POST /wp-cron.php?doing_wp_cron=1723728261.1260259151458740234375 HTTP/1.1" 200 0 "-" "WordPress/6.5.5; https://r.lookismmanga.com"
51.222.253.14 - - [15/Aug/2024:09:24:20 -0400] "GET /lookism/lookism-chapter-421/ HTTP/1.1" 301 0 "-" "Mozilla/5.0 (compatible; AhrefsBot/7.0; +http://ahrefs.com/robot/)"
162.0.232.193 - - [15/Aug/2024:09:24:56 -0400] "POST /wp-cron.php?doing_wp_cron=1723728296.3245999813079833984375 HTTP/1.1" 200 0 "-" "WordPress/6.5.5; https://r.lookismmanga.com"
114.119.151.0 - - [15/Aug/2024:09:24:56 -0400] "GET /lookism/page/34/ HTTP/1.1" 301 0 "https://ww12.lookismmanga.com/lookism/page/35/" "Mozilla/5.0 (Linux; Android 7.0;) AppleWebKit/537.36 (KHTML, like Gecko) Mobile Safari/537.36 (compatible; PetalBot;+https://webmaster.petalsearch.com/site/petalbot)"
114.119.151.0 - - [15/Aug/2024:09:24:57 -0400] "GET / HTTP/1.1" 200 11596 "https://ww12.lookismmanga.com/lookism/page/35/" "Mozilla/5.0 (Linux; Android 7.0;) AppleWebKit/537.36 (KHTML, like Gecko) Mobile Safari/537.36 (compatible; PetalBot;+https://webmaster.petalsearch.com/site/petalbot)"
2401:4900:58c7:ca28:5c30:3300:2ee5:edfd - - [15/Aug/2024:09:26:56 -0400] "GET / HTTP/1.1" 304 0 "https://www.bing.com/" "Mozilla/5.0 (Windows NT 10.0; Win64; x64) AppleWebKit/537.36 (KHTML, like Gecko) Chrome/126.0.0.0 Safari/537.36 Edg/126.0.0.0"
162.0.232.193 - - [15/Aug/2024:09:26:57 -0400] "POST /wp-cron.php?doing_wp_cron=1723728417.6198439598083496093750 HTTP/1.1" 200 0 "-" "WordPress/6.5.5; https://r.lookismmanga.com"
2a03:2880:ff:74::face:b00c - - [15/Aug/2024:09:26:56 -0400] "GET /lookism/lookism-chapter-171/ HTTP/1.1" 301 0 "-" "meta-externalagent/1.1 (+https://developers.facebook.com/docs/sharing/webmasters/crawler)"
2401:4900:58c7:ca28:5c30:3300:2ee5:edfd - - [15/Aug/2024:09:26:58 -0400] "GET /comic/lookism-chapter-510/ HTTP/1.1" 200 11497 "https://r.lookismmanga.com/" "Mozilla/5.0 (Windows NT 10.0; Win64; x64) AppleWebKit/537.36 (KHTML, like Gecko) Chrome/126.0.0.0 Safari/537.36 Edg/126.0.0.0"
2a01:e0a:1e:3200:1127:c71b:e721:ca6f - - [15/Aug/2024:09:27:11 -0400] "GET / HTTP/1.1" 200 11603 "https://www.bing.com/" "Mozilla/5.0 (Windows NT 10.0; Win64; x64) AppleWebKit/537.36 (KHTML, like Gecko) Chrome/127.0.0.0 Safari/537.36 Edg/127.0.0.0"
2a01:e0a:1e:3200:1127:c71b:e721:ca6f - - [15/Aug/2024:09:27:16 -0400] "GET /comic/lookism-chapter-510/ HTTP/1.1" 200 11497 "https://r.lookismmanga.com/" "Mozilla/5.0 (Windows NT 10.0; Win64; x64) AppleWebKit/537.36 (KHTML, like Gecko) Chrome/127.0.0.0 Safari/537.36 Edg/127.0.0.0"
2a01:e0a:1e:3200:1127:c71b:e721:ca6f - - [15/Aug/2024:09:27:16 -0400] "GET /comic/lookism-chapter-513/ HTTP/1.1" 200 11063 "https://r.lookismmanga.com/" "Mozilla/5.0 (Windows NT 10.0; Win64; x64) AppleWebKit/537.36 (KHTML, like Gecko) Chrome/127.0.0.0 Safari/537.36 Edg/127.0.0.0"
2a01:e0a:1e:3200:1127:c71b:e721:ca6f - - [15/Aug/2024:09:27:17 -0400] "GET /comic/lookism-chapter-514/ HTTP/1.1" 200 10596 "https://r.lookismmanga.com/" "Mozilla/5.0 (Windows NT 10.0; Win64; x64) AppleWebKit/537.36 (KHTML, like Gecko) Chrome/127.0.0.0 Safari/537.36 Edg/127.0.0.0"
162.0.232.193 - - [15/Aug/2024:09:27:18 -0400] "POST /wp-cron.php?doing_wp_cron=1723728437.7909839153289794921875 HTTP/1.1" 200 0 "-" "WordPress/6.5.5; https://r.lookismmanga.com"
40.77.167.241 - - [15/Aug/2024:09:27:17 -0400] "GET /lookism/chapter-280/ HTTP/1.1" 301 0 "-" "Mozilla/5.0 AppleWebKit/537.36 (KHTML, like Gecko; compatible; bingbot/2.0; +http://www.bing.com/bingbot.htm) Chrome/116.0.1938.76 Safari/537.36"
223.185.129.188 - - [15/Aug/2024:09:28:08 -0400] "GET / HTTP/1.1" 200 11625 "https://search.yahoo.com/" "Mozilla/5.0 (Windows NT 10.0; Win64; x64) AppleWebKit/537.36 (KHTML, like Gecko) Chrome/127.0.0.0 Safari/537.36"
223.185.129.188 - - [15/Aug/2024:09:28:13 -0400] "GET /comic/lookism-chapter-514/ HTTP/1.1" 200 10596 "https://r.lookismmanga.com/" "Mozilla/5.0 (Windows NT 10.0; Win64; x64) AppleWebKit/537.36 (KHTML, like Gecko) Chrome/127.0.0.0 Safari/537.36"
162.0.232.193 - - [15/Aug/2024:09:28:41 -0400] "POST /wp-cron.php?doing_wp_cron=1723728521.4958620071411132812500 HTTP/1.1" 200 0 "-" "WordPress/6.5.5; https://r.lookismmanga.com"
2a03:2880:27ff:71::face:b00c - - [15/Aug/2024:09:28:41 -0400] "GET /lookism/lookism-chapter-350/ HTTP/1.1" 301 0 "-" "facebookexternalhit/1.1 (+http://www.facebook.com/externalhit_uatext.php)"
51.222.253.13 - - [15/Aug/2024:09:28:42 -0400] "GET /lookism/lookism-chapter-362-1/ HTTP/1.1" 301 0 "-" "Mozilla/5.0 (compatible; AhrefsBot/7.0; +http://ahrefs.com/robot/)"
171.247.179.83 - - [15/Aug/2024:09:29:27 -0400] "GET / HTTP/1.1" 200 11603 "https://search.yahoo.com/" "Mozilla/5.0 (Windows NT 10.0; Win64; x64) AppleWebKit/537.36 (KHTML, like Gecko) Chrome/127.0.0.0 Safari/537.36"
162.0.232.193 - - [15/Aug/2024:09:29:56 -0400] "POST /wp-cron.php?doing_wp_cron=1723728595.7943110466003417968750 HTTP/1.1" 200 0 "-" "WordPress/6.5.5; https://r.lookismmanga.com"
114.119.131.210 - - [15/Aug/2024:09:29:55 -0400] "GET /lookism/page/19/ HTTP/1.1" 301 0 "https://ww12.lookismmanga.com/lookism/page/20/" "Mozilla/5.0 (Linux; Android 7.0;) AppleWebKit/537.36 (KHTML, like Gecko) Mobile Safari/537.36 (compatible; PetalBot;+https://webmaster.petalsearch.com/site/petalbot)"
114.119.131.210 - - [15/Aug/2024:09:29:56 -0400] "GET / HTTP/1.1" 200 11596 "https://ww12.lookismmanga.com/lookism/page/20/" "Mozilla/5.0 (Linux; Android 7.0;) AppleWebKit/537.36 (KHTML, like Gecko) Mobile Safari/537.36 (compatible; PetalBot;+https://webmaster.petalsearch.com/site/petalbot)"
162.0.232.193 - - [15/Aug/2024:09:32:15 -0400] "POST /wp-cron.php?doing_wp_cron=1723728734.7879500389099121093750 HTTP/1.1" 200 0 "-" "WordPress/6.5.5; https://r.lookismmanga.com"
51.222.253.2 - - [15/Aug/2024:09:32:13 -0400] "GET /lookism/lookism-chapter-165/ HTTP/1.1" 301 0 "-" "Mozilla/5.0 (compatible; AhrefsBot/7.0; +http://ahrefs.com/robot/)"
66.249.64.132 - - [15/Aug/2024:09:34:22 -0400] "GET / HTTP/1.1" 304 0 "-" "Mozilla/5.0 (compatible; Googlebot/2.1; +http://www.google.com/bot.html)"
162.0.232.193 - - [15/Aug/2024:09:34:37 -0400] "POST /wp-cron.php?doing_wp_cron=1723728876.5993499755859375000000 HTTP/1.1" 200 0 "-" "WordPress/6.5.5; https://r.lookismmanga.com"
2a03:2880:31ff:e::face:b00c - - [15/Aug/2024:09:34:35 -0400] "GET / HTTP/1.1" 200 11402 "-" "facebookexternalhit/1.1 (+http://www.facebook.com/externalhit_uatext.php)"
155.133.20.53 - - [15/Aug/2024:09:34:52 -0400] "GET / HTTP/1.1" 200 11596 "-" "Mozilla/5.0 (Android 11; Mobile; rv:129.0) Gecko/129.0 Firefox/129.0"
155.133.20.53 - - [15/Aug/2024:09:34:52 -0400] "GET / HTTP/1.1" 200 11596 "-" "Mozilla/5.0 (Android 11; Mobile; rv:129.0) Gecko/129.0 Firefox/129.0"
162.0.232.193 - - [15/Aug/2024:09:34:58 -0400] "POST /wp-cron.php?doing_wp_cron=1723728898.2504539489746093750000 HTTP/1.1" 200 0 "-" "WordPress/6.5.5; https://r.lookismmanga.com"
114.119.155.142 - - [15/Aug/2024:09:34:58 -0400] "GET /lookism/lookism-chapter-115/ HTTP/1.1" 301 0 "https://ww13.lookismmanga.com/lookism/lookism-chapter-116/" "Mozilla/5.0 (Linux; Android 7.0;) AppleWebKit/537.36 (KHTML, like Gecko) Mobile Safari/537.36 (compatible; PetalBot;+https://webmaster.petalsearch.com/site/petalbot)"
114.119.155.142 - - [15/Aug/2024:09:35:01 -0400] "GET / HTTP/1.1" 200 11596 "https://ww13.lookismmanga.com/lookism/lookism-chapter-116/" "Mozilla/5.0 (Linux; Android 7.0;) AppleWebKit/537.36 (KHTML, like Gecko) Mobile Safari/537.36 (compatible; PetalBot;+https://webmaster.petalsearch.com/site/petalbot)"
155.133.20.53 - - [15/Aug/2024:09:35:03 -0400] "GET / HTTP/1.1" 200 11596 "-" "Mozilla/5.0 (Android 11; Mobile; rv:129.0) Gecko/129.0 Firefox/129.0"
155.133.20.53 - - [15/Aug/2024:09:35:03 -0400] "GET / HTTP/1.1" 200 11596 "-" "Mozilla/5.0 (Android 11; Mobile; rv:129.0) Gecko/129.0 Firefox/129.0"
162.0.232.193 - - [15/Aug/2024:09:35:33 -0400] "POST /wp-cron.php?doing_wp_cron=1723728932.9031119346618652343750 HTTP/1.1" 200 0 "-" "WordPress/6.5.5; https://r.lookismmanga.com"
51.222.253.12 - - [15/Aug/2024:09:35:32 -0400] "GET /lookism/lookism-chapter-166/ HTTP/1.1" 301 0 "-" "Mozilla/5.0 (compatible; AhrefsBot/7.0; +http://ahrefs.com/robot/)"
2400:1a00:bd20:7c04:c945:9cfe:908:8446 - - [15/Aug/2024:09:35:43 -0400] "GET / HTTP/1.1" 200 11596 "https://duckduckgo.com/" "Mozilla/5.0 (Linux; Android 10; K) AppleWebKit/537.36 (KHTML, like Gecko) Chrome/127.0.0.0 Mobile Safari/537.36"
2400:1a00:bd20:7c04:c945:9cfe:908:8446 - - [15/Aug/2024:09:35:44 -0400] "GET /wp-content/plugins/widgets-on-pages/public/css/widgets-on-pages-public.css?ver=1.4.0 HTTP/1.1" 200 83 "https://r.lookismmanga.com/" "Mozilla/5.0 (Linux; Android 10; K) AppleWebKit/537.36 (KHTML, like Gecko) Chrome/127.0.0.0 Mobile Safari/537.36"
2400:1a00:bd20:7c04:c945:9cfe:908:8446 - - [15/Aug/2024:09:35:44 -0400] "GET /wp-includes/css/dist/block-library/style.min.css?ver=6.5.5 HTTP/1.1" 200 14071 "https://r.lookismmanga.com/" "Mozilla/5.0 (Linux; Android 10; K) AppleWebKit/537.36 (KHTML, like Gecko) Chrome/127.0.0.0 Mobile Safari/537.36"
2400:1a00:bd20:7c04:c945:9cfe:908:8446 - - [15/Aug/2024:09:35:44 -0400] "GET /wp-content/themes/toivo-lite/fonts/genericons/genericons/genericons.min.css?ver=3.3 HTTP/1.1" 200 15959 "https://r.lookismmanga.com/" "Mozilla/5.0 (Linux; Android 10; K) AppleWebKit/537.36 (KHTML, like Gecko) Chrome/127.0.0.0 Mobile Safari/537.36"
2400:1a00:bd20:7c04:c945:9cfe:908:8446 - - [15/Aug/2024:09:35:44 -0400] "GET /wp-includes/js/jquery/jquery-migrate.min.js?ver=3.4.1 HTTP/1.1" 200 4678 "https://r.lookismmanga.com/" "Mozilla/5.0 (Linux; Android 10; K) AppleWebKit/537.36 (KHTML, like Gecko) Chrome/127.0.0.0 Mobile Safari/537.36"
2400:1a00:bd20:7c04:c945:9cfe:908:8446 - - [15/Aug/2024:09:35:44 -0400] "GET /wp-content/themes/toivo-lite/style.css?ver=1.2.0 HTTP/1.1" 200 13718 "https://r.lookismmanga.com/" "Mozilla/5.0 (Linux; Android 10; K) AppleWebKit/537.36 (KHTML, like Gecko) Chrome/127.0.0.0 Mobile Safari/537.36"
2400:1a00:bd20:7c04:c945:9cfe:908:8446 - - [15/Aug/2024:09:35:44 -0400] "GET /wp-content/plugins/simple-social-buttons/assets/js/front.js?ver=5.1.3 HTTP/1.1" 200 1577 "https://r.lookismmanga.com/" "Mozilla/5.0 (Linux; Android 10; K) AppleWebKit/537.36 (KHTML, like Gecko) Chrome/127.0.0.0 Mobile Safari/537.36"
2400:1a00:bd20:7c04:c945:9cfe:908:8446 - - [15/Aug/2024:09:35:44 -0400] "GET /wp-content/uploads/2024/02/lookismkmanhwabookvolume17dkshop.jpg HTTP/1.1" 200 108104 "https://r.lookismmanga.com/" "Mozilla/5.0 (Linux; Android 10; K) AppleWebKit/537.36 (KHTML, like Gecko) Chrome/127.0.0.0 Mobile Safari/537.36"
2400:1a00:bd20:7c04:c945:9cfe:908:8446 - - [15/Aug/2024:09:35:44 -0400] "GET /wp-content/plugins/simple-social-buttons/assets/js/frontend-blocks.js?ver=5.1.3 HTTP/1.1" 200 0 "https://r.lookismmanga.com/" "Mozilla/5.0 (Linux; Android 10; K) AppleWebKit/537.36 (KHTML, like Gecko) Chrome/127.0.0.0 Mobile Safari/537.36"
2400:1a00:bd20:7c04:c945:9cfe:908:8446 - - [15/Aug/2024:09:35:44 -0400] "GET /wp-content/plugins/simple-social-buttons/assets/css/front.css?ver=5.1.3 HTTP/1.1" 200 9767 "https://r.lookismmanga.com/" "Mozilla/5.0 (Linux; Android 10; K) AppleWebKit/537.36 (KHTML, like Gecko) Chrome/127.0.0.0 Mobile Safari/537.36"
2400:1a00:bd20:7c04:c945:9cfe:908:8446 - - [15/Aug/2024:09:35:44 -0400] "GET /wp-includes/js/jquery/jquery.min.js?ver=3.7.1 HTTP/1.1" 200 29744 "https://r.lookismmanga.com/" "Mozilla/5.0 (Linux; Android 10; K) AppleWebKit/537.36 (KHTML, like Gecko) Chrome/127.0.0.0 Mobile Safari/537.36"
162.0.232.193 - - [15/Aug/2024:09:35:58 -0400] "POST /wp-cron.php?doing_wp_cron=1723728958.6002080440521240234375 HTTP/1.1" 200 0 "-" "WordPress/6.5.5; https://r.lookismmanga.com"
216.244.66.244 - - [15/Aug/2024:09:35:58 -0400] "GET /lookism/chapter-251/ HTTP/1.1" 301 0 "-" "Mozilla/5.0 (compatible; DotBot/1.2; +https://opensiteexplorer.org/dotbot; [email protected])"
162.0.232.193 - - [15/Aug/2024:09:37:03 -0400] "POST /wp-cron.php?doing_wp_cron=1723729023.6881449222564697265625 HTTP/1.1" 200 0 "-" "WordPress/6.5.5; https://r.lookismmanga.com"
2a03:2880:22ff:73::face:b00c - - [15/Aug/2024:09:37:03 -0400] "GET /lookism/lookism-chapter-150/ HTTP/1.1" 301 0 "-" "facebookexternalhit/1.1 (+http://www.facebook.com/externalhit_uatext.php)"
162.0.232.193 - - [15/Aug/2024:09:37:20 -0400] "POST /wp-cron.php?doing_wp_cron=1723729039.8435900211334228515625 HTTP/1.1" 200 0 "-" "WordPress/6.5.5; https://r.lookismmanga.com"
2a03:2880:2ff::face:b00c - - [15/Aug/2024:09:37:19 -0400] "GET / HTTP/1.1" 200 11400 "-" "facebookexternalhit/1.1 (+http://www.facebook.com/externalhit_uatext.php)"
162.0.232.193 - - [15/Aug/2024:09:38:01 -0400] "POST /wp-cron.php?doing_wp_cron=1723729081.5957839488983154296875 HTTP/1.1" 200 0 "-" "WordPress/6.5.5; https://r.lookismmanga.com"
150.95.140.248 - - [15/Aug/2024:09:38:01 -0400] "POST /xmlrpc.php HTTP/1.1" 200 205 "-" "Mozilla/5.0 (X11; Fedora; Linux x86_64; rv:94.0) Gecko/20100101 Firefox/95.0"
2a03:2880:27ff::face:b00c - - [15/Aug/2024:09:38:10 -0400] "GET /comic/lookism-chapter-23/ HTTP/1.1" 200 11899 "-" "facebookexternalhit/1.1 (+http://www.facebook.com/externalhit_uatext.php)"
2401:4900:3f3d:b393:244c:571d:cb73:b1cc - - [15/Aug/2024:09:38:23 -0400] "GET / HTTP/1.1" 200 11596 "https://duckduckgo.com/" "Mozilla/5.0 (Linux; Android 10; K) AppleWebKit/537.36 (KHTML, like Gecko) Chrome/127.0.0.0 Mobile Safari/537.36"
162.0.232.193 - - [15/Aug/2024:09:38:55 -0400] "POST /wp-cron.php?doing_wp_cron=1723729135.2666800022125244140625 HTTP/1.1" 200 0 "-" "WordPress/6.5.5; https://r.lookismmanga.com"
51.222.253.9 - - [15/Aug/2024:09:38:55 -0400] "GET /lookism/lookism-chapter-164/ HTTP/1.1" 301 0 "-" "Mozilla/5.0 (compatible; AhrefsBot/7.0; +http://ahrefs.com/robot/)"
2401:4900:1cab:9533:7490:3af6:d60f:92ab - - [15/Aug/2024:09:39:30 -0400] "GET / HTTP/1.1" 200 11603 "https://www.bing.com/" "Mozilla/5.0 (Windows NT 10.0; Win64; x64) AppleWebKit/537.36 (KHTML, like Gecko) Chrome/127.0.0.0 Safari/537.36 Edg/127.0.0.0"
162.0.232.193 - - [15/Aug/2024:09:39:49 -0400] "POST /wp-cron.php?doing_wp_cron=1723729188.8057620525360107421875 HTTP/1.1" 200 0 "-" "WordPress/6.5.5; https://r.lookismmanga.com"
66.249.64.131 - - [15/Aug/2024:09:39:48 -0400] "POST /wp-admin/admin-ajax.php HTTP/1.1" 200 69 "https://r.lookismmanga.com/comic/lookism-chapter-503/" "Mozilla/5.0 (Linux; Android 6.0.1; Nexus 5X Build/MMB29P) AppleWebKit/537.36 (KHTML, like Gecko) Chrome/126.0.6478.182 Mobile Safari/537.36 (compatible; Googlebot/2.1; +http://www.google.com/bot.html)"
114.119.154.237 - - [15/Aug/2024:09:39:57 -0400] "GET / HTTP/1.1" 200 11596 "https://ww7.lookismmanga.com/tag/lookism-chapter-450/" "Mozilla/5.0 (Linux; Android 7.0;) AppleWebKit/537.36 (KHTML, like Gecko) Mobile Safari/537.36 (compatible; PetalBot;+https://webmaster.petalsearch.com/site/petalbot)"
162.0.232.193 - - [15/Aug/2024:09:40:36 -0400] "POST /wp-cron.php?doing_wp_cron=1723729236.1445159912109375000000 HTTP/1.1" 200 0 "-" "WordPress/6.5.5; https://r.lookismmanga.com"
51.222.253.1 - - [15/Aug/2024:09:40:36 -0400] "GET /lookism/lookism-chapter-163/ HTTP/1.1" 301 0 "-" "Mozilla/5.0 (compatible; AhrefsBot/7.0; +http://ahrefs.com/robot/)"
2804:4230:21a:3542:4412:fd7c:39c7:caf8 - - [15/Aug/2024:09:41:42 -0400] "GET / HTTP/1.1" 200 11596 "https://duckduckgo.com/" "Mozilla/5.0 (Linux; Android 10; K) AppleWebKit/537.36 (KHTML, like Gecko) Chrome/127.0.0.0 Mobile Safari/537.36"
2804:4230:21a:3542:4412:fd7c:39c7:caf8 - - [15/Aug/2024:09:41:46 -0400] "GET /wp-content/uploads/2024/02/cropped-if-the-anime-continues-and-reaches-the-point-of-current-v0-frhh1uf0zj5a1-192x192.webp HTTP/1.1" 200 4440 "https://r.lookismmanga.com/" "Mozilla/5.0 (Linux; Android 10; K) AppleWebKit/537.36 (KHTML, like Gecko) Chrome/127.0.0.0 Mobile Safari/537.36"
2804:4230:21a:3542:4412:fd7c:39c7:caf8 - - [15/Aug/2024:09:41:46 -0400] "GET /wp-content/uploads/2024/02/cropped-if-the-anime-continues-and-reaches-the-point-of-current-v0-frhh1uf0zj5a1-32x32.webp HTTP/1.1" 200 438 "https://r.lookismmanga.com/" "Mozilla/5.0 (Linux; Android 10; K) AppleWebKit/537.36 (KHTML, like Gecko) Chrome/127.0.0.0 Mobile Safari/537.36"
162.0.232.193 - - [15/Aug/2024:09:41:46 -0400] "POST /wp-cron.php?doing_wp_cron=1723729306.4407770633697509765625 HTTP/1.1" 200 0 "-" "WordPress/6.5.5; https://r.lookismmanga.com"
2804:4230:21a:3542:4412:fd7c:39c7:caf8 - - [15/Aug/2024:09:41:46 -0400] "GET /apple-touch-icon.png HTTP/1.1" 301 0 "-" "DuckDuckGo/5 (com.duckduckgo.mobile.android; Android API 33)"
2804:4230:21a:3542:4412:fd7c:39c7:caf8 - - [15/Aug/2024:09:41:48 -0400] "GET / HTTP/1.1" 200 11624 "-" "DuckDuckGo/5 (com.duckduckgo.mobile.android; Android API 33)"
162.0.232.193 - - [15/Aug/2024:09:42:33 -0400] "POST /wp-cron.php?doing_wp_cron=1723729352.8891079425811767578125 HTTP/1.1" 200 0 "-" "WordPress/6.5.5; https://r.lookismmanga.com"
51.222.253.5 - - [15/Aug/2024:09:42:32 -0400] "GET /lookism/lookism-chapter-162/ HTTP/1.1" 301 0 "-" "Mozilla/5.0 (compatible; AhrefsBot/7.0; +http://ahrefs.com/robot/)"
162.0.232.193 - - [15/Aug/2024:09:43:19 -0400] "POST /wp-cron.php?doing_wp_cron=1723729399.3962500095367431640625 HTTP/1.1" 200 0 "-" "WordPress/6.5.5; https://r.lookismmanga.com"
2a03:2880:27ff:72::face:b00c - - [15/Aug/2024:09:43:19 -0400] "GET /?p=2013 HTTP/1.1" 301 0 "-" "meta-externalagent/1.1 (+https://developers.facebook.com/docs/sharing/webmasters/crawler)"
2a03:2880:2ff::face:b00c - - [15/Aug/2024:09:43:20 -0400] "GET /?p=2178 HTTP/1.1" 301 0 "-" "meta-externalagent/1.1 (+https://developers.facebook.com/docs/sharing/webmasters/crawler)"
36.255.187.171 - - [15/Aug/2024:09:43:39 -0400] "GET / HTTP/1.1" 200 11603 "https://www.bing.com/" "Mozilla/5.0 (Windows NT 10.0; Win64; x64) AppleWebKit/537.36 (KHTML, like Gecko) Chrome/127.0.0.0 Safari/537.36 Edg/127.0.0.0"
36.255.187.171 - - [15/Aug/2024:09:43:40 -0400] "GET /wp-content/themes/toivo-lite/js/settings.min.js?ver=1.2.0 HTTP/1.1" 200 307 "https://r.lookismmanga.com/" "Mozilla/5.0 (Windows NT 10.0; Win64; x64) AppleWebKit/537.36 (KHTML, like Gecko) Chrome/127.0.0.0 Safari/537.36 Edg/127.0.0.0"
36.255.187.171 - - [15/Aug/2024:09:43:41 -0400] "GET /wp-content/uploads/2024/02/cropped-if-the-anime-continues-and-reaches-the-point-of-current-v0-frhh1uf0zj5a1-32x32.webp HTTP/1.1" 200 438 "https://r.lookismmanga.com/" "Mozilla/5.0 (Windows NT 10.0; Win64; x64) AppleWebKit/537.36 (KHTML, like Gecko) Chrome/127.0.0.0 Safari/537.36 Edg/127.0.0.0"
36.255.187.171 - - [15/Aug/2024:09:43:44 -0400] "GET /comic/lookism-chapter-514/ HTTP/1.1" 200 10596 "https://r.lookismmanga.com/" "Mozilla/5.0 (Windows NT 10.0; Win64; x64) AppleWebKit/537.36 (KHTML, like Gecko) Chrome/127.0.0.0 Safari/537.36 Edg/127.0.0.0"
36.255.187.171 - - [15/Aug/2024:09:43:46 -0400] "GET /wp-content/plugins/disqus-comment-system/public/js/comment_count.js?ver=3.1.1 HTTP/1.1" 200 354 "https://r.lookismmanga.com/comic/lookism-chapter-514/" "Mozilla/5.0 (Windows NT 10.0; Win64; x64) AppleWebKit/537.36 (KHTML, like Gecko) Chrome/127.0.0.0 Safari/537.36 Edg/127.0.0.0"
36.255.187.171 - - [15/Aug/2024:09:43:46 -0400] "GET /wp-includes/js/comment-reply.min.js?ver=6.5.5 HTTP/1.1" 200 1228 "https://r.lookismmanga.com/comic/lookism-chapter-514/" "Mozilla/5.0 (Windows NT 10.0; Win64; x64) AppleWebKit/537.36 (KHTML, like Gecko) Chrome/127.0.0.0 Safari/537.36 Edg/127.0.0.0"
162.0.232.193 - - [15/Aug/2024:09:44:11 -0400] "POST /wp-cron.php?doing_wp_cron=1723729451.0887069702148437500000 HTTP/1.1" 200 0 "-" "WordPress/6.5.5; https://r.lookismmanga.com"
51.222.253.13 - - [15/Aug/2024:09:44:10 -0400] "GET /lookism/lookism-chapter-161/ HTTP/1.1" 301 0 "-" "Mozilla/5.0 (compatible; AhrefsBot/7.0; +http://ahrefs.com/robot/)"
112.201.173.137 - - [15/Aug/2024:09:45:05 -0400] "GET /comic/lookism-chapter-356/ HTTP/1.1" 200 12427 "https://www.google.com/" "Mozilla/5.0 (Linux; Android 10; K) AppleWebKit/537.36 (KHTML, like Gecko) Chrome/127.0.0.0 Mobile Safari/537.36"
112.201.173.137 - - [15/Aug/2024:09:45:06 -0400] "GET /wp-content/plugins/wp-rocket/assets/js/lcp-beacon.min.js HTTP/1.1" 200 2232 "https://r.lookismmanga.com/comic/lookism-chapter-356/" "Mozilla/5.0 (Linux; Android 10; K) AppleWebKit/537.36 (KHTML, like Gecko) Chrome/127.0.0.0 Mobile Safari/537.36"
162.0.232.193 - - [15/Aug/2024:09:45:07 -0400] "POST /wp-cron.php?doing_wp_cron=1723729507.6903030872344970703125 HTTP/1.1" 200 0 "-" "WordPress/6.5.5; https://r.lookismmanga.com"
112.201.173.137 - - [15/Aug/2024:09:45:07 -0400] "GET /tag/lookism-manhwa/ HTTP/1.1" 301 0 "https://r.lookismmanga.com/comic/lookism-chapter-356/" "Mozilla/5.0 (Linux; Android 10; K) AppleWebKit/537.36 (KHTML, like Gecko) Chrome/127.0.0.0 Mobile Safari/537.36"
112.201.173.137 - - [15/Aug/2024:09:45:08 -0400] "GET / HTTP/1.1" 200 11596 "https://r.lookismmanga.com/" "Mozilla/5.0 (Linux; Android 10; K) AppleWebKit/537.36 (KHTML, like Gecko) Chrome/127.0.0.0 Mobile Safari/537.36"
112.201.173.137 - - [15/Aug/2024:09:45:07 -0400] "POST /wp-admin/admin-ajax.php HTTP/1.1" 200 69 "https://r.lookismmanga.com/comic/lookism-chapter-356/" "Mozilla/5.0 (Linux; Android 10; K) AppleWebKit/537.36 (KHTML, like Gecko) Chrome/127.0.0.0 Mobile Safari/537.36"
66.102.6.97 - - [15/Aug/2024:09:45:11 -0400] "GET /comic/lookism-chapter-356/ HTTP/1.1" 200 12427 "-" "Mozilla/5.0 (Linux; Android 7.0; SM-G930V Build/NRD90M) AppleWebKit/537.36 (KHTML, like Gecko) Chrome/59.0.3071.125 Mobile Safari/537.36 (compatible; Google-Read-Aloud; +https://support.google.com/webmasters/answer/1061943)"
66.102.6.97 - - [15/Aug/2024:09:45:11 -0400] "GET /comic/lookism-chapter-356/ HTTP/1.1" 200 12427 "-" "Mozilla/5.0 (Linux; Android 7.0; SM-G930V Build/NRD90M) AppleWebKit/537.36 (KHTML, like Gecko) Chrome/59.0.3071.125 Mobile Safari/537.36 (compatible; Google-Read-Aloud; +https://support.google.com/webmasters/answer/1061943)"
66.102.6.100 - - [15/Aug/2024:09:45:12 -0400] "GET /wp-content/themes/toivo-lite/fonts/genericons/genericons/genericons.min.css?ver=3.3 HTTP/1.1" 200 15959 "https://r.lookismmanga.com/comic/lookism-chapter-356/" "Mozilla/5.0 (Linux; Android 7.0; SM-G930V Build/NRD90M) AppleWebKit/537.36 (KHTML, like Gecko) Chrome/59.0.3071.125 Mobile Safari/537.36 (compatible; Google-Read-Aloud; +https://support.google.com/webmasters/answer/1061943)"
66.102.6.98 - - [15/Aug/2024:09:45:12 -0400] "GET /wp-includes/js/jquery/jquery-migrate.min.js?ver=3.4.1 HTTP/1.1" 200 4678 "https://r.lookismmanga.com/comic/lookism-chapter-356/" "Mozilla/5.0 (Linux; Android 7.0; SM-G930V Build/NRD90M) AppleWebKit/537.36 (KHTML, like Gecko) Chrome/59.0.3071.125 Mobile Safari/537.36 (compatible; Google-Read-Aloud; +https://support.google.com/webmasters/answer/1061943)"
66.102.6.97 - - [15/Aug/2024:09:45:12 -0400] "GET /wp-content/plugins/widgets-on-pages/public/css/widgets-on-pages-public.css?ver=1.4.0 HTTP/1.1" 200 83 "https://r.lookismmanga.com/comic/lookism-chapter-356/" "Mozilla/5.0 (Linux; Android 7.0; SM-G930V Build/NRD90M) AppleWebKit/537.36 (KHTML, like Gecko) Chrome/59.0.3071.125 Mobile Safari/537.36 (compatible; Google-Read-Aloud; +https://support.google.com/webmasters/answer/1061943)"
66.102.6.100 - - [15/Aug/2024:09:45:12 -0400] "GET /wp-content/plugins/disqus-comment-system/public/js/comment_count.js?ver=3.1.1 HTTP/1.1" 200 354 "https://r.lookismmanga.com/comic/lookism-chapter-356/" "Mozilla/5.0 (Linux; Android 7.0; SM-G930V Build/NRD90M) AppleWebKit/537.36 (KHTML, like Gecko) Chrome/59.0.3071.125 Mobile Safari/537.36 (compatible; Google-Read-Aloud; +https://support.google.com/webmasters/answer/1061943)"
66.102.6.100 - - [15/Aug/2024:09:45:12 -0400] "GET /wp-includes/css/dist/block-library/style.min.css?ver=6.5.5 HTTP/1.1" 200 14071 "https://r.lookismmanga.com/comic/lookism-chapter-356/" "Mozilla/5.0 (Linux; Android 7.0; SM-G930V Build/NRD90M) AppleWebKit/537.36 (KHTML, like Gecko) Chrome/59.0.3071.125 Mobile Safari/537.36 (compatible; Google-Read-Aloud; +https://support.google.com/webmasters/answer/1061943)"
66.102.6.98 - - [15/Aug/2024:09:45:12 -0400] "GET /wp-content/plugins/comic-easel/js/keynav.js HTTP/1.1" 200 302 "https://r.lookismmanga.com/comic/lookism-chapter-356/" "Mozilla/5.0 (Linux; Android 7.0; SM-G930V Build/NRD90M) AppleWebKit/537.36 (KHTML, like Gecko) Chrome/59.0.3071.125 Mobile Safari/537.36 (compatible; Google-Read-Aloud; +https://support.google.com/webmasters/answer/1061943)"
66.102.6.98 - - [15/Aug/2024:09:45:12 -0400] "GET /wp-content/plugins/wp-automatic/js/main-front.js?ver=6.5.5 HTTP/1.1" 200 316 "https://r.lookismmanga.com/comic/lookism-chapter-356/" "Mozilla/5.0 (Linux; Android 7.0; SM-G930V Build/NRD90M) AppleWebKit/537.36 (KHTML, like Gecko) Chrome/59.0.3071.125 Mobile Safari/537.36 (compatible; Google-Read-Aloud; +https://support.google.com/webmasters/answer/1061943)"
66.102.6.97 - - [15/Aug/2024:09:45:12 -0400] "GET /wp-content/themes/toivo-lite/style.css?ver=1.2.0 HTTP/1.1" 200 13718 "https://r.lookismmanga.com/comic/lookism-chapter-356/" "Mozilla/5.0 (Linux; Android 7.0; SM-G930V Build/NRD90M) AppleWebKit/537.36 (KHTML, like Gecko) Chrome/59.0.3071.125 Mobile Safari/537.36 (compatible; Google-Read-Aloud; +https://support.google.com/webmasters/answer/1061943)"
66.102.6.100 - - [15/Aug/2024:09:45:12 -0400] "GET /wp-content/plugins/simple-social-buttons/assets/js/front.js?ver=5.1.3 HTTP/1.1" 200 1577 "https://r.lookismmanga.com/comic/lookism-chapter-356/" "Mozilla/5.0 (Linux; Android 7.0; SM-G930V Build/NRD90M) AppleWebKit/537.36 (KHTML, like Gecko) Chrome/59.0.3071.125 Mobile Safari/537.36 (compatible; Google-Read-Aloud; +https://support.google.com/webmasters/answer/1061943)"
66.102.6.98 - - [15/Aug/2024:09:45:12 -0400] "GET /wp-content/themes/toivo-lite/fonts/genericons/genericons/genericons.min.css?ver=3.3 HTTP/1.1" 200 15959 "https://r.lookismmanga.com/comic/lookism-chapter-356/" "Mozilla/5.0 (Linux; Android 7.0; SM-G930V Build/NRD90M) AppleWebKit/537.36 (KHTML, like Gecko) Chrome/59.0.3071.125 Mobile Safari/537.36 (compatible; Google-Read-Aloud; +https://support.google.com/webmasters/answer/1061943)"
66.102.6.100 - - [15/Aug/2024:09:45:12 -0400] "GET /wp-content/plugins/simple-social-buttons/assets/fonts/ssb-icon.ttf?eahqa2 HTTP/1.1" 200 6212 "https://r.lookismmanga.com/wp-content/plugins/simple-social-buttons/assets/css/front.css?ver=5.1.3" "Mozilla/5.0 (Linux; Android 7.0; SM-G930V Build/NRD90M) AppleWebKit/537.36 (KHTML, like Gecko) Chrome/59.0.3071.125 Mobile Safari/537.36 (compatible; Google-Read-Aloud; +https://support.google.com/webmasters/answer/1061943)"
66.102.6.98 - - [15/Aug/2024:09:45:12 -0400] "GET /wp-content/plugins/disqus-comment-system/public/js/comment_embed.js?ver=3.1.1 HTTP/1.1" 200 653 "https://r.lookismmanga.com/comic/lookism-chapter-356/" "Mozilla/5.0 (Linux; Android 7.0; SM-G930V Build/NRD90M) AppleWebKit/537.36 (KHTML, like Gecko) Chrome/59.0.3071.125 Mobile Safari/537.36 (compatible; Google-Read-Aloud; +https://support.google.com/webmasters/answer/1061943)"
66.102.6.100 - - [15/Aug/2024:09:45:12 -0400] "GET /wp-content/themes/toivo-lite/js/settings.min.js?ver=1.2.0 HTTP/1.1" 200 307 "https://r.lookismmanga.com/comic/lookism-chapter-356/" "Mozilla/5.0 (Linux; Android 7.0; SM-G930V Build/NRD90M) AppleWebKit/537.36 (KHTML, like Gecko) Chrome/59.0.3071.125 Mobile Safari/537.36 (compatible; Google-Read-Aloud; +https://support.google.com/webmasters/answer/1061943)"
66.102.6.97 - - [15/Aug/2024:09:45:12 -0400] "GET /wp-content/plugins/wp-rocket/assets/js/lcp-beacon.min.js HTTP/1.1" 200 2232 "https://r.lookismmanga.com/comic/lookism-chapter-356/" "Mozilla/5.0 (Linux; Android 7.0; SM-G930V Build/NRD90M) AppleWebKit/537.36 (KHTML, like Gecko) Chrome/59.0.3071.125 Mobile Safari/537.36 (compatible; Google-Read-Aloud; +https://support.google.com/webmasters/answer/1061943)"
66.102.6.98 - - [15/Aug/2024:09:45:12 -0400] "GET /wp-content/plugins/simple-social-buttons/assets/fonts/ssb-icon.ttf?eahqa2 HTTP/1.1" 200 6212 "https://r.lookismmanga.com/wp-content/plugins/simple-social-buttons/assets/css/front.css?ver=5.1.3" "Mozilla/5.0 (Linux; Android 7.0; SM-G930V Build/NRD90M) AppleWebKit/537.36 (KHTML, like Gecko) Chrome/59.0.3071.125 Mobile Safari/537.36 (compatible; Google-Read-Aloud; +https://support.google.com/webmasters/answer/1061943)"
66.102.6.100 - - [15/Aug/2024:09:45:13 -0400] "POST /wp-admin/admin-ajax.php HTTP/1.1" 200 69 "https://r.lookismmanga.com/comic/lookism-chapter-356/" "Mozilla/5.0 (Linux; Android 7.0; SM-G930V Build/NRD90M) AppleWebKit/537.36 (KHTML, like Gecko) Chrome/59.0.3071.125 Mobile Safari/537.36 (compatible; Google-Read-Aloud; +https://support.google.com/webmasters/answer/1061943)"
112.201.173.137 - - [15/Aug/2024:09:45:17 -0400] "GET /comic/lookism-chapter-364/ HTTP/1.1" 200 11849 "https://r.lookismmanga.com/comic/lookism-chapter-356/" "Mozilla/5.0 (Linux; Android 10; K) AppleWebKit/537.36 (KHTML, like Gecko) Chrome/127.0.0.0 Mobile Safari/537.36"
162.0.232.193 - - [15/Aug/2024:09:45:18 -0400] "POST /wp-cron.php?doing_wp_cron=1723729518.1968309879302978515625 HTTP/1.1" 200 0 "-" "WordPress/6.5.5; https://r.lookismmanga.com"
112.201.173.137 - - [15/Aug/2024:09:45:18 -0400] "GET / HTTP/1.1" 304 0 "https://r.lookismmanga.com/" "Mozilla/5.0 (Linux; Android 10; K) AppleWebKit/537.36 (KHTML, like Gecko) Chrome/127.0.0.0 Mobile Safari/537.36"
112.201.173.137 - - [15/Aug/2024:09:45:17 -0400] "POST /wp-admin/admin-ajax.php HTTP/1.1" 200 69 "https://r.lookismmanga.com/comic/lookism-chapter-364/" "Mozilla/5.0 (Linux; Android 10; K) AppleWebKit/537.36 (KHTML, like Gecko) Chrome/127.0.0.0 Mobile Safari/537.36"
112.201.173.137 - - [15/Aug/2024:09:45:19 -0400] "GET /comic/lookism-chapter-356/ HTTP/1.1" 304 0 "https://r.lookismmanga.com/comic/lookism-chapter-364/" "Mozilla/5.0 (Linux; Android 10; K) AppleWebKit/537.36 (KHTML, like Gecko) Chrome/127.0.0.0 Mobile Safari/537.36"
51.222.253.7 - - [15/Aug/2024:09:45:20 -0400] "GET /lookism/lookism-chapter-160/ HTTP/1.1" 301 0 "-" "Mozilla/5.0 (compatible; AhrefsBot/7.0; +http://ahrefs.com/robot/)"
112.201.173.137 - - [15/Aug/2024:09:45:20 -0400] "POST /wp-admin/admin-ajax.php HTTP/1.1" 200 69 "https://r.lookismmanga.com/comic/lookism-chapter-356/" "Mozilla/5.0 (Linux; Android 10; K) AppleWebKit/537.36 (KHTML, like Gecko) Chrome/127.0.0.0 Mobile Safari/537.36"
112.201.173.137 - - [15/Aug/2024:09:45:24 -0400] "GET /comic/lookism-chapter-1/ HTTP/1.1" 200 11405 "https://r.lookismmanga.com/comic/lookism-chapter-356/" "Mozilla/5.0 (Linux; Android 10; K) AppleWebKit/537.36 (KHTML, like Gecko) Chrome/127.0.0.0 Mobile Safari/537.36"
112.201.173.137 - - [15/Aug/2024:09:45:28 -0400] "GET /comic/lookism-chapter-2/ HTTP/1.1" 200 11865 "https://r.lookismmanga.com/comic/lookism-chapter-1/" "Mozilla/5.0 (Linux; Android 10; K) AppleWebKit/537.36 (KHTML, like Gecko) Chrome/127.0.0.0 Mobile Safari/537.36"
66.102.6.98 - - [15/Aug/2024:09:45:29 -0400] "GET /comic/lookism-chapter-1/ HTTP/1.1" 200 11405 "-" "Mozilla/5.0 (Linux; Android 7.0; SM-G930V Build/NRD90M) AppleWebKit/537.36 (KHTML, like Gecko) Chrome/59.0.3071.125 Mobile Safari/537.36 (compatible; Google-Read-Aloud; +https://support.google.com/webmasters/answer/1061943)"
66.102.6.99 - - [15/Aug/2024:09:45:29 -0400] "GET /comic/lookism-chapter-1/ HTTP/1.1" 200 11405 "-" "Mozilla/5.0 (Linux; Android 7.0; SM-G930V Build/NRD90M) AppleWebKit/537.36 (KHTML, like Gecko) Chrome/59.0.3071.125 Mobile Safari/537.36 (compatible; Google-Read-Aloud; +https://support.google.com/webmasters/answer/1061943)"
112.201.173.137 - - [15/Aug/2024:09:45:29 -0400] "POST /wp-admin/admin-ajax.php HTTP/1.1" 200 69 "https://r.lookismmanga.com/comic/lookism-chapter-2/" "Mozilla/5.0 (Linux; Android 10; K) AppleWebKit/537.36 (KHTML, like Gecko) Chrome/127.0.0.0 Mobile Safari/537.36"
112.201.173.137 - - [15/Aug/2024:09:45:29 -0400] "GET /tag/read-lookism/ HTTP/1.1" 301 0 "https://r.lookismmanga.com/comic/lookism-chapter-2/" "Mozilla/5.0 (Linux; Android 10; K) AppleWebKit/537.36 (KHTML, like Gecko) Chrome/127.0.0.0 Mobile Safari/537.36"
112.201.173.137 - - [15/Aug/2024:09:45:30 -0400] "GET / HTTP/1.1" 304 0 "https://r.lookismmanga.com/" "Mozilla/5.0 (Linux; Android 10; K) AppleWebKit/537.36 (KHTML, like Gecko) Chrome/127.0.0.0 Mobile Safari/537.36"
112.201.173.137 - - [15/Aug/2024:09:45:33 -0400] "GET /comic/lookism-chapter-3/ HTTP/1.1" 200 11769 "https://r.lookismmanga.com/comic/lookism-chapter-2/" "Mozilla/5.0 (Linux; Android 10; K) AppleWebKit/537.36 (KHTML, like Gecko) Chrome/127.0.0.0 Mobile Safari/537.36"
66.102.6.99 - - [15/Aug/2024:09:45:34 -0400] "GET /comic/lookism-chapter-2/ HTTP/1.1" 200 11865 "-" "Mozilla/5.0 (Linux; Android 7.0; SM-G930V Build/NRD90M) AppleWebKit/537.36 (KHTML, like Gecko) Chrome/59.0.3071.125 Mobile Safari/537.36 (compatible; Google-Read-Aloud; +https://support.google.com/webmasters/answer/1061943)"
66.102.6.97 - - [15/Aug/2024:09:45:34 -0400] "GET /comic/lookism-chapter-2/ HTTP/1.1" 200 11865 "-" "Mozilla/5.0 (Linux; Android 7.0; SM-G930V Build/NRD90M) AppleWebKit/537.36 (KHTML, like Gecko) Chrome/59.0.3071.125 Mobile Safari/537.36 (compatible; Google-Read-Aloud; +https://support.google.com/webmasters/answer/1061943)"
66.102.6.98 - - [15/Aug/2024:09:45:34 -0400] "GET /wp-includes/js/jquery/jquery.min.js?ver=3.7.1 HTTP/1.1" 200 29744 "https://r.lookismmanga.com/comic/lookism-chapter-2/" "Mozilla/5.0 (Linux; Android 7.0; SM-G930V Build/NRD90M) AppleWebKit/537.36 (KHTML, like Gecko) Chrome/59.0.3071.125 Mobile Safari/537.36 (compatible; Google-Read-Aloud; +https://support.google.com/webmasters/answer/1061943)"
66.102.6.100 - - [15/Aug/2024:09:45:34 -0400] "GET /wp-content/plugins/comic-easel/js/keynav.js HTTP/1.1" 200 302 "https://r.lookismmanga.com/comic/lookism-chapter-2/" "Mozilla/5.0 (Linux; Android 7.0; SM-G930V Build/NRD90M) AppleWebKit/537.36 (KHTML, like Gecko) Chrome/59.0.3071.125 Mobile Safari/537.36 (compatible; Google-Read-Aloud; +https://support.google.com/webmasters/answer/1061943)"
66.102.6.98 - - [15/Aug/2024:09:45:34 -0400] "GET /wp-content/plugins/disqus-comment-system/public/js/comment_count.js?ver=3.1.1 HTTP/1.1" 200 354 "https://r.lookismmanga.com/comic/lookism-chapter-2/" "Mozilla/5.0 (Linux; Android 7.0; SM-G930V Build/NRD90M) AppleWebKit/537.36 (KHTML, like Gecko) Chrome/59.0.3071.125 Mobile Safari/537.36 (compatible; Google-Read-Aloud; +https://support.google.com/webmasters/answer/1061943)"
66.102.6.98 - - [15/Aug/2024:09:45:34 -0400] "GET /wp-includes/js/comment-reply.min.js?ver=6.5.5 HTTP/1.1" 200 1228 "https://r.lookismmanga.com/comic/lookism-chapter-2/" "Mozilla/5.0 (Linux; Android 7.0; SM-G930V Build/NRD90M) AppleWebKit/537.36 (KHTML, like Gecko) Chrome/59.0.3071.125 Mobile Safari/537.36 (compatible; Google-Read-Aloud; +https://support.google.com/webmasters/answer/1061943)"
112.201.173.137 - - [15/Aug/2024:09:45:34 -0400] "POST /wp-admin/admin-ajax.php HTTP/1.1" 200 69 "https://r.lookismmanga.com/comic/lookism-chapter-3/" "Mozilla/5.0 (Linux; Android 10; K) AppleWebKit/537.36 (KHTML, like Gecko) Chrome/127.0.0.0 Mobile Safari/537.36"
66.102.6.99 - - [15/Aug/2024:09:45:35 -0400] "POST /wp-admin/admin-ajax.php HTTP/1.1" 200 69 "https://r.lookismmanga.com/comic/lookism-chapter-2/" "Mozilla/5.0 (Linux; Android 7.0; SM-G930V Build/NRD90M) AppleWebKit/537.36 (KHTML, like Gecko) Chrome/59.0.3071.125 Mobile Safari/537.36 (compatible; Google-Read-Aloud; +https://support.google.com/webmasters/answer/1061943)"
112.201.173.137 - - [15/Aug/2024:09:45:36 -0400] "GET /comic/lookism-chapter-2/ HTTP/1.1" 304 0 "https://r.lookismmanga.com/comic/lookism-chapter-3/" "Mozilla/5.0 (Linux; Android 10; K) AppleWebKit/537.36 (KHTML, like Gecko) Chrome/127.0.0.0 Mobile Safari/537.36"
162.0.232.193 - - [15/Aug/2024:09:45:37 -0400] "POST /wp-cron.php?doing_wp_cron=1723729537.2812030315399169921875 HTTP/1.1" 200 0 "-" "WordPress/6.5.5; https://r.lookismmanga.com"
112.201.173.137 - - [15/Aug/2024:09:45:37 -0400] "GET / HTTP/1.1" 304 0 "https://r.lookismmanga.com/" "Mozilla/5.0 (Linux; Android 10; K) AppleWebKit/537.36 (KHTML, like Gecko) Chrome/127.0.0.0 Mobile Safari/537.36"
112.201.173.137 - - [15/Aug/2024:09:45:38 -0400] "GET /comic/lookism-chapter-1/ HTTP/1.1" 304 0 "https://r.lookismmanga.com/comic/lookism-chapter-2/" "Mozilla/5.0 (Linux; Android 10; K) AppleWebKit/537.36 (KHTML, like Gecko) Chrome/127.0.0.0 Mobile Safari/537.36"
112.201.173.137 - - [15/Aug/2024:09:45:37 -0400] "POST /wp-admin/admin-ajax.php HTTP/1.1" 200 69 "https://r.lookismmanga.com/comic/lookism-chapter-2/" "Mozilla/5.0 (Linux; Android 10; K) AppleWebKit/537.36 (KHTML, like Gecko) Chrome/127.0.0.0 Mobile Safari/537.36"
112.201.173.137 - - [15/Aug/2024:09:45:39 -0400] "GET / HTTP/1.1" 304 0 "https://r.lookismmanga.com/" "Mozilla/5.0 (Linux; Android 10; K) AppleWebKit/537.36 (KHTML, like Gecko) Chrome/127.0.0.0 Mobile Safari/537.36"
112.201.173.137 - - [15/Aug/2024:09:45:40 -0400] "GET /category/lookism-manhwa/ HTTP/1.1" 200 10371 "https://r.lookismmanga.com/comic/lookism-chapter-1/" "Mozilla/5.0 (Linux; Android 10; K) AppleWebKit/537.36 (KHTML, like Gecko) Chrome/127.0.0.0 Mobile Safari/537.36"
112.201.173.137 - - [15/Aug/2024:09:45:42 -0400] "GET /privacy-policy/ HTTP/1.1" 200 13138 "https://r.lookismmanga.com/comic/lookism-chapter-1/" "Mozilla/5.0 (Linux; Android 10; K) AppleWebKit/537.36 (KHTML, like Gecko) Chrome/127.0.0.0 Mobile Safari/537.36"
112.201.173.137 - - [15/Aug/2024:09:45:46 -0400] "GET /category/lookism-spoilers/ HTTP/1.1" 200 10496 "https://r.lookismmanga.com/category/lookism-manhwa/" "Mozilla/5.0 (Linux; Android 10; K) AppleWebKit/537.36 (KHTML, like Gecko) Chrome/127.0.0.0 Mobile Safari/537.36"
112.201.173.137 - - [15/Aug/2024:09:45:53 -0400] "GET / HTTP/1.1" 304 0 "https://r.lookismmanga.com/" "Mozilla/5.0 (Linux; Android 10; K) AppleWebKit/537.36 (KHTML, like Gecko) Chrome/127.0.0.0 Mobile Safari/537.36"
112.201.173.137 - - [15/Aug/2024:09:46:02 -0400] "GET /category/lookism-webtoon/ HTTP/1.1" 200 10354 "https://r.lookismmanga.com/category/lookism-manhwa/" "Mozilla/5.0 (Linux; Android 10; K) AppleWebKit/537.36 (KHTML, like Gecko) Chrome/127.0.0.0 Mobile Safari/537.36"
112.201.173.137 - - [15/Aug/2024:09:46:11 -0400] "GET /lookism-chapter-511/ HTTP/1.1" 200 11953 "https://r.lookismmanga.com/category/lookism-webtoon/" "Mozilla/5.0 (Linux; Android 10; K) AppleWebKit/537.36 (KHTML, like Gecko) Chrome/127.0.0.0 Mobile Safari/537.36"
162.0.232.193 - - [15/Aug/2024:09:46:12 -0400] "POST /wp-cron.php?doing_wp_cron=1723729572.1765849590301513671875 HTTP/1.1" 200 0 "-" "WordPress/6.5.5; https://r.lookismmanga.com"
112.201.173.137 - - [15/Aug/2024:09:46:12 -0400] "POST /wp-admin/admin-ajax.php HTTP/1.1" 200 69 "https://r.lookismmanga.com/lookism-chapter-511/" "Mozilla/5.0 (Linux; Android 10; K) AppleWebKit/537.36 (KHTML, like Gecko) Chrome/127.0.0.0 Mobile Safari/537.36"
112.201.173.137 - - [15/Aug/2024:09:46:15 -0400] "GET /comic/lookism-chapter-1/ HTTP/1.1" 304 0 "https://r.lookismmanga.com/lookism-chapter-511/" "Mozilla/5.0 (Linux; Android 10; K) AppleWebKit/537.36 (KHTML, like Gecko) Chrome/127.0.0.0 Mobile Safari/537.36"
2a03:2880:22ff:72::face:b00c - - [15/Aug/2024:09:46:16 -0400] "GET /?p=2119 HTTP/1.1" 301 0 "-" "meta-externalagent/1.1 (+https://developers.facebook.com/docs/sharing/webmasters/crawler)"
112.201.173.137 - - [15/Aug/2024:09:46:17 -0400] "GET / HTTP/1.1" 304 0 "https://r.lookismmanga.com/comic/lookism-chapter-1/" "Mozilla/5.0 (Linux; Android 10; K) AppleWebKit/537.36 (KHTML, like Gecko) Chrome/127.0.0.0 Mobile Safari/537.36"
112.201.173.137 - - [15/Aug/2024:09:46:35 -0400] "GET /comic/lookism-chapter-294/ HTTP/1.1" 200 13459 "https://r.lookismmanga.com/" "Mozilla/5.0 (Linux; Android 10; K) AppleWebKit/537.36 (KHTML, like Gecko) Chrome/127.0.0.0 Mobile Safari/537.36"
112.201.173.137 - - [15/Aug/2024:09:46:50 -0400] "GET /comic/lookism-chapter-157/ HTTP/1.1" 200 12207 "https://r.lookismmanga.com/" "Mozilla/5.0 (Linux; Android 10; K) AppleWebKit/537.36 (KHTML, like Gecko) Chrome/127.0.0.0 Mobile Safari/537.36"
162.0.232.193 - - [15/Aug/2024:09:46:51 -0400] "POST /wp-cron.php?doing_wp_cron=1723729610.8590760231018066406250 HTTP/1.1" 200 0 "-" "WordPress/6.5.5; https://r.lookismmanga.com"
112.201.173.137 - - [15/Aug/2024:09:46:50 -0400] "POST /wp-admin/admin-ajax.php HTTP/1.1" 200 69 "https://r.lookismmanga.com/comic/lookism-chapter-157/" "Mozilla/5.0 (Linux; Android 10; K) AppleWebKit/537.36 (KHTML, like Gecko) Chrome/127.0.0.0 Mobile Safari/537.36"
112.201.173.137 - - [15/Aug/2024:09:46:59 -0400] "GET / HTTP/1.1" 304 0 "https://r.lookismmanga.com/" "Mozilla/5.0 (Linux; Android 10; K) AppleWebKit/537.36 (KHTML, like Gecko) Chrome/127.0.0.0 Mobile Safari/537.36"
162.0.232.193 - - [15/Aug/2024:09:47:00 -0400] "POST /wp-cron.php?doing_wp_cron=1723729620.3076798915863037109375 HTTP/1.1" 200 0 "-" "WordPress/6.5.5; https://r.lookismmanga.com"
51.222.253.1 - - [15/Aug/2024:09:47:00 -0400] "GET /lookism/lookism-chapter-158/ HTTP/1.1" 301 0 "-" "Mozilla/5.0 (compatible; AhrefsBot/7.0; +http://ahrefs.com/robot/)"
162.0.232.193 - - [15/Aug/2024:09:47:19 -0400] "POST /wp-cron.php?doing_wp_cron=1723729639.4109539985656738281250 HTTP/1.1" 200 0 "-" "WordPress/6.5.5; https://r.lookismmanga.com"
2a03:2880:2ff:14::face:b00c - - [15/Aug/2024:09:47:19 -0400] "GET /lookism/lookism-chapter-258/ HTTP/1.1" 301 0 "-" "meta-externalagent/1.1 (+https://developers.facebook.com/docs/sharing/webmasters/crawler)"
2405:acc0:1306:1350:bdae:4bd0:1e74:93d - - [15/Aug/2024:09:47:37 -0400] "GET / HTTP/1.1" 200 11603 "https://www.bing.com/" "Mozilla/5.0 (Windows NT 10.0; Win64; x64) AppleWebKit/537.36 (KHTML, like Gecko) Chrome/127.0.0.0 Safari/537.36 Edg/127.0.0.0"
162.0.232.193 - - [15/Aug/2024:09:47:37 -0400] "POST /wp-cron.php?doing_wp_cron=1723729657.7040920257568359375000 HTTP/1.1" 200 0 "-" "WordPress/6.5.5; https://r.lookismmanga.com"
51.222.253.5 - - [15/Aug/2024:09:47:37 -0400] "GET /lookism/lookism-chapter-157/ HTTP/1.1" 301 0 "-" "Mozilla/5.0 (compatible; AhrefsBot/7.0; +http://ahrefs.com/robot/)"
2405:acc0:1306:1350:bdae:4bd0:1e74:93d - - [15/Aug/2024:09:47:39 -0400] "GET /category/lookism-webtoon/ HTTP/1.1" 200 10360 "https://r.lookismmanga.com/" "Mozilla/5.0 (Windows NT 10.0; Win64; x64) AppleWebKit/537.36 (KHTML, like Gecko) Chrome/127.0.0.0 Safari/537.36 Edg/127.0.0.0"
2405:acc0:1306:1350:bdae:4bd0:1e74:93d - - [15/Aug/2024:09:47:43 -0400] "GET /comic/lookism-chapter-514/ HTTP/1.1" 200 10596 "https://r.lookismmanga.com/" "Mozilla/5.0 (Windows NT 10.0; Win64; x64) AppleWebKit/537.36 (KHTML, like Gecko) Chrome/127.0.0.0 Safari/537.36 Edg/127.0.0.0"
2405:acc0:1306:1350:bdae:4bd0:1e74:93d - - [15/Aug/2024:09:47:43 -0400] "GET /comic/lookism-chapter-514/ HTTP/1.1" 304 0 "https://r.lookismmanga.com/" "Mozilla/5.0 (Windows NT 10.0; Win64; x64) AppleWebKit/537.36 (KHTML, like Gecko) Chrome/127.0.0.0 Safari/537.36 Edg/127.0.0.0"
2405:acc0:1306:1350:bdae:4bd0:1e74:93d - - [15/Aug/2024:09:47:48 -0400] "GET /comic/lookism-chapter-510/ HTTP/1.1" 200 11511 "https://r.lookismmanga.com/comic/lookism-chapter-514/" "Mozilla/5.0 (Windows NT 10.0; Win64; x64) AppleWebKit/537.36 (KHTML, like Gecko) Chrome/127.0.0.0 Safari/537.36 Edg/127.0.0.0"
162.0.232.193 - - [15/Aug/2024:09:48:06 -0400] "POST /wp-cron.php?doing_wp_cron=1723729686.2419209480285644531250 HTTP/1.1" 200 0 "-" "WordPress/6.5.5; https://r.lookismmanga.com"
51.222.253.4 - - [15/Aug/2024:09:48:06 -0400] "GET /lookism/lookism-chapter-429/ HTTP/1.1" 301 0 "-" "Mozilla/5.0 (compatible; AhrefsBot/7.0; +http://ahrefs.com/robot/)"
162.0.232.193 - - [15/Aug/2024:09:48:28 -0400] "POST /wp-cron.php?doing_wp_cron=1723729707.8160469532012939453125 HTTP/1.1" 200 0 "-" "WordPress/6.5.5; https://r.lookismmanga.com"
51.222.253.1 - - [15/Aug/2024:09:48:27 -0400] "GET /lookism/lookism-chapter-367/ HTTP/1.1" 301 0 "-" "Mozilla/5.0 (compatible; AhrefsBot/7.0; +http://ahrefs.com/robot/)"
114.10.99.187 - - [15/Aug/2024:09:50:05 -0400] "GET /wp-content/plugins/simple-social-buttons/assets/fonts/ssb-icon.ttf?eahqa2 HTTP/1.1" 200 6212 "https://r.lookismmanga.com/comic/lookism-chapter-512/" "Mozilla/5.0 (iPhone; CPU iPhone OS 17_5_1 like Mac OS X) AppleWebKit/605.1.15 (KHTML, like Gecko) Version/17.5 Mobile/15E148 Safari/604.1"
114.10.99.187 - - [15/Aug/2024:09:50:09 -0400] "GET / HTTP/1.1" 200 11596 "https://duckduckgo.com/" "Mozilla/5.0 (iPhone; CPU iPhone OS 17_5_1 like Mac OS X) AppleWebKit/605.1.15 (KHTML, like Gecko) Version/17.5 Mobile/15E148 Safari/604.1"
2405:acc0:1306:1350:bdae:4bd0:1e74:93d - - [15/Aug/2024:09:50:39 -0400] "GET / HTTP/1.1" 304 0 "https://www.bing.com/" "Mozilla/5.0 (Windows NT 10.0; Win64; x64) AppleWebKit/537.36 (KHTML, like Gecko) Chrome/127.0.0.0 Safari/537.36 Edg/127.0.0.0"
2405:acc0:1306:1350:bdae:4bd0:1e74:93d - - [15/Aug/2024:09:50:40 -0400] "GET / HTTP/1.1" 304 0 "https://r.lookismmanga.com/" "Mozilla/5.0 (Windows NT 10.0; Win64; x64) AppleWebKit/537.36 (KHTML, like Gecko) Chrome/127.0.0.0 Safari/537.36 Edg/127.0.0.0"
162.0.232.193 - - [15/Aug/2024:09:50:49 -0400] "POST /wp-cron.php?doing_wp_cron=1723729848.9992079734802246093750 HTTP/1.1" 200 0 "-" "WordPress/6.5.5; https://r.lookismmanga.com"
