2405:8100:8000:5ca1::1cd:c4a2 - - [15/Aug/2024:13:27:37 -0400] "GET /comic/lookism-chapter-514/ HTTP/1.1" 200 10596 "https://r.lookismmanga.com/" "Mozilla/5.0 (Windows NT 10.0; rv:109.0) Gecko/20100101 Firefox/115.0"
103.118.77.124 - - [15/Aug/2024:13:27:40 -0400] "GET /comic/lookism-chapter-510-1/ HTTP/1.1" 200 11146 "https://r.lookismmanga.com/" "Mozilla/5.0 (Windows NT 10.0; Win64; x64) AppleWebKit/537.36 (KHTML, like Gecko) Chrome/127.0.0.0 Safari/537.36 Edg/127.0.0.0"
103.118.77.124 - - [15/Aug/2024:13:27:40 -0400] "GET /comic/lookism-chapter-514/ HTTP/1.1" 200 10596 "https://r.lookismmanga.com/" "Mozilla/5.0 (Windows NT 10.0; Win64; x64) AppleWebKit/537.36 (KHTML, like Gecko) Chrome/127.0.0.0 Safari/537.36 Edg/127.0.0.0"
24.186.82.71 - - [15/Aug/2024:13:27:43 -0400] "GET / HTTP/1.1" 200 11603 "https://www.bing.com/" "Mozilla/5.0 (Windows NT 10.0; Win64; x64) AppleWebKit/537.36 (KHTML, like Gecko) Chrome/127.0.0.0 Safari/537.36 Edg/127.0.0.0"
24.186.82.71 - - [15/Aug/2024:13:27:43 -0400] "GET /wp-content/uploads/2024/02/lookismkmanhwabookvolume5dkshop-753x1024.webp HTTP/1.1" 200 76864 "https://r.lookismmanga.com/" "Mozilla/5.0 (Windows NT 10.0; Win64; x64) AppleWebKit/537.36 (KHTML, like Gecko) Chrome/127.0.0.0 Safari/537.36 Edg/127.0.0.0"
170.238.187.140 - - [15/Aug/2024:13:24:59 -0400] "GET /category/lookism-manhwa/ HTTP/1.1" 200 10372 "https://r.lookismmanga.com/comic/lookism-chapter-514/" "Mozilla/5.0 (Windows NT 10.0; Win64; x64) AppleWebKit/537.36 (KHTML, like Gecko) Chrome/127.0.0.0 Safari/537.36 Edg/127.0.0.0"
162.0.232.193 - - [15/Aug/2024:13:25:22 -0400] "POST /wp-cron.php?doing_wp_cron=1723742722.2780919075012207031250 HTTP/1.1" 200 0 "-" "WordPress/6.5.5; https://r.lookismmanga.com"
5.255.231.105 - - [15/Aug/2024:13:25:22 -0400] "GET /feed/ HTTP/1.1" 200 6035 "-" "Mozilla/5.0 (compatible; YandexBot/3.0; +http://yandex.com/bots)"
162.0.232.193 - - [15/Aug/2024:13:25:23 -0400] "GET /comic/lookism-chapter-9/ HTTP/1.1" 200 11626 "-" "WP Rocket/Preload"
213.180.203.182 - - [15/Aug/2024:13:25:24 -0400] "GET /comic/lookism-chapter-511-2/feed/ HTTP/1.1" 200 413 "-" "Mozilla/5.0 (compatible; YandexBot/3.0; +http://yandex.com/bots)"
162.0.232.193 - - [15/Aug/2024:13:25:24 -0400] "GET /comic/lookism-chapter-9/ HTTP/1.1" 200 11626 "-" "WP Rocket/Preload Mozilla/5.0 (iPhone; CPU iPhone OS 9_1 like Mac OS X) AppleWebKit/601.1.46 (KHTML, like Gecko) Version/9.0 Mobile/13B143 Safari/601.1"
5.255.231.164 - - [15/Aug/2024:13:25:25 -0400] "GET /comic/ HTTP/1.1" 200 13236 "-" "Mozilla/5.0 (compatible; YandexBot/3.0; +http://yandex.com/bots)"
162.0.232.193 - - [15/Aug/2024:13:25:25 -0400] "GET /comic/lookism-chapter-337/ HTTP/1.1" 200 12935 "-" "WP Rocket/Preload"
162.0.232.193 - - [15/Aug/2024:13:25:26 -0400] "GET /comic/lookism-chapter-337/ HTTP/1.1" 200 12936 "-" "WP Rocket/Preload Mozilla/5.0 (iPhone; CPU iPhone OS 9_1 like Mac OS X) AppleWebKit/601.1.46 (KHTML, like Gecko) Version/9.0 Mobile/13B143 Safari/601.1"
162.0.232.193 - - [15/Aug/2024:13:25:27 -0400] "GET /comic/lookism-chapter-31/ HTTP/1.1" 200 11558 "-" "WP Rocket/Preload"
162.0.232.193 - - [15/Aug/2024:13:25:29 -0400] "GET /comic/lookism-chapter-31/ HTTP/1.1" 200 11561 "-" "WP Rocket/Preload Mozilla/5.0 (iPhone; CPU iPhone OS 9_1 like Mac OS X) AppleWebKit/601.1.46 (KHTML, like Gecko) Version/9.0 Mobile/13B143 Safari/601.1"
162.0.232.193 - - [15/Aug/2024:13:25:30 -0400] "GET /comic/lookism-chapter-390/ HTTP/1.1" 200 11355 "-" "WP Rocket/Preload"
162.0.232.193 - - [15/Aug/2024:13:25:31 -0400] "GET /comic/lookism-chapter-390/ HTTP/1.1" 200 11356 "-" "WP Rocket/Preload Mozilla/5.0 (iPhone; CPU iPhone OS 9_1 like Mac OS X) AppleWebKit/601.1.46 (KHTML, like Gecko) Version/9.0 Mobile/13B143 Safari/601.1"
162.0.232.193 - - [15/Aug/2024:13:25:32 -0400] "GET /comic/lookism-chapter-398/ HTTP/1.1" 200 11405 "-" "WP Rocket/Preload"
162.0.232.193 - - [15/Aug/2024:13:25:33 -0400] "GET /comic/lookism-chapter-398/ HTTP/1.1" 200 11405 "-" "WP Rocket/Preload Mozilla/5.0 (iPhone; CPU iPhone OS 9_1 like Mac OS X) AppleWebKit/601.1.46 (KHTML, like Gecko) Version/9.0 Mobile/13B143 Safari/601.1"
2806:2a0:440:8bc6:f14c:77c7:562a:e21c - - [15/Aug/2024:13:27:43 -0400] "GET / HTTP/1.1" 200 11603 "https://www.bing.com/" "Mozilla/5.0 (Windows NT 10.0; Win64; x64) AppleWebKit/537.36 (KHTML, like Gecko) Chrome/127.0.0.0 Safari/537.36 Edg/127.0.0.0"
2607:fb91:2c27:a340:dce5:ddfa:8d5e:39be - - [15/Aug/2024:13:27:46 -0400] "GET / HTTP/1.1" 200 11596 "https://www.bing.com/" "Mozilla/5.0 (iPhone; CPU iPhone OS 17_5 like Mac OS X) AppleWebKit/605.1.15 (KHTML, like Gecko) EdgiOS/127.0.2651.81 Version/17.0 Mobile/15E148 Safari/604.1"
24.186.82.71 - - [15/Aug/2024:13:27:46 -0400] "GET /comic/lookism-chapter-507/ HTTP/1.1" 200 11520 "https://r.lookismmanga.com/" "Mozilla/5.0 (Windows NT 10.0; Win64; x64) AppleWebKit/537.36 (KHTML, like Gecko) Chrome/127.0.0.0 Safari/537.36 Edg/127.0.0.0"
2806:2a0:440:8bc6:f14c:77c7:562a:e21c - - [15/Aug/2024:13:27:50 -0400] "GET /comic/lookism-chapter-509/ HTTP/1.1" 200 11514 "https://r.lookismmanga.com/" "Mozilla/5.0 (Windows NT 10.0; Win64; x64) AppleWebKit/537.36 (KHTML, like Gecko) Chrome/127.0.0.0 Safari/537.36 Edg/127.0.0.0"
2405:8100:8000:5ca1::ca:e9e2 - - [15/Aug/2024:13:27:50 -0400] "GET / HTTP/1.1" 304 0 "https://r.lookismmanga.com/comic/lookism-chapter-514/" "Mozilla/5.0 (Windows NT 10.0; rv:109.0) Gecko/20100101 Firefox/115.0"
2806:2a0:440:8bc6:f14c:77c7:562a:e21c - - [15/Aug/2024:13:27:51 -0400] "GET /comic/lookism-chapter-514/ HTTP/1.1" 200 10643 "https://r.lookismmanga.com/" "Mozilla/5.0 (Windows NT 10.0; Win64; x64) AppleWebKit/537.36 (KHTML, like Gecko) Chrome/127.0.0.0 Safari/537.36 Edg/127.0.0.0"
2607:fb91:2c27:a340:dce5:ddfa:8d5e:39be - - [15/Aug/2024:13:27:51 -0400] "GET /comic/lookism-chapter-514/ HTTP/1.1" 200 10578 "https://r.lookismmanga.com/" "Mozilla/5.0 (iPhone; CPU iPhone OS 17_5 like Mac OS X) AppleWebKit/605.1.15 (KHTML, like Gecko) EdgiOS/127.0.2651.81 Version/17.0 Mobile/15E148 Safari/604.1"
2607:fb91:2c27:a340:dce5:ddfa:8d5e:39be - - [15/Aug/2024:13:27:52 -0400] "GET /comic/lookism-chapter-514/ HTTP/1.1" 200 10578 "-" "Mozilla/5.0 (iPhone; CPU iPhone OS 17_5 like Mac OS X) AppleWebKit/605.1.15 (KHTML, like Gecko) EdgiOS/127.0.2651.81 Version/17.0 Mobile/15E148 Safari/604.1"
162.0.232.193 - - [15/Aug/2024:13:28:40 -0400] "POST /wp-cron.php?doing_wp_cron=1723742920.6609029769897460937500 HTTP/1.1" 200 0 "-" "WordPress/6.5.5; https://r.lookismmanga.com"
66.249.68.65 - - [15/Aug/2024:13:28:40 -0400] "GET /lookism/lookism-chapter-152/ HTTP/1.1" 301 0 "-" "Mozilla/5.0 (Linux; Android 6.0.1; Nexus 5X Build/MMB29P) AppleWebKit/537.36 (KHTML, like Gecko) Chrome/127.0.6533.119 Mobile Safari/537.36 (compatible; Googlebot/2.1; +http://www.google.com/bot.html)"
66.249.68.65 - - [15/Aug/2024:13:28:41 -0400] "GET / HTTP/1.1" 200 11596 "-" "Mozilla/5.0 (Linux; Android 6.0.1; Nexus 5X Build/MMB29P) AppleWebKit/537.36 (KHTML, like Gecko) Chrome/127.0.6533.119 Mobile Safari/537.36 (compatible; Googlebot/2.1; +http://www.google.com/bot.html)"
162.0.232.193 - - [15/Aug/2024:13:28:41 -0400] "GET /comic/lookism-chapter-218/ HTTP/1.1" 200 12953 "-" "WP Rocket/Preload"
162.0.232.193 - - [15/Aug/2024:13:28:42 -0400] "GET /comic/lookism-chapter-218/ HTTP/1.1" 200 12781 "-" "WP Rocket/Preload Mozilla/5.0 (iPhone; CPU iPhone OS 9_1 like Mac OS X) AppleWebKit/601.1.46 (KHTML, like Gecko) Version/9.0 Mobile/13B143 Safari/601.1"
162.0.232.193 - - [15/Aug/2024:13:28:43 -0400] "GET /comic/lookism-chapter-216/ HTTP/1.1" 200 13223 "-" "WP Rocket/Preload"
162.0.232.193 - - [15/Aug/2024:13:28:45 -0400] "GET /comic/lookism-chapter-216/ HTTP/1.1" 200 13226 "-" "WP Rocket/Preload Mozilla/5.0 (iPhone; CPU iPhone OS 9_1 like Mac OS X) AppleWebKit/601.1.46 (KHTML, like Gecko) Version/9.0 Mobile/13B143 Safari/601.1"
162.0.232.193 - - [15/Aug/2024:13:28:46 -0400] "GET /comic/lookism-chapter-214/ HTTP/1.1" 200 12910 "-" "WP Rocket/Preload"
162.0.232.193 - - [15/Aug/2024:13:28:47 -0400] "GET /comic/lookism-chapter-214/ HTTP/1.1" 200 12909 "-" "WP Rocket/Preload Mozilla/5.0 (iPhone; CPU iPhone OS 9_1 like Mac OS X) AppleWebKit/601.1.46 (KHTML, like Gecko) Version/9.0 Mobile/13B143 Safari/601.1"
162.0.232.193 - - [15/Aug/2024:13:28:48 -0400] "GET /comic/lookism-chapter-303/ HTTP/1.1" 200 12821 "-" "WP Rocket/Preload"
162.0.232.193 - - [15/Aug/2024:13:28:49 -0400] "GET /comic/lookism-chapter-303/ HTTP/1.1" 200 12672 "-" "WP Rocket/Preload Mozilla/5.0 (iPhone; CPU iPhone OS 9_1 like Mac OS X) AppleWebKit/601.1.46 (KHTML, like Gecko) Version/9.0 Mobile/13B143 Safari/601.1"
162.0.232.193 - - [15/Aug/2024:13:28:51 -0400] "GET /comic/lookism-chapter-316/ HTTP/1.1" 200 0 "-" "WP Rocket/Preload"
162.0.232.193 - - [15/Aug/2024:13:28:52 -0400] "GET /comic/lookism-chapter-316/ HTTP/1.1" 200 13162 "-" "WP Rocket/Preload Mozilla/5.0 (iPhone; CPU iPhone OS 9_1 like Mac OS X) AppleWebKit/601.1.46 (KHTML, like Gecko) Version/9.0 Mobile/13B143 Safari/601.1"
162.0.232.193 - - [15/Aug/2024:13:28:53 -0400] "GET /comic/lookism-chapter-311/ HTTP/1.1" 200 13174 "-" "WP Rocket/Preload"
162.0.232.193 - - [15/Aug/2024:13:28:55 -0400] "GET /comic/lookism-chapter-311/ HTTP/1.1" 200 13175 "-" "WP Rocket/Preload Mozilla/5.0 (iPhone; CPU iPhone OS 9_1 like Mac OS X) AppleWebKit/601.1.46 (KHTML, like Gecko) Version/9.0 Mobile/13B143 Safari/601.1"
162.0.232.193 - - [15/Aug/2024:13:28:56 -0400] "GET /comic/lookism-chapter-290/ HTTP/1.1" 200 13524 "-" "WP Rocket/Preload"
162.0.232.193 - - [15/Aug/2024:13:28:57 -0400] "GET /comic/lookism-chapter-290/ HTTP/1.1" 200 13523 "-" "WP Rocket/Preload Mozilla/5.0 (iPhone; CPU iPhone OS 9_1 like Mac OS X) AppleWebKit/601.1.46 (KHTML, like Gecko) Version/9.0 Mobile/13B143 Safari/601.1"
162.0.232.193 - - [15/Aug/2024:13:28:58 -0400] "GET /comic/lookism-chapter-72/ HTTP/1.1" 200 11774 "-" "WP Rocket/Preload"
162.0.232.193 - - [15/Aug/2024:13:29:00 -0400] "GET /comic/lookism-chapter-72/ HTTP/1.1" 200 11775 "-" "WP Rocket/Preload Mozilla/5.0 (iPhone; CPU iPhone OS 9_1 like Mac OS X) AppleWebKit/601.1.46 (KHTML, like Gecko) Version/9.0 Mobile/13B143 Safari/601.1"
162.0.232.193 - - [15/Aug/2024:13:29:01 -0400] "GET /comic/lookism-chapter-77/ HTTP/1.1" 200 11792 "-" "WP Rocket/Preload"
162.0.232.193 - - [15/Aug/2024:13:29:02 -0400] "GET /comic/lookism-chapter-77/ HTTP/1.1" 200 11601 "-" "WP Rocket/Preload Mozilla/5.0 (iPhone; CPU iPhone OS 9_1 like Mac OS X) AppleWebKit/601.1.46 (KHTML, like Gecko) Version/9.0 Mobile/13B143 Safari/601.1"
162.0.232.193 - - [15/Aug/2024:13:29:31 -0400] "POST /wp-cron.php?doing_wp_cron=1723742971.0538980960845947265625 HTTP/1.1" 200 0 "-" "WordPress/6.5.5; https://r.lookismmanga.com"
66.249.68.66 - - [15/Aug/2024:13:29:30 -0400] "GET /lookism/lookism-chapter-152/ HTTP/1.1" 301 0 "-" "Googlebot-Image/1.0"
2607:fb91:2c27:a340:dce5:ddfa:8d5e:39be - - [15/Aug/2024:13:29:39 -0400] "GET / HTTP/1.1" 304 0 "https://www.bing.com/" "Mozilla/5.0 (iPhone; CPU iPhone OS 17_5 like Mac OS X) AppleWebKit/605.1.15 (KHTML, like Gecko) EdgiOS/127.0.2651.81 Version/17.0 Mobile/15E148 Safari/604.1"
106.221.102.190 - - [15/Aug/2024:13:29:46 -0400] "GET /comic/lookism-chapter-511/ HTTP/1.1" 200 11103 "https://duckduckgo.com/" "Mozilla/5.0 (X11; Ubuntu; Linux x86_64; rv:129.0) Gecko/20100101 Firefox/129.0"
106.221.102.190 - - [15/Aug/2024:13:29:48 -0400] "GET /wp-content/uploads/2024/02/MV5BMmI0NjY3NWYtMjEyYi00MjBlLWE4NDktNzNjZWNjMGUyY2U2XkEyXkFqcGdeQXVyMTUzNjM4ODE1._V1_-1024x576.jpg HTTP/1.1" 200 70245 "https://r.lookismmanga.com/comic/lookism-chapter-511/" "Mozilla/5.0 (X11; Ubuntu; Linux x86_64; rv:129.0) Gecko/20100101 Firefox/129.0"
106.221.102.190 - - [15/Aug/2024:13:29:49 -0400] "GET /wp-content/plugins/simple-social-buttons/assets/fonts/ssb-icon.ttf?eahqa2 HTTP/1.1" 200 6212 "https://r.lookismmanga.com/wp-content/plugins/simple-social-buttons/assets/css/front.css?ver=5.1.3" "Mozilla/5.0 (X11; Ubuntu; Linux x86_64; rv:129.0) Gecko/20100101 Firefox/129.0"
106.221.102.190 - - [15/Aug/2024:13:29:49 -0400] "GET /wp-content/themes/toivo-lite/fonts/genericons/genericons/Genericons.eot HTTP/1.1" 200 22760 "https://r.lookismmanga.com/wp-content/themes/toivo-lite/fonts/genericons/genericons/genericons.min.css?ver=3.3" "Mozilla/5.0 (X11; Ubuntu; Linux x86_64; rv:129.0) Gecko/20100101 Firefox/129.0"
162.0.232.193 - - [15/Aug/2024:13:29:50 -0400] "POST /wp-cron.php?doing_wp_cron=1723742989.8417348861694335937500 HTTP/1.1" 200 0 "-" "WordPress/6.5.5; https://r.lookismmanga.com"
162.0.232.193 - - [15/Aug/2024:13:29:50 -0400] "GET /comic/lookism-chapter-241/ HTTP/1.1" 200 12948 "-" "WP Rocket/Preload"
106.221.102.190 - - [15/Aug/2024:13:29:49 -0400] "POST /wp-admin/admin-ajax.php HTTP/1.1" 200 69 "https://r.lookismmanga.com/comic/lookism-chapter-511/" "Mozilla/5.0 (X11; Ubuntu; Linux x86_64; rv:129.0) Gecko/20100101 Firefox/129.0"
162.0.232.193 - - [15/Aug/2024:13:29:51 -0400] "GET /comic/lookism-chapter-241/ HTTP/1.1" 200 13028 "-" "WP Rocket/Preload Mozilla/5.0 (iPhone; CPU iPhone OS 9_1 like Mac OS X) AppleWebKit/601.1.46 (KHTML, like Gecko) Version/9.0 Mobile/13B143 Safari/601.1"
162.0.232.193 - - [15/Aug/2024:13:29:52 -0400] "GET /comic/lookism-chapter-82/ HTTP/1.1" 200 11723 "-" "WP Rocket/Preload"
162.0.232.193 - - [15/Aug/2024:13:29:53 -0400] "GET /comic/lookism-chapter-82/ HTTP/1.1" 200 11724 "-" "WP Rocket/Preload Mozilla/5.0 (iPhone; CPU iPhone OS 9_1 like Mac OS X) AppleWebKit/601.1.46 (KHTML, like Gecko) Version/9.0 Mobile/13B143 Safari/601.1"
162.0.232.193 - - [15/Aug/2024:13:29:55 -0400] "GET /comic/lookism-chapter-469/ HTTP/1.1" 200 11542 "-" "WP Rocket/Preload"
162.0.232.193 - - [15/Aug/2024:13:29:56 -0400] "GET /comic/lookism-chapter-469/ HTTP/1.1" 200 11543 "-" "WP Rocket/Preload Mozilla/5.0 (iPhone; CPU iPhone OS 9_1 like Mac OS X) AppleWebKit/601.1.46 (KHTML, like Gecko) Version/9.0 Mobile/13B143 Safari/601.1"
162.0.232.193 - - [15/Aug/2024:13:29:57 -0400] "GET /comic/lookism-chapter-232/ HTTP/1.1" 200 12851 "-" "WP Rocket/Preload"
162.0.232.193 - - [15/Aug/2024:13:29:58 -0400] "GET /comic/lookism-chapter-232/ HTTP/1.1" 200 12851 "-" "WP Rocket/Preload Mozilla/5.0 (iPhone; CPU iPhone OS 9_1 like Mac OS X) AppleWebKit/601.1.46 (KHTML, like Gecko) Version/9.0 Mobile/13B143 Safari/601.1"
2a03:2880:f800:9:: - - [15/Aug/2024:13:29:59 -0400] "GET /?p=2255 HTTP/1.1" 301 0 "-" "facebookexternalhit/1.1 (+http://www.facebook.com/externalhit_uatext.php)"
162.0.232.193 - - [15/Aug/2024:13:29:59 -0400] "GET /comic/lookism-chapter-236/ HTTP/1.1" 200 12925 "-" "WP Rocket/Preload"
162.0.232.193 - - [15/Aug/2024:13:30:00 -0400] "GET /comic/lookism-chapter-236/ HTTP/1.1" 200 12924 "-" "WP Rocket/Preload Mozilla/5.0 (iPhone; CPU iPhone OS 9_1 like Mac OS X) AppleWebKit/601.1.46 (KHTML, like Gecko) Version/9.0 Mobile/13B143 Safari/601.1"
200.118.16.34 - - [15/Aug/2024:13:30:02 -0400] "GET / HTTP/1.1" 200 11603 "https://www.bing.com/" "Mozilla/5.0 (Windows NT 10.0; Win64; x64) AppleWebKit/537.36 (KHTML, like Gecko) Chrome/127.0.0.0 Safari/537.36 Edg/127.0.0.0"
162.0.232.193 - - [15/Aug/2024:13:30:01 -0400] "GET /comic/lookism-chapter-249/ HTTP/1.1" 200 0 "-" "WP Rocket/Preload"
162.0.232.193 - - [15/Aug/2024:13:30:03 -0400] "GET /comic/lookism-chapter-249/ HTTP/1.1" 200 13405 "-" "WP Rocket/Preload Mozilla/5.0 (iPhone; CPU iPhone OS 9_1 like Mac OS X) AppleWebKit/601.1.46 (KHTML, like Gecko) Version/9.0 Mobile/13B143 Safari/601.1"
162.0.232.193 - - [15/Aug/2024:13:30:04 -0400] "GET /comic/lookism-chapter-240/ HTTP/1.1" 200 0 "-" "WP Rocket/Preload"
162.0.232.193 - - [15/Aug/2024:13:30:06 -0400] "GET /comic/lookism-chapter-240/ HTTP/1.1" 200 0 "-" "WP Rocket/Preload Mozilla/5.0 (iPhone; CPU iPhone OS 9_1 like Mac OS X) AppleWebKit/601.1.46 (KHTML, like Gecko) Version/9.0 Mobile/13B143 Safari/601.1"
106.221.102.190 - - [15/Aug/2024:13:30:07 -0400] "GET /comic/lookism-chapter-510-1/ HTTP/1.1" 200 11146 "https://r.lookismmanga.com/comic/lookism-chapter-511/" "Mozilla/5.0 (X11; Ubuntu; Linux x86_64; rv:129.0) Gecko/20100101 Firefox/129.0"
162.0.232.193 - - [15/Aug/2024:13:30:08 -0400] "GET /comic/lookism-chapter-431/ HTTP/1.1" 200 0 "-" "WP Rocket/Preload"
162.0.232.193 - - [15/Aug/2024:13:30:09 -0400] "GET /comic/lookism-chapter-431/ HTTP/1.1" 200 0 "-" "WP Rocket/Preload Mozilla/5.0 (iPhone; CPU iPhone OS 9_1 like Mac OS X) AppleWebKit/601.1.46 (KHTML, like Gecko) Version/9.0 Mobile/13B143 Safari/601.1"
162.0.232.193 - - [15/Aug/2024:13:30:11 -0400] "GET /comic/lookism-chapter-330/ HTTP/1.1" 200 0 "-" "WP Rocket/Preload"
106.221.102.190 - - [15/Aug/2024:13:30:08 -0400] "POST /wp-admin/admin-ajax.php HTTP/1.1" 200 69 "https://r.lookismmanga.com/comic/lookism-chapter-510-1/" "Mozilla/5.0 (X11; Ubuntu; Linux x86_64; rv:129.0) Gecko/20100101 Firefox/129.0"
162.0.232.193 - - [15/Aug/2024:13:30:12 -0400] "GET /comic/lookism-chapter-330/ HTTP/1.1" 200 0 "-" "WP Rocket/Preload Mozilla/5.0 (iPhone; CPU iPhone OS 9_1 like Mac OS X) AppleWebKit/601.1.46 (KHTML, like Gecko) Version/9.0 Mobile/13B143 Safari/601.1"
106.221.102.190 - - [15/Aug/2024:13:30:29 -0400] "GET / HTTP/1.1" 200 11603 "https://r.lookismmanga.com/comic/lookism-chapter-510-1/" "Mozilla/5.0 (X11; Ubuntu; Linux x86_64; rv:129.0) Gecko/20100101 Firefox/129.0"
200.118.16.34 - - [15/Aug/2024:13:30:33 -0400] "GET / HTTP/1.1" 304 0 "https://www.bing.com/" "Mozilla/5.0 (Windows NT 10.0; Win64; x64) AppleWebKit/537.36 (KHTML, like Gecko) Chrome/127.0.0.0 Safari/537.36 Edg/127.0.0.0"
200.118.16.34 - - [15/Aug/2024:13:30:37 -0400] "GET /comic/lookism-chapter-510/ HTTP/1.1" 200 11497 "https://r.lookismmanga.com/" "Mozilla/5.0 (Windows NT 10.0; Win64; x64) AppleWebKit/537.36 (KHTML, like Gecko) Chrome/127.0.0.0 Safari/537.36 Edg/127.0.0.0"
200.118.16.34 - - [15/Aug/2024:13:30:39 -0400] "GET /comic/lookism-chapter-511/ HTTP/1.1" 200 11103 "https://r.lookismmanga.com/" "Mozilla/5.0 (Windows NT 10.0; Win64; x64) AppleWebKit/537.36 (KHTML, like Gecko) Chrome/127.0.0.0 Safari/537.36 Edg/127.0.0.0"
200.118.16.34 - - [15/Aug/2024:13:30:41 -0400] "GET /comic/lookism-chapter-514/ HTTP/1.1" 200 10596 "https://r.lookismmanga.com/" "Mozilla/5.0 (Windows NT 10.0; Win64; x64) AppleWebKit/537.36 (KHTML, like Gecko) Chrome/127.0.0.0 Safari/537.36 Edg/127.0.0.0"
200.118.16.34 - - [15/Aug/2024:13:30:43 -0400] "GET /category/lookism-webtoon/ HTTP/1.1" 200 10362 "https://r.lookismmanga.com/comic/lookism-chapter-514/" "Mozilla/5.0 (Windows NT 10.0; Win64; x64) AppleWebKit/537.36 (KHTML, like Gecko) Chrome/127.0.0.0 Safari/537.36 Edg/127.0.0.0"
89.226.47.113 - - [15/Aug/2024:13:30:50 -0400] "GET / HTTP/1.1" 304 0 "https://www.bing.com/" "Mozilla/5.0 (Macintosh; Intel Mac OS X 10_15_7) AppleWebKit/537.36 (KHTML, like Gecko) Chrome/126.0.0.0 Safari/537.36"
89.226.47.113 - - [15/Aug/2024:13:30:51 -0400] "GET /comic/lookism-chapter-1/ HTTP/1.1" 200 11755 "https://r.lookismmanga.com/" "Mozilla/5.0 (Macintosh; Intel Mac OS X 10_15_7) AppleWebKit/537.36 (KHTML, like Gecko) Chrome/126.0.0.0 Safari/537.36"
82.145.210.134 - - [15/Aug/2024:13:31:03 -0400] "GET / HTTP/1.1" 200 11596 "https://duckduckgo.com/" "Mozilla/5.0 (Linux; U; Android 12; ATLAS Build/S00812; wv) AppleWebKit/537.36 (KHTML, like Gecko) Version/4.0 Chrome/127.0.6533.64 Mobile Safari/537.36 OPR/83.1.2254.73239"
82.145.210.134 - - [15/Aug/2024:13:31:04 -0400] "GET /wp-content/themes/toivo-lite/fonts/genericons/genericons/Genericons.eot HTTP/1.1" 200 22760 "https://r.lookismmanga.com/wp-content/themes/toivo-lite/fonts/genericons/genericons/genericons.min.css?ver=3.3" "Mozilla/5.0 (Linux; U; Android 12; ATLAS Build/S00812; wv) AppleWebKit/537.36 (KHTML, like Gecko) Version/4.0 Chrome/127.0.6533.64 Mobile Safari/537.36 OPR/83.1.2254.73239"
82.145.210.134 - - [15/Aug/2024:13:31:04 -0400] "GET /wp-content/themes/toivo-lite/fonts/genericons/genericons/Genericons.ttf HTTP/1.1" 200 22576 "https://r.lookismmanga.com/wp-content/themes/toivo-lite/fonts/genericons/genericons/genericons.min.css?ver=3.3" "Mozilla/5.0 (Linux; U; Android 12; ATLAS Build/S00812; wv) AppleWebKit/537.36 (KHTML, like Gecko) Version/4.0 Chrome/127.0.6533.64 Mobile Safari/537.36 OPR/83.1.2254.73239"
82.145.210.134 - - [15/Aug/2024:13:31:04 -0400] "GET /wp-content/themes/toivo-lite/fonts/genericons/genericons/Genericons.svg HTTP/1.1" 200 23714 "https://r.lookismmanga.com/wp-content/themes/toivo-lite/fonts/genericons/genericons/genericons.min.css?ver=3.3" "Mozilla/5.0 (Linux; U; Android 12; ATLAS Build/S00812; wv) AppleWebKit/537.36 (KHTML, like Gecko) Version/4.0 Chrome/127.0.6533.64 Mobile Safari/537.36 OPR/83.1.2254.73239"
82.145.210.134 - - [15/Aug/2024:13:31:04 -0400] "GET /wp-content/plugins/simple-social-buttons/assets/fonts/ssb-icon.svg?eahqa2 HTTP/1.1" 200 6825 "https://r.lookismmanga.com/wp-content/plugins/simple-social-buttons/assets/css/front.css?ver=5.1.3" "Mozilla/5.0 (Linux; U; Android 12; ATLAS Build/S00812; wv) AppleWebKit/537.36 (KHTML, like Gecko) Version/4.0 Chrome/127.0.6533.64 Mobile Safari/537.36 OPR/83.1.2254.73239"
82.145.210.134 - - [15/Aug/2024:13:31:04 -0400] "GET /wp-content/plugins/simple-social-buttons/assets/fonts/ssb-icon.eot?eahqa2 HTTP/1.1" 200 6376 "https://r.lookismmanga.com/wp-content/plugins/simple-social-buttons/assets/css/front.css?ver=5.1.3" "Mozilla/5.0 (Linux; U; Android 12; ATLAS Build/S00812; wv) AppleWebKit/537.36 (KHTML, like Gecko) Version/4.0 Chrome/127.0.6533.64 Mobile Safari/537.36 OPR/83.1.2254.73239"
82.145.210.134 - - [15/Aug/2024:13:31:04 -0400] "GET /wp-content/plugins/simple-social-buttons/assets/fonts/ssb-icon.ttf?eahqa2 HTTP/1.1" 200 6212 "https://r.lookismmanga.com/wp-content/plugins/simple-social-buttons/assets/css/front.css?ver=5.1.3" "Mozilla/5.0 (Linux; U; Android 12; ATLAS Build/S00812; wv) AppleWebKit/537.36 (KHTML, like Gecko) Version/4.0 Chrome/127.0.6533.64 Mobile Safari/537.36 OPR/83.1.2254.73239"
82.145.210.134 - - [15/Aug/2024:13:31:04 -0400] "GET /wp-content/plugins/simple-social-buttons/assets/fonts/ssb-icon.woff?eahqa2 HTTP/1.1" 200 6288 "https://r.lookismmanga.com/wp-content/plugins/simple-social-buttons/assets/css/front.css?ver=5.1.3" "Mozilla/5.0 (Linux; U; Android 12; ATLAS Build/S00812; wv) AppleWebKit/537.36 (KHTML, like Gecko) Version/4.0 Chrome/127.0.6533.64 Mobile Safari/537.36 OPR/83.1.2254.73239"
82.145.210.134 - - [15/Aug/2024:13:31:07 -0400] "GET /category/lookism-manhwa/ HTTP/1.1" 200 10343 "https://r.lookismmanga.com/" "Mozilla/5.0 (Linux; U; Android 12; ATLAS Build/S00812; wv) AppleWebKit/537.36 (KHTML, like Gecko) Version/4.0 Chrome/127.0.6533.64 Mobile Safari/537.36 OPR/83.1.2254.73239"
82.145.210.134 - - [15/Aug/2024:13:31:08 -0400] "GET /lookism-chapter-511/ HTTP/1.1" 200 11557 "https://r.lookismmanga.com/" "Mozilla/5.0 (Linux; U; Android 12; ATLAS Build/S00812; wv) AppleWebKit/537.36 (KHTML, like Gecko) Version/4.0 Chrome/127.0.6533.64 Mobile Safari/537.36 OPR/83.1.2254.73239"
82.145.210.134 - - [15/Aug/2024:13:31:10 -0400] "GET / HTTP/1.1" 304 0 "https://r.lookismmanga.com/" "Mozilla/5.0 (Linux; U; Android 12; ATLAS Build/S00812; wv) AppleWebKit/537.36 (KHTML, like Gecko) Version/4.0 Chrome/127.0.6533.64 Mobile Safari/537.36 OPR/83.1.2254.73239"
82.145.210.134 - - [15/Aug/2024:13:31:13 -0400] "GET /comic/lookism-chapter-514/ HTTP/1.1" 200 10578 "https://r.lookismmanga.com/" "Mozilla/5.0 (Linux; U; Android 12; ATLAS Build/S00812; wv) AppleWebKit/537.36 (KHTML, like Gecko) Version/4.0 Chrome/127.0.6533.64 Mobile Safari/537.36 OPR/83.1.2254.73239"
162.0.232.193 - - [15/Aug/2024:13:31:13 -0400] "POST /wp-cron.php?doing_wp_cron=1723743073.6627039909362792968750 HTTP/1.1" 200 0 "-" "WordPress/6.5.5; https://r.lookismmanga.com"
162.0.232.193 - - [15/Aug/2024:13:31:14 -0400] "GET /comic/lookism-chapter-470/ HTTP/1.1" 200 11418 "-" "WP Rocket/Preload"
162.0.232.193 - - [15/Aug/2024:13:31:15 -0400] "GET /comic/lookism-chapter-470/ HTTP/1.1" 200 11392 "-" "WP Rocket/Preload Mozilla/5.0 (iPhone; CPU iPhone OS 9_1 like Mac OS X) AppleWebKit/601.1.46 (KHTML, like Gecko) Version/9.0 Mobile/13B143 Safari/601.1"
162.0.232.193 - - [15/Aug/2024:13:31:16 -0400] "GET /comic/lookism-chapter-468/ HTTP/1.1" 200 11556 "-" "WP Rocket/Preload"
162.0.232.193 - - [15/Aug/2024:13:31:17 -0400] "GET /comic/lookism-chapter-468/ HTTP/1.1" 200 11560 "-" "WP Rocket/Preload Mozilla/5.0 (iPhone; CPU iPhone OS 9_1 like Mac OS X) AppleWebKit/601.1.46 (KHTML, like Gecko) Version/9.0 Mobile/13B143 Safari/601.1"
162.0.232.193 - - [15/Aug/2024:13:31:19 -0400] "GET /comic/lookism-chapter-471/ HTTP/1.1" 200 11204 "-" "WP Rocket/Preload"
162.0.232.193 - - [15/Aug/2024:13:31:20 -0400] "GET /comic/lookism-chapter-471/ HTTP/1.1" 200 11206 "-" "WP Rocket/Preload Mozilla/5.0 (iPhone; CPU iPhone OS 9_1 like Mac OS X) AppleWebKit/601.1.46 (KHTML, like Gecko) Version/9.0 Mobile/13B143 Safari/601.1"
2401:4900:3364:b0b1:1:0:fb6:671c - - [15/Aug/2024:13:31:29 -0400] "GET / HTTP/1.1" 304 0 "https://www.bing.com/" "Mozilla/5.0 (Linux; Android 10; K) AppleWebKit/537.36 (KHTML, like Gecko) Chrome/127.0.0.0 Mobile Safari/537.36"
180.195.116.211 - - [15/Aug/2024:13:31:31 -0400] "GET / HTTP/1.1" 200 11596 "https://duckduckgo.com/" "Mozilla/5.0 (Linux; Android 10; K) AppleWebKit/537.36 (KHTML, like Gecko) Chrome/127.0.0.0 Mobile Safari/537.36"
2401:4900:3364:b0b1:1:0:fb6:671c - - [15/Aug/2024:13:31:33 -0400] "GET /comic/lookism-chapter-495/ HTTP/1.1" 200 11484 "-" "Mozilla/5.0 (Linux; Android 10; K) AppleWebKit/537.36 (KHTML, like Gecko) Chrome/127.0.0.0 Mobile Safari/537.36"
162.0.232.193 - - [15/Aug/2024:13:31:34 -0400] "POST /wp-cron.php?doing_wp_cron=1723743093.9928469657897949218750 HTTP/1.1" 200 0 "-" "WordPress/6.5.5; https://r.lookismmanga.com"
180.195.116.211 - - [15/Aug/2024:13:31:33 -0400] "GET /apple-touch-icon.png HTTP/1.1" 301 0 "-" "DuckDuckGo/5 (com.duckduckgo.mobile.android; Android API 34)"
2401:4900:3364:b0b1:1:0:fb6:671c - - [15/Aug/2024:13:31:34 -0400] "GET /comic/lookism-chapter-507/ HTTP/1.1" 200 11641 "-" "Mozilla/5.0 (Linux; Android 10; K) AppleWebKit/537.36 (KHTML, like Gecko) Chrome/127.0.0.0 Mobile Safari/537.36"
180.195.116.211 - - [15/Aug/2024:13:31:34 -0400] "GET / HTTP/1.1" 200 11596 "-" "DuckDuckGo/5 (com.duckduckgo.mobile.android; Android API 34)"
180.195.116.211 - - [15/Aug/2024:13:31:35 -0400] "GET /comic/lookism-chapter-514/ HTTP/1.1" 200 10578 "https://r.lookismmanga.com/" "Mozilla/5.0 (Linux; Android 10; K) AppleWebKit/537.36 (KHTML, like Gecko) Chrome/127.0.0.0 Mobile Safari/537.36"
180.195.116.211 - - [15/Aug/2024:13:31:35 -0400] "GET /favicon.ico HTTP/1.1" 302 0 "-" "DuckDuckGo/5 (com.duckduckgo.mobile.android; Android API 34)"
2401:4900:3364:b0b1:1:0:fb6:671c - - [15/Aug/2024:13:31:35 -0400] "GET /comic/lookism-chapter-514/ HTTP/1.1" 304 0 "-" "Mozilla/5.0 (Linux; Android 10; K) AppleWebKit/537.36 (KHTML, like Gecko) Chrome/127.0.0.0 Mobile Safari/537.36"
162.0.232.193 - - [15/Aug/2024:13:31:39 -0400] "POST /wp-cron.php?doing_wp_cron=1723743099.6462869644165039062500 HTTP/1.1" 200 0 "-" "WordPress/6.5.5; https://r.lookismmanga.com"
180.195.116.211 - - [15/Aug/2024:13:31:39 -0400] "GET /apple-touch-icon.png HTTP/1.1" 301 0 "-" "DuckDuckGo/5 (com.duckduckgo.mobile.android; Android API 34)"
180.195.116.211 - - [15/Aug/2024:13:31:40 -0400] "GET / HTTP/1.1" 200 11596 "-" "DuckDuckGo/5 (com.duckduckgo.mobile.android; Android API 34)"
180.195.116.211 - - [15/Aug/2024:13:31:40 -0400] "GET /favicon.ico HTTP/1.1" 302 0 "-" "DuckDuckGo/5 (com.duckduckgo.mobile.android; Android API 34)"
24.186.82.71 - - [15/Aug/2024:13:31:42 -0400] "GET /comic/lookism-chapter-514/ HTTP/1.1" 200 10596 "https://r.lookismmanga.com/" "Mozilla/5.0 (Windows NT 10.0; Win64; x64) AppleWebKit/537.36 (KHTML, like Gecko) Chrome/127.0.0.0 Safari/537.36 Edg/127.0.0.0"
180.195.116.211 - - [15/Aug/2024:13:31:49 -0400] "GET /apple-touch-icon.png HTTP/1.1" 301 0 "-" "DuckDuckGo/5 (com.duckduckgo.mobile.android; Android API 34)"
180.195.116.211 - - [15/Aug/2024:13:31:50 -0400] "GET / HTTP/1.1" 200 11624 "-" "DuckDuckGo/5 (com.duckduckgo.mobile.android; Android API 34)"
180.195.116.211 - - [15/Aug/2024:13:31:50 -0400] "GET /favicon.ico HTTP/1.1" 302 0 "-" "DuckDuckGo/5 (com.duckduckgo.mobile.android; Android API 34)"
162.0.232.193 - - [15/Aug/2024:13:32:51 -0400] "POST /wp-cron.php?doing_wp_cron=1723743171.4308791160583496093750 HTTP/1.1" 200 0 "-" "WordPress/6.5.5; https://r.lookismmanga.com"
2a03:2880:27ff:f::face:b00c - - [15/Aug/2024:13:32:51 -0400] "GET /?p=2369 HTTP/1.1" 301 0 "-" "facebookexternalhit/1.1 (+http://www.facebook.com/externalhit_uatext.php)"
66.249.68.65 - - [15/Aug/2024:13:32:55 -0400] "GET /lookism/lookism-chapter-323/ HTTP/1.1" 301 0 "-" "Mozilla/5.0 (Linux; Android 6.0.1; Nexus 5X Build/MMB29P) AppleWebKit/537.36 (KHTML, like Gecko) Chrome/127.0.6533.119 Mobile Safari/537.36 (compatible; Googlebot/2.1; +http://www.google.com/bot.html)"
66.249.68.66 - - [15/Aug/2024:13:32:56 -0400] "GET / HTTP/1.1" 200 11596 "-" "Mozilla/5.0 (Linux; Android 6.0.1; Nexus 5X Build/MMB29P) AppleWebKit/537.36 (KHTML, like Gecko) Chrome/127.0.6533.119 Mobile Safari/537.36 (compatible; Googlebot/2.1; +http://www.google.com/bot.html)"
2a03:2880:13ff:22::face:b00c - - [15/Aug/2024:13:32:57 -0400] "GET / HTTP/1.1" 200 11400 "-" "facebookexternalhit/1.1 (+http://www.facebook.com/externalhit_uatext.php)"
46.221.98.21 - - [15/Aug/2024:13:33:05 -0400] "GET / HTTP/1.1" 200 11596 "https://www.bing.com/" "Mozilla/5.0 (Linux; Android 10; JNY-LX1; HMSCore 6.14.0.302) AppleWebKit/537.36 (KHTML, like Gecko) Chrome/99.0.4844.88 HuaweiBrowser/14.0.5.302 Mobile Safari/537.36"
46.221.98.21 - - [15/Aug/2024:13:33:06 -0400] "GET /wp-content/plugins/widgets-on-pages/public/css/widgets-on-pages-public.css?ver=1.4.0 HTTP/1.1" 200 83 "https://r.lookismmanga.com/" "Mozilla/5.0 (Linux; Android 10; JNY-LX1; HMSCore 6.14.0.302) AppleWebKit/537.36 (KHTML, like Gecko) Chrome/99.0.4844.88 HuaweiBrowser/14.0.5.302 Mobile Safari/537.36"
46.221.98.21 - - [15/Aug/2024:13:33:06 -0400] "GET /wp-content/plugins/simple-social-buttons/assets/css/front.css?ver=5.1.3 HTTP/1.1" 200 9767 "https://r.lookismmanga.com/" "Mozilla/5.0 (Linux; Android 10; JNY-LX1; HMSCore 6.14.0.302) AppleWebKit/537.36 (KHTML, like Gecko) Chrome/99.0.4844.88 HuaweiBrowser/14.0.5.302 Mobile Safari/537.36"
46.221.98.21 - - [15/Aug/2024:13:33:06 -0400] "GET /wp-content/themes/toivo-lite/fonts/genericons/genericons/genericons.min.css?ver=3.3 HTTP/1.1" 200 15959 "https://r.lookismmanga.com/" "Mozilla/5.0 (Linux; Android 10; JNY-LX1; HMSCore 6.14.0.302) AppleWebKit/537.36 (KHTML, like Gecko) Chrome/99.0.4844.88 HuaweiBrowser/14.0.5.302 Mobile Safari/537.36"
46.221.98.21 - - [15/Aug/2024:13:33:06 -0400] "GET /wp-content/themes/toivo-lite/style.css?ver=1.2.0 HTTP/1.1" 200 13718 "https://r.lookismmanga.com/" "Mozilla/5.0 (Linux; Android 10; JNY-LX1; HMSCore 6.14.0.302) AppleWebKit/537.36 (KHTML, like Gecko) Chrome/99.0.4844.88 HuaweiBrowser/14.0.5.302 Mobile Safari/537.36"
46.221.98.21 - - [15/Aug/2024:13:33:06 -0400] "GET /wp-includes/css/dist/block-library/style.min.css?ver=6.5.5 HTTP/1.1" 200 14071 "https://r.lookismmanga.com/" "Mozilla/5.0 (Linux; Android 10; JNY-LX1; HMSCore 6.14.0.302) AppleWebKit/537.36 (KHTML, like Gecko) Chrome/99.0.4844.88 HuaweiBrowser/14.0.5.302 Mobile Safari/537.36"
46.221.98.21 - - [15/Aug/2024:13:33:06 -0400] "GET /wp-content/plugins/simple-social-buttons/assets/js/frontend-blocks.js?ver=5.1.3 HTTP/1.1" 200 0 "https://r.lookismmanga.com/" "Mozilla/5.0 (Linux; Android 10; JNY-LX1; HMSCore 6.14.0.302) AppleWebKit/537.36 (KHTML, like Gecko) Chrome/99.0.4844.88 HuaweiBrowser/14.0.5.302 Mobile Safari/537.36"
46.221.98.21 - - [15/Aug/2024:13:33:06 -0400] "GET /wp-content/plugins/simple-social-buttons/assets/js/front.js?ver=5.1.3 HTTP/1.1" 200 1577 "https://r.lookismmanga.com/" "Mozilla/5.0 (Linux; Android 10; JNY-LX1; HMSCore 6.14.0.302) AppleWebKit/537.36 (KHTML, like Gecko) Chrome/99.0.4844.88 HuaweiBrowser/14.0.5.302 Mobile Safari/537.36"
46.221.98.21 - - [15/Aug/2024:13:33:06 -0400] "GET /wp-includes/js/jquery/jquery-migrate.min.js?ver=3.4.1 HTTP/1.1" 200 4678 "https://r.lookismmanga.com/" "Mozilla/5.0 (Linux; Android 10; JNY-LX1; HMSCore 6.14.0.302) AppleWebKit/537.36 (KHTML, like Gecko) Chrome/99.0.4844.88 HuaweiBrowser/14.0.5.302 Mobile Safari/537.36"
46.221.98.21 - - [15/Aug/2024:13:33:06 -0400] "GET /wp-includes/js/jquery/jquery.min.js?ver=3.7.1 HTTP/1.1" 200 29744 "https://r.lookismmanga.com/" "Mozilla/5.0 (Linux; Android 10; JNY-LX1; HMSCore 6.14.0.302) AppleWebKit/537.36 (KHTML, like Gecko) Chrome/99.0.4844.88 HuaweiBrowser/14.0.5.302 Mobile Safari/537.36"
46.221.98.21 - - [15/Aug/2024:13:33:06 -0400] "GET /wp-content/uploads/2024/02/cropped-MV5BMmI0NjY3NWYtMjEyYi00MjBlLWE4NDktNzNjZWNjMGUyY2U2XkEyXkFqcGdeQXVyMTUzNjM4ODE1._V1_.jpg HTTP/1.1" 200 88480 "https://r.lookismmanga.com/" "Mozilla/5.0 (Linux; Android 10; JNY-LX1; HMSCore 6.14.0.302) AppleWebKit/537.36 (KHTML, like Gecko) Chrome/99.0.4844.88 HuaweiBrowser/14.0.5.302 Mobile Safari/537.36"
46.221.98.21 - - [15/Aug/2024:13:33:07 -0400] "GET /wp-content/themes/toivo-lite/js/responsive-nav.min.js?ver=1.2.0 HTTP/1.1" 200 2102 "https://r.lookismmanga.com/" "Mozilla/5.0 (Linux; Android 10; JNY-LX1; HMSCore 6.14.0.302) AppleWebKit/537.36 (KHTML, like Gecko) Chrome/99.0.4844.88 HuaweiBrowser/14.0.5.302 Mobile Safari/537.36"
46.221.98.21 - - [15/Aug/2024:13:33:07 -0400] "GET /wp-content/plugins/comic-easel/js/keynav.js HTTP/1.1" 200 302 "https://r.lookismmanga.com/" "Mozilla/5.0 (Linux; Android 10; JNY-LX1; HMSCore 6.14.0.302) AppleWebKit/537.36 (KHTML, like Gecko) Chrome/99.0.4844.88 HuaweiBrowser/14.0.5.302 Mobile Safari/537.36"
46.221.98.21 - - [15/Aug/2024:13:33:07 -0400] "GET /wp-content/themes/toivo-lite/js/settings.min.js?ver=1.2.0 HTTP/1.1" 200 307 "https://r.lookismmanga.com/" "Mozilla/5.0 (Linux; Android 10; JNY-LX1; HMSCore 6.14.0.302) AppleWebKit/537.36 (KHTML, like Gecko) Chrome/99.0.4844.88 HuaweiBrowser/14.0.5.302 Mobile Safari/537.36"
46.221.98.21 - - [15/Aug/2024:13:33:07 -0400] "GET /wp-content/uploads/2024/02/lookismkmanhwabookvolume5dkshop.webp HTTP/1.1" 200 97320 "https://r.lookismmanga.com/" "Mozilla/5.0 (Linux; Android 10; JNY-LX1; HMSCore 6.14.0.302) AppleWebKit/537.36 (KHTML, like Gecko) Chrome/99.0.4844.88 HuaweiBrowser/14.0.5.302 Mobile Safari/537.36"
46.221.98.21 - - [15/Aug/2024:13:33:07 -0400] "GET /wp-content/uploads/2024/02/lookismkmanhwabookvolume17dkshop.jpg HTTP/1.1" 200 108104 "https://r.lookismmanga.com/" "Mozilla/5.0 (Linux; Android 10; JNY-LX1; HMSCore 6.14.0.302) AppleWebKit/537.36 (KHTML, like Gecko) Chrome/99.0.4844.88 HuaweiBrowser/14.0.5.302 Mobile Safari/537.36"
46.221.98.21 - - [15/Aug/2024:13:33:07 -0400] "GET /wp-content/themes/toivo-lite/js/functions.min.js?ver=1.2.0 HTTP/1.1" 200 593 "https://r.lookismmanga.com/" "Mozilla/5.0 (Linux; Android 10; JNY-LX1; HMSCore 6.14.0.302) AppleWebKit/537.36 (KHTML, like Gecko) Chrome/99.0.4844.88 HuaweiBrowser/14.0.5.302 Mobile Safari/537.36"
46.221.98.21 - - [15/Aug/2024:13:33:10 -0400] "GET /wp-content/uploads/2024/02/cropped-if-the-anime-continues-and-reaches-the-point-of-current-v0-frhh1uf0zj5a1-192x192.webp HTTP/1.1" 200 4440 "https://r.lookismmanga.com/" "Mozilla/5.0 (Linux; Android 10; JNY-LX1; HMSCore 6.14.0.302) AppleWebKit/537.36 (KHTML, like Gecko) Chrome/99.0.4844.88 HuaweiBrowser/14.0.5.302 Mobile Safari/537.36"
46.221.98.21 - - [15/Aug/2024:13:33:11 -0400] "GET /wp-content/uploads/2024/02/cropped-if-the-anime-continues-and-reaches-the-point-of-current-v0-frhh1uf0zj5a1-32x32.webp HTTP/1.1" 200 438 "https://r.lookismmanga.com/" "Mozilla/5.0 (Linux; Android 10; JNY-LX1; HMSCore 6.14.0.302) AppleWebKit/537.36 (KHTML, like Gecko) Chrome/99.0.4844.88 HuaweiBrowser/14.0.5.302 Mobile Safari/537.36"
46.221.98.21 - - [15/Aug/2024:13:33:11 -0400] "GET /wp-content/uploads/2024/02/cropped-if-the-anime-continues-and-reaches-the-point-of-current-v0-frhh1uf0zj5a1-180x180.webp HTTP/1.1" 200 4302 "-" "Dalvik/2.1.0 (Linux; U; Android 10; JNY-LX1 Build/HUAWEIJNY-L21)"
162.0.232.193 - - [15/Aug/2024:13:33:12 -0400] "POST /wp-cron.php?doing_wp_cron=1723743191.7572801113128662109375 HTTP/1.1" 200 0 "-" "WordPress/6.5.5; https://r.lookismmanga.com"
66.249.68.64 - - [15/Aug/2024:13:33:11 -0400] "GET /lookism/lookism-chapter-323/ HTTP/1.1" 301 0 "-" "Googlebot-Image/1.0"
66.249.68.65 - - [15/Aug/2024:13:33:18 -0400] "GET /comic/lookism-chapter-267/ HTTP/1.1" 200 12801 "-" "Mozilla/5.0 (Linux; Android 6.0.1; Nexus 5X Build/MMB29P) AppleWebKit/537.36 (KHTML, like Gecko) Chrome/127.0.6533.99 Mobile Safari/537.36 (compatible; Googlebot/2.1; +http://www.google.com/bot.html)"
2603:8001:2200:9262:e055:8d2e:a3d1:1e55 - - [15/Aug/2024:13:33:47 -0400] "GET / HTTP/1.1" 200 11603 "https://www.bing.com/" "Mozilla/5.0 (Windows NT 10.0; Win64; x64) AppleWebKit/537.36 (KHTML, like Gecko) Chrome/112.0.0.0 Safari/537.36 Edg/112.0.1722.84"
2603:8001:2200:9262:e055:8d2e:a3d1:1e55 - - [15/Aug/2024:13:33:50 -0400] "GET /comic/lookism-chapter-509/ HTTP/1.1" 200 11514 "https://r.lookismmanga.com/" "Mozilla/5.0 (Windows NT 10.0; Win64; x64) AppleWebKit/537.36 (KHTML, like Gecko) Chrome/112.0.0.0 Safari/537.36 Edg/112.0.1722.84"
2603:8001:2200:9262:e055:8d2e:a3d1:1e55 - - [15/Aug/2024:13:33:50 -0400] "GET /comic/lookism-chapter-510/ HTTP/1.1" 200 11497 "https://r.lookismmanga.com/" "Mozilla/5.0 (Windows NT 10.0; Win64; x64) AppleWebKit/537.36 (KHTML, like Gecko) Chrome/112.0.0.0 Safari/537.36 Edg/112.0.1722.84"
162.0.232.193 - - [15/Aug/2024:13:33:51 -0400] "POST /wp-cron.php?doing_wp_cron=1723743230.7175569534301757812500 HTTP/1.1" 200 0 "-" "WordPress/6.5.5; https://r.lookismmanga.com"
216.244.66.244 - - [15/Aug/2024:13:33:50 -0400] "GET /lookism/chapter-227/ HTTP/1.1" 301 0 "-" "Mozilla/5.0 (compatible; DotBot/1.2; +https://opensiteexplorer.org/dotbot; [email protected])"
216.244.66.244 - - [15/Aug/2024:13:33:55 -0400] "GET /lookism/chapter-241/ HTTP/1.1" 301 0 "-" "Mozilla/5.0 (compatible; DotBot/1.2; +https://opensiteexplorer.org/dotbot; [email protected])"
49.35.193.204 - - [15/Aug/2024:13:34:14 -0400] "GET / HTTP/1.1" 200 11624 "https://duckduckgo.com/" "Mozilla/5.0 (Linux; Android 10; K) AppleWebKit/537.36 (KHTML, like Gecko) Chrome/127.0.0.0 Mobile Safari/537.36"
2409:4081:8084:897e:1c70:8f94:7d88:4c8d - - [15/Aug/2024:13:34:16 -0400] "GET /wp-content/uploads/2024/02/lookismkmanhwabookvolume5dkshop-753x1024.webp HTTP/1.1" 200 76864 "https://r.lookismmanga.com/" "Mozilla/5.0 (Linux; Android 10; K) AppleWebKit/537.36 (KHTML, like Gecko) Chrome/127.0.0.0 Mobile Safari/537.36"
2409:4081:8084:897e:1c70:8f94:7d88:4c8d - - [15/Aug/2024:13:34:17 -0400] "GET /comic/lookism-chapter-510/ HTTP/1.1" 200 11645 "https://r.lookismmanga.com/" "Mozilla/5.0 (Linux; Android 10; K) AppleWebKit/537.36 (KHTML, like Gecko) Chrome/127.0.0.0 Mobile Safari/537.36"
2409:4081:8084:897e:1c70:8f94:7d88:4c8d - - [15/Aug/2024:13:34:22 -0400] "GET /comic/lookism-chapter-514/ HTTP/1.1" 200 10578 "https://r.lookismmanga.com/" "Mozilla/5.0 (Linux; Android 10; K) AppleWebKit/537.36 (KHTML, like Gecko) Chrome/127.0.0.0 Mobile Safari/537.36"
162.0.232.193 - - [15/Aug/2024:13:34:23 -0400] "POST /wp-cron.php?doing_wp_cron=1723743262.9079089164733886718750 HTTP/1.1" 200 0 "-" "WordPress/6.5.5; https://r.lookismmanga.com"
2409:4081:8084:897e:1c70:8f94:7d88:4c8d - - [15/Aug/2024:13:34:22 -0400] "GET /apple-touch-icon.png HTTP/1.1" 301 0 "-" "DuckDuckGo/5 (com.duckduckgo.mobile.android; Android API 29)"
2409:4081:8084:897e:1c70:8f94:7d88:4c8d - - [15/Aug/2024:13:34:26 -0400] "GET / HTTP/1.1" 200 11596 "-" "DuckDuckGo/5 (com.duckduckgo.mobile.android; Android API 29)"
2409:4081:8084:897e:1c70:8f94:7d88:4c8d - - [15/Aug/2024:13:34:28 -0400] "GET /favicon.ico HTTP/1.1" 302 0 "-" "DuckDuckGo/5 (com.duckduckgo.mobile.android; Android API 29)"
71.105.130.229 - - [15/Aug/2024:13:34:55 -0400] "GET / HTTP/1.1" 200 11603 "https://www.bing.com/" "Mozilla/5.0 (Windows NT 10.0; Win64; x64) AppleWebKit/537.36 (KHTML, like Gecko) Chrome/127.0.0.0 Safari/537.36 Edg/127.0.0.0"
71.105.130.229 - - [15/Aug/2024:13:34:56 -0400] "GET /comic/lookism-chapter-1/ HTTP/1.1" 200 11755 "https://r.lookismmanga.com/" "Mozilla/5.0 (Windows NT 10.0; Win64; x64) AppleWebKit/537.36 (KHTML, like Gecko) Chrome/127.0.0.0 Safari/537.36 Edg/127.0.0.0"
2405:201:a410:78bd:3d22:97a:8cf3:3217 - - [15/Aug/2024:13:36:18 -0400] "GET / HTTP/1.1" 200 11596 "https://copilot.microsoft.com/" "Mozilla/5.0 (Linux; Android 10; K) AppleWebKit/537.36 (KHTML, like Gecko) Chrome/127.0.0.0 Mobile Safari/537.36"
162.0.232.193 - - [15/Aug/2024:13:36:51 -0400] "POST /wp-cron.php?doing_wp_cron=1723743411.2246460914611816406250 HTTP/1.1" 200 0 "-" "WordPress/6.5.5; https://r.lookismmanga.com"
2a03:2880:f800:16:: - - [15/Aug/2024:13:36:51 -0400] "GET /?p=2148 HTTP/1.1" 301 0 "-" "facebookexternalhit/1.1 (+http://www.facebook.com/externalhit_uatext.php)"
162.0.232.193 - - [15/Aug/2024:13:36:58 -0400] "POST /wp-cron.php?doing_wp_cron=1723743418.3965508937835693359375 HTTP/1.1" 200 0 "-" "WordPress/6.5.5; https://r.lookismmanga.com"
2a03:2880:13ff:21::face:b00c - - [15/Aug/2024:13:36:58 -0400] "GET /?p=2330 HTTP/1.1" 301 0 "-" "meta-externalagent/1.1 (+https://developers.facebook.com/docs/sharing/webmasters/crawler)"
66.249.68.64 - - [15/Aug/2024:13:37:10 -0400] "GET /lookism/lookism-chapter-415/ HTTP/1.1" 301 0 "-" "Mozilla/5.0 (Linux; Android 6.0.1; Nexus 5X Build/MMB29P) AppleWebKit/537.36 (KHTML, like Gecko) Chrome/127.0.6533.119 Mobile Safari/537.36 (compatible; Googlebot/2.1; +http://www.google.com/bot.html)"
66.249.68.64 - - [15/Aug/2024:13:37:11 -0400] "GET / HTTP/1.1" 200 11596 "-" "Mozilla/5.0 (Linux; Android 6.0.1; Nexus 5X Build/MMB29P) AppleWebKit/537.36 (KHTML, like Gecko) Chrome/127.0.6533.119 Mobile Safari/537.36 (compatible; Googlebot/2.1; +http://www.google.com/bot.html)"
162.0.232.193 - - [15/Aug/2024:13:37:40 -0400] "POST /wp-cron.php?doing_wp_cron=1723743460.2165648937225341796875 HTTP/1.1" 200 0 "-" "WordPress/6.5.5; https://r.lookismmanga.com"
66.249.68.65 - - [15/Aug/2024:13:37:40 -0400] "GET /lookism/lookism-chapter-415/ HTTP/1.1" 301 0 "-" "Googlebot-Image/1.0"
2601:40d:4200:b710:a187:f177:258a:552a - - [15/Aug/2024:13:37:45 -0400] "GET / HTTP/1.1" 200 11603 "https://www.bing.com/" "Mozilla/5.0 (Windows NT 10.0; Win64; x64) AppleWebKit/537.36 (KHTML, like Gecko) Chrome/127.0.0.0 Safari/537.36 Edg/127.0.0.0"
2601:40d:4200:b710:a187:f177:258a:552a - - [15/Aug/2024:13:37:46 -0400] "GET /wp-includes/js/jquery/jquery-migrate.min.js?ver=3.4.1 HTTP/1.1" 200 4678 "https://r.lookismmanga.com/" "Mozilla/5.0 (Windows NT 10.0; Win64; x64) AppleWebKit/537.36 (KHTML, like Gecko) Chrome/127.0.0.0 Safari/537.36 Edg/127.0.0.0"
2601:40d:4200:b710:a187:f177:258a:552a - - [15/Aug/2024:13:37:46 -0400] "GET /wp-content/uploads/2024/02/lookismkmanhwabookvolume17dkshop.jpg HTTP/1.1" 200 108104 "https://r.lookismmanga.com/" "Mozilla/5.0 (Windows NT 10.0; Win64; x64) AppleWebKit/537.36 (KHTML, like Gecko) Chrome/127.0.0.0 Safari/537.36 Edg/127.0.0.0"
2402:e280:2310:343:f9e3:bc17:731e:ccdd - - [15/Aug/2024:13:37:48 -0400] "GET / HTTP/1.1" 200 11603 "https://search.yahoo.com/" "Mozilla/5.0 (Windows NT 10.0; Win64; x64) AppleWebKit/537.36 (KHTML, like Gecko) Chrome/127.0.0.0 Safari/537.36"
2402:e280:2310:343:f9e3:bc17:731e:ccdd - - [15/Aug/2024:13:37:53 -0400] "GET /comic/lookism-chapter-503/ HTTP/1.1" 200 11515 "https://r.lookismmanga.com/" "Mozilla/5.0 (Windows NT 10.0; Win64; x64) AppleWebKit/537.36 (KHTML, like Gecko) Chrome/127.0.0.0 Safari/537.36"
2402:e280:2310:343:f9e3:bc17:731e:ccdd - - [15/Aug/2024:13:37:54 -0400] "GET /comic/lookism-chapter-507/ HTTP/1.1" 200 11520 "https://r.lookismmanga.com/" "Mozilla/5.0 (Windows NT 10.0; Win64; x64) AppleWebKit/537.36 (KHTML, like Gecko) Chrome/127.0.0.0 Safari/537.36"
103.144.18.37 - - [15/Aug/2024:13:37:58 -0400] "GET /wp-includes/css/dist/block-library/style.min.css?ver=6.5.5 HTTP/1.1" 200 14071 "-" "Mozilla/5.0 (Linux; Android 10; K) AppleWebKit/537.36 (KHTML, like Gecko) Chrome/127.0.0.0 Mobile Safari/537.36"
103.144.18.37 - - [15/Aug/2024:13:37:58 -0400] "GET /wp-content/plugins/simple-social-buttons/assets/css/front.css?ver=5.1.3 HTTP/1.1" 200 9767 "-" "Mozilla/5.0 (Linux; Android 10; K) AppleWebKit/537.36 (KHTML, like Gecko) Chrome/127.0.0.0 Mobile Safari/537.36"
103.144.18.37 - - [15/Aug/2024:13:37:58 -0400] "GET / HTTP/1.1" 200 11596 "https://duckduckgo.com/" "Mozilla/5.0 (Linux; Android 10; K) AppleWebKit/537.36 (KHTML, like Gecko) Chrome/127.0.0.0 Mobile Safari/537.36"
103.144.18.37 - - [15/Aug/2024:13:37:58 -0400] "GET /wp-content/plugins/widgets-on-pages/public/css/widgets-on-pages-public.css?ver=1.4.0 HTTP/1.1" 200 83 "-" "Mozilla/5.0 (Linux; Android 10; K) AppleWebKit/537.36 (KHTML, like Gecko) Chrome/127.0.0.0 Mobile Safari/537.36"
103.144.18.37 - - [15/Aug/2024:13:37:58 -0400] "GET /wp-content/themes/toivo-lite/style.css?ver=1.2.0 HTTP/1.1" 200 13718 "https://r.lookismmanga.com/" "Mozilla/5.0 (Linux; Android 10; K) AppleWebKit/537.36 (KHTML, like Gecko) Chrome/127.0.0.0 Mobile Safari/537.36"
103.144.18.37 - - [15/Aug/2024:13:37:59 -0400] "GET /wp-content/themes/toivo-lite/fonts/genericons/genericons/genericons.min.css?ver=3.3 HTTP/1.1" 200 15959 "https://r.lookismmanga.com/" "Mozilla/5.0 (Linux; Android 10; K) AppleWebKit/537.36 (KHTML, like Gecko) Chrome/127.0.0.0 Mobile Safari/537.36"
103.144.18.37 - - [15/Aug/2024:13:37:59 -0400] "GET /wp-content/plugins/comic-easel/js/keynav.js HTTP/1.1" 200 302 "https://r.lookismmanga.com/" "Mozilla/5.0 (Linux; Android 10; K) AppleWebKit/537.36 (KHTML, like Gecko) Chrome/127.0.0.0 Mobile Safari/537.36"
103.144.18.37 - - [15/Aug/2024:13:37:59 -0400] "GET /wp-content/uploads/2024/02/lookismkmanhwabookvolume17dkshop.jpg HTTP/1.1" 200 108104 "https://r.lookismmanga.com/" "Mozilla/5.0 (Linux; Android 10; K) AppleWebKit/537.36 (KHTML, like Gecko) Chrome/127.0.0.0 Mobile Safari/537.36"
103.144.18.37 - - [15/Aug/2024:13:37:59 -0400] "GET /wp-includes/js/jquery/jquery.min.js?ver=3.7.1 HTTP/1.1" 200 29744 "https://r.lookismmanga.com/" "Mozilla/5.0 (Linux; Android 10; K) AppleWebKit/537.36 (KHTML, like Gecko) Chrome/127.0.0.0 Mobile Safari/537.36"
103.144.18.37 - - [15/Aug/2024:13:37:59 -0400] "GET /wp-includes/js/jquery/jquery-migrate.min.js?ver=3.4.1 HTTP/1.1" 200 4678 "https://r.lookismmanga.com/" "Mozilla/5.0 (Linux; Android 10; K) AppleWebKit/537.36 (KHTML, like Gecko) Chrome/127.0.0.0 Mobile Safari/537.36"
103.144.18.37 - - [15/Aug/2024:13:37:59 -0400] "GET /wp-content/uploads/2024/02/lookismkmanhwabookvolume5dkshop.webp HTTP/1.1" 200 97320 "https://r.lookismmanga.com/" "Mozilla/5.0 (Linux; Android 10; K) AppleWebKit/537.36 (KHTML, like Gecko) Chrome/127.0.0.0 Mobile Safari/537.36"
103.144.18.37 - - [15/Aug/2024:13:37:59 -0400] "GET /wp-content/plugins/simple-social-buttons/assets/js/front.js?ver=5.1.3 HTTP/1.1" 200 1577 "https://r.lookismmanga.com/" "Mozilla/5.0 (Linux; Android 10; K) AppleWebKit/537.36 (KHTML, like Gecko) Chrome/127.0.0.0 Mobile Safari/537.36"
103.144.18.37 - - [15/Aug/2024:13:37:59 -0400] "GET /wp-content/plugins/simple-social-buttons/assets/js/frontend-blocks.js?ver=5.1.3 HTTP/1.1" 200 0 "https://r.lookismmanga.com/" "Mozilla/5.0 (Linux; Android 10; K) AppleWebKit/537.36 (KHTML, like Gecko) Chrome/127.0.0.0 Mobile Safari/537.36"
103.144.18.37 - - [15/Aug/2024:13:37:59 -0400] "GET /wp-content/uploads/2024/02/cropped-MV5BMmI0NjY3NWYtMjEyYi00MjBlLWE4NDktNzNjZWNjMGUyY2U2XkEyXkFqcGdeQXVyMTUzNjM4ODE1._V1_.jpg HTTP/1.1" 200 88480 "https://r.lookismmanga.com/" "Mozilla/5.0 (Linux; Android 10; K) AppleWebKit/537.36 (KHTML, like Gecko) Chrome/127.0.0.0 Mobile Safari/537.36"
103.144.18.37 - - [15/Aug/2024:13:37:59 -0400] "GET /wp-content/themes/toivo-lite/js/responsive-nav.min.js?ver=1.2.0 HTTP/1.1" 200 2102 "https://r.lookismmanga.com/" "Mozilla/5.0 (Linux; Android 10; K) AppleWebKit/537.36 (KHTML, like Gecko) Chrome/127.0.0.0 Mobile Safari/537.36"
103.144.18.37 - - [15/Aug/2024:13:37:59 -0400] "GET /wp-content/themes/toivo-lite/js/settings.min.js?ver=1.2.0 HTTP/1.1" 200 307 "https://r.lookismmanga.com/" "Mozilla/5.0 (Linux; Android 10; K) AppleWebKit/537.36 (KHTML, like Gecko) Chrome/127.0.0.0 Mobile Safari/537.36"
103.144.18.37 - - [15/Aug/2024:13:37:59 -0400] "GET /wp-content/themes/toivo-lite/js/functions.min.js?ver=1.2.0 HTTP/1.1" 200 593 "https://r.lookismmanga.com/" "Mozilla/5.0 (Linux; Android 10; K) AppleWebKit/537.36 (KHTML, like Gecko) Chrome/127.0.0.0 Mobile Safari/537.36"
103.144.18.37 - - [15/Aug/2024:13:38:00 -0400] "GET /category/lookism-manhwa/ HTTP/1.1" 200 10343 "https://r.lookismmanga.com/" "Mozilla/5.0 (Linux; Android 10; K) AppleWebKit/537.36 (KHTML, like Gecko) Chrome/127.0.0.0 Mobile Safari/537.36"
103.144.18.37 - - [15/Aug/2024:13:38:02 -0400] "GET /comic/lookism-chapter-510-1/ HTTP/1.1" 200 11146 "https://r.lookismmanga.com/" "Mozilla/5.0 (Linux; Android 10; K) AppleWebKit/537.36 (KHTML, like Gecko) Chrome/127.0.0.0 Mobile Safari/537.36"
103.144.18.37 - - [15/Aug/2024:13:38:02 -0400] "GET /wp-content/uploads/2024/02/cropped-if-the-anime-continues-and-reaches-the-point-of-current-v0-frhh1uf0zj5a1-192x192.webp HTTP/1.1" 200 4440 "https://r.lookismmanga.com/" "Mozilla/5.0 (Linux; Android 10; K) AppleWebKit/537.36 (KHTML, like Gecko) Chrome/127.0.0.0 Mobile Safari/537.36"
103.144.18.37 - - [15/Aug/2024:13:38:02 -0400] "GET /wp-content/uploads/2024/02/cropped-if-the-anime-continues-and-reaches-the-point-of-current-v0-frhh1uf0zj5a1-180x180.webp HTTP/1.1" 200 4302 "https://r.lookismmanga.com/" "Mozilla/5.0 (Linux; Android 10; K) AppleWebKit/537.36 (KHTML, like Gecko) Chrome/127.0.0.0 Mobile Safari/537.36"
103.144.18.37 - - [15/Aug/2024:13:38:04 -0400] "GET /comic/lookism-chapter-511/ HTTP/1.1" 200 11103 "https://r.lookismmanga.com/" "Mozilla/5.0 (Linux; Android 10; K) AppleWebKit/537.36 (KHTML, like Gecko) Chrome/127.0.0.0 Mobile Safari/537.36"
103.144.18.37 - - [15/Aug/2024:13:38:05 -0400] "GET /comic/lookism-chapter-514/ HTTP/1.1" 200 10578 "https://r.lookismmanga.com/" "Mozilla/5.0 (Linux; Android 10; K) AppleWebKit/537.36 (KHTML, like Gecko) Chrome/127.0.0.0 Mobile Safari/537.36"
