Current File : /home/honehdyv/access-logs/r.lookismmanga.com-ssl_log |
66.249.64.128 - - [15/Aug/2024:08:08:09 -0400] "GET /comic/lookism-chapter-267/ HTTP/1.1" 200 13220 "-" "Mozilla/5.0 (Linux; Android 6.0.1; Nexus 5X Build/MMB29P) AppleWebKit/537.36 (KHTML, like Gecko) Chrome/127.0.6533.99 Mobile Safari/537.36 (compatible; Googlebot/2.1; +http://www.google.com/bot.html)"
162.0.232.193 - - [15/Aug/2024:08:08:38 -0400] "POST /wp-cron.php?doing_wp_cron=1723723717.8666069507598876953125 HTTP/1.1" 200 0 "-" "WordPress/6.5.5; https://r.lookismmanga.com"
51.222.253.11 - - [15/Aug/2024:08:08:37 -0400] "GET /lookism/lookism-chapter-365/ HTTP/1.1" 301 0 "-" "Mozilla/5.0 (compatible; AhrefsBot/7.0; +http://ahrefs.com/robot/)"
180.190.11.81 - - [15/Aug/2024:08:09:07 -0400] "GET / HTTP/1.1" 200 11589 "-" "Mozilla/5.0 (Linux; Android 14; V2332 Build/UP1A.231005.007; wv) AppleWebKit/537.36 (KHTML, like Gecko) Version/4.0 Chrome/127.0.6533.103 Mobile Safari/537.36"
180.190.11.81 - - [15/Aug/2024:08:09:08 -0400] "GET /wp-content/uploads/2024/02/lookismkmanhwabookvolume17dkshop-706x1024.jpg HTTP/1.1" 200 101529 "https://r.lookismmanga.com/" "Mozilla/5.0 (Linux; Android 14; V2332 Build/UP1A.231005.007; wv) AppleWebKit/537.36 (KHTML, like Gecko) Version/4.0 Chrome/127.0.6533.103 Mobile Safari/537.36"
180.190.11.81 - - [15/Aug/2024:08:09:08 -0400] "GET /wp-includes/js/jquery/jquery-migrate.min.js?ver=3.4.1 HTTP/1.1" 200 4678 "https://r.lookismmanga.com/" "Mozilla/5.0 (Linux; Android 14; V2332 Build/UP1A.231005.007; wv) AppleWebKit/537.36 (KHTML, like Gecko) Version/4.0 Chrome/127.0.6533.103 Mobile Safari/537.36"
180.190.11.81 - - [15/Aug/2024:08:09:08 -0400] "GET /wp-content/themes/toivo-lite/style.css?ver=1.2.0 HTTP/1.1" 200 13718 "https://r.lookismmanga.com/" "Mozilla/5.0 (Linux; Android 14; V2332 Build/UP1A.231005.007; wv) AppleWebKit/537.36 (KHTML, like Gecko) Version/4.0 Chrome/127.0.6533.103 Mobile Safari/537.36"
180.190.11.81 - - [15/Aug/2024:08:09:08 -0400] "GET /wp-content/uploads/2024/02/lookismkmanhwabookvolume5dkshop-753x1024.webp HTTP/1.1" 200 76864 "https://r.lookismmanga.com/" "Mozilla/5.0 (Linux; Android 14; V2332 Build/UP1A.231005.007; wv) AppleWebKit/537.36 (KHTML, like Gecko) Version/4.0 Chrome/127.0.6533.103 Mobile Safari/537.36"
180.190.11.81 - - [15/Aug/2024:08:09:08 -0400] "GET /wp-content/plugins/comic-easel/js/keynav.js HTTP/1.1" 200 302 "https://r.lookismmanga.com/" "Mozilla/5.0 (Linux; Android 14; V2332 Build/UP1A.231005.007; wv) AppleWebKit/537.36 (KHTML, like Gecko) Version/4.0 Chrome/127.0.6533.103 Mobile Safari/537.36"
180.190.11.81 - - [15/Aug/2024:08:09:08 -0400] "GET /wp-content/plugins/simple-social-buttons/assets/js/frontend-blocks.js?ver=5.1.3 HTTP/1.1" 200 0 "https://r.lookismmanga.com/" "Mozilla/5.0 (Linux; Android 14; V2332 Build/UP1A.231005.007; wv) AppleWebKit/537.36 (KHTML, like Gecko) Version/4.0 Chrome/127.0.6533.103 Mobile Safari/537.36"
180.190.11.81 - - [15/Aug/2024:08:09:09 -0400] "GET /wp-content/plugins/widgets-on-pages/public/css/widgets-on-pages-public.css?ver=1.4.0 HTTP/1.1" 200 83 "https://r.lookismmanga.com/" "Mozilla/5.0 (Linux; Android 14; V2332 Build/UP1A.231005.007; wv) AppleWebKit/537.36 (KHTML, like Gecko) Version/4.0 Chrome/127.0.6533.103 Mobile Safari/537.36"
180.190.11.81 - - [15/Aug/2024:08:09:09 -0400] "GET /wp-includes/css/dist/block-library/style.min.css?ver=6.5.5 HTTP/1.1" 200 14071 "https://r.lookismmanga.com/" "Mozilla/5.0 (Linux; Android 14; V2332 Build/UP1A.231005.007; wv) AppleWebKit/537.36 (KHTML, like Gecko) Version/4.0 Chrome/127.0.6533.103 Mobile Safari/537.36"
180.190.11.81 - - [15/Aug/2024:08:09:09 -0400] "GET /wp-content/plugins/simple-social-buttons/assets/css/front.css?ver=5.1.3 HTTP/1.1" 200 9767 "https://r.lookismmanga.com/" "Mozilla/5.0 (Linux; Android 14; V2332 Build/UP1A.231005.007; wv) AppleWebKit/537.36 (KHTML, like Gecko) Version/4.0 Chrome/127.0.6533.103 Mobile Safari/537.36"
180.190.11.81 - - [15/Aug/2024:08:09:09 -0400] "GET /wp-includes/js/jquery/jquery.min.js?ver=3.7.1 HTTP/1.1" 200 29744 "https://r.lookismmanga.com/" "Mozilla/5.0 (Linux; Android 14; V2332 Build/UP1A.231005.007; wv) AppleWebKit/537.36 (KHTML, like Gecko) Version/4.0 Chrome/127.0.6533.103 Mobile Safari/537.36"
180.190.11.81 - - [15/Aug/2024:08:09:09 -0400] "GET /wp-content/themes/toivo-lite/fonts/genericons/genericons/genericons.min.css?ver=3.3 HTTP/1.1" 200 15959 "https://r.lookismmanga.com/" "Mozilla/5.0 (Linux; Android 14; V2332 Build/UP1A.231005.007; wv) AppleWebKit/537.36 (KHTML, like Gecko) Version/4.0 Chrome/127.0.6533.103 Mobile Safari/537.36"
180.190.11.81 - - [15/Aug/2024:08:09:09 -0400] "GET /wp-content/plugins/simple-social-buttons/assets/js/front.js?ver=5.1.3 HTTP/1.1" 200 1577 "https://r.lookismmanga.com/" "Mozilla/5.0 (Linux; Android 14; V2332 Build/UP1A.231005.007; wv) AppleWebKit/537.36 (KHTML, like Gecko) Version/4.0 Chrome/127.0.6533.103 Mobile Safari/537.36"
180.190.11.81 - - [15/Aug/2024:08:09:09 -0400] "GET /wp-content/uploads/2024/02/cropped-MV5BMmI0NjY3NWYtMjEyYi00MjBlLWE4NDktNzNjZWNjMGUyY2U2XkEyXkFqcGdeQXVyMTUzNjM4ODE1._V1_.jpg HTTP/1.1" 200 88480 "https://r.lookismmanga.com/" "Mozilla/5.0 (Linux; Android 14; V2332 Build/UP1A.231005.007; wv) AppleWebKit/537.36 (KHTML, like Gecko) Version/4.0 Chrome/127.0.6533.103 Mobile Safari/537.36"
180.190.11.81 - - [15/Aug/2024:08:09:09 -0400] "GET /wp-content/themes/toivo-lite/js/responsive-nav.min.js?ver=1.2.0 HTTP/1.1" 200 2102 "https://r.lookismmanga.com/" "Mozilla/5.0 (Linux; Android 14; V2332 Build/UP1A.231005.007; wv) AppleWebKit/537.36 (KHTML, like Gecko) Version/4.0 Chrome/127.0.6533.103 Mobile Safari/537.36"
180.190.11.81 - - [15/Aug/2024:08:09:09 -0400] "GET /wp-content/themes/toivo-lite/js/settings.min.js?ver=1.2.0 HTTP/1.1" 200 307 "https://r.lookismmanga.com/" "Mozilla/5.0 (Linux; Android 14; V2332 Build/UP1A.231005.007; wv) AppleWebKit/537.36 (KHTML, like Gecko) Version/4.0 Chrome/127.0.6533.103 Mobile Safari/537.36"
180.190.11.81 - - [15/Aug/2024:08:09:09 -0400] "GET /wp-content/themes/toivo-lite/js/functions.min.js?ver=1.2.0 HTTP/1.1" 200 593 "https://r.lookismmanga.com/" "Mozilla/5.0 (Linux; Android 14; V2332 Build/UP1A.231005.007; wv) AppleWebKit/537.36 (KHTML, like Gecko) Version/4.0 Chrome/127.0.6533.103 Mobile Safari/537.36"
180.190.11.81 - - [15/Aug/2024:08:09:10 -0400] "GET /wp-content/uploads/2024/02/cropped-if-the-anime-continues-and-reaches-the-point-of-current-v0-frhh1uf0zj5a1-32x32.webp HTTP/1.1" 200 438 "https://r.lookismmanga.com/" "Mozilla/5.0 (Linux; Android 14; V2332 Build/UP1A.231005.007; wv) AppleWebKit/537.36 (KHTML, like Gecko) Version/4.0 Chrome/127.0.6533.103 Mobile Safari/537.36"
180.190.11.81 - - [15/Aug/2024:08:09:10 -0400] "GET /wp-content/uploads/2024/02/cropped-if-the-anime-continues-and-reaches-the-point-of-current-v0-frhh1uf0zj5a1-192x192.webp HTTP/1.1" 200 4440 "https://r.lookismmanga.com/" "Mozilla/5.0 (Linux; Android 14; V2332 Build/UP1A.231005.007; wv) AppleWebKit/537.36 (KHTML, like Gecko) Version/4.0 Chrome/127.0.6533.103 Mobile Safari/537.36"
180.190.11.81 - - [15/Aug/2024:08:09:12 -0400] "GET /comic/lookism-chapter-514/ HTTP/1.1" 200 11038 "https://r.lookismmanga.com/" "Mozilla/5.0 (Linux; Android 14; V2332 Build/UP1A.231005.007; wv) AppleWebKit/537.36 (KHTML, like Gecko) Version/4.0 Chrome/127.0.6533.103 Mobile Safari/537.36"
180.190.11.81 - - [15/Aug/2024:08:09:13 -0400] "GET /wp-content/plugins/wp-automatic/css/wp-automatic.css?ver=1.0.0 HTTP/1.1" 200 537 "https://r.lookismmanga.com/comic/lookism-chapter-514/" "Mozilla/5.0 (Linux; Android 14; V2332 Build/UP1A.231005.007; wv) AppleWebKit/537.36 (KHTML, like Gecko) Version/4.0 Chrome/127.0.6533.103 Mobile Safari/537.36"
180.190.11.81 - - [15/Aug/2024:08:09:13 -0400] "GET /wp-content/plugins/wp-automatic/js/main-front.js?ver=6.5.5 HTTP/1.1" 200 316 "https://r.lookismmanga.com/comic/lookism-chapter-514/" "Mozilla/5.0 (Linux; Android 14; V2332 Build/UP1A.231005.007; wv) AppleWebKit/537.36 (KHTML, like Gecko) Version/4.0 Chrome/127.0.6533.103 Mobile Safari/537.36"
180.190.11.81 - - [15/Aug/2024:08:09:13 -0400] "GET /wp-content/plugins/disqus-comment-system/public/js/comment_count.js?ver=3.1.1 HTTP/1.1" 200 354 "https://r.lookismmanga.com/comic/lookism-chapter-514/" "Mozilla/5.0 (Linux; Android 14; V2332 Build/UP1A.231005.007; wv) AppleWebKit/537.36 (KHTML, like Gecko) Version/4.0 Chrome/127.0.6533.103 Mobile Safari/537.36"
180.190.11.81 - - [15/Aug/2024:08:09:13 -0400] "GET /wp-includes/js/comment-reply.min.js?ver=6.5.5 HTTP/1.1" 200 1228 "https://r.lookismmanga.com/comic/lookism-chapter-514/" "Mozilla/5.0 (Linux; Android 14; V2332 Build/UP1A.231005.007; wv) AppleWebKit/537.36 (KHTML, like Gecko) Version/4.0 Chrome/127.0.6533.103 Mobile Safari/537.36"
180.190.11.81 - - [15/Aug/2024:08:09:13 -0400] "GET /wp-content/plugins/disqus-comment-system/public/js/comment_embed.js?ver=3.1.1 HTTP/1.1" 200 653 "https://r.lookismmanga.com/comic/lookism-chapter-514/" "Mozilla/5.0 (Linux; Android 14; V2332 Build/UP1A.231005.007; wv) AppleWebKit/537.36 (KHTML, like Gecko) Version/4.0 Chrome/127.0.6533.103 Mobile Safari/537.36"
180.190.11.81 - - [15/Aug/2024:08:09:13 -0400] "GET /wp-content/plugins/simple-social-buttons/assets/fonts/ssb-icon.ttf?eahqa2 HTTP/1.1" 200 6212 "https://r.lookismmanga.com/wp-content/plugins/simple-social-buttons/assets/css/front.css?ver=5.1.3" "Mozilla/5.0 (Linux; Android 14; V2332 Build/UP1A.231005.007; wv) AppleWebKit/537.36 (KHTML, like Gecko) Version/4.0 Chrome/127.0.6533.103 Mobile Safari/537.36"
162.0.232.193 - - [15/Aug/2024:08:09:15 -0400] "POST /wp-cron.php?doing_wp_cron=1723723754.7907888889312744140625 HTTP/1.1" 200 0 "-" "WordPress/6.5.5; https://r.lookismmanga.com"
180.190.11.81 - - [15/Aug/2024:08:09:14 -0400] "POST /wp-admin/admin-ajax.php HTTP/1.1" 200 69 "https://r.lookismmanga.com/comic/lookism-chapter-514/" "Mozilla/5.0 (Linux; Android 14; V2332 Build/UP1A.231005.007; wv) AppleWebKit/537.36 (KHTML, like Gecko) Version/4.0 Chrome/127.0.6533.103 Mobile Safari/537.36"
162.0.232.193 - - [15/Aug/2024:08:09:24 -0400] "POST /wp-cron.php?doing_wp_cron=1723723764.7080070972442626953125 HTTP/1.1" 200 0 "-" "WordPress/6.5.5; https://r.lookismmanga.com"
66.249.64.128 - - [15/Aug/2024:08:09:24 -0400] "POST /wp-admin/admin-ajax.php HTTP/1.1" 200 69 "https://r.lookismmanga.com/comic/lookism-chapter-267/" "Mozilla/5.0 (Linux; Android 6.0.1; Nexus 5X Build/MMB29P) AppleWebKit/537.36 (KHTML, like Gecko) Chrome/126.0.6478.182 Mobile Safari/537.36 (compatible; Googlebot/2.1; +http://www.google.com/bot.html)"
162.0.232.193 - - [15/Aug/2024:08:09:49 -0400] "POST /wp-cron.php?doing_wp_cron=1723723789.3289868831634521484375 HTTP/1.1" 200 0 "-" "WordPress/6.5.5; https://r.lookismmanga.com"
51.222.253.20 - - [15/Aug/2024:08:09:49 -0400] "GET /lookism/lookism-chapter-364-1/ HTTP/1.1" 301 0 "-" "Mozilla/5.0 (compatible; AhrefsBot/7.0; +http://ahrefs.com/robot/)"
162.0.232.193 - - [15/Aug/2024:08:10:01 -0400] "POST /wp-cron.php?doing_wp_cron=1723723800.9004991054534912109375 HTTP/1.1" 200 0 "-" "WordPress/6.5.5; https://r.lookismmanga.com"
162.0.232.193 - - [15/Aug/2024:08:10:57 -0400] "POST /wp-cron.php?doing_wp_cron=1723723857.2904269695281982421875 HTTP/1.1" 200 0 "-" "WordPress/6.5.5; https://r.lookismmanga.com"
51.222.253.9 - - [15/Aug/2024:08:10:57 -0400] "GET /lookism/lookism-chapter-363/ HTTP/1.1" 301 0 "-" "Mozilla/5.0 (compatible; AhrefsBot/7.0; +http://ahrefs.com/robot/)"
49.145.107.91 - - [15/Aug/2024:08:11:42 -0400] "GET / HTTP/1.1" 200 11557 "-" "Mozilla/5.0 (Windows NT 10.0; Win64; x64) AppleWebKit/537.36 (KHTML, like Gecko) Chrome/127.0.0.0 Safari/537.36"
162.0.232.193 - - [15/Aug/2024:08:12:02 -0400] "POST /wp-cron.php?doing_wp_cron=1723723922.3667619228363037109375 HTTP/1.1" 200 0 "-" "WordPress/6.5.5; https://r.lookismmanga.com"
114.119.155.142 - - [15/Aug/2024:08:12:02 -0400] "GET /lookism/lookism-chapter-310/ HTTP/1.1" 301 0 "https://ww12.lookismmanga.com/lookism/lookism-chapter-478-3/" "Mozilla/5.0 (Linux; Android 7.0;) AppleWebKit/537.36 (KHTML, like Gecko) Mobile Safari/537.36 (compatible; PetalBot;+https://webmaster.petalsearch.com/site/petalbot)"
114.119.155.142 - - [15/Aug/2024:08:12:03 -0400] "GET / HTTP/1.1" 200 11589 "https://ww12.lookismmanga.com/lookism/lookism-chapter-478-3/" "Mozilla/5.0 (Linux; Android 7.0;) AppleWebKit/537.36 (KHTML, like Gecko) Mobile Safari/537.36 (compatible; PetalBot;+https://webmaster.petalsearch.com/site/petalbot)"
51.222.253.5 - - [15/Aug/2024:08:12:10 -0400] "GET /lookism/lookism-chapter-362/ HTTP/1.1" 301 0 "-" "Mozilla/5.0 (compatible; AhrefsBot/7.0; +http://ahrefs.com/robot/)"
162.0.232.193 - - [15/Aug/2024:08:12:28 -0400] "POST /wp-cron.php?doing_wp_cron=1723723948.6135520935058593750000 HTTP/1.1" 200 0 "-" "WordPress/6.5.5; https://r.lookismmanga.com"
2a03:2880:13ff:10::face:b00c - - [15/Aug/2024:08:12:28 -0400] "GET /?p=2104 HTTP/1.1" 301 0 "-" "facebookexternalhit/1.1 (+http://www.facebook.com/externalhit_uatext.php)"
171.238.39.199 - - [15/Aug/2024:08:12:33 -0400] "GET / HTTP/1.1" 200 11557 "-" "Mozilla/5.0 (Windows NT 10.0; Win64; x64) AppleWebKit/537.36 (KHTML, like Gecko) Chrome/120.0.0.0 Safari/537.36"
52.167.144.235 - - [15/Aug/2024:08:12:57 -0400] "GET / HTTP/1.1" 200 11557 "-" "Mozilla/5.0 AppleWebKit/537.36 (KHTML, like Gecko; compatible; bingbot/2.0; +http://www.bing.com/bingbot.htm) Chrome/116.0.1938.76 Safari/537.36"
40.77.167.2 - - [15/Aug/2024:08:13:01 -0400] "GET /comic/lookism-chapter-513/ HTTP/1.1" 200 11063 "-" "Mozilla/5.0 AppleWebKit/537.36 (KHTML, like Gecko; compatible; bingbot/2.0; +http://www.bing.com/bingbot.htm) Chrome/116.0.1938.76 Safari/537.36"
162.0.232.193 - - [15/Aug/2024:08:13:30 -0400] "POST /wp-cron.php?doing_wp_cron=1723724010.1276869773864746093750 HTTP/1.1" 200 0 "-" "WordPress/6.5.5; https://r.lookismmanga.com"
51.222.253.5 - - [15/Aug/2024:08:13:29 -0400] "GET /lookism/lookism-chapter-353/ HTTP/1.1" 301 0 "-" "Mozilla/5.0 (compatible; AhrefsBot/7.0; +http://ahrefs.com/robot/)"
162.0.232.193 - - [15/Aug/2024:08:13:58 -0400] "POST /wp-cron.php?doing_wp_cron=1723724038.0758829116821289062500 HTTP/1.1" 200 0 "-" "WordPress/6.5.5; https://r.lookismmanga.com"
34.79.242.244 - - [15/Aug/2024:08:13:57 -0400] "GET /ads.txt HTTP/1.1" 301 0 "https://lookismmanga.com/ads.txt" "+http://www.google.com/adsbot.html"
34.79.242.244 - - [15/Aug/2024:08:13:59 -0400] "GET / HTTP/1.1" 200 11557 "https://lookismmanga.com" "+http://www.google.com/adsbot.html"
34.79.242.244 - - [15/Aug/2024:08:13:59 -0400] "GET /ads.txt HTTP/1.1" 301 0 "https://lookismmanga.com/ads.txt" "+http://www.google.com/adsbot.html"
34.79.242.244 - - [15/Aug/2024:08:14:00 -0400] "GET / HTTP/1.1" 200 11557 "https://lookismmanga.com" "+http://www.google.com/adsbot.html"
162.0.232.193 - - [15/Aug/2024:08:14:27 -0400] "POST /wp-cron.php?doing_wp_cron=1723724067.5918130874633789062500 HTTP/1.1" 200 0 "-" "WordPress/6.5.5; https://r.lookismmanga.com"
86.16.56.21 - - [15/Aug/2024:08:14:27 -0400] "GET /favicon.ico HTTP/1.1" 302 0 "https://uk.search.yahoo.com/" "Mozilla/5.0 (Windows NT 10.0; Win64; x64) AppleWebKit/537.36 (KHTML, like Gecko) Chrome/127.0.0.0 Safari/537.36"
162.0.232.193 - - [15/Aug/2024:08:15:11 -0400] "POST /wp-cron.php?doing_wp_cron=1723724110.7621760368347167968750 HTTP/1.1" 200 0 "-" "WordPress/6.5.5; https://r.lookismmanga.com"
51.222.253.9 - - [15/Aug/2024:08:15:10 -0400] "GET /lookism/lookism-chapter-361/ HTTP/1.1" 301 0 "-" "Mozilla/5.0 (compatible; AhrefsBot/7.0; +http://ahrefs.com/robot/)"
162.0.232.193 - - [15/Aug/2024:08:15:23 -0400] "POST /wp-cron.php?doing_wp_cron=1723724122.8704230785369873046875 HTTP/1.1" 200 0 "-" "WordPress/6.5.5; https://r.lookismmanga.com"
86.16.56.21 - - [15/Aug/2024:08:15:22 -0400] "GET /favicon.ico HTTP/1.1" 302 0 "https://uk.search.yahoo.com/" "Mozilla/5.0 (Windows NT 10.0; Win64; x64) AppleWebKit/537.36 (KHTML, like Gecko) Chrome/127.0.0.0 Safari/537.36"
162.0.232.193 - - [15/Aug/2024:08:16:25 -0400] "POST /wp-cron.php?doing_wp_cron=1723724184.7664361000061035156250 HTTP/1.1" 200 0 "-" "WordPress/6.5.5; https://r.lookismmanga.com"
51.222.253.5 - - [15/Aug/2024:08:16:24 -0400] "GET /lookism/lookism-chapter-361-1/ HTTP/1.1" 301 0 "-" "Mozilla/5.0 (compatible; AhrefsBot/7.0; +http://ahrefs.com/robot/)"
162.0.232.193 - - [15/Aug/2024:08:17:03 -0400] "POST /wp-cron.php?doing_wp_cron=1723724223.0167601108551025390625 HTTP/1.1" 200 0 "-" "WordPress/6.5.5; https://r.lookismmanga.com"
114.119.155.142 - - [15/Aug/2024:08:17:02 -0400] "GET /lookism/lookism-chapter-130/ HTTP/1.1" 301 0 "https://ww13.lookismmanga.com/lookism/page/31/" "Mozilla/5.0 (Linux; Android 7.0;) AppleWebKit/537.36 (KHTML, like Gecko) Mobile Safari/537.36 (compatible; PetalBot;+https://webmaster.petalsearch.com/site/petalbot)"
114.119.155.142 - - [15/Aug/2024:08:17:04 -0400] "GET / HTTP/1.1" 200 11607 "https://ww13.lookismmanga.com/lookism/page/31/" "Mozilla/5.0 (Linux; Android 7.0;) AppleWebKit/537.36 (KHTML, like Gecko) Mobile Safari/537.36 (compatible; PetalBot;+https://webmaster.petalsearch.com/site/petalbot)"
188.151.251.176 - - [15/Aug/2024:08:17:11 -0400] "GET / HTTP/1.1" 200 11612 "https://www.bing.com/" "Mozilla/5.0 (Windows NT 10.0; Win64; x64) AppleWebKit/537.36 (KHTML, like Gecko) Chrome/127.0.0.0 Safari/537.36 Edg/127.0.0.0"
96.234.173.226 - - [15/Aug/2024:08:17:21 -0400] "GET / HTTP/1.1" 200 11596 "https://www.bing.com/" "Mozilla/5.0 (iPhone; CPU iPhone OS 17_5 like Mac OS X) AppleWebKit/605.1.15 (KHTML, like Gecko) EdgiOS/127.0.2651.81 Version/17.0 Mobile/15E148 Safari/604.1"
162.0.232.193 - - [15/Aug/2024:08:17:49 -0400] "POST /wp-cron.php?doing_wp_cron=1723724269.3870830535888671875000 HTTP/1.1" 200 0 "-" "WordPress/6.5.5; https://r.lookismmanga.com"
51.222.253.15 - - [15/Aug/2024:08:17:49 -0400] "GET /lookism/lookism-chapter-360-1/ HTTP/1.1" 301 0 "-" "Mozilla/5.0 (compatible; AhrefsBot/7.0; +http://ahrefs.com/robot/)"
162.0.232.193 - - [15/Aug/2024:08:17:50 -0400] "GET /comic/lookism-chapter-59/ HTTP/1.1" 200 11569 "-" "WP Rocket/Preload"
162.0.232.193 - - [15/Aug/2024:08:17:51 -0400] "GET /comic/lookism-chapter-59/ HTTP/1.1" 200 11571 "-" "WP Rocket/Preload Mozilla/5.0 (iPhone; CPU iPhone OS 9_1 like Mac OS X) AppleWebKit/601.1.46 (KHTML, like Gecko) Version/9.0 Mobile/13B143 Safari/601.1"
162.0.232.193 - - [15/Aug/2024:08:17:52 -0400] "GET /comic/lookism-chapter-171/ HTTP/1.1" 200 12426 "-" "WP Rocket/Preload"
2a03:2880:ff:e::face:b00c - - [15/Aug/2024:08:17:52 -0400] "GET /lookism/page/51/ HTTP/1.1" 301 0 "-" "facebookexternalhit/1.1 (+http://www.facebook.com/externalhit_uatext.php)"
162.0.232.193 - - [15/Aug/2024:08:17:53 -0400] "GET /comic/lookism-chapter-171/ HTTP/1.1" 200 12425 "-" "WP Rocket/Preload Mozilla/5.0 (iPhone; CPU iPhone OS 9_1 like Mac OS X) AppleWebKit/601.1.46 (KHTML, like Gecko) Version/9.0 Mobile/13B143 Safari/601.1"
162.0.232.193 - - [15/Aug/2024:08:17:54 -0400] "GET /comic/lookism-chapter-376/ HTTP/1.1" 200 11899 "-" "WP Rocket/Preload"
162.0.232.193 - - [15/Aug/2024:08:17:55 -0400] "GET /comic/lookism-chapter-376/ HTTP/1.1" 200 11901 "-" "WP Rocket/Preload Mozilla/5.0 (iPhone; CPU iPhone OS 9_1 like Mac OS X) AppleWebKit/601.1.46 (KHTML, like Gecko) Version/9.0 Mobile/13B143 Safari/601.1"
162.0.232.193 - - [15/Aug/2024:08:17:56 -0400] "GET /comic/lookism-chapter-428/ HTTP/1.1" 200 11391 "-" "WP Rocket/Preload"
162.0.232.193 - - [15/Aug/2024:08:17:58 -0400] "GET /comic/lookism-chapter-428/ HTTP/1.1" 200 11395 "-" "WP Rocket/Preload Mozilla/5.0 (iPhone; CPU iPhone OS 9_1 like Mac OS X) AppleWebKit/601.1.46 (KHTML, like Gecko) Version/9.0 Mobile/13B143 Safari/601.1"
162.0.232.193 - - [15/Aug/2024:08:17:59 -0400] "GET /comic/lookism-chapter-514/ HTTP/1.1" 200 10575 "-" "WP Rocket/Preload"
162.0.232.193 - - [15/Aug/2024:08:18:00 -0400] "GET /comic/lookism-chapter-514/ HTTP/1.1" 200 10555 "-" "WP Rocket/Preload Mozilla/5.0 (iPhone; CPU iPhone OS 9_1 like Mac OS X) AppleWebKit/601.1.46 (KHTML, like Gecko) Version/9.0 Mobile/13B143 Safari/601.1"
162.0.232.193 - - [15/Aug/2024:08:19:02 -0400] "POST /wp-cron.php?doing_wp_cron=1723724342.4300580024719238281250 HTTP/1.1" 200 0 "-" "WordPress/6.5.5; https://r.lookismmanga.com"
51.222.253.9 - - [15/Aug/2024:08:19:02 -0400] "GET /lookism/lookism-chapter-359/ HTTP/1.1" 301 0 "-" "Mozilla/5.0 (compatible; AhrefsBot/7.0; +http://ahrefs.com/robot/)"
162.0.232.193 - - [15/Aug/2024:08:19:04 -0400] "GET /comic/lookism-chapter-299/ HTTP/1.1" 200 12786 "-" "WP Rocket/Preload"
162.0.232.193 - - [15/Aug/2024:08:19:05 -0400] "GET /comic/lookism-chapter-299/ HTTP/1.1" 200 12784 "-" "WP Rocket/Preload Mozilla/5.0 (iPhone; CPU iPhone OS 9_1 like Mac OS X) AppleWebKit/601.1.46 (KHTML, like Gecko) Version/9.0 Mobile/13B143 Safari/601.1"
162.0.232.193 - - [15/Aug/2024:08:19:06 -0400] "GET /comic/lookism-chapter-28/ HTTP/1.1" 200 11599 "-" "WP Rocket/Preload"
162.0.232.193 - - [15/Aug/2024:08:19:08 -0400] "GET /comic/lookism-chapter-28/ HTTP/1.1" 200 11600 "-" "WP Rocket/Preload Mozilla/5.0 (iPhone; CPU iPhone OS 9_1 like Mac OS X) AppleWebKit/601.1.46 (KHTML, like Gecko) Version/9.0 Mobile/13B143 Safari/601.1"
162.0.232.193 - - [15/Aug/2024:08:19:09 -0400] "GET /comic/lookism-chapter-384/ HTTP/1.1" 200 11311 "-" "WP Rocket/Preload"
162.0.232.193 - - [15/Aug/2024:08:19:10 -0400] "GET /comic/lookism-chapter-384/ HTTP/1.1" 200 11312 "-" "WP Rocket/Preload Mozilla/5.0 (iPhone; CPU iPhone OS 9_1 like Mac OS X) AppleWebKit/601.1.46 (KHTML, like Gecko) Version/9.0 Mobile/13B143 Safari/601.1"
162.0.232.193 - - [15/Aug/2024:08:19:12 -0400] "GET /comic/lookism-chapter-179/ HTTP/1.1" 200 13116 "-" "WP Rocket/Preload"
162.0.232.193 - - [15/Aug/2024:08:19:13 -0400] "GET /comic/lookism-chapter-179/ HTTP/1.1" 200 13117 "-" "WP Rocket/Preload Mozilla/5.0 (iPhone; CPU iPhone OS 9_1 like Mac OS X) AppleWebKit/601.1.46 (KHTML, like Gecko) Version/9.0 Mobile/13B143 Safari/601.1"
162.0.232.193 - - [15/Aug/2024:08:19:14 -0400] "GET /comic/lookism-chapter-413/ HTTP/1.1" 200 11496 "-" "WP Rocket/Preload"
162.0.232.193 - - [15/Aug/2024:08:19:15 -0400] "GET /comic/lookism-chapter-413/ HTTP/1.1" 200 11494 "-" "WP Rocket/Preload Mozilla/5.0 (iPhone; CPU iPhone OS 9_1 like Mac OS X) AppleWebKit/601.1.46 (KHTML, like Gecko) Version/9.0 Mobile/13B143 Safari/601.1"
162.0.232.193 - - [15/Aug/2024:08:19:17 -0400] "GET /comic/lookism-chapter-88/ HTTP/1.1" 200 11628 "-" "WP Rocket/Preload"
162.0.232.193 - - [15/Aug/2024:08:19:18 -0400] "GET /comic/lookism-chapter-88/ HTTP/1.1" 200 11630 "-" "WP Rocket/Preload Mozilla/5.0 (iPhone; CPU iPhone OS 9_1 like Mac OS X) AppleWebKit/601.1.46 (KHTML, like Gecko) Version/9.0 Mobile/13B143 Safari/601.1"
162.0.232.193 - - [15/Aug/2024:08:19:19 -0400] "GET /comic/lookism-chapter-388/ HTTP/1.1" 200 11964 "-" "WP Rocket/Preload"
162.0.232.193 - - [15/Aug/2024:08:19:20 -0400] "GET /comic/lookism-chapter-388/ HTTP/1.1" 200 11964 "-" "WP Rocket/Preload Mozilla/5.0 (iPhone; CPU iPhone OS 9_1 like Mac OS X) AppleWebKit/601.1.46 (KHTML, like Gecko) Version/9.0 Mobile/13B143 Safari/601.1"
162.0.232.193 - - [15/Aug/2024:08:19:22 -0400] "GET /comic/lookism-chapter-110/ HTTP/1.1" 200 11778 "-" "WP Rocket/Preload"
162.0.232.193 - - [15/Aug/2024:08:19:23 -0400] "GET /comic/lookism-chapter-110/ HTTP/1.1" 200 11778 "-" "WP Rocket/Preload Mozilla/5.0 (iPhone; CPU iPhone OS 9_1 like Mac OS X) AppleWebKit/601.1.46 (KHTML, like Gecko) Version/9.0 Mobile/13B143 Safari/601.1"
162.0.232.193 - - [15/Aug/2024:08:19:24 -0400] "GET /comic/lookism-chapter-49/ HTTP/1.1" 200 11452 "-" "WP Rocket/Preload"
162.0.232.193 - - [15/Aug/2024:08:19:25 -0400] "GET /comic/lookism-chapter-49/ HTTP/1.1" 200 11447 "-" "WP Rocket/Preload Mozilla/5.0 (iPhone; CPU iPhone OS 9_1 like Mac OS X) AppleWebKit/601.1.46 (KHTML, like Gecko) Version/9.0 Mobile/13B143 Safari/601.1"
162.0.232.193 - - [15/Aug/2024:08:19:32 -0400] "POST /wp-cron.php?doing_wp_cron=1723724371.7680160999298095703125 HTTP/1.1" 200 0 "-" "WordPress/6.5.5; https://r.lookismmanga.com"
2602:80d:1003::1b - - [15/Aug/2024:08:20:14 -0400] "GET / HTTP/1.1" 200 11603 "-" "Mozilla/5.0 (compatible; CensysInspect/1.1; +https://about.censys.io/)"
162.0.232.193 - - [15/Aug/2024:08:20:15 -0400] "POST /wp-cron.php?doing_wp_cron=1723724415.3954579830169677734375 HTTP/1.1" 200 0 "-" "WordPress/6.5.5; https://r.lookismmanga.com"
51.222.253.6 - - [15/Aug/2024:08:20:15 -0400] "GET /lookism/lookism-chapter-358/ HTTP/1.1" 301 0 "-" "Mozilla/5.0 (compatible; AhrefsBot/7.0; +http://ahrefs.com/robot/)"
162.0.232.193 - - [15/Aug/2024:08:20:16 -0400] "GET /comic/lookism-chapter-97/ HTTP/1.1" 200 11295 "-" "WP Rocket/Preload"
162.0.232.193 - - [15/Aug/2024:08:20:17 -0400] "GET /comic/lookism-chapter-97/ HTTP/1.1" 200 11296 "-" "WP Rocket/Preload Mozilla/5.0 (iPhone; CPU iPhone OS 9_1 like Mac OS X) AppleWebKit/601.1.46 (KHTML, like Gecko) Version/9.0 Mobile/13B143 Safari/601.1"
162.0.232.193 - - [15/Aug/2024:08:20:19 -0400] "GET /comic/lookism-chapter-10/ HTTP/1.1" 200 11532 "-" "WP Rocket/Preload"
162.0.232.193 - - [15/Aug/2024:08:20:20 -0400] "GET /comic/lookism-chapter-10/ HTTP/1.1" 200 11535 "-" "WP Rocket/Preload Mozilla/5.0 (iPhone; CPU iPhone OS 9_1 like Mac OS X) AppleWebKit/601.1.46 (KHTML, like Gecko) Version/9.0 Mobile/13B143 Safari/601.1"
162.0.232.193 - - [15/Aug/2024:08:20:21 -0400] "GET /comic/lookism-chapter-20/ HTTP/1.1" 200 11555 "-" "WP Rocket/Preload"
162.0.232.193 - - [15/Aug/2024:08:20:23 -0400] "GET /comic/lookism-chapter-20/ HTTP/1.1" 200 11554 "-" "WP Rocket/Preload Mozilla/5.0 (iPhone; CPU iPhone OS 9_1 like Mac OS X) AppleWebKit/601.1.46 (KHTML, like Gecko) Version/9.0 Mobile/13B143 Safari/601.1"
162.0.232.193 - - [15/Aug/2024:08:20:24 -0400] "GET /comic/lookism-chapter-325/ HTTP/1.1" 200 12558 "-" "WP Rocket/Preload"
162.0.232.193 - - [15/Aug/2024:08:20:25 -0400] "GET /comic/lookism-chapter-325/ HTTP/1.1" 200 12362 "-" "WP Rocket/Preload Mozilla/5.0 (iPhone; CPU iPhone OS 9_1 like Mac OS X) AppleWebKit/601.1.46 (KHTML, like Gecko) Version/9.0 Mobile/13B143 Safari/601.1"
162.0.232.193 - - [15/Aug/2024:08:20:26 -0400] "GET /comic/ HTTP/1.1" 200 13196 "-" "WP Rocket/Preload"
162.0.232.193 - - [15/Aug/2024:08:20:27 -0400] "GET /comic/ HTTP/1.1" 200 12958 "-" "WP Rocket/Preload Mozilla/5.0 (iPhone; CPU iPhone OS 9_1 like Mac OS X) AppleWebKit/601.1.46 (KHTML, like Gecko) Version/9.0 Mobile/13B143 Safari/601.1"
162.0.232.193 - - [15/Aug/2024:08:20:29 -0400] "GET /comic/lookism-chapter-510/ HTTP/1.1" 200 11472 "-" "WP Rocket/Preload"
162.0.232.193 - - [15/Aug/2024:08:20:30 -0400] "GET /comic/lookism-chapter-510/ HTTP/1.1" 200 11618 "-" "WP Rocket/Preload Mozilla/5.0 (iPhone; CPU iPhone OS 9_1 like Mac OS X) AppleWebKit/601.1.46 (KHTML, like Gecko) Version/9.0 Mobile/13B143 Safari/601.1"
162.0.232.193 - - [15/Aug/2024:08:20:31 -0400] "GET /comic/lookism-chapter-508/ HTTP/1.1" 200 12082 "-" "WP Rocket/Preload"
162.0.232.193 - - [15/Aug/2024:08:20:32 -0400] "GET /comic/lookism-chapter-508/ HTTP/1.1" 200 12216 "-" "WP Rocket/Preload Mozilla/5.0 (iPhone; CPU iPhone OS 9_1 like Mac OS X) AppleWebKit/601.1.46 (KHTML, like Gecko) Version/9.0 Mobile/13B143 Safari/601.1"
162.0.232.193 - - [15/Aug/2024:08:20:33 -0400] "GET /comic/lookism-chapter-507/ HTTP/1.1" 200 11494 "-" "WP Rocket/Preload"
162.0.232.193 - - [15/Aug/2024:08:20:34 -0400] "GET /comic/lookism-chapter-507/ HTTP/1.1" 200 11619 "-" "WP Rocket/Preload Mozilla/5.0 (iPhone; CPU iPhone OS 9_1 like Mac OS X) AppleWebKit/601.1.46 (KHTML, like Gecko) Version/9.0 Mobile/13B143 Safari/601.1"
162.0.232.193 - - [15/Aug/2024:08:20:35 -0400] "GET /comic/lookism-chapter-504/ HTTP/1.1" 200 11120 "-" "WP Rocket/Preload"
162.0.232.193 - - [15/Aug/2024:08:20:37 -0400] "GET /comic/lookism-chapter-504/ HTTP/1.1" 200 11254 "-" "WP Rocket/Preload Mozilla/5.0 (iPhone; CPU iPhone OS 9_1 like Mac OS X) AppleWebKit/601.1.46 (KHTML, like Gecko) Version/9.0 Mobile/13B143 Safari/601.1"
2602:80d:1003::1b - - [15/Aug/2024:08:20:37 -0400] "GET /favicon.ico HTTP/1.1" 302 0 "-" "Mozilla/5.0 (compatible; CensysInspect/1.1; +https://about.censys.io/)"
162.0.232.193 - - [15/Aug/2024:08:20:38 -0400] "GET /comic/lookism-chapter-503/ HTTP/1.1" 200 11485 "-" "WP Rocket/Preload"
162.0.232.193 - - [15/Aug/2024:08:20:39 -0400] "GET /comic/lookism-chapter-503/ HTTP/1.1" 200 11605 "-" "WP Rocket/Preload Mozilla/5.0 (iPhone; CPU iPhone OS 9_1 like Mac OS X) AppleWebKit/601.1.46 (KHTML, like Gecko) Version/9.0 Mobile/13B143 Safari/601.1"
162.0.232.193 - - [15/Aug/2024:08:21:36 -0400] "POST /wp-cron.php?doing_wp_cron=1723724496.3917980194091796875000 HTTP/1.1" 200 0 "-" "WordPress/6.5.5; https://r.lookismmanga.com"
51.222.253.20 - - [15/Aug/2024:08:21:36 -0400] "GET /lookism/lookism-chapter-346/ HTTP/1.1" 301 0 "-" "Mozilla/5.0 (compatible; AhrefsBot/7.0; +http://ahrefs.com/robot/)"
162.0.232.193 - - [15/Aug/2024:08:21:37 -0400] "GET /comic/lookism-chapter-500/ HTTP/1.1" 200 11142 "-" "WP Rocket/Preload"
162.0.232.193 - - [15/Aug/2024:08:21:38 -0400] "GET /comic/lookism-chapter-500/ HTTP/1.1" 200 11130 "-" "WP Rocket/Preload Mozilla/5.0 (iPhone; CPU iPhone OS 9_1 like Mac OS X) AppleWebKit/601.1.46 (KHTML, like Gecko) Version/9.0 Mobile/13B143 Safari/601.1"
162.0.232.193 - - [15/Aug/2024:08:21:39 -0400] "GET /comic/lookism-chapter-496/ HTTP/1.1" 200 11588 "-" "WP Rocket/Preload"
162.0.232.193 - - [15/Aug/2024:08:21:40 -0400] "GET /comic/lookism-chapter-496/ HTTP/1.1" 200 11410 "-" "WP Rocket/Preload Mozilla/5.0 (iPhone; CPU iPhone OS 9_1 like Mac OS X) AppleWebKit/601.1.46 (KHTML, like Gecko) Version/9.0 Mobile/13B143 Safari/601.1"
162.0.232.193 - - [15/Aug/2024:08:21:41 -0400] "GET /comic/lookism-chapter-495/ HTTP/1.1" 200 11409 "-" "WP Rocket/Preload"
162.0.232.193 - - [15/Aug/2024:08:21:42 -0400] "GET /comic/lookism-chapter-495/ HTTP/1.1" 200 11409 "-" "WP Rocket/Preload Mozilla/5.0 (iPhone; CPU iPhone OS 9_1 like Mac OS X) AppleWebKit/601.1.46 (KHTML, like Gecko) Version/9.0 Mobile/13B143 Safari/601.1"
162.0.232.193 - - [15/Aug/2024:08:21:43 -0400] "GET /comic/lookism-chapter-494/ HTTP/1.1" 200 11700 "-" "WP Rocket/Preload"
162.0.232.193 - - [15/Aug/2024:08:21:44 -0400] "GET /comic/lookism-chapter-494/ HTTP/1.1" 200 11554 "-" "WP Rocket/Preload Mozilla/5.0 (iPhone; CPU iPhone OS 9_1 like Mac OS X) AppleWebKit/601.1.46 (KHTML, like Gecko) Version/9.0 Mobile/13B143 Safari/601.1"
162.0.232.193 - - [15/Aug/2024:08:21:45 -0400] "GET /comic/lookism-chapter-492/ HTTP/1.1" 200 11580 "-" "WP Rocket/Preload"
162.0.232.193 - - [15/Aug/2024:08:21:46 -0400] "GET /comic/lookism-chapter-492/ HTTP/1.1" 200 11580 "-" "WP Rocket/Preload Mozilla/5.0 (iPhone; CPU iPhone OS 9_1 like Mac OS X) AppleWebKit/601.1.46 (KHTML, like Gecko) Version/9.0 Mobile/13B143 Safari/601.1"
162.0.232.193 - - [15/Aug/2024:08:21:48 -0400] "GET /comic/lookism-chapter-215/ HTTP/1.1" 200 12795 "-" "WP Rocket/Preload"
162.0.232.193 - - [15/Aug/2024:08:21:49 -0400] "GET /comic/lookism-chapter-215/ HTTP/1.1" 200 12795 "-" "WP Rocket/Preload Mozilla/5.0 (iPhone; CPU iPhone OS 9_1 like Mac OS X) AppleWebKit/601.1.46 (KHTML, like Gecko) Version/9.0 Mobile/13B143 Safari/601.1"
162.0.232.193 - - [15/Aug/2024:08:21:50 -0400] "GET /comic/lookism-chapter-302/ HTTP/1.1" 200 12739 "-" "WP Rocket/Preload"
162.0.232.193 - - [15/Aug/2024:08:21:51 -0400] "GET /comic/lookism-chapter-302/ HTTP/1.1" 200 12829 "-" "WP Rocket/Preload Mozilla/5.0 (iPhone; CPU iPhone OS 9_1 like Mac OS X) AppleWebKit/601.1.46 (KHTML, like Gecko) Version/9.0 Mobile/13B143 Safari/601.1"
162.0.232.193 - - [15/Aug/2024:08:21:52 -0400] "GET /comic/lookism-chapter-294/ HTTP/1.1" 200 13647 "-" "WP Rocket/Preload"
162.0.232.193 - - [15/Aug/2024:08:21:53 -0400] "GET /comic/lookism-chapter-294/ HTTP/1.1" 200 13473 "-" "WP Rocket/Preload Mozilla/5.0 (iPhone; CPU iPhone OS 9_1 like Mac OS X) AppleWebKit/601.1.46 (KHTML, like Gecko) Version/9.0 Mobile/13B143 Safari/601.1"
162.0.232.193 - - [15/Aug/2024:08:21:54 -0400] "GET /comic/lookism-chapter-318/ HTTP/1.1" 200 12922 "-" "WP Rocket/Preload"
162.0.232.193 - - [15/Aug/2024:08:21:56 -0400] "GET /comic/lookism-chapter-318/ HTTP/1.1" 200 12924 "-" "WP Rocket/Preload Mozilla/5.0 (iPhone; CPU iPhone OS 9_1 like Mac OS X) AppleWebKit/601.1.46 (KHTML, like Gecko) Version/9.0 Mobile/13B143 Safari/601.1"
162.0.232.193 - - [15/Aug/2024:08:21:57 -0400] "GET /comic/lookism-chapter-317/ HTTP/1.1" 200 13556 "-" "WP Rocket/Preload"
162.0.232.193 - - [15/Aug/2024:08:21:58 -0400] "GET /comic/lookism-chapter-317/ HTTP/1.1" 200 13611 "-" "WP Rocket/Preload Mozilla/5.0 (iPhone; CPU iPhone OS 9_1 like Mac OS X) AppleWebKit/601.1.46 (KHTML, like Gecko) Version/9.0 Mobile/13B143 Safari/601.1"
162.0.232.193 - - [15/Aug/2024:08:21:59 -0400] "GET /comic/lookism-chapter-291/ HTTP/1.1" 200 13711 "-" "WP Rocket/Preload"
162.0.232.193 - - [15/Aug/2024:08:22:00 -0400] "GET /comic/lookism-chapter-291/ HTTP/1.1" 200 13712 "-" "WP Rocket/Preload Mozilla/5.0 (iPhone; CPU iPhone OS 9_1 like Mac OS X) AppleWebKit/601.1.46 (KHTML, like Gecko) Version/9.0 Mobile/13B143 Safari/601.1"
114.119.155.142 - - [15/Aug/2024:08:22:05 -0400] "GET / HTTP/1.1" 200 11596 "https://ww12.lookismmanga.com/lookism/page/6/" "Mozilla/5.0 (Linux; Android 7.0;) AppleWebKit/537.36 (KHTML, like Gecko) Mobile Safari/537.36 (compatible; PetalBot;+https://webmaster.petalsearch.com/site/petalbot)"
162.0.232.193 - - [15/Aug/2024:08:22:50 -0400] "POST /wp-cron.php?doing_wp_cron=1723724570.3806350231170654296875 HTTP/1.1" 200 0 "-" "WordPress/6.5.5; https://r.lookismmanga.com"
51.222.253.15 - - [15/Aug/2024:08:22:50 -0400] "GET /lookism/lookism-chapter-356/ HTTP/1.1" 301 0 "-" "Mozilla/5.0 (compatible; AhrefsBot/7.0; +http://ahrefs.com/robot/)"
162.0.232.193 - - [15/Aug/2024:08:22:51 -0400] "GET /comic/lookism-chapter-217/ HTTP/1.1" 200 12918 "-" "WP Rocket/Preload"
162.0.232.193 - - [15/Aug/2024:08:22:52 -0400] "GET /comic/lookism-chapter-217/ HTTP/1.1" 200 12746 "-" "WP Rocket/Preload Mozilla/5.0 (iPhone; CPU iPhone OS 9_1 like Mac OS X) AppleWebKit/601.1.46 (KHTML, like Gecko) Version/9.0 Mobile/13B143 Safari/601.1"
162.0.232.193 - - [15/Aug/2024:08:22:53 -0400] "GET /comic/lookism-chapter-484/ HTTP/1.1" 200 11610 "-" "WP Rocket/Preload"
162.0.232.193 - - [15/Aug/2024:08:22:54 -0400] "GET /comic/lookism-chapter-484/ HTTP/1.1" 200 11462 "-" "WP Rocket/Preload Mozilla/5.0 (iPhone; CPU iPhone OS 9_1 like Mac OS X) AppleWebKit/601.1.46 (KHTML, like Gecko) Version/9.0 Mobile/13B143 Safari/601.1"
162.0.232.193 - - [15/Aug/2024:08:22:55 -0400] "GET /comic/lookism-chapter-482/ HTTP/1.1" 200 11647 "-" "WP Rocket/Preload"
162.0.232.193 - - [15/Aug/2024:08:22:56 -0400] "GET /comic/lookism-chapter-482/ HTTP/1.1" 200 11481 "-" "WP Rocket/Preload Mozilla/5.0 (iPhone; CPU iPhone OS 9_1 like Mac OS X) AppleWebKit/601.1.46 (KHTML, like Gecko) Version/9.0 Mobile/13B143 Safari/601.1"
162.0.232.193 - - [15/Aug/2024:08:22:57 -0400] "GET /comic/lookism-chapter-480/ HTTP/1.1" 200 11605 "-" "WP Rocket/Preload"
162.0.232.193 - - [15/Aug/2024:08:22:58 -0400] "GET /comic/lookism-chapter-480/ HTTP/1.1" 200 11606 "-" "WP Rocket/Preload Mozilla/5.0 (iPhone; CPU iPhone OS 9_1 like Mac OS X) AppleWebKit/601.1.46 (KHTML, like Gecko) Version/9.0 Mobile/13B143 Safari/601.1"
162.0.232.193 - - [15/Aug/2024:08:22:59 -0400] "GET /comic/lookism-chapter-5/ HTTP/1.1" 200 11682 "-" "WP Rocket/Preload"
162.0.232.193 - - [15/Aug/2024:08:23:00 -0400] "GET /comic/lookism-chapter-5/ HTTP/1.1" 200 11510 "-" "WP Rocket/Preload Mozilla/5.0 (iPhone; CPU iPhone OS 9_1 like Mac OS X) AppleWebKit/601.1.46 (KHTML, like Gecko) Version/9.0 Mobile/13B143 Safari/601.1"
162.0.232.193 - - [15/Aug/2024:08:23:02 -0400] "GET /comic/lookism-chapter-273/ HTTP/1.1" 200 13109 "-" "WP Rocket/Preload"
162.0.232.193 - - [15/Aug/2024:08:23:03 -0400] "GET /comic/lookism-chapter-273/ HTTP/1.1" 200 13115 "-" "WP Rocket/Preload Mozilla/5.0 (iPhone; CPU iPhone OS 9_1 like Mac OS X) AppleWebKit/601.1.46 (KHTML, like Gecko) Version/9.0 Mobile/13B143 Safari/601.1"
162.0.232.193 - - [15/Aug/2024:08:23:04 -0400] "GET /comic/lookism-chapter-274/ HTTP/1.1" 200 13032 "-" "WP Rocket/Preload"
162.0.232.193 - - [15/Aug/2024:08:23:05 -0400] "GET /comic/lookism-chapter-274/ HTTP/1.1" 200 13033 "-" "WP Rocket/Preload Mozilla/5.0 (iPhone; CPU iPhone OS 9_1 like Mac OS X) AppleWebKit/601.1.46 (KHTML, like Gecko) Version/9.0 Mobile/13B143 Safari/601.1"
162.0.232.193 - - [15/Aug/2024:08:23:06 -0400] "GET /comic/lookism-chapter-286/ HTTP/1.1" 200 13588 "-" "WP Rocket/Preload"
162.0.232.193 - - [15/Aug/2024:08:23:07 -0400] "GET /comic/lookism-chapter-286/ HTTP/1.1" 200 13403 "-" "WP Rocket/Preload Mozilla/5.0 (iPhone; CPU iPhone OS 9_1 like Mac OS X) AppleWebKit/601.1.46 (KHTML, like Gecko) Version/9.0 Mobile/13B143 Safari/601.1"
66.249.64.130 - - [15/Aug/2024:08:23:08 -0400] "GET /lookism/lookism-chapter-357/ HTTP/1.1" 301 0 "-" "Mozilla/5.0 (Linux; Android 6.0.1; Nexus 5X Build/MMB29P) AppleWebKit/537.36 (KHTML, like Gecko) Chrome/127.0.6533.99 Mobile Safari/537.36 (compatible; Googlebot/2.1; +http://www.google.com/bot.html)"
162.0.232.193 - - [15/Aug/2024:08:23:09 -0400] "GET /comic/lookism-chapter-289/ HTTP/1.1" 200 13003 "-" "WP Rocket/Preload"
162.0.232.193 - - [15/Aug/2024:08:23:10 -0400] "GET /comic/lookism-chapter-289/ HTTP/1.1" 200 13001 "-" "WP Rocket/Preload Mozilla/5.0 (iPhone; CPU iPhone OS 9_1 like Mac OS X) AppleWebKit/601.1.46 (KHTML, like Gecko) Version/9.0 Mobile/13B143 Safari/601.1"
162.0.232.193 - - [15/Aug/2024:08:23:11 -0400] "GET /comic/lookism-chapter-268/ HTTP/1.1" 200 13097 "-" "WP Rocket/Preload"
162.0.232.193 - - [15/Aug/2024:08:23:12 -0400] "GET /comic/lookism-chapter-268/ HTTP/1.1" 200 13168 "-" "WP Rocket/Preload Mozilla/5.0 (iPhone; CPU iPhone OS 9_1 like Mac OS X) AppleWebKit/601.1.46 (KHTML, like Gecko) Version/9.0 Mobile/13B143 Safari/601.1"
162.0.232.193 - - [15/Aug/2024:08:23:13 -0400] "GET /comic/lookism-chapter-255/ HTTP/1.1" 200 13003 "-" "WP Rocket/Preload"
162.0.232.193 - - [15/Aug/2024:08:23:14 -0400] "GET /comic/lookism-chapter-255/ HTTP/1.1" 200 13003 "-" "WP Rocket/Preload Mozilla/5.0 (iPhone; CPU iPhone OS 9_1 like Mac OS X) AppleWebKit/601.1.46 (KHTML, like Gecko) Version/9.0 Mobile/13B143 Safari/601.1"
162.0.232.193 - - [15/Aug/2024:08:24:11 -0400] "POST /wp-cron.php?doing_wp_cron=1723724651.6674399375915527343750 HTTP/1.1" 200 0 "-" "WordPress/6.5.5; https://r.lookismmanga.com"
51.222.253.6 - - [15/Aug/2024:08:24:11 -0400] "GET /lookism/lookism-chapter-355/ HTTP/1.1" 301 0 "-" "Mozilla/5.0 (compatible; AhrefsBot/7.0; +http://ahrefs.com/robot/)"
162.0.232.193 - - [15/Aug/2024:08:24:12 -0400] "GET /comic/lookism-chapter-258/ HTTP/1.1" 200 13219 "-" "WP Rocket/Preload"
162.0.232.193 - - [15/Aug/2024:08:24:13 -0400] "GET /comic/lookism-chapter-258/ HTTP/1.1" 200 13220 "-" "WP Rocket/Preload Mozilla/5.0 (iPhone; CPU iPhone OS 9_1 like Mac OS X) AppleWebKit/601.1.46 (KHTML, like Gecko) Version/9.0 Mobile/13B143 Safari/601.1"
162.0.232.193 - - [15/Aug/2024:08:24:14 -0400] "GET /comic/lookism-chapter-260/ HTTP/1.1" 200 12315 "-" "WP Rocket/Preload"
162.0.232.193 - - [15/Aug/2024:08:24:16 -0400] "GET /comic/lookism-chapter-260/ HTTP/1.1" 200 12497 "-" "WP Rocket/Preload Mozilla/5.0 (iPhone; CPU iPhone OS 9_1 like Mac OS X) AppleWebKit/601.1.46 (KHTML, like Gecko) Version/9.0 Mobile/13B143 Safari/601.1"
162.0.232.193 - - [15/Aug/2024:08:24:17 -0400] "GET /comic/lookism-chapter-266/ HTTP/1.1" 200 13063 "-" "WP Rocket/Preload"
162.0.232.193 - - [15/Aug/2024:08:24:18 -0400] "GET /comic/lookism-chapter-266/ HTTP/1.1" 200 13064 "-" "WP Rocket/Preload Mozilla/5.0 (iPhone; CPU iPhone OS 9_1 like Mac OS X) AppleWebKit/601.1.46 (KHTML, like Gecko) Version/9.0 Mobile/13B143 Safari/601.1"
162.0.232.193 - - [15/Aug/2024:08:24:19 -0400] "GET /comic/lookism-chapter-489/ HTTP/1.1" 200 11605 "-" "WP Rocket/Preload"
162.0.232.193 - - [15/Aug/2024:08:24:20 -0400] "GET /comic/lookism-chapter-489/ HTTP/1.1" 200 11471 "-" "WP Rocket/Preload Mozilla/5.0 (iPhone; CPU iPhone OS 9_1 like Mac OS X) AppleWebKit/601.1.46 (KHTML, like Gecko) Version/9.0 Mobile/13B143 Safari/601.1"
162.0.232.193 - - [15/Aug/2024:08:24:21 -0400] "GET /comic/lookism-chapter-511-2/ HTTP/1.1" 200 11062 "-" "WP Rocket/Preload"
162.0.232.193 - - [15/Aug/2024:08:24:22 -0400] "GET /comic/lookism-chapter-511-2/ HTTP/1.1" 200 11063 "-" "WP Rocket/Preload Mozilla/5.0 (iPhone; CPU iPhone OS 9_1 like Mac OS X) AppleWebKit/601.1.46 (KHTML, like Gecko) Version/9.0 Mobile/13B143 Safari/601.1"
162.0.232.193 - - [15/Aug/2024:08:24:24 -0400] "GET /comic/lookism-chapter-199/ HTTP/1.1" 200 12686 "-" "WP Rocket/Preload"
162.0.232.193 - - [15/Aug/2024:08:24:25 -0400] "GET /comic/lookism-chapter-199/ HTTP/1.1" 200 12686 "-" "WP Rocket/Preload Mozilla/5.0 (iPhone; CPU iPhone OS 9_1 like Mac OS X) AppleWebKit/601.1.46 (KHTML, like Gecko) Version/9.0 Mobile/13B143 Safari/601.1"
162.0.232.193 - - [15/Aug/2024:08:24:26 -0400] "GET /comic/lookism-chapter-80/ HTTP/1.1" 200 11347 "-" "WP Rocket/Preload"
162.0.232.193 - - [15/Aug/2024:08:24:27 -0400] "GET /comic/lookism-chapter-80/ HTTP/1.1" 200 11199 "-" "WP Rocket/Preload Mozilla/5.0 (iPhone; CPU iPhone OS 9_1 like Mac OS X) AppleWebKit/601.1.46 (KHTML, like Gecko) Version/9.0 Mobile/13B143 Safari/601.1"
162.0.232.193 - - [15/Aug/2024:08:24:29 -0400] "GET /comic/lookism-chapter-328/ HTTP/1.1" 200 12886 "-" "WP Rocket/Preload"
162.0.232.193 - - [15/Aug/2024:08:24:30 -0400] "GET /comic/lookism-chapter-328/ HTTP/1.1" 200 12883 "-" "WP Rocket/Preload Mozilla/5.0 (iPhone; CPU iPhone OS 9_1 like Mac OS X) AppleWebKit/601.1.46 (KHTML, like Gecko) Version/9.0 Mobile/13B143 Safari/601.1"
162.0.232.193 - - [15/Aug/2024:08:24:31 -0400] "GET /comic/lookism-chapter-342/ HTTP/1.1" 200 12886 "-" "WP Rocket/Preload"
162.0.232.193 - - [15/Aug/2024:08:24:32 -0400] "GET /comic/lookism-chapter-342/ HTTP/1.1" 200 12691 "-" "WP Rocket/Preload Mozilla/5.0 (iPhone; CPU iPhone OS 9_1 like Mac OS X) AppleWebKit/601.1.46 (KHTML, like Gecko) Version/9.0 Mobile/13B143 Safari/601.1"
162.0.232.193 - - [15/Aug/2024:08:24:33 -0400] "GET /comic/lookism-chapter-329/ HTTP/1.1" 200 12858 "-" "WP Rocket/Preload"
162.0.232.193 - - [15/Aug/2024:08:24:34 -0400] "GET /comic/lookism-chapter-329/ HTTP/1.1" 200 12737 "-" "WP Rocket/Preload Mozilla/5.0 (iPhone; CPU iPhone OS 9_1 like Mac OS X) AppleWebKit/601.1.46 (KHTML, like Gecko) Version/9.0 Mobile/13B143 Safari/601.1"
162.0.232.193 - - [15/Aug/2024:08:25:53 -0400] "POST /wp-cron.php?doing_wp_cron=1723724753.1882429122924804687500 HTTP/1.1" 200 0 "-" "WordPress/6.5.5; https://r.lookismmanga.com"
51.222.253.7 - - [15/Aug/2024:08:25:53 -0400] "GET /lookism/lookism-chapter-354/ HTTP/1.1" 301 0 "-" "Mozilla/5.0 (compatible; AhrefsBot/7.0; +http://ahrefs.com/robot/)"
162.0.232.193 - - [15/Aug/2024:08:25:53 -0400] "GET /comic/lookism-chapter-380/ HTTP/1.1" 200 11902 "-" "WP Rocket/Preload"
162.0.232.193 - - [15/Aug/2024:08:25:55 -0400] "GET /comic/lookism-chapter-380/ HTTP/1.1" 200 11902 "-" "WP Rocket/Preload Mozilla/5.0 (iPhone; CPU iPhone OS 9_1 like Mac OS X) AppleWebKit/601.1.46 (KHTML, like Gecko) Version/9.0 Mobile/13B143 Safari/601.1"
162.0.232.193 - - [15/Aug/2024:08:25:56 -0400] "GET /comic/lookism-chapter-409/ HTTP/1.1" 200 11336 "-" "WP Rocket/Preload"
162.0.232.193 - - [15/Aug/2024:08:25:57 -0400] "GET /comic/lookism-chapter-409/ HTTP/1.1" 200 11336 "-" "WP Rocket/Preload Mozilla/5.0 (iPhone; CPU iPhone OS 9_1 like Mac OS X) AppleWebKit/601.1.46 (KHTML, like Gecko) Version/9.0 Mobile/13B143 Safari/601.1"
162.0.232.193 - - [15/Aug/2024:08:25:58 -0400] "GET /comic/lookism-chapter-281/ HTTP/1.1" 200 12861 "-" "WP Rocket/Preload"
162.0.232.193 - - [15/Aug/2024:08:26:00 -0400] "GET /comic/lookism-chapter-281/ HTTP/1.1" 200 12862 "-" "WP Rocket/Preload Mozilla/5.0 (iPhone; CPU iPhone OS 9_1 like Mac OS X) AppleWebKit/601.1.46 (KHTML, like Gecko) Version/9.0 Mobile/13B143 Safari/601.1"
162.0.232.193 - - [15/Aug/2024:08:26:01 -0400] "GET /comic/lookism-chapter-348/ HTTP/1.1" 200 12432 "-" "WP Rocket/Preload"
162.0.232.193 - - [15/Aug/2024:08:26:02 -0400] "GET /comic/lookism-chapter-348/ HTTP/1.1" 200 12432 "-" "WP Rocket/Preload Mozilla/5.0 (iPhone; CPU iPhone OS 9_1 like Mac OS X) AppleWebKit/601.1.46 (KHTML, like Gecko) Version/9.0 Mobile/13B143 Safari/601.1"
162.0.232.193 - - [15/Aug/2024:08:26:03 -0400] "GET /comic/lookism-chapter-338/ HTTP/1.1" 200 12330 "-" "WP Rocket/Preload"
162.0.232.193 - - [15/Aug/2024:08:26:04 -0400] "GET /comic/lookism-chapter-338/ HTTP/1.1" 200 12329 "-" "WP Rocket/Preload Mozilla/5.0 (iPhone; CPU iPhone OS 9_1 like Mac OS X) AppleWebKit/601.1.46 (KHTML, like Gecko) Version/9.0 Mobile/13B143 Safari/601.1"
162.0.232.193 - - [15/Aug/2024:08:26:06 -0400] "GET /comic/lookism-chapter-331/ HTTP/1.1" 200 12985 "-" "WP Rocket/Preload"
162.0.232.193 - - [15/Aug/2024:08:26:07 -0400] "GET /comic/lookism-chapter-331/ HTTP/1.1" 200 12985 "-" "WP Rocket/Preload Mozilla/5.0 (iPhone; CPU iPhone OS 9_1 like Mac OS X) AppleWebKit/601.1.46 (KHTML, like Gecko) Version/9.0 Mobile/13B143 Safari/601.1"
162.0.232.193 - - [15/Aug/2024:08:26:08 -0400] "GET /comic/lookism-chapter-159/ HTTP/1.1" 200 12135 "-" "WP Rocket/Preload"
162.0.232.193 - - [15/Aug/2024:08:26:09 -0400] "GET /comic/lookism-chapter-159/ HTTP/1.1" 200 12134 "-" "WP Rocket/Preload Mozilla/5.0 (iPhone; CPU iPhone OS 9_1 like Mac OS X) AppleWebKit/601.1.46 (KHTML, like Gecko) Version/9.0 Mobile/13B143 Safari/601.1"
162.0.232.193 - - [15/Aug/2024:08:26:10 -0400] "GET /comic/lookism-chapter-417/ HTTP/1.1" 200 11429 "-" "WP Rocket/Preload"
162.0.232.193 - - [15/Aug/2024:08:26:11 -0400] "GET /comic/lookism-chapter-417/ HTTP/1.1" 200 11431 "-" "WP Rocket/Preload Mozilla/5.0 (iPhone; CPU iPhone OS 9_1 like Mac OS X) AppleWebKit/601.1.46 (KHTML, like Gecko) Version/9.0 Mobile/13B143 Safari/601.1"
162.0.232.193 - - [15/Aug/2024:08:26:12 -0400] "GET /comic/lookism-chapter-219/ HTTP/1.1" 200 13221 "-" "WP Rocket/Preload"
162.0.232.193 - - [15/Aug/2024:08:26:13 -0400] "GET /comic/lookism-chapter-219/ HTTP/1.1" 200 13156 "-" "WP Rocket/Preload Mozilla/5.0 (iPhone; CPU iPhone OS 9_1 like Mac OS X) AppleWebKit/601.1.46 (KHTML, like Gecko) Version/9.0 Mobile/13B143 Safari/601.1"
162.0.232.193 - - [15/Aug/2024:08:26:14 -0400] "GET /comic/lookism-chapter-51/ HTTP/1.1" 200 11525 "-" "WP Rocket/Preload"
162.0.232.193 - - [15/Aug/2024:08:26:15 -0400] "GET /comic/lookism-chapter-51/ HTTP/1.1" 200 11526 "-" "WP Rocket/Preload Mozilla/5.0 (iPhone; CPU iPhone OS 9_1 like Mac OS X) AppleWebKit/601.1.46 (KHTML, like Gecko) Version/9.0 Mobile/13B143 Safari/601.1"
162.0.232.193 - - [15/Aug/2024:08:27:04 -0400] "POST /wp-cron.php?doing_wp_cron=1723724824.0434970855712890625000 HTTP/1.1" 200 0 "-" "WordPress/6.5.5; https://r.lookismmanga.com"
114.119.131.210 - - [15/Aug/2024:08:27:05 -0400] "GET / HTTP/1.1" 200 11596 "https://ww7.lookismmanga.com/tag/lookism-chapter-450/" "Mozilla/5.0 (Linux; Android 7.0;) AppleWebKit/537.36 (KHTML, like Gecko) Mobile Safari/537.36 (compatible; PetalBot;+https://webmaster.petalsearch.com/site/petalbot)"
162.0.232.193 - - [15/Aug/2024:08:27:04 -0400] "GET /comic/lookism-chapter-355/ HTTP/1.1" 200 12460 "-" "WP Rocket/Preload"
162.0.232.193 - - [15/Aug/2024:08:27:06 -0400] "GET /comic/lookism-chapter-355/ HTTP/1.1" 200 12460 "-" "WP Rocket/Preload Mozilla/5.0 (iPhone; CPU iPhone OS 9_1 like Mac OS X) AppleWebKit/601.1.46 (KHTML, like Gecko) Version/9.0 Mobile/13B143 Safari/601.1"
162.0.232.193 - - [15/Aug/2024:08:27:07 -0400] "GET /comic/lookism-chapter-347/ HTTP/1.1" 200 12851 "-" "WP Rocket/Preload"
162.0.232.193 - - [15/Aug/2024:08:27:08 -0400] "GET /comic/lookism-chapter-347/ HTTP/1.1" 200 12845 "-" "WP Rocket/Preload Mozilla/5.0 (iPhone; CPU iPhone OS 9_1 like Mac OS X) AppleWebKit/601.1.46 (KHTML, like Gecko) Version/9.0 Mobile/13B143 Safari/601.1"
162.0.232.193 - - [15/Aug/2024:08:27:09 -0400] "GET /comic/lookism-chapter-446/ HTTP/1.1" 200 11541 "-" "WP Rocket/Preload"
162.0.232.193 - - [15/Aug/2024:08:27:10 -0400] "GET /comic/lookism-chapter-446/ HTTP/1.1" 200 11543 "-" "WP Rocket/Preload Mozilla/5.0 (iPhone; CPU iPhone OS 9_1 like Mac OS X) AppleWebKit/601.1.46 (KHTML, like Gecko) Version/9.0 Mobile/13B143 Safari/601.1"
162.0.232.193 - - [15/Aug/2024:08:27:12 -0400] "GET /comic/lookism-chapter-441/ HTTP/1.1" 200 11573 "-" "WP Rocket/Preload"
162.0.232.193 - - [15/Aug/2024:08:27:13 -0400] "GET /comic/lookism-chapter-441/ HTTP/1.1" 200 11573 "-" "WP Rocket/Preload Mozilla/5.0 (iPhone; CPU iPhone OS 9_1 like Mac OS X) AppleWebKit/601.1.46 (KHTML, like Gecko) Version/9.0 Mobile/13B143 Safari/601.1"
162.0.232.193 - - [15/Aug/2024:08:27:14 -0400] "GET /comic/lookism-chapter-454/ HTTP/1.1" 200 11035 "-" "WP Rocket/Preload"
162.0.232.193 - - [15/Aug/2024:08:27:15 -0400] "GET /comic/lookism-chapter-454/ HTTP/1.1" 200 11036 "-" "WP Rocket/Preload Mozilla/5.0 (iPhone; CPU iPhone OS 9_1 like Mac OS X) AppleWebKit/601.1.46 (KHTML, like Gecko) Version/9.0 Mobile/13B143 Safari/601.1"
162.0.232.193 - - [15/Aug/2024:08:27:16 -0400] "GET /comic/lookism-chapter-365-1/ HTTP/1.1" 200 11601 "-" "WP Rocket/Preload"
162.0.232.193 - - [15/Aug/2024:08:27:17 -0400] "GET /comic/lookism-chapter-365-1/ HTTP/1.1" 200 11600 "-" "WP Rocket/Preload Mozilla/5.0 (iPhone; CPU iPhone OS 9_1 like Mac OS X) AppleWebKit/601.1.46 (KHTML, like Gecko) Version/9.0 Mobile/13B143 Safari/601.1"
51.222.253.9 - - [15/Aug/2024:08:27:18 -0400] "GET /lookism/lookism-chapter-352/ HTTP/1.1" 301 0 "-" "Mozilla/5.0 (compatible; AhrefsBot/7.0; +http://ahrefs.com/robot/)"
162.0.232.193 - - [15/Aug/2024:08:27:18 -0400] "GET /comic/lookism-chapter-53/ HTTP/1.1" 200 11455 "-" "WP Rocket/Preload"
162.0.232.193 - - [15/Aug/2024:08:27:19 -0400] "GET /comic/lookism-chapter-53/ HTTP/1.1" 200 11454 "-" "WP Rocket/Preload Mozilla/5.0 (iPhone; CPU iPhone OS 9_1 like Mac OS X) AppleWebKit/601.1.46 (KHTML, like Gecko) Version/9.0 Mobile/13B143 Safari/601.1"
162.0.232.193 - - [15/Aug/2024:08:27:21 -0400] "GET /comic/lookism-chapter-44/ HTTP/1.1" 200 11443 "-" "WP Rocket/Preload"
