166.1.36.12 - - [15/Aug/2024:11:42:22 -0400] "GET /wp-content/uploads/2024/02/lookismkmanhwabookvolume5dkshop-753x1024.webp HTTP/1.1" 200 76864 "-" "NetworkingExtension/8618.2.12.10.9 CFNetwork/1496.0.7 Darwin/23.5.0"
35.88.204.218 - - [15/Aug/2024:11:42:34 -0400] "GET / HTTP/1.1" 200 11603 "-" "Mozilla/5.0 (Windows NT 6.1) AppleWebKit/537.36 (KHTML, like Gecko) Chrome/41.0.2228.0 Safari/537.36"
162.0.232.193 - - [15/Aug/2024:11:42:38 -0400] "POST /wp-cron.php?doing_wp_cron=1723736558.0515370368957519531250 HTTP/1.1" 200 0 "-" "WordPress/6.5.5; https://r.lookismmanga.com"
165.22.15.248 - - [15/Aug/2024:11:42:37 -0400] "GET /chosen.php?p= HTTP/1.1" 301 0 "-" "Mozilla/5.0 (Linux; Android 7.0; SM-G892A Build/NRD90M; wv) AppleWebKit/537.36 (KHTML, like Gecko) Version/4.0 Chrome/60.0.3112.107 Mobile Safari/537.36"
165.22.15.248 - - [15/Aug/2024:11:42:38 -0400] "GET / HTTP/1.1" 200 11596 "-" "Mozilla/5.0 (Linux; Android 7.0; SM-G892A Build/NRD90M; wv) AppleWebKit/537.36 (KHTML, like Gecko) Version/4.0 Chrome/60.0.3112.107 Mobile Safari/537.36"
14.191.113.94 - - [15/Aug/2024:11:42:48 -0400] "GET / HTTP/1.1" 200 11603 "https://search.yahoo.com/" "Mozilla/5.0 (Windows NT 10.0; Win64; x64) AppleWebKit/537.36 (KHTML, like Gecko) Chrome/127.0.0.0 Safari/537.36"
162.0.232.193 - - [15/Aug/2024:11:43:49 -0400] "POST /wp-cron.php?doing_wp_cron=1723736629.6302769184112548828125 HTTP/1.1" 200 0 "-" "WordPress/6.5.5; https://r.lookismmanga.com"
2a03:2880:11ff:5::face:b00c - - [15/Aug/2024:11:43:49 -0400] "GET /?p=2114 HTTP/1.1" 301 0 "-" "facebookexternalhit/1.1 (+http://www.facebook.com/externalhit_uatext.php)"
2a09:bac1:34e0:28::2e5:4c - - [15/Aug/2024:11:43:54 -0400] "GET / HTTP/1.1" 200 11596 "https://duckduckgo.com/" "Mozilla/5.0 (iPhone; CPU iPhone OS 17_5_1 like Mac OS X) AppleWebKit/605.1.15 (KHTML, like Gecko) Version/17.5 Mobile/15E148 Safari/604.1 Ddg/17.5"
2a09:bac1:34e0:28::2e5:4c - - [15/Aug/2024:11:43:56 -0400] "GET /wp-content/themes/toivo-lite/fonts/genericons/genericons/Genericons.svg HTTP/1.1" 200 23714 "https://r.lookismmanga.com/" "Mozilla/5.0 (iPhone; CPU iPhone OS 17_5_1 like Mac OS X) AppleWebKit/605.1.15 (KHTML, like Gecko) Version/17.5 Mobile/15E148 Safari/604.1 Ddg/17.5"
2a09:bac1:34e0:28::2e5:4c - - [15/Aug/2024:11:43:56 -0400] "GET /favicon.ico HTTP/1.1" 302 0 "-" "NetworkingExtension/8618.2.12.10.9 CFNetwork/1496.0.7 Darwin/23.5.0"
2a09:bac1:34e0:28::2e5:4c - - [15/Aug/2024:11:43:56 -0400] "GET /apple-touch-icon.png HTTP/1.1" 301 0 "-" "NetworkingExtension/8618.2.12.10.9 CFNetwork/1496.0.7 Darwin/23.5.0"
2a09:bac1:34e0:28::2e5:4c - - [15/Aug/2024:11:43:56 -0400] "GET /apple-touch-icon-precomposed.png HTTP/1.1" 301 0 "-" "NetworkingExtension/8618.2.12.10.9 CFNetwork/1496.0.7 Darwin/23.5.0"
2a09:bac1:34e0:28::2e5:4c - - [15/Aug/2024:11:43:56 -0400] "GET / HTTP/1.1" 200 11400 "-" "Mozilla/5.0 (Macintosh; Intel Mac OS X 10_11_1) AppleWebKit/601.2.4 (KHTML, like Gecko) Version/9.0.1 Safari/601.2.4 facebookexternalhit/1.1 Facebot Twitterbot/1.0"
2a09:bac1:34e0:28::2e5:4c - - [15/Aug/2024:11:43:56 -0400] "GET / HTTP/1.1" 200 11603 "-" "NetworkingExtension/8618.2.12.10.9 CFNetwork/1496.0.7 Darwin/23.5.0"
2a09:bac1:34e0:28::2e5:4c - - [15/Aug/2024:11:43:56 -0400] "GET / HTTP/1.1" 200 11603 "-" "NetworkingExtension/8618.2.12.10.9 CFNetwork/1496.0.7 Darwin/23.5.0"
162.0.232.193 - - [15/Aug/2024:11:44:52 -0400] "POST /wp-cron.php?doing_wp_cron=1723736692.5815188884735107421875 HTTP/1.1" 200 0 "-" "WordPress/6.5.5; https://r.lookismmanga.com"
5.255.231.43 - - [15/Aug/2024:11:44:52 -0400] "GET /lookism/lookism-chapter-360-1/ HTTP/1.1" 301 0 "-" "Mozilla/5.0 (compatible; YandexBot/3.0; +http://yandex.com/bots)"
105.185.159.133 - - [15/Aug/2024:11:44:58 -0400] "GET / HTTP/1.1" 304 0 "https://www.bing.com/" "Mozilla/5.0 (Linux; Android 10; NEN-LX1; HMSCore 6.14.0.302) AppleWebKit/537.36 (KHTML, like Gecko) Chrome/99.0.4844.88 HuaweiBrowser/14.0.5.303 Mobile Safari/537.36"
105.185.159.133 - - [15/Aug/2024:11:44:58 -0400] "GET / HTTP/1.1" 200 11624 "https://www.bing.com/" "Mozilla/5.0 (Linux; Android 10; NEN-LX1; HMSCore 6.14.0.302) AppleWebKit/537.36 (KHTML, like Gecko) Chrome/99.0.4844.88 HuaweiBrowser/14.0.5.303 Mobile Safari/537.36"
52.167.144.211 - - [15/Aug/2024:11:45:02 -0400] "GET / HTTP/1.1" 200 11603 "-" "Mozilla/5.0 AppleWebKit/537.36 (KHTML, like Gecko; compatible; bingbot/2.0; +http://www.bing.com/bingbot.htm) Chrome/116.0.1938.76 Safari/537.36"
162.0.232.193 - - [15/Aug/2024:11:45:29 -0400] "POST /wp-cron.php?doing_wp_cron=1723736729.1775150299072265625000 HTTP/1.1" 200 0 "-" "WordPress/6.5.5; https://r.lookismmanga.com"
2a03:2880:13ff:72::face:b00c - - [15/Aug/2024:11:45:28 -0400] "GET /?p=2134 HTTP/1.1" 301 0 "-" "facebookexternalhit/1.1 (+http://www.facebook.com/externalhit_uatext.php)"
31.220.76.74 - - [15/Aug/2024:11:45:31 -0400] "GET /wp-content/plugins/shell/about.php HTTP/1.1" 301 0 "www.google.com" "Mozlila/5.0 (Linux; Android 7.0; SM-G892A Bulid/NRD90M; wv) AppleWebKit/537.36 (KHTML, like Gecko) Version/4.0 Chrome/60.0.3112.107 Moblie Safari/537.36"
31.220.76.74 - - [15/Aug/2024:11:45:35 -0400] "GET / HTTP/1.1" 200 11596 "www.google.com" "Mozlila/5.0 (Linux; Android 7.0; SM-G892A Bulid/NRD90M; wv) AppleWebKit/537.36 (KHTML, like Gecko) Version/4.0 Chrome/60.0.3112.107 Moblie Safari/537.36"
162.0.232.193 - - [15/Aug/2024:11:45:36 -0400] "POST /wp-cron.php?doing_wp_cron=1723736736.3922040462493896484375 HTTP/1.1" 200 0 "-" "WordPress/6.5.5; https://r.lookismmanga.com"
2a03:2880:27ff:1::face:b00c - - [15/Aug/2024:11:45:36 -0400] "GET /?p=2400 HTTP/1.1" 301 0 "-" "facebookexternalhit/1.1 (+http://www.facebook.com/externalhit_uatext.php)"
2401:4900:1c7b:6080:b013:4d42:4cea:ce0 - - [15/Aug/2024:11:45:37 -0400] "GET / HTTP/1.1" 200 11603 "https://www.bing.com/" "Mozilla/5.0 (Windows NT 10.0; Win64; x64) AppleWebKit/537.36 (KHTML, like Gecko) Chrome/127.0.0.0 Safari/537.36 Edg/127.0.0.0"
2401:4900:1c7b:6080:b013:4d42:4cea:ce0 - - [15/Aug/2024:11:45:40 -0400] "GET /comic/lookism-chapter-1/ HTTP/1.1" 200 11755 "https://r.lookismmanga.com/" "Mozilla/5.0 (Windows NT 10.0; Win64; x64) AppleWebKit/537.36 (KHTML, like Gecko) Chrome/127.0.0.0 Safari/537.36 Edg/127.0.0.0"
31.220.76.74 - - [15/Aug/2024:11:45:42 -0400] "GET /wp-content/plugins/pwnd/pwnd.php HTTP/1.1" 301 0 "www.google.com" "Mozlila/5.0 (Linux; Android 7.0; SM-G892A Bulid/NRD90M; wv) AppleWebKit/537.36 (KHTML, like Gecko) Version/4.0 Chrome/60.0.3112.107 Moblie Safari/537.36"
2401:4900:1c7b:6080:b013:4d42:4cea:ce0 - - [15/Aug/2024:11:45:42 -0400] "GET /comic/lookism-chapter-513/ HTTP/1.1" 200 11110 "https://r.lookismmanga.com/" "Mozilla/5.0 (Windows NT 10.0; Win64; x64) AppleWebKit/537.36 (KHTML, like Gecko) Chrome/127.0.0.0 Safari/537.36 Edg/127.0.0.0"
2401:4900:1c7b:6080:b013:4d42:4cea:ce0 - - [15/Aug/2024:11:45:43 -0400] "GET /comic/lookism-chapter-514/ HTTP/1.1" 200 10596 "https://r.lookismmanga.com/" "Mozilla/5.0 (Windows NT 10.0; Win64; x64) AppleWebKit/537.36 (KHTML, like Gecko) Chrome/127.0.0.0 Safari/537.36 Edg/127.0.0.0"
31.220.76.74 - - [15/Aug/2024:11:45:45 -0400] "GET / HTTP/1.1" 200 11596 "www.google.com" "Mozlila/5.0 (Linux; Android 7.0; SM-G892A Bulid/NRD90M; wv) AppleWebKit/537.36 (KHTML, like Gecko) Version/4.0 Chrome/60.0.3112.107 Moblie Safari/537.36"
31.220.76.74 - - [15/Aug/2024:11:45:56 -0400] "GET /wp-content/plugins/fix/up.php HTTP/1.1" 301 0 "www.google.com" "Mozlila/5.0 (Linux; Android 7.0; SM-G892A Bulid/NRD90M; wv) AppleWebKit/537.36 (KHTML, like Gecko) Version/4.0 Chrome/60.0.3112.107 Moblie Safari/537.36"
31.220.76.74 - - [15/Aug/2024:11:45:59 -0400] "GET / HTTP/1.1" 200 11596 "www.google.com" "Mozlila/5.0 (Linux; Android 7.0; SM-G892A Bulid/NRD90M; wv) AppleWebKit/537.36 (KHTML, like Gecko) Version/4.0 Chrome/60.0.3112.107 Moblie Safari/537.36"
162.0.232.193 - - [15/Aug/2024:11:46:04 -0400] "POST /wp-cron.php?doing_wp_cron=1723736764.2142410278320312500000 HTTP/1.1" 200 0 "-" "WordPress/6.5.5; https://r.lookismmanga.com"
31.220.76.74 - - [15/Aug/2024:11:46:04 -0400] "GET /wp-content/plugins/ph-file-manager/wp-file.php HTTP/1.1" 301 0 "www.google.com" "Mozlila/5.0 (Linux; Android 7.0; SM-G892A Bulid/NRD90M; wv) AppleWebKit/537.36 (KHTML, like Gecko) Version/4.0 Chrome/60.0.3112.107 Moblie Safari/537.36"
31.220.76.74 - - [15/Aug/2024:11:46:06 -0400] "GET / HTTP/1.1" 200 11596 "www.google.com" "Mozlila/5.0 (Linux; Android 7.0; SM-G892A Bulid/NRD90M; wv) AppleWebKit/537.36 (KHTML, like Gecko) Version/4.0 Chrome/60.0.3112.107 Moblie Safari/537.36"
31.220.76.74 - - [15/Aug/2024:11:46:12 -0400] "GET /wp-content/plugins/root-file-manager/wp-file.php HTTP/1.1" 301 0 "www.google.com" "Mozlila/5.0 (Linux; Android 7.0; SM-G892A Bulid/NRD90M; wv) AppleWebKit/537.36 (KHTML, like Gecko) Version/4.0 Chrome/60.0.3112.107 Moblie Safari/537.36"
31.220.76.74 - - [15/Aug/2024:11:46:15 -0400] "GET / HTTP/1.1" 200 11596 "www.google.com" "Mozlila/5.0 (Linux; Android 7.0; SM-G892A Bulid/NRD90M; wv) AppleWebKit/537.36 (KHTML, like Gecko) Version/4.0 Chrome/60.0.3112.107 Moblie Safari/537.36"
5.255.231.43 - - [15/Aug/2024:11:46:16 -0400] "GET / HTTP/1.1" 200 11603 "-" "Mozilla/5.0 (compatible; YandexBot/3.0; +http://yandex.com/bots)"
162.0.232.193 - - [15/Aug/2024:11:46:24 -0400] "POST /wp-cron.php?doing_wp_cron=1723736784.3579840660095214843750 HTTP/1.1" 200 0 "-" "WordPress/6.5.5; https://r.lookismmanga.com"
31.220.76.74 - - [15/Aug/2024:11:46:24 -0400] "GET /wp-content/plugins/wp-help/mini.php HTTP/1.1" 301 0 "www.google.com" "Mozlila/5.0 (Linux; Android 7.0; SM-G892A Bulid/NRD90M; wv) AppleWebKit/537.36 (KHTML, like Gecko) Version/4.0 Chrome/60.0.3112.107 Moblie Safari/537.36"
31.220.76.74 - - [15/Aug/2024:11:46:29 -0400] "GET / HTTP/1.1" 200 11596 "www.google.com" "Mozlila/5.0 (Linux; Android 7.0; SM-G892A Bulid/NRD90M; wv) AppleWebKit/537.36 (KHTML, like Gecko) Version/4.0 Chrome/60.0.3112.107 Moblie Safari/537.36"
31.220.76.74 - - [15/Aug/2024:11:46:33 -0400] "GET /wp-content/themes/travel/issue.php HTTP/1.1" 301 0 "www.google.com" "Mozlila/5.0 (Linux; Android 7.0; SM-G892A Bulid/NRD90M; wv) AppleWebKit/537.36 (KHTML, like Gecko) Version/4.0 Chrome/60.0.3112.107 Moblie Safari/537.36"
31.220.76.74 - - [15/Aug/2024:11:46:35 -0400] "GET / HTTP/1.1" 200 11596 "www.google.com" "Mozlila/5.0 (Linux; Android 7.0; SM-G892A Bulid/NRD90M; wv) AppleWebKit/537.36 (KHTML, like Gecko) Version/4.0 Chrome/60.0.3112.107 Moblie Safari/537.36"
162.0.232.193 - - [15/Aug/2024:11:46:41 -0400] "POST /wp-cron.php?doing_wp_cron=1723736800.9316949844360351562500 HTTP/1.1" 200 0 "-" "WordPress/6.5.5; https://r.lookismmanga.com"
31.220.76.74 - - [15/Aug/2024:11:46:40 -0400] "GET /wp-content/themes/jaida/lang.php HTTP/1.1" 301 0 "www.google.com" "Mozlila/5.0 (Linux; Android 7.0; SM-G892A Bulid/NRD90M; wv) AppleWebKit/537.36 (KHTML, like Gecko) Version/4.0 Chrome/60.0.3112.107 Moblie Safari/537.36"
31.220.76.74 - - [15/Aug/2024:11:46:44 -0400] "GET / HTTP/1.1" 200 11596 "www.google.com" "Mozlila/5.0 (Linux; Android 7.0; SM-G892A Bulid/NRD90M; wv) AppleWebKit/537.36 (KHTML, like Gecko) Version/4.0 Chrome/60.0.3112.107 Moblie Safari/537.36"
2401:4900:4163:b7ee:99bb:c47:f5a9:da01 - - [15/Aug/2024:11:47:12 -0400] "GET / HTTP/1.1" 200 11596 "https://www.bing.com/" "Mozilla/5.0 (Linux; Android 13; RMX3370 Build/TP1A.220905.001; ) AppleWebKit/537.36 (KHTML, like Gecko) Chrome/121.0.0.0 Mobile Safari/537.36 EdgA/121.0.2277.138"
2401:4900:4163:b7ee:99bb:c47:f5a9:da01 - - [15/Aug/2024:11:47:16 -0400] "GET /comic/lookism-chapter-495/ HTTP/1.1" 200 11484 "https://r.lookismmanga.com/" "Mozilla/5.0 (Linux; Android 13; RMX3370 Build/TP1A.220905.001; ) AppleWebKit/537.36 (KHTML, like Gecko) Chrome/121.0.0.0 Mobile Safari/537.36 EdgA/121.0.2277.138"
70.54.112.211 - - [15/Aug/2024:11:47:25 -0400] "GET / HTTP/1.1" 200 11603 "https://search.yahoo.com/" "Mozilla/5.0 (Windows NT 10.0; Win64; x64) AppleWebKit/537.36 (KHTML, like Gecko) Chrome/127.0.0.0 Safari/537.36"
70.54.112.211 - - [15/Aug/2024:11:47:30 -0400] "GET /comic/lookism-chapter-510-1/ HTTP/1.1" 200 11146 "https://r.lookismmanga.com/" "Mozilla/5.0 (Windows NT 10.0; Win64; x64) AppleWebKit/537.36 (KHTML, like Gecko) Chrome/127.0.0.0 Safari/537.36"
70.54.112.211 - - [15/Aug/2024:11:47:30 -0400] "GET /comic/lookism-chapter-514/ HTTP/1.1" 200 10596 "https://r.lookismmanga.com/" "Mozilla/5.0 (Windows NT 10.0; Win64; x64) AppleWebKit/537.36 (KHTML, like Gecko) Chrome/127.0.0.0 Safari/537.36"
162.12.244.30 - - [15/Aug/2024:11:47:50 -0400] "GET / HTTP/1.1" 200 11624 "-" "Mozilla/5.0 (Linux; Android 10; K) AppleWebKit/537.36 (KHTML, like Gecko) Chrome/127.0.0.0 Mobile Safari/537.36"
162.12.244.30 - - [15/Aug/2024:11:47:55 -0400] "GET /comic/lookism-chapter-498/ HTTP/1.1" 200 11010 "https://r.lookismmanga.com/" "Mozilla/5.0 (Linux; Android 10; K) AppleWebKit/537.36 (KHTML, like Gecko) Chrome/127.0.0.0 Mobile Safari/537.36"
162.12.244.30 - - [15/Aug/2024:11:47:55 -0400] "GET /comic/lookism-chapter-497/ HTTP/1.1" 200 11425 "https://r.lookismmanga.com/" "Mozilla/5.0 (Linux; Android 10; K) AppleWebKit/537.36 (KHTML, like Gecko) Chrome/127.0.0.0 Mobile Safari/537.36"
162.0.232.193 - - [15/Aug/2024:11:48:22 -0400] "POST /wp-cron.php?doing_wp_cron=1723736902.4583361148834228515625 HTTP/1.1" 200 0 "-" "WordPress/6.5.5; https://r.lookismmanga.com"
185.183.147.96 - - [15/Aug/2024:11:48:47 -0400] "GET / HTTP/1.1" 200 11603 "https://www.bing.com/" "Mozilla/5.0 (Windows NT 10.0; Win64; x64) AppleWebKit/537.36 (KHTML, like Gecko) Chrome/127.0.0.0 Safari/537.36 Edg/127.0.0.0"
185.183.147.96 - - [15/Aug/2024:11:48:50 -0400] "GET /comic/lookism-chapter-514/ HTTP/1.1" 200 10643 "https://r.lookismmanga.com/" "Mozilla/5.0 (Windows NT 10.0; Win64; x64) AppleWebKit/537.36 (KHTML, like Gecko) Chrome/127.0.0.0 Safari/537.36 Edg/127.0.0.0"
113.22.169.82 - - [15/Aug/2024:11:49:35 -0400] "GET / HTTP/1.1" 200 11603 "-" "Mozilla/5.0 (Windows NT 10.0; Win64; x64) AppleWebKit/537.36 (KHTML, like Gecko) Chrome/127.0.0.0 Safari/537.36"
113.22.169.82 - - [15/Aug/2024:11:49:35 -0400] "GET /wp-content/plugins/simple-social-buttons/assets/css/front.css?ver=5.1.3 HTTP/1.1" 200 9767 "https://r.lookismmanga.com/" "Mozilla/5.0 (Windows NT 10.0; Win64; x64) AppleWebKit/537.36 (KHTML, like Gecko) Chrome/127.0.0.0 Safari/537.36"
113.22.169.82 - - [15/Aug/2024:11:49:41 -0400] "GET /comic/lookism-chapter-514/ HTTP/1.1" 200 10596 "https://r.lookismmanga.com/" "Mozilla/5.0 (Windows NT 10.0; Win64; x64) AppleWebKit/537.36 (KHTML, like Gecko) Chrome/127.0.0.0 Safari/537.36"
184.82.157.243 - - [15/Aug/2024:11:50:06 -0400] "GET / HTTP/1.1" 200 11603 "https://www.bing.com/" "Mozilla/5.0 (Windows NT 10.0; Win64; x64) AppleWebKit/537.36 (KHTML, like Gecko) Chrome/127.0.0.0 Safari/537.36 Edg/127.0.0.0"
184.82.157.243 - - [15/Aug/2024:11:50:07 -0400] "GET /wp-content/uploads/2024/02/lookismkmanhwabookvolume5dkshop-753x1024.webp HTTP/1.1" 200 76864 "https://r.lookismmanga.com/" "Mozilla/5.0 (Windows NT 10.0; Win64; x64) AppleWebKit/537.36 (KHTML, like Gecko) Chrome/127.0.0.0 Safari/537.36 Edg/127.0.0.0"
184.82.157.243 - - [15/Aug/2024:11:50:07 -0400] "GET /wp-content/themes/toivo-lite/fonts/genericons/genericons/genericons.min.css?ver=3.3 HTTP/1.1" 200 15959 "https://r.lookismmanga.com/" "Mozilla/5.0 (Windows NT 10.0; Win64; x64) AppleWebKit/537.36 (KHTML, like Gecko) Chrome/127.0.0.0 Safari/537.36 Edg/127.0.0.0"
184.82.157.243 - - [15/Aug/2024:11:50:07 -0400] "GET /wp-content/plugins/simple-social-buttons/assets/js/frontend-blocks.js?ver=5.1.3 HTTP/1.1" 200 0 "https://r.lookismmanga.com/" "Mozilla/5.0 (Windows NT 10.0; Win64; x64) AppleWebKit/537.36 (KHTML, like Gecko) Chrome/127.0.0.0 Safari/537.36 Edg/127.0.0.0"
184.82.157.243 - - [15/Aug/2024:11:50:08 -0400] "GET /wp-includes/css/dist/block-library/style.min.css?ver=6.5.5 HTTP/1.1" 200 14071 "https://r.lookismmanga.com/" "Mozilla/5.0 (Windows NT 10.0; Win64; x64) AppleWebKit/537.36 (KHTML, like Gecko) Chrome/127.0.0.0 Safari/537.36 Edg/127.0.0.0"
184.82.157.243 - - [15/Aug/2024:11:50:08 -0400] "GET /wp-includes/js/jquery/jquery-migrate.min.js?ver=3.4.1 HTTP/1.1" 200 4678 "https://r.lookismmanga.com/" "Mozilla/5.0 (Windows NT 10.0; Win64; x64) AppleWebKit/537.36 (KHTML, like Gecko) Chrome/127.0.0.0 Safari/537.36 Edg/127.0.0.0"
184.82.157.243 - - [15/Aug/2024:11:50:08 -0400] "GET /wp-content/plugins/simple-social-buttons/assets/css/front.css?ver=5.1.3 HTTP/1.1" 200 9767 "https://r.lookismmanga.com/" "Mozilla/5.0 (Windows NT 10.0; Win64; x64) AppleWebKit/537.36 (KHTML, like Gecko) Chrome/127.0.0.0 Safari/537.36 Edg/127.0.0.0"
184.82.157.243 - - [15/Aug/2024:11:50:08 -0400] "GET /wp-content/themes/toivo-lite/style.css?ver=1.2.0 HTTP/1.1" 200 13718 "https://r.lookismmanga.com/" "Mozilla/5.0 (Windows NT 10.0; Win64; x64) AppleWebKit/537.36 (KHTML, like Gecko) Chrome/127.0.0.0 Safari/537.36 Edg/127.0.0.0"
184.82.157.243 - - [15/Aug/2024:11:50:08 -0400] "GET /wp-includes/js/jquery/jquery.min.js?ver=3.7.1 HTTP/1.1" 200 29744 "https://r.lookismmanga.com/" "Mozilla/5.0 (Windows NT 10.0; Win64; x64) AppleWebKit/537.36 (KHTML, like Gecko) Chrome/127.0.0.0 Safari/537.36 Edg/127.0.0.0"
184.82.157.243 - - [15/Aug/2024:11:50:08 -0400] "GET /wp-content/uploads/2024/02/lookismkmanhwabookvolume17dkshop-706x1024.jpg HTTP/1.1" 200 101529 "https://r.lookismmanga.com/" "Mozilla/5.0 (Windows NT 10.0; Win64; x64) AppleWebKit/537.36 (KHTML, like Gecko) Chrome/127.0.0.0 Safari/537.36 Edg/127.0.0.0"
184.82.157.243 - - [15/Aug/2024:11:50:08 -0400] "GET /wp-content/plugins/simple-social-buttons/assets/js/front.js?ver=5.1.3 HTTP/1.1" 200 1577 "https://r.lookismmanga.com/" "Mozilla/5.0 (Windows NT 10.0; Win64; x64) AppleWebKit/537.36 (KHTML, like Gecko) Chrome/127.0.0.0 Safari/537.36 Edg/127.0.0.0"
184.82.157.243 - - [15/Aug/2024:11:50:08 -0400] "GET /wp-content/plugins/widgets-on-pages/public/css/widgets-on-pages-public.css?ver=1.4.0 HTTP/1.1" 200 83 "https://r.lookismmanga.com/" "Mozilla/5.0 (Windows NT 10.0; Win64; x64) AppleWebKit/537.36 (KHTML, like Gecko) Chrome/127.0.0.0 Safari/537.36 Edg/127.0.0.0"
2a06:c701:705f:7800:3d85:2c1e:4721:741a - - [15/Aug/2024:11:50:15 -0400] "GET / HTTP/1.1" 200 11625 "https://www.bing.com/" "Mozilla/5.0 (Windows NT 10.0; Win64; x64) AppleWebKit/537.36 (KHTML, like Gecko) Chrome/125.0.0.0 Safari/537.36 Edg/125.0.0.0"
122.161.242.156 - - [15/Aug/2024:11:50:18 -0400] "GET / HTTP/1.1" 200 11603 "https://www.bing.com/" "Mozilla/5.0 (Windows NT 10.0; Win64; x64) AppleWebKit/537.36 (KHTML, like Gecko) Chrome/127.0.0.0 Safari/537.36 Edg/127.0.0.0"
122.161.242.156 - - [15/Aug/2024:11:50:23 -0400] "GET /comic/lookism-chapter-509/ HTTP/1.1" 200 11514 "https://r.lookismmanga.com/" "Mozilla/5.0 (Windows NT 10.0; Win64; x64) AppleWebKit/537.36 (KHTML, like Gecko) Chrome/127.0.0.0 Safari/537.36 Edg/127.0.0.0"
122.161.242.156 - - [15/Aug/2024:11:50:23 -0400] "GET /comic/lookism-chapter-511/ HTTP/1.1" 200 11103 "https://r.lookismmanga.com/" "Mozilla/5.0 (Windows NT 10.0; Win64; x64) AppleWebKit/537.36 (KHTML, like Gecko) Chrome/127.0.0.0 Safari/537.36 Edg/127.0.0.0"
122.161.242.156 - - [15/Aug/2024:11:50:24 -0400] "GET /comic/lookism-chapter-514/ HTTP/1.1" 200 10643 "https://r.lookismmanga.com/" "Mozilla/5.0 (Windows NT 10.0; Win64; x64) AppleWebKit/537.36 (KHTML, like Gecko) Chrome/127.0.0.0 Safari/537.36 Edg/127.0.0.0"
2a06:c701:705f:7800:3d85:2c1e:4721:741a - - [15/Aug/2024:11:50:26 -0400] "GET /lookism-chapter-511/ HTTP/1.1" 200 11530 "https://r.lookismmanga.com/" "Mozilla/5.0 (Windows NT 10.0; Win64; x64) AppleWebKit/537.36 (KHTML, like Gecko) Chrome/125.0.0.0 Safari/537.36 Edg/125.0.0.0"
2a06:c701:705f:7800:3d85:2c1e:4721:741a - - [15/Aug/2024:11:50:26 -0400] "GET /comic/lookism-chapter-510/ HTTP/1.1" 200 11497 "https://r.lookismmanga.com/" "Mozilla/5.0 (Windows NT 10.0; Win64; x64) AppleWebKit/537.36 (KHTML, like Gecko) Chrome/125.0.0.0 Safari/537.36 Edg/125.0.0.0"
122.183.164.115 - - [15/Aug/2024:11:50:33 -0400] "GET / HTTP/1.1" 200 11596 "https://duckduckgo.com/" "Mozilla/5.0 (Linux; Android 10; K) AppleWebKit/537.36 (KHTML, like Gecko) Chrome/127.0.0.0 Mobile Safari/537.36"
162.0.232.193 - - [15/Aug/2024:11:50:38 -0400] "POST /wp-cron.php?doing_wp_cron=1723737038.2380230426788330078125 HTTP/1.1" 200 0 "-" "WordPress/6.5.5; https://r.lookismmanga.com"
122.183.164.115 - - [15/Aug/2024:11:50:38 -0400] "GET /apple-touch-icon.png HTTP/1.1" 301 0 "-" "DuckDuckGo/5 (com.duckduckgo.mobile.android; Android API 31)"
122.183.164.115 - - [15/Aug/2024:11:50:40 -0400] "GET / HTTP/1.1" 200 11596 "-" "DuckDuckGo/5 (com.duckduckgo.mobile.android; Android API 31)"
122.183.164.115 - - [15/Aug/2024:11:50:40 -0400] "GET /comic/lookism-chapter-482/ HTTP/1.1" 200 11508 "https://r.lookismmanga.com/" "Mozilla/5.0 (Linux; Android 10; K) AppleWebKit/537.36 (KHTML, like Gecko) Chrome/127.0.0.0 Mobile Safari/537.36"
122.183.164.115 - - [15/Aug/2024:11:50:41 -0400] "GET /favicon.ico HTTP/1.1" 302 0 "-" "DuckDuckGo/5 (com.duckduckgo.mobile.android; Android API 31)"
122.183.164.115 - - [15/Aug/2024:11:50:41 -0400] "GET /comic/lookism-chapter-502/ HTTP/1.1" 200 11090 "https://r.lookismmanga.com/" "Mozilla/5.0 (Linux; Android 10; K) AppleWebKit/537.36 (KHTML, like Gecko) Chrome/127.0.0.0 Mobile Safari/537.36"
2001:8f8:183d:2199:5400:401c:658a:d38d - - [15/Aug/2024:11:50:51 -0400] "GET / HTTP/1.1" 200 11603 "https://search.yahoo.com/" "Mozilla/5.0 (Windows NT 10.0; Win64; x64) AppleWebKit/537.36 (KHTML, like Gecko) Chrome/127.0.0.0 Safari/537.36"
2001:8f8:183d:2199:5400:401c:658a:d38d - - [15/Aug/2024:11:50:53 -0400] "GET /comic/lookism-chapter-1/ HTTP/1.1" 200 11755 "https://r.lookismmanga.com/" "Mozilla/5.0 (Windows NT 10.0; Win64; x64) AppleWebKit/537.36 (KHTML, like Gecko) Chrome/127.0.0.0 Safari/537.36"
162.0.232.193 - - [15/Aug/2024:11:51:03 -0400] "POST /wp-cron.php?doing_wp_cron=1723737063.5496520996093750000000 HTTP/1.1" 200 0 "-" "WordPress/6.5.5; https://r.lookismmanga.com"
2a03:2880:25ff:71::face:b00c - - [15/Aug/2024:11:51:03 -0400] "GET / HTTP/1.1" 200 11400 "-" "facebookexternalhit/1.1 (+http://www.facebook.com/externalhit_uatext.php)"
162.0.232.193 - - [15/Aug/2024:11:52:03 -0400] "POST /wp-cron.php?doing_wp_cron=1723737123.3351631164550781250000 HTTP/1.1" 200 0 "-" "WordPress/6.5.5; https://r.lookismmanga.com"
2a03:2880:f800:10:: - - [15/Aug/2024:11:52:03 -0400] "GET /?p=1980 HTTP/1.1" 301 0 "-" "meta-externalagent/1.1 (+https://developers.facebook.com/docs/sharing/webmasters/crawler)"
2001:e68:5431:25fb:cdec:dd85:62c9:ddcd - - [15/Aug/2024:11:52:08 -0400] "GET / HTTP/1.1" 200 11603 "https://search.yahoo.com/" "Mozilla/5.0 (Windows NT 10.0; Win64; x64) AppleWebKit/537.36 (KHTML, like Gecko) Chrome/127.0.0.0 Safari/537.36"
2001:e68:5431:25fb:cdec:dd85:62c9:ddcd - - [15/Aug/2024:11:52:10 -0400] "GET / HTTP/1.1" 304 0 "https://r.lookismmanga.com/" "Mozilla/5.0 (Windows NT 10.0; Win64; x64) AppleWebKit/537.36 (KHTML, like Gecko) Chrome/127.0.0.0 Safari/537.36"
2a01:e0a:1e:3200:1127:c71b:e721:ca6f - - [15/Aug/2024:11:52:27 -0400] "GET / HTTP/1.1" 304 0 "https://www.bing.com/" "Mozilla/5.0 (Windows NT 10.0; Win64; x64) AppleWebKit/537.36 (KHTML, like Gecko) Chrome/127.0.0.0 Safari/537.36 Edg/127.0.0.0"
2a01:e0a:1e:3200:1127:c71b:e721:ca6f - - [15/Aug/2024:11:52:29 -0400] "GET / HTTP/1.1" 304 0 "https://r.lookismmanga.com/" "Mozilla/5.0 (Windows NT 10.0; Win64; x64) AppleWebKit/537.36 (KHTML, like Gecko) Chrome/127.0.0.0 Safari/537.36 Edg/127.0.0.0"
2a01:e0a:1e:3200:1127:c71b:e721:ca6f - - [15/Aug/2024:11:52:29 -0400] "GET /comic/lookism-chapter-501/ HTTP/1.1" 200 11175 "https://r.lookismmanga.com/" "Mozilla/5.0 (Windows NT 10.0; Win64; x64) AppleWebKit/537.36 (KHTML, like Gecko) Chrome/127.0.0.0 Safari/537.36 Edg/127.0.0.0"
2a06:c701:705f:7800:3d85:2c1e:4721:741a - - [15/Aug/2024:11:52:35 -0400] "GET /category/lookism-manhwa/ HTTP/1.1" 200 10372 "https://r.lookismmanga.com/" "Mozilla/5.0 (Windows NT 10.0; Win64; x64) AppleWebKit/537.36 (KHTML, like Gecko) Chrome/125.0.0.0 Safari/537.36 Edg/125.0.0.0"
162.0.232.193 - - [15/Aug/2024:11:52:42 -0400] "POST /wp-cron.php?doing_wp_cron=1723737162.1978349685668945312500 HTTP/1.1" 200 0 "-" "WordPress/6.5.5; https://r.lookismmanga.com"
2a03:2880:2ff:a::face:b00c - - [15/Aug/2024:11:52:42 -0400] "GET /?p=1993 HTTP/1.1" 301 0 "-" "facebookexternalhit/1.1 (+http://www.facebook.com/externalhit_uatext.php)"
2603:6080:a600:13b0:95f4:d539:5962:ffc - - [15/Aug/2024:11:52:56 -0400] "GET / HTTP/1.1" 200 11603 "https://search.brave.com/" "Mozilla/5.0 (Windows NT 10.0; Win64; x64) AppleWebKit/537.36 (KHTML, like Gecko) Chrome/127.0.0.0 Safari/537.36"
2603:6080:a600:13b0:95f4:d539:5962:ffc - - [15/Aug/2024:11:53:06 -0400] "GET /comic/lookism-chapter-514/ HTTP/1.1" 200 10596 "-" "Mozilla/5.0 (Windows NT 10.0; Win64; x64) AppleWebKit/537.36 (KHTML, like Gecko) Chrome/127.0.0.0 Safari/537.36"
2603:6080:a600:13b0:95f4:d539:5962:ffc - - [15/Aug/2024:11:53:06 -0400] "GET /comic/lookism-chapter-513/ HTTP/1.1" 200 11063 "-" "Mozilla/5.0 (Windows NT 10.0; Win64; x64) AppleWebKit/537.36 (KHTML, like Gecko) Chrome/127.0.0.0 Safari/537.36"
70.54.112.211 - - [15/Aug/2024:11:53:29 -0400] "GET / HTTP/1.1" 304 0 "https://search.yahoo.com/" "Mozilla/5.0 (Windows NT 10.0; Win64; x64) AppleWebKit/537.36 (KHTML, like Gecko) Chrome/127.0.0.0 Safari/537.36"
177.22.252.110 - - [15/Aug/2024:11:54:27 -0400] "GET / HTTP/1.1" 304 0 "https://www.bing.com/" "Mozilla/5.0 (Windows NT 10.0; Win64; x64) AppleWebKit/537.36 (KHTML, like Gecko) Chrome/127.0.0.0 Safari/537.36 Edg/127.0.0.0"
162.0.232.193 - - [15/Aug/2024:11:54:33 -0400] "POST /wp-cron.php?doing_wp_cron=1723737273.3632810115814208984375 HTTP/1.1" 200 0 "-" "WordPress/6.5.5; https://r.lookismmanga.com"
2a03:2880:ff:d::face:b00c - - [15/Aug/2024:11:54:33 -0400] "GET /?p=2178 HTTP/1.1" 301 0 "-" "meta-externalagent/1.1 (+https://developers.facebook.com/docs/sharing/webmasters/crawler)"
2a03:2880:ff:d::face:b00c - - [15/Aug/2024:11:54:35 -0400] "GET /?p=2146 HTTP/1.1" 301 0 "-" "facebookexternalhit/1.1 (+http://www.facebook.com/externalhit_uatext.php)"
175.176.29.117 - - [15/Aug/2024:11:55:12 -0400] "GET / HTTP/1.1" 200 11596 "https://www.bing.com/" "Mozilla/5.0 (Linux; Android 10; JNY-LX2; HMSCore 6.14.0.302) AppleWebKit/537.36 (KHTML, like Gecko) Chrome/99.0.4844.88 HuaweiBrowser/14.0.5.303 Mobile Safari/537.36"
175.176.29.117 - - [15/Aug/2024:11:55:16 -0400] "GET / HTTP/1.1" 304 0 "https://r.lookismmanga.com/" "Mozilla/5.0 (Linux; Android 10; JNY-LX2; HMSCore 6.14.0.302) AppleWebKit/537.36 (KHTML, like Gecko) Chrome/99.0.4844.88 HuaweiBrowser/14.0.5.303 Mobile Safari/537.36"
175.176.29.117 - - [15/Aug/2024:11:55:17 -0400] "GET /comic/lookism-chapter-514/ HTTP/1.1" 200 10578 "https://r.lookismmanga.com/" "Mozilla/5.0 (Linux; Android 10; JNY-LX2; HMSCore 6.14.0.302) AppleWebKit/537.36 (KHTML, like Gecko) Chrome/99.0.4844.88 HuaweiBrowser/14.0.5.303 Mobile Safari/537.36"
2409:40e1:c8:4406:8000:: - - [15/Aug/2024:11:55:39 -0400] "GET / HTTP/1.1" 200 11596 "https://duckduckgo.com/" "Mozilla/5.0 (Linux; Android 10; K) AppleWebKit/537.36 (KHTML, like Gecko) Chrome/126.0.0.0 Mobile Safari/537.36 AlohaBrowser/6.4.0"
2409:40e1:c8:4406:8000:: - - [15/Aug/2024:11:55:45 -0400] "GET /comic/lookism-chapter-480/ HTTP/1.1" 200 11629 "https://r.lookismmanga.com/" "Mozilla/5.0 (Linux; Android 10; K) AppleWebKit/537.36 (KHTML, like Gecko) Chrome/126.0.0.0 Mobile Safari/537.36 AlohaBrowser/6.4.0"
2409:40e1:c8:4406:8000:: - - [15/Aug/2024:11:55:46 -0400] "GET /wp-content/plugins/wp-rocket/assets/js/lcp-beacon.min.js HTTP/1.1" 200 2232 "https://r.lookismmanga.com/comic/lookism-chapter-480/" "Mozilla/5.0 (Linux; Android 10; K) AppleWebKit/537.36 (KHTML, like Gecko) Chrome/126.0.0.0 Mobile Safari/537.36 AlohaBrowser/6.4.0"
162.0.232.193 - - [15/Aug/2024:11:55:47 -0400] "POST /wp-cron.php?doing_wp_cron=1723737347.0904409885406494140625 HTTP/1.1" 200 0 "-" "WordPress/6.5.5; https://r.lookismmanga.com"
2409:40e1:c8:4406:8000:: - - [15/Aug/2024:11:55:47 -0400] "POST /wp-admin/admin-ajax.php HTTP/1.1" 200 1382 "https://r.lookismmanga.com/comic/lookism-chapter-480/" "Mozilla/5.0 (Linux; Android 10; K) AppleWebKit/537.36 (KHTML, like Gecko) Chrome/126.0.0.0 Mobile Safari/537.36 AlohaBrowser/6.4.0"
2409:40e1:c8:4406:8000:: - - [15/Aug/2024:11:55:46 -0400] "POST /wp-admin/admin-ajax.php HTTP/1.1" 200 69 "https://r.lookismmanga.com/comic/lookism-chapter-480/" "Mozilla/5.0 (Linux; Android 10; K) AppleWebKit/537.36 (KHTML, like Gecko) Chrome/126.0.0.0 Mobile Safari/537.36 AlohaBrowser/6.4.0"
2409:40e1:c8:4406:8000:: - - [15/Aug/2024:11:55:48 -0400] "GET /category/lookism-manhwa/ HTTP/1.1" 200 10342 "https://r.lookismmanga.com/comic/lookism-chapter-480/" "Mozilla/5.0 (Linux; Android 10; K) AppleWebKit/537.36 (KHTML, like Gecko) Chrome/126.0.0.0 Mobile Safari/537.36 AlohaBrowser/6.4.0"
2001:e68:5431:25fb:cdec:dd85:62c9:ddcd - - [15/Aug/2024:11:56:19 -0400] "GET /comic/lookism-chapter-1/ HTTP/1.1" 200 11755 "https://r.lookismmanga.com/" "Mozilla/5.0 (Windows NT 10.0; Win64; x64) AppleWebKit/537.36 (KHTML, like Gecko) Chrome/127.0.0.0 Safari/537.36"
2001:e68:5431:25fb:cdec:dd85:62c9:ddcd - - [15/Aug/2024:11:56:19 -0400] "GET /comic/lookism-chapter-510/ HTTP/1.1" 200 11497 "https://r.lookismmanga.com/" "Mozilla/5.0 (Windows NT 10.0; Win64; x64) AppleWebKit/537.36 (KHTML, like Gecko) Chrome/127.0.0.0 Safari/537.36"
60.52.16.1 - - [15/Aug/2024:11:57:00 -0400] "GET / HTTP/1.1" 304 0 "https://www.bing.com/" "Mozilla/5.0 (Windows NT 10.0; Win64; x64) AppleWebKit/537.36 (KHTML, like Gecko) Chrome/127.0.0.0 Safari/537.36 Edg/127.0.0.0"
103.156.2.123 - - [15/Aug/2024:11:57:03 -0400] "GET / HTTP/1.1" 200 11603 "https://vn.search.yahoo.com/" "Mozilla/5.0 (Windows NT 10.0; Win64; x64) AppleWebKit/537.36 (KHTML, like Gecko) Chrome/127.0.0.0 Safari/537.36"
60.52.16.1 - - [15/Aug/2024:11:57:03 -0400] "GET /comic/lookism-chapter-513/ HTTP/1.1" 200 11110 "https://r.lookismmanga.com/" "Mozilla/5.0 (Windows NT 10.0; Win64; x64) AppleWebKit/537.36 (KHTML, like Gecko) Chrome/127.0.0.0 Safari/537.36 Edg/127.0.0.0"
103.156.2.123 - - [15/Aug/2024:11:57:04 -0400] "GET /wp-includes/js/jquery/jquery.min.js?ver=3.7.1 HTTP/1.1" 200 29744 "https://r.lookismmanga.com/" "Mozilla/5.0 (Windows NT 10.0; Win64; x64) AppleWebKit/537.36 (KHTML, like Gecko) Chrome/127.0.0.0 Safari/537.36"
103.156.2.123 - - [15/Aug/2024:11:57:04 -0400] "GET /wp-content/plugins/simple-social-buttons/assets/js/front.js?ver=5.1.3 HTTP/1.1" 200 1577 "https://r.lookismmanga.com/" "Mozilla/5.0 (Windows NT 10.0; Win64; x64) AppleWebKit/537.36 (KHTML, like Gecko) Chrome/127.0.0.0 Safari/537.36"
103.156.2.123 - - [15/Aug/2024:11:57:04 -0400] "GET /wp-content/uploads/2024/02/cropped-MV5BMmI0NjY3NWYtMjEyYi00MjBlLWE4NDktNzNjZWNjMGUyY2U2XkEyXkFqcGdeQXVyMTUzNjM4ODE1._V1_.jpg HTTP/1.1" 200 88480 "https://r.lookismmanga.com/" "Mozilla/5.0 (Windows NT 10.0; Win64; x64) AppleWebKit/537.36 (KHTML, like Gecko) Chrome/127.0.0.0 Safari/537.36"
60.52.16.1 - - [15/Aug/2024:11:57:04 -0400] "GET /comic/lookism-chapter-514/ HTTP/1.1" 304 0 "https://r.lookismmanga.com/" "Mozilla/5.0 (Windows NT 10.0; Win64; x64) AppleWebKit/537.36 (KHTML, like Gecko) Chrome/127.0.0.0 Safari/537.36 Edg/127.0.0.0"
103.156.2.123 - - [15/Aug/2024:11:57:04 -0400] "GET /wp-content/uploads/2024/02/lookismkmanhwabookvolume5dkshop.webp HTTP/1.1" 200 97320 "https://r.lookismmanga.com/" "Mozilla/5.0 (Windows NT 10.0; Win64; x64) AppleWebKit/537.36 (KHTML, like Gecko) Chrome/127.0.0.0 Safari/537.36"
103.156.2.123 - - [15/Aug/2024:11:57:04 -0400] "GET /wp-includes/css/dist/block-library/style.min.css?ver=6.5.5 HTTP/1.1" 200 14071 "https://r.lookismmanga.com/" "Mozilla/5.0 (Windows NT 10.0; Win64; x64) AppleWebKit/537.36 (KHTML, like Gecko) Chrome/127.0.0.0 Safari/537.36"
103.156.2.123 - - [15/Aug/2024:11:57:04 -0400] "GET /wp-content/themes/toivo-lite/style.css?ver=1.2.0 HTTP/1.1" 200 13718 "https://r.lookismmanga.com/" "Mozilla/5.0 (Windows NT 10.0; Win64; x64) AppleWebKit/537.36 (KHTML, like Gecko) Chrome/127.0.0.0 Safari/537.36"
103.156.2.123 - - [15/Aug/2024:11:57:04 -0400] "GET /wp-content/themes/toivo-lite/fonts/genericons/genericons/genericons.min.css?ver=3.3 HTTP/1.1" 200 15959 "https://r.lookismmanga.com/" "Mozilla/5.0 (Windows NT 10.0; Win64; x64) AppleWebKit/537.36 (KHTML, like Gecko) Chrome/127.0.0.0 Safari/537.36"
103.156.2.123 - - [15/Aug/2024:11:57:04 -0400] "GET /wp-content/plugins/simple-social-buttons/assets/js/frontend-blocks.js?ver=5.1.3 HTTP/1.1" 200 0 "https://r.lookismmanga.com/" "Mozilla/5.0 (Windows NT 10.0; Win64; x64) AppleWebKit/537.36 (KHTML, like Gecko) Chrome/127.0.0.0 Safari/537.36"
103.156.2.123 - - [15/Aug/2024:11:57:04 -0400] "GET /wp-content/plugins/widgets-on-pages/public/css/widgets-on-pages-public.css?ver=1.4.0 HTTP/1.1" 200 83 "https://r.lookismmanga.com/" "Mozilla/5.0 (Windows NT 10.0; Win64; x64) AppleWebKit/537.36 (KHTML, like Gecko) Chrome/127.0.0.0 Safari/537.36"
103.156.2.123 - - [15/Aug/2024:11:57:04 -0400] "GET /wp-content/plugins/simple-social-buttons/assets/css/front.css?ver=5.1.3 HTTP/1.1" 200 9767 "https://r.lookismmanga.com/" "Mozilla/5.0 (Windows NT 10.0; Win64; x64) AppleWebKit/537.36 (KHTML, like Gecko) Chrome/127.0.0.0 Safari/537.36"
103.156.2.123 - - [15/Aug/2024:11:57:04 -0400] "GET /wp-content/plugins/comic-easel/js/keynav.js HTTP/1.1" 200 302 "https://r.lookismmanga.com/" "Mozilla/5.0 (Windows NT 10.0; Win64; x64) AppleWebKit/537.36 (KHTML, like Gecko) Chrome/127.0.0.0 Safari/537.36"
103.156.2.123 - - [15/Aug/2024:11:57:04 -0400] "GET /wp-content/uploads/2024/02/lookismkmanhwabookvolume17dkshop.jpg HTTP/1.1" 200 108104 "https://r.lookismmanga.com/" "Mozilla/5.0 (Windows NT 10.0; Win64; x64) AppleWebKit/537.36 (KHTML, like Gecko) Chrome/127.0.0.0 Safari/537.36"
103.156.2.123 - - [15/Aug/2024:11:57:04 -0400] "GET /wp-includes/js/jquery/jquery-migrate.min.js?ver=3.4.1 HTTP/1.1" 200 4678 "https://r.lookismmanga.com/" "Mozilla/5.0 (Windows NT 10.0; Win64; x64) AppleWebKit/537.36 (KHTML, like Gecko) Chrome/127.0.0.0 Safari/537.36"
103.156.2.123 - - [15/Aug/2024:11:57:04 -0400] "GET /wp-content/themes/toivo-lite/js/responsive-nav.min.js?ver=1.2.0 HTTP/1.1" 200 2102 "https://r.lookismmanga.com/" "Mozilla/5.0 (Windows NT 10.0; Win64; x64) AppleWebKit/537.36 (KHTML, like Gecko) Chrome/127.0.0.0 Safari/537.36"
103.156.2.123 - - [15/Aug/2024:11:57:04 -0400] "GET /wp-content/themes/toivo-lite/js/functions.min.js?ver=1.2.0 HTTP/1.1" 200 593 "https://r.lookismmanga.com/" "Mozilla/5.0 (Windows NT 10.0; Win64; x64) AppleWebKit/537.36 (KHTML, like Gecko) Chrome/127.0.0.0 Safari/537.36"
103.156.2.123 - - [15/Aug/2024:11:57:04 -0400] "GET /wp-content/themes/toivo-lite/js/settings.min.js?ver=1.2.0 HTTP/1.1" 200 307 "https://r.lookismmanga.com/" "Mozilla/5.0 (Windows NT 10.0; Win64; x64) AppleWebKit/537.36 (KHTML, like Gecko) Chrome/127.0.0.0 Safari/537.36"
103.156.2.123 - - [15/Aug/2024:11:57:05 -0400] "GET /wp-content/uploads/2024/02/cropped-if-the-anime-continues-and-reaches-the-point-of-current-v0-frhh1uf0zj5a1-32x32.webp HTTP/1.1" 200 438 "https://r.lookismmanga.com/" "Mozilla/5.0 (Windows NT 10.0; Win64; x64) AppleWebKit/537.36 (KHTML, like Gecko) Chrome/127.0.0.0 Safari/537.36"
103.156.2.123 - - [15/Aug/2024:11:57:08 -0400] "GET /comic/lookism-chapter-514/ HTTP/1.1" 200 10643 "https://r.lookismmanga.com/" "Mozilla/5.0 (Windows NT 10.0; Win64; x64) AppleWebKit/537.36 (KHTML, like Gecko) Chrome/127.0.0.0 Safari/537.36"
103.156.2.123 - - [15/Aug/2024:11:57:09 -0400] "GET /wp-content/plugins/wp-automatic/css/wp-automatic.css?ver=1.0.0 HTTP/1.1" 200 537 "https://r.lookismmanga.com/comic/lookism-chapter-514/" "Mozilla/5.0 (Windows NT 10.0; Win64; x64) AppleWebKit/537.36 (KHTML, like Gecko) Chrome/127.0.0.0 Safari/537.36"
103.156.2.123 - - [15/Aug/2024:11:57:09 -0400] "GET /wp-content/plugins/wp-automatic/js/main-front.js?ver=6.5.5 HTTP/1.1" 200 316 "https://r.lookismmanga.com/comic/lookism-chapter-514/" "Mozilla/5.0 (Windows NT 10.0; Win64; x64) AppleWebKit/537.36 (KHTML, like Gecko) Chrome/127.0.0.0 Safari/537.36"
103.156.2.123 - - [15/Aug/2024:11:57:09 -0400] "GET /wp-content/plugins/disqus-comment-system/public/js/comment_count.js?ver=3.1.1 HTTP/1.1" 200 354 "https://r.lookismmanga.com/comic/lookism-chapter-514/" "Mozilla/5.0 (Windows NT 10.0; Win64; x64) AppleWebKit/537.36 (KHTML, like Gecko) Chrome/127.0.0.0 Safari/537.36"
103.156.2.123 - - [15/Aug/2024:11:57:09 -0400] "GET /wp-includes/js/comment-reply.min.js?ver=6.5.5 HTTP/1.1" 200 1228 "https://r.lookismmanga.com/comic/lookism-chapter-514/" "Mozilla/5.0 (Windows NT 10.0; Win64; x64) AppleWebKit/537.36 (KHTML, like Gecko) Chrome/127.0.0.0 Safari/537.36"
103.156.2.123 - - [15/Aug/2024:11:57:09 -0400] "GET /wp-content/plugins/simple-social-buttons/assets/fonts/ssb-icon.ttf?eahqa2 HTTP/1.1" 200 6212 "https://r.lookismmanga.com/wp-content/plugins/simple-social-buttons/assets/css/front.css?ver=5.1.3" "Mozilla/5.0 (Windows NT 10.0; Win64; x64) AppleWebKit/537.36 (KHTML, like Gecko) Chrome/127.0.0.0 Safari/537.36"
103.156.2.123 - - [15/Aug/2024:11:57:09 -0400] "GET /wp-content/plugins/disqus-comment-system/public/js/comment_embed.js?ver=3.1.1 HTTP/1.1" 200 653 "https://r.lookismmanga.com/comic/lookism-chapter-514/" "Mozilla/5.0 (Windows NT 10.0; Win64; x64) AppleWebKit/537.36 (KHTML, like Gecko) Chrome/127.0.0.0 Safari/537.36"
140.213.183.101 - - [15/Aug/2024:11:57:14 -0400] "GET / HTTP/1.1" 200 11596 "https://duckduckgo.com/" "Mozilla/5.0 (Linux; Android 10; K) AppleWebKit/537.36 (KHTML, like Gecko) Chrome/127.0.0.0 Mobile Safari/537.36"
103.156.2.123 - - [15/Aug/2024:11:57:24 -0400] "GET /comic/lookism-chapter-514/ HTTP/1.1" 304 0 "https://r.lookismmanga.com/comic/lookism-chapter-514/" "Mozilla/5.0 (Windows NT 10.0; Win64; x64) AppleWebKit/537.36 (KHTML, like Gecko) Chrome/127.0.0.0 Safari/537.36"
162.0.232.193 - - [15/Aug/2024:11:57:29 -0400] "POST /wp-cron.php?doing_wp_cron=1723737449.5297760963439941406250 HTTP/1.1" 200 0 "-" "WordPress/6.5.5; https://r.lookismmanga.com"
66.249.68.66 - - [15/Aug/2024:11:57:29 -0400] "GET /wp-content/uploads/2021/11/lookism_vol_15_-_edition_reliee943945.jpg HTTP/1.1" 301 0 "-" "Googlebot-Image/1.0"
66.249.68.65 - - [15/Aug/2024:11:57:30 -0400] "GET / HTTP/1.1" 200 11603 "-" "Googlebot-Image/1.0"
120.28.218.200 - - [15/Aug/2024:11:57:48 -0400] "GET / HTTP/1.1" 200 11596 "https://www.bing.com/" "Mozilla/5.0 (Linux; Android 10; JNY-LX1; HMSCore 6.14.0.302) AppleWebKit/537.36 (KHTML, like Gecko) Chrome/99.0.4844.88 HuaweiBrowser/14.0.5.303 Mobile Safari/537.36"
2603:7000:800:fd:3d2e:7563:21b0:ce23 - - [15/Aug/2024:11:58:05 -0400] "GET / HTTP/1.1" 200 11596 "https://www.bing.com/" "Mozilla/5.0 (iPhone; CPU iPhone OS 17_5_1 like Mac OS X) AppleWebKit/605.1.15 (KHTML, like Gecko) Version/17.5.1 Mobile/15E148 Safari/605.1.15 BingSapphire/1.0.420724004"
2603:7000:800:fd:3d2e:7563:21b0:ce23 - - [15/Aug/2024:11:58:09 -0400] "GET /comic/lookism-chapter-514/ HTTP/1.1" 200 10640 "https://r.lookismmanga.com/" "Mozilla/5.0 (iPhone; CPU iPhone OS 17_5_1 like Mac OS X) AppleWebKit/605.1.15 (KHTML, like Gecko) Version/17.5.1 Mobile/15E148 Safari/605.1.15 BingSapphire/1.0.420724004"
41.198.143.234 - - [15/Aug/2024:11:58:39 -0400] "GET / HTTP/1.1" 200 11603 "https://www.bing.com/" "Mozilla/5.0 (Windows NT 10.0; Win64; x64) AppleWebKit/537.36 (KHTML, like Gecko) Chrome/127.0.0.0 Safari/537.36 Edg/127.0.0.0"
41.198.143.234 - - [15/Aug/2024:11:58:40 -0400] "GET /wp-content/uploads/2024/02/lookismkmanhwabookvolume17dkshop-706x1024.jpg HTTP/1.1" 200 101529 "https://r.lookismmanga.com/" "Mozilla/5.0 (Windows NT 10.0; Win64; x64) AppleWebKit/537.36 (KHTML, like Gecko) Chrome/127.0.0.0 Safari/537.36 Edg/127.0.0.0"
41.198.143.234 - - [15/Aug/2024:11:58:40 -0400] "GET /wp-content/plugins/simple-social-buttons/assets/css/front.css?ver=5.1.3 HTTP/1.1" 200 9767 "https://r.lookismmanga.com/" "Mozilla/5.0 (Windows NT 10.0; Win64; x64) AppleWebKit/537.36 (KHTML, like Gecko) Chrome/127.0.0.0 Safari/537.36 Edg/127.0.0.0"
41.198.143.234 - - [15/Aug/2024:11:58:40 -0400] "GET /wp-content/themes/toivo-lite/fonts/genericons/genericons/genericons.min.css?ver=3.3 HTTP/1.1" 200 15959 "https://r.lookismmanga.com/" "Mozilla/5.0 (Windows NT 10.0; Win64; x64) AppleWebKit/537.36 (KHTML, like Gecko) Chrome/127.0.0.0 Safari/537.36 Edg/127.0.0.0"
41.198.143.234 - - [15/Aug/2024:11:58:40 -0400] "GET /wp-content/themes/toivo-lite/style.css?ver=1.2.0 HTTP/1.1" 200 13718 "https://r.lookismmanga.com/" "Mozilla/5.0 (Windows NT 10.0; Win64; x64) AppleWebKit/537.36 (KHTML, like Gecko) Chrome/127.0.0.0 Safari/537.36 Edg/127.0.0.0"
41.198.143.234 - - [15/Aug/2024:11:58:40 -0400] "GET /wp-includes/js/jquery/jquery-migrate.min.js?ver=3.4.1 HTTP/1.1" 200 4678 "https://r.lookismmanga.com/" "Mozilla/5.0 (Windows NT 10.0; Win64; x64) AppleWebKit/537.36 (KHTML, like Gecko) Chrome/127.0.0.0 Safari/537.36 Edg/127.0.0.0"
41.198.143.234 - - [15/Aug/2024:11:58:40 -0400] "GET /wp-content/plugins/comic-easel/js/keynav.js HTTP/1.1" 200 302 "https://r.lookismmanga.com/" "Mozilla/5.0 (Windows NT 10.0; Win64; x64) AppleWebKit/537.36 (KHTML, like Gecko) Chrome/127.0.0.0 Safari/537.36 Edg/127.0.0.0"
41.198.143.234 - - [15/Aug/2024:11:58:40 -0400] "GET /wp-content/plugins/simple-social-buttons/assets/js/front.js?ver=5.1.3 HTTP/1.1" 200 1577 "https://r.lookismmanga.com/" "Mozilla/5.0 (Windows NT 10.0; Win64; x64) AppleWebKit/537.36 (KHTML, like Gecko) Chrome/127.0.0.0 Safari/537.36 Edg/127.0.0.0"
41.198.143.234 - - [15/Aug/2024:11:58:40 -0400] "GET /wp-includes/css/dist/block-library/style.min.css?ver=6.5.5 HTTP/1.1" 200 14071 "https://r.lookismmanga.com/" "Mozilla/5.0 (Windows NT 10.0; Win64; x64) AppleWebKit/537.36 (KHTML, like Gecko) Chrome/127.0.0.0 Safari/537.36 Edg/127.0.0.0"
41.198.143.234 - - [15/Aug/2024:11:58:40 -0400] "GET /wp-content/uploads/2024/02/lookismkmanhwabookvolume5dkshop-753x1024.webp HTTP/1.1" 200 76864 "https://r.lookismmanga.com/" "Mozilla/5.0 (Windows NT 10.0; Win64; x64) AppleWebKit/537.36 (KHTML, like Gecko) Chrome/127.0.0.0 Safari/537.36 Edg/127.0.0.0"
41.198.143.234 - - [15/Aug/2024:11:58:40 -0400] "GET /wp-content/plugins/widgets-on-pages/public/css/widgets-on-pages-public.css?ver=1.4.0 HTTP/1.1" 200 83 "https://r.lookismmanga.com/" "Mozilla/5.0 (Windows NT 10.0; Win64; x64) AppleWebKit/537.36 (KHTML, like Gecko) Chrome/127.0.0.0 Safari/537.36 Edg/127.0.0.0"
41.198.143.234 - - [15/Aug/2024:11:58:40 -0400] "GET /wp-includes/js/jquery/jquery.min.js?ver=3.7.1 HTTP/1.1" 200 29744 "https://r.lookismmanga.com/" "Mozilla/5.0 (Windows NT 10.0; Win64; x64) AppleWebKit/537.36 (KHTML, like Gecko) Chrome/127.0.0.0 Safari/537.36 Edg/127.0.0.0"
41.198.143.234 - - [15/Aug/2024:11:58:40 -0400] "GET /wp-content/plugins/simple-social-buttons/assets/js/frontend-blocks.js?ver=5.1.3 HTTP/1.1" 200 0 "https://r.lookismmanga.com/" "Mozilla/5.0 (Windows NT 10.0; Win64; x64) AppleWebKit/537.36 (KHTML, like Gecko) Chrome/127.0.0.0 Safari/537.36 Edg/127.0.0.0"
41.198.143.234 - - [15/Aug/2024:11:58:40 -0400] "GET /wp-content/uploads/2024/02/cropped-MV5BMmI0NjY3NWYtMjEyYi00MjBlLWE4NDktNzNjZWNjMGUyY2U2XkEyXkFqcGdeQXVyMTUzNjM4ODE1._V1_.jpg HTTP/1.1" 200 88480 "https://r.lookismmanga.com/" "Mozilla/5.0 (Windows NT 10.0; Win64; x64) AppleWebKit/537.36 (KHTML, like Gecko) Chrome/127.0.0.0 Safari/537.36 Edg/127.0.0.0"
41.198.143.234 - - [15/Aug/2024:11:58:40 -0400] "GET /wp-content/themes/toivo-lite/js/responsive-nav.min.js?ver=1.2.0 HTTP/1.1" 200 2102 "https://r.lookismmanga.com/" "Mozilla/5.0 (Windows NT 10.0; Win64; x64) AppleWebKit/537.36 (KHTML, like Gecko) Chrome/127.0.0.0 Safari/537.36 Edg/127.0.0.0"
41.198.143.234 - - [15/Aug/2024:11:58:41 -0400] "GET /wp-content/themes/toivo-lite/js/functions.min.js?ver=1.2.0 HTTP/1.1" 200 593 "https://r.lookismmanga.com/" "Mozilla/5.0 (Windows NT 10.0; Win64; x64) AppleWebKit/537.36 (KHTML, like Gecko) Chrome/127.0.0.0 Safari/537.36 Edg/127.0.0.0"
41.198.143.234 - - [15/Aug/2024:11:58:41 -0400] "GET /comic/lookism-chapter-510/ HTTP/1.1" 200 11497 "https://r.lookismmanga.com/" "Mozilla/5.0 (Windows NT 10.0; Win64; x64) AppleWebKit/537.36 (KHTML, like Gecko) Chrome/127.0.0.0 Safari/537.36 Edg/127.0.0.0"
41.198.143.234 - - [15/Aug/2024:11:58:41 -0400] "GET /wp-content/themes/toivo-lite/js/settings.min.js?ver=1.2.0 HTTP/1.1" 200 307 "https://r.lookismmanga.com/" "Mozilla/5.0 (Windows NT 10.0; Win64; x64) AppleWebKit/537.36 (KHTML, like Gecko) Chrome/127.0.0.0 Safari/537.36 Edg/127.0.0.0"
41.198.143.234 - - [15/Aug/2024:11:58:43 -0400] "GET /wp-content/uploads/2024/02/cropped-if-the-anime-continues-and-reaches-the-point-of-current-v0-frhh1uf0zj5a1-32x32.webp HTTP/1.1" 200 438 "https://r.lookismmanga.com/" "Mozilla/5.0 (Windows NT 10.0; Win64; x64) AppleWebKit/537.36 (KHTML, like Gecko) Chrome/127.0.0.0 Safari/537.36 Edg/127.0.0.0"
168.235.206.126 - - [15/Aug/2024:11:58:59 -0400] "GET / HTTP/1.1" 200 11596 "https://duckduckgo.com/" "Mozilla/5.0 (Linux; U; Android 10; en-US; Redmi Note 7 Build/QKQ1.190910.002) AppleWebKit/537.36 (KHTML, like Gecko) Version/4.0 Chrome/100.0.4896.58 UCBrowser/13.7.8.1322 Mobile Safari/537.36"
2a02:2f01:8906:fa00:9d03:c9cc:fc22:9515 - - [15/Aug/2024:11:59:06 -0400] "GET / HTTP/1.1" 200 11596 "-" "Mozilla/5.0 (Linux; Android 14; SM-G996B Build/UP1A.231005.007; wv) AppleWebKit/537.36 (KHTML, like Gecko) Version/4.0 Chrome/127.0.6533.103 Mobile Safari/537.36"
2a02:2f01:8906:fa00:9d03:c9cc:fc22:9515 - - [15/Aug/2024:11:59:07 -0400] "GET /wp-content/uploads/2024/02/lookismkmanhwabookvolume5dkshop.webp HTTP/1.1" 200 97320 "https://r.lookismmanga.com/" "Mozilla/5.0 (Linux; Android 14; SM-G996B Build/UP1A.231005.007; wv) AppleWebKit/537.36 (KHTML, like Gecko) Version/4.0 Chrome/127.0.6533.103 Mobile Safari/537.36"
2a02:2f01:8906:fa00:9d03:c9cc:fc22:9515 - - [15/Aug/2024:11:59:07 -0400] "GET /wp-content/uploads/2024/02/lookismkmanhwabookvolume17dkshop.jpg HTTP/1.1" 200 108104 "https://r.lookismmanga.com/" "Mozilla/5.0 (Linux; Android 14; SM-G996B Build/UP1A.231005.007; wv) AppleWebKit/537.36 (KHTML, like Gecko) Version/4.0 Chrome/127.0.6533.103 Mobile Safari/537.36"
2a02:2f01:8906:fa00:9d03:c9cc:fc22:9515 - - [15/Aug/2024:11:59:08 -0400] "GET /wp-content/uploads/2024/02/cropped-if-the-anime-continues-and-reaches-the-point-of-current-v0-frhh1uf0zj5a1-192x192.webp HTTP/1.1" 200 4440 "https://r.lookismmanga.com/" "Mozilla/5.0 (Linux; Android 14; SM-G996B Build/UP1A.231005.007; wv) AppleWebKit/537.36 (KHTML, like Gecko) Version/4.0 Chrome/127.0.6533.103 Mobile Safari/537.36"
2a02:2f01:8906:fa00:9d03:c9cc:fc22:9515 - - [15/Aug/2024:11:59:09 -0400] "GET /comic/lookism-chapter-504/ HTTP/1.1" 200 11274 "https://r.lookismmanga.com/" "Mozilla/5.0 (Linux; Android 14; SM-G996B Build/UP1A.231005.007; wv) AppleWebKit/537.36 (KHTML, like Gecko) Version/4.0 Chrome/127.0.6533.103 Mobile Safari/537.36"
2a02:2f01:8906:fa00:9d03:c9cc:fc22:9515 - - [15/Aug/2024:11:59:10 -0400] "GET /comic/lookism-chapter-514/ HTTP/1.1" 200 10578 "https://r.lookismmanga.com/" "Mozilla/5.0 (Linux; Android 14; SM-G996B Build/UP1A.231005.007; wv) AppleWebKit/537.36 (KHTML, like Gecko) Version/4.0 Chrome/127.0.6533.103 Mobile Safari/537.36"
2a02:2f01:8906:fa00:9d03:c9cc:fc22:9515 - - [15/Aug/2024:11:59:11 -0400] "GET /wp-content/plugins/wp-automatic/css/wp-automatic.css?ver=1.0.0 HTTP/1.1" 200 537 "https://r.lookismmanga.com/comic/lookism-chapter-514/" "Mozilla/5.0 (Linux; Android 14; SM-G996B Build/UP1A.231005.007; wv) AppleWebKit/537.36 (KHTML, like Gecko) Version/4.0 Chrome/127.0.6533.103 Mobile Safari/537.36"
2a02:2f01:8906:fa00:9d03:c9cc:fc22:9515 - - [15/Aug/2024:11:59:11 -0400] "GET /wp-content/plugins/wp-automatic/js/main-front.js?ver=6.5.5 HTTP/1.1" 200 316 "https://r.lookismmanga.com/comic/lookism-chapter-514/" "Mozilla/5.0 (Linux; Android 14; SM-G996B Build/UP1A.231005.007; wv) AppleWebKit/537.36 (KHTML, like Gecko) Version/4.0 Chrome/127.0.6533.103 Mobile Safari/537.36"
2a02:2f01:8906:fa00:9d03:c9cc:fc22:9515 - - [15/Aug/2024:11:59:11 -0400] "GET /wp-content/plugins/disqus-comment-system/public/js/comment_count.js?ver=3.1.1 HTTP/1.1" 200 354 "https://r.lookismmanga.com/comic/lookism-chapter-514/" "Mozilla/5.0 (Linux; Android 14; SM-G996B Build/UP1A.231005.007; wv) AppleWebKit/537.36 (KHTML, like Gecko) Version/4.0 Chrome/127.0.6533.103 Mobile Safari/537.36"
2a02:2f01:8906:fa00:9d03:c9cc:fc22:9515 - - [15/Aug/2024:11:59:11 -0400] "GET /wp-content/plugins/disqus-comment-system/public/js/comment_embed.js?ver=3.1.1 HTTP/1.1" 200 653 "https://r.lookismmanga.com/comic/lookism-chapter-514/" "Mozilla/5.0 (Linux; Android 14; SM-G996B Build/UP1A.231005.007; wv) AppleWebKit/537.36 (KHTML, like Gecko) Version/4.0 Chrome/127.0.6533.103 Mobile Safari/537.36"
2a02:2f01:8906:fa00:9d03:c9cc:fc22:9515 - - [15/Aug/2024:11:59:12 -0400] "GET /wp-content/plugins/simple-social-buttons/assets/fonts/ssb-icon.ttf?eahqa2 HTTP/1.1" 200 6212 "https://r.lookismmanga.com/wp-content/plugins/simple-social-buttons/assets/css/front.css?ver=5.1.3" "Mozilla/5.0 (Linux; Android 14; SM-G996B Build/UP1A.231005.007; wv) AppleWebKit/537.36 (KHTML, like Gecko) Version/4.0 Chrome/127.0.6533.103 Mobile Safari/537.36"
168.235.206.126 - - [15/Aug/2024:11:59:14 -0400] "GET /category/lookism-raw/ HTTP/1.1" 200 10371 "https://duckduckgo.com/" "Mozilla/5.0 (Linux; U; Android 10; en-US; Redmi Note 7 Build/QKQ1.190910.002) AppleWebKit/537.36 (KHTML, like Gecko) Version/4.0 Chrome/100.0.4896.58 UCBrowser/13.7.8.1322 Mobile Safari/537.36"
168.235.206.126 - - [15/Aug/2024:11:59:16 -0400] "GET /lookism-chapter-511/ HTTP/1.1" 200 11953 "https://r.lookismmanga.com/category/lookism-raw/" "Mozilla/5.0 (Linux; U; Android 10; en-US; Redmi Note 7 Build/QKQ1.190910.002) AppleWebKit/537.36 (KHTML, like Gecko) Version/4.0 Chrome/100.0.4896.58 UCBrowser/13.7.8.1322 Mobile Safari/537.36"
168.235.206.126 - - [15/Aug/2024:11:59:17 -0400] "GET /tag/read-lookism/ HTTP/1.1" 301 0 "https://r.lookismmanga.com/category/lookism-raw/" "Mozilla/5.0 (Linux; U; Android 10; en-US; Redmi Note 7 Build/QKQ1.190910.002) AppleWebKit/537.36 (KHTML, like Gecko) Version/4.0 Chrome/100.0.4896.58 UCBrowser/13.7.8.1322 Mobile Safari/537.36"
