68.134.127.10 - - [15/Aug/2024:12:28:33 -0400] "GET /category/lookism-manga/ HTTP/1.1" 304 0 "https://r.lookismmanga.com/comic/lookism-chapter-514/" "Mozilla/5.0 (Windows NT 10.0; Win64; x64) AppleWebKit/537.36 (KHTML, like Gecko) Chrome/127.0.0.0 Safari/537.36 Edg/127.0.0.0"
162.0.232.193 - - [15/Aug/2024:12:28:42 -0400] "POST /wp-cron.php?doing_wp_cron=1723739322.6602671146392822265625 HTTP/1.1" 200 0 "-" "WordPress/6.5.5; https://r.lookismmanga.com"
2a03:2880:13ff:14::face:b00c - - [15/Aug/2024:12:28:42 -0400] "GET /?p=2101 HTTP/1.1" 301 0 "-" "facebookexternalhit/1.1 (+http://www.facebook.com/externalhit_uatext.php)"
162.0.232.193 - - [15/Aug/2024:12:28:43 -0400] "GET /comic/lookism-chapter-434/ HTTP/1.1" 200 11699 "-" "WP Rocket/Preload"
162.0.232.193 - - [15/Aug/2024:12:28:44 -0400] "GET /comic/lookism-chapter-434/ HTTP/1.1" 200 11697 "-" "WP Rocket/Preload Mozilla/5.0 (iPhone; CPU iPhone OS 9_1 like Mac OS X) AppleWebKit/601.1.46 (KHTML, like Gecko) Version/9.0 Mobile/13B143 Safari/601.1"
162.0.232.193 - - [15/Aug/2024:12:28:45 -0400] "GET /comic/lookism-chapter-85/ HTTP/1.1" 200 11743 "-" "WP Rocket/Preload"
162.0.232.193 - - [15/Aug/2024:12:28:46 -0400] "GET /comic/lookism-chapter-85/ HTTP/1.1" 200 11746 "-" "WP Rocket/Preload Mozilla/5.0 (iPhone; CPU iPhone OS 9_1 like Mac OS X) AppleWebKit/601.1.46 (KHTML, like Gecko) Version/9.0 Mobile/13B143 Safari/601.1"
162.0.232.193 - - [15/Aug/2024:12:28:47 -0400] "GET /comic/lookism-chapter-69/ HTTP/1.1" 200 11690 "-" "WP Rocket/Preload"
162.0.232.193 - - [15/Aug/2024:12:28:48 -0400] "GET /comic/lookism-chapter-69/ HTTP/1.1" 200 11693 "-" "WP Rocket/Preload Mozilla/5.0 (iPhone; CPU iPhone OS 9_1 like Mac OS X) AppleWebKit/601.1.46 (KHTML, like Gecko) Version/9.0 Mobile/13B143 Safari/601.1"
162.0.232.193 - - [15/Aug/2024:12:28:49 -0400] "GET /comic/lookism-chapter-213/ HTTP/1.1" 200 13052 "-" "WP Rocket/Preload"
162.0.232.193 - - [15/Aug/2024:12:28:50 -0400] "GET /comic/lookism-chapter-213/ HTTP/1.1" 200 13051 "-" "WP Rocket/Preload Mozilla/5.0 (iPhone; CPU iPhone OS 9_1 like Mac OS X) AppleWebKit/601.1.46 (KHTML, like Gecko) Version/9.0 Mobile/13B143 Safari/601.1"
162.0.232.193 - - [15/Aug/2024:12:28:52 -0400] "GET /comic/lookism-chapter-223/ HTTP/1.1" 200 13018 "-" "WP Rocket/Preload"
162.0.232.193 - - [15/Aug/2024:12:28:53 -0400] "GET /comic/lookism-chapter-223/ HTTP/1.1" 200 13016 "-" "WP Rocket/Preload Mozilla/5.0 (iPhone; CPU iPhone OS 9_1 like Mac OS X) AppleWebKit/601.1.46 (KHTML, like Gecko) Version/9.0 Mobile/13B143 Safari/601.1"
162.0.232.193 - - [15/Aug/2024:12:28:54 -0400] "GET /comic/lookism-chapter-242/ HTTP/1.1" 200 12873 "-" "WP Rocket/Preload"
162.0.232.193 - - [15/Aug/2024:12:28:55 -0400] "GET /comic/lookism-chapter-242/ HTTP/1.1" 200 12874 "-" "WP Rocket/Preload Mozilla/5.0 (iPhone; CPU iPhone OS 9_1 like Mac OS X) AppleWebKit/601.1.46 (KHTML, like Gecko) Version/9.0 Mobile/13B143 Safari/601.1"
162.0.232.193 - - [15/Aug/2024:12:28:56 -0400] "GET /comic/lookism-chapter-243/ HTTP/1.1" 200 12528 "-" "WP Rocket/Preload"
162.0.232.193 - - [15/Aug/2024:12:28:57 -0400] "GET /comic/lookism-chapter-243/ HTTP/1.1" 200 12530 "-" "WP Rocket/Preload Mozilla/5.0 (iPhone; CPU iPhone OS 9_1 like Mac OS X) AppleWebKit/601.1.46 (KHTML, like Gecko) Version/9.0 Mobile/13B143 Safari/601.1"
162.0.232.193 - - [15/Aug/2024:12:28:58 -0400] "GET /comic/lookism-chapter-247/ HTTP/1.1" 200 13090 "-" "WP Rocket/Preload"
162.0.232.193 - - [15/Aug/2024:12:28:59 -0400] "GET /comic/lookism-chapter-247/ HTTP/1.1" 200 13040 "-" "WP Rocket/Preload Mozilla/5.0 (iPhone; CPU iPhone OS 9_1 like Mac OS X) AppleWebKit/601.1.46 (KHTML, like Gecko) Version/9.0 Mobile/13B143 Safari/601.1"
162.0.232.193 - - [15/Aug/2024:12:29:01 -0400] "GET /comic/lookism-chapter-248/ HTTP/1.1" 200 13301 "-" "WP Rocket/Preload"
162.0.232.193 - - [15/Aug/2024:12:29:01 -0400] "GET /comic/lookism-chapter-248/ HTTP/1.1" 200 13414 "-" "WP Rocket/Preload Mozilla/5.0 (iPhone; CPU iPhone OS 9_1 like Mac OS X) AppleWebKit/601.1.46 (KHTML, like Gecko) Version/9.0 Mobile/13B143 Safari/601.1"
162.0.232.193 - - [15/Aug/2024:12:29:03 -0400] "GET /comic/lookism-chapter-250/ HTTP/1.1" 200 13263 "-" "WP Rocket/Preload"
162.0.232.193 - - [15/Aug/2024:12:29:04 -0400] "GET /comic/lookism-chapter-250/ HTTP/1.1" 200 13264 "-" "WP Rocket/Preload Mozilla/5.0 (iPhone; CPU iPhone OS 9_1 like Mac OS X) AppleWebKit/601.1.46 (KHTML, like Gecko) Version/9.0 Mobile/13B143 Safari/601.1"
162.0.232.193 - - [15/Aug/2024:12:29:05 -0400] "GET /comic/lookism-chapter-235/ HTTP/1.1" 200 12450 "-" "WP Rocket/Preload"
162.0.232.193 - - [15/Aug/2024:12:29:06 -0400] "GET /comic/lookism-chapter-235/ HTTP/1.1" 200 12443 "-" "WP Rocket/Preload Mozilla/5.0 (iPhone; CPU iPhone OS 9_1 like Mac OS X) AppleWebKit/601.1.46 (KHTML, like Gecko) Version/9.0 Mobile/13B143 Safari/601.1"
2405:201:1010:b007:bd36:cb5a:8ead:bba4 - - [15/Aug/2024:12:30:15 -0400] "GET / HTTP/1.1" 200 11596 "-" "Mozilla/5.0 (Linux; Android 13; SM-M426B Build/TP1A.220624.014; wv) AppleWebKit/537.36 (KHTML, like Gecko) Version/4.0 Chrome/127.0.6533.64 Mobile Safari/537.36"
162.0.232.193 - - [15/Aug/2024:12:30:17 -0400] "POST /wp-cron.php?doing_wp_cron=1723739416.8801279067993164062500 HTTP/1.1" 200 0 "-" "WordPress/6.5.5; https://r.lookismmanga.com"
51.178.136.164 - - [15/Aug/2024:12:30:16 -0400] "POST /wp-login.php HTTP/1.1" 200 1949 "-" "Mozilla/5.0 (Windows NT 6.1) AppleWebKit/537.36 (KHTML, like Gecko) Chrome/70.0.3538.77 Safari/537.36"
162.0.232.193 - - [15/Aug/2024:12:30:17 -0400] "GET /comic/lookism-chapter-237/ HTTP/1.1" 200 12852 "-" "WP Rocket/Preload"
162.0.232.193 - - [15/Aug/2024:12:30:19 -0400] "GET /comic/lookism-chapter-237/ HTTP/1.1" 200 12851 "-" "WP Rocket/Preload Mozilla/5.0 (iPhone; CPU iPhone OS 9_1 like Mac OS X) AppleWebKit/601.1.46 (KHTML, like Gecko) Version/9.0 Mobile/13B143 Safari/601.1"
162.0.232.193 - - [15/Aug/2024:12:30:20 -0400] "GET /comic/lookism-chapter-462/ HTTP/1.1" 200 11572 "-" "WP Rocket/Preload"
162.0.232.193 - - [15/Aug/2024:12:30:21 -0400] "GET /comic/lookism-chapter-462/ HTTP/1.1" 200 0 "-" "WP Rocket/Preload Mozilla/5.0 (iPhone; CPU iPhone OS 9_1 like Mac OS X) AppleWebKit/601.1.46 (KHTML, like Gecko) Version/9.0 Mobile/13B143 Safari/601.1"
162.0.232.193 - - [15/Aug/2024:12:30:23 -0400] "GET /comic/lookism-chapter-285/ HTTP/1.1" 200 0 "-" "WP Rocket/Preload"
162.0.232.193 - - [15/Aug/2024:12:30:24 -0400] "GET /comic/lookism-chapter-285/ HTTP/1.1" 200 0 "-" "WP Rocket/Preload Mozilla/5.0 (iPhone; CPU iPhone OS 9_1 like Mac OS X) AppleWebKit/601.1.46 (KHTML, like Gecko) Version/9.0 Mobile/13B143 Safari/601.1"
162.0.232.193 - - [15/Aug/2024:12:30:26 -0400] "GET /comic/lookism-chapter-466/ HTTP/1.1" 200 11635 "-" "WP Rocket/Preload"
162.0.232.193 - - [15/Aug/2024:12:30:27 -0400] "GET /comic/lookism-chapter-466/ HTTP/1.1" 200 11777 "-" "WP Rocket/Preload Mozilla/5.0 (iPhone; CPU iPhone OS 9_1 like Mac OS X) AppleWebKit/601.1.46 (KHTML, like Gecko) Version/9.0 Mobile/13B143 Safari/601.1"
162.0.232.193 - - [15/Aug/2024:12:30:28 -0400] "GET /comic/lookism-chapter-455/ HTTP/1.1" 200 11545 "-" "WP Rocket/Preload"
162.0.232.193 - - [15/Aug/2024:12:30:30 -0400] "GET /comic/lookism-chapter-455/ HTTP/1.1" 200 11576 "-" "WP Rocket/Preload Mozilla/5.0 (iPhone; CPU iPhone OS 9_1 like Mac OS X) AppleWebKit/601.1.46 (KHTML, like Gecko) Version/9.0 Mobile/13B143 Safari/601.1"
162.0.232.193 - - [15/Aug/2024:12:30:31 -0400] "GET /comic/lookism-chapter-359/ HTTP/1.1" 200 11839 "-" "WP Rocket/Preload"
162.0.232.193 - - [15/Aug/2024:12:30:32 -0400] "GET /comic/lookism-chapter-359/ HTTP/1.1" 200 11840 "-" "WP Rocket/Preload Mozilla/5.0 (iPhone; CPU iPhone OS 9_1 like Mac OS X) AppleWebKit/601.1.46 (KHTML, like Gecko) Version/9.0 Mobile/13B143 Safari/601.1"
162.0.232.193 - - [15/Aug/2024:12:30:33 -0400] "GET /comic/lookism-chapter-173/ HTTP/1.1" 200 12763 "-" "WP Rocket/Preload"
162.0.232.193 - - [15/Aug/2024:12:30:35 -0400] "GET /comic/lookism-chapter-173/ HTTP/1.1" 200 12766 "-" "WP Rocket/Preload Mozilla/5.0 (iPhone; CPU iPhone OS 9_1 like Mac OS X) AppleWebKit/601.1.46 (KHTML, like Gecko) Version/9.0 Mobile/13B143 Safari/601.1"
162.0.232.193 - - [15/Aug/2024:12:30:52 -0400] "POST /wp-cron.php?doing_wp_cron=1723739452.6214990615844726562500 HTTP/1.1" 200 0 "-" "WordPress/6.5.5; https://r.lookismmanga.com"
85.17.225.221 - - [15/Aug/2024:12:30:52 -0400] "POST /xmlrpc.php HTTP/1.1" 200 186 "-" "Mozilla/5.0 (Windows NT 10.0; Win64; x64) AppleWebKit/537.36 (KHTML, like Gecko) Chrome/123.0.0.0 Safari/537.36"
103.247.48.183 - - [15/Aug/2024:12:31:02 -0400] "GET / HTTP/1.1" 200 11603 "https://www.bing.com/" "Mozilla/5.0 (Windows NT 10.0; Win64; x64) AppleWebKit/537.36 (KHTML, like Gecko) Chrome/127.0.0.0 Safari/537.36 Edg/127.0.0.0"
162.0.232.193 - - [15/Aug/2024:12:31:03 -0400] "POST /wp-cron.php?doing_wp_cron=1723739463.4108250141143798828125 HTTP/1.1" 200 0 "-" "WordPress/6.5.5; https://r.lookismmanga.com"
2a03:2880:22ff:71::face:b00c - - [15/Aug/2024:12:31:03 -0400] "GET /?p=2321 HTTP/1.1" 301 0 "-" "facebookexternalhit/1.1 (+http://www.facebook.com/externalhit_uatext.php)"
103.247.48.183 - - [15/Aug/2024:12:31:11 -0400] "GET /comic/lookism-chapter-510/ HTTP/1.1" 200 11497 "https://r.lookismmanga.com/" "Mozilla/5.0 (Windows NT 10.0; Win64; x64) AppleWebKit/537.36 (KHTML, like Gecko) Chrome/127.0.0.0 Safari/537.36 Edg/127.0.0.0"
216.247.87.207 - - [15/Aug/2024:12:31:49 -0400] "GET / HTTP/1.1" 200 11603 "https://www.bing.com/" "Mozilla/5.0 (Windows NT 10.0; Win64; x64) AppleWebKit/537.36 (KHTML, like Gecko) Chrome/127.0.0.0 Safari/537.36 Edg/127.0.0.0"
216.247.87.207 - - [15/Aug/2024:12:31:50 -0400] "GET /wp-includes/css/dist/block-library/style.min.css?ver=6.5.5 HTTP/1.1" 200 14071 "https://r.lookismmanga.com/" "Mozilla/5.0 (Windows NT 10.0; Win64; x64) AppleWebKit/537.36 (KHTML, like Gecko) Chrome/127.0.0.0 Safari/537.36 Edg/127.0.0.0"
216.247.87.207 - - [15/Aug/2024:12:31:50 -0400] "GET /wp-content/plugins/simple-social-buttons/assets/css/front.css?ver=5.1.3 HTTP/1.1" 200 9767 "https://r.lookismmanga.com/" "Mozilla/5.0 (Windows NT 10.0; Win64; x64) AppleWebKit/537.36 (KHTML, like Gecko) Chrome/127.0.0.0 Safari/537.36 Edg/127.0.0.0"
216.247.87.207 - - [15/Aug/2024:12:31:51 -0400] "GET /wp-content/plugins/widgets-on-pages/public/css/widgets-on-pages-public.css?ver=1.4.0 HTTP/1.1" 200 83 "https://r.lookismmanga.com/" "Mozilla/5.0 (Windows NT 10.0; Win64; x64) AppleWebKit/537.36 (KHTML, like Gecko) Chrome/127.0.0.0 Safari/537.36 Edg/127.0.0.0"
216.247.87.207 - - [15/Aug/2024:12:31:51 -0400] "GET /wp-content/themes/toivo-lite/style.css?ver=1.2.0 HTTP/1.1" 200 13718 "https://r.lookismmanga.com/" "Mozilla/5.0 (Windows NT 10.0; Win64; x64) AppleWebKit/537.36 (KHTML, like Gecko) Chrome/127.0.0.0 Safari/537.36 Edg/127.0.0.0"
216.247.87.207 - - [15/Aug/2024:12:31:51 -0400] "GET /wp-content/themes/toivo-lite/fonts/genericons/genericons/genericons.min.css?ver=3.3 HTTP/1.1" 200 15959 "https://r.lookismmanga.com/" "Mozilla/5.0 (Windows NT 10.0; Win64; x64) AppleWebKit/537.36 (KHTML, like Gecko) Chrome/127.0.0.0 Safari/537.36 Edg/127.0.0.0"
216.247.87.207 - - [15/Aug/2024:12:31:51 -0400] "GET /wp-content/plugins/simple-social-buttons/assets/js/frontend-blocks.js?ver=5.1.3 HTTP/1.1" 200 0 "https://r.lookismmanga.com/" "Mozilla/5.0 (Windows NT 10.0; Win64; x64) AppleWebKit/537.36 (KHTML, like Gecko) Chrome/127.0.0.0 Safari/537.36 Edg/127.0.0.0"
168.253.158.195 - - [15/Aug/2024:12:31:51 -0400] "GET / HTTP/1.1" 200 11596 "https://www.qwant.com/" "Mozilla/5.0 (Linux; Android 10; K) AppleWebKit/537.36 (KHTML, like Gecko) Chrome/114.0.0.0 Mobile Safari/537.36"
216.247.87.207 - - [15/Aug/2024:12:31:52 -0400] "GET /wp-content/plugins/comic-easel/js/keynav.js HTTP/1.1" 200 302 "https://r.lookismmanga.com/" "Mozilla/5.0 (Windows NT 10.0; Win64; x64) AppleWebKit/537.36 (KHTML, like Gecko) Chrome/127.0.0.0 Safari/537.36 Edg/127.0.0.0"
216.247.87.207 - - [15/Aug/2024:12:31:52 -0400] "GET /wp-content/uploads/2024/02/lookismkmanhwabookvolume17dkshop-706x1024.jpg HTTP/1.1" 200 101529 "https://r.lookismmanga.com/" "Mozilla/5.0 (Windows NT 10.0; Win64; x64) AppleWebKit/537.36 (KHTML, like Gecko) Chrome/127.0.0.0 Safari/537.36 Edg/127.0.0.0"
216.247.87.207 - - [15/Aug/2024:12:31:52 -0400] "GET /wp-content/uploads/2024/02/lookismkmanhwabookvolume5dkshop-753x1024.webp HTTP/1.1" 200 76864 "https://r.lookismmanga.com/" "Mozilla/5.0 (Windows NT 10.0; Win64; x64) AppleWebKit/537.36 (KHTML, like Gecko) Chrome/127.0.0.0 Safari/537.36 Edg/127.0.0.0"
216.247.87.207 - - [15/Aug/2024:12:31:52 -0400] "GET /wp-includes/js/jquery/jquery-migrate.min.js?ver=3.4.1 HTTP/1.1" 200 4678 "https://r.lookismmanga.com/" "Mozilla/5.0 (Windows NT 10.0; Win64; x64) AppleWebKit/537.36 (KHTML, like Gecko) Chrome/127.0.0.0 Safari/537.36 Edg/127.0.0.0"
216.247.87.207 - - [15/Aug/2024:12:31:52 -0400] "GET /wp-content/plugins/simple-social-buttons/assets/js/front.js?ver=5.1.3 HTTP/1.1" 200 1577 "https://r.lookismmanga.com/" "Mozilla/5.0 (Windows NT 10.0; Win64; x64) AppleWebKit/537.36 (KHTML, like Gecko) Chrome/127.0.0.0 Safari/537.36 Edg/127.0.0.0"
216.247.87.207 - - [15/Aug/2024:12:31:52 -0400] "GET /wp-includes/js/jquery/jquery.min.js?ver=3.7.1 HTTP/1.1" 200 29744 "https://r.lookismmanga.com/" "Mozilla/5.0 (Windows NT 10.0; Win64; x64) AppleWebKit/537.36 (KHTML, like Gecko) Chrome/127.0.0.0 Safari/537.36 Edg/127.0.0.0"
216.247.87.207 - - [15/Aug/2024:12:31:56 -0400] "GET /comic/lookism-chapter-512/ HTTP/1.1" 200 11019 "https://r.lookismmanga.com/" "Mozilla/5.0 (Windows NT 10.0; Win64; x64) AppleWebKit/537.36 (KHTML, like Gecko) Chrome/127.0.0.0 Safari/537.36 Edg/127.0.0.0"
216.247.87.207 - - [15/Aug/2024:12:31:57 -0400] "GET /comic/lookism-chapter-511-2/ HTTP/1.1" 200 11116 "https://r.lookismmanga.com/" "Mozilla/5.0 (Windows NT 10.0; Win64; x64) AppleWebKit/537.36 (KHTML, like Gecko) Chrome/127.0.0.0 Safari/537.36 Edg/127.0.0.0"
216.247.87.207 - - [15/Aug/2024:12:31:58 -0400] "GET /comic/lookism-chapter-506/ HTTP/1.1" 200 11130 "https://r.lookismmanga.com/" "Mozilla/5.0 (Windows NT 10.0; Win64; x64) AppleWebKit/537.36 (KHTML, like Gecko) Chrome/127.0.0.0 Safari/537.36 Edg/127.0.0.0"
216.247.87.207 - - [15/Aug/2024:12:31:58 -0400] "GET /comic/lookism-chapter-510/ HTTP/1.1" 200 11511 "https://r.lookismmanga.com/" "Mozilla/5.0 (Windows NT 10.0; Win64; x64) AppleWebKit/537.36 (KHTML, like Gecko) Chrome/127.0.0.0 Safari/537.36 Edg/127.0.0.0"
175.176.70.6 - - [15/Aug/2024:12:32:08 -0400] "GET / HTTP/1.1" 200 11624 "https://www.bing.com/" "Mozilla/5.0 (Linux; Android 10; AGRK-L09; HMSCore 6.14.0.301) AppleWebKit/537.36 (KHTML, like Gecko) Chrome/99.0.4844.88 HuaweiBrowser/14.0.5.303 Safari/537.36"
175.176.70.6 - - [15/Aug/2024:12:32:09 -0400] "GET /wp-content/uploads/2024/02/lookismkmanhwabookvolume5dkshop-768x1045.webp HTTP/1.1" 200 77180 "https://r.lookismmanga.com/" "Mozilla/5.0 (Linux; Android 10; AGRK-L09; HMSCore 6.14.0.301) AppleWebKit/537.36 (KHTML, like Gecko) Chrome/99.0.4844.88 HuaweiBrowser/14.0.5.303 Safari/537.36"
103.247.48.183 - - [15/Aug/2024:12:32:23 -0400] "GET /comic/lookism-chapter-511/ HTTP/1.1" 200 11103 "https://www.bing.com/" "Mozilla/5.0 (Windows NT 10.0; Win64; x64) AppleWebKit/537.36 (KHTML, like Gecko) Chrome/127.0.0.0 Safari/537.36 Edg/127.0.0.0"
103.247.48.183 - - [15/Aug/2024:12:32:24 -0400] "GET /wp-content/uploads/2024/02/MV5BMmI0NjY3NWYtMjEyYi00MjBlLWE4NDktNzNjZWNjMGUyY2U2XkEyXkFqcGdeQXVyMTUzNjM4ODE1._V1_-1536x864.jpg HTTP/1.1" 200 125242 "https://r.lookismmanga.com/comic/lookism-chapter-511/" "Mozilla/5.0 (Windows NT 10.0; Win64; x64) AppleWebKit/537.36 (KHTML, like Gecko) Chrome/127.0.0.0 Safari/537.36 Edg/127.0.0.0"
162.0.232.193 - - [15/Aug/2024:12:32:24 -0400] "POST /wp-cron.php?doing_wp_cron=1723739544.3993530273437500000000 HTTP/1.1" 200 0 "-" "WordPress/6.5.5; https://r.lookismmanga.com"
103.247.48.183 - - [15/Aug/2024:12:32:24 -0400] "GET / HTTP/1.1" 304 0 "https://r.lookismmanga.com/comic/lookism-chapter-511/" "Mozilla/5.0 (Windows NT 10.0; Win64; x64) AppleWebKit/537.36 (KHTML, like Gecko) Chrome/127.0.0.0 Safari/537.36 Edg/127.0.0.0"
103.247.48.183 - - [15/Aug/2024:12:32:24 -0400] "POST /wp-admin/admin-ajax.php HTTP/1.1" 200 69 "https://r.lookismmanga.com/comic/lookism-chapter-511/" "Mozilla/5.0 (Windows NT 10.0; Win64; x64) AppleWebKit/537.36 (KHTML, like Gecko) Chrome/127.0.0.0 Safari/537.36 Edg/127.0.0.0"
103.247.48.183 - - [15/Aug/2024:12:32:27 -0400] "GET /comic/lookism-chapter-510-1/ HTTP/1.1" 200 11195 "https://r.lookismmanga.com/comic/lookism-chapter-511/" "Mozilla/5.0 (Windows NT 10.0; Win64; x64) AppleWebKit/537.36 (KHTML, like Gecko) Chrome/127.0.0.0 Safari/537.36 Edg/127.0.0.0"
2607:fb90:35ac:479e:1cea:fe3c:a693:506f - - [15/Aug/2024:12:33:00 -0400] "GET / HTTP/1.1" 200 11596 "https://duckduckgo.com/" "Mozilla/5.0 (iPhone; CPU iPhone OS 17_5_1 like Mac OS X) AppleWebKit/605.1.15 (KHTML, like Gecko) Version/17.5 Mobile/15E148 Safari/604.1 Ddg/17.5"
2607:fb90:35ac:479e:1cea:fe3c:a693:506f - - [15/Aug/2024:12:33:00 -0400] "GET / HTTP/1.1" 200 11596 "https://duckduckgo.com/" "Mozilla/5.0 (iPhone; CPU iPhone OS 17_5_1 like Mac OS X) AppleWebKit/605.1.15 (KHTML, like Gecko) Version/17.5 Mobile/15E148 Safari/604.1 Ddg/17.5"
2607:fb90:35ac:479e:1cea:fe3c:a693:506f - - [15/Aug/2024:12:33:01 -0400] "GET /apple-touch-icon-precomposed.png HTTP/1.1" 301 0 "-" "NetworkingExtension/8618.2.12.10.9 CFNetwork/1496.0.7 Darwin/23.5.0"
2607:fb90:35ac:479e:1cea:fe3c:a693:506f - - [15/Aug/2024:12:33:01 -0400] "GET /apple-touch-icon.png HTTP/1.1" 301 0 "-" "NetworkingExtension/8618.2.12.10.9 CFNetwork/1496.0.7 Darwin/23.5.0"
162.0.232.193 - - [15/Aug/2024:12:33:02 -0400] "POST /wp-cron.php?doing_wp_cron=1723739582.1151139736175537109375 HTTP/1.1" 200 0 "-" "WordPress/6.5.5; https://r.lookismmanga.com"
2607:fb90:35ac:479e:1cea:fe3c:a693:506f - - [15/Aug/2024:12:33:01 -0400] "GET /favicon.ico HTTP/1.1" 302 0 "-" "NetworkingExtension/8618.2.12.10.9 CFNetwork/1496.0.7 Darwin/23.5.0"
2607:fb90:35ac:479e:1cea:fe3c:a693:506f - - [15/Aug/2024:12:33:01 -0400] "GET / HTTP/1.1" 200 11400 "-" "Mozilla/5.0 (Macintosh; Intel Mac OS X 10_11_1) AppleWebKit/601.2.4 (KHTML, like Gecko) Version/9.0.1 Safari/601.2.4 facebookexternalhit/1.1 Facebot Twitterbot/1.0"
2607:fb90:35ac:479e:1cea:fe3c:a693:506f - - [15/Aug/2024:12:33:02 -0400] "GET / HTTP/1.1" 200 11603 "-" "NetworkingExtension/8618.2.12.10.9 CFNetwork/1496.0.7 Darwin/23.5.0"
2607:fb90:35ac:479e:1cea:fe3c:a693:506f - - [15/Aug/2024:12:33:02 -0400] "GET / HTTP/1.1" 200 11603 "-" "NetworkingExtension/8618.2.12.10.9 CFNetwork/1496.0.7 Darwin/23.5.0"
2601:14d:4c02:1f30:9cc8:1f92:25d8:7b30 - - [15/Aug/2024:12:33:07 -0400] "GET / HTTP/1.1" 200 11596 "https://duckduckgo.com/" "Mozilla/5.0 (iPhone; CPU iPhone OS 17_5_1 like Mac OS X) AppleWebKit/605.1.15 (KHTML, like Gecko) Version/17.5 Mobile/15E148 Safari/604.1 Ddg/17.5"
2601:14d:4c02:1f30:9cc8:1f92:25d8:7b30 - - [15/Aug/2024:12:33:07 -0400] "GET /favicon.ico HTTP/1.1" 302 0 "-" "NetworkingExtension/8618.2.12.10.9 CFNetwork/1496.0.7 Darwin/23.5.0"
2601:14d:4c02:1f30:9cc8:1f92:25d8:7b30 - - [15/Aug/2024:12:33:07 -0400] "GET /apple-touch-icon-precomposed.png HTTP/1.1" 301 0 "-" "NetworkingExtension/8618.2.12.10.9 CFNetwork/1496.0.7 Darwin/23.5.0"
2601:14d:4c02:1f30:9cc8:1f92:25d8:7b30 - - [15/Aug/2024:12:33:07 -0400] "GET /apple-touch-icon.png HTTP/1.1" 301 0 "-" "NetworkingExtension/8618.2.12.10.9 CFNetwork/1496.0.7 Darwin/23.5.0"
2601:14d:4c02:1f30:9cc8:1f92:25d8:7b30 - - [15/Aug/2024:12:33:08 -0400] "GET / HTTP/1.1" 200 11603 "-" "NetworkingExtension/8618.2.12.10.9 CFNetwork/1496.0.7 Darwin/23.5.0"
2601:14d:4c02:1f30:9cc8:1f92:25d8:7b30 - - [15/Aug/2024:12:33:08 -0400] "GET / HTTP/1.1" 200 11603 "-" "NetworkingExtension/8618.2.12.10.9 CFNetwork/1496.0.7 Darwin/23.5.0"
2601:14d:4c02:1f30:9cc8:1f92:25d8:7b30 - - [15/Aug/2024:12:33:07 -0400] "GET / HTTP/1.1" 200 11400 "-" "Mozilla/5.0 (Macintosh; Intel Mac OS X 10_11_1) AppleWebKit/601.2.4 (KHTML, like Gecko) Version/9.0.1 Safari/601.2.4 facebookexternalhit/1.1 Facebot Twitterbot/1.0"
103.62.153.35 - - [15/Aug/2024:12:33:17 -0400] "GET / HTTP/1.1" 200 11596 "https://search.yahoo.com/" "Mozilla/5.0 (Linux; Android 10; K) AppleWebKit/537.36 (KHTML, like Gecko) Chrome/124.0.0.0 Mobile Safari/537.36"
103.62.153.35 - - [15/Aug/2024:12:33:22 -0400] "GET /comic/lookism-chapter-514/ HTTP/1.1" 200 10578 "https://r.lookismmanga.com/" "Mozilla/5.0 (Linux; Android 10; K) AppleWebKit/537.36 (KHTML, like Gecko) Chrome/124.0.0.0 Mobile Safari/537.36"
36.106.167.98 - - [15/Aug/2024:12:33:27 -0400] "GET / HTTP/1.1" 200 11603 "-" "Mozilla/5.0 (iPad; CPU OS 9_1 like Mac OS X) AppleWebKit/601.1.46 (KHTML, like Gecko) Version/9.0 Mobile/13B143 Safari/601.1"
40.77.167.36 - - [15/Aug/2024:12:33:47 -0400] "GET /lookism-chapter-511/ HTTP/1.1" 200 11536 "-" "Mozilla/5.0 AppleWebKit/537.36 (KHTML, like Gecko; compatible; bingbot/2.0; +http://www.bing.com/bingbot.htm) Chrome/116.0.1938.76 Safari/537.36"
42.116.163.198 - - [15/Aug/2024:12:33:49 -0400] "GET / HTTP/1.1" 200 11603 "https://www.bing.com/" "Mozilla/5.0 (Windows NT 10.0; Win64; x64) AppleWebKit/537.36 (KHTML, like Gecko) Chrome/127.0.0.0 Safari/537.36 Edg/127.0.0.0"
193.237.190.219 - - [15/Aug/2024:12:34:05 -0400] "GET /comic/lookism-chapter-511/ HTTP/1.1" 200 11103 "https://www.bing.com/" "Mozilla/5.0 (Windows NT 10.0; Win64; x64) AppleWebKit/537.36 (KHTML, like Gecko) Chrome/127.0.0.0 Safari/537.36 Edg/127.0.0.0"
2405:acc0:1306:1350:bdae:4bd0:1e74:93d - - [15/Aug/2024:12:34:06 -0400] "GET / HTTP/1.1" 304 0 "https://www.bing.com/" "Mozilla/5.0 (Windows NT 10.0; Win64; x64) AppleWebKit/537.36 (KHTML, like Gecko) Chrome/127.0.0.0 Safari/537.36 Edg/127.0.0.0"
193.237.190.219 - - [15/Aug/2024:12:34:06 -0400] "GET /wp-content/uploads/2024/02/MV5BMmI0NjY3NWYtMjEyYi00MjBlLWE4NDktNzNjZWNjMGUyY2U2XkEyXkFqcGdeQXVyMTUzNjM4ODE1._V1_-1024x576.jpg HTTP/1.1" 200 70245 "https://r.lookismmanga.com/comic/lookism-chapter-511/" "Mozilla/5.0 (Windows NT 10.0; Win64; x64) AppleWebKit/537.36 (KHTML, like Gecko) Chrome/127.0.0.0 Safari/537.36 Edg/127.0.0.0"
162.0.232.193 - - [15/Aug/2024:12:34:06 -0400] "POST /wp-cron.php?doing_wp_cron=1723739646.7214360237121582031250 HTTP/1.1" 200 0 "-" "WordPress/6.5.5; https://r.lookismmanga.com"
193.237.190.219 - - [15/Aug/2024:12:34:06 -0400] "POST /wp-admin/admin-ajax.php HTTP/1.1" 200 69 "https://r.lookismmanga.com/comic/lookism-chapter-511/" "Mozilla/5.0 (Windows NT 10.0; Win64; x64) AppleWebKit/537.36 (KHTML, like Gecko) Chrome/127.0.0.0 Safari/537.36 Edg/127.0.0.0"
193.237.190.219 - - [15/Aug/2024:12:34:08 -0400] "GET /comic/lookism-chapter-510/ HTTP/1.1" 200 11497 "https://r.lookismmanga.com/comic/lookism-chapter-511/" "Mozilla/5.0 (Windows NT 10.0; Win64; x64) AppleWebKit/537.36 (KHTML, like Gecko) Chrome/127.0.0.0 Safari/537.36 Edg/127.0.0.0"
193.237.190.219 - - [15/Aug/2024:12:34:09 -0400] "GET /comic/lookism-chapter-510-1/ HTTP/1.1" 200 11146 "https://r.lookismmanga.com/comic/lookism-chapter-511/" "Mozilla/5.0 (Windows NT 10.0; Win64; x64) AppleWebKit/537.36 (KHTML, like Gecko) Chrome/127.0.0.0 Safari/537.36 Edg/127.0.0.0"
193.237.190.219 - - [15/Aug/2024:12:34:10 -0400] "GET /category/lookism-spoilers/ HTTP/1.1" 200 10495 "https://r.lookismmanga.com/comic/lookism-chapter-511/" "Mozilla/5.0 (Windows NT 10.0; Win64; x64) AppleWebKit/537.36 (KHTML, like Gecko) Chrome/127.0.0.0 Safari/537.36 Edg/127.0.0.0"
2405:acc0:1306:1350:bdae:4bd0:1e74:93d - - [15/Aug/2024:12:34:12 -0400] "GET /comic/lookism-chapter-513/ HTTP/1.1" 304 0 "https://r.lookismmanga.com/" "Mozilla/5.0 (Windows NT 10.0; Win64; x64) AppleWebKit/537.36 (KHTML, like Gecko) Chrome/127.0.0.0 Safari/537.36 Edg/127.0.0.0"
193.237.190.219 - - [15/Aug/2024:12:34:12 -0400] "GET /category/lookism-webtoon/ HTTP/1.1" 200 10417 "https://r.lookismmanga.com/comic/lookism-chapter-511/" "Mozilla/5.0 (Windows NT 10.0; Win64; x64) AppleWebKit/537.36 (KHTML, like Gecko) Chrome/127.0.0.0 Safari/537.36 Edg/127.0.0.0"
2405:acc0:1306:1350:bdae:4bd0:1e74:93d - - [15/Aug/2024:12:34:12 -0400] "GET /comic/lookism-chapter-514/ HTTP/1.1" 304 0 "https://r.lookismmanga.com/" "Mozilla/5.0 (Windows NT 10.0; Win64; x64) AppleWebKit/537.36 (KHTML, like Gecko) Chrome/127.0.0.0 Safari/537.36 Edg/127.0.0.0"
66.249.68.64 - - [15/Aug/2024:12:34:13 -0400] "GET /comic/lookism-chapter-338/ HTTP/1.1" 200 12314 "-" "Mozilla/5.0 (Linux; Android 6.0.1; Nexus 5X Build/MMB29P) AppleWebKit/537.36 (KHTML, like Gecko) Chrome/127.0.6533.99 Mobile Safari/537.36 (compatible; Googlebot/2.1; +http://www.google.com/bot.html)"
2405:acc0:1306:1350:bdae:4bd0:1e74:93d - - [15/Aug/2024:12:34:14 -0400] "GET /comic/lookism-chapter-4/ HTTP/1.1" 200 11232 "https://r.lookismmanga.com/" "Mozilla/5.0 (Windows NT 10.0; Win64; x64) AppleWebKit/537.36 (KHTML, like Gecko) Chrome/127.0.0.0 Safari/537.36 Edg/127.0.0.0"
193.237.190.219 - - [15/Aug/2024:12:34:14 -0400] "POST /wp-admin/admin-ajax.php HTTP/1.1" 200 69 "https://r.lookismmanga.com/comic/lookism-chapter-510-1/" "Mozilla/5.0 (Windows NT 10.0; Win64; x64) AppleWebKit/537.36 (KHTML, like Gecko) Chrome/127.0.0.0 Safari/537.36 Edg/127.0.0.0"
162.0.232.193 - - [15/Aug/2024:12:34:22 -0400] "POST /wp-cron.php?doing_wp_cron=1723739662.0123379230499267578125 HTTP/1.1" 200 0 "-" "WordPress/6.5.5; https://r.lookismmanga.com"
193.237.190.219 - - [15/Aug/2024:12:34:21 -0400] "POST /wp-admin/admin-ajax.php HTTP/1.1" 200 69 "https://r.lookismmanga.com/comic/lookism-chapter-511/" "Mozilla/5.0 (Windows NT 10.0; Win64; x64) AppleWebKit/537.36 (KHTML, like Gecko) Chrome/127.0.0.0 Safari/537.36 Edg/127.0.0.0"
193.237.190.219 - - [15/Aug/2024:12:35:12 -0400] "GET / HTTP/1.1" 200 11603 "https://www.bing.com/" "Mozilla/5.0 (Windows NT 10.0; Win64; x64) AppleWebKit/537.36 (KHTML, like Gecko) Chrome/127.0.0.0 Safari/537.36 Edg/127.0.0.0"
193.237.190.219 - - [15/Aug/2024:12:35:13 -0400] "GET /comic/lookism-chapter-1/ HTTP/1.1" 200 11755 "https://r.lookismmanga.com/" "Mozilla/5.0 (Windows NT 10.0; Win64; x64) AppleWebKit/537.36 (KHTML, like Gecko) Chrome/127.0.0.0 Safari/537.36 Edg/127.0.0.0"
193.237.190.219 - - [15/Aug/2024:12:35:13 -0400] "GET /comic/lookism-chapter-510/ HTTP/1.1" 304 0 "https://r.lookismmanga.com/" "Mozilla/5.0 (Windows NT 10.0; Win64; x64) AppleWebKit/537.36 (KHTML, like Gecko) Chrome/127.0.0.0 Safari/537.36 Edg/127.0.0.0"
193.237.190.219 - - [15/Aug/2024:12:35:16 -0400] "GET /comic/lookism-chapter-503/ HTTP/1.1" 200 11510 "https://r.lookismmanga.com/" "Mozilla/5.0 (Windows NT 10.0; Win64; x64) AppleWebKit/537.36 (KHTML, like Gecko) Chrome/127.0.0.0 Safari/537.36 Edg/127.0.0.0"
130.185.116.132 - - [15/Aug/2024:12:36:30 -0400] "GET / HTTP/1.1" 200 11596 "https://duckduckgo.com/" "Mozilla/5.0 (Linux; Android 10; K) AppleWebKit/537.36 (KHTML, like Gecko) Chrome/127.0.0.0 Mobile Safari/537.36"
162.0.232.193 - - [15/Aug/2024:12:36:33 -0400] "POST /wp-cron.php?doing_wp_cron=1723739793.1373920440673828125000 HTTP/1.1" 200 0 "-" "WordPress/6.5.5; https://r.lookismmanga.com"
130.185.116.132 - - [15/Aug/2024:12:36:33 -0400] "GET /apple-touch-icon.png HTTP/1.1" 301 0 "-" "DuckDuckGo/5 (com.duckduckgo.mobile.android; Android API 34)"
130.185.116.132 - - [15/Aug/2024:12:36:34 -0400] "GET / HTTP/1.1" 200 11596 "-" "DuckDuckGo/5 (com.duckduckgo.mobile.android; Android API 34)"
2409:40c4:13a:79bf:7550:322b:6947:aedf - - [15/Aug/2024:12:37:46 -0400] "GET / HTTP/1.1" 200 11596 "https://search.brave.com/" "Mozilla/5.0 (Linux; Android 10; K) AppleWebKit/537.36 (KHTML, like Gecko) Chrome/127.0.0.0 Mobile Safari/537.36"
96.255.238.199 - - [15/Aug/2024:12:37:46 -0400] "GET / HTTP/1.1" 200 11596 "https://duckduckgo.com/" "Mozilla/5.0 (iPhone; CPU iPhone OS 17_5_1 like Mac OS X) AppleWebKit/605.1.15 (KHTML, like Gecko) Version/17.5 Mobile/15E148 Safari/604.1 Ddg/17.5"
96.255.238.199 - - [15/Aug/2024:12:37:47 -0400] "GET /apple-touch-icon.png HTTP/1.1" 301 0 "-" "NetworkingExtension/8618.2.12.10.9 CFNetwork/1496.0.7 Darwin/23.5.0"
96.255.238.199 - - [15/Aug/2024:12:37:47 -0400] "GET /favicon.ico HTTP/1.1" 302 0 "-" "NetworkingExtension/8618.2.12.10.9 CFNetwork/1496.0.7 Darwin/23.5.0"
162.0.232.193 - - [15/Aug/2024:12:37:47 -0400] "POST /wp-cron.php?doing_wp_cron=1723739867.3513140678405761718750 HTTP/1.1" 200 0 "-" "WordPress/6.5.5; https://r.lookismmanga.com"
96.255.238.199 - - [15/Aug/2024:12:37:47 -0400] "GET /apple-touch-icon-precomposed.png HTTP/1.1" 301 0 "-" "NetworkingExtension/8618.2.12.10.9 CFNetwork/1496.0.7 Darwin/23.5.0"
96.255.238.199 - - [15/Aug/2024:12:37:47 -0400] "GET / HTTP/1.1" 200 11603 "-" "NetworkingExtension/8618.2.12.10.9 CFNetwork/1496.0.7 Darwin/23.5.0"
96.255.238.199 - - [15/Aug/2024:12:37:47 -0400] "GET / HTTP/1.1" 200 11603 "-" "NetworkingExtension/8618.2.12.10.9 CFNetwork/1496.0.7 Darwin/23.5.0"
96.255.238.199 - - [15/Aug/2024:12:37:47 -0400] "GET / HTTP/1.1" 200 11400 "-" "Mozilla/5.0 (Macintosh; Intel Mac OS X 10_11_1) AppleWebKit/601.2.4 (KHTML, like Gecko) Version/9.0.1 Safari/601.2.4 facebookexternalhit/1.1 Facebot Twitterbot/1.0"
102.68.122.234 - - [15/Aug/2024:12:38:16 -0400] "GET / HTTP/1.1" 304 0 "https://www.bing.com/" "Mozilla/5.0 (Linux; Android 10; JNY-LX1; HMSCore 6.14.0.302) AppleWebKit/537.36 (KHTML, like Gecko) Chrome/99.0.4844.88 HuaweiBrowser/14.0.5.303 Mobile Safari/537.36"
2405:201:10:f826:4058:2dd8:a2d5:ed55 - - [15/Aug/2024:12:38:30 -0400] "GET / HTTP/1.1" 200 11625 "https://duckduckgo.com/" "Mozilla/5.0 (Windows NT 10.0; Win64; x64) AppleWebKit/537.36 (KHTML, like Gecko) Chrome/127.0.0.0 Safari/537.36 Edg/127.0.0.0"
162.0.232.193 - - [15/Aug/2024:12:38:31 -0400] "POST /wp-cron.php?doing_wp_cron=1723739911.2235519886016845703125 HTTP/1.1" 200 0 "-" "WordPress/6.5.5; https://r.lookismmanga.com"
2405:201:10:f826:4058:2dd8:a2d5:ed55 - - [15/Aug/2024:12:38:31 -0400] "GET /favicon.ico HTTP/1.1" 302 0 "-" "ddg_win"
2405:201:10:f826:4058:2dd8:a2d5:ed55 - - [15/Aug/2024:12:38:32 -0400] "GET /favicon.ico HTTP/1.1" 302 0 "-" "ddg_win"
2405:201:10:f826:4058:2dd8:a2d5:ed55 - - [15/Aug/2024:12:38:33 -0400] "GET /favicon.ico HTTP/1.1" 302 0 "-" "ddg_win"
2405:201:10:f826:4058:2dd8:a2d5:ed55 - - [15/Aug/2024:12:38:35 -0400] "GET /comic/lookism-chapter-514/ HTTP/1.1" 200 10643 "https://r.lookismmanga.com/" "Mozilla/5.0 (Windows NT 10.0; Win64; x64) AppleWebKit/537.36 (KHTML, like Gecko) Chrome/127.0.0.0 Safari/537.36 Edg/127.0.0.0"
162.0.232.193 - - [15/Aug/2024:12:38:36 -0400] "POST /wp-cron.php?doing_wp_cron=1723739916.4056210517883300781250 HTTP/1.1" 200 0 "-" "WordPress/6.5.5; https://r.lookismmanga.com"
2405:201:10:f826:4058:2dd8:a2d5:ed55 - - [15/Aug/2024:12:38:36 -0400] "GET /favicon.ico HTTP/1.1" 302 0 "-" "ddg_win"
2405:201:10:f826:4058:2dd8:a2d5:ed55 - - [15/Aug/2024:12:38:36 -0400] "GET /favicon.ico HTTP/1.1" 302 0 "-" "ddg_win"
2405:201:10:f826:4058:2dd8:a2d5:ed55 - - [15/Aug/2024:12:38:37 -0400] "GET /favicon.ico HTTP/1.1" 302 0 "-" "ddg_win"
2405:201:10:f826:4058:2dd8:a2d5:ed55 - - [15/Aug/2024:12:38:50 -0400] "GET /favicon.ico HTTP/1.1" 302 0 "-" "ddg_win"
2405:201:10:f826:4058:2dd8:a2d5:ed55 - - [15/Aug/2024:12:39:12 -0400] "GET /favicon.ico HTTP/1.1" 302 0 "-" "ddg_win"
2405:201:10:f826:4058:2dd8:a2d5:ed55 - - [15/Aug/2024:12:39:12 -0400] "GET /favicon.ico HTTP/1.1" 302 0 "-" "ddg_win"
162.0.232.193 - - [15/Aug/2024:12:39:12 -0400] "POST /wp-cron.php?doing_wp_cron=1723739952.5499639511108398437500 HTTP/1.1" 200 0 "-" "WordPress/6.5.5; https://r.lookismmanga.com"
2405:201:10:f826:4058:2dd8:a2d5:ed55 - - [15/Aug/2024:12:39:12 -0400] "GET /favicon.ico HTTP/1.1" 302 0 "-" "ddg_win"
185.189.112.11 - - [15/Aug/2024:12:38:52 -0400] "POST /xmlrpc.php HTTP/1.1" 200 0 "-" "Mozilla/5.0 (Windows NT 10.0; Win64; x64) AppleWebKit/537.36 (KHTML, like Gecko) Chrome/123.0.0.0 Safari/537.36"
104.28.222.73 - - [15/Aug/2024:12:39:29 -0400] "GET / HTTP/1.1" 200 11603 "https://www.bing.com/" "Mozilla/5.0 (Windows NT 10.0; Win64; x64) AppleWebKit/537.36 (KHTML, like Gecko) Chrome/127.0.0.0 Safari/537.36 Edg/127.0.0.0"
104.28.222.73 - - [15/Aug/2024:12:39:37 -0400] "GET /comic/lookism-chapter-513/ HTTP/1.1" 200 11110 "https://r.lookismmanga.com/" "Mozilla/5.0 (Windows NT 10.0; Win64; x64) AppleWebKit/537.36 (KHTML, like Gecko) Chrome/127.0.0.0 Safari/537.36 Edg/127.0.0.0"
104.28.222.73 - - [15/Aug/2024:12:39:37 -0400] "GET /comic/lookism-chapter-514/ HTTP/1.1" 200 10596 "https://r.lookismmanga.com/" "Mozilla/5.0 (Windows NT 10.0; Win64; x64) AppleWebKit/537.36 (KHTML, like Gecko) Chrome/127.0.0.0 Safari/537.36 Edg/127.0.0.0"
162.0.232.193 - - [15/Aug/2024:12:39:41 -0400] "POST /wp-cron.php?doing_wp_cron=1723739980.9698150157928466796875 HTTP/1.1" 200 0 "-" "WordPress/6.5.5; https://r.lookismmanga.com"
2405:201:4008:c8a5:181:29b7:b4d1:673b - - [15/Aug/2024:12:39:56 -0400] "GET / HTTP/1.1" 200 11596 "-" "Mozilla/5.0 (Linux; Android 14; A063 Build/UP1A.231005.007; wv) AppleWebKit/537.36 (KHTML, like Gecko) Version/4.0 Chrome/127.0.6533.103 Mobile Safari/537.36"
66.249.68.66 - - [15/Aug/2024:12:39:57 -0400] "GET /lookism/lookism-chapter-77/ HTTP/1.1" 301 0 "-" "Mozilla/5.0 (Linux; Android 6.0.1; Nexus 5X Build/MMB29P) AppleWebKit/537.36 (KHTML, like Gecko) Chrome/127.0.6533.119 Mobile Safari/537.36 (compatible; Googlebot/2.1; +http://www.google.com/bot.html)"
66.249.68.66 - - [15/Aug/2024:12:39:58 -0400] "GET / HTTP/1.1" 200 11596 "-" "Mozilla/5.0 (Linux; Android 6.0.1; Nexus 5X Build/MMB29P) AppleWebKit/537.36 (KHTML, like Gecko) Chrome/127.0.6533.119 Mobile Safari/537.36 (compatible; Googlebot/2.1; +http://www.google.com/bot.html)"
2405:201:4008:c8a5:181:29b7:b4d1:673b - - [15/Aug/2024:12:40:06 -0400] "GET /comic/lookism-chapter-514/ HTTP/1.1" 200 10578 "https://r.lookismmanga.com/" "Mozilla/5.0 (Linux; Android 14; A063 Build/UP1A.231005.007; wv) AppleWebKit/537.36 (KHTML, like Gecko) Version/4.0 Chrome/127.0.6533.103 Mobile Safari/537.36"
162.0.232.193 - - [15/Aug/2024:12:40:06 -0400] "POST /wp-cron.php?doing_wp_cron=1723740006.5709979534149169921875 HTTP/1.1" 200 0 "-" "WordPress/6.5.5; https://r.lookismmanga.com"
66.249.68.66 - - [15/Aug/2024:12:40:05 -0400] "GET /lookism/lookism-chapter-77/ HTTP/1.1" 301 0 "-" "Googlebot-Image/1.0"
110.169.129.115 - - [15/Aug/2024:12:40:57 -0400] "GET /comic/lookism-chapter-510-1/ HTTP/1.1" 200 11146 "https://r.lookismmanga.com/comic/lookism-chapter-514/" "Mozilla/5.0 (Linux; Android 10; K) AppleWebKit/537.36 (KHTML, like Gecko) Chrome/127.0.0.0 Mobile Safari/537.36 EdgA/127.0.0.0"
110.169.129.115 - - [15/Aug/2024:12:40:58 -0400] "GET /comic/lookism-chapter-514/ HTTP/1.1" 200 10578 "https://r.lookismmanga.com/comic/lookism-chapter-514/" "Mozilla/5.0 (Linux; Android 10; K) AppleWebKit/537.36 (KHTML, like Gecko) Chrome/127.0.0.0 Mobile Safari/537.36 EdgA/127.0.0.0"
162.0.232.193 - - [15/Aug/2024:12:40:59 -0400] "POST /wp-cron.php?doing_wp_cron=1723740059.4708559513092041015625 HTTP/1.1" 200 0 "-" "WordPress/6.5.5; https://r.lookismmanga.com"
2a03:2880:f800:2:: - - [15/Aug/2024:12:40:59 -0400] "GET /?p=2095 HTTP/1.1" 301 0 "-" "meta-externalagent/1.1 (+https://developers.facebook.com/docs/sharing/webmasters/crawler)"
171.251.221.80 - - [15/Aug/2024:12:41:11 -0400] "GET / HTTP/1.1" 200 11603 "https://www.bing.com/" "Mozilla/5.0 (Windows NT 10.0; Win64; x64) AppleWebKit/537.36 (KHTML, like Gecko) Chrome/127.0.0.0 Safari/537.36 Edg/127.0.0.0"
171.251.221.80 - - [15/Aug/2024:12:41:20 -0400] "GET /comic/lookism-chapter-514/ HTTP/1.1" 200 10643 "https://r.lookismmanga.com/" "Mozilla/5.0 (Windows NT 10.0; Win64; x64) AppleWebKit/537.36 (KHTML, like Gecko) Chrome/127.0.0.0 Safari/537.36 Edg/127.0.0.0"
171.251.221.80 - - [15/Aug/2024:12:41:21 -0400] "GET /wp-content/plugins/wp-automatic/css/wp-automatic.css?ver=1.0.0 HTTP/1.1" 200 537 "https://r.lookismmanga.com/comic/lookism-chapter-514/" "Mozilla/5.0 (Windows NT 10.0; Win64; x64) AppleWebKit/537.36 (KHTML, like Gecko) Chrome/127.0.0.0 Safari/537.36 Edg/127.0.0.0"
171.251.221.80 - - [15/Aug/2024:12:41:21 -0400] "GET /wp-content/plugins/wp-automatic/js/main-front.js?ver=6.5.5 HTTP/1.1" 200 316 "https://r.lookismmanga.com/comic/lookism-chapter-514/" "Mozilla/5.0 (Windows NT 10.0; Win64; x64) AppleWebKit/537.36 (KHTML, like Gecko) Chrome/127.0.0.0 Safari/537.36 Edg/127.0.0.0"
171.251.221.80 - - [15/Aug/2024:12:41:21 -0400] "GET /wp-content/plugins/disqus-comment-system/public/js/comment_embed.js?ver=3.1.1 HTTP/1.1" 200 653 "https://r.lookismmanga.com/comic/lookism-chapter-514/" "Mozilla/5.0 (Windows NT 10.0; Win64; x64) AppleWebKit/537.36 (KHTML, like Gecko) Chrome/127.0.0.0 Safari/537.36 Edg/127.0.0.0"
171.251.221.80 - - [15/Aug/2024:12:41:21 -0400] "GET /wp-content/plugins/disqus-comment-system/public/js/comment_count.js?ver=3.1.1 HTTP/1.1" 200 354 "https://r.lookismmanga.com/comic/lookism-chapter-514/" "Mozilla/5.0 (Windows NT 10.0; Win64; x64) AppleWebKit/537.36 (KHTML, like Gecko) Chrome/127.0.0.0 Safari/537.36 Edg/127.0.0.0"
171.251.221.80 - - [15/Aug/2024:12:41:22 -0400] "GET /wp-includes/js/comment-reply.min.js?ver=6.5.5 HTTP/1.1" 200 1228 "https://r.lookismmanga.com/comic/lookism-chapter-514/" "Mozilla/5.0 (Windows NT 10.0; Win64; x64) AppleWebKit/537.36 (KHTML, like Gecko) Chrome/127.0.0.0 Safari/537.36 Edg/127.0.0.0"
171.251.221.80 - - [15/Aug/2024:12:41:22 -0400] "GET /wp-content/plugins/simple-social-buttons/assets/fonts/ssb-icon.ttf?eahqa2 HTTP/1.1" 200 6212 "https://r.lookismmanga.com/wp-content/plugins/simple-social-buttons/assets/css/front.css?ver=5.1.3" "Mozilla/5.0 (Windows NT 10.0; Win64; x64) AppleWebKit/537.36 (KHTML, like Gecko) Chrome/127.0.0.0 Safari/537.36 Edg/127.0.0.0"
110.54.204.115 - - [15/Aug/2024:12:41:48 -0400] "GET / HTTP/1.1" 200 11596 "https://www.bing.com/" "Mozilla/5.0 (Linux; Android 10; HarmonyOS; MRX-AL09; HMSCore 6.14.0.302) AppleWebKit/537.36 (KHTML, like Gecko) Chrome/99.0.4844.88 HuaweiBrowser/14.0.5.303 Safari/537.36"
110.54.204.115 - - [15/Aug/2024:12:41:55 -0400] "GET / HTTP/1.1" 304 0 "https://www.bing.com/" "Mozilla/5.0 (Linux; Android 10; HarmonyOS; MRX-AL09; HMSCore 6.14.0.302) AppleWebKit/537.36 (KHTML, like Gecko) Chrome/99.0.4844.88 HuaweiBrowser/14.0.5.303 Safari/537.36"
200.75.177.213 - - [15/Aug/2024:12:42:25 -0400] "GET / HTTP/1.1" 200 11603 "https://www.bing.com/" "Mozilla/5.0 (Windows NT 10.0; Win64; x64) AppleWebKit/537.36 (KHTML, like Gecko) Chrome/127.0.0.0 Safari/537.36 Edg/127.0.0.0"
200.75.177.213 - - [15/Aug/2024:12:42:31 -0400] "GET /comic/lookism-chapter-514/ HTTP/1.1" 200 10643 "https://r.lookismmanga.com/" "Mozilla/5.0 (Windows NT 10.0; Win64; x64) AppleWebKit/537.36 (KHTML, like Gecko) Chrome/127.0.0.0 Safari/537.36 Edg/127.0.0.0"
200.75.177.213 - - [15/Aug/2024:12:42:32 -0400] "GET /wp-content/plugins/wp-automatic/js/main-front.js?ver=6.5.5 HTTP/1.1" 200 316 "https://r.lookismmanga.com/comic/lookism-chapter-514/" "Mozilla/5.0 (Windows NT 10.0; Win64; x64) AppleWebKit/537.36 (KHTML, like Gecko) Chrome/127.0.0.0 Safari/537.36 Edg/127.0.0.0"
200.75.177.213 - - [15/Aug/2024:12:42:32 -0400] "GET /wp-content/plugins/disqus-comment-system/public/js/comment_count.js?ver=3.1.1 HTTP/1.1" 200 354 "https://r.lookismmanga.com/comic/lookism-chapter-514/" "Mozilla/5.0 (Windows NT 10.0; Win64; x64) AppleWebKit/537.36 (KHTML, like Gecko) Chrome/127.0.0.0 Safari/537.36 Edg/127.0.0.0"
200.75.177.213 - - [15/Aug/2024:12:42:32 -0400] "GET /wp-includes/js/comment-reply.min.js?ver=6.5.5 HTTP/1.1" 200 1228 "https://r.lookismmanga.com/comic/lookism-chapter-514/" "Mozilla/5.0 (Windows NT 10.0; Win64; x64) AppleWebKit/537.36 (KHTML, like Gecko) Chrome/127.0.0.0 Safari/537.36 Edg/127.0.0.0"
162.0.232.193 - - [15/Aug/2024:12:43:13 -0400] "POST /wp-cron.php?doing_wp_cron=1723740192.8873929977416992187500 HTTP/1.1" 200 0 "-" "WordPress/6.5.5; https://r.lookismmanga.com"
66.249.68.66 - - [15/Aug/2024:12:43:12 -0400] "GET /lookism/lookism-chapter-399/ HTTP/1.1" 301 0 "-" "Mozilla/5.0 (Linux; Android 6.0.1; Nexus 5X Build/MMB29P) AppleWebKit/537.36 (KHTML, like Gecko) Chrome/127.0.6533.119 Mobile Safari/537.36 (compatible; Googlebot/2.1; +http://www.google.com/bot.html)"
66.249.68.67 - - [15/Aug/2024:12:43:13 -0400] "GET / HTTP/1.1" 200 11596 "-" "Mozilla/5.0 (Linux; Android 6.0.1; Nexus 5X Build/MMB29P) AppleWebKit/537.36 (KHTML, like Gecko) Chrome/127.0.6533.119 Mobile Safari/537.36 (compatible; Googlebot/2.1; +http://www.google.com/bot.html)"
14.231.250.16 - - [15/Aug/2024:12:43:31 -0400] "GET / HTTP/1.1" 200 11603 "https://www.bing.com/" "Mozilla/5.0 (Windows NT 10.0; Win64; x64) AppleWebKit/537.36 (KHTML, like Gecko) Chrome/127.0.0.0 Safari/537.36 Edg/127.0.0.0"
96.4.9.34 - - [15/Aug/2024:12:43:44 -0400] "GET / HTTP/1.1" 200 11603 "https://www.bing.com/" "Mozilla/5.0 (Windows NT 10.0; Win64; x64) AppleWebKit/537.36 (KHTML, like Gecko) Chrome/127.0.0.0 Safari/537.36 Edg/127.0.0.0"
138.197.170.20 - - [15/Aug/2024:12:43:45 -0400] "GET / HTTP/1.1" 200 11603 "104.21.18.230" "Mozilla/5.0 (Windows NT 6.1; WOW64; rv:33.0) Gecko/20100101 Firefox/33.0"
96.4.9.34 - - [15/Aug/2024:12:43:49 -0400] "GET /category/lookism-webtoon/ HTTP/1.1" 200 10360 "https://r.lookismmanga.com/" "Mozilla/5.0 (Windows NT 10.0; Win64; x64) AppleWebKit/537.36 (KHTML, like Gecko) Chrome/127.0.0.0 Safari/537.36 Edg/127.0.0.0"
96.4.9.34 - - [15/Aug/2024:12:43:49 -0400] "GET /privacy-policy/ HTTP/1.1" 200 12906 "https://r.lookismmanga.com/" "Mozilla/5.0 (Windows NT 10.0; Win64; x64) AppleWebKit/537.36 (KHTML, like Gecko) Chrome/127.0.0.0 Safari/537.36 Edg/127.0.0.0"
96.4.9.34 - - [15/Aug/2024:12:43:50 -0400] "GET /comic/lookism-chapter-510/ HTTP/1.1" 200 11511 "https://r.lookismmanga.com/" "Mozilla/5.0 (Windows NT 10.0; Win64; x64) AppleWebKit/537.36 (KHTML, like Gecko) Chrome/127.0.0.0 Safari/537.36 Edg/127.0.0.0"
96.4.9.34 - - [15/Aug/2024:12:43:50 -0400] "GET /wp-includes/js/comment-reply.min.js?ver=6.5.5 HTTP/1.1" 200 1228 "https://r.lookismmanga.com/comic/lookism-chapter-510/" "Mozilla/5.0 (Windows NT 10.0; Win64; x64) AppleWebKit/537.36 (KHTML, like Gecko) Chrome/127.0.0.0 Safari/537.36 Edg/127.0.0.0"
96.4.9.34 - - [15/Aug/2024:12:43:50 -0400] "GET /wp-content/plugins/simple-social-buttons/assets/fonts/ssb-icon.ttf?eahqa2 HTTP/1.1" 200 6212 "https://r.lookismmanga.com/wp-content/plugins/simple-social-buttons/assets/css/front.css?ver=5.1.3" "Mozilla/5.0 (Windows NT 10.0; Win64; x64) AppleWebKit/537.36 (KHTML, like Gecko) Chrome/127.0.0.0 Safari/537.36 Edg/127.0.0.0"
162.0.232.193 - - [15/Aug/2024:12:43:51 -0400] "POST /wp-cron.php?doing_wp_cron=1723740230.9888429641723632812500 HTTP/1.1" 200 0 "-" "WordPress/6.5.5; https://r.lookismmanga.com"
96.4.9.34 - - [15/Aug/2024:12:43:51 -0400] "GET /lookism-chapter-511/ HTTP/1.1" 200 11530 "https://r.lookismmanga.com/comic/lookism-chapter-510/" "Mozilla/5.0 (Windows NT 10.0; Win64; x64) AppleWebKit/537.36 (KHTML, like Gecko) Chrome/127.0.0.0 Safari/537.36 Edg/127.0.0.0"
96.4.9.34 - - [15/Aug/2024:12:43:50 -0400] "POST /wp-admin/admin-ajax.php HTTP/1.1" 200 69 "https://r.lookismmanga.com/comic/lookism-chapter-510/" "Mozilla/5.0 (Windows NT 10.0; Win64; x64) AppleWebKit/537.36 (KHTML, like Gecko) Chrome/127.0.0.0 Safari/537.36 Edg/127.0.0.0"
96.4.9.34 - - [15/Aug/2024:12:43:52 -0400] "GET /wp-content/uploads/2024/02/MV5BMmI0NjY3NWYtMjEyYi00MjBlLWE4NDktNzNjZWNjMGUyY2U2XkEyXkFqcGdeQXVyMTUzNjM4ODE1._V1_-1024x576.jpg HTTP/1.1" 200 70245 "https://r.lookismmanga.com/lookism-chapter-511/" "Mozilla/5.0 (Windows NT 10.0; Win64; x64) AppleWebKit/537.36 (KHTML, like Gecko) Chrome/127.0.0.0 Safari/537.36 Edg/127.0.0.0"
96.4.9.34 - - [15/Aug/2024:12:43:52 -0400] "GET /lookism-chapter-511/ HTTP/1.1" 304 0 "https://r.lookismmanga.com/lookism-chapter-511/" "Mozilla/5.0 (Windows NT 10.0; Win64; x64) AppleWebKit/537.36 (KHTML, like Gecko) Chrome/127.0.0.0 Safari/537.36 Edg/127.0.0.0"
96.4.9.34 - - [15/Aug/2024:12:43:53 -0400] "GET /lookism-chapter-511/ HTTP/1.1" 304 0 "https://r.lookismmanga.com/lookism-chapter-511/" "Mozilla/5.0 (Windows NT 10.0; Win64; x64) AppleWebKit/537.36 (KHTML, like Gecko) Chrome/127.0.0.0 Safari/537.36 Edg/127.0.0.0"
96.4.9.34 - - [15/Aug/2024:12:43:53 -0400] "GET /category/lookism-webtoon/ HTTP/1.1" 304 0 "https://r.lookismmanga.com/lookism-chapter-511/" "Mozilla/5.0 (Windows NT 10.0; Win64; x64) AppleWebKit/537.36 (KHTML, like Gecko) Chrome/127.0.0.0 Safari/537.36 Edg/127.0.0.0"
96.4.9.34 - - [15/Aug/2024:12:43:56 -0400] "GET /comic/lookism-chapter-510/ HTTP/1.1" 304 0 "https://r.lookismmanga.com/lookism-chapter-511/" "Mozilla/5.0 (Windows NT 10.0; Win64; x64) AppleWebKit/537.36 (KHTML, like Gecko) Chrome/127.0.0.0 Safari/537.36 Edg/127.0.0.0"
96.4.9.34 - - [15/Aug/2024:12:43:57 -0400] "GET /comic/lookism-chapter-510/ HTTP/1.1" 304 0 "https://r.lookismmanga.com/comic/lookism-chapter-510/" "Mozilla/5.0 (Windows NT 10.0; Win64; x64) AppleWebKit/537.36 (KHTML, like Gecko) Chrome/127.0.0.0 Safari/537.36 Edg/127.0.0.0"
96.4.9.34 - - [15/Aug/2024:12:43:56 -0400] "POST /wp-admin/admin-ajax.php HTTP/1.1" 200 69 "https://r.lookismmanga.com/comic/lookism-chapter-510/" "Mozilla/5.0 (Windows NT 10.0; Win64; x64) AppleWebKit/537.36 (KHTML, like Gecko) Chrome/127.0.0.0 Safari/537.36 Edg/127.0.0.0"
66.249.68.66 - - [15/Aug/2024:12:44:27 -0400] "GET /comic/lookism-chapter-231/ HTTP/1.1" 200 12828 "-" "Mozilla/5.0 (Linux; Android 6.0.1; Nexus 5X Build/MMB29P) AppleWebKit/537.36 (KHTML, like Gecko) Chrome/127.0.6533.99 Mobile Safari/537.36 (compatible; Googlebot/2.1; +http://www.google.com/bot.html)"
45.127.45.56 - - [15/Aug/2024:12:44:39 -0400] "GET / HTTP/1.1" 200 11596 "-" "Mozilla/5.0 (Android 10; Mobile; rv:127.0) Gecko/127.0 Firefox/127.0"
45.127.45.56 - - [15/Aug/2024:12:44:41 -0400] "GET /wp-content/themes/toivo-lite/fonts/genericons/genericons/Genericons.eot HTTP/1.1" 200 22760 "https://r.lookismmanga.com/wp-content/themes/toivo-lite/fonts/genericons/genericons/genericons.min.css?ver=3.3" "Mozilla/5.0 (Android 10; Mobile; rv:127.0) Gecko/127.0 Firefox/127.0"
45.127.45.56 - - [15/Aug/2024:12:44:46 -0400] "GET /comic/lookism-chapter-514/ HTTP/1.1" 200 10578 "https://r.lookismmanga.com/" "Mozilla/5.0 (Android 10; Mobile; rv:127.0) Gecko/127.0 Firefox/127.0"
45.127.45.56 - - [15/Aug/2024:12:44:49 -0400] "GET /wp-content/plugins/simple-social-buttons/assets/fonts/ssb-icon.ttf?eahqa2 HTTP/1.1" 200 6212 "https://r.lookismmanga.com/wp-content/plugins/simple-social-buttons/assets/css/front.css?ver=5.1.3" "Mozilla/5.0 (Android 10; Mobile; rv:127.0) Gecko/127.0 Firefox/127.0"
162.0.232.193 - - [15/Aug/2024:12:45:22 -0400] "POST /wp-cron.php?doing_wp_cron=1723740322.4197440147399902343750 HTTP/1.1" 200 0 "-" "WordPress/6.5.5; https://r.lookismmanga.com"
114.119.151.0 - - [15/Aug/2024:12:45:23 -0400] "GET / HTTP/1.1" 200 11596 "https://ww7.lookismmanga.com/tag/lookism-chapter-450/" "Mozilla/5.0 (Linux; Android 7.0;) AppleWebKit/537.36 (KHTML, like Gecko) Mobile Safari/537.36 (compatible; PetalBot;+https://webmaster.petalsearch.com/site/petalbot)"
45.127.45.56 - - [15/Aug/2024:12:45:51 -0400] "GET / HTTP/1.1" 200 11596 "-" "Mozilla/5.0 (Android 10; Mobile; rv:127.0) Gecko/127.0 Firefox/127.0"
45.127.45.56 - - [15/Aug/2024:12:45:52 -0400] "GET /wp-content/themes/toivo-lite/fonts/genericons/genericons/Genericons.eot HTTP/1.1" 200 22760 "https://r.lookismmanga.com/wp-content/themes/toivo-lite/fonts/genericons/genericons/genericons.min.css?ver=3.3" "Mozilla/5.0 (Android 10; Mobile; rv:127.0) Gecko/127.0 Firefox/127.0"
2a03:2880:22ff:8::face:b00c - - [15/Aug/2024:12:46:33 -0400] "GET /comic/lookism-chapter-511/ HTTP/1.1" 200 10552 "-" "facebookexternalhit/1.1 (+http://www.facebook.com/externalhit_uatext.php)"
162.0.232.193 - - [15/Aug/2024:12:46:33 -0400] "POST /wp-cron.php?doing_wp_cron=1723740393.3871018886566162109375 HTTP/1.1" 200 0 "-" "WordPress/6.5.5; https://r.lookismmanga.com"
2a03:2880:22ff:72::face:b00c - - [15/Aug/2024:12:46:33 -0400] "GET / HTTP/1.1" 200 11402 "-" "facebookexternalhit/1.1 (+http://www.facebook.com/externalhit_uatext.php)"
162.0.232.193 - - [15/Aug/2024:12:47:04 -0400] "POST /wp-cron.php?doing_wp_cron=1723740423.8714349269866943359375 HTTP/1.1" 200 0 "-" "WordPress/6.5.5; https://r.lookismmanga.com"
66.249.68.64 - - [15/Aug/2024:12:47:03 -0400] "GET /lookism/lookism-chapter-399/ HTTP/1.1" 301 0 "-" "Googlebot-Image/1.0"
20.161.75.210 - - [15/Aug/2024:12:47:32 -0400] "GET / HTTP/1.1" 304 0 "-" "Mozilla/5.0 AppleWebKit/537.36 (KHTML, like Gecko); compatible; ChatGPT-User/1.0; +https://openai.com/bot"
180.190.212.199 - - [15/Aug/2024:12:48:14 -0400] "GET / HTTP/1.1" 200 11596 "-" "Mozilla/5.0 (Linux; Android 11; vivo 1906 Build/RP1A.200720.012; wv) AppleWebKit/537.36 (KHTML, like Gecko) Version/4.0 Chrome/127.0.6533.103 Mobile Safari/537.36"
180.190.212.199 - - [15/Aug/2024:12:48:16 -0400] "GET / HTTP/1.1" 304 0 "https://r.lookismmanga.com/" "Mozilla/5.0 (Linux; Android 11; vivo 1906 Build/RP1A.200720.012; wv) AppleWebKit/537.36 (KHTML, like Gecko) Version/4.0 Chrome/127.0.6533.103 Mobile Safari/537.36"
180.190.212.199 - - [15/Aug/2024:12:48:17 -0400] "GET /comic/lookism-chapter-157/ HTTP/1.1" 200 11800 "https://r.lookismmanga.com/" "Mozilla/5.0 (Linux; Android 11; vivo 1906 Build/RP1A.200720.012; wv) AppleWebKit/537.36 (KHTML, like Gecko) Version/4.0 Chrome/127.0.6533.103 Mobile Safari/537.36"
180.190.212.199 - - [15/Aug/2024:12:48:30 -0400] "GET /tag/lookism-manhwa/ HTTP/1.1" 301 0 "https://r.lookismmanga.com/comic/lookism-chapter-157/" "Mozilla/5.0 (Linux; Android 11; vivo 1906 Build/RP1A.200720.012; wv) AppleWebKit/537.36 (KHTML, like Gecko) Version/4.0 Chrome/127.0.6533.103 Mobile Safari/537.36"
49.36.168.124 - - [15/Aug/2024:12:48:59 -0400] "GET / HTTP/1.1" 200 11603 "https://www.bing.com/" "Mozilla/5.0 (Windows NT 10.0; Win64; x64) AppleWebKit/537.36 (KHTML, like Gecko) Chrome/127.0.0.0 Safari/537.36 Edg/127.0.0.0"
49.36.168.124 - - [15/Aug/2024:12:48:59 -0400] "GET /wp-content/uploads/2024/02/lookismkmanhwabookvolume17dkshop-706x1024.jpg HTTP/1.1" 200 101529 "https://r.lookismmanga.com/" "Mozilla/5.0 (Windows NT 10.0; Win64; x64) AppleWebKit/537.36 (KHTML, like Gecko) Chrome/127.0.0.0 Safari/537.36 Edg/127.0.0.0"
