177.251.43.211 - - [15/Aug/2024:11:19:48 -0400] "GET /wp-content/themes/toivo-lite/style.css?ver=1.2.0 HTTP/1.1" 200 13718 "https://r.lookismmanga.com/" "Mozilla/5.0 (Linux; Android 10; K) AppleWebKit/537.36 (KHTML, like Gecko) Chrome/127.0.0.0 Mobile Safari/537.36"
177.251.43.211 - - [15/Aug/2024:11:19:48 -0400] "GET /wp-content/plugins/simple-social-buttons/assets/js/front.js?ver=5.1.3 HTTP/1.1" 200 1577 "https://r.lookismmanga.com/" "Mozilla/5.0 (Linux; Android 10; K) AppleWebKit/537.36 (KHTML, like Gecko) Chrome/127.0.0.0 Mobile Safari/537.36"
177.251.43.211 - - [15/Aug/2024:11:19:48 -0400] "GET /wp-content/uploads/2024/02/lookismkmanhwabookvolume17dkshop.jpg HTTP/1.1" 200 108104 "https://r.lookismmanga.com/" "Mozilla/5.0 (Linux; Android 10; K) AppleWebKit/537.36 (KHTML, like Gecko) Chrome/127.0.0.0 Mobile Safari/537.36"
177.251.43.211 - - [15/Aug/2024:11:19:52 -0400] "GET /wp-content/uploads/2024/02/cropped-MV5BMmI0NjY3NWYtMjEyYi00MjBlLWE4NDktNzNjZWNjMGUyY2U2XkEyXkFqcGdeQXVyMTUzNjM4ODE1._V1_.jpg HTTP/1.1" 200 88480 "https://r.lookismmanga.com/" "Mozilla/5.0 (Linux; Android 10; K) AppleWebKit/537.36 (KHTML, like Gecko) Chrome/127.0.0.0 Mobile Safari/537.36"
177.251.43.211 - - [15/Aug/2024:11:19:52 -0400] "GET /wp-content/uploads/2024/02/lookismkmanhwabookvolume5dkshop.webp HTTP/1.1" 200 97320 "https://r.lookismmanga.com/" "Mozilla/5.0 (Linux; Android 10; K) AppleWebKit/537.36 (KHTML, like Gecko) Chrome/127.0.0.0 Mobile Safari/537.36"
177.251.43.211 - - [15/Aug/2024:11:19:52 -0400] "GET /wp-content/plugins/comic-easel/js/keynav.js HTTP/1.1" 200 302 "https://r.lookismmanga.com/" "Mozilla/5.0 (Linux; Android 10; K) AppleWebKit/537.36 (KHTML, like Gecko) Chrome/127.0.0.0 Mobile Safari/537.36"
162.0.232.193 - - [15/Aug/2024:11:20:15 -0400] "POST /wp-cron.php?doing_wp_cron=1723735214.7723429203033447265625 HTTP/1.1" 200 0 "-" "WordPress/6.5.5; https://r.lookismmanga.com"
2a03:2880:22ff:8::face:b00c - - [15/Aug/2024:11:20:14 -0400] "GET /lookism/lookism-chapter-226/ HTTP/1.1" 301 0 "-" "facebookexternalhit/1.1 (+http://www.facebook.com/externalhit_uatext.php)"
162.0.232.193 - - [15/Aug/2024:11:20:16 -0400] "GET /comic/lookism-chapter-148/ HTTP/1.1" 200 12491 "-" "WP Rocket/Preload"
2a03:2880:13ff:e::face:b00c - - [15/Aug/2024:11:20:16 -0400] "GET /?p=2370 HTTP/1.1" 301 0 "-" "facebookexternalhit/1.1 (+http://www.facebook.com/externalhit_uatext.php)"
180.247.235.88 - - [15/Aug/2024:11:20:16 -0400] "GET / HTTP/1.1" 304 0 "https://r.lookismmanga.com/" "Mozilla/5.0 (Windows NT 10.0; Win64; x64) AppleWebKit/537.36 (KHTML, like Gecko) Chrome/127.0.0.0 Safari/537.36 Edg/127.0.0.0"
162.0.232.193 - - [15/Aug/2024:11:20:17 -0400] "GET /comic/lookism-chapter-148/ HTTP/1.1" 200 12489 "-" "WP Rocket/Preload Mozilla/5.0 (iPhone; CPU iPhone OS 9_1 like Mac OS X) AppleWebKit/601.1.46 (KHTML, like Gecko) Version/9.0 Mobile/13B143 Safari/601.1"
162.0.232.193 - - [15/Aug/2024:11:20:18 -0400] "GET /comic/lookism-chapter-124/ HTTP/1.1" 200 11711 "-" "WP Rocket/Preload"
162.0.232.193 - - [15/Aug/2024:11:20:19 -0400] "GET /comic/lookism-chapter-124/ HTTP/1.1" 200 11709 "-" "WP Rocket/Preload Mozilla/5.0 (iPhone; CPU iPhone OS 9_1 like Mac OS X) AppleWebKit/601.1.46 (KHTML, like Gecko) Version/9.0 Mobile/13B143 Safari/601.1"
136.158.46.23 - - [15/Aug/2024:11:20:21 -0400] "GET / HTTP/1.1" 200 11596 "https://www.bing.com/" "Mozilla/5.0 (Linux; Android 12; GLA-LX1; HMSCore 6.14.0.302) AppleWebKit/537.36 (KHTML, like Gecko) Chrome/99.0.4844.88 HuaweiBrowser/14.0.5.303 Mobile Safari/537.36"
162.0.232.193 - - [15/Aug/2024:11:20:21 -0400] "GET /comic/lookism-chapter-408/ HTTP/1.1" 200 11345 "-" "WP Rocket/Preload"
162.0.232.193 - - [15/Aug/2024:11:20:22 -0400] "GET /comic/lookism-chapter-408/ HTTP/1.1" 200 11347 "-" "WP Rocket/Preload Mozilla/5.0 (iPhone; CPU iPhone OS 9_1 like Mac OS X) AppleWebKit/601.1.46 (KHTML, like Gecko) Version/9.0 Mobile/13B143 Safari/601.1"
162.0.232.193 - - [15/Aug/2024:11:20:23 -0400] "GET /comic/lookism-chapter-105/ HTTP/1.1" 200 11477 "-" "WP Rocket/Preload"
162.0.232.193 - - [15/Aug/2024:11:20:24 -0400] "GET /comic/lookism-chapter-105/ HTTP/1.1" 200 11478 "-" "WP Rocket/Preload Mozilla/5.0 (iPhone; CPU iPhone OS 9_1 like Mac OS X) AppleWebKit/601.1.46 (KHTML, like Gecko) Version/9.0 Mobile/13B143 Safari/601.1"
162.0.232.193 - - [15/Aug/2024:11:20:25 -0400] "GET /comic/lookism-chapter-209/ HTTP/1.1" 200 12893 "-" "WP Rocket/Preload"
162.0.232.193 - - [15/Aug/2024:11:20:26 -0400] "GET /comic/lookism-chapter-209/ HTTP/1.1" 200 12894 "-" "WP Rocket/Preload Mozilla/5.0 (iPhone; CPU iPhone OS 9_1 like Mac OS X) AppleWebKit/601.1.46 (KHTML, like Gecko) Version/9.0 Mobile/13B143 Safari/601.1"
162.0.232.193 - - [15/Aug/2024:11:20:28 -0400] "GET /comic/lookism-chapter-117/ HTTP/1.1" 200 11643 "-" "WP Rocket/Preload"
162.0.232.193 - - [15/Aug/2024:11:20:29 -0400] "GET /comic/lookism-chapter-117/ HTTP/1.1" 200 11643 "-" "WP Rocket/Preload Mozilla/5.0 (iPhone; CPU iPhone OS 9_1 like Mac OS X) AppleWebKit/601.1.46 (KHTML, like Gecko) Version/9.0 Mobile/13B143 Safari/601.1"
162.0.232.193 - - [15/Aug/2024:11:20:30 -0400] "GET /comic/lookism-chapter-55/ HTTP/1.1" 200 11526 "-" "WP Rocket/Preload"
162.0.232.193 - - [15/Aug/2024:11:20:32 -0400] "GET /comic/lookism-chapter-55/ HTTP/1.1" 200 11528 "-" "WP Rocket/Preload Mozilla/5.0 (iPhone; CPU iPhone OS 9_1 like Mac OS X) AppleWebKit/601.1.46 (KHTML, like Gecko) Version/9.0 Mobile/13B143 Safari/601.1"
94.136.185.47 - - [15/Aug/2024:11:20:33 -0400] "GET / HTTP/1.1" 200 11596 "https://www.google.com/" "Mozilla/5.0 (Linux; Android 10; K) AppleWebKit/537.36 (KHTML, like Gecko) Chrome/127.0.0.0 Mobile Safari/537.36"
162.0.232.193 - - [15/Aug/2024:11:20:33 -0400] "GET /comic/lookism-chapter-206/ HTTP/1.1" 200 12803 "-" "WP Rocket/Preload"
162.0.232.193 - - [15/Aug/2024:11:20:35 -0400] "GET /comic/lookism-chapter-206/ HTTP/1.1" 200 12771 "-" "WP Rocket/Preload Mozilla/5.0 (iPhone; CPU iPhone OS 9_1 like Mac OS X) AppleWebKit/601.1.46 (KHTML, like Gecko) Version/9.0 Mobile/13B143 Safari/601.1"
162.0.232.193 - - [15/Aug/2024:11:20:36 -0400] "GET /comic/lookism-chapter-93/ HTTP/1.1" 200 11233 "-" "WP Rocket/Preload"
162.0.232.193 - - [15/Aug/2024:11:20:37 -0400] "GET /comic/lookism-chapter-93/ HTTP/1.1" 200 11233 "-" "WP Rocket/Preload Mozilla/5.0 (iPhone; CPU iPhone OS 9_1 like Mac OS X) AppleWebKit/601.1.46 (KHTML, like Gecko) Version/9.0 Mobile/13B143 Safari/601.1"
94.136.185.47 - - [15/Aug/2024:11:20:38 -0400] "GET /comic/lookism-chapter-1/ HTTP/1.1" 200 11405 "https://r.lookismmanga.com/" "Mozilla/5.0 (Linux; Android 10; K) AppleWebKit/537.36 (KHTML, like Gecko) Chrome/127.0.0.0 Mobile Safari/537.36"
94.136.185.47 - - [15/Aug/2024:11:20:39 -0400] "GET / HTTP/1.1" 304 0 "https://r.lookismmanga.com/" "Mozilla/5.0 (Linux; Android 10; K) AppleWebKit/537.36 (KHTML, like Gecko) Chrome/127.0.0.0 Mobile Safari/537.36"
94.136.185.47 - - [15/Aug/2024:11:20:39 -0400] "GET /comic/lookism-chapter-500/ HTTP/1.1" 200 11151 "https://r.lookismmanga.com/" "Mozilla/5.0 (Linux; Android 10; K) AppleWebKit/537.36 (KHTML, like Gecko) Chrome/127.0.0.0 Mobile Safari/537.36"
45.162.53.99 - - [15/Aug/2024:11:20:46 -0400] "GET / HTTP/1.1" 200 11603 "https://duckduckgo.com/" "Mozilla/5.0 (Windows NT 10.0; rv:129.0) Gecko/20100101 Firefox/129.0"
45.162.53.99 - - [15/Aug/2024:11:20:47 -0400] "GET /wp-content/uploads/2024/02/lookismkmanhwabookvolume5dkshop-753x1024.webp HTTP/1.1" 200 76864 "https://r.lookismmanga.com/" "Mozilla/5.0 (Windows NT 10.0; rv:129.0) Gecko/20100101 Firefox/129.0"
45.162.53.99 - - [15/Aug/2024:11:20:47 -0400] "GET /wp-content/plugins/comic-easel/js/keynav.js HTTP/1.1" 200 302 "https://r.lookismmanga.com/" "Mozilla/5.0 (Windows NT 10.0; rv:129.0) Gecko/20100101 Firefox/129.0"
45.162.53.99 - - [15/Aug/2024:11:20:47 -0400] "GET /wp-content/plugins/widgets-on-pages/public/css/widgets-on-pages-public.css?ver=1.4.0 HTTP/1.1" 200 83 "https://r.lookismmanga.com/" "Mozilla/5.0 (Windows NT 10.0; rv:129.0) Gecko/20100101 Firefox/129.0"
45.162.53.99 - - [15/Aug/2024:11:20:47 -0400] "GET /wp-content/themes/toivo-lite/js/functions.min.js?ver=1.2.0 HTTP/1.1" 200 593 "https://r.lookismmanga.com/" "Mozilla/5.0 (Windows NT 10.0; rv:129.0) Gecko/20100101 Firefox/129.0"
45.162.53.99 - - [15/Aug/2024:11:20:49 -0400] "GET /wp-content/themes/toivo-lite/fonts/genericons/genericons/Genericons.eot HTTP/1.1" 200 22760 "https://r.lookismmanga.com/wp-content/themes/toivo-lite/fonts/genericons/genericons/genericons.min.css?ver=3.3" "Mozilla/5.0 (Windows NT 10.0; rv:129.0) Gecko/20100101 Firefox/129.0"
2607:fea8:605b:5f70:2964:e4df:53a9:2de - - [15/Aug/2024:11:20:58 -0400] "GET / HTTP/1.1" 200 11603 "https://www.bing.com/" "Mozilla/5.0 (Windows NT 10.0; Win64; x64) AppleWebKit/537.36 (KHTML, like Gecko) Chrome/127.0.0.0 Safari/537.36 Edg/127.0.0.0"
45.162.53.99 - - [15/Aug/2024:11:20:59 -0400] "GET /comic/lookism-chapter-514/ HTTP/1.1" 200 10596 "https://r.lookismmanga.com/" "Mozilla/5.0 (Windows NT 10.0; rv:129.0) Gecko/20100101 Firefox/129.0"
45.162.53.99 - - [15/Aug/2024:11:20:59 -0400] "GET /wp-content/plugins/wp-automatic/js/main-front.js?ver=6.5.5 HTTP/1.1" 200 316 "https://r.lookismmanga.com/comic/lookism-chapter-514/" "Mozilla/5.0 (Windows NT 10.0; rv:129.0) Gecko/20100101 Firefox/129.0"
45.162.53.99 - - [15/Aug/2024:11:20:59 -0400] "GET /wp-content/plugins/disqus-comment-system/public/js/comment_embed.js?ver=3.1.1 HTTP/1.1" 200 653 "https://r.lookismmanga.com/comic/lookism-chapter-514/" "Mozilla/5.0 (Windows NT 10.0; rv:129.0) Gecko/20100101 Firefox/129.0"
45.162.53.99 - - [15/Aug/2024:11:20:59 -0400] "GET /wp-includes/js/comment-reply.min.js?ver=6.5.5 HTTP/1.1" 200 1228 "https://r.lookismmanga.com/comic/lookism-chapter-514/" "Mozilla/5.0 (Windows NT 10.0; rv:129.0) Gecko/20100101 Firefox/129.0"
45.162.53.99 - - [15/Aug/2024:11:21:00 -0400] "GET /wp-content/plugins/simple-social-buttons/assets/fonts/ssb-icon.ttf?eahqa2 HTTP/1.1" 200 6212 "https://r.lookismmanga.com/wp-content/plugins/simple-social-buttons/assets/css/front.css?ver=5.1.3" "Mozilla/5.0 (Windows NT 10.0; rv:129.0) Gecko/20100101 Firefox/129.0"
2607:fea8:605b:5f70:2964:e4df:53a9:2de - - [15/Aug/2024:11:21:02 -0400] "GET /comic/lookism-chapter-513/ HTTP/1.1" 200 11110 "https://r.lookismmanga.com/" "Mozilla/5.0 (Windows NT 10.0; Win64; x64) AppleWebKit/537.36 (KHTML, like Gecko) Chrome/127.0.0.0 Safari/537.36 Edg/127.0.0.0"
162.0.232.193 - - [15/Aug/2024:11:21:34 -0400] "POST /wp-cron.php?doing_wp_cron=1723735293.9247341156005859375000 HTTP/1.1" 200 0 "-" "WordPress/6.5.5; https://r.lookismmanga.com"
2a03:2880:22ff:6::face:b00c - - [15/Aug/2024:11:21:33 -0400] "GET /?p=1917 HTTP/1.1" 301 0 "-" "meta-externalagent/1.1 (+https://developers.facebook.com/docs/sharing/webmasters/crawler)"
162.0.232.193 - - [15/Aug/2024:11:21:34 -0400] "GET /comic/lookism-chapter-3/ HTTP/1.1" 200 11337 "-" "WP Rocket/Preload"
162.0.232.193 - - [15/Aug/2024:11:21:35 -0400] "GET /comic/lookism-chapter-3/ HTTP/1.1" 200 11338 "-" "WP Rocket/Preload Mozilla/5.0 (iPhone; CPU iPhone OS 9_1 like Mac OS X) AppleWebKit/601.1.46 (KHTML, like Gecko) Version/9.0 Mobile/13B143 Safari/601.1"
162.0.232.193 - - [15/Aug/2024:11:21:37 -0400] "GET /comic/lookism-chapter-257/ HTTP/1.1" 200 13013 "-" "WP Rocket/Preload"
162.0.232.193 - - [15/Aug/2024:11:21:38 -0400] "GET /comic/lookism-chapter-257/ HTTP/1.1" 200 12761 "-" "WP Rocket/Preload Mozilla/5.0 (iPhone; CPU iPhone OS 9_1 like Mac OS X) AppleWebKit/601.1.46 (KHTML, like Gecko) Version/9.0 Mobile/13B143 Safari/601.1"
162.0.232.193 - - [15/Aug/2024:11:21:39 -0400] "GET /comic/lookism-chapter-261/ HTTP/1.1" 200 12994 "-" "WP Rocket/Preload"
162.0.232.193 - - [15/Aug/2024:11:21:39 -0400] "GET /comic/lookism-chapter-261/ HTTP/1.1" 200 13071 "-" "WP Rocket/Preload Mozilla/5.0 (iPhone; CPU iPhone OS 9_1 like Mac OS X) AppleWebKit/601.1.46 (KHTML, like Gecko) Version/9.0 Mobile/13B143 Safari/601.1"
162.0.232.193 - - [15/Aug/2024:11:21:41 -0400] "GET /comic/lookism-chapter-320/ HTTP/1.1" 200 12859 "-" "WP Rocket/Preload"
162.0.232.193 - - [15/Aug/2024:11:21:42 -0400] "GET /comic/lookism-chapter-320/ HTTP/1.1" 200 12860 "-" "WP Rocket/Preload Mozilla/5.0 (iPhone; CPU iPhone OS 9_1 like Mac OS X) AppleWebKit/601.1.46 (KHTML, like Gecko) Version/9.0 Mobile/13B143 Safari/601.1"
162.0.232.193 - - [15/Aug/2024:11:21:43 -0400] "GET /comic/lookism-chapter-2/ HTTP/1.1" 200 11446 "-" "WP Rocket/Preload"
162.0.232.193 - - [15/Aug/2024:11:21:44 -0400] "GET /comic/lookism-chapter-2/ HTTP/1.1" 200 11415 "-" "WP Rocket/Preload Mozilla/5.0 (iPhone; CPU iPhone OS 9_1 like Mac OS X) AppleWebKit/601.1.46 (KHTML, like Gecko) Version/9.0 Mobile/13B143 Safari/601.1"
162.0.232.193 - - [15/Aug/2024:11:21:45 -0400] "GET /comic/lookism-chapter-67/ HTTP/1.1" 200 11545 "-" "WP Rocket/Preload"
162.0.232.193 - - [15/Aug/2024:11:21:46 -0400] "GET /comic/lookism-chapter-67/ HTTP/1.1" 200 11544 "-" "WP Rocket/Preload Mozilla/5.0 (iPhone; CPU iPhone OS 9_1 like Mac OS X) AppleWebKit/601.1.46 (KHTML, like Gecko) Version/9.0 Mobile/13B143 Safari/601.1"
162.0.232.193 - - [15/Aug/2024:11:21:47 -0400] "GET /comic/lookism-chapter-212/ HTTP/1.1" 200 12986 "-" "WP Rocket/Preload"
162.0.232.193 - - [15/Aug/2024:11:21:49 -0400] "GET /comic/lookism-chapter-212/ HTTP/1.1" 200 12986 "-" "WP Rocket/Preload Mozilla/5.0 (iPhone; CPU iPhone OS 9_1 like Mac OS X) AppleWebKit/601.1.46 (KHTML, like Gecko) Version/9.0 Mobile/13B143 Safari/601.1"
177.50.200.174 - - [15/Aug/2024:11:21:49 -0400] "GET / HTTP/1.1" 200 11596 "-" "Mozilla/5.0 (Linux; Android 14; moto g34 5G Build/U1UGS34.23-82-2-2; ) AppleWebKit/537.36 (KHTML, like Gecko) Chrome/121.0.0.0 Mobile Safari/537.36 EdgA/124.0.2478.64"
177.50.200.174 - - [15/Aug/2024:11:21:50 -0400] "GET /wp-content/uploads/2024/02/lookismkmanhwabookvolume5dkshop-753x1024.webp HTTP/1.1" 200 76864 "https://r.lookismmanga.com/" "Mozilla/5.0 (Linux; Android 14; moto g34 5G Build/U1UGS34.23-82-2-2; ) AppleWebKit/537.36 (KHTML, like Gecko) Chrome/121.0.0.0 Mobile Safari/537.36 EdgA/124.0.2478.64"
177.50.200.174 - - [15/Aug/2024:11:21:50 -0400] "GET /wp-content/plugins/simple-social-buttons/assets/js/front.js?ver=5.1.3 HTTP/1.1" 200 1577 "https://r.lookismmanga.com/" "Mozilla/5.0 (Linux; Android 14; moto g34 5G Build/U1UGS34.23-82-2-2; ) AppleWebKit/537.36 (KHTML, like Gecko) Chrome/121.0.0.0 Mobile Safari/537.36 EdgA/124.0.2478.64"
177.50.200.174 - - [15/Aug/2024:11:21:50 -0400] "GET /wp-content/themes/toivo-lite/style.css?ver=1.2.0 HTTP/1.1" 200 13718 "https://r.lookismmanga.com/" "Mozilla/5.0 (Linux; Android 14; moto g34 5G Build/U1UGS34.23-82-2-2; ) AppleWebKit/537.36 (KHTML, like Gecko) Chrome/121.0.0.0 Mobile Safari/537.36 EdgA/124.0.2478.64"
177.50.200.174 - - [15/Aug/2024:11:21:50 -0400] "GET /wp-includes/js/jquery/jquery-migrate.min.js?ver=3.4.1 HTTP/1.1" 200 4678 "https://r.lookismmanga.com/" "Mozilla/5.0 (Linux; Android 14; moto g34 5G Build/U1UGS34.23-82-2-2; ) AppleWebKit/537.36 (KHTML, like Gecko) Chrome/121.0.0.0 Mobile Safari/537.36 EdgA/124.0.2478.64"
162.0.232.193 - - [15/Aug/2024:11:21:50 -0400] "GET /comic/lookism-chapter-18/ HTTP/1.1" 200 11290 "-" "WP Rocket/Preload"
177.50.200.174 - - [15/Aug/2024:11:21:51 -0400] "GET /wp-content/uploads/2024/02/cropped-MV5BMmI0NjY3NWYtMjEyYi00MjBlLWE4NDktNzNjZWNjMGUyY2U2XkEyXkFqcGdeQXVyMTUzNjM4ODE1._V1_.jpg HTTP/1.1" 200 88480 "https://r.lookismmanga.com/" "Mozilla/5.0 (Linux; Android 14; moto g34 5G Build/U1UGS34.23-82-2-2; ) AppleWebKit/537.36 (KHTML, like Gecko) Chrome/121.0.0.0 Mobile Safari/537.36 EdgA/124.0.2478.64"
162.0.232.193 - - [15/Aug/2024:11:21:51 -0400] "GET /comic/lookism-chapter-18/ HTTP/1.1" 200 11291 "-" "WP Rocket/Preload Mozilla/5.0 (iPhone; CPU iPhone OS 9_1 like Mac OS X) AppleWebKit/601.1.46 (KHTML, like Gecko) Version/9.0 Mobile/13B143 Safari/601.1"
162.0.232.193 - - [15/Aug/2024:11:21:53 -0400] "GET /comic/lookism-chapter-379/ HTTP/1.1" 200 12226 "-" "WP Rocket/Preload"
162.0.232.193 - - [15/Aug/2024:11:21:54 -0400] "GET /comic/lookism-chapter-379/ HTTP/1.1" 200 12225 "-" "WP Rocket/Preload Mozilla/5.0 (iPhone; CPU iPhone OS 9_1 like Mac OS X) AppleWebKit/601.1.46 (KHTML, like Gecko) Version/9.0 Mobile/13B143 Safari/601.1"
162.0.232.193 - - [15/Aug/2024:11:21:55 -0400] "GET /comic/lookism-chapter-19/ HTTP/1.1" 200 11522 "-" "WP Rocket/Preload"
162.0.232.193 - - [15/Aug/2024:11:21:56 -0400] "GET /comic/lookism-chapter-19/ HTTP/1.1" 200 11522 "-" "WP Rocket/Preload Mozilla/5.0 (iPhone; CPU iPhone OS 9_1 like Mac OS X) AppleWebKit/601.1.46 (KHTML, like Gecko) Version/9.0 Mobile/13B143 Safari/601.1"
2a02:8309:4283:8d00:b4e7:614e:665a:d89b - - [15/Aug/2024:11:22:01 -0400] "GET / HTTP/1.1" 200 11596 "-" "Mozilla/5.0 (Linux; Android 14; 2310FPCA4G Build/UP1A.231005.007; wv) AppleWebKit/537.36 (KHTML, like Gecko) Version/4.0 Chrome/127.0.6533.64 Mobile Safari/537.36"
2a02:8309:4283:8d00:b4e7:614e:665a:d89b - - [15/Aug/2024:11:22:02 -0400] "GET /wp-content/uploads/2024/02/lookismkmanhwabookvolume5dkshop-753x1024.webp HTTP/1.1" 200 76864 "https://r.lookismmanga.com/" "Mozilla/5.0 (Linux; Android 14; 2310FPCA4G Build/UP1A.231005.007; wv) AppleWebKit/537.36 (KHTML, like Gecko) Version/4.0 Chrome/127.0.6533.64 Mobile Safari/537.36"
2a02:8309:4283:8d00:b4e7:614e:665a:d89b - - [15/Aug/2024:11:22:02 -0400] "GET /wp-content/uploads/2024/02/lookismkmanhwabookvolume17dkshop-706x1024.jpg HTTP/1.1" 200 101529 "https://r.lookismmanga.com/" "Mozilla/5.0 (Linux; Android 14; 2310FPCA4G Build/UP1A.231005.007; wv) AppleWebKit/537.36 (KHTML, like Gecko) Version/4.0 Chrome/127.0.6533.64 Mobile Safari/537.36"
2a02:8309:4283:8d00:b4e7:614e:665a:d89b - - [15/Aug/2024:11:22:02 -0400] "GET /wp-content/themes/toivo-lite/js/responsive-nav.min.js?ver=1.2.0 HTTP/1.1" 200 2102 "https://r.lookismmanga.com/" "Mozilla/5.0 (Linux; Android 14; 2310FPCA4G Build/UP1A.231005.007; wv) AppleWebKit/537.36 (KHTML, like Gecko) Version/4.0 Chrome/127.0.6533.64 Mobile Safari/537.36"
2a02:8309:4283:8d00:b4e7:614e:665a:d89b - - [15/Aug/2024:11:22:02 -0400] "GET /wp-content/themes/toivo-lite/js/settings.min.js?ver=1.2.0 HTTP/1.1" 200 307 "https://r.lookismmanga.com/" "Mozilla/5.0 (Linux; Android 14; 2310FPCA4G Build/UP1A.231005.007; wv) AppleWebKit/537.36 (KHTML, like Gecko) Version/4.0 Chrome/127.0.6533.64 Mobile Safari/537.36"
2a02:8309:4283:8d00:b4e7:614e:665a:d89b - - [15/Aug/2024:11:22:02 -0400] "GET /wp-content/themes/toivo-lite/js/functions.min.js?ver=1.2.0 HTTP/1.1" 200 593 "https://r.lookismmanga.com/" "Mozilla/5.0 (Linux; Android 14; 2310FPCA4G Build/UP1A.231005.007; wv) AppleWebKit/537.36 (KHTML, like Gecko) Version/4.0 Chrome/127.0.6533.64 Mobile Safari/537.36"
2a02:8309:4283:8d00:b4e7:614e:665a:d89b - - [15/Aug/2024:11:22:03 -0400] "GET /category/lookism-manhwa/ HTTP/1.1" 200 10371 "https://r.lookismmanga.com/" "Mozilla/5.0 (Linux; Android 14; 2310FPCA4G Build/UP1A.231005.007; wv) AppleWebKit/537.36 (KHTML, like Gecko) Version/4.0 Chrome/127.0.6533.64 Mobile Safari/537.36"
2a02:8309:4283:8d00:b4e7:614e:665a:d89b - - [15/Aug/2024:11:22:04 -0400] "GET /wp-content/uploads/2024/02/cropped-MV5BMmI0NjY3NWYtMjEyYi00MjBlLWE4NDktNzNjZWNjMGUyY2U2XkEyXkFqcGdeQXVyMTUzNjM4ODE1._V1_.jpg HTTP/1.1" 200 88480 "https://r.lookismmanga.com/" "Mozilla/5.0 (Linux; Android 14; 2310FPCA4G Build/UP1A.231005.007; wv) AppleWebKit/537.36 (KHTML, like Gecko) Version/4.0 Chrome/127.0.6533.64 Mobile Safari/537.36"
2a02:8309:4283:8d00:b4e7:614e:665a:d89b - - [15/Aug/2024:11:22:05 -0400] "GET /wp-content/uploads/2024/02/cropped-if-the-anime-continues-and-reaches-the-point-of-current-v0-frhh1uf0zj5a1-32x32.webp HTTP/1.1" 200 438 "https://r.lookismmanga.com/" "Mozilla/5.0 (Linux; Android 14; 2310FPCA4G Build/UP1A.231005.007; wv) AppleWebKit/537.36 (KHTML, like Gecko) Version/4.0 Chrome/127.0.6533.64 Mobile Safari/537.36"
2a02:8309:4283:8d00:b4e7:614e:665a:d89b - - [15/Aug/2024:11:22:05 -0400] "GET /wp-content/uploads/2024/02/cropped-if-the-anime-continues-and-reaches-the-point-of-current-v0-frhh1uf0zj5a1-192x192.webp HTTP/1.1" 200 4440 "https://r.lookismmanga.com/" "Mozilla/5.0 (Linux; Android 14; 2310FPCA4G Build/UP1A.231005.007; wv) AppleWebKit/537.36 (KHTML, like Gecko) Version/4.0 Chrome/127.0.6533.64 Mobile Safari/537.36"
2405:9800:b540:ab49:194e:3738:9acf:71fb - - [15/Aug/2024:11:22:38 -0400] "GET / HTTP/1.1" 200 11603 "https://www.bing.com/" "Mozilla/5.0 (Windows NT 10.0; Win64; x64) AppleWebKit/537.36 (KHTML, like Gecko) Chrome/127.0.0.0 Safari/537.36 Edg/127.0.0.0"
2405:9800:b540:ab49:194e:3738:9acf:71fb - - [15/Aug/2024:11:22:39 -0400] "GET /wp-includes/css/dist/block-library/style.min.css?ver=6.5.5 HTTP/1.1" 200 14071 "https://r.lookismmanga.com/" "Mozilla/5.0 (Windows NT 10.0; Win64; x64) AppleWebKit/537.36 (KHTML, like Gecko) Chrome/127.0.0.0 Safari/537.36 Edg/127.0.0.0"
2405:9800:b540:ab49:194e:3738:9acf:71fb - - [15/Aug/2024:11:22:39 -0400] "GET /wp-content/plugins/simple-social-buttons/assets/js/frontend-blocks.js?ver=5.1.3 HTTP/1.1" 200 0 "https://r.lookismmanga.com/" "Mozilla/5.0 (Windows NT 10.0; Win64; x64) AppleWebKit/537.36 (KHTML, like Gecko) Chrome/127.0.0.0 Safari/537.36 Edg/127.0.0.0"
2405:9800:b540:ab49:194e:3738:9acf:71fb - - [15/Aug/2024:11:22:39 -0400] "GET /wp-content/themes/toivo-lite/style.css?ver=1.2.0 HTTP/1.1" 200 13718 "https://r.lookismmanga.com/" "Mozilla/5.0 (Windows NT 10.0; Win64; x64) AppleWebKit/537.36 (KHTML, like Gecko) Chrome/127.0.0.0 Safari/537.36 Edg/127.0.0.0"
2405:9800:b540:ab49:194e:3738:9acf:71fb - - [15/Aug/2024:11:22:39 -0400] "GET /wp-content/themes/toivo-lite/fonts/genericons/genericons/genericons.min.css?ver=3.3 HTTP/1.1" 200 15959 "https://r.lookismmanga.com/" "Mozilla/5.0 (Windows NT 10.0; Win64; x64) AppleWebKit/537.36 (KHTML, like Gecko) Chrome/127.0.0.0 Safari/537.36 Edg/127.0.0.0"
2405:9800:b540:ab49:194e:3738:9acf:71fb - - [15/Aug/2024:11:22:39 -0400] "GET /wp-content/plugins/simple-social-buttons/assets/css/front.css?ver=5.1.3 HTTP/1.1" 200 9767 "https://r.lookismmanga.com/" "Mozilla/5.0 (Windows NT 10.0; Win64; x64) AppleWebKit/537.36 (KHTML, like Gecko) Chrome/127.0.0.0 Safari/537.36 Edg/127.0.0.0"
2405:9800:b540:ab49:194e:3738:9acf:71fb - - [15/Aug/2024:11:22:39 -0400] "GET /wp-includes/js/jquery/jquery.min.js?ver=3.7.1 HTTP/1.1" 200 29744 "https://r.lookismmanga.com/" "Mozilla/5.0 (Windows NT 10.0; Win64; x64) AppleWebKit/537.36 (KHTML, like Gecko) Chrome/127.0.0.0 Safari/537.36 Edg/127.0.0.0"
2405:9800:b540:ab49:194e:3738:9acf:71fb - - [15/Aug/2024:11:22:39 -0400] "GET /wp-content/uploads/2024/02/lookismkmanhwabookvolume5dkshop-753x1024.webp HTTP/1.1" 200 76864 "https://r.lookismmanga.com/" "Mozilla/5.0 (Windows NT 10.0; Win64; x64) AppleWebKit/537.36 (KHTML, like Gecko) Chrome/127.0.0.0 Safari/537.36 Edg/127.0.0.0"
2405:9800:b540:ab49:194e:3738:9acf:71fb - - [15/Aug/2024:11:22:39 -0400] "GET /wp-includes/js/jquery/jquery-migrate.min.js?ver=3.4.1 HTTP/1.1" 200 4678 "https://r.lookismmanga.com/" "Mozilla/5.0 (Windows NT 10.0; Win64; x64) AppleWebKit/537.36 (KHTML, like Gecko) Chrome/127.0.0.0 Safari/537.36 Edg/127.0.0.0"
2405:9800:b540:ab49:194e:3738:9acf:71fb - - [15/Aug/2024:11:22:39 -0400] "GET /wp-content/plugins/widgets-on-pages/public/css/widgets-on-pages-public.css?ver=1.4.0 HTTP/1.1" 200 83 "https://r.lookismmanga.com/" "Mozilla/5.0 (Windows NT 10.0; Win64; x64) AppleWebKit/537.36 (KHTML, like Gecko) Chrome/127.0.0.0 Safari/537.36 Edg/127.0.0.0"
2405:9800:b540:ab49:194e:3738:9acf:71fb - - [15/Aug/2024:11:22:39 -0400] "GET /wp-content/plugins/comic-easel/js/keynav.js HTTP/1.1" 200 302 "https://r.lookismmanga.com/" "Mozilla/5.0 (Windows NT 10.0; Win64; x64) AppleWebKit/537.36 (KHTML, like Gecko) Chrome/127.0.0.0 Safari/537.36 Edg/127.0.0.0"
2405:9800:b540:ab49:194e:3738:9acf:71fb - - [15/Aug/2024:11:22:39 -0400] "GET /wp-content/uploads/2024/02/lookismkmanhwabookvolume17dkshop-706x1024.jpg HTTP/1.1" 200 101529 "https://r.lookismmanga.com/" "Mozilla/5.0 (Windows NT 10.0; Win64; x64) AppleWebKit/537.36 (KHTML, like Gecko) Chrome/127.0.0.0 Safari/537.36 Edg/127.0.0.0"
2405:9800:b540:ab49:194e:3738:9acf:71fb - - [15/Aug/2024:11:22:39 -0400] "GET /wp-content/plugins/simple-social-buttons/assets/js/front.js?ver=5.1.3 HTTP/1.1" 200 1577 "https://r.lookismmanga.com/" "Mozilla/5.0 (Windows NT 10.0; Win64; x64) AppleWebKit/537.36 (KHTML, like Gecko) Chrome/127.0.0.0 Safari/537.36 Edg/127.0.0.0"
2405:9800:b540:ab49:194e:3738:9acf:71fb - - [15/Aug/2024:11:22:39 -0400] "GET /wp-content/uploads/2024/02/cropped-MV5BMmI0NjY3NWYtMjEyYi00MjBlLWE4NDktNzNjZWNjMGUyY2U2XkEyXkFqcGdeQXVyMTUzNjM4ODE1._V1_.jpg HTTP/1.1" 200 88480 "https://r.lookismmanga.com/" "Mozilla/5.0 (Windows NT 10.0; Win64; x64) AppleWebKit/537.36 (KHTML, like Gecko) Chrome/127.0.0.0 Safari/537.36 Edg/127.0.0.0"
2405:9800:b540:ab49:194e:3738:9acf:71fb - - [15/Aug/2024:11:22:40 -0400] "GET /wp-content/themes/toivo-lite/js/settings.min.js?ver=1.2.0 HTTP/1.1" 200 307 "https://r.lookismmanga.com/" "Mozilla/5.0 (Windows NT 10.0; Win64; x64) AppleWebKit/537.36 (KHTML, like Gecko) Chrome/127.0.0.0 Safari/537.36 Edg/127.0.0.0"
2405:9800:b540:ab49:194e:3738:9acf:71fb - - [15/Aug/2024:11:22:40 -0400] "GET /wp-content/themes/toivo-lite/js/responsive-nav.min.js?ver=1.2.0 HTTP/1.1" 200 2102 "https://r.lookismmanga.com/" "Mozilla/5.0 (Windows NT 10.0; Win64; x64) AppleWebKit/537.36 (KHTML, like Gecko) Chrome/127.0.0.0 Safari/537.36 Edg/127.0.0.0"
162.0.232.193 - - [15/Aug/2024:11:22:40 -0400] "POST /wp-cron.php?doing_wp_cron=1723735360.2651610374450683593750 HTTP/1.1" 200 0 "-" "WordPress/6.5.5; https://r.lookismmanga.com"
2405:9800:b540:ab49:194e:3738:9acf:71fb - - [15/Aug/2024:11:22:40 -0400] "GET /wp-content/themes/toivo-lite/js/functions.min.js?ver=1.2.0 HTTP/1.1" 200 593 "https://r.lookismmanga.com/" "Mozilla/5.0 (Windows NT 10.0; Win64; x64) AppleWebKit/537.36 (KHTML, like Gecko) Chrome/127.0.0.0 Safari/537.36 Edg/127.0.0.0"
2405:9800:b540:ab49:194e:3738:9acf:71fb - - [15/Aug/2024:11:22:41 -0400] "GET /wp-content/uploads/2024/02/cropped-if-the-anime-continues-and-reaches-the-point-of-current-v0-frhh1uf0zj5a1-32x32.webp HTTP/1.1" 200 438 "https://r.lookismmanga.com/" "Mozilla/5.0 (Windows NT 10.0; Win64; x64) AppleWebKit/537.36 (KHTML, like Gecko) Chrome/127.0.0.0 Safari/537.36 Edg/127.0.0.0"
162.0.232.193 - - [15/Aug/2024:11:22:41 -0400] "GET /comic/lookism-chapter-321/ HTTP/1.1" 200 13011 "-" "WP Rocket/Preload"
162.0.232.193 - - [15/Aug/2024:11:22:42 -0400] "GET /comic/lookism-chapter-321/ HTTP/1.1" 200 13011 "-" "WP Rocket/Preload Mozilla/5.0 (iPhone; CPU iPhone OS 9_1 like Mac OS X) AppleWebKit/601.1.46 (KHTML, like Gecko) Version/9.0 Mobile/13B143 Safari/601.1"
162.0.232.193 - - [15/Aug/2024:11:22:43 -0400] "GET /comic/lookism-chapter-300/ HTTP/1.1" 200 13069 "-" "WP Rocket/Preload"
162.0.232.193 - - [15/Aug/2024:11:22:44 -0400] "GET /comic/lookism-chapter-300/ HTTP/1.1" 200 12801 "-" "WP Rocket/Preload Mozilla/5.0 (iPhone; CPU iPhone OS 9_1 like Mac OS X) AppleWebKit/601.1.46 (KHTML, like Gecko) Version/9.0 Mobile/13B143 Safari/601.1"
162.0.232.193 - - [15/Aug/2024:11:22:45 -0400] "GET /comic/lookism-chapter-306/ HTTP/1.1" 200 13520 "-" "WP Rocket/Preload"
162.0.232.193 - - [15/Aug/2024:11:22:47 -0400] "GET /comic/lookism-chapter-306/ HTTP/1.1" 200 13470 "-" "WP Rocket/Preload Mozilla/5.0 (iPhone; CPU iPhone OS 9_1 like Mac OS X) AppleWebKit/601.1.46 (KHTML, like Gecko) Version/9.0 Mobile/13B143 Safari/601.1"
162.0.232.193 - - [15/Aug/2024:11:22:48 -0400] "GET /comic/lookism-chapter-307/ HTTP/1.1" 200 13056 "-" "WP Rocket/Preload"
162.0.232.193 - - [15/Aug/2024:11:22:49 -0400] "GET /comic/lookism-chapter-307/ HTTP/1.1" 200 13026 "-" "WP Rocket/Preload Mozilla/5.0 (iPhone; CPU iPhone OS 9_1 like Mac OS X) AppleWebKit/601.1.46 (KHTML, like Gecko) Version/9.0 Mobile/13B143 Safari/601.1"
162.0.232.193 - - [15/Aug/2024:11:22:51 -0400] "GET /comic/lookism-chapter-323/ HTTP/1.1" 200 12846 "-" "WP Rocket/Preload"
162.0.232.193 - - [15/Aug/2024:11:22:52 -0400] "GET /comic/lookism-chapter-323/ HTTP/1.1" 200 12673 "-" "WP Rocket/Preload Mozilla/5.0 (iPhone; CPU iPhone OS 9_1 like Mac OS X) AppleWebKit/601.1.46 (KHTML, like Gecko) Version/9.0 Mobile/13B143 Safari/601.1"
162.0.232.193 - - [15/Aug/2024:11:22:53 -0400] "GET /comic/lookism-chapter-86/ HTTP/1.1" 200 11834 "-" "WP Rocket/Preload"
162.0.232.193 - - [15/Aug/2024:11:22:54 -0400] "GET /comic/lookism-chapter-86/ HTTP/1.1" 200 11832 "-" "WP Rocket/Preload Mozilla/5.0 (iPhone; CPU iPhone OS 9_1 like Mac OS X) AppleWebKit/601.1.46 (KHTML, like Gecko) Version/9.0 Mobile/13B143 Safari/601.1"
162.0.232.193 - - [15/Aug/2024:11:22:55 -0400] "GET /comic/lookism-chapter-62/ HTTP/1.1" 200 11520 "-" "WP Rocket/Preload"
162.0.232.193 - - [15/Aug/2024:11:22:56 -0400] "GET /comic/lookism-chapter-62/ HTTP/1.1" 200 11531 "-" "WP Rocket/Preload Mozilla/5.0 (iPhone; CPU iPhone OS 9_1 like Mac OS X) AppleWebKit/601.1.46 (KHTML, like Gecko) Version/9.0 Mobile/13B143 Safari/601.1"
162.0.232.193 - - [15/Aug/2024:11:22:57 -0400] "GET /comic/lookism-chapter-47/ HTTP/1.1" 200 11664 "-" "WP Rocket/Preload"
162.0.232.193 - - [15/Aug/2024:11:22:59 -0400] "GET /comic/lookism-chapter-47/ HTTP/1.1" 200 11664 "-" "WP Rocket/Preload Mozilla/5.0 (iPhone; CPU iPhone OS 9_1 like Mac OS X) AppleWebKit/601.1.46 (KHTML, like Gecko) Version/9.0 Mobile/13B143 Safari/601.1"
162.0.232.193 - - [15/Aug/2024:11:23:00 -0400] "GET /comic/lookism-chapter-241/ HTTP/1.1" 200 13028 "-" "WP Rocket/Preload"
162.0.232.193 - - [15/Aug/2024:11:23:01 -0400] "GET /comic/lookism-chapter-241/ HTTP/1.1" 200 12949 "-" "WP Rocket/Preload Mozilla/5.0 (iPhone; CPU iPhone OS 9_1 like Mac OS X) AppleWebKit/601.1.46 (KHTML, like Gecko) Version/9.0 Mobile/13B143 Safari/601.1"
162.0.232.193 - - [15/Aug/2024:11:23:02 -0400] "GET /comic/lookism-chapter-248/ HTTP/1.1" 200 13412 "-" "WP Rocket/Preload"
162.0.232.193 - - [15/Aug/2024:11:23:03 -0400] "GET /comic/lookism-chapter-248/ HTTP/1.1" 200 13299 "-" "WP Rocket/Preload Mozilla/5.0 (iPhone; CPU iPhone OS 9_1 like Mac OS X) AppleWebKit/601.1.46 (KHTML, like Gecko) Version/9.0 Mobile/13B143 Safari/601.1"
212.251.234.163 - - [15/Aug/2024:11:23:34 -0400] "GET / HTTP/1.1" 200 11480 "https://duckduckgo.com/" "Mozilla/5.0 (Windows NT 10.0; Win64; x64) AppleWebKit/537.36 (KHTML, like Gecko) Chrome/127.0.0.0 Safari/537.36"
212.251.234.163 - - [15/Aug/2024:11:23:35 -0400] "GET /wp-includes/css/dist/block-library/style.min.css?ver=6.5.5 HTTP/1.1" 200 14071 "https://r.lookismmanga.com/" "Mozilla/5.0 (Windows NT 10.0; Win64; x64) AppleWebKit/537.36 (KHTML, like Gecko) Chrome/127.0.0.0 Safari/537.36"
212.251.234.163 - - [15/Aug/2024:11:23:35 -0400] "GET /wp-content/plugins/simple-social-buttons/assets/css/front.css?ver=5.1.3 HTTP/1.1" 200 9767 "https://r.lookismmanga.com/" "Mozilla/5.0 (Windows NT 10.0; Win64; x64) AppleWebKit/537.36 (KHTML, like Gecko) Chrome/127.0.0.0 Safari/537.36"
212.251.234.163 - - [15/Aug/2024:11:23:35 -0400] "GET /wp-content/themes/toivo-lite/fonts/genericons/genericons/genericons.min.css?ver=3.3 HTTP/1.1" 200 15959 "https://r.lookismmanga.com/" "Mozilla/5.0 (Windows NT 10.0; Win64; x64) AppleWebKit/537.36 (KHTML, like Gecko) Chrome/127.0.0.0 Safari/537.36"
212.251.234.163 - - [15/Aug/2024:11:23:35 -0400] "GET /wp-includes/js/jquery/jquery.min.js?ver=3.7.1 HTTP/1.1" 200 29744 "https://r.lookismmanga.com/" "Mozilla/5.0 (Windows NT 10.0; Win64; x64) AppleWebKit/537.36 (KHTML, like Gecko) Chrome/127.0.0.0 Safari/537.36"
212.251.234.163 - - [15/Aug/2024:11:23:35 -0400] "GET /wp-content/uploads/2024/02/lookismkmanhwabookvolume17dkshop-706x1024.jpg HTTP/1.1" 200 101529 "https://r.lookismmanga.com/" "Mozilla/5.0 (Windows NT 10.0; Win64; x64) AppleWebKit/537.36 (KHTML, like Gecko) Chrome/127.0.0.0 Safari/537.36"
212.251.234.163 - - [15/Aug/2024:11:23:35 -0400] "GET /wp-includes/js/jquery/jquery-migrate.min.js?ver=3.4.1 HTTP/1.1" 200 4678 "https://r.lookismmanga.com/" "Mozilla/5.0 (Windows NT 10.0; Win64; x64) AppleWebKit/537.36 (KHTML, like Gecko) Chrome/127.0.0.0 Safari/537.36"
212.251.234.163 - - [15/Aug/2024:11:23:35 -0400] "GET /wp-content/plugins/simple-social-buttons/assets/js/frontend-blocks.js?ver=5.1.3 HTTP/1.1" 200 0 "https://r.lookismmanga.com/" "Mozilla/5.0 (Windows NT 10.0; Win64; x64) AppleWebKit/537.36 (KHTML, like Gecko) Chrome/127.0.0.0 Safari/537.36"
212.251.234.163 - - [15/Aug/2024:11:23:35 -0400] "GET /wp-content/plugins/widgets-on-pages/public/css/widgets-on-pages-public.css?ver=1.4.0 HTTP/1.1" 200 83 "https://r.lookismmanga.com/" "Mozilla/5.0 (Windows NT 10.0; Win64; x64) AppleWebKit/537.36 (KHTML, like Gecko) Chrome/127.0.0.0 Safari/537.36"
212.251.234.163 - - [15/Aug/2024:11:23:35 -0400] "GET /wp-content/plugins/comic-easel/js/keynav.js HTTP/1.1" 200 302 "https://r.lookismmanga.com/" "Mozilla/5.0 (Windows NT 10.0; Win64; x64) AppleWebKit/537.36 (KHTML, like Gecko) Chrome/127.0.0.0 Safari/537.36"
212.251.234.163 - - [15/Aug/2024:11:23:35 -0400] "GET /wp-content/themes/toivo-lite/js/responsive-nav.min.js?ver=1.2.0 HTTP/1.1" 200 2102 "https://r.lookismmanga.com/" "Mozilla/5.0 (Windows NT 10.0; Win64; x64) AppleWebKit/537.36 (KHTML, like Gecko) Chrome/127.0.0.0 Safari/537.36"
212.251.234.163 - - [15/Aug/2024:11:23:35 -0400] "GET /wp-content/uploads/2024/02/cropped-MV5BMmI0NjY3NWYtMjEyYi00MjBlLWE4NDktNzNjZWNjMGUyY2U2XkEyXkFqcGdeQXVyMTUzNjM4ODE1._V1_.jpg HTTP/1.1" 200 88480 "https://r.lookismmanga.com/" "Mozilla/5.0 (Windows NT 10.0; Win64; x64) AppleWebKit/537.36 (KHTML, like Gecko) Chrome/127.0.0.0 Safari/537.36"
212.251.234.163 - - [15/Aug/2024:11:23:35 -0400] "GET /wp-content/themes/toivo-lite/js/functions.min.js?ver=1.2.0 HTTP/1.1" 200 593 "https://r.lookismmanga.com/" "Mozilla/5.0 (Windows NT 10.0; Win64; x64) AppleWebKit/537.36 (KHTML, like Gecko) Chrome/127.0.0.0 Safari/537.36"
212.251.234.163 - - [15/Aug/2024:11:23:39 -0400] "GET /comic/lookism-chapter-514/ HTTP/1.1" 200 10596 "-" "Mozilla/5.0 (Windows NT 10.0; Win64; x64) AppleWebKit/537.36 (KHTML, like Gecko) Chrome/127.0.0.0 Safari/537.36"
212.251.234.163 - - [15/Aug/2024:11:23:40 -0400] "GET /wp-content/plugins/wp-automatic/js/main-front.js?ver=6.5.5 HTTP/1.1" 200 316 "https://r.lookismmanga.com/comic/lookism-chapter-514/" "Mozilla/5.0 (Windows NT 10.0; Win64; x64) AppleWebKit/537.36 (KHTML, like Gecko) Chrome/127.0.0.0 Safari/537.36"
212.251.234.163 - - [15/Aug/2024:11:23:40 -0400] "GET /wp-content/plugins/wp-automatic/css/wp-automatic.css?ver=1.0.0 HTTP/1.1" 200 537 "https://r.lookismmanga.com/comic/lookism-chapter-514/" "Mozilla/5.0 (Windows NT 10.0; Win64; x64) AppleWebKit/537.36 (KHTML, like Gecko) Chrome/127.0.0.0 Safari/537.36"
212.251.234.163 - - [15/Aug/2024:11:23:40 -0400] "GET /wp-content/plugins/disqus-comment-system/public/js/comment_count.js?ver=3.1.1 HTTP/1.1" 200 354 "https://r.lookismmanga.com/comic/lookism-chapter-514/" "Mozilla/5.0 (Windows NT 10.0; Win64; x64) AppleWebKit/537.36 (KHTML, like Gecko) Chrome/127.0.0.0 Safari/537.36"
212.251.234.163 - - [15/Aug/2024:11:23:40 -0400] "GET /wp-content/plugins/disqus-comment-system/public/js/comment_embed.js?ver=3.1.1 HTTP/1.1" 200 653 "https://r.lookismmanga.com/comic/lookism-chapter-514/" "Mozilla/5.0 (Windows NT 10.0; Win64; x64) AppleWebKit/537.36 (KHTML, like Gecko) Chrome/127.0.0.0 Safari/537.36"
212.251.234.163 - - [15/Aug/2024:11:23:40 -0400] "GET /wp-includes/js/comment-reply.min.js?ver=6.5.5 HTTP/1.1" 200 1228 "https://r.lookismmanga.com/comic/lookism-chapter-514/" "Mozilla/5.0 (Windows NT 10.0; Win64; x64) AppleWebKit/537.36 (KHTML, like Gecko) Chrome/127.0.0.0 Safari/537.36"
212.251.234.163 - - [15/Aug/2024:11:23:40 -0400] "GET /wp-content/plugins/simple-social-buttons/assets/fonts/ssb-icon.ttf?eahqa2 HTTP/1.1" 200 6212 "https://r.lookismmanga.com/wp-content/plugins/simple-social-buttons/assets/css/front.css?ver=5.1.3" "Mozilla/5.0 (Windows NT 10.0; Win64; x64) AppleWebKit/537.36 (KHTML, like Gecko) Chrome/127.0.0.0 Safari/537.36"
59.152.96.161 - - [15/Aug/2024:11:23:58 -0400] "GET / HTTP/1.1" 200 11596 "-" "Mozilla/5.0 (Linux; Android 13; 21121119SG Build/TP1A.220624.014; wv) AppleWebKit/537.36 (KHTML, like Gecko) Version/4.0 Chrome/127.0.6533.103 Mobile Safari/537.36"
59.152.96.161 - - [15/Aug/2024:11:23:59 -0400] "GET / HTTP/1.1" 304 0 "https://r.lookismmanga.com/" "Mozilla/5.0 (Linux; Android 13; 21121119SG Build/TP1A.220624.014; wv) AppleWebKit/537.36 (KHTML, like Gecko) Version/4.0 Chrome/127.0.6533.103 Mobile Safari/537.36"
59.152.96.161 - - [15/Aug/2024:11:24:00 -0400] "GET /comic/lookism-chapter-157/ HTTP/1.1" 200 12207 "https://r.lookismmanga.com/" "Mozilla/5.0 (Linux; Android 13; 21121119SG Build/TP1A.220624.014; wv) AppleWebKit/537.36 (KHTML, like Gecko) Version/4.0 Chrome/127.0.6533.103 Mobile Safari/537.36"
162.0.232.193 - - [15/Aug/2024:11:24:01 -0400] "POST /wp-cron.php?doing_wp_cron=1723735441.7199540138244628906250 HTTP/1.1" 200 0 "-" "WordPress/6.5.5; https://r.lookismmanga.com"
59.152.96.161 - - [15/Aug/2024:11:24:01 -0400] "POST /wp-admin/admin-ajax.php HTTP/1.1" 200 69 "https://r.lookismmanga.com/comic/lookism-chapter-157/" "Mozilla/5.0 (Linux; Android 13; 21121119SG Build/TP1A.220624.014; wv) AppleWebKit/537.36 (KHTML, like Gecko) Version/4.0 Chrome/127.0.6533.103 Mobile Safari/537.36"
162.0.232.193 - - [15/Aug/2024:11:24:02 -0400] "GET /comic/lookism-chapter-252/ HTTP/1.1" 200 12887 "-" "WP Rocket/Preload"
20.191.45.212 - - [15/Aug/2024:11:24:03 -0400] "GET / HTTP/1.1" 200 11603 "https://r.lookismmanga.com/" "DuckDuckBot/1.1; (+http://duckduckgo.com/duckduckbot.html)"
162.0.232.193 - - [15/Aug/2024:11:24:03 -0400] "GET /comic/lookism-chapter-252/ HTTP/1.1" 200 12887 "-" "WP Rocket/Preload Mozilla/5.0 (iPhone; CPU iPhone OS 9_1 like Mac OS X) AppleWebKit/601.1.46 (KHTML, like Gecko) Version/9.0 Mobile/13B143 Safari/601.1"
162.0.232.193 - - [15/Aug/2024:11:24:04 -0400] "GET /comic/lookism-chapter-96/ HTTP/1.1" 200 11285 "-" "WP Rocket/Preload"
59.152.96.161 - - [15/Aug/2024:11:24:06 -0400] "GET /comic/lookism-chapter-513/ HTTP/1.1" 200 11038 "https://r.lookismmanga.com/comic/lookism-chapter-157/" "Mozilla/5.0 (Linux; Android 13; 21121119SG Build/TP1A.220624.014; wv) AppleWebKit/537.36 (KHTML, like Gecko) Version/4.0 Chrome/127.0.6533.103 Mobile Safari/537.36"
162.0.232.193 - - [15/Aug/2024:11:24:06 -0400] "GET /comic/lookism-chapter-96/ HTTP/1.1" 200 11286 "-" "WP Rocket/Preload Mozilla/5.0 (iPhone; CPU iPhone OS 9_1 like Mac OS X) AppleWebKit/601.1.46 (KHTML, like Gecko) Version/9.0 Mobile/13B143 Safari/601.1"
162.0.232.193 - - [15/Aug/2024:11:24:07 -0400] "GET /comic/lookism-chapter-92/ HTTP/1.1" 200 11286 "-" "WP Rocket/Preload"
59.152.96.161 - - [15/Aug/2024:11:24:08 -0400] "GET /comic/lookism-chapter-508/ HTTP/1.1" 200 12254 "https://r.lookismmanga.com/comic/lookism-chapter-157/" "Mozilla/5.0 (Linux; Android 13; 21121119SG Build/TP1A.220624.014; wv) AppleWebKit/537.36 (KHTML, like Gecko) Version/4.0 Chrome/127.0.6533.103 Mobile Safari/537.36"
59.152.96.161 - - [15/Aug/2024:11:24:08 -0400] "GET /comic/lookism-chapter-509/ HTTP/1.1" 200 11604 "https://r.lookismmanga.com/comic/lookism-chapter-157/" "Mozilla/5.0 (Linux; Android 13; 21121119SG Build/TP1A.220624.014; wv) AppleWebKit/537.36 (KHTML, like Gecko) Version/4.0 Chrome/127.0.6533.103 Mobile Safari/537.36"
162.0.232.193 - - [15/Aug/2024:11:24:08 -0400] "GET /comic/lookism-chapter-92/ HTTP/1.1" 200 11287 "-" "WP Rocket/Preload Mozilla/5.0 (iPhone; CPU iPhone OS 9_1 like Mac OS X) AppleWebKit/601.1.46 (KHTML, like Gecko) Version/9.0 Mobile/13B143 Safari/601.1"
162.0.232.193 - - [15/Aug/2024:11:24:09 -0400] "GET /comic/lookism-chapter-16/ HTTP/1.1" 200 11696 "-" "WP Rocket/Preload"
162.0.232.193 - - [15/Aug/2024:11:24:11 -0400] "GET /comic/lookism-chapter-16/ HTTP/1.1" 200 11697 "-" "WP Rocket/Preload Mozilla/5.0 (iPhone; CPU iPhone OS 9_1 like Mac OS X) AppleWebKit/601.1.46 (KHTML, like Gecko) Version/9.0 Mobile/13B143 Safari/601.1"
162.0.232.193 - - [15/Aug/2024:11:24:12 -0400] "GET /comic/lookism-chapter-33/ HTTP/1.1" 200 11745 "-" "WP Rocket/Preload"
162.0.232.193 - - [15/Aug/2024:11:24:13 -0400] "GET /comic/lookism-chapter-33/ HTTP/1.1" 200 11744 "-" "WP Rocket/Preload Mozilla/5.0 (iPhone; CPU iPhone OS 9_1 like Mac OS X) AppleWebKit/601.1.46 (KHTML, like Gecko) Version/9.0 Mobile/13B143 Safari/601.1"
162.0.232.193 - - [15/Aug/2024:11:24:14 -0400] "GET /comic/lookism-chapter-198/ HTTP/1.1" 200 12637 "-" "WP Rocket/Preload"
162.0.232.193 - - [15/Aug/2024:11:24:16 -0400] "GET /comic/lookism-chapter-198/ HTTP/1.1" 200 12431 "-" "WP Rocket/Preload Mozilla/5.0 (iPhone; CPU iPhone OS 9_1 like Mac OS X) AppleWebKit/601.1.46 (KHTML, like Gecko) Version/9.0 Mobile/13B143 Safari/601.1"
162.0.232.193 - - [15/Aug/2024:11:24:17 -0400] "GET /comic/lookism-chapter-373/ HTTP/1.1" 200 11943 "-" "WP Rocket/Preload"
162.0.232.193 - - [15/Aug/2024:11:24:18 -0400] "GET /comic/lookism-chapter-373/ HTTP/1.1" 200 11942 "-" "WP Rocket/Preload Mozilla/5.0 (iPhone; CPU iPhone OS 9_1 like Mac OS X) AppleWebKit/601.1.46 (KHTML, like Gecko) Version/9.0 Mobile/13B143 Safari/601.1"
162.0.232.193 - - [15/Aug/2024:11:24:19 -0400] "GET /comic/lookism-chapter-410/ HTTP/1.1" 200 11623 "-" "WP Rocket/Preload"
162.0.232.193 - - [15/Aug/2024:11:24:20 -0400] "GET /comic/lookism-chapter-410/ HTTP/1.1" 200 11625 "-" "WP Rocket/Preload Mozilla/5.0 (iPhone; CPU iPhone OS 9_1 like Mac OS X) AppleWebKit/601.1.46 (KHTML, like Gecko) Version/9.0 Mobile/13B143 Safari/601.1"
162.0.232.193 - - [15/Aug/2024:11:24:21 -0400] "GET /comic/lookism-chapter-11/ HTTP/1.1" 200 11640 "-" "WP Rocket/Preload"
162.0.232.193 - - [15/Aug/2024:11:24:22 -0400] "GET /comic/lookism-chapter-11/ HTTP/1.1" 200 11641 "-" "WP Rocket/Preload Mozilla/5.0 (iPhone; CPU iPhone OS 9_1 like Mac OS X) AppleWebKit/601.1.46 (KHTML, like Gecko) Version/9.0 Mobile/13B143 Safari/601.1"
162.0.232.193 - - [15/Aug/2024:11:24:24 -0400] "GET /category/lookism-manga/ HTTP/1.1" 200 10346 "-" "WP Rocket/Preload"
162.0.232.193 - - [15/Aug/2024:11:24:25 -0400] "GET /category/lookism-manga/ HTTP/1.1" 200 10343 "-" "WP Rocket/Preload Mozilla/5.0 (iPhone; CPU iPhone OS 9_1 like Mac OS X) AppleWebKit/601.1.46 (KHTML, like Gecko) Version/9.0 Mobile/13B143 Safari/601.1"
42.104.224.6 - - [15/Aug/2024:11:25:25 -0400] "GET / HTTP/1.1" 200 11596 "https://duckduckgo.com/" "Mozilla/5.0 (Linux; Android 10; K) AppleWebKit/537.36 (KHTML, like Gecko) Chrome/120.0.0.0 Mobile Safari/537.36"
2a02:2f08:860d:400:fc14:cba8:f357:e328 - - [15/Aug/2024:11:25:59 -0400] "GET / HTTP/1.1" 200 11603 "https://www.bing.com/" "Mozilla/5.0 (Windows NT 10.0; Win64; x64) AppleWebKit/537.36 (KHTML, like Gecko) Chrome/127.0.0.0 Safari/537.36 Edg/127.0.0.0"
2a02:2f08:860d:400:fc14:cba8:f357:e328 - - [15/Aug/2024:11:26:00 -0400] "GET /wp-includes/js/jquery/jquery-migrate.min.js?ver=3.4.1 HTTP/1.1" 200 4678 "https://r.lookismmanga.com/" "Mozilla/5.0 (Windows NT 10.0; Win64; x64) AppleWebKit/537.36 (KHTML, like Gecko) Chrome/127.0.0.0 Safari/537.36 Edg/127.0.0.0"
2a02:2f08:860d:400:fc14:cba8:f357:e328 - - [15/Aug/2024:11:26:00 -0400] "GET /wp-content/uploads/2024/02/cropped-MV5BMmI0NjY3NWYtMjEyYi00MjBlLWE4NDktNzNjZWNjMGUyY2U2XkEyXkFqcGdeQXVyMTUzNjM4ODE1._V1_.jpg HTTP/1.1" 200 88480 "https://r.lookismmanga.com/" "Mozilla/5.0 (Windows NT 10.0; Win64; x64) AppleWebKit/537.36 (KHTML, like Gecko) Chrome/127.0.0.0 Safari/537.36 Edg/127.0.0.0"
2a02:2f08:860d:400:fc14:cba8:f357:e328 - - [15/Aug/2024:11:26:01 -0400] "GET /wp-content/uploads/2024/02/cropped-if-the-anime-continues-and-reaches-the-point-of-current-v0-frhh1uf0zj5a1-32x32.webp HTTP/1.1" 200 438 "https://r.lookismmanga.com/" "Mozilla/5.0 (Windows NT 10.0; Win64; x64) AppleWebKit/537.36 (KHTML, like Gecko) Chrome/127.0.0.0 Safari/537.36 Edg/127.0.0.0"
2a02:2f08:860d:400:fc14:cba8:f357:e328 - - [15/Aug/2024:11:26:02 -0400] "GET /comic/lookism-chapter-492/ HTTP/1.1" 200 11609 "https://r.lookismmanga.com/" "Mozilla/5.0 (Windows NT 10.0; Win64; x64) AppleWebKit/537.36 (KHTML, like Gecko) Chrome/127.0.0.0 Safari/537.36 Edg/127.0.0.0"
52.225.75.210 - - [15/Aug/2024:11:26:10 -0400] "GET / HTTP/1.1" 200 11603 "-" "Mozilla/5.0 AppleWebKit/537.36 (KHTML, like Gecko); compatible; ChatGPT-User/1.0; +https://openai.com/bot"
45.123.223.134 - - [15/Aug/2024:11:26:44 -0400] "GET / HTTP/1.1" 304 0 "https://search.brave.com/" "Mozilla/5.0 (Linux; Android 10; K) AppleWebKit/537.36 (KHTML, like Gecko) Chrome/127.0.0.0 Mobile Safari/537.36"
2409:4052:2e19:d3a9:a96e:7c16:e827:8afc - - [15/Aug/2024:11:26:51 -0400] "GET /comic/lookism-chapter-511/ HTTP/1.1" 200 11103 "https://www.bing.com/" "Mozilla/5.0 (Windows NT 10.0; Win64; x64) AppleWebKit/537.36 (KHTML, like Gecko) Chrome/127.0.0.0 Safari/537.36 Edg/127.0.0.0"
45.123.223.134 - - [15/Aug/2024:11:26:51 -0400] "GET / HTTP/1.1" 304 0 "https://search.brave.com/" "Mozilla/5.0 (Linux; Android 10; K) AppleWebKit/537.36 (KHTML, like Gecko) Chrome/127.0.0.0 Mobile Safari/537.36"
2409:4052:2e19:d3a9:a96e:7c16:e827:8afc - - [15/Aug/2024:11:26:52 -0400] "GET /wp-content/plugins/wp-automatic/js/main-front.js?ver=6.5.5 HTTP/1.1" 200 316 "https://r.lookismmanga.com/comic/lookism-chapter-511/" "Mozilla/5.0 (Windows NT 10.0; Win64; x64) AppleWebKit/537.36 (KHTML, like Gecko) Chrome/127.0.0.0 Safari/537.36 Edg/127.0.0.0"
2409:4052:2e19:d3a9:a96e:7c16:e827:8afc - - [15/Aug/2024:11:26:52 -0400] "GET /wp-content/uploads/2024/02/MV5BMmI0NjY3NWYtMjEyYi00MjBlLWE4NDktNzNjZWNjMGUyY2U2XkEyXkFqcGdeQXVyMTUzNjM4ODE1._V1_-1260x709.jpg HTTP/1.1" 200 95093 "https://r.lookismmanga.com/comic/lookism-chapter-511/" "Mozilla/5.0 (Windows NT 10.0; Win64; x64) AppleWebKit/537.36 (KHTML, like Gecko) Chrome/127.0.0.0 Safari/537.36 Edg/127.0.0.0"
2409:4052:2e19:d3a9:a96e:7c16:e827:8afc - - [15/Aug/2024:11:26:53 -0400] "GET /wp-content/plugins/disqus-comment-system/public/js/comment_count.js?ver=3.1.1 HTTP/1.1" 200 354 "https://r.lookismmanga.com/comic/lookism-chapter-511/" "Mozilla/5.0 (Windows NT 10.0; Win64; x64) AppleWebKit/537.36 (KHTML, like Gecko) Chrome/127.0.0.0 Safari/537.36 Edg/127.0.0.0"
2409:4052:2e19:d3a9:a96e:7c16:e827:8afc - - [15/Aug/2024:11:26:54 -0400] "GET /wp-includes/js/comment-reply.min.js?ver=6.5.5 HTTP/1.1" 200 1228 "https://r.lookismmanga.com/comic/lookism-chapter-511/" "Mozilla/5.0 (Windows NT 10.0; Win64; x64) AppleWebKit/537.36 (KHTML, like Gecko) Chrome/127.0.0.0 Safari/537.36 Edg/127.0.0.0"
2409:4052:2e19:d3a9:a96e:7c16:e827:8afc - - [15/Aug/2024:11:26:54 -0400] "GET /wp-content/plugins/disqus-comment-system/public/js/comment_embed.js?ver=3.1.1 HTTP/1.1" 200 653 "https://r.lookismmanga.com/comic/lookism-chapter-511/" "Mozilla/5.0 (Windows NT 10.0; Win64; x64) AppleWebKit/537.36 (KHTML, like Gecko) Chrome/127.0.0.0 Safari/537.36 Edg/127.0.0.0"
45.123.223.134 - - [15/Aug/2024:11:26:54 -0400] "GET /comic/lookism-chapter-512/ HTTP/1.1" 200 10995 "-" "Mozilla/5.0 (Linux; Android 10; K) AppleWebKit/537.36 (KHTML, like Gecko) Chrome/127.0.0.0 Mobile Safari/537.36"
2409:4052:2e19:d3a9:a96e:7c16:e827:8afc - - [15/Aug/2024:11:26:54 -0400] "GET /wp-content/plugins/simple-social-buttons/assets/fonts/ssb-icon.ttf?eahqa2 HTTP/1.1" 200 6212 "https://r.lookismmanga.com/wp-content/plugins/simple-social-buttons/assets/css/front.css?ver=5.1.3" "Mozilla/5.0 (Windows NT 10.0; Win64; x64) AppleWebKit/537.36 (KHTML, like Gecko) Chrome/127.0.0.0 Safari/537.36 Edg/127.0.0.0"
2a03:2880:2ff:7::face:b00c - - [15/Aug/2024:11:26:54 -0400] "GET /?p=2118 HTTP/1.1" 301 0 "-" "facebookexternalhit/1.1 (+http://www.facebook.com/externalhit_uatext.php)"
45.123.223.134 - - [15/Aug/2024:11:26:55 -0400] "GET /comic/lookism-chapter-514/ HTTP/1.1" 304 0 "-" "Mozilla/5.0 (Linux; Android 10; K) AppleWebKit/537.36 (KHTML, like Gecko) Chrome/127.0.0.0 Mobile Safari/537.36"
162.0.232.193 - - [15/Aug/2024:11:26:55 -0400] "POST /wp-cron.php?doing_wp_cron=1723735614.9640240669250488281250 HTTP/1.1" 200 0 "-" "WordPress/6.5.5; https://r.lookismmanga.com"
2409:4052:2e19:d3a9:a96e:7c16:e827:8afc - - [15/Aug/2024:11:26:54 -0400] "POST /wp-admin/admin-ajax.php HTTP/1.1" 200 69 "https://r.lookismmanga.com/comic/lookism-chapter-511/" "Mozilla/5.0 (Windows NT 10.0; Win64; x64) AppleWebKit/537.36 (KHTML, like Gecko) Chrome/127.0.0.0 Safari/537.36 Edg/127.0.0.0"
162.0.232.193 - - [15/Aug/2024:11:26:55 -0400] "GET /comic/lookism-chapter-509/ HTTP/1.1" 200 11490 "-" "WP Rocket/Preload"
2409:4052:2e19:d3a9:a96e:7c16:e827:8afc - - [15/Aug/2024:11:26:56 -0400] "GET /comic/lookism-chapter-510-1/ HTTP/1.1" 200 11146 "https://r.lookismmanga.com/comic/lookism-chapter-511/" "Mozilla/5.0 (Windows NT 10.0; Win64; x64) AppleWebKit/537.36 (KHTML, like Gecko) Chrome/127.0.0.0 Safari/537.36 Edg/127.0.0.0"
2a03:2880:f800:d:: - - [15/Aug/2024:11:26:56 -0400] "GET /?p=2276 HTTP/1.1" 301 0 "-" "facebookexternalhit/1.1 (+http://www.facebook.com/externalhit_uatext.php)"
162.0.232.193 - - [15/Aug/2024:11:26:57 -0400] "GET /comic/lookism-chapter-509/ HTTP/1.1" 200 11627 "-" "WP Rocket/Preload Mozilla/5.0 (iPhone; CPU iPhone OS 9_1 like Mac OS X) AppleWebKit/601.1.46 (KHTML, like Gecko) Version/9.0 Mobile/13B143 Safari/601.1"
40.84.221.211 - - [15/Aug/2024:11:26:57 -0400] "GET / HTTP/1.1" 304 0 "-" "Mozilla/5.0 AppleWebKit/537.36 (KHTML, like Gecko); compatible; ChatGPT-User/1.0; +https://openai.com/bot"
162.0.232.193 - - [15/Aug/2024:11:26:58 -0400] "GET /comic/lookism-chapter-501/ HTTP/1.1" 200 11151 "-" "WP Rocket/Preload"
2409:4052:2e19:d3a9:a96e:7c16:e827:8afc - - [15/Aug/2024:11:26:58 -0400] "GET /wp-content/uploads/2024/02/cropped-if-the-anime-continues-and-reaches-the-point-of-current-v0-frhh1uf0zj5a1-32x32.webp HTTP/1.1" 200 438 "https://r.lookismmanga.com/comic/lookism-chapter-511/" "Mozilla/5.0 (Windows NT 10.0; Win64; x64) AppleWebKit/537.36 (KHTML, like Gecko) Chrome/127.0.0.0 Safari/537.36 Edg/127.0.0.0"
2409:4052:2e19:d3a9:a96e:7c16:e827:8afc - - [15/Aug/2024:11:26:59 -0400] "GET /comic/lookism-chapter-514/ HTTP/1.1" 200 10596 "https://r.lookismmanga.com/comic/lookism-chapter-511/" "Mozilla/5.0 (Windows NT 10.0; Win64; x64) AppleWebKit/537.36 (KHTML, like Gecko) Chrome/127.0.0.0 Safari/537.36 Edg/127.0.0.0"
