37.156.84.76 - - [15/Aug/2024:13:03:26 -0400] "GET /wp-content/uploads/2024/02/cropped-MV5BMmI0NjY3NWYtMjEyYi00MjBlLWE4NDktNzNjZWNjMGUyY2U2XkEyXkFqcGdeQXVyMTUzNjM4ODE1._V1_.jpg HTTP/1.1" 200 88480 "https://r.lookismmanga.com/" "Mozilla/5.0 (Linux; Android 10; K) AppleWebKit/537.36 (KHTML, like Gecko) Chrome/127.0.0.0 Mobile Safari/537.36"
37.156.84.76 - - [15/Aug/2024:13:03:27 -0400] "GET /wp-content/themes/toivo-lite/js/responsive-nav.min.js?ver=1.2.0 HTTP/1.1" 200 2102 "https://r.lookismmanga.com/" "Mozilla/5.0 (Linux; Android 10; K) AppleWebKit/537.36 (KHTML, like Gecko) Chrome/127.0.0.0 Mobile Safari/537.36"
37.156.84.76 - - [15/Aug/2024:13:03:27 -0400] "GET /wp-content/themes/toivo-lite/js/functions.min.js?ver=1.2.0 HTTP/1.1" 200 593 "https://r.lookismmanga.com/" "Mozilla/5.0 (Linux; Android 10; K) AppleWebKit/537.36 (KHTML, like Gecko) Chrome/127.0.0.0 Mobile Safari/537.36"
37.156.84.76 - - [15/Aug/2024:13:03:27 -0400] "GET /wp-content/themes/toivo-lite/js/settings.min.js?ver=1.2.0 HTTP/1.1" 200 307 "https://r.lookismmanga.com/" "Mozilla/5.0 (Linux; Android 10; K) AppleWebKit/537.36 (KHTML, like Gecko) Chrome/127.0.0.0 Mobile Safari/537.36"
37.156.84.76 - - [15/Aug/2024:13:03:28 -0400] "GET /category/lookism-webtoon/ HTTP/1.1" 200 10354 "https://r.lookismmanga.com/" "Mozilla/5.0 (Linux; Android 10; K) AppleWebKit/537.36 (KHTML, like Gecko) Chrome/127.0.0.0 Mobile Safari/537.36"
37.156.84.76 - - [15/Aug/2024:13:03:28 -0400] "GET /wp-content/uploads/2024/02/cropped-if-the-anime-continues-and-reaches-the-point-of-current-v0-frhh1uf0zj5a1-180x180.webp HTTP/1.1" 200 4302 "-" "DuckDuckGo/5 (com.duckduckgo.mobile.android; Android API 31)"
37.156.84.76 - - [15/Aug/2024:13:03:28 -0400] "GET /wp-content/uploads/2024/02/cropped-if-the-anime-continues-and-reaches-the-point-of-current-v0-frhh1uf0zj5a1-192x192.webp HTTP/1.1" 200 4440 "https://r.lookismmanga.com/" "Mozilla/5.0 (Linux; Android 10; K) AppleWebKit/537.36 (KHTML, like Gecko) Chrome/127.0.0.0 Mobile Safari/537.36"
37.156.84.76 - - [15/Aug/2024:13:03:28 -0400] "GET /wp-content/uploads/2024/02/cropped-if-the-anime-continues-and-reaches-the-point-of-current-v0-frhh1uf0zj5a1-32x32.webp HTTP/1.1" 200 438 "https://r.lookismmanga.com/" "Mozilla/5.0 (Linux; Android 10; K) AppleWebKit/537.36 (KHTML, like Gecko) Chrome/127.0.0.0 Mobile Safari/537.36"
162.0.232.193 - - [15/Aug/2024:13:03:29 -0400] "POST /wp-cron.php?doing_wp_cron=1723741408.7830200195312500000000 HTTP/1.1" 200 0 "-" "WordPress/6.5.5; https://r.lookismmanga.com"
37.156.84.76 - - [15/Aug/2024:13:03:28 -0400] "GET /apple-touch-icon.png HTTP/1.1" 301 0 "-" "DuckDuckGo/5 (com.duckduckgo.mobile.android; Android API 31)"
37.156.84.76 - - [15/Aug/2024:13:03:29 -0400] "GET / HTTP/1.1" 200 11484 "-" "DuckDuckGo/5 (com.duckduckgo.mobile.android; Android API 31)"
37.156.84.76 - - [15/Aug/2024:13:03:30 -0400] "GET /favicon.ico HTTP/1.1" 302 0 "-" "DuckDuckGo/5 (com.duckduckgo.mobile.android; Android API 31)"
162.0.232.193 - - [15/Aug/2024:13:03:42 -0400] "POST /wp-cron.php?doing_wp_cron=1723741422.6042668819427490234375 HTTP/1.1" 200 0 "-" "WordPress/6.5.5; https://r.lookismmanga.com"
40.77.167.45 - - [15/Aug/2024:13:03:42 -0400] "GET /post_tag-sitemap.xml HTTP/1.1" 200 437 "-" "Mozilla/5.0 AppleWebKit/537.36 (KHTML, like Gecko; compatible; bingbot/2.0; +http://www.bing.com/bingbot.htm) Chrome/116.0.1938.76 Safari/537.36"
40.77.167.45 - - [15/Aug/2024:13:03:43 -0400] "GET /post_tag-sitemap.xml HTTP/1.1" 200 437 "-" "Mozilla/5.0 AppleWebKit/537.36 (KHTML, like Gecko; compatible; bingbot/2.0; +http://www.bing.com/bingbot.htm) Chrome/116.0.1938.76 Safari/537.36"
2a02:2f01:8906:fa00:9d03:c9cc:fc22:9515 - - [15/Aug/2024:13:03:54 -0400] "GET / HTTP/1.1" 200 11596 "-" "Mozilla/5.0 (Linux; Android 14; SM-G996B Build/UP1A.231005.007; wv) AppleWebKit/537.36 (KHTML, like Gecko) Version/4.0 Chrome/127.0.6533.103 Mobile Safari/537.36"
2001:fb1:17a:e4a:dd98:ca06:72fa:f6b8 - - [15/Aug/2024:13:04:02 -0400] "GET / HTTP/1.1" 200 11603 "https://www.bing.com/" "Mozilla/5.0 (Windows NT 10.0; Win64; x64) AppleWebKit/537.36 (KHTML, like Gecko) Chrome/127.0.0.0 Safari/537.36 Edg/127.0.0.0"
2403:6200:88a1:623e:f164:a43:2256:29a7 - - [15/Aug/2024:13:04:06 -0400] "GET / HTTP/1.1" 200 11603 "https://search.yahoo.com/" "Mozilla/5.0 (Windows NT 10.0; Win64; x64) AppleWebKit/537.36 (KHTML, like Gecko) Chrome/127.0.0.0 Safari/537.36"
2403:6200:88a1:623e:f164:a43:2256:29a7 - - [15/Aug/2024:13:04:09 -0400] "GET /comic/lookism-chapter-505/ HTTP/1.1" 200 11521 "https://r.lookismmanga.com/" "Mozilla/5.0 (Windows NT 10.0; Win64; x64) AppleWebKit/537.36 (KHTML, like Gecko) Chrome/127.0.0.0 Safari/537.36"
2403:6200:88a1:623e:f164:a43:2256:29a7 - - [15/Aug/2024:13:04:10 -0400] "GET /comic/lookism-chapter-514/ HTTP/1.1" 200 10596 "https://r.lookismmanga.com/" "Mozilla/5.0 (Windows NT 10.0; Win64; x64) AppleWebKit/537.36 (KHTML, like Gecko) Chrome/127.0.0.0 Safari/537.36"
2401:b200:55:5aa9:4816:271e:b99c:d1fc - - [15/Aug/2024:13:04:14 -0400] "GET / HTTP/1.1" 200 11596 "-" "Mozilla/5.0 (Linux; Android 14; SM-A556E Build/UP1A.231005.007; wv) AppleWebKit/537.36 (KHTML, like Gecko) Version/4.0 Chrome/127.0.6533.103 Mobile Safari/537.36"
80.183.5.37 - - [15/Aug/2024:13:04:31 -0400] "GET / HTTP/1.1" 200 11596 "https://www.bing.com/" "Mozilla/5.0 (Linux; Android 10; STK-LX1 Build/HUAWEISTK-LX1; wv) AppleWebKit/537.36 (KHTML, like Gecko) Version/4.0 Chrome/127.0.6533.103 Mobile Safari/537.36"
80.183.5.37 - - [15/Aug/2024:13:04:37 -0400] "GET /comic/lookism-chapter-503/ HTTP/1.1" 200 11631 "https://r.lookismmanga.com/" "Mozilla/5.0 (Linux; Android 10; STK-LX1 Build/HUAWEISTK-LX1; wv) AppleWebKit/537.36 (KHTML, like Gecko) Version/4.0 Chrome/127.0.6533.103 Mobile Safari/537.36"
80.183.5.37 - - [15/Aug/2024:13:04:38 -0400] "GET /comic/lookism-chapter-514/ HTTP/1.1" 200 10578 "https://r.lookismmanga.com/" "Mozilla/5.0 (Linux; Android 10; STK-LX1 Build/HUAWEISTK-LX1; wv) AppleWebKit/537.36 (KHTML, like Gecko) Version/4.0 Chrome/127.0.6533.103 Mobile Safari/537.36"
2402:e280:2310:343:f9e3:bc17:731e:ccdd - - [15/Aug/2024:13:04:46 -0400] "GET / HTTP/1.1" 200 11603 "https://search.yahoo.com/" "Mozilla/5.0 (Windows NT 10.0; Win64; x64) AppleWebKit/537.36 (KHTML, like Gecko) Chrome/127.0.0.0 Safari/537.36"
2402:e280:2310:343:f9e3:bc17:731e:ccdd - - [15/Aug/2024:13:04:53 -0400] "GET /comic/lookism-chapter-510-1/ HTTP/1.1" 200 11146 "https://r.lookismmanga.com/" "Mozilla/5.0 (Windows NT 10.0; Win64; x64) AppleWebKit/537.36 (KHTML, like Gecko) Chrome/127.0.0.0 Safari/537.36"
128.14.65.89 - - [15/Aug/2024:13:04:59 -0400] "GET / HTTP/1.1" 200 11596 "https://duckduckgo.com/" "Mozilla/5.0 (Linux; Android 10; K) AppleWebKit/537.36 (KHTML, like Gecko) Chrome/127.0.0.0 Mobile Safari/537.36"
150.107.21.221 - - [15/Aug/2024:13:05:20 -0400] "GET / HTTP/1.1" 200 11596 "-" "Mozilla/5.0 (Linux; Android 12; V2029 Build/SP1A.210812.003; wv) AppleWebKit/537.36 (KHTML, like Gecko) Version/4.0 Chrome/127.0.6533.64 Mobile Safari/537.36"
150.107.21.221 - - [15/Aug/2024:13:05:22 -0400] "GET / HTTP/1.1" 304 0 "-" "Mozilla/5.0 (Linux; Android 12; V2029 Build/SP1A.210812.003; wv) AppleWebKit/537.36 (KHTML, like Gecko) Version/4.0 Chrome/127.0.6533.64 Mobile Safari/537.36"
150.107.21.221 - - [15/Aug/2024:13:05:24 -0400] "GET /comic/lookism-chapter-157/ HTTP/1.1" 200 11800 "https://r.lookismmanga.com/" "Mozilla/5.0 (Linux; Android 12; V2029 Build/SP1A.210812.003; wv) AppleWebKit/537.36 (KHTML, like Gecko) Version/4.0 Chrome/127.0.6533.64 Mobile Safari/537.36"
150.107.21.221 - - [15/Aug/2024:13:05:24 -0400] "GET /comic/lookism-chapter-509/ HTTP/1.1" 200 11627 "https://r.lookismmanga.com/" "Mozilla/5.0 (Linux; Android 12; V2029 Build/SP1A.210812.003; wv) AppleWebKit/537.36 (KHTML, like Gecko) Version/4.0 Chrome/127.0.6533.64 Mobile Safari/537.36"
162.0.232.193 - - [15/Aug/2024:13:05:30 -0400] "POST /wp-cron.php?doing_wp_cron=1723741530.3430449962615966796875 HTTP/1.1" 200 0 "-" "WordPress/6.5.5; https://r.lookismmanga.com"
102.68.122.234 - - [15/Aug/2024:13:05:31 -0400] "GET / HTTP/1.1" 200 11596 "https://www.bing.com/" "Mozilla/5.0 (Linux; Android 10; JNY-LX1; HMSCore 6.14.0.302) AppleWebKit/537.36 (KHTML, like Gecko) Chrome/99.0.4844.88 HuaweiBrowser/14.0.5.303 Mobile Safari/537.36"
24.185.45.2 - - [15/Aug/2024:13:05:51 -0400] "GET / HTTP/1.1" 200 11603 "https://www.bing.com/" "Mozilla/5.0 (Windows NT 10.0; Win64; x64) AppleWebKit/537.36 (KHTML, like Gecko) Chrome/127.0.0.0 Safari/537.36 Edg/127.0.0.0"
24.185.45.2 - - [15/Aug/2024:13:05:53 -0400] "GET /lookism-chapter-511/ HTTP/1.1" 200 11530 "https://r.lookismmanga.com/" "Mozilla/5.0 (Windows NT 10.0; Win64; x64) AppleWebKit/537.36 (KHTML, like Gecko) Chrome/127.0.0.0 Safari/537.36 Edg/127.0.0.0"
24.185.45.2 - - [15/Aug/2024:13:05:56 -0400] "GET /comic/lookism-chapter-514/ HTTP/1.1" 200 10596 "https://r.lookismmanga.com/" "Mozilla/5.0 (Windows NT 10.0; Win64; x64) AppleWebKit/537.36 (KHTML, like Gecko) Chrome/127.0.0.0 Safari/537.36 Edg/127.0.0.0"
2403:6200:8860:30ca:1568:cd66:720d:2a36 - - [15/Aug/2024:13:05:58 -0400] "GET / HTTP/1.1" 200 11603 "https://www.bing.com/" "Mozilla/5.0 (Windows NT 10.0; Win64; x64) AppleWebKit/537.36 (KHTML, like Gecko) Chrome/127.0.0.0 Safari/537.36 Edg/127.0.0.0"
162.0.232.193 - - [15/Aug/2024:13:05:58 -0400] "POST /wp-cron.php?doing_wp_cron=1723741558.2121970653533935546875 HTTP/1.1" 200 0 "-" "WordPress/6.5.5; https://r.lookismmanga.com"
2a06:98c0:3600::103 - - [15/Aug/2024:13:05:58 -0400] "GET /favicon.ico HTTP/1.1" 302 0 "https://www.ecosia.org/" "Mozilla/5.0 (Linux; Android 9; SM-T510) AppleWebKit/537.36 (KHTML, like Gecko) Chrome/80.0.3987.162 Safari/537.36 OPR/57.2.2830.52651"
2403:6200:8860:30ca:1568:cd66:720d:2a36 - - [15/Aug/2024:13:06:01 -0400] "GET /comic/lookism-chapter-514/ HTTP/1.1" 200 10596 "https://r.lookismmanga.com/" "Mozilla/5.0 (Windows NT 10.0; Win64; x64) AppleWebKit/537.36 (KHTML, like Gecko) Chrome/127.0.0.0 Safari/537.36 Edg/127.0.0.0"
2403:6200:8860:30ca:1568:cd66:720d:2a36 - - [15/Aug/2024:13:06:05 -0400] "GET / HTTP/1.1" 304 0 "https://www.bing.com/" "Mozilla/5.0 (Windows NT 10.0; Win64; x64) AppleWebKit/537.36 (KHTML, like Gecko) Chrome/127.0.0.0 Safari/537.36 Edg/127.0.0.0"
78.167.3.93 - - [15/Aug/2024:13:06:26 -0400] "GET / HTTP/1.1" 200 11603 "https://www.bing.com/" "Mozilla/5.0 (Windows NT 10.0; Win64; x64) AppleWebKit/537.36 (KHTML, like Gecko) Chrome/127.0.0.0 Safari/537.36 Edg/127.0.0.0"
78.167.3.93 - - [15/Aug/2024:13:06:31 -0400] "GET /comic/lookism-chapter-514/ HTTP/1.1" 200 10596 "https://r.lookismmanga.com/" "Mozilla/5.0 (Windows NT 10.0; Win64; x64) AppleWebKit/537.36 (KHTML, like Gecko) Chrome/127.0.0.0 Safari/537.36 Edg/127.0.0.0"
213.180.203.107 - - [15/Aug/2024:13:06:39 -0400] "GET /tag/lookism-chapter-490/ HTTP/1.1" 301 0 "-" "Mozilla/5.0 (compatible; YandexBot/3.0; +http://yandex.com/bots)"
162.0.232.193 - - [15/Aug/2024:13:07:04 -0400] "POST /wp-cron.php?doing_wp_cron=1723741624.5387039184570312500000 HTTP/1.1" 200 0 "-" "WordPress/6.5.5; https://r.lookismmanga.com"
198.58.118.8 - - [15/Aug/2024:13:07:04 -0400] "GET /wp-login.php HTTP/1.1" 200 1824 "-" "Mozilla/5.0 (Windows NT 10.0; Win64; x64; rv:41.0) Gecko/20100101 Firefox/41.0"
66.249.68.64 - - [15/Aug/2024:13:07:16 -0400] "GET /comic/lookism-chapter-503/ HTTP/1.1" 200 11631 "-" "Mozilla/5.0 (Linux; Android 6.0.1; Nexus 5X Build/MMB29P) AppleWebKit/537.36 (KHTML, like Gecko) Chrome/127.0.6533.99 Mobile Safari/537.36 (compatible; Googlebot/2.1; +http://www.google.com/bot.html)"
66.249.68.66 - - [15/Aug/2024:13:07:18 -0400] "GET /wp-content/plugins/disqus-comment-system/public/js/comment_count.js?ver=3.1.1 HTTP/1.1" 200 354 "https://r.lookismmanga.com/comic/lookism-chapter-503/" "Mozilla/5.0 (Linux; Android 6.0.1; Nexus 5X Build/MMB29P) AppleWebKit/537.36 (KHTML, like Gecko) Chrome/126.0.6478.182 Mobile Safari/537.36 (compatible; Googlebot/2.1; +http://www.google.com/bot.html)"
162.0.232.193 - - [15/Aug/2024:13:07:28 -0400] "POST /wp-cron.php?doing_wp_cron=1723741648.0902500152587890625000 HTTP/1.1" 200 0 "-" "WordPress/6.5.5; https://r.lookismmanga.com"
85.17.225.221 - - [15/Aug/2024:13:07:27 -0400] "POST /xmlrpc.php HTTP/1.1" 200 186 "-" "Mozilla/5.0 (Windows NT 10.0; Win64; x64) AppleWebKit/537.36 (KHTML, like Gecko) Chrome/123.0.0.0 Safari/537.36"
2001:818:d825:8500:e7eb:5f32:cb25:77a9 - - [15/Aug/2024:13:07:29 -0400] "GET / HTTP/1.1" 200 11603 "https://www.bing.com/" "Mozilla/5.0 (Windows NT 10.0; Win64; x64) AppleWebKit/537.36 (KHTML, like Gecko) Chrome/125.0.0.0 Safari/537.36 Edg/125.0.0.0"
2001:818:d825:8500:e7eb:5f32:cb25:77a9 - - [15/Aug/2024:13:07:30 -0400] "GET /wp-includes/css/dist/block-library/style.min.css?ver=6.5.5 HTTP/1.1" 200 14071 "https://r.lookismmanga.com/" "Mozilla/5.0 (Windows NT 10.0; Win64; x64) AppleWebKit/537.36 (KHTML, like Gecko) Chrome/125.0.0.0 Safari/537.36 Edg/125.0.0.0"
2001:818:d825:8500:e7eb:5f32:cb25:77a9 - - [15/Aug/2024:13:07:30 -0400] "GET /wp-content/themes/toivo-lite/fonts/genericons/genericons/genericons.min.css?ver=3.3 HTTP/1.1" 200 15959 "https://r.lookismmanga.com/" "Mozilla/5.0 (Windows NT 10.0; Win64; x64) AppleWebKit/537.36 (KHTML, like Gecko) Chrome/125.0.0.0 Safari/537.36 Edg/125.0.0.0"
2001:818:d825:8500:e7eb:5f32:cb25:77a9 - - [15/Aug/2024:13:07:30 -0400] "GET /wp-content/plugins/widgets-on-pages/public/css/widgets-on-pages-public.css?ver=1.4.0 HTTP/1.1" 200 83 "https://r.lookismmanga.com/" "Mozilla/5.0 (Windows NT 10.0; Win64; x64) AppleWebKit/537.36 (KHTML, like Gecko) Chrome/125.0.0.0 Safari/537.36 Edg/125.0.0.0"
2001:818:d825:8500:e7eb:5f32:cb25:77a9 - - [15/Aug/2024:13:07:30 -0400] "GET /wp-content/plugins/comic-easel/js/keynav.js HTTP/1.1" 200 302 "https://r.lookismmanga.com/" "Mozilla/5.0 (Windows NT 10.0; Win64; x64) AppleWebKit/537.36 (KHTML, like Gecko) Chrome/125.0.0.0 Safari/537.36 Edg/125.0.0.0"
2001:818:d825:8500:e7eb:5f32:cb25:77a9 - - [15/Aug/2024:13:07:30 -0400] "GET /wp-content/themes/toivo-lite/style.css?ver=1.2.0 HTTP/1.1" 200 13718 "https://r.lookismmanga.com/" "Mozilla/5.0 (Windows NT 10.0; Win64; x64) AppleWebKit/537.36 (KHTML, like Gecko) Chrome/125.0.0.0 Safari/537.36 Edg/125.0.0.0"
2001:818:d825:8500:e7eb:5f32:cb25:77a9 - - [15/Aug/2024:13:07:30 -0400] "GET /wp-content/plugins/simple-social-buttons/assets/js/frontend-blocks.js?ver=5.1.3 HTTP/1.1" 200 0 "https://r.lookismmanga.com/" "Mozilla/5.0 (Windows NT 10.0; Win64; x64) AppleWebKit/537.36 (KHTML, like Gecko) Chrome/125.0.0.0 Safari/537.36 Edg/125.0.0.0"
2001:818:d825:8500:e7eb:5f32:cb25:77a9 - - [15/Aug/2024:13:07:30 -0400] "GET /wp-includes/js/jquery/jquery.min.js?ver=3.7.1 HTTP/1.1" 200 29744 "https://r.lookismmanga.com/" "Mozilla/5.0 (Windows NT 10.0; Win64; x64) AppleWebKit/537.36 (KHTML, like Gecko) Chrome/125.0.0.0 Safari/537.36 Edg/125.0.0.0"
2001:818:d825:8500:e7eb:5f32:cb25:77a9 - - [15/Aug/2024:13:07:30 -0400] "GET /wp-content/plugins/simple-social-buttons/assets/js/front.js?ver=5.1.3 HTTP/1.1" 200 1577 "https://r.lookismmanga.com/" "Mozilla/5.0 (Windows NT 10.0; Win64; x64) AppleWebKit/537.36 (KHTML, like Gecko) Chrome/125.0.0.0 Safari/537.36 Edg/125.0.0.0"
2001:818:d825:8500:e7eb:5f32:cb25:77a9 - - [15/Aug/2024:13:07:30 -0400] "GET /wp-content/uploads/2024/02/lookismkmanhwabookvolume5dkshop.webp HTTP/1.1" 200 97320 "https://r.lookismmanga.com/" "Mozilla/5.0 (Windows NT 10.0; Win64; x64) AppleWebKit/537.36 (KHTML, like Gecko) Chrome/125.0.0.0 Safari/537.36 Edg/125.0.0.0"
2001:818:d825:8500:e7eb:5f32:cb25:77a9 - - [15/Aug/2024:13:07:30 -0400] "GET /wp-includes/js/jquery/jquery-migrate.min.js?ver=3.4.1 HTTP/1.1" 200 4678 "https://r.lookismmanga.com/" "Mozilla/5.0 (Windows NT 10.0; Win64; x64) AppleWebKit/537.36 (KHTML, like Gecko) Chrome/125.0.0.0 Safari/537.36 Edg/125.0.0.0"
2001:818:d825:8500:e7eb:5f32:cb25:77a9 - - [15/Aug/2024:13:07:30 -0400] "GET /wp-content/uploads/2024/02/lookismkmanhwabookvolume17dkshop.jpg HTTP/1.1" 200 108104 "https://r.lookismmanga.com/" "Mozilla/5.0 (Windows NT 10.0; Win64; x64) AppleWebKit/537.36 (KHTML, like Gecko) Chrome/125.0.0.0 Safari/537.36 Edg/125.0.0.0"
2001:818:d825:8500:e7eb:5f32:cb25:77a9 - - [15/Aug/2024:13:07:30 -0400] "GET /wp-content/uploads/2024/02/cropped-MV5BMmI0NjY3NWYtMjEyYi00MjBlLWE4NDktNzNjZWNjMGUyY2U2XkEyXkFqcGdeQXVyMTUzNjM4ODE1._V1_.jpg HTTP/1.1" 200 88480 "https://r.lookismmanga.com/" "Mozilla/5.0 (Windows NT 10.0; Win64; x64) AppleWebKit/537.36 (KHTML, like Gecko) Chrome/125.0.0.0 Safari/537.36 Edg/125.0.0.0"
2001:818:d825:8500:e7eb:5f32:cb25:77a9 - - [15/Aug/2024:13:07:30 -0400] "GET /wp-content/themes/toivo-lite/js/settings.min.js?ver=1.2.0 HTTP/1.1" 200 307 "https://r.lookismmanga.com/" "Mozilla/5.0 (Windows NT 10.0; Win64; x64) AppleWebKit/537.36 (KHTML, like Gecko) Chrome/125.0.0.0 Safari/537.36 Edg/125.0.0.0"
2001:818:d825:8500:e7eb:5f32:cb25:77a9 - - [15/Aug/2024:13:07:30 -0400] "GET /wp-content/themes/toivo-lite/js/functions.min.js?ver=1.2.0 HTTP/1.1" 200 593 "https://r.lookismmanga.com/" "Mozilla/5.0 (Windows NT 10.0; Win64; x64) AppleWebKit/537.36 (KHTML, like Gecko) Chrome/125.0.0.0 Safari/537.36 Edg/125.0.0.0"
2001:818:d825:8500:e7eb:5f32:cb25:77a9 - - [15/Aug/2024:13:07:31 -0400] "GET /wp-content/themes/toivo-lite/js/responsive-nav.min.js?ver=1.2.0 HTTP/1.1" 200 2102 "https://r.lookismmanga.com/" "Mozilla/5.0 (Windows NT 10.0; Win64; x64) AppleWebKit/537.36 (KHTML, like Gecko) Chrome/125.0.0.0 Safari/537.36 Edg/125.0.0.0"
2001:818:d825:8500:e7eb:5f32:cb25:77a9 - - [15/Aug/2024:13:07:32 -0400] "GET /comic/lookism-chapter-1/ HTTP/1.1" 200 11755 "https://r.lookismmanga.com/" "Mozilla/5.0 (Windows NT 10.0; Win64; x64) AppleWebKit/537.36 (KHTML, like Gecko) Chrome/125.0.0.0 Safari/537.36 Edg/125.0.0.0"
2001:818:d825:8500:e7eb:5f32:cb25:77a9 - - [15/Aug/2024:13:07:32 -0400] "GET /wp-content/uploads/2024/02/cropped-if-the-anime-continues-and-reaches-the-point-of-current-v0-frhh1uf0zj5a1-32x32.webp HTTP/1.1" 200 438 "https://r.lookismmanga.com/" "Mozilla/5.0 (Windows NT 10.0; Win64; x64) AppleWebKit/537.36 (KHTML, like Gecko) Chrome/125.0.0.0 Safari/537.36 Edg/125.0.0.0"
2001:818:d825:8500:e7eb:5f32:cb25:77a9 - - [15/Aug/2024:13:07:35 -0400] "GET / HTTP/1.1" 304 0 "https://r.lookismmanga.com/" "Mozilla/5.0 (Windows NT 10.0; Win64; x64) AppleWebKit/537.36 (KHTML, like Gecko) Chrome/125.0.0.0 Safari/537.36 Edg/125.0.0.0"
2001:818:d825:8500:e7eb:5f32:cb25:77a9 - - [15/Aug/2024:13:07:39 -0400] "GET /comic/lookism-chapter-510/ HTTP/1.1" 200 11511 "https://r.lookismmanga.com/" "Mozilla/5.0 (Windows NT 10.0; Win64; x64) AppleWebKit/537.36 (KHTML, like Gecko) Chrome/125.0.0.0 Safari/537.36 Edg/125.0.0.0"
2001:818:d825:8500:e7eb:5f32:cb25:77a9 - - [15/Aug/2024:13:07:41 -0400] "GET /lookism-chapter-511/ HTTP/1.1" 200 11567 "https://r.lookismmanga.com/" "Mozilla/5.0 (Windows NT 10.0; Win64; x64) AppleWebKit/537.36 (KHTML, like Gecko) Chrome/125.0.0.0 Safari/537.36 Edg/125.0.0.0"
2001:818:d825:8500:e7eb:5f32:cb25:77a9 - - [15/Aug/2024:13:07:42 -0400] "GET /wp-content/plugins/disqus-comment-system/public/js/comment_count.js?ver=3.1.1 HTTP/1.1" 200 354 "https://r.lookismmanga.com/lookism-chapter-511/" "Mozilla/5.0 (Windows NT 10.0; Win64; x64) AppleWebKit/537.36 (KHTML, like Gecko) Chrome/125.0.0.0 Safari/537.36 Edg/125.0.0.0"
2001:818:d825:8500:e7eb:5f32:cb25:77a9 - - [15/Aug/2024:13:07:42 -0400] "GET /wp-content/plugins/wp-automatic/css/wp-automatic.css?ver=1.0.0 HTTP/1.1" 200 537 "https://r.lookismmanga.com/lookism-chapter-511/" "Mozilla/5.0 (Windows NT 10.0; Win64; x64) AppleWebKit/537.36 (KHTML, like Gecko) Chrome/125.0.0.0 Safari/537.36 Edg/125.0.0.0"
2001:818:d825:8500:e7eb:5f32:cb25:77a9 - - [15/Aug/2024:13:07:42 -0400] "GET /wp-content/plugins/disqus-comment-system/public/js/comment_embed.js?ver=3.1.1 HTTP/1.1" 200 653 "https://r.lookismmanga.com/lookism-chapter-511/" "Mozilla/5.0 (Windows NT 10.0; Win64; x64) AppleWebKit/537.36 (KHTML, like Gecko) Chrome/125.0.0.0 Safari/537.36 Edg/125.0.0.0"
2001:818:d825:8500:e7eb:5f32:cb25:77a9 - - [15/Aug/2024:13:07:42 -0400] "GET /wp-content/uploads/2024/02/MV5BMmI0NjY3NWYtMjEyYi00MjBlLWE4NDktNzNjZWNjMGUyY2U2XkEyXkFqcGdeQXVyMTUzNjM4ODE1._V1_-1536x864.jpg HTTP/1.1" 200 125242 "https://r.lookismmanga.com/lookism-chapter-511/" "Mozilla/5.0 (Windows NT 10.0; Win64; x64) AppleWebKit/537.36 (KHTML, like Gecko) Chrome/125.0.0.0 Safari/537.36 Edg/125.0.0.0"
2001:818:d825:8500:e7eb:5f32:cb25:77a9 - - [15/Aug/2024:13:07:42 -0400] "GET /wp-content/plugins/wp-automatic/js/main-front.js?ver=6.5.5 HTTP/1.1" 200 316 "https://r.lookismmanga.com/lookism-chapter-511/" "Mozilla/5.0 (Windows NT 10.0; Win64; x64) AppleWebKit/537.36 (KHTML, like Gecko) Chrome/125.0.0.0 Safari/537.36 Edg/125.0.0.0"
2001:818:d825:8500:e7eb:5f32:cb25:77a9 - - [15/Aug/2024:13:07:42 -0400] "GET /wp-includes/js/comment-reply.min.js?ver=6.5.5 HTTP/1.1" 200 1228 "https://r.lookismmanga.com/lookism-chapter-511/" "Mozilla/5.0 (Windows NT 10.0; Win64; x64) AppleWebKit/537.36 (KHTML, like Gecko) Chrome/125.0.0.0 Safari/537.36 Edg/125.0.0.0"
2001:818:d825:8500:e7eb:5f32:cb25:77a9 - - [15/Aug/2024:13:07:42 -0400] "GET /wp-content/plugins/simple-social-buttons/assets/fonts/ssb-icon.ttf?eahqa2 HTTP/1.1" 200 6212 "https://r.lookismmanga.com/wp-content/plugins/simple-social-buttons/assets/css/front.css?ver=5.1.3" "Mozilla/5.0 (Windows NT 10.0; Win64; x64) AppleWebKit/537.36 (KHTML, like Gecko) Chrome/125.0.0.0 Safari/537.36 Edg/125.0.0.0"
2001:818:d825:8500:e7eb:5f32:cb25:77a9 - - [15/Aug/2024:13:07:46 -0400] "GET /category/manga/ HTTP/1.1" 200 10484 "https://r.lookismmanga.com/lookism-chapter-511/" "Mozilla/5.0 (Windows NT 10.0; Win64; x64) AppleWebKit/537.36 (KHTML, like Gecko) Chrome/125.0.0.0 Safari/537.36 Edg/125.0.0.0"
2001:818:d825:8500:e7eb:5f32:cb25:77a9 - - [15/Aug/2024:13:07:48 -0400] "GET /comic/lookism-chapter-514/ HTTP/1.1" 200 10643 "https://r.lookismmanga.com/lookism-chapter-511/" "Mozilla/5.0 (Windows NT 10.0; Win64; x64) AppleWebKit/537.36 (KHTML, like Gecko) Chrome/125.0.0.0 Safari/537.36 Edg/125.0.0.0"
173.79.4.50 - - [15/Aug/2024:13:07:51 -0400] "GET / HTTP/1.1" 200 11596 "https://duckduckgo.com/" "Mozilla/5.0 (iPhone; CPU iPhone OS 16_6 like Mac OS X) AppleWebKit/605.1.15 (KHTML, like Gecko) Version/16.6 Mobile/15E148 Safari/604.1"
78.167.3.93 - - [15/Aug/2024:13:07:55 -0400] "GET / HTTP/1.1" 304 0 "https://www.bing.com/" "Mozilla/5.0 (Windows NT 10.0; Win64; x64) AppleWebKit/537.36 (KHTML, like Gecko) Chrome/127.0.0.0 Safari/537.36 Edg/127.0.0.0"
78.167.3.93 - - [15/Aug/2024:13:07:56 -0400] "GET /category/lookism-manhwa/ HTTP/1.1" 200 10344 "https://r.lookismmanga.com/" "Mozilla/5.0 (Windows NT 10.0; Win64; x64) AppleWebKit/537.36 (KHTML, like Gecko) Chrome/127.0.0.0 Safari/537.36 Edg/127.0.0.0"
173.79.4.50 - - [15/Aug/2024:13:07:56 -0400] "GET /comic/lookism-chapter-513/ HTTP/1.1" 200 11086 "https://r.lookismmanga.com/" "Mozilla/5.0 (iPhone; CPU iPhone OS 16_6 like Mac OS X) AppleWebKit/605.1.15 (KHTML, like Gecko) Version/16.6 Mobile/15E148 Safari/604.1"
162.0.232.193 - - [15/Aug/2024:13:07:57 -0400] "POST /wp-cron.php?doing_wp_cron=1723741677.2998061180114746093750 HTTP/1.1" 200 0 "-" "WordPress/6.5.5; https://r.lookismmanga.com"
173.79.4.50 - - [15/Aug/2024:13:07:57 -0400] "POST /wp-admin/admin-ajax.php HTTP/1.1" 200 69 "https://r.lookismmanga.com/comic/lookism-chapter-513/" "Mozilla/5.0 (iPhone; CPU iPhone OS 16_6 like Mac OS X) AppleWebKit/605.1.15 (KHTML, like Gecko) Version/16.6 Mobile/15E148 Safari/604.1"
162.0.232.193 - - [15/Aug/2024:13:07:59 -0400] "POST /wp-cron.php?doing_wp_cron=1723741679.5124580860137939453125 HTTP/1.1" 200 0 "-" "WordPress/6.5.5; https://r.lookismmanga.com"
114.119.131.210 - - [15/Aug/2024:13:07:59 -0400] "GET /lookism/lookism-chapter-433/ HTTP/1.1" 301 0 "https://ww12.lookismmanga.com/lookism/lookism-chapter-478-3/" "Mozilla/5.0 (Linux; Android 7.0;) AppleWebKit/537.36 (KHTML, like Gecko) Mobile Safari/537.36 (compatible; PetalBot;+https://webmaster.petalsearch.com/site/petalbot)"
114.119.131.210 - - [15/Aug/2024:13:08:01 -0400] "GET / HTTP/1.1" 200 11596 "https://ww12.lookismmanga.com/lookism/lookism-chapter-478-3/" "Mozilla/5.0 (Linux; Android 7.0;) AppleWebKit/537.36 (KHTML, like Gecko) Mobile Safari/537.36 (compatible; PetalBot;+https://webmaster.petalsearch.com/site/petalbot)"
173.79.4.50 - - [15/Aug/2024:13:08:11 -0400] "GET /comic/lookism-chapter-514/ HTTP/1.1" 200 10578 "https://r.lookismmanga.com/" "Mozilla/5.0 (iPhone; CPU iPhone OS 16_6 like Mac OS X) AppleWebKit/605.1.15 (KHTML, like Gecko) Version/16.6 Mobile/15E148 Safari/604.1"
2a02:810a:980:33cc:6c86:2f34:ea45:4d25 - - [15/Aug/2024:13:08:18 -0400] "GET / HTTP/1.1" 200 11596 "-" "Mozilla/5.0 (Linux; Android 12; SM-G975F Build/SP1A.210812.016; wv) AppleWebKit/537.36 (KHTML, like Gecko) Version/4.0 Chrome/127.0.6533.103 Mobile Safari/537.36"
2a02:810a:980:33cc:6c86:2f34:ea45:4d25 - - [15/Aug/2024:13:08:20 -0400] "GET /wp-content/uploads/2024/02/cropped-if-the-anime-continues-and-reaches-the-point-of-current-v0-frhh1uf0zj5a1-192x192.webp HTTP/1.1" 200 4440 "https://r.lookismmanga.com/" "Mozilla/5.0 (Linux; Android 12; SM-G975F Build/SP1A.210812.016; wv) AppleWebKit/537.36 (KHTML, like Gecko) Version/4.0 Chrome/127.0.6533.103 Mobile Safari/537.36"
2a02:810a:980:33cc:6c86:2f34:ea45:4d25 - - [15/Aug/2024:13:08:23 -0400] "GET /comic/lookism-chapter-505/ HTTP/1.1" 200 11639 "https://r.lookismmanga.com/" "Mozilla/5.0 (Linux; Android 12; SM-G975F Build/SP1A.210812.016; wv) AppleWebKit/537.36 (KHTML, like Gecko) Version/4.0 Chrome/127.0.6533.103 Mobile Safari/537.36"
2401:4900:815d:7e26:930b:32bb:8212:55bc - - [15/Aug/2024:13:08:34 -0400] "GET / HTTP/1.1" 200 11603 "https://duckduckgo.com/" "Mozilla/5.0 (X11; Ubuntu; Linux x86_64; rv:129.0) Gecko/20100101 Firefox/129.0"
223.233.80.59 - - [15/Aug/2024:13:08:40 -0400] "GET / HTTP/1.1" 200 11603 "https://search.brave.com/" "Mozilla/5.0 (Windows NT 10.0; Win64; x64) AppleWebKit/537.36 (KHTML, like Gecko) Chrome/127.0.0.0 Safari/537.36"
223.233.80.59 - - [15/Aug/2024:13:08:45 -0400] "GET /comic/lookism-chapter-513/ HTTP/1.1" 200 11063 "-" "Mozilla/5.0 (Windows NT 10.0; Win64; x64) AppleWebKit/537.36 (KHTML, like Gecko) Chrome/127.0.0.0 Safari/537.36"
223.233.80.59 - - [15/Aug/2024:13:08:45 -0400] "GET /comic/lookism-chapter-514/ HTTP/1.1" 200 10596 "-" "Mozilla/5.0 (Windows NT 10.0; Win64; x64) AppleWebKit/537.36 (KHTML, like Gecko) Chrome/127.0.0.0 Safari/537.36"
116.101.19.18 - - [15/Aug/2024:13:08:46 -0400] "GET / HTTP/1.1" 200 11603 "https://www.bing.com/" "Mozilla/5.0 (Windows NT 10.0; Win64; x64) AppleWebKit/537.36 (KHTML, like Gecko) Chrome/127.0.0.0 Safari/537.36 Edg/127.0.0.0"
116.101.19.18 - - [15/Aug/2024:13:08:50 -0400] "GET /comic/lookism-chapter-510-1/ HTTP/1.1" 200 11146 "https://r.lookismmanga.com/" "Mozilla/5.0 (Windows NT 10.0; Win64; x64) AppleWebKit/537.36 (KHTML, like Gecko) Chrome/127.0.0.0 Safari/537.36 Edg/127.0.0.0"
116.101.19.18 - - [15/Aug/2024:13:08:50 -0400] "GET /comic/lookism-chapter-512/ HTTP/1.1" 200 11019 "https://r.lookismmanga.com/" "Mozilla/5.0 (Windows NT 10.0; Win64; x64) AppleWebKit/537.36 (KHTML, like Gecko) Chrome/127.0.0.0 Safari/537.36 Edg/127.0.0.0"
116.101.19.18 - - [15/Aug/2024:13:08:50 -0400] "GET /comic/lookism-chapter-514/ HTTP/1.1" 200 10643 "https://r.lookismmanga.com/" "Mozilla/5.0 (Windows NT 10.0; Win64; x64) AppleWebKit/537.36 (KHTML, like Gecko) Chrome/127.0.0.0 Safari/537.36 Edg/127.0.0.0"
116.101.19.18 - - [15/Aug/2024:13:08:51 -0400] "GET /privacy-policy/ HTTP/1.1" 200 12906 "https://r.lookismmanga.com/comic/lookism-chapter-514/" "Mozilla/5.0 (Windows NT 10.0; Win64; x64) AppleWebKit/537.36 (KHTML, like Gecko) Chrome/127.0.0.0 Safari/537.36 Edg/127.0.0.0"
105.244.236.147 - - [15/Aug/2024:13:08:56 -0400] "GET / HTTP/1.1" 304 0 "https://www.bing.com/" "Mozilla/5.0 (Windows NT 10.0; Win64; x64) AppleWebKit/537.36 (KHTML, like Gecko) Chrome/125.0.0.0 Safari/537.36 Edg/125.0.0.0"
223.233.80.59 - - [15/Aug/2024:13:09:00 -0400] "GET /comic/lookism-chapter-491-2/ HTTP/1.1" 200 11567 "-" "Mozilla/5.0 (Windows NT 10.0; Win64; x64) AppleWebKit/537.36 (KHTML, like Gecko) Chrome/127.0.0.0 Safari/537.36"
173.79.4.50 - - [15/Aug/2024:13:09:13 -0400] "GET / HTTP/1.1" 304 0 "https://duckduckgo.com/" "Mozilla/5.0 (iPhone; CPU iPhone OS 16_6 like Mac OS X) AppleWebKit/605.1.15 (KHTML, like Gecko) Version/16.6 Mobile/15E148 Safari/604.1"
173.79.4.50 - - [15/Aug/2024:13:09:19 -0400] "GET /comic/lookism-chapter-514/ HTTP/1.1" 304 0 "https://r.lookismmanga.com/" "Mozilla/5.0 (iPhone; CPU iPhone OS 16_6 like Mac OS X) AppleWebKit/605.1.15 (KHTML, like Gecko) Version/16.6 Mobile/15E148 Safari/604.1"
102.68.122.234 - - [15/Aug/2024:13:09:32 -0400] "GET /comic/lookism-chapter-511/ HTTP/1.1" 304 0 "https://www.bing.com/" "Mozilla/5.0 (Linux; Android 10; DRA-LX9; HMSCore 6.14.0.301) AppleWebKit/537.36 (KHTML, like Gecko) Chrome/99.0.4844.88 HuaweiBrowser/14.0.5.303 Mobile Safari/537.36"
162.0.232.193 - - [15/Aug/2024:13:09:34 -0400] "POST /wp-cron.php?doing_wp_cron=1723741774.0639050006866455078125 HTTP/1.1" 200 0 "-" "WordPress/6.5.5; https://r.lookismmanga.com"
102.68.122.234 - - [15/Aug/2024:13:09:33 -0400] "POST /wp-admin/admin-ajax.php HTTP/1.1" 200 69 "https://r.lookismmanga.com/comic/lookism-chapter-511/" "Mozilla/5.0 (Linux; Android 10; DRA-LX9; HMSCore 6.14.0.301) AppleWebKit/537.36 (KHTML, like Gecko) Chrome/99.0.4844.88 HuaweiBrowser/14.0.5.303 Mobile Safari/537.36"
102.68.122.234 - - [15/Aug/2024:13:09:37 -0400] "GET /category/manga/ HTTP/1.1" 200 10515 "https://r.lookismmanga.com/comic/lookism-chapter-511/" "Mozilla/5.0 (Linux; Android 10; DRA-LX9; HMSCore 6.14.0.301) AppleWebKit/537.36 (KHTML, like Gecko) Chrome/99.0.4844.88 HuaweiBrowser/14.0.5.303 Mobile Safari/537.36"
95.108.213.84 - - [15/Aug/2024:13:10:09 -0400] "GET / HTTP/1.1" 200 11603 "-" "Mozilla/5.0 (compatible; YandexBot/3.0; +http://yandex.com/bots)"
162.0.232.193 - - [15/Aug/2024:13:10:12 -0400] "POST /wp-cron.php?doing_wp_cron=1723741812.2446429729461669921875 HTTP/1.1" 200 0 "-" "WordPress/6.5.5; https://r.lookismmanga.com"
2a03:2880:13ff:1b::face:b00c - - [15/Aug/2024:13:10:12 -0400] "GET /comic/lookism-chapter-302/ HTTP/1.1" 200 12468 "-" "facebookexternalhit/1.1 (+http://www.facebook.com/externalhit_uatext.php)"
24.185.45.2 - - [15/Aug/2024:13:10:35 -0400] "GET /comic/lookism-chapter-509/ HTTP/1.1" 200 11553 "https://r.lookismmanga.com/comic/lookism-chapter-514/" "Mozilla/5.0 (Windows NT 10.0; Win64; x64) AppleWebKit/537.36 (KHTML, like Gecko) Chrome/127.0.0.0 Safari/537.36 Edg/127.0.0.0"
92.238.22.188 - - [15/Aug/2024:13:10:45 -0400] "GET / HTTP/1.1" 200 11603 "https://www.bing.com/" "Mozilla/5.0 (Windows NT 10.0; Win64; x64) AppleWebKit/537.36 (KHTML, like Gecko) Chrome/127.0.0.0 Safari/537.36 Edg/127.0.0.0"
92.238.22.188 - - [15/Aug/2024:13:10:49 -0400] "GET /lookism-chapter-511/ HTTP/1.1" 200 11530 "https://r.lookismmanga.com/" "Mozilla/5.0 (Windows NT 10.0; Win64; x64) AppleWebKit/537.36 (KHTML, like Gecko) Chrome/127.0.0.0 Safari/537.36 Edg/127.0.0.0"
92.238.22.188 - - [15/Aug/2024:13:10:49 -0400] "GET /category/lookism-webtoon/ HTTP/1.1" 200 10360 "https://r.lookismmanga.com/" "Mozilla/5.0 (Windows NT 10.0; Win64; x64) AppleWebKit/537.36 (KHTML, like Gecko) Chrome/127.0.0.0 Safari/537.36 Edg/127.0.0.0"
92.238.22.188 - - [15/Aug/2024:13:10:51 -0400] "GET / HTTP/1.1" 304 0 "https://r.lookismmanga.com/" "Mozilla/5.0 (Windows NT 10.0; Win64; x64) AppleWebKit/537.36 (KHTML, like Gecko) Chrome/127.0.0.0 Safari/537.36 Edg/127.0.0.0"
92.238.22.188 - - [15/Aug/2024:13:10:52 -0400] "GET /comic/lookism-chapter-514/ HTTP/1.1" 200 10643 "https://r.lookismmanga.com/" "Mozilla/5.0 (Windows NT 10.0; Win64; x64) AppleWebKit/537.36 (KHTML, like Gecko) Chrome/127.0.0.0 Safari/537.36 Edg/127.0.0.0"
162.0.232.193 - - [15/Aug/2024:13:11:11 -0400] "POST /wp-cron.php?doing_wp_cron=1723741870.7732100486755371093750 HTTP/1.1" 200 0 "-" "WordPress/6.5.5; https://r.lookismmanga.com"
2a03:2880:f800:2:: - - [15/Aug/2024:13:11:10 -0400] "GET /?p=2247 HTTP/1.1" 301 0 "-" "meta-externalagent/1.1 (+https://developers.facebook.com/docs/sharing/webmasters/crawler)"
162.0.232.193 - - [15/Aug/2024:13:12:19 -0400] "POST /wp-cron.php?doing_wp_cron=1723741939.0574979782104492187500 HTTP/1.1" 200 0 "-" "WordPress/6.5.5; https://r.lookismmanga.com"
213.180.203.236 - - [15/Aug/2024:13:12:18 -0400] "GET /lookism/lookism-chapter-184/ HTTP/1.1" 301 0 "-" "Mozilla/5.0 (compatible; YandexBot/3.0; +http://yandex.com/bots)"
2402:3a80:112a:53fa::592f:52c8 - - [15/Aug/2024:13:12:44 -0400] "GET / HTTP/1.1" 200 11596 "https://duckduckgo.com/" "Mozilla/5.0 (Linux; Android 10; K) AppleWebKit/537.36 (KHTML, like Gecko) Chrome/127.0.0.0 Mobile Safari/537.36"
2600:1700:9160:7d60:24ac:56dc:5518:f095 - - [15/Aug/2024:13:12:44 -0400] "GET / HTTP/1.1" 200 11603 "https://www.bing.com/" "Mozilla/5.0 (Windows NT 10.0; Win64; x64) AppleWebKit/537.36 (KHTML, like Gecko) Chrome/127.0.0.0 Safari/537.36 Edg/127.0.0.0"
2600:1700:9160:7d60:24ac:56dc:5518:f095 - - [15/Aug/2024:13:12:47 -0400] "GET /lookism-chapter-511/ HTTP/1.1" 200 11567 "https://r.lookismmanga.com/" "Mozilla/5.0 (Windows NT 10.0; Win64; x64) AppleWebKit/537.36 (KHTML, like Gecko) Chrome/127.0.0.0 Safari/537.36 Edg/127.0.0.0"
2402:3a80:112a:53fa::592f:52c8 - - [15/Aug/2024:13:12:50 -0400] "GET /comic/lookism-chapter-511/ HTTP/1.1" 200 11103 "https://r.lookismmanga.com/" "Mozilla/5.0 (Linux; Android 10; K) AppleWebKit/537.36 (KHTML, like Gecko) Chrome/127.0.0.0 Mobile Safari/537.36"
2402:3a80:112a:53fa::592f:52c8 - - [15/Aug/2024:13:12:51 -0400] "GET /comic/lookism-chapter-514/ HTTP/1.1" 200 10640 "https://r.lookismmanga.com/" "Mozilla/5.0 (Linux; Android 10; K) AppleWebKit/537.36 (KHTML, like Gecko) Chrome/127.0.0.0 Mobile Safari/537.36"
162.0.232.193 - - [15/Aug/2024:13:12:58 -0400] "POST /wp-cron.php?doing_wp_cron=1723741978.4063770771026611328125 HTTP/1.1" 200 0 "-" "WordPress/6.5.5; https://r.lookismmanga.com"
114.119.155.142 - - [15/Aug/2024:13:12:58 -0400] "GET /lookism/lookism-chapter-375/ HTTP/1.1" 301 0 "https://ww13.lookismmanga.com/lookism/lookism-chapter-373/" "Mozilla/5.0 (Linux; Android 7.0;) AppleWebKit/537.36 (KHTML, like Gecko) Mobile Safari/537.36 (compatible; PetalBot;+https://webmaster.petalsearch.com/site/petalbot)"
114.119.155.142 - - [15/Aug/2024:13:12:59 -0400] "GET / HTTP/1.1" 200 11596 "https://ww13.lookismmanga.com/lookism/lookism-chapter-373/" "Mozilla/5.0 (Linux; Android 7.0;) AppleWebKit/537.36 (KHTML, like Gecko) Mobile Safari/537.36 (compatible; PetalBot;+https://webmaster.petalsearch.com/site/petalbot)"
2404:8000:1002:3c7a:7561:2dd9:26a1:3d27 - - [15/Aug/2024:13:13:14 -0400] "GET / HTTP/1.1" 200 11625 "https://www.bing.com/" "Mozilla/5.0 (Windows NT 10.0; Win64; x64) AppleWebKit/537.36 (KHTML, like Gecko) Chrome/126.0.0.0 Safari/537.36 Edg/126.0.0.0"
162.0.232.193 - - [15/Aug/2024:13:13:31 -0400] "POST /wp-cron.php?doing_wp_cron=1723742011.3910410404205322265625 HTTP/1.1" 200 0 "-" "WordPress/6.5.5; https://r.lookismmanga.com"
2a00:23c7:4f0f:d001:7ce5:713e:e875:45ce - - [15/Aug/2024:13:13:39 -0400] "GET / HTTP/1.1" 200 11603 "https://www.bing.com/" "Mozilla/5.0 (Windows NT 10.0; Win64; x64) AppleWebKit/537.36 (KHTML, like Gecko) Chrome/125.0.0.0 Safari/537.36 Edg/125.0.0.0"
213.180.203.145 - - [15/Aug/2024:13:13:40 -0400] "GET / HTTP/1.1" 200 11625 "-" "Mozilla/5.0 (compatible; YandexBot/3.0; +http://yandex.com/bots)"
2a00:23c7:4f0f:d001:7ce5:713e:e875:45ce - - [15/Aug/2024:13:13:42 -0400] "GET /comic/lookism-chapter-511/ HTTP/1.1" 200 11103 "https://r.lookismmanga.com/" "Mozilla/5.0 (Windows NT 10.0; Win64; x64) AppleWebKit/537.36 (KHTML, like Gecko) Chrome/125.0.0.0 Safari/537.36 Edg/125.0.0.0"
2a00:23c7:4f0f:d001:7ce5:713e:e875:45ce - - [15/Aug/2024:13:13:43 -0400] "GET /comic/lookism-chapter-513/ HTTP/1.1" 200 11063 "https://r.lookismmanga.com/" "Mozilla/5.0 (Windows NT 10.0; Win64; x64) AppleWebKit/537.36 (KHTML, like Gecko) Chrome/125.0.0.0 Safari/537.36 Edg/125.0.0.0"
2a00:23c7:4f0f:d001:7ce5:713e:e875:45ce - - [15/Aug/2024:13:13:43 -0400] "GET /comic/lookism-chapter-514/ HTTP/1.1" 200 10596 "https://r.lookismmanga.com/" "Mozilla/5.0 (Windows NT 10.0; Win64; x64) AppleWebKit/537.36 (KHTML, like Gecko) Chrome/125.0.0.0 Safari/537.36 Edg/125.0.0.0"
2603:6080:a600:13b0:95f4:d539:5962:ffc - - [15/Aug/2024:13:13:46 -0400] "GET / HTTP/1.1" 200 11603 "-" "Mozilla/5.0 (Windows NT 10.0; Win64; x64) AppleWebKit/537.36 (KHTML, like Gecko) Chrome/127.0.0.0 Safari/537.36"
155.133.20.53 - - [15/Aug/2024:13:15:01 -0400] "GET /wp-content/uploads/2021/11/lookism_vol_15_-_edition_reliee943945.jpg HTTP/1.1" 301 0 "-" "Mozilla/5.0 (Android 11; Mobile; rv:129.0) Gecko/129.0 Firefox/129.0"
162.0.232.193 - - [15/Aug/2024:13:15:02 -0400] "POST /wp-cron.php?doing_wp_cron=1723742101.8478610515594482421875 HTTP/1.1" 200 0 "-" "WordPress/6.5.5; https://r.lookismmanga.com"
155.133.20.53 - - [15/Aug/2024:13:15:01 -0400] "GET /wp-content/uploads/2021/11/Lookism_Volume_1_Cover.jpg HTTP/1.1" 301 0 "-" "Mozilla/5.0 (Android 11; Mobile; rv:129.0) Gecko/129.0 Firefox/129.0"
155.133.20.53 - - [15/Aug/2024:13:15:06 -0400] "GET / HTTP/1.1" 304 0 "-" "Mozilla/5.0 (Android 11; Mobile; rv:129.0) Gecko/129.0 Firefox/129.0"
155.133.20.53 - - [15/Aug/2024:13:15:07 -0400] "GET / HTTP/1.1" 304 0 "-" "Mozilla/5.0 (Android 11; Mobile; rv:129.0) Gecko/129.0 Firefox/129.0"
155.133.20.53 - - [15/Aug/2024:13:15:17 -0400] "GET / HTTP/1.1" 304 0 "-" "Mozilla/5.0 (Android 11; Mobile; rv:129.0) Gecko/129.0 Firefox/129.0"
155.133.20.53 - - [15/Aug/2024:13:15:17 -0400] "GET / HTTP/1.1" 200 11596 "-" "Mozilla/5.0 (Android 11; Mobile; rv:129.0) Gecko/129.0 Firefox/129.0"
155.133.20.53 - - [15/Aug/2024:13:15:40 -0400] "GET / HTTP/1.1" 200 11596 "-" "Mozilla/5.0 (Android 11; Mobile; rv:129.0) Gecko/129.0 Firefox/129.0"
155.133.20.53 - - [15/Aug/2024:13:15:40 -0400] "GET / HTTP/1.1" 200 11596 "-" "Mozilla/5.0 (Android 11; Mobile; rv:129.0) Gecko/129.0 Firefox/129.0"
2a01:cb11:8ab:3700:5033:1e3f:8fe6:b6fa - - [15/Aug/2024:13:16:40 -0400] "GET / HTTP/1.1" 200 11603 "https://fr.search.yahoo.com/" "Mozilla/5.0 (Windows NT 10.0; Win64; x64) AppleWebKit/537.36 (KHTML, like Gecko) Chrome/127.0.0.0 Safari/537.36"
162.0.232.193 - - [15/Aug/2024:13:16:41 -0400] "POST /wp-cron.php?doing_wp_cron=1723742200.7985939979553222656250 HTTP/1.1" 200 0 "-" "WordPress/6.5.5; https://r.lookismmanga.com"
2a06:98c0:3600::103 - - [15/Aug/2024:13:16:40 -0400] "GET /favicon.ico HTTP/1.1" 302 0 "https://www.ecosia.org/" "Mozilla/5.0 (Windows NT 10.0; Win64; x64) AppleWebKit/537.36 (KHTML, like Gecko) Chrome/127.0.0.0 Safari/537.36"
2a01:cb11:8ab:3700:5033:1e3f:8fe6:b6fa - - [15/Aug/2024:13:16:41 -0400] "GET /wp-includes/css/dist/block-library/style.min.css?ver=6.5.5 HTTP/1.1" 200 14071 "https://r.lookismmanga.com/" "Mozilla/5.0 (Windows NT 10.0; Win64; x64) AppleWebKit/537.36 (KHTML, like Gecko) Chrome/127.0.0.0 Safari/537.36"
2a01:cb11:8ab:3700:5033:1e3f:8fe6:b6fa - - [15/Aug/2024:13:16:41 -0400] "GET /wp-content/plugins/simple-social-buttons/assets/css/front.css?ver=5.1.3 HTTP/1.1" 200 9767 "https://r.lookismmanga.com/" "Mozilla/5.0 (Windows NT 10.0; Win64; x64) AppleWebKit/537.36 (KHTML, like Gecko) Chrome/127.0.0.0 Safari/537.36"
2a01:cb11:8ab:3700:5033:1e3f:8fe6:b6fa - - [15/Aug/2024:13:16:41 -0400] "GET /wp-content/themes/toivo-lite/style.css?ver=1.2.0 HTTP/1.1" 200 13718 "https://r.lookismmanga.com/" "Mozilla/5.0 (Windows NT 10.0; Win64; x64) AppleWebKit/537.36 (KHTML, like Gecko) Chrome/127.0.0.0 Safari/537.36"
2a01:cb11:8ab:3700:5033:1e3f:8fe6:b6fa - - [15/Aug/2024:13:16:41 -0400] "GET /wp-includes/js/jquery/jquery.min.js?ver=3.7.1 HTTP/1.1" 200 29744 "https://r.lookismmanga.com/" "Mozilla/5.0 (Windows NT 10.0; Win64; x64) AppleWebKit/537.36 (KHTML, like Gecko) Chrome/127.0.0.0 Safari/537.36"
2a01:cb11:8ab:3700:5033:1e3f:8fe6:b6fa - - [15/Aug/2024:13:16:41 -0400] "GET /wp-includes/js/jquery/jquery-migrate.min.js?ver=3.4.1 HTTP/1.1" 200 4678 "https://r.lookismmanga.com/" "Mozilla/5.0 (Windows NT 10.0; Win64; x64) AppleWebKit/537.36 (KHTML, like Gecko) Chrome/127.0.0.0 Safari/537.36"
2a01:cb11:8ab:3700:5033:1e3f:8fe6:b6fa - - [15/Aug/2024:13:16:41 -0400] "GET /wp-content/plugins/simple-social-buttons/assets/js/frontend-blocks.js?ver=5.1.3 HTTP/1.1" 200 0 "https://r.lookismmanga.com/" "Mozilla/5.0 (Windows NT 10.0; Win64; x64) AppleWebKit/537.36 (KHTML, like Gecko) Chrome/127.0.0.0 Safari/537.36"
2a01:cb11:8ab:3700:5033:1e3f:8fe6:b6fa - - [15/Aug/2024:13:16:41 -0400] "GET /wp-content/plugins/comic-easel/js/keynav.js HTTP/1.1" 200 302 "https://r.lookismmanga.com/" "Mozilla/5.0 (Windows NT 10.0; Win64; x64) AppleWebKit/537.36 (KHTML, like Gecko) Chrome/127.0.0.0 Safari/537.36"
2a01:cb11:8ab:3700:5033:1e3f:8fe6:b6fa - - [15/Aug/2024:13:16:41 -0400] "GET /wp-content/themes/toivo-lite/fonts/genericons/genericons/genericons.min.css?ver=3.3 HTTP/1.1" 200 15959 "https://r.lookismmanga.com/" "Mozilla/5.0 (Windows NT 10.0; Win64; x64) AppleWebKit/537.36 (KHTML, like Gecko) Chrome/127.0.0.0 Safari/537.36"
2a01:cb11:8ab:3700:5033:1e3f:8fe6:b6fa - - [15/Aug/2024:13:16:41 -0400] "GET /wp-content/plugins/widgets-on-pages/public/css/widgets-on-pages-public.css?ver=1.4.0 HTTP/1.1" 200 83 "https://r.lookismmanga.com/" "Mozilla/5.0 (Windows NT 10.0; Win64; x64) AppleWebKit/537.36 (KHTML, like Gecko) Chrome/127.0.0.0 Safari/537.36"
2a01:cb11:8ab:3700:5033:1e3f:8fe6:b6fa - - [15/Aug/2024:13:16:41 -0400] "GET /wp-content/plugins/simple-social-buttons/assets/js/front.js?ver=5.1.3 HTTP/1.1" 200 1577 "https://r.lookismmanga.com/" "Mozilla/5.0 (Windows NT 10.0; Win64; x64) AppleWebKit/537.36 (KHTML, like Gecko) Chrome/127.0.0.0 Safari/537.36"
2a01:cb11:8ab:3700:5033:1e3f:8fe6:b6fa - - [15/Aug/2024:13:16:41 -0400] "GET /wp-content/themes/toivo-lite/js/responsive-nav.min.js?ver=1.2.0 HTTP/1.1" 200 2102 "https://r.lookismmanga.com/" "Mozilla/5.0 (Windows NT 10.0; Win64; x64) AppleWebKit/537.36 (KHTML, like Gecko) Chrome/127.0.0.0 Safari/537.36"
2a01:cb11:8ab:3700:5033:1e3f:8fe6:b6fa - - [15/Aug/2024:13:16:41 -0400] "GET /wp-content/uploads/2024/02/cropped-MV5BMmI0NjY3NWYtMjEyYi00MjBlLWE4NDktNzNjZWNjMGUyY2U2XkEyXkFqcGdeQXVyMTUzNjM4ODE1._V1_.jpg HTTP/1.1" 200 88480 "https://r.lookismmanga.com/" "Mozilla/5.0 (Windows NT 10.0; Win64; x64) AppleWebKit/537.36 (KHTML, like Gecko) Chrome/127.0.0.0 Safari/537.36"
2a01:cb11:8ab:3700:5033:1e3f:8fe6:b6fa - - [15/Aug/2024:13:16:42 -0400] "GET /wp-content/themes/toivo-lite/js/settings.min.js?ver=1.2.0 HTTP/1.1" 200 307 "https://r.lookismmanga.com/" "Mozilla/5.0 (Windows NT 10.0; Win64; x64) AppleWebKit/537.36 (KHTML, like Gecko) Chrome/127.0.0.0 Safari/537.36"
2a01:cb11:8ab:3700:5033:1e3f:8fe6:b6fa - - [15/Aug/2024:13:16:42 -0400] "GET /wp-content/themes/toivo-lite/js/functions.min.js?ver=1.2.0 HTTP/1.1" 200 593 "https://r.lookismmanga.com/" "Mozilla/5.0 (Windows NT 10.0; Win64; x64) AppleWebKit/537.36 (KHTML, like Gecko) Chrome/127.0.0.0 Safari/537.36"
2a01:cb11:8ab:3700:5033:1e3f:8fe6:b6fa - - [15/Aug/2024:13:16:44 -0400] "GET /comic/lookism-chapter-514/ HTTP/1.1" 200 10643 "https://r.lookismmanga.com/" "Mozilla/5.0 (Windows NT 10.0; Win64; x64) AppleWebKit/537.36 (KHTML, like Gecko) Chrome/127.0.0.0 Safari/537.36"
2a01:cb11:8ab:3700:5033:1e3f:8fe6:b6fa - - [15/Aug/2024:13:16:45 -0400] "GET /wp-content/plugins/disqus-comment-system/public/js/comment_embed.js?ver=3.1.1 HTTP/1.1" 200 653 "https://r.lookismmanga.com/comic/lookism-chapter-514/" "Mozilla/5.0 (Windows NT 10.0; Win64; x64) AppleWebKit/537.36 (KHTML, like Gecko) Chrome/127.0.0.0 Safari/537.36"
2a01:cb11:8ab:3700:5033:1e3f:8fe6:b6fa - - [15/Aug/2024:13:16:45 -0400] "GET /wp-content/plugins/wp-automatic/js/main-front.js?ver=6.5.5 HTTP/1.1" 200 316 "https://r.lookismmanga.com/comic/lookism-chapter-514/" "Mozilla/5.0 (Windows NT 10.0; Win64; x64) AppleWebKit/537.36 (KHTML, like Gecko) Chrome/127.0.0.0 Safari/537.36"
2a01:cb11:8ab:3700:5033:1e3f:8fe6:b6fa - - [15/Aug/2024:13:16:45 -0400] "GET /wp-content/plugins/wp-automatic/css/wp-automatic.css?ver=1.0.0 HTTP/1.1" 200 537 "https://r.lookismmanga.com/comic/lookism-chapter-514/" "Mozilla/5.0 (Windows NT 10.0; Win64; x64) AppleWebKit/537.36 (KHTML, like Gecko) Chrome/127.0.0.0 Safari/537.36"
2a01:cb11:8ab:3700:5033:1e3f:8fe6:b6fa - - [15/Aug/2024:13:16:45 -0400] "GET /wp-content/plugins/disqus-comment-system/public/js/comment_count.js?ver=3.1.1 HTTP/1.1" 200 354 "https://r.lookismmanga.com/comic/lookism-chapter-514/" "Mozilla/5.0 (Windows NT 10.0; Win64; x64) AppleWebKit/537.36 (KHTML, like Gecko) Chrome/127.0.0.0 Safari/537.36"
2a01:cb11:8ab:3700:5033:1e3f:8fe6:b6fa - - [15/Aug/2024:13:16:45 -0400] "GET /wp-includes/js/comment-reply.min.js?ver=6.5.5 HTTP/1.1" 200 1228 "https://r.lookismmanga.com/comic/lookism-chapter-514/" "Mozilla/5.0 (Windows NT 10.0; Win64; x64) AppleWebKit/537.36 (KHTML, like Gecko) Chrome/127.0.0.0 Safari/537.36"
2a01:cb11:8ab:3700:5033:1e3f:8fe6:b6fa - - [15/Aug/2024:13:16:45 -0400] "GET /wp-content/plugins/simple-social-buttons/assets/fonts/ssb-icon.ttf?eahqa2 HTTP/1.1" 200 6212 "https://r.lookismmanga.com/wp-content/plugins/simple-social-buttons/assets/css/front.css?ver=5.1.3" "Mozilla/5.0 (Windows NT 10.0; Win64; x64) AppleWebKit/537.36 (KHTML, like Gecko) Chrome/127.0.0.0 Safari/537.36"
2402:3a80:1319:c667:0:27:2af8:7801 - - [15/Aug/2024:13:17:30 -0400] "GET / HTTP/1.1" 200 11596 "-" "Mozilla/5.0 (Linux; Android 11; vivo 1907 Build/RP1A.200720.012; wv) AppleWebKit/537.36 (KHTML, like Gecko) Version/4.0 Chrome/127.0.6533.66 Mobile Safari/537.36"
17.241.219.43 - - [15/Aug/2024:13:17:37 -0400] "GET /tag/lookism-491/ HTTP/1.1" 301 0 "-" "Mozilla/5.0 (Macintosh; Intel Mac OS X 10_15_7) AppleWebKit/605.1.15 (KHTML, like Gecko) Version/17.4 Safari/605.1.15 (Applebot/0.1; +http://www.apple.com/go/applebot)"
17.241.219.43 - - [15/Aug/2024:13:17:37 -0400] "GET / HTTP/1.1" 200 11603 "-" "Mozilla/5.0 (Macintosh; Intel Mac OS X 10_15_7) AppleWebKit/605.1.15 (KHTML, like Gecko) Version/17.4 Safari/605.1.15 (Applebot/0.1; +http://www.apple.com/go/applebot)"
2402:3a80:1319:c667:0:27:2af8:7801 - - [15/Aug/2024:13:17:38 -0400] "GET /comic/lookism-chapter-514/ HTTP/1.1" 200 10640 "https://r.lookismmanga.com/" "Mozilla/5.0 (Linux; Android 11; vivo 1907 Build/RP1A.200720.012; wv) AppleWebKit/537.36 (KHTML, like Gecko) Version/4.0 Chrome/127.0.6533.66 Mobile Safari/537.36"
2a01:cb11:8ab:3700:5033:1e3f:8fe6:b6fa - - [15/Aug/2024:13:17:41 -0400] "GET / HTTP/1.1" 304 0 "https://fr.search.yahoo.com/" "Mozilla/5.0 (Windows NT 10.0; Win64; x64) AppleWebKit/537.36 (KHTML, like Gecko) Chrome/127.0.0.0 Safari/537.36"
2a01:cb11:8ab:3700:5033:1e3f:8fe6:b6fa - - [15/Aug/2024:13:17:44 -0400] "GET /comic/lookism-chapter-513/ HTTP/1.1" 200 11063 "https://r.lookismmanga.com/" "Mozilla/5.0 (Windows NT 10.0; Win64; x64) AppleWebKit/537.36 (KHTML, like Gecko) Chrome/127.0.0.0 Safari/537.36"
162.0.232.193 - - [15/Aug/2024:13:17:45 -0400] "POST /wp-cron.php?doing_wp_cron=1723742265.4824690818786621093750 HTTP/1.1" 200 0 "-" "WordPress/6.5.5; https://r.lookismmanga.com"
162.0.232.193 - - [15/Aug/2024:13:17:46 -0400] "GET /comic/lookism-chapter-182/ HTTP/1.1" 200 12644 "-" "WP Rocket/Preload"
162.0.232.193 - - [15/Aug/2024:13:17:47 -0400] "GET /comic/lookism-chapter-182/ HTTP/1.1" 200 12644 "-" "WP Rocket/Preload Mozilla/5.0 (iPhone; CPU iPhone OS 9_1 like Mac OS X) AppleWebKit/601.1.46 (KHTML, like Gecko) Version/9.0 Mobile/13B143 Safari/601.1"
162.0.232.193 - - [15/Aug/2024:13:17:48 -0400] "GET /comic/lookism-chapter-357/ HTTP/1.1" 200 11788 "-" "WP Rocket/Preload"
162.0.232.193 - - [15/Aug/2024:13:17:50 -0400] "GET /comic/lookism-chapter-357/ HTTP/1.1" 200 11788 "-" "WP Rocket/Preload Mozilla/5.0 (iPhone; CPU iPhone OS 9_1 like Mac OS X) AppleWebKit/601.1.46 (KHTML, like Gecko) Version/9.0 Mobile/13B143 Safari/601.1"
162.0.232.193 - - [15/Aug/2024:13:17:51 -0400] "GET /comic/lookism-chapter-167/ HTTP/1.1" 200 12444 "-" "WP Rocket/Preload"
162.0.232.193 - - [15/Aug/2024:13:17:52 -0400] "GET /comic/lookism-chapter-167/ HTTP/1.1" 200 12267 "-" "WP Rocket/Preload Mozilla/5.0 (iPhone; CPU iPhone OS 9_1 like Mac OS X) AppleWebKit/601.1.46 (KHTML, like Gecko) Version/9.0 Mobile/13B143 Safari/601.1"
162.0.232.193 - - [15/Aug/2024:13:17:54 -0400] "GET /comic/lookism-chapter-154/ HTTP/1.1" 200 12458 "-" "WP Rocket/Preload"
162.0.232.193 - - [15/Aug/2024:13:17:55 -0400] "GET /comic/lookism-chapter-154/ HTTP/1.1" 200 12456 "-" "WP Rocket/Preload Mozilla/5.0 (iPhone; CPU iPhone OS 9_1 like Mac OS X) AppleWebKit/601.1.46 (KHTML, like Gecko) Version/9.0 Mobile/13B143 Safari/601.1"
162.0.232.193 - - [15/Aug/2024:13:17:56 -0400] "GET /privacy-policy/ HTTP/1.1" 200 12883 "-" "WP Rocket/Preload"
162.0.232.193 - - [15/Aug/2024:13:17:57 -0400] "GET /privacy-policy/ HTTP/1.1" 200 13078 "-" "WP Rocket/Preload Mozilla/5.0 (iPhone; CPU iPhone OS 9_1 like Mac OS X) AppleWebKit/601.1.46 (KHTML, like Gecko) Version/9.0 Mobile/13B143 Safari/601.1"
2607:fb90:d11c:d6:951d:b56d:c3b9:7c61 - - [15/Aug/2024:13:18:48 -0400] "GET / HTTP/1.1" 200 11603 "https://www.bing.com/" "Mozilla/5.0 (Windows NT 10.0; Win64; x64) AppleWebKit/537.36 (KHTML, like Gecko) Chrome/127.0.0.0 Safari/537.36 Edg/127.0.0.0"
2607:fb90:d11c:d6:951d:b56d:c3b9:7c61 - - [15/Aug/2024:13:18:49 -0400] "GET / HTTP/1.1" 304 0 "https://r.lookismmanga.com/" "Mozilla/5.0 (Windows NT 10.0; Win64; x64) AppleWebKit/537.36 (KHTML, like Gecko) Chrome/127.0.0.0 Safari/537.36 Edg/127.0.0.0"
162.0.232.193 - - [15/Aug/2024:13:19:05 -0400] "POST /wp-cron.php?doing_wp_cron=1723742345.4821100234985351562500 HTTP/1.1" 200 0 "-" "WordPress/6.5.5; https://r.lookismmanga.com"
2402:3a80:1319:c667:0:27:2af8:7801 - - [15/Aug/2024:13:19:07 -0400] "GET /comic/lookism-chapter-514/ HTTP/1.1" 304 0 "https://r.lookismmanga.com/comic/lookism-chapter-514/" "Mozilla/5.0 (Linux; Android 11; vivo 1907 Build/RP1A.200720.012; wv) AppleWebKit/537.36 (KHTML, like Gecko) Version/4.0 Chrome/127.0.6533.66 Mobile Safari/537.36"
162.0.232.193 - - [15/Aug/2024:13:19:06 -0400] "GET /comic/lookism-chapter-40/ HTTP/1.1" 200 11490 "-" "WP Rocket/Preload"
