2a03:2880:13ff:c::face:b00c - - [15/Aug/2024:09:50:47 -0400] "GET /?p=1970 HTTP/1.1" 301 0 "-" "facebookexternalhit/1.1 (+http://www.facebook.com/externalhit_uatext.php)"
70.95.179.103 - - [15/Aug/2024:09:52:31 -0400] "GET /comic/lookism-chapter-511/ HTTP/1.1" 200 11103 "https://www.bing.com/" "Mozilla/5.0 (iPhone; CPU iPhone OS 17_5 like Mac OS X) AppleWebKit/605.1.15 (KHTML, like Gecko) EdgiOS/127.0.2651.96 Version/17.0 Mobile/15E148 Safari/604.1"
70.95.179.103 - - [15/Aug/2024:09:52:43 -0400] "GET /comic/lookism-chapter-511/ HTTP/1.1" 200 11103 "-" "Mozilla/5.0 (iPhone; CPU iPhone OS 17_5 like Mac OS X) AppleWebKit/605.1.15 (KHTML, like Gecko) EdgiOS/127.0.2651.96 Version/17.0 Mobile/15E148 Safari/604.1"
70.95.179.103 - - [15/Aug/2024:09:52:47 -0400] "GET /wp-content/uploads/2024/02/MV5BMmI0NjY3NWYtMjEyYi00MjBlLWE4NDktNzNjZWNjMGUyY2U2XkEyXkFqcGdeQXVyMTUzNjM4ODE1._V1_-1260x709.jpg HTTP/1.1" 200 95093 "https://r.lookismmanga.com/comic/lookism-chapter-511/" "Mozilla/5.0 (iPhone; CPU iPhone OS 17_5 like Mac OS X) AppleWebKit/605.1.15 (KHTML, like Gecko) EdgiOS/127.0.2651.96 Version/17.0 Mobile/15E148 Safari/604.1"
70.95.179.103 - - [15/Aug/2024:09:52:50 -0400] "GET /wp-content/plugins/simple-social-buttons/assets/fonts/ssb-icon.ttf?eahqa2 HTTP/1.1" 200 6212 "https://r.lookismmanga.com/comic/lookism-chapter-511/" "Mozilla/5.0 (iPhone; CPU iPhone OS 17_5 like Mac OS X) AppleWebKit/605.1.15 (KHTML, like Gecko) EdgiOS/127.0.2651.96 Version/17.0 Mobile/15E148 Safari/604.1"
70.95.179.103 - - [15/Aug/2024:09:52:50 -0400] "GET /wp-content/themes/toivo-lite/fonts/genericons/genericons/Genericons.svg HTTP/1.1" 200 23714 "https://r.lookismmanga.com/comic/lookism-chapter-511/" "Mozilla/5.0 (iPhone; CPU iPhone OS 17_5 like Mac OS X) AppleWebKit/605.1.15 (KHTML, like Gecko) EdgiOS/127.0.2651.96 Version/17.0 Mobile/15E148 Safari/604.1"
162.0.232.193 - - [15/Aug/2024:09:52:52 -0400] "POST /wp-cron.php?doing_wp_cron=1723729971.9613149166107177734375 HTTP/1.1" 200 0 "-" "WordPress/6.5.5; https://r.lookismmanga.com"
70.95.179.103 - - [15/Aug/2024:09:52:50 -0400] "POST /wp-admin/admin-ajax.php HTTP/1.1" 200 69 "https://r.lookismmanga.com/comic/lookism-chapter-511/" "Mozilla/5.0 (iPhone; CPU iPhone OS 17_5 like Mac OS X) AppleWebKit/605.1.15 (KHTML, like Gecko) EdgiOS/127.0.2651.96 Version/17.0 Mobile/15E148 Safari/604.1"
114.10.98.124 - - [15/Aug/2024:09:53:07 -0400] "GET / HTTP/1.1" 304 0 "https://duckduckgo.com/" "Mozilla/5.0 (iPhone; CPU iPhone OS 17_5_1 like Mac OS X) AppleWebKit/605.1.15 (KHTML, like Gecko) Version/17.5 Mobile/15E148 Safari/604.1"
70.95.179.103 - - [15/Aug/2024:09:53:34 -0400] "GET /comic/lookism-chapter-511/ HTTP/1.1" 304 0 "https://www.bing.com/" "Mozilla/5.0 (iPhone; CPU iPhone OS 17_5 like Mac OS X) AppleWebKit/605.1.15 (KHTML, like Gecko) EdgiOS/127.0.2651.96 Version/17.0 Mobile/15E148 Safari/604.1"
162.0.232.193 - - [15/Aug/2024:09:53:34 -0400] "POST /wp-cron.php?doing_wp_cron=1723730014.5937700271606445312500 HTTP/1.1" 200 0 "-" "WordPress/6.5.5; https://r.lookismmanga.com"
70.95.179.103 - - [15/Aug/2024:09:53:34 -0400] "POST /wp-admin/admin-ajax.php HTTP/1.1" 200 69 "https://r.lookismmanga.com/comic/lookism-chapter-511/" "Mozilla/5.0 (iPhone; CPU iPhone OS 17_5 like Mac OS X) AppleWebKit/605.1.15 (KHTML, like Gecko) EdgiOS/127.0.2651.96 Version/17.0 Mobile/15E148 Safari/604.1"
162.0.232.193 - - [15/Aug/2024:09:53:42 -0400] "POST /wp-cron.php?doing_wp_cron=1723730022.2749381065368652343750 HTTP/1.1" 200 0 "-" "WordPress/6.5.5; https://r.lookismmanga.com"
2603:8001:3300:696f:c57c:84fc:5e36:64e0 - - [15/Aug/2024:09:54:13 -0400] "GET / HTTP/1.1" 200 11596 "https://www.bing.com/" "Mozilla/5.0 (iPhone; CPU iPhone OS 17_5 like Mac OS X) AppleWebKit/605.1.15 (KHTML, like Gecko) EdgiOS/127.0.2651.96 Version/17.0 Mobile/15E148 Safari/604.1"
2603:8001:3300:696f:c57c:84fc:5e36:64e0 - - [15/Aug/2024:09:55:09 -0400] "GET / HTTP/1.1" 304 0 "https://www.bing.com/" "Mozilla/5.0 (iPhone; CPU iPhone OS 17_5 like Mac OS X) AppleWebKit/605.1.15 (KHTML, like Gecko) EdgiOS/127.0.2651.96 Version/17.0 Mobile/15E148 Safari/604.1"
162.0.232.193 - - [15/Aug/2024:09:56:38 -0400] "POST /wp-cron.php?doing_wp_cron=1723730197.8784708976745605468750 HTTP/1.1" 200 0 "-" "WordPress/6.5.5; https://r.lookismmanga.com"
80.251.219.111 - - [15/Aug/2024:09:56:36 -0400] "POST /xmlrpc.php HTTP/1.1" 200 205 "-" "Mozilla/5.0 (X11; Fedora; Linux x86_64; rv:94.0) Gecko/20100101 Firefox/95.0"
2a03:2880:13ff::face:b00c - - [15/Aug/2024:09:56:49 -0400] "GET /?p=2006 HTTP/1.1" 301 0 "-" "meta-externalagent/1.1 (+https://developers.facebook.com/docs/sharing/webmasters/crawler)"
162.0.232.193 - - [15/Aug/2024:09:57:50 -0400] "POST /wp-cron.php?doing_wp_cron=1723730270.0298678874969482421875 HTTP/1.1" 200 0 "-" "WordPress/6.5.5; https://r.lookismmanga.com"
40.77.167.25 - - [15/Aug/2024:09:57:49 -0400] "GET /wp-json/wp/v2/posts/2968 HTTP/1.1" 200 14907 "-" "Mozilla/5.0 AppleWebKit/537.36 (KHTML, like Gecko; compatible; bingbot/2.0; +http://www.bing.com/bingbot.htm) Chrome/116.0.1938.76 Safari/537.36"
2001:448a:2003:159a:4194:43d0:fa8a:618f - - [15/Aug/2024:09:59:10 -0400] "GET / HTTP/1.1" 200 11603 "https://www.bing.com/" "Mozilla/5.0 (Windows NT 10.0; Win64; x64) AppleWebKit/537.36 (KHTML, like Gecko) Chrome/127.0.0.0 Safari/537.36 Edg/127.0.0.0"
2001:448a:2003:159a:4194:43d0:fa8a:618f - - [15/Aug/2024:09:59:11 -0400] "GET /wp-content/uploads/2024/02/lookismkmanhwabookvolume5dkshop-753x1024.webp HTTP/1.1" 200 76864 "https://r.lookismmanga.com/" "Mozilla/5.0 (Windows NT 10.0; Win64; x64) AppleWebKit/537.36 (KHTML, like Gecko) Chrome/127.0.0.0 Safari/537.36 Edg/127.0.0.0"
2001:448a:2003:159a:4194:43d0:fa8a:618f - - [15/Aug/2024:09:59:11 -0400] "GET /wp-content/uploads/2024/02/lookismkmanhwabookvolume17dkshop-706x1024.jpg HTTP/1.1" 200 101529 "https://r.lookismmanga.com/" "Mozilla/5.0 (Windows NT 10.0; Win64; x64) AppleWebKit/537.36 (KHTML, like Gecko) Chrome/127.0.0.0 Safari/537.36 Edg/127.0.0.0"
40.77.167.25 - - [15/Aug/2024:09:59:29 -0400] "GET /comic/lookism-chapter-44/ HTTP/1.1" 200 11471 "-" "Mozilla/5.0 AppleWebKit/537.36 (KHTML, like Gecko; compatible; bingbot/2.0; +http://www.bing.com/bingbot.htm) Chrome/116.0.1938.76 Safari/537.36"
52.167.144.163 - - [15/Aug/2024:09:59:33 -0400] "GET / HTTP/1.1" 200 11625 "-" "Mozilla/5.0 AppleWebKit/537.36 (KHTML, like Gecko; compatible; bingbot/2.0; +http://www.bing.com/bingbot.htm) Chrome/116.0.1938.76 Safari/537.36"
162.0.232.193 - - [15/Aug/2024:09:59:58 -0400] "POST /wp-cron.php?doing_wp_cron=1723730397.9049029350280761718750 HTTP/1.1" 200 0 "-" "WordPress/6.5.5; https://r.lookismmanga.com"
114.119.152.143 - - [15/Aug/2024:09:59:57 -0400] "GET /lookism/page/39/ HTTP/1.1" 301 0 "https://ww13.lookismmanga.com/lookism/page/38/" "Mozilla/5.0 (Linux; Android 7.0;) AppleWebKit/537.36 (KHTML, like Gecko) Mobile Safari/537.36 (compatible; PetalBot;+https://webmaster.petalsearch.com/site/petalbot)"
114.119.152.143 - - [15/Aug/2024:09:59:58 -0400] "GET / HTTP/1.1" 200 11624 "https://ww13.lookismmanga.com/lookism/page/38/" "Mozilla/5.0 (Linux; Android 7.0;) AppleWebKit/537.36 (KHTML, like Gecko) Mobile Safari/537.36 (compatible; PetalBot;+https://webmaster.petalsearch.com/site/petalbot)"
162.0.232.193 - - [15/Aug/2024:10:00:54 -0400] "POST /wp-cron.php?doing_wp_cron=1723730454.4753770828247070312500 HTTP/1.1" 200 0 "-" "WordPress/6.5.5; https://r.lookismmanga.com"
162.0.232.193 - - [15/Aug/2024:10:00:59 -0400] "POST /wp-cron.php?doing_wp_cron=1723730458.9660549163818359375000 HTTP/1.1" 200 0 "-" "WordPress/6.5.5; https://r.lookismmanga.com"
2a03:2880:2ff:c::face:b00c - - [15/Aug/2024:10:00:58 -0400] "GET /lookism/lookism-chapter-68/ HTTP/1.1" 301 0 "-" "facebookexternalhit/1.1 (+http://www.facebook.com/externalhit_uatext.php)"
2a03:2880:f800:e:: - - [15/Aug/2024:10:01:06 -0400] "GET /?p=1967 HTTP/1.1" 301 0 "-" "facebookexternalhit/1.1 (+http://www.facebook.com/externalhit_uatext.php)"
39.34.152.150 - - [15/Aug/2024:10:01:12 -0400] "GET / HTTP/1.1" 200 11596 "-" "Mozilla/5.0 (Linux; Android 13; SM-A515F Build/TP1A.220624.014; wv) AppleWebKit/537.36 (KHTML, like Gecko) Version/4.0 Chrome/127.0.6533.64 Mobile Safari/537.36"
39.34.152.150 - - [15/Aug/2024:10:01:13 -0400] "GET /wp-content/uploads/2024/02/lookismkmanhwabookvolume5dkshop.webp HTTP/1.1" 200 97320 "https://r.lookismmanga.com/" "Mozilla/5.0 (Linux; Android 13; SM-A515F Build/TP1A.220624.014; wv) AppleWebKit/537.36 (KHTML, like Gecko) Version/4.0 Chrome/127.0.6533.64 Mobile Safari/537.36"
39.34.152.150 - - [15/Aug/2024:10:01:14 -0400] "GET /category/lookism-manga/ HTTP/1.1" 200 10343 "https://r.lookismmanga.com/" "Mozilla/5.0 (Linux; Android 13; SM-A515F Build/TP1A.220624.014; wv) AppleWebKit/537.36 (KHTML, like Gecko) Version/4.0 Chrome/127.0.6533.64 Mobile Safari/537.36"
39.34.152.150 - - [15/Aug/2024:10:01:14 -0400] "GET /wp-content/uploads/2024/02/cropped-if-the-anime-continues-and-reaches-the-point-of-current-v0-frhh1uf0zj5a1-192x192.webp HTTP/1.1" 200 4440 "https://r.lookismmanga.com/" "Mozilla/5.0 (Linux; Android 13; SM-A515F Build/TP1A.220624.014; wv) AppleWebKit/537.36 (KHTML, like Gecko) Version/4.0 Chrome/127.0.6533.64 Mobile Safari/537.36"
162.0.232.193 - - [15/Aug/2024:10:01:19 -0400] "POST /wp-cron.php?doing_wp_cron=1723730478.7310709953308105468750 HTTP/1.1" 200 0 "-" "WordPress/6.5.5; https://r.lookismmanga.com"
2a03:2880:f800:16:: - - [15/Aug/2024:10:01:18 -0400] "GET / HTTP/1.1" 200 11400 "-" "facebookexternalhit/1.1 (+http://www.facebook.com/externalhit_uatext.php)"
66.249.64.129 - - [15/Aug/2024:10:02:19 -0400] "GET / HTTP/1.1" 200 11596 "-" "Mozilla/5.0 (Linux; Android 6.0.1; Nexus 5X Build/MMB29P) AppleWebKit/537.36 (KHTML, like Gecko) Chrome/127.0.6533.99 Mobile Safari/537.36 (compatible; Googlebot/2.1; +http://www.google.com/bot.html)"
162.0.232.193 - - [15/Aug/2024:10:03:25 -0400] "POST /wp-cron.php?doing_wp_cron=1723730604.8933360576629638671875 HTTP/1.1" 200 0 "-" "WordPress/6.5.5; https://r.lookismmanga.com"
2a03:2880:2ff:73::face:b00c - - [15/Aug/2024:10:03:28 -0400] "GET /lookism/lookism-chapter-438/ HTTP/1.1" 301 0 "-" "facebookexternalhit/1.1 (+http://www.facebook.com/externalhit_uatext.php)"
162.0.232.193 - - [15/Aug/2024:10:03:40 -0400] "POST /wp-cron.php?doing_wp_cron=1723730619.9139978885650634765625 HTTP/1.1" 200 0 "-" "WordPress/6.5.5; https://r.lookismmanga.com"
2a03:2880:27ff:1::face:b00c - - [15/Aug/2024:10:03:39 -0400] "GET / HTTP/1.1" 200 11400 "-" "facebookexternalhit/1.1 (+http://www.facebook.com/externalhit_uatext.php)"
162.0.232.193 - - [15/Aug/2024:10:04:31 -0400] "POST /wp-cron.php?doing_wp_cron=1723730670.8265409469604492187500 HTTP/1.1" 200 0 "-" "WordPress/6.5.5; https://r.lookismmanga.com"
2a03:2880:22ff:70::face:b00c - - [15/Aug/2024:10:04:30 -0400] "GET /lookism/lookism-chapter-259/ HTTP/1.1" 301 0 "-" "facebookexternalhit/1.1 (+http://www.facebook.com/externalhit_uatext.php)"
162.0.232.193 - - [15/Aug/2024:10:04:56 -0400] "POST /wp-cron.php?doing_wp_cron=1723730696.0111720561981201171875 HTTP/1.1" 200 0 "-" "WordPress/6.5.5; https://r.lookismmanga.com"
114.119.145.233 - - [15/Aug/2024:10:04:55 -0400] "GET /lookism/page/42/ HTTP/1.1" 301 0 "https://ww12.lookismmanga.com/lookism/page/41/" "Mozilla/5.0 (Linux; Android 7.0;) AppleWebKit/537.36 (KHTML, like Gecko) Mobile Safari/537.36 (compatible; PetalBot;+https://webmaster.petalsearch.com/site/petalbot)"
114.119.145.233 - - [15/Aug/2024:10:04:57 -0400] "GET / HTTP/1.1" 200 11596 "https://ww12.lookismmanga.com/lookism/page/41/" "Mozilla/5.0 (Linux; Android 7.0;) AppleWebKit/537.36 (KHTML, like Gecko) Mobile Safari/537.36 (compatible; PetalBot;+https://webmaster.petalsearch.com/site/petalbot)"
125.164.24.221 - - [15/Aug/2024:10:05:39 -0400] "GET / HTTP/1.1" 200 11603 "-" "Mozilla/5.0 (Windows NT 10.0; Win64; x64) AppleWebKit/537.36 (KHTML, like Gecko) Chrome/127.0.0.0 Safari/537.36"
125.164.17.200 - - [15/Aug/2024:10:05:45 -0400] "GET /comic/lookism-chapter-513/ HTTP/1.1" 200 11110 "https://r.lookismmanga.com/" "Mozilla/5.0 (Windows NT 10.0; Win64; x64) AppleWebKit/537.36 (KHTML, like Gecko) Chrome/127.0.0.0 Safari/537.36"
125.164.17.200 - - [15/Aug/2024:10:05:46 -0400] "GET /comic/lookism-chapter-514/ HTTP/1.1" 200 10596 "https://r.lookismmanga.com/" "Mozilla/5.0 (Windows NT 10.0; Win64; x64) AppleWebKit/537.36 (KHTML, like Gecko) Chrome/127.0.0.0 Safari/537.36"
51.159.111.39 - - [15/Aug/2024:10:07:20 -0400] "GET / HTTP/1.1" 200 11596 "-" "Mozilla/5.0 (Linux; Android 10; K) AppleWebKit/537.36 (KHTML, like Gecko) Chrome/127.0.0.0 Mobile Safari/537.36"
162.0.232.193 - - [15/Aug/2024:10:07:35 -0400] "POST /wp-cron.php?doing_wp_cron=1723730854.8230600357055664062500 HTTP/1.1" 200 0 "-" "WordPress/6.5.5; https://r.lookismmanga.com"
2a03:2880:ff:18::face:b00c - - [15/Aug/2024:10:07:33 -0400] "GET /?p=2024 HTTP/1.1" 301 0 "-" "facebookexternalhit/1.1 (+http://www.facebook.com/externalhit_uatext.php)"
159.192.176.119 - - [15/Aug/2024:10:08:32 -0400] "GET / HTTP/1.1" 200 11603 "https://search.yahoo.com/" "Mozilla/5.0 (Windows NT 10.0; Win64; x64) AppleWebKit/537.36 (KHTML, like Gecko) Chrome/127.0.0.0 Safari/537.36"
159.192.176.119 - - [15/Aug/2024:10:08:39 -0400] "GET /comic/lookism-chapter-514/ HTTP/1.1" 200 10653 "https://r.lookismmanga.com/" "Mozilla/5.0 (Windows NT 10.0; Win64; x64) AppleWebKit/537.36 (KHTML, like Gecko) Chrome/127.0.0.0 Safari/537.36"
159.192.176.119 - - [15/Aug/2024:10:08:42 -0400] "GET / HTTP/1.1" 304 0 "https://r.lookismmanga.com/comic/lookism-chapter-514/" "Mozilla/5.0 (Windows NT 10.0; Win64; x64) AppleWebKit/537.36 (KHTML, like Gecko) Chrome/127.0.0.0 Safari/537.36"
162.0.232.193 - - [15/Aug/2024:10:08:44 -0400] "POST /wp-cron.php?doing_wp_cron=1723730924.1214010715484619140625 HTTP/1.1" 200 0 "-" "WordPress/6.5.5; https://r.lookismmanga.com"
2a03:2880:13ff:11::face:b00c - - [15/Aug/2024:10:08:43 -0400] "GET /lookism/lookism-chapter-503/ HTTP/1.1" 301 0 "-" "facebookexternalhit/1.1 (+http://www.facebook.com/externalhit_uatext.php)"
2401:4900:58c7:ca28:5c30:3300:2ee5:edfd - - [15/Aug/2024:10:09:23 -0400] "GET / HTTP/1.1" 304 0 "https://www.bing.com/" "Mozilla/5.0 (Windows NT 10.0; Win64; x64) AppleWebKit/537.36 (KHTML, like Gecko) Chrome/126.0.0.0 Safari/537.36 Edg/126.0.0.0"
2401:4900:58c7:ca28:5c30:3300:2ee5:edfd - - [15/Aug/2024:10:09:26 -0400] "GET /category/lookism-manga/ HTTP/1.1" 200 10421 "https://r.lookismmanga.com/" "Mozilla/5.0 (Windows NT 10.0; Win64; x64) AppleWebKit/537.36 (KHTML, like Gecko) Chrome/126.0.0.0 Safari/537.36 Edg/126.0.0.0"
2401:4900:58c7:ca28:5c30:3300:2ee5:edfd - - [15/Aug/2024:10:09:28 -0400] "GET /comic/lookism-chapter-514/ HTTP/1.1" 304 0 "https://r.lookismmanga.com/" "Mozilla/5.0 (Windows NT 10.0; Win64; x64) AppleWebKit/537.36 (KHTML, like Gecko) Chrome/126.0.0.0 Safari/537.36 Edg/126.0.0.0"
2a00:23ee:2008:1271:e197:1319:49e9:eca9 - - [15/Aug/2024:10:09:41 -0400] "GET / HTTP/1.1" 200 11596 "https://www.bing.com/" "Mozilla/5.0 (iPhone; CPU iPhone OS 17_5_1 like Mac OS X) AppleWebKit/605.1.15 (KHTML, like Gecko) Version/17.5 Mobile/15E148 Safari/604.1"
103.124.97.5 - - [15/Aug/2024:10:09:53 -0400] "GET / HTTP/1.1" 200 11603 "https://www.bing.com/" "Mozilla/5.0 (Windows NT 10.0; Win64; x64) AppleWebKit/537.36 (KHTML, like Gecko) Chrome/127.0.0.0 Safari/537.36 Edg/127.0.0.0"
103.124.97.5 - - [15/Aug/2024:10:09:53 -0400] "GET /wp-includes/js/jquery/jquery-migrate.min.js?ver=3.4.1 HTTP/1.1" 200 4678 "https://r.lookismmanga.com/" "Mozilla/5.0 (Windows NT 10.0; Win64; x64) AppleWebKit/537.36 (KHTML, like Gecko) Chrome/127.0.0.0 Safari/537.36 Edg/127.0.0.0"
103.124.97.5 - - [15/Aug/2024:10:09:53 -0400] "GET /wp-content/plugins/simple-social-buttons/assets/js/front.js?ver=5.1.3 HTTP/1.1" 200 1577 "https://r.lookismmanga.com/" "Mozilla/5.0 (Windows NT 10.0; Win64; x64) AppleWebKit/537.36 (KHTML, like Gecko) Chrome/127.0.0.0 Safari/537.36 Edg/127.0.0.0"
103.124.97.5 - - [15/Aug/2024:10:09:54 -0400] "GET /wp-content/plugins/simple-social-buttons/assets/js/frontend-blocks.js?ver=5.1.3 HTTP/1.1" 200 0 "https://r.lookismmanga.com/" "Mozilla/5.0 (Windows NT 10.0; Win64; x64) AppleWebKit/537.36 (KHTML, like Gecko) Chrome/127.0.0.0 Safari/537.36 Edg/127.0.0.0"
103.124.97.5 - - [15/Aug/2024:10:09:54 -0400] "GET /wp-content/plugins/simple-social-buttons/assets/css/front.css?ver=5.1.3 HTTP/1.1" 200 9767 "https://r.lookismmanga.com/" "Mozilla/5.0 (Windows NT 10.0; Win64; x64) AppleWebKit/537.36 (KHTML, like Gecko) Chrome/127.0.0.0 Safari/537.36 Edg/127.0.0.0"
103.124.97.5 - - [15/Aug/2024:10:09:54 -0400] "GET /wp-content/plugins/widgets-on-pages/public/css/widgets-on-pages-public.css?ver=1.4.0 HTTP/1.1" 200 83 "https://r.lookismmanga.com/" "Mozilla/5.0 (Windows NT 10.0; Win64; x64) AppleWebKit/537.36 (KHTML, like Gecko) Chrome/127.0.0.0 Safari/537.36 Edg/127.0.0.0"
103.124.97.5 - - [15/Aug/2024:10:09:54 -0400] "GET /wp-content/plugins/comic-easel/js/keynav.js HTTP/1.1" 200 302 "https://r.lookismmanga.com/" "Mozilla/5.0 (Windows NT 10.0; Win64; x64) AppleWebKit/537.36 (KHTML, like Gecko) Chrome/127.0.0.0 Safari/537.36 Edg/127.0.0.0"
103.124.97.5 - - [15/Aug/2024:10:09:54 -0400] "GET /wp-content/uploads/2024/02/lookismkmanhwabookvolume5dkshop.webp HTTP/1.1" 200 97320 "https://r.lookismmanga.com/" "Mozilla/5.0 (Windows NT 10.0; Win64; x64) AppleWebKit/537.36 (KHTML, like Gecko) Chrome/127.0.0.0 Safari/537.36 Edg/127.0.0.0"
103.124.97.5 - - [15/Aug/2024:10:09:54 -0400] "GET /wp-content/themes/toivo-lite/style.css?ver=1.2.0 HTTP/1.1" 200 13718 "https://r.lookismmanga.com/" "Mozilla/5.0 (Windows NT 10.0; Win64; x64) AppleWebKit/537.36 (KHTML, like Gecko) Chrome/127.0.0.0 Safari/537.36 Edg/127.0.0.0"
103.124.97.5 - - [15/Aug/2024:10:09:54 -0400] "GET /wp-includes/css/dist/block-library/style.min.css?ver=6.5.5 HTTP/1.1" 200 14071 "https://r.lookismmanga.com/" "Mozilla/5.0 (Windows NT 10.0; Win64; x64) AppleWebKit/537.36 (KHTML, like Gecko) Chrome/127.0.0.0 Safari/537.36 Edg/127.0.0.0"
103.124.97.5 - - [15/Aug/2024:10:09:54 -0400] "GET /wp-includes/js/jquery/jquery.min.js?ver=3.7.1 HTTP/1.1" 200 29744 "https://r.lookismmanga.com/" "Mozilla/5.0 (Windows NT 10.0; Win64; x64) AppleWebKit/537.36 (KHTML, like Gecko) Chrome/127.0.0.0 Safari/537.36 Edg/127.0.0.0"
103.124.97.5 - - [15/Aug/2024:10:09:54 -0400] "GET /wp-content/uploads/2024/02/cropped-MV5BMmI0NjY3NWYtMjEyYi00MjBlLWE4NDktNzNjZWNjMGUyY2U2XkEyXkFqcGdeQXVyMTUzNjM4ODE1._V1_.jpg HTTP/1.1" 200 88480 "https://r.lookismmanga.com/" "Mozilla/5.0 (Windows NT 10.0; Win64; x64) AppleWebKit/537.36 (KHTML, like Gecko) Chrome/127.0.0.0 Safari/537.36 Edg/127.0.0.0"
103.124.97.5 - - [15/Aug/2024:10:09:54 -0400] "GET /wp-content/themes/toivo-lite/js/responsive-nav.min.js?ver=1.2.0 HTTP/1.1" 200 2102 "https://r.lookismmanga.com/" "Mozilla/5.0 (Windows NT 10.0; Win64; x64) AppleWebKit/537.36 (KHTML, like Gecko) Chrome/127.0.0.0 Safari/537.36 Edg/127.0.0.0"
103.124.97.5 - - [15/Aug/2024:10:09:54 -0400] "GET /wp-content/themes/toivo-lite/js/settings.min.js?ver=1.2.0 HTTP/1.1" 200 307 "https://r.lookismmanga.com/" "Mozilla/5.0 (Windows NT 10.0; Win64; x64) AppleWebKit/537.36 (KHTML, like Gecko) Chrome/127.0.0.0 Safari/537.36 Edg/127.0.0.0"
103.124.97.5 - - [15/Aug/2024:10:09:55 -0400] "GET /wp-content/themes/toivo-lite/js/functions.min.js?ver=1.2.0 HTTP/1.1" 200 593 "https://r.lookismmanga.com/" "Mozilla/5.0 (Windows NT 10.0; Win64; x64) AppleWebKit/537.36 (KHTML, like Gecko) Chrome/127.0.0.0 Safari/537.36 Edg/127.0.0.0"
103.124.97.5 - - [15/Aug/2024:10:09:55 -0400] "GET /wp-content/uploads/2024/02/lookismkmanhwabookvolume17dkshop.jpg HTTP/1.1" 200 108104 "https://r.lookismmanga.com/" "Mozilla/5.0 (Windows NT 10.0; Win64; x64) AppleWebKit/537.36 (KHTML, like Gecko) Chrome/127.0.0.0 Safari/537.36 Edg/127.0.0.0"
162.0.232.193 - - [15/Aug/2024:10:09:55 -0400] "POST /wp-cron.php?doing_wp_cron=1723730995.4866399765014648437500 HTTP/1.1" 200 0 "-" "WordPress/6.5.5; https://r.lookismmanga.com"
114.119.152.143 - - [15/Aug/2024:10:09:55 -0400] "GET /lookism/lookism-chapter-73/ HTTP/1.1" 301 0 "https://ww13.lookismmanga.com/lookism/lookism-chapter-104/" "Mozilla/5.0 (Linux; Android 7.0;) AppleWebKit/537.36 (KHTML, like Gecko) Mobile Safari/537.36 (compatible; PetalBot;+https://webmaster.petalsearch.com/site/petalbot)"
103.124.97.5 - - [15/Aug/2024:10:09:55 -0400] "GET /wp-content/themes/toivo-lite/fonts/genericons/genericons/genericons.min.css?ver=3.3 HTTP/1.1" 200 15959 "https://r.lookismmanga.com/" "Mozilla/5.0 (Windows NT 10.0; Win64; x64) AppleWebKit/537.36 (KHTML, like Gecko) Chrome/127.0.0.0 Safari/537.36 Edg/127.0.0.0"
114.119.152.143 - - [15/Aug/2024:10:09:56 -0400] "GET / HTTP/1.1" 200 11596 "https://ww13.lookismmanga.com/lookism/lookism-chapter-104/" "Mozilla/5.0 (Linux; Android 7.0;) AppleWebKit/537.36 (KHTML, like Gecko) Mobile Safari/537.36 (compatible; PetalBot;+https://webmaster.petalsearch.com/site/petalbot)"
103.124.97.5 - - [15/Aug/2024:10:09:57 -0400] "GET /comic/lookism-chapter-1/ HTTP/1.1" 200 11373 "https://r.lookismmanga.com/" "Mozilla/5.0 (Windows NT 10.0; Win64; x64) AppleWebKit/537.36 (KHTML, like Gecko) Chrome/127.0.0.0 Safari/537.36 Edg/127.0.0.0"
103.124.97.5 - - [15/Aug/2024:10:09:58 -0400] "GET /wp-content/uploads/2024/02/cropped-if-the-anime-continues-and-reaches-the-point-of-current-v0-frhh1uf0zj5a1-32x32.webp HTTP/1.1" 200 438 "https://r.lookismmanga.com/" "Mozilla/5.0 (Windows NT 10.0; Win64; x64) AppleWebKit/537.36 (KHTML, like Gecko) Chrome/127.0.0.0 Safari/537.36 Edg/127.0.0.0"
103.124.97.5 - - [15/Aug/2024:10:10:01 -0400] "GET /comic/lookism-chapter-513/ HTTP/1.1" 200 11063 "https://r.lookismmanga.com/" "Mozilla/5.0 (Windows NT 10.0; Win64; x64) AppleWebKit/537.36 (KHTML, like Gecko) Chrome/127.0.0.0 Safari/537.36 Edg/127.0.0.0"
103.124.97.5 - - [15/Aug/2024:10:10:02 -0400] "GET /comic/lookism-chapter-512/ HTTP/1.1" 200 11019 "https://r.lookismmanga.com/" "Mozilla/5.0 (Windows NT 10.0; Win64; x64) AppleWebKit/537.36 (KHTML, like Gecko) Chrome/127.0.0.0 Safari/537.36 Edg/127.0.0.0"
103.124.97.5 - - [15/Aug/2024:10:10:02 -0400] "GET /comic/lookism-chapter-514/ HTTP/1.1" 200 10596 "https://r.lookismmanga.com/" "Mozilla/5.0 (Windows NT 10.0; Win64; x64) AppleWebKit/537.36 (KHTML, like Gecko) Chrome/127.0.0.0 Safari/537.36 Edg/127.0.0.0"
103.124.97.5 - - [15/Aug/2024:10:10:03 -0400] "GET /wp-content/plugins/wp-automatic/js/main-front.js?ver=6.5.5 HTTP/1.1" 200 316 "https://r.lookismmanga.com/comic/lookism-chapter-514/" "Mozilla/5.0 (Windows NT 10.0; Win64; x64) AppleWebKit/537.36 (KHTML, like Gecko) Chrome/127.0.0.0 Safari/537.36 Edg/127.0.0.0"
103.124.97.5 - - [15/Aug/2024:10:10:03 -0400] "GET /wp-content/plugins/wp-automatic/css/wp-automatic.css?ver=1.0.0 HTTP/1.1" 200 537 "https://r.lookismmanga.com/comic/lookism-chapter-514/" "Mozilla/5.0 (Windows NT 10.0; Win64; x64) AppleWebKit/537.36 (KHTML, like Gecko) Chrome/127.0.0.0 Safari/537.36 Edg/127.0.0.0"
103.124.97.5 - - [15/Aug/2024:10:10:04 -0400] "GET /wp-content/plugins/disqus-comment-system/public/js/comment_embed.js?ver=3.1.1 HTTP/1.1" 200 653 "https://r.lookismmanga.com/comic/lookism-chapter-514/" "Mozilla/5.0 (Windows NT 10.0; Win64; x64) AppleWebKit/537.36 (KHTML, like Gecko) Chrome/127.0.0.0 Safari/537.36 Edg/127.0.0.0"
103.124.97.5 - - [15/Aug/2024:10:10:04 -0400] "GET /wp-content/plugins/disqus-comment-system/public/js/comment_count.js?ver=3.1.1 HTTP/1.1" 200 354 "https://r.lookismmanga.com/comic/lookism-chapter-514/" "Mozilla/5.0 (Windows NT 10.0; Win64; x64) AppleWebKit/537.36 (KHTML, like Gecko) Chrome/127.0.0.0 Safari/537.36 Edg/127.0.0.0"
103.124.97.5 - - [15/Aug/2024:10:10:04 -0400] "GET /wp-includes/js/comment-reply.min.js?ver=6.5.5 HTTP/1.1" 200 1228 "https://r.lookismmanga.com/comic/lookism-chapter-514/" "Mozilla/5.0 (Windows NT 10.0; Win64; x64) AppleWebKit/537.36 (KHTML, like Gecko) Chrome/127.0.0.0 Safari/537.36 Edg/127.0.0.0"
103.124.97.5 - - [15/Aug/2024:10:10:04 -0400] "GET /wp-content/plugins/simple-social-buttons/assets/fonts/ssb-icon.ttf?eahqa2 HTTP/1.1" 200 6212 "https://r.lookismmanga.com/wp-content/plugins/simple-social-buttons/assets/css/front.css?ver=5.1.3" "Mozilla/5.0 (Windows NT 10.0; Win64; x64) AppleWebKit/537.36 (KHTML, like Gecko) Chrome/127.0.0.0 Safari/537.36 Edg/127.0.0.0"
101.255.149.82 - - [15/Aug/2024:10:11:32 -0400] "GET / HTTP/1.1" 200 11596 "https://duckduckgo.com/" "Mozilla/5.0 (Linux; Android 10; K) AppleWebKit/537.36 (KHTML, like Gecko) Chrome/127.0.0.0 Mobile Safari/537.36"
162.0.232.193 - - [15/Aug/2024:10:11:43 -0400] "POST /wp-cron.php?doing_wp_cron=1723731103.3388180732727050781250 HTTP/1.1" 200 0 "-" "WordPress/6.5.5; https://r.lookismmanga.com"
2a03:2880:f800:13:: - - [15/Aug/2024:10:11:42 -0400] "GET /lookism/lookism-chapter-179/ HTTP/1.1" 301 0 "-" "meta-externalagent/1.1 (+https://developers.facebook.com/docs/sharing/webmasters/crawler)"
103.124.97.5 - - [15/Aug/2024:10:12:05 -0400] "GET / HTTP/1.1" 304 0 "https://www.bing.com/" "Mozilla/5.0 (Windows NT 10.0; Win64; x64) AppleWebKit/537.36 (KHTML, like Gecko) Chrome/127.0.0.0 Safari/537.36 Edg/127.0.0.0"
162.0.232.193 - - [15/Aug/2024:10:12:20 -0400] "POST /wp-cron.php?doing_wp_cron=1723731140.4853720664978027343750 HTTP/1.1" 200 0 "-" "WordPress/6.5.5; https://r.lookismmanga.com"
52.167.144.17 - - [15/Aug/2024:10:12:20 -0400] "GET /lookism/lookism-chapter-289/ HTTP/1.1" 301 0 "-" "Mozilla/5.0 AppleWebKit/537.36 (KHTML, like Gecko; compatible; bingbot/2.0; +http://www.bing.com/bingbot.htm) Chrome/116.0.1938.76 Safari/537.36"
52.167.144.17 - - [15/Aug/2024:10:12:31 -0400] "GET /post_tag-sitemap.xml HTTP/1.1" 200 437 "-" "Mozilla/5.0 AppleWebKit/537.36 (KHTML, like Gecko; compatible; bingbot/2.0; +http://www.bing.com/bingbot.htm) Chrome/116.0.1938.76 Safari/537.36"
152.32.107.235 - - [15/Aug/2024:10:12:46 -0400] "GET / HTTP/1.1" 200 11596 "https://duckduckgo.com/" "Mozilla/5.0 (Linux; Android 10; K) AppleWebKit/537.36 (KHTML, like Gecko) Chrome/127.0.0.0 Mobile Safari/537.36"
152.32.107.235 - - [15/Aug/2024:10:12:50 -0400] "GET /wp-content/uploads/2024/02/cropped-if-the-anime-continues-and-reaches-the-point-of-current-v0-frhh1uf0zj5a1-180x180.webp HTTP/1.1" 200 4302 "https://r.lookismmanga.com/" "Mozilla/5.0 (Linux; Android 10; K) AppleWebKit/537.36 (KHTML, like Gecko) Chrome/127.0.0.0 Mobile Safari/537.36"
152.32.107.235 - - [15/Aug/2024:10:12:51 -0400] "GET /comic/lookism-chapter-514/ HTTP/1.1" 200 10578 "https://r.lookismmanga.com/" "Mozilla/5.0 (Linux; Android 10; K) AppleWebKit/537.36 (KHTML, like Gecko) Chrome/127.0.0.0 Mobile Safari/537.36"
177.22.252.110 - - [15/Aug/2024:10:13:22 -0400] "GET / HTTP/1.1" 200 11603 "https://www.bing.com/" "Mozilla/5.0 (Windows NT 10.0; Win64; x64) AppleWebKit/537.36 (KHTML, like Gecko) Chrome/127.0.0.0 Safari/537.36 Edg/127.0.0.0"
2001:448a:1170:35cf:b48e:5dc2:d88a:2e7e - - [15/Aug/2024:10:13:47 -0400] "GET / HTTP/1.1" 200 11603 "https://www.bing.com/" "Mozilla/5.0 (Windows NT 10.0; Win64; x64) AppleWebKit/537.36 (KHTML, like Gecko) Chrome/99.0.4844.88 Safari/537.36"
162.0.232.193 - - [15/Aug/2024:10:13:50 -0400] "POST /wp-cron.php?doing_wp_cron=1723731230.0527861118316650390625 HTTP/1.1" 200 0 "-" "WordPress/6.5.5; https://r.lookismmanga.com"
2a03:2880:13ff:1c::face:b00c - - [15/Aug/2024:10:13:49 -0400] "GET /lookism/lookism-chapter-163/ HTTP/1.1" 301 0 "-" "meta-externalagent/1.1 (+https://developers.facebook.com/docs/sharing/webmasters/crawler)"
2001:448a:1170:35cf:b48e:5dc2:d88a:2e7e - - [15/Aug/2024:10:13:52 -0400] "GET /comic/lookism-chapter-514/ HTTP/1.1" 200 10596 "https://r.lookismmanga.com/" "Mozilla/5.0 (Windows NT 10.0; Win64; x64) AppleWebKit/537.36 (KHTML, like Gecko) Chrome/99.0.4844.88 Safari/537.36"
2405:acc0:1306:1350:bdae:4bd0:1e74:93d - - [15/Aug/2024:10:13:59 -0400] "GET / HTTP/1.1" 304 0 "https://www.bing.com/" "Mozilla/5.0 (Windows NT 10.0; Win64; x64) AppleWebKit/537.36 (KHTML, like Gecko) Chrome/127.0.0.0 Safari/537.36 Edg/127.0.0.0"
2405:acc0:1306:1350:bdae:4bd0:1e74:93d - - [15/Aug/2024:10:14:00 -0400] "GET / HTTP/1.1" 304 0 "https://r.lookismmanga.com/" "Mozilla/5.0 (Windows NT 10.0; Win64; x64) AppleWebKit/537.36 (KHTML, like Gecko) Chrome/127.0.0.0 Safari/537.36 Edg/127.0.0.0"
2405:acc0:1306:1350:bdae:4bd0:1e74:93d - - [15/Aug/2024:10:14:04 -0400] "GET /comic/lookism-chapter-513/ HTTP/1.1" 200 11110 "https://r.lookismmanga.com/" "Mozilla/5.0 (Windows NT 10.0; Win64; x64) AppleWebKit/537.36 (KHTML, like Gecko) Chrome/127.0.0.0 Safari/537.36 Edg/127.0.0.0"
2405:acc0:1306:1350:bdae:4bd0:1e74:93d - - [15/Aug/2024:10:14:04 -0400] "GET /comic/lookism-chapter-514/ HTTP/1.1" 304 0 "https://r.lookismmanga.com/" "Mozilla/5.0 (Windows NT 10.0; Win64; x64) AppleWebKit/537.36 (KHTML, like Gecko) Chrome/127.0.0.0 Safari/537.36 Edg/127.0.0.0"
2405:acc0:1306:1350:bdae:4bd0:1e74:93d - - [15/Aug/2024:10:14:05 -0400] "GET /comic/lookism-chapter-493/ HTTP/1.1" 200 11413 "https://r.lookismmanga.com/" "Mozilla/5.0 (Windows NT 10.0; Win64; x64) AppleWebKit/537.36 (KHTML, like Gecko) Chrome/127.0.0.0 Safari/537.36 Edg/127.0.0.0"
2405:acc0:1306:1350:bdae:4bd0:1e74:93d - - [15/Aug/2024:10:14:05 -0400] "GET /comic/lookism-chapter-488/ HTTP/1.1" 200 11612 "https://r.lookismmanga.com/" "Mozilla/5.0 (Windows NT 10.0; Win64; x64) AppleWebKit/537.36 (KHTML, like Gecko) Chrome/127.0.0.0 Safari/537.36 Edg/127.0.0.0"
2405:acc0:1306:1350:bdae:4bd0:1e74:93d - - [15/Aug/2024:10:14:06 -0400] "GET /comic/lookism-chapter-511-2/ HTTP/1.1" 200 11085 "https://r.lookismmanga.com/" "Mozilla/5.0 (Windows NT 10.0; Win64; x64) AppleWebKit/537.36 (KHTML, like Gecko) Chrome/127.0.0.0 Safari/537.36 Edg/127.0.0.0"
2405:acc0:1306:1350:bdae:4bd0:1e74:93d - - [15/Aug/2024:10:14:06 -0400] "GET /comic/lookism-chapter-512/ HTTP/1.1" 200 11070 "https://r.lookismmanga.com/" "Mozilla/5.0 (Windows NT 10.0; Win64; x64) AppleWebKit/537.36 (KHTML, like Gecko) Chrome/127.0.0.0 Safari/537.36 Edg/127.0.0.0"
2405:acc0:1306:1350:bdae:4bd0:1e74:93d - - [15/Aug/2024:10:14:06 -0400] "GET /comic/lookism-chapter-510-1/ HTTP/1.1" 200 11146 "https://r.lookismmanga.com/" "Mozilla/5.0 (Windows NT 10.0; Win64; x64) AppleWebKit/537.36 (KHTML, like Gecko) Chrome/127.0.0.0 Safari/537.36 Edg/127.0.0.0"
5.255.231.161 - - [15/Aug/2024:10:14:29 -0400] "GET /comic/lookism-chapter-511-2/ HTTP/1.1" 200 11116 "-" "Mozilla/5.0 (compatible; YandexBot/3.0; +http://yandex.com/bots)"
95.108.213.251 - - [15/Aug/2024:10:14:30 -0400] "GET / HTTP/1.1" 200 11603 "-" "Mozilla/5.0 (compatible; YandexBot/3.0; +http://yandex.com/bots)"
162.0.232.193 - - [15/Aug/2024:10:14:32 -0400] "POST /wp-cron.php?doing_wp_cron=1723731272.5941779613494873046875 HTTP/1.1" 200 0 "-" "WordPress/6.5.5; https://r.lookismmanga.com"
95.108.213.225 - - [15/Aug/2024:10:14:32 -0400] "GET /wp-json/ HTTP/1.1" 200 207396 "-" "Mozilla/5.0 (compatible; YandexBot/3.0; +http://yandex.com/bots)"
162.0.232.193 - - [15/Aug/2024:10:14:55 -0400] "POST /wp-cron.php?doing_wp_cron=1723731295.4094729423522949218750 HTTP/1.1" 200 0 "-" "WordPress/6.5.5; https://r.lookismmanga.com"
2a03:2880:13ff:e::face:b00c - - [15/Aug/2024:10:14:55 -0400] "GET /lookism/lookism-chapter-304/ HTTP/1.1" 301 0 "-" "facebookexternalhit/1.1 (+http://www.facebook.com/externalhit_uatext.php)"
114.119.154.237 - - [15/Aug/2024:10:14:55 -0400] "GET /lookism/lookism-chapter-343/ HTTP/1.1" 301 0 "https://ww12.lookismmanga.com/lookism/lookism-chapter-478-3/" "Mozilla/5.0 (Linux; Android 7.0;) AppleWebKit/537.36 (KHTML, like Gecko) Mobile Safari/537.36 (compatible; PetalBot;+https://webmaster.petalsearch.com/site/petalbot)"
114.119.154.237 - - [15/Aug/2024:10:14:59 -0400] "GET / HTTP/1.1" 200 11624 "https://ww12.lookismmanga.com/lookism/lookism-chapter-478-3/" "Mozilla/5.0 (Linux; Android 7.0;) AppleWebKit/537.36 (KHTML, like Gecko) Mobile Safari/537.36 (compatible; PetalBot;+https://webmaster.petalsearch.com/site/petalbot)"
111.94.120.100 - - [15/Aug/2024:10:15:10 -0400] "GET / HTTP/1.1" 200 11603 "https://www.bing.com/" "Mozilla/5.0 (Windows NT 10.0; Win64; x64) AppleWebKit/537.36 (KHTML, like Gecko) Chrome/127.0.0.0 Safari/537.36 Edg/127.0.0.0"
111.94.120.100 - - [15/Aug/2024:10:15:11 -0400] "GET / HTTP/1.1" 304 0 "https://r.lookismmanga.com/" "Mozilla/5.0 (Windows NT 10.0; Win64; x64) AppleWebKit/537.36 (KHTML, like Gecko) Chrome/127.0.0.0 Safari/537.36 Edg/127.0.0.0"
162.0.232.193 - - [15/Aug/2024:10:15:13 -0400] "POST /wp-cron.php?doing_wp_cron=1723731312.7967200279235839843750 HTTP/1.1" 200 0 "-" "WordPress/6.5.5; https://r.lookismmanga.com"
2a03:2880:27ff:70::face:b00c - - [15/Aug/2024:10:15:12 -0400] "GET /lookism/lookism-chapter-398/ HTTP/1.1" 301 0 "-" "facebookexternalhit/1.1 (+http://www.facebook.com/externalhit_uatext.php)"
111.94.120.100 - - [15/Aug/2024:10:15:13 -0400] "GET /lookism-chapter-511/ HTTP/1.1" 200 11530 "https://r.lookismmanga.com/" "Mozilla/5.0 (Windows NT 10.0; Win64; x64) AppleWebKit/537.36 (KHTML, like Gecko) Chrome/127.0.0.0 Safari/537.36 Edg/127.0.0.0"
111.94.120.100 - - [15/Aug/2024:10:15:14 -0400] "GET /category/lookism-manga/ HTTP/1.1" 200 10421 "https://r.lookismmanga.com/" "Mozilla/5.0 (Windows NT 10.0; Win64; x64) AppleWebKit/537.36 (KHTML, like Gecko) Chrome/127.0.0.0 Safari/537.36 Edg/127.0.0.0"
111.94.120.100 - - [15/Aug/2024:10:15:15 -0400] "GET /lookism-chapter-511/ HTTP/1.1" 304 0 "https://r.lookismmanga.com/lookism-chapter-511/" "Mozilla/5.0 (Windows NT 10.0; Win64; x64) AppleWebKit/537.36 (KHTML, like Gecko) Chrome/127.0.0.0 Safari/537.36 Edg/127.0.0.0"
111.94.120.100 - - [15/Aug/2024:10:15:15 -0400] "GET /wp-content/uploads/2024/02/MV5BMmI0NjY3NWYtMjEyYi00MjBlLWE4NDktNzNjZWNjMGUyY2U2XkEyXkFqcGdeQXVyMTUzNjM4ODE1._V1_-1260x709.jpg HTTP/1.1" 200 95093 "https://r.lookismmanga.com/lookism-chapter-511/" "Mozilla/5.0 (Windows NT 10.0; Win64; x64) AppleWebKit/537.36 (KHTML, like Gecko) Chrome/127.0.0.0 Safari/537.36 Edg/127.0.0.0"
111.94.120.100 - - [15/Aug/2024:10:15:16 -0400] "GET /privacy-policy/ HTTP/1.1" 200 12906 "https://r.lookismmanga.com/lookism-chapter-511/" "Mozilla/5.0 (Windows NT 10.0; Win64; x64) AppleWebKit/537.36 (KHTML, like Gecko) Chrome/127.0.0.0 Safari/537.36 Edg/127.0.0.0"
111.94.120.100 - - [15/Aug/2024:10:15:21 -0400] "GET /comic/lookism-chapter-513/ HTTP/1.1" 200 11063 "https://r.lookismmanga.com/lookism-chapter-511/" "Mozilla/5.0 (Windows NT 10.0; Win64; x64) AppleWebKit/537.36 (KHTML, like Gecko) Chrome/127.0.0.0 Safari/537.36 Edg/127.0.0.0"
111.94.120.100 - - [15/Aug/2024:10:15:21 -0400] "GET /comic/lookism-chapter-514/ HTTP/1.1" 200 10643 "https://r.lookismmanga.com/lookism-chapter-511/" "Mozilla/5.0 (Windows NT 10.0; Win64; x64) AppleWebKit/537.36 (KHTML, like Gecko) Chrome/127.0.0.0 Safari/537.36 Edg/127.0.0.0"
2405:9800:b500:124c:1158:5894:be73:39e5 - - [15/Aug/2024:10:15:26 -0400] "GET /comic/lookism-chapter-511/ HTTP/1.1" 200 11103 "https://www.bing.com/" "Mozilla/5.0 (Windows NT 10.0; Win64; x64) AppleWebKit/537.36 (KHTML, like Gecko) Chrome/127.0.0.0 Safari/537.36 Edg/127.0.0.0"
2405:9800:b500:124c:1158:5894:be73:39e5 - - [15/Aug/2024:10:15:27 -0400] "GET /wp-content/uploads/2024/02/MV5BMmI0NjY3NWYtMjEyYi00MjBlLWE4NDktNzNjZWNjMGUyY2U2XkEyXkFqcGdeQXVyMTUzNjM4ODE1._V1_-1260x709.jpg HTTP/1.1" 200 95093 "https://r.lookismmanga.com/comic/lookism-chapter-511/" "Mozilla/5.0 (Windows NT 10.0; Win64; x64) AppleWebKit/537.36 (KHTML, like Gecko) Chrome/127.0.0.0 Safari/537.36 Edg/127.0.0.0"
111.94.120.100 - - [15/Aug/2024:10:15:27 -0400] "GET / HTTP/1.1" 304 0 "https://r.lookismmanga.com/comic/lookism-chapter-514/" "Mozilla/5.0 (Windows NT 10.0; Win64; x64) AppleWebKit/537.36 (KHTML, like Gecko) Chrome/127.0.0.0 Safari/537.36 Edg/127.0.0.0"
162.0.232.193 - - [15/Aug/2024:10:15:28 -0400] "POST /wp-cron.php?doing_wp_cron=1723731328.6870748996734619140625 HTTP/1.1" 200 0 "-" "WordPress/6.5.5; https://r.lookismmanga.com"
2405:9800:b500:124c:1158:5894:be73:39e5 - - [15/Aug/2024:10:15:28 -0400] "POST /wp-admin/admin-ajax.php HTTP/1.1" 200 69 "https://r.lookismmanga.com/comic/lookism-chapter-511/" "Mozilla/5.0 (Windows NT 10.0; Win64; x64) AppleWebKit/537.36 (KHTML, like Gecko) Chrome/127.0.0.0 Safari/537.36 Edg/127.0.0.0"
111.94.120.100 - - [15/Aug/2024:10:15:31 -0400] "GET /comic/lookism-chapter-515/ HTTP/1.1" 301 0 "-" "Mozilla/5.0 (Windows NT 10.0; Win64; x64) AppleWebKit/537.36 (KHTML, like Gecko) Chrome/127.0.0.0 Safari/537.36 Edg/127.0.0.0"
111.94.120.100 - - [15/Aug/2024:10:15:41 -0400] "GET /comic/lookism-chapter-509/ HTTP/1.1" 200 11551 "https://r.lookismmanga.com/" "Mozilla/5.0 (Windows NT 10.0; Win64; x64) AppleWebKit/537.36 (KHTML, like Gecko) Chrome/127.0.0.0 Safari/537.36 Edg/127.0.0.0"
111.94.120.100 - - [15/Aug/2024:10:15:41 -0400] "GET /comic/lookism-chapter-513/ HTTP/1.1" 304 0 "https://r.lookismmanga.com/" "Mozilla/5.0 (Windows NT 10.0; Win64; x64) AppleWebKit/537.36 (KHTML, like Gecko) Chrome/127.0.0.0 Safari/537.36 Edg/127.0.0.0"
111.94.120.100 - - [15/Aug/2024:10:15:41 -0400] "GET /comic/lookism-chapter-514/ HTTP/1.1" 304 0 "https://r.lookismmanga.com/" "Mozilla/5.0 (Windows NT 10.0; Win64; x64) AppleWebKit/537.36 (KHTML, like Gecko) Chrome/127.0.0.0 Safari/537.36 Edg/127.0.0.0"
111.94.120.100 - - [15/Aug/2024:10:15:42 -0400] "GET / HTTP/1.1" 304 0 "https://r.lookismmanga.com/comic/lookism-chapter-514/" "Mozilla/5.0 (Windows NT 10.0; Win64; x64) AppleWebKit/537.36 (KHTML, like Gecko) Chrome/127.0.0.0 Safari/537.36 Edg/127.0.0.0"
2a00:23c4:39ae:af01:1088:9f52:ffbc:1dce - - [15/Aug/2024:10:16:22 -0400] "GET / HTTP/1.1" 200 11603 "https://www.bing.com/" "Mozilla/5.0 (Windows NT 10.0; Win64; x64) AppleWebKit/537.36 (KHTML, like Gecko) Chrome/127.0.0.0 Safari/537.36"
2a00:23c4:39ae:af01:1088:9f52:ffbc:1dce - - [15/Aug/2024:10:16:25 -0400] "GET /comic/lookism-chapter-1/ HTTP/1.1" 200 11373 "https://r.lookismmanga.com/" "Mozilla/5.0 (Windows NT 10.0; Win64; x64) AppleWebKit/537.36 (KHTML, like Gecko) Chrome/127.0.0.0 Safari/537.36"
2a00:23c4:39ae:af01:1088:9f52:ffbc:1dce - - [15/Aug/2024:10:16:26 -0400] "GET /comic/lookism-chapter-510/ HTTP/1.1" 200 11497 "https://r.lookismmanga.com/" "Mozilla/5.0 (Windows NT 10.0; Win64; x64) AppleWebKit/537.36 (KHTML, like Gecko) Chrome/127.0.0.0 Safari/537.36"
2a00:23c4:39ae:af01:1088:9f52:ffbc:1dce - - [15/Aug/2024:10:16:27 -0400] "GET /comic/lookism-chapter-513/ HTTP/1.1" 200 11063 "https://r.lookismmanga.com/" "Mozilla/5.0 (Windows NT 10.0; Win64; x64) AppleWebKit/537.36 (KHTML, like Gecko) Chrome/127.0.0.0 Safari/537.36"
2a00:23c4:39ae:af01:1088:9f52:ffbc:1dce - - [15/Aug/2024:10:16:27 -0400] "GET /comic/lookism-chapter-514/ HTTP/1.1" 200 10596 "https://r.lookismmanga.com/" "Mozilla/5.0 (Windows NT 10.0; Win64; x64) AppleWebKit/537.36 (KHTML, like Gecko) Chrome/127.0.0.0 Safari/537.36"
162.0.232.193 - - [15/Aug/2024:10:17:05 -0400] "POST /wp-cron.php?doing_wp_cron=1723731425.5564949512481689453125 HTTP/1.1" 200 0 "-" "WordPress/6.5.5; https://r.lookismmanga.com"
40.77.190.155 - - [15/Aug/2024:10:17:05 -0400] "POST /wp-admin/admin-ajax.php HTTP/1.1" 200 69 "https://r.lookismmanga.com/comic/lookism-chapter-44/" "Mozilla/5.0 AppleWebKit/537.36 (KHTML, like Gecko; compatible; bingbot/2.0; +http://www.bing.com/bingbot.htm) Chrome/112.0.0.0 Safari/537.36"
102.164.212.226 - - [15/Aug/2024:10:18:35 -0400] "GET /comic/lookism-chapter-304/ HTTP/1.1" 200 12923 "-" "Mozilla/5.0 (Linux; Android 11; Pad 8 Build/RP1A.201005.001; wv) AppleWebKit/537.36 (KHTML, like Gecko) Version/4.0 Chrome/127.0.6533.103 Safari/537.36"
102.164.212.226 - - [15/Aug/2024:10:18:36 -0400] "GET /wp-content/plugins/widgets-on-pages/public/css/widgets-on-pages-public.css?ver=1.4.0 HTTP/1.1" 200 83 "https://r.lookismmanga.com/comic/lookism-chapter-304/" "Mozilla/5.0 (Linux; Android 11; Pad 8 Build/RP1A.201005.001; wv) AppleWebKit/537.36 (KHTML, like Gecko) Version/4.0 Chrome/127.0.6533.103 Safari/537.36"
102.164.212.226 - - [15/Aug/2024:10:18:36 -0400] "GET /wp-includes/js/jquery/jquery.min.js?ver=3.7.1 HTTP/1.1" 200 29744 "https://r.lookismmanga.com/comic/lookism-chapter-304/" "Mozilla/5.0 (Linux; Android 11; Pad 8 Build/RP1A.201005.001; wv) AppleWebKit/537.36 (KHTML, like Gecko) Version/4.0 Chrome/127.0.6533.103 Safari/537.36"
102.164.212.226 - - [15/Aug/2024:10:18:38 -0400] "GET /wp-content/plugins/simple-social-buttons/assets/fonts/ssb-icon.ttf?eahqa2 HTTP/1.1" 200 6212 "https://r.lookismmanga.com/wp-content/plugins/simple-social-buttons/assets/css/front.css?ver=5.1.3" "Mozilla/5.0 (Linux; Android 11; Pad 8 Build/RP1A.201005.001; wv) AppleWebKit/537.36 (KHTML, like Gecko) Version/4.0 Chrome/127.0.6533.103 Safari/537.36"
102.164.212.226 - - [15/Aug/2024:10:18:38 -0400] "GET /wp-content/plugins/disqus-comment-system/public/js/comment_embed.js?ver=3.1.1 HTTP/1.1" 200 653 "https://r.lookismmanga.com/comic/lookism-chapter-304/" "Mozilla/5.0 (Linux; Android 11; Pad 8 Build/RP1A.201005.001; wv) AppleWebKit/537.36 (KHTML, like Gecko) Version/4.0 Chrome/127.0.6533.103 Safari/537.36"
162.0.232.193 - - [15/Aug/2024:10:18:42 -0400] "POST /wp-cron.php?doing_wp_cron=1723731521.7838230133056640625000 HTTP/1.1" 200 0 "-" "WordPress/6.5.5; https://r.lookismmanga.com"
162.0.232.193 - - [15/Aug/2024:10:18:43 -0400] "GET /tag/lookism-491/ HTTP/1.1" 301 0 "-" "WP Rocket/Preload"
102.164.212.226 - - [15/Aug/2024:10:18:40 -0400] "POST /wp-admin/admin-ajax.php HTTP/1.1" 200 69 "https://r.lookismmanga.com/comic/lookism-chapter-304/" "Mozilla/5.0 (Linux; Android 11; Pad 8 Build/RP1A.201005.001; wv) AppleWebKit/537.36 (KHTML, like Gecko) Version/4.0 Chrome/127.0.6533.103 Safari/537.36"
162.0.232.193 - - [15/Aug/2024:10:18:43 -0400] "POST /wp-admin/admin-ajax.php?action=as_async_request_queue_runner&nonce=d9b680132e HTTP/1.1" 200 0 "-" "WordPress/6.5.5; https://r.lookismmanga.com"
162.0.232.193 - - [15/Aug/2024:10:18:44 -0400] "GET / HTTP/1.1" 200 11603 "-" "WP Rocket/Preload"
162.0.232.193 - - [15/Aug/2024:10:18:45 -0400] "GET /tag/lookism-491/ HTTP/1.1" 301 0 "-" "WP Rocket/Preload Mozilla/5.0 (iPhone; CPU iPhone OS 9_1 like Mac OS X) AppleWebKit/601.1.46 (KHTML, like Gecko) Version/9.0 Mobile/13B143 Safari/601.1"
102.164.212.226 - - [15/Aug/2024:10:18:45 -0400] "GET /wp-includes/js/comment-reply.min.js?ver=6.5.5 HTTP/1.1" 200 1228 "https://r.lookismmanga.com/comic/lookism-chapter-304/" "Mozilla/5.0 (Linux; Android 11; Pad 8 Build/RP1A.201005.001; wv) AppleWebKit/537.36 (KHTML, like Gecko) Version/4.0 Chrome/127.0.6533.103 Safari/537.36"
162.0.232.193 - - [15/Aug/2024:10:18:46 -0400] "GET /tag/lookism-491-raw/ HTTP/1.1" 301 0 "-" "WP Rocket/Preload"
162.0.232.193 - - [15/Aug/2024:10:18:47 -0400] "GET /tag/lookism-491-raw/ HTTP/1.1" 301 0 "-" "WP Rocket/Preload Mozilla/5.0 (iPhone; CPU iPhone OS 9_1 like Mac OS X) AppleWebKit/601.1.46 (KHTML, like Gecko) Version/9.0 Mobile/13B143 Safari/601.1"
162.0.232.193 - - [15/Aug/2024:10:18:48 -0400] "GET /tag/lookism-490-raw/ HTTP/1.1" 301 0 "-" "WP Rocket/Preload"
162.0.232.193 - - [15/Aug/2024:10:18:48 -0400] "GET /tag/lookism-490-raw/ HTTP/1.1" 301 0 "-" "WP Rocket/Preload Mozilla/5.0 (iPhone; CPU iPhone OS 9_1 like Mac OS X) AppleWebKit/601.1.46 (KHTML, like Gecko) Version/9.0 Mobile/13B143 Safari/601.1"
162.0.232.193 - - [15/Aug/2024:10:18:49 -0400] "GET /tag/lookism-490/ HTTP/1.1" 301 0 "-" "WP Rocket/Preload"
162.0.232.193 - - [15/Aug/2024:10:18:50 -0400] "GET /tag/lookism-490/ HTTP/1.1" 301 0 "-" "WP Rocket/Preload Mozilla/5.0 (iPhone; CPU iPhone OS 9_1 like Mac OS X) AppleWebKit/601.1.46 (KHTML, like Gecko) Version/9.0 Mobile/13B143 Safari/601.1"
162.0.232.193 - - [15/Aug/2024:10:18:51 -0400] "GET /tag/lookism/ HTTP/1.1" 301 0 "-" "WP Rocket/Preload"
162.0.232.193 - - [15/Aug/2024:10:18:52 -0400] "GET /tag/lookism/ HTTP/1.1" 301 0 "-" "WP Rocket/Preload Mozilla/5.0 (iPhone; CPU iPhone OS 9_1 like Mac OS X) AppleWebKit/601.1.46 (KHTML, like Gecko) Version/9.0 Mobile/13B143 Safari/601.1"
2409:4070:4393:771f::2810:80b0 - - [15/Aug/2024:10:19:13 -0400] "GET / HTTP/1.1" 200 11474 "-" "Mozilla/5.0 (Linux; Android 11; RMX3269 Build/RP1A.201005.001; wv) AppleWebKit/537.36 (KHTML, like Gecko) Version/4.0 Chrome/127.0.6533.66 Mobile Safari/537.36"
2409:4070:4393:771f::2810:80b0 - - [15/Aug/2024:10:19:14 -0400] "GET /wp-content/uploads/2024/02/lookismkmanhwabookvolume17dkshop-706x1024.jpg HTTP/1.1" 200 101529 "https://r.lookismmanga.com/" "Mozilla/5.0 (Linux; Android 11; RMX3269 Build/RP1A.201005.001; wv) AppleWebKit/537.36 (KHTML, like Gecko) Version/4.0 Chrome/127.0.6533.66 Mobile Safari/537.36"
2409:4070:4393:771f::2810:80b0 - - [15/Aug/2024:10:19:14 -0400] "GET /wp-content/uploads/2024/02/lookismkmanhwabookvolume5dkshop-753x1024.webp HTTP/1.1" 200 76864 "https://r.lookismmanga.com/" "Mozilla/5.0 (Linux; Android 11; RMX3269 Build/RP1A.201005.001; wv) AppleWebKit/537.36 (KHTML, like Gecko) Version/4.0 Chrome/127.0.6533.66 Mobile Safari/537.36"
2409:4070:4393:771f::2810:80b0 - - [15/Aug/2024:10:19:16 -0400] "GET /comic/lookism-chapter-512/ HTTP/1.1" 200 11048 "https://r.lookismmanga.com/" "Mozilla/5.0 (Linux; Android 11; RMX3269 Build/RP1A.201005.001; wv) AppleWebKit/537.36 (KHTML, like Gecko) Version/4.0 Chrome/127.0.6533.66 Mobile Safari/537.36"
40.77.167.75 - - [15/Aug/2024:10:19:39 -0400] "GET /comic/lookism-chapter-363-1/ HTTP/1.1" 200 11809 "-" "Mozilla/5.0 AppleWebKit/537.36 (KHTML, like Gecko; compatible; bingbot/2.0; +http://www.bing.com/bingbot.htm) Chrome/116.0.1938.76 Safari/537.36"
58.84.136.140 - - [15/Aug/2024:10:19:41 -0400] "GET / HTTP/1.1" 200 11603 "https://www.bing.com/" "Mozilla/5.0 (Windows NT 10.0; Win64; x64) AppleWebKit/537.36 (KHTML, like Gecko) Chrome/127.0.0.0 Safari/537.36 Edg/127.0.0.0"
58.84.136.140 - - [15/Aug/2024:10:19:49 -0400] "GET /comic/lookism-chapter-508/ HTTP/1.1" 200 12113 "https://r.lookismmanga.com/" "Mozilla/5.0 (Windows NT 10.0; Win64; x64) AppleWebKit/537.36 (KHTML, like Gecko) Chrome/127.0.0.0 Safari/537.36 Edg/127.0.0.0"
58.84.136.140 - - [15/Aug/2024:10:19:50 -0400] "GET /comic/lookism-chapter-514/ HTTP/1.1" 200 10596 "https://r.lookismmanga.com/" "Mozilla/5.0 (Windows NT 10.0; Win64; x64) AppleWebKit/537.36 (KHTML, like Gecko) Chrome/127.0.0.0 Safari/537.36 Edg/127.0.0.0"
162.0.232.193 - - [15/Aug/2024:10:19:55 -0400] "POST /wp-cron.php?doing_wp_cron=1723731595.2078199386596679687500 HTTP/1.1" 200 0 "-" "WordPress/6.5.5; https://r.lookismmanga.com"
114.119.151.175 - - [15/Aug/2024:10:19:55 -0400] "GET /lookism/lookism-chapter-28/ HTTP/1.1" 301 0 "https://ww13.lookismmanga.com/lookism/page/42/" "Mozilla/5.0 (Linux; Android 7.0;) AppleWebKit/537.36 (KHTML, like Gecko) Mobile Safari/537.36 (compatible; PetalBot;+https://webmaster.petalsearch.com/site/petalbot)"
162.0.232.193 - - [15/Aug/2024:10:19:56 -0400] "GET /tag/lookism-chapter-511/ HTTP/1.1" 301 0 "-" "WP Rocket/Preload"
114.119.151.175 - - [15/Aug/2024:10:19:56 -0400] "GET / HTTP/1.1" 200 11596 "https://ww13.lookismmanga.com/lookism/page/42/" "Mozilla/5.0 (Linux; Android 7.0;) AppleWebKit/537.36 (KHTML, like Gecko) Mobile Safari/537.36 (compatible; PetalBot;+https://webmaster.petalsearch.com/site/petalbot)"
162.0.232.193 - - [15/Aug/2024:10:19:56 -0400] "GET / HTTP/1.1" 200 11603 "-" "WP Rocket/Preload"
162.0.232.193 - - [15/Aug/2024:10:19:57 -0400] "GET /tag/lookism-chapter-511/ HTTP/1.1" 301 0 "-" "WP Rocket/Preload Mozilla/5.0 (iPhone; CPU iPhone OS 9_1 like Mac OS X) AppleWebKit/601.1.46 (KHTML, like Gecko) Version/9.0 Mobile/13B143 Safari/601.1"
162.0.232.193 - - [15/Aug/2024:10:19:58 -0400] "GET /tag/lookism-chapter-511-raw/ HTTP/1.1" 301 0 "-" "WP Rocket/Preload"
162.0.232.193 - - [15/Aug/2024:10:19:59 -0400] "GET /tag/lookism-chapter-511-raw/ HTTP/1.1" 301 0 "-" "WP Rocket/Preload Mozilla/5.0 (iPhone; CPU iPhone OS 9_1 like Mac OS X) AppleWebKit/601.1.46 (KHTML, like Gecko) Version/9.0 Mobile/13B143 Safari/601.1"
162.0.232.193 - - [15/Aug/2024:10:20:00 -0400] "GET /tag/lookism-chapter-490/ HTTP/1.1" 301 0 "-" "WP Rocket/Preload"
162.0.232.193 - - [15/Aug/2024:10:20:01 -0400] "GET /tag/lookism-chapter-490/ HTTP/1.1" 301 0 "-" "WP Rocket/Preload Mozilla/5.0 (iPhone; CPU iPhone OS 9_1 like Mac OS X) AppleWebKit/601.1.46 (KHTML, like Gecko) Version/9.0 Mobile/13B143 Safari/601.1"
162.0.232.193 - - [15/Aug/2024:10:20:02 -0400] "GET /tag/lookism-chapter-490-raw/ HTTP/1.1" 301 0 "-" "WP Rocket/Preload"
162.0.232.193 - - [15/Aug/2024:10:20:03 -0400] "GET /tag/lookism-chapter-490-raw/ HTTP/1.1" 301 0 "-" "WP Rocket/Preload Mozilla/5.0 (iPhone; CPU iPhone OS 9_1 like Mac OS X) AppleWebKit/601.1.46 (KHTML, like Gecko) Version/9.0 Mobile/13B143 Safari/601.1"
162.0.232.193 - - [15/Aug/2024:10:20:04 -0400] "GET /tag/lookism-chapter-491/ HTTP/1.1" 301 0 "-" "WP Rocket/Preload"
162.0.232.193 - - [15/Aug/2024:10:20:06 -0400] "GET /tag/lookism-chapter-491/ HTTP/1.1" 301 0 "-" "WP Rocket/Preload Mozilla/5.0 (iPhone; CPU iPhone OS 9_1 like Mac OS X) AppleWebKit/601.1.46 (KHTML, like Gecko) Version/9.0 Mobile/13B143 Safari/601.1"
162.0.232.193 - - [15/Aug/2024:10:20:07 -0400] "GET /tag/lookism-chapter-491-raw/ HTTP/1.1" 301 0 "-" "WP Rocket/Preload"
162.0.232.193 - - [15/Aug/2024:10:20:08 -0400] "GET /tag/lookism-chapter-491-raw/ HTTP/1.1" 301 0 "-" "WP Rocket/Preload Mozilla/5.0 (iPhone; CPU iPhone OS 9_1 like Mac OS X) AppleWebKit/601.1.46 (KHTML, like Gecko) Version/9.0 Mobile/13B143 Safari/601.1"
162.0.232.193 - - [15/Aug/2024:10:20:09 -0400] "GET /tag/lookism-manga/ HTTP/1.1" 301 0 "-" "WP Rocket/Preload"
162.0.232.193 - - [15/Aug/2024:10:20:10 -0400] "GET /tag/lookism-manga/ HTTP/1.1" 301 0 "-" "WP Rocket/Preload Mozilla/5.0 (iPhone; CPU iPhone OS 9_1 like Mac OS X) AppleWebKit/601.1.46 (KHTML, like Gecko) Version/9.0 Mobile/13B143 Safari/601.1"
162.0.232.193 - - [15/Aug/2024:10:20:11 -0400] "GET /tag/lookism-manhwa/ HTTP/1.1" 301 0 "-" "WP Rocket/Preload"
162.0.232.193 - - [15/Aug/2024:10:20:12 -0400] "GET /tag/lookism-manhwa/ HTTP/1.1" 301 0 "-" "WP Rocket/Preload Mozilla/5.0 (iPhone; CPU iPhone OS 9_1 like Mac OS X) AppleWebKit/601.1.46 (KHTML, like Gecko) Version/9.0 Mobile/13B143 Safari/601.1"
162.0.232.193 - - [15/Aug/2024:10:20:13 -0400] "GET /tag/lookism-webtoon/ HTTP/1.1" 301 0 "-" "WP Rocket/Preload"
