103.144.18.37 - - [15/Aug/2024:13:38:05 -0400] "GET /wp-content/plugins/wp-automatic/css/wp-automatic.css?ver=1.0.0 HTTP/1.1" 200 537 "https://r.lookismmanga.com/comic/lookism-chapter-514/" "Mozilla/5.0 (Linux; Android 10; K) AppleWebKit/537.36 (KHTML, like Gecko) Chrome/127.0.0.0 Mobile Safari/537.36"
103.144.18.37 - - [15/Aug/2024:13:38:05 -0400] "GET /wp-content/plugins/wp-automatic/js/main-front.js?ver=6.5.5 HTTP/1.1" 200 316 "https://r.lookismmanga.com/comic/lookism-chapter-514/" "Mozilla/5.0 (Linux; Android 10; K) AppleWebKit/537.36 (KHTML, like Gecko) Chrome/127.0.0.0 Mobile Safari/537.36"
103.144.18.37 - - [15/Aug/2024:13:38:06 -0400] "GET /wp-content/plugins/disqus-comment-system/public/js/comment_count.js?ver=3.1.1 HTTP/1.1" 200 354 "https://r.lookismmanga.com/comic/lookism-chapter-514/" "Mozilla/5.0 (Linux; Android 10; K) AppleWebKit/537.36 (KHTML, like Gecko) Chrome/127.0.0.0 Mobile Safari/537.36"
103.144.18.37 - - [15/Aug/2024:13:38:06 -0400] "GET /wp-content/plugins/disqus-comment-system/public/js/comment_embed.js?ver=3.1.1 HTTP/1.1" 200 653 "https://r.lookismmanga.com/comic/lookism-chapter-514/" "Mozilla/5.0 (Linux; Android 10; K) AppleWebKit/537.36 (KHTML, like Gecko) Chrome/127.0.0.0 Mobile Safari/537.36"
103.144.18.37 - - [15/Aug/2024:13:38:06 -0400] "GET /wp-includes/js/comment-reply.min.js?ver=6.5.5 HTTP/1.1" 200 1228 "https://r.lookismmanga.com/comic/lookism-chapter-514/" "Mozilla/5.0 (Linux; Android 10; K) AppleWebKit/537.36 (KHTML, like Gecko) Chrome/127.0.0.0 Mobile Safari/537.36"
103.144.18.37 - - [15/Aug/2024:13:38:06 -0400] "GET /wp-content/plugins/simple-social-buttons/assets/fonts/ssb-icon.ttf?eahqa2 HTTP/1.1" 200 6212 "https://r.lookismmanga.com/wp-content/plugins/simple-social-buttons/assets/css/front.css?ver=5.1.3" "Mozilla/5.0 (Linux; Android 10; K) AppleWebKit/537.36 (KHTML, like Gecko) Chrome/127.0.0.0 Mobile Safari/537.36"
162.0.232.193 - - [15/Aug/2024:13:38:06 -0400] "POST /wp-cron.php?doing_wp_cron=1723743486.3079090118408203125000 HTTP/1.1" 200 0 "-" "WordPress/6.5.5; https://r.lookismmanga.com"
114.119.151.0 - - [15/Aug/2024:13:38:06 -0400] "GET /lookism/lookism-chapter-71/ HTTP/1.1" 301 0 "https://ww12.lookismmanga.com/lookism/lookism-chapter-478-3/" "Mozilla/5.0 (Linux; Android 7.0;) AppleWebKit/537.36 (KHTML, like Gecko) Mobile Safari/537.36 (compatible; PetalBot;+https://webmaster.petalsearch.com/site/petalbot)"
114.119.151.0 - - [15/Aug/2024:13:38:07 -0400] "GET / HTTP/1.1" 200 11596 "https://ww12.lookismmanga.com/lookism/lookism-chapter-478-3/" "Mozilla/5.0 (Linux; Android 7.0;) AppleWebKit/537.36 (KHTML, like Gecko) Mobile Safari/537.36 (compatible; PetalBot;+https://webmaster.petalsearch.com/site/petalbot)"
103.144.18.37 - - [15/Aug/2024:13:38:13 -0400] "GET /wp-content/uploads/2024/02/MV5BMmI0NjY3NWYtMjEyYi00MjBlLWE4NDktNzNjZWNjMGUyY2U2XkEyXkFqcGdeQXVyMTUzNjM4ODE1._V1_-1024x576.jpg HTTP/1.1" 200 70245 "https://r.lookismmanga.com/comic/lookism-chapter-511/" "Mozilla/5.0 (Linux; Android 10; K) AppleWebKit/537.36 (KHTML, like Gecko) Chrome/127.0.0.0 Mobile Safari/537.36"
103.144.18.37 - - [15/Aug/2024:13:38:13 -0400] "POST /wp-admin/admin-ajax.php HTTP/1.1" 200 69 "https://r.lookismmanga.com/comic/lookism-chapter-511/" "Mozilla/5.0 (Linux; Android 10; K) AppleWebKit/537.36 (KHTML, like Gecko) Chrome/127.0.0.0 Mobile Safari/537.36"
43.255.165.174 - - [15/Aug/2024:13:38:24 -0400] "GET / HTTP/1.1" 200 11603 "https://www.bing.com/" "Mozilla/5.0 (Windows NT 10.0; Win64; x64) AppleWebKit/537.36 (KHTML, like Gecko) Chrome/127.0.0.0 Safari/537.36 Edg/127.0.0.0"
2600:1700:803:210:1d6f:ae8:7782:731d - - [15/Aug/2024:13:38:28 -0400] "GET / HTTP/1.1" 200 11596 "https://duckduckgo.com/" "Mozilla/5.0 (iPhone; CPU iPhone OS 17_5_1 like Mac OS X) AppleWebKit/605.1.15 (KHTML, like Gecko) Version/17.5 Mobile/15E148 Safari/604.1 Ddg/17.5"
2600:1700:803:210:1d6f:ae8:7782:731d - - [15/Aug/2024:13:38:29 -0400] "GET /apple-touch-icon.png HTTP/1.1" 301 0 "-" "NetworkingExtension/8618.2.12.10.9 CFNetwork/1496.0.7 Darwin/23.5.0"
2600:1700:803:210:1d6f:ae8:7782:731d - - [15/Aug/2024:13:38:29 -0400] "GET /apple-touch-icon-precomposed.png HTTP/1.1" 301 0 "-" "NetworkingExtension/8618.2.12.10.9 CFNetwork/1496.0.7 Darwin/23.5.0"
2a03:2880:f800:11:: - - [15/Aug/2024:13:38:29 -0400] "GET /?p=1961 HTTP/1.1" 301 0 "-" "facebookexternalhit/1.1 (+http://www.facebook.com/externalhit_uatext.php)"
2600:1700:803:210:1d6f:ae8:7782:731d - - [15/Aug/2024:13:38:29 -0400] "GET /favicon.ico HTTP/1.1" 302 0 "-" "NetworkingExtension/8618.2.12.10.9 CFNetwork/1496.0.7 Darwin/23.5.0"
162.0.232.193 - - [15/Aug/2024:13:38:29 -0400] "POST /wp-cron.php?doing_wp_cron=1723743509.3251550197601318359375 HTTP/1.1" 200 0 "-" "WordPress/6.5.5; https://r.lookismmanga.com"
2600:1700:803:210:1d6f:ae8:7782:731d - - [15/Aug/2024:13:38:29 -0400] "GET / HTTP/1.1" 200 11603 "-" "NetworkingExtension/8618.2.12.10.9 CFNetwork/1496.0.7 Darwin/23.5.0"
2600:1700:803:210:1d6f:ae8:7782:731d - - [15/Aug/2024:13:38:29 -0400] "GET / HTTP/1.1" 200 11603 "-" "NetworkingExtension/8618.2.12.10.9 CFNetwork/1496.0.7 Darwin/23.5.0"
2600:1700:803:210:1d6f:ae8:7782:731d - - [15/Aug/2024:13:38:29 -0400] "GET / HTTP/1.1" 200 11400 "-" "Mozilla/5.0 (Macintosh; Intel Mac OS X 10_11_1) AppleWebKit/601.2.4 (KHTML, like Gecko) Version/9.0.1 Safari/601.2.4 facebookexternalhit/1.1 Facebot Twitterbot/1.0"
43.255.165.174 - - [15/Aug/2024:13:38:32 -0400] "GET /comic/lookism-chapter-510/ HTTP/1.1" 200 11497 "https://r.lookismmanga.com/" "Mozilla/5.0 (Windows NT 10.0; Win64; x64) AppleWebKit/537.36 (KHTML, like Gecko) Chrome/127.0.0.0 Safari/537.36 Edg/127.0.0.0"
43.255.165.174 - - [15/Aug/2024:13:38:32 -0400] "GET /category/lookism-webtoon/ HTTP/1.1" 200 10362 "https://r.lookismmanga.com/" "Mozilla/5.0 (Windows NT 10.0; Win64; x64) AppleWebKit/537.36 (KHTML, like Gecko) Chrome/127.0.0.0 Safari/537.36 Edg/127.0.0.0"
43.255.165.174 - - [15/Aug/2024:13:38:33 -0400] "GET /lookism-chapter-511/ HTTP/1.1" 200 11530 "https://r.lookismmanga.com/" "Mozilla/5.0 (Windows NT 10.0; Win64; x64) AppleWebKit/537.36 (KHTML, like Gecko) Chrome/127.0.0.0 Safari/537.36 Edg/127.0.0.0"
2600:1700:803:210:1d6f:ae8:7782:731d - - [15/Aug/2024:13:38:34 -0400] "GET /comic/lookism-chapter-514/ HTTP/1.1" 200 10578 "https://r.lookismmanga.com/" "Mozilla/5.0 (iPhone; CPU iPhone OS 17_5_1 like Mac OS X) AppleWebKit/605.1.15 (KHTML, like Gecko) Version/17.5 Mobile/15E148 Safari/604.1 Ddg/17.5"
43.255.165.174 - - [15/Aug/2024:13:38:39 -0400] "GET /comic/lookism-chapter-514/ HTTP/1.1" 200 10596 "https://r.lookismmanga.com/lookism-chapter-511/" "Mozilla/5.0 (Windows NT 10.0; Win64; x64) AppleWebKit/537.36 (KHTML, like Gecko) Chrome/127.0.0.0 Safari/537.36 Edg/127.0.0.0"
43.255.165.174 - - [15/Aug/2024:13:38:42 -0400] "GET /comic/lookism-chapter-1/ HTTP/1.1" 200 11755 "https://r.lookismmanga.com/comic/lookism-chapter-514/" "Mozilla/5.0 (Windows NT 10.0; Win64; x64) AppleWebKit/537.36 (KHTML, like Gecko) Chrome/127.0.0.0 Safari/537.36 Edg/127.0.0.0"
2405:4802:1f07:b5c0:3556:fc0:b3fc:6ce4 - - [15/Aug/2024:13:38:57 -0400] "GET / HTTP/1.1" 200 11603 "https://www.bing.com/" "Mozilla/5.0 (Windows NT 10.0; Win64; x64) AppleWebKit/537.36 (KHTML, like Gecko) Chrome/127.0.0.0 Safari/537.36"
2405:4802:1f07:b5c0:3556:fc0:b3fc:6ce4 - - [15/Aug/2024:13:38:59 -0400] "GET / HTTP/1.1" 304 0 "https://r.lookismmanga.com/" "Mozilla/5.0 (Windows NT 10.0; Win64; x64) AppleWebKit/537.36 (KHTML, like Gecko) Chrome/127.0.0.0 Safari/537.36"
2405:4802:1f07:b5c0:3556:fc0:b3fc:6ce4 - - [15/Aug/2024:13:39:00 -0400] "GET /comic/lookism-chapter-500/ HTTP/1.1" 200 11165 "https://r.lookismmanga.com/" "Mozilla/5.0 (Windows NT 10.0; Win64; x64) AppleWebKit/537.36 (KHTML, like Gecko) Chrome/127.0.0.0 Safari/537.36"
2405:4802:1f07:b5c0:3556:fc0:b3fc:6ce4 - - [15/Aug/2024:13:39:01 -0400] "GET /comic/lookism-chapter-503/ HTTP/1.1" 200 11510 "https://r.lookismmanga.com/" "Mozilla/5.0 (Windows NT 10.0; Win64; x64) AppleWebKit/537.36 (KHTML, like Gecko) Chrome/127.0.0.0 Safari/537.36"
2405:4802:1f07:b5c0:3556:fc0:b3fc:6ce4 - - [15/Aug/2024:13:39:01 -0400] "GET /comic/lookism-chapter-512/ HTTP/1.1" 200 11019 "https://r.lookismmanga.com/" "Mozilla/5.0 (Windows NT 10.0; Win64; x64) AppleWebKit/537.36 (KHTML, like Gecko) Chrome/127.0.0.0 Safari/537.36"
2405:4802:1f07:b5c0:3556:fc0:b3fc:6ce4 - - [15/Aug/2024:13:39:01 -0400] "GET /comic/lookism-chapter-513/ HTTP/1.1" 200 11063 "https://r.lookismmanga.com/" "Mozilla/5.0 (Windows NT 10.0; Win64; x64) AppleWebKit/537.36 (KHTML, like Gecko) Chrome/127.0.0.0 Safari/537.36"
162.0.232.193 - - [15/Aug/2024:13:39:32 -0400] "POST /wp-cron.php?doing_wp_cron=1723743572.2746438980102539062500 HTTP/1.1" 200 0 "-" "WordPress/6.5.5; https://r.lookismmanga.com"
2a03:2880:22ff:72::face:b00c - - [15/Aug/2024:13:39:32 -0400] "GET /?p=2246 HTTP/1.1" 301 0 "-" "facebookexternalhit/1.1 (+http://www.facebook.com/externalhit_uatext.php)"
162.0.232.193 - - [15/Aug/2024:13:39:43 -0400] "POST /wp-cron.php?doing_wp_cron=1723743583.3148410320281982421875 HTTP/1.1" 200 0 "-" "WordPress/6.5.5; https://r.lookismmanga.com"
2607:fb91:19a0:425f:ac39:60f7:68d9:56d5 - - [15/Aug/2024:13:39:43 -0400] "GET /lookism/lookism-chapter-432/ HTTP/1.1" 301 0 "https://search.brave.com/" "Mozilla/5.0 (Linux; Android 10; K) AppleWebKit/537.36 (KHTML, like Gecko) Chrome/127.0.0.0 Safari/537.36"
2607:fb91:19a0:425f:ac39:60f7:68d9:56d5 - - [15/Aug/2024:13:39:44 -0400] "GET / HTTP/1.1" 200 11596 "https://search.brave.com/" "Mozilla/5.0 (Linux; Android 10; K) AppleWebKit/537.36 (KHTML, like Gecko) Chrome/127.0.0.0 Safari/537.36"
2607:fb91:19a0:425f:ac39:60f7:68d9:56d5 - - [15/Aug/2024:13:39:52 -0400] "GET /comic/lookism-chapter-514/ HTTP/1.1" 200 10578 "-" "Mozilla/5.0 (Linux; Android 10; K) AppleWebKit/537.36 (KHTML, like Gecko) Chrome/127.0.0.0 Safari/537.36"
103.144.18.37 - - [15/Aug/2024:13:39:57 -0400] "GET / HTTP/1.1" 304 0 "https://www.bing.com/" "Mozilla/5.0 (Linux; Android 10; K) AppleWebKit/537.36 (KHTML, like Gecko) Chrome/127.0.0.0 Mobile Safari/537.36"
103.144.18.37 - - [15/Aug/2024:13:40:00 -0400] "GET / HTTP/1.1" 304 0 "https://r.lookismmanga.com/" "Mozilla/5.0 (Linux; Android 10; K) AppleWebKit/537.36 (KHTML, like Gecko) Chrome/127.0.0.0 Mobile Safari/537.36"
103.144.18.37 - - [15/Aug/2024:13:40:00 -0400] "GET /comic/lookism-chapter-510/ HTTP/1.1" 200 11645 "https://r.lookismmanga.com/" "Mozilla/5.0 (Linux; Android 10; K) AppleWebKit/537.36 (KHTML, like Gecko) Chrome/127.0.0.0 Mobile Safari/537.36"
162.0.232.193 - - [15/Aug/2024:13:40:26 -0400] "POST /wp-cron.php?doing_wp_cron=1723743625.8807539939880371093750 HTTP/1.1" 200 0 "-" "WordPress/6.5.5; https://r.lookismmanga.com"
159.203.71.41 - - [15/Aug/2024:13:40:25 -0400] "HEAD /wordpress HTTP/1.1" 301 0 "https://lookismmanga.com/wordpress" "Mozilla/5.0 (Windows NT 10.0; Win64; x64) AppleWebKit/537.36 (KHTML, like Gecko) Chrome/74.0.3729.169 Safari/537.36"
159.203.71.41 - - [15/Aug/2024:13:40:26 -0400] "HEAD / HTTP/1.1" 200 0 "https://lookismmanga.com/" "Mozilla/5.0 (Windows NT 10.0; Win64; x64) AppleWebKit/537.36 (KHTML, like Gecko) Chrome/74.0.3729.169 Safari/537.36"
159.203.71.41 - - [15/Aug/2024:13:40:26 -0400] "HEAD / HTTP/1.1" 200 0 "https://lookismmanga.com/" "Mozilla/5.0 (Windows NT 10.0; Win64; x64) AppleWebKit/537.36 (KHTML, like Gecko) Chrome/74.0.3729.169 Safari/537.36"
159.203.71.41 - - [15/Aug/2024:13:40:26 -0400] "HEAD /wp HTTP/1.1" 301 0 "https://lookismmanga.com/wp" "Mozilla/5.0 (Windows NT 10.0; Win64; x64) AppleWebKit/537.36 (KHTML, like Gecko) Chrome/74.0.3729.169 Safari/537.36"
159.203.71.41 - - [15/Aug/2024:13:40:27 -0400] "HEAD / HTTP/1.1" 200 0 "https://lookismmanga.com/" "Mozilla/5.0 (Windows NT 10.0; Win64; x64) AppleWebKit/537.36 (KHTML, like Gecko) Chrome/74.0.3729.169 Safari/537.36"
159.203.71.41 - - [15/Aug/2024:13:40:27 -0400] "HEAD /bc HTTP/1.1" 301 0 "https://lookismmanga.com/bc" "Mozilla/5.0 (Windows NT 10.0; Win64; x64) AppleWebKit/537.36 (KHTML, like Gecko) Chrome/74.0.3729.169 Safari/537.36"
159.203.71.41 - - [15/Aug/2024:13:40:27 -0400] "HEAD / HTTP/1.1" 200 0 "https://lookismmanga.com/" "Mozilla/5.0 (Windows NT 10.0; Win64; x64) AppleWebKit/537.36 (KHTML, like Gecko) Chrome/74.0.3729.169 Safari/537.36"
159.203.71.41 - - [15/Aug/2024:13:40:27 -0400] "HEAD /bk HTTP/1.1" 301 0 "https://lookismmanga.com/bk" "Mozilla/5.0 (Windows NT 10.0; Win64; x64) AppleWebKit/537.36 (KHTML, like Gecko) Chrome/74.0.3729.169 Safari/537.36"
159.203.71.41 - - [15/Aug/2024:13:40:27 -0400] "HEAD / HTTP/1.1" 200 0 "https://lookismmanga.com/" "Mozilla/5.0 (Windows NT 10.0; Win64; x64) AppleWebKit/537.36 (KHTML, like Gecko) Chrome/74.0.3729.169 Safari/537.36"
159.203.71.41 - - [15/Aug/2024:13:40:28 -0400] "HEAD /backup HTTP/1.1" 301 0 "https://lookismmanga.com/backup" "Mozilla/5.0 (Windows NT 10.0; Win64; x64) AppleWebKit/537.36 (KHTML, like Gecko) Chrome/74.0.3729.169 Safari/537.36"
159.203.71.41 - - [15/Aug/2024:13:40:28 -0400] "HEAD / HTTP/1.1" 200 0 "https://lookismmanga.com/" "Mozilla/5.0 (Windows NT 10.0; Win64; x64) AppleWebKit/537.36 (KHTML, like Gecko) Chrome/74.0.3729.169 Safari/537.36"
159.203.71.41 - - [15/Aug/2024:13:40:28 -0400] "HEAD /old HTTP/1.1" 301 0 "https://lookismmanga.com/old" "Mozilla/5.0 (Windows NT 10.0; Win64; x64) AppleWebKit/537.36 (KHTML, like Gecko) Chrome/74.0.3729.169 Safari/537.36"
159.203.71.41 - - [15/Aug/2024:13:40:28 -0400] "HEAD / HTTP/1.1" 200 0 "https://lookismmanga.com/" "Mozilla/5.0 (Windows NT 10.0; Win64; x64) AppleWebKit/537.36 (KHTML, like Gecko) Chrome/74.0.3729.169 Safari/537.36"
159.203.71.41 - - [15/Aug/2024:13:40:28 -0400] "HEAD /new HTTP/1.1" 301 0 "https://lookismmanga.com/new" "Mozilla/5.0 (Windows NT 10.0; Win64; x64) AppleWebKit/537.36 (KHTML, like Gecko) Chrome/74.0.3729.169 Safari/537.36"
159.203.71.41 - - [15/Aug/2024:13:40:29 -0400] "HEAD / HTTP/1.1" 200 0 "https://lookismmanga.com/" "Mozilla/5.0 (Windows NT 10.0; Win64; x64) AppleWebKit/537.36 (KHTML, like Gecko) Chrome/74.0.3729.169 Safari/537.36"
159.203.71.41 - - [15/Aug/2024:13:40:29 -0400] "HEAD /main HTTP/1.1" 301 0 "https://lookismmanga.com/main" "Mozilla/5.0 (Windows NT 10.0; Win64; x64) AppleWebKit/537.36 (KHTML, like Gecko) Chrome/74.0.3729.169 Safari/537.36"
159.203.71.41 - - [15/Aug/2024:13:40:29 -0400] "HEAD / HTTP/1.1" 200 0 "https://lookismmanga.com/" "Mozilla/5.0 (Windows NT 10.0; Win64; x64) AppleWebKit/537.36 (KHTML, like Gecko) Chrome/74.0.3729.169 Safari/537.36"
159.203.71.41 - - [15/Aug/2024:13:40:29 -0400] "HEAD /home HTTP/1.1" 301 0 "https://lookismmanga.com/home" "Mozilla/5.0 (Windows NT 10.0; Win64; x64) AppleWebKit/537.36 (KHTML, like Gecko) Chrome/74.0.3729.169 Safari/537.36"
159.203.71.41 - - [15/Aug/2024:13:40:29 -0400] "HEAD / HTTP/1.1" 200 0 "https://r.lookismmanga.com/home" "Mozilla/5.0 (Windows NT 10.0; Win64; x64) AppleWebKit/537.36 (KHTML, like Gecko) Chrome/74.0.3729.169 Safari/537.36"
85.17.225.221 - - [15/Aug/2024:13:40:34 -0400] "POST /xmlrpc.php HTTP/1.1" 200 186 "-" "Mozilla/5.0 (Windows NT 10.0; Win64; x64) AppleWebKit/537.36 (KHTML, like Gecko) Chrome/123.0.0.0 Safari/537.36"
52.167.144.173 - - [15/Aug/2024:13:40:59 -0400] "GET / HTTP/1.1" 200 11603 "-" "Mozilla/5.0 AppleWebKit/537.36 (KHTML, like Gecko; compatible; bingbot/2.0; +http://www.bing.com/bingbot.htm) Chrome/116.0.1938.76 Safari/537.36"
2401:4900:1c67:15eb:845:8200:3239:35d - - [15/Aug/2024:13:41:09 -0400] "GET / HTTP/1.1" 200 11596 "-" "Mozilla/5.0 (Linux; Android 14; CPH2613 Build/TP1A.220905.001; wv) AppleWebKit/537.36 (KHTML, like Gecko) Version/4.0 Chrome/127.0.6533.64 Mobile Safari/537.36"
103.144.18.37 - - [15/Aug/2024:13:41:11 -0400] "GET /comic/lookism-chapter-508/ HTTP/1.1" 200 12254 "https://r.lookismmanga.com/" "Mozilla/5.0 (Linux; Android 10; K) AppleWebKit/537.36 (KHTML, like Gecko) Chrome/127.0.0.0 Mobile Safari/537.36"
103.144.18.37 - - [15/Aug/2024:13:41:11 -0400] "GET /comic/lookism-chapter-313/ HTTP/1.1" 200 13440 "https://r.lookismmanga.com/" "Mozilla/5.0 (Linux; Android 10; K) AppleWebKit/537.36 (KHTML, like Gecko) Chrome/127.0.0.0 Mobile Safari/537.36"
103.144.18.37 - - [15/Aug/2024:13:41:11 -0400] "GET /comic/lookism-chapter-497/ HTTP/1.1" 200 11591 "https://r.lookismmanga.com/" "Mozilla/5.0 (Linux; Android 10; K) AppleWebKit/537.36 (KHTML, like Gecko) Chrome/127.0.0.0 Mobile Safari/537.36"
2401:4900:1c67:15eb:845:8200:3239:35d - - [15/Aug/2024:13:41:11 -0400] "GET /comic/lookism-chapter-514/ HTTP/1.1" 200 10640 "https://r.lookismmanga.com/" "Mozilla/5.0 (Linux; Android 14; CPH2613 Build/TP1A.220905.001; wv) AppleWebKit/537.36 (KHTML, like Gecko) Version/4.0 Chrome/127.0.6533.64 Mobile Safari/537.36"
103.144.18.37 - - [15/Aug/2024:13:41:12 -0400] "GET /comic/lookism-chapter-310/ HTTP/1.1" 200 13014 "https://r.lookismmanga.com/" "Mozilla/5.0 (Linux; Android 10; K) AppleWebKit/537.36 (KHTML, like Gecko) Chrome/127.0.0.0 Mobile Safari/537.36"
103.144.18.37 - - [15/Aug/2024:13:41:12 -0400] "GET /comic/lookism-chapter-159/ HTTP/1.1" 200 12158 "https://r.lookismmanga.com/" "Mozilla/5.0 (Linux; Android 10; K) AppleWebKit/537.36 (KHTML, like Gecko) Chrome/127.0.0.0 Mobile Safari/537.36"
2401:4900:1c67:15eb:845:8200:3239:35d - - [15/Aug/2024:13:41:13 -0400] "GET /comic/lookism-chapter-513/ HTTP/1.1" 200 11038 "https://r.lookismmanga.com/" "Mozilla/5.0 (Linux; Android 14; CPH2613 Build/TP1A.220905.001; wv) AppleWebKit/537.36 (KHTML, like Gecko) Version/4.0 Chrome/127.0.6533.64 Mobile Safari/537.36"
162.0.232.193 - - [15/Aug/2024:13:41:14 -0400] "POST /wp-cron.php?doing_wp_cron=1723743674.5753269195556640625000 HTTP/1.1" 200 0 "-" "WordPress/6.5.5; https://r.lookismmanga.com"
2401:4900:1c67:15eb:845:8200:3239:35d - - [15/Aug/2024:13:41:14 -0400] "POST /wp-admin/admin-ajax.php HTTP/1.1" 200 69 "https://r.lookismmanga.com/comic/lookism-chapter-513/" "Mozilla/5.0 (Linux; Android 14; CPH2613 Build/TP1A.220905.001; wv) AppleWebKit/537.36 (KHTML, like Gecko) Version/4.0 Chrome/127.0.6533.64 Mobile Safari/537.36"
2409:4081:8084:897e:1c70:8f94:7d88:4c8d - - [15/Aug/2024:13:41:38 -0400] "GET / HTTP/1.1" 304 0 "https://duckduckgo.com/" "Mozilla/5.0 (Linux; Android 10; K) AppleWebKit/537.36 (KHTML, like Gecko) Chrome/127.0.0.0 Mobile Safari/537.36"
2409:4081:8084:897e:1c70:8f94:7d88:4c8d - - [15/Aug/2024:13:41:43 -0400] "GET /comic/lookism-chapter-509/ HTTP/1.1" 200 11627 "https://r.lookismmanga.com/" "Mozilla/5.0 (Linux; Android 10; K) AppleWebKit/537.36 (KHTML, like Gecko) Chrome/127.0.0.0 Mobile Safari/537.36"
162.0.232.193 - - [15/Aug/2024:13:41:46 -0400] "POST /wp-cron.php?doing_wp_cron=1723743705.9336988925933837890625 HTTP/1.1" 200 0 "-" "WordPress/6.5.5; https://r.lookismmanga.com"
2409:4081:8084:897e:1c70:8f94:7d88:4c8d - - [15/Aug/2024:13:41:45 -0400] "GET /apple-touch-icon.png HTTP/1.1" 301 0 "-" "DuckDuckGo/5 (com.duckduckgo.mobile.android; Android API 29)"
2409:4081:8084:897e:1c70:8f94:7d88:4c8d - - [15/Aug/2024:13:41:47 -0400] "GET / HTTP/1.1" 200 11596 "-" "DuckDuckGo/5 (com.duckduckgo.mobile.android; Android API 29)"
45.131.150.134 - - [15/Aug/2024:13:41:51 -0400] "GET / HTTP/1.1" 200 11603 "https://uk.search.yahoo.com/" "Mozilla/5.0 (Windows NT 10.0; Win64; x64) AppleWebKit/537.36 (KHTML, like Gecko) Chrome/127.0.0.0 Safari/537.36"
45.131.150.134 - - [15/Aug/2024:13:41:55 -0400] "GET /comic/lookism-chapter-508/ HTTP/1.1" 200 12113 "https://r.lookismmanga.com/" "Mozilla/5.0 (Windows NT 10.0; Win64; x64) AppleWebKit/537.36 (KHTML, like Gecko) Chrome/127.0.0.0 Safari/537.36"
2401:4900:1c67:15eb:845:8200:3239:35d - - [15/Aug/2024:13:42:14 -0400] "GET / HTTP/1.1" 304 0 "-" "Mozilla/5.0 (Linux; Android 14; CPH2613 Build/TP1A.220905.001; wv) AppleWebKit/537.36 (KHTML, like Gecko) Version/4.0 Chrome/127.0.6533.64 Mobile Safari/537.36"
2401:4900:1c67:15eb:845:8200:3239:35d - - [15/Aug/2024:13:42:16 -0400] "GET /comic/lookism-chapter-504/ HTTP/1.1" 200 11274 "https://r.lookismmanga.com/" "Mozilla/5.0 (Linux; Android 14; CPH2613 Build/TP1A.220905.001; wv) AppleWebKit/537.36 (KHTML, like Gecko) Version/4.0 Chrome/127.0.6533.64 Mobile Safari/537.36"
66.249.68.65 - - [15/Aug/2024:13:42:35 -0400] "GET /comic/lookism-chapter-48/ HTTP/1.1" 200 11826 "-" "Mozilla/5.0 (Linux; Android 6.0.1; Nexus 5X Build/MMB29P) AppleWebKit/537.36 (KHTML, like Gecko) Chrome/127.0.6533.99 Mobile Safari/537.36 (compatible; Googlebot/2.1; +http://www.google.com/bot.html)"
162.0.232.193 - - [15/Aug/2024:13:42:39 -0400] "POST /wp-cron.php?doing_wp_cron=1723743759.2665889263153076171875 HTTP/1.1" 200 0 "-" "WordPress/6.5.5; https://r.lookismmanga.com"
66.249.68.66 - - [15/Aug/2024:13:42:39 -0400] "POST /wp-admin/admin-ajax.php HTTP/1.1" 200 69 "https://r.lookismmanga.com/comic/lookism-chapter-48/" "Mozilla/5.0 (Linux; Android 6.0.1; Nexus 5X Build/MMB29P) AppleWebKit/537.36 (KHTML, like Gecko) Chrome/126.0.6478.182 Mobile Safari/537.36 (compatible; Googlebot/2.1; +http://www.google.com/bot.html)"
162.0.232.193 - - [15/Aug/2024:13:43:05 -0400] "POST /wp-cron.php?doing_wp_cron=1723743785.3257079124450683593750 HTTP/1.1" 200 0 "-" "WordPress/6.5.5; https://r.lookismmanga.com"
114.119.151.0 - - [15/Aug/2024:13:43:05 -0400] "GET /lookism/lookism-chapter-491-2/ HTTP/1.1" 301 0 "https://ww13.lookismmanga.com/lookism/lookism-chapter-250/" "Mozilla/5.0 (Linux; Android 7.0;) AppleWebKit/537.36 (KHTML, like Gecko) Mobile Safari/537.36 (compatible; PetalBot;+https://webmaster.petalsearch.com/site/petalbot)"
114.119.151.0 - - [15/Aug/2024:13:43:06 -0400] "GET / HTTP/1.1" 200 11596 "https://ww13.lookismmanga.com/lookism/lookism-chapter-250/" "Mozilla/5.0 (Linux; Android 7.0;) AppleWebKit/537.36 (KHTML, like Gecko) Mobile Safari/537.36 (compatible; PetalBot;+https://webmaster.petalsearch.com/site/petalbot)"
2a02:8309:4283:8d00:b4e7:614e:665a:d89b - - [15/Aug/2024:13:43:11 -0400] "GET / HTTP/1.1" 200 11596 "-" "Mozilla/5.0 (Linux; Android 14; 2310FPCA4G Build/UP1A.231005.007; wv) AppleWebKit/537.36 (KHTML, like Gecko) Version/4.0 Chrome/127.0.6533.64 Mobile Safari/537.36"
2a02:8309:4283:8d00:b4e7:614e:665a:d89b - - [15/Aug/2024:13:43:12 -0400] "GET /wp-content/plugins/simple-social-buttons/assets/css/front.css?ver=5.1.3 HTTP/1.1" 200 9767 "https://r.lookismmanga.com/" "Mozilla/5.0 (Linux; Android 14; 2310FPCA4G Build/UP1A.231005.007; wv) AppleWebKit/537.36 (KHTML, like Gecko) Version/4.0 Chrome/127.0.6533.64 Mobile Safari/537.36"
2a02:8309:4283:8d00:b4e7:614e:665a:d89b - - [15/Aug/2024:13:43:12 -0400] "GET /wp-content/plugins/widgets-on-pages/public/css/widgets-on-pages-public.css?ver=1.4.0 HTTP/1.1" 200 83 "https://r.lookismmanga.com/" "Mozilla/5.0 (Linux; Android 14; 2310FPCA4G Build/UP1A.231005.007; wv) AppleWebKit/537.36 (KHTML, like Gecko) Version/4.0 Chrome/127.0.6533.64 Mobile Safari/537.36"
2a02:8309:4283:8d00:b4e7:614e:665a:d89b - - [15/Aug/2024:13:43:12 -0400] "GET /wp-content/themes/toivo-lite/style.css?ver=1.2.0 HTTP/1.1" 200 13718 "https://r.lookismmanga.com/" "Mozilla/5.0 (Linux; Android 14; 2310FPCA4G Build/UP1A.231005.007; wv) AppleWebKit/537.36 (KHTML, like Gecko) Version/4.0 Chrome/127.0.6533.64 Mobile Safari/537.36"
2a02:8309:4283:8d00:b4e7:614e:665a:d89b - - [15/Aug/2024:13:43:12 -0400] "GET /wp-content/plugins/simple-social-buttons/assets/js/frontend-blocks.js?ver=5.1.3 HTTP/1.1" 200 0 "https://r.lookismmanga.com/" "Mozilla/5.0 (Linux; Android 14; 2310FPCA4G Build/UP1A.231005.007; wv) AppleWebKit/537.36 (KHTML, like Gecko) Version/4.0 Chrome/127.0.6533.64 Mobile Safari/537.36"
2a02:8309:4283:8d00:b4e7:614e:665a:d89b - - [15/Aug/2024:13:43:12 -0400] "GET /wp-includes/js/jquery/jquery.min.js?ver=3.7.1 HTTP/1.1" 200 29744 "https://r.lookismmanga.com/" "Mozilla/5.0 (Linux; Android 14; 2310FPCA4G Build/UP1A.231005.007; wv) AppleWebKit/537.36 (KHTML, like Gecko) Version/4.0 Chrome/127.0.6533.64 Mobile Safari/537.36"
2a02:8309:4283:8d00:b4e7:614e:665a:d89b - - [15/Aug/2024:13:43:12 -0400] "GET /wp-content/plugins/simple-social-buttons/assets/js/front.js?ver=5.1.3 HTTP/1.1" 200 1577 "https://r.lookismmanga.com/" "Mozilla/5.0 (Linux; Android 14; 2310FPCA4G Build/UP1A.231005.007; wv) AppleWebKit/537.36 (KHTML, like Gecko) Version/4.0 Chrome/127.0.6533.64 Mobile Safari/537.36"
2a02:8309:4283:8d00:b4e7:614e:665a:d89b - - [15/Aug/2024:13:43:12 -0400] "GET /wp-content/plugins/comic-easel/js/keynav.js HTTP/1.1" 200 302 "https://r.lookismmanga.com/" "Mozilla/5.0 (Linux; Android 14; 2310FPCA4G Build/UP1A.231005.007; wv) AppleWebKit/537.36 (KHTML, like Gecko) Version/4.0 Chrome/127.0.6533.64 Mobile Safari/537.36"
2a02:8309:4283:8d00:b4e7:614e:665a:d89b - - [15/Aug/2024:13:43:12 -0400] "GET /wp-includes/js/jquery/jquery-migrate.min.js?ver=3.4.1 HTTP/1.1" 200 4678 "https://r.lookismmanga.com/" "Mozilla/5.0 (Linux; Android 14; 2310FPCA4G Build/UP1A.231005.007; wv) AppleWebKit/537.36 (KHTML, like Gecko) Version/4.0 Chrome/127.0.6533.64 Mobile Safari/537.36"
2a02:8309:4283:8d00:b4e7:614e:665a:d89b - - [15/Aug/2024:13:43:12 -0400] "GET /wp-content/themes/toivo-lite/fonts/genericons/genericons/genericons.min.css?ver=3.3 HTTP/1.1" 200 15959 "https://r.lookismmanga.com/" "Mozilla/5.0 (Linux; Android 14; 2310FPCA4G Build/UP1A.231005.007; wv) AppleWebKit/537.36 (KHTML, like Gecko) Version/4.0 Chrome/127.0.6533.64 Mobile Safari/537.36"
2a02:8309:4283:8d00:b4e7:614e:665a:d89b - - [15/Aug/2024:13:43:12 -0400] "GET /wp-content/uploads/2024/02/lookismkmanhwabookvolume5dkshop-753x1024.webp HTTP/1.1" 200 76864 "https://r.lookismmanga.com/" "Mozilla/5.0 (Linux; Android 14; 2310FPCA4G Build/UP1A.231005.007; wv) AppleWebKit/537.36 (KHTML, like Gecko) Version/4.0 Chrome/127.0.6533.64 Mobile Safari/537.36"
2a02:8309:4283:8d00:b4e7:614e:665a:d89b - - [15/Aug/2024:13:43:17 -0400] "GET /comic/lookism-chapter-502/ HTTP/1.1" 200 11485 "https://r.lookismmanga.com/" "Mozilla/5.0 (Linux; Android 14; 2310FPCA4G Build/UP1A.231005.007; wv) AppleWebKit/537.36 (KHTML, like Gecko) Version/4.0 Chrome/127.0.6533.64 Mobile Safari/537.36"
2a02:8309:4283:8d00:b4e7:614e:665a:d89b - - [15/Aug/2024:13:43:19 -0400] "GET /comic/lookism-chapter-514/ HTTP/1.1" 200 10640 "https://r.lookismmanga.com/" "Mozilla/5.0 (Linux; Android 14; 2310FPCA4G Build/UP1A.231005.007; wv) AppleWebKit/537.36 (KHTML, like Gecko) Version/4.0 Chrome/127.0.6533.64 Mobile Safari/537.36"
2a02:8309:4283:8d00:b4e7:614e:665a:d89b - - [15/Aug/2024:13:43:20 -0400] "GET /wp-content/plugins/wp-automatic/css/wp-automatic.css?ver=1.0.0 HTTP/1.1" 200 537 "https://r.lookismmanga.com/comic/lookism-chapter-514/" "Mozilla/5.0 (Linux; Android 14; 2310FPCA4G Build/UP1A.231005.007; wv) AppleWebKit/537.36 (KHTML, like Gecko) Version/4.0 Chrome/127.0.6533.64 Mobile Safari/537.36"
2a02:8309:4283:8d00:b4e7:614e:665a:d89b - - [15/Aug/2024:13:43:20 -0400] "GET /wp-content/plugins/wp-automatic/js/main-front.js?ver=6.5.5 HTTP/1.1" 200 316 "https://r.lookismmanga.com/comic/lookism-chapter-514/" "Mozilla/5.0 (Linux; Android 14; 2310FPCA4G Build/UP1A.231005.007; wv) AppleWebKit/537.36 (KHTML, like Gecko) Version/4.0 Chrome/127.0.6533.64 Mobile Safari/537.36"
2a02:8309:4283:8d00:b4e7:614e:665a:d89b - - [15/Aug/2024:13:43:20 -0400] "GET /wp-content/plugins/disqus-comment-system/public/js/comment_embed.js?ver=3.1.1 HTTP/1.1" 200 653 "https://r.lookismmanga.com/comic/lookism-chapter-514/" "Mozilla/5.0 (Linux; Android 14; 2310FPCA4G Build/UP1A.231005.007; wv) AppleWebKit/537.36 (KHTML, like Gecko) Version/4.0 Chrome/127.0.6533.64 Mobile Safari/537.36"
2a02:8309:4283:8d00:b4e7:614e:665a:d89b - - [15/Aug/2024:13:43:20 -0400] "GET /wp-content/plugins/disqus-comment-system/public/js/comment_count.js?ver=3.1.1 HTTP/1.1" 200 354 "https://r.lookismmanga.com/comic/lookism-chapter-514/" "Mozilla/5.0 (Linux; Android 14; 2310FPCA4G Build/UP1A.231005.007; wv) AppleWebKit/537.36 (KHTML, like Gecko) Version/4.0 Chrome/127.0.6533.64 Mobile Safari/537.36"
2a02:8309:4283:8d00:b4e7:614e:665a:d89b - - [15/Aug/2024:13:43:20 -0400] "GET /wp-includes/js/comment-reply.min.js?ver=6.5.5 HTTP/1.1" 200 1228 "https://r.lookismmanga.com/comic/lookism-chapter-514/" "Mozilla/5.0 (Linux; Android 14; 2310FPCA4G Build/UP1A.231005.007; wv) AppleWebKit/537.36 (KHTML, like Gecko) Version/4.0 Chrome/127.0.6533.64 Mobile Safari/537.36"
2a02:8309:4283:8d00:b4e7:614e:665a:d89b - - [15/Aug/2024:13:43:20 -0400] "GET /wp-content/plugins/simple-social-buttons/assets/fonts/ssb-icon.ttf?eahqa2 HTTP/1.1" 200 6212 "https://r.lookismmanga.com/wp-content/plugins/simple-social-buttons/assets/css/front.css?ver=5.1.3" "Mozilla/5.0 (Linux; Android 14; 2310FPCA4G Build/UP1A.231005.007; wv) AppleWebKit/537.36 (KHTML, like Gecko) Version/4.0 Chrome/127.0.6533.64 Mobile Safari/537.36"
2402:3a80:18b3:d40d:9800:47d7:7c7:84dc - - [15/Aug/2024:13:44:36 -0400] "GET / HTTP/1.1" 200 11603 "https://www.bing.com/" "Mozilla/5.0 (Windows NT 10.0; Win64; x64) AppleWebKit/537.36 (KHTML, like Gecko) Chrome/127.0.0.0 Safari/537.36 Edg/127.0.0.0"
2600:1700:4930:3b90:259f:8f38:b747:6a24 - - [15/Aug/2024:13:44:42 -0400] "GET / HTTP/1.1" 200 11603 "https://www.bing.com/" "Mozilla/5.0 (Windows NT 10.0; Win64; x64) AppleWebKit/537.36 (KHTML, like Gecko) Chrome/127.0.0.0 Safari/537.36 Edg/127.0.0.0"
2603:8000:8a01:fbb8:3588:6b0c:63ca:6d9a - - [15/Aug/2024:13:44:50 -0400] "GET / HTTP/1.1" 200 11596 "https://duckduckgo.com/" "Mozilla/5.0 (Linux; Android 10; K) AppleWebKit/537.36 (KHTML, like Gecko) Chrome/127.0.0.0 Mobile Safari/537.36"
2402:3a80:18b3:d40d:9800:47d7:7c7:84dc - - [15/Aug/2024:13:44:51 -0400] "GET /comic/lookism-chapter-514/ HTTP/1.1" 200 10596 "https://r.lookismmanga.com/" "Mozilla/5.0 (Windows NT 10.0; Win64; x64) AppleWebKit/537.36 (KHTML, like Gecko) Chrome/127.0.0.0 Safari/537.36 Edg/127.0.0.0"
162.0.232.193 - - [15/Aug/2024:13:44:55 -0400] "POST /wp-cron.php?doing_wp_cron=1723743895.0296111106872558593750 HTTP/1.1" 200 0 "-" "WordPress/6.5.5; https://r.lookismmanga.com"
2603:8000:8a01:fbb8:3588:6b0c:63ca:6d9a - - [15/Aug/2024:13:44:54 -0400] "GET /apple-touch-icon.png HTTP/1.1" 301 0 "-" "DuckDuckGo/5 (com.duckduckgo.mobile.android; Android API 29)"
2603:8000:8a01:fbb8:3588:6b0c:63ca:6d9a - - [15/Aug/2024:13:44:55 -0400] "GET / HTTP/1.1" 200 11624 "-" "DuckDuckGo/5 (com.duckduckgo.mobile.android; Android API 29)"
2603:8000:8a01:fbb8:3588:6b0c:63ca:6d9a - - [15/Aug/2024:13:44:55 -0400] "GET /favicon.ico HTTP/1.1" 302 0 "-" "DuckDuckGo/5 (com.duckduckgo.mobile.android; Android API 29)"
66.249.68.64 - - [15/Aug/2024:13:46:33 -0400] "GET /comic/lookism-chapter-243/ HTTP/1.1" 200 12530 "-" "Mozilla/5.0 (Linux; Android 6.0.1; Nexus 5X Build/MMB29P) AppleWebKit/537.36 (KHTML, like Gecko) Chrome/127.0.6533.99 Mobile Safari/537.36 (compatible; Googlebot/2.1; +http://www.google.com/bot.html)"
162.0.232.193 - - [15/Aug/2024:13:46:43 -0400] "POST /wp-cron.php?doing_wp_cron=1723744003.6017539501190185546875 HTTP/1.1" 200 0 "-" "WordPress/6.5.5; https://r.lookismmanga.com"
34.65.234.0 - - [15/Aug/2024:13:46:42 -0400] "POST /wp-login.php HTTP/1.1" 200 1949 "-" "Mozilla/5.0 (Windows NT 6.1; Win64; x64) AppleWebKit/537.36 (KHTML, like Gecko) Chrome/79.0.3945.117 Safari/537.36"
84.39.116.180 - - [15/Aug/2024:13:46:45 -0400] "POST /xmlrpc.php HTTP/1.1" 200 0 "-" "Mozilla/5.0 (Windows NT 10.0; Win64; x64) AppleWebKit/537.36 (KHTML, like Gecko) Chrome/123.0.0.0 Safari/537.36"
66.249.68.64 - - [15/Aug/2024:13:47:18 -0400] "GET /comic/lookism-chapter-311/ HTTP/1.1" 200 13229 "-" "Mozilla/5.0 (compatible; Googlebot/2.1; +http://www.google.com/bot.html)"
69.126.89.134 - - [15/Aug/2024:13:47:25 -0400] "GET / HTTP/1.1" 200 11596 "-" "Mozilla/5.0 (iPhone; CPU iPhone OS 17_5_1 like Mac OS X) AppleWebKit/605.1.15 (KHTML, like Gecko) Version/17.0 Mobile/15E148 Safari/604.1"
69.126.89.134 - - [15/Aug/2024:13:47:41 -0400] "GET / HTTP/1.1" 200 11596 "-" "Mozilla/5.0 (iPhone; CPU iPhone OS 17_5_1 like Mac OS X) AppleWebKit/605.1.15 (KHTML, like Gecko) Version/17.0 Mobile/15E148 Safari/604.1"
162.0.232.193 - - [15/Aug/2024:13:48:10 -0400] "POST /wp-cron.php?doing_wp_cron=1723744090.0904779434204101562500 HTTP/1.1" 200 0 "-" "WordPress/6.5.5; https://r.lookismmanga.com"
114.119.154.237 - - [15/Aug/2024:13:48:09 -0400] "GET /lookism/lookism-chapter-378/ HTTP/1.1" 301 0 "https://ww12.lookismmanga.com/lookism/lookism-chapter-379/" "Mozilla/5.0 (Linux; Android 7.0;) AppleWebKit/537.36 (KHTML, like Gecko) Mobile Safari/537.36 (compatible; PetalBot;+https://webmaster.petalsearch.com/site/petalbot)"
2a03:2880:13ff:a::face:b00c - - [15/Aug/2024:13:48:14 -0400] "GET /?p=2203 HTTP/1.1" 301 0 "-" "facebookexternalhit/1.1 (+http://www.facebook.com/externalhit_uatext.php)"
2a03:2880:ff:20::face:b00c - - [15/Aug/2024:13:48:15 -0400] "GET /?p=2414 HTTP/1.1" 301 0 "-" "meta-externalagent/1.1 (+https://developers.facebook.com/docs/sharing/webmasters/crawler)"
114.119.154.237 - - [15/Aug/2024:13:48:18 -0400] "GET / HTTP/1.1" 200 11596 "https://ww12.lookismmanga.com/lookism/lookism-chapter-379/" "Mozilla/5.0 (Linux; Android 7.0;) AppleWebKit/537.36 (KHTML, like Gecko) Mobile Safari/537.36 (compatible; PetalBot;+https://webmaster.petalsearch.com/site/petalbot)"
162.0.232.193 - - [15/Aug/2024:13:48:59 -0400] "POST /wp-cron.php?doing_wp_cron=1723744138.8777520656585693359375 HTTP/1.1" 200 0 "-" "WordPress/6.5.5; https://r.lookismmanga.com"
84.39.116.180 - - [15/Aug/2024:13:48:57 -0400] "POST /xmlrpc.php HTTP/1.1" 200 186 "-" "Mozilla/5.0 (Windows NT 10.0; Win64; x64) AppleWebKit/537.36 (KHTML, like Gecko) Chrome/123.0.0.0 Safari/537.36"
2603:8000:8a01:fbb8:3588:6b0c:63ca:6d9a - - [15/Aug/2024:13:50:26 -0400] "GET / HTTP/1.1" 304 0 "https://duckduckgo.com/" "Mozilla/5.0 (Linux; Android 10; K) AppleWebKit/537.36 (KHTML, like Gecko) Chrome/127.0.0.0 Mobile Safari/537.36"
162.0.232.193 - - [15/Aug/2024:13:50:32 -0400] "POST /wp-cron.php?doing_wp_cron=1723744231.7391209602355957031250 HTTP/1.1" 200 0 "-" "WordPress/6.5.5; https://r.lookismmanga.com"
2603:8000:8a01:fbb8:3588:6b0c:63ca:6d9a - - [15/Aug/2024:13:50:30 -0400] "GET /apple-touch-icon.png HTTP/1.1" 301 0 "-" "DuckDuckGo/5 (com.duckduckgo.mobile.android; Android API 29)"
2603:8000:8a01:fbb8:3588:6b0c:63ca:6d9a - - [15/Aug/2024:13:50:32 -0400] "GET /comic/lookism-chapter-514/ HTTP/1.1" 200 10640 "https://r.lookismmanga.com/" "Mozilla/5.0 (Linux; Android 10; K) AppleWebKit/537.36 (KHTML, like Gecko) Chrome/127.0.0.0 Mobile Safari/537.36"
2603:8000:8a01:fbb8:3588:6b0c:63ca:6d9a - - [15/Aug/2024:13:50:32 -0400] "GET / HTTP/1.1" 200 11624 "-" "DuckDuckGo/5 (com.duckduckgo.mobile.android; Android API 29)"
2603:8000:8a01:fbb8:3588:6b0c:63ca:6d9a - - [15/Aug/2024:13:50:32 -0400] "GET /favicon.ico HTTP/1.1" 302 0 "-" "DuckDuckGo/5 (com.duckduckgo.mobile.android; Android API 29)"
162.0.232.193 - - [15/Aug/2024:13:50:37 -0400] "POST /wp-cron.php?doing_wp_cron=1723744236.8936159610748291015625 HTTP/1.1" 200 0 "-" "WordPress/6.5.5; https://r.lookismmanga.com"
2603:8000:8a01:fbb8:3588:6b0c:63ca:6d9a - - [15/Aug/2024:13:50:36 -0400] "GET /apple-touch-icon.png HTTP/1.1" 301 0 "-" "DuckDuckGo/5 (com.duckduckgo.mobile.android; Android API 29)"
2603:8000:8a01:fbb8:3588:6b0c:63ca:6d9a - - [15/Aug/2024:13:50:37 -0400] "GET / HTTP/1.1" 200 11596 "-" "DuckDuckGo/5 (com.duckduckgo.mobile.android; Android API 29)"
2603:8000:8a01:fbb8:3588:6b0c:63ca:6d9a - - [15/Aug/2024:13:50:37 -0400] "GET /favicon.ico HTTP/1.1" 302 0 "-" "DuckDuckGo/5 (com.duckduckgo.mobile.android; Android API 29)"
66.249.69.67 - - [15/Aug/2024:13:51:48 -0400] "GET /comic/lookism-chapter-259/ HTTP/1.1" 200 12489 "-" "Mozilla/5.0 (Linux; Android 6.0.1; Nexus 5X Build/MMB29P) AppleWebKit/537.36 (KHTML, like Gecko) Chrome/127.0.6533.99 Mobile Safari/537.36 (compatible; Googlebot/2.1; +http://www.google.com/bot.html)"
40.88.21.235 - - [15/Aug/2024:13:52:28 -0400] "GET / HTTP/1.1" 200 11603 "https://r.lookismmanga.com/" "DuckDuckBot/1.1; (+http://duckduckgo.com/duckduckbot.html)"
2001:4450:8110:3900:8d3f:9d81:8ae6:3060 - - [15/Aug/2024:13:52:52 -0400] "GET / HTTP/1.1" 200 11596 "https://www.bing.com/" "Mozilla/5.0 (Linux; Android 10; NEN-L22; HMSCore 6.14.0.302) AppleWebKit/537.36 (KHTML, like Gecko) Chrome/99.0.4844.88 HuaweiBrowser/14.0.5.303 Mobile Safari/537.36"
2001:4450:8110:3900:8d3f:9d81:8ae6:3060 - - [15/Aug/2024:13:53:01 -0400] "GET /comic/lookism-chapter-514/ HTTP/1.1" 200 10578 "https://r.lookismmanga.com/" "Mozilla/5.0 (Linux; Android 10; NEN-L22; HMSCore 6.14.0.302) AppleWebKit/537.36 (KHTML, like Gecko) Chrome/99.0.4844.88 HuaweiBrowser/14.0.5.303 Mobile Safari/537.36"
78.167.3.93 - - [15/Aug/2024:13:53:04 -0400] "GET / HTTP/1.1" 200 11603 "https://www.bing.com/" "Mozilla/5.0 (Windows NT 10.0; Win64; x64) AppleWebKit/537.36 (KHTML, like Gecko) Chrome/127.0.0.0 Safari/537.36 Edg/127.0.0.0"
78.167.3.93 - - [15/Aug/2024:13:53:07 -0400] "GET /comic/lookism-chapter-508/ HTTP/1.1" 200 12113 "https://r.lookismmanga.com/" "Mozilla/5.0 (Windows NT 10.0; Win64; x64) AppleWebKit/537.36 (KHTML, like Gecko) Chrome/127.0.0.0 Safari/537.36 Edg/127.0.0.0"
78.167.3.93 - - [15/Aug/2024:13:53:07 -0400] "GET /comic/lookism-chapter-509/ HTTP/1.1" 200 11514 "https://r.lookismmanga.com/" "Mozilla/5.0 (Windows NT 10.0; Win64; x64) AppleWebKit/537.36 (KHTML, like Gecko) Chrome/127.0.0.0 Safari/537.36 Edg/127.0.0.0"
78.167.3.93 - - [15/Aug/2024:13:53:07 -0400] "GET /comic/lookism-chapter-514/ HTTP/1.1" 200 10596 "https://r.lookismmanga.com/" "Mozilla/5.0 (Windows NT 10.0; Win64; x64) AppleWebKit/537.36 (KHTML, like Gecko) Chrome/127.0.0.0 Safari/537.36 Edg/127.0.0.0"
162.0.232.193 - - [15/Aug/2024:13:53:07 -0400] "POST /wp-cron.php?doing_wp_cron=1723744387.5680949687957763671875 HTTP/1.1" 200 0 "-" "WordPress/6.5.5; https://r.lookismmanga.com"
114.119.151.175 - - [15/Aug/2024:13:53:07 -0400] "GET /lookism/lookism-chapter-349/ HTTP/1.1" 301 0 "https://ww12.lookismmanga.com/lookism/lookism-chapter-478-3/" "Mozilla/5.0 (Linux; Android 7.0;) AppleWebKit/537.36 (KHTML, like Gecko) Mobile Safari/537.36 (compatible; PetalBot;+https://webmaster.petalsearch.com/site/petalbot)"
114.119.151.175 - - [15/Aug/2024:13:53:08 -0400] "GET / HTTP/1.1" 200 11596 "https://ww12.lookismmanga.com/lookism/lookism-chapter-478-3/" "Mozilla/5.0 (Linux; Android 7.0;) AppleWebKit/537.36 (KHTML, like Gecko) Mobile Safari/537.36 (compatible; PetalBot;+https://webmaster.petalsearch.com/site/petalbot)"
2603:8000:8a01:fbb8:3588:6b0c:63ca:6d9a - - [15/Aug/2024:13:53:09 -0400] "GET /comic/lookism-chapter-514/ HTTP/1.1" 304 0 "-" "Mozilla/5.0 (Linux; Android 10; K) AppleWebKit/537.36 (KHTML, like Gecko) Chrome/127.0.0.0 Mobile Safari/537.36"
2607:fb91:2c27:a340:dce5:ddfa:8d5e:39be - - [15/Aug/2024:13:53:11 -0400] "GET / HTTP/1.1" 304 0 "https://www.bing.com/" "Mozilla/5.0 (iPhone; CPU iPhone OS 17_5 like Mac OS X) AppleWebKit/605.1.15 (KHTML, like Gecko) EdgiOS/127.0.2651.81 Version/17.0 Mobile/15E148 Safari/604.1"
2a03:2880:13ff:13::face:b00c - - [15/Aug/2024:13:53:13 -0400] "GET /?p=2019 HTTP/1.1" 301 0 "-" "facebookexternalhit/1.1 (+http://www.facebook.com/externalhit_uatext.php)"
78.167.3.93 - - [15/Aug/2024:13:53:30 -0400] "GET / HTTP/1.1" 304 0 "https://www.bing.com/" "Mozilla/5.0 (Windows NT 10.0; Win64; x64) AppleWebKit/537.36 (KHTML, like Gecko) Chrome/127.0.0.0 Safari/537.36 Edg/127.0.0.0"
78.167.3.93 - - [15/Aug/2024:13:53:31 -0400] "GET /comic/lookism-chapter-1/ HTTP/1.1" 200 11755 "https://r.lookismmanga.com/" "Mozilla/5.0 (Windows NT 10.0; Win64; x64) AppleWebKit/537.36 (KHTML, like Gecko) Chrome/127.0.0.0 Safari/537.36 Edg/127.0.0.0"
162.0.232.193 - - [15/Aug/2024:13:54:03 -0400] "POST /wp-cron.php?doing_wp_cron=1723744442.7639770507812500000000 HTTP/1.1" 200 0 "-" "WordPress/6.5.5; https://r.lookismmanga.com"
2a03:2880:f800:1c:: - - [15/Aug/2024:13:54:02 -0400] "GET /?p=129 HTTP/1.1" 301 0 "-" "facebookexternalhit/1.1 (+http://www.facebook.com/externalhit_uatext.php)"
162.0.232.193 - - [15/Aug/2024:13:54:50 -0400] "POST /wp-cron.php?doing_wp_cron=1723744490.6947610378265380859375 HTTP/1.1" 200 0 "-" "WordPress/6.5.5; https://r.lookismmanga.com"
66.249.68.67 - - [15/Aug/2024:13:54:50 -0400] "GET /lookism/lookism-chapter-7/ HTTP/1.1" 301 0 "-" "Mozilla/5.0 (Linux; Android 6.0.1; Nexus 5X Build/MMB29P) AppleWebKit/537.36 (KHTML, like Gecko) Chrome/127.0.6533.119 Mobile Safari/537.36 (compatible; Googlebot/2.1; +http://www.google.com/bot.html)"
66.249.68.66 - - [15/Aug/2024:13:54:51 -0400] "GET / HTTP/1.1" 200 11596 "-" "Mozilla/5.0 (Linux; Android 6.0.1; Nexus 5X Build/MMB29P) AppleWebKit/537.36 (KHTML, like Gecko) Chrome/127.0.6533.119 Mobile Safari/537.36 (compatible; Googlebot/2.1; +http://www.google.com/bot.html)"
168.235.206.135 - - [15/Aug/2024:13:55:17 -0400] "GET / HTTP/1.1" 200 11596 "https://duckduckgo.com/" "Mozilla/5.0 (Linux; U; Android 13; en-US; RMX3430 Build/SP1A.210812.016) AppleWebKit/537.36 (KHTML, like Gecko) Version/4.0 Chrome/100.0.4896.58 UCBrowser/13.7.8.1322 Mobile Safari/537.36"
52.156.77.149 - - [15/Aug/2024:13:55:34 -0400] "GET / HTTP/1.1" 200 11603 "-" "Mozilla/5.0 AppleWebKit/537.36 (KHTML, like Gecko); compatible; ChatGPT-User/1.0; +https://openai.com/bot"
66.249.68.66 - - [15/Aug/2024:13:56:03 -0400] "GET /comic/lookism-chapter-436/ HTTP/1.1" 200 11964 "-" "Mozilla/5.0 (Linux; Android 6.0.1; Nexus 5X Build/MMB29P) AppleWebKit/537.36 (KHTML, like Gecko) Chrome/127.0.6533.99 Mobile Safari/537.36 (compatible; Googlebot/2.1; +http://www.google.com/bot.html)"
2409:40d0:a:fe9e:a80e:9cff:febb:590b - - [15/Aug/2024:13:56:52 -0400] "GET / HTTP/1.1" 200 11624 "https://search.brave.com/" "Mozilla/5.0 (Linux; Android 10; K) AppleWebKit/537.36 (KHTML, like Gecko) Chrome/127.0.0.0 Mobile Safari/537.36"
2409:40d0:a:fe9e:a80e:9cff:febb:590b - - [15/Aug/2024:13:57:09 -0400] "GET /comic/lookism-chapter-514/ HTTP/1.1" 200 10578 "-" "Mozilla/5.0 (Linux; Android 10; K) AppleWebKit/537.36 (KHTML, like Gecko) Chrome/127.0.0.0 Mobile Safari/537.36"
2001:8f8:1425:a224:d0e4:7442:d7ff:6791 - - [15/Aug/2024:13:57:19 -0400] "GET /comic/lookism-chapter-511/ HTTP/1.1" 200 11160 "https://www.bing.com/" "Mozilla/5.0 (Linux; Android 10; PPA-LX2; HMSCore 6.14.0.301) AppleWebKit/537.36 (KHTML, like Gecko) Chrome/99.0.4844.88 HuaweiBrowser/14.0.5.303 Mobile Safari/537.36"
94.44.242.153 - - [15/Aug/2024:13:57:20 -0400] "GET / HTTP/1.1" 200 11596 "-" "Mozilla/5.0 (Linux; Android 12; NAM-LX9 Build/HUAWEINAM-L29; wv) AppleWebKit/537.36 (KHTML, like Gecko) Chrome/99.0.4844.88 Mobile Safari/537.36 HuaweiBrowser/14.0.5.303 HMSCore/6.14.0.302"
2001:8f8:1425:a224:d0e4:7442:d7ff:6791 - - [15/Aug/2024:13:57:21 -0400] "GET /wp-content/uploads/2024/02/MV5BMmI0NjY3NWYtMjEyYi00MjBlLWE4NDktNzNjZWNjMGUyY2U2XkEyXkFqcGdeQXVyMTUzNjM4ODE1._V1_-1024x576.jpg HTTP/1.1" 200 70245 "https://r.lookismmanga.com/comic/lookism-chapter-511/" "Mozilla/5.0 (Linux; Android 10; PPA-LX2; HMSCore 6.14.0.301) AppleWebKit/537.36 (KHTML, like Gecko) Chrome/99.0.4844.88 HuaweiBrowser/14.0.5.303 Mobile Safari/537.36"
2001:8f8:1425:a224:d0e4:7442:d7ff:6791 - - [15/Aug/2024:13:57:21 -0400] "GET /wp-content/plugins/simple-social-buttons/assets/fonts/ssb-icon.ttf?eahqa2 HTTP/1.1" 200 6212 "https://r.lookismmanga.com/wp-content/plugins/simple-social-buttons/assets/css/front.css?ver=5.1.3" "Mozilla/5.0 (Linux; Android 10; PPA-LX2; HMSCore 6.14.0.301) AppleWebKit/537.36 (KHTML, like Gecko) Chrome/99.0.4844.88 HuaweiBrowser/14.0.5.303 Mobile Safari/537.36"
162.0.232.193 - - [15/Aug/2024:13:57:22 -0400] "POST /wp-cron.php?doing_wp_cron=1723744641.8425281047821044921875 HTTP/1.1" 200 0 "-" "WordPress/6.5.5; https://r.lookismmanga.com"
94.44.242.153 - - [15/Aug/2024:13:57:22 -0400] "GET /comic/lookism-chapter-510/ HTTP/1.1" 200 11675 "https://r.lookismmanga.com/" "Mozilla/5.0 (Linux; Android 12; NAM-LX9 Build/HUAWEINAM-L29; wv) AppleWebKit/537.36 (KHTML, like Gecko) Chrome/99.0.4844.88 Mobile Safari/537.36 HuaweiBrowser/14.0.5.303 HMSCore/6.14.0.302"
2001:8f8:1425:a224:d0e4:7442:d7ff:6791 - - [15/Aug/2024:13:57:21 -0400] "POST /wp-admin/admin-ajax.php HTTP/1.1" 200 69 "https://r.lookismmanga.com/comic/lookism-chapter-511/" "Mozilla/5.0 (Linux; Android 10; PPA-LX2; HMSCore 6.14.0.301) AppleWebKit/537.36 (KHTML, like Gecko) Chrome/99.0.4844.88 HuaweiBrowser/14.0.5.303 Mobile Safari/537.36"
2001:8f8:1425:a224:d0e4:7442:d7ff:6791 - - [15/Aug/2024:13:57:23 -0400] "GET /comic/lookism-chapter-510/ HTTP/1.1" 200 11675 "https://r.lookismmanga.com/comic/lookism-chapter-511/" "Mozilla/5.0 (Linux; Android 10; PPA-LX2; HMSCore 6.14.0.301) AppleWebKit/537.36 (KHTML, like Gecko) Chrome/99.0.4844.88 HuaweiBrowser/14.0.5.303 Mobile Safari/537.36"
2001:8f8:1425:a224:d0e4:7442:d7ff:6791 - - [15/Aug/2024:13:57:26 -0400] "GET /tag/read-lookism/ HTTP/1.1" 301 0 "https://r.lookismmanga.com/comic/lookism-chapter-511/" "Mozilla/5.0 (Linux; Android 10; PPA-LX2; HMSCore 6.14.0.301) AppleWebKit/537.36 (KHTML, like Gecko) Chrome/99.0.4844.88 HuaweiBrowser/14.0.5.303 Mobile Safari/537.36"
2001:8f8:1425:a224:d0e4:7442:d7ff:6791 - - [15/Aug/2024:13:57:27 -0400] "GET / HTTP/1.1" 200 11596 "https://r.lookismmanga.com/" "Mozilla/5.0 (Linux; Android 10; PPA-LX2; HMSCore 6.14.0.301) AppleWebKit/537.36 (KHTML, like Gecko) Chrome/99.0.4844.88 HuaweiBrowser/14.0.5.303 Mobile Safari/537.36"
94.44.242.153 - - [15/Aug/2024:13:57:30 -0400] "GET /wp-content/uploads/2024/02/cropped-if-the-anime-continues-and-reaches-the-point-of-current-v0-frhh1uf0zj5a1-192x192.webp HTTP/1.1" 200 4440 "https://r.lookismmanga.com/" "Mozilla/5.0 (Linux; Android 12; NAM-LX9 Build/HUAWEINAM-L29; wv) AppleWebKit/537.36 (KHTML, like Gecko) Chrome/99.0.4844.88 Mobile Safari/537.36 HuaweiBrowser/14.0.5.303 HMSCore/6.14.0.302"
94.44.242.153 - - [15/Aug/2024:13:57:30 -0400] "GET /comic/lookism-chapter-254/ HTTP/1.1" 200 12978 "https://r.lookismmanga.com/" "Mozilla/5.0 (Linux; Android 12; NAM-LX9 Build/HUAWEINAM-L29; wv) AppleWebKit/537.36 (KHTML, like Gecko) Chrome/99.0.4844.88 Mobile Safari/537.36 HuaweiBrowser/14.0.5.303 HMSCore/6.14.0.302"
66.249.68.67 - - [15/Aug/2024:13:57:31 -0400] "POST /wp-admin/admin-ajax.php HTTP/1.1" 200 69 "https://r.lookismmanga.com/comic/lookism-chapter-436/" "Mozilla/5.0 (Linux; Android 6.0.1; Nexus 5X Build/MMB29P) AppleWebKit/537.36 (KHTML, like Gecko) Chrome/126.0.6478.182 Mobile Safari/537.36 (compatible; Googlebot/2.1; +http://www.google.com/bot.html)"
207.204.103.44 - - [15/Aug/2024:13:57:45 -0400] "GET / HTTP/1.1" 200 11603 "https://www.bing.com/" "Mozilla/5.0 (Windows NT 10.0; Win64; x64) AppleWebKit/537.36 (KHTML, like Gecko) Chrome/127.0.0.0 Safari/537.36 Edg/127.0.0.0"
2401:4900:3826:9f8f:1:1:f8f5:3131 - - [15/Aug/2024:13:58:04 -0400] "GET / HTTP/1.1" 200 11596 "https://duckduckgo.com/" "Mozilla/5.0 (Linux; Android 10; K) AppleWebKit/537.36 (KHTML, like Gecko) Chrome/127.0.0.0 Mobile Safari/537.36"
162.0.232.193 - - [15/Aug/2024:13:58:05 -0400] "POST /wp-cron.php?doing_wp_cron=1723744685.1540520191192626953125 HTTP/1.1" 200 0 "-" "WordPress/6.5.5; https://r.lookismmanga.com"
114.119.154.113 - - [15/Aug/2024:13:58:04 -0400] "GET /lookism/lookism-chapter-184/ HTTP/1.1" 301 0 "https://ww12.lookismmanga.com/lookism/lookism-chapter-478-3/" "Mozilla/5.0 (Linux; Android 7.0;) AppleWebKit/537.36 (KHTML, like Gecko) Mobile Safari/537.36 (compatible; PetalBot;+https://webmaster.petalsearch.com/site/petalbot)"
114.119.154.113 - - [15/Aug/2024:13:58:06 -0400] "GET / HTTP/1.1" 200 11624 "https://ww12.lookismmanga.com/lookism/lookism-chapter-478-3/" "Mozilla/5.0 (Linux; Android 7.0;) AppleWebKit/537.36 (KHTML, like Gecko) Mobile Safari/537.36 (compatible; PetalBot;+https://webmaster.petalsearch.com/site/petalbot)"
162.0.232.193 - - [15/Aug/2024:14:00:07 -0400] "POST /wp-cron.php?doing_wp_cron=1723744807.3194720745086669921875 HTTP/1.1" 200 0 "-" "WordPress/6.5.5; https://r.lookismmanga.com"
66.249.68.66 - - [15/Aug/2024:14:00:04 -0400] "GET /lookism/lookism-chapter-176/ HTTP/1.1" 301 0 "-" "Mozilla/5.0 (Linux; Android 6.0.1; Nexus 5X Build/MMB29P) AppleWebKit/537.36 (KHTML, like Gecko) Chrome/127.0.6533.119 Mobile Safari/537.36 (compatible; Googlebot/2.1; +http://www.google.com/bot.html)"
66.249.68.68 - - [15/Aug/2024:14:00:08 -0400] "GET / HTTP/1.1" 200 11596 "-" "Mozilla/5.0 (Linux; Android 6.0.1; Nexus 5X Build/MMB29P) AppleWebKit/537.36 (KHTML, like Gecko) Chrome/127.0.6533.119 Mobile Safari/537.36 (compatible; Googlebot/2.1; +http://www.google.com/bot.html)"
162.0.232.193 - - [15/Aug/2024:14:00:37 -0400] "POST /wp-cron.php?doing_wp_cron=1723744837.1190519332885742187500 HTTP/1.1" 200 0 "-" "WordPress/6.5.5; https://r.lookismmanga.com"
66.249.68.67 - - [15/Aug/2024:14:00:36 -0400] "GET /lookism/lookism-chapter-176/ HTTP/1.1" 301 0 "-" "Googlebot-Image/1.0"
2607:fb91:2c27:a340:dce5:ddfa:8d5e:39be - - [15/Aug/2024:14:00:47 -0400] "GET / HTTP/1.1" 304 0 "https://www.bing.com/" "Mozilla/5.0 (iPhone; CPU iPhone OS 17_5 like Mac OS X) AppleWebKit/605.1.15 (KHTML, like Gecko) EdgiOS/127.0.2651.81 Version/17.0 Mobile/15E148 Safari/604.1"
2607:fb90:3e2b:c250:b05b:93e9:941f:d435 - - [15/Aug/2024:14:01:35 -0400] "GET / HTTP/1.1" 200 11596 "https://duckduckgo.com/" "Mozilla/5.0 (iPhone; CPU iPhone OS 17_5_1 like Mac OS X) AppleWebKit/605.1.15 (KHTML, like Gecko) Version/17.5 Mobile/15E148 DuckDuckGo/7 Safari/605.1.15"
2607:fb90:3e2b:c250:b05b:93e9:941f:d435 - - [15/Aug/2024:14:01:36 -0400] "GET /wp-content/themes/toivo-lite/fonts/genericons/genericons/Genericons.svg HTTP/1.1" 200 23714 "https://r.lookismmanga.com/" "Mozilla/5.0 (iPhone; CPU iPhone OS 17_5_1 like Mac OS X) AppleWebKit/605.1.15 (KHTML, like Gecko) Version/17.5 Mobile/15E148 DuckDuckGo/7 Safari/605.1.15"
2607:fb90:3e2b:c250:b05b:93e9:941f:d435 - - [15/Aug/2024:14:01:36 -0400] "GET /apple-touch-icon-precomposed.png HTTP/1.1" 301 0 "-" "NetworkingExtension/8618.2.12.10.9 CFNetwork/1496.0.7 Darwin/23.5.0"
162.0.232.193 - - [15/Aug/2024:14:01:36 -0400] "POST /wp-cron.php?doing_wp_cron=1723744896.5618579387664794921875 HTTP/1.1" 200 0 "-" "WordPress/6.5.5; https://r.lookismmanga.com"
162.0.232.193 - - [15/Aug/2024:14:01:36 -0400] "POST /wp-cron.php?doing_wp_cron=1723744896.5618939399719238281250 HTTP/1.1" 200 0 "-" "WordPress/6.5.5; https://r.lookismmanga.com"
