162.0.232.193 - - [15/Aug/2024:11:26:59 -0400] "GET /comic/lookism-chapter-501/ HTTP/1.1" 200 11047 "-" "WP Rocket/Preload Mozilla/5.0 (iPhone; CPU iPhone OS 9_1 like Mac OS X) AppleWebKit/601.1.46 (KHTML, like Gecko) Version/9.0 Mobile/13B143 Safari/601.1"
162.0.232.193 - - [15/Aug/2024:11:27:00 -0400] "GET /comic/lookism-chapter-493/ HTTP/1.1" 200 11393 "-" "WP Rocket/Preload"
162.0.232.193 - - [15/Aug/2024:11:27:01 -0400] "GET /comic/lookism-chapter-493/ HTTP/1.1" 200 11405 "-" "WP Rocket/Preload Mozilla/5.0 (iPhone; CPU iPhone OS 9_1 like Mac OS X) AppleWebKit/601.1.46 (KHTML, like Gecko) Version/9.0 Mobile/13B143 Safari/601.1"
162.0.232.193 - - [15/Aug/2024:11:27:02 -0400] "GET /comic/lookism-chapter-478/ HTTP/1.1" 200 11576 "-" "WP Rocket/Preload"
162.0.232.193 - - [15/Aug/2024:11:27:04 -0400] "GET /comic/lookism-chapter-478/ HTTP/1.1" 200 11606 "-" "WP Rocket/Preload Mozilla/5.0 (iPhone; CPU iPhone OS 9_1 like Mac OS X) AppleWebKit/601.1.46 (KHTML, like Gecko) Version/9.0 Mobile/13B143 Safari/601.1"
2a03:2880:ff:2a::face:b00c - - [15/Aug/2024:11:27:03 -0400] "GET / HTTP/1.1" 200 11400 "-" "facebookexternalhit/1.1 (+http://www.facebook.com/externalhit_uatext.php)"
162.0.232.193 - - [15/Aug/2024:11:27:05 -0400] "GET /comic/lookism-chapter-477/ HTTP/1.1" 200 11606 "-" "WP Rocket/Preload"
162.0.232.193 - - [15/Aug/2024:11:27:06 -0400] "GET /comic/lookism-chapter-477/ HTTP/1.1" 200 11609 "-" "WP Rocket/Preload Mozilla/5.0 (iPhone; CPU iPhone OS 9_1 like Mac OS X) AppleWebKit/601.1.46 (KHTML, like Gecko) Version/9.0 Mobile/13B143 Safari/601.1"
162.0.232.193 - - [15/Aug/2024:11:27:07 -0400] "GET /comic/lookism-chapter-160/ HTTP/1.1" 200 12463 "-" "WP Rocket/Preload"
162.0.232.193 - - [15/Aug/2024:11:27:09 -0400] "GET /comic/lookism-chapter-160/ HTTP/1.1" 200 12465 "-" "WP Rocket/Preload Mozilla/5.0 (iPhone; CPU iPhone OS 9_1 like Mac OS X) AppleWebKit/601.1.46 (KHTML, like Gecko) Version/9.0 Mobile/13B143 Safari/601.1"
162.0.232.193 - - [15/Aug/2024:11:27:10 -0400] "GET /comic/lookism-chapter-421/ HTTP/1.1" 200 11423 "-" "WP Rocket/Preload"
162.0.232.193 - - [15/Aug/2024:11:27:11 -0400] "GET /comic/lookism-chapter-421/ HTTP/1.1" 200 0 "-" "WP Rocket/Preload Mozilla/5.0 (iPhone; CPU iPhone OS 9_1 like Mac OS X) AppleWebKit/601.1.46 (KHTML, like Gecko) Version/9.0 Mobile/13B143 Safari/601.1"
162.0.232.193 - - [15/Aug/2024:11:27:13 -0400] "GET /comic/lookism-chapter-423/ HTTP/1.1" 200 11507 "-" "WP Rocket/Preload"
162.0.232.193 - - [15/Aug/2024:11:27:14 -0400] "GET /comic/lookism-chapter-423/ HTTP/1.1" 200 11351 "-" "WP Rocket/Preload Mozilla/5.0 (iPhone; CPU iPhone OS 9_1 like Mac OS X) AppleWebKit/601.1.46 (KHTML, like Gecko) Version/9.0 Mobile/13B143 Safari/601.1"
162.0.232.193 - - [15/Aug/2024:11:27:16 -0400] "GET /comic/lookism-chapter-444/ HTTP/1.1" 200 0 "-" "WP Rocket/Preload"
162.0.232.193 - - [15/Aug/2024:11:27:18 -0400] "GET /comic/lookism-chapter-444/ HTTP/1.1" 200 11405 "-" "WP Rocket/Preload Mozilla/5.0 (iPhone; CPU iPhone OS 9_1 like Mac OS X) AppleWebKit/601.1.46 (KHTML, like Gecko) Version/9.0 Mobile/13B143 Safari/601.1"
66.249.68.65 - - [15/Aug/2024:11:27:33 -0400] "GET /comic/lookism-chapter-64/ HTTP/1.1" 200 11637 "-" "Mozilla/5.0 (Linux; Android 6.0.1; Nexus 5X Build/MMB29P) AppleWebKit/537.36 (KHTML, like Gecko) Chrome/127.0.6533.99 Mobile Safari/537.36 (compatible; Googlebot/2.1; +http://www.google.com/bot.html)"
162.0.232.193 - - [15/Aug/2024:11:27:37 -0400] "POST /wp-cron.php?doing_wp_cron=1723735656.6961019039154052734375 HTTP/1.1" 200 0 "-" "WordPress/6.5.5; https://r.lookismmanga.com"
66.249.68.65 - - [15/Aug/2024:11:27:37 -0400] "POST /wp-admin/admin-ajax.php HTTP/1.1" 200 69 "https://r.lookismmanga.com/comic/lookism-chapter-64/" "Mozilla/5.0 (Linux; Android 6.0.1; Nexus 5X Build/MMB29P) AppleWebKit/537.36 (KHTML, like Gecko) Chrome/126.0.6478.182 Mobile Safari/537.36 (compatible; Googlebot/2.1; +http://www.google.com/bot.html)"
162.0.232.193 - - [15/Aug/2024:11:27:37 -0400] "GET /comic/lookism-chapter-430/ HTTP/1.1" 200 11404 "-" "WP Rocket/Preload"
66.249.68.65 - - [15/Aug/2024:11:27:38 -0400] "GET /comic/lookism-chapter-71/ HTTP/1.1" 200 11759 "-" "Mozilla/5.0 (Linux; Android 6.0.1; Nexus 5X Build/MMB29P) AppleWebKit/537.36 (KHTML, like Gecko) Chrome/127.0.6533.99 Mobile Safari/537.36 (compatible; Googlebot/2.1; +http://www.google.com/bot.html)"
2a06:98c0:3600::103 - - [15/Aug/2024:11:27:38 -0400] "GET /favicon.ico HTTP/1.1" 302 0 "https://www.ecosia.org/" "Mozilla/5.0 (Windows NT 10.0; Win64; x64) AppleWebKit/537.36 (KHTML, like Gecko) Chrome/127.0.0.0 Safari/537.36"
162.0.232.193 - - [15/Aug/2024:11:27:39 -0400] "GET /comic/lookism-chapter-430/ HTTP/1.1" 200 11407 "-" "WP Rocket/Preload Mozilla/5.0 (iPhone; CPU iPhone OS 9_1 like Mac OS X) AppleWebKit/601.1.46 (KHTML, like Gecko) Version/9.0 Mobile/13B143 Safari/601.1"
2a06:98c0:3600::103 - - [15/Aug/2024:11:27:39 -0400] "GET /wp-content/uploads/2024/02/cropped-if-the-anime-continues-and-reaches-the-point-of-current-v0-frhh1uf0zj5a1-32x32.webp HTTP/1.1" 200 438 "https://www.ecosia.org/" "Mozilla/5.0 (Windows NT 10.0; Win64; x64) AppleWebKit/537.36 (KHTML, like Gecko) Chrome/127.0.0.0 Safari/537.36"
162.0.232.193 - - [15/Aug/2024:11:27:40 -0400] "GET /comic/lookism-chapter-440/ HTTP/1.1" 200 11552 "-" "WP Rocket/Preload"
162.0.232.193 - - [15/Aug/2024:11:27:41 -0400] "GET /comic/lookism-chapter-440/ HTTP/1.1" 200 0 "-" "WP Rocket/Preload Mozilla/5.0 (iPhone; CPU iPhone OS 9_1 like Mac OS X) AppleWebKit/601.1.46 (KHTML, like Gecko) Version/9.0 Mobile/13B143 Safari/601.1"
162.0.232.193 - - [15/Aug/2024:11:27:43 -0400] "GET /comic/lookism-chapter-437/ HTTP/1.1" 200 11679 "-" "WP Rocket/Preload"
162.0.232.193 - - [15/Aug/2024:11:27:44 -0400] "GET /comic/lookism-chapter-437/ HTTP/1.1" 200 11508 "-" "WP Rocket/Preload Mozilla/5.0 (iPhone; CPU iPhone OS 9_1 like Mac OS X) AppleWebKit/601.1.46 (KHTML, like Gecko) Version/9.0 Mobile/13B143 Safari/601.1"
162.0.232.193 - - [15/Aug/2024:11:27:45 -0400] "GET /comic/lookism-chapter-456/ HTTP/1.1" 200 11541 "-" "WP Rocket/Preload"
162.0.232.193 - - [15/Aug/2024:11:27:47 -0400] "GET /comic/lookism-chapter-456/ HTTP/1.1" 200 11543 "-" "WP Rocket/Preload Mozilla/5.0 (iPhone; CPU iPhone OS 9_1 like Mac OS X) AppleWebKit/601.1.46 (KHTML, like Gecko) Version/9.0 Mobile/13B143 Safari/601.1"
162.0.232.193 - - [15/Aug/2024:11:27:48 -0400] "GET /comic/lookism-chapter-458/ HTTP/1.1" 200 11572 "-" "WP Rocket/Preload"
162.0.232.193 - - [15/Aug/2024:11:27:49 -0400] "GET /comic/lookism-chapter-458/ HTTP/1.1" 200 11575 "-" "WP Rocket/Preload Mozilla/5.0 (iPhone; CPU iPhone OS 9_1 like Mac OS X) AppleWebKit/601.1.46 (KHTML, like Gecko) Version/9.0 Mobile/13B143 Safari/601.1"
162.0.232.193 - - [15/Aug/2024:11:27:50 -0400] "GET /comic/lookism-chapter-235/ HTTP/1.1" 200 12832 "-" "WP Rocket/Preload"
162.0.232.193 - - [15/Aug/2024:11:27:51 -0400] "GET /comic/lookism-chapter-235/ HTTP/1.1" 200 12449 "-" "WP Rocket/Preload Mozilla/5.0 (iPhone; CPU iPhone OS 9_1 like Mac OS X) AppleWebKit/601.1.46 (KHTML, like Gecko) Version/9.0 Mobile/13B143 Safari/601.1"
66.249.68.65 - - [15/Aug/2024:11:28:14 -0400] "GET / HTTP/1.1" 200 11603 "-" "Mozilla/5.0 (compatible; Googlebot/2.1; +http://www.google.com/bot.html)"
103.212.146.1 - - [15/Aug/2024:11:28:29 -0400] "GET / HTTP/1.1" 200 11603 "https://www.bing.com/" "Mozilla/5.0 (Windows NT 10.0; Win64; x64) AppleWebKit/537.36 (KHTML, like Gecko) Chrome/127.0.0.0 Safari/537.36 Edg/127.0.0.0"
103.212.146.1 - - [15/Aug/2024:11:28:35 -0400] "GET /comic/lookism-chapter-492/ HTTP/1.1" 200 11609 "https://r.lookismmanga.com/" "Mozilla/5.0 (Windows NT 10.0; Win64; x64) AppleWebKit/537.36 (KHTML, like Gecko) Chrome/127.0.0.0 Safari/537.36 Edg/127.0.0.0"
162.0.232.193 - - [15/Aug/2024:11:29:05 -0400] "POST /wp-cron.php?doing_wp_cron=1723735744.4550518989562988281250 HTTP/1.1" 200 0 "-" "WordPress/6.5.5; https://r.lookismmanga.com"
47.128.42.217 - - [15/Aug/2024:11:29:07 -0400] "GET /comic/lookism-chapter-425/ HTTP/1.1" 200 11603 "-" "Mozilla/5.0 (Linux; Android 5.0) AppleWebKit/537.36 (KHTML, like Gecko) Mobile Safari/537.36 (compatible; Bytespider; [email protected])"
162.0.232.193 - - [15/Aug/2024:11:29:22 -0400] "POST /wp-cron.php?doing_wp_cron=1723735761.7465589046478271484375 HTTP/1.1" 200 0 "-" "WordPress/6.5.5; https://r.lookismmanga.com"
40.77.167.13 - - [15/Aug/2024:11:29:21 -0400] "GET /lookism/ HTTP/1.1" 301 0 "-" "Mozilla/5.0 AppleWebKit/537.36 (KHTML, like Gecko; compatible; bingbot/2.0; +http://www.bing.com/bingbot.htm) Chrome/116.0.1938.76 Safari/537.36"
52.167.144.166 - - [15/Aug/2024:11:29:25 -0400] "GET / HTTP/1.1" 200 11603 "-" "Mozilla/5.0 AppleWebKit/537.36 (KHTML, like Gecko; compatible; bingbot/2.0; +http://www.bing.com/bingbot.htm) Chrome/116.0.1938.76 Safari/537.36"
40.77.167.13 - - [15/Aug/2024:11:29:40 -0400] "GET / HTTP/1.1" 200 11603 "-" "Mozilla/5.0 AppleWebKit/537.36 (KHTML, like Gecko; compatible; bingbot/2.0; +http://www.bing.com/bingbot.htm) Chrome/116.0.1938.76 Safari/537.36"
2804:29b8:502d:16d4:112:4e17:dcfe:4117 - - [15/Aug/2024:11:29:53 -0400] "GET / HTTP/1.1" 200 11596 "https://www.bing.com/" "Mozilla/5.0 (Linux; Android 10; K) AppleWebKit/537.36 (KHTML, like Gecko) Chrome/127.0.0.0 Mobile Safari/537.36"
2001:b07:646b:7921:6173:416:ad4e:d2f3 - - [15/Aug/2024:11:30:39 -0400] "GET / HTTP/1.1" 200 11603 "https://www.bing.com/" "Mozilla/5.0 (Windows NT 10.0; Win64; x64) AppleWebKit/537.36 (KHTML, like Gecko) Chrome/127.0.0.0 Safari/537.36 Edg/127.0.0.0"
2001:b07:646b:7921:6173:416:ad4e:d2f3 - - [15/Aug/2024:11:30:43 -0400] "GET /comic/lookism-chapter-514/ HTTP/1.1" 200 10596 "https://r.lookismmanga.com/" "Mozilla/5.0 (Windows NT 10.0; Win64; x64) AppleWebKit/537.36 (KHTML, like Gecko) Chrome/127.0.0.0 Safari/537.36 Edg/127.0.0.0"
185.190.74.174 - - [15/Aug/2024:11:30:57 -0400] "GET /comic/lookism-chapter-514/ HTTP/1.1" 200 10640 "-" "Mozilla/5.0 (Linux; Android 10; K) AppleWebKit/537.36 (KHTML, like Gecko) Chrome/127.0.0.0 Mobile Safari/537.36"
185.190.74.174 - - [15/Aug/2024:11:30:58 -0400] "GET /wp-content/plugins/wp-automatic/js/main-front.js?ver=6.5.5 HTTP/1.1" 200 316 "https://r.lookismmanga.com/comic/lookism-chapter-514/" "Mozilla/5.0 (Linux; Android 10; K) AppleWebKit/537.36 (KHTML, like Gecko) Chrome/127.0.0.0 Mobile Safari/537.36"
161.200.190.25 - - [15/Aug/2024:11:30:59 -0400] "GET / HTTP/1.1" 200 11603 "https://www.bing.com/" "Mozilla/5.0 (Windows NT 10.0; Win64; x64) AppleWebKit/537.36 (KHTML, like Gecko) Chrome/127.0.0.0 Safari/537.36 Edg/127.0.0.0"
161.200.190.25 - - [15/Aug/2024:11:31:01 -0400] "GET /lookism-chapter-511/ HTTP/1.1" 200 11530 "https://r.lookismmanga.com/" "Mozilla/5.0 (Windows NT 10.0; Win64; x64) AppleWebKit/537.36 (KHTML, like Gecko) Chrome/127.0.0.0 Safari/537.36 Edg/127.0.0.0"
162.0.232.193 - - [15/Aug/2024:11:31:01 -0400] "POST /wp-cron.php?doing_wp_cron=1723735861.4614100456237792968750 HTTP/1.1" 200 0 "-" "WordPress/6.5.5; https://r.lookismmanga.com"
185.190.74.174 - - [15/Aug/2024:11:31:01 -0400] "GET /apple-touch-icon.png HTTP/1.1" 301 0 "-" "DuckDuckGo/5 (com.duckduckgo.mobile.android; Android API 34)"
185.190.74.174 - - [15/Aug/2024:11:31:02 -0400] "GET / HTTP/1.1" 200 11596 "-" "DuckDuckGo/5 (com.duckduckgo.mobile.android; Android API 34)"
161.200.190.25 - - [15/Aug/2024:11:31:02 -0400] "GET /comic/lookism-chapter-511/ HTTP/1.1" 200 11103 "https://r.lookismmanga.com/" "Mozilla/5.0 (Windows NT 10.0; Win64; x64) AppleWebKit/537.36 (KHTML, like Gecko) Chrome/127.0.0.0 Safari/537.36 Edg/127.0.0.0"
185.190.74.174 - - [15/Aug/2024:11:31:03 -0400] "GET /favicon.ico HTTP/1.1" 302 0 "-" "DuckDuckGo/5 (com.duckduckgo.mobile.android; Android API 34)"
185.190.74.174 - - [15/Aug/2024:11:31:05 -0400] "GET /comic/lookism-chapter-514/ HTTP/1.1" 304 0 "-" "Mozilla/5.0 (Linux; Android 10; K) AppleWebKit/537.36 (KHTML, like Gecko) Chrome/127.0.0.0 Mobile Safari/537.36"
185.190.74.174 - - [15/Aug/2024:11:31:06 -0400] "GET /apple-touch-icon.png HTTP/1.1" 301 0 "-" "DuckDuckGo/5 (com.duckduckgo.mobile.android; Android API 34)"
185.190.74.174 - - [15/Aug/2024:11:31:06 -0400] "GET / HTTP/1.1" 200 11596 "-" "DuckDuckGo/5 (com.duckduckgo.mobile.android; Android API 34)"
185.190.74.174 - - [15/Aug/2024:11:31:06 -0400] "GET /favicon.ico HTTP/1.1" 302 0 "-" "DuckDuckGo/5 (com.duckduckgo.mobile.android; Android API 34)"
185.190.74.174 - - [15/Aug/2024:11:31:13 -0400] "GET / HTTP/1.1" 200 11596 "https://r.lookismmanga.com/comic/lookism-chapter-514/" "Mozilla/5.0 (Linux; Android 10; K) AppleWebKit/537.36 (KHTML, like Gecko) Chrome/127.0.0.0 Mobile Safari/537.36"
185.190.74.174 - - [15/Aug/2024:11:31:15 -0400] "GET /apple-touch-icon.png HTTP/1.1" 301 0 "-" "DuckDuckGo/5 (com.duckduckgo.mobile.android; Android API 34)"
185.190.74.174 - - [15/Aug/2024:11:31:16 -0400] "GET / HTTP/1.1" 200 11624 "-" "DuckDuckGo/5 (com.duckduckgo.mobile.android; Android API 34)"
185.190.74.174 - - [15/Aug/2024:11:31:16 -0400] "GET /favicon.ico HTTP/1.1" 302 0 "-" "DuckDuckGo/5 (com.duckduckgo.mobile.android; Android API 34)"
185.190.74.174 - - [15/Aug/2024:11:31:17 -0400] "GET /comic/lookism-chapter-509/ HTTP/1.1" 200 11664 "https://r.lookismmanga.com/" "Mozilla/5.0 (Linux; Android 10; K) AppleWebKit/537.36 (KHTML, like Gecko) Chrome/127.0.0.0 Mobile Safari/537.36"
185.190.74.174 - - [15/Aug/2024:11:31:18 -0400] "GET /comic/lookism-chapter-512/ HTTP/1.1" 200 10995 "https://r.lookismmanga.com/" "Mozilla/5.0 (Linux; Android 10; K) AppleWebKit/537.36 (KHTML, like Gecko) Chrome/127.0.0.0 Mobile Safari/537.36"
185.190.74.174 - - [15/Aug/2024:11:31:20 -0400] "GET / HTTP/1.1" 304 0 "-" "Mozilla/5.0 (Linux; Android 10; K) AppleWebKit/537.36 (KHTML, like Gecko) Chrome/127.0.0.0 Mobile Safari/537.36"
162.0.232.193 - - [15/Aug/2024:11:31:22 -0400] "POST /wp-cron.php?doing_wp_cron=1723735882.3067679405212402343750 HTTP/1.1" 200 0 "-" "WordPress/6.5.5; https://r.lookismmanga.com"
185.190.74.174 - - [15/Aug/2024:11:31:22 -0400] "GET /apple-touch-icon.png HTTP/1.1" 301 0 "-" "DuckDuckGo/5 (com.duckduckgo.mobile.android; Android API 34)"
185.190.74.174 - - [15/Aug/2024:11:31:22 -0400] "GET / HTTP/1.1" 304 0 "https://r.lookismmanga.com/" "Mozilla/5.0 (Linux; Android 10; K) AppleWebKit/537.36 (KHTML, like Gecko) Chrome/127.0.0.0 Mobile Safari/537.36"
185.190.74.174 - - [15/Aug/2024:11:31:22 -0400] "GET / HTTP/1.1" 200 11596 "-" "DuckDuckGo/5 (com.duckduckgo.mobile.android; Android API 34)"
185.190.74.174 - - [15/Aug/2024:11:31:23 -0400] "GET /favicon.ico HTTP/1.1" 302 0 "-" "DuckDuckGo/5 (com.duckduckgo.mobile.android; Android API 34)"
162.0.232.193 - - [15/Aug/2024:11:31:42 -0400] "POST /wp-cron.php?doing_wp_cron=1723735902.6323978900909423828125 HTTP/1.1" 200 0 "-" "WordPress/6.5.5; https://r.lookismmanga.com"
114.119.131.210 - - [15/Aug/2024:11:31:42 -0400] "GET /lookism/lookism-chapter-362-1/ HTTP/1.1" 301 0 "https://ww12.lookismmanga.com/lookism/lookism-chapter-478-3/" "Mozilla/5.0 (Linux; Android 7.0;) AppleWebKit/537.36 (KHTML, like Gecko) Mobile Safari/537.36 (compatible; PetalBot;+https://webmaster.petalsearch.com/site/petalbot)"
114.119.131.210 - - [15/Aug/2024:11:31:43 -0400] "GET / HTTP/1.1" 200 11596 "https://ww12.lookismmanga.com/lookism/lookism-chapter-478-3/" "Mozilla/5.0 (Linux; Android 7.0;) AppleWebKit/537.36 (KHTML, like Gecko) Mobile Safari/537.36 (compatible; PetalBot;+https://webmaster.petalsearch.com/site/petalbot)"
168.235.203.225 - - [15/Aug/2024:11:32:05 -0400] "GET / HTTP/1.1" 200 11596 "https://duckduckgo.com/" "Mozilla/5.0 (Linux; U; Android 13; en-US; 2201116SG Build/TKQ1.221114.001) AppleWebKit/537.36 (KHTML, like Gecko) Version/4.0 Chrome/100.0.4896.58 UCBrowser/13.7.8.1322 Mobile Safari/537.36"
66.249.68.65 - - [15/Aug/2024:11:32:19 -0400] "GET /comic/lookism-chapter-219/ HTTP/1.1" 200 13155 "-" "Mozilla/5.0 (Linux; Android 6.0.1; Nexus 5X Build/MMB29P) AppleWebKit/537.36 (KHTML, like Gecko) Chrome/127.0.6533.99 Mobile Safari/537.36 (compatible; Googlebot/2.1; +http://www.google.com/bot.html)"
162.0.232.193 - - [15/Aug/2024:11:32:23 -0400] "POST /wp-cron.php?doing_wp_cron=1723735943.5813019275665283203125 HTTP/1.1" 200 0 "-" "WordPress/6.5.5; https://r.lookismmanga.com"
66.249.68.65 - - [15/Aug/2024:11:32:23 -0400] "POST /wp-admin/admin-ajax.php HTTP/1.1" 200 69 "https://r.lookismmanga.com/comic/lookism-chapter-219/" "Mozilla/5.0 (Linux; Android 6.0.1; Nexus 5X Build/MMB29P) AppleWebKit/537.36 (KHTML, like Gecko) Chrome/126.0.6478.182 Mobile Safari/537.36 (compatible; Googlebot/2.1; +http://www.google.com/bot.html)"
2401:4900:4dec:1ba1:990b:6958:cd4c:1446 - - [15/Aug/2024:11:32:42 -0400] "GET / HTTP/1.1" 200 11603 "https://www.bing.com/" "Mozilla/5.0 (Windows NT 10.0; Win64; x64) AppleWebKit/537.36 (KHTML, like Gecko) Chrome/127.0.0.0 Safari/537.36 Edg/127.0.0.0"
2401:4900:4dec:1ba1:990b:6958:cd4c:1446 - - [15/Aug/2024:11:32:45 -0400] "GET /category/lookism-webtoon/ HTTP/1.1" 200 10360 "https://r.lookismmanga.com/" "Mozilla/5.0 (Windows NT 10.0; Win64; x64) AppleWebKit/537.36 (KHTML, like Gecko) Chrome/127.0.0.0 Safari/537.36 Edg/127.0.0.0"
2409:4055:4e89:e436:c11f:bae5:b5bf:6bec - - [15/Aug/2024:11:33:19 -0400] "GET / HTTP/1.1" 200 11596 "https://duckduckgo.com/" "Mozilla/5.0 (Linux; Android 7.0; Redmi Note 4) AppleWebKit/537.36 (KHTML, like Gecko) Chrome/111.0.0.0 Mobile Safari/537.36 ABB/3.4.5"
37.19.201.237 - - [15/Aug/2024:11:33:22 -0400] "GET / HTTP/1.1" 200 11596 "https://duckduckgo.com/" "Mozilla/5.0 (Linux; Android 10; K) AppleWebKit/537.36 (KHTML, like Gecko) Chrome/127.0.0.0 Mobile Safari/537.36"
37.19.201.237 - - [15/Aug/2024:11:33:29 -0400] "GET /lookism-chapter-511/ HTTP/1.1" 200 11953 "https://r.lookismmanga.com/" "Mozilla/5.0 (Linux; Android 10; K) AppleWebKit/537.36 (KHTML, like Gecko) Chrome/127.0.0.0 Mobile Safari/537.36"
88.241.77.224 - - [15/Aug/2024:11:33:36 -0400] "GET / HTTP/1.1" 304 0 "https://www.bing.com/" "Mozilla/5.0 (Windows NT 10.0; Win64; x64) AppleWebKit/537.36 (KHTML, like Gecko) Chrome/127.0.0.0 Safari/537.36 Edg/127.0.0.0"
2600:1700:16a1:5890:c892:2840:f982:719 - - [15/Aug/2024:11:33:44 -0400] "GET / HTTP/1.1" 200 11603 "https://www.bing.com/" "Mozilla/5.0 (Windows NT 10.0; Win64; x64) AppleWebKit/537.36 (KHTML, like Gecko) Chrome/126.0.0.0 Safari/537.36 Edg/126.0.0.0"
2600:1700:16a1:5890:c892:2840:f982:719 - - [15/Aug/2024:11:33:44 -0400] "GET /wp-content/uploads/2024/02/lookismkmanhwabookvolume5dkshop-753x1024.webp HTTP/1.1" 200 76864 "https://r.lookismmanga.com/" "Mozilla/5.0 (Windows NT 10.0; Win64; x64) AppleWebKit/537.36 (KHTML, like Gecko) Chrome/126.0.0.0 Safari/537.36 Edg/126.0.0.0"
2409:4055:4e89:e436:c11f:bae5:b5bf:6bec - - [15/Aug/2024:11:33:49 -0400] "GET /comic/lookism-chapter-514/ HTTP/1.1" 200 10640 "https://r.lookismmanga.com/" "Mozilla/5.0 (Linux; Android 7.0; Redmi Note 4) AppleWebKit/537.36 (KHTML, like Gecko) Chrome/111.0.0.0 Mobile Safari/537.36 ABB/3.4.5"
117.254.17.15 - - [15/Aug/2024:11:34:17 -0400] "GET / HTTP/1.1" 200 11603 "https://www.bing.com/" "Mozilla/5.0 (Windows NT 10.0; Win64; x64) AppleWebKit/537.36 (KHTML, like Gecko) Chrome/127.0.0.0 Safari/537.36 Edg/127.0.0.0"
117.254.17.15 - - [15/Aug/2024:11:34:18 -0400] "GET /wp-content/uploads/2024/02/lookismkmanhwabookvolume17dkshop-706x1024.jpg HTTP/1.1" 200 101529 "https://r.lookismmanga.com/" "Mozilla/5.0 (Windows NT 10.0; Win64; x64) AppleWebKit/537.36 (KHTML, like Gecko) Chrome/127.0.0.0 Safari/537.36 Edg/127.0.0.0"
117.254.17.15 - - [15/Aug/2024:11:34:19 -0400] "GET /wp-content/uploads/2024/02/lookismkmanhwabookvolume5dkshop-753x1024.webp HTTP/1.1" 200 76864 "https://r.lookismmanga.com/" "Mozilla/5.0 (Windows NT 10.0; Win64; x64) AppleWebKit/537.36 (KHTML, like Gecko) Chrome/127.0.0.0 Safari/537.36 Edg/127.0.0.0"
117.254.17.15 - - [15/Aug/2024:11:34:25 -0400] "GET /comic/lookism-chapter-514/ HTTP/1.1" 200 10596 "https://r.lookismmanga.com/" "Mozilla/5.0 (Windows NT 10.0; Win64; x64) AppleWebKit/537.36 (KHTML, like Gecko) Chrome/127.0.0.0 Safari/537.36 Edg/127.0.0.0"
216.237.209.62 - - [15/Aug/2024:11:34:31 -0400] "GET / HTTP/1.1" 200 11603 "https://www.bing.com/" "Mozilla/5.0 (Windows NT 10.0; Win64; x64) AppleWebKit/537.36 (KHTML, like Gecko) Chrome/127.0.0.0 Safari/537.36 Edg/127.0.0.0"
216.237.209.62 - - [15/Aug/2024:11:34:35 -0400] "GET /comic/lookism-chapter-510/ HTTP/1.1" 200 11497 "https://r.lookismmanga.com/" "Mozilla/5.0 (Windows NT 10.0; Win64; x64) AppleWebKit/537.36 (KHTML, like Gecko) Chrome/127.0.0.0 Safari/537.36 Edg/127.0.0.0"
216.237.209.62 - - [15/Aug/2024:11:34:36 -0400] "GET /lookism-chapter-511/ HTTP/1.1" 200 11530 "https://r.lookismmanga.com/" "Mozilla/5.0 (Windows NT 10.0; Win64; x64) AppleWebKit/537.36 (KHTML, like Gecko) Chrome/127.0.0.0 Safari/537.36 Edg/127.0.0.0"
216.237.209.62 - - [15/Aug/2024:11:34:36 -0400] "GET /wp-content/uploads/2024/02/MV5BMmI0NjY3NWYtMjEyYi00MjBlLWE4NDktNzNjZWNjMGUyY2U2XkEyXkFqcGdeQXVyMTUzNjM4ODE1._V1_-1024x576.jpg HTTP/1.1" 200 70245 "https://r.lookismmanga.com/lookism-chapter-511/" "Mozilla/5.0 (Windows NT 10.0; Win64; x64) AppleWebKit/537.36 (KHTML, like Gecko) Chrome/127.0.0.0 Safari/537.36 Edg/127.0.0.0"
216.237.209.62 - - [15/Aug/2024:11:34:36 -0400] "GET /lookism-chapter-511/ HTTP/1.1" 304 0 "https://r.lookismmanga.com/lookism-chapter-511/" "Mozilla/5.0 (Windows NT 10.0; Win64; x64) AppleWebKit/537.36 (KHTML, like Gecko) Chrome/127.0.0.0 Safari/537.36 Edg/127.0.0.0"
2405:4803:e784:9500:11f7:3273:5db7:3fa9 - - [15/Aug/2024:11:34:36 -0400] "GET / HTTP/1.1" 200 11603 "https://vn.search.yahoo.com/" "Mozilla/5.0 (Windows NT 10.0; Win64; x64) AppleWebKit/537.36 (KHTML, like Gecko) Chrome/127.0.0.0 Safari/537.36"
2405:4803:e784:9500:11f7:3273:5db7:3fa9 - - [15/Aug/2024:11:34:41 -0400] "GET /comic/lookism-chapter-514/ HTTP/1.1" 200 10596 "https://r.lookismmanga.com/" "Mozilla/5.0 (Windows NT 10.0; Win64; x64) AppleWebKit/537.36 (KHTML, like Gecko) Chrome/127.0.0.0 Safari/537.36"
157.45.66.253 - - [15/Aug/2024:11:35:28 -0400] "GET / HTTP/1.1" 200 11596 "https://www.bing.com/" "Mozilla/5.0 (Linux; Android 10; K) AppleWebKit/537.36 (KHTML, like Gecko) Chrome/127.0.0.0 Mobile Safari/537.36"
157.45.66.253 - - [15/Aug/2024:11:35:50 -0400] "GET / HTTP/1.1" 200 11596 "https://www.bing.com/" "Mozilla/5.0 (Linux; Android 10; K) AppleWebKit/537.36 (KHTML, like Gecko) Chrome/127.0.0.0 Mobile Safari/537.36"
157.45.66.253 - - [15/Aug/2024:11:36:00 -0400] "GET /comic/lookism-chapter-514/ HTTP/1.1" 200 10578 "-" "Mozilla/5.0 (Linux; Android 10; K) AppleWebKit/537.36 (KHTML, like Gecko) Chrome/127.0.0.0 Mobile Safari/537.36"
157.45.66.253 - - [15/Aug/2024:11:36:00 -0400] "GET /wp-content/uploads/2024/02/cropped-if-the-anime-continues-and-reaches-the-point-of-current-v0-frhh1uf0zj5a1-180x180.webp HTTP/1.1" 200 4302 "https://r.lookismmanga.com/" "Mozilla/5.0 (Linux; Android 10; K) AppleWebKit/537.36 (KHTML, like Gecko) Chrome/127.0.0.0 Mobile Safari/537.36"
117.245.243.197 - - [15/Aug/2024:11:36:24 -0400] "GET / HTTP/1.1" 200 0 "https://www.bing.com/" "Mozilla/5.0 (Windows NT 10.0; Win64; x64) AppleWebKit/537.36 (KHTML, like Gecko) Chrome/128.0.0.0 Safari/537.36 Edg/128.0.0.0"
102.68.122.234 - - [15/Aug/2024:11:36:26 -0400] "GET / HTTP/1.1" 200 11596 "https://www.bing.com/" "Mozilla/5.0 (Linux; Android 10; JNY-LX1; HMSCore 6.14.0.302) AppleWebKit/537.36 (KHTML, like Gecko) Chrome/99.0.4844.88 HuaweiBrowser/14.0.5.303 Mobile Safari/537.36"
102.68.122.234 - - [15/Aug/2024:11:36:32 -0400] "GET /comic/lookism-chapter-509/ HTTP/1.1" 200 11627 "https://r.lookismmanga.com/" "Mozilla/5.0 (Linux; Android 10; JNY-LX1; HMSCore 6.14.0.302) AppleWebKit/537.36 (KHTML, like Gecko) Chrome/99.0.4844.88 HuaweiBrowser/14.0.5.303 Mobile Safari/537.36"
165.155.164.48 - - [15/Aug/2024:11:36:38 -0400] "GET / HTTP/1.1" 200 11603 "https://www.bing.com/" "Mozilla/5.0 (Windows NT 10.0; Win64; x64) AppleWebKit/537.36 (KHTML, like Gecko) Chrome/127.0.0.0 Safari/537.36 Edg/127.0.0.0"
165.155.164.48 - - [15/Aug/2024:11:36:39 -0400] "GET / HTTP/1.1" 304 0 "https://r.lookismmanga.com/" "Mozilla/5.0 (Windows NT 10.0; Win64; x64) AppleWebKit/537.36 (KHTML, like Gecko) Chrome/127.0.0.0 Safari/537.36 Edg/127.0.0.0"
165.155.164.48 - - [15/Aug/2024:11:36:39 -0400] "GET /comic/lookism-chapter-510/ HTTP/1.1" 200 11497 "https://r.lookismmanga.com/" "Mozilla/5.0 (Windows NT 10.0; Win64; x64) AppleWebKit/537.36 (KHTML, like Gecko) Chrome/127.0.0.0 Safari/537.36 Edg/127.0.0.0"
165.155.164.48 - - [15/Aug/2024:11:36:41 -0400] "GET /lookism-chapter-511/ HTTP/1.1" 200 11536 "https://r.lookismmanga.com/" "Mozilla/5.0 (Windows NT 10.0; Win64; x64) AppleWebKit/537.36 (KHTML, like Gecko) Chrome/127.0.0.0 Safari/537.36 Edg/127.0.0.0"
165.155.164.48 - - [15/Aug/2024:11:36:42 -0400] "GET /category/lookism-webtoon/ HTTP/1.1" 200 10360 "https://r.lookismmanga.com/" "Mozilla/5.0 (Windows NT 10.0; Win64; x64) AppleWebKit/537.36 (KHTML, like Gecko) Chrome/127.0.0.0 Safari/537.36 Edg/127.0.0.0"
165.155.164.48 - - [15/Aug/2024:11:36:42 -0400] "GET /category/lookism-manhwa/ HTTP/1.1" 200 10344 "https://r.lookismmanga.com/" "Mozilla/5.0 (Windows NT 10.0; Win64; x64) AppleWebKit/537.36 (KHTML, like Gecko) Chrome/127.0.0.0 Safari/537.36 Edg/127.0.0.0"
162.0.232.193 - - [15/Aug/2024:11:36:43 -0400] "POST /wp-cron.php?doing_wp_cron=1723736203.5837700366973876953125 HTTP/1.1" 200 0 "-" "WordPress/6.5.5; https://r.lookismmanga.com"
114.119.151.0 - - [15/Aug/2024:11:36:43 -0400] "GET /lookism/lookism-chapter-335/ HTTP/1.1" 301 0 "https://ww12.lookismmanga.com/lookism/lookism-chapter-478-3/" "Mozilla/5.0 (Linux; Android 7.0;) AppleWebKit/537.36 (KHTML, like Gecko) Mobile Safari/537.36 (compatible; PetalBot;+https://webmaster.petalsearch.com/site/petalbot)"
114.119.151.0 - - [15/Aug/2024:11:36:45 -0400] "GET / HTTP/1.1" 200 11596 "https://ww12.lookismmanga.com/lookism/lookism-chapter-478-3/" "Mozilla/5.0 (Linux; Android 7.0;) AppleWebKit/537.36 (KHTML, like Gecko) Mobile Safari/537.36 (compatible; PetalBot;+https://webmaster.petalsearch.com/site/petalbot)"
2001:fb1:189:a2e:d42e:2338:b38c:cb90 - - [15/Aug/2024:11:37:02 -0400] "GET / HTTP/1.1" 200 11603 "https://www.bing.com/" "Mozilla/5.0 (Windows NT 10.0; Win64; x64) AppleWebKit/537.36 (KHTML, like Gecko) Chrome/127.0.0.0 Safari/537.36 Edg/127.0.0.0"
162.0.232.193 - - [15/Aug/2024:11:37:16 -0400] "POST /wp-cron.php?doing_wp_cron=1723736236.5319449901580810546875 HTTP/1.1" 200 0 "-" "WordPress/6.5.5; https://r.lookismmanga.com"
213.180.203.98 - - [15/Aug/2024:11:37:16 -0400] "GET /lookism/lookism-chapter-270/ HTTP/1.1" 301 0 "-" "Mozilla/5.0 (compatible; YandexBot/3.0; +http://yandex.com/bots)"
92.186.121.9 - - [15/Aug/2024:11:37:28 -0400] "GET / HTTP/1.1" 200 11603 "https://es.search.yahoo.com/" "Mozilla/5.0 (Windows NT 10.0; Win64; x64) AppleWebKit/537.36 (KHTML, like Gecko) Chrome/127.0.0.0 Safari/537.36"
92.186.121.9 - - [15/Aug/2024:11:37:29 -0400] "GET /wp-content/plugins/simple-social-buttons/assets/js/front.js?ver=5.1.3 HTTP/1.1" 200 1577 "https://r.lookismmanga.com/" "Mozilla/5.0 (Windows NT 10.0; Win64; x64) AppleWebKit/537.36 (KHTML, like Gecko) Chrome/127.0.0.0 Safari/537.36"
92.186.121.9 - - [15/Aug/2024:11:37:29 -0400] "GET /wp-content/uploads/2024/02/lookismkmanhwabookvolume17dkshop-706x1024.jpg HTTP/1.1" 200 101529 "https://r.lookismmanga.com/" "Mozilla/5.0 (Windows NT 10.0; Win64; x64) AppleWebKit/537.36 (KHTML, like Gecko) Chrome/127.0.0.0 Safari/537.36"
92.186.121.9 - - [15/Aug/2024:11:37:29 -0400] "GET /wp-includes/js/jquery/jquery.min.js?ver=3.7.1 HTTP/1.1" 200 29744 "https://r.lookismmanga.com/" "Mozilla/5.0 (Windows NT 10.0; Win64; x64) AppleWebKit/537.36 (KHTML, like Gecko) Chrome/127.0.0.0 Safari/537.36"
92.186.121.9 - - [15/Aug/2024:11:37:29 -0400] "GET /wp-content/plugins/simple-social-buttons/assets/js/frontend-blocks.js?ver=5.1.3 HTTP/1.1" 200 0 "https://r.lookismmanga.com/" "Mozilla/5.0 (Windows NT 10.0; Win64; x64) AppleWebKit/537.36 (KHTML, like Gecko) Chrome/127.0.0.0 Safari/537.36"
92.186.121.9 - - [15/Aug/2024:11:37:29 -0400] "GET /wp-content/themes/toivo-lite/fonts/genericons/genericons/genericons.min.css?ver=3.3 HTTP/1.1" 200 15959 "https://r.lookismmanga.com/" "Mozilla/5.0 (Windows NT 10.0; Win64; x64) AppleWebKit/537.36 (KHTML, like Gecko) Chrome/127.0.0.0 Safari/537.36"
92.186.121.9 - - [15/Aug/2024:11:37:29 -0400] "GET /wp-content/uploads/2024/02/lookismkmanhwabookvolume5dkshop-753x1024.webp HTTP/1.1" 200 76864 "https://r.lookismmanga.com/" "Mozilla/5.0 (Windows NT 10.0; Win64; x64) AppleWebKit/537.36 (KHTML, like Gecko) Chrome/127.0.0.0 Safari/537.36"
92.186.121.9 - - [15/Aug/2024:11:37:30 -0400] "GET /comic/lookism-chapter-1/ HTTP/1.1" 200 11755 "https://r.lookismmanga.com/" "Mozilla/5.0 (Windows NT 10.0; Win64; x64) AppleWebKit/537.36 (KHTML, like Gecko) Chrome/127.0.0.0 Safari/537.36"
92.186.121.9 - - [15/Aug/2024:11:37:34 -0400] "GET /comic/lookism-chapter-514/ HTTP/1.1" 200 10643 "https://r.lookismmanga.com/" "Mozilla/5.0 (Windows NT 10.0; Win64; x64) AppleWebKit/537.36 (KHTML, like Gecko) Chrome/127.0.0.0 Safari/537.36"
92.186.121.9 - - [15/Aug/2024:11:37:35 -0400] "GET /wp-content/plugins/wp-automatic/js/main-front.js?ver=6.5.5 HTTP/1.1" 200 316 "https://r.lookismmanga.com/comic/lookism-chapter-514/" "Mozilla/5.0 (Windows NT 10.0; Win64; x64) AppleWebKit/537.36 (KHTML, like Gecko) Chrome/127.0.0.0 Safari/537.36"
92.186.121.9 - - [15/Aug/2024:11:37:35 -0400] "GET /wp-content/plugins/wp-automatic/css/wp-automatic.css?ver=1.0.0 HTTP/1.1" 200 537 "https://r.lookismmanga.com/comic/lookism-chapter-514/" "Mozilla/5.0 (Windows NT 10.0; Win64; x64) AppleWebKit/537.36 (KHTML, like Gecko) Chrome/127.0.0.0 Safari/537.36"
92.186.121.9 - - [15/Aug/2024:11:37:36 -0400] "GET /wp-content/plugins/disqus-comment-system/public/js/comment_count.js?ver=3.1.1 HTTP/1.1" 200 354 "https://r.lookismmanga.com/comic/lookism-chapter-514/" "Mozilla/5.0 (Windows NT 10.0; Win64; x64) AppleWebKit/537.36 (KHTML, like Gecko) Chrome/127.0.0.0 Safari/537.36"
92.186.121.9 - - [15/Aug/2024:11:37:36 -0400] "GET /wp-content/plugins/disqus-comment-system/public/js/comment_embed.js?ver=3.1.1 HTTP/1.1" 200 653 "https://r.lookismmanga.com/comic/lookism-chapter-514/" "Mozilla/5.0 (Windows NT 10.0; Win64; x64) AppleWebKit/537.36 (KHTML, like Gecko) Chrome/127.0.0.0 Safari/537.36"
92.186.121.9 - - [15/Aug/2024:11:37:36 -0400] "GET /wp-includes/js/comment-reply.min.js?ver=6.5.5 HTTP/1.1" 200 1228 "https://r.lookismmanga.com/comic/lookism-chapter-514/" "Mozilla/5.0 (Windows NT 10.0; Win64; x64) AppleWebKit/537.36 (KHTML, like Gecko) Chrome/127.0.0.0 Safari/537.36"
92.186.121.9 - - [15/Aug/2024:11:37:36 -0400] "GET /wp-content/plugins/simple-social-buttons/assets/fonts/ssb-icon.ttf?eahqa2 HTTP/1.1" 200 6212 "https://r.lookismmanga.com/wp-content/plugins/simple-social-buttons/assets/css/front.css?ver=5.1.3" "Mozilla/5.0 (Windows NT 10.0; Win64; x64) AppleWebKit/537.36 (KHTML, like Gecko) Chrome/127.0.0.0 Safari/537.36"
162.0.232.193 - - [15/Aug/2024:11:38:50 -0400] "POST /wp-cron.php?doing_wp_cron=1723736330.1309731006622314453125 HTTP/1.1" 200 0 "-" "WordPress/6.5.5; https://r.lookismmanga.com"
2a03:2880:13ff:16::face:b00c - - [15/Aug/2024:11:38:49 -0400] "GET /?p=2179 HTTP/1.1" 301 0 "-" "facebookexternalhit/1.1 (+http://www.facebook.com/externalhit_uatext.php)"
68.183.85.160 - - [15/Aug/2024:11:38:57 -0400] "POST /wp-login.php HTTP/1.1" 200 1949 "-" "Mozilla/5.0 (Windows NT 10.0; Win64; x64) AppleWebKit/537.36 (KHTML, like Gecko) Chrome/78.0.3904.70 Safari/537.36"
190.58.13.12 - - [15/Aug/2024:11:39:06 -0400] "GET / HTTP/1.1" 200 11625 "https://www.bing.com/" "Mozilla/5.0 (Linux; Android 9; KFONWI) AppleWebKit/537.36 (KHTML, like Gecko) Silk/124.5.1 like Chrome/124.0.6367.248 Safari/537.36"
190.58.13.12 - - [15/Aug/2024:11:39:06 -0400] "GET /wp-content/uploads/2024/02/lookismkmanhwabookvolume17dkshop.jpg HTTP/1.1" 200 108104 "https://r.lookismmanga.com/" "Mozilla/5.0 (Linux; Android 9; KFONWI) AppleWebKit/537.36 (KHTML, like Gecko) Silk/124.5.1 like Chrome/124.0.6367.248 Safari/537.36"
190.58.13.12 - - [15/Aug/2024:11:39:08 -0400] "GET / HTTP/1.1" 304 0 "https://r.lookismmanga.com/" "Mozilla/5.0 (Linux; Android 9; KFONWI) AppleWebKit/537.36 (KHTML, like Gecko) Silk/124.5.1 like Chrome/124.0.6367.248 Safari/537.36"
102.68.122.234 - - [15/Aug/2024:11:39:11 -0400] "GET / HTTP/1.1" 200 11624 "https://www.bing.com/" "Mozilla/5.0 (Linux; Android 10; JNY-LX1; HMSCore 6.14.0.302) AppleWebKit/537.36 (KHTML, like Gecko) Chrome/99.0.4844.88 HuaweiBrowser/14.0.5.303 Mobile Safari/537.36"
190.58.13.12 - - [15/Aug/2024:11:39:12 -0400] "GET /wp-content/uploads/2024/02/cropped-if-the-anime-continues-and-reaches-the-point-of-current-v0-frhh1uf0zj5a1-192x192.webp HTTP/1.1" 200 4440 "https://r.lookismmanga.com/" "Mozilla/5.0 (Linux; Android 9; KFONWI) AppleWebKit/537.36 (KHTML, like Gecko) Silk/124.5.1 like Chrome/124.0.6367.248 Safari/537.36"
190.58.13.12 - - [15/Aug/2024:11:39:12 -0400] "GET /wp-content/uploads/2024/02/cropped-if-the-anime-continues-and-reaches-the-point-of-current-v0-frhh1uf0zj5a1-180x180.webp HTTP/1.1" 200 4302 "https://r.lookismmanga.com/" "Mozilla/5.0 (Linux; Android 9; KFONWI) AppleWebKit/537.36 (KHTML, like Gecko) Silk/124.5.1 like Chrome/124.0.6367.248 Safari/537.36"
2401:4900:5098:da86:dce1:1335:fb7c:dd61 - - [15/Aug/2024:11:39:18 -0400] "GET / HTTP/1.1" 200 11596 "https://duckduckgo.com/" "Mozilla/5.0 (Linux; Android 13; 21061119BI) AppleWebKit/537.36 (KHTML, like Gecko) JioSphere/5.0.2 Chrome/119.0.6045.193 Mobile Safari/537.36"
2401:4900:5098:da86:dce1:1335:fb7c:dd61 - - [15/Aug/2024:11:39:28 -0400] "GET /comic/lookism-chapter-495/ HTTP/1.1" 200 11484 "https://r.lookismmanga.com/" "Mozilla/5.0 (Linux; Android 13; 21061119BI) AppleWebKit/537.36 (KHTML, like Gecko) JioSphere/5.0.2 Chrome/119.0.6045.193 Mobile Safari/537.36"
103.191.129.100 - - [15/Aug/2024:11:39:49 -0400] "GET / HTTP/1.1" 200 11596 "https://duckduckgo.com/" "Mozilla/5.0 (Linux; Android 10; K) AppleWebKit/537.36 (KHTML, like Gecko) Chrome/127.0.0.0 Mobile Safari/537.36"
103.191.129.100 - - [15/Aug/2024:11:39:50 -0400] "GET /wp-content/uploads/2024/02/lookismkmanhwabookvolume17dkshop-706x1024.jpg HTTP/1.1" 200 101529 "https://r.lookismmanga.com/" "Mozilla/5.0 (Linux; Android 10; K) AppleWebKit/537.36 (KHTML, like Gecko) Chrome/127.0.0.0 Mobile Safari/537.36"
103.191.129.100 - - [15/Aug/2024:11:39:50 -0400] "GET /wp-content/uploads/2024/02/lookismkmanhwabookvolume5dkshop-753x1024.webp HTTP/1.1" 200 76864 "https://r.lookismmanga.com/" "Mozilla/5.0 (Linux; Android 10; K) AppleWebKit/537.36 (KHTML, like Gecko) Chrome/127.0.0.0 Mobile Safari/537.36"
103.191.129.100 - - [15/Aug/2024:11:39:57 -0400] "GET /wp-content/uploads/2024/02/cropped-if-the-anime-continues-and-reaches-the-point-of-current-v0-frhh1uf0zj5a1-192x192.webp HTTP/1.1" 200 4440 "https://r.lookismmanga.com/" "Mozilla/5.0 (Linux; Android 10; K) AppleWebKit/537.36 (KHTML, like Gecko) Chrome/127.0.0.0 Mobile Safari/537.36"
103.191.129.100 - - [15/Aug/2024:11:39:57 -0400] "GET /wp-content/uploads/2024/02/cropped-if-the-anime-continues-and-reaches-the-point-of-current-v0-frhh1uf0zj5a1-180x180.webp HTTP/1.1" 200 4302 "https://r.lookismmanga.com/" "Mozilla/5.0 (Linux; Android 10; K) AppleWebKit/537.36 (KHTML, like Gecko) Chrome/127.0.0.0 Mobile Safari/537.36"
103.167.115.115 - - [15/Aug/2024:11:40:11 -0400] "GET / HTTP/1.1" 200 11596 "https://duckduckgo.com/" "Mozilla/5.0 (Linux; Android 10; K) AppleWebKit/537.36 (KHTML, like Gecko) Chrome/127.0.0.0 Mobile Safari/537.36"
196.31.138.126 - - [15/Aug/2024:11:40:20 -0400] "GET / HTTP/1.1" 200 11596 "https://www.bing.com/" "Mozilla/5.0 (Linux; Android 10; EVE-LX9; HMSCore 6.14.0.302) AppleWebKit/537.36 (KHTML, like Gecko) Chrome/99.0.4844.88 HuaweiBrowser/14.0.5.303 Mobile Safari/537.36"
196.31.138.126 - - [15/Aug/2024:11:40:22 -0400] "GET /wp-includes/css/dist/block-library/style.min.css?ver=6.5.5 HTTP/1.1" 200 14071 "https://r.lookismmanga.com/" "Mozilla/5.0 (Linux; Android 10; EVE-LX9; HMSCore 6.14.0.302) AppleWebKit/537.36 (KHTML, like Gecko) Chrome/99.0.4844.88 HuaweiBrowser/14.0.5.303 Mobile Safari/537.36"
196.31.138.126 - - [15/Aug/2024:11:40:22 -0400] "GET /wp-content/plugins/simple-social-buttons/assets/css/front.css?ver=5.1.3 HTTP/1.1" 200 9767 "https://r.lookismmanga.com/" "Mozilla/5.0 (Linux; Android 10; EVE-LX9; HMSCore 6.14.0.302) AppleWebKit/537.36 (KHTML, like Gecko) Chrome/99.0.4844.88 HuaweiBrowser/14.0.5.303 Mobile Safari/537.36"
196.31.138.126 - - [15/Aug/2024:11:40:22 -0400] "GET /wp-includes/js/jquery/jquery.min.js?ver=3.7.1 HTTP/1.1" 200 29744 "https://r.lookismmanga.com/" "Mozilla/5.0 (Linux; Android 10; EVE-LX9; HMSCore 6.14.0.302) AppleWebKit/537.36 (KHTML, like Gecko) Chrome/99.0.4844.88 HuaweiBrowser/14.0.5.303 Mobile Safari/537.36"
196.31.138.126 - - [15/Aug/2024:11:40:22 -0400] "GET /wp-content/plugins/widgets-on-pages/public/css/widgets-on-pages-public.css?ver=1.4.0 HTTP/1.1" 200 83 "https://r.lookismmanga.com/" "Mozilla/5.0 (Linux; Android 10; EVE-LX9; HMSCore 6.14.0.302) AppleWebKit/537.36 (KHTML, like Gecko) Chrome/99.0.4844.88 HuaweiBrowser/14.0.5.303 Mobile Safari/537.36"
196.31.138.126 - - [15/Aug/2024:11:40:22 -0400] "GET /wp-content/themes/toivo-lite/style.css?ver=1.2.0 HTTP/1.1" 200 13718 "https://r.lookismmanga.com/" "Mozilla/5.0 (Linux; Android 10; EVE-LX9; HMSCore 6.14.0.302) AppleWebKit/537.36 (KHTML, like Gecko) Chrome/99.0.4844.88 HuaweiBrowser/14.0.5.303 Mobile Safari/537.36"
196.31.138.126 - - [15/Aug/2024:11:40:22 -0400] "GET /wp-content/themes/toivo-lite/fonts/genericons/genericons/genericons.min.css?ver=3.3 HTTP/1.1" 200 15959 "https://r.lookismmanga.com/" "Mozilla/5.0 (Linux; Android 10; EVE-LX9; HMSCore 6.14.0.302) AppleWebKit/537.36 (KHTML, like Gecko) Chrome/99.0.4844.88 HuaweiBrowser/14.0.5.303 Mobile Safari/537.36"
196.31.138.126 - - [15/Aug/2024:11:40:22 -0400] "GET /wp-content/uploads/2024/02/cropped-MV5BMmI0NjY3NWYtMjEyYi00MjBlLWE4NDktNzNjZWNjMGUyY2U2XkEyXkFqcGdeQXVyMTUzNjM4ODE1._V1_.jpg HTTP/1.1" 200 88480 "https://r.lookismmanga.com/" "Mozilla/5.0 (Linux; Android 10; EVE-LX9; HMSCore 6.14.0.302) AppleWebKit/537.36 (KHTML, like Gecko) Chrome/99.0.4844.88 HuaweiBrowser/14.0.5.303 Mobile Safari/537.36"
196.31.138.126 - - [15/Aug/2024:11:40:22 -0400] "GET /wp-content/plugins/simple-social-buttons/assets/js/frontend-blocks.js?ver=5.1.3 HTTP/1.1" 200 0 "https://r.lookismmanga.com/" "Mozilla/5.0 (Linux; Android 10; EVE-LX9; HMSCore 6.14.0.302) AppleWebKit/537.36 (KHTML, like Gecko) Chrome/99.0.4844.88 HuaweiBrowser/14.0.5.303 Mobile Safari/537.36"
196.31.138.126 - - [15/Aug/2024:11:40:22 -0400] "GET /wp-includes/js/jquery/jquery-migrate.min.js?ver=3.4.1 HTTP/1.1" 200 4678 "https://r.lookismmanga.com/" "Mozilla/5.0 (Linux; Android 10; EVE-LX9; HMSCore 6.14.0.302) AppleWebKit/537.36 (KHTML, like Gecko) Chrome/99.0.4844.88 HuaweiBrowser/14.0.5.303 Mobile Safari/537.36"
196.31.138.126 - - [15/Aug/2024:11:40:22 -0400] "GET /wp-content/plugins/simple-social-buttons/assets/js/front.js?ver=5.1.3 HTTP/1.1" 200 1577 "https://r.lookismmanga.com/" "Mozilla/5.0 (Linux; Android 10; EVE-LX9; HMSCore 6.14.0.302) AppleWebKit/537.36 (KHTML, like Gecko) Chrome/99.0.4844.88 HuaweiBrowser/14.0.5.303 Mobile Safari/537.36"
196.31.138.126 - - [15/Aug/2024:11:40:23 -0400] "GET /wp-content/themes/toivo-lite/js/settings.min.js?ver=1.2.0 HTTP/1.1" 200 307 "https://r.lookismmanga.com/" "Mozilla/5.0 (Linux; Android 10; EVE-LX9; HMSCore 6.14.0.302) AppleWebKit/537.36 (KHTML, like Gecko) Chrome/99.0.4844.88 HuaweiBrowser/14.0.5.303 Mobile Safari/537.36"
196.31.138.126 - - [15/Aug/2024:11:40:23 -0400] "GET /wp-content/themes/toivo-lite/js/functions.min.js?ver=1.2.0 HTTP/1.1" 200 593 "https://r.lookismmanga.com/" "Mozilla/5.0 (Linux; Android 10; EVE-LX9; HMSCore 6.14.0.302) AppleWebKit/537.36 (KHTML, like Gecko) Chrome/99.0.4844.88 HuaweiBrowser/14.0.5.303 Mobile Safari/537.36"
196.31.138.126 - - [15/Aug/2024:11:40:23 -0400] "GET /wp-content/plugins/comic-easel/js/keynav.js HTTP/1.1" 200 302 "https://r.lookismmanga.com/" "Mozilla/5.0 (Linux; Android 10; EVE-LX9; HMSCore 6.14.0.302) AppleWebKit/537.36 (KHTML, like Gecko) Chrome/99.0.4844.88 HuaweiBrowser/14.0.5.303 Mobile Safari/537.36"
196.31.138.126 - - [15/Aug/2024:11:40:23 -0400] "GET /wp-content/themes/toivo-lite/js/responsive-nav.min.js?ver=1.2.0 HTTP/1.1" 200 2102 "https://r.lookismmanga.com/" "Mozilla/5.0 (Linux; Android 10; EVE-LX9; HMSCore 6.14.0.302) AppleWebKit/537.36 (KHTML, like Gecko) Chrome/99.0.4844.88 HuaweiBrowser/14.0.5.303 Mobile Safari/537.36"
196.31.138.126 - - [15/Aug/2024:11:40:24 -0400] "GET /wp-content/uploads/2024/02/lookismkmanhwabookvolume17dkshop-706x1024.jpg HTTP/1.1" 200 101529 "https://r.lookismmanga.com/" "Mozilla/5.0 (Linux; Android 10; EVE-LX9; HMSCore 6.14.0.302) AppleWebKit/537.36 (KHTML, like Gecko) Chrome/99.0.4844.88 HuaweiBrowser/14.0.5.303 Mobile Safari/537.36"
196.31.138.126 - - [15/Aug/2024:11:40:24 -0400] "GET /wp-content/uploads/2024/02/lookismkmanhwabookvolume5dkshop-753x1024.webp HTTP/1.1" 200 76864 "https://r.lookismmanga.com/" "Mozilla/5.0 (Linux; Android 10; EVE-LX9; HMSCore 6.14.0.302) AppleWebKit/537.36 (KHTML, like Gecko) Chrome/99.0.4844.88 HuaweiBrowser/14.0.5.303 Mobile Safari/537.36"
196.31.138.126 - - [15/Aug/2024:11:40:29 -0400] "GET /comic/lookism-chapter-511/ HTTP/1.1" 200 11160 "https://r.lookismmanga.com/" "Mozilla/5.0 (Linux; Android 10; EVE-LX9; HMSCore 6.14.0.302) AppleWebKit/537.36 (KHTML, like Gecko) Chrome/99.0.4844.88 HuaweiBrowser/14.0.5.303 Mobile Safari/537.36"
196.31.138.126 - - [15/Aug/2024:11:40:32 -0400] "GET /comic/lookism-chapter-514/ HTTP/1.1" 200 10578 "https://r.lookismmanga.com/" "Mozilla/5.0 (Linux; Android 10; EVE-LX9; HMSCore 6.14.0.302) AppleWebKit/537.36 (KHTML, like Gecko) Chrome/99.0.4844.88 HuaweiBrowser/14.0.5.303 Mobile Safari/537.36"
196.31.138.126 - - [15/Aug/2024:11:40:33 -0400] "GET /wp-content/plugins/wp-automatic/css/wp-automatic.css?ver=1.0.0 HTTP/1.1" 200 537 "https://r.lookismmanga.com/comic/lookism-chapter-514/" "Mozilla/5.0 (Linux; Android 10; EVE-LX9; HMSCore 6.14.0.302) AppleWebKit/537.36 (KHTML, like Gecko) Chrome/99.0.4844.88 HuaweiBrowser/14.0.5.303 Mobile Safari/537.36"
196.31.138.126 - - [15/Aug/2024:11:40:33 -0400] "GET /wp-content/plugins/wp-automatic/js/main-front.js?ver=6.5.5 HTTP/1.1" 200 316 "https://r.lookismmanga.com/comic/lookism-chapter-514/" "Mozilla/5.0 (Linux; Android 10; EVE-LX9; HMSCore 6.14.0.302) AppleWebKit/537.36 (KHTML, like Gecko) Chrome/99.0.4844.88 HuaweiBrowser/14.0.5.303 Mobile Safari/537.36"
196.31.138.126 - - [15/Aug/2024:11:40:33 -0400] "GET /wp-content/plugins/disqus-comment-system/public/js/comment_count.js?ver=3.1.1 HTTP/1.1" 200 354 "https://r.lookismmanga.com/comic/lookism-chapter-514/" "Mozilla/5.0 (Linux; Android 10; EVE-LX9; HMSCore 6.14.0.302) AppleWebKit/537.36 (KHTML, like Gecko) Chrome/99.0.4844.88 HuaweiBrowser/14.0.5.303 Mobile Safari/537.36"
196.31.138.126 - - [15/Aug/2024:11:40:33 -0400] "GET /wp-content/plugins/disqus-comment-system/public/js/comment_embed.js?ver=3.1.1 HTTP/1.1" 200 653 "https://r.lookismmanga.com/comic/lookism-chapter-514/" "Mozilla/5.0 (Linux; Android 10; EVE-LX9; HMSCore 6.14.0.302) AppleWebKit/537.36 (KHTML, like Gecko) Chrome/99.0.4844.88 HuaweiBrowser/14.0.5.303 Mobile Safari/537.36"
196.31.138.126 - - [15/Aug/2024:11:40:33 -0400] "GET /wp-includes/js/comment-reply.min.js?ver=6.5.5 HTTP/1.1" 200 1228 "https://r.lookismmanga.com/comic/lookism-chapter-514/" "Mozilla/5.0 (Linux; Android 10; EVE-LX9; HMSCore 6.14.0.302) AppleWebKit/537.36 (KHTML, like Gecko) Chrome/99.0.4844.88 HuaweiBrowser/14.0.5.303 Mobile Safari/537.36"
196.31.138.126 - - [15/Aug/2024:11:40:33 -0400] "GET /wp-content/plugins/simple-social-buttons/assets/fonts/ssb-icon.ttf?eahqa2 HTTP/1.1" 200 6212 "https://r.lookismmanga.com/wp-content/plugins/simple-social-buttons/assets/css/front.css?ver=5.1.3" "Mozilla/5.0 (Linux; Android 10; EVE-LX9; HMSCore 6.14.0.302) AppleWebKit/537.36 (KHTML, like Gecko) Chrome/99.0.4844.88 HuaweiBrowser/14.0.5.303 Mobile Safari/537.36"
49.37.65.185 - - [15/Aug/2024:11:40:52 -0400] "GET / HTTP/1.1" 200 11596 "https://www.bing.com/" "Mozilla/5.0 (Linux; Android 12; vivo 1907; wv) AppleWebKit/537.36 (KHTML, like Gecko) Version/4.0 Chrome/87.0.4280.141 Mobile Safari/537.36 VivoBrowser/12.6.2.0"
49.37.65.185 - - [15/Aug/2024:11:41:01 -0400] "GET /comic/lookism-chapter-306/ HTTP/1.1" 200 13454 "https://r.lookismmanga.com/" "Mozilla/5.0 (Linux; Android 12; vivo 1907; wv) AppleWebKit/537.36 (KHTML, like Gecko) Version/4.0 Chrome/87.0.4280.141 Mobile Safari/537.36 VivoBrowser/12.6.2.0"
49.37.65.185 - - [15/Aug/2024:11:41:01 -0400] "GET /comic/lookism-chapter-310/ HTTP/1.1" 200 13014 "https://r.lookismmanga.com/" "Mozilla/5.0 (Linux; Android 12; vivo 1907; wv) AppleWebKit/537.36 (KHTML, like Gecko) Version/4.0 Chrome/87.0.4280.141 Mobile Safari/537.36 VivoBrowser/12.6.2.0"
49.37.65.185 - - [15/Aug/2024:11:41:02 -0400] "GET /comic/lookism-chapter-2/ HTTP/1.1" 200 11459 "https://r.lookismmanga.com/" "Mozilla/5.0 (Linux; Android 12; vivo 1907; wv) AppleWebKit/537.36 (KHTML, like Gecko) Version/4.0 Chrome/87.0.4280.141 Mobile Safari/537.36 VivoBrowser/12.6.2.0"
49.37.65.185 - - [15/Aug/2024:11:41:02 -0400] "GET /comic/lookism-chapter-486/ HTTP/1.1" 200 11539 "https://r.lookismmanga.com/" "Mozilla/5.0 (Linux; Android 12; vivo 1907; wv) AppleWebKit/537.36 (KHTML, like Gecko) Version/4.0 Chrome/87.0.4280.141 Mobile Safari/537.36 VivoBrowser/12.6.2.0"
49.37.65.185 - - [15/Aug/2024:11:41:02 -0400] "GET /comic/lookism-chapter-510/ HTTP/1.1" 200 11645 "https://r.lookismmanga.com/" "Mozilla/5.0 (Linux; Android 12; vivo 1907; wv) AppleWebKit/537.36 (KHTML, like Gecko) Version/4.0 Chrome/87.0.4280.141 Mobile Safari/537.36 VivoBrowser/12.6.2.0"
49.37.65.185 - - [15/Aug/2024:11:41:03 -0400] "GET /comic/lookism-chapter-499/ HTTP/1.1" 200 11594 "https://r.lookismmanga.com/" "Mozilla/5.0 (Linux; Android 12; vivo 1907; wv) AppleWebKit/537.36 (KHTML, like Gecko) Version/4.0 Chrome/87.0.4280.141 Mobile Safari/537.36 VivoBrowser/12.6.2.0"
166.1.36.12 - - [15/Aug/2024:11:42:19 -0400] "GET / HTTP/1.1" 200 11596 "https://duckduckgo.com/" "Mozilla/5.0 (iPhone; CPU iPhone OS 17_5_1 like Mac OS X) AppleWebKit/605.1.15 (KHTML, like Gecko) Version/17.5 Mobile/15E148 Safari/604.1 Ddg/17.5"
166.1.36.12 - - [15/Aug/2024:11:42:20 -0400] "GET /wp-content/plugins/comic-easel/js/keynav.js HTTP/1.1" 200 302 "https://r.lookismmanga.com/" "Mozilla/5.0 (iPhone; CPU iPhone OS 17_5_1 like Mac OS X) AppleWebKit/605.1.15 (KHTML, like Gecko) Version/17.5 Mobile/15E148 Safari/604.1 Ddg/17.5"
166.1.36.12 - - [15/Aug/2024:11:42:20 -0400] "GET /wp-content/themes/toivo-lite/fonts/genericons/genericons/Genericons.svg HTTP/1.1" 200 23714 "https://r.lookismmanga.com/" "Mozilla/5.0 (iPhone; CPU iPhone OS 17_5_1 like Mac OS X) AppleWebKit/605.1.15 (KHTML, like Gecko) Version/17.5 Mobile/15E148 Safari/604.1 Ddg/17.5"
166.1.36.12 - - [15/Aug/2024:11:42:20 -0400] "GET /wp-content/uploads/2024/02/cropped-MV5BMmI0NjY3NWYtMjEyYi00MjBlLWE4NDktNzNjZWNjMGUyY2U2XkEyXkFqcGdeQXVyMTUzNjM4ODE1._V1_.jpg HTTP/1.1" 200 88480 "https://r.lookismmanga.com/" "Mozilla/5.0 (iPhone; CPU iPhone OS 17_5_1 like Mac OS X) AppleWebKit/605.1.15 (KHTML, like Gecko) Version/17.5 Mobile/15E148 Safari/604.1 Ddg/17.5"
166.1.36.12 - - [15/Aug/2024:11:42:20 -0400] "GET /wp-content/uploads/2024/02/lookismkmanhwabookvolume5dkshop.webp HTTP/1.1" 200 97320 "https://r.lookismmanga.com/" "Mozilla/5.0 (iPhone; CPU iPhone OS 17_5_1 like Mac OS X) AppleWebKit/605.1.15 (KHTML, like Gecko) Version/17.5 Mobile/15E148 Safari/604.1 Ddg/17.5"
166.1.36.12 - - [15/Aug/2024:11:42:21 -0400] "GET /apple-touch-icon.png HTTP/1.1" 301 0 "-" "NetworkingExtension/8618.2.12.10.9 CFNetwork/1496.0.7 Darwin/23.5.0"
166.1.36.12 - - [15/Aug/2024:11:42:21 -0400] "GET /favicon.ico HTTP/1.1" 302 0 "-" "NetworkingExtension/8618.2.12.10.9 CFNetwork/1496.0.7 Darwin/23.5.0"
162.0.232.193 - - [15/Aug/2024:11:42:21 -0400] "POST /wp-cron.php?doing_wp_cron=1723736541.2478580474853515625000 HTTP/1.1" 200 0 "-" "WordPress/6.5.5; https://r.lookismmanga.com"
162.0.232.193 - - [15/Aug/2024:11:42:21 -0400] "POST /wp-cron.php?doing_wp_cron=1723736541.2478721141815185546875 HTTP/1.1" 200 0 "-" "WordPress/6.5.5; https://r.lookismmanga.com"
166.1.36.12 - - [15/Aug/2024:11:42:21 -0400] "GET /apple-touch-icon-precomposed.png HTTP/1.1" 301 0 "-" "NetworkingExtension/8618.2.12.10.9 CFNetwork/1496.0.7 Darwin/23.5.0"
166.1.36.12 - - [15/Aug/2024:11:42:21 -0400] "GET /wp-content/uploads/2024/02/cropped-if-the-anime-continues-and-reaches-the-point-of-current-v0-frhh1uf0zj5a1-32x32.webp HTTP/1.1" 200 438 "-" "NetworkingExtension/8618.2.12.10.9 CFNetwork/1496.0.7 Darwin/23.5.0"
166.1.36.12 - - [15/Aug/2024:11:42:21 -0400] "GET / HTTP/1.1" 200 11603 "-" "NetworkingExtension/8618.2.12.10.9 CFNetwork/1496.0.7 Darwin/23.5.0"
166.1.36.12 - - [15/Aug/2024:11:42:21 -0400] "GET / HTTP/1.1" 200 11400 "-" "Mozilla/5.0 (Macintosh; Intel Mac OS X 10_11_1) AppleWebKit/601.2.4 (KHTML, like Gecko) Version/9.0.1 Safari/601.2.4 facebookexternalhit/1.1 Facebot Twitterbot/1.0"
166.1.36.12 - - [15/Aug/2024:11:42:22 -0400] "GET / HTTP/1.1" 200 11603 "-" "NetworkingExtension/8618.2.12.10.9 CFNetwork/1496.0.7 Darwin/23.5.0"
166.1.36.12 - - [15/Aug/2024:11:42:22 -0400] "GET /wp-content/uploads/2024/02/cropped-if-the-anime-continues-and-reaches-the-point-of-current-v0-frhh1uf0zj5a1-180x180.webp HTTP/1.1" 200 4302 "-" "NetworkingExtension/8618.2.12.10.9 CFNetwork/1496.0.7 Darwin/23.5.0"
166.1.36.12 - - [15/Aug/2024:11:42:22 -0400] "GET /wp-content/uploads/2024/02/cropped-if-the-anime-continues-and-reaches-the-point-of-current-v0-frhh1uf0zj5a1-192x192.webp HTTP/1.1" 200 4440 "-" "NetworkingExtension/8618.2.12.10.9 CFNetwork/1496.0.7 Darwin/23.5.0"
166.1.36.12 - - [15/Aug/2024:11:42:22 -0400] "GET /wp-content/uploads/2024/02/lookismkmanhwabookvolume17dkshop-706x1024.jpg HTTP/1.1" 200 101529 "-" "NetworkingExtension/8618.2.12.10.9 CFNetwork/1496.0.7 Darwin/23.5.0"
