162.0.232.193 - - [15/Aug/2024:13:19:07 -0400] "GET /comic/lookism-chapter-40/ HTTP/1.1" 200 11489 "-" "WP Rocket/Preload Mozilla/5.0 (iPhone; CPU iPhone OS 9_1 like Mac OS X) AppleWebKit/601.1.46 (KHTML, like Gecko) Version/9.0 Mobile/13B143 Safari/601.1"
162.0.232.193 - - [15/Aug/2024:13:19:09 -0400] "GET /comic/lookism-chapter-194/ HTTP/1.1" 200 13042 "-" "WP Rocket/Preload"
162.0.232.193 - - [15/Aug/2024:13:19:10 -0400] "GET /comic/lookism-chapter-194/ HTTP/1.1" 200 13037 "-" "WP Rocket/Preload Mozilla/5.0 (iPhone; CPU iPhone OS 9_1 like Mac OS X) AppleWebKit/601.1.46 (KHTML, like Gecko) Version/9.0 Mobile/13B143 Safari/601.1"
162.0.232.193 - - [15/Aug/2024:13:19:11 -0400] "GET /comic/lookism-chapter-107/ HTTP/1.1" 200 11405 "-" "WP Rocket/Preload"
162.0.232.193 - - [15/Aug/2024:13:19:13 -0400] "GET /comic/lookism-chapter-107/ HTTP/1.1" 200 11405 "-" "WP Rocket/Preload Mozilla/5.0 (iPhone; CPU iPhone OS 9_1 like Mac OS X) AppleWebKit/601.1.46 (KHTML, like Gecko) Version/9.0 Mobile/13B143 Safari/601.1"
162.0.232.193 - - [15/Aug/2024:13:19:14 -0400] "GET /comic/lookism-chapter-35/ HTTP/1.1" 200 11507 "-" "WP Rocket/Preload"
162.0.232.193 - - [15/Aug/2024:13:19:15 -0400] "GET /comic/lookism-chapter-35/ HTTP/1.1" 200 11510 "-" "WP Rocket/Preload Mozilla/5.0 (iPhone; CPU iPhone OS 9_1 like Mac OS X) AppleWebKit/601.1.46 (KHTML, like Gecko) Version/9.0 Mobile/13B143 Safari/601.1"
162.0.232.193 - - [15/Aug/2024:13:19:16 -0400] "GET /comic/lookism-chapter-52/ HTTP/1.1" 200 11552 "-" "WP Rocket/Preload"
162.0.232.193 - - [15/Aug/2024:13:19:17 -0400] "GET /comic/lookism-chapter-52/ HTTP/1.1" 200 11554 "-" "WP Rocket/Preload Mozilla/5.0 (iPhone; CPU iPhone OS 9_1 like Mac OS X) AppleWebKit/601.1.46 (KHTML, like Gecko) Version/9.0 Mobile/13B143 Safari/601.1"
162.0.232.193 - - [15/Aug/2024:13:19:19 -0400] "GET /comic/lookism-chapter-203/ HTTP/1.1" 200 12765 "-" "WP Rocket/Preload"
162.0.232.193 - - [15/Aug/2024:13:19:19 -0400] "GET /comic/lookism-chapter-203/ HTTP/1.1" 200 12893 "-" "WP Rocket/Preload Mozilla/5.0 (iPhone; CPU iPhone OS 9_1 like Mac OS X) AppleWebKit/601.1.46 (KHTML, like Gecko) Version/9.0 Mobile/13B143 Safari/601.1"
162.0.232.193 - - [15/Aug/2024:13:19:21 -0400] "GET /comic/lookism-chapter-94/ HTTP/1.1" 200 11291 "-" "WP Rocket/Preload"
162.0.232.193 - - [15/Aug/2024:13:19:22 -0400] "GET /comic/lookism-chapter-94/ HTTP/1.1" 200 11292 "-" "WP Rocket/Preload Mozilla/5.0 (iPhone; CPU iPhone OS 9_1 like Mac OS X) AppleWebKit/601.1.46 (KHTML, like Gecko) Version/9.0 Mobile/13B143 Safari/601.1"
162.0.232.193 - - [15/Aug/2024:13:19:23 -0400] "GET /comic/lookism-chapter-279/ HTTP/1.1" 200 13123 "-" "WP Rocket/Preload"
162.0.232.193 - - [15/Aug/2024:13:19:24 -0400] "GET /comic/lookism-chapter-279/ HTTP/1.1" 200 13124 "-" "WP Rocket/Preload Mozilla/5.0 (iPhone; CPU iPhone OS 9_1 like Mac OS X) AppleWebKit/601.1.46 (KHTML, like Gecko) Version/9.0 Mobile/13B143 Safari/601.1"
162.0.232.193 - - [15/Aug/2024:13:19:25 -0400] "GET /comic/lookism-chapter-152/ HTTP/1.1" 200 12535 "-" "WP Rocket/Preload"
162.0.232.193 - - [15/Aug/2024:13:19:27 -0400] "GET /comic/lookism-chapter-152/ HTTP/1.1" 200 12534 "-" "WP Rocket/Preload Mozilla/5.0 (iPhone; CPU iPhone OS 9_1 like Mac OS X) AppleWebKit/601.1.46 (KHTML, like Gecko) Version/9.0 Mobile/13B143 Safari/601.1"
162.0.232.193 - - [15/Aug/2024:13:19:28 -0400] "GET /comic/lookism-chapter-207/ HTTP/1.1" 200 12928 "-" "WP Rocket/Preload"
162.0.232.193 - - [15/Aug/2024:13:19:29 -0400] "GET /comic/lookism-chapter-207/ HTTP/1.1" 200 12929 "-" "WP Rocket/Preload Mozilla/5.0 (iPhone; CPU iPhone OS 9_1 like Mac OS X) AppleWebKit/601.1.46 (KHTML, like Gecko) Version/9.0 Mobile/13B143 Safari/601.1"
162.0.232.193 - - [15/Aug/2024:13:20:07 -0400] "POST /wp-cron.php?doing_wp_cron=1723742407.6109089851379394531250 HTTP/1.1" 200 0 "-" "WordPress/6.5.5; https://r.lookismmanga.com"
87.250.224.16 - - [15/Aug/2024:13:20:07 -0400] "GET /lookism/lookism-chapter-70/ HTTP/1.1" 301 0 "-" "Mozilla/5.0 (compatible; YandexBot/3.0; +http://yandex.com/bots)"
40.77.167.30 - - [15/Aug/2024:13:20:09 -0400] "GET /lookism-chapter-511/ HTTP/1.1" 200 11536 "-" "Mozilla/5.0 AppleWebKit/537.36 (KHTML, like Gecko; compatible; bingbot/2.0; +http://www.bing.com/bingbot.htm) Chrome/116.0.1938.76 Safari/537.36"
162.0.232.193 - - [15/Aug/2024:13:20:08 -0400] "GET /category/lookism-raw/ HTTP/1.1" 200 10482 "-" "WP Rocket/Preload"
162.0.232.193 - - [15/Aug/2024:13:20:10 -0400] "GET /category/lookism-raw/ HTTP/1.1" 200 10351 "-" "WP Rocket/Preload Mozilla/5.0 (iPhone; CPU iPhone OS 9_1 like Mac OS X) AppleWebKit/601.1.46 (KHTML, like Gecko) Version/9.0 Mobile/13B143 Safari/601.1"
95.108.213.175 - - [15/Aug/2024:13:20:11 -0400] "GET / HTTP/1.1" 200 11603 "-" "Mozilla/5.0 (compatible; YandexBot/3.0; +http://yandex.com/bots)"
162.0.232.193 - - [15/Aug/2024:13:20:12 -0400] "GET /category/lookism-manhwa/ HTTP/1.1" 200 10344 "-" "WP Rocket/Preload"
162.0.232.193 - - [15/Aug/2024:13:20:13 -0400] "GET /category/lookism-manhwa/ HTTP/1.1" 200 0 "-" "WP Rocket/Preload Mozilla/5.0 (iPhone; CPU iPhone OS 9_1 like Mac OS X) AppleWebKit/601.1.46 (KHTML, like Gecko) Version/9.0 Mobile/13B143 Safari/601.1"
162.0.232.193 - - [15/Aug/2024:13:20:14 -0400] "GET /category/lookism-manga/ HTTP/1.1" 200 10369 "-" "WP Rocket/Preload"
2001:4c4e:1186:b800:4d97:3a94:8c8a:c9d1 - - [15/Aug/2024:13:20:14 -0400] "GET / HTTP/1.1" 200 11603 "https://search.yahoo.com/" "Mozilla/5.0 (Windows NT 10.0; Win64; x64) AppleWebKit/537.36 (KHTML, like Gecko) Chrome/127.0.0.0 Safari/537.36"
162.0.232.193 - - [15/Aug/2024:13:20:15 -0400] "GET /category/lookism-manga/ HTTP/1.1" 200 10321 "-" "WP Rocket/Preload Mozilla/5.0 (iPhone; CPU iPhone OS 9_1 like Mac OS X) AppleWebKit/601.1.46 (KHTML, like Gecko) Version/9.0 Mobile/13B143 Safari/601.1"
162.0.232.193 - - [15/Aug/2024:13:20:16 -0400] "GET /category/lookism/ HTTP/1.1" 200 10330 "-" "WP Rocket/Preload"
162.0.232.193 - - [15/Aug/2024:13:20:17 -0400] "GET /category/lookism/ HTTP/1.1" 200 10310 "-" "WP Rocket/Preload Mozilla/5.0 (iPhone; CPU iPhone OS 9_1 like Mac OS X) AppleWebKit/601.1.46 (KHTML, like Gecko) Version/9.0 Mobile/13B143 Safari/601.1"
162.0.232.193 - - [15/Aug/2024:13:20:18 -0400] "GET /category/manga/ HTTP/1.1" 200 10464 "-" "WP Rocket/Preload"
162.0.232.193 - - [15/Aug/2024:13:20:19 -0400] "GET /category/manga/ HTTP/1.1" 200 10462 "-" "WP Rocket/Preload Mozilla/5.0 (iPhone; CPU iPhone OS 9_1 like Mac OS X) AppleWebKit/601.1.46 (KHTML, like Gecko) Version/9.0 Mobile/13B143 Safari/601.1"
162.0.232.193 - - [15/Aug/2024:13:20:21 -0400] "GET /lookism-chapter-511/ HTTP/1.1" 200 11530 "-" "WP Rocket/Preload"
2001:4c4e:1186:b800:4d97:3a94:8c8a:c9d1 - - [15/Aug/2024:13:20:21 -0400] "GET /comic/lookism-chapter-514/ HTTP/1.1" 200 10596 "https://r.lookismmanga.com/" "Mozilla/5.0 (Windows NT 10.0; Win64; x64) AppleWebKit/537.36 (KHTML, like Gecko) Chrome/127.0.0.0 Safari/537.36"
2001:4c4e:1186:b800:4d97:3a94:8c8a:c9d1 - - [15/Aug/2024:13:20:21 -0400] "GET /wp-content/plugins/wp-automatic/js/main-front.js?ver=6.5.5 HTTP/1.1" 200 316 "https://r.lookismmanga.com/comic/lookism-chapter-514/" "Mozilla/5.0 (Windows NT 10.0; Win64; x64) AppleWebKit/537.36 (KHTML, like Gecko) Chrome/127.0.0.0 Safari/537.36"
2001:4c4e:1186:b800:4d97:3a94:8c8a:c9d1 - - [15/Aug/2024:13:20:21 -0400] "GET /wp-content/plugins/wp-automatic/css/wp-automatic.css?ver=1.0.0 HTTP/1.1" 200 537 "https://r.lookismmanga.com/comic/lookism-chapter-514/" "Mozilla/5.0 (Windows NT 10.0; Win64; x64) AppleWebKit/537.36 (KHTML, like Gecko) Chrome/127.0.0.0 Safari/537.36"
162.0.232.193 - - [15/Aug/2024:13:20:21 -0400] "GET /lookism-chapter-511/ HTTP/1.1" 200 11537 "-" "WP Rocket/Preload Mozilla/5.0 (iPhone; CPU iPhone OS 9_1 like Mac OS X) AppleWebKit/601.1.46 (KHTML, like Gecko) Version/9.0 Mobile/13B143 Safari/601.1"
2001:4c4e:1186:b800:4d97:3a94:8c8a:c9d1 - - [15/Aug/2024:13:20:22 -0400] "GET /wp-includes/js/comment-reply.min.js?ver=6.5.5 HTTP/1.1" 200 1228 "https://r.lookismmanga.com/comic/lookism-chapter-514/" "Mozilla/5.0 (Windows NT 10.0; Win64; x64) AppleWebKit/537.36 (KHTML, like Gecko) Chrome/127.0.0.0 Safari/537.36"
2001:4c4e:1186:b800:4d97:3a94:8c8a:c9d1 - - [15/Aug/2024:13:20:22 -0400] "GET /wp-content/plugins/disqus-comment-system/public/js/comment_embed.js?ver=3.1.1 HTTP/1.1" 200 653 "https://r.lookismmanga.com/comic/lookism-chapter-514/" "Mozilla/5.0 (Windows NT 10.0; Win64; x64) AppleWebKit/537.36 (KHTML, like Gecko) Chrome/127.0.0.0 Safari/537.36"
2001:4c4e:1186:b800:4d97:3a94:8c8a:c9d1 - - [15/Aug/2024:13:20:22 -0400] "GET /wp-content/plugins/disqus-comment-system/public/js/comment_count.js?ver=3.1.1 HTTP/1.1" 200 354 "https://r.lookismmanga.com/comic/lookism-chapter-514/" "Mozilla/5.0 (Windows NT 10.0; Win64; x64) AppleWebKit/537.36 (KHTML, like Gecko) Chrome/127.0.0.0 Safari/537.36"
2001:4c4e:1186:b800:4d97:3a94:8c8a:c9d1 - - [15/Aug/2024:13:20:22 -0400] "GET /wp-content/plugins/simple-social-buttons/assets/fonts/ssb-icon.ttf?eahqa2 HTTP/1.1" 200 6212 "https://r.lookismmanga.com/wp-content/plugins/simple-social-buttons/assets/css/front.css?ver=5.1.3" "Mozilla/5.0 (Windows NT 10.0; Win64; x64) AppleWebKit/537.36 (KHTML, like Gecko) Chrome/127.0.0.0 Safari/537.36"
162.0.232.193 - - [15/Aug/2024:13:20:23 -0400] "GET /comic/lookism-chapter-332/ HTTP/1.1" 200 13101 "-" "WP Rocket/Preload"
162.0.232.193 - - [15/Aug/2024:13:20:24 -0400] "GET /comic/lookism-chapter-332/ HTTP/1.1" 200 13100 "-" "WP Rocket/Preload Mozilla/5.0 (iPhone; CPU iPhone OS 9_1 like Mac OS X) AppleWebKit/601.1.46 (KHTML, like Gecko) Version/9.0 Mobile/13B143 Safari/601.1"
162.0.232.193 - - [15/Aug/2024:13:20:25 -0400] "GET /comic/lookism-chapter-90/ HTTP/1.1" 200 11711 "-" "WP Rocket/Preload"
162.0.232.193 - - [15/Aug/2024:13:20:27 -0400] "GET /comic/lookism-chapter-90/ HTTP/1.1" 200 11710 "-" "WP Rocket/Preload Mozilla/5.0 (iPhone; CPU iPhone OS 9_1 like Mac OS X) AppleWebKit/601.1.46 (KHTML, like Gecko) Version/9.0 Mobile/13B143 Safari/601.1"
162.0.232.193 - - [15/Aug/2024:13:20:28 -0400] "GET /comic/lookism-chapter-350/ HTTP/1.1" 200 12747 "-" "WP Rocket/Preload"
192.42.116.20 - - [15/Aug/2024:13:20:28 -0400] "GET /favicon.ico HTTP/1.1" 302 0 "https://r.lookismmanga.com/" "Mozilla/5.0 (Linux; Android 11) AppleWebKit/537.36 (KHTML, like Gecko) Version/4.0 Chrome/127.0.6533.103 Mobile DuckDuckGo/1 Safari/537.36"
162.0.232.193 - - [15/Aug/2024:13:20:29 -0400] "GET /comic/lookism-chapter-350/ HTTP/1.1" 200 12747 "-" "WP Rocket/Preload Mozilla/5.0 (iPhone; CPU iPhone OS 9_1 like Mac OS X) AppleWebKit/601.1.46 (KHTML, like Gecko) Version/9.0 Mobile/13B143 Safari/601.1"
162.0.232.193 - - [15/Aug/2024:13:20:30 -0400] "GET /comic/lookism-chapter-416/ HTTP/1.1" 200 11404 "-" "WP Rocket/Preload"
192.42.116.20 - - [15/Aug/2024:13:20:31 -0400] "GET /favicon.ico HTTP/1.1" 302 0 "https://r.lookismmanga.com/" "Mozilla/5.0 (Linux; Android 11) AppleWebKit/537.36 (KHTML, like Gecko) Version/4.0 Chrome/127.0.6533.103 Mobile DuckDuckGo/1 Safari/537.36"
162.0.232.193 - - [15/Aug/2024:13:20:31 -0400] "GET /comic/lookism-chapter-416/ HTTP/1.1" 200 11404 "-" "WP Rocket/Preload Mozilla/5.0 (iPhone; CPU iPhone OS 9_1 like Mac OS X) AppleWebKit/601.1.46 (KHTML, like Gecko) Version/9.0 Mobile/13B143 Safari/601.1"
162.0.232.193 - - [15/Aug/2024:13:20:33 -0400] "POST /wp-cron.php?doing_wp_cron=1723742432.9620048999786376953125 HTTP/1.1" 200 0 "-" "WordPress/6.5.5; https://r.lookismmanga.com"
192.42.116.20 - - [15/Aug/2024:13:20:32 -0400] "GET /favicon.ico HTTP/1.1" 302 0 "-" "DuckDuckGo/1 (privacy.browser.vpn; Android API 30)"
162.0.232.193 - - [15/Aug/2024:13:20:40 -0400] "POST /wp-cron.php?doing_wp_cron=1723742440.4878880977630615234375 HTTP/1.1" 200 0 "-" "WordPress/6.5.5; https://r.lookismmanga.com"
192.42.116.20 - - [15/Aug/2024:13:20:40 -0400] "GET /favicon.ico HTTP/1.1" 302 0 "https://r.lookismmanga.com/" "Mozilla/5.0 (Linux; Android 11) AppleWebKit/537.36 (KHTML, like Gecko) Version/4.0 Chrome/127.0.6533.103 Mobile DuckDuckGo/1 Safari/537.36"
192.42.116.20 - - [15/Aug/2024:13:20:40 -0400] "GET / HTTP/1.1" 200 11596 "https://duckduckgo.com/" "Mozilla/5.0 (Linux; Android 11) AppleWebKit/537.36 (KHTML, like Gecko) Version/4.0 Chrome/127.0.6533.103 Mobile DuckDuckGo/1 Safari/537.36"
162.0.232.193 - - [15/Aug/2024:13:20:41 -0400] "GET /comic/lookism-chapter-7/ HTTP/1.1" 200 11610 "-" "WP Rocket/Preload"
162.0.232.193 - - [15/Aug/2024:13:20:42 -0400] "GET /comic/lookism-chapter-7/ HTTP/1.1" 200 11611 "-" "WP Rocket/Preload Mozilla/5.0 (iPhone; CPU iPhone OS 9_1 like Mac OS X) AppleWebKit/601.1.46 (KHTML, like Gecko) Version/9.0 Mobile/13B143 Safari/601.1"
162.0.232.193 - - [15/Aug/2024:13:20:43 -0400] "GET /comic/lookism-chapter-8/ HTTP/1.1" 200 11533 "-" "WP Rocket/Preload"
162.0.232.193 - - [15/Aug/2024:13:20:45 -0400] "GET /comic/lookism-chapter-8/ HTTP/1.1" 200 11559 "-" "WP Rocket/Preload Mozilla/5.0 (iPhone; CPU iPhone OS 9_1 like Mac OS X) AppleWebKit/601.1.46 (KHTML, like Gecko) Version/9.0 Mobile/13B143 Safari/601.1"
162.0.232.193 - - [15/Aug/2024:13:20:46 -0400] "GET /comic/lookism-chapter-269/ HTTP/1.1" 200 13090 "-" "WP Rocket/Preload"
162.0.232.193 - - [15/Aug/2024:13:20:47 -0400] "GET /comic/lookism-chapter-269/ HTTP/1.1" 200 13090 "-" "WP Rocket/Preload Mozilla/5.0 (iPhone; CPU iPhone OS 9_1 like Mac OS X) AppleWebKit/601.1.46 (KHTML, like Gecko) Version/9.0 Mobile/13B143 Safari/601.1"
192.42.116.20 - - [15/Aug/2024:13:20:48 -0400] "GET / HTTP/1.1" 200 11596 "https://r.lookismmanga.com/" "Mozilla/5.0 (Linux; Android 11) AppleWebKit/537.36 (KHTML, like Gecko) Version/4.0 Chrome/127.0.6533.103 Mobile DuckDuckGo/1 Safari/537.36"
162.0.232.193 - - [15/Aug/2024:13:20:48 -0400] "GET /comic/lookism-chapter-6/ HTTP/1.1" 200 11678 "-" "WP Rocket/Preload"
162.0.232.193 - - [15/Aug/2024:13:20:49 -0400] "GET /comic/lookism-chapter-6/ HTTP/1.1" 200 11502 "-" "WP Rocket/Preload Mozilla/5.0 (iPhone; CPU iPhone OS 9_1 like Mac OS X) AppleWebKit/601.1.46 (KHTML, like Gecko) Version/9.0 Mobile/13B143 Safari/601.1"
162.0.232.193 - - [15/Aug/2024:13:20:50 -0400] "GET /category/read-lookism/ HTTP/1.1" 200 8736 "-" "WP Rocket/Preload"
162.0.232.193 - - [15/Aug/2024:13:20:51 -0400] "GET /category/read-lookism/ HTTP/1.1" 200 8736 "-" "WP Rocket/Preload Mozilla/5.0 (iPhone; CPU iPhone OS 9_1 like Mac OS X) AppleWebKit/601.1.46 (KHTML, like Gecko) Version/9.0 Mobile/13B143 Safari/601.1"
162.0.232.193 - - [15/Aug/2024:13:20:52 -0400] "GET /comic/lookism-chapter-497/ HTTP/1.1" 200 11404 "-" "WP Rocket/Preload"
192.42.116.20 - - [15/Aug/2024:13:20:54 -0400] "GET /favicon.ico HTTP/1.1" 302 0 "-" "DuckDuckGo/1 (privacy.browser.vpn; Android API 30)"
162.0.232.193 - - [15/Aug/2024:13:20:54 -0400] "GET /comic/lookism-chapter-497/ HTTP/1.1" 200 11561 "-" "WP Rocket/Preload Mozilla/5.0 (iPhone; CPU iPhone OS 9_1 like Mac OS X) AppleWebKit/601.1.46 (KHTML, like Gecko) Version/9.0 Mobile/13B143 Safari/601.1"
162.0.232.193 - - [15/Aug/2024:13:20:55 -0400] "GET /comic/lookism-chapter-476/ HTTP/1.1" 200 11411 "-" "WP Rocket/Preload"
192.42.116.20 - - [15/Aug/2024:13:20:56 -0400] "GET /comic/lookism-chapter-514/ HTTP/1.1" 200 10640 "https://r.lookismmanga.com/" "Mozilla/5.0 (Linux; Android 11) AppleWebKit/537.36 (KHTML, like Gecko) Version/4.0 Chrome/127.0.6533.103 Mobile DuckDuckGo/1 Safari/537.36"
162.0.232.193 - - [15/Aug/2024:13:20:56 -0400] "GET /comic/lookism-chapter-476/ HTTP/1.1" 200 11453 "-" "WP Rocket/Preload Mozilla/5.0 (iPhone; CPU iPhone OS 9_1 like Mac OS X) AppleWebKit/601.1.46 (KHTML, like Gecko) Version/9.0 Mobile/13B143 Safari/601.1"
162.0.232.193 - - [15/Aug/2024:13:20:57 -0400] "GET /comic/lookism-chapter-15/ HTTP/1.1" 200 11123 "-" "WP Rocket/Preload"
162.0.232.193 - - [15/Aug/2024:13:20:58 -0400] "GET /comic/lookism-chapter-15/ HTTP/1.1" 200 11291 "-" "WP Rocket/Preload Mozilla/5.0 (iPhone; CPU iPhone OS 9_1 like Mac OS X) AppleWebKit/601.1.46 (KHTML, like Gecko) Version/9.0 Mobile/13B143 Safari/601.1"
40.77.167.30 - - [15/Aug/2024:13:21:00 -0400] "GET /sitemap_index.xml HTTP/1.1" 200 336 "-" "Mozilla/5.0 AppleWebKit/537.36 (KHTML, like Gecko; compatible; bingbot/2.0; +http://www.bing.com/bingbot.htm) Chrome/116.0.1938.76 Safari/537.36"
162.0.232.193 - - [15/Aug/2024:13:21:00 -0400] "GET /category/lookism-webtoon/ HTTP/1.1" 200 10338 "-" "WP Rocket/Preload"
162.0.232.193 - - [15/Aug/2024:13:21:01 -0400] "GET /category/lookism-webtoon/ HTTP/1.1" 200 10332 "-" "WP Rocket/Preload Mozilla/5.0 (iPhone; CPU iPhone OS 9_1 like Mac OS X) AppleWebKit/601.1.46 (KHTML, like Gecko) Version/9.0 Mobile/13B143 Safari/601.1"
162.0.232.193 - - [15/Aug/2024:13:21:02 -0400] "GET /category/lookism-spoilers/ HTTP/1.1" 200 10473 "-" "WP Rocket/Preload"
162.0.232.193 - - [15/Aug/2024:13:21:03 -0400] "GET /category/lookism-spoilers/ HTTP/1.1" 200 10476 "-" "WP Rocket/Preload Mozilla/5.0 (iPhone; CPU iPhone OS 9_1 like Mac OS X) AppleWebKit/601.1.46 (KHTML, like Gecko) Version/9.0 Mobile/13B143 Safari/601.1"
162.0.232.193 - - [15/Aug/2024:13:21:24 -0400] "POST /wp-cron.php?doing_wp_cron=1723742484.6905341148376464843750 HTTP/1.1" 200 0 "-" "WordPress/6.5.5; https://r.lookismmanga.com"
192.42.116.20 - - [15/Aug/2024:13:21:24 -0400] "GET /?s=515 HTTP/1.1" 200 10150 "https://r.lookismmanga.com/comic/lookism-chapter-514/" "Mozilla/5.0 (Linux; Android 11) AppleWebKit/537.36 (KHTML, like Gecko) Version/4.0 Chrome/127.0.6533.103 Mobile DuckDuckGo/1 Safari/537.36"
192.42.116.20 - - [15/Aug/2024:13:21:25 -0400] "GET /?s=515 HTTP/1.1" 200 10148 "https://r.lookismmanga.com/comic/lookism-chapter-514/" "Mozilla/5.0 (Linux; Android 11) AppleWebKit/537.36 (KHTML, like Gecko) Version/4.0 Chrome/127.0.6533.103 Mobile DuckDuckGo/1 Safari/537.36"
192.42.116.20 - - [15/Aug/2024:13:21:27 -0400] "GET /favicon.ico HTTP/1.1" 302 0 "-" "DuckDuckGo/1 (privacy.browser.vpn; Android API 30)"
103.203.47.58 - - [15/Aug/2024:13:21:28 -0400] "GET / HTTP/1.1" 200 11603 "https://www.bing.com/" "Mozilla/5.0 (Linux; Android 9; KFTRWI) AppleWebKit/537.36 (KHTML, like Gecko) Silk/126.4.6 like Chrome/126.0.6478.238 Safari/537.36"
192.42.116.20 - - [15/Aug/2024:13:21:29 -0400] "GET /favicon.ico HTTP/1.1" 302 0 "-" "DuckDuckGo/1 (privacy.browser.vpn; Android API 30)"
103.203.47.56 - - [15/Aug/2024:13:21:34 -0400] "GET /comic/lookism-chapter-511/ HTTP/1.1" 200 11103 "https://www.bing.com/" "Mozilla/5.0 (Linux; Android 9; KFTRWI) AppleWebKit/537.36 (KHTML, like Gecko) Silk/126.4.6 like Chrome/126.0.6478.238 Safari/537.36"
192.42.116.20 - - [15/Aug/2024:13:21:35 -0400] "GET /favicon.ico HTTP/1.1" 302 0 "-" "DuckDuckGo/1 (privacy.browser.vpn; Android API 30)"
192.42.116.20 - - [15/Aug/2024:13:21:37 -0400] "GET / HTTP/1.1" 200 11596 "-" "Mozilla/5.0 (Linux; Android 11) AppleWebKit/537.36 (KHTML, like Gecko) Version/4.0 Chrome/127.0.6533.103 Mobile DuckDuckGo/1 Safari/537.36"
103.203.47.56 - - [15/Aug/2024:13:21:40 -0400] "GET /comic/lookism-chapter-513/ HTTP/1.1" 200 11063 "https://r.lookismmanga.com/" "Mozilla/5.0 (Linux; Android 9; KFTRWI) AppleWebKit/537.36 (KHTML, like Gecko) Silk/126.4.6 like Chrome/126.0.6478.238 Safari/537.36"
103.203.47.56 - - [15/Aug/2024:13:21:48 -0400] "GET /comic/lookism-chapter-513/ HTTP/1.1" 200 11063 "https://r.lookismmanga.com/" "Mozilla/5.0 (Linux; Android 9; KFTRWI) AppleWebKit/537.36 (KHTML, like Gecko) Silk/126.4.6 like Chrome/126.0.6478.238 Safari/537.36"
103.203.47.56 - - [15/Aug/2024:13:21:49 -0400] "GET /comic/lookism-chapter-511-2/ HTTP/1.1" 200 11085 "https://r.lookismmanga.com/" "Mozilla/5.0 (Linux; Android 9; KFTRWI) AppleWebKit/537.36 (KHTML, like Gecko) Silk/126.4.6 like Chrome/126.0.6478.238 Safari/537.36"
103.203.47.56 - - [15/Aug/2024:13:21:49 -0400] "GET /comic/lookism-chapter-513/ HTTP/1.1" 200 11110 "https://r.lookismmanga.com/" "Mozilla/5.0 (Linux; Android 9; KFTRWI) AppleWebKit/537.36 (KHTML, like Gecko) Silk/126.4.6 like Chrome/126.0.6478.238 Safari/537.36"
103.203.47.60 - - [15/Aug/2024:13:21:59 -0400] "GET /comic/lookism-chapter-513/ HTTP/1.1" 200 11110 "https://r.lookismmanga.com/" "Mozilla/5.0 (Linux; Android 9; KFTRWI) AppleWebKit/537.36 (KHTML, like Gecko) Silk/126.4.6 like Chrome/126.0.6478.238 Safari/537.36"
103.203.47.60 - - [15/Aug/2024:13:22:00 -0400] "GET /comic/lookism-chapter-513/ HTTP/1.1" 200 11063 "https://r.lookismmanga.com/" "Mozilla/5.0 (Linux; Android 9; KFTRWI) AppleWebKit/537.36 (KHTML, like Gecko) Silk/126.4.6 like Chrome/126.0.6478.238 Safari/537.36"
103.203.47.60 - - [15/Aug/2024:13:22:00 -0400] "GET /comic/lookism-chapter-511/ HTTP/1.1" 200 11103 "https://www.bing.com/" "Mozilla/5.0 (Linux; Android 9; KFTRWI) AppleWebKit/537.36 (KHTML, like Gecko) Silk/126.4.6 like Chrome/126.0.6478.238 Safari/537.36"
103.203.47.60 - - [15/Aug/2024:13:22:01 -0400] "GET /wp-content/uploads/2024/02/MV5BMmI0NjY3NWYtMjEyYi00MjBlLWE4NDktNzNjZWNjMGUyY2U2XkEyXkFqcGdeQXVyMTUzNjM4ODE1._V1_-1260x709.jpg HTTP/1.1" 200 95093 "https://r.lookismmanga.com/comic/lookism-chapter-511/" "Mozilla/5.0 (Linux; Android 9; KFTRWI) AppleWebKit/537.36 (KHTML, like Gecko) Silk/126.4.6 like Chrome/126.0.6478.238 Safari/537.36"
103.203.47.60 - - [15/Aug/2024:13:22:11 -0400] "GET /comic/lookism-chapter-514/ HTTP/1.1" 200 10596 "https://r.lookismmanga.com/comic/lookism-chapter-511/" "Mozilla/5.0 (Linux; Android 9; KFTRWI) AppleWebKit/537.36 (KHTML, like Gecko) Silk/126.4.6 like Chrome/126.0.6478.238 Safari/537.36"
103.203.47.60 - - [15/Aug/2024:13:22:16 -0400] "GET /comic/lookism-chapter-514/ HTTP/1.1" 200 10596 "https://r.lookismmanga.com/comic/lookism-chapter-511/" "Mozilla/5.0 (Linux; Android 9; KFTRWI) AppleWebKit/537.36 (KHTML, like Gecko) Silk/126.4.6 like Chrome/126.0.6478.238 Safari/537.36"
105.30.26.114 - - [15/Aug/2024:13:22:24 -0400] "GET / HTTP/1.1" 200 11596 "https://www.bing.com/" "Mozilla/5.0 (Linux; Android 10; K) AppleWebKit/537.36 (KHTML, like Gecko) Chrome/127.0.0.0 Mobile Safari/537.36 EdgA/127.0.0.0"
105.30.26.114 - - [15/Aug/2024:13:22:24 -0400] "GET /wp-content/plugins/simple-social-buttons/assets/js/front.js?ver=5.1.3 HTTP/1.1" 200 1577 "https://r.lookismmanga.com/" "Mozilla/5.0 (Linux; Android 10; K) AppleWebKit/537.36 (KHTML, like Gecko) Chrome/127.0.0.0 Mobile Safari/537.36 EdgA/127.0.0.0"
105.30.26.114 - - [15/Aug/2024:13:22:25 -0400] "GET /wp-includes/css/dist/block-library/style.min.css?ver=6.5.5 HTTP/1.1" 200 14071 "https://r.lookismmanga.com/" "Mozilla/5.0 (Linux; Android 10; K) AppleWebKit/537.36 (KHTML, like Gecko) Chrome/127.0.0.0 Mobile Safari/537.36 EdgA/127.0.0.0"
105.30.26.114 - - [15/Aug/2024:13:22:25 -0400] "GET /wp-content/plugins/simple-social-buttons/assets/css/front.css?ver=5.1.3 HTTP/1.1" 200 9767 "https://r.lookismmanga.com/" "Mozilla/5.0 (Linux; Android 10; K) AppleWebKit/537.36 (KHTML, like Gecko) Chrome/127.0.0.0 Mobile Safari/537.36 EdgA/127.0.0.0"
105.30.26.114 - - [15/Aug/2024:13:22:25 -0400] "GET /wp-content/plugins/widgets-on-pages/public/css/widgets-on-pages-public.css?ver=1.4.0 HTTP/1.1" 200 83 "https://r.lookismmanga.com/" "Mozilla/5.0 (Linux; Android 10; K) AppleWebKit/537.36 (KHTML, like Gecko) Chrome/127.0.0.0 Mobile Safari/537.36 EdgA/127.0.0.0"
105.30.26.114 - - [15/Aug/2024:13:22:25 -0400] "GET /wp-content/themes/toivo-lite/fonts/genericons/genericons/genericons.min.css?ver=3.3 HTTP/1.1" 200 15959 "https://r.lookismmanga.com/" "Mozilla/5.0 (Linux; Android 10; K) AppleWebKit/537.36 (KHTML, like Gecko) Chrome/127.0.0.0 Mobile Safari/537.36 EdgA/127.0.0.0"
105.30.26.114 - - [15/Aug/2024:13:22:25 -0400] "GET /wp-content/themes/toivo-lite/style.css?ver=1.2.0 HTTP/1.1" 200 13718 "https://r.lookismmanga.com/" "Mozilla/5.0 (Linux; Android 10; K) AppleWebKit/537.36 (KHTML, like Gecko) Chrome/127.0.0.0 Mobile Safari/537.36 EdgA/127.0.0.0"
105.30.26.114 - - [15/Aug/2024:13:22:25 -0400] "GET /wp-includes/js/jquery/jquery.min.js?ver=3.7.1 HTTP/1.1" 200 29744 "https://r.lookismmanga.com/" "Mozilla/5.0 (Linux; Android 10; K) AppleWebKit/537.36 (KHTML, like Gecko) Chrome/127.0.0.0 Mobile Safari/537.36 EdgA/127.0.0.0"
105.30.26.114 - - [15/Aug/2024:13:22:25 -0400] "GET /wp-includes/js/jquery/jquery-migrate.min.js?ver=3.4.1 HTTP/1.1" 200 4678 "https://r.lookismmanga.com/" "Mozilla/5.0 (Linux; Android 10; K) AppleWebKit/537.36 (KHTML, like Gecko) Chrome/127.0.0.0 Mobile Safari/537.36 EdgA/127.0.0.0"
105.30.26.114 - - [15/Aug/2024:13:22:25 -0400] "GET /wp-content/plugins/simple-social-buttons/assets/js/frontend-blocks.js?ver=5.1.3 HTTP/1.1" 200 0 "https://r.lookismmanga.com/" "Mozilla/5.0 (Linux; Android 10; K) AppleWebKit/537.36 (KHTML, like Gecko) Chrome/127.0.0.0 Mobile Safari/537.36 EdgA/127.0.0.0"
105.30.26.114 - - [15/Aug/2024:13:22:25 -0400] "GET /wp-content/uploads/2024/02/lookismkmanhwabookvolume17dkshop.jpg HTTP/1.1" 200 108104 "https://r.lookismmanga.com/" "Mozilla/5.0 (Linux; Android 10; K) AppleWebKit/537.36 (KHTML, like Gecko) Chrome/127.0.0.0 Mobile Safari/537.36 EdgA/127.0.0.0"
105.30.26.114 - - [15/Aug/2024:13:22:25 -0400] "GET /wp-content/plugins/comic-easel/js/keynav.js HTTP/1.1" 200 302 "https://r.lookismmanga.com/" "Mozilla/5.0 (Linux; Android 10; K) AppleWebKit/537.36 (KHTML, like Gecko) Chrome/127.0.0.0 Mobile Safari/537.36 EdgA/127.0.0.0"
105.30.26.114 - - [15/Aug/2024:13:22:25 -0400] "GET /wp-content/uploads/2024/02/lookismkmanhwabookvolume5dkshop.webp HTTP/1.1" 200 97320 "https://r.lookismmanga.com/" "Mozilla/5.0 (Linux; Android 10; K) AppleWebKit/537.36 (KHTML, like Gecko) Chrome/127.0.0.0 Mobile Safari/537.36 EdgA/127.0.0.0"
105.30.26.114 - - [15/Aug/2024:13:22:25 -0400] "GET /wp-content/uploads/2024/02/cropped-MV5BMmI0NjY3NWYtMjEyYi00MjBlLWE4NDktNzNjZWNjMGUyY2U2XkEyXkFqcGdeQXVyMTUzNjM4ODE1._V1_.jpg HTTP/1.1" 200 88480 "https://r.lookismmanga.com/" "Mozilla/5.0 (Linux; Android 10; K) AppleWebKit/537.36 (KHTML, like Gecko) Chrome/127.0.0.0 Mobile Safari/537.36 EdgA/127.0.0.0"
105.30.26.114 - - [15/Aug/2024:13:22:25 -0400] "GET /wp-content/themes/toivo-lite/js/responsive-nav.min.js?ver=1.2.0 HTTP/1.1" 200 2102 "https://r.lookismmanga.com/" "Mozilla/5.0 (Linux; Android 10; K) AppleWebKit/537.36 (KHTML, like Gecko) Chrome/127.0.0.0 Mobile Safari/537.36 EdgA/127.0.0.0"
105.30.26.114 - - [15/Aug/2024:13:22:25 -0400] "GET /wp-content/themes/toivo-lite/js/functions.min.js?ver=1.2.0 HTTP/1.1" 200 593 "https://r.lookismmanga.com/" "Mozilla/5.0 (Linux; Android 10; K) AppleWebKit/537.36 (KHTML, like Gecko) Chrome/127.0.0.0 Mobile Safari/537.36 EdgA/127.0.0.0"
105.30.26.114 - - [15/Aug/2024:13:22:26 -0400] "GET /wp-content/themes/toivo-lite/js/settings.min.js?ver=1.2.0 HTTP/1.1" 200 307 "https://r.lookismmanga.com/" "Mozilla/5.0 (Linux; Android 10; K) AppleWebKit/537.36 (KHTML, like Gecko) Chrome/127.0.0.0 Mobile Safari/537.36 EdgA/127.0.0.0"
105.30.26.114 - - [15/Aug/2024:13:22:27 -0400] "GET /wp-content/uploads/2024/02/cropped-if-the-anime-continues-and-reaches-the-point-of-current-v0-frhh1uf0zj5a1-192x192.webp HTTP/1.1" 200 4440 "https://r.lookismmanga.com/" "Mozilla/5.0 (Linux; Android 10; K) AppleWebKit/537.36 (KHTML, like Gecko) Chrome/127.0.0.0 Mobile Safari/537.36 EdgA/127.0.0.0"
105.30.26.114 - - [15/Aug/2024:13:22:27 -0400] "GET /wp-content/uploads/2024/02/cropped-if-the-anime-continues-and-reaches-the-point-of-current-v0-frhh1uf0zj5a1-180x180.webp HTTP/1.1" 200 4302 "https://r.lookismmanga.com/" "Mozilla/5.0 (Linux; Android 10; K) AppleWebKit/537.36 (KHTML, like Gecko) Chrome/127.0.0.0 Mobile Safari/537.36 EdgA/127.0.0.0"
105.30.26.114 - - [15/Aug/2024:13:22:32 -0400] "GET /comic/lookism-chapter-514/ HTTP/1.1" 200 10578 "https://r.lookismmanga.com/" "Mozilla/5.0 (Linux; Android 10; K) AppleWebKit/537.36 (KHTML, like Gecko) Chrome/127.0.0.0 Mobile Safari/537.36 EdgA/127.0.0.0"
105.30.26.114 - - [15/Aug/2024:13:22:32 -0400] "GET /wp-content/plugins/wp-automatic/js/main-front.js?ver=6.5.5 HTTP/1.1" 200 316 "https://r.lookismmanga.com/comic/lookism-chapter-514/" "Mozilla/5.0 (Linux; Android 10; K) AppleWebKit/537.36 (KHTML, like Gecko) Chrome/127.0.0.0 Mobile Safari/537.36 EdgA/127.0.0.0"
105.30.26.114 - - [15/Aug/2024:13:22:32 -0400] "GET /wp-content/plugins/wp-automatic/css/wp-automatic.css?ver=1.0.0 HTTP/1.1" 200 537 "https://r.lookismmanga.com/comic/lookism-chapter-514/" "Mozilla/5.0 (Linux; Android 10; K) AppleWebKit/537.36 (KHTML, like Gecko) Chrome/127.0.0.0 Mobile Safari/537.36 EdgA/127.0.0.0"
105.30.26.114 - - [15/Aug/2024:13:22:33 -0400] "GET /wp-content/plugins/disqus-comment-system/public/js/comment_count.js?ver=3.1.1 HTTP/1.1" 200 354 "https://r.lookismmanga.com/comic/lookism-chapter-514/" "Mozilla/5.0 (Linux; Android 10; K) AppleWebKit/537.36 (KHTML, like Gecko) Chrome/127.0.0.0 Mobile Safari/537.36 EdgA/127.0.0.0"
105.30.26.114 - - [15/Aug/2024:13:22:33 -0400] "GET /wp-content/plugins/disqus-comment-system/public/js/comment_embed.js?ver=3.1.1 HTTP/1.1" 200 653 "https://r.lookismmanga.com/comic/lookism-chapter-514/" "Mozilla/5.0 (Linux; Android 10; K) AppleWebKit/537.36 (KHTML, like Gecko) Chrome/127.0.0.0 Mobile Safari/537.36 EdgA/127.0.0.0"
105.30.26.114 - - [15/Aug/2024:13:22:33 -0400] "GET /wp-content/plugins/simple-social-buttons/assets/fonts/ssb-icon.ttf?eahqa2 HTTP/1.1" 200 6212 "https://r.lookismmanga.com/wp-content/plugins/simple-social-buttons/assets/css/front.css?ver=5.1.3" "Mozilla/5.0 (Linux; Android 10; K) AppleWebKit/537.36 (KHTML, like Gecko) Chrome/127.0.0.0 Mobile Safari/537.36 EdgA/127.0.0.0"
105.30.26.114 - - [15/Aug/2024:13:22:33 -0400] "GET /wp-includes/js/comment-reply.min.js?ver=6.5.5 HTTP/1.1" 200 1228 "https://r.lookismmanga.com/comic/lookism-chapter-514/" "Mozilla/5.0 (Linux; Android 10; K) AppleWebKit/537.36 (KHTML, like Gecko) Chrome/127.0.0.0 Mobile Safari/537.36 EdgA/127.0.0.0"
92.238.22.188 - - [15/Aug/2024:13:23:29 -0400] "GET / HTTP/1.1" 304 0 "https://www.bing.com/" "Mozilla/5.0 (Windows NT 10.0; Win64; x64) AppleWebKit/537.36 (KHTML, like Gecko) Chrome/127.0.0.0 Safari/537.36 Edg/127.0.0.0"
2001:4452:46e:ea00:2859:3146:7c22:32be - - [15/Aug/2024:13:23:33 -0400] "GET / HTTP/1.1" 304 0 "-" "Mozilla/5.0 (Linux; Android 13; SM-A326U1 Build/TP1A.220624.014; wv) AppleWebKit/537.36 (KHTML, like Gecko) Version/4.0 Chrome/127.0.6533.103 Mobile Safari/537.36"
92.238.22.188 - - [15/Aug/2024:13:23:36 -0400] "GET / HTTP/1.1" 304 0 "https://www.bing.com/" "Mozilla/5.0 (Windows NT 10.0; Win64; x64) AppleWebKit/537.36 (KHTML, like Gecko) Chrome/127.0.0.0 Safari/537.36 Edg/127.0.0.0"
92.238.22.188 - - [15/Aug/2024:13:23:39 -0400] "GET / HTTP/1.1" 304 0 "https://www.bing.com/" "Mozilla/5.0 (Windows NT 10.0; Win64; x64) AppleWebKit/537.36 (KHTML, like Gecko) Chrome/127.0.0.0 Safari/537.36 Edg/127.0.0.0"
188.146.120.104 - - [15/Aug/2024:13:23:39 -0400] "GET / HTTP/1.1" 200 11603 "https://www.bing.com/" "Mozilla/5.0 (Windows NT 10.0; Win64; x64) AppleWebKit/537.36 (KHTML, like Gecko) Chrome/127.0.0.0 Safari/537.36 Edg/127.0.0.0"
188.146.120.104 - - [15/Aug/2024:13:23:48 -0400] "GET /comic/lookism-chapter-513/ HTTP/1.1" 200 11063 "https://r.lookismmanga.com/" "Mozilla/5.0 (Windows NT 10.0; Win64; x64) AppleWebKit/537.36 (KHTML, like Gecko) Chrome/127.0.0.0 Safari/537.36 Edg/127.0.0.0"
188.146.120.104 - - [15/Aug/2024:13:23:49 -0400] "GET /comic/lookism-chapter-514/ HTTP/1.1" 200 10596 "https://r.lookismmanga.com/" "Mozilla/5.0 (Windows NT 10.0; Win64; x64) AppleWebKit/537.36 (KHTML, like Gecko) Chrome/127.0.0.0 Safari/537.36 Edg/127.0.0.0"
2601:5cb:c000:2d10:505f:5b5d:c2c7:b08a - - [15/Aug/2024:13:24:03 -0400] "GET / HTTP/1.1" 200 11596 "https://www.bing.com/" "Mozilla/5.0 (iPhone; CPU iPhone OS 16_6 like Mac OS X) AppleWebKit/605.1.15 (KHTML, like Gecko) Version/16.6 Mobile/15E148 Safari/604.1"
105.30.26.114 - - [15/Aug/2024:13:24:04 -0400] "GET /comic/lookism-chapter-511/ HTTP/1.1" 200 11160 "https://www.bing.com/" "Mozilla/5.0 (Linux; Android 10; K) AppleWebKit/537.36 (KHTML, like Gecko) Chrome/127.0.0.0 Mobile Safari/537.36 EdgA/127.0.0.0"
105.30.26.114 - - [15/Aug/2024:13:24:05 -0400] "GET /wp-content/uploads/2024/02/MV5BMmI0NjY3NWYtMjEyYi00MjBlLWE4NDktNzNjZWNjMGUyY2U2XkEyXkFqcGdeQXVyMTUzNjM4ODE1._V1_-1024x576.jpg HTTP/1.1" 200 70245 "https://r.lookismmanga.com/comic/lookism-chapter-511/" "Mozilla/5.0 (Linux; Android 10; K) AppleWebKit/537.36 (KHTML, like Gecko) Chrome/127.0.0.0 Mobile Safari/537.36 EdgA/127.0.0.0"
162.0.232.193 - - [15/Aug/2024:13:24:06 -0400] "POST /wp-cron.php?doing_wp_cron=1723742646.0321700572967529296875 HTTP/1.1" 200 0 "-" "WordPress/6.5.5; https://r.lookismmanga.com"
105.30.26.114 - - [15/Aug/2024:13:24:05 -0400] "POST /wp-admin/admin-ajax.php HTTP/1.1" 200 69 "https://r.lookismmanga.com/comic/lookism-chapter-511/" "Mozilla/5.0 (Linux; Android 10; K) AppleWebKit/537.36 (KHTML, like Gecko) Chrome/127.0.0.0 Mobile Safari/537.36 EdgA/127.0.0.0"
162.0.232.193 - - [15/Aug/2024:13:24:06 -0400] "GET /comic/lookism-chapter-193/ HTTP/1.1" 200 12513 "-" "WP Rocket/Preload"
105.30.26.114 - - [15/Aug/2024:13:24:07 -0400] "GET /comic/lookism-chapter-510/ HTTP/1.1" 200 11675 "https://r.lookismmanga.com/comic/lookism-chapter-511/" "Mozilla/5.0 (Linux; Android 10; K) AppleWebKit/537.36 (KHTML, like Gecko) Chrome/127.0.0.0 Mobile Safari/537.36 EdgA/127.0.0.0"
2601:5cb:c000:2d10:505f:5b5d:c2c7:b08a - - [15/Aug/2024:13:24:08 -0400] "GET /comic/lookism-chapter-514/ HTTP/1.1" 200 10640 "https://r.lookismmanga.com/" "Mozilla/5.0 (iPhone; CPU iPhone OS 16_6 like Mac OS X) AppleWebKit/605.1.15 (KHTML, like Gecko) Version/16.6 Mobile/15E148 Safari/604.1"
162.0.232.193 - - [15/Aug/2024:13:24:08 -0400] "GET /comic/lookism-chapter-193/ HTTP/1.1" 200 12511 "-" "WP Rocket/Preload Mozilla/5.0 (iPhone; CPU iPhone OS 9_1 like Mac OS X) AppleWebKit/601.1.46 (KHTML, like Gecko) Version/9.0 Mobile/13B143 Safari/601.1"
105.30.26.114 - - [15/Aug/2024:13:24:09 -0400] "GET /comic/lookism-chapter-514/ HTTP/1.1" 304 0 "https://r.lookismmanga.com/comic/lookism-chapter-511/" "Mozilla/5.0 (Linux; Android 10; K) AppleWebKit/537.36 (KHTML, like Gecko) Chrome/127.0.0.0 Mobile Safari/537.36 EdgA/127.0.0.0"
162.0.232.193 - - [15/Aug/2024:13:24:09 -0400] "GET /comic/lookism-chapter-176/ HTTP/1.1" 200 12647 "-" "WP Rocket/Preload"
162.0.232.193 - - [15/Aug/2024:13:24:10 -0400] "GET /comic/lookism-chapter-176/ HTTP/1.1" 200 12651 "-" "WP Rocket/Preload Mozilla/5.0 (iPhone; CPU iPhone OS 9_1 like Mac OS X) AppleWebKit/601.1.46 (KHTML, like Gecko) Version/9.0 Mobile/13B143 Safari/601.1"
162.0.232.193 - - [15/Aug/2024:13:24:12 -0400] "GET /comic/lookism-chapter-74/ HTTP/1.1" 200 11624 "-" "WP Rocket/Preload"
162.0.232.193 - - [15/Aug/2024:13:24:13 -0400] "GET /comic/lookism-chapter-74/ HTTP/1.1" 200 11627 "-" "WP Rocket/Preload Mozilla/5.0 (iPhone; CPU iPhone OS 9_1 like Mac OS X) AppleWebKit/601.1.46 (KHTML, like Gecko) Version/9.0 Mobile/13B143 Safari/601.1"
162.0.232.193 - - [15/Aug/2024:13:24:14 -0400] "GET /comic/lookism-chapter-111/ HTTP/1.1" 200 11608 "-" "WP Rocket/Preload"
162.0.232.193 - - [15/Aug/2024:13:24:15 -0400] "GET /comic/lookism-chapter-111/ HTTP/1.1" 200 11608 "-" "WP Rocket/Preload Mozilla/5.0 (iPhone; CPU iPhone OS 9_1 like Mac OS X) AppleWebKit/601.1.46 (KHTML, like Gecko) Version/9.0 Mobile/13B143 Safari/601.1"
162.0.232.193 - - [15/Aug/2024:13:24:17 -0400] "GET /comic/lookism-chapter-41/ HTTP/1.1" 200 11425 "-" "WP Rocket/Preload"
188.146.120.104 - - [15/Aug/2024:13:24:18 -0400] "GET / HTTP/1.1" 304 0 "https://www.bing.com/" "Mozilla/5.0 (Windows NT 10.0; Win64; x64) AppleWebKit/537.36 (KHTML, like Gecko) Chrome/127.0.0.0 Safari/537.36 Edg/127.0.0.0"
162.0.232.193 - - [15/Aug/2024:13:24:18 -0400] "GET /comic/lookism-chapter-41/ HTTP/1.1" 200 11424 "-" "WP Rocket/Preload Mozilla/5.0 (iPhone; CPU iPhone OS 9_1 like Mac OS X) AppleWebKit/601.1.46 (KHTML, like Gecko) Version/9.0 Mobile/13B143 Safari/601.1"
162.0.232.193 - - [15/Aug/2024:13:24:19 -0400] "GET /comic/lookism-chapter-89/ HTTP/1.1" 200 11498 "-" "WP Rocket/Preload"
162.0.232.193 - - [15/Aug/2024:13:24:20 -0400] "GET /comic/lookism-chapter-89/ HTTP/1.1" 200 11498 "-" "WP Rocket/Preload Mozilla/5.0 (iPhone; CPU iPhone OS 9_1 like Mac OS X) AppleWebKit/601.1.46 (KHTML, like Gecko) Version/9.0 Mobile/13B143 Safari/601.1"
162.0.232.193 - - [15/Aug/2024:13:24:21 -0400] "GET /comic/lookism-chapter-278/ HTTP/1.1" 200 13024 "-" "WP Rocket/Preload"
162.0.232.193 - - [15/Aug/2024:13:24:22 -0400] "GET /comic/lookism-chapter-278/ HTTP/1.1" 200 13025 "-" "WP Rocket/Preload Mozilla/5.0 (iPhone; CPU iPhone OS 9_1 like Mac OS X) AppleWebKit/601.1.46 (KHTML, like Gecko) Version/9.0 Mobile/13B143 Safari/601.1"
162.0.232.193 - - [15/Aug/2024:13:24:23 -0400] "GET /comic/lookism-chapter-37/ HTTP/1.1" 200 11474 "-" "WP Rocket/Preload"
162.0.232.193 - - [15/Aug/2024:13:24:24 -0400] "GET /comic/lookism-chapter-37/ HTTP/1.1" 200 11479 "-" "WP Rocket/Preload Mozilla/5.0 (iPhone; CPU iPhone OS 9_1 like Mac OS X) AppleWebKit/601.1.46 (KHTML, like Gecko) Version/9.0 Mobile/13B143 Safari/601.1"
162.0.232.193 - - [15/Aug/2024:13:24:26 -0400] "GET /comic/lookism-chapter-180/ HTTP/1.1" 200 12374 "-" "WP Rocket/Preload"
162.0.232.193 - - [15/Aug/2024:13:24:27 -0400] "GET /comic/lookism-chapter-180/ HTTP/1.1" 200 12203 "-" "WP Rocket/Preload Mozilla/5.0 (iPhone; CPU iPhone OS 9_1 like Mac OS X) AppleWebKit/601.1.46 (KHTML, like Gecko) Version/9.0 Mobile/13B143 Safari/601.1"
162.0.232.193 - - [15/Aug/2024:13:24:28 -0400] "GET /comic/lookism-chapter-12/ HTTP/1.1" 200 11690 "-" "WP Rocket/Preload"
162.0.232.193 - - [15/Aug/2024:13:24:29 -0400] "GET /comic/lookism-chapter-12/ HTTP/1.1" 200 11573 "-" "WP Rocket/Preload Mozilla/5.0 (iPhone; CPU iPhone OS 9_1 like Mac OS X) AppleWebKit/601.1.46 (KHTML, like Gecko) Version/9.0 Mobile/13B143 Safari/601.1"
170.238.187.140 - - [15/Aug/2024:13:24:50 -0400] "GET / HTTP/1.1" 200 11603 "https://www.bing.com/" "Mozilla/5.0 (Windows NT 10.0; Win64; x64) AppleWebKit/537.36 (KHTML, like Gecko) Chrome/127.0.0.0 Safari/537.36 Edg/127.0.0.0"
170.238.187.140 - - [15/Aug/2024:13:24:52 -0400] "GET /lookism-chapter-511/ HTTP/1.1" 200 11530 "https://r.lookismmanga.com/" "Mozilla/5.0 (Windows NT 10.0; Win64; x64) AppleWebKit/537.36 (KHTML, like Gecko) Chrome/127.0.0.0 Safari/537.36 Edg/127.0.0.0"
170.238.187.140 - - [15/Aug/2024:13:24:52 -0400] "GET /comic/lookism-chapter-510/ HTTP/1.1" 200 11497 "https://r.lookismmanga.com/" "Mozilla/5.0 (Windows NT 10.0; Win64; x64) AppleWebKit/537.36 (KHTML, like Gecko) Chrome/127.0.0.0 Safari/537.36 Edg/127.0.0.0"
170.238.187.140 - - [15/Aug/2024:13:24:54 -0400] "GET /comic/lookism-chapter-514/ HTTP/1.1" 200 10643 "https://r.lookismmanga.com/" "Mozilla/5.0 (Windows NT 10.0; Win64; x64) AppleWebKit/537.36 (KHTML, like Gecko) Chrome/127.0.0.0 Safari/537.36 Edg/127.0.0.0"
188.146.120.104 - - [15/Aug/2024:13:24:54 -0400] "GET /comic/lookism-chapter-514/ HTTP/1.1" 304 0 "https://r.lookismmanga.com/" "Mozilla/5.0 (Windows NT 10.0; Win64; x64) AppleWebKit/537.36 (KHTML, like Gecko) Chrome/127.0.0.0 Safari/537.36 Edg/127.0.0.0"
188.146.120.104 - - [15/Aug/2024:13:24:54 -0400] "GET /comic/lookism-chapter-513/ HTTP/1.1" 304 0 "https://r.lookismmanga.com/" "Mozilla/5.0 (Windows NT 10.0; Win64; x64) AppleWebKit/537.36 (KHTML, like Gecko) Chrome/127.0.0.0 Safari/537.36 Edg/127.0.0.0"
104.28.222.73 - - [15/Aug/2024:13:24:56 -0400] "GET / HTTP/1.1" 200 11603 "-" "Mozilla/5.0 (Windows NT 10.0; Win64; x64) AppleWebKit/537.36 (KHTML, like Gecko) Chrome/127.0.0.0 Safari/537.36 Edg/127.0.0.0"
162.0.232.193 - - [15/Aug/2024:13:25:35 -0400] "GET /comic/lookism-chapter-283/ HTTP/1.1" 200 13645 "-" "WP Rocket/Preload"
162.0.232.193 - - [15/Aug/2024:13:25:36 -0400] "GET /comic/lookism-chapter-283/ HTTP/1.1" 200 13646 "-" "WP Rocket/Preload Mozilla/5.0 (iPhone; CPU iPhone OS 9_1 like Mac OS X) AppleWebKit/601.1.46 (KHTML, like Gecko) Version/9.0 Mobile/13B143 Safari/601.1"
162.0.232.193 - - [15/Aug/2024:13:25:38 -0400] "GET /comic/lookism-chapter-266-2/ HTTP/1.1" 200 13013 "-" "WP Rocket/Preload"
162.0.232.193 - - [15/Aug/2024:13:25:39 -0400] "GET /comic/lookism-chapter-266-2/ HTTP/1.1" 200 0 "-" "WP Rocket/Preload Mozilla/5.0 (iPhone; CPU iPhone OS 9_1 like Mac OS X) AppleWebKit/601.1.46 (KHTML, like Gecko) Version/9.0 Mobile/13B143 Safari/601.1"
162.0.232.193 - - [15/Aug/2024:13:25:41 -0400] "GET /comic/lookism-chapter-83/ HTTP/1.1" 200 11697 "-" "WP Rocket/Preload"
162.0.232.193 - - [15/Aug/2024:13:25:42 -0400] "GET /comic/lookism-chapter-83/ HTTP/1.1" 200 11697 "-" "WP Rocket/Preload Mozilla/5.0 (iPhone; CPU iPhone OS 9_1 like Mac OS X) AppleWebKit/601.1.46 (KHTML, like Gecko) Version/9.0 Mobile/13B143 Safari/601.1"
136.158.57.5 - - [15/Aug/2024:13:25:43 -0400] "GET / HTTP/1.1" 200 11596 "https://duckduckgo.com/" "Mozilla/5.0 (Linux; Android 10; K) AppleWebKit/537.36 (KHTML, like Gecko) Chrome/127.0.0.0 Mobile Safari/537.36"
162.0.232.193 - - [15/Aug/2024:13:25:43 -0400] "GET /comic/lookism-chapter-66/ HTTP/1.1" 200 11329 "-" "WP Rocket/Preload"
136.158.57.5 - - [15/Aug/2024:13:25:44 -0400] "GET /wp-content/uploads/2024/02/lookismkmanhwabookvolume5dkshop.webp HTTP/1.1" 200 97320 "https://r.lookismmanga.com/" "Mozilla/5.0 (Linux; Android 10; K) AppleWebKit/537.36 (KHTML, like Gecko) Chrome/127.0.0.0 Mobile Safari/537.36"
162.0.232.193 - - [15/Aug/2024:13:25:44 -0400] "GET /comic/lookism-chapter-66/ HTTP/1.1" 200 11328 "-" "WP Rocket/Preload Mozilla/5.0 (iPhone; CPU iPhone OS 9_1 like Mac OS X) AppleWebKit/601.1.46 (KHTML, like Gecko) Version/9.0 Mobile/13B143 Safari/601.1"
136.158.57.5 - - [15/Aug/2024:13:25:47 -0400] "GET / HTTP/1.1" 304 0 "-" "Mozilla/5.0 (Linux; Android 10; K) AppleWebKit/537.36 (KHTML, like Gecko) Chrome/127.0.0.0 Mobile Safari/537.36"
136.158.57.5 - - [15/Aug/2024:13:25:48 -0400] "GET /comic/lookism-chapter-514/ HTTP/1.1" 200 10640 "-" "Mozilla/5.0 (Linux; Android 10; K) AppleWebKit/537.36 (KHTML, like Gecko) Chrome/127.0.0.0 Mobile Safari/537.36"
136.158.57.5 - - [15/Aug/2024:13:25:48 -0400] "GET /wp-content/plugins/wp-automatic/js/main-front.js?ver=6.5.5 HTTP/1.1" 200 316 "https://r.lookismmanga.com/comic/lookism-chapter-514/" "Mozilla/5.0 (Linux; Android 10; K) AppleWebKit/537.36 (KHTML, like Gecko) Chrome/127.0.0.0 Mobile Safari/537.36"
136.158.57.5 - - [15/Aug/2024:13:25:48 -0400] "GET /wp-content/plugins/wp-automatic/css/wp-automatic.css?ver=1.0.0 HTTP/1.1" 200 537 "https://r.lookismmanga.com/comic/lookism-chapter-514/" "Mozilla/5.0 (Linux; Android 10; K) AppleWebKit/537.36 (KHTML, like Gecko) Chrome/127.0.0.0 Mobile Safari/537.36"
136.158.57.5 - - [15/Aug/2024:13:25:49 -0400] "GET /wp-content/plugins/disqus-comment-system/public/js/comment_embed.js?ver=3.1.1 HTTP/1.1" 200 653 "https://r.lookismmanga.com/comic/lookism-chapter-514/" "Mozilla/5.0 (Linux; Android 10; K) AppleWebKit/537.36 (KHTML, like Gecko) Chrome/127.0.0.0 Mobile Safari/537.36"
136.158.57.5 - - [15/Aug/2024:13:25:49 -0400] "GET /wp-content/plugins/disqus-comment-system/public/js/comment_count.js?ver=3.1.1 HTTP/1.1" 200 354 "https://r.lookismmanga.com/comic/lookism-chapter-514/" "Mozilla/5.0 (Linux; Android 10; K) AppleWebKit/537.36 (KHTML, like Gecko) Chrome/127.0.0.0 Mobile Safari/537.36"
136.158.57.5 - - [15/Aug/2024:13:25:49 -0400] "GET /wp-content/plugins/simple-social-buttons/assets/fonts/ssb-icon.ttf?eahqa2 HTTP/1.1" 200 6212 "https://r.lookismmanga.com/wp-content/plugins/simple-social-buttons/assets/css/front.css?ver=5.1.3" "Mozilla/5.0 (Linux; Android 10; K) AppleWebKit/537.36 (KHTML, like Gecko) Chrome/127.0.0.0 Mobile Safari/537.36"
136.158.57.5 - - [15/Aug/2024:13:25:49 -0400] "GET /wp-includes/js/comment-reply.min.js?ver=6.5.5 HTTP/1.1" 200 1228 "https://r.lookismmanga.com/comic/lookism-chapter-514/" "Mozilla/5.0 (Linux; Android 10; K) AppleWebKit/537.36 (KHTML, like Gecko) Chrome/127.0.0.0 Mobile Safari/537.36"
169.150.218.39 - - [15/Aug/2024:13:26:09 -0400] "GET / HTTP/1.1" 200 11603 "https://search.brave.com/" "Mozilla/5.0 (Windows NT 10.0; Win64; x64) AppleWebKit/537.36 (KHTML, like Gecko) Chrome/127.0.0.0 Safari/537.36"
169.150.218.39 - - [15/Aug/2024:13:26:14 -0400] "GET /comic/lookism-chapter-514/ HTTP/1.1" 200 10596 "-" "Mozilla/5.0 (Windows NT 10.0; Win64; x64) AppleWebKit/537.36 (KHTML, like Gecko) Chrome/127.0.0.0 Safari/537.36"
2409:408d:3e30:ba02::15c9:3b0c - - [15/Aug/2024:13:26:34 -0400] "GET / HTTP/1.1" 200 11596 "https://duckduckgo.com/" "Mozilla/5.0 (Linux; Android 10; K) AppleWebKit/537.36 (KHTML, like Gecko) Chrome/126.0.0.0 Mobile Safari/537.36"
2409:408d:3e30:ba02::15c9:3b0c - - [15/Aug/2024:13:26:42 -0400] "GET /comic/lookism-chapter-514/ HTTP/1.1" 200 10578 "-" "Mozilla/5.0 (Linux; Android 10; K) AppleWebKit/537.36 (KHTML, like Gecko) Chrome/126.0.0.0 Mobile Safari/537.36"
103.238.230.130 - - [15/Aug/2024:13:27:08 -0400] "GET / HTTP/1.1" 200 11603 "https://www.bing.com/" "Mozilla/5.0 (Windows NT 10.0; Win64; x64) AppleWebKit/537.36 (KHTML, like Gecko) Chrome/127.0.0.0 Safari/537.36 Edg/127.0.0.0"
2409:408d:3e30:ba02::15c9:3b0c - - [15/Aug/2024:13:27:09 -0400] "GET /comic/lookism-chapter-514/ HTTP/1.1" 304 0 "https://r.lookismmanga.com/" "Mozilla/5.0 (Linux; Android 10; K) AppleWebKit/537.36 (KHTML, like Gecko) Chrome/126.0.0.0 Mobile Safari/537.36"
103.238.230.130 - - [15/Aug/2024:13:27:10 -0400] "GET / HTTP/1.1" 304 0 "https://r.lookismmanga.com/" "Mozilla/5.0 (Windows NT 10.0; Win64; x64) AppleWebKit/537.36 (KHTML, like Gecko) Chrome/127.0.0.0 Safari/537.36 Edg/127.0.0.0"
103.238.230.130 - - [15/Aug/2024:13:27:12 -0400] "GET /comic/lookism-chapter-514/ HTTP/1.1" 200 10643 "https://r.lookismmanga.com/" "Mozilla/5.0 (Windows NT 10.0; Win64; x64) AppleWebKit/537.36 (KHTML, like Gecko) Chrome/127.0.0.0 Safari/537.36 Edg/127.0.0.0"
103.238.230.130 - - [15/Aug/2024:13:27:13 -0400] "GET /comic/lookism-chapter-513/ HTTP/1.1" 200 11110 "https://r.lookismmanga.com/" "Mozilla/5.0 (Windows NT 10.0; Win64; x64) AppleWebKit/537.36 (KHTML, like Gecko) Chrome/127.0.0.0 Safari/537.36 Edg/127.0.0.0"
2409:408d:3e30:ba02::15c9:3b0c - - [15/Aug/2024:13:27:15 -0400] "GET /comic/lookism-chapter-514/ HTTP/1.1" 304 0 "-" "Mozilla/5.0 (Linux; Android 10; K) AppleWebKit/537.36 (KHTML, like Gecko) Chrome/126.0.0.0 Mobile Safari/537.36"
2409:408d:3e30:ba02::15c9:3b0c - - [15/Aug/2024:13:27:20 -0400] "GET /comic/lookism-chapter-514/ HTTP/1.1" 304 0 "https://r.lookismmanga.com/comic/lookism-chapter-514/" "Mozilla/5.0 (Linux; Android 10; K) AppleWebKit/537.36 (KHTML, like Gecko) Chrome/126.0.0.0 Mobile Safari/537.36"
2a0b:f4c2:3::81 - - [15/Aug/2024:13:27:24 -0400] "GET / HTTP/1.1" 200 11603 "-" "Mozilla/5.0 (Windows NT 10.0; rv:109.0) Gecko/20100101 Firefox/115.0"
2a0b:f4c2:3::81 - - [15/Aug/2024:13:27:24 -0400] "GET /wp-content/themes/toivo-lite/style.css?ver=1.2.0 HTTP/1.1" 200 13718 "https://r.lookismmanga.com/" "Mozilla/5.0 (Windows NT 10.0; rv:109.0) Gecko/20100101 Firefox/115.0"
2a0b:f4c2:3::81 - - [15/Aug/2024:13:27:24 -0400] "GET /wp-content/uploads/2024/02/lookismkmanhwabookvolume5dkshop-753x1024.webp HTTP/1.1" 200 76864 "https://r.lookismmanga.com/" "Mozilla/5.0 (Windows NT 10.0; rv:109.0) Gecko/20100101 Firefox/115.0"
2a0b:f4c2:3::81 - - [15/Aug/2024:13:27:24 -0400] "GET /wp-content/uploads/2024/02/lookismkmanhwabookvolume17dkshop-706x1024.jpg HTTP/1.1" 200 101529 "https://r.lookismmanga.com/" "Mozilla/5.0 (Windows NT 10.0; rv:109.0) Gecko/20100101 Firefox/115.0"
2a0b:f4c2:3::81 - - [15/Aug/2024:13:27:24 -0400] "GET /wp-content/plugins/widgets-on-pages/public/css/widgets-on-pages-public.css?ver=1.4.0 HTTP/1.1" 200 83 "https://r.lookismmanga.com/" "Mozilla/5.0 (Windows NT 10.0; rv:109.0) Gecko/20100101 Firefox/115.0"
2a0b:f4c2:3::81 - - [15/Aug/2024:13:27:25 -0400] "GET /wp-content/themes/toivo-lite/fonts/genericons/genericons/genericons.min.css?ver=3.3 HTTP/1.1" 200 15959 "https://r.lookismmanga.com/" "Mozilla/5.0 (Windows NT 10.0; rv:109.0) Gecko/20100101 Firefox/115.0"
2a0b:f4c2:3::81 - - [15/Aug/2024:13:27:26 -0400] "GET /wp-content/uploads/2024/02/cropped-if-the-anime-continues-and-reaches-the-point-of-current-v0-frhh1uf0zj5a1-32x32.webp HTTP/1.1" 200 438 "https://r.lookismmanga.com/" "Mozilla/5.0 (Windows NT 10.0; rv:109.0) Gecko/20100101 Firefox/115.0"
2a0b:f4c2:3::81 - - [15/Aug/2024:13:27:26 -0400] "GET /wp-content/uploads/2024/02/cropped-if-the-anime-continues-and-reaches-the-point-of-current-v0-frhh1uf0zj5a1-192x192.webp HTTP/1.1" 200 4440 "https://r.lookismmanga.com/" "Mozilla/5.0 (Windows NT 10.0; rv:109.0) Gecko/20100101 Firefox/115.0"
2a0b:f4c2:3::81 - - [15/Aug/2024:13:27:26 -0400] "GET /wp-content/uploads/2024/02/cropped-MV5BMmI0NjY3NWYtMjEyYi00MjBlLWE4NDktNzNjZWNjMGUyY2U2XkEyXkFqcGdeQXVyMTUzNjM4ODE1._V1_.jpg HTTP/1.1" 200 88480 "https://r.lookismmanga.com/" "Mozilla/5.0 (Windows NT 10.0; rv:109.0) Gecko/20100101 Firefox/115.0"
103.118.77.124 - - [15/Aug/2024:13:27:27 -0400] "GET / HTTP/1.1" 200 11603 "https://www.bing.com/" "Mozilla/5.0 (Windows NT 10.0; Win64; x64) AppleWebKit/537.36 (KHTML, like Gecko) Chrome/127.0.0.0 Safari/537.36 Edg/127.0.0.0"
103.118.77.124 - - [15/Aug/2024:13:27:28 -0400] "GET /wp-content/uploads/2024/02/lookismkmanhwabookvolume5dkshop-753x1024.webp HTTP/1.1" 200 76864 "https://r.lookismmanga.com/" "Mozilla/5.0 (Windows NT 10.0; Win64; x64) AppleWebKit/537.36 (KHTML, like Gecko) Chrome/127.0.0.0 Safari/537.36 Edg/127.0.0.0"
66.249.68.66 - - [15/Aug/2024:13:27:29 -0400] "GET /wp-content/uploads/2024/02/lookismkmanhwabookvolume5dkshop-753x1024.webp HTTP/1.1" 200 76864 "-" "Googlebot-Image/1.0"
103.118.77.124 - - [15/Aug/2024:13:27:30 -0400] "GET /category/lookism-manga/ HTTP/1.1" 200 10369 "https://r.lookismmanga.com/" "Mozilla/5.0 (Windows NT 10.0; Win64; x64) AppleWebKit/537.36 (KHTML, like Gecko) Chrome/127.0.0.0 Safari/537.36 Edg/127.0.0.0"
103.118.77.124 - - [15/Aug/2024:13:27:34 -0400] "GET /comic/lookism-chapter-512/ HTTP/1.1" 200 11070 "https://r.lookismmanga.com/" "Mozilla/5.0 (Windows NT 10.0; Win64; x64) AppleWebKit/537.36 (KHTML, like Gecko) Chrome/127.0.0.0 Safari/537.36 Edg/127.0.0.0"
103.118.77.124 - - [15/Aug/2024:13:27:35 -0400] "GET /comic/lookism-chapter-513/ HTTP/1.1" 200 11110 "https://r.lookismmanga.com/" "Mozilla/5.0 (Windows NT 10.0; Win64; x64) AppleWebKit/537.36 (KHTML, like Gecko) Chrome/127.0.0.0 Safari/537.36 Edg/127.0.0.0"
