2405:201:5c05:f093:1196:c8d9:d4f5:446 - - [15/Aug/2024:08:50:17 -0400] "POST /wp-admin/admin-ajax.php HTTP/1.1" 200 69 "https://r.lookismmanga.com/comic/lookism-chapter-475/" "Mozilla/5.0 (Windows NT 10.0; Win64; x64) AppleWebKit/537.36 (KHTML, like Gecko) Chrome/127.0.0.0 Safari/537.36 Edg/127.0.0.0"
2405:201:5c05:f093:1196:c8d9:d4f5:446 - - [15/Aug/2024:08:50:20 -0400] "GET /comic/lookism-chapter-476/ HTTP/1.1" 200 11432 "https://r.lookismmanga.com/comic/lookism-chapter-475/" "Mozilla/5.0 (Windows NT 10.0; Win64; x64) AppleWebKit/537.36 (KHTML, like Gecko) Chrome/127.0.0.0 Safari/537.36 Edg/127.0.0.0"
2405:201:5c05:f093:1196:c8d9:d4f5:446 - - [15/Aug/2024:08:50:20 -0400] "GET /comic/lookism-chapter-1/ HTTP/1.1" 200 11373 "https://r.lookismmanga.com/comic/lookism-chapter-475/" "Mozilla/5.0 (Windows NT 10.0; Win64; x64) AppleWebKit/537.36 (KHTML, like Gecko) Chrome/127.0.0.0 Safari/537.36 Edg/127.0.0.0"
2405:201:5c05:f093:1196:c8d9:d4f5:446 - - [15/Aug/2024:08:50:28 -0400] "GET / HTTP/1.1" 304 0 "https://r.lookismmanga.com/comic/lookism-chapter-489/" "Mozilla/5.0 (Windows NT 10.0; Win64; x64) AppleWebKit/537.36 (KHTML, like Gecko) Chrome/127.0.0.0 Safari/537.36 Edg/127.0.0.0"
2405:201:5c05:f093:1196:c8d9:d4f5:446 - - [15/Aug/2024:08:50:28 -0400] "POST /wp-admin/admin-ajax.php HTTP/1.1" 200 69 "https://r.lookismmanga.com/comic/lookism-chapter-489/" "Mozilla/5.0 (Windows NT 10.0; Win64; x64) AppleWebKit/537.36 (KHTML, like Gecko) Chrome/127.0.0.0 Safari/537.36 Edg/127.0.0.0"
2405:201:5c05:f093:1196:c8d9:d4f5:446 - - [15/Aug/2024:08:50:30 -0400] "GET /category/read-lookism/ HTTP/1.1" 200 8794 "https://r.lookismmanga.com/comic/lookism-chapter-489/" "Mozilla/5.0 (Windows NT 10.0; Win64; x64) AppleWebKit/537.36 (KHTML, like Gecko) Chrome/127.0.0.0 Safari/537.36 Edg/127.0.0.0"
2405:201:5c05:f093:1196:c8d9:d4f5:446 - - [15/Aug/2024:08:50:32 -0400] "GET /comic/lookism-chapter-510-1/ HTTP/1.1" 200 11146 "https://r.lookismmanga.com/comic/lookism-chapter-489/" "Mozilla/5.0 (Windows NT 10.0; Win64; x64) AppleWebKit/537.36 (KHTML, like Gecko) Chrome/127.0.0.0 Safari/537.36 Edg/127.0.0.0"
2405:201:5c05:f093:1196:c8d9:d4f5:446 - - [15/Aug/2024:08:50:33 -0400] "GET /comic/lookism-chapter-507/ HTTP/1.1" 200 11557 "https://r.lookismmanga.com/comic/lookism-chapter-489/" "Mozilla/5.0 (Windows NT 10.0; Win64; x64) AppleWebKit/537.36 (KHTML, like Gecko) Chrome/127.0.0.0 Safari/537.36 Edg/127.0.0.0"
2405:201:5c05:f093:1196:c8d9:d4f5:446 - - [15/Aug/2024:08:50:34 -0400] "POST /wp-admin/admin-ajax.php HTTP/1.1" 200 69 "https://r.lookismmanga.com/comic/lookism-chapter-507/" "Mozilla/5.0 (Windows NT 10.0; Win64; x64) AppleWebKit/537.36 (KHTML, like Gecko) Chrome/127.0.0.0 Safari/537.36 Edg/127.0.0.0"
162.0.232.193 - - [15/Aug/2024:08:52:40 -0400] "POST /wp-cron.php?doing_wp_cron=1723726360.5392370223999023437500 HTTP/1.1" 200 0 "-" "WordPress/6.5.5; https://r.lookismmanga.com"
51.222.253.10 - - [15/Aug/2024:08:52:39 -0400] "GET /lookism/lookism-chapter-363-1/ HTTP/1.1" 301 0 "-" "Mozilla/5.0 (compatible; AhrefsBot/7.0; +http://ahrefs.com/robot/)"
162.0.232.193 - - [15/Aug/2024:08:53:01 -0400] "POST /wp-cron.php?doing_wp_cron=1723726381.1444969177246093750000 HTTP/1.1" 200 0 "-" "WordPress/6.5.5; https://r.lookismmanga.com"
114.119.152.143 - - [15/Aug/2024:08:53:01 -0400] "GET /lookism/page/30/ HTTP/1.1" 301 0 "https://ww13.lookismmanga.com/lookism/page/31/" "Mozilla/5.0 (Linux; Android 7.0;) AppleWebKit/537.36 (KHTML, like Gecko) Mobile Safari/537.36 (compatible; PetalBot;+https://webmaster.petalsearch.com/site/petalbot)"
114.119.152.143 - - [15/Aug/2024:08:53:02 -0400] "GET / HTTP/1.1" 200 11596 "https://ww13.lookismmanga.com/lookism/page/31/" "Mozilla/5.0 (Linux; Android 7.0;) AppleWebKit/537.36 (KHTML, like Gecko) Mobile Safari/537.36 (compatible; PetalBot;+https://webmaster.petalsearch.com/site/petalbot)"
162.0.232.193 - - [15/Aug/2024:08:53:33 -0400] "POST /wp-cron.php?doing_wp_cron=1723726413.0179018974304199218750 HTTP/1.1" 200 0 "-" "WordPress/6.5.5; https://r.lookismmanga.com"
192.95.30.177 - - [15/Aug/2024:08:53:32 -0400] "GET /lookism/chapter-412/feed/ HTTP/1.1" 301 0 "-" "Mozilla/5.0 (compatible; MJ12bot/v1.4.8; http://mj12bot.com/)"
192.95.30.177 - - [15/Aug/2024:08:53:36 -0400] "GET / HTTP/1.1" 200 11603 "-" "Mozilla/5.0 (compatible; MJ12bot/v1.4.8; http://mj12bot.com/)"
162.0.232.193 - - [15/Aug/2024:08:53:40 -0400] "POST /wp-cron.php?doing_wp_cron=1723726419.8743510246276855468750 HTTP/1.1" 200 0 "-" "WordPress/6.5.5; https://r.lookismmanga.com"
192.95.30.177 - - [15/Aug/2024:08:53:56 -0400] "GET /lookism/chapter-412/feed/ HTTP/1.1" 301 0 "-" "Mozilla/5.0 (compatible; MJ12bot/v1.4.8; http://mj12bot.com/)"
192.95.30.177 - - [15/Aug/2024:08:53:59 -0400] "GET / HTTP/1.1" 200 11603 "-" "Mozilla/5.0 (compatible; MJ12bot/v1.4.8; http://mj12bot.com/)"
162.0.232.193 - - [15/Aug/2024:08:54:07 -0400] "POST /wp-cron.php?doing_wp_cron=1723726447.1749091148376464843750 HTTP/1.1" 200 0 "-" "WordPress/6.5.5; https://r.lookismmanga.com"
2a03:2880:13ff:1f::face:b00c - - [15/Aug/2024:08:54:07 -0400] "GET /?p=2268 HTTP/1.1" 301 0 "-" "facebookexternalhit/1.1 (+http://www.facebook.com/externalhit_uatext.php)"
157.55.39.56 - - [15/Aug/2024:08:54:07 -0400] "GET /lookism/lookism-chapter-449/feed/ HTTP/1.1" 200 418 "-" "Mozilla/5.0 AppleWebKit/537.36 (KHTML, like Gecko; compatible; bingbot/2.0; +http://www.bing.com/bingbot.htm) Chrome/116.0.1938.76 Safari/537.36"
162.0.232.193 - - [15/Aug/2024:08:54:49 -0400] "POST /wp-cron.php?doing_wp_cron=1723726488.8378169536590576171875 HTTP/1.1" 200 0 "-" "WordPress/6.5.5; https://r.lookismmanga.com"
162.0.232.193 - - [15/Aug/2024:08:55:05 -0400] "POST /wp-cron.php?doing_wp_cron=1723726505.3875529766082763671875 HTTP/1.1" 200 0 "-" "WordPress/6.5.5; https://r.lookismmanga.com"
51.222.253.2 - - [15/Aug/2024:08:55:05 -0400] "GET /lookism/lookism-chapter-340/ HTTP/1.1" 301 0 "-" "Mozilla/5.0 (compatible; AhrefsBot/7.0; +http://ahrefs.com/robot/)"
192.95.30.177 - - [15/Aug/2024:08:55:11 -0400] "GET / HTTP/1.1" 200 11603 "-" "Mozilla/5.0 (compatible; MJ12bot/v1.4.8; http://mj12bot.com/)"
157.55.39.56 - - [15/Aug/2024:08:56:08 -0400] "GET /comic/lookism-chapter-366-1/ HTTP/1.1" 200 11850 "-" "Mozilla/5.0 AppleWebKit/537.36 (KHTML, like Gecko; compatible; bingbot/2.0; +http://www.bing.com/bingbot.htm) Chrome/116.0.1938.76 Safari/537.36"
2a02:2454:8168:8f0:809:ebe3:4589:eddd - - [15/Aug/2024:08:56:30 -0400] "GET / HTTP/1.1" 200 11603 "https://www.bing.com/" "Mozilla/5.0 (Windows NT 10.0; Win64; x64) AppleWebKit/537.36 (KHTML, like Gecko) Chrome/127.0.0.0 Safari/537.36 Edg/127.0.0.0"
162.0.232.193 - - [15/Aug/2024:08:56:31 -0400] "POST /wp-cron.php?doing_wp_cron=1723726590.9350559711456298828125 HTTP/1.1" 200 0 "-" "WordPress/6.5.5; https://r.lookismmanga.com"
2a03:2880:12ff:1::face:b00c - - [15/Aug/2024:08:56:30 -0400] "GET / HTTP/1.1" 200 11402 "-" "facebookexternalhit/1.1 (+http://www.facebook.com/externalhit_uatext.php)"
2a03:2880:12ff:4::face:b00c - - [15/Aug/2024:08:56:30 -0400] "GET /comic/lookism-chapter-511/ HTTP/1.1" 200 10552 "-" "facebookexternalhit/1.1 (+http://www.facebook.com/externalhit_uatext.php)"
2a02:2454:8168:8f0:809:ebe3:4589:eddd - - [15/Aug/2024:08:56:34 -0400] "GET /comic/lookism-chapter-514/ HTTP/1.1" 200 10596 "https://r.lookismmanga.com/" "Mozilla/5.0 (Windows NT 10.0; Win64; x64) AppleWebKit/537.36 (KHTML, like Gecko) Chrome/127.0.0.0 Safari/537.36 Edg/127.0.0.0"
2a02:2454:8168:8f0:809:ebe3:4589:eddd - - [15/Aug/2024:08:56:36 -0400] "GET /comic/lookism-chapter-500/ HTTP/1.1" 200 11165 "https://r.lookismmanga.com/" "Mozilla/5.0 (Windows NT 10.0; Win64; x64) AppleWebKit/537.36 (KHTML, like Gecko) Chrome/127.0.0.0 Safari/537.36 Edg/127.0.0.0"
162.0.232.193 - - [15/Aug/2024:08:57:51 -0400] "POST /wp-cron.php?doing_wp_cron=1723726671.6392960548400878906250 HTTP/1.1" 200 0 "-" "WordPress/6.5.5; https://r.lookismmanga.com"
51.222.253.19 - - [15/Aug/2024:08:57:51 -0400] "GET /lookism/lookism-chapter-326/ HTTP/1.1" 301 0 "-" "Mozilla/5.0 (compatible; AhrefsBot/7.0; +http://ahrefs.com/robot/)"
162.0.232.193 - - [15/Aug/2024:08:58:02 -0400] "POST /wp-cron.php?doing_wp_cron=1723726682.2712569236755371093750 HTTP/1.1" 200 0 "-" "WordPress/6.5.5; https://r.lookismmanga.com"
162.0.232.193 - - [15/Aug/2024:09:00:10 -0400] "POST /wp-cron.php?doing_wp_cron=1723726810.0550799369812011718750 HTTP/1.1" 200 0 "-" "WordPress/6.5.5; https://r.lookismmanga.com"
40.77.167.57 - - [15/Aug/2024:09:00:08 -0400] "GET /comic/lookism-chapter-279 HTTP/1.1" 301 0 "-" "Mozilla/5.0 AppleWebKit/537.36 (KHTML, like Gecko; compatible; bingbot/2.0; +http://www.bing.com/bingbot.htm) Chrome/116.0.1938.76 Safari/537.36"
162.0.232.193 - - [15/Aug/2024:09:00:19 -0400] "POST /wp-cron.php?doing_wp_cron=1723726819.3622460365295410156250 HTTP/1.1" 200 0 "-" "WordPress/6.5.5; https://r.lookismmanga.com"
51.222.253.13 - - [15/Aug/2024:09:00:19 -0400] "GET /lookism/lookism-chapter-337/ HTTP/1.1" 301 0 "-" "Mozilla/5.0 (compatible; AhrefsBot/7.0; +http://ahrefs.com/robot/)"
66.249.64.129 - - [15/Aug/2024:09:00:31 -0400] "GET /lookism/lookism-chapter-293/ HTTP/1.1" 301 0 "-" "Googlebot-Image/1.0"
67.220.180.82 - - [15/Aug/2024:09:03:11 -0400] "GET / HTTP/1.1" 200 11596 "-" "Mozilla/5.0 (Linux; Android 14; 23106RN0DA Build/UP1A.231005.007; wv) AppleWebKit/537.36 (KHTML, like Gecko) Version/4.0 Chrome/127.0.6533.103 Mobile Safari/537.36"
67.220.180.82 - - [15/Aug/2024:09:03:12 -0400] "GET /category/lookism-manga/ HTTP/1.1" 200 10343 "https://r.lookismmanga.com/" "Mozilla/5.0 (Linux; Android 14; 23106RN0DA Build/UP1A.231005.007; wv) AppleWebKit/537.36 (KHTML, like Gecko) Version/4.0 Chrome/127.0.6533.103 Mobile Safari/537.36"
67.220.180.82 - - [15/Aug/2024:09:03:14 -0400] "GET /comic/lookism-chapter-501/ HTTP/1.1" 200 11116 "https://r.lookismmanga.com/" "Mozilla/5.0 (Linux; Android 14; 23106RN0DA Build/UP1A.231005.007; wv) AppleWebKit/537.36 (KHTML, like Gecko) Version/4.0 Chrome/127.0.6533.103 Mobile Safari/537.36"
67.220.180.82 - - [15/Aug/2024:09:03:19 -0400] "GET /comic/lookism-chapter-513/ HTTP/1.1" 200 11038 "https://r.lookismmanga.com/comic/lookism-chapter-501/" "Mozilla/5.0 (Linux; Android 14; 23106RN0DA Build/UP1A.231005.007; wv) AppleWebKit/537.36 (KHTML, like Gecko) Version/4.0 Chrome/127.0.6533.103 Mobile Safari/537.36"
162.0.232.193 - - [15/Aug/2024:09:03:20 -0400] "POST /wp-cron.php?doing_wp_cron=1723727000.0388278961181640625000 HTTP/1.1" 200 0 "-" "WordPress/6.5.5; https://r.lookismmanga.com"
51.222.253.12 - - [15/Aug/2024:09:03:18 -0400] "GET /lookism/lookism-chapter-336/ HTTP/1.1" 301 0 "-" "Mozilla/5.0 (compatible; AhrefsBot/7.0; +http://ahrefs.com/robot/)"
40.77.167.70 - - [15/Aug/2024:09:03:51 -0400] "GET / HTTP/1.1" 200 11603 "-" "Mozilla/5.0 AppleWebKit/537.36 (KHTML, like Gecko; compatible; bingbot/2.0; +http://www.bing.com/bingbot.htm) Chrome/116.0.1938.76 Safari/537.36"
157.55.39.58 - - [15/Aug/2024:09:04:56 -0400] "GET /wp-content/uploads/2024/02/lookismkmanhwabookvolume5dkshop-753x1024.webp HTTP/1.1" 200 76864 "-" "Mozilla/5.0 AppleWebKit/537.36 (KHTML, like Gecko; compatible; bingbot/2.0; +http://www.bing.com/bingbot.htm) Chrome/116.0.1938.76 Safari/537.36"
162.0.232.193 - - [15/Aug/2024:09:06:02 -0400] "POST /wp-cron.php?doing_wp_cron=1723727162.2724850177764892578125 HTTP/1.1" 200 0 "-" "WordPress/6.5.5; https://r.lookismmanga.com"
51.222.253.3 - - [15/Aug/2024:09:06:00 -0400] "GET /lookism/lookism-chapter-335/ HTTP/1.1" 301 0 "-" "Mozilla/5.0 (compatible; AhrefsBot/7.0; +http://ahrefs.com/robot/)"
2a00:102a:400a:fb09:1:0:4dd7:db16 - - [15/Aug/2024:09:06:34 -0400] "GET / HTTP/1.1" 200 11596 "https://www.qwant.com/" "Mozilla/5.0 (Linux; Android 10; K) AppleWebKit/537.36 (KHTML, like Gecko) Chrome/127.0.0.0 Mobile Safari/537.36"
2a00:102a:400a:fb09:1:0:4dd7:db16 - - [15/Aug/2024:09:06:35 -0400] "GET /wp-content/themes/toivo-lite/style.css?ver=1.2.0 HTTP/1.1" 200 13718 "https://r.lookismmanga.com/" "Mozilla/5.0 (Linux; Android 10; K) AppleWebKit/537.36 (KHTML, like Gecko) Chrome/127.0.0.0 Mobile Safari/537.36"
2a00:102a:400a:fb09:1:0:4dd7:db16 - - [15/Aug/2024:09:06:35 -0400] "GET /wp-content/themes/toivo-lite/fonts/genericons/genericons/genericons.min.css?ver=3.3 HTTP/1.1" 200 15959 "https://r.lookismmanga.com/" "Mozilla/5.0 (Linux; Android 10; K) AppleWebKit/537.36 (KHTML, like Gecko) Chrome/127.0.0.0 Mobile Safari/537.36"
2a00:102a:400a:fb09:1:0:4dd7:db16 - - [15/Aug/2024:09:06:35 -0400] "GET /wp-includes/js/jquery/jquery-migrate.min.js?ver=3.4.1 HTTP/1.1" 200 4678 "https://r.lookismmanga.com/" "Mozilla/5.0 (Linux; Android 10; K) AppleWebKit/537.36 (KHTML, like Gecko) Chrome/127.0.0.0 Mobile Safari/537.36"
2a00:102a:400a:fb09:1:0:4dd7:db16 - - [15/Aug/2024:09:06:35 -0400] "GET /wp-content/plugins/simple-social-buttons/assets/js/frontend-blocks.js?ver=5.1.3 HTTP/1.1" 200 0 "https://r.lookismmanga.com/" "Mozilla/5.0 (Linux; Android 10; K) AppleWebKit/537.36 (KHTML, like Gecko) Chrome/127.0.0.0 Mobile Safari/537.36"
2a00:102a:400a:fb09:1:0:4dd7:db16 - - [15/Aug/2024:09:06:35 -0400] "GET /wp-includes/js/jquery/jquery.min.js?ver=3.7.1 HTTP/1.1" 200 29744 "https://r.lookismmanga.com/" "Mozilla/5.0 (Linux; Android 10; K) AppleWebKit/537.36 (KHTML, like Gecko) Chrome/127.0.0.0 Mobile Safari/537.36"
2a00:102a:400a:fb09:1:0:4dd7:db16 - - [15/Aug/2024:09:06:35 -0400] "GET /wp-content/plugins/comic-easel/js/keynav.js HTTP/1.1" 200 302 "https://r.lookismmanga.com/" "Mozilla/5.0 (Linux; Android 10; K) AppleWebKit/537.36 (KHTML, like Gecko) Chrome/127.0.0.0 Mobile Safari/537.36"
2a00:102a:400a:fb09:1:0:4dd7:db16 - - [15/Aug/2024:09:06:35 -0400] "GET /wp-content/plugins/simple-social-buttons/assets/js/front.js?ver=5.1.3 HTTP/1.1" 200 1577 "https://r.lookismmanga.com/" "Mozilla/5.0 (Linux; Android 10; K) AppleWebKit/537.36 (KHTML, like Gecko) Chrome/127.0.0.0 Mobile Safari/537.36"
2a00:102a:400a:fb09:1:0:4dd7:db16 - - [15/Aug/2024:09:06:35 -0400] "GET /wp-content/uploads/2024/02/lookismkmanhwabookvolume17dkshop.jpg HTTP/1.1" 200 108104 "https://r.lookismmanga.com/" "Mozilla/5.0 (Linux; Android 10; K) AppleWebKit/537.36 (KHTML, like Gecko) Chrome/127.0.0.0 Mobile Safari/537.36"
2a00:102a:400a:fb09:1:0:4dd7:db16 - - [15/Aug/2024:09:06:35 -0400] "GET /wp-content/themes/toivo-lite/js/responsive-nav.min.js?ver=1.2.0 HTTP/1.1" 200 2102 "https://r.lookismmanga.com/" "Mozilla/5.0 (Linux; Android 10; K) AppleWebKit/537.36 (KHTML, like Gecko) Chrome/127.0.0.0 Mobile Safari/537.36"
2a00:102a:400a:fb09:1:0:4dd7:db16 - - [15/Aug/2024:09:06:35 -0400] "GET /wp-content/uploads/2024/02/cropped-MV5BMmI0NjY3NWYtMjEyYi00MjBlLWE4NDktNzNjZWNjMGUyY2U2XkEyXkFqcGdeQXVyMTUzNjM4ODE1._V1_.jpg HTTP/1.1" 200 88480 "https://r.lookismmanga.com/" "Mozilla/5.0 (Linux; Android 10; K) AppleWebKit/537.36 (KHTML, like Gecko) Chrome/127.0.0.0 Mobile Safari/537.36"
2a00:102a:400a:fb09:1:0:4dd7:db16 - - [15/Aug/2024:09:06:35 -0400] "GET /wp-content/plugins/simple-social-buttons/assets/css/front.css?ver=5.1.3 HTTP/1.1" 200 9767 "https://r.lookismmanga.com/" "Mozilla/5.0 (Linux; Android 10; K) AppleWebKit/537.36 (KHTML, like Gecko) Chrome/127.0.0.0 Mobile Safari/537.36"
2a00:102a:400a:fb09:1:0:4dd7:db16 - - [15/Aug/2024:09:06:35 -0400] "GET /wp-content/plugins/widgets-on-pages/public/css/widgets-on-pages-public.css?ver=1.4.0 HTTP/1.1" 200 83 "https://r.lookismmanga.com/" "Mozilla/5.0 (Linux; Android 10; K) AppleWebKit/537.36 (KHTML, like Gecko) Chrome/127.0.0.0 Mobile Safari/537.36"
2a00:102a:400a:fb09:1:0:4dd7:db16 - - [15/Aug/2024:09:06:35 -0400] "GET /wp-content/themes/toivo-lite/js/settings.min.js?ver=1.2.0 HTTP/1.1" 200 307 "https://r.lookismmanga.com/" "Mozilla/5.0 (Linux; Android 10; K) AppleWebKit/537.36 (KHTML, like Gecko) Chrome/127.0.0.0 Mobile Safari/537.36"
2a00:102a:400a:fb09:1:0:4dd7:db16 - - [15/Aug/2024:09:06:35 -0400] "GET /wp-content/themes/toivo-lite/js/functions.min.js?ver=1.2.0 HTTP/1.1" 200 593 "https://r.lookismmanga.com/" "Mozilla/5.0 (Linux; Android 10; K) AppleWebKit/537.36 (KHTML, like Gecko) Chrome/127.0.0.0 Mobile Safari/537.36"
2a00:102a:400a:fb09:1:0:4dd7:db16 - - [15/Aug/2024:09:06:35 -0400] "GET /wp-includes/css/dist/block-library/style.min.css?ver=6.5.5 HTTP/1.1" 200 14071 "https://r.lookismmanga.com/" "Mozilla/5.0 (Linux; Android 10; K) AppleWebKit/537.36 (KHTML, like Gecko) Chrome/127.0.0.0 Mobile Safari/537.36"
2a00:102a:400a:fb09:1:0:4dd7:db16 - - [15/Aug/2024:09:06:37 -0400] "GET /wp-content/uploads/2024/02/cropped-if-the-anime-continues-and-reaches-the-point-of-current-v0-frhh1uf0zj5a1-192x192.webp HTTP/1.1" 200 4440 "https://r.lookismmanga.com/" "Mozilla/5.0 (Linux; Android 10; K) AppleWebKit/537.36 (KHTML, like Gecko) Chrome/127.0.0.0 Mobile Safari/537.36"
2a00:102a:400a:fb09:1:0:4dd7:db16 - - [15/Aug/2024:09:06:38 -0400] "GET /wp-content/uploads/2024/02/cropped-if-the-anime-continues-and-reaches-the-point-of-current-v0-frhh1uf0zj5a1-180x180.webp HTTP/1.1" 200 4302 "https://r.lookismmanga.com/" "Mozilla/5.0 (Linux; Android 10; K) AppleWebKit/537.36 (KHTML, like Gecko) Chrome/127.0.0.0 Mobile Safari/537.36"
162.0.232.193 - - [15/Aug/2024:09:07:04 -0400] "POST /wp-cron.php?doing_wp_cron=1723727224.4496641159057617187500 HTTP/1.1" 200 0 "-" "WordPress/6.5.5; https://r.lookismmanga.com"
83.69.230.5 - - [15/Aug/2024:09:07:04 -0400] "GET /wp-login.php HTTP/1.1" 200 1824 "-" "Mozilla/5.0 (X11; Fedora; Linux x86_64; rv:94.0) Gecko/20100101 Firefox/95.0"
83.69.230.5 - - [15/Aug/2024:09:07:06 -0400] "POST /wp-login.php HTTP/1.1" 200 1971 "-" "Mozilla/5.0 (X11; Fedora; Linux x86_64; rv:94.0) Gecko/20100101 Firefox/95.0"
162.0.232.193 - - [15/Aug/2024:09:07:23 -0400] "POST /wp-cron.php?doing_wp_cron=1723727242.8683209419250488281250 HTTP/1.1" 200 0 "-" "WordPress/6.5.5; https://r.lookismmanga.com"
51.222.253.19 - - [15/Aug/2024:09:07:22 -0400] "GET /lookism/lookism-chapter-333/ HTTP/1.1" 301 0 "-" "Mozilla/5.0 (compatible; AhrefsBot/7.0; +http://ahrefs.com/robot/)"
66.249.64.131 - - [15/Aug/2024:09:08:08 -0400] "GET /comic/lookism-chapter-503/ HTTP/1.1" 200 11631 "-" "Mozilla/5.0 (Linux; Android 6.0.1; Nexus 5X Build/MMB29P) AppleWebKit/537.36 (KHTML, like Gecko) Chrome/127.0.6533.99 Mobile Safari/537.36 (compatible; Googlebot/2.1; +http://www.google.com/bot.html)"
162.0.232.193 - - [15/Aug/2024:09:08:49 -0400] "POST /wp-cron.php?doing_wp_cron=1723727329.0767281055450439453125 HTTP/1.1" 200 0 "-" "WordPress/6.5.5; https://r.lookismmanga.com"
51.222.253.12 - - [15/Aug/2024:09:08:48 -0400] "GET /lookism/lookism-chapter-334/ HTTP/1.1" 301 0 "-" "Mozilla/5.0 (compatible; AhrefsBot/7.0; +http://ahrefs.com/robot/)"
2.30.235.49 - - [15/Aug/2024:09:09:08 -0400] "GET / HTTP/1.1" 200 11603 "https://www.bing.com/" "Mozilla/5.0 (Windows NT 10.0; Win64; x64) AppleWebKit/537.36 (KHTML, like Gecko) Chrome/127.0.0.0 Safari/537.36 Edg/127.0.0.0"
162.0.232.193 - - [15/Aug/2024:09:09:08 -0400] "POST /wp-cron.php?doing_wp_cron=1723727348.4468789100646972656250 HTTP/1.1" 200 0 "-" "WordPress/6.5.5; https://r.lookismmanga.com"
45.227.254.34 - - [15/Aug/2024:09:09:08 -0400] "GET /cache/accesson.php HTTP/1.1" 301 0 "-" "Mozilla/5.0 (Macintosh; Intel Mac OS X 10_15_7) AppleWebKit/537.36 (KHTML, like Gecko) Chrome/120.0.0.0 Safari/537.36"
45.227.254.34 - - [15/Aug/2024:09:09:09 -0400] "GET / HTTP/1.1" 200 11603 "-" "Mozilla/5.0 (Macintosh; Intel Mac OS X 10_15_7) AppleWebKit/537.36 (KHTML, like Gecko) Chrome/120.0.0.0 Safari/537.36"
2.30.235.49 - - [15/Aug/2024:09:09:11 -0400] "GET /comic/lookism-chapter-514/ HTTP/1.1" 200 10643 "https://r.lookismmanga.com/" "Mozilla/5.0 (Windows NT 10.0; Win64; x64) AppleWebKit/537.36 (KHTML, like Gecko) Chrome/127.0.0.0 Safari/537.36 Edg/127.0.0.0"
162.0.232.193 - - [15/Aug/2024:09:10:13 -0400] "POST /wp-cron.php?doing_wp_cron=1723727413.1050059795379638671875 HTTP/1.1" 200 0 "-" "WordPress/6.5.5; https://r.lookismmanga.com"
51.222.253.2 - - [15/Aug/2024:09:10:12 -0400] "GET /lookism/lookism-chapter-325/ HTTP/1.1" 301 0 "-" "Mozilla/5.0 (compatible; AhrefsBot/7.0; +http://ahrefs.com/robot/)"
162.0.232.193 - - [15/Aug/2024:09:12:00 -0400] "POST /wp-cron.php?doing_wp_cron=1723727520.0139629840850830078125 HTTP/1.1" 200 0 "-" "WordPress/6.5.5; https://r.lookismmanga.com"
51.222.253.19 - - [15/Aug/2024:09:11:58 -0400] "GET /lookism/lookism-chapter-332/ HTTP/1.1" 301 0 "-" "Mozilla/5.0 (compatible; AhrefsBot/7.0; +http://ahrefs.com/robot/)"
162.0.232.193 - - [15/Aug/2024:09:13:21 -0400] "POST /wp-cron.php?doing_wp_cron=1723727601.0004858970642089843750 HTTP/1.1" 200 0 "-" "WordPress/6.5.5; https://r.lookismmanga.com"
52.167.144.22 - - [15/Aug/2024:09:13:20 -0400] "GET /comic/lookism-chapter-4/feed/ HTTP/1.1" 200 409 "-" "Mozilla/5.0 AppleWebKit/537.36 (KHTML, like Gecko; compatible; bingbot/2.0; +http://www.bing.com/bingbot.htm) Chrome/116.0.1938.76 Safari/537.36"
51.222.253.9 - - [15/Aug/2024:09:13:30 -0400] "GET /lookism/lookism-chapter-331/ HTTP/1.1" 301 0 "-" "Mozilla/5.0 (compatible; AhrefsBot/7.0; +http://ahrefs.com/robot/)"
66.249.64.132 - - [15/Aug/2024:09:14:09 -0400] "GET /comic/lookism-chapter-491-2/ HTTP/1.1" 200 11426 "-" "Mozilla/5.0 (Linux; Android 6.0.1; Nexus 5X Build/MMB29P) AppleWebKit/537.36 (KHTML, like Gecko) Chrome/127.0.6533.99 Mobile Safari/537.36 (compatible; Googlebot/2.1; +http://www.google.com/bot.html)"
162.0.232.193 - - [15/Aug/2024:09:14:52 -0400] "POST /wp-cron.php?doing_wp_cron=1723727692.5197560787200927734375 HTTP/1.1" 200 0 "-" "WordPress/6.5.5; https://r.lookismmanga.com"
51.222.253.2 - - [15/Aug/2024:09:14:52 -0400] "GET /lookism/lookism-chapter-330/ HTTP/1.1" 301 0 "-" "Mozilla/5.0 (compatible; AhrefsBot/7.0; +http://ahrefs.com/robot/)"
2001:b07:6474:9184:5db6:c8f8:f8e2:74d4 - - [15/Aug/2024:09:15:33 -0400] "GET / HTTP/1.1" 200 11596 "https://duckduckgo.com/" "Mozilla/5.0 (iPhone; CPU iPhone OS 17_5_1 like Mac OS X) AppleWebKit/605.1.15 (KHTML, like Gecko) Version/17.5 Mobile/15E148 Safari/604.1"
162.0.232.193 - - [15/Aug/2024:09:16:22 -0400] "POST /wp-cron.php?doing_wp_cron=1723727782.6155838966369628906250 HTTP/1.1" 200 0 "-" "WordPress/6.5.5; https://r.lookismmanga.com"
51.222.253.17 - - [15/Aug/2024:09:16:22 -0400] "GET /lookism/lookism-chapter-329/ HTTP/1.1" 301 0 "-" "Mozilla/5.0 (compatible; AhrefsBot/7.0; +http://ahrefs.com/robot/)"
162.0.232.193 - - [15/Aug/2024:09:16:34 -0400] "POST /wp-cron.php?doing_wp_cron=1723727793.8303558826446533203125 HTTP/1.1" 200 0 "-" "WordPress/6.5.5; https://r.lookismmanga.com"
2a03:2880:f800:2:: - - [15/Aug/2024:09:16:33 -0400] "GET /lookism/lookism-chapter-196/ HTTP/1.1" 301 0 "-" "meta-externalagent/1.1 (+https://developers.facebook.com/docs/sharing/webmasters/crawler)"
162.0.232.193 - - [15/Aug/2024:09:16:43 -0400] "POST /wp-cron.php?doing_wp_cron=1723727803.4817841053009033203125 HTTP/1.1" 200 0 "-" "WordPress/6.5.5; https://r.lookismmanga.com"
2a03:2880:27ff:f::face:b00c - - [15/Aug/2024:09:16:43 -0400] "GET / HTTP/1.1" 200 11402 "-" "facebookexternalhit/1.1 (+http://www.facebook.com/externalhit_uatext.php)"
162.0.232.193 - - [15/Aug/2024:09:17:22 -0400] "POST /wp-cron.php?doing_wp_cron=1723727841.7969319820404052734375 HTTP/1.1" 200 0 "-" "WordPress/6.5.5; https://r.lookismmanga.com"
51.222.253.14 - - [15/Aug/2024:09:17:21 -0400] "GET /lookism/lookism-chapter-328/ HTTP/1.1" 301 0 "-" "Mozilla/5.0 (compatible; AhrefsBot/7.0; +http://ahrefs.com/robot/)"
162.0.232.193 - - [15/Aug/2024:09:17:49 -0400] "POST /wp-cron.php?doing_wp_cron=1723727869.2395880222320556640625 HTTP/1.1" 200 0 "-" "WordPress/6.5.5; https://r.lookismmanga.com"
2a03:2880:ff:20::face:b00c - - [15/Aug/2024:09:17:49 -0400] "GET /?p=2220 HTTP/1.1" 301 0 "-" "meta-externalagent/1.1 (+https://developers.facebook.com/docs/sharing/webmasters/crawler)"
162.0.232.193 - - [15/Aug/2024:09:17:49 -0400] "GET /comic/lookism-chapter-361-1/ HTTP/1.1" 200 12196 "-" "WP Rocket/Preload"
2a03:2880:22ff:71::face:b00c - - [15/Aug/2024:09:17:50 -0400] "GET /?p=2381 HTTP/1.1" 301 0 "-" "facebookexternalhit/1.1 (+http://www.facebook.com/externalhit_uatext.php)"
162.0.232.193 - - [15/Aug/2024:09:17:51 -0400] "GET /comic/lookism-chapter-361-1/ HTTP/1.1" 200 12248 "-" "WP Rocket/Preload Mozilla/5.0 (iPhone; CPU iPhone OS 9_1 like Mac OS X) AppleWebKit/601.1.46 (KHTML, like Gecko) Version/9.0 Mobile/13B143 Safari/601.1"
162.0.232.193 - - [15/Aug/2024:09:17:51 -0400] "GET /comic/lookism-chapter-116/ HTTP/1.1" 200 11678 "-" "WP Rocket/Preload"
162.0.232.193 - - [15/Aug/2024:09:17:53 -0400] "GET /comic/lookism-chapter-116/ HTTP/1.1" 200 11678 "-" "WP Rocket/Preload Mozilla/5.0 (iPhone; CPU iPhone OS 9_1 like Mac OS X) AppleWebKit/601.1.46 (KHTML, like Gecko) Version/9.0 Mobile/13B143 Safari/601.1"
162.0.232.193 - - [15/Aug/2024:09:17:54 -0400] "GET /comic/lookism-chapter-112/ HTTP/1.1" 200 11558 "-" "WP Rocket/Preload"
162.0.232.193 - - [15/Aug/2024:09:17:55 -0400] "GET /comic/lookism-chapter-112/ HTTP/1.1" 200 11558 "-" "WP Rocket/Preload Mozilla/5.0 (iPhone; CPU iPhone OS 9_1 like Mac OS X) AppleWebKit/601.1.46 (KHTML, like Gecko) Version/9.0 Mobile/13B143 Safari/601.1"
162.0.232.193 - - [15/Aug/2024:09:17:56 -0400] "GET /comic/lookism-chapter-429/ HTTP/1.1" 200 11544 "-" "WP Rocket/Preload"
162.0.232.193 - - [15/Aug/2024:09:17:57 -0400] "GET /comic/lookism-chapter-429/ HTTP/1.1" 200 11547 "-" "WP Rocket/Preload Mozilla/5.0 (iPhone; CPU iPhone OS 9_1 like Mac OS X) AppleWebKit/601.1.46 (KHTML, like Gecko) Version/9.0 Mobile/13B143 Safari/601.1"
162.0.232.193 - - [15/Aug/2024:09:17:58 -0400] "GET /comic/lookism-chapter-115/ HTTP/1.1" 200 11645 "-" "WP Rocket/Preload"
162.0.232.193 - - [15/Aug/2024:09:17:59 -0400] "GET /comic/lookism-chapter-115/ HTTP/1.1" 200 11645 "-" "WP Rocket/Preload Mozilla/5.0 (iPhone; CPU iPhone OS 9_1 like Mac OS X) AppleWebKit/601.1.46 (KHTML, like Gecko) Version/9.0 Mobile/13B143 Safari/601.1"
162.0.232.193 - - [15/Aug/2024:09:18:15 -0400] "POST /wp-cron.php?doing_wp_cron=1723727895.0757980346679687500000 HTTP/1.1" 200 0 "-" "WordPress/6.5.5; https://r.lookismmanga.com"
51.222.253.6 - - [15/Aug/2024:09:18:14 -0400] "GET /lookism/lookism-chapter-327/ HTTP/1.1" 301 0 "-" "Mozilla/5.0 (compatible; AhrefsBot/7.0; +http://ahrefs.com/robot/)"
209.35.160.135 - - [15/Aug/2024:09:18:29 -0400] "GET / HTTP/1.1" 200 11596 "https://www.ecosia.org/" "Mozilla/5.0 (Linux; Android 10; K) AppleWebKit/537.36 (KHTML, like Gecko) Chrome/111.0.0.0 Mobile Safari/537.36 (Ecosia [email protected])"
209.35.160.135 - - [15/Aug/2024:09:18:31 -0400] "GET /lookism-chapter-511/ HTTP/1.1" 200 11953 "https://r.lookismmanga.com/" "Mozilla/5.0 (Linux; Android 10; K) AppleWebKit/537.36 (KHTML, like Gecko) Chrome/111.0.0.0 Mobile Safari/537.36 (Ecosia [email protected])"
209.35.160.135 - - [15/Aug/2024:09:18:32 -0400] "GET /wp-content/uploads/2024/02/MV5BMmI0NjY3NWYtMjEyYi00MjBlLWE4NDktNzNjZWNjMGUyY2U2XkEyXkFqcGdeQXVyMTUzNjM4ODE1._V1_-1024x576.jpg HTTP/1.1" 200 70245 "https://r.lookismmanga.com/lookism-chapter-511/" "Mozilla/5.0 (Linux; Android 10; K) AppleWebKit/537.36 (KHTML, like Gecko) Chrome/111.0.0.0 Mobile Safari/537.36 (Ecosia [email protected])"
162.0.232.193 - - [15/Aug/2024:09:18:34 -0400] "POST /wp-cron.php?doing_wp_cron=1723727913.8520109653472900390625 HTTP/1.1" 200 0 "-" "WordPress/6.5.5; https://r.lookismmanga.com"
209.35.160.135 - - [15/Aug/2024:09:18:33 -0400] "POST /wp-admin/admin-ajax.php HTTP/1.1" 200 69 "https://r.lookismmanga.com/lookism-chapter-511/" "Mozilla/5.0 (Linux; Android 10; K) AppleWebKit/537.36 (KHTML, like Gecko) Chrome/111.0.0.0 Mobile Safari/537.36 (Ecosia [email protected])"
162.0.232.193 - - [15/Aug/2024:09:18:35 -0400] "POST /wp-admin/admin-ajax.php?action=as_async_request_queue_runner&nonce=d9b680132e HTTP/1.1" 200 0 "-" "WordPress/6.5.5; https://r.lookismmanga.com"
162.0.232.193 - - [15/Aug/2024:09:18:35 -0400] "GET /comic/lookism-chapter-341/ HTTP/1.1" 200 12671 "-" "WP Rocket/Preload"
162.0.232.193 - - [15/Aug/2024:09:18:37 -0400] "POST /wp-cron.php?doing_wp_cron=1723727917.0362269878387451171875 HTTP/1.1" 200 0 "-" "WordPress/6.5.5; https://r.lookismmanga.com"
162.0.232.193 - - [15/Aug/2024:09:18:36 -0400] "GET /comic/lookism-chapter-341/ HTTP/1.1" 200 12671 "-" "WP Rocket/Preload Mozilla/5.0 (iPhone; CPU iPhone OS 9_1 like Mac OS X) AppleWebKit/601.1.46 (KHTML, like Gecko) Version/9.0 Mobile/13B143 Safari/601.1"
162.0.232.193 - - [15/Aug/2024:09:18:38 -0400] "GET /comic/lookism-chapter-17/ HTTP/1.1" 200 11292 "-" "WP Rocket/Preload"
162.0.232.193 - - [15/Aug/2024:09:18:39 -0400] "GET /comic/lookism-chapter-17/ HTTP/1.1" 200 11294 "-" "WP Rocket/Preload Mozilla/5.0 (iPhone; CPU iPhone OS 9_1 like Mac OS X) AppleWebKit/601.1.46 (KHTML, like Gecko) Version/9.0 Mobile/13B143 Safari/601.1"
162.0.232.193 - - [15/Aug/2024:09:18:40 -0400] "GET /comic/lookism-chapter-119/ HTTP/1.1" 200 11821 "-" "WP Rocket/Preload"
162.0.232.193 - - [15/Aug/2024:09:18:41 -0400] "GET /comic/lookism-chapter-119/ HTTP/1.1" 200 11823 "-" "WP Rocket/Preload Mozilla/5.0 (iPhone; CPU iPhone OS 9_1 like Mac OS X) AppleWebKit/601.1.46 (KHTML, like Gecko) Version/9.0 Mobile/13B143 Safari/601.1"
162.0.232.193 - - [15/Aug/2024:09:18:42 -0400] "GET /comic/lookism-chapter-185/ HTTP/1.1" 200 12535 "-" "WP Rocket/Preload"
162.0.232.193 - - [15/Aug/2024:09:18:43 -0400] "GET /comic/lookism-chapter-185/ HTTP/1.1" 200 12379 "-" "WP Rocket/Preload Mozilla/5.0 (iPhone; CPU iPhone OS 9_1 like Mac OS X) AppleWebKit/601.1.46 (KHTML, like Gecko) Version/9.0 Mobile/13B143 Safari/601.1"
162.0.232.193 - - [15/Aug/2024:09:18:44 -0400] "GET /comic/lookism-chapter-73/ HTTP/1.1" 200 11600 "-" "WP Rocket/Preload"
162.0.232.193 - - [15/Aug/2024:09:18:45 -0400] "GET /comic/lookism-chapter-73/ HTTP/1.1" 200 11601 "-" "WP Rocket/Preload Mozilla/5.0 (iPhone; CPU iPhone OS 9_1 like Mac OS X) AppleWebKit/601.1.46 (KHTML, like Gecko) Version/9.0 Mobile/13B143 Safari/601.1"
162.0.232.193 - - [15/Aug/2024:09:18:46 -0400] "GET /comic/lookism-chapter-191/ HTTP/1.1" 200 12541 "-" "WP Rocket/Preload"
162.0.232.193 - - [15/Aug/2024:09:18:47 -0400] "GET /comic/lookism-chapter-191/ HTTP/1.1" 200 12540 "-" "WP Rocket/Preload Mozilla/5.0 (iPhone; CPU iPhone OS 9_1 like Mac OS X) AppleWebKit/601.1.46 (KHTML, like Gecko) Version/9.0 Mobile/13B143 Safari/601.1"
162.0.232.193 - - [15/Aug/2024:09:18:49 -0400] "GET /comic/lookism-chapter-76/ HTTP/1.1" 200 11566 "-" "WP Rocket/Preload"
162.0.232.193 - - [15/Aug/2024:09:18:50 -0400] "GET /comic/lookism-chapter-76/ HTTP/1.1" 200 11568 "-" "WP Rocket/Preload Mozilla/5.0 (iPhone; CPU iPhone OS 9_1 like Mac OS X) AppleWebKit/601.1.46 (KHTML, like Gecko) Version/9.0 Mobile/13B143 Safari/601.1"
162.0.232.193 - - [15/Aug/2024:09:18:51 -0400] "GET /comic/lookism-chapter-22/ HTTP/1.1" 200 11591 "-" "WP Rocket/Preload"
162.0.232.193 - - [15/Aug/2024:09:18:52 -0400] "GET /comic/lookism-chapter-22/ HTTP/1.1" 200 11593 "-" "WP Rocket/Preload Mozilla/5.0 (iPhone; CPU iPhone OS 9_1 like Mac OS X) AppleWebKit/601.1.46 (KHTML, like Gecko) Version/9.0 Mobile/13B143 Safari/601.1"
162.0.232.193 - - [15/Aug/2024:09:18:53 -0400] "GET /comic/lookism-chapter-401/ HTTP/1.1" 200 11395 "-" "WP Rocket/Preload"
162.0.232.193 - - [15/Aug/2024:09:18:54 -0400] "GET /comic/lookism-chapter-401/ HTTP/1.1" 200 11396 "-" "WP Rocket/Preload Mozilla/5.0 (iPhone; CPU iPhone OS 9_1 like Mac OS X) AppleWebKit/601.1.46 (KHTML, like Gecko) Version/9.0 Mobile/13B143 Safari/601.1"
162.0.232.193 - - [15/Aug/2024:09:18:55 -0400] "GET /comic/lookism-chapter-127/ HTTP/1.1" 200 11764 "-" "WP Rocket/Preload"
162.0.232.193 - - [15/Aug/2024:09:18:56 -0400] "GET /comic/lookism-chapter-127/ HTTP/1.1" 200 11764 "-" "WP Rocket/Preload Mozilla/5.0 (iPhone; CPU iPhone OS 9_1 like Mac OS X) AppleWebKit/601.1.46 (KHTML, like Gecko) Version/9.0 Mobile/13B143 Safari/601.1"
162.0.232.193 - - [15/Aug/2024:09:18:58 -0400] "POST /wp-cron.php?doing_wp_cron=1723727938.2536530494689941406250 HTTP/1.1" 200 0 "-" "WordPress/6.5.5; https://r.lookismmanga.com"
162.0.232.193 - - [15/Aug/2024:09:18:58 -0400] "GET /comic/lookism-chapter-24/ HTTP/1.1" 200 11564 "-" "WP Rocket/Preload"
162.0.232.193 - - [15/Aug/2024:09:18:59 -0400] "GET /comic/lookism-chapter-24/ HTTP/1.1" 200 11565 "-" "WP Rocket/Preload Mozilla/5.0 (iPhone; CPU iPhone OS 9_1 like Mac OS X) AppleWebKit/601.1.46 (KHTML, like Gecko) Version/9.0 Mobile/13B143 Safari/601.1"
162.0.232.193 - - [15/Aug/2024:09:19:05 -0400] "POST /wp-admin/admin-ajax.php?action=as_async_request_queue_runner&nonce=d9b680132e HTTP/1.1" 200 0 "-" "WordPress/6.5.5; https://r.lookismmanga.com"
162.0.232.193 - - [15/Aug/2024:09:19:06 -0400] "GET /comic/lookism-chapter-221/ HTTP/1.1" 200 13175 "-" "WP Rocket/Preload"
162.0.232.193 - - [15/Aug/2024:09:19:07 -0400] "GET /comic/lookism-chapter-221/ HTTP/1.1" 200 13174 "-" "WP Rocket/Preload Mozilla/5.0 (iPhone; CPU iPhone OS 9_1 like Mac OS X) AppleWebKit/601.1.46 (KHTML, like Gecko) Version/9.0 Mobile/13B143 Safari/601.1"
51.222.253.5 - - [15/Aug/2024:09:19:07 -0400] "GET /lookism/lookism-chapter-87/ HTTP/1.1" 301 0 "-" "Mozilla/5.0 (compatible; AhrefsBot/7.0; +http://ahrefs.com/robot/)"
162.0.232.193 - - [15/Aug/2024:09:19:08 -0400] "GET /comic/lookism-chapter-220/ HTTP/1.1" 200 12990 "-" "WP Rocket/Preload"
162.0.232.193 - - [15/Aug/2024:09:19:09 -0400] "GET /comic/lookism-chapter-220/ HTTP/1.1" 200 12989 "-" "WP Rocket/Preload Mozilla/5.0 (iPhone; CPU iPhone OS 9_1 like Mac OS X) AppleWebKit/601.1.46 (KHTML, like Gecko) Version/9.0 Mobile/13B143 Safari/601.1"
162.0.232.193 - - [15/Aug/2024:09:19:11 -0400] "GET /comic/lookism-chapter-219/ HTTP/1.1" 200 13155 "-" "WP Rocket/Preload"
162.0.232.193 - - [15/Aug/2024:09:19:11 -0400] "GET /comic/lookism-chapter-219/ HTTP/1.1" 200 13220 "-" "WP Rocket/Preload Mozilla/5.0 (iPhone; CPU iPhone OS 9_1 like Mac OS X) AppleWebKit/601.1.46 (KHTML, like Gecko) Version/9.0 Mobile/13B143 Safari/601.1"
212.120.227.123 - - [15/Aug/2024:09:19:13 -0400] "GET /comic/lookism-chapter-502/ HTTP/1.1" 304 0 "-" "Mozilla/5.0 (Linux; Android 14; SM-A528B Build/UP1A.231005.007; wv) AppleWebKit/537.36 (KHTML, like Gecko) Version/4.0 Chrome/127.0.6533.103 Mobile Safari/537.36"
162.0.232.193 - - [15/Aug/2024:09:19:13 -0400] "GET /comic/lookism-chapter-133/ HTTP/1.1" 200 11880 "-" "WP Rocket/Preload"
162.0.232.193 - - [15/Aug/2024:09:19:14 -0400] "GET /comic/lookism-chapter-133/ HTTP/1.1" 200 11880 "-" "WP Rocket/Preload Mozilla/5.0 (iPhone; CPU iPhone OS 9_1 like Mac OS X) AppleWebKit/601.1.46 (KHTML, like Gecko) Version/9.0 Mobile/13B143 Safari/601.1"
162.0.232.193 - - [15/Aug/2024:09:19:15 -0400] "GET /lookism-chapter-511/ HTTP/1.1" 200 11507 "-" "WP Rocket/Preload"
162.0.232.193 - - [15/Aug/2024:09:19:16 -0400] "GET /lookism-chapter-511/ HTTP/1.1" 200 11963 "-" "WP Rocket/Preload Mozilla/5.0 (iPhone; CPU iPhone OS 9_1 like Mac OS X) AppleWebKit/601.1.46 (KHTML, like Gecko) Version/9.0 Mobile/13B143 Safari/601.1"
162.0.232.193 - - [15/Aug/2024:09:19:17 -0400] "POST /wp-cron.php?doing_wp_cron=1723727957.1847479343414306640625 HTTP/1.1" 200 0 "-" "WordPress/6.5.5; https://r.lookismmanga.com"
162.0.232.193 - - [15/Aug/2024:09:19:17 -0400] "GET /category/lookism/ HTTP/1.1" 200 10306 "-" "WP Rocket/Preload"
162.0.232.193 - - [15/Aug/2024:09:19:18 -0400] "GET /category/lookism/ HTTP/1.1" 200 10331 "-" "WP Rocket/Preload Mozilla/5.0 (iPhone; CPU iPhone OS 9_1 like Mac OS X) AppleWebKit/601.1.46 (KHTML, like Gecko) Version/9.0 Mobile/13B143 Safari/601.1"
162.0.232.193 - - [15/Aug/2024:09:19:19 -0400] "GET /comic/lookism-chapter-296/ HTTP/1.1" 200 13954 "-" "WP Rocket/Preload"
162.0.232.193 - - [15/Aug/2024:09:19:20 -0400] "GET /comic/lookism-chapter-296/ HTTP/1.1" 200 13955 "-" "WP Rocket/Preload Mozilla/5.0 (iPhone; CPU iPhone OS 9_1 like Mac OS X) AppleWebKit/601.1.46 (KHTML, like Gecko) Version/9.0 Mobile/13B143 Safari/601.1"
162.0.232.193 - - [15/Aug/2024:09:19:21 -0400] "GET /comic/lookism-chapter-84/ HTTP/1.1" 200 11302 "-" "WP Rocket/Preload"
162.0.232.193 - - [15/Aug/2024:09:19:22 -0400] "GET /comic/lookism-chapter-84/ HTTP/1.1" 200 11303 "-" "WP Rocket/Preload Mozilla/5.0 (iPhone; CPU iPhone OS 9_1 like Mac OS X) AppleWebKit/601.1.46 (KHTML, like Gecko) Version/9.0 Mobile/13B143 Safari/601.1"
162.0.232.193 - - [15/Aug/2024:09:19:23 -0400] "GET /comic/lookism-chapter-63/ HTTP/1.1" 200 11676 "-" "WP Rocket/Preload"
162.0.232.193 - - [15/Aug/2024:09:19:25 -0400] "GET /comic/lookism-chapter-63/ HTTP/1.1" 200 11676 "-" "WP Rocket/Preload Mozilla/5.0 (iPhone; CPU iPhone OS 9_1 like Mac OS X) AppleWebKit/601.1.46 (KHTML, like Gecko) Version/9.0 Mobile/13B143 Safari/601.1"
162.0.232.193 - - [15/Aug/2024:09:19:26 -0400] "GET /comic/lookism-chapter-136/ HTTP/1.1" 200 12071 "-" "WP Rocket/Preload"
162.0.232.193 - - [15/Aug/2024:09:19:27 -0400] "GET /comic/lookism-chapter-136/ HTTP/1.1" 200 12070 "-" "WP Rocket/Preload Mozilla/5.0 (iPhone; CPU iPhone OS 9_1 like Mac OS X) AppleWebKit/601.1.46 (KHTML, like Gecko) Version/9.0 Mobile/13B143 Safari/601.1"
162.0.232.193 - - [15/Aug/2024:09:19:28 -0400] "GET /comic/lookism-chapter-174/ HTTP/1.1" 200 12652 "-" "WP Rocket/Preload"
162.0.232.193 - - [15/Aug/2024:09:19:29 -0400] "GET /comic/lookism-chapter-174/ HTTP/1.1" 200 12652 "-" "WP Rocket/Preload Mozilla/5.0 (iPhone; CPU iPhone OS 9_1 like Mac OS X) AppleWebKit/601.1.46 (KHTML, like Gecko) Version/9.0 Mobile/13B143 Safari/601.1"
162.0.232.193 - - [15/Aug/2024:09:19:36 -0400] "POST /wp-cron.php?doing_wp_cron=1723727976.2531170845031738281250 HTTP/1.1" 200 0 "-" "WordPress/6.5.5; https://r.lookismmanga.com"
162.0.232.193 - - [15/Aug/2024:09:19:36 -0400] "POST /wp-admin/admin-ajax.php?action=as_async_request_queue_runner&nonce=d9b680132e HTTP/1.1" 200 0 "-" "WordPress/6.5.5; https://r.lookismmanga.com"
162.0.232.193 - - [15/Aug/2024:09:19:36 -0400] "GET /comic/lookism-chapter-95/ HTTP/1.1" 200 11289 "-" "WP Rocket/Preload"
2a03:2880:ff:e::face:b00c - - [15/Aug/2024:09:19:38 -0400] "GET /comic/lookism-chapter-318/ HTTP/1.1" 200 12898 "-" "meta-externalagent/1.1 (+https://developers.facebook.com/docs/sharing/webmasters/crawler)"
162.0.232.193 - - [15/Aug/2024:09:19:37 -0400] "GET /comic/lookism-chapter-95/ HTTP/1.1" 200 11291 "-" "WP Rocket/Preload Mozilla/5.0 (iPhone; CPU iPhone OS 9_1 like Mac OS X) AppleWebKit/601.1.46 (KHTML, like Gecko) Version/9.0 Mobile/13B143 Safari/601.1"
162.0.232.193 - - [15/Aug/2024:09:19:39 -0400] "GET /comic/lookism-chapter-38/ HTTP/1.1" 200 11581 "-" "WP Rocket/Preload"
162.0.232.193 - - [15/Aug/2024:09:19:40 -0400] "GET /comic/lookism-chapter-38/ HTTP/1.1" 200 11580 "-" "WP Rocket/Preload Mozilla/5.0 (iPhone; CPU iPhone OS 9_1 like Mac OS X) AppleWebKit/601.1.46 (KHTML, like Gecko) Version/9.0 Mobile/13B143 Safari/601.1"
162.0.232.193 - - [15/Aug/2024:09:19:41 -0400] "GET /comic/lookism-chapter-405/ HTTP/1.1" 200 11379 "-" "WP Rocket/Preload"
162.0.232.193 - - [15/Aug/2024:09:19:42 -0400] "GET /comic/lookism-chapter-405/ HTTP/1.1" 200 11380 "-" "WP Rocket/Preload Mozilla/5.0 (iPhone; CPU iPhone OS 9_1 like Mac OS X) AppleWebKit/601.1.46 (KHTML, like Gecko) Version/9.0 Mobile/13B143 Safari/601.1"
162.0.232.193 - - [15/Aug/2024:09:19:43 -0400] "GET /comic/lookism-chapter-399/ HTTP/1.1" 200 11424 "-" "WP Rocket/Preload"
162.0.232.193 - - [15/Aug/2024:09:19:44 -0400] "GET /comic/lookism-chapter-399/ HTTP/1.1" 200 11428 "-" "WP Rocket/Preload Mozilla/5.0 (iPhone; CPU iPhone OS 9_1 like Mac OS X) AppleWebKit/601.1.46 (KHTML, like Gecko) Version/9.0 Mobile/13B143 Safari/601.1"
162.0.232.193 - - [15/Aug/2024:09:19:45 -0400] "GET /comic/lookism-chapter-100/ HTTP/1.1" 200 11307 "-" "WP Rocket/Preload"
162.0.232.193 - - [15/Aug/2024:09:19:46 -0400] "GET /comic/lookism-chapter-100/ HTTP/1.1" 200 11307 "-" "WP Rocket/Preload Mozilla/5.0 (iPhone; CPU iPhone OS 9_1 like Mac OS X) AppleWebKit/601.1.46 (KHTML, like Gecko) Version/9.0 Mobile/13B143 Safari/601.1"
162.0.232.193 - - [15/Aug/2024:09:19:47 -0400] "GET /comic/lookism-chapter-187/ HTTP/1.1" 200 12694 "-" "WP Rocket/Preload"
162.0.232.193 - - [15/Aug/2024:09:19:48 -0400] "GET /comic/lookism-chapter-187/ HTTP/1.1" 200 12694 "-" "WP Rocket/Preload Mozilla/5.0 (iPhone; CPU iPhone OS 9_1 like Mac OS X) AppleWebKit/601.1.46 (KHTML, like Gecko) Version/9.0 Mobile/13B143 Safari/601.1"
162.0.232.193 - - [15/Aug/2024:09:19:50 -0400] "GET /comic/lookism-chapter-208/ HTTP/1.1" 200 12967 "-" "WP Rocket/Preload"
162.0.232.193 - - [15/Aug/2024:09:19:51 -0400] "GET /comic/lookism-chapter-208/ HTTP/1.1" 200 12967 "-" "WP Rocket/Preload Mozilla/5.0 (iPhone; CPU iPhone OS 9_1 like Mac OS X) AppleWebKit/601.1.46 (KHTML, like Gecko) Version/9.0 Mobile/13B143 Safari/601.1"
162.0.232.193 - - [15/Aug/2024:09:19:52 -0400] "GET /comic/lookism-chapter-149/ HTTP/1.1" 200 12225 "-" "WP Rocket/Preload"
162.0.232.193 - - [15/Aug/2024:09:19:53 -0400] "GET /comic/lookism-chapter-149/ HTTP/1.1" 200 12225 "-" "WP Rocket/Preload Mozilla/5.0 (iPhone; CPU iPhone OS 9_1 like Mac OS X) AppleWebKit/601.1.46 (KHTML, like Gecko) Version/9.0 Mobile/13B143 Safari/601.1"
162.0.232.193 - - [15/Aug/2024:09:19:54 -0400] "GET /comic/lookism-chapter-200/ HTTP/1.1" 200 12730 "-" "WP Rocket/Preload"
162.0.232.193 - - [15/Aug/2024:09:19:55 -0400] "GET /comic/lookism-chapter-200/ HTTP/1.1" 200 12729 "-" "WP Rocket/Preload Mozilla/5.0 (iPhone; CPU iPhone OS 9_1 like Mac OS X) AppleWebKit/601.1.46 (KHTML, like Gecko) Version/9.0 Mobile/13B143 Safari/601.1"
62.122.184.194 - - [15/Aug/2024:09:19:57 -0400] "GET / HTTP/1.1" 200 11603 "https://r.lookismmanga.com/" "Mozilla/5.0 (Windows NT 6.1; Win64; x64) AppleWebKit/537.36 (KHTML, like Gecko) Chrome/114.0.5735.289 Safari/537.36"
162.0.232.193 - - [15/Aug/2024:09:19:56 -0400] "GET /comic/lookism-chapter-375/ HTTP/1.1" 200 12069 "-" "WP Rocket/Preload"
162.0.232.193 - - [15/Aug/2024:09:19:58 -0400] "POST /wp-cron.php?doing_wp_cron=1723727998.1077830791473388671875 HTTP/1.1" 200 0 "-" "WordPress/6.5.5; https://r.lookismmanga.com"
162.0.232.193 - - [15/Aug/2024:09:19:57 -0400] "GET /comic/lookism-chapter-375/ HTTP/1.1" 200 12069 "-" "WP Rocket/Preload Mozilla/5.0 (iPhone; CPU iPhone OS 9_1 like Mac OS X) AppleWebKit/601.1.46 (KHTML, like Gecko) Version/9.0 Mobile/13B143 Safari/601.1"
162.0.232.193 - - [15/Aug/2024:09:19:59 -0400] "GET /comic/lookism-chapter-366-1/ HTTP/1.1" 200 11830 "-" "WP Rocket/Preload"
162.0.232.193 - - [15/Aug/2024:09:20:00 -0400] "GET /comic/lookism-chapter-366-1/ HTTP/1.1" 200 11852 "-" "WP Rocket/Preload Mozilla/5.0 (iPhone; CPU iPhone OS 9_1 like Mac OS X) AppleWebKit/601.1.46 (KHTML, like Gecko) Version/9.0 Mobile/13B143 Safari/601.1"
162.0.232.193 - - [15/Aug/2024:09:20:06 -0400] "POST /wp-admin/admin-ajax.php?action=as_async_request_queue_runner&nonce=d9b680132e HTTP/1.1" 200 0 "-" "WordPress/6.5.5; https://r.lookismmanga.com"
162.0.232.193 - - [15/Aug/2024:09:20:07 -0400] "GET /comic/lookism-chapter-201/ HTTP/1.1" 200 12710 "-" "WP Rocket/Preload"
162.0.232.193 - - [15/Aug/2024:09:20:08 -0400] "GET /comic/lookism-chapter-201/ HTTP/1.1" 200 12712 "-" "WP Rocket/Preload Mozilla/5.0 (iPhone; CPU iPhone OS 9_1 like Mac OS X) AppleWebKit/601.1.46 (KHTML, like Gecko) Version/9.0 Mobile/13B143 Safari/601.1"
162.0.232.193 - - [15/Aug/2024:09:20:09 -0400] "GET /comic/lookism-chapter-70/ HTTP/1.1" 200 11788 "-" "WP Rocket/Preload"
162.0.232.193 - - [15/Aug/2024:09:20:11 -0400] "GET /comic/lookism-chapter-70/ HTTP/1.1" 200 11788 "-" "WP Rocket/Preload Mozilla/5.0 (iPhone; CPU iPhone OS 9_1 like Mac OS X) AppleWebKit/601.1.46 (KHTML, like Gecko) Version/9.0 Mobile/13B143 Safari/601.1"
162.0.232.193 - - [15/Aug/2024:09:20:12 -0400] "GET /comic/lookism-chapter-244/ HTTP/1.1" 200 13063 "-" "WP Rocket/Preload"
162.0.232.193 - - [15/Aug/2024:09:20:13 -0400] "GET /comic/lookism-chapter-244/ HTTP/1.1" 200 13063 "-" "WP Rocket/Preload Mozilla/5.0 (iPhone; CPU iPhone OS 9_1 like Mac OS X) AppleWebKit/601.1.46 (KHTML, like Gecko) Version/9.0 Mobile/13B143 Safari/601.1"
112.198.69.22 - - [15/Aug/2024:09:20:14 -0400] "GET / HTTP/1.1" 200 11596 "-" "Mozilla/5.0 (Linux; Android 11; RMX3269 Build/RP1A.201005.001; wv) AppleWebKit/537.36 (KHTML, like Gecko) Version/4.0 Chrome/127.0.6533.64 Mobile Safari/537.36"
162.0.232.193 - - [15/Aug/2024:09:20:14 -0400] "GET /comic/lookism-chapter-246/ HTTP/1.1" 200 12927 "-" "WP Rocket/Preload"
162.0.232.193 - - [15/Aug/2024:09:20:15 -0400] "GET /comic/lookism-chapter-246/ HTTP/1.1" 200 12928 "-" "WP Rocket/Preload Mozilla/5.0 (iPhone; CPU iPhone OS 9_1 like Mac OS X) AppleWebKit/601.1.46 (KHTML, like Gecko) Version/9.0 Mobile/13B143 Safari/601.1"
162.0.232.193 - - [15/Aug/2024:09:20:17 -0400] "POST /wp-cron.php?doing_wp_cron=1723728017.1417300701141357421875 HTTP/1.1" 200 0 "-" "WordPress/6.5.5; https://r.lookismmanga.com"
162.0.232.193 - - [15/Aug/2024:09:20:17 -0400] "GET /comic/lookism-chapter-251/ HTTP/1.1" 200 13127 "-" "WP Rocket/Preload"
162.0.232.193 - - [15/Aug/2024:09:20:18 -0400] "GET /comic/lookism-chapter-251/ HTTP/1.1" 200 13129 "-" "WP Rocket/Preload Mozilla/5.0 (iPhone; CPU iPhone OS 9_1 like Mac OS X) AppleWebKit/601.1.46 (KHTML, like Gecko) Version/9.0 Mobile/13B143 Safari/601.1"
162.0.232.193 - - [15/Aug/2024:09:20:19 -0400] "GET /comic/lookism-chapter-239/ HTTP/1.1" 200 13010 "-" "WP Rocket/Preload"
162.0.232.193 - - [15/Aug/2024:09:20:20 -0400] "GET /comic/lookism-chapter-239/ HTTP/1.1" 200 13008 "-" "WP Rocket/Preload Mozilla/5.0 (iPhone; CPU iPhone OS 9_1 like Mac OS X) AppleWebKit/601.1.46 (KHTML, like Gecko) Version/9.0 Mobile/13B143 Safari/601.1"
162.0.232.193 - - [15/Aug/2024:09:20:21 -0400] "GET /comic/lookism-chapter-238/ HTTP/1.1" 200 13012 "-" "WP Rocket/Preload"
162.0.232.193 - - [15/Aug/2024:09:20:22 -0400] "GET /comic/lookism-chapter-238/ HTTP/1.1" 200 13011 "-" "WP Rocket/Preload Mozilla/5.0 (iPhone; CPU iPhone OS 9_1 like Mac OS X) AppleWebKit/601.1.46 (KHTML, like Gecko) Version/9.0 Mobile/13B143 Safari/601.1"
162.0.232.193 - - [15/Aug/2024:09:20:24 -0400] "GET /comic/lookism-chapter-225/ HTTP/1.1" 200 13124 "-" "WP Rocket/Preload"
162.0.232.193 - - [15/Aug/2024:09:20:25 -0400] "GET /comic/lookism-chapter-225/ HTTP/1.1" 200 13125 "-" "WP Rocket/Preload Mozilla/5.0 (iPhone; CPU iPhone OS 9_1 like Mac OS X) AppleWebKit/601.1.46 (KHTML, like Gecko) Version/9.0 Mobile/13B143 Safari/601.1"
162.0.232.193 - - [15/Aug/2024:09:20:26 -0400] "GET /comic/lookism-chapter-227/ HTTP/1.1" 200 12855 "-" "WP Rocket/Preload"
51.222.253.13 - - [15/Aug/2024:09:20:27 -0400] "GET /lookism/lookism-chapter-198/ HTTP/1.1" 301 0 "-" "Mozilla/5.0 (compatible; AhrefsBot/7.0; +http://ahrefs.com/robot/)"
162.0.232.193 - - [15/Aug/2024:09:20:27 -0400] "GET /comic/lookism-chapter-227/ HTTP/1.1" 200 12856 "-" "WP Rocket/Preload Mozilla/5.0 (iPhone; CPU iPhone OS 9_1 like Mac OS X) AppleWebKit/601.1.46 (KHTML, like Gecko) Version/9.0 Mobile/13B143 Safari/601.1"
162.0.232.193 - - [15/Aug/2024:09:20:28 -0400] "GET /comic/lookism-chapter-229/ HTTP/1.1" 200 13088 "-" "WP Rocket/Preload"
162.0.232.193 - - [15/Aug/2024:09:20:29 -0400] "GET /comic/lookism-chapter-229/ HTTP/1.1" 200 13088 "-" "WP Rocket/Preload Mozilla/5.0 (iPhone; CPU iPhone OS 9_1 like Mac OS X) AppleWebKit/601.1.46 (KHTML, like Gecko) Version/9.0 Mobile/13B143 Safari/601.1"
162.0.232.193 - - [15/Aug/2024:09:20:35 -0400] "POST /wp-admin/admin-ajax.php?action=as_async_request_queue_runner&nonce=d9b680132e HTTP/1.1" 200 0 "-" "WordPress/6.5.5; https://r.lookismmanga.com"
162.0.232.193 - - [15/Aug/2024:09:20:36 -0400] "POST /wp-cron.php?doing_wp_cron=1723728036.3835239410400390625000 HTTP/1.1" 200 0 "-" "WordPress/6.5.5; https://r.lookismmanga.com"
162.0.232.193 - - [15/Aug/2024:09:20:36 -0400] "GET /comic/lookism-chapter-79/ HTTP/1.1" 200 11438 "-" "WP Rocket/Preload"
162.0.232.193 - - [15/Aug/2024:09:20:37 -0400] "GET /comic/lookism-chapter-79/ HTTP/1.1" 200 11255 "-" "WP Rocket/Preload Mozilla/5.0 (iPhone; CPU iPhone OS 9_1 like Mac OS X) AppleWebKit/601.1.46 (KHTML, like Gecko) Version/9.0 Mobile/13B143 Safari/601.1"
162.0.232.193 - - [15/Aug/2024:09:20:38 -0400] "GET /comic/lookism-chapter-81/ HTTP/1.1" 200 11702 "-" "WP Rocket/Preload"
162.0.232.193 - - [15/Aug/2024:09:20:39 -0400] "GET /comic/lookism-chapter-81/ HTTP/1.1" 200 11703 "-" "WP Rocket/Preload Mozilla/5.0 (iPhone; CPU iPhone OS 9_1 like Mac OS X) AppleWebKit/601.1.46 (KHTML, like Gecko) Version/9.0 Mobile/13B143 Safari/601.1"
162.0.232.193 - - [15/Aug/2024:09:20:40 -0400] "GET /comic/lookism-chapter-436/ HTTP/1.1" 200 11900 "-" "WP Rocket/Preload"
162.0.232.193 - - [15/Aug/2024:09:20:41 -0400] "GET /comic/lookism-chapter-436/ HTTP/1.1" 200 11900 "-" "WP Rocket/Preload Mozilla/5.0 (iPhone; CPU iPhone OS 9_1 like Mac OS X) AppleWebKit/601.1.46 (KHTML, like Gecko) Version/9.0 Mobile/13B143 Safari/601.1"
162.0.232.193 - - [15/Aug/2024:09:20:43 -0400] "GET /comic/lookism-chapter-48/ HTTP/1.1" 200 11772 "-" "WP Rocket/Preload"
162.0.232.193 - - [15/Aug/2024:09:20:44 -0400] "GET /comic/lookism-chapter-48/ HTTP/1.1" 200 11773 "-" "WP Rocket/Preload Mozilla/5.0 (iPhone; CPU iPhone OS 9_1 like Mac OS X) AppleWebKit/601.1.46 (KHTML, like Gecko) Version/9.0 Mobile/13B143 Safari/601.1"
162.0.232.193 - - [15/Aug/2024:09:20:45 -0400] "GET /comic/lookism-chapter-460/ HTTP/1.1" 200 11568 "-" "WP Rocket/Preload"
162.0.232.193 - - [15/Aug/2024:09:20:46 -0400] "GET /comic/lookism-chapter-460/ HTTP/1.1" 200 11566 "-" "WP Rocket/Preload Mozilla/5.0 (iPhone; CPU iPhone OS 9_1 like Mac OS X) AppleWebKit/601.1.46 (KHTML, like Gecko) Version/9.0 Mobile/13B143 Safari/601.1"
162.0.232.193 - - [15/Aug/2024:09:20:47 -0400] "GET /comic/lookism-chapter-461/ HTTP/1.1" 200 11619 "-" "WP Rocket/Preload"
162.0.232.193 - - [15/Aug/2024:09:20:48 -0400] "GET /comic/lookism-chapter-461/ HTTP/1.1" 200 11484 "-" "WP Rocket/Preload Mozilla/5.0 (iPhone; CPU iPhone OS 9_1 like Mac OS X) AppleWebKit/601.1.46 (KHTML, like Gecko) Version/9.0 Mobile/13B143 Safari/601.1"
162.0.232.193 - - [15/Aug/2024:09:20:49 -0400] "GET /comic/lookism-chapter-467/ HTTP/1.1" 200 11741 "-" "WP Rocket/Preload"
