2401:5100:302:6a26:dc17:68ce:131d:f00a - - [08/Jun/2025:13:40:43 -0400] "GET /manga/farming-life-in-another-world-chapter-12/ HTTP/1.1" 200 34646 "https://isekainonbirinoukachapters.com/manga/farming-life-in-another-world-chapter-11/" "Mozilla/5.0 (Linux; Android 10; K) AppleWebKit/537.36 (KHTML, like Gecko) Chrome/135.0.0.0 Mobile Safari/537.36 OPR/89.0.0.0"
2401:5100:302:6a26:dc17:68ce:131d:f00a - - [08/Jun/2025:13:40:44 -0400] "GET /manga/farming-life-in-another-world-chapter-12/ HTTP/1.1" 304 0 "https://isekainonbirinoukachapters.com/manga/farming-life-in-another-world-chapter-11/" "Mozilla/5.0 (Linux; Android 10; K) AppleWebKit/537.36 (KHTML, like Gecko) Chrome/135.0.0.0 Mobile Safari/537.36 OPR/89.0.0.0"
2401:5100:302:6a26:dc17:68ce:131d:f00a - - [08/Jun/2025:13:40:45 -0400] "POST /wp-admin/admin-ajax.php HTTP/1.1" 200 61 "https://isekainonbirinoukachapters.com/manga/farming-life-in-another-world-chapter-12/" "Mozilla/5.0 (Linux; Android 10; K) AppleWebKit/537.36 (KHTML, like Gecko) Chrome/135.0.0.0 Mobile Safari/537.36 OPR/89.0.0.0"
57.128.174.25 - - [08/Jun/2025:13:40:48 -0400] "GET /manga/farming-life-in-another-world-chapter-43/ HTTP/1.1" 200 33973 "https://isekainonbirinoukachapters.com/" "Mozilla/5.0 (Linux; Android 10; K) AppleWebKit/537.36 (KHTML, like Gecko) Chrome/136.0.0.0 Mobile Safari/537.36"
73.130.209.84 - - [08/Jun/2025:13:40:59 -0400] "GET /manga/farming-life-in-another-world-chapter-212/ HTTP/1.1" 200 34228 "-" "Mozilla/5.0 (Windows NT 10.0; Win64; x64) AppleWebKit/537.36 (KHTML, like Gecko) Chrome/137.0.0.0 Safari/537.36"
73.130.209.84 - - [08/Jun/2025:13:40:59 -0400] "GET /manga/farming-life-in-another-world-chapter-212/ HTTP/1.1" 304 0 "https://isekainonbirinoukachapters.com/manga/farming-life-in-another-world-chapter-211/" "Mozilla/5.0 (Windows NT 10.0; Win64; x64) AppleWebKit/537.36 (KHTML, like Gecko) Chrome/137.0.0.0 Safari/537.36"
2405:3800:801:f809::1 - - [08/Jun/2025:13:41:02 -0400] "GET /manga/farming-life-in-another-world-chapter-34/ HTTP/1.1" 304 0 "https://isekainonbirinoukachapters.com/manga/farming-life-in-another-world-chapter-35/" "Mozilla/5.0 (Linux; Android 10; K) AppleWebKit/537.36 (KHTML, like Gecko) Chrome/137.0.0.0 Mobile Safari/537.36"
57.128.174.25 - - [08/Jun/2025:13:41:02 -0400] "GET /manga/farming-life-in-another-world-chapter-44/ HTTP/1.1" 200 34134 "https://isekainonbirinoukachapters.com/" "Mozilla/5.0 (Linux; Android 10; K) AppleWebKit/537.36 (KHTML, like Gecko) Chrome/136.0.0.0 Mobile Safari/537.36"
2405:3800:801:f809::1 - - [08/Jun/2025:13:41:02 -0400] "GET /manga/farming-life-in-another-world-chapter-34/ HTTP/1.1" 304 0 "https://isekainonbirinoukachapters.com/manga/farming-life-in-another-world-chapter-35/" "Mozilla/5.0 (Linux; Android 10; K) AppleWebKit/537.36 (KHTML, like Gecko) Chrome/137.0.0.0 Mobile Safari/537.36"
2405:3800:801:f809::1 - - [08/Jun/2025:13:41:05 -0400] "GET /manga/farming-life-in-another-world-chapter-36/ HTTP/1.1" 200 34600 "https://isekainonbirinoukachapters.com/manga/farming-life-in-another-world-chapter-35/" "Mozilla/5.0 (Linux; Android 10; K) AppleWebKit/537.36 (KHTML, like Gecko) Chrome/137.0.0.0 Mobile Safari/537.36"
2405:3800:801:f809::1 - - [08/Jun/2025:13:41:05 -0400] "GET /manga/farming-life-in-another-world-chapter-36/ HTTP/1.1" 304 0 "https://isekainonbirinoukachapters.com/manga/farming-life-in-another-world-chapter-35/" "Mozilla/5.0 (Linux; Android 10; K) AppleWebKit/537.36 (KHTML, like Gecko) Chrome/137.0.0.0 Mobile Safari/537.36"
40.77.167.254 - - [08/Jun/2025:13:41:08 -0400] "GET /wp-json/wp/v2/posts/2215 HTTP/1.1" 200 13086 "-" "Mozilla/5.0 AppleWebKit/537.36 (KHTML, like Gecko; compatible; bingbot/2.0; +http://www.bing.com/bingbot.htm) Chrome/116.0.1938.76 Safari/537.36"
2a09:bac3:4c94:232::38:9d - - [08/Jun/2025:13:41:14 -0400] "GET /manga/farming-life-in-another-world-chapter-169/ HTTP/1.1" 200 34584 "https://isekainonbirinoukachapters.com/manga/farming-life-in-another-world-chapter-168/" "Mozilla/5.0 (iPhone; CPU iPhone OS 18_5 like Mac OS X) AppleWebKit/605.1.15 (KHTML, like Gecko) Version/18.5 Mobile/15E148 Safari/604.1"
2a09:bac3:4c94:232::38:9d - - [08/Jun/2025:13:41:15 -0400] "POST /wp-admin/admin-ajax.php HTTP/1.1" 200 61 "https://isekainonbirinoukachapters.com/manga/farming-life-in-another-world-chapter-169/" "Mozilla/5.0 (iPhone; CPU iPhone OS 18_5 like Mac OS X) AppleWebKit/605.1.15 (KHTML, like Gecko) Version/18.5 Mobile/15E148 Safari/604.1"
57.128.174.25 - - [08/Jun/2025:13:41:18 -0400] "GET /manga/farming-life-in-another-world-chapter-58/ HTTP/1.1" 200 34254 "https://isekainonbirinoukachapters.com/" "Mozilla/5.0 (Linux; Android 10; K) AppleWebKit/537.36 (KHTML, like Gecko) Chrome/136.0.0.0 Mobile Safari/537.36"
47.82.60.117 - - [08/Jun/2025:13:41:32 -0400] "GET /manga/farming-life-in-another-world-chapter-122/ HTTP/1.1" 200 34489 "https://isekainonbirinoukachapters.com/manga/farming-life-in-another-world-chapter-122/" "Mozilla/5.0 (Windows NT 10.0; Win64; x64) AppleWebKit/537.36 (KHTML, like Gecko) Chrome/114.0.0.0 Safari/537.36 Edg/114.0.1823.43"
57.128.174.25 - - [08/Jun/2025:13:41:36 -0400] "GET /manga/farming-life-in-another-world-chapter-52/ HTTP/1.1" 200 34579 "https://isekainonbirinoukachapters.com/" "Mozilla/5.0 (Linux; Android 10; K) AppleWebKit/537.36 (KHTML, like Gecko) Chrome/136.0.0.0 Mobile Safari/537.36"
47.82.60.169 - - [08/Jun/2025:13:41:37 -0400] "GET /manga/farming-life-in-another-world-chapter-56/ HTTP/1.1" 200 34461 "https://isekainonbirinoukachapters.com/manga/farming-life-in-another-world-chapter-56/" "Mozilla/5.0 (Windows NT 10.0; Win64; x64) AppleWebKit/537.36 (KHTML, like Gecko) Chrome/114.0.0.0 Safari/537.36 Edg/114.0.1823.43"
2404:c0:42b0::f7:88d3 - - [08/Jun/2025:13:41:38 -0400] "GET /manga/farming-life-in-another-world-chapter-199/ HTTP/1.1" 200 34577 "https://isekainonbirinoukachapters.com/manga/farming-life-in-another-world-chapter-198/" "Mozilla/5.0 (Linux; Android 10; K) AppleWebKit/537.36 (KHTML, like Gecko) Chrome/137.0.0.0 Mobile Safari/537.36"
162.0.232.193 - - [08/Jun/2025:13:41:38 -0400] "POST /wp-cron.php?doing_wp_cron=1749404498.4337480068206787109375 HTTP/1.1" 200 0 "-" "WordPress/6.8.1; https://isekainonbirinoukachapters.com"
2404:c0:42b0::f7:88d3 - - [08/Jun/2025:13:41:38 -0400] "GET /manga/farming-life-in-another-world-chapter-199/ HTTP/1.1" 304 0 "https://isekainonbirinoukachapters.com/manga/farming-life-in-another-world-chapter-198/" "Mozilla/5.0 (Linux; Android 10; K) AppleWebKit/537.36 (KHTML, like Gecko) Chrome/137.0.0.0 Mobile Safari/537.36"
57.128.174.25 - - [08/Jun/2025:13:41:38 -0400] "POST /wp-admin/admin-ajax.php HTTP/1.1" 200 61 "https://isekainonbirinoukachapters.com/manga/farming-life-in-another-world-chapter-52/" "Mozilla/5.0 (Linux; Android 10; K) AppleWebKit/537.36 (KHTML, like Gecko) Chrome/136.0.0.0 Mobile Safari/537.36"
2404:c0:42b0::f7:88d3 - - [08/Jun/2025:13:41:39 -0400] "POST /wp-admin/admin-ajax.php HTTP/1.1" 200 61 "https://isekainonbirinoukachapters.com/manga/farming-life-in-another-world-chapter-199/" "Mozilla/5.0 (Linux; Android 10; K) AppleWebKit/537.36 (KHTML, like Gecko) Chrome/137.0.0.0 Mobile Safari/537.36"
47.82.61.102 - - [08/Jun/2025:13:41:41 -0400] "GET /category/farming-life-in-another-world-manga/page/18/ HTTP/1.1" 200 33192 "https://isekainonbirinoukachapters.com/category/farming-life-in-another-world-manga/page/18/" "Mozilla/5.0 (Windows NT 10.0; Win64; x64) AppleWebKit/537.36 (KHTML, like Gecko) Chrome/114.0.0.0 Safari/537.36 Edg/114.0.1823.43"
162.0.232.193 - - [08/Jun/2025:13:41:53 -0400] "POST /wp-cron.php?doing_wp_cron=1749404513.5991671085357666015625 HTTP/1.1" 200 0 "-" "WordPress/6.8.1; https://isekainonbirinoukachapters.com"
47.79.123.96 - - [08/Jun/2025:13:41:53 -0400] "GET /category/read-farming-life-in-another-world/page/12/ HTTP/1.1" 200 33162 "https://isekainonbirinoukachapters.com/category/read-farming-life-in-another-world/page/12/" "Mozilla/5.0 (Windows NT 10.0; Win64; x64) AppleWebKit/537.36 (KHTML, like Gecko) Chrome/114.0.0.0 Safari/537.36 Edg/114.0.1823.43"
57.128.174.25 - - [08/Jun/2025:13:41:54 -0400] "GET /manga/farming-life-in-another-world-chapter-53/ HTTP/1.1" 200 34601 "https://isekainonbirinoukachapters.com/" "Mozilla/5.0 (Linux; Android 10; K) AppleWebKit/537.36 (KHTML, like Gecko) Chrome/136.0.0.0 Mobile Safari/537.36"
162.0.232.193 - - [08/Jun/2025:13:41:55 -0400] "POST /wp-cron.php?doing_wp_cron=1749404515.1393001079559326171875 HTTP/1.1" 200 0 "-" "WordPress/6.8.1; https://isekainonbirinoukachapters.com"
57.128.174.25 - - [08/Jun/2025:13:41:54 -0400] "POST /wp-admin/admin-ajax.php HTTP/1.1" 200 61 "https://isekainonbirinoukachapters.com/manga/farming-life-in-another-world-chapter-53/" "Mozilla/5.0 (Linux; Android 10; K) AppleWebKit/537.36 (KHTML, like Gecko) Chrome/136.0.0.0 Mobile Safari/537.36"
57.128.174.25 - - [08/Jun/2025:13:42:07 -0400] "GET /manga/farming-life-in-another-world-chapter-54/ HTTP/1.1" 200 34682 "https://isekainonbirinoukachapters.com/" "Mozilla/5.0 (Linux; Android 10; K) AppleWebKit/537.36 (KHTML, like Gecko) Chrome/136.0.0.0 Mobile Safari/537.36"
162.0.232.193 - - [08/Jun/2025:13:42:09 -0400] "POST /wp-cron.php?doing_wp_cron=1749404529.0783929824829101562500 HTTP/1.1" 200 0 "-" "WordPress/6.8.1; https://isekainonbirinoukachapters.com"
57.128.174.25 - - [08/Jun/2025:13:42:08 -0400] "POST /wp-admin/admin-ajax.php HTTP/1.1" 200 61 "https://isekainonbirinoukachapters.com/manga/farming-life-in-another-world-chapter-54/" "Mozilla/5.0 (Linux; Android 10; K) AppleWebKit/537.36 (KHTML, like Gecko) Chrome/136.0.0.0 Mobile Safari/537.36"
162.0.232.193 - - [08/Jun/2025:13:42:10 -0400] "GET /wp-content/uploads/89b93a66fa29a678cbd60ff176e1ea9a_1973.xml HTTP/1.1" 200 1499 "-" "Mozilla/5.0 (X11; Linux x86_64) AppleWebKit/537.36 (KHTML, like Gecko) Ubuntu Chromium/41.0.2272.76"
2a09:bac3:4c94:232::38:9d - - [08/Jun/2025:13:42:16 -0400] "GET /manga/farming-life-in-another-world-chapter-170/ HTTP/1.1" 200 34919 "https://isekainonbirinoukachapters.com/manga/farming-life-in-another-world-chapter-169/" "Mozilla/5.0 (iPhone; CPU iPhone OS 18_5 like Mac OS X) AppleWebKit/605.1.15 (KHTML, like Gecko) Version/18.5 Mobile/15E148 Safari/604.1"
2a09:bac3:4c94:232::38:9d - - [08/Jun/2025:13:42:17 -0400] "POST /wp-admin/admin-ajax.php HTTP/1.1" 200 49 "https://isekainonbirinoukachapters.com/manga/farming-life-in-another-world-chapter-170/" "Mozilla/5.0 (iPhone; CPU iPhone OS 18_5 like Mac OS X) AppleWebKit/605.1.15 (KHTML, like Gecko) Version/18.5 Mobile/15E148 Safari/604.1"
2a09:bac3:4c94:232::38:9d - - [08/Jun/2025:13:42:17 -0400] "POST /wp-admin/admin-ajax.php HTTP/1.1" 200 61 "https://isekainonbirinoukachapters.com/manga/farming-life-in-another-world-chapter-170/" "Mozilla/5.0 (iPhone; CPU iPhone OS 18_5 like Mac OS X) AppleWebKit/605.1.15 (KHTML, like Gecko) Version/18.5 Mobile/15E148 Safari/604.1"
2a09:bac3:4c94:232::38:9d - - [08/Jun/2025:13:42:18 -0400] "POST /wp-admin/admin-ajax.php HTTP/1.1" 200 644 "https://isekainonbirinoukachapters.com/manga/farming-life-in-another-world-chapter-170/" "Mozilla/5.0 (iPhone; CPU iPhone OS 18_5 like Mac OS X) AppleWebKit/605.1.15 (KHTML, like Gecko) Version/18.5 Mobile/15E148 Safari/604.1"
57.128.174.25 - - [08/Jun/2025:13:42:31 -0400] "GET /manga/farming-life-in-another-world-chapter-55/ HTTP/1.1" 200 34602 "https://isekainonbirinoukachapters.com/" "Mozilla/5.0 (Linux; Android 10; K) AppleWebKit/537.36 (KHTML, like Gecko) Chrome/136.0.0.0 Mobile Safari/537.36"
57.128.174.25 - - [08/Jun/2025:13:42:32 -0400] "POST /wp-admin/admin-ajax.php HTTP/1.1" 200 61 "https://isekainonbirinoukachapters.com/manga/farming-life-in-another-world-chapter-55/" "Mozilla/5.0 (Linux; Android 10; K) AppleWebKit/537.36 (KHTML, like Gecko) Chrome/136.0.0.0 Mobile Safari/537.36"
2a09:bac3:4c94:232::38:9d - - [08/Jun/2025:13:42:36 -0400] "GET /manga/farming-life-in-another-world-chapter-171/ HTTP/1.1" 200 34344 "https://isekainonbirinoukachapters.com/manga/farming-life-in-another-world-chapter-170/" "Mozilla/5.0 (iPhone; CPU iPhone OS 18_5 like Mac OS X) AppleWebKit/605.1.15 (KHTML, like Gecko) Version/18.5 Mobile/15E148 Safari/604.1"
2a09:bac3:4c94:232::38:9d - - [08/Jun/2025:13:42:37 -0400] "POST /wp-admin/admin-ajax.php HTTP/1.1" 200 61 "https://isekainonbirinoukachapters.com/manga/farming-life-in-another-world-chapter-171/" "Mozilla/5.0 (iPhone; CPU iPhone OS 18_5 like Mac OS X) AppleWebKit/605.1.15 (KHTML, like Gecko) Version/18.5 Mobile/15E148 Safari/604.1"
2a02:1406:269:693f:7854:b562:c7a3:5555 - - [08/Jun/2025:13:42:38 -0400] "GET /manga/farming-life-in-another-world-chapter-63/ HTTP/1.1" 200 34220 "https://isekainonbirinoukachapters.com/manga/farming-life-in-another-world-chapter-62/" "Mozilla/5.0 (Windows NT 10.0; Win64; x64; rv:139.0) Gecko/20100101 Firefox/139.0"
57.128.174.25 - - [08/Jun/2025:13:42:42 -0400] "GET /manga/farming-life-in-another-world-chapter-56/ HTTP/1.1" 200 34511 "https://isekainonbirinoukachapters.com/" "Mozilla/5.0 (Linux; Android 10; K) AppleWebKit/537.36 (KHTML, like Gecko) Chrome/136.0.0.0 Mobile Safari/537.36"
57.128.174.25 - - [08/Jun/2025:13:42:42 -0400] "POST /wp-admin/admin-ajax.php HTTP/1.1" 200 61 "https://isekainonbirinoukachapters.com/manga/farming-life-in-another-world-chapter-56/" "Mozilla/5.0 (Linux; Android 10; K) AppleWebKit/537.36 (KHTML, like Gecko) Chrome/136.0.0.0 Mobile Safari/537.36"
2a09:bac3:4c94:232::38:9d - - [08/Jun/2025:13:42:44 -0400] "GET /manga/farming-life-in-another-world-chapter-172/ HTTP/1.1" 200 34397 "https://isekainonbirinoukachapters.com/manga/farming-life-in-another-world-chapter-171/" "Mozilla/5.0 (iPhone; CPU iPhone OS 18_5 like Mac OS X) AppleWebKit/605.1.15 (KHTML, like Gecko) Version/18.5 Mobile/15E148 Safari/604.1"
2a09:bac3:4c94:232::38:9d - - [08/Jun/2025:13:42:45 -0400] "POST /wp-admin/admin-ajax.php HTTP/1.1" 200 61 "https://isekainonbirinoukachapters.com/manga/farming-life-in-another-world-chapter-172/" "Mozilla/5.0 (iPhone; CPU iPhone OS 18_5 like Mac OS X) AppleWebKit/605.1.15 (KHTML, like Gecko) Version/18.5 Mobile/15E148 Safari/604.1"
57.128.174.25 - - [08/Jun/2025:13:42:48 -0400] "GET /manga/farming-life-in-another-world-chapter-57/ HTTP/1.1" 200 34197 "https://isekainonbirinoukachapters.com/" "Mozilla/5.0 (Linux; Android 10; K) AppleWebKit/537.36 (KHTML, like Gecko) Chrome/136.0.0.0 Mobile Safari/537.36"
57.128.174.25 - - [08/Jun/2025:13:42:58 -0400] "GET /manga/farming-life-in-another-world-chapter-58/ HTTP/1.1" 304 0 "https://isekainonbirinoukachapters.com/" "Mozilla/5.0 (Linux; Android 10; K) AppleWebKit/537.36 (KHTML, like Gecko) Chrome/136.0.0.0 Mobile Safari/537.36"
2404:c0:42b0::f7:88d3 - - [08/Jun/2025:13:43:00 -0400] "GET /manga/farming-life-in-another-world-chapter-200/ HTTP/1.1" 200 34580 "https://isekainonbirinoukachapters.com/manga/farming-life-in-another-world-chapter-199/" "Mozilla/5.0 (Linux; Android 10; K) AppleWebKit/537.36 (KHTML, like Gecko) Chrome/137.0.0.0 Mobile Safari/537.36"
2404:c0:42b0::f7:88d3 - - [08/Jun/2025:13:43:00 -0400] "GET /manga/farming-life-in-another-world-chapter-200/ HTTP/1.1" 304 0 "https://isekainonbirinoukachapters.com/manga/farming-life-in-another-world-chapter-199/" "Mozilla/5.0 (Linux; Android 10; K) AppleWebKit/537.36 (KHTML, like Gecko) Chrome/137.0.0.0 Mobile Safari/537.36"
2404:c0:42b0::f7:88d3 - - [08/Jun/2025:13:43:01 -0400] "POST /wp-admin/admin-ajax.php HTTP/1.1" 200 61 "https://isekainonbirinoukachapters.com/manga/farming-life-in-another-world-chapter-200/" "Mozilla/5.0 (Linux; Android 10; K) AppleWebKit/537.36 (KHTML, like Gecko) Chrome/137.0.0.0 Mobile Safari/537.36"
47.82.60.216 - - [08/Jun/2025:13:43:14 -0400] "GET /manga/farming-life-in-another-world-chapter-29/ HTTP/1.1" 200 34582 "https://isekainonbirinoukachapters.com/manga/farming-life-in-another-world-chapter-29/" "Mozilla/5.0 (Windows NT 10.0; Win64; x64) AppleWebKit/537.36 (KHTML, like Gecko) Chrome/114.0.0.0 Safari/537.36 Edg/114.0.1823.43"
2404:c0:42b0::f7:88d3 - - [08/Jun/2025:13:43:19 -0400] "GET /manga/farming-life-in-another-world-chapter-201/ HTTP/1.1" 200 34388 "https://isekainonbirinoukachapters.com/manga/farming-life-in-another-world-chapter-200/" "Mozilla/5.0 (Linux; Android 10; K) AppleWebKit/537.36 (KHTML, like Gecko) Chrome/137.0.0.0 Mobile Safari/537.36"
2404:c0:42b0::f7:88d3 - - [08/Jun/2025:13:43:19 -0400] "GET /manga/farming-life-in-another-world-chapter-201/ HTTP/1.1" 304 0 "https://isekainonbirinoukachapters.com/manga/farming-life-in-another-world-chapter-200/" "Mozilla/5.0 (Linux; Android 10; K) AppleWebKit/537.36 (KHTML, like Gecko) Chrome/137.0.0.0 Mobile Safari/537.36"
162.0.232.193 - - [08/Jun/2025:13:43:20 -0400] "POST /wp-cron.php?doing_wp_cron=1749404600.5625441074371337890625 HTTP/1.1" 200 0 "-" "WordPress/6.8.1; https://isekainonbirinoukachapters.com"
2404:c0:42b0::f7:88d3 - - [08/Jun/2025:13:43:20 -0400] "POST /wp-admin/admin-ajax.php HTTP/1.1" 200 61 "https://isekainonbirinoukachapters.com/manga/farming-life-in-another-world-chapter-201/" "Mozilla/5.0 (Linux; Android 10; K) AppleWebKit/537.36 (KHTML, like Gecko) Chrome/137.0.0.0 Mobile Safari/537.36"
47.82.61.67 - - [08/Jun/2025:13:43:25 -0400] "GET /manga/farming-life-in-another-world-chapter-65/ HTTP/1.1" 200 34174 "https://isekainonbirinoukachapters.com/manga/farming-life-in-another-world-chapter-65/" "Mozilla/5.0 (Windows NT 10.0; Win64; x64) AppleWebKit/537.36 (KHTML, like Gecko) Chrome/114.0.0.0 Safari/537.36 Edg/114.0.1823.43"
2a09:bac3:4c94:232::38:9d - - [08/Jun/2025:13:43:49 -0400] "GET /manga/farming-life-in-another-world-chapter-173/ HTTP/1.1" 200 34567 "https://isekainonbirinoukachapters.com/manga/farming-life-in-another-world-chapter-172/" "Mozilla/5.0 (iPhone; CPU iPhone OS 18_5 like Mac OS X) AppleWebKit/605.1.15 (KHTML, like Gecko) Version/18.5 Mobile/15E148 Safari/604.1"
162.0.232.193 - - [08/Jun/2025:13:43:50 -0400] "POST /wp-cron.php?doing_wp_cron=1749404630.3317480087280273437500 HTTP/1.1" 200 0 "-" "WordPress/6.8.1; https://isekainonbirinoukachapters.com"
2a09:bac3:4c94:232::38:9d - - [08/Jun/2025:13:43:49 -0400] "POST /wp-admin/admin-ajax.php HTTP/1.1" 200 61 "https://isekainonbirinoukachapters.com/manga/farming-life-in-another-world-chapter-173/" "Mozilla/5.0 (iPhone; CPU iPhone OS 18_5 like Mac OS X) AppleWebKit/605.1.15 (KHTML, like Gecko) Version/18.5 Mobile/15E148 Safari/604.1"
162.0.232.193 - - [08/Jun/2025:13:44:02 -0400] "POST /wp-cron.php?doing_wp_cron=1749404642.1146440505981445312500 HTTP/1.1" 200 0 "-" "WordPress/6.8.1; https://isekainonbirinoukachapters.com"
43.157.142.101 - - [08/Jun/2025:13:44:01 -0400] "GET /manga/farming-life-in-another-world-chapter-35/feed/ HTTP/1.1" 200 466 "-" "Mozilla/5.0 (iPhone; CPU iPhone OS 13_2_3 like Mac OS X) AppleWebKit/605.1.15 (KHTML, like Gecko) Version/13.0.3 Mobile/15E148 Safari/604.1"
162.0.232.193 - - [08/Jun/2025:13:44:04 -0400] "GET /wp-content/uploads/89b93a66fa29a678cbd60ff176e1ea9a_1973.xml HTTP/1.1" 200 1499 "-" "Mozilla/5.0 (X11; Linux x86_64) AppleWebKit/537.36 (KHTML, like Gecko) Ubuntu Chromium/41.0.2272.76"
64.150.229.229 - - [08/Jun/2025:13:44:09 -0400] "GET /manga/farming-life-in-another-world-chapter-41/ HTTP/1.1" 200 34462 "https://isekainonbirinoukachapters.com/manga/farming-life-in-another-world-chapter-40/" "Mozilla/5.0 (iPad; CPU OS 17_7 like Mac OS X) AppleWebKit/605.1.15 (KHTML, like Gecko) GSA/346.1.704810410 Mobile/15E148 Safari/604.1"
64.150.229.229 - - [08/Jun/2025:13:44:09 -0400] "POST /wp-admin/admin-ajax.php HTTP/1.1" 200 61 "https://isekainonbirinoukachapters.com/manga/farming-life-in-another-world-chapter-41/" "Mozilla/5.0 (iPad; CPU OS 17_7 like Mac OS X) AppleWebKit/605.1.15 (KHTML, like Gecko) GSA/346.1.704810410 Mobile/15E148 Safari/604.1"
73.130.209.84 - - [08/Jun/2025:13:44:16 -0400] "GET /manga/farming-life-in-another-world-chapter-213/ HTTP/1.1" 200 34521 "-" "Mozilla/5.0 (Windows NT 10.0; Win64; x64) AppleWebKit/537.36 (KHTML, like Gecko) Chrome/137.0.0.0 Safari/537.36"
73.130.209.84 - - [08/Jun/2025:13:44:16 -0400] "GET /manga/farming-life-in-another-world-chapter-211/ HTTP/1.1" 304 0 "-" "Mozilla/5.0 (Windows NT 10.0; Win64; x64) AppleWebKit/537.36 (KHTML, like Gecko) Chrome/137.0.0.0 Safari/537.36"
73.130.209.84 - - [08/Jun/2025:13:44:16 -0400] "GET /manga/farming-life-in-another-world-chapter-213/ HTTP/1.1" 304 0 "https://isekainonbirinoukachapters.com/manga/farming-life-in-another-world-chapter-212/" "Mozilla/5.0 (Windows NT 10.0; Win64; x64) AppleWebKit/537.36 (KHTML, like Gecko) Chrome/137.0.0.0 Safari/537.36"
73.130.209.84 - - [08/Jun/2025:13:44:16 -0400] "POST /wp-admin/admin-ajax.php HTTP/1.1" 200 61 "https://isekainonbirinoukachapters.com/manga/farming-life-in-another-world-chapter-213/" "Mozilla/5.0 (Windows NT 10.0; Win64; x64) AppleWebKit/537.36 (KHTML, like Gecko) Chrome/137.0.0.0 Safari/537.36"
2001:4860:7:506::fc - - [08/Jun/2025:13:44:30 -0400] "GET / HTTP/1.1" 200 32311 "https://www.google.com/" "Mozilla/5.0 (Linux; Android 10; K) AppleWebKit/537.36 (KHTML, like Gecko) Chrome/137.0.0.0 Mobile Safari/537.36"
64.233.173.11 - - [08/Jun/2025:13:44:30 -0400] "GET /.well-known/traffic-advice HTTP/1.1" 301 0 "-" "Chrome Privacy Preserving Prefetch Proxy"
64.150.229.229 - - [08/Jun/2025:13:44:32 -0400] "GET /manga/farming-life-in-another-world-chapter-42/ HTTP/1.1" 200 34057 "https://isekainonbirinoukachapters.com/manga/farming-life-in-another-world-chapter-41/" "Mozilla/5.0 (iPad; CPU OS 17_7 like Mac OS X) AppleWebKit/605.1.15 (KHTML, like Gecko) GSA/346.1.704810410 Mobile/15E148 Safari/604.1"
2001:448a:1082:2c00:6d9b:67cd:5f55:5f96 - - [08/Jun/2025:13:44:34 -0400] "GET /manga/farming-life-in-another-world-chapter-3/ HTTP/1.1" 200 34580 "https://isekainonbirinoukachapters.com/" "Mozilla/5.0 (Linux; Android 10; K) AppleWebKit/537.36 (KHTML, like Gecko) Chrome/137.0.0.0 Mobile Safari/537.36"
2001:448a:1082:2c00:6d9b:67cd:5f55:5f96 - - [08/Jun/2025:13:44:35 -0400] "GET /manga/farming-life-in-another-world-chapter-3/ HTTP/1.1" 304 0 "https://isekainonbirinoukachapters.com/" "Mozilla/5.0 (Linux; Android 10; K) AppleWebKit/537.36 (KHTML, like Gecko) Chrome/137.0.0.0 Mobile Safari/537.36"
2001:448a:1082:2c00:6d9b:67cd:5f55:5f96 - - [08/Jun/2025:13:44:35 -0400] "GET /manga/farming-life-in-another-world-chapter-4/ HTTP/1.1" 200 34058 "https://isekainonbirinoukachapters.com/" "Mozilla/5.0 (Linux; Android 10; K) AppleWebKit/537.36 (KHTML, like Gecko) Chrome/137.0.0.0 Mobile Safari/537.36"
2001:448a:1082:2c00:6d9b:67cd:5f55:5f96 - - [08/Jun/2025:13:44:35 -0400] "GET /manga/farming-life-in-another-world-chapter-4/ HTTP/1.1" 304 0 "https://isekainonbirinoukachapters.com/" "Mozilla/5.0 (Linux; Android 10; K) AppleWebKit/537.36 (KHTML, like Gecko) Chrome/137.0.0.0 Mobile Safari/537.36"
2001:448a:1082:2c00:6d9b:67cd:5f55:5f96 - - [08/Jun/2025:13:44:38 -0400] "GET /manga/farming-life-in-another-world-chapter-197/ HTTP/1.1" 200 34559 "https://isekainonbirinoukachapters.com/" "Mozilla/5.0 (Linux; Android 10; K) AppleWebKit/537.36 (KHTML, like Gecko) Chrome/137.0.0.0 Mobile Safari/537.36"
2001:448a:1082:2c00:6d9b:67cd:5f55:5f96 - - [08/Jun/2025:13:44:39 -0400] "GET /manga/farming-life-in-another-world-chapter-197/ HTTP/1.1" 304 0 "https://isekainonbirinoukachapters.com/" "Mozilla/5.0 (Linux; Android 10; K) AppleWebKit/537.36 (KHTML, like Gecko) Chrome/137.0.0.0 Mobile Safari/537.36"
2001:448a:1082:2c00:6d9b:67cd:5f55:5f96 - - [08/Jun/2025:13:44:39 -0400] "GET /manga/farming-life-in-another-world-chapter-214/ HTTP/1.1" 200 34884 "https://isekainonbirinoukachapters.com/" "Mozilla/5.0 (Linux; Android 10; K) AppleWebKit/537.36 (KHTML, like Gecko) Chrome/137.0.0.0 Mobile Safari/537.36"
2001:448a:1082:2c00:6d9b:67cd:5f55:5f96 - - [08/Jun/2025:13:44:40 -0400] "GET /manga/farming-life-in-another-world-chapter-214/ HTTP/1.1" 304 0 "https://isekainonbirinoukachapters.com/" "Mozilla/5.0 (Linux; Android 10; K) AppleWebKit/537.36 (KHTML, like Gecko) Chrome/137.0.0.0 Mobile Safari/537.36"
2001:448a:1082:2c00:6d9b:67cd:5f55:5f96 - - [08/Jun/2025:13:44:41 -0400] "GET /manga/farming-life-in-another-world-chapter-255/ HTTP/1.1" 200 34576 "https://isekainonbirinoukachapters.com/" "Mozilla/5.0 (Linux; Android 10; K) AppleWebKit/537.36 (KHTML, like Gecko) Chrome/137.0.0.0 Mobile Safari/537.36"
2001:448a:1082:2c00:6d9b:67cd:5f55:5f96 - - [08/Jun/2025:13:44:41 -0400] "GET /manga/farming-life-in-another-world-chapter-233/ HTTP/1.1" 200 35004 "https://isekainonbirinoukachapters.com/" "Mozilla/5.0 (Linux; Android 10; K) AppleWebKit/537.36 (KHTML, like Gecko) Chrome/137.0.0.0 Mobile Safari/537.36"
2001:448a:1082:2c00:6d9b:67cd:5f55:5f96 - - [08/Jun/2025:13:44:41 -0400] "GET /manga/farming-life-in-another-world-chapter-255/ HTTP/1.1" 304 0 "https://isekainonbirinoukachapters.com/" "Mozilla/5.0 (Linux; Android 10; K) AppleWebKit/537.36 (KHTML, like Gecko) Chrome/137.0.0.0 Mobile Safari/537.36"
2001:448a:1082:2c00:6d9b:67cd:5f55:5f96 - - [08/Jun/2025:13:44:41 -0400] "GET /manga/farming-life-in-another-world-chapter-212/ HTTP/1.1" 200 34288 "https://isekainonbirinoukachapters.com/" "Mozilla/5.0 (Linux; Android 10; K) AppleWebKit/537.36 (KHTML, like Gecko) Chrome/137.0.0.0 Mobile Safari/537.36"
2001:448a:1082:2c00:6d9b:67cd:5f55:5f96 - - [08/Jun/2025:13:44:41 -0400] "GET /manga/farming-life-in-another-world-chapter-233/ HTTP/1.1" 304 0 "https://isekainonbirinoukachapters.com/" "Mozilla/5.0 (Linux; Android 10; K) AppleWebKit/537.36 (KHTML, like Gecko) Chrome/137.0.0.0 Mobile Safari/537.36"
2001:448a:1082:2c00:6d9b:67cd:5f55:5f96 - - [08/Jun/2025:13:44:42 -0400] "GET /manga/farming-life-in-another-world-chapter-212/ HTTP/1.1" 304 0 "https://isekainonbirinoukachapters.com/" "Mozilla/5.0 (Linux; Android 10; K) AppleWebKit/537.36 (KHTML, like Gecko) Chrome/137.0.0.0 Mobile Safari/537.36"
47.82.60.132 - - [08/Jun/2025:13:44:57 -0400] "GET /manga/farming-life-in-another-world-chapter-255/ HTTP/1.1" 200 34519 "https://isekainonbirinoukachapters.com/manga/farming-life-in-another-world-chapter-255/" "Mozilla/5.0 (Windows NT 10.0; Win64; x64) AppleWebKit/537.36 (KHTML, like Gecko) Chrome/114.0.0.0 Safari/537.36 Edg/114.0.1823.43"
2001:448a:1082:2c00:6d9b:67cd:5f55:5f96 - - [08/Jun/2025:13:45:11 -0400] "GET /manga/farming-life-in-another-world-chapter-208/ HTTP/1.1" 200 34527 "https://isekainonbirinoukachapters.com/" "Mozilla/5.0 (Linux; Android 10; K) AppleWebKit/537.36 (KHTML, like Gecko) Chrome/137.0.0.0 Mobile Safari/537.36"
47.82.60.198 - - [08/Jun/2025:13:45:11 -0400] "GET /manga/farming-life-in-another-world-chapter-247/ HTTP/1.1" 200 34511 "https://isekainonbirinoukachapters.com/manga/farming-life-in-another-world-chapter-247/" "Mozilla/5.0 (Windows NT 10.0; Win64; x64) AppleWebKit/537.36 (KHTML, like Gecko) Chrome/114.0.0.0 Safari/537.36 Edg/114.0.1823.43"
2001:448a:1082:2c00:6d9b:67cd:5f55:5f96 - - [08/Jun/2025:13:45:11 -0400] "GET /manga/farming-life-in-another-world-chapter-226/ HTTP/1.1" 200 34636 "https://isekainonbirinoukachapters.com/" "Mozilla/5.0 (Linux; Android 10; K) AppleWebKit/537.36 (KHTML, like Gecko) Chrome/137.0.0.0 Mobile Safari/537.36"
2001:448a:1082:2c00:6d9b:67cd:5f55:5f96 - - [08/Jun/2025:13:45:11 -0400] "GET /manga/farming-life-in-another-world-chapter-208/ HTTP/1.1" 304 0 "https://isekainonbirinoukachapters.com/" "Mozilla/5.0 (Linux; Android 10; K) AppleWebKit/537.36 (KHTML, like Gecko) Chrome/137.0.0.0 Mobile Safari/537.36"
2001:448a:1082:2c00:6d9b:67cd:5f55:5f96 - - [08/Jun/2025:13:45:11 -0400] "GET /manga/farming-life-in-another-world-chapter-237/ HTTP/1.1" 200 34561 "https://isekainonbirinoukachapters.com/" "Mozilla/5.0 (Linux; Android 10; K) AppleWebKit/537.36 (KHTML, like Gecko) Chrome/137.0.0.0 Mobile Safari/537.36"
2001:448a:1082:2c00:6d9b:67cd:5f55:5f96 - - [08/Jun/2025:13:45:12 -0400] "GET /manga/farming-life-in-another-world-chapter-226/ HTTP/1.1" 304 0 "https://isekainonbirinoukachapters.com/" "Mozilla/5.0 (Linux; Android 10; K) AppleWebKit/537.36 (KHTML, like Gecko) Chrome/137.0.0.0 Mobile Safari/537.36"
2001:448a:1082:2c00:6d9b:67cd:5f55:5f96 - - [08/Jun/2025:13:45:12 -0400] "GET /manga/farming-life-in-another-world-chapter-237/ HTTP/1.1" 304 0 "https://isekainonbirinoukachapters.com/" "Mozilla/5.0 (Linux; Android 10; K) AppleWebKit/537.36 (KHTML, like Gecko) Chrome/137.0.0.0 Mobile Safari/537.36"
2001:448a:1082:2c00:6d9b:67cd:5f55:5f96 - - [08/Jun/2025:13:45:12 -0400] "GET /manga/farming-life-in-another-world-chapter-240/ HTTP/1.1" 200 34155 "https://isekainonbirinoukachapters.com/" "Mozilla/5.0 (Linux; Android 10; K) AppleWebKit/537.36 (KHTML, like Gecko) Chrome/137.0.0.0 Mobile Safari/537.36"
2001:448a:1082:2c00:6d9b:67cd:5f55:5f96 - - [08/Jun/2025:13:45:12 -0400] "GET /manga/farming-life-in-another-world-chapter-240/ HTTP/1.1" 304 0 "https://isekainonbirinoukachapters.com/" "Mozilla/5.0 (Linux; Android 10; K) AppleWebKit/537.36 (KHTML, like Gecko) Chrome/137.0.0.0 Mobile Safari/537.36"
2001:448a:1082:2c00:6d9b:67cd:5f55:5f96 - - [08/Jun/2025:13:45:12 -0400] "GET /manga/farming-life-in-another-world-chapter-1/ HTTP/1.1" 200 34864 "https://isekainonbirinoukachapters.com/" "Mozilla/5.0 (Linux; Android 10; K) AppleWebKit/537.36 (KHTML, like Gecko) Chrome/137.0.0.0 Mobile Safari/537.36"
2001:448a:1082:2c00:6d9b:67cd:5f55:5f96 - - [08/Jun/2025:13:45:13 -0400] "GET /manga/farming-life-in-another-world-chapter-1/ HTTP/1.1" 304 0 "https://isekainonbirinoukachapters.com/" "Mozilla/5.0 (Linux; Android 10; K) AppleWebKit/537.36 (KHTML, like Gecko) Chrome/137.0.0.0 Mobile Safari/537.36"
2001:448a:1082:2c00:6d9b:67cd:5f55:5f96 - - [08/Jun/2025:13:45:17 -0400] "GET /manga/farming-life-in-another-world-chapter-39/ HTTP/1.1" 200 34542 "https://isekainonbirinoukachapters.com/" "Mozilla/5.0 (Linux; Android 10; K) AppleWebKit/537.36 (KHTML, like Gecko) Chrome/137.0.0.0 Mobile Safari/537.36"
2001:448a:1082:2c00:6d9b:67cd:5f55:5f96 - - [08/Jun/2025:13:45:17 -0400] "GET /manga/farming-life-in-another-world-chapter-39/ HTTP/1.1" 304 0 "https://isekainonbirinoukachapters.com/" "Mozilla/5.0 (Linux; Android 10; K) AppleWebKit/537.36 (KHTML, like Gecko) Chrome/137.0.0.0 Mobile Safari/537.36"
2001:448a:1082:2c00:6d9b:67cd:5f55:5f96 - - [08/Jun/2025:13:45:18 -0400] "GET /manga/farming-life-in-another-world-chapter-218/ HTTP/1.1" 200 34539 "https://isekainonbirinoukachapters.com/" "Mozilla/5.0 (Linux; Android 10; K) AppleWebKit/537.36 (KHTML, like Gecko) Chrome/137.0.0.0 Mobile Safari/537.36"
2001:448a:1082:2c00:6d9b:67cd:5f55:5f96 - - [08/Jun/2025:13:45:18 -0400] "GET /manga/farming-life-in-another-world-chapter-218/ HTTP/1.1" 304 0 "https://isekainonbirinoukachapters.com/" "Mozilla/5.0 (Linux; Android 10; K) AppleWebKit/537.36 (KHTML, like Gecko) Chrome/137.0.0.0 Mobile Safari/537.36"
64.150.229.229 - - [08/Jun/2025:13:45:19 -0400] "GET /manga/farming-life-in-another-world-chapter-43/ HTTP/1.1" 200 34049 "https://isekainonbirinoukachapters.com/manga/farming-life-in-another-world-chapter-42/" "Mozilla/5.0 (iPad; CPU OS 17_7 like Mac OS X) AppleWebKit/605.1.15 (KHTML, like Gecko) GSA/346.1.704810410 Mobile/15E148 Safari/604.1"
2001:448a:1082:2c00:6d9b:67cd:5f55:5f96 - - [08/Jun/2025:13:45:20 -0400] "GET /manga/farming-life-in-another-world-chapter-254/ HTTP/1.1" 200 34616 "https://isekainonbirinoukachapters.com/" "Mozilla/5.0 (Linux; Android 10; K) AppleWebKit/537.36 (KHTML, like Gecko) Chrome/137.0.0.0 Mobile Safari/537.36"
2001:448a:1082:2c00:6d9b:67cd:5f55:5f96 - - [08/Jun/2025:13:45:20 -0400] "GET /manga/farming-life-in-another-world-chapter-254/ HTTP/1.1" 304 0 "https://isekainonbirinoukachapters.com/" "Mozilla/5.0 (Linux; Android 10; K) AppleWebKit/537.36 (KHTML, like Gecko) Chrome/137.0.0.0 Mobile Safari/537.36"
2a09:bac3:4c94:232::38:9d - - [08/Jun/2025:13:45:31 -0400] "GET /manga/farming-life-in-another-world-chapter-174/ HTTP/1.1" 200 34529 "https://isekainonbirinoukachapters.com/manga/farming-life-in-another-world-chapter-173/" "Mozilla/5.0 (iPhone; CPU iPhone OS 18_5 like Mac OS X) AppleWebKit/605.1.15 (KHTML, like Gecko) Version/18.5 Mobile/15E148 Safari/604.1"
64.150.229.229 - - [08/Jun/2025:13:45:31 -0400] "GET /manga/farming-life-in-another-world-chapter-44/ HTTP/1.1" 200 34050 "https://isekainonbirinoukachapters.com/manga/farming-life-in-another-world-chapter-43/" "Mozilla/5.0 (iPad; CPU OS 17_7 like Mac OS X) AppleWebKit/605.1.15 (KHTML, like Gecko) GSA/346.1.704810410 Mobile/15E148 Safari/604.1"
162.0.232.193 - - [08/Jun/2025:13:45:32 -0400] "POST /wp-cron.php?doing_wp_cron=1749404732.6712889671325683593750 HTTP/1.1" 200 0 "-" "WordPress/6.8.1; https://isekainonbirinoukachapters.com"
2a09:bac3:4c94:232::38:9d - - [08/Jun/2025:13:45:32 -0400] "POST /wp-admin/admin-ajax.php HTTP/1.1" 200 61 "https://isekainonbirinoukachapters.com/manga/farming-life-in-another-world-chapter-174/" "Mozilla/5.0 (iPhone; CPU iPhone OS 18_5 like Mac OS X) AppleWebKit/605.1.15 (KHTML, like Gecko) Version/18.5 Mobile/15E148 Safari/604.1"
162.0.232.193 - - [08/Jun/2025:13:45:35 -0400] "GET /wp-content/uploads/89b93a66fa29a678cbd60ff176e1ea9a_1973.xml HTTP/1.1" 200 1499 "-" "Mozilla/5.0 (X11; Linux x86_64) AppleWebKit/537.36 (KHTML, like Gecko) Ubuntu Chromium/41.0.2272.76"
2404:c0:42b0::f7:88d3 - - [08/Jun/2025:13:45:43 -0400] "GET /manga/farming-life-in-another-world-chapter-202/ HTTP/1.1" 200 34576 "https://isekainonbirinoukachapters.com/manga/farming-life-in-another-world-chapter-201/" "Mozilla/5.0 (Linux; Android 10; K) AppleWebKit/537.36 (KHTML, like Gecko) Chrome/137.0.0.0 Mobile Safari/537.36"
2404:c0:42b0::f7:88d3 - - [08/Jun/2025:13:45:43 -0400] "GET /manga/farming-life-in-another-world-chapter-202/ HTTP/1.1" 304 0 "https://isekainonbirinoukachapters.com/manga/farming-life-in-another-world-chapter-201/" "Mozilla/5.0 (Linux; Android 10; K) AppleWebKit/537.36 (KHTML, like Gecko) Chrome/137.0.0.0 Mobile Safari/537.36"
2404:c0:42b0::f7:88d3 - - [08/Jun/2025:13:45:44 -0400] "POST /wp-admin/admin-ajax.php HTTP/1.1" 200 61 "https://isekainonbirinoukachapters.com/manga/farming-life-in-another-world-chapter-202/" "Mozilla/5.0 (Linux; Android 10; K) AppleWebKit/537.36 (KHTML, like Gecko) Chrome/137.0.0.0 Mobile Safari/537.36"
2401:5100:302:6a26:dc17:68ce:131d:f00a - - [08/Jun/2025:13:45:47 -0400] "GET /category/farming-life-in-another-world-manga/ HTTP/1.1" 304 0 "https://isekainonbirinoukachapters.com/manga/farming-life-in-another-world-chapter-12/" "Mozilla/5.0 (Linux; Android 10; K) AppleWebKit/537.36 (KHTML, like Gecko) Chrome/135.0.0.0 Mobile Safari/537.36 OPR/89.0.0.0"
2401:5100:302:6a26:dc17:68ce:131d:f00a - - [08/Jun/2025:13:45:48 -0400] "GET /category/farming-life-in-another-world-manga/ HTTP/1.1" 304 0 "https://isekainonbirinoukachapters.com/manga/farming-life-in-another-world-chapter-12/" "Mozilla/5.0 (Linux; Android 10; K) AppleWebKit/537.36 (KHTML, like Gecko) Chrome/135.0.0.0 Mobile Safari/537.36 OPR/89.0.0.0"
2401:5100:302:6a26:dc17:68ce:131d:f00a - - [08/Jun/2025:13:45:48 -0400] "GET /manga/farming-life-in-another-world-chapter-13/ HTTP/1.1" 200 34570 "https://isekainonbirinoukachapters.com/manga/farming-life-in-another-world-chapter-12/" "Mozilla/5.0 (Linux; Android 10; K) AppleWebKit/537.36 (KHTML, like Gecko) Chrome/135.0.0.0 Mobile Safari/537.36 OPR/89.0.0.0"
2401:5100:302:6a26:dc17:68ce:131d:f00a - - [08/Jun/2025:13:45:49 -0400] "GET /manga/farming-life-in-another-world-chapter-13/ HTTP/1.1" 304 0 "https://isekainonbirinoukachapters.com/manga/farming-life-in-another-world-chapter-12/" "Mozilla/5.0 (Linux; Android 10; K) AppleWebKit/537.36 (KHTML, like Gecko) Chrome/135.0.0.0 Mobile Safari/537.36 OPR/89.0.0.0"
2401:5100:302:6a26:dc17:68ce:131d:f00a - - [08/Jun/2025:13:45:49 -0400] "POST /wp-admin/admin-ajax.php HTTP/1.1" 200 61 "https://isekainonbirinoukachapters.com/manga/farming-life-in-another-world-chapter-13/" "Mozilla/5.0 (Linux; Android 10; K) AppleWebKit/537.36 (KHTML, like Gecko) Chrome/135.0.0.0 Mobile Safari/537.36 OPR/89.0.0.0"
47.82.60.170 - - [08/Jun/2025:13:46:09 -0400] "GET /manga/farming-life-in-another-world-chapter-28/ HTTP/1.1" 200 34585 "https://isekainonbirinoukachapters.com/manga/farming-life-in-another-world-chapter-28/" "Mozilla/5.0 (Windows NT 10.0; Win64; x64) AppleWebKit/537.36 (KHTML, like Gecko) Chrome/114.0.0.0 Safari/537.36 Edg/114.0.1823.43"
47.82.60.198 - - [08/Jun/2025:13:46:13 -0400] "GET /manga/farming-life-in-another-world-chapter-164/ HTTP/1.1" 200 34624 "https://isekainonbirinoukachapters.com/manga/farming-life-in-another-world-chapter-164/" "Mozilla/5.0 (Windows NT 10.0; Win64; x64) AppleWebKit/537.36 (KHTML, like Gecko) Chrome/114.0.0.0 Safari/537.36 Edg/114.0.1823.43"
73.130.209.84 - - [08/Jun/2025:13:46:27 -0400] "GET /manga/farming-life-in-another-world-chapter-214/ HTTP/1.1" 200 34522 "-" "Mozilla/5.0 (Windows NT 10.0; Win64; x64) AppleWebKit/537.36 (KHTML, like Gecko) Chrome/137.0.0.0 Safari/537.36"
47.82.60.65 - - [08/Jun/2025:13:46:27 -0400] "GET /manga/farming-life-in-another-world-chapter-143/ HTTP/1.1" 200 34538 "https://isekainonbirinoukachapters.com/manga/farming-life-in-another-world-chapter-143/" "Mozilla/5.0 (Windows NT 10.0; Win64; x64) AppleWebKit/537.36 (KHTML, like Gecko) Chrome/114.0.0.0 Safari/537.36 Edg/114.0.1823.43"
73.130.209.84 - - [08/Jun/2025:13:46:28 -0400] "GET /manga/farming-life-in-another-world-chapter-214/ HTTP/1.1" 304 0 "https://isekainonbirinoukachapters.com/manga/farming-life-in-another-world-chapter-213/" "Mozilla/5.0 (Windows NT 10.0; Win64; x64) AppleWebKit/537.36 (KHTML, like Gecko) Chrome/137.0.0.0 Safari/537.36"
73.130.209.84 - - [08/Jun/2025:13:46:28 -0400] "POST /wp-admin/admin-ajax.php HTTP/1.1" 200 61 "https://isekainonbirinoukachapters.com/manga/farming-life-in-another-world-chapter-214/" "Mozilla/5.0 (Windows NT 10.0; Win64; x64) AppleWebKit/537.36 (KHTML, like Gecko) Chrome/137.0.0.0 Safari/537.36"
2a09:bac3:4c94:232::38:9d - - [08/Jun/2025:13:46:34 -0400] "GET /manga/farming-life-in-another-world-chapter-175/ HTTP/1.1" 200 34526 "https://isekainonbirinoukachapters.com/manga/farming-life-in-another-world-chapter-174/" "Mozilla/5.0 (iPhone; CPU iPhone OS 18_5 like Mac OS X) AppleWebKit/605.1.15 (KHTML, like Gecko) Version/18.5 Mobile/15E148 Safari/604.1"
162.0.232.193 - - [08/Jun/2025:13:46:35 -0400] "POST /wp-cron.php?doing_wp_cron=1749404795.6658709049224853515625 HTTP/1.1" 200 0 "-" "WordPress/6.8.1; https://isekainonbirinoukachapters.com"
2a09:bac3:4c94:232::38:9d - - [08/Jun/2025:13:46:35 -0400] "POST /wp-admin/admin-ajax.php HTTP/1.1" 200 61 "https://isekainonbirinoukachapters.com/manga/farming-life-in-another-world-chapter-175/" "Mozilla/5.0 (iPhone; CPU iPhone OS 18_5 like Mac OS X) AppleWebKit/605.1.15 (KHTML, like Gecko) Version/18.5 Mobile/15E148 Safari/604.1"
47.82.60.251 - - [08/Jun/2025:13:46:48 -0400] "GET /manga/farming-life-in-another-world-chapter-208/ HTTP/1.1" 200 34496 "https://isekainonbirinoukachapters.com/manga/farming-life-in-another-world-chapter-208/" "Mozilla/5.0 (Windows NT 10.0; Win64; x64) AppleWebKit/537.36 (KHTML, like Gecko) Chrome/114.0.0.0 Safari/537.36 Edg/114.0.1823.43"
47.82.60.24 - - [08/Jun/2025:13:46:59 -0400] "GET /manga/chapter-116/ HTTP/1.1" 200 33629 "https://isekainonbirinoukachapters.com/manga/chapter-116/" "Mozilla/5.0 (Windows NT 10.0; Win64; x64) AppleWebKit/537.36 (KHTML, like Gecko) Chrome/114.0.0.0 Safari/537.36 Edg/114.0.1823.43"
162.0.232.193 - - [08/Jun/2025:13:47:10 -0400] "POST /wp-cron.php?doing_wp_cron=1749404830.2371919155120849609375 HTTP/1.1" 200 0 "-" "WordPress/6.8.1; https://isekainonbirinoukachapters.com"
75.119.221.53 - - [08/Jun/2025:13:47:09 -0400] "POST /xmlrpc.php HTTP/1.1" 200 205 "-" "Mozilla/5.0 (X11; Ubuntu; Linux x86_64; rv:85.0) Gecko/20100101 Firefox/91.0"
47.82.60.103 - - [08/Jun/2025:13:47:10 -0400] "GET /manga/farming-life-in-another-world-chapter-146/ HTTP/1.1" 200 34535 "https://isekainonbirinoukachapters.com/manga/farming-life-in-another-world-chapter-146/" "Mozilla/5.0 (Windows NT 10.0; Win64; x64) AppleWebKit/537.36 (KHTML, like Gecko) Chrome/114.0.0.0 Safari/537.36 Edg/114.0.1823.43"
162.0.232.193 - - [08/Jun/2025:13:47:12 -0400] "GET /wp-content/uploads/89b93a66fa29a678cbd60ff176e1ea9a_1973.xml HTTP/1.1" 200 1499 "-" "Mozilla/5.0 (X11; Linux x86_64) AppleWebKit/537.36 (KHTML, like Gecko) Ubuntu Chromium/41.0.2272.76"
64.150.229.229 - - [08/Jun/2025:13:47:32 -0400] "GET /manga/farming-life-in-another-world-chapter-45/ HTTP/1.1" 200 34071 "https://isekainonbirinoukachapters.com/manga/farming-life-in-another-world-chapter-44/" "Mozilla/5.0 (iPad; CPU OS 17_7 like Mac OS X) AppleWebKit/605.1.15 (KHTML, like Gecko) GSA/346.1.704810410 Mobile/15E148 Safari/604.1"
2404:c0:42b0::f7:88d3 - - [08/Jun/2025:13:47:41 -0400] "GET /manga/farming-life-in-another-world-chapter-203/ HTTP/1.1" 200 34565 "https://isekainonbirinoukachapters.com/manga/farming-life-in-another-world-chapter-202/" "Mozilla/5.0 (Linux; Android 10; K) AppleWebKit/537.36 (KHTML, like Gecko) Chrome/137.0.0.0 Mobile Safari/537.36"
2404:c0:42b0::f7:88d3 - - [08/Jun/2025:13:47:42 -0400] "GET /manga/farming-life-in-another-world-chapter-203/ HTTP/1.1" 304 0 "https://isekainonbirinoukachapters.com/manga/farming-life-in-another-world-chapter-202/" "Mozilla/5.0 (Linux; Android 10; K) AppleWebKit/537.36 (KHTML, like Gecko) Chrome/137.0.0.0 Mobile Safari/537.36"
2404:c0:42b0::f7:88d3 - - [08/Jun/2025:13:47:43 -0400] "GET /author/admin/ HTTP/1.1" 200 31462 "https://isekainonbirinoukachapters.com/manga/farming-life-in-another-world-chapter-203/" "Mozilla/5.0 (Linux; Android 10; K) AppleWebKit/537.36 (KHTML, like Gecko) Chrome/137.0.0.0 Mobile Safari/537.36"
2404:c0:42b0::f7:88d3 - - [08/Jun/2025:13:47:42 -0400] "POST /wp-admin/admin-ajax.php HTTP/1.1" 200 61 "https://isekainonbirinoukachapters.com/manga/farming-life-in-another-world-chapter-203/" "Mozilla/5.0 (Linux; Android 10; K) AppleWebKit/537.36 (KHTML, like Gecko) Chrome/137.0.0.0 Mobile Safari/537.36"
2404:c0:42b0::f7:88d3 - - [08/Jun/2025:13:47:43 -0400] "GET /author/admin/ HTTP/1.1" 304 0 "https://isekainonbirinoukachapters.com/manga/farming-life-in-another-world-chapter-203/" "Mozilla/5.0 (Linux; Android 10; K) AppleWebKit/537.36 (KHTML, like Gecko) Chrome/137.0.0.0 Mobile Safari/537.36"
47.82.61.73 - - [08/Jun/2025:13:47:48 -0400] "GET /manga/farming-life-in-another-world-chapter-3/ HTTP/1.1" 200 34502 "https://isekainonbirinoukachapters.com/manga/farming-life-in-another-world-chapter-3/" "Mozilla/5.0 (Windows NT 10.0; Win64; x64) AppleWebKit/537.36 (KHTML, like Gecko) Chrome/114.0.0.0 Safari/537.36 Edg/114.0.1823.43"
2a09:bac3:4c94:232::38:9d - - [08/Jun/2025:13:47:51 -0400] "GET /manga/farming-life-in-another-world-chapter-176/ HTTP/1.1" 200 34565 "https://isekainonbirinoukachapters.com/manga/farming-life-in-another-world-chapter-175/" "Mozilla/5.0 (iPhone; CPU iPhone OS 18_5 like Mac OS X) AppleWebKit/605.1.15 (KHTML, like Gecko) Version/18.5 Mobile/15E148 Safari/604.1"
2401:4900:889b:5851:b279:d936:fc3f:df35 - - [08/Jun/2025:13:47:51 -0400] "GET / HTTP/1.1" 200 32524 "https://search.brave.com/" "Mozilla/5.0 (Linux; Android 10; K) AppleWebKit/537.36 (KHTML, like Gecko) Chrome/137.0.0.0 Safari/537.36"
2a09:bac3:4c94:232::38:9d - - [08/Jun/2025:13:47:52 -0400] "POST /wp-admin/admin-ajax.php HTTP/1.1" 200 61 "https://isekainonbirinoukachapters.com/manga/farming-life-in-another-world-chapter-176/" "Mozilla/5.0 (iPhone; CPU iPhone OS 18_5 like Mac OS X) AppleWebKit/605.1.15 (KHTML, like Gecko) Version/18.5 Mobile/15E148 Safari/604.1"
2a03:2880:f800:9:: - - [08/Jun/2025:13:47:59 -0400] "GET /category/isekai-nonbiri-nouka-manga/ HTTP/1.1" 200 30931 "-" "meta-externalagent/1.1 (+https://developers.facebook.com/docs/sharing/webmasters/crawler)"
2401:4900:889b:5851:b279:d936:fc3f:df35 - - [08/Jun/2025:13:48:06 -0400] "GET / HTTP/1.1" 200 32311 "-" "Mozilla/5.0 (Linux; Android 10; K) AppleWebKit/537.36 (KHTML, like Gecko) Chrome/137.0.0.0 Safari/537.36"
47.79.3.239 - - [08/Jun/2025:13:48:07 -0400] "GET /category/read-farming-life-in-another-world/page/14/ HTTP/1.1" 200 33204 "https://isekainonbirinoukachapters.com/category/read-farming-life-in-another-world/page/14/" "Mozilla/5.0 (Windows NT 10.0; Win64; x64) AppleWebKit/537.36 (KHTML, like Gecko) Chrome/114.0.0.0 Safari/537.36 Edg/114.0.1823.43"
2401:4900:889b:5851:b279:d936:fc3f:df35 - - [08/Jun/2025:13:48:08 -0400] "GET /manga/farming-life-in-another-world-chapter-2/ HTTP/1.1" 200 34327 "-" "Mozilla/5.0 (Linux; Android 10; K) AppleWebKit/537.36 (KHTML, like Gecko) Chrome/137.0.0.0 Safari/537.36"
2401:4900:889b:5851:b279:d936:fc3f:df35 - - [08/Jun/2025:13:48:08 -0400] "GET /manga/farming-life-in-another-world-chapter-26/ HTTP/1.1" 200 34569 "-" "Mozilla/5.0 (Linux; Android 10; K) AppleWebKit/537.36 (KHTML, like Gecko) Chrome/137.0.0.0 Safari/537.36"
2401:4900:889b:5851:b279:d936:fc3f:df35 - - [08/Jun/2025:13:48:08 -0400] "GET /manga/farming-life-in-another-world-chapter-67/ HTTP/1.1" 200 34326 "-" "Mozilla/5.0 (Linux; Android 10; K) AppleWebKit/537.36 (KHTML, like Gecko) Chrome/137.0.0.0 Safari/537.36"
2401:4900:889b:5851:b279:d936:fc3f:df35 - - [08/Jun/2025:13:48:08 -0400] "GET /manga/farming-life-in-another-world-chapter-119/ HTTP/1.1" 200 34088 "-" "Mozilla/5.0 (Linux; Android 10; K) AppleWebKit/537.36 (KHTML, like Gecko) Chrome/137.0.0.0 Safari/537.36"
2401:4900:889b:5851:b279:d936:fc3f:df35 - - [08/Jun/2025:13:48:09 -0400] "GET /manga/farming-life-in-another-world-chapter-183/ HTTP/1.1" 200 34638 "-" "Mozilla/5.0 (Linux; Android 10; K) AppleWebKit/537.36 (KHTML, like Gecko) Chrome/137.0.0.0 Safari/537.36"
2401:4900:889b:5851:b279:d936:fc3f:df35 - - [08/Jun/2025:13:48:09 -0400] "GET /manga/farming-life-in-another-world-chapter-229/ HTTP/1.1" 200 35009 "-" "Mozilla/5.0 (Linux; Android 10; K) AppleWebKit/537.36 (KHTML, like Gecko) Chrome/137.0.0.0 Safari/537.36"
2401:4900:889b:5851:b279:d936:fc3f:df35 - - [08/Jun/2025:13:48:10 -0400] "GET /manga/farming-life-in-another-world-chapter-194/ HTTP/1.1" 200 34564 "-" "Mozilla/5.0 (Linux; Android 10; K) AppleWebKit/537.36 (KHTML, like Gecko) Chrome/137.0.0.0 Safari/537.36"
2401:4900:889b:5851:b279:d936:fc3f:df35 - - [08/Jun/2025:13:48:11 -0400] "GET /manga/farming-life-in-another-world-chapter-177/ HTTP/1.1" 200 34564 "-" "Mozilla/5.0 (Linux; Android 10; K) AppleWebKit/537.36 (KHTML, like Gecko) Chrome/137.0.0.0 Safari/537.36"
2401:4900:889b:5851:b279:d936:fc3f:df35 - - [08/Jun/2025:13:48:11 -0400] "GET /manga/farming-life-in-another-world-chapter-151/ HTTP/1.1" 200 34563 "-" "Mozilla/5.0 (Linux; Android 10; K) AppleWebKit/537.36 (KHTML, like Gecko) Chrome/137.0.0.0 Safari/537.36"
2401:4900:889b:5851:b279:d936:fc3f:df35 - - [08/Jun/2025:13:48:11 -0400] "GET /manga/farming-life-in-another-world-chapter-131/ HTTP/1.1" 200 34568 "-" "Mozilla/5.0 (Linux; Android 10; K) AppleWebKit/537.36 (KHTML, like Gecko) Chrome/137.0.0.0 Safari/537.36"
2401:4900:889b:5851:b279:d936:fc3f:df35 - - [08/Jun/2025:13:48:14 -0400] "GET /manga/farming-life-in-another-world-chapter-56/ HTTP/1.1" 200 34511 "-" "Mozilla/5.0 (Linux; Android 10; K) AppleWebKit/537.36 (KHTML, like Gecko) Chrome/137.0.0.0 Safari/537.36"
2401:4900:889b:5851:b279:d936:fc3f:df35 - - [08/Jun/2025:13:48:14 -0400] "GET /manga/farming-life-in-another-world-chapter-56/ HTTP/1.1" 304 0 "https://isekainonbirinoukachapters.com/" "Mozilla/5.0 (Linux; Android 10; K) AppleWebKit/537.36 (KHTML, like Gecko) Chrome/137.0.0.0 Safari/537.36"
162.0.232.193 - - [08/Jun/2025:13:48:16 -0400] "POST /wp-cron.php?doing_wp_cron=1749404895.8438611030578613281250 HTTP/1.1" 200 0 "-" "WordPress/6.8.1; https://isekainonbirinoukachapters.com"
2401:4900:889b:5851:b279:d936:fc3f:df35 - - [08/Jun/2025:13:48:15 -0400] "POST /wp-admin/admin-ajax.php HTTP/1.1" 200 61 "https://isekainonbirinoukachapters.com/manga/farming-life-in-another-world-chapter-56/" "Mozilla/5.0 (Linux; Android 10; K) AppleWebKit/537.36 (KHTML, like Gecko) Chrome/137.0.0.0 Safari/537.36"
2401:4900:889b:5851:b279:d936:fc3f:df35 - - [08/Jun/2025:13:48:23 -0400] "GET / HTTP/1.1" 304 0 "-" "Mozilla/5.0 (Linux; Android 10; K) AppleWebKit/537.36 (KHTML, like Gecko) Chrome/137.0.0.0 Safari/537.36"
47.82.61.52 - - [08/Jun/2025:13:48:27 -0400] "GET /manga/farming-life-in-another-world-chapter-5/ HTTP/1.1" 200 34098 "https://isekainonbirinoukachapters.com/manga/farming-life-in-another-world-chapter-5/" "Mozilla/5.0 (Windows NT 10.0; Win64; x64) AppleWebKit/537.36 (KHTML, like Gecko) Chrome/114.0.0.0 Safari/537.36 Edg/114.0.1823.43"
162.0.232.193 - - [08/Jun/2025:13:48:29 -0400] "POST /wp-cron.php?doing_wp_cron=1749404908.9412510395050048828125 HTTP/1.1" 200 0 "-" "WordPress/6.8.1; https://isekainonbirinoukachapters.com"
2600:8804:131b:9100:9248:c12:33cf:87c - - [08/Jun/2025:13:48:28 -0400] "POST /wp-admin/admin-ajax.php HTTP/1.1" 200 61 "https://isekainonbirinoukachapters.com/manga/farming-life-in-another-world-chapter-133/" "Mozilla/5.0 (Linux; Android 10; K) AppleWebKit/537.36 (KHTML, like Gecko) Chrome/137.0.0.0 Mobile Safari/537.36"
13.232.95.112 - - [08/Jun/2025:13:48:46 -0400] "GET / HTTP/1.1" 200 32287 "-" "Mozilla/5.0 (Windows NT 10.0; Win64; x64) AppleWebKit/537.36 (KHTML, like Gecko) Chrome/80.0.3987.149 Safari/537.36"
162.0.232.193 - - [08/Jun/2025:13:48:48 -0400] "POST /wp-cron.php?doing_wp_cron=1749404928.7451739311218261718750 HTTP/1.1" 200 0 "-" "WordPress/6.8.1; https://isekainonbirinoukachapters.com"
13.232.95.112 - - [08/Jun/2025:13:48:48 -0400] "GET //wp-includes/wlwmanifest.xml HTTP/1.1" 301 0 "-" "Mozilla/5.0 (Windows NT 10.0; Win64; x64) AppleWebKit/537.36 (KHTML, like Gecko) Chrome/80.0.3987.149 Safari/537.36"
13.232.95.112 - - [08/Jun/2025:13:48:49 -0400] "GET //xmlrpc.php?rsd HTTP/1.1" 200 308 "-" "Mozilla/5.0 (Windows NT 10.0; Win64; x64) AppleWebKit/537.36 (KHTML, like Gecko) Chrome/80.0.3987.149 Safari/537.36"
13.232.95.112 - - [08/Jun/2025:13:48:50 -0400] "GET //?author=1 HTTP/1.1" 301 0 "-" "Mozilla/5.0 (Windows NT 10.0; Win64; x64) AppleWebKit/537.36 (KHTML, like Gecko) Chrome/80.0.3987.149 Safari/537.36"
13.232.95.112 - - [08/Jun/2025:13:48:50 -0400] "GET //?author=2 HTTP/1.1" 301 0 "-" "Mozilla/5.0 (Windows NT 10.0; Win64; x64) AppleWebKit/537.36 (KHTML, like Gecko) Chrome/80.0.3987.149 Safari/537.36"
