49.148.7.220 - - [08/Jun/2025:13:16:24 -0400] "GET /manga/farming-life-in-another-world-chapter-189/ HTTP/1.1" 200 34610 "https://isekainonbirinoukachapters.com/" "Mozilla/5.0 (Linux; Android 10; K) AppleWebKit/537.36 (KHTML, like Gecko) Chrome/118.0.0.0 Mobile Safari/537.36"
49.148.7.220 - - [08/Jun/2025:13:16:24 -0400] "GET /manga/farming-life-in-another-world-chapter-233/ HTTP/1.1" 200 35004 "https://isekainonbirinoukachapters.com/" "Mozilla/5.0 (Linux; Android 10; K) AppleWebKit/537.36 (KHTML, like Gecko) Chrome/118.0.0.0 Mobile Safari/537.36"
49.148.7.220 - - [08/Jun/2025:13:16:27 -0400] "GET /manga/farming-life-in-another-world-chapter-239/ HTTP/1.1" 200 34076 "https://isekainonbirinoukachapters.com/" "Mozilla/5.0 (Linux; Android 10; K) AppleWebKit/537.36 (KHTML, like Gecko) Chrome/118.0.0.0 Mobile Safari/537.36"
136.158.16.157 - - [08/Jun/2025:13:16:30 -0400] "GET /manga/farming-life-in-another-world-chapter-246/ HTTP/1.1" 304 0 "https://isekainonbirinoukachapters.com/" "Mozilla/5.0 (Linux; Android 10; K) AppleWebKit/537.36 (KHTML, like Gecko) Chrome/136.0.0.0 Mobile Safari/537.36"
2404:160:a024:8a6f:e9bd:762e:6cca:b534 - - [08/Jun/2025:13:16:31 -0400] "GET /manga/farming-life-in-another-world-chapter-31/ HTTP/1.1" 304 0 "https://isekainonbirinoukachapters.com/" "Mozilla/5.0 (Linux; Android 10; K) AppleWebKit/537.36 (KHTML, like Gecko) Chrome/137.0.0.0 Mobile Safari/537.36"
2404:160:a024:8a6f:e9bd:762e:6cca:b534 - - [08/Jun/2025:13:16:32 -0400] "GET /manga/farming-life-in-another-world-chapter-31/ HTTP/1.1" 304 0 "https://isekainonbirinoukachapters.com/" "Mozilla/5.0 (Linux; Android 10; K) AppleWebKit/537.36 (KHTML, like Gecko) Chrome/137.0.0.0 Mobile Safari/537.36"
136.158.16.157 - - [08/Jun/2025:13:16:31 -0400] "POST /wp-admin/admin-ajax.php HTTP/1.1" 200 61 "https://isekainonbirinoukachapters.com/manga/farming-life-in-another-world-chapter-246/" "Mozilla/5.0 (Linux; Android 10; K) AppleWebKit/537.36 (KHTML, like Gecko) Chrome/136.0.0.0 Mobile Safari/537.36"
2404:160:a024:8a6f:e9bd:762e:6cca:b534 - - [08/Jun/2025:13:16:32 -0400] "GET /manga/farming-life-in-another-world-chapter-11/ HTTP/1.1" 304 0 "https://isekainonbirinoukachapters.com/" "Mozilla/5.0 (Linux; Android 10; K) AppleWebKit/537.36 (KHTML, like Gecko) Chrome/137.0.0.0 Mobile Safari/537.36"
2404:160:a024:8a6f:e9bd:762e:6cca:b534 - - [08/Jun/2025:13:16:33 -0400] "GET /manga/farming-life-in-another-world-chapter-11/ HTTP/1.1" 304 0 "https://isekainonbirinoukachapters.com/" "Mozilla/5.0 (Linux; Android 10; K) AppleWebKit/537.36 (KHTML, like Gecko) Chrome/137.0.0.0 Mobile Safari/537.36"
2404:160:a024:8a6f:e9bd:762e:6cca:b534 - - [08/Jun/2025:13:16:33 -0400] "GET /manga/farming-life-in-another-world-chapter-10/ HTTP/1.1" 200 34517 "https://isekainonbirinoukachapters.com/" "Mozilla/5.0 (Linux; Android 10; K) AppleWebKit/537.36 (KHTML, like Gecko) Chrome/137.0.0.0 Mobile Safari/537.36"
2404:160:a024:8a6f:e9bd:762e:6cca:b534 - - [08/Jun/2025:13:16:34 -0400] "GET /manga/farming-life-in-another-world-chapter-10/ HTTP/1.1" 304 0 "https://isekainonbirinoukachapters.com/" "Mozilla/5.0 (Linux; Android 10; K) AppleWebKit/537.36 (KHTML, like Gecko) Chrome/137.0.0.0 Mobile Safari/537.36"
2404:160:a024:8a6f:e9bd:762e:6cca:b534 - - [08/Jun/2025:13:16:34 -0400] "GET /manga/farming-life-in-another-world-chapter-12/ HTTP/1.1" 200 34646 "https://isekainonbirinoukachapters.com/" "Mozilla/5.0 (Linux; Android 10; K) AppleWebKit/537.36 (KHTML, like Gecko) Chrome/137.0.0.0 Mobile Safari/537.36"
2404:160:a024:8a6f:e9bd:762e:6cca:b534 - - [08/Jun/2025:13:16:34 -0400] "GET /manga/farming-life-in-another-world-chapter-12/ HTTP/1.1" 304 0 "https://isekainonbirinoukachapters.com/" "Mozilla/5.0 (Linux; Android 10; K) AppleWebKit/537.36 (KHTML, like Gecko) Chrome/137.0.0.0 Mobile Safari/537.36"
2404:160:a024:8a6f:e9bd:762e:6cca:b534 - - [08/Jun/2025:13:16:35 -0400] "GET /manga/farming-life-in-another-world-chapter-14/ HTTP/1.1" 304 0 "https://isekainonbirinoukachapters.com/" "Mozilla/5.0 (Linux; Android 10; K) AppleWebKit/537.36 (KHTML, like Gecko) Chrome/137.0.0.0 Mobile Safari/537.36"
2404:160:a024:8a6f:e9bd:762e:6cca:b534 - - [08/Jun/2025:13:16:35 -0400] "POST /wp-admin/admin-ajax.php HTTP/1.1" 200 61 "https://isekainonbirinoukachapters.com/manga/farming-life-in-another-world-chapter-14/" "Mozilla/5.0 (Linux; Android 10; K) AppleWebKit/537.36 (KHTML, like Gecko) Chrome/137.0.0.0 Mobile Safari/537.36"
136.158.16.157 - - [08/Jun/2025:13:16:39 -0400] "GET /manga/farming-life-in-another-world-chapter-245/ HTTP/1.1" 200 34575 "https://isekainonbirinoukachapters.com/" "Mozilla/5.0 (Linux; Android 10; K) AppleWebKit/537.36 (KHTML, like Gecko) Chrome/136.0.0.0 Mobile Safari/537.36"
2404:160:a024:8a6f:e9bd:762e:6cca:b534 - - [08/Jun/2025:13:16:39 -0400] "GET /manga/farming-life-in-another-world-chapter-11/ HTTP/1.1" 304 0 "https://isekainonbirinoukachapters.com/" "Mozilla/5.0 (Linux; Android 10; K) AppleWebKit/537.36 (KHTML, like Gecko) Chrome/137.0.0.0 Mobile Safari/537.36"
136.158.16.157 - - [08/Jun/2025:13:16:40 -0400] "GET /manga/farming-life-in-another-world-chapter-245/ HTTP/1.1" 304 0 "https://isekainonbirinoukachapters.com/" "Mozilla/5.0 (Linux; Android 10; K) AppleWebKit/537.36 (KHTML, like Gecko) Chrome/136.0.0.0 Mobile Safari/537.36"
2a09:bac3:4c94:232::38:9d - - [08/Jun/2025:13:16:40 -0400] "GET /manga/farming-life-in-another-world-chapter-156/ HTTP/1.1" 200 34346 "https://isekainonbirinoukachapters.com/manga/farming-life-in-another-world-chapter-155/" "Mozilla/5.0 (iPhone; CPU iPhone OS 18_5 like Mac OS X) AppleWebKit/605.1.15 (KHTML, like Gecko) Version/18.5 Mobile/15E148 Safari/604.1"
136.158.16.157 - - [08/Jun/2025:13:16:40 -0400] "GET / HTTP/1.1" 304 0 "https://isekainonbirinoukachapters.com/manga/farming-life-in-another-world-chapter-245/" "Mozilla/5.0 (Linux; Android 10; K) AppleWebKit/537.36 (KHTML, like Gecko) Chrome/136.0.0.0 Mobile Safari/537.36"
2404:160:a024:8a6f:e9bd:762e:6cca:b534 - - [08/Jun/2025:13:16:40 -0400] "GET /manga/farming-life-in-another-world-chapter-4/ HTTP/1.1" 200 34247 "https://isekainonbirinoukachapters.com/" "Mozilla/5.0 (Linux; Android 10; K) AppleWebKit/537.36 (KHTML, like Gecko) Chrome/137.0.0.0 Mobile Safari/537.36"
136.158.16.157 - - [08/Jun/2025:13:16:41 -0400] "GET / HTTP/1.1" 304 0 "https://isekainonbirinoukachapters.com/manga/farming-life-in-another-world-chapter-245/" "Mozilla/5.0 (Linux; Android 10; K) AppleWebKit/537.36 (KHTML, like Gecko) Chrome/136.0.0.0 Mobile Safari/537.36"
2404:160:a024:8a6f:e9bd:762e:6cca:b534 - - [08/Jun/2025:13:16:41 -0400] "GET /manga/farming-life-in-another-world-chapter-4/ HTTP/1.1" 304 0 "https://isekainonbirinoukachapters.com/" "Mozilla/5.0 (Linux; Android 10; K) AppleWebKit/537.36 (KHTML, like Gecko) Chrome/137.0.0.0 Mobile Safari/537.36"
188.213.129.131 - - [08/Jun/2025:13:16:40 -0400] "POST /xmlrpc.php HTTP/1.1" 200 205 "-" "Mozilla/5.0 (X11; Ubuntu; Linux x86_64; rv:85.0) Gecko/20100101 Firefox/91.0"
136.158.16.157 - - [08/Jun/2025:13:16:40 -0400] "POST /wp-admin/admin-ajax.php HTTP/1.1" 200 61 "https://isekainonbirinoukachapters.com/manga/farming-life-in-another-world-chapter-245/" "Mozilla/5.0 (Linux; Android 10; K) AppleWebKit/537.36 (KHTML, like Gecko) Chrome/136.0.0.0 Mobile Safari/537.36"
2a09:bac3:4c94:232::38:9d - - [08/Jun/2025:13:16:41 -0400] "POST /wp-admin/admin-ajax.php HTTP/1.1" 200 61 "https://isekainonbirinoukachapters.com/manga/farming-life-in-another-world-chapter-156/" "Mozilla/5.0 (iPhone; CPU iPhone OS 18_5 like Mac OS X) AppleWebKit/605.1.15 (KHTML, like Gecko) Version/18.5 Mobile/15E148 Safari/604.1"
49.148.7.220 - - [08/Jun/2025:13:16:47 -0400] "GET /manga/farming-life-in-another-world-chapter-253/ HTTP/1.1" 200 34179 "https://isekainonbirinoukachapters.com/" "Mozilla/5.0 (Linux; Android 10; K) AppleWebKit/537.36 (KHTML, like Gecko) Chrome/118.0.0.0 Mobile Safari/537.36"
2404:160:a024:8a6f:e9bd:762e:6cca:b534 - - [08/Jun/2025:13:16:47 -0400] "GET /manga/farming-life-in-another-world-chapter-3/ HTTP/1.1" 200 34580 "https://isekainonbirinoukachapters.com/" "Mozilla/5.0 (Linux; Android 10; K) AppleWebKit/537.36 (KHTML, like Gecko) Chrome/137.0.0.0 Mobile Safari/537.36"
136.158.16.157 - - [08/Jun/2025:13:16:47 -0400] "GET /manga/farming-life-in-another-world-chapter-242/ HTTP/1.1" 200 34568 "https://isekainonbirinoukachapters.com/" "Mozilla/5.0 (Linux; Android 10; K) AppleWebKit/537.36 (KHTML, like Gecko) Chrome/136.0.0.0 Mobile Safari/537.36"
49.148.7.220 - - [08/Jun/2025:13:16:48 -0400] "GET /manga/farming-life-in-another-world-chapter-193/ HTTP/1.1" 200 34521 "https://isekainonbirinoukachapters.com/" "Mozilla/5.0 (Linux; Android 10; K) AppleWebKit/537.36 (KHTML, like Gecko) Chrome/118.0.0.0 Mobile Safari/537.36"
2404:160:a024:8a6f:e9bd:762e:6cca:b534 - - [08/Jun/2025:13:16:48 -0400] "GET /manga/farming-life-in-another-world-chapter-3/ HTTP/1.1" 304 0 "https://isekainonbirinoukachapters.com/" "Mozilla/5.0 (Linux; Android 10; K) AppleWebKit/537.36 (KHTML, like Gecko) Chrome/137.0.0.0 Mobile Safari/537.36"
136.158.16.157 - - [08/Jun/2025:13:16:48 -0400] "GET /manga/farming-life-in-another-world-chapter-242/ HTTP/1.1" 304 0 "https://isekainonbirinoukachapters.com/" "Mozilla/5.0 (Linux; Android 10; K) AppleWebKit/537.36 (KHTML, like Gecko) Chrome/136.0.0.0 Mobile Safari/537.36"
49.148.7.220 - - [08/Jun/2025:13:16:48 -0400] "GET /manga/farming-life-in-another-world-chapter-146/ HTTP/1.1" 200 34576 "https://isekainonbirinoukachapters.com/" "Mozilla/5.0 (Linux; Android 10; K) AppleWebKit/537.36 (KHTML, like Gecko) Chrome/118.0.0.0 Mobile Safari/537.36"
49.148.7.220 - - [08/Jun/2025:13:16:48 -0400] "GET /manga/farming-life-in-another-world-chapter-91/ HTTP/1.1" 200 34111 "https://isekainonbirinoukachapters.com/" "Mozilla/5.0 (Linux; Android 10; K) AppleWebKit/537.36 (KHTML, like Gecko) Chrome/118.0.0.0 Mobile Safari/537.36"
136.158.16.157 - - [08/Jun/2025:13:16:49 -0400] "GET / HTTP/1.1" 304 0 "https://isekainonbirinoukachapters.com/manga/farming-life-in-another-world-chapter-242/" "Mozilla/5.0 (Linux; Android 10; K) AppleWebKit/537.36 (KHTML, like Gecko) Chrome/136.0.0.0 Mobile Safari/537.36"
2404:160:a024:8a6f:e9bd:762e:6cca:b534 - - [08/Jun/2025:13:16:48 -0400] "POST /wp-admin/admin-ajax.php HTTP/1.1" 200 61 "https://isekainonbirinoukachapters.com/manga/farming-life-in-another-world-chapter-3/" "Mozilla/5.0 (Linux; Android 10; K) AppleWebKit/537.36 (KHTML, like Gecko) Chrome/137.0.0.0 Mobile Safari/537.36"
49.148.7.220 - - [08/Jun/2025:13:16:49 -0400] "GET /manga/farming-life-in-another-world-chapter-1/ HTTP/1.1" 200 34864 "https://isekainonbirinoukachapters.com/" "Mozilla/5.0 (Linux; Android 10; K) AppleWebKit/537.36 (KHTML, like Gecko) Chrome/118.0.0.0 Mobile Safari/537.36"
136.158.16.157 - - [08/Jun/2025:13:16:48 -0400] "POST /wp-admin/admin-ajax.php HTTP/1.1" 200 61 "https://isekainonbirinoukachapters.com/manga/farming-life-in-another-world-chapter-242/" "Mozilla/5.0 (Linux; Android 10; K) AppleWebKit/537.36 (KHTML, like Gecko) Chrome/136.0.0.0 Mobile Safari/537.36"
49.148.7.220 - - [08/Jun/2025:13:16:50 -0400] "GET /manga/farming-life-in-another-world-chapter-26/ HTTP/1.1" 200 34569 "https://isekainonbirinoukachapters.com/" "Mozilla/5.0 (Linux; Android 10; K) AppleWebKit/537.36 (KHTML, like Gecko) Chrome/118.0.0.0 Mobile Safari/537.36"
49.148.7.220 - - [08/Jun/2025:13:16:50 -0400] "GET /manga/farming-life-in-another-world-chapter-30/ HTTP/1.1" 200 34665 "https://isekainonbirinoukachapters.com/" "Mozilla/5.0 (Linux; Android 10; K) AppleWebKit/537.36 (KHTML, like Gecko) Chrome/118.0.0.0 Mobile Safari/537.36"
49.148.7.220 - - [08/Jun/2025:13:16:51 -0400] "POST /wp-admin/admin-ajax.php HTTP/1.1" 200 61 "https://isekainonbirinoukachapters.com/manga/farming-life-in-another-world-chapter-30/" "Mozilla/5.0 (Linux; Android 10; K) AppleWebKit/537.36 (KHTML, like Gecko) Chrome/118.0.0.0 Mobile Safari/537.36"
2404:160:a024:8a6f:e9bd:762e:6cca:b534 - - [08/Jun/2025:13:16:55 -0400] "GET /manga/farming-life-in-another-world-chapter-2/ HTTP/1.1" 200 34327 "https://isekainonbirinoukachapters.com/" "Mozilla/5.0 (Linux; Android 10; K) AppleWebKit/537.36 (KHTML, like Gecko) Chrome/137.0.0.0 Mobile Safari/537.36"
2404:160:a024:8a6f:e9bd:762e:6cca:b534 - - [08/Jun/2025:13:16:55 -0400] "GET /manga/farming-life-in-another-world-chapter-2/ HTTP/1.1" 304 0 "https://isekainonbirinoukachapters.com/" "Mozilla/5.0 (Linux; Android 10; K) AppleWebKit/537.36 (KHTML, like Gecko) Chrome/137.0.0.0 Mobile Safari/537.36"
136.158.16.157 - - [08/Jun/2025:13:16:57 -0400] "GET /manga/farming-life-in-another-world-chapter-243/ HTTP/1.1" 200 34563 "https://isekainonbirinoukachapters.com/" "Mozilla/5.0 (Linux; Android 10; K) AppleWebKit/537.36 (KHTML, like Gecko) Chrome/136.0.0.0 Mobile Safari/537.36"
136.158.16.157 - - [08/Jun/2025:13:16:58 -0400] "GET /manga/farming-life-in-another-world-chapter-243/ HTTP/1.1" 304 0 "https://isekainonbirinoukachapters.com/" "Mozilla/5.0 (Linux; Android 10; K) AppleWebKit/537.36 (KHTML, like Gecko) Chrome/136.0.0.0 Mobile Safari/537.36"
136.158.16.157 - - [08/Jun/2025:13:17:00 -0400] "GET /manga/farming-life-in-another-world-chapter-238/ HTTP/1.1" 304 0 "https://isekainonbirinoukachapters.com/" "Mozilla/5.0 (Linux; Android 10; K) AppleWebKit/537.36 (KHTML, like Gecko) Chrome/136.0.0.0 Mobile Safari/537.36"
2404:160:a024:8a6f:e9bd:762e:6cca:b534 - - [08/Jun/2025:13:17:00 -0400] "GET /manga/farming-life-in-another-world-chapter-8/ HTTP/1.1" 200 34676 "https://isekainonbirinoukachapters.com/" "Mozilla/5.0 (Linux; Android 10; K) AppleWebKit/537.36 (KHTML, like Gecko) Chrome/137.0.0.0 Mobile Safari/537.36"
136.158.16.157 - - [08/Jun/2025:13:17:01 -0400] "GET / HTTP/1.1" 304 0 "https://isekainonbirinoukachapters.com/manga/farming-life-in-another-world-chapter-238/" "Mozilla/5.0 (Linux; Android 10; K) AppleWebKit/537.36 (KHTML, like Gecko) Chrome/136.0.0.0 Mobile Safari/537.36"
2404:160:a024:8a6f:e9bd:762e:6cca:b534 - - [08/Jun/2025:13:17:01 -0400] "GET /manga/farming-life-in-another-world-chapter-8/ HTTP/1.1" 304 0 "https://isekainonbirinoukachapters.com/" "Mozilla/5.0 (Linux; Android 10; K) AppleWebKit/537.36 (KHTML, like Gecko) Chrome/137.0.0.0 Mobile Safari/537.36"
136.158.16.157 - - [08/Jun/2025:13:17:01 -0400] "GET / HTTP/1.1" 304 0 "https://isekainonbirinoukachapters.com/manga/farming-life-in-another-world-chapter-238/" "Mozilla/5.0 (Linux; Android 10; K) AppleWebKit/537.36 (KHTML, like Gecko) Chrome/136.0.0.0 Mobile Safari/537.36"
136.158.16.157 - - [08/Jun/2025:13:17:00 -0400] "POST /wp-admin/admin-ajax.php HTTP/1.1" 200 61 "https://isekainonbirinoukachapters.com/manga/farming-life-in-another-world-chapter-238/" "Mozilla/5.0 (Linux; Android 10; K) AppleWebKit/537.36 (KHTML, like Gecko) Chrome/136.0.0.0 Mobile Safari/537.36"
2409:40f4:101e:d72a:8000:: - - [08/Jun/2025:13:17:03 -0400] "GET /manga/farming-life-in-another-world-chapter-46/ HTTP/1.1" 200 34264 "https://isekainonbirinoukachapters.com/manga/farming-life-in-another-world-chapter-45/" "Mozilla/5.0 (Linux; Android 10; K) AppleWebKit/537.36 (KHTML, like Gecko) Chrome/137.0.0.0 Mobile Safari/537.36"
2404:160:a024:8a6f:e9bd:762e:6cca:b534 - - [08/Jun/2025:13:17:01 -0400] "POST /wp-admin/admin-ajax.php HTTP/1.1" 200 61 "https://isekainonbirinoukachapters.com/manga/farming-life-in-another-world-chapter-8/" "Mozilla/5.0 (Linux; Android 10; K) AppleWebKit/537.36 (KHTML, like Gecko) Chrome/137.0.0.0 Mobile Safari/537.36"
2409:40f4:101e:d72a:8000:: - - [08/Jun/2025:13:17:03 -0400] "GET /manga/farming-life-in-another-world-chapter-46/ HTTP/1.1" 304 0 "https://isekainonbirinoukachapters.com/manga/farming-life-in-another-world-chapter-45/" "Mozilla/5.0 (Linux; Android 10; K) AppleWebKit/537.36 (KHTML, like Gecko) Chrome/137.0.0.0 Mobile Safari/537.36"
2409:40f4:101e:d72a:8000:: - - [08/Jun/2025:13:17:05 -0400] "GET / HTTP/1.1" 304 0 "https://isekainonbirinoukachapters.com/manga/farming-life-in-another-world-chapter-46/" "Mozilla/5.0 (Linux; Android 10; K) AppleWebKit/537.36 (KHTML, like Gecko) Chrome/137.0.0.0 Mobile Safari/537.36"
2404:160:a024:8a6f:e9bd:762e:6cca:b534 - - [08/Jun/2025:13:17:08 -0400] "GET /manga/farming-life-in-another-world-chapter-9/ HTTP/1.1" 200 34650 "https://isekainonbirinoukachapters.com/" "Mozilla/5.0 (Linux; Android 10; K) AppleWebKit/537.36 (KHTML, like Gecko) Chrome/137.0.0.0 Mobile Safari/537.36"
2404:160:a024:8a6f:e9bd:762e:6cca:b534 - - [08/Jun/2025:13:17:09 -0400] "GET /manga/farming-life-in-another-world-chapter-9/ HTTP/1.1" 304 0 "https://isekainonbirinoukachapters.com/" "Mozilla/5.0 (Linux; Android 10; K) AppleWebKit/537.36 (KHTML, like Gecko) Chrome/137.0.0.0 Mobile Safari/537.36"
2409:40f4:101e:d72a:8000:: - - [08/Jun/2025:13:17:10 -0400] "GET / HTTP/1.1" 304 0 "https://isekainonbirinoukachapters.com/manga/farming-life-in-another-world-chapter-46/" "Mozilla/5.0 (Linux; Android 10; K) AppleWebKit/537.36 (KHTML, like Gecko) Chrome/137.0.0.0 Mobile Safari/537.36"
2404:160:a024:8a6f:e9bd:762e:6cca:b534 - - [08/Jun/2025:13:17:09 -0400] "POST /wp-admin/admin-ajax.php HTTP/1.1" 200 61 "https://isekainonbirinoukachapters.com/manga/farming-life-in-another-world-chapter-9/" "Mozilla/5.0 (Linux; Android 10; K) AppleWebKit/537.36 (KHTML, like Gecko) Chrome/137.0.0.0 Mobile Safari/537.36"
49.148.7.220 - - [08/Jun/2025:13:17:18 -0400] "GET /manga/farming-life-in-another-world-chapter-20/ HTTP/1.1" 200 34281 "https://isekainonbirinoukachapters.com/" "Mozilla/5.0 (Linux; Android 10; K) AppleWebKit/537.36 (KHTML, like Gecko) Chrome/118.0.0.0 Mobile Safari/537.36"
49.148.7.220 - - [08/Jun/2025:13:17:18 -0400] "GET /manga/farming-life-in-another-world-chapter-13/ HTTP/1.1" 200 34570 "https://isekainonbirinoukachapters.com/" "Mozilla/5.0 (Linux; Android 10; K) AppleWebKit/537.36 (KHTML, like Gecko) Chrome/118.0.0.0 Mobile Safari/537.36"
49.148.7.220 - - [08/Jun/2025:13:17:20 -0400] "GET /manga/farming-life-in-another-world-chapter-12/ HTTP/1.1" 200 34646 "https://isekainonbirinoukachapters.com/" "Mozilla/5.0 (Linux; Android 10; K) AppleWebKit/537.36 (KHTML, like Gecko) Chrome/118.0.0.0 Mobile Safari/537.36"
162.0.232.193 - - [08/Jun/2025:13:17:23 -0400] "POST /wp-cron.php?doing_wp_cron=1749403043.0592949390411376953125 HTTP/1.1" 200 0 "-" "WordPress/6.8.1; https://isekainonbirinoukachapters.com"
49.148.7.220 - - [08/Jun/2025:13:17:22 -0400] "POST /wp-admin/admin-ajax.php HTTP/1.1" 200 61 "https://isekainonbirinoukachapters.com/manga/farming-life-in-another-world-chapter-13/" "Mozilla/5.0 (Linux; Android 10; K) AppleWebKit/537.36 (KHTML, like Gecko) Chrome/118.0.0.0 Mobile Safari/537.36"
49.148.7.220 - - [08/Jun/2025:13:17:45 -0400] "GET /manga/farming-life-in-another-world-chapter-12/ HTTP/1.1" 304 0 "https://isekainonbirinoukachapters.com/manga/farming-life-in-another-world-chapter-13/" "Mozilla/5.0 (Linux; Android 10; K) AppleWebKit/537.36 (KHTML, like Gecko) Chrome/118.0.0.0 Mobile Safari/537.36"
162.0.232.193 - - [08/Jun/2025:13:17:46 -0400] "POST /wp-cron.php?doing_wp_cron=1749403066.3152980804443359375000 HTTP/1.1" 200 0 "-" "WordPress/6.8.1; https://isekainonbirinoukachapters.com"
49.148.7.220 - - [08/Jun/2025:13:17:45 -0400] "POST /wp-admin/admin-ajax.php HTTP/1.1" 200 61 "https://isekainonbirinoukachapters.com/manga/farming-life-in-another-world-chapter-12/" "Mozilla/5.0 (Linux; Android 10; K) AppleWebKit/537.36 (KHTML, like Gecko) Chrome/118.0.0.0 Mobile Safari/537.36"
180.247.6.9 - - [08/Jun/2025:13:17:51 -0400] "GET /manga/chapter-110/ HTTP/1.1" 200 34073 "-" "Mozilla/5.0 (Macintosh; Intel Mac OS X 10_15_7) AppleWebKit/605.1.15 (KHTML, like Gecko)"
2a09:bac3:4c94:232::38:9d - - [08/Jun/2025:13:17:56 -0400] "GET /manga/farming-life-in-another-world-chapter-157/ HTTP/1.1" 200 34560 "https://isekainonbirinoukachapters.com/manga/farming-life-in-another-world-chapter-156/" "Mozilla/5.0 (iPhone; CPU iPhone OS 18_5 like Mac OS X) AppleWebKit/605.1.15 (KHTML, like Gecko) Version/18.5 Mobile/15E148 Safari/604.1"
180.247.6.9 - - [08/Jun/2025:13:17:56 -0400] "GET /manga/chapter-110/ HTTP/1.1" 200 34073 "-" "Mozilla/5.0 (Macintosh; Intel Mac OS X 10_15_7) AppleWebKit/605.1.15 (KHTML, like Gecko)"
162.0.232.193 - - [08/Jun/2025:13:17:57 -0400] "POST /wp-cron.php?doing_wp_cron=1749403077.0477280616760253906250 HTTP/1.1" 200 0 "-" "WordPress/6.8.1; https://isekainonbirinoukachapters.com"
2a09:bac3:4c94:232::38:9d - - [08/Jun/2025:13:17:56 -0400] "POST /wp-admin/admin-ajax.php HTTP/1.1" 200 61 "https://isekainonbirinoukachapters.com/manga/farming-life-in-another-world-chapter-157/" "Mozilla/5.0 (iPhone; CPU iPhone OS 18_5 like Mac OS X) AppleWebKit/605.1.15 (KHTML, like Gecko) Version/18.5 Mobile/15E148 Safari/604.1"
162.0.232.193 - - [08/Jun/2025:13:17:59 -0400] "GET /wp-content/uploads/89b93a66fa29a678cbd60ff176e1ea9a_1973.xml HTTP/1.1" 200 1499 "-" "Mozilla/5.0 (X11; Linux x86_64) AppleWebKit/537.36 (KHTML, like Gecko) Ubuntu Chromium/41.0.2272.76"
47.79.5.88 - - [08/Jun/2025:13:18:03 -0400] "GET /manga/farming-life-in-another-world-chapter-256/ HTTP/1.1" 200 34028 "https://isekainonbirinoukachapters.com/manga/farming-life-in-another-world-chapter-256/" "Mozilla/5.0 (Windows NT 10.0; Win64; x64) AppleWebKit/537.36 (KHTML, like Gecko) Chrome/114.0.0.0 Safari/537.36 Edg/114.0.1823.43"
2404:160:a024:8a6f:e9bd:762e:6cca:b534 - - [08/Jun/2025:13:18:04 -0400] "GET /manga/farming-life-in-another-world-chapter-10/ HTTP/1.1" 304 0 "https://isekainonbirinoukachapters.com/" "Mozilla/5.0 (Linux; Android 10; K) AppleWebKit/537.36 (KHTML, like Gecko) Chrome/137.0.0.0 Mobile Safari/537.36"
2404:160:a024:8a6f:e9bd:762e:6cca:b534 - - [08/Jun/2025:13:18:04 -0400] "POST /wp-admin/admin-ajax.php HTTP/1.1" 200 61 "https://isekainonbirinoukachapters.com/manga/farming-life-in-another-world-chapter-10/" "Mozilla/5.0 (Linux; Android 10; K) AppleWebKit/537.36 (KHTML, like Gecko) Chrome/137.0.0.0 Mobile Safari/537.36"
2a09:bac3:4d96:15cd::22c:1 - - [08/Jun/2025:13:18:07 -0400] "GET /manga/chapter-115/ HTTP/1.1" 200 33621 "https://isekainonbirinoukachapters.com/manga/farming-life-in-another-world-chapter-114/" "Mozilla/5.0 (Macintosh; Intel Mac OS X 10_15_7) AppleWebKit/605.1.15 (KHTML, like Gecko) Version/18.5 Safari/605.1.15"
2a09:bac3:4d96:15cd::22c:1 - - [08/Jun/2025:13:18:14 -0400] "GET /manga/chapter-116/ HTTP/1.1" 200 33629 "https://isekainonbirinoukachapters.com/manga/chapter-115/" "Mozilla/5.0 (Macintosh; Intel Mac OS X 10_15_7) AppleWebKit/605.1.15 (KHTML, like Gecko) Version/18.5 Safari/605.1.15"
2405:3800:801:f809::1 - - [08/Jun/2025:13:18:21 -0400] "GET /manga/farming-life-in-another-world-chapter-29/ HTTP/1.1" 200 34669 "https://isekainonbirinoukachapters.com/manga/farming-life-in-another-world-chapter-30/" "Mozilla/5.0 (Linux; Android 10; K) AppleWebKit/537.36 (KHTML, like Gecko) Chrome/137.0.0.0 Mobile Safari/537.36"
2405:3800:801:f809::1 - - [08/Jun/2025:13:18:21 -0400] "GET /manga/farming-life-in-another-world-chapter-29/ HTTP/1.1" 304 0 "https://isekainonbirinoukachapters.com/manga/farming-life-in-another-world-chapter-30/" "Mozilla/5.0 (Linux; Android 10; K) AppleWebKit/537.36 (KHTML, like Gecko) Chrome/137.0.0.0 Mobile Safari/537.36"
2a09:bac3:4d96:15cd::22c:1 - - [08/Jun/2025:13:18:25 -0400] "GET /manga/chapter-115/ HTTP/1.1" 200 33621 "https://isekainonbirinoukachapters.com/manga/farming-life-in-another-world-chapter-114/" "Mozilla/5.0 (Macintosh; Intel Mac OS X 10_15_7) AppleWebKit/605.1.15 (KHTML, like Gecko) Version/18.5 Safari/605.1.15"
2405:3800:801:f809::1 - - [08/Jun/2025:13:18:32 -0400] "GET /manga/farming-life-in-another-world-chapter-1/ HTTP/1.1" 200 34864 "https://isekainonbirinoukachapters.com/manga/farming-life-in-another-world-chapter-30/" "Mozilla/5.0 (Linux; Android 10; K) AppleWebKit/537.36 (KHTML, like Gecko) Chrome/137.0.0.0 Mobile Safari/537.36"
2405:3800:801:f809::1 - - [08/Jun/2025:13:18:32 -0400] "GET /manga/farming-life-in-another-world-chapter-1/ HTTP/1.1" 304 0 "https://isekainonbirinoukachapters.com/manga/farming-life-in-another-world-chapter-30/" "Mozilla/5.0 (Linux; Android 10; K) AppleWebKit/537.36 (KHTML, like Gecko) Chrome/137.0.0.0 Mobile Safari/537.36"
2405:3800:801:f809::1 - - [08/Jun/2025:13:18:32 -0400] "GET /manga/farming-life-in-another-world-chapter-5/ HTTP/1.1" 200 34208 "https://isekainonbirinoukachapters.com/manga/farming-life-in-another-world-chapter-30/" "Mozilla/5.0 (Linux; Android 10; K) AppleWebKit/537.36 (KHTML, like Gecko) Chrome/137.0.0.0 Mobile Safari/537.36"
2405:3800:801:f809::1 - - [08/Jun/2025:13:18:33 -0400] "GET /manga/farming-life-in-another-world-chapter-5/ HTTP/1.1" 304 0 "https://isekainonbirinoukachapters.com/manga/farming-life-in-another-world-chapter-30/" "Mozilla/5.0 (Linux; Android 10; K) AppleWebKit/537.36 (KHTML, like Gecko) Chrome/137.0.0.0 Mobile Safari/537.36"
2405:3800:801:f809::1 - - [08/Jun/2025:13:18:34 -0400] "GET /manga/farming-life-in-another-world-chapter-29/ HTTP/1.1" 304 0 "https://isekainonbirinoukachapters.com/manga/farming-life-in-another-world-chapter-30/" "Mozilla/5.0 (Linux; Android 10; K) AppleWebKit/537.36 (KHTML, like Gecko) Chrome/137.0.0.0 Mobile Safari/537.36"
2405:3800:801:f809::1 - - [08/Jun/2025:13:18:35 -0400] "POST /wp-admin/admin-ajax.php HTTP/1.1" 200 61 "https://isekainonbirinoukachapters.com/manga/farming-life-in-another-world-chapter-29/" "Mozilla/5.0 (Linux; Android 10; K) AppleWebKit/537.36 (KHTML, like Gecko) Chrome/137.0.0.0 Mobile Safari/537.36"
2a09:bac3:4c94:232::38:9d - - [08/Jun/2025:13:18:36 -0400] "GET /manga/farming-life-in-another-world-chapter-158/ HTTP/1.1" 200 34558 "https://isekainonbirinoukachapters.com/manga/farming-life-in-another-world-chapter-157/" "Mozilla/5.0 (iPhone; CPU iPhone OS 18_5 like Mac OS X) AppleWebKit/605.1.15 (KHTML, like Gecko) Version/18.5 Mobile/15E148 Safari/604.1"
2405:3800:801:f809::1 - - [08/Jun/2025:13:18:37 -0400] "GET /manga/farming-life-in-another-world-chapter-31/ HTTP/1.1" 200 34666 "https://isekainonbirinoukachapters.com/manga/farming-life-in-another-world-chapter-30/" "Mozilla/5.0 (Linux; Android 10; K) AppleWebKit/537.36 (KHTML, like Gecko) Chrome/137.0.0.0 Mobile Safari/537.36"
2405:3800:801:f809::1 - - [08/Jun/2025:13:18:38 -0400] "GET /manga/farming-life-in-another-world-chapter-31/ HTTP/1.1" 304 0 "https://isekainonbirinoukachapters.com/manga/farming-life-in-another-world-chapter-30/" "Mozilla/5.0 (Linux; Android 10; K) AppleWebKit/537.36 (KHTML, like Gecko) Chrome/137.0.0.0 Mobile Safari/537.36"
2a09:bac3:4c94:232::38:9d - - [08/Jun/2025:13:18:37 -0400] "POST /wp-admin/admin-ajax.php HTTP/1.1" 200 61 "https://isekainonbirinoukachapters.com/manga/farming-life-in-another-world-chapter-158/" "Mozilla/5.0 (iPhone; CPU iPhone OS 18_5 like Mac OS X) AppleWebKit/605.1.15 (KHTML, like Gecko) Version/18.5 Mobile/15E148 Safari/604.1"
2405:3800:801:f809::1 - - [08/Jun/2025:13:18:39 -0400] "GET /manga/farming-life-in-another-world-chapter-31/ HTTP/1.1" 304 0 "https://isekainonbirinoukachapters.com/manga/farming-life-in-another-world-chapter-31/" "Mozilla/5.0 (Linux; Android 10; K) AppleWebKit/537.36 (KHTML, like Gecko) Chrome/137.0.0.0 Mobile Safari/537.36"
2405:3800:801:f809::1 - - [08/Jun/2025:13:18:38 -0400] "POST /wp-admin/admin-ajax.php HTTP/1.1" 200 61 "https://isekainonbirinoukachapters.com/manga/farming-life-in-another-world-chapter-31/" "Mozilla/5.0 (Linux; Android 10; K) AppleWebKit/537.36 (KHTML, like Gecko) Chrome/137.0.0.0 Mobile Safari/537.36"
2405:3800:801:f809::1 - - [08/Jun/2025:13:18:40 -0400] "GET /manga/farming-life-in-another-world-chapter-31/ HTTP/1.1" 304 0 "https://isekainonbirinoukachapters.com/manga/farming-life-in-another-world-chapter-31/" "Mozilla/5.0 (Linux; Android 10; K) AppleWebKit/537.36 (KHTML, like Gecko) Chrome/137.0.0.0 Mobile Safari/537.36"
162.0.232.193 - - [08/Jun/2025:13:19:07 -0400] "POST /wp-cron.php?doing_wp_cron=1749403147.2440888881683349609375 HTTP/1.1" 200 0 "-" "WordPress/6.8.1; https://isekainonbirinoukachapters.com"
2405:3800:801:f809::1 - - [08/Jun/2025:13:19:06 -0400] "POST /wp-admin/admin-ajax.php HTTP/1.1" 200 61 "https://isekainonbirinoukachapters.com/manga/farming-life-in-another-world-chapter-29/" "Mozilla/5.0 (Linux; Android 10; K) AppleWebKit/537.36 (KHTML, like Gecko) Chrome/137.0.0.0 Mobile Safari/537.36"
49.148.7.220 - - [08/Jun/2025:13:19:08 -0400] "GET /manga/farming-life-in-another-world-chapter-11/ HTTP/1.1" 200 34263 "https://isekainonbirinoukachapters.com/manga/farming-life-in-another-world-chapter-12/" "Mozilla/5.0 (Linux; Android 10; K) AppleWebKit/537.36 (KHTML, like Gecko) Chrome/118.0.0.0 Mobile Safari/537.36"
2404:160:a024:8a6f:e9bd:762e:6cca:b534 - - [08/Jun/2025:13:19:22 -0400] "GET /manga/farming-life-in-another-world-chapter-12/ HTTP/1.1" 304 0 "https://isekainonbirinoukachapters.com/" "Mozilla/5.0 (Linux; Android 10; K) AppleWebKit/537.36 (KHTML, like Gecko) Chrome/137.0.0.0 Mobile Safari/537.36"
162.0.232.193 - - [08/Jun/2025:13:19:23 -0400] "POST /wp-cron.php?doing_wp_cron=1749403163.3571519851684570312500 HTTP/1.1" 200 0 "-" "WordPress/6.8.1; https://isekainonbirinoukachapters.com"
2405:3800:801:f809::1 - - [08/Jun/2025:13:19:24 -0400] "GET /manga/farming-life-in-another-world-chapter-31/ HTTP/1.1" 304 0 "https://isekainonbirinoukachapters.com/" "Mozilla/5.0 (Linux; Android 10; K) AppleWebKit/537.36 (KHTML, like Gecko) Chrome/137.0.0.0 Mobile Safari/537.36"
2404:160:a024:8a6f:e9bd:762e:6cca:b534 - - [08/Jun/2025:13:19:23 -0400] "POST /wp-admin/admin-ajax.php HTTP/1.1" 200 61 "https://isekainonbirinoukachapters.com/manga/farming-life-in-another-world-chapter-12/" "Mozilla/5.0 (Linux; Android 10; K) AppleWebKit/537.36 (KHTML, like Gecko) Chrome/137.0.0.0 Mobile Safari/537.36"
2405:3800:801:f809::1 - - [08/Jun/2025:13:19:24 -0400] "GET /manga/farming-life-in-another-world-chapter-31/ HTTP/1.1" 304 0 "https://isekainonbirinoukachapters.com/" "Mozilla/5.0 (Linux; Android 10; K) AppleWebKit/537.36 (KHTML, like Gecko) Chrome/137.0.0.0 Mobile Safari/537.36"
2405:3800:801:f809::1 - - [08/Jun/2025:13:19:25 -0400] "GET /manga/farming-life-in-another-world-chapter-31/ HTTP/1.1" 304 0 "https://isekainonbirinoukachapters.com/manga/farming-life-in-another-world-chapter-31/" "Mozilla/5.0 (Linux; Android 10; K) AppleWebKit/537.36 (KHTML, like Gecko) Chrome/137.0.0.0 Mobile Safari/537.36"
2405:3800:801:f809::1 - - [08/Jun/2025:13:19:25 -0400] "GET /manga/farming-life-in-another-world-chapter-31/ HTTP/1.1" 304 0 "https://isekainonbirinoukachapters.com/manga/farming-life-in-another-world-chapter-31/" "Mozilla/5.0 (Linux; Android 10; K) AppleWebKit/537.36 (KHTML, like Gecko) Chrome/137.0.0.0 Mobile Safari/537.36"
2405:3800:801:f809::1 - - [08/Jun/2025:13:19:24 -0400] "POST /wp-admin/admin-ajax.php HTTP/1.1" 200 61 "https://isekainonbirinoukachapters.com/manga/farming-life-in-another-world-chapter-31/" "Mozilla/5.0 (Linux; Android 10; K) AppleWebKit/537.36 (KHTML, like Gecko) Chrome/137.0.0.0 Mobile Safari/537.36"
180.190.26.134 - - [08/Jun/2025:13:19:31 -0400] "GET /manga/farming-life-in-another-world-chapter-253/ HTTP/1.1" 200 34179 "https://isekainonbirinoukachapters.com/manga/farming-life-in-another-world-chapter-252/" "Mozilla/5.0 (Linux; Android 10; K) AppleWebKit/537.36 (KHTML, like Gecko) Chrome/137.0.0.0 Mobile Safari/537.36"
180.190.26.134 - - [08/Jun/2025:13:19:31 -0400] "GET /manga/farming-life-in-another-world-chapter-253/ HTTP/1.1" 304 0 "https://isekainonbirinoukachapters.com/manga/farming-life-in-another-world-chapter-252/" "Mozilla/5.0 (Linux; Android 10; K) AppleWebKit/537.36 (KHTML, like Gecko) Chrome/137.0.0.0 Mobile Safari/537.36"
49.148.7.220 - - [08/Jun/2025:13:19:40 -0400] "GET /manga/farming-life-in-another-world-chapter-12/ HTTP/1.1" 304 0 "https://isekainonbirinoukachapters.com/manga/farming-life-in-another-world-chapter-11/" "Mozilla/5.0 (Linux; Android 10; K) AppleWebKit/537.36 (KHTML, like Gecko) Chrome/118.0.0.0 Mobile Safari/537.36"
162.0.232.193 - - [08/Jun/2025:13:19:41 -0400] "POST /wp-cron.php?doing_wp_cron=1749403181.5594689846038818359375 HTTP/1.1" 200 0 "-" "WordPress/6.8.1; https://isekainonbirinoukachapters.com"
49.148.7.220 - - [08/Jun/2025:13:19:40 -0400] "POST /wp-admin/admin-ajax.php HTTP/1.1" 200 61 "https://isekainonbirinoukachapters.com/manga/farming-life-in-another-world-chapter-12/" "Mozilla/5.0 (Linux; Android 10; K) AppleWebKit/537.36 (KHTML, like Gecko) Chrome/118.0.0.0 Mobile Safari/537.36"
49.148.7.220 - - [08/Jun/2025:13:19:46 -0400] "GET /manga/farming-life-in-another-world-chapter-13/ HTTP/1.1" 304 0 "https://isekainonbirinoukachapters.com/manga/farming-life-in-another-world-chapter-12/" "Mozilla/5.0 (Linux; Android 10; K) AppleWebKit/537.36 (KHTML, like Gecko) Chrome/118.0.0.0 Mobile Safari/537.36"
162.0.232.193 - - [08/Jun/2025:13:19:47 -0400] "POST /wp-cron.php?doing_wp_cron=1749403187.7050440311431884765625 HTTP/1.1" 200 0 "-" "WordPress/6.8.1; https://isekainonbirinoukachapters.com"
49.148.7.220 - - [08/Jun/2025:13:19:47 -0400] "POST /wp-admin/admin-ajax.php HTTP/1.1" 200 61 "https://isekainonbirinoukachapters.com/manga/farming-life-in-another-world-chapter-13/" "Mozilla/5.0 (Linux; Android 10; K) AppleWebKit/537.36 (KHTML, like Gecko) Chrome/118.0.0.0 Mobile Safari/537.36"
49.148.7.220 - - [08/Jun/2025:13:20:03 -0400] "GET /manga/farming-life-in-another-world-chapter-14/ HTTP/1.1" 200 34506 "https://isekainonbirinoukachapters.com/manga/farming-life-in-another-world-chapter-13/" "Mozilla/5.0 (Linux; Android 10; K) AppleWebKit/537.36 (KHTML, like Gecko) Chrome/118.0.0.0 Mobile Safari/537.36"
162.0.232.193 - - [08/Jun/2025:13:20:05 -0400] "POST /wp-cron.php?doing_wp_cron=1749403205.1370549201965332031250 HTTP/1.1" 200 0 "-" "WordPress/6.8.1; https://isekainonbirinoukachapters.com"
49.148.7.220 - - [08/Jun/2025:13:20:04 -0400] "POST /wp-admin/admin-ajax.php HTTP/1.1" 200 61 "https://isekainonbirinoukachapters.com/manga/farming-life-in-another-world-chapter-14/" "Mozilla/5.0 (Linux; Android 10; K) AppleWebKit/537.36 (KHTML, like Gecko) Chrome/118.0.0.0 Mobile Safari/537.36"
185.177.72.3 - - [08/Jun/2025:13:20:07 -0400] "HEAD / HTTP/1.1" 200 0 "-" "Mozilla/5.0 (compatible; scanner/1.0)"
185.177.72.3 - - [08/Jun/2025:13:20:07 -0400] "GET / HTTP/1.1" 200 32287 "-" "Mozilla/5.0 (compatible; scanner/1.0)"
162.0.232.193 - - [08/Jun/2025:13:20:08 -0400] "GET /wp-content/uploads/89b93a66fa29a678cbd60ff176e1ea9a_1973.xml HTTP/1.1" 200 1362 "-" "Mozilla/5.0 (X11; Linux x86_64) AppleWebKit/537.36 (KHTML, like Gecko) Ubuntu Chromium/41.0.2272.76"
185.177.72.3 - - [08/Jun/2025:13:20:10 -0400] "GET / HTTP/1.1" 200 32287 "-" "Mozilla/5.0 (compatible; scanner/1.0)"
185.177.72.3 - - [08/Jun/2025:13:20:10 -0400] "GET /.env HTTP/1.1" 301 0 "-" "Mozilla/5.0 (compatible; scanner/1.0)"
185.177.72.3 - - [08/Jun/2025:13:20:10 -0400] "GET / HTTP/1.1" 200 32287 "-" "Mozilla/5.0 (compatible; scanner/1.0)"
185.177.72.3 - - [08/Jun/2025:13:20:10 -0400] "GET /phpinfo.php HTTP/1.1" 301 0 "-" "Mozilla/5.0 (compatible; scanner/1.0)"
185.177.72.3 - - [08/Jun/2025:13:20:10 -0400] "GET / HTTP/1.1" 200 32287 "https://isekainonbirinoukachapters.com/.env" "Mozilla/5.0 (compatible; scanner/1.0)"
185.177.72.3 - - [08/Jun/2025:13:20:10 -0400] "GET / HTTP/1.1" 200 32329 "https://isekainonbirinoukachapters.com/phpinfo.php" "Mozilla/5.0 (compatible; scanner/1.0)"
185.177.72.3 - - [08/Jun/2025:13:20:10 -0400] "GET /phpinfo HTTP/1.1" 301 0 "-" "Mozilla/5.0 (compatible; scanner/1.0)"
185.177.72.3 - - [08/Jun/2025:13:20:11 -0400] "GET / HTTP/1.1" 200 32287 "https://isekainonbirinoukachapters.com/phpinfo" "Mozilla/5.0 (compatible; scanner/1.0)"
185.177.72.3 - - [08/Jun/2025:13:20:11 -0400] "GET /.env HTTP/1.1" 301 0 "-" "Mozilla/5.0 (compatible; scanner/1.0)"
185.177.72.3 - - [08/Jun/2025:13:20:10 -0400] "GET /info.php HTTP/1.1" 301 0 "-" "Mozilla/5.0 (compatible; scanner/1.0)"
185.177.72.3 - - [08/Jun/2025:13:20:11 -0400] "GET /phpinfo.php HTTP/1.1" 301 0 "-" "Mozilla/5.0 (compatible; scanner/1.0)"
185.177.72.3 - - [08/Jun/2025:13:20:11 -0400] "GET /test.php HTTP/1.1" 301 0 "-" "Mozilla/5.0 (compatible; scanner/1.0)"
185.177.72.3 - - [08/Jun/2025:13:20:11 -0400] "GET / HTTP/1.1" 200 32287 "https://isekainonbirinoukachapters.com/.env" "Mozilla/5.0 (compatible; scanner/1.0)"
185.177.72.3 - - [08/Jun/2025:13:20:11 -0400] "GET / HTTP/1.1" 200 32287 "https://isekainonbirinoukachapters.com/info.php" "Mozilla/5.0 (compatible; scanner/1.0)"
185.177.72.3 - - [08/Jun/2025:13:20:11 -0400] "GET / HTTP/1.1" 200 32287 "https://isekainonbirinoukachapters.com/phpinfo.php" "Mozilla/5.0 (compatible; scanner/1.0)"
185.177.72.3 - - [08/Jun/2025:13:20:11 -0400] "GET /phpinfo HTTP/1.1" 301 0 "-" "Mozilla/5.0 (compatible; scanner/1.0)"
185.177.72.3 - - [08/Jun/2025:13:20:11 -0400] "GET / HTTP/1.1" 200 32329 "https://isekainonbirinoukachapters.com/test.php" "Mozilla/5.0 (compatible; scanner/1.0)"
185.177.72.3 - - [08/Jun/2025:13:20:11 -0400] "GET / HTTP/1.1" 200 32287 "https://isekainonbirinoukachapters.com/phpinfo" "Mozilla/5.0 (compatible; scanner/1.0)"
185.177.72.3 - - [08/Jun/2025:13:20:11 -0400] "GET /info.php HTTP/1.1" 301 0 "-" "Mozilla/5.0 (compatible; scanner/1.0)"
185.177.72.3 - - [08/Jun/2025:13:20:11 -0400] "GET /test.php HTTP/1.1" 301 0 "-" "Mozilla/5.0 (compatible; scanner/1.0)"
185.177.72.3 - - [08/Jun/2025:13:20:12 -0400] "GET / HTTP/1.1" 200 32287 "https://isekainonbirinoukachapters.com/info.php" "Mozilla/5.0 (compatible; scanner/1.0)"
185.177.72.3 - - [08/Jun/2025:13:20:12 -0400] "GET / HTTP/1.1" 200 32287 "https://isekainonbirinoukachapters.com/test.php" "Mozilla/5.0 (compatible; scanner/1.0)"
2a09:bac3:4c94:232::38:9d - - [08/Jun/2025:13:20:14 -0400] "GET /manga/farming-life-in-another-world-chapter-159/ HTTP/1.1" 200 34923 "https://isekainonbirinoukachapters.com/manga/farming-life-in-another-world-chapter-158/" "Mozilla/5.0 (iPhone; CPU iPhone OS 18_5 like Mac OS X) AppleWebKit/605.1.15 (KHTML, like Gecko) Version/18.5 Mobile/15E148 Safari/604.1"
2a09:bac3:4c94:232::38:9d - - [08/Jun/2025:13:20:16 -0400] "POST /wp-admin/admin-ajax.php HTTP/1.1" 200 49 "https://isekainonbirinoukachapters.com/manga/farming-life-in-another-world-chapter-159/" "Mozilla/5.0 (iPhone; CPU iPhone OS 18_5 like Mac OS X) AppleWebKit/605.1.15 (KHTML, like Gecko) Version/18.5 Mobile/15E148 Safari/604.1"
2a09:bac3:4c94:232::38:9d - - [08/Jun/2025:13:20:15 -0400] "POST /wp-admin/admin-ajax.php HTTP/1.1" 200 61 "https://isekainonbirinoukachapters.com/manga/farming-life-in-another-world-chapter-159/" "Mozilla/5.0 (iPhone; CPU iPhone OS 18_5 like Mac OS X) AppleWebKit/605.1.15 (KHTML, like Gecko) Version/18.5 Mobile/15E148 Safari/604.1"
2a09:bac3:4c94:232::38:9d - - [08/Jun/2025:13:20:17 -0400] "POST /wp-admin/admin-ajax.php HTTP/1.1" 200 644 "https://isekainonbirinoukachapters.com/manga/farming-life-in-another-world-chapter-159/" "Mozilla/5.0 (iPhone; CPU iPhone OS 18_5 like Mac OS X) AppleWebKit/605.1.15 (KHTML, like Gecko) Version/18.5 Mobile/15E148 Safari/604.1"
2401:5100:302:6a26:dc17:68ce:131d:f00a - - [08/Jun/2025:13:20:19 -0400] "GET /manga/farming-life-in-another-world-chapter-8/ HTTP/1.1" 200 34676 "https://isekainonbirinoukachapters.com/manga/farming-life-in-another-world-chapter-7/" "Mozilla/5.0 (Linux; Android 10; K) AppleWebKit/537.36 (KHTML, like Gecko) Chrome/135.0.0.0 Mobile Safari/537.36 OPR/89.0.0.0"
2401:5100:302:6a26:dc17:68ce:131d:f00a - - [08/Jun/2025:13:20:19 -0400] "GET /manga/farming-life-in-another-world-chapter-8/ HTTP/1.1" 304 0 "https://isekainonbirinoukachapters.com/manga/farming-life-in-another-world-chapter-7/" "Mozilla/5.0 (Linux; Android 10; K) AppleWebKit/537.36 (KHTML, like Gecko) Chrome/135.0.0.0 Mobile Safari/537.36 OPR/89.0.0.0"
49.148.7.220 - - [08/Jun/2025:13:20:20 -0400] "GET /manga/farming-life-in-another-world-chapter-15/ HTTP/1.1" 200 34599 "https://isekainonbirinoukachapters.com/manga/farming-life-in-another-world-chapter-14/" "Mozilla/5.0 (Linux; Android 10; K) AppleWebKit/537.36 (KHTML, like Gecko) Chrome/118.0.0.0 Mobile Safari/537.36"
2401:5100:302:6a26:dc17:68ce:131d:f00a - - [08/Jun/2025:13:20:20 -0400] "POST /wp-admin/admin-ajax.php HTTP/1.1" 200 61 "https://isekainonbirinoukachapters.com/manga/farming-life-in-another-world-chapter-8/" "Mozilla/5.0 (Linux; Android 10; K) AppleWebKit/537.36 (KHTML, like Gecko) Chrome/135.0.0.0 Mobile Safari/537.36 OPR/89.0.0.0"
49.148.7.220 - - [08/Jun/2025:13:20:21 -0400] "POST /wp-admin/admin-ajax.php HTTP/1.1" 200 61 "https://isekainonbirinoukachapters.com/manga/farming-life-in-another-world-chapter-15/" "Mozilla/5.0 (Linux; Android 10; K) AppleWebKit/537.36 (KHTML, like Gecko) Chrome/118.0.0.0 Mobile Safari/537.36"
2a02:1406:269:693f:7854:b562:c7a3:5555 - - [08/Jun/2025:13:20:50 -0400] "GET /manga/farming-life-in-another-world-chapter-62/ HTTP/1.1" 200 34576 "https://isekainonbirinoukachapters.com/manga/farming-life-in-another-world-chapter-61/" "Mozilla/5.0 (Windows NT 10.0; Win64; x64; rv:139.0) Gecko/20100101 Firefox/139.0"
2a02:1406:269:693f:7854:b562:c7a3:5555 - - [08/Jun/2025:13:20:51 -0400] "POST /wp-admin/admin-ajax.php HTTP/1.1" 200 61 "https://isekainonbirinoukachapters.com/manga/farming-life-in-another-world-chapter-62/" "Mozilla/5.0 (Windows NT 10.0; Win64; x64; rv:139.0) Gecko/20100101 Firefox/139.0"
49.148.7.220 - - [08/Jun/2025:13:21:26 -0400] "GET /manga/farming-life-in-another-world-chapter-16/ HTTP/1.1" 200 34305 "https://isekainonbirinoukachapters.com/manga/farming-life-in-another-world-chapter-15/" "Mozilla/5.0 (Linux; Android 10; K) AppleWebKit/537.36 (KHTML, like Gecko) Chrome/118.0.0.0 Mobile Safari/537.36"
2a09:bac3:4c94:232::38:9d - - [08/Jun/2025:13:21:36 -0400] "GET /manga/farming-life-in-another-world-chapter-160/ HTTP/1.1" 200 34578 "https://isekainonbirinoukachapters.com/manga/farming-life-in-another-world-chapter-159/" "Mozilla/5.0 (iPhone; CPU iPhone OS 18_5 like Mac OS X) AppleWebKit/605.1.15 (KHTML, like Gecko) Version/18.5 Mobile/15E148 Safari/604.1"
162.0.232.193 - - [08/Jun/2025:13:21:38 -0400] "POST /wp-cron.php?doing_wp_cron=1749403297.8840749263763427734375 HTTP/1.1" 200 0 "-" "WordPress/6.8.1; https://isekainonbirinoukachapters.com"
2a09:bac3:4c94:232::38:9d - - [08/Jun/2025:13:21:37 -0400] "POST /wp-admin/admin-ajax.php HTTP/1.1" 200 61 "https://isekainonbirinoukachapters.com/manga/farming-life-in-another-world-chapter-160/" "Mozilla/5.0 (iPhone; CPU iPhone OS 18_5 like Mac OS X) AppleWebKit/605.1.15 (KHTML, like Gecko) Version/18.5 Mobile/15E148 Safari/604.1"
162.0.232.193 - - [08/Jun/2025:13:21:44 -0400] "GET /wp-content/uploads/89b93a66fa29a678cbd60ff176e1ea9a_1973.xml HTTP/1.1" 200 1362 "-" "Mozilla/5.0 (X11; Linux x86_64) AppleWebKit/537.36 (KHTML, like Gecko) Ubuntu Chromium/41.0.2272.76"
47.82.60.121 - - [08/Jun/2025:13:22:06 -0400] "GET /manga/farming-life-in-another-world-chapter-216/ HTTP/1.1" 200 34136 "https://isekainonbirinoukachapters.com/manga/farming-life-in-another-world-chapter-216/" "Mozilla/5.0 (Windows NT 10.0; Win64; x64) AppleWebKit/537.36 (KHTML, like Gecko) Chrome/114.0.0.0 Safari/537.36 Edg/114.0.1823.43"
2409:40f4:101e:d72a:8000:: - - [08/Jun/2025:13:22:07 -0400] "GET /manga/farming-life-in-another-world-chapter-47/ HTTP/1.1" 200 34512 "https://isekainonbirinoukachapters.com/manga/farming-life-in-another-world-chapter-46/" "Mozilla/5.0 (Linux; Android 10; K) AppleWebKit/537.36 (KHTML, like Gecko) Chrome/137.0.0.0 Mobile Safari/537.36"
2409:40f4:101e:d72a:8000:: - - [08/Jun/2025:13:22:08 -0400] "GET /manga/farming-life-in-another-world-chapter-47/ HTTP/1.1" 304 0 "https://isekainonbirinoukachapters.com/manga/farming-life-in-another-world-chapter-46/" "Mozilla/5.0 (Linux; Android 10; K) AppleWebKit/537.36 (KHTML, like Gecko) Chrome/137.0.0.0 Mobile Safari/537.36"
2409:40f4:101e:d72a:8000:: - - [08/Jun/2025:13:22:09 -0400] "POST /wp-admin/admin-ajax.php HTTP/1.1" 200 61 "https://isekainonbirinoukachapters.com/manga/farming-life-in-another-world-chapter-47/" "Mozilla/5.0 (Linux; Android 10; K) AppleWebKit/537.36 (KHTML, like Gecko) Chrome/137.0.0.0 Mobile Safari/537.36"
49.148.7.220 - - [08/Jun/2025:13:22:13 -0400] "GET /manga/farming-life-in-another-world-chapter-17/ HTTP/1.1" 200 34223 "https://isekainonbirinoukachapters.com/manga/farming-life-in-another-world-chapter-16/" "Mozilla/5.0 (Linux; Android 10; K) AppleWebKit/537.36 (KHTML, like Gecko) Chrome/118.0.0.0 Mobile Safari/537.36"
49.148.7.220 - - [08/Jun/2025:13:22:33 -0400] "GET /manga/farming-life-in-another-world-chapter-18/ HTTP/1.1" 200 34599 "https://isekainonbirinoukachapters.com/manga/farming-life-in-another-world-chapter-17/" "Mozilla/5.0 (Linux; Android 10; K) AppleWebKit/537.36 (KHTML, like Gecko) Chrome/118.0.0.0 Mobile Safari/537.36"
49.148.7.220 - - [08/Jun/2025:13:22:33 -0400] "POST /wp-admin/admin-ajax.php HTTP/1.1" 200 61 "https://isekainonbirinoukachapters.com/manga/farming-life-in-another-world-chapter-18/" "Mozilla/5.0 (Linux; Android 10; K) AppleWebKit/537.36 (KHTML, like Gecko) Chrome/118.0.0.0 Mobile Safari/537.36"
49.148.7.220 - - [08/Jun/2025:13:22:48 -0400] "GET /manga/farming-life-in-another-world-chapter-19/ HTTP/1.1" 200 34605 "https://isekainonbirinoukachapters.com/manga/farming-life-in-another-world-chapter-18/" "Mozilla/5.0 (Linux; Android 10; K) AppleWebKit/537.36 (KHTML, like Gecko) Chrome/118.0.0.0 Mobile Safari/537.36"
162.0.232.193 - - [08/Jun/2025:13:22:49 -0400] "POST /wp-cron.php?doing_wp_cron=1749403369.8359038829803466796875 HTTP/1.1" 200 0 "-" "WordPress/6.8.1; https://isekainonbirinoukachapters.com"
49.148.7.220 - - [08/Jun/2025:13:22:49 -0400] "POST /wp-admin/admin-ajax.php HTTP/1.1" 200 61 "https://isekainonbirinoukachapters.com/manga/farming-life-in-another-world-chapter-19/" "Mozilla/5.0 (Linux; Android 10; K) AppleWebKit/537.36 (KHTML, like Gecko) Chrome/118.0.0.0 Mobile Safari/537.36"
2409:40f4:101e:d72a:8000:: - - [08/Jun/2025:13:22:50 -0400] "GET /manga/farming-life-in-another-world-chapter-47/ HTTP/1.1" 304 0 "https://isekainonbirinoukachapters.com/manga/farming-life-in-another-world-chapter-46/" "Mozilla/5.0 (Linux; Android 10; K) AppleWebKit/537.36 (KHTML, like Gecko) Chrome/137.0.0.0 Mobile Safari/537.36"
2409:40f4:101e:d72a:8000:: - - [08/Jun/2025:13:22:51 -0400] "POST /wp-admin/admin-ajax.php HTTP/1.1" 200 61 "https://isekainonbirinoukachapters.com/manga/farming-life-in-another-world-chapter-47/" "Mozilla/5.0 (Linux; Android 10; K) AppleWebKit/537.36 (KHTML, like Gecko) Chrome/137.0.0.0 Mobile Safari/537.36"
2404:160:a024:8a6f:e9bd:762e:6cca:b534 - - [08/Jun/2025:13:23:17 -0400] "GET /manga/farming-life-in-another-world-chapter-13/ HTTP/1.1" 200 34570 "https://isekainonbirinoukachapters.com/" "Mozilla/5.0 (Linux; Android 10; K) AppleWebKit/537.36 (KHTML, like Gecko) Chrome/137.0.0.0 Mobile Safari/537.36"
2404:160:a024:8a6f:e9bd:762e:6cca:b534 - - [08/Jun/2025:13:23:18 -0400] "GET /manga/farming-life-in-another-world-chapter-13/ HTTP/1.1" 304 0 "https://isekainonbirinoukachapters.com/" "Mozilla/5.0 (Linux; Android 10; K) AppleWebKit/537.36 (KHTML, like Gecko) Chrome/137.0.0.0 Mobile Safari/537.36"
162.0.232.193 - - [08/Jun/2025:13:23:19 -0400] "POST /wp-cron.php?doing_wp_cron=1749403398.9859840869903564453125 HTTP/1.1" 200 0 "-" "WordPress/6.8.1; https://isekainonbirinoukachapters.com"
2405:3800:801:f809::1 - - [08/Jun/2025:13:23:19 -0400] "GET /manga/farming-life-in-another-world-chapter-32/ HTTP/1.1" 200 34133 "https://isekainonbirinoukachapters.com/manga/farming-life-in-another-world-chapter-31/" "Mozilla/5.0 (Linux; Android 10; K) AppleWebKit/537.36 (KHTML, like Gecko) Chrome/137.0.0.0 Mobile Safari/537.36"
2404:160:a024:8a6f:e9bd:762e:6cca:b534 - - [08/Jun/2025:13:23:18 -0400] "POST /wp-admin/admin-ajax.php HTTP/1.1" 200 61 "https://isekainonbirinoukachapters.com/manga/farming-life-in-another-world-chapter-13/" "Mozilla/5.0 (Linux; Android 10; K) AppleWebKit/537.36 (KHTML, like Gecko) Chrome/137.0.0.0 Mobile Safari/537.36"
2405:3800:801:f809::1 - - [08/Jun/2025:13:23:19 -0400] "GET /manga/farming-life-in-another-world-chapter-4/ HTTP/1.1" 304 0 "https://isekainonbirinoukachapters.com/manga/farming-life-in-another-world-chapter-31/" "Mozilla/5.0 (Linux; Android 10; K) AppleWebKit/537.36 (KHTML, like Gecko) Chrome/137.0.0.0 Mobile Safari/537.36"
2405:3800:801:f809::1 - - [08/Jun/2025:13:23:20 -0400] "GET /manga/farming-life-in-another-world-chapter-32/ HTTP/1.1" 304 0 "https://isekainonbirinoukachapters.com/manga/farming-life-in-another-world-chapter-31/" "Mozilla/5.0 (Linux; Android 10; K) AppleWebKit/537.36 (KHTML, like Gecko) Chrome/137.0.0.0 Mobile Safari/537.36"
2405:3800:801:f809::1 - - [08/Jun/2025:13:23:20 -0400] "GET /manga/farming-life-in-another-world-chapter-4/ HTTP/1.1" 304 0 "https://isekainonbirinoukachapters.com/manga/farming-life-in-another-world-chapter-31/" "Mozilla/5.0 (Linux; Android 10; K) AppleWebKit/537.36 (KHTML, like Gecko) Chrome/137.0.0.0 Mobile Safari/537.36"
162.0.232.193 - - [08/Jun/2025:13:23:21 -0400] "GET /wp-content/uploads/89b93a66fa29a678cbd60ff176e1ea9a_1973.xml HTTP/1.1" 200 1499 "-" "Mozilla/5.0 (X11; Linux x86_64) AppleWebKit/537.36 (KHTML, like Gecko) Ubuntu Chromium/41.0.2272.76"
49.148.7.220 - - [08/Jun/2025:13:23:25 -0400] "GET /manga/farming-life-in-another-world-chapter-20/ HTTP/1.1" 304 0 "https://isekainonbirinoukachapters.com/manga/farming-life-in-another-world-chapter-19/" "Mozilla/5.0 (Linux; Android 10; K) AppleWebKit/537.36 (KHTML, like Gecko) Chrome/118.0.0.0 Mobile Safari/537.36"
49.148.7.220 - - [08/Jun/2025:13:23:25 -0400] "POST /wp-admin/admin-ajax.php HTTP/1.1" 200 61 "https://isekainonbirinoukachapters.com/manga/farming-life-in-another-world-chapter-20/" "Mozilla/5.0 (Linux; Android 10; K) AppleWebKit/537.36 (KHTML, like Gecko) Chrome/118.0.0.0 Mobile Safari/537.36"
2405:3800:801:f809::1 - - [08/Jun/2025:13:23:29 -0400] "GET /manga/farming-life-in-another-world-chapter-33/ HTTP/1.1" 200 34566 "https://isekainonbirinoukachapters.com/manga/farming-life-in-another-world-chapter-32/" "Mozilla/5.0 (Linux; Android 10; K) AppleWebKit/537.36 (KHTML, like Gecko) Chrome/137.0.0.0 Mobile Safari/537.36"
