162.0.232.193 - - [08/Jun/2025:10:34:55 -0400] "GET /manga/farming-life-in-another-world-chapter-184/ HTTP/1.1" 200 34472 "-" "WP Rocket/Preload"
162.0.232.193 - - [08/Jun/2025:10:34:56 -0400] "GET /manga/farming-life-in-another-world-chapter-184/ HTTP/1.1" 200 34543 "-" "WP Rocket/Preload Mozilla/5.0 (iPhone; CPU iPhone OS 9_1 like Mac OS X) AppleWebKit/601.1.46 (KHTML, like Gecko) Version/9.0 Mobile/13B143 Safari/601.1"
162.0.232.193 - - [08/Jun/2025:10:34:57 -0400] "GET /manga/farming-life-in-another-world-chapter-183/ HTTP/1.1" 200 34576 "-" "WP Rocket/Preload"
2a00:23c6:7400:ee01:e4c0:977e:4f1b:f07b - - [08/Jun/2025:10:34:58 -0400] "GET /manga/farming-life-in-another-world-chapter-20/ HTTP/1.1" 200 34461 "https://isekainonbirinoukachapters.com/" "Mozilla/5.0 (Macintosh; Intel Mac OS X 10_15_7) AppleWebKit/605.1.15 (KHTML, like Gecko) Version/18.5 Safari/605.1.15"
162.0.232.193 - - [08/Jun/2025:10:34:58 -0400] "GET /manga/farming-life-in-another-world-chapter-183/ HTTP/1.1" 200 34615 "-" "WP Rocket/Preload Mozilla/5.0 (iPhone; CPU iPhone OS 9_1 like Mac OS X) AppleWebKit/601.1.46 (KHTML, like Gecko) Version/9.0 Mobile/13B143 Safari/601.1"
2a00:23c6:7400:ee01:e4c0:977e:4f1b:f07b - - [08/Jun/2025:10:34:58 -0400] "POST /wp-admin/admin-ajax.php HTTP/1.1" 200 61 "https://isekainonbirinoukachapters.com/manga/farming-life-in-another-world-chapter-20/" "Mozilla/5.0 (Macintosh; Intel Mac OS X 10_15_7) AppleWebKit/605.1.15 (KHTML, like Gecko) Version/18.5 Safari/605.1.15"
162.0.232.193 - - [08/Jun/2025:10:34:59 -0400] "GET /manga/farming-life-in-another-world-chapter-161/ HTTP/1.1" 200 34518 "-" "WP Rocket/Preload"
162.0.232.193 - - [08/Jun/2025:10:35:00 -0400] "GET /manga/farming-life-in-another-world-chapter-161/ HTTP/1.1" 200 34553 "-" "WP Rocket/Preload Mozilla/5.0 (iPhone; CPU iPhone OS 9_1 like Mac OS X) AppleWebKit/601.1.46 (KHTML, like Gecko) Version/9.0 Mobile/13B143 Safari/601.1"
162.0.232.193 - - [08/Jun/2025:10:35:07 -0400] "GET /manga/farming-life-in-another-world-chapter-180/ HTTP/1.1" 200 34522 "-" "WP Rocket/Preload"
162.0.232.193 - - [08/Jun/2025:10:35:06 -0400] "POST /wp-admin/admin-ajax.php?action=as_async_request_queue_runner&nonce=927befa1bc HTTP/1.1" 200 0 "-" "WordPress/6.8.1; https://isekainonbirinoukachapters.com"
162.0.232.193 - - [08/Jun/2025:10:35:08 -0400] "GET /manga/farming-life-in-another-world-chapter-180/ HTTP/1.1" 200 34549 "-" "WP Rocket/Preload Mozilla/5.0 (iPhone; CPU iPhone OS 9_1 like Mac OS X) AppleWebKit/601.1.46 (KHTML, like Gecko) Version/9.0 Mobile/13B143 Safari/601.1"
162.0.232.193 - - [08/Jun/2025:10:35:09 -0400] "GET /manga/farming-life-in-another-world-chapter-179/ HTTP/1.1" 200 34526 "-" "WP Rocket/Preload"
162.0.232.193 - - [08/Jun/2025:10:35:10 -0400] "GET /manga/farming-life-in-another-world-chapter-179/ HTTP/1.1" 200 34555 "-" "WP Rocket/Preload Mozilla/5.0 (iPhone; CPU iPhone OS 9_1 like Mac OS X) AppleWebKit/601.1.46 (KHTML, like Gecko) Version/9.0 Mobile/13B143 Safari/601.1"
162.0.232.193 - - [08/Jun/2025:10:35:11 -0400] "GET /manga/farming-life-in-another-world-chapter-173/ HTTP/1.1" 200 34512 "-" "WP Rocket/Preload"
162.0.232.193 - - [08/Jun/2025:10:35:12 -0400] "GET /manga/farming-life-in-another-world-chapter-173/ HTTP/1.1" 200 34544 "-" "WP Rocket/Preload Mozilla/5.0 (iPhone; CPU iPhone OS 9_1 like Mac OS X) AppleWebKit/601.1.46 (KHTML, like Gecko) Version/9.0 Mobile/13B143 Safari/601.1"
162.0.232.193 - - [08/Jun/2025:10:35:13 -0400] "GET /manga/farming-life-in-another-world-chapter-178/ HTTP/1.1" 200 34472 "-" "WP Rocket/Preload"
162.0.232.193 - - [08/Jun/2025:10:35:15 -0400] "GET /manga/farming-life-in-another-world-chapter-178/ HTTP/1.1" 200 34505 "-" "WP Rocket/Preload Mozilla/5.0 (iPhone; CPU iPhone OS 9_1 like Mac OS X) AppleWebKit/601.1.46 (KHTML, like Gecko) Version/9.0 Mobile/13B143 Safari/601.1"
162.0.232.193 - - [08/Jun/2025:10:35:16 -0400] "GET /manga/farming-life-in-another-world-chapter-175/ HTTP/1.1" 200 34473 "-" "WP Rocket/Preload"
162.0.232.193 - - [08/Jun/2025:10:35:17 -0400] "GET /manga/farming-life-in-another-world-chapter-175/ HTTP/1.1" 200 34502 "-" "WP Rocket/Preload Mozilla/5.0 (iPhone; CPU iPhone OS 9_1 like Mac OS X) AppleWebKit/601.1.46 (KHTML, like Gecko) Version/9.0 Mobile/13B143 Safari/601.1"
223.119.20.212 - - [08/Jun/2025:10:35:17 -0400] "GET /manga/farming-life-in-another-world-chapter-225/ HTTP/1.1" 200 34936 "https://isekainonbirinoukachapters.com/" "Mozilla/5.0 (Android 15; Mobile; rv:139.0) Gecko/139.0 Firefox/139.0"
2a00:23c6:7400:ee01:e4c0:977e:4f1b:f07b - - [08/Jun/2025:10:35:18 -0400] "GET /manga/farming-life-in-another-world-chapter-21/ HTTP/1.1" 200 34072 "https://isekainonbirinoukachapters.com/manga/farming-life-in-another-world-chapter-20/" "Mozilla/5.0 (Macintosh; Intel Mac OS X 10_15_7) AppleWebKit/605.1.15 (KHTML, like Gecko) Version/18.5 Safari/605.1.15"
162.0.232.193 - - [08/Jun/2025:10:35:18 -0400] "GET /manga/farming-life-in-another-world-chapter-174/ HTTP/1.1" 200 34480 "-" "WP Rocket/Preload"
162.0.232.193 - - [08/Jun/2025:10:35:19 -0400] "GET /manga/farming-life-in-another-world-chapter-174/ HTTP/1.1" 200 34506 "-" "WP Rocket/Preload Mozilla/5.0 (iPhone; CPU iPhone OS 9_1 like Mac OS X) AppleWebKit/601.1.46 (KHTML, like Gecko) Version/9.0 Mobile/13B143 Safari/601.1"
223.119.20.212 - - [08/Jun/2025:10:35:19 -0400] "POST /wp-admin/admin-ajax.php HTTP/1.1" 200 61 "https://isekainonbirinoukachapters.com/manga/farming-life-in-another-world-chapter-225/" "Mozilla/5.0 (Android 15; Mobile; rv:139.0) Gecko/139.0 Firefox/139.0"
162.0.232.193 - - [08/Jun/2025:10:35:20 -0400] "GET /manga/farming-life-in-another-world-chapter-166/ HTTP/1.1" 200 34518 "-" "WP Rocket/Preload"
162.0.232.193 - - [08/Jun/2025:10:35:21 -0400] "GET /manga/farming-life-in-another-world-chapter-166/ HTTP/1.1" 200 34544 "-" "WP Rocket/Preload Mozilla/5.0 (iPhone; CPU iPhone OS 9_1 like Mac OS X) AppleWebKit/601.1.46 (KHTML, like Gecko) Version/9.0 Mobile/13B143 Safari/601.1"
162.0.232.193 - - [08/Jun/2025:10:35:22 -0400] "GET /manga/farming-life-in-another-world-chapter-167/ HTTP/1.1" 200 34510 "-" "WP Rocket/Preload"
162.0.232.193 - - [08/Jun/2025:10:35:23 -0400] "GET /manga/farming-life-in-another-world-chapter-167/ HTTP/1.1" 200 34541 "-" "WP Rocket/Preload Mozilla/5.0 (iPhone; CPU iPhone OS 9_1 like Mac OS X) AppleWebKit/601.1.46 (KHTML, like Gecko) Version/9.0 Mobile/13B143 Safari/601.1"
162.0.232.193 - - [08/Jun/2025:10:35:24 -0400] "GET /manga/farming-life-in-another-world-chapter-171/ HTTP/1.1" 200 34471 "-" "WP Rocket/Preload"
162.0.232.193 - - [08/Jun/2025:10:35:25 -0400] "GET /manga/farming-life-in-another-world-chapter-171/ HTTP/1.1" 200 34505 "-" "WP Rocket/Preload Mozilla/5.0 (iPhone; CPU iPhone OS 9_1 like Mac OS X) AppleWebKit/601.1.46 (KHTML, like Gecko) Version/9.0 Mobile/13B143 Safari/601.1"
162.0.232.193 - - [08/Jun/2025:10:35:26 -0400] "GET /manga/farming-life-in-another-world-chapter-169/ HTTP/1.1" 200 34526 "-" "WP Rocket/Preload"
162.0.232.193 - - [08/Jun/2025:10:35:27 -0400] "GET /manga/farming-life-in-another-world-chapter-169/ HTTP/1.1" 200 34561 "-" "WP Rocket/Preload Mozilla/5.0 (iPhone; CPU iPhone OS 9_1 like Mac OS X) AppleWebKit/601.1.46 (KHTML, like Gecko) Version/9.0 Mobile/13B143 Safari/601.1"
162.0.232.193 - - [08/Jun/2025:10:35:28 -0400] "GET /manga/farming-life-in-another-world-chapter-165/ HTTP/1.1" 200 34193 "-" "WP Rocket/Preload"
2a00:23c6:7400:ee01:e4c0:977e:4f1b:f07b - - [08/Jun/2025:10:35:29 -0400] "GET /manga/farming-life-in-another-world-chapter-50/ HTTP/1.1" 200 34187 "https://isekainonbirinoukachapters.com/" "Mozilla/5.0 (Macintosh; Intel Mac OS X 10_15_7) AppleWebKit/605.1.15 (KHTML, like Gecko) Version/18.5 Safari/605.1.15"
162.0.232.193 - - [08/Jun/2025:10:35:29 -0400] "GET /manga/farming-life-in-another-world-chapter-165/ HTTP/1.1" 200 34219 "-" "WP Rocket/Preload Mozilla/5.0 (iPhone; CPU iPhone OS 9_1 like Mac OS X) AppleWebKit/601.1.46 (KHTML, like Gecko) Version/9.0 Mobile/13B143 Safari/601.1"
162.0.232.193 - - [08/Jun/2025:10:35:36 -0400] "POST /wp-cron.php?doing_wp_cron=1749393336.1751329898834228515625 HTTP/1.1" 200 0 "-" "WordPress/6.8.1; https://isekainonbirinoukachapters.com"
162.0.232.193 - - [08/Jun/2025:10:35:35 -0400] "POST /wp-admin/admin-ajax.php?action=as_async_request_queue_runner&nonce=927befa1bc HTTP/1.1" 200 0 "-" "WordPress/6.8.1; https://isekainonbirinoukachapters.com"
162.0.232.193 - - [08/Jun/2025:10:35:36 -0400] "GET /manga/farming-life-in-another-world-chapter-163/ HTTP/1.1" 200 34473 "-" "WP Rocket/Preload"
162.0.232.193 - - [08/Jun/2025:10:35:37 -0400] "GET /manga/farming-life-in-another-world-chapter-163/ HTTP/1.1" 200 34507 "-" "WP Rocket/Preload Mozilla/5.0 (iPhone; CPU iPhone OS 9_1 like Mac OS X) AppleWebKit/601.1.46 (KHTML, like Gecko) Version/9.0 Mobile/13B143 Safari/601.1"
162.0.232.193 - - [08/Jun/2025:10:35:38 -0400] "GET /manga/farming-life-in-another-world-chapter-78/ HTTP/1.1" 200 34428 "-" "WP Rocket/Preload"
162.0.232.193 - - [08/Jun/2025:10:35:40 -0400] "GET /manga/farming-life-in-another-world-chapter-78/ HTTP/1.1" 200 34494 "-" "WP Rocket/Preload Mozilla/5.0 (iPhone; CPU iPhone OS 9_1 like Mac OS X) AppleWebKit/601.1.46 (KHTML, like Gecko) Version/9.0 Mobile/13B143 Safari/601.1"
162.0.232.193 - - [08/Jun/2025:10:35:41 -0400] "GET /manga/farming-life-in-another-world-chapter-63/ HTTP/1.1" 200 34200 "-" "WP Rocket/Preload"
162.0.232.193 - - [08/Jun/2025:10:35:41 -0400] "GET /manga/farming-life-in-another-world-chapter-63/ HTTP/1.1" 200 34285 "-" "WP Rocket/Preload Mozilla/5.0 (iPhone; CPU iPhone OS 9_1 like Mac OS X) AppleWebKit/601.1.46 (KHTML, like Gecko) Version/9.0 Mobile/13B143 Safari/601.1"
162.0.232.193 - - [08/Jun/2025:10:35:42 -0400] "GET /manga/farming-life-in-another-world-chapter-64/ HTTP/1.1" 200 34164 "-" "WP Rocket/Preload"
162.0.232.193 - - [08/Jun/2025:10:35:44 -0400] "GET /manga/farming-life-in-another-world-chapter-64/ HTTP/1.1" 200 34237 "-" "WP Rocket/Preload Mozilla/5.0 (iPhone; CPU iPhone OS 9_1 like Mac OS X) AppleWebKit/601.1.46 (KHTML, like Gecko) Version/9.0 Mobile/13B143 Safari/601.1"
162.0.232.193 - - [08/Jun/2025:10:35:45 -0400] "GET /manga/farming-life-in-another-world-chapter-76/ HTTP/1.1" 200 34561 "-" "WP Rocket/Preload"
162.0.232.193 - - [08/Jun/2025:10:35:46 -0400] "GET /manga/farming-life-in-another-world-chapter-76/ HTTP/1.1" 200 34643 "-" "WP Rocket/Preload Mozilla/5.0 (iPhone; CPU iPhone OS 9_1 like Mac OS X) AppleWebKit/601.1.46 (KHTML, like Gecko) Version/9.0 Mobile/13B143 Safari/601.1"
162.0.232.193 - - [08/Jun/2025:10:35:47 -0400] "POST /wp-cron.php?doing_wp_cron=1749393347.5233581066131591796875 HTTP/1.1" 200 0 "-" "WordPress/6.8.1; https://isekainonbirinoukachapters.com"
162.0.232.193 - - [08/Jun/2025:10:35:47 -0400] "GET /manga/farming-life-in-another-world-chapter-74/ HTTP/1.1" 200 34557 "-" "WP Rocket/Preload"
162.0.232.193 - - [08/Jun/2025:10:35:48 -0400] "GET /manga/farming-life-in-another-world-chapter-74/ HTTP/1.1" 200 34622 "-" "WP Rocket/Preload Mozilla/5.0 (iPhone; CPU iPhone OS 9_1 like Mac OS X) AppleWebKit/601.1.46 (KHTML, like Gecko) Version/9.0 Mobile/13B143 Safari/601.1"
162.0.232.193 - - [08/Jun/2025:10:35:49 -0400] "GET /manga/farming-life-in-another-world-chapter-73/ HTTP/1.1" 200 34424 "-" "WP Rocket/Preload"
162.0.232.193 - - [08/Jun/2025:10:35:50 -0400] "GET /manga/farming-life-in-another-world-chapter-73/ HTTP/1.1" 200 34514 "-" "WP Rocket/Preload Mozilla/5.0 (iPhone; CPU iPhone OS 9_1 like Mac OS X) AppleWebKit/601.1.46 (KHTML, like Gecko) Version/9.0 Mobile/13B143 Safari/601.1"
162.0.232.193 - - [08/Jun/2025:10:35:51 -0400] "GET /manga/farming-life-in-another-world-chapter-70/ HTTP/1.1" 200 34566 "-" "WP Rocket/Preload"
162.0.232.193 - - [08/Jun/2025:10:35:52 -0400] "GET /manga/farming-life-in-another-world-chapter-70/ HTTP/1.1" 200 34632 "-" "WP Rocket/Preload Mozilla/5.0 (iPhone; CPU iPhone OS 9_1 like Mac OS X) AppleWebKit/601.1.46 (KHTML, like Gecko) Version/9.0 Mobile/13B143 Safari/601.1"
162.0.232.193 - - [08/Jun/2025:10:35:53 -0400] "GET /manga/farming-life-in-another-world-chapter-68/ HTTP/1.1" 200 34078 "-" "WP Rocket/Preload"
162.0.232.193 - - [08/Jun/2025:10:35:54 -0400] "POST /wp-cron.php?doing_wp_cron=1749393354.8656001091003417968750 HTTP/1.1" 200 0 "-" "WordPress/6.8.1; https://isekainonbirinoukachapters.com"
162.0.232.193 - - [08/Jun/2025:10:35:54 -0400] "GET /manga/farming-life-in-another-world-chapter-68/ HTTP/1.1" 200 34175 "-" "WP Rocket/Preload Mozilla/5.0 (iPhone; CPU iPhone OS 9_1 like Mac OS X) AppleWebKit/601.1.46 (KHTML, like Gecko) Version/9.0 Mobile/13B143 Safari/601.1"
162.0.232.193 - - [08/Jun/2025:10:35:55 -0400] "GET /manga/farming-life-in-another-world-chapter-105/ HTTP/1.1" 200 34559 "-" "WP Rocket/Preload"
162.0.232.193 - - [08/Jun/2025:10:35:56 -0400] "GET /manga/farming-life-in-another-world-chapter-105/ HTTP/1.1" 200 34677 "-" "WP Rocket/Preload Mozilla/5.0 (iPhone; CPU iPhone OS 9_1 like Mac OS X) AppleWebKit/601.1.46 (KHTML, like Gecko) Version/9.0 Mobile/13B143 Safari/601.1"
162.0.232.193 - - [08/Jun/2025:10:35:57 -0400] "POST /wp-cron.php?doing_wp_cron=1749393357.6495718955993652343750 HTTP/1.1" 200 0 "-" "WordPress/6.8.1; https://isekainonbirinoukachapters.com"
162.0.232.193 - - [08/Jun/2025:10:35:57 -0400] "GET /manga/farming-life-in-another-world-chapter-143/ HTTP/1.1" 200 34517 "-" "WP Rocket/Preload"
162.0.232.193 - - [08/Jun/2025:10:35:58 -0400] "GET /manga/farming-life-in-another-world-chapter-143/ HTTP/1.1" 200 34547 "-" "WP Rocket/Preload Mozilla/5.0 (iPhone; CPU iPhone OS 9_1 like Mac OS X) AppleWebKit/601.1.46 (KHTML, like Gecko) Version/9.0 Mobile/13B143 Safari/601.1"
162.0.232.193 - - [08/Jun/2025:10:35:59 -0400] "GET /manga/farming-life-in-another-world-chapter-2/ HTTP/1.1" 200 34225 "-" "WP Rocket/Preload"
162.0.232.193 - - [08/Jun/2025:10:36:00 -0400] "GET /manga/farming-life-in-another-world-chapter-2/ HTTP/1.1" 200 34305 "-" "WP Rocket/Preload Mozilla/5.0 (iPhone; CPU iPhone OS 9_1 like Mac OS X) AppleWebKit/601.1.46 (KHTML, like Gecko) Version/9.0 Mobile/13B143 Safari/601.1"
162.0.232.193 - - [08/Jun/2025:10:36:06 -0400] "GET /manga/farming-life-in-another-world-chapter-209/ HTTP/1.1" 200 34526 "-" "WP Rocket/Preload"
162.0.232.193 - - [08/Jun/2025:10:36:06 -0400] "POST /wp-admin/admin-ajax.php?action=as_async_request_queue_runner&nonce=927befa1bc HTTP/1.1" 200 0 "-" "WordPress/6.8.1; https://isekainonbirinoukachapters.com"
2a00:23c6:7400:ee01:e4c0:977e:4f1b:f07b - - [08/Jun/2025:10:36:08 -0400] "GET /manga/farming-life-in-another-world-chapter-51/ HTTP/1.1" 200 34108 "https://isekainonbirinoukachapters.com/manga/farming-life-in-another-world-chapter-50/" "Mozilla/5.0 (Macintosh; Intel Mac OS X 10_15_7) AppleWebKit/605.1.15 (KHTML, like Gecko) Version/18.5 Safari/605.1.15"
162.0.232.193 - - [08/Jun/2025:10:36:07 -0400] "GET /manga/farming-life-in-another-world-chapter-209/ HTTP/1.1" 200 34554 "-" "WP Rocket/Preload Mozilla/5.0 (iPhone; CPU iPhone OS 9_1 like Mac OS X) AppleWebKit/601.1.46 (KHTML, like Gecko) Version/9.0 Mobile/13B143 Safari/601.1"
162.0.232.193 - - [08/Jun/2025:10:36:09 -0400] "GET /manga/farming-life-in-another-world-chapter-208/ HTTP/1.1" 200 34475 "-" "WP Rocket/Preload"
162.0.232.193 - - [08/Jun/2025:10:36:10 -0400] "GET /manga/farming-life-in-another-world-chapter-208/ HTTP/1.1" 200 34505 "-" "WP Rocket/Preload Mozilla/5.0 (iPhone; CPU iPhone OS 9_1 like Mac OS X) AppleWebKit/601.1.46 (KHTML, like Gecko) Version/9.0 Mobile/13B143 Safari/601.1"
162.0.232.193 - - [08/Jun/2025:10:36:11 -0400] "GET /manga/farming-life-in-another-world-chapter-204/ HTTP/1.1" 200 34476 "-" "WP Rocket/Preload"
162.0.232.193 - - [08/Jun/2025:10:36:12 -0400] "GET /manga/farming-life-in-another-world-chapter-204/ HTTP/1.1" 200 34545 "-" "WP Rocket/Preload Mozilla/5.0 (iPhone; CPU iPhone OS 9_1 like Mac OS X) AppleWebKit/601.1.46 (KHTML, like Gecko) Version/9.0 Mobile/13B143 Safari/601.1"
162.0.232.193 - - [08/Jun/2025:10:36:13 -0400] "GET /manga/farming-life-in-another-world-chapter-206/ HTTP/1.1" 200 34518 "-" "WP Rocket/Preload"
162.0.232.193 - - [08/Jun/2025:10:36:14 -0400] "GET /manga/farming-life-in-another-world-chapter-206/ HTTP/1.1" 200 34896 "-" "WP Rocket/Preload Mozilla/5.0 (iPhone; CPU iPhone OS 9_1 like Mac OS X) AppleWebKit/601.1.46 (KHTML, like Gecko) Version/9.0 Mobile/13B143 Safari/601.1"
162.0.232.193 - - [08/Jun/2025:10:36:15 -0400] "GET /manga/farming-life-in-another-world-chapter-205/ HTTP/1.1" 200 0 "-" "WP Rocket/Preload"
162.0.232.193 - - [08/Jun/2025:10:36:17 -0400] "GET /manga/farming-life-in-another-world-chapter-205/ HTTP/1.1" 200 34552 "-" "WP Rocket/Preload Mozilla/5.0 (iPhone; CPU iPhone OS 9_1 like Mac OS X) AppleWebKit/601.1.46 (KHTML, like Gecko) Version/9.0 Mobile/13B143 Safari/601.1"
162.0.232.193 - - [08/Jun/2025:10:36:18 -0400] "POST /wp-cron.php?doing_wp_cron=1749393378.6423699855804443359375 HTTP/1.1" 200 0 "-" "WordPress/6.8.1; https://isekainonbirinoukachapters.com"
162.0.232.193 - - [08/Jun/2025:10:36:18 -0400] "GET /manga/farming-life-in-another-world-chapter-249/ HTTP/1.1" 200 34496 "-" "WP Rocket/Preload"
2405:201:3001:103c:703c:3aaf:ae66:63c3 - - [08/Jun/2025:10:36:19 -0400] "GET /manga/farming-life-in-another-world-chapter-129/ HTTP/1.1" 304 0 "https://isekainonbirinoukachapters.com/manga/farming-life-in-another-world-chapter-130/" "Mozilla/5.0 (Linux; Android 10; K) AppleWebKit/537.36 (KHTML, like Gecko) Chrome/137.0.0.0 Mobile Safari/537.36"
162.0.232.193 - - [08/Jun/2025:10:36:19 -0400] "GET /manga/farming-life-in-another-world-chapter-249/ HTTP/1.1" 200 34561 "-" "WP Rocket/Preload Mozilla/5.0 (iPhone; CPU iPhone OS 9_1 like Mac OS X) AppleWebKit/601.1.46 (KHTML, like Gecko) Version/9.0 Mobile/13B143 Safari/601.1"
2405:201:3001:103c:703c:3aaf:ae66:63c3 - - [08/Jun/2025:10:36:20 -0400] "POST /wp-admin/admin-ajax.php HTTP/1.1" 200 61 "https://isekainonbirinoukachapters.com/manga/farming-life-in-another-world-chapter-129/" "Mozilla/5.0 (Linux; Android 10; K) AppleWebKit/537.36 (KHTML, like Gecko) Chrome/137.0.0.0 Mobile Safari/537.36"
162.0.232.193 - - [08/Jun/2025:10:36:21 -0400] "GET /terms-and-conditions/ HTTP/1.1" 200 32448 "-" "WP Rocket/Preload"
162.0.232.193 - - [08/Jun/2025:10:36:22 -0400] "GET /terms-and-conditions/ HTTP/1.1" 200 32417 "-" "WP Rocket/Preload Mozilla/5.0 (iPhone; CPU iPhone OS 9_1 like Mac OS X) AppleWebKit/601.1.46 (KHTML, like Gecko) Version/9.0 Mobile/13B143 Safari/601.1"
162.0.232.193 - - [08/Jun/2025:10:36:23 -0400] "GET /isekai-nonbiri-nouka/ HTTP/1.1" 200 31934 "-" "WP Rocket/Preload"
162.0.232.193 - - [08/Jun/2025:10:36:24 -0400] "GET /isekai-nonbiri-nouka/ HTTP/1.1" 200 31940 "-" "WP Rocket/Preload Mozilla/5.0 (iPhone; CPU iPhone OS 9_1 like Mac OS X) AppleWebKit/601.1.46 (KHTML, like Gecko) Version/9.0 Mobile/13B143 Safari/601.1"
162.0.232.193 - - [08/Jun/2025:10:36:25 -0400] "GET /author/admin/ HTTP/1.1" 200 31407 "-" "WP Rocket/Preload"
162.0.232.193 - - [08/Jun/2025:10:36:27 -0400] "GET /author/admin/ HTTP/1.1" 200 31437 "-" "WP Rocket/Preload Mozilla/5.0 (iPhone; CPU iPhone OS 9_1 like Mac OS X) AppleWebKit/601.1.46 (KHTML, like Gecko) Version/9.0 Mobile/13B143 Safari/601.1"
162.0.232.193 - - [08/Jun/2025:10:36:28 -0400] "POST /wp-cron.php?doing_wp_cron=1749393388.8171589374542236328125 HTTP/1.1" 200 0 "-" "WordPress/6.8.1; https://isekainonbirinoukachapters.com"
162.0.232.193 - - [08/Jun/2025:10:36:28 -0400] "GET /manga/farming-life-in-another-world-chapter-36/ HTTP/1.1" 200 34480 "-" "WP Rocket/Preload"
162.0.232.193 - - [08/Jun/2025:10:36:30 -0400] "GET /manga/farming-life-in-another-world-chapter-36/ HTTP/1.1" 200 0 "-" "WP Rocket/Preload Mozilla/5.0 (iPhone; CPU iPhone OS 9_1 like Mac OS X) AppleWebKit/601.1.46 (KHTML, like Gecko) Version/9.0 Mobile/13B143 Safari/601.1"
162.0.232.193 - - [08/Jun/2025:10:36:36 -0400] "GET /manga/farming-life-in-another-world-chapter-11/ HTTP/1.1" 200 34148 "-" "WP Rocket/Preload"
162.0.232.193 - - [08/Jun/2025:10:36:36 -0400] "POST /wp-admin/admin-ajax.php?action=as_async_request_queue_runner&nonce=927befa1bc HTTP/1.1" 200 0 "-" "WordPress/6.8.1; https://isekainonbirinoukachapters.com"
162.0.232.193 - - [08/Jun/2025:10:36:37 -0400] "GET /manga/farming-life-in-another-world-chapter-11/ HTTP/1.1" 200 34241 "-" "WP Rocket/Preload Mozilla/5.0 (iPhone; CPU iPhone OS 9_1 like Mac OS X) AppleWebKit/601.1.46 (KHTML, like Gecko) Version/9.0 Mobile/13B143 Safari/601.1"
162.0.232.193 - - [08/Jun/2025:10:36:39 -0400] "GET /manga/farming-life-in-another-world-chapter-25/ HTTP/1.1" 200 34522 "-" "WP Rocket/Preload"
2a00:23c6:7400:ee01:e4c0:977e:4f1b:f07b - - [08/Jun/2025:10:36:39 -0400] "GET /manga/farming-life-in-another-world-chapter-52/ HTTP/1.1" 200 34108 "https://isekainonbirinoukachapters.com/manga/farming-life-in-another-world-chapter-51/" "Mozilla/5.0 (Macintosh; Intel Mac OS X 10_15_7) AppleWebKit/605.1.15 (KHTML, like Gecko) Version/18.5 Safari/605.1.15"
162.0.232.193 - - [08/Jun/2025:10:36:39 -0400] "GET /manga/farming-life-in-another-world-chapter-25/ HTTP/1.1" 200 34577 "-" "WP Rocket/Preload Mozilla/5.0 (iPhone; CPU iPhone OS 9_1 like Mac OS X) AppleWebKit/601.1.46 (KHTML, like Gecko) Version/9.0 Mobile/13B143 Safari/601.1"
162.0.232.193 - - [08/Jun/2025:10:36:41 -0400] "GET /manga/farming-life-in-another-world-chapter-101/ HTTP/1.1" 200 34530 "-" "WP Rocket/Preload"
162.0.232.193 - - [08/Jun/2025:10:36:41 -0400] "GET /manga/farming-life-in-another-world-chapter-101/ HTTP/1.1" 200 34540 "-" "WP Rocket/Preload Mozilla/5.0 (iPhone; CPU iPhone OS 9_1 like Mac OS X) AppleWebKit/601.1.46 (KHTML, like Gecko) Version/9.0 Mobile/13B143 Safari/601.1"
162.0.232.193 - - [08/Jun/2025:10:36:42 -0400] "GET /manga/farming-life-in-another-world-chapter-98/ HTTP/1.1" 200 34099 "-" "WP Rocket/Preload"
162.0.232.193 - - [08/Jun/2025:10:36:43 -0400] "GET /manga/farming-life-in-another-world-chapter-98/ HTTP/1.1" 200 34149 "-" "WP Rocket/Preload Mozilla/5.0 (iPhone; CPU iPhone OS 9_1 like Mac OS X) AppleWebKit/601.1.46 (KHTML, like Gecko) Version/9.0 Mobile/13B143 Safari/601.1"
162.0.232.193 - - [08/Jun/2025:10:36:44 -0400] "GET /manga/farming-life-in-another-world-chapter-58/ HTTP/1.1" 200 34142 "-" "WP Rocket/Preload"
162.0.232.193 - - [08/Jun/2025:10:36:45 -0400] "GET /manga/farming-life-in-another-world-chapter-58/ HTTP/1.1" 200 34230 "-" "WP Rocket/Preload Mozilla/5.0 (iPhone; CPU iPhone OS 9_1 like Mac OS X) AppleWebKit/601.1.46 (KHTML, like Gecko) Version/9.0 Mobile/13B143 Safari/601.1"
162.0.232.193 - - [08/Jun/2025:10:36:47 -0400] "POST /wp-cron.php?doing_wp_cron=1749393407.1074640750885009765625 HTTP/1.1" 200 0 "-" "WordPress/6.8.1; https://isekainonbirinoukachapters.com"
162.0.232.193 - - [08/Jun/2025:10:36:46 -0400] "GET /manga/farming-life-in-another-world-chapter-91/ HTTP/1.1" 200 34026 "-" "WP Rocket/Preload"
162.0.232.193 - - [08/Jun/2025:10:36:48 -0400] "GET /manga/farming-life-in-another-world-chapter-91/ HTTP/1.1" 200 34091 "-" "WP Rocket/Preload Mozilla/5.0 (iPhone; CPU iPhone OS 9_1 like Mac OS X) AppleWebKit/601.1.46 (KHTML, like Gecko) Version/9.0 Mobile/13B143 Safari/601.1"
162.0.232.193 - - [08/Jun/2025:10:36:49 -0400] "GET /manga/farming-life-in-another-world-chapter-82/ HTTP/1.1" 200 34422 "-" "WP Rocket/Preload"
162.0.232.193 - - [08/Jun/2025:10:36:50 -0400] "GET /manga/farming-life-in-another-world-chapter-82/ HTTP/1.1" 200 0 "-" "WP Rocket/Preload Mozilla/5.0 (iPhone; CPU iPhone OS 9_1 like Mac OS X) AppleWebKit/601.1.46 (KHTML, like Gecko) Version/9.0 Mobile/13B143 Safari/601.1"
162.0.232.193 - - [08/Jun/2025:10:36:51 -0400] "GET /manga/farming-life-in-another-world-chapter-10/ HTTP/1.1" 200 34446 "-" "WP Rocket/Preload"
162.0.232.193 - - [08/Jun/2025:10:36:53 -0400] "GET /manga/farming-life-in-another-world-chapter-10/ HTTP/1.1" 200 34494 "-" "WP Rocket/Preload Mozilla/5.0 (iPhone; CPU iPhone OS 9_1 like Mac OS X) AppleWebKit/601.1.46 (KHTML, like Gecko) Version/9.0 Mobile/13B143 Safari/601.1"
162.0.232.193 - - [08/Jun/2025:10:36:54 -0400] "GET /manga/farming-life-in-another-world-chapter-9/ HTTP/1.1" 200 34179 "-" "WP Rocket/Preload"
162.0.232.193 - - [08/Jun/2025:10:36:55 -0400] "POST /wp-cron.php?doing_wp_cron=1749393415.3914461135864257812500 HTTP/1.1" 200 0 "-" "WordPress/6.8.1; https://isekainonbirinoukachapters.com"
162.0.232.193 - - [08/Jun/2025:10:36:55 -0400] "GET /manga/farming-life-in-another-world-chapter-9/ HTTP/1.1" 200 34627 "-" "WP Rocket/Preload Mozilla/5.0 (iPhone; CPU iPhone OS 9_1 like Mac OS X) AppleWebKit/601.1.46 (KHTML, like Gecko) Version/9.0 Mobile/13B143 Safari/601.1"
162.0.232.193 - - [08/Jun/2025:10:36:56 -0400] "POST /wp-cron.php?doing_wp_cron=1749393416.7220089435577392578125 HTTP/1.1" 200 0 "-" "WordPress/6.8.1; https://isekainonbirinoukachapters.com"
162.0.232.193 - - [08/Jun/2025:10:36:56 -0400] "GET /manga/farming-life-in-another-world-chapter-250/ HTTP/1.1" 200 34496 "-" "WP Rocket/Preload"
162.0.232.193 - - [08/Jun/2025:10:36:57 -0400] "GET /manga/farming-life-in-another-world-chapter-250/ HTTP/1.1" 200 34548 "-" "WP Rocket/Preload Mozilla/5.0 (iPhone; CPU iPhone OS 9_1 like Mac OS X) AppleWebKit/601.1.46 (KHTML, like Gecko) Version/9.0 Mobile/13B143 Safari/601.1"
162.0.232.193 - - [08/Jun/2025:10:36:58 -0400] "GET /wp-content/uploads/89b93a66fa29a678cbd60ff176e1ea9a_1973.xml HTTP/1.1" 200 1499 "-" "Mozilla/5.0 (X11; Linux x86_64) AppleWebKit/537.36 (KHTML, like Gecko) Ubuntu Chromium/41.0.2272.76"
162.0.232.193 - - [08/Jun/2025:10:36:58 -0400] "GET /manga/farming-life-in-another-world-chapter-243/ HTTP/1.1" 200 34490 "-" "WP Rocket/Preload"
162.0.232.193 - - [08/Jun/2025:10:36:59 -0400] "GET /manga/farming-life-in-another-world-chapter-243/ HTTP/1.1" 200 34542 "-" "WP Rocket/Preload Mozilla/5.0 (iPhone; CPU iPhone OS 9_1 like Mac OS X) AppleWebKit/601.1.46 (KHTML, like Gecko) Version/9.0 Mobile/13B143 Safari/601.1"
162.0.232.193 - - [08/Jun/2025:10:37:06 -0400] "GET /manga/farming-life-in-another-world-chapter-251/ HTTP/1.1" 200 34545 "-" "WP Rocket/Preload"
162.0.232.193 - - [08/Jun/2025:10:37:05 -0400] "POST /wp-admin/admin-ajax.php?action=as_async_request_queue_runner&nonce=927befa1bc HTTP/1.1" 200 0 "-" "WordPress/6.8.1; https://isekainonbirinoukachapters.com"
162.0.232.193 - - [08/Jun/2025:10:37:06 -0400] "GET /manga/farming-life-in-another-world-chapter-251/ HTTP/1.1" 200 34552 "-" "WP Rocket/Preload Mozilla/5.0 (iPhone; CPU iPhone OS 9_1 like Mac OS X) AppleWebKit/601.1.46 (KHTML, like Gecko) Version/9.0 Mobile/13B143 Safari/601.1"
162.0.232.193 - - [08/Jun/2025:10:37:08 -0400] "GET /manga/farming-life-in-another-world-chapter-41/ HTTP/1.1" 200 34462 "-" "WP Rocket/Preload"
162.0.232.193 - - [08/Jun/2025:10:37:08 -0400] "GET /manga/farming-life-in-another-world-chapter-41/ HTTP/1.1" 200 34118 "-" "WP Rocket/Preload Mozilla/5.0 (iPhone; CPU iPhone OS 9_1 like Mac OS X) AppleWebKit/601.1.46 (KHTML, like Gecko) Version/9.0 Mobile/13B143 Safari/601.1"
162.0.232.193 - - [08/Jun/2025:10:37:09 -0400] "GET /manga/farming-life-in-another-world-chapter-196/ HTTP/1.1" 200 34477 "-" "WP Rocket/Preload"
162.0.232.193 - - [08/Jun/2025:10:37:10 -0400] "GET /manga/farming-life-in-another-world-chapter-196/ HTTP/1.1" 200 34543 "-" "WP Rocket/Preload Mozilla/5.0 (iPhone; CPU iPhone OS 9_1 like Mac OS X) AppleWebKit/601.1.46 (KHTML, like Gecko) Version/9.0 Mobile/13B143 Safari/601.1"
162.0.232.193 - - [08/Jun/2025:10:37:11 -0400] "GET /manga/farming-life-in-another-world-chapter-229/ HTTP/1.1" 200 34613 "-" "WP Rocket/Preload"
162.0.232.193 - - [08/Jun/2025:10:37:12 -0400] "GET /manga/farming-life-in-another-world-chapter-229/ HTTP/1.1" 200 34997 "-" "WP Rocket/Preload Mozilla/5.0 (iPhone; CPU iPhone OS 9_1 like Mac OS X) AppleWebKit/601.1.46 (KHTML, like Gecko) Version/9.0 Mobile/13B143 Safari/601.1"
162.0.232.193 - - [08/Jun/2025:10:37:14 -0400] "GET /manga/farming-life-in-another-world-chapter-244/ HTTP/1.1" 200 34494 "-" "WP Rocket/Preload"
162.0.232.193 - - [08/Jun/2025:10:37:15 -0400] "GET /manga/farming-life-in-another-world-chapter-244/ HTTP/1.1" 200 34551 "-" "WP Rocket/Preload Mozilla/5.0 (iPhone; CPU iPhone OS 9_1 like Mac OS X) AppleWebKit/601.1.46 (KHTML, like Gecko) Version/9.0 Mobile/13B143 Safari/601.1"
162.0.232.193 - - [08/Jun/2025:10:37:16 -0400] "GET /manga/farming-life-in-another-world-chapter-239/ HTTP/1.1" 200 34055 "-" "WP Rocket/Preload"
162.0.232.193 - - [08/Jun/2025:10:37:17 -0400] "GET /manga/farming-life-in-another-world-chapter-239/ HTTP/1.1" 200 34050 "-" "WP Rocket/Preload Mozilla/5.0 (iPhone; CPU iPhone OS 9_1 like Mac OS X) AppleWebKit/601.1.46 (KHTML, like Gecko) Version/9.0 Mobile/13B143 Safari/601.1"
162.0.232.193 - - [08/Jun/2025:10:37:18 -0400] "GET /manga/farming-life-in-another-world-chapter-139/ HTTP/1.1" 200 34484 "-" "WP Rocket/Preload"
162.0.232.193 - - [08/Jun/2025:10:37:19 -0400] "GET /manga/farming-life-in-another-world-chapter-139/ HTTP/1.1" 200 34557 "-" "WP Rocket/Preload Mozilla/5.0 (iPhone; CPU iPhone OS 9_1 like Mac OS X) AppleWebKit/601.1.46 (KHTML, like Gecko) Version/9.0 Mobile/13B143 Safari/601.1"
162.0.232.193 - - [08/Jun/2025:10:37:21 -0400] "GET /manga/farming-life-in-another-world-chapter-119/ HTTP/1.1" 200 34046 "-" "WP Rocket/Preload"
162.0.232.193 - - [08/Jun/2025:10:37:22 -0400] "GET /manga/farming-life-in-another-world-chapter-119/ HTTP/1.1" 200 34065 "-" "WP Rocket/Preload Mozilla/5.0 (iPhone; CPU iPhone OS 9_1 like Mac OS X) AppleWebKit/601.1.46 (KHTML, like Gecko) Version/9.0 Mobile/13B143 Safari/601.1"
162.0.232.193 - - [08/Jun/2025:10:37:23 -0400] "GET /manga/farming-life-in-another-world-chapter-237/ HTTP/1.1" 200 34496 "-" "WP Rocket/Preload"
162.0.232.193 - - [08/Jun/2025:10:37:24 -0400] "GET /manga/farming-life-in-another-world-chapter-237/ HTTP/1.1" 200 34538 "-" "WP Rocket/Preload Mozilla/5.0 (iPhone; CPU iPhone OS 9_1 like Mac OS X) AppleWebKit/601.1.46 (KHTML, like Gecko) Version/9.0 Mobile/13B143 Safari/601.1"
162.0.232.193 - - [08/Jun/2025:10:37:25 -0400] "GET /manga/farming-life-in-another-world-chapter-222/ HTTP/1.1" 200 34557 "-" "WP Rocket/Preload"
162.0.232.193 - - [08/Jun/2025:10:37:26 -0400] "GET /manga/farming-life-in-another-world-chapter-222/ HTTP/1.1" 200 34901 "-" "WP Rocket/Preload Mozilla/5.0 (iPhone; CPU iPhone OS 9_1 like Mac OS X) AppleWebKit/601.1.46 (KHTML, like Gecko) Version/9.0 Mobile/13B143 Safari/601.1"
162.0.232.193 - - [08/Jun/2025:10:37:27 -0400] "GET /manga/farming-life-in-another-world-chapter-218/ HTTP/1.1" 200 34497 "-" "WP Rocket/Preload"
162.0.232.193 - - [08/Jun/2025:10:37:28 -0400] "GET /manga/farming-life-in-another-world-chapter-218/ HTTP/1.1" 200 34517 "-" "WP Rocket/Preload Mozilla/5.0 (iPhone; CPU iPhone OS 9_1 like Mac OS X) AppleWebKit/601.1.46 (KHTML, like Gecko) Version/9.0 Mobile/13B143 Safari/601.1"
162.0.232.193 - - [08/Jun/2025:10:37:34 -0400] "POST /wp-admin/admin-ajax.php?action=as_async_request_queue_runner&nonce=927befa1bc HTTP/1.1" 200 0 "-" "WordPress/6.8.1; https://isekainonbirinoukachapters.com"
162.0.232.193 - - [08/Jun/2025:10:37:35 -0400] "GET /manga/farming-life-in-another-world-chapter-146/ HTTP/1.1" 200 34511 "-" "WP Rocket/Preload"
162.0.232.193 - - [08/Jun/2025:10:37:36 -0400] "GET /manga/farming-life-in-another-world-chapter-146/ HTTP/1.1" 200 34553 "-" "WP Rocket/Preload Mozilla/5.0 (iPhone; CPU iPhone OS 9_1 like Mac OS X) AppleWebKit/601.1.46 (KHTML, like Gecko) Version/9.0 Mobile/13B143 Safari/601.1"
162.0.232.193 - - [08/Jun/2025:10:37:37 -0400] "GET /manga/farming-life-in-another-world-chapter-147/ HTTP/1.1" 200 34614 "-" "WP Rocket/Preload"
162.0.232.193 - - [08/Jun/2025:10:37:38 -0400] "GET /manga/farming-life-in-another-world-chapter-147/ HTTP/1.1" 200 34664 "-" "WP Rocket/Preload Mozilla/5.0 (iPhone; CPU iPhone OS 9_1 like Mac OS X) AppleWebKit/601.1.46 (KHTML, like Gecko) Version/9.0 Mobile/13B143 Safari/601.1"
162.0.232.193 - - [08/Jun/2025:10:37:40 -0400] "GET /manga/farming-life-in-another-world-chapter-154/ HTTP/1.1" 200 34482 "-" "WP Rocket/Preload"
162.0.232.193 - - [08/Jun/2025:10:37:41 -0400] "GET /manga/farming-life-in-another-world-chapter-154/ HTTP/1.1" 200 34542 "-" "WP Rocket/Preload Mozilla/5.0 (iPhone; CPU iPhone OS 9_1 like Mac OS X) AppleWebKit/601.1.46 (KHTML, like Gecko) Version/9.0 Mobile/13B143 Safari/601.1"
162.0.232.193 - - [08/Jun/2025:10:37:42 -0400] "GET /manga/farming-life-in-another-world-chapter-153/ HTTP/1.1" 200 0 "-" "WP Rocket/Preload"
162.0.232.193 - - [08/Jun/2025:10:37:44 -0400] "GET /manga/farming-life-in-another-world-chapter-153/ HTTP/1.1" 200 34554 "-" "WP Rocket/Preload Mozilla/5.0 (iPhone; CPU iPhone OS 9_1 like Mac OS X) AppleWebKit/601.1.46 (KHTML, like Gecko) Version/9.0 Mobile/13B143 Safari/601.1"
162.0.232.193 - - [08/Jun/2025:10:37:45 -0400] "GET /manga/farming-life-in-another-world-chapter-181/ HTTP/1.1" 200 34517 "-" "WP Rocket/Preload"
162.0.232.193 - - [08/Jun/2025:10:37:47 -0400] "GET /manga/farming-life-in-another-world-chapter-181/ HTTP/1.1" 200 34545 "-" "WP Rocket/Preload Mozilla/5.0 (iPhone; CPU iPhone OS 9_1 like Mac OS X) AppleWebKit/601.1.46 (KHTML, like Gecko) Version/9.0 Mobile/13B143 Safari/601.1"
162.0.232.193 - - [08/Jun/2025:10:37:48 -0400] "GET /manga/farming-life-in-another-world-chapter-176/ HTTP/1.1" 200 34532 "-" "WP Rocket/Preload"
162.0.232.193 - - [08/Jun/2025:10:37:49 -0400] "GET /manga/farming-life-in-another-world-chapter-176/ HTTP/1.1" 200 34542 "-" "WP Rocket/Preload Mozilla/5.0 (iPhone; CPU iPhone OS 9_1 like Mac OS X) AppleWebKit/601.1.46 (KHTML, like Gecko) Version/9.0 Mobile/13B143 Safari/601.1"
162.0.232.193 - - [08/Jun/2025:10:37:50 -0400] "GET /manga/farming-life-in-another-world-chapter-164/ HTTP/1.1" 200 34601 "-" "WP Rocket/Preload"
162.0.232.193 - - [08/Jun/2025:10:37:51 -0400] "GET /manga/farming-life-in-another-world-chapter-164/ HTTP/1.1" 200 34945 "-" "WP Rocket/Preload Mozilla/5.0 (iPhone; CPU iPhone OS 9_1 like Mac OS X) AppleWebKit/601.1.46 (KHTML, like Gecko) Version/9.0 Mobile/13B143 Safari/601.1"
162.0.232.193 - - [08/Jun/2025:10:37:53 -0400] "GET /manga/farming-life-in-another-world-chapter-69/ HTTP/1.1" 200 0 "-" "WP Rocket/Preload"
162.0.232.193 - - [08/Jun/2025:10:37:54 -0400] "GET /manga/farming-life-in-another-world-chapter-69/ HTTP/1.1" 200 34646 "-" "WP Rocket/Preload Mozilla/5.0 (iPhone; CPU iPhone OS 9_1 like Mac OS X) AppleWebKit/601.1.46 (KHTML, like Gecko) Version/9.0 Mobile/13B143 Safari/601.1"
162.0.232.193 - - [08/Jun/2025:10:37:56 -0400] "GET /manga/farming-life-in-another-world-chapter-67/ HTTP/1.1" 200 34261 "-" "WP Rocket/Preload"
162.0.232.193 - - [08/Jun/2025:10:37:58 -0400] "POST /wp-cron.php?doing_wp_cron=1749393478.0800468921661376953125 HTTP/1.1" 200 0 "-" "WordPress/6.8.1; https://isekainonbirinoukachapters.com"
162.0.232.193 - - [08/Jun/2025:10:37:57 -0400] "GET /manga/farming-life-in-another-world-chapter-67/ HTTP/1.1" 200 0 "-" "WP Rocket/Preload Mozilla/5.0 (iPhone; CPU iPhone OS 9_1 like Mac OS X) AppleWebKit/601.1.46 (KHTML, like Gecko) Version/9.0 Mobile/13B143 Safari/601.1"
2a09:bac2:4d92:1478::20a:43 - - [08/Jun/2025:10:38:04 -0400] "GET /manga/farming-life-in-another-world-chapter-101/ HTTP/1.1" 200 34530 "https://isekainonbirinoukachapters.com/manga/farming-life-in-another-world-chapter-100/" "Mozilla/5.0 (Macintosh; Intel Mac OS X 10_15_7) AppleWebKit/605.1.15 (KHTML, like Gecko) Version/18.5 Safari/605.1.15"
162.0.232.193 - - [08/Jun/2025:10:38:04 -0400] "POST /wp-admin/admin-ajax.php?action=as_async_request_queue_runner&nonce=927befa1bc HTTP/1.1" 200 0 "-" "WordPress/6.8.1; https://isekainonbirinoukachapters.com"
162.0.232.193 - - [08/Jun/2025:10:38:04 -0400] "GET /manga/farming-life-in-another-world-chapter-207/ HTTP/1.1" 200 34517 "-" "WP Rocket/Preload"
2a09:bac2:4d92:1478::20a:43 - - [08/Jun/2025:10:38:04 -0400] "POST /wp-admin/admin-ajax.php HTTP/1.1" 200 61 "https://isekainonbirinoukachapters.com/manga/farming-life-in-another-world-chapter-101/" "Mozilla/5.0 (Macintosh; Intel Mac OS X 10_15_7) AppleWebKit/605.1.15 (KHTML, like Gecko) Version/18.5 Safari/605.1.15"
162.0.232.193 - - [08/Jun/2025:10:38:06 -0400] "GET /manga/farming-life-in-another-world-chapter-207/ HTTP/1.1" 200 34897 "-" "WP Rocket/Preload Mozilla/5.0 (iPhone; CPU iPhone OS 9_1 like Mac OS X) AppleWebKit/601.1.46 (KHTML, like Gecko) Version/9.0 Mobile/13B143 Safari/601.1"
162.0.232.193 - - [08/Jun/2025:10:38:07 -0400] "GET /manga/farming-life-in-another-world-chapter-191/ HTTP/1.1" 200 34657 "-" "WP Rocket/Preload"
162.0.232.193 - - [08/Jun/2025:10:38:08 -0400] "GET /manga/farming-life-in-another-world-chapter-191/ HTTP/1.1" 200 0 "-" "WP Rocket/Preload Mozilla/5.0 (iPhone; CPU iPhone OS 9_1 like Mac OS X) AppleWebKit/601.1.46 (KHTML, like Gecko) Version/9.0 Mobile/13B143 Safari/601.1"
112.198.99.120 - - [08/Jun/2025:10:39:38 -0400] "GET / HTTP/1.1" 200 32311 "https://search.brave.com/" "Mozilla/5.0 (Linux; Android 10; K) AppleWebKit/537.36 (KHTML, like Gecko) Chrome/137.0.0.0 Mobile Safari/537.36"
2405:201:3001:103c:703c:3aaf:ae66:63c3 - - [08/Jun/2025:10:39:43 -0400] "GET /manga/farming-life-in-another-world-chapter-130/ HTTP/1.1" 304 0 "https://isekainonbirinoukachapters.com/manga/farming-life-in-another-world-chapter-129/" "Mozilla/5.0 (Linux; Android 10; K) AppleWebKit/537.36 (KHTML, like Gecko) Chrome/137.0.0.0 Mobile Safari/537.36"
2405:201:3001:103c:703c:3aaf:ae66:63c3 - - [08/Jun/2025:10:39:44 -0400] "GET /manga/farming-life-in-another-world-chapter-130/ HTTP/1.1" 304 0 "https://isekainonbirinoukachapters.com/manga/farming-life-in-another-world-chapter-129/" "Mozilla/5.0 (Linux; Android 10; K) AppleWebKit/537.36 (KHTML, like Gecko) Chrome/137.0.0.0 Mobile Safari/537.36"
162.0.232.193 - - [08/Jun/2025:10:39:48 -0400] "POST /wp-cron.php?doing_wp_cron=1749393588.3767099380493164062500 HTTP/1.1" 200 0 "-" "WordPress/6.8.1; https://isekainonbirinoukachapters.com"
2405:201:3001:103c:703c:3aaf:ae66:63c3 - - [08/Jun/2025:10:39:48 -0400] "GET /manga/farming-life-in-another-world-chapter-128/ HTTP/1.1" 200 34564 "https://isekainonbirinoukachapters.com/manga/farming-life-in-another-world-chapter-129/" "Mozilla/5.0 (Linux; Android 10; K) AppleWebKit/537.36 (KHTML, like Gecko) Chrome/137.0.0.0 Mobile Safari/537.36"
2405:201:3001:103c:703c:3aaf:ae66:63c3 - - [08/Jun/2025:10:39:49 -0400] "GET /manga/farming-life-in-another-world-chapter-128/ HTTP/1.1" 304 0 "https://isekainonbirinoukachapters.com/manga/farming-life-in-another-world-chapter-129/" "Mozilla/5.0 (Linux; Android 10; K) AppleWebKit/537.36 (KHTML, like Gecko) Chrome/137.0.0.0 Mobile Safari/537.36"
2405:201:3001:103c:703c:3aaf:ae66:63c3 - - [08/Jun/2025:10:39:45 -0400] "POST /wp-admin/admin-ajax.php HTTP/1.1" 200 61 "https://isekainonbirinoukachapters.com/manga/farming-life-in-another-world-chapter-130/" "Mozilla/5.0 (Linux; Android 10; K) AppleWebKit/537.36 (KHTML, like Gecko) Chrome/137.0.0.0 Mobile Safari/537.36"
2405:201:3001:103c:703c:3aaf:ae66:63c3 - - [08/Jun/2025:10:39:50 -0400] "POST /wp-admin/admin-ajax.php HTTP/1.1" 200 61 "https://isekainonbirinoukachapters.com/manga/farming-life-in-another-world-chapter-128/" "Mozilla/5.0 (Linux; Android 10; K) AppleWebKit/537.36 (KHTML, like Gecko) Chrome/137.0.0.0 Mobile Safari/537.36"
162.0.232.193 - - [08/Jun/2025:10:39:51 -0400] "GET /wp-content/uploads/89b93a66fa29a678cbd60ff176e1ea9a_1973.xml HTTP/1.1" 200 1499 "-" "Mozilla/5.0 (X11; Linux x86_64) AppleWebKit/537.36 (KHTML, like Gecko) Ubuntu Chromium/41.0.2272.76"
112.198.99.120 - - [08/Jun/2025:10:39:51 -0400] "GET /manga/farming-life-in-another-world-chapter-17/ HTTP/1.1" 200 34260 "-" "Mozilla/5.0 (Linux; Android 10; K) AppleWebKit/537.36 (KHTML, like Gecko) Chrome/137.0.0.0 Mobile Safari/537.36"
112.198.99.120 - - [08/Jun/2025:10:39:52 -0400] "GET /manga/farming-life-in-another-world-chapter-39/ HTTP/1.1" 200 34542 "-" "Mozilla/5.0 (Linux; Android 10; K) AppleWebKit/537.36 (KHTML, like Gecko) Chrome/137.0.0.0 Mobile Safari/537.36"
112.198.99.120 - - [08/Jun/2025:10:39:52 -0400] "GET /manga/farming-life-in-another-world-chapter-133/ HTTP/1.1" 200 34568 "-" "Mozilla/5.0 (Linux; Android 10; K) AppleWebKit/537.36 (KHTML, like Gecko) Chrome/137.0.0.0 Mobile Safari/537.36"
112.198.99.120 - - [08/Jun/2025:10:39:53 -0400] "GET /manga/farming-life-in-another-world-chapter-150/ HTTP/1.1" 200 34578 "-" "Mozilla/5.0 (Linux; Android 10; K) AppleWebKit/537.36 (KHTML, like Gecko) Chrome/137.0.0.0 Mobile Safari/537.36"
112.198.99.120 - - [08/Jun/2025:10:39:53 -0400] "GET /manga/farming-life-in-another-world-chapter-151/ HTTP/1.1" 200 34563 "-" "Mozilla/5.0 (Linux; Android 10; K) AppleWebKit/537.36 (KHTML, like Gecko) Chrome/137.0.0.0 Mobile Safari/537.36"
112.198.99.120 - - [08/Jun/2025:10:39:54 -0400] "GET /manga/farming-life-in-another-world-chapter-59/ HTTP/1.1" 200 34176 "-" "Mozilla/5.0 (Linux; Android 10; K) AppleWebKit/537.36 (KHTML, like Gecko) Chrome/137.0.0.0 Mobile Safari/537.36"
112.198.99.120 - - [08/Jun/2025:10:39:55 -0400] "GET /manga/farming-life-in-another-world-chapter-56/ HTTP/1.1" 200 34511 "-" "Mozilla/5.0 (Linux; Android 10; K) AppleWebKit/537.36 (KHTML, like Gecko) Chrome/137.0.0.0 Mobile Safari/537.36"
112.198.99.120 - - [08/Jun/2025:10:39:55 -0400] "GET /manga/farming-life-in-another-world-chapter-53/ HTTP/1.1" 200 34647 "-" "Mozilla/5.0 (Linux; Android 10; K) AppleWebKit/537.36 (KHTML, like Gecko) Chrome/137.0.0.0 Mobile Safari/537.36"
112.198.99.120 - - [08/Jun/2025:10:39:56 -0400] "GET /manga/farming-life-in-another-world-chapter-50/ HTTP/1.1" 200 34267 "-" "Mozilla/5.0 (Linux; Android 10; K) AppleWebKit/537.36 (KHTML, like Gecko) Chrome/137.0.0.0 Mobile Safari/537.36"
2a00:23c6:7400:ee01:e4c0:977e:4f1b:f07b - - [08/Jun/2025:10:39:56 -0400] "GET /manga/farming-life-in-another-world-chapter-53/ HTTP/1.1" 200 34505 "https://isekainonbirinoukachapters.com/manga/farming-life-in-another-world-chapter-52/" "Mozilla/5.0 (Macintosh; Intel Mac OS X 10_15_7) AppleWebKit/605.1.15 (KHTML, like Gecko) Version/18.5 Safari/605.1.15"
112.198.99.120 - - [08/Jun/2025:10:39:56 -0400] "GET /manga/farming-life-in-another-world-chapter-44/ HTTP/1.1" 200 34134 "-" "Mozilla/5.0 (Linux; Android 10; K) AppleWebKit/537.36 (KHTML, like Gecko) Chrome/137.0.0.0 Mobile Safari/537.36"
112.198.99.120 - - [08/Jun/2025:10:39:57 -0400] "GET /manga/farming-life-in-another-world-chapter-40/ HTTP/1.1" 200 34205 "-" "Mozilla/5.0 (Linux; Android 10; K) AppleWebKit/537.36 (KHTML, like Gecko) Chrome/137.0.0.0 Mobile Safari/537.36"
112.198.99.120 - - [08/Jun/2025:10:39:57 -0400] "GET /manga/farming-life-in-another-world-chapter-34/ HTTP/1.1" 200 33951 "-" "Mozilla/5.0 (Linux; Android 10; K) AppleWebKit/537.36 (KHTML, like Gecko) Chrome/137.0.0.0 Mobile Safari/537.36"
2a00:23c6:7400:ee01:e4c0:977e:4f1b:f07b - - [08/Jun/2025:10:39:56 -0400] "POST /wp-admin/admin-ajax.php HTTP/1.1" 200 61 "https://isekainonbirinoukachapters.com/manga/farming-life-in-another-world-chapter-53/" "Mozilla/5.0 (Macintosh; Intel Mac OS X 10_15_7) AppleWebKit/605.1.15 (KHTML, like Gecko) Version/18.5 Safari/605.1.15"
112.198.99.120 - - [08/Jun/2025:10:39:58 -0400] "GET /manga/farming-life-in-another-world-chapter-30/ HTTP/1.1" 200 34665 "-" "Mozilla/5.0 (Linux; Android 10; K) AppleWebKit/537.36 (KHTML, like Gecko) Chrome/137.0.0.0 Mobile Safari/537.36"
112.198.99.120 - - [08/Jun/2025:10:39:59 -0400] "GET /manga/farming-life-in-another-world-chapter-30/ HTTP/1.1" 304 0 "https://isekainonbirinoukachapters.com/" "Mozilla/5.0 (Linux; Android 10; K) AppleWebKit/537.36 (KHTML, like Gecko) Chrome/137.0.0.0 Mobile Safari/537.36"
112.198.99.120 - - [08/Jun/2025:10:40:00 -0400] "POST /wp-admin/admin-ajax.php HTTP/1.1" 200 61 "https://isekainonbirinoukachapters.com/manga/farming-life-in-another-world-chapter-30/" "Mozilla/5.0 (Linux; Android 10; K) AppleWebKit/537.36 (KHTML, like Gecko) Chrome/137.0.0.0 Mobile Safari/537.36"
203.135.211.61 - - [08/Jun/2025:10:40:29 -0400] "GET /manga/farming-life-in-another-world-chapter-3/ HTTP/1.1" 200 34502 "https://isekainonbirinoukachapters.com/manga/farming-life-in-another-world-chapter-2/" "Mozilla/5.0 (Windows NT 10.0; Win64; x64) AppleWebKit/537.36 (KHTML, like Gecko) Chrome/134.0.0.0 Safari/537.36 OPR/119.0.0.0"
203.135.211.61 - - [08/Jun/2025:10:40:29 -0400] "GET /manga/farming-life-in-another-world-chapter-3/ HTTP/1.1" 304 0 "https://isekainonbirinoukachapters.com/manga/farming-life-in-another-world-chapter-2/" "Mozilla/5.0 (Windows NT 10.0; Win64; x64) AppleWebKit/537.36 (KHTML, like Gecko) Chrome/134.0.0.0 Safari/537.36 OPR/119.0.0.0"
203.135.211.61 - - [08/Jun/2025:10:40:30 -0400] "POST /wp-admin/admin-ajax.php HTTP/1.1" 200 61 "https://isekainonbirinoukachapters.com/manga/farming-life-in-another-world-chapter-3/" "Mozilla/5.0 (Windows NT 10.0; Win64; x64) AppleWebKit/537.36 (KHTML, like Gecko) Chrome/134.0.0.0 Safari/537.36 OPR/119.0.0.0"
112.198.99.120 - - [08/Jun/2025:10:40:39 -0400] "GET /manga/farming-life-in-another-world-chapter-26/ HTTP/1.1" 200 34569 "-" "Mozilla/5.0 (Linux; Android 10; K) AppleWebKit/537.36 (KHTML, like Gecko) Chrome/137.0.0.0 Mobile Safari/537.36"
112.198.99.120 - - [08/Jun/2025:10:40:39 -0400] "GET /manga/farming-life-in-another-world-chapter-20/ HTTP/1.1" 200 34437 "-" "Mozilla/5.0 (Linux; Android 10; K) AppleWebKit/537.36 (KHTML, like Gecko) Chrome/137.0.0.0 Mobile Safari/537.36"
112.198.99.120 - - [08/Jun/2025:10:40:40 -0400] "GET /manga/farming-life-in-another-world-chapter-20/ HTTP/1.1" 304 0 "https://isekainonbirinoukachapters.com/" "Mozilla/5.0 (Linux; Android 10; K) AppleWebKit/537.36 (KHTML, like Gecko) Chrome/137.0.0.0 Mobile Safari/537.36"
112.198.99.120 - - [08/Jun/2025:10:40:41 -0400] "POST /wp-admin/admin-ajax.php HTTP/1.1" 200 61 "https://isekainonbirinoukachapters.com/manga/farming-life-in-another-world-chapter-20/" "Mozilla/5.0 (Linux; Android 10; K) AppleWebKit/537.36 (KHTML, like Gecko) Chrome/137.0.0.0 Mobile Safari/537.36"
2a09:bac2:4d92:1478::20a:43 - - [08/Jun/2025:10:41:07 -0400] "GET /manga/farming-life-in-another-world-chapter-102/ HTTP/1.1" 200 34665 "https://isekainonbirinoukachapters.com/manga/farming-life-in-another-world-chapter-101/" "Mozilla/5.0 (Macintosh; Intel Mac OS X 10_15_7) AppleWebKit/605.1.15 (KHTML, like Gecko) Version/18.5 Safari/605.1.15"
162.0.232.193 - - [08/Jun/2025:10:41:08 -0400] "POST /wp-cron.php?doing_wp_cron=1749393668.6991729736328125000000 HTTP/1.1" 200 0 "-" "WordPress/6.8.1; https://isekainonbirinoukachapters.com"
2a09:bac2:4d92:1478::20a:43 - - [08/Jun/2025:10:41:08 -0400] "POST /wp-admin/admin-ajax.php HTTP/1.1" 200 61 "https://isekainonbirinoukachapters.com/manga/farming-life-in-another-world-chapter-102/" "Mozilla/5.0 (Macintosh; Intel Mac OS X 10_15_7) AppleWebKit/605.1.15 (KHTML, like Gecko) Version/18.5 Safari/605.1.15"
112.198.99.120 - - [08/Jun/2025:10:41:15 -0400] "GET /manga/farming-life-in-another-world-chapter-21/ HTTP/1.1" 200 33937 "-" "Mozilla/5.0 (Linux; Android 10; K) AppleWebKit/537.36 (KHTML, like Gecko) Chrome/137.0.0.0 Mobile Safari/537.36"
112.198.99.120 - - [08/Jun/2025:10:41:16 -0400] "GET /manga/farming-life-in-another-world-chapter-21/ HTTP/1.1" 304 0 "https://isekainonbirinoukachapters.com/manga/farming-life-in-another-world-chapter-20/" "Mozilla/5.0 (Linux; Android 10; K) AppleWebKit/537.36 (KHTML, like Gecko) Chrome/137.0.0.0 Mobile Safari/537.36"
112.198.99.120 - - [08/Jun/2025:10:41:17 -0400] "GET /manga/farming-life-in-another-world-chapter-21/ HTTP/1.1" 304 0 "-" "Mozilla/5.0 (Linux; Android 10; K) AppleWebKit/537.36 (KHTML, like Gecko) Chrome/137.0.0.0 Mobile Safari/537.36"
112.198.99.120 - - [08/Jun/2025:10:41:17 -0400] "GET / HTTP/1.1" 200 32311 "-" "Mozilla/5.0 (Linux; Android 10; K) AppleWebKit/537.36 (KHTML, like Gecko) Chrome/137.0.0.0 Mobile Safari/537.36"
112.198.99.120 - - [08/Jun/2025:10:41:18 -0400] "GET /category/manga/ HTTP/1.1" 200 30931 "-" "Mozilla/5.0 (Linux; Android 10; K) AppleWebKit/537.36 (KHTML, like Gecko) Chrome/137.0.0.0 Mobile Safari/537.36"
2001:fd8:2606:d17c:e1ab:ef58:5c6d:79d2 - - [08/Jun/2025:10:41:19 -0400] "GET /manga/farming-life-in-another-world-chapter-134/ HTTP/1.1" 200 34527 "https://isekainonbirinoukachapters.com/category/isekai-nonbiri-nouka-manga/page/14/" "Mozilla/5.0 (Linux; Android 10; K) AppleWebKit/537.36 (KHTML, like Gecko) Chrome/137.0.0.0 Mobile Safari/537.36"
112.198.99.120 - - [08/Jun/2025:10:41:27 -0400] "GET /manga/farming-life-in-another-world-chapter-22/ HTTP/1.1" 200 34709 "-" "Mozilla/5.0 (Linux; Android 10; K) AppleWebKit/537.36 (KHTML, like Gecko) Chrome/137.0.0.0 Mobile Safari/537.36"
112.198.99.120 - - [08/Jun/2025:10:41:28 -0400] "GET /manga/farming-life-in-another-world-chapter-22/ HTTP/1.1" 304 0 "https://isekainonbirinoukachapters.com/manga/farming-life-in-another-world-chapter-21/" "Mozilla/5.0 (Linux; Android 10; K) AppleWebKit/537.36 (KHTML, like Gecko) Chrome/137.0.0.0 Mobile Safari/537.36"
162.0.232.193 - - [08/Jun/2025:10:41:29 -0400] "POST /wp-cron.php?doing_wp_cron=1749393689.2088580131530761718750 HTTP/1.1" 200 0 "-" "WordPress/6.8.1; https://isekainonbirinoukachapters.com"
112.198.99.120 - - [08/Jun/2025:10:41:28 -0400] "POST /wp-admin/admin-ajax.php HTTP/1.1" 200 61 "https://isekainonbirinoukachapters.com/manga/farming-life-in-another-world-chapter-22/" "Mozilla/5.0 (Linux; Android 10; K) AppleWebKit/537.36 (KHTML, like Gecko) Chrome/137.0.0.0 Mobile Safari/537.36"
203.135.211.61 - - [08/Jun/2025:10:41:40 -0400] "GET /category/farming-life-in-another-world/ HTTP/1.1" 200 30878 "https://isekainonbirinoukachapters.com/manga/farming-life-in-another-world-chapter-3/" "Mozilla/5.0 (Windows NT 10.0; Win64; x64) AppleWebKit/537.36 (KHTML, like Gecko) Chrome/134.0.0.0 Safari/537.36 OPR/119.0.0.0"
203.135.211.61 - - [08/Jun/2025:10:41:42 -0400] "GET /manga/farming-life-in-another-world-chapter-4/ HTTP/1.1" 200 34177 "https://isekainonbirinoukachapters.com/manga/farming-life-in-another-world-chapter-3/" "Mozilla/5.0 (Windows NT 10.0; Win64; x64) AppleWebKit/537.36 (KHTML, like Gecko) Chrome/134.0.0.0 Safari/537.36 OPR/119.0.0.0"
