2001:4860:7:411::e7 - - [08/Jun/2025:07:26:48 -0400] "GET / HTTP/1.1" 200 32326 "https://www.google.com/" "Mozilla/5.0 (Linux; Android 10; K) AppleWebKit/537.36 (KHTML, like Gecko) Chrome/137.0.0.0 Mobile Safari/537.36"
125.27.67.85 - - [08/Jun/2025:07:26:58 -0400] "GET /manga/farming-life-in-another-world-chapter-2/ HTTP/1.1" 200 34723 "https://isekainonbirinoukachapters.com/" "Mozilla/5.0 (Linux; Android 10; K) AppleWebKit/537.36 (KHTML, like Gecko) Chrome/137.0.0.0 Mobile Safari/537.36"
125.27.67.85 - - [08/Jun/2025:07:26:58 -0400] "GET /manga/farming-life-in-another-world-chapter-2/ HTTP/1.1" 304 0 "https://isekainonbirinoukachapters.com/" "Mozilla/5.0 (Linux; Android 10; K) AppleWebKit/537.36 (KHTML, like Gecko) Chrome/137.0.0.0 Mobile Safari/537.36"
125.27.67.85 - - [08/Jun/2025:07:26:59 -0400] "GET /manga/farming-life-in-another-world-chapter-15/ HTTP/1.1" 200 34250 "https://isekainonbirinoukachapters.com/" "Mozilla/5.0 (Linux; Android 10; K) AppleWebKit/537.36 (KHTML, like Gecko) Chrome/137.0.0.0 Mobile Safari/537.36"
125.27.67.85 - - [08/Jun/2025:07:26:59 -0400] "GET /manga/farming-life-in-another-world-chapter-15/ HTTP/1.1" 304 0 "https://isekainonbirinoukachapters.com/" "Mozilla/5.0 (Linux; Android 10; K) AppleWebKit/537.36 (KHTML, like Gecko) Chrome/137.0.0.0 Mobile Safari/537.36"
125.27.67.85 - - [08/Jun/2025:07:26:59 -0400] "GET /manga/farming-life-in-another-world-chapter-70/ HTTP/1.1" 200 34655 "https://isekainonbirinoukachapters.com/" "Mozilla/5.0 (Linux; Android 10; K) AppleWebKit/537.36 (KHTML, like Gecko) Chrome/137.0.0.0 Mobile Safari/537.36"
125.27.67.85 - - [08/Jun/2025:07:26:59 -0400] "GET /manga/farming-life-in-another-world-chapter-70/ HTTP/1.1" 304 0 "https://isekainonbirinoukachapters.com/" "Mozilla/5.0 (Linux; Android 10; K) AppleWebKit/537.36 (KHTML, like Gecko) Chrome/137.0.0.0 Mobile Safari/537.36"
125.27.67.85 - - [08/Jun/2025:07:27:00 -0400] "GET /manga/farming-life-in-another-world-chapter-94/ HTTP/1.1" 200 34140 "https://isekainonbirinoukachapters.com/" "Mozilla/5.0 (Linux; Android 10; K) AppleWebKit/537.36 (KHTML, like Gecko) Chrome/137.0.0.0 Mobile Safari/537.36"
125.27.67.85 - - [08/Jun/2025:07:27:00 -0400] "GET /manga/farming-life-in-another-world-chapter-94/ HTTP/1.1" 304 0 "https://isekainonbirinoukachapters.com/" "Mozilla/5.0 (Linux; Android 10; K) AppleWebKit/537.36 (KHTML, like Gecko) Chrome/137.0.0.0 Mobile Safari/537.36"
125.27.67.85 - - [08/Jun/2025:07:27:01 -0400] "GET /manga/farming-life-in-another-world-chapter-209/ HTTP/1.1" 200 34178 "https://isekainonbirinoukachapters.com/" "Mozilla/5.0 (Linux; Android 10; K) AppleWebKit/537.36 (KHTML, like Gecko) Chrome/137.0.0.0 Mobile Safari/537.36"
125.27.67.85 - - [08/Jun/2025:07:27:02 -0400] "GET /manga/farming-life-in-another-world-chapter-209/ HTTP/1.1" 304 0 "https://isekainonbirinoukachapters.com/" "Mozilla/5.0 (Linux; Android 10; K) AppleWebKit/537.36 (KHTML, like Gecko) Chrome/137.0.0.0 Mobile Safari/537.36"
162.0.232.193 - - [08/Jun/2025:07:27:21 -0400] "POST /wp-cron.php?doing_wp_cron=1749382041.3476281166076660156250 HTTP/1.1" 200 0 "-" "WordPress/6.8.1; https://isekainonbirinoukachapters.com"
106.212.165.111 - - [08/Jun/2025:07:27:20 -0400] "POST /wp-admin/admin-ajax.php HTTP/1.1" 200 61 "https://isekainonbirinoukachapters.com/manga/farming-life-in-another-world-chapter-77/" "Mozilla/5.0 (Linux; Android 10; K) AppleWebKit/537.36 (KHTML, like Gecko) Chrome/137.0.0.0 Mobile Safari/537.36"
162.0.232.193 - - [08/Jun/2025:07:27:25 -0400] "GET /wp-content/uploads/89b93a66fa29a678cbd60ff176e1ea9a_1973.xml HTTP/1.1" 200 1499 "-" "Mozilla/5.0 (X11; Linux x86_64) AppleWebKit/537.36 (KHTML, like Gecko) Ubuntu Chromium/41.0.2272.76"
47.82.60.58 - - [08/Jun/2025:07:27:36 -0400] "GET /manga/farming-life-in-another-world-chapter-135/ HTTP/1.1" 200 34144 "https://isekainonbirinoukachapters.com/manga/farming-life-in-another-world-chapter-135/" "Mozilla/5.0 (Windows NT 10.0; Win64; x64) AppleWebKit/537.36 (KHTML, like Gecko) Chrome/114.0.0.0 Safari/537.36 Edg/114.0.1823.43"
2409:40f3:19:3a6c:a06b:4eff:fec0:4fbf - - [08/Jun/2025:07:29:33 -0400] "GET / HTTP/1.1" 200 32193 "https://www.google.com/" "Mozilla/5.0 (Linux; Android 10; K) AppleWebKit/537.36 (KHTML, like Gecko) Chrome/137.0.0.0 Mobile Safari/537.36"
2409:40f3:19:3a6c:a06b:4eff:fec0:4fbf - - [08/Jun/2025:07:29:35 -0400] "GET / HTTP/1.1" 304 0 "https://www.google.com/" "Mozilla/5.0 (Linux; Android 10; K) AppleWebKit/537.36 (KHTML, like Gecko) Chrome/137.0.0.0 Mobile Safari/537.36"
162.0.232.193 - - [08/Jun/2025:07:29:38 -0400] "POST /wp-cron.php?doing_wp_cron=1749382177.8873670101165771484375 HTTP/1.1" 200 0 "-" "WordPress/6.8.1; https://isekainonbirinoukachapters.com"
52.167.144.162 - - [08/Jun/2025:07:29:35 -0400] "GET /kzb-45zhi30980/ HTTP/1.1" 301 0 "-" "Mozilla/5.0 AppleWebKit/537.36 (KHTML, like Gecko; compatible; bingbot/2.0; +http://www.bing.com/bingbot.htm) Chrome/116.0.1938.76 Safari/537.36"
162.0.232.193 - - [08/Jun/2025:07:29:40 -0400] "GET /wp-content/uploads/89b93a66fa29a678cbd60ff176e1ea9a_1973.xml HTTP/1.1" 200 1499 "-" "Mozilla/5.0 (X11; Linux x86_64) AppleWebKit/537.36 (KHTML, like Gecko) Ubuntu Chromium/41.0.2272.76"
2409:40f3:19:3a6c:a06b:4eff:fec0:4fbf - - [08/Jun/2025:07:29:41 -0400] "GET /manga/farming-life-in-another-world-chapter-12/ HTTP/1.1" 200 34249 "https://isekainonbirinoukachapters.com/" "Mozilla/5.0 (Linux; Android 10; K) AppleWebKit/537.36 (KHTML, like Gecko) Chrome/137.0.0.0 Mobile Safari/537.36"
2409:40f3:19:3a6c:a06b:4eff:fec0:4fbf - - [08/Jun/2025:07:29:41 -0400] "GET /manga/farming-life-in-another-world-chapter-12/ HTTP/1.1" 304 0 "https://isekainonbirinoukachapters.com/" "Mozilla/5.0 (Linux; Android 10; K) AppleWebKit/537.36 (KHTML, like Gecko) Chrome/137.0.0.0 Mobile Safari/537.36"
2409:40f3:19:3a6c:a06b:4eff:fec0:4fbf - - [08/Jun/2025:07:29:42 -0400] "GET /manga/farming-life-in-another-world-chapter-16/ HTTP/1.1" 200 34305 "https://isekainonbirinoukachapters.com/" "Mozilla/5.0 (Linux; Android 10; K) AppleWebKit/537.36 (KHTML, like Gecko) Chrome/137.0.0.0 Mobile Safari/537.36"
2409:40f3:19:3a6c:a06b:4eff:fec0:4fbf - - [08/Jun/2025:07:29:43 -0400] "GET /manga/farming-life-in-another-world-chapter-26/ HTTP/1.1" 200 34167 "https://isekainonbirinoukachapters.com/" "Mozilla/5.0 (Linux; Android 10; K) AppleWebKit/537.36 (KHTML, like Gecko) Chrome/137.0.0.0 Mobile Safari/537.36"
2409:40f3:19:3a6c:a06b:4eff:fec0:4fbf - - [08/Jun/2025:07:29:43 -0400] "GET /manga/farming-life-in-another-world-chapter-16/ HTTP/1.1" 304 0 "https://isekainonbirinoukachapters.com/" "Mozilla/5.0 (Linux; Android 10; K) AppleWebKit/537.36 (KHTML, like Gecko) Chrome/137.0.0.0 Mobile Safari/537.36"
2409:40f3:19:3a6c:a06b:4eff:fec0:4fbf - - [08/Jun/2025:07:29:43 -0400] "GET /manga/farming-life-in-another-world-chapter-26/ HTTP/1.1" 304 0 "https://isekainonbirinoukachapters.com/" "Mozilla/5.0 (Linux; Android 10; K) AppleWebKit/537.36 (KHTML, like Gecko) Chrome/137.0.0.0 Mobile Safari/537.36"
2409:40f3:19:3a6c:a06b:4eff:fec0:4fbf - - [08/Jun/2025:07:29:44 -0400] "GET /manga/farming-life-in-another-world-chapter-25/ HTTP/1.1" 200 34227 "https://isekainonbirinoukachapters.com/" "Mozilla/5.0 (Linux; Android 10; K) AppleWebKit/537.36 (KHTML, like Gecko) Chrome/137.0.0.0 Mobile Safari/537.36"
2409:40f3:19:3a6c:a06b:4eff:fec0:4fbf - - [08/Jun/2025:07:29:44 -0400] "GET /manga/farming-life-in-another-world-chapter-25/ HTTP/1.1" 304 0 "https://isekainonbirinoukachapters.com/" "Mozilla/5.0 (Linux; Android 10; K) AppleWebKit/537.36 (KHTML, like Gecko) Chrome/137.0.0.0 Mobile Safari/537.36"
47.82.60.186 - - [08/Jun/2025:07:30:06 -0400] "GET /manga/farming-life-in-another-world-chapter-151/ HTTP/1.1" 200 34500 "https://isekainonbirinoukachapters.com/manga/farming-life-in-another-world-chapter-151/" "Mozilla/5.0 (Windows NT 10.0; Win64; x64) AppleWebKit/537.36 (KHTML, like Gecko) Chrome/114.0.0.0 Safari/537.36 Edg/114.0.1823.43"
47.82.60.224 - - [08/Jun/2025:07:30:32 -0400] "GET /manga/farming-life-in-another-world-chapter-154/ HTTP/1.1" 200 34546 "https://isekainonbirinoukachapters.com/manga/farming-life-in-another-world-chapter-154/" "Mozilla/5.0 (Windows NT 10.0; Win64; x64) AppleWebKit/537.36 (KHTML, like Gecko) Chrome/114.0.0.0 Safari/537.36 Edg/114.0.1823.43"
47.82.61.106 - - [08/Jun/2025:07:31:12 -0400] "GET /manga/farming-life-in-another-world-chapter-12/ HTTP/1.1" 200 34189 "https://isekainonbirinoukachapters.com/manga/farming-life-in-another-world-chapter-12/" "Mozilla/5.0 (Windows NT 10.0; Win64; x64) AppleWebKit/537.36 (KHTML, like Gecko) Chrome/114.0.0.0 Safari/537.36 Edg/114.0.1823.43"
162.0.232.193 - - [08/Jun/2025:07:31:12 -0400] "POST /wp-cron.php?doing_wp_cron=1749382272.2713339328765869140625 HTTP/1.1" 200 0 "-" "WordPress/6.8.1; https://isekainonbirinoukachapters.com"
47.82.60.163 - - [08/Jun/2025:07:31:11 -0400] "GET /category/farming-life-in-another-world/page/13/ HTTP/1.1" 200 33267 "https://isekainonbirinoukachapters.com/category/farming-life-in-another-world/page/13/" "Mozilla/5.0 (Windows NT 10.0; Win64; x64) AppleWebKit/537.36 (KHTML, like Gecko) Chrome/114.0.0.0 Safari/537.36 Edg/114.0.1823.43"
162.0.232.193 - - [08/Jun/2025:07:31:14 -0400] "GET /wp-content/uploads/89b93a66fa29a678cbd60ff176e1ea9a_1973.xml HTTP/1.1" 200 1499 "-" "Mozilla/5.0 (X11; Linux x86_64) AppleWebKit/537.36 (KHTML, like Gecko) Ubuntu Chromium/41.0.2272.76"
47.79.117.252 - - [08/Jun/2025:07:31:23 -0400] "GET /manga/farming-life-in-another-world-chapter-55/ HTTP/1.1" 200 34107 "https://isekainonbirinoukachapters.com/manga/farming-life-in-another-world-chapter-55/" "Mozilla/5.0 (Windows NT 10.0; Win64; x64) AppleWebKit/537.36 (KHTML, like Gecko) Chrome/114.0.0.0 Safari/537.36 Edg/114.0.1823.43"
162.0.232.193 - - [08/Jun/2025:07:33:03 -0400] "POST /wp-cron.php?doing_wp_cron=1749382383.7522580623626708984375 HTTP/1.1" 200 0 "-" "WordPress/6.8.1; https://isekainonbirinoukachapters.com"
47.82.60.215 - - [08/Jun/2025:07:33:01 -0400] "GET /category/isekai-nonbiri-nouka-manga/page/19/ HTTP/1.1" 200 33342 "https://isekainonbirinoukachapters.com/category/isekai-nonbiri-nouka-manga/page/19/" "Mozilla/5.0 (Windows NT 10.0; Win64; x64) AppleWebKit/537.36 (KHTML, like Gecko) Chrome/114.0.0.0 Safari/537.36 Edg/114.0.1823.43"
162.0.232.193 - - [08/Jun/2025:07:33:06 -0400] "GET /wp-content/uploads/89b93a66fa29a678cbd60ff176e1ea9a_1973.xml HTTP/1.1" 200 1362 "-" "Mozilla/5.0 (X11; Linux x86_64) AppleWebKit/537.36 (KHTML, like Gecko) Ubuntu Chromium/41.0.2272.76"
43.135.130.202 - - [08/Jun/2025:07:33:25 -0400] "GET /manga/farming-life-in-another-world-chapter-65/ HTTP/1.1" 200 34480 "-" "Mozilla/5.0 (iPhone; CPU iPhone OS 13_2_3 like Mac OS X) AppleWebKit/605.1.15 (KHTML, like Gecko) Version/13.0.3 Mobile/15E148 Safari/604.1"
93.124.253.192 - - [08/Jun/2025:07:35:35 -0400] "GET /manga/farming-life-in-another-world-chapter-25/ HTTP/1.1" 200 34107 "https://isekainonbirinoukachapters.com/manga/farming-life-in-another-world-chapter-24/" "Mozilla/5.0 (Windows NT 10.0; Win64; x64) AppleWebKit/537.36 (KHTML, like Gecko) Chrome/134.0.0.0 Safari/537.36 OPR/119.0.0.0"
93.124.253.192 - - [08/Jun/2025:07:35:35 -0400] "GET /manga/farming-life-in-another-world-chapter-25/ HTTP/1.1" 304 0 "https://isekainonbirinoukachapters.com/manga/farming-life-in-another-world-chapter-24/" "Mozilla/5.0 (Windows NT 10.0; Win64; x64) AppleWebKit/537.36 (KHTML, like Gecko) Chrome/134.0.0.0 Safari/537.36 OPR/119.0.0.0"
47.82.60.55 - - [08/Jun/2025:07:36:18 -0400] "GET /manga/farming-life-in-another-world-chapter-72/ HTTP/1.1" 200 34101 "https://isekainonbirinoukachapters.com/manga/farming-life-in-another-world-chapter-72/" "Mozilla/5.0 (Windows NT 10.0; Win64; x64) AppleWebKit/537.36 (KHTML, like Gecko) Chrome/114.0.0.0 Safari/537.36 Edg/114.0.1823.43"
2409:40f0:410e:9968:8cdc:9c14:2575:af71 - - [08/Jun/2025:07:36:36 -0400] "GET /manga/farming-life-in-another-world-chapter-30/ HTTP/1.1" 304 0 "https://isekainonbirinoukachapters.com/manga/farming-life-in-another-world-chapter-29/" "Mozilla/5.0 (Linux; Android 10; K) AppleWebKit/537.36 (KHTML, like Gecko) SamsungBrowser/28.0 Chrome/130.0.0.0 Mobile Safari/537.36"
2409:40f0:410e:9968:8cdc:9c14:2575:af71 - - [08/Jun/2025:07:36:36 -0400] "GET /manga/farming-life-in-another-world-chapter-30/ HTTP/1.1" 304 0 "https://isekainonbirinoukachapters.com/manga/farming-life-in-another-world-chapter-29/" "Mozilla/5.0 (Linux; Android 10; K) AppleWebKit/537.36 (KHTML, like Gecko) SamsungBrowser/28.0 Chrome/130.0.0.0 Mobile Safari/537.36"
2409:40f0:410e:9968:8cdc:9c14:2575:af71 - - [08/Jun/2025:07:36:57 -0400] "GET /manga/farming-life-in-another-world-chapter-29/ HTTP/1.1" 304 0 "https://isekainonbirinoukachapters.com/manga/farming-life-in-another-world-chapter-30/" "Mozilla/5.0 (Linux; Android 10; K) AppleWebKit/537.36 (KHTML, like Gecko) SamsungBrowser/28.0 Chrome/130.0.0.0 Mobile Safari/537.36"
2409:40f0:410e:9968:8cdc:9c14:2575:af71 - - [08/Jun/2025:07:36:57 -0400] "GET /manga/farming-life-in-another-world-chapter-31/ HTTP/1.1" 200 34266 "https://isekainonbirinoukachapters.com/manga/farming-life-in-another-world-chapter-30/" "Mozilla/5.0 (Linux; Android 10; K) AppleWebKit/537.36 (KHTML, like Gecko) SamsungBrowser/28.0 Chrome/130.0.0.0 Mobile Safari/537.36"
2409:40f0:410e:9968:8cdc:9c14:2575:af71 - - [08/Jun/2025:07:36:57 -0400] "GET /manga/farming-life-in-another-world-chapter-29/ HTTP/1.1" 304 0 "https://isekainonbirinoukachapters.com/manga/farming-life-in-another-world-chapter-30/" "Mozilla/5.0 (Linux; Android 10; K) AppleWebKit/537.36 (KHTML, like Gecko) SamsungBrowser/28.0 Chrome/130.0.0.0 Mobile Safari/537.36"
2409:40f0:410e:9968:8cdc:9c14:2575:af71 - - [08/Jun/2025:07:36:58 -0400] "GET /manga/farming-life-in-another-world-chapter-31/ HTTP/1.1" 304 0 "https://isekainonbirinoukachapters.com/manga/farming-life-in-another-world-chapter-30/" "Mozilla/5.0 (Linux; Android 10; K) AppleWebKit/537.36 (KHTML, like Gecko) SamsungBrowser/28.0 Chrome/130.0.0.0 Mobile Safari/537.36"
2409:40f0:410e:9968:8cdc:9c14:2575:af71 - - [08/Jun/2025:07:36:59 -0400] "GET /manga/farming-life-in-another-world-chapter-31/ HTTP/1.1" 304 0 "https://isekainonbirinoukachapters.com/manga/farming-life-in-another-world-chapter-31/" "Mozilla/5.0 (Linux; Android 10; K) AppleWebKit/537.36 (KHTML, like Gecko) SamsungBrowser/28.0 Chrome/130.0.0.0 Mobile Safari/537.36"
2409:40f0:410e:9968:8cdc:9c14:2575:af71 - - [08/Jun/2025:07:36:59 -0400] "GET /manga/farming-life-in-another-world-chapter-31/ HTTP/1.1" 304 0 "https://isekainonbirinoukachapters.com/manga/farming-life-in-another-world-chapter-31/" "Mozilla/5.0 (Linux; Android 10; K) AppleWebKit/537.36 (KHTML, like Gecko) SamsungBrowser/28.0 Chrome/130.0.0.0 Mobile Safari/537.36"
162.0.232.193 - - [08/Jun/2025:07:37:33 -0400] "POST /wp-cron.php?doing_wp_cron=1749382653.6294250488281250000000 HTTP/1.1" 200 0 "-" "WordPress/6.8.1; https://isekainonbirinoukachapters.com"
2603:6011:7500:3543:657d:9415:d71c:19db - - [08/Jun/2025:07:37:31 -0400] "POST /wp-admin/admin-ajax.php HTTP/1.1" 200 61 "https://isekainonbirinoukachapters.com/manga/farming-life-in-another-world-chapter-252/" "Mozilla/5.0 (iPhone; CPU iPhone OS 18_2_1 like Mac OS X) AppleWebKit/605.1.15 (KHTML, like Gecko) CriOS/137.0.7151.79 Mobile/15E148 Safari/604.1"
162.0.232.193 - - [08/Jun/2025:07:37:35 -0400] "GET /wp-content/uploads/89b93a66fa29a678cbd60ff176e1ea9a_1973.xml HTTP/1.1" 200 1499 "-" "Mozilla/5.0 (X11; Linux x86_64) AppleWebKit/537.36 (KHTML, like Gecko) Ubuntu Chromium/41.0.2272.76"
47.79.2.34 - - [08/Jun/2025:07:37:38 -0400] "GET /manga/farming-life-in-another-world-chapter-243/ HTTP/1.1" 200 34133 "https://isekainonbirinoukachapters.com/manga/farming-life-in-another-world-chapter-243/" "Mozilla/5.0 (Windows NT 10.0; Win64; x64) AppleWebKit/537.36 (KHTML, like Gecko) Chrome/114.0.0.0 Safari/537.36 Edg/114.0.1823.43"
2603:6011:7500:3543:657d:9415:d71c:19db - - [08/Jun/2025:07:37:48 -0400] "GET /manga/farming-life-in-another-world-chapter-253/ HTTP/1.1" 200 34606 "https://isekainonbirinoukachapters.com/manga/farming-life-in-another-world-chapter-252/" "Mozilla/5.0 (iPhone; CPU iPhone OS 18_2_1 like Mac OS X) AppleWebKit/605.1.15 (KHTML, like Gecko) CriOS/137.0.7151.79 Mobile/15E148 Safari/604.1"
2603:6011:7500:3543:657d:9415:d71c:19db - - [08/Jun/2025:07:37:49 -0400] "POST /wp-admin/admin-ajax.php HTTP/1.1" 200 61 "https://isekainonbirinoukachapters.com/manga/farming-life-in-another-world-chapter-253/" "Mozilla/5.0 (iPhone; CPU iPhone OS 18_2_1 like Mac OS X) AppleWebKit/605.1.15 (KHTML, like Gecko) CriOS/137.0.7151.79 Mobile/15E148 Safari/604.1"
2409:40f0:410e:9968:8cdc:9c14:2575:af71 - - [08/Jun/2025:07:37:54 -0400] "GET /manga/farming-life-in-another-world-chapter-32/ HTTP/1.1" 304 0 "https://isekainonbirinoukachapters.com/manga/farming-life-in-another-world-chapter-31/" "Mozilla/5.0 (Linux; Android 10; K) AppleWebKit/537.36 (KHTML, like Gecko) SamsungBrowser/28.0 Chrome/130.0.0.0 Mobile Safari/537.36"
2409:40f0:410e:9968:8cdc:9c14:2575:af71 - - [08/Jun/2025:07:37:54 -0400] "GET /manga/farming-life-in-another-world-chapter-32/ HTTP/1.1" 304 0 "https://isekainonbirinoukachapters.com/manga/farming-life-in-another-world-chapter-31/" "Mozilla/5.0 (Linux; Android 10; K) AppleWebKit/537.36 (KHTML, like Gecko) SamsungBrowser/28.0 Chrome/130.0.0.0 Mobile Safari/537.36"
2409:40f0:410e:9968:8cdc:9c14:2575:af71 - - [08/Jun/2025:07:37:54 -0400] "POST /wp-admin/admin-ajax.php HTTP/1.1" 200 61 "https://isekainonbirinoukachapters.com/manga/farming-life-in-another-world-chapter-32/" "Mozilla/5.0 (Linux; Android 10; K) AppleWebKit/537.36 (KHTML, like Gecko) SamsungBrowser/28.0 Chrome/130.0.0.0 Mobile Safari/537.36"
2603:6011:7500:3543:657d:9415:d71c:19db - - [08/Jun/2025:07:37:57 -0400] "GET /manga/farming-life-in-another-world-chapter-254/ HTTP/1.1" 200 34030 "https://isekainonbirinoukachapters.com/manga/farming-life-in-another-world-chapter-253/" "Mozilla/5.0 (iPhone; CPU iPhone OS 18_2_1 like Mac OS X) AppleWebKit/605.1.15 (KHTML, like Gecko) CriOS/137.0.7151.79 Mobile/15E148 Safari/604.1"
2409:40f0:410e:9968:8cdc:9c14:2575:af71 - - [08/Jun/2025:07:38:01 -0400] "GET /manga/farming-life-in-another-world-chapter-33/ HTTP/1.1" 200 34220 "https://isekainonbirinoukachapters.com/manga/farming-life-in-another-world-chapter-32/" "Mozilla/5.0 (Linux; Android 10; K) AppleWebKit/537.36 (KHTML, like Gecko) SamsungBrowser/28.0 Chrome/130.0.0.0 Mobile Safari/537.36"
2409:40f0:410e:9968:8cdc:9c14:2575:af71 - - [08/Jun/2025:07:38:02 -0400] "GET /manga/farming-life-in-another-world-chapter-33/ HTTP/1.1" 304 0 "https://isekainonbirinoukachapters.com/manga/farming-life-in-another-world-chapter-32/" "Mozilla/5.0 (Linux; Android 10; K) AppleWebKit/537.36 (KHTML, like Gecko) SamsungBrowser/28.0 Chrome/130.0.0.0 Mobile Safari/537.36"
162.0.232.193 - - [08/Jun/2025:07:38:46 -0400] "POST /wp-cron.php?doing_wp_cron=1749382726.4303789138793945312500 HTTP/1.1" 200 0 "-" "WordPress/6.8.1; https://isekainonbirinoukachapters.com"
2a03:2880:f800:6:: - - [08/Jun/2025:07:38:46 -0400] "GET /category/isekai-nonbiri-nouka-manga/page/2/ HTTP/1.1" 200 33313 "-" "meta-externalagent/1.1 (+https://developers.facebook.com/docs/sharing/webmasters/crawler)"
47.82.60.3 - - [08/Jun/2025:07:38:54 -0400] "GET /manga/farming-life-in-another-world-chapter-113/ HTTP/1.1" 200 34502 "https://isekainonbirinoukachapters.com/manga/farming-life-in-another-world-chapter-113/" "Mozilla/5.0 (Windows NT 10.0; Win64; x64) AppleWebKit/537.36 (KHTML, like Gecko) Chrome/114.0.0.0 Safari/537.36 Edg/114.0.1823.43"
2603:6011:7500:3543:657d:9415:d71c:19db - - [08/Jun/2025:07:38:55 -0400] "GET /manga/farming-life-in-another-world-chapter-255/ HTTP/1.1" 200 34177 "https://isekainonbirinoukachapters.com/manga/farming-life-in-another-world-chapter-254/" "Mozilla/5.0 (iPhone; CPU iPhone OS 18_2_1 like Mac OS X) AppleWebKit/605.1.15 (KHTML, like Gecko) CriOS/137.0.7151.79 Mobile/15E148 Safari/604.1"
162.0.232.193 - - [08/Jun/2025:07:39:27 -0400] "POST /wp-cron.php?doing_wp_cron=1749382767.4899520874023437500000 HTTP/1.1" 200 0 "-" "WordPress/6.8.1; https://isekainonbirinoukachapters.com"
87.250.224.81 - - [08/Jun/2025:07:39:27 -0400] "GET /manga/isekai-nonbiri-nouka-chapter-147-naming-and-the-future/ HTTP/1.1" 301 0 "-" "Mozilla/5.0 (compatible; YandexBot/3.0; +http://yandex.com/bots)"
162.0.232.193 - - [08/Jun/2025:07:39:29 -0400] "GET /wp-content/uploads/89b93a66fa29a678cbd60ff176e1ea9a_1973.xml HTTP/1.1" 200 1499 "-" "Mozilla/5.0 (X11; Linux x86_64) AppleWebKit/537.36 (KHTML, like Gecko) Ubuntu Chromium/41.0.2272.76"
213.180.203.10 - - [08/Jun/2025:07:39:30 -0400] "GET / HTTP/1.1" 200 32423 "-" "Mozilla/5.0 (compatible; YandexBot/3.0; +http://yandex.com/bots)"
2603:6011:7500:3543:657d:9415:d71c:19db - - [08/Jun/2025:07:39:50 -0400] "GET /manga/farming-life-in-another-world-chapter-256/ HTTP/1.1" 200 34472 "https://isekainonbirinoukachapters.com/manga/farming-life-in-another-world-chapter-255/" "Mozilla/5.0 (iPhone; CPU iPhone OS 18_2_1 like Mac OS X) AppleWebKit/605.1.15 (KHTML, like Gecko) CriOS/137.0.7151.79 Mobile/15E148 Safari/604.1"
2603:6011:7500:3543:657d:9415:d71c:19db - - [08/Jun/2025:07:39:51 -0400] "POST /wp-admin/admin-ajax.php HTTP/1.1" 200 61 "https://isekainonbirinoukachapters.com/manga/farming-life-in-another-world-chapter-256/" "Mozilla/5.0 (iPhone; CPU iPhone OS 18_2_1 like Mac OS X) AppleWebKit/605.1.15 (KHTML, like Gecko) CriOS/137.0.7151.79 Mobile/15E148 Safari/604.1"
93.124.253.192 - - [08/Jun/2025:07:40:37 -0400] "GET / HTTP/1.1" 200 32286 "https://isekainonbirinoukachapters.com/manga/farming-life-in-another-world-chapter-25/" "Mozilla/5.0 (Windows NT 10.0; Win64; x64) AppleWebKit/537.36 (KHTML, like Gecko) Chrome/134.0.0.0 Safari/537.36 OPR/119.0.0.0"
2a04:4e41:271f:a2ac::41f:a2ac - - [08/Jun/2025:07:40:39 -0400] "GET /manga/farming-life-in-another-world-chapter-64/ HTTP/1.1" 200 34661 "https://isekainonbirinoukachapters.com/manga/farming-life-in-another-world-chapter-63/" "Mozilla/5.0 (iPhone; CPU iPhone OS 18_5 like Mac OS X) AppleWebKit/605.1.15 (KHTML, like Gecko) Version/18.5 Mobile/15E148 Safari/604.1"
2a04:4e41:271f:a2ac::41f:a2ac - - [08/Jun/2025:07:40:39 -0400] "GET /wp-includes/js/jquery/jquery-migrate.min.js?ver=3.4.1 HTTP/1.1" 200 4678 "https://isekainonbirinoukachapters.com/manga/farming-life-in-another-world-chapter-64/" "Mozilla/5.0 (iPhone; CPU iPhone OS 18_5 like Mac OS X) AppleWebKit/605.1.15 (KHTML, like Gecko) Version/18.5 Mobile/15E148 Safari/604.1"
2a04:4e41:271f:a2ac::41f:a2ac - - [08/Jun/2025:07:40:39 -0400] "GET /wp-content/plugins/simple-social-buttons/assets/js/frontend-blocks.js?ver=6.1.0 HTTP/1.1" 200 0 "https://isekainonbirinoukachapters.com/manga/farming-life-in-another-world-chapter-64/" "Mozilla/5.0 (iPhone; CPU iPhone OS 18_5 like Mac OS X) AppleWebKit/605.1.15 (KHTML, like Gecko) Version/18.5 Mobile/15E148 Safari/604.1"
2a04:4e41:271f:a2ac::41f:a2ac - - [08/Jun/2025:07:40:39 -0400] "GET /wp-content/themes/toivo-lite/js/responsive-nav.min.js?ver=1.2.0 HTTP/1.1" 200 2102 "https://isekainonbirinoukachapters.com/manga/farming-life-in-another-world-chapter-64/" "Mozilla/5.0 (iPhone; CPU iPhone OS 18_5 like Mac OS X) AppleWebKit/605.1.15 (KHTML, like Gecko) Version/18.5 Mobile/15E148 Safari/604.1"
2a04:4e41:271f:a2ac::41f:a2ac - - [08/Jun/2025:07:40:40 -0400] "GET /wp-content/cache/min/1/wp-content/plugins/comic-easel/js/keynav.js?ver=1729190448 HTTP/1.1" 200 221 "https://isekainonbirinoukachapters.com/manga/farming-life-in-another-world-chapter-64/" "Mozilla/5.0 (iPhone; CPU iPhone OS 18_5 like Mac OS X) AppleWebKit/605.1.15 (KHTML, like Gecko) Version/18.5 Mobile/15E148 Safari/604.1"
2a04:4e41:271f:a2ac::41f:a2ac - - [08/Jun/2025:07:40:40 -0400] "GET /wp-content/themes/toivo-lite/js/functions.min.js?ver=1.2.0 HTTP/1.1" 200 593 "https://isekainonbirinoukachapters.com/manga/farming-life-in-another-world-chapter-64/" "Mozilla/5.0 (iPhone; CPU iPhone OS 18_5 like Mac OS X) AppleWebKit/605.1.15 (KHTML, like Gecko) Version/18.5 Mobile/15E148 Safari/604.1"
2a04:4e41:271f:a2ac::41f:a2ac - - [08/Jun/2025:07:40:40 -0400] "GET /wp-content/cache/min/1/wp-content/plugins/wp-automatic/js/main-front.js?ver=1729190448 HTTP/1.1" 200 276 "https://isekainonbirinoukachapters.com/manga/farming-life-in-another-world-chapter-64/" "Mozilla/5.0 (iPhone; CPU iPhone OS 18_5 like Mac OS X) AppleWebKit/605.1.15 (KHTML, like Gecko) Version/18.5 Mobile/15E148 Safari/604.1"
2a04:4e41:271f:a2ac::41f:a2ac - - [08/Jun/2025:07:40:40 -0400] "GET /wp-content/cache/min/1/wp-content/plugins/simple-social-buttons/assets/js/front.js?ver=1729190448 HTTP/1.1" 200 1488 "https://isekainonbirinoukachapters.com/manga/farming-life-in-another-world-chapter-64/" "Mozilla/5.0 (iPhone; CPU iPhone OS 18_5 like Mac OS X) AppleWebKit/605.1.15 (KHTML, like Gecko) Version/18.5 Mobile/15E148 Safari/604.1"
2a04:4e41:271f:a2ac::41f:a2ac - - [08/Jun/2025:07:40:40 -0400] "GET /wp-includes/js/comment-reply.min.js?ver=6.8.1 HTTP/1.1" 200 1247 "https://isekainonbirinoukachapters.com/manga/farming-life-in-another-world-chapter-64/" "Mozilla/5.0 (iPhone; CPU iPhone OS 18_5 like Mac OS X) AppleWebKit/605.1.15 (KHTML, like Gecko) Version/18.5 Mobile/15E148 Safari/604.1"
2a04:4e41:271f:a2ac::41f:a2ac - - [08/Jun/2025:07:40:40 -0400] "GET /wp-content/themes/toivo-lite/js/settings.min.js?ver=1.2.0 HTTP/1.1" 200 307 "https://isekainonbirinoukachapters.com/manga/farming-life-in-another-world-chapter-64/" "Mozilla/5.0 (iPhone; CPU iPhone OS 18_5 like Mac OS X) AppleWebKit/605.1.15 (KHTML, like Gecko) Version/18.5 Mobile/15E148 Safari/604.1"
2a04:4e41:271f:a2ac::41f:a2ac - - [08/Jun/2025:07:40:40 -0400] "GET /wp-content/cache/min/1/wp-content/plugins/disqus-comment-system/public/js/comment_count.js?ver=1729190448 HTTP/1.1" 200 308 "https://isekainonbirinoukachapters.com/manga/farming-life-in-another-world-chapter-64/" "Mozilla/5.0 (iPhone; CPU iPhone OS 18_5 like Mac OS X) AppleWebKit/605.1.15 (KHTML, like Gecko) Version/18.5 Mobile/15E148 Safari/604.1"
2a04:4e41:271f:a2ac::41f:a2ac - - [08/Jun/2025:07:40:40 -0400] "GET /wp-includes/js/jquery/jquery.min.js?ver=3.7.1 HTTP/1.1" 200 29744 "https://isekainonbirinoukachapters.com/manga/farming-life-in-another-world-chapter-64/" "Mozilla/5.0 (iPhone; CPU iPhone OS 18_5 like Mac OS X) AppleWebKit/605.1.15 (KHTML, like Gecko) Version/18.5 Mobile/15E148 Safari/604.1"
2a04:4e41:271f:a2ac::41f:a2ac - - [08/Jun/2025:07:40:40 -0400] "GET /wp-content/uploads/2024/07/cropped-9781642730852_il_1_aad6e-1.webp HTTP/1.1" 200 97090 "https://isekainonbirinoukachapters.com/manga/farming-life-in-another-world-chapter-64/" "Mozilla/5.0 (iPhone; CPU iPhone OS 18_5 like Mac OS X) AppleWebKit/605.1.15 (KHTML, like Gecko) Version/18.5 Mobile/15E148 Safari/604.1"
162.0.232.193 - - [08/Jun/2025:07:40:41 -0400] "POST /wp-cron.php?doing_wp_cron=1749382840.9120669364929199218750 HTTP/1.1" 200 0 "-" "WordPress/6.8.1; https://isekainonbirinoukachapters.com"
2a04:4e41:271f:a2ac::41f:a2ac - - [08/Jun/2025:07:40:41 -0400] "GET /wp-content/uploads/2024/07/cropped-63b857c96f67c-32x32.jpg HTTP/1.1" 200 1070 "https://isekainonbirinoukachapters.com/manga/farming-life-in-another-world-chapter-64/" "Mozilla/5.0 (iPhone; CPU iPhone OS 18_5 like Mac OS X) AppleWebKit/605.1.15 (KHTML, like Gecko) Version/18.5 Mobile/15E148 Safari/604.1"
2a04:4e41:271f:a2ac::41f:a2ac - - [08/Jun/2025:07:40:41 -0400] "GET /wp-content/uploads/2024/07/cropped-63b857c96f67c-192x192.jpg HTTP/1.1" 200 7984 "https://isekainonbirinoukachapters.com/manga/farming-life-in-another-world-chapter-64/" "Mozilla/5.0 (iPhone; CPU iPhone OS 18_5 like Mac OS X) AppleWebKit/605.1.15 (KHTML, like Gecko) Version/18.5 Mobile/15E148 Safari/604.1"
2a04:4e41:271f:a2ac::41f:a2ac - - [08/Jun/2025:07:40:40 -0400] "POST /wp-admin/admin-ajax.php HTTP/1.1" 200 61 "https://isekainonbirinoukachapters.com/manga/farming-life-in-another-world-chapter-64/" "Mozilla/5.0 (iPhone; CPU iPhone OS 18_5 like Mac OS X) AppleWebKit/605.1.15 (KHTML, like Gecko) Version/18.5 Mobile/15E148 Safari/604.1"
2001:8003:481c:e001:b4da:1623:a296:b4ae - - [08/Jun/2025:07:41:09 -0400] "GET / HTTP/1.1" 200 32286 "https://www.google.com/" "Mozilla/5.0 (Macintosh; Intel Mac OS X 10_15_7) AppleWebKit/537.36 (KHTML, like Gecko) Chrome/129.0.0.0 Safari/537.36"
2001:4860:7:801::d6 - - [08/Jun/2025:07:41:09 -0400] "GET / HTTP/1.1" 200 32286 "https://www.google.com/" "Mozilla/5.0 (Macintosh; Intel Mac OS X 10_15_7) AppleWebKit/537.36 (KHTML, like Gecko) Chrome/129.0.0.0 Safari/537.36"
2001:8003:481c:e001:b4da:1623:a296:b4ae - - [08/Jun/2025:07:41:10 -0400] "GET /wp-content/uploads/2024/07/MV5BYjA4Mjc5OWYtMTQ1Yy00MWQyLTg3NGYtZTA0NjZiYzI0NDhhXkEyXkFqcGdeQXVyMzgxODM4NjM@._V1_FMjpg_UX1000_.jpg HTTP/1.1" 200 260352 "https://isekainonbirinoukachapters.com/" "Mozilla/5.0 (Macintosh; Intel Mac OS X 10_15_7) AppleWebKit/537.36 (KHTML, like Gecko) Chrome/129.0.0.0 Safari/537.36"
2001:8003:481c:e001:b4da:1623:a296:b4ae - - [08/Jun/2025:07:41:12 -0400] "GET /wp-content/uploads/2024/07/cropped-63b857c96f67c-32x32.jpg HTTP/1.1" 200 1070 "https://isekainonbirinoukachapters.com/" "Mozilla/5.0 (Macintosh; Intel Mac OS X 10_15_7) AppleWebKit/537.36 (KHTML, like Gecko) Chrome/129.0.0.0 Safari/537.36"
2001:8003:481c:e001:b4da:1623:a296:b4ae - - [08/Jun/2025:07:41:15 -0400] "GET /manga/farming-life-in-another-world-chapter-72/ HTTP/1.1" 200 34101 "https://isekainonbirinoukachapters.com/" "Mozilla/5.0 (Macintosh; Intel Mac OS X 10_15_7) AppleWebKit/537.36 (KHTML, like Gecko) Chrome/129.0.0.0 Safari/537.36"
2001:8003:481c:e001:b4da:1623:a296:b4ae - - [08/Jun/2025:07:41:16 -0400] "GET /manga/farming-life-in-another-world-chapter-86/ HTTP/1.1" 200 34333 "https://isekainonbirinoukachapters.com/" "Mozilla/5.0 (Macintosh; Intel Mac OS X 10_15_7) AppleWebKit/537.36 (KHTML, like Gecko) Chrome/129.0.0.0 Safari/537.36"
2001:8003:481c:e001:b4da:1623:a296:b4ae - - [08/Jun/2025:07:41:16 -0400] "GET /manga/farming-life-in-another-world-chapter-85/ HTTP/1.1" 200 34463 "https://isekainonbirinoukachapters.com/" "Mozilla/5.0 (Macintosh; Intel Mac OS X 10_15_7) AppleWebKit/537.36 (KHTML, like Gecko) Chrome/129.0.0.0 Safari/537.36"
2001:8003:481c:e001:b4da:1623:a296:b4ae - - [08/Jun/2025:07:41:17 -0400] "GET /manga/farming-life-in-another-world-chapter-86/ HTTP/1.1" 304 0 "https://isekainonbirinoukachapters.com/" "Mozilla/5.0 (Macintosh; Intel Mac OS X 10_15_7) AppleWebKit/537.36 (KHTML, like Gecko) Chrome/129.0.0.0 Safari/537.36"
2001:8003:481c:e001:b4da:1623:a296:b4ae - - [08/Jun/2025:07:41:18 -0400] "GET /wp-content/plugins/simple-social-buttons/assets/fonts/ssb-icon.ttf?eahqa2 HTTP/1.1" 200 7412 "https://isekainonbirinoukachapters.com/manga/farming-life-in-another-world-chapter-86/" "Mozilla/5.0 (Macintosh; Intel Mac OS X 10_15_7) AppleWebKit/537.36 (KHTML, like Gecko) Chrome/129.0.0.0 Safari/537.36"
2001:8003:481c:e001:b4da:1623:a296:b4ae - - [08/Jun/2025:07:41:18 -0400] "GET /wp-content/cache/min/1/wp-content/plugins/wp-automatic/js/main-front.js?ver=1729190448 HTTP/1.1" 200 276 "https://isekainonbirinoukachapters.com/manga/farming-life-in-another-world-chapter-86/" "Mozilla/5.0 (Macintosh; Intel Mac OS X 10_15_7) AppleWebKit/537.36 (KHTML, like Gecko) Chrome/129.0.0.0 Safari/537.36"
2001:8003:481c:e001:b4da:1623:a296:b4ae - - [08/Jun/2025:07:41:18 -0400] "GET /wp-content/cache/min/1/wp-content/plugins/disqus-comment-system/public/js/comment_embed.js?ver=1729190448 HTTP/1.1" 200 494 "https://isekainonbirinoukachapters.com/manga/farming-life-in-another-world-chapter-86/" "Mozilla/5.0 (Macintosh; Intel Mac OS X 10_15_7) AppleWebKit/537.36 (KHTML, like Gecko) Chrome/129.0.0.0 Safari/537.36"
2001:8003:481c:e001:b4da:1623:a296:b4ae - - [08/Jun/2025:07:41:19 -0400] "GET /wp-includes/js/comment-reply.min.js?ver=6.8.1 HTTP/1.1" 200 1247 "https://isekainonbirinoukachapters.com/manga/farming-life-in-another-world-chapter-86/" "Mozilla/5.0 (Macintosh; Intel Mac OS X 10_15_7) AppleWebKit/537.36 (KHTML, like Gecko) Chrome/129.0.0.0 Safari/537.36"
162.0.232.193 - - [08/Jun/2025:07:41:19 -0400] "POST /wp-cron.php?doing_wp_cron=1749382879.2156260013580322265625 HTTP/1.1" 200 0 "-" "WordPress/6.8.1; https://isekainonbirinoukachapters.com"
2001:8003:481c:e001:b4da:1623:a296:b4ae - - [08/Jun/2025:07:41:18 -0400] "POST /wp-admin/admin-ajax.php HTTP/1.1" 200 61 "https://isekainonbirinoukachapters.com/manga/farming-life-in-another-world-chapter-86/" "Mozilla/5.0 (Macintosh; Intel Mac OS X 10_15_7) AppleWebKit/537.36 (KHTML, like Gecko) Chrome/129.0.0.0 Safari/537.36"
162.0.232.193 - - [08/Jun/2025:07:41:21 -0400] "GET /wp-content/uploads/89b93a66fa29a678cbd60ff176e1ea9a_1973.xml HTTP/1.1" 200 1362 "-" "Mozilla/5.0 (X11; Linux x86_64) AppleWebKit/537.36 (KHTML, like Gecko) Ubuntu Chromium/41.0.2272.76"
85.208.96.199 - - [08/Jun/2025:07:41:42 -0400] "GET /manga/farming-life-in-another-world-chapter-148/ HTTP/1.1" 200 34193 "-" "Mozilla/5.0 (compatible; SemrushBot/7~bl; +http://www.semrush.com/bot.html)"
2a0a:4cc0:40:16:38a7:beff:fe07:bc7c - - [08/Jun/2025:07:41:48 -0400] "GET / HTTP/1.1" 200 32326 "https://www.google.com/" "Mozilla/5.0 (Linux; Android 10; K) AppleWebKit/537.36 (KHTML, like Gecko) Chrome/137.0.0.0 Mobile Safari/537.36"
61.6.237.210 - - [08/Jun/2025:07:41:58 -0400] "GET / HTTP/1.1" 200 32326 "https://www.google.co.uk/" "Mozilla/5.0 (iPhone; CPU iPhone OS 15_8_3 like Mac OS X) AppleWebKit/605.1.15 (KHTML, like Gecko) Version/15.6.6 Mobile/15E148 Safari/604.1"
2a0a:4cc0:40:16:38a7:beff:fe07:bc7c - - [08/Jun/2025:07:42:03 -0400] "GET /manga/farming-life-in-another-world-chapter-5/ HTTP/1.1" 200 34393 "https://isekainonbirinoukachapters.com/" "Mozilla/5.0 (Linux; Android 10; K) AppleWebKit/537.36 (KHTML, like Gecko) Chrome/137.0.0.0 Mobile Safari/537.36"
2a0a:4cc0:40:16:38a7:beff:fe07:bc7c - - [08/Jun/2025:07:42:04 -0400] "GET /manga/farming-life-in-another-world-chapter-5/ HTTP/1.1" 304 0 "https://isekainonbirinoukachapters.com/" "Mozilla/5.0 (Linux; Android 10; K) AppleWebKit/537.36 (KHTML, like Gecko) Chrome/137.0.0.0 Mobile Safari/537.36"
2a0a:4cc0:40:16:38a7:beff:fe07:bc7c - - [08/Jun/2025:07:42:07 -0400] "GET /manga/farming-life-in-another-world-chapter-87/ HTTP/1.1" 200 34323 "https://isekainonbirinoukachapters.com/" "Mozilla/5.0 (Linux; Android 10; K) AppleWebKit/537.36 (KHTML, like Gecko) Chrome/137.0.0.0 Mobile Safari/537.36"
2a0a:4cc0:40:16:38a7:beff:fe07:bc7c - - [08/Jun/2025:07:42:07 -0400] "GET /manga/farming-life-in-another-world-chapter-87/ HTTP/1.1" 304 0 "https://isekainonbirinoukachapters.com/" "Mozilla/5.0 (Linux; Android 10; K) AppleWebKit/537.36 (KHTML, like Gecko) Chrome/137.0.0.0 Mobile Safari/537.36"
2a0a:4cc0:40:16:38a7:beff:fe07:bc7c - - [08/Jun/2025:07:42:09 -0400] "GET /category/isekai-nonbiri-nouka-manga/ HTTP/1.1" 200 31277 "https://isekainonbirinoukachapters.com/manga/farming-life-in-another-world-chapter-87/" "Mozilla/5.0 (Linux; Android 10; K) AppleWebKit/537.36 (KHTML, like Gecko) Chrome/137.0.0.0 Mobile Safari/537.36"
2a0a:4cc0:40:16:38a7:beff:fe07:bc7c - - [08/Jun/2025:07:42:09 -0400] "GET /manga/farming-life-in-another-world-chapter-86/ HTTP/1.1" 200 34601 "https://isekainonbirinoukachapters.com/manga/farming-life-in-another-world-chapter-87/" "Mozilla/5.0 (Linux; Android 10; K) AppleWebKit/537.36 (KHTML, like Gecko) Chrome/137.0.0.0 Mobile Safari/537.36"
2a0a:4cc0:40:16:38a7:beff:fe07:bc7c - - [08/Jun/2025:07:42:09 -0400] "POST /wp-admin/admin-ajax.php HTTP/1.1" 200 61 "https://isekainonbirinoukachapters.com/manga/farming-life-in-another-world-chapter-87/" "Mozilla/5.0 (Linux; Android 10; K) AppleWebKit/537.36 (KHTML, like Gecko) Chrome/137.0.0.0 Mobile Safari/537.36"
2a0a:4cc0:40:16:38a7:beff:fe07:bc7c - - [08/Jun/2025:07:42:10 -0400] "GET /manga/farming-life-in-another-world-chapter-86/ HTTP/1.1" 304 0 "https://isekainonbirinoukachapters.com/manga/farming-life-in-another-world-chapter-87/" "Mozilla/5.0 (Linux; Android 10; K) AppleWebKit/537.36 (KHTML, like Gecko) Chrome/137.0.0.0 Mobile Safari/537.36"
2a0a:4cc0:40:16:38a7:beff:fe07:bc7c - - [08/Jun/2025:07:42:26 -0400] "GET /manga/farming-life-in-another-world-chapter-84/ HTTP/1.1" 200 34536 "https://isekainonbirinoukachapters.com/" "Mozilla/5.0 (Linux; Android 10; K) AppleWebKit/537.36 (KHTML, like Gecko) Chrome/137.0.0.0 Mobile Safari/537.36"
2a0a:4cc0:40:16:38a7:beff:fe07:bc7c - - [08/Jun/2025:07:42:27 -0400] "GET /manga/farming-life-in-another-world-chapter-84/ HTTP/1.1" 304 0 "https://isekainonbirinoukachapters.com/" "Mozilla/5.0 (Linux; Android 10; K) AppleWebKit/537.36 (KHTML, like Gecko) Chrome/137.0.0.0 Mobile Safari/537.36"
162.0.232.193 - - [08/Jun/2025:07:42:28 -0400] "POST /wp-cron.php?doing_wp_cron=1749382947.9648349285125732421875 HTTP/1.1" 200 0 "-" "WordPress/6.8.1; https://isekainonbirinoukachapters.com"
2a0a:4cc0:40:16:38a7:beff:fe07:bc7c - - [08/Jun/2025:07:42:27 -0400] "POST /wp-admin/admin-ajax.php HTTP/1.1" 200 61 "https://isekainonbirinoukachapters.com/manga/farming-life-in-another-world-chapter-84/" "Mozilla/5.0 (Linux; Android 10; K) AppleWebKit/537.36 (KHTML, like Gecko) Chrome/137.0.0.0 Mobile Safari/537.36"
2001:8003:481c:e001:b4da:1623:a296:b4ae - - [08/Jun/2025:07:42:39 -0400] "GET /manga/farming-life-in-another-world-chapter-87/ HTTP/1.1" 200 34460 "https://isekainonbirinoukachapters.com/manga/farming-life-in-another-world-chapter-86/" "Mozilla/5.0 (Macintosh; Intel Mac OS X 10_15_7) AppleWebKit/537.36 (KHTML, like Gecko) Chrome/129.0.0.0 Safari/537.36"
2001:8003:481c:e001:b4da:1623:a296:b4ae - - [08/Jun/2025:07:42:40 -0400] "GET /manga/farming-life-in-another-world-chapter-87/ HTTP/1.1" 304 0 "https://isekainonbirinoukachapters.com/manga/farming-life-in-another-world-chapter-86/" "Mozilla/5.0 (Macintosh; Intel Mac OS X 10_15_7) AppleWebKit/537.36 (KHTML, like Gecko) Chrome/129.0.0.0 Safari/537.36"
2001:8003:481c:e001:b4da:1623:a296:b4ae - - [08/Jun/2025:07:42:40 -0400] "GET / HTTP/1.1" 304 0 "https://isekainonbirinoukachapters.com/manga/farming-life-in-another-world-chapter-87/" "Mozilla/5.0 (Macintosh; Intel Mac OS X 10_15_7) AppleWebKit/537.36 (KHTML, like Gecko) Chrome/129.0.0.0 Safari/537.36"
2001:8003:481c:e001:b4da:1623:a296:b4ae - - [08/Jun/2025:07:42:40 -0400] "POST /wp-admin/admin-ajax.php HTTP/1.1" 200 61 "https://isekainonbirinoukachapters.com/manga/farming-life-in-another-world-chapter-87/" "Mozilla/5.0 (Macintosh; Intel Mac OS X 10_15_7) AppleWebKit/537.36 (KHTML, like Gecko) Chrome/129.0.0.0 Safari/537.36"
217.138.252.98 - - [08/Jun/2025:07:42:53 -0400] "GET / HTTP/1.1" 200 32326 "https://www.google.com/" "Mozilla/5.0 (iPhone; CPU iPhone OS 18_5 like Mac OS X) AppleWebKit/605.1.15 (KHTML, like Gecko) Version/18.5 Mobile/15E148 Safari/604.1"
217.138.252.98 - - [08/Jun/2025:07:42:54 -0400] "GET /wp-includes/js/jquery/jquery.min.js?ver=3.7.1 HTTP/1.1" 200 29744 "https://isekainonbirinoukachapters.com/" "Mozilla/5.0 (iPhone; CPU iPhone OS 18_5 like Mac OS X) AppleWebKit/605.1.15 (KHTML, like Gecko) Version/18.5 Mobile/15E148 Safari/604.1"
217.138.252.98 - - [08/Jun/2025:07:42:54 -0400] "GET /wp-content/uploads/2024/07/MV5BYjA4Mjc5OWYtMTQ1Yy00MWQyLTg3NGYtZTA0NjZiYzI0NDhhXkEyXkFqcGdeQXVyMzgxODM4NjM@._V1_FMjpg_UX1000_.jpg HTTP/1.1" 200 260352 "https://isekainonbirinoukachapters.com/" "Mozilla/5.0 (iPhone; CPU iPhone OS 18_5 like Mac OS X) AppleWebKit/605.1.15 (KHTML, like Gecko) Version/18.5 Mobile/15E148 Safari/604.1"
217.138.252.98 - - [08/Jun/2025:07:42:56 -0400] "GET /wp-content/uploads/2024/07/cropped-63b857c96f67c-32x32.jpg HTTP/1.1" 200 1070 "https://isekainonbirinoukachapters.com/" "Mozilla/5.0 (iPhone; CPU iPhone OS 18_5 like Mac OS X) AppleWebKit/605.1.15 (KHTML, like Gecko) Version/18.5 Mobile/15E148 Safari/604.1"
217.138.252.98 - - [08/Jun/2025:07:42:58 -0400] "GET /manga/farming-life-in-another-world-chapter-1/ HTTP/1.1" 200 34465 "https://isekainonbirinoukachapters.com/" "Mozilla/5.0 (iPhone; CPU iPhone OS 18_5 like Mac OS X) AppleWebKit/605.1.15 (KHTML, like Gecko) Version/18.5 Mobile/15E148 Safari/604.1"
217.138.252.98 - - [08/Jun/2025:07:43:22 -0400] "GET /manga/farming-life-in-another-world-chapter-2/ HTTP/1.1" 200 34723 "https://isekainonbirinoukachapters.com/manga/farming-life-in-another-world-chapter-1/" "Mozilla/5.0 (iPhone; CPU iPhone OS 18_5 like Mac OS X) AppleWebKit/605.1.15 (KHTML, like Gecko) Version/18.5 Mobile/15E148 Safari/604.1"
162.0.232.193 - - [08/Jun/2025:07:43:24 -0400] "POST /wp-cron.php?doing_wp_cron=1749383003.8291079998016357421875 HTTP/1.1" 200 0 "-" "WordPress/6.8.1; https://isekainonbirinoukachapters.com"
217.138.252.98 - - [08/Jun/2025:07:43:23 -0400] "POST /wp-admin/admin-ajax.php HTTP/1.1" 200 61 "https://isekainonbirinoukachapters.com/manga/farming-life-in-another-world-chapter-2/" "Mozilla/5.0 (iPhone; CPU iPhone OS 18_5 like Mac OS X) AppleWebKit/605.1.15 (KHTML, like Gecko) Version/18.5 Mobile/15E148 Safari/604.1"
162.0.232.193 - - [08/Jun/2025:07:43:25 -0400] "GET /wp-content/uploads/89b93a66fa29a678cbd60ff176e1ea9a_1973.xml HTTP/1.1" 200 1499 "-" "Mozilla/5.0 (X11; Linux x86_64) AppleWebKit/537.36 (KHTML, like Gecko) Ubuntu Chromium/41.0.2272.76"
2001:8003:481c:e001:b4da:1623:a296:b4ae - - [08/Jun/2025:07:43:35 -0400] "GET /manga/farming-life-in-another-world-chapter-88/ HTTP/1.1" 200 34527 "https://isekainonbirinoukachapters.com/manga/farming-life-in-another-world-chapter-87/" "Mozilla/5.0 (Macintosh; Intel Mac OS X 10_15_7) AppleWebKit/537.36 (KHTML, like Gecko) Chrome/129.0.0.0 Safari/537.36"
2001:8003:481c:e001:b4da:1623:a296:b4ae - - [08/Jun/2025:07:43:35 -0400] "GET /manga/farming-life-in-another-world-chapter-88/ HTTP/1.1" 304 0 "https://isekainonbirinoukachapters.com/manga/farming-life-in-another-world-chapter-87/" "Mozilla/5.0 (Macintosh; Intel Mac OS X 10_15_7) AppleWebKit/537.36 (KHTML, like Gecko) Chrome/129.0.0.0 Safari/537.36"
2001:8003:481c:e001:b4da:1623:a296:b4ae - - [08/Jun/2025:07:43:36 -0400] "POST /wp-admin/admin-ajax.php HTTP/1.1" 200 61 "https://isekainonbirinoukachapters.com/manga/farming-life-in-another-world-chapter-88/" "Mozilla/5.0 (Macintosh; Intel Mac OS X 10_15_7) AppleWebKit/537.36 (KHTML, like Gecko) Chrome/129.0.0.0 Safari/537.36"
93.139.175.253 - - [08/Jun/2025:07:43:52 -0400] "GET /manga/farming-life-in-another-world-chapter-40/ HTTP/1.1" 200 34464 "https://isekainonbirinoukachapters.com/manga/farming-life-in-another-world-chapter-39/" "Mozilla/5.0 (Windows NT 10.0; Win64; x64) AppleWebKit/537.36 (KHTML, like Gecko) Chrome/137.0.0.0 Safari/537.36"
93.139.175.253 - - [08/Jun/2025:07:43:53 -0400] "GET /manga/farming-life-in-another-world-chapter-40/ HTTP/1.1" 304 0 "https://isekainonbirinoukachapters.com/manga/farming-life-in-another-world-chapter-39/" "Mozilla/5.0 (Windows NT 10.0; Win64; x64) AppleWebKit/537.36 (KHTML, like Gecko) Chrome/137.0.0.0 Safari/537.36"
93.139.175.253 - - [08/Jun/2025:07:43:53 -0400] "POST /wp-admin/admin-ajax.php HTTP/1.1" 200 61 "https://isekainonbirinoukachapters.com/manga/farming-life-in-another-world-chapter-40/" "Mozilla/5.0 (Windows NT 10.0; Win64; x64) AppleWebKit/537.36 (KHTML, like Gecko) Chrome/137.0.0.0 Safari/537.36"
217.138.252.98 - - [08/Jun/2025:07:44:05 -0400] "GET /manga/farming-life-in-another-world-chapter-1/ HTTP/1.1" 304 0 "https://isekainonbirinoukachapters.com/manga/farming-life-in-another-world-chapter-2/" "Mozilla/5.0 (iPhone; CPU iPhone OS 18_5 like Mac OS X) AppleWebKit/605.1.15 (KHTML, like Gecko) Version/18.5 Mobile/15E148 Safari/604.1"
217.138.252.98 - - [08/Jun/2025:07:44:05 -0400] "GET /manga/farming-life-in-another-world-chapter-3/ HTTP/1.1" 200 34010 "https://isekainonbirinoukachapters.com/manga/farming-life-in-another-world-chapter-2/" "Mozilla/5.0 (iPhone; CPU iPhone OS 18_5 like Mac OS X) AppleWebKit/605.1.15 (KHTML, like Gecko) Version/18.5 Mobile/15E148 Safari/604.1"
217.138.252.98 - - [08/Jun/2025:07:44:19 -0400] "GET /manga/farming-life-in-another-world-chapter-1/ HTTP/1.1" 200 34465 "https://isekainonbirinoukachapters.com/" "Mozilla/5.0 (iPhone; CPU iPhone OS 18_5 like Mac OS X) AppleWebKit/605.1.15 (KHTML, like Gecko) Version/18.5 Mobile/15E148 Safari/604.1"
217.138.252.98 - - [08/Jun/2025:07:44:20 -0400] "GET / HTTP/1.1" 200 32326 "https://www.google.com/" "Mozilla/5.0 (iPhone; CPU iPhone OS 18_5 like Mac OS X) AppleWebKit/605.1.15 (KHTML, like Gecko) Version/18.5 Mobile/15E148 Safari/604.1"
2001:8003:481c:e001:b4da:1623:a296:b4ae - - [08/Jun/2025:07:44:22 -0400] "GET /manga/farming-life-in-another-world-chapter-89/ HTTP/1.1" 200 34509 "https://isekainonbirinoukachapters.com/manga/farming-life-in-another-world-chapter-88/" "Mozilla/5.0 (Macintosh; Intel Mac OS X 10_15_7) AppleWebKit/537.36 (KHTML, like Gecko) Chrome/129.0.0.0 Safari/537.36"
2001:8003:481c:e001:b4da:1623:a296:b4ae - - [08/Jun/2025:07:44:23 -0400] "GET /manga/farming-life-in-another-world-chapter-89/ HTTP/1.1" 304 0 "https://isekainonbirinoukachapters.com/manga/farming-life-in-another-world-chapter-88/" "Mozilla/5.0 (Macintosh; Intel Mac OS X 10_15_7) AppleWebKit/537.36 (KHTML, like Gecko) Chrome/129.0.0.0 Safari/537.36"
162.0.232.193 - - [08/Jun/2025:07:44:24 -0400] "POST /wp-cron.php?doing_wp_cron=1749383064.3558409214019775390625 HTTP/1.1" 200 0 "-" "WordPress/6.8.1; https://isekainonbirinoukachapters.com"
2001:8003:481c:e001:b4da:1623:a296:b4ae - - [08/Jun/2025:07:44:24 -0400] "POST /wp-admin/admin-ajax.php HTTP/1.1" 200 61 "https://isekainonbirinoukachapters.com/manga/farming-life-in-another-world-chapter-89/" "Mozilla/5.0 (Macintosh; Intel Mac OS X 10_15_7) AppleWebKit/537.36 (KHTML, like Gecko) Chrome/129.0.0.0 Safari/537.36"
2001:8003:481c:e001:b4da:1623:a296:b4ae - - [08/Jun/2025:07:44:56 -0400] "GET /manga/farming-life-in-another-world-chapter-90/ HTTP/1.1" 200 34508 "https://isekainonbirinoukachapters.com/manga/farming-life-in-another-world-chapter-89/" "Mozilla/5.0 (Macintosh; Intel Mac OS X 10_15_7) AppleWebKit/537.36 (KHTML, like Gecko) Chrome/129.0.0.0 Safari/537.36"
47.82.60.58 - - [08/Jun/2025:07:44:56 -0400] "GET /manga/farming-life-in-another-world-chapter-136/ HTTP/1.1" 200 34144 "https://isekainonbirinoukachapters.com/manga/farming-life-in-another-world-chapter-136/" "Mozilla/5.0 (Windows NT 10.0; Win64; x64) AppleWebKit/537.36 (KHTML, like Gecko) Chrome/114.0.0.0 Safari/537.36 Edg/114.0.1823.43"
2001:8003:481c:e001:b4da:1623:a296:b4ae - - [08/Jun/2025:07:44:57 -0400] "GET /manga/farming-life-in-another-world-chapter-90/ HTTP/1.1" 304 0 "https://isekainonbirinoukachapters.com/manga/farming-life-in-another-world-chapter-89/" "Mozilla/5.0 (Macintosh; Intel Mac OS X 10_15_7) AppleWebKit/537.36 (KHTML, like Gecko) Chrome/129.0.0.0 Safari/537.36"
162.0.232.193 - - [08/Jun/2025:07:44:57 -0400] "POST /wp-cron.php?doing_wp_cron=1749383097.6398770809173583984375 HTTP/1.1" 200 0 "-" "WordPress/6.8.1; https://isekainonbirinoukachapters.com"
2001:8003:481c:e001:b4da:1623:a296:b4ae - - [08/Jun/2025:07:44:57 -0400] "POST /wp-admin/admin-ajax.php HTTP/1.1" 200 61 "https://isekainonbirinoukachapters.com/manga/farming-life-in-another-world-chapter-90/" "Mozilla/5.0 (Macintosh; Intel Mac OS X 10_15_7) AppleWebKit/537.36 (KHTML, like Gecko) Chrome/129.0.0.0 Safari/537.36"
162.0.232.193 - - [08/Jun/2025:07:44:59 -0400] "GET /wp-content/uploads/89b93a66fa29a678cbd60ff176e1ea9a_1973.xml HTTP/1.1" 200 1499 "-" "Mozilla/5.0 (X11; Linux x86_64) AppleWebKit/537.36 (KHTML, like Gecko) Ubuntu Chromium/41.0.2272.76"
43.131.243.61 - - [08/Jun/2025:07:45:46 -0400] "GET /manga/farming-life-in-another-world-chapter-109/ HTTP/1.1" 200 34282 "-" "Mozilla/5.0 (iPhone; CPU iPhone OS 13_2_3 like Mac OS X) AppleWebKit/605.1.15 (KHTML, like Gecko) Version/13.0.3 Mobile/15E148 Safari/604.1"
162.0.232.193 - - [08/Jun/2025:07:46:27 -0400] "POST /wp-cron.php?doing_wp_cron=1749383187.5239560604095458984375 HTTP/1.1" 200 0 "-" "WordPress/6.8.1; https://isekainonbirinoukachapters.com"
42.117.128.44 - - [08/Jun/2025:07:46:27 -0400] "POST /xmlrpc.php HTTP/1.1" 200 186 "https://isekainonbirinoukachapters.com" "Mozilla/5.0 (Windows NT 11.0; Win64; x64; rv:126.0) Gecko/20100101 Firefox/126.0"
162.0.232.193 - - [08/Jun/2025:07:46:29 -0400] "GET /wp-content/uploads/89b93a66fa29a678cbd60ff176e1ea9a_1973.xml HTTP/1.1" 200 1499 "-" "Mozilla/5.0 (X11; Linux x86_64) AppleWebKit/537.36 (KHTML, like Gecko) Ubuntu Chromium/41.0.2272.76"
42.117.128.44 - - [08/Jun/2025:07:46:29 -0400] "POST /wp-login.php HTTP/1.1" 200 2036 "https://isekainonbirinoukachapters.com" "Mozilla/5.0 (Macintosh; Intel Mac OS X 10_15_7; rv:127.0) Gecko/20100101 Firefox/127.0"
2607:fb91:a93:495e:5079:3b32:4857:b256 - - [08/Jun/2025:07:46:36 -0400] "GET / HTTP/1.1" 200 32326 "https://www.google.com/" "Mozilla/5.0 (iPhone; CPU iPhone OS 18_5_0 like Mac OS X) AppleWebKit/605.1.15 (KHTML, like Gecko) CriOS/137.0.7151.79 Mobile/15E148 Safari/604.1"
47.82.60.31 - - [08/Jun/2025:07:46:41 -0400] "GET /manga/farming-life-in-another-world-chapter-178/ HTTP/1.1" 200 34493 "https://isekainonbirinoukachapters.com/manga/farming-life-in-another-world-chapter-178/" "Mozilla/5.0 (Windows NT 10.0; Win64; x64) AppleWebKit/537.36 (KHTML, like Gecko) Chrome/114.0.0.0 Safari/537.36 Edg/114.0.1823.43"
93.139.175.253 - - [08/Jun/2025:07:46:45 -0400] "GET /manga/farming-life-in-another-world-chapter-41/ HTTP/1.1" 200 34061 "https://isekainonbirinoukachapters.com/manga/farming-life-in-another-world-chapter-40/" "Mozilla/5.0 (Windows NT 10.0; Win64; x64) AppleWebKit/537.36 (KHTML, like Gecko) Chrome/137.0.0.0 Safari/537.36"
93.139.175.253 - - [08/Jun/2025:07:46:45 -0400] "GET /manga/farming-life-in-another-world-chapter-41/ HTTP/1.1" 304 0 "https://isekainonbirinoukachapters.com/manga/farming-life-in-another-world-chapter-40/" "Mozilla/5.0 (Windows NT 10.0; Win64; x64) AppleWebKit/537.36 (KHTML, like Gecko) Chrome/137.0.0.0 Safari/537.36"
2607:fb91:a93:495e:5079:3b32:4857:b256 - - [08/Jun/2025:07:46:53 -0400] "GET /manga/farming-life-in-another-world-chapter-93/ HTTP/1.1" 200 34602 "https://isekainonbirinoukachapters.com/" "Mozilla/5.0 (iPhone; CPU iPhone OS 18_5_0 like Mac OS X) AppleWebKit/605.1.15 (KHTML, like Gecko) CriOS/137.0.7151.79 Mobile/15E148 Safari/604.1"
