162.0.232.193 - - [08/Jun/2025:11:00:26 -0400] "POST /wp-cron.php?doing_wp_cron=1749394826.6301259994506835937500 HTTP/1.1" 200 0 "-" "WordPress/6.8.1; https://isekainonbirinoukachapters.com"
184.72.115.35 - - [08/Jun/2025:11:00:26 -0400] "GET /manga/farming-life-in-another-world-chapter-1 HTTP/1.1" 301 0 "-" "Mozilla/5.0 (Macintosh; Intel Mac OS X 10_10_1) AppleWebKit/600.1.25 (KHTML, like Gecko) Version/8.0 Safari/600.1.25"
184.72.115.35 - - [08/Jun/2025:11:00:27 -0400] "GET /manga/farming-life-in-another-world-chapter-1/ HTTP/1.1" 200 34819 "-" "Mozilla/5.0 (Macintosh; Intel Mac OS X 10_10_1) AppleWebKit/600.1.25 (KHTML, like Gecko) Version/8.0 Safari/600.1.25"
162.0.232.193 - - [08/Jun/2025:11:00:29 -0400] "GET /wp-content/uploads/89b93a66fa29a678cbd60ff176e1ea9a_1973.xml HTTP/1.1" 200 1499 "-" "Mozilla/5.0 (X11; Linux x86_64) AppleWebKit/537.36 (KHTML, like Gecko) Ubuntu Chromium/41.0.2272.76"
223.119.20.215 - - [08/Jun/2025:11:01:21 -0400] "GET /manga/farming-life-in-another-world-chapter-228/ HTTP/1.1" 200 34539 "https://isekainonbirinoukachapters.com/" "Mozilla/5.0 (Android 15; Mobile; rv:139.0) Gecko/139.0 Firefox/139.0"
223.119.20.215 - - [08/Jun/2025:11:01:22 -0400] "POST /wp-admin/admin-ajax.php HTTP/1.1" 200 61 "https://isekainonbirinoukachapters.com/manga/farming-life-in-another-world-chapter-228/" "Mozilla/5.0 (Android 15; Mobile; rv:139.0) Gecko/139.0 Firefox/139.0"
162.0.232.193 - - [08/Jun/2025:11:01:51 -0400] "POST /wp-cron.php?doing_wp_cron=1749394910.9979898929595947265625 HTTP/1.1" 200 0 "-" "WordPress/6.8.1; https://isekainonbirinoukachapters.com"
114.119.136.24 - - [08/Jun/2025:11:01:50 -0400] "GET /category/isekai-nonbiri-nouka-manga/page/9/ HTTP/1.1" 200 33131 "https://isekainonbirinoukachapters.com/category/isekai-nonbiri-nouka-manga/page/9/" "Mozilla/5.0 (Linux; Android 7.0;) AppleWebKit/537.36 (KHTML, like Gecko) Mobile Safari/537.36 (compatible; PetalBot;+https://webmaster.petalsearch.com/site/petalbot)"
93.139.175.253 - - [08/Jun/2025:11:02:54 -0400] "GET /manga/farming-life-in-another-world-chapter-42/ HTTP/1.1" 304 0 "https://isekainonbirinoukachapters.com/manga/farming-life-in-another-world-chapter-43/" "Mozilla/5.0 (Windows NT 10.0; Win64; x64) AppleWebKit/537.36 (KHTML, like Gecko) Chrome/137.0.0.0 Safari/537.36"
93.139.175.253 - - [08/Jun/2025:11:02:54 -0400] "GET /manga/farming-life-in-another-world-chapter-44/ HTTP/1.1" 200 34050 "https://isekainonbirinoukachapters.com/manga/farming-life-in-another-world-chapter-43/" "Mozilla/5.0 (Windows NT 10.0; Win64; x64) AppleWebKit/537.36 (KHTML, like Gecko) Chrome/137.0.0.0 Safari/537.36"
93.139.175.253 - - [08/Jun/2025:11:02:55 -0400] "GET /manga/farming-life-in-another-world-chapter-44/ HTTP/1.1" 304 0 "https://isekainonbirinoukachapters.com/manga/farming-life-in-another-world-chapter-43/" "Mozilla/5.0 (Windows NT 10.0; Win64; x64) AppleWebKit/537.36 (KHTML, like Gecko) Chrome/137.0.0.0 Safari/537.36"
162.0.232.193 - - [08/Jun/2025:11:02:55 -0400] "POST /wp-cron.php?doing_wp_cron=1749394974.9879119396209716796875 HTTP/1.1" 200 0 "-" "WordPress/6.8.1; https://isekainonbirinoukachapters.com"
54.149.84.239 - - [08/Jun/2025:11:02:54 -0400] "GET /wp-login.php HTTP/1.1" 200 1910 "-" "Mozilla/5.0 (X11; Ubuntu; Linux x86_64; rv:85.0) Gecko/20100101 Firefox/91.0"
54.149.84.239 - - [08/Jun/2025:11:02:55 -0400] "POST /wp-login.php HTTP/1.1" 200 2011 "-" "Mozilla/5.0 (X11; Ubuntu; Linux x86_64; rv:85.0) Gecko/20100101 Firefox/91.0"
162.0.232.193 - - [08/Jun/2025:11:02:57 -0400] "GET /wp-content/uploads/89b93a66fa29a678cbd60ff176e1ea9a_1973.xml HTTP/1.1" 200 1499 "-" "Mozilla/5.0 (X11; Linux x86_64) AppleWebKit/537.36 (KHTML, like Gecko) Ubuntu Chromium/41.0.2272.76"
2a09:bac3:4d95:26fa::3e2:50 - - [08/Jun/2025:11:03:01 -0400] "GET /manga/farming-life-in-another-world-chapter-106/ HTTP/1.1" 200 34092 "https://isekainonbirinoukachapters.com/manga/farming-life-in-another-world-chapter-105/" "Mozilla/5.0 (Macintosh; Intel Mac OS X 10_15_7) AppleWebKit/605.1.15 (KHTML, like Gecko) Version/18.5 Safari/605.1.15"
2001:448a:40ac:1568:8805:492b:fa80:cb7 - - [08/Jun/2025:11:03:50 -0400] "GET / HTTP/1.1" 200 32311 "https://www.google.com/" "Mozilla/5.0 (Linux; Android 10; K) AppleWebKit/537.36 (KHTML, like Gecko) Chrome/137.0.0.0 Mobile Safari/537.36"
2001:448a:40ac:1568:8805:492b:fa80:cb7 - - [08/Jun/2025:11:03:50 -0400] "GET / HTTP/1.1" 304 0 "https://www.google.com/" "Mozilla/5.0 (Linux; Android 10; K) AppleWebKit/537.36 (KHTML, like Gecko) Chrome/137.0.0.0 Mobile Safari/537.36"
2001:448a:40ac:1568:8805:492b:fa80:cb7 - - [08/Jun/2025:11:03:54 -0400] "GET / HTTP/1.1" 200 32311 "https://isekainonbirinoukachapters.com/" "Mozilla/5.0 (Linux; Android 10; K) AppleWebKit/537.36 (KHTML, like Gecko) Chrome/137.0.0.0 Mobile Safari/537.36"
2001:448a:40ac:1568:8805:492b:fa80:cb7 - - [08/Jun/2025:11:03:55 -0400] "GET / HTTP/1.1" 304 0 "https://isekainonbirinoukachapters.com/" "Mozilla/5.0 (Linux; Android 10; K) AppleWebKit/537.36 (KHTML, like Gecko) Chrome/137.0.0.0 Mobile Safari/537.36"
2001:448a:40ac:1568:8805:492b:fa80:cb7 - - [08/Jun/2025:11:03:57 -0400] "GET /manga/farming-life-in-another-world-chapter-18/ HTTP/1.1" 200 34599 "https://isekainonbirinoukachapters.com/" "Mozilla/5.0 (Linux; Android 10; K) AppleWebKit/537.36 (KHTML, like Gecko) Chrome/137.0.0.0 Mobile Safari/537.36"
2001:448a:40ac:1568:8805:492b:fa80:cb7 - - [08/Jun/2025:11:03:58 -0400] "GET /manga/farming-life-in-another-world-chapter-18/ HTTP/1.1" 304 0 "https://isekainonbirinoukachapters.com/" "Mozilla/5.0 (Linux; Android 10; K) AppleWebKit/537.36 (KHTML, like Gecko) Chrome/137.0.0.0 Mobile Safari/537.36"
2001:448a:40ac:1568:8805:492b:fa80:cb7 - - [08/Jun/2025:11:04:00 -0400] "GET /manga/farming-life-in-another-world-chapter-139/ HTTP/1.1" 200 34579 "https://isekainonbirinoukachapters.com/" "Mozilla/5.0 (Linux; Android 10; K) AppleWebKit/537.36 (KHTML, like Gecko) Chrome/137.0.0.0 Mobile Safari/537.36"
2001:448a:40ac:1568:8805:492b:fa80:cb7 - - [08/Jun/2025:11:04:00 -0400] "GET /manga/farming-life-in-another-world-chapter-139/ HTTP/1.1" 304 0 "https://isekainonbirinoukachapters.com/" "Mozilla/5.0 (Linux; Android 10; K) AppleWebKit/537.36 (KHTML, like Gecko) Chrome/137.0.0.0 Mobile Safari/537.36"
2001:448a:40ac:1568:8805:492b:fa80:cb7 - - [08/Jun/2025:11:04:00 -0400] "GET /manga/farming-life-in-another-world-chapter-184/ HTTP/1.1" 200 34564 "https://isekainonbirinoukachapters.com/" "Mozilla/5.0 (Linux; Android 10; K) AppleWebKit/537.36 (KHTML, like Gecko) Chrome/137.0.0.0 Mobile Safari/537.36"
2001:448a:40ac:1568:8805:492b:fa80:cb7 - - [08/Jun/2025:11:04:00 -0400] "GET /manga/farming-life-in-another-world-chapter-184/ HTTP/1.1" 304 0 "https://isekainonbirinoukachapters.com/" "Mozilla/5.0 (Linux; Android 10; K) AppleWebKit/537.36 (KHTML, like Gecko) Chrome/137.0.0.0 Mobile Safari/537.36"
2001:448a:40ac:1568:8805:492b:fa80:cb7 - - [08/Jun/2025:11:04:01 -0400] "GET /manga/farming-life-in-another-world-chapter-193/ HTTP/1.1" 200 34521 "https://isekainonbirinoukachapters.com/" "Mozilla/5.0 (Linux; Android 10; K) AppleWebKit/537.36 (KHTML, like Gecko) Chrome/137.0.0.0 Mobile Safari/537.36"
2001:448a:40ac:1568:8805:492b:fa80:cb7 - - [08/Jun/2025:11:04:01 -0400] "GET /manga/farming-life-in-another-world-chapter-193/ HTTP/1.1" 304 0 "https://isekainonbirinoukachapters.com/" "Mozilla/5.0 (Linux; Android 10; K) AppleWebKit/537.36 (KHTML, like Gecko) Chrome/137.0.0.0 Mobile Safari/537.36"
2001:448a:40ac:1568:8805:492b:fa80:cb7 - - [08/Jun/2025:11:04:02 -0400] "GET /manga/farming-life-in-another-world-chapter-200/ HTTP/1.1" 200 34580 "https://isekainonbirinoukachapters.com/" "Mozilla/5.0 (Linux; Android 10; K) AppleWebKit/537.36 (KHTML, like Gecko) Chrome/137.0.0.0 Mobile Safari/537.36"
2001:448a:40ac:1568:8805:492b:fa80:cb7 - - [08/Jun/2025:11:04:02 -0400] "GET /manga/farming-life-in-another-world-chapter-200/ HTTP/1.1" 304 0 "https://isekainonbirinoukachapters.com/" "Mozilla/5.0 (Linux; Android 10; K) AppleWebKit/537.36 (KHTML, like Gecko) Chrome/137.0.0.0 Mobile Safari/537.36"
2001:448a:40ac:1568:8805:492b:fa80:cb7 - - [08/Jun/2025:11:04:03 -0400] "GET /manga/farming-life-in-another-world-chapter-206/ HTTP/1.1" 200 34913 "https://isekainonbirinoukachapters.com/" "Mozilla/5.0 (Linux; Android 10; K) AppleWebKit/537.36 (KHTML, like Gecko) Chrome/137.0.0.0 Mobile Safari/537.36"
2001:448a:40ac:1568:8805:492b:fa80:cb7 - - [08/Jun/2025:11:04:03 -0400] "GET /manga/farming-life-in-another-world-chapter-215/ HTTP/1.1" 200 34186 "https://isekainonbirinoukachapters.com/" "Mozilla/5.0 (Linux; Android 10; K) AppleWebKit/537.36 (KHTML, like Gecko) Chrome/137.0.0.0 Mobile Safari/537.36"
2001:448a:40ac:1568:8805:492b:fa80:cb7 - - [08/Jun/2025:11:04:03 -0400] "GET /manga/farming-life-in-another-world-chapter-206/ HTTP/1.1" 304 0 "https://isekainonbirinoukachapters.com/" "Mozilla/5.0 (Linux; Android 10; K) AppleWebKit/537.36 (KHTML, like Gecko) Chrome/137.0.0.0 Mobile Safari/537.36"
2001:448a:40ac:1568:8805:492b:fa80:cb7 - - [08/Jun/2025:11:04:03 -0400] "GET /manga/farming-life-in-another-world-chapter-215/ HTTP/1.1" 304 0 "https://isekainonbirinoukachapters.com/" "Mozilla/5.0 (Linux; Android 10; K) AppleWebKit/537.36 (KHTML, like Gecko) Chrome/137.0.0.0 Mobile Safari/537.36"
2001:448a:40ac:1568:8805:492b:fa80:cb7 - - [08/Jun/2025:11:04:03 -0400] "GET /manga/farming-life-in-another-world-chapter-225/ HTTP/1.1" 200 34936 "https://isekainonbirinoukachapters.com/" "Mozilla/5.0 (Linux; Android 10; K) AppleWebKit/537.36 (KHTML, like Gecko) Chrome/137.0.0.0 Mobile Safari/537.36"
2001:448a:40ac:1568:8805:492b:fa80:cb7 - - [08/Jun/2025:11:04:04 -0400] "GET /manga/farming-life-in-another-world-chapter-225/ HTTP/1.1" 304 0 "https://isekainonbirinoukachapters.com/" "Mozilla/5.0 (Linux; Android 10; K) AppleWebKit/537.36 (KHTML, like Gecko) Chrome/137.0.0.0 Mobile Safari/537.36"
2001:448a:40ac:1568:8805:492b:fa80:cb7 - - [08/Jun/2025:11:04:07 -0400] "GET /manga/farming-life-in-another-world-chapter-256/ HTTP/1.1" 200 34070 "https://isekainonbirinoukachapters.com/" "Mozilla/5.0 (Linux; Android 10; K) AppleWebKit/537.36 (KHTML, like Gecko) Chrome/137.0.0.0 Mobile Safari/537.36"
2001:448a:40ac:1568:8805:492b:fa80:cb7 - - [08/Jun/2025:11:04:07 -0400] "GET /manga/farming-life-in-another-world-chapter-256/ HTTP/1.1" 304 0 "https://isekainonbirinoukachapters.com/" "Mozilla/5.0 (Linux; Android 10; K) AppleWebKit/537.36 (KHTML, like Gecko) Chrome/137.0.0.0 Mobile Safari/537.36"
162.0.232.193 - - [08/Jun/2025:11:05:03 -0400] "POST /wp-cron.php?doing_wp_cron=1749395103.3804399967193603515625 HTTP/1.1" 200 0 "-" "WordPress/6.8.1; https://isekainonbirinoukachapters.com"
114.119.159.246 - - [08/Jun/2025:11:05:02 -0400] "GET /manga/isekai-nonbiri-nouka-chapter-197/ HTTP/1.1" 301 0 "https://isekainonbirinoukachapters.com/isekai-nonbiri-nouka-chapter-76/" "Mozilla/5.0 (Linux; Android 7.0;) AppleWebKit/537.36 (KHTML, like Gecko) Mobile Safari/537.36 (compatible; PetalBot;+https://webmaster.petalsearch.com/site/petalbot)"
114.119.159.246 - - [08/Jun/2025:11:05:04 -0400] "GET / HTTP/1.1" 200 32311 "https://isekainonbirinoukachapters.com/isekai-nonbiri-nouka-chapter-76/" "Mozilla/5.0 (Linux; Android 7.0;) AppleWebKit/537.36 (KHTML, like Gecko) Mobile Safari/537.36 (compatible; PetalBot;+https://webmaster.petalsearch.com/site/petalbot)"
162.0.232.193 - - [08/Jun/2025:11:05:06 -0400] "GET /wp-content/uploads/89b93a66fa29a678cbd60ff176e1ea9a_1973.xml HTTP/1.1" 200 1499 "-" "Mozilla/5.0 (X11; Linux x86_64) AppleWebKit/537.36 (KHTML, like Gecko) Ubuntu Chromium/41.0.2272.76"
18.214.251.19 - - [08/Jun/2025:11:05:26 -0400] "GET /category/farming-life-in-another-world-manga/page/18/ HTTP/1.1" 200 33168 "-" "Mozilla/5.0 AppleWebKit/537.36 (KHTML, like Gecko; compatible; Amazonbot/0.1; +https://developer.amazon.com/support/amazonbot) Chrome/119.0.6045.214 Safari/537.36"
93.139.175.253 - - [08/Jun/2025:11:06:13 -0400] "GET /manga/farming-life-in-another-world-chapter-45/ HTTP/1.1" 200 34071 "https://isekainonbirinoukachapters.com/manga/farming-life-in-another-world-chapter-44/" "Mozilla/5.0 (Windows NT 10.0; Win64; x64) AppleWebKit/537.36 (KHTML, like Gecko) Chrome/137.0.0.0 Safari/537.36"
93.139.175.253 - - [08/Jun/2025:11:06:14 -0400] "GET /manga/farming-life-in-another-world-chapter-45/ HTTP/1.1" 304 0 "https://isekainonbirinoukachapters.com/manga/farming-life-in-another-world-chapter-44/" "Mozilla/5.0 (Windows NT 10.0; Win64; x64) AppleWebKit/537.36 (KHTML, like Gecko) Chrome/137.0.0.0 Safari/537.36"
2a09:bac3:4d95:26fa::3e2:50 - - [08/Jun/2025:11:06:17 -0400] "GET /manga/farming-life-in-another-world-chapter-107/ HTTP/1.1" 200 34097 "https://isekainonbirinoukachapters.com/manga/farming-life-in-another-world-chapter-106/" "Mozilla/5.0 (Macintosh; Intel Mac OS X 10_15_7) AppleWebKit/605.1.15 (KHTML, like Gecko) Version/18.5 Safari/605.1.15"
40.77.167.64 - - [08/Jun/2025:11:06:25 -0400] "GET /manga/farming-life-in-another-world-chapter-253/ HTTP/1.1" 200 34115 "-" "Mozilla/5.0 AppleWebKit/537.36 (KHTML, like Gecko; compatible; bingbot/2.0; +http://www.bing.com/bingbot.htm) Chrome/116.0.1938.76 Safari/537.36"
162.0.232.193 - - [08/Jun/2025:11:06:32 -0400] "POST /wp-cron.php?doing_wp_cron=1749395192.6072781085968017578125 HTTP/1.1" 200 0 "-" "WordPress/6.8.1; https://isekainonbirinoukachapters.com"
114.119.136.24 - - [08/Jun/2025:11:06:32 -0400] "GET /isekai-nonbiri-nouka-chapter-51/ HTTP/1.1" 301 0 "https://isekainonbirinoukachapters.com/category/read-isekai-nonbiri-nouka/page/15/" "Mozilla/5.0 (Linux; Android 7.0;) AppleWebKit/537.36 (KHTML, like Gecko) Mobile Safari/537.36 (compatible; PetalBot;+https://webmaster.petalsearch.com/site/petalbot)"
114.119.136.24 - - [08/Jun/2025:11:06:33 -0400] "GET / HTTP/1.1" 200 32311 "https://isekainonbirinoukachapters.com/category/read-isekai-nonbiri-nouka/page/15/" "Mozilla/5.0 (Linux; Android 7.0;) AppleWebKit/537.36 (KHTML, like Gecko) Mobile Safari/537.36 (compatible; PetalBot;+https://webmaster.petalsearch.com/site/petalbot)"
223.119.20.215 - - [08/Jun/2025:11:07:40 -0400] "GET /manga/farming-life-in-another-world-chapter-229/ HTTP/1.1" 200 35009 "https://isekainonbirinoukachapters.com/" "Mozilla/5.0 (Android 15; Mobile; rv:139.0) Gecko/139.0 Firefox/139.0"
162.0.232.193 - - [08/Jun/2025:11:07:42 -0400] "POST /wp-cron.php?doing_wp_cron=1749395261.9469990730285644531250 HTTP/1.1" 200 0 "-" "WordPress/6.8.1; https://isekainonbirinoukachapters.com"
223.119.20.215 - - [08/Jun/2025:11:07:41 -0400] "POST /wp-admin/admin-ajax.php HTTP/1.1" 200 61 "https://isekainonbirinoukachapters.com/manga/farming-life-in-another-world-chapter-229/" "Mozilla/5.0 (Android 15; Mobile; rv:139.0) Gecko/139.0 Firefox/139.0"
162.0.232.193 - - [08/Jun/2025:11:07:44 -0400] "GET /wp-content/uploads/89b93a66fa29a678cbd60ff176e1ea9a_1973.xml HTTP/1.1" 200 1499 "-" "Mozilla/5.0 (X11; Linux x86_64) AppleWebKit/537.36 (KHTML, like Gecko) Ubuntu Chromium/41.0.2272.76"
2001:fd8:2606:d17c:e1ab:ef58:5c6d:79d2 - - [08/Jun/2025:11:07:55 -0400] "GET /category/isekai-nonbiri-nouka-manga/page/15/ HTTP/1.1" 200 33317 "https://isekainonbirinoukachapters.com/category/isekai-nonbiri-nouka-manga/page/14/" "Mozilla/5.0 (Linux; Android 10; K) AppleWebKit/537.36 (KHTML, like Gecko) Chrome/137.0.0.0 Mobile Safari/537.36"
2001:fd8:2606:d17c:e1ab:ef58:5c6d:79d2 - - [08/Jun/2025:11:07:56 -0400] "GET /category/isekai-nonbiri-nouka-manga/page/15/ HTTP/1.1" 304 0 "https://isekainonbirinoukachapters.com/category/isekai-nonbiri-nouka-manga/page/14/" "Mozilla/5.0 (Linux; Android 10; K) AppleWebKit/537.36 (KHTML, like Gecko) Chrome/137.0.0.0 Mobile Safari/537.36"
2405:201:3001:103c:703c:3aaf:ae66:63c3 - - [08/Jun/2025:11:08:49 -0400] "GET /manga/farming-life-in-another-world-chapter-134/ HTTP/1.1" 200 34527 "https://isekainonbirinoukachapters.com/manga/farming-life-in-another-world-chapter-133/" "Mozilla/5.0 (Linux; Android 10; K) AppleWebKit/537.36 (KHTML, like Gecko) Chrome/137.0.0.0 Mobile Safari/537.36"
2405:201:3001:103c:703c:3aaf:ae66:63c3 - - [08/Jun/2025:11:08:50 -0400] "GET /manga/farming-life-in-another-world-chapter-134/ HTTP/1.1" 304 0 "https://isekainonbirinoukachapters.com/manga/farming-life-in-another-world-chapter-133/" "Mozilla/5.0 (Linux; Android 10; K) AppleWebKit/537.36 (KHTML, like Gecko) Chrome/137.0.0.0 Mobile Safari/537.36"
93.139.175.253 - - [08/Jun/2025:11:08:50 -0400] "GET /manga/farming-life-in-another-world-chapter-46/ HTTP/1.1" 200 34172 "https://isekainonbirinoukachapters.com/manga/farming-life-in-another-world-chapter-45/" "Mozilla/5.0 (Windows NT 10.0; Win64; x64) AppleWebKit/537.36 (KHTML, like Gecko) Chrome/137.0.0.0 Safari/537.36"
93.139.175.253 - - [08/Jun/2025:11:08:50 -0400] "GET /manga/farming-life-in-another-world-chapter-46/ HTTP/1.1" 304 0 "https://isekainonbirinoukachapters.com/manga/farming-life-in-another-world-chapter-45/" "Mozilla/5.0 (Windows NT 10.0; Win64; x64) AppleWebKit/537.36 (KHTML, like Gecko) Chrome/137.0.0.0 Safari/537.36"
162.0.232.193 - - [08/Jun/2025:11:08:51 -0400] "POST /wp-cron.php?doing_wp_cron=1749395331.5995600223541259765625 HTTP/1.1" 200 0 "-" "WordPress/6.8.1; https://isekainonbirinoukachapters.com"
2405:201:3001:103c:703c:3aaf:ae66:63c3 - - [08/Jun/2025:11:08:51 -0400] "POST /wp-admin/admin-ajax.php HTTP/1.1" 200 61 "https://isekainonbirinoukachapters.com/manga/farming-life-in-another-world-chapter-134/" "Mozilla/5.0 (Linux; Android 10; K) AppleWebKit/537.36 (KHTML, like Gecko) Chrome/137.0.0.0 Mobile Safari/537.36"
162.0.232.193 - - [08/Jun/2025:11:09:48 -0400] "POST /wp-cron.php?doing_wp_cron=1749395388.0231690406799316406250 HTTP/1.1" 200 0 "-" "WordPress/6.8.1; https://isekainonbirinoukachapters.com"
115.134.106.245 - - [08/Jun/2025:11:09:47 -0400] "POST /wp-admin/admin-ajax.php HTTP/1.1" 200 61 "https://isekainonbirinoukachapters.com/manga/farming-life-in-another-world-chapter-46/" "Mozilla/5.0 (Linux; Android 10; K) AppleWebKit/537.36 (KHTML, like Gecko) Chrome/137.0.0.0 Mobile Safari/537.36"
162.0.232.193 - - [08/Jun/2025:11:09:50 -0400] "GET /wp-content/uploads/89b93a66fa29a678cbd60ff176e1ea9a_1973.xml HTTP/1.1" 200 1499 "-" "Mozilla/5.0 (X11; Linux x86_64) AppleWebKit/537.36 (KHTML, like Gecko) Ubuntu Chromium/41.0.2272.76"
136.158.79.168 - - [08/Jun/2025:11:10:02 -0400] "GET / HTTP/1.1" 200 32311 "https://www.google.com/" "Mozilla/5.0 (Linux; Android 10; K) AppleWebKit/537.36 (KHTML, like Gecko) Chrome/137.0.0.0 Mobile Safari/537.36"
136.158.79.168 - - [08/Jun/2025:11:10:07 -0400] "GET /manga/farming-life-in-another-world-chapter-5/ HTTP/1.1" 200 34208 "https://isekainonbirinoukachapters.com/" "Mozilla/5.0 (Linux; Android 10; K) AppleWebKit/537.36 (KHTML, like Gecko) Chrome/137.0.0.0 Mobile Safari/537.36"
136.158.79.168 - - [08/Jun/2025:11:10:07 -0400] "GET /manga/farming-life-in-another-world-chapter-5/ HTTP/1.1" 304 0 "https://isekainonbirinoukachapters.com/" "Mozilla/5.0 (Linux; Android 10; K) AppleWebKit/537.36 (KHTML, like Gecko) Chrome/137.0.0.0 Mobile Safari/537.36"
136.158.79.168 - - [08/Jun/2025:11:10:09 -0400] "GET /manga/farming-life-in-another-world-chapter-2/ HTTP/1.1" 200 34327 "https://isekainonbirinoukachapters.com/" "Mozilla/5.0 (Linux; Android 10; K) AppleWebKit/537.36 (KHTML, like Gecko) Chrome/137.0.0.0 Mobile Safari/537.36"
136.158.79.168 - - [08/Jun/2025:11:10:09 -0400] "GET /manga/farming-life-in-another-world-chapter-2/ HTTP/1.1" 304 0 "https://isekainonbirinoukachapters.com/" "Mozilla/5.0 (Linux; Android 10; K) AppleWebKit/537.36 (KHTML, like Gecko) Chrome/137.0.0.0 Mobile Safari/537.36"
136.158.79.168 - - [08/Jun/2025:11:10:23 -0400] "GET /manga/farming-life-in-another-world-chapter-3/ HTTP/1.1" 200 34580 "https://isekainonbirinoukachapters.com/manga/farming-life-in-another-world-chapter-2/" "Mozilla/5.0 (Linux; Android 10; K) AppleWebKit/537.36 (KHTML, like Gecko) Chrome/137.0.0.0 Mobile Safari/537.36"
136.158.79.168 - - [08/Jun/2025:11:10:23 -0400] "GET /manga/farming-life-in-another-world-chapter-3/ HTTP/1.1" 304 0 "https://isekainonbirinoukachapters.com/manga/farming-life-in-another-world-chapter-2/" "Mozilla/5.0 (Linux; Android 10; K) AppleWebKit/537.36 (KHTML, like Gecko) Chrome/137.0.0.0 Mobile Safari/537.36"
136.158.79.168 - - [08/Jun/2025:11:10:24 -0400] "POST /wp-admin/admin-ajax.php HTTP/1.1" 200 61 "https://isekainonbirinoukachapters.com/manga/farming-life-in-another-world-chapter-3/" "Mozilla/5.0 (Linux; Android 10; K) AppleWebKit/537.36 (KHTML, like Gecko) Chrome/137.0.0.0 Mobile Safari/537.36"
136.158.79.168 - - [08/Jun/2025:11:10:30 -0400] "GET /manga/farming-life-in-another-world-chapter-5/ HTTP/1.1" 304 0 "https://isekainonbirinoukachapters.com/manga/farming-life-in-another-world-chapter-3/" "Mozilla/5.0 (Linux; Android 10; K) AppleWebKit/537.36 (KHTML, like Gecko) Chrome/137.0.0.0 Mobile Safari/537.36"
136.158.79.168 - - [08/Jun/2025:11:10:30 -0400] "GET /manga/farming-life-in-another-world-chapter-5/ HTTP/1.1" 304 0 "https://isekainonbirinoukachapters.com/manga/farming-life-in-another-world-chapter-3/" "Mozilla/5.0 (Linux; Android 10; K) AppleWebKit/537.36 (KHTML, like Gecko) Chrome/137.0.0.0 Mobile Safari/537.36"
136.158.79.168 - - [08/Jun/2025:11:11:10 -0400] "GET / HTTP/1.1" 304 0 "https://www.google.com/" "Mozilla/5.0 (Linux; Android 10; K) AppleWebKit/537.36 (KHTML, like Gecko) Chrome/137.0.0.0 Mobile Safari/537.36"
136.158.79.168 - - [08/Jun/2025:11:11:12 -0400] "GET /manga/farming-life-in-another-world-chapter-3/ HTTP/1.1" 304 0 "https://isekainonbirinoukachapters.com/" "Mozilla/5.0 (Linux; Android 10; K) AppleWebKit/537.36 (KHTML, like Gecko) Chrome/137.0.0.0 Mobile Safari/537.36"
136.158.79.168 - - [08/Jun/2025:11:11:12 -0400] "GET /manga/farming-life-in-another-world-chapter-3/ HTTP/1.1" 304 0 "https://isekainonbirinoukachapters.com/" "Mozilla/5.0 (Linux; Android 10; K) AppleWebKit/537.36 (KHTML, like Gecko) Chrome/137.0.0.0 Mobile Safari/537.36"
136.158.79.168 - - [08/Jun/2025:11:11:13 -0400] "GET /manga/farming-life-in-another-world-chapter-14/ HTTP/1.1" 200 34506 "https://isekainonbirinoukachapters.com/" "Mozilla/5.0 (Linux; Android 10; K) AppleWebKit/537.36 (KHTML, like Gecko) Chrome/137.0.0.0 Mobile Safari/537.36"
136.158.79.168 - - [08/Jun/2025:11:11:13 -0400] "GET /manga/farming-life-in-another-world-chapter-14/ HTTP/1.1" 304 0 "https://isekainonbirinoukachapters.com/" "Mozilla/5.0 (Linux; Android 10; K) AppleWebKit/537.36 (KHTML, like Gecko) Chrome/137.0.0.0 Mobile Safari/537.36"
136.158.79.168 - - [08/Jun/2025:11:11:14 -0400] "GET /manga/farming-life-in-another-world-chapter-13/ HTTP/1.1" 200 34570 "https://isekainonbirinoukachapters.com/" "Mozilla/5.0 (Linux; Android 10; K) AppleWebKit/537.36 (KHTML, like Gecko) Chrome/137.0.0.0 Mobile Safari/537.36"
136.158.79.168 - - [08/Jun/2025:11:11:15 -0400] "GET /manga/farming-life-in-another-world-chapter-13/ HTTP/1.1" 304 0 "https://isekainonbirinoukachapters.com/" "Mozilla/5.0 (Linux; Android 10; K) AppleWebKit/537.36 (KHTML, like Gecko) Chrome/137.0.0.0 Mobile Safari/537.36"
162.0.232.193 - - [08/Jun/2025:11:11:15 -0400] "POST /wp-cron.php?doing_wp_cron=1749395475.4434039592742919921875 HTTP/1.1" 200 0 "-" "WordPress/6.8.1; https://isekainonbirinoukachapters.com"
136.158.79.168 - - [08/Jun/2025:11:11:15 -0400] "POST /wp-admin/admin-ajax.php HTTP/1.1" 200 61 "https://isekainonbirinoukachapters.com/manga/farming-life-in-another-world-chapter-13/" "Mozilla/5.0 (Linux; Android 10; K) AppleWebKit/537.36 (KHTML, like Gecko) Chrome/137.0.0.0 Mobile Safari/537.36"
2405:201:3001:103c:703c:3aaf:ae66:63c3 - - [08/Jun/2025:11:11:26 -0400] "GET /manga/farming-life-in-another-world-chapter-133/ HTTP/1.1" 304 0 "https://isekainonbirinoukachapters.com/manga/farming-life-in-another-world-chapter-134/" "Mozilla/5.0 (Linux; Android 10; K) AppleWebKit/537.36 (KHTML, like Gecko) Chrome/137.0.0.0 Mobile Safari/537.36"
2405:201:3001:103c:703c:3aaf:ae66:63c3 - - [08/Jun/2025:11:11:29 -0400] "GET /manga/farming-life-in-another-world-chapter-135/ HTTP/1.1" 200 34566 "https://isekainonbirinoukachapters.com/manga/farming-life-in-another-world-chapter-134/" "Mozilla/5.0 (Linux; Android 10; K) AppleWebKit/537.36 (KHTML, like Gecko) Chrome/137.0.0.0 Mobile Safari/537.36"
2405:201:3001:103c:703c:3aaf:ae66:63c3 - - [08/Jun/2025:11:11:30 -0400] "GET /manga/farming-life-in-another-world-chapter-135/ HTTP/1.1" 304 0 "https://isekainonbirinoukachapters.com/manga/farming-life-in-another-world-chapter-134/" "Mozilla/5.0 (Linux; Android 10; K) AppleWebKit/537.36 (KHTML, like Gecko) Chrome/137.0.0.0 Mobile Safari/537.36"
115.134.106.245 - - [08/Jun/2025:11:11:31 -0400] "GET /manga/farming-life-in-another-world-chapter-47/ HTTP/1.1" 200 34512 "https://isekainonbirinoukachapters.com/manga/farming-life-in-another-world-chapter-46/" "Mozilla/5.0 (Linux; Android 10; K) AppleWebKit/537.36 (KHTML, like Gecko) Chrome/137.0.0.0 Mobile Safari/537.36"
115.134.106.245 - - [08/Jun/2025:11:11:31 -0400] "GET /manga/farming-life-in-another-world-chapter-47/ HTTP/1.1" 304 0 "https://isekainonbirinoukachapters.com/manga/farming-life-in-another-world-chapter-46/" "Mozilla/5.0 (Linux; Android 10; K) AppleWebKit/537.36 (KHTML, like Gecko) Chrome/137.0.0.0 Mobile Safari/537.36"
162.0.232.193 - - [08/Jun/2025:11:11:31 -0400] "POST /wp-cron.php?doing_wp_cron=1749395491.7902500629425048828125 HTTP/1.1" 200 0 "-" "WordPress/6.8.1; https://isekainonbirinoukachapters.com"
2405:201:3001:103c:703c:3aaf:ae66:63c3 - - [08/Jun/2025:11:11:31 -0400] "POST /wp-admin/admin-ajax.php HTTP/1.1" 200 61 "https://isekainonbirinoukachapters.com/manga/farming-life-in-another-world-chapter-135/" "Mozilla/5.0 (Linux; Android 10; K) AppleWebKit/537.36 (KHTML, like Gecko) Chrome/137.0.0.0 Mobile Safari/537.36"
115.134.106.245 - - [08/Jun/2025:11:11:32 -0400] "POST /wp-admin/admin-ajax.php HTTP/1.1" 200 61 "https://isekainonbirinoukachapters.com/manga/farming-life-in-another-world-chapter-47/" "Mozilla/5.0 (Linux; Android 10; K) AppleWebKit/537.36 (KHTML, like Gecko) Chrome/137.0.0.0 Mobile Safari/537.36"
136.158.79.168 - - [08/Jun/2025:11:11:33 -0400] "POST /wp-admin/admin-ajax.php HTTP/1.1" 200 61 "https://isekainonbirinoukachapters.com/manga/farming-life-in-another-world-chapter-14/" "Mozilla/5.0 (Linux; Android 10; K) AppleWebKit/537.36 (KHTML, like Gecko) Chrome/137.0.0.0 Mobile Safari/537.36"
2a09:bac3:4d95:26fa::3e2:50 - - [08/Jun/2025:11:12:18 -0400] "GET /manga/farming-life-in-another-world-chapter-109/ HTTP/1.1" 200 34648 "https://isekainonbirinoukachapters.com/manga/farming-life-in-another-world-chapter-107/" "Mozilla/5.0 (Macintosh; Intel Mac OS X 10_15_7) AppleWebKit/605.1.15 (KHTML, like Gecko) Version/18.5 Safari/605.1.15"
162.0.232.193 - - [08/Jun/2025:11:12:19 -0400] "POST /wp-cron.php?doing_wp_cron=1749395539.5715620517730712890625 HTTP/1.1" 200 0 "-" "WordPress/6.8.1; https://isekainonbirinoukachapters.com"
2a09:bac3:4d95:26fa::3e2:50 - - [08/Jun/2025:11:12:19 -0400] "POST /wp-admin/admin-ajax.php HTTP/1.1" 200 61 "https://isekainonbirinoukachapters.com/manga/farming-life-in-another-world-chapter-109/" "Mozilla/5.0 (Macintosh; Intel Mac OS X 10_15_7) AppleWebKit/605.1.15 (KHTML, like Gecko) Version/18.5 Safari/605.1.15"
162.0.232.193 - - [08/Jun/2025:11:12:21 -0400] "GET /wp-content/uploads/89b93a66fa29a678cbd60ff176e1ea9a_1973.xml HTTP/1.1" 200 1499 "-" "Mozilla/5.0 (X11; Linux x86_64) AppleWebKit/537.36 (KHTML, like Gecko) Ubuntu Chromium/41.0.2272.76"
115.134.106.245 - - [08/Jun/2025:11:14:39 -0400] "GET /manga/farming-life-in-another-world-chapter-48/ HTTP/1.1" 200 34571 "https://isekainonbirinoukachapters.com/manga/farming-life-in-another-world-chapter-47/" "Mozilla/5.0 (Linux; Android 10; K) AppleWebKit/537.36 (KHTML, like Gecko) Chrome/137.0.0.0 Mobile Safari/537.36"
223.119.20.215 - - [08/Jun/2025:11:14:39 -0400] "GET /manga/farming-life-in-another-world-chapter-230/ HTTP/1.1" 200 34543 "https://isekainonbirinoukachapters.com/" "Mozilla/5.0 (Android 15; Mobile; rv:139.0) Gecko/139.0 Firefox/139.0"
115.134.106.245 - - [08/Jun/2025:11:14:39 -0400] "GET /manga/farming-life-in-another-world-chapter-48/ HTTP/1.1" 304 0 "https://isekainonbirinoukachapters.com/manga/farming-life-in-another-world-chapter-47/" "Mozilla/5.0 (Linux; Android 10; K) AppleWebKit/537.36 (KHTML, like Gecko) Chrome/137.0.0.0 Mobile Safari/537.36"
115.134.106.245 - - [08/Jun/2025:11:14:40 -0400] "GET /author/admin/ HTTP/1.1" 200 31462 "https://isekainonbirinoukachapters.com/manga/farming-life-in-another-world-chapter-48/" "Mozilla/5.0 (Linux; Android 10; K) AppleWebKit/537.36 (KHTML, like Gecko) Chrome/137.0.0.0 Mobile Safari/537.36"
162.0.232.193 - - [08/Jun/2025:11:14:42 -0400] "POST /wp-cron.php?doing_wp_cron=1749395682.4023170471191406250000 HTTP/1.1" 200 0 "-" "WordPress/6.8.1; https://isekainonbirinoukachapters.com"
162.0.232.193 - - [08/Jun/2025:11:14:42 -0400] "POST /wp-cron.php?doing_wp_cron=1749395682.4024860858917236328125 HTTP/1.1" 200 0 "-" "WordPress/6.8.1; https://isekainonbirinoukachapters.com"
115.134.106.245 - - [08/Jun/2025:11:14:40 -0400] "POST /wp-admin/admin-ajax.php HTTP/1.1" 200 61 "https://isekainonbirinoukachapters.com/manga/farming-life-in-another-world-chapter-48/" "Mozilla/5.0 (Linux; Android 10; K) AppleWebKit/537.36 (KHTML, like Gecko) Chrome/137.0.0.0 Mobile Safari/537.36"
223.119.20.215 - - [08/Jun/2025:11:14:40 -0400] "POST /wp-admin/admin-ajax.php HTTP/1.1" 200 61 "https://isekainonbirinoukachapters.com/manga/farming-life-in-another-world-chapter-230/" "Mozilla/5.0 (Android 15; Mobile; rv:139.0) Gecko/139.0 Firefox/139.0"
162.0.232.193 - - [08/Jun/2025:11:14:44 -0400] "GET /wp-content/uploads/89b93a66fa29a678cbd60ff176e1ea9a_1973.xml HTTP/1.1" 200 1499 "-" "Mozilla/5.0 (X11; Linux x86_64) AppleWebKit/537.36 (KHTML, like Gecko) Ubuntu Chromium/41.0.2272.76"
2405:201:3001:103c:703c:3aaf:ae66:63c3 - - [08/Jun/2025:11:15:27 -0400] "GET /manga/farming-life-in-another-world-chapter-134/ HTTP/1.1" 304 0 "https://isekainonbirinoukachapters.com/manga/farming-life-in-another-world-chapter-135/" "Mozilla/5.0 (Linux; Android 10; K) AppleWebKit/537.36 (KHTML, like Gecko) Chrome/137.0.0.0 Mobile Safari/537.36"
2405:201:3001:103c:703c:3aaf:ae66:63c3 - - [08/Jun/2025:11:15:27 -0400] "GET /manga/farming-life-in-another-world-chapter-136/ HTTP/1.1" 200 34568 "https://isekainonbirinoukachapters.com/manga/farming-life-in-another-world-chapter-135/" "Mozilla/5.0 (Linux; Android 10; K) AppleWebKit/537.36 (KHTML, like Gecko) Chrome/137.0.0.0 Mobile Safari/537.36"
2405:201:3001:103c:703c:3aaf:ae66:63c3 - - [08/Jun/2025:11:15:27 -0400] "GET /manga/farming-life-in-another-world-chapter-136/ HTTP/1.1" 304 0 "https://isekainonbirinoukachapters.com/manga/farming-life-in-another-world-chapter-135/" "Mozilla/5.0 (Linux; Android 10; K) AppleWebKit/537.36 (KHTML, like Gecko) Chrome/137.0.0.0 Mobile Safari/537.36"
2405:201:3001:103c:703c:3aaf:ae66:63c3 - - [08/Jun/2025:11:15:29 -0400] "POST /wp-admin/admin-ajax.php HTTP/1.1" 200 61 "https://isekainonbirinoukachapters.com/manga/farming-life-in-another-world-chapter-136/" "Mozilla/5.0 (Linux; Android 10; K) AppleWebKit/537.36 (KHTML, like Gecko) Chrome/137.0.0.0 Mobile Safari/537.36"
2a0d:6c2:12:7a:: - - [08/Jun/2025:11:17:13 -0400] "GET / HTTP/1.1" 200 32422 "https://isekainonbirinoukachapters.com/" "Mozilla/5.0 (Windows NT 10.0; Win64; x64) AppleWebKit/537.36 (KHTML, like Gecko) Chrome/137.0.0.0 Safari/537.36"
2a0d:6c2:12:7a:: - - [08/Jun/2025:11:17:15 -0400] "GET /wp-content/uploads/2024/07/MV5BYjA4Mjc5OWYtMTQ1Yy00MWQyLTg3NGYtZTA0NjZiYzI0NDhhXkEyXkFqcGdeQXVyMzgxODM4NjM@._V1_FMjpg_UX1000_-711x1024.jpg HTTP/1.1" 200 187287 "https://isekainonbirinoukachapters.com/" "Mozilla/5.0 (Windows NT 10.0; Win64; x64) AppleWebKit/537.36 (KHTML, like Gecko) Chrome/137.0.0.0 Safari/537.36"
2a0d:6c2:12:7a:: - - [08/Jun/2025:11:17:15 -0400] "GET /wp-includes/js/jquery/jquery.min.js?ver=3.7.1 HTTP/1.1" 200 29744 "https://isekainonbirinoukachapters.com/" "Mozilla/5.0 (Windows NT 10.0; Win64; x64) AppleWebKit/537.36 (KHTML, like Gecko) Chrome/137.0.0.0 Safari/537.36"
2a0d:6c2:12:7a:: - - [08/Jun/2025:11:17:15 -0400] "GET /wp-content/plugins/simple-social-buttons/assets/js/frontend-blocks.js?ver=6.1.0 HTTP/1.1" 200 0 "https://isekainonbirinoukachapters.com/" "Mozilla/5.0 (Windows NT 10.0; Win64; x64) AppleWebKit/537.36 (KHTML, like Gecko) Chrome/137.0.0.0 Safari/537.36"
2a0d:6c2:12:7a:: - - [08/Jun/2025:11:17:15 -0400] "GET /wp-includes/js/jquery/jquery-migrate.min.js?ver=3.4.1 HTTP/1.1" 200 4678 "https://isekainonbirinoukachapters.com/" "Mozilla/5.0 (Windows NT 10.0; Win64; x64) AppleWebKit/537.36 (KHTML, like Gecko) Chrome/137.0.0.0 Safari/537.36"
2a0d:6c2:12:7a:: - - [08/Jun/2025:11:17:15 -0400] "GET /wp-content/cache/min/1/wp-content/plugins/comic-easel/js/keynav.js?ver=1729190448 HTTP/1.1" 200 221 "https://isekainonbirinoukachapters.com/" "Mozilla/5.0 (Windows NT 10.0; Win64; x64) AppleWebKit/537.36 (KHTML, like Gecko) Chrome/137.0.0.0 Safari/537.36"
2a0d:6c2:12:7a:: - - [08/Jun/2025:11:17:16 -0400] "GET /wp-content/cache/min/1/wp-content/plugins/simple-social-buttons/assets/js/front.js?ver=1729190448 HTTP/1.1" 200 1488 "https://isekainonbirinoukachapters.com/" "Mozilla/5.0 (Windows NT 10.0; Win64; x64) AppleWebKit/537.36 (KHTML, like Gecko) Chrome/137.0.0.0 Safari/537.36"
2a0d:6c2:12:7a:: - - [08/Jun/2025:11:17:16 -0400] "GET /wp-content/themes/toivo-lite/js/responsive-nav.min.js?ver=1.2.0 HTTP/1.1" 200 2102 "https://isekainonbirinoukachapters.com/" "Mozilla/5.0 (Windows NT 10.0; Win64; x64) AppleWebKit/537.36 (KHTML, like Gecko) Chrome/137.0.0.0 Safari/537.36"
2a0d:6c2:12:7a:: - - [08/Jun/2025:11:17:16 -0400] "GET /wp-content/themes/toivo-lite/js/settings.min.js?ver=1.2.0 HTTP/1.1" 200 307 "https://isekainonbirinoukachapters.com/" "Mozilla/5.0 (Windows NT 10.0; Win64; x64) AppleWebKit/537.36 (KHTML, like Gecko) Chrome/137.0.0.0 Safari/537.36"
2a0d:6c2:12:7a:: - - [08/Jun/2025:11:17:16 -0400] "GET /wp-content/uploads/2024/07/cropped-9781642730852_il_1_aad6e-1.webp HTTP/1.1" 200 97090 "https://isekainonbirinoukachapters.com/" "Mozilla/5.0 (Windows NT 10.0; Win64; x64) AppleWebKit/537.36 (KHTML, like Gecko) Chrome/137.0.0.0 Safari/537.36"
2a0d:6c2:12:7a:: - - [08/Jun/2025:11:17:16 -0400] "GET /wp-content/themes/toivo-lite/js/functions.min.js?ver=1.2.0 HTTP/1.1" 200 593 "https://isekainonbirinoukachapters.com/" "Mozilla/5.0 (Windows NT 10.0; Win64; x64) AppleWebKit/537.36 (KHTML, like Gecko) Chrome/137.0.0.0 Safari/537.36"
2a0d:6c2:12:7a:: - - [08/Jun/2025:11:17:17 -0400] "GET /wp-content/uploads/2024/07/cropped-63b857c96f67c-32x32.jpg HTTP/1.1" 200 1070 "https://isekainonbirinoukachapters.com/" "Mozilla/5.0 (Windows NT 10.0; Win64; x64) AppleWebKit/537.36 (KHTML, like Gecko) Chrome/137.0.0.0 Safari/537.36"
2a0d:6c2:12:7a:: - - [08/Jun/2025:11:17:24 -0400] "GET /manga/farming-life-in-another-world-chapter-24/ HTTP/1.1" 200 34255 "https://isekainonbirinoukachapters.com/" "Mozilla/5.0 (Windows NT 10.0; Win64; x64) AppleWebKit/537.36 (KHTML, like Gecko) Chrome/137.0.0.0 Safari/537.36"
2a0d:6c2:12:7a:: - - [08/Jun/2025:11:17:24 -0400] "GET /manga/farming-life-in-another-world-chapter-48/ HTTP/1.1" 200 34505 "https://isekainonbirinoukachapters.com/" "Mozilla/5.0 (Windows NT 10.0; Win64; x64) AppleWebKit/537.36 (KHTML, like Gecko) Chrome/137.0.0.0 Safari/537.36"
2a0d:6c2:12:7a:: - - [08/Jun/2025:11:17:29 -0400] "GET /manga/farming-life-in-another-world-chapter-1/ HTTP/1.1" 200 34643 "https://isekainonbirinoukachapters.com/" "Mozilla/5.0 (Windows NT 10.0; Win64; x64) AppleWebKit/537.36 (KHTML, like Gecko) Chrome/137.0.0.0 Safari/537.36"
2a0d:6c2:12:7a:: - - [08/Jun/2025:11:17:29 -0400] "GET /manga/farming-life-in-another-world-chapter-1/ HTTP/1.1" 304 0 "https://isekainonbirinoukachapters.com/" "Mozilla/5.0 (Windows NT 10.0; Win64; x64) AppleWebKit/537.36 (KHTML, like Gecko) Chrome/137.0.0.0 Safari/537.36"
115.134.106.245 - - [08/Jun/2025:11:17:29 -0400] "GET /manga/farming-life-in-another-world-chapter-49/ HTTP/1.1" 200 34575 "https://isekainonbirinoukachapters.com/manga/farming-life-in-another-world-chapter-48/" "Mozilla/5.0 (Linux; Android 10; K) AppleWebKit/537.36 (KHTML, like Gecko) Chrome/137.0.0.0 Mobile Safari/537.36"
115.134.106.245 - - [08/Jun/2025:11:17:30 -0400] "GET /manga/farming-life-in-another-world-chapter-49/ HTTP/1.1" 304 0 "https://isekainonbirinoukachapters.com/manga/farming-life-in-another-world-chapter-48/" "Mozilla/5.0 (Linux; Android 10; K) AppleWebKit/537.36 (KHTML, like Gecko) Chrome/137.0.0.0 Mobile Safari/537.36"
162.0.232.193 - - [08/Jun/2025:11:17:32 -0400] "POST /wp-cron.php?doing_wp_cron=1749395852.6535689830780029296875 HTTP/1.1" 200 0 "-" "WordPress/6.8.1; https://isekainonbirinoukachapters.com"
162.0.232.193 - - [08/Jun/2025:11:17:32 -0400] "POST /wp-cron.php?doing_wp_cron=1749395852.6513869762420654296875 HTTP/1.1" 200 0 "-" "WordPress/6.8.1; https://isekainonbirinoukachapters.com"
115.134.106.245 - - [08/Jun/2025:11:17:30 -0400] "POST /wp-admin/admin-ajax.php HTTP/1.1" 200 61 "https://isekainonbirinoukachapters.com/manga/farming-life-in-another-world-chapter-49/" "Mozilla/5.0 (Linux; Android 10; K) AppleWebKit/537.36 (KHTML, like Gecko) Chrome/137.0.0.0 Mobile Safari/537.36"
2a0d:6c2:12:7a:: - - [08/Jun/2025:11:17:31 -0400] "POST /wp-admin/admin-ajax.php HTTP/1.1" 200 61 "https://isekainonbirinoukachapters.com/manga/farming-life-in-another-world-chapter-1/" "Mozilla/5.0 (Windows NT 10.0; Win64; x64) AppleWebKit/537.36 (KHTML, like Gecko) Chrome/137.0.0.0 Safari/537.36"
162.0.232.193 - - [08/Jun/2025:11:17:34 -0400] "GET /wp-content/uploads/89b93a66fa29a678cbd60ff176e1ea9a_1973.xml HTTP/1.1" 200 1499 "-" "Mozilla/5.0 (X11; Linux x86_64) AppleWebKit/537.36 (KHTML, like Gecko) Ubuntu Chromium/41.0.2272.76"
2001:4860:7:50c::fe - - [08/Jun/2025:11:18:33 -0400] "GET / HTTP/1.1" 200 32287 "https://www.google.com/" "Mozilla/5.0 (Windows NT 10.0; Win64; x64) AppleWebKit/537.36 (KHTML, like Gecko) Chrome/137.0.0.0 Safari/537.36"
111.94.21.106 - - [08/Jun/2025:11:18:56 -0400] "GET / HTTP/1.1" 200 32311 "-" "Mozilla/5.0 (Linux; Android 10; K) AppleWebKit/537.36 (KHTML, like Gecko) Chrome/137.0.0.0 Mobile Safari/537.36"
223.119.20.215 - - [08/Jun/2025:11:19:56 -0400] "GET /manga/farming-life-in-another-world-chapter-231/ HTTP/1.1" 200 34669 "https://isekainonbirinoukachapters.com/manga/farming-life-in-another-world-chapter-230/" "Mozilla/5.0 (Android 15; Mobile; rv:139.0) Gecko/139.0 Firefox/139.0"
115.134.106.245 - - [08/Jun/2025:11:20:02 -0400] "GET /manga/farming-life-in-another-world-chapter-50/ HTTP/1.1" 200 34267 "https://isekainonbirinoukachapters.com/manga/farming-life-in-another-world-chapter-49/" "Mozilla/5.0 (Linux; Android 10; K) AppleWebKit/537.36 (KHTML, like Gecko) Chrome/137.0.0.0 Mobile Safari/537.36"
115.134.106.245 - - [08/Jun/2025:11:20:03 -0400] "GET /manga/farming-life-in-another-world-chapter-50/ HTTP/1.1" 304 0 "https://isekainonbirinoukachapters.com/manga/farming-life-in-another-world-chapter-49/" "Mozilla/5.0 (Linux; Android 10; K) AppleWebKit/537.36 (KHTML, like Gecko) Chrome/137.0.0.0 Mobile Safari/537.36"
223.119.20.215 - - [08/Jun/2025:11:20:34 -0400] "GET /manga/farming-life-in-another-world-chapter-231/ HTTP/1.1" 200 34695 "https://isekainonbirinoukachapters.com/" "Mozilla/5.0 (Android 15; Mobile; rv:139.0) Gecko/139.0 Firefox/139.0"
162.0.232.193 - - [08/Jun/2025:11:20:35 -0400] "POST /wp-cron.php?doing_wp_cron=1749396035.2439770698547363281250 HTTP/1.1" 200 0 "-" "WordPress/6.8.1; https://isekainonbirinoukachapters.com"
223.119.20.215 - - [08/Jun/2025:11:20:34 -0400] "POST /wp-admin/admin-ajax.php HTTP/1.1" 200 61 "https://isekainonbirinoukachapters.com/manga/farming-life-in-another-world-chapter-231/" "Mozilla/5.0 (Android 15; Mobile; rv:139.0) Gecko/139.0 Firefox/139.0"
162.0.232.193 - - [08/Jun/2025:11:20:37 -0400] "GET /wp-content/uploads/89b93a66fa29a678cbd60ff176e1ea9a_1973.xml HTTP/1.1" 200 1499 "-" "Mozilla/5.0 (X11; Linux x86_64) AppleWebKit/537.36 (KHTML, like Gecko) Ubuntu Chromium/41.0.2272.76"
162.0.232.193 - - [08/Jun/2025:11:21:43 -0400] "POST /wp-cron.php?doing_wp_cron=1749396103.0533061027526855468750 HTTP/1.1" 200 0 "-" "WordPress/6.8.1; https://isekainonbirinoukachapters.com"
23.23.99.55 - - [08/Jun/2025:11:21:42 -0400] "GET /category/manga/page/6/ HTTP/1.1" 200 33247 "-" "Mozilla/5.0 AppleWebKit/537.36 (KHTML, like Gecko; compatible; Amazonbot/0.1; +https://developer.amazon.com/support/amazonbot) Chrome/119.0.6045.214 Safari/537.36"
3.213.213.161 - - [08/Jun/2025:11:21:46 -0400] "GET /category/read-farming-life-in-another-world/page/19/ HTTP/1.1" 200 33270 "-" "Mozilla/5.0 AppleWebKit/537.36 (KHTML, like Gecko; compatible; Amazonbot/0.1; +https://developer.amazon.com/support/amazonbot) Chrome/119.0.6045.214 Safari/537.36"
162.0.232.193 - - [08/Jun/2025:11:22:28 -0400] "POST /wp-cron.php?doing_wp_cron=1749396148.0372080802917480468750 HTTP/1.1" 200 0 "-" "WordPress/6.8.1; https://isekainonbirinoukachapters.com"
51.81.202.18 - - [08/Jun/2025:11:22:27 -0400] "POST /wp-admin/admin-ajax.php HTTP/1.1" 200 61 "https://isekainonbirinoukachapters.com/manga/farming-life-in-another-world-chapter-193/" "Mozilla/5.0 (Linux; Android 10; K) AppleWebKit/537.36 (KHTML, like Gecko) Chrome/137.0.0.0 Mobile Safari/537.36"
162.0.232.193 - - [08/Jun/2025:11:22:31 -0400] "GET /wp-content/uploads/89b93a66fa29a678cbd60ff176e1ea9a_1973.xml HTTP/1.1" 200 1362 "-" "Mozilla/5.0 (X11; Linux x86_64) AppleWebKit/537.36 (KHTML, like Gecko) Ubuntu Chromium/41.0.2272.76"
115.134.106.245 - - [08/Jun/2025:11:23:14 -0400] "GET /manga/farming-life-in-another-world-chapter-51/ HTTP/1.1" 200 34252 "https://isekainonbirinoukachapters.com/manga/farming-life-in-another-world-chapter-50/" "Mozilla/5.0 (Linux; Android 10; K) AppleWebKit/537.36 (KHTML, like Gecko) Chrome/137.0.0.0 Mobile Safari/537.36"
115.134.106.245 - - [08/Jun/2025:11:23:15 -0400] "GET /manga/farming-life-in-another-world-chapter-51/ HTTP/1.1" 304 0 "https://isekainonbirinoukachapters.com/manga/farming-life-in-another-world-chapter-50/" "Mozilla/5.0 (Linux; Android 10; K) AppleWebKit/537.36 (KHTML, like Gecko) Chrome/137.0.0.0 Mobile Safari/537.36"
162.0.232.193 - - [08/Jun/2025:11:23:49 -0400] "POST /wp-cron.php?doing_wp_cron=1749396228.8948369026184082031250 HTTP/1.1" 200 0 "-" "WordPress/6.8.1; https://isekainonbirinoukachapters.com"
52.167.144.16 - - [08/Jun/2025:11:23:48 -0400] "GET /sitemap_index.xml HTTP/1.1" 200 351 "-" "Mozilla/5.0 AppleWebKit/537.36 (KHTML, like Gecko; compatible; bingbot/2.0; +http://www.bing.com/bingbot.htm) Chrome/116.0.1938.76 Safari/537.36"
2a02:82:302:1200:c8e6:e22f:fa18:c59d - - [08/Jun/2025:11:25:16 -0400] "GET / HTTP/1.1" 200 32311 "https://www.google.com/" "Mozilla/5.0 (Linux; Android 10; K) AppleWebKit/537.36 (KHTML, like Gecko) SamsungBrowser/28.0 Chrome/130.0.0.0 Mobile Safari/537.36"
2a02:82:302:1200:c8e6:e22f:fa18:c59d - - [08/Jun/2025:11:25:17 -0400] "GET /wp-content/uploads/2024/07/cropped-9781642730852_il_1_aad6e-1.webp HTTP/1.1" 200 97090 "https://isekainonbirinoukachapters.com/" "Mozilla/5.0 (Linux; Android 10; K) AppleWebKit/537.36 (KHTML, like Gecko) SamsungBrowser/28.0 Chrome/130.0.0.0 Mobile Safari/537.36"
162.0.232.193 - - [08/Jun/2025:11:25:38 -0400] "POST /wp-cron.php?doing_wp_cron=1749396337.9925260543823242187500 HTTP/1.1" 200 0 "-" "WordPress/6.8.1; https://isekainonbirinoukachapters.com"
182.253.57.25 - - [08/Jun/2025:11:25:35 -0400] "POST /wp-admin/admin-ajax.php HTTP/1.1" 200 61 "https://isekainonbirinoukachapters.com/manga/farming-life-in-another-world-chapter-88/" "Mozilla/5.0 (Linux; Android 10; K) AppleWebKit/537.36 (KHTML, like Gecko) Chrome/117.0.0.0 Mobile Safari/537.36"
162.0.232.193 - - [08/Jun/2025:11:25:41 -0400] "GET /wp-content/uploads/89b93a66fa29a678cbd60ff176e1ea9a_1973.xml HTTP/1.1" 200 1362 "-" "Mozilla/5.0 (X11; Linux x86_64) AppleWebKit/537.36 (KHTML, like Gecko) Ubuntu Chromium/41.0.2272.76"
115.134.106.245 - - [08/Jun/2025:11:26:10 -0400] "GET /manga/farming-life-in-another-world-chapter-52/ HTTP/1.1" 200 34579 "https://isekainonbirinoukachapters.com/manga/farming-life-in-another-world-chapter-51/" "Mozilla/5.0 (Linux; Android 10; K) AppleWebKit/537.36 (KHTML, like Gecko) Chrome/137.0.0.0 Mobile Safari/537.36"
115.134.106.245 - - [08/Jun/2025:11:26:10 -0400] "GET /manga/farming-life-in-another-world-chapter-52/ HTTP/1.1" 304 0 "https://isekainonbirinoukachapters.com/manga/farming-life-in-another-world-chapter-51/" "Mozilla/5.0 (Linux; Android 10; K) AppleWebKit/537.36 (KHTML, like Gecko) Chrome/137.0.0.0 Mobile Safari/537.36"
115.134.106.245 - - [08/Jun/2025:11:26:11 -0400] "POST /wp-admin/admin-ajax.php HTTP/1.1" 200 61 "https://isekainonbirinoukachapters.com/manga/farming-life-in-another-world-chapter-52/" "Mozilla/5.0 (Linux; Android 10; K) AppleWebKit/537.36 (KHTML, like Gecko) Chrome/137.0.0.0 Mobile Safari/537.36"
182.253.57.25 - - [08/Jun/2025:11:26:52 -0400] "GET /manga/farming-life-in-another-world-chapter-89/ HTTP/1.1" 200 34256 "https://isekainonbirinoukachapters.com/manga/farming-life-in-another-world-chapter-88/" "Mozilla/5.0 (Linux; Android 10; K) AppleWebKit/537.36 (KHTML, like Gecko) Chrome/117.0.0.0 Mobile Safari/537.36"
2401:4900:8fcf:a49c:2551:c370:bf5b:61f0 - - [08/Jun/2025:11:28:59 -0400] "GET / HTTP/1.1" 200 32311 "https://www.google.com/" "Mozilla/5.0 (Linux; Android 10; K) AppleWebKit/537.36 (KHTML, like Gecko) Chrome/137.0.0.0 Mobile Safari/537.36"
2401:4900:8fcf:a49c:2551:c370:bf5b:61f0 - - [08/Jun/2025:11:29:00 -0400] "GET / HTTP/1.1" 304 0 "https://www.google.com/" "Mozilla/5.0 (Linux; Android 10; K) AppleWebKit/537.36 (KHTML, like Gecko) Chrome/137.0.0.0 Mobile Safari/537.36"
2401:4900:8fcf:a49c:2551:c370:bf5b:61f0 - - [08/Jun/2025:11:29:04 -0400] "GET /manga/farming-life-in-another-world-chapter-18/ HTTP/1.1" 200 34599 "https://isekainonbirinoukachapters.com/" "Mozilla/5.0 (Linux; Android 10; K) AppleWebKit/537.36 (KHTML, like Gecko) Chrome/137.0.0.0 Mobile Safari/537.36"
2401:4900:8fcf:a49c:2551:c370:bf5b:61f0 - - [08/Jun/2025:11:29:04 -0400] "GET /manga/farming-life-in-another-world-chapter-18/ HTTP/1.1" 304 0 "https://isekainonbirinoukachapters.com/" "Mozilla/5.0 (Linux; Android 10; K) AppleWebKit/537.36 (KHTML, like Gecko) Chrome/137.0.0.0 Mobile Safari/537.36"
2401:4900:8fcf:a49c:2551:c370:bf5b:61f0 - - [08/Jun/2025:11:29:04 -0400] "GET /manga/farming-life-in-another-world-chapter-38/ HTTP/1.1" 200 34510 "https://isekainonbirinoukachapters.com/" "Mozilla/5.0 (Linux; Android 10; K) AppleWebKit/537.36 (KHTML, like Gecko) Chrome/137.0.0.0 Mobile Safari/537.36"
2401:4900:8fcf:a49c:2551:c370:bf5b:61f0 - - [08/Jun/2025:11:29:05 -0400] "GET /manga/farming-life-in-another-world-chapter-38/ HTTP/1.1" 304 0 "https://isekainonbirinoukachapters.com/" "Mozilla/5.0 (Linux; Android 10; K) AppleWebKit/537.36 (KHTML, like Gecko) Chrome/137.0.0.0 Mobile Safari/537.36"
2401:4900:8fcf:a49c:2551:c370:bf5b:61f0 - - [08/Jun/2025:11:29:05 -0400] "GET /manga/farming-life-in-another-world-chapter-39/ HTTP/1.1" 200 34542 "https://isekainonbirinoukachapters.com/" "Mozilla/5.0 (Linux; Android 10; K) AppleWebKit/537.36 (KHTML, like Gecko) Chrome/137.0.0.0 Mobile Safari/537.36"
2401:4900:8fcf:a49c:2551:c370:bf5b:61f0 - - [08/Jun/2025:11:29:05 -0400] "GET /manga/farming-life-in-another-world-chapter-39/ HTTP/1.1" 304 0 "https://isekainonbirinoukachapters.com/" "Mozilla/5.0 (Linux; Android 10; K) AppleWebKit/537.36 (KHTML, like Gecko) Chrome/137.0.0.0 Mobile Safari/537.36"
223.119.20.215 - - [08/Jun/2025:11:29:13 -0400] "GET /manga/farming-life-in-another-world-chapter-232/ HTTP/1.1" 200 34537 "https://isekainonbirinoukachapters.com/" "Mozilla/5.0 (Android 15; Mobile; rv:139.0) Gecko/139.0 Firefox/139.0"
162.0.232.193 - - [08/Jun/2025:11:29:16 -0400] "POST /wp-cron.php?doing_wp_cron=1749396556.3323841094970703125000 HTTP/1.1" 200 0 "-" "WordPress/6.8.1; https://isekainonbirinoukachapters.com"
223.119.20.215 - - [08/Jun/2025:11:29:14 -0400] "POST /wp-admin/admin-ajax.php HTTP/1.1" 200 61 "https://isekainonbirinoukachapters.com/manga/farming-life-in-another-world-chapter-232/" "Mozilla/5.0 (Android 15; Mobile; rv:139.0) Gecko/139.0 Firefox/139.0"
162.0.232.193 - - [08/Jun/2025:11:29:18 -0400] "GET /wp-content/uploads/89b93a66fa29a678cbd60ff176e1ea9a_1973.xml HTTP/1.1" 200 1499 "-" "Mozilla/5.0 (X11; Linux x86_64) AppleWebKit/537.36 (KHTML, like Gecko) Ubuntu Chromium/41.0.2272.76"
2001:fd8:2606:d17c:e1ab:ef58:5c6d:79d2 - - [08/Jun/2025:11:29:19 -0400] "GET /manga/farming-life-in-another-world-chapter-147/ HTTP/1.1" 200 34492 "https://isekainonbirinoukachapters.com/category/isekai-nonbiri-nouka-manga/page/15/" "Mozilla/5.0 (Linux; Android 10; K) AppleWebKit/537.36 (KHTML, like Gecko) Chrome/137.0.0.0 Mobile Safari/537.36"
40.77.167.23 - - [08/Jun/2025:11:29:23 -0400] "GET /manga/isekai-nonbiri-nouka-chapter-130-a-discussion-with-kiabit-and-the-harpies-1/feed/ HTTP/1.1" 301 0 "-" "Mozilla/5.0 AppleWebKit/537.36 (KHTML, like Gecko; compatible; bingbot/2.0; +http://www.bing.com/bingbot.htm) Chrome/116.0.1938.76 Safari/537.36"
2401:4900:8fcf:a49c:2551:c370:bf5b:61f0 - - [08/Jun/2025:11:29:33 -0400] "GET /manga/farming-life-in-another-world-chapter-57/ HTTP/1.1" 200 34197 "https://isekainonbirinoukachapters.com/" "Mozilla/5.0 (Linux; Android 10; K) AppleWebKit/537.36 (KHTML, like Gecko) Chrome/137.0.0.0 Mobile Safari/537.36"
2401:4900:8fcf:a49c:2551:c370:bf5b:61f0 - - [08/Jun/2025:11:29:33 -0400] "GET /manga/farming-life-in-another-world-chapter-57/ HTTP/1.1" 304 0 "https://isekainonbirinoukachapters.com/" "Mozilla/5.0 (Linux; Android 10; K) AppleWebKit/537.36 (KHTML, like Gecko) Chrome/137.0.0.0 Mobile Safari/537.36"
2401:4900:8fcf:a49c:2551:c370:bf5b:61f0 - - [08/Jun/2025:11:29:34 -0400] "GET /manga/farming-life-in-another-world-chapter-80/ HTTP/1.1" 200 34200 "https://isekainonbirinoukachapters.com/" "Mozilla/5.0 (Linux; Android 10; K) AppleWebKit/537.36 (KHTML, like Gecko) Chrome/137.0.0.0 Mobile Safari/537.36"
