2601:7c0:cb01:be0:f929:5a8e:93c9:9116 - - [08/Jun/2025:05:09:52 -0400] "GET /manga/farming-life-in-another-world-chapter-9/ HTTP/1.1" 200 34056 "https://isekainonbirinoukachapters.com/manga/farming-life-in-another-world-chapter-8/" "Mozilla/5.0 (iPhone; CPU iPhone OS 18_5 like Mac OS X) AppleWebKit/605.1.15 (KHTML, like Gecko) Brave/1 Mobile/15E148 Safari/604.1"
125.160.227.83 - - [08/Jun/2025:05:09:57 -0400] "GET /manga/farming-life-in-another-world-chapter-182/ HTTP/1.1" 200 34607 "https://isekainonbirinoukachapters.com/manga/farming-life-in-another-world-chapter-181/" "Mozilla/5.0 (Linux; Android 10; K) AppleWebKit/537.36 (KHTML, like Gecko) Chrome/136.0.0.0 Mobile Safari/537.36"
125.160.227.83 - - [08/Jun/2025:05:09:57 -0400] "GET /manga/farming-life-in-another-world-chapter-182/ HTTP/1.1" 304 0 "https://isekainonbirinoukachapters.com/manga/farming-life-in-another-world-chapter-181/" "Mozilla/5.0 (Linux; Android 10; K) AppleWebKit/537.36 (KHTML, like Gecko) Chrome/136.0.0.0 Mobile Safari/537.36"
162.0.232.193 - - [08/Jun/2025:05:09:58 -0400] "POST /wp-cron.php?doing_wp_cron=1749373798.4107570648193359375000 HTTP/1.1" 200 0 "-" "WordPress/6.8.1; https://isekainonbirinoukachapters.com"
125.160.227.83 - - [08/Jun/2025:05:09:58 -0400] "POST /wp-admin/admin-ajax.php HTTP/1.1" 200 61 "https://isekainonbirinoukachapters.com/manga/farming-life-in-another-world-chapter-182/" "Mozilla/5.0 (Linux; Android 10; K) AppleWebKit/537.36 (KHTML, like Gecko) Chrome/136.0.0.0 Mobile Safari/537.36"
2401:4900:3a74:b976:3e22:db6a:b19c:9d81 - - [08/Jun/2025:05:10:39 -0400] "GET /manga/farming-life-in-another-world-chapter-15/ HTTP/1.1" 200 34025 "https://isekainonbirinoukachapters.com/" "Mozilla/5.0 (Linux; Android 10; K) AppleWebKit/537.36 (KHTML, like Gecko) Chrome/131.0.0.0 Mobile Safari/537.36"
2401:4900:3a74:b976:3e22:db6a:b19c:9d81 - - [08/Jun/2025:05:10:39 -0400] "GET /manga/farming-life-in-another-world-chapter-32/ HTTP/1.1" 200 34534 "https://isekainonbirinoukachapters.com/" "Mozilla/5.0 (Linux; Android 10; K) AppleWebKit/537.36 (KHTML, like Gecko) Chrome/131.0.0.0 Mobile Safari/537.36"
2401:4900:3a74:b976:3e22:db6a:b19c:9d81 - - [08/Jun/2025:05:10:39 -0400] "GET /manga/farming-life-in-another-world-chapter-15/ HTTP/1.1" 304 0 "https://isekainonbirinoukachapters.com/" "Mozilla/5.0 (Linux; Android 10; K) AppleWebKit/537.36 (KHTML, like Gecko) Chrome/131.0.0.0 Mobile Safari/537.36"
2401:4900:3a74:b976:3e22:db6a:b19c:9d81 - - [08/Jun/2025:05:10:40 -0400] "GET /manga/farming-life-in-another-world-chapter-30/ HTTP/1.1" 200 34267 "https://isekainonbirinoukachapters.com/" "Mozilla/5.0 (Linux; Android 10; K) AppleWebKit/537.36 (KHTML, like Gecko) Chrome/131.0.0.0 Mobile Safari/537.36"
2401:4900:3a74:b976:3e22:db6a:b19c:9d81 - - [08/Jun/2025:05:10:40 -0400] "GET /manga/farming-life-in-another-world-chapter-32/ HTTP/1.1" 304 0 "https://isekainonbirinoukachapters.com/" "Mozilla/5.0 (Linux; Android 10; K) AppleWebKit/537.36 (KHTML, like Gecko) Chrome/131.0.0.0 Mobile Safari/537.36"
2401:4900:3a74:b976:3e22:db6a:b19c:9d81 - - [08/Jun/2025:05:10:40 -0400] "GET /manga/farming-life-in-another-world-chapter-34/ HTTP/1.1" 200 34527 "https://isekainonbirinoukachapters.com/" "Mozilla/5.0 (Linux; Android 10; K) AppleWebKit/537.36 (KHTML, like Gecko) Chrome/131.0.0.0 Mobile Safari/537.36"
2401:4900:3a74:b976:3e22:db6a:b19c:9d81 - - [08/Jun/2025:05:10:40 -0400] "GET /manga/farming-life-in-another-world-chapter-30/ HTTP/1.1" 304 0 "https://isekainonbirinoukachapters.com/" "Mozilla/5.0 (Linux; Android 10; K) AppleWebKit/537.36 (KHTML, like Gecko) Chrome/131.0.0.0 Mobile Safari/537.36"
2401:4900:3a74:b976:3e22:db6a:b19c:9d81 - - [08/Jun/2025:05:10:41 -0400] "GET /manga/farming-life-in-another-world-chapter-34/ HTTP/1.1" 304 0 "https://isekainonbirinoukachapters.com/" "Mozilla/5.0 (Linux; Android 10; K) AppleWebKit/537.36 (KHTML, like Gecko) Chrome/131.0.0.0 Mobile Safari/537.36"
2401:4900:3a74:b976:3e22:db6a:b19c:9d81 - - [08/Jun/2025:05:10:42 -0400] "GET /manga/farming-life-in-another-world-chapter-25/ HTTP/1.1" 200 34252 "https://isekainonbirinoukachapters.com/" "Mozilla/5.0 (Linux; Android 10; K) AppleWebKit/537.36 (KHTML, like Gecko) Chrome/131.0.0.0 Mobile Safari/537.36"
2401:4900:3a74:b976:3e22:db6a:b19c:9d81 - - [08/Jun/2025:05:10:43 -0400] "GET /manga/farming-life-in-another-world-chapter-25/ HTTP/1.1" 304 0 "https://isekainonbirinoukachapters.com/" "Mozilla/5.0 (Linux; Android 10; K) AppleWebKit/537.36 (KHTML, like Gecko) Chrome/131.0.0.0 Mobile Safari/537.36"
162.0.232.193 - - [08/Jun/2025:05:10:48 -0400] "POST /wp-cron.php?doing_wp_cron=1749373848.3411340713500976562500 HTTP/1.1" 200 0 "-" "WordPress/6.8.1; https://isekainonbirinoukachapters.com"
144.76.19.147 - - [08/Jun/2025:05:10:48 -0400] "GET /manga/isekai-nonbiri-nouka-chapter-168-5/ HTTP/1.1" 301 0 "-" "Mozilla/5.0 (compatible; BLEXBot/1.0; +https://help.seranking.com/en/blex-crawler)"
144.76.19.147 - - [08/Jun/2025:05:10:48 -0400] "GET / HTTP/1.1" 200 32423 "-" "Mozilla/5.0 (compatible; BLEXBot/1.0; +https://help.seranking.com/en/blex-crawler)"
162.0.232.193 - - [08/Jun/2025:05:11:06 -0400] "POST /wp-cron.php?doing_wp_cron=1749373866.3650529384613037109375 HTTP/1.1" 200 0 "-" "WordPress/6.8.1; https://isekainonbirinoukachapters.com"
144.76.19.147 - - [08/Jun/2025:05:11:06 -0400] "GET /manga/isekai-nonbiri-nouka-chapter-190-5/ HTTP/1.1" 301 0 "-" "Mozilla/5.0 (compatible; BLEXBot/1.0; +https://help.seranking.com/en/blex-crawler)"
144.76.19.147 - - [08/Jun/2025:05:11:06 -0400] "GET / HTTP/1.1" 200 32327 "-" "Mozilla/5.0 (compatible; BLEXBot/1.0; +https://help.seranking.com/en/blex-crawler)"
162.0.232.193 - - [08/Jun/2025:05:11:08 -0400] "GET /wp-content/uploads/89b93a66fa29a678cbd60ff176e1ea9a_1973.xml HTTP/1.1" 200 1499 "-" "Mozilla/5.0 (X11; Linux x86_64) AppleWebKit/537.36 (KHTML, like Gecko) Ubuntu Chromium/41.0.2272.76"
119.234.11.82 - - [08/Jun/2025:05:11:08 -0400] "POST /wp-admin/admin-ajax.php HTTP/1.1" 403 6 "https://isekainonbirinoukachapters.com/manga/isekai-nonbiri-nouka-chapter-252/" "Mozilla/5.0 (Linux; Android 10; K) AppleWebKit/537.36 (KHTML, like Gecko) Chrome/137.0.0.0 Mobile Safari/537.36"
2601:7c0:cb01:be0:f929:5a8e:93c9:9116 - - [08/Jun/2025:05:11:32 -0400] "GET /manga/farming-life-in-another-world-chapter-10/ HTTP/1.1" 200 34119 "https://isekainonbirinoukachapters.com/manga/farming-life-in-another-world-chapter-9/" "Mozilla/5.0 (iPhone; CPU iPhone OS 18_5 like Mac OS X) AppleWebKit/605.1.15 (KHTML, like Gecko) Brave/1 Mobile/15E148 Safari/604.1"
144.76.19.147 - - [08/Jun/2025:05:11:49 -0400] "GET /manga/isekai-nonbiri-nouka-chapter-4-dogs/ HTTP/1.1" 301 0 "-" "Mozilla/5.0 (compatible; BLEXBot/1.0; +https://help.seranking.com/en/blex-crawler)"
144.76.19.147 - - [08/Jun/2025:05:11:49 -0400] "GET / HTTP/1.1" 200 32423 "-" "Mozilla/5.0 (compatible; BLEXBot/1.0; +https://help.seranking.com/en/blex-crawler)"
2401:4900:b38b:5aeb:fd35:a7ea:e123:e57 - - [08/Jun/2025:05:11:55 -0400] "GET /manga/farming-life-in-another-world-chapter-26/ HTTP/1.1" 200 33996 "https://isekainonbirinoukachapters.com/" "Mozilla/5.0 (Linux; Android 10; K) AppleWebKit/537.36 (KHTML, like Gecko) Chrome/131.0.0.0 Mobile Safari/537.36"
2401:4900:b38b:5aeb:fd35:a7ea:e123:e57 - - [08/Jun/2025:05:11:57 -0400] "GET / HTTP/1.1" 304 0 "https://isekainonbirinoukachapters.com/manga/farming-life-in-another-world-chapter-26/" "Mozilla/5.0 (Linux; Android 10; K) AppleWebKit/537.36 (KHTML, like Gecko) Chrome/131.0.0.0 Mobile Safari/537.36"
2401:4900:b38b:5aeb:fd35:a7ea:e123:e57 - - [08/Jun/2025:05:11:59 -0400] "GET / HTTP/1.1" 304 0 "https://isekainonbirinoukachapters.com/manga/farming-life-in-another-world-chapter-26/" "Mozilla/5.0 (Linux; Android 10; K) AppleWebKit/537.36 (KHTML, like Gecko) Chrome/131.0.0.0 Mobile Safari/537.36"
162.0.232.193 - - [08/Jun/2025:05:12:19 -0400] "POST /wp-cron.php?doing_wp_cron=1749373938.9279201030731201171875 HTTP/1.1" 200 0 "-" "WordPress/6.8.1; https://isekainonbirinoukachapters.com"
54.225.199.17 - - [08/Jun/2025:05:12:18 -0400] "GET /category/farming-life-in-another-world/page/19/ HTTP/1.1" 200 33268 "-" "Mozilla/5.0 AppleWebKit/537.36 (KHTML, like Gecko; compatible; Amazonbot/0.1; +https://developer.amazon.com/support/amazonbot) Chrome/119.0.6045.214 Safari/537.36"
2401:4900:b38b:5aeb:fd35:a7ea:e123:e57 - - [08/Jun/2025:05:12:21 -0400] "GET /manga/farming-life-in-another-world-chapter-27/ HTTP/1.1" 200 34196 "https://isekainonbirinoukachapters.com/manga/farming-life-in-another-world-chapter-26/" "Mozilla/5.0 (Linux; Android 10; K) AppleWebKit/537.36 (KHTML, like Gecko) Chrome/131.0.0.0 Mobile Safari/537.36"
2401:4900:b38b:5aeb:fd35:a7ea:e123:e57 - - [08/Jun/2025:05:12:22 -0400] "GET /manga/farming-life-in-another-world-chapter-27/ HTTP/1.1" 304 0 "https://isekainonbirinoukachapters.com/manga/farming-life-in-another-world-chapter-26/" "Mozilla/5.0 (Linux; Android 10; K) AppleWebKit/537.36 (KHTML, like Gecko) Chrome/131.0.0.0 Mobile Safari/537.36"
2401:4900:b38b:5aeb:fd35:a7ea:e123:e57 - - [08/Jun/2025:05:12:23 -0400] "GET / HTTP/1.1" 304 0 "https://isekainonbirinoukachapters.com/manga/farming-life-in-another-world-chapter-27/" "Mozilla/5.0 (Linux; Android 10; K) AppleWebKit/537.36 (KHTML, like Gecko) Chrome/131.0.0.0 Mobile Safari/537.36"
2401:4900:b38b:5aeb:fd35:a7ea:e123:e57 - - [08/Jun/2025:05:12:29 -0400] "GET / HTTP/1.1" 304 0 "https://isekainonbirinoukachapters.com/manga/farming-life-in-another-world-chapter-27/" "Mozilla/5.0 (Linux; Android 10; K) AppleWebKit/537.36 (KHTML, like Gecko) Chrome/131.0.0.0 Mobile Safari/537.36"
144.76.19.147 - - [08/Jun/2025:05:12:46 -0400] "GET /category/read-farming-life-in-another-world/ HTTP/1.1" 200 31311 "-" "Mozilla/5.0 (compatible; BLEXBot/1.0; +https://help.seranking.com/en/blex-crawler)"
2401:4900:b38b:5aeb:fd35:a7ea:e123:e57 - - [08/Jun/2025:05:12:50 -0400] "GET /manga/farming-life-in-another-world-chapter-28/ HTTP/1.1" 200 34302 "https://isekainonbirinoukachapters.com/manga/farming-life-in-another-world-chapter-27/" "Mozilla/5.0 (Linux; Android 10; K) AppleWebKit/537.36 (KHTML, like Gecko) Chrome/131.0.0.0 Mobile Safari/537.36"
2401:4900:b38b:5aeb:fd35:a7ea:e123:e57 - - [08/Jun/2025:05:12:51 -0400] "GET /manga/farming-life-in-another-world-chapter-28/ HTTP/1.1" 304 0 "https://isekainonbirinoukachapters.com/manga/farming-life-in-another-world-chapter-27/" "Mozilla/5.0 (Linux; Android 10; K) AppleWebKit/537.36 (KHTML, like Gecko) Chrome/131.0.0.0 Mobile Safari/537.36"
162.0.232.193 - - [08/Jun/2025:05:12:52 -0400] "POST /wp-cron.php?doing_wp_cron=1749373972.7885510921478271484375 HTTP/1.1" 200 0 "-" "WordPress/6.8.1; https://isekainonbirinoukachapters.com"
144.76.19.147 - - [08/Jun/2025:05:12:52 -0400] "GET /manga/isekai-nonbiri-nouka-chapter-32-lasti/ HTTP/1.1" 301 0 "-" "Mozilla/5.0 (compatible; BLEXBot/1.0; +https://help.seranking.com/en/blex-crawler)"
2401:4900:b38b:5aeb:fd35:a7ea:e123:e57 - - [08/Jun/2025:05:12:53 -0400] "GET / HTTP/1.1" 304 0 "https://isekainonbirinoukachapters.com/manga/farming-life-in-another-world-chapter-28/" "Mozilla/5.0 (Linux; Android 10; K) AppleWebKit/537.36 (KHTML, like Gecko) Chrome/131.0.0.0 Mobile Safari/537.36"
144.76.19.147 - - [08/Jun/2025:05:12:53 -0400] "GET / HTTP/1.1" 200 32423 "-" "Mozilla/5.0 (compatible; BLEXBot/1.0; +https://help.seranking.com/en/blex-crawler)"
2401:4900:b38b:5aeb:fd35:a7ea:e123:e57 - - [08/Jun/2025:05:12:54 -0400] "GET / HTTP/1.1" 304 0 "https://isekainonbirinoukachapters.com/manga/farming-life-in-another-world-chapter-28/" "Mozilla/5.0 (Linux; Android 10; K) AppleWebKit/537.36 (KHTML, like Gecko) Chrome/131.0.0.0 Mobile Safari/537.36"
144.76.19.147 - - [08/Jun/2025:05:12:57 -0400] "GET /category/farming-life-in-another-world-manga/ HTTP/1.1" 200 31335 "-" "Mozilla/5.0 (compatible; BLEXBot/1.0; +https://help.seranking.com/en/blex-crawler)"
2401:4900:b38b:5aeb:fd35:a7ea:e123:e57 - - [08/Jun/2025:05:13:06 -0400] "GET /manga/farming-life-in-another-world-chapter-29/ HTTP/1.1" 200 34277 "https://isekainonbirinoukachapters.com/manga/farming-life-in-another-world-chapter-28/" "Mozilla/5.0 (Linux; Android 10; K) AppleWebKit/537.36 (KHTML, like Gecko) Chrome/131.0.0.0 Mobile Safari/537.36"
2401:4900:b38b:5aeb:fd35:a7ea:e123:e57 - - [08/Jun/2025:05:13:07 -0400] "GET /manga/farming-life-in-another-world-chapter-29/ HTTP/1.1" 304 0 "https://isekainonbirinoukachapters.com/manga/farming-life-in-another-world-chapter-28/" "Mozilla/5.0 (Linux; Android 10; K) AppleWebKit/537.36 (KHTML, like Gecko) Chrome/131.0.0.0 Mobile Safari/537.36"
2401:4900:b38b:5aeb:fd35:a7ea:e123:e57 - - [08/Jun/2025:05:13:10 -0400] "GET / HTTP/1.1" 304 0 "https://isekainonbirinoukachapters.com/manga/farming-life-in-another-world-chapter-29/" "Mozilla/5.0 (Linux; Android 10; K) AppleWebKit/537.36 (KHTML, like Gecko) Chrome/131.0.0.0 Mobile Safari/537.36"
2401:4900:b38b:5aeb:fd35:a7ea:e123:e57 - - [08/Jun/2025:05:13:13 -0400] "GET / HTTP/1.1" 304 0 "https://isekainonbirinoukachapters.com/manga/farming-life-in-another-world-chapter-29/" "Mozilla/5.0 (Linux; Android 10; K) AppleWebKit/537.36 (KHTML, like Gecko) Chrome/131.0.0.0 Mobile Safari/537.36"
2401:4900:b38b:5aeb:fd35:a7ea:e123:e57 - - [08/Jun/2025:05:13:20 -0400] "GET /manga/farming-life-in-another-world-chapter-27/ HTTP/1.1" 304 0 "https://isekainonbirinoukachapters.com/" "Mozilla/5.0 (Linux; Android 10; K) AppleWebKit/537.36 (KHTML, like Gecko) Chrome/131.0.0.0 Mobile Safari/537.36"
2401:4900:b38b:5aeb:fd35:a7ea:e123:e57 - - [08/Jun/2025:05:13:20 -0400] "GET /manga/farming-life-in-another-world-chapter-27/ HTTP/1.1" 304 0 "https://isekainonbirinoukachapters.com/" "Mozilla/5.0 (Linux; Android 10; K) AppleWebKit/537.36 (KHTML, like Gecko) Chrome/131.0.0.0 Mobile Safari/537.36"
2401:4900:b38b:5aeb:fd35:a7ea:e123:e57 - - [08/Jun/2025:05:13:22 -0400] "GET /manga/farming-life-in-another-world-chapter-1/ HTTP/1.1" 200 34465 "https://isekainonbirinoukachapters.com/" "Mozilla/5.0 (Linux; Android 10; K) AppleWebKit/537.36 (KHTML, like Gecko) Chrome/131.0.0.0 Mobile Safari/537.36"
2401:4900:b38b:5aeb:fd35:a7ea:e123:e57 - - [08/Jun/2025:05:13:23 -0400] "GET /manga/farming-life-in-another-world-chapter-1/ HTTP/1.1" 304 0 "https://isekainonbirinoukachapters.com/" "Mozilla/5.0 (Linux; Android 10; K) AppleWebKit/537.36 (KHTML, like Gecko) Chrome/131.0.0.0 Mobile Safari/537.36"
2401:4900:b38b:5aeb:fd35:a7ea:e123:e57 - - [08/Jun/2025:05:13:24 -0400] "GET / HTTP/1.1" 304 0 "https://isekainonbirinoukachapters.com/manga/farming-life-in-another-world-chapter-1/" "Mozilla/5.0 (Linux; Android 10; K) AppleWebKit/537.36 (KHTML, like Gecko) Chrome/131.0.0.0 Mobile Safari/537.36"
162.0.232.193 - - [08/Jun/2025:05:13:25 -0400] "POST /wp-cron.php?doing_wp_cron=1749374005.6810569763183593750000 HTTP/1.1" 200 0 "-" "WordPress/6.8.1; https://isekainonbirinoukachapters.com"
144.76.19.147 - - [08/Jun/2025:05:13:25 -0400] "GET /manga/isekai-nonbiri-nouka-chapter-16-my-home/ HTTP/1.1" 301 0 "-" "Mozilla/5.0 (compatible; BLEXBot/1.0; +https://help.seranking.com/en/blex-crawler)"
144.76.19.147 - - [08/Jun/2025:05:13:25 -0400] "GET / HTTP/1.1" 200 32286 "-" "Mozilla/5.0 (compatible; BLEXBot/1.0; +https://help.seranking.com/en/blex-crawler)"
162.0.232.193 - - [08/Jun/2025:05:13:27 -0400] "GET /wp-content/uploads/89b93a66fa29a678cbd60ff176e1ea9a_1973.xml HTTP/1.1" 200 1499 "-" "Mozilla/5.0 (X11; Linux x86_64) AppleWebKit/537.36 (KHTML, like Gecko) Ubuntu Chromium/41.0.2272.76"
2401:4900:b38b:5aeb:fd35:a7ea:e123:e57 - - [08/Jun/2025:05:13:33 -0400] "GET / HTTP/1.1" 304 0 "https://isekainonbirinoukachapters.com/manga/farming-life-in-another-world-chapter-1/" "Mozilla/5.0 (Linux; Android 10; K) AppleWebKit/537.36 (KHTML, like Gecko) Chrome/131.0.0.0 Mobile Safari/537.36"
2401:4900:b38b:5aeb:fd35:a7ea:e123:e57 - - [08/Jun/2025:05:13:49 -0400] "GET /manga/farming-life-in-another-world-chapter-5/ HTTP/1.1" 200 34599 "https://isekainonbirinoukachapters.com/" "Mozilla/5.0 (Linux; Android 10; K) AppleWebKit/537.36 (KHTML, like Gecko) Chrome/131.0.0.0 Mobile Safari/537.36"
2401:4900:b38b:5aeb:fd35:a7ea:e123:e57 - - [08/Jun/2025:05:13:50 -0400] "GET /manga/farming-life-in-another-world-chapter-51/ HTTP/1.1" 200 34407 "https://isekainonbirinoukachapters.com/" "Mozilla/5.0 (Linux; Android 10; K) AppleWebKit/537.36 (KHTML, like Gecko) Chrome/131.0.0.0 Mobile Safari/537.36"
2401:4900:b38b:5aeb:fd35:a7ea:e123:e57 - - [08/Jun/2025:05:13:50 -0400] "GET /manga/farming-life-in-another-world-chapter-5/ HTTP/1.1" 304 0 "https://isekainonbirinoukachapters.com/" "Mozilla/5.0 (Linux; Android 10; K) AppleWebKit/537.36 (KHTML, like Gecko) Chrome/131.0.0.0 Mobile Safari/537.36"
2401:4900:b38b:5aeb:fd35:a7ea:e123:e57 - - [08/Jun/2025:05:13:50 -0400] "GET /manga/farming-life-in-another-world-chapter-74/ HTTP/1.1" 200 34246 "https://isekainonbirinoukachapters.com/" "Mozilla/5.0 (Linux; Android 10; K) AppleWebKit/537.36 (KHTML, like Gecko) Chrome/131.0.0.0 Mobile Safari/537.36"
2401:4900:b38b:5aeb:fd35:a7ea:e123:e57 - - [08/Jun/2025:05:13:51 -0400] "GET /manga/farming-life-in-another-world-chapter-90/ HTTP/1.1" 200 34396 "https://isekainonbirinoukachapters.com/" "Mozilla/5.0 (Linux; Android 10; K) AppleWebKit/537.36 (KHTML, like Gecko) Chrome/131.0.0.0 Mobile Safari/537.36"
2401:4900:b38b:5aeb:fd35:a7ea:e123:e57 - - [08/Jun/2025:05:13:51 -0400] "GET /manga/farming-life-in-another-world-chapter-51/ HTTP/1.1" 304 0 "https://isekainonbirinoukachapters.com/" "Mozilla/5.0 (Linux; Android 10; K) AppleWebKit/537.36 (KHTML, like Gecko) Chrome/131.0.0.0 Mobile Safari/537.36"
2401:4900:b38b:5aeb:fd35:a7ea:e123:e57 - - [08/Jun/2025:05:13:51 -0400] "GET /manga/farming-life-in-another-world-chapter-117/ HTTP/1.1" 200 34597 "https://isekainonbirinoukachapters.com/" "Mozilla/5.0 (Linux; Android 10; K) AppleWebKit/537.36 (KHTML, like Gecko) Chrome/131.0.0.0 Mobile Safari/537.36"
2401:4900:b38b:5aeb:fd35:a7ea:e123:e57 - - [08/Jun/2025:05:13:52 -0400] "GET /manga/farming-life-in-another-world-chapter-152/ HTTP/1.1" 200 34915 "https://isekainonbirinoukachapters.com/" "Mozilla/5.0 (Linux; Android 10; K) AppleWebKit/537.36 (KHTML, like Gecko) Chrome/131.0.0.0 Mobile Safari/537.36"
2401:4900:b38b:5aeb:fd35:a7ea:e123:e57 - - [08/Jun/2025:05:13:52 -0400] "GET /manga/farming-life-in-another-world-chapter-74/ HTTP/1.1" 304 0 "https://isekainonbirinoukachapters.com/" "Mozilla/5.0 (Linux; Android 10; K) AppleWebKit/537.36 (KHTML, like Gecko) Chrome/131.0.0.0 Mobile Safari/537.36"
2401:4900:b38b:5aeb:fd35:a7ea:e123:e57 - - [08/Jun/2025:05:13:52 -0400] "GET /manga/farming-life-in-another-world-chapter-193/ HTTP/1.1" 200 34382 "https://isekainonbirinoukachapters.com/" "Mozilla/5.0 (Linux; Android 10; K) AppleWebKit/537.36 (KHTML, like Gecko) Chrome/131.0.0.0 Mobile Safari/537.36"
2401:4900:b38b:5aeb:fd35:a7ea:e123:e57 - - [08/Jun/2025:05:13:53 -0400] "GET /manga/farming-life-in-another-world-chapter-90/ HTTP/1.1" 304 0 "https://isekainonbirinoukachapters.com/" "Mozilla/5.0 (Linux; Android 10; K) AppleWebKit/537.36 (KHTML, like Gecko) Chrome/131.0.0.0 Mobile Safari/537.36"
2401:4900:b38b:5aeb:fd35:a7ea:e123:e57 - - [08/Jun/2025:05:13:53 -0400] "GET /manga/farming-life-in-another-world-chapter-117/ HTTP/1.1" 304 0 "https://isekainonbirinoukachapters.com/" "Mozilla/5.0 (Linux; Android 10; K) AppleWebKit/537.36 (KHTML, like Gecko) Chrome/131.0.0.0 Mobile Safari/537.36"
2401:4900:b38b:5aeb:fd35:a7ea:e123:e57 - - [08/Jun/2025:05:13:54 -0400] "GET /manga/farming-life-in-another-world-chapter-152/ HTTP/1.1" 304 0 "https://isekainonbirinoukachapters.com/" "Mozilla/5.0 (Linux; Android 10; K) AppleWebKit/537.36 (KHTML, like Gecko) Chrome/131.0.0.0 Mobile Safari/537.36"
2401:4900:b38b:5aeb:fd35:a7ea:e123:e57 - - [08/Jun/2025:05:13:54 -0400] "GET /manga/farming-life-in-another-world-chapter-193/ HTTP/1.1" 304 0 "https://isekainonbirinoukachapters.com/" "Mozilla/5.0 (Linux; Android 10; K) AppleWebKit/537.36 (KHTML, like Gecko) Chrome/131.0.0.0 Mobile Safari/537.36"
2401:4900:b38b:5aeb:fd35:a7ea:e123:e57 - - [08/Jun/2025:05:13:54 -0400] "GET /manga/farming-life-in-another-world-chapter-239/ HTTP/1.1" 200 34070 "https://isekainonbirinoukachapters.com/" "Mozilla/5.0 (Linux; Android 10; K) AppleWebKit/537.36 (KHTML, like Gecko) Chrome/131.0.0.0 Mobile Safari/537.36"
2401:4900:b38b:5aeb:fd35:a7ea:e123:e57 - - [08/Jun/2025:05:13:55 -0400] "GET /manga/farming-life-in-another-world-chapter-239/ HTTP/1.1" 304 0 "https://isekainonbirinoukachapters.com/" "Mozilla/5.0 (Linux; Android 10; K) AppleWebKit/537.36 (KHTML, like Gecko) Chrome/131.0.0.0 Mobile Safari/537.36"
2401:4900:b38b:5aeb:fd35:a7ea:e123:e57 - - [08/Jun/2025:05:13:56 -0400] "GET / HTTP/1.1" 304 0 "https://isekainonbirinoukachapters.com/manga/farming-life-in-another-world-chapter-239/" "Mozilla/5.0 (Linux; Android 10; K) AppleWebKit/537.36 (KHTML, like Gecko) Chrome/131.0.0.0 Mobile Safari/537.36"
2401:4900:b38b:5aeb:fd35:a7ea:e123:e57 - - [08/Jun/2025:05:14:00 -0400] "GET / HTTP/1.1" 304 0 "https://isekainonbirinoukachapters.com/manga/farming-life-in-another-world-chapter-239/" "Mozilla/5.0 (Linux; Android 10; K) AppleWebKit/537.36 (KHTML, like Gecko) Chrome/131.0.0.0 Mobile Safari/537.36"
144.76.19.147 - - [08/Jun/2025:05:14:04 -0400] "GET /manga/isekai-nonbiri-nouka-chapter-187-race-2/ HTTP/1.1" 301 0 "-" "Mozilla/5.0 (compatible; BLEXBot/1.0; +https://help.seranking.com/en/blex-crawler)"
144.76.19.147 - - [08/Jun/2025:05:14:04 -0400] "GET / HTTP/1.1" 200 32423 "-" "Mozilla/5.0 (compatible; BLEXBot/1.0; +https://help.seranking.com/en/blex-crawler)"
144.76.19.147 - - [08/Jun/2025:05:14:08 -0400] "GET /manga/isekai-nonbiri-nouka-chapter-2-no-title/ HTTP/1.1" 301 0 "-" "Mozilla/5.0 (compatible; BLEXBot/1.0; +https://help.seranking.com/en/blex-crawler)"
144.76.19.147 - - [08/Jun/2025:05:14:08 -0400] "GET / HTTP/1.1" 200 32423 "-" "Mozilla/5.0 (compatible; BLEXBot/1.0; +https://help.seranking.com/en/blex-crawler)"
2409:40f0:410e:9968:8cdc:9c14:2575:af71 - - [08/Jun/2025:05:14:14 -0400] "GET /category/farming-life-in-another-world-manga/ HTTP/1.1" 304 0 "https://isekainonbirinoukachapters.com/manga/farming-life-in-another-world-chapter-22/" "Mozilla/5.0 (Linux; Android 10; K) AppleWebKit/537.36 (KHTML, like Gecko) SamsungBrowser/28.0 Chrome/130.0.0.0 Mobile Safari/537.36"
2409:40f0:410e:9968:8cdc:9c14:2575:af71 - - [08/Jun/2025:05:14:14 -0400] "GET /category/farming-life-in-another-world-manga/ HTTP/1.1" 304 0 "https://isekainonbirinoukachapters.com/manga/farming-life-in-another-world-chapter-22/" "Mozilla/5.0 (Linux; Android 10; K) AppleWebKit/537.36 (KHTML, like Gecko) SamsungBrowser/28.0 Chrome/130.0.0.0 Mobile Safari/537.36"
2409:40f0:410e:9968:8cdc:9c14:2575:af71 - - [08/Jun/2025:05:14:15 -0400] "GET /manga/farming-life-in-another-world-chapter-1/ HTTP/1.1" 304 0 "https://isekainonbirinoukachapters.com/category/farming-life-in-another-world-manga/" "Mozilla/5.0 (Linux; Android 10; K) AppleWebKit/537.36 (KHTML, like Gecko) SamsungBrowser/28.0 Chrome/130.0.0.0 Mobile Safari/537.36"
2409:40f0:410e:9968:8cdc:9c14:2575:af71 - - [08/Jun/2025:05:14:16 -0400] "GET /manga/farming-life-in-another-world-chapter-1/ HTTP/1.1" 304 0 "https://isekainonbirinoukachapters.com/category/farming-life-in-another-world-manga/" "Mozilla/5.0 (Linux; Android 10; K) AppleWebKit/537.36 (KHTML, like Gecko) SamsungBrowser/28.0 Chrome/130.0.0.0 Mobile Safari/537.36"
2409:40f0:410e:9968:8cdc:9c14:2575:af71 - - [08/Jun/2025:05:14:31 -0400] "GET /manga/farming-life-in-another-world-chapter-4/ HTTP/1.1" 304 0 "https://isekainonbirinoukachapters.com/category/farming-life-in-another-world-manga/" "Mozilla/5.0 (Linux; Android 10; K) AppleWebKit/537.36 (KHTML, like Gecko) SamsungBrowser/28.0 Chrome/130.0.0.0 Mobile Safari/537.36"
2409:40f0:410e:9968:8cdc:9c14:2575:af71 - - [08/Jun/2025:05:14:31 -0400] "GET /manga/farming-life-in-another-world-chapter-4/ HTTP/1.1" 304 0 "https://isekainonbirinoukachapters.com/category/farming-life-in-another-world-manga/" "Mozilla/5.0 (Linux; Android 10; K) AppleWebKit/537.36 (KHTML, like Gecko) SamsungBrowser/28.0 Chrome/130.0.0.0 Mobile Safari/537.36"
162.0.232.193 - - [08/Jun/2025:05:14:34 -0400] "POST /wp-cron.php?doing_wp_cron=1749374074.9092400074005126953125 HTTP/1.1" 200 0 "-" "WordPress/6.8.1; https://isekainonbirinoukachapters.com"
2409:40f0:410e:9968:8cdc:9c14:2575:af71 - - [08/Jun/2025:05:14:34 -0400] "GET /category/farming-life-in-another-world-manga/page/2/ HTTP/1.1" 200 33028 "https://isekainonbirinoukachapters.com/category/farming-life-in-another-world-manga/" "Mozilla/5.0 (Linux; Android 10; K) AppleWebKit/537.36 (KHTML, like Gecko) SamsungBrowser/28.0 Chrome/130.0.0.0 Mobile Safari/537.36"
2409:40f0:410e:9968:8cdc:9c14:2575:af71 - - [08/Jun/2025:05:14:35 -0400] "GET /category/farming-life-in-another-world-manga/page/2/ HTTP/1.1" 304 0 "https://isekainonbirinoukachapters.com/category/farming-life-in-another-world-manga/" "Mozilla/5.0 (Linux; Android 10; K) AppleWebKit/537.36 (KHTML, like Gecko) SamsungBrowser/28.0 Chrome/130.0.0.0 Mobile Safari/537.36"
2601:7c0:cb01:be0:f929:5a8e:93c9:9116 - - [08/Jun/2025:05:14:36 -0400] "GET /manga/farming-life-in-another-world-chapter-11/ HTTP/1.1" 200 34302 "https://isekainonbirinoukachapters.com/manga/farming-life-in-another-world-chapter-10/" "Mozilla/5.0 (iPhone; CPU iPhone OS 18_5 like Mac OS X) AppleWebKit/605.1.15 (KHTML, like Gecko) Brave/1 Mobile/15E148 Safari/604.1"
2409:40f0:410e:9968:8cdc:9c14:2575:af71 - - [08/Jun/2025:05:14:36 -0400] "GET /manga/farming-life-in-another-world-chapter-11/ HTTP/1.1" 304 0 "https://isekainonbirinoukachapters.com/category/farming-life-in-another-world-manga/page/2/" "Mozilla/5.0 (Linux; Android 10; K) AppleWebKit/537.36 (KHTML, like Gecko) SamsungBrowser/28.0 Chrome/130.0.0.0 Mobile Safari/537.36"
2409:40f0:410e:9968:8cdc:9c14:2575:af71 - - [08/Jun/2025:05:14:36 -0400] "GET /manga/farming-life-in-another-world-chapter-11/ HTTP/1.1" 304 0 "https://isekainonbirinoukachapters.com/category/farming-life-in-another-world-manga/page/2/" "Mozilla/5.0 (Linux; Android 10; K) AppleWebKit/537.36 (KHTML, like Gecko) SamsungBrowser/28.0 Chrome/130.0.0.0 Mobile Safari/537.36"
40.77.167.121 - - [08/Jun/2025:05:14:39 -0400] "GET /manga/farming-life-in-another-world-chapter-30/ HTTP/1.1" 200 34179 "-" "Mozilla/5.0 AppleWebKit/537.36 (KHTML, like Gecko; compatible; bingbot/2.0; +http://www.bing.com/bingbot.htm) Chrome/116.0.1938.76 Safari/537.36"
2409:40f0:410e:9968:8cdc:9c14:2575:af71 - - [08/Jun/2025:05:14:43 -0400] "GET /category/isekai-nonbiri-nouka-manga/ HTTP/1.1" 200 31277 "https://isekainonbirinoukachapters.com/category/farming-life-in-another-world-manga/page/2/" "Mozilla/5.0 (Linux; Android 10; K) AppleWebKit/537.36 (KHTML, like Gecko) SamsungBrowser/28.0 Chrome/130.0.0.0 Mobile Safari/537.36"
2409:40f0:410e:9968:8cdc:9c14:2575:af71 - - [08/Jun/2025:05:14:43 -0400] "GET /category/isekai-nonbiri-nouka-manga/ HTTP/1.1" 304 0 "https://isekainonbirinoukachapters.com/category/farming-life-in-another-world-manga/page/2/" "Mozilla/5.0 (Linux; Android 10; K) AppleWebKit/537.36 (KHTML, like Gecko) SamsungBrowser/28.0 Chrome/130.0.0.0 Mobile Safari/537.36"
2409:40f0:410e:9968:8cdc:9c14:2575:af71 - - [08/Jun/2025:05:14:45 -0400] "GET /manga/farming-life-in-another-world-chapter-1/ HTTP/1.1" 304 0 "https://isekainonbirinoukachapters.com/category/isekai-nonbiri-nouka-manga/" "Mozilla/5.0 (Linux; Android 10; K) AppleWebKit/537.36 (KHTML, like Gecko) SamsungBrowser/28.0 Chrome/130.0.0.0 Mobile Safari/537.36"
2409:40f0:410e:9968:8cdc:9c14:2575:af71 - - [08/Jun/2025:05:14:45 -0400] "GET /manga/farming-life-in-another-world-chapter-1/ HTTP/1.1" 304 0 "https://isekainonbirinoukachapters.com/category/isekai-nonbiri-nouka-manga/" "Mozilla/5.0 (Linux; Android 10; K) AppleWebKit/537.36 (KHTML, like Gecko) SamsungBrowser/28.0 Chrome/130.0.0.0 Mobile Safari/537.36"
2409:40f0:410e:9968:8cdc:9c14:2575:af71 - - [08/Jun/2025:05:14:55 -0400] "GET / HTTP/1.1" 304 0 "https://isekainonbirinoukachapters.com/manga/farming-life-in-another-world-chapter-1/" "Mozilla/5.0 (Linux; Android 10; K) AppleWebKit/537.36 (KHTML, like Gecko) SamsungBrowser/28.0 Chrome/130.0.0.0 Mobile Safari/537.36"
2409:40f0:410e:9968:8cdc:9c14:2575:af71 - - [08/Jun/2025:05:14:56 -0400] "GET / HTTP/1.1" 304 0 "https://isekainonbirinoukachapters.com/manga/farming-life-in-another-world-chapter-1/" "Mozilla/5.0 (Linux; Android 10; K) AppleWebKit/537.36 (KHTML, like Gecko) SamsungBrowser/28.0 Chrome/130.0.0.0 Mobile Safari/537.36"
2409:40f0:410e:9968:8cdc:9c14:2575:af71 - - [08/Jun/2025:05:15:00 -0400] "GET /manga/farming-life-in-another-world-chapter-11/ HTTP/1.1" 304 0 "https://isekainonbirinoukachapters.com/" "Mozilla/5.0 (Linux; Android 10; K) AppleWebKit/537.36 (KHTML, like Gecko) SamsungBrowser/28.0 Chrome/130.0.0.0 Mobile Safari/537.36"
2409:40f0:410e:9968:8cdc:9c14:2575:af71 - - [08/Jun/2025:05:15:02 -0400] "GET /manga/farming-life-in-another-world-chapter-28/ HTTP/1.1" 200 34262 "https://isekainonbirinoukachapters.com/" "Mozilla/5.0 (Linux; Android 10; K) AppleWebKit/537.36 (KHTML, like Gecko) SamsungBrowser/28.0 Chrome/130.0.0.0 Mobile Safari/537.36"
2409:40f0:410e:9968:8cdc:9c14:2575:af71 - - [08/Jun/2025:05:15:04 -0400] "GET /manga/farming-life-in-another-world-chapter-113/ HTTP/1.1" 200 34343 "https://isekainonbirinoukachapters.com/" "Mozilla/5.0 (Linux; Android 10; K) AppleWebKit/537.36 (KHTML, like Gecko) SamsungBrowser/28.0 Chrome/130.0.0.0 Mobile Safari/537.36"
2409:40f0:410e:9968:8cdc:9c14:2575:af71 - - [08/Jun/2025:05:15:04 -0400] "GET /manga/farming-life-in-another-world-chapter-50/ HTTP/1.1" 200 34670 "https://isekainonbirinoukachapters.com/" "Mozilla/5.0 (Linux; Android 10; K) AppleWebKit/537.36 (KHTML, like Gecko) SamsungBrowser/28.0 Chrome/130.0.0.0 Mobile Safari/537.36"
2409:40f0:410e:9968:8cdc:9c14:2575:af71 - - [08/Jun/2025:05:15:05 -0400] "GET /manga/farming-life-in-another-world-chapter-11/ HTTP/1.1" 304 0 "https://isekainonbirinoukachapters.com/" "Mozilla/5.0 (Linux; Android 10; K) AppleWebKit/537.36 (KHTML, like Gecko) SamsungBrowser/28.0 Chrome/130.0.0.0 Mobile Safari/537.36"
2409:40f0:410e:9968:8cdc:9c14:2575:af71 - - [08/Jun/2025:05:15:05 -0400] "GET /manga/farming-life-in-another-world-chapter-5/ HTTP/1.1" 304 0 "https://isekainonbirinoukachapters.com/" "Mozilla/5.0 (Linux; Android 10; K) AppleWebKit/537.36 (KHTML, like Gecko) SamsungBrowser/28.0 Chrome/130.0.0.0 Mobile Safari/537.36"
2409:40f0:410e:9968:8cdc:9c14:2575:af71 - - [08/Jun/2025:05:15:05 -0400] "GET /manga/farming-life-in-another-world-chapter-149/ HTTP/1.1" 200 34921 "https://isekainonbirinoukachapters.com/" "Mozilla/5.0 (Linux; Android 10; K) AppleWebKit/537.36 (KHTML, like Gecko) SamsungBrowser/28.0 Chrome/130.0.0.0 Mobile Safari/537.36"
2409:40f0:410e:9968:8cdc:9c14:2575:af71 - - [08/Jun/2025:05:15:05 -0400] "GET /manga/farming-life-in-another-world-chapter-220/ HTTP/1.1" 200 34146 "https://isekainonbirinoukachapters.com/" "Mozilla/5.0 (Linux; Android 10; K) AppleWebKit/537.36 (KHTML, like Gecko) SamsungBrowser/28.0 Chrome/130.0.0.0 Mobile Safari/537.36"
2409:40f0:410e:9968:8cdc:9c14:2575:af71 - - [08/Jun/2025:05:15:05 -0400] "GET /manga/farming-life-in-another-world-chapter-28/ HTTP/1.1" 304 0 "https://isekainonbirinoukachapters.com/" "Mozilla/5.0 (Linux; Android 10; K) AppleWebKit/537.36 (KHTML, like Gecko) SamsungBrowser/28.0 Chrome/130.0.0.0 Mobile Safari/537.36"
2409:40f0:410e:9968:8cdc:9c14:2575:af71 - - [08/Jun/2025:05:15:05 -0400] "GET /manga/farming-life-in-another-world-chapter-254/ HTTP/1.1" 200 34220 "https://isekainonbirinoukachapters.com/" "Mozilla/5.0 (Linux; Android 10; K) AppleWebKit/537.36 (KHTML, like Gecko) SamsungBrowser/28.0 Chrome/130.0.0.0 Mobile Safari/537.36"
2409:40f0:410e:9968:8cdc:9c14:2575:af71 - - [08/Jun/2025:05:15:05 -0400] "GET /manga/farming-life-in-another-world-chapter-180/ HTTP/1.1" 200 34580 "https://isekainonbirinoukachapters.com/" "Mozilla/5.0 (Linux; Android 10; K) AppleWebKit/537.36 (KHTML, like Gecko) SamsungBrowser/28.0 Chrome/130.0.0.0 Mobile Safari/537.36"
2409:40f0:410e:9968:8cdc:9c14:2575:af71 - - [08/Jun/2025:05:15:05 -0400] "GET /manga/farming-life-in-another-world-chapter-255/ HTTP/1.1" 200 33993 "https://isekainonbirinoukachapters.com/" "Mozilla/5.0 (Linux; Android 10; K) AppleWebKit/537.36 (KHTML, like Gecko) SamsungBrowser/28.0 Chrome/130.0.0.0 Mobile Safari/537.36"
2409:40f0:410e:9968:8cdc:9c14:2575:af71 - - [08/Jun/2025:05:15:05 -0400] "GET /manga/farming-life-in-another-world-chapter-216/ HTTP/1.1" 200 34563 "https://isekainonbirinoukachapters.com/" "Mozilla/5.0 (Linux; Android 10; K) AppleWebKit/537.36 (KHTML, like Gecko) SamsungBrowser/28.0 Chrome/130.0.0.0 Mobile Safari/537.36"
2409:40f0:410e:9968:8cdc:9c14:2575:af71 - - [08/Jun/2025:05:15:05 -0400] "GET /manga/farming-life-in-another-world-chapter-64/ HTTP/1.1" 200 34661 "https://isekainonbirinoukachapters.com/" "Mozilla/5.0 (Linux; Android 10; K) AppleWebKit/537.36 (KHTML, like Gecko) SamsungBrowser/28.0 Chrome/130.0.0.0 Mobile Safari/537.36"
2409:40f0:410e:9968:8cdc:9c14:2575:af71 - - [08/Jun/2025:05:15:05 -0400] "GET /manga/farming-life-in-another-world-chapter-50/ HTTP/1.1" 304 0 "https://isekainonbirinoukachapters.com/" "Mozilla/5.0 (Linux; Android 10; K) AppleWebKit/537.36 (KHTML, like Gecko) SamsungBrowser/28.0 Chrome/130.0.0.0 Mobile Safari/537.36"
2409:40f0:410e:9968:8cdc:9c14:2575:af71 - - [08/Jun/2025:05:15:06 -0400] "GET /manga/farming-life-in-another-world-chapter-113/ HTTP/1.1" 304 0 "https://isekainonbirinoukachapters.com/" "Mozilla/5.0 (Linux; Android 10; K) AppleWebKit/537.36 (KHTML, like Gecko) SamsungBrowser/28.0 Chrome/130.0.0.0 Mobile Safari/537.36"
2409:40f0:410e:9968:8cdc:9c14:2575:af71 - - [08/Jun/2025:05:15:06 -0400] "GET /manga/farming-life-in-another-world-chapter-149/ HTTP/1.1" 304 0 "https://isekainonbirinoukachapters.com/" "Mozilla/5.0 (Linux; Android 10; K) AppleWebKit/537.36 (KHTML, like Gecko) SamsungBrowser/28.0 Chrome/130.0.0.0 Mobile Safari/537.36"
2409:40f0:410e:9968:8cdc:9c14:2575:af71 - - [08/Jun/2025:05:15:06 -0400] "GET /manga/farming-life-in-another-world-chapter-180/ HTTP/1.1" 304 0 "https://isekainonbirinoukachapters.com/" "Mozilla/5.0 (Linux; Android 10; K) AppleWebKit/537.36 (KHTML, like Gecko) SamsungBrowser/28.0 Chrome/130.0.0.0 Mobile Safari/537.36"
2409:40f0:410e:9968:8cdc:9c14:2575:af71 - - [08/Jun/2025:05:15:07 -0400] "GET /manga/farming-life-in-another-world-chapter-220/ HTTP/1.1" 304 0 "https://isekainonbirinoukachapters.com/" "Mozilla/5.0 (Linux; Android 10; K) AppleWebKit/537.36 (KHTML, like Gecko) SamsungBrowser/28.0 Chrome/130.0.0.0 Mobile Safari/537.36"
2409:40f0:410e:9968:8cdc:9c14:2575:af71 - - [08/Jun/2025:05:15:07 -0400] "GET /manga/farming-life-in-another-world-chapter-6/ HTTP/1.1" 304 0 "https://isekainonbirinoukachapters.com/" "Mozilla/5.0 (Linux; Android 10; K) AppleWebKit/537.36 (KHTML, like Gecko) SamsungBrowser/28.0 Chrome/130.0.0.0 Mobile Safari/537.36"
2409:40f0:410e:9968:8cdc:9c14:2575:af71 - - [08/Jun/2025:05:15:07 -0400] "GET /manga/farming-life-in-another-world-chapter-5/ HTTP/1.1" 304 0 "https://isekainonbirinoukachapters.com/" "Mozilla/5.0 (Linux; Android 10; K) AppleWebKit/537.36 (KHTML, like Gecko) SamsungBrowser/28.0 Chrome/130.0.0.0 Mobile Safari/537.36"
2409:40f0:410e:9968:8cdc:9c14:2575:af71 - - [08/Jun/2025:05:15:08 -0400] "GET /manga/farming-life-in-another-world-chapter-254/ HTTP/1.1" 304 0 "https://isekainonbirinoukachapters.com/" "Mozilla/5.0 (Linux; Android 10; K) AppleWebKit/537.36 (KHTML, like Gecko) SamsungBrowser/28.0 Chrome/130.0.0.0 Mobile Safari/537.36"
2409:40f0:410e:9968:8cdc:9c14:2575:af71 - - [08/Jun/2025:05:15:08 -0400] "GET /manga/farming-life-in-another-world-chapter-1/ HTTP/1.1" 304 0 "https://isekainonbirinoukachapters.com/" "Mozilla/5.0 (Linux; Android 10; K) AppleWebKit/537.36 (KHTML, like Gecko) SamsungBrowser/28.0 Chrome/130.0.0.0 Mobile Safari/537.36"
2409:40f0:410e:9968:8cdc:9c14:2575:af71 - - [08/Jun/2025:05:15:08 -0400] "GET /manga/farming-life-in-another-world-chapter-255/ HTTP/1.1" 304 0 "https://isekainonbirinoukachapters.com/" "Mozilla/5.0 (Linux; Android 10; K) AppleWebKit/537.36 (KHTML, like Gecko) SamsungBrowser/28.0 Chrome/130.0.0.0 Mobile Safari/537.36"
162.0.232.193 - - [08/Jun/2025:05:15:09 -0400] "POST /wp-cron.php?doing_wp_cron=1749374109.0075910091400146484375 HTTP/1.1" 200 0 "-" "WordPress/6.8.1; https://isekainonbirinoukachapters.com"
194.195.113.17 - - [08/Jun/2025:05:15:08 -0400] "POST /xmlrpc.php HTTP/1.1" 200 186 "https://isekainonbirinoukachapters.com" "Mozilla/5.0 (Macintosh; Intel Mac OS X 10_15_7) AppleWebKit/537.36 (KHTML, like Gecko) Chrome/113.0.5672.93 Safari/537.36"
194.195.113.17 - - [08/Jun/2025:05:15:10 -0400] "POST /wp-login.php HTTP/1.1" 200 2036 "https://isekainonbirinoukachapters.com" "Mozilla/5.0 (Windows NT 10.0; Win64; x64; rv:128.0) Gecko/20100101 Firefox/128.0"
162.0.232.193 - - [08/Jun/2025:05:15:11 -0400] "GET /wp-content/uploads/89b93a66fa29a678cbd60ff176e1ea9a_1973.xml HTTP/1.1" 200 1362 "-" "Mozilla/5.0 (X11; Linux x86_64) AppleWebKit/537.36 (KHTML, like Gecko) Ubuntu Chromium/41.0.2272.76"
2409:40f0:410e:9968:8cdc:9c14:2575:af71 - - [08/Jun/2025:05:15:12 -0400] "GET /manga/farming-life-in-another-world-chapter-2/ HTTP/1.1" 304 0 "https://isekainonbirinoukachapters.com/manga/farming-life-in-another-world-chapter-1/" "Mozilla/5.0 (Linux; Android 10; K) AppleWebKit/537.36 (KHTML, like Gecko) SamsungBrowser/28.0 Chrome/130.0.0.0 Mobile Safari/537.36"
144.76.19.147 - - [08/Jun/2025:05:15:14 -0400] "GET /manga/isekai-nonbiri-nouka-chapter-45-hakuren/ HTTP/1.1" 301 0 "-" "Mozilla/5.0 (compatible; BLEXBot/1.0; +https://help.seranking.com/en/blex-crawler)"
144.76.19.147 - - [08/Jun/2025:05:15:15 -0400] "GET / HTTP/1.1" 200 32286 "-" "Mozilla/5.0 (compatible; BLEXBot/1.0; +https://help.seranking.com/en/blex-crawler)"
135.235.152.100 - - [08/Jun/2025:05:15:18 -0400] "GET /wp-admin/css/ HTTP/1.1" 200 2814 "binance.com" "Mozilla/5.0 (Windows NT 10.0; Win64; x64) AppleWebKit/537.36 (KHTML, like Gecko) Chrome/90.0.4430.85 Safari/537.36"
144.76.19.147 - - [08/Jun/2025:05:15:20 -0400] "GET /manga/isekai-nonbiri-nouka-chapter-19-no-title/ HTTP/1.1" 301 0 "-" "Mozilla/5.0 (compatible; BLEXBot/1.0; +https://help.seranking.com/en/blex-crawler)"
144.76.19.147 - - [08/Jun/2025:05:15:20 -0400] "GET / HTTP/1.1" 200 32286 "-" "Mozilla/5.0 (compatible; BLEXBot/1.0; +https://help.seranking.com/en/blex-crawler)"
135.235.152.100 - - [08/Jun/2025:05:15:27 -0400] "GET /wp-content/uploads/2025/06/ HTTP/1.1" 200 564 "binance.com" "Mozilla/5.0 (Windows NT 10.0; Win64; x64) AppleWebKit/537.36 (KHTML, like Gecko) Chrome/90.0.4430.85 Safari/537.36"
135.235.152.100 - - [08/Jun/2025:05:15:40 -0400] "GET /wp-content/uploads/2025/05/ HTTP/1.1" 200 564 "binance.com" "Mozilla/5.0 (Windows NT 10.0; Win64; x64) AppleWebKit/537.36 (KHTML, like Gecko) Chrome/90.0.4430.85 Safari/537.36"
144.76.19.147 - - [08/Jun/2025:05:15:53 -0400] "GET /manga/isekai-nonbiri-nouka-chapter-21-no-title/ HTTP/1.1" 301 0 "-" "Mozilla/5.0 (compatible; BLEXBot/1.0; +https://help.seranking.com/en/blex-crawler)"
144.76.19.147 - - [08/Jun/2025:05:15:53 -0400] "GET / HTTP/1.1" 200 32327 "-" "Mozilla/5.0 (compatible; BLEXBot/1.0; +https://help.seranking.com/en/blex-crawler)"
2409:40f0:410e:9968:8cdc:9c14:2575:af71 - - [08/Jun/2025:05:15:56 -0400] "GET /manga/farming-life-in-another-world-chapter-216/ HTTP/1.1" 304 0 "https://isekainonbirinoukachapters.com/" "Mozilla/5.0 (Linux; Android 10; K) AppleWebKit/537.36 (KHTML, like Gecko) SamsungBrowser/28.0 Chrome/130.0.0.0 Mobile Safari/537.36"
2409:40f0:410e:9968:8cdc:9c14:2575:af71 - - [08/Jun/2025:05:15:56 -0400] "GET /manga/farming-life-in-another-world-chapter-64/ HTTP/1.1" 304 0 "https://isekainonbirinoukachapters.com/" "Mozilla/5.0 (Linux; Android 10; K) AppleWebKit/537.36 (KHTML, like Gecko) SamsungBrowser/28.0 Chrome/130.0.0.0 Mobile Safari/537.36"
2409:40f0:410e:9968:8cdc:9c14:2575:af71 - - [08/Jun/2025:05:15:56 -0400] "GET /manga/farming-life-in-another-world-chapter-8/ HTTP/1.1" 304 0 "https://isekainonbirinoukachapters.com/" "Mozilla/5.0 (Linux; Android 10; K) AppleWebKit/537.36 (KHTML, like Gecko) SamsungBrowser/28.0 Chrome/130.0.0.0 Mobile Safari/537.36"
2409:40f0:410e:9968:8cdc:9c14:2575:af71 - - [08/Jun/2025:05:15:57 -0400] "GET /manga/farming-life-in-another-world-chapter-6/ HTTP/1.1" 304 0 "https://isekainonbirinoukachapters.com/" "Mozilla/5.0 (Linux; Android 10; K) AppleWebKit/537.36 (KHTML, like Gecko) SamsungBrowser/28.0 Chrome/130.0.0.0 Mobile Safari/537.36"
2409:40f0:410e:9968:8cdc:9c14:2575:af71 - - [08/Jun/2025:05:15:57 -0400] "GET /manga/farming-life-in-another-world-chapter-26/ HTTP/1.1" 200 34167 "https://isekainonbirinoukachapters.com/" "Mozilla/5.0 (Linux; Android 10; K) AppleWebKit/537.36 (KHTML, like Gecko) SamsungBrowser/28.0 Chrome/130.0.0.0 Mobile Safari/537.36"
2409:40f0:410e:9968:8cdc:9c14:2575:af71 - - [08/Jun/2025:05:15:57 -0400] "GET /manga/farming-life-in-another-world-chapter-1/ HTTP/1.1" 304 0 "https://isekainonbirinoukachapters.com/" "Mozilla/5.0 (Linux; Android 10; K) AppleWebKit/537.36 (KHTML, like Gecko) SamsungBrowser/28.0 Chrome/130.0.0.0 Mobile Safari/537.36"
2409:40f0:410e:9968:8cdc:9c14:2575:af71 - - [08/Jun/2025:05:15:57 -0400] "GET /manga/farming-life-in-another-world-chapter-32/ HTTP/1.1" 200 34534 "https://isekainonbirinoukachapters.com/" "Mozilla/5.0 (Linux; Android 10; K) AppleWebKit/537.36 (KHTML, like Gecko) SamsungBrowser/28.0 Chrome/130.0.0.0 Mobile Safari/537.36"
2409:40f0:410e:9968:8cdc:9c14:2575:af71 - - [08/Jun/2025:05:15:58 -0400] "GET /manga/farming-life-in-another-world-chapter-34/ HTTP/1.1" 200 34527 "https://isekainonbirinoukachapters.com/" "Mozilla/5.0 (Linux; Android 10; K) AppleWebKit/537.36 (KHTML, like Gecko) SamsungBrowser/28.0 Chrome/130.0.0.0 Mobile Safari/537.36"
2409:40f0:410e:9968:8cdc:9c14:2575:af71 - - [08/Jun/2025:05:15:58 -0400] "GET /manga/farming-life-in-another-world-chapter-8/ HTTP/1.1" 304 0 "https://isekainonbirinoukachapters.com/" "Mozilla/5.0 (Linux; Android 10; K) AppleWebKit/537.36 (KHTML, like Gecko) SamsungBrowser/28.0 Chrome/130.0.0.0 Mobile Safari/537.36"
2409:40f0:410e:9968:8cdc:9c14:2575:af71 - - [08/Jun/2025:05:15:58 -0400] "GET /manga/farming-life-in-another-world-chapter-26/ HTTP/1.1" 304 0 "https://isekainonbirinoukachapters.com/" "Mozilla/5.0 (Linux; Android 10; K) AppleWebKit/537.36 (KHTML, like Gecko) SamsungBrowser/28.0 Chrome/130.0.0.0 Mobile Safari/537.36"
2409:40f0:410e:9968:8cdc:9c14:2575:af71 - - [08/Jun/2025:05:15:58 -0400] "GET /manga/farming-life-in-another-world-chapter-47/ HTTP/1.1" 200 34120 "https://isekainonbirinoukachapters.com/" "Mozilla/5.0 (Linux; Android 10; K) AppleWebKit/537.36 (KHTML, like Gecko) SamsungBrowser/28.0 Chrome/130.0.0.0 Mobile Safari/537.36"
2409:40f0:410e:9968:8cdc:9c14:2575:af71 - - [08/Jun/2025:05:15:59 -0400] "GET /manga/farming-life-in-another-world-chapter-32/ HTTP/1.1" 304 0 "https://isekainonbirinoukachapters.com/" "Mozilla/5.0 (Linux; Android 10; K) AppleWebKit/537.36 (KHTML, like Gecko) SamsungBrowser/28.0 Chrome/130.0.0.0 Mobile Safari/537.36"
2409:40f0:410e:9968:8cdc:9c14:2575:af71 - - [08/Jun/2025:05:15:59 -0400] "GET /manga/farming-life-in-another-world-chapter-34/ HTTP/1.1" 304 0 "https://isekainonbirinoukachapters.com/" "Mozilla/5.0 (Linux; Android 10; K) AppleWebKit/537.36 (KHTML, like Gecko) SamsungBrowser/28.0 Chrome/130.0.0.0 Mobile Safari/537.36"
2409:40f0:410e:9968:8cdc:9c14:2575:af71 - - [08/Jun/2025:05:15:59 -0400] "GET /manga/farming-life-in-another-world-chapter-47/ HTTP/1.1" 304 0 "https://isekainonbirinoukachapters.com/" "Mozilla/5.0 (Linux; Android 10; K) AppleWebKit/537.36 (KHTML, like Gecko) SamsungBrowser/28.0 Chrome/130.0.0.0 Mobile Safari/537.36"
2409:40f0:410e:9968:8cdc:9c14:2575:af71 - - [08/Jun/2025:05:16:00 -0400] "GET /manga/farming-life-in-another-world-chapter-63/ HTTP/1.1" 200 34715 "https://isekainonbirinoukachapters.com/" "Mozilla/5.0 (Linux; Android 10; K) AppleWebKit/537.36 (KHTML, like Gecko) SamsungBrowser/28.0 Chrome/130.0.0.0 Mobile Safari/537.36"
2409:40f0:410e:9968:8cdc:9c14:2575:af71 - - [08/Jun/2025:05:16:01 -0400] "GET /manga/farming-life-in-another-world-chapter-63/ HTTP/1.1" 304 0 "https://isekainonbirinoukachapters.com/" "Mozilla/5.0 (Linux; Android 10; K) AppleWebKit/537.36 (KHTML, like Gecko) SamsungBrowser/28.0 Chrome/130.0.0.0 Mobile Safari/537.36"
2409:40f0:410e:9968:8cdc:9c14:2575:af71 - - [08/Jun/2025:05:16:01 -0400] "GET /manga/farming-life-in-another-world-chapter-117/ HTTP/1.1" 200 34597 "https://isekainonbirinoukachapters.com/" "Mozilla/5.0 (Linux; Android 10; K) AppleWebKit/537.36 (KHTML, like Gecko) SamsungBrowser/28.0 Chrome/130.0.0.0 Mobile Safari/537.36"
2409:40f0:410e:9968:8cdc:9c14:2575:af71 - - [08/Jun/2025:05:16:01 -0400] "GET /manga/farming-life-in-another-world-chapter-117/ HTTP/1.1" 304 0 "https://isekainonbirinoukachapters.com/" "Mozilla/5.0 (Linux; Android 10; K) AppleWebKit/537.36 (KHTML, like Gecko) SamsungBrowser/28.0 Chrome/130.0.0.0 Mobile Safari/537.36"
2409:40f0:410e:9968:8cdc:9c14:2575:af71 - - [08/Jun/2025:05:16:02 -0400] "GET /manga/farming-life-in-another-world-chapter-125/ HTTP/1.1" 200 34307 "https://isekainonbirinoukachapters.com/" "Mozilla/5.0 (Linux; Android 10; K) AppleWebKit/537.36 (KHTML, like Gecko) SamsungBrowser/28.0 Chrome/130.0.0.0 Mobile Safari/537.36"
135.235.152.100 - - [08/Jun/2025:05:16:02 -0400] "GET /wp-content/uploads/ HTTP/1.1" 200 1169 "binance.com" "Mozilla/5.0 (Windows NT 10.0; Win64; x64) AppleWebKit/537.36 (KHTML, like Gecko) Chrome/90.0.4430.85 Safari/537.36"
2409:40f0:410e:9968:8cdc:9c14:2575:af71 - - [08/Jun/2025:05:16:02 -0400] "GET /manga/farming-life-in-another-world-chapter-125/ HTTP/1.1" 304 0 "https://isekainonbirinoukachapters.com/" "Mozilla/5.0 (Linux; Android 10; K) AppleWebKit/537.36 (KHTML, like Gecko) SamsungBrowser/28.0 Chrome/130.0.0.0 Mobile Safari/537.36"
2409:40f0:410e:9968:8cdc:9c14:2575:af71 - - [08/Jun/2025:05:16:03 -0400] "GET /manga/farming-life-in-another-world-chapter-55/ HTTP/1.1" 200 34199 "https://isekainonbirinoukachapters.com/" "Mozilla/5.0 (Linux; Android 10; K) AppleWebKit/537.36 (KHTML, like Gecko) SamsungBrowser/28.0 Chrome/130.0.0.0 Mobile Safari/537.36"
2409:40f0:410e:9968:8cdc:9c14:2575:af71 - - [08/Jun/2025:05:16:04 -0400] "GET /manga/farming-life-in-another-world-chapter-55/ HTTP/1.1" 304 0 "https://isekainonbirinoukachapters.com/" "Mozilla/5.0 (Linux; Android 10; K) AppleWebKit/537.36 (KHTML, like Gecko) SamsungBrowser/28.0 Chrome/130.0.0.0 Mobile Safari/537.36"
2409:40f0:410e:9968:8cdc:9c14:2575:af71 - - [08/Jun/2025:05:16:04 -0400] "GET /manga/farming-life-in-another-world-chapter-46/ HTTP/1.1" 200 34263 "https://isekainonbirinoukachapters.com/" "Mozilla/5.0 (Linux; Android 10; K) AppleWebKit/537.36 (KHTML, like Gecko) SamsungBrowser/28.0 Chrome/130.0.0.0 Mobile Safari/537.36"
2409:40f0:410e:9968:8cdc:9c14:2575:af71 - - [08/Jun/2025:05:16:04 -0400] "GET /manga/farming-life-in-another-world-chapter-46/ HTTP/1.1" 304 0 "https://isekainonbirinoukachapters.com/" "Mozilla/5.0 (Linux; Android 10; K) AppleWebKit/537.36 (KHTML, like Gecko) SamsungBrowser/28.0 Chrome/130.0.0.0 Mobile Safari/537.36"
2409:40f0:410e:9968:8cdc:9c14:2575:af71 - - [08/Jun/2025:05:16:05 -0400] "GET /manga/farming-life-in-another-world-chapter-30/ HTTP/1.1" 200 34267 "https://isekainonbirinoukachapters.com/" "Mozilla/5.0 (Linux; Android 10; K) AppleWebKit/537.36 (KHTML, like Gecko) SamsungBrowser/28.0 Chrome/130.0.0.0 Mobile Safari/537.36"
2409:40f0:410e:9968:8cdc:9c14:2575:af71 - - [08/Jun/2025:05:16:05 -0400] "GET /manga/farming-life-in-another-world-chapter-30/ HTTP/1.1" 304 0 "https://isekainonbirinoukachapters.com/" "Mozilla/5.0 (Linux; Android 10; K) AppleWebKit/537.36 (KHTML, like Gecko) SamsungBrowser/28.0 Chrome/130.0.0.0 Mobile Safari/537.36"
2409:40f0:410e:9968:8cdc:9c14:2575:af71 - - [08/Jun/2025:05:16:06 -0400] "GET /manga/farming-life-in-another-world-chapter-22/ HTTP/1.1" 304 0 "https://isekainonbirinoukachapters.com/" "Mozilla/5.0 (Linux; Android 10; K) AppleWebKit/537.36 (KHTML, like Gecko) SamsungBrowser/28.0 Chrome/130.0.0.0 Mobile Safari/537.36"
2409:40f0:410e:9968:8cdc:9c14:2575:af71 - - [08/Jun/2025:05:16:06 -0400] "GET /manga/farming-life-in-another-world-chapter-22/ HTTP/1.1" 304 0 "https://isekainonbirinoukachapters.com/" "Mozilla/5.0 (Linux; Android 10; K) AppleWebKit/537.36 (KHTML, like Gecko) SamsungBrowser/28.0 Chrome/130.0.0.0 Mobile Safari/537.36"
2409:40f0:410e:9968:8cdc:9c14:2575:af71 - - [08/Jun/2025:05:16:06 -0400] "POST /wp-admin/admin-ajax.php HTTP/1.1" 200 61 "https://isekainonbirinoukachapters.com/manga/farming-life-in-another-world-chapter-22/" "Mozilla/5.0 (Linux; Android 10; K) AppleWebKit/537.36 (KHTML, like Gecko) SamsungBrowser/28.0 Chrome/130.0.0.0 Mobile Safari/537.36"
2409:40f0:410e:9968:8cdc:9c14:2575:af71 - - [08/Jun/2025:05:16:13 -0400] "GET /manga/farming-life-in-another-world-chapter-23/ HTTP/1.1" 200 34157 "https://isekainonbirinoukachapters.com/manga/farming-life-in-another-world-chapter-22/" "Mozilla/5.0 (Linux; Android 10; K) AppleWebKit/537.36 (KHTML, like Gecko) SamsungBrowser/28.0 Chrome/130.0.0.0 Mobile Safari/537.36"
2409:40f0:410e:9968:8cdc:9c14:2575:af71 - - [08/Jun/2025:05:16:13 -0400] "GET /manga/farming-life-in-another-world-chapter-23/ HTTP/1.1" 304 0 "https://isekainonbirinoukachapters.com/manga/farming-life-in-another-world-chapter-22/" "Mozilla/5.0 (Linux; Android 10; K) AppleWebKit/537.36 (KHTML, like Gecko) SamsungBrowser/28.0 Chrome/130.0.0.0 Mobile Safari/537.36"
2409:40f0:410e:9968:8cdc:9c14:2575:af71 - - [08/Jun/2025:05:16:17 -0400] "GET /manga/farming-life-in-another-world-chapter-3/ HTTP/1.1" 304 0 "https://isekainonbirinoukachapters.com/manga/farming-life-in-another-world-chapter-23/" "Mozilla/5.0 (Linux; Android 10; K) AppleWebKit/537.36 (KHTML, like Gecko) SamsungBrowser/28.0 Chrome/130.0.0.0 Mobile Safari/537.36"
