136.158.16.157 - - [08/Jun/2025:12:48:09 -0400] "GET /manga/farming-life-in-another-world-chapter-21/ HTTP/1.1" 200 34108 "https://isekainonbirinoukachapters.com/" "Mozilla/5.0 (Linux; Android 10; K) AppleWebKit/537.36 (KHTML, like Gecko) Chrome/136.0.0.0 Mobile Safari/537.36"
136.158.16.157 - - [08/Jun/2025:12:48:10 -0400] "GET /manga/farming-life-in-another-world-chapter-21/ HTTP/1.1" 304 0 "https://isekainonbirinoukachapters.com/" "Mozilla/5.0 (Linux; Android 10; K) AppleWebKit/537.36 (KHTML, like Gecko) Chrome/136.0.0.0 Mobile Safari/537.36"
136.158.16.157 - - [08/Jun/2025:12:48:11 -0400] "GET /manga/farming-life-in-another-world-chapter-25/ HTTP/1.1" 200 34599 "https://isekainonbirinoukachapters.com/" "Mozilla/5.0 (Linux; Android 10; K) AppleWebKit/537.36 (KHTML, like Gecko) Chrome/136.0.0.0 Mobile Safari/537.36"
136.158.16.157 - - [08/Jun/2025:12:48:11 -0400] "GET /manga/farming-life-in-another-world-chapter-25/ HTTP/1.1" 304 0 "https://isekainonbirinoukachapters.com/" "Mozilla/5.0 (Linux; Android 10; K) AppleWebKit/537.36 (KHTML, like Gecko) Chrome/136.0.0.0 Mobile Safari/537.36"
136.158.16.157 - - [08/Jun/2025:12:48:11 -0400] "POST /wp-admin/admin-ajax.php HTTP/1.1" 200 61 "https://isekainonbirinoukachapters.com/manga/farming-life-in-another-world-chapter-25/" "Mozilla/5.0 (Linux; Android 10; K) AppleWebKit/537.36 (KHTML, like Gecko) Chrome/136.0.0.0 Mobile Safari/537.36"
52.167.144.230 - - [08/Jun/2025:12:48:30 -0400] "GET /manga/farming-life-in-another-world-chapter-91/ HTTP/1.1" 200 34049 "-" "Mozilla/5.0 AppleWebKit/537.36 (KHTML, like Gecko; compatible; bingbot/2.0; +http://www.bing.com/bingbot.htm) Chrome/116.0.1938.76 Safari/537.36"
52.167.144.215 - - [08/Jun/2025:12:49:35 -0400] "GET /manga/farming-life-in-another-world-chapter-65/ HTTP/1.1" 200 34174 "-" "Mozilla/5.0 AppleWebKit/537.36 (KHTML, like Gecko; compatible; bingbot/2.0; +http://www.bing.com/bingbot.htm) Chrome/116.0.1938.76 Safari/537.36"
136.158.16.157 - - [08/Jun/2025:12:49:52 -0400] "GET /manga/farming-life-in-another-world-chapter-26/ HTTP/1.1" 200 34569 "https://isekainonbirinoukachapters.com/" "Mozilla/5.0 (Linux; Android 10; K) AppleWebKit/537.36 (KHTML, like Gecko) Chrome/136.0.0.0 Mobile Safari/537.36"
136.158.16.157 - - [08/Jun/2025:12:49:53 -0400] "GET /manga/farming-life-in-another-world-chapter-26/ HTTP/1.1" 304 0 "https://isekainonbirinoukachapters.com/" "Mozilla/5.0 (Linux; Android 10; K) AppleWebKit/537.36 (KHTML, like Gecko) Chrome/136.0.0.0 Mobile Safari/537.36"
162.0.232.193 - - [08/Jun/2025:12:49:53 -0400] "POST /wp-cron.php?doing_wp_cron=1749401393.7500150203704833984375 HTTP/1.1" 200 0 "-" "WordPress/6.8.1; https://isekainonbirinoukachapters.com"
136.158.16.157 - - [08/Jun/2025:12:49:53 -0400] "POST /wp-admin/admin-ajax.php HTTP/1.1" 200 61 "https://isekainonbirinoukachapters.com/manga/farming-life-in-another-world-chapter-26/" "Mozilla/5.0 (Linux; Android 10; K) AppleWebKit/537.36 (KHTML, like Gecko) Chrome/136.0.0.0 Mobile Safari/537.36"
162.0.232.193 - - [08/Jun/2025:12:49:56 -0400] "GET /wp-content/uploads/89b93a66fa29a678cbd60ff176e1ea9a_1973.xml HTTP/1.1" 200 1499 "-" "Mozilla/5.0 (X11; Linux x86_64) AppleWebKit/537.36 (KHTML, like Gecko) Ubuntu Chromium/41.0.2272.76"
2a02:1406:260:4f37:d1b3:b31b:c428:1dd - - [08/Jun/2025:12:50:05 -0400] "GET /manga/farming-life-in-another-world-chapter-57/ HTTP/1.1" 200 34103 "https://isekainonbirinoukachapters.com/manga/farming-life-in-another-world-chapter-56/" "Mozilla/5.0 (Windows NT 10.0; Win64; x64; rv:139.0) Gecko/20100101 Firefox/139.0"
136.158.16.157 - - [08/Jun/2025:12:50:09 -0400] "GET /manga/farming-life-in-another-world-chapter-30/ HTTP/1.1" 200 34665 "https://isekainonbirinoukachapters.com/" "Mozilla/5.0 (Linux; Android 10; K) AppleWebKit/537.36 (KHTML, like Gecko) Chrome/136.0.0.0 Mobile Safari/537.36"
136.158.16.157 - - [08/Jun/2025:12:50:10 -0400] "GET /manga/farming-life-in-another-world-chapter-30/ HTTP/1.1" 304 0 "https://isekainonbirinoukachapters.com/" "Mozilla/5.0 (Linux; Android 10; K) AppleWebKit/537.36 (KHTML, like Gecko) Chrome/136.0.0.0 Mobile Safari/537.36"
136.158.16.157 - - [08/Jun/2025:12:50:10 -0400] "GET /manga/farming-life-in-another-world-chapter-28/ HTTP/1.1" 200 34664 "https://isekainonbirinoukachapters.com/" "Mozilla/5.0 (Linux; Android 10; K) AppleWebKit/537.36 (KHTML, like Gecko) Chrome/136.0.0.0 Mobile Safari/537.36"
136.158.16.157 - - [08/Jun/2025:12:50:11 -0400] "GET /manga/farming-life-in-another-world-chapter-28/ HTTP/1.1" 304 0 "https://isekainonbirinoukachapters.com/" "Mozilla/5.0 (Linux; Android 10; K) AppleWebKit/537.36 (KHTML, like Gecko) Chrome/136.0.0.0 Mobile Safari/537.36"
2a09:bac3:4c94:232::38:9d - - [08/Jun/2025:12:50:12 -0400] "GET /manga/farming-life-in-another-world-chapter-145/ HTTP/1.1" 200 34562 "https://isekainonbirinoukachapters.com/manga/farming-life-in-another-world-chapter-144/" "Mozilla/5.0 (iPhone; CPU iPhone OS 18_5 like Mac OS X) AppleWebKit/605.1.15 (KHTML, like Gecko) Version/18.5 Mobile/15E148 Safari/604.1"
136.158.16.157 - - [08/Jun/2025:12:50:11 -0400] "POST /wp-admin/admin-ajax.php HTTP/1.1" 200 61 "https://isekainonbirinoukachapters.com/manga/farming-life-in-another-world-chapter-28/" "Mozilla/5.0 (Linux; Android 10; K) AppleWebKit/537.36 (KHTML, like Gecko) Chrome/136.0.0.0 Mobile Safari/537.36"
2a09:bac3:4c94:232::38:9d - - [08/Jun/2025:12:50:12 -0400] "POST /wp-admin/admin-ajax.php HTTP/1.1" 200 61 "https://isekainonbirinoukachapters.com/manga/farming-life-in-another-world-chapter-145/" "Mozilla/5.0 (iPhone; CPU iPhone OS 18_5 like Mac OS X) AppleWebKit/605.1.15 (KHTML, like Gecko) Version/18.5 Mobile/15E148 Safari/604.1"
136.158.16.157 - - [08/Jun/2025:12:50:24 -0400] "POST /wp-admin/admin-ajax.php HTTP/1.1" 200 61 "https://isekainonbirinoukachapters.com/manga/farming-life-in-another-world-chapter-30/" "Mozilla/5.0 (Linux; Android 10; K) AppleWebKit/537.36 (KHTML, like Gecko) Chrome/136.0.0.0 Mobile Safari/537.36"
2001:fd8:2606:d17c:e1ab:ef58:5c6d:79d2 - - [08/Jun/2025:12:50:27 -0400] "GET /category/farming-life-in-another-world/ HTTP/1.1" 200 31177 "https://isekainonbirinoukachapters.com/category/isekai-nonbiri-nouka-manga/page/16/" "Mozilla/5.0 (Linux; Android 10; K) AppleWebKit/537.36 (KHTML, like Gecko) Chrome/137.0.0.0 Mobile Safari/537.36"
2001:fd8:2606:d17c:e1ab:ef58:5c6d:79d2 - - [08/Jun/2025:12:50:27 -0400] "GET /category/farming-life-in-another-world/ HTTP/1.1" 304 0 "https://isekainonbirinoukachapters.com/category/isekai-nonbiri-nouka-manga/page/16/" "Mozilla/5.0 (Linux; Android 10; K) AppleWebKit/537.36 (KHTML, like Gecko) Chrome/137.0.0.0 Mobile Safari/537.36"
2409:40f4:101e:d72a:8000:: - - [08/Jun/2025:12:50:40 -0400] "GET /manga/farming-life-in-another-world-chapter-37/ HTTP/1.1" 200 34550 "https://isekainonbirinoukachapters.com/manga/farming-life-in-another-world-chapter-36/" "Mozilla/5.0 (Linux; Android 10; K) AppleWebKit/537.36 (KHTML, like Gecko) Chrome/137.0.0.0 Mobile Safari/537.36"
2409:40f4:101e:d72a:8000:: - - [08/Jun/2025:12:50:41 -0400] "GET /manga/farming-life-in-another-world-chapter-37/ HTTP/1.1" 304 0 "https://isekainonbirinoukachapters.com/manga/farming-life-in-another-world-chapter-36/" "Mozilla/5.0 (Linux; Android 10; K) AppleWebKit/537.36 (KHTML, like Gecko) Chrome/137.0.0.0 Mobile Safari/537.36"
2409:40f4:101e:d72a:8000:: - - [08/Jun/2025:12:50:43 -0400] "GET /author/admin/ HTTP/1.1" 200 31462 "https://isekainonbirinoukachapters.com/manga/farming-life-in-another-world-chapter-37/" "Mozilla/5.0 (Linux; Android 10; K) AppleWebKit/537.36 (KHTML, like Gecko) Chrome/137.0.0.0 Mobile Safari/537.36"
2409:40f4:101e:d72a:8000:: - - [08/Jun/2025:12:50:42 -0400] "POST /wp-admin/admin-ajax.php HTTP/1.1" 200 61 "https://isekainonbirinoukachapters.com/manga/farming-life-in-another-world-chapter-37/" "Mozilla/5.0 (Linux; Android 10; K) AppleWebKit/537.36 (KHTML, like Gecko) Chrome/137.0.0.0 Mobile Safari/537.36"
2409:40f4:101e:d72a:8000:: - - [08/Jun/2025:12:50:45 -0400] "GET /author/admin/ HTTP/1.1" 304 0 "https://isekainonbirinoukachapters.com/manga/farming-life-in-another-world-chapter-37/" "Mozilla/5.0 (Linux; Android 10; K) AppleWebKit/537.36 (KHTML, like Gecko) Chrome/137.0.0.0 Mobile Safari/537.36"
2409:40f4:101e:d72a:8000:: - - [08/Jun/2025:12:50:45 -0400] "GET / HTTP/1.1" 200 32311 "https://isekainonbirinoukachapters.com/manga/farming-life-in-another-world-chapter-37/" "Mozilla/5.0 (Linux; Android 10; K) AppleWebKit/537.36 (KHTML, like Gecko) Chrome/137.0.0.0 Mobile Safari/537.36"
180.190.26.134 - - [08/Jun/2025:12:51:07 -0400] "GET /manga/farming-life-in-another-world-chapter-244/ HTTP/1.1" 200 34572 "https://isekainonbirinoukachapters.com/manga/farming-life-in-another-world-chapter-243/" "Mozilla/5.0 (Linux; Android 10; K) AppleWebKit/537.36 (KHTML, like Gecko) Chrome/137.0.0.0 Mobile Safari/537.36"
180.190.26.134 - - [08/Jun/2025:12:51:07 -0400] "GET /manga/farming-life-in-another-world-chapter-244/ HTTP/1.1" 304 0 "https://isekainonbirinoukachapters.com/manga/farming-life-in-another-world-chapter-243/" "Mozilla/5.0 (Linux; Android 10; K) AppleWebKit/537.36 (KHTML, like Gecko) Chrome/137.0.0.0 Mobile Safari/537.36"
162.0.232.193 - - [08/Jun/2025:12:51:08 -0400] "POST /wp-cron.php?doing_wp_cron=1749401468.0623788833618164062500 HTTP/1.1" 200 0 "-" "WordPress/6.8.1; https://isekainonbirinoukachapters.com"
180.190.26.134 - - [08/Jun/2025:12:51:07 -0400] "POST /wp-admin/admin-ajax.php HTTP/1.1" 200 61 "https://isekainonbirinoukachapters.com/manga/farming-life-in-another-world-chapter-244/" "Mozilla/5.0 (Linux; Android 10; K) AppleWebKit/537.36 (KHTML, like Gecko) Chrome/137.0.0.0 Mobile Safari/537.36"
136.158.60.192 - - [08/Jun/2025:12:51:22 -0400] "GET / HTTP/1.1" 200 32311 "-" "Mozilla/5.0 (Linux; Android 10; K) AppleWebKit/537.36 (KHTML, like Gecko) Chrome/137.0.0.0 Mobile Safari/537.36"
136.158.60.192 - - [08/Jun/2025:12:51:25 -0400] "GET /manga/farming-life-in-another-world-chapter-68/ HTTP/1.1" 200 34030 "-" "Mozilla/5.0 (Linux; Android 10; K) AppleWebKit/537.36 (KHTML, like Gecko) Chrome/137.0.0.0 Mobile Safari/537.36"
136.158.16.157 - - [08/Jun/2025:12:51:32 -0400] "GET /manga/farming-life-in-another-world-chapter-31/ HTTP/1.1" 200 34666 "https://isekainonbirinoukachapters.com/" "Mozilla/5.0 (Linux; Android 10; K) AppleWebKit/537.36 (KHTML, like Gecko) Chrome/136.0.0.0 Mobile Safari/537.36"
136.158.16.157 - - [08/Jun/2025:12:51:32 -0400] "GET /manga/farming-life-in-another-world-chapter-31/ HTTP/1.1" 304 0 "https://isekainonbirinoukachapters.com/" "Mozilla/5.0 (Linux; Android 10; K) AppleWebKit/537.36 (KHTML, like Gecko) Chrome/136.0.0.0 Mobile Safari/537.36"
162.0.232.193 - - [08/Jun/2025:12:51:33 -0400] "POST /wp-cron.php?doing_wp_cron=1749401493.4293949604034423828125 HTTP/1.1" 200 0 "-" "WordPress/6.8.1; https://isekainonbirinoukachapters.com"
136.158.16.157 - - [08/Jun/2025:12:51:33 -0400] "POST /wp-admin/admin-ajax.php HTTP/1.1" 200 61 "https://isekainonbirinoukachapters.com/manga/farming-life-in-another-world-chapter-31/" "Mozilla/5.0 (Linux; Android 10; K) AppleWebKit/537.36 (KHTML, like Gecko) Chrome/136.0.0.0 Mobile Safari/537.36"
136.158.16.157 - - [08/Jun/2025:12:52:06 -0400] "GET /manga/farming-life-in-another-world-chapter-1/ HTTP/1.1" 200 34864 "https://isekainonbirinoukachapters.com/manga/farming-life-in-another-world-chapter-31/" "Mozilla/5.0 (Linux; Android 10; K) AppleWebKit/537.36 (KHTML, like Gecko) Chrome/136.0.0.0 Mobile Safari/537.36"
136.158.16.157 - - [08/Jun/2025:12:52:07 -0400] "GET /manga/farming-life-in-another-world-chapter-1/ HTTP/1.1" 304 0 "https://isekainonbirinoukachapters.com/manga/farming-life-in-another-world-chapter-31/" "Mozilla/5.0 (Linux; Android 10; K) AppleWebKit/537.36 (KHTML, like Gecko) Chrome/136.0.0.0 Mobile Safari/537.36"
136.158.16.157 - - [08/Jun/2025:12:52:08 -0400] "GET /manga/farming-life-in-another-world-chapter-32/ HTTP/1.1" 200 34133 "https://isekainonbirinoukachapters.com/" "Mozilla/5.0 (Linux; Android 10; K) AppleWebKit/537.36 (KHTML, like Gecko) Chrome/136.0.0.0 Mobile Safari/537.36"
136.158.16.157 - - [08/Jun/2025:12:52:09 -0400] "GET /manga/farming-life-in-another-world-chapter-32/ HTTP/1.1" 304 0 "https://isekainonbirinoukachapters.com/" "Mozilla/5.0 (Linux; Android 10; K) AppleWebKit/537.36 (KHTML, like Gecko) Chrome/136.0.0.0 Mobile Safari/537.36"
2409:40f4:101e:d72a:8000:: - - [08/Jun/2025:12:52:10 -0400] "GET /manga/farming-life-in-another-world-chapter-38/ HTTP/1.1" 200 34510 "https://isekainonbirinoukachapters.com/manga/farming-life-in-another-world-chapter-37/" "Mozilla/5.0 (Linux; Android 10; K) AppleWebKit/537.36 (KHTML, like Gecko) Chrome/137.0.0.0 Mobile Safari/537.36"
2409:40f4:101e:d72a:8000:: - - [08/Jun/2025:12:52:11 -0400] "GET /manga/farming-life-in-another-world-chapter-38/ HTTP/1.1" 304 0 "https://isekainonbirinoukachapters.com/manga/farming-life-in-another-world-chapter-37/" "Mozilla/5.0 (Linux; Android 10; K) AppleWebKit/537.36 (KHTML, like Gecko) Chrome/137.0.0.0 Mobile Safari/537.36"
64.233.173.9 - - [08/Jun/2025:12:52:11 -0400] "GET /manga/farming-life-in-another-world-chapter-32/ HTTP/1.1" 200 34133 "-" "Mozilla/5.0 (Linux; Android 7.0; SM-G930V Build/NRD90M) AppleWebKit/537.36 (KHTML, like Gecko) Chrome/59.0.3071.125 Mobile Safari/537.36 (compatible; Google-Read-Aloud; +https://support.google.com/webmasters/answer/1061943)"
162.0.232.193 - - [08/Jun/2025:12:52:12 -0400] "POST /wp-cron.php?doing_wp_cron=1749401532.1379899978637695312500 HTTP/1.1" 200 0 "-" "WordPress/6.8.1; https://isekainonbirinoukachapters.com"
2409:40f4:101e:d72a:8000:: - - [08/Jun/2025:12:52:11 -0400] "POST /wp-admin/admin-ajax.php HTTP/1.1" 200 61 "https://isekainonbirinoukachapters.com/manga/farming-life-in-another-world-chapter-38/" "Mozilla/5.0 (Linux; Android 10; K) AppleWebKit/537.36 (KHTML, like Gecko) Chrome/137.0.0.0 Mobile Safari/537.36"
64.233.173.1 - - [08/Jun/2025:12:52:13 -0400] "GET /manga/farming-life-in-another-world-chapter-32/ HTTP/1.1" 200 34133 "-" "Mozilla/5.0 (Linux; Android 7.0; SM-G930V Build/NRD90M) AppleWebKit/537.36 (KHTML, like Gecko) Chrome/59.0.3071.125 Mobile Safari/537.36 (compatible; Google-Read-Aloud; +https://support.google.com/webmasters/answer/1061943)"
64.233.173.8 - - [08/Jun/2025:12:52:13 -0400] "GET /manga/farming-life-in-another-world-chapter-32/ HTTP/1.1" 200 34133 "-" "Mozilla/5.0 (Linux; Android 7.0; SM-G930V Build/NRD90M) AppleWebKit/537.36 (KHTML, like Gecko) Chrome/59.0.3071.125 Mobile Safari/537.36 (compatible; Google-Read-Aloud; +https://support.google.com/webmasters/answer/1061943)"
162.0.232.193 - - [08/Jun/2025:12:52:15 -0400] "GET /wp-content/uploads/89b93a66fa29a678cbd60ff176e1ea9a_1973.xml HTTP/1.1" 200 1362 "-" "Mozilla/5.0 (X11; Linux x86_64) AppleWebKit/537.36 (KHTML, like Gecko) Ubuntu Chromium/41.0.2272.76"
2a09:bac2:4d91:c8::14:2b7 - - [08/Jun/2025:12:52:16 -0400] "GET /manga/chapter-110/ HTTP/1.1" 200 34073 "https://isekainonbirinoukachapters.com/manga/farming-life-in-another-world-chapter-109/" "Mozilla/5.0 (Macintosh; Intel Mac OS X 10_15_7) AppleWebKit/605.1.15 (KHTML, like Gecko) Version/18.5 Safari/605.1.15"
136.158.16.157 - - [08/Jun/2025:12:52:16 -0400] "GET /manga/farming-life-in-another-world-chapter-33/ HTTP/1.1" 200 34566 "https://isekainonbirinoukachapters.com/manga/farming-life-in-another-world-chapter-32/" "Mozilla/5.0 (Linux; Android 10; K) AppleWebKit/537.36 (KHTML, like Gecko) Chrome/136.0.0.0 Mobile Safari/537.36"
136.158.16.157 - - [08/Jun/2025:12:52:17 -0400] "GET /manga/farming-life-in-another-world-chapter-33/ HTTP/1.1" 304 0 "https://isekainonbirinoukachapters.com/manga/farming-life-in-another-world-chapter-32/" "Mozilla/5.0 (Linux; Android 10; K) AppleWebKit/537.36 (KHTML, like Gecko) Chrome/136.0.0.0 Mobile Safari/537.36"
2a09:bac2:4d91:c8::14:2b7 - - [08/Jun/2025:12:52:16 -0400] "POST /wp-admin/admin-ajax.php HTTP/1.1" 200 61 "https://isekainonbirinoukachapters.com/manga/chapter-110/" "Mozilla/5.0 (Macintosh; Intel Mac OS X 10_15_7) AppleWebKit/605.1.15 (KHTML, like Gecko) Version/18.5 Safari/605.1.15"
136.158.16.157 - - [08/Jun/2025:12:52:19 -0400] "GET /manga/farming-life-in-another-world-chapter-38/ HTTP/1.1" 200 34546 "https://isekainonbirinoukachapters.com/" "Mozilla/5.0 (Linux; Android 10; K) AppleWebKit/537.36 (KHTML, like Gecko) Chrome/136.0.0.0 Mobile Safari/537.36"
136.158.16.157 - - [08/Jun/2025:12:52:20 -0400] "GET /manga/farming-life-in-another-world-chapter-38/ HTTP/1.1" 304 0 "https://isekainonbirinoukachapters.com/" "Mozilla/5.0 (Linux; Android 10; K) AppleWebKit/537.36 (KHTML, like Gecko) Chrome/136.0.0.0 Mobile Safari/537.36"
136.158.16.157 - - [08/Jun/2025:12:52:20 -0400] "GET /manga/farming-life-in-another-world-chapter-36/ HTTP/1.1" 200 34600 "https://isekainonbirinoukachapters.com/" "Mozilla/5.0 (Linux; Android 10; K) AppleWebKit/537.36 (KHTML, like Gecko) Chrome/136.0.0.0 Mobile Safari/537.36"
136.158.16.157 - - [08/Jun/2025:12:52:20 -0400] "GET /manga/farming-life-in-another-world-chapter-36/ HTTP/1.1" 304 0 "https://isekainonbirinoukachapters.com/" "Mozilla/5.0 (Linux; Android 10; K) AppleWebKit/537.36 (KHTML, like Gecko) Chrome/136.0.0.0 Mobile Safari/537.36"
136.158.16.157 - - [08/Jun/2025:12:52:21 -0400] "POST /wp-admin/admin-ajax.php HTTP/1.1" 200 61 "https://isekainonbirinoukachapters.com/manga/farming-life-in-another-world-chapter-36/" "Mozilla/5.0 (Linux; Android 10; K) AppleWebKit/537.36 (KHTML, like Gecko) Chrome/136.0.0.0 Mobile Safari/537.36"
136.158.16.157 - - [08/Jun/2025:12:52:28 -0400] "GET /manga/farming-life-in-another-world-chapter-42/ HTTP/1.1" 200 34133 "https://isekainonbirinoukachapters.com/" "Mozilla/5.0 (Linux; Android 10; K) AppleWebKit/537.36 (KHTML, like Gecko) Chrome/136.0.0.0 Mobile Safari/537.36"
136.158.16.157 - - [08/Jun/2025:12:52:28 -0400] "GET /manga/farming-life-in-another-world-chapter-42/ HTTP/1.1" 304 0 "https://isekainonbirinoukachapters.com/" "Mozilla/5.0 (Linux; Android 10; K) AppleWebKit/537.36 (KHTML, like Gecko) Chrome/136.0.0.0 Mobile Safari/537.36"
136.158.16.157 - - [08/Jun/2025:12:52:29 -0400] "GET /manga/farming-life-in-another-world-chapter-41/ HTTP/1.1" 200 34143 "https://isekainonbirinoukachapters.com/" "Mozilla/5.0 (Linux; Android 10; K) AppleWebKit/537.36 (KHTML, like Gecko) Chrome/136.0.0.0 Mobile Safari/537.36"
136.158.16.157 - - [08/Jun/2025:12:52:29 -0400] "GET /manga/farming-life-in-another-world-chapter-41/ HTTP/1.1" 304 0 "https://isekainonbirinoukachapters.com/" "Mozilla/5.0 (Linux; Android 10; K) AppleWebKit/537.36 (KHTML, like Gecko) Chrome/136.0.0.0 Mobile Safari/537.36"
2401:4900:4e76:e3d0:ccdb:fcf:b4ba:6c96 - - [08/Jun/2025:12:52:32 -0400] "GET / HTTP/1.1" 200 32363 "https://www.google.com/" "Mozilla/5.0 (Linux; Android 10; K) AppleWebKit/537.36 (KHTML, like Gecko) SamsungBrowser/28.0 Chrome/130.0.0.0 Mobile Safari/537.36"
2401:4900:4e76:e3d0:ccdb:fcf:b4ba:6c96 - - [08/Jun/2025:12:52:35 -0400] "GET / HTTP/1.1" 304 0 "https://isekainonbirinoukachapters.com/" "Mozilla/5.0 (Linux; Android 10; K) AppleWebKit/537.36 (KHTML, like Gecko) SamsungBrowser/28.0 Chrome/130.0.0.0 Mobile Safari/537.36"
2401:4900:4e76:e3d0:ccdb:fcf:b4ba:6c96 - - [08/Jun/2025:12:52:35 -0400] "GET / HTTP/1.1" 304 0 "https://isekainonbirinoukachapters.com/" "Mozilla/5.0 (Linux; Android 10; K) AppleWebKit/537.36 (KHTML, like Gecko) SamsungBrowser/28.0 Chrome/130.0.0.0 Mobile Safari/537.36"
2401:4900:4e76:e3d0:ccdb:fcf:b4ba:6c96 - - [08/Jun/2025:12:52:37 -0400] "GET /manga/farming-life-in-another-world-chapter-5/ HTTP/1.1" 200 34208 "https://isekainonbirinoukachapters.com/" "Mozilla/5.0 (Linux; Android 10; K) AppleWebKit/537.36 (KHTML, like Gecko) SamsungBrowser/28.0 Chrome/130.0.0.0 Mobile Safari/537.36"
2401:4900:4e76:e3d0:ccdb:fcf:b4ba:6c96 - - [08/Jun/2025:12:52:37 -0400] "GET /manga/farming-life-in-another-world-chapter-5/ HTTP/1.1" 304 0 "https://isekainonbirinoukachapters.com/" "Mozilla/5.0 (Linux; Android 10; K) AppleWebKit/537.36 (KHTML, like Gecko) SamsungBrowser/28.0 Chrome/130.0.0.0 Mobile Safari/537.36"
2401:4900:4e76:e3d0:ccdb:fcf:b4ba:6c96 - - [08/Jun/2025:12:52:38 -0400] "GET /manga/farming-life-in-another-world-chapter-1/ HTTP/1.1" 200 34864 "https://isekainonbirinoukachapters.com/" "Mozilla/5.0 (Linux; Android 10; K) AppleWebKit/537.36 (KHTML, like Gecko) SamsungBrowser/28.0 Chrome/130.0.0.0 Mobile Safari/537.36"
2401:4900:4e76:e3d0:ccdb:fcf:b4ba:6c96 - - [08/Jun/2025:12:52:38 -0400] "GET /manga/farming-life-in-another-world-chapter-1/ HTTP/1.1" 304 0 "https://isekainonbirinoukachapters.com/" "Mozilla/5.0 (Linux; Android 10; K) AppleWebKit/537.36 (KHTML, like Gecko) SamsungBrowser/28.0 Chrome/130.0.0.0 Mobile Safari/537.36"
2a02:1406:260:4f37:d1b3:b31b:c428:1dd - - [08/Jun/2025:12:52:38 -0400] "GET /manga/farming-life-in-another-world-chapter-58/ HTTP/1.1" 200 34166 "https://isekainonbirinoukachapters.com/manga/farming-life-in-another-world-chapter-57/" "Mozilla/5.0 (Windows NT 10.0; Win64; x64; rv:139.0) Gecko/20100101 Firefox/139.0"
136.158.16.157 - - [08/Jun/2025:12:52:38 -0400] "GET /manga/farming-life-in-another-world-chapter-40/ HTTP/1.1" 200 34140 "https://isekainonbirinoukachapters.com/" "Mozilla/5.0 (Linux; Android 10; K) AppleWebKit/537.36 (KHTML, like Gecko) Chrome/136.0.0.0 Mobile Safari/537.36"
136.158.16.157 - - [08/Jun/2025:12:52:39 -0400] "GET /manga/farming-life-in-another-world-chapter-40/ HTTP/1.1" 304 0 "https://isekainonbirinoukachapters.com/" "Mozilla/5.0 (Linux; Android 10; K) AppleWebKit/537.36 (KHTML, like Gecko) Chrome/136.0.0.0 Mobile Safari/537.36"
2401:4900:4e76:e3d0:ccdb:fcf:b4ba:6c96 - - [08/Jun/2025:12:52:39 -0400] "POST /wp-admin/admin-ajax.php HTTP/1.1" 200 61 "https://isekainonbirinoukachapters.com/manga/farming-life-in-another-world-chapter-1/" "Mozilla/5.0 (Linux; Android 10; K) AppleWebKit/537.36 (KHTML, like Gecko) SamsungBrowser/28.0 Chrome/130.0.0.0 Mobile Safari/537.36"
2a09:bac3:4c94:232::38:9d - - [08/Jun/2025:12:52:44 -0400] "GET /manga/farming-life-in-another-world-chapter-146/ HTTP/1.1" 200 34576 "https://isekainonbirinoukachapters.com/manga/farming-life-in-another-world-chapter-145/" "Mozilla/5.0 (iPhone; CPU iPhone OS 18_5 like Mac OS X) AppleWebKit/605.1.15 (KHTML, like Gecko) Version/18.5 Mobile/15E148 Safari/604.1"
136.158.16.157 - - [08/Jun/2025:12:52:44 -0400] "GET / HTTP/1.1" 200 32311 "https://isekainonbirinoukachapters.com/manga/farming-life-in-another-world-chapter-40/" "Mozilla/5.0 (Linux; Android 10; K) AppleWebKit/537.36 (KHTML, like Gecko) Chrome/136.0.0.0 Mobile Safari/537.36"
2a09:bac3:4c94:232::38:9d - - [08/Jun/2025:12:52:44 -0400] "POST /wp-admin/admin-ajax.php HTTP/1.1" 200 61 "https://isekainonbirinoukachapters.com/manga/farming-life-in-another-world-chapter-146/" "Mozilla/5.0 (iPhone; CPU iPhone OS 18_5 like Mac OS X) AppleWebKit/605.1.15 (KHTML, like Gecko) Version/18.5 Mobile/15E148 Safari/604.1"
2003:fb:4748:2e60:c34f:e0ef:1ba5:b528 - - [08/Jun/2025:12:52:48 -0400] "GET /wp-content/uploads/2024/07/Isekai-Nonbiri-Nouka.jpg HTTP/1.1" 200 139004 "https://isekainonbirinoukachapters.com/" "okhttp/5.0.0-alpha.14"
2003:fb:4748:2e60:c34f:e0ef:1ba5:b528 - - [08/Jun/2025:12:52:51 -0400] "GET / HTTP/1.1" 200 32311 "-" "Mozilla/5.0 (Linux; Android 15; Pixel 8 Pro Build/BP1A.250505.005.B1; wv) AppleWebKit/537.36 (KHTML, like Gecko) Version/4.0 Chrome/136.0.7103.125 Mobile Safari/537.36"
2a09:bac2:4d91:c8::14:2b7 - - [08/Jun/2025:12:52:52 -0400] "GET /manga/chapter-110/ HTTP/1.1" 200 34073 "https://isekainonbirinoukachapters.com/manga/farming-life-in-another-world-chapter-109/" "Mozilla/5.0 (Macintosh; Intel Mac OS X 10_15_7) AppleWebKit/605.1.15 (KHTML, like Gecko) Version/18.5 Safari/605.1.15"
2a09:bac2:4d91:c8::14:2b7 - - [08/Jun/2025:12:52:52 -0400] "POST /wp-admin/admin-ajax.php HTTP/1.1" 200 61 "https://isekainonbirinoukachapters.com/manga/chapter-110/" "Mozilla/5.0 (Macintosh; Intel Mac OS X 10_15_7) AppleWebKit/605.1.15 (KHTML, like Gecko) Version/18.5 Safari/605.1.15"
2003:fb:4748:2e60:c34f:e0ef:1ba5:b528 - - [08/Jun/2025:12:52:58 -0400] "GET /manga/farming-life-in-another-world-chapter-2/ HTTP/1.1" 200 34327 "https://isekainonbirinoukachapters.com/" "Mozilla/5.0 (Linux; Android 15; Pixel 8 Pro Build/BP1A.250505.005.B1; wv) AppleWebKit/537.36 (KHTML, like Gecko) Version/4.0 Chrome/136.0.7103.125 Mobile Safari/537.36"
2003:fb:4748:2e60:c34f:e0ef:1ba5:b528 - - [08/Jun/2025:12:52:58 -0400] "GET /manga/farming-life-in-another-world-chapter-2/ HTTP/1.1" 304 0 "https://isekainonbirinoukachapters.com/" "Mozilla/5.0 (Linux; Android 15; Pixel 8 Pro Build/BP1A.250505.005.B1; wv) AppleWebKit/537.36 (KHTML, like Gecko) Version/4.0 Chrome/136.0.7103.125 Mobile Safari/537.36"
2003:fb:4748:2e60:c34f:e0ef:1ba5:b528 - - [08/Jun/2025:12:52:59 -0400] "GET /manga/farming-life-in-another-world-chapter-5/ HTTP/1.1" 200 34208 "-" "Mozilla/5.0 (Linux; Android 15; Pixel 8 Pro Build/BP1A.250505.005.B1; wv) AppleWebKit/537.36 (KHTML, like Gecko) Version/4.0 Chrome/136.0.7103.125 Mobile Safari/537.36"
2a09:bac2:4d91:c8::14:2b7 - - [08/Jun/2025:12:52:59 -0400] "GET /manga/farming-life-in-another-world-chapter-109/ HTTP/1.1" 304 0 "https://isekainonbirinoukachapters.com/manga/chapter-110/" "Mozilla/5.0 (Macintosh; Intel Mac OS X 10_15_7) AppleWebKit/605.1.15 (KHTML, like Gecko) Version/18.5 Safari/605.1.15"
2a09:bac2:4d91:c8::14:2b7 - - [08/Jun/2025:12:52:59 -0400] "POST /wp-admin/admin-ajax.php HTTP/1.1" 200 61 "https://isekainonbirinoukachapters.com/manga/farming-life-in-another-world-chapter-109/" "Mozilla/5.0 (Macintosh; Intel Mac OS X 10_15_7) AppleWebKit/605.1.15 (KHTML, like Gecko) Version/18.5 Safari/605.1.15"
2003:fb:4748:2e60:c34f:e0ef:1ba5:b528 - - [08/Jun/2025:12:53:02 -0400] "GET /manga/farming-life-in-another-world-chapter-14/ HTTP/1.1" 200 34506 "-" "Mozilla/5.0 (Linux; Android 15; Pixel 8 Pro Build/BP1A.250505.005.B1; wv) AppleWebKit/537.36 (KHTML, like Gecko) Version/4.0 Chrome/136.0.7103.125 Mobile Safari/537.36"
102.113.167.194 - - [08/Jun/2025:12:53:04 -0400] "GET / HTTP/1.1" 200 32287 "https://www.google.com/" "Mozilla/5.0 (Windows NT 10.0; Win64; x64) AppleWebKit/537.36 (KHTML, like Gecko) Chrome/137.0.0.0 Safari/537.36"
102.113.167.194 - - [08/Jun/2025:12:53:06 -0400] "GET /wp-content/uploads/2024/07/MV5BYjA4Mjc5OWYtMTQ1Yy00MWQyLTg3NGYtZTA0NjZiYzI0NDhhXkEyXkFqcGdeQXVyMzgxODM4NjM@._V1_FMjpg_UX1000_-711x1024.jpg HTTP/1.1" 200 187287 "https://isekainonbirinoukachapters.com/" "Mozilla/5.0 (Windows NT 10.0; Win64; x64) AppleWebKit/537.36 (KHTML, like Gecko) Chrome/137.0.0.0 Safari/537.36"
102.113.167.194 - - [08/Jun/2025:12:53:08 -0400] "GET /wp-content/uploads/2024/07/cropped-63b857c96f67c-32x32.jpg HTTP/1.1" 200 1070 "https://isekainonbirinoukachapters.com/" "Mozilla/5.0 (Windows NT 10.0; Win64; x64) AppleWebKit/537.36 (KHTML, like Gecko) Chrome/137.0.0.0 Safari/537.36"
2003:fb:4748:2e60:c34f:e0ef:1ba5:b528 - - [08/Jun/2025:12:53:11 -0400] "GET /favicon.ico HTTP/1.1" 302 0 "https://isekainonbirinoukachapters.com/manga/farming-life-in-another-world-chapter-14/" "Mozilla/5.0 (Linux; Android 15; Pixel 8 Pro Build/BP1A.250505.005.B1; wv) AppleWebKit/537.36 (KHTML, like Gecko) Version/4.0 Chrome/136.0.7103.125 Mobile Safari/537.36"
2a09:bac2:4d91:c8::14:2b7 - - [08/Jun/2025:12:53:11 -0400] "GET /manga/chapter-110/ HTTP/1.1" 304 0 "https://isekainonbirinoukachapters.com/manga/farming-life-in-another-world-chapter-109/" "Mozilla/5.0 (Macintosh; Intel Mac OS X 10_15_7) AppleWebKit/605.1.15 (KHTML, like Gecko) Version/18.5 Safari/605.1.15"
162.0.232.193 - - [08/Jun/2025:12:53:12 -0400] "POST /wp-cron.php?doing_wp_cron=1749401592.3434510231018066406250 HTTP/1.1" 200 0 "-" "WordPress/6.8.1; https://isekainonbirinoukachapters.com"
2a09:bac2:4d91:c8::14:2b7 - - [08/Jun/2025:12:53:12 -0400] "POST /wp-admin/admin-ajax.php HTTP/1.1" 200 61 "https://isekainonbirinoukachapters.com/manga/chapter-110/" "Mozilla/5.0 (Macintosh; Intel Mac OS X 10_15_7) AppleWebKit/605.1.15 (KHTML, like Gecko) Version/18.5 Safari/605.1.15"
2a09:bac2:4d91:c8::14:2b7 - - [08/Jun/2025:12:53:15 -0400] "GET /manga/farming-life-in-another-world-chapter-111/ HTTP/1.1" 200 34517 "https://isekainonbirinoukachapters.com/manga/chapter-110/" "Mozilla/5.0 (Macintosh; Intel Mac OS X 10_15_7) AppleWebKit/605.1.15 (KHTML, like Gecko) Version/18.5 Safari/605.1.15"
2003:fb:4748:2e60:c34f:e0ef:1ba5:b528 - - [08/Jun/2025:12:53:17 -0400] "GET / HTTP/1.1" 304 0 "https://isekainonbirinoukachapters.com/manga/farming-life-in-another-world-chapter-5/" "Mozilla/5.0 (Linux; Android 15; Pixel 8 Pro Build/BP1A.250505.005.B1; wv) AppleWebKit/537.36 (KHTML, like Gecko) Version/4.0 Chrome/136.0.7103.125 Mobile Safari/537.36"
2a09:bac2:4d91:c8::14:2b7 - - [08/Jun/2025:12:53:16 -0400] "POST /wp-admin/admin-ajax.php HTTP/1.1" 200 61 "https://isekainonbirinoukachapters.com/manga/farming-life-in-another-world-chapter-111/" "Mozilla/5.0 (Macintosh; Intel Mac OS X 10_15_7) AppleWebKit/605.1.15 (KHTML, like Gecko) Version/18.5 Safari/605.1.15"
2003:fb:4748:2e60:c34f:e0ef:1ba5:b528 - - [08/Jun/2025:12:53:22 -0400] "GET /manga/farming-life-in-another-world-chapter-1/ HTTP/1.1" 200 34864 "https://isekainonbirinoukachapters.com/" "Mozilla/5.0 (Linux; Android 15; Pixel 8 Pro Build/BP1A.250505.005.B1; wv) AppleWebKit/537.36 (KHTML, like Gecko) Version/4.0 Chrome/136.0.7103.125 Mobile Safari/537.36"
2003:fb:4748:2e60:c34f:e0ef:1ba5:b528 - - [08/Jun/2025:12:53:23 -0400] "GET /manga/farming-life-in-another-world-chapter-1/ HTTP/1.1" 304 0 "-" "Mozilla/5.0 (Linux; Android 15; Pixel 8 Pro Build/BP1A.250505.005.B1; wv) AppleWebKit/537.36 (KHTML, like Gecko) Version/4.0 Chrome/136.0.7103.125 Mobile Safari/537.36"
162.0.232.193 - - [08/Jun/2025:12:53:25 -0400] "POST /wp-cron.php?doing_wp_cron=1749401605.8242180347442626953125 HTTP/1.1" 200 0 "-" "WordPress/6.8.1; https://isekainonbirinoukachapters.com"
2003:fb:4748:2e60:c34f:e0ef:1ba5:b528 - - [08/Jun/2025:12:53:25 -0400] "POST /wp-admin/admin-ajax.php HTTP/1.1" 200 61 "https://isekainonbirinoukachapters.com/manga/farming-life-in-another-world-chapter-1/" "Mozilla/5.0 (Linux; Android 15; Pixel 8 Pro Build/BP1A.250505.005.B1; wv) AppleWebKit/537.36 (KHTML, like Gecko) Version/4.0 Chrome/136.0.7103.125 Mobile Safari/537.36"
2001:fd8:2606:d17c:e1ab:ef58:5c6d:79d2 - - [08/Jun/2025:12:53:42 -0400] "GET /category/farming-life-in-another-world-manga/ HTTP/1.1" 304 0 "https://isekainonbirinoukachapters.com/category/isekai-nonbiri-nouka-manga/page/16/" "Mozilla/5.0 (Linux; Android 10; K) AppleWebKit/537.36 (KHTML, like Gecko) Chrome/137.0.0.0 Mobile Safari/537.36"
2604:3d09:567a:3500:30bc:342b:1d0b:f693 - - [08/Jun/2025:12:53:47 -0400] "GET /manga/farming-life-in-another-world-chapter-168/ HTTP/1.1" 200 34702 "https://isekainonbirinoukachapters.com/manga/farming-life-in-another-world-chapter-167/" "Mozilla/5.0 (Windows NT 10.0; Win64; x64) AppleWebKit/537.36 (KHTML, like Gecko) Chrome/109.0.0.0 Safari/537.36"
2001:fd8:2606:d17c:e1ab:ef58:5c6d:79d2 - - [08/Jun/2025:12:53:47 -0400] "GET /manga/farming-life-in-another-world-chapter-161/ HTTP/1.1" 200 34575 "https://isekainonbirinoukachapters.com/category/isekai-nonbiri-nouka-manga/page/16/" "Mozilla/5.0 (Linux; Android 10; K) AppleWebKit/537.36 (KHTML, like Gecko) Chrome/137.0.0.0 Mobile Safari/537.36"
2001:fd8:2606:d17c:e1ab:ef58:5c6d:79d2 - - [08/Jun/2025:12:53:47 -0400] "GET /manga/farming-life-in-another-world-chapter-161/ HTTP/1.1" 304 0 "https://isekainonbirinoukachapters.com/category/isekai-nonbiri-nouka-manga/page/16/" "Mozilla/5.0 (Linux; Android 10; K) AppleWebKit/537.36 (KHTML, like Gecko) Chrome/137.0.0.0 Mobile Safari/537.36"
162.0.232.193 - - [08/Jun/2025:12:53:48 -0400] "POST /wp-cron.php?doing_wp_cron=1749401628.3733971118927001953125 HTTP/1.1" 200 0 "-" "WordPress/6.8.1; https://isekainonbirinoukachapters.com"
2604:3d09:567a:3500:30bc:342b:1d0b:f693 - - [08/Jun/2025:12:53:47 -0400] "POST /wp-admin/admin-ajax.php HTTP/1.1" 200 61 "https://isekainonbirinoukachapters.com/manga/farming-life-in-another-world-chapter-168/" "Mozilla/5.0 (Windows NT 10.0; Win64; x64) AppleWebKit/537.36 (KHTML, like Gecko) Chrome/109.0.0.0 Safari/537.36"
2401:4900:4e76:e3d0:ccdb:fcf:b4ba:6c96 - - [08/Jun/2025:12:53:51 -0400] "GET /manga/farming-life-in-another-world-chapter-2/ HTTP/1.1" 200 34327 "https://isekainonbirinoukachapters.com/manga/farming-life-in-another-world-chapter-1/" "Mozilla/5.0 (Linux; Android 10; K) AppleWebKit/537.36 (KHTML, like Gecko) SamsungBrowser/28.0 Chrome/130.0.0.0 Mobile Safari/537.36"
2401:4900:4e76:e3d0:ccdb:fcf:b4ba:6c96 - - [08/Jun/2025:12:53:52 -0400] "GET /manga/farming-life-in-another-world-chapter-2/ HTTP/1.1" 304 0 "https://isekainonbirinoukachapters.com/manga/farming-life-in-another-world-chapter-1/" "Mozilla/5.0 (Linux; Android 10; K) AppleWebKit/537.36 (KHTML, like Gecko) SamsungBrowser/28.0 Chrome/130.0.0.0 Mobile Safari/537.36"
2401:4900:4e76:e3d0:ccdb:fcf:b4ba:6c96 - - [08/Jun/2025:12:54:21 -0400] "GET /manga/farming-life-in-another-world-chapter-3/ HTTP/1.1" 200 34580 "https://isekainonbirinoukachapters.com/manga/farming-life-in-another-world-chapter-2/" "Mozilla/5.0 (Linux; Android 10; K) AppleWebKit/537.36 (KHTML, like Gecko) SamsungBrowser/28.0 Chrome/130.0.0.0 Mobile Safari/537.36"
206.75.233.2 - - [08/Jun/2025:12:54:21 -0400] "GET / HTTP/1.1" 200 32311 "https://www.google.com/" "Mozilla/5.0 (Linux; Android 10; K) AppleWebKit/537.36 (KHTML, like Gecko) Chrome/137.0.0.0 Mobile Safari/537.36"
2401:4900:4e76:e3d0:ccdb:fcf:b4ba:6c96 - - [08/Jun/2025:12:54:22 -0400] "GET /manga/farming-life-in-another-world-chapter-3/ HTTP/1.1" 304 0 "https://isekainonbirinoukachapters.com/manga/farming-life-in-another-world-chapter-2/" "Mozilla/5.0 (Linux; Android 10; K) AppleWebKit/537.36 (KHTML, like Gecko) SamsungBrowser/28.0 Chrome/130.0.0.0 Mobile Safari/537.36"
162.0.232.193 - - [08/Jun/2025:12:54:22 -0400] "POST /wp-cron.php?doing_wp_cron=1749401662.5220160484313964843750 HTTP/1.1" 200 0 "-" "WordPress/6.8.1; https://isekainonbirinoukachapters.com"
2401:4900:4e76:e3d0:ccdb:fcf:b4ba:6c96 - - [08/Jun/2025:12:54:22 -0400] "POST /wp-admin/admin-ajax.php HTTP/1.1" 200 61 "https://isekainonbirinoukachapters.com/manga/farming-life-in-another-world-chapter-3/" "Mozilla/5.0 (Linux; Android 10; K) AppleWebKit/537.36 (KHTML, like Gecko) SamsungBrowser/28.0 Chrome/130.0.0.0 Mobile Safari/537.36"
162.0.232.193 - - [08/Jun/2025:12:54:25 -0400] "GET /wp-content/uploads/89b93a66fa29a678cbd60ff176e1ea9a_1973.xml HTTP/1.1" 200 1499 "-" "Mozilla/5.0 (X11; Linux x86_64) AppleWebKit/537.36 (KHTML, like Gecko) Ubuntu Chromium/41.0.2272.76"
2401:4900:4e76:e3d0:ccdb:fcf:b4ba:6c96 - - [08/Jun/2025:12:54:54 -0400] "GET /manga/farming-life-in-another-world-chapter-4/ HTTP/1.1" 200 34247 "https://isekainonbirinoukachapters.com/manga/farming-life-in-another-world-chapter-3/" "Mozilla/5.0 (Linux; Android 10; K) AppleWebKit/537.36 (KHTML, like Gecko) SamsungBrowser/28.0 Chrome/130.0.0.0 Mobile Safari/537.36"
2401:4900:4e76:e3d0:ccdb:fcf:b4ba:6c96 - - [08/Jun/2025:12:54:54 -0400] "GET /manga/farming-life-in-another-world-chapter-4/ HTTP/1.1" 304 0 "https://isekainonbirinoukachapters.com/manga/farming-life-in-another-world-chapter-3/" "Mozilla/5.0 (Linux; Android 10; K) AppleWebKit/537.36 (KHTML, like Gecko) SamsungBrowser/28.0 Chrome/130.0.0.0 Mobile Safari/537.36"
2401:4900:4e76:e3d0:ccdb:fcf:b4ba:6c96 - - [08/Jun/2025:12:55:05 -0400] "GET /manga/farming-life-in-another-world-chapter-5/ HTTP/1.1" 304 0 "https://isekainonbirinoukachapters.com/manga/farming-life-in-another-world-chapter-4/" "Mozilla/5.0 (Linux; Android 10; K) AppleWebKit/537.36 (KHTML, like Gecko) SamsungBrowser/28.0 Chrome/130.0.0.0 Mobile Safari/537.36"
2401:4900:4e76:e3d0:ccdb:fcf:b4ba:6c96 - - [08/Jun/2025:12:55:06 -0400] "GET /manga/farming-life-in-another-world-chapter-5/ HTTP/1.1" 304 0 "https://isekainonbirinoukachapters.com/manga/farming-life-in-another-world-chapter-4/" "Mozilla/5.0 (Linux; Android 10; K) AppleWebKit/537.36 (KHTML, like Gecko) SamsungBrowser/28.0 Chrome/130.0.0.0 Mobile Safari/537.36"
2401:4900:4e76:e3d0:ccdb:fcf:b4ba:6c96 - - [08/Jun/2025:12:55:06 -0400] "GET / HTTP/1.1" 304 0 "https://isekainonbirinoukachapters.com/manga/farming-life-in-another-world-chapter-5/" "Mozilla/5.0 (Linux; Android 10; K) AppleWebKit/537.36 (KHTML, like Gecko) SamsungBrowser/28.0 Chrome/130.0.0.0 Mobile Safari/537.36"
2401:4900:4e76:e3d0:ccdb:fcf:b4ba:6c96 - - [08/Jun/2025:12:55:07 -0400] "GET / HTTP/1.1" 304 0 "https://isekainonbirinoukachapters.com/manga/farming-life-in-another-world-chapter-5/" "Mozilla/5.0 (Linux; Android 10; K) AppleWebKit/537.36 (KHTML, like Gecko) SamsungBrowser/28.0 Chrome/130.0.0.0 Mobile Safari/537.36"
2401:4900:4e76:e3d0:ccdb:fcf:b4ba:6c96 - - [08/Jun/2025:12:55:13 -0400] "GET /manga/farming-life-in-another-world-chapter-6/ HTTP/1.1" 200 34641 "https://isekainonbirinoukachapters.com/manga/farming-life-in-another-world-chapter-5/" "Mozilla/5.0 (Linux; Android 10; K) AppleWebKit/537.36 (KHTML, like Gecko) SamsungBrowser/28.0 Chrome/130.0.0.0 Mobile Safari/537.36"
2401:4900:4e76:e3d0:ccdb:fcf:b4ba:6c96 - - [08/Jun/2025:12:55:14 -0400] "GET /manga/farming-life-in-another-world-chapter-6/ HTTP/1.1" 304 0 "https://isekainonbirinoukachapters.com/manga/farming-life-in-another-world-chapter-5/" "Mozilla/5.0 (Linux; Android 10; K) AppleWebKit/537.36 (KHTML, like Gecko) SamsungBrowser/28.0 Chrome/130.0.0.0 Mobile Safari/537.36"
2401:4900:4e76:e3d0:ccdb:fcf:b4ba:6c96 - - [08/Jun/2025:12:55:14 -0400] "POST /wp-admin/admin-ajax.php HTTP/1.1" 200 61 "https://isekainonbirinoukachapters.com/manga/farming-life-in-another-world-chapter-6/" "Mozilla/5.0 (Linux; Android 10; K) AppleWebKit/537.36 (KHTML, like Gecko) SamsungBrowser/28.0 Chrome/130.0.0.0 Mobile Safari/537.36"
2401:4900:4e76:e3d0:ccdb:fcf:b4ba:6c96 - - [08/Jun/2025:12:55:23 -0400] "GET /manga/farming-life-in-another-world-chapter-7/ HTTP/1.1" 200 34651 "https://isekainonbirinoukachapters.com/manga/farming-life-in-another-world-chapter-6/" "Mozilla/5.0 (Linux; Android 10; K) AppleWebKit/537.36 (KHTML, like Gecko) SamsungBrowser/28.0 Chrome/130.0.0.0 Mobile Safari/537.36"
2401:4900:4e76:e3d0:ccdb:fcf:b4ba:6c96 - - [08/Jun/2025:12:55:23 -0400] "GET /manga/farming-life-in-another-world-chapter-7/ HTTP/1.1" 304 0 "https://isekainonbirinoukachapters.com/manga/farming-life-in-another-world-chapter-6/" "Mozilla/5.0 (Linux; Android 10; K) AppleWebKit/537.36 (KHTML, like Gecko) SamsungBrowser/28.0 Chrome/130.0.0.0 Mobile Safari/537.36"
162.0.232.193 - - [08/Jun/2025:12:55:24 -0400] "POST /wp-cron.php?doing_wp_cron=1749401724.2453539371490478515625 HTTP/1.1" 200 0 "-" "WordPress/6.8.1; https://isekainonbirinoukachapters.com"
2401:4900:4e76:e3d0:ccdb:fcf:b4ba:6c96 - - [08/Jun/2025:12:55:23 -0400] "POST /wp-admin/admin-ajax.php HTTP/1.1" 200 61 "https://isekainonbirinoukachapters.com/manga/farming-life-in-another-world-chapter-7/" "Mozilla/5.0 (Linux; Android 10; K) AppleWebKit/537.36 (KHTML, like Gecko) SamsungBrowser/28.0 Chrome/130.0.0.0 Mobile Safari/537.36"
2401:4900:4e76:e3d0:ccdb:fcf:b4ba:6c96 - - [08/Jun/2025:12:55:33 -0400] "GET /manga/farming-life-in-another-world-chapter-8/ HTTP/1.1" 200 34676 "https://isekainonbirinoukachapters.com/manga/farming-life-in-another-world-chapter-7/" "Mozilla/5.0 (Linux; Android 10; K) AppleWebKit/537.36 (KHTML, like Gecko) SamsungBrowser/28.0 Chrome/130.0.0.0 Mobile Safari/537.36"
2401:4900:4e76:e3d0:ccdb:fcf:b4ba:6c96 - - [08/Jun/2025:12:55:33 -0400] "GET /manga/farming-life-in-another-world-chapter-8/ HTTP/1.1" 304 0 "https://isekainonbirinoukachapters.com/manga/farming-life-in-another-world-chapter-7/" "Mozilla/5.0 (Linux; Android 10; K) AppleWebKit/537.36 (KHTML, like Gecko) SamsungBrowser/28.0 Chrome/130.0.0.0 Mobile Safari/537.36"
136.158.16.157 - - [08/Jun/2025:12:55:34 -0400] "GET /manga/farming-life-in-another-world-chapter-45/ HTTP/1.1" 200 34135 "https://isekainonbirinoukachapters.com/" "Mozilla/5.0 (Linux; Android 10; K) AppleWebKit/537.36 (KHTML, like Gecko) Chrome/136.0.0.0 Mobile Safari/537.36"
162.0.232.193 - - [08/Jun/2025:12:55:34 -0400] "POST /wp-cron.php?doing_wp_cron=1749401734.3636949062347412109375 HTTP/1.1" 200 0 "-" "WordPress/6.8.1; https://isekainonbirinoukachapters.com"
2401:4900:4e76:e3d0:ccdb:fcf:b4ba:6c96 - - [08/Jun/2025:12:55:34 -0400] "GET /author/admin/ HTTP/1.1" 200 31462 "https://isekainonbirinoukachapters.com/manga/farming-life-in-another-world-chapter-8/" "Mozilla/5.0 (Linux; Android 10; K) AppleWebKit/537.36 (KHTML, like Gecko) SamsungBrowser/28.0 Chrome/130.0.0.0 Mobile Safari/537.36"
136.158.16.157 - - [08/Jun/2025:12:55:34 -0400] "GET /manga/farming-life-in-another-world-chapter-45/ HTTP/1.1" 304 0 "https://isekainonbirinoukachapters.com/" "Mozilla/5.0 (Linux; Android 10; K) AppleWebKit/537.36 (KHTML, like Gecko) Chrome/136.0.0.0 Mobile Safari/537.36"
2401:4900:4e76:e3d0:ccdb:fcf:b4ba:6c96 - - [08/Jun/2025:12:55:35 -0400] "GET /author/admin/ HTTP/1.1" 304 0 "https://isekainonbirinoukachapters.com/manga/farming-life-in-another-world-chapter-8/" "Mozilla/5.0 (Linux; Android 10; K) AppleWebKit/537.36 (KHTML, like Gecko) SamsungBrowser/28.0 Chrome/130.0.0.0 Mobile Safari/537.36"
2401:4900:4e76:e3d0:ccdb:fcf:b4ba:6c96 - - [08/Jun/2025:12:55:34 -0400] "POST /wp-admin/admin-ajax.php HTTP/1.1" 200 61 "https://isekainonbirinoukachapters.com/manga/farming-life-in-another-world-chapter-8/" "Mozilla/5.0 (Linux; Android 10; K) AppleWebKit/537.36 (KHTML, like Gecko) SamsungBrowser/28.0 Chrome/130.0.0.0 Mobile Safari/537.36"
136.158.60.192 - - [08/Jun/2025:12:55:35 -0400] "GET /manga/farming-life-in-another-world-chapter-69/ HTTP/1.1" 200 34669 "-" "Mozilla/5.0 (Linux; Android 10; K) AppleWebKit/537.36 (KHTML, like Gecko) Chrome/137.0.0.0 Mobile Safari/537.36"
136.158.60.192 - - [08/Jun/2025:12:55:36 -0400] "GET /manga/farming-life-in-another-world-chapter-69/ HTTP/1.1" 304 0 "https://isekainonbirinoukachapters.com/manga/farming-life-in-another-world-chapter-68/" "Mozilla/5.0 (Linux; Android 10; K) AppleWebKit/537.36 (KHTML, like Gecko) Chrome/137.0.0.0 Mobile Safari/537.36"
136.158.60.192 - - [08/Jun/2025:12:55:37 -0400] "GET / HTTP/1.1" 304 0 "-" "Mozilla/5.0 (Linux; Android 10; K) AppleWebKit/537.36 (KHTML, like Gecko) Chrome/137.0.0.0 Mobile Safari/537.36"
136.158.60.192 - - [08/Jun/2025:12:55:36 -0400] "POST /wp-admin/admin-ajax.php HTTP/1.1" 200 61 "https://isekainonbirinoukachapters.com/manga/farming-life-in-another-world-chapter-69/" "Mozilla/5.0 (Linux; Android 10; K) AppleWebKit/537.36 (KHTML, like Gecko) Chrome/137.0.0.0 Mobile Safari/537.36"
2a09:bac3:4c94:232::38:9d - - [08/Jun/2025:12:55:45 -0400] "GET /manga/farming-life-in-another-world-chapter-147/ HTTP/1.1" 200 34688 "https://isekainonbirinoukachapters.com/manga/farming-life-in-another-world-chapter-146/" "Mozilla/5.0 (iPhone; CPU iPhone OS 18_5 like Mac OS X) AppleWebKit/605.1.15 (KHTML, like Gecko) Version/18.5 Mobile/15E148 Safari/604.1"
2a09:bac3:4c94:232::38:9d - - [08/Jun/2025:12:55:45 -0400] "POST /wp-admin/admin-ajax.php HTTP/1.1" 200 61 "https://isekainonbirinoukachapters.com/manga/farming-life-in-another-world-chapter-147/" "Mozilla/5.0 (iPhone; CPU iPhone OS 18_5 like Mac OS X) AppleWebKit/605.1.15 (KHTML, like Gecko) Version/18.5 Mobile/15E148 Safari/604.1"
2401:4900:4e76:e3d0:ccdb:fcf:b4ba:6c96 - - [08/Jun/2025:12:55:52 -0400] "GET /manga/farming-life-in-another-world-chapter-9/ HTTP/1.1" 200 34650 "https://isekainonbirinoukachapters.com/manga/farming-life-in-another-world-chapter-8/" "Mozilla/5.0 (Linux; Android 10; K) AppleWebKit/537.36 (KHTML, like Gecko) SamsungBrowser/28.0 Chrome/130.0.0.0 Mobile Safari/537.36"
2401:4900:4e76:e3d0:ccdb:fcf:b4ba:6c96 - - [08/Jun/2025:12:55:53 -0400] "GET /manga/farming-life-in-another-world-chapter-9/ HTTP/1.1" 304 0 "https://isekainonbirinoukachapters.com/manga/farming-life-in-another-world-chapter-8/" "Mozilla/5.0 (Linux; Android 10; K) AppleWebKit/537.36 (KHTML, like Gecko) SamsungBrowser/28.0 Chrome/130.0.0.0 Mobile Safari/537.36"
162.0.232.193 - - [08/Jun/2025:12:55:54 -0400] "POST /wp-cron.php?doing_wp_cron=1749401754.3415229320526123046875 HTTP/1.1" 200 0 "-" "WordPress/6.8.1; https://isekainonbirinoukachapters.com"
2401:4900:4e76:e3d0:ccdb:fcf:b4ba:6c96 - - [08/Jun/2025:12:55:54 -0400] "POST /wp-admin/admin-ajax.php HTTP/1.1" 200 61 "https://isekainonbirinoukachapters.com/manga/farming-life-in-another-world-chapter-9/" "Mozilla/5.0 (Linux; Android 10; K) AppleWebKit/537.36 (KHTML, like Gecko) SamsungBrowser/28.0 Chrome/130.0.0.0 Mobile Safari/537.36"
180.190.26.134 - - [08/Jun/2025:12:56:00 -0400] "GET /manga/farming-life-in-another-world-chapter-245/ HTTP/1.1" 200 34575 "https://isekainonbirinoukachapters.com/manga/farming-life-in-another-world-chapter-244/" "Mozilla/5.0 (Linux; Android 10; K) AppleWebKit/537.36 (KHTML, like Gecko) Chrome/137.0.0.0 Mobile Safari/537.36"
180.190.26.134 - - [08/Jun/2025:12:56:00 -0400] "GET /manga/farming-life-in-another-world-chapter-245/ HTTP/1.1" 304 0 "https://isekainonbirinoukachapters.com/manga/farming-life-in-another-world-chapter-244/" "Mozilla/5.0 (Linux; Android 10; K) AppleWebKit/537.36 (KHTML, like Gecko) Chrome/137.0.0.0 Mobile Safari/537.36"
162.0.232.193 - - [08/Jun/2025:12:56:01 -0400] "POST /wp-cron.php?doing_wp_cron=1749401761.7223351001739501953125 HTTP/1.1" 200 0 "-" "WordPress/6.8.1; https://isekainonbirinoukachapters.com"
180.190.26.134 - - [08/Jun/2025:12:56:01 -0400] "POST /wp-admin/admin-ajax.php HTTP/1.1" 200 61 "https://isekainonbirinoukachapters.com/manga/farming-life-in-another-world-chapter-245/" "Mozilla/5.0 (Linux; Android 10; K) AppleWebKit/537.36 (KHTML, like Gecko) Chrome/137.0.0.0 Mobile Safari/537.36"
162.0.232.193 - - [08/Jun/2025:12:56:05 -0400] "GET /wp-content/uploads/89b93a66fa29a678cbd60ff176e1ea9a_1973.xml HTTP/1.1" 200 1499 "-" "Mozilla/5.0 (X11; Linux x86_64) AppleWebKit/537.36 (KHTML, like Gecko) Ubuntu Chromium/41.0.2272.76"
2001:fd8:2606:d17c:e1ab:ef58:5c6d:79d2 - - [08/Jun/2025:12:56:19 -0400] "GET /category/isekai-nonbiri-nouka-manga/page/15/ HTTP/1.1" 304 0 "https://isekainonbirinoukachapters.com/category/isekai-nonbiri-nouka-manga/page/16/" "Mozilla/5.0 (Linux; Android 10; K) AppleWebKit/537.36 (KHTML, like Gecko) Chrome/137.0.0.0 Mobile Safari/537.36"
43.159.136.201 - - [08/Jun/2025:12:56:19 -0400] "GET /wp-json/oembed/1.0/embed?url=https%3A%2F%2Fisekainonbirinoukachapters.com%2Fmanga%2Ffarming-life-in-another-world-chapter-35%2F HTTP/1.1" 200 2595 "-" "Mozilla/5.0 (iPhone; CPU iPhone OS 13_2_3 like Mac OS X) AppleWebKit/605.1.15 (KHTML, like Gecko) Version/13.0.3 Mobile/15E148 Safari/604.1"
2001:fd8:2606:d17c:e1ab:ef58:5c6d:79d2 - - [08/Jun/2025:12:56:19 -0400] "GET /category/isekai-nonbiri-nouka-manga/page/15/ HTTP/1.1" 304 0 "https://isekainonbirinoukachapters.com/category/isekai-nonbiri-nouka-manga/page/16/" "Mozilla/5.0 (Linux; Android 10; K) AppleWebKit/537.36 (KHTML, like Gecko) Chrome/137.0.0.0 Mobile Safari/537.36"
2001:fd8:2606:d17c:e1ab:ef58:5c6d:79d2 - - [08/Jun/2025:12:56:20 -0400] "GET /category/isekai-nonbiri-nouka-manga/page/17/ HTTP/1.1" 200 33327 "https://isekainonbirinoukachapters.com/category/isekai-nonbiri-nouka-manga/page/16/" "Mozilla/5.0 (Linux; Android 10; K) AppleWebKit/537.36 (KHTML, like Gecko) Chrome/137.0.0.0 Mobile Safari/537.36"
2001:fd8:2606:d17c:e1ab:ef58:5c6d:79d2 - - [08/Jun/2025:12:56:21 -0400] "GET /category/isekai-nonbiri-nouka-manga/page/17/ HTTP/1.1" 304 0 "https://isekainonbirinoukachapters.com/category/isekai-nonbiri-nouka-manga/page/16/" "Mozilla/5.0 (Linux; Android 10; K) AppleWebKit/537.36 (KHTML, like Gecko) Chrome/137.0.0.0 Mobile Safari/537.36"
2409:40f4:101e:d72a:8000:: - - [08/Jun/2025:12:56:44 -0400] "GET /manga/farming-life-in-another-world-chapter-39/ HTTP/1.1" 200 34542 "https://isekainonbirinoukachapters.com/manga/farming-life-in-another-world-chapter-38/" "Mozilla/5.0 (Linux; Android 10; K) AppleWebKit/537.36 (KHTML, like Gecko) Chrome/137.0.0.0 Mobile Safari/537.36"
2409:40f4:101e:d72a:8000:: - - [08/Jun/2025:12:56:45 -0400] "GET /manga/farming-life-in-another-world-chapter-39/ HTTP/1.1" 304 0 "https://isekainonbirinoukachapters.com/manga/farming-life-in-another-world-chapter-38/" "Mozilla/5.0 (Linux; Android 10; K) AppleWebKit/537.36 (KHTML, like Gecko) Chrome/137.0.0.0 Mobile Safari/537.36"
2a09:bac2:4d91:c8::14:2b7 - - [08/Jun/2025:12:56:55 -0400] "GET /manga/farming-life-in-another-world-chapter-112/ HTTP/1.1" 200 34252 "https://isekainonbirinoukachapters.com/manga/farming-life-in-another-world-chapter-111/" "Mozilla/5.0 (Macintosh; Intel Mac OS X 10_15_7) AppleWebKit/605.1.15 (KHTML, like Gecko) Version/18.5 Safari/605.1.15"
2409:40f4:101e:d72a:8000:: - - [08/Jun/2025:12:56:58 -0400] "POST /wp-admin/admin-ajax.php HTTP/1.1" 200 61 "https://isekainonbirinoukachapters.com/manga/farming-life-in-another-world-chapter-39/" "Mozilla/5.0 (Linux; Android 10; K) AppleWebKit/537.36 (KHTML, like Gecko) Chrome/137.0.0.0 Mobile Safari/537.36"
136.158.16.157 - - [08/Jun/2025:12:57:10 -0400] "GET /manga/farming-life-in-another-world-chapter-43/ HTTP/1.1" 200 34144 "https://isekainonbirinoukachapters.com/" "Mozilla/5.0 (Linux; Android 10; K) AppleWebKit/537.36 (KHTML, like Gecko) Chrome/136.0.0.0 Mobile Safari/537.36"
136.158.16.157 - - [08/Jun/2025:12:57:10 -0400] "GET /manga/farming-life-in-another-world-chapter-43/ HTTP/1.1" 304 0 "https://isekainonbirinoukachapters.com/" "Mozilla/5.0 (Linux; Android 10; K) AppleWebKit/537.36 (KHTML, like Gecko) Chrome/136.0.0.0 Mobile Safari/537.36"
2a02:1406:260:4f37:d1b3:b31b:c428:1dd - - [08/Jun/2025:12:58:07 -0400] "GET /manga/farming-life-in-another-world-chapter-59/ HTTP/1.1" 200 34113 "https://isekainonbirinoukachapters.com/manga/farming-life-in-another-world-chapter-58/" "Mozilla/5.0 (Windows NT 10.0; Win64; x64; rv:139.0) Gecko/20100101 Firefox/139.0"
136.158.16.157 - - [08/Jun/2025:12:58:08 -0400] "GET /manga/farming-life-in-another-world-chapter-46/ HTTP/1.1" 200 34264 "https://isekainonbirinoukachapters.com/" "Mozilla/5.0 (Linux; Android 10; K) AppleWebKit/537.36 (KHTML, like Gecko) Chrome/136.0.0.0 Mobile Safari/537.36"
