2404:160:a024:8a6f:e9bd:762e:6cca:b534 - - [08/Jun/2025:13:05:16 -0400] "GET /manga/farming-life-in-another-world-chapter-4/ HTTP/1.1" 304 0 "https://isekainonbirinoukachapters.com/" "Mozilla/5.0 (Linux; Android 10; K) AppleWebKit/537.36 (KHTML, like Gecko) Chrome/137.0.0.0 Mobile Safari/537.36"
2404:160:a024:8a6f:e9bd:762e:6cca:b534 - - [08/Jun/2025:13:05:23 -0400] "GET /manga/farming-life-in-another-world-chapter-32/ HTTP/1.1" 200 34133 "https://isekainonbirinoukachapters.com/" "Mozilla/5.0 (Linux; Android 10; K) AppleWebKit/537.36 (KHTML, like Gecko) Chrome/137.0.0.0 Mobile Safari/537.36"
2404:160:a024:8a6f:e9bd:762e:6cca:b534 - - [08/Jun/2025:13:05:23 -0400] "GET /manga/farming-life-in-another-world-chapter-40/ HTTP/1.1" 200 34140 "https://isekainonbirinoukachapters.com/" "Mozilla/5.0 (Linux; Android 10; K) AppleWebKit/537.36 (KHTML, like Gecko) Chrome/137.0.0.0 Mobile Safari/537.36"
2404:160:a024:8a6f:e9bd:762e:6cca:b534 - - [08/Jun/2025:13:05:24 -0400] "GET /manga/farming-life-in-another-world-chapter-32/ HTTP/1.1" 304 0 "https://isekainonbirinoukachapters.com/" "Mozilla/5.0 (Linux; Android 10; K) AppleWebKit/537.36 (KHTML, like Gecko) Chrome/137.0.0.0 Mobile Safari/537.36"
2404:160:a024:8a6f:e9bd:762e:6cca:b534 - - [08/Jun/2025:13:05:24 -0400] "GET /manga/farming-life-in-another-world-chapter-30/ HTTP/1.1" 200 34665 "https://isekainonbirinoukachapters.com/" "Mozilla/5.0 (Linux; Android 10; K) AppleWebKit/537.36 (KHTML, like Gecko) Chrome/137.0.0.0 Mobile Safari/537.36"
2404:160:a024:8a6f:e9bd:762e:6cca:b534 - - [08/Jun/2025:13:05:24 -0400] "GET /manga/farming-life-in-another-world-chapter-40/ HTTP/1.1" 304 0 "https://isekainonbirinoukachapters.com/" "Mozilla/5.0 (Linux; Android 10; K) AppleWebKit/537.36 (KHTML, like Gecko) Chrome/137.0.0.0 Mobile Safari/537.36"
2404:160:a024:8a6f:e9bd:762e:6cca:b534 - - [08/Jun/2025:13:05:25 -0400] "GET /manga/farming-life-in-another-world-chapter-30/ HTTP/1.1" 304 0 "https://isekainonbirinoukachapters.com/" "Mozilla/5.0 (Linux; Android 10; K) AppleWebKit/537.36 (KHTML, like Gecko) Chrome/137.0.0.0 Mobile Safari/537.36"
2404:160:a024:8a6f:e9bd:762e:6cca:b534 - - [08/Jun/2025:13:05:25 -0400] "GET /manga/farming-life-in-another-world-chapter-28/ HTTP/1.1" 200 34664 "https://isekainonbirinoukachapters.com/" "Mozilla/5.0 (Linux; Android 10; K) AppleWebKit/537.36 (KHTML, like Gecko) Chrome/137.0.0.0 Mobile Safari/537.36"
2404:160:a024:8a6f:e9bd:762e:6cca:b534 - - [08/Jun/2025:13:05:25 -0400] "GET /manga/farming-life-in-another-world-chapter-28/ HTTP/1.1" 304 0 "https://isekainonbirinoukachapters.com/" "Mozilla/5.0 (Linux; Android 10; K) AppleWebKit/537.36 (KHTML, like Gecko) Chrome/137.0.0.0 Mobile Safari/537.36"
2404:160:a024:8a6f:e9bd:762e:6cca:b534 - - [08/Jun/2025:13:05:26 -0400] "POST /wp-admin/admin-ajax.php HTTP/1.1" 200 61 "https://isekainonbirinoukachapters.com/manga/farming-life-in-another-world-chapter-28/" "Mozilla/5.0 (Linux; Android 10; K) AppleWebKit/537.36 (KHTML, like Gecko) Chrome/137.0.0.0 Mobile Safari/537.36"
2404:160:a024:8a6f:e9bd:762e:6cca:b534 - - [08/Jun/2025:13:05:36 -0400] "GET /manga/farming-life-in-another-world-chapter-29/ HTTP/1.1" 200 34669 "https://isekainonbirinoukachapters.com/" "Mozilla/5.0 (Linux; Android 10; K) AppleWebKit/537.36 (KHTML, like Gecko) Chrome/137.0.0.0 Mobile Safari/537.36"
2404:160:a024:8a6f:e9bd:762e:6cca:b534 - - [08/Jun/2025:13:05:37 -0400] "GET /manga/farming-life-in-another-world-chapter-29/ HTTP/1.1" 304 0 "https://isekainonbirinoukachapters.com/" "Mozilla/5.0 (Linux; Android 10; K) AppleWebKit/537.36 (KHTML, like Gecko) Chrome/137.0.0.0 Mobile Safari/537.36"
2404:160:a024:8a6f:e9bd:762e:6cca:b534 - - [08/Jun/2025:13:05:37 -0400] "POST /wp-admin/admin-ajax.php HTTP/1.1" 200 61 "https://isekainonbirinoukachapters.com/manga/farming-life-in-another-world-chapter-29/" "Mozilla/5.0 (Linux; Android 10; K) AppleWebKit/537.36 (KHTML, like Gecko) Chrome/137.0.0.0 Mobile Safari/537.36"
180.190.26.134 - - [08/Jun/2025:13:05:41 -0400] "GET /manga/farming-life-in-another-world-chapter-249/ HTTP/1.1" 200 34583 "https://isekainonbirinoukachapters.com/manga/farming-life-in-another-world-chapter-248/" "Mozilla/5.0 (Linux; Android 10; K) AppleWebKit/537.36 (KHTML, like Gecko) Chrome/137.0.0.0 Mobile Safari/537.36"
180.190.26.134 - - [08/Jun/2025:13:05:42 -0400] "GET /manga/farming-life-in-another-world-chapter-249/ HTTP/1.1" 304 0 "https://isekainonbirinoukachapters.com/manga/farming-life-in-another-world-chapter-248/" "Mozilla/5.0 (Linux; Android 10; K) AppleWebKit/537.36 (KHTML, like Gecko) Chrome/137.0.0.0 Mobile Safari/537.36"
88.224.184.82 - - [08/Jun/2025:13:05:42 -0400] "GET / HTTP/1.1" 200 32287 "https://www.google.com/" "Mozilla/5.0 (Windows NT 10.0; Win64; x64) AppleWebKit/537.36 (KHTML, like Gecko) Chrome/134.0.0.0 Safari/537.36 OPR/119.0.0.0"
180.190.26.134 - - [08/Jun/2025:13:05:42 -0400] "POST /wp-admin/admin-ajax.php HTTP/1.1" 200 61 "https://isekainonbirinoukachapters.com/manga/farming-life-in-another-world-chapter-249/" "Mozilla/5.0 (Linux; Android 10; K) AppleWebKit/537.36 (KHTML, like Gecko) Chrome/137.0.0.0 Mobile Safari/537.36"
88.224.184.82 - - [08/Jun/2025:13:05:43 -0400] "GET /wp-content/uploads/2024/07/MV5BYjA4Mjc5OWYtMTQ1Yy00MWQyLTg3NGYtZTA0NjZiYzI0NDhhXkEyXkFqcGdeQXVyMzgxODM4NjM@._V1_FMjpg_UX1000_-711x1024.jpg HTTP/1.1" 200 187287 "https://isekainonbirinoukachapters.com/" "Mozilla/5.0 (Windows NT 10.0; Win64; x64) AppleWebKit/537.36 (KHTML, like Gecko) Chrome/134.0.0.0 Safari/537.36 OPR/119.0.0.0"
88.224.184.82 - - [08/Jun/2025:13:05:43 -0400] "GET /wp-includes/js/jquery/jquery-migrate.min.js?ver=3.4.1 HTTP/1.1" 200 4678 "https://isekainonbirinoukachapters.com/" "Mozilla/5.0 (Windows NT 10.0; Win64; x64) AppleWebKit/537.36 (KHTML, like Gecko) Chrome/134.0.0.0 Safari/537.36 OPR/119.0.0.0"
88.224.184.82 - - [08/Jun/2025:13:05:43 -0400] "GET /wp-content/cache/min/1/wp-content/plugins/comic-easel/js/keynav.js?ver=1729190448 HTTP/1.1" 200 221 "https://isekainonbirinoukachapters.com/" "Mozilla/5.0 (Windows NT 10.0; Win64; x64) AppleWebKit/537.36 (KHTML, like Gecko) Chrome/134.0.0.0 Safari/537.36 OPR/119.0.0.0"
88.224.184.82 - - [08/Jun/2025:13:05:43 -0400] "GET /wp-content/plugins/simple-social-buttons/assets/js/frontend-blocks.js?ver=6.1.0 HTTP/1.1" 200 0 "https://isekainonbirinoukachapters.com/" "Mozilla/5.0 (Windows NT 10.0; Win64; x64) AppleWebKit/537.36 (KHTML, like Gecko) Chrome/134.0.0.0 Safari/537.36 OPR/119.0.0.0"
88.224.184.82 - - [08/Jun/2025:13:05:43 -0400] "GET /wp-includes/js/jquery/jquery.min.js?ver=3.7.1 HTTP/1.1" 200 29744 "https://isekainonbirinoukachapters.com/" "Mozilla/5.0 (Windows NT 10.0; Win64; x64) AppleWebKit/537.36 (KHTML, like Gecko) Chrome/134.0.0.0 Safari/537.36 OPR/119.0.0.0"
2404:160:a024:8a6f:e9bd:762e:6cca:b534 - - [08/Jun/2025:13:05:44 -0400] "GET /manga/farming-life-in-another-world-chapter-32/ HTTP/1.1" 304 0 "https://isekainonbirinoukachapters.com/" "Mozilla/5.0 (Linux; Android 10; K) AppleWebKit/537.36 (KHTML, like Gecko) Chrome/137.0.0.0 Mobile Safari/537.36"
2404:160:a024:8a6f:e9bd:762e:6cca:b534 - - [08/Jun/2025:13:05:44 -0400] "GET /manga/farming-life-in-another-world-chapter-37/ HTTP/1.1" 200 34550 "https://isekainonbirinoukachapters.com/" "Mozilla/5.0 (Linux; Android 10; K) AppleWebKit/537.36 (KHTML, like Gecko) Chrome/137.0.0.0 Mobile Safari/537.36"
88.224.184.82 - - [08/Jun/2025:13:05:44 -0400] "GET /wp-content/cache/min/1/wp-content/plugins/simple-social-buttons/assets/js/front.js?ver=1729190448 HTTP/1.1" 200 1488 "https://isekainonbirinoukachapters.com/" "Mozilla/5.0 (Windows NT 10.0; Win64; x64) AppleWebKit/537.36 (KHTML, like Gecko) Chrome/134.0.0.0 Safari/537.36 OPR/119.0.0.0"
88.224.184.82 - - [08/Jun/2025:13:05:44 -0400] "GET /wp-content/themes/toivo-lite/js/responsive-nav.min.js?ver=1.2.0 HTTP/1.1" 200 2102 "https://isekainonbirinoukachapters.com/" "Mozilla/5.0 (Windows NT 10.0; Win64; x64) AppleWebKit/537.36 (KHTML, like Gecko) Chrome/134.0.0.0 Safari/537.36 OPR/119.0.0.0"
88.224.184.82 - - [08/Jun/2025:13:05:45 -0400] "GET /wp-content/themes/toivo-lite/js/settings.min.js?ver=1.2.0 HTTP/1.1" 200 307 "https://isekainonbirinoukachapters.com/" "Mozilla/5.0 (Windows NT 10.0; Win64; x64) AppleWebKit/537.36 (KHTML, like Gecko) Chrome/134.0.0.0 Safari/537.36 OPR/119.0.0.0"
88.224.184.82 - - [08/Jun/2025:13:05:45 -0400] "GET /wp-content/themes/toivo-lite/js/functions.min.js?ver=1.2.0 HTTP/1.1" 200 593 "https://isekainonbirinoukachapters.com/" "Mozilla/5.0 (Windows NT 10.0; Win64; x64) AppleWebKit/537.36 (KHTML, like Gecko) Chrome/134.0.0.0 Safari/537.36 OPR/119.0.0.0"
88.224.184.82 - - [08/Jun/2025:13:05:45 -0400] "GET /wp-content/uploads/2024/07/cropped-9781642730852_il_1_aad6e-1.webp HTTP/1.1" 200 97090 "https://isekainonbirinoukachapters.com/" "Mozilla/5.0 (Windows NT 10.0; Win64; x64) AppleWebKit/537.36 (KHTML, like Gecko) Chrome/134.0.0.0 Safari/537.36 OPR/119.0.0.0"
2404:160:a024:8a6f:e9bd:762e:6cca:b534 - - [08/Jun/2025:13:05:45 -0400] "GET /manga/farming-life-in-another-world-chapter-37/ HTTP/1.1" 304 0 "https://isekainonbirinoukachapters.com/" "Mozilla/5.0 (Linux; Android 10; K) AppleWebKit/537.36 (KHTML, like Gecko) Chrome/137.0.0.0 Mobile Safari/537.36"
88.224.184.82 - - [08/Jun/2025:13:05:47 -0400] "GET /wp-content/uploads/2024/07/cropped-63b857c96f67c-32x32.jpg HTTP/1.1" 200 1070 "https://isekainonbirinoukachapters.com/" "Mozilla/5.0 (Windows NT 10.0; Win64; x64) AppleWebKit/537.36 (KHTML, like Gecko) Chrome/134.0.0.0 Safari/537.36 OPR/119.0.0.0"
88.224.184.82 - - [08/Jun/2025:13:05:47 -0400] "GET /wp-content/uploads/2024/07/cropped-63b857c96f67c-180x180.jpg HTTP/1.1" 200 7461 "https://isekainonbirinoukachapters.com/" "Mozilla/5.0 (Windows NT 10.0; Win64; x64) AppleWebKit/537.36 (KHTML, like Gecko) Chrome/134.0.0.0 Safari/537.36 OPR/119.0.0.0"
151.30.141.199 - - [08/Jun/2025:13:05:53 -0400] "GET /manga/farming-life-in-another-world-chapter-254/ HTTP/1.1" 200 34584 "-" "Mozilla/5.0 (Windows NT 10.0; Win64; x64) AppleWebKit/537.36 (KHTML, like Gecko) Chrome/137.0.0.0 Safari/537.36"
151.30.141.199 - - [08/Jun/2025:13:05:54 -0400] "GET /wp-includes/js/jquery/jquery.min.js?ver=3.7.1 HTTP/1.1" 200 29744 "https://isekainonbirinoukachapters.com/manga/farming-life-in-another-world-chapter-254/" "Mozilla/5.0 (Windows NT 10.0; Win64; x64) AppleWebKit/537.36 (KHTML, like Gecko) Chrome/137.0.0.0 Safari/537.36"
151.30.141.199 - - [08/Jun/2025:13:05:54 -0400] "GET /wp-includes/js/jquery/jquery-migrate.min.js?ver=3.4.1 HTTP/1.1" 200 4678 "https://isekainonbirinoukachapters.com/manga/farming-life-in-another-world-chapter-254/" "Mozilla/5.0 (Windows NT 10.0; Win64; x64) AppleWebKit/537.36 (KHTML, like Gecko) Chrome/137.0.0.0 Safari/537.36"
151.30.141.199 - - [08/Jun/2025:13:05:54 -0400] "GET /wp-content/plugins/simple-social-buttons/assets/fonts/ssb-icon.ttf?eahqa2 HTTP/1.1" 200 7412 "https://isekainonbirinoukachapters.com/manga/farming-life-in-another-world-chapter-254/" "Mozilla/5.0 (Windows NT 10.0; Win64; x64) AppleWebKit/537.36 (KHTML, like Gecko) Chrome/137.0.0.0 Safari/537.36"
151.30.141.199 - - [08/Jun/2025:13:05:54 -0400] "GET /wp-content/cache/min/1/wp-content/plugins/wp-automatic/js/main-front.js?ver=1729190448 HTTP/1.1" 200 276 "https://isekainonbirinoukachapters.com/manga/farming-life-in-another-world-chapter-254/" "Mozilla/5.0 (Windows NT 10.0; Win64; x64) AppleWebKit/537.36 (KHTML, like Gecko) Chrome/137.0.0.0 Safari/537.36"
151.30.141.199 - - [08/Jun/2025:13:05:54 -0400] "GET /wp-content/cache/min/1/wp-content/plugins/comic-easel/js/keynav.js?ver=1729190448 HTTP/1.1" 200 221 "https://isekainonbirinoukachapters.com/manga/farming-life-in-another-world-chapter-254/" "Mozilla/5.0 (Windows NT 10.0; Win64; x64) AppleWebKit/537.36 (KHTML, like Gecko) Chrome/137.0.0.0 Safari/537.36"
151.30.141.199 - - [08/Jun/2025:13:05:54 -0400] "GET /wp-content/themes/toivo-lite/js/settings.min.js?ver=1.2.0 HTTP/1.1" 200 307 "https://isekainonbirinoukachapters.com/manga/farming-life-in-another-world-chapter-254/" "Mozilla/5.0 (Windows NT 10.0; Win64; x64) AppleWebKit/537.36 (KHTML, like Gecko) Chrome/137.0.0.0 Safari/537.36"
151.30.141.199 - - [08/Jun/2025:13:05:54 -0400] "GET /wp-content/plugins/simple-social-buttons/assets/js/frontend-blocks.js?ver=6.1.0 HTTP/1.1" 200 0 "https://isekainonbirinoukachapters.com/manga/farming-life-in-another-world-chapter-254/" "Mozilla/5.0 (Windows NT 10.0; Win64; x64) AppleWebKit/537.36 (KHTML, like Gecko) Chrome/137.0.0.0 Safari/537.36"
151.30.141.199 - - [08/Jun/2025:13:05:54 -0400] "GET /wp-content/themes/toivo-lite/js/responsive-nav.min.js?ver=1.2.0 HTTP/1.1" 200 2102 "https://isekainonbirinoukachapters.com/manga/farming-life-in-another-world-chapter-254/" "Mozilla/5.0 (Windows NT 10.0; Win64; x64) AppleWebKit/537.36 (KHTML, like Gecko) Chrome/137.0.0.0 Safari/537.36"
151.30.141.199 - - [08/Jun/2025:13:05:54 -0400] "GET /wp-content/cache/min/1/wp-content/plugins/simple-social-buttons/assets/js/front.js?ver=1729190448 HTTP/1.1" 200 1488 "https://isekainonbirinoukachapters.com/manga/farming-life-in-another-world-chapter-254/" "Mozilla/5.0 (Windows NT 10.0; Win64; x64) AppleWebKit/537.36 (KHTML, like Gecko) Chrome/137.0.0.0 Safari/537.36"
151.30.141.199 - - [08/Jun/2025:13:05:54 -0400] "GET /wp-content/uploads/2024/07/cropped-9781642730852_il_1_aad6e-1.webp HTTP/1.1" 200 97090 "https://isekainonbirinoukachapters.com/manga/farming-life-in-another-world-chapter-254/" "Mozilla/5.0 (Windows NT 10.0; Win64; x64) AppleWebKit/537.36 (KHTML, like Gecko) Chrome/137.0.0.0 Safari/537.36"
151.30.141.199 - - [08/Jun/2025:13:05:54 -0400] "GET /wp-content/themes/toivo-lite/js/functions.min.js?ver=1.2.0 HTTP/1.1" 200 593 "https://isekainonbirinoukachapters.com/manga/farming-life-in-another-world-chapter-254/" "Mozilla/5.0 (Windows NT 10.0; Win64; x64) AppleWebKit/537.36 (KHTML, like Gecko) Chrome/137.0.0.0 Safari/537.36"
151.30.141.199 - - [08/Jun/2025:13:05:54 -0400] "GET /wp-content/cache/min/1/wp-content/plugins/disqus-comment-system/public/js/comment_embed.js?ver=1729190448 HTTP/1.1" 200 494 "https://isekainonbirinoukachapters.com/manga/farming-life-in-another-world-chapter-254/" "Mozilla/5.0 (Windows NT 10.0; Win64; x64) AppleWebKit/537.36 (KHTML, like Gecko) Chrome/137.0.0.0 Safari/537.36"
151.30.141.199 - - [08/Jun/2025:13:05:54 -0400] "GET /wp-content/cache/min/1/wp-content/plugins/disqus-comment-system/public/js/comment_count.js?ver=1729190448 HTTP/1.1" 200 308 "https://isekainonbirinoukachapters.com/manga/farming-life-in-another-world-chapter-254/" "Mozilla/5.0 (Windows NT 10.0; Win64; x64) AppleWebKit/537.36 (KHTML, like Gecko) Chrome/137.0.0.0 Safari/537.36"
151.30.141.199 - - [08/Jun/2025:13:05:54 -0400] "GET /wp-includes/js/comment-reply.min.js?ver=6.8.1 HTTP/1.1" 200 1247 "https://isekainonbirinoukachapters.com/manga/farming-life-in-another-world-chapter-254/" "Mozilla/5.0 (Windows NT 10.0; Win64; x64) AppleWebKit/537.36 (KHTML, like Gecko) Chrome/137.0.0.0 Safari/537.36"
151.30.141.199 - - [08/Jun/2025:13:05:56 -0400] "GET /wp-content/uploads/2024/07/cropped-63b857c96f67c-32x32.jpg HTTP/1.1" 200 1070 "https://isekainonbirinoukachapters.com/manga/farming-life-in-another-world-chapter-254/" "Mozilla/5.0 (Windows NT 10.0; Win64; x64) AppleWebKit/537.36 (KHTML, like Gecko) Chrome/137.0.0.0 Safari/537.36"
151.30.141.199 - - [08/Jun/2025:13:05:55 -0400] "POST /wp-admin/admin-ajax.php HTTP/1.1" 200 61 "https://isekainonbirinoukachapters.com/manga/farming-life-in-another-world-chapter-254/" "Mozilla/5.0 (Windows NT 10.0; Win64; x64) AppleWebKit/537.36 (KHTML, like Gecko) Chrome/137.0.0.0 Safari/537.36"
162.0.232.193 - - [08/Jun/2025:13:05:57 -0400] "POST /wp-cron.php?doing_wp_cron=1749402356.9465770721435546875000 HTTP/1.1" 200 0 "-" "WordPress/6.8.1; https://isekainonbirinoukachapters.com"
43.135.148.92 - - [08/Jun/2025:13:05:56 -0400] "GET /wp-json/wp/v2/posts/2194 HTTP/1.1" 200 15267 "-" "Mozilla/5.0 (iPhone; CPU iPhone OS 13_2_3 like Mac OS X) AppleWebKit/605.1.15 (KHTML, like Gecko) Version/13.0.3 Mobile/15E148 Safari/604.1"
2a09:bac3:4c94:232::38:9d - - [08/Jun/2025:13:05:58 -0400] "GET /manga/farming-life-in-another-world-chapter-151/ HTTP/1.1" 200 34563 "https://isekainonbirinoukachapters.com/manga/farming-life-in-another-world-chapter-150/" "Mozilla/5.0 (iPhone; CPU iPhone OS 18_5 like Mac OS X) AppleWebKit/605.1.15 (KHTML, like Gecko) Version/18.5 Mobile/15E148 Safari/604.1"
2a09:bac3:4c94:232::38:9d - - [08/Jun/2025:13:05:59 -0400] "POST /wp-admin/admin-ajax.php HTTP/1.1" 200 61 "https://isekainonbirinoukachapters.com/manga/farming-life-in-another-world-chapter-151/" "Mozilla/5.0 (iPhone; CPU iPhone OS 18_5 like Mac OS X) AppleWebKit/605.1.15 (KHTML, like Gecko) Version/18.5 Mobile/15E148 Safari/604.1"
151.30.141.199 - - [08/Jun/2025:13:06:13 -0400] "GET /manga/farming-life-in-another-world-chapter-253/ HTTP/1.1" 200 34115 "https://isekainonbirinoukachapters.com/manga/farming-life-in-another-world-chapter-254/" "Mozilla/5.0 (Windows NT 10.0; Win64; x64) AppleWebKit/537.36 (KHTML, like Gecko) Chrome/137.0.0.0 Safari/537.36"
151.30.141.199 - - [08/Jun/2025:13:06:13 -0400] "GET /manga/farming-life-in-another-world-chapter-255/ HTTP/1.1" 200 34519 "https://isekainonbirinoukachapters.com/manga/farming-life-in-another-world-chapter-254/" "Mozilla/5.0 (Windows NT 10.0; Win64; x64) AppleWebKit/537.36 (KHTML, like Gecko) Chrome/137.0.0.0 Safari/537.36"
151.30.141.199 - - [08/Jun/2025:13:06:15 -0400] "GET /manga/farming-life-in-another-world-chapter-255/ HTTP/1.1" 304 0 "https://isekainonbirinoukachapters.com/manga/farming-life-in-another-world-chapter-254/" "Mozilla/5.0 (Windows NT 10.0; Win64; x64) AppleWebKit/537.36 (KHTML, like Gecko) Chrome/137.0.0.0 Safari/537.36"
151.30.141.199 - - [08/Jun/2025:13:06:15 -0400] "POST /wp-admin/admin-ajax.php HTTP/1.1" 200 61 "https://isekainonbirinoukachapters.com/manga/farming-life-in-another-world-chapter-255/" "Mozilla/5.0 (Windows NT 10.0; Win64; x64) AppleWebKit/537.36 (KHTML, like Gecko) Chrome/137.0.0.0 Safari/537.36"
2409:40f4:101e:d72a:8000:: - - [08/Jun/2025:13:06:21 -0400] "GET /manga/farming-life-in-another-world-chapter-42/ HTTP/1.1" 200 34133 "https://isekainonbirinoukachapters.com/manga/farming-life-in-another-world-chapter-41/" "Mozilla/5.0 (Linux; Android 10; K) AppleWebKit/537.36 (KHTML, like Gecko) Chrome/137.0.0.0 Mobile Safari/537.36"
2409:40f4:101e:d72a:8000:: - - [08/Jun/2025:13:06:22 -0400] "GET /manga/farming-life-in-another-world-chapter-42/ HTTP/1.1" 304 0 "https://isekainonbirinoukachapters.com/manga/farming-life-in-another-world-chapter-41/" "Mozilla/5.0 (Linux; Android 10; K) AppleWebKit/537.36 (KHTML, like Gecko) Chrome/137.0.0.0 Mobile Safari/537.36"
2409:40f4:101e:d72a:8000:: - - [08/Jun/2025:13:06:28 -0400] "GET /category/read-farming-life-in-another-world/ HTTP/1.1" 200 31204 "https://isekainonbirinoukachapters.com/manga/farming-life-in-another-world-chapter-42/" "Mozilla/5.0 (Linux; Android 10; K) AppleWebKit/537.36 (KHTML, like Gecko) Chrome/137.0.0.0 Mobile Safari/537.36"
2409:40f4:101e:d72a:8000:: - - [08/Jun/2025:13:06:31 -0400] "GET /category/farming-life-in-another-world-manga/ HTTP/1.1" 200 30936 "https://isekainonbirinoukachapters.com/manga/farming-life-in-another-world-chapter-42/" "Mozilla/5.0 (Linux; Android 10; K) AppleWebKit/537.36 (KHTML, like Gecko) Chrome/137.0.0.0 Mobile Safari/537.36"
2409:40f4:101e:d72a:8000:: - - [08/Jun/2025:13:06:34 -0400] "GET /manga/farming-life-in-another-world-chapter-43/ HTTP/1.1" 200 34144 "https://isekainonbirinoukachapters.com/manga/farming-life-in-another-world-chapter-42/" "Mozilla/5.0 (Linux; Android 10; K) AppleWebKit/537.36 (KHTML, like Gecko) Chrome/137.0.0.0 Mobile Safari/537.36"
2409:40f4:101e:d72a:8000:: - - [08/Jun/2025:13:06:36 -0400] "GET / HTTP/1.1" 304 0 "https://isekainonbirinoukachapters.com/manga/farming-life-in-another-world-chapter-42/" "Mozilla/5.0 (Linux; Android 10; K) AppleWebKit/537.36 (KHTML, like Gecko) Chrome/137.0.0.0 Mobile Safari/537.36"
2409:40f4:101e:d72a:8000:: - - [08/Jun/2025:13:06:36 -0400] "GET /category/read-farming-life-in-another-world/ HTTP/1.1" 304 0 "https://isekainonbirinoukachapters.com/manga/farming-life-in-another-world-chapter-42/" "Mozilla/5.0 (Linux; Android 10; K) AppleWebKit/537.36 (KHTML, like Gecko) Chrome/137.0.0.0 Mobile Safari/537.36"
2409:40f4:101e:d72a:8000:: - - [08/Jun/2025:13:06:37 -0400] "GET /category/farming-life-in-another-world-manga/ HTTP/1.1" 304 0 "https://isekainonbirinoukachapters.com/manga/farming-life-in-another-world-chapter-42/" "Mozilla/5.0 (Linux; Android 10; K) AppleWebKit/537.36 (KHTML, like Gecko) Chrome/137.0.0.0 Mobile Safari/537.36"
2409:40f4:101e:d72a:8000:: - - [08/Jun/2025:13:06:37 -0400] "GET /manga/farming-life-in-another-world-chapter-43/ HTTP/1.1" 304 0 "https://isekainonbirinoukachapters.com/manga/farming-life-in-another-world-chapter-42/" "Mozilla/5.0 (Linux; Android 10; K) AppleWebKit/537.36 (KHTML, like Gecko) Chrome/137.0.0.0 Mobile Safari/537.36"
151.30.141.199 - - [08/Jun/2025:13:06:43 -0400] "GET /category/isekai-nonbiri-nouka/ HTTP/1.1" 200 31415 "https://isekainonbirinoukachapters.com/manga/farming-life-in-another-world-chapter-255/" "Mozilla/5.0 (Windows NT 10.0; Win64; x64) AppleWebKit/537.36 (KHTML, like Gecko) Chrome/137.0.0.0 Safari/537.36"
136.158.16.157 - - [08/Jun/2025:13:07:15 -0400] "GET /manga/farming-life-in-another-world-chapter-112/ HTTP/1.1" 200 34287 "https://isekainonbirinoukachapters.com/" "Mozilla/5.0 (Linux; Android 10; K) AppleWebKit/537.36 (KHTML, like Gecko) Chrome/136.0.0.0 Mobile Safari/537.36"
136.158.16.157 - - [08/Jun/2025:13:07:16 -0400] "GET /manga/farming-life-in-another-world-chapter-112/ HTTP/1.1" 304 0 "https://isekainonbirinoukachapters.com/" "Mozilla/5.0 (Linux; Android 10; K) AppleWebKit/537.36 (KHTML, like Gecko) Chrome/136.0.0.0 Mobile Safari/537.36"
136.158.16.157 - - [08/Jun/2025:13:07:17 -0400] "GET /manga/chapter-115/ HTTP/1.1" 200 33704 "https://isekainonbirinoukachapters.com/" "Mozilla/5.0 (Linux; Android 10; K) AppleWebKit/537.36 (KHTML, like Gecko) Chrome/136.0.0.0 Mobile Safari/537.36"
136.158.16.157 - - [08/Jun/2025:13:07:18 -0400] "GET /manga/chapter-115/ HTTP/1.1" 304 0 "https://isekainonbirinoukachapters.com/" "Mozilla/5.0 (Linux; Android 10; K) AppleWebKit/537.36 (KHTML, like Gecko) Chrome/136.0.0.0 Mobile Safari/537.36"
136.158.16.157 - - [08/Jun/2025:13:07:19 -0400] "GET /manga/chapter-115/ HTTP/1.1" 304 0 "https://isekainonbirinoukachapters.com/manga/chapter-115/" "Mozilla/5.0 (Linux; Android 10; K) AppleWebKit/537.36 (KHTML, like Gecko) Chrome/136.0.0.0 Mobile Safari/537.36"
136.158.16.157 - - [08/Jun/2025:13:07:19 -0400] "GET /manga/chapter-115/ HTTP/1.1" 304 0 "https://isekainonbirinoukachapters.com/manga/chapter-115/" "Mozilla/5.0 (Linux; Android 10; K) AppleWebKit/537.36 (KHTML, like Gecko) Chrome/136.0.0.0 Mobile Safari/537.36"
136.158.16.157 - - [08/Jun/2025:13:07:19 -0400] "GET /category/isekai-nonbiri-nouka/ HTTP/1.1" 200 31309 "https://isekainonbirinoukachapters.com/manga/chapter-115/" "Mozilla/5.0 (Linux; Android 10; K) AppleWebKit/537.36 (KHTML, like Gecko) Chrome/136.0.0.0 Mobile Safari/537.36"
136.158.16.157 - - [08/Jun/2025:13:07:20 -0400] "GET /category/isekai-nonbiri-nouka/ HTTP/1.1" 304 0 "https://isekainonbirinoukachapters.com/manga/chapter-115/" "Mozilla/5.0 (Linux; Android 10; K) AppleWebKit/537.36 (KHTML, like Gecko) Chrome/136.0.0.0 Mobile Safari/537.36"
136.158.16.157 - - [08/Jun/2025:13:07:25 -0400] "GET /manga/farming-life-in-another-world-chapter-114/ HTTP/1.1" 200 34152 "https://isekainonbirinoukachapters.com/manga/chapter-115/" "Mozilla/5.0 (Linux; Android 10; K) AppleWebKit/537.36 (KHTML, like Gecko) Chrome/136.0.0.0 Mobile Safari/537.36"
136.158.16.157 - - [08/Jun/2025:13:07:26 -0400] "GET /manga/farming-life-in-another-world-chapter-114/ HTTP/1.1" 304 0 "https://isekainonbirinoukachapters.com/manga/chapter-115/" "Mozilla/5.0 (Linux; Android 10; K) AppleWebKit/537.36 (KHTML, like Gecko) Chrome/136.0.0.0 Mobile Safari/537.36"
136.158.16.157 - - [08/Jun/2025:13:07:26 -0400] "GET /manga/farming-life-in-another-world-chapter-117/ HTTP/1.1" 200 34200 "https://isekainonbirinoukachapters.com/" "Mozilla/5.0 (Linux; Android 10; K) AppleWebKit/537.36 (KHTML, like Gecko) Chrome/136.0.0.0 Mobile Safari/537.36"
136.158.16.157 - - [08/Jun/2025:13:07:27 -0400] "GET /manga/farming-life-in-another-world-chapter-117/ HTTP/1.1" 304 0 "https://isekainonbirinoukachapters.com/" "Mozilla/5.0 (Linux; Android 10; K) AppleWebKit/537.36 (KHTML, like Gecko) Chrome/136.0.0.0 Mobile Safari/537.36"
136.158.16.157 - - [08/Jun/2025:13:07:36 -0400] "GET /manga/farming-life-in-another-world-chapter-124/ HTTP/1.1" 200 34543 "https://isekainonbirinoukachapters.com/" "Mozilla/5.0 (Linux; Android 10; K) AppleWebKit/537.36 (KHTML, like Gecko) Chrome/136.0.0.0 Mobile Safari/537.36"
136.158.16.157 - - [08/Jun/2025:13:07:37 -0400] "GET /manga/farming-life-in-another-world-chapter-124/ HTTP/1.1" 304 0 "https://isekainonbirinoukachapters.com/" "Mozilla/5.0 (Linux; Android 10; K) AppleWebKit/537.36 (KHTML, like Gecko) Chrome/136.0.0.0 Mobile Safari/537.36"
136.158.16.157 - - [08/Jun/2025:13:07:37 -0400] "GET /manga/farming-life-in-another-world-chapter-120/ HTTP/1.1" 200 34563 "https://isekainonbirinoukachapters.com/" "Mozilla/5.0 (Linux; Android 10; K) AppleWebKit/537.36 (KHTML, like Gecko) Chrome/136.0.0.0 Mobile Safari/537.36"
136.158.16.157 - - [08/Jun/2025:13:07:37 -0400] "GET /manga/farming-life-in-another-world-chapter-120/ HTTP/1.1" 304 0 "https://isekainonbirinoukachapters.com/" "Mozilla/5.0 (Linux; Android 10; K) AppleWebKit/537.36 (KHTML, like Gecko) Chrome/136.0.0.0 Mobile Safari/537.36"
162.0.232.193 - - [08/Jun/2025:13:07:38 -0400] "POST /wp-cron.php?doing_wp_cron=1749402458.4659409523010253906250 HTTP/1.1" 200 0 "-" "WordPress/6.8.1; https://isekainonbirinoukachapters.com"
136.158.16.157 - - [08/Jun/2025:13:07:38 -0400] "POST /wp-admin/admin-ajax.php HTTP/1.1" 200 61 "https://isekainonbirinoukachapters.com/manga/farming-life-in-another-world-chapter-120/" "Mozilla/5.0 (Linux; Android 10; K) AppleWebKit/537.36 (KHTML, like Gecko) Chrome/136.0.0.0 Mobile Safari/537.36"
162.0.232.193 - - [08/Jun/2025:13:07:40 -0400] "GET /wp-content/uploads/89b93a66fa29a678cbd60ff176e1ea9a_1973.xml HTTP/1.1" 200 1499 "-" "Mozilla/5.0 (X11; Linux x86_64) AppleWebKit/537.36 (KHTML, like Gecko) Ubuntu Chromium/41.0.2272.76"
2a09:bac3:4c94:232::38:9d - - [08/Jun/2025:13:07:40 -0400] "GET /manga/farming-life-in-another-world-chapter-152/ HTTP/1.1" 200 34916 "https://isekainonbirinoukachapters.com/manga/farming-life-in-another-world-chapter-151/" "Mozilla/5.0 (iPhone; CPU iPhone OS 18_5 like Mac OS X) AppleWebKit/605.1.15 (KHTML, like Gecko) Version/18.5 Mobile/15E148 Safari/604.1"
2a09:bac3:4c94:232::38:9d - - [08/Jun/2025:13:07:41 -0400] "POST /wp-admin/admin-ajax.php HTTP/1.1" 200 49 "https://isekainonbirinoukachapters.com/manga/farming-life-in-another-world-chapter-152/" "Mozilla/5.0 (iPhone; CPU iPhone OS 18_5 like Mac OS X) AppleWebKit/605.1.15 (KHTML, like Gecko) Version/18.5 Mobile/15E148 Safari/604.1"
2a09:bac3:4c94:232::38:9d - - [08/Jun/2025:13:07:41 -0400] "POST /wp-admin/admin-ajax.php HTTP/1.1" 200 61 "https://isekainonbirinoukachapters.com/manga/farming-life-in-another-world-chapter-152/" "Mozilla/5.0 (iPhone; CPU iPhone OS 18_5 like Mac OS X) AppleWebKit/605.1.15 (KHTML, like Gecko) Version/18.5 Mobile/15E148 Safari/604.1"
2a09:bac3:4c94:232::38:9d - - [08/Jun/2025:13:07:42 -0400] "POST /wp-admin/admin-ajax.php HTTP/1.1" 200 644 "https://isekainonbirinoukachapters.com/manga/farming-life-in-another-world-chapter-152/" "Mozilla/5.0 (iPhone; CPU iPhone OS 18_5 like Mac OS X) AppleWebKit/605.1.15 (KHTML, like Gecko) Version/18.5 Mobile/15E148 Safari/604.1"
182.253.57.25 - - [08/Jun/2025:13:07:46 -0400] "GET /manga/farming-life-in-another-world-chapter-105/ HTTP/1.1" 200 34677 "https://isekainonbirinoukachapters.com/manga/farming-life-in-another-world-chapter-104/" "Mozilla/5.0 (Linux; Android 10; K) AppleWebKit/537.36 (KHTML, like Gecko) Chrome/117.0.0.0 Mobile Safari/537.36"
182.253.57.25 - - [08/Jun/2025:13:07:46 -0400] "POST /wp-admin/admin-ajax.php HTTP/1.1" 200 61 "https://isekainonbirinoukachapters.com/manga/farming-life-in-another-world-chapter-105/" "Mozilla/5.0 (Linux; Android 10; K) AppleWebKit/537.36 (KHTML, like Gecko) Chrome/117.0.0.0 Mobile Safari/537.36"
2401:5100:302:6a26:dc17:68ce:131d:f00a - - [08/Jun/2025:13:07:56 -0400] "GET /manga/farming-life-in-another-world-chapter-5/ HTTP/1.1" 200 34098 "-" "Mozilla/5.0 (X11; Linux x86_64) AppleWebKit/537.36 (KHTML, like Gecko) Chrome/135.0.0.0 Safari/537.36 OPR/121.0.0.0"
82.145.215.206 - - [08/Jun/2025:13:07:56 -0400] "GET / HTTP/1.1" 200 32311 "-" "Mozilla/5.0 (iPhone; CPU iPhone OS 11_0 like Mac OS X) AppleWebKit/604.1.38 (KHTML, like Gecko) Version/11.0 Mobile/15A372 Safari/604.1"
82.145.215.206 - - [08/Jun/2025:13:07:57 -0400] "GET /wp-content/uploads/2024/07/cropped-63b857c96f67c-32x32.jpg HTTP/1.1" 200 1070 "-" "Go-http-client/1.1"
82.145.215.206 - - [08/Jun/2025:13:07:57 -0400] "GET /apple-touch-icon.png HTTP/1.1" 301 0 "-" "Go-http-client/1.1"
82.145.215.206 - - [08/Jun/2025:13:07:58 -0400] "GET / HTTP/1.1" 200 32287 "https://isekainonbirinoukachapters.com/apple-touch-icon.png" "Go-http-client/1.1"
93.124.253.192 - - [08/Jun/2025:13:08:02 -0400] "GET /manga/farming-life-in-another-world-chapter-32/ HTTP/1.1" 200 34060 "https://isekainonbirinoukachapters.com/manga/farming-life-in-another-world-chapter-31/" "Mozilla/5.0 (Windows NT 10.0; Win64; x64) AppleWebKit/537.36 (KHTML, like Gecko) Chrome/134.0.0.0 Safari/537.36 OPR/119.0.0.0"
93.124.253.192 - - [08/Jun/2025:13:08:02 -0400] "GET /manga/farming-life-in-another-world-chapter-32/ HTTP/1.1" 304 0 "https://isekainonbirinoukachapters.com/manga/farming-life-in-another-world-chapter-31/" "Mozilla/5.0 (Windows NT 10.0; Win64; x64) AppleWebKit/537.36 (KHTML, like Gecko) Chrome/134.0.0.0 Safari/537.36 OPR/119.0.0.0"
2404:160:a024:8a6f:e9bd:762e:6cca:b534 - - [08/Jun/2025:13:08:25 -0400] "GET /manga/farming-life-in-another-world-chapter-23/ HTTP/1.1" 200 34562 "https://isekainonbirinoukachapters.com/" "Mozilla/5.0 (Linux; Android 10; K) AppleWebKit/537.36 (KHTML, like Gecko) Chrome/137.0.0.0 Mobile Safari/537.36"
2404:160:a024:8a6f:e9bd:762e:6cca:b534 - - [08/Jun/2025:13:08:26 -0400] "GET /manga/farming-life-in-another-world-chapter-23/ HTTP/1.1" 304 0 "https://isekainonbirinoukachapters.com/" "Mozilla/5.0 (Linux; Android 10; K) AppleWebKit/537.36 (KHTML, like Gecko) Chrome/137.0.0.0 Mobile Safari/537.36"
2404:160:a024:8a6f:e9bd:762e:6cca:b534 - - [08/Jun/2025:13:08:26 -0400] "GET /manga/farming-life-in-another-world-chapter-25/ HTTP/1.1" 200 34599 "https://isekainonbirinoukachapters.com/" "Mozilla/5.0 (Linux; Android 10; K) AppleWebKit/537.36 (KHTML, like Gecko) Chrome/137.0.0.0 Mobile Safari/537.36"
2404:160:a024:8a6f:e9bd:762e:6cca:b534 - - [08/Jun/2025:13:08:26 -0400] "GET /manga/farming-life-in-another-world-chapter-25/ HTTP/1.1" 304 0 "https://isekainonbirinoukachapters.com/" "Mozilla/5.0 (Linux; Android 10; K) AppleWebKit/537.36 (KHTML, like Gecko) Chrome/137.0.0.0 Mobile Safari/537.36"
2404:160:a024:8a6f:e9bd:762e:6cca:b534 - - [08/Jun/2025:13:08:26 -0400] "GET /manga/farming-life-in-another-world-chapter-25/ HTTP/1.1" 304 0 "https://isekainonbirinoukachapters.com/" "Mozilla/5.0 (Linux; Android 10; K) AppleWebKit/537.36 (KHTML, like Gecko) Chrome/137.0.0.0 Mobile Safari/537.36"
2404:160:a024:8a6f:e9bd:762e:6cca:b534 - - [08/Jun/2025:13:08:26 -0400] "POST /wp-admin/admin-ajax.php HTTP/1.1" 200 61 "https://isekainonbirinoukachapters.com/manga/farming-life-in-another-world-chapter-25/" "Mozilla/5.0 (Linux; Android 10; K) AppleWebKit/537.36 (KHTML, like Gecko) Chrome/137.0.0.0 Mobile Safari/537.36"
180.190.26.134 - - [08/Jun/2025:13:08:51 -0400] "GET /manga/farming-life-in-another-world-chapter-250/ HTTP/1.1" 200 34569 "https://isekainonbirinoukachapters.com/manga/farming-life-in-another-world-chapter-249/" "Mozilla/5.0 (Linux; Android 10; K) AppleWebKit/537.36 (KHTML, like Gecko) Chrome/137.0.0.0 Mobile Safari/537.36"
180.190.26.134 - - [08/Jun/2025:13:08:51 -0400] "GET /manga/farming-life-in-another-world-chapter-250/ HTTP/1.1" 304 0 "https://isekainonbirinoukachapters.com/manga/farming-life-in-another-world-chapter-249/" "Mozilla/5.0 (Linux; Android 10; K) AppleWebKit/537.36 (KHTML, like Gecko) Chrome/137.0.0.0 Mobile Safari/537.36"
162.0.232.193 - - [08/Jun/2025:13:08:52 -0400] "POST /wp-cron.php?doing_wp_cron=1749402532.3315908908843994140625 HTTP/1.1" 200 0 "-" "WordPress/6.8.1; https://isekainonbirinoukachapters.com"
180.190.26.134 - - [08/Jun/2025:13:08:52 -0400] "GET / HTTP/1.1" 200 32311 "https://isekainonbirinoukachapters.com/manga/farming-life-in-another-world-chapter-250/" "Mozilla/5.0 (Linux; Android 10; K) AppleWebKit/537.36 (KHTML, like Gecko) Chrome/137.0.0.0 Mobile Safari/537.36"
180.190.26.134 - - [08/Jun/2025:13:08:53 -0400] "GET / HTTP/1.1" 304 0 "https://isekainonbirinoukachapters.com/manga/farming-life-in-another-world-chapter-250/" "Mozilla/5.0 (Linux; Android 10; K) AppleWebKit/537.36 (KHTML, like Gecko) Chrome/137.0.0.0 Mobile Safari/537.36"
180.190.26.134 - - [08/Jun/2025:13:08:52 -0400] "POST /wp-admin/admin-ajax.php HTTP/1.1" 200 61 "https://isekainonbirinoukachapters.com/manga/farming-life-in-another-world-chapter-250/" "Mozilla/5.0 (Linux; Android 10; K) AppleWebKit/537.36 (KHTML, like Gecko) Chrome/137.0.0.0 Mobile Safari/537.36"
2404:160:a024:8a6f:e9bd:762e:6cca:b534 - - [08/Jun/2025:13:08:57 -0400] "GET / HTTP/1.1" 304 0 "https://www.google.com/" "Mozilla/5.0 (Linux; Android 10; K) AppleWebKit/537.36 (KHTML, like Gecko) Chrome/137.0.0.0 Mobile Safari/537.36"
2404:160:a024:8a6f:e9bd:762e:6cca:b534 - - [08/Jun/2025:13:09:00 -0400] "GET /manga/farming-life-in-another-world-chapter-11/ HTTP/1.1" 304 0 "https://isekainonbirinoukachapters.com/" "Mozilla/5.0 (Linux; Android 10; K) AppleWebKit/537.36 (KHTML, like Gecko) Chrome/137.0.0.0 Mobile Safari/537.36"
2404:160:a024:8a6f:e9bd:762e:6cca:b534 - - [08/Jun/2025:13:09:00 -0400] "GET /manga/farming-life-in-another-world-chapter-11/ HTTP/1.1" 304 0 "https://isekainonbirinoukachapters.com/" "Mozilla/5.0 (Linux; Android 10; K) AppleWebKit/537.36 (KHTML, like Gecko) Chrome/137.0.0.0 Mobile Safari/537.36"
2404:160:a024:8a6f:e9bd:762e:6cca:b534 - - [08/Jun/2025:13:09:01 -0400] "GET /manga/farming-life-in-another-world-chapter-15/ HTTP/1.1" 200 34599 "https://isekainonbirinoukachapters.com/" "Mozilla/5.0 (Linux; Android 10; K) AppleWebKit/537.36 (KHTML, like Gecko) Chrome/137.0.0.0 Mobile Safari/537.36"
2404:160:a024:8a6f:e9bd:762e:6cca:b534 - - [08/Jun/2025:13:09:01 -0400] "GET /manga/farming-life-in-another-world-chapter-31/ HTTP/1.1" 200 34666 "https://isekainonbirinoukachapters.com/" "Mozilla/5.0 (Linux; Android 10; K) AppleWebKit/537.36 (KHTML, like Gecko) Chrome/137.0.0.0 Mobile Safari/537.36"
2404:160:a024:8a6f:e9bd:762e:6cca:b534 - - [08/Jun/2025:13:09:02 -0400] "GET /manga/farming-life-in-another-world-chapter-15/ HTTP/1.1" 304 0 "https://isekainonbirinoukachapters.com/" "Mozilla/5.0 (Linux; Android 10; K) AppleWebKit/537.36 (KHTML, like Gecko) Chrome/137.0.0.0 Mobile Safari/537.36"
2404:160:a024:8a6f:e9bd:762e:6cca:b534 - - [08/Jun/2025:13:09:02 -0400] "GET /manga/farming-life-in-another-world-chapter-31/ HTTP/1.1" 304 0 "https://isekainonbirinoukachapters.com/" "Mozilla/5.0 (Linux; Android 10; K) AppleWebKit/537.36 (KHTML, like Gecko) Chrome/137.0.0.0 Mobile Safari/537.36"
2404:160:a024:8a6f:e9bd:762e:6cca:b534 - - [08/Jun/2025:13:09:02 -0400] "GET /manga/farming-life-in-another-world-chapter-62/ HTTP/1.1" 200 34663 "https://isekainonbirinoukachapters.com/" "Mozilla/5.0 (Linux; Android 10; K) AppleWebKit/537.36 (KHTML, like Gecko) Chrome/137.0.0.0 Mobile Safari/537.36"
2404:160:a024:8a6f:e9bd:762e:6cca:b534 - - [08/Jun/2025:13:09:02 -0400] "GET /manga/farming-life-in-another-world-chapter-62/ HTTP/1.1" 304 0 "https://isekainonbirinoukachapters.com/" "Mozilla/5.0 (Linux; Android 10; K) AppleWebKit/537.36 (KHTML, like Gecko) Chrome/137.0.0.0 Mobile Safari/537.36"
2404:160:a024:8a6f:e9bd:762e:6cca:b534 - - [08/Jun/2025:13:09:03 -0400] "GET /manga/farming-life-in-another-world-chapter-210/ HTTP/1.1" 200 34658 "https://isekainonbirinoukachapters.com/" "Mozilla/5.0 (Linux; Android 10; K) AppleWebKit/537.36 (KHTML, like Gecko) Chrome/137.0.0.0 Mobile Safari/537.36"
2404:160:a024:8a6f:e9bd:762e:6cca:b534 - - [08/Jun/2025:13:09:03 -0400] "GET /manga/farming-life-in-another-world-chapter-210/ HTTP/1.1" 304 0 "https://isekainonbirinoukachapters.com/" "Mozilla/5.0 (Linux; Android 10; K) AppleWebKit/537.36 (KHTML, like Gecko) Chrome/137.0.0.0 Mobile Safari/537.36"
2404:160:a024:8a6f:e9bd:762e:6cca:b534 - - [08/Jun/2025:13:09:05 -0400] "GET /manga/farming-life-in-another-world-chapter-251/ HTTP/1.1" 200 34571 "https://isekainonbirinoukachapters.com/" "Mozilla/5.0 (Linux; Android 10; K) AppleWebKit/537.36 (KHTML, like Gecko) Chrome/137.0.0.0 Mobile Safari/537.36"
2404:160:a024:8a6f:e9bd:762e:6cca:b534 - - [08/Jun/2025:13:09:05 -0400] "GET /manga/farming-life-in-another-world-chapter-251/ HTTP/1.1" 304 0 "https://isekainonbirinoukachapters.com/" "Mozilla/5.0 (Linux; Android 10; K) AppleWebKit/537.36 (KHTML, like Gecko) Chrome/137.0.0.0 Mobile Safari/537.36"
162.0.232.193 - - [08/Jun/2025:13:09:06 -0400] "POST /wp-cron.php?doing_wp_cron=1749402546.0271790027618408203125 HTTP/1.1" 200 0 "-" "WordPress/6.8.1; https://isekainonbirinoukachapters.com"
2404:160:a024:8a6f:e9bd:762e:6cca:b534 - - [08/Jun/2025:13:09:05 -0400] "POST /wp-admin/admin-ajax.php HTTP/1.1" 200 61 "https://isekainonbirinoukachapters.com/manga/farming-life-in-another-world-chapter-251/" "Mozilla/5.0 (Linux; Android 10; K) AppleWebKit/537.36 (KHTML, like Gecko) Chrome/137.0.0.0 Mobile Safari/537.36"
66.249.66.6 - - [08/Jun/2025:13:09:17 -0400] "GET / HTTP/1.1" 200 32311 "-" "Mozilla/5.0 (Linux; Android 6.0.1; Nexus 5X Build/MMB29P) AppleWebKit/537.36 (KHTML, like Gecko) Chrome/136.0.7103.113 Mobile Safari/537.36 (compatible; Googlebot/2.1; +http://www.google.com/bot.html)"
2404:160:a024:8a6f:e9bd:762e:6cca:b534 - - [08/Jun/2025:13:09:20 -0400] "GET /manga/farming-life-in-another-world-chapter-246/ HTTP/1.1" 200 34547 "https://isekainonbirinoukachapters.com/" "Mozilla/5.0 (Linux; Android 10; K) AppleWebKit/537.36 (KHTML, like Gecko) Chrome/137.0.0.0 Mobile Safari/537.36"
2404:160:a024:8a6f:e9bd:762e:6cca:b534 - - [08/Jun/2025:13:09:21 -0400] "GET /manga/farming-life-in-another-world-chapter-246/ HTTP/1.1" 304 0 "https://isekainonbirinoukachapters.com/" "Mozilla/5.0 (Linux; Android 10; K) AppleWebKit/537.36 (KHTML, like Gecko) Chrome/137.0.0.0 Mobile Safari/537.36"
162.0.232.193 - - [08/Jun/2025:13:09:21 -0400] "POST /wp-cron.php?doing_wp_cron=1749402561.7853899002075195312500 HTTP/1.1" 200 0 "-" "WordPress/6.8.1; https://isekainonbirinoukachapters.com"
2404:160:a024:8a6f:e9bd:762e:6cca:b534 - - [08/Jun/2025:13:09:21 -0400] "POST /wp-admin/admin-ajax.php HTTP/1.1" 200 61 "https://isekainonbirinoukachapters.com/manga/farming-life-in-another-world-chapter-246/" "Mozilla/5.0 (Linux; Android 10; K) AppleWebKit/537.36 (KHTML, like Gecko) Chrome/137.0.0.0 Mobile Safari/537.36"
2404:160:a024:8a6f:e9bd:762e:6cca:b534 - - [08/Jun/2025:13:09:27 -0400] "GET /manga/farming-life-in-another-world-chapter-249/ HTTP/1.1" 200 34583 "https://isekainonbirinoukachapters.com/" "Mozilla/5.0 (Linux; Android 10; K) AppleWebKit/537.36 (KHTML, like Gecko) Chrome/137.0.0.0 Mobile Safari/537.36"
2404:160:a024:8a6f:e9bd:762e:6cca:b534 - - [08/Jun/2025:13:09:27 -0400] "GET /manga/farming-life-in-another-world-chapter-221/ HTTP/1.1" 200 34536 "https://isekainonbirinoukachapters.com/" "Mozilla/5.0 (Linux; Android 10; K) AppleWebKit/537.36 (KHTML, like Gecko) Chrome/137.0.0.0 Mobile Safari/537.36"
2404:160:a024:8a6f:e9bd:762e:6cca:b534 - - [08/Jun/2025:13:09:27 -0400] "GET /manga/farming-life-in-another-world-chapter-249/ HTTP/1.1" 304 0 "https://isekainonbirinoukachapters.com/" "Mozilla/5.0 (Linux; Android 10; K) AppleWebKit/537.36 (KHTML, like Gecko) Chrome/137.0.0.0 Mobile Safari/537.36"
2404:160:a024:8a6f:e9bd:762e:6cca:b534 - - [08/Jun/2025:13:09:27 -0400] "GET /manga/farming-life-in-another-world-chapter-221/ HTTP/1.1" 304 0 "https://isekainonbirinoukachapters.com/" "Mozilla/5.0 (Linux; Android 10; K) AppleWebKit/537.36 (KHTML, like Gecko) Chrome/137.0.0.0 Mobile Safari/537.36"
2404:160:a024:8a6f:e9bd:762e:6cca:b534 - - [08/Jun/2025:13:09:28 -0400] "GET /manga/farming-life-in-another-world-chapter-185/ HTTP/1.1" 200 34576 "https://isekainonbirinoukachapters.com/" "Mozilla/5.0 (Linux; Android 10; K) AppleWebKit/537.36 (KHTML, like Gecko) Chrome/137.0.0.0 Mobile Safari/537.36"
2404:160:a024:8a6f:e9bd:762e:6cca:b534 - - [08/Jun/2025:13:09:28 -0400] "GET /manga/farming-life-in-another-world-chapter-185/ HTTP/1.1" 304 0 "https://isekainonbirinoukachapters.com/" "Mozilla/5.0 (Linux; Android 10; K) AppleWebKit/537.36 (KHTML, like Gecko) Chrome/137.0.0.0 Mobile Safari/537.36"
2404:160:a024:8a6f:e9bd:762e:6cca:b534 - - [08/Jun/2025:13:09:28 -0400] "GET /manga/farming-life-in-another-world-chapter-147/ HTTP/1.1" 200 34688 "https://isekainonbirinoukachapters.com/" "Mozilla/5.0 (Linux; Android 10; K) AppleWebKit/537.36 (KHTML, like Gecko) Chrome/137.0.0.0 Mobile Safari/537.36"
2404:160:a024:8a6f:e9bd:762e:6cca:b534 - - [08/Jun/2025:13:09:29 -0400] "GET /manga/farming-life-in-another-world-chapter-147/ HTTP/1.1" 304 0 "https://isekainonbirinoukachapters.com/" "Mozilla/5.0 (Linux; Android 10; K) AppleWebKit/537.36 (KHTML, like Gecko) Chrome/137.0.0.0 Mobile Safari/537.36"
93.124.253.192 - - [08/Jun/2025:13:09:42 -0400] "GET /manga/farming-life-in-another-world-chapter-33/ HTTP/1.1" 200 34547 "https://isekainonbirinoukachapters.com/manga/farming-life-in-another-world-chapter-32/" "Mozilla/5.0 (Windows NT 10.0; Win64; x64) AppleWebKit/537.36 (KHTML, like Gecko) Chrome/134.0.0.0 Safari/537.36 OPR/119.0.0.0"
93.124.253.192 - - [08/Jun/2025:13:09:42 -0400] "GET /manga/farming-life-in-another-world-chapter-33/ HTTP/1.1" 304 0 "https://isekainonbirinoukachapters.com/manga/farming-life-in-another-world-chapter-32/" "Mozilla/5.0 (Windows NT 10.0; Win64; x64) AppleWebKit/537.36 (KHTML, like Gecko) Chrome/134.0.0.0 Safari/537.36 OPR/119.0.0.0"
162.0.232.193 - - [08/Jun/2025:13:09:43 -0400] "POST /wp-cron.php?doing_wp_cron=1749402583.4403440952301025390625 HTTP/1.1" 200 0 "-" "WordPress/6.8.1; https://isekainonbirinoukachapters.com"
93.124.253.192 - - [08/Jun/2025:13:09:43 -0400] "POST /wp-admin/admin-ajax.php HTTP/1.1" 200 61 "https://isekainonbirinoukachapters.com/manga/farming-life-in-another-world-chapter-33/" "Mozilla/5.0 (Windows NT 10.0; Win64; x64) AppleWebKit/537.36 (KHTML, like Gecko) Chrome/134.0.0.0 Safari/537.36 OPR/119.0.0.0"
2a02:26f7:f980:4a7c:0:a000:0:b - - [08/Jun/2025:13:10:06 -0400] "GET /manga/farming-life-in-another-world-chapter-113/ HTTP/1.1" 200 34106 "https://isekainonbirinoukachapters.com/manga/farming-life-in-another-world-chapter-112/" "Mozilla/5.0 (Macintosh; Intel Mac OS X 10_15_7) AppleWebKit/605.1.15 (KHTML, like Gecko) Version/18.5 Safari/605.1.15"
2a09:bac3:4c94:232::38:9d - - [08/Jun/2025:13:10:12 -0400] "GET /manga/farming-life-in-another-world-chapter-153/ HTTP/1.1" 200 34577 "https://isekainonbirinoukachapters.com/manga/farming-life-in-another-world-chapter-152/" "Mozilla/5.0 (iPhone; CPU iPhone OS 18_5 like Mac OS X) AppleWebKit/605.1.15 (KHTML, like Gecko) Version/18.5 Mobile/15E148 Safari/604.1"
162.0.232.193 - - [08/Jun/2025:13:10:13 -0400] "POST /wp-cron.php?doing_wp_cron=1749402613.4493930339813232421875 HTTP/1.1" 200 0 "-" "WordPress/6.8.1; https://isekainonbirinoukachapters.com"
2401:5100:302:6a26:dc17:68ce:131d:f00a - - [08/Jun/2025:13:10:13 -0400] "GET /manga/farming-life-in-another-world-chapter-6/ HTTP/1.1" 200 34641 "https://isekainonbirinoukachapters.com/manga/farming-life-in-another-world-chapter-5/" "Mozilla/5.0 (Linux; Android 10; K) AppleWebKit/537.36 (KHTML, like Gecko) Chrome/135.0.0.0 Mobile Safari/537.36 OPR/89.0.0.0"
2a09:bac3:4c94:232::38:9d - - [08/Jun/2025:13:10:13 -0400] "POST /wp-admin/admin-ajax.php HTTP/1.1" 200 61 "https://isekainonbirinoukachapters.com/manga/farming-life-in-another-world-chapter-153/" "Mozilla/5.0 (iPhone; CPU iPhone OS 18_5 like Mac OS X) AppleWebKit/605.1.15 (KHTML, like Gecko) Version/18.5 Mobile/15E148 Safari/604.1"
2401:5100:302:6a26:dc17:68ce:131d:f00a - - [08/Jun/2025:13:10:14 -0400] "GET /manga/farming-life-in-another-world-chapter-6/ HTTP/1.1" 304 0 "https://isekainonbirinoukachapters.com/manga/farming-life-in-another-world-chapter-5/" "Mozilla/5.0 (Linux; Android 10; K) AppleWebKit/537.36 (KHTML, like Gecko) Chrome/135.0.0.0 Mobile Safari/537.36 OPR/89.0.0.0"
2401:5100:302:6a26:dc17:68ce:131d:f00a - - [08/Jun/2025:13:10:15 -0400] "POST /wp-admin/admin-ajax.php HTTP/1.1" 200 61 "https://isekainonbirinoukachapters.com/manga/farming-life-in-another-world-chapter-6/" "Mozilla/5.0 (Linux; Android 10; K) AppleWebKit/537.36 (KHTML, like Gecko) Chrome/135.0.0.0 Mobile Safari/537.36 OPR/89.0.0.0"
162.0.232.193 - - [08/Jun/2025:13:10:16 -0400] "GET /wp-content/uploads/89b93a66fa29a678cbd60ff176e1ea9a_1973.xml HTTP/1.1" 200 1499 "-" "Mozilla/5.0 (X11; Linux x86_64) AppleWebKit/537.36 (KHTML, like Gecko) Ubuntu Chromium/41.0.2272.76"
103.131.71.235 - - [08/Jun/2025:13:10:16 -0400] "GET /robots.txt HTTP/1.1" 200 122 "-" "Mozilla/5.0 (compatible; coccocbot-web/1.0; +http://help.coccoc.com/searchengine)"
103.131.71.172 - - [08/Jun/2025:13:10:18 -0400] "GET / HTTP/1.1" 200 32287 "-" "Mozilla/5.0 (compatible; coccocbot-web/1.0; +http://help.coccoc.com/searchengine)"
103.131.71.172 - - [08/Jun/2025:13:10:20 -0400] "GET /manga/isekai-nonbiri-nouka-chapter-99/ HTTP/1.1" 301 0 "-" "Mozilla/5.0 (compatible; coccocbot-web/1.0; +http://help.coccoc.com/searchengine)"
35.169.102.85 - - [08/Jun/2025:13:10:22 -0400] "GET /manga/isekai-nonbiri-nouka-chapter-72-martial-art-tournament-warrior-division-2/ HTTP/1.1" 301 0 "-" "Mozilla/5.0 AppleWebKit/537.36 (KHTML, like Gecko; compatible; Amazonbot/0.1; +https://developer.amazon.com/support/amazonbot) Chrome/119.0.6045.214 Safari/537.36"
18.214.186.220 - - [08/Jun/2025:13:10:22 -0400] "GET / HTTP/1.1" 200 32287 "-" "Mozilla/5.0 AppleWebKit/537.36 (KHTML, like Gecko; compatible; Amazonbot/0.1; +https://developer.amazon.com/support/amazonbot) Chrome/119.0.6045.214 Safari/537.36"
93.124.253.192 - - [08/Jun/2025:13:10:25 -0400] "GET /manga/farming-life-in-another-world-chapter-34/ HTTP/1.1" 200 34056 "https://isekainonbirinoukachapters.com/manga/farming-life-in-another-world-chapter-33/" "Mozilla/5.0 (Windows NT 10.0; Win64; x64) AppleWebKit/537.36 (KHTML, like Gecko) Chrome/134.0.0.0 Safari/537.36 OPR/119.0.0.0"
93.124.253.192 - - [08/Jun/2025:13:10:25 -0400] "GET /manga/farming-life-in-another-world-chapter-34/ HTTP/1.1" 304 0 "https://isekainonbirinoukachapters.com/manga/farming-life-in-another-world-chapter-33/" "Mozilla/5.0 (Windows NT 10.0; Win64; x64) AppleWebKit/537.36 (KHTML, like Gecko) Chrome/134.0.0.0 Safari/537.36 OPR/119.0.0.0"
136.158.16.157 - - [08/Jun/2025:13:10:27 -0400] "GET /manga/farming-life-in-another-world-chapter-129/ HTTP/1.1" 200 34545 "https://isekainonbirinoukachapters.com/" "Mozilla/5.0 (Linux; Android 10; K) AppleWebKit/537.36 (KHTML, like Gecko) Chrome/136.0.0.0 Mobile Safari/537.36"
136.158.16.157 - - [08/Jun/2025:13:10:27 -0400] "GET /manga/farming-life-in-another-world-chapter-137/ HTTP/1.1" 200 34677 "https://isekainonbirinoukachapters.com/" "Mozilla/5.0 (Linux; Android 10; K) AppleWebKit/537.36 (KHTML, like Gecko) Chrome/136.0.0.0 Mobile Safari/537.36"
136.158.16.157 - - [08/Jun/2025:13:10:27 -0400] "GET /manga/farming-life-in-another-world-chapter-140/ HTTP/1.1" 200 34180 "https://isekainonbirinoukachapters.com/" "Mozilla/5.0 (Linux; Android 10; K) AppleWebKit/537.36 (KHTML, like Gecko) Chrome/136.0.0.0 Mobile Safari/537.36"
136.158.16.157 - - [08/Jun/2025:13:10:27 -0400] "GET /manga/farming-life-in-another-world-chapter-129/ HTTP/1.1" 304 0 "https://isekainonbirinoukachapters.com/" "Mozilla/5.0 (Linux; Android 10; K) AppleWebKit/537.36 (KHTML, like Gecko) Chrome/136.0.0.0 Mobile Safari/537.36"
136.158.16.157 - - [08/Jun/2025:13:10:27 -0400] "GET /manga/farming-life-in-another-world-chapter-137/ HTTP/1.1" 304 0 "https://isekainonbirinoukachapters.com/" "Mozilla/5.0 (Linux; Android 10; K) AppleWebKit/537.36 (KHTML, like Gecko) Chrome/136.0.0.0 Mobile Safari/537.36"
136.158.16.157 - - [08/Jun/2025:13:10:27 -0400] "GET /manga/farming-life-in-another-world-chapter-145/ HTTP/1.1" 200 34562 "https://isekainonbirinoukachapters.com/" "Mozilla/5.0 (Linux; Android 10; K) AppleWebKit/537.36 (KHTML, like Gecko) Chrome/136.0.0.0 Mobile Safari/537.36"
136.158.16.157 - - [08/Jun/2025:13:10:28 -0400] "GET /manga/farming-life-in-another-world-chapter-140/ HTTP/1.1" 304 0 "https://isekainonbirinoukachapters.com/" "Mozilla/5.0 (Linux; Android 10; K) AppleWebKit/537.36 (KHTML, like Gecko) Chrome/136.0.0.0 Mobile Safari/537.36"
136.158.16.157 - - [08/Jun/2025:13:10:28 -0400] "GET /manga/farming-life-in-another-world-chapter-145/ HTTP/1.1" 304 0 "https://isekainonbirinoukachapters.com/" "Mozilla/5.0 (Linux; Android 10; K) AppleWebKit/537.36 (KHTML, like Gecko) Chrome/136.0.0.0 Mobile Safari/537.36"
103.131.71.167 - - [08/Jun/2025:13:10:30 -0400] "GET / HTTP/1.1" 200 32287 "-" "Mozilla/5.0 (compatible; coccocbot-web/1.0; +http://help.coccoc.com/searchengine)"
2409:40f4:101e:d72a:8000:: - - [08/Jun/2025:13:10:36 -0400] "GET /manga/farming-life-in-another-world-chapter-44/ HTTP/1.1" 200 34134 "https://isekainonbirinoukachapters.com/manga/farming-life-in-another-world-chapter-43/" "Mozilla/5.0 (Linux; Android 10; K) AppleWebKit/537.36 (KHTML, like Gecko) Chrome/137.0.0.0 Mobile Safari/537.36"
