1.47.201.38 - - [08/Jun/2025:06:54:49 -0400] "GET /manga/farming-life-in-another-world-chapter-255/ HTTP/1.1" 200 34177 "https://isekainonbirinoukachapters.com/" "Mozilla/5.0 (Linux; Android 10; K) AppleWebKit/537.36 (KHTML, like Gecko) Chrome/137.0.0.0 Mobile Safari/537.36"
1.47.201.38 - - [08/Jun/2025:06:54:50 -0400] "GET /manga/farming-life-in-another-world-chapter-250/ HTTP/1.1" 200 34180 "https://isekainonbirinoukachapters.com/" "Mozilla/5.0 (Linux; Android 10; K) AppleWebKit/537.36 (KHTML, like Gecko) Chrome/137.0.0.0 Mobile Safari/537.36"
1.47.201.38 - - [08/Jun/2025:06:54:50 -0400] "GET /manga/farming-life-in-another-world-chapter-255/ HTTP/1.1" 304 0 "https://isekainonbirinoukachapters.com/" "Mozilla/5.0 (Linux; Android 10; K) AppleWebKit/537.36 (KHTML, like Gecko) Chrome/137.0.0.0 Mobile Safari/537.36"
1.47.201.38 - - [08/Jun/2025:06:54:50 -0400] "GET /manga/farming-life-in-another-world-chapter-250/ HTTP/1.1" 304 0 "https://isekainonbirinoukachapters.com/" "Mozilla/5.0 (Linux; Android 10; K) AppleWebKit/537.36 (KHTML, like Gecko) Chrome/137.0.0.0 Mobile Safari/537.36"
1.47.201.38 - - [08/Jun/2025:06:54:50 -0400] "GET /manga/farming-life-in-another-world-chapter-244/ HTTP/1.1" 200 34178 "https://isekainonbirinoukachapters.com/" "Mozilla/5.0 (Linux; Android 10; K) AppleWebKit/537.36 (KHTML, like Gecko) Chrome/137.0.0.0 Mobile Safari/537.36"
1.47.201.38 - - [08/Jun/2025:06:54:51 -0400] "GET /manga/farming-life-in-another-world-chapter-244/ HTTP/1.1" 304 0 "https://isekainonbirinoukachapters.com/" "Mozilla/5.0 (Linux; Android 10; K) AppleWebKit/537.36 (KHTML, like Gecko) Chrome/137.0.0.0 Mobile Safari/537.36"
1.47.201.38 - - [08/Jun/2025:06:54:52 -0400] "GET /manga/farming-life-in-another-world-chapter-241/ HTTP/1.1" 200 34929 "https://isekainonbirinoukachapters.com/" "Mozilla/5.0 (Linux; Android 10; K) AppleWebKit/537.36 (KHTML, like Gecko) Chrome/137.0.0.0 Mobile Safari/537.36"
1.47.201.38 - - [08/Jun/2025:06:54:53 -0400] "GET /manga/farming-life-in-another-world-chapter-241/ HTTP/1.1" 304 0 "https://isekainonbirinoukachapters.com/" "Mozilla/5.0 (Linux; Android 10; K) AppleWebKit/537.36 (KHTML, like Gecko) Chrome/137.0.0.0 Mobile Safari/537.36"
1.47.201.38 - - [08/Jun/2025:06:54:54 -0400] "GET /manga/farming-life-in-another-world-chapter-226/ HTTP/1.1" 200 34052 "https://isekainonbirinoukachapters.com/" "Mozilla/5.0 (Linux; Android 10; K) AppleWebKit/537.36 (KHTML, like Gecko) Chrome/137.0.0.0 Mobile Safari/537.36"
1.47.201.38 - - [08/Jun/2025:06:54:54 -0400] "GET /manga/farming-life-in-another-world-chapter-226/ HTTP/1.1" 304 0 "https://isekainonbirinoukachapters.com/" "Mozilla/5.0 (Linux; Android 10; K) AppleWebKit/537.36 (KHTML, like Gecko) Chrome/137.0.0.0 Mobile Safari/537.36"
1.47.201.38 - - [08/Jun/2025:06:54:54 -0400] "GET /manga/farming-life-in-another-world-chapter-222/ HTTP/1.1" 200 34545 "https://isekainonbirinoukachapters.com/" "Mozilla/5.0 (Linux; Android 10; K) AppleWebKit/537.36 (KHTML, like Gecko) Chrome/137.0.0.0 Mobile Safari/537.36"
1.47.201.38 - - [08/Jun/2025:06:54:55 -0400] "GET /manga/farming-life-in-another-world-chapter-222/ HTTP/1.1" 304 0 "https://isekainonbirinoukachapters.com/" "Mozilla/5.0 (Linux; Android 10; K) AppleWebKit/537.36 (KHTML, like Gecko) Chrome/137.0.0.0 Mobile Safari/537.36"
1.47.201.38 - - [08/Jun/2025:06:54:55 -0400] "GET /manga/farming-life-in-another-world-chapter-215/ HTTP/1.1" 200 34584 "https://isekainonbirinoukachapters.com/" "Mozilla/5.0 (Linux; Android 10; K) AppleWebKit/537.36 (KHTML, like Gecko) Chrome/137.0.0.0 Mobile Safari/537.36"
1.47.201.38 - - [08/Jun/2025:06:54:55 -0400] "GET /manga/farming-life-in-another-world-chapter-215/ HTTP/1.1" 304 0 "https://isekainonbirinoukachapters.com/" "Mozilla/5.0 (Linux; Android 10; K) AppleWebKit/537.36 (KHTML, like Gecko) Chrome/137.0.0.0 Mobile Safari/537.36"
1.47.201.38 - - [08/Jun/2025:06:54:55 -0400] "GET /manga/farming-life-in-another-world-chapter-250/ HTTP/1.1" 304 0 "https://isekainonbirinoukachapters.com/" "Mozilla/5.0 (Linux; Android 10; K) AppleWebKit/537.36 (KHTML, like Gecko) Chrome/137.0.0.0 Mobile Safari/537.36"
1.47.201.38 - - [08/Jun/2025:06:54:56 -0400] "GET /manga/farming-life-in-another-world-chapter-256/ HTTP/1.1" 200 34472 "https://isekainonbirinoukachapters.com/" "Mozilla/5.0 (Linux; Android 10; K) AppleWebKit/537.36 (KHTML, like Gecko) Chrome/137.0.0.0 Mobile Safari/537.36"
1.47.201.38 - - [08/Jun/2025:06:54:56 -0400] "GET /manga/farming-life-in-another-world-chapter-256/ HTTP/1.1" 304 0 "https://isekainonbirinoukachapters.com/" "Mozilla/5.0 (Linux; Android 10; K) AppleWebKit/537.36 (KHTML, like Gecko) Chrome/137.0.0.0 Mobile Safari/537.36"
1.47.201.38 - - [08/Jun/2025:06:55:01 -0400] "GET /manga/farming-life-in-another-world-chapter-5/ HTTP/1.1" 200 34608 "https://isekainonbirinoukachapters.com/" "Mozilla/5.0 (Linux; Android 10; K) AppleWebKit/537.36 (KHTML, like Gecko) Chrome/137.0.0.0 Mobile Safari/537.36"
1.47.201.38 - - [08/Jun/2025:06:55:02 -0400] "GET /manga/farming-life-in-another-world-chapter-5/ HTTP/1.1" 304 0 "https://isekainonbirinoukachapters.com/" "Mozilla/5.0 (Linux; Android 10; K) AppleWebKit/537.36 (KHTML, like Gecko) Chrome/137.0.0.0 Mobile Safari/537.36"
2a02:26f7:c6c0:49e8:0:f000:0:c - - [08/Jun/2025:06:55:05 -0400] "POST /wp-admin/admin-ajax.php HTTP/1.1" 200 61 "https://isekainonbirinoukachapters.com/manga/farming-life-in-another-world-chapter-128/" "Mozilla/5.0 (iPhone; CPU iPhone OS 18_5 like Mac OS X) AppleWebKit/605.1.15 (KHTML, like Gecko) Version/18.5 Mobile/15E148 Safari/604.1"
1.47.201.38 - - [08/Jun/2025:06:55:17 -0400] "GET /manga/farming-life-in-another-world-chapter-5/ HTTP/1.1" 304 0 "https://isekainonbirinoukachapters.com/" "Mozilla/5.0 (Linux; Android 10; K) AppleWebKit/537.36 (KHTML, like Gecko) Chrome/137.0.0.0 Mobile Safari/537.36"
1.47.201.38 - - [08/Jun/2025:06:55:17 -0400] "GET /manga/farming-life-in-another-world-chapter-5/ HTTP/1.1" 304 0 "https://isekainonbirinoukachapters.com/" "Mozilla/5.0 (Linux; Android 10; K) AppleWebKit/537.36 (KHTML, like Gecko) Chrome/137.0.0.0 Mobile Safari/537.36"
1.47.201.38 - - [08/Jun/2025:06:55:17 -0400] "GET /manga/farming-life-in-another-world-chapter-9/ HTTP/1.1" 200 34248 "https://isekainonbirinoukachapters.com/" "Mozilla/5.0 (Linux; Android 10; K) AppleWebKit/537.36 (KHTML, like Gecko) Chrome/137.0.0.0 Mobile Safari/537.36"
1.47.201.38 - - [08/Jun/2025:06:55:17 -0400] "GET /manga/farming-life-in-another-world-chapter-55/ HTTP/1.1" 200 34252 "https://isekainonbirinoukachapters.com/" "Mozilla/5.0 (Linux; Android 10; K) AppleWebKit/537.36 (KHTML, like Gecko) Chrome/137.0.0.0 Mobile Safari/537.36"
1.47.201.38 - - [08/Jun/2025:06:55:18 -0400] "GET /manga/farming-life-in-another-world-chapter-9/ HTTP/1.1" 304 0 "https://isekainonbirinoukachapters.com/" "Mozilla/5.0 (Linux; Android 10; K) AppleWebKit/537.36 (KHTML, like Gecko) Chrome/137.0.0.0 Mobile Safari/537.36"
1.47.201.38 - - [08/Jun/2025:06:55:18 -0400] "GET /manga/farming-life-in-another-world-chapter-55/ HTTP/1.1" 304 0 "https://isekainonbirinoukachapters.com/" "Mozilla/5.0 (Linux; Android 10; K) AppleWebKit/537.36 (KHTML, like Gecko) Chrome/137.0.0.0 Mobile Safari/537.36"
1.47.201.38 - - [08/Jun/2025:06:55:18 -0400] "GET /manga/farming-life-in-another-world-chapter-184/ HTTP/1.1" 200 34564 "https://isekainonbirinoukachapters.com/" "Mozilla/5.0 (Linux; Android 10; K) AppleWebKit/537.36 (KHTML, like Gecko) Chrome/137.0.0.0 Mobile Safari/537.36"
1.47.201.38 - - [08/Jun/2025:06:55:19 -0400] "GET /manga/farming-life-in-another-world-chapter-184/ HTTP/1.1" 304 0 "https://isekainonbirinoukachapters.com/" "Mozilla/5.0 (Linux; Android 10; K) AppleWebKit/537.36 (KHTML, like Gecko) Chrome/137.0.0.0 Mobile Safari/537.36"
1.47.201.38 - - [08/Jun/2025:06:55:19 -0400] "GET /manga/farming-life-in-another-world-chapter-190/ HTTP/1.1" 200 35027 "https://isekainonbirinoukachapters.com/" "Mozilla/5.0 (Linux; Android 10; K) AppleWebKit/537.36 (KHTML, like Gecko) Chrome/137.0.0.0 Mobile Safari/537.36"
1.47.201.38 - - [08/Jun/2025:06:55:19 -0400] "GET /manga/farming-life-in-another-world-chapter-190/ HTTP/1.1" 304 0 "https://isekainonbirinoukachapters.com/" "Mozilla/5.0 (Linux; Android 10; K) AppleWebKit/537.36 (KHTML, like Gecko) Chrome/137.0.0.0 Mobile Safari/537.36"
1.47.201.38 - - [08/Jun/2025:06:55:20 -0400] "GET /manga/farming-life-in-another-world-chapter-232/ HTTP/1.1" 200 34144 "https://isekainonbirinoukachapters.com/" "Mozilla/5.0 (Linux; Android 10; K) AppleWebKit/537.36 (KHTML, like Gecko) Chrome/137.0.0.0 Mobile Safari/537.36"
1.47.201.38 - - [08/Jun/2025:06:55:20 -0400] "GET /manga/farming-life-in-another-world-chapter-232/ HTTP/1.1" 304 0 "https://isekainonbirinoukachapters.com/" "Mozilla/5.0 (Linux; Android 10; K) AppleWebKit/537.36 (KHTML, like Gecko) Chrome/137.0.0.0 Mobile Safari/537.36"
1.47.201.38 - - [08/Jun/2025:06:55:22 -0400] "GET /manga/farming-life-in-another-world-chapter-253/ HTTP/1.1" 200 34393 "https://isekainonbirinoukachapters.com/" "Mozilla/5.0 (Linux; Android 10; K) AppleWebKit/537.36 (KHTML, like Gecko) Chrome/137.0.0.0 Mobile Safari/537.36"
1.47.201.38 - - [08/Jun/2025:06:55:22 -0400] "GET /manga/farming-life-in-another-world-chapter-253/ HTTP/1.1" 304 0 "https://isekainonbirinoukachapters.com/" "Mozilla/5.0 (Linux; Android 10; K) AppleWebKit/537.36 (KHTML, like Gecko) Chrome/137.0.0.0 Mobile Safari/537.36"
1.47.201.38 - - [08/Jun/2025:06:55:23 -0400] "GET /manga/farming-life-in-another-world-chapter-250/ HTTP/1.1" 304 0 "https://isekainonbirinoukachapters.com/" "Mozilla/5.0 (Linux; Android 10; K) AppleWebKit/537.36 (KHTML, like Gecko) Chrome/137.0.0.0 Mobile Safari/537.36"
1.47.201.38 - - [08/Jun/2025:06:55:23 -0400] "GET /manga/farming-life-in-another-world-chapter-250/ HTTP/1.1" 304 0 "https://isekainonbirinoukachapters.com/" "Mozilla/5.0 (Linux; Android 10; K) AppleWebKit/537.36 (KHTML, like Gecko) Chrome/137.0.0.0 Mobile Safari/537.36"
64.233.173.8 - - [08/Jun/2025:06:55:28 -0400] "GET /manga/farming-life-in-another-world-chapter-250/ HTTP/1.1" 200 34180 "-" "Mozilla/5.0 (Linux; Android 7.0; SM-G930V Build/NRD90M) AppleWebKit/537.36 (KHTML, like Gecko) Chrome/59.0.3071.125 Mobile Safari/537.36 (compatible; Google-Read-Aloud; +https://support.google.com/webmasters/answer/1061943)"
66.102.6.160 - - [08/Jun/2025:06:55:29 -0400] "GET /manga/farming-life-in-another-world-chapter-250/ HTTP/1.1" 200 34223 "-" "Mozilla/5.0 (Linux; Android 7.0; SM-G930V Build/NRD90M) AppleWebKit/537.36 (KHTML, like Gecko) Chrome/59.0.3071.125 Mobile Safari/537.36 (compatible; Google-Read-Aloud; +https://support.google.com/webmasters/answer/1061943)"
64.233.173.9 - - [08/Jun/2025:06:55:29 -0400] "GET /manga/farming-life-in-another-world-chapter-250/ HTTP/1.1" 200 34180 "-" "Mozilla/5.0 (Linux; Android 7.0; SM-G930V Build/NRD90M) AppleWebKit/537.36 (KHTML, like Gecko) Chrome/59.0.3071.125 Mobile Safari/537.36 (compatible; Google-Read-Aloud; +https://support.google.com/webmasters/answer/1061943)"
185.81.124.114 - - [08/Jun/2025:06:55:32 -0400] "GET /manga/farming-life-in-another-world-chapter-48/ HTTP/1.1" 200 34102 "https://isekainonbirinoukachapters.com/manga/farming-life-in-another-world-chapter-47/" "Mozilla/5.0 (Windows NT 10.0; Win64; x64) AppleWebKit/537.36 (KHTML, like Gecko) Chrome/137.0.0.0 Safari/537.36 Edg/137.0.0.0"
185.81.124.114 - - [08/Jun/2025:06:55:33 -0400] "GET /manga/farming-life-in-another-world-chapter-48/ HTTP/1.1" 304 0 "https://isekainonbirinoukachapters.com/manga/farming-life-in-another-world-chapter-47/" "Mozilla/5.0 (Windows NT 10.0; Win64; x64) AppleWebKit/537.36 (KHTML, like Gecko) Chrome/137.0.0.0 Safari/537.36 Edg/137.0.0.0"
185.81.124.114 - - [08/Jun/2025:06:55:42 -0400] "GET / HTTP/1.1" 304 0 "https://isekainonbirinoukachapters.com/manga/farming-life-in-another-world-chapter-48/" "Mozilla/5.0 (Windows NT 10.0; Win64; x64) AppleWebKit/537.36 (KHTML, like Gecko) Chrome/137.0.0.0 Safari/537.36 Edg/137.0.0.0"
2a02:26f7:c6c0:49e8:0:f000:0:c - - [08/Jun/2025:06:56:41 -0400] "GET /manga/farming-life-in-another-world-chapter-129/ HTTP/1.1" 200 34536 "https://isekainonbirinoukachapters.com/manga/farming-life-in-another-world-chapter-128/" "Mozilla/5.0 (iPhone; CPU iPhone OS 18_5 like Mac OS X) AppleWebKit/605.1.15 (KHTML, like Gecko) Version/18.5 Mobile/15E148 Safari/604.1"
162.0.232.193 - - [08/Jun/2025:06:56:42 -0400] "POST /wp-cron.php?doing_wp_cron=1749380202.0252299308776855468750 HTTP/1.1" 200 0 "-" "WordPress/6.8.1; https://isekainonbirinoukachapters.com"
2a02:26f7:c6c0:49e8:0:f000:0:c - - [08/Jun/2025:06:56:41 -0400] "POST /wp-admin/admin-ajax.php HTTP/1.1" 200 61 "https://isekainonbirinoukachapters.com/manga/farming-life-in-another-world-chapter-129/" "Mozilla/5.0 (iPhone; CPU iPhone OS 18_5 like Mac OS X) AppleWebKit/605.1.15 (KHTML, like Gecko) Version/18.5 Mobile/15E148 Safari/604.1"
162.0.232.193 - - [08/Jun/2025:06:56:43 -0400] "GET /wp-content/uploads/89b93a66fa29a678cbd60ff176e1ea9a_1973.xml HTTP/1.1" 200 1499 "-" "Mozilla/5.0 (X11; Linux x86_64) AppleWebKit/537.36 (KHTML, like Gecko) Ubuntu Chromium/41.0.2272.76"
2a02:26f7:c6c0:49e8:0:f000:0:c - - [08/Jun/2025:06:56:48 -0400] "GET /manga/farming-life-in-another-world-chapter-130/ HTTP/1.1" 200 33988 "https://isekainonbirinoukachapters.com/manga/farming-life-in-another-world-chapter-129/" "Mozilla/5.0 (iPhone; CPU iPhone OS 18_5 like Mac OS X) AppleWebKit/605.1.15 (KHTML, like Gecko) Version/18.5 Mobile/15E148 Safari/604.1"
1.47.201.38 - - [08/Jun/2025:06:57:16 -0400] "GET /manga/farming-life-in-another-world-chapter-251/ HTTP/1.1" 200 33993 "https://isekainonbirinoukachapters.com/" "Mozilla/5.0 (Linux; Android 10; K) AppleWebKit/537.36 (KHTML, like Gecko) Chrome/137.0.0.0 Mobile Safari/537.36"
1.47.201.38 - - [08/Jun/2025:06:57:16 -0400] "GET /manga/farming-life-in-another-world-chapter-251/ HTTP/1.1" 304 0 "https://isekainonbirinoukachapters.com/" "Mozilla/5.0 (Linux; Android 10; K) AppleWebKit/537.36 (KHTML, like Gecko) Chrome/137.0.0.0 Mobile Safari/537.36"
1.47.201.38 - - [08/Jun/2025:06:57:19 -0400] "GET /manga/farming-life-in-another-world-chapter-249/ HTTP/1.1" 200 34211 "https://isekainonbirinoukachapters.com/" "Mozilla/5.0 (Linux; Android 10; K) AppleWebKit/537.36 (KHTML, like Gecko) Chrome/137.0.0.0 Mobile Safari/537.36"
1.47.201.38 - - [08/Jun/2025:06:57:19 -0400] "GET /manga/farming-life-in-another-world-chapter-249/ HTTP/1.1" 304 0 "https://isekainonbirinoukachapters.com/" "Mozilla/5.0 (Linux; Android 10; K) AppleWebKit/537.36 (KHTML, like Gecko) Chrome/137.0.0.0 Mobile Safari/537.36"
2a09:bac2:4c90:232::38:b2 - - [08/Jun/2025:06:57:26 -0400] "GET /manga/farming-life-in-another-world-chapter-131/ HTTP/1.1" 200 33993 "https://isekainonbirinoukachapters.com/manga/farming-life-in-another-world-chapter-130/" "Mozilla/5.0 (iPhone; CPU iPhone OS 18_5 like Mac OS X) AppleWebKit/605.1.15 (KHTML, like Gecko) Version/18.5 Mobile/15E148 Safari/604.1"
2a09:bac2:4c90:232::38:b2 - - [08/Jun/2025:06:57:37 -0400] "GET /manga/farming-life-in-another-world-chapter-132/ HTTP/1.1" 200 34342 "https://isekainonbirinoukachapters.com/manga/farming-life-in-another-world-chapter-131/" "Mozilla/5.0 (iPhone; CPU iPhone OS 18_5 like Mac OS X) AppleWebKit/605.1.15 (KHTML, like Gecko) Version/18.5 Mobile/15E148 Safari/604.1"
2a09:bac2:4c90:232::38:b2 - - [08/Jun/2025:06:57:37 -0400] "POST /wp-admin/admin-ajax.php HTTP/1.1" 200 61 "https://isekainonbirinoukachapters.com/manga/farming-life-in-another-world-chapter-132/" "Mozilla/5.0 (iPhone; CPU iPhone OS 18_5 like Mac OS X) AppleWebKit/605.1.15 (KHTML, like Gecko) Version/18.5 Mobile/15E148 Safari/604.1"
2a09:bac2:4c90:232::38:b2 - - [08/Jun/2025:06:57:43 -0400] "GET /manga/farming-life-in-another-world-chapter-133/ HTTP/1.1" 200 34173 "https://isekainonbirinoukachapters.com/manga/farming-life-in-another-world-chapter-132/" "Mozilla/5.0 (iPhone; CPU iPhone OS 18_5 like Mac OS X) AppleWebKit/605.1.15 (KHTML, like Gecko) Version/18.5 Mobile/15E148 Safari/604.1"
93.124.253.192 - - [08/Jun/2025:06:57:51 -0400] "GET /manga/farming-life-in-another-world-chapter-24/ HTTP/1.1" 200 34585 "https://isekainonbirinoukachapters.com/manga/farming-life-in-another-world-chapter-23/" "Mozilla/5.0 (Windows NT 10.0; Win64; x64) AppleWebKit/537.36 (KHTML, like Gecko) Chrome/134.0.0.0 Safari/537.36 OPR/119.0.0.0"
93.124.253.192 - - [08/Jun/2025:06:57:51 -0400] "GET /manga/farming-life-in-another-world-chapter-24/ HTTP/1.1" 304 0 "https://isekainonbirinoukachapters.com/manga/farming-life-in-another-world-chapter-23/" "Mozilla/5.0 (Windows NT 10.0; Win64; x64) AppleWebKit/537.36 (KHTML, like Gecko) Chrome/134.0.0.0 Safari/537.36 OPR/119.0.0.0"
162.0.232.193 - - [08/Jun/2025:06:57:52 -0400] "POST /wp-cron.php?doing_wp_cron=1749380272.3128850460052490234375 HTTP/1.1" 200 0 "-" "WordPress/6.8.1; https://isekainonbirinoukachapters.com"
93.124.253.192 - - [08/Jun/2025:06:57:52 -0400] "POST /wp-admin/admin-ajax.php HTTP/1.1" 200 61 "https://isekainonbirinoukachapters.com/manga/farming-life-in-another-world-chapter-24/" "Mozilla/5.0 (Windows NT 10.0; Win64; x64) AppleWebKit/537.36 (KHTML, like Gecko) Chrome/134.0.0.0 Safari/537.36 OPR/119.0.0.0"
2a09:bac3:4c91:232::38:bb - - [08/Jun/2025:06:58:36 -0400] "GET /manga/farming-life-in-another-world-chapter-134/ HTTP/1.1" 200 34127 "https://isekainonbirinoukachapters.com/manga/farming-life-in-another-world-chapter-133/" "Mozilla/5.0 (iPhone; CPU iPhone OS 18_5 like Mac OS X) AppleWebKit/605.1.15 (KHTML, like Gecko) Version/18.5 Mobile/15E148 Safari/604.1"
196.251.86.133 - - [08/Jun/2025:06:58:43 -0400] "GET / HTTP/1.1" 200 32326 "-" "Mozlila/5.0 (Linux; Android 7.0; SM-G892A Bulid/NRD90M; wv) AppleWebKit/537.36 (KHTML, like Gecko) Version/4.0 Chrome/60.0.3112.107 Moblie Safari/537.36"
196.251.86.133 - - [08/Jun/2025:06:58:43 -0400] "GET /wp-content/plugins/fix/up.php HTTP/1.1" 301 0 "-" "Mozilla/5.0 (Windows NT 10.0; Win64; x64) AppleWebKit/537.36 (KHTML, like Gecko) Chrome/85.0.4183.102 Safari/537.36"
196.251.86.133 - - [08/Jun/2025:06:58:43 -0400] "GET /wp-content/themes/seotheme/db.php?u HTTP/1.1" 301 0 "www.google.com" "Mozlila/5.0 (Linux; Android 7.0; SM-G892A Bulid/NRD90M; wv) AppleWebKit/537.36 (KHTML, like Gecko) Version/4.0 Chrome/60.0.3112.107 Moblie Safari/537.36"
162.0.232.193 - - [08/Jun/2025:06:58:43 -0400] "POST /wp-cron.php?doing_wp_cron=1749380323.4076049327850341796875 HTTP/1.1" 200 0 "-" "WordPress/6.8.1; https://isekainonbirinoukachapters.com"
196.251.86.133 - - [08/Jun/2025:06:58:43 -0400] "POST /ALFA_DATA/alfacgiapi/perl.alfa HTTP/1.1" 301 0 "www.google.com" "Mozlila/5.0 (Linux; Android 7.0; SM-G892A Bulid/NRD90M; wv) AppleWebKit/537.36 (KHTML, like Gecko) Version/4.0 Chrome/60.0.3112.107 Moblie Safari/537.36"
162.0.232.193 - - [08/Jun/2025:06:58:43 -0400] "POST /wp-cron.php?doing_wp_cron=1749380323.4003589153289794921875 HTTP/1.1" 200 0 "-" "WordPress/6.8.1; https://isekainonbirinoukachapters.com"
196.251.86.133 - - [08/Jun/2025:06:58:43 -0400] "POST /wp-plain.php HTTP/1.1" 301 0 "www.google.com" "Mozilla/5.0 (Linux; Android 7.0; SM-G892A Bulid/NRD90M; wv) AppleWebKit/537.36 (KHTML, like Gecko) Version/4.0 Chrome/60.0.3112.107 Moblie Safari/537.36"
196.251.86.133 - - [08/Jun/2025:06:58:43 -0400] "GET / HTTP/1.1" 200 32326 "www.google.com" "Mozlila/5.0 (Linux; Android 7.0; SM-G892A Bulid/NRD90M; wv) AppleWebKit/537.36 (KHTML, like Gecko) Version/4.0 Chrome/60.0.3112.107 Moblie Safari/537.36"
196.251.86.133 - - [08/Jun/2025:06:58:43 -0400] "GET / HTTP/1.1" 200 32286 "-" "Mozilla/5.0 (Windows NT 10.0; Win64; x64) AppleWebKit/537.36 (KHTML, like Gecko) Chrome/85.0.4183.102 Safari/537.36"
196.251.86.133 - - [08/Jun/2025:06:58:43 -0400] "GET /wp-content/plugins/apikey/apikey.php?test=hello HTTP/1.1" 301 0 "-" "Mozlila/5.0 (Linux; Android 7.0; SM-G892A Bulid/NRD90M; wv) AppleWebKit/537.36 (KHTML, like Gecko) Version/4.0 Chrome/60.0.3112.107 Moblie Safari/537.36"
196.251.86.133 - - [08/Jun/2025:06:58:43 -0400] "GET / HTTP/1.1" 200 32326 "-" "Mozlila/5.0 (Linux; Android 7.0; SM-G892A Bulid/NRD90M; wv) AppleWebKit/537.36 (KHTML, like Gecko) Version/4.0 Chrome/60.0.3112.107 Moblie Safari/537.36"
196.251.86.133 - - [08/Jun/2025:06:58:43 -0400] "POST / HTTP/1.1" 301 0 "www.google.com" "Mozilla/5.0 (Linux; Android 7.0; SM-G892A Bulid/NRD90M; wv) AppleWebKit/537.36 (KHTML, like Gecko) Version/4.0 Chrome/60.0.3112.107 Moblie Safari/537.36"
196.251.86.133 - - [08/Jun/2025:06:58:43 -0400] "POST / HTTP/1.1" 200 11262 "www.google.com" "Mozlila/5.0 (Linux; Android 7.0; SM-G892A Bulid/NRD90M; wv) AppleWebKit/537.36 (KHTML, like Gecko) Version/4.0 Chrome/60.0.3112.107 Moblie Safari/537.36"
196.251.86.133 - - [08/Jun/2025:06:58:44 -0400] "GET /wp-content/themes/seotheme/db.php?u HTTP/1.1" 301 0 "www.google.com" "Mozlila/5.0 (Linux; Android 7.0; SM-G892A Bulid/NRD90M; wv) AppleWebKit/537.36 (KHTML, like Gecko) Version/4.0 Chrome/60.0.3112.107 Moblie Safari/537.36"
196.251.86.133 - - [08/Jun/2025:06:58:44 -0400] "GET /plugins/content/apismtp/apismtp.php?test=hello HTTP/1.1" 301 0 "-" "Mozlila/5.0 (Linux; Android 7.0; SM-G892A Bulid/NRD90M; wv) AppleWebKit/537.36 (KHTML, like Gecko) Version/4.0 Chrome/60.0.3112.107 Moblie Safari/537.36"
196.251.86.133 - - [08/Jun/2025:06:58:44 -0400] "GET / HTTP/1.1" 200 32326 "www.google.com" "Mozlila/5.0 (Linux; Android 7.0; SM-G892A Bulid/NRD90M; wv) AppleWebKit/537.36 (KHTML, like Gecko) Version/4.0 Chrome/60.0.3112.107 Moblie Safari/537.36"
196.251.86.133 - - [08/Jun/2025:06:58:44 -0400] "GET / HTTP/1.1" 200 32523 "-" "Mozlila/5.0 (Linux; Android 7.0; SM-G892A Bulid/NRD90M; wv) AppleWebKit/537.36 (KHTML, like Gecko) Version/4.0 Chrome/60.0.3112.107 Moblie Safari/537.36"
196.251.86.133 - - [08/Jun/2025:06:58:44 -0400] "POST /alfacgiapi/perl.alfa HTTP/1.1" 301 0 "www.google.com" "Mozlila/5.0 (Linux; Android 7.0; SM-G892A Bulid/NRD90M; wv) AppleWebKit/537.36 (KHTML, like Gecko) Version/4.0 Chrome/60.0.3112.107 Moblie Safari/537.36"
162.0.232.193 - - [08/Jun/2025:06:58:45 -0400] "GET /wp-content/uploads/89b93a66fa29a678cbd60ff176e1ea9a_1973.xml HTTP/1.1" 200 1499 "-" "Mozilla/5.0 (X11; Linux x86_64) AppleWebKit/537.36 (KHTML, like Gecko) Ubuntu Chromium/41.0.2272.76"
196.251.86.133 - - [08/Jun/2025:06:58:45 -0400] "GET /wp-content/plugins/apikey/apikey.php.suspected?test=hello HTTP/1.1" 301 0 "-" "Mozlila/5.0 (Linux; Android 7.0; SM-G892A Bulid/NRD90M; wv) AppleWebKit/537.36 (KHTML, like Gecko) Version/4.0 Chrome/60.0.3112.107 Moblie Safari/537.36"
196.251.86.133 - - [08/Jun/2025:06:58:45 -0400] "GET / HTTP/1.1" 200 32326 "-" "Mozlila/5.0 (Linux; Android 7.0; SM-G892A Bulid/NRD90M; wv) AppleWebKit/537.36 (KHTML, like Gecko) Version/4.0 Chrome/60.0.3112.107 Moblie Safari/537.36"
196.251.86.133 - - [08/Jun/2025:06:58:45 -0400] "POST / HTTP/1.1" 200 11262 "www.google.com" "Mozlila/5.0 (Linux; Android 7.0; SM-G892A Bulid/NRD90M; wv) AppleWebKit/537.36 (KHTML, like Gecko) Version/4.0 Chrome/60.0.3112.107 Moblie Safari/537.36"
196.251.86.133 - - [08/Jun/2025:06:58:46 -0400] "GET /plugins/content/apismtp/apismtp.php.suspected?test=hello HTTP/1.1" 301 0 "-" "Mozlila/5.0 (Linux; Android 7.0; SM-G892A Bulid/NRD90M; wv) AppleWebKit/537.36 (KHTML, like Gecko) Version/4.0 Chrome/60.0.3112.107 Moblie Safari/537.36"
196.251.86.133 - - [08/Jun/2025:06:58:47 -0400] "GET / HTTP/1.1" 200 32326 "-" "Mozlila/5.0 (Linux; Android 7.0; SM-G892A Bulid/NRD90M; wv) AppleWebKit/537.36 (KHTML, like Gecko) Version/4.0 Chrome/60.0.3112.107 Moblie Safari/537.36"
2a09:bac3:4c91:232::38:bb - - [08/Jun/2025:06:58:48 -0400] "GET /manga/farming-life-in-another-world-chapter-135/ HTTP/1.1" 200 34210 "https://isekainonbirinoukachapters.com/manga/farming-life-in-another-world-chapter-134/" "Mozilla/5.0 (iPhone; CPU iPhone OS 18_5 like Mac OS X) AppleWebKit/605.1.15 (KHTML, like Gecko) Version/18.5 Mobile/15E148 Safari/604.1"
89.117.254.29 - - [08/Jun/2025:06:59:07 -0400] "GET /manga/farming-life-in-another-world-chapter-60/ HTTP/1.1" 200 34418 "https://isekainonbirinoukachapters.com/manga/farming-life-in-another-world-chapter-59/" "Mozilla/5.0 (iPhone; CPU iPhone OS 18_5 like Mac OS X) AppleWebKit/605.1.15 (KHTML, like Gecko) Version/18.5 Mobile/15E148 Safari/604.1"
89.117.254.29 - - [08/Jun/2025:06:59:07 -0400] "POST /wp-admin/admin-ajax.php HTTP/1.1" 200 61 "https://isekainonbirinoukachapters.com/manga/farming-life-in-another-world-chapter-60/" "Mozilla/5.0 (iPhone; CPU iPhone OS 18_5 like Mac OS X) AppleWebKit/605.1.15 (KHTML, like Gecko) Version/18.5 Mobile/15E148 Safari/604.1"
2a09:bac3:4c91:232::38:bb - - [08/Jun/2025:06:59:50 -0400] "GET /manga/farming-life-in-another-world-chapter-136/ HTTP/1.1" 200 34172 "https://isekainonbirinoukachapters.com/manga/farming-life-in-another-world-chapter-135/" "Mozilla/5.0 (iPhone; CPU iPhone OS 18_5 like Mac OS X) AppleWebKit/605.1.15 (KHTML, like Gecko) Version/18.5 Mobile/15E148 Safari/604.1"
1.47.201.38 - - [08/Jun/2025:07:00:43 -0400] "GET /manga/farming-life-in-another-world-chapter-252/ HTTP/1.1" 200 34645 "https://isekainonbirinoukachapters.com/" "Mozilla/5.0 (Linux; Android 10; K) AppleWebKit/537.36 (KHTML, like Gecko) Chrome/137.0.0.0 Mobile Safari/537.36"
1.47.201.38 - - [08/Jun/2025:07:00:44 -0400] "GET /manga/farming-life-in-another-world-chapter-252/ HTTP/1.1" 304 0 "https://isekainonbirinoukachapters.com/" "Mozilla/5.0 (Linux; Android 10; K) AppleWebKit/537.36 (KHTML, like Gecko) Chrome/137.0.0.0 Mobile Safari/537.36"
162.0.232.193 - - [08/Jun/2025:07:00:45 -0400] "POST /wp-cron.php?doing_wp_cron=1749380444.8921151161193847656250 HTTP/1.1" 200 0 "-" "WordPress/6.8.1; https://isekainonbirinoukachapters.com"
1.47.201.38 - - [08/Jun/2025:07:00:44 -0400] "POST /wp-admin/admin-ajax.php HTTP/1.1" 200 61 "https://isekainonbirinoukachapters.com/manga/farming-life-in-another-world-chapter-252/" "Mozilla/5.0 (Linux; Android 10; K) AppleWebKit/537.36 (KHTML, like Gecko) Chrome/137.0.0.0 Mobile Safari/537.36"
162.0.232.193 - - [08/Jun/2025:07:00:47 -0400] "GET /wp-content/uploads/89b93a66fa29a678cbd60ff176e1ea9a_1973.xml HTTP/1.1" 200 1362 "-" "Mozilla/5.0 (X11; Linux x86_64) AppleWebKit/537.36 (KHTML, like Gecko) Ubuntu Chromium/41.0.2272.76"
2a09:bac3:4c91:232::38:bb - - [08/Jun/2025:07:01:51 -0400] "GET /manga/farming-life-in-another-world-chapter-137/ HTTP/1.1" 200 34285 "https://isekainonbirinoukachapters.com/manga/farming-life-in-another-world-chapter-136/" "Mozilla/5.0 (iPhone; CPU iPhone OS 18_5 like Mac OS X) AppleWebKit/605.1.15 (KHTML, like Gecko) Version/18.5 Mobile/15E148 Safari/604.1"
1.47.201.38 - - [08/Jun/2025:07:02:00 -0400] "GET /manga/farming-life-in-another-world-chapter-253/ HTTP/1.1" 304 0 "https://isekainonbirinoukachapters.com/" "Mozilla/5.0 (Linux; Android 10; K) AppleWebKit/537.36 (KHTML, like Gecko) Chrome/137.0.0.0 Mobile Safari/537.36"
162.0.232.193 - - [08/Jun/2025:07:02:01 -0400] "POST /wp-cron.php?doing_wp_cron=1749380521.2044239044189453125000 HTTP/1.1" 200 0 "-" "WordPress/6.8.1; https://isekainonbirinoukachapters.com"
1.47.201.38 - - [08/Jun/2025:07:02:00 -0400] "POST /wp-admin/admin-ajax.php HTTP/1.1" 200 61 "https://isekainonbirinoukachapters.com/manga/farming-life-in-another-world-chapter-253/" "Mozilla/5.0 (Linux; Android 10; K) AppleWebKit/537.36 (KHTML, like Gecko) Chrome/137.0.0.0 Mobile Safari/537.36"
162.0.232.193 - - [08/Jun/2025:07:03:02 -0400] "POST /wp-cron.php?doing_wp_cron=1749380582.3517680168151855468750 HTTP/1.1" 200 0 "-" "WordPress/6.8.1; https://isekainonbirinoukachapters.com"
2a03:6f00:1::5c35:6025 - - [08/Jun/2025:07:03:02 -0400] "POST /xmlrpc.php HTTP/1.1" 200 186 "https://isekainonbirinoukachapters.com" "Mozilla/5.0 (Windows NT 11.0; Win64; x64) AppleWebKit/537.36 (KHTML, like Gecko) Chrome/126.0.0.0 Safari/537.36 Edg/126.0.0.0"
2a03:6f00:1::5c35:6025 - - [08/Jun/2025:07:03:03 -0400] "POST /wp-login.php HTTP/1.1" 200 2036 "https://isekainonbirinoukachapters.com" "Mozilla/5.0 (Macintosh; Intel Mac OS X 10_15_7; rv:126.0) Gecko/20100101 Firefox/126.0"
162.0.232.193 - - [08/Jun/2025:07:03:04 -0400] "GET /wp-content/uploads/89b93a66fa29a678cbd60ff176e1ea9a_1973.xml HTTP/1.1" 200 1362 "-" "Mozilla/5.0 (X11; Linux x86_64) AppleWebKit/537.36 (KHTML, like Gecko) Ubuntu Chromium/41.0.2272.76"
1.47.201.38 - - [08/Jun/2025:07:03:55 -0400] "GET /manga/farming-life-in-another-world-chapter-254/ HTTP/1.1" 200 34030 "https://isekainonbirinoukachapters.com/" "Mozilla/5.0 (Linux; Android 10; K) AppleWebKit/537.36 (KHTML, like Gecko) Chrome/137.0.0.0 Mobile Safari/537.36"
1.47.201.38 - - [08/Jun/2025:07:03:56 -0400] "GET /manga/farming-life-in-another-world-chapter-254/ HTTP/1.1" 304 0 "https://isekainonbirinoukachapters.com/" "Mozilla/5.0 (Linux; Android 10; K) AppleWebKit/537.36 (KHTML, like Gecko) Chrome/137.0.0.0 Mobile Safari/537.36"
2a09:bac3:4c91:232::38:bb - - [08/Jun/2025:07:04:01 -0400] "GET /manga/farming-life-in-another-world-chapter-138/ HTTP/1.1" 200 34528 "https://isekainonbirinoukachapters.com/manga/farming-life-in-another-world-chapter-137/" "Mozilla/5.0 (iPhone; CPU iPhone OS 18_5 like Mac OS X) AppleWebKit/605.1.15 (KHTML, like Gecko) Version/18.5 Mobile/15E148 Safari/604.1"
2a09:bac3:4c91:232::38:bb - - [08/Jun/2025:07:04:01 -0400] "POST /wp-admin/admin-ajax.php HTTP/1.1" 200 61 "https://isekainonbirinoukachapters.com/manga/farming-life-in-another-world-chapter-138/" "Mozilla/5.0 (iPhone; CPU iPhone OS 18_5 like Mac OS X) AppleWebKit/605.1.15 (KHTML, like Gecko) Version/18.5 Mobile/15E148 Safari/604.1"
43.166.255.102 - - [08/Jun/2025:07:04:31 -0400] "GET /manga/farming-life-in-another-world-chapter-29/ HTTP/1.1" 200 34277 "-" "Mozilla/5.0 (iPhone; CPU iPhone OS 13_2_3 like Mac OS X) AppleWebKit/605.1.15 (KHTML, like Gecko) Version/13.0.3 Mobile/15E148 Safari/604.1"
2a09:bac3:4c91:232::38:bb - - [08/Jun/2025:07:04:56 -0400] "GET /manga/farming-life-in-another-world-chapter-139/ HTTP/1.1" 200 34181 "https://isekainonbirinoukachapters.com/manga/farming-life-in-another-world-chapter-138/" "Mozilla/5.0 (iPhone; CPU iPhone OS 18_5 like Mac OS X) AppleWebKit/605.1.15 (KHTML, like Gecko) Version/18.5 Mobile/15E148 Safari/604.1"
1.47.201.38 - - [08/Jun/2025:07:05:40 -0400] "GET /manga/farming-life-in-another-world-chapter-255/ HTTP/1.1" 304 0 "https://isekainonbirinoukachapters.com/" "Mozilla/5.0 (Linux; Android 10; K) AppleWebKit/537.36 (KHTML, like Gecko) Chrome/137.0.0.0 Mobile Safari/537.36"
1.47.201.38 - - [08/Jun/2025:07:05:40 -0400] "GET /manga/farming-life-in-another-world-chapter-255/ HTTP/1.1" 304 0 "https://isekainonbirinoukachapters.com/" "Mozilla/5.0 (Linux; Android 10; K) AppleWebKit/537.36 (KHTML, like Gecko) Chrome/137.0.0.0 Mobile Safari/537.36"
2a09:bac3:4c91:232::38:bb - - [08/Jun/2025:07:05:51 -0400] "GET /manga/farming-life-in-another-world-chapter-140/ HTTP/1.1" 200 34578 "https://isekainonbirinoukachapters.com/manga/farming-life-in-another-world-chapter-139/" "Mozilla/5.0 (iPhone; CPU iPhone OS 18_5 like Mac OS X) AppleWebKit/605.1.15 (KHTML, like Gecko) Version/18.5 Mobile/15E148 Safari/604.1"
162.0.232.193 - - [08/Jun/2025:07:05:53 -0400] "POST /wp-cron.php?doing_wp_cron=1749380752.8328421115875244140625 HTTP/1.1" 200 0 "-" "WordPress/6.8.1; https://isekainonbirinoukachapters.com"
2a09:bac3:4c91:232::38:bb - - [08/Jun/2025:07:05:52 -0400] "POST /wp-admin/admin-ajax.php HTTP/1.1" 200 61 "https://isekainonbirinoukachapters.com/manga/farming-life-in-another-world-chapter-140/" "Mozilla/5.0 (iPhone; CPU iPhone OS 18_5 like Mac OS X) AppleWebKit/605.1.15 (KHTML, like Gecko) Version/18.5 Mobile/15E148 Safari/604.1"
162.0.232.193 - - [08/Jun/2025:07:05:56 -0400] "GET /wp-content/uploads/89b93a66fa29a678cbd60ff176e1ea9a_1973.xml HTTP/1.1" 200 1499 "-" "Mozilla/5.0 (X11; Linux x86_64) AppleWebKit/537.36 (KHTML, like Gecko) Ubuntu Chromium/41.0.2272.76"
194.88.100.39 - - [08/Jun/2025:07:06:05 -0400] "GET / HTTP/1.1" 304 0 "https://www.google.com/" "Mozilla/5.0 (Linux; Android 10; K) AppleWebKit/537.36 (KHTML, like Gecko) Chrome/137.0.0.0 Mobile Safari/537.36"
194.88.100.39 - - [08/Jun/2025:07:06:07 -0400] "GET / HTTP/1.1" 200 32326 "https://isekainonbirinoukachapters.com/" "Mozilla/5.0 (Linux; Android 10; K) AppleWebKit/537.36 (KHTML, like Gecko) Chrome/137.0.0.0 Mobile Safari/537.36"
194.88.100.39 - - [08/Jun/2025:07:06:09 -0400] "GET /manga/farming-life-in-another-world-chapter-14/ HTTP/1.1" 200 34106 "https://isekainonbirinoukachapters.com/" "Mozilla/5.0 (Linux; Android 10; K) AppleWebKit/537.36 (KHTML, like Gecko) Chrome/137.0.0.0 Mobile Safari/537.36"
173.249.144.86 - - [08/Jun/2025:07:06:11 -0400] "POST /xmlrpc.php HTTP/1.1" 200 205 "-" "Mozilla/5.0 (X11; Ubuntu; Linux x86_64; rv:85.0) Gecko/20100101 Firefox/91.0"
216.244.66.203 - - [08/Jun/2025:07:06:23 -0400] "GET /robots.txt HTTP/1.1" 200 122 "-" "Mozilla/5.0 (compatible; DotBot/1.2; +https://opensiteexplorer.org/dotbot; [email protected])"
34.225.87.80 - - [08/Jun/2025:07:06:38 -0400] "GET /author/admin/page/23/ HTTP/1.1" 200 31432 "-" "Mozilla/5.0 AppleWebKit/537.36 (KHTML, like Gecko; compatible; Amazonbot/0.1; +https://developer.amazon.com/support/amazonbot) Chrome/119.0.6045.214 Safari/537.36"
2a09:bac3:4c91:232::38:bb - - [08/Jun/2025:07:07:29 -0400] "GET /manga/farming-life-in-another-world-chapter-141/ HTTP/1.1" 200 34564 "https://isekainonbirinoukachapters.com/manga/farming-life-in-another-world-chapter-140/" "Mozilla/5.0 (iPhone; CPU iPhone OS 18_5 like Mac OS X) AppleWebKit/605.1.15 (KHTML, like Gecko) Version/18.5 Mobile/15E148 Safari/604.1"
47.82.61.99 - - [08/Jun/2025:07:07:30 -0400] "GET /manga/farming-life-in-another-world-chapter-187/ HTTP/1.1" 200 34612 "https://isekainonbirinoukachapters.com/manga/farming-life-in-another-world-chapter-187/" "Mozilla/5.0 (Windows NT 10.0; Win64; x64) AppleWebKit/537.36 (KHTML, like Gecko) Chrome/114.0.0.0 Safari/537.36 Edg/114.0.1823.43"
162.0.232.193 - - [08/Jun/2025:07:07:30 -0400] "POST /wp-cron.php?doing_wp_cron=1749380850.6129829883575439453125 HTTP/1.1" 200 0 "-" "WordPress/6.8.1; https://isekainonbirinoukachapters.com"
2a09:bac3:4c91:232::38:bb - - [08/Jun/2025:07:07:30 -0400] "POST /wp-admin/admin-ajax.php HTTP/1.1" 200 61 "https://isekainonbirinoukachapters.com/manga/farming-life-in-another-world-chapter-141/" "Mozilla/5.0 (iPhone; CPU iPhone OS 18_5 like Mac OS X) AppleWebKit/605.1.15 (KHTML, like Gecko) Version/18.5 Mobile/15E148 Safari/604.1"
162.0.232.193 - - [08/Jun/2025:07:07:34 -0400] "GET /wp-content/uploads/89b93a66fa29a678cbd60ff176e1ea9a_1973.xml HTTP/1.1" 200 1499 "-" "Mozilla/5.0 (X11; Linux x86_64) AppleWebKit/537.36 (KHTML, like Gecko) Ubuntu Chromium/41.0.2272.76"
1.47.201.38 - - [08/Jun/2025:07:08:03 -0400] "GET /manga/farming-life-in-another-world-chapter-256/ HTTP/1.1" 304 0 "https://isekainonbirinoukachapters.com/" "Mozilla/5.0 (Linux; Android 10; K) AppleWebKit/537.36 (KHTML, like Gecko) Chrome/137.0.0.0 Mobile Safari/537.36"
1.47.201.38 - - [08/Jun/2025:07:08:03 -0400] "GET /manga/farming-life-in-another-world-chapter-256/ HTTP/1.1" 304 0 "https://isekainonbirinoukachapters.com/" "Mozilla/5.0 (Linux; Android 10; K) AppleWebKit/537.36 (KHTML, like Gecko) Chrome/137.0.0.0 Mobile Safari/537.36"
1.47.201.38 - - [08/Jun/2025:07:08:03 -0400] "POST /wp-admin/admin-ajax.php HTTP/1.1" 200 61 "https://isekainonbirinoukachapters.com/manga/farming-life-in-another-world-chapter-256/" "Mozilla/5.0 (Linux; Android 10; K) AppleWebKit/537.36 (KHTML, like Gecko) Chrome/137.0.0.0 Mobile Safari/537.36"
47.82.60.6 - - [08/Jun/2025:07:09:32 -0400] "GET /manga/farming-life-in-another-world-chapter-16/ HTTP/1.1" 200 34217 "https://isekainonbirinoukachapters.com/manga/farming-life-in-another-world-chapter-16/" "Mozilla/5.0 (Windows NT 10.0; Win64; x64) AppleWebKit/537.36 (KHTML, like Gecko) Chrome/114.0.0.0 Safari/537.36 Edg/114.0.1823.43"
2001:4860:7:811::e0 - - [08/Jun/2025:07:09:51 -0400] "GET / HTTP/1.1" 200 32326 "https://www.google.com/" "Mozilla/5.0 (Linux; Android 10; K) AppleWebKit/537.36 (KHTML, like Gecko) Chrome/137.0.0.0 Mobile Safari/537.36"
1.47.201.38 - - [08/Jun/2025:07:09:53 -0400] "GET /manga/farming-life-in-another-world-chapter-6/ HTTP/1.1" 200 34248 "https://isekainonbirinoukachapters.com/" "Mozilla/5.0 (Linux; Android 10; K) AppleWebKit/537.36 (KHTML, like Gecko) Chrome/137.0.0.0 Mobile Safari/537.36"
1.47.201.38 - - [08/Jun/2025:07:09:54 -0400] "GET /manga/farming-life-in-another-world-chapter-119/ HTTP/1.1" 200 34490 "https://isekainonbirinoukachapters.com/" "Mozilla/5.0 (Linux; Android 10; K) AppleWebKit/537.36 (KHTML, like Gecko) Chrome/137.0.0.0 Mobile Safari/537.36"
1.47.201.38 - - [08/Jun/2025:07:09:54 -0400] "GET /manga/farming-life-in-another-world-chapter-39/ HTTP/1.1" 200 34145 "https://isekainonbirinoukachapters.com/" "Mozilla/5.0 (Linux; Android 10; K) AppleWebKit/537.36 (KHTML, like Gecko) Chrome/137.0.0.0 Mobile Safari/537.36"
1.47.201.38 - - [08/Jun/2025:07:09:54 -0400] "GET /manga/farming-life-in-another-world-chapter-6/ HTTP/1.1" 304 0 "https://isekainonbirinoukachapters.com/" "Mozilla/5.0 (Linux; Android 10; K) AppleWebKit/537.36 (KHTML, like Gecko) Chrome/137.0.0.0 Mobile Safari/537.36"
1.47.201.38 - - [08/Jun/2025:07:09:54 -0400] "GET /manga/farming-life-in-another-world-chapter-39/ HTTP/1.1" 304 0 "https://isekainonbirinoukachapters.com/" "Mozilla/5.0 (Linux; Android 10; K) AppleWebKit/537.36 (KHTML, like Gecko) Chrome/137.0.0.0 Mobile Safari/537.36"
1.47.201.38 - - [08/Jun/2025:07:09:54 -0400] "GET /manga/farming-life-in-another-world-chapter-119/ HTTP/1.1" 304 0 "https://isekainonbirinoukachapters.com/" "Mozilla/5.0 (Linux; Android 10; K) AppleWebKit/537.36 (KHTML, like Gecko) Chrome/137.0.0.0 Mobile Safari/537.36"
2600:1700:3c38:b810:a4fe:6b1f:34c2:8359 - - [08/Jun/2025:07:10:02 -0400] "GET /manga/farming-life-in-another-world-chapter-1/ HTTP/1.1" 200 34465 "https://isekainonbirinoukachapters.com/" "Mozilla/5.0 (Linux; Android 10; K) AppleWebKit/537.36 (KHTML, like Gecko) Chrome/136.0.0.0 Mobile Safari/537.36"
185.81.124.114 - - [08/Jun/2025:07:11:05 -0400] "GET /manga/farming-life-in-another-world-chapter-49/ HTTP/1.1" 200 34112 "https://isekainonbirinoukachapters.com/manga/farming-life-in-another-world-chapter-48/" "Mozilla/5.0 (Windows NT 10.0; Win64; x64) AppleWebKit/537.36 (KHTML, like Gecko) Chrome/137.0.0.0 Safari/537.36 Edg/137.0.0.0"
185.81.124.114 - - [08/Jun/2025:07:11:05 -0400] "GET /manga/farming-life-in-another-world-chapter-47/ HTTP/1.1" 304 0 "https://isekainonbirinoukachapters.com/manga/farming-life-in-another-world-chapter-48/" "Mozilla/5.0 (Windows NT 10.0; Win64; x64) AppleWebKit/537.36 (KHTML, like Gecko) Chrome/137.0.0.0 Safari/537.36 Edg/137.0.0.0"
185.81.124.114 - - [08/Jun/2025:07:11:06 -0400] "GET /manga/farming-life-in-another-world-chapter-49/ HTTP/1.1" 304 0 "https://isekainonbirinoukachapters.com/manga/farming-life-in-another-world-chapter-48/" "Mozilla/5.0 (Windows NT 10.0; Win64; x64) AppleWebKit/537.36 (KHTML, like Gecko) Chrome/137.0.0.0 Safari/537.36 Edg/137.0.0.0"
2409:408c:8218:5074::264a:88a5 - - [08/Jun/2025:07:11:52 -0400] "GET / HTTP/1.1" 200 32326 "https://www.google.com/" "Mozilla/5.0 (Linux; Android 8.1.0; vivo 1803) AppleWebKit/537.36 (KHTML, like Gecko) Chrome/70.0.3538.110 Mobile Safari/537.36"
162.0.232.193 - - [08/Jun/2025:07:11:53 -0400] "POST /wp-cron.php?doing_wp_cron=1749381113.1435389518737792968750 HTTP/1.1" 200 0 "-" "WordPress/6.8.1; https://isekainonbirinoukachapters.com"
47.82.61.25 - - [08/Jun/2025:07:11:51 -0400] "GET /category/read-farming-life-in-another-world/page/14/ HTTP/1.1" 200 33180 "https://isekainonbirinoukachapters.com/category/read-farming-life-in-another-world/page/14/" "Mozilla/5.0 (Windows NT 10.0; Win64; x64) AppleWebKit/537.36 (KHTML, like Gecko) Chrome/114.0.0.0 Safari/537.36 Edg/114.0.1823.43"
162.0.232.193 - - [08/Jun/2025:07:11:55 -0400] "GET /wp-content/uploads/89b93a66fa29a678cbd60ff176e1ea9a_1973.xml HTTP/1.1" 200 1362 "-" "Mozilla/5.0 (X11; Linux x86_64) AppleWebKit/537.36 (KHTML, like Gecko) Ubuntu Chromium/41.0.2272.76"
47.82.60.102 - - [08/Jun/2025:07:12:54 -0400] "GET /manga/farming-life-in-another-world-chapter-217/ HTTP/1.1" 200 34521 "https://isekainonbirinoukachapters.com/manga/farming-life-in-another-world-chapter-217/" "Mozilla/5.0 (Windows NT 10.0; Win64; x64) AppleWebKit/537.36 (KHTML, like Gecko) Chrome/114.0.0.0 Safari/537.36 Edg/114.0.1823.43"
185.81.124.114 - - [08/Jun/2025:07:14:15 -0400] "GET / HTTP/1.1" 304 0 "https://isekainonbirinoukachapters.com/manga/farming-life-in-another-world-chapter-49/" "Mozilla/5.0 (Windows NT 10.0; Win64; x64) AppleWebKit/537.36 (KHTML, like Gecko) Chrome/137.0.0.0 Safari/537.36 Edg/137.0.0.0"
43.165.65.180 - - [08/Jun/2025:07:14:30 -0400] "GET /manga/farming-life-in-another-world-chapter-34/ HTTP/1.1" 200 34527 "-" "Mozilla/5.0 (iPhone; CPU iPhone OS 13_2_3 like Mac OS X) AppleWebKit/605.1.15 (KHTML, like Gecko) Version/13.0.3 Mobile/15E148 Safari/604.1"
47.82.60.103 - - [08/Jun/2025:07:15:29 -0400] "GET /manga/farming-life-in-another-world-chapter-193/ HTTP/1.1" 200 34473 "https://isekainonbirinoukachapters.com/manga/farming-life-in-another-world-chapter-193/" "Mozilla/5.0 (Windows NT 10.0; Win64; x64) AppleWebKit/537.36 (KHTML, like Gecko) Chrome/114.0.0.0 Safari/537.36 Edg/114.0.1823.43"
162.0.232.193 - - [08/Jun/2025:07:16:40 -0400] "POST /wp-cron.php?doing_wp_cron=1749381400.5273909568786621093750 HTTP/1.1" 200 0 "-" "WordPress/6.8.1; https://isekainonbirinoukachapters.com"
52.167.144.163 - - [08/Jun/2025:07:16:40 -0400] "GET /fort HTTP/1.1" 301 0 "-" "Mozilla/5.0 AppleWebKit/537.36 (KHTML, like Gecko; compatible; bingbot/2.0; +http://www.bing.com/bingbot.htm) Chrome/116.0.1938.76 Safari/537.36"
162.0.232.193 - - [08/Jun/2025:07:16:42 -0400] "GET /wp-content/uploads/89b93a66fa29a678cbd60ff176e1ea9a_1973.xml HTTP/1.1" 200 1499 "-" "Mozilla/5.0 (X11; Linux x86_64) AppleWebKit/537.36 (KHTML, like Gecko) Ubuntu Chromium/41.0.2272.76"
47.82.60.134 - - [08/Jun/2025:07:18:57 -0400] "GET /manga/farming-life-in-another-world-chapter-235/ HTTP/1.1" 200 33947 "https://isekainonbirinoukachapters.com/manga/farming-life-in-another-world-chapter-235/" "Mozilla/5.0 (Windows NT 10.0; Win64; x64) AppleWebKit/537.36 (KHTML, like Gecko) Chrome/114.0.0.0 Safari/537.36 Edg/114.0.1823.43"
185.81.124.114 - - [08/Jun/2025:07:20:00 -0400] "GET /manga/farming-life-in-another-world-chapter-50/ HTTP/1.1" 200 34007 "https://isekainonbirinoukachapters.com/manga/farming-life-in-another-world-chapter-49/" "Mozilla/5.0 (Windows NT 10.0; Win64; x64) AppleWebKit/537.36 (KHTML, like Gecko) Chrome/137.0.0.0 Safari/537.36 Edg/137.0.0.0"
185.81.124.114 - - [08/Jun/2025:07:20:01 -0400] "GET /manga/farming-life-in-another-world-chapter-50/ HTTP/1.1" 304 0 "https://isekainonbirinoukachapters.com/manga/farming-life-in-another-world-chapter-49/" "Mozilla/5.0 (Windows NT 10.0; Win64; x64) AppleWebKit/537.36 (KHTML, like Gecko) Chrome/137.0.0.0 Safari/537.36 Edg/137.0.0.0"
114.119.158.133 - - [08/Jun/2025:07:20:14 -0400] "GET /manga/farming-life-in-another-world-chapter-90/ HTTP/1.1" 200 34575 "https://isekainonbirinoukachapters.com/manga/isekai-nonbiri-nouka-chapter-141-various-things-2/" "Mozilla/5.0 (Linux; Android 7.0;) AppleWebKit/537.36 (KHTML, like Gecko) Mobile Safari/537.36 (compatible; PetalBot;+https://webmaster.petalsearch.com/site/petalbot)"
47.79.5.207 - - [08/Jun/2025:07:21:17 -0400] "GET /manga/chapter-110/ HTTP/1.1" 200 34073 "https://isekainonbirinoukachapters.com/manga/chapter-110/" "Mozilla/5.0 (Windows NT 10.0; Win64; x64) AppleWebKit/537.36 (KHTML, like Gecko) Chrome/114.0.0.0 Safari/537.36 Edg/114.0.1823.43"
2804:14d:1081:8891:bc95:a87b:d0f0:d46b - - [08/Jun/2025:07:21:24 -0400] "GET / HTTP/1.1" 200 32286 "https://www.google.com/" "Mozilla/5.0 (Windows NT 10.0; Win64; x64) AppleWebKit/537.36 (KHTML, like Gecko) Chrome/134.0.0.0 Safari/537.36 OPR/119.0.0.0"
2804:14d:1081:8891:bc95:a87b:d0f0:d46b - - [08/Jun/2025:07:21:25 -0400] "GET /wp-includes/js/jquery/jquery-migrate.min.js?ver=3.4.1 HTTP/1.1" 200 4678 "https://isekainonbirinoukachapters.com/" "Mozilla/5.0 (Windows NT 10.0; Win64; x64) AppleWebKit/537.36 (KHTML, like Gecko) Chrome/134.0.0.0 Safari/537.36 OPR/119.0.0.0"
2804:14d:1081:8891:bc95:a87b:d0f0:d46b - - [08/Jun/2025:07:21:25 -0400] "GET /wp-includes/js/jquery/jquery.min.js?ver=3.7.1 HTTP/1.1" 200 29744 "https://isekainonbirinoukachapters.com/" "Mozilla/5.0 (Windows NT 10.0; Win64; x64) AppleWebKit/537.36 (KHTML, like Gecko) Chrome/134.0.0.0 Safari/537.36 OPR/119.0.0.0"
2804:14d:1081:8891:bc95:a87b:d0f0:d46b - - [08/Jun/2025:07:21:25 -0400] "GET /wp-content/cache/min/1/wp-content/plugins/comic-easel/js/keynav.js?ver=1729190448 HTTP/1.1" 200 221 "https://isekainonbirinoukachapters.com/" "Mozilla/5.0 (Windows NT 10.0; Win64; x64) AppleWebKit/537.36 (KHTML, like Gecko) Chrome/134.0.0.0 Safari/537.36 OPR/119.0.0.0"
2804:14d:1081:8891:bc95:a87b:d0f0:d46b - - [08/Jun/2025:07:21:25 -0400] "GET /wp-content/cache/min/1/wp-content/plugins/simple-social-buttons/assets/js/front.js?ver=1729190448 HTTP/1.1" 200 1488 "https://isekainonbirinoukachapters.com/" "Mozilla/5.0 (Windows NT 10.0; Win64; x64) AppleWebKit/537.36 (KHTML, like Gecko) Chrome/134.0.0.0 Safari/537.36 OPR/119.0.0.0"
2804:14d:1081:8891:bc95:a87b:d0f0:d46b - - [08/Jun/2025:07:21:26 -0400] "GET /wp-content/themes/toivo-lite/js/responsive-nav.min.js?ver=1.2.0 HTTP/1.1" 200 2102 "https://isekainonbirinoukachapters.com/" "Mozilla/5.0 (Windows NT 10.0; Win64; x64) AppleWebKit/537.36 (KHTML, like Gecko) Chrome/134.0.0.0 Safari/537.36 OPR/119.0.0.0"
2804:14d:1081:8891:bc95:a87b:d0f0:d46b - - [08/Jun/2025:07:21:26 -0400] "GET /wp-content/themes/toivo-lite/js/functions.min.js?ver=1.2.0 HTTP/1.1" 200 593 "https://isekainonbirinoukachapters.com/" "Mozilla/5.0 (Windows NT 10.0; Win64; x64) AppleWebKit/537.36 (KHTML, like Gecko) Chrome/134.0.0.0 Safari/537.36 OPR/119.0.0.0"
2804:14d:1081:8891:bc95:a87b:d0f0:d46b - - [08/Jun/2025:07:21:29 -0400] "GET /wp-content/uploads/2024/07/cropped-63b857c96f67c-32x32.jpg HTTP/1.1" 200 1070 "https://isekainonbirinoukachapters.com/" "Mozilla/5.0 (Windows NT 10.0; Win64; x64) AppleWebKit/537.36 (KHTML, like Gecko) Chrome/134.0.0.0 Safari/537.36 OPR/119.0.0.0"
2804:14d:1081:8891:bc95:a87b:d0f0:d46b - - [08/Jun/2025:07:21:29 -0400] "GET /wp-content/uploads/2024/07/cropped-63b857c96f67c-180x180.jpg HTTP/1.1" 200 7461 "https://isekainonbirinoukachapters.com/" "Mozilla/5.0 (Windows NT 10.0; Win64; x64) AppleWebKit/537.36 (KHTML, like Gecko) Chrome/134.0.0.0 Safari/537.36 OPR/119.0.0.0"
185.81.124.114 - - [08/Jun/2025:07:21:29 -0400] "GET /privacy-policy/ HTTP/1.1" 200 33481 "https://isekainonbirinoukachapters.com/manga/farming-life-in-another-world-chapter-50/" "Mozilla/5.0 (Windows NT 10.0; Win64; x64) AppleWebKit/537.36 (KHTML, like Gecko) Chrome/137.0.0.0 Safari/537.36 Edg/137.0.0.0"
185.81.124.114 - - [08/Jun/2025:07:21:30 -0400] "GET /category/farming-life-in-another-world-manga/ HTTP/1.1" 200 31207 "https://isekainonbirinoukachapters.com/manga/farming-life-in-another-world-chapter-50/" "Mozilla/5.0 (Windows NT 10.0; Win64; x64) AppleWebKit/537.36 (KHTML, like Gecko) Chrome/137.0.0.0 Safari/537.36 Edg/137.0.0.0"
185.81.124.114 - - [08/Jun/2025:07:21:30 -0400] "GET / HTTP/1.1" 304 0 "https://isekainonbirinoukachapters.com/manga/farming-life-in-another-world-chapter-50/" "Mozilla/5.0 (Windows NT 10.0; Win64; x64) AppleWebKit/537.36 (KHTML, like Gecko) Chrome/137.0.0.0 Safari/537.36 Edg/137.0.0.0"
34.57.186.9 - - [08/Jun/2025:07:21:52 -0400] "HEAD / HTTP/1.1" 200 0 "-" "curl/8.10.0"
34.57.186.9 - - [08/Jun/2025:07:21:52 -0400] "GET / HTTP/1.1" 200 32286 "-" "curl/8.10.0"
2001:4860:7:511::f0 - - [08/Jun/2025:07:23:07 -0400] "GET / HTTP/1.1" 200 32326 "https://www.google.com/" "Mozilla/5.0 (Linux; Android 10; K) AppleWebKit/537.36 (KHTML, like Gecko) Chrome/137.0.0.0 Mobile Safari/537.36"
47.82.60.103 - - [08/Jun/2025:07:24:02 -0400] "GET /manga/farming-life-in-another-world-chapter-186/ HTTP/1.1" 200 34538 "https://isekainonbirinoukachapters.com/manga/farming-life-in-another-world-chapter-186/" "Mozilla/5.0 (Windows NT 10.0; Win64; x64) AppleWebKit/537.36 (KHTML, like Gecko) Chrome/114.0.0.0 Safari/537.36 Edg/114.0.1823.43"
162.0.232.193 - - [08/Jun/2025:07:24:46 -0400] "POST /wp-cron.php?doing_wp_cron=1749381886.3243811130523681640625 HTTP/1.1" 200 0 "-" "WordPress/6.8.1; https://isekainonbirinoukachapters.com"
165.22.146.113 - - [08/Jun/2025:07:24:42 -0400] "POST /xmlrpc.php HTTP/1.1" 200 186 "https://isekainonbirinoukachapters.com" "Mozilla/5.0 (Macintosh; Intel Mac OS X 10_15_7; rv:127.0) Gecko/20100101 Firefox/127.0"
165.22.146.113 - - [08/Jun/2025:07:24:46 -0400] "POST /wp-login.php HTTP/1.1" 200 2036 "https://isekainonbirinoukachapters.com" "Mozilla/5.0 (Windows NT 10.0; Win64; x64; rv:126.0) Gecko/20100101 Firefox/126.0"
47.82.60.101 - - [08/Jun/2025:07:24:48 -0400] "GET /manga/farming-life-in-another-world-chapter-138/ HTTP/1.1" 200 34339 "https://isekainonbirinoukachapters.com/manga/farming-life-in-another-world-chapter-138/" "Mozilla/5.0 (Windows NT 10.0; Win64; x64) AppleWebKit/537.36 (KHTML, like Gecko) Chrome/114.0.0.0 Safari/537.36 Edg/114.0.1823.43"
162.0.232.193 - - [08/Jun/2025:07:24:48 -0400] "GET /wp-content/uploads/89b93a66fa29a678cbd60ff176e1ea9a_1973.xml HTTP/1.1" 200 1499 "-" "Mozilla/5.0 (X11; Linux x86_64) AppleWebKit/537.36 (KHTML, like Gecko) Ubuntu Chromium/41.0.2272.76"
43.153.86.78 - - [08/Jun/2025:07:25:39 -0400] "GET /wp-json/wp/v2/posts/2167 HTTP/1.1" 200 15267 "-" "Mozilla/5.0 (iPhone; CPU iPhone OS 13_2_3 like Mac OS X) AppleWebKit/605.1.15 (KHTML, like Gecko) Version/13.0.3 Mobile/15E148 Safari/604.1"
47.82.60.39 - - [08/Jun/2025:07:26:14 -0400] "GET /manga/farming-life-in-another-world-chapter-28/ HTTP/1.1" 200 34202 "https://isekainonbirinoukachapters.com/manga/farming-life-in-another-world-chapter-28/" "Mozilla/5.0 (Windows NT 10.0; Win64; x64) AppleWebKit/537.36 (KHTML, like Gecko) Chrome/114.0.0.0 Safari/537.36 Edg/114.0.1823.43"
