2409:40f4:101e:d72a:8000:: - - [08/Jun/2025:13:10:37 -0400] "GET /manga/farming-life-in-another-world-chapter-44/ HTTP/1.1" 304 0 "https://isekainonbirinoukachapters.com/manga/farming-life-in-another-world-chapter-43/" "Mozilla/5.0 (Linux; Android 10; K) AppleWebKit/537.36 (KHTML, like Gecko) Chrome/137.0.0.0 Mobile Safari/537.36"
136.158.16.157 - - [08/Jun/2025:13:10:41 -0400] "GET /manga/farming-life-in-another-world-chapter-148/ HTTP/1.1" 200 34944 "https://isekainonbirinoukachapters.com/" "Mozilla/5.0 (Linux; Android 10; K) AppleWebKit/537.36 (KHTML, like Gecko) Chrome/136.0.0.0 Mobile Safari/537.36"
136.158.16.157 - - [08/Jun/2025:13:10:41 -0400] "GET /manga/farming-life-in-another-world-chapter-162/ HTTP/1.1" 200 34562 "https://isekainonbirinoukachapters.com/" "Mozilla/5.0 (Linux; Android 10; K) AppleWebKit/537.36 (KHTML, like Gecko) Chrome/136.0.0.0 Mobile Safari/537.36"
136.158.16.157 - - [08/Jun/2025:13:10:42 -0400] "GET /manga/farming-life-in-another-world-chapter-168/ HTTP/1.1" 200 34713 "https://isekainonbirinoukachapters.com/" "Mozilla/5.0 (Linux; Android 10; K) AppleWebKit/537.36 (KHTML, like Gecko) Chrome/136.0.0.0 Mobile Safari/537.36"
136.158.16.157 - - [08/Jun/2025:13:10:42 -0400] "GET /manga/farming-life-in-another-world-chapter-148/ HTTP/1.1" 304 0 "https://isekainonbirinoukachapters.com/" "Mozilla/5.0 (Linux; Android 10; K) AppleWebKit/537.36 (KHTML, like Gecko) Chrome/136.0.0.0 Mobile Safari/537.36"
136.158.16.157 - - [08/Jun/2025:13:10:42 -0400] "GET /manga/farming-life-in-another-world-chapter-162/ HTTP/1.1" 304 0 "https://isekainonbirinoukachapters.com/" "Mozilla/5.0 (Linux; Android 10; K) AppleWebKit/537.36 (KHTML, like Gecko) Chrome/136.0.0.0 Mobile Safari/537.36"
136.158.16.157 - - [08/Jun/2025:13:10:42 -0400] "GET /manga/farming-life-in-another-world-chapter-178/ HTTP/1.1" 200 34528 "https://isekainonbirinoukachapters.com/" "Mozilla/5.0 (Linux; Android 10; K) AppleWebKit/537.36 (KHTML, like Gecko) Chrome/136.0.0.0 Mobile Safari/537.36"
136.158.16.157 - - [08/Jun/2025:13:10:42 -0400] "GET /manga/farming-life-in-another-world-chapter-185/ HTTP/1.1" 200 34576 "https://isekainonbirinoukachapters.com/" "Mozilla/5.0 (Linux; Android 10; K) AppleWebKit/537.36 (KHTML, like Gecko) Chrome/136.0.0.0 Mobile Safari/537.36"
136.158.16.157 - - [08/Jun/2025:13:10:42 -0400] "GET /manga/farming-life-in-another-world-chapter-168/ HTTP/1.1" 304 0 "https://isekainonbirinoukachapters.com/" "Mozilla/5.0 (Linux; Android 10; K) AppleWebKit/537.36 (KHTML, like Gecko) Chrome/136.0.0.0 Mobile Safari/537.36"
136.158.16.157 - - [08/Jun/2025:13:10:43 -0400] "GET /manga/farming-life-in-another-world-chapter-193/ HTTP/1.1" 200 34521 "https://isekainonbirinoukachapters.com/" "Mozilla/5.0 (Linux; Android 10; K) AppleWebKit/537.36 (KHTML, like Gecko) Chrome/136.0.0.0 Mobile Safari/537.36"
136.158.16.157 - - [08/Jun/2025:13:10:43 -0400] "GET /manga/farming-life-in-another-world-chapter-178/ HTTP/1.1" 304 0 "https://isekainonbirinoukachapters.com/" "Mozilla/5.0 (Linux; Android 10; K) AppleWebKit/537.36 (KHTML, like Gecko) Chrome/136.0.0.0 Mobile Safari/537.36"
136.158.16.157 - - [08/Jun/2025:13:10:43 -0400] "GET /manga/farming-life-in-another-world-chapter-200/ HTTP/1.1" 200 34580 "https://isekainonbirinoukachapters.com/" "Mozilla/5.0 (Linux; Android 10; K) AppleWebKit/537.36 (KHTML, like Gecko) Chrome/136.0.0.0 Mobile Safari/537.36"
136.158.16.157 - - [08/Jun/2025:13:10:43 -0400] "GET /manga/farming-life-in-another-world-chapter-185/ HTTP/1.1" 304 0 "https://isekainonbirinoukachapters.com/" "Mozilla/5.0 (Linux; Android 10; K) AppleWebKit/537.36 (KHTML, like Gecko) Chrome/136.0.0.0 Mobile Safari/537.36"
136.158.16.157 - - [08/Jun/2025:13:10:43 -0400] "GET /manga/farming-life-in-another-world-chapter-210/ HTTP/1.1" 200 34658 "https://isekainonbirinoukachapters.com/" "Mozilla/5.0 (Linux; Android 10; K) AppleWebKit/537.36 (KHTML, like Gecko) Chrome/136.0.0.0 Mobile Safari/537.36"
136.158.16.157 - - [08/Jun/2025:13:10:43 -0400] "GET /manga/farming-life-in-another-world-chapter-193/ HTTP/1.1" 304 0 "https://isekainonbirinoukachapters.com/" "Mozilla/5.0 (Linux; Android 10; K) AppleWebKit/537.36 (KHTML, like Gecko) Chrome/136.0.0.0 Mobile Safari/537.36"
136.158.16.157 - - [08/Jun/2025:13:10:43 -0400] "GET /manga/farming-life-in-another-world-chapter-218/ HTTP/1.1" 200 34539 "https://isekainonbirinoukachapters.com/" "Mozilla/5.0 (Linux; Android 10; K) AppleWebKit/537.36 (KHTML, like Gecko) Chrome/136.0.0.0 Mobile Safari/537.36"
136.158.16.157 - - [08/Jun/2025:13:10:44 -0400] "GET /manga/farming-life-in-another-world-chapter-200/ HTTP/1.1" 304 0 "https://isekainonbirinoukachapters.com/" "Mozilla/5.0 (Linux; Android 10; K) AppleWebKit/537.36 (KHTML, like Gecko) Chrome/136.0.0.0 Mobile Safari/537.36"
136.158.16.157 - - [08/Jun/2025:13:10:44 -0400] "GET /manga/farming-life-in-another-world-chapter-227/ HTTP/1.1" 200 34538 "https://isekainonbirinoukachapters.com/" "Mozilla/5.0 (Linux; Android 10; K) AppleWebKit/537.36 (KHTML, like Gecko) Chrome/136.0.0.0 Mobile Safari/537.36"
136.158.16.157 - - [08/Jun/2025:13:10:44 -0400] "GET /manga/farming-life-in-another-world-chapter-210/ HTTP/1.1" 304 0 "https://isekainonbirinoukachapters.com/" "Mozilla/5.0 (Linux; Android 10; K) AppleWebKit/537.36 (KHTML, like Gecko) Chrome/136.0.0.0 Mobile Safari/537.36"
136.158.16.157 - - [08/Jun/2025:13:10:45 -0400] "GET /manga/farming-life-in-another-world-chapter-218/ HTTP/1.1" 304 0 "https://isekainonbirinoukachapters.com/" "Mozilla/5.0 (Linux; Android 10; K) AppleWebKit/537.36 (KHTML, like Gecko) Chrome/136.0.0.0 Mobile Safari/537.36"
136.158.16.157 - - [08/Jun/2025:13:10:45 -0400] "GET /manga/farming-life-in-another-world-chapter-220/ HTTP/1.1" 200 34146 "https://isekainonbirinoukachapters.com/" "Mozilla/5.0 (Linux; Android 10; K) AppleWebKit/537.36 (KHTML, like Gecko) Chrome/136.0.0.0 Mobile Safari/537.36"
136.158.16.157 - - [08/Jun/2025:13:10:45 -0400] "GET /manga/farming-life-in-another-world-chapter-227/ HTTP/1.1" 304 0 "https://isekainonbirinoukachapters.com/" "Mozilla/5.0 (Linux; Android 10; K) AppleWebKit/537.36 (KHTML, like Gecko) Chrome/136.0.0.0 Mobile Safari/537.36"
136.158.16.157 - - [08/Jun/2025:13:10:46 -0400] "GET /manga/farming-life-in-another-world-chapter-220/ HTTP/1.1" 304 0 "https://isekainonbirinoukachapters.com/" "Mozilla/5.0 (Linux; Android 10; K) AppleWebKit/537.36 (KHTML, like Gecko) Chrome/136.0.0.0 Mobile Safari/537.36"
136.158.16.157 - - [08/Jun/2025:13:10:46 -0400] "GET /manga/farming-life-in-another-world-chapter-220/ HTTP/1.1" 304 0 "https://isekainonbirinoukachapters.com/" "Mozilla/5.0 (Linux; Android 10; K) AppleWebKit/537.36 (KHTML, like Gecko) Chrome/136.0.0.0 Mobile Safari/537.36"
2405:3800:801:f809::1 - - [08/Jun/2025:13:10:47 -0400] "GET /manga/farming-life-in-another-world-chapter-52/ HTTP/1.1" 200 34579 "https://isekainonbirinoukachapters.com/" "Mozilla/5.0 (Linux; Android 10; K) AppleWebKit/537.36 (KHTML, like Gecko) Chrome/137.0.0.0 Mobile Safari/537.36"
2405:3800:801:f809::1 - - [08/Jun/2025:13:10:47 -0400] "GET /manga/farming-life-in-another-world-chapter-40/ HTTP/1.1" 200 34140 "https://isekainonbirinoukachapters.com/" "Mozilla/5.0 (Linux; Android 10; K) AppleWebKit/537.36 (KHTML, like Gecko) Chrome/137.0.0.0 Mobile Safari/537.36"
2405:3800:801:f809::1 - - [08/Jun/2025:13:10:48 -0400] "GET /manga/farming-life-in-another-world-chapter-52/ HTTP/1.1" 304 0 "https://isekainonbirinoukachapters.com/" "Mozilla/5.0 (Linux; Android 10; K) AppleWebKit/537.36 (KHTML, like Gecko) Chrome/137.0.0.0 Mobile Safari/537.36"
2405:3800:801:f809::1 - - [08/Jun/2025:13:10:48 -0400] "GET /manga/farming-life-in-another-world-chapter-40/ HTTP/1.1" 304 0 "https://isekainonbirinoukachapters.com/" "Mozilla/5.0 (Linux; Android 10; K) AppleWebKit/537.36 (KHTML, like Gecko) Chrome/137.0.0.0 Mobile Safari/537.36"
2405:3800:801:f809::1 - - [08/Jun/2025:13:10:49 -0400] "GET /manga/farming-life-in-another-world-chapter-30/ HTTP/1.1" 200 34665 "https://isekainonbirinoukachapters.com/" "Mozilla/5.0 (Linux; Android 10; K) AppleWebKit/537.36 (KHTML, like Gecko) Chrome/137.0.0.0 Mobile Safari/537.36"
2405:3800:801:f809::1 - - [08/Jun/2025:13:10:50 -0400] "GET /manga/farming-life-in-another-world-chapter-30/ HTTP/1.1" 304 0 "https://isekainonbirinoukachapters.com/" "Mozilla/5.0 (Linux; Android 10; K) AppleWebKit/537.36 (KHTML, like Gecko) Chrome/137.0.0.0 Mobile Safari/537.36"
2405:3800:801:f809::1 - - [08/Jun/2025:13:10:50 -0400] "POST /wp-admin/admin-ajax.php HTTP/1.1" 200 61 "https://isekainonbirinoukachapters.com/manga/farming-life-in-another-world-chapter-30/" "Mozilla/5.0 (Linux; Android 10; K) AppleWebKit/537.36 (KHTML, like Gecko) Chrome/137.0.0.0 Mobile Safari/537.36"
136.158.16.157 - - [08/Jun/2025:13:11:03 -0400] "GET /manga/farming-life-in-another-world-chapter-229/ HTTP/1.1" 200 35009 "https://isekainonbirinoukachapters.com/" "Mozilla/5.0 (Linux; Android 10; K) AppleWebKit/537.36 (KHTML, like Gecko) Chrome/136.0.0.0 Mobile Safari/537.36"
136.158.16.157 - - [08/Jun/2025:13:11:04 -0400] "GET /manga/farming-life-in-another-world-chapter-229/ HTTP/1.1" 304 0 "https://isekainonbirinoukachapters.com/" "Mozilla/5.0 (Linux; Android 10; K) AppleWebKit/537.36 (KHTML, like Gecko) Chrome/136.0.0.0 Mobile Safari/537.36"
136.158.16.157 - - [08/Jun/2025:13:11:04 -0400] "GET /manga/farming-life-in-another-world-chapter-238/ HTTP/1.1" 200 34871 "https://isekainonbirinoukachapters.com/" "Mozilla/5.0 (Linux; Android 10; K) AppleWebKit/537.36 (KHTML, like Gecko) Chrome/136.0.0.0 Mobile Safari/537.36"
136.158.16.157 - - [08/Jun/2025:13:11:04 -0400] "GET /manga/farming-life-in-another-world-chapter-238/ HTTP/1.1" 304 0 "https://isekainonbirinoukachapters.com/" "Mozilla/5.0 (Linux; Android 10; K) AppleWebKit/537.36 (KHTML, like Gecko) Chrome/136.0.0.0 Mobile Safari/537.36"
136.158.16.157 - - [08/Jun/2025:13:11:05 -0400] "GET /wp-content/plugins/wp-rocket/assets/js/wpr-beacon.min.js HTTP/1.1" 200 3530 "https://isekainonbirinoukachapters.com/manga/farming-life-in-another-world-chapter-238/" "Mozilla/5.0 (Linux; Android 10; K) AppleWebKit/537.36 (KHTML, like Gecko) Chrome/136.0.0.0 Mobile Safari/537.36"
136.158.16.157 - - [08/Jun/2025:13:11:04 -0400] "POST /wp-admin/admin-ajax.php HTTP/1.1" 200 61 "https://isekainonbirinoukachapters.com/manga/farming-life-in-another-world-chapter-238/" "Mozilla/5.0 (Linux; Android 10; K) AppleWebKit/537.36 (KHTML, like Gecko) Chrome/136.0.0.0 Mobile Safari/537.36"
52.167.144.156 - - [08/Jun/2025:13:11:19 -0400] "GET /manga/farming-life-in-another-world-chapter-40/ HTTP/1.1" 200 34062 "-" "Mozilla/5.0 AppleWebKit/537.36 (KHTML, like Gecko; compatible; bingbot/2.0; +http://www.bing.com/bingbot.htm) Chrome/116.0.1938.76 Safari/537.36"
136.158.16.157 - - [08/Jun/2025:13:11:20 -0400] "GET /manga/farming-life-in-another-world-chapter-246/ HTTP/1.1" 200 34547 "https://isekainonbirinoukachapters.com/" "Mozilla/5.0 (Linux; Android 10; K) AppleWebKit/537.36 (KHTML, like Gecko) Chrome/136.0.0.0 Mobile Safari/537.36"
136.158.16.157 - - [08/Jun/2025:13:11:20 -0400] "GET /manga/farming-life-in-another-world-chapter-246/ HTTP/1.1" 304 0 "https://isekainonbirinoukachapters.com/" "Mozilla/5.0 (Linux; Android 10; K) AppleWebKit/537.36 (KHTML, like Gecko) Chrome/136.0.0.0 Mobile Safari/537.36"
93.124.253.192 - - [08/Jun/2025:13:11:23 -0400] "GET /manga/farming-life-in-another-world-chapter-35/ HTTP/1.1" 200 34579 "https://isekainonbirinoukachapters.com/manga/farming-life-in-another-world-chapter-34/" "Mozilla/5.0 (Windows NT 10.0; Win64; x64) AppleWebKit/537.36 (KHTML, like Gecko) Chrome/134.0.0.0 Safari/537.36 OPR/119.0.0.0"
93.124.253.192 - - [08/Jun/2025:13:11:24 -0400] "GET /manga/farming-life-in-another-world-chapter-35/ HTTP/1.1" 304 0 "https://isekainonbirinoukachapters.com/manga/farming-life-in-another-world-chapter-34/" "Mozilla/5.0 (Windows NT 10.0; Win64; x64) AppleWebKit/537.36 (KHTML, like Gecko) Chrome/134.0.0.0 Safari/537.36 OPR/119.0.0.0"
136.158.16.157 - - [08/Jun/2025:13:11:24 -0400] "GET /manga/farming-life-in-another-world-chapter-240/ HTTP/1.1" 200 34155 "https://isekainonbirinoukachapters.com/" "Mozilla/5.0 (Linux; Android 10; K) AppleWebKit/537.36 (KHTML, like Gecko) Chrome/136.0.0.0 Mobile Safari/537.36"
162.0.232.193 - - [08/Jun/2025:13:11:24 -0400] "POST /wp-cron.php?doing_wp_cron=1749402684.7669088840484619140625 HTTP/1.1" 200 0 "-" "WordPress/6.8.1; https://isekainonbirinoukachapters.com"
136.158.16.157 - - [08/Jun/2025:13:11:24 -0400] "GET /manga/farming-life-in-another-world-chapter-240/ HTTP/1.1" 304 0 "https://isekainonbirinoukachapters.com/" "Mozilla/5.0 (Linux; Android 10; K) AppleWebKit/537.36 (KHTML, like Gecko) Chrome/136.0.0.0 Mobile Safari/537.36"
136.158.16.157 - - [08/Jun/2025:13:11:25 -0400] "GET /manga/farming-life-in-another-world-chapter-239/ HTTP/1.1" 200 34076 "https://isekainonbirinoukachapters.com/" "Mozilla/5.0 (Linux; Android 10; K) AppleWebKit/537.36 (KHTML, like Gecko) Chrome/136.0.0.0 Mobile Safari/537.36"
93.124.253.192 - - [08/Jun/2025:13:11:24 -0400] "POST /wp-admin/admin-ajax.php HTTP/1.1" 200 61 "https://isekainonbirinoukachapters.com/manga/farming-life-in-another-world-chapter-35/" "Mozilla/5.0 (Windows NT 10.0; Win64; x64) AppleWebKit/537.36 (KHTML, like Gecko) Chrome/134.0.0.0 Safari/537.36 OPR/119.0.0.0"
136.158.16.157 - - [08/Jun/2025:13:11:25 -0400] "GET /manga/farming-life-in-another-world-chapter-239/ HTTP/1.1" 304 0 "https://isekainonbirinoukachapters.com/" "Mozilla/5.0 (Linux; Android 10; K) AppleWebKit/537.36 (KHTML, like Gecko) Chrome/136.0.0.0 Mobile Safari/537.36"
136.158.16.157 - - [08/Jun/2025:13:11:32 -0400] "GET /manga/farming-life-in-another-world-chapter-256/ HTTP/1.1" 200 34070 "https://isekainonbirinoukachapters.com/" "Mozilla/5.0 (Linux; Android 10; K) AppleWebKit/537.36 (KHTML, like Gecko) Chrome/136.0.0.0 Mobile Safari/537.36"
136.158.16.157 - - [08/Jun/2025:13:11:33 -0400] "GET /manga/farming-life-in-another-world-chapter-256/ HTTP/1.1" 304 0 "https://isekainonbirinoukachapters.com/" "Mozilla/5.0 (Linux; Android 10; K) AppleWebKit/537.36 (KHTML, like Gecko) Chrome/136.0.0.0 Mobile Safari/537.36"
180.190.26.134 - - [08/Jun/2025:13:11:41 -0400] "GET /manga/farming-life-in-another-world-chapter-251/ HTTP/1.1" 200 34571 "https://isekainonbirinoukachapters.com/manga/farming-life-in-another-world-chapter-250/" "Mozilla/5.0 (Linux; Android 10; K) AppleWebKit/537.36 (KHTML, like Gecko) Chrome/137.0.0.0 Mobile Safari/537.36"
180.190.26.134 - - [08/Jun/2025:13:11:41 -0400] "GET /manga/farming-life-in-another-world-chapter-251/ HTTP/1.1" 304 0 "https://isekainonbirinoukachapters.com/manga/farming-life-in-another-world-chapter-250/" "Mozilla/5.0 (Linux; Android 10; K) AppleWebKit/537.36 (KHTML, like Gecko) Chrome/137.0.0.0 Mobile Safari/537.36"
162.0.232.193 - - [08/Jun/2025:13:11:42 -0400] "POST /wp-cron.php?doing_wp_cron=1749402702.5625250339508056640625 HTTP/1.1" 200 0 "-" "WordPress/6.8.1; https://isekainonbirinoukachapters.com"
180.190.26.134 - - [08/Jun/2025:13:11:42 -0400] "POST /wp-admin/admin-ajax.php HTTP/1.1" 200 61 "https://isekainonbirinoukachapters.com/manga/farming-life-in-another-world-chapter-251/" "Mozilla/5.0 (Linux; Android 10; K) AppleWebKit/537.36 (KHTML, like Gecko) Chrome/137.0.0.0 Mobile Safari/537.36"
2a09:bac3:4c94:232::38:9d - - [08/Jun/2025:13:12:20 -0400] "GET /manga/farming-life-in-another-world-chapter-154/ HTTP/1.1" 200 34563 "https://isekainonbirinoukachapters.com/manga/farming-life-in-another-world-chapter-153/" "Mozilla/5.0 (iPhone; CPU iPhone OS 18_5 like Mac OS X) AppleWebKit/605.1.15 (KHTML, like Gecko) Version/18.5 Mobile/15E148 Safari/604.1"
162.0.232.193 - - [08/Jun/2025:13:12:21 -0400] "POST /wp-cron.php?doing_wp_cron=1749402741.8477060794830322265625 HTTP/1.1" 200 0 "-" "WordPress/6.8.1; https://isekainonbirinoukachapters.com"
2a09:bac3:4c94:232::38:9d - - [08/Jun/2025:13:12:21 -0400] "POST /wp-admin/admin-ajax.php HTTP/1.1" 200 61 "https://isekainonbirinoukachapters.com/manga/farming-life-in-another-world-chapter-154/" "Mozilla/5.0 (iPhone; CPU iPhone OS 18_5 like Mac OS X) AppleWebKit/605.1.15 (KHTML, like Gecko) Version/18.5 Mobile/15E148 Safari/604.1"
162.0.232.193 - - [08/Jun/2025:13:12:28 -0400] "GET /wp-content/uploads/89b93a66fa29a678cbd60ff176e1ea9a_1973.xml HTTP/1.1" 200 1499 "-" "Mozilla/5.0 (X11; Linux x86_64) AppleWebKit/537.36 (KHTML, like Gecko) Ubuntu Chromium/41.0.2272.76"
49.148.7.220 - - [08/Jun/2025:13:13:11 -0400] "GET / HTTP/1.1" 200 32311 "https://www.google.com/" "Mozilla/5.0 (Linux; Android 10; K) AppleWebKit/537.36 (KHTML, like Gecko) Chrome/118.0.0.0 Mobile Safari/537.36"
2404:160:a024:8a6f:e9bd:762e:6cca:b534 - - [08/Jun/2025:13:13:12 -0400] "GET / HTTP/1.1" 304 0 "https://www.google.com/" "Mozilla/5.0 (Linux; Android 10; K) AppleWebKit/537.36 (KHTML, like Gecko) Chrome/137.0.0.0 Mobile Safari/537.36"
2404:160:a024:8a6f:e9bd:762e:6cca:b534 - - [08/Jun/2025:13:13:13 -0400] "GET / HTTP/1.1" 200 32311 "https://isekainonbirinoukachapters.com/" "Mozilla/5.0 (Linux; Android 10; K) AppleWebKit/537.36 (KHTML, like Gecko) Chrome/137.0.0.0 Mobile Safari/537.36"
47.79.5.88 - - [08/Jun/2025:13:13:12 -0400] "GET /category/read-farming-life-in-another-world/page/17/ HTTP/1.1" 200 32979 "https://isekainonbirinoukachapters.com/category/read-farming-life-in-another-world/page/17/" "Mozilla/5.0 (Windows NT 10.0; Win64; x64) AppleWebKit/537.36 (KHTML, like Gecko) Chrome/114.0.0.0 Safari/537.36 Edg/114.0.1823.43"
2404:160:a024:8a6f:e9bd:762e:6cca:b534 - - [08/Jun/2025:13:13:13 -0400] "GET / HTTP/1.1" 304 0 "https://isekainonbirinoukachapters.com/" "Mozilla/5.0 (Linux; Android 10; K) AppleWebKit/537.36 (KHTML, like Gecko) Chrome/137.0.0.0 Mobile Safari/537.36"
2404:160:a024:8a6f:e9bd:762e:6cca:b534 - - [08/Jun/2025:13:13:14 -0400] "GET /manga/farming-life-in-another-world-chapter-16/ HTTP/1.1" 200 34331 "https://isekainonbirinoukachapters.com/" "Mozilla/5.0 (Linux; Android 10; K) AppleWebKit/537.36 (KHTML, like Gecko) Chrome/137.0.0.0 Mobile Safari/537.36"
2404:160:a024:8a6f:e9bd:762e:6cca:b534 - - [08/Jun/2025:13:13:15 -0400] "GET /manga/farming-life-in-another-world-chapter-16/ HTTP/1.1" 304 0 "https://isekainonbirinoukachapters.com/" "Mozilla/5.0 (Linux; Android 10; K) AppleWebKit/537.36 (KHTML, like Gecko) Chrome/137.0.0.0 Mobile Safari/537.36"
2404:160:a024:8a6f:e9bd:762e:6cca:b534 - - [08/Jun/2025:13:13:15 -0400] "GET /manga/farming-life-in-another-world-chapter-14/ HTTP/1.1" 200 34506 "https://isekainonbirinoukachapters.com/" "Mozilla/5.0 (Linux; Android 10; K) AppleWebKit/537.36 (KHTML, like Gecko) Chrome/137.0.0.0 Mobile Safari/537.36"
2404:160:a024:8a6f:e9bd:762e:6cca:b534 - - [08/Jun/2025:13:13:15 -0400] "GET /manga/farming-life-in-another-world-chapter-14/ HTTP/1.1" 304 0 "https://isekainonbirinoukachapters.com/" "Mozilla/5.0 (Linux; Android 10; K) AppleWebKit/537.36 (KHTML, like Gecko) Chrome/137.0.0.0 Mobile Safari/537.36"
2404:160:a024:8a6f:e9bd:762e:6cca:b534 - - [08/Jun/2025:13:13:16 -0400] "POST /wp-admin/admin-ajax.php HTTP/1.1" 200 61 "https://isekainonbirinoukachapters.com/manga/farming-life-in-another-world-chapter-14/" "Mozilla/5.0 (Linux; Android 10; K) AppleWebKit/537.36 (KHTML, like Gecko) Chrome/137.0.0.0 Mobile Safari/537.36"
2404:160:a024:8a6f:e9bd:762e:6cca:b534 - - [08/Jun/2025:13:13:23 -0400] "GET /manga/farming-life-in-another-world-chapter-15/ HTTP/1.1" 304 0 "https://isekainonbirinoukachapters.com/" "Mozilla/5.0 (Linux; Android 10; K) AppleWebKit/537.36 (KHTML, like Gecko) Chrome/137.0.0.0 Mobile Safari/537.36"
2404:160:a024:8a6f:e9bd:762e:6cca:b534 - - [08/Jun/2025:13:13:23 -0400] "GET /manga/farming-life-in-another-world-chapter-15/ HTTP/1.1" 304 0 "https://isekainonbirinoukachapters.com/" "Mozilla/5.0 (Linux; Android 10; K) AppleWebKit/537.36 (KHTML, like Gecko) Chrome/137.0.0.0 Mobile Safari/537.36"
162.0.232.193 - - [08/Jun/2025:13:13:24 -0400] "POST /wp-cron.php?doing_wp_cron=1749402804.0567638874053955078125 HTTP/1.1" 200 0 "-" "WordPress/6.8.1; https://isekainonbirinoukachapters.com"
136.158.16.157 - - [08/Jun/2025:13:13:24 -0400] "GET /manga/farming-life-in-another-world-chapter-255/ HTTP/1.1" 200 34576 "https://isekainonbirinoukachapters.com/" "Mozilla/5.0 (Linux; Android 10; K) AppleWebKit/537.36 (KHTML, like Gecko) Chrome/136.0.0.0 Mobile Safari/537.36"
2404:160:a024:8a6f:e9bd:762e:6cca:b534 - - [08/Jun/2025:13:13:23 -0400] "POST /wp-admin/admin-ajax.php HTTP/1.1" 200 61 "https://isekainonbirinoukachapters.com/manga/farming-life-in-another-world-chapter-15/" "Mozilla/5.0 (Linux; Android 10; K) AppleWebKit/537.36 (KHTML, like Gecko) Chrome/137.0.0.0 Mobile Safari/537.36"
136.158.16.157 - - [08/Jun/2025:13:13:25 -0400] "GET /manga/farming-life-in-another-world-chapter-255/ HTTP/1.1" 304 0 "https://isekainonbirinoukachapters.com/" "Mozilla/5.0 (Linux; Android 10; K) AppleWebKit/537.36 (KHTML, like Gecko) Chrome/136.0.0.0 Mobile Safari/537.36"
136.158.16.157 - - [08/Jun/2025:13:13:25 -0400] "GET /manga/farming-life-in-another-world-chapter-255/ HTTP/1.1" 304 0 "https://isekainonbirinoukachapters.com/manga/farming-life-in-another-world-chapter-255/" "Mozilla/5.0 (Linux; Android 10; K) AppleWebKit/537.36 (KHTML, like Gecko) Chrome/136.0.0.0 Mobile Safari/537.36"
136.158.16.157 - - [08/Jun/2025:13:13:26 -0400] "GET /manga/farming-life-in-another-world-chapter-255/ HTTP/1.1" 304 0 "https://isekainonbirinoukachapters.com/manga/farming-life-in-another-world-chapter-255/" "Mozilla/5.0 (Linux; Android 10; K) AppleWebKit/537.36 (KHTML, like Gecko) Chrome/136.0.0.0 Mobile Safari/537.36"
136.158.16.157 - - [08/Jun/2025:13:13:25 -0400] "POST /wp-admin/admin-ajax.php HTTP/1.1" 200 61 "https://isekainonbirinoukachapters.com/manga/farming-life-in-another-world-chapter-255/" "Mozilla/5.0 (Linux; Android 10; K) AppleWebKit/537.36 (KHTML, like Gecko) Chrome/136.0.0.0 Mobile Safari/537.36"
2404:160:a024:8a6f:e9bd:762e:6cca:b534 - - [08/Jun/2025:13:13:48 -0400] "GET /manga/farming-life-in-another-world-chapter-16/ HTTP/1.1" 304 0 "https://isekainonbirinoukachapters.com/" "Mozilla/5.0 (Linux; Android 10; K) AppleWebKit/537.36 (KHTML, like Gecko) Chrome/137.0.0.0 Mobile Safari/537.36"
2a09:bac3:4d96:15cd::22c:1 - - [08/Jun/2025:13:13:49 -0400] "GET /manga/farming-life-in-another-world-chapter-114/ HTTP/1.1" 200 34156 "https://isekainonbirinoukachapters.com/manga/farming-life-in-another-world-chapter-113/" "Mozilla/5.0 (Macintosh; Intel Mac OS X 10_15_7) AppleWebKit/605.1.15 (KHTML, like Gecko) Version/18.5 Safari/605.1.15"
2404:160:a024:8a6f:e9bd:762e:6cca:b534 - - [08/Jun/2025:13:13:59 -0400] "GET /manga/farming-life-in-another-world-chapter-17/ HTTP/1.1" 200 34223 "https://isekainonbirinoukachapters.com/" "Mozilla/5.0 (Linux; Android 10; K) AppleWebKit/537.36 (KHTML, like Gecko) Chrome/137.0.0.0 Mobile Safari/537.36"
2404:160:a024:8a6f:e9bd:762e:6cca:b534 - - [08/Jun/2025:13:13:59 -0400] "GET /manga/farming-life-in-another-world-chapter-17/ HTTP/1.1" 304 0 "https://isekainonbirinoukachapters.com/" "Mozilla/5.0 (Linux; Android 10; K) AppleWebKit/537.36 (KHTML, like Gecko) Chrome/137.0.0.0 Mobile Safari/537.36"
2409:40f4:101e:d72a:8000:: - - [08/Jun/2025:13:13:59 -0400] "GET /manga/farming-life-in-another-world-chapter-45/ HTTP/1.1" 200 34135 "https://isekainonbirinoukachapters.com/manga/farming-life-in-another-world-chapter-44/" "Mozilla/5.0 (Linux; Android 10; K) AppleWebKit/537.36 (KHTML, like Gecko) Chrome/137.0.0.0 Mobile Safari/537.36"
2409:40f4:101e:d72a:8000:: - - [08/Jun/2025:13:14:00 -0400] "GET /manga/farming-life-in-another-world-chapter-45/ HTTP/1.1" 304 0 "https://isekainonbirinoukachapters.com/manga/farming-life-in-another-world-chapter-44/" "Mozilla/5.0 (Linux; Android 10; K) AppleWebKit/537.36 (KHTML, like Gecko) Chrome/137.0.0.0 Mobile Safari/537.36"
47.79.1.203 - - [08/Jun/2025:13:14:00 -0400] "GET /manga/farming-life-in-another-world-chapter-69/ HTTP/1.1" 200 34603 "https://isekainonbirinoukachapters.com/manga/farming-life-in-another-world-chapter-69/" "Mozilla/5.0 (Windows NT 10.0; Win64; x64) AppleWebKit/537.36 (KHTML, like Gecko) Chrome/114.0.0.0 Safari/537.36 Edg/114.0.1823.43"
136.158.16.157 - - [08/Jun/2025:13:14:01 -0400] "GET /manga/farming-life-in-another-world-chapter-254/ HTTP/1.1" 200 34616 "https://isekainonbirinoukachapters.com/" "Mozilla/5.0 (Linux; Android 10; K) AppleWebKit/537.36 (KHTML, like Gecko) Chrome/136.0.0.0 Mobile Safari/537.36"
136.158.16.157 - - [08/Jun/2025:13:14:02 -0400] "GET /manga/farming-life-in-another-world-chapter-254/ HTTP/1.1" 304 0 "https://isekainonbirinoukachapters.com/" "Mozilla/5.0 (Linux; Android 10; K) AppleWebKit/537.36 (KHTML, like Gecko) Chrome/136.0.0.0 Mobile Safari/537.36"
162.0.232.193 - - [08/Jun/2025:13:14:02 -0400] "POST /wp-cron.php?doing_wp_cron=1749402842.8157560825347900390625 HTTP/1.1" 200 0 "-" "WordPress/6.8.1; https://isekainonbirinoukachapters.com"
136.158.16.157 - - [08/Jun/2025:13:14:02 -0400] "POST /wp-admin/admin-ajax.php HTTP/1.1" 200 61 "https://isekainonbirinoukachapters.com/manga/farming-life-in-another-world-chapter-254/" "Mozilla/5.0 (Linux; Android 10; K) AppleWebKit/537.36 (KHTML, like Gecko) Chrome/136.0.0.0 Mobile Safari/537.36"
162.0.232.193 - - [08/Jun/2025:13:14:05 -0400] "GET /wp-content/uploads/89b93a66fa29a678cbd60ff176e1ea9a_1973.xml HTTP/1.1" 200 1499 "-" "Mozilla/5.0 (X11; Linux x86_64) AppleWebKit/537.36 (KHTML, like Gecko) Ubuntu Chromium/41.0.2272.76"
2404:160:a024:8a6f:e9bd:762e:6cca:b534 - - [08/Jun/2025:13:14:07 -0400] "GET /manga/farming-life-in-another-world-chapter-19/ HTTP/1.1" 200 34605 "https://isekainonbirinoukachapters.com/" "Mozilla/5.0 (Linux; Android 10; K) AppleWebKit/537.36 (KHTML, like Gecko) Chrome/137.0.0.0 Mobile Safari/537.36"
2404:160:a024:8a6f:e9bd:762e:6cca:b534 - - [08/Jun/2025:13:14:07 -0400] "GET /manga/farming-life-in-another-world-chapter-19/ HTTP/1.1" 304 0 "https://isekainonbirinoukachapters.com/" "Mozilla/5.0 (Linux; Android 10; K) AppleWebKit/537.36 (KHTML, like Gecko) Chrome/137.0.0.0 Mobile Safari/537.36"
2404:160:a024:8a6f:e9bd:762e:6cca:b534 - - [08/Jun/2025:13:14:07 -0400] "POST /wp-admin/admin-ajax.php HTTP/1.1" 200 61 "https://isekainonbirinoukachapters.com/manga/farming-life-in-another-world-chapter-19/" "Mozilla/5.0 (Linux; Android 10; K) AppleWebKit/537.36 (KHTML, like Gecko) Chrome/137.0.0.0 Mobile Safari/537.36"
47.82.60.105 - - [08/Jun/2025:13:14:08 -0400] "GET /category/farming-life-in-another-world-manga/page/15/ HTTP/1.1" 200 33233 "https://isekainonbirinoukachapters.com/category/farming-life-in-another-world-manga/page/15/" "Mozilla/5.0 (Windows NT 10.0; Win64; x64) AppleWebKit/537.36 (KHTML, like Gecko) Chrome/114.0.0.0 Safari/537.36 Edg/114.0.1823.43"
2a09:bac3:4c94:232::38:9d - - [08/Jun/2025:13:14:13 -0400] "GET /manga/farming-life-in-another-world-chapter-155/ HTTP/1.1" 200 34575 "https://isekainonbirinoukachapters.com/manga/farming-life-in-another-world-chapter-154/" "Mozilla/5.0 (iPhone; CPU iPhone OS 18_5 like Mac OS X) AppleWebKit/605.1.15 (KHTML, like Gecko) Version/18.5 Mobile/15E148 Safari/604.1"
2a09:bac3:4c94:232::38:9d - - [08/Jun/2025:13:14:14 -0400] "POST /wp-admin/admin-ajax.php HTTP/1.1" 200 61 "https://isekainonbirinoukachapters.com/manga/farming-life-in-another-world-chapter-155/" "Mozilla/5.0 (iPhone; CPU iPhone OS 18_5 like Mac OS X) AppleWebKit/605.1.15 (KHTML, like Gecko) Version/18.5 Mobile/15E148 Safari/604.1"
2404:160:a024:8a6f:e9bd:762e:6cca:b534 - - [08/Jun/2025:13:14:16 -0400] "GET /manga/farming-life-in-another-world-chapter-20/ HTTP/1.1" 200 34437 "https://isekainonbirinoukachapters.com/" "Mozilla/5.0 (Linux; Android 10; K) AppleWebKit/537.36 (KHTML, like Gecko) Chrome/137.0.0.0 Mobile Safari/537.36"
2404:160:a024:8a6f:e9bd:762e:6cca:b534 - - [08/Jun/2025:13:14:16 -0400] "GET /manga/farming-life-in-another-world-chapter-20/ HTTP/1.1" 304 0 "https://isekainonbirinoukachapters.com/" "Mozilla/5.0 (Linux; Android 10; K) AppleWebKit/537.36 (KHTML, like Gecko) Chrome/137.0.0.0 Mobile Safari/537.36"
2404:160:a024:8a6f:e9bd:762e:6cca:b534 - - [08/Jun/2025:13:14:16 -0400] "POST /wp-admin/admin-ajax.php HTTP/1.1" 200 61 "https://isekainonbirinoukachapters.com/manga/farming-life-in-another-world-chapter-20/" "Mozilla/5.0 (Linux; Android 10; K) AppleWebKit/537.36 (KHTML, like Gecko) Chrome/137.0.0.0 Mobile Safari/537.36"
136.158.16.157 - - [08/Jun/2025:13:14:21 -0400] "GET /manga/farming-life-in-another-world-chapter-253/ HTTP/1.1" 200 34219 "https://isekainonbirinoukachapters.com/" "Mozilla/5.0 (Linux; Android 10; K) AppleWebKit/537.36 (KHTML, like Gecko) Chrome/136.0.0.0 Mobile Safari/537.36"
136.158.16.157 - - [08/Jun/2025:13:14:21 -0400] "GET /manga/farming-life-in-another-world-chapter-253/ HTTP/1.1" 304 0 "https://isekainonbirinoukachapters.com/" "Mozilla/5.0 (Linux; Android 10; K) AppleWebKit/537.36 (KHTML, like Gecko) Chrome/136.0.0.0 Mobile Safari/537.36"
2404:160:a024:8a6f:e9bd:762e:6cca:b534 - - [08/Jun/2025:13:14:26 -0400] "GET /manga/farming-life-in-another-world-chapter-21/ HTTP/1.1" 200 34108 "https://isekainonbirinoukachapters.com/" "Mozilla/5.0 (Linux; Android 10; K) AppleWebKit/537.36 (KHTML, like Gecko) Chrome/137.0.0.0 Mobile Safari/537.36"
2404:160:a024:8a6f:e9bd:762e:6cca:b534 - - [08/Jun/2025:13:14:26 -0400] "GET /manga/farming-life-in-another-world-chapter-21/ HTTP/1.1" 304 0 "https://isekainonbirinoukachapters.com/" "Mozilla/5.0 (Linux; Android 10; K) AppleWebKit/537.36 (KHTML, like Gecko) Chrome/137.0.0.0 Mobile Safari/537.36"
47.79.5.167 - - [08/Jun/2025:13:14:28 -0400] "GET /manga/farming-life-in-another-world-chapter-228/ HTTP/1.1" 200 34520 "https://isekainonbirinoukachapters.com/manga/farming-life-in-another-world-chapter-228/" "Mozilla/5.0 (Windows NT 10.0; Win64; x64) AppleWebKit/537.36 (KHTML, like Gecko) Chrome/114.0.0.0 Safari/537.36 Edg/114.0.1823.43"
2404:160:a024:8a6f:e9bd:762e:6cca:b534 - - [08/Jun/2025:13:14:32 -0400] "GET /manga/farming-life-in-another-world-chapter-22/ HTTP/1.1" 200 34709 "https://isekainonbirinoukachapters.com/" "Mozilla/5.0 (Linux; Android 10; K) AppleWebKit/537.36 (KHTML, like Gecko) Chrome/137.0.0.0 Mobile Safari/537.36"
2404:160:a024:8a6f:e9bd:762e:6cca:b534 - - [08/Jun/2025:13:14:33 -0400] "GET /manga/farming-life-in-another-world-chapter-22/ HTTP/1.1" 304 0 "https://isekainonbirinoukachapters.com/" "Mozilla/5.0 (Linux; Android 10; K) AppleWebKit/537.36 (KHTML, like Gecko) Chrome/137.0.0.0 Mobile Safari/537.36"
136.158.16.157 - - [08/Jun/2025:13:14:33 -0400] "GET /manga/farming-life-in-another-world-chapter-252/ HTTP/1.1" 200 34241 "https://isekainonbirinoukachapters.com/" "Mozilla/5.0 (Linux; Android 10; K) AppleWebKit/537.36 (KHTML, like Gecko) Chrome/136.0.0.0 Mobile Safari/537.36"
2404:160:a024:8a6f:e9bd:762e:6cca:b534 - - [08/Jun/2025:13:14:33 -0400] "POST /wp-admin/admin-ajax.php HTTP/1.1" 200 61 "https://isekainonbirinoukachapters.com/manga/farming-life-in-another-world-chapter-22/" "Mozilla/5.0 (Linux; Android 10; K) AppleWebKit/537.36 (KHTML, like Gecko) Chrome/137.0.0.0 Mobile Safari/537.36"
136.158.16.157 - - [08/Jun/2025:13:14:34 -0400] "GET /manga/farming-life-in-another-world-chapter-252/ HTTP/1.1" 304 0 "https://isekainonbirinoukachapters.com/" "Mozilla/5.0 (Linux; Android 10; K) AppleWebKit/537.36 (KHTML, like Gecko) Chrome/136.0.0.0 Mobile Safari/537.36"
136.158.16.157 - - [08/Jun/2025:13:14:34 -0400] "GET / HTTP/1.1" 304 0 "https://isekainonbirinoukachapters.com/manga/farming-life-in-another-world-chapter-252/" "Mozilla/5.0 (Linux; Android 10; K) AppleWebKit/537.36 (KHTML, like Gecko) Chrome/136.0.0.0 Mobile Safari/537.36"
47.79.117.252 - - [08/Jun/2025:13:14:37 -0400] "GET /category/isekai-nonbiri-nouka/page/13/ HTTP/1.1" 200 33284 "https://isekainonbirinoukachapters.com/category/isekai-nonbiri-nouka/page/13/" "Mozilla/5.0 (Windows NT 10.0; Win64; x64) AppleWebKit/537.36 (KHTML, like Gecko) Chrome/114.0.0.0 Safari/537.36 Edg/114.0.1823.43"
136.158.16.157 - - [08/Jun/2025:13:14:39 -0400] "GET /manga/farming-life-in-another-world-chapter-251/ HTTP/1.1" 200 34571 "https://isekainonbirinoukachapters.com/" "Mozilla/5.0 (Linux; Android 10; K) AppleWebKit/537.36 (KHTML, like Gecko) Chrome/136.0.0.0 Mobile Safari/537.36"
136.158.16.157 - - [08/Jun/2025:13:14:39 -0400] "GET /manga/farming-life-in-another-world-chapter-251/ HTTP/1.1" 304 0 "https://isekainonbirinoukachapters.com/" "Mozilla/5.0 (Linux; Android 10; K) AppleWebKit/537.36 (KHTML, like Gecko) Chrome/136.0.0.0 Mobile Safari/537.36"
136.158.16.157 - - [08/Jun/2025:13:14:40 -0400] "GET / HTTP/1.1" 304 0 "https://isekainonbirinoukachapters.com/manga/farming-life-in-another-world-chapter-251/" "Mozilla/5.0 (Linux; Android 10; K) AppleWebKit/537.36 (KHTML, like Gecko) Chrome/136.0.0.0 Mobile Safari/537.36"
136.158.16.157 - - [08/Jun/2025:13:14:40 -0400] "GET / HTTP/1.1" 304 0 "https://isekainonbirinoukachapters.com/manga/farming-life-in-another-world-chapter-251/" "Mozilla/5.0 (Linux; Android 10; K) AppleWebKit/537.36 (KHTML, like Gecko) Chrome/136.0.0.0 Mobile Safari/537.36"
136.158.16.157 - - [08/Jun/2025:13:14:40 -0400] "POST /wp-admin/admin-ajax.php HTTP/1.1" 200 61 "https://isekainonbirinoukachapters.com/manga/farming-life-in-another-world-chapter-251/" "Mozilla/5.0 (Linux; Android 10; K) AppleWebKit/537.36 (KHTML, like Gecko) Chrome/136.0.0.0 Mobile Safari/537.36"
2404:160:a024:8a6f:e9bd:762e:6cca:b534 - - [08/Jun/2025:13:14:41 -0400] "GET /manga/farming-life-in-another-world-chapter-23/ HTTP/1.1" 304 0 "https://isekainonbirinoukachapters.com/" "Mozilla/5.0 (Linux; Android 10; K) AppleWebKit/537.36 (KHTML, like Gecko) Chrome/137.0.0.0 Mobile Safari/537.36"
2404:160:a024:8a6f:e9bd:762e:6cca:b534 - - [08/Jun/2025:13:14:42 -0400] "GET /manga/farming-life-in-another-world-chapter-23/ HTTP/1.1" 304 0 "https://isekainonbirinoukachapters.com/" "Mozilla/5.0 (Linux; Android 10; K) AppleWebKit/537.36 (KHTML, like Gecko) Chrome/137.0.0.0 Mobile Safari/537.36"
2404:160:a024:8a6f:e9bd:762e:6cca:b534 - - [08/Jun/2025:13:14:42 -0400] "POST /wp-admin/admin-ajax.php HTTP/1.1" 200 61 "https://isekainonbirinoukachapters.com/manga/farming-life-in-another-world-chapter-23/" "Mozilla/5.0 (Linux; Android 10; K) AppleWebKit/537.36 (KHTML, like Gecko) Chrome/137.0.0.0 Mobile Safari/537.36"
136.158.16.157 - - [08/Jun/2025:13:14:43 -0400] "GET /manga/farming-life-in-another-world-chapter-250/ HTTP/1.1" 200 34569 "https://isekainonbirinoukachapters.com/" "Mozilla/5.0 (Linux; Android 10; K) AppleWebKit/537.36 (KHTML, like Gecko) Chrome/136.0.0.0 Mobile Safari/537.36"
136.158.16.157 - - [08/Jun/2025:13:14:44 -0400] "GET /manga/farming-life-in-another-world-chapter-250/ HTTP/1.1" 304 0 "https://isekainonbirinoukachapters.com/" "Mozilla/5.0 (Linux; Android 10; K) AppleWebKit/537.36 (KHTML, like Gecko) Chrome/136.0.0.0 Mobile Safari/537.36"
136.158.16.157 - - [08/Jun/2025:13:14:44 -0400] "GET /manga/farming-life-in-another-world-chapter-249/ HTTP/1.1" 200 34583 "https://isekainonbirinoukachapters.com/" "Mozilla/5.0 (Linux; Android 10; K) AppleWebKit/537.36 (KHTML, like Gecko) Chrome/136.0.0.0 Mobile Safari/537.36"
136.158.16.157 - - [08/Jun/2025:13:14:44 -0400] "GET /manga/farming-life-in-another-world-chapter-249/ HTTP/1.1" 304 0 "https://isekainonbirinoukachapters.com/" "Mozilla/5.0 (Linux; Android 10; K) AppleWebKit/537.36 (KHTML, like Gecko) Chrome/136.0.0.0 Mobile Safari/537.36"
136.158.16.157 - - [08/Jun/2025:13:14:45 -0400] "GET / HTTP/1.1" 304 0 "https://isekainonbirinoukachapters.com/manga/farming-life-in-another-world-chapter-249/" "Mozilla/5.0 (Linux; Android 10; K) AppleWebKit/537.36 (KHTML, like Gecko) Chrome/136.0.0.0 Mobile Safari/537.36"
136.158.16.157 - - [08/Jun/2025:13:14:45 -0400] "GET / HTTP/1.1" 304 0 "https://isekainonbirinoukachapters.com/manga/farming-life-in-another-world-chapter-249/" "Mozilla/5.0 (Linux; Android 10; K) AppleWebKit/537.36 (KHTML, like Gecko) Chrome/136.0.0.0 Mobile Safari/537.36"
136.158.16.157 - - [08/Jun/2025:13:14:46 -0400] "GET /manga/farming-life-in-another-world-chapter-249/ HTTP/1.1" 304 0 "https://isekainonbirinoukachapters.com/" "Mozilla/5.0 (Linux; Android 10; K) AppleWebKit/537.36 (KHTML, like Gecko) Chrome/136.0.0.0 Mobile Safari/537.36"
136.158.16.157 - - [08/Jun/2025:13:14:45 -0400] "POST /wp-admin/admin-ajax.php HTTP/1.1" 200 0 "https://isekainonbirinoukachapters.com/manga/farming-life-in-another-world-chapter-249/" "Mozilla/5.0 (Linux; Android 10; K) AppleWebKit/537.36 (KHTML, like Gecko) Chrome/136.0.0.0 Mobile Safari/537.36"
2404:160:a024:8a6f:e9bd:762e:6cca:b534 - - [08/Jun/2025:13:14:47 -0400] "GET /manga/farming-life-in-another-world-chapter-24/ HTTP/1.1" 200 34265 "https://isekainonbirinoukachapters.com/" "Mozilla/5.0 (Linux; Android 10; K) AppleWebKit/537.36 (KHTML, like Gecko) Chrome/137.0.0.0 Mobile Safari/537.36"
136.158.16.157 - - [08/Jun/2025:13:14:46 -0400] "POST /wp-admin/admin-ajax.php HTTP/1.1" 200 61 "https://isekainonbirinoukachapters.com/manga/farming-life-in-another-world-chapter-249/" "Mozilla/5.0 (Linux; Android 10; K) AppleWebKit/537.36 (KHTML, like Gecko) Chrome/136.0.0.0 Mobile Safari/537.36"
2404:160:a024:8a6f:e9bd:762e:6cca:b534 - - [08/Jun/2025:13:14:48 -0400] "GET /manga/farming-life-in-another-world-chapter-24/ HTTP/1.1" 304 0 "https://isekainonbirinoukachapters.com/" "Mozilla/5.0 (Linux; Android 10; K) AppleWebKit/537.36 (KHTML, like Gecko) Chrome/137.0.0.0 Mobile Safari/537.36"
2401:5100:302:6a26:dc17:68ce:131d:f00a - - [08/Jun/2025:13:14:52 -0400] "GET /manga/farming-life-in-another-world-chapter-7/ HTTP/1.1" 200 34651 "https://isekainonbirinoukachapters.com/manga/farming-life-in-another-world-chapter-6/" "Mozilla/5.0 (Linux; Android 10; K) AppleWebKit/537.36 (KHTML, like Gecko) Chrome/135.0.0.0 Mobile Safari/537.36 OPR/89.0.0.0"
2401:5100:302:6a26:dc17:68ce:131d:f00a - - [08/Jun/2025:13:14:53 -0400] "GET /manga/farming-life-in-another-world-chapter-7/ HTTP/1.1" 304 0 "https://isekainonbirinoukachapters.com/manga/farming-life-in-another-world-chapter-6/" "Mozilla/5.0 (Linux; Android 10; K) AppleWebKit/537.36 (KHTML, like Gecko) Chrome/135.0.0.0 Mobile Safari/537.36 OPR/89.0.0.0"
2404:160:a024:8a6f:e9bd:762e:6cca:b534 - - [08/Jun/2025:13:14:53 -0400] "GET /manga/farming-life-in-another-world-chapter-26/ HTTP/1.1" 200 34569 "https://isekainonbirinoukachapters.com/" "Mozilla/5.0 (Linux; Android 10; K) AppleWebKit/537.36 (KHTML, like Gecko) Chrome/137.0.0.0 Mobile Safari/537.36"
2404:160:a024:8a6f:e9bd:762e:6cca:b534 - - [08/Jun/2025:13:14:54 -0400] "GET /manga/farming-life-in-another-world-chapter-26/ HTTP/1.1" 304 0 "https://isekainonbirinoukachapters.com/" "Mozilla/5.0 (Linux; Android 10; K) AppleWebKit/537.36 (KHTML, like Gecko) Chrome/137.0.0.0 Mobile Safari/537.36"
2404:160:a024:8a6f:e9bd:762e:6cca:b534 - - [08/Jun/2025:13:14:54 -0400] "GET /manga/farming-life-in-another-world-chapter-25/ HTTP/1.1" 304 0 "https://isekainonbirinoukachapters.com/" "Mozilla/5.0 (Linux; Android 10; K) AppleWebKit/537.36 (KHTML, like Gecko) Chrome/137.0.0.0 Mobile Safari/537.36"
2404:160:a024:8a6f:e9bd:762e:6cca:b534 - - [08/Jun/2025:13:14:54 -0400] "GET /manga/farming-life-in-another-world-chapter-25/ HTTP/1.1" 304 0 "https://isekainonbirinoukachapters.com/" "Mozilla/5.0 (Linux; Android 10; K) AppleWebKit/537.36 (KHTML, like Gecko) Chrome/137.0.0.0 Mobile Safari/537.36"
2401:5100:302:6a26:dc17:68ce:131d:f00a - - [08/Jun/2025:13:14:54 -0400] "POST /wp-admin/admin-ajax.php HTTP/1.1" 200 61 "https://isekainonbirinoukachapters.com/manga/farming-life-in-another-world-chapter-7/" "Mozilla/5.0 (Linux; Android 10; K) AppleWebKit/537.36 (KHTML, like Gecko) Chrome/135.0.0.0 Mobile Safari/537.36 OPR/89.0.0.0"
2404:160:a024:8a6f:e9bd:762e:6cca:b534 - - [08/Jun/2025:13:14:54 -0400] "POST /wp-admin/admin-ajax.php HTTP/1.1" 200 61 "https://isekainonbirinoukachapters.com/manga/farming-life-in-another-world-chapter-25/" "Mozilla/5.0 (Linux; Android 10; K) AppleWebKit/537.36 (KHTML, like Gecko) Chrome/137.0.0.0 Mobile Safari/537.36"
162.0.232.193 - - [08/Jun/2025:13:15:04 -0400] "POST /wp-cron.php?doing_wp_cron=1749402904.1671030521392822265625 HTTP/1.1" 200 0 "-" "WordPress/6.8.1; https://isekainonbirinoukachapters.com"
2404:160:a024:8a6f:e9bd:762e:6cca:b534 - - [08/Jun/2025:13:15:03 -0400] "POST /wp-admin/admin-ajax.php HTTP/1.1" 200 61 "https://isekainonbirinoukachapters.com/manga/farming-life-in-another-world-chapter-26/" "Mozilla/5.0 (Linux; Android 10; K) AppleWebKit/537.36 (KHTML, like Gecko) Chrome/137.0.0.0 Mobile Safari/537.36"
2404:160:a024:8a6f:e9bd:762e:6cca:b534 - - [08/Jun/2025:13:15:11 -0400] "GET /manga/farming-life-in-another-world-chapter-27/ HTTP/1.1" 200 34599 "https://isekainonbirinoukachapters.com/" "Mozilla/5.0 (Linux; Android 10; K) AppleWebKit/537.36 (KHTML, like Gecko) Chrome/137.0.0.0 Mobile Safari/537.36"
2404:160:a024:8a6f:e9bd:762e:6cca:b534 - - [08/Jun/2025:13:15:12 -0400] "GET /manga/farming-life-in-another-world-chapter-27/ HTTP/1.1" 304 0 "https://isekainonbirinoukachapters.com/" "Mozilla/5.0 (Linux; Android 10; K) AppleWebKit/537.36 (KHTML, like Gecko) Chrome/137.0.0.0 Mobile Safari/537.36"
2404:160:a024:8a6f:e9bd:762e:6cca:b534 - - [08/Jun/2025:13:15:12 -0400] "POST /wp-admin/admin-ajax.php HTTP/1.1" 200 61 "https://isekainonbirinoukachapters.com/manga/farming-life-in-another-world-chapter-27/" "Mozilla/5.0 (Linux; Android 10; K) AppleWebKit/537.36 (KHTML, like Gecko) Chrome/137.0.0.0 Mobile Safari/537.36"
180.190.26.134 - - [08/Jun/2025:13:15:14 -0400] "GET /manga/farming-life-in-another-world-chapter-252/ HTTP/1.1" 200 34241 "https://isekainonbirinoukachapters.com/manga/farming-life-in-another-world-chapter-251/" "Mozilla/5.0 (Linux; Android 10; K) AppleWebKit/537.36 (KHTML, like Gecko) Chrome/137.0.0.0 Mobile Safari/537.36"
180.190.26.134 - - [08/Jun/2025:13:15:14 -0400] "GET /manga/farming-life-in-another-world-chapter-252/ HTTP/1.1" 304 0 "https://isekainonbirinoukachapters.com/manga/farming-life-in-another-world-chapter-251/" "Mozilla/5.0 (Linux; Android 10; K) AppleWebKit/537.36 (KHTML, like Gecko) Chrome/137.0.0.0 Mobile Safari/537.36"
2404:160:a024:8a6f:e9bd:762e:6cca:b534 - - [08/Jun/2025:13:15:16 -0400] "GET /manga/farming-life-in-another-world-chapter-28/ HTTP/1.1" 200 34664 "https://isekainonbirinoukachapters.com/" "Mozilla/5.0 (Linux; Android 10; K) AppleWebKit/537.36 (KHTML, like Gecko) Chrome/137.0.0.0 Mobile Safari/537.36"
2404:160:a024:8a6f:e9bd:762e:6cca:b534 - - [08/Jun/2025:13:15:17 -0400] "GET /manga/farming-life-in-another-world-chapter-28/ HTTP/1.1" 304 0 "https://isekainonbirinoukachapters.com/" "Mozilla/5.0 (Linux; Android 10; K) AppleWebKit/537.36 (KHTML, like Gecko) Chrome/137.0.0.0 Mobile Safari/537.36"
2404:160:a024:8a6f:e9bd:762e:6cca:b534 - - [08/Jun/2025:13:15:17 -0400] "POST /wp-admin/admin-ajax.php HTTP/1.1" 200 61 "https://isekainonbirinoukachapters.com/manga/farming-life-in-another-world-chapter-28/" "Mozilla/5.0 (Linux; Android 10; K) AppleWebKit/537.36 (KHTML, like Gecko) Chrome/137.0.0.0 Mobile Safari/537.36"
162.0.232.193 - - [08/Jun/2025:13:15:24 -0400] "POST /wp-cron.php?doing_wp_cron=1749402924.1000120639801025390625 HTTP/1.1" 200 0 "-" "WordPress/6.8.1; https://isekainonbirinoukachapters.com"
43.166.131.228 - - [08/Jun/2025:13:15:23 -0400] "GET /embed/ HTTP/1.1" 301 0 "-" "Mozilla/5.0 (iPhone; CPU iPhone OS 13_2_3 like Mac OS X) AppleWebKit/605.1.15 (KHTML, like Gecko) Version/13.0.3 Mobile/15E148 Safari/604.1"
43.166.131.228 - - [08/Jun/2025:13:15:28 -0400] "GET / HTTP/1.1" 200 32311 "https://isekainonbirinoukachapters.com/embed/" "Mozilla/5.0 (iPhone; CPU iPhone OS 13_2_3 like Mac OS X) AppleWebKit/605.1.15 (KHTML, like Gecko) Version/13.0.3 Mobile/15E148 Safari/604.1"
2404:160:a024:8a6f:e9bd:762e:6cca:b534 - - [08/Jun/2025:13:15:38 -0400] "GET /manga/farming-life-in-another-world-chapter-29/ HTTP/1.1" 200 34669 "https://isekainonbirinoukachapters.com/" "Mozilla/5.0 (Linux; Android 10; K) AppleWebKit/537.36 (KHTML, like Gecko) Chrome/137.0.0.0 Mobile Safari/537.36"
2404:160:a024:8a6f:e9bd:762e:6cca:b534 - - [08/Jun/2025:13:15:38 -0400] "GET /manga/farming-life-in-another-world-chapter-29/ HTTP/1.1" 304 0 "https://isekainonbirinoukachapters.com/" "Mozilla/5.0 (Linux; Android 10; K) AppleWebKit/537.36 (KHTML, like Gecko) Chrome/137.0.0.0 Mobile Safari/537.36"
162.0.232.193 - - [08/Jun/2025:13:15:39 -0400] "POST /wp-cron.php?doing_wp_cron=1749402939.2172811031341552734375 HTTP/1.1" 200 0 "-" "WordPress/6.8.1; https://isekainonbirinoukachapters.com"
2404:160:a024:8a6f:e9bd:762e:6cca:b534 - - [08/Jun/2025:13:15:38 -0400] "POST /wp-admin/admin-ajax.php HTTP/1.1" 200 61 "https://isekainonbirinoukachapters.com/manga/farming-life-in-another-world-chapter-29/" "Mozilla/5.0 (Linux; Android 10; K) AppleWebKit/537.36 (KHTML, like Gecko) Chrome/137.0.0.0 Mobile Safari/537.36"
2404:160:a024:8a6f:e9bd:762e:6cca:b534 - - [08/Jun/2025:13:15:46 -0400] "GET /manga/farming-life-in-another-world-chapter-30/ HTTP/1.1" 200 34665 "https://isekainonbirinoukachapters.com/" "Mozilla/5.0 (Linux; Android 10; K) AppleWebKit/537.36 (KHTML, like Gecko) Chrome/137.0.0.0 Mobile Safari/537.36"
2404:160:a024:8a6f:e9bd:762e:6cca:b534 - - [08/Jun/2025:13:15:46 -0400] "GET /manga/farming-life-in-another-world-chapter-30/ HTTP/1.1" 304 0 "https://isekainonbirinoukachapters.com/" "Mozilla/5.0 (Linux; Android 10; K) AppleWebKit/537.36 (KHTML, like Gecko) Chrome/137.0.0.0 Mobile Safari/537.36"
162.0.232.193 - - [08/Jun/2025:13:15:47 -0400] "POST /wp-cron.php?doing_wp_cron=1749402947.2372429370880126953125 HTTP/1.1" 200 0 "-" "WordPress/6.8.1; https://isekainonbirinoukachapters.com"
2404:160:a024:8a6f:e9bd:762e:6cca:b534 - - [08/Jun/2025:13:15:46 -0400] "POST /wp-admin/admin-ajax.php HTTP/1.1" 200 61 "https://isekainonbirinoukachapters.com/manga/farming-life-in-another-world-chapter-30/" "Mozilla/5.0 (Linux; Android 10; K) AppleWebKit/537.36 (KHTML, like Gecko) Chrome/137.0.0.0 Mobile Safari/537.36"
136.158.16.157 - - [08/Jun/2025:13:15:57 -0400] "GET /manga/farming-life-in-another-world-chapter-248/ HTTP/1.1" 200 34180 "https://isekainonbirinoukachapters.com/" "Mozilla/5.0 (Linux; Android 10; K) AppleWebKit/537.36 (KHTML, like Gecko) Chrome/136.0.0.0 Mobile Safari/537.36"
136.158.16.157 - - [08/Jun/2025:13:15:57 -0400] "GET /manga/farming-life-in-another-world-chapter-248/ HTTP/1.1" 304 0 "https://isekainonbirinoukachapters.com/" "Mozilla/5.0 (Linux; Android 10; K) AppleWebKit/537.36 (KHTML, like Gecko) Chrome/136.0.0.0 Mobile Safari/537.36"
136.158.16.157 - - [08/Jun/2025:13:16:14 -0400] "GET /manga/farming-life-in-another-world-chapter-247/ HTTP/1.1" 200 34571 "https://isekainonbirinoukachapters.com/" "Mozilla/5.0 (Linux; Android 10; K) AppleWebKit/537.36 (KHTML, like Gecko) Chrome/136.0.0.0 Mobile Safari/537.36"
136.158.16.157 - - [08/Jun/2025:13:16:15 -0400] "GET /manga/farming-life-in-another-world-chapter-247/ HTTP/1.1" 304 0 "https://isekainonbirinoukachapters.com/" "Mozilla/5.0 (Linux; Android 10; K) AppleWebKit/537.36 (KHTML, like Gecko) Chrome/136.0.0.0 Mobile Safari/537.36"
162.0.232.193 - - [08/Jun/2025:13:16:15 -0400] "POST /wp-cron.php?doing_wp_cron=1749402975.6721711158752441406250 HTTP/1.1" 200 0 "-" "WordPress/6.8.1; https://isekainonbirinoukachapters.com"
136.158.16.157 - - [08/Jun/2025:13:16:15 -0400] "POST /wp-admin/admin-ajax.php HTTP/1.1" 200 61 "https://isekainonbirinoukachapters.com/manga/farming-life-in-another-world-chapter-247/" "Mozilla/5.0 (Linux; Android 10; K) AppleWebKit/537.36 (KHTML, like Gecko) Chrome/136.0.0.0 Mobile Safari/537.36"
93.124.253.192 - - [08/Jun/2025:13:16:17 -0400] "GET /manga/farming-life-in-another-world-chapter-36/ HTTP/1.1" 200 34546 "https://isekainonbirinoukachapters.com/manga/farming-life-in-another-world-chapter-35/" "Mozilla/5.0 (Windows NT 10.0; Win64; x64) AppleWebKit/537.36 (KHTML, like Gecko) Chrome/134.0.0.0 Safari/537.36 OPR/119.0.0.0"
93.124.253.192 - - [08/Jun/2025:13:16:18 -0400] "GET /manga/farming-life-in-another-world-chapter-36/ HTTP/1.1" 304 0 "https://isekainonbirinoukachapters.com/manga/farming-life-in-another-world-chapter-35/" "Mozilla/5.0 (Windows NT 10.0; Win64; x64) AppleWebKit/537.36 (KHTML, like Gecko) Chrome/134.0.0.0 Safari/537.36 OPR/119.0.0.0"
162.0.232.193 - - [08/Jun/2025:13:16:18 -0400] "GET /wp-content/uploads/89b93a66fa29a678cbd60ff176e1ea9a_1973.xml HTTP/1.1" 200 1499 "-" "Mozilla/5.0 (X11; Linux x86_64) AppleWebKit/537.36 (KHTML, like Gecko) Ubuntu Chromium/41.0.2272.76"
93.124.253.192 - - [08/Jun/2025:13:16:18 -0400] "POST /wp-admin/admin-ajax.php HTTP/1.1" 200 61 "https://isekainonbirinoukachapters.com/manga/farming-life-in-another-world-chapter-36/" "Mozilla/5.0 (Windows NT 10.0; Win64; x64) AppleWebKit/537.36 (KHTML, like Gecko) Chrome/134.0.0.0 Safari/537.36 OPR/119.0.0.0"
49.148.7.220 - - [08/Jun/2025:13:16:23 -0400] "GET /manga/farming-life-in-another-world-chapter-27/ HTTP/1.1" 200 34650 "https://isekainonbirinoukachapters.com/" "Mozilla/5.0 (Linux; Android 10; K) AppleWebKit/537.36 (KHTML, like Gecko) Chrome/118.0.0.0 Mobile Safari/537.36"
49.148.7.220 - - [08/Jun/2025:13:16:23 -0400] "GET /manga/farming-life-in-another-world-chapter-45/ HTTP/1.1" 200 34135 "https://isekainonbirinoukachapters.com/" "Mozilla/5.0 (Linux; Android 10; K) AppleWebKit/537.36 (KHTML, like Gecko) Chrome/118.0.0.0 Mobile Safari/537.36"
49.148.7.220 - - [08/Jun/2025:13:16:24 -0400] "GET /manga/farming-life-in-another-world-chapter-77/ HTTP/1.1" 200 34137 "https://isekainonbirinoukachapters.com/" "Mozilla/5.0 (Linux; Android 10; K) AppleWebKit/537.36 (KHTML, like Gecko) Chrome/118.0.0.0 Mobile Safari/537.36"
2404:160:a024:8a6f:e9bd:762e:6cca:b534 - - [08/Jun/2025:13:16:23 -0400] "POST /wp-admin/admin-ajax.php HTTP/1.1" 200 61 "https://isekainonbirinoukachapters.com/manga/farming-life-in-another-world-chapter-29/" "Mozilla/5.0 (Linux; Android 10; K) AppleWebKit/537.36 (KHTML, like Gecko) Chrome/137.0.0.0 Mobile Safari/537.36"
