2001:8003:6d42:1800:ecea:ae05:db5f:3759 - - [08/Jun/2025:07:59:48 -0400] "GET /manga/farming-life-in-another-world-chapter-7/ HTTP/1.1" 304 0 "https://isekainonbirinoukachapters.com/manga/farming-life-in-another-world-chapter-6/" "Mozilla/5.0 (Macintosh; Intel Mac OS X 10_15_7) AppleWebKit/537.36 (KHTML, like Gecko) Chrome/137.0.0.0 Safari/537.36"
2001:8003:6d42:1800:ecea:ae05:db5f:3759 - - [08/Jun/2025:07:59:48 -0400] "GET / HTTP/1.1" 200 32286 "https://isekainonbirinoukachapters.com/manga/farming-life-in-another-world-chapter-7/" "Mozilla/5.0 (Macintosh; Intel Mac OS X 10_15_7) AppleWebKit/537.36 (KHTML, like Gecko) Chrome/137.0.0.0 Safari/537.36"
2001:8003:6d42:1800:ecea:ae05:db5f:3759 - - [08/Jun/2025:07:59:58 -0400] "POST /wp-admin/admin-ajax.php HTTP/1.1" 200 61 "https://isekainonbirinoukachapters.com/manga/farming-life-in-another-world-chapter-5/" "Mozilla/5.0 (Macintosh; Intel Mac OS X 10_15_7) AppleWebKit/537.36 (KHTML, like Gecko) Chrome/137.0.0.0 Safari/537.36"
2001:8003:6d42:1800:ecea:ae05:db5f:3759 - - [08/Jun/2025:07:59:58 -0400] "POST /wp-admin/admin-ajax.php HTTP/1.1" 200 61 "https://isekainonbirinoukachapters.com/manga/farming-life-in-another-world-chapter-5/" "Mozilla/5.0 (Macintosh; Intel Mac OS X 10_15_7) AppleWebKit/537.36 (KHTML, like Gecko) Chrome/137.0.0.0 Safari/537.36"
47.82.60.31 - - [08/Jun/2025:08:00:48 -0400] "GET /manga/farming-life-in-another-world-chapter-204/ HTTP/1.1" 200 34098 "https://isekainonbirinoukachapters.com/manga/farming-life-in-another-world-chapter-204/" "Mozilla/5.0 (Windows NT 10.0; Win64; x64) AppleWebKit/537.36 (KHTML, like Gecko) Chrome/114.0.0.0 Safari/537.36 Edg/114.0.1823.43"
185.81.124.114 - - [08/Jun/2025:08:00:55 -0400] "GET /manga/farming-life-in-another-world-chapter-52/ HTTP/1.1" 200 34107 "https://isekainonbirinoukachapters.com/manga/farming-life-in-another-world-chapter-51/" "Mozilla/5.0 (Windows NT 10.0; Win64; x64) AppleWebKit/537.36 (KHTML, like Gecko) Chrome/137.0.0.0 Safari/537.36 Edg/137.0.0.0"
185.81.124.114 - - [08/Jun/2025:08:00:56 -0400] "GET /manga/farming-life-in-another-world-chapter-52/ HTTP/1.1" 304 0 "https://isekainonbirinoukachapters.com/manga/farming-life-in-another-world-chapter-51/" "Mozilla/5.0 (Windows NT 10.0; Win64; x64) AppleWebKit/537.36 (KHTML, like Gecko) Chrome/137.0.0.0 Safari/537.36 Edg/137.0.0.0"
185.81.124.114 - - [08/Jun/2025:08:00:56 -0400] "GET / HTTP/1.1" 304 0 "https://isekainonbirinoukachapters.com/manga/farming-life-in-another-world-chapter-52/" "Mozilla/5.0 (Windows NT 10.0; Win64; x64) AppleWebKit/537.36 (KHTML, like Gecko) Chrome/137.0.0.0 Safari/537.36 Edg/137.0.0.0"
2401:5100:300:2e35:dc17:68ce:131d:f00a - - [08/Jun/2025:08:01:19 -0400] "GET /manga/farming-life-in-another-world-chapter-2/ HTTP/1.1" 200 34751 "https://isekainonbirinoukachapters.com/manga/farming-life-in-another-world-chapter-1/" "Mozilla/5.0 (Linux; Android 10; K) AppleWebKit/537.36 (KHTML, like Gecko) Chrome/135.0.0.0 Mobile Safari/537.36 OPR/89.0.0.0"
2401:5100:300:2e35:dc17:68ce:131d:f00a - - [08/Jun/2025:08:01:21 -0400] "GET /manga/farming-life-in-another-world-chapter-2/ HTTP/1.1" 304 0 "https://isekainonbirinoukachapters.com/manga/farming-life-in-another-world-chapter-1/" "Mozilla/5.0 (Linux; Android 10; K) AppleWebKit/537.36 (KHTML, like Gecko) Chrome/135.0.0.0 Mobile Safari/537.36 OPR/89.0.0.0"
162.0.232.193 - - [08/Jun/2025:08:01:22 -0400] "POST /wp-cron.php?doing_wp_cron=1749384082.4899449348449707031250 HTTP/1.1" 200 0 "-" "WordPress/6.8.1; https://isekainonbirinoukachapters.com"
2401:5100:300:2e35:dc17:68ce:131d:f00a - - [08/Jun/2025:08:01:22 -0400] "POST /wp-admin/admin-ajax.php HTTP/1.1" 200 61 "https://isekainonbirinoukachapters.com/manga/farming-life-in-another-world-chapter-2/" "Mozilla/5.0 (Linux; Android 10; K) AppleWebKit/537.36 (KHTML, like Gecko) Chrome/135.0.0.0 Mobile Safari/537.36 OPR/89.0.0.0"
162.0.232.193 - - [08/Jun/2025:08:01:25 -0400] "GET /wp-content/uploads/89b93a66fa29a678cbd60ff176e1ea9a_1973.xml HTTP/1.1" 200 1499 "-" "Mozilla/5.0 (X11; Linux x86_64) AppleWebKit/537.36 (KHTML, like Gecko) Ubuntu Chromium/41.0.2272.76"
2401:5100:300:2e35:dc17:68ce:131d:f00a - - [08/Jun/2025:08:02:29 -0400] "GET /manga/farming-life-in-another-world-chapter-3/ HTTP/1.1" 200 34183 "https://isekainonbirinoukachapters.com/manga/farming-life-in-another-world-chapter-2/" "Mozilla/5.0 (Linux; Android 10; K) AppleWebKit/537.36 (KHTML, like Gecko) Chrome/135.0.0.0 Mobile Safari/537.36 OPR/89.0.0.0"
2401:5100:300:2e35:dc17:68ce:131d:f00a - - [08/Jun/2025:08:02:30 -0400] "GET /manga/farming-life-in-another-world-chapter-3/ HTTP/1.1" 304 0 "https://isekainonbirinoukachapters.com/manga/farming-life-in-another-world-chapter-2/" "Mozilla/5.0 (Linux; Android 10; K) AppleWebKit/537.36 (KHTML, like Gecko) Chrome/135.0.0.0 Mobile Safari/537.36 OPR/89.0.0.0"
47.82.60.41 - - [08/Jun/2025:08:03:33 -0400] "GET /manga/farming-life-in-another-world-chapter-97/ HTTP/1.1" 200 34509 "https://isekainonbirinoukachapters.com/manga/farming-life-in-another-world-chapter-97/" "Mozilla/5.0 (Windows NT 10.0; Win64; x64) AppleWebKit/537.36 (KHTML, like Gecko) Chrome/114.0.0.0 Safari/537.36 Edg/114.0.1823.43"
185.81.124.114 - - [08/Jun/2025:08:03:41 -0400] "GET /manga/farming-life-in-another-world-chapter-53/ HTTP/1.1" 200 34108 "https://isekainonbirinoukachapters.com/manga/farming-life-in-another-world-chapter-52/" "Mozilla/5.0 (Windows NT 10.0; Win64; x64) AppleWebKit/537.36 (KHTML, like Gecko) Chrome/137.0.0.0 Safari/537.36 Edg/137.0.0.0"
185.81.124.114 - - [08/Jun/2025:08:03:42 -0400] "GET /manga/farming-life-in-another-world-chapter-53/ HTTP/1.1" 304 0 "https://isekainonbirinoukachapters.com/manga/farming-life-in-another-world-chapter-52/" "Mozilla/5.0 (Windows NT 10.0; Win64; x64) AppleWebKit/537.36 (KHTML, like Gecko) Chrome/137.0.0.0 Safari/537.36 Edg/137.0.0.0"
2401:5100:300:2e35:dc17:68ce:131d:f00a - - [08/Jun/2025:08:03:49 -0400] "GET /manga/farming-life-in-another-world-chapter-4/ HTTP/1.1" 200 34647 "https://isekainonbirinoukachapters.com/manga/farming-life-in-another-world-chapter-3/" "Mozilla/5.0 (Linux; Android 10; K) AppleWebKit/537.36 (KHTML, like Gecko) Chrome/135.0.0.0 Mobile Safari/537.36 OPR/89.0.0.0"
2401:5100:300:2e35:dc17:68ce:131d:f00a - - [08/Jun/2025:08:03:49 -0400] "GET /manga/farming-life-in-another-world-chapter-4/ HTTP/1.1" 304 0 "https://isekainonbirinoukachapters.com/manga/farming-life-in-another-world-chapter-3/" "Mozilla/5.0 (Linux; Android 10; K) AppleWebKit/537.36 (KHTML, like Gecko) Chrome/135.0.0.0 Mobile Safari/537.36 OPR/89.0.0.0"
162.0.232.193 - - [08/Jun/2025:08:03:50 -0400] "POST /wp-cron.php?doing_wp_cron=1749384230.7104420661926269531250 HTTP/1.1" 200 0 "-" "WordPress/6.8.1; https://isekainonbirinoukachapters.com"
2401:5100:300:2e35:dc17:68ce:131d:f00a - - [08/Jun/2025:08:03:50 -0400] "POST /wp-admin/admin-ajax.php HTTP/1.1" 200 61 "https://isekainonbirinoukachapters.com/manga/farming-life-in-another-world-chapter-4/" "Mozilla/5.0 (Linux; Android 10; K) AppleWebKit/537.36 (KHTML, like Gecko) Chrome/135.0.0.0 Mobile Safari/537.36 OPR/89.0.0.0"
162.0.232.193 - - [08/Jun/2025:08:03:52 -0400] "GET /wp-content/uploads/89b93a66fa29a678cbd60ff176e1ea9a_1973.xml HTTP/1.1" 200 1499 "-" "Mozilla/5.0 (X11; Linux x86_64) AppleWebKit/537.36 (KHTML, like Gecko) Ubuntu Chromium/41.0.2272.76"
47.82.60.216 - - [08/Jun/2025:08:04:25 -0400] "GET /manga/farming-life-in-another-world-chapter-242/ HTTP/1.1" 200 34011 "https://isekainonbirinoukachapters.com/manga/farming-life-in-another-world-chapter-242/" "Mozilla/5.0 (Windows NT 10.0; Win64; x64) AppleWebKit/537.36 (KHTML, like Gecko) Chrome/114.0.0.0 Safari/537.36 Edg/114.0.1823.43"
43.157.22.57 - - [08/Jun/2025:08:04:27 -0400] "GET /wp-json/oembed/1.0/embed?url=https%3A%2F%2Fisekainonbirinoukachapters.com%2Fmanga%2Ffarming-life-in-another-world-chapter-29%2F&format=xml HTTP/1.1" 200 1191 "-" "Mozilla/5.0 (iPhone; CPU iPhone OS 13_2_3 like Mac OS X) AppleWebKit/605.1.15 (KHTML, like Gecko) Version/13.0.3 Mobile/15E148 Safari/604.1"
47.82.60.41 - - [08/Jun/2025:08:04:35 -0400] "GET /manga/farming-life-in-another-world-chapter-153/ HTTP/1.1" 200 34539 "https://isekainonbirinoukachapters.com/manga/farming-life-in-another-world-chapter-153/" "Mozilla/5.0 (Windows NT 10.0; Win64; x64) AppleWebKit/537.36 (KHTML, like Gecko) Chrome/114.0.0.0 Safari/537.36 Edg/114.0.1823.43"
47.82.60.209 - - [08/Jun/2025:08:04:56 -0400] "GET /manga/farming-life-in-another-world-chapter-9/ HTTP/1.1" 200 34683 "https://isekainonbirinoukachapters.com/manga/farming-life-in-another-world-chapter-9/" "Mozilla/5.0 (Windows NT 10.0; Win64; x64) AppleWebKit/537.36 (KHTML, like Gecko) Chrome/114.0.0.0 Safari/537.36 Edg/114.0.1823.43"
162.0.232.193 - - [08/Jun/2025:08:05:37 -0400] "POST /wp-cron.php?doing_wp_cron=1749384337.7003090381622314453125 HTTP/1.1" 200 0 "-" "WordPress/6.8.1; https://isekainonbirinoukachapters.com"
114.119.138.230 - - [08/Jun/2025:08:05:37 -0400] "GET /category/isekai-nonbiri-nouka/page/23/ HTTP/1.1" 200 33438 "https://isekainonbirinoukachapters.com/category/isekai-nonbiri-nouka/page/24/" "Mozilla/5.0 (Linux; Android 7.0;) AppleWebKit/537.36 (KHTML, like Gecko) Mobile Safari/537.36 (compatible; PetalBot;+https://webmaster.petalsearch.com/site/petalbot)"
162.0.232.193 - - [08/Jun/2025:08:05:39 -0400] "GET /wp-content/uploads/89b93a66fa29a678cbd60ff176e1ea9a_1973.xml HTTP/1.1" 200 1499 "-" "Mozilla/5.0 (X11; Linux x86_64) AppleWebKit/537.36 (KHTML, like Gecko) Ubuntu Chromium/41.0.2272.76"
2001:4860:7:805::70 - - [08/Jun/2025:08:06:05 -0400] "GET / HTTP/1.1" 200 32523 "https://www.google.com/" "Mozilla/5.0 (Linux; Android 10; K) AppleWebKit/537.36 (KHTML, like Gecko) Chrome/136.0.0.0 Mobile Safari/537.36"
2409:4052:4e9d:5ffc::4ca:213 - - [08/Jun/2025:08:06:09 -0400] "GET / HTTP/1.1" 200 32373 "https://isekainonbirinoukachapters.com/" "Mozilla/5.0 (Linux; Android 10; K) AppleWebKit/537.36 (KHTML, like Gecko) Chrome/136.0.0.0 Mobile Safari/537.36"
2409:4052:4e9d:5ffc::4ca:213 - - [08/Jun/2025:08:06:10 -0400] "GET / HTTP/1.1" 304 0 "https://isekainonbirinoukachapters.com/" "Mozilla/5.0 (Linux; Android 10; K) AppleWebKit/537.36 (KHTML, like Gecko) Chrome/136.0.0.0 Mobile Safari/537.36"
2409:4052:4e9d:5ffc::4ca:213 - - [08/Jun/2025:08:06:11 -0400] "GET /manga/farming-life-in-another-world-chapter-9/ HTTP/1.1" 200 34056 "https://isekainonbirinoukachapters.com/" "Mozilla/5.0 (Linux; Android 10; K) AppleWebKit/537.36 (KHTML, like Gecko) Chrome/136.0.0.0 Mobile Safari/537.36"
2409:4052:4e9d:5ffc::4ca:213 - - [08/Jun/2025:08:06:11 -0400] "GET /manga/farming-life-in-another-world-chapter-9/ HTTP/1.1" 304 0 "https://isekainonbirinoukachapters.com/" "Mozilla/5.0 (Linux; Android 10; K) AppleWebKit/537.36 (KHTML, like Gecko) Chrome/136.0.0.0 Mobile Safari/537.36"
2409:4052:4e9d:5ffc::4ca:213 - - [08/Jun/2025:08:06:12 -0400] "GET /manga/farming-life-in-another-world-chapter-14/ HTTP/1.1" 200 34106 "https://isekainonbirinoukachapters.com/" "Mozilla/5.0 (Linux; Android 10; K) AppleWebKit/537.36 (KHTML, like Gecko) Chrome/136.0.0.0 Mobile Safari/537.36"
2409:4052:4e9d:5ffc::4ca:213 - - [08/Jun/2025:08:06:13 -0400] "GET /manga/farming-life-in-another-world-chapter-14/ HTTP/1.1" 304 0 "https://isekainonbirinoukachapters.com/" "Mozilla/5.0 (Linux; Android 10; K) AppleWebKit/537.36 (KHTML, like Gecko) Chrome/136.0.0.0 Mobile Safari/537.36"
2409:4052:4e9d:5ffc::4ca:213 - - [08/Jun/2025:08:06:13 -0400] "GET /manga/farming-life-in-another-world-chapter-76/ HTTP/1.1" 200 34665 "https://isekainonbirinoukachapters.com/" "Mozilla/5.0 (Linux; Android 10; K) AppleWebKit/537.36 (KHTML, like Gecko) Chrome/136.0.0.0 Mobile Safari/537.36"
2409:4052:4e9d:5ffc::4ca:213 - - [08/Jun/2025:08:06:13 -0400] "GET /manga/farming-life-in-another-world-chapter-76/ HTTP/1.1" 304 0 "https://isekainonbirinoukachapters.com/" "Mozilla/5.0 (Linux; Android 10; K) AppleWebKit/537.36 (KHTML, like Gecko) Chrome/136.0.0.0 Mobile Safari/537.36"
2409:4052:4e9d:5ffc::4ca:213 - - [08/Jun/2025:08:06:14 -0400] "GET /manga/farming-life-in-another-world-chapter-112/ HTTP/1.1" 200 34685 "https://isekainonbirinoukachapters.com/" "Mozilla/5.0 (Linux; Android 10; K) AppleWebKit/537.36 (KHTML, like Gecko) Chrome/136.0.0.0 Mobile Safari/537.36"
2409:4052:4e9d:5ffc::4ca:213 - - [08/Jun/2025:08:06:14 -0400] "GET /manga/farming-life-in-another-world-chapter-112/ HTTP/1.1" 304 0 "https://isekainonbirinoukachapters.com/" "Mozilla/5.0 (Linux; Android 10; K) AppleWebKit/537.36 (KHTML, like Gecko) Chrome/136.0.0.0 Mobile Safari/537.36"
2409:4052:4e9d:5ffc::4ca:213 - - [08/Jun/2025:08:06:15 -0400] "GET /manga/farming-life-in-another-world-chapter-173/ HTTP/1.1" 200 34387 "https://isekainonbirinoukachapters.com/" "Mozilla/5.0 (Linux; Android 10; K) AppleWebKit/537.36 (KHTML, like Gecko) Chrome/136.0.0.0 Mobile Safari/537.36"
2409:4052:4e9d:5ffc::4ca:213 - - [08/Jun/2025:08:06:15 -0400] "GET /manga/farming-life-in-another-world-chapter-173/ HTTP/1.1" 304 0 "https://isekainonbirinoukachapters.com/" "Mozilla/5.0 (Linux; Android 10; K) AppleWebKit/537.36 (KHTML, like Gecko) Chrome/136.0.0.0 Mobile Safari/537.36"
2409:4052:4e9d:5ffc::4ca:213 - - [08/Jun/2025:08:06:20 -0400] "GET /manga/farming-life-in-another-world-chapter-232/ HTTP/1.1" 200 34144 "https://isekainonbirinoukachapters.com/" "Mozilla/5.0 (Linux; Android 10; K) AppleWebKit/537.36 (KHTML, like Gecko) Chrome/136.0.0.0 Mobile Safari/537.36"
2409:4052:4e9d:5ffc::4ca:213 - - [08/Jun/2025:08:06:21 -0400] "GET /manga/farming-life-in-another-world-chapter-232/ HTTP/1.1" 304 0 "https://isekainonbirinoukachapters.com/" "Mozilla/5.0 (Linux; Android 10; K) AppleWebKit/537.36 (KHTML, like Gecko) Chrome/136.0.0.0 Mobile Safari/537.36"
47.82.60.96 - - [08/Jun/2025:08:06:48 -0400] "GET /manga/farming-life-in-another-world-chapter-255/ HTTP/1.1" 200 34115 "https://isekainonbirinoukachapters.com/manga/farming-life-in-another-world-chapter-255/" "Mozilla/5.0 (Windows NT 10.0; Win64; x64) AppleWebKit/537.36 (KHTML, like Gecko) Chrome/114.0.0.0 Safari/537.36 Edg/114.0.1823.43"
47.82.61.13 - - [08/Jun/2025:08:07:05 -0400] "GET /manga/farming-life-in-another-world-chapter-109/ HTTP/1.1" 200 34251 "https://isekainonbirinoukachapters.com/manga/farming-life-in-another-world-chapter-109/" "Mozilla/5.0 (Windows NT 10.0; Win64; x64) AppleWebKit/537.36 (KHTML, like Gecko) Chrome/114.0.0.0 Safari/537.36 Edg/114.0.1823.43"
52.167.144.230 - - [08/Jun/2025:08:07:30 -0400] "GET /manga/farming-life-in-another-world-chapter-20/ HTTP/1.1" 200 34059 "-" "Mozilla/5.0 AppleWebKit/537.36 (KHTML, like Gecko; compatible; bingbot/2.0; +http://www.bing.com/bingbot.htm) Chrome/116.0.1938.76 Safari/537.36"
2401:5100:300:2e35:dc17:68ce:131d:f00a - - [08/Jun/2025:08:07:48 -0400] "GET /manga/farming-life-in-another-world-chapter-5/ HTTP/1.1" 200 34573 "https://isekainonbirinoukachapters.com/manga/farming-life-in-another-world-chapter-4/" "Mozilla/5.0 (Linux; Android 10; K) AppleWebKit/537.36 (KHTML, like Gecko) Chrome/135.0.0.0 Mobile Safari/537.36 OPR/89.0.0.0"
2401:5100:300:2e35:dc17:68ce:131d:f00a - - [08/Jun/2025:08:07:49 -0400] "GET /manga/farming-life-in-another-world-chapter-5/ HTTP/1.1" 304 0 "https://isekainonbirinoukachapters.com/manga/farming-life-in-another-world-chapter-4/" "Mozilla/5.0 (Linux; Android 10; K) AppleWebKit/537.36 (KHTML, like Gecko) Chrome/135.0.0.0 Mobile Safari/537.36 OPR/89.0.0.0"
162.0.232.193 - - [08/Jun/2025:08:07:50 -0400] "POST /wp-cron.php?doing_wp_cron=1749384470.3994419574737548828125 HTTP/1.1" 200 0 "-" "WordPress/6.8.1; https://isekainonbirinoukachapters.com"
2401:5100:300:2e35:dc17:68ce:131d:f00a - - [08/Jun/2025:08:07:50 -0400] "POST /wp-admin/admin-ajax.php HTTP/1.1" 200 61 "https://isekainonbirinoukachapters.com/manga/farming-life-in-another-world-chapter-5/" "Mozilla/5.0 (Linux; Android 10; K) AppleWebKit/537.36 (KHTML, like Gecko) Chrome/135.0.0.0 Mobile Safari/537.36 OPR/89.0.0.0"
162.0.232.193 - - [08/Jun/2025:08:07:53 -0400] "GET /wp-content/uploads/89b93a66fa29a678cbd60ff176e1ea9a_1973.xml HTTP/1.1" 200 1499 "-" "Mozilla/5.0 (X11; Linux x86_64) AppleWebKit/537.36 (KHTML, like Gecko) Ubuntu Chromium/41.0.2272.76"
2409:4052:4e9d:5ffc::4ca:213 - - [08/Jun/2025:08:08:04 -0400] "GET /manga/farming-life-in-another-world-chapter-157/ HTTP/1.1" 200 34562 "https://isekainonbirinoukachapters.com/" "Mozilla/5.0 (Linux; Android 10; K) AppleWebKit/537.36 (KHTML, like Gecko) Chrome/136.0.0.0 Mobile Safari/537.36"
2409:4052:4e9d:5ffc::4ca:213 - - [08/Jun/2025:08:08:04 -0400] "GET /manga/farming-life-in-another-world-chapter-122/ HTTP/1.1" 200 34527 "https://isekainonbirinoukachapters.com/" "Mozilla/5.0 (Linux; Android 10; K) AppleWebKit/537.36 (KHTML, like Gecko) Chrome/136.0.0.0 Mobile Safari/537.36"
2409:4052:4e9d:5ffc::4ca:213 - - [08/Jun/2025:08:08:05 -0400] "GET /manga/farming-life-in-another-world-chapter-157/ HTTP/1.1" 304 0 "https://isekainonbirinoukachapters.com/" "Mozilla/5.0 (Linux; Android 10; K) AppleWebKit/537.36 (KHTML, like Gecko) Chrome/136.0.0.0 Mobile Safari/537.36"
2409:4052:4e9d:5ffc::4ca:213 - - [08/Jun/2025:08:08:05 -0400] "GET /manga/farming-life-in-another-world-chapter-122/ HTTP/1.1" 304 0 "https://isekainonbirinoukachapters.com/" "Mozilla/5.0 (Linux; Android 10; K) AppleWebKit/537.36 (KHTML, like Gecko) Chrome/136.0.0.0 Mobile Safari/537.36"
2409:4052:4e9d:5ffc::4ca:213 - - [08/Jun/2025:08:08:05 -0400] "GET /manga/farming-life-in-another-world-chapter-71/ HTTP/1.1" 200 34197 "https://isekainonbirinoukachapters.com/" "Mozilla/5.0 (Linux; Android 10; K) AppleWebKit/537.36 (KHTML, like Gecko) Chrome/136.0.0.0 Mobile Safari/537.36"
2409:4052:4e9d:5ffc::4ca:213 - - [08/Jun/2025:08:08:05 -0400] "GET /manga/farming-life-in-another-world-chapter-13/ HTTP/1.1" 200 34167 "https://isekainonbirinoukachapters.com/" "Mozilla/5.0 (Linux; Android 10; K) AppleWebKit/537.36 (KHTML, like Gecko) Chrome/136.0.0.0 Mobile Safari/537.36"
2409:4052:4e9d:5ffc::4ca:213 - - [08/Jun/2025:08:08:05 -0400] "GET /manga/farming-life-in-another-world-chapter-71/ HTTP/1.1" 304 0 "https://isekainonbirinoukachapters.com/" "Mozilla/5.0 (Linux; Android 10; K) AppleWebKit/537.36 (KHTML, like Gecko) Chrome/136.0.0.0 Mobile Safari/537.36"
2409:4052:4e9d:5ffc::4ca:213 - - [08/Jun/2025:08:08:06 -0400] "GET /manga/farming-life-in-another-world-chapter-13/ HTTP/1.1" 304 0 "https://isekainonbirinoukachapters.com/" "Mozilla/5.0 (Linux; Android 10; K) AppleWebKit/537.36 (KHTML, like Gecko) Chrome/136.0.0.0 Mobile Safari/537.36"
2409:4052:4e9d:5ffc::4ca:213 - - [08/Jun/2025:08:08:06 -0400] "GET /manga/farming-life-in-another-world-chapter-29/ HTTP/1.1" 200 34277 "https://isekainonbirinoukachapters.com/" "Mozilla/5.0 (Linux; Android 10; K) AppleWebKit/537.36 (KHTML, like Gecko) Chrome/136.0.0.0 Mobile Safari/537.36"
2409:4052:4e9d:5ffc::4ca:213 - - [08/Jun/2025:08:08:06 -0400] "GET /manga/farming-life-in-another-world-chapter-29/ HTTP/1.1" 304 0 "https://isekainonbirinoukachapters.com/" "Mozilla/5.0 (Linux; Android 10; K) AppleWebKit/537.36 (KHTML, like Gecko) Chrome/136.0.0.0 Mobile Safari/537.36"
2409:4052:4e9d:5ffc::4ca:213 - - [08/Jun/2025:08:08:09 -0400] "GET /manga/farming-life-in-another-world-chapter-31/ HTTP/1.1" 200 34266 "https://isekainonbirinoukachapters.com/" "Mozilla/5.0 (Linux; Android 10; K) AppleWebKit/537.36 (KHTML, like Gecko) Chrome/136.0.0.0 Mobile Safari/537.36"
2409:4052:4e9d:5ffc::4ca:213 - - [08/Jun/2025:08:08:09 -0400] "GET /manga/farming-life-in-another-world-chapter-31/ HTTP/1.1" 304 0 "https://isekainonbirinoukachapters.com/" "Mozilla/5.0 (Linux; Android 10; K) AppleWebKit/537.36 (KHTML, like Gecko) Chrome/136.0.0.0 Mobile Safari/537.36"
107.172.243.11 - - [08/Jun/2025:08:08:41 -0400] "POST /xmlrpc.php HTTP/1.1" 200 186 "https://isekainonbirinoukachapters.com" "Mozilla/5.0 (Windows NT 10.0; Win64; x64) AppleWebKit/537.36 (KHTML, like Gecko) Chrome/112.0.5615.138 Safari/537.36"
107.172.243.11 - - [08/Jun/2025:08:08:41 -0400] "POST /wp-login.php HTTP/1.1" 200 2036 "https://isekainonbirinoukachapters.com" "Mozilla/5.0 (Windows NT 10.0; Win64; x64) AppleWebKit/537.36 (KHTML, like Gecko) Chrome/116.0.5845.96 Safari/537.36"
2409:4052:4e9d:5ffc::4ca:213 - - [08/Jun/2025:08:09:09 -0400] "GET /manga/farming-life-in-another-world-chapter-30/ HTTP/1.1" 200 34267 "https://isekainonbirinoukachapters.com/" "Mozilla/5.0 (Linux; Android 10; K) AppleWebKit/537.36 (KHTML, like Gecko) Chrome/136.0.0.0 Mobile Safari/537.36"
2409:4052:4e9d:5ffc::4ca:213 - - [08/Jun/2025:08:09:10 -0400] "GET /manga/farming-life-in-another-world-chapter-18/ HTTP/1.1" 200 34196 "https://isekainonbirinoukachapters.com/" "Mozilla/5.0 (Linux; Android 10; K) AppleWebKit/537.36 (KHTML, like Gecko) Chrome/136.0.0.0 Mobile Safari/537.36"
2409:4052:4e9d:5ffc::4ca:213 - - [08/Jun/2025:08:09:10 -0400] "GET /manga/farming-life-in-another-world-chapter-30/ HTTP/1.1" 304 0 "https://isekainonbirinoukachapters.com/" "Mozilla/5.0 (Linux; Android 10; K) AppleWebKit/537.36 (KHTML, like Gecko) Chrome/136.0.0.0 Mobile Safari/537.36"
2409:4052:4e9d:5ffc::4ca:213 - - [08/Jun/2025:08:09:10 -0400] "GET /manga/farming-life-in-another-world-chapter-18/ HTTP/1.1" 304 0 "https://isekainonbirinoukachapters.com/" "Mozilla/5.0 (Linux; Android 10; K) AppleWebKit/537.36 (KHTML, like Gecko) Chrome/136.0.0.0 Mobile Safari/537.36"
2409:4052:4e9d:5ffc::4ca:213 - - [08/Jun/2025:08:09:11 -0400] "GET /manga/farming-life-in-another-world-chapter-15/ HTTP/1.1" 200 34025 "https://isekainonbirinoukachapters.com/" "Mozilla/5.0 (Linux; Android 10; K) AppleWebKit/537.36 (KHTML, like Gecko) Chrome/136.0.0.0 Mobile Safari/537.36"
2409:4052:4e9d:5ffc::4ca:213 - - [08/Jun/2025:08:09:11 -0400] "GET /manga/farming-life-in-another-world-chapter-15/ HTTP/1.1" 304 0 "https://isekainonbirinoukachapters.com/" "Mozilla/5.0 (Linux; Android 10; K) AppleWebKit/537.36 (KHTML, like Gecko) Chrome/136.0.0.0 Mobile Safari/537.36"
2409:4052:4e9d:5ffc::4ca:213 - - [08/Jun/2025:08:09:15 -0400] "GET /manga/farming-life-in-another-world-chapter-26/ HTTP/1.1" 200 33996 "https://isekainonbirinoukachapters.com/" "Mozilla/5.0 (Linux; Android 10; K) AppleWebKit/537.36 (KHTML, like Gecko) Chrome/136.0.0.0 Mobile Safari/537.36"
2409:4052:4e9d:5ffc::4ca:213 - - [08/Jun/2025:08:09:15 -0400] "GET /manga/farming-life-in-another-world-chapter-26/ HTTP/1.1" 304 0 "https://isekainonbirinoukachapters.com/" "Mozilla/5.0 (Linux; Android 10; K) AppleWebKit/537.36 (KHTML, like Gecko) Chrome/136.0.0.0 Mobile Safari/537.36"
2409:4052:4e9d:5ffc::4ca:213 - - [08/Jun/2025:08:09:16 -0400] "GET /manga/farming-life-in-another-world-chapter-30/ HTTP/1.1" 304 0 "https://isekainonbirinoukachapters.com/" "Mozilla/5.0 (Linux; Android 10; K) AppleWebKit/537.36 (KHTML, like Gecko) Chrome/136.0.0.0 Mobile Safari/537.36"
2409:4052:4e9d:5ffc::4ca:213 - - [08/Jun/2025:08:09:16 -0400] "GET /manga/farming-life-in-another-world-chapter-52/ HTTP/1.1" 200 34177 "https://isekainonbirinoukachapters.com/" "Mozilla/5.0 (Linux; Android 10; K) AppleWebKit/537.36 (KHTML, like Gecko) Chrome/136.0.0.0 Mobile Safari/537.36"
47.82.60.96 - - [08/Jun/2025:08:09:16 -0400] "GET /manga/farming-life-in-another-world-chapter-32/ HTTP/1.1" 200 34291 "https://isekainonbirinoukachapters.com/manga/farming-life-in-another-world-chapter-32/" "Mozilla/5.0 (Windows NT 10.0; Win64; x64) AppleWebKit/537.36 (KHTML, like Gecko) Chrome/114.0.0.0 Safari/537.36 Edg/114.0.1823.43"
2409:4052:4e9d:5ffc::4ca:213 - - [08/Jun/2025:08:09:16 -0400] "GET /manga/farming-life-in-another-world-chapter-52/ HTTP/1.1" 304 0 "https://isekainonbirinoukachapters.com/" "Mozilla/5.0 (Linux; Android 10; K) AppleWebKit/537.36 (KHTML, like Gecko) Chrome/136.0.0.0 Mobile Safari/537.36"
2409:4052:4e9d:5ffc::4ca:213 - - [08/Jun/2025:08:09:16 -0400] "GET /manga/farming-life-in-another-world-chapter-69/ HTTP/1.1" 200 34667 "https://isekainonbirinoukachapters.com/" "Mozilla/5.0 (Linux; Android 10; K) AppleWebKit/537.36 (KHTML, like Gecko) Chrome/136.0.0.0 Mobile Safari/537.36"
2409:4052:4e9d:5ffc::4ca:213 - - [08/Jun/2025:08:09:17 -0400] "GET /manga/farming-life-in-another-world-chapter-69/ HTTP/1.1" 304 0 "https://isekainonbirinoukachapters.com/" "Mozilla/5.0 (Linux; Android 10; K) AppleWebKit/537.36 (KHTML, like Gecko) Chrome/136.0.0.0 Mobile Safari/537.36"
2409:4052:4e9d:5ffc::4ca:213 - - [08/Jun/2025:08:09:17 -0400] "GET /manga/farming-life-in-another-world-chapter-83/ HTTP/1.1" 200 34431 "https://isekainonbirinoukachapters.com/" "Mozilla/5.0 (Linux; Android 10; K) AppleWebKit/537.36 (KHTML, like Gecko) Chrome/136.0.0.0 Mobile Safari/537.36"
2409:4052:4e9d:5ffc::4ca:213 - - [08/Jun/2025:08:09:18 -0400] "GET /manga/farming-life-in-another-world-chapter-83/ HTTP/1.1" 304 0 "https://isekainonbirinoukachapters.com/" "Mozilla/5.0 (Linux; Android 10; K) AppleWebKit/537.36 (KHTML, like Gecko) Chrome/136.0.0.0 Mobile Safari/537.36"
2409:4052:4e9d:5ffc::4ca:213 - - [08/Jun/2025:08:09:19 -0400] "GET /manga/farming-life-in-another-world-chapter-85/ HTTP/1.1" 200 34524 "https://isekainonbirinoukachapters.com/" "Mozilla/5.0 (Linux; Android 10; K) AppleWebKit/537.36 (KHTML, like Gecko) Chrome/136.0.0.0 Mobile Safari/537.36"
2409:4052:4e9d:5ffc::4ca:213 - - [08/Jun/2025:08:09:20 -0400] "GET /manga/farming-life-in-another-world-chapter-85/ HTTP/1.1" 304 0 "https://isekainonbirinoukachapters.com/" "Mozilla/5.0 (Linux; Android 10; K) AppleWebKit/537.36 (KHTML, like Gecko) Chrome/136.0.0.0 Mobile Safari/537.36"
162.0.232.193 - - [08/Jun/2025:08:09:21 -0400] "POST /wp-cron.php?doing_wp_cron=1749384560.9776151180267333984375 HTTP/1.1" 200 0 "-" "WordPress/6.8.1; https://isekainonbirinoukachapters.com"
2409:4052:4e9d:5ffc::4ca:213 - - [08/Jun/2025:08:09:20 -0400] "POST /wp-admin/admin-ajax.php HTTP/1.1" 200 61 "https://isekainonbirinoukachapters.com/manga/farming-life-in-another-world-chapter-85/" "Mozilla/5.0 (Linux; Android 10; K) AppleWebKit/537.36 (KHTML, like Gecko) Chrome/136.0.0.0 Mobile Safari/537.36"
162.0.232.193 - - [08/Jun/2025:08:09:23 -0400] "GET /wp-content/uploads/89b93a66fa29a678cbd60ff176e1ea9a_1973.xml HTTP/1.1" 200 1362 "-" "Mozilla/5.0 (X11; Linux x86_64) AppleWebKit/537.36 (KHTML, like Gecko) Ubuntu Chromium/41.0.2272.76"
2409:4052:4e9d:5ffc::4ca:213 - - [08/Jun/2025:08:09:29 -0400] "GET /manga/farming-life-in-another-world-chapter-37/ HTTP/1.1" 200 34566 "https://isekainonbirinoukachapters.com/" "Mozilla/5.0 (Linux; Android 10; K) AppleWebKit/537.36 (KHTML, like Gecko) Chrome/136.0.0.0 Mobile Safari/537.36"
2409:4052:4e9d:5ffc::4ca:213 - - [08/Jun/2025:08:09:30 -0400] "GET /manga/farming-life-in-another-world-chapter-4/ HTTP/1.1" 200 34647 "https://isekainonbirinoukachapters.com/" "Mozilla/5.0 (Linux; Android 10; K) AppleWebKit/537.36 (KHTML, like Gecko) Chrome/136.0.0.0 Mobile Safari/537.36"
2409:4052:4e9d:5ffc::4ca:213 - - [08/Jun/2025:08:09:30 -0400] "GET /manga/farming-life-in-another-world-chapter-37/ HTTP/1.1" 304 0 "https://isekainonbirinoukachapters.com/" "Mozilla/5.0 (Linux; Android 10; K) AppleWebKit/537.36 (KHTML, like Gecko) Chrome/136.0.0.0 Mobile Safari/537.36"
2409:4052:4e9d:5ffc::4ca:213 - - [08/Jun/2025:08:09:30 -0400] "GET /manga/farming-life-in-another-world-chapter-4/ HTTP/1.1" 304 0 "https://isekainonbirinoukachapters.com/" "Mozilla/5.0 (Linux; Android 10; K) AppleWebKit/537.36 (KHTML, like Gecko) Chrome/136.0.0.0 Mobile Safari/537.36"
2409:4052:4e9d:5ffc::4ca:213 - - [08/Jun/2025:08:09:30 -0400] "GET /manga/farming-life-in-another-world-chapter-22/ HTTP/1.1" 200 34708 "https://isekainonbirinoukachapters.com/" "Mozilla/5.0 (Linux; Android 10; K) AppleWebKit/537.36 (KHTML, like Gecko) Chrome/136.0.0.0 Mobile Safari/537.36"
2409:4052:4e9d:5ffc::4ca:213 - - [08/Jun/2025:08:09:31 -0400] "GET /manga/farming-life-in-another-world-chapter-22/ HTTP/1.1" 304 0 "https://isekainonbirinoukachapters.com/" "Mozilla/5.0 (Linux; Android 10; K) AppleWebKit/537.36 (KHTML, like Gecko) Chrome/136.0.0.0 Mobile Safari/537.36"
2409:4052:4e9d:5ffc::4ca:213 - - [08/Jun/2025:08:09:32 -0400] "GET /manga/farming-life-in-another-world-chapter-32/ HTTP/1.1" 200 34565 "https://isekainonbirinoukachapters.com/" "Mozilla/5.0 (Linux; Android 10; K) AppleWebKit/537.36 (KHTML, like Gecko) Chrome/136.0.0.0 Mobile Safari/537.36"
2409:4052:4e9d:5ffc::4ca:213 - - [08/Jun/2025:08:09:33 -0400] "GET /manga/farming-life-in-another-world-chapter-32/ HTTP/1.1" 304 0 "https://isekainonbirinoukachapters.com/" "Mozilla/5.0 (Linux; Android 10; K) AppleWebKit/537.36 (KHTML, like Gecko) Chrome/136.0.0.0 Mobile Safari/537.36"
2409:4052:4e9d:5ffc::4ca:213 - - [08/Jun/2025:08:09:33 -0400] "GET /manga/farming-life-in-another-world-chapter-37/ HTTP/1.1" 304 0 "https://isekainonbirinoukachapters.com/" "Mozilla/5.0 (Linux; Android 10; K) AppleWebKit/537.36 (KHTML, like Gecko) Chrome/136.0.0.0 Mobile Safari/537.36"
2409:4052:4e9d:5ffc::4ca:213 - - [08/Jun/2025:08:09:34 -0400] "GET /manga/farming-life-in-another-world-chapter-34/ HTTP/1.1" 200 34527 "https://isekainonbirinoukachapters.com/" "Mozilla/5.0 (Linux; Android 10; K) AppleWebKit/537.36 (KHTML, like Gecko) Chrome/136.0.0.0 Mobile Safari/537.36"
2409:4052:4e9d:5ffc::4ca:213 - - [08/Jun/2025:08:09:34 -0400] "GET /manga/farming-life-in-another-world-chapter-34/ HTTP/1.1" 304 0 "https://isekainonbirinoukachapters.com/" "Mozilla/5.0 (Linux; Android 10; K) AppleWebKit/537.36 (KHTML, like Gecko) Chrome/136.0.0.0 Mobile Safari/537.36"
2409:4052:4e9d:5ffc::4ca:213 - - [08/Jun/2025:08:09:34 -0400] "GET /manga/farming-life-in-another-world-chapter-30/ HTTP/1.1" 304 0 "https://isekainonbirinoukachapters.com/" "Mozilla/5.0 (Linux; Android 10; K) AppleWebKit/537.36 (KHTML, like Gecko) Chrome/136.0.0.0 Mobile Safari/537.36"
2409:4052:4e9d:5ffc::4ca:213 - - [08/Jun/2025:08:09:48 -0400] "GET /manga/farming-life-in-another-world-chapter-35/ HTTP/1.1" 200 34084 "https://isekainonbirinoukachapters.com/" "Mozilla/5.0 (Linux; Android 10; K) AppleWebKit/537.36 (KHTML, like Gecko) Chrome/136.0.0.0 Mobile Safari/537.36"
2409:4052:4e9d:5ffc::4ca:213 - - [08/Jun/2025:08:09:48 -0400] "GET /manga/farming-life-in-another-world-chapter-35/ HTTP/1.1" 304 0 "https://isekainonbirinoukachapters.com/" "Mozilla/5.0 (Linux; Android 10; K) AppleWebKit/537.36 (KHTML, like Gecko) Chrome/136.0.0.0 Mobile Safari/537.36"
2409:4052:4e9d:5ffc::4ca:213 - - [08/Jun/2025:08:09:48 -0400] "GET /manga/farming-life-in-another-world-chapter-15/ HTTP/1.1" 304 0 "https://isekainonbirinoukachapters.com/" "Mozilla/5.0 (Linux; Android 10; K) AppleWebKit/537.36 (KHTML, like Gecko) Chrome/136.0.0.0 Mobile Safari/537.36"
2409:4052:4e9d:5ffc::4ca:213 - - [08/Jun/2025:08:09:48 -0400] "GET /manga/farming-life-in-another-world-chapter-1/ HTTP/1.1" 200 34465 "https://isekainonbirinoukachapters.com/" "Mozilla/5.0 (Linux; Android 10; K) AppleWebKit/537.36 (KHTML, like Gecko) Chrome/136.0.0.0 Mobile Safari/537.36"
2409:4052:4e9d:5ffc::4ca:213 - - [08/Jun/2025:08:09:49 -0400] "GET /manga/farming-life-in-another-world-chapter-1/ HTTP/1.1" 304 0 "https://isekainonbirinoukachapters.com/" "Mozilla/5.0 (Linux; Android 10; K) AppleWebKit/537.36 (KHTML, like Gecko) Chrome/136.0.0.0 Mobile Safari/537.36"
47.82.60.234 - - [08/Jun/2025:08:10:08 -0400] "GET /manga/farming-life-in-another-world-chapter-140/ HTTP/1.1" 200 34356 "https://isekainonbirinoukachapters.com/manga/farming-life-in-another-world-chapter-140/" "Mozilla/5.0 (Windows NT 10.0; Win64; x64) AppleWebKit/537.36 (KHTML, like Gecko) Chrome/114.0.0.0 Safari/537.36 Edg/114.0.1823.43"
185.81.124.114 - - [08/Jun/2025:08:10:23 -0400] "GET /category/farming-life-in-another-world-manga/ HTTP/1.1" 304 0 "https://isekainonbirinoukachapters.com/manga/farming-life-in-another-world-chapter-53/" "Mozilla/5.0 (Windows NT 10.0; Win64; x64) AppleWebKit/537.36 (KHTML, like Gecko) Chrome/137.0.0.0 Safari/537.36 Edg/137.0.0.0"
47.82.60.253 - - [08/Jun/2025:08:11:52 -0400] "GET /manga/farming-life-in-another-world-chapter-95/ HTTP/1.1" 200 34446 "https://isekainonbirinoukachapters.com/manga/farming-life-in-another-world-chapter-95/" "Mozilla/5.0 (Windows NT 10.0; Win64; x64) AppleWebKit/537.36 (KHTML, like Gecko) Chrome/114.0.0.0 Safari/537.36 Edg/114.0.1823.43"
47.82.60.181 - - [08/Jun/2025:08:12:06 -0400] "GET /manga/farming-life-in-another-world-chapter-222/ HTTP/1.1" 200 34186 "https://isekainonbirinoukachapters.com/manga/farming-life-in-another-world-chapter-222/" "Mozilla/5.0 (Windows NT 10.0; Win64; x64) AppleWebKit/537.36 (KHTML, like Gecko) Chrome/114.0.0.0 Safari/537.36 Edg/114.0.1823.43"
162.0.232.193 - - [08/Jun/2025:08:12:27 -0400] "POST /wp-cron.php?doing_wp_cron=1749384747.3183209896087646484375 HTTP/1.1" 200 0 "-" "WordPress/6.8.1; https://isekainonbirinoukachapters.com"
47.82.60.206 - - [08/Jun/2025:08:12:25 -0400] "GET /category/farming-life-in-another-world-manga/page/8/ HTTP/1.1" 200 33282 "https://isekainonbirinoukachapters.com/category/farming-life-in-another-world-manga/page/8/" "Mozilla/5.0 (Windows NT 10.0; Win64; x64) AppleWebKit/537.36 (KHTML, like Gecko) Chrome/114.0.0.0 Safari/537.36 Edg/114.0.1823.43"
162.0.232.193 - - [08/Jun/2025:08:12:29 -0400] "GET /wp-content/uploads/89b93a66fa29a678cbd60ff176e1ea9a_1973.xml HTTP/1.1" 200 1499 "-" "Mozilla/5.0 (X11; Linux x86_64) AppleWebKit/537.36 (KHTML, like Gecko) Ubuntu Chromium/41.0.2272.76"
185.81.124.114 - - [08/Jun/2025:08:13:33 -0400] "GET /manga/farming-life-in-another-world-chapter-54/ HTTP/1.1" 200 34224 "https://isekainonbirinoukachapters.com/manga/farming-life-in-another-world-chapter-53/" "Mozilla/5.0 (Windows NT 10.0; Win64; x64) AppleWebKit/537.36 (KHTML, like Gecko) Chrome/137.0.0.0 Safari/537.36 Edg/137.0.0.0"
185.81.124.114 - - [08/Jun/2025:08:13:34 -0400] "GET /manga/farming-life-in-another-world-chapter-54/ HTTP/1.1" 304 0 "https://isekainonbirinoukachapters.com/manga/farming-life-in-another-world-chapter-53/" "Mozilla/5.0 (Windows NT 10.0; Win64; x64) AppleWebKit/537.36 (KHTML, like Gecko) Chrome/137.0.0.0 Safari/537.36 Edg/137.0.0.0"
47.79.123.96 - - [08/Jun/2025:08:13:59 -0400] "GET /manga/farming-life-in-another-world-chapter-57/ HTTP/1.1" 200 34501 "https://isekainonbirinoukachapters.com/manga/farming-life-in-another-world-chapter-57/" "Mozilla/5.0 (Windows NT 10.0; Win64; x64) AppleWebKit/537.36 (KHTML, like Gecko) Chrome/114.0.0.0 Safari/537.36 Edg/114.0.1823.43"
47.82.60.218 - - [08/Jun/2025:08:14:14 -0400] "GET /manga/farming-life-in-another-world-chapter-163/ HTTP/1.1" 200 34519 "https://isekainonbirinoukachapters.com/manga/farming-life-in-another-world-chapter-163/" "Mozilla/5.0 (Windows NT 10.0; Win64; x64) AppleWebKit/537.36 (KHTML, like Gecko) Chrome/114.0.0.0 Safari/537.36 Edg/114.0.1823.43"
47.79.98.205 - - [08/Jun/2025:08:14:24 -0400] "GET /manga/farming-life-in-another-world-chapter-18/ HTTP/1.1" 200 34178 "https://isekainonbirinoukachapters.com/manga/farming-life-in-another-world-chapter-18/" "Mozilla/5.0 (Windows NT 10.0; Win64; x64) AppleWebKit/537.36 (KHTML, like Gecko) Chrome/114.0.0.0 Safari/537.36 Edg/114.0.1823.43"
47.82.60.56 - - [08/Jun/2025:08:14:37 -0400] "GET /manga/farming-life-in-another-world-chapter-244/ HTTP/1.1" 200 34129 "https://isekainonbirinoukachapters.com/manga/farming-life-in-another-world-chapter-244/" "Mozilla/5.0 (Windows NT 10.0; Win64; x64) AppleWebKit/537.36 (KHTML, like Gecko) Chrome/114.0.0.0 Safari/537.36 Edg/114.0.1823.43"
170.106.11.6 - - [08/Jun/2025:08:14:57 -0400] "GET /manga/farming-life-in-another-world-chapter-34/ HTTP/1.1" 200 34527 "-" "Mozilla/5.0 (iPhone; CPU iPhone OS 13_2_3 like Mac OS X) AppleWebKit/605.1.15 (KHTML, like Gecko) Version/13.0.3 Mobile/15E148 Safari/604.1"
47.82.60.105 - - [08/Jun/2025:08:15:06 -0400] "GET /manga/farming-life-in-another-world-chapter-131/ HTTP/1.1" 200 34145 "https://isekainonbirinoukachapters.com/manga/farming-life-in-another-world-chapter-131/" "Mozilla/5.0 (Windows NT 10.0; Win64; x64) AppleWebKit/537.36 (KHTML, like Gecko) Chrome/114.0.0.0 Safari/537.36 Edg/114.0.1823.43"
47.79.118.217 - - [08/Jun/2025:08:15:22 -0400] "GET /manga/farming-life-in-another-world-chapter-100/ HTTP/1.1" 200 34501 "https://isekainonbirinoukachapters.com/manga/farming-life-in-another-world-chapter-100/" "Mozilla/5.0 (Windows NT 10.0; Win64; x64) AppleWebKit/537.36 (KHTML, like Gecko) Chrome/114.0.0.0 Safari/537.36 Edg/114.0.1823.43"
139.135.192.40 - - [08/Jun/2025:08:15:23 -0400] "GET /category/farming-life-in-another-world-manga/ HTTP/1.1" 304 0 "https://isekainonbirinoukachapters.com/manga/farming-life-in-another-world-chapter-206/" "Mozilla/5.0 (Linux; Android 10; K) AppleWebKit/537.36 (KHTML, like Gecko) Chrome/137.0.0.0 Mobile Safari/537.36"
139.135.192.40 - - [08/Jun/2025:08:15:23 -0400] "GET /manga/farming-life-in-another-world-chapter-207/ HTTP/1.1" 200 34144 "https://isekainonbirinoukachapters.com/manga/farming-life-in-another-world-chapter-206/" "Mozilla/5.0 (X11; Linux x86_64) AppleWebKit/537.36 (KHTML, like Gecko) Chrome/137.0.0.0 Safari/537.36"
139.135.192.40 - - [08/Jun/2025:08:15:23 -0400] "GET /category/farming-life-in-another-world-manga/ HTTP/1.1" 304 0 "https://isekainonbirinoukachapters.com/manga/farming-life-in-another-world-chapter-206/" "Mozilla/5.0 (X11; Linux x86_64) AppleWebKit/537.36 (KHTML, like Gecko) Chrome/137.0.0.0 Safari/537.36"
139.135.192.40 - - [08/Jun/2025:08:15:23 -0400] "GET /manga/farming-life-in-another-world-chapter-207/ HTTP/1.1" 200 34543 "https://isekainonbirinoukachapters.com/manga/farming-life-in-another-world-chapter-206/" "Mozilla/5.0 (Linux; Android 10; K) AppleWebKit/537.36 (KHTML, like Gecko) Chrome/137.0.0.0 Mobile Safari/537.36"
185.81.124.114 - - [08/Jun/2025:08:15:50 -0400] "GET /manga/farming-life-in-another-world-chapter-55/ HTTP/1.1" 200 34107 "https://isekainonbirinoukachapters.com/manga/farming-life-in-another-world-chapter-54/" "Mozilla/5.0 (Windows NT 10.0; Win64; x64) AppleWebKit/537.36 (KHTML, like Gecko) Chrome/137.0.0.0 Safari/537.36 Edg/137.0.0.0"
185.81.124.114 - - [08/Jun/2025:08:15:51 -0400] "GET /manga/farming-life-in-another-world-chapter-55/ HTTP/1.1" 304 0 "https://isekainonbirinoukachapters.com/manga/farming-life-in-another-world-chapter-54/" "Mozilla/5.0 (Windows NT 10.0; Win64; x64) AppleWebKit/537.36 (KHTML, like Gecko) Chrome/137.0.0.0 Safari/537.36 Edg/137.0.0.0"
158.140.175.192 - - [08/Jun/2025:08:16:03 -0400] "GET /manga/farming-life-in-another-world-chapter-122/ HTTP/1.1" 200 34527 "-" "Mozilla/5.0 (iPhone; CPU iPhone OS 18_4_1 like Mac OS X) AppleWebKit/605.1.15 (KHTML, like Gecko) Mobile/15E148"
47.82.60.131 - - [08/Jun/2025:08:16:23 -0400] "GET /manga/farming-life-in-another-world-chapter-185/ HTTP/1.1" 200 34359 "https://isekainonbirinoukachapters.com/manga/farming-life-in-another-world-chapter-185/" "Mozilla/5.0 (Windows NT 10.0; Win64; x64) AppleWebKit/537.36 (KHTML, like Gecko) Chrome/114.0.0.0 Safari/537.36 Edg/114.0.1823.43"
47.82.61.9 - - [08/Jun/2025:08:17:25 -0400] "GET /manga/farming-life-in-another-world-chapter-31/ HTTP/1.1" 200 33980 "https://isekainonbirinoukachapters.com/manga/farming-life-in-another-world-chapter-31/" "Mozilla/5.0 (Windows NT 10.0; Win64; x64) AppleWebKit/537.36 (KHTML, like Gecko) Chrome/114.0.0.0 Safari/537.36 Edg/114.0.1823.43"
47.82.60.25 - - [08/Jun/2025:08:18:10 -0400] "GET /manga/farming-life-in-another-world-chapter-230/ HTTP/1.1" 200 34531 "https://isekainonbirinoukachapters.com/manga/farming-life-in-another-world-chapter-230/" "Mozilla/5.0 (Windows NT 10.0; Win64; x64) AppleWebKit/537.36 (KHTML, like Gecko) Chrome/114.0.0.0 Safari/537.36 Edg/114.0.1823.43"
162.0.232.193 - - [08/Jun/2025:08:18:24 -0400] "POST /wp-cron.php?doing_wp_cron=1749385104.7743968963623046875000 HTTP/1.1" 200 0 "-" "WordPress/6.8.1; https://isekainonbirinoukachapters.com"
47.82.61.13 - - [08/Jun/2025:08:18:24 -0400] "GET /category/read-farming-life-in-another-world/page/13/ HTTP/1.1" 200 33248 "https://isekainonbirinoukachapters.com/category/read-farming-life-in-another-world/page/13/" "Mozilla/5.0 (Windows NT 10.0; Win64; x64) AppleWebKit/537.36 (KHTML, like Gecko) Chrome/114.0.0.0 Safari/537.36 Edg/114.0.1823.43"
162.0.232.193 - - [08/Jun/2025:08:18:26 -0400] "GET /wp-content/uploads/89b93a66fa29a678cbd60ff176e1ea9a_1973.xml HTTP/1.1" 200 1499 "-" "Mozilla/5.0 (X11; Linux x86_64) AppleWebKit/537.36 (KHTML, like Gecko) Ubuntu Chromium/41.0.2272.76"
196.251.118.195 - - [08/Jun/2025:08:18:50 -0400] "GET / HTTP/1.1" 200 32326 "-" "Mozlila/5.0 (Linux; Android 7.0; SM-G892A Bulid/NRD90M; wv) AppleWebKit/537.36 (KHTML, like Gecko) Version/4.0 Chrome/60.0.3112.107 Moblie Safari/537.36"
196.251.118.195 - - [08/Jun/2025:08:18:50 -0400] "GET /wp-content/plugins/fix/up.php HTTP/1.1" 301 0 "-" "Mozilla/5.0 (Windows NT 10.0; Win64; x64) AppleWebKit/537.36 (KHTML, like Gecko) Chrome/85.0.4183.102 Safari/537.36"
196.251.118.195 - - [08/Jun/2025:08:18:50 -0400] "GET /wp-content/themes/seotheme/db.php?u HTTP/1.1" 301 0 "www.google.com" "Mozlila/5.0 (Linux; Android 7.0; SM-G892A Bulid/NRD90M; wv) AppleWebKit/537.36 (KHTML, like Gecko) Version/4.0 Chrome/60.0.3112.107 Moblie Safari/537.36"
196.251.118.195 - - [08/Jun/2025:08:18:50 -0400] "POST /ALFA_DATA/alfacgiapi/perl.alfa HTTP/1.1" 301 0 "www.google.com" "Mozlila/5.0 (Linux; Android 7.0; SM-G892A Bulid/NRD90M; wv) AppleWebKit/537.36 (KHTML, like Gecko) Version/4.0 Chrome/60.0.3112.107 Moblie Safari/537.36"
196.251.118.195 - - [08/Jun/2025:08:18:50 -0400] "POST /wp-plain.php HTTP/1.1" 301 0 "www.google.com" "Mozilla/5.0 (Linux; Android 7.0; SM-G892A Bulid/NRD90M; wv) AppleWebKit/537.36 (KHTML, like Gecko) Version/4.0 Chrome/60.0.3112.107 Moblie Safari/537.36"
196.251.118.195 - - [08/Jun/2025:08:18:50 -0400] "GET / HTTP/1.1" 200 32286 "-" "Mozilla/5.0 (Windows NT 10.0; Win64; x64) AppleWebKit/537.36 (KHTML, like Gecko) Chrome/85.0.4183.102 Safari/537.36"
196.251.118.195 - - [08/Jun/2025:08:18:51 -0400] "GET / HTTP/1.1" 200 32326 "www.google.com" "Mozlila/5.0 (Linux; Android 7.0; SM-G892A Bulid/NRD90M; wv) AppleWebKit/537.36 (KHTML, like Gecko) Version/4.0 Chrome/60.0.3112.107 Moblie Safari/537.36"
196.251.118.195 - - [08/Jun/2025:08:18:51 -0400] "GET /wp-content/plugins/apikey/apikey.php?test=hello HTTP/1.1" 301 0 "-" "Mozlila/5.0 (Linux; Android 7.0; SM-G892A Bulid/NRD90M; wv) AppleWebKit/537.36 (KHTML, like Gecko) Version/4.0 Chrome/60.0.3112.107 Moblie Safari/537.36"
196.251.118.195 - - [08/Jun/2025:08:18:51 -0400] "POST / HTTP/1.1" 301 0 "www.google.com" "Mozilla/5.0 (Linux; Android 7.0; SM-G892A Bulid/NRD90M; wv) AppleWebKit/537.36 (KHTML, like Gecko) Version/4.0 Chrome/60.0.3112.107 Moblie Safari/537.36"
196.251.118.195 - - [08/Jun/2025:08:18:51 -0400] "GET / HTTP/1.1" 200 32373 "-" "Mozlila/5.0 (Linux; Android 7.0; SM-G892A Bulid/NRD90M; wv) AppleWebKit/537.36 (KHTML, like Gecko) Version/4.0 Chrome/60.0.3112.107 Moblie Safari/537.36"
196.251.118.195 - - [08/Jun/2025:08:18:51 -0400] "POST / HTTP/1.1" 200 11261 "www.google.com" "Mozlila/5.0 (Linux; Android 7.0; SM-G892A Bulid/NRD90M; wv) AppleWebKit/537.36 (KHTML, like Gecko) Version/4.0 Chrome/60.0.3112.107 Moblie Safari/537.36"
196.251.118.195 - - [08/Jun/2025:08:18:51 -0400] "GET /wp-content/themes/seotheme/db.php?u HTTP/1.1" 301 0 "www.google.com" "Mozlila/5.0 (Linux; Android 7.0; SM-G892A Bulid/NRD90M; wv) AppleWebKit/537.36 (KHTML, like Gecko) Version/4.0 Chrome/60.0.3112.107 Moblie Safari/537.36"
196.251.118.195 - - [08/Jun/2025:08:18:51 -0400] "GET /plugins/content/apismtp/apismtp.php?test=hello HTTP/1.1" 301 0 "-" "Mozlila/5.0 (Linux; Android 7.0; SM-G892A Bulid/NRD90M; wv) AppleWebKit/537.36 (KHTML, like Gecko) Version/4.0 Chrome/60.0.3112.107 Moblie Safari/537.36"
196.251.118.195 - - [08/Jun/2025:08:18:51 -0400] "GET / HTTP/1.1" 200 32326 "www.google.com" "Mozlila/5.0 (Linux; Android 7.0; SM-G892A Bulid/NRD90M; wv) AppleWebKit/537.36 (KHTML, like Gecko) Version/4.0 Chrome/60.0.3112.107 Moblie Safari/537.36"
196.251.118.195 - - [08/Jun/2025:08:18:51 -0400] "POST /alfacgiapi/perl.alfa HTTP/1.1" 301 0 "www.google.com" "Mozlila/5.0 (Linux; Android 7.0; SM-G892A Bulid/NRD90M; wv) AppleWebKit/537.36 (KHTML, like Gecko) Version/4.0 Chrome/60.0.3112.107 Moblie Safari/537.36"
196.251.118.195 - - [08/Jun/2025:08:18:51 -0400] "GET / HTTP/1.1" 200 32326 "-" "Mozlila/5.0 (Linux; Android 7.0; SM-G892A Bulid/NRD90M; wv) AppleWebKit/537.36 (KHTML, like Gecko) Version/4.0 Chrome/60.0.3112.107 Moblie Safari/537.36"
196.251.118.195 - - [08/Jun/2025:08:18:52 -0400] "POST / HTTP/1.1" 200 11261 "www.google.com" "Mozlila/5.0 (Linux; Android 7.0; SM-G892A Bulid/NRD90M; wv) AppleWebKit/537.36 (KHTML, like Gecko) Version/4.0 Chrome/60.0.3112.107 Moblie Safari/537.36"
196.251.118.195 - - [08/Jun/2025:08:18:52 -0400] "GET /wp-content/plugins/apikey/apikey.php.suspected?test=hello HTTP/1.1" 301 0 "-" "Mozlila/5.0 (Linux; Android 7.0; SM-G892A Bulid/NRD90M; wv) AppleWebKit/537.36 (KHTML, like Gecko) Version/4.0 Chrome/60.0.3112.107 Moblie Safari/537.36"
196.251.118.195 - - [08/Jun/2025:08:18:52 -0400] "GET / HTTP/1.1" 200 32326 "-" "Mozlila/5.0 (Linux; Android 7.0; SM-G892A Bulid/NRD90M; wv) AppleWebKit/537.36 (KHTML, like Gecko) Version/4.0 Chrome/60.0.3112.107 Moblie Safari/537.36"
196.251.118.195 - - [08/Jun/2025:08:18:52 -0400] "GET /plugins/content/apismtp/apismtp.php.suspected?test=hello HTTP/1.1" 301 0 "-" "Mozlila/5.0 (Linux; Android 7.0; SM-G892A Bulid/NRD90M; wv) AppleWebKit/537.36 (KHTML, like Gecko) Version/4.0 Chrome/60.0.3112.107 Moblie Safari/537.36"
196.251.118.195 - - [08/Jun/2025:08:18:53 -0400] "GET / HTTP/1.1" 200 32326 "-" "Mozlila/5.0 (Linux; Android 7.0; SM-G892A Bulid/NRD90M; wv) AppleWebKit/537.36 (KHTML, like Gecko) Version/4.0 Chrome/60.0.3112.107 Moblie Safari/537.36"
139.135.192.40 - - [08/Jun/2025:08:19:09 -0400] "GET /manga/farming-life-in-another-world-chapter-208/ HTTP/1.1" 200 34130 "https://isekainonbirinoukachapters.com/manga/farming-life-in-another-world-chapter-207/" "Mozilla/5.0 (Linux; Android 10; K) AppleWebKit/537.36 (KHTML, like Gecko) Chrome/137.0.0.0 Mobile Safari/537.36"
139.135.192.40 - - [08/Jun/2025:08:19:09 -0400] "GET /manga/farming-life-in-another-world-chapter-208/ HTTP/1.1" 200 34097 "https://isekainonbirinoukachapters.com/manga/farming-life-in-another-world-chapter-207/" "Mozilla/5.0 (X11; Linux x86_64) AppleWebKit/537.36 (KHTML, like Gecko) Chrome/137.0.0.0 Safari/537.36"
47.82.60.69 - - [08/Jun/2025:08:19:50 -0400] "GET /manga/farming-life-in-another-world-chapter-233/ HTTP/1.1" 200 34246 "https://isekainonbirinoukachapters.com/manga/farming-life-in-another-world-chapter-233/" "Mozilla/5.0 (Windows NT 10.0; Win64; x64) AppleWebKit/537.36 (KHTML, like Gecko) Chrome/114.0.0.0 Safari/537.36 Edg/114.0.1823.43"
185.81.124.114 - - [08/Jun/2025:08:21:13 -0400] "GET /manga/farming-life-in-another-world-chapter-56/ HTTP/1.1" 200 34067 "https://isekainonbirinoukachapters.com/manga/farming-life-in-another-world-chapter-55/" "Mozilla/5.0 (Windows NT 10.0; Win64; x64) AppleWebKit/537.36 (KHTML, like Gecko) Chrome/137.0.0.0 Safari/537.36 Edg/137.0.0.0"
185.81.124.114 - - [08/Jun/2025:08:21:14 -0400] "GET /manga/farming-life-in-another-world-chapter-56/ HTTP/1.1" 304 0 "https://isekainonbirinoukachapters.com/manga/farming-life-in-another-world-chapter-55/" "Mozilla/5.0 (Windows NT 10.0; Win64; x64) AppleWebKit/537.36 (KHTML, like Gecko) Chrome/137.0.0.0 Safari/537.36 Edg/137.0.0.0"
139.135.192.40 - - [08/Jun/2025:08:21:45 -0400] "GET /manga/farming-life-in-another-world-chapter-209/ HTTP/1.1" 200 34178 "https://isekainonbirinoukachapters.com/manga/farming-life-in-another-world-chapter-208/" "Mozilla/5.0 (Linux; Android 10; K) AppleWebKit/537.36 (KHTML, like Gecko) Chrome/137.0.0.0 Mobile Safari/537.36"
139.135.192.40 - - [08/Jun/2025:08:21:46 -0400] "GET /manga/farming-life-in-another-world-chapter-209/ HTTP/1.1" 200 34150 "https://isekainonbirinoukachapters.com/manga/farming-life-in-another-world-chapter-208/" "Mozilla/5.0 (X11; Linux x86_64) AppleWebKit/537.36 (KHTML, like Gecko) Chrome/137.0.0.0 Safari/537.36"
2a02:26f7:f980:4a7c:0:d000:0:3 - - [08/Jun/2025:08:21:57 -0400] "GET /manga/farming-life-in-another-world-chapter-85/ HTTP/1.1" 200 34282 "https://isekainonbirinoukachapters.com/manga/farming-life-in-another-world-chapter-84/" "Mozilla/5.0 (Macintosh; Intel Mac OS X 10_15_7) AppleWebKit/605.1.15 (KHTML, like Gecko) Version/18.5 Safari/605.1.15"
162.0.232.193 - - [08/Jun/2025:08:21:59 -0400] "POST /wp-cron.php?doing_wp_cron=1749385319.4196100234985351562500 HTTP/1.1" 200 0 "-" "WordPress/6.8.1; https://isekainonbirinoukachapters.com"
2a02:26f7:f980:4a7c:0:d000:0:3 - - [08/Jun/2025:08:21:57 -0400] "POST /wp-admin/admin-ajax.php HTTP/1.1" 200 61 "https://isekainonbirinoukachapters.com/manga/farming-life-in-another-world-chapter-85/" "Mozilla/5.0 (Macintosh; Intel Mac OS X 10_15_7) AppleWebKit/605.1.15 (KHTML, like Gecko) Version/18.5 Safari/605.1.15"
162.0.232.193 - - [08/Jun/2025:08:22:01 -0400] "GET /wp-content/uploads/89b93a66fa29a678cbd60ff176e1ea9a_1973.xml HTTP/1.1" 200 1499 "-" "Mozilla/5.0 (X11; Linux x86_64) AppleWebKit/537.36 (KHTML, like Gecko) Ubuntu Chromium/41.0.2272.76"
3.211.181.86 - - [08/Jun/2025:08:22:38 -0400] "GET /category/farming-life-in-another-world/page/9/ HTTP/1.1" 200 33055 "-" "Mozilla/5.0 AppleWebKit/537.36 (KHTML, like Gecko; compatible; Amazonbot/0.1; +https://developer.amazon.com/support/amazonbot) Chrome/119.0.6045.214 Safari/537.36"
105.235.135.105 - - [08/Jun/2025:08:22:41 -0400] "GET / HTTP/1.1" 200 32286 "https://www.google.com/" "Mozilla/5.0 (Windows NT 10.0; Win64; x64) AppleWebKit/537.36 (KHTML, like Gecko) Chrome/137.0.0.0 Safari/537.36"
185.81.124.114 - - [08/Jun/2025:08:23:24 -0400] "GET /manga/farming-life-in-another-world-chapter-55/ HTTP/1.1" 304 0 "https://isekainonbirinoukachapters.com/manga/farming-life-in-another-world-chapter-56/" "Mozilla/5.0 (Windows NT 10.0; Win64; x64) AppleWebKit/537.36 (KHTML, like Gecko) Chrome/137.0.0.0 Safari/537.36 Edg/137.0.0.0"
