135.235.152.100 - - [08/Jun/2025:05:29:16 -0400] "GET /wp-includes/script-modules.php HTTP/1.1" 200 0 "binance.com" "Mozilla/5.0 (Windows NT 10.0; Win64; x64) AppleWebKit/537.36 (KHTML, like Gecko) Chrome/90.0.4430.85 Safari/537.36"
135.235.152.100 - - [08/Jun/2025:05:29:25 -0400] "GET /wp-includes/speculative-loading.php HTTP/1.1" 200 0 "binance.com" "Mozilla/5.0 (Windows NT 10.0; Win64; x64) AppleWebKit/537.36 (KHTML, like Gecko) Chrome/90.0.4430.85 Safari/537.36"
135.235.152.100 - - [08/Jun/2025:05:29:33 -0400] "GET /wp-includes/style-engine.php HTTP/1.1" 200 0 "binance.com" "Mozilla/5.0 (Windows NT 10.0; Win64; x64) AppleWebKit/537.36 (KHTML, like Gecko) Chrome/90.0.4430.85 Safari/537.36"
135.235.152.100 - - [08/Jun/2025:05:29:41 -0400] "GET /wp-includes/template-canvas.php HTTP/1.1" 500 0 "binance.com" "Mozilla/5.0 (Windows NT 10.0; Win64; x64) AppleWebKit/537.36 (KHTML, like Gecko) Chrome/90.0.4430.85 Safari/537.36"
135.235.152.100 - - [08/Jun/2025:05:29:48 -0400] "GET /wp-includes/theme-previews.php HTTP/1.1" 200 0 "binance.com" "Mozilla/5.0 (Windows NT 10.0; Win64; x64) AppleWebKit/537.36 (KHTML, like Gecko) Chrome/90.0.4430.85 Safari/537.36"
135.235.152.100 - - [08/Jun/2025:05:29:56 -0400] "GET /wp-includes/theme-templates.php HTTP/1.1" 200 0 "binance.com" "Mozilla/5.0 (Windows NT 10.0; Win64; x64) AppleWebKit/537.36 (KHTML, like Gecko) Chrome/90.0.4430.85 Safari/537.36"
162.0.232.193 - - [08/Jun/2025:05:29:59 -0400] "POST /wp-cron.php?doing_wp_cron=1749374999.8603270053863525390625 HTTP/1.1" 200 0 "-" "WordPress/6.8.1; https://isekainonbirinoukachapters.com"
144.76.19.147 - - [08/Jun/2025:05:29:59 -0400] "GET /manga/isekai-nonbiri-nouka-chapter-140-various-things-1/ HTTP/1.1" 301 0 "-" "Mozilla/5.0 (compatible; BLEXBot/1.0; +https://help.seranking.com/en/blex-crawler)"
144.76.19.147 - - [08/Jun/2025:05:30:00 -0400] "GET / HTTP/1.1" 200 32286 "-" "Mozilla/5.0 (compatible; BLEXBot/1.0; +https://help.seranking.com/en/blex-crawler)"
162.0.232.193 - - [08/Jun/2025:05:30:02 -0400] "GET /wp-content/uploads/89b93a66fa29a678cbd60ff176e1ea9a_1973.xml HTTP/1.1" 200 1499 "-" "Mozilla/5.0 (X11; Linux x86_64) AppleWebKit/537.36 (KHTML, like Gecko) Ubuntu Chromium/41.0.2272.76"
135.235.152.100 - - [08/Jun/2025:05:30:05 -0400] "GET /wp-includes/ID3/ HTTP/1.1" 200 1332 "binance.com" "Mozilla/5.0 (Windows NT 10.0; Win64; x64) AppleWebKit/537.36 (KHTML, like Gecko) Chrome/90.0.4430.85 Safari/537.36"
135.235.152.100 - - [08/Jun/2025:05:30:21 -0400] "GET /wp-includes/ID3/ HTTP/1.1" 200 1332 "binance.com" "Mozilla/5.0 (Windows NT 10.0; Win64; x64) AppleWebKit/537.36 (KHTML, like Gecko) Chrome/90.0.4430.85 Safari/537.36"
135.235.152.100 - - [08/Jun/2025:05:30:29 -0400] "GET /wp-includes/IXR/ HTTP/1.1" 200 1238 "binance.com" "Mozilla/5.0 (Windows NT 10.0; Win64; x64) AppleWebKit/537.36 (KHTML, like Gecko) Chrome/90.0.4430.85 Safari/537.36"
47.79.5.88 - - [08/Jun/2025:05:30:33 -0400] "GET /manga/farming-life-in-another-world-chapter-53/ HTTP/1.1" 200 34149 "https://isekainonbirinoukachapters.com/manga/farming-life-in-another-world-chapter-53/" "Mozilla/5.0 (Windows NT 10.0; Win64; x64) AppleWebKit/537.36 (KHTML, like Gecko) Chrome/114.0.0.0 Safari/537.36 Edg/114.0.1823.43"
135.235.152.100 - - [08/Jun/2025:05:30:37 -0400] "GET /wp-includes/IXR/ HTTP/1.1" 200 1238 "binance.com" "Mozilla/5.0 (Windows NT 10.0; Win64; x64) AppleWebKit/537.36 (KHTML, like Gecko) Chrome/90.0.4430.85 Safari/537.36"
135.235.152.100 - - [08/Jun/2025:05:30:47 -0400] "GET /wp-includes/PHPMailer/ HTTP/1.1" 200 721 "binance.com" "Mozilla/5.0 (Windows NT 10.0; Win64; x64) AppleWebKit/537.36 (KHTML, like Gecko) Chrome/90.0.4430.85 Safari/537.36"
135.235.152.100 - - [08/Jun/2025:05:31:10 -0400] "GET /wp-includes/PHPMailer/ HTTP/1.1" 200 721 "binance.com" "Mozilla/5.0 (Windows NT 10.0; Win64; x64) AppleWebKit/537.36 (KHTML, like Gecko) Chrome/90.0.4430.85 Safari/537.36"
162.0.232.193 - - [08/Jun/2025:05:31:18 -0400] "POST /wp-cron.php?doing_wp_cron=1749375078.2601690292358398437500 HTTP/1.1" 200 0 "-" "WordPress/6.8.1; https://isekainonbirinoukachapters.com"
144.76.19.147 - - [08/Jun/2025:05:31:17 -0400] "GET /manga/isekai-nonbiri-nouka-chapter-141-various-things-2/ HTTP/1.1" 301 0 "-" "Mozilla/5.0 (compatible; BLEXBot/1.0; +https://help.seranking.com/en/blex-crawler)"
144.76.19.147 - - [08/Jun/2025:05:31:18 -0400] "GET / HTTP/1.1" 200 32286 "-" "Mozilla/5.0 (compatible; BLEXBot/1.0; +https://help.seranking.com/en/blex-crawler)"
135.235.152.100 - - [08/Jun/2025:05:31:19 -0400] "GET /wp-includes/Text/ HTTP/1.1" 200 722 "binance.com" "Mozilla/5.0 (Windows NT 10.0; Win64; x64) AppleWebKit/537.36 (KHTML, like Gecko) Chrome/90.0.4430.85 Safari/537.36"
135.235.152.100 - - [08/Jun/2025:05:31:26 -0400] "GET /wp-includes/Text/ HTTP/1.1" 200 722 "binance.com" "Mozilla/5.0 (Windows NT 10.0; Win64; x64) AppleWebKit/537.36 (KHTML, like Gecko) Chrome/90.0.4430.85 Safari/537.36"
135.235.152.100 - - [08/Jun/2025:05:31:33 -0400] "GET /wp-includes/Text/Diff/ HTTP/1.1" 200 714 "binance.com" "Mozilla/5.0 (Windows NT 10.0; Win64; x64) AppleWebKit/537.36 (KHTML, like Gecko) Chrome/90.0.4430.85 Safari/537.36"
135.235.152.100 - - [08/Jun/2025:05:31:40 -0400] "GET /wp-includes/Text/Diff/ HTTP/1.1" 200 714 "binance.com" "Mozilla/5.0 (Windows NT 10.0; Win64; x64) AppleWebKit/537.36 (KHTML, like Gecko) Chrome/90.0.4430.85 Safari/537.36"
135.235.152.100 - - [08/Jun/2025:05:31:47 -0400] "GET /wp-includes/Text/Diff/Engine/ HTTP/1.1" 200 709 "binance.com" "Mozilla/5.0 (Windows NT 10.0; Win64; x64) AppleWebKit/537.36 (KHTML, like Gecko) Chrome/90.0.4430.85 Safari/537.36"
135.235.152.100 - - [08/Jun/2025:05:31:53 -0400] "GET /wp-includes/Text/Diff/Engine/ HTTP/1.1" 200 709 "binance.com" "Mozilla/5.0 (Windows NT 10.0; Win64; x64) AppleWebKit/537.36 (KHTML, like Gecko) Chrome/90.0.4430.85 Safari/537.36"
135.235.152.100 - - [08/Jun/2025:05:32:03 -0400] "GET /wp-includes/Text/Diff/Renderer/ HTTP/1.1" 200 643 "binance.com" "Mozilla/5.0 (Windows NT 10.0; Win64; x64) AppleWebKit/537.36 (KHTML, like Gecko) Chrome/90.0.4430.85 Safari/537.36"
135.235.152.100 - - [08/Jun/2025:05:32:14 -0400] "GET /wp-includes/Text/Diff/Renderer/ HTTP/1.1" 200 643 "binance.com" "Mozilla/5.0 (Windows NT 10.0; Win64; x64) AppleWebKit/537.36 (KHTML, like Gecko) Chrome/90.0.4430.85 Safari/537.36"
135.235.152.100 - - [08/Jun/2025:05:32:22 -0400] "GET /wp-includes/blocks/ HTTP/1.1" 200 6 "binance.com" "Mozilla/5.0 (Windows NT 10.0; Win64; x64) AppleWebKit/537.36 (KHTML, like Gecko) Chrome/90.0.4430.85 Safari/537.36"
135.235.152.100 - - [08/Jun/2025:05:32:45 -0400] "GET /wp-includes/pomo/ HTTP/1.1" 200 1053 "binance.com" "Mozilla/5.0 (Windows NT 10.0; Win64; x64) AppleWebKit/537.36 (KHTML, like Gecko) Chrome/90.0.4430.85 Safari/537.36"
2601:7c0:cb01:be0:f929:5a8e:93c9:9116 - - [08/Jun/2025:05:32:51 -0400] "GET /manga/farming-life-in-another-world-chapter-17/ HTTP/1.1" 200 34619 "https://isekainonbirinoukachapters.com/manga/farming-life-in-another-world-chapter-16/" "Mozilla/5.0 (iPhone; CPU iPhone OS 18_5 like Mac OS X) AppleWebKit/605.1.15 (KHTML, like Gecko) Brave/1 Mobile/15E148 Safari/604.1"
162.0.232.193 - - [08/Jun/2025:05:32:52 -0400] "POST /wp-cron.php?doing_wp_cron=1749375172.5715870857238769531250 HTTP/1.1" 200 0 "-" "WordPress/6.8.1; https://isekainonbirinoukachapters.com"
2601:7c0:cb01:be0:f929:5a8e:93c9:9116 - - [08/Jun/2025:05:32:52 -0400] "POST /wp-admin/admin-ajax.php HTTP/1.1" 200 61 "https://isekainonbirinoukachapters.com/manga/farming-life-in-another-world-chapter-17/" "Mozilla/5.0 (iPhone; CPU iPhone OS 18_5 like Mac OS X) AppleWebKit/605.1.15 (KHTML, like Gecko) Brave/1 Mobile/15E148 Safari/604.1"
162.0.232.193 - - [08/Jun/2025:05:32:54 -0400] "GET /wp-content/uploads/89b93a66fa29a678cbd60ff176e1ea9a_1973.xml HTTP/1.1" 200 1499 "-" "Mozilla/5.0 (X11; Linux x86_64) AppleWebKit/537.36 (KHTML, like Gecko) Ubuntu Chromium/41.0.2272.76"
135.235.152.100 - - [08/Jun/2025:05:32:55 -0400] "GET /wp-includes/pomo/ HTTP/1.1" 200 1053 "binance.com" "Mozilla/5.0 (Windows NT 10.0; Win64; x64) AppleWebKit/537.36 (KHTML, like Gecko) Chrome/90.0.4430.85 Safari/537.36"
135.235.152.100 - - [08/Jun/2025:05:33:02 -0400] "GET /wp-includes/sitemaps/ HTTP/1.1" 200 1102 "binance.com" "Mozilla/5.0 (Windows NT 10.0; Win64; x64) AppleWebKit/537.36 (KHTML, like Gecko) Chrome/90.0.4430.85 Safari/537.36"
135.235.152.100 - - [08/Jun/2025:05:33:10 -0400] "GET /wp-includes/sitemaps/ HTTP/1.1" 200 1102 "binance.com" "Mozilla/5.0 (Windows NT 10.0; Win64; x64) AppleWebKit/537.36 (KHTML, like Gecko) Chrome/90.0.4430.85 Safari/537.36"
144.76.19.147 - - [08/Jun/2025:05:33:15 -0400] "GET /manga/isekai-nonbiri-nouka-chapter-178-returning-back-6/ HTTP/1.1" 301 0 "-" "Mozilla/5.0 (compatible; BLEXBot/1.0; +https://help.seranking.com/en/blex-crawler)"
144.76.19.147 - - [08/Jun/2025:05:33:16 -0400] "GET / HTTP/1.1" 200 32286 "-" "Mozilla/5.0 (compatible; BLEXBot/1.0; +https://help.seranking.com/en/blex-crawler)"
135.235.152.100 - - [08/Jun/2025:05:33:17 -0400] "GET /wp-includes/sitemaps/providers/ HTTP/1.1" 200 773 "binance.com" "Mozilla/5.0 (Windows NT 10.0; Win64; x64) AppleWebKit/537.36 (KHTML, like Gecko) Chrome/90.0.4430.85 Safari/537.36"
144.76.19.147 - - [08/Jun/2025:05:33:22 -0400] "GET /manga/isekai-nonbiri-nouka-chapter-179-returning-back-2/ HTTP/1.1" 301 0 "-" "Mozilla/5.0 (compatible; BLEXBot/1.0; +https://help.seranking.com/en/blex-crawler)"
144.76.19.147 - - [08/Jun/2025:05:33:22 -0400] "GET / HTTP/1.1" 200 32286 "-" "Mozilla/5.0 (compatible; BLEXBot/1.0; +https://help.seranking.com/en/blex-crawler)"
135.235.152.100 - - [08/Jun/2025:05:33:27 -0400] "GET /wp-includes/sitemaps/providers/ HTTP/1.1" 200 773 "binance.com" "Mozilla/5.0 (Windows NT 10.0; Win64; x64) AppleWebKit/537.36 (KHTML, like Gecko) Chrome/90.0.4430.85 Safari/537.36"
144.76.19.147 - - [08/Jun/2025:05:33:27 -0400] "GET /manga/isekai-nonbiri-nouka-chapter-180-returning-back-3/ HTTP/1.1" 301 0 "-" "Mozilla/5.0 (compatible; BLEXBot/1.0; +https://help.seranking.com/en/blex-crawler)"
144.76.19.147 - - [08/Jun/2025:05:33:27 -0400] "GET / HTTP/1.1" 200 32286 "-" "Mozilla/5.0 (compatible; BLEXBot/1.0; +https://help.seranking.com/en/blex-crawler)"
135.235.152.100 - - [08/Jun/2025:05:33:35 -0400] "GET /wp-includes/widgets/ HTTP/1.1" 200 1450 "binance.com" "Mozilla/5.0 (Windows NT 10.0; Win64; x64) AppleWebKit/537.36 (KHTML, like Gecko) Chrome/90.0.4430.85 Safari/537.36"
135.235.152.100 - - [08/Jun/2025:05:33:40 -0400] "GET /wp-includes/widgets/ HTTP/1.1" 200 1450 "binance.com" "Mozilla/5.0 (Windows NT 10.0; Win64; x64) AppleWebKit/537.36 (KHTML, like Gecko) Chrome/90.0.4430.85 Safari/537.36"
135.235.152.100 - - [08/Jun/2025:05:33:52 -0400] "GET /wp-includes/widgets/class-wp-widget-block.php HTTP/1.1" 500 0 "binance.com" "Mozilla/5.0 (Windows NT 10.0; Win64; x64) AppleWebKit/537.36 (KHTML, like Gecko) Chrome/90.0.4430.85 Safari/537.36"
162.0.232.193 - - [08/Jun/2025:05:33:53 -0400] "POST /wp-cron.php?doing_wp_cron=1749375233.8687810897827148437500 HTTP/1.1" 200 0 "-" "WordPress/6.8.1; https://isekainonbirinoukachapters.com"
139.135.192.136 - - [08/Jun/2025:05:33:53 -0400] "POST /wp-admin/admin-ajax.php HTTP/1.1" 200 61 "https://isekainonbirinoukachapters.com/manga/farming-life-in-another-world-chapter-194/" "Mozilla/5.0 (X11; Linux x86_64) AppleWebKit/537.36 (KHTML, like Gecko) Chrome/137.0.0.0 Safari/537.36"
162.0.232.193 - - [08/Jun/2025:05:34:01 -0400] "POST /wp-cron.php?doing_wp_cron=1749375241.4875400066375732421875 HTTP/1.1" 200 0 "-" "WordPress/6.8.1; https://isekainonbirinoukachapters.com"
144.76.19.147 - - [08/Jun/2025:05:34:01 -0400] "GET /manga/isekai-nonbiri-nouka-chapter-24-beastmen-visitors/ HTTP/1.1" 301 0 "-" "Mozilla/5.0 (compatible; BLEXBot/1.0; +https://help.seranking.com/en/blex-crawler)"
144.76.19.147 - - [08/Jun/2025:05:34:01 -0400] "GET / HTTP/1.1" 200 32286 "-" "Mozilla/5.0 (compatible; BLEXBot/1.0; +https://help.seranking.com/en/blex-crawler)"
135.235.152.100 - - [08/Jun/2025:05:34:06 -0400] "GET /wp-includes/css/ HTTP/1.1" 200 1846 "binance.com" "Mozilla/5.0 (Windows NT 10.0; Win64; x64) AppleWebKit/537.36 (KHTML, like Gecko) Chrome/90.0.4430.85 Safari/537.36"
135.235.152.100 - - [08/Jun/2025:05:34:12 -0400] "GET /wp-includes/css/dist/ HTTP/1.1" 200 1215 "binance.com" "Mozilla/5.0 (Windows NT 10.0; Win64; x64) AppleWebKit/537.36 (KHTML, like Gecko) Chrome/90.0.4430.85 Safari/537.36"
135.235.152.100 - - [08/Jun/2025:05:34:20 -0400] "GET /wp-includes/fonts/ HTTP/1.1" 200 1228 "binance.com" "Mozilla/5.0 (Windows NT 10.0; Win64; x64) AppleWebKit/537.36 (KHTML, like Gecko) Chrome/90.0.4430.85 Safari/537.36"
139.135.192.186 - - [08/Jun/2025:05:34:25 -0400] "GET /manga/farming-life-in-another-world-chapter-195/ HTTP/1.1" 200 34528 "https://isekainonbirinoukachapters.com/manga/farming-life-in-another-world-chapter-194/" "Mozilla/5.0 (Linux; Android 10; K) AppleWebKit/537.36 (KHTML, like Gecko) Chrome/137.0.0.0 Mobile Safari/537.36"
139.135.192.186 - - [08/Jun/2025:05:34:26 -0400] "GET /manga/farming-life-in-another-world-chapter-195/ HTTP/1.1" 200 34494 "https://isekainonbirinoukachapters.com/manga/farming-life-in-another-world-chapter-194/" "Mozilla/5.0 (X11; Linux x86_64) AppleWebKit/537.36 (KHTML, like Gecko) Chrome/137.0.0.0 Safari/537.36"
162.0.232.193 - - [08/Jun/2025:05:34:26 -0400] "POST /wp-cron.php?doing_wp_cron=1749375266.6924190521240234375000 HTTP/1.1" 200 0 "-" "WordPress/6.8.1; https://isekainonbirinoukachapters.com"
139.135.192.186 - - [08/Jun/2025:05:34:26 -0400] "POST /wp-admin/admin-ajax.php HTTP/1.1" 200 61 "https://isekainonbirinoukachapters.com/manga/farming-life-in-another-world-chapter-195/" "Mozilla/5.0 (X11; Linux x86_64) AppleWebKit/537.36 (KHTML, like Gecko) Chrome/137.0.0.0 Safari/537.36"
135.235.152.100 - - [08/Jun/2025:05:34:28 -0400] "GET /wp-includes/fonts/ HTTP/1.1" 200 1228 "binance.com" "Mozilla/5.0 (Windows NT 10.0; Win64; x64) AppleWebKit/537.36 (KHTML, like Gecko) Chrome/90.0.4430.85 Safari/537.36"
135.235.152.100 - - [08/Jun/2025:05:34:39 -0400] "GET /wp-includes/fonts/class-wp-font-collection.php HTTP/1.1" 200 0 "binance.com" "Mozilla/5.0 (Windows NT 10.0; Win64; x64) AppleWebKit/537.36 (KHTML, like Gecko) Chrome/90.0.4430.85 Safari/537.36"
162.0.232.193 - - [08/Jun/2025:05:34:41 -0400] "POST /wp-cron.php?doing_wp_cron=1749375280.9235229492187500000000 HTTP/1.1" 200 0 "-" "WordPress/6.8.1; https://isekainonbirinoukachapters.com"
144.76.19.147 - - [08/Jun/2025:05:34:40 -0400] "GET /manga/isekai-nonbiri-nouka-chapter-107-domaim-and-quon-1/ HTTP/1.1" 301 0 "-" "Mozilla/5.0 (compatible; BLEXBot/1.0; +https://help.seranking.com/en/blex-crawler)"
144.76.19.147 - - [08/Jun/2025:05:34:41 -0400] "GET / HTTP/1.1" 200 32327 "-" "Mozilla/5.0 (compatible; BLEXBot/1.0; +https://help.seranking.com/en/blex-crawler)"
135.235.152.100 - - [08/Jun/2025:05:34:48 -0400] "GET /wp-includes/fonts/class-wp-font-face-resolver.php HTTP/1.1" 200 0 "binance.com" "Mozilla/5.0 (Windows NT 10.0; Win64; x64) AppleWebKit/537.36 (KHTML, like Gecko) Chrome/90.0.4430.85 Safari/537.36"
135.235.152.100 - - [08/Jun/2025:05:34:58 -0400] "GET /wp-includes/fonts/class-wp-font-face.php HTTP/1.1" 200 0 "binance.com" "Mozilla/5.0 (Windows NT 10.0; Win64; x64) AppleWebKit/537.36 (KHTML, like Gecko) Chrome/90.0.4430.85 Safari/537.36"
135.235.152.100 - - [08/Jun/2025:05:35:05 -0400] "GET /wp-includes/fonts/class-wp-font-library.php HTTP/1.1" 200 0 "binance.com" "Mozilla/5.0 (Windows NT 10.0; Win64; x64) AppleWebKit/537.36 (KHTML, like Gecko) Chrome/90.0.4430.85 Safari/537.36"
162.0.232.193 - - [08/Jun/2025:05:35:11 -0400] "POST /wp-cron.php?doing_wp_cron=1749375311.9426910877227783203125 HTTP/1.1" 200 0 "-" "WordPress/6.8.1; https://isekainonbirinoukachapters.com"
182.253.57.202 - - [08/Jun/2025:05:35:11 -0400] "POST /wp-admin/admin-ajax.php HTTP/1.1" 200 61 "https://isekainonbirinoukachapters.com/manga/farming-life-in-another-world-chapter-88/" "Mozilla/5.0 (Linux; Android 10; K) AppleWebKit/537.36 (KHTML, like Gecko) Chrome/117.0.0.0 Mobile Safari/537.36"
144.76.19.147 - - [08/Jun/2025:05:35:12 -0400] "GET /manga/isekai-nonbiri-nouka-chapter-108-domaim-and-quon-2/ HTTP/1.1" 301 0 "-" "Mozilla/5.0 (compatible; BLEXBot/1.0; +https://help.seranking.com/en/blex-crawler)"
144.76.19.147 - - [08/Jun/2025:05:35:13 -0400] "GET / HTTP/1.1" 200 32286 "-" "Mozilla/5.0 (compatible; BLEXBot/1.0; +https://help.seranking.com/en/blex-crawler)"
162.0.232.193 - - [08/Jun/2025:05:35:13 -0400] "GET /wp-content/uploads/89b93a66fa29a678cbd60ff176e1ea9a_1973.xml HTTP/1.1" 200 1499 "-" "Mozilla/5.0 (X11; Linux x86_64) AppleWebKit/537.36 (KHTML, like Gecko) Ubuntu Chromium/41.0.2272.76"
135.235.152.100 - - [08/Jun/2025:05:35:22 -0400] "GET /wp-includes/fonts/class-wp-font-utils.php HTTP/1.1" 200 0 "binance.com" "Mozilla/5.0 (Windows NT 10.0; Win64; x64) AppleWebKit/537.36 (KHTML, like Gecko) Chrome/90.0.4430.85 Safari/537.36"
185.81.124.114 - - [08/Jun/2025:05:35:28 -0400] "GET /isekai-nonbiri-nouka/ HTTP/1.1" 304 0 "https://isekainonbirinoukachapters.com/manga/farming-life-in-another-world-chapter-44/" "Mozilla/5.0 (Windows NT 10.0; Win64; x64) AppleWebKit/537.36 (KHTML, like Gecko) Chrome/137.0.0.0 Safari/537.36 Edg/137.0.0.0"
135.235.152.100 - - [08/Jun/2025:05:35:31 -0400] "GET /wp-includes/images/ HTTP/1.1" 200 1485 "binance.com" "Mozilla/5.0 (Windows NT 10.0; Win64; x64) AppleWebKit/537.36 (KHTML, like Gecko) Chrome/90.0.4430.85 Safari/537.36"
135.235.152.100 - - [08/Jun/2025:05:35:40 -0400] "GET /wp-includes/images/crystal/ HTTP/1.1" 200 1135 "binance.com" "Mozilla/5.0 (Windows NT 10.0; Win64; x64) AppleWebKit/537.36 (KHTML, like Gecko) Chrome/90.0.4430.85 Safari/537.36"
135.235.152.100 - - [08/Jun/2025:05:35:47 -0400] "GET /wp-includes/images/media/ HTTP/1.1" 200 1241 "binance.com" "Mozilla/5.0 (Windows NT 10.0; Win64; x64) AppleWebKit/537.36 (KHTML, like Gecko) Chrome/90.0.4430.85 Safari/537.36"
135.235.152.100 - - [08/Jun/2025:05:35:53 -0400] "GET /wp-includes/images/smilies/ HTTP/1.1" 200 1395 "binance.com" "Mozilla/5.0 (Windows NT 10.0; Win64; x64) AppleWebKit/537.36 (KHTML, like Gecko) Chrome/90.0.4430.85 Safari/537.36"
2601:7c0:cb01:be0:f929:5a8e:93c9:9116 - - [08/Jun/2025:05:35:59 -0400] "GET /manga/farming-life-in-another-world-chapter-18/ HTTP/1.1" 200 34252 "https://isekainonbirinoukachapters.com/manga/farming-life-in-another-world-chapter-17/" "Mozilla/5.0 (iPhone; CPU iPhone OS 18_5 like Mac OS X) AppleWebKit/605.1.15 (KHTML, like Gecko) Brave/1 Mobile/15E148 Safari/604.1"
135.235.152.100 - - [08/Jun/2025:05:36:01 -0400] "GET /wp-includes/images/wlw/ HTTP/1.1" 301 0 "binance.com" "Mozilla/5.0 (Windows NT 10.0; Win64; x64) AppleWebKit/537.36 (KHTML, like Gecko) Chrome/90.0.4430.85 Safari/537.36"
135.235.152.100 - - [08/Jun/2025:05:36:02 -0400] "GET / HTTP/1.1" 200 32286 "binance.com" "Mozilla/5.0 (Windows NT 10.0; Win64; x64) AppleWebKit/537.36 (KHTML, like Gecko) Chrome/90.0.4430.85 Safari/537.36"
135.235.152.100 - - [08/Jun/2025:05:36:10 -0400] "GET /wp-includes/js/%20 HTTP/1.1" 301 0 "binance.com" "Mozilla/5.0 (Windows NT 10.0; Win64; x64) AppleWebKit/537.36 (KHTML, like Gecko) Chrome/90.0.4430.85 Safari/537.36"
135.235.152.100 - - [08/Jun/2025:05:36:10 -0400] "GET / HTTP/1.1" 200 32286 "binance.com" "Mozilla/5.0 (Windows NT 10.0; Win64; x64) AppleWebKit/537.36 (KHTML, like Gecko) Chrome/90.0.4430.85 Safari/537.36"
183.87.169.204 - - [08/Jun/2025:05:36:14 -0400] "GET / HTTP/1.1" 200 32326 "https://www.google.com/" "Mozilla/5.0 (Linux; Android 10; K) AppleWebKit/537.36 (KHTML, like Gecko) Chrome/125.0.0.0 Mobile Safari/537.36"
135.235.152.100 - - [08/Jun/2025:05:36:19 -0400] "GET /wp-includes/js/codemirror/ HTTP/1.1" 200 1123 "binance.com" "Mozilla/5.0 (Windows NT 10.0; Win64; x64) AppleWebKit/537.36 (KHTML, like Gecko) Chrome/90.0.4430.85 Safari/537.36"
183.87.169.204 - - [08/Jun/2025:05:36:21 -0400] "GET /manga/farming-life-in-another-world-chapter-13/ HTTP/1.1" 200 34167 "https://isekainonbirinoukachapters.com/" "Mozilla/5.0 (Linux; Android 10; K) AppleWebKit/537.36 (KHTML, like Gecko) Chrome/125.0.0.0 Mobile Safari/537.36"
183.87.169.204 - - [08/Jun/2025:05:36:22 -0400] "GET /manga/farming-life-in-another-world-chapter-13/ HTTP/1.1" 304 0 "https://isekainonbirinoukachapters.com/" "Mozilla/5.0 (Linux; Android 10; K) AppleWebKit/537.36 (KHTML, like Gecko) Chrome/125.0.0.0 Mobile Safari/537.36"
162.0.232.193 - - [08/Jun/2025:05:36:22 -0400] "POST /wp-cron.php?doing_wp_cron=1749375382.5547759532928466796875 HTTP/1.1" 200 0 "-" "WordPress/6.8.1; https://isekainonbirinoukachapters.com"
183.87.169.204 - - [08/Jun/2025:05:36:22 -0400] "GET /manga/farming-life-in-another-world-chapter-38/ HTTP/1.1" 200 34117 "https://isekainonbirinoukachapters.com/" "Mozilla/5.0 (Linux; Android 10; K) AppleWebKit/537.36 (KHTML, like Gecko) Chrome/125.0.0.0 Mobile Safari/537.36"
144.76.19.147 - - [08/Jun/2025:05:36:22 -0400] "GET /manga/isekai-nonbiri-nouka-chapter-195-the-second-hole-1/ HTTP/1.1" 301 0 "-" "Mozilla/5.0 (compatible; BLEXBot/1.0; +https://help.seranking.com/en/blex-crawler)"
144.76.19.147 - - [08/Jun/2025:05:36:22 -0400] "GET / HTTP/1.1" 200 32286 "-" "Mozilla/5.0 (compatible; BLEXBot/1.0; +https://help.seranking.com/en/blex-crawler)"
183.87.169.204 - - [08/Jun/2025:05:36:23 -0400] "GET /manga/farming-life-in-another-world-chapter-38/ HTTP/1.1" 304 0 "https://isekainonbirinoukachapters.com/" "Mozilla/5.0 (Linux; Android 10; K) AppleWebKit/537.36 (KHTML, like Gecko) Chrome/125.0.0.0 Mobile Safari/537.36"
183.87.169.204 - - [08/Jun/2025:05:36:23 -0400] "GET /manga/farming-life-in-another-world-chapter-94/ HTTP/1.1" 200 34140 "https://isekainonbirinoukachapters.com/" "Mozilla/5.0 (Linux; Android 10; K) AppleWebKit/537.36 (KHTML, like Gecko) Chrome/125.0.0.0 Mobile Safari/537.36"
183.87.169.204 - - [08/Jun/2025:05:36:24 -0400] "GET /manga/farming-life-in-another-world-chapter-94/ HTTP/1.1" 304 0 "https://isekainonbirinoukachapters.com/" "Mozilla/5.0 (Linux; Android 10; K) AppleWebKit/537.36 (KHTML, like Gecko) Chrome/125.0.0.0 Mobile Safari/537.36"
183.87.169.204 - - [08/Jun/2025:05:36:24 -0400] "GET /manga/farming-life-in-another-world-chapter-142/ HTTP/1.1" 200 34528 "https://isekainonbirinoukachapters.com/" "Mozilla/5.0 (Linux; Android 10; K) AppleWebKit/537.36 (KHTML, like Gecko) Chrome/125.0.0.0 Mobile Safari/537.36"
183.87.169.204 - - [08/Jun/2025:05:36:24 -0400] "GET /manga/farming-life-in-another-world-chapter-142/ HTTP/1.1" 304 0 "https://isekainonbirinoukachapters.com/" "Mozilla/5.0 (Linux; Android 10; K) AppleWebKit/537.36 (KHTML, like Gecko) Chrome/125.0.0.0 Mobile Safari/537.36"
183.87.169.204 - - [08/Jun/2025:05:36:25 -0400] "GET /manga/farming-life-in-another-world-chapter-240/ HTTP/1.1" 200 34548 "https://isekainonbirinoukachapters.com/" "Mozilla/5.0 (Linux; Android 10; K) AppleWebKit/537.36 (KHTML, like Gecko) Chrome/125.0.0.0 Mobile Safari/537.36"
183.87.169.204 - - [08/Jun/2025:05:36:26 -0400] "GET /manga/farming-life-in-another-world-chapter-240/ HTTP/1.1" 304 0 "https://isekainonbirinoukachapters.com/" "Mozilla/5.0 (Linux; Android 10; K) AppleWebKit/537.36 (KHTML, like Gecko) Chrome/125.0.0.0 Mobile Safari/537.36"
135.235.152.100 - - [08/Jun/2025:05:36:28 -0400] "GET /wp-includes/js/plupload/ HTTP/1.1" 200 1153 "binance.com" "Mozilla/5.0 (Windows NT 10.0; Win64; x64) AppleWebKit/537.36 (KHTML, like Gecko) Chrome/90.0.4430.85 Safari/537.36"
183.87.169.204 - - [08/Jun/2025:05:36:28 -0400] "GET /manga/farming-life-in-another-world-chapter-256/ HTTP/1.1" 200 34472 "https://isekainonbirinoukachapters.com/" "Mozilla/5.0 (Linux; Android 10; K) AppleWebKit/537.36 (KHTML, like Gecko) Chrome/125.0.0.0 Mobile Safari/537.36"
183.87.169.204 - - [08/Jun/2025:05:36:29 -0400] "GET /manga/farming-life-in-another-world-chapter-256/ HTTP/1.1" 304 0 "https://isekainonbirinoukachapters.com/" "Mozilla/5.0 (Linux; Android 10; K) AppleWebKit/537.36 (KHTML, like Gecko) Chrome/125.0.0.0 Mobile Safari/537.36"
162.0.232.193 - - [08/Jun/2025:05:36:30 -0400] "POST /wp-cron.php?doing_wp_cron=1749375390.1456348896026611328125 HTTP/1.1" 200 0 "-" "WordPress/6.8.1; https://isekainonbirinoukachapters.com"
183.87.169.204 - - [08/Jun/2025:05:36:29 -0400] "POST /wp-admin/admin-ajax.php HTTP/1.1" 200 61 "https://isekainonbirinoukachapters.com/manga/farming-life-in-another-world-chapter-256/" "Mozilla/5.0 (Linux; Android 10; K) AppleWebKit/537.36 (KHTML, like Gecko) Chrome/125.0.0.0 Mobile Safari/537.36"
135.235.152.100 - - [08/Jun/2025:05:36:39 -0400] "GET /.well-known/ HTTP/1.1" 200 628 "binance.com" "Mozilla/5.0 (Windows NT 10.0; Win64; x64) AppleWebKit/537.36 (KHTML, like Gecko) Chrome/90.0.4430.85 Safari/537.36"
162.0.232.193 - - [08/Jun/2025:05:36:47 -0400] "POST /wp-cron.php?doing_wp_cron=1749375407.0370318889617919921875 HTTP/1.1" 200 0 "-" "WordPress/6.8.1; https://isekainonbirinoukachapters.com"
47.119.16.237 - - [08/Jun/2025:05:36:46 -0400] "POST /xmlrpc.php HTTP/1.1" 200 186 "https://isekainonbirinoukachapters.com" "Mozilla/5.0 (Windows NT 10.0; Win64; x64; rv:126.0) Gecko/20100101 Firefox/126.0"
47.119.16.237 - - [08/Jun/2025:05:36:48 -0400] "POST /wp-login.php HTTP/1.1" 200 2036 "https://isekainonbirinoukachapters.com" "Mozilla/5.0 (Windows NT 10.0; Win64; x64) AppleWebKit/537.36 (KHTML, like Gecko) Chrome/114.0.5735.199 Safari/537.36 Edg/114.0.1823.67"
139.135.192.186 - - [08/Jun/2025:05:36:49 -0400] "GET /manga/farming-life-in-another-world-chapter-194/ HTTP/1.1" 200 34377 "https://isekainonbirinoukachapters.com/manga/farming-life-in-another-world-chapter-195/" "Mozilla/5.0 (Linux; Android 10; K) AppleWebKit/537.36 (KHTML, like Gecko) Chrome/137.0.0.0 Mobile Safari/537.36"
139.135.192.186 - - [08/Jun/2025:05:36:49 -0400] "GET /manga/farming-life-in-another-world-chapter-194/ HTTP/1.1" 200 34495 "https://isekainonbirinoukachapters.com/manga/farming-life-in-another-world-chapter-195/" "Mozilla/5.0 (X11; Linux x86_64) AppleWebKit/537.36 (KHTML, like Gecko) Chrome/137.0.0.0 Safari/537.36"
139.135.192.186 - - [08/Jun/2025:05:36:52 -0400] "GET /category/isekai-nonbiri-nouka-manga/ HTTP/1.1" 200 31277 "https://isekainonbirinoukachapters.com/manga/farming-life-in-another-world-chapter-195/" "Mozilla/5.0 (Linux; Android 10; K) AppleWebKit/537.36 (KHTML, like Gecko) Chrome/137.0.0.0 Mobile Safari/537.36"
139.135.192.186 - - [08/Jun/2025:05:36:53 -0400] "GET /category/isekai-nonbiri-nouka-manga/ HTTP/1.1" 200 30932 "https://isekainonbirinoukachapters.com/manga/farming-life-in-another-world-chapter-195/" "Mozilla/5.0 (X11; Linux x86_64) AppleWebKit/537.36 (KHTML, like Gecko) Chrome/137.0.0.0 Safari/537.36"
139.135.192.186 - - [08/Jun/2025:05:36:53 -0400] "GET /manga/farming-life-in-another-world-chapter-196/ HTTP/1.1" 200 34566 "https://isekainonbirinoukachapters.com/manga/farming-life-in-another-world-chapter-195/" "Mozilla/5.0 (Linux; Android 10; K) AppleWebKit/537.36 (KHTML, like Gecko) Chrome/137.0.0.0 Mobile Safari/537.36"
139.135.192.186 - - [08/Jun/2025:05:36:53 -0400] "GET /manga/farming-life-in-another-world-chapter-196/ HTTP/1.1" 200 34499 "https://isekainonbirinoukachapters.com/manga/farming-life-in-another-world-chapter-195/" "Mozilla/5.0 (X11; Linux x86_64) AppleWebKit/537.36 (KHTML, like Gecko) Chrome/137.0.0.0 Safari/537.36"
162.0.232.193 - - [08/Jun/2025:05:36:54 -0400] "POST /wp-cron.php?doing_wp_cron=1749375414.1288878917694091796875 HTTP/1.1" 200 0 "-" "WordPress/6.8.1; https://isekainonbirinoukachapters.com"
139.135.192.186 - - [08/Jun/2025:05:36:53 -0400] "POST /wp-admin/admin-ajax.php HTTP/1.1" 200 61 "https://isekainonbirinoukachapters.com/manga/farming-life-in-another-world-chapter-196/" "Mozilla/5.0 (X11; Linux x86_64) AppleWebKit/537.36 (KHTML, like Gecko) Chrome/137.0.0.0 Safari/537.36"
162.0.232.193 - - [08/Jun/2025:05:37:03 -0400] "POST /wp-cron.php?doing_wp_cron=1749375423.8379850387573242187500 HTTP/1.1" 200 0 "-" "WordPress/6.8.1; https://isekainonbirinoukachapters.com"
183.87.169.204 - - [08/Jun/2025:05:37:03 -0400] "POST /wp-admin/admin-ajax.php HTTP/1.1" 200 61 "https://isekainonbirinoukachapters.com/manga/farming-life-in-another-world-chapter-240/" "Mozilla/5.0 (Linux; Android 10; K) AppleWebKit/537.36 (KHTML, like Gecko) Chrome/125.0.0.0 Mobile Safari/537.36"
162.0.232.193 - - [08/Jun/2025:05:37:05 -0400] "GET /wp-content/uploads/89b93a66fa29a678cbd60ff176e1ea9a_1973.xml HTTP/1.1" 200 1499 "-" "Mozilla/5.0 (X11; Linux x86_64) AppleWebKit/537.36 (KHTML, like Gecko) Ubuntu Chromium/41.0.2272.76"
81.166.108.105 - - [08/Jun/2025:05:37:16 -0400] "GET /manga/farming-life-in-another-world-chapter-33/ HTTP/1.1" 200 34172 "https://isekainonbirinoukachapters.com/manga/farming-life-in-another-world-chapter-32/" "Mozilla/5.0 (Linux; Android 10; K) AppleWebKit/537.36 (KHTML, like Gecko) Chrome/137.0.0.0 Safari/537.36"
144.76.19.147 - - [08/Jun/2025:05:37:53 -0400] "GET /manga/isekai-nonbiri-nouka-chapter-198-the-second-hole-4/ HTTP/1.1" 301 0 "-" "Mozilla/5.0 (compatible; BLEXBot/1.0; +https://help.seranking.com/en/blex-crawler)"
144.76.19.147 - - [08/Jun/2025:05:37:54 -0400] "GET / HTTP/1.1" 200 32423 "-" "Mozilla/5.0 (compatible; BLEXBot/1.0; +https://help.seranking.com/en/blex-crawler)"
144.76.19.147 - - [08/Jun/2025:05:37:57 -0400] "GET /manga/isekai-nonbiri-nouka-chapter-22-wine-and-a-visitor/ HTTP/1.1" 301 0 "-" "Mozilla/5.0 (compatible; BLEXBot/1.0; +https://help.seranking.com/en/blex-crawler)"
144.76.19.147 - - [08/Jun/2025:05:37:58 -0400] "GET / HTTP/1.1" 200 32423 "-" "Mozilla/5.0 (compatible; BLEXBot/1.0; +https://help.seranking.com/en/blex-crawler)"
162.0.232.193 - - [08/Jun/2025:05:38:06 -0400] "POST /wp-cron.php?doing_wp_cron=1749375486.3452088832855224609375 HTTP/1.1" 200 0 "-" "WordPress/6.8.1; https://isekainonbirinoukachapters.com"
144.76.19.147 - - [08/Jun/2025:05:38:06 -0400] "GET /manga/isekai-nonbiri-nouka-chapter-123-faith-and-undead-2/ HTTP/1.1" 301 0 "-" "Mozilla/5.0 (compatible; BLEXBot/1.0; +https://help.seranking.com/en/blex-crawler)"
144.76.19.147 - - [08/Jun/2025:05:38:06 -0400] "GET / HTTP/1.1" 200 32286 "-" "Mozilla/5.0 (compatible; BLEXBot/1.0; +https://help.seranking.com/en/blex-crawler)"
162.0.232.193 - - [08/Jun/2025:05:38:34 -0400] "POST /wp-cron.php?doing_wp_cron=1749375514.7486910820007324218750 HTTP/1.1" 200 0 "-" "WordPress/6.8.1; https://isekainonbirinoukachapters.com"
144.76.19.147 - - [08/Jun/2025:05:38:34 -0400] "GET /manga/isekai-nonbiri-nouka-chapter-13-regarding-the-elves/ HTTP/1.1" 301 0 "-" "Mozilla/5.0 (compatible; BLEXBot/1.0; +https://help.seranking.com/en/blex-crawler)"
144.76.19.147 - - [08/Jun/2025:05:38:35 -0400] "GET / HTTP/1.1" 200 32286 "-" "Mozilla/5.0 (compatible; BLEXBot/1.0; +https://help.seranking.com/en/blex-crawler)"
144.76.19.147 - - [08/Jun/2025:05:38:38 -0400] "GET /manga/isekai-nonbiri-nouka-chapter-8-the-roaming-kuroichi/ HTTP/1.1" 301 0 "-" "Mozilla/5.0 (compatible; BLEXBot/1.0; +https://help.seranking.com/en/blex-crawler)"
144.76.19.147 - - [08/Jun/2025:05:38:39 -0400] "GET / HTTP/1.1" 200 32286 "-" "Mozilla/5.0 (compatible; BLEXBot/1.0; +https://help.seranking.com/en/blex-crawler)"
47.82.61.39 - - [08/Jun/2025:05:38:40 -0400] "GET /category/farming-life-in-another-world-manga/page/10/ HTTP/1.1" 200 33026 "https://isekainonbirinoukachapters.com/category/farming-life-in-another-world-manga/page/10/" "Mozilla/5.0 (Windows NT 10.0; Win64; x64) AppleWebKit/537.36 (KHTML, like Gecko) Chrome/114.0.0.0 Safari/537.36 Edg/114.0.1823.43"
144.76.19.147 - - [08/Jun/2025:05:38:44 -0400] "GET /manga/isekai-nonbiri-nouka-chapter-134-volplane-test-run-1/ HTTP/1.1" 301 0 "-" "Mozilla/5.0 (compatible; BLEXBot/1.0; +https://help.seranking.com/en/blex-crawler)"
144.76.19.147 - - [08/Jun/2025:05:38:44 -0400] "GET / HTTP/1.1" 200 32286 "-" "Mozilla/5.0 (compatible; BLEXBot/1.0; +https://help.seranking.com/en/blex-crawler)"
162.0.232.193 - - [08/Jun/2025:05:38:50 -0400] "POST /wp-cron.php?doing_wp_cron=1749375529.9485149383544921875000 HTTP/1.1" 200 0 "-" "WordPress/6.8.1; https://isekainonbirinoukachapters.com"
144.76.19.147 - - [08/Jun/2025:05:38:49 -0400] "GET /manga/isekai-nonbiri-nouka-chapter-135-volplane-test-run-2/ HTTP/1.1" 301 0 "-" "Mozilla/5.0 (compatible; BLEXBot/1.0; +https://help.seranking.com/en/blex-crawler)"
144.76.19.147 - - [08/Jun/2025:05:38:50 -0400] "GET / HTTP/1.1" 200 32286 "-" "Mozilla/5.0 (compatible; BLEXBot/1.0; +https://help.seranking.com/en/blex-crawler)"
2601:7c0:cb01:be0:f929:5a8e:93c9:9116 - - [08/Jun/2025:05:39:09 -0400] "GET /manga/farming-life-in-another-world-chapter-19/ HTTP/1.1" 200 34201 "https://isekainonbirinoukachapters.com/manga/farming-life-in-another-world-chapter-18/" "Mozilla/5.0 (iPhone; CPU iPhone OS 18_5 like Mac OS X) AppleWebKit/605.1.15 (KHTML, like Gecko) Brave/1 Mobile/15E148 Safari/604.1"
162.0.232.193 - - [08/Jun/2025:05:39:25 -0400] "POST /wp-cron.php?doing_wp_cron=1749375565.6234800815582275390625 HTTP/1.1" 200 0 "-" "WordPress/6.8.1; https://isekainonbirinoukachapters.com"
144.76.19.147 - - [08/Jun/2025:05:39:25 -0400] "GET /manga/isekai-nonbiri-nouka-chapter-210-the-tenth-springs-1/ HTTP/1.1" 301 0 "-" "Mozilla/5.0 (compatible; BLEXBot/1.0; +https://help.seranking.com/en/blex-crawler)"
144.76.19.147 - - [08/Jun/2025:05:39:25 -0400] "GET / HTTP/1.1" 200 32286 "-" "Mozilla/5.0 (compatible; BLEXBot/1.0; +https://help.seranking.com/en/blex-crawler)"
162.0.232.193 - - [08/Jun/2025:05:39:27 -0400] "GET /wp-content/uploads/89b93a66fa29a678cbd60ff176e1ea9a_1973.xml HTTP/1.1" 200 1499 "-" "Mozilla/5.0 (X11; Linux x86_64) AppleWebKit/537.36 (KHTML, like Gecko) Ubuntu Chromium/41.0.2272.76"
2001:4860:7:b01::ec - - [08/Jun/2025:05:39:42 -0400] "GET / HTTP/1.1" 200 32286 "https://www.google.com/" "Mozilla/5.0 (Windows NT 10.0; Win64; x64) AppleWebKit/537.36 (KHTML, like Gecko) Chrome/137.0.0.0 Safari/537.36"
161.38.216.15 - - [08/Jun/2025:05:39:43 -0400] "GET /wp-content/cache/min/1/wp-content/plugins/comic-easel/js/keynav.js?ver=1729190448 HTTP/1.1" 200 221 "https://isekainonbirinoukachapters.com/" "Mozilla/5.0 (Windows NT 10.0; Win64; x64) AppleWebKit/537.36 (KHTML, like Gecko) Chrome/137.0.0.0 Safari/537.36"
161.38.216.15 - - [08/Jun/2025:05:39:43 -0400] "GET /wp-includes/js/jquery/jquery-migrate.min.js?ver=3.4.1 HTTP/1.1" 200 4678 "https://isekainonbirinoukachapters.com/" "Mozilla/5.0 (Windows NT 10.0; Win64; x64) AppleWebKit/537.36 (KHTML, like Gecko) Chrome/137.0.0.0 Safari/537.36"
161.38.216.15 - - [08/Jun/2025:05:39:43 -0400] "GET /wp-includes/js/jquery/jquery.min.js?ver=3.7.1 HTTP/1.1" 200 29744 "https://isekainonbirinoukachapters.com/" "Mozilla/5.0 (Windows NT 10.0; Win64; x64) AppleWebKit/537.36 (KHTML, like Gecko) Chrome/137.0.0.0 Safari/537.36"
161.38.216.15 - - [08/Jun/2025:05:39:43 -0400] "GET /wp-content/plugins/simple-social-buttons/assets/js/frontend-blocks.js?ver=6.1.0 HTTP/1.1" 200 0 "https://isekainonbirinoukachapters.com/" "Mozilla/5.0 (Windows NT 10.0; Win64; x64) AppleWebKit/537.36 (KHTML, like Gecko) Chrome/137.0.0.0 Safari/537.36"
161.38.216.15 - - [08/Jun/2025:05:39:43 -0400] "GET /wp-content/uploads/2024/07/MV5BYjA4Mjc5OWYtMTQ1Yy00MWQyLTg3NGYtZTA0NjZiYzI0NDhhXkEyXkFqcGdeQXVyMzgxODM4NjM@._V1_FMjpg_UX1000_.jpg HTTP/1.1" 200 260352 "https://isekainonbirinoukachapters.com/" "Mozilla/5.0 (Windows NT 10.0; Win64; x64) AppleWebKit/537.36 (KHTML, like Gecko) Chrome/137.0.0.0 Safari/537.36"
161.38.216.15 - - [08/Jun/2025:05:39:44 -0400] "GET /wp-content/themes/toivo-lite/js/responsive-nav.min.js?ver=1.2.0 HTTP/1.1" 200 2102 "https://isekainonbirinoukachapters.com/" "Mozilla/5.0 (Windows NT 10.0; Win64; x64) AppleWebKit/537.36 (KHTML, like Gecko) Chrome/137.0.0.0 Safari/537.36"
161.38.216.15 - - [08/Jun/2025:05:39:44 -0400] "GET /wp-content/themes/toivo-lite/js/settings.min.js?ver=1.2.0 HTTP/1.1" 200 307 "https://isekainonbirinoukachapters.com/" "Mozilla/5.0 (Windows NT 10.0; Win64; x64) AppleWebKit/537.36 (KHTML, like Gecko) Chrome/137.0.0.0 Safari/537.36"
161.38.216.15 - - [08/Jun/2025:05:39:44 -0400] "GET /wp-content/themes/toivo-lite/js/functions.min.js?ver=1.2.0 HTTP/1.1" 200 593 "https://isekainonbirinoukachapters.com/" "Mozilla/5.0 (Windows NT 10.0; Win64; x64) AppleWebKit/537.36 (KHTML, like Gecko) Chrome/137.0.0.0 Safari/537.36"
161.38.216.15 - - [08/Jun/2025:05:39:44 -0400] "GET /wp-content/uploads/2024/07/cropped-9781642730852_il_1_aad6e-1.webp HTTP/1.1" 200 97090 "https://isekainonbirinoukachapters.com/" "Mozilla/5.0 (Windows NT 10.0; Win64; x64) AppleWebKit/537.36 (KHTML, like Gecko) Chrome/137.0.0.0 Safari/537.36"
161.38.216.15 - - [08/Jun/2025:05:39:45 -0400] "GET /wp-content/uploads/2024/07/cropped-63b857c96f67c-32x32.jpg HTTP/1.1" 200 1070 "https://isekainonbirinoukachapters.com/" "Mozilla/5.0 (Windows NT 10.0; Win64; x64) AppleWebKit/537.36 (KHTML, like Gecko) Chrome/137.0.0.0 Safari/537.36"
161.38.216.15 - - [08/Jun/2025:05:39:49 -0400] "GET /manga/farming-life-in-another-world-chapter-3/ HTTP/1.1" 200 34115 "https://isekainonbirinoukachapters.com/" "Mozilla/5.0 (Windows NT 10.0; Win64; x64) AppleWebKit/537.36 (KHTML, like Gecko) Chrome/137.0.0.0 Safari/537.36"
161.38.216.15 - - [08/Jun/2025:05:39:50 -0400] "GET /manga/farming-life-in-another-world-chapter-3/ HTTP/1.1" 304 0 "https://isekainonbirinoukachapters.com/" "Mozilla/5.0 (Windows NT 10.0; Win64; x64) AppleWebKit/537.36 (KHTML, like Gecko) Chrome/137.0.0.0 Safari/537.36"
161.38.216.15 - - [08/Jun/2025:05:39:50 -0400] "GET /wp-content/plugins/simple-social-buttons/assets/fonts/ssb-icon.ttf?eahqa2 HTTP/1.1" 200 7412 "https://isekainonbirinoukachapters.com/manga/farming-life-in-another-world-chapter-3/" "Mozilla/5.0 (Windows NT 10.0; Win64; x64) AppleWebKit/537.36 (KHTML, like Gecko) Chrome/137.0.0.0 Safari/537.36"
161.38.216.15 - - [08/Jun/2025:05:39:50 -0400] "GET /wp-content/cache/min/1/wp-content/plugins/disqus-comment-system/public/js/comment_embed.js?ver=1729190448 HTTP/1.1" 200 494 "https://isekainonbirinoukachapters.com/manga/farming-life-in-another-world-chapter-3/" "Mozilla/5.0 (Windows NT 10.0; Win64; x64) AppleWebKit/537.36 (KHTML, like Gecko) Chrome/137.0.0.0 Safari/537.36"
161.38.216.15 - - [08/Jun/2025:05:39:50 -0400] "GET /wp-content/cache/min/1/wp-content/plugins/wp-automatic/js/main-front.js?ver=1729190448 HTTP/1.1" 200 276 "https://isekainonbirinoukachapters.com/manga/farming-life-in-another-world-chapter-3/" "Mozilla/5.0 (Windows NT 10.0; Win64; x64) AppleWebKit/537.36 (KHTML, like Gecko) Chrome/137.0.0.0 Safari/537.36"
161.38.216.15 - - [08/Jun/2025:05:39:51 -0400] "GET /wp-content/cache/min/1/wp-content/plugins/disqus-comment-system/public/js/comment_count.js?ver=1729190448 HTTP/1.1" 200 308 "https://isekainonbirinoukachapters.com/manga/farming-life-in-another-world-chapter-3/" "Mozilla/5.0 (Windows NT 10.0; Win64; x64) AppleWebKit/537.36 (KHTML, like Gecko) Chrome/137.0.0.0 Safari/537.36"
161.38.216.15 - - [08/Jun/2025:05:39:51 -0400] "GET /wp-includes/js/comment-reply.min.js?ver=6.8.1 HTTP/1.1" 200 1247 "https://isekainonbirinoukachapters.com/manga/farming-life-in-another-world-chapter-3/" "Mozilla/5.0 (Windows NT 10.0; Win64; x64) AppleWebKit/537.36 (KHTML, like Gecko) Chrome/137.0.0.0 Safari/537.36"
144.76.19.147 - - [08/Jun/2025:05:39:53 -0400] "GET /manga/isekai-nonbiri-nouka-chapter-211-the-tenth-springs-2/ HTTP/1.1" 301 0 "-" "Mozilla/5.0 (compatible; BLEXBot/1.0; +https://help.seranking.com/en/blex-crawler)"
144.76.19.147 - - [08/Jun/2025:05:39:53 -0400] "GET / HTTP/1.1" 200 32423 "-" "Mozilla/5.0 (compatible; BLEXBot/1.0; +https://help.seranking.com/en/blex-crawler)"
161.38.216.15 - - [08/Jun/2025:05:39:55 -0400] "GET / HTTP/1.1" 200 32286 "https://isekainonbirinoukachapters.com/manga/farming-life-in-another-world-chapter-3/" "Mozilla/5.0 (Windows NT 10.0; Win64; x64) AppleWebKit/537.36 (KHTML, like Gecko) Chrome/137.0.0.0 Safari/537.36"
144.76.19.147 - - [08/Jun/2025:05:39:57 -0400] "GET /manga/isekai-nonbiri-nouka-chapter-248-dye-and-fireworks-1/ HTTP/1.1" 301 0 "-" "Mozilla/5.0 (compatible; BLEXBot/1.0; +https://help.seranking.com/en/blex-crawler)"
144.76.19.147 - - [08/Jun/2025:05:39:57 -0400] "GET / HTTP/1.1" 200 32286 "-" "Mozilla/5.0 (compatible; BLEXBot/1.0; +https://help.seranking.com/en/blex-crawler)"
161.38.216.15 - - [08/Jun/2025:05:40:02 -0400] "GET /manga/farming-life-in-another-world-chapter-6/ HTTP/1.1" 200 34157 "https://isekainonbirinoukachapters.com/" "Mozilla/5.0 (Windows NT 10.0; Win64; x64) AppleWebKit/537.36 (KHTML, like Gecko) Chrome/137.0.0.0 Safari/537.36"
161.38.216.15 - - [08/Jun/2025:05:40:02 -0400] "GET /manga/farming-life-in-another-world-chapter-6/ HTTP/1.1" 304 0 "https://isekainonbirinoukachapters.com/" "Mozilla/5.0 (Windows NT 10.0; Win64; x64) AppleWebKit/537.36 (KHTML, like Gecko) Chrome/137.0.0.0 Safari/537.36"
144.76.19.147 - - [08/Jun/2025:05:40:07 -0400] "GET /manga/isekai-nonbiri-nouka-chapter-58-sports-festival-plan/ HTTP/1.1" 301 0 "-" "Mozilla/5.0 (compatible; BLEXBot/1.0; +https://help.seranking.com/en/blex-crawler)"
144.76.19.147 - - [08/Jun/2025:05:40:07 -0400] "GET / HTTP/1.1" 200 32286 "-" "Mozilla/5.0 (compatible; BLEXBot/1.0; +https://help.seranking.com/en/blex-crawler)"
161.38.216.15 - - [08/Jun/2025:05:40:17 -0400] "GET /manga/farming-life-in-another-world-chapter-5/ HTTP/1.1" 200 34327 "https://isekainonbirinoukachapters.com/manga/farming-life-in-another-world-chapter-6/" "Mozilla/5.0 (Windows NT 10.0; Win64; x64) AppleWebKit/537.36 (KHTML, like Gecko) Chrome/137.0.0.0 Safari/537.36"
161.38.216.15 - - [08/Jun/2025:05:40:20 -0400] "GET /manga/farming-life-in-another-world-chapter-18/ HTTP/1.1" 200 34121 "https://isekainonbirinoukachapters.com/" "Mozilla/5.0 (Windows NT 10.0; Win64; x64) AppleWebKit/537.36 (KHTML, like Gecko) Chrome/137.0.0.0 Safari/537.36"
161.38.216.15 - - [08/Jun/2025:05:40:21 -0400] "GET /manga/farming-life-in-another-world-chapter-13/ HTTP/1.1" 200 33936 "https://isekainonbirinoukachapters.com/" "Mozilla/5.0 (Windows NT 10.0; Win64; x64) AppleWebKit/537.36 (KHTML, like Gecko) Chrome/137.0.0.0 Safari/537.36"
161.38.216.15 - - [08/Jun/2025:05:40:22 -0400] "GET /manga/farming-life-in-another-world-chapter-12/ HTTP/1.1" 200 34189 "https://isekainonbirinoukachapters.com/" "Mozilla/5.0 (Windows NT 10.0; Win64; x64) AppleWebKit/537.36 (KHTML, like Gecko) Chrome/137.0.0.0 Safari/537.36"
161.38.216.15 - - [08/Jun/2025:05:40:22 -0400] "GET /manga/farming-life-in-another-world-chapter-12/ HTTP/1.1" 304 0 "https://isekainonbirinoukachapters.com/" "Mozilla/5.0 (Windows NT 10.0; Win64; x64) AppleWebKit/537.36 (KHTML, like Gecko) Chrome/137.0.0.0 Safari/537.36"
161.38.216.15 - - [08/Jun/2025:05:40:27 -0400] "GET /manga/farming-life-in-another-world-chapter-22/ HTTP/1.1" 200 34424 "https://isekainonbirinoukachapters.com/" "Mozilla/5.0 (Windows NT 10.0; Win64; x64) AppleWebKit/537.36 (KHTML, like Gecko) Chrome/137.0.0.0 Safari/537.36"
161.38.216.15 - - [08/Jun/2025:05:40:27 -0400] "GET /manga/farming-life-in-another-world-chapter-9/ HTTP/1.1" 200 34636 "https://isekainonbirinoukachapters.com/" "Mozilla/5.0 (Windows NT 10.0; Win64; x64) AppleWebKit/537.36 (KHTML, like Gecko) Chrome/137.0.0.0 Safari/537.36"
161.38.216.15 - - [08/Jun/2025:05:40:28 -0400] "GET /manga/farming-life-in-another-world-chapter-9/ HTTP/1.1" 304 0 "https://isekainonbirinoukachapters.com/" "Mozilla/5.0 (Windows NT 10.0; Win64; x64) AppleWebKit/537.36 (KHTML, like Gecko) Chrome/137.0.0.0 Safari/537.36"
161.38.216.15 - - [08/Jun/2025:05:40:28 -0400] "GET / HTTP/1.1" 304 0 "https://isekainonbirinoukachapters.com/manga/farming-life-in-another-world-chapter-9/" "Mozilla/5.0 (Windows NT 10.0; Win64; x64) AppleWebKit/537.36 (KHTML, like Gecko) Chrome/137.0.0.0 Safari/537.36"
162.0.232.193 - - [08/Jun/2025:05:40:28 -0400] "POST /wp-cron.php?doing_wp_cron=1749375628.8835248947143554687500 HTTP/1.1" 200 0 "-" "WordPress/6.8.1; https://isekainonbirinoukachapters.com"
161.38.216.15 - - [08/Jun/2025:05:40:28 -0400] "POST /wp-admin/admin-ajax.php HTTP/1.1" 200 61 "https://isekainonbirinoukachapters.com/manga/farming-life-in-another-world-chapter-9/" "Mozilla/5.0 (Windows NT 10.0; Win64; x64) AppleWebKit/537.36 (KHTML, like Gecko) Chrome/137.0.0.0 Safari/537.36"
144.76.19.147 - - [08/Jun/2025:05:40:36 -0400] "GET /manga/isekai-nonbiri-nouka-chapter-84-evaluation-meeting-1/ HTTP/1.1" 301 0 "-" "Mozilla/5.0 (compatible; BLEXBot/1.0; +https://help.seranking.com/en/blex-crawler)"
144.76.19.147 - - [08/Jun/2025:05:40:37 -0400] "GET / HTTP/1.1" 200 32286 "-" "Mozilla/5.0 (compatible; BLEXBot/1.0; +https://help.seranking.com/en/blex-crawler)"
45.90.73.208 - - [08/Jun/2025:05:40:40 -0400] "GET / HTTP/1.1" 200 32286 "http://isekainonbirinoukachapters.com" "Mozilla/5.0 (Windows NT 10.0; Win64; x64) AppleWebKit/537.36 (KHTML, like Gecko) Chrome/112.0.5615.138 Safari/537.36 Edg/112.0.1722.68"
161.38.216.15 - - [08/Jun/2025:05:40:48 -0400] "GET /manga/farming-life-in-another-world-chapter-8/ HTTP/1.1" 200 34223 "https://isekainonbirinoukachapters.com/manga/farming-life-in-another-world-chapter-9/" "Mozilla/5.0 (Windows NT 10.0; Win64; x64) AppleWebKit/537.36 (KHTML, like Gecko) Chrome/137.0.0.0 Safari/537.36"
161.38.216.15 - - [08/Jun/2025:05:40:49 -0400] "GET /manga/farming-life-in-another-world-chapter-8/ HTTP/1.1" 304 0 "https://isekainonbirinoukachapters.com/manga/farming-life-in-another-world-chapter-9/" "Mozilla/5.0 (Windows NT 10.0; Win64; x64) AppleWebKit/537.36 (KHTML, like Gecko) Chrome/137.0.0.0 Safari/537.36"
2409:40f0:410e:9968:8cdc:9c14:2575:af71 - - [08/Jun/2025:05:40:52 -0400] "GET /manga/farming-life-in-another-world-chapter-25/ HTTP/1.1" 200 34028 "https://isekainonbirinoukachapters.com/manga/farming-life-in-another-world-chapter-24/" "Mozilla/5.0 (Linux; Android 10; K) AppleWebKit/537.36 (KHTML, like Gecko) SamsungBrowser/28.0 Chrome/130.0.0.0 Mobile Safari/537.36"
2409:40f0:410e:9968:8cdc:9c14:2575:af71 - - [08/Jun/2025:05:40:52 -0400] "GET /manga/farming-life-in-another-world-chapter-25/ HTTP/1.1" 304 0 "https://isekainonbirinoukachapters.com/manga/farming-life-in-another-world-chapter-24/" "Mozilla/5.0 (Linux; Android 10; K) AppleWebKit/537.36 (KHTML, like Gecko) SamsungBrowser/28.0 Chrome/130.0.0.0 Mobile Safari/537.36"
2409:40f0:410e:9968:8cdc:9c14:2575:af71 - - [08/Jun/2025:05:40:56 -0400] "GET /manga/farming-life-in-another-world-chapter-24/ HTTP/1.1" 304 0 "https://isekainonbirinoukachapters.com/manga/farming-life-in-another-world-chapter-25/" "Mozilla/5.0 (Linux; Android 10; K) AppleWebKit/537.36 (KHTML, like Gecko) SamsungBrowser/28.0 Chrome/130.0.0.0 Mobile Safari/537.36"
2409:40f0:410e:9968:8cdc:9c14:2575:af71 - - [08/Jun/2025:05:40:56 -0400] "GET /manga/farming-life-in-another-world-chapter-24/ HTTP/1.1" 304 0 "https://isekainonbirinoukachapters.com/manga/farming-life-in-another-world-chapter-25/" "Mozilla/5.0 (Linux; Android 10; K) AppleWebKit/537.36 (KHTML, like Gecko) SamsungBrowser/28.0 Chrome/130.0.0.0 Mobile Safari/537.36"
161.38.216.15 - - [08/Jun/2025:05:41:01 -0400] "GET /manga/farming-life-in-another-world-chapter-9/ HTTP/1.1" 304 0 "https://isekainonbirinoukachapters.com/manga/farming-life-in-another-world-chapter-8/" "Mozilla/5.0 (Windows NT 10.0; Win64; x64) AppleWebKit/537.36 (KHTML, like Gecko) Chrome/137.0.0.0 Safari/537.36"
161.38.216.15 - - [08/Jun/2025:05:41:03 -0400] "GET /manga/farming-life-in-another-world-chapter-7/ HTTP/1.1" 200 34183 "https://isekainonbirinoukachapters.com/manga/farming-life-in-another-world-chapter-8/" "Mozilla/5.0 (Windows NT 10.0; Win64; x64) AppleWebKit/537.36 (KHTML, like Gecko) Chrome/137.0.0.0 Safari/537.36"
161.38.216.15 - - [08/Jun/2025:05:41:05 -0400] "GET /manga/farming-life-in-another-world-chapter-9/ HTTP/1.1" 304 0 "https://isekainonbirinoukachapters.com/manga/farming-life-in-another-world-chapter-8/" "Mozilla/5.0 (Windows NT 10.0; Win64; x64) AppleWebKit/537.36 (KHTML, like Gecko) Chrome/137.0.0.0 Safari/537.36"
162.0.232.193 - - [08/Jun/2025:05:41:05 -0400] "POST /wp-cron.php?doing_wp_cron=1749375665.7168200016021728515625 HTTP/1.1" 200 0 "-" "WordPress/6.8.1; https://isekainonbirinoukachapters.com"
161.38.216.15 - - [08/Jun/2025:05:41:05 -0400] "POST /wp-admin/admin-ajax.php HTTP/1.1" 200 61 "https://isekainonbirinoukachapters.com/manga/farming-life-in-another-world-chapter-9/" "Mozilla/5.0 (Windows NT 10.0; Win64; x64) AppleWebKit/537.36 (KHTML, like Gecko) Chrome/137.0.0.0 Safari/537.36"
162.0.232.193 - - [08/Jun/2025:05:41:07 -0400] "GET /wp-content/uploads/89b93a66fa29a678cbd60ff176e1ea9a_1973.xml HTTP/1.1" 200 1499 "-" "Mozilla/5.0 (X11; Linux x86_64) AppleWebKit/537.36 (KHTML, like Gecko) Ubuntu Chromium/41.0.2272.76"
161.38.216.15 - - [08/Jun/2025:05:41:10 -0400] "GET /manga/farming-life-in-another-world-chapter-8/ HTTP/1.1" 304 0 "https://isekainonbirinoukachapters.com/manga/farming-life-in-another-world-chapter-9/" "Mozilla/5.0 (Windows NT 10.0; Win64; x64) AppleWebKit/537.36 (KHTML, like Gecko) Chrome/137.0.0.0 Safari/537.36"
161.38.216.15 - - [08/Jun/2025:05:41:10 -0400] "GET /manga/farming-life-in-another-world-chapter-10/ HTTP/1.1" 200 34150 "https://isekainonbirinoukachapters.com/manga/farming-life-in-another-world-chapter-9/" "Mozilla/5.0 (Windows NT 10.0; Win64; x64) AppleWebKit/537.36 (KHTML, like Gecko) Chrome/137.0.0.0 Safari/537.36"
161.38.216.15 - - [08/Jun/2025:05:41:11 -0400] "GET /manga/farming-life-in-another-world-chapter-10/ HTTP/1.1" 304 0 "https://isekainonbirinoukachapters.com/manga/farming-life-in-another-world-chapter-9/" "Mozilla/5.0 (Windows NT 10.0; Win64; x64) AppleWebKit/537.36 (KHTML, like Gecko) Chrome/137.0.0.0 Safari/537.36"
161.38.216.15 - - [08/Jun/2025:05:41:21 -0400] "GET /manga/farming-life-in-another-world-chapter-11/ HTTP/1.1" 200 34202 "https://isekainonbirinoukachapters.com/manga/farming-life-in-another-world-chapter-10/" "Mozilla/5.0 (Windows NT 10.0; Win64; x64) AppleWebKit/537.36 (KHTML, like Gecko) Chrome/137.0.0.0 Safari/537.36"
144.76.19.147 - - [08/Jun/2025:05:41:26 -0400] "GET /manga/isekai-nonbiri-nouka-chapter-85-evaluation-meeting-2/ HTTP/1.1" 301 0 "-" "Mozilla/5.0 (compatible; BLEXBot/1.0; +https://help.seranking.com/en/blex-crawler)"
