203.135.211.61 - - [08/Jun/2025:10:41:43 -0400] "GET /manga/farming-life-in-another-world-chapter-4/ HTTP/1.1" 304 0 "https://isekainonbirinoukachapters.com/manga/farming-life-in-another-world-chapter-3/" "Mozilla/5.0 (Windows NT 10.0; Win64; x64) AppleWebKit/537.36 (KHTML, like Gecko) Chrome/134.0.0.0 Safari/537.36 OPR/119.0.0.0"
112.198.99.120 - - [08/Jun/2025:10:41:48 -0400] "GET /manga/farming-life-in-another-world-chapter-21/ HTTP/1.1" 304 0 "-" "Mozilla/5.0 (Linux; Android 10; K) AppleWebKit/537.36 (KHTML, like Gecko) Chrome/137.0.0.0 Mobile Safari/537.36"
112.198.99.120 - - [08/Jun/2025:10:41:49 -0400] "GET /manga/farming-life-in-another-world-chapter-23/ HTTP/1.1" 200 34534 "-" "Mozilla/5.0 (Linux; Android 10; K) AppleWebKit/537.36 (KHTML, like Gecko) Chrome/137.0.0.0 Mobile Safari/537.36"
112.198.99.120 - - [08/Jun/2025:10:41:50 -0400] "GET /manga/farming-life-in-another-world-chapter-23/ HTTP/1.1" 304 0 "https://isekainonbirinoukachapters.com/manga/farming-life-in-another-world-chapter-22/" "Mozilla/5.0 (Linux; Android 10; K) AppleWebKit/537.36 (KHTML, like Gecko) Chrome/137.0.0.0 Mobile Safari/537.36"
162.0.232.193 - - [08/Jun/2025:10:41:51 -0400] "POST /wp-cron.php?doing_wp_cron=1749393711.0718410015106201171875 HTTP/1.1" 200 0 "-" "WordPress/6.8.1; https://isekainonbirinoukachapters.com"
112.198.99.120 - - [08/Jun/2025:10:41:50 -0400] "POST /wp-admin/admin-ajax.php HTTP/1.1" 200 61 "https://isekainonbirinoukachapters.com/manga/farming-life-in-another-world-chapter-23/" "Mozilla/5.0 (Linux; Android 10; K) AppleWebKit/537.36 (KHTML, like Gecko) Chrome/137.0.0.0 Mobile Safari/537.36"
139.135.192.186 - - [08/Jun/2025:10:41:53 -0400] "GET /manga/farming-life-in-another-world-chapter-228/ HTTP/1.1" 200 34520 "https://isekainonbirinoukachapters.com/manga/farming-life-in-another-world-chapter-227/" "Mozilla/5.0 (X11; Linux x86_64) AppleWebKit/537.36 (KHTML, like Gecko) Chrome/137.0.0.0 Safari/537.36"
139.135.192.186 - - [08/Jun/2025:10:41:54 -0400] "GET /manga/farming-life-in-another-world-chapter-228/ HTTP/1.1" 304 0 "https://isekainonbirinoukachapters.com/manga/farming-life-in-another-world-chapter-227/" "Mozilla/5.0 (X11; Linux x86_64) AppleWebKit/537.36 (KHTML, like Gecko) Chrome/137.0.0.0 Safari/537.36"
139.135.192.186 - - [08/Jun/2025:10:41:54 -0400] "GET /manga/farming-life-in-another-world-chapter-228/ HTTP/1.1" 200 34520 "https://isekainonbirinoukachapters.com/manga/farming-life-in-another-world-chapter-227/" "Mozilla/5.0 (X11; Linux x86_64) AppleWebKit/537.36 (KHTML, like Gecko) Chrome/137.0.0.0 Safari/537.36"
162.0.232.193 - - [08/Jun/2025:10:41:55 -0400] "POST /wp-cron.php?doing_wp_cron=1749393715.2408289909362792968750 HTTP/1.1" 200 0 "-" "WordPress/6.8.1; https://isekainonbirinoukachapters.com"
139.135.192.186 - - [08/Jun/2025:10:41:54 -0400] "POST /wp-admin/admin-ajax.php HTTP/1.1" 200 61 "https://isekainonbirinoukachapters.com/manga/farming-life-in-another-world-chapter-228/" "Mozilla/5.0 (X11; Linux x86_64) AppleWebKit/537.36 (KHTML, like Gecko) Chrome/137.0.0.0 Safari/537.36"
112.198.99.120 - - [08/Jun/2025:10:42:14 -0400] "GET /manga/farming-life-in-another-world-chapter-24/ HTTP/1.1" 200 34265 "-" "Mozilla/5.0 (Linux; Android 10; K) AppleWebKit/537.36 (KHTML, like Gecko) Chrome/137.0.0.0 Mobile Safari/537.36"
112.198.99.120 - - [08/Jun/2025:10:42:15 -0400] "GET /manga/farming-life-in-another-world-chapter-24/ HTTP/1.1" 304 0 "https://isekainonbirinoukachapters.com/manga/farming-life-in-another-world-chapter-23/" "Mozilla/5.0 (Linux; Android 10; K) AppleWebKit/537.36 (KHTML, like Gecko) Chrome/137.0.0.0 Mobile Safari/537.36"
223.119.20.212 - - [08/Jun/2025:10:43:13 -0400] "GET /manga/farming-life-in-another-world-chapter-226/ HTTP/1.1" 200 34636 "https://isekainonbirinoukachapters.com/" "Mozilla/5.0 (Android 15; Mobile; rv:139.0) Gecko/139.0 Firefox/139.0"
162.0.232.193 - - [08/Jun/2025:10:43:15 -0400] "POST /wp-cron.php?doing_wp_cron=1749393795.1432609558105468750000 HTTP/1.1" 200 0 "-" "WordPress/6.8.1; https://isekainonbirinoukachapters.com"
223.119.20.212 - - [08/Jun/2025:10:43:14 -0400] "POST /wp-admin/admin-ajax.php HTTP/1.1" 200 61 "https://isekainonbirinoukachapters.com/manga/farming-life-in-another-world-chapter-226/" "Mozilla/5.0 (Android 15; Mobile; rv:139.0) Gecko/139.0 Firefox/139.0"
162.0.232.193 - - [08/Jun/2025:10:43:17 -0400] "GET /wp-content/uploads/89b93a66fa29a678cbd60ff176e1ea9a_1973.xml HTTP/1.1" 200 1499 "-" "Mozilla/5.0 (X11; Linux x86_64) AppleWebKit/537.36 (KHTML, like Gecko) Ubuntu Chromium/41.0.2272.76"
2001:fd8:c63b:8600:5000:ea6:b72c:9ac - - [08/Jun/2025:10:43:21 -0400] "GET / HTTP/1.1" 200 32311 "https://www.google.com/" "Mozilla/5.0 (Linux; Android 10; K) AppleWebKit/537.36 (KHTML, like Gecko) Chrome/137.0.0.0 Mobile Safari/537.36"
2001:fd8:c63b:8600:5000:ea6:b72c:9ac - - [08/Jun/2025:10:43:22 -0400] "GET /wp-content/uploads/2024/07/cropped-9781642730852_il_1_aad6e-1.webp HTTP/1.1" 200 97090 "https://isekainonbirinoukachapters.com/" "Mozilla/5.0 (Linux; Android 10; K) AppleWebKit/537.36 (KHTML, like Gecko) Chrome/137.0.0.0 Mobile Safari/537.36"
2001:fd8:c63b:8600:5000:ea6:b72c:9ac - - [08/Jun/2025:10:43:22 -0400] "GET /wp-content/cache/min/1/wp-content/plugins/comic-easel/js/keynav.js?ver=1729190448 HTTP/1.1" 200 221 "https://isekainonbirinoukachapters.com/" "Mozilla/5.0 (Linux; Android 10; K) AppleWebKit/537.36 (KHTML, like Gecko) Chrome/137.0.0.0 Mobile Safari/537.36"
2001:fd8:c63b:8600:5000:ea6:b72c:9ac - - [08/Jun/2025:10:43:22 -0400] "GET /wp-content/uploads/2024/07/MV5BYjA4Mjc5OWYtMTQ1Yy00MWQyLTg3NGYtZTA0NjZiYzI0NDhhXkEyXkFqcGdeQXVyMzgxODM4NjM@._V1_FMjpg_UX1000_-768x1107.jpg HTTP/1.1" 200 209695 "https://isekainonbirinoukachapters.com/" "Mozilla/5.0 (Linux; Android 10; K) AppleWebKit/537.36 (KHTML, like Gecko) Chrome/137.0.0.0 Mobile Safari/537.36"
2001:fd8:c63b:8600:5000:ea6:b72c:9ac - - [08/Jun/2025:10:43:22 -0400] "GET /wp-includes/js/jquery/jquery.min.js?ver=3.7.1 HTTP/1.1" 200 29744 "https://isekainonbirinoukachapters.com/" "Mozilla/5.0 (Linux; Android 10; K) AppleWebKit/537.36 (KHTML, like Gecko) Chrome/137.0.0.0 Mobile Safari/537.36"
2001:fd8:c63b:8600:5000:ea6:b72c:9ac - - [08/Jun/2025:10:43:22 -0400] "GET /wp-content/plugins/simple-social-buttons/assets/js/frontend-blocks.js?ver=6.1.0 HTTP/1.1" 200 0 "https://isekainonbirinoukachapters.com/" "Mozilla/5.0 (Linux; Android 10; K) AppleWebKit/537.36 (KHTML, like Gecko) Chrome/137.0.0.0 Mobile Safari/537.36"
2001:fd8:c63b:8600:5000:ea6:b72c:9ac - - [08/Jun/2025:10:43:22 -0400] "GET /wp-includes/js/jquery/jquery-migrate.min.js?ver=3.4.1 HTTP/1.1" 200 4678 "https://isekainonbirinoukachapters.com/" "Mozilla/5.0 (Linux; Android 10; K) AppleWebKit/537.36 (KHTML, like Gecko) Chrome/137.0.0.0 Mobile Safari/537.36"
2001:fd8:c63b:8600:5000:ea6:b72c:9ac - - [08/Jun/2025:10:43:22 -0400] "GET /wp-content/cache/min/1/wp-content/plugins/simple-social-buttons/assets/js/front.js?ver=1729190448 HTTP/1.1" 200 1488 "https://isekainonbirinoukachapters.com/" "Mozilla/5.0 (Linux; Android 10; K) AppleWebKit/537.36 (KHTML, like Gecko) Chrome/137.0.0.0 Mobile Safari/537.36"
2001:fd8:c63b:8600:5000:ea6:b72c:9ac - - [08/Jun/2025:10:43:22 -0400] "GET /wp-content/themes/toivo-lite/js/responsive-nav.min.js?ver=1.2.0 HTTP/1.1" 200 2102 "https://isekainonbirinoukachapters.com/" "Mozilla/5.0 (Linux; Android 10; K) AppleWebKit/537.36 (KHTML, like Gecko) Chrome/137.0.0.0 Mobile Safari/537.36"
2001:fd8:c63b:8600:5000:ea6:b72c:9ac - - [08/Jun/2025:10:43:23 -0400] "GET /wp-content/themes/toivo-lite/js/settings.min.js?ver=1.2.0 HTTP/1.1" 200 307 "https://isekainonbirinoukachapters.com/" "Mozilla/5.0 (Linux; Android 10; K) AppleWebKit/537.36 (KHTML, like Gecko) Chrome/137.0.0.0 Mobile Safari/537.36"
2001:fd8:c63b:8600:5000:ea6:b72c:9ac - - [08/Jun/2025:10:43:23 -0400] "GET /wp-content/themes/toivo-lite/js/functions.min.js?ver=1.2.0 HTTP/1.1" 200 593 "https://isekainonbirinoukachapters.com/" "Mozilla/5.0 (Linux; Android 10; K) AppleWebKit/537.36 (KHTML, like Gecko) Chrome/137.0.0.0 Mobile Safari/537.36"
112.198.99.120 - - [08/Jun/2025:10:43:26 -0400] "GET /manga/farming-life-in-another-world-chapter-5/ HTTP/1.1" 200 34208 "-" "Mozilla/5.0 (Linux; Android 10; K) AppleWebKit/537.36 (KHTML, like Gecko) Chrome/137.0.0.0 Mobile Safari/537.36"
2001:fd8:c63b:8600:5000:ea6:b72c:9ac - - [08/Jun/2025:10:43:26 -0400] "GET /wp-content/uploads/2024/07/cropped-63b857c96f67c-192x192.jpg HTTP/1.1" 200 7984 "https://isekainonbirinoukachapters.com/" "Mozilla/5.0 (Linux; Android 10; K) AppleWebKit/537.36 (KHTML, like Gecko) Chrome/137.0.0.0 Mobile Safari/537.36"
2001:fd8:c63b:8600:5000:ea6:b72c:9ac - - [08/Jun/2025:10:43:26 -0400] "GET /wp-content/uploads/2024/07/cropped-63b857c96f67c-180x180.jpg HTTP/1.1" 200 7461 "https://isekainonbirinoukachapters.com/" "Mozilla/5.0 (Linux; Android 10; K) AppleWebKit/537.36 (KHTML, like Gecko) Chrome/137.0.0.0 Mobile Safari/537.36"
2001:fd8:c63b:8600:5000:ea6:b72c:9ac - - [08/Jun/2025:10:43:30 -0400] "GET /manga/farming-life-in-another-world-chapter-1/ HTTP/1.1" 200 34864 "https://isekainonbirinoukachapters.com/" "Mozilla/5.0 (Linux; Android 10; K) AppleWebKit/537.36 (KHTML, like Gecko) Chrome/137.0.0.0 Mobile Safari/537.36"
112.198.99.120 - - [08/Jun/2025:10:43:30 -0400] "GET /manga/farming-life-in-another-world-chapter-2/ HTTP/1.1" 200 34351 "-" "Mozilla/5.0 (Linux; Android 10; K) AppleWebKit/537.36 (KHTML, like Gecko) Chrome/137.0.0.0 Mobile Safari/537.36"
2001:fd8:c63b:8600:5000:ea6:b72c:9ac - - [08/Jun/2025:10:43:30 -0400] "GET /manga/farming-life-in-another-world-chapter-13/ HTTP/1.1" 200 34570 "https://isekainonbirinoukachapters.com/" "Mozilla/5.0 (Linux; Android 10; K) AppleWebKit/537.36 (KHTML, like Gecko) Chrome/137.0.0.0 Mobile Safari/537.36"
2001:fd8:c63b:8600:5000:ea6:b72c:9ac - - [08/Jun/2025:10:43:32 -0400] "GET /manga/farming-life-in-another-world-chapter-28/ HTTP/1.1" 200 34483 "https://isekainonbirinoukachapters.com/" "Mozilla/5.0 (Linux; Android 10; K) AppleWebKit/537.36 (KHTML, like Gecko) Chrome/137.0.0.0 Mobile Safari/537.36"
2001:fd8:c63b:8600:5000:ea6:b72c:9ac - - [08/Jun/2025:10:43:32 -0400] "GET /manga/farming-life-in-another-world-chapter-10/ HTTP/1.1" 200 34553 "https://isekainonbirinoukachapters.com/" "Mozilla/5.0 (Linux; Android 10; K) AppleWebKit/537.36 (KHTML, like Gecko) Chrome/137.0.0.0 Mobile Safari/537.36"
2001:fd8:c63b:8600:5000:ea6:b72c:9ac - - [08/Jun/2025:10:43:32 -0400] "GET /manga/farming-life-in-another-world-chapter-5/ HTTP/1.1" 200 34208 "https://isekainonbirinoukachapters.com/" "Mozilla/5.0 (Linux; Android 10; K) AppleWebKit/537.36 (KHTML, like Gecko) Chrome/137.0.0.0 Mobile Safari/537.36"
112.198.99.120 - - [08/Jun/2025:10:43:33 -0400] "GET /category/farming-life-in-another-world/ HTTP/1.1" 200 31177 "-" "Mozilla/5.0 (Linux; Android 10; K) AppleWebKit/537.36 (KHTML, like Gecko) Chrome/137.0.0.0 Mobile Safari/537.36"
2001:fd8:c63b:8600:5000:ea6:b72c:9ac - - [08/Jun/2025:10:43:33 -0400] "GET /manga/farming-life-in-another-world-chapter-1/ HTTP/1.1" 304 0 "https://isekainonbirinoukachapters.com/" "Mozilla/5.0 (Linux; Android 10; K) AppleWebKit/537.36 (KHTML, like Gecko) Chrome/137.0.0.0 Mobile Safari/537.36"
2001:fd8:c63b:8600:5000:ea6:b72c:9ac - - [08/Jun/2025:10:43:34 -0400] "GET /wp-content/plugins/simple-social-buttons/assets/fonts/ssb-icon.ttf?eahqa2 HTTP/1.1" 200 7412 "https://isekainonbirinoukachapters.com/manga/farming-life-in-another-world-chapter-1/" "Mozilla/5.0 (Linux; Android 10; K) AppleWebKit/537.36 (KHTML, like Gecko) Chrome/137.0.0.0 Mobile Safari/537.36"
2001:fd8:c63b:8600:5000:ea6:b72c:9ac - - [08/Jun/2025:10:43:34 -0400] "GET /wp-content/cache/min/1/wp-content/plugins/wp-automatic/js/main-front.js?ver=1729190448 HTTP/1.1" 200 276 "https://isekainonbirinoukachapters.com/manga/farming-life-in-another-world-chapter-1/" "Mozilla/5.0 (Linux; Android 10; K) AppleWebKit/537.36 (KHTML, like Gecko) Chrome/137.0.0.0 Mobile Safari/537.36"
2001:fd8:c63b:8600:5000:ea6:b72c:9ac - - [08/Jun/2025:10:43:34 -0400] "GET /wp-content/cache/min/1/wp-content/plugins/disqus-comment-system/public/js/comment_count.js?ver=1729190448 HTTP/1.1" 200 308 "https://isekainonbirinoukachapters.com/manga/farming-life-in-another-world-chapter-1/" "Mozilla/5.0 (Linux; Android 10; K) AppleWebKit/537.36 (KHTML, like Gecko) Chrome/137.0.0.0 Mobile Safari/537.36"
2001:fd8:c63b:8600:5000:ea6:b72c:9ac - - [08/Jun/2025:10:43:34 -0400] "GET /wp-content/cache/min/1/wp-content/plugins/disqus-comment-system/public/js/comment_embed.js?ver=1729190448 HTTP/1.1" 200 494 "https://isekainonbirinoukachapters.com/manga/farming-life-in-another-world-chapter-1/" "Mozilla/5.0 (Linux; Android 10; K) AppleWebKit/537.36 (KHTML, like Gecko) Chrome/137.0.0.0 Mobile Safari/537.36"
2001:fd8:c63b:8600:5000:ea6:b72c:9ac - - [08/Jun/2025:10:43:34 -0400] "GET /wp-includes/js/comment-reply.min.js?ver=6.8.1 HTTP/1.1" 200 1247 "https://isekainonbirinoukachapters.com/manga/farming-life-in-another-world-chapter-1/" "Mozilla/5.0 (Linux; Android 10; K) AppleWebKit/537.36 (KHTML, like Gecko) Chrome/137.0.0.0 Mobile Safari/537.36"
2001:fd8:c63b:8600:5000:ea6:b72c:9ac - - [08/Jun/2025:10:43:35 -0400] "POST /wp-admin/admin-ajax.php HTTP/1.1" 200 61 "https://isekainonbirinoukachapters.com/manga/farming-life-in-another-world-chapter-1/" "Mozilla/5.0 (Linux; Android 10; K) AppleWebKit/537.36 (KHTML, like Gecko) Chrome/137.0.0.0 Mobile Safari/537.36"
112.198.99.120 - - [08/Jun/2025:10:43:49 -0400] "GET / HTTP/1.1" 304 0 "-" "Mozilla/5.0 (Linux; Android 10; K) AppleWebKit/537.36 (KHTML, like Gecko) Chrome/137.0.0.0 Mobile Safari/537.36"
112.198.99.120 - - [08/Jun/2025:10:43:49 -0400] "GET / HTTP/1.1" 304 0 "https://isekainonbirinoukachapters.com/manga/farming-life-in-another-world-chapter-24/" "Mozilla/5.0 (Linux; Android 10; K) AppleWebKit/537.36 (KHTML, like Gecko) Chrome/137.0.0.0 Mobile Safari/537.36"
112.198.99.120 - - [08/Jun/2025:10:43:52 -0400] "GET / HTTP/1.1" 304 0 "-" "Mozilla/5.0 (Linux; Android 10; K) AppleWebKit/537.36 (KHTML, like Gecko) Chrome/137.0.0.0 Mobile Safari/537.36"
112.198.99.120 - - [08/Jun/2025:10:43:57 -0400] "GET /manga/farming-life-in-another-world-chapter-40/ HTTP/1.1" 304 0 "-" "Mozilla/5.0 (Linux; Android 10; K) AppleWebKit/537.36 (KHTML, like Gecko) Chrome/137.0.0.0 Mobile Safari/537.36"
2600:4040:7834:bb00:957a:dea7:7a18:fd3d - - [08/Jun/2025:10:43:57 -0400] "GET / HTTP/1.1" 200 32287 "https://www.google.com/" "Mozilla/5.0 (Macintosh; Intel Mac OS X 10_15_7) AppleWebKit/605.1.15 (KHTML, like Gecko) Version/17.6 Safari/605.1.15"
112.198.99.120 - - [08/Jun/2025:10:43:57 -0400] "GET /manga/farming-life-in-another-world-chapter-40/ HTTP/1.1" 304 0 "https://isekainonbirinoukachapters.com/" "Mozilla/5.0 (Linux; Android 10; K) AppleWebKit/537.36 (KHTML, like Gecko) Chrome/137.0.0.0 Mobile Safari/537.36"
2600:4040:7834:bb00:957a:dea7:7a18:fd3d - - [08/Jun/2025:10:44:14 -0400] "GET /manga/farming-life-in-another-world-chapter-200/ HTTP/1.1" 200 34543 "https://isekainonbirinoukachapters.com/" "Mozilla/5.0 (Macintosh; Intel Mac OS X 10_15_7) AppleWebKit/605.1.15 (KHTML, like Gecko) Version/17.6 Safari/605.1.15"
2600:4040:7834:bb00:957a:dea7:7a18:fd3d - - [08/Jun/2025:10:44:14 -0400] "POST /wp-admin/admin-ajax.php HTTP/1.1" 200 61 "https://isekainonbirinoukachapters.com/manga/farming-life-in-another-world-chapter-200/" "Mozilla/5.0 (Macintosh; Intel Mac OS X 10_15_7) AppleWebKit/605.1.15 (KHTML, like Gecko) Version/17.6 Safari/605.1.15"
162.0.232.193 - - [08/Jun/2025:10:44:23 -0400] "POST /wp-cron.php?doing_wp_cron=1749393863.5372009277343750000000 HTTP/1.1" 200 0 "-" "WordPress/6.8.1; https://isekainonbirinoukachapters.com"
82.132.223.238 - - [08/Jun/2025:10:44:23 -0400] "POST /xmlrpc.php HTTP/1.1" 200 186 "-" "Mozilla/5.0 (Windows NT 10.0; Win64; x64) AppleWebKit/537.36 (KHTML, like Gecko) Chrome/91.0.4472.124 Safari/537.36"
112.198.99.120 - - [08/Jun/2025:10:44:25 -0400] "GET /manga/farming-life-in-another-world-chapter-40/ HTTP/1.1" 304 0 "-" "Mozilla/5.0 (Linux; Android 10; K) AppleWebKit/537.36 (KHTML, like Gecko) Chrome/137.0.0.0 Mobile Safari/537.36"
2a00:23c6:7400:ee01:e4c0:977e:4f1b:f07b - - [08/Jun/2025:10:44:26 -0400] "GET /manga/farming-life-in-another-world-chapter-54/ HTTP/1.1" 200 34625 "https://isekainonbirinoukachapters.com/manga/farming-life-in-another-world-chapter-53/" "Mozilla/5.0 (Macintosh; Intel Mac OS X 10_15_7) AppleWebKit/605.1.15 (KHTML, like Gecko) Version/18.5 Safari/605.1.15"
2a00:23c6:7400:ee01:e4c0:977e:4f1b:f07b - - [08/Jun/2025:10:44:26 -0400] "POST /wp-admin/admin-ajax.php HTTP/1.1" 200 61 "https://isekainonbirinoukachapters.com/manga/farming-life-in-another-world-chapter-54/" "Mozilla/5.0 (Macintosh; Intel Mac OS X 10_15_7) AppleWebKit/605.1.15 (KHTML, like Gecko) Version/18.5 Safari/605.1.15"
2a00:23c6:7400:ee01:e4c0:977e:4f1b:f07b - - [08/Jun/2025:10:45:20 -0400] "GET /manga/farming-life-in-another-world-chapter-55/ HTTP/1.1" 200 34508 "https://isekainonbirinoukachapters.com/manga/farming-life-in-another-world-chapter-54/" "Mozilla/5.0 (Macintosh; Intel Mac OS X 10_15_7) AppleWebKit/605.1.15 (KHTML, like Gecko) Version/18.5 Safari/605.1.15"
162.0.232.193 - - [08/Jun/2025:10:45:21 -0400] "POST /wp-cron.php?doing_wp_cron=1749393921.1746358871459960937500 HTTP/1.1" 200 0 "-" "WordPress/6.8.1; https://isekainonbirinoukachapters.com"
2a00:23c6:7400:ee01:e4c0:977e:4f1b:f07b - - [08/Jun/2025:10:45:20 -0400] "POST /wp-admin/admin-ajax.php HTTP/1.1" 200 61 "https://isekainonbirinoukachapters.com/manga/farming-life-in-another-world-chapter-55/" "Mozilla/5.0 (Macintosh; Intel Mac OS X 10_15_7) AppleWebKit/605.1.15 (KHTML, like Gecko) Version/18.5 Safari/605.1.15"
162.0.232.193 - - [08/Jun/2025:10:45:23 -0400] "GET /wp-content/uploads/89b93a66fa29a678cbd60ff176e1ea9a_1973.xml HTTP/1.1" 200 1499 "-" "Mozilla/5.0 (X11; Linux x86_64) AppleWebKit/537.36 (KHTML, like Gecko) Ubuntu Chromium/41.0.2272.76"
203.135.211.61 - - [08/Jun/2025:10:45:32 -0400] "GET /manga/farming-life-in-another-world-chapter-5/ HTTP/1.1" 200 34116 "https://isekainonbirinoukachapters.com/manga/farming-life-in-another-world-chapter-4/" "Mozilla/5.0 (Windows NT 10.0; Win64; x64) AppleWebKit/537.36 (KHTML, like Gecko) Chrome/134.0.0.0 Safari/537.36 OPR/119.0.0.0"
203.135.211.61 - - [08/Jun/2025:10:45:32 -0400] "GET /manga/farming-life-in-another-world-chapter-5/ HTTP/1.1" 304 0 "https://isekainonbirinoukachapters.com/manga/farming-life-in-another-world-chapter-4/" "Mozilla/5.0 (Windows NT 10.0; Win64; x64) AppleWebKit/537.36 (KHTML, like Gecko) Chrome/134.0.0.0 Safari/537.36 OPR/119.0.0.0"
112.198.99.120 - - [08/Jun/2025:10:45:36 -0400] "GET /manga/farming-life-in-another-world-chapter-40/ HTTP/1.1" 304 0 "https://isekainonbirinoukachapters.com/" "Mozilla/5.0 (Linux; Android 10; K) AppleWebKit/537.36 (KHTML, like Gecko) Chrome/137.0.0.0 Mobile Safari/537.36"
112.198.99.120 - - [08/Jun/2025:10:45:47 -0400] "GET /manga/farming-life-in-another-world-chapter-41/ HTTP/1.1" 200 34143 "-" "Mozilla/5.0 (Linux; Android 10; K) AppleWebKit/537.36 (KHTML, like Gecko) Chrome/137.0.0.0 Mobile Safari/537.36"
112.198.99.120 - - [08/Jun/2025:10:45:47 -0400] "GET /category/read-farming-life-in-another-world/ HTTP/1.1" 200 31204 "-" "Mozilla/5.0 (Linux; Android 10; K) AppleWebKit/537.36 (KHTML, like Gecko) Chrome/137.0.0.0 Mobile Safari/537.36"
112.198.99.120 - - [08/Jun/2025:10:45:48 -0400] "GET /manga/farming-life-in-another-world-chapter-41/ HTTP/1.1" 304 0 "https://isekainonbirinoukachapters.com/manga/farming-life-in-another-world-chapter-40/" "Mozilla/5.0 (Linux; Android 10; K) AppleWebKit/537.36 (KHTML, like Gecko) Chrome/137.0.0.0 Mobile Safari/537.36"
112.198.99.120 - - [08/Jun/2025:10:45:57 -0400] "GET / HTTP/1.1" 304 0 "-" "Mozilla/5.0 (Linux; Android 10; K) AppleWebKit/537.36 (KHTML, like Gecko) Chrome/137.0.0.0 Mobile Safari/537.36"
112.198.99.120 - - [08/Jun/2025:10:45:57 -0400] "GET /manga/farming-life-in-another-world-chapter-41/ HTTP/1.1" 304 0 "-" "Mozilla/5.0 (Linux; Android 10; K) AppleWebKit/537.36 (KHTML, like Gecko) Chrome/137.0.0.0 Mobile Safari/537.36"
112.198.99.120 - - [08/Jun/2025:10:46:05 -0400] "GET / HTTP/1.1" 304 0 "https://isekainonbirinoukachapters.com/manga/farming-life-in-another-world-chapter-41/" "Mozilla/5.0 (Linux; Android 10; K) AppleWebKit/537.36 (KHTML, like Gecko) Chrome/137.0.0.0 Mobile Safari/537.36"
112.198.99.120 - - [08/Jun/2025:10:46:13 -0400] "GET /manga/farming-life-in-another-world-chapter-30/ HTTP/1.1" 304 0 "-" "Mozilla/5.0 (Linux; Android 10; K) AppleWebKit/537.36 (KHTML, like Gecko) Chrome/137.0.0.0 Mobile Safari/537.36"
112.198.99.120 - - [08/Jun/2025:10:46:13 -0400] "GET /manga/farming-life-in-another-world-chapter-30/ HTTP/1.1" 304 0 "https://isekainonbirinoukachapters.com/" "Mozilla/5.0 (Linux; Android 10; K) AppleWebKit/537.36 (KHTML, like Gecko) Chrome/137.0.0.0 Mobile Safari/537.36"
112.198.99.120 - - [08/Jun/2025:10:46:14 -0400] "POST /wp-admin/admin-ajax.php HTTP/1.1" 200 61 "https://isekainonbirinoukachapters.com/manga/farming-life-in-another-world-chapter-30/" "Mozilla/5.0 (Linux; Android 10; K) AppleWebKit/537.36 (KHTML, like Gecko) Chrome/137.0.0.0 Mobile Safari/537.36"
162.0.232.193 - - [08/Jun/2025:10:46:33 -0400] "POST /wp-cron.php?doing_wp_cron=1749393993.4161710739135742187500 HTTP/1.1" 200 0 "-" "WordPress/6.8.1; https://isekainonbirinoukachapters.com"
114.119.153.138 - - [08/Jun/2025:10:46:33 -0400] "GET /manga/isekai-nonbiri-nouka-chapter-224/ HTTP/1.1" 301 0 "https://isekainonbirinoukachapters.com/isekai-nonbiri-nouka-chapter-76/" "Mozilla/5.0 (Linux; Android 7.0;) AppleWebKit/537.36 (KHTML, like Gecko) Mobile Safari/537.36 (compatible; PetalBot;+https://webmaster.petalsearch.com/site/petalbot)"
114.119.153.138 - - [08/Jun/2025:10:46:34 -0400] "GET / HTTP/1.1" 200 32311 "https://isekainonbirinoukachapters.com/isekai-nonbiri-nouka-chapter-76/" "Mozilla/5.0 (Linux; Android 7.0;) AppleWebKit/537.36 (KHTML, like Gecko) Mobile Safari/537.36 (compatible; PetalBot;+https://webmaster.petalsearch.com/site/petalbot)"
2001:4860:7:511::ef - - [08/Jun/2025:10:46:56 -0400] "GET / HTTP/1.1" 200 32287 "https://www.google.com/" "Mozilla/5.0 (Windows NT 10.0; Win64; x64) AppleWebKit/537.36 (KHTML, like Gecko) Chrome/137.0.0.0 Safari/537.36"
40.88.21.235 - - [08/Jun/2025:10:47:12 -0400] "GET / HTTP/1.1" 200 32329 "https://isekainonbirinoukachapters.com/" "DuckDuckBot/1.1; (+http://duckduckgo.com/duckduckbot.html)"
2405:201:3001:103c:703c:3aaf:ae66:63c3 - - [08/Jun/2025:10:47:17 -0400] "GET /manga/farming-life-in-another-world-chapter-129/ HTTP/1.1" 304 0 "https://isekainonbirinoukachapters.com/manga/farming-life-in-another-world-chapter-128/" "Mozilla/5.0 (Linux; Android 10; K) AppleWebKit/537.36 (KHTML, like Gecko) Chrome/137.0.0.0 Mobile Safari/537.36"
2405:201:3001:103c:703c:3aaf:ae66:63c3 - - [08/Jun/2025:10:47:17 -0400] "GET /manga/farming-life-in-another-world-chapter-129/ HTTP/1.1" 304 0 "https://isekainonbirinoukachapters.com/manga/farming-life-in-another-world-chapter-128/" "Mozilla/5.0 (Linux; Android 10; K) AppleWebKit/537.36 (KHTML, like Gecko) Chrome/137.0.0.0 Mobile Safari/537.36"
162.0.232.193 - - [08/Jun/2025:10:47:18 -0400] "POST /wp-cron.php?doing_wp_cron=1749394038.3926448822021484375000 HTTP/1.1" 200 0 "-" "WordPress/6.8.1; https://isekainonbirinoukachapters.com"
2405:201:3001:103c:703c:3aaf:ae66:63c3 - - [08/Jun/2025:10:47:18 -0400] "POST /wp-admin/admin-ajax.php HTTP/1.1" 200 61 "https://isekainonbirinoukachapters.com/manga/farming-life-in-another-world-chapter-129/" "Mozilla/5.0 (Linux; Android 10; K) AppleWebKit/537.36 (KHTML, like Gecko) Chrome/137.0.0.0 Mobile Safari/537.36"
162.0.232.193 - - [08/Jun/2025:10:47:23 -0400] "GET /wp-content/uploads/89b93a66fa29a678cbd60ff176e1ea9a_1973.xml HTTP/1.1" 200 1362 "-" "Mozilla/5.0 (X11; Linux x86_64) AppleWebKit/537.36 (KHTML, like Gecko) Ubuntu Chromium/41.0.2272.76"
58.137.167.159 - - [08/Jun/2025:10:47:38 -0400] "GET /manga/farming-life-in-another-world-chapter-192/ HTTP/1.1" 200 34493 "https://isekainonbirinoukachapters.com/" "Mozilla/5.0 (Windows NT 10.0; Win64; x64) AppleWebKit/537.36 (KHTML, like Gecko) Chrome/137.0.0.0 Safari/537.36"
58.137.167.159 - - [08/Jun/2025:10:47:38 -0400] "GET /manga/farming-life-in-another-world-chapter-199/ HTTP/1.1" 200 34502 "https://isekainonbirinoukachapters.com/" "Mozilla/5.0 (Windows NT 10.0; Win64; x64) AppleWebKit/537.36 (KHTML, like Gecko) Chrome/137.0.0.0 Safari/537.36"
58.137.167.159 - - [08/Jun/2025:10:47:40 -0400] "GET /manga/farming-life-in-another-world-chapter-239/ HTTP/1.1" 200 34055 "https://isekainonbirinoukachapters.com/" "Mozilla/5.0 (Windows NT 10.0; Win64; x64) AppleWebKit/537.36 (KHTML, like Gecko) Chrome/137.0.0.0 Safari/537.36"
2a09:bac2:4d92:1478::20a:43 - - [08/Jun/2025:10:47:40 -0400] "GET /manga/farming-life-in-another-world-chapter-103/ HTTP/1.1" 200 34530 "https://isekainonbirinoukachapters.com/manga/farming-life-in-another-world-chapter-102/" "Mozilla/5.0 (Macintosh; Intel Mac OS X 10_15_7) AppleWebKit/605.1.15 (KHTML, like Gecko) Version/18.5 Safari/605.1.15"
58.137.167.159 - - [08/Jun/2025:10:47:40 -0400] "GET /manga/farming-life-in-another-world-chapter-239/ HTTP/1.1" 304 0 "https://isekainonbirinoukachapters.com/" "Mozilla/5.0 (Windows NT 10.0; Win64; x64) AppleWebKit/537.36 (KHTML, like Gecko) Chrome/137.0.0.0 Safari/537.36"
2a09:bac2:4d92:1478::20a:43 - - [08/Jun/2025:10:47:40 -0400] "POST /wp-admin/admin-ajax.php HTTP/1.1" 200 61 "https://isekainonbirinoukachapters.com/manga/farming-life-in-another-world-chapter-103/" "Mozilla/5.0 (Macintosh; Intel Mac OS X 10_15_7) AppleWebKit/605.1.15 (KHTML, like Gecko) Version/18.5 Safari/605.1.15"
112.198.99.120 - - [08/Jun/2025:10:47:43 -0400] "GET /category/farming-life-in-another-world-manga/ HTTP/1.1" 200 30936 "-" "Mozilla/5.0 (Linux; Android 10; K) AppleWebKit/537.36 (KHTML, like Gecko) Chrome/137.0.0.0 Mobile Safari/537.36"
112.198.99.120 - - [08/Jun/2025:10:47:45 -0400] "GET /manga/farming-life-in-another-world-chapter-31/ HTTP/1.1" 200 34666 "-" "Mozilla/5.0 (Linux; Android 10; K) AppleWebKit/537.36 (KHTML, like Gecko) Chrome/137.0.0.0 Mobile Safari/537.36"
112.198.99.120 - - [08/Jun/2025:10:47:46 -0400] "GET /manga/farming-life-in-another-world-chapter-31/ HTTP/1.1" 304 0 "https://isekainonbirinoukachapters.com/manga/farming-life-in-another-world-chapter-30/" "Mozilla/5.0 (Linux; Android 10; K) AppleWebKit/537.36 (KHTML, like Gecko) Chrome/137.0.0.0 Mobile Safari/537.36"
2405:201:3001:103c:703c:3aaf:ae66:63c3 - - [08/Jun/2025:10:47:46 -0400] "GET /manga/farming-life-in-another-world-chapter-128/ HTTP/1.1" 304 0 "https://isekainonbirinoukachapters.com/manga/farming-life-in-another-world-chapter-129/" "Mozilla/5.0 (Linux; Android 10; K) AppleWebKit/537.36 (KHTML, like Gecko) Chrome/137.0.0.0 Mobile Safari/537.36"
2405:201:3001:103c:703c:3aaf:ae66:63c3 - - [08/Jun/2025:10:47:46 -0400] "GET /manga/farming-life-in-another-world-chapter-130/ HTTP/1.1" 304 0 "https://isekainonbirinoukachapters.com/manga/farming-life-in-another-world-chapter-129/" "Mozilla/5.0 (Linux; Android 10; K) AppleWebKit/537.36 (KHTML, like Gecko) Chrome/137.0.0.0 Mobile Safari/537.36"
2405:201:3001:103c:703c:3aaf:ae66:63c3 - - [08/Jun/2025:10:47:47 -0400] "GET /manga/farming-life-in-another-world-chapter-130/ HTTP/1.1" 304 0 "https://isekainonbirinoukachapters.com/manga/farming-life-in-another-world-chapter-129/" "Mozilla/5.0 (Linux; Android 10; K) AppleWebKit/537.36 (KHTML, like Gecko) Chrome/137.0.0.0 Mobile Safari/537.36"
112.198.99.120 - - [08/Jun/2025:10:47:47 -0400] "POST /wp-admin/admin-ajax.php HTTP/1.1" 200 61 "https://isekainonbirinoukachapters.com/manga/farming-life-in-another-world-chapter-31/" "Mozilla/5.0 (Linux; Android 10; K) AppleWebKit/537.36 (KHTML, like Gecko) Chrome/137.0.0.0 Mobile Safari/537.36"
2405:201:3001:103c:703c:3aaf:ae66:63c3 - - [08/Jun/2025:10:47:48 -0400] "POST /wp-admin/admin-ajax.php HTTP/1.1" 200 61 "https://isekainonbirinoukachapters.com/manga/farming-life-in-another-world-chapter-130/" "Mozilla/5.0 (Linux; Android 10; K) AppleWebKit/537.36 (KHTML, like Gecko) Chrome/137.0.0.0 Mobile Safari/537.36"
114.119.145.129 - - [08/Jun/2025:10:48:02 -0400] "GET /manga/isekai-nonbiri-nouka-chapter-14-the-spring-brings-slimes-with-it/ HTTP/1.1" 301 0 "https://isekainonbirinoukachapters.com/isekai-nonbiri-nouka-chapter-76/" "Mozilla/5.0 (Linux; Android 7.0;) AppleWebKit/537.36 (KHTML, like Gecko) Mobile Safari/537.36 (compatible; PetalBot;+https://webmaster.petalsearch.com/site/petalbot)"
114.119.145.129 - - [08/Jun/2025:10:48:03 -0400] "GET / HTTP/1.1" 200 32311 "https://isekainonbirinoukachapters.com/isekai-nonbiri-nouka-chapter-76/" "Mozilla/5.0 (Linux; Android 7.0;) AppleWebKit/537.36 (KHTML, like Gecko) Mobile Safari/537.36 (compatible; PetalBot;+https://webmaster.petalsearch.com/site/petalbot)"
2405:201:3001:103c:703c:3aaf:ae66:63c3 - - [08/Jun/2025:10:48:56 -0400] "GET /manga/farming-life-in-another-world-chapter-131/ HTTP/1.1" 200 34568 "https://isekainonbirinoukachapters.com/manga/farming-life-in-another-world-chapter-130/" "Mozilla/5.0 (Linux; Android 10; K) AppleWebKit/537.36 (KHTML, like Gecko) Chrome/137.0.0.0 Mobile Safari/537.36"
2405:201:3001:103c:703c:3aaf:ae66:63c3 - - [08/Jun/2025:10:48:56 -0400] "GET /manga/farming-life-in-another-world-chapter-131/ HTTP/1.1" 304 0 "https://isekainonbirinoukachapters.com/manga/farming-life-in-another-world-chapter-130/" "Mozilla/5.0 (Linux; Android 10; K) AppleWebKit/537.36 (KHTML, like Gecko) Chrome/137.0.0.0 Mobile Safari/537.36"
162.0.232.193 - - [08/Jun/2025:10:48:59 -0400] "POST /wp-cron.php?doing_wp_cron=1749394138.9359340667724609375000 HTTP/1.1" 200 0 "-" "WordPress/6.8.1; https://isekainonbirinoukachapters.com"
2405:201:3001:103c:703c:3aaf:ae66:63c3 - - [08/Jun/2025:10:48:58 -0400] "POST /wp-admin/admin-ajax.php HTTP/1.1" 200 61 "https://isekainonbirinoukachapters.com/manga/farming-life-in-another-world-chapter-131/" "Mozilla/5.0 (Linux; Android 10; K) AppleWebKit/537.36 (KHTML, like Gecko) Chrome/137.0.0.0 Mobile Safari/537.36"
162.0.232.193 - - [08/Jun/2025:10:49:01 -0400] "GET /wp-content/uploads/89b93a66fa29a678cbd60ff176e1ea9a_1973.xml HTTP/1.1" 200 1499 "-" "Mozilla/5.0 (X11; Linux x86_64) AppleWebKit/537.36 (KHTML, like Gecko) Ubuntu Chromium/41.0.2272.76"
114.119.145.129 - - [08/Jun/2025:10:49:23 -0400] "GET /manga/farming-life-in-another-world-chapter-182/ HTTP/1.1" 200 34562 "https://isekainonbirinoukachapters.com/manga/isekai-nonbiri-nouka-chapter-141-various-things-2/" "Mozilla/5.0 (Linux; Android 7.0;) AppleWebKit/537.36 (KHTML, like Gecko) Mobile Safari/537.36 (compatible; PetalBot;+https://webmaster.petalsearch.com/site/petalbot)"
112.198.99.120 - - [08/Jun/2025:10:49:29 -0400] "GET /manga/farming-life-in-another-world-chapter-32/ HTTP/1.1" 200 34133 "-" "Mozilla/5.0 (Linux; Android 10; K) AppleWebKit/537.36 (KHTML, like Gecko) Chrome/137.0.0.0 Mobile Safari/537.36"
112.198.99.120 - - [08/Jun/2025:10:49:30 -0400] "GET /manga/farming-life-in-another-world-chapter-32/ HTTP/1.1" 304 0 "https://isekainonbirinoukachapters.com/manga/farming-life-in-another-world-chapter-31/" "Mozilla/5.0 (Linux; Android 10; K) AppleWebKit/537.36 (KHTML, like Gecko) Chrome/137.0.0.0 Mobile Safari/537.36"
2405:201:3001:103c:703c:3aaf:ae66:63c3 - - [08/Jun/2025:10:49:39 -0400] "GET /manga/farming-life-in-another-world-chapter-132/ HTTP/1.1" 200 34527 "https://isekainonbirinoukachapters.com/manga/farming-life-in-another-world-chapter-131/" "Mozilla/5.0 (Linux; Android 10; K) AppleWebKit/537.36 (KHTML, like Gecko) Chrome/137.0.0.0 Mobile Safari/537.36"
2405:201:3001:103c:703c:3aaf:ae66:63c3 - - [08/Jun/2025:10:49:40 -0400] "GET /manga/farming-life-in-another-world-chapter-132/ HTTP/1.1" 304 0 "https://isekainonbirinoukachapters.com/manga/farming-life-in-another-world-chapter-131/" "Mozilla/5.0 (Linux; Android 10; K) AppleWebKit/537.36 (KHTML, like Gecko) Chrome/137.0.0.0 Mobile Safari/537.36"
112.198.99.120 - - [08/Jun/2025:10:49:40 -0400] "GET /manga/farming-life-in-another-world-chapter-33/ HTTP/1.1" 200 34396 "-" "Mozilla/5.0 (Linux; Android 10; K) AppleWebKit/537.36 (KHTML, like Gecko) Chrome/137.0.0.0 Mobile Safari/537.36"
112.198.99.120 - - [08/Jun/2025:10:49:40 -0400] "GET /manga/farming-life-in-another-world-chapter-33/ HTTP/1.1" 304 0 "https://isekainonbirinoukachapters.com/manga/farming-life-in-another-world-chapter-32/" "Mozilla/5.0 (Linux; Android 10; K) AppleWebKit/537.36 (KHTML, like Gecko) Chrome/137.0.0.0 Mobile Safari/537.36"
2405:201:3001:103c:703c:3aaf:ae66:63c3 - - [08/Jun/2025:10:49:41 -0400] "POST /wp-admin/admin-ajax.php HTTP/1.1" 200 61 "https://isekainonbirinoukachapters.com/manga/farming-life-in-another-world-chapter-132/" "Mozilla/5.0 (Linux; Android 10; K) AppleWebKit/537.36 (KHTML, like Gecko) Chrome/137.0.0.0 Mobile Safari/537.36"
112.198.99.120 - - [08/Jun/2025:10:49:41 -0400] "POST /wp-admin/admin-ajax.php HTTP/1.1" 200 61 "https://isekainonbirinoukachapters.com/manga/farming-life-in-another-world-chapter-33/" "Mozilla/5.0 (Linux; Android 10; K) AppleWebKit/537.36 (KHTML, like Gecko) Chrome/137.0.0.0 Mobile Safari/537.36"
112.198.99.120 - - [08/Jun/2025:10:49:49 -0400] "GET / HTTP/1.1" 304 0 "-" "Mozilla/5.0 (Linux; Android 10; K) AppleWebKit/537.36 (KHTML, like Gecko) Chrome/137.0.0.0 Mobile Safari/537.36"
112.198.99.120 - - [08/Jun/2025:10:49:54 -0400] "GET /manga/farming-life-in-another-world-chapter-33/ HTTP/1.1" 304 0 "https://isekainonbirinoukachapters.com/manga/farming-life-in-another-world-chapter-32/" "Mozilla/5.0 (Linux; Android 10; K) AppleWebKit/537.36 (KHTML, like Gecko) Chrome/137.0.0.0 Mobile Safari/537.36"
112.198.99.120 - - [08/Jun/2025:10:49:55 -0400] "POST /wp-admin/admin-ajax.php HTTP/1.1" 200 61 "https://isekainonbirinoukachapters.com/manga/farming-life-in-another-world-chapter-33/" "Mozilla/5.0 (Linux; Android 10; K) AppleWebKit/537.36 (KHTML, like Gecko) Chrome/137.0.0.0 Mobile Safari/537.36"
112.198.99.120 - - [08/Jun/2025:10:49:58 -0400] "GET / HTTP/1.1" 304 0 "-" "Mozilla/5.0 (Linux; Android 10; K) AppleWebKit/537.36 (KHTML, like Gecko) Chrome/137.0.0.0 Mobile Safari/537.36"
112.198.99.120 - - [08/Jun/2025:10:49:59 -0400] "GET / HTTP/1.1" 304 0 "https://isekainonbirinoukachapters.com/manga/farming-life-in-another-world-chapter-33/" "Mozilla/5.0 (Linux; Android 10; K) AppleWebKit/537.36 (KHTML, like Gecko) Chrome/137.0.0.0 Mobile Safari/537.36"
112.198.99.120 - - [08/Jun/2025:10:50:11 -0400] "GET /manga/farming-life-in-another-world-chapter-47/ HTTP/1.1" 200 34512 "-" "Mozilla/5.0 (Linux; Android 10; K) AppleWebKit/537.36 (KHTML, like Gecko) Chrome/137.0.0.0 Mobile Safari/537.36"
112.198.99.120 - - [08/Jun/2025:10:50:12 -0400] "GET /manga/farming-life-in-another-world-chapter-46/ HTTP/1.1" 200 34264 "-" "Mozilla/5.0 (Linux; Android 10; K) AppleWebKit/537.36 (KHTML, like Gecko) Chrome/137.0.0.0 Mobile Safari/537.36"
112.198.99.120 - - [08/Jun/2025:10:50:13 -0400] "GET /manga/farming-life-in-another-world-chapter-45/ HTTP/1.1" 200 34175 "-" "Mozilla/5.0 (Linux; Android 10; K) AppleWebKit/537.36 (KHTML, like Gecko) Chrome/137.0.0.0 Mobile Safari/537.36"
112.198.99.120 - - [08/Jun/2025:10:50:14 -0400] "GET /manga/farming-life-in-another-world-chapter-45/ HTTP/1.1" 304 0 "https://isekainonbirinoukachapters.com/" "Mozilla/5.0 (Linux; Android 10; K) AppleWebKit/537.36 (KHTML, like Gecko) Chrome/137.0.0.0 Mobile Safari/537.36"
47.82.60.230 - - [08/Jun/2025:10:50:28 -0400] "GET /manga/farming-life-in-another-world-chapter-94/ HTTP/1.1" 200 34284 "https://isekainonbirinoukachapters.com/manga/farming-life-in-another-world-chapter-94/" "Mozilla/5.0 (Windows NT 10.0; Win64; x64) AppleWebKit/537.36 (KHTML, like Gecko) Chrome/114.0.0.0 Safari/537.36 Edg/114.0.1823.43"
114.119.145.129 - - [08/Jun/2025:10:50:40 -0400] "GET /manga/farming-life-in-another-world-chapter-171/ HTTP/1.1" 200 34528 "https://isekainonbirinoukachapters.com/manga/isekai-nonbiri-nouka-chapter-141-various-things-2/" "Mozilla/5.0 (Linux; Android 7.0;) AppleWebKit/537.36 (KHTML, like Gecko) Mobile Safari/537.36 (compatible; PetalBot;+https://webmaster.petalsearch.com/site/petalbot)"
2001:fd8:2606:d17c:e1ab:ef58:5c6d:79d2 - - [08/Jun/2025:10:51:48 -0400] "GET /manga/farming-life-in-another-world-chapter-137/ HTTP/1.1" 200 34479 "https://isekainonbirinoukachapters.com/category/isekai-nonbiri-nouka-manga/page/14/" "Mozilla/5.0 (Linux; Android 10; K) AppleWebKit/537.36 (KHTML, like Gecko) Chrome/137.0.0.0 Mobile Safari/537.36"
223.119.20.212 - - [08/Jun/2025:10:51:55 -0400] "GET /manga/farming-life-in-another-world-chapter-227/ HTTP/1.1" 200 34594 "https://isekainonbirinoukachapters.com/" "Mozilla/5.0 (Android 15; Mobile; rv:139.0) Gecko/139.0 Firefox/139.0"
162.0.232.193 - - [08/Jun/2025:10:51:57 -0400] "POST /wp-cron.php?doing_wp_cron=1749394317.0108900070190429687500 HTTP/1.1" 200 0 "-" "WordPress/6.8.1; https://isekainonbirinoukachapters.com"
223.119.20.212 - - [08/Jun/2025:10:51:56 -0400] "POST /wp-admin/admin-ajax.php HTTP/1.1" 200 61 "https://isekainonbirinoukachapters.com/manga/farming-life-in-another-world-chapter-227/" "Mozilla/5.0 (Android 15; Mobile; rv:139.0) Gecko/139.0 Firefox/139.0"
162.0.232.193 - - [08/Jun/2025:10:51:59 -0400] "GET /wp-content/uploads/89b93a66fa29a678cbd60ff176e1ea9a_1973.xml HTTP/1.1" 200 1362 "-" "Mozilla/5.0 (X11; Linux x86_64) AppleWebKit/537.36 (KHTML, like Gecko) Ubuntu Chromium/41.0.2272.76"
114.119.145.129 - - [08/Jun/2025:10:52:04 -0400] "GET /category/manga/page/22/ HTTP/1.1" 200 33329 "https://isekainonbirinoukachapters.com/category/manga/page/22/" "Mozilla/5.0 (Linux; Android 7.0;) AppleWebKit/537.36 (KHTML, like Gecko) Mobile Safari/537.36 (compatible; PetalBot;+https://webmaster.petalsearch.com/site/petalbot)"
223.119.20.215 - - [08/Jun/2025:10:52:19 -0400] "POST /wp-admin/admin-ajax.php HTTP/1.1" 200 61 "https://isekainonbirinoukachapters.com/manga/farming-life-in-another-world-chapter-227/" "Mozilla/5.0 (Android 15; Mobile; rv:139.0) Gecko/139.0 Firefox/139.0"
223.119.20.215 - - [08/Jun/2025:10:52:21 -0400] "GET /manga/farming-life-in-another-world-chapter-226/ HTTP/1.1" 304 0 "https://isekainonbirinoukachapters.com/manga/farming-life-in-another-world-chapter-227/" "Mozilla/5.0 (Android 15; Mobile; rv:139.0) Gecko/139.0 Firefox/139.0"
114.119.145.129 - - [08/Jun/2025:10:53:27 -0400] "GET /category/isekai-nonbiri-nouka/page/23/ HTTP/1.1" 200 33463 "https://isekainonbirinoukachapters.com/category/isekai-nonbiri-nouka/page/24/" "Mozilla/5.0 (Linux; Android 7.0;) AppleWebKit/537.36 (KHTML, like Gecko) Mobile Safari/537.36 (compatible; PetalBot;+https://webmaster.petalsearch.com/site/petalbot)"
185.24.189.215 - - [08/Jun/2025:10:53:31 -0400] "GET / HTTP/1.1" 200 32287 "https://www.google.com/" "Mozilla/5.0 (iPad; CPU OS 17_6_1 like Mac OS X) AppleWebKit/605.1.15 (KHTML, like Gecko) Version/17.6 Mobile/15E148 Safari/604.1 OPT/5.5.3"
185.24.189.215 - - [08/Jun/2025:10:53:32 -0400] "GET /wp-content/uploads/2024/07/MV5BYjA4Mjc5OWYtMTQ1Yy00MWQyLTg3NGYtZTA0NjZiYzI0NDhhXkEyXkFqcGdeQXVyMzgxODM4NjM@._V1_FMjpg_UX1000_.jpg HTTP/1.1" 200 260352 "https://isekainonbirinoukachapters.com/" "Mozilla/5.0 (iPad; CPU OS 17_6_1 like Mac OS X) AppleWebKit/605.1.15 (KHTML, like Gecko) Version/17.6 Mobile/15E148 Safari/604.1 OPT/5.5.3"
185.24.189.215 - - [08/Jun/2025:10:53:33 -0400] "GET /wp-content/uploads/2024/07/cropped-63b857c96f67c-192x192.jpg HTTP/1.1" 200 7984 "-" "Opera/4 CFNetwork/1498.700.2 Darwin/23.6.0"
185.24.189.215 - - [08/Jun/2025:10:53:42 -0400] "GET /manga/farming-life-in-another-world-chapter-1/ HTTP/1.1" 200 34819 "https://isekainonbirinoukachapters.com/" "Mozilla/5.0 (iPad; CPU OS 17_6_1 like Mac OS X) AppleWebKit/605.1.15 (KHTML, like Gecko) Version/17.6 Mobile/15E148 Safari/604.1 OPT/5.5.3"
185.24.189.215 - - [08/Jun/2025:10:53:43 -0400] "GET /wp-content/cache/min/1/wp-content/plugins/disqus-comment-system/public/js/comment_embed.js?ver=1729190448 HTTP/1.1" 200 494 "https://isekainonbirinoukachapters.com/manga/farming-life-in-another-world-chapter-1/" "Mozilla/5.0 (iPad; CPU OS 17_6_1 like Mac OS X) AppleWebKit/605.1.15 (KHTML, like Gecko) Version/17.6 Mobile/15E148 Safari/604.1 OPT/5.5.3"
162.0.232.193 - - [08/Jun/2025:10:53:44 -0400] "POST /wp-cron.php?doing_wp_cron=1749394423.9716329574584960937500 HTTP/1.1" 200 0 "-" "WordPress/6.8.1; https://isekainonbirinoukachapters.com"
185.24.189.215 - - [08/Jun/2025:10:53:43 -0400] "POST /wp-admin/admin-ajax.php HTTP/1.1" 200 61 "https://isekainonbirinoukachapters.com/manga/farming-life-in-another-world-chapter-1/" "Mozilla/5.0 (iPad; CPU OS 17_6_1 like Mac OS X) AppleWebKit/605.1.15 (KHTML, like Gecko) Version/17.6 Mobile/15E148 Safari/604.1 OPT/5.5.3"
162.0.232.193 - - [08/Jun/2025:10:53:46 -0400] "GET /wp-content/uploads/89b93a66fa29a678cbd60ff176e1ea9a_1973.xml HTTP/1.1" 200 1362 "-" "Mozilla/5.0 (X11; Linux x86_64) AppleWebKit/537.36 (KHTML, like Gecko) Ubuntu Chromium/41.0.2272.76"
162.0.232.193 - - [08/Jun/2025:10:54:58 -0400] "POST /wp-cron.php?doing_wp_cron=1749394498.7828700542449951171875 HTTP/1.1" 200 0 "-" "WordPress/6.8.1; https://isekainonbirinoukachapters.com"
114.119.138.230 - - [08/Jun/2025:10:54:58 -0400] "GET /manga/isekai-nonbiri-nouka-chapter-200/ HTTP/1.1" 301 0 "https://isekainonbirinoukachapters.com/isekai-nonbiri-nouka-chapter-76/" "Mozilla/5.0 (Linux; Android 7.0;) AppleWebKit/537.36 (KHTML, like Gecko) Mobile Safari/537.36 (compatible; PetalBot;+https://webmaster.petalsearch.com/site/petalbot)"
114.119.138.230 - - [08/Jun/2025:10:54:59 -0400] "GET / HTTP/1.1" 200 32311 "https://isekainonbirinoukachapters.com/isekai-nonbiri-nouka-chapter-76/" "Mozilla/5.0 (Linux; Android 7.0;) AppleWebKit/537.36 (KHTML, like Gecko) Mobile Safari/537.36 (compatible; PetalBot;+https://webmaster.petalsearch.com/site/petalbot)"
2a09:bac3:4d95:26fa::3e2:50 - - [08/Jun/2025:10:55:30 -0400] "GET /manga/farming-life-in-another-world-chapter-104/ HTTP/1.1" 200 34495 "https://isekainonbirinoukachapters.com/manga/farming-life-in-another-world-chapter-103/" "Mozilla/5.0 (Macintosh; Intel Mac OS X 10_15_7) AppleWebKit/605.1.15 (KHTML, like Gecko) Version/18.5 Safari/605.1.15"
162.0.232.193 - - [08/Jun/2025:10:55:31 -0400] "POST /wp-cron.php?doing_wp_cron=1749394531.2981519699096679687500 HTTP/1.1" 200 0 "-" "WordPress/6.8.1; https://isekainonbirinoukachapters.com"
47.79.6.193 - - [08/Jun/2025:10:55:32 -0400] "GET /manga/farming-life-in-another-world-chapter-222/ HTTP/1.1" 200 34581 "https://isekainonbirinoukachapters.com/manga/farming-life-in-another-world-chapter-222/" "Mozilla/5.0 (Windows NT 10.0; Win64; x64) AppleWebKit/537.36 (KHTML, like Gecko) Chrome/114.0.0.0 Safari/537.36 Edg/114.0.1823.43"
2a09:bac3:4d95:26fa::3e2:50 - - [08/Jun/2025:10:55:30 -0400] "POST /wp-admin/admin-ajax.php HTTP/1.1" 200 61 "https://isekainonbirinoukachapters.com/manga/farming-life-in-another-world-chapter-104/" "Mozilla/5.0 (Macintosh; Intel Mac OS X 10_15_7) AppleWebKit/605.1.15 (KHTML, like Gecko) Version/18.5 Safari/605.1.15"
47.82.60.114 - - [08/Jun/2025:10:55:35 -0400] "GET /manga/farming-life-in-another-world-chapter-202/ HTTP/1.1" 200 34534 "https://isekainonbirinoukachapters.com/manga/farming-life-in-another-world-chapter-202/" "Mozilla/5.0 (Windows NT 10.0; Win64; x64) AppleWebKit/537.36 (KHTML, like Gecko) Chrome/114.0.0.0 Safari/537.36 Edg/114.0.1823.43"
93.139.175.253 - - [08/Jun/2025:10:56:24 -0400] "GET /manga/farming-life-in-another-world-chapter-42/ HTTP/1.1" 200 34057 "https://isekainonbirinoukachapters.com/manga/farming-life-in-another-world-chapter-41/" "Mozilla/5.0 (Windows NT 10.0; Win64; x64) AppleWebKit/537.36 (KHTML, like Gecko) Chrome/137.0.0.0 Safari/537.36"
93.139.175.253 - - [08/Jun/2025:10:56:24 -0400] "GET /manga/farming-life-in-another-world-chapter-40/ HTTP/1.1" 200 34062 "https://isekainonbirinoukachapters.com/manga/farming-life-in-another-world-chapter-41/" "Mozilla/5.0 (Windows NT 10.0; Win64; x64) AppleWebKit/537.36 (KHTML, like Gecko) Chrome/137.0.0.0 Safari/537.36"
93.139.175.253 - - [08/Jun/2025:10:56:25 -0400] "GET /manga/farming-life-in-another-world-chapter-42/ HTTP/1.1" 304 0 "https://isekainonbirinoukachapters.com/manga/farming-life-in-another-world-chapter-41/" "Mozilla/5.0 (Windows NT 10.0; Win64; x64) AppleWebKit/537.36 (KHTML, like Gecko) Chrome/137.0.0.0 Safari/537.36"
162.0.232.193 - - [08/Jun/2025:10:56:28 -0400] "POST /wp-cron.php?doing_wp_cron=1749394588.7225220203399658203125 HTTP/1.1" 200 0 "-" "WordPress/6.8.1; https://isekainonbirinoukachapters.com"
114.119.136.24 - - [08/Jun/2025:10:56:28 -0400] "GET /category/isekai-nonbiri-nouka/page/21/ HTTP/1.1" 200 33248 "https://isekainonbirinoukachapters.com/category/isekai-nonbiri-nouka/page/20/" "Mozilla/5.0 (Linux; Android 7.0;) AppleWebKit/537.36 (KHTML, like Gecko) Mobile Safari/537.36 (compatible; PetalBot;+https://webmaster.petalsearch.com/site/petalbot)"
162.0.232.193 - - [08/Jun/2025:10:56:32 -0400] "GET /wp-content/uploads/89b93a66fa29a678cbd60ff176e1ea9a_1973.xml HTTP/1.1" 200 1362 "-" "Mozilla/5.0 (X11; Linux x86_64) AppleWebKit/537.36 (KHTML, like Gecko) Ubuntu Chromium/41.0.2272.76"
2405:201:3001:103c:703c:3aaf:ae66:63c3 - - [08/Jun/2025:10:57:38 -0400] "GET /manga/farming-life-in-another-world-chapter-133/ HTTP/1.1" 200 34568 "https://isekainonbirinoukachapters.com/manga/farming-life-in-another-world-chapter-132/" "Mozilla/5.0 (Linux; Android 10; K) AppleWebKit/537.36 (KHTML, like Gecko) Chrome/137.0.0.0 Mobile Safari/537.36"
2405:201:3001:103c:703c:3aaf:ae66:63c3 - - [08/Jun/2025:10:57:39 -0400] "GET /manga/farming-life-in-another-world-chapter-133/ HTTP/1.1" 304 0 "https://isekainonbirinoukachapters.com/manga/farming-life-in-another-world-chapter-132/" "Mozilla/5.0 (Linux; Android 10; K) AppleWebKit/537.36 (KHTML, like Gecko) Chrome/137.0.0.0 Mobile Safari/537.36"
162.0.232.193 - - [08/Jun/2025:10:57:41 -0400] "POST /wp-cron.php?doing_wp_cron=1749394660.9204809665679931640625 HTTP/1.1" 200 0 "-" "WordPress/6.8.1; https://isekainonbirinoukachapters.com"
162.0.232.193 - - [08/Jun/2025:10:57:41 -0400] "POST /wp-cron.php?doing_wp_cron=1749394660.8702158927917480468750 HTTP/1.1" 200 0 "-" "WordPress/6.8.1; https://isekainonbirinoukachapters.com"
114.119.138.230 - - [08/Jun/2025:10:57:40 -0400] "GET /manga/isekai-nonbiri-nouka-chapter-160/ HTTP/1.1" 301 0 "https://isekainonbirinoukachapters.com/isekai-nonbiri-nouka-chapter-76/" "Mozilla/5.0 (Linux; Android 7.0;) AppleWebKit/537.36 (KHTML, like Gecko) Mobile Safari/537.36 (compatible; PetalBot;+https://webmaster.petalsearch.com/site/petalbot)"
2405:201:3001:103c:703c:3aaf:ae66:63c3 - - [08/Jun/2025:10:57:40 -0400] "POST /wp-admin/admin-ajax.php HTTP/1.1" 200 61 "https://isekainonbirinoukachapters.com/manga/farming-life-in-another-world-chapter-133/" "Mozilla/5.0 (Linux; Android 10; K) AppleWebKit/537.36 (KHTML, like Gecko) Chrome/137.0.0.0 Mobile Safari/537.36"
114.119.138.230 - - [08/Jun/2025:10:57:42 -0400] "GET / HTTP/1.1" 200 32311 "https://isekainonbirinoukachapters.com/isekai-nonbiri-nouka-chapter-76/" "Mozilla/5.0 (Linux; Android 7.0;) AppleWebKit/537.36 (KHTML, like Gecko) Mobile Safari/537.36 (compatible; PetalBot;+https://webmaster.petalsearch.com/site/petalbot)"
162.0.232.193 - - [08/Jun/2025:10:58:32 -0400] "POST /wp-cron.php?doing_wp_cron=1749394712.4572598934173583984375 HTTP/1.1" 200 0 "-" "WordPress/6.8.1; https://isekainonbirinoukachapters.com"
2a03:2880:11ff:2:: - - [08/Jun/2025:10:58:31 -0400] "GET /manga/isekai-nonbiri-nouka-chapter-75-martial-art-tournament-knight-division-first-round-part-3/ HTTP/1.1" 301 0 "-" "meta-externalagent/1.1 (+https://developers.facebook.com/docs/sharing/webmasters/crawler)"
162.0.232.193 - - [08/Jun/2025:10:58:35 -0400] "GET /wp-content/uploads/89b93a66fa29a678cbd60ff176e1ea9a_1973.xml HTTP/1.1" 200 1362 "-" "Mozilla/5.0 (X11; Linux x86_64) AppleWebKit/537.36 (KHTML, like Gecko) Ubuntu Chromium/41.0.2272.76"
2a09:bac3:4d95:26fa::3e2:50 - - [08/Jun/2025:10:58:54 -0400] "GET /manga/farming-life-in-another-world-chapter-105/ HTTP/1.1" 200 34582 "https://isekainonbirinoukachapters.com/manga/farming-life-in-another-world-chapter-104/" "Mozilla/5.0 (Macintosh; Intel Mac OS X 10_15_7) AppleWebKit/605.1.15 (KHTML, like Gecko) Version/18.5 Safari/605.1.15"
2a09:bac3:4d95:26fa::3e2:50 - - [08/Jun/2025:10:58:54 -0400] "POST /wp-admin/admin-ajax.php HTTP/1.1" 200 61 "https://isekainonbirinoukachapters.com/manga/farming-life-in-another-world-chapter-105/" "Mozilla/5.0 (Macintosh; Intel Mac OS X 10_15_7) AppleWebKit/605.1.15 (KHTML, like Gecko) Version/18.5 Safari/605.1.15"
114.119.158.133 - - [08/Jun/2025:10:59:01 -0400] "GET /manga/farming-life-in-another-world-chapter-60/ HTTP/1.1" 200 34200 "https://isekainonbirinoukachapters.com/manga/isekai-nonbiri-nouka-chapter-141-various-things-2/" "Mozilla/5.0 (Linux; Android 7.0;) AppleWebKit/537.36 (KHTML, like Gecko) Mobile Safari/537.36 (compatible; PetalBot;+https://webmaster.petalsearch.com/site/petalbot)"
93.139.175.253 - - [08/Jun/2025:10:59:13 -0400] "GET /manga/farming-life-in-another-world-chapter-43/ HTTP/1.1" 200 34049 "https://isekainonbirinoukachapters.com/manga/farming-life-in-another-world-chapter-42/" "Mozilla/5.0 (Windows NT 10.0; Win64; x64) AppleWebKit/537.36 (KHTML, like Gecko) Chrome/137.0.0.0 Safari/537.36"
93.139.175.253 - - [08/Jun/2025:10:59:13 -0400] "GET /manga/farming-life-in-another-world-chapter-43/ HTTP/1.1" 304 0 "https://isekainonbirinoukachapters.com/manga/farming-life-in-another-world-chapter-42/" "Mozilla/5.0 (Windows NT 10.0; Win64; x64) AppleWebKit/537.36 (KHTML, like Gecko) Chrome/137.0.0.0 Safari/537.36"
114.119.136.24 - - [08/Jun/2025:11:00:24 -0400] "GET /manga/farming-life-in-another-world-chapter-231/ HTTP/1.1" 200 34669 "https://isekainonbirinoukachapters.com/manga/isekai-nonbiri-nouka-chapter-141-various-things-2/" "Mozilla/5.0 (Linux; Android 7.0;) AppleWebKit/537.36 (KHTML, like Gecko) Mobile Safari/537.36 (compatible; PetalBot;+https://webmaster.petalsearch.com/site/petalbot)"
