202.137.118.41 - - [08/Jun/2025:09:05:24 -0400] "GET /manga/farming-life-in-another-world-chapter-62/ HTTP/1.1" 200 34261 "https://isekainonbirinoukachapters.com/" "Mozilla/5.0 (Linux; Android 10; K) AppleWebKit/537.36 (KHTML, like Gecko) Chrome/137.0.0.0 Mobile Safari/537.36"
202.137.118.41 - - [08/Jun/2025:09:05:24 -0400] "GET /manga/farming-life-in-another-world-chapter-62/ HTTP/1.1" 304 0 "https://isekainonbirinoukachapters.com/" "Mozilla/5.0 (Linux; Android 10; K) AppleWebKit/537.36 (KHTML, like Gecko) Chrome/137.0.0.0 Mobile Safari/537.36"
202.137.118.41 - - [08/Jun/2025:09:05:25 -0400] "GET /manga/farming-life-in-another-world-chapter-132/ HTTP/1.1" 200 34526 "https://isekainonbirinoukachapters.com/" "Mozilla/5.0 (Linux; Android 10; K) AppleWebKit/537.36 (KHTML, like Gecko) Chrome/137.0.0.0 Mobile Safari/537.36"
202.137.118.41 - - [08/Jun/2025:09:05:25 -0400] "GET /manga/farming-life-in-another-world-chapter-131/ HTTP/1.1" 200 34172 "https://isekainonbirinoukachapters.com/" "Mozilla/5.0 (Linux; Android 10; K) AppleWebKit/537.36 (KHTML, like Gecko) Chrome/137.0.0.0 Mobile Safari/537.36"
202.137.118.41 - - [08/Jun/2025:09:05:25 -0400] "GET /manga/farming-life-in-another-world-chapter-132/ HTTP/1.1" 304 0 "https://isekainonbirinoukachapters.com/" "Mozilla/5.0 (Linux; Android 10; K) AppleWebKit/537.36 (KHTML, like Gecko) Chrome/137.0.0.0 Mobile Safari/537.36"
202.137.118.41 - - [08/Jun/2025:09:05:26 -0400] "GET /manga/farming-life-in-another-world-chapter-131/ HTTP/1.1" 304 0 "https://isekainonbirinoukachapters.com/" "Mozilla/5.0 (Linux; Android 10; K) AppleWebKit/537.36 (KHTML, like Gecko) Chrome/137.0.0.0 Mobile Safari/537.36"
202.137.118.41 - - [08/Jun/2025:09:05:26 -0400] "GET /manga/farming-life-in-another-world-chapter-131/ HTTP/1.1" 304 0 "https://isekainonbirinoukachapters.com/" "Mozilla/5.0 (Linux; Android 10; K) AppleWebKit/537.36 (KHTML, like Gecko) Chrome/137.0.0.0 Mobile Safari/537.36"
222.127.0.122 - - [08/Jun/2025:09:05:32 -0400] "GET /manga/farming-life-in-another-world-chapter-28/ HTTP/1.1" 200 34262 "https://isekainonbirinoukachapters.com/manga/farming-life-in-another-world-chapter-27/" "Mozilla/5.0 (Linux; Android 10; K) AppleWebKit/537.36 (KHTML, like Gecko) Chrome/136.0.0.0 Mobile Safari/537.36"
222.127.0.122 - - [08/Jun/2025:09:05:32 -0400] "GET /manga/farming-life-in-another-world-chapter-28/ HTTP/1.1" 304 0 "https://isekainonbirinoukachapters.com/manga/farming-life-in-another-world-chapter-27/" "Mozilla/5.0 (Linux; Android 10; K) AppleWebKit/537.36 (KHTML, like Gecko) Chrome/136.0.0.0 Mobile Safari/537.36"
202.137.118.41 - - [08/Jun/2025:09:05:33 -0400] "GET /manga/farming-life-in-another-world-chapter-60/ HTTP/1.1" 304 0 "https://isekainonbirinoukachapters.com/" "Mozilla/5.0 (Linux; Android 10; K) AppleWebKit/537.36 (KHTML, like Gecko) Chrome/137.0.0.0 Mobile Safari/537.36"
202.137.118.41 - - [08/Jun/2025:09:05:33 -0400] "GET /manga/farming-life-in-another-world-chapter-60/ HTTP/1.1" 304 0 "https://isekainonbirinoukachapters.com/" "Mozilla/5.0 (Linux; Android 10; K) AppleWebKit/537.36 (KHTML, like Gecko) Chrome/137.0.0.0 Mobile Safari/537.36"
202.137.118.41 - - [08/Jun/2025:09:05:34 -0400] "GET /manga/farming-life-in-another-world-chapter-60/ HTTP/1.1" 304 0 "https://isekainonbirinoukachapters.com/manga/farming-life-in-another-world-chapter-60/" "Mozilla/5.0 (Linux; Android 10; K) AppleWebKit/537.36 (KHTML, like Gecko) Chrome/137.0.0.0 Mobile Safari/537.36"
202.137.118.41 - - [08/Jun/2025:09:05:34 -0400] "POST /wp-admin/admin-ajax.php HTTP/1.1" 200 61 "https://isekainonbirinoukachapters.com/manga/farming-life-in-another-world-chapter-60/" "Mozilla/5.0 (Linux; Android 10; K) AppleWebKit/537.36 (KHTML, like Gecko) Chrome/137.0.0.0 Mobile Safari/537.36"
202.137.118.41 - - [08/Jun/2025:09:05:35 -0400] "GET /manga/farming-life-in-another-world-chapter-60/ HTTP/1.1" 304 0 "https://isekainonbirinoukachapters.com/manga/farming-life-in-another-world-chapter-60/" "Mozilla/5.0 (Linux; Android 10; K) AppleWebKit/537.36 (KHTML, like Gecko) Chrome/137.0.0.0 Mobile Safari/537.36"
202.137.118.41 - - [08/Jun/2025:09:05:39 -0400] "GET /manga/farming-life-in-another-world-chapter-54/ HTTP/1.1" 304 0 "https://isekainonbirinoukachapters.com/" "Mozilla/5.0 (Linux; Android 10; K) AppleWebKit/537.36 (KHTML, like Gecko) Chrome/137.0.0.0 Mobile Safari/537.36"
202.137.118.41 - - [08/Jun/2025:09:05:39 -0400] "GET /manga/farming-life-in-another-world-chapter-54/ HTTP/1.1" 304 0 "https://isekainonbirinoukachapters.com/" "Mozilla/5.0 (Linux; Android 10; K) AppleWebKit/537.36 (KHTML, like Gecko) Chrome/137.0.0.0 Mobile Safari/537.36"
47.79.3.11 - - [08/Jun/2025:09:05:46 -0400] "GET /manga/farming-life-in-another-world-chapter-177/ HTTP/1.1" 200 34535 "https://isekainonbirinoukachapters.com/manga/farming-life-in-another-world-chapter-177/" "Mozilla/5.0 (Windows NT 10.0; Win64; x64) AppleWebKit/537.36 (KHTML, like Gecko) Chrome/114.0.0.0 Safari/537.36 Edg/114.0.1823.43"
202.137.118.41 - - [08/Jun/2025:09:05:48 -0400] "GET /manga/farming-life-in-another-world-chapter-55/ HTTP/1.1" 304 0 "https://isekainonbirinoukachapters.com/" "Mozilla/5.0 (Linux; Android 10; K) AppleWebKit/537.36 (KHTML, like Gecko) Chrome/137.0.0.0 Mobile Safari/537.36"
202.137.118.41 - - [08/Jun/2025:09:05:48 -0400] "GET /manga/farming-life-in-another-world-chapter-55/ HTTP/1.1" 304 0 "https://isekainonbirinoukachapters.com/" "Mozilla/5.0 (Linux; Android 10; K) AppleWebKit/537.36 (KHTML, like Gecko) Chrome/137.0.0.0 Mobile Safari/537.36"
202.137.118.41 - - [08/Jun/2025:09:05:48 -0400] "GET /manga/farming-life-in-another-world-chapter-48/ HTTP/1.1" 304 0 "https://isekainonbirinoukachapters.com/" "Mozilla/5.0 (Linux; Android 10; K) AppleWebKit/537.36 (KHTML, like Gecko) Chrome/137.0.0.0 Mobile Safari/537.36"
202.137.118.41 - - [08/Jun/2025:09:06:10 -0400] "GET /manga/farming-life-in-another-world-chapter-49/ HTTP/1.1" 200 34229 "https://isekainonbirinoukachapters.com/" "Mozilla/5.0 (Linux; Android 10; K) AppleWebKit/537.36 (KHTML, like Gecko) Chrome/137.0.0.0 Mobile Safari/537.36"
202.137.118.41 - - [08/Jun/2025:09:06:11 -0400] "GET /manga/farming-life-in-another-world-chapter-49/ HTTP/1.1" 304 0 "https://isekainonbirinoukachapters.com/" "Mozilla/5.0 (Linux; Android 10; K) AppleWebKit/537.36 (KHTML, like Gecko) Chrome/137.0.0.0 Mobile Safari/537.36"
222.127.0.122 - - [08/Jun/2025:09:06:15 -0400] "GET / HTTP/1.1" 200 32326 "https://isekainonbirinoukachapters.com/manga/farming-life-in-another-world-chapter-28/" "Mozilla/5.0 (Linux; Android 10; K) AppleWebKit/537.36 (KHTML, like Gecko) Chrome/136.0.0.0 Mobile Safari/537.36"
222.127.0.122 - - [08/Jun/2025:09:06:16 -0400] "GET / HTTP/1.1" 304 0 "https://isekainonbirinoukachapters.com/manga/farming-life-in-another-world-chapter-28/" "Mozilla/5.0 (Linux; Android 10; K) AppleWebKit/537.36 (KHTML, like Gecko) Chrome/136.0.0.0 Mobile Safari/537.36"
47.82.61.62 - - [08/Jun/2025:09:06:26 -0400] "GET /manga/farming-life-in-another-world-chapter-212/ HTTP/1.1" 200 34626 "https://isekainonbirinoukachapters.com/manga/farming-life-in-another-world-chapter-212/" "Mozilla/5.0 (Windows NT 10.0; Win64; x64) AppleWebKit/537.36 (KHTML, like Gecko) Chrome/114.0.0.0 Safari/537.36 Edg/114.0.1823.43"
202.137.118.40 - - [08/Jun/2025:09:06:41 -0400] "GET /manga/farming-life-in-another-world-chapter-56/ HTTP/1.1" 304 0 "https://isekainonbirinoukachapters.com/" "Mozilla/5.0 (Linux; Android 10; K) AppleWebKit/537.36 (KHTML, like Gecko) Chrome/137.0.0.0 Mobile Safari/537.36"
202.137.118.41 - - [08/Jun/2025:09:06:41 -0400] "GET /manga/farming-life-in-another-world-chapter-74/ HTTP/1.1" 200 34246 "https://isekainonbirinoukachapters.com/" "Mozilla/5.0 (Linux; Android 10; K) AppleWebKit/537.36 (KHTML, like Gecko) Chrome/137.0.0.0 Mobile Safari/537.36"
202.137.118.41 - - [08/Jun/2025:09:06:41 -0400] "GET /manga/farming-life-in-another-world-chapter-73/ HTTP/1.1" 200 34176 "https://isekainonbirinoukachapters.com/" "Mozilla/5.0 (Linux; Android 10; K) AppleWebKit/537.36 (KHTML, like Gecko) Chrome/137.0.0.0 Mobile Safari/537.36"
202.137.118.41 - - [08/Jun/2025:09:06:42 -0400] "GET /manga/farming-life-in-another-world-chapter-56/ HTTP/1.1" 304 0 "https://isekainonbirinoukachapters.com/" "Mozilla/5.0 (Linux; Android 10; K) AppleWebKit/537.36 (KHTML, like Gecko) Chrome/137.0.0.0 Mobile Safari/537.36"
202.137.118.41 - - [08/Jun/2025:09:06:42 -0400] "GET /manga/farming-life-in-another-world-chapter-74/ HTTP/1.1" 304 0 "https://isekainonbirinoukachapters.com/" "Mozilla/5.0 (Linux; Android 10; K) AppleWebKit/537.36 (KHTML, like Gecko) Chrome/137.0.0.0 Mobile Safari/537.36"
202.137.118.41 - - [08/Jun/2025:09:06:42 -0400] "GET /manga/farming-life-in-another-world-chapter-73/ HTTP/1.1" 304 0 "https://isekainonbirinoukachapters.com/" "Mozilla/5.0 (Linux; Android 10; K) AppleWebKit/537.36 (KHTML, like Gecko) Chrome/137.0.0.0 Mobile Safari/537.36"
202.137.118.41 - - [08/Jun/2025:09:06:43 -0400] "GET /manga/farming-life-in-another-world-chapter-73/ HTTP/1.1" 304 0 "https://isekainonbirinoukachapters.com/" "Mozilla/5.0 (Linux; Android 10; K) AppleWebKit/537.36 (KHTML, like Gecko) Chrome/137.0.0.0 Mobile Safari/537.36"
202.137.118.41 - - [08/Jun/2025:09:06:55 -0400] "GET /manga/farming-life-in-another-world-chapter-65/ HTTP/1.1" 304 0 "https://isekainonbirinoukachapters.com/" "Mozilla/5.0 (Linux; Android 10; K) AppleWebKit/537.36 (KHTML, like Gecko) Chrome/137.0.0.0 Mobile Safari/537.36"
202.137.118.41 - - [08/Jun/2025:09:06:56 -0400] "GET /manga/farming-life-in-another-world-chapter-65/ HTTP/1.1" 304 0 "https://isekainonbirinoukachapters.com/" "Mozilla/5.0 (Linux; Android 10; K) AppleWebKit/537.36 (KHTML, like Gecko) Chrome/137.0.0.0 Mobile Safari/537.36"
202.137.118.41 - - [08/Jun/2025:09:06:56 -0400] "GET /manga/farming-life-in-another-world-chapter-59/ HTTP/1.1" 304 0 "https://isekainonbirinoukachapters.com/" "Mozilla/5.0 (Linux; Android 10; K) AppleWebKit/537.36 (KHTML, like Gecko) Chrome/137.0.0.0 Mobile Safari/537.36"
202.137.118.41 - - [08/Jun/2025:09:06:57 -0400] "GET /manga/farming-life-in-another-world-chapter-57/ HTTP/1.1" 200 34601 "https://isekainonbirinoukachapters.com/" "Mozilla/5.0 (Linux; Android 10; K) AppleWebKit/537.36 (KHTML, like Gecko) Chrome/137.0.0.0 Mobile Safari/537.36"
202.137.118.41 - - [08/Jun/2025:09:06:57 -0400] "GET /manga/farming-life-in-another-world-chapter-57/ HTTP/1.1" 304 0 "https://isekainonbirinoukachapters.com/" "Mozilla/5.0 (Linux; Android 10; K) AppleWebKit/537.36 (KHTML, like Gecko) Chrome/137.0.0.0 Mobile Safari/537.36"
202.137.118.41 - - [08/Jun/2025:09:06:58 -0400] "GET /manga/farming-life-in-another-world-chapter-50/ HTTP/1.1" 304 0 "https://isekainonbirinoukachapters.com/" "Mozilla/5.0 (Linux; Android 10; K) AppleWebKit/537.36 (KHTML, like Gecko) Chrome/137.0.0.0 Mobile Safari/537.36"
202.137.118.41 - - [08/Jun/2025:09:06:58 -0400] "GET /manga/farming-life-in-another-world-chapter-50/ HTTP/1.1" 304 0 "https://isekainonbirinoukachapters.com/" "Mozilla/5.0 (Linux; Android 10; K) AppleWebKit/537.36 (KHTML, like Gecko) Chrome/137.0.0.0 Mobile Safari/537.36"
162.0.232.193 - - [08/Jun/2025:09:06:59 -0400] "POST /wp-cron.php?doing_wp_cron=1749388019.4131889343261718750000 HTTP/1.1" 200 0 "-" "WordPress/6.8.1; https://isekainonbirinoukachapters.com"
202.137.118.41 - - [08/Jun/2025:09:06:59 -0400] "POST /wp-admin/admin-ajax.php HTTP/1.1" 200 61 "https://isekainonbirinoukachapters.com/manga/farming-life-in-another-world-chapter-50/" "Mozilla/5.0 (Linux; Android 10; K) AppleWebKit/537.36 (KHTML, like Gecko) Chrome/137.0.0.0 Mobile Safari/537.36"
162.0.232.193 - - [08/Jun/2025:09:07:01 -0400] "GET /wp-content/uploads/89b93a66fa29a678cbd60ff176e1ea9a_1973.xml HTTP/1.1" 200 1499 "-" "Mozilla/5.0 (X11; Linux x86_64) AppleWebKit/537.36 (KHTML, like Gecko) Ubuntu Chromium/41.0.2272.76"
47.82.60.93 - - [08/Jun/2025:09:07:04 -0400] "GET /manga/farming-life-in-another-world-chapter-160/ HTTP/1.1" 200 34538 "https://isekainonbirinoukachapters.com/manga/farming-life-in-another-world-chapter-160/" "Mozilla/5.0 (Windows NT 10.0; Win64; x64) AppleWebKit/537.36 (KHTML, like Gecko) Chrome/114.0.0.0 Safari/537.36 Edg/114.0.1823.43"
202.137.118.41 - - [08/Jun/2025:09:07:18 -0400] "GET /manga/farming-life-in-another-world-chapter-56/ HTTP/1.1" 304 0 "https://isekainonbirinoukachapters.com/" "Mozilla/5.0 (Linux; Android 10; K) AppleWebKit/537.36 (KHTML, like Gecko) Chrome/137.0.0.0 Mobile Safari/537.36"
202.137.118.41 - - [08/Jun/2025:09:07:18 -0400] "GET /manga/farming-life-in-another-world-chapter-45/ HTTP/1.1" 304 0 "https://isekainonbirinoukachapters.com/" "Mozilla/5.0 (Linux; Android 10; K) AppleWebKit/537.36 (KHTML, like Gecko) Chrome/137.0.0.0 Mobile Safari/537.36"
202.137.118.41 - - [08/Jun/2025:09:07:19 -0400] "POST /wp-admin/admin-ajax.php HTTP/1.1" 200 61 "https://isekainonbirinoukachapters.com/manga/farming-life-in-another-world-chapter-45/" "Mozilla/5.0 (Linux; Android 10; K) AppleWebKit/537.36 (KHTML, like Gecko) Chrome/137.0.0.0 Mobile Safari/537.36"
202.137.118.41 - - [08/Jun/2025:09:07:26 -0400] "GET /manga/farming-life-in-another-world-chapter-53/ HTTP/1.1" 200 34201 "https://isekainonbirinoukachapters.com/" "Mozilla/5.0 (Linux; Android 10; K) AppleWebKit/537.36 (KHTML, like Gecko) Chrome/137.0.0.0 Mobile Safari/537.36"
202.137.118.41 - - [08/Jun/2025:09:07:27 -0400] "GET /manga/farming-life-in-another-world-chapter-53/ HTTP/1.1" 304 0 "https://isekainonbirinoukachapters.com/" "Mozilla/5.0 (Linux; Android 10; K) AppleWebKit/537.36 (KHTML, like Gecko) Chrome/137.0.0.0 Mobile Safari/537.36"
202.137.118.41 - - [08/Jun/2025:09:07:27 -0400] "GET /manga/farming-life-in-another-world-chapter-42/ HTTP/1.1" 304 0 "https://isekainonbirinoukachapters.com/" "Mozilla/5.0 (Linux; Android 10; K) AppleWebKit/537.36 (KHTML, like Gecko) Chrome/137.0.0.0 Mobile Safari/537.36"
202.137.118.41 - - [08/Jun/2025:09:07:27 -0400] "POST /wp-admin/admin-ajax.php HTTP/1.1" 200 61 "https://isekainonbirinoukachapters.com/manga/farming-life-in-another-world-chapter-42/" "Mozilla/5.0 (Linux; Android 10; K) AppleWebKit/537.36 (KHTML, like Gecko) Chrome/137.0.0.0 Mobile Safari/537.36"
202.137.118.45 - - [08/Jun/2025:09:08:07 -0400] "GET /manga/farming-life-in-another-world-chapter-43/ HTTP/1.1" 304 0 "https://isekainonbirinoukachapters.com/" "Mozilla/5.0 (Linux; Android 10; K) AppleWebKit/537.36 (KHTML, like Gecko) Chrome/137.0.0.0 Mobile Safari/537.36"
162.0.232.193 - - [08/Jun/2025:09:08:08 -0400] "POST /wp-cron.php?doing_wp_cron=1749388087.9528450965881347656250 HTTP/1.1" 200 0 "-" "WordPress/6.8.1; https://isekainonbirinoukachapters.com"
202.137.118.45 - - [08/Jun/2025:09:08:07 -0400] "POST /wp-admin/admin-ajax.php HTTP/1.1" 200 61 "https://isekainonbirinoukachapters.com/manga/farming-life-in-another-world-chapter-43/" "Mozilla/5.0 (Linux; Android 10; K) AppleWebKit/537.36 (KHTML, like Gecko) Chrome/137.0.0.0 Mobile Safari/537.36"
139.135.192.136 - - [08/Jun/2025:09:08:09 -0400] "GET /manga/farming-life-in-another-world-chapter-216/ HTTP/1.1" 200 34387 "https://isekainonbirinoukachapters.com/manga/farming-life-in-another-world-chapter-215/" "Mozilla/5.0 (Linux; Android 10; K) AppleWebKit/537.36 (KHTML, like Gecko) Chrome/137.0.0.0 Mobile Safari/537.36"
139.135.192.136 - - [08/Jun/2025:09:08:10 -0400] "GET /manga/farming-life-in-another-world-chapter-216/ HTTP/1.1" 200 34528 "https://isekainonbirinoukachapters.com/manga/farming-life-in-another-world-chapter-215/" "Mozilla/5.0 (X11; Linux x86_64) AppleWebKit/537.36 (KHTML, like Gecko) Chrome/137.0.0.0 Safari/537.36"
139.135.192.136 - - [08/Jun/2025:09:08:10 -0400] "POST /wp-admin/admin-ajax.php HTTP/1.1" 200 61 "https://isekainonbirinoukachapters.com/manga/farming-life-in-another-world-chapter-216/" "Mozilla/5.0 (X11; Linux x86_64) AppleWebKit/537.36 (KHTML, like Gecko) Chrome/137.0.0.0 Safari/537.36"
202.137.118.45 - - [08/Jun/2025:09:08:21 -0400] "GET /manga/farming-life-in-another-world-chapter-44/ HTTP/1.1" 304 0 "https://isekainonbirinoukachapters.com/" "Mozilla/5.0 (Linux; Android 10; K) AppleWebKit/537.36 (KHTML, like Gecko) Chrome/137.0.0.0 Mobile Safari/537.36"
162.0.232.193 - - [08/Jun/2025:09:08:22 -0400] "POST /wp-cron.php?doing_wp_cron=1749388102.4224948883056640625000 HTTP/1.1" 200 0 "-" "WordPress/6.8.1; https://isekainonbirinoukachapters.com"
202.137.118.45 - - [08/Jun/2025:09:08:22 -0400] "POST /wp-admin/admin-ajax.php HTTP/1.1" 200 61 "https://isekainonbirinoukachapters.com/manga/farming-life-in-another-world-chapter-44/" "Mozilla/5.0 (Linux; Android 10; K) AppleWebKit/537.36 (KHTML, like Gecko) Chrome/137.0.0.0 Mobile Safari/537.36"
162.0.232.193 - - [08/Jun/2025:09:09:06 -0400] "POST /wp-cron.php?doing_wp_cron=1749388146.2662429809570312500000 HTTP/1.1" 200 0 "-" "WordPress/6.8.1; https://isekainonbirinoukachapters.com"
202.137.118.45 - - [08/Jun/2025:09:09:05 -0400] "POST /wp-admin/admin-ajax.php HTTP/1.1" 200 61 "https://isekainonbirinoukachapters.com/manga/farming-life-in-another-world-chapter-45/" "Mozilla/5.0 (Linux; Android 10; K) AppleWebKit/537.36 (KHTML, like Gecko) Chrome/137.0.0.0 Mobile Safari/537.36"
162.0.232.193 - - [08/Jun/2025:09:09:08 -0400] "GET /wp-content/uploads/89b93a66fa29a678cbd60ff176e1ea9a_1973.xml HTTP/1.1" 200 1499 "-" "Mozilla/5.0 (X11; Linux x86_64) AppleWebKit/537.36 (KHTML, like Gecko) Ubuntu Chromium/41.0.2272.76"
47.82.60.161 - - [08/Jun/2025:09:09:34 -0400] "GET /manga/farming-life-in-another-world-chapter-252/ HTTP/1.1" 200 34582 "https://isekainonbirinoukachapters.com/manga/farming-life-in-another-world-chapter-252/" "Mozilla/5.0 (Windows NT 10.0; Win64; x64) AppleWebKit/537.36 (KHTML, like Gecko) Chrome/114.0.0.0 Safari/537.36 Edg/114.0.1823.43"
47.82.60.135 - - [08/Jun/2025:09:09:40 -0400] "GET /manga/farming-life-in-another-world-chapter-5/ HTTP/1.1" 200 34523 "https://isekainonbirinoukachapters.com/manga/farming-life-in-another-world-chapter-5/" "Mozilla/5.0 (Windows NT 10.0; Win64; x64) AppleWebKit/537.36 (KHTML, like Gecko) Chrome/114.0.0.0 Safari/537.36 Edg/114.0.1823.43"
47.82.60.107 - - [08/Jun/2025:09:09:51 -0400] "GET /manga/farming-life-in-another-world-chapter-191/ HTTP/1.1" 200 34680 "https://isekainonbirinoukachapters.com/manga/farming-life-in-another-world-chapter-191/" "Mozilla/5.0 (Windows NT 10.0; Win64; x64) AppleWebKit/537.36 (KHTML, like Gecko) Chrome/114.0.0.0 Safari/537.36 Edg/114.0.1823.43"
47.82.60.28 - - [08/Jun/2025:09:09:52 -0400] "GET /manga/farming-life-in-another-world-chapter-71/ HTTP/1.1" 200 33928 "https://isekainonbirinoukachapters.com/manga/farming-life-in-another-world-chapter-71/" "Mozilla/5.0 (Windows NT 10.0; Win64; x64) AppleWebKit/537.36 (KHTML, like Gecko) Chrome/114.0.0.0 Safari/537.36 Edg/114.0.1823.43"
162.0.232.193 - - [08/Jun/2025:09:10:10 -0400] "POST /wp-cron.php?doing_wp_cron=1749388210.1750719547271728515625 HTTP/1.1" 200 0 "-" "WordPress/6.8.1; https://isekainonbirinoukachapters.com"
152.32.112.146 - - [08/Jun/2025:09:10:09 -0400] "POST /wp-admin/admin-ajax.php HTTP/1.1" 200 61 "https://isekainonbirinoukachapters.com/manga/farming-life-in-another-world-chapter-34/" "Mozilla/5.0 (Windows NT 10.0; Win64; x64) AppleWebKit/537.36 (KHTML, like Gecko) Chrome/134.0.0.0 Safari/537.36 OPR/119.0.0.0"
162.0.232.193 - - [08/Jun/2025:09:10:44 -0400] "POST /wp-cron.php?doing_wp_cron=1749388244.6047298908233642578125 HTTP/1.1" 200 0 "-" "WordPress/6.8.1; https://isekainonbirinoukachapters.com"
47.82.61.56 - - [08/Jun/2025:09:10:44 -0400] "GET /category/farming-life-in-another-world/page/10/ HTTP/1.1" 200 33031 "https://isekainonbirinoukachapters.com/category/farming-life-in-another-world/page/10/" "Mozilla/5.0 (Windows NT 10.0; Win64; x64) AppleWebKit/537.36 (KHTML, like Gecko) Chrome/114.0.0.0 Safari/537.36 Edg/114.0.1823.43"
139.135.192.136 - - [08/Jun/2025:09:11:35 -0400] "GET /manga/farming-life-in-another-world-chapter-217/ HTTP/1.1" 200 34538 "https://isekainonbirinoukachapters.com/manga/farming-life-in-another-world-chapter-216/" "Mozilla/5.0 (Linux; Android 10; K) AppleWebKit/537.36 (KHTML, like Gecko) Chrome/137.0.0.0 Mobile Safari/537.36"
139.135.192.136 - - [08/Jun/2025:09:11:36 -0400] "GET /manga/farming-life-in-another-world-chapter-217/ HTTP/1.1" 200 34521 "https://isekainonbirinoukachapters.com/manga/farming-life-in-another-world-chapter-216/" "Mozilla/5.0 (X11; Linux x86_64) AppleWebKit/537.36 (KHTML, like Gecko) Chrome/137.0.0.0 Safari/537.36"
162.0.232.193 - - [08/Jun/2025:09:11:36 -0400] "POST /wp-cron.php?doing_wp_cron=1749388296.4792110919952392578125 HTTP/1.1" 200 0 "-" "WordPress/6.8.1; https://isekainonbirinoukachapters.com"
139.135.192.136 - - [08/Jun/2025:09:11:36 -0400] "POST /wp-admin/admin-ajax.php HTTP/1.1" 200 61 "https://isekainonbirinoukachapters.com/manga/farming-life-in-another-world-chapter-217/" "Mozilla/5.0 (X11; Linux x86_64) AppleWebKit/537.36 (KHTML, like Gecko) Chrome/137.0.0.0 Safari/537.36"
162.0.232.193 - - [08/Jun/2025:09:11:38 -0400] "GET /wp-content/uploads/89b93a66fa29a678cbd60ff176e1ea9a_1973.xml HTTP/1.1" 200 1499 "-" "Mozilla/5.0 (X11; Linux x86_64) AppleWebKit/537.36 (KHTML, like Gecko) Ubuntu Chromium/41.0.2272.76"
62.60.160.33 - - [08/Jun/2025:09:11:57 -0400] "POST /xmlrpc.php HTTP/1.1" 200 186 "https://isekainonbirinoukachapters.com" "Mozilla/5.0 (Macintosh; Intel Mac OS X 10_15_7; rv:128.0) Gecko/20100101 Firefox/128.0"
62.60.160.33 - - [08/Jun/2025:09:11:59 -0400] "POST /wp-login.php HTTP/1.1" 200 2068 "https://isekainonbirinoukachapters.com" "Mozilla/5.0 (Macintosh; Intel Mac OS X 10_15_7; rv:128.0) Gecko/20100101 Firefox/128.0"
47.79.3.180 - - [08/Jun/2025:09:12:00 -0400] "GET /manga/farming-life-in-another-world-chapter-145/ HTTP/1.1" 200 34517 "https://isekainonbirinoukachapters.com/manga/farming-life-in-another-world-chapter-145/" "Mozilla/5.0 (Windows NT 10.0; Win64; x64) AppleWebKit/537.36 (KHTML, like Gecko) Chrome/114.0.0.0 Safari/537.36 Edg/114.0.1823.43"
47.82.61.100 - - [08/Jun/2025:09:12:00 -0400] "GET /manga/farming-life-in-another-world-chapter-139/ HTTP/1.1" 200 34112 "https://isekainonbirinoukachapters.com/manga/farming-life-in-another-world-chapter-139/" "Mozilla/5.0 (Windows NT 10.0; Win64; x64) AppleWebKit/537.36 (KHTML, like Gecko) Chrome/114.0.0.0 Safari/537.36 Edg/114.0.1823.43"
202.137.118.40 - - [08/Jun/2025:09:12:31 -0400] "GET / HTTP/1.1" 304 0 "https://www.google.com/" "Mozilla/5.0 (Linux; Android 10; K) AppleWebKit/537.36 (KHTML, like Gecko) Chrome/137.0.0.0 Mobile Safari/537.36"
202.137.118.45 - - [08/Jun/2025:09:12:35 -0400] "GET /manga/farming-life-in-another-world-chapter-10/ HTTP/1.1" 200 34119 "https://isekainonbirinoukachapters.com/" "Mozilla/5.0 (Linux; Android 10; K) AppleWebKit/537.36 (KHTML, like Gecko) Chrome/137.0.0.0 Mobile Safari/537.36"
202.137.118.45 - - [08/Jun/2025:09:12:35 -0400] "GET /manga/farming-life-in-another-world-chapter-21/ HTTP/1.1" 304 0 "https://isekainonbirinoukachapters.com/" "Mozilla/5.0 (Linux; Android 10; K) AppleWebKit/537.36 (KHTML, like Gecko) Chrome/137.0.0.0 Mobile Safari/537.36"
202.137.118.45 - - [08/Jun/2025:09:12:35 -0400] "GET /manga/farming-life-in-another-world-chapter-10/ HTTP/1.1" 304 0 "https://isekainonbirinoukachapters.com/" "Mozilla/5.0 (Linux; Android 10; K) AppleWebKit/537.36 (KHTML, like Gecko) Chrome/137.0.0.0 Mobile Safari/537.36"
202.137.118.45 - - [08/Jun/2025:09:12:36 -0400] "GET /manga/farming-life-in-another-world-chapter-29/ HTTP/1.1" 304 0 "https://isekainonbirinoukachapters.com/" "Mozilla/5.0 (Linux; Android 10; K) AppleWebKit/537.36 (KHTML, like Gecko) Chrome/137.0.0.0 Mobile Safari/537.36"
202.137.118.45 - - [08/Jun/2025:09:12:36 -0400] "GET /manga/farming-life-in-another-world-chapter-21/ HTTP/1.1" 304 0 "https://isekainonbirinoukachapters.com/" "Mozilla/5.0 (Linux; Android 10; K) AppleWebKit/537.36 (KHTML, like Gecko) Chrome/137.0.0.0 Mobile Safari/537.36"
202.137.118.45 - - [08/Jun/2025:09:12:37 -0400] "GET /manga/farming-life-in-another-world-chapter-29/ HTTP/1.1" 304 0 "https://isekainonbirinoukachapters.com/" "Mozilla/5.0 (Linux; Android 10; K) AppleWebKit/537.36 (KHTML, like Gecko) Chrome/137.0.0.0 Mobile Safari/537.36"
202.137.118.45 - - [08/Jun/2025:09:12:37 -0400] "GET /manga/farming-life-in-another-world-chapter-30/ HTTP/1.1" 304 0 "https://isekainonbirinoukachapters.com/" "Mozilla/5.0 (Linux; Android 10; K) AppleWebKit/537.36 (KHTML, like Gecko) Chrome/137.0.0.0 Mobile Safari/537.36"
202.137.118.45 - - [08/Jun/2025:09:12:37 -0400] "GET /manga/farming-life-in-another-world-chapter-30/ HTTP/1.1" 304 0 "https://isekainonbirinoukachapters.com/" "Mozilla/5.0 (Linux; Android 10; K) AppleWebKit/537.36 (KHTML, like Gecko) Chrome/137.0.0.0 Mobile Safari/537.36"
202.137.118.45 - - [08/Jun/2025:09:12:37 -0400] "GET /manga/farming-life-in-another-world-chapter-30/ HTTP/1.1" 304 0 "https://isekainonbirinoukachapters.com/" "Mozilla/5.0 (Linux; Android 10; K) AppleWebKit/537.36 (KHTML, like Gecko) Chrome/137.0.0.0 Mobile Safari/537.36"
202.137.118.45 - - [08/Jun/2025:09:13:08 -0400] "GET /manga/farming-life-in-another-world-chapter-31/ HTTP/1.1" 304 0 "https://isekainonbirinoukachapters.com/" "Mozilla/5.0 (Linux; Android 10; K) AppleWebKit/537.36 (KHTML, like Gecko) Chrome/137.0.0.0 Mobile Safari/537.36"
202.137.118.45 - - [08/Jun/2025:09:13:09 -0400] "GET /manga/farming-life-in-another-world-chapter-31/ HTTP/1.1" 304 0 "https://isekainonbirinoukachapters.com/" "Mozilla/5.0 (Linux; Android 10; K) AppleWebKit/537.36 (KHTML, like Gecko) Chrome/137.0.0.0 Mobile Safari/537.36"
124.217.39.209 - - [08/Jun/2025:09:13:13 -0400] "GET / HTTP/1.1" 200 32523 "https://www.google.com/" "Mozilla/5.0 (Linux; Android 10; K) AppleWebKit/537.36 (KHTML, like Gecko) Chrome/131.0.0.0 Mobile Safari/537.36"
47.82.61.100 - - [08/Jun/2025:09:13:18 -0400] "GET /manga/farming-life-in-another-world-chapter-30/ HTTP/1.1" 200 33999 "https://isekainonbirinoukachapters.com/manga/farming-life-in-another-world-chapter-30/" "Mozilla/5.0 (Windows NT 10.0; Win64; x64) AppleWebKit/537.36 (KHTML, like Gecko) Chrome/114.0.0.0 Safari/537.36 Edg/114.0.1823.43"
162.0.232.193 - - [08/Jun/2025:09:13:29 -0400] "POST /wp-cron.php?doing_wp_cron=1749388409.0298759937286376953125 HTTP/1.1" 200 0 "-" "WordPress/6.8.1; https://isekainonbirinoukachapters.com"
43.130.72.177 - - [08/Jun/2025:09:13:28 -0400] "GET /wp-json/oembed/1.0/embed?url=https%3A%2F%2Fisekainonbirinoukachapters.com%2Fmanga%2Ffarming-life-in-another-world-chapter-34%2F&format=xml HTTP/1.1" 200 1191 "-" "Mozilla/5.0 (iPhone; CPU iPhone OS 13_2_3 like Mac OS X) AppleWebKit/605.1.15 (KHTML, like Gecko) Version/13.0.3 Mobile/15E148 Safari/604.1"
162.0.232.193 - - [08/Jun/2025:09:13:31 -0400] "GET /wp-content/uploads/89b93a66fa29a678cbd60ff176e1ea9a_1973.xml HTTP/1.1" 200 1362 "-" "Mozilla/5.0 (X11; Linux x86_64) AppleWebKit/537.36 (KHTML, like Gecko) Ubuntu Chromium/41.0.2272.76"
2a02:26f7:f980:4a7c:0:c000:: - - [08/Jun/2025:09:13:57 -0400] "GET /manga/farming-life-in-another-world-chapter-87/ HTTP/1.1" 200 34460 "https://isekainonbirinoukachapters.com/manga/farming-life-in-another-world-chapter-86/" "Mozilla/5.0 (Macintosh; Intel Mac OS X 10_15_7) AppleWebKit/605.1.15 (KHTML, like Gecko) Version/18.5 Safari/605.1.15"
2a02:26f7:f980:4a7c:0:c000:: - - [08/Jun/2025:09:13:58 -0400] "POST /wp-admin/admin-ajax.php HTTP/1.1" 200 61 "https://isekainonbirinoukachapters.com/manga/farming-life-in-another-world-chapter-87/" "Mozilla/5.0 (Macintosh; Intel Mac OS X 10_15_7) AppleWebKit/605.1.15 (KHTML, like Gecko) Version/18.5 Safari/605.1.15"
47.79.7.99 - - [08/Jun/2025:09:14:12 -0400] "GET /manga/farming-life-in-another-world-chapter-225/ HTTP/1.1" 200 34310 "https://isekainonbirinoukachapters.com/manga/farming-life-in-another-world-chapter-225/" "Mozilla/5.0 (Windows NT 10.0; Win64; x64) AppleWebKit/537.36 (KHTML, like Gecko) Chrome/114.0.0.0 Safari/537.36 Edg/114.0.1823.43"
202.137.118.40 - - [08/Jun/2025:09:14:13 -0400] "GET /manga/farming-life-in-another-world-chapter-35/ HTTP/1.1" 304 0 "https://isekainonbirinoukachapters.com/" "Mozilla/5.0 (Linux; Android 10; K) AppleWebKit/537.36 (KHTML, like Gecko) Chrome/137.0.0.0 Mobile Safari/537.36"
202.137.118.45 - - [08/Jun/2025:09:14:13 -0400] "GET /manga/farming-life-in-another-world-chapter-44/ HTTP/1.1" 304 0 "https://isekainonbirinoukachapters.com/" "Mozilla/5.0 (Linux; Android 10; K) AppleWebKit/537.36 (KHTML, like Gecko) Chrome/137.0.0.0 Mobile Safari/537.36"
202.137.118.45 - - [08/Jun/2025:09:14:14 -0400] "GET /manga/farming-life-in-another-world-chapter-44/ HTTP/1.1" 304 0 "https://isekainonbirinoukachapters.com/" "Mozilla/5.0 (Linux; Android 10; K) AppleWebKit/537.36 (KHTML, like Gecko) Chrome/137.0.0.0 Mobile Safari/537.36"
202.137.118.45 - - [08/Jun/2025:09:14:14 -0400] "GET /manga/farming-life-in-another-world-chapter-35/ HTTP/1.1" 304 0 "https://isekainonbirinoukachapters.com/" "Mozilla/5.0 (Linux; Android 10; K) AppleWebKit/537.36 (KHTML, like Gecko) Chrome/137.0.0.0 Mobile Safari/537.36"
162.0.232.193 - - [08/Jun/2025:09:14:34 -0400] "POST /wp-cron.php?doing_wp_cron=1749388474.4427070617675781250000 HTTP/1.1" 200 0 "-" "WordPress/6.8.1; https://isekainonbirinoukachapters.com"
47.79.0.217 - - [08/Jun/2025:09:14:34 -0400] "GET /category/isekai-nonbiri-nouka-manga/page/12/ HTTP/1.1" 200 33208 "https://isekainonbirinoukachapters.com/category/isekai-nonbiri-nouka-manga/page/12/" "Mozilla/5.0 (Windows NT 10.0; Win64; x64) AppleWebKit/537.36 (KHTML, like Gecko) Chrome/114.0.0.0 Safari/537.36 Edg/114.0.1823.43"
47.82.60.27 - - [08/Jun/2025:09:14:59 -0400] "GET /manga/farming-life-in-another-world-chapter-182/ HTTP/1.1" 200 34315 "https://isekainonbirinoukachapters.com/manga/farming-life-in-another-world-chapter-182/" "Mozilla/5.0 (Windows NT 10.0; Win64; x64) AppleWebKit/537.36 (KHTML, like Gecko) Chrome/114.0.0.0 Safari/537.36 Edg/114.0.1823.43"
47.82.60.208 - - [08/Jun/2025:09:15:33 -0400] "GET /manga/farming-life-in-another-world-chapter-23/ HTTP/1.1" 200 34114 "https://isekainonbirinoukachapters.com/manga/farming-life-in-another-world-chapter-23/" "Mozilla/5.0 (Windows NT 10.0; Win64; x64) AppleWebKit/537.36 (KHTML, like Gecko) Chrome/114.0.0.0 Safari/537.36 Edg/114.0.1823.43"
47.82.60.67 - - [08/Jun/2025:09:15:42 -0400] "GET /manga/farming-life-in-another-world-chapter-142/ HTTP/1.1" 200 34492 "https://isekainonbirinoukachapters.com/manga/farming-life-in-another-world-chapter-142/" "Mozilla/5.0 (Windows NT 10.0; Win64; x64) AppleWebKit/537.36 (KHTML, like Gecko) Chrome/114.0.0.0 Safari/537.36 Edg/114.0.1823.43"
47.82.61.113 - - [08/Jun/2025:09:15:44 -0400] "GET /manga/farming-life-in-another-world-chapter-98/ HTTP/1.1" 200 34508 "https://isekainonbirinoukachapters.com/manga/farming-life-in-another-world-chapter-98/" "Mozilla/5.0 (Windows NT 10.0; Win64; x64) AppleWebKit/537.36 (KHTML, like Gecko) Chrome/114.0.0.0 Safari/537.36 Edg/114.0.1823.43"
47.82.60.202 - - [08/Jun/2025:09:16:01 -0400] "GET /manga/farming-life-in-another-world-chapter-93/ HTTP/1.1" 200 34506 "https://isekainonbirinoukachapters.com/manga/farming-life-in-another-world-chapter-93/" "Mozilla/5.0 (Windows NT 10.0; Win64; x64) AppleWebKit/537.36 (KHTML, like Gecko) Chrome/114.0.0.0 Safari/537.36 Edg/114.0.1823.43"
139.135.192.136 - - [08/Jun/2025:09:16:15 -0400] "GET /manga/farming-life-in-another-world-chapter-218/ HTTP/1.1" 200 34145 "https://isekainonbirinoukachapters.com/manga/farming-life-in-another-world-chapter-217/" "Mozilla/5.0 (Linux; Android 10; K) AppleWebKit/537.36 (KHTML, like Gecko) Chrome/137.0.0.0 Mobile Safari/537.36"
139.135.192.136 - - [08/Jun/2025:09:16:15 -0400] "GET /manga/farming-life-in-another-world-chapter-218/ HTTP/1.1" 200 34156 "https://isekainonbirinoukachapters.com/manga/farming-life-in-another-world-chapter-217/" "Mozilla/5.0 (X11; Linux x86_64) AppleWebKit/537.36 (KHTML, like Gecko) Chrome/137.0.0.0 Safari/537.36"
222.127.0.122 - - [08/Jun/2025:09:16:22 -0400] "GET /manga/farming-life-in-another-world-chapter-29/ HTTP/1.1" 200 34277 "https://isekainonbirinoukachapters.com/manga/farming-life-in-another-world-chapter-28/" "Mozilla/5.0 (Linux; Android 10; K) AppleWebKit/537.36 (KHTML, like Gecko) Chrome/136.0.0.0 Mobile Safari/537.36"
222.127.0.122 - - [08/Jun/2025:09:16:23 -0400] "GET /manga/farming-life-in-another-world-chapter-29/ HTTP/1.1" 304 0 "https://isekainonbirinoukachapters.com/manga/farming-life-in-another-world-chapter-28/" "Mozilla/5.0 (Linux; Android 10; K) AppleWebKit/537.36 (KHTML, like Gecko) Chrome/136.0.0.0 Mobile Safari/537.36"
47.82.60.8 - - [08/Jun/2025:09:16:36 -0400] "GET /manga/farming-life-in-another-world-chapter-65/ HTTP/1.1" 200 34637 "https://isekainonbirinoukachapters.com/manga/farming-life-in-another-world-chapter-65/" "Mozilla/5.0 (Windows NT 10.0; Win64; x64) AppleWebKit/537.36 (KHTML, like Gecko) Chrome/114.0.0.0 Safari/537.36 Edg/114.0.1823.43"
47.82.60.162 - - [08/Jun/2025:09:17:19 -0400] "GET /manga/farming-life-in-another-world-chapter-202/ HTTP/1.1" 200 34357 "https://isekainonbirinoukachapters.com/manga/farming-life-in-another-world-chapter-202/" "Mozilla/5.0 (Windows NT 10.0; Win64; x64) AppleWebKit/537.36 (KHTML, like Gecko) Chrome/114.0.0.0 Safari/537.36 Edg/114.0.1823.43"
2a02:26f7:f980:4a7c:0:c000:: - - [08/Jun/2025:09:17:32 -0400] "GET /manga/farming-life-in-another-world-chapter-88/ HTTP/1.1" 200 34463 "https://isekainonbirinoukachapters.com/manga/farming-life-in-another-world-chapter-87/" "Mozilla/5.0 (Macintosh; Intel Mac OS X 10_15_7) AppleWebKit/605.1.15 (KHTML, like Gecko) Version/18.5 Safari/605.1.15"
162.0.232.193 - - [08/Jun/2025:09:17:33 -0400] "POST /wp-cron.php?doing_wp_cron=1749388653.6374130249023437500000 HTTP/1.1" 200 0 "-" "WordPress/6.8.1; https://isekainonbirinoukachapters.com"
2a02:26f7:f980:4a7c:0:c000:: - - [08/Jun/2025:09:17:33 -0400] "POST /wp-admin/admin-ajax.php HTTP/1.1" 200 61 "https://isekainonbirinoukachapters.com/manga/farming-life-in-another-world-chapter-88/" "Mozilla/5.0 (Macintosh; Intel Mac OS X 10_15_7) AppleWebKit/605.1.15 (KHTML, like Gecko) Version/18.5 Safari/605.1.15"
162.0.232.193 - - [08/Jun/2025:09:17:35 -0400] "GET /wp-content/uploads/89b93a66fa29a678cbd60ff176e1ea9a_1973.xml HTTP/1.1" 200 1499 "-" "Mozilla/5.0 (X11; Linux x86_64) AppleWebKit/537.36 (KHTML, like Gecko) Ubuntu Chromium/41.0.2272.76"
47.82.61.87 - - [08/Jun/2025:09:18:09 -0400] "GET /manga/farming-life-in-another-world-chapter-73/ HTTP/1.1" 200 34049 "https://isekainonbirinoukachapters.com/manga/farming-life-in-another-world-chapter-73/" "Mozilla/5.0 (Windows NT 10.0; Win64; x64) AppleWebKit/537.36 (KHTML, like Gecko) Chrome/114.0.0.0 Safari/537.36 Edg/114.0.1823.43"
136.158.60.192 - - [08/Jun/2025:09:18:13 -0400] "GET /manga/farming-life-in-another-world-chapter-52/ HTTP/1.1" 304 0 "-" "Mozilla/5.0 (Linux; Android 10; K) AppleWebKit/537.36 (KHTML, like Gecko) Chrome/137.0.0.0 Mobile Safari/537.36"
136.158.60.192 - - [08/Jun/2025:09:18:14 -0400] "GET /manga/farming-life-in-another-world-chapter-52/ HTTP/1.1" 304 0 "https://isekainonbirinoukachapters.com/manga/farming-life-in-another-world-chapter-53/" "Mozilla/5.0 (Linux; Android 10; K) AppleWebKit/537.36 (KHTML, like Gecko) Chrome/137.0.0.0 Mobile Safari/537.36"
136.158.60.192 - - [08/Jun/2025:09:18:15 -0400] "GET / HTTP/1.1" 304 0 "-" "Mozilla/5.0 (Linux; Android 10; K) AppleWebKit/537.36 (KHTML, like Gecko) Chrome/137.0.0.0 Mobile Safari/537.36"
162.0.232.193 - - [08/Jun/2025:09:18:36 -0400] "POST /wp-cron.php?doing_wp_cron=1749388716.8232879638671875000000 HTTP/1.1" 200 0 "-" "WordPress/6.8.1; https://isekainonbirinoukachapters.com"
114.119.152.231 - - [08/Jun/2025:09:18:36 -0400] "GET /manga/isekai-nonbiri-nouka-chapter-231/ HTTP/1.1" 301 0 "https://isekainonbirinoukachapters.com/category/farming-life-in-another-world-manga/page/3/" "Mozilla/5.0 (Linux; Android 7.0;) AppleWebKit/537.36 (KHTML, like Gecko) Mobile Safari/537.36 (compatible; PetalBot;+https://webmaster.petalsearch.com/site/petalbot)"
114.119.152.231 - - [08/Jun/2025:09:18:37 -0400] "GET / HTTP/1.1" 200 32523 "https://isekainonbirinoukachapters.com/category/farming-life-in-another-world-manga/page/3/" "Mozilla/5.0 (Linux; Android 7.0;) AppleWebKit/537.36 (KHTML, like Gecko) Mobile Safari/537.36 (compatible; PetalBot;+https://webmaster.petalsearch.com/site/petalbot)"
2a02:26f7:f980:4a7c:0:c000:: - - [08/Jun/2025:09:20:19 -0400] "GET /manga/farming-life-in-another-world-chapter-89/ HTTP/1.1" 200 34509 "https://isekainonbirinoukachapters.com/manga/farming-life-in-another-world-chapter-88/" "Mozilla/5.0 (Macintosh; Intel Mac OS X 10_15_7) AppleWebKit/605.1.15 (KHTML, like Gecko) Version/18.5 Safari/605.1.15"
162.0.232.193 - - [08/Jun/2025:09:20:21 -0400] "POST /wp-cron.php?doing_wp_cron=1749388821.5736129283905029296875 HTTP/1.1" 200 0 "-" "WordPress/6.8.1; https://isekainonbirinoukachapters.com"
114.119.136.24 - - [08/Jun/2025:09:20:22 -0400] "GET /manga/isekai-nonbiri-nouka-chapter-153-howling-villages-trouble-2/ HTTP/1.1" 301 0 "https://isekainonbirinoukachapters.com/isekai-nonbiri-nouka-chapter-76/" "Mozilla/5.0 (Linux; Android 7.0;) AppleWebKit/537.36 (KHTML, like Gecko) Mobile Safari/537.36 (compatible; PetalBot;+https://webmaster.petalsearch.com/site/petalbot)"
2a02:26f7:f980:4a7c:0:c000:: - - [08/Jun/2025:09:20:19 -0400] "POST /wp-admin/admin-ajax.php HTTP/1.1" 200 61 "https://isekainonbirinoukachapters.com/manga/farming-life-in-another-world-chapter-89/" "Mozilla/5.0 (Macintosh; Intel Mac OS X 10_15_7) AppleWebKit/605.1.15 (KHTML, like Gecko) Version/18.5 Safari/605.1.15"
114.119.136.24 - - [08/Jun/2025:09:20:22 -0400] "GET / HTTP/1.1" 200 32326 "https://isekainonbirinoukachapters.com/isekai-nonbiri-nouka-chapter-76/" "Mozilla/5.0 (Linux; Android 7.0;) AppleWebKit/537.36 (KHTML, like Gecko) Mobile Safari/537.36 (compatible; PetalBot;+https://webmaster.petalsearch.com/site/petalbot)"
162.0.232.193 - - [08/Jun/2025:09:20:23 -0400] "GET /wp-content/uploads/89b93a66fa29a678cbd60ff176e1ea9a_1973.xml HTTP/1.1" 200 1499 "-" "Mozilla/5.0 (X11; Linux x86_64) AppleWebKit/537.36 (KHTML, like Gecko) Ubuntu Chromium/41.0.2272.76"
47.82.61.39 - - [08/Jun/2025:09:20:37 -0400] "GET /category/read-farming-life-in-another-world/page/10/ HTTP/1.1" 200 33014 "https://isekainonbirinoukachapters.com/category/read-farming-life-in-another-world/page/10/" "Mozilla/5.0 (Windows NT 10.0; Win64; x64) AppleWebKit/537.36 (KHTML, like Gecko) Chrome/114.0.0.0 Safari/537.36 Edg/114.0.1823.43"
136.158.60.192 - - [08/Jun/2025:09:21:12 -0400] "GET /manga/farming-life-in-another-world-chapter-51/ HTTP/1.1" 200 34650 "-" "Mozilla/5.0 (Linux; Android 10; K) AppleWebKit/537.36 (KHTML, like Gecko) Chrome/137.0.0.0 Mobile Safari/537.36"
136.158.60.192 - - [08/Jun/2025:09:21:13 -0400] "GET /manga/farming-life-in-another-world-chapter-51/ HTTP/1.1" 304 0 "https://isekainonbirinoukachapters.com/manga/farming-life-in-another-world-chapter-52/" "Mozilla/5.0 (Linux; Android 10; K) AppleWebKit/537.36 (KHTML, like Gecko) Chrome/137.0.0.0 Mobile Safari/537.36"
136.158.60.192 - - [08/Jun/2025:09:21:14 -0400] "GET / HTTP/1.1" 304 0 "-" "Mozilla/5.0 (Linux; Android 10; K) AppleWebKit/537.36 (KHTML, like Gecko) Chrome/137.0.0.0 Mobile Safari/537.36"
136.158.60.192 - - [08/Jun/2025:09:21:13 -0400] "POST /wp-admin/admin-ajax.php HTTP/1.1" 200 61 "https://isekainonbirinoukachapters.com/manga/farming-life-in-another-world-chapter-51/" "Mozilla/5.0 (Linux; Android 10; K) AppleWebKit/537.36 (KHTML, like Gecko) Chrome/137.0.0.0 Mobile Safari/537.36"
139.135.192.136 - - [08/Jun/2025:09:21:29 -0400] "GET /manga/farming-life-in-another-world-chapter-217/ HTTP/1.1" 200 34437 "https://isekainonbirinoukachapters.com/manga/farming-life-in-another-world-chapter-218/" "Mozilla/5.0 (Linux; Android 10; K) AppleWebKit/537.36 (KHTML, like Gecko) Chrome/137.0.0.0 Mobile Safari/537.36"
139.135.192.136 - - [08/Jun/2025:09:21:29 -0400] "GET /manga/farming-life-in-another-world-chapter-217/ HTTP/1.1" 200 34521 "https://isekainonbirinoukachapters.com/manga/farming-life-in-another-world-chapter-218/" "Mozilla/5.0 (X11; Linux x86_64) AppleWebKit/537.36 (KHTML, like Gecko) Chrome/137.0.0.0 Safari/537.36"
139.135.192.136 - - [08/Jun/2025:09:21:29 -0400] "GET /manga/farming-life-in-another-world-chapter-219/ HTTP/1.1" 200 34258 "https://isekainonbirinoukachapters.com/manga/farming-life-in-another-world-chapter-218/" "Mozilla/5.0 (Linux; Android 10; K) AppleWebKit/537.36 (KHTML, like Gecko) Chrome/137.0.0.0 Mobile Safari/537.36"
139.135.192.136 - - [08/Jun/2025:09:21:30 -0400] "GET /manga/farming-life-in-another-world-chapter-219/ HTTP/1.1" 200 34184 "https://isekainonbirinoukachapters.com/manga/farming-life-in-another-world-chapter-218/" "Mozilla/5.0 (X11; Linux x86_64) AppleWebKit/537.36 (KHTML, like Gecko) Chrome/137.0.0.0 Safari/537.36"
47.82.61.74 - - [08/Jun/2025:09:21:30 -0400] "GET /manga/farming-life-in-another-world-chapter-251/ HTTP/1.1" 200 34539 "https://isekainonbirinoukachapters.com/manga/farming-life-in-another-world-chapter-251/" "Mozilla/5.0 (Windows NT 10.0; Win64; x64) AppleWebKit/537.36 (KHTML, like Gecko) Chrome/114.0.0.0 Safari/537.36 Edg/114.0.1823.43"
162.0.232.193 - - [08/Jun/2025:09:21:37 -0400] "POST /wp-cron.php?doing_wp_cron=1749388897.2229430675506591796875 HTTP/1.1" 200 0 "-" "WordPress/6.8.1; https://isekainonbirinoukachapters.com"
114.119.152.231 - - [08/Jun/2025:09:21:36 -0400] "GET /category/read-farming-life-in-another-world/page/9/ HTTP/1.1" 200 33066 "https://isekainonbirinoukachapters.com/category/read-farming-life-in-another-world/page/9/" "Mozilla/5.0 (Linux; Android 7.0;) AppleWebKit/537.36 (KHTML, like Gecko) Mobile Safari/537.36 (compatible; PetalBot;+https://webmaster.petalsearch.com/site/petalbot)"
47.82.60.74 - - [08/Jun/2025:09:22:50 -0400] "GET /manga/farming-life-in-another-world-chapter-149/ HTTP/1.1" 200 34540 "https://isekainonbirinoukachapters.com/manga/farming-life-in-another-world-chapter-149/" "Mozilla/5.0 (Windows NT 10.0; Win64; x64) AppleWebKit/537.36 (KHTML, like Gecko) Chrome/114.0.0.0 Safari/537.36 Edg/114.0.1823.43"
136.158.60.192 - - [08/Jun/2025:09:24:17 -0400] "GET /manga/farming-life-in-another-world-chapter-50/ HTTP/1.1" 304 0 "-" "Mozilla/5.0 (Linux; Android 10; K) AppleWebKit/537.36 (KHTML, like Gecko) Chrome/137.0.0.0 Mobile Safari/537.36"
136.158.60.192 - - [08/Jun/2025:09:24:18 -0400] "GET /manga/farming-life-in-another-world-chapter-50/ HTTP/1.1" 304 0 "https://isekainonbirinoukachapters.com/manga/farming-life-in-another-world-chapter-51/" "Mozilla/5.0 (Linux; Android 10; K) AppleWebKit/537.36 (KHTML, like Gecko) Chrome/137.0.0.0 Mobile Safari/537.36"
2a02:26f7:f980:4a7c:0:c000:: - - [08/Jun/2025:09:24:18 -0400] "GET /manga/farming-life-in-another-world-chapter-90/ HTTP/1.1" 200 34508 "https://isekainonbirinoukachapters.com/manga/farming-life-in-another-world-chapter-89/" "Mozilla/5.0 (Macintosh; Intel Mac OS X 10_15_7) AppleWebKit/605.1.15 (KHTML, like Gecko) Version/18.5 Safari/605.1.15"
136.158.60.192 - - [08/Jun/2025:09:24:18 -0400] "GET / HTTP/1.1" 304 0 "-" "Mozilla/5.0 (Linux; Android 10; K) AppleWebKit/537.36 (KHTML, like Gecko) Chrome/137.0.0.0 Mobile Safari/537.36"
162.0.232.193 - - [08/Jun/2025:09:24:19 -0400] "POST /wp-cron.php?doing_wp_cron=1749389059.4048910140991210937500 HTTP/1.1" 200 0 "-" "WordPress/6.8.1; https://isekainonbirinoukachapters.com"
136.158.60.192 - - [08/Jun/2025:09:24:17 -0400] "GET /manga/farming-life-in-another-world-chapter-52/ HTTP/1.1" 200 34557 "-" "Mozilla/5.0 (Linux; Android 10; K) AppleWebKit/537.36 (KHTML, like Gecko) Chrome/137.0.0.0 Mobile Safari/537.36"
2a02:26f7:f980:4a7c:0:c000:: - - [08/Jun/2025:09:24:18 -0400] "POST /wp-admin/admin-ajax.php HTTP/1.1" 200 61 "https://isekainonbirinoukachapters.com/manga/farming-life-in-another-world-chapter-90/" "Mozilla/5.0 (Macintosh; Intel Mac OS X 10_15_7) AppleWebKit/605.1.15 (KHTML, like Gecko) Version/18.5 Safari/605.1.15"
136.158.60.192 - - [08/Jun/2025:09:24:18 -0400] "POST /wp-admin/admin-ajax.php HTTP/1.1" 200 61 "https://isekainonbirinoukachapters.com/manga/farming-life-in-another-world-chapter-50/" "Mozilla/5.0 (Linux; Android 10; K) AppleWebKit/537.36 (KHTML, like Gecko) Chrome/137.0.0.0 Mobile Safari/537.36"
162.0.232.193 - - [08/Jun/2025:09:24:20 -0400] "GET /manga/farming-life-in-another-world-chapter-8/ HTTP/1.1" 200 34590 "-" "WP Rocket/Preload"
162.0.232.193 - - [08/Jun/2025:09:24:21 -0400] "GET /manga/farming-life-in-another-world-chapter-8/ HTTP/1.1" 200 34277 "-" "WP Rocket/Preload Mozilla/5.0 (iPhone; CPU iPhone OS 9_1 like Mac OS X) AppleWebKit/601.1.46 (KHTML, like Gecko) Version/9.0 Mobile/13B143 Safari/601.1"
162.0.232.193 - - [08/Jun/2025:09:24:22 -0400] "GET /manga/farming-life-in-another-world-chapter-126/ HTTP/1.1" 200 34055 "-" "WP Rocket/Preload"
162.0.232.193 - - [08/Jun/2025:09:24:23 -0400] "GET /manga/farming-life-in-another-world-chapter-126/ HTTP/1.1" 200 34232 "-" "WP Rocket/Preload Mozilla/5.0 (iPhone; CPU iPhone OS 9_1 like Mac OS X) AppleWebKit/601.1.46 (KHTML, like Gecko) Version/9.0 Mobile/13B143 Safari/601.1"
162.0.232.193 - - [08/Jun/2025:09:24:24 -0400] "GET /manga/farming-life-in-another-world-chapter-9/ HTTP/1.1" 200 34156 "-" "WP Rocket/Preload"
162.0.232.193 - - [08/Jun/2025:09:24:25 -0400] "GET /manga/farming-life-in-another-world-chapter-9/ HTTP/1.1" 200 34248 "-" "WP Rocket/Preload Mozilla/5.0 (iPhone; CPU iPhone OS 9_1 like Mac OS X) AppleWebKit/601.1.46 (KHTML, like Gecko) Version/9.0 Mobile/13B143 Safari/601.1"
162.0.232.193 - - [08/Jun/2025:09:24:28 -0400] "GET /wp-content/uploads/89b93a66fa29a678cbd60ff176e1ea9a_1973.xml HTTP/1.1" 200 1499 "-" "Mozilla/5.0 (X11; Linux x86_64) AppleWebKit/537.36 (KHTML, like Gecko) Ubuntu Chromium/41.0.2272.76"
96.255.1.200 - - [08/Jun/2025:09:24:36 -0400] "POST /wp-admin/admin-ajax.php HTTP/1.1" 200 61 "https://isekainonbirinoukachapters.com/manga/farming-life-in-another-world-chapter-57/" "Mozilla/5.0 (iPhone; CPU iPhone OS 18_5_0 like Mac OS X) AppleWebKit/605.1.15 (KHTML, like Gecko) CriOS/137.0.7151.51 Mobile/15E148 Safari/604.1"
129.226.213.145 - - [08/Jun/2025:09:25:06 -0400] "GET /manga/farming-life-in-another-world-chapter-109/ HTTP/1.1" 200 34282 "-" "Mozilla/5.0 (iPhone; CPU iPhone OS 13_2_3 like Mac OS X) AppleWebKit/605.1.15 (KHTML, like Gecko) Version/13.0.3 Mobile/15E148 Safari/604.1"
47.82.61.71 - - [08/Jun/2025:09:26:24 -0400] "GET /manga/farming-life-in-another-world-chapter-220/ HTTP/1.1" 200 34127 "https://isekainonbirinoukachapters.com/manga/farming-life-in-another-world-chapter-220/" "Mozilla/5.0 (Windows NT 10.0; Win64; x64) AppleWebKit/537.36 (KHTML, like Gecko) Chrome/114.0.0.0 Safari/537.36 Edg/114.0.1823.43"
162.0.232.193 - - [08/Jun/2025:09:26:36 -0400] "POST /wp-cron.php?doing_wp_cron=1749389195.9080250263214111328125 HTTP/1.1" 200 0 "-" "WordPress/6.8.1; https://isekainonbirinoukachapters.com"
40.77.167.5 - - [08/Jun/2025:09:26:35 -0400] "GET /?s=2026 HTTP/1.1" 200 8533 "-" "Mozilla/5.0 AppleWebKit/537.36 (KHTML, like Gecko; compatible; bingbot/2.0; +http://www.bing.com/bingbot.htm) Chrome/116.0.1938.76 Safari/537.36"
162.0.232.193 - - [08/Jun/2025:09:26:38 -0400] "GET /wp-content/uploads/89b93a66fa29a678cbd60ff176e1ea9a_1973.xml HTTP/1.1" 200 1499 "-" "Mozilla/5.0 (X11; Linux x86_64) AppleWebKit/537.36 (KHTML, like Gecko) Ubuntu Chromium/41.0.2272.76"
2001:4860:7:b05::f0 - - [08/Jun/2025:09:27:41 -0400] "GET / HTTP/1.1" 200 32286 "https://www.google.com.ph/" "Mozilla/5.0 (Windows NT 10.0; Win64; x64) AppleWebKit/537.36 (KHTML, like Gecko) Chrome/137.0.0.0 Safari/537.36"
162.0.232.193 - - [08/Jun/2025:09:27:41 -0400] "POST /wp-cron.php?doing_wp_cron=1749389261.3616540431976318359375 HTTP/1.1" 200 0 "-" "WordPress/6.8.1; https://isekainonbirinoukachapters.com"
64.233.173.3 - - [08/Jun/2025:09:27:41 -0400] "GET /.well-known/traffic-advice HTTP/1.1" 301 0 "-" "Chrome Privacy Preserving Prefetch Proxy"
136.158.60.192 - - [08/Jun/2025:09:27:44 -0400] "GET /manga/farming-life-in-another-world-chapter-51/ HTTP/1.1" 304 0 "-" "Mozilla/5.0 (Linux; Android 10; K) AppleWebKit/537.36 (KHTML, like Gecko) Chrome/137.0.0.0 Mobile Safari/537.36"
136.158.60.192 - - [08/Jun/2025:09:27:45 -0400] "GET /manga/farming-life-in-another-world-chapter-49/ HTTP/1.1" 304 0 "-" "Mozilla/5.0 (Linux; Android 10; K) AppleWebKit/537.36 (KHTML, like Gecko) Chrome/137.0.0.0 Mobile Safari/537.36"
136.158.60.192 - - [08/Jun/2025:09:27:45 -0400] "GET /manga/farming-life-in-another-world-chapter-49/ HTTP/1.1" 304 0 "https://isekainonbirinoukachapters.com/manga/farming-life-in-another-world-chapter-50/" "Mozilla/5.0 (Linux; Android 10; K) AppleWebKit/537.36 (KHTML, like Gecko) Chrome/137.0.0.0 Mobile Safari/537.36"
136.158.60.192 - - [08/Jun/2025:09:27:48 -0400] "GET / HTTP/1.1" 304 0 "-" "Mozilla/5.0 (Linux; Android 10; K) AppleWebKit/537.36 (KHTML, like Gecko) Chrome/137.0.0.0 Mobile Safari/537.36"
136.158.60.192 - - [08/Jun/2025:09:27:59 -0400] "GET /category/read-farming-life-in-another-world/ HTTP/1.1" 200 31322 "-" "Mozilla/5.0 (Linux; Android 10; K) AppleWebKit/537.36 (KHTML, like Gecko) Chrome/137.0.0.0 Mobile Safari/537.36"
136.158.60.192 - - [08/Jun/2025:09:28:00 -0400] "GET /manga/farming-life-in-another-world-chapter-48/ HTTP/1.1" 200 34000 "-" "Mozilla/5.0 (Linux; Android 10; K) AppleWebKit/537.36 (KHTML, like Gecko) Chrome/137.0.0.0 Mobile Safari/537.36"
136.158.60.192 - - [08/Jun/2025:09:28:01 -0400] "GET /manga/farming-life-in-another-world-chapter-48/ HTTP/1.1" 304 0 "https://isekainonbirinoukachapters.com/manga/farming-life-in-another-world-chapter-49/" "Mozilla/5.0 (Linux; Android 10; K) AppleWebKit/537.36 (KHTML, like Gecko) Chrome/137.0.0.0 Mobile Safari/537.36"
136.158.60.192 - - [08/Jun/2025:09:28:23 -0400] "GET /manga/farming-life-in-another-world-chapter-47/ HTTP/1.1" 200 34120 "-" "Mozilla/5.0 (Linux; Android 10; K) AppleWebKit/537.36 (KHTML, like Gecko) Chrome/137.0.0.0 Mobile Safari/537.36"
