2409:40f2:48:7b4f:2002:a1ff:feee:2054 - - [08/Jun/2025:10:07:24 -0400] "GET /manga/farming-life-in-another-world-chapter-39/ HTTP/1.1" 200 34163 "https://isekainonbirinoukachapters.com/" "Mozilla/5.0 (Linux; Android 10; K) AppleWebKit/537.36 (KHTML, like Gecko) Chrome/134.0.0.0 Mobile Safari/537.36"
136.158.16.157 - - [08/Jun/2025:10:07:24 -0400] "GET /manga/farming-life-in-another-world-chapter-16/ HTTP/1.1" 200 34135 "https://isekainonbirinoukachapters.com/" "Mozilla/5.0 (Linux; Android 10; K) AppleWebKit/537.36 (KHTML, like Gecko) Chrome/136.0.0.0 Mobile Safari/537.36"
136.158.16.157 - - [08/Jun/2025:10:07:24 -0400] "GET /manga/farming-life-in-another-world-chapter-16/ HTTP/1.1" 304 0 "https://isekainonbirinoukachapters.com/" "Mozilla/5.0 (Linux; Android 10; K) AppleWebKit/537.36 (KHTML, like Gecko) Chrome/136.0.0.0 Mobile Safari/537.36"
2409:40f2:48:7b4f:2002:a1ff:feee:2054 - - [08/Jun/2025:10:07:25 -0400] "GET /manga/farming-life-in-another-world-chapter-141/ HTTP/1.1" 200 34610 "https://isekainonbirinoukachapters.com/" "Mozilla/5.0 (Linux; Android 10; K) AppleWebKit/537.36 (KHTML, like Gecko) Chrome/134.0.0.0 Mobile Safari/537.36"
136.158.16.157 - - [08/Jun/2025:10:07:25 -0400] "GET /manga/farming-life-in-another-world-chapter-14/ HTTP/1.1" 200 34141 "https://isekainonbirinoukachapters.com/" "Mozilla/5.0 (Linux; Android 10; K) AppleWebKit/537.36 (KHTML, like Gecko) Chrome/136.0.0.0 Mobile Safari/537.36"
136.158.16.157 - - [08/Jun/2025:10:07:25 -0400] "GET /manga/farming-life-in-another-world-chapter-14/ HTTP/1.1" 304 0 "https://isekainonbirinoukachapters.com/" "Mozilla/5.0 (Linux; Android 10; K) AppleWebKit/537.36 (KHTML, like Gecko) Chrome/136.0.0.0 Mobile Safari/537.36"
2409:40f2:48:7b4f:2002:a1ff:feee:2054 - - [08/Jun/2025:10:07:26 -0400] "GET /manga/farming-life-in-another-world-chapter-256/ HTTP/1.1" 200 34472 "https://isekainonbirinoukachapters.com/" "Mozilla/5.0 (Linux; Android 10; K) AppleWebKit/537.36 (KHTML, like Gecko) Chrome/134.0.0.0 Mobile Safari/537.36"
136.158.16.157 - - [08/Jun/2025:10:07:39 -0400] "GET /manga/farming-life-in-another-world-chapter-20/ HTTP/1.1" 200 34080 "https://isekainonbirinoukachapters.com/" "Mozilla/5.0 (Linux; Android 10; K) AppleWebKit/537.36 (KHTML, like Gecko) Chrome/136.0.0.0 Mobile Safari/537.36"
136.158.16.157 - - [08/Jun/2025:10:07:39 -0400] "GET /manga/farming-life-in-another-world-chapter-20/ HTTP/1.1" 304 0 "https://isekainonbirinoukachapters.com/" "Mozilla/5.0 (Linux; Android 10; K) AppleWebKit/537.36 (KHTML, like Gecko) Chrome/136.0.0.0 Mobile Safari/537.36"
136.158.16.157 - - [08/Jun/2025:10:07:39 -0400] "GET /manga/farming-life-in-another-world-chapter-68/ HTTP/1.1" 200 34432 "https://isekainonbirinoukachapters.com/" "Mozilla/5.0 (Linux; Android 10; K) AppleWebKit/537.36 (KHTML, like Gecko) Chrome/136.0.0.0 Mobile Safari/537.36"
136.158.16.157 - - [08/Jun/2025:10:07:39 -0400] "GET /manga/farming-life-in-another-world-chapter-68/ HTTP/1.1" 304 0 "https://isekainonbirinoukachapters.com/" "Mozilla/5.0 (Linux; Android 10; K) AppleWebKit/537.36 (KHTML, like Gecko) Chrome/136.0.0.0 Mobile Safari/537.36"
136.158.16.157 - - [08/Jun/2025:10:07:40 -0400] "GET /manga/farming-life-in-another-world-chapter-102/ HTTP/1.1" 200 34692 "https://isekainonbirinoukachapters.com/" "Mozilla/5.0 (Linux; Android 10; K) AppleWebKit/537.36 (KHTML, like Gecko) Chrome/136.0.0.0 Mobile Safari/537.36"
136.158.16.157 - - [08/Jun/2025:10:07:41 -0400] "GET /manga/farming-life-in-another-world-chapter-102/ HTTP/1.1" 304 0 "https://isekainonbirinoukachapters.com/" "Mozilla/5.0 (Linux; Android 10; K) AppleWebKit/537.36 (KHTML, like Gecko) Chrome/136.0.0.0 Mobile Safari/537.36"
136.158.16.157 - - [08/Jun/2025:10:07:41 -0400] "GET /manga/farming-life-in-another-world-chapter-152/ HTTP/1.1" 200 34692 "https://isekainonbirinoukachapters.com/" "Mozilla/5.0 (Linux; Android 10; K) AppleWebKit/537.36 (KHTML, like Gecko) Chrome/136.0.0.0 Mobile Safari/537.36"
136.158.16.157 - - [08/Jun/2025:10:07:41 -0400] "GET /manga/farming-life-in-another-world-chapter-152/ HTTP/1.1" 304 0 "https://isekainonbirinoukachapters.com/" "Mozilla/5.0 (Linux; Android 10; K) AppleWebKit/537.36 (KHTML, like Gecko) Chrome/136.0.0.0 Mobile Safari/537.36"
136.158.16.157 - - [08/Jun/2025:10:07:42 -0400] "GET /manga/farming-life-in-another-world-chapter-4/ HTTP/1.1" 200 34647 "https://isekainonbirinoukachapters.com/" "Mozilla/5.0 (Linux; Android 10; K) AppleWebKit/537.36 (KHTML, like Gecko) Chrome/136.0.0.0 Mobile Safari/537.36"
136.158.16.157 - - [08/Jun/2025:10:07:42 -0400] "GET /manga/farming-life-in-another-world-chapter-4/ HTTP/1.1" 304 0 "https://isekainonbirinoukachapters.com/" "Mozilla/5.0 (Linux; Android 10; K) AppleWebKit/537.36 (KHTML, like Gecko) Chrome/136.0.0.0 Mobile Safari/537.36"
136.158.16.157 - - [08/Jun/2025:10:07:44 -0400] "GET /manga/farming-life-in-another-world-chapter-239/ HTTP/1.1" 200 34076 "https://isekainonbirinoukachapters.com/" "Mozilla/5.0 (Linux; Android 10; K) AppleWebKit/537.36 (KHTML, like Gecko) Chrome/136.0.0.0 Mobile Safari/537.36"
136.158.16.157 - - [08/Jun/2025:10:07:44 -0400] "GET /manga/farming-life-in-another-world-chapter-239/ HTTP/1.1" 304 0 "https://isekainonbirinoukachapters.com/" "Mozilla/5.0 (Linux; Android 10; K) AppleWebKit/537.36 (KHTML, like Gecko) Chrome/136.0.0.0 Mobile Safari/537.36"
2409:40f2:48:7b4f:2002:a1ff:feee:2054 - - [08/Jun/2025:10:07:54 -0400] "GET /manga/farming-life-in-another-world-chapter-239/ HTTP/1.1" 200 34076 "https://isekainonbirinoukachapters.com/" "Mozilla/5.0 (Linux; Android 10; K) AppleWebKit/537.36 (KHTML, like Gecko) Chrome/134.0.0.0 Mobile Safari/537.36"
2409:40f2:48:7b4f:2002:a1ff:feee:2054 - - [08/Jun/2025:10:07:54 -0400] "GET /manga/farming-life-in-another-world-chapter-254/ HTTP/1.1" 200 34220 "https://isekainonbirinoukachapters.com/" "Mozilla/5.0 (Linux; Android 10; K) AppleWebKit/537.36 (KHTML, like Gecko) Chrome/134.0.0.0 Mobile Safari/537.36"
2409:40f2:48:7b4f:2002:a1ff:feee:2054 - - [08/Jun/2025:10:07:55 -0400] "GET /manga/farming-life-in-another-world-chapter-249/ HTTP/1.1" 200 34003 "https://isekainonbirinoukachapters.com/" "Mozilla/5.0 (Linux; Android 10; K) AppleWebKit/537.36 (KHTML, like Gecko) Chrome/134.0.0.0 Mobile Safari/537.36"
2409:40f2:48:7b4f:2002:a1ff:feee:2054 - - [08/Jun/2025:10:07:56 -0400] "GET /manga/farming-life-in-another-world-chapter-203/ HTTP/1.1" 200 34565 "https://isekainonbirinoukachapters.com/" "Mozilla/5.0 (Linux; Android 10; K) AppleWebKit/537.36 (KHTML, like Gecko) Chrome/134.0.0.0 Mobile Safari/537.36"
2409:40f2:48:7b4f:2002:a1ff:feee:2054 - - [08/Jun/2025:10:07:57 -0400] "GET /manga/farming-life-in-another-world-chapter-194/ HTTP/1.1" 200 34565 "https://isekainonbirinoukachapters.com/" "Mozilla/5.0 (Linux; Android 10; K) AppleWebKit/537.36 (KHTML, like Gecko) Chrome/134.0.0.0 Mobile Safari/537.36"
2409:40f2:48:7b4f:2002:a1ff:feee:2054 - - [08/Jun/2025:10:07:58 -0400] "GET /manga/farming-life-in-another-world-chapter-198/ HTTP/1.1" 200 34959 "https://isekainonbirinoukachapters.com/" "Mozilla/5.0 (Linux; Android 10; K) AppleWebKit/537.36 (KHTML, like Gecko) Chrome/134.0.0.0 Mobile Safari/537.36"
2409:40f2:48:7b4f:2002:a1ff:feee:2054 - - [08/Jun/2025:10:07:58 -0400] "GET /manga/farming-life-in-another-world-chapter-199/ HTTP/1.1" 200 34389 "https://isekainonbirinoukachapters.com/" "Mozilla/5.0 (Linux; Android 10; K) AppleWebKit/537.36 (KHTML, like Gecko) Chrome/134.0.0.0 Mobile Safari/537.36"
2409:40f2:48:7b4f:2002:a1ff:feee:2054 - - [08/Jun/2025:10:08:00 -0400] "GET /manga/farming-life-in-another-world-chapter-198/ HTTP/1.1" 304 0 "https://isekainonbirinoukachapters.com/" "Mozilla/5.0 (Linux; Android 10; K) AppleWebKit/537.36 (KHTML, like Gecko) Chrome/134.0.0.0 Mobile Safari/537.36"
162.0.232.193 - - [08/Jun/2025:10:08:01 -0400] "POST /wp-cron.php?doing_wp_cron=1749391681.1790769100189208984375 HTTP/1.1" 200 0 "-" "WordPress/6.8.1; https://isekainonbirinoukachapters.com"
2409:40f2:48:7b4f:2002:a1ff:feee:2054 - - [08/Jun/2025:10:08:01 -0400] "GET /wp-content/plugins/wp-rocket/assets/js/wpr-beacon.min.js HTTP/1.1" 200 3530 "https://isekainonbirinoukachapters.com/manga/farming-life-in-another-world-chapter-198/" "Mozilla/5.0 (Linux; Android 10; K) AppleWebKit/537.36 (KHTML, like Gecko) Chrome/134.0.0.0 Mobile Safari/537.36"
2409:40f2:48:7b4f:2002:a1ff:feee:2054 - - [08/Jun/2025:10:08:00 -0400] "POST /wp-admin/admin-ajax.php HTTP/1.1" 200 61 "https://isekainonbirinoukachapters.com/manga/farming-life-in-another-world-chapter-198/" "Mozilla/5.0 (Linux; Android 10; K) AppleWebKit/537.36 (KHTML, like Gecko) Chrome/134.0.0.0 Mobile Safari/537.36"
184.72.121.156 - - [08/Jun/2025:10:08:03 -0400] "GET /manga/farming-life-in-another-world-chapter-3/ HTTP/1.1" 200 34160 "-" "Mozilla/5.0 (Macintosh; Intel Mac OS X 10_10_1) AppleWebKit/600.1.25 (KHTML, like Gecko) Version/8.0 Safari/600.1.25"
162.0.232.193 - - [08/Jun/2025:10:08:50 -0400] "POST /wp-cron.php?doing_wp_cron=1749391730.6434059143066406250000 HTTP/1.1" 200 0 "-" "WordPress/6.8.1; https://isekainonbirinoukachapters.com"
40.77.167.241 - - [08/Jun/2025:10:08:50 -0400] "GET /JICht-296hqx39215/ HTTP/1.1" 301 0 "-" "Mozilla/5.0 AppleWebKit/537.36 (KHTML, like Gecko; compatible; bingbot/2.0; +http://www.bing.com/bingbot.htm) Chrome/116.0.1938.76 Safari/537.36"
2600:1009:b186:1eec:c1c1:4e1a:90da:8999 - - [08/Jun/2025:10:10:16 -0400] "GET /manga/farming-life-in-another-world-chapter-48/ HTTP/1.1" 200 34171 "https://isekainonbirinoukachapters.com/manga/farming-life-in-another-world-chapter-47/" "Mozilla/5.0 (Linux; Android 10; K) AppleWebKit/537.36 (KHTML, like Gecko) Chrome/137.0.0.0 Mobile Safari/537.36"
2600:1009:b186:1eec:c1c1:4e1a:90da:8999 - - [08/Jun/2025:10:10:17 -0400] "GET /manga/farming-life-in-another-world-chapter-48/ HTTP/1.1" 304 0 "https://isekainonbirinoukachapters.com/manga/farming-life-in-another-world-chapter-47/" "Mozilla/5.0 (Linux; Android 10; K) AppleWebKit/537.36 (KHTML, like Gecko) Chrome/137.0.0.0 Mobile Safari/537.36"
223.119.20.212 - - [08/Jun/2025:10:10:26 -0400] "GET /manga/farming-life-in-another-world-chapter-221/ HTTP/1.1" 200 33965 "https://isekainonbirinoukachapters.com/manga/farming-life-in-another-world-chapter-220/" "Mozilla/5.0 (Android 15; Mobile; rv:139.0) Gecko/139.0 Firefox/139.0"
223.119.20.212 - - [08/Jun/2025:10:10:39 -0400] "GET /manga/farming-life-in-another-world-chapter-221/ HTTP/1.1" 200 34142 "https://isekainonbirinoukachapters.com/" "Mozilla/5.0 (Android 15; Mobile; rv:139.0) Gecko/139.0 Firefox/139.0"
2001:fd8:2606:d17c:e1ab:ef58:5c6d:79d2 - - [08/Jun/2025:10:10:52 -0400] "GET /manga/farming-life-in-another-world-chapter-124/ HTTP/1.1" 200 34106 "https://isekainonbirinoukachapters.com/category/isekai-nonbiri-nouka-manga/page/13/" "Mozilla/5.0 (Linux; Android 10; K) AppleWebKit/537.36 (KHTML, like Gecko) Chrome/137.0.0.0 Mobile Safari/537.36"
2001:fd8:2606:d17c:e1ab:ef58:5c6d:79d2 - - [08/Jun/2025:10:10:53 -0400] "GET /manga/farming-life-in-another-world-chapter-124/ HTTP/1.1" 304 0 "https://isekainonbirinoukachapters.com/category/isekai-nonbiri-nouka-manga/page/13/" "Mozilla/5.0 (Linux; Android 10; K) AppleWebKit/537.36 (KHTML, like Gecko) Chrome/137.0.0.0 Mobile Safari/537.36"
45.153.195.87 - - [08/Jun/2025:10:10:54 -0400] "GET /manga/farming-life-in-another-world-chapter-119/ HTTP/1.1" 200 34527 "https://isekainonbirinoukachapters.com/manga/farming-life-in-another-world-chapter-118/" "Mozilla/5.0 (Linux; Android 10; K) AppleWebKit/537.36 (KHTML, like Gecko) Chrome/137.0.0.0 Mobile Safari/537.36"
45.153.195.87 - - [08/Jun/2025:10:10:54 -0400] "GET /manga/farming-life-in-another-world-chapter-119/ HTTP/1.1" 304 0 "https://isekainonbirinoukachapters.com/manga/farming-life-in-another-world-chapter-118/" "Mozilla/5.0 (Linux; Android 10; K) AppleWebKit/537.36 (KHTML, like Gecko) Chrome/137.0.0.0 Mobile Safari/537.36"
162.0.232.193 - - [08/Jun/2025:10:10:56 -0400] "POST /wp-cron.php?doing_wp_cron=1749391856.8378400802612304687500 HTTP/1.1" 200 0 "-" "WordPress/6.8.1; https://isekainonbirinoukachapters.com"
45.153.195.87 - - [08/Jun/2025:10:10:55 -0400] "POST /wp-admin/admin-ajax.php HTTP/1.1" 200 61 "https://isekainonbirinoukachapters.com/manga/farming-life-in-another-world-chapter-119/" "Mozilla/5.0 (Linux; Android 10; K) AppleWebKit/537.36 (KHTML, like Gecko) Chrome/137.0.0.0 Mobile Safari/537.36"
162.0.232.193 - - [08/Jun/2025:10:10:58 -0400] "GET /wp-content/uploads/89b93a66fa29a678cbd60ff176e1ea9a_1973.xml HTTP/1.1" 200 1499 "-" "Mozilla/5.0 (X11; Linux x86_64) AppleWebKit/537.36 (KHTML, like Gecko) Ubuntu Chromium/41.0.2272.76"
40.77.167.143 - - [08/Jun/2025:10:13:06 -0400] "GET /manga/farming-life-in-another-world-chapter-147/ HTTP/1.1" 200 34636 "-" "Mozilla/5.0 AppleWebKit/537.36 (KHTML, like Gecko; compatible; bingbot/2.0; +http://www.bing.com/bingbot.htm) Chrome/116.0.1938.76 Safari/537.36"
203.135.211.61 - - [08/Jun/2025:10:13:06 -0400] "GET /manga/farming-life-in-another-world-chapter-2/ HTTP/1.1" 200 34622 "https://isekainonbirinoukachapters.com/manga/farming-life-in-another-world-chapter-1/" "Mozilla/5.0 (Windows NT 10.0; Win64; x64) AppleWebKit/537.36 (KHTML, like Gecko) Chrome/134.0.0.0 Safari/537.36 OPR/119.0.0.0"
203.135.211.61 - - [08/Jun/2025:10:13:07 -0400] "GET /manga/farming-life-in-another-world-chapter-2/ HTTP/1.1" 304 0 "https://isekainonbirinoukachapters.com/manga/farming-life-in-another-world-chapter-1/" "Mozilla/5.0 (Windows NT 10.0; Win64; x64) AppleWebKit/537.36 (KHTML, like Gecko) Chrome/134.0.0.0 Safari/537.36 OPR/119.0.0.0"
162.0.232.193 - - [08/Jun/2025:10:13:09 -0400] "POST /wp-cron.php?doing_wp_cron=1749391989.1219739913940429687500 HTTP/1.1" 200 0 "-" "WordPress/6.8.1; https://isekainonbirinoukachapters.com"
203.135.211.61 - - [08/Jun/2025:10:13:07 -0400] "POST /wp-admin/admin-ajax.php HTTP/1.1" 200 61 "https://isekainonbirinoukachapters.com/manga/farming-life-in-another-world-chapter-2/" "Mozilla/5.0 (Windows NT 10.0; Win64; x64) AppleWebKit/537.36 (KHTML, like Gecko) Chrome/134.0.0.0 Safari/537.36 OPR/119.0.0.0"
162.0.232.193 - - [08/Jun/2025:10:13:11 -0400] "GET /wp-content/uploads/89b93a66fa29a678cbd60ff176e1ea9a_1973.xml HTTP/1.1" 200 1499 "-" "Mozilla/5.0 (X11; Linux x86_64) AppleWebKit/537.36 (KHTML, like Gecko) Ubuntu Chromium/41.0.2272.76"
45.153.195.87 - - [08/Jun/2025:10:13:50 -0400] "GET /manga/farming-life-in-another-world-chapter-120/ HTTP/1.1" 200 34164 "https://isekainonbirinoukachapters.com/manga/farming-life-in-another-world-chapter-119/" "Mozilla/5.0 (Linux; Android 10; K) AppleWebKit/537.36 (KHTML, like Gecko) Chrome/137.0.0.0 Mobile Safari/537.36"
45.153.195.87 - - [08/Jun/2025:10:13:50 -0400] "GET /manga/farming-life-in-another-world-chapter-120/ HTTP/1.1" 304 0 "https://isekainonbirinoukachapters.com/manga/farming-life-in-another-world-chapter-119/" "Mozilla/5.0 (Linux; Android 10; K) AppleWebKit/537.36 (KHTML, like Gecko) Chrome/137.0.0.0 Mobile Safari/537.36"
136.158.60.192 - - [08/Jun/2025:10:13:59 -0400] "GET /manga/farming-life-in-another-world-chapter-68/ HTTP/1.1" 200 34602 "-" "Mozilla/5.0 (Linux; Android 10; K) AppleWebKit/537.36 (KHTML, like Gecko) Chrome/137.0.0.0 Mobile Safari/537.36"
136.158.60.192 - - [08/Jun/2025:10:13:59 -0400] "GET /manga/farming-life-in-another-world-chapter-68/ HTTP/1.1" 304 0 "https://isekainonbirinoukachapters.com/manga/farming-life-in-another-world-chapter-67/" "Mozilla/5.0 (Linux; Android 10; K) AppleWebKit/537.36 (KHTML, like Gecko) Chrome/137.0.0.0 Mobile Safari/537.36"
136.158.60.192 - - [08/Jun/2025:10:14:00 -0400] "POST /wp-admin/admin-ajax.php HTTP/1.1" 200 61 "https://isekainonbirinoukachapters.com/manga/farming-life-in-another-world-chapter-68/" "Mozilla/5.0 (Linux; Android 10; K) AppleWebKit/537.36 (KHTML, like Gecko) Chrome/137.0.0.0 Mobile Safari/537.36"
139.135.192.186 - - [08/Jun/2025:10:14:24 -0400] "GET /manga/farming-life-in-another-world-chapter-225/ HTTP/1.1" 200 34516 "https://isekainonbirinoukachapters.com/manga/farming-life-in-another-world-chapter-224/" "Mozilla/5.0 (X11; Linux x86_64) AppleWebKit/537.36 (KHTML, like Gecko) Chrome/137.0.0.0 Safari/537.36"
139.135.192.186 - - [08/Jun/2025:10:14:25 -0400] "GET /manga/farming-life-in-another-world-chapter-225/ HTTP/1.1" 304 0 "https://isekainonbirinoukachapters.com/manga/farming-life-in-another-world-chapter-224/" "Mozilla/5.0 (X11; Linux x86_64) AppleWebKit/537.36 (KHTML, like Gecko) Chrome/137.0.0.0 Safari/537.36"
223.119.20.212 - - [08/Jun/2025:10:14:44 -0400] "GET /manga/farming-life-in-another-world-chapter-222/ HTTP/1.1" 200 34545 "https://isekainonbirinoukachapters.com/" "Mozilla/5.0 (Android 15; Mobile; rv:139.0) Gecko/139.0 Firefox/139.0"
223.119.20.212 - - [08/Jun/2025:10:14:44 -0400] "GET /manga/farming-life-in-another-world-chapter-220/ HTTP/1.1" 200 33972 "https://isekainonbirinoukachapters.com/" "Mozilla/5.0 (Android 15; Mobile; rv:139.0) Gecko/139.0 Firefox/139.0"
223.119.20.212 - - [08/Jun/2025:10:14:44 -0400] "GET /manga/farming-life-in-another-world-chapter-220/ HTTP/1.1" 200 34172 "https://isekainonbirinoukachapters.com/" "Mozilla/5.0 (Android 15; Mobile; rv:139.0) Gecko/139.0 Firefox/139.0"
223.119.20.212 - - [08/Jun/2025:10:14:53 -0400] "GET /manga/farming-life-in-another-world-chapter-219/ HTTP/1.1" 200 34258 "https://isekainonbirinoukachapters.com/" "Mozilla/5.0 (Android 15; Mobile; rv:139.0) Gecko/139.0 Firefox/139.0"
223.119.20.212 - - [08/Jun/2025:10:14:53 -0400] "GET /manga/farming-life-in-another-world-chapter-219/ HTTP/1.1" 200 34258 "https://isekainonbirinoukachapters.com/" "Mozilla/5.0 (Android 15; Mobile; rv:139.0) Gecko/139.0 Firefox/139.0"
223.119.20.212 - - [08/Jun/2025:10:15:02 -0400] "GET /manga/farming-life-in-another-world-chapter-222/ HTTP/1.1" 200 34545 "https://isekainonbirinoukachapters.com/" "Mozilla/5.0 (Android 15; Mobile; rv:139.0) Gecko/139.0 Firefox/139.0"
223.119.20.212 - - [08/Jun/2025:10:15:02 -0400] "GET /manga/farming-life-in-another-world-chapter-222/ HTTP/1.1" 200 34545 "https://isekainonbirinoukachapters.com/" "Mozilla/5.0 (Android 15; Mobile; rv:139.0) Gecko/139.0 Firefox/139.0"
223.119.20.212 - - [08/Jun/2025:10:15:16 -0400] "GET /manga/farming-life-in-another-world-chapter-220/ HTTP/1.1" 304 0 "https://isekainonbirinoukachapters.com/" "Mozilla/5.0 (Android 15; Mobile; rv:139.0) Gecko/139.0 Firefox/139.0"
223.119.20.212 - - [08/Jun/2025:10:15:22 -0400] "GET /manga/farming-life-in-another-world-chapter-219/ HTTP/1.1" 304 0 "https://isekainonbirinoukachapters.com/" "Mozilla/5.0 (Android 15; Mobile; rv:139.0) Gecko/139.0 Firefox/139.0"
223.119.20.212 - - [08/Jun/2025:10:15:29 -0400] "GET /manga/farming-life-in-another-world-chapter-218/ HTTP/1.1" 200 34171 "https://isekainonbirinoukachapters.com/" "Mozilla/5.0 (Android 15; Mobile; rv:139.0) Gecko/139.0 Firefox/139.0"
223.119.20.212 - - [08/Jun/2025:10:15:29 -0400] "GET /manga/farming-life-in-another-world-chapter-218/ HTTP/1.1" 200 34145 "https://isekainonbirinoukachapters.com/" "Mozilla/5.0 (Android 15; Mobile; rv:139.0) Gecko/139.0 Firefox/139.0"
223.119.20.212 - - [08/Jun/2025:10:15:37 -0400] "GET /manga/farming-life-in-another-world-chapter-222/ HTTP/1.1" 304 0 "https://isekainonbirinoukachapters.com/" "Mozilla/5.0 (Android 15; Mobile; rv:139.0) Gecko/139.0 Firefox/139.0"
223.119.20.212 - - [08/Jun/2025:10:15:49 -0400] "GET /manga/farming-life-in-another-world-chapter-220/ HTTP/1.1" 304 0 "https://isekainonbirinoukachapters.com/" "Mozilla/5.0 (Android 15; Mobile; rv:139.0) Gecko/139.0 Firefox/139.0"
223.119.20.212 - - [08/Jun/2025:10:15:49 -0400] "GET /manga/farming-life-in-another-world-chapter-220/ HTTP/1.1" 304 0 "https://isekainonbirinoukachapters.com/" "Mozilla/5.0 (Android 15; Mobile; rv:139.0) Gecko/139.0 Firefox/139.0"
223.119.20.212 - - [08/Jun/2025:10:15:57 -0400] "GET /manga/farming-life-in-another-world-chapter-221/ HTTP/1.1" 304 0 "https://isekainonbirinoukachapters.com/" "Mozilla/5.0 (Android 15; Mobile; rv:139.0) Gecko/139.0 Firefox/139.0"
223.119.20.212 - - [08/Jun/2025:10:15:57 -0400] "GET /manga/farming-life-in-another-world-chapter-221/ HTTP/1.1" 304 0 "https://isekainonbirinoukachapters.com/" "Mozilla/5.0 (Android 15; Mobile; rv:139.0) Gecko/139.0 Firefox/139.0"
223.119.20.212 - - [08/Jun/2025:10:16:04 -0400] "GET /manga/farming-life-in-another-world-chapter-222/ HTTP/1.1" 304 0 "https://isekainonbirinoukachapters.com/" "Mozilla/5.0 (Android 15; Mobile; rv:139.0) Gecko/139.0 Firefox/139.0"
2600:387:15:2012::9 - - [08/Jun/2025:10:16:39 -0400] "GET /manga/farming-life-in-another-world-chapter-66/ HTTP/1.1" 200 34604 "https://isekainonbirinoukachapters.com/manga/farming-life-in-another-world-chapter-65/" "Mozilla/5.0 (iPhone; CPU iPhone OS 18_3_2 like Mac OS X) AppleWebKit/605.1.15 (KHTML, like Gecko) Version/18.3.1 Mobile/15E148 Safari/604.1"
162.0.232.193 - - [08/Jun/2025:10:16:40 -0400] "POST /wp-cron.php?doing_wp_cron=1749392200.5088150501251220703125 HTTP/1.1" 200 0 "-" "WordPress/6.8.1; https://isekainonbirinoukachapters.com"
2600:387:15:2012::9 - - [08/Jun/2025:10:16:40 -0400] "POST /wp-admin/admin-ajax.php HTTP/1.1" 200 61 "https://isekainonbirinoukachapters.com/manga/farming-life-in-another-world-chapter-66/" "Mozilla/5.0 (iPhone; CPU iPhone OS 18_3_2 like Mac OS X) AppleWebKit/605.1.15 (KHTML, like Gecko) Version/18.3.1 Mobile/15E148 Safari/604.1"
162.0.232.193 - - [08/Jun/2025:10:16:42 -0400] "GET /wp-content/uploads/89b93a66fa29a678cbd60ff176e1ea9a_1973.xml HTTP/1.1" 200 1499 "-" "Mozilla/5.0 (X11; Linux x86_64) AppleWebKit/537.36 (KHTML, like Gecko) Ubuntu Chromium/41.0.2272.76"
2001:fd8:2606:d17c:e1ab:ef58:5c6d:79d2 - - [08/Jun/2025:10:16:54 -0400] "GET /category/read-farming-life-in-another-world/ HTTP/1.1" 200 31204 "https://isekainonbirinoukachapters.com/category/isekai-nonbiri-nouka-manga/page/13/" "Mozilla/5.0 (Linux; Android 10; K) AppleWebKit/537.36 (KHTML, like Gecko) Chrome/137.0.0.0 Mobile Safari/537.36"
45.153.195.87 - - [08/Jun/2025:10:18:35 -0400] "GET /manga/farming-life-in-another-world-chapter-121/ HTTP/1.1" 200 34173 "https://isekainonbirinoukachapters.com/manga/farming-life-in-another-world-chapter-120/" "Mozilla/5.0 (Linux; Android 10; K) AppleWebKit/537.36 (KHTML, like Gecko) Chrome/137.0.0.0 Mobile Safari/537.36"
45.153.195.87 - - [08/Jun/2025:10:18:36 -0400] "GET /manga/farming-life-in-another-world-chapter-121/ HTTP/1.1" 304 0 "https://isekainonbirinoukachapters.com/manga/farming-life-in-another-world-chapter-120/" "Mozilla/5.0 (Linux; Android 10; K) AppleWebKit/537.36 (KHTML, like Gecko) Chrome/137.0.0.0 Mobile Safari/537.36"
47.79.3.180 - - [08/Jun/2025:10:19:19 -0400] "GET / HTTP/1.1" 200 32286 "https://isekainonbirinoukachapters.com" "Mozilla/5.0 (Windows NT 10.0; Win64; x64) AppleWebKit/537.36 (KHTML, like Gecko) Chrome/114.0.0.0 Safari/537.36 Edg/114.0.1823.43"
2001:fd8:2606:d17c:e1ab:ef58:5c6d:79d2 - - [08/Jun/2025:10:22:13 -0400] "GET /manga/farming-life-in-another-world-chapter-128/ HTTP/1.1" 200 34570 "https://isekainonbirinoukachapters.com/category/isekai-nonbiri-nouka-manga/page/13/" "Mozilla/5.0 (Linux; Android 10; K) AppleWebKit/537.36 (KHTML, like Gecko) Chrome/137.0.0.0 Mobile Safari/537.36"
2001:fd8:2606:d17c:e1ab:ef58:5c6d:79d2 - - [08/Jun/2025:10:22:13 -0400] "GET /category/manga/ HTTP/1.1" 200 30932 "https://isekainonbirinoukachapters.com/category/isekai-nonbiri-nouka-manga/page/13/" "Mozilla/5.0 (Linux; Android 10; K) AppleWebKit/537.36 (KHTML, like Gecko) Chrome/137.0.0.0 Mobile Safari/537.36"
162.0.232.193 - - [08/Jun/2025:10:22:17 -0400] "POST /wp-cron.php?doing_wp_cron=1749392537.3370189666748046875000 HTTP/1.1" 200 0 "-" "WordPress/6.8.1; https://isekainonbirinoukachapters.com"
40.77.167.53 - - [08/Jun/2025:10:22:15 -0400] "GET /manga/farming-life-in-another-world-chapter-140/feed/ HTTP/1.1" 200 467 "-" "Mozilla/5.0 AppleWebKit/537.36 (KHTML, like Gecko; compatible; bingbot/2.0; +http://www.bing.com/bingbot.htm) Chrome/116.0.1938.76 Safari/537.36"
162.0.232.193 - - [08/Jun/2025:10:22:19 -0400] "GET /wp-content/uploads/89b93a66fa29a678cbd60ff176e1ea9a_1973.xml HTTP/1.1" 200 1499 "-" "Mozilla/5.0 (X11; Linux x86_64) AppleWebKit/537.36 (KHTML, like Gecko) Ubuntu Chromium/41.0.2272.76"
223.119.20.212 - - [08/Jun/2025:10:22:42 -0400] "GET /manga/farming-life-in-another-world-chapter-221/ HTTP/1.1" 304 0 "https://isekainonbirinoukachapters.com/manga/farming-life-in-another-world-chapter-222/" "Mozilla/5.0 (Android 15; Mobile; rv:139.0) Gecko/139.0 Firefox/139.0"
223.119.20.212 - - [08/Jun/2025:10:22:54 -0400] "GET /manga/farming-life-in-another-world-chapter-224/ HTTP/1.1" 200 34269 "https://isekainonbirinoukachapters.com/" "Mozilla/5.0 (Android 15; Mobile; rv:139.0) Gecko/139.0 Firefox/139.0"
223.119.20.212 - - [08/Jun/2025:10:22:54 -0400] "GET /manga/farming-life-in-another-world-chapter-223/ HTTP/1.1" 200 34245 "https://isekainonbirinoukachapters.com/" "Mozilla/5.0 (Android 15; Mobile; rv:139.0) Gecko/139.0 Firefox/139.0"
223.119.20.212 - - [08/Jun/2025:10:22:54 -0400] "GET /manga/farming-life-in-another-world-chapter-223/ HTTP/1.1" 200 34245 "https://isekainonbirinoukachapters.com/" "Mozilla/5.0 (Android 15; Mobile; rv:139.0) Gecko/139.0 Firefox/139.0"
2001:fd8:2606:d17c:e1ab:ef58:5c6d:79d2 - - [08/Jun/2025:10:24:09 -0400] "GET /manga/farming-life-in-another-world-chapter-129/ HTTP/1.1" 200 34536 "https://isekainonbirinoukachapters.com/category/isekai-nonbiri-nouka-manga/page/13/" "Mozilla/5.0 (Linux; Android 10; K) AppleWebKit/537.36 (KHTML, like Gecko) Chrome/137.0.0.0 Mobile Safari/537.36"
2001:fd8:2606:d17c:e1ab:ef58:5c6d:79d2 - - [08/Jun/2025:10:24:09 -0400] "GET /manga/farming-life-in-another-world-chapter-129/ HTTP/1.1" 304 0 "https://isekainonbirinoukachapters.com/category/isekai-nonbiri-nouka-manga/page/13/" "Mozilla/5.0 (Linux; Android 10; K) AppleWebKit/537.36 (KHTML, like Gecko) Chrome/137.0.0.0 Mobile Safari/537.36"
139.135.192.235 - - [08/Jun/2025:10:24:11 -0400] "GET /category/farming-life-in-another-world-manga/ HTTP/1.1" 304 0 "https://isekainonbirinoukachapters.com/manga/farming-life-in-another-world-chapter-225/" "Mozilla/5.0 (Linux; Android 10; K) AppleWebKit/537.36 (KHTML, like Gecko) Chrome/137.0.0.0 Mobile Safari/537.36"
139.135.192.235 - - [08/Jun/2025:10:24:11 -0400] "GET /category/farming-life-in-another-world-manga/ HTTP/1.1" 304 0 "https://isekainonbirinoukachapters.com/manga/farming-life-in-another-world-chapter-225/" "Mozilla/5.0 (X11; Linux x86_64) AppleWebKit/537.36 (KHTML, like Gecko) Chrome/137.0.0.0 Safari/537.36"
2401:4900:6765:f8d6:2d0e:2393:c6af:ceb0 - - [08/Jun/2025:10:24:12 -0400] "GET / HTTP/1.1" 200 32326 "https://www.google.com/" "Mozilla/5.0 (iPhone; CPU iPhone OS 18_5 like Mac OS X) AppleWebKit/605.1.15 (KHTML, like Gecko) Version/18.5 Mobile/15E148 Safari/604.1"
139.135.192.235 - - [08/Jun/2025:10:24:40 -0400] "GET /manga/farming-life-in-another-world-chapter-226/ HTTP/1.1" 200 34243 "https://isekainonbirinoukachapters.com/manga/farming-life-in-another-world-chapter-225/" "Mozilla/5.0 (Linux; Android 10; K) AppleWebKit/537.36 (KHTML, like Gecko) Chrome/137.0.0.0 Mobile Safari/537.36"
139.135.192.235 - - [08/Jun/2025:10:24:41 -0400] "GET /manga/farming-life-in-another-world-chapter-226/ HTTP/1.1" 200 34182 "https://isekainonbirinoukachapters.com/manga/farming-life-in-another-world-chapter-225/" "Mozilla/5.0 (X11; Linux x86_64) AppleWebKit/537.36 (KHTML, like Gecko) Chrome/137.0.0.0 Safari/537.36"
162.0.232.193 - - [08/Jun/2025:10:24:44 -0400] "POST /wp-cron.php?doing_wp_cron=1749392684.0575048923492431640625 HTTP/1.1" 200 0 "-" "WordPress/6.8.1; https://isekainonbirinoukachapters.com"
52.167.144.230 - - [08/Jun/2025:10:24:43 -0400] "GET /manga/farming-life-in-another-world-chapter-104/feed/ HTTP/1.1" 200 467 "-" "Mozilla/5.0 AppleWebKit/537.36 (KHTML, like Gecko; compatible; bingbot/2.0; +http://www.bing.com/bingbot.htm) Chrome/116.0.1938.76 Safari/537.36"
162.0.232.193 - - [08/Jun/2025:10:24:50 -0400] "GET /wp-content/uploads/89b93a66fa29a678cbd60ff176e1ea9a_1973.xml HTTP/1.1" 200 1499 "-" "Mozilla/5.0 (X11; Linux x86_64) AppleWebKit/537.36 (KHTML, like Gecko) Ubuntu Chromium/41.0.2272.76"
2a02:26f7:f98c:4a7c:0:a000:0:4 - - [08/Jun/2025:10:25:18 -0400] "GET /manga/farming-life-in-another-world-chapter-98/ HTTP/1.1" 200 34079 "https://isekainonbirinoukachapters.com/manga/farming-life-in-another-world-chapter-97/" "Mozilla/5.0 (Macintosh; Intel Mac OS X 10_15_7) AppleWebKit/605.1.15 (KHTML, like Gecko) Version/18.5 Safari/605.1.15"
2401:4900:6765:f8d6:2d0e:2393:c6af:ceb0 - - [08/Jun/2025:10:25:38 -0400] "GET /manga/farming-life-in-another-world-chapter-106/ HTTP/1.1" 200 34526 "https://isekainonbirinoukachapters.com/" "Mozilla/5.0 (iPhone; CPU iPhone OS 18_5 like Mac OS X) AppleWebKit/605.1.15 (KHTML, like Gecko) Version/18.5 Mobile/15E148 Safari/604.1"
162.0.232.193 - - [08/Jun/2025:10:25:42 -0400] "GET /return-policy/ HTTP/1.1" 200 30469 "-" "WP Rocket/Preload"
2401:4900:6765:f8d6:2d0e:2393:c6af:ceb0 - - [08/Jun/2025:10:25:40 -0400] "POST /wp-admin/admin-ajax.php HTTP/1.1" 200 61 "https://isekainonbirinoukachapters.com/manga/farming-life-in-another-world-chapter-106/" "Mozilla/5.0 (iPhone; CPU iPhone OS 18_5 like Mac OS X) AppleWebKit/605.1.15 (KHTML, like Gecko) Version/18.5 Mobile/15E148 Safari/604.1"
162.0.232.193 - - [08/Jun/2025:10:25:41 -0400] "POST /wp-admin/admin-ajax.php?action=as_async_request_queue_runner&nonce=927befa1bc HTTP/1.1" 200 0 "-" "WordPress/6.8.1; https://isekainonbirinoukachapters.com"
162.0.232.193 - - [08/Jun/2025:10:25:43 -0400] "GET /return-policy/ HTTP/1.1" 200 30501 "-" "WP Rocket/Preload Mozilla/5.0 (iPhone; CPU iPhone OS 9_1 like Mac OS X) AppleWebKit/601.1.46 (KHTML, like Gecko) Version/9.0 Mobile/13B143 Safari/601.1"
162.0.232.193 - - [08/Jun/2025:10:25:44 -0400] "POST /wp-cron.php?doing_wp_cron=1749392744.3851540088653564453125 HTTP/1.1" 200 0 "-" "WordPress/6.8.1; https://isekainonbirinoukachapters.com"
162.0.232.193 - - [08/Jun/2025:10:25:44 -0400] "GET /privacy-policy/ HTTP/1.1" 200 33457 "-" "WP Rocket/Preload"
162.0.232.193 - - [08/Jun/2025:10:25:45 -0400] "GET /privacy-policy/ HTTP/1.1" 200 33203 "-" "WP Rocket/Preload Mozilla/5.0 (iPhone; CPU iPhone OS 9_1 like Mac OS X) AppleWebKit/601.1.46 (KHTML, like Gecko) Version/9.0 Mobile/13B143 Safari/601.1"
162.0.232.193 - - [08/Jun/2025:10:25:46 -0400] "GET /comic/ HTTP/1.1" 200 29126 "-" "WP Rocket/Preload"
162.0.232.193 - - [08/Jun/2025:10:25:47 -0400] "POST /wp-cron.php?doing_wp_cron=1749392747.6973850727081298828125 HTTP/1.1" 200 0 "-" "WordPress/6.8.1; https://isekainonbirinoukachapters.com"
162.0.232.193 - - [08/Jun/2025:10:25:47 -0400] "GET /comic/ HTTP/1.1" 200 29151 "-" "WP Rocket/Preload Mozilla/5.0 (iPhone; CPU iPhone OS 9_1 like Mac OS X) AppleWebKit/601.1.46 (KHTML, like Gecko) Version/9.0 Mobile/13B143 Safari/601.1"
162.0.232.193 - - [08/Jun/2025:10:25:48 -0400] "GET /comic/anime-name-chapter-1/ HTTP/1.1" 200 31595 "-" "WP Rocket/Preload"
162.0.232.193 - - [08/Jun/2025:10:25:49 -0400] "GET /comic/anime-name-chapter-1/ HTTP/1.1" 200 31601 "-" "WP Rocket/Preload Mozilla/5.0 (iPhone; CPU iPhone OS 9_1 like Mac OS X) AppleWebKit/601.1.46 (KHTML, like Gecko) Version/9.0 Mobile/13B143 Safari/601.1"
162.0.232.193 - - [08/Jun/2025:10:25:50 -0400] "GET /category/farming-life-in-another-world/ HTTP/1.1" 200 30854 "-" "WP Rocket/Preload"
162.0.232.193 - - [08/Jun/2025:10:25:51 -0400] "GET /category/farming-life-in-another-world/ HTTP/1.1" 200 31153 "-" "WP Rocket/Preload Mozilla/5.0 (iPhone; CPU iPhone OS 9_1 like Mac OS X) AppleWebKit/601.1.46 (KHTML, like Gecko) Version/9.0 Mobile/13B143 Safari/601.1"
162.0.232.193 - - [08/Jun/2025:10:25:52 -0400] "GET /category/farming-life-in-another-world-manga/ HTTP/1.1" 200 31183 "-" "WP Rocket/Preload"
162.0.232.193 - - [08/Jun/2025:10:25:53 -0400] "GET /category/farming-life-in-another-world-manga/ HTTP/1.1" 200 30912 "-" "WP Rocket/Preload Mozilla/5.0 (iPhone; CPU iPhone OS 9_1 like Mac OS X) AppleWebKit/601.1.46 (KHTML, like Gecko) Version/9.0 Mobile/13B143 Safari/601.1"
162.0.232.193 - - [08/Jun/2025:10:25:55 -0400] "POST /wp-cron.php?doing_wp_cron=1749392754.9993629455566406250000 HTTP/1.1" 200 0 "-" "WordPress/6.8.1; https://isekainonbirinoukachapters.com"
162.0.232.193 - - [08/Jun/2025:10:25:54 -0400] "GET /category/isekai-nonbiri-nouka/ HTTP/1.1" 200 31337 "-" "WP Rocket/Preload"
162.0.232.193 - - [08/Jun/2025:10:25:56 -0400] "POST /wp-cron.php?doing_wp_cron=1749392756.0990540981292724609375 HTTP/1.1" 200 0 "-" "WordPress/6.8.1; https://isekainonbirinoukachapters.com"
162.0.232.193 - - [08/Jun/2025:10:25:55 -0400] "GET /category/isekai-nonbiri-nouka/ HTTP/1.1" 200 31171 "-" "WP Rocket/Preload Mozilla/5.0 (iPhone; CPU iPhone OS 9_1 like Mac OS X) AppleWebKit/601.1.46 (KHTML, like Gecko) Version/9.0 Mobile/13B143 Safari/601.1"
162.0.232.193 - - [08/Jun/2025:10:25:56 -0400] "GET /category/isekai-nonbiri-nouka-manga/ HTTP/1.1" 200 30906 "-" "WP Rocket/Preload"
162.0.232.193 - - [08/Jun/2025:10:25:57 -0400] "GET /category/isekai-nonbiri-nouka-manga/ HTTP/1.1" 200 31253 "-" "WP Rocket/Preload Mozilla/5.0 (iPhone; CPU iPhone OS 9_1 like Mac OS X) AppleWebKit/601.1.46 (KHTML, like Gecko) Version/9.0 Mobile/13B143 Safari/601.1"
162.0.232.193 - - [08/Jun/2025:10:25:58 -0400] "GET /category/manga/ HTTP/1.1" 200 31177 "-" "WP Rocket/Preload"
162.0.232.193 - - [08/Jun/2025:10:25:59 -0400] "GET /category/manga/ HTTP/1.1" 200 30907 "-" "WP Rocket/Preload Mozilla/5.0 (iPhone; CPU iPhone OS 9_1 like Mac OS X) AppleWebKit/601.1.46 (KHTML, like Gecko) Version/9.0 Mobile/13B143 Safari/601.1"
2a03:2880:f800:a:: - - [08/Jun/2025:10:26:00 -0400] "GET /manga/isekai-nonbiri-nouka-chapter-16-my-home/ HTTP/1.1" 301 0 "-" "meta-externalagent/1.1 (+https://developers.facebook.com/docs/sharing/webmasters/crawler)"
162.0.232.193 - - [08/Jun/2025:10:26:01 -0400] "GET /category/read-farming-life-in-another-world/ HTTP/1.1" 200 31220 "-" "WP Rocket/Preload"
2600:387:f:4b14::b - - [08/Jun/2025:10:26:01 -0400] "GET / HTTP/1.1" 200 32285 "https://www.google.com/" "Mozilla/5.0 (Linux; Android 10; K) AppleWebKit/537.36 (KHTML, like Gecko) SamsungBrowser/28.0 Chrome/130.0.0.0 Mobile Safari/537.36"
162.0.232.193 - - [08/Jun/2025:10:26:01 -0400] "GET /category/read-farming-life-in-another-world/ HTTP/1.1" 200 31185 "-" "WP Rocket/Preload Mozilla/5.0 (iPhone; CPU iPhone OS 9_1 like Mac OS X) AppleWebKit/601.1.46 (KHTML, like Gecko) Version/9.0 Mobile/13B143 Safari/601.1"
162.0.232.193 - - [08/Jun/2025:10:26:02 -0400] "GET /manga/farming-life-in-another-world-chapter-245/ HTTP/1.1" 200 34491 "-" "WP Rocket/Preload"
2a03:2880:f800:f:: - - [08/Jun/2025:10:26:02 -0400] "GET / HTTP/1.1" 200 32256 "-" "meta-externalagent/1.1 (+https://developers.facebook.com/docs/sharing/webmasters/crawler)"
2600:387:f:4b14::b - - [08/Jun/2025:10:26:03 -0400] "GET /wp-content/uploads/2024/07/cropped-63b857c96f67c-180x180.jpg HTTP/1.1" 200 7461 "https://isekainonbirinoukachapters.com/" "Mozilla/5.0 (Linux; Android 10; K) AppleWebKit/537.36 (KHTML, like Gecko) SamsungBrowser/28.0 Chrome/130.0.0.0 Mobile Safari/537.36"
2600:387:f:4b14::b - - [08/Jun/2025:10:26:03 -0400] "GET /wp-content/uploads/2024/07/cropped-63b857c96f67c-192x192.jpg HTTP/1.1" 200 7984 "https://isekainonbirinoukachapters.com/" "Mozilla/5.0 (Linux; Android 10; K) AppleWebKit/537.36 (KHTML, like Gecko) SamsungBrowser/28.0 Chrome/130.0.0.0 Mobile Safari/537.36"
162.0.232.193 - - [08/Jun/2025:10:26:03 -0400] "GET /manga/farming-life-in-another-world-chapter-245/ HTTP/1.1" 200 34550 "-" "WP Rocket/Preload Mozilla/5.0 (iPhone; CPU iPhone OS 9_1 like Mac OS X) AppleWebKit/601.1.46 (KHTML, like Gecko) Version/9.0 Mobile/13B143 Safari/601.1"
2600:387:f:4b14::b - - [08/Jun/2025:10:26:04 -0400] "GET / HTTP/1.1" 304 0 "https://isekainonbirinoukachapters.com/" "Mozilla/5.0 (Linux; Android 10; K) AppleWebKit/537.36 (KHTML, like Gecko) SamsungBrowser/28.0 Chrome/130.0.0.0 Mobile Safari/537.36"
2600:387:f:4b14::b - - [08/Jun/2025:10:26:04 -0400] "GET / HTTP/1.1" 304 0 "https://isekainonbirinoukachapters.com/" "Mozilla/5.0 (Linux; Android 10; K) AppleWebKit/537.36 (KHTML, like Gecko) SamsungBrowser/28.0 Chrome/130.0.0.0 Mobile Safari/537.36"
162.0.232.193 - - [08/Jun/2025:10:26:04 -0400] "GET /manga/farming-life-in-another-world-chapter-32/ HTTP/1.1" 200 34037 "-" "WP Rocket/Preload"
162.0.232.193 - - [08/Jun/2025:10:26:05 -0400] "GET /manga/farming-life-in-another-world-chapter-32/ HTTP/1.1" 200 34112 "-" "WP Rocket/Preload Mozilla/5.0 (iPhone; CPU iPhone OS 9_1 like Mac OS X) AppleWebKit/601.1.46 (KHTML, like Gecko) Version/9.0 Mobile/13B143 Safari/601.1"
162.0.232.193 - - [08/Jun/2025:10:26:12 -0400] "GET /manga/farming-life-in-another-world-chapter-27/ HTTP/1.1" 200 34479 "-" "WP Rocket/Preload"
162.0.232.193 - - [08/Jun/2025:10:26:11 -0400] "POST /wp-admin/admin-ajax.php?action=as_async_request_queue_runner&nonce=927befa1bc HTTP/1.1" 200 0 "-" "WordPress/6.8.1; https://isekainonbirinoukachapters.com"
162.0.232.193 - - [08/Jun/2025:10:26:12 -0400] "GET /manga/farming-life-in-another-world-chapter-27/ HTTP/1.1" 200 34577 "-" "WP Rocket/Preload Mozilla/5.0 (iPhone; CPU iPhone OS 9_1 like Mac OS X) AppleWebKit/601.1.46 (KHTML, like Gecko) Version/9.0 Mobile/13B143 Safari/601.1"
162.0.232.193 - - [08/Jun/2025:10:26:13 -0400] "GET /manga/farming-life-in-another-world-chapter-21/ HTTP/1.1" 200 34049 "-" "WP Rocket/Preload"
162.0.232.193 - - [08/Jun/2025:10:26:14 -0400] "GET /manga/farming-life-in-another-world-chapter-21/ HTTP/1.1" 200 34087 "-" "WP Rocket/Preload Mozilla/5.0 (iPhone; CPU iPhone OS 9_1 like Mac OS X) AppleWebKit/601.1.46 (KHTML, like Gecko) Version/9.0 Mobile/13B143 Safari/601.1"
162.0.232.193 - - [08/Jun/2025:10:26:16 -0400] "GET /manga/farming-life-in-another-world-chapter-19/ HTTP/1.1" 200 34484 "-" "WP Rocket/Preload"
162.0.232.193 - - [08/Jun/2025:10:26:16 -0400] "GET /manga/farming-life-in-another-world-chapter-19/ HTTP/1.1" 200 34583 "-" "WP Rocket/Preload Mozilla/5.0 (iPhone; CPU iPhone OS 9_1 like Mac OS X) AppleWebKit/601.1.46 (KHTML, like Gecko) Version/9.0 Mobile/13B143 Safari/601.1"
162.0.232.193 - - [08/Jun/2025:10:26:18 -0400] "POST /wp-cron.php?doing_wp_cron=1749392778.1747539043426513671875 HTTP/1.1" 200 0 "-" "WordPress/6.8.1; https://isekainonbirinoukachapters.com"
162.0.232.193 - - [08/Jun/2025:10:26:17 -0400] "GET /manga/farming-life-in-another-world-chapter-255/ HTTP/1.1" 200 34493 "-" "WP Rocket/Preload"
162.0.232.193 - - [08/Jun/2025:10:26:19 -0400] "GET /manga/farming-life-in-another-world-chapter-255/ HTTP/1.1" 200 34552 "-" "WP Rocket/Preload Mozilla/5.0 (iPhone; CPU iPhone OS 9_1 like Mac OS X) AppleWebKit/601.1.46 (KHTML, like Gecko) Version/9.0 Mobile/13B143 Safari/601.1"
162.0.232.193 - - [08/Jun/2025:10:26:19 -0400] "GET /manga/farming-life-in-another-world-chapter-3-/ HTTP/1.1" 200 34479 "-" "WP Rocket/Preload"
2401:4900:6765:f8d6:2d0e:2393:c6af:ceb0 - - [08/Jun/2025:10:26:20 -0400] "GET /manga/farming-life-in-another-world-chapter-107/ HTTP/1.1" 200 34577 "https://isekainonbirinoukachapters.com/manga/farming-life-in-another-world-chapter-106/" "Mozilla/5.0 (iPhone; CPU iPhone OS 18_5 like Mac OS X) AppleWebKit/605.1.15 (KHTML, like Gecko) Version/18.5 Mobile/15E148 Safari/604.1"
162.0.232.193 - - [08/Jun/2025:10:26:20 -0400] "GET /manga/farming-life-in-another-world-chapter-3-/ HTTP/1.1" 200 34556 "-" "WP Rocket/Preload Mozilla/5.0 (iPhone; CPU iPhone OS 9_1 like Mac OS X) AppleWebKit/601.1.46 (KHTML, like Gecko) Version/9.0 Mobile/13B143 Safari/601.1"
162.0.232.193 - - [08/Jun/2025:10:26:21 -0400] "GET /manga/farming-life-in-another-world-chapter-1/ HTTP/1.1" 200 34795 "-" "WP Rocket/Preload"
2401:4900:6765:f8d6:2d0e:2393:c6af:ceb0 - - [08/Jun/2025:10:26:21 -0400] "POST /wp-admin/admin-ajax.php HTTP/1.1" 200 61 "https://isekainonbirinoukachapters.com/manga/farming-life-in-another-world-chapter-107/" "Mozilla/5.0 (iPhone; CPU iPhone OS 18_5 like Mac OS X) AppleWebKit/605.1.15 (KHTML, like Gecko) Version/18.5 Mobile/15E148 Safari/604.1"
162.0.232.193 - - [08/Jun/2025:10:26:22 -0400] "GET /manga/farming-life-in-another-world-chapter-1/ HTTP/1.1" 200 34840 "-" "WP Rocket/Preload Mozilla/5.0 (iPhone; CPU iPhone OS 9_1 like Mac OS X) AppleWebKit/601.1.46 (KHTML, like Gecko) Version/9.0 Mobile/13B143 Safari/601.1"
162.0.232.193 - - [08/Jun/2025:10:26:23 -0400] "GET /manga/farming-life-in-another-world-chapter-102/ HTTP/1.1" 200 34643 "-" "WP Rocket/Preload"
162.0.232.193 - - [08/Jun/2025:10:26:24 -0400] "GET /manga/farming-life-in-another-world-chapter-102/ HTTP/1.1" 200 34671 "-" "WP Rocket/Preload Mozilla/5.0 (iPhone; CPU iPhone OS 9_1 like Mac OS X) AppleWebKit/601.1.46 (KHTML, like Gecko) Version/9.0 Mobile/13B143 Safari/601.1"
162.0.232.193 - - [08/Jun/2025:10:26:25 -0400] "GET /manga/farming-life-in-another-world-chapter-100/ HTTP/1.1" 200 34477 "-" "WP Rocket/Preload"
162.0.232.193 - - [08/Jun/2025:10:26:26 -0400] "GET /manga/farming-life-in-another-world-chapter-100/ HTTP/1.1" 200 34557 "-" "WP Rocket/Preload Mozilla/5.0 (iPhone; CPU iPhone OS 9_1 like Mac OS X) AppleWebKit/601.1.46 (KHTML, like Gecko) Version/9.0 Mobile/13B143 Safari/601.1"
162.0.232.193 - - [08/Jun/2025:10:26:27 -0400] "GET /manga/farming-life-in-another-world-chapter-90/ HTTP/1.1" 200 34084 "-" "WP Rocket/Preload"
162.0.232.193 - - [08/Jun/2025:10:26:29 -0400] "POST /wp-cron.php?doing_wp_cron=1749392789.0096540451049804687500 HTTP/1.1" 200 0 "-" "WordPress/6.8.1; https://isekainonbirinoukachapters.com"
162.0.232.193 - - [08/Jun/2025:10:26:28 -0400] "GET /manga/farming-life-in-another-world-chapter-90/ HTTP/1.1" 200 34150 "-" "WP Rocket/Preload Mozilla/5.0 (iPhone; CPU iPhone OS 9_1 like Mac OS X) AppleWebKit/601.1.46 (KHTML, like Gecko) Version/9.0 Mobile/13B143 Safari/601.1"
162.0.232.193 - - [08/Jun/2025:10:26:29 -0400] "GET /manga/farming-life-in-another-world-chapter-94/ HTTP/1.1" 200 34423 "-" "WP Rocket/Preload"
162.0.232.193 - - [08/Jun/2025:10:26:31 -0400] "GET /manga/farming-life-in-another-world-chapter-94/ HTTP/1.1" 200 34517 "-" "WP Rocket/Preload Mozilla/5.0 (iPhone; CPU iPhone OS 9_1 like Mac OS X) AppleWebKit/601.1.46 (KHTML, like Gecko) Version/9.0 Mobile/13B143 Safari/601.1"
162.0.232.193 - - [08/Jun/2025:10:26:31 -0400] "GET /manga/farming-life-in-another-world-chapter-88/ HTTP/1.1" 200 34039 "-" "WP Rocket/Preload"
162.0.232.193 - - [08/Jun/2025:10:26:32 -0400] "GET /manga/farming-life-in-another-world-chapter-88/ HTTP/1.1" 200 34090 "-" "WP Rocket/Preload Mozilla/5.0 (iPhone; CPU iPhone OS 9_1 like Mac OS X) AppleWebKit/601.1.46 (KHTML, like Gecko) Version/9.0 Mobile/13B143 Safari/601.1"
162.0.232.193 - - [08/Jun/2025:10:26:33 -0400] "GET /manga/farming-life-in-another-world-chapter-89/ HTTP/1.1" 200 34088 "-" "WP Rocket/Preload"
162.0.232.193 - - [08/Jun/2025:10:26:34 -0400] "GET /manga/farming-life-in-another-world-chapter-89/ HTTP/1.1" 200 34183 "-" "WP Rocket/Preload Mozilla/5.0 (iPhone; CPU iPhone OS 9_1 like Mac OS X) AppleWebKit/601.1.46 (KHTML, like Gecko) Version/9.0 Mobile/13B143 Safari/601.1"
162.0.232.193 - - [08/Jun/2025:10:26:35 -0400] "GET /manga/farming-life-in-another-world-chapter-83/ HTTP/1.1" 200 34484 "-" "WP Rocket/Preload"
162.0.232.193 - - [08/Jun/2025:10:26:36 -0400] "GET /manga/farming-life-in-another-world-chapter-83/ HTTP/1.1" 200 34579 "-" "WP Rocket/Preload Mozilla/5.0 (iPhone; CPU iPhone OS 9_1 like Mac OS X) AppleWebKit/601.1.46 (KHTML, like Gecko) Version/9.0 Mobile/13B143 Safari/601.1"
162.0.232.193 - - [08/Jun/2025:10:26:42 -0400] "GET /manga/farming-life-in-another-world-chapter-84/ HTTP/1.1" 200 34027 "-" "WP Rocket/Preload"
162.0.232.193 - - [08/Jun/2025:10:26:42 -0400] "POST /wp-admin/admin-ajax.php?action=as_async_request_queue_runner&nonce=927befa1bc HTTP/1.1" 200 0 "-" "WordPress/6.8.1; https://isekainonbirinoukachapters.com"
162.0.232.193 - - [08/Jun/2025:10:26:43 -0400] "GET /manga/farming-life-in-another-world-chapter-84/ HTTP/1.1" 200 34107 "-" "WP Rocket/Preload Mozilla/5.0 (iPhone; CPU iPhone OS 9_1 like Mac OS X) AppleWebKit/601.1.46 (KHTML, like Gecko) Version/9.0 Mobile/13B143 Safari/601.1"
162.0.232.193 - - [08/Jun/2025:10:26:45 -0400] "GET /manga/farming-life-in-another-world-chapter-79/ HTTP/1.1" 200 34447 "-" "WP Rocket/Preload"
162.0.232.193 - - [08/Jun/2025:10:26:46 -0400] "GET /manga/farming-life-in-another-world-chapter-79/ HTTP/1.1" 200 34520 "-" "WP Rocket/Preload Mozilla/5.0 (iPhone; CPU iPhone OS 9_1 like Mac OS X) AppleWebKit/601.1.46 (KHTML, like Gecko) Version/9.0 Mobile/13B143 Safari/601.1"
162.0.232.193 - - [08/Jun/2025:10:26:47 -0400] "POST /wp-cron.php?doing_wp_cron=1749392807.2808699607849121093750 HTTP/1.1" 200 0 "-" "WordPress/6.8.1; https://isekainonbirinoukachapters.com"
162.0.232.193 - - [08/Jun/2025:10:26:47 -0400] "GET /manga/farming-life-in-another-world-chapter-81/ HTTP/1.1" 200 34438 "-" "WP Rocket/Preload"
162.0.232.193 - - [08/Jun/2025:10:26:48 -0400] "GET /manga/farming-life-in-another-world-chapter-81/ HTTP/1.1" 200 34517 "-" "WP Rocket/Preload Mozilla/5.0 (iPhone; CPU iPhone OS 9_1 like Mac OS X) AppleWebKit/601.1.46 (KHTML, like Gecko) Version/9.0 Mobile/13B143 Safari/601.1"
2401:4900:6765:f8d6:2d0e:2393:c6af:ceb0 - - [08/Jun/2025:10:26:48 -0400] "GET /manga/farming-life-in-another-world-chapter-124/ HTTP/1.1" 200 34521 "https://isekainonbirinoukachapters.com/" "Mozilla/5.0 (iPhone; CPU iPhone OS 18_5 like Mac OS X) AppleWebKit/605.1.15 (KHTML, like Gecko) Version/18.5 Mobile/15E148 Safari/604.1"
162.0.232.193 - - [08/Jun/2025:10:26:49 -0400] "GET /manga/farming-life-in-another-world-chapter-62/ HTTP/1.1" 200 34552 "-" "WP Rocket/Preload"
2401:4900:6765:f8d6:2d0e:2393:c6af:ceb0 - - [08/Jun/2025:10:26:49 -0400] "POST /wp-admin/admin-ajax.php HTTP/1.1" 200 61 "https://isekainonbirinoukachapters.com/manga/farming-life-in-another-world-chapter-124/" "Mozilla/5.0 (iPhone; CPU iPhone OS 18_5 like Mac OS X) AppleWebKit/605.1.15 (KHTML, like Gecko) Version/18.5 Mobile/15E148 Safari/604.1"
162.0.232.193 - - [08/Jun/2025:10:26:50 -0400] "GET /manga/farming-life-in-another-world-chapter-62/ HTTP/1.1" 200 34642 "-" "WP Rocket/Preload Mozilla/5.0 (iPhone; CPU iPhone OS 9_1 like Mac OS X) AppleWebKit/601.1.46 (KHTML, like Gecko) Version/9.0 Mobile/13B143 Safari/601.1"
162.0.232.193 - - [08/Jun/2025:10:26:51 -0400] "GET /manga/farming-life-in-another-world-chapter-4/ HTTP/1.1" 200 34155 "-" "WP Rocket/Preload"
162.0.232.193 - - [08/Jun/2025:10:26:51 -0400] "GET /manga/farming-life-in-another-world-chapter-4/ HTTP/1.1" 200 34224 "-" "WP Rocket/Preload Mozilla/5.0 (iPhone; CPU iPhone OS 9_1 like Mac OS X) AppleWebKit/601.1.46 (KHTML, like Gecko) Version/9.0 Mobile/13B143 Safari/601.1"
162.0.232.193 - - [08/Jun/2025:10:26:52 -0400] "GET /manga/farming-life-in-another-world-chapter-8/ HTTP/1.1" 200 34613 "-" "WP Rocket/Preload"
162.0.232.193 - - [08/Jun/2025:10:26:53 -0400] "GET /manga/farming-life-in-another-world-chapter-8/ HTTP/1.1" 200 34654 "-" "WP Rocket/Preload Mozilla/5.0 (iPhone; CPU iPhone OS 9_1 like Mac OS X) AppleWebKit/601.1.46 (KHTML, like Gecko) Version/9.0 Mobile/13B143 Safari/601.1"
162.0.232.193 - - [08/Jun/2025:10:26:54 -0400] "POST /wp-cron.php?doing_wp_cron=1749392814.5176370143890380859375 HTTP/1.1" 200 0 "-" "WordPress/6.8.1; https://isekainonbirinoukachapters.com"
162.0.232.193 - - [08/Jun/2025:10:26:54 -0400] "GET /manga/farming-life-in-another-world-chapter-131/ HTTP/1.1" 200 34516 "-" "WP Rocket/Preload"
162.0.232.193 - - [08/Jun/2025:10:26:55 -0400] "GET /manga/farming-life-in-another-world-chapter-131/ HTTP/1.1" 200 34546 "-" "WP Rocket/Preload Mozilla/5.0 (iPhone; CPU iPhone OS 9_1 like Mac OS X) AppleWebKit/601.1.46 (KHTML, like Gecko) Version/9.0 Mobile/13B143 Safari/601.1"
162.0.232.193 - - [08/Jun/2025:10:26:56 -0400] "POST /wp-cron.php?doing_wp_cron=1749392816.5294098854064941406250 HTTP/1.1" 200 0 "-" "WordPress/6.8.1; https://isekainonbirinoukachapters.com"
162.0.232.193 - - [08/Jun/2025:10:26:56 -0400] "GET /manga/farming-life-in-another-world-chapter-130/ HTTP/1.1" 200 34482 "-" "WP Rocket/Preload"
162.0.232.193 - - [08/Jun/2025:10:26:57 -0400] "GET /manga/farming-life-in-another-world-chapter-130/ HTTP/1.1" 200 34545 "-" "WP Rocket/Preload Mozilla/5.0 (iPhone; CPU iPhone OS 9_1 like Mac OS X) AppleWebKit/601.1.46 (KHTML, like Gecko) Version/9.0 Mobile/13B143 Safari/601.1"
162.0.232.193 - - [08/Jun/2025:10:26:58 -0400] "GET /wp-content/uploads/89b93a66fa29a678cbd60ff176e1ea9a_1973.xml HTTP/1.1" 200 1499 "-" "Mozilla/5.0 (X11; Linux x86_64) AppleWebKit/537.36 (KHTML, like Gecko) Ubuntu Chromium/41.0.2272.76"
162.0.232.193 - - [08/Jun/2025:10:26:58 -0400] "GET /manga/farming-life-in-another-world-chapter-123/ HTTP/1.1" 200 34477 "-" "WP Rocket/Preload"
162.0.232.193 - - [08/Jun/2025:10:26:59 -0400] "GET /manga/farming-life-in-another-world-chapter-123/ HTTP/1.1" 200 34505 "-" "WP Rocket/Preload Mozilla/5.0 (iPhone; CPU iPhone OS 9_1 like Mac OS X) AppleWebKit/601.1.46 (KHTML, like Gecko) Version/9.0 Mobile/13B143 Safari/601.1"
162.0.232.193 - - [08/Jun/2025:10:27:01 -0400] "GET /manga/farming-life-in-another-world-chapter-125/ HTTP/1.1" 200 34634 "-" "WP Rocket/Preload"
162.0.232.193 - - [08/Jun/2025:10:27:02 -0400] "GET /manga/farming-life-in-another-world-chapter-125/ HTTP/1.1" 200 34678 "-" "WP Rocket/Preload Mozilla/5.0 (iPhone; CPU iPhone OS 9_1 like Mac OS X) AppleWebKit/601.1.46 (KHTML, like Gecko) Version/9.0 Mobile/13B143 Safari/601.1"
162.0.232.193 - - [08/Jun/2025:10:27:03 -0400] "GET /manga/farming-life-in-another-world-chapter-124/ HTTP/1.1" 200 34045 "-" "WP Rocket/Preload"
162.0.232.193 - - [08/Jun/2025:10:27:04 -0400] "GET /manga/farming-life-in-another-world-chapter-124/ HTTP/1.1" 200 34543 "-" "WP Rocket/Preload Mozilla/5.0 (iPhone; CPU iPhone OS 9_1 like Mac OS X) AppleWebKit/601.1.46 (KHTML, like Gecko) Version/9.0 Mobile/13B143 Safari/601.1"
162.0.232.193 - - [08/Jun/2025:10:27:05 -0400] "GET /manga/farming-life-in-another-world-chapter-12/ HTTP/1.1" 200 34563 "-" "WP Rocket/Preload"
