180.190.26.134 - - [08/Jun/2025:12:24:59 -0400] "POST /wp-admin/admin-ajax.php HTTP/1.1" 200 61 "https://isekainonbirinoukachapters.com/manga/farming-life-in-another-world-chapter-235/" "Mozilla/5.0 (Linux; Android 10; K) AppleWebKit/537.36 (KHTML, like Gecko) Chrome/137.0.0.0 Mobile Safari/537.36"
162.0.232.193 - - [08/Jun/2025:12:25:00 -0400] "GET /author/admin'%22/ HTTP/1.1" 301 0 "-" "WP Rocket/Preload Mozilla/5.0 (iPhone; CPU iPhone OS 9_1 like Mac OS X) AppleWebKit/601.1.46 (KHTML, like Gecko) Version/9.0 Mobile/13B143 Safari/601.1"
162.0.232.193 - - [08/Jun/2025:12:25:01 -0400] "GET /manga/chapter'%22-115/ HTTP/1.1" 301 0 "-" "WP Rocket/Preload"
162.0.232.193 - - [08/Jun/2025:12:25:02 -0400] "GET /manga/chapter'%22-115/ HTTP/1.1" 301 0 "-" "WP Rocket/Preload Mozilla/5.0 (iPhone; CPU iPhone OS 9_1 like Mac OS X) AppleWebKit/601.1.46 (KHTML, like Gecko) Version/9.0 Mobile/13B143 Safari/601.1"
162.0.232.193 - - [08/Jun/2025:12:25:06 -0400] "GET /wp-content/uploads/89b93a66fa29a678cbd60ff176e1ea9a_1973.xml HTTP/1.1" 200 1499 "-" "Mozilla/5.0 (X11; Linux x86_64) AppleWebKit/537.36 (KHTML, like Gecko) Ubuntu Chromium/41.0.2272.76"
2a02:1406:260:4f37:d1b3:b31b:c428:1dd - - [08/Jun/2025:12:25:27 -0400] "GET /manga/farming-life-in-another-world-chapter-49/ HTTP/1.1" 200 34337 "https://isekainonbirinoukachapters.com/manga/farming-life-in-another-world-chapter-48/" "Mozilla/5.0 (Windows NT 10.0; Win64; x64; rv:139.0) Gecko/20100101 Firefox/139.0"
2a02:1406:260:4f37:d1b3:b31b:c428:1dd - - [08/Jun/2025:12:25:28 -0400] "POST /wp-admin/admin-ajax.php HTTP/1.1" 200 61 "https://isekainonbirinoukachapters.com/manga/farming-life-in-another-world-chapter-49/" "Mozilla/5.0 (Windows NT 10.0; Win64; x64; rv:139.0) Gecko/20100101 Firefox/139.0"
223.119.20.215 - - [08/Jun/2025:12:25:55 -0400] "GET /manga/farming-life-in-another-world-chapter-244/ HTTP/1.1" 200 34572 "https://isekainonbirinoukachapters.com/" "Mozilla/5.0 (Android 15; Mobile; rv:139.0) Gecko/139.0 Firefox/139.0"
223.119.20.215 - - [08/Jun/2025:12:25:55 -0400] "GET /manga/farming-life-in-another-world-chapter-243/ HTTP/1.1" 200 34563 "https://isekainonbirinoukachapters.com/" "Mozilla/5.0 (Android 15; Mobile; rv:139.0) Gecko/139.0 Firefox/139.0"
223.119.20.215 - - [08/Jun/2025:12:25:55 -0400] "GET /manga/farming-life-in-another-world-chapter-243/ HTTP/1.1" 200 34563 "https://isekainonbirinoukachapters.com/" "Mozilla/5.0 (Android 15; Mobile; rv:139.0) Gecko/139.0 Firefox/139.0"
162.0.232.193 - - [08/Jun/2025:12:25:57 -0400] "POST /wp-cron.php?doing_wp_cron=1749399956.9499421119689941406250 HTTP/1.1" 200 0 "-" "WordPress/6.8.1; https://isekainonbirinoukachapters.com"
223.119.20.215 - - [08/Jun/2025:12:25:56 -0400] "POST /wp-admin/admin-ajax.php HTTP/1.1" 200 61 "https://isekainonbirinoukachapters.com/manga/farming-life-in-another-world-chapter-243/" "Mozilla/5.0 (Android 15; Mobile; rv:139.0) Gecko/139.0 Firefox/139.0"
162.0.232.193 - - [08/Jun/2025:12:25:58 -0400] "GET /manga/chapter'%22-110/ HTTP/1.1" 301 0 "-" "WP Rocket/Preload"
162.0.232.193 - - [08/Jun/2025:12:25:58 -0400] "GET / HTTP/1.1" 200 32287 "-" "WP Rocket/Preload"
223.119.20.215 - - [08/Jun/2025:12:25:58 -0400] "GET /manga/farming-life-in-another-world-chapter-248/ HTTP/1.1" 200 34180 "https://isekainonbirinoukachapters.com/" "Mozilla/5.0 (Android 15; Mobile; rv:139.0) Gecko/139.0 Firefox/139.0"
162.0.232.193 - - [08/Jun/2025:12:25:59 -0400] "GET /manga/chapter'%22-110/ HTTP/1.1" 301 0 "-" "WP Rocket/Preload Mozilla/5.0 (iPhone; CPU iPhone OS 9_1 like Mac OS X) AppleWebKit/601.1.46 (KHTML, like Gecko) Version/9.0 Mobile/13B143 Safari/601.1"
162.0.232.193 - - [08/Jun/2025:12:26:00 -0400] "GET /manga/chapter%5C'%5C%22-115/ HTTP/1.1" 301 0 "-" "WP Rocket/Preload"
162.0.232.193 - - [08/Jun/2025:12:26:01 -0400] "GET /manga/chapter%5C'%5C%22-115/ HTTP/1.1" 301 0 "-" "WP Rocket/Preload Mozilla/5.0 (iPhone; CPU iPhone OS 9_1 like Mac OS X) AppleWebKit/601.1.46 (KHTML, like Gecko) Version/9.0 Mobile/13B143 Safari/601.1"
223.119.20.215 - - [08/Jun/2025:12:26:01 -0400] "GET /manga/farming-life-in-another-world-chapter-253/ HTTP/1.1" 200 34179 "https://isekainonbirinoukachapters.com/" "Mozilla/5.0 (Android 15; Mobile; rv:139.0) Gecko/139.0 Firefox/139.0"
162.0.232.193 - - [08/Jun/2025:12:26:02 -0400] "GET /manga/chapter-110%5C'%5C%22/ HTTP/1.1" 301 0 "-" "WP Rocket/Preload"
223.119.20.215 - - [08/Jun/2025:12:26:03 -0400] "GET /manga/farming-life-in-another-world-chapter-246/ HTTP/1.1" 200 34547 "https://isekainonbirinoukachapters.com/" "Mozilla/5.0 (Android 15; Mobile; rv:139.0) Gecko/139.0 Firefox/139.0"
162.0.232.193 - - [08/Jun/2025:12:26:03 -0400] "GET /manga/chapter-110%5C'%5C%22/ HTTP/1.1" 301 0 "-" "WP Rocket/Preload Mozilla/5.0 (iPhone; CPU iPhone OS 9_1 like Mac OS X) AppleWebKit/601.1.46 (KHTML, like Gecko) Version/9.0 Mobile/13B143 Safari/601.1"
223.119.20.215 - - [08/Jun/2025:12:26:03 -0400] "GET /manga/farming-life-in-another-world-chapter-243/ HTTP/1.1" 304 0 "https://isekainonbirinoukachapters.com/" "Mozilla/5.0 (Android 15; Mobile; rv:139.0) Gecko/139.0 Firefox/139.0"
223.119.20.215 - - [08/Jun/2025:12:26:03 -0400] "GET /manga/farming-life-in-another-world-chapter-243/ HTTP/1.1" 304 0 "https://isekainonbirinoukachapters.com/" "Mozilla/5.0 (Android 15; Mobile; rv:139.0) Gecko/139.0 Firefox/139.0"
162.0.232.193 - - [08/Jun/2025:12:26:04 -0400] "GET /manga/farming-life-in-another-world-chapter%5C'%5C%22-10/ HTTP/1.1" 301 0 "-" "WP Rocket/Preload"
162.0.232.193 - - [08/Jun/2025:12:26:05 -0400] "GET /manga/farming-life-in-another-world-chapter%5C'%5C%22-10/ HTTP/1.1" 301 0 "-" "WP Rocket/Preload Mozilla/5.0 (iPhone; CPU iPhone OS 9_1 like Mac OS X) AppleWebKit/601.1.46 (KHTML, like Gecko) Version/9.0 Mobile/13B143 Safari/601.1"
223.119.20.215 - - [08/Jun/2025:12:26:04 -0400] "POST /wp-admin/admin-ajax.php HTTP/1.1" 200 61 "https://isekainonbirinoukachapters.com/manga/farming-life-in-another-world-chapter-243/" "Mozilla/5.0 (Android 15; Mobile; rv:139.0) Gecko/139.0 Firefox/139.0"
162.0.232.193 - - [08/Jun/2025:12:26:06 -0400] "GET /manga/chapter%5C'%5C%22-110/ HTTP/1.1" 301 0 "-" "WP Rocket/Preload"
162.0.232.193 - - [08/Jun/2025:12:26:07 -0400] "GET /manga/chapter%5C'%5C%22-110/ HTTP/1.1" 301 0 "-" "WP Rocket/Preload Mozilla/5.0 (iPhone; CPU iPhone OS 9_1 like Mac OS X) AppleWebKit/601.1.46 (KHTML, like Gecko) Version/9.0 Mobile/13B143 Safari/601.1"
162.0.232.193 - - [08/Jun/2025:12:26:08 -0400] "GET /manga/chapter%5C'%5C%22-116/ HTTP/1.1" 301 0 "-" "WP Rocket/Preload"
162.0.232.193 - - [08/Jun/2025:12:26:09 -0400] "GET /manga/chapter%5C'%5C%22-116/ HTTP/1.1" 301 0 "-" "WP Rocket/Preload Mozilla/5.0 (iPhone; CPU iPhone OS 9_1 like Mac OS X) AppleWebKit/601.1.46 (KHTML, like Gecko) Version/9.0 Mobile/13B143 Safari/601.1"
162.0.232.193 - - [08/Jun/2025:12:26:10 -0400] "GET /manga/chapter'%22-116/ HTTP/1.1" 301 0 "-" "WP Rocket/Preload"
162.0.232.193 - - [08/Jun/2025:12:26:11 -0400] "GET /manga/chapter'%22-116/ HTTP/1.1" 301 0 "-" "WP Rocket/Preload Mozilla/5.0 (iPhone; CPU iPhone OS 9_1 like Mac OS X) AppleWebKit/601.1.46 (KHTML, like Gecko) Version/9.0 Mobile/13B143 Safari/601.1"
162.0.232.193 - - [08/Jun/2025:12:26:12 -0400] "GET /manga/farming-life-in-another-world-chapter-10'%22/ HTTP/1.1" 301 0 "-" "WP Rocket/Preload"
162.0.232.193 - - [08/Jun/2025:12:26:13 -0400] "GET /manga/farming-life-in-another-world-chapter-10'%22/ HTTP/1.1" 301 0 "-" "WP Rocket/Preload Mozilla/5.0 (iPhone; CPU iPhone OS 9_1 like Mac OS X) AppleWebKit/601.1.46 (KHTML, like Gecko) Version/9.0 Mobile/13B143 Safari/601.1"
162.0.232.193 - - [08/Jun/2025:12:26:14 -0400] "GET /manga/farming-life-in-another-world-chapter'%22-10/ HTTP/1.1" 301 0 "-" "WP Rocket/Preload"
162.0.232.193 - - [08/Jun/2025:12:26:15 -0400] "GET /manga/farming-life-in-another-world-chapter'%22-10/ HTTP/1.1" 301 0 "-" "WP Rocket/Preload Mozilla/5.0 (iPhone; CPU iPhone OS 9_1 like Mac OS X) AppleWebKit/601.1.46 (KHTML, like Gecko) Version/9.0 Mobile/13B143 Safari/601.1"
2001:fd8:2606:d17c:e1ab:ef58:5c6d:79d2 - - [08/Jun/2025:12:27:42 -0400] "GET /category/farming-life-in-another-world-manga/ HTTP/1.1" 304 0 "https://isekainonbirinoukachapters.com/category/isekai-nonbiri-nouka-manga/page/16/" "Mozilla/5.0 (Linux; Android 10; K) AppleWebKit/537.36 (KHTML, like Gecko) Chrome/137.0.0.0 Mobile Safari/537.36"
2001:fd8:2606:d17c:e1ab:ef58:5c6d:79d2 - - [08/Jun/2025:12:27:43 -0400] "GET /category/farming-life-in-another-world-manga/ HTTP/1.1" 304 0 "https://isekainonbirinoukachapters.com/category/isekai-nonbiri-nouka-manga/page/16/" "Mozilla/5.0 (Linux; Android 10; K) AppleWebKit/537.36 (KHTML, like Gecko) Chrome/137.0.0.0 Mobile Safari/537.36"
2001:fd8:2606:d17c:e1ab:ef58:5c6d:79d2 - - [08/Jun/2025:12:27:48 -0400] "GET /manga/farming-life-in-another-world-chapter-153/ HTTP/1.1" 304 0 "https://isekainonbirinoukachapters.com/category/isekai-nonbiri-nouka-manga/page/16/" "Mozilla/5.0 (Linux; Android 10; K) AppleWebKit/537.36 (KHTML, like Gecko) Chrome/137.0.0.0 Mobile Safari/537.36"
2a02:1406:260:4f37:d1b3:b31b:c428:1dd - - [08/Jun/2025:12:28:13 -0400] "GET /manga/farming-life-in-another-world-chapter-50/ HTTP/1.1" 200 34187 "https://isekainonbirinoukachapters.com/manga/farming-life-in-another-world-chapter-49/" "Mozilla/5.0 (Windows NT 10.0; Win64; x64; rv:139.0) Gecko/20100101 Firefox/139.0"
182.253.57.25 - - [08/Jun/2025:12:28:49 -0400] "GET /manga/farming-life-in-another-world-chapter-96/ HTTP/1.1" 200 34140 "https://isekainonbirinoukachapters.com/manga/farming-life-in-another-world-chapter-95/" "Mozilla/5.0 (Linux; Android 10; K) AppleWebKit/537.36 (KHTML, like Gecko) Chrome/117.0.0.0 Mobile Safari/537.36"
93.124.253.192 - - [08/Jun/2025:12:29:08 -0400] "GET /manga/farming-life-in-another-world-chapter-26/ HTTP/1.1" 200 34503 "https://isekainonbirinoukachapters.com/manga/farming-life-in-another-world-chapter-25/" "Mozilla/5.0 (Windows NT 10.0; Win64; x64) AppleWebKit/537.36 (KHTML, like Gecko) Chrome/134.0.0.0 Safari/537.36 OPR/119.0.0.0"
93.124.253.192 - - [08/Jun/2025:12:29:08 -0400] "GET /manga/farming-life-in-another-world-chapter-26/ HTTP/1.1" 304 0 "https://isekainonbirinoukachapters.com/manga/farming-life-in-another-world-chapter-25/" "Mozilla/5.0 (Windows NT 10.0; Win64; x64) AppleWebKit/537.36 (KHTML, like Gecko) Chrome/134.0.0.0 Safari/537.36 OPR/119.0.0.0"
162.0.232.193 - - [08/Jun/2025:12:29:11 -0400] "POST /wp-cron.php?doing_wp_cron=1749400151.0648779869079589843750 HTTP/1.1" 200 0 "-" "WordPress/6.8.1; https://isekainonbirinoukachapters.com"
40.77.167.22 - - [08/Jun/2025:12:29:09 -0400] "GET /css-4rrxlo37858/ HTTP/1.1" 301 0 "-" "Mozilla/5.0 AppleWebKit/537.36 (KHTML, like Gecko; compatible; bingbot/2.0; +http://www.bing.com/bingbot.htm) Chrome/116.0.1938.76 Safari/537.36"
93.124.253.192 - - [08/Jun/2025:12:29:09 -0400] "POST /wp-admin/admin-ajax.php HTTP/1.1" 200 61 "https://isekainonbirinoukachapters.com/manga/farming-life-in-another-world-chapter-26/" "Mozilla/5.0 (Windows NT 10.0; Win64; x64) AppleWebKit/537.36 (KHTML, like Gecko) Chrome/134.0.0.0 Safari/537.36 OPR/119.0.0.0"
162.0.232.193 - - [08/Jun/2025:12:29:13 -0400] "GET /wp-content/uploads/89b93a66fa29a678cbd60ff176e1ea9a_1973.xml HTTP/1.1" 200 1499 "-" "Mozilla/5.0 (X11; Linux x86_64) AppleWebKit/537.36 (KHTML, like Gecko) Ubuntu Chromium/41.0.2272.76"
47.79.0.139 - - [08/Jun/2025:12:29:17 -0400] "GET /manga/farming-life-in-another-world-chapter-33/ HTTP/1.1" 200 34505 "https://isekainonbirinoukachapters.com/manga/farming-life-in-another-world-chapter-33/" "Mozilla/5.0 (Windows NT 10.0; Win64; x64) AppleWebKit/537.36 (KHTML, like Gecko) Chrome/114.0.0.0 Safari/537.36 Edg/114.0.1823.43"
180.190.26.134 - - [08/Jun/2025:12:29:30 -0400] "GET /manga/farming-life-in-another-world-chapter-236/ HTTP/1.1" 200 34563 "https://isekainonbirinoukachapters.com/manga/farming-life-in-another-world-chapter-235/" "Mozilla/5.0 (Linux; Android 10; K) AppleWebKit/537.36 (KHTML, like Gecko) Chrome/137.0.0.0 Mobile Safari/537.36"
180.190.26.134 - - [08/Jun/2025:12:29:30 -0400] "GET /manga/farming-life-in-another-world-chapter-236/ HTTP/1.1" 304 0 "https://isekainonbirinoukachapters.com/manga/farming-life-in-another-world-chapter-235/" "Mozilla/5.0 (Linux; Android 10; K) AppleWebKit/537.36 (KHTML, like Gecko) Chrome/137.0.0.0 Mobile Safari/537.36"
180.190.26.134 - - [08/Jun/2025:12:29:30 -0400] "POST /wp-admin/admin-ajax.php HTTP/1.1" 200 61 "https://isekainonbirinoukachapters.com/manga/farming-life-in-another-world-chapter-236/" "Mozilla/5.0 (Linux; Android 10; K) AppleWebKit/537.36 (KHTML, like Gecko) Chrome/137.0.0.0 Mobile Safari/537.36"
93.124.253.192 - - [08/Jun/2025:12:30:31 -0400] "GET /manga/farming-life-in-another-world-chapter-27/ HTTP/1.1" 200 34501 "https://isekainonbirinoukachapters.com/manga/farming-life-in-another-world-chapter-26/" "Mozilla/5.0 (Windows NT 10.0; Win64; x64) AppleWebKit/537.36 (KHTML, like Gecko) Chrome/134.0.0.0 Safari/537.36 OPR/119.0.0.0"
93.124.253.192 - - [08/Jun/2025:12:30:31 -0400] "GET /manga/farming-life-in-another-world-chapter-27/ HTTP/1.1" 304 0 "https://isekainonbirinoukachapters.com/manga/farming-life-in-another-world-chapter-26/" "Mozilla/5.0 (Windows NT 10.0; Win64; x64) AppleWebKit/537.36 (KHTML, like Gecko) Chrome/134.0.0.0 Safari/537.36 OPR/119.0.0.0"
162.0.232.193 - - [08/Jun/2025:12:30:32 -0400] "POST /wp-cron.php?doing_wp_cron=1749400232.3808629512786865234375 HTTP/1.1" 200 0 "-" "WordPress/6.8.1; https://isekainonbirinoukachapters.com"
93.124.253.192 - - [08/Jun/2025:12:30:31 -0400] "POST /wp-admin/admin-ajax.php HTTP/1.1" 200 61 "https://isekainonbirinoukachapters.com/manga/farming-life-in-another-world-chapter-27/" "Mozilla/5.0 (Windows NT 10.0; Win64; x64) AppleWebKit/537.36 (KHTML, like Gecko) Chrome/134.0.0.0 Safari/537.36 OPR/119.0.0.0"
2a02:1406:260:4f37:d1b3:b31b:c428:1dd - - [08/Jun/2025:12:31:07 -0400] "GET /manga/farming-life-in-another-world-chapter-51/ HTTP/1.1" 200 34108 "https://isekainonbirinoukachapters.com/manga/farming-life-in-another-world-chapter-50/" "Mozilla/5.0 (Windows NT 10.0; Win64; x64; rv:139.0) Gecko/20100101 Firefox/139.0"
182.253.57.25 - - [08/Jun/2025:12:31:36 -0400] "GET /manga/farming-life-in-another-world-chapter-97/ HTTP/1.1" 200 34132 "https://isekainonbirinoukachapters.com/manga/farming-life-in-another-world-chapter-96/" "Mozilla/5.0 (Linux; Android 10; K) AppleWebKit/537.36 (KHTML, like Gecko) Chrome/117.0.0.0 Mobile Safari/537.36"
101.32.243.24 - - [08/Jun/2025:12:32:26 -0400] "GET / HTTP/1.1" 200 32287 "https://google.com" "Mozilla/5.0 (Windows NT 10.0; Win64; x64) AppleWebKit/537.36 (KHTML, like Gecko) Chrome/116.0.0.0 Safari/537.36"
47.82.60.189 - - [08/Jun/2025:12:33:08 -0400] "GET /manga/farming-life-in-another-world-chapter-251/ HTTP/1.1" 200 34545 "https://isekainonbirinoukachapters.com/manga/farming-life-in-another-world-chapter-251/" "Mozilla/5.0 (Windows NT 10.0; Win64; x64) AppleWebKit/537.36 (KHTML, like Gecko) Chrome/114.0.0.0 Safari/537.36 Edg/114.0.1823.43"
2001:fd8:2606:d17c:e1ab:ef58:5c6d:79d2 - - [08/Jun/2025:12:33:36 -0400] "GET /manga/farming-life-in-another-world-chapter-155/ HTTP/1.1" 200 34575 "https://isekainonbirinoukachapters.com/category/isekai-nonbiri-nouka-manga/page/16/" "Mozilla/5.0 (Linux; Android 10; K) AppleWebKit/537.36 (KHTML, like Gecko) Chrome/137.0.0.0 Mobile Safari/537.36"
2a02:1406:260:4f37:d1b3:b31b:c428:1dd - - [08/Jun/2025:12:33:52 -0400] "GET /manga/farming-life-in-another-world-chapter-52/ HTTP/1.1" 200 34108 "https://isekainonbirinoukachapters.com/manga/farming-life-in-another-world-chapter-51/" "Mozilla/5.0 (Windows NT 10.0; Win64; x64; rv:139.0) Gecko/20100101 Firefox/139.0"
180.190.26.134 - - [08/Jun/2025:12:34:18 -0400] "GET /category/read-farming-life-in-another-world/ HTTP/1.1" 304 0 "https://isekainonbirinoukachapters.com/manga/farming-life-in-another-world-chapter-236/" "Mozilla/5.0 (Linux; Android 10; K) AppleWebKit/537.36 (KHTML, like Gecko) Chrome/137.0.0.0 Mobile Safari/537.36"
180.190.26.134 - - [08/Jun/2025:12:34:18 -0400] "GET /category/read-farming-life-in-another-world/ HTTP/1.1" 304 0 "https://isekainonbirinoukachapters.com/manga/farming-life-in-another-world-chapter-236/" "Mozilla/5.0 (Linux; Android 10; K) AppleWebKit/537.36 (KHTML, like Gecko) Chrome/137.0.0.0 Mobile Safari/537.36"
180.190.26.134 - - [08/Jun/2025:12:34:18 -0400] "GET /manga/farming-life-in-another-world-chapter-237/ HTTP/1.1" 200 34561 "https://isekainonbirinoukachapters.com/manga/farming-life-in-another-world-chapter-236/" "Mozilla/5.0 (Linux; Android 10; K) AppleWebKit/537.36 (KHTML, like Gecko) Chrome/137.0.0.0 Mobile Safari/537.36"
182.253.57.25 - - [08/Jun/2025:12:34:18 -0400] "GET /manga/farming-life-in-another-world-chapter-98/ HTTP/1.1" 200 34171 "https://isekainonbirinoukachapters.com/manga/farming-life-in-another-world-chapter-97/" "Mozilla/5.0 (Linux; Android 10; K) AppleWebKit/537.36 (KHTML, like Gecko) Chrome/117.0.0.0 Mobile Safari/537.36"
180.190.26.134 - - [08/Jun/2025:12:34:19 -0400] "GET /manga/farming-life-in-another-world-chapter-237/ HTTP/1.1" 304 0 "https://isekainonbirinoukachapters.com/manga/farming-life-in-another-world-chapter-236/" "Mozilla/5.0 (Linux; Android 10; K) AppleWebKit/537.36 (KHTML, like Gecko) Chrome/137.0.0.0 Mobile Safari/537.36"
162.0.232.193 - - [08/Jun/2025:12:34:20 -0400] "POST /wp-cron.php?doing_wp_cron=1749400459.8113029003143310546875 HTTP/1.1" 200 0 "-" "WordPress/6.8.1; https://isekainonbirinoukachapters.com"
180.190.26.134 - - [08/Jun/2025:12:34:19 -0400] "POST /wp-admin/admin-ajax.php HTTP/1.1" 200 61 "https://isekainonbirinoukachapters.com/manga/farming-life-in-another-world-chapter-237/" "Mozilla/5.0 (Linux; Android 10; K) AppleWebKit/537.36 (KHTML, like Gecko) Chrome/137.0.0.0 Mobile Safari/537.36"
162.0.232.193 - - [08/Jun/2025:12:34:22 -0400] "GET /wp-content/uploads/89b93a66fa29a678cbd60ff176e1ea9a_1973.xml HTTP/1.1" 200 1499 "-" "Mozilla/5.0 (X11; Linux x86_64) AppleWebKit/537.36 (KHTML, like Gecko) Ubuntu Chromium/41.0.2272.76"
181.224.201.139 - - [08/Jun/2025:12:34:23 -0400] "GET / HTTP/1.1" 200 32311 "https://search.brave.com/" "Mozilla/5.0 (Linux; Android 10; K) AppleWebKit/537.36 (KHTML, like Gecko) Chrome/137.0.0.0 Mobile Safari/537.36"
181.224.201.139 - - [08/Jun/2025:12:34:28 -0400] "GET / HTTP/1.1" 200 32311 "-" "Mozilla/5.0 (Linux; Android 10; K) AppleWebKit/537.36 (KHTML, like Gecko) Chrome/137.0.0.0 Mobile Safari/537.36"
181.224.201.139 - - [08/Jun/2025:12:34:32 -0400] "GET /manga/farming-life-in-another-world-chapter-2/ HTTP/1.1" 200 34327 "-" "Mozilla/5.0 (Linux; Android 10; K) AppleWebKit/537.36 (KHTML, like Gecko) Chrome/137.0.0.0 Mobile Safari/537.36"
181.224.201.139 - - [08/Jun/2025:12:34:33 -0400] "GET /manga/farming-life-in-another-world-chapter-8/ HTTP/1.1" 200 34676 "-" "Mozilla/5.0 (Linux; Android 10; K) AppleWebKit/537.36 (KHTML, like Gecko) Chrome/137.0.0.0 Mobile Safari/537.36"
181.224.201.139 - - [08/Jun/2025:12:34:34 -0400] "GET /manga/farming-life-in-another-world-chapter-15/ HTTP/1.1" 200 34599 "-" "Mozilla/5.0 (Linux; Android 10; K) AppleWebKit/537.36 (KHTML, like Gecko) Chrome/137.0.0.0 Mobile Safari/537.36"
181.224.201.139 - - [08/Jun/2025:12:34:35 -0400] "GET /manga/farming-life-in-another-world-chapter-10/ HTTP/1.1" 200 34517 "-" "Mozilla/5.0 (Linux; Android 10; K) AppleWebKit/537.36 (KHTML, like Gecko) Chrome/137.0.0.0 Mobile Safari/537.36"
181.224.201.139 - - [08/Jun/2025:12:34:36 -0400] "GET /manga/farming-life-in-another-world-chapter-10/ HTTP/1.1" 304 0 "https://isekainonbirinoukachapters.com/" "Mozilla/5.0 (Linux; Android 10; K) AppleWebKit/537.36 (KHTML, like Gecko) Chrome/137.0.0.0 Mobile Safari/537.36"
181.224.201.139 - - [08/Jun/2025:12:34:37 -0400] "POST /wp-admin/admin-ajax.php HTTP/1.1" 200 61 "https://isekainonbirinoukachapters.com/manga/farming-life-in-another-world-chapter-10/" "Mozilla/5.0 (Linux; Android 10; K) AppleWebKit/537.36 (KHTML, like Gecko) Chrome/137.0.0.0 Mobile Safari/537.36"
2409:40f4:101e:d72a:8000:: - - [08/Jun/2025:12:34:37 -0400] "POST /wp-admin/admin-ajax.php HTTP/1.1" 200 61 "https://isekainonbirinoukachapters.com/manga/farming-life-in-another-world-chapter-33/" "Mozilla/5.0 (Linux; Android 10; K) AppleWebKit/537.36 (KHTML, like Gecko) Chrome/137.0.0.0 Mobile Safari/537.36"
162.62.231.139 - - [08/Jun/2025:12:34:38 -0400] "GET /manga/farming-life-in-another-world-chapter-35/ HTTP/1.1" 200 34666 "-" "Mozilla/5.0 (iPhone; CPU iPhone OS 13_2_3 like Mac OS X) AppleWebKit/605.1.15 (KHTML, like Gecko) Version/13.0.3 Mobile/15E148 Safari/604.1"
2409:40f4:101e:d72a:8000:: - - [08/Jun/2025:12:34:42 -0400] "GET /manga/farming-life-in-another-world-chapter-34/ HTTP/1.1" 200 34130 "https://isekainonbirinoukachapters.com/manga/farming-life-in-another-world-chapter-33/" "Mozilla/5.0 (Linux; Android 10; K) AppleWebKit/537.36 (KHTML, like Gecko) Chrome/137.0.0.0 Mobile Safari/537.36"
2409:40f4:101e:d72a:8000:: - - [08/Jun/2025:12:34:42 -0400] "GET /manga/farming-life-in-another-world-chapter-34/ HTTP/1.1" 304 0 "https://isekainonbirinoukachapters.com/manga/farming-life-in-another-world-chapter-33/" "Mozilla/5.0 (Linux; Android 10; K) AppleWebKit/537.36 (KHTML, like Gecko) Chrome/137.0.0.0 Mobile Safari/537.36"
2001:4860:7:50c::e9 - - [08/Jun/2025:12:36:03 -0400] "GET / HTTP/1.1" 200 32311 "https://www.google.com/" "Mozilla/5.0 (Linux; Android 10; K) AppleWebKit/537.36 (KHTML, like Gecko) Chrome/137.0.0.0 Mobile Safari/537.36"
2a02:1406:260:4f37:d1b3:b31b:c428:1dd - - [08/Jun/2025:12:36:15 -0400] "GET /manga/farming-life-in-another-world-chapter-53/ HTTP/1.1" 200 34505 "https://isekainonbirinoukachapters.com/manga/farming-life-in-another-world-chapter-52/" "Mozilla/5.0 (Windows NT 10.0; Win64; x64; rv:139.0) Gecko/20100101 Firefox/139.0"
162.0.232.193 - - [08/Jun/2025:12:36:16 -0400] "POST /wp-cron.php?doing_wp_cron=1749400576.3890728950500488281250 HTTP/1.1" 200 0 "-" "WordPress/6.8.1; https://isekainonbirinoukachapters.com"
2a02:1406:260:4f37:d1b3:b31b:c428:1dd - - [08/Jun/2025:12:36:15 -0400] "POST /wp-admin/admin-ajax.php HTTP/1.1" 200 61 "https://isekainonbirinoukachapters.com/manga/farming-life-in-another-world-chapter-53/" "Mozilla/5.0 (Windows NT 10.0; Win64; x64; rv:139.0) Gecko/20100101 Firefox/139.0"
162.0.232.193 - - [08/Jun/2025:12:36:19 -0400] "GET /wp-content/uploads/89b93a66fa29a678cbd60ff176e1ea9a_1973.xml HTTP/1.1" 200 1499 "-" "Mozilla/5.0 (X11; Linux x86_64) AppleWebKit/537.36 (KHTML, like Gecko) Ubuntu Chromium/41.0.2272.76"
2409:40f4:101e:d72a:8000:: - - [08/Jun/2025:12:36:53 -0400] "GET /category/farming-life-in-another-world/ HTTP/1.1" 200 31177 "https://isekainonbirinoukachapters.com/manga/farming-life-in-another-world-chapter-34/" "Mozilla/5.0 (Linux; Android 10; K) AppleWebKit/537.36 (KHTML, like Gecko) Chrome/137.0.0.0 Mobile Safari/537.36"
2409:40f4:101e:d72a:8000:: - - [08/Jun/2025:12:36:53 -0400] "GET /manga/farming-life-in-another-world-chapter-35/ HTTP/1.1" 200 34666 "https://isekainonbirinoukachapters.com/manga/farming-life-in-another-world-chapter-34/" "Mozilla/5.0 (Linux; Android 10; K) AppleWebKit/537.36 (KHTML, like Gecko) Chrome/137.0.0.0 Mobile Safari/537.36"
2409:40f4:101e:d72a:8000:: - - [08/Jun/2025:12:36:53 -0400] "GET /category/farming-life-in-another-world/ HTTP/1.1" 304 0 "https://isekainonbirinoukachapters.com/manga/farming-life-in-another-world-chapter-34/" "Mozilla/5.0 (Linux; Android 10; K) AppleWebKit/537.36 (KHTML, like Gecko) Chrome/137.0.0.0 Mobile Safari/537.36"
2409:40f4:101e:d72a:8000:: - - [08/Jun/2025:12:36:54 -0400] "GET /manga/farming-life-in-another-world-chapter-35/ HTTP/1.1" 304 0 "https://isekainonbirinoukachapters.com/manga/farming-life-in-another-world-chapter-34/" "Mozilla/5.0 (Linux; Android 10; K) AppleWebKit/537.36 (KHTML, like Gecko) Chrome/137.0.0.0 Mobile Safari/537.36"
2409:40f4:101e:d72a:8000:: - - [08/Jun/2025:12:36:54 -0400] "GET /manga/farming-life-in-another-world-chapter-35/ HTTP/1.1" 304 0 "https://isekainonbirinoukachapters.com/manga/farming-life-in-another-world-chapter-34/" "Mozilla/5.0 (Linux; Android 10; K) AppleWebKit/537.36 (KHTML, like Gecko) Chrome/137.0.0.0 Mobile Safari/537.36"
2409:40f4:101e:d72a:8000:: - - [08/Jun/2025:12:36:54 -0400] "POST /wp-admin/admin-ajax.php HTTP/1.1" 200 61 "https://isekainonbirinoukachapters.com/manga/farming-life-in-another-world-chapter-35/" "Mozilla/5.0 (Linux; Android 10; K) AppleWebKit/537.36 (KHTML, like Gecko) Chrome/137.0.0.0 Mobile Safari/537.36"
2001:4450:8188:fb00:11f6:c5a:3213:5ab - - [08/Jun/2025:12:37:05 -0400] "GET /manga/farming-life-in-another-world-chapter-59/ HTTP/1.1" 200 34176 "-" "Mozilla/5.0 (Linux; Android 10; K) AppleWebKit/537.36 (KHTML, like Gecko) Chrome/137.0.0.0 Mobile Safari/537.36"
162.0.232.193 - - [08/Jun/2025:12:37:20 -0400] "POST /wp-cron.php?doing_wp_cron=1749400640.6643350124359130859375 HTTP/1.1" 200 0 "-" "WordPress/6.8.1; https://isekainonbirinoukachapters.com"
5.255.231.22 - - [08/Jun/2025:12:37:20 -0400] "GET /manga/isekai-nonbiri-nouka-chapter-69-festival-preparations/ HTTP/1.1" 301 0 "-" "Mozilla/5.0 (compatible; YandexBot/3.0; +http://yandex.com/bots)"
5.255.231.194 - - [08/Jun/2025:12:37:21 -0400] "GET / HTTP/1.1" 200 32422 "-" "Mozilla/5.0 (compatible; YandexBot/3.0; +http://yandex.com/bots)"
70.53.92.242 - - [08/Jun/2025:12:37:57 -0400] "GET / HTTP/1.1" 200 32311 "https://www.google.com/" "Mozilla/5.0 (iPhone; CPU iPhone OS 18_5 like Mac OS X) AppleWebKit/605.1.15 (KHTML, like Gecko) Version/18.5 Mobile/15E148 Safari/604.1"
2a03:2880:f800:13:: - - [08/Jun/2025:12:38:10 -0400] "GET / HTTP/1.1" 200 32329 "-" "meta-externalagent/1.1 (+https://developers.facebook.com/docs/sharing/webmasters/crawler)"
70.53.92.242 - - [08/Jun/2025:12:38:11 -0400] "GET /manga/farming-life-in-another-world-chapter-1/ HTTP/1.1" 200 34823 "https://isekainonbirinoukachapters.com/" "Mozilla/5.0 (iPhone; CPU iPhone OS 18_5 like Mac OS X) AppleWebKit/605.1.15 (KHTML, like Gecko) Version/18.5 Mobile/15E148 Safari/604.1"
162.0.232.193 - - [08/Jun/2025:12:38:12 -0400] "POST /wp-cron.php?doing_wp_cron=1749400691.8599689006805419921875 HTTP/1.1" 200 0 "-" "WordPress/6.8.1; https://isekainonbirinoukachapters.com"
70.53.92.242 - - [08/Jun/2025:12:38:11 -0400] "POST /wp-admin/admin-ajax.php HTTP/1.1" 200 61 "https://isekainonbirinoukachapters.com/manga/farming-life-in-another-world-chapter-1/" "Mozilla/5.0 (iPhone; CPU iPhone OS 18_5 like Mac OS X) AppleWebKit/605.1.15 (KHTML, like Gecko) Version/18.5 Mobile/15E148 Safari/604.1"
162.0.232.193 - - [08/Jun/2025:12:38:14 -0400] "GET /wp-content/uploads/89b93a66fa29a678cbd60ff176e1ea9a_1973.xml HTTP/1.1" 200 1499 "-" "Mozilla/5.0 (X11; Linux x86_64) AppleWebKit/537.36 (KHTML, like Gecko) Ubuntu Chromium/41.0.2272.76"
180.190.26.134 - - [08/Jun/2025:12:38:16 -0400] "GET /manga/farming-life-in-another-world-chapter-238/ HTTP/1.1" 200 34871 "https://isekainonbirinoukachapters.com/manga/farming-life-in-another-world-chapter-237/" "Mozilla/5.0 (Linux; Android 10; K) AppleWebKit/537.36 (KHTML, like Gecko) Chrome/137.0.0.0 Mobile Safari/537.36"
180.190.26.134 - - [08/Jun/2025:12:38:16 -0400] "GET /manga/farming-life-in-another-world-chapter-238/ HTTP/1.1" 304 0 "https://isekainonbirinoukachapters.com/manga/farming-life-in-another-world-chapter-237/" "Mozilla/5.0 (Linux; Android 10; K) AppleWebKit/537.36 (KHTML, like Gecko) Chrome/137.0.0.0 Mobile Safari/537.36"
180.190.26.134 - - [08/Jun/2025:12:38:17 -0400] "POST /wp-admin/admin-ajax.php HTTP/1.1" 200 61 "https://isekainonbirinoukachapters.com/manga/farming-life-in-another-world-chapter-238/" "Mozilla/5.0 (Linux; Android 10; K) AppleWebKit/537.36 (KHTML, like Gecko) Chrome/137.0.0.0 Mobile Safari/537.36"
2a02:1406:260:4f37:d1b3:b31b:c428:1dd - - [08/Jun/2025:12:38:30 -0400] "GET /manga/farming-life-in-another-world-chapter-54/ HTTP/1.1" 200 34625 "https://isekainonbirinoukachapters.com/manga/farming-life-in-another-world-chapter-53/" "Mozilla/5.0 (Windows NT 10.0; Win64; x64; rv:139.0) Gecko/20100101 Firefox/139.0"
2a02:1406:260:4f37:d1b3:b31b:c428:1dd - - [08/Jun/2025:12:38:31 -0400] "POST /wp-admin/admin-ajax.php HTTP/1.1" 200 61 "https://isekainonbirinoukachapters.com/manga/farming-life-in-another-world-chapter-54/" "Mozilla/5.0 (Windows NT 10.0; Win64; x64; rv:139.0) Gecko/20100101 Firefox/139.0"
182.253.57.25 - - [08/Jun/2025:12:40:05 -0400] "GET /manga/farming-life-in-another-world-chapter-99/ HTTP/1.1" 200 34135 "https://isekainonbirinoukachapters.com/manga/farming-life-in-another-world-chapter-98/" "Mozilla/5.0 (Linux; Android 10; K) AppleWebKit/537.36 (KHTML, like Gecko) Chrome/117.0.0.0 Mobile Safari/537.36"
2001:4860:7:408::f5 - - [08/Jun/2025:12:41:04 -0400] "GET / HTTP/1.1" 200 32311 "https://www.google.com/" "Mozilla/5.0 (Linux; Android 10; K) AppleWebKit/537.36 (KHTML, like Gecko) Chrome/137.0.0.0 Mobile Safari/537.36"
162.0.232.193 - - [08/Jun/2025:12:41:27 -0400] "POST /wp-cron.php?doing_wp_cron=1749400887.4479489326477050781250 HTTP/1.1" 200 0 "-" "WordPress/6.8.1; https://isekainonbirinoukachapters.com"
2a02:26f7:c6c4:49c0:0:2000:0:11 - - [08/Jun/2025:12:41:25 -0400] "POST /wp-admin/admin-ajax.php HTTP/1.1" 200 61 "https://isekainonbirinoukachapters.com/manga/farming-life-in-another-world-chapter-141/" "Mozilla/5.0 (iPhone; CPU iPhone OS 18_5 like Mac OS X) AppleWebKit/605.1.15 (KHTML, like Gecko) Version/18.5 Mobile/15E148 Safari/604.1"
162.0.232.193 - - [08/Jun/2025:12:41:29 -0400] "GET /wp-content/uploads/89b93a66fa29a678cbd60ff176e1ea9a_1973.xml HTTP/1.1" 200 1499 "-" "Mozilla/5.0 (X11; Linux x86_64) AppleWebKit/537.36 (KHTML, like Gecko) Ubuntu Chromium/41.0.2272.76"
180.190.26.134 - - [08/Jun/2025:12:41:30 -0400] "GET /manga/farming-life-in-another-world-chapter-241/ HTTP/1.1" 200 34953 "https://isekainonbirinoukachapters.com/manga/farming-life-in-another-world-chapter-238/" "Mozilla/5.0 (Linux; Android 10; K) AppleWebKit/537.36 (KHTML, like Gecko) Chrome/137.0.0.0 Mobile Safari/537.36"
180.190.26.134 - - [08/Jun/2025:12:41:31 -0400] "GET /manga/farming-life-in-another-world-chapter-241/ HTTP/1.1" 304 0 "https://isekainonbirinoukachapters.com/manga/farming-life-in-another-world-chapter-238/" "Mozilla/5.0 (Linux; Android 10; K) AppleWebKit/537.36 (KHTML, like Gecko) Chrome/137.0.0.0 Mobile Safari/537.36"
180.190.26.134 - - [08/Jun/2025:12:41:31 -0400] "POST /wp-admin/admin-ajax.php HTTP/1.1" 200 61 "https://isekainonbirinoukachapters.com/manga/farming-life-in-another-world-chapter-241/" "Mozilla/5.0 (Linux; Android 10; K) AppleWebKit/537.36 (KHTML, like Gecko) Chrome/137.0.0.0 Mobile Safari/537.36"
2a02:26f7:c6c4:49c0:0:2000:0:11 - - [08/Jun/2025:12:42:04 -0400] "GET /manga/farming-life-in-another-world-chapter-142/ HTTP/1.1" 200 34529 "https://isekainonbirinoukachapters.com/manga/farming-life-in-another-world-chapter-141/" "Mozilla/5.0 (iPhone; CPU iPhone OS 18_5 like Mac OS X) AppleWebKit/605.1.15 (KHTML, like Gecko) Version/18.5 Mobile/15E148 Safari/604.1"
2a02:26f7:c6c4:49c0:0:2000:0:11 - - [08/Jun/2025:12:42:05 -0400] "POST /wp-admin/admin-ajax.php HTTP/1.1" 200 61 "https://isekainonbirinoukachapters.com/manga/farming-life-in-another-world-chapter-142/" "Mozilla/5.0 (iPhone; CPU iPhone OS 18_5 like Mac OS X) AppleWebKit/605.1.15 (KHTML, like Gecko) Version/18.5 Mobile/15E148 Safari/604.1"
2a02:1406:260:4f37:d1b3:b31b:c428:1dd - - [08/Jun/2025:12:42:45 -0400] "GET /manga/farming-life-in-another-world-chapter-55/ HTTP/1.1" 200 34508 "https://isekainonbirinoukachapters.com/manga/farming-life-in-another-world-chapter-54/" "Mozilla/5.0 (Windows NT 10.0; Win64; x64; rv:139.0) Gecko/20100101 Firefox/139.0"
162.0.232.193 - - [08/Jun/2025:12:42:46 -0400] "POST /wp-cron.php?doing_wp_cron=1749400966.0219690799713134765625 HTTP/1.1" 200 0 "-" "WordPress/6.8.1; https://isekainonbirinoukachapters.com"
2a02:1406:260:4f37:d1b3:b31b:c428:1dd - - [08/Jun/2025:12:42:45 -0400] "POST /wp-admin/admin-ajax.php HTTP/1.1" 200 61 "https://isekainonbirinoukachapters.com/manga/farming-life-in-another-world-chapter-55/" "Mozilla/5.0 (Windows NT 10.0; Win64; x64; rv:139.0) Gecko/20100101 Firefox/139.0"
182.253.57.25 - - [08/Jun/2025:12:42:52 -0400] "GET /manga/farming-life-in-another-world-chapter-100/ HTTP/1.1" 200 34577 "https://isekainonbirinoukachapters.com/manga/farming-life-in-another-world-chapter-99/" "Mozilla/5.0 (Linux; Android 10; K) AppleWebKit/537.36 (KHTML, like Gecko) Chrome/117.0.0.0 Mobile Safari/537.36"
162.0.232.193 - - [08/Jun/2025:12:42:53 -0400] "POST /wp-cron.php?doing_wp_cron=1749400973.2622768878936767578125 HTTP/1.1" 200 0 "-" "WordPress/6.8.1; https://isekainonbirinoukachapters.com"
182.253.57.25 - - [08/Jun/2025:12:42:52 -0400] "POST /wp-admin/admin-ajax.php HTTP/1.1" 200 61 "https://isekainonbirinoukachapters.com/manga/farming-life-in-another-world-chapter-100/" "Mozilla/5.0 (Linux; Android 10; K) AppleWebKit/537.36 (KHTML, like Gecko) Chrome/117.0.0.0 Mobile Safari/537.36"
2a02:26f7:c6c4:49c0:0:2000:0:11 - - [08/Jun/2025:12:43:46 -0400] "GET /manga/farming-life-in-another-world-chapter-143/ HTTP/1.1" 200 34568 "https://isekainonbirinoukachapters.com/manga/farming-life-in-another-world-chapter-142/" "Mozilla/5.0 (iPhone; CPU iPhone OS 18_5 like Mac OS X) AppleWebKit/605.1.15 (KHTML, like Gecko) Version/18.5 Mobile/15E148 Safari/604.1"
162.0.232.193 - - [08/Jun/2025:12:43:47 -0400] "POST /wp-cron.php?doing_wp_cron=1749401027.5081849098205566406250 HTTP/1.1" 200 0 "-" "WordPress/6.8.1; https://isekainonbirinoukachapters.com"
2a02:26f7:c6c4:49c0:0:2000:0:11 - - [08/Jun/2025:12:43:47 -0400] "POST /wp-admin/admin-ajax.php HTTP/1.1" 200 61 "https://isekainonbirinoukachapters.com/manga/farming-life-in-another-world-chapter-143/" "Mozilla/5.0 (iPhone; CPU iPhone OS 18_5 like Mac OS X) AppleWebKit/605.1.15 (KHTML, like Gecko) Version/18.5 Mobile/15E148 Safari/604.1"
162.0.232.193 - - [08/Jun/2025:12:43:50 -0400] "GET /wp-content/uploads/89b93a66fa29a678cbd60ff176e1ea9a_1973.xml HTTP/1.1" 200 1499 "-" "Mozilla/5.0 (X11; Linux x86_64) AppleWebKit/537.36 (KHTML, like Gecko) Ubuntu Chromium/41.0.2272.76"
93.124.253.192 - - [08/Jun/2025:12:44:39 -0400] "GET /manga/farming-life-in-another-world-chapter-28/ HTTP/1.1" 200 34585 "https://isekainonbirinoukachapters.com/manga/farming-life-in-another-world-chapter-27/" "Mozilla/5.0 (Windows NT 10.0; Win64; x64) AppleWebKit/537.36 (KHTML, like Gecko) Chrome/134.0.0.0 Safari/537.36 OPR/119.0.0.0"
93.124.253.192 - - [08/Jun/2025:12:44:39 -0400] "GET /manga/farming-life-in-another-world-chapter-28/ HTTP/1.1" 304 0 "https://isekainonbirinoukachapters.com/manga/farming-life-in-another-world-chapter-27/" "Mozilla/5.0 (Windows NT 10.0; Win64; x64) AppleWebKit/537.36 (KHTML, like Gecko) Chrome/134.0.0.0 Safari/537.36 OPR/119.0.0.0"
93.124.253.192 - - [08/Jun/2025:12:44:39 -0400] "POST /wp-admin/admin-ajax.php HTTP/1.1" 200 61 "https://isekainonbirinoukachapters.com/manga/farming-life-in-another-world-chapter-28/" "Mozilla/5.0 (Windows NT 10.0; Win64; x64) AppleWebKit/537.36 (KHTML, like Gecko) Chrome/134.0.0.0 Safari/537.36 OPR/119.0.0.0"
162.0.232.193 - - [08/Jun/2025:12:45:09 -0400] "POST /wp-cron.php?doing_wp_cron=1749401108.8640210628509521484375 HTTP/1.1" 200 0 "-" "WordPress/6.8.1; https://isekainonbirinoukachapters.com"
43.159.135.203 - - [08/Jun/2025:12:45:08 -0400] "GET /?p=2194 HTTP/1.1" 301 0 "-" "Mozilla/5.0 (iPhone; CPU iPhone OS 13_2_3 like Mac OS X) AppleWebKit/605.1.15 (KHTML, like Gecko) Version/13.0.3 Mobile/15E148 Safari/604.1"
180.190.26.134 - - [08/Jun/2025:12:45:10 -0400] "GET /manga/farming-life-in-another-world-chapter-242/ HTTP/1.1" 200 34568 "https://isekainonbirinoukachapters.com/manga/farming-life-in-another-world-chapter-241/" "Mozilla/5.0 (Linux; Android 10; K) AppleWebKit/537.36 (KHTML, like Gecko) Chrome/137.0.0.0 Mobile Safari/537.36"
180.190.26.134 - - [08/Jun/2025:12:45:10 -0400] "GET /manga/farming-life-in-another-world-chapter-242/ HTTP/1.1" 304 0 "https://isekainonbirinoukachapters.com/manga/farming-life-in-another-world-chapter-241/" "Mozilla/5.0 (Linux; Android 10; K) AppleWebKit/537.36 (KHTML, like Gecko) Chrome/137.0.0.0 Mobile Safari/537.36"
180.190.26.134 - - [08/Jun/2025:12:45:11 -0400] "POST /wp-admin/admin-ajax.php HTTP/1.1" 200 61 "https://isekainonbirinoukachapters.com/manga/farming-life-in-another-world-chapter-242/" "Mozilla/5.0 (Linux; Android 10; K) AppleWebKit/537.36 (KHTML, like Gecko) Chrome/137.0.0.0 Mobile Safari/537.36"
43.159.135.203 - - [08/Jun/2025:12:45:13 -0400] "GET /manga/farming-life-in-another-world-chapter-35/ HTTP/1.1" 200 34666 "https://isekainonbirinoukachapters.com/?p=2194" "Mozilla/5.0 (iPhone; CPU iPhone OS 13_2_3 like Mac OS X) AppleWebKit/605.1.15 (KHTML, like Gecko) Version/13.0.3 Mobile/15E148 Safari/604.1"
93.124.253.192 - - [08/Jun/2025:12:45:29 -0400] "GET /manga/farming-life-in-another-world-chapter-29/ HTTP/1.1" 200 34582 "https://isekainonbirinoukachapters.com/manga/farming-life-in-another-world-chapter-28/" "Mozilla/5.0 (Windows NT 10.0; Win64; x64) AppleWebKit/537.36 (KHTML, like Gecko) Chrome/134.0.0.0 Safari/537.36 OPR/119.0.0.0"
93.124.253.192 - - [08/Jun/2025:12:45:30 -0400] "GET /manga/farming-life-in-another-world-chapter-29/ HTTP/1.1" 304 0 "https://isekainonbirinoukachapters.com/manga/farming-life-in-another-world-chapter-28/" "Mozilla/5.0 (Windows NT 10.0; Win64; x64) AppleWebKit/537.36 (KHTML, like Gecko) Chrome/134.0.0.0 Safari/537.36 OPR/119.0.0.0"
162.0.232.193 - - [08/Jun/2025:12:45:30 -0400] "POST /wp-cron.php?doing_wp_cron=1749401130.7694990634918212890625 HTTP/1.1" 200 0 "-" "WordPress/6.8.1; https://isekainonbirinoukachapters.com"
93.124.253.192 - - [08/Jun/2025:12:45:30 -0400] "POST /wp-admin/admin-ajax.php HTTP/1.1" 200 61 "https://isekainonbirinoukachapters.com/manga/farming-life-in-another-world-chapter-29/" "Mozilla/5.0 (Windows NT 10.0; Win64; x64) AppleWebKit/537.36 (KHTML, like Gecko) Chrome/134.0.0.0 Safari/537.36 OPR/119.0.0.0"
182.253.57.25 - - [08/Jun/2025:12:45:34 -0400] "GET /manga/farming-life-in-another-world-chapter-101/ HTTP/1.1" 200 34562 "https://isekainonbirinoukachapters.com/manga/farming-life-in-another-world-chapter-100/" "Mozilla/5.0 (Linux; Android 10; K) AppleWebKit/537.36 (KHTML, like Gecko) Chrome/117.0.0.0 Mobile Safari/537.36"
182.253.57.25 - - [08/Jun/2025:12:45:35 -0400] "POST /wp-admin/admin-ajax.php HTTP/1.1" 200 61 "https://isekainonbirinoukachapters.com/manga/farming-life-in-another-world-chapter-101/" "Mozilla/5.0 (Linux; Android 10; K) AppleWebKit/537.36 (KHTML, like Gecko) Chrome/117.0.0.0 Mobile Safari/537.36"
47.82.61.105 - - [08/Jun/2025:12:45:40 -0400] "GET /manga/farming-life-in-another-world-chapter-245/ HTTP/1.1" 200 34517 "https://isekainonbirinoukachapters.com/manga/farming-life-in-another-world-chapter-245/" "Mozilla/5.0 (Windows NT 10.0; Win64; x64) AppleWebKit/537.36 (KHTML, like Gecko) Chrome/114.0.0.0 Safari/537.36 Edg/114.0.1823.43"
2001:e68:5470:941d:318a:9ff5:a966:6a83 - - [08/Jun/2025:12:46:10 -0400] "GET / HTTP/1.1" 200 32311 "https://www.google.com/" "Mozilla/5.0 (Linux; Android 10; K) AppleWebKit/537.36 (KHTML, like Gecko) Chrome/137.0.0.0 Mobile Safari/537.36"
2001:e68:5470:941d:318a:9ff5:a966:6a83 - - [08/Jun/2025:12:46:15 -0400] "GET /manga/farming-life-in-another-world-chapter-10/ HTTP/1.1" 200 34517 "https://isekainonbirinoukachapters.com/" "Mozilla/5.0 (Linux; Android 10; K) AppleWebKit/537.36 (KHTML, like Gecko) Chrome/137.0.0.0 Mobile Safari/537.36"
2001:e68:5470:941d:318a:9ff5:a966:6a83 - - [08/Jun/2025:12:46:15 -0400] "GET /manga/farming-life-in-another-world-chapter-10/ HTTP/1.1" 304 0 "https://isekainonbirinoukachapters.com/" "Mozilla/5.0 (Linux; Android 10; K) AppleWebKit/537.36 (KHTML, like Gecko) Chrome/137.0.0.0 Mobile Safari/537.36"
2001:e68:5470:941d:318a:9ff5:a966:6a83 - - [08/Jun/2025:12:46:15 -0400] "GET /manga/farming-life-in-another-world-chapter-1/ HTTP/1.1" 200 34864 "https://isekainonbirinoukachapters.com/" "Mozilla/5.0 (Linux; Android 10; K) AppleWebKit/537.36 (KHTML, like Gecko) Chrome/137.0.0.0 Mobile Safari/537.36"
2001:e68:5470:941d:318a:9ff5:a966:6a83 - - [08/Jun/2025:12:46:16 -0400] "GET /manga/farming-life-in-another-world-chapter-1/ HTTP/1.1" 304 0 "https://isekainonbirinoukachapters.com/" "Mozilla/5.0 (Linux; Android 10; K) AppleWebKit/537.36 (KHTML, like Gecko) Chrome/137.0.0.0 Mobile Safari/537.36"
162.0.232.193 - - [08/Jun/2025:12:46:16 -0400] "POST /wp-cron.php?doing_wp_cron=1749401176.6110620498657226562500 HTTP/1.1" 200 0 "-" "WordPress/6.8.1; https://isekainonbirinoukachapters.com"
2001:e68:5470:941d:318a:9ff5:a966:6a83 - - [08/Jun/2025:12:46:16 -0400] "POST /wp-admin/admin-ajax.php HTTP/1.1" 200 61 "https://isekainonbirinoukachapters.com/manga/farming-life-in-another-world-chapter-1/" "Mozilla/5.0 (Linux; Android 10; K) AppleWebKit/537.36 (KHTML, like Gecko) Chrome/137.0.0.0 Mobile Safari/537.36"
162.0.232.193 - - [08/Jun/2025:12:46:20 -0400] "GET /wp-content/uploads/89b93a66fa29a678cbd60ff176e1ea9a_1973.xml HTTP/1.1" 200 1362 "-" "Mozilla/5.0 (X11; Linux x86_64) AppleWebKit/537.36 (KHTML, like Gecko) Ubuntu Chromium/41.0.2272.76"
2409:40f4:101e:d72a:8000:: - - [08/Jun/2025:12:46:31 -0400] "GET /manga/farming-life-in-another-world-chapter-36/ HTTP/1.1" 200 34600 "https://isekainonbirinoukachapters.com/manga/farming-life-in-another-world-chapter-35/" "Mozilla/5.0 (Linux; Android 10; K) AppleWebKit/537.36 (KHTML, like Gecko) Chrome/137.0.0.0 Mobile Safari/537.36"
2409:40f4:101e:d72a:8000:: - - [08/Jun/2025:12:46:32 -0400] "GET /manga/farming-life-in-another-world-chapter-36/ HTTP/1.1" 304 0 "https://isekainonbirinoukachapters.com/manga/farming-life-in-another-world-chapter-35/" "Mozilla/5.0 (Linux; Android 10; K) AppleWebKit/537.36 (KHTML, like Gecko) Chrome/137.0.0.0 Mobile Safari/537.36"
2409:40f4:101e:d72a:8000:: - - [08/Jun/2025:12:46:33 -0400] "POST /wp-admin/admin-ajax.php HTTP/1.1" 200 61 "https://isekainonbirinoukachapters.com/manga/farming-life-in-another-world-chapter-36/" "Mozilla/5.0 (Linux; Android 10; K) AppleWebKit/537.36 (KHTML, like Gecko) Chrome/137.0.0.0 Mobile Safari/537.36"
47.79.5.88 - - [08/Jun/2025:12:46:52 -0400] "GET /manga/farming-life-in-another-world-chapter-72/ HTTP/1.1" 200 34505 "https://isekainonbirinoukachapters.com/manga/farming-life-in-another-world-chapter-72/" "Mozilla/5.0 (Windows NT 10.0; Win64; x64) AppleWebKit/537.36 (KHTML, like Gecko) Chrome/114.0.0.0 Safari/537.36 Edg/114.0.1823.43"
2001:4860:7:1633::e7 - - [08/Jun/2025:12:47:09 -0400] "GET / HTTP/1.1" 200 32311 "https://www.google.com/" "Mozilla/5.0 (Linux; Android 10; K) AppleWebKit/537.36 (KHTML, like Gecko) Chrome/137.0.0.0 Mobile Safari/537.36"
2a09:bac3:4c94:232::38:9d - - [08/Jun/2025:12:47:12 -0400] "GET /manga/farming-life-in-another-world-chapter-144/ HTTP/1.1" 200 34528 "https://isekainonbirinoukachapters.com/manga/farming-life-in-another-world-chapter-143/" "Mozilla/5.0 (iPhone; CPU iPhone OS 18_5 like Mac OS X) AppleWebKit/605.1.15 (KHTML, like Gecko) Version/18.5 Mobile/15E148 Safari/604.1"
2a09:bac3:4c94:232::38:9d - - [08/Jun/2025:12:47:12 -0400] "POST /wp-admin/admin-ajax.php HTTP/1.1" 200 61 "https://isekainonbirinoukachapters.com/manga/farming-life-in-another-world-chapter-144/" "Mozilla/5.0 (iPhone; CPU iPhone OS 18_5 like Mac OS X) AppleWebKit/605.1.15 (KHTML, like Gecko) Version/18.5 Mobile/15E148 Safari/604.1"
182.253.57.25 - - [08/Jun/2025:12:47:22 -0400] "GET /manga/farming-life-in-another-world-chapter-102/ HTTP/1.1" 200 34693 "https://isekainonbirinoukachapters.com/manga/farming-life-in-another-world-chapter-101/" "Mozilla/5.0 (Linux; Android 10; K) AppleWebKit/537.36 (KHTML, like Gecko) Chrome/117.0.0.0 Mobile Safari/537.36"
162.0.232.193 - - [08/Jun/2025:12:47:23 -0400] "POST /wp-cron.php?doing_wp_cron=1749401243.1885039806365966796875 HTTP/1.1" 200 0 "-" "WordPress/6.8.1; https://isekainonbirinoukachapters.com"
182.253.57.25 - - [08/Jun/2025:12:47:22 -0400] "POST /wp-admin/admin-ajax.php HTTP/1.1" 200 61 "https://isekainonbirinoukachapters.com/manga/farming-life-in-another-world-chapter-102/" "Mozilla/5.0 (Linux; Android 10; K) AppleWebKit/537.36 (KHTML, like Gecko) Chrome/117.0.0.0 Mobile Safari/537.36"
2a02:1406:260:4f37:d1b3:b31b:c428:1dd - - [08/Jun/2025:12:47:26 -0400] "GET /manga/farming-life-in-another-world-chapter-56/ HTTP/1.1" 200 34461 "https://isekainonbirinoukachapters.com/manga/farming-life-in-another-world-chapter-55/" "Mozilla/5.0 (Windows NT 10.0; Win64; x64; rv:139.0) Gecko/20100101 Firefox/139.0"
2a02:1406:260:4f37:d1b3:b31b:c428:1dd - - [08/Jun/2025:12:47:27 -0400] "POST /wp-admin/admin-ajax.php HTTP/1.1" 200 61 "https://isekainonbirinoukachapters.com/manga/farming-life-in-another-world-chapter-56/" "Mozilla/5.0 (Windows NT 10.0; Win64; x64; rv:139.0) Gecko/20100101 Firefox/139.0"
180.190.26.134 - - [08/Jun/2025:12:47:43 -0400] "GET /category/isekai-nonbiri-nouka-manga/ HTTP/1.1" 200 31394 "https://isekainonbirinoukachapters.com/manga/farming-life-in-another-world-chapter-242/" "Mozilla/5.0 (Linux; Android 10; K) AppleWebKit/537.36 (KHTML, like Gecko) Chrome/137.0.0.0 Mobile Safari/537.36"
180.190.26.134 - - [08/Jun/2025:12:47:44 -0400] "GET /manga/farming-life-in-another-world-chapter-243/ HTTP/1.1" 200 34563 "https://isekainonbirinoukachapters.com/manga/farming-life-in-another-world-chapter-242/" "Mozilla/5.0 (Linux; Android 10; K) AppleWebKit/537.36 (KHTML, like Gecko) Chrome/137.0.0.0 Mobile Safari/537.36"
180.190.26.134 - - [08/Jun/2025:12:47:44 -0400] "GET /category/isekai-nonbiri-nouka-manga/ HTTP/1.1" 304 0 "https://isekainonbirinoukachapters.com/manga/farming-life-in-another-world-chapter-242/" "Mozilla/5.0 (Linux; Android 10; K) AppleWebKit/537.36 (KHTML, like Gecko) Chrome/137.0.0.0 Mobile Safari/537.36"
180.190.26.134 - - [08/Jun/2025:12:47:44 -0400] "GET /manga/farming-life-in-another-world-chapter-243/ HTTP/1.1" 304 0 "https://isekainonbirinoukachapters.com/manga/farming-life-in-another-world-chapter-242/" "Mozilla/5.0 (Linux; Android 10; K) AppleWebKit/537.36 (KHTML, like Gecko) Chrome/137.0.0.0 Mobile Safari/537.36"
180.190.26.134 - - [08/Jun/2025:12:47:44 -0400] "GET /manga/farming-life-in-another-world-chapter-243/ HTTP/1.1" 304 0 "https://isekainonbirinoukachapters.com/manga/farming-life-in-another-world-chapter-242/" "Mozilla/5.0 (Linux; Android 10; K) AppleWebKit/537.36 (KHTML, like Gecko) Chrome/137.0.0.0 Mobile Safari/537.36"
162.0.232.193 - - [08/Jun/2025:12:47:45 -0400] "POST /wp-cron.php?doing_wp_cron=1749401265.4697670936584472656250 HTTP/1.1" 200 0 "-" "WordPress/6.8.1; https://isekainonbirinoukachapters.com"
180.190.26.134 - - [08/Jun/2025:12:47:45 -0400] "POST /wp-admin/admin-ajax.php HTTP/1.1" 200 61 "https://isekainonbirinoukachapters.com/manga/farming-life-in-another-world-chapter-243/" "Mozilla/5.0 (Linux; Android 10; K) AppleWebKit/537.36 (KHTML, like Gecko) Chrome/137.0.0.0 Mobile Safari/537.36"
136.158.16.157 - - [08/Jun/2025:12:47:55 -0400] "GET / HTTP/1.1" 200 32311 "https://www.google.com/" "Mozilla/5.0 (Linux; Android 10; K) AppleWebKit/537.36 (KHTML, like Gecko) Chrome/136.0.0.0 Mobile Safari/537.36"
136.158.16.157 - - [08/Jun/2025:12:47:59 -0400] "GET /manga/farming-life-in-another-world-chapter-5/ HTTP/1.1" 200 34208 "https://isekainonbirinoukachapters.com/" "Mozilla/5.0 (Linux; Android 10; K) AppleWebKit/537.36 (KHTML, like Gecko) Chrome/136.0.0.0 Mobile Safari/537.36"
136.158.16.157 - - [08/Jun/2025:12:47:59 -0400] "GET /manga/farming-life-in-another-world-chapter-9/ HTTP/1.1" 200 34650 "https://isekainonbirinoukachapters.com/" "Mozilla/5.0 (Linux; Android 10; K) AppleWebKit/537.36 (KHTML, like Gecko) Chrome/136.0.0.0 Mobile Safari/537.36"
136.158.16.157 - - [08/Jun/2025:12:47:59 -0400] "GET /manga/farming-life-in-another-world-chapter-9/ HTTP/1.1" 304 0 "https://isekainonbirinoukachapters.com/" "Mozilla/5.0 (Linux; Android 10; K) AppleWebKit/537.36 (KHTML, like Gecko) Chrome/136.0.0.0 Mobile Safari/537.36"
136.158.16.157 - - [08/Jun/2025:12:47:59 -0400] "GET /manga/farming-life-in-another-world-chapter-5/ HTTP/1.1" 304 0 "https://isekainonbirinoukachapters.com/" "Mozilla/5.0 (Linux; Android 10; K) AppleWebKit/537.36 (KHTML, like Gecko) Chrome/136.0.0.0 Mobile Safari/537.36"
136.158.16.157 - - [08/Jun/2025:12:48:00 -0400] "GET /manga/farming-life-in-another-world-chapter-18/ HTTP/1.1" 200 34599 "https://isekainonbirinoukachapters.com/" "Mozilla/5.0 (Linux; Android 10; K) AppleWebKit/537.36 (KHTML, like Gecko) Chrome/136.0.0.0 Mobile Safari/537.36"
136.158.16.157 - - [08/Jun/2025:12:48:00 -0400] "GET /manga/farming-life-in-another-world-chapter-18/ HTTP/1.1" 304 0 "https://isekainonbirinoukachapters.com/" "Mozilla/5.0 (Linux; Android 10; K) AppleWebKit/537.36 (KHTML, like Gecko) Chrome/136.0.0.0 Mobile Safari/537.36"
136.158.16.157 - - [08/Jun/2025:12:48:01 -0400] "GET /manga/farming-life-in-another-world-chapter-12/ HTTP/1.1" 200 34646 "https://isekainonbirinoukachapters.com/" "Mozilla/5.0 (Linux; Android 10; K) AppleWebKit/537.36 (KHTML, like Gecko) Chrome/136.0.0.0 Mobile Safari/537.36"
136.158.16.157 - - [08/Jun/2025:12:48:02 -0400] "GET /manga/farming-life-in-another-world-chapter-12/ HTTP/1.1" 304 0 "https://isekainonbirinoukachapters.com/" "Mozilla/5.0 (Linux; Android 10; K) AppleWebKit/537.36 (KHTML, like Gecko) Chrome/136.0.0.0 Mobile Safari/537.36"
162.0.232.193 - - [08/Jun/2025:12:48:03 -0400] "POST /wp-cron.php?doing_wp_cron=1749401283.1611928939819335937500 HTTP/1.1" 200 0 "-" "WordPress/6.8.1; https://isekainonbirinoukachapters.com"
136.158.16.157 - - [08/Jun/2025:12:48:02 -0400] "POST /wp-admin/admin-ajax.php HTTP/1.1" 200 61 "https://isekainonbirinoukachapters.com/manga/farming-life-in-another-world-chapter-12/" "Mozilla/5.0 (Linux; Android 10; K) AppleWebKit/537.36 (KHTML, like Gecko) Chrome/136.0.0.0 Mobile Safari/537.36"
162.0.232.193 - - [08/Jun/2025:12:48:08 -0400] "GET /wp-content/uploads/89b93a66fa29a678cbd60ff176e1ea9a_1973.xml HTTP/1.1" 200 1499 "-" "Mozilla/5.0 (X11; Linux x86_64) AppleWebKit/537.36 (KHTML, like Gecko) Ubuntu Chromium/41.0.2272.76"
