47.82.60.23 - - [08/Jun/2025:09:48:33 -0400] "GET /manga/farming-life-in-another-world-chapter-37/ HTTP/1.1" 200 34071 "https://isekainonbirinoukachapters.com/manga/farming-life-in-another-world-chapter-37/" "Mozilla/5.0 (Windows NT 10.0; Win64; x64) AppleWebKit/537.36 (KHTML, like Gecko) Chrome/114.0.0.0 Safari/537.36 Edg/114.0.1823.43"
136.158.60.192 - - [08/Jun/2025:09:49:08 -0400] "GET /manga/farming-life-in-another-world-chapter-64/ HTTP/1.1" 200 34661 "-" "Mozilla/5.0 (Linux; Android 10; K) AppleWebKit/537.36 (KHTML, like Gecko) Chrome/137.0.0.0 Mobile Safari/537.36"
136.158.60.192 - - [08/Jun/2025:09:49:09 -0400] "GET /manga/farming-life-in-another-world-chapter-64/ HTTP/1.1" 304 0 "https://isekainonbirinoukachapters.com/manga/farming-life-in-another-world-chapter-63/" "Mozilla/5.0 (Linux; Android 10; K) AppleWebKit/537.36 (KHTML, like Gecko) Chrome/137.0.0.0 Mobile Safari/537.36"
162.0.232.193 - - [08/Jun/2025:09:49:10 -0400] "POST /wp-cron.php?doing_wp_cron=1749390549.9747319221496582031250 HTTP/1.1" 200 0 "-" "WordPress/6.8.1; https://isekainonbirinoukachapters.com"
136.158.60.192 - - [08/Jun/2025:09:49:09 -0400] "POST /wp-admin/admin-ajax.php HTTP/1.1" 200 61 "https://isekainonbirinoukachapters.com/manga/farming-life-in-another-world-chapter-64/" "Mozilla/5.0 (Linux; Android 10; K) AppleWebKit/537.36 (KHTML, like Gecko) Chrome/137.0.0.0 Mobile Safari/537.36"
47.82.61.93 - - [08/Jun/2025:09:49:17 -0400] "GET /manga/farming-life-in-another-world-chapter-67/ HTTP/1.1" 200 34675 "https://isekainonbirinoukachapters.com/manga/farming-life-in-another-world-chapter-67/" "Mozilla/5.0 (Windows NT 10.0; Win64; x64) AppleWebKit/537.36 (KHTML, like Gecko) Chrome/114.0.0.0 Safari/537.36 Edg/114.0.1823.43"
47.82.60.54 - - [08/Jun/2025:09:49:42 -0400] "GET /manga/farming-life-in-another-world-chapter-203/ HTTP/1.1" 200 34495 "https://isekainonbirinoukachapters.com/manga/farming-life-in-another-world-chapter-203/" "Mozilla/5.0 (Windows NT 10.0; Win64; x64) AppleWebKit/537.36 (KHTML, like Gecko) Chrome/114.0.0.0 Safari/537.36 Edg/114.0.1823.43"
47.82.60.111 - - [08/Jun/2025:09:49:48 -0400] "GET /manga/farming-life-in-another-world-chapter-240/ HTTP/1.1" 200 34510 "https://isekainonbirinoukachapters.com/manga/farming-life-in-another-world-chapter-240/" "Mozilla/5.0 (Windows NT 10.0; Win64; x64) AppleWebKit/537.36 (KHTML, like Gecko) Chrome/114.0.0.0 Safari/537.36 Edg/114.0.1823.43"
47.82.60.69 - - [08/Jun/2025:09:49:58 -0400] "GET /manga/farming-life-in-another-world-chapter-114/ HTTP/1.1" 200 34551 "https://isekainonbirinoukachapters.com/manga/farming-life-in-another-world-chapter-114/" "Mozilla/5.0 (Windows NT 10.0; Win64; x64) AppleWebKit/537.36 (KHTML, like Gecko) Chrome/114.0.0.0 Safari/537.36 Edg/114.0.1823.43"
47.82.60.218 - - [08/Jun/2025:09:50:18 -0400] "GET /manga/farming-life-in-another-world-chapter-118/ HTTP/1.1" 200 34469 "https://isekainonbirinoukachapters.com/manga/farming-life-in-another-world-chapter-118/" "Mozilla/5.0 (Windows NT 10.0; Win64; x64) AppleWebKit/537.36 (KHTML, like Gecko) Chrome/114.0.0.0 Safari/537.36 Edg/114.0.1823.43"
47.82.61.27 - - [08/Jun/2025:09:50:20 -0400] "GET /manga/farming-life-in-another-world-chapter-221/ HTTP/1.1" 200 34124 "https://isekainonbirinoukachapters.com/manga/farming-life-in-another-world-chapter-221/" "Mozilla/5.0 (Windows NT 10.0; Win64; x64) AppleWebKit/537.36 (KHTML, like Gecko) Chrome/114.0.0.0 Safari/537.36 Edg/114.0.1823.43"
2a09:bac2:4d96:270f::3e4:30 - - [08/Jun/2025:09:50:24 -0400] "GET /manga/farming-life-in-another-world-chapter-96/ HTTP/1.1" 200 34463 "https://isekainonbirinoukachapters.com/manga/farming-life-in-another-world-chapter-95/" "Mozilla/5.0 (Macintosh; Intel Mac OS X 10_15_7) AppleWebKit/605.1.15 (KHTML, like Gecko) Version/18.5 Safari/605.1.15"
162.0.232.193 - - [08/Jun/2025:09:50:24 -0400] "POST /wp-cron.php?doing_wp_cron=1749390624.8203060626983642578125 HTTP/1.1" 200 0 "-" "WordPress/6.8.1; https://isekainonbirinoukachapters.com"
2a09:bac2:4d96:270f::3e4:30 - - [08/Jun/2025:09:50:24 -0400] "POST /wp-admin/admin-ajax.php HTTP/1.1" 200 61 "https://isekainonbirinoukachapters.com/manga/farming-life-in-another-world-chapter-96/" "Mozilla/5.0 (Macintosh; Intel Mac OS X 10_15_7) AppleWebKit/605.1.15 (KHTML, like Gecko) Version/18.5 Safari/605.1.15"
47.82.60.139 - - [08/Jun/2025:09:50:34 -0400] "GET /manga/farming-life-in-another-world-chapter-166/ HTTP/1.1" 200 34539 "https://isekainonbirinoukachapters.com/manga/farming-life-in-another-world-chapter-166/" "Mozilla/5.0 (Windows NT 10.0; Win64; x64) AppleWebKit/537.36 (KHTML, like Gecko) Chrome/114.0.0.0 Safari/537.36 Edg/114.0.1823.43"
47.79.5.167 - - [08/Jun/2025:09:51:03 -0400] "GET /manga/farming-life-in-another-world-chapter-119/ HTTP/1.1" 200 34300 "https://isekainonbirinoukachapters.com/manga/farming-life-in-another-world-chapter-119/" "Mozilla/5.0 (Windows NT 10.0; Win64; x64) AppleWebKit/537.36 (KHTML, like Gecko) Chrome/114.0.0.0 Safari/537.36 Edg/114.0.1823.43"
142.169.16.12 - - [08/Jun/2025:09:51:17 -0400] "GET /manga/isekai-nonbiri-nouka-chapter-68-yaa-seduces/ HTTP/1.1" 301 0 "-" "Mozilla/5.0 (Macintosh; Intel Mac OS X 10_11_1) AppleWebKit/601.2.4 (KHTML, like Gecko) Version/9.0.1 Safari/601.2.4 facebookexternalhit/1.1 Facebot Twitterbot/1.0"
142.169.16.12 - - [08/Jun/2025:09:51:18 -0400] "GET /apple-touch-icon-precomposed.png HTTP/1.1" 301 0 "-" "NetworkingExtension/8621.2.5.10.10 Network/4277.122.6 iOS/18.5"
142.169.16.12 - - [08/Jun/2025:09:51:18 -0400] "GET /favicon.ico HTTP/1.1" 302 0 "-" "NetworkingExtension/8621.2.5.10.10 Network/4277.122.6 iOS/18.5"
142.169.16.12 - - [08/Jun/2025:09:51:18 -0400] "GET /apple-touch-icon.png HTTP/1.1" 301 0 "-" "NetworkingExtension/8621.2.5.10.10 Network/4277.122.6 iOS/18.5"
142.169.16.12 - - [08/Jun/2025:09:51:18 -0400] "GET / HTTP/1.1" 200 32286 "-" "NetworkingExtension/8621.2.5.10.10 Network/4277.122.6 iOS/18.5"
142.169.16.12 - - [08/Jun/2025:09:51:18 -0400] "GET / HTTP/1.1" 200 32423 "-" "NetworkingExtension/8621.2.5.10.10 Network/4277.122.6 iOS/18.5"
142.169.16.12 - - [08/Jun/2025:09:51:18 -0400] "GET /wp-content/uploads/2024/07/cropped-63b857c96f67c-32x32.jpg HTTP/1.1" 200 1070 "-" "NetworkingExtension/8621.2.5.10.10 Network/4277.122.6 iOS/18.5"
142.169.16.12 - - [08/Jun/2025:09:51:18 -0400] "GET / HTTP/1.1" 200 11276 "-" "Mozilla/5.0 (Macintosh; Intel Mac OS X 10_11_1) AppleWebKit/601.2.4 (KHTML, like Gecko) Version/9.0.1 Safari/601.2.4 facebookexternalhit/1.1 Facebot Twitterbot/1.0"
142.169.16.12 - - [08/Jun/2025:09:51:19 -0400] "GET /wp-content/uploads/2024/07/MV5BYjA4Mjc5OWYtMTQ1Yy00MWQyLTg3NGYtZTA0NjZiYzI0NDhhXkEyXkFqcGdeQXVyMzgxODM4NjM@._V1_FMjpg_UX1000_-711x1024.jpg HTTP/1.1" 200 187287 "-" "NetworkingExtension/8621.2.5.10.10 Network/4277.122.6 iOS/18.5"
142.169.16.12 - - [08/Jun/2025:09:51:19 -0400] "GET /wp-content/uploads/2024/07/cropped-63b857c96f67c-192x192.jpg HTTP/1.1" 200 7984 "-" "NetworkingExtension/8621.2.5.10.10 Network/4277.122.6 iOS/18.5"
142.169.16.12 - - [08/Jun/2025:09:51:19 -0400] "GET /wp-content/uploads/2024/07/cropped-63b857c96f67c-180x180.jpg HTTP/1.1" 200 7461 "-" "NetworkingExtension/8621.2.5.10.10 Network/4277.122.6 iOS/18.5"
45.153.195.87 - - [08/Jun/2025:09:51:52 -0400] "GET /manga/chapter-116/ HTTP/1.1" 200 34110 "https://isekainonbirinoukachapters.com/manga/chapter-115/" "Mozilla/5.0 (Linux; Android 10; K) AppleWebKit/537.36 (KHTML, like Gecko) Chrome/137.0.0.0 Mobile Safari/537.36"
45.153.195.87 - - [08/Jun/2025:09:51:53 -0400] "GET /manga/chapter-116/ HTTP/1.1" 304 0 "https://isekainonbirinoukachapters.com/manga/chapter-115/" "Mozilla/5.0 (Linux; Android 10; K) AppleWebKit/537.36 (KHTML, like Gecko) Chrome/137.0.0.0 Mobile Safari/537.36"
47.79.5.5 - - [08/Jun/2025:09:51:53 -0400] "GET /manga/farming-life-in-another-world-chapter-56/ HTTP/1.1" 200 34067 "https://isekainonbirinoukachapters.com/manga/farming-life-in-another-world-chapter-56/" "Mozilla/5.0 (Windows NT 10.0; Win64; x64) AppleWebKit/537.36 (KHTML, like Gecko) Chrome/114.0.0.0 Safari/537.36 Edg/114.0.1823.43"
162.0.232.193 - - [08/Jun/2025:09:51:53 -0400] "POST /wp-cron.php?doing_wp_cron=1749390713.6459860801696777343750 HTTP/1.1" 200 0 "-" "WordPress/6.8.1; https://isekainonbirinoukachapters.com"
45.153.195.87 - - [08/Jun/2025:09:51:54 -0400] "GET /manga/farming-life-in-another-world-chapter-117/ HTTP/1.1" 200 34597 "https://isekainonbirinoukachapters.com/manga/chapter-116/" "Mozilla/5.0 (Linux; Android 10; K) AppleWebKit/537.36 (KHTML, like Gecko) Chrome/137.0.0.0 Mobile Safari/537.36"
45.153.195.87 - - [08/Jun/2025:09:51:53 -0400] "POST /wp-admin/admin-ajax.php HTTP/1.1" 200 61 "https://isekainonbirinoukachapters.com/manga/chapter-116/" "Mozilla/5.0 (Linux; Android 10; K) AppleWebKit/537.36 (KHTML, like Gecko) Chrome/137.0.0.0 Mobile Safari/537.36"
45.153.195.87 - - [08/Jun/2025:09:51:54 -0400] "GET /manga/farming-life-in-another-world-chapter-117/ HTTP/1.1" 304 0 "https://isekainonbirinoukachapters.com/manga/chapter-116/" "Mozilla/5.0 (Linux; Android 10; K) AppleWebKit/537.36 (KHTML, like Gecko) Chrome/137.0.0.0 Mobile Safari/537.36"
45.153.195.87 - - [08/Jun/2025:09:51:56 -0400] "GET /manga/chapter-116/ HTTP/1.1" 304 0 "https://isekainonbirinoukachapters.com/manga/chapter-115/" "Mozilla/5.0 (Linux; Android 10; K) AppleWebKit/537.36 (KHTML, like Gecko) Chrome/137.0.0.0 Mobile Safari/537.36"
162.0.232.193 - - [08/Jun/2025:09:51:57 -0400] "POST /wp-cron.php?doing_wp_cron=1749390717.0369009971618652343750 HTTP/1.1" 200 0 "-" "WordPress/6.8.1; https://isekainonbirinoukachapters.com"
45.153.195.87 - - [08/Jun/2025:09:51:56 -0400] "POST /wp-admin/admin-ajax.php HTTP/1.1" 200 61 "https://isekainonbirinoukachapters.com/manga/chapter-116/" "Mozilla/5.0 (Linux; Android 10; K) AppleWebKit/537.36 (KHTML, like Gecko) Chrome/137.0.0.0 Mobile Safari/537.36"
45.153.195.87 - - [08/Jun/2025:09:51:58 -0400] "GET /manga/farming-life-in-another-world-chapter-117/ HTTP/1.1" 304 0 "https://isekainonbirinoukachapters.com/manga/chapter-116/" "Mozilla/5.0 (Linux; Android 10; K) AppleWebKit/537.36 (KHTML, like Gecko) Chrome/137.0.0.0 Mobile Safari/537.36"
45.153.195.87 - - [08/Jun/2025:09:51:58 -0400] "GET /manga/farming-life-in-another-world-chapter-117/ HTTP/1.1" 304 0 "https://isekainonbirinoukachapters.com/manga/chapter-116/" "Mozilla/5.0 (Linux; Android 10; K) AppleWebKit/537.36 (KHTML, like Gecko) Chrome/137.0.0.0 Mobile Safari/537.36"
45.153.195.87 - - [08/Jun/2025:09:52:01 -0400] "GET /category/farming-life-in-another-world/ HTTP/1.1" 200 31177 "https://isekainonbirinoukachapters.com/manga/chapter-116/" "Mozilla/5.0 (Linux; Android 10; K) AppleWebKit/537.36 (KHTML, like Gecko) Chrome/137.0.0.0 Mobile Safari/537.36"
45.153.195.87 - - [08/Jun/2025:09:52:01 -0400] "GET /category/farming-life-in-another-world/ HTTP/1.1" 304 0 "https://isekainonbirinoukachapters.com/manga/chapter-116/" "Mozilla/5.0 (Linux; Android 10; K) AppleWebKit/537.36 (KHTML, like Gecko) Chrome/137.0.0.0 Mobile Safari/537.36"
45.153.195.87 - - [08/Jun/2025:09:52:02 -0400] "POST /wp-admin/admin-ajax.php HTTP/1.1" 200 61 "https://isekainonbirinoukachapters.com/manga/farming-life-in-another-world-chapter-117/" "Mozilla/5.0 (Linux; Android 10; K) AppleWebKit/537.36 (KHTML, like Gecko) Chrome/137.0.0.0 Mobile Safari/537.36"
47.79.123.96 - - [08/Jun/2025:09:52:07 -0400] "GET /manga/farming-life-in-another-world-chapter-226/ HTTP/1.1" 200 34024 "https://isekainonbirinoukachapters.com/manga/farming-life-in-another-world-chapter-226/" "Mozilla/5.0 (Windows NT 10.0; Win64; x64) AppleWebKit/537.36 (KHTML, like Gecko) Chrome/114.0.0.0 Safari/537.36 Edg/114.0.1823.43"
139.135.192.186 - - [08/Jun/2025:09:52:34 -0400] "GET /manga/farming-life-in-another-world-chapter-221/ HTTP/1.1" 200 34142 "https://isekainonbirinoukachapters.com/manga/farming-life-in-another-world-chapter-220/" "Mozilla/5.0 (Linux; Android 10; K) AppleWebKit/537.36 (KHTML, like Gecko) Chrome/137.0.0.0 Mobile Safari/537.36"
47.79.122.22 - - [08/Jun/2025:09:52:35 -0400] "GET /manga/farming-life-in-another-world-chapter-74/ HTTP/1.1" 200 34182 "https://isekainonbirinoukachapters.com/manga/farming-life-in-another-world-chapter-74/" "Mozilla/5.0 (Windows NT 10.0; Win64; x64) AppleWebKit/537.36 (KHTML, like Gecko) Chrome/114.0.0.0 Safari/537.36 Edg/114.0.1823.43"
139.135.192.186 - - [08/Jun/2025:09:52:35 -0400] "GET /manga/farming-life-in-another-world-chapter-221/ HTTP/1.1" 304 0 "https://isekainonbirinoukachapters.com/manga/farming-life-in-another-world-chapter-220/" "Mozilla/5.0 (X11; Linux x86_64) AppleWebKit/537.36 (KHTML, like Gecko) Chrome/137.0.0.0 Safari/537.36"
47.82.61.101 - - [08/Jun/2025:09:52:36 -0400] "GET /manga/farming-life-in-another-world-chapter-239/ HTTP/1.1" 200 34058 "https://isekainonbirinoukachapters.com/manga/farming-life-in-another-world-chapter-239/" "Mozilla/5.0 (Windows NT 10.0; Win64; x64) AppleWebKit/537.36 (KHTML, like Gecko) Chrome/114.0.0.0 Safari/537.36 Edg/114.0.1823.43"
47.82.60.85 - - [08/Jun/2025:09:52:45 -0400] "GET /manga/farming-life-in-another-world-chapter-150/ HTTP/1.1" 200 34538 "https://isekainonbirinoukachapters.com/manga/farming-life-in-another-world-chapter-150/" "Mozilla/5.0 (Windows NT 10.0; Win64; x64) AppleWebKit/537.36 (KHTML, like Gecko) Chrome/114.0.0.0 Safari/537.36 Edg/114.0.1823.43"
2a09:bac2:4d96:270f::3e4:30 - - [08/Jun/2025:09:52:48 -0400] "GET /manga/farming-life-in-another-world-chapter-97/ HTTP/1.1" 200 34444 "https://isekainonbirinoukachapters.com/manga/farming-life-in-another-world-chapter-96/" "Mozilla/5.0 (Macintosh; Intel Mac OS X 10_15_7) AppleWebKit/605.1.15 (KHTML, like Gecko) Version/18.5 Safari/605.1.15"
2a09:bac2:4d96:270f::3e4:30 - - [08/Jun/2025:09:52:49 -0400] "POST /wp-admin/admin-ajax.php HTTP/1.1" 200 61 "https://isekainonbirinoukachapters.com/manga/farming-life-in-another-world-chapter-97/" "Mozilla/5.0 (Macintosh; Intel Mac OS X 10_15_7) AppleWebKit/605.1.15 (KHTML, like Gecko) Version/18.5 Safari/605.1.15"
47.82.60.106 - - [08/Jun/2025:09:53:05 -0400] "GET /manga/farming-life-in-another-world-chapter-26/ HTTP/1.1" 200 34100 "https://isekainonbirinoukachapters.com/manga/farming-life-in-another-world-chapter-26/" "Mozilla/5.0 (Windows NT 10.0; Win64; x64) AppleWebKit/537.36 (KHTML, like Gecko) Chrome/114.0.0.0 Safari/537.36 Edg/114.0.1823.43"
47.79.121.230 - - [08/Jun/2025:09:53:07 -0400] "GET /manga/farming-life-in-another-world-chapter-210/ HTTP/1.1" 200 34226 "https://isekainonbirinoukachapters.com/manga/farming-life-in-another-world-chapter-210/" "Mozilla/5.0 (Windows NT 10.0; Win64; x64) AppleWebKit/537.36 (KHTML, like Gecko) Chrome/114.0.0.0 Safari/537.36 Edg/114.0.1823.43"
47.82.60.112 - - [08/Jun/2025:09:53:09 -0400] "GET /manga/farming-life-in-another-world-chapter-141/ HTTP/1.1" 200 34353 "https://isekainonbirinoukachapters.com/manga/farming-life-in-another-world-chapter-141/" "Mozilla/5.0 (Windows NT 10.0; Win64; x64) AppleWebKit/537.36 (KHTML, like Gecko) Chrome/114.0.0.0 Safari/537.36 Edg/114.0.1823.43"
184.72.115.35 - - [08/Jun/2025:09:53:27 -0400] "GET /manga/farming-life-in-another-world-chapter-7/ HTTP/1.1" 200 34183 "-" "Mozilla/5.0 (Macintosh; Intel Mac OS X 10_10_1) AppleWebKit/600.1.25 (KHTML, like Gecko) Version/8.0 Safari/600.1.25"
47.82.61.0 - - [08/Jun/2025:09:53:48 -0400] "GET /manga/farming-life-in-another-world-chapter-237/ HTTP/1.1" 200 34122 "https://isekainonbirinoukachapters.com/manga/farming-life-in-another-world-chapter-237/" "Mozilla/5.0 (Windows NT 10.0; Win64; x64) AppleWebKit/537.36 (KHTML, like Gecko) Chrome/114.0.0.0 Safari/537.36 Edg/114.0.1823.43"
47.79.7.143 - - [08/Jun/2025:09:53:56 -0400] "GET /manga/farming-life-in-another-world-chapter-205/ HTTP/1.1" 200 33963 "https://isekainonbirinoukachapters.com/manga/farming-life-in-another-world-chapter-205/" "Mozilla/5.0 (Windows NT 10.0; Win64; x64) AppleWebKit/537.36 (KHTML, like Gecko) Chrome/114.0.0.0 Safari/537.36 Edg/114.0.1823.43"
47.82.60.121 - - [08/Jun/2025:09:54:31 -0400] "GET /manga/farming-life-in-another-world-chapter-157/ HTTP/1.1" 200 34327 "https://isekainonbirinoukachapters.com/manga/farming-life-in-another-world-chapter-157/" "Mozilla/5.0 (Windows NT 10.0; Win64; x64) AppleWebKit/537.36 (KHTML, like Gecko) Chrome/114.0.0.0 Safari/537.36 Edg/114.0.1823.43"
2a09:bac3:504d:1f5::32:11b - - [08/Jun/2025:09:54:42 -0400] "GET / HTTP/1.1" 200 32326 "https://www.google.com/" "Mozilla/5.0 (iPhone; CPU iPhone OS 18_5 like Mac OS X) AppleWebKit/605.1.15 (KHTML, like Gecko) Version/18.5 Mobile/15E148 Safari/604.1"
2a09:bac3:504d:1f5::32:11b - - [08/Jun/2025:09:54:43 -0400] "GET /wp-content/themes/toivo-lite/js/settings.min.js?ver=1.2.0 HTTP/1.1" 200 307 "https://isekainonbirinoukachapters.com/" "Mozilla/5.0 (iPhone; CPU iPhone OS 18_5 like Mac OS X) AppleWebKit/605.1.15 (KHTML, like Gecko) Version/18.5 Mobile/15E148 Safari/604.1"
2a09:bac3:504d:1f5::32:11b - - [08/Jun/2025:09:54:43 -0400] "GET /wp-content/cache/min/1/wp-content/plugins/comic-easel/js/keynav.js?ver=1729190448 HTTP/1.1" 200 221 "https://isekainonbirinoukachapters.com/" "Mozilla/5.0 (iPhone; CPU iPhone OS 18_5 like Mac OS X) AppleWebKit/605.1.15 (KHTML, like Gecko) Version/18.5 Mobile/15E148 Safari/604.1"
2a09:bac3:504d:1f5::32:11b - - [08/Jun/2025:09:54:43 -0400] "GET /wp-content/uploads/2024/07/cropped-9781642730852_il_1_aad6e-1.webp HTTP/1.1" 200 97090 "https://isekainonbirinoukachapters.com/" "Mozilla/5.0 (iPhone; CPU iPhone OS 18_5 like Mac OS X) AppleWebKit/605.1.15 (KHTML, like Gecko) Version/18.5 Mobile/15E148 Safari/604.1"
2a09:bac3:504d:1f5::32:11b - - [08/Jun/2025:09:54:43 -0400] "GET /wp-includes/js/jquery/jquery.min.js?ver=3.7.1 HTTP/1.1" 200 29744 "https://isekainonbirinoukachapters.com/" "Mozilla/5.0 (iPhone; CPU iPhone OS 18_5 like Mac OS X) AppleWebKit/605.1.15 (KHTML, like Gecko) Version/18.5 Mobile/15E148 Safari/604.1"
2a09:bac3:504d:1f5::32:11b - - [08/Jun/2025:09:54:43 -0400] "GET /wp-content/plugins/simple-social-buttons/assets/js/frontend-blocks.js?ver=6.1.0 HTTP/1.1" 200 0 "https://isekainonbirinoukachapters.com/" "Mozilla/5.0 (iPhone; CPU iPhone OS 18_5 like Mac OS X) AppleWebKit/605.1.15 (KHTML, like Gecko) Version/18.5 Mobile/15E148 Safari/604.1"
2a09:bac3:504d:1f5::32:11b - - [08/Jun/2025:09:54:43 -0400] "GET /wp-includes/js/jquery/jquery-migrate.min.js?ver=3.4.1 HTTP/1.1" 200 4678 "https://isekainonbirinoukachapters.com/" "Mozilla/5.0 (iPhone; CPU iPhone OS 18_5 like Mac OS X) AppleWebKit/605.1.15 (KHTML, like Gecko) Version/18.5 Mobile/15E148 Safari/604.1"
2a09:bac3:504d:1f5::32:11b - - [08/Jun/2025:09:54:43 -0400] "GET /wp-content/themes/toivo-lite/js/responsive-nav.min.js?ver=1.2.0 HTTP/1.1" 200 2102 "https://isekainonbirinoukachapters.com/" "Mozilla/5.0 (iPhone; CPU iPhone OS 18_5 like Mac OS X) AppleWebKit/605.1.15 (KHTML, like Gecko) Version/18.5 Mobile/15E148 Safari/604.1"
2a09:bac3:504d:1f5::32:11b - - [08/Jun/2025:09:54:43 -0400] "GET /wp-content/uploads/2024/07/MV5BYjA4Mjc5OWYtMTQ1Yy00MWQyLTg3NGYtZTA0NjZiYzI0NDhhXkEyXkFqcGdeQXVyMzgxODM4NjM@._V1_FMjpg_UX1000_.jpg HTTP/1.1" 200 260352 "https://isekainonbirinoukachapters.com/" "Mozilla/5.0 (iPhone; CPU iPhone OS 18_5 like Mac OS X) AppleWebKit/605.1.15 (KHTML, like Gecko) Version/18.5 Mobile/15E148 Safari/604.1"
2a09:bac3:504d:1f5::32:11b - - [08/Jun/2025:09:54:43 -0400] "GET /wp-content/themes/toivo-lite/js/functions.min.js?ver=1.2.0 HTTP/1.1" 200 593 "https://isekainonbirinoukachapters.com/" "Mozilla/5.0 (iPhone; CPU iPhone OS 18_5 like Mac OS X) AppleWebKit/605.1.15 (KHTML, like Gecko) Version/18.5 Mobile/15E148 Safari/604.1"
2a09:bac3:504d:1f5::32:11b - - [08/Jun/2025:09:54:43 -0400] "GET /wp-content/cache/min/1/wp-content/plugins/simple-social-buttons/assets/js/front.js?ver=1729190448 HTTP/1.1" 200 1488 "https://isekainonbirinoukachapters.com/" "Mozilla/5.0 (iPhone; CPU iPhone OS 18_5 like Mac OS X) AppleWebKit/605.1.15 (KHTML, like Gecko) Version/18.5 Mobile/15E148 Safari/604.1"
2a09:bac3:504d:1f5::32:11b - - [08/Jun/2025:09:54:45 -0400] "GET /wp-content/uploads/2024/07/cropped-63b857c96f67c-32x32.jpg HTTP/1.1" 200 1070 "https://isekainonbirinoukachapters.com/" "Mozilla/5.0 (iPhone; CPU iPhone OS 18_5 like Mac OS X) AppleWebKit/605.1.15 (KHTML, like Gecko) Version/18.5 Mobile/15E148 Safari/604.1"
2a09:bac3:504d:1f5::32:11b - - [08/Jun/2025:09:54:45 -0400] "GET /wp-content/uploads/2024/07/cropped-63b857c96f67c-192x192.jpg HTTP/1.1" 200 7984 "https://isekainonbirinoukachapters.com/" "Mozilla/5.0 (iPhone; CPU iPhone OS 18_5 like Mac OS X) AppleWebKit/605.1.15 (KHTML, like Gecko) Version/18.5 Mobile/15E148 Safari/604.1"
47.82.60.118 - - [08/Jun/2025:09:54:51 -0400] "GET /manga/farming-life-in-another-world-chapter-111/ HTTP/1.1" 200 33974 "https://isekainonbirinoukachapters.com/manga/farming-life-in-another-world-chapter-111/" "Mozilla/5.0 (Windows NT 10.0; Win64; x64) AppleWebKit/537.36 (KHTML, like Gecko) Chrome/114.0.0.0 Safari/537.36 Edg/114.0.1823.43"
162.0.232.193 - - [08/Jun/2025:09:55:11 -0400] "POST /wp-cron.php?doing_wp_cron=1749390911.8090839385986328125000 HTTP/1.1" 200 0 "-" "WordPress/6.8.1; https://isekainonbirinoukachapters.com"
2001:41d0:203:b338:: - - [08/Jun/2025:09:55:11 -0400] "GET /wp-login.php HTTP/1.1" 200 1910 "-" "Mozilla/5.0 (X11; Ubuntu; Linux x86_64; rv:85.0) Gecko/20100101 Firefox/91.0"
2001:41d0:203:b338:: - - [08/Jun/2025:09:55:12 -0400] "POST /wp-login.php HTTP/1.1" 200 2068 "-" "Mozilla/5.0 (X11; Ubuntu; Linux x86_64; rv:85.0) Gecko/20100101 Firefox/91.0"
47.79.7.143 - - [08/Jun/2025:09:55:14 -0400] "GET /manga/farming-life-in-another-world-chapter-214/ HTTP/1.1" 200 34127 "https://isekainonbirinoukachapters.com/manga/farming-life-in-another-world-chapter-214/" "Mozilla/5.0 (Windows NT 10.0; Win64; x64) AppleWebKit/537.36 (KHTML, like Gecko) Chrome/114.0.0.0 Safari/537.36 Edg/114.0.1823.43"
2001:4860:7:151f::f9 - - [08/Jun/2025:09:55:21 -0400] "GET / HTTP/1.1" 200 32326 "https://www.google.nl/" "Mozilla/5.0 (Linux; Android 10; K) AppleWebKit/537.36 (KHTML, like Gecko) Chrome/137.0.0.0 Mobile Safari/537.36"
47.82.60.147 - - [08/Jun/2025:09:55:24 -0400] "GET /manga/farming-life-in-another-world-chapter-200/ HTTP/1.1" 200 34543 "https://isekainonbirinoukachapters.com/manga/farming-life-in-another-world-chapter-200/" "Mozilla/5.0 (Windows NT 10.0; Win64; x64) AppleWebKit/537.36 (KHTML, like Gecko) Chrome/114.0.0.0 Safari/537.36 Edg/114.0.1823.43"
184.72.121.156 - - [08/Jun/2025:09:55:35 -0400] "GET /manga/farming-life-in-another-world-chapter-8/ HTTP/1.1" 200 34613 "-" "Mozilla/5.0 (Macintosh; Intel Mac OS X 10_10_1) AppleWebKit/600.1.25 (KHTML, like Gecko) Version/8.0 Safari/600.1.25"
47.79.98.210 - - [08/Jun/2025:09:55:40 -0400] "GET /manga/farming-life-in-another-world-chapter-196/ HTTP/1.1" 200 34499 "https://isekainonbirinoukachapters.com/manga/farming-life-in-another-world-chapter-196/" "Mozilla/5.0 (Windows NT 10.0; Win64; x64) AppleWebKit/537.36 (KHTML, like Gecko) Chrome/114.0.0.0 Safari/537.36 Edg/114.0.1823.43"
139.135.192.186 - - [08/Jun/2025:09:56:37 -0400] "GET /manga/farming-life-in-another-world-chapter-222/ HTTP/1.1" 200 34545 "https://isekainonbirinoukachapters.com/manga/farming-life-in-another-world-chapter-221/" "Mozilla/5.0 (Linux; Android 10; K) AppleWebKit/537.36 (KHTML, like Gecko) Chrome/137.0.0.0 Mobile Safari/537.36"
139.135.192.186 - - [08/Jun/2025:09:56:38 -0400] "GET /manga/farming-life-in-another-world-chapter-222/ HTTP/1.1" 200 34186 "https://isekainonbirinoukachapters.com/manga/farming-life-in-another-world-chapter-221/" "Mozilla/5.0 (X11; Linux x86_64) AppleWebKit/537.36 (KHTML, like Gecko) Chrome/137.0.0.0 Safari/537.36"
47.79.123.171 - - [08/Jun/2025:09:56:48 -0400] "GET /manga/farming-life-in-another-world-chapter-122/ HTTP/1.1" 200 34489 "https://isekainonbirinoukachapters.com/manga/farming-life-in-another-world-chapter-122/" "Mozilla/5.0 (Windows NT 10.0; Win64; x64) AppleWebKit/537.36 (KHTML, like Gecko) Chrome/114.0.0.0 Safari/537.36 Edg/114.0.1823.43"
47.79.5.207 - - [08/Jun/2025:09:57:09 -0400] "GET /manga/farming-life-in-another-world-chapter-59/ HTTP/1.1" 200 34521 "https://isekainonbirinoukachapters.com/manga/farming-life-in-another-world-chapter-59/" "Mozilla/5.0 (Windows NT 10.0; Win64; x64) AppleWebKit/537.36 (KHTML, like Gecko) Chrome/114.0.0.0 Safari/537.36 Edg/114.0.1823.43"
162.0.232.193 - - [08/Jun/2025:09:57:15 -0400] "POST /wp-cron.php?doing_wp_cron=1749391035.2929461002349853515625 HTTP/1.1" 200 0 "-" "WordPress/6.8.1; https://isekainonbirinoukachapters.com"
121.127.99.225 - - [08/Jun/2025:09:57:14 -0400] "GET /manga/isekai-nonbiri-nouka-chapter-252/ HTTP/1.1" 301 0 "-" "Mozilla/5.0 (iPhone; CPU iPhone OS 18_5 like Mac OS X) AppleWebKit/605.1.15 (KHTML, like Gecko) Mobile/15E148"
121.127.99.225 - - [08/Jun/2025:09:57:15 -0400] "GET / HTTP/1.1" 200 32326 "-" "Mozilla/5.0 (iPhone; CPU iPhone OS 18_5 like Mac OS X) AppleWebKit/605.1.15 (KHTML, like Gecko) Mobile/15E148"
47.82.61.59 - - [08/Jun/2025:09:57:20 -0400] "GET /manga/farming-life-in-another-world-chapter-54/ HTTP/1.1" 200 34224 "https://isekainonbirinoukachapters.com/manga/farming-life-in-another-world-chapter-54/" "Mozilla/5.0 (Windows NT 10.0; Win64; x64) AppleWebKit/537.36 (KHTML, like Gecko) Chrome/114.0.0.0 Safari/537.36 Edg/114.0.1823.43"
47.82.60.72 - - [08/Jun/2025:09:57:24 -0400] "GET /manga/farming-life-in-another-world-chapter-183/ HTTP/1.1" 200 34597 "https://isekainonbirinoukachapters.com/manga/farming-life-in-another-world-chapter-183/" "Mozilla/5.0 (Windows NT 10.0; Win64; x64) AppleWebKit/537.36 (KHTML, like Gecko) Chrome/114.0.0.0 Safari/537.36 Edg/114.0.1823.43"
47.82.61.104 - - [08/Jun/2025:09:57:35 -0400] "GET /manga/farming-life-in-another-world-chapter-223/ HTTP/1.1" 200 34182 "https://isekainonbirinoukachapters.com/manga/farming-life-in-another-world-chapter-223/" "Mozilla/5.0 (Windows NT 10.0; Win64; x64) AppleWebKit/537.36 (KHTML, like Gecko) Chrome/114.0.0.0 Safari/537.36 Edg/114.0.1823.43"
136.158.60.192 - - [08/Jun/2025:09:58:36 -0400] "GET /category/isekai-nonbiri-nouka-manga/ HTTP/1.1" 200 31277 "-" "Mozilla/5.0 (Linux; Android 10; K) AppleWebKit/537.36 (KHTML, like Gecko) Chrome/137.0.0.0 Mobile Safari/537.36"
136.158.60.192 - - [08/Jun/2025:09:58:36 -0400] "GET /manga/farming-life-in-another-world-chapter-65/ HTTP/1.1" 304 0 "-" "Mozilla/5.0 (Linux; Android 10; K) AppleWebKit/537.36 (KHTML, like Gecko) Chrome/137.0.0.0 Mobile Safari/537.36"
136.158.60.192 - - [08/Jun/2025:09:58:36 -0400] "GET /manga/farming-life-in-another-world-chapter-65/ HTTP/1.1" 304 0 "https://isekainonbirinoukachapters.com/manga/farming-life-in-another-world-chapter-64/" "Mozilla/5.0 (Linux; Android 10; K) AppleWebKit/537.36 (KHTML, like Gecko) Chrome/137.0.0.0 Mobile Safari/537.36"
136.158.60.192 - - [08/Jun/2025:09:58:37 -0400] "GET / HTTP/1.1" 304 0 "-" "Mozilla/5.0 (Linux; Android 10; K) AppleWebKit/537.36 (KHTML, like Gecko) Chrome/137.0.0.0 Mobile Safari/537.36"
162.0.232.193 - - [08/Jun/2025:09:58:37 -0400] "POST /wp-cron.php?doing_wp_cron=1749391117.5418450832366943359375 HTTP/1.1" 200 0 "-" "WordPress/6.8.1; https://isekainonbirinoukachapters.com"
136.158.60.192 - - [08/Jun/2025:09:58:37 -0400] "POST /wp-admin/admin-ajax.php HTTP/1.1" 200 61 "https://isekainonbirinoukachapters.com/manga/farming-life-in-another-world-chapter-65/" "Mozilla/5.0 (Linux; Android 10; K) AppleWebKit/537.36 (KHTML, like Gecko) Chrome/137.0.0.0 Mobile Safari/537.36"
54.209.60.63 - - [08/Jun/2025:09:59:04 -0400] "GET /manga/farming-life-in-another-world-chapter-12/ HTTP/1.1" 200 34189 "-" "Mozilla/5.0 (Macintosh; Intel Mac OS X 10_10_1) AppleWebKit/600.1.25 (KHTML, like Gecko) Version/8.0 Safari/600.1.25"
47.82.60.189 - - [08/Jun/2025:09:59:25 -0400] "GET /manga/farming-life-in-another-world-chapter-197/ HTTP/1.1" 200 34499 "https://isekainonbirinoukachapters.com/manga/farming-life-in-another-world-chapter-197/" "Mozilla/5.0 (Windows NT 10.0; Win64; x64) AppleWebKit/537.36 (KHTML, like Gecko) Chrome/114.0.0.0 Safari/537.36 Edg/114.0.1823.43"
54.209.60.63 - - [08/Jun/2025:09:59:31 -0400] "GET /manga/farming-life-in-another-world-chapter-13/ HTTP/1.1" 200 34106 "-" "Mozilla/5.0 (Macintosh; Intel Mac OS X 10_10_1) AppleWebKit/600.1.25 (KHTML, like Gecko) Version/8.0 Safari/600.1.25"
47.82.60.95 - - [08/Jun/2025:09:59:40 -0400] "GET /manga/farming-life-in-another-world-chapter-17/ HTTP/1.1" 200 34567 "https://isekainonbirinoukachapters.com/manga/farming-life-in-another-world-chapter-17/" "Mozilla/5.0 (Windows NT 10.0; Win64; x64) AppleWebKit/537.36 (KHTML, like Gecko) Chrome/114.0.0.0 Safari/537.36 Edg/114.0.1823.43"
47.82.60.142 - - [08/Jun/2025:10:00:11 -0400] "GET /manga/farming-life-in-another-world-chapter-96/ HTTP/1.1" 200 34463 "https://isekainonbirinoukachapters.com/manga/farming-life-in-another-world-chapter-96/" "Mozilla/5.0 (Windows NT 10.0; Win64; x64) AppleWebKit/537.36 (KHTML, like Gecko) Chrome/114.0.0.0 Safari/537.36 Edg/114.0.1823.43"
2600:387:15:2012::9 - - [08/Jun/2025:10:00:14 -0400] "GET /manga/farming-life-in-another-world-chapter-64/ HTTP/1.1" 200 34661 "https://isekainonbirinoukachapters.com/manga/farming-life-in-another-world-chapter-63/" "Mozilla/5.0 (iPhone; CPU iPhone OS 18_3_2 like Mac OS X) AppleWebKit/605.1.15 (KHTML, like Gecko) Version/18.3.1 Mobile/15E148 Safari/604.1"
2600:387:15:2012::9 - - [08/Jun/2025:10:00:14 -0400] "GET /wp-content/plugins/simple-social-buttons/assets/fonts/ssb-icon.ttf?eahqa2 HTTP/1.1" 200 7412 "https://isekainonbirinoukachapters.com/manga/farming-life-in-another-world-chapter-64/" "Mozilla/5.0 (iPhone; CPU iPhone OS 18_3_2 like Mac OS X) AppleWebKit/605.1.15 (KHTML, like Gecko) Version/18.3.1 Mobile/15E148 Safari/604.1"
2600:387:15:2012::9 - - [08/Jun/2025:10:00:14 -0400] "GET /wp-includes/js/jquery/jquery-migrate.min.js?ver=3.4.1 HTTP/1.1" 200 4678 "https://isekainonbirinoukachapters.com/manga/farming-life-in-another-world-chapter-64/" "Mozilla/5.0 (iPhone; CPU iPhone OS 18_3_2 like Mac OS X) AppleWebKit/605.1.15 (KHTML, like Gecko) Version/18.3.1 Mobile/15E148 Safari/604.1"
2600:387:15:2012::9 - - [08/Jun/2025:10:00:14 -0400] "GET /wp-content/themes/toivo-lite/js/settings.min.js?ver=1.2.0 HTTP/1.1" 200 307 "https://isekainonbirinoukachapters.com/manga/farming-life-in-another-world-chapter-64/" "Mozilla/5.0 (iPhone; CPU iPhone OS 18_3_2 like Mac OS X) AppleWebKit/605.1.15 (KHTML, like Gecko) Version/18.3.1 Mobile/15E148 Safari/604.1"
2600:387:15:2012::9 - - [08/Jun/2025:10:00:14 -0400] "GET /wp-content/themes/toivo-lite/js/responsive-nav.min.js?ver=1.2.0 HTTP/1.1" 200 2102 "https://isekainonbirinoukachapters.com/manga/farming-life-in-another-world-chapter-64/" "Mozilla/5.0 (iPhone; CPU iPhone OS 18_3_2 like Mac OS X) AppleWebKit/605.1.15 (KHTML, like Gecko) Version/18.3.1 Mobile/15E148 Safari/604.1"
2600:387:15:2012::9 - - [08/Jun/2025:10:00:14 -0400] "GET /wp-content/cache/min/1/wp-content/plugins/comic-easel/js/keynav.js?ver=1729190448 HTTP/1.1" 200 221 "https://isekainonbirinoukachapters.com/manga/farming-life-in-another-world-chapter-64/" "Mozilla/5.0 (iPhone; CPU iPhone OS 18_3_2 like Mac OS X) AppleWebKit/605.1.15 (KHTML, like Gecko) Version/18.3.1 Mobile/15E148 Safari/604.1"
2600:387:15:2012::9 - - [08/Jun/2025:10:00:14 -0400] "GET /wp-includes/js/comment-reply.min.js?ver=6.8.1 HTTP/1.1" 200 1247 "https://isekainonbirinoukachapters.com/manga/farming-life-in-another-world-chapter-64/" "Mozilla/5.0 (iPhone; CPU iPhone OS 18_3_2 like Mac OS X) AppleWebKit/605.1.15 (KHTML, like Gecko) Version/18.3.1 Mobile/15E148 Safari/604.1"
2600:387:15:2012::9 - - [08/Jun/2025:10:00:14 -0400] "GET /wp-content/themes/toivo-lite/js/functions.min.js?ver=1.2.0 HTTP/1.1" 200 593 "https://isekainonbirinoukachapters.com/manga/farming-life-in-another-world-chapter-64/" "Mozilla/5.0 (iPhone; CPU iPhone OS 18_3_2 like Mac OS X) AppleWebKit/605.1.15 (KHTML, like Gecko) Version/18.3.1 Mobile/15E148 Safari/604.1"
2600:387:15:2012::9 - - [08/Jun/2025:10:00:14 -0400] "GET /wp-content/cache/min/1/wp-content/plugins/wp-automatic/js/main-front.js?ver=1729190448 HTTP/1.1" 200 276 "https://isekainonbirinoukachapters.com/manga/farming-life-in-another-world-chapter-64/" "Mozilla/5.0 (iPhone; CPU iPhone OS 18_3_2 like Mac OS X) AppleWebKit/605.1.15 (KHTML, like Gecko) Version/18.3.1 Mobile/15E148 Safari/604.1"
2600:387:15:2012::9 - - [08/Jun/2025:10:00:14 -0400] "GET /wp-content/plugins/simple-social-buttons/assets/js/frontend-blocks.js?ver=6.1.0 HTTP/1.1" 200 0 "https://isekainonbirinoukachapters.com/manga/farming-life-in-another-world-chapter-64/" "Mozilla/5.0 (iPhone; CPU iPhone OS 18_3_2 like Mac OS X) AppleWebKit/605.1.15 (KHTML, like Gecko) Version/18.3.1 Mobile/15E148 Safari/604.1"
2600:387:15:2012::9 - - [08/Jun/2025:10:00:14 -0400] "GET /wp-content/cache/min/1/wp-content/plugins/disqus-comment-system/public/js/comment_count.js?ver=1729190448 HTTP/1.1" 200 308 "https://isekainonbirinoukachapters.com/manga/farming-life-in-another-world-chapter-64/" "Mozilla/5.0 (iPhone; CPU iPhone OS 18_3_2 like Mac OS X) AppleWebKit/605.1.15 (KHTML, like Gecko) Version/18.3.1 Mobile/15E148 Safari/604.1"
2600:387:15:2012::9 - - [08/Jun/2025:10:00:14 -0400] "GET /wp-includes/js/jquery/jquery.min.js?ver=3.7.1 HTTP/1.1" 200 29744 "https://isekainonbirinoukachapters.com/manga/farming-life-in-another-world-chapter-64/" "Mozilla/5.0 (iPhone; CPU iPhone OS 18_3_2 like Mac OS X) AppleWebKit/605.1.15 (KHTML, like Gecko) Version/18.3.1 Mobile/15E148 Safari/604.1"
2600:387:15:2012::9 - - [08/Jun/2025:10:00:15 -0400] "GET /wp-content/uploads/2024/07/cropped-9781642730852_il_1_aad6e-1.webp HTTP/1.1" 200 97090 "https://isekainonbirinoukachapters.com/manga/farming-life-in-another-world-chapter-64/" "Mozilla/5.0 (iPhone; CPU iPhone OS 18_3_2 like Mac OS X) AppleWebKit/605.1.15 (KHTML, like Gecko) Version/18.3.1 Mobile/15E148 Safari/604.1"
2600:387:15:2012::9 - - [08/Jun/2025:10:00:15 -0400] "GET /wp-content/uploads/2024/07/cropped-63b857c96f67c-32x32.jpg HTTP/1.1" 200 1070 "https://isekainonbirinoukachapters.com/manga/farming-life-in-another-world-chapter-64/" "Mozilla/5.0 (iPhone; CPU iPhone OS 18_3_2 like Mac OS X) AppleWebKit/605.1.15 (KHTML, like Gecko) Version/18.3.1 Mobile/15E148 Safari/604.1"
2600:387:15:2012::9 - - [08/Jun/2025:10:00:15 -0400] "GET /wp-content/uploads/2024/07/cropped-63b857c96f67c-192x192.jpg HTTP/1.1" 200 7984 "https://isekainonbirinoukachapters.com/manga/farming-life-in-another-world-chapter-64/" "Mozilla/5.0 (iPhone; CPU iPhone OS 18_3_2 like Mac OS X) AppleWebKit/605.1.15 (KHTML, like Gecko) Version/18.3.1 Mobile/15E148 Safari/604.1"
162.0.232.193 - - [08/Jun/2025:10:00:15 -0400] "POST /wp-cron.php?doing_wp_cron=1749391215.6755828857421875000000 HTTP/1.1" 200 0 "-" "WordPress/6.8.1; https://isekainonbirinoukachapters.com"
2600:387:15:2012::9 - - [08/Jun/2025:10:00:15 -0400] "POST /wp-admin/admin-ajax.php HTTP/1.1" 200 61 "https://isekainonbirinoukachapters.com/manga/farming-life-in-another-world-chapter-64/" "Mozilla/5.0 (iPhone; CPU iPhone OS 18_3_2 like Mac OS X) AppleWebKit/605.1.15 (KHTML, like Gecko) Version/18.3.1 Mobile/15E148 Safari/604.1"
2600:1009:b186:1eec:c1c1:4e1a:90da:8999 - - [08/Jun/2025:10:00:21 -0400] "GET / HTTP/1.1" 200 32326 "https://isekainonbirinoukachapters.com/manga/farming-life-in-another-world-chapter-46/" "Mozilla/5.0 (Linux; Android 10; K) AppleWebKit/537.36 (KHTML, like Gecko) Chrome/137.0.0.0 Mobile Safari/537.36"
2600:1009:b186:1eec:c1c1:4e1a:90da:8999 - - [08/Jun/2025:10:00:22 -0400] "GET / HTTP/1.1" 304 0 "https://isekainonbirinoukachapters.com/manga/farming-life-in-another-world-chapter-46/" "Mozilla/5.0 (Linux; Android 10; K) AppleWebKit/537.36 (KHTML, like Gecko) Chrome/137.0.0.0 Mobile Safari/537.36"
2600:1009:b186:1eec:c1c1:4e1a:90da:8999 - - [08/Jun/2025:10:00:21 -0400] "POST /wp-admin/admin-ajax.php HTTP/1.1" 200 61 "https://isekainonbirinoukachapters.com/manga/farming-life-in-another-world-chapter-46/" "Mozilla/5.0 (Linux; Android 10; K) AppleWebKit/537.36 (KHTML, like Gecko) Chrome/137.0.0.0 Mobile Safari/537.36"
2001:fd8:2606:d17c:e1ab:ef58:5c6d:79d2 - - [08/Jun/2025:10:00:42 -0400] "GET /category/isekai-nonbiri-nouka-manga/page/11/ HTTP/1.1" 304 0 "https://isekainonbirinoukachapters.com/category/isekai-nonbiri-nouka-manga/page/12/" "Mozilla/5.0 (Linux; Android 10; K) AppleWebKit/537.36 (KHTML, like Gecko) Chrome/137.0.0.0 Mobile Safari/537.36"
2001:fd8:2606:d17c:e1ab:ef58:5c6d:79d2 - - [08/Jun/2025:10:00:42 -0400] "GET /category/isekai-nonbiri-nouka-manga/page/11/ HTTP/1.1" 304 0 "https://isekainonbirinoukachapters.com/category/isekai-nonbiri-nouka-manga/page/12/" "Mozilla/5.0 (Linux; Android 10; K) AppleWebKit/537.36 (KHTML, like Gecko) Chrome/137.0.0.0 Mobile Safari/537.36"
2001:fd8:2606:d17c:e1ab:ef58:5c6d:79d2 - - [08/Jun/2025:10:00:42 -0400] "GET /category/isekai-nonbiri-nouka-manga/page/13/ HTTP/1.1" 200 33341 "https://isekainonbirinoukachapters.com/category/isekai-nonbiri-nouka-manga/page/12/" "Mozilla/5.0 (Linux; Android 10; K) AppleWebKit/537.36 (KHTML, like Gecko) Chrome/137.0.0.0 Mobile Safari/537.36"
2001:fd8:2606:d17c:e1ab:ef58:5c6d:79d2 - - [08/Jun/2025:10:00:43 -0400] "GET /category/isekai-nonbiri-nouka-manga/page/13/ HTTP/1.1" 304 0 "https://isekainonbirinoukachapters.com/category/isekai-nonbiri-nouka-manga/page/12/" "Mozilla/5.0 (Linux; Android 10; K) AppleWebKit/537.36 (KHTML, like Gecko) Chrome/137.0.0.0 Mobile Safari/537.36"
2001:fd8:2606:d17c:e1ab:ef58:5c6d:79d2 - - [08/Jun/2025:10:00:45 -0400] "POST /wp-admin/admin-ajax.php HTTP/1.1" 200 695 "https://isekainonbirinoukachapters.com/category/isekai-nonbiri-nouka-manga/page/13/" "Mozilla/5.0 (Linux; Android 10; K) AppleWebKit/537.36 (KHTML, like Gecko) Chrome/137.0.0.0 Mobile Safari/537.36"
2600:1003:b068:f0c8:4cab:9cef:576:5262 - - [08/Jun/2025:10:01:35 -0400] "GET / HTTP/1.1" 200 32523 "https://www.google.com/" "Mozilla/5.0 (Linux; Android 10; K) AppleWebKit/537.36 (KHTML, like Gecko) Chrome/137.0.0.0 Mobile Safari/537.36"
54.209.60.63 - - [08/Jun/2025:10:01:36 -0400] "GET /manga/farming-life-in-another-world-chapter-10/ HTTP/1.1" 200 34108 "-" "Mozilla/5.0 (Macintosh; Intel Mac OS X 10_10_1) AppleWebKit/600.1.25 (KHTML, like Gecko) Version/8.0 Safari/600.1.25"
184.72.115.35 - - [08/Jun/2025:10:01:41 -0400] "GET /manga/farming-life-in-another-world-chapter-5/ HTTP/1.1" 200 34488 "-" "Mozilla/5.0 (Macintosh; Intel Mac OS X 10_10_1) AppleWebKit/600.1.25 (KHTML, like Gecko) Version/8.0 Safari/600.1.25"
2001:fd8:2606:d17c:e1ab:ef58:5c6d:79d2 - - [08/Jun/2025:10:01:42 -0400] "GET /manga/farming-life-in-another-world-chapter-122/ HTTP/1.1" 200 34527 "https://isekainonbirinoukachapters.com/category/isekai-nonbiri-nouka-manga/page/13/" "Mozilla/5.0 (Linux; Android 10; K) AppleWebKit/537.36 (KHTML, like Gecko) Chrome/137.0.0.0 Mobile Safari/537.36"
2001:fd8:2606:d17c:e1ab:ef58:5c6d:79d2 - - [08/Jun/2025:10:01:44 -0400] "GET /manga/farming-life-in-another-world-chapter-125/ HTTP/1.1" 200 34115 "https://isekainonbirinoukachapters.com/category/isekai-nonbiri-nouka-manga/page/13/" "Mozilla/5.0 (Linux; Android 10; K) AppleWebKit/537.36 (KHTML, like Gecko) Chrome/137.0.0.0 Mobile Safari/537.36"
2001:fd8:2606:d17c:e1ab:ef58:5c6d:79d2 - - [08/Jun/2025:10:01:53 -0400] "GET /manga/farming-life-in-another-world-chapter-122/ HTTP/1.1" 304 0 "https://isekainonbirinoukachapters.com/category/isekai-nonbiri-nouka-manga/page/13/" "Mozilla/5.0 (Linux; Android 10; K) AppleWebKit/537.36 (KHTML, like Gecko) Chrome/137.0.0.0 Mobile Safari/537.36"
139.135.192.186 - - [08/Jun/2025:10:01:57 -0400] "GET /manga/farming-life-in-another-world-chapter-223/ HTTP/1.1" 200 34245 "https://isekainonbirinoukachapters.com/manga/farming-life-in-another-world-chapter-222/" "Mozilla/5.0 (Linux; Android 10; K) AppleWebKit/537.36 (KHTML, like Gecko) Chrome/137.0.0.0 Mobile Safari/537.36"
139.135.192.186 - - [08/Jun/2025:10:01:58 -0400] "GET /manga/farming-life-in-another-world-chapter-223/ HTTP/1.1" 200 34182 "https://isekainonbirinoukachapters.com/manga/farming-life-in-another-world-chapter-222/" "Mozilla/5.0 (X11; Linux x86_64) AppleWebKit/537.36 (KHTML, like Gecko) Chrome/137.0.0.0 Safari/537.36"
2600:387:15:2012::9 - - [08/Jun/2025:10:01:59 -0400] "GET /manga/farming-life-in-another-world-chapter-64/ HTTP/1.1" 200 34661 "https://isekainonbirinoukachapters.com/manga/farming-life-in-another-world-chapter-63/" "Mozilla/5.0 (iPhone; CPU iPhone OS 18_3_2 like Mac OS X) AppleWebKit/605.1.15 (KHTML, like Gecko) Version/18.3.1 Mobile/15E148 Safari/604.1"
162.0.232.193 - - [08/Jun/2025:10:02:00 -0400] "POST /wp-cron.php?doing_wp_cron=1749391320.6725890636444091796875 HTTP/1.1" 200 0 "-" "WordPress/6.8.1; https://isekainonbirinoukachapters.com"
2600:387:15:2012::9 - - [08/Jun/2025:10:02:00 -0400] "POST /wp-admin/admin-ajax.php HTTP/1.1" 200 61 "https://isekainonbirinoukachapters.com/manga/farming-life-in-another-world-chapter-64/" "Mozilla/5.0 (iPhone; CPU iPhone OS 18_3_2 like Mac OS X) AppleWebKit/605.1.15 (KHTML, like Gecko) Version/18.3.1 Mobile/15E148 Safari/604.1"
2600:387:15:2012::9 - - [08/Jun/2025:10:02:43 -0400] "GET /manga/farming-life-in-another-world-chapter-65/ HTTP/1.1" 200 34480 "https://isekainonbirinoukachapters.com/manga/farming-life-in-another-world-chapter-64/" "Mozilla/5.0 (iPhone; CPU iPhone OS 18_3_2 like Mac OS X) AppleWebKit/605.1.15 (KHTML, like Gecko) Version/18.3.1 Mobile/15E148 Safari/604.1"
2600:387:15:2012::9 - - [08/Jun/2025:10:02:43 -0400] "POST /wp-admin/admin-ajax.php HTTP/1.1" 200 61 "https://isekainonbirinoukachapters.com/manga/farming-life-in-another-world-chapter-65/" "Mozilla/5.0 (iPhone; CPU iPhone OS 18_3_2 like Mac OS X) AppleWebKit/605.1.15 (KHTML, like Gecko) Version/18.3.1 Mobile/15E148 Safari/604.1"
45.153.195.87 - - [08/Jun/2025:10:02:52 -0400] "GET /category/farming-life-in-another-world/ HTTP/1.1" 304 0 "https://isekainonbirinoukachapters.com/manga/farming-life-in-another-world-chapter-117/" "Mozilla/5.0 (Linux; Android 10; K) AppleWebKit/537.36 (KHTML, like Gecko) Chrome/137.0.0.0 Mobile Safari/537.36"
45.153.195.87 - - [08/Jun/2025:10:02:52 -0400] "GET /manga/farming-life-in-another-world-chapter-118/ HTTP/1.1" 200 34549 "https://isekainonbirinoukachapters.com/manga/farming-life-in-another-world-chapter-117/" "Mozilla/5.0 (Linux; Android 10; K) AppleWebKit/537.36 (KHTML, like Gecko) Chrome/137.0.0.0 Mobile Safari/537.36"
45.153.195.87 - - [08/Jun/2025:10:02:52 -0400] "GET /category/farming-life-in-another-world/ HTTP/1.1" 304 0 "https://isekainonbirinoukachapters.com/manga/farming-life-in-another-world-chapter-117/" "Mozilla/5.0 (Linux; Android 10; K) AppleWebKit/537.36 (KHTML, like Gecko) Chrome/137.0.0.0 Mobile Safari/537.36"
45.153.195.87 - - [08/Jun/2025:10:02:52 -0400] "GET /manga/farming-life-in-another-world-chapter-118/ HTTP/1.1" 304 0 "https://isekainonbirinoukachapters.com/manga/farming-life-in-another-world-chapter-117/" "Mozilla/5.0 (Linux; Android 10; K) AppleWebKit/537.36 (KHTML, like Gecko) Chrome/137.0.0.0 Mobile Safari/537.36"
45.153.195.87 - - [08/Jun/2025:10:02:53 -0400] "POST /wp-admin/admin-ajax.php HTTP/1.1" 200 61 "https://isekainonbirinoukachapters.com/manga/farming-life-in-another-world-chapter-118/" "Mozilla/5.0 (Linux; Android 10; K) AppleWebKit/537.36 (KHTML, like Gecko) Chrome/137.0.0.0 Mobile Safari/537.36"
136.158.60.192 - - [08/Jun/2025:10:03:18 -0400] "GET /manga/farming-life-in-another-world-chapter-66/ HTTP/1.1" 200 34604 "-" "Mozilla/5.0 (Linux; Android 10; K) AppleWebKit/537.36 (KHTML, like Gecko) Chrome/137.0.0.0 Mobile Safari/537.36"
136.158.60.192 - - [08/Jun/2025:10:03:18 -0400] "GET /manga/farming-life-in-another-world-chapter-66/ HTTP/1.1" 304 0 "https://isekainonbirinoukachapters.com/manga/farming-life-in-another-world-chapter-65/" "Mozilla/5.0 (Linux; Android 10; K) AppleWebKit/537.36 (KHTML, like Gecko) Chrome/137.0.0.0 Mobile Safari/537.36"
162.0.232.193 - - [08/Jun/2025:10:03:19 -0400] "POST /wp-cron.php?doing_wp_cron=1749391399.4597399234771728515625 HTTP/1.1" 200 0 "-" "WordPress/6.8.1; https://isekainonbirinoukachapters.com"
136.158.60.192 - - [08/Jun/2025:10:03:19 -0400] "POST /wp-admin/admin-ajax.php HTTP/1.1" 200 61 "https://isekainonbirinoukachapters.com/manga/farming-life-in-another-world-chapter-66/" "Mozilla/5.0 (Linux; Android 10; K) AppleWebKit/537.36 (KHTML, like Gecko) Chrome/137.0.0.0 Mobile Safari/537.36"
162.0.232.193 - - [08/Jun/2025:10:04:52 -0400] "POST /wp-cron.php?doing_wp_cron=1749391492.2343709468841552734375 HTTP/1.1" 200 0 "-" "WordPress/6.8.1; https://isekainonbirinoukachapters.com"
216.73.216.166 - - [08/Jun/2025:10:04:50 -0400] "GET /sitemap_index.xml HTTP/1.1" 200 351 "-" "Mozilla/5.0 AppleWebKit/537.36 (KHTML, like Gecko; compatible; ClaudeBot/1.0; [email protected])"
162.0.232.193 - - [08/Jun/2025:10:04:54 -0400] "GET /wp-content/uploads/89b93a66fa29a678cbd60ff176e1ea9a_1973.xml HTTP/1.1" 200 1499 "-" "Mozilla/5.0 (X11; Linux x86_64) AppleWebKit/537.36 (KHTML, like Gecko) Ubuntu Chromium/41.0.2272.76"
223.119.20.212 - - [08/Jun/2025:10:05:50 -0400] "POST /wp-admin/admin-ajax.php HTTP/1.1" 200 61 "https://isekainonbirinoukachapters.com/manga/farming-life-in-another-world-chapter-220/" "Mozilla/5.0 (Android 15; Mobile; rv:139.0) Gecko/139.0 Firefox/139.0"
2600:1009:b186:1eec:c1c1:4e1a:90da:8999 - - [08/Jun/2025:10:06:18 -0400] "GET /manga/farming-life-in-another-world-chapter-47/ HTTP/1.1" 200 33955 "https://isekainonbirinoukachapters.com/manga/farming-life-in-another-world-chapter-46/" "Mozilla/5.0 (Linux; Android 10; K) AppleWebKit/537.36 (KHTML, like Gecko) Chrome/137.0.0.0 Mobile Safari/537.36"
2600:1009:b186:1eec:c1c1:4e1a:90da:8999 - - [08/Jun/2025:10:06:18 -0400] "GET /manga/farming-life-in-another-world-chapter-47/ HTTP/1.1" 304 0 "https://isekainonbirinoukachapters.com/manga/farming-life-in-another-world-chapter-46/" "Mozilla/5.0 (Linux; Android 10; K) AppleWebKit/537.36 (KHTML, like Gecko) Chrome/137.0.0.0 Mobile Safari/537.36"
136.158.60.192 - - [08/Jun/2025:10:06:39 -0400] "GET /manga/farming-life-in-another-world-chapter-67/ HTTP/1.1" 200 34737 "-" "Mozilla/5.0 (Linux; Android 10; K) AppleWebKit/537.36 (KHTML, like Gecko) Chrome/137.0.0.0 Mobile Safari/537.36"
136.158.60.192 - - [08/Jun/2025:10:06:39 -0400] "GET /manga/farming-life-in-another-world-chapter-67/ HTTP/1.1" 304 0 "https://isekainonbirinoukachapters.com/manga/farming-life-in-another-world-chapter-66/" "Mozilla/5.0 (Linux; Android 10; K) AppleWebKit/537.36 (KHTML, like Gecko) Chrome/137.0.0.0 Mobile Safari/537.36"
162.0.232.193 - - [08/Jun/2025:10:06:40 -0400] "POST /wp-cron.php?doing_wp_cron=1749391600.4342169761657714843750 HTTP/1.1" 200 0 "-" "WordPress/6.8.1; https://isekainonbirinoukachapters.com"
136.158.60.192 - - [08/Jun/2025:10:06:40 -0400] "POST /wp-admin/admin-ajax.php HTTP/1.1" 200 61 "https://isekainonbirinoukachapters.com/manga/farming-life-in-another-world-chapter-67/" "Mozilla/5.0 (Linux; Android 10; K) AppleWebKit/537.36 (KHTML, like Gecko) Chrome/137.0.0.0 Mobile Safari/537.36"
162.0.232.193 - - [08/Jun/2025:10:06:42 -0400] "GET /wp-content/uploads/89b93a66fa29a678cbd60ff176e1ea9a_1973.xml HTTP/1.1" 200 1499 "-" "Mozilla/5.0 (X11; Linux x86_64) AppleWebKit/537.36 (KHTML, like Gecko) Ubuntu Chromium/41.0.2272.76"
139.135.192.186 - - [08/Jun/2025:10:06:47 -0400] "GET /manga/farming-life-in-another-world-chapter-224/ HTTP/1.1" 200 34269 "https://isekainonbirinoukachapters.com/manga/farming-life-in-another-world-chapter-223/" "Mozilla/5.0 (Linux; Android 10; K) AppleWebKit/537.36 (KHTML, like Gecko) Chrome/137.0.0.0 Mobile Safari/537.36"
139.135.192.186 - - [08/Jun/2025:10:06:48 -0400] "GET /manga/farming-life-in-another-world-chapter-224/ HTTP/1.1" 200 34235 "https://isekainonbirinoukachapters.com/manga/farming-life-in-another-world-chapter-223/" "Mozilla/5.0 (X11; Linux x86_64) AppleWebKit/537.36 (KHTML, like Gecko) Chrome/137.0.0.0 Safari/537.36"
136.158.16.157 - - [08/Jun/2025:10:07:18 -0400] "GET / HTTP/1.1" 200 32373 "https://www.google.com/" "Mozilla/5.0 (Linux; Android 10; K) AppleWebKit/537.36 (KHTML, like Gecko) Chrome/136.0.0.0 Mobile Safari/537.36"
136.158.16.157 - - [08/Jun/2025:10:07:21 -0400] "GET / HTTP/1.1" 200 32326 "https://isekainonbirinoukachapters.com/" "Mozilla/5.0 (Linux; Android 10; K) AppleWebKit/537.36 (KHTML, like Gecko) Chrome/136.0.0.0 Mobile Safari/537.36"
136.158.16.157 - - [08/Jun/2025:10:07:22 -0400] "GET / HTTP/1.1" 304 0 "https://isekainonbirinoukachapters.com/" "Mozilla/5.0 (Linux; Android 10; K) AppleWebKit/537.36 (KHTML, like Gecko) Chrome/136.0.0.0 Mobile Safari/537.36"
136.158.16.157 - - [08/Jun/2025:10:07:23 -0400] "GET /manga/farming-life-in-another-world-chapter-7/ HTTP/1.1" 200 34253 "https://isekainonbirinoukachapters.com/" "Mozilla/5.0 (Linux; Android 10; K) AppleWebKit/537.36 (KHTML, like Gecko) Chrome/136.0.0.0 Mobile Safari/537.36"
2409:40f2:48:7b4f:2002:a1ff:feee:2054 - - [08/Jun/2025:10:07:23 -0400] "GET /manga/farming-life-in-another-world-chapter-5/ HTTP/1.1" 200 34573 "https://isekainonbirinoukachapters.com/" "Mozilla/5.0 (Linux; Android 10; K) AppleWebKit/537.36 (KHTML, like Gecko) Chrome/134.0.0.0 Mobile Safari/537.36"
136.158.16.157 - - [08/Jun/2025:10:07:23 -0400] "GET /manga/farming-life-in-another-world-chapter-10/ HTTP/1.1" 200 34119 "https://isekainonbirinoukachapters.com/" "Mozilla/5.0 (Linux; Android 10; K) AppleWebKit/537.36 (KHTML, like Gecko) Chrome/136.0.0.0 Mobile Safari/537.36"
136.158.16.157 - - [08/Jun/2025:10:07:23 -0400] "GET /manga/farming-life-in-another-world-chapter-7/ HTTP/1.1" 304 0 "https://isekainonbirinoukachapters.com/" "Mozilla/5.0 (Linux; Android 10; K) AppleWebKit/537.36 (KHTML, like Gecko) Chrome/136.0.0.0 Mobile Safari/537.36"
136.158.16.157 - - [08/Jun/2025:10:07:23 -0400] "GET /manga/farming-life-in-another-world-chapter-10/ HTTP/1.1" 304 0 "https://isekainonbirinoukachapters.com/" "Mozilla/5.0 (Linux; Android 10; K) AppleWebKit/537.36 (KHTML, like Gecko) Chrome/136.0.0.0 Mobile Safari/537.36"
