2409:40f0:410e:9968:8cdc:9c14:2575:af71 - - [08/Jun/2025:05:16:17 -0400] "GET /manga/farming-life-in-another-world-chapter-3/ HTTP/1.1" 304 0 "https://isekainonbirinoukachapters.com/manga/farming-life-in-another-world-chapter-23/" "Mozilla/5.0 (Linux; Android 10; K) AppleWebKit/537.36 (KHTML, like Gecko) SamsungBrowser/28.0 Chrome/130.0.0.0 Mobile Safari/537.36"
135.235.152.100 - - [08/Jun/2025:05:16:18 -0400] "GET /wp-content/upgrade/ HTTP/1.1" 200 556 "binance.com" "Mozilla/5.0 (Windows NT 10.0; Win64; x64) AppleWebKit/537.36 (KHTML, like Gecko) Chrome/90.0.4430.85 Safari/537.36"
162.0.232.193 - - [08/Jun/2025:05:16:30 -0400] "POST /wp-cron.php?doing_wp_cron=1749374189.8517808914184570312500 HTTP/1.1" 200 0 "-" "WordPress/6.8.1; https://isekainonbirinoukachapters.com"
135.235.152.100 - - [08/Jun/2025:05:16:29 -0400] "GET /wp-content/languages/ HTTP/1.1" 301 0 "binance.com" "Mozilla/5.0 (Windows NT 10.0; Win64; x64) AppleWebKit/537.36 (KHTML, like Gecko) Chrome/90.0.4430.85 Safari/537.36"
135.235.152.100 - - [08/Jun/2025:05:16:30 -0400] "GET / HTTP/1.1" 200 32286 "binance.com" "Mozilla/5.0 (Windows NT 10.0; Win64; x64) AppleWebKit/537.36 (KHTML, like Gecko) Chrome/90.0.4430.85 Safari/537.36"
135.235.152.100 - - [08/Jun/2025:05:16:40 -0400] "GET /wp-admin/includes/ HTTP/1.1" 200 3632 "binance.com" "Mozilla/5.0 (Windows NT 10.0; Win64; x64) AppleWebKit/537.36 (KHTML, like Gecko) Chrome/90.0.4430.85 Safari/537.36"
162.0.232.193 - - [08/Jun/2025:05:16:49 -0400] "POST /wp-cron.php?doing_wp_cron=1749374209.7364640235900878906250 HTTP/1.1" 200 0 "-" "WordPress/6.8.1; https://isekainonbirinoukachapters.com"
198.211.125.40 - - [08/Jun/2025:05:16:49 -0400] "POST /xmlrpc.php HTTP/1.1" 200 205 "-" "Mozilla/5.0 (X11; Ubuntu; Linux x86_64; rv:85.0) Gecko/20100101 Firefox/91.0"
135.235.152.100 - - [08/Jun/2025:05:16:51 -0400] "GET /wp-admin/includes/ HTTP/1.1" 200 3542 "binance.com" "Mozilla/5.0 (Windows NT 10.0; Win64; x64) AppleWebKit/537.36 (KHTML, like Gecko) Chrome/90.0.4430.85 Safari/537.36"
47.82.61.35 - - [08/Jun/2025:05:17:09 -0400] "GET /manga/farming-life-in-another-world-chapter-147/ HTTP/1.1" 200 34636 "https://isekainonbirinoukachapters.com/manga/farming-life-in-another-world-chapter-147/" "Mozilla/5.0 (Windows NT 10.0; Win64; x64) AppleWebKit/537.36 (KHTML, like Gecko) Chrome/114.0.0.0 Safari/537.36 Edg/114.0.1823.43"
135.235.152.100 - - [08/Jun/2025:05:17:10 -0400] "GET /wp-admin/maint/ HTTP/1.1" 200 633 "binance.com" "Mozilla/5.0 (Windows NT 10.0; Win64; x64) AppleWebKit/537.36 (KHTML, like Gecko) Chrome/90.0.4430.85 Safari/537.36"
162.0.232.193 - - [08/Jun/2025:05:17:15 -0400] "POST /wp-cron.php?doing_wp_cron=1749374235.2716979980468750000000 HTTP/1.1" 200 0 "-" "WordPress/6.8.1; https://isekainonbirinoukachapters.com"
144.76.19.147 - - [08/Jun/2025:05:17:15 -0400] "GET /manga/isekai-nonbiri-nouka-chapter-9-devastation/ HTTP/1.1" 301 0 "-" "Mozilla/5.0 (compatible; BLEXBot/1.0; +https://help.seranking.com/en/blex-crawler)"
144.76.19.147 - - [08/Jun/2025:05:17:15 -0400] "GET / HTTP/1.1" 200 32286 "-" "Mozilla/5.0 (compatible; BLEXBot/1.0; +https://help.seranking.com/en/blex-crawler)"
162.0.232.193 - - [08/Jun/2025:05:17:17 -0400] "GET /wp-content/uploads/89b93a66fa29a678cbd60ff176e1ea9a_1973.xml HTTP/1.1" 200 1362 "-" "Mozilla/5.0 (X11; Linux x86_64) AppleWebKit/537.36 (KHTML, like Gecko) Ubuntu Chromium/41.0.2272.76"
135.235.152.100 - - [08/Jun/2025:05:17:21 -0400] "GET /wp-admin/maint/ HTTP/1.1" 200 633 "binance.com" "Mozilla/5.0 (Windows NT 10.0; Win64; x64) AppleWebKit/537.36 (KHTML, like Gecko) Chrome/90.0.4430.85 Safari/537.36"
144.76.19.147 - - [08/Jun/2025:05:17:23 -0400] "GET /manga/isekai-nonbiri-nouka-chapter-29-elder-dwarf/ HTTP/1.1" 301 0 "-" "Mozilla/5.0 (compatible; BLEXBot/1.0; +https://help.seranking.com/en/blex-crawler)"
144.76.19.147 - - [08/Jun/2025:05:17:24 -0400] "GET / HTTP/1.1" 200 32286 "-" "Mozilla/5.0 (compatible; BLEXBot/1.0; +https://help.seranking.com/en/blex-crawler)"
144.76.19.147 - - [08/Jun/2025:05:17:28 -0400] "GET /manga/isekai-nonbiri-nouka-chapter-34-negotiation/ HTTP/1.1" 301 0 "-" "Mozilla/5.0 (compatible; BLEXBot/1.0; +https://help.seranking.com/en/blex-crawler)"
144.76.19.147 - - [08/Jun/2025:05:17:28 -0400] "GET / HTTP/1.1" 200 32327 "-" "Mozilla/5.0 (compatible; BLEXBot/1.0; +https://help.seranking.com/en/blex-crawler)"
135.235.152.100 - - [08/Jun/2025:05:17:30 -0400] "GET /wp-admin/network/ HTTP/1.1" 302 0 "binance.com" "Mozilla/5.0 (Windows NT 10.0; Win64; x64) AppleWebKit/537.36 (KHTML, like Gecko) Chrome/90.0.4430.85 Safari/537.36"
135.235.152.100 - - [08/Jun/2025:05:17:30 -0400] "GET /wp-login.php?redirect_to=https%3A%2F%2Fisekainonbirinoukachapters.com%2Fwp-admin%2Fnetwork%2F&reauth=1 HTTP/1.1" 200 1915 "binance.com" "Mozilla/5.0 (Windows NT 10.0; Win64; x64) AppleWebKit/537.36 (KHTML, like Gecko) Chrome/90.0.4430.85 Safari/537.36"
144.76.19.147 - - [08/Jun/2025:05:17:33 -0400] "GET /manga/isekai-nonbiri-nouka-chapter-68-yaa-seduces/ HTTP/1.1" 301 0 "-" "Mozilla/5.0 (compatible; BLEXBot/1.0; +https://help.seranking.com/en/blex-crawler)"
144.76.19.147 - - [08/Jun/2025:05:17:33 -0400] "GET / HTTP/1.1" 200 32286 "-" "Mozilla/5.0 (compatible; BLEXBot/1.0; +https://help.seranking.com/en/blex-crawler)"
135.235.152.100 - - [08/Jun/2025:05:17:37 -0400] "GET /wp-admin/user/ HTTP/1.1" 302 0 "binance.com" "Mozilla/5.0 (Windows NT 10.0; Win64; x64) AppleWebKit/537.36 (KHTML, like Gecko) Chrome/90.0.4430.85 Safari/537.36"
135.235.152.100 - - [08/Jun/2025:05:17:37 -0400] "GET /wp-login.php?redirect_to=https%3A%2F%2Fisekainonbirinoukachapters.com%2Fwp-admin%2Fuser%2F&reauth=1 HTTP/1.1" 200 1912 "binance.com" "Mozilla/5.0 (Windows NT 10.0; Win64; x64) AppleWebKit/537.36 (KHTML, like Gecko) Chrome/90.0.4430.85 Safari/537.36"
135.235.152.100 - - [08/Jun/2025:05:17:45 -0400] "GET /wp-admin/css/ HTTP/1.1" 200 2861 "binance.com" "Mozilla/5.0 (Windows NT 10.0; Win64; x64) AppleWebKit/537.36 (KHTML, like Gecko) Chrome/90.0.4430.85 Safari/537.36"
114.10.66.203 - - [08/Jun/2025:05:17:50 -0400] "POST /wp-admin/admin-ajax.php HTTP/1.1" 200 61 "https://isekainonbirinoukachapters.com/manga/farming-life-in-another-world-chapter-4/" "Mozilla/5.0 (Linux; Android 10; K) AppleWebKit/537.36 (KHTML, like Gecko) Chrome/137.0.0.0 Mobile Safari/537.36"
135.235.152.100 - - [08/Jun/2025:05:17:55 -0400] "GET /wp-admin/css/colors/ HTTP/1.1" 200 1141 "binance.com" "Mozilla/5.0 (Windows NT 10.0; Win64; x64) AppleWebKit/537.36 (KHTML, like Gecko) Chrome/90.0.4430.85 Safari/537.36"
2601:7c0:cb01:be0:f929:5a8e:93c9:9116 - - [08/Jun/2025:05:17:59 -0400] "GET /manga/farming-life-in-another-world-chapter-12/ HTTP/1.1" 200 34249 "https://isekainonbirinoukachapters.com/manga/farming-life-in-another-world-chapter-11/" "Mozilla/5.0 (iPhone; CPU iPhone OS 18_5 like Mac OS X) AppleWebKit/605.1.15 (KHTML, like Gecko) Brave/1 Mobile/15E148 Safari/604.1"
135.235.152.100 - - [08/Jun/2025:05:18:06 -0400] "GET /wp-admin/css/colors/blue/ HTTP/1.1" 200 744 "binance.com" "Mozilla/5.0 (Windows NT 10.0; Win64; x64) AppleWebKit/537.36 (KHTML, like Gecko) Chrome/90.0.4430.85 Safari/537.36"
2a00:23c7:d88:6b01:5cf5:283d:bd96:4da7 - - [08/Jun/2025:05:18:06 -0400] "GET /manga/farming-life-in-another-world-chapter-12/ HTTP/1.1" 200 34189 "https://isekainonbirinoukachapters.com/manga/farming-life-in-another-world-chapter-11/" "Mozilla/5.0 (Windows NT 10.0; Win64; x64) AppleWebKit/537.36 (KHTML, like Gecko) Chrome/137.0.0.0 Safari/537.36"
85.208.96.196 - - [08/Jun/2025:05:18:09 -0400] "GET /manga/farming-life-in-another-world-chapter-44/ HTTP/1.1" 200 34453 "-" "Mozilla/5.0 (compatible; SemrushBot/7~bl; +http://www.semrush.com/bot.html)"
144.76.19.147 - - [08/Jun/2025:05:18:10 -0400] "GET /manga/isekai-nonbiri-nouka-chapter-159-earth-rat-3/ HTTP/1.1" 301 0 "-" "Mozilla/5.0 (compatible; BLEXBot/1.0; +https://help.seranking.com/en/blex-crawler)"
144.76.19.147 - - [08/Jun/2025:05:18:10 -0400] "GET / HTTP/1.1" 200 32286 "-" "Mozilla/5.0 (compatible; BLEXBot/1.0; +https://help.seranking.com/en/blex-crawler)"
162.0.232.193 - - [08/Jun/2025:05:18:15 -0400] "POST /wp-cron.php?doing_wp_cron=1749374295.3272440433502197265625 HTTP/1.1" 200 0 "-" "WordPress/6.8.1; https://isekainonbirinoukachapters.com"
144.76.19.147 - - [08/Jun/2025:05:18:15 -0400] "GET /manga/isekai-nonbiri-nouka-chapter-27-paying-taxes/ HTTP/1.1" 301 0 "-" "Mozilla/5.0 (compatible; BLEXBot/1.0; +https://help.seranking.com/en/blex-crawler)"
135.235.152.100 - - [08/Jun/2025:05:18:15 -0400] "GET /wp-admin/css/colors/coffee/ HTTP/1.1" 200 752 "binance.com" "Mozilla/5.0 (Windows NT 10.0; Win64; x64) AppleWebKit/537.36 (KHTML, like Gecko) Chrome/90.0.4430.85 Safari/537.36"
144.76.19.147 - - [08/Jun/2025:05:18:15 -0400] "GET / HTTP/1.1" 200 32286 "-" "Mozilla/5.0 (compatible; BLEXBot/1.0; +https://help.seranking.com/en/blex-crawler)"
135.235.152.100 - - [08/Jun/2025:05:18:23 -0400] "GET /wp-admin/css/colors/ectoplasm/ HTTP/1.1" 200 744 "binance.com" "Mozilla/5.0 (Windows NT 10.0; Win64; x64) AppleWebKit/537.36 (KHTML, like Gecko) Chrome/90.0.4430.85 Safari/537.36"
135.235.152.100 - - [08/Jun/2025:05:18:30 -0400] "GET /wp-admin/css/colors/light/ HTTP/1.1" 200 751 "binance.com" "Mozilla/5.0 (Windows NT 10.0; Win64; x64) AppleWebKit/537.36 (KHTML, like Gecko) Chrome/90.0.4430.85 Safari/537.36"
135.235.152.100 - - [08/Jun/2025:05:18:39 -0400] "GET /wp-admin/css/colors/midnight/ HTTP/1.1" 200 751 "binance.com" "Mozilla/5.0 (Windows NT 10.0; Win64; x64) AppleWebKit/537.36 (KHTML, like Gecko) Chrome/90.0.4430.85 Safari/537.36"
162.0.232.193 - - [08/Jun/2025:05:18:41 -0400] "POST /wp-cron.php?doing_wp_cron=1749374321.2824618816375732421875 HTTP/1.1" 200 0 "-" "WordPress/6.8.1; https://isekainonbirinoukachapters.com"
144.76.19.147 - - [08/Jun/2025:05:18:40 -0400] "GET /manga/isekai-nonbiri-nouka-chapter-35-food-culture/ HTTP/1.1" 301 0 "-" "Mozilla/5.0 (compatible; BLEXBot/1.0; +https://help.seranking.com/en/blex-crawler)"
144.76.19.147 - - [08/Jun/2025:05:18:41 -0400] "GET / HTTP/1.1" 200 32286 "-" "Mozilla/5.0 (compatible; BLEXBot/1.0; +https://help.seranking.com/en/blex-crawler)"
135.235.152.100 - - [08/Jun/2025:05:18:46 -0400] "GET /wp-admin/css/colors/modern/ HTTP/1.1" 200 732 "binance.com" "Mozilla/5.0 (Windows NT 10.0; Win64; x64) AppleWebKit/537.36 (KHTML, like Gecko) Chrome/90.0.4430.85 Safari/537.36"
162.0.232.193 - - [08/Jun/2025:05:18:48 -0400] "POST /wp-cron.php?doing_wp_cron=1749374328.3872599601745605468750 HTTP/1.1" 200 0 "-" "WordPress/6.8.1; https://isekainonbirinoukachapters.com"
144.76.19.147 - - [08/Jun/2025:05:18:48 -0400] "GET /manga/isekai-nonbiri-nouka-chapter-161-hot-spring-1/ HTTP/1.1" 301 0 "-" "Mozilla/5.0 (compatible; BLEXBot/1.0; +https://help.seranking.com/en/blex-crawler)"
144.76.19.147 - - [08/Jun/2025:05:18:48 -0400] "GET / HTTP/1.1" 200 32286 "-" "Mozilla/5.0 (compatible; BLEXBot/1.0; +https://help.seranking.com/en/blex-crawler)"
144.76.19.147 - - [08/Jun/2025:05:18:52 -0400] "GET /manga/isekai-nonbiri-nouka-chapter-242-death-ball-2/ HTTP/1.1" 301 0 "-" "Mozilla/5.0 (compatible; BLEXBot/1.0; +https://help.seranking.com/en/blex-crawler)"
144.76.19.147 - - [08/Jun/2025:05:18:53 -0400] "GET / HTTP/1.1" 200 32327 "-" "Mozilla/5.0 (compatible; BLEXBot/1.0; +https://help.seranking.com/en/blex-crawler)"
135.235.152.100 - - [08/Jun/2025:05:18:56 -0400] "GET /wp-admin/css/colors/ocean/ HTTP/1.1" 200 753 "binance.com" "Mozilla/5.0 (Windows NT 10.0; Win64; x64) AppleWebKit/537.36 (KHTML, like Gecko) Chrome/90.0.4430.85 Safari/537.36"
185.81.124.114 - - [08/Jun/2025:05:18:58 -0400] "GET /manga/farming-life-in-another-world-chapter-44/ HTTP/1.1" 200 34453 "https://isekainonbirinoukachapters.com/manga/farming-life-in-another-world-chapter-43/" "Mozilla/5.0 (Windows NT 10.0; Win64; x64) AppleWebKit/537.36 (KHTML, like Gecko) Chrome/137.0.0.0 Safari/537.36 Edg/137.0.0.0"
185.81.124.114 - - [08/Jun/2025:05:18:58 -0400] "GET /manga/farming-life-in-another-world-chapter-44/ HTTP/1.1" 304 0 "https://isekainonbirinoukachapters.com/manga/farming-life-in-another-world-chapter-43/" "Mozilla/5.0 (Windows NT 10.0; Win64; x64) AppleWebKit/537.36 (KHTML, like Gecko) Chrome/137.0.0.0 Safari/537.36 Edg/137.0.0.0"
162.0.232.193 - - [08/Jun/2025:05:18:59 -0400] "POST /wp-cron.php?doing_wp_cron=1749374339.4119760990142822265625 HTTP/1.1" 200 0 "-" "WordPress/6.8.1; https://isekainonbirinoukachapters.com"
185.81.124.114 - - [08/Jun/2025:05:18:59 -0400] "POST /wp-admin/admin-ajax.php HTTP/1.1" 200 61 "https://isekainonbirinoukachapters.com/manga/farming-life-in-another-world-chapter-44/" "Mozilla/5.0 (Windows NT 10.0; Win64; x64) AppleWebKit/537.36 (KHTML, like Gecko) Chrome/137.0.0.0 Safari/537.36 Edg/137.0.0.0"
162.0.232.193 - - [08/Jun/2025:05:19:01 -0400] "GET /wp-content/uploads/89b93a66fa29a678cbd60ff176e1ea9a_1973.xml HTTP/1.1" 200 1362 "-" "Mozilla/5.0 (X11; Linux x86_64) AppleWebKit/537.36 (KHTML, like Gecko) Ubuntu Chromium/41.0.2272.76"
135.235.152.100 - - [08/Jun/2025:05:19:06 -0400] "GET /wp-admin/css/colors/sunrise/%20 HTTP/1.1" 301 0 "binance.com" "Mozilla/5.0 (Windows NT 10.0; Win64; x64) AppleWebKit/537.36 (KHTML, like Gecko) Chrome/90.0.4430.85 Safari/537.36"
135.235.152.100 - - [08/Jun/2025:05:19:06 -0400] "GET / HTTP/1.1" 200 32286 "binance.com" "Mozilla/5.0 (Windows NT 10.0; Win64; x64) AppleWebKit/537.36 (KHTML, like Gecko) Chrome/90.0.4430.85 Safari/537.36"
135.235.152.100 - - [08/Jun/2025:05:19:16 -0400] "GET /wp-admin/images/ HTTP/1.1" 200 2392 "binance.com" "Mozilla/5.0 (Windows NT 10.0; Win64; x64) AppleWebKit/537.36 (KHTML, like Gecko) Chrome/90.0.4430.85 Safari/537.36"
144.76.19.147 - - [08/Jun/2025:05:19:23 -0400] "GET /manga/isekai-nonbiri-nouka-chapter-43-dragon-family/ HTTP/1.1" 301 0 "-" "Mozilla/5.0 (compatible; BLEXBot/1.0; +https://help.seranking.com/en/blex-crawler)"
144.76.19.147 - - [08/Jun/2025:05:19:23 -0400] "GET / HTTP/1.1" 200 32423 "-" "Mozilla/5.0 (compatible; BLEXBot/1.0; +https://help.seranking.com/en/blex-crawler)"
175.176.50.152 - - [08/Jun/2025:05:19:23 -0400] "GET /manga/farming-life-in-another-world-chapter-54/ HTTP/1.1" 200 34289 "https://isekainonbirinoukachapters.com/manga/farming-life-in-another-world-chapter-53/" "Mozilla/5.0 (Linux; Android 10; K) AppleWebKit/537.36 (KHTML, like Gecko) Chrome/137.0.0.0 Mobile Safari/537.36"
175.176.50.152 - - [08/Jun/2025:05:19:24 -0400] "GET /manga/farming-life-in-another-world-chapter-54/ HTTP/1.1" 304 0 "https://isekainonbirinoukachapters.com/manga/farming-life-in-another-world-chapter-53/" "Mozilla/5.0 (Linux; Android 10; K) AppleWebKit/537.36 (KHTML, like Gecko) Chrome/137.0.0.0 Mobile Safari/537.36"
135.235.152.100 - - [08/Jun/2025:05:19:38 -0400] "GET /wp-admin/js/ HTTP/1.1" 200 3185 "binance.com" "Mozilla/5.0 (Windows NT 10.0; Win64; x64) AppleWebKit/537.36 (KHTML, like Gecko) Chrome/90.0.4430.85 Safari/537.36"
135.235.152.100 - - [08/Jun/2025:05:19:49 -0400] "GET /wp-admin/js/widgets/ HTTP/1.1" 200 1243 "binance.com" "Mozilla/5.0 (Windows NT 10.0; Win64; x64) AppleWebKit/537.36 (KHTML, like Gecko) Chrome/90.0.4430.85 Safari/537.36"
144.76.19.147 - - [08/Jun/2025:05:19:55 -0400] "GET /manga/isekai-nonbiri-nouka-chapter-6-reconfirmation/ HTTP/1.1" 301 0 "-" "Mozilla/5.0 (compatible; BLEXBot/1.0; +https://help.seranking.com/en/blex-crawler)"
144.76.19.147 - - [08/Jun/2025:05:19:56 -0400] "GET / HTTP/1.1" 200 32286 "-" "Mozilla/5.0 (compatible; BLEXBot/1.0; +https://help.seranking.com/en/blex-crawler)"
135.235.152.100 - - [08/Jun/2025:05:19:57 -0400] "GET /wp-includes/ HTTP/1.1" 200 7485 "binance.com" "Mozilla/5.0 (Windows NT 10.0; Win64; x64) AppleWebKit/537.36 (KHTML, like Gecko) Chrome/90.0.4430.85 Safari/537.36"
162.0.232.193 - - [08/Jun/2025:05:20:01 -0400] "POST /wp-cron.php?doing_wp_cron=1749374401.2725470066070556640625 HTTP/1.1" 200 0 "-" "WordPress/6.8.1; https://isekainonbirinoukachapters.com"
144.76.19.147 - - [08/Jun/2025:05:20:00 -0400] "GET /manga/isekai-nonbiri-nouka-chapter-167-regroup-first/ HTTP/1.1" 301 0 "-" "Mozilla/5.0 (compatible; BLEXBot/1.0; +https://help.seranking.com/en/blex-crawler)"
144.76.19.147 - - [08/Jun/2025:05:20:01 -0400] "GET / HTTP/1.1" 200 32286 "-" "Mozilla/5.0 (compatible; BLEXBot/1.0; +https://help.seranking.com/en/blex-crawler)"
135.235.152.100 - - [08/Jun/2025:05:20:21 -0400] "GET /wp-includes/ HTTP/1.1" 200 7483 "binance.com" "Mozilla/5.0 (Windows NT 10.0; Win64; x64) AppleWebKit/537.36 (KHTML, like Gecko) Chrome/90.0.4430.85 Safari/537.36"
135.235.152.100 - - [08/Jun/2025:05:20:34 -0400] "GET /wp-includes/block-bindings.php HTTP/1.1" 200 0 "binance.com" "Mozilla/5.0 (Windows NT 10.0; Win64; x64) AppleWebKit/537.36 (KHTML, like Gecko) Chrome/90.0.4430.85 Safari/537.36"
135.235.152.100 - - [08/Jun/2025:05:20:44 -0400] "GET /wp-includes/block-editor.php HTTP/1.1" 200 0 "binance.com" "Mozilla/5.0 (Windows NT 10.0; Win64; x64) AppleWebKit/537.36 (KHTML, like Gecko) Chrome/90.0.4430.85 Safari/537.36"
135.235.152.100 - - [08/Jun/2025:05:20:52 -0400] "GET /wp-includes/block-template-utils.php HTTP/1.1" 200 0 "binance.com" "Mozilla/5.0 (Windows NT 10.0; Win64; x64) AppleWebKit/537.36 (KHTML, like Gecko) Chrome/90.0.4430.85 Safari/537.36"
2601:7c0:cb01:be0:f929:5a8e:93c9:9116 - - [08/Jun/2025:05:20:52 -0400] "GET /manga/farming-life-in-another-world-chapter-13/ HTTP/1.1" 200 33996 "https://isekainonbirinoukachapters.com/manga/farming-life-in-another-world-chapter-12/" "Mozilla/5.0 (iPhone; CPU iPhone OS 18_5 like Mac OS X) AppleWebKit/605.1.15 (KHTML, like Gecko) Brave/1 Mobile/15E148 Safari/604.1"
135.235.152.100 - - [08/Jun/2025:05:20:58 -0400] "GET /wp-includes/block-template.php HTTP/1.1" 200 0 "binance.com" "Mozilla/5.0 (Windows NT 10.0; Win64; x64) AppleWebKit/537.36 (KHTML, like Gecko) Chrome/90.0.4430.85 Safari/537.36"
162.0.232.193 - - [08/Jun/2025:05:21:01 -0400] "POST /wp-cron.php?doing_wp_cron=1749374461.8384790420532226562500 HTTP/1.1" 200 0 "-" "WordPress/6.8.1; https://isekainonbirinoukachapters.com"
144.76.19.147 - - [08/Jun/2025:05:21:01 -0400] "GET /manga/isekai-nonbiri-nouka-chapter-23-dragon-visitor/ HTTP/1.1" 301 0 "-" "Mozilla/5.0 (compatible; BLEXBot/1.0; +https://help.seranking.com/en/blex-crawler)"
144.76.19.147 - - [08/Jun/2025:05:21:02 -0400] "GET / HTTP/1.1" 200 32286 "-" "Mozilla/5.0 (compatible; BLEXBot/1.0; +https://help.seranking.com/en/blex-crawler)"
162.0.232.193 - - [08/Jun/2025:05:21:04 -0400] "GET /wp-content/uploads/89b93a66fa29a678cbd60ff176e1ea9a_1973.xml HTTP/1.1" 200 1499 "-" "Mozilla/5.0 (X11; Linux x86_64) AppleWebKit/537.36 (KHTML, like Gecko) Ubuntu Chromium/41.0.2272.76"
135.235.152.100 - - [08/Jun/2025:05:21:06 -0400] "GET /wp-includes/class-avif-info.php HTTP/1.1" 200 0 "binance.com" "Mozilla/5.0 (Windows NT 10.0; Win64; x64) AppleWebKit/537.36 (KHTML, like Gecko) Chrome/90.0.4430.85 Safari/537.36"
135.235.152.100 - - [08/Jun/2025:05:21:24 -0400] "GET /wp-includes/class-wp-block-bindings-registry.php HTTP/1.1" 200 0 "binance.com" "Mozilla/5.0 (Windows NT 10.0; Win64; x64) AppleWebKit/537.36 (KHTML, like Gecko) Chrome/90.0.4430.85 Safari/537.36"
135.235.152.100 - - [08/Jun/2025:05:21:33 -0400] "GET /wp-includes/class-wp-block-bindings-source.php HTTP/1.1" 200 0 "binance.com" "Mozilla/5.0 (Windows NT 10.0; Win64; x64) AppleWebKit/537.36 (KHTML, like Gecko) Chrome/90.0.4430.85 Safari/537.36"
135.235.152.100 - - [08/Jun/2025:05:21:41 -0400] "GET /wp-includes/class-wp-block-editor-context.php HTTP/1.1" 200 0 "binance.com" "Mozilla/5.0 (Windows NT 10.0; Win64; x64) AppleWebKit/537.36 (KHTML, like Gecko) Chrome/90.0.4430.85 Safari/537.36"
112.198.210.220 - - [08/Jun/2025:05:21:46 -0400] "GET / HTTP/1.1" 200 32286 "https://www.google.com/" "Mozilla/5.0 (Macintosh; Intel Mac OS X 10_15_7) AppleWebKit/605.1.15 (KHTML, like Gecko) Version/18.1.1 Safari/605.1.15"
135.235.152.100 - - [08/Jun/2025:05:21:49 -0400] "GET /wp-includes/class-wp-block-metadata-registry.php HTTP/1.1" 200 0 "binance.com" "Mozilla/5.0 (Windows NT 10.0; Win64; x64) AppleWebKit/537.36 (KHTML, like Gecko) Chrome/90.0.4430.85 Safari/537.36"
112.198.210.220 - - [08/Jun/2025:05:21:51 -0400] "GET /manga/farming-life-in-another-world-chapter-1/ HTTP/1.1" 200 34411 "https://isekainonbirinoukachapters.com/" "Mozilla/5.0 (Macintosh; Intel Mac OS X 10_15_7) AppleWebKit/605.1.15 (KHTML, like Gecko) Version/18.1.1 Safari/605.1.15"
175.176.50.152 - - [08/Jun/2025:05:21:57 -0400] "GET /manga/farming-life-in-another-world-chapter-55/ HTTP/1.1" 200 34199 "https://isekainonbirinoukachapters.com/manga/farming-life-in-another-world-chapter-54/" "Mozilla/5.0 (Linux; Android 10; K) AppleWebKit/537.36 (KHTML, like Gecko) Chrome/137.0.0.0 Mobile Safari/537.36"
175.176.50.152 - - [08/Jun/2025:05:21:57 -0400] "GET /manga/farming-life-in-another-world-chapter-55/ HTTP/1.1" 304 0 "https://isekainonbirinoukachapters.com/manga/farming-life-in-another-world-chapter-54/" "Mozilla/5.0 (Linux; Android 10; K) AppleWebKit/537.36 (KHTML, like Gecko) Chrome/137.0.0.0 Mobile Safari/537.36"
135.235.152.100 - - [08/Jun/2025:05:21:58 -0400] "GET /wp-includes/class-wp-block-parser-block.php HTTP/1.1" 200 0 "binance.com" "Mozilla/5.0 (Windows NT 10.0; Win64; x64) AppleWebKit/537.36 (KHTML, like Gecko) Chrome/90.0.4430.85 Safari/537.36"
162.0.232.193 - - [08/Jun/2025:05:22:06 -0400] "POST /wp-cron.php?doing_wp_cron=1749374526.6976559162139892578125 HTTP/1.1" 200 0 "-" "WordPress/6.8.1; https://isekainonbirinoukachapters.com"
144.76.19.147 - - [08/Jun/2025:05:22:06 -0400] "GET /manga/isekai-nonbiri-nouka-chapter-46-transportation/ HTTP/1.1" 301 0 "-" "Mozilla/5.0 (compatible; BLEXBot/1.0; +https://help.seranking.com/en/blex-crawler)"
144.76.19.147 - - [08/Jun/2025:05:22:07 -0400] "GET / HTTP/1.1" 200 32286 "-" "Mozilla/5.0 (compatible; BLEXBot/1.0; +https://help.seranking.com/en/blex-crawler)"
135.235.152.100 - - [08/Jun/2025:05:22:10 -0400] "GET /wp-includes/class-wp-block-parser-frame.php HTTP/1.1" 200 0 "binance.com" "Mozilla/5.0 (Windows NT 10.0; Win64; x64) AppleWebKit/537.36 (KHTML, like Gecko) Chrome/90.0.4430.85 Safari/537.36"
135.235.152.100 - - [08/Jun/2025:05:22:22 -0400] "GET /wp-includes/class-wp-block-template.php HTTP/1.1" 200 0 "binance.com" "Mozilla/5.0 (Windows NT 10.0; Win64; x64) AppleWebKit/537.36 (KHTML, like Gecko) Chrome/90.0.4430.85 Safari/537.36"
135.235.152.100 - - [08/Jun/2025:05:22:34 -0400] "GET /wp-includes/class-wp-block-templates-registry.php HTTP/1.1" 200 0 "binance.com" "Mozilla/5.0 (Windows NT 10.0; Win64; x64) AppleWebKit/537.36 (KHTML, like Gecko) Chrome/90.0.4430.85 Safari/537.36"
162.0.232.193 - - [08/Jun/2025:05:22:45 -0400] "POST /wp-cron.php?doing_wp_cron=1749374565.7203741073608398437500 HTTP/1.1" 200 0 "-" "WordPress/6.8.1; https://isekainonbirinoukachapters.com"
144.76.19.147 - - [08/Jun/2025:05:22:45 -0400] "GET /manga/isekai-nonbiri-nouka-chapter-47-fraurems-smile/ HTTP/1.1" 301 0 "-" "Mozilla/5.0 (compatible; BLEXBot/1.0; +https://help.seranking.com/en/blex-crawler)"
144.76.19.147 - - [08/Jun/2025:05:22:46 -0400] "GET / HTTP/1.1" 200 32327 "-" "Mozilla/5.0 (compatible; BLEXBot/1.0; +https://help.seranking.com/en/blex-crawler)"
162.0.232.193 - - [08/Jun/2025:05:22:51 -0400] "POST /wp-cron.php?doing_wp_cron=1749374571.7097210884094238281250 HTTP/1.1" 200 0 "-" "WordPress/6.8.1; https://isekainonbirinoukachapters.com"
144.76.19.147 - - [08/Jun/2025:05:22:51 -0400] "GET /manga/isekai-nonbiri-nouka-chapter-33-bizels-daughter/ HTTP/1.1" 301 0 "-" "Mozilla/5.0 (compatible; BLEXBot/1.0; +https://help.seranking.com/en/blex-crawler)"
144.76.19.147 - - [08/Jun/2025:05:22:52 -0400] "GET / HTTP/1.1" 200 32286 "-" "Mozilla/5.0 (compatible; BLEXBot/1.0; +https://help.seranking.com/en/blex-crawler)"
175.176.50.152 - - [08/Jun/2025:05:22:56 -0400] "GET /manga/farming-life-in-another-world-chapter-56/ HTTP/1.1" 200 34115 "https://isekainonbirinoukachapters.com/manga/farming-life-in-another-world-chapter-55/" "Mozilla/5.0 (Linux; Android 10; K) AppleWebKit/537.36 (KHTML, like Gecko) Chrome/137.0.0.0 Mobile Safari/537.36"
175.176.50.152 - - [08/Jun/2025:05:22:57 -0400] "GET /manga/farming-life-in-another-world-chapter-56/ HTTP/1.1" 304 0 "https://isekainonbirinoukachapters.com/manga/farming-life-in-another-world-chapter-55/" "Mozilla/5.0 (Linux; Android 10; K) AppleWebKit/537.36 (KHTML, like Gecko) Chrome/137.0.0.0 Mobile Safari/537.36"
135.235.152.100 - - [08/Jun/2025:05:22:58 -0400] "GET /wp-includes/class-wp-classic-to-block-menu-converter.php HTTP/1.1" 200 0 "binance.com" "Mozilla/5.0 (Windows NT 10.0; Win64; x64) AppleWebKit/537.36 (KHTML, like Gecko) Chrome/90.0.4430.85 Safari/537.36"
175.176.50.152 - - [08/Jun/2025:05:23:06 -0400] "GET /manga/farming-life-in-another-world-chapter-57/ HTTP/1.1" 200 34651 "https://isekainonbirinoukachapters.com/manga/farming-life-in-another-world-chapter-56/" "Mozilla/5.0 (Linux; Android 10; K) AppleWebKit/537.36 (KHTML, like Gecko) Chrome/137.0.0.0 Mobile Safari/537.36"
175.176.50.152 - - [08/Jun/2025:05:23:07 -0400] "GET /manga/farming-life-in-another-world-chapter-57/ HTTP/1.1" 304 0 "https://isekainonbirinoukachapters.com/manga/farming-life-in-another-world-chapter-56/" "Mozilla/5.0 (Linux; Android 10; K) AppleWebKit/537.36 (KHTML, like Gecko) Chrome/137.0.0.0 Mobile Safari/537.36"
162.0.232.193 - - [08/Jun/2025:05:23:07 -0400] "POST /wp-cron.php?doing_wp_cron=1749374587.8167309761047363281250 HTTP/1.1" 200 0 "-" "WordPress/6.8.1; https://isekainonbirinoukachapters.com"
175.176.50.152 - - [08/Jun/2025:05:23:07 -0400] "POST /wp-admin/admin-ajax.php HTTP/1.1" 200 61 "https://isekainonbirinoukachapters.com/manga/farming-life-in-another-world-chapter-57/" "Mozilla/5.0 (Linux; Android 10; K) AppleWebKit/537.36 (KHTML, like Gecko) Chrome/137.0.0.0 Mobile Safari/537.36"
162.0.232.193 - - [08/Jun/2025:05:23:10 -0400] "GET /wp-content/uploads/89b93a66fa29a678cbd60ff176e1ea9a_1973.xml HTTP/1.1" 200 1499 "-" "Mozilla/5.0 (X11; Linux x86_64) AppleWebKit/537.36 (KHTML, like Gecko) Ubuntu Chromium/41.0.2272.76"
175.176.50.152 - - [08/Jun/2025:05:23:20 -0400] "GET /category/read-farming-life-in-another-world/ HTTP/1.1" 200 31204 "https://isekainonbirinoukachapters.com/manga/farming-life-in-another-world-chapter-57/" "Mozilla/5.0 (Linux; Android 10; K) AppleWebKit/537.36 (KHTML, like Gecko) Chrome/137.0.0.0 Mobile Safari/537.36"
175.176.50.152 - - [08/Jun/2025:05:23:20 -0400] "GET /manga/farming-life-in-another-world-chapter-58/ HTTP/1.1" 200 34458 "https://isekainonbirinoukachapters.com/manga/farming-life-in-another-world-chapter-57/" "Mozilla/5.0 (Linux; Android 10; K) AppleWebKit/537.36 (KHTML, like Gecko) Chrome/137.0.0.0 Mobile Safari/537.36"
175.176.50.152 - - [08/Jun/2025:05:23:20 -0400] "GET /category/read-farming-life-in-another-world/ HTTP/1.1" 304 0 "https://isekainonbirinoukachapters.com/manga/farming-life-in-another-world-chapter-57/" "Mozilla/5.0 (Linux; Android 10; K) AppleWebKit/537.36 (KHTML, like Gecko) Chrome/137.0.0.0 Mobile Safari/537.36"
175.176.50.152 - - [08/Jun/2025:05:23:21 -0400] "GET /manga/farming-life-in-another-world-chapter-58/ HTTP/1.1" 304 0 "https://isekainonbirinoukachapters.com/manga/farming-life-in-another-world-chapter-57/" "Mozilla/5.0 (Linux; Android 10; K) AppleWebKit/537.36 (KHTML, like Gecko) Chrome/137.0.0.0 Mobile Safari/537.36"
175.176.50.152 - - [08/Jun/2025:05:23:21 -0400] "POST /wp-admin/admin-ajax.php HTTP/1.1" 200 61 "https://isekainonbirinoukachapters.com/manga/farming-life-in-another-world-chapter-58/" "Mozilla/5.0 (Linux; Android 10; K) AppleWebKit/537.36 (KHTML, like Gecko) Chrome/137.0.0.0 Mobile Safari/537.36"
135.235.152.100 - - [08/Jun/2025:05:23:35 -0400] "GET /wp-includes/class-wp-dependencies.php HTTP/1.1" 200 0 "binance.com" "Mozilla/5.0 (Windows NT 10.0; Win64; x64) AppleWebKit/537.36 (KHTML, like Gecko) Chrome/90.0.4430.85 Safari/537.36"
144.76.19.147 - - [08/Jun/2025:05:23:50 -0400] "GET /manga/isekai-nonbiri-nouka-chapter-44-dragon-family-2/ HTTP/1.1" 301 0 "-" "Mozilla/5.0 (compatible; BLEXBot/1.0; +https://help.seranking.com/en/blex-crawler)"
144.76.19.147 - - [08/Jun/2025:05:23:51 -0400] "GET / HTTP/1.1" 200 32286 "-" "Mozilla/5.0 (compatible; BLEXBot/1.0; +https://help.seranking.com/en/blex-crawler)"
135.235.152.100 - - [08/Jun/2025:05:23:59 -0400] "GET /wp-includes/class-wp-duotone.php HTTP/1.1" 200 0 "binance.com" "Mozilla/5.0 (Windows NT 10.0; Win64; x64) AppleWebKit/537.36 (KHTML, like Gecko) Chrome/90.0.4430.85 Safari/537.36"
144.76.19.147 - - [08/Jun/2025:05:24:04 -0400] "GET /manga/isekai-nonbiri-nouka-chapter-49-yuuris-remorese/ HTTP/1.1" 301 0 "-" "Mozilla/5.0 (compatible; BLEXBot/1.0; +https://help.seranking.com/en/blex-crawler)"
144.76.19.147 - - [08/Jun/2025:05:24:04 -0400] "GET / HTTP/1.1" 200 32286 "-" "Mozilla/5.0 (compatible; BLEXBot/1.0; +https://help.seranking.com/en/blex-crawler)"
135.235.152.100 - - [08/Jun/2025:05:24:10 -0400] "GET /wp-includes/class-wp-exception.php HTTP/1.1" 200 0 "binance.com" "Mozilla/5.0 (Windows NT 10.0; Win64; x64) AppleWebKit/537.36 (KHTML, like Gecko) Chrome/90.0.4430.85 Safari/537.36"
135.235.152.100 - - [08/Jun/2025:05:24:21 -0400] "GET /wp-includes/class-wp-http.php HTTP/1.1" 200 6 "binance.com" "Mozilla/5.0 (Windows NT 10.0; Win64; x64) AppleWebKit/537.36 (KHTML, like Gecko) Chrome/90.0.4430.85 Safari/537.36"
2601:7c0:cb01:be0:f929:5a8e:93c9:9116 - - [08/Jun/2025:05:24:26 -0400] "GET /manga/farming-life-in-another-world-chapter-14/ HTTP/1.1" 200 34106 "https://isekainonbirinoukachapters.com/manga/farming-life-in-another-world-chapter-13/" "Mozilla/5.0 (iPhone; CPU iPhone OS 18_5 like Mac OS X) AppleWebKit/605.1.15 (KHTML, like Gecko) Brave/1 Mobile/15E148 Safari/604.1"
162.0.232.193 - - [08/Jun/2025:05:24:29 -0400] "POST /wp-cron.php?doing_wp_cron=1749374669.4309360980987548828125 HTTP/1.1" 200 0 "-" "WordPress/6.8.1; https://isekainonbirinoukachapters.com"
144.76.19.147 - - [08/Jun/2025:05:24:29 -0400] "GET /manga/isekai-nonbiri-nouka-chapter-132-the-new-house-1/ HTTP/1.1" 301 0 "-" "Mozilla/5.0 (compatible; BLEXBot/1.0; +https://help.seranking.com/en/blex-crawler)"
144.76.19.147 - - [08/Jun/2025:05:24:29 -0400] "GET / HTTP/1.1" 200 32286 "-" "Mozilla/5.0 (compatible; BLEXBot/1.0; +https://help.seranking.com/en/blex-crawler)"
135.235.152.100 - - [08/Jun/2025:05:24:31 -0400] "GET /wp-includes/class-wp-navigation-fallback.php HTTP/1.1" 200 0 "binance.com" "Mozilla/5.0 (Windows NT 10.0; Win64; x64) AppleWebKit/537.36 (KHTML, like Gecko) Chrome/90.0.4430.85 Safari/537.36"
144.76.19.147 - - [08/Jun/2025:05:24:34 -0400] "GET /manga/isekai-nonbiri-nouka-chapter-133-the-new-house-2/ HTTP/1.1" 301 0 "-" "Mozilla/5.0 (compatible; BLEXBot/1.0; +https://help.seranking.com/en/blex-crawler)"
144.76.19.147 - - [08/Jun/2025:05:24:35 -0400] "GET / HTTP/1.1" 200 32286 "-" "Mozilla/5.0 (compatible; BLEXBot/1.0; +https://help.seranking.com/en/blex-crawler)"
144.76.19.147 - - [08/Jun/2025:05:24:40 -0400] "GET /manga/isekai-nonbiri-nouka-chapter-177-returning-way-2/ HTTP/1.1" 301 0 "-" "Mozilla/5.0 (compatible; BLEXBot/1.0; +https://help.seranking.com/en/blex-crawler)"
144.76.19.147 - - [08/Jun/2025:05:24:40 -0400] "GET / HTTP/1.1" 200 32423 "-" "Mozilla/5.0 (compatible; BLEXBot/1.0; +https://help.seranking.com/en/blex-crawler)"
135.235.152.100 - - [08/Jun/2025:05:24:45 -0400] "GET /wp-includes/class-wp-phpmailer.php HTTP/1.1" 500 0 "binance.com" "Mozilla/5.0 (Windows NT 10.0; Win64; x64) AppleWebKit/537.36 (KHTML, like Gecko) Chrome/90.0.4430.85 Safari/537.36"
112.198.210.220 - - [08/Jun/2025:05:24:55 -0400] "GET /manga/farming-life-in-another-world-chapter-2/ HTTP/1.1" 200 34622 "https://isekainonbirinoukachapters.com/manga/farming-life-in-another-world-chapter-1/" "Mozilla/5.0 (Macintosh; Intel Mac OS X 10_15_7) AppleWebKit/605.1.15 (KHTML, like Gecko) Version/18.1.1 Safari/605.1.15"
162.0.232.193 - - [08/Jun/2025:05:24:56 -0400] "POST /wp-cron.php?doing_wp_cron=1749374696.4569919109344482421875 HTTP/1.1" 200 0 "-" "WordPress/6.8.1; https://isekainonbirinoukachapters.com"
112.198.210.220 - - [08/Jun/2025:05:24:56 -0400] "POST /wp-admin/admin-ajax.php HTTP/1.1" 200 61 "https://isekainonbirinoukachapters.com/manga/farming-life-in-another-world-chapter-2/" "Mozilla/5.0 (Macintosh; Intel Mac OS X 10_15_7) AppleWebKit/605.1.15 (KHTML, like Gecko) Version/18.1.1 Safari/605.1.15"
135.235.152.100 - - [08/Jun/2025:05:24:57 -0400] "GET /wp-includes/class-wp-plugin-dependencies.php HTTP/1.1" 200 0 "binance.com" "Mozilla/5.0 (Windows NT 10.0; Win64; x64) AppleWebKit/537.36 (KHTML, like Gecko) Chrome/90.0.4430.85 Safari/537.36"
162.0.232.193 - - [08/Jun/2025:05:24:58 -0400] "GET /wp-content/uploads/89b93a66fa29a678cbd60ff176e1ea9a_1973.xml HTTP/1.1" 200 1499 "-" "Mozilla/5.0 (X11; Linux x86_64) AppleWebKit/537.36 (KHTML, like Gecko) Ubuntu Chromium/41.0.2272.76"
144.76.19.147 - - [08/Jun/2025:05:25:03 -0400] "GET /manga/isekai-nonbiri-nouka-chapter-199-creation-myth-1/ HTTP/1.1" 301 0 "-" "Mozilla/5.0 (compatible; BLEXBot/1.0; +https://help.seranking.com/en/blex-crawler)"
144.76.19.147 - - [08/Jun/2025:05:25:04 -0400] "GET / HTTP/1.1" 200 32286 "-" "Mozilla/5.0 (compatible; BLEXBot/1.0; +https://help.seranking.com/en/blex-crawler)"
144.76.19.147 - - [08/Jun/2025:05:25:09 -0400] "GET /manga/isekai-nonbiri-nouka-chapter-201-creation-myth-3/ HTTP/1.1" 301 0 "-" "Mozilla/5.0 (compatible; BLEXBot/1.0; +https://help.seranking.com/en/blex-crawler)"
144.76.19.147 - - [08/Jun/2025:05:25:09 -0400] "GET / HTTP/1.1" 200 32286 "-" "Mozilla/5.0 (compatible; BLEXBot/1.0; +https://help.seranking.com/en/blex-crawler)"
175.176.50.152 - - [08/Jun/2025:05:25:09 -0400] "GET /manga/farming-life-in-another-world-chapter-59/ HTTP/1.1" 200 34624 "https://isekainonbirinoukachapters.com/manga/farming-life-in-another-world-chapter-58/" "Mozilla/5.0 (Linux; Android 10; K) AppleWebKit/537.36 (KHTML, like Gecko) Chrome/137.0.0.0 Mobile Safari/537.36"
175.176.50.152 - - [08/Jun/2025:05:25:10 -0400] "GET /manga/farming-life-in-another-world-chapter-59/ HTTP/1.1" 304 0 "https://isekainonbirinoukachapters.com/manga/farming-life-in-another-world-chapter-58/" "Mozilla/5.0 (Linux; Android 10; K) AppleWebKit/537.36 (KHTML, like Gecko) Chrome/137.0.0.0 Mobile Safari/537.36"
175.176.50.152 - - [08/Jun/2025:05:25:10 -0400] "POST /wp-admin/admin-ajax.php HTTP/1.1" 200 61 "https://isekainonbirinoukachapters.com/manga/farming-life-in-another-world-chapter-59/" "Mozilla/5.0 (Linux; Android 10; K) AppleWebKit/537.36 (KHTML, like Gecko) Chrome/137.0.0.0 Mobile Safari/537.36"
135.235.152.100 - - [08/Jun/2025:05:25:19 -0400] "GET /wp-includes/class-wp-script-modules.php HTTP/1.1" 200 0 "binance.com" "Mozilla/5.0 (Windows NT 10.0; Win64; x64) AppleWebKit/537.36 (KHTML, like Gecko) Chrome/90.0.4430.85 Safari/537.36"
135.235.152.100 - - [08/Jun/2025:05:25:32 -0400] "GET /wp-includes/class-wp-scripts.php HTTP/1.1" 500 0 "binance.com" "Mozilla/5.0 (Windows NT 10.0; Win64; x64) AppleWebKit/537.36 (KHTML, like Gecko) Chrome/90.0.4430.85 Safari/537.36"
112.198.210.220 - - [08/Jun/2025:05:25:34 -0400] "GET /manga/farming-life-in-another-world-chapter-3/ HTTP/1.1" 200 33968 "https://isekainonbirinoukachapters.com/manga/farming-life-in-another-world-chapter-2/" "Mozilla/5.0 (Macintosh; Intel Mac OS X 10_15_7) AppleWebKit/605.1.15 (KHTML, like Gecko) Version/18.1.1 Safari/605.1.15"
2601:7c0:cb01:be0:f929:5a8e:93c9:9116 - - [08/Jun/2025:05:25:37 -0400] "GET /manga/farming-life-in-another-world-chapter-15/ HTTP/1.1" 200 34195 "https://isekainonbirinoukachapters.com/manga/farming-life-in-another-world-chapter-14/" "Mozilla/5.0 (iPhone; CPU iPhone OS 18_5 like Mac OS X) AppleWebKit/605.1.15 (KHTML, like Gecko) Brave/1 Mobile/15E148 Safari/604.1"
135.235.152.100 - - [08/Jun/2025:05:25:41 -0400] "GET /wp-includes/class-wp-speculation-rules.php HTTP/1.1" 200 0 "binance.com" "Mozilla/5.0 (Windows NT 10.0; Win64; x64) AppleWebKit/537.36 (KHTML, like Gecko) Chrome/90.0.4430.85 Safari/537.36"
144.76.19.147 - - [08/Jun/2025:05:25:45 -0400] "GET /manga/isekai-nonbiri-nouka-chapter-37-trouble-dragon-1/ HTTP/1.1" 301 0 "-" "Mozilla/5.0 (compatible; BLEXBot/1.0; +https://help.seranking.com/en/blex-crawler)"
144.76.19.147 - - [08/Jun/2025:05:25:45 -0400] "GET / HTTP/1.1" 200 32423 "-" "Mozilla/5.0 (compatible; BLEXBot/1.0; +https://help.seranking.com/en/blex-crawler)"
144.76.19.147 - - [08/Jun/2025:05:25:50 -0400] "GET /manga/isekai-nonbiri-nouka-chapter-38-trouble-dragon-2/ HTTP/1.1" 301 0 "-" "Mozilla/5.0 (compatible; BLEXBot/1.0; +https://help.seranking.com/en/blex-crawler)"
144.76.19.147 - - [08/Jun/2025:05:25:50 -0400] "GET / HTTP/1.1" 200 32286 "-" "Mozilla/5.0 (compatible; BLEXBot/1.0; +https://help.seranking.com/en/blex-crawler)"
135.235.152.100 - - [08/Jun/2025:05:25:55 -0400] "GET /wp-includes/class-wp-styles.php HTTP/1.1" 500 0 "binance.com" "Mozilla/5.0 (Windows NT 10.0; Win64; x64) AppleWebKit/537.36 (KHTML, like Gecko) Chrome/90.0.4430.85 Safari/537.36"
112.198.210.220 - - [08/Jun/2025:05:26:00 -0400] "GET /manga/farming-life-in-another-world-chapter-4/ HTTP/1.1" 200 34578 "https://isekainonbirinoukachapters.com/manga/farming-life-in-another-world-chapter-3/" "Mozilla/5.0 (Macintosh; Intel Mac OS X 10_15_7) AppleWebKit/605.1.15 (KHTML, like Gecko) Version/18.1.1 Safari/605.1.15"
162.0.232.193 - - [08/Jun/2025:05:26:01 -0400] "POST /wp-cron.php?doing_wp_cron=1749374761.3003780841827392578125 HTTP/1.1" 200 0 "-" "WordPress/6.8.1; https://isekainonbirinoukachapters.com"
112.198.210.220 - - [08/Jun/2025:05:26:00 -0400] "POST /wp-admin/admin-ajax.php HTTP/1.1" 200 61 "https://isekainonbirinoukachapters.com/manga/farming-life-in-another-world-chapter-4/" "Mozilla/5.0 (Macintosh; Intel Mac OS X 10_15_7) AppleWebKit/605.1.15 (KHTML, like Gecko) Version/18.1.1 Safari/605.1.15"
135.235.152.100 - - [08/Jun/2025:05:26:07 -0400] "GET /wp-includes/class-wp-textdomain-registry.php HTTP/1.1" 200 0 "binance.com" "Mozilla/5.0 (Windows NT 10.0; Win64; x64) AppleWebKit/537.36 (KHTML, like Gecko) Chrome/90.0.4430.85 Safari/537.36"
144.76.19.147 - - [08/Jun/2025:05:26:16 -0400] "GET /manga/isekai-nonbiri-nouka-chapter-39-trouble-dragon-3/ HTTP/1.1" 301 0 "-" "Mozilla/5.0 (compatible; BLEXBot/1.0; +https://help.seranking.com/en/blex-crawler)"
144.76.19.147 - - [08/Jun/2025:05:26:16 -0400] "GET / HTTP/1.1" 200 32286 "-" "Mozilla/5.0 (compatible; BLEXBot/1.0; +https://help.seranking.com/en/blex-crawler)"
162.0.232.193 - - [08/Jun/2025:05:26:22 -0400] "POST /wp-cron.php?doing_wp_cron=1749374782.2534830570220947265625 HTTP/1.1" 200 0 "-" "WordPress/6.8.1; https://isekainonbirinoukachapters.com"
144.76.19.147 - - [08/Jun/2025:05:26:22 -0400] "GET /manga/isekai-nonbiri-nouka-chapter-40-trouble-dragon-4/ HTTP/1.1" 301 0 "-" "Mozilla/5.0 (compatible; BLEXBot/1.0; +https://help.seranking.com/en/blex-crawler)"
144.76.19.147 - - [08/Jun/2025:05:26:22 -0400] "GET / HTTP/1.1" 200 32286 "-" "Mozilla/5.0 (compatible; BLEXBot/1.0; +https://help.seranking.com/en/blex-crawler)"
162.0.232.193 - - [08/Jun/2025:05:26:30 -0400] "POST /wp-cron.php?doing_wp_cron=1749374789.9805428981781005859375 HTTP/1.1" 200 0 "-" "WordPress/6.8.1; https://isekainonbirinoukachapters.com"
144.76.19.147 - - [08/Jun/2025:05:26:29 -0400] "GET /manga/isekai-nonbiri-nouka-chapter-5-names-of-the-dogs/ HTTP/1.1" 301 0 "-" "Mozilla/5.0 (compatible; BLEXBot/1.0; +https://help.seranking.com/en/blex-crawler)"
144.76.19.147 - - [08/Jun/2025:05:26:30 -0400] "GET / HTTP/1.1" 200 32286 "-" "Mozilla/5.0 (compatible; BLEXBot/1.0; +https://help.seranking.com/en/blex-crawler)"
135.235.152.100 - - [08/Jun/2025:05:26:31 -0400] "GET /wp-includes/class-wp-theme-json-data.php HTTP/1.1" 200 0 "binance.com" "Mozilla/5.0 (Windows NT 10.0; Win64; x64) AppleWebKit/537.36 (KHTML, like Gecko) Chrome/90.0.4430.85 Safari/537.36"
2409:40f0:410e:9968:8cdc:9c14:2575:af71 - - [08/Jun/2025:05:26:40 -0400] "GET /manga/farming-life-in-another-world-chapter-24/ HTTP/1.1" 200 34667 "https://isekainonbirinoukachapters.com/manga/farming-life-in-another-world-chapter-23/" "Mozilla/5.0 (Linux; Android 10; K) AppleWebKit/537.36 (KHTML, like Gecko) SamsungBrowser/28.0 Chrome/130.0.0.0 Mobile Safari/537.36"
2409:40f0:410e:9968:8cdc:9c14:2575:af71 - - [08/Jun/2025:05:26:40 -0400] "GET /manga/farming-life-in-another-world-chapter-24/ HTTP/1.1" 304 0 "https://isekainonbirinoukachapters.com/manga/farming-life-in-another-world-chapter-23/" "Mozilla/5.0 (Linux; Android 10; K) AppleWebKit/537.36 (KHTML, like Gecko) SamsungBrowser/28.0 Chrome/130.0.0.0 Mobile Safari/537.36"
2409:40f0:410e:9968:8cdc:9c14:2575:af71 - - [08/Jun/2025:05:26:41 -0400] "POST /wp-admin/admin-ajax.php HTTP/1.1" 200 61 "https://isekainonbirinoukachapters.com/manga/farming-life-in-another-world-chapter-24/" "Mozilla/5.0 (Linux; Android 10; K) AppleWebKit/537.36 (KHTML, like Gecko) SamsungBrowser/28.0 Chrome/130.0.0.0 Mobile Safari/537.36"
135.235.152.100 - - [08/Jun/2025:05:26:42 -0400] "GET /wp-includes/class-wp-theme-json-resolver.php HTTP/1.1" 200 0 "binance.com" "Mozilla/5.0 (Windows NT 10.0; Win64; x64) AppleWebKit/537.36 (KHTML, like Gecko) Chrome/90.0.4430.85 Safari/537.36"
2409:40f0:410e:9968:8cdc:9c14:2575:af71 - - [08/Jun/2025:05:26:43 -0400] "GET /category/read-farming-life-in-another-world/ HTTP/1.1" 200 31322 "https://isekainonbirinoukachapters.com/manga/farming-life-in-another-world-chapter-24/" "Mozilla/5.0 (Linux; Android 10; K) AppleWebKit/537.36 (KHTML, like Gecko) SamsungBrowser/28.0 Chrome/130.0.0.0 Mobile Safari/537.36"
2409:40f0:410e:9968:8cdc:9c14:2575:af71 - - [08/Jun/2025:05:26:45 -0400] "GET /category/read-farming-life-in-another-world/ HTTP/1.1" 304 0 "https://isekainonbirinoukachapters.com/manga/farming-life-in-another-world-chapter-24/" "Mozilla/5.0 (Linux; Android 10; K) AppleWebKit/537.36 (KHTML, like Gecko) SamsungBrowser/28.0 Chrome/130.0.0.0 Mobile Safari/537.36"
162.0.232.193 - - [08/Jun/2025:05:26:54 -0400] "POST /wp-cron.php?doing_wp_cron=1749374814.5236179828643798828125 HTTP/1.1" 200 0 "-" "WordPress/6.8.1; https://isekainonbirinoukachapters.com"
144.76.19.147 - - [08/Jun/2025:05:26:54 -0400] "GET /manga/isekai-nonbiri-nouka-chapter-62-church-and-piano/ HTTP/1.1" 301 0 "-" "Mozilla/5.0 (compatible; BLEXBot/1.0; +https://help.seranking.com/en/blex-crawler)"
144.76.19.147 - - [08/Jun/2025:05:26:54 -0400] "GET / HTTP/1.1" 200 32286 "-" "Mozilla/5.0 (compatible; BLEXBot/1.0; +https://help.seranking.com/en/blex-crawler)"
162.0.232.193 - - [08/Jun/2025:05:26:59 -0400] "POST /wp-cron.php?doing_wp_cron=1749374819.6421771049499511718750 HTTP/1.1" 200 0 "-" "WordPress/6.8.1; https://isekainonbirinoukachapters.com"
144.76.19.147 - - [08/Jun/2025:05:26:59 -0400] "GET /manga/isekai-nonbiri-nouka-chapter-77-exhibition-match/ HTTP/1.1" 301 0 "-" "Mozilla/5.0 (compatible; BLEXBot/1.0; +https://help.seranking.com/en/blex-crawler)"
144.76.19.147 - - [08/Jun/2025:05:27:00 -0400] "GET / HTTP/1.1" 200 32286 "-" "Mozilla/5.0 (compatible; BLEXBot/1.0; +https://help.seranking.com/en/blex-crawler)"
162.0.232.193 - - [08/Jun/2025:05:27:01 -0400] "GET /wp-content/uploads/89b93a66fa29a678cbd60ff176e1ea9a_1973.xml HTTP/1.1" 200 1499 "-" "Mozilla/5.0 (X11; Linux x86_64) AppleWebKit/537.36 (KHTML, like Gecko) Ubuntu Chromium/41.0.2272.76"
135.235.152.100 - - [08/Jun/2025:05:27:03 -0400] "GET /wp-includes/class-wp-theme-json-schema.php HTTP/1.1" 200 0 "binance.com" "Mozilla/5.0 (Windows NT 10.0; Win64; x64) AppleWebKit/537.36 (KHTML, like Gecko) Chrome/90.0.4430.85 Safari/537.36"
112.198.210.220 - - [08/Jun/2025:05:27:03 -0400] "GET /manga/farming-life-in-another-world-chapter-5/ HTTP/1.1" 200 34488 "https://isekainonbirinoukachapters.com/manga/farming-life-in-another-world-chapter-4/" "Mozilla/5.0 (Macintosh; Intel Mac OS X 10_15_7) AppleWebKit/605.1.15 (KHTML, like Gecko) Version/18.1.1 Safari/605.1.15"
112.198.210.220 - - [08/Jun/2025:05:27:03 -0400] "POST /wp-admin/admin-ajax.php HTTP/1.1" 200 61 "https://isekainonbirinoukachapters.com/manga/farming-life-in-another-world-chapter-5/" "Mozilla/5.0 (Macintosh; Intel Mac OS X 10_15_7) AppleWebKit/605.1.15 (KHTML, like Gecko) Version/18.1.1 Safari/605.1.15"
135.235.152.100 - - [08/Jun/2025:05:27:11 -0400] "GET /wp-includes/class-wp-theme-json.php HTTP/1.1" 200 0 "binance.com" "Mozilla/5.0 (Windows NT 10.0; Win64; x64) AppleWebKit/537.36 (KHTML, like Gecko) Chrome/90.0.4430.85 Safari/537.36"
135.235.152.100 - - [08/Jun/2025:05:27:24 -0400] "GET /wp-includes/class-wp-token-map.php HTTP/1.1" 200 0 "binance.com" "Mozilla/5.0 (Windows NT 10.0; Win64; x64) AppleWebKit/537.36 (KHTML, like Gecko) Chrome/90.0.4430.85 Safari/537.36"
144.76.19.147 - - [08/Jun/2025:05:27:27 -0400] "GET /manga/isekai-nonbiri-nouka-chapter-11-a-girl-with-wings/ HTTP/1.1" 301 0 "-" "Mozilla/5.0 (compatible; BLEXBot/1.0; +https://help.seranking.com/en/blex-crawler)"
144.76.19.147 - - [08/Jun/2025:05:27:28 -0400] "GET / HTTP/1.1" 200 32286 "-" "Mozilla/5.0 (compatible; BLEXBot/1.0; +https://help.seranking.com/en/blex-crawler)"
135.235.152.100 - - [08/Jun/2025:05:27:33 -0400] "GET /wp-includes/class-wp-url-pattern-prefixer.php HTTP/1.1" 200 0 "binance.com" "Mozilla/5.0 (Windows NT 10.0; Win64; x64) AppleWebKit/537.36 (KHTML, like Gecko) Chrome/90.0.4430.85 Safari/537.36"
144.76.19.147 - - [08/Jun/2025:05:27:34 -0400] "GET /manga/isekai-nonbiri-nouka-chapter-126-the-angel-test-1/ HTTP/1.1" 301 0 "-" "Mozilla/5.0 (compatible; BLEXBot/1.0; +https://help.seranking.com/en/blex-crawler)"
144.76.19.147 - - [08/Jun/2025:05:27:35 -0400] "GET / HTTP/1.1" 200 32286 "-" "Mozilla/5.0 (compatible; BLEXBot/1.0; +https://help.seranking.com/en/blex-crawler)"
135.235.152.100 - - [08/Jun/2025:05:27:44 -0400] "GET /wp-includes/class-wpdb.php HTTP/1.1" 200 0 "binance.com" "Mozilla/5.0 (Windows NT 10.0; Win64; x64) AppleWebKit/537.36 (KHTML, like Gecko) Chrome/90.0.4430.85 Safari/537.36"
112.198.210.220 - - [08/Jun/2025:05:27:52 -0400] "GET /manga/farming-life-in-another-world-chapter-6/ HTTP/1.1" 200 34157 "https://isekainonbirinoukachapters.com/manga/farming-life-in-another-world-chapter-5/" "Mozilla/5.0 (Macintosh; Intel Mac OS X 10_15_7) AppleWebKit/605.1.15 (KHTML, like Gecko) Version/18.1.1 Safari/605.1.15"
135.235.152.100 - - [08/Jun/2025:05:28:05 -0400] "GET /wp-includes/fonts.php HTTP/1.1" 200 0 "binance.com" "Mozilla/5.0 (Windows NT 10.0; Win64; x64) AppleWebKit/537.36 (KHTML, like Gecko) Chrome/90.0.4430.85 Safari/537.36"
162.0.232.193 - - [08/Jun/2025:05:28:12 -0400] "POST /wp-cron.php?doing_wp_cron=1749374892.5314300060272216796875 HTTP/1.1" 200 0 "-" "WordPress/6.8.1; https://isekainonbirinoukachapters.com"
144.76.19.147 - - [08/Jun/2025:05:28:12 -0400] "GET /manga/isekai-nonbiri-nouka-chapter-127-the-angel-test-2/ HTTP/1.1" 301 0 "-" "Mozilla/5.0 (compatible; BLEXBot/1.0; +https://help.seranking.com/en/blex-crawler)"
144.76.19.147 - - [08/Jun/2025:05:28:12 -0400] "GET / HTTP/1.1" 200 32286 "-" "Mozilla/5.0 (compatible; BLEXBot/1.0; +https://help.seranking.com/en/blex-crawler)"
135.235.152.100 - - [08/Jun/2025:05:28:16 -0400] "GET /wp-includes/global-styles-and-settings.php HTTP/1.1" 200 0 "binance.com" "Mozilla/5.0 (Windows NT 10.0; Win64; x64) AppleWebKit/537.36 (KHTML, like Gecko) Chrome/90.0.4430.85 Safari/537.36"
112.198.210.220 - - [08/Jun/2025:05:28:19 -0400] "GET /manga/farming-life-in-another-world-chapter-7/ HTTP/1.1" 200 34183 "https://isekainonbirinoukachapters.com/manga/farming-life-in-another-world-chapter-6/" "Mozilla/5.0 (Macintosh; Intel Mac OS X 10_15_7) AppleWebKit/605.1.15 (KHTML, like Gecko) Version/18.1.1 Safari/605.1.15"
135.235.152.100 - - [08/Jun/2025:05:28:26 -0400] "GET /wp-includes/https-detection.php HTTP/1.1" 200 0 "binance.com" "Mozilla/5.0 (Windows NT 10.0; Win64; x64) AppleWebKit/537.36 (KHTML, like Gecko) Chrome/90.0.4430.85 Safari/537.36"
2601:7c0:cb01:be0:f929:5a8e:93c9:9116 - - [08/Jun/2025:05:28:31 -0400] "GET /manga/farming-life-in-another-world-chapter-16/ HTTP/1.1" 200 34305 "https://isekainonbirinoukachapters.com/manga/farming-life-in-another-world-chapter-15/" "Mozilla/5.0 (iPhone; CPU iPhone OS 18_5 like Mac OS X) AppleWebKit/605.1.15 (KHTML, like Gecko) Brave/1 Mobile/15E148 Safari/604.1"
135.235.152.100 - - [08/Jun/2025:05:28:36 -0400] "GET /wp-includes/https-migration.php HTTP/1.1" 200 0 "binance.com" "Mozilla/5.0 (Windows NT 10.0; Win64; x64) AppleWebKit/537.36 (KHTML, like Gecko) Chrome/90.0.4430.85 Safari/537.36"
162.0.232.193 - - [08/Jun/2025:05:28:41 -0400] "POST /wp-cron.php?doing_wp_cron=1749374920.9965140819549560546875 HTTP/1.1" 200 0 "-" "WordPress/6.8.1; https://isekainonbirinoukachapters.com"
144.76.19.147 - - [08/Jun/2025:05:28:40 -0400] "GET /manga/isekai-nonbiri-nouka-chapter-128-the-angel-test-3/ HTTP/1.1" 301 0 "-" "Mozilla/5.0 (compatible; BLEXBot/1.0; +https://help.seranking.com/en/blex-crawler)"
144.76.19.147 - - [08/Jun/2025:05:28:41 -0400] "GET / HTTP/1.1" 200 32286 "-" "Mozilla/5.0 (compatible; BLEXBot/1.0; +https://help.seranking.com/en/blex-crawler)"
135.235.152.100 - - [08/Jun/2025:05:28:45 -0400] "GET /wp-includes/robots-template.php HTTP/1.1" 200 0 "binance.com" "Mozilla/5.0 (Windows NT 10.0; Win64; x64) AppleWebKit/537.36 (KHTML, like Gecko) Chrome/90.0.4430.85 Safari/537.36"
162.0.232.193 - - [08/Jun/2025:05:28:53 -0400] "POST /wp-cron.php?doing_wp_cron=1749374933.3033308982849121093750 HTTP/1.1" 200 0 "-" "WordPress/6.8.1; https://isekainonbirinoukachapters.com"
144.76.19.147 - - [08/Jun/2025:05:28:53 -0400] "GET /manga/isekai-nonbiri-nouka-chapter-129-the-angel-test-4/ HTTP/1.1" 301 0 "-" "Mozilla/5.0 (compatible; BLEXBot/1.0; +https://help.seranking.com/en/blex-crawler)"
144.76.19.147 - - [08/Jun/2025:05:28:53 -0400] "GET / HTTP/1.1" 200 32286 "-" "Mozilla/5.0 (compatible; BLEXBot/1.0; +https://help.seranking.com/en/blex-crawler)"
112.198.210.220 - - [08/Jun/2025:05:28:55 -0400] "GET /manga/farming-life-in-another-world-chapter-8/ HTTP/1.1" 200 34223 "https://isekainonbirinoukachapters.com/manga/farming-life-in-another-world-chapter-7/" "Mozilla/5.0 (Macintosh; Intel Mac OS X 10_15_7) AppleWebKit/605.1.15 (KHTML, like Gecko) Version/18.1.1 Safari/605.1.15"
