103.110.48.181 - - [08/Jun/2025:06:15:21 -0400] "GET /manga/farming-life-in-another-world-chapter-15/ HTTP/1.1" 304 0 "https://isekainonbirinoukachapters.com/" "Mozilla/5.0 (Windows NT 10.0; Win64; x64) AppleWebKit/537.36 (KHTML, like Gecko) Chrome/134.0.0.0 Safari/537.36 OPR/119.0.0.0"
103.110.48.181 - - [08/Jun/2025:06:15:36 -0400] "GET /manga/farming-life-in-another-world-chapter-14/ HTTP/1.1" 304 0 "https://isekainonbirinoukachapters.com/manga/farming-life-in-another-world-chapter-15/" "Mozilla/5.0 (Windows NT 10.0; Win64; x64) AppleWebKit/537.36 (KHTML, like Gecko) Chrome/134.0.0.0 Safari/537.36 OPR/119.0.0.0"
103.110.48.181 - - [08/Jun/2025:06:15:36 -0400] "GET /manga/farming-life-in-another-world-chapter-14/ HTTP/1.1" 304 0 "https://isekainonbirinoukachapters.com/manga/farming-life-in-another-world-chapter-15/" "Mozilla/5.0 (Windows NT 10.0; Win64; x64) AppleWebKit/537.36 (KHTML, like Gecko) Chrome/134.0.0.0 Safari/537.36 OPR/119.0.0.0"
103.110.48.181 - - [08/Jun/2025:06:15:37 -0400] "GET /manga/farming-life-in-another-world-chapter-16/ HTTP/1.1" 200 34217 "https://isekainonbirinoukachapters.com/manga/farming-life-in-another-world-chapter-15/" "Mozilla/5.0 (Windows NT 10.0; Win64; x64) AppleWebKit/537.36 (KHTML, like Gecko) Chrome/134.0.0.0 Safari/537.36 OPR/119.0.0.0"
103.110.48.181 - - [08/Jun/2025:06:15:37 -0400] "GET /manga/farming-life-in-another-world-chapter-16/ HTTP/1.1" 304 0 "https://isekainonbirinoukachapters.com/manga/farming-life-in-another-world-chapter-15/" "Mozilla/5.0 (Windows NT 10.0; Win64; x64) AppleWebKit/537.36 (KHTML, like Gecko) Chrome/134.0.0.0 Safari/537.36 OPR/119.0.0.0"
103.110.48.181 - - [08/Jun/2025:06:15:38 -0400] "GET /wp-content/uploads/2024/07/cropped-63b857c96f67c-180x180.jpg HTTP/1.1" 200 7461 "https://isekainonbirinoukachapters.com/manga/farming-life-in-another-world-chapter-15/" "Mozilla/5.0 (Windows NT 10.0; Win64; x64) AppleWebKit/537.36 (KHTML, like Gecko) Chrome/134.0.0.0 Safari/537.36 OPR/119.0.0.0"
103.110.48.181 - - [08/Jun/2025:06:15:38 -0400] "GET / HTTP/1.1" 304 0 "https://isekainonbirinoukachapters.com/manga/farming-life-in-another-world-chapter-16/" "Mozilla/5.0 (Windows NT 10.0; Win64; x64) AppleWebKit/537.36 (KHTML, like Gecko) Chrome/134.0.0.0 Safari/537.36 OPR/119.0.0.0"
103.110.48.181 - - [08/Jun/2025:06:15:39 -0400] "GET / HTTP/1.1" 304 0 "https://isekainonbirinoukachapters.com/manga/farming-life-in-another-world-chapter-16/" "Mozilla/5.0 (Windows NT 10.0; Win64; x64) AppleWebKit/537.36 (KHTML, like Gecko) Chrome/134.0.0.0 Safari/537.36 OPR/119.0.0.0"
103.110.48.181 - - [08/Jun/2025:06:15:42 -0400] "GET /manga/farming-life-in-another-world-chapter-1/ HTTP/1.1" 200 34411 "https://isekainonbirinoukachapters.com/" "Mozilla/5.0 (Windows NT 10.0; Win64; x64) AppleWebKit/537.36 (KHTML, like Gecko) Chrome/134.0.0.0 Safari/537.36 OPR/119.0.0.0"
103.110.48.181 - - [08/Jun/2025:06:15:42 -0400] "GET /manga/farming-life-in-another-world-chapter-21/ HTTP/1.1" 200 34462 "https://isekainonbirinoukachapters.com/" "Mozilla/5.0 (Windows NT 10.0; Win64; x64) AppleWebKit/537.36 (KHTML, like Gecko) Chrome/134.0.0.0 Safari/537.36 OPR/119.0.0.0"
103.110.48.181 - - [08/Jun/2025:06:15:44 -0400] "GET /manga/farming-life-in-another-world-chapter-63/ HTTP/1.1" 200 34622 "https://isekainonbirinoukachapters.com/" "Mozilla/5.0 (Windows NT 10.0; Win64; x64) AppleWebKit/537.36 (KHTML, like Gecko) Chrome/134.0.0.0 Safari/537.36 OPR/119.0.0.0"
103.110.48.181 - - [08/Jun/2025:06:15:44 -0400] "GET /manga/farming-life-in-another-world-chapter-62/ HTTP/1.1" 200 34171 "https://isekainonbirinoukachapters.com/" "Mozilla/5.0 (Windows NT 10.0; Win64; x64) AppleWebKit/537.36 (KHTML, like Gecko) Chrome/134.0.0.0 Safari/537.36 OPR/119.0.0.0"
103.110.48.181 - - [08/Jun/2025:06:15:45 -0400] "GET /manga/farming-life-in-another-world-chapter-61/ HTTP/1.1" 200 34310 "https://isekainonbirinoukachapters.com/" "Mozilla/5.0 (Windows NT 10.0; Win64; x64) AppleWebKit/537.36 (KHTML, like Gecko) Chrome/134.0.0.0 Safari/537.36 OPR/119.0.0.0"
103.110.48.181 - - [08/Jun/2025:06:15:45 -0400] "GET /manga/farming-life-in-another-world-chapter-62/ HTTP/1.1" 304 0 "https://isekainonbirinoukachapters.com/" "Mozilla/5.0 (Windows NT 10.0; Win64; x64) AppleWebKit/537.36 (KHTML, like Gecko) Chrome/134.0.0.0 Safari/537.36 OPR/119.0.0.0"
103.110.48.181 - - [08/Jun/2025:06:15:45 -0400] "GET /manga/farming-life-in-another-world-chapter-60/ HTTP/1.1" 200 34508 "https://isekainonbirinoukachapters.com/" "Mozilla/5.0 (Windows NT 10.0; Win64; x64) AppleWebKit/537.36 (KHTML, like Gecko) Chrome/134.0.0.0 Safari/537.36 OPR/119.0.0.0"
139.135.192.186 - - [08/Jun/2025:06:15:45 -0400] "GET /manga/farming-life-in-another-world-chapter-203/ HTTP/1.1" 200 34606 "https://isekainonbirinoukachapters.com/manga/farming-life-in-another-world-chapter-202/" "Mozilla/5.0 (Linux; Android 10; K) AppleWebKit/537.36 (KHTML, like Gecko) Chrome/137.0.0.0 Mobile Safari/537.36"
139.135.192.186 - - [08/Jun/2025:06:15:46 -0400] "GET /manga/farming-life-in-another-world-chapter-203/ HTTP/1.1" 200 34495 "https://isekainonbirinoukachapters.com/manga/farming-life-in-another-world-chapter-202/" "Mozilla/5.0 (X11; Linux x86_64) AppleWebKit/537.36 (KHTML, like Gecko) Chrome/137.0.0.0 Safari/537.36"
103.110.48.181 - - [08/Jun/2025:06:15:46 -0400] "GET /category/read-farming-life-in-another-world/ HTTP/1.1" 200 31220 "https://isekainonbirinoukachapters.com/manga/farming-life-in-another-world-chapter-62/" "Mozilla/5.0 (Windows NT 10.0; Win64; x64) AppleWebKit/537.36 (KHTML, like Gecko) Chrome/134.0.0.0 Safari/537.36 OPR/119.0.0.0"
162.0.232.193 - - [08/Jun/2025:06:15:46 -0400] "POST /wp-cron.php?doing_wp_cron=1749377746.4399449825286865234375 HTTP/1.1" 200 0 "-" "WordPress/6.8.1; https://isekainonbirinoukachapters.com"
139.135.192.186 - - [08/Jun/2025:06:15:46 -0400] "POST /wp-admin/admin-ajax.php HTTP/1.1" 200 61 "https://isekainonbirinoukachapters.com/manga/farming-life-in-another-world-chapter-203/" "Mozilla/5.0 (X11; Linux x86_64) AppleWebKit/537.36 (KHTML, like Gecko) Chrome/137.0.0.0 Safari/537.36"
103.110.48.181 - - [08/Jun/2025:06:16:07 -0400] "GET /manga/farming-life-in-another-world-chapter-61/ HTTP/1.1" 304 0 "https://isekainonbirinoukachapters.com/manga/farming-life-in-another-world-chapter-62/" "Mozilla/5.0 (Windows NT 10.0; Win64; x64) AppleWebKit/537.36 (KHTML, like Gecko) Chrome/134.0.0.0 Safari/537.36 OPR/119.0.0.0"
103.110.48.181 - - [08/Jun/2025:06:16:08 -0400] "GET /manga/farming-life-in-another-world-chapter-61/ HTTP/1.1" 304 0 "https://isekainonbirinoukachapters.com/manga/farming-life-in-another-world-chapter-62/" "Mozilla/5.0 (Windows NT 10.0; Win64; x64) AppleWebKit/537.36 (KHTML, like Gecko) Chrome/134.0.0.0 Safari/537.36 OPR/119.0.0.0"
103.110.48.181 - - [08/Jun/2025:06:16:09 -0400] "GET /manga/farming-life-in-another-world-chapter-63/ HTTP/1.1" 304 0 "https://isekainonbirinoukachapters.com/manga/farming-life-in-another-world-chapter-62/" "Mozilla/5.0 (Windows NT 10.0; Win64; x64) AppleWebKit/537.36 (KHTML, like Gecko) Chrome/134.0.0.0 Safari/537.36 OPR/119.0.0.0"
103.110.48.181 - - [08/Jun/2025:06:16:13 -0400] "GET /manga/farming-life-in-another-world-chapter-63/ HTTP/1.1" 304 0 "https://isekainonbirinoukachapters.com/manga/farming-life-in-another-world-chapter-62/" "Mozilla/5.0 (Windows NT 10.0; Win64; x64) AppleWebKit/537.36 (KHTML, like Gecko) Chrome/134.0.0.0 Safari/537.36 OPR/119.0.0.0"
162.0.232.193 - - [08/Jun/2025:06:16:14 -0400] "POST /wp-cron.php?doing_wp_cron=1749377774.1706209182739257812500 HTTP/1.1" 200 0 "-" "WordPress/6.8.1; https://isekainonbirinoukachapters.com"
49.147.64.109 - - [08/Jun/2025:06:16:14 -0400] "GET /manga/farming-life-in-another-world-chapter-1/ HTTP/1.1" 200 34465 "https://isekainonbirinoukachapters.com/" "Mozilla/5.0 (Linux; Android 10; K) AppleWebKit/537.36 (KHTML, like Gecko) SamsungBrowser/28.0 Chrome/130.0.0.0 Mobile Safari/537.36"
103.110.48.181 - - [08/Jun/2025:06:16:14 -0400] "GET /category/farming-life-in-another-world-manga/ HTTP/1.1" 200 31207 "https://isekainonbirinoukachapters.com/manga/farming-life-in-another-world-chapter-63/" "Mozilla/5.0 (Windows NT 10.0; Win64; x64) AppleWebKit/537.36 (KHTML, like Gecko) Chrome/134.0.0.0 Safari/537.36 OPR/119.0.0.0"
103.110.48.181 - - [08/Jun/2025:06:16:13 -0400] "POST /wp-admin/admin-ajax.php HTTP/1.1" 200 61 "https://isekainonbirinoukachapters.com/manga/farming-life-in-another-world-chapter-63/" "Mozilla/5.0 (Windows NT 10.0; Win64; x64) AppleWebKit/537.36 (KHTML, like Gecko) Chrome/134.0.0.0 Safari/537.36 OPR/119.0.0.0"
162.0.232.193 - - [08/Jun/2025:06:16:15 -0400] "GET /wp-content/uploads/89b93a66fa29a678cbd60ff176e1ea9a_1973.xml HTTP/1.1" 200 1499 "-" "Mozilla/5.0 (X11; Linux x86_64) AppleWebKit/537.36 (KHTML, like Gecko) Ubuntu Chromium/41.0.2272.76"
144.76.19.147 - - [08/Jun/2025:06:16:22 -0400] "GET /manga/isekai-nonbiri-nouka-chapter-80-martial-art-tournament-knight-division-third-round-semi-final-and-the-finals/ HTTP/1.1" 301 0 "-" "Mozilla/5.0 (compatible; BLEXBot/1.0; +https://help.seranking.com/en/blex-crawler)"
144.76.19.147 - - [08/Jun/2025:06:16:22 -0400] "GET / HTTP/1.1" 200 32286 "-" "Mozilla/5.0 (compatible; BLEXBot/1.0; +https://help.seranking.com/en/blex-crawler)"
144.76.19.147 - - [08/Jun/2025:06:16:41 -0400] "GET /manga/isekai-nonbiri-nouka-chapter-81-martial-art-tournament-knight-division-third-round-semi-final-and-the-finals/ HTTP/1.1" 301 0 "-" "Mozilla/5.0 (compatible; BLEXBot/1.0; +https://help.seranking.com/en/blex-crawler)"
144.76.19.147 - - [08/Jun/2025:06:16:42 -0400] "GET / HTTP/1.1" 200 32423 "-" "Mozilla/5.0 (compatible; BLEXBot/1.0; +https://help.seranking.com/en/blex-crawler)"
2001:4860:7:805::57 - - [08/Jun/2025:06:16:43 -0400] "GET / HTTP/1.1" 200 32286 "https://www.google.com/" "Mozilla/5.0 (Windows NT 10.0; Win64; x64) AppleWebKit/537.36 (KHTML, like Gecko) Chrome/137.0.0.0 Safari/537.36"
2601:7c0:cb01:be0:f929:5a8e:93c9:9116 - - [08/Jun/2025:06:16:48 -0400] "GET /manga/farming-life-in-another-world-chapter-30/ HTTP/1.1" 200 34054 "https://isekainonbirinoukachapters.com/manga/farming-life-in-another-world-chapter-29/" "Mozilla/5.0 (iPhone; CPU iPhone OS 18_5 like Mac OS X) AppleWebKit/605.1.15 (KHTML, like Gecko) Brave/1 Mobile/15E148 Safari/604.1"
139.135.192.186 - - [08/Jun/2025:06:19:31 -0400] "GET /manga/farming-life-in-another-world-chapter-204/ HTTP/1.1" 200 34167 "https://isekainonbirinoukachapters.com/manga/farming-life-in-another-world-chapter-203/" "Mozilla/5.0 (Linux; Android 10; K) AppleWebKit/537.36 (KHTML, like Gecko) Chrome/137.0.0.0 Mobile Safari/537.36"
139.135.192.186 - - [08/Jun/2025:06:19:32 -0400] "GET /manga/farming-life-in-another-world-chapter-204/ HTTP/1.1" 200 34098 "https://isekainonbirinoukachapters.com/manga/farming-life-in-another-world-chapter-203/" "Mozilla/5.0 (X11; Linux x86_64) AppleWebKit/537.36 (KHTML, like Gecko) Chrome/137.0.0.0 Safari/537.36"
162.0.232.193 - - [08/Jun/2025:06:19:49 -0400] "POST /wp-cron.php?doing_wp_cron=1749377989.6347150802612304687500 HTTP/1.1" 200 0 "-" "WordPress/6.8.1; https://isekainonbirinoukachapters.com"
15.204.43.173 - - [08/Jun/2025:06:19:47 -0400] "POST /xmlrpc.php HTTP/1.1" 200 186 "https://isekainonbirinoukachapters.com" "Mozilla/5.0 (Macintosh; Intel Mac OS X 14_6) AppleWebKit/605.1.15 (KHTML, like Gecko) Version/17.5 Safari/605.1.15"
15.204.43.173 - - [08/Jun/2025:06:19:50 -0400] "POST /wp-login.php HTTP/1.1" 200 2036 "https://isekainonbirinoukachapters.com" "Mozilla/5.0 (Macintosh; Intel Mac OS X 13.3; rv:126.0) Gecko/20100101 Firefox/126.0"
162.0.232.193 - - [08/Jun/2025:06:19:51 -0400] "GET /wp-content/uploads/89b93a66fa29a678cbd60ff176e1ea9a_1973.xml HTTP/1.1" 200 1499 "-" "Mozilla/5.0 (X11; Linux x86_64) AppleWebKit/537.36 (KHTML, like Gecko) Ubuntu Chromium/41.0.2272.76"
110.172.98.2 - - [08/Jun/2025:06:20:10 -0400] "GET / HTTP/1.1" 200 32286 "-" "Mozilla/5.0 (Windows NT 10.0; Win64; x64) AppleWebKit/537.36 (KHTML, like Gecko) Chrome/79.0.3945.130 Safari/537.36"
2601:7c0:cb01:be0:f929:5a8e:93c9:9116 - - [08/Jun/2025:06:21:29 -0400] "GET /manga/farming-life-in-another-world-chapter-31/ HTTP/1.1" 200 34071 "https://isekainonbirinoukachapters.com/manga/farming-life-in-another-world-chapter-30/" "Mozilla/5.0 (iPhone; CPU iPhone OS 18_5 like Mac OS X) AppleWebKit/605.1.15 (KHTML, like Gecko) Brave/1 Mobile/15E148 Safari/604.1"
162.0.232.193 - - [08/Jun/2025:06:22:15 -0400] "POST /wp-cron.php?doing_wp_cron=1749378135.1876499652862548828125 HTTP/1.1" 200 0 "-" "WordPress/6.8.1; https://isekainonbirinoukachapters.com"
121.127.99.225 - - [08/Jun/2025:06:22:14 -0400] "GET /manga/isekai-nonbiri-nouka-chapter-252/ HTTP/1.1" 301 0 "-" "Mozilla/5.0 (iPhone; CPU iPhone OS 18_5 like Mac OS X) AppleWebKit/605.1.15 (KHTML, like Gecko) Mobile/15E148"
121.127.99.225 - - [08/Jun/2025:06:22:15 -0400] "GET / HTTP/1.1" 200 32326 "-" "Mozilla/5.0 (iPhone; CPU iPhone OS 18_5 like Mac OS X) AppleWebKit/605.1.15 (KHTML, like Gecko) Mobile/15E148"
162.0.232.193 - - [08/Jun/2025:06:22:17 -0400] "GET /wp-content/uploads/89b93a66fa29a678cbd60ff176e1ea9a_1973.xml HTTP/1.1" 200 1499 "-" "Mozilla/5.0 (X11; Linux x86_64) AppleWebKit/537.36 (KHTML, like Gecko) Ubuntu Chromium/41.0.2272.76"
158.62.42.3 - - [08/Jun/2025:06:23:09 -0400] "GET / HTTP/1.1" 200 32326 "https://www.google.com/" "Mozilla/5.0 (Linux; Android 10; K) AppleWebKit/537.36 (KHTML, like Gecko) Chrome/137.0.0.0 Mobile Safari/537.36"
158.62.42.3 - - [08/Jun/2025:06:23:09 -0400] "GET / HTTP/1.1" 304 0 "https://www.google.com/" "Mozilla/5.0 (Linux; Android 10; K) AppleWebKit/537.36 (KHTML, like Gecko) Chrome/137.0.0.0 Mobile Safari/537.36"
158.62.42.3 - - [08/Jun/2025:06:23:15 -0400] "GET / HTTP/1.1" 304 0 "https://www.google.com/" "Mozilla/5.0 (Linux; Android 10; K) AppleWebKit/537.36 (KHTML, like Gecko) Chrome/137.0.0.0 Mobile Safari/537.36"
158.62.42.3 - - [08/Jun/2025:06:23:18 -0400] "GET / HTTP/1.1" 200 32326 "https://isekainonbirinoukachapters.com/" "Mozilla/5.0 (Linux; Android 10; K) AppleWebKit/537.36 (KHTML, like Gecko) Chrome/137.0.0.0 Mobile Safari/537.36"
158.62.42.3 - - [08/Jun/2025:06:23:18 -0400] "GET / HTTP/1.1" 304 0 "https://isekainonbirinoukachapters.com/" "Mozilla/5.0 (Linux; Android 10; K) AppleWebKit/537.36 (KHTML, like Gecko) Chrome/137.0.0.0 Mobile Safari/537.36"
158.62.42.3 - - [08/Jun/2025:06:23:20 -0400] "GET /manga/farming-life-in-another-world-chapter-12/ HTTP/1.1" 200 34249 "https://isekainonbirinoukachapters.com/" "Mozilla/5.0 (Linux; Android 10; K) AppleWebKit/537.36 (KHTML, like Gecko) Chrome/137.0.0.0 Mobile Safari/537.36"
158.62.42.3 - - [08/Jun/2025:06:23:20 -0400] "GET /manga/farming-life-in-another-world-chapter-9/ HTTP/1.1" 200 34056 "https://isekainonbirinoukachapters.com/" "Mozilla/5.0 (Linux; Android 10; K) AppleWebKit/537.36 (KHTML, like Gecko) Chrome/137.0.0.0 Mobile Safari/537.36"
158.62.42.3 - - [08/Jun/2025:06:23:20 -0400] "GET /manga/farming-life-in-another-world-chapter-12/ HTTP/1.1" 304 0 "https://isekainonbirinoukachapters.com/" "Mozilla/5.0 (Linux; Android 10; K) AppleWebKit/537.36 (KHTML, like Gecko) Chrome/137.0.0.0 Mobile Safari/537.36"
158.62.42.3 - - [08/Jun/2025:06:23:21 -0400] "GET /manga/farming-life-in-another-world-chapter-9/ HTTP/1.1" 304 0 "https://isekainonbirinoukachapters.com/" "Mozilla/5.0 (Linux; Android 10; K) AppleWebKit/537.36 (KHTML, like Gecko) Chrome/137.0.0.0 Mobile Safari/537.36"
158.62.42.3 - - [08/Jun/2025:06:23:21 -0400] "GET /manga/farming-life-in-another-world-chapter-17/ HTTP/1.1" 200 34661 "https://isekainonbirinoukachapters.com/" "Mozilla/5.0 (Linux; Android 10; K) AppleWebKit/537.36 (KHTML, like Gecko) Chrome/137.0.0.0 Mobile Safari/537.36"
158.62.42.3 - - [08/Jun/2025:06:23:21 -0400] "GET /manga/farming-life-in-another-world-chapter-17/ HTTP/1.1" 304 0 "https://isekainonbirinoukachapters.com/" "Mozilla/5.0 (Linux; Android 10; K) AppleWebKit/537.36 (KHTML, like Gecko) Chrome/137.0.0.0 Mobile Safari/537.36"
158.62.42.3 - - [08/Jun/2025:06:23:21 -0400] "GET /manga/farming-life-in-another-world-chapter-20/ HTTP/1.1" 200 34042 "https://isekainonbirinoukachapters.com/" "Mozilla/5.0 (Linux; Android 10; K) AppleWebKit/537.36 (KHTML, like Gecko) Chrome/137.0.0.0 Mobile Safari/537.36"
158.62.42.3 - - [08/Jun/2025:06:23:22 -0400] "GET /manga/farming-life-in-another-world-chapter-20/ HTTP/1.1" 304 0 "https://isekainonbirinoukachapters.com/" "Mozilla/5.0 (Linux; Android 10; K) AppleWebKit/537.36 (KHTML, like Gecko) Chrome/137.0.0.0 Mobile Safari/537.36"
158.62.42.3 - - [08/Jun/2025:06:23:22 -0400] "GET /manga/farming-life-in-another-world-chapter-25/ HTTP/1.1" 200 34197 "https://isekainonbirinoukachapters.com/" "Mozilla/5.0 (Linux; Android 10; K) AppleWebKit/537.36 (KHTML, like Gecko) Chrome/137.0.0.0 Mobile Safari/537.36"
158.62.42.3 - - [08/Jun/2025:06:23:22 -0400] "GET /manga/farming-life-in-another-world-chapter-25/ HTTP/1.1" 304 0 "https://isekainonbirinoukachapters.com/" "Mozilla/5.0 (Linux; Android 10; K) AppleWebKit/537.36 (KHTML, like Gecko) Chrome/137.0.0.0 Mobile Safari/537.36"
158.62.42.3 - - [08/Jun/2025:06:23:22 -0400] "GET /manga/farming-life-in-another-world-chapter-28/ HTTP/1.1" 200 34262 "https://isekainonbirinoukachapters.com/" "Mozilla/5.0 (Linux; Android 10; K) AppleWebKit/537.36 (KHTML, like Gecko) Chrome/137.0.0.0 Mobile Safari/537.36"
158.62.42.3 - - [08/Jun/2025:06:23:22 -0400] "GET /manga/farming-life-in-another-world-chapter-28/ HTTP/1.1" 304 0 "https://isekainonbirinoukachapters.com/" "Mozilla/5.0 (Linux; Android 10; K) AppleWebKit/537.36 (KHTML, like Gecko) Chrome/137.0.0.0 Mobile Safari/537.36"
158.62.42.3 - - [08/Jun/2025:06:23:23 -0400] "GET /manga/farming-life-in-another-world-chapter-34/ HTTP/1.1" 200 34343 "https://isekainonbirinoukachapters.com/" "Mozilla/5.0 (Linux; Android 10; K) AppleWebKit/537.36 (KHTML, like Gecko) Chrome/137.0.0.0 Mobile Safari/537.36"
158.62.42.3 - - [08/Jun/2025:06:23:23 -0400] "GET /manga/farming-life-in-another-world-chapter-34/ HTTP/1.1" 304 0 "https://isekainonbirinoukachapters.com/" "Mozilla/5.0 (Linux; Android 10; K) AppleWebKit/537.36 (KHTML, like Gecko) Chrome/137.0.0.0 Mobile Safari/537.36"
162.0.232.193 - - [08/Jun/2025:06:23:24 -0400] "POST /wp-cron.php?doing_wp_cron=1749378204.5167090892791748046875 HTTP/1.1" 200 0 "-" "WordPress/6.8.1; https://isekainonbirinoukachapters.com"
158.62.42.3 - - [08/Jun/2025:06:23:24 -0400] "POST /wp-admin/admin-ajax.php HTTP/1.1" 200 61 "https://isekainonbirinoukachapters.com/manga/farming-life-in-another-world-chapter-34/" "Mozilla/5.0 (Linux; Android 10; K) AppleWebKit/537.36 (KHTML, like Gecko) Chrome/137.0.0.0 Mobile Safari/537.36"
158.62.42.3 - - [08/Jun/2025:06:23:31 -0400] "GET /manga/farming-life-in-another-world-chapter-33/ HTTP/1.1" 200 34172 "https://isekainonbirinoukachapters.com/manga/farming-life-in-another-world-chapter-34/" "Mozilla/5.0 (Linux; Android 10; K) AppleWebKit/537.36 (KHTML, like Gecko) Chrome/137.0.0.0 Mobile Safari/537.36"
158.62.42.3 - - [08/Jun/2025:06:23:32 -0400] "GET /manga/farming-life-in-another-world-chapter-33/ HTTP/1.1" 304 0 "https://isekainonbirinoukachapters.com/manga/farming-life-in-another-world-chapter-34/" "Mozilla/5.0 (Linux; Android 10; K) AppleWebKit/537.36 (KHTML, like Gecko) Chrome/137.0.0.0 Mobile Safari/537.36"
158.62.42.3 - - [08/Jun/2025:06:23:33 -0400] "GET /manga/farming-life-in-another-world-chapter-32/ HTTP/1.1" 200 34561 "https://isekainonbirinoukachapters.com/" "Mozilla/5.0 (Linux; Android 10; K) AppleWebKit/537.36 (KHTML, like Gecko) Chrome/137.0.0.0 Mobile Safari/537.36"
158.62.42.3 - - [08/Jun/2025:06:23:34 -0400] "GET /manga/farming-life-in-another-world-chapter-27/ HTTP/1.1" 200 34196 "https://isekainonbirinoukachapters.com/" "Mozilla/5.0 (Linux; Android 10; K) AppleWebKit/537.36 (KHTML, like Gecko) Chrome/137.0.0.0 Mobile Safari/537.36"
158.62.42.3 - - [08/Jun/2025:06:23:34 -0400] "GET /manga/farming-life-in-another-world-chapter-32/ HTTP/1.1" 304 0 "https://isekainonbirinoukachapters.com/" "Mozilla/5.0 (Linux; Android 10; K) AppleWebKit/537.36 (KHTML, like Gecko) Chrome/137.0.0.0 Mobile Safari/537.36"
158.62.42.3 - - [08/Jun/2025:06:23:34 -0400] "GET /manga/farming-life-in-another-world-chapter-27/ HTTP/1.1" 304 0 "https://isekainonbirinoukachapters.com/" "Mozilla/5.0 (Linux; Android 10; K) AppleWebKit/537.36 (KHTML, like Gecko) Chrome/137.0.0.0 Mobile Safari/537.36"
158.62.42.3 - - [08/Jun/2025:06:23:34 -0400] "GET /manga/farming-life-in-another-world-chapter-25/ HTTP/1.1" 304 0 "https://isekainonbirinoukachapters.com/" "Mozilla/5.0 (Linux; Android 10; K) AppleWebKit/537.36 (KHTML, like Gecko) Chrome/137.0.0.0 Mobile Safari/537.36"
158.62.42.3 - - [08/Jun/2025:06:23:34 -0400] "GET /manga/farming-life-in-another-world-chapter-15/ HTTP/1.1" 200 34195 "https://isekainonbirinoukachapters.com/" "Mozilla/5.0 (Linux; Android 10; K) AppleWebKit/537.36 (KHTML, like Gecko) Chrome/137.0.0.0 Mobile Safari/537.36"
158.62.42.3 - - [08/Jun/2025:06:23:35 -0400] "GET /manga/farming-life-in-another-world-chapter-15/ HTTP/1.1" 304 0 "https://isekainonbirinoukachapters.com/" "Mozilla/5.0 (Linux; Android 10; K) AppleWebKit/537.36 (KHTML, like Gecko) Chrome/137.0.0.0 Mobile Safari/537.36"
158.62.42.3 - - [08/Jun/2025:06:23:36 -0400] "GET /manga/farming-life-in-another-world-chapter-12/ HTTP/1.1" 304 0 "https://isekainonbirinoukachapters.com/" "Mozilla/5.0 (Linux; Android 10; K) AppleWebKit/537.36 (KHTML, like Gecko) Chrome/137.0.0.0 Mobile Safari/537.36"
43.157.142.101 - - [08/Jun/2025:06:23:38 -0400] "GET /manga/farming-life-in-another-world-chapter-62/ HTTP/1.1" 200 34082 "-" "Mozilla/5.0 (iPhone; CPU iPhone OS 13_2_3 like Mac OS X) AppleWebKit/605.1.15 (KHTML, like Gecko) Version/13.0.3 Mobile/15E148 Safari/604.1"
158.62.42.3 - - [08/Jun/2025:06:23:49 -0400] "GET /manga/farming-life-in-another-world-chapter-24/ HTTP/1.1" 200 34466 "https://isekainonbirinoukachapters.com/" "Mozilla/5.0 (Linux; Android 10; K) AppleWebKit/537.36 (KHTML, like Gecko) Chrome/137.0.0.0 Mobile Safari/537.36"
158.62.42.3 - - [08/Jun/2025:06:23:50 -0400] "GET /manga/farming-life-in-another-world-chapter-24/ HTTP/1.1" 304 0 "https://isekainonbirinoukachapters.com/" "Mozilla/5.0 (Linux; Android 10; K) AppleWebKit/537.36 (KHTML, like Gecko) Chrome/137.0.0.0 Mobile Safari/537.36"
158.62.42.3 - - [08/Jun/2025:06:23:50 -0400] "GET /manga/farming-life-in-another-world-chapter-25/ HTTP/1.1" 304 0 "https://isekainonbirinoukachapters.com/" "Mozilla/5.0 (Linux; Android 10; K) AppleWebKit/537.36 (KHTML, like Gecko) Chrome/137.0.0.0 Mobile Safari/537.36"
158.62.42.3 - - [08/Jun/2025:06:23:50 -0400] "GET /manga/farming-life-in-another-world-chapter-21/ HTTP/1.1" 200 34546 "https://isekainonbirinoukachapters.com/" "Mozilla/5.0 (Linux; Android 10; K) AppleWebKit/537.36 (KHTML, like Gecko) Chrome/137.0.0.0 Mobile Safari/537.36"
158.62.42.3 - - [08/Jun/2025:06:23:50 -0400] "GET /manga/farming-life-in-another-world-chapter-21/ HTTP/1.1" 304 0 "https://isekainonbirinoukachapters.com/" "Mozilla/5.0 (Linux; Android 10; K) AppleWebKit/537.36 (KHTML, like Gecko) Chrome/137.0.0.0 Mobile Safari/537.36"
158.62.42.3 - - [08/Jun/2025:06:23:51 -0400] "GET /manga/farming-life-in-another-world-chapter-16/ HTTP/1.1" 200 34305 "https://isekainonbirinoukachapters.com/" "Mozilla/5.0 (Linux; Android 10; K) AppleWebKit/537.36 (KHTML, like Gecko) Chrome/137.0.0.0 Mobile Safari/537.36"
158.62.42.3 - - [08/Jun/2025:06:23:51 -0400] "GET /manga/farming-life-in-another-world-chapter-16/ HTTP/1.1" 304 0 "https://isekainonbirinoukachapters.com/" "Mozilla/5.0 (Linux; Android 10; K) AppleWebKit/537.36 (KHTML, like Gecko) Chrome/137.0.0.0 Mobile Safari/537.36"
158.62.42.3 - - [08/Jun/2025:06:24:24 -0400] "GET /manga/farming-life-in-another-world-chapter-15/ HTTP/1.1" 304 0 "https://isekainonbirinoukachapters.com/" "Mozilla/5.0 (Linux; Android 10; K) AppleWebKit/537.36 (KHTML, like Gecko) Chrome/137.0.0.0 Mobile Safari/537.36"
158.62.42.3 - - [08/Jun/2025:06:24:24 -0400] "GET /manga/farming-life-in-another-world-chapter-46/ HTTP/1.1" 200 34263 "https://isekainonbirinoukachapters.com/" "Mozilla/5.0 (Linux; Android 10; K) AppleWebKit/537.36 (KHTML, like Gecko) Chrome/137.0.0.0 Mobile Safari/537.36"
158.62.42.3 - - [08/Jun/2025:06:24:24 -0400] "GET /manga/farming-life-in-another-world-chapter-78/ HTTP/1.1" 200 34514 "https://isekainonbirinoukachapters.com/" "Mozilla/5.0 (Linux; Android 10; K) AppleWebKit/537.36 (KHTML, like Gecko) Chrome/137.0.0.0 Mobile Safari/537.36"
158.62.42.3 - - [08/Jun/2025:06:24:25 -0400] "GET /manga/farming-life-in-another-world-chapter-46/ HTTP/1.1" 304 0 "https://isekainonbirinoukachapters.com/" "Mozilla/5.0 (Linux; Android 10; K) AppleWebKit/537.36 (KHTML, like Gecko) Chrome/137.0.0.0 Mobile Safari/537.36"
158.62.42.3 - - [08/Jun/2025:06:24:25 -0400] "GET /manga/farming-life-in-another-world-chapter-78/ HTTP/1.1" 304 0 "https://isekainonbirinoukachapters.com/" "Mozilla/5.0 (Linux; Android 10; K) AppleWebKit/537.36 (KHTML, like Gecko) Chrome/137.0.0.0 Mobile Safari/537.36"
158.62.42.3 - - [08/Jun/2025:06:24:25 -0400] "GET /manga/farming-life-in-another-world-chapter-111/ HTTP/1.1" 200 34139 "https://isekainonbirinoukachapters.com/" "Mozilla/5.0 (Linux; Android 10; K) AppleWebKit/537.36 (KHTML, like Gecko) Chrome/137.0.0.0 Mobile Safari/537.36"
158.62.42.3 - - [08/Jun/2025:06:24:26 -0400] "GET /manga/farming-life-in-another-world-chapter-111/ HTTP/1.1" 304 0 "https://isekainonbirinoukachapters.com/" "Mozilla/5.0 (Linux; Android 10; K) AppleWebKit/537.36 (KHTML, like Gecko) Chrome/137.0.0.0 Mobile Safari/537.36"
158.62.42.3 - - [08/Jun/2025:06:24:26 -0400] "GET /manga/farming-life-in-another-world-chapter-148/ HTTP/1.1" 200 34961 "https://isekainonbirinoukachapters.com/" "Mozilla/5.0 (Linux; Android 10; K) AppleWebKit/537.36 (KHTML, like Gecko) Chrome/137.0.0.0 Mobile Safari/537.36"
158.62.42.3 - - [08/Jun/2025:06:24:26 -0400] "GET /manga/farming-life-in-another-world-chapter-148/ HTTP/1.1" 304 0 "https://isekainonbirinoukachapters.com/" "Mozilla/5.0 (Linux; Android 10; K) AppleWebKit/537.36 (KHTML, like Gecko) Chrome/137.0.0.0 Mobile Safari/537.36"
158.62.42.3 - - [08/Jun/2025:06:24:26 -0400] "GET /manga/farming-life-in-another-world-chapter-158/ HTTP/1.1" 200 34160 "https://isekainonbirinoukachapters.com/" "Mozilla/5.0 (Linux; Android 10; K) AppleWebKit/537.36 (KHTML, like Gecko) Chrome/137.0.0.0 Mobile Safari/537.36"
158.62.42.3 - - [08/Jun/2025:06:24:26 -0400] "GET /manga/farming-life-in-another-world-chapter-158/ HTTP/1.1" 304 0 "https://isekainonbirinoukachapters.com/" "Mozilla/5.0 (Linux; Android 10; K) AppleWebKit/537.36 (KHTML, like Gecko) Chrome/137.0.0.0 Mobile Safari/537.36"
158.62.42.3 - - [08/Jun/2025:06:24:26 -0400] "GET /manga/farming-life-in-another-world-chapter-174/ HTTP/1.1" 200 34530 "https://isekainonbirinoukachapters.com/" "Mozilla/5.0 (Linux; Android 10; K) AppleWebKit/537.36 (KHTML, like Gecko) Chrome/137.0.0.0 Mobile Safari/537.36"
158.62.42.3 - - [08/Jun/2025:06:24:27 -0400] "GET /manga/farming-life-in-another-world-chapter-174/ HTTP/1.1" 304 0 "https://isekainonbirinoukachapters.com/" "Mozilla/5.0 (Linux; Android 10; K) AppleWebKit/537.36 (KHTML, like Gecko) Chrome/137.0.0.0 Mobile Safari/537.36"
158.62.42.3 - - [08/Jun/2025:06:24:28 -0400] "GET / HTTP/1.1" 304 0 "https://isekainonbirinoukachapters.com/manga/farming-life-in-another-world-chapter-174/" "Mozilla/5.0 (Linux; Android 10; K) AppleWebKit/537.36 (KHTML, like Gecko) Chrome/137.0.0.0 Mobile Safari/537.36"
162.0.232.193 - - [08/Jun/2025:06:24:28 -0400] "POST /wp-cron.php?doing_wp_cron=1749378268.7611680030822753906250 HTTP/1.1" 200 0 "-" "WordPress/6.8.1; https://isekainonbirinoukachapters.com"
158.62.42.3 - - [08/Jun/2025:06:24:28 -0400] "GET / HTTP/1.1" 304 0 "https://isekainonbirinoukachapters.com/manga/farming-life-in-another-world-chapter-174/" "Mozilla/5.0 (Linux; Android 10; K) AppleWebKit/537.36 (KHTML, like Gecko) Chrome/137.0.0.0 Mobile Safari/537.36"
158.62.42.3 - - [08/Jun/2025:06:24:28 -0400] "POST /wp-admin/admin-ajax.php HTTP/1.1" 200 61 "https://isekainonbirinoukachapters.com/manga/farming-life-in-another-world-chapter-174/" "Mozilla/5.0 (Linux; Android 10; K) AppleWebKit/537.36 (KHTML, like Gecko) Chrome/137.0.0.0 Mobile Safari/537.36"
98.54.42.70 - - [08/Jun/2025:06:24:30 -0400] "GET /manga/farming-life-in-another-world-chapter-32/ HTTP/1.1" 200 34534 "https://isekainonbirinoukachapters.com/manga/farming-life-in-another-world-chapter-31/" "Mozilla/5.0 (iPhone; CPU iPhone OS 18_5 like Mac OS X) AppleWebKit/605.1.15 (KHTML, like Gecko) Brave/1 Mobile/15E148 Safari/604.1"
162.0.232.193 - - [08/Jun/2025:06:24:31 -0400] "GET /wp-content/uploads/89b93a66fa29a678cbd60ff176e1ea9a_1973.xml HTTP/1.1" 200 1499 "-" "Mozilla/5.0 (X11; Linux x86_64) AppleWebKit/537.36 (KHTML, like Gecko) Ubuntu Chromium/41.0.2272.76"
98.54.42.70 - - [08/Jun/2025:06:24:30 -0400] "POST /wp-admin/admin-ajax.php HTTP/1.1" 200 61 "https://isekainonbirinoukachapters.com/manga/farming-life-in-another-world-chapter-32/" "Mozilla/5.0 (iPhone; CPU iPhone OS 18_5 like Mac OS X) AppleWebKit/605.1.15 (KHTML, like Gecko) Brave/1 Mobile/15E148 Safari/604.1"
64.233.173.7 - - [08/Jun/2025:06:24:32 -0400] "GET /manga/farming-life-in-another-world-chapter-174/ HTTP/1.1" 200 34530 "-" "Mozilla/5.0 (Linux; Android 7.0; SM-G930V Build/NRD90M) AppleWebKit/537.36 (KHTML, like Gecko) Chrome/59.0.3071.125 Mobile Safari/537.36 (compatible; Google-Read-Aloud; +https://support.google.com/webmasters/answer/1061943)"
66.102.6.161 - - [08/Jun/2025:06:24:33 -0400] "GET /manga/farming-life-in-another-world-chapter-174/ HTTP/1.1" 200 34530 "-" "Mozilla/5.0 (Linux; Android 7.0; SM-G930V Build/NRD90M) AppleWebKit/537.36 (KHTML, like Gecko) Chrome/59.0.3071.125 Mobile Safari/537.36 (compatible; Google-Read-Aloud; +https://support.google.com/webmasters/answer/1061943)"
66.102.6.163 - - [08/Jun/2025:06:24:33 -0400] "GET /manga/farming-life-in-another-world-chapter-174/ HTTP/1.1" 200 34530 "-" "Mozilla/5.0 (Linux; Android 7.0; SM-G930V Build/NRD90M) AppleWebKit/537.36 (KHTML, like Gecko) Chrome/59.0.3071.125 Mobile Safari/537.36 (compatible; Google-Read-Aloud; +https://support.google.com/webmasters/answer/1061943)"
158.62.42.3 - - [08/Jun/2025:06:24:35 -0400] "GET /manga/farming-life-in-another-world-chapter-175/ HTTP/1.1" 200 34527 "https://isekainonbirinoukachapters.com/manga/farming-life-in-another-world-chapter-174/" "Mozilla/5.0 (Linux; Android 10; K) AppleWebKit/537.36 (KHTML, like Gecko) Chrome/137.0.0.0 Mobile Safari/537.36"
66.102.6.162 - - [08/Jun/2025:06:24:34 -0400] "POST /wp-admin/admin-ajax.php HTTP/1.1" 200 61 "https://isekainonbirinoukachapters.com/manga/farming-life-in-another-world-chapter-174/" "Mozilla/5.0 (Linux; Android 7.0; SM-G930V Build/NRD90M) AppleWebKit/537.36 (KHTML, like Gecko) Chrome/59.0.3071.125 Mobile Safari/537.36 (compatible; Google-Read-Aloud; +https://support.google.com/webmasters/answer/1061943)"
158.62.42.3 - - [08/Jun/2025:06:24:35 -0400] "GET /manga/farming-life-in-another-world-chapter-175/ HTTP/1.1" 304 0 "https://isekainonbirinoukachapters.com/manga/farming-life-in-another-world-chapter-174/" "Mozilla/5.0 (Linux; Android 10; K) AppleWebKit/537.36 (KHTML, like Gecko) Chrome/137.0.0.0 Mobile Safari/537.36"
158.62.42.3 - - [08/Jun/2025:06:24:36 -0400] "GET /manga/farming-life-in-another-world-chapter-175/ HTTP/1.1" 304 0 "https://isekainonbirinoukachapters.com/" "Mozilla/5.0 (Linux; Android 10; K) AppleWebKit/537.36 (KHTML, like Gecko) Chrome/137.0.0.0 Mobile Safari/537.36"
158.62.42.3 - - [08/Jun/2025:06:24:36 -0400] "GET /manga/farming-life-in-another-world-chapter-175/ HTTP/1.1" 304 0 "https://isekainonbirinoukachapters.com/" "Mozilla/5.0 (Linux; Android 10; K) AppleWebKit/537.36 (KHTML, like Gecko) Chrome/137.0.0.0 Mobile Safari/537.36"
158.62.42.3 - - [08/Jun/2025:06:24:37 -0400] "GET /manga/farming-life-in-another-world-chapter-219/ HTTP/1.1" 200 34258 "https://isekainonbirinoukachapters.com/" "Mozilla/5.0 (Linux; Android 10; K) AppleWebKit/537.36 (KHTML, like Gecko) Chrome/137.0.0.0 Mobile Safari/537.36"
158.62.42.3 - - [08/Jun/2025:06:24:37 -0400] "GET /manga/farming-life-in-another-world-chapter-219/ HTTP/1.1" 304 0 "https://isekainonbirinoukachapters.com/" "Mozilla/5.0 (Linux; Android 10; K) AppleWebKit/537.36 (KHTML, like Gecko) Chrome/137.0.0.0 Mobile Safari/537.36"
158.62.42.3 - - [08/Jun/2025:06:24:37 -0400] "GET /manga/farming-life-in-another-world-chapter-227/ HTTP/1.1" 200 34144 "https://isekainonbirinoukachapters.com/" "Mozilla/5.0 (Linux; Android 10; K) AppleWebKit/537.36 (KHTML, like Gecko) Chrome/137.0.0.0 Mobile Safari/537.36"
158.62.42.3 - - [08/Jun/2025:06:24:38 -0400] "GET /manga/farming-life-in-another-world-chapter-227/ HTTP/1.1" 304 0 "https://isekainonbirinoukachapters.com/" "Mozilla/5.0 (Linux; Android 10; K) AppleWebKit/537.36 (KHTML, like Gecko) Chrome/137.0.0.0 Mobile Safari/537.36"
194.88.100.39 - - [08/Jun/2025:06:25:02 -0400] "GET / HTTP/1.1" 200 32326 "https://www.google.com/" "Mozilla/5.0 (Linux; Android 10; K) AppleWebKit/537.36 (KHTML, like Gecko) Chrome/137.0.0.0 Mobile Safari/537.36"
194.88.100.39 - - [08/Jun/2025:06:25:07 -0400] "GET /manga/farming-life-in-another-world-chapter-9/ HTTP/1.1" 200 34248 "https://isekainonbirinoukachapters.com/" "Mozilla/5.0 (Linux; Android 10; K) AppleWebKit/537.36 (KHTML, like Gecko) Chrome/137.0.0.0 Mobile Safari/537.36"
194.88.100.39 - - [08/Jun/2025:06:25:08 -0400] "GET /manga/farming-life-in-another-world-chapter-1/ HTTP/1.1" 200 34465 "https://isekainonbirinoukachapters.com/" "Mozilla/5.0 (Linux; Android 10; K) AppleWebKit/537.36 (KHTML, like Gecko) Chrome/137.0.0.0 Mobile Safari/537.36"
194.88.100.39 - - [08/Jun/2025:06:25:08 -0400] "GET /manga/farming-life-in-another-world-chapter-1/ HTTP/1.1" 304 0 "https://isekainonbirinoukachapters.com/" "Mozilla/5.0 (Linux; Android 10; K) AppleWebKit/537.36 (KHTML, like Gecko) Chrome/137.0.0.0 Mobile Safari/537.36"
139.135.192.136 - - [08/Jun/2025:06:25:15 -0400] "GET /manga/farming-life-in-another-world-chapter-205/ HTTP/1.1" 200 34172 "https://isekainonbirinoukachapters.com/manga/farming-life-in-another-world-chapter-204/" "Mozilla/5.0 (Linux; Android 10; K) AppleWebKit/537.36 (KHTML, like Gecko) Chrome/137.0.0.0 Mobile Safari/537.36"
139.135.192.136 - - [08/Jun/2025:06:25:15 -0400] "GET /manga/farming-life-in-another-world-chapter-205/ HTTP/1.1" 200 34135 "https://isekainonbirinoukachapters.com/manga/farming-life-in-another-world-chapter-204/" "Mozilla/5.0 (X11; Linux x86_64) AppleWebKit/537.36 (KHTML, like Gecko) Chrome/137.0.0.0 Safari/537.36"
194.88.100.39 - - [08/Jun/2025:06:25:22 -0400] "GET /manga/farming-life-in-another-world-chapter-10/ HTTP/1.1" 200 34119 "https://isekainonbirinoukachapters.com/" "Mozilla/5.0 (Linux; Android 10; K) AppleWebKit/537.36 (KHTML, like Gecko) Chrome/137.0.0.0 Mobile Safari/537.36"
194.88.100.39 - - [08/Jun/2025:06:25:22 -0400] "GET /manga/farming-life-in-another-world-chapter-10/ HTTP/1.1" 304 0 "https://isekainonbirinoukachapters.com/" "Mozilla/5.0 (Linux; Android 10; K) AppleWebKit/537.36 (KHTML, like Gecko) Chrome/137.0.0.0 Mobile Safari/537.36"
194.88.100.39 - - [08/Jun/2025:06:25:32 -0400] "GET /manga/farming-life-in-another-world-chapter-11/ HTTP/1.1" 200 34302 "https://isekainonbirinoukachapters.com/" "Mozilla/5.0 (Linux; Android 10; K) AppleWebKit/537.36 (KHTML, like Gecko) Chrome/137.0.0.0 Mobile Safari/537.36"
194.88.100.39 - - [08/Jun/2025:06:25:33 -0400] "GET /manga/farming-life-in-another-world-chapter-11/ HTTP/1.1" 304 0 "https://isekainonbirinoukachapters.com/" "Mozilla/5.0 (Linux; Android 10; K) AppleWebKit/537.36 (KHTML, like Gecko) Chrome/137.0.0.0 Mobile Safari/537.36"
162.0.232.193 - - [08/Jun/2025:06:25:36 -0400] "POST /wp-cron.php?doing_wp_cron=1749378336.7585339546203613281250 HTTP/1.1" 200 0 "-" "WordPress/6.8.1; https://isekainonbirinoukachapters.com"
196.208.44.148 - - [08/Jun/2025:06:28:29 -0400] "GET / HTTP/1.1" 200 32326 "https://search.brave.com/" "Mozilla/5.0 (Linux; Android 12) AppleWebKit/537.36 (KHTML, like Gecko) Chrome/107.0.0.0 Mobile Safari/537.36"
196.208.44.148 - - [08/Jun/2025:06:28:30 -0400] "GET /wp-content/uploads/2024/07/MV5BYjA4Mjc5OWYtMTQ1Yy00MWQyLTg3NGYtZTA0NjZiYzI0NDhhXkEyXkFqcGdeQXVyMzgxODM4NjM@._V1_FMjpg_UX1000_.jpg HTTP/1.1" 200 260352 "https://isekainonbirinoukachapters.com/" "Mozilla/5.0 (Linux; Android 12) AppleWebKit/537.36 (KHTML, like Gecko) Chrome/107.0.0.0 Mobile Safari/537.36"
196.208.44.148 - - [08/Jun/2025:06:28:30 -0400] "GET /wp-content/uploads/2024/07/cropped-9781642730852_il_1_aad6e-1.webp HTTP/1.1" 200 97090 "https://isekainonbirinoukachapters.com/" "Mozilla/5.0 (Linux; Android 12) AppleWebKit/537.36 (KHTML, like Gecko) Chrome/107.0.0.0 Mobile Safari/537.36"
196.208.44.148 - - [08/Jun/2025:06:28:30 -0400] "GET /wp-includes/js/jquery/jquery-migrate.min.js?ver=3.4.1 HTTP/1.1" 200 4678 "https://isekainonbirinoukachapters.com/" "Mozilla/5.0 (Linux; Android 12) AppleWebKit/537.36 (KHTML, like Gecko) Chrome/107.0.0.0 Mobile Safari/537.36"
196.208.44.148 - - [08/Jun/2025:06:28:30 -0400] "GET /wp-includes/js/jquery/jquery.min.js?ver=3.7.1 HTTP/1.1" 200 29744 "https://isekainonbirinoukachapters.com/" "Mozilla/5.0 (Linux; Android 12) AppleWebKit/537.36 (KHTML, like Gecko) Chrome/107.0.0.0 Mobile Safari/537.36"
162.0.232.193 - - [08/Jun/2025:06:28:30 -0400] "POST /wp-cron.php?doing_wp_cron=1749378510.7843630313873291015625 HTTP/1.1" 200 0 "-" "WordPress/6.8.1; https://isekainonbirinoukachapters.com"
114.119.143.151 - - [08/Jun/2025:06:28:30 -0400] "GET /manga/isekai-nonbiri-nouka-chapter-104/ HTTP/1.1" 301 0 "https://isekainonbirinoukachapters.com/isekai-nonbiri-nouka-chapter-76/" "Mozilla/5.0 (Linux; Android 7.0;) AppleWebKit/537.36 (KHTML, like Gecko) Mobile Safari/537.36 (compatible; PetalBot;+https://webmaster.petalsearch.com/site/petalbot)"
114.119.143.151 - - [08/Jun/2025:06:28:31 -0400] "GET / HTTP/1.1" 200 32326 "https://isekainonbirinoukachapters.com/isekai-nonbiri-nouka-chapter-76/" "Mozilla/5.0 (Linux; Android 7.0;) AppleWebKit/537.36 (KHTML, like Gecko) Mobile Safari/537.36 (compatible; PetalBot;+https://webmaster.petalsearch.com/site/petalbot)"
196.208.44.148 - - [08/Jun/2025:06:28:31 -0400] "GET /wp-content/themes/toivo-lite/js/settings.min.js?ver=1.2.0 HTTP/1.1" 200 307 "https://isekainonbirinoukachapters.com/" "Mozilla/5.0 (Linux; Android 12) AppleWebKit/537.36 (KHTML, like Gecko) Chrome/107.0.0.0 Mobile Safari/537.36"
196.208.44.148 - - [08/Jun/2025:06:28:31 -0400] "GET /wp-content/themes/toivo-lite/js/functions.min.js?ver=1.2.0 HTTP/1.1" 200 593 "https://isekainonbirinoukachapters.com/" "Mozilla/5.0 (Linux; Android 12) AppleWebKit/537.36 (KHTML, like Gecko) Chrome/107.0.0.0 Mobile Safari/537.36"
196.208.44.148 - - [08/Jun/2025:06:28:31 -0400] "GET /wp-content/cache/min/1/wp-content/plugins/comic-easel/js/keynav.js?ver=1729190448 HTTP/1.1" 200 221 "https://isekainonbirinoukachapters.com/" "Mozilla/5.0 (Linux; Android 12) AppleWebKit/537.36 (KHTML, like Gecko) Chrome/107.0.0.0 Mobile Safari/537.36"
196.208.44.148 - - [08/Jun/2025:06:28:32 -0400] "GET /wp-content/cache/min/1/wp-content/plugins/simple-social-buttons/assets/js/front.js?ver=1729190448 HTTP/1.1" 200 1488 "https://isekainonbirinoukachapters.com/" "Mozilla/5.0 (Linux; Android 12) AppleWebKit/537.36 (KHTML, like Gecko) Chrome/107.0.0.0 Mobile Safari/537.36"
196.208.44.148 - - [08/Jun/2025:06:28:32 -0400] "GET /wp-content/themes/toivo-lite/js/responsive-nav.min.js?ver=1.2.0 HTTP/1.1" 200 2102 "https://isekainonbirinoukachapters.com/" "Mozilla/5.0 (Linux; Android 12) AppleWebKit/537.36 (KHTML, like Gecko) Chrome/107.0.0.0 Mobile Safari/537.36"
196.208.44.148 - - [08/Jun/2025:06:28:32 -0400] "GET /wp-content/plugins/simple-social-buttons/assets/js/frontend-blocks.js?ver=6.1.0 HTTP/1.1" 200 0 "https://isekainonbirinoukachapters.com/" "Mozilla/5.0 (Linux; Android 12) AppleWebKit/537.36 (KHTML, like Gecko) Chrome/107.0.0.0 Mobile Safari/537.36"
162.0.232.193 - - [08/Jun/2025:06:28:32 -0400] "GET /wp-content/uploads/89b93a66fa29a678cbd60ff176e1ea9a_1973.xml HTTP/1.1" 200 1499 "-" "Mozilla/5.0 (X11; Linux x86_64) AppleWebKit/537.36 (KHTML, like Gecko) Ubuntu Chromium/41.0.2272.76"
196.208.44.148 - - [08/Jun/2025:06:28:34 -0400] "GET /wp-content/uploads/2024/07/cropped-63b857c96f67c-180x180.jpg HTTP/1.1" 200 7461 "https://isekainonbirinoukachapters.com/" "Mozilla/5.0 (Linux; Android 12) AppleWebKit/537.36 (KHTML, like Gecko) Chrome/107.0.0.0 Mobile Safari/537.36"
196.208.44.148 - - [08/Jun/2025:06:28:34 -0400] "GET /wp-content/uploads/2024/07/cropped-63b857c96f67c-192x192.jpg HTTP/1.1" 200 7984 "https://isekainonbirinoukachapters.com/" "Mozilla/5.0 (Linux; Android 12) AppleWebKit/537.36 (KHTML, like Gecko) Chrome/107.0.0.0 Mobile Safari/537.36"
196.208.44.148 - - [08/Jun/2025:06:28:38 -0400] "GET /manga/farming-life-in-another-world-chapter-3/ HTTP/1.1" 200 34183 "-" "Mozilla/5.0 (Linux; Android 12) AppleWebKit/537.36 (KHTML, like Gecko) Chrome/107.0.0.0 Mobile Safari/537.36"
196.208.44.148 - - [08/Jun/2025:06:28:39 -0400] "GET /manga/farming-life-in-another-world-chapter-10/ HTTP/1.1" 200 33951 "-" "Mozilla/5.0 (Linux; Android 12) AppleWebKit/537.36 (KHTML, like Gecko) Chrome/107.0.0.0 Mobile Safari/537.36"
196.208.44.148 - - [08/Jun/2025:06:28:39 -0400] "GET /manga/farming-life-in-another-world-chapter-16/ HTTP/1.1" 200 34330 "-" "Mozilla/5.0 (Linux; Android 12) AppleWebKit/537.36 (KHTML, like Gecko) Chrome/107.0.0.0 Mobile Safari/537.36"
196.208.44.148 - - [08/Jun/2025:06:28:39 -0400] "GET /manga/farming-life-in-another-world-chapter-23/ HTTP/1.1" 200 34134 "-" "Mozilla/5.0 (Linux; Android 12) AppleWebKit/537.36 (KHTML, like Gecko) Chrome/107.0.0.0 Mobile Safari/537.36"
196.208.44.148 - - [08/Jun/2025:06:28:40 -0400] "GET /manga/farming-life-in-another-world-chapter-69/ HTTP/1.1" 200 34449 "-" "Mozilla/5.0 (Linux; Android 12) AppleWebKit/537.36 (KHTML, like Gecko) Chrome/107.0.0.0 Mobile Safari/537.36"
196.208.44.148 - - [08/Jun/2025:06:28:40 -0400] "GET /manga/farming-life-in-another-world-chapter-81/ HTTP/1.1" 200 34556 "-" "Mozilla/5.0 (Linux; Android 12) AppleWebKit/537.36 (KHTML, like Gecko) Chrome/107.0.0.0 Mobile Safari/537.36"
196.208.44.148 - - [08/Jun/2025:06:28:40 -0400] "GET /manga/farming-life-in-another-world-chapter-92/ HTTP/1.1" 200 34534 "-" "Mozilla/5.0 (Linux; Android 12) AppleWebKit/537.36 (KHTML, like Gecko) Chrome/107.0.0.0 Mobile Safari/537.36"
196.208.44.148 - - [08/Jun/2025:06:28:41 -0400] "GET /manga/farming-life-in-another-world-chapter-102/ HTTP/1.1" 200 34692 "-" "Mozilla/5.0 (Linux; Android 12) AppleWebKit/537.36 (KHTML, like Gecko) Chrome/107.0.0.0 Mobile Safari/537.36"
196.208.44.148 - - [08/Jun/2025:06:28:41 -0400] "GET /manga/chapter-115/ HTTP/1.1" 200 34118 "-" "Mozilla/5.0 (Linux; Android 12) AppleWebKit/537.36 (KHTML, like Gecko) Chrome/107.0.0.0 Mobile Safari/537.36"
196.208.44.148 - - [08/Jun/2025:06:28:42 -0400] "GET /manga/farming-life-in-another-world-chapter-58/ HTTP/1.1" 200 34658 "-" "Mozilla/5.0 (Linux; Android 12) AppleWebKit/537.36 (KHTML, like Gecko) Chrome/107.0.0.0 Mobile Safari/537.36"
196.208.44.148 - - [08/Jun/2025:06:28:43 -0400] "GET /manga/farming-life-in-another-world-chapter-45/ HTTP/1.1" 200 34535 "-" "Mozilla/5.0 (Linux; Android 12) AppleWebKit/537.36 (KHTML, like Gecko) Chrome/107.0.0.0 Mobile Safari/537.36"
196.208.44.148 - - [08/Jun/2025:06:28:43 -0400] "GET /manga/farming-life-in-another-world-chapter-18/ HTTP/1.1" 200 34196 "-" "Mozilla/5.0 (Linux; Android 12) AppleWebKit/537.36 (KHTML, like Gecko) Chrome/107.0.0.0 Mobile Safari/537.36"
196.208.44.148 - - [08/Jun/2025:06:28:45 -0400] "GET /manga/farming-life-in-another-world-chapter-1/ HTTP/1.1" 200 34233 "-" "Mozilla/5.0 (Linux; Android 12) AppleWebKit/537.36 (KHTML, like Gecko) Chrome/107.0.0.0 Mobile Safari/537.36"
52.167.144.211 - - [08/Jun/2025:06:25:36 -0400] "GET /sDG-62katsu3014/ HTTP/1.1" 301 0 "-" "Mozilla/5.0 AppleWebKit/537.36 (KHTML, like Gecko; compatible; bingbot/2.0; +http://www.bing.com/bingbot.htm) Chrome/116.0.1938.76 Safari/537.36"
47.33.22.239 - - [08/Jun/2025:06:26:19 -0400] "GET /manga/farming-life-in-another-world-chapter-65/ HTTP/1.1" 200 34668 "https://isekainonbirinoukachapters.com/manga/farming-life-in-another-world-chapter-64/" "Mozilla/5.0 (iPhone; CPU iPhone OS 18_5 like Mac OS X) AppleWebKit/605.1.15 (KHTML, like Gecko) Version/18.5 Mobile/15E148 Safari/604.1"
47.33.22.239 - - [08/Jun/2025:06:26:19 -0400] "GET /wp-content/uploads/2024/07/cropped-9781642730852_il_1_aad6e-1.webp HTTP/1.1" 200 97090 "https://isekainonbirinoukachapters.com/manga/farming-life-in-another-world-chapter-65/" "Mozilla/5.0 (iPhone; CPU iPhone OS 18_5 like Mac OS X) AppleWebKit/605.1.15 (KHTML, like Gecko) Version/18.5 Mobile/15E148 Safari/604.1"
162.0.232.193 - - [08/Jun/2025:06:26:19 -0400] "POST /wp-cron.php?doing_wp_cron=1749378379.7122220993041992187500 HTTP/1.1" 200 0 "-" "WordPress/6.8.1; https://isekainonbirinoukachapters.com"
47.33.22.239 - - [08/Jun/2025:06:26:19 -0400] "POST /wp-admin/admin-ajax.php HTTP/1.1" 200 61 "https://isekainonbirinoukachapters.com/manga/farming-life-in-another-world-chapter-65/" "Mozilla/5.0 (iPhone; CPU iPhone OS 18_5 like Mac OS X) AppleWebKit/605.1.15 (KHTML, like Gecko) Version/18.5 Mobile/15E148 Safari/604.1"
162.0.232.193 - - [08/Jun/2025:06:26:21 -0400] "GET /wp-content/uploads/89b93a66fa29a678cbd60ff176e1ea9a_1973.xml HTTP/1.1" 200 1499 "-" "Mozilla/5.0 (X11; Linux x86_64) AppleWebKit/537.36 (KHTML, like Gecko) Ubuntu Chromium/41.0.2272.76"
52.167.144.211 - - [08/Jun/2025:06:26:33 -0400] "GET /manga/farming-life-in-another-world-chapter-240/ HTTP/1.1" 200 34510 "-" "Mozilla/5.0 AppleWebKit/537.36 (KHTML, like Gecko; compatible; bingbot/2.0; +http://www.bing.com/bingbot.htm) Chrome/116.0.1938.76 Safari/537.36"
43.156.3.195 - - [08/Jun/2025:06:26:48 -0400] "GET / HTTP/1.1" 200 32286 "https://google.com" "Mozilla/5.0 (Macintosh; Intel Mac OS X 10_15_7) AppleWebKit/537.36 (KHTML, like Gecko) Chrome/119.0.0.0 Safari/537.36"
93.124.253.192 - - [08/Jun/2025:06:27:04 -0400] "GET /manga/farming-life-in-another-world-chapter-16/ HTTP/1.1" 200 34217 "https://isekainonbirinoukachapters.com/manga/farming-life-in-another-world-chapter-15/" "Mozilla/5.0 (Windows NT 10.0; Win64; x64) AppleWebKit/537.36 (KHTML, like Gecko) Chrome/134.0.0.0 Safari/537.36 OPR/119.0.0.0"
93.124.253.192 - - [08/Jun/2025:06:27:05 -0400] "GET /manga/farming-life-in-another-world-chapter-16/ HTTP/1.1" 304 0 "https://isekainonbirinoukachapters.com/manga/farming-life-in-another-world-chapter-15/" "Mozilla/5.0 (Windows NT 10.0; Win64; x64) AppleWebKit/537.36 (KHTML, like Gecko) Chrome/134.0.0.0 Safari/537.36 OPR/119.0.0.0"
2601:7c0:cb01:be0:78a6:4552:9e27:be6 - - [08/Jun/2025:06:27:11 -0400] "GET /manga/farming-life-in-another-world-chapter-33/ HTTP/1.1" 200 34172 "https://isekainonbirinoukachapters.com/manga/farming-life-in-another-world-chapter-32/" "Mozilla/5.0 (iPhone; CPU iPhone OS 18_5 like Mac OS X) AppleWebKit/605.1.15 (KHTML, like Gecko) Brave/1 Mobile/15E148 Safari/604.1"
196.208.44.148 - - [08/Jun/2025:06:28:46 -0400] "GET /wp-content/plugins/simple-social-buttons/assets/fonts/ssb-icon.ttf?eahqa2 HTTP/1.1" 200 7412 "https://isekainonbirinoukachapters.com/manga/farming-life-in-another-world-chapter-1/" "Mozilla/5.0 (Linux; Android 12) AppleWebKit/537.36 (KHTML, like Gecko) Chrome/107.0.0.0 Mobile Safari/537.36"
196.208.44.148 - - [08/Jun/2025:06:28:47 -0400] "GET /wp-content/cache/min/1/wp-content/plugins/wp-automatic/js/main-front.js?ver=1729190448 HTTP/1.1" 200 276 "https://isekainonbirinoukachapters.com/manga/farming-life-in-another-world-chapter-1/" "Mozilla/5.0 (Linux; Android 12) AppleWebKit/537.36 (KHTML, like Gecko) Chrome/107.0.0.0 Mobile Safari/537.36"
196.208.44.148 - - [08/Jun/2025:06:28:48 -0400] "GET /wp-content/cache/min/1/wp-content/plugins/disqus-comment-system/public/js/comment_count.js?ver=1729190448 HTTP/1.1" 200 308 "https://isekainonbirinoukachapters.com/manga/farming-life-in-another-world-chapter-1/" "Mozilla/5.0 (Linux; Android 12) AppleWebKit/537.36 (KHTML, like Gecko) Chrome/107.0.0.0 Mobile Safari/537.36"
196.208.44.148 - - [08/Jun/2025:06:28:48 -0400] "GET /wp-content/cache/min/1/wp-content/plugins/disqus-comment-system/public/js/comment_embed.js?ver=1729190448 HTTP/1.1" 200 494 "https://isekainonbirinoukachapters.com/manga/farming-life-in-another-world-chapter-1/" "Mozilla/5.0 (Linux; Android 12) AppleWebKit/537.36 (KHTML, like Gecko) Chrome/107.0.0.0 Mobile Safari/537.36"
196.208.44.148 - - [08/Jun/2025:06:28:48 -0400] "GET /wp-includes/js/comment-reply.min.js?ver=6.8.1 HTTP/1.1" 200 1247 "https://isekainonbirinoukachapters.com/manga/farming-life-in-another-world-chapter-1/" "Mozilla/5.0 (Linux; Android 12) AppleWebKit/537.36 (KHTML, like Gecko) Chrome/107.0.0.0 Mobile Safari/537.36"
196.208.44.148 - - [08/Jun/2025:06:29:12 -0400] "GET /manga/farming-life-in-another-world-chapter-2/ HTTP/1.1" 200 34723 "-" "Mozilla/5.0 (Linux; Android 12) AppleWebKit/537.36 (KHTML, like Gecko) Chrome/107.0.0.0 Mobile Safari/537.36"
196.208.44.148 - - [08/Jun/2025:06:29:14 -0400] "GET / HTTP/1.1" 304 0 "-" "Mozilla/5.0 (Linux; Android 12) AppleWebKit/537.36 (KHTML, like Gecko) Chrome/107.0.0.0 Mobile Safari/537.36"
162.0.232.193 - - [08/Jun/2025:06:30:04 -0400] "POST /wp-cron.php?doing_wp_cron=1749378603.8086280822753906250000 HTTP/1.1" 200 0 "-" "WordPress/6.8.1; https://isekainonbirinoukachapters.com"
95.108.213.183 - - [08/Jun/2025:06:30:03 -0400] "GET /manga/isekai-nonbiri-nouka-chapter-147-naming-and-the-future/ HTTP/1.1" 301 0 "-" "Mozilla/5.0 (compatible; YandexBot/3.0; +http://yandex.com/bots)"
114.119.145.129 - - [08/Jun/2025:06:30:06 -0400] "GET /manga/farming-life-in-another-world-chapter-75/ HTTP/1.1" 200 34343 "https://isekainonbirinoukachapters.com/manga/isekai-nonbiri-nouka-chapter-141-various-things-2/" "Mozilla/5.0 (Linux; Android 7.0;) AppleWebKit/537.36 (KHTML, like Gecko) Mobile Safari/537.36 (compatible; PetalBot;+https://webmaster.petalsearch.com/site/petalbot)"
