2607:fb91:a93:495e:5079:3b32:4857:b256 - - [08/Jun/2025:07:46:53 -0400] "POST /wp-admin/admin-ajax.php HTTP/1.1" 200 61 "https://isekainonbirinoukachapters.com/manga/farming-life-in-another-world-chapter-93/" "Mozilla/5.0 (iPhone; CPU iPhone OS 18_5_0 like Mac OS X) AppleWebKit/605.1.15 (KHTML, like Gecko) CriOS/137.0.7151.79 Mobile/15E148 Safari/604.1"
47.82.60.235 - - [08/Jun/2025:07:47:12 -0400] "GET /manga/farming-life-in-another-world-chapter-24/ HTTP/1.1" 200 34585 "https://isekainonbirinoukachapters.com/manga/farming-life-in-another-world-chapter-24/" "Mozilla/5.0 (Windows NT 10.0; Win64; x64) AppleWebKit/537.36 (KHTML, like Gecko) Chrome/114.0.0.0 Safari/537.36 Edg/114.0.1823.43"
47.82.60.37 - - [08/Jun/2025:07:47:12 -0400] "GET /manga/farming-life-in-another-world-chapter-63/ HTTP/1.1" 200 34677 "https://isekainonbirinoukachapters.com/manga/farming-life-in-another-world-chapter-63/" "Mozilla/5.0 (Windows NT 10.0; Win64; x64) AppleWebKit/537.36 (KHTML, like Gecko) Chrome/114.0.0.0 Safari/537.36 Edg/114.0.1823.43"
2607:fb91:a93:495e:5079:3b32:4857:b256 - - [08/Jun/2025:07:47:13 -0400] "GET /manga/farming-life-in-another-world-chapter-92/ HTTP/1.1" 200 34534 "https://isekainonbirinoukachapters.com/manga/farming-life-in-another-world-chapter-93/" "Mozilla/5.0 (iPhone; CPU iPhone OS 18_5_0 like Mac OS X) AppleWebKit/605.1.15 (KHTML, like Gecko) CriOS/137.0.7151.79 Mobile/15E148 Safari/604.1"
2607:fb91:a93:495e:5079:3b32:4857:b256 - - [08/Jun/2025:07:47:13 -0400] "POST /wp-admin/admin-ajax.php HTTP/1.1" 200 61 "https://isekainonbirinoukachapters.com/manga/farming-life-in-another-world-chapter-92/" "Mozilla/5.0 (iPhone; CPU iPhone OS 18_5_0 like Mac OS X) AppleWebKit/605.1.15 (KHTML, like Gecko) CriOS/137.0.7151.79 Mobile/15E148 Safari/604.1"
2001:8003:481c:e001:b4da:1623:a296:b4ae - - [08/Jun/2025:07:47:15 -0400] "GET /manga/farming-life-in-another-world-chapter-91/ HTTP/1.1" 200 34448 "https://isekainonbirinoukachapters.com/manga/farming-life-in-another-world-chapter-90/" "Mozilla/5.0 (Macintosh; Intel Mac OS X 10_15_7) AppleWebKit/537.36 (KHTML, like Gecko) Chrome/129.0.0.0 Safari/537.36"
2001:8003:481c:e001:b4da:1623:a296:b4ae - - [08/Jun/2025:07:47:16 -0400] "GET /manga/farming-life-in-another-world-chapter-91/ HTTP/1.1" 304 0 "https://isekainonbirinoukachapters.com/manga/farming-life-in-another-world-chapter-90/" "Mozilla/5.0 (Macintosh; Intel Mac OS X 10_15_7) AppleWebKit/537.36 (KHTML, like Gecko) Chrome/129.0.0.0 Safari/537.36"
2001:8003:481c:e001:b4da:1623:a296:b4ae - - [08/Jun/2025:07:47:16 -0400] "POST /wp-admin/admin-ajax.php HTTP/1.1" 200 61 "https://isekainonbirinoukachapters.com/manga/farming-life-in-another-world-chapter-91/" "Mozilla/5.0 (Macintosh; Intel Mac OS X 10_15_7) AppleWebKit/537.36 (KHTML, like Gecko) Chrome/129.0.0.0 Safari/537.36"
2607:fb91:a93:495e:5079:3b32:4857:b256 - - [08/Jun/2025:07:47:22 -0400] "GET /manga/farming-life-in-another-world-chapter-91/ HTTP/1.1" 200 34544 "https://isekainonbirinoukachapters.com/manga/farming-life-in-another-world-chapter-92/" "Mozilla/5.0 (iPhone; CPU iPhone OS 18_5_0 like Mac OS X) AppleWebKit/605.1.15 (KHTML, like Gecko) CriOS/137.0.7151.79 Mobile/15E148 Safari/604.1"
2607:fb91:a93:495e:5079:3b32:4857:b256 - - [08/Jun/2025:07:47:22 -0400] "POST /wp-admin/admin-ajax.php HTTP/1.1" 200 61 "https://isekainonbirinoukachapters.com/manga/farming-life-in-another-world-chapter-91/" "Mozilla/5.0 (iPhone; CPU iPhone OS 18_5_0 like Mac OS X) AppleWebKit/605.1.15 (KHTML, like Gecko) CriOS/137.0.7151.79 Mobile/15E148 Safari/604.1"
185.81.124.114 - - [08/Jun/2025:07:47:24 -0400] "GET /manga/farming-life-in-another-world-chapter-51/ HTTP/1.1" 200 34107 "https://isekainonbirinoukachapters.com/manga/farming-life-in-another-world-chapter-50/" "Mozilla/5.0 (Windows NT 10.0; Win64; x64) AppleWebKit/537.36 (KHTML, like Gecko) Chrome/137.0.0.0 Safari/537.36 Edg/137.0.0.0"
185.81.124.114 - - [08/Jun/2025:07:47:24 -0400] "GET /category/read-farming-life-in-another-world/ HTTP/1.1" 200 31220 "https://isekainonbirinoukachapters.com/manga/farming-life-in-another-world-chapter-50/" "Mozilla/5.0 (Windows NT 10.0; Win64; x64) AppleWebKit/537.36 (KHTML, like Gecko) Chrome/137.0.0.0 Safari/537.36 Edg/137.0.0.0"
185.81.124.114 - - [08/Jun/2025:07:47:24 -0400] "GET /manga/farming-life-in-another-world-chapter-51/ HTTP/1.1" 304 0 "https://isekainonbirinoukachapters.com/manga/farming-life-in-another-world-chapter-50/" "Mozilla/5.0 (Windows NT 10.0; Win64; x64) AppleWebKit/537.36 (KHTML, like Gecko) Chrome/137.0.0.0 Safari/537.36 Edg/137.0.0.0"
61.6.237.210 - - [08/Jun/2025:07:47:38 -0400] "GET /manga/farming-life-in-another-world-chapter-40/ HTTP/1.1" 200 34538 "https://isekainonbirinoukachapters.com/" "Mozilla/5.0 (iPhone; CPU iPhone OS 15_8_3 like Mac OS X) AppleWebKit/605.1.15 (KHTML, like Gecko) Version/15.6.6 Mobile/15E148 Safari/604.1"
61.6.237.210 - - [08/Jun/2025:07:47:39 -0400] "GET /wp-content/cache/min/1/agent.js?ver=1745853841 HTTP/1.1" 200 20526 "https://isekainonbirinoukachapters.com/manga/farming-life-in-another-world-chapter-40/" "Mozilla/5.0 (iPhone; CPU iPhone OS 15_8_3 like Mac OS X) AppleWebKit/605.1.15 (KHTML, like Gecko) Version/15.6.6 Mobile/15E148 Safari/604.1"
162.0.232.193 - - [08/Jun/2025:07:47:39 -0400] "POST /wp-cron.php?doing_wp_cron=1749383259.5706110000610351562500 HTTP/1.1" 200 0 "-" "WordPress/6.8.1; https://isekainonbirinoukachapters.com"
61.6.237.210 - - [08/Jun/2025:07:47:39 -0400] "POST /wp-admin/admin-ajax.php HTTP/1.1" 200 61 "https://isekainonbirinoukachapters.com/manga/farming-life-in-another-world-chapter-40/" "Mozilla/5.0 (iPhone; CPU iPhone OS 15_8_3 like Mac OS X) AppleWebKit/605.1.15 (KHTML, like Gecko) Version/15.6.6 Mobile/15E148 Safari/604.1"
61.6.237.210 - - [08/Jun/2025:07:47:48 -0400] "GET /manga/farming-life-in-another-world-chapter-60/ HTTP/1.1" 200 34606 "https://isekainonbirinoukachapters.com/" "Mozilla/5.0 (iPhone; CPU iPhone OS 15_8_3 like Mac OS X) AppleWebKit/605.1.15 (KHTML, like Gecko) Version/15.6.6 Mobile/15E148 Safari/604.1"
162.0.232.193 - - [08/Jun/2025:07:47:49 -0400] "POST /wp-cron.php?doing_wp_cron=1749383269.5843050479888916015625 HTTP/1.1" 200 0 "-" "WordPress/6.8.1; https://isekainonbirinoukachapters.com"
61.6.237.210 - - [08/Jun/2025:07:47:49 -0400] "POST /wp-admin/admin-ajax.php HTTP/1.1" 200 61 "https://isekainonbirinoukachapters.com/manga/farming-life-in-another-world-chapter-60/" "Mozilla/5.0 (iPhone; CPU iPhone OS 15_8_3 like Mac OS X) AppleWebKit/605.1.15 (KHTML, like Gecko) Version/15.6.6 Mobile/15E148 Safari/604.1"
61.6.237.210 - - [08/Jun/2025:07:48:03 -0400] "GET /manga/farming-life-in-another-world-chapter-57/ HTTP/1.1" 200 34651 "https://isekainonbirinoukachapters.com/" "Mozilla/5.0 (iPhone; CPU iPhone OS 15_8_3 like Mac OS X) AppleWebKit/605.1.15 (KHTML, like Gecko) Version/15.6.6 Mobile/15E148 Safari/604.1"
162.0.232.193 - - [08/Jun/2025:07:48:04 -0400] "POST /wp-cron.php?doing_wp_cron=1749383284.1541490554809570312500 HTTP/1.1" 200 0 "-" "WordPress/6.8.1; https://isekainonbirinoukachapters.com"
61.6.237.210 - - [08/Jun/2025:07:48:03 -0400] "POST /wp-admin/admin-ajax.php HTTP/1.1" 200 61 "https://isekainonbirinoukachapters.com/manga/farming-life-in-another-world-chapter-57/" "Mozilla/5.0 (iPhone; CPU iPhone OS 15_8_3 like Mac OS X) AppleWebKit/605.1.15 (KHTML, like Gecko) Version/15.6.6 Mobile/15E148 Safari/604.1"
162.0.232.193 - - [08/Jun/2025:07:48:06 -0400] "GET /wp-content/uploads/89b93a66fa29a678cbd60ff176e1ea9a_1973.xml HTTP/1.1" 200 1499 "-" "Mozilla/5.0 (X11; Linux x86_64) AppleWebKit/537.36 (KHTML, like Gecko) Ubuntu Chromium/41.0.2272.76"
2001:8003:481c:e001:b4da:1623:a296:b4ae - - [08/Jun/2025:07:48:28 -0400] "POST /wp-admin/admin-ajax.php HTTP/1.1" 200 61 "https://isekainonbirinoukachapters.com/manga/farming-life-in-another-world-chapter-90/" "Mozilla/5.0 (Macintosh; Intel Mac OS X 10_15_7) AppleWebKit/537.36 (KHTML, like Gecko) Chrome/129.0.0.0 Safari/537.36"
61.6.237.210 - - [08/Jun/2025:07:48:29 -0400] "GET /manga/farming-life-in-another-world-chapter-51/ HTTP/1.1" 200 34650 "https://isekainonbirinoukachapters.com/" "Mozilla/5.0 (iPhone; CPU iPhone OS 15_8_3 like Mac OS X) AppleWebKit/605.1.15 (KHTML, like Gecko) Version/15.6.6 Mobile/15E148 Safari/604.1"
2001:8003:481c:e001:b4da:1623:a296:b4ae - - [08/Jun/2025:07:48:29 -0400] "POST /wp-admin/admin-ajax.php HTTP/1.1" 200 61 "https://isekainonbirinoukachapters.com/manga/farming-life-in-another-world-chapter-91/" "Mozilla/5.0 (Macintosh; Intel Mac OS X 10_15_7) AppleWebKit/537.36 (KHTML, like Gecko) Chrome/129.0.0.0 Safari/537.36"
61.6.237.210 - - [08/Jun/2025:07:48:30 -0400] "POST /wp-admin/admin-ajax.php HTTP/1.1" 200 61 "https://isekainonbirinoukachapters.com/manga/farming-life-in-another-world-chapter-51/" "Mozilla/5.0 (iPhone; CPU iPhone OS 15_8_3 like Mac OS X) AppleWebKit/605.1.15 (KHTML, like Gecko) Version/15.6.6 Mobile/15E148 Safari/604.1"
47.82.60.151 - - [08/Jun/2025:07:48:45 -0400] "GET /manga/farming-life-in-another-world-chapter-92/ HTTP/1.1" 200 34446 "https://isekainonbirinoukachapters.com/manga/farming-life-in-another-world-chapter-92/" "Mozilla/5.0 (Windows NT 10.0; Win64; x64) AppleWebKit/537.36 (KHTML, like Gecko) Chrome/114.0.0.0 Safari/537.36 Edg/114.0.1823.43"
61.6.237.210 - - [08/Jun/2025:07:48:47 -0400] "GET /manga/farming-life-in-another-world-chapter-50/ HTTP/1.1" 200 34670 "https://isekainonbirinoukachapters.com/manga/farming-life-in-another-world-chapter-51/" "Mozilla/5.0 (iPhone; CPU iPhone OS 15_8_3 like Mac OS X) AppleWebKit/605.1.15 (KHTML, like Gecko) Version/15.6.6 Mobile/15E148 Safari/604.1"
61.6.237.210 - - [08/Jun/2025:07:48:48 -0400] "POST /wp-admin/admin-ajax.php HTTP/1.1" 200 61 "https://isekainonbirinoukachapters.com/manga/farming-life-in-another-world-chapter-50/" "Mozilla/5.0 (iPhone; CPU iPhone OS 15_8_3 like Mac OS X) AppleWebKit/605.1.15 (KHTML, like Gecko) Version/15.6.6 Mobile/15E148 Safari/604.1"
2001:8003:481c:e001:b4da:1623:a296:b4ae - - [08/Jun/2025:07:48:49 -0400] "GET /manga/farming-life-in-another-world-chapter-92/ HTTP/1.1" 200 34496 "https://isekainonbirinoukachapters.com/manga/farming-life-in-another-world-chapter-91/" "Mozilla/5.0 (Macintosh; Intel Mac OS X 10_15_7) AppleWebKit/537.36 (KHTML, like Gecko) Chrome/129.0.0.0 Safari/537.36"
2001:8003:481c:e001:b4da:1623:a296:b4ae - - [08/Jun/2025:07:48:50 -0400] "GET /manga/farming-life-in-another-world-chapter-92/ HTTP/1.1" 304 0 "https://isekainonbirinoukachapters.com/manga/farming-life-in-another-world-chapter-91/" "Mozilla/5.0 (Macintosh; Intel Mac OS X 10_15_7) AppleWebKit/537.36 (KHTML, like Gecko) Chrome/129.0.0.0 Safari/537.36"
2001:8003:481c:e001:b4da:1623:a296:b4ae - - [08/Jun/2025:07:48:50 -0400] "POST /wp-admin/admin-ajax.php HTTP/1.1" 200 61 "https://isekainonbirinoukachapters.com/manga/farming-life-in-another-world-chapter-92/" "Mozilla/5.0 (Macintosh; Intel Mac OS X 10_15_7) AppleWebKit/537.36 (KHTML, like Gecko) Chrome/129.0.0.0 Safari/537.36"
61.6.237.210 - - [08/Jun/2025:07:49:05 -0400] "GET /manga/farming-life-in-another-world-chapter-49/ HTTP/1.1" 200 34181 "https://isekainonbirinoukachapters.com/manga/farming-life-in-another-world-chapter-50/" "Mozilla/5.0 (iPhone; CPU iPhone OS 15_8_3 like Mac OS X) AppleWebKit/605.1.15 (KHTML, like Gecko) Version/15.6.6 Mobile/15E148 Safari/604.1"
61.6.237.210 - - [08/Jun/2025:07:49:07 -0400] "GET /manga/farming-life-in-another-world-chapter-49/ HTTP/1.1" 200 34181 "https://isekainonbirinoukachapters.com/manga/farming-life-in-another-world-chapter-50/" "Mozilla/5.0 (iPhone; CPU iPhone OS 15_8_3 like Mac OS X) AppleWebKit/605.1.15 (KHTML, like Gecko) Version/15.6.6 Mobile/15E148 Safari/604.1"
61.6.237.210 - - [08/Jun/2025:07:49:22 -0400] "GET /manga/farming-life-in-another-world-chapter-48/ HTTP/1.1" 200 34171 "https://isekainonbirinoukachapters.com/manga/farming-life-in-another-world-chapter-49/" "Mozilla/5.0 (iPhone; CPU iPhone OS 15_8_3 like Mac OS X) AppleWebKit/605.1.15 (KHTML, like Gecko) Version/15.6.6 Mobile/15E148 Safari/604.1"
61.6.237.210 - - [08/Jun/2025:07:49:26 -0400] "GET /manga/farming-life-in-another-world-chapter-51/ HTTP/1.1" 304 0 "https://isekainonbirinoukachapters.com/manga/farming-life-in-another-world-chapter-50/" "Mozilla/5.0 (iPhone; CPU iPhone OS 15_8_3 like Mac OS X) AppleWebKit/605.1.15 (KHTML, like Gecko) Version/15.6.6 Mobile/15E148 Safari/604.1"
162.0.232.193 - - [08/Jun/2025:07:49:27 -0400] "POST /wp-cron.php?doing_wp_cron=1749383367.5117630958557128906250 HTTP/1.1" 200 0 "-" "WordPress/6.8.1; https://isekainonbirinoukachapters.com"
61.6.237.210 - - [08/Jun/2025:07:49:27 -0400] "POST /wp-admin/admin-ajax.php HTTP/1.1" 200 61 "https://isekainonbirinoukachapters.com/manga/farming-life-in-another-world-chapter-51/" "Mozilla/5.0 (iPhone; CPU iPhone OS 15_8_3 like Mac OS X) AppleWebKit/605.1.15 (KHTML, like Gecko) Version/15.6.6 Mobile/15E148 Safari/604.1"
61.6.237.210 - - [08/Jun/2025:07:49:32 -0400] "GET /manga/farming-life-in-another-world-chapter-52/ HTTP/1.1" 200 34177 "https://isekainonbirinoukachapters.com/manga/farming-life-in-another-world-chapter-51/" "Mozilla/5.0 (iPhone; CPU iPhone OS 15_8_3 like Mac OS X) AppleWebKit/605.1.15 (KHTML, like Gecko) Version/15.6.6 Mobile/15E148 Safari/604.1"
47.82.60.77 - - [08/Jun/2025:07:49:42 -0400] "GET /manga/farming-life-in-another-world-chapter-64/ HTTP/1.1" 200 34580 "https://isekainonbirinoukachapters.com/manga/farming-life-in-another-world-chapter-64/" "Mozilla/5.0 (Windows NT 10.0; Win64; x64) AppleWebKit/537.36 (KHTML, like Gecko) Chrome/114.0.0.0 Safari/537.36 Edg/114.0.1823.43"
2607:fb91:a93:495e:5079:3b32:4857:b256 - - [08/Jun/2025:07:49:57 -0400] "GET /manga/farming-life-in-another-world-chapter-90/ HTTP/1.1" 200 34575 "https://isekainonbirinoukachapters.com/manga/farming-life-in-another-world-chapter-91/" "Mozilla/5.0 (iPhone; CPU iPhone OS 18_5_0 like Mac OS X) AppleWebKit/605.1.15 (KHTML, like Gecko) CriOS/137.0.7151.79 Mobile/15E148 Safari/604.1"
162.0.232.193 - - [08/Jun/2025:07:49:57 -0400] "POST /wp-cron.php?doing_wp_cron=1749383397.6143190860748291015625 HTTP/1.1" 200 0 "-" "WordPress/6.8.1; https://isekainonbirinoukachapters.com"
2607:fb91:a93:495e:5079:3b32:4857:b256 - - [08/Jun/2025:07:49:57 -0400] "POST /wp-admin/admin-ajax.php HTTP/1.1" 200 61 "https://isekainonbirinoukachapters.com/manga/farming-life-in-another-world-chapter-90/" "Mozilla/5.0 (iPhone; CPU iPhone OS 18_5_0 like Mac OS X) AppleWebKit/605.1.15 (KHTML, like Gecko) CriOS/137.0.7151.79 Mobile/15E148 Safari/604.1"
162.0.232.193 - - [08/Jun/2025:07:50:00 -0400] "GET /wp-content/uploads/89b93a66fa29a678cbd60ff176e1ea9a_1973.xml HTTP/1.1" 200 1499 "-" "Mozilla/5.0 (X11; Linux x86_64) AppleWebKit/537.36 (KHTML, like Gecko) Ubuntu Chromium/41.0.2272.76"
2001:8003:481c:e001:b4da:1623:a296:b4ae - - [08/Jun/2025:07:50:12 -0400] "GET /manga/farming-life-in-another-world-chapter-93/ HTTP/1.1" 200 34506 "https://isekainonbirinoukachapters.com/manga/farming-life-in-another-world-chapter-92/" "Mozilla/5.0 (Macintosh; Intel Mac OS X 10_15_7) AppleWebKit/537.36 (KHTML, like Gecko) Chrome/129.0.0.0 Safari/537.36"
2001:8003:481c:e001:b4da:1623:a296:b4ae - - [08/Jun/2025:07:50:13 -0400] "GET /manga/farming-life-in-another-world-chapter-93/ HTTP/1.1" 304 0 "https://isekainonbirinoukachapters.com/manga/farming-life-in-another-world-chapter-92/" "Mozilla/5.0 (Macintosh; Intel Mac OS X 10_15_7) AppleWebKit/537.36 (KHTML, like Gecko) Chrome/129.0.0.0 Safari/537.36"
2001:8003:481c:e001:b4da:1623:a296:b4ae - - [08/Jun/2025:07:50:13 -0400] "POST /wp-admin/admin-ajax.php HTTP/1.1" 200 61 "https://isekainonbirinoukachapters.com/manga/farming-life-in-another-world-chapter-93/" "Mozilla/5.0 (Macintosh; Intel Mac OS X 10_15_7) AppleWebKit/537.36 (KHTML, like Gecko) Chrome/129.0.0.0 Safari/537.36"
47.79.98.168 - - [08/Jun/2025:07:50:25 -0400] "GET /manga/farming-life-in-another-world-chapter-213/ HTTP/1.1" 200 34126 "https://isekainonbirinoukachapters.com/manga/farming-life-in-another-world-chapter-213/" "Mozilla/5.0 (Windows NT 10.0; Win64; x64) AppleWebKit/537.36 (KHTML, like Gecko) Chrome/114.0.0.0 Safari/537.36 Edg/114.0.1823.43"
47.79.7.230 - - [08/Jun/2025:07:52:23 -0400] "GET /manga/chapter-115/ HTTP/1.1" 200 34017 "https://isekainonbirinoukachapters.com/manga/chapter-115/" "Mozilla/5.0 (Windows NT 10.0; Win64; x64) AppleWebKit/537.36 (KHTML, like Gecko) Chrome/114.0.0.0 Safari/537.36 Edg/114.0.1823.43"
2001:8003:481c:e001:b4da:1623:a296:b4ae - - [08/Jun/2025:07:52:29 -0400] "GET /manga/farming-life-in-another-world-chapter-94/ HTTP/1.1" 200 34047 "https://isekainonbirinoukachapters.com/manga/farming-life-in-another-world-chapter-93/" "Mozilla/5.0 (Macintosh; Intel Mac OS X 10_15_7) AppleWebKit/537.36 (KHTML, like Gecko) Chrome/129.0.0.0 Safari/537.36"
2001:8003:481c:e001:b4da:1623:a296:b4ae - - [08/Jun/2025:07:52:30 -0400] "GET /manga/farming-life-in-another-world-chapter-94/ HTTP/1.1" 304 0 "https://isekainonbirinoukachapters.com/manga/farming-life-in-another-world-chapter-93/" "Mozilla/5.0 (Macintosh; Intel Mac OS X 10_15_7) AppleWebKit/537.36 (KHTML, like Gecko) Chrome/129.0.0.0 Safari/537.36"
2a04:4e41:2605:86b4::980f:b6b4 - - [08/Jun/2025:07:53:04 -0400] "GET /manga/farming-life-in-another-world-chapter-65/ HTTP/1.1" 200 34668 "https://isekainonbirinoukachapters.com/manga/farming-life-in-another-world-chapter-64/" "Mozilla/5.0 (iPhone; CPU iPhone OS 18_5 like Mac OS X) AppleWebKit/605.1.15 (KHTML, like Gecko) Version/18.5 Mobile/15E148 Safari/604.1"
2a04:4e41:2605:86b4::980f:b6b4 - - [08/Jun/2025:07:53:04 -0400] "GET /wp-content/uploads/2024/07/cropped-63b857c96f67c-32x32.jpg HTTP/1.1" 200 1070 "https://isekainonbirinoukachapters.com/manga/farming-life-in-another-world-chapter-65/" "Mozilla/5.0 (iPhone; CPU iPhone OS 18_5 like Mac OS X) AppleWebKit/605.1.15 (KHTML, like Gecko) Version/18.5 Mobile/15E148 Safari/604.1"
2a04:4e41:2605:86b4::980f:b6b4 - - [08/Jun/2025:07:53:04 -0400] "GET /wp-content/uploads/2024/07/cropped-63b857c96f67c-192x192.jpg HTTP/1.1" 200 7984 "https://isekainonbirinoukachapters.com/manga/farming-life-in-another-world-chapter-65/" "Mozilla/5.0 (iPhone; CPU iPhone OS 18_5 like Mac OS X) AppleWebKit/605.1.15 (KHTML, like Gecko) Version/18.5 Mobile/15E148 Safari/604.1"
162.0.232.193 - - [08/Jun/2025:07:53:06 -0400] "POST /wp-cron.php?doing_wp_cron=1749383586.3186929225921630859375 HTTP/1.1" 200 0 "-" "WordPress/6.8.1; https://isekainonbirinoukachapters.com"
2a04:4e41:2605:86b4::980f:b6b4 - - [08/Jun/2025:07:53:04 -0400] "POST /wp-admin/admin-ajax.php HTTP/1.1" 200 61 "https://isekainonbirinoukachapters.com/manga/farming-life-in-another-world-chapter-65/" "Mozilla/5.0 (iPhone; CPU iPhone OS 18_5 like Mac OS X) AppleWebKit/605.1.15 (KHTML, like Gecko) Version/18.5 Mobile/15E148 Safari/604.1"
162.0.232.193 - - [08/Jun/2025:07:53:08 -0400] "GET /wp-content/uploads/89b93a66fa29a678cbd60ff176e1ea9a_1973.xml HTTP/1.1" 200 1499 "-" "Mozilla/5.0 (X11; Linux x86_64) AppleWebKit/537.36 (KHTML, like Gecko) Ubuntu Chromium/41.0.2272.76"
114.119.143.151 - - [08/Jun/2025:07:53:15 -0400] "GET /manga/farming-life-in-another-world-chapter-21/ HTTP/1.1" 200 34508 "https://isekainonbirinoukachapters.com/manga/isekai-nonbiri-nouka-chapter-141-various-things-2/" "Mozilla/5.0 (Linux; Android 7.0;) AppleWebKit/537.36 (KHTML, like Gecko) Mobile Safari/537.36 (compatible; PetalBot;+https://webmaster.petalsearch.com/site/petalbot)"
140.213.11.118 - - [08/Jun/2025:07:53:29 -0400] "GET / HTTP/1.1" 200 32326 "https://www.google.com/" "Mozilla/5.0 (Linux; Android 10; K) AppleWebKit/537.36 (KHTML, like Gecko) Chrome/137.0.0.0 Mobile Safari/537.36"
61.6.237.210 - - [08/Jun/2025:07:53:36 -0400] "GET /manga/farming-life-in-another-world-chapter-51/ HTTP/1.1" 304 0 "https://isekainonbirinoukachapters.com/manga/farming-life-in-another-world-chapter-52/" "Mozilla/5.0 (iPhone; CPU iPhone OS 15_8_3 like Mac OS X) AppleWebKit/605.1.15 (KHTML, like Gecko) Version/15.6.6 Mobile/15E148 Safari/604.1"
61.6.237.210 - - [08/Jun/2025:07:53:38 -0400] "GET /manga/farming-life-in-another-world-chapter-52/ HTTP/1.1" 304 0 "https://isekainonbirinoukachapters.com/manga/farming-life-in-another-world-chapter-51/" "Mozilla/5.0 (iPhone; CPU iPhone OS 15_8_3 like Mac OS X) AppleWebKit/605.1.15 (KHTML, like Gecko) Version/15.6.6 Mobile/15E148 Safari/604.1"
112.215.171.232 - - [08/Jun/2025:07:53:39 -0400] "GET / HTTP/1.1" 304 0 "https://www.google.com/" "Mozilla/5.0 (Linux; Android 10; K) AppleWebKit/537.36 (KHTML, like Gecko) Chrome/137.0.0.0 Mobile Safari/537.36"
61.6.237.210 - - [08/Jun/2025:07:53:43 -0400] "GET /manga/farming-life-in-another-world-chapter-53/ HTTP/1.1" 200 34201 "https://isekainonbirinoukachapters.com/manga/farming-life-in-another-world-chapter-52/" "Mozilla/5.0 (iPhone; CPU iPhone OS 15_8_3 like Mac OS X) AppleWebKit/605.1.15 (KHTML, like Gecko) Version/15.6.6 Mobile/15E148 Safari/604.1"
2001:8003:481c:e001:b4da:1623:a296:b4ae - - [08/Jun/2025:07:53:52 -0400] "GET /manga/farming-life-in-another-world-chapter-95/ HTTP/1.1" 200 34446 "https://isekainonbirinoukachapters.com/manga/farming-life-in-another-world-chapter-94/" "Mozilla/5.0 (Macintosh; Intel Mac OS X 10_15_7) AppleWebKit/537.36 (KHTML, like Gecko) Chrome/129.0.0.0 Safari/537.36"
2001:8003:481c:e001:b4da:1623:a296:b4ae - - [08/Jun/2025:07:53:53 -0400] "GET /manga/farming-life-in-another-world-chapter-95/ HTTP/1.1" 304 0 "https://isekainonbirinoukachapters.com/manga/farming-life-in-another-world-chapter-94/" "Mozilla/5.0 (Macintosh; Intel Mac OS X 10_15_7) AppleWebKit/537.36 (KHTML, like Gecko) Chrome/129.0.0.0 Safari/537.36"
2001:8003:481c:e001:b4da:1623:a296:b4ae - - [08/Jun/2025:07:53:53 -0400] "POST /wp-admin/admin-ajax.php HTTP/1.1" 200 61 "https://isekainonbirinoukachapters.com/manga/farming-life-in-another-world-chapter-95/" "Mozilla/5.0 (Macintosh; Intel Mac OS X 10_15_7) AppleWebKit/537.36 (KHTML, like Gecko) Chrome/129.0.0.0 Safari/537.36"
2001:8003:481c:e001:b4da:1623:a296:b4ae - - [08/Jun/2025:07:54:27 -0400] "GET /manga/farming-life-in-another-world-chapter-96/ HTTP/1.1" 200 34463 "https://isekainonbirinoukachapters.com/manga/farming-life-in-another-world-chapter-95/" "Mozilla/5.0 (Macintosh; Intel Mac OS X 10_15_7) AppleWebKit/537.36 (KHTML, like Gecko) Chrome/129.0.0.0 Safari/537.36"
112.215.171.232 - - [08/Jun/2025:07:54:28 -0400] "GET /manga/farming-life-in-another-world-chapter-5/ HTTP/1.1" 200 34573 "https://isekainonbirinoukachapters.com/" "Mozilla/5.0 (Linux; Android 10; K) AppleWebKit/537.36 (KHTML, like Gecko) Chrome/137.0.0.0 Mobile Safari/537.36"
2001:8003:481c:e001:b4da:1623:a296:b4ae - - [08/Jun/2025:07:54:28 -0400] "GET /manga/farming-life-in-another-world-chapter-96/ HTTP/1.1" 304 0 "https://isekainonbirinoukachapters.com/manga/farming-life-in-another-world-chapter-95/" "Mozilla/5.0 (Macintosh; Intel Mac OS X 10_15_7) AppleWebKit/537.36 (KHTML, like Gecko) Chrome/129.0.0.0 Safari/537.36"
112.215.171.232 - - [08/Jun/2025:07:54:28 -0400] "GET /manga/farming-life-in-another-world-chapter-5/ HTTP/1.1" 304 0 "https://isekainonbirinoukachapters.com/" "Mozilla/5.0 (Linux; Android 10; K) AppleWebKit/537.36 (KHTML, like Gecko) Chrome/137.0.0.0 Mobile Safari/537.36"
162.0.232.193 - - [08/Jun/2025:07:54:29 -0400] "POST /wp-cron.php?doing_wp_cron=1749383669.2048609256744384765625 HTTP/1.1" 200 0 "-" "WordPress/6.8.1; https://isekainonbirinoukachapters.com"
2001:8003:481c:e001:b4da:1623:a296:b4ae - - [08/Jun/2025:07:54:28 -0400] "POST /wp-admin/admin-ajax.php HTTP/1.1" 200 61 "https://isekainonbirinoukachapters.com/manga/farming-life-in-another-world-chapter-96/" "Mozilla/5.0 (Macintosh; Intel Mac OS X 10_15_7) AppleWebKit/537.36 (KHTML, like Gecko) Chrome/129.0.0.0 Safari/537.36"
112.215.171.232 - - [08/Jun/2025:07:54:31 -0400] "GET /manga/farming-life-in-another-world-chapter-9/ HTTP/1.1" 200 34248 "https://isekainonbirinoukachapters.com/" "Mozilla/5.0 (Linux; Android 10; K) AppleWebKit/537.36 (KHTML, like Gecko) Chrome/137.0.0.0 Mobile Safari/537.36"
112.215.171.232 - - [08/Jun/2025:07:54:32 -0400] "GET /manga/farming-life-in-another-world-chapter-9/ HTTP/1.1" 304 0 "https://isekainonbirinoukachapters.com/" "Mozilla/5.0 (Linux; Android 10; K) AppleWebKit/537.36 (KHTML, like Gecko) Chrome/137.0.0.0 Mobile Safari/537.36"
112.215.171.232 - - [08/Jun/2025:07:54:32 -0400] "GET /manga/farming-life-in-another-world-chapter-35/ HTTP/1.1" 200 34268 "https://isekainonbirinoukachapters.com/" "Mozilla/5.0 (Linux; Android 10; K) AppleWebKit/537.36 (KHTML, like Gecko) Chrome/137.0.0.0 Mobile Safari/537.36"
112.215.171.232 - - [08/Jun/2025:07:54:32 -0400] "GET /manga/farming-life-in-another-world-chapter-35/ HTTP/1.1" 304 0 "https://isekainonbirinoukachapters.com/" "Mozilla/5.0 (Linux; Android 10; K) AppleWebKit/537.36 (KHTML, like Gecko) Chrome/137.0.0.0 Mobile Safari/537.36"
112.215.171.232 - - [08/Jun/2025:07:54:34 -0400] "GET /manga/farming-life-in-another-world-chapter-5/ HTTP/1.1" 304 0 "https://isekainonbirinoukachapters.com/" "Mozilla/5.0 (Linux; Android 10; K) AppleWebKit/537.36 (KHTML, like Gecko) Chrome/137.0.0.0 Mobile Safari/537.36"
170.106.72.93 - - [08/Jun/2025:07:54:36 -0400] "GET /manga/farming-life-in-another-world-chapter-85/ HTTP/1.1" 200 34524 "-" "Mozilla/5.0 (iPhone; CPU iPhone OS 13_2_3 like Mac OS X) AppleWebKit/605.1.15 (KHTML, like Gecko) Version/13.0.3 Mobile/15E148 Safari/604.1"
162.0.232.193 - - [08/Jun/2025:07:55:02 -0400] "POST /wp-cron.php?doing_wp_cron=1749383701.9013409614562988281250 HTTP/1.1" 200 0 "-" "WordPress/6.8.1; https://isekainonbirinoukachapters.com"
2607:5501:3000:7c2::2 - - [08/Jun/2025:07:55:01 -0400] "GET /wp-login.php HTTP/1.1" 200 1910 "-" "Mozilla/5.0 (X11; Ubuntu; Linux x86_64; rv:85.0) Gecko/20100101 Firefox/91.0"
2607:5501:3000:7c2::2 - - [08/Jun/2025:07:55:02 -0400] "POST /wp-login.php HTTP/1.1" 200 2060 "-" "Mozilla/5.0 (X11; Ubuntu; Linux x86_64; rv:85.0) Gecko/20100101 Firefox/91.0"
162.0.232.193 - - [08/Jun/2025:07:55:04 -0400] "GET /wp-content/uploads/89b93a66fa29a678cbd60ff176e1ea9a_1973.xml HTTP/1.1" 200 1499 "-" "Mozilla/5.0 (X11; Linux x86_64) AppleWebKit/537.36 (KHTML, like Gecko) Ubuntu Chromium/41.0.2272.76"
51.8.155.49 - - [08/Jun/2025:07:55:50 -0400] "GET / HTTP/1.1" 200 32286 "-" "Mozilla/5.0 AppleWebKit/537.36 (KHTML, like Gecko); compatible; ChatGPT-User/1.0; +https://openai.com/bot"
2001:8003:481c:e001:b4da:1623:a296:b4ae - - [08/Jun/2025:07:55:57 -0400] "GET /manga/farming-life-in-another-world-chapter-97/ HTTP/1.1" 200 34444 "https://isekainonbirinoukachapters.com/manga/farming-life-in-another-world-chapter-96/" "Mozilla/5.0 (Macintosh; Intel Mac OS X 10_15_7) AppleWebKit/537.36 (KHTML, like Gecko) Chrome/129.0.0.0 Safari/537.36"
2001:8003:481c:e001:b4da:1623:a296:b4ae - - [08/Jun/2025:07:55:58 -0400] "GET /manga/farming-life-in-another-world-chapter-97/ HTTP/1.1" 304 0 "https://isekainonbirinoukachapters.com/manga/farming-life-in-another-world-chapter-96/" "Mozilla/5.0 (Macintosh; Intel Mac OS X 10_15_7) AppleWebKit/537.36 (KHTML, like Gecko) Chrome/129.0.0.0 Safari/537.36"
2001:8003:481c:e001:b4da:1623:a296:b4ae - - [08/Jun/2025:07:55:59 -0400] "POST /wp-admin/admin-ajax.php HTTP/1.1" 200 61 "https://isekainonbirinoukachapters.com/manga/farming-life-in-another-world-chapter-97/" "Mozilla/5.0 (Macintosh; Intel Mac OS X 10_15_7) AppleWebKit/537.36 (KHTML, like Gecko) Chrome/129.0.0.0 Safari/537.36"
112.215.171.232 - - [08/Jun/2025:07:57:01 -0400] "GET / HTTP/1.1" 304 0 "https://www.google.com/" "Mozilla/5.0 (Linux; Android 10; K) AppleWebKit/537.36 (KHTML, like Gecko) Chrome/137.0.0.0 Mobile Safari/537.36"
2001:8003:481c:e001:b4da:1623:a296:b4ae - - [08/Jun/2025:07:57:05 -0400] "GET /manga/farming-life-in-another-world-chapter-98/ HTTP/1.1" 200 34508 "https://isekainonbirinoukachapters.com/manga/farming-life-in-another-world-chapter-97/" "Mozilla/5.0 (Macintosh; Intel Mac OS X 10_15_7) AppleWebKit/537.36 (KHTML, like Gecko) Chrome/129.0.0.0 Safari/537.36"
2001:8003:481c:e001:b4da:1623:a296:b4ae - - [08/Jun/2025:07:57:06 -0400] "GET /manga/farming-life-in-another-world-chapter-98/ HTTP/1.1" 304 0 "https://isekainonbirinoukachapters.com/manga/farming-life-in-another-world-chapter-97/" "Mozilla/5.0 (Macintosh; Intel Mac OS X 10_15_7) AppleWebKit/537.36 (KHTML, like Gecko) Chrome/129.0.0.0 Safari/537.36"
162.0.232.193 - - [08/Jun/2025:07:57:07 -0400] "POST /wp-cron.php?doing_wp_cron=1749383827.0217299461364746093750 HTTP/1.1" 200 0 "-" "WordPress/6.8.1; https://isekainonbirinoukachapters.com"
2001:8003:481c:e001:b4da:1623:a296:b4ae - - [08/Jun/2025:07:57:06 -0400] "POST /wp-admin/admin-ajax.php HTTP/1.1" 200 61 "https://isekainonbirinoukachapters.com/manga/farming-life-in-another-world-chapter-98/" "Mozilla/5.0 (Macintosh; Intel Mac OS X 10_15_7) AppleWebKit/537.36 (KHTML, like Gecko) Chrome/129.0.0.0 Safari/537.36"
162.0.232.193 - - [08/Jun/2025:07:57:09 -0400] "GET /wp-content/uploads/89b93a66fa29a678cbd60ff176e1ea9a_1973.xml HTTP/1.1" 200 1499 "-" "Mozilla/5.0 (X11; Linux x86_64) AppleWebKit/537.36 (KHTML, like Gecko) Ubuntu Chromium/41.0.2272.76"
112.215.171.232 - - [08/Jun/2025:07:57:23 -0400] "GET /manga/farming-life-in-another-world-chapter-19/ HTTP/1.1" 200 34256 "https://isekainonbirinoukachapters.com/" "Mozilla/5.0 (Linux; Android 10; K) AppleWebKit/537.36 (KHTML, like Gecko) Chrome/137.0.0.0 Mobile Safari/537.36"
112.215.171.232 - - [08/Jun/2025:07:57:23 -0400] "GET /manga/farming-life-in-another-world-chapter-19/ HTTP/1.1" 304 0 "https://isekainonbirinoukachapters.com/" "Mozilla/5.0 (Linux; Android 10; K) AppleWebKit/537.36 (KHTML, like Gecko) Chrome/137.0.0.0 Mobile Safari/537.36"
112.215.171.232 - - [08/Jun/2025:07:57:23 -0400] "GET /manga/farming-life-in-another-world-chapter-10/ HTTP/1.1" 200 34119 "https://isekainonbirinoukachapters.com/" "Mozilla/5.0 (Linux; Android 10; K) AppleWebKit/537.36 (KHTML, like Gecko) Chrome/137.0.0.0 Mobile Safari/537.36"
112.215.171.232 - - [08/Jun/2025:07:57:23 -0400] "GET /manga/farming-life-in-another-world-chapter-25/ HTTP/1.1" 200 34197 "https://isekainonbirinoukachapters.com/" "Mozilla/5.0 (Linux; Android 10; K) AppleWebKit/537.36 (KHTML, like Gecko) Chrome/137.0.0.0 Mobile Safari/537.36"
112.215.171.232 - - [08/Jun/2025:07:57:23 -0400] "GET /manga/farming-life-in-another-world-chapter-10/ HTTP/1.1" 304 0 "https://isekainonbirinoukachapters.com/" "Mozilla/5.0 (Linux; Android 10; K) AppleWebKit/537.36 (KHTML, like Gecko) Chrome/137.0.0.0 Mobile Safari/537.36"
112.215.171.232 - - [08/Jun/2025:07:57:24 -0400] "GET /manga/farming-life-in-another-world-chapter-47/ HTTP/1.1" 200 33955 "https://isekainonbirinoukachapters.com/" "Mozilla/5.0 (Linux; Android 10; K) AppleWebKit/537.36 (KHTML, like Gecko) Chrome/137.0.0.0 Mobile Safari/537.36"
112.215.171.232 - - [08/Jun/2025:07:57:24 -0400] "GET /manga/farming-life-in-another-world-chapter-25/ HTTP/1.1" 304 0 "https://isekainonbirinoukachapters.com/" "Mozilla/5.0 (Linux; Android 10; K) AppleWebKit/537.36 (KHTML, like Gecko) Chrome/137.0.0.0 Mobile Safari/537.36"
112.215.171.232 - - [08/Jun/2025:07:57:24 -0400] "GET /manga/farming-life-in-another-world-chapter-47/ HTTP/1.1" 304 0 "https://isekainonbirinoukachapters.com/" "Mozilla/5.0 (Linux; Android 10; K) AppleWebKit/537.36 (KHTML, like Gecko) Chrome/137.0.0.0 Mobile Safari/537.36"
112.215.171.232 - - [08/Jun/2025:07:57:25 -0400] "GET /manga/farming-life-in-another-world-chapter-215/ HTTP/1.1" 200 34401 "https://isekainonbirinoukachapters.com/" "Mozilla/5.0 (Linux; Android 10; K) AppleWebKit/537.36 (KHTML, like Gecko) Chrome/137.0.0.0 Mobile Safari/537.36"
112.215.171.232 - - [08/Jun/2025:07:57:25 -0400] "GET /manga/farming-life-in-another-world-chapter-215/ HTTP/1.1" 304 0 "https://isekainonbirinoukachapters.com/" "Mozilla/5.0 (Linux; Android 10; K) AppleWebKit/537.36 (KHTML, like Gecko) Chrome/137.0.0.0 Mobile Safari/537.36"
112.215.171.232 - - [08/Jun/2025:07:57:26 -0400] "GET /manga/farming-life-in-another-world-chapter-245/ HTTP/1.1" 200 33990 "https://isekainonbirinoukachapters.com/" "Mozilla/5.0 (Linux; Android 10; K) AppleWebKit/537.36 (KHTML, like Gecko) Chrome/137.0.0.0 Mobile Safari/537.36"
112.215.171.232 - - [08/Jun/2025:07:57:26 -0400] "GET /manga/farming-life-in-another-world-chapter-245/ HTTP/1.1" 304 0 "https://isekainonbirinoukachapters.com/" "Mozilla/5.0 (Linux; Android 10; K) AppleWebKit/537.36 (KHTML, like Gecko) Chrome/137.0.0.0 Mobile Safari/537.36"
112.215.171.232 - - [08/Jun/2025:07:57:26 -0400] "GET /manga/farming-life-in-another-world-chapter-254/ HTTP/1.1" 200 34220 "https://isekainonbirinoukachapters.com/" "Mozilla/5.0 (Linux; Android 10; K) AppleWebKit/537.36 (KHTML, like Gecko) Chrome/137.0.0.0 Mobile Safari/537.36"
112.215.171.232 - - [08/Jun/2025:07:57:26 -0400] "GET /manga/farming-life-in-another-world-chapter-254/ HTTP/1.1" 304 0 "https://isekainonbirinoukachapters.com/" "Mozilla/5.0 (Linux; Android 10; K) AppleWebKit/537.36 (KHTML, like Gecko) Chrome/137.0.0.0 Mobile Safari/537.36"
112.215.171.232 - - [08/Jun/2025:07:57:27 -0400] "GET /manga/farming-life-in-another-world-chapter-255/ HTTP/1.1" 200 34177 "https://isekainonbirinoukachapters.com/" "Mozilla/5.0 (Linux; Android 10; K) AppleWebKit/537.36 (KHTML, like Gecko) Chrome/137.0.0.0 Mobile Safari/537.36"
112.215.171.232 - - [08/Jun/2025:07:57:27 -0400] "GET /manga/farming-life-in-another-world-chapter-255/ HTTP/1.1" 304 0 "https://isekainonbirinoukachapters.com/" "Mozilla/5.0 (Linux; Android 10; K) AppleWebKit/537.36 (KHTML, like Gecko) Chrome/137.0.0.0 Mobile Safari/537.36"
47.82.60.188 - - [08/Jun/2025:07:57:51 -0400] "GET /manga/farming-life-in-another-world-chapter-14/ HTTP/1.1" 200 33885 "https://isekainonbirinoukachapters.com/manga/farming-life-in-another-world-chapter-14/" "Mozilla/5.0 (Windows NT 10.0; Win64; x64) AppleWebKit/537.36 (KHTML, like Gecko) Chrome/114.0.0.0 Safari/537.36 Edg/114.0.1823.43"
162.0.232.193 - - [08/Jun/2025:07:58:07 -0400] "POST /wp-cron.php?doing_wp_cron=1749383887.5884759426116943359375 HTTP/1.1" 200 0 "-" "WordPress/6.8.1; https://isekainonbirinoukachapters.com"
64.233.173.15 - - [08/Jun/2025:07:58:07 -0400] "GET /.well-known/traffic-advice HTTP/1.1" 301 0 "-" "Chrome Privacy Preserving Prefetch Proxy"
2001:4860:7:b01::f2 - - [08/Jun/2025:07:58:07 -0400] "GET / HTTP/1.1" 200 32327 "https://www.google.com/" "Mozilla/5.0 (Macintosh; Intel Mac OS X 10_15_7) AppleWebKit/537.36 (KHTML, like Gecko) Chrome/137.0.0.0 Safari/537.36"
2001:8003:6d42:1800:ecea:ae05:db5f:3759 - - [08/Jun/2025:07:58:17 -0400] "GET /privacy-policy/ HTTP/1.1" 200 33481 "https://isekainonbirinoukachapters.com/" "Mozilla/5.0 (Macintosh; Intel Mac OS X 10_15_7) AppleWebKit/537.36 (KHTML, like Gecko) Chrome/137.0.0.0 Safari/537.36"
2001:8003:6d42:1800:ecea:ae05:db5f:3759 - - [08/Jun/2025:07:58:17 -0400] "GET /category/farming-life-in-another-world-manga/ HTTP/1.1" 200 31292 "https://isekainonbirinoukachapters.com/" "Mozilla/5.0 (Macintosh; Intel Mac OS X 10_15_7) AppleWebKit/537.36 (KHTML, like Gecko) Chrome/137.0.0.0 Safari/537.36"
2001:8003:6d42:1800:ecea:ae05:db5f:3759 - - [08/Jun/2025:07:58:18 -0400] "GET /category/farming-life-in-another-world-manga/ HTTP/1.1" 304 0 "https://isekainonbirinoukachapters.com/" "Mozilla/5.0 (Macintosh; Intel Mac OS X 10_15_7) AppleWebKit/537.36 (KHTML, like Gecko) Chrome/137.0.0.0 Safari/537.36"
2001:8003:6d42:1800:ecea:ae05:db5f:3759 - - [08/Jun/2025:07:58:36 -0400] "GET /manga/farming-life-in-another-world-chapter-5/ HTTP/1.1" 200 34327 "https://isekainonbirinoukachapters.com/category/farming-life-in-another-world-manga/" "Mozilla/5.0 (Macintosh; Intel Mac OS X 10_15_7) AppleWebKit/537.36 (KHTML, like Gecko) Chrome/137.0.0.0 Safari/537.36"
2001:8003:6d42:1800:ecea:ae05:db5f:3759 - - [08/Jun/2025:07:58:37 -0400] "GET /manga/farming-life-in-another-world-chapter-5/ HTTP/1.1" 304 0 "https://isekainonbirinoukachapters.com/category/farming-life-in-another-world-manga/" "Mozilla/5.0 (Macintosh; Intel Mac OS X 10_15_7) AppleWebKit/537.36 (KHTML, like Gecko) Chrome/137.0.0.0 Safari/537.36"
2001:8003:481c:e001:b4da:1623:a296:b4ae - - [08/Jun/2025:07:58:37 -0400] "GET /manga/farming-life-in-another-world-chapter-99/ HTTP/1.1" 200 34457 "https://isekainonbirinoukachapters.com/manga/farming-life-in-another-world-chapter-98/" "Mozilla/5.0 (Macintosh; Intel Mac OS X 10_15_7) AppleWebKit/537.36 (KHTML, like Gecko) Chrome/129.0.0.0 Safari/537.36"
162.0.232.193 - - [08/Jun/2025:07:58:38 -0400] "POST /wp-cron.php?doing_wp_cron=1749383918.1569569110870361328125 HTTP/1.1" 200 0 "-" "WordPress/6.8.1; https://isekainonbirinoukachapters.com"
2001:8003:481c:e001:b4da:1623:a296:b4ae - - [08/Jun/2025:07:58:38 -0400] "GET /manga/farming-life-in-another-world-chapter-99/ HTTP/1.1" 304 0 "https://isekainonbirinoukachapters.com/manga/farming-life-in-another-world-chapter-98/" "Mozilla/5.0 (Macintosh; Intel Mac OS X 10_15_7) AppleWebKit/537.36 (KHTML, like Gecko) Chrome/129.0.0.0 Safari/537.36"
2001:8003:6d42:1800:ecea:ae05:db5f:3759 - - [08/Jun/2025:07:58:38 -0400] "GET /category/isekai-nonbiri-nouka-manga/ HTTP/1.1" 200 30932 "https://isekainonbirinoukachapters.com/manga/farming-life-in-another-world-chapter-5/" "Mozilla/5.0 (Macintosh; Intel Mac OS X 10_15_7) AppleWebKit/537.36 (KHTML, like Gecko) Chrome/137.0.0.0 Safari/537.36"
2001:8003:6d42:1800:ecea:ae05:db5f:3759 - - [08/Jun/2025:07:58:37 -0400] "POST /wp-admin/admin-ajax.php HTTP/1.1" 200 61 "https://isekainonbirinoukachapters.com/manga/farming-life-in-another-world-chapter-5/" "Mozilla/5.0 (Macintosh; Intel Mac OS X 10_15_7) AppleWebKit/537.36 (KHTML, like Gecko) Chrome/137.0.0.0 Safari/537.36"
2001:8003:481c:e001:b4da:1623:a296:b4ae - - [08/Jun/2025:07:58:38 -0400] "POST /wp-admin/admin-ajax.php HTTP/1.1" 200 61 "https://isekainonbirinoukachapters.com/manga/farming-life-in-another-world-chapter-99/" "Mozilla/5.0 (Macintosh; Intel Mac OS X 10_15_7) AppleWebKit/537.36 (KHTML, like Gecko) Chrome/129.0.0.0 Safari/537.36"
2001:8003:6d42:1800:ecea:ae05:db5f:3759 - - [08/Jun/2025:07:59:00 -0400] "GET /manga/farming-life-in-another-world-chapter-4/ HTTP/1.1" 200 34578 "https://isekainonbirinoukachapters.com/manga/farming-life-in-another-world-chapter-5/" "Mozilla/5.0 (Macintosh; Intel Mac OS X 10_15_7) AppleWebKit/537.36 (KHTML, like Gecko) Chrome/137.0.0.0 Safari/537.36"
2001:8003:6d42:1800:ecea:ae05:db5f:3759 - - [08/Jun/2025:07:59:05 -0400] "GET /manga/farming-life-in-another-world-chapter-6/ HTTP/1.1" 200 34157 "https://isekainonbirinoukachapters.com/manga/farming-life-in-another-world-chapter-5/" "Mozilla/5.0 (Macintosh; Intel Mac OS X 10_15_7) AppleWebKit/537.36 (KHTML, like Gecko) Chrome/137.0.0.0 Safari/537.36"
2001:8003:6d42:1800:ecea:ae05:db5f:3759 - - [08/Jun/2025:07:59:06 -0400] "GET /manga/farming-life-in-another-world-chapter-4/ HTTP/1.1" 304 0 "https://isekainonbirinoukachapters.com/manga/farming-life-in-another-world-chapter-5/" "Mozilla/5.0 (Macintosh; Intel Mac OS X 10_15_7) AppleWebKit/537.36 (KHTML, like Gecko) Chrome/137.0.0.0 Safari/537.36"
162.0.232.193 - - [08/Jun/2025:07:59:06 -0400] "POST /wp-cron.php?doing_wp_cron=1749383946.6181950569152832031250 HTTP/1.1" 200 0 "-" "WordPress/6.8.1; https://isekainonbirinoukachapters.com"
2001:8003:6d42:1800:ecea:ae05:db5f:3759 - - [08/Jun/2025:07:59:06 -0400] "POST /wp-admin/admin-ajax.php HTTP/1.1" 200 61 "https://isekainonbirinoukachapters.com/manga/farming-life-in-another-world-chapter-4/" "Mozilla/5.0 (Macintosh; Intel Mac OS X 10_15_7) AppleWebKit/537.36 (KHTML, like Gecko) Chrome/137.0.0.0 Safari/537.36"
162.0.232.193 - - [08/Jun/2025:07:59:08 -0400] "GET /wp-content/uploads/89b93a66fa29a678cbd60ff176e1ea9a_1973.xml HTTP/1.1" 200 1499 "-" "Mozilla/5.0 (X11; Linux x86_64) AppleWebKit/537.36 (KHTML, like Gecko) Ubuntu Chromium/41.0.2272.76"
2001:8003:6d42:1800:ecea:ae05:db5f:3759 - - [08/Jun/2025:07:59:18 -0400] "GET /manga/farming-life-in-another-world-chapter-5/ HTTP/1.1" 304 0 "https://isekainonbirinoukachapters.com/manga/farming-life-in-another-world-chapter-4/" "Mozilla/5.0 (Macintosh; Intel Mac OS X 10_15_7) AppleWebKit/537.36 (KHTML, like Gecko) Chrome/137.0.0.0 Safari/537.36"
2401:5100:300:2e35:dc17:68ce:131d:f00a - - [08/Jun/2025:07:59:21 -0400] "GET / HTTP/1.1" 200 32523 "https://www.google.com/" "Mozilla/5.0 (Linux; Android 10; K) AppleWebKit/537.36 (KHTML, like Gecko) Chrome/135.0.0.0 Mobile Safari/537.36 OPR/89.0.0.0"
2401:5100:300:2e35:dc17:68ce:131d:f00a - - [08/Jun/2025:07:59:22 -0400] "GET /wp-content/uploads/2024/07/cropped-9781642730852_il_1_aad6e-1.webp HTTP/1.1" 200 97090 "https://isekainonbirinoukachapters.com/" "Mozilla/5.0 (Linux; Android 10; K) AppleWebKit/537.36 (KHTML, like Gecko) Chrome/135.0.0.0 Mobile Safari/537.36 OPR/89.0.0.0"
2401:5100:300:2e35:dc17:68ce:131d:f00a - - [08/Jun/2025:07:59:23 -0400] "GET /wp-content/cache/min/1/wp-content/plugins/comic-easel/js/keynav.js?ver=1729190448 HTTP/1.1" 200 221 "https://isekainonbirinoukachapters.com/" "Mozilla/5.0 (Linux; Android 10; K) AppleWebKit/537.36 (KHTML, like Gecko) Chrome/135.0.0.0 Mobile Safari/537.36 OPR/89.0.0.0"
2401:5100:300:2e35:dc17:68ce:131d:f00a - - [08/Jun/2025:07:59:23 -0400] "GET /wp-content/uploads/2024/07/MV5BYjA4Mjc5OWYtMTQ1Yy00MWQyLTg3NGYtZTA0NjZiYzI0NDhhXkEyXkFqcGdeQXVyMzgxODM4NjM@._V1_FMjpg_UX1000_-768x1107.jpg HTTP/1.1" 200 209695 "https://isekainonbirinoukachapters.com/" "Mozilla/5.0 (Linux; Android 10; K) AppleWebKit/537.36 (KHTML, like Gecko) Chrome/135.0.0.0 Mobile Safari/537.36 OPR/89.0.0.0"
2401:5100:300:2e35:dc17:68ce:131d:f00a - - [08/Jun/2025:07:59:23 -0400] "GET /wp-content/plugins/simple-social-buttons/assets/js/frontend-blocks.js?ver=6.1.0 HTTP/1.1" 200 0 "https://isekainonbirinoukachapters.com/" "Mozilla/5.0 (Linux; Android 10; K) AppleWebKit/537.36 (KHTML, like Gecko) Chrome/135.0.0.0 Mobile Safari/537.36 OPR/89.0.0.0"
2401:5100:300:2e35:dc17:68ce:131d:f00a - - [08/Jun/2025:07:59:23 -0400] "GET /wp-includes/js/jquery/jquery-migrate.min.js?ver=3.4.1 HTTP/1.1" 200 4678 "https://isekainonbirinoukachapters.com/" "Mozilla/5.0 (Linux; Android 10; K) AppleWebKit/537.36 (KHTML, like Gecko) Chrome/135.0.0.0 Mobile Safari/537.36 OPR/89.0.0.0"
2401:5100:300:2e35:dc17:68ce:131d:f00a - - [08/Jun/2025:07:59:23 -0400] "GET /wp-includes/js/jquery/jquery.min.js?ver=3.7.1 HTTP/1.1" 200 29744 "https://isekainonbirinoukachapters.com/" "Mozilla/5.0 (Linux; Android 10; K) AppleWebKit/537.36 (KHTML, like Gecko) Chrome/135.0.0.0 Mobile Safari/537.36 OPR/89.0.0.0"
2401:5100:300:2e35:dc17:68ce:131d:f00a - - [08/Jun/2025:07:59:23 -0400] "GET /wp-content/cache/min/1/wp-content/plugins/simple-social-buttons/assets/js/front.js?ver=1729190448 HTTP/1.1" 200 1488 "https://isekainonbirinoukachapters.com/" "Mozilla/5.0 (Linux; Android 10; K) AppleWebKit/537.36 (KHTML, like Gecko) Chrome/135.0.0.0 Mobile Safari/537.36 OPR/89.0.0.0"
2401:5100:300:2e35:dc17:68ce:131d:f00a - - [08/Jun/2025:07:59:23 -0400] "GET /wp-content/themes/toivo-lite/js/settings.min.js?ver=1.2.0 HTTP/1.1" 200 307 "https://isekainonbirinoukachapters.com/" "Mozilla/5.0 (Linux; Android 10; K) AppleWebKit/537.36 (KHTML, like Gecko) Chrome/135.0.0.0 Mobile Safari/537.36 OPR/89.0.0.0"
2401:5100:300:2e35:dc17:68ce:131d:f00a - - [08/Jun/2025:07:59:24 -0400] "GET /wp-content/themes/toivo-lite/js/responsive-nav.min.js?ver=1.2.0 HTTP/1.1" 200 2102 "https://isekainonbirinoukachapters.com/" "Mozilla/5.0 (Linux; Android 10; K) AppleWebKit/537.36 (KHTML, like Gecko) Chrome/135.0.0.0 Mobile Safari/537.36 OPR/89.0.0.0"
2401:5100:300:2e35:dc17:68ce:131d:f00a - - [08/Jun/2025:07:59:24 -0400] "GET /wp-content/themes/toivo-lite/js/functions.min.js?ver=1.2.0 HTTP/1.1" 200 593 "https://isekainonbirinoukachapters.com/" "Mozilla/5.0 (Linux; Android 10; K) AppleWebKit/537.36 (KHTML, like Gecko) Chrome/135.0.0.0 Mobile Safari/537.36 OPR/89.0.0.0"
2401:5100:300:2e35:dc17:68ce:131d:f00a - - [08/Jun/2025:07:59:30 -0400] "GET /manga/farming-life-in-another-world-chapter-15/ HTTP/1.1" 200 34195 "https://isekainonbirinoukachapters.com/" "Mozilla/5.0 (Linux; Android 10; K) AppleWebKit/537.36 (KHTML, like Gecko) Chrome/135.0.0.0 Mobile Safari/537.36 OPR/89.0.0.0"
2401:5100:300:2e35:dc17:68ce:131d:f00a - - [08/Jun/2025:07:59:30 -0400] "GET /manga/farming-life-in-another-world-chapter-15/ HTTP/1.1" 304 0 "https://isekainonbirinoukachapters.com/" "Mozilla/5.0 (Linux; Android 10; K) AppleWebKit/537.36 (KHTML, like Gecko) Chrome/135.0.0.0 Mobile Safari/537.36 OPR/89.0.0.0"
2401:5100:300:2e35:dc17:68ce:131d:f00a - - [08/Jun/2025:07:59:31 -0400] "GET /manga/farming-life-in-another-world-chapter-11/ HTTP/1.1" 200 34265 "https://isekainonbirinoukachapters.com/" "Mozilla/5.0 (Linux; Android 10; K) AppleWebKit/537.36 (KHTML, like Gecko) Chrome/135.0.0.0 Mobile Safari/537.36 OPR/89.0.0.0"
2401:5100:300:2e35:dc17:68ce:131d:f00a - - [08/Jun/2025:07:59:31 -0400] "GET /manga/farming-life-in-another-world-chapter-11/ HTTP/1.1" 304 0 "https://isekainonbirinoukachapters.com/" "Mozilla/5.0 (Linux; Android 10; K) AppleWebKit/537.36 (KHTML, like Gecko) Chrome/135.0.0.0 Mobile Safari/537.36 OPR/89.0.0.0"
2401:5100:300:2e35:dc17:68ce:131d:f00a - - [08/Jun/2025:07:59:32 -0400] "GET /manga/farming-life-in-another-world-chapter-1/ HTTP/1.1" 200 34431 "https://isekainonbirinoukachapters.com/" "Mozilla/5.0 (Linux; Android 10; K) AppleWebKit/537.36 (KHTML, like Gecko) Chrome/135.0.0.0 Mobile Safari/537.36 OPR/89.0.0.0"
2401:5100:300:2e35:dc17:68ce:131d:f00a - - [08/Jun/2025:07:59:33 -0400] "GET /manga/farming-life-in-another-world-chapter-1/ HTTP/1.1" 304 0 "https://isekainonbirinoukachapters.com/" "Mozilla/5.0 (Linux; Android 10; K) AppleWebKit/537.36 (KHTML, like Gecko) Chrome/135.0.0.0 Mobile Safari/537.36 OPR/89.0.0.0"
2401:5100:300:2e35:dc17:68ce:131d:f00a - - [08/Jun/2025:07:59:33 -0400] "GET /wp-content/plugins/simple-social-buttons/assets/fonts/ssb-icon.ttf?eahqa2 HTTP/1.1" 200 7412 "https://isekainonbirinoukachapters.com/manga/farming-life-in-another-world-chapter-1/" "Mozilla/5.0 (Linux; Android 10; K) AppleWebKit/537.36 (KHTML, like Gecko) Chrome/135.0.0.0 Mobile Safari/537.36 OPR/89.0.0.0"
2401:5100:300:2e35:dc17:68ce:131d:f00a - - [08/Jun/2025:07:59:33 -0400] "GET /wp-content/cache/min/1/wp-content/plugins/wp-automatic/js/main-front.js?ver=1729190448 HTTP/1.1" 200 276 "https://isekainonbirinoukachapters.com/manga/farming-life-in-another-world-chapter-1/" "Mozilla/5.0 (Linux; Android 10; K) AppleWebKit/537.36 (KHTML, like Gecko) Chrome/135.0.0.0 Mobile Safari/537.36 OPR/89.0.0.0"
2401:5100:300:2e35:dc17:68ce:131d:f00a - - [08/Jun/2025:07:59:33 -0400] "GET /wp-content/cache/min/1/wp-content/plugins/disqus-comment-system/public/js/comment_count.js?ver=1729190448 HTTP/1.1" 200 308 "https://isekainonbirinoukachapters.com/manga/farming-life-in-another-world-chapter-1/" "Mozilla/5.0 (Linux; Android 10; K) AppleWebKit/537.36 (KHTML, like Gecko) Chrome/135.0.0.0 Mobile Safari/537.36 OPR/89.0.0.0"
2401:5100:300:2e35:dc17:68ce:131d:f00a - - [08/Jun/2025:07:59:33 -0400] "GET /wp-content/cache/min/1/wp-content/plugins/disqus-comment-system/public/js/comment_embed.js?ver=1729190448 HTTP/1.1" 200 494 "https://isekainonbirinoukachapters.com/manga/farming-life-in-another-world-chapter-1/" "Mozilla/5.0 (Linux; Android 10; K) AppleWebKit/537.36 (KHTML, like Gecko) Chrome/135.0.0.0 Mobile Safari/537.36 OPR/89.0.0.0"
2401:5100:300:2e35:dc17:68ce:131d:f00a - - [08/Jun/2025:07:59:33 -0400] "GET /wp-includes/js/comment-reply.min.js?ver=6.8.1 HTTP/1.1" 200 1247 "https://isekainonbirinoukachapters.com/manga/farming-life-in-another-world-chapter-1/" "Mozilla/5.0 (Linux; Android 10; K) AppleWebKit/537.36 (KHTML, like Gecko) Chrome/135.0.0.0 Mobile Safari/537.36 OPR/89.0.0.0"
2001:8003:6d42:1800:ecea:ae05:db5f:3759 - - [08/Jun/2025:07:59:36 -0400] "GET /manga/farming-life-in-another-world-chapter-3/ HTTP/1.1" 200 34115 "https://isekainonbirinoukachapters.com/manga/farming-life-in-another-world-chapter-4/" "Mozilla/5.0 (Macintosh; Intel Mac OS X 10_15_7) AppleWebKit/537.36 (KHTML, like Gecko) Chrome/137.0.0.0 Safari/537.36"
2001:8003:6d42:1800:ecea:ae05:db5f:3759 - - [08/Jun/2025:07:59:37 -0400] "GET /manga/farming-life-in-another-world-chapter-5/ HTTP/1.1" 304 0 "https://isekainonbirinoukachapters.com/manga/farming-life-in-another-world-chapter-4/" "Mozilla/5.0 (Macintosh; Intel Mac OS X 10_15_7) AppleWebKit/537.36 (KHTML, like Gecko) Chrome/137.0.0.0 Safari/537.36"
2001:8003:6d42:1800:ecea:ae05:db5f:3759 - - [08/Jun/2025:07:59:38 -0400] "POST /wp-admin/admin-ajax.php HTTP/1.1" 200 61 "https://isekainonbirinoukachapters.com/manga/farming-life-in-another-world-chapter-5/" "Mozilla/5.0 (Macintosh; Intel Mac OS X 10_15_7) AppleWebKit/537.36 (KHTML, like Gecko) Chrome/137.0.0.0 Safari/537.36"
2001:8003:6d42:1800:ecea:ae05:db5f:3759 - - [08/Jun/2025:07:59:40 -0400] "GET /manga/farming-life-in-another-world-chapter-6/ HTTP/1.1" 304 0 "https://isekainonbirinoukachapters.com/manga/farming-life-in-another-world-chapter-5/" "Mozilla/5.0 (Macintosh; Intel Mac OS X 10_15_7) AppleWebKit/537.36 (KHTML, like Gecko) Chrome/137.0.0.0 Safari/537.36"
2001:8003:6d42:1800:ecea:ae05:db5f:3759 - - [08/Jun/2025:07:59:41 -0400] "GET /manga/farming-life-in-another-world-chapter-4/ HTTP/1.1" 304 0 "https://isekainonbirinoukachapters.com/manga/farming-life-in-another-world-chapter-5/" "Mozilla/5.0 (Macintosh; Intel Mac OS X 10_15_7) AppleWebKit/537.36 (KHTML, like Gecko) Chrome/137.0.0.0 Safari/537.36"
2001:8003:6d42:1800:ecea:ae05:db5f:3759 - - [08/Jun/2025:07:59:42 -0400] "GET /manga/farming-life-in-another-world-chapter-6/ HTTP/1.1" 304 0 "https://isekainonbirinoukachapters.com/manga/farming-life-in-another-world-chapter-5/" "Mozilla/5.0 (Macintosh; Intel Mac OS X 10_15_7) AppleWebKit/537.36 (KHTML, like Gecko) Chrome/137.0.0.0 Safari/537.36"
2001:8003:6d42:1800:ecea:ae05:db5f:3759 - - [08/Jun/2025:07:59:47 -0400] "GET /manga/farming-life-in-another-world-chapter-7/ HTTP/1.1" 200 34183 "https://isekainonbirinoukachapters.com/manga/farming-life-in-another-world-chapter-6/" "Mozilla/5.0 (Macintosh; Intel Mac OS X 10_15_7) AppleWebKit/537.36 (KHTML, like Gecko) Chrome/137.0.0.0 Safari/537.36"
