162.0.232.193 - - [12/Jun/2025:10:40:30 -0400] "GET /manga/wotakoi-love-is-hard-for-otaku-chapter-74/ HTTP/1.1" 200 42875 "-" "WP Rocket/Preload Mozilla/5.0 (iPhone; CPU iPhone OS 9_1 like Mac OS X) AppleWebKit/601.1.46 (KHTML, like Gecko) Version/9.0 Mobile/13B143 Safari/601.1"
162.0.232.193 - - [12/Jun/2025:10:40:31 -0400] "GET /manga/wotakoi-love-is-hard-for-otaku-chapter-73/ HTTP/1.1" 200 0 "-" "WP Rocket/Preload"
162.0.232.193 - - [12/Jun/2025:10:40:33 -0400] "GET /manga/wotakoi-love-is-hard-for-otaku-chapter-73/ HTTP/1.1" 200 43075 "-" "WP Rocket/Preload Mozilla/5.0 (iPhone; CPU iPhone OS 9_1 like Mac OS X) AppleWebKit/601.1.46 (KHTML, like Gecko) Version/9.0 Mobile/13B143 Safari/601.1"
162.0.232.193 - - [12/Jun/2025:10:40:34 -0400] "GET /category/wotakoi-love-is-hard-for-otaku-manga-volumes/ HTTP/1.1" 200 0 "-" "WP Rocket/Preload"
47.79.98.245 - - [12/Jun/2025:10:40:36 -0400] "GET /wp-includes/sodium_compat/namespaced/Core/Util.php HTTP/1.1" 403 1242 "https://wotaku-manga.com/wp-includes/sodium_compat/namespaced/Core/Util.php" "Mozilla/5.0 (Windows NT 10.0; Win64; x64) AppleWebKit/537.36 (KHTML, like Gecko) Chrome/114.0.0.0 Safari/537.36 Edg/114.0.1823.43"
162.0.232.193 - - [12/Jun/2025:10:40:36 -0400] "GET /category/wotakoi-love-is-hard-for-otaku-manga-volumes/ HTTP/1.1" 200 46168 "-" "WP Rocket/Preload Mozilla/5.0 (iPhone; CPU iPhone OS 9_1 like Mac OS X) AppleWebKit/601.1.46 (KHTML, like Gecko) Version/9.0 Mobile/13B143 Safari/601.1"
2402:3a80:194b:e80e::2 - - [12/Jun/2025:10:40:38 -0400] "GET /manga/wotaku-ni-koi-wa-muzukashii-chapter-52/ HTTP/1.1" 200 43076 "https://wotaku-manga.com/" "Mozilla/5.0 (Linux; Android 10; K) AppleWebKit/537.36 (KHTML, like Gecko) SamsungBrowser/28.0 Chrome/130.0.0.0 Mobile Safari/537.36"
2a03:2880:f800:2:: - - [12/Jun/2025:10:40:40 -0400] "GET /shopdetail/11211335 HTTP/1.1" 301 0 "-" "meta-externalagent/1.1 (+https://developers.facebook.com/docs/sharing/webmasters/crawler)"
47.82.60.22 - - [12/Jun/2025:10:40:44 -0400] "GET /wp-includes/js/jquery/ui/mouse.min.js HTTP/1.1" 200 1012 "https://wotaku-manga.com/wp-includes/js/jquery/ui/mouse.min.js" "Mozilla/5.0 (Windows NT 10.0; Win64; x64) AppleWebKit/537.36 (KHTML, like Gecko) Chrome/114.0.0.0 Safari/537.36 Edg/114.0.1823.43"
2402:3a80:194b:e80e::2 - - [12/Jun/2025:10:40:40 -0400] "POST /wp-admin/admin-ajax.php HTTP/1.1" 200 61 "https://wotaku-manga.com/manga/wotaku-ni-koi-wa-muzukashii-chapter-52/" "Mozilla/5.0 (Linux; Android 10; K) AppleWebKit/537.36 (KHTML, like Gecko) SamsungBrowser/28.0 Chrome/130.0.0.0 Mobile Safari/537.36"
2a03:2880:f800:c:: - - [12/Jun/2025:10:40:44 -0400] "GET / HTTP/1.1" 200 37331 "-" "meta-externalagent/1.1 (+https://developers.facebook.com/docs/sharing/webmasters/crawler)"
47.82.60.148 - - [12/Jun/2025:10:40:47 -0400] "GET /wp-includes/js/jquery/ui/menu.min.js HTTP/1.1" 200 2917 "https://wotaku-manga.com/wp-includes/js/jquery/ui/menu.min.js" "Mozilla/5.0 (Windows NT 10.0; Win64; x64) AppleWebKit/537.36 (KHTML, like Gecko) Chrome/114.0.0.0 Safari/537.36 Edg/114.0.1823.43"
162.0.232.193 - - [12/Jun/2025:10:40:51 -0400] "POST /wp-cron.php?doing_wp_cron=1749739250.9649660587310791015625 HTTP/1.1" 200 0 "-" "WordPress/6.8.1; https://wotaku-manga.com"
51.222.253.17 - - [12/Jun/2025:10:40:49 -0400] "GET /v/1818459565.shtm HTTP/1.1" 301 0 "-" "Mozilla/5.0 (compatible; AhrefsBot/7.0; +http://ahrefs.com/robot/)"
47.82.60.163 - - [12/Jun/2025:10:40:57 -0400] "GET /wp-includes/js/jquery/ui/effect-fade.min.js HTTP/1.1" 200 303 "https://wotaku-manga.com/wp-includes/js/jquery/ui/effect-fade.min.js" "Mozilla/5.0 (Windows NT 10.0; Win64; x64) AppleWebKit/537.36 (KHTML, like Gecko) Chrome/114.0.0.0 Safari/537.36 Edg/114.0.1823.43"
162.0.232.193 - - [12/Jun/2025:10:41:04 -0400] "POST /wp-cron.php?doing_wp_cron=1749739264.6743130683898925781250 HTTP/1.1" 200 0 "-" "WordPress/6.8.1; https://wotaku-manga.com"
51.222.253.20 - - [12/Jun/2025:10:41:04 -0400] "GET /v/1905942521.shtm HTTP/1.1" 301 0 "-" "Mozilla/5.0 (compatible; AhrefsBot/7.0; +http://ahrefs.com/robot/)"
47.82.60.130 - - [12/Jun/2025:10:41:13 -0400] "GET /wp-includes/js/jquery/ui/button.min.js HTTP/1.1" 200 1830 "https://wotaku-manga.com/wp-includes/js/jquery/ui/button.min.js" "Mozilla/5.0 (Windows NT 10.0; Win64; x64) AppleWebKit/537.36 (KHTML, like Gecko) Chrome/114.0.0.0 Safari/537.36 Edg/114.0.1823.43"
2a03:2880:f800:: - - [12/Jun/2025:10:41:16 -0400] "GET /shopdetail/304996235 HTTP/1.1" 301 0 "-" "meta-externalagent/1.1 (+https://developers.facebook.com/docs/sharing/webmasters/crawler)"
51.222.253.11 - - [12/Jun/2025:10:41:16 -0400] "GET /v/1942975849.shtm HTTP/1.1" 301 0 "-" "Mozilla/5.0 (compatible; AhrefsBot/7.0; +http://ahrefs.com/robot/)"
2a03:2880:f800:: - - [12/Jun/2025:10:41:18 -0400] "GET / HTTP/1.1" 200 37331 "-" "meta-externalagent/1.1 (+https://developers.facebook.com/docs/sharing/webmasters/crawler)"
66.249.66.71 - - [12/Jun/2025:10:41:23 -0400] "GET /jlh41864739.shtm HTTP/1.1" 200 81987 "-" "Mozilla/5.0 (Linux; Android 6.0.1; Nexus 5X Build/MMB29P) AppleWebKit/537.36 (KHTML, like Gecko) Chrome/136.0.7103.113 Mobile Safari/537.36 (compatible; Googlebot/2.1; +http://www.google.com/bot.html)"
162.0.232.193 - - [12/Jun/2025:10:41:35 -0400] "POST /wp-cron.php?doing_wp_cron=1749739295.7048130035400390625000 HTTP/1.1" 200 0 "-" "WordPress/6.8.1; https://wotaku-manga.com"
51.222.253.20 - - [12/Jun/2025:10:41:34 -0400] "GET /v/21031335.shtm HTTP/1.1" 301 0 "-" "Mozilla/5.0 (compatible; AhrefsBot/7.0; +http://ahrefs.com/robot/)"
162.0.232.193 - - [12/Jun/2025:10:41:48 -0400] "POST /wp-cron.php?doing_wp_cron=1749739307.9690520763397216796875 HTTP/1.1" 200 0 "-" "WordPress/6.8.1; https://wotaku-manga.com"
2a03:2880:f800:8:: - - [12/Jun/2025:10:41:46 -0400] "GET /shopdetail/289991535 HTTP/1.1" 301 0 "-" "meta-externalagent/1.1 (+https://developers.facebook.com/docs/sharing/webmasters/crawler)"
51.222.253.1 - - [12/Jun/2025:10:41:47 -0400] "GET /v/343360183.shtm HTTP/1.1" 301 0 "-" "Mozilla/5.0 (compatible; AhrefsBot/7.0; +http://ahrefs.com/robot/)"
47.82.60.35 - - [12/Jun/2025:10:41:49 -0400] "GET /wp-includes/js/tinymce/plugins/lists HTTP/1.1" 301 795 "https://wotaku-manga.com/wp-includes/js/tinymce/plugins/lists" "Mozilla/5.0 (Windows NT 10.0; Win64; x64) AppleWebKit/537.36 (KHTML, like Gecko) Chrome/114.0.0.0 Safari/537.36 Edg/114.0.1823.43"
47.82.60.35 - - [12/Jun/2025:10:41:49 -0400] "GET /wp-includes/js/tinymce/plugins/lists/ HTTP/1.1" 200 663 "https://wotaku-manga.com/wp-includes/js/tinymce/plugins/lists" "Mozilla/5.0 (Windows NT 10.0; Win64; x64) AppleWebKit/537.36 (KHTML, like Gecko) Chrome/114.0.0.0 Safari/537.36 Edg/114.0.1823.43"
2a03:2880:f800:5:: - - [12/Jun/2025:10:41:50 -0400] "GET / HTTP/1.1" 200 37331 "-" "meta-externalagent/1.1 (+https://developers.facebook.com/docs/sharing/webmasters/crawler)"
2402:3a80:194b:e80e::2 - - [12/Jun/2025:10:42:03 -0400] "GET /manga/wotaku-ni-koi-wa-muzukashii-chapter-53/ HTTP/1.1" 200 43608 "https://wotaku-manga.com/" "Mozilla/5.0 (Linux; Android 10; K) AppleWebKit/537.36 (KHTML, like Gecko) SamsungBrowser/28.0 Chrome/130.0.0.0 Mobile Safari/537.36"
47.82.60.13 - - [12/Jun/2025:10:42:04 -0400] "GET /wp-includes/js/tinymce/plugins/textcolor HTTP/1.1" 301 795 "https://wotaku-manga.com/wp-includes/js/tinymce/plugins/textcolor" "Mozilla/5.0 (Windows NT 10.0; Win64; x64) AppleWebKit/537.36 (KHTML, like Gecko) Chrome/114.0.0.0 Safari/537.36 Edg/114.0.1823.43"
47.82.60.13 - - [12/Jun/2025:10:42:04 -0400] "GET /wp-includes/js/tinymce/plugins/textcolor/ HTTP/1.1" 200 664 "https://wotaku-manga.com/wp-includes/js/tinymce/plugins/textcolor" "Mozilla/5.0 (Windows NT 10.0; Win64; x64) AppleWebKit/537.36 (KHTML, like Gecko) Chrome/114.0.0.0 Safari/537.36 Edg/114.0.1823.43"
162.0.232.193 - - [12/Jun/2025:10:42:07 -0400] "POST /wp-cron.php?doing_wp_cron=1749739327.1588759422302246093750 HTTP/1.1" 200 0 "-" "WordPress/6.8.1; https://wotaku-manga.com"
2402:3a80:194b:e80e::2 - - [12/Jun/2025:10:42:06 -0400] "POST /wp-admin/admin-ajax.php HTTP/1.1" 200 61 "https://wotaku-manga.com/manga/wotaku-ni-koi-wa-muzukashii-chapter-53/" "Mozilla/5.0 (Linux; Android 10; K) AppleWebKit/537.36 (KHTML, like Gecko) SamsungBrowser/28.0 Chrome/130.0.0.0 Mobile Safari/537.36"
51.222.253.12 - - [12/Jun/2025:10:42:08 -0400] "GET /v/463756583.shtm HTTP/1.1" 301 0 "-" "Mozilla/5.0 (compatible; AhrefsBot/7.0; +http://ahrefs.com/robot/)"
216.73.216.49 - - [12/Jun/2025:10:42:11 -0400] "GET /sitemap-child-2888.xml HTTP/1.1" 200 11341 "-" "Mozilla/5.0 AppleWebKit/537.36 (KHTML, like Gecko; compatible; ClaudeBot/1.0; [email protected])"
216.73.216.49 - - [12/Jun/2025:10:42:11 -0400] "GET /sitemap-child-897.xml HTTP/1.1" 200 11341 "-" "Mozilla/5.0 AppleWebKit/537.36 (KHTML, like Gecko; compatible; ClaudeBot/1.0; [email protected])"
47.79.2.34 - - [12/Jun/2025:10:42:26 -0400] "GET /wp-includes/css/dist/nux/style.css HTTP/1.1" 200 734 "https://wotaku-manga.com/wp-includes/css/dist/nux/style.css" "Mozilla/5.0 (Windows NT 10.0; Win64; x64) AppleWebKit/537.36 (KHTML, like Gecko) Chrome/114.0.0.0 Safari/537.36 Edg/114.0.1823.43"
162.0.232.193 - - [12/Jun/2025:10:42:38 -0400] "POST /wp-cron.php?doing_wp_cron=1749739358.5626559257507324218750 HTTP/1.1" 200 0 "-" "WordPress/6.8.1; https://wotaku-manga.com"
2a03:2880:f800:3:: - - [12/Jun/2025:10:42:37 -0400] "GET /shopdetail/391163335 HTTP/1.1" 301 0 "-" "meta-externalagent/1.1 (+https://developers.facebook.com/docs/sharing/webmasters/crawler)"
2402:3a80:194b:e80e::2 - - [12/Jun/2025:10:42:39 -0400] "GET /tag/naoya-nifuji/ HTTP/1.1" 301 0 "https://wotaku-manga.com/manga/wotaku-ni-koi-wa-muzukashii-chapter-53/" "Mozilla/5.0 (Linux; Android 10; K) AppleWebKit/537.36 (KHTML, like Gecko) SamsungBrowser/28.0 Chrome/130.0.0.0 Mobile Safari/537.36"
2402:3a80:194b:e80e::2 - - [12/Jun/2025:10:42:41 -0400] "GET /manga/wotaku-ni-koi-wa-muzukashii-chapter-54/ HTTP/1.1" 200 42450 "https://wotaku-manga.com/" "Mozilla/5.0 (Linux; Android 10; K) AppleWebKit/537.36 (KHTML, like Gecko) SamsungBrowser/28.0 Chrome/130.0.0.0 Mobile Safari/537.36"
51.222.253.13 - - [12/Jun/2025:10:42:40 -0400] "GET /v/77163785.shtm HTTP/1.1" 301 0 "-" "Mozilla/5.0 (compatible; AhrefsBot/7.0; +http://ahrefs.com/robot/)"
2a03:2880:f800:15:: - - [12/Jun/2025:10:42:41 -0400] "GET / HTTP/1.1" 200 37331 "-" "meta-externalagent/1.1 (+https://developers.facebook.com/docs/sharing/webmasters/crawler)"
162.0.232.193 - - [12/Jun/2025:10:42:47 -0400] "POST /wp-cron.php?doing_wp_cron=1749739367.0882389545440673828125 HTTP/1.1" 200 0 "-" "WordPress/6.8.1; https://wotaku-manga.com"
2402:3a80:194b:e80e::2 - - [12/Jun/2025:10:42:45 -0400] "POST /wp-admin/admin-ajax.php HTTP/1.1" 200 61 "https://wotaku-manga.com/manga/wotaku-ni-koi-wa-muzukashii-chapter-54/" "Mozilla/5.0 (Linux; Android 10; K) AppleWebKit/537.36 (KHTML, like Gecko) SamsungBrowser/28.0 Chrome/130.0.0.0 Mobile Safari/537.36"
162.0.232.193 - - [12/Jun/2025:10:43:02 -0400] "POST /wp-cron.php?doing_wp_cron=1749739381.7784559726715087890625 HTTP/1.1" 200 0 "-" "WordPress/6.8.1; https://wotaku-manga.com"
2a03:2880:f800:: - - [12/Jun/2025:10:43:01 -0400] "GET /shopdetail/153219335 HTTP/1.1" 301 0 "-" "meta-externalagent/1.1 (+https://developers.facebook.com/docs/sharing/webmasters/crawler)"
51.222.253.6 - - [12/Jun/2025:10:43:03 -0400] "GET /v/941211017.shtm HTTP/1.1" 301 0 "-" "Mozilla/5.0 (compatible; AhrefsBot/7.0; +http://ahrefs.com/robot/)"
2a03:2880:f800:7:: - - [12/Jun/2025:10:43:05 -0400] "GET / HTTP/1.1" 200 37331 "-" "meta-externalagent/1.1 (+https://developers.facebook.com/docs/sharing/webmasters/crawler)"
47.82.60.188 - - [12/Jun/2025:10:43:08 -0400] "GET /wp-includes/css/dist/commands/style-rtl.min.css HTTP/1.1" 200 853 "https://wotaku-manga.com/wp-includes/css/dist/commands/style-rtl.min.css" "Mozilla/5.0 (Windows NT 10.0; Win64; x64) AppleWebKit/537.36 (KHTML, like Gecko) Chrome/114.0.0.0 Safari/537.36 Edg/114.0.1823.43"
2402:3a80:194b:e80e::2 - - [12/Jun/2025:10:43:20 -0400] "GET /category/wotakoi-love-is-hard-for-otaku-manga-read-online/ HTTP/1.1" 200 46245 "https://wotaku-manga.com/manga/wotaku-ni-koi-wa-muzukashii-chapter-54/" "Mozilla/5.0 (Linux; Android 10; K) AppleWebKit/537.36 (KHTML, like Gecko) SamsungBrowser/28.0 Chrome/130.0.0.0 Mobile Safari/537.36"
66.249.66.66 - - [12/Jun/2025:10:43:24 -0400] "GET /s64014082.shtm HTTP/1.1" 200 82458 "-" "Mozilla/5.0 (Linux; Android 6.0.1; Nexus 5X Build/MMB29P) AppleWebKit/537.36 (KHTML, like Gecko) Chrome/136.0.7103.113 Mobile Safari/537.36 (compatible; Googlebot/2.1; +http://www.google.com/bot.html)"
162.0.232.193 - - [12/Jun/2025:10:43:26 -0400] "POST /wp-cron.php?doing_wp_cron=1749739405.8943419456481933593750 HTTP/1.1" 200 0 "-" "WordPress/6.8.1; https://wotaku-manga.com"
51.222.253.12 - - [12/Jun/2025:10:43:23 -0400] "GET /v/960450003.shtm HTTP/1.1" 301 0 "-" "Mozilla/5.0 (compatible; AhrefsBot/7.0; +http://ahrefs.com/robot/)"
66.249.66.65 - - [12/Jun/2025:10:43:26 -0400] "GET /g/74408812.shtm HTTP/1.1" 200 81361 "-" "Mozilla/5.0 (Linux; Android 6.0.1; Nexus 5X Build/MMB29P) AppleWebKit/537.36 (KHTML, like Gecko) Chrome/136.0.7103.113 Mobile Safari/537.36 (compatible; Googlebot/2.1; +http://www.google.com/bot.html)"
2402:3a80:194b:e80e::2 - - [12/Jun/2025:10:43:23 -0400] "POST /wp-admin/admin-ajax.php HTTP/1.1" 200 61 "https://wotaku-manga.com/manga/wotaku-ni-koi-wa-muzukashii-chapter-55/" "Mozilla/5.0 (Linux; Android 10; K) AppleWebKit/537.36 (KHTML, like Gecko) SamsungBrowser/28.0 Chrome/130.0.0.0 Mobile Safari/537.36"
2a03:2880:f800:11:: - - [12/Jun/2025:10:43:35 -0400] "GET /shopdetail/2107835 HTTP/1.1" 301 0 "-" "meta-externalagent/1.1 (+https://developers.facebook.com/docs/sharing/webmasters/crawler)"
2a03:2880:f800:15:: - - [12/Jun/2025:10:43:38 -0400] "GET / HTTP/1.1" 200 37331 "-" "meta-externalagent/1.1 (+https://developers.facebook.com/docs/sharing/webmasters/crawler)"
51.222.253.3 - - [12/Jun/2025:10:43:39 -0400] "GET /v/982628587.shtm HTTP/1.1" 301 0 "-" "Mozilla/5.0 (compatible; AhrefsBot/7.0; +http://ahrefs.com/robot/)"
162.0.232.193 - - [12/Jun/2025:10:43:49 -0400] "POST /wp-cron.php?doing_wp_cron=1749739429.8213338851928710937500 HTTP/1.1" 200 0 "-" "WordPress/6.8.1; https://wotaku-manga.com"
51.222.253.7 - - [12/Jun/2025:10:43:48 -0400] "GET /v1061486571.shtm HTTP/1.1" 301 0 "-" "Mozilla/5.0 (compatible; AhrefsBot/7.0; +http://ahrefs.com/robot/)"
2a03:2880:f800:d:: - - [12/Jun/2025:10:43:54 -0400] "GET /shopdetail/409018435 HTTP/1.1" 301 0 "-" "meta-externalagent/1.1 (+https://developers.facebook.com/docs/sharing/webmasters/crawler)"
2a03:2880:f800:d:: - - [12/Jun/2025:10:43:55 -0400] "GET /shopdetail/37988235 HTTP/1.1" 301 0 "-" "meta-externalagent/1.1 (+https://developers.facebook.com/docs/sharing/webmasters/crawler)"
2a03:2880:f800:: - - [12/Jun/2025:10:43:58 -0400] "GET / HTTP/1.1" 200 37331 "-" "meta-externalagent/1.1 (+https://developers.facebook.com/docs/sharing/webmasters/crawler)"
216.73.216.49 - - [12/Jun/2025:10:43:59 -0400] "GET /sitemap-child-2907.xml HTTP/1.1" 200 11122 "-" "Mozilla/5.0 AppleWebKit/537.36 (KHTML, like Gecko; compatible; ClaudeBot/1.0; [email protected])"
216.73.216.49 - - [12/Jun/2025:10:43:59 -0400] "GET /sitemap-child-646.xml HTTP/1.1" 200 11122 "-" "Mozilla/5.0 AppleWebKit/537.36 (KHTML, like Gecko; compatible; ClaudeBot/1.0; [email protected])"
2a03:2880:f800:4:: - - [12/Jun/2025:10:43:59 -0400] "GET / HTTP/1.1" 200 37331 "-" "meta-externalagent/1.1 (+https://developers.facebook.com/docs/sharing/webmasters/crawler)"
162.0.232.193 - - [12/Jun/2025:10:44:05 -0400] "POST /wp-cron.php?doing_wp_cron=1749739445.4489200115203857421875 HTTP/1.1" 200 0 "-" "WordPress/6.8.1; https://wotaku-manga.com"
51.222.253.7 - - [12/Jun/2025:10:44:03 -0400] "GET /v1180246241.shtm HTTP/1.1" 301 0 "-" "Mozilla/5.0 (compatible; AhrefsBot/7.0; +http://ahrefs.com/robot/)"
47.82.61.82 - - [12/Jun/2025:10:44:14 -0400] "GET /wp-includes/js/jquery/ui/datepicker.min.js HTTP/1.1" 200 10506 "https://wotaku-manga.com/wp-includes/js/jquery/ui/datepicker.min.js" "Mozilla/5.0 (Windows NT 10.0; Win64; x64) AppleWebKit/537.36 (KHTML, like Gecko) Chrome/114.0.0.0 Safari/537.36 Edg/114.0.1823.43"
2a03:2880:f800:18:: - - [12/Jun/2025:10:44:14 -0400] "GET /shopdetail/287708735 HTTP/1.1" 301 0 "-" "meta-externalagent/1.1 (+https://developers.facebook.com/docs/sharing/webmasters/crawler)"
2402:3a80:194b:e80e::2 - - [12/Jun/2025:10:44:18 -0400] "GET /manga/wotaku-ni-koi-wa-muzukashii-chapter-57/ HTTP/1.1" 200 42643 "https://wotaku-manga.com/" "Mozilla/5.0 (Linux; Android 10; K) AppleWebKit/537.36 (KHTML, like Gecko) SamsungBrowser/28.0 Chrome/130.0.0.0 Mobile Safari/537.36"
2a03:2880:f800:1b:: - - [12/Jun/2025:10:44:18 -0400] "GET / HTTP/1.1" 200 37331 "-" "meta-externalagent/1.1 (+https://developers.facebook.com/docs/sharing/webmasters/crawler)"
162.0.232.193 - - [12/Jun/2025:10:44:24 -0400] "POST /wp-cron.php?doing_wp_cron=1749739464.1533300876617431640625 HTTP/1.1" 200 0 "-" "WordPress/6.8.1; https://wotaku-manga.com"
2402:3a80:194b:e80e::2 - - [12/Jun/2025:10:44:21 -0400] "POST /wp-admin/admin-ajax.php HTTP/1.1" 200 61 "https://wotaku-manga.com/manga/wotaku-ni-koi-wa-muzukashii-chapter-57/" "Mozilla/5.0 (Linux; Android 10; K) AppleWebKit/537.36 (KHTML, like Gecko) SamsungBrowser/28.0 Chrome/130.0.0.0 Mobile Safari/537.36"
51.222.253.1 - - [12/Jun/2025:10:44:28 -0400] "GET /v1238596815.shtm HTTP/1.1" 301 0 "-" "Mozilla/5.0 (compatible; AhrefsBot/7.0; +http://ahrefs.com/robot/)"
2402:3a80:194b:e80e::2 - - [12/Jun/2025:10:44:43 -0400] "GET /manga/wotaku-ni-koi-wa-muzukashii-chapter-57-2/ HTTP/1.1" 200 42700 "https://wotaku-manga.com/" "Mozilla/5.0 (Linux; Android 10; K) AppleWebKit/537.36 (KHTML, like Gecko) SamsungBrowser/28.0 Chrome/130.0.0.0 Mobile Safari/537.36"
162.0.232.193 - - [12/Jun/2025:10:44:45 -0400] "POST /wp-cron.php?doing_wp_cron=1749739485.6708509922027587890625 HTTP/1.1" 200 0 "-" "WordPress/6.8.1; https://wotaku-manga.com"
51.222.253.13 - - [12/Jun/2025:10:44:44 -0400] "GET /v1289501863.shtm HTTP/1.1" 301 0 "-" "Mozilla/5.0 (compatible; AhrefsBot/7.0; +http://ahrefs.com/robot/)"
2402:3a80:194b:e80e::2 - - [12/Jun/2025:10:44:46 -0400] "POST /wp-admin/admin-ajax.php HTTP/1.1" 200 61 "https://wotaku-manga.com/manga/wotaku-ni-koi-wa-muzukashii-chapter-57-2/" "Mozilla/5.0 (Linux; Android 10; K) AppleWebKit/537.36 (KHTML, like Gecko) SamsungBrowser/28.0 Chrome/130.0.0.0 Mobile Safari/537.36"
47.82.60.112 - - [12/Jun/2025:10:44:55 -0400] "GET /wp-includes/js/jquery/ui/progressbar.min.js HTTP/1.1" 200 844 "https://wotaku-manga.com/wp-includes/js/jquery/ui/progressbar.min.js" "Mozilla/5.0 (Windows NT 10.0; Win64; x64) AppleWebKit/537.36 (KHTML, like Gecko) Chrome/114.0.0.0 Safari/537.36 Edg/114.0.1823.43"
51.222.253.6 - - [12/Jun/2025:10:44:53 -0400] "GET /v137802995.shtm HTTP/1.1" 301 0 "-" "Mozilla/5.0 (compatible; AhrefsBot/7.0; +http://ahrefs.com/robot/)"
2402:3a80:194b:e80e::2 - - [12/Jun/2025:10:44:59 -0400] "GET /manga/wotaku-ni-koi-wa-muzukashii-chapter-58/ HTTP/1.1" 200 42939 "https://wotaku-manga.com/" "Mozilla/5.0 (Linux; Android 10; K) AppleWebKit/537.36 (KHTML, like Gecko) SamsungBrowser/28.0 Chrome/130.0.0.0 Mobile Safari/537.36"
196.251.72.211 - - [12/Jun/2025:10:45:06 -0400] "GET / HTTP/1.1" 200 37331 "-" "-"
216.73.216.49 - - [12/Jun/2025:10:45:06 -0400] "GET /sitemap-child-2921.xml HTTP/1.1" 200 11358 "-" "Mozilla/5.0 AppleWebKit/537.36 (KHTML, like Gecko; compatible; ClaudeBot/1.0; [email protected])"
51.222.253.2 - - [12/Jun/2025:10:45:05 -0400] "GET /v1544502997.shtm HTTP/1.1" 301 0 "-" "Mozilla/5.0 (compatible; AhrefsBot/7.0; +http://ahrefs.com/robot/)"
162.0.232.193 - - [12/Jun/2025:10:45:08 -0400] "POST /wp-cron.php?doing_wp_cron=1749739507.5623779296875000000000 HTTP/1.1" 200 0 "-" "WordPress/6.8.1; https://wotaku-manga.com"
2402:3a80:194b:e80e::2 - - [12/Jun/2025:10:45:05 -0400] "POST /wp-admin/admin-ajax.php HTTP/1.1" 200 61 "https://wotaku-manga.com/manga/wotaku-ni-koi-wa-muzukashii-chapter-58/" "Mozilla/5.0 (Linux; Android 10; K) AppleWebKit/537.36 (KHTML, like Gecko) SamsungBrowser/28.0 Chrome/130.0.0.0 Mobile Safari/537.36"
196.251.72.211 - - [12/Jun/2025:10:45:08 -0400] "GET /wordpress HTTP/1.1" 301 0 "-" "-"
196.251.72.211 - - [12/Jun/2025:10:45:12 -0400] "GET / HTTP/1.1" 200 37331 "-" "-"
2a03:2880:f800:3:: - - [12/Jun/2025:10:45:08 -0400] "GET /shopdetail/223762635 HTTP/1.1" 301 0 "-" "meta-externalagent/1.1 (+https://developers.facebook.com/docs/sharing/webmasters/crawler)"
196.251.72.211 - - [12/Jun/2025:10:45:12 -0400] "GET /wp-admin/setup-config.php HTTP/1.1" 409 1041 "-" "-"
196.251.72.211 - - [12/Jun/2025:10:45:13 -0400] "GET /wp-admin/install.php HTTP/1.1" 403 1242 "-" "-"
196.251.72.211 - - [12/Jun/2025:10:45:13 -0400] "GET /wp HTTP/1.1" 301 0 "-" "-"
2a03:2880:f800:14:: - - [12/Jun/2025:10:45:15 -0400] "GET / HTTP/1.1" 200 37331 "-" "meta-externalagent/1.1 (+https://developers.facebook.com/docs/sharing/webmasters/crawler)"
196.251.72.211 - - [12/Jun/2025:10:45:15 -0400] "GET / HTTP/1.1" 200 37331 "-" "-"
196.251.72.211 - - [12/Jun/2025:10:45:17 -0400] "GET /blog HTTP/1.1" 301 0 "-" "-"
196.251.72.211 - - [12/Jun/2025:10:45:20 -0400] "GET / HTTP/1.1" 200 37331 "-" "-"
2a03:2880:f800:2:: - - [12/Jun/2025:10:45:20 -0400] "GET /shopdetail/130205435 HTTP/1.1" 301 0 "-" "meta-externalagent/1.1 (+https://developers.facebook.com/docs/sharing/webmasters/crawler)"
47.79.123.143 - - [12/Jun/2025:10:45:23 -0400] "GET /wp-includes/js/jquery/ui/checkboxradio.js HTTP/1.1" 200 2176 "https://wotaku-manga.com/wp-includes/js/jquery/ui/checkboxradio.js" "Mozilla/5.0 (Windows NT 10.0; Win64; x64) AppleWebKit/537.36 (KHTML, like Gecko) Chrome/114.0.0.0 Safari/537.36 Edg/114.0.1823.43"
196.251.72.211 - - [12/Jun/2025:10:45:22 -0400] "GET /new HTTP/1.1" 301 0 "-" "-"
2a03:2880:f800:6:: - - [12/Jun/2025:10:45:22 -0400] "GET /shopdetail/406403235 HTTP/1.1" 301 0 "-" "meta-externalagent/1.1 (+https://developers.facebook.com/docs/sharing/webmasters/crawler)"
2a03:2880:f800:e:: - - [12/Jun/2025:10:45:23 -0400] "GET / HTTP/1.1" 200 37331 "-" "meta-externalagent/1.1 (+https://developers.facebook.com/docs/sharing/webmasters/crawler)"
196.251.72.211 - - [12/Jun/2025:10:45:24 -0400] "GET / HTTP/1.1" 200 37331 "-" "-"
2402:3a80:194b:e80e::2 - - [12/Jun/2025:10:45:25 -0400] "GET /manga/wotaku-ni-koi-wa-muzukashii-chapter-59/ HTTP/1.1" 200 42970 "https://wotaku-manga.com/" "Mozilla/5.0 (Linux; Android 10; K) AppleWebKit/537.36 (KHTML, like Gecko) SamsungBrowser/28.0 Chrome/130.0.0.0 Mobile Safari/537.36"
196.251.72.211 - - [12/Jun/2025:10:45:25 -0400] "GET /old HTTP/1.1" 301 0 "-" "-"
2a03:2880:f800:6:: - - [12/Jun/2025:10:45:26 -0400] "GET / HTTP/1.1" 200 37331 "-" "meta-externalagent/1.1 (+https://developers.facebook.com/docs/sharing/webmasters/crawler)"
196.251.72.211 - - [12/Jun/2025:10:45:27 -0400] "GET / HTTP/1.1" 200 37331 "-" "-"
66.249.66.3 - - [12/Jun/2025:10:45:27 -0400] "GET /d54868491.shtm HTTP/1.1" 200 81213 "-" "Mozilla/5.0 (Linux; Android 6.0.1; Nexus 5X Build/MMB29P) AppleWebKit/537.36 (KHTML, like Gecko) Chrome/136.0.7103.113 Mobile Safari/537.36 (compatible; Googlebot/2.1; +http://www.google.com/bot.html)"
2402:3a80:194b:e80e::2 - - [12/Jun/2025:10:45:27 -0400] "POST /wp-admin/admin-ajax.php HTTP/1.1" 200 61 "https://wotaku-manga.com/manga/wotaku-ni-koi-wa-muzukashii-chapter-59/" "Mozilla/5.0 (Linux; Android 10; K) AppleWebKit/537.36 (KHTML, like Gecko) SamsungBrowser/28.0 Chrome/130.0.0.0 Mobile Safari/537.36"
196.251.72.211 - - [12/Jun/2025:10:45:29 -0400] "GET /newsite HTTP/1.1" 301 0 "-" "-"
196.251.72.211 - - [12/Jun/2025:10:45:31 -0400] "GET / HTTP/1.1" 200 37331 "-" "-"
196.251.72.211 - - [12/Jun/2025:10:45:32 -0400] "GET /test HTTP/1.1" 301 0 "-" "-"
196.251.72.211 - - [12/Jun/2025:10:45:33 -0400] "GET / HTTP/1.1" 200 37331 "-" "-"
196.251.72.211 - - [12/Jun/2025:10:45:34 -0400] "GET /main HTTP/1.1" 301 0 "-" "-"
196.251.72.211 - - [12/Jun/2025:10:45:38 -0400] "GET / HTTP/1.1" 200 37331 "-" "-"
196.251.72.211 - - [12/Jun/2025:10:45:38 -0400] "GET /testing HTTP/1.1" 301 0 "-" "-"
196.251.72.211 - - [12/Jun/2025:10:45:41 -0400] "GET / HTTP/1.1" 200 37331 "-" "-"
196.251.72.211 - - [12/Jun/2025:10:45:42 -0400] "GET /site HTTP/1.1" 301 0 "-" "-"
196.251.72.211 - - [12/Jun/2025:10:45:45 -0400] "GET / HTTP/1.1" 200 37331 "-" "-"
51.222.253.1 - - [12/Jun/2025:10:45:42 -0400] "GET /v1818265623.shtm HTTP/1.1" 301 0 "-" "Mozilla/5.0 (compatible; AhrefsBot/7.0; +http://ahrefs.com/robot/)"
196.251.72.211 - - [12/Jun/2025:10:45:45 -0400] "GET /backup HTTP/1.1" 301 0 "-" "-"
196.251.72.211 - - [12/Jun/2025:10:45:48 -0400] "GET / HTTP/1.1" 200 37331 "-" "-"
196.251.72.211 - - [12/Jun/2025:10:45:49 -0400] "GET /demo HTTP/1.1" 301 0 "-" "-"
196.251.72.211 - - [12/Jun/2025:10:45:51 -0400] "GET / HTTP/1.1" 200 37331 "-" "-"
196.251.72.211 - - [12/Jun/2025:10:45:52 -0400] "GET /home HTTP/1.1" 301 0 "-" "-"
196.251.72.211 - - [12/Jun/2025:10:45:54 -0400] "GET / HTTP/1.1" 200 37331 "-" "-"
196.251.72.211 - - [12/Jun/2025:10:45:55 -0400] "GET /tmp HTTP/1.1" 301 0 "-" "-"
196.251.72.211 - - [12/Jun/2025:10:45:57 -0400] "GET / HTTP/1.1" 200 37331 "-" "-"
196.251.72.211 - - [12/Jun/2025:10:45:57 -0400] "GET /dev HTTP/1.1" 301 0 "-" "-"
47.82.60.235 - - [12/Jun/2025:10:45:58 -0400] "GET /wp-includes/sodium_compat/namespaced/Core/Curve25519 HTTP/1.1" 301 795 "https://wotaku-manga.com/wp-includes/sodium_compat/namespaced/Core/Curve25519" "Mozilla/5.0 (Windows NT 10.0; Win64; x64) AppleWebKit/537.36 (KHTML, like Gecko) Chrome/114.0.0.0 Safari/537.36 Edg/114.0.1823.43"
196.251.72.211 - - [12/Jun/2025:10:45:58 -0400] "GET / HTTP/1.1" 200 37331 "-" "-"
47.82.60.235 - - [12/Jun/2025:10:45:59 -0400] "GET /wp-includes/sodium_compat/namespaced/Core/Curve25519/ HTTP/1.1" 200 772 "https://wotaku-manga.com/wp-includes/sodium_compat/namespaced/Core/Curve25519" "Mozilla/5.0 (Windows NT 10.0; Win64; x64) AppleWebKit/537.36 (KHTML, like Gecko) Chrome/114.0.0.0 Safari/537.36 Edg/114.0.1823.43"
2402:3a80:194b:e80e::2 - - [12/Jun/2025:10:46:00 -0400] "GET /manga/wotaku-ni-koi-wa-muzukashii-chapter-60/ HTTP/1.1" 200 42841 "https://wotaku-manga.com/" "Mozilla/5.0 (Linux; Android 10; K) AppleWebKit/537.36 (KHTML, like Gecko) SamsungBrowser/28.0 Chrome/130.0.0.0 Mobile Safari/537.36"
196.251.72.211 - - [12/Jun/2025:10:45:59 -0400] "GET /cms HTTP/1.1" 301 0 "-" "-"
196.251.72.211 - - [12/Jun/2025:10:46:02 -0400] "GET / HTTP/1.1" 200 37331 "-" "-"
2402:3a80:194b:e80e::2 - - [12/Jun/2025:10:46:03 -0400] "POST /wp-admin/admin-ajax.php HTTP/1.1" 200 61 "https://wotaku-manga.com/manga/wotaku-ni-koi-wa-muzukashii-chapter-60/" "Mozilla/5.0 (Linux; Android 10; K) AppleWebKit/537.36 (KHTML, like Gecko) SamsungBrowser/28.0 Chrome/130.0.0.0 Mobile Safari/537.36"
196.251.72.211 - - [12/Jun/2025:10:46:03 -0400] "GET /portal HTTP/1.1" 301 0 "-" "-"
196.251.72.211 - - [12/Jun/2025:10:46:07 -0400] "GET / HTTP/1.1" 200 37331 "-" "-"
162.0.232.193 - - [12/Jun/2025:10:46:08 -0400] "POST /wp-cron.php?doing_wp_cron=1749739567.7580389976501464843750 HTTP/1.1" 200 0 "-" "WordPress/6.8.1; https://wotaku-manga.com"
51.222.253.15 - - [12/Jun/2025:10:46:03 -0400] "GET /v1941004361.shtm HTTP/1.1" 301 0 "-" "Mozilla/5.0 (compatible; AhrefsBot/7.0; +http://ahrefs.com/robot/)"
196.251.72.211 - - [12/Jun/2025:10:46:08 -0400] "GET /web HTTP/1.1" 301 0 "-" "-"
196.251.72.211 - - [12/Jun/2025:10:46:10 -0400] "GET / HTTP/1.1" 200 37331 "-" "-"
216.73.216.49 - - [12/Jun/2025:10:46:10 -0400] "GET /sitemap-child-1735.xml HTTP/1.1" 200 11415 "-" "Mozilla/5.0 AppleWebKit/537.36 (KHTML, like Gecko; compatible; ClaudeBot/1.0; [email protected])"
2402:3a80:194b:e80e::2 - - [12/Jun/2025:10:46:13 -0400] "GET /manga/wotaku-ni-koi-wa-muzukashii-chapter-61/ HTTP/1.1" 200 42984 "https://wotaku-manga.com/" "Mozilla/5.0 (Linux; Android 10; K) AppleWebKit/537.36 (KHTML, like Gecko) SamsungBrowser/28.0 Chrome/130.0.0.0 Mobile Safari/537.36"
2402:3a80:194b:e80e::2 - - [12/Jun/2025:10:46:16 -0400] "POST /wp-admin/admin-ajax.php HTTP/1.1" 200 61 "https://wotaku-manga.com/manga/wotaku-ni-koi-wa-muzukashii-chapter-61/" "Mozilla/5.0 (Linux; Android 10; K) AppleWebKit/537.36 (KHTML, like Gecko) SamsungBrowser/28.0 Chrome/130.0.0.0 Mobile Safari/537.36"
162.0.232.193 - - [12/Jun/2025:10:46:26 -0400] "POST /wp-cron.php?doing_wp_cron=1749739585.9476349353790283203125 HTTP/1.1" 200 0 "-" "WordPress/6.8.1; https://wotaku-manga.com"
51.222.253.18 - - [12/Jun/2025:10:46:24 -0400] "GET /v1999918583.shtm HTTP/1.1" 301 0 "-" "Mozilla/5.0 (compatible; AhrefsBot/7.0; +http://ahrefs.com/robot/)"
47.79.119.20 - - [12/Jun/2025:10:46:26 -0400] "GET /wp-includes/sodium_compat/namespaced/Core/BLAKE2b.php HTTP/1.1" 403 1242 "https://wotaku-manga.com/wp-includes/sodium_compat/namespaced/Core/BLAKE2b.php" "Mozilla/5.0 (Windows NT 10.0; Win64; x64) AppleWebKit/537.36 (KHTML, like Gecko) Chrome/114.0.0.0 Safari/537.36 Edg/114.0.1823.43"
51.222.253.7 - - [12/Jun/2025:10:46:37 -0400] "GET /v200414021.shtm HTTP/1.1" 301 0 "-" "Mozilla/5.0 (compatible; AhrefsBot/7.0; +http://ahrefs.com/robot/)"
162.0.232.193 - - [12/Jun/2025:10:46:52 -0400] "POST /wp-cron.php?doing_wp_cron=1749739612.6538810729980468750000 HTTP/1.1" 200 0 "-" "WordPress/6.8.1; https://wotaku-manga.com"
51.222.253.18 - - [12/Jun/2025:10:46:49 -0400] "GET /v2017678673.shtm HTTP/1.1" 301 0 "-" "Mozilla/5.0 (compatible; AhrefsBot/7.0; +http://ahrefs.com/robot/)"
2402:3a80:194b:e80e::2 - - [12/Jun/2025:10:46:55 -0400] "GET /manga/wotaku-ni-koi-wa-muzukashii-chapter-61-5/ HTTP/1.1" 200 42671 "https://wotaku-manga.com/" "Mozilla/5.0 (Linux; Android 10; K) AppleWebKit/537.36 (KHTML, like Gecko) SamsungBrowser/28.0 Chrome/130.0.0.0 Mobile Safari/537.36"
162.0.232.193 - - [12/Jun/2025:10:46:59 -0400] "POST /wp-cron.php?doing_wp_cron=1749739618.9496760368347167968750 HTTP/1.1" 200 0 "-" "WordPress/6.8.1; https://wotaku-manga.com"
2a03:2880:f800:7:: - - [12/Jun/2025:10:46:56 -0400] "GET /shopdetail/136197035 HTTP/1.1" 301 0 "-" "meta-externalagent/1.1 (+https://developers.facebook.com/docs/sharing/webmasters/crawler)"
2a03:2880:f800:5:: - - [12/Jun/2025:10:47:01 -0400] "GET / HTTP/1.1" 200 37331 "-" "meta-externalagent/1.1 (+https://developers.facebook.com/docs/sharing/webmasters/crawler)"
51.222.253.15 - - [12/Jun/2025:10:47:00 -0400] "GET /v2018736073.shtm HTTP/1.1" 301 0 "-" "Mozilla/5.0 (compatible; AhrefsBot/7.0; +http://ahrefs.com/robot/)"
2402:3a80:194b:e80e::2 - - [12/Jun/2025:10:47:01 -0400] "POST /wp-admin/admin-ajax.php HTTP/1.1" 200 61 "https://wotaku-manga.com/manga/wotaku-ni-koi-wa-muzukashii-chapter-61-5/" "Mozilla/5.0 (Linux; Android 10; K) AppleWebKit/537.36 (KHTML, like Gecko) SamsungBrowser/28.0 Chrome/130.0.0.0 Mobile Safari/537.36"
2a03:2880:f800:1d:: - - [12/Jun/2025:10:47:06 -0400] "GET /shopdetail/397122535 HTTP/1.1" 301 0 "-" "meta-externalagent/1.1 (+https://developers.facebook.com/docs/sharing/webmasters/crawler)"
2a03:2880:f800:1c:: - - [12/Jun/2025:10:47:10 -0400] "GET / HTTP/1.1" 200 37331 "-" "meta-externalagent/1.1 (+https://developers.facebook.com/docs/sharing/webmasters/crawler)"
2402:3a80:194b:e80e::2 - - [12/Jun/2025:10:47:10 -0400] "GET /manga/wotaku-ni-koi-wa-muzukashii-chapter-65-2/ HTTP/1.1" 200 42947 "https://wotaku-manga.com/" "Mozilla/5.0 (Linux; Android 10; K) AppleWebKit/537.36 (KHTML, like Gecko) SamsungBrowser/28.0 Chrome/130.0.0.0 Mobile Safari/537.36"
2402:3a80:194b:e80e::2 - - [12/Jun/2025:10:47:12 -0400] "POST /wp-admin/admin-ajax.php HTTP/1.1" 200 61 "https://wotaku-manga.com/manga/wotaku-ni-koi-wa-muzukashii-chapter-65-2/" "Mozilla/5.0 (Linux; Android 10; K) AppleWebKit/537.36 (KHTML, like Gecko) SamsungBrowser/28.0 Chrome/130.0.0.0 Mobile Safari/537.36"
51.222.253.19 - - [12/Jun/2025:10:47:14 -0400] "GET /v2029718761.shtm HTTP/1.1" 301 0 "-" "Mozilla/5.0 (compatible; AhrefsBot/7.0; +http://ahrefs.com/robot/)"
216.73.216.49 - - [12/Jun/2025:10:47:15 -0400] "GET /sitemap-child-2935.xml HTTP/1.1" 200 11269 "-" "Mozilla/5.0 AppleWebKit/537.36 (KHTML, like Gecko; compatible; ClaudeBot/1.0; [email protected])"
216.73.216.49 - - [12/Jun/2025:10:47:15 -0400] "GET /sitemap-child-637.xml HTTP/1.1" 200 11269 "-" "Mozilla/5.0 AppleWebKit/537.36 (KHTML, like Gecko; compatible; ClaudeBot/1.0; [email protected])"
162.0.232.193 - - [12/Jun/2025:10:47:31 -0400] "POST /wp-cron.php?doing_wp_cron=1749739650.7798559665679931640625 HTTP/1.1" 200 0 "-" "WordPress/6.8.1; https://wotaku-manga.com"
51.222.253.13 - - [12/Jun/2025:10:47:30 -0400] "GET /v321621641.shtm HTTP/1.1" 301 0 "-" "Mozilla/5.0 (compatible; AhrefsBot/7.0; +http://ahrefs.com/robot/)"
105.228.40.119 - - [12/Jun/2025:10:47:33 -0400] "GET /category/wotakoi-love-is-hard-for-otaku-manga-chapters/ HTTP/1.1" 304 0 "https://wotaku-manga.com/manga/wotakoi-love-is-hard-for-otaku-chapter-73/" "Mozilla/5.0 (Linux; Android 10; K) AppleWebKit/537.36 (KHTML, like Gecko) Chrome/137.0.0.0 Mobile Safari/537.36"
105.228.40.119 - - [12/Jun/2025:10:47:38 -0400] "GET /manga/wotakoi-love-is-hard-for-otaku-chapter-74/ HTTP/1.1" 200 42715 "https://wotaku-manga.com/manga/wotakoi-love-is-hard-for-otaku-chapter-73/" "Mozilla/5.0 (Linux; Android 10; K) AppleWebKit/537.36 (KHTML, like Gecko) Chrome/137.0.0.0 Mobile Safari/537.36"
105.228.40.119 - - [12/Jun/2025:10:47:38 -0400] "GET /tag/hirotaka-nifuji/ HTTP/1.1" 301 0 "https://wotaku-manga.com/manga/wotakoi-love-is-hard-for-otaku-chapter-73/" "Mozilla/5.0 (Linux; Android 10; K) AppleWebKit/537.36 (KHTML, like Gecko) Chrome/137.0.0.0 Mobile Safari/537.36"
47.79.121.52 - - [12/Jun/2025:10:47:40 -0400] "GET /wp-includes/sodium_compat/namespaced/Core/ChaCha20.php HTTP/1.1" 403 1242 "https://wotaku-manga.com/wp-includes/sodium_compat/namespaced/Core/ChaCha20.php" "Mozilla/5.0 (Windows NT 10.0; Win64; x64) AppleWebKit/537.36 (KHTML, like Gecko) Chrome/114.0.0.0 Safari/537.36 Edg/114.0.1823.43"
105.228.40.119 - - [12/Jun/2025:10:47:42 -0400] "GET /wotakoi-volume-list/ HTTP/1.1" 200 40562 "https://wotaku-manga.com/manga/wotakoi-love-is-hard-for-otaku-chapter-74/" "Mozilla/5.0 (Linux; Android 10; K) AppleWebKit/537.36 (KHTML, like Gecko) Chrome/137.0.0.0 Mobile Safari/537.36"
105.228.40.119 - - [12/Jun/2025:10:47:42 -0400] "POST /wp-admin/admin-ajax.php HTTP/1.1" 200 61 "https://wotaku-manga.com/manga/wotakoi-love-is-hard-for-otaku-chapter-74/" "Mozilla/5.0 (Linux; Android 10; K) AppleWebKit/537.36 (KHTML, like Gecko) Chrome/137.0.0.0 Mobile Safari/537.36"
162.0.232.193 - - [12/Jun/2025:10:47:45 -0400] "POST /wp-cron.php?doing_wp_cron=1749739665.0668759346008300781250 HTTP/1.1" 200 0 "-" "WordPress/6.8.1; https://wotaku-manga.com"
51.222.253.16 - - [12/Jun/2025:10:47:43 -0400] "GET /v335755799.shtm HTTP/1.1" 301 0 "-" "Mozilla/5.0 (compatible; AhrefsBot/7.0; +http://ahrefs.com/robot/)"
2a03:2880:f800:5:: - - [12/Jun/2025:10:47:54 -0400] "GET /shopdetail/364553735 HTTP/1.1" 301 0 "-" "meta-externalagent/1.1 (+https://developers.facebook.com/docs/sharing/webmasters/crawler)"
2a03:2880:f800:f:: - - [12/Jun/2025:10:47:57 -0400] "GET / HTTP/1.1" 200 37331 "-" "meta-externalagent/1.1 (+https://developers.facebook.com/docs/sharing/webmasters/crawler)"
162.0.232.193 - - [12/Jun/2025:10:48:00 -0400] "POST /wp-cron.php?doing_wp_cron=1749739679.7952229976654052734375 HTTP/1.1" 200 0 "-" "WordPress/6.8.1; https://wotaku-manga.com"
51.222.253.2 - - [12/Jun/2025:10:47:58 -0400] "GET /v47663921.shtm HTTP/1.1" 301 0 "-" "Mozilla/5.0 (compatible; AhrefsBot/7.0; +http://ahrefs.com/robot/)"
2402:3a80:194b:e80e::2 - - [12/Jun/2025:10:48:02 -0400] "GET /manga/wotaku-ni-koi-wa-muzukashii-chapter-56/ HTTP/1.1" 304 0 "https://wotaku-manga.com/" "Mozilla/5.0 (Linux; Android 10; K) AppleWebKit/537.36 (KHTML, like Gecko) SamsungBrowser/28.0 Chrome/130.0.0.0 Mobile Safari/537.36"
2402:3a80:194b:e80e::2 - - [12/Jun/2025:10:48:05 -0400] "GET /manga/wotakoi-love-is-hard-for-otaku-chapter-69/ HTTP/1.1" 200 43001 "https://wotaku-manga.com/" "Mozilla/5.0 (Linux; Android 10; K) AppleWebKit/537.36 (KHTML, like Gecko) SamsungBrowser/28.0 Chrome/130.0.0.0 Mobile Safari/537.36"
51.222.253.9 - - [12/Jun/2025:10:48:05 -0400] "GET /v505509807.shtm HTTP/1.1" 301 0 "-" "Mozilla/5.0 (compatible; AhrefsBot/7.0; +http://ahrefs.com/robot/)"
2402:3a80:194b:e80e::2 - - [12/Jun/2025:10:48:06 -0400] "GET /manga/wotakoi-love-is-hard-for-otaku-chapter-74/ HTTP/1.1" 200 42822 "https://wotaku-manga.com/" "Mozilla/5.0 (Linux; Android 10; K) AppleWebKit/537.36 (KHTML, like Gecko) SamsungBrowser/28.0 Chrome/130.0.0.0 Mobile Safari/537.36"
2a03:2880:f800:13:: - - [12/Jun/2025:10:48:10 -0400] "GET /shopdetail/43322235 HTTP/1.1" 301 0 "-" "meta-externalagent/1.1 (+https://developers.facebook.com/docs/sharing/webmasters/crawler)"
2402:3a80:194b:e80e::2 - - [12/Jun/2025:10:48:13 -0400] "GET /manga/wotaku-ni-koi-wa-muzukashii-chapter-37/ HTTP/1.1" 200 42965 "https://wotaku-manga.com/" "Mozilla/5.0 (Linux; Android 10; K) AppleWebKit/537.36 (KHTML, like Gecko) SamsungBrowser/28.0 Chrome/130.0.0.0 Mobile Safari/537.36"
47.79.121.70 - - [12/Jun/2025:10:48:17 -0400] "GET /wp-includes/js/jquery/ui/slider.js HTTP/1.1" 200 4753 "https://wotaku-manga.com/wp-includes/js/jquery/ui/slider.js" "Mozilla/5.0 (Windows NT 10.0; Win64; x64) AppleWebKit/537.36 (KHTML, like Gecko) Chrome/114.0.0.0 Safari/537.36 Edg/114.0.1823.43"
162.0.232.193 - - [12/Jun/2025:10:48:20 -0400] "POST /wp-cron.php?doing_wp_cron=1749739700.4543468952178955078125 HTTP/1.1" 200 0 "-" "WordPress/6.8.1; https://wotaku-manga.com"
51.222.253.17 - - [12/Jun/2025:10:48:19 -0400] "GET /v627085797.shtm HTTP/1.1" 301 0 "-" "Mozilla/5.0 (compatible; AhrefsBot/7.0; +http://ahrefs.com/robot/)"
2402:3a80:194b:e80e::2 - - [12/Jun/2025:10:48:21 -0400] "POST /wp-admin/admin-ajax.php HTTP/1.1" 200 61 "https://wotaku-manga.com/manga/wotaku-ni-koi-wa-muzukashii-chapter-61-5/" "Mozilla/5.0 (Linux; Android 10; K) AppleWebKit/537.36 (KHTML, like Gecko) SamsungBrowser/28.0 Chrome/130.0.0.0 Mobile Safari/537.36"
66.249.66.193 - - [12/Jun/2025:10:48:28 -0400] "GET /zzj62961687.shtm HTTP/1.1" 200 81596 "-" "Mozilla/5.0 (Linux; Android 6.0.1; Nexus 5X Build/MMB29P) AppleWebKit/537.36 (KHTML, like Gecko) Chrome/136.0.7103.113 Mobile Safari/537.36 (compatible; Googlebot/2.1; +http://www.google.com/bot.html)"
2402:3a80:194b:e80e::2 - - [12/Jun/2025:10:48:29 -0400] "GET /manga/wotakoi-love-is-hard-for-otaku-chapter-63/ HTTP/1.1" 200 42963 "https://wotaku-manga.com/" "Mozilla/5.0 (Linux; Android 10; K) AppleWebKit/537.36 (KHTML, like Gecko) SamsungBrowser/28.0 Chrome/130.0.0.0 Mobile Safari/537.36"
51.222.253.13 - - [12/Jun/2025:10:48:30 -0400] "GET /v752747491.shtm HTTP/1.1" 301 0 "-" "Mozilla/5.0 (compatible; AhrefsBot/7.0; +http://ahrefs.com/robot/)"
2402:3a80:194b:e80e::2 - - [12/Jun/2025:10:48:32 -0400] "GET /manga/wotaku-ni-koi-wa-muzukashii-chapter-62/ HTTP/1.1" 304 0 "https://wotaku-manga.com/" "Mozilla/5.0 (Linux; Android 10; K) AppleWebKit/537.36 (KHTML, like Gecko) SamsungBrowser/28.0 Chrome/130.0.0.0 Mobile Safari/537.36"
2402:3a80:194b:e80e::2 - - [12/Jun/2025:10:48:33 -0400] "GET /manga/wotaku-ni-koi-wa-muzukashii-chapter-62/ HTTP/1.1" 304 0 "https://wotaku-manga.com/" "Mozilla/5.0 (Linux; Android 10; K) AppleWebKit/537.36 (KHTML, like Gecko) SamsungBrowser/28.0 Chrome/130.0.0.0 Mobile Safari/537.36"
2402:3a80:194b:e80e::2 - - [12/Jun/2025:10:48:35 -0400] "POST /wp-admin/admin-ajax.php HTTP/1.1" 200 61 "https://wotaku-manga.com/manga/wotaku-ni-koi-wa-muzukashii-chapter-62/" "Mozilla/5.0 (Linux; Android 10; K) AppleWebKit/537.36 (KHTML, like Gecko) SamsungBrowser/28.0 Chrome/130.0.0.0 Mobile Safari/537.36"
2a03:2880:f800:3:: - - [12/Jun/2025:10:48:36 -0400] "GET /shopdetail/279243035 HTTP/1.1" 301 0 "-" "meta-externalagent/1.1 (+https://developers.facebook.com/docs/sharing/webmasters/crawler)"
51.222.253.13 - - [12/Jun/2025:10:48:37 -0400] "GET /v757200805.shtm HTTP/1.1" 301 0 "-" "Mozilla/5.0 (compatible; AhrefsBot/7.0; +http://ahrefs.com/robot/)"
162.0.232.193 - - [12/Jun/2025:10:48:46 -0400] "POST /wp-cron.php?doing_wp_cron=1749739726.3551409244537353515625 HTTP/1.1" 200 0 "-" "WordPress/6.8.1; https://wotaku-manga.com"
51.222.253.1 - - [12/Jun/2025:10:48:45 -0400] "GET /v7724223.shtm HTTP/1.1" 301 0 "-" "Mozilla/5.0 (compatible; AhrefsBot/7.0; +http://ahrefs.com/robot/)"
47.79.123.182 - - [12/Jun/2025:10:49:00 -0400] "GET /wp-includes/sodium_compat/namespaced/Core/Poly1305 HTTP/1.1" 301 795 "https://wotaku-manga.com/wp-includes/sodium_compat/namespaced/Core/Poly1305" "Mozilla/5.0 (Windows NT 10.0; Win64; x64) AppleWebKit/537.36 (KHTML, like Gecko) Chrome/114.0.0.0 Safari/537.36 Edg/114.0.1823.43"
47.79.123.182 - - [12/Jun/2025:10:49:00 -0400] "GET /wp-includes/sodium_compat/namespaced/Core/Poly1305/ HTTP/1.1" 200 700 "https://wotaku-manga.com/wp-includes/sodium_compat/namespaced/Core/Poly1305" "Mozilla/5.0 (Windows NT 10.0; Win64; x64) AppleWebKit/537.36 (KHTML, like Gecko) Chrome/114.0.0.0 Safari/537.36 Edg/114.0.1823.43"
47.79.123.158 - - [12/Jun/2025:10:49:09 -0400] "GET /wp-includes/js/tinymce/plugins/media HTTP/1.1" 301 795 "https://wotaku-manga.com/wp-includes/js/tinymce/plugins/media" "Mozilla/5.0 (Windows NT 10.0; Win64; x64) AppleWebKit/537.36 (KHTML, like Gecko) Chrome/114.0.0.0 Safari/537.36 Edg/114.0.1823.43"
47.79.123.158 - - [12/Jun/2025:10:49:09 -0400] "GET /wp-includes/js/tinymce/plugins/media/ HTTP/1.1" 200 661 "https://wotaku-manga.com/wp-includes/js/tinymce/plugins/media" "Mozilla/5.0 (Windows NT 10.0; Win64; x64) AppleWebKit/537.36 (KHTML, like Gecko) Chrome/114.0.0.0 Safari/537.36 Edg/114.0.1823.43"
2402:3a80:194b:e80e::2 - - [12/Jun/2025:10:49:09 -0400] "GET /manga/wotakoi-love-is-hard-for-otaku-chapter-87/ HTTP/1.1" 200 41147 "https://wotaku-manga.com/manga/wotakoi-love-is-hard-for-otaku-chapter-64/" "Mozilla/5.0 (Linux; Android 10; K) AppleWebKit/537.36 (KHTML, like Gecko) SamsungBrowser/28.0 Chrome/130.0.0.0 Mobile Safari/537.36"
162.0.232.193 - - [12/Jun/2025:10:49:10 -0400] "POST /wp-cron.php?doing_wp_cron=1749739750.2258520126342773437500 HTTP/1.1" 200 0 "-" "WordPress/6.8.1; https://wotaku-manga.com"
2402:3a80:194b:e80e::2 - - [12/Jun/2025:10:49:09 -0400] "POST /wp-admin/admin-ajax.php HTTP/1.1" 200 61 "https://wotaku-manga.com/manga/wotakoi-love-is-hard-for-otaku-chapter-64/" "Mozilla/5.0 (Linux; Android 10; K) AppleWebKit/537.36 (KHTML, like Gecko) SamsungBrowser/28.0 Chrome/130.0.0.0 Mobile Safari/537.36"
2402:3a80:194b:e80e::2 - - [12/Jun/2025:10:49:13 -0400] "GET /manga/wotaku-ni-koi-wa-muzukashii-chapter-64/ HTTP/1.1" 301 0 "https://wotaku-manga.com/manga/wotakoi-love-is-hard-for-otaku-chapter-64/" "Mozilla/5.0 (Linux; Android 10; K) AppleWebKit/537.36 (KHTML, like Gecko) SamsungBrowser/28.0 Chrome/130.0.0.0 Mobile Safari/537.36"
51.222.253.4 - - [12/Jun/2025:10:49:13 -0400] "GET /v775558595.shtm HTTP/1.1" 301 0 "-" "Mozilla/5.0 (compatible; AhrefsBot/7.0; +http://ahrefs.com/robot/)"
2402:3a80:194b:e80e::2 - - [12/Jun/2025:10:49:15 -0400] "GET /manga/wotaku-ni-koi-wa-muzukashii-chapter-64/ HTTP/1.1" 301 0 "https://wotaku-manga.com/manga/wotakoi-love-is-hard-for-otaku-chapter-64/" "Mozilla/5.0 (Linux; Android 10; K) AppleWebKit/537.36 (KHTML, like Gecko) SamsungBrowser/28.0 Chrome/130.0.0.0 Mobile Safari/537.36"
162.0.232.193 - - [12/Jun/2025:10:49:24 -0400] "POST /wp-cron.php?doing_wp_cron=1749739764.4678900241851806640625 HTTP/1.1" 200 0 "-" "WordPress/6.8.1; https://wotaku-manga.com"
51.222.253.1 - - [12/Jun/2025:10:49:23 -0400] "GET /v884216773.shtm HTTP/1.1" 301 0 "-" "Mozilla/5.0 (compatible; AhrefsBot/7.0; +http://ahrefs.com/robot/)"
216.73.216.49 - - [12/Jun/2025:10:49:29 -0400] "GET /sitemap-child-1320.xml HTTP/1.1" 200 11570 "-" "Mozilla/5.0 AppleWebKit/537.36 (KHTML, like Gecko; compatible; ClaudeBot/1.0; [email protected])"
51.222.253.6 - - [12/Jun/2025:10:49:29 -0400] "GET /v885237745.shtm HTTP/1.1" 301 0 "-" "Mozilla/5.0 (compatible; AhrefsBot/7.0; +http://ahrefs.com/robot/)"
82.145.215.206 - - [12/Jun/2025:10:49:39 -0400] "GET / HTTP/1.1" 200 37976 "-" "Mozilla/5.0 (iPhone; CPU iPhone OS 11_0 like Mac OS X) AppleWebKit/604.1.38 (KHTML, like Gecko) Version/11.0 Mobile/15A372 Safari/604.1"
82.145.215.206 - - [12/Jun/2025:10:49:40 -0400] "GET /apple-touch-icon.png HTTP/1.1" 301 0 "-" "Go-http-client/1.1"
162.0.232.193 - - [12/Jun/2025:10:49:46 -0400] "POST /wp-cron.php?doing_wp_cron=1749739785.9605450630187988281250 HTTP/1.1" 200 0 "-" "WordPress/6.8.1; https://wotaku-manga.com"
51.222.253.11 - - [12/Jun/2025:10:49:44 -0400] "GET /v933097335.shtm HTTP/1.1" 301 0 "-" "Mozilla/5.0 (compatible; AhrefsBot/7.0; +http://ahrefs.com/robot/)"
47.82.60.23 - - [12/Jun/2025:10:49:46 -0400] "GET /wp-includes/css/dist/block-editor/default-editor-styles-rtl.css HTTP/1.1" 200 369 "https://wotaku-manga.com/wp-includes/css/dist/block-editor/default-editor-styles-rtl.css" "Mozilla/5.0 (Windows NT 10.0; Win64; x64) AppleWebKit/537.36 (KHTML, like Gecko) Chrome/114.0.0.0 Safari/537.36 Edg/114.0.1823.43"
47.82.60.107 - - [12/Jun/2025:10:49:54 -0400] "GET /wp-includes/js/tinymce/langs/wp-langs-en.js HTTP/1.1" 200 5129 "https://wotaku-manga.com/wp-includes/js/tinymce/langs/wp-langs-en.js" "Mozilla/5.0 (Windows NT 10.0; Win64; x64) AppleWebKit/537.36 (KHTML, like Gecko) Chrome/114.0.0.0 Safari/537.36 Edg/114.0.1823.43"
162.0.232.193 - - [12/Jun/2025:10:49:59 -0400] "POST /wp-cron.php?doing_wp_cron=1749739799.2495200634002685546875 HTTP/1.1" 200 0 "-" "WordPress/6.8.1; https://wotaku-manga.com"
2a03:2880:f800:a:: - - [12/Jun/2025:10:49:57 -0400] "GET /shopdetail/371569135 HTTP/1.1" 301 0 "-" "meta-externalagent/1.1 (+https://developers.facebook.com/docs/sharing/webmasters/crawler)"
51.222.253.19 - - [12/Jun/2025:10:50:00 -0400] "GET /v96490853.shtm HTTP/1.1" 301 0 "-" "Mozilla/5.0 (compatible; AhrefsBot/7.0; +http://ahrefs.com/robot/)"
66.249.66.161 - - [12/Jun/2025:10:50:01 -0400] "GET /feed/ HTTP/1.1" 200 81537 "-" "Mozilla/5.0 (Linux; Android 6.0.1; Nexus 5X Build/MMB29P) AppleWebKit/537.36 (KHTML, like Gecko) Chrome/136.0.7103.113 Mobile Safari/537.36 (compatible; Googlebot/2.1; +http://www.google.com/bot.html)"
47.82.60.107 - - [12/Jun/2025:10:50:08 -0400] "GET /wp-includes/js/tinymce/utils/validate.js HTTP/1.1" 200 1771 "https://wotaku-manga.com/wp-includes/js/tinymce/utils/validate.js" "Mozilla/5.0 (Windows NT 10.0; Win64; x64) AppleWebKit/537.36 (KHTML, like Gecko) Chrome/114.0.0.0 Safari/537.36 Edg/114.0.1823.43"
51.222.253.11 - - [12/Jun/2025:10:50:10 -0400] "GET /v967826009.shtm HTTP/1.1" 301 0 "-" "Mozilla/5.0 (compatible; AhrefsBot/7.0; +http://ahrefs.com/robot/)"
162.0.232.193 - - [12/Jun/2025:10:50:20 -0400] "POST /wp-cron.php?doing_wp_cron=1749739820.0607230663299560546875 HTTP/1.1" 200 0 "-" "WordPress/6.8.1; https://wotaku-manga.com"
51.222.253.16 - - [12/Jun/2025:10:50:18 -0400] "GET /vb1577330535.shtm HTTP/1.1" 301 0 "-" "Mozilla/5.0 (compatible; AhrefsBot/7.0; +http://ahrefs.com/robot/)"
47.82.61.1 - - [12/Jun/2025:10:50:26 -0400] "GET /wp-includes/js/jquery/ui/core.min.js HTTP/1.1" 200 6812 "https://wotaku-manga.com/wp-includes/js/jquery/ui/core.min.js" "Mozilla/5.0 (Windows NT 10.0; Win64; x64) AppleWebKit/537.36 (KHTML, like Gecko) Chrome/114.0.0.0 Safari/537.36 Edg/114.0.1823.43"
47.82.60.199 - - [12/Jun/2025:10:50:28 -0400] "GET /wp-includes/js/jquery/ui/effect-highlight.js HTTP/1.1" 200 550 "https://wotaku-manga.com/wp-includes/js/jquery/ui/effect-highlight.js" "Mozilla/5.0 (Windows NT 10.0; Win64; x64) AppleWebKit/537.36 (KHTML, like Gecko) Chrome/114.0.0.0 Safari/537.36 Edg/114.0.1823.43"
51.222.253.3 - - [12/Jun/2025:10:50:31 -0400] "GET /vb1964486525.shtm HTTP/1.1" 301 0 "-" "Mozilla/5.0 (compatible; AhrefsBot/7.0; +http://ahrefs.com/robot/)"
162.0.232.193 - - [12/Jun/2025:10:50:45 -0400] "POST /wp-cron.php?doing_wp_cron=1749739845.4576239585876464843750 HTTP/1.1" 200 0 "-" "WordPress/6.8.1; https://wotaku-manga.com"
51.222.253.17 - - [12/Jun/2025:10:50:43 -0400] "GET /vb427426247.shtm HTTP/1.1" 301 0 "-" "Mozilla/5.0 (compatible; AhrefsBot/7.0; +http://ahrefs.com/robot/)"
162.0.232.193 - - [12/Jun/2025:10:51:05 -0400] "POST /wp-cron.php?doing_wp_cron=1749739865.4691350460052490234375 HTTP/1.1" 200 0 "-" "WordPress/6.8.1; https://wotaku-manga.com"
51.222.253.10 - - [12/Jun/2025:10:51:04 -0400] "GET /vb535572935.shtm HTTP/1.1" 301 0 "-" "Mozilla/5.0 (compatible; AhrefsBot/7.0; +http://ahrefs.com/robot/)"
51.222.253.15 - - [12/Jun/2025:10:51:06 -0400] "GET /vb982998173.shtm HTTP/1.1" 301 0 "-" "Mozilla/5.0 (compatible; AhrefsBot/7.0; +http://ahrefs.com/robot/)"
2a03:2880:f800:9:: - - [12/Jun/2025:10:51:08 -0400] "GET /shopdetail/360834635 HTTP/1.1" 301 0 "-" "meta-externalagent/1.1 (+https://developers.facebook.com/docs/sharing/webmasters/crawler)"
2a03:2880:f800:4:: - - [12/Jun/2025:10:51:11 -0400] "GET / HTTP/1.1" 200 37331 "-" "meta-externalagent/1.1 (+https://developers.facebook.com/docs/sharing/webmasters/crawler)"
47.82.61.51 - - [12/Jun/2025:10:51:12 -0400] "GET /wp-includes/css/dist/nux/style-rtl.css HTTP/1.1" 200 742 "https://wotaku-manga.com/wp-includes/css/dist/nux/style-rtl.css" "Mozilla/5.0 (Windows NT 10.0; Win64; x64) AppleWebKit/537.36 (KHTML, like Gecko) Chrome/114.0.0.0 Safari/537.36 Edg/114.0.1823.43"
51.222.253.13 - - [12/Jun/2025:10:51:15 -0400] "GET /vbb825073029.shtm HTTP/1.1" 301 0 "-" "Mozilla/5.0 (compatible; AhrefsBot/7.0; +http://ahrefs.com/robot/)"
47.82.60.253 - - [12/Jun/2025:10:51:16 -0400] "GET /wp-includes/js/jquery/ui/accordion.js HTTP/1.1" 200 4349 "https://wotaku-manga.com/wp-includes/js/jquery/ui/accordion.js" "Mozilla/5.0 (Windows NT 10.0; Win64; x64) AppleWebKit/537.36 (KHTML, like Gecko) Chrome/114.0.0.0 Safari/537.36 Edg/114.0.1823.43"
47.82.60.234 - - [12/Jun/2025:10:51:20 -0400] "GET /wp-includes/css/dist/block-directory/style.css HTTP/1.1" 200 985 "https://wotaku-manga.com/wp-includes/css/dist/block-directory/style.css" "Mozilla/5.0 (Windows NT 10.0; Win64; x64) AppleWebKit/537.36 (KHTML, like Gecko) Chrome/114.0.0.0 Safari/537.36 Edg/114.0.1823.43"
