162.0.232.193 - - [12/Jun/2025:12:31:01 -0400] "POST /wp-cron.php?doing_wp_cron=1749745861.2464981079101562500000 HTTP/1.1" 200 0 "-" "WordPress/6.8.1; https://wotaku-manga.com"
51.222.253.6 - - [12/Jun/2025:12:31:00 -0400] "GET /ylm135464926.shtm HTTP/1.1" 301 0 "-" "Mozilla/5.0 (compatible; AhrefsBot/7.0; +http://ahrefs.com/robot/)"
139.47.121.240 - - [12/Jun/2025:12:31:02 -0400] "GET / HTTP/1.1" 200 81579 "-" "Google"
2001:44c8:6014:781f:1847:b487:7f10:2e6 - - [12/Jun/2025:12:31:06 -0400] "GET /manga/wotaku-ni-koi-wa-muzukashii-chapter-53/ HTTP/1.1" 200 43608 "https://wotaku-manga.com/manga/wotaku-ni-koi-wa-muzukashii-chapter-52/" "Mozilla/5.0 (Linux; Android 10; K) AppleWebKit/537.36 (KHTML, like Gecko) Chrome/111.0.0.0 Mobile Safari/537.36"
2001:44c8:6014:781f:1847:b487:7f10:2e6 - - [12/Jun/2025:12:31:11 -0400] "POST /wp-admin/admin-ajax.php HTTP/1.1" 200 61 "https://wotaku-manga.com/manga/wotaku-ni-koi-wa-muzukashii-chapter-53/" "Mozilla/5.0 (Linux; Android 10; K) AppleWebKit/537.36 (KHTML, like Gecko) Chrome/111.0.0.0 Mobile Safari/537.36"
66.249.66.75 - - [12/Jun/2025:12:31:13 -0400] "GET /robots.txt HTTP/1.1" 304 0 "-" "Mozilla/5.0 (compatible; Googlebot/2.1; +http://www.google.com/bot.html)"
66.249.66.78 - - [12/Jun/2025:12:31:13 -0400] "GET /manga/wotaku-ni-koi-wa-muzukashii-chapter-59/ HTTP/1.1" 200 82074 "-" "Mozilla/5.0 (Linux; Android 6.0.1; Nexus 5X Build/MMB29P) AppleWebKit/537.36 (KHTML, like Gecko) Chrome/136.0.7103.113 Mobile Safari/537.36 (compatible; Googlebot/2.1; +http://www.google.com/bot.html)"
66.249.66.75 - - [12/Jun/2025:12:31:14 -0400] "GET /oo/goods/desolateness66757614.shtm HTTP/1.1" 200 81378 "-" "Mozilla/5.0 (Linux; Android 6.0.1; Nexus 5X Build/MMB29P) AppleWebKit/537.36 (KHTML, like Gecko) Chrome/136.0.7103.113 Mobile Safari/537.36 (compatible; Googlebot/2.1; +http://www.google.com/bot.html)"
162.0.232.193 - - [12/Jun/2025:12:31:19 -0400] "POST /wp-cron.php?doing_wp_cron=1749745879.4239070415496826171875 HTTP/1.1" 200 0 "-" "WordPress/6.8.1; https://wotaku-manga.com"
51.222.253.8 - - [12/Jun/2025:12:31:18 -0400] "GET /ylu129655234.shtm HTTP/1.1" 301 0 "-" "Mozilla/5.0 (compatible; AhrefsBot/7.0; +http://ahrefs.com/robot/)"
2806:10b7:2:1bad:ceff:90ff:fe62:b749 - - [12/Jun/2025:12:31:28 -0400] "GET /manga/wotakoi-love-is-hard-for-otaku-chapter-2/ HTTP/1.1" 200 46147 "-" "Mozilla/5.0 (X11; Linux x86_64) AppleWebKit/537.36 (KHTML, like Gecko) Chrome/135.0.0.0 Safari/537.36 OPR/121.0.0.0"
51.222.253.20 - - [12/Jun/2025:12:31:37 -0400] "GET /ym/973601758.shtm HTTP/1.1" 301 0 "-" "Mozilla/5.0 (compatible; AhrefsBot/7.0; +http://ahrefs.com/robot/)"
2a01:4ff:f0:c95b::1 - - [12/Jun/2025:12:31:42 -0400] "POST /xmlrpc.php HTTP/1.1" 200 205 "-" "Mozilla/5.0 (X11; Ubuntu; Linux x86_64; rv:85.0) Gecko/20100101 Firefox/91.0"
162.0.232.193 - - [12/Jun/2025:12:31:46 -0400] "POST /wp-cron.php?doing_wp_cron=1749745905.9289739131927490234375 HTTP/1.1" 200 0 "-" "WordPress/6.8.1; https://wotaku-manga.com"
51.222.253.9 - - [12/Jun/2025:12:31:45 -0400] "GET /ym1268188830.shtm HTTP/1.1" 301 0 "-" "Mozilla/5.0 (compatible; AhrefsBot/7.0; +http://ahrefs.com/robot/)"
51.222.253.10 - - [12/Jun/2025:12:31:48 -0400] "GET /ym/146589390.shtm HTTP/1.1" 301 0 "-" "Mozilla/5.0 (compatible; AhrefsBot/7.0; +http://ahrefs.com/robot/)"
51.222.253.8 - - [12/Jun/2025:12:31:53 -0400] "GET /ym1671908302.shtm HTTP/1.1" 301 0 "-" "Mozilla/5.0 (compatible; AhrefsBot/7.0; +http://ahrefs.com/robot/)"
2001:44c8:6014:781f:1847:b487:7f10:2e6 - - [12/Jun/2025:12:32:00 -0400] "GET /category/wotakoi-love-is-hard-for-otaku-manga-set/ HTTP/1.1" 200 46518 "https://wotaku-manga.com/manga/wotaku-ni-koi-wa-muzukashii-chapter-53/" "Mozilla/5.0 (Linux; Android 10; K) AppleWebKit/537.36 (KHTML, like Gecko) Chrome/111.0.0.0 Mobile Safari/537.36"
2001:44c8:6014:781f:1847:b487:7f10:2e6 - - [12/Jun/2025:12:32:02 -0400] "GET /manga/wotaku-ni-koi-wa-muzukashii-chapter-54/ HTTP/1.1" 200 42450 "https://wotaku-manga.com/manga/wotaku-ni-koi-wa-muzukashii-chapter-53/" "Mozilla/5.0 (Linux; Android 10; K) AppleWebKit/537.36 (KHTML, like Gecko) Chrome/111.0.0.0 Mobile Safari/537.36"
162.0.232.193 - - [12/Jun/2025:12:32:02 -0400] "POST /wp-cron.php?doing_wp_cron=1749745922.7541000843048095703125 HTTP/1.1" 200 0 "-" "WordPress/6.8.1; https://wotaku-manga.com"
51.222.253.7 - - [12/Jun/2025:12:32:01 -0400] "GET /ym38002652.shtm HTTP/1.1" 301 0 "-" "Mozilla/5.0 (compatible; AhrefsBot/7.0; +http://ahrefs.com/robot/)"
2001:44c8:6014:781f:1847:b487:7f10:2e6 - - [12/Jun/2025:12:32:04 -0400] "POST /wp-admin/admin-ajax.php HTTP/1.1" 200 61 "https://wotaku-manga.com/manga/wotaku-ni-koi-wa-muzukashii-chapter-54/" "Mozilla/5.0 (Linux; Android 10; K) AppleWebKit/537.36 (KHTML, like Gecko) Chrome/111.0.0.0 Mobile Safari/537.36"
162.0.232.193 - - [12/Jun/2025:12:32:19 -0400] "POST /wp-cron.php?doing_wp_cron=1749745939.1660840511322021484375 HTTP/1.1" 200 0 "-" "WordPress/6.8.1; https://wotaku-manga.com"
51.222.253.13 - - [12/Jun/2025:12:32:18 -0400] "GET /yo1091446188.shtm HTTP/1.1" 301 0 "-" "Mozilla/5.0 (compatible; AhrefsBot/7.0; +http://ahrefs.com/robot/)"
51.222.253.2 - - [12/Jun/2025:12:32:28 -0400] "GET /yo1415956660.shtm HTTP/1.1" 301 0 "-" "Mozilla/5.0 (compatible; AhrefsBot/7.0; +http://ahrefs.com/robot/)"
51.222.253.14 - - [12/Jun/2025:12:32:40 -0400] "GET /yo941195516.shtm HTTP/1.1" 301 0 "-" "Mozilla/5.0 (compatible; AhrefsBot/7.0; +http://ahrefs.com/robot/)"
47.79.98.118 - - [12/Jun/2025:12:32:45 -0400] "GET /wp-includes/js/dist/vendor/wp-polyfill-node-contains.js HTTP/1.1" 200 271 "https://wotaku-manga.com/wp-includes/js/dist/vendor/wp-polyfill-node-contains.js" "Mozilla/5.0 (Windows NT 10.0; Win64; x64) AppleWebKit/537.36 (KHTML, like Gecko) Chrome/114.0.0.0 Safari/537.36 Edg/114.0.1823.43"
162.0.232.193 - - [12/Jun/2025:12:32:48 -0400] "POST /wp-cron.php?doing_wp_cron=1749745968.6873590946197509765625 HTTP/1.1" 200 0 "-" "WordPress/6.8.1; https://wotaku-manga.com"
51.222.253.20 - - [12/Jun/2025:12:32:47 -0400] "GET /ypm492486292.shtm HTTP/1.1" 301 0 "-" "Mozilla/5.0 (compatible; AhrefsBot/7.0; +http://ahrefs.com/robot/)"
2001:44c8:6014:781f:1847:b487:7f10:2e6 - - [12/Jun/2025:12:32:50 -0400] "GET /category/wotakoi-love-is-hard-for-otaku-manga-volumes/ HTTP/1.1" 304 0 "https://wotaku-manga.com/manga/wotaku-ni-koi-wa-muzukashii-chapter-54/" "Mozilla/5.0 (Linux; Android 10; K) AppleWebKit/537.36 (KHTML, like Gecko) Chrome/111.0.0.0 Mobile Safari/537.36"
162.0.232.193 - - [12/Jun/2025:12:32:59 -0400] "POST /wp-cron.php?doing_wp_cron=1749745978.7613620758056640625000 HTTP/1.1" 200 0 "-" "WordPress/6.8.1; https://wotaku-manga.com"
51.222.253.15 - - [12/Jun/2025:12:32:57 -0400] "GET /yq/183095994.shtm HTTP/1.1" 301 0 "-" "Mozilla/5.0 (compatible; AhrefsBot/7.0; +http://ahrefs.com/robot/)"
2001:44c8:6014:781f:1847:b487:7f10:2e6 - - [12/Jun/2025:12:33:00 -0400] "GET /manga/wotaku-ni-koi-wa-muzukashii-chapter-55/ HTTP/1.1" 200 42612 "https://wotaku-manga.com/manga/wotaku-ni-koi-wa-muzukashii-chapter-54/" "Mozilla/5.0 (Linux; Android 10; K) AppleWebKit/537.36 (KHTML, like Gecko) Chrome/111.0.0.0 Mobile Safari/537.36"
51.222.253.10 - - [12/Jun/2025:12:33:03 -0400] "GET /yq1293641378.shtm HTTP/1.1" 301 0 "-" "Mozilla/5.0 (compatible; AhrefsBot/7.0; +http://ahrefs.com/robot/)"
2001:44c8:6014:781f:1847:b487:7f10:2e6 - - [12/Jun/2025:12:33:03 -0400] "POST /wp-admin/admin-ajax.php HTTP/1.1" 200 61 "https://wotaku-manga.com/manga/wotaku-ni-koi-wa-muzukashii-chapter-55/" "Mozilla/5.0 (Linux; Android 10; K) AppleWebKit/537.36 (KHTML, like Gecko) Chrome/111.0.0.0 Mobile Safari/537.36"
216.73.216.49 - - [12/Jun/2025:12:33:12 -0400] "GET /sitemap-child-929.xml HTTP/1.1" 200 11288 "-" "Mozilla/5.0 AppleWebKit/537.36 (KHTML, like Gecko; compatible; ClaudeBot/1.0; [email protected])"
51.222.253.18 - - [12/Jun/2025:12:33:13 -0400] "GET /yq142963434.shtm HTTP/1.1" 301 0 "-" "Mozilla/5.0 (compatible; AhrefsBot/7.0; +http://ahrefs.com/robot/)"
162.0.232.193 - - [12/Jun/2025:12:33:24 -0400] "POST /wp-cron.php?doing_wp_cron=1749746003.9441549777984619140625 HTTP/1.1" 200 0 "-" "WordPress/6.8.1; https://wotaku-manga.com"
51.222.253.16 - - [12/Jun/2025:12:33:23 -0400] "GET /yq1739887282.shtm HTTP/1.1" 301 0 "-" "Mozilla/5.0 (compatible; AhrefsBot/7.0; +http://ahrefs.com/robot/)"
51.222.253.1 - - [12/Jun/2025:12:33:34 -0400] "GET /yq1791566754.shtm HTTP/1.1" 301 0 "-" "Mozilla/5.0 (compatible; AhrefsBot/7.0; +http://ahrefs.com/robot/)"
2001:44c8:6014:781f:1847:b487:7f10:2e6 - - [12/Jun/2025:12:33:36 -0400] "GET /manga/wotaku-ni-koi-wa-muzukashii-chapter-56/ HTTP/1.1" 200 42954 "https://wotaku-manga.com/manga/wotaku-ni-koi-wa-muzukashii-chapter-55/" "Mozilla/5.0 (Linux; Android 10; K) AppleWebKit/537.36 (KHTML, like Gecko) Chrome/111.0.0.0 Mobile Safari/537.36"
51.222.253.15 - - [12/Jun/2025:12:33:40 -0400] "GET /yq1792200426.shtm HTTP/1.1" 301 0 "-" "Mozilla/5.0 (compatible; AhrefsBot/7.0; +http://ahrefs.com/robot/)"
162.0.232.193 - - [12/Jun/2025:12:33:48 -0400] "POST /wp-cron.php?doing_wp_cron=1749746028.0277609825134277343750 HTTP/1.1" 200 0 "-" "WordPress/6.8.1; https://wotaku-manga.com"
51.222.253.3 - - [12/Jun/2025:12:33:46 -0400] "GET /yq1807566660.shtm HTTP/1.1" 301 0 "-" "Mozilla/5.0 (compatible; AhrefsBot/7.0; +http://ahrefs.com/robot/)"
162.0.232.193 - - [12/Jun/2025:12:34:01 -0400] "POST /wp-cron.php?doing_wp_cron=1749746041.0093679428100585937500 HTTP/1.1" 200 0 "-" "WordPress/6.8.1; https://wotaku-manga.com"
51.222.253.10 - - [12/Jun/2025:12:34:00 -0400] "GET /yq362618792.shtm HTTP/1.1" 301 0 "-" "Mozilla/5.0 (compatible; AhrefsBot/7.0; +http://ahrefs.com/robot/)"
2804:18:1119:880c:9822:bb72:a852:2ac9 - - [12/Jun/2025:12:34:01 -0400] "GET /manga/wotaku-ni-koi-wa-muzukashii-chapter-52/ HTTP/1.1" 200 43024 "https://wotaku-manga.com/manga/wotaku-ni-koi-wa-muzukashii-chapter-51/" "Mozilla/5.0 (iPhone; CPU iPhone OS 18_5_0 like Mac OS X) AppleWebKit/605.1.15 (KHTML, like Gecko) CriOS/137.0.7151.51 Mobile/15E148 Safari/604.1"
2804:18:1119:880c:9822:bb72:a852:2ac9 - - [12/Jun/2025:12:34:03 -0400] "POST /wp-admin/admin-ajax.php HTTP/1.1" 200 61 "https://wotaku-manga.com/manga/wotaku-ni-koi-wa-muzukashii-chapter-52/" "Mozilla/5.0 (iPhone; CPU iPhone OS 18_5_0 like Mac OS X) AppleWebKit/605.1.15 (KHTML, like Gecko) CriOS/137.0.7151.51 Mobile/15E148 Safari/604.1"
51.222.253.11 - - [12/Jun/2025:12:34:09 -0400] "GET /yq638952278.shtm HTTP/1.1" 301 0 "-" "Mozilla/5.0 (compatible; AhrefsBot/7.0; +http://ahrefs.com/robot/)"
51.222.253.20 - - [12/Jun/2025:12:34:15 -0400] "GET /yrc982542550.shtm HTTP/1.1" 301 0 "-" "Mozilla/5.0 (compatible; AhrefsBot/7.0; +http://ahrefs.com/robot/)"
47.82.61.86 - - [12/Jun/2025:12:34:17 -0400] "GET /wp-includes/Requests/src/Response/Headers.php HTTP/1.1" 403 1242 "https://wotaku-manga.com/wp-includes/Requests/src/Response/Headers.php" "Mozilla/5.0 (Windows NT 10.0; Win64; x64) AppleWebKit/537.36 (KHTML, like Gecko) Chrome/114.0.0.0 Safari/537.36 Edg/114.0.1823.43"
47.79.5.167 - - [12/Jun/2025:12:34:20 -0400] "GET /wp-includes/js/dist/vendor/react-jsx-runtime.js HTTP/1.1" 200 12915 "https://wotaku-manga.com/wp-includes/js/dist/vendor/react-jsx-runtime.js" "Mozilla/5.0 (Windows NT 10.0; Win64; x64) AppleWebKit/537.36 (KHTML, like Gecko) Chrome/114.0.0.0 Safari/537.36 Edg/114.0.1823.43"
162.0.232.193 - - [12/Jun/2025:12:34:25 -0400] "POST /wp-cron.php?doing_wp_cron=1749746065.6644220352172851562500 HTTP/1.1" 200 0 "-" "WordPress/6.8.1; https://wotaku-manga.com"
51.222.253.15 - - [12/Jun/2025:12:34:24 -0400] "GET /ys857216118.shtm HTTP/1.1" 301 0 "-" "Mozilla/5.0 (compatible; AhrefsBot/7.0; +http://ahrefs.com/robot/)"
2001:44c8:6014:781f:1847:b487:7f10:2e6 - - [12/Jun/2025:12:34:29 -0400] "GET /manga/wotaku-ni-koi-wa-muzukashii-chapter-57/ HTTP/1.1" 200 42643 "https://wotaku-manga.com/manga/wotaku-ni-koi-wa-muzukashii-chapter-56/" "Mozilla/5.0 (Linux; Android 10; K) AppleWebKit/537.36 (KHTML, like Gecko) Chrome/111.0.0.0 Mobile Safari/537.36"
51.222.253.13 - - [12/Jun/2025:12:34:30 -0400] "GET /yu1379168408.shtm HTTP/1.1" 301 0 "-" "Mozilla/5.0 (compatible; AhrefsBot/7.0; +http://ahrefs.com/robot/)"
2001:44c8:6014:781f:1847:b487:7f10:2e6 - - [12/Jun/2025:12:34:31 -0400] "POST /wp-admin/admin-ajax.php HTTP/1.1" 200 61 "https://wotaku-manga.com/manga/wotaku-ni-koi-wa-muzukashii-chapter-57/" "Mozilla/5.0 (Linux; Android 10; K) AppleWebKit/537.36 (KHTML, like Gecko) Chrome/111.0.0.0 Mobile Safari/537.36"
51.222.253.4 - - [12/Jun/2025:12:34:42 -0400] "GET /yu1502242424.shtm HTTP/1.1" 301 0 "-" "Mozilla/5.0 (compatible; AhrefsBot/7.0; +http://ahrefs.com/robot/)"
105.228.40.119 - - [12/Jun/2025:12:34:46 -0400] "GET /manga/wotakoi-love-is-hard-for-otaku-chapter-76/ HTTP/1.1" 200 42579 "https://wotaku-manga.com/manga/wotakoi-love-is-hard-for-otaku-chapter-75-5/" "Mozilla/5.0 (Linux; Android 10; K) AppleWebKit/537.36 (KHTML, like Gecko) Chrome/137.0.0.0 Mobile Safari/537.36"
105.228.40.119 - - [12/Jun/2025:12:34:51 -0400] "GET / HTTP/1.1" 304 0 "https://wotaku-manga.com/manga/wotakoi-love-is-hard-for-otaku-chapter-76/" "Mozilla/5.0 (Linux; Android 10; K) AppleWebKit/537.36 (KHTML, like Gecko) Chrome/137.0.0.0 Mobile Safari/537.36"
162.0.232.193 - - [12/Jun/2025:12:34:51 -0400] "POST /wp-cron.php?doing_wp_cron=1749746091.6827750205993652343750 HTTP/1.1" 200 0 "-" "WordPress/6.8.1; https://wotaku-manga.com"
51.222.253.6 - - [12/Jun/2025:12:34:50 -0400] "GET /yu1856745872.shtm HTTP/1.1" 301 0 "-" "Mozilla/5.0 (compatible; AhrefsBot/7.0; +http://ahrefs.com/robot/)"
162.0.232.193 - - [12/Jun/2025:12:35:00 -0400] "POST /wp-cron.php?doing_wp_cron=1749746100.0523641109466552734375 HTTP/1.1" 200 0 "-" "WordPress/6.8.1; https://wotaku-manga.com"
51.222.253.1 - - [12/Jun/2025:12:34:59 -0400] "GET /yu1912809074.shtm HTTP/1.1" 301 0 "-" "Mozilla/5.0 (compatible; AhrefsBot/7.0; +http://ahrefs.com/robot/)"
2001:44c8:6014:781f:1847:b487:7f10:2e6 - - [12/Jun/2025:12:35:13 -0400] "GET /manga/wotaku-ni-koi-wa-muzukashii-chapter-57-2/ HTTP/1.1" 200 42700 "https://wotaku-manga.com/manga/wotaku-ni-koi-wa-muzukashii-chapter-57/" "Mozilla/5.0 (Linux; Android 10; K) AppleWebKit/537.36 (KHTML, like Gecko) Chrome/111.0.0.0 Mobile Safari/537.36"
51.222.253.8 - - [12/Jun/2025:12:35:13 -0400] "GET /yu2017276112.shtm HTTP/1.1" 301 0 "-" "Mozilla/5.0 (compatible; AhrefsBot/7.0; +http://ahrefs.com/robot/)"
2001:44c8:6014:781f:1847:b487:7f10:2e6 - - [12/Jun/2025:12:35:16 -0400] "POST /wp-admin/admin-ajax.php HTTP/1.1" 200 61 "https://wotaku-manga.com/manga/wotaku-ni-koi-wa-muzukashii-chapter-57-2/" "Mozilla/5.0 (Linux; Android 10; K) AppleWebKit/537.36 (KHTML, like Gecko) Chrome/111.0.0.0 Mobile Safari/537.36"
162.0.232.193 - - [12/Jun/2025:12:35:22 -0400] "POST /wp-cron.php?doing_wp_cron=1749746122.2881460189819335937500 HTTP/1.1" 200 0 "-" "WordPress/6.8.1; https://wotaku-manga.com"
51.222.253.19 - - [12/Jun/2025:12:35:21 -0400] "GET /yu2024616146.shtm HTTP/1.1" 301 0 "-" "Mozilla/5.0 (compatible; AhrefsBot/7.0; +http://ahrefs.com/robot/)"
51.222.253.16 - - [12/Jun/2025:12:35:29 -0400] "GET /yu227645568.shtm HTTP/1.1" 301 0 "-" "Mozilla/5.0 (compatible; AhrefsBot/7.0; +http://ahrefs.com/robot/)"
51.222.253.3 - - [12/Jun/2025:12:35:36 -0400] "GET /yu835267440.shtm HTTP/1.1" 301 0 "-" "Mozilla/5.0 (compatible; AhrefsBot/7.0; +http://ahrefs.com/robot/)"
162.0.232.193 - - [12/Jun/2025:12:35:49 -0400] "POST /wp-cron.php?doing_wp_cron=1749746148.4862511157989501953125 HTTP/1.1" 200 0 "-" "WordPress/6.8.1; https://wotaku-manga.com"
51.222.253.20 - - [12/Jun/2025:12:35:47 -0400] "GET /yu857815602.shtm HTTP/1.1" 301 0 "-" "Mozilla/5.0 (compatible; AhrefsBot/7.0; +http://ahrefs.com/robot/)"
2804:18:1119:880c:9822:bb72:a852:2ac9 - - [12/Jun/2025:12:35:49 -0400] "GET /manga/wotaku-ni-koi-wa-muzukashii-chapter-53/ HTTP/1.1" 200 43608 "https://wotaku-manga.com/manga/wotaku-ni-koi-wa-muzukashii-chapter-52/" "Mozilla/5.0 (iPhone; CPU iPhone OS 18_5_0 like Mac OS X) AppleWebKit/605.1.15 (KHTML, like Gecko) CriOS/137.0.7151.51 Mobile/15E148 Safari/604.1"
2001:44c8:6014:781f:1847:b487:7f10:2e6 - - [12/Jun/2025:12:35:49 -0400] "GET /wotakoi-story/ HTTP/1.1" 200 40783 "https://wotaku-manga.com/manga/wotaku-ni-koi-wa-muzukashii-chapter-57-2/" "Mozilla/5.0 (Linux; Android 10; K) AppleWebKit/537.36 (KHTML, like Gecko) Chrome/111.0.0.0 Mobile Safari/537.36"
51.222.253.17 - - [12/Jun/2025:12:35:53 -0400] "GET /yvc761867108.shtm HTTP/1.1" 301 0 "-" "Mozilla/5.0 (compatible; AhrefsBot/7.0; +http://ahrefs.com/robot/)"
2804:18:1119:880c:9822:bb72:a852:2ac9 - - [12/Jun/2025:12:35:55 -0400] "POST /wp-admin/admin-ajax.php HTTP/1.1" 200 61 "https://wotaku-manga.com/manga/wotaku-ni-koi-wa-muzukashii-chapter-53/" "Mozilla/5.0 (iPhone; CPU iPhone OS 18_5_0 like Mac OS X) AppleWebKit/605.1.15 (KHTML, like Gecko) CriOS/137.0.7151.51 Mobile/15E148 Safari/604.1"
162.0.232.193 - - [12/Jun/2025:12:36:03 -0400] "POST /wp-cron.php?doing_wp_cron=1749746163.8331880569458007812500 HTTP/1.1" 200 0 "-" "WordPress/6.8.1; https://wotaku-manga.com"
51.222.253.15 - - [12/Jun/2025:12:36:03 -0400] "GET /yxg322062760.shtm HTTP/1.1" 301 0 "-" "Mozilla/5.0 (compatible; AhrefsBot/7.0; +http://ahrefs.com/robot/)"
51.222.253.10 - - [12/Jun/2025:12:36:12 -0400] "GET /yxy253696272.shtm HTTP/1.1" 301 0 "-" "Mozilla/5.0 (compatible; AhrefsBot/7.0; +http://ahrefs.com/robot/)"
66.249.66.73 - - [12/Jun/2025:12:36:16 -0400] "GET /oak/79096352.shtm HTTP/1.1" 200 81414 "-" "Mozilla/5.0 (Linux; Android 6.0.1; Nexus 5X Build/MMB29P) AppleWebKit/537.36 (KHTML, like Gecko) Chrome/136.0.7103.113 Mobile Safari/537.36 (compatible; Googlebot/2.1; +http://www.google.com/bot.html)"
162.0.232.193 - - [12/Jun/2025:12:36:21 -0400] "POST /wp-cron.php?doing_wp_cron=1749746180.4826760292053222656250 HTTP/1.1" 200 0 "-" "WordPress/6.8.1; https://wotaku-manga.com"
51.222.253.14 - - [12/Jun/2025:12:36:19 -0400] "GET /yy/639287036.shtm HTTP/1.1" 301 0 "-" "Mozilla/5.0 (compatible; AhrefsBot/7.0; +http://ahrefs.com/robot/)"
47.82.61.84 - - [12/Jun/2025:12:36:27 -0400] "GET /wp-includes/css/dist/editor/style.css HTTP/1.1" 200 9595 "https://wotaku-manga.com/wp-includes/css/dist/editor/style.css" "Mozilla/5.0 (Windows NT 10.0; Win64; x64) AppleWebKit/537.36 (KHTML, like Gecko) Chrome/114.0.0.0 Safari/537.36 Edg/114.0.1823.43"
47.82.60.125 - - [12/Jun/2025:12:36:29 -0400] "GET /wp-includes/css/dist/preferences/style-rtl.min.css HTTP/1.1" 200 479 "https://wotaku-manga.com/wp-includes/css/dist/preferences/style-rtl.min.css" "Mozilla/5.0 (Windows NT 10.0; Win64; x64) AppleWebKit/537.36 (KHTML, like Gecko) Chrome/114.0.0.0 Safari/537.36 Edg/114.0.1823.43"
51.222.253.16 - - [12/Jun/2025:12:36:29 -0400] "GET /yy/837573566.shtm HTTP/1.1" 301 0 "-" "Mozilla/5.0 (compatible; AhrefsBot/7.0; +http://ahrefs.com/robot/)"
2001:44c8:6014:781f:1847:b487:7f10:2e6 - - [12/Jun/2025:12:36:36 -0400] "GET /manga/wotaku-ni-koi-wa-muzukashii-chapter-58/ HTTP/1.1" 200 42888 "https://wotaku-manga.com/manga/wotaku-ni-koi-wa-muzukashii-chapter-57-2/" "Mozilla/5.0 (Linux; Android 10; K) AppleWebKit/537.36 (KHTML, like Gecko) Chrome/111.0.0.0 Mobile Safari/537.36"
2001:44c8:6014:781f:1847:b487:7f10:2e6 - - [12/Jun/2025:12:36:36 -0400] "GET /tag/hanako-koyanagi/ HTTP/1.1" 301 0 "https://wotaku-manga.com/manga/wotaku-ni-koi-wa-muzukashii-chapter-57-2/" "Mozilla/5.0 (Linux; Android 10; K) AppleWebKit/537.36 (KHTML, like Gecko) Chrome/111.0.0.0 Mobile Safari/537.36"
51.222.253.5 - - [12/Jun/2025:12:36:37 -0400] "GET /yy1379767972.shtm HTTP/1.1" 301 0 "-" "Mozilla/5.0 (compatible; AhrefsBot/7.0; +http://ahrefs.com/robot/)"
47.82.61.73 - - [12/Jun/2025:12:36:44 -0400] "GET /wp-includes/js/dist/vendor/wp-polyfill-object-fit.js HTTP/1.1" 200 2619 "https://wotaku-manga.com/wp-includes/js/dist/vendor/wp-polyfill-object-fit.js" "Mozilla/5.0 (Windows NT 10.0; Win64; x64) AppleWebKit/537.36 (KHTML, like Gecko) Chrome/114.0.0.0 Safari/537.36 Edg/114.0.1823.43"
2001:44c8:6014:781f:1847:b487:7f10:2e6 - - [12/Jun/2025:12:36:42 -0400] "POST /wp-admin/admin-ajax.php HTTP/1.1" 200 61 "https://wotaku-manga.com/manga/wotaku-ni-koi-wa-muzukashii-chapter-58/" "Mozilla/5.0 (Linux; Android 10; K) AppleWebKit/537.36 (KHTML, like Gecko) Chrome/111.0.0.0 Mobile Safari/537.36"
162.0.232.193 - - [12/Jun/2025:12:36:48 -0400] "POST /wp-cron.php?doing_wp_cron=1749746208.1540939807891845703125 HTTP/1.1" 200 0 "-" "WordPress/6.8.1; https://wotaku-manga.com"
51.222.253.8 - - [12/Jun/2025:12:36:46 -0400] "GET /yy188938514.shtm HTTP/1.1" 301 0 "-" "Mozilla/5.0 (compatible; AhrefsBot/7.0; +http://ahrefs.com/robot/)"
51.222.253.8 - - [12/Jun/2025:12:36:52 -0400] "GET /yy355506240.shtm HTTP/1.1" 301 0 "-" "Mozilla/5.0 (compatible; AhrefsBot/7.0; +http://ahrefs.com/robot/)"
162.0.232.193 - - [12/Jun/2025:12:36:59 -0400] "POST /wp-cron.php?doing_wp_cron=1749746219.6677150726318359375000 HTTP/1.1" 200 0 "-" "WordPress/6.8.1; https://wotaku-manga.com"
2a03:2880:f800:16:: - - [12/Jun/2025:12:36:58 -0400] "GET /shopdetail/193575735 HTTP/1.1" 301 0 "-" "meta-externalagent/1.1 (+https://developers.facebook.com/docs/sharing/webmasters/crawler)"
2a03:2880:f800:1:: - - [12/Jun/2025:12:37:05 -0400] "GET / HTTP/1.1" 200 37376 "-" "meta-externalagent/1.1 (+https://developers.facebook.com/docs/sharing/webmasters/crawler)"
71.208.152.209 - - [12/Jun/2025:12:37:07 -0400] "GET /manga/wotaku-ni-koi-wa-muzukashii-chapter-65-2/ HTTP/1.1" 200 41794 "https://wotaku-manga.com/manga/wotakoi-love-is-hard-for-otaku-chapter-65/" "Mozilla/5.0 (Windows NT 10.0; Win64; x64; rv:139.0) Gecko/20100101 Firefox/139.0"
51.222.253.19 - - [12/Jun/2025:12:37:07 -0400] "GET /yy37721084.shtm HTTP/1.1" 301 0 "-" "Mozilla/5.0 (compatible; AhrefsBot/7.0; +http://ahrefs.com/robot/)"
71.208.152.209 - - [12/Jun/2025:12:37:08 -0400] "GET /wp-content/plugins/simple-social-buttons/assets/fonts/ssb-icon.ttf?eahqa2 HTTP/1.1" 200 7412 "https://wotaku-manga.com/manga/wotaku-ni-koi-wa-muzukashii-chapter-65-2/" "Mozilla/5.0 (Windows NT 10.0; Win64; x64; rv:139.0) Gecko/20100101 Firefox/139.0"
71.208.152.209 - - [12/Jun/2025:12:37:08 -0400] "GET /wp-content/cache/min/1/wp-content/plugins/comic-easel/js/keynav.js?ver=1684511167 HTTP/1.1" 304 0 "https://wotaku-manga.com/manga/wotaku-ni-koi-wa-muzukashii-chapter-65-2/" "Mozilla/5.0 (Windows NT 10.0; Win64; x64; rv:139.0) Gecko/20100101 Firefox/139.0"
71.208.152.209 - - [12/Jun/2025:12:37:08 -0400] "GET /wp-content/themes/toivo-lite/js/functions.min.js?ver=1.2.0 HTTP/1.1" 304 0 "https://wotaku-manga.com/manga/wotaku-ni-koi-wa-muzukashii-chapter-65-2/" "Mozilla/5.0 (Windows NT 10.0; Win64; x64; rv:139.0) Gecko/20100101 Firefox/139.0"
71.208.152.209 - - [12/Jun/2025:12:37:08 -0400] "GET /wp-content/cache/min/1/wp-content/plugins/simple-social-buttons/assets/js/front.js?ver=1684511167 HTTP/1.1" 304 0 "https://wotaku-manga.com/manga/wotaku-ni-koi-wa-muzukashii-chapter-65-2/" "Mozilla/5.0 (Windows NT 10.0; Win64; x64; rv:139.0) Gecko/20100101 Firefox/139.0"
71.208.152.209 - - [12/Jun/2025:12:37:08 -0400] "GET /wp-includes/js/jquery/jquery.min.js?ver=3.7.1 HTTP/1.1" 304 0 "https://wotaku-manga.com/manga/wotaku-ni-koi-wa-muzukashii-chapter-65-2/" "Mozilla/5.0 (Windows NT 10.0; Win64; x64; rv:139.0) Gecko/20100101 Firefox/139.0"
71.208.152.209 - - [12/Jun/2025:12:37:08 -0400] "GET /wp-includes/js/jquery/jquery-migrate.min.js?ver=3.4.1 HTTP/1.1" 304 0 "https://wotaku-manga.com/manga/wotaku-ni-koi-wa-muzukashii-chapter-65-2/" "Mozilla/5.0 (Windows NT 10.0; Win64; x64; rv:139.0) Gecko/20100101 Firefox/139.0"
71.208.152.209 - - [12/Jun/2025:12:37:08 -0400] "GET /wp-content/themes/toivo-lite/js/responsive-nav.min.js?ver=1.2.0 HTTP/1.1" 304 0 "https://wotaku-manga.com/manga/wotaku-ni-koi-wa-muzukashii-chapter-65-2/" "Mozilla/5.0 (Windows NT 10.0; Win64; x64; rv:139.0) Gecko/20100101 Firefox/139.0"
71.208.152.209 - - [12/Jun/2025:12:37:08 -0400] "GET /wp-includes/js/comment-reply.min.js?ver=6.8.1 HTTP/1.1" 304 0 "https://wotaku-manga.com/manga/wotaku-ni-koi-wa-muzukashii-chapter-65-2/" "Mozilla/5.0 (Windows NT 10.0; Win64; x64; rv:139.0) Gecko/20100101 Firefox/139.0"
71.208.152.209 - - [12/Jun/2025:12:37:08 -0400] "GET /wp-content/uploads/2021/11/cropped-stsmall507x507-pad600x600f8f8f8-1-192x192.jpeg HTTP/1.1" 200 7055 "https://wotaku-manga.com/manga/wotaku-ni-koi-wa-muzukashii-chapter-65-2/" "Mozilla/5.0 (Windows NT 10.0; Win64; x64; rv:139.0) Gecko/20100101 Firefox/139.0"
71.208.152.209 - - [12/Jun/2025:12:37:08 -0400] "GET /manga/wotaku-ni-koi-wa-muzukashii-chapter-65-2/ HTTP/1.1" 200 41823 "-" "Mozilla/5.0 (Windows NT 10.0; Win64; x64; rv:139.0) Gecko/20100101 Firefox/139.0"
71.208.152.209 - - [12/Jun/2025:12:37:08 -0400] "GET /manga/wotaku-ni-koi-wa-muzukashii-chapter-65-2/ HTTP/1.1" 200 41823 "-" "Mozilla/5.0 (Windows NT 10.0; Win64; x64; rv:139.0) Gecko/20100101 Firefox/139.0"
71.208.152.209 - - [12/Jun/2025:12:37:08 -0400] "GET /manga/wotaku-ni-koi-wa-muzukashii-chapter-65-2/ HTTP/1.1" 200 41823 "-" "Mozilla/5.0 (Windows NT 10.0; Win64; x64; rv:139.0) Gecko/20100101 Firefox/139.0"
71.208.152.209 - - [12/Jun/2025:12:37:08 -0400] "GET /manga/wotaku-ni-koi-wa-muzukashii-chapter-65-2/ HTTP/1.1" 200 41823 "-" "Mozilla/5.0 (Windows NT 10.0; Win64; x64; rv:139.0) Gecko/20100101 Firefox/139.0"
71.208.152.209 - - [12/Jun/2025:12:37:08 -0400] "GET /manga/wotaku-ni-koi-wa-muzukashii-chapter-65-2/ HTTP/1.1" 200 41823 "-" "Mozilla/5.0 (Windows NT 10.0; Win64; x64; rv:139.0) Gecko/20100101 Firefox/139.0"
71.208.152.209 - - [12/Jun/2025:12:37:08 -0400] "GET /manga/wotaku-ni-koi-wa-muzukashii-chapter-65-2/ HTTP/1.1" 200 41823 "-" "Mozilla/5.0 (Windows NT 10.0; Win64; x64; rv:139.0) Gecko/20100101 Firefox/139.0"
71.208.152.209 - - [12/Jun/2025:12:37:08 -0400] "GET /manga/wotaku-ni-koi-wa-muzukashii-chapter-65-2/ HTTP/1.1" 200 41823 "-" "Mozilla/5.0 (Windows NT 10.0; Win64; x64; rv:139.0) Gecko/20100101 Firefox/139.0"
71.208.152.209 - - [12/Jun/2025:12:37:08 -0400] "GET /manga/wotaku-ni-koi-wa-muzukashii-chapter-65-2/ HTTP/1.1" 200 41823 "-" "Mozilla/5.0 (Windows NT 10.0; Win64; x64; rv:139.0) Gecko/20100101 Firefox/139.0"
51.222.253.3 - - [12/Jun/2025:12:37:09 -0400] "GET /yy605367982.shtm HTTP/1.1" 301 0 "-" "Mozilla/5.0 (compatible; AhrefsBot/7.0; +http://ahrefs.com/robot/)"
47.82.60.161 - - [12/Jun/2025:12:37:19 -0400] "GET /wp-includes/Requests/src/Proxy/error_log HTTP/1.1" 403 1242 "https://wotaku-manga.com/wp-includes/Requests/src/Proxy/error_log" "Mozilla/5.0 (Windows NT 10.0; Win64; x64) AppleWebKit/537.36 (KHTML, like Gecko) Chrome/114.0.0.0 Safari/537.36 Edg/114.0.1823.43"
162.0.232.193 - - [12/Jun/2025:12:37:23 -0400] "POST /wp-cron.php?doing_wp_cron=1749746243.1465260982513427734375 HTTP/1.1" 200 0 "-" "WordPress/6.8.1; https://wotaku-manga.com"
51.222.253.19 - - [12/Jun/2025:12:37:21 -0400] "GET /yy61007178.shtm HTTP/1.1" 301 0 "-" "Mozilla/5.0 (compatible; AhrefsBot/7.0; +http://ahrefs.com/robot/)"
2001:44c8:6014:781f:1847:b487:7f10:2e6 - - [12/Jun/2025:12:37:26 -0400] "GET /manga/wotaku-ni-koi-wa-muzukashii-chapter-59/ HTTP/1.1" 200 42970 "https://wotaku-manga.com/manga/wotaku-ni-koi-wa-muzukashii-chapter-58/" "Mozilla/5.0 (Linux; Android 10; K) AppleWebKit/537.36 (KHTML, like Gecko) Chrome/111.0.0.0 Mobile Safari/537.36"
51.222.253.8 - - [12/Jun/2025:12:37:28 -0400] "GET /yy682024692.shtm HTTP/1.1" 301 0 "-" "Mozilla/5.0 (compatible; AhrefsBot/7.0; +http://ahrefs.com/robot/)"
2001:44c8:6014:781f:1847:b487:7f10:2e6 - - [12/Jun/2025:12:37:29 -0400] "POST /wp-admin/admin-ajax.php HTTP/1.1" 200 61 "https://wotaku-manga.com/manga/wotaku-ni-koi-wa-muzukashii-chapter-59/" "Mozilla/5.0 (Linux; Android 10; K) AppleWebKit/537.36 (KHTML, like Gecko) Chrome/111.0.0.0 Mobile Safari/537.36"
23.21.179.27 - - [12/Jun/2025:12:37:35 -0400] "GET /manga/wotakoi-love-is-hard-for-otaku-chapter-87/ HTTP/1.1" 200 40073 "-" "Mozilla/5.0 AppleWebKit/537.36 (KHTML, like Gecko; compatible; Amazonbot/0.1; +https://developer.amazon.com/support/amazonbot) Chrome/119.0.6045.214 Safari/537.36"
51.222.253.20 - - [12/Jun/2025:12:37:36 -0400] "GET /z/1011974797.shtm HTTP/1.1" 301 0 "-" "Mozilla/5.0 (compatible; AhrefsBot/7.0; +http://ahrefs.com/robot/)"
162.0.232.193 - - [12/Jun/2025:12:37:48 -0400] "POST /wp-cron.php?doing_wp_cron=1749746267.7550098896026611328125 HTTP/1.1" 200 0 "-" "WordPress/6.8.1; https://wotaku-manga.com"
51.222.253.16 - - [12/Jun/2025:12:37:46 -0400] "GET /z/1020564317.shtm HTTP/1.1" 301 0 "-" "Mozilla/5.0 (compatible; AhrefsBot/7.0; +http://ahrefs.com/robot/)"
2a03:2880:f800:8:: - - [12/Jun/2025:12:37:48 -0400] "GET /shopdetail/43984935 HTTP/1.1" 301 0 "-" "meta-externalagent/1.1 (+https://developers.facebook.com/docs/sharing/webmasters/crawler)"
2a03:2880:f800:e:: - - [12/Jun/2025:12:37:51 -0400] "GET / HTTP/1.1" 200 37331 "-" "meta-externalagent/1.1 (+https://developers.facebook.com/docs/sharing/webmasters/crawler)"
45.229.168.74 - - [12/Jun/2025:12:37:52 -0400] "GET / HTTP/1.1" 200 37976 "-" "Mozilla/5.0 (iPhone; CPU iPhone OS 18_4_1 like Mac OS X) AppleWebKit/605.1.15 (KHTML, like Gecko) Mobile/15E148"
51.222.253.12 - - [12/Jun/2025:12:37:54 -0400] "GET /z/1028643691.shtm HTTP/1.1" 301 0 "-" "Mozilla/5.0 (compatible; AhrefsBot/7.0; +http://ahrefs.com/robot/)"
2804:18:1119:880c:9822:bb72:a852:2ac9 - - [12/Jun/2025:12:37:55 -0400] "GET /manga/wotaku-ni-koi-wa-muzukashii-chapter-54/ HTTP/1.1" 200 42450 "https://wotaku-manga.com/manga/wotaku-ni-koi-wa-muzukashii-chapter-53/" "Mozilla/5.0 (iPhone; CPU iPhone OS 18_5_0 like Mac OS X) AppleWebKit/605.1.15 (KHTML, like Gecko) CriOS/137.0.7151.51 Mobile/15E148 Safari/604.1"
162.0.232.193 - - [12/Jun/2025:12:37:59 -0400] "POST /wp-cron.php?doing_wp_cron=1749746278.7422199249267578125000 HTTP/1.1" 200 0 "-" "WordPress/6.8.1; https://wotaku-manga.com"
2804:18:1119:880c:9822:bb72:a852:2ac9 - - [12/Jun/2025:12:37:57 -0400] "POST /wp-admin/admin-ajax.php HTTP/1.1" 200 61 "https://wotaku-manga.com/manga/wotaku-ni-koi-wa-muzukashii-chapter-54/" "Mozilla/5.0 (iPhone; CPU iPhone OS 18_5_0 like Mac OS X) AppleWebKit/605.1.15 (KHTML, like Gecko) CriOS/137.0.7151.51 Mobile/15E148 Safari/604.1"
51.222.253.15 - - [12/Jun/2025:12:38:03 -0400] "GET /z/1036123461.shtm HTTP/1.1" 301 0 "-" "Mozilla/5.0 (compatible; AhrefsBot/7.0; +http://ahrefs.com/robot/)"
47.82.61.87 - - [12/Jun/2025:12:38:03 -0400] "GET /wp-includes/Requests/src/Auth/error_log HTTP/1.1" 403 1242 "https://wotaku-manga.com/wp-includes/Requests/src/Auth/error_log" "Mozilla/5.0 (Windows NT 10.0; Win64; x64) AppleWebKit/537.36 (KHTML, like Gecko) Chrome/114.0.0.0 Safari/537.36 Edg/114.0.1823.43"
2001:44c8:6014:781f:1847:b487:7f10:2e6 - - [12/Jun/2025:12:38:09 -0400] "GET /category/wotakoi-love-is-hard-for-otaku-manga-ending/ HTTP/1.1" 200 46207 "https://wotaku-manga.com/manga/wotaku-ni-koi-wa-muzukashii-chapter-59/" "Mozilla/5.0 (Linux; Android 10; K) AppleWebKit/537.36 (KHTML, like Gecko) Chrome/111.0.0.0 Mobile Safari/537.36"
2001:44c8:6014:781f:1847:b487:7f10:2e6 - - [12/Jun/2025:12:38:10 -0400] "GET /manga/wotaku-ni-koi-wa-muzukashii-chapter-60/ HTTP/1.1" 200 42793 "https://wotaku-manga.com/manga/wotaku-ni-koi-wa-muzukashii-chapter-59/" "Mozilla/5.0 (Linux; Android 10; K) AppleWebKit/537.36 (KHTML, like Gecko) Chrome/111.0.0.0 Mobile Safari/537.36"
2001:44c8:6014:781f:1847:b487:7f10:2e6 - - [12/Jun/2025:12:38:12 -0400] "POST /wp-admin/admin-ajax.php HTTP/1.1" 200 61 "https://wotaku-manga.com/manga/wotaku-ni-koi-wa-muzukashii-chapter-60/" "Mozilla/5.0 (Linux; Android 10; K) AppleWebKit/537.36 (KHTML, like Gecko) Chrome/111.0.0.0 Mobile Safari/537.36"
216.73.216.49 - - [12/Jun/2025:12:38:13 -0400] "GET /sitemap-child-670.xml HTTP/1.1" 200 11288 "-" "Mozilla/5.0 AppleWebKit/537.36 (KHTML, like Gecko; compatible; ClaudeBot/1.0; [email protected])"
216.73.216.49 - - [12/Jun/2025:12:38:13 -0400] "GET /sitemap-child-1141.xml HTTP/1.1" 200 11288 "-" "Mozilla/5.0 AppleWebKit/537.36 (KHTML, like Gecko; compatible; ClaudeBot/1.0; [email protected])"
216.73.216.49 - - [12/Jun/2025:12:38:13 -0400] "GET /sitemap-child-1384.xml HTTP/1.1" 200 11288 "-" "Mozilla/5.0 AppleWebKit/537.36 (KHTML, like Gecko; compatible; ClaudeBot/1.0; [email protected])"
216.73.216.49 - - [12/Jun/2025:12:38:13 -0400] "GET /sitemap-child-1091.xml HTTP/1.1" 200 11288 "-" "Mozilla/5.0 AppleWebKit/537.36 (KHTML, like Gecko; compatible; ClaudeBot/1.0; [email protected])"
162.0.232.193 - - [12/Jun/2025:12:38:19 -0400] "POST /wp-cron.php?doing_wp_cron=1749746299.3610661029815673828125 HTTP/1.1" 200 0 "-" "WordPress/6.8.1; https://wotaku-manga.com"
51.222.253.16 - - [12/Jun/2025:12:38:18 -0400] "GET /z/1039802599.shtm HTTP/1.1" 301 0 "-" "Mozilla/5.0 (compatible; AhrefsBot/7.0; +http://ahrefs.com/robot/)"
51.222.253.18 - - [12/Jun/2025:12:38:30 -0400] "GET /z/1219589163.shtm HTTP/1.1" 301 0 "-" "Mozilla/5.0 (compatible; AhrefsBot/7.0; +http://ahrefs.com/robot/)"
45.229.168.74 - - [12/Jun/2025:12:38:38 -0400] "GET / HTTP/1.1" 200 37976 "-" "Mozilla/5.0 (iPhone; CPU iPhone OS 18_4_1 like Mac OS X) AppleWebKit/605.1.15 (KHTML, like Gecko) Mobile/15E148"
51.222.253.2 - - [12/Jun/2025:12:38:39 -0400] "GET /z/1313690487.shtm HTTP/1.1" 301 0 "-" "Mozilla/5.0 (compatible; AhrefsBot/7.0; +http://ahrefs.com/robot/)"
47.82.60.65 - - [12/Jun/2025:12:38:43 -0400] "GET /wp-includes/js/dist/vendor/wp-polyfill-fetch.min.js HTTP/1.1" 200 3325 "https://wotaku-manga.com/wp-includes/js/dist/vendor/wp-polyfill-fetch.min.js" "Mozilla/5.0 (Windows NT 10.0; Win64; x64) AppleWebKit/537.36 (KHTML, like Gecko) Chrome/114.0.0.0 Safari/537.36 Edg/114.0.1823.43"
162.0.232.193 - - [12/Jun/2025:12:38:47 -0400] "POST /wp-cron.php?doing_wp_cron=1749746327.7195041179656982421875 HTTP/1.1" 200 0 "-" "WordPress/6.8.1; https://wotaku-manga.com"
51.222.253.10 - - [12/Jun/2025:12:38:47 -0400] "GET /z/137894417.shtm HTTP/1.1" 301 0 "-" "Mozilla/5.0 (compatible; AhrefsBot/7.0; +http://ahrefs.com/robot/)"
2001:44c8:6014:781f:1847:b487:7f10:2e6 - - [12/Jun/2025:12:38:52 -0400] "GET /manga/wotaku-ni-koi-wa-muzukashii-chapter-61/ HTTP/1.1" 200 42984 "https://wotaku-manga.com/manga/wotaku-ni-koi-wa-muzukashii-chapter-60/" "Mozilla/5.0 (Linux; Android 10; K) AppleWebKit/537.36 (KHTML, like Gecko) Chrome/111.0.0.0 Mobile Safari/537.36"
2001:44c8:6014:781f:1847:b487:7f10:2e6 - - [12/Jun/2025:12:38:56 -0400] "POST /wp-admin/admin-ajax.php HTTP/1.1" 200 61 "https://wotaku-manga.com/manga/wotaku-ni-koi-wa-muzukashii-chapter-61/" "Mozilla/5.0 (Linux; Android 10; K) AppleWebKit/537.36 (KHTML, like Gecko) Chrome/111.0.0.0 Mobile Safari/537.36"
162.0.232.193 - - [12/Jun/2025:12:38:58 -0400] "POST /wp-cron.php?doing_wp_cron=1749746338.0369598865509033203125 HTTP/1.1" 200 0 "-" "WordPress/6.8.1; https://wotaku-manga.com"
51.222.253.2 - - [12/Jun/2025:12:38:57 -0400] "GET /z/1397370579.shtm HTTP/1.1" 301 0 "-" "Mozilla/5.0 (compatible; AhrefsBot/7.0; +http://ahrefs.com/robot/)"
162.0.232.193 - - [12/Jun/2025:12:38:59 -0400] "GET /manga/wotaku-ni-koi-wa-muzukashii-chapter-24/ HTTP/1.1" 200 41150 "-" "WP Rocket/Preload"
162.0.232.193 - - [12/Jun/2025:12:39:00 -0400] "GET /manga/wotaku-ni-koi-wa-muzukashii-chapter-24/ HTTP/1.1" 200 0 "-" "WP Rocket/Preload Mozilla/5.0 (iPhone; CPU iPhone OS 9_1 like Mac OS X) AppleWebKit/601.1.46 (KHTML, like Gecko) Version/9.0 Mobile/13B143 Safari/601.1"
162.0.232.193 - - [12/Jun/2025:12:39:02 -0400] "GET /manga/wotakoi-love-is-hard-for-otaku-chapter-19/ HTTP/1.1" 200 0 "-" "WP Rocket/Preload"
162.0.232.193 - - [12/Jun/2025:12:39:03 -0400] "GET /manga/wotakoi-love-is-hard-for-otaku-chapter-19/ HTTP/1.1" 200 0 "-" "WP Rocket/Preload Mozilla/5.0 (iPhone; CPU iPhone OS 9_1 like Mac OS X) AppleWebKit/601.1.46 (KHTML, like Gecko) Version/9.0 Mobile/13B143 Safari/601.1"
162.0.232.193 - - [12/Jun/2025:12:39:05 -0400] "GET /manga/wotaku-ni-koi-wa-muzukashii-chapter-26/ HTTP/1.1" 200 41356 "-" "WP Rocket/Preload"
162.0.232.193 - - [12/Jun/2025:12:39:06 -0400] "GET /manga/wotaku-ni-koi-wa-muzukashii-chapter-26/ HTTP/1.1" 200 0 "-" "WP Rocket/Preload Mozilla/5.0 (iPhone; CPU iPhone OS 9_1 like Mac OS X) AppleWebKit/601.1.46 (KHTML, like Gecko) Version/9.0 Mobile/13B143 Safari/601.1"
162.0.232.193 - - [12/Jun/2025:12:39:08 -0400] "GET /manga/wotaku-ni-koi-wa-muzukashii-chapter-26-5/ HTTP/1.1" 200 0 "-" "WP Rocket/Preload"
162.0.232.193 - - [12/Jun/2025:12:39:09 -0400] "GET /manga/wotaku-ni-koi-wa-muzukashii-chapter-26-5/ HTTP/1.1" 200 0 "-" "WP Rocket/Preload Mozilla/5.0 (iPhone; CPU iPhone OS 9_1 like Mac OS X) AppleWebKit/601.1.46 (KHTML, like Gecko) Version/9.0 Mobile/13B143 Safari/601.1"
162.0.232.193 - - [12/Jun/2025:12:39:11 -0400] "GET /manga/wotaku-ni-koi-wa-muzukashii-chapter-65-2/ HTTP/1.1" 200 0 "-" "WP Rocket/Preload"
162.0.232.193 - - [12/Jun/2025:12:39:13 -0400] "GET /manga/wotaku-ni-koi-wa-muzukashii-chapter-65-2/ HTTP/1.1" 200 42994 "-" "WP Rocket/Preload Mozilla/5.0 (iPhone; CPU iPhone OS 9_1 like Mac OS X) AppleWebKit/601.1.46 (KHTML, like Gecko) Version/9.0 Mobile/13B143 Safari/601.1"
105.228.40.119 - - [12/Jun/2025:12:39:13 -0400] "GET /category/wotakoi-love-is-hard-for-otaku-manga-read-online/ HTTP/1.1" 304 0 "https://wotaku-manga.com/manga/wotakoi-love-is-hard-for-otaku-chapter-76/" "Mozilla/5.0 (Linux; Android 10; K) AppleWebKit/537.36 (KHTML, like Gecko) Chrome/137.0.0.0 Mobile Safari/537.36"
105.228.40.119 - - [12/Jun/2025:12:39:14 -0400] "GET /manga/wotakoi-love-is-hard-for-otaku-chapter-77/ HTTP/1.1" 200 42946 "https://wotaku-manga.com/manga/wotakoi-love-is-hard-for-otaku-chapter-76/" "Mozilla/5.0 (Linux; Android 10; K) AppleWebKit/537.36 (KHTML, like Gecko) Chrome/137.0.0.0 Mobile Safari/537.36"
51.222.253.14 - - [12/Jun/2025:12:39:14 -0400] "GET /z/1442818951.shtm HTTP/1.1" 301 0 "-" "Mozilla/5.0 (compatible; AhrefsBot/7.0; +http://ahrefs.com/robot/)"
105.228.40.119 - - [12/Jun/2025:12:39:19 -0400] "GET /wotakoi-story/ HTTP/1.1" 200 40783 "https://wotaku-manga.com/manga/wotakoi-love-is-hard-for-otaku-chapter-77/" "Mozilla/5.0 (Linux; Android 10; K) AppleWebKit/537.36 (KHTML, like Gecko) Chrome/137.0.0.0 Mobile Safari/537.36"
47.82.61.88 - - [12/Jun/2025:12:39:20 -0400] "GET /wp-includes/js/dist/vendor/wp-polyfill-url.min.js HTTP/1.1" 200 13214 "https://wotaku-manga.com/wp-includes/js/dist/vendor/wp-polyfill-url.min.js" "Mozilla/5.0 (Windows NT 10.0; Win64; x64) AppleWebKit/537.36 (KHTML, like Gecko) Chrome/114.0.0.0 Safari/537.36 Edg/114.0.1823.43"
66.249.66.192 - - [12/Jun/2025:12:39:20 -0400] "GET /zb70794569.shtm HTTP/1.1" 200 81528 "-" "Mozilla/5.0 (Linux; Android 6.0.1; Nexus 5X Build/MMB29P) AppleWebKit/537.36 (KHTML, like Gecko) Chrome/136.0.7103.113 Mobile Safari/537.36 (compatible; Googlebot/2.1; +http://www.google.com/bot.html)"
45.229.168.74 - - [12/Jun/2025:12:39:28 -0400] "GET / HTTP/1.1" 200 37976 "-" "Mozilla/5.0 (iPhone; CPU iPhone OS 18_4_1 like Mac OS X) AppleWebKit/605.1.15 (KHTML, like Gecko) Mobile/15E148"
162.0.232.193 - - [12/Jun/2025:12:39:28 -0400] "POST /wp-cron.php?doing_wp_cron=1749746367.9701979160308837890625 HTTP/1.1" 200 0 "-" "WordPress/6.8.1; https://wotaku-manga.com"
51.222.253.20 - - [12/Jun/2025:12:39:26 -0400] "GET /z/1457814639.shtm HTTP/1.1" 301 0 "-" "Mozilla/5.0 (compatible; AhrefsBot/7.0; +http://ahrefs.com/robot/)"
2001:44c8:6014:781f:1847:b487:7f10:2e6 - - [12/Jun/2025:12:39:31 -0400] "GET /manga/wotaku-ni-koi-wa-muzukashii-chapter-61-5/ HTTP/1.1" 200 42671 "https://wotaku-manga.com/manga/wotaku-ni-koi-wa-muzukashii-chapter-61/" "Mozilla/5.0 (Linux; Android 10; K) AppleWebKit/537.36 (KHTML, like Gecko) Chrome/111.0.0.0 Mobile Safari/537.36"
162.0.232.193 - - [12/Jun/2025:12:39:38 -0400] "POST /wp-admin/admin-ajax.php?action=as_async_request_queue_runner&nonce=b0df1da886 HTTP/1.1" 200 0 "-" "WordPress/6.8.1; https://wotaku-manga.com"
2001:44c8:6014:781f:1847:b487:7f10:2e6 - - [12/Jun/2025:12:39:35 -0400] "POST /wp-admin/admin-ajax.php HTTP/1.1" 200 61 "https://wotaku-manga.com/manga/wotaku-ni-koi-wa-muzukashii-chapter-61-5/" "Mozilla/5.0 (Linux; Android 10; K) AppleWebKit/537.36 (KHTML, like Gecko) Chrome/111.0.0.0 Mobile Safari/537.36"
162.0.232.193 - - [12/Jun/2025:12:39:40 -0400] "GET /manga/wotakoi-love-is-hard-for-otaku-chapter-2/ HTTP/1.1" 200 46147 "-" "WP Rocket/Preload"
51.222.253.20 - - [12/Jun/2025:12:39:41 -0400] "GET /z/1509740787.shtm HTTP/1.1" 301 0 "-" "Mozilla/5.0 (compatible; AhrefsBot/7.0; +http://ahrefs.com/robot/)"
162.0.232.193 - - [12/Jun/2025:12:39:41 -0400] "GET /manga/wotakoi-love-is-hard-for-otaku-chapter-2/ HTTP/1.1" 200 0 "-" "WP Rocket/Preload Mozilla/5.0 (iPhone; CPU iPhone OS 9_1 like Mac OS X) AppleWebKit/601.1.46 (KHTML, like Gecko) Version/9.0 Mobile/13B143 Safari/601.1"
162.0.232.193 - - [12/Jun/2025:12:39:43 -0400] "GET /manga/wotakoi-love-is-hard-for-otaku-chapter-14/ HTTP/1.1" 200 41640 "-" "WP Rocket/Preload"
162.0.232.193 - - [12/Jun/2025:12:39:45 -0400] "POST /wp-cron.php?doing_wp_cron=1749746385.0559260845184326171875 HTTP/1.1" 200 0 "-" "WordPress/6.8.1; https://wotaku-manga.com"
162.0.232.193 - - [12/Jun/2025:12:39:44 -0400] "GET /manga/wotakoi-love-is-hard-for-otaku-chapter-14/ HTTP/1.1" 200 0 "-" "WP Rocket/Preload Mozilla/5.0 (iPhone; CPU iPhone OS 9_1 like Mac OS X) AppleWebKit/601.1.46 (KHTML, like Gecko) Version/9.0 Mobile/13B143 Safari/601.1"
2a03:2880:f800:1b:: - - [12/Jun/2025:12:39:43 -0400] "GET /shopdetail/308520935 HTTP/1.1" 301 0 "-" "meta-externalagent/1.1 (+https://developers.facebook.com/docs/sharing/webmasters/crawler)"
162.0.232.193 - - [12/Jun/2025:12:39:46 -0400] "GET /manga/wotakoi-love-is-hard-for-otaku-chapter-15/ HTTP/1.1" 200 41370 "-" "WP Rocket/Preload"
162.0.232.193 - - [12/Jun/2025:12:39:47 -0400] "GET /manga/wotakoi-love-is-hard-for-otaku-chapter-15/ HTTP/1.1" 200 0 "-" "WP Rocket/Preload Mozilla/5.0 (iPhone; CPU iPhone OS 9_1 like Mac OS X) AppleWebKit/601.1.46 (KHTML, like Gecko) Version/9.0 Mobile/13B143 Safari/601.1"
2a03:2880:f800:6:: - - [12/Jun/2025:12:39:48 -0400] "GET / HTTP/1.1" 200 37434 "-" "meta-externalagent/1.1 (+https://developers.facebook.com/docs/sharing/webmasters/crawler)"
162.0.232.193 - - [12/Jun/2025:12:39:49 -0400] "GET /manga/wotakoi-love-is-hard-for-otaku-chapter-16/ HTTP/1.1" 200 41898 "-" "WP Rocket/Preload"
162.0.232.193 - - [12/Jun/2025:12:39:50 -0400] "GET /manga/wotakoi-love-is-hard-for-otaku-chapter-16/ HTTP/1.1" 200 0 "-" "WP Rocket/Preload Mozilla/5.0 (iPhone; CPU iPhone OS 9_1 like Mac OS X) AppleWebKit/601.1.46 (KHTML, like Gecko) Version/9.0 Mobile/13B143 Safari/601.1"
45.229.168.74 - - [12/Jun/2025:12:39:51 -0400] "GET / HTTP/1.1" 200 37976 "-" "Mozilla/5.0 (iPhone; CPU iPhone OS 18_4_1 like Mac OS X) AppleWebKit/605.1.15 (KHTML, like Gecko) Mobile/15E148"
162.0.232.193 - - [12/Jun/2025:12:39:52 -0400] "GET /manga/wotakoi-love-is-hard-for-otaku-chapter-17/ HTTP/1.1" 200 42027 "-" "WP Rocket/Preload"
162.0.232.193 - - [12/Jun/2025:12:39:53 -0400] "GET /manga/wotakoi-love-is-hard-for-otaku-chapter-17/ HTTP/1.1" 200 0 "-" "WP Rocket/Preload Mozilla/5.0 (iPhone; CPU iPhone OS 9_1 like Mac OS X) AppleWebKit/601.1.46 (KHTML, like Gecko) Version/9.0 Mobile/13B143 Safari/601.1"
162.0.232.193 - - [12/Jun/2025:12:39:55 -0400] "GET /manga/wotakoi-love-is-hard-for-otaku-chapter-19-5/ HTTP/1.1" 200 41913 "-" "WP Rocket/Preload"
51.222.253.6 - - [12/Jun/2025:12:39:54 -0400] "GET /z/1533908085.shtm HTTP/1.1" 301 0 "-" "Mozilla/5.0 (compatible; AhrefsBot/7.0; +http://ahrefs.com/robot/)"
162.0.232.193 - - [12/Jun/2025:12:39:56 -0400] "GET /manga/wotakoi-love-is-hard-for-otaku-chapter-19-5/ HTTP/1.1" 200 0 "-" "WP Rocket/Preload Mozilla/5.0 (iPhone; CPU iPhone OS 9_1 like Mac OS X) AppleWebKit/601.1.46 (KHTML, like Gecko) Version/9.0 Mobile/13B143 Safari/601.1"
162.0.232.193 - - [12/Jun/2025:12:39:58 -0400] "GET /manga/wotakoi-love-is-hard-for-otaku-chapter-22/ HTTP/1.1" 200 41361 "-" "WP Rocket/Preload"
162.0.232.193 - - [12/Jun/2025:12:39:59 -0400] "GET /manga/wotakoi-love-is-hard-for-otaku-chapter-22/ HTTP/1.1" 200 0 "-" "WP Rocket/Preload Mozilla/5.0 (iPhone; CPU iPhone OS 9_1 like Mac OS X) AppleWebKit/601.1.46 (KHTML, like Gecko) Version/9.0 Mobile/13B143 Safari/601.1"
162.0.232.193 - - [12/Jun/2025:12:40:00 -0400] "POST /wp-cron.php?doing_wp_cron=1749746400.2747960090637207031250 HTTP/1.1" 200 0 "-" "WordPress/6.8.1; https://wotaku-manga.com"
162.0.232.193 - - [12/Jun/2025:12:40:01 -0400] "GET /manga/wotakoi-love-is-hard-for-otaku-chapter-68/ HTTP/1.1" 200 41595 "-" "WP Rocket/Preload"
162.0.232.193 - - [12/Jun/2025:12:40:04 -0400] "GET /manga/wotakoi-love-is-hard-for-otaku-chapter-68/ HTTP/1.1" 200 0 "-" "WP Rocket/Preload Mozilla/5.0 (iPhone; CPU iPhone OS 9_1 like Mac OS X) AppleWebKit/601.1.46 (KHTML, like Gecko) Version/9.0 Mobile/13B143 Safari/601.1"
2001:44c8:6014:781f:1847:b487:7f10:2e6 - - [12/Jun/2025:12:40:04 -0400] "GET /manga/wotaku-ni-koi-wa-muzukashii-chapter-62/ HTTP/1.1" 200 42387 "https://wotaku-manga.com/manga/wotaku-ni-koi-wa-muzukashii-chapter-61-5/" "Mozilla/5.0 (Linux; Android 10; K) AppleWebKit/537.36 (KHTML, like Gecko) Chrome/111.0.0.0 Mobile Safari/537.36"
51.222.253.10 - - [12/Jun/2025:12:40:03 -0400] "GET /z/1577263083.shtm HTTP/1.1" 301 0 "-" "Mozilla/5.0 (compatible; AhrefsBot/7.0; +http://ahrefs.com/robot/)"
2a03:2880:f800:b:: - - [12/Jun/2025:12:40:05 -0400] "GET /shopdetail/410288535 HTTP/1.1" 301 0 "-" "meta-externalagent/1.1 (+https://developers.facebook.com/docs/sharing/webmasters/crawler)"
162.0.232.193 - - [12/Jun/2025:12:40:06 -0400] "GET /manga/wotakoi-love-is-hard-for-otaku-chapter-66/ HTTP/1.1" 200 0 "-" "WP Rocket/Preload"
162.0.232.193 - - [12/Jun/2025:12:40:07 -0400] "GET /manga/wotakoi-love-is-hard-for-otaku-chapter-66/ HTTP/1.1" 200 43186 "-" "WP Rocket/Preload Mozilla/5.0 (iPhone; CPU iPhone OS 9_1 like Mac OS X) AppleWebKit/601.1.46 (KHTML, like Gecko) Version/9.0 Mobile/13B143 Safari/601.1"
2a03:2880:f800:16:: - - [12/Jun/2025:12:40:08 -0400] "GET / HTTP/1.1" 200 37331 "-" "meta-externalagent/1.1 (+https://developers.facebook.com/docs/sharing/webmasters/crawler)"
162.0.232.193 - - [12/Jun/2025:12:40:09 -0400] "GET /manga/wotakoi-love-is-hard-for-otaku-chapter-65/ HTTP/1.1" 200 0 "-" "WP Rocket/Preload"
162.0.232.193 - - [12/Jun/2025:12:40:11 -0400] "GET /manga/wotakoi-love-is-hard-for-otaku-chapter-65/ HTTP/1.1" 200 42965 "-" "WP Rocket/Preload Mozilla/5.0 (iPhone; CPU iPhone OS 9_1 like Mac OS X) AppleWebKit/601.1.46 (KHTML, like Gecko) Version/9.0 Mobile/13B143 Safari/601.1"
2001:44c8:6014:781f:1847:b487:7f10:2e6 - - [12/Jun/2025:12:40:07 -0400] "POST /wp-admin/admin-ajax.php HTTP/1.1" 200 61 "https://wotaku-manga.com/manga/wotaku-ni-koi-wa-muzukashii-chapter-62/" "Mozilla/5.0 (Linux; Android 10; K) AppleWebKit/537.36 (KHTML, like Gecko) Chrome/111.0.0.0 Mobile Safari/537.36"
47.82.60.27 - - [12/Jun/2025:12:40:12 -0400] "GET /wp-includes/css/dist/preferences/preferences HTTP/1.1" 301 795 "https://wotaku-manga.com/wp-includes/css/dist/preferences/preferences" "Mozilla/5.0 (Windows NT 10.0; Win64; x64) AppleWebKit/537.36 (KHTML, like Gecko) Chrome/114.0.0.0 Safari/537.36 Edg/114.0.1823.43"
162.0.232.193 - - [12/Jun/2025:12:40:12 -0400] "GET /manga/wotakoi-love-is-hard-for-otaku-chapter-64/ HTTP/1.1" 200 0 "-" "WP Rocket/Preload"
47.82.60.27 - - [12/Jun/2025:12:40:13 -0400] "GET /wp-includes/css/dist/preferences/preferences/ HTTP/1.1" 200 0 "https://wotaku-manga.com/wp-includes/css/dist/preferences/preferences" "Mozilla/5.0 (Windows NT 10.0; Win64; x64) AppleWebKit/537.36 (KHTML, like Gecko) Chrome/114.0.0.0 Safari/537.36 Edg/114.0.1823.43"
2a03:2880:f800:1c:: - - [12/Jun/2025:12:40:12 -0400] "GET /shopdetail/122270735 HTTP/1.1" 301 0 "-" "meta-externalagent/1.1 (+https://developers.facebook.com/docs/sharing/webmasters/crawler)"
162.0.232.193 - - [12/Jun/2025:12:40:14 -0400] "GET /manga/wotakoi-love-is-hard-for-otaku-chapter-64/ HTTP/1.1" 200 42606 "-" "WP Rocket/Preload Mozilla/5.0 (iPhone; CPU iPhone OS 9_1 like Mac OS X) AppleWebKit/601.1.46 (KHTML, like Gecko) Version/9.0 Mobile/13B143 Safari/601.1"
162.0.232.193 - - [12/Jun/2025:12:40:15 -0400] "GET /manga/wotaku-ni-koi-wa-muzukashii-chapter-23/ HTTP/1.1" 200 0 "-" "WP Rocket/Preload"
2a03:2880:f800:8:: - - [12/Jun/2025:12:40:16 -0400] "GET / HTTP/1.1" 200 37331 "-" "meta-externalagent/1.1 (+https://developers.facebook.com/docs/sharing/webmasters/crawler)"
162.0.232.193 - - [12/Jun/2025:12:40:17 -0400] "GET /manga/wotaku-ni-koi-wa-muzukashii-chapter-23/ HTTP/1.1" 200 0 "-" "WP Rocket/Preload Mozilla/5.0 (iPhone; CPU iPhone OS 9_1 like Mac OS X) AppleWebKit/601.1.46 (KHTML, like Gecko) Version/9.0 Mobile/13B143 Safari/601.1"
51.222.253.3 - - [12/Jun/2025:12:40:15 -0400] "GET /z/1644625873.shtm HTTP/1.1" 301 0 "-" "Mozilla/5.0 (compatible; AhrefsBot/7.0; +http://ahrefs.com/robot/)"
162.0.232.193 - - [12/Jun/2025:12:40:18 -0400] "GET /manga/wotaku-ni-koi-wa-muzukashii-chapter-25/ HTTP/1.1" 200 0 "-" "WP Rocket/Preload"
162.0.232.193 - - [12/Jun/2025:12:40:20 -0400] "GET /manga/wotaku-ni-koi-wa-muzukashii-chapter-25/ HTTP/1.1" 200 0 "-" "WP Rocket/Preload Mozilla/5.0 (iPhone; CPU iPhone OS 9_1 like Mac OS X) AppleWebKit/601.1.46 (KHTML, like Gecko) Version/9.0 Mobile/13B143 Safari/601.1"
66.249.66.164 - - [12/Jun/2025:12:40:21 -0400] "GET /pyv/79096207.shtm HTTP/1.1" 200 81427 "-" "Mozilla/5.0 (Linux; Android 6.0.1; Nexus 5X Build/MMB29P) AppleWebKit/537.36 (KHTML, like Gecko) Chrome/136.0.7103.113 Mobile Safari/537.36 (compatible; Googlebot/2.1; +http://www.google.com/bot.html)"
66.249.66.74 - - [12/Jun/2025:12:40:23 -0400] "GET /hyf/53973561.shtm HTTP/1.1" 200 82717 "-" "Mozilla/5.0 (Linux; Android 6.0.1; Nexus 5X Build/MMB29P) AppleWebKit/537.36 (KHTML, like Gecko) Chrome/136.0.7103.113 Mobile Safari/537.36 (compatible; Googlebot/2.1; +http://www.google.com/bot.html)"
66.249.66.8 - - [12/Jun/2025:12:40:32 -0400] "GET /index.php?v/entity/literal332533921.shtm HTTP/1.1" 200 81950 "-" "Mozilla/5.0 (Linux; Android 6.0.1; Nexus 5X Build/MMB29P) AppleWebKit/537.36 (KHTML, like Gecko) Chrome/136.0.7103.113 Mobile Safari/537.36 (compatible; Googlebot/2.1; +http://www.google.com/bot.html)"
