66.249.66.70 - - [12/Jun/2025:08:47:29 -0400] "GET /manga/wotakoi-love-is-hard-for-otaku-chapter-69/ HTTP/1.1" 200 81427 "-" "Mozilla/5.0 (Linux; Android 6.0.1; Nexus 5X Build/MMB29P) AppleWebKit/537.36 (KHTML, like Gecko) Chrome/136.0.7103.113 Mobile Safari/537.36 (compatible; Googlebot/2.1; +http://www.google.com/bot.html)"
66.249.66.65 - - [12/Jun/2025:08:47:31 -0400] "GET /q70753342.shtm HTTP/1.1" 200 81739 "-" "Mozilla/5.0 (Linux; Android 6.0.1; Nexus 5X Build/MMB29P) AppleWebKit/537.36 (KHTML, like Gecko) Chrome/136.0.7103.113 Mobile Safari/537.36 (compatible; Googlebot/2.1; +http://www.google.com/bot.html)"
51.222.253.18 - - [12/Jun/2025:08:47:32 -0400] "GET /j1271557301.shtm HTTP/1.1" 301 0 "-" "Mozilla/5.0 (compatible; AhrefsBot/7.0; +http://ahrefs.com/robot/)"
51.222.253.14 - - [12/Jun/2025:08:47:36 -0400] "GET /j1429077279.shtm HTTP/1.1" 301 0 "-" "Mozilla/5.0 (compatible; AhrefsBot/7.0; +http://ahrefs.com/robot/)"
51.222.253.17 - - [12/Jun/2025:08:47:41 -0400] "GET /j1543949203.shtm HTTP/1.1" 301 0 "-" "Mozilla/5.0 (compatible; AhrefsBot/7.0; +http://ahrefs.com/robot/)"
2a03:2880:f800:2:: - - [12/Jun/2025:08:47:41 -0400] "GET /shopdetail/208803735 HTTP/1.1" 301 0 "-" "meta-externalagent/1.1 (+https://developers.facebook.com/docs/sharing/webmasters/crawler)"
2a03:2880:f800:13:: - - [12/Jun/2025:08:47:46 -0400] "GET / HTTP/1.1" 200 37331 "-" "meta-externalagent/1.1 (+https://developers.facebook.com/docs/sharing/webmasters/crawler)"
162.0.232.193 - - [12/Jun/2025:08:47:47 -0400] "POST /wp-cron.php?doing_wp_cron=1749732466.2882099151611328125000 HTTP/1.1" 200 0 "-" "WordPress/6.8.1; https://wotaku-manga.com"
51.222.253.18 - - [12/Jun/2025:08:47:44 -0400] "GET /j174443259.shtm HTTP/1.1" 301 0 "-" "Mozilla/5.0 (compatible; AhrefsBot/7.0; +http://ahrefs.com/robot/)"
51.222.253.11 - - [12/Jun/2025:08:47:48 -0400] "GET /j1792383583.shtm HTTP/1.1" 301 0 "-" "Mozilla/5.0 (compatible; AhrefsBot/7.0; +http://ahrefs.com/robot/)"
51.222.253.11 - - [12/Jun/2025:08:47:56 -0400] "GET /j2024253697.shtm HTTP/1.1" 301 0 "-" "Mozilla/5.0 (compatible; AhrefsBot/7.0; +http://ahrefs.com/robot/)"
162.0.232.193 - - [12/Jun/2025:08:48:00 -0400] "POST /wp-cron.php?doing_wp_cron=1749732479.5944108963012695312500 HTTP/1.1" 200 0 "-" "WordPress/6.8.1; https://wotaku-manga.com"
51.222.253.8 - - [12/Jun/2025:08:47:58 -0400] "GET /j2027159051.shtm HTTP/1.1" 301 0 "-" "Mozilla/5.0 (compatible; AhrefsBot/7.0; +http://ahrefs.com/robot/)"
51.222.253.7 - - [12/Jun/2025:08:48:05 -0400] "GET /j413513311.shtm HTTP/1.1" 301 0 "-" "Mozilla/5.0 (compatible; AhrefsBot/7.0; +http://ahrefs.com/robot/)"
51.222.253.12 - - [12/Jun/2025:08:48:10 -0400] "GET /j492158023.shtm HTTP/1.1" 301 0 "-" "Mozilla/5.0 (compatible; AhrefsBot/7.0; +http://ahrefs.com/robot/)"
216.73.216.49 - - [12/Jun/2025:08:48:15 -0400] "GET /sitemap-child-3021.xml HTTP/1.1" 200 11390 "-" "Mozilla/5.0 AppleWebKit/537.36 (KHTML, like Gecko; compatible; ClaudeBot/1.0; [email protected])"
51.222.253.6 - - [12/Jun/2025:08:48:15 -0400] "GET /j668706075.shtm HTTP/1.1" 301 0 "-" "Mozilla/5.0 (compatible; AhrefsBot/7.0; +http://ahrefs.com/robot/)"
162.0.232.193 - - [12/Jun/2025:08:48:21 -0400] "POST /wp-cron.php?doing_wp_cron=1749732500.5937669277191162109375 HTTP/1.1" 200 0 "-" "WordPress/6.8.1; https://wotaku-manga.com"
51.222.253.5 - - [12/Jun/2025:08:48:19 -0400] "GET /j851046217.shtm HTTP/1.1" 301 0 "-" "Mozilla/5.0 (compatible; AhrefsBot/7.0; +http://ahrefs.com/robot/)"
51.222.253.18 - - [12/Jun/2025:08:48:25 -0400] "GET /j933177157.shtm HTTP/1.1" 301 0 "-" "Mozilla/5.0 (compatible; AhrefsBot/7.0; +http://ahrefs.com/robot/)"
51.222.253.2 - - [12/Jun/2025:08:48:29 -0400] "GET /j979364037.shtm HTTP/1.1" 301 0 "-" "Mozilla/5.0 (compatible; AhrefsBot/7.0; +http://ahrefs.com/robot/)"
51.222.253.15 - - [12/Jun/2025:08:48:33 -0400] "GET /jb1150402735.shtm HTTP/1.1" 301 0 "-" "Mozilla/5.0 (compatible; AhrefsBot/7.0; +http://ahrefs.com/robot/)"
51.222.253.15 - - [12/Jun/2025:08:48:38 -0400] "GET /jbp535723229.shtm HTTP/1.1" 301 0 "-" "Mozilla/5.0 (compatible; AhrefsBot/7.0; +http://ahrefs.com/robot/)"
51.222.253.11 - - [12/Jun/2025:08:48:43 -0400] "GET /jd1153167265.shtm HTTP/1.1" 301 0 "-" "Mozilla/5.0 (compatible; AhrefsBot/7.0; +http://ahrefs.com/robot/)"
162.0.232.193 - - [12/Jun/2025:08:48:48 -0400] "POST /wp-cron.php?doing_wp_cron=1749732528.0606479644775390625000 HTTP/1.1" 200 0 "-" "WordPress/6.8.1; https://wotaku-manga.com"
51.222.253.19 - - [12/Jun/2025:08:48:47 -0400] "GET /jd1397447509.shtm HTTP/1.1" 301 0 "-" "Mozilla/5.0 (compatible; AhrefsBot/7.0; +http://ahrefs.com/robot/)"
51.222.253.7 - - [12/Jun/2025:08:48:52 -0400] "GET /jdp681608605.shtm HTTP/1.1" 301 0 "-" "Mozilla/5.0 (compatible; AhrefsBot/7.0; +http://ahrefs.com/robot/)"
51.222.253.5 - - [12/Jun/2025:08:48:56 -0400] "GET /jf/126370925.shtm HTTP/1.1" 301 0 "-" "Mozilla/5.0 (compatible; AhrefsBot/7.0; +http://ahrefs.com/robot/)"
162.0.232.193 - - [12/Jun/2025:08:49:08 -0400] "POST /wp-cron.php?doing_wp_cron=1749732548.5649919509887695312500 HTTP/1.1" 200 0 "-" "WordPress/6.8.1; https://wotaku-manga.com"
51.222.253.10 - - [12/Jun/2025:08:49:07 -0400] "GET /jf486296621.shtm HTTP/1.1" 301 0 "-" "Mozilla/5.0 (compatible; AhrefsBot/7.0; +http://ahrefs.com/robot/)"
51.222.253.19 - - [12/Jun/2025:08:49:13 -0400] "GET /jf491436405.shtm HTTP/1.1" 301 0 "-" "Mozilla/5.0 (compatible; AhrefsBot/7.0; +http://ahrefs.com/robot/)"
162.0.232.193 - - [12/Jun/2025:08:49:19 -0400] "POST /wp-cron.php?doing_wp_cron=1749732559.3630030155181884765625 HTTP/1.1" 200 0 "-" "WordPress/6.8.1; https://wotaku-manga.com"
51.222.253.4 - - [12/Jun/2025:08:49:18 -0400] "GET /jh/979347259.shtm HTTP/1.1" 301 0 "-" "Mozilla/5.0 (compatible; AhrefsBot/7.0; +http://ahrefs.com/robot/)"
51.222.253.11 - - [12/Jun/2025:08:49:24 -0400] "GET /jh1143239481.shtm HTTP/1.1" 301 0 "-" "Mozilla/5.0 (compatible; AhrefsBot/7.0; +http://ahrefs.com/robot/)"
51.222.253.7 - - [12/Jun/2025:08:49:30 -0400] "GET /jh1825845041.shtm HTTP/1.1" 301 0 "-" "Mozilla/5.0 (compatible; AhrefsBot/7.0; +http://ahrefs.com/robot/)"
216.73.216.49 - - [12/Jun/2025:08:49:37 -0400] "GET /sitemap-child-1951.xml HTTP/1.1" 200 11431 "-" "Mozilla/5.0 AppleWebKit/537.36 (KHTML, like Gecko; compatible; ClaudeBot/1.0; [email protected])"
51.222.253.2 - - [12/Jun/2025:08:49:36 -0400] "GET /jh253792819.shtm HTTP/1.1" 301 0 "-" "Mozilla/5.0 (compatible; AhrefsBot/7.0; +http://ahrefs.com/robot/)"
51.222.253.17 - - [12/Jun/2025:08:49:41 -0400] "GET /jl/400206519.shtm HTTP/1.1" 301 0 "-" "Mozilla/5.0 (compatible; AhrefsBot/7.0; +http://ahrefs.com/robot/)"
162.0.232.193 - - [12/Jun/2025:08:49:46 -0400] "POST /wp-cron.php?doing_wp_cron=1749732585.8713560104370117187500 HTTP/1.1" 200 0 "-" "WordPress/6.8.1; https://wotaku-manga.com"
51.222.253.6 - - [12/Jun/2025:08:49:45 -0400] "GET /jl1905740783.shtm HTTP/1.1" 301 0 "-" "Mozilla/5.0 (compatible; AhrefsBot/7.0; +http://ahrefs.com/robot/)"
2607:fb90:be3c:c3e5:c0a1:af22:8642:98f0 - - [12/Jun/2025:08:49:46 -0400] "GET /manga/wotakoi-love-is-hard-for-otaku-chapter-78/ HTTP/1.1" 200 41387 "https://wotaku-manga.com/manga/wotakoi-love-is-hard-for-otaku-chapter-77-5/" "Mozilla/5.0 (Windows NT 10.0; Win64; x64) AppleWebKit/537.36 (KHTML, like Gecko) Chrome/134.0.0.0 Safari/537.36 OPR/119.0.0.0"
2a03:2880:f800:a:: - - [12/Jun/2025:08:49:55 -0400] "GET /shopdetail/299958235 HTTP/1.1" 301 0 "-" "meta-externalagent/1.1 (+https://developers.facebook.com/docs/sharing/webmasters/crawler)"
51.222.253.6 - - [12/Jun/2025:08:49:56 -0400] "GET /jp/536428141.shtm HTTP/1.1" 301 0 "-" "Mozilla/5.0 (compatible; AhrefsBot/7.0; +http://ahrefs.com/robot/)"
2a03:2880:f800:4:: - - [12/Jun/2025:08:49:58 -0400] "GET / HTTP/1.1" 200 37331 "-" "meta-externalagent/1.1 (+https://developers.facebook.com/docs/sharing/webmasters/crawler)"
162.0.232.193 - - [12/Jun/2025:08:50:05 -0400] "POST /wp-cron.php?doing_wp_cron=1749732604.8562679290771484375000 HTTP/1.1" 200 0 "-" "WordPress/6.8.1; https://wotaku-manga.com"
51.222.253.3 - - [12/Jun/2025:08:50:02 -0400] "GET /jp263737957.shtm HTTP/1.1" 301 0 "-" "Mozilla/5.0 (compatible; AhrefsBot/7.0; +http://ahrefs.com/robot/)"
51.222.253.2 - - [12/Jun/2025:08:50:07 -0400] "GET /jp326841127.shtm HTTP/1.1" 301 0 "-" "Mozilla/5.0 (compatible; AhrefsBot/7.0; +http://ahrefs.com/robot/)"
51.222.253.10 - - [12/Jun/2025:08:50:11 -0400] "GET /jpp223904631.shtm HTTP/1.1" 301 0 "-" "Mozilla/5.0 (compatible; AhrefsBot/7.0; +http://ahrefs.com/robot/)"
162.0.232.193 - - [12/Jun/2025:08:50:23 -0400] "POST /wp-cron.php?doing_wp_cron=1749732623.4927659034729003906250 HTTP/1.1" 200 0 "-" "WordPress/6.8.1; https://wotaku-manga.com"
51.222.253.15 - - [12/Jun/2025:08:50:20 -0400] "GET /jt1798930503.shtm HTTP/1.1" 301 0 "-" "Mozilla/5.0 (compatible; AhrefsBot/7.0; +http://ahrefs.com/robot/)"
51.222.253.7 - - [12/Jun/2025:08:50:24 -0400] "GET /jt622800379.shtm HTTP/1.1" 301 0 "-" "Mozilla/5.0 (compatible; AhrefsBot/7.0; +http://ahrefs.com/robot/)"
66.249.66.64 - - [12/Jun/2025:08:50:32 -0400] "GET /fdp70763747.shtm HTTP/1.1" 200 81275 "-" "Mozilla/5.0 (Linux; Android 6.0.1; Nexus 5X Build/MMB29P) AppleWebKit/537.36 (KHTML, like Gecko) Chrome/136.0.7103.113 Mobile Safari/537.36 (compatible; Googlebot/2.1; +http://www.google.com/bot.html)"
51.222.253.2 - - [12/Jun/2025:08:50:35 -0400] "GET /jv/457483099.shtm HTTP/1.1" 301 0 "-" "Mozilla/5.0 (compatible; AhrefsBot/7.0; +http://ahrefs.com/robot/)"
162.0.232.193 - - [12/Jun/2025:08:50:46 -0400] "POST /wp-cron.php?doing_wp_cron=1749732646.2737510204315185546875 HTTP/1.1" 200 0 "-" "WordPress/6.8.1; https://wotaku-manga.com"
51.222.253.6 - - [12/Jun/2025:08:50:45 -0400] "GET /jv/533382923.shtm HTTP/1.1" 301 0 "-" "Mozilla/5.0 (compatible; AhrefsBot/7.0; +http://ahrefs.com/robot/)"
51.222.253.1 - - [12/Jun/2025:08:50:53 -0400] "GET /jx1087334505.shtm HTTP/1.1" 301 0 "-" "Mozilla/5.0 (compatible; AhrefsBot/7.0; +http://ahrefs.com/robot/)"
162.0.232.193 - - [12/Jun/2025:08:50:59 -0400] "POST /wp-cron.php?doing_wp_cron=1749732659.3845500946044921875000 HTTP/1.1" 200 0 "-" "WordPress/6.8.1; https://wotaku-manga.com"
51.222.253.10 - - [12/Jun/2025:08:50:58 -0400] "GET /jx684125491.shtm HTTP/1.1" 301 0 "-" "Mozilla/5.0 (compatible; AhrefsBot/7.0; +http://ahrefs.com/robot/)"
51.222.253.8 - - [12/Jun/2025:08:51:02 -0400] "GET /jxd847966187.shtm HTTP/1.1" 301 0 "-" "Mozilla/5.0 (compatible; AhrefsBot/7.0; +http://ahrefs.com/robot/)"
51.222.253.1 - - [12/Jun/2025:08:51:09 -0400] "GET /jyt/20653561.shtm HTTP/1.1" 301 0 "-" "Mozilla/5.0 (compatible; AhrefsBot/7.0; +http://ahrefs.com/robot/)"
2001:fb1:15a:ae21:5961:a198:7068:37d0 - - [12/Jun/2025:08:51:12 -0400] "GET /manga/wotakoi-love-is-hard-for-otaku-chapter-3/ HTTP/1.1" 200 42484 "https://wotaku-manga.com/manga/wotakoi-love-is-hard-for-otaku-chapter-2/" "Mozilla/5.0 (Macintosh; Intel Mac OS X 10_15_7) AppleWebKit/537.36 (KHTML, like Gecko) Chrome/137.0.0.0 Safari/537.36"
2001:fb1:15a:ae21:5961:a198:7068:37d0 - - [12/Jun/2025:08:51:15 -0400] "GET /wp-content/plugins/simple-social-buttons/assets/fonts/ssb-icon.ttf?eahqa2 HTTP/1.1" 200 7412 "https://wotaku-manga.com/manga/wotakoi-love-is-hard-for-otaku-chapter-3/" "Mozilla/5.0 (Macintosh; Intel Mac OS X 10_15_7) AppleWebKit/537.36 (KHTML, like Gecko) Chrome/137.0.0.0 Safari/537.36"
2001:fb1:15a:ae21:5961:a198:7068:37d0 - - [12/Jun/2025:08:51:15 -0400] "GET /wp-content/uploads/2022/03/cropped-3612526.webp HTTP/1.1" 200 72576 "https://wotaku-manga.com/manga/wotakoi-love-is-hard-for-otaku-chapter-3/" "Mozilla/5.0 (Macintosh; Intel Mac OS X 10_15_7) AppleWebKit/537.36 (KHTML, like Gecko) Chrome/137.0.0.0 Safari/537.36"
51.222.253.3 - - [12/Jun/2025:08:51:14 -0400] "GET /jz605357765.shtm HTTP/1.1" 301 0 "-" "Mozilla/5.0 (compatible; AhrefsBot/7.0; +http://ahrefs.com/robot/)"
162.0.232.193 - - [12/Jun/2025:08:51:26 -0400] "POST /wp-cron.php?doing_wp_cron=1749732685.7486269474029541015625 HTTP/1.1" 200 0 "-" "WordPress/6.8.1; https://wotaku-manga.com"
51.222.253.10 - - [12/Jun/2025:08:51:22 -0400] "GET /k/1003866432.shtm HTTP/1.1" 301 0 "-" "Mozilla/5.0 (compatible; AhrefsBot/7.0; +http://ahrefs.com/robot/)"
2a03:2880:f800:d:: - - [12/Jun/2025:08:51:21 -0400] "GET /shopdetail/107734635 HTTP/1.1" 301 0 "-" "meta-externalagent/1.1 (+https://developers.facebook.com/docs/sharing/webmasters/crawler)"
2a03:2880:f800:4:: - - [12/Jun/2025:08:51:31 -0400] "GET / HTTP/1.1" 200 37331 "-" "meta-externalagent/1.1 (+https://developers.facebook.com/docs/sharing/webmasters/crawler)"
51.222.253.7 - - [12/Jun/2025:08:51:30 -0400] "GET /k/1091789710.shtm HTTP/1.1" 301 0 "-" "Mozilla/5.0 (compatible; AhrefsBot/7.0; +http://ahrefs.com/robot/)"
2607:fb90:be3c:c3e5:c0a1:af22:8642:98f0 - - [12/Jun/2025:08:51:32 -0400] "GET /manga/wotakoi-love-is-hard-for-otaku-chapter-79/ HTTP/1.1" 200 41365 "https://wotaku-manga.com/manga/wotakoi-love-is-hard-for-otaku-chapter-78/" "Mozilla/5.0 (Windows NT 10.0; Win64; x64) AppleWebKit/537.36 (KHTML, like Gecko) Chrome/134.0.0.0 Safari/537.36 OPR/119.0.0.0"
51.222.253.3 - - [12/Jun/2025:08:51:35 -0400] "GET /k/115565188.shtm HTTP/1.1" 301 0 "-" "Mozilla/5.0 (compatible; AhrefsBot/7.0; +http://ahrefs.com/robot/)"
51.222.253.12 - - [12/Jun/2025:08:51:42 -0400] "GET /k/1170928366.shtm HTTP/1.1" 301 0 "-" "Mozilla/5.0 (compatible; AhrefsBot/7.0; +http://ahrefs.com/robot/)"
162.0.232.193 - - [12/Jun/2025:08:51:49 -0400] "POST /wp-cron.php?doing_wp_cron=1749732708.9805309772491455078125 HTTP/1.1" 200 0 "-" "WordPress/6.8.1; https://wotaku-manga.com"
51.222.253.11 - - [12/Jun/2025:08:51:47 -0400] "GET /k/1180503598.shtm HTTP/1.1" 301 0 "-" "Mozilla/5.0 (compatible; AhrefsBot/7.0; +http://ahrefs.com/robot/)"
45.244.106.207 - - [12/Jun/2025:08:51:51 -0400] "GET / HTTP/1.1" 200 37376 "https://www.bing.com/" "Mozilla/5.0 (Windows NT 10.0; Win64; x64) AppleWebKit/537.36 (KHTML, like Gecko) Chrome/137.0.0.0 Safari/537.36 Edg/137.0.0.0"
51.222.253.8 - - [12/Jun/2025:08:51:54 -0400] "GET /k/122323332.shtm HTTP/1.1" 301 0 "-" "Mozilla/5.0 (compatible; AhrefsBot/7.0; +http://ahrefs.com/robot/)"
162.0.232.193 - - [12/Jun/2025:08:52:03 -0400] "POST /wp-cron.php?doing_wp_cron=1749732722.8528249263763427734375 HTTP/1.1" 200 0 "-" "WordPress/6.8.1; https://wotaku-manga.com"
51.222.253.12 - - [12/Jun/2025:08:52:00 -0400] "GET /k/1238923548.shtm HTTP/1.1" 301 0 "-" "Mozilla/5.0 (compatible; AhrefsBot/7.0; +http://ahrefs.com/robot/)"
51.222.253.15 - - [12/Jun/2025:08:52:04 -0400] "GET /k/1295162954.shtm HTTP/1.1" 301 0 "-" "Mozilla/5.0 (compatible; AhrefsBot/7.0; +http://ahrefs.com/robot/)"
51.222.253.6 - - [12/Jun/2025:08:52:11 -0400] "GET /k/1342599576.shtm HTTP/1.1" 301 0 "-" "Mozilla/5.0 (compatible; AhrefsBot/7.0; +http://ahrefs.com/robot/)"
51.222.253.9 - - [12/Jun/2025:08:52:16 -0400] "GET /k/1342811888.shtm HTTP/1.1" 301 0 "-" "Mozilla/5.0 (compatible; AhrefsBot/7.0; +http://ahrefs.com/robot/)"
162.0.232.193 - - [12/Jun/2025:08:52:21 -0400] "POST /wp-cron.php?doing_wp_cron=1749732740.8684270381927490234375 HTTP/1.1" 200 0 "-" "WordPress/6.8.1; https://wotaku-manga.com"
51.222.253.6 - - [12/Jun/2025:08:52:20 -0400] "GET /k/1379123478.shtm HTTP/1.1" 301 0 "-" "Mozilla/5.0 (compatible; AhrefsBot/7.0; +http://ahrefs.com/robot/)"
51.222.253.17 - - [12/Jun/2025:08:52:23 -0400] "GET /k/1450219044.shtm HTTP/1.1" 301 0 "-" "Mozilla/5.0 (compatible; AhrefsBot/7.0; +http://ahrefs.com/robot/)"
2a03:2880:f800:c:: - - [12/Jun/2025:08:52:25 -0400] "GET /shopdetail/219794735 HTTP/1.1" 301 0 "-" "meta-externalagent/1.1 (+https://developers.facebook.com/docs/sharing/webmasters/crawler)"
51.222.253.11 - - [12/Jun/2025:08:52:26 -0400] "GET /k/1549828690.shtm HTTP/1.1" 301 0 "-" "Mozilla/5.0 (compatible; AhrefsBot/7.0; +http://ahrefs.com/robot/)"
2a03:2880:f800:12:: - - [12/Jun/2025:08:52:28 -0400] "GET / HTTP/1.1" 200 37331 "-" "meta-externalagent/1.1 (+https://developers.facebook.com/docs/sharing/webmasters/crawler)"
51.222.253.17 - - [12/Jun/2025:08:52:30 -0400] "GET /k/1742711734.shtm HTTP/1.1" 301 0 "-" "Mozilla/5.0 (compatible; AhrefsBot/7.0; +http://ahrefs.com/robot/)"
51.222.253.17 - - [12/Jun/2025:08:52:36 -0400] "GET /k/1825827282.shtm HTTP/1.1" 301 0 "-" "Mozilla/5.0 (compatible; AhrefsBot/7.0; +http://ahrefs.com/robot/)"
2a03:2880:f800:6:: - - [12/Jun/2025:08:52:42 -0400] "GET /shopdetail/79299135 HTTP/1.1" 301 0 "-" "meta-externalagent/1.1 (+https://developers.facebook.com/docs/sharing/webmasters/crawler)"
51.222.253.8 - - [12/Jun/2025:08:52:43 -0400] "GET /k/1845506070.shtm HTTP/1.1" 301 0 "-" "Mozilla/5.0 (compatible; AhrefsBot/7.0; +http://ahrefs.com/robot/)"
2a03:2880:f800:12:: - - [12/Jun/2025:08:52:45 -0400] "GET / HTTP/1.1" 200 37331 "-" "meta-externalagent/1.1 (+https://developers.facebook.com/docs/sharing/webmasters/crawler)"
162.0.232.193 - - [12/Jun/2025:08:52:52 -0400] "POST /wp-cron.php?doing_wp_cron=1749732771.4597229957580566406250 HTTP/1.1" 200 0 "-" "WordPress/6.8.1; https://wotaku-manga.com"
51.222.253.10 - - [12/Jun/2025:08:52:50 -0400] "GET /k/1888437668.shtm HTTP/1.1" 301 0 "-" "Mozilla/5.0 (compatible; AhrefsBot/7.0; +http://ahrefs.com/robot/)"
51.222.253.13 - - [12/Jun/2025:08:52:54 -0400] "GET /k/189228342.shtm HTTP/1.1" 301 0 "-" "Mozilla/5.0 (compatible; AhrefsBot/7.0; +http://ahrefs.com/robot/)"
162.0.232.193 - - [12/Jun/2025:08:52:59 -0400] "POST /wp-cron.php?doing_wp_cron=1749732778.7698268890380859375000 HTTP/1.1" 200 0 "-" "WordPress/6.8.1; https://wotaku-manga.com"
67.205.59.102 - - [12/Jun/2025:08:52:58 -0400] "POST /wp-login.php HTTP/1.1" 200 2037 "https://wotaku-manga.com" "Mozilla/5.0 (Macintosh; Intel Mac OS X 14.5) AppleWebKit/618.3.5 (KHTML, like Gecko) Version/17.4 Safari/618.3.5"
51.222.253.20 - - [12/Jun/2025:08:52:59 -0400] "GET /k/1931510778.shtm HTTP/1.1" 301 0 "-" "Mozilla/5.0 (compatible; AhrefsBot/7.0; +http://ahrefs.com/robot/)"
51.222.253.11 - - [12/Jun/2025:08:53:04 -0400] "GET /k/2011986098.shtm HTTP/1.1" 301 0 "-" "Mozilla/5.0 (compatible; AhrefsBot/7.0; +http://ahrefs.com/robot/)"
51.222.253.13 - - [12/Jun/2025:08:53:09 -0400] "GET /k/2017477666.shtm HTTP/1.1" 301 0 "-" "Mozilla/5.0 (compatible; AhrefsBot/7.0; +http://ahrefs.com/robot/)"
51.222.253.18 - - [12/Jun/2025:08:53:13 -0400] "GET /k/369949356.shtm HTTP/1.1" 301 0 "-" "Mozilla/5.0 (compatible; AhrefsBot/7.0; +http://ahrefs.com/robot/)"
216.73.216.49 - - [12/Jun/2025:08:53:20 -0400] "GET /sitemap-child-565.xml HTTP/1.1" 200 11306 "-" "Mozilla/5.0 AppleWebKit/537.36 (KHTML, like Gecko; compatible; ClaudeBot/1.0; [email protected])"
162.0.232.193 - - [12/Jun/2025:08:53:22 -0400] "POST /wp-cron.php?doing_wp_cron=1749732802.2773139476776123046875 HTTP/1.1" 200 0 "-" "WordPress/6.8.1; https://wotaku-manga.com"
51.222.253.16 - - [12/Jun/2025:08:53:20 -0400] "GET /k/761575998.shtm HTTP/1.1" 301 0 "-" "Mozilla/5.0 (compatible; AhrefsBot/7.0; +http://ahrefs.com/robot/)"
51.222.253.16 - - [12/Jun/2025:08:53:26 -0400] "GET /k/798891406.shtm HTTP/1.1" 301 0 "-" "Mozilla/5.0 (compatible; AhrefsBot/7.0; +http://ahrefs.com/robot/)"
51.222.253.15 - - [12/Jun/2025:08:53:30 -0400] "GET /k/949706430.shtm HTTP/1.1" 301 0 "-" "Mozilla/5.0 (compatible; AhrefsBot/7.0; +http://ahrefs.com/robot/)"
66.249.66.64 - - [12/Jun/2025:08:53:34 -0400] "GET /s70791116.shtm HTTP/1.1" 200 81675 "-" "Mozilla/5.0 (Linux; Android 6.0.1; Nexus 5X Build/MMB29P) AppleWebKit/537.36 (KHTML, like Gecko) Chrome/136.0.7103.113 Mobile Safari/537.36 (compatible; Googlebot/2.1; +http://www.google.com/bot.html)"
51.222.253.15 - - [12/Jun/2025:08:53:34 -0400] "GET /k/968100512.shtm HTTP/1.1" 301 0 "-" "Mozilla/5.0 (compatible; AhrefsBot/7.0; +http://ahrefs.com/robot/)"
51.222.253.13 - - [12/Jun/2025:08:53:39 -0400] "GET /k1033263060.shtm HTTP/1.1" 301 0 "-" "Mozilla/5.0 (compatible; AhrefsBot/7.0; +http://ahrefs.com/robot/)"
162.0.232.193 - - [12/Jun/2025:08:53:46 -0400] "POST /wp-cron.php?doing_wp_cron=1749732826.4175209999084472656250 HTTP/1.1" 200 0 "-" "WordPress/6.8.1; https://wotaku-manga.com"
51.222.253.8 - - [12/Jun/2025:08:53:45 -0400] "GET /k115758802.shtm HTTP/1.1" 301 0 "-" "Mozilla/5.0 (compatible; AhrefsBot/7.0; +http://ahrefs.com/robot/)"
2a03:2880:f800:5:: - - [12/Jun/2025:08:53:47 -0400] "GET /shopdetail/261868335 HTTP/1.1" 301 0 "-" "meta-externalagent/1.1 (+https://developers.facebook.com/docs/sharing/webmasters/crawler)"
51.222.253.17 - - [12/Jun/2025:08:53:50 -0400] "GET /k1168270200.shtm HTTP/1.1" 301 0 "-" "Mozilla/5.0 (compatible; AhrefsBot/7.0; +http://ahrefs.com/robot/)"
2a03:2880:f800:8:: - - [12/Jun/2025:08:53:51 -0400] "GET / HTTP/1.1" 200 37331 "-" "meta-externalagent/1.1 (+https://developers.facebook.com/docs/sharing/webmasters/crawler)"
51.222.253.5 - - [12/Jun/2025:08:53:55 -0400] "GET /k1176226496.shtm HTTP/1.1" 301 0 "-" "Mozilla/5.0 (compatible; AhrefsBot/7.0; +http://ahrefs.com/robot/)"
2607:fb90:be3c:c3e5:c0a1:af22:8642:98f0 - - [12/Jun/2025:08:54:00 -0400] "GET /manga/wotakoi-love-is-hard-for-otaku-chapter-80/ HTTP/1.1" 200 41344 "https://wotaku-manga.com/manga/wotakoi-love-is-hard-for-otaku-chapter-79/" "Mozilla/5.0 (Windows NT 10.0; Win64; x64) AppleWebKit/537.36 (KHTML, like Gecko) Chrome/134.0.0.0 Safari/537.36 OPR/119.0.0.0"
162.0.232.193 - - [12/Jun/2025:08:54:06 -0400] "POST /wp-cron.php?doing_wp_cron=1749732846.2060201168060302734375 HTTP/1.1" 200 0 "-" "WordPress/6.8.1; https://wotaku-manga.com"
51.222.253.18 - - [12/Jun/2025:08:54:05 -0400] "GET /k129099846.shtm HTTP/1.1" 301 0 "-" "Mozilla/5.0 (compatible; AhrefsBot/7.0; +http://ahrefs.com/robot/)"
51.222.253.16 - - [12/Jun/2025:08:54:12 -0400] "GET /k1599906388.shtm HTTP/1.1" 301 0 "-" "Mozilla/5.0 (compatible; AhrefsBot/7.0; +http://ahrefs.com/robot/)"
162.0.232.193 - - [12/Jun/2025:08:54:19 -0400] "POST /wp-cron.php?doing_wp_cron=1749732859.5994870662689208984375 HTTP/1.1" 200 0 "-" "WordPress/6.8.1; https://wotaku-manga.com"
51.222.253.20 - - [12/Jun/2025:08:54:18 -0400] "GET /k1673622540.shtm HTTP/1.1" 301 0 "-" "Mozilla/5.0 (compatible; AhrefsBot/7.0; +http://ahrefs.com/robot/)"
51.222.253.11 - - [12/Jun/2025:08:54:23 -0400] "GET /k1807381474.shtm HTTP/1.1" 301 0 "-" "Mozilla/5.0 (compatible; AhrefsBot/7.0; +http://ahrefs.com/robot/)"
51.222.253.15 - - [12/Jun/2025:08:54:26 -0400] "GET /k1825968930.shtm HTTP/1.1" 301 0 "-" "Mozilla/5.0 (compatible; AhrefsBot/7.0; +http://ahrefs.com/robot/)"
2a03:2880:f800:c:: - - [12/Jun/2025:08:54:30 -0400] "GET /shopdetail/338007335 HTTP/1.1" 301 0 "-" "meta-externalagent/1.1 (+https://developers.facebook.com/docs/sharing/webmasters/crawler)"
51.222.253.6 - - [12/Jun/2025:08:54:32 -0400] "GET /k1915122044.shtm HTTP/1.1" 301 0 "-" "Mozilla/5.0 (compatible; AhrefsBot/7.0; +http://ahrefs.com/robot/)"
2a03:2880:f800:7:: - - [12/Jun/2025:08:54:33 -0400] "GET / HTTP/1.1" 200 37331 "-" "meta-externalagent/1.1 (+https://developers.facebook.com/docs/sharing/webmasters/crawler)"
51.222.253.8 - - [12/Jun/2025:08:54:36 -0400] "GET /k2019098266.shtm HTTP/1.1" 301 0 "-" "Mozilla/5.0 (compatible; AhrefsBot/7.0; +http://ahrefs.com/robot/)"
2a03:2880:f800:a:: - - [12/Jun/2025:08:54:39 -0400] "GET /shopdetail/369152235 HTTP/1.1" 301 0 "-" "meta-externalagent/1.1 (+https://developers.facebook.com/docs/sharing/webmasters/crawler)"
2a03:2880:f800:12:: - - [12/Jun/2025:08:54:43 -0400] "GET / HTTP/1.1" 200 37331 "-" "meta-externalagent/1.1 (+https://developers.facebook.com/docs/sharing/webmasters/crawler)"
162.0.232.193 - - [12/Jun/2025:08:54:45 -0400] "POST /wp-cron.php?doing_wp_cron=1749732885.2433149814605712890625 HTTP/1.1" 200 0 "-" "WordPress/6.8.1; https://wotaku-manga.com"
51.222.253.1 - - [12/Jun/2025:08:54:43 -0400] "GET /k2019115940.shtm HTTP/1.1" 301 0 "-" "Mozilla/5.0 (compatible; AhrefsBot/7.0; +http://ahrefs.com/robot/)"
2a03:2880:f800:11:: - - [12/Jun/2025:08:54:45 -0400] "GET /shopdetail/241271435 HTTP/1.1" 301 0 "-" "meta-externalagent/1.1 (+https://developers.facebook.com/docs/sharing/webmasters/crawler)"
2a03:2880:f800:3:: - - [12/Jun/2025:08:54:48 -0400] "GET / HTTP/1.1" 200 37331 "-" "meta-externalagent/1.1 (+https://developers.facebook.com/docs/sharing/webmasters/crawler)"
51.222.253.8 - - [12/Jun/2025:08:54:49 -0400] "GET /k250501920.shtm HTTP/1.1" 301 0 "-" "Mozilla/5.0 (compatible; AhrefsBot/7.0; +http://ahrefs.com/robot/)"
51.222.253.8 - - [12/Jun/2025:08:54:55 -0400] "GET /k343581296.shtm HTTP/1.1" 301 0 "-" "Mozilla/5.0 (compatible; AhrefsBot/7.0; +http://ahrefs.com/robot/)"
162.0.232.193 - - [12/Jun/2025:08:55:02 -0400] "POST /wp-cron.php?doing_wp_cron=1749732902.1608099937438964843750 HTTP/1.1" 200 0 "-" "WordPress/6.8.1; https://wotaku-manga.com"
51.222.253.10 - - [12/Jun/2025:08:55:01 -0400] "GET /k410714500.shtm HTTP/1.1" 301 0 "-" "Mozilla/5.0 (compatible; AhrefsBot/7.0; +http://ahrefs.com/robot/)"
45.227.253.15 - - [12/Jun/2025:08:55:06 -0400] "GET /wp-content/plugins/ad-inserter/includes/google-api/vendor/symfony/polyfill-intl-idn/polyfill-intl-idn/index.php?ARRAY=7o2230223n313734393733363539352p2231223n22687474703n5p2s5p2s7n7332353276313367692r776s726465732r746s705p2s3s6p633q78696164616r5s72616r645s7061746826743q313734393733323939352q3362623933643834643935306230613836303763306263643065643737643161222p2232223n223935663330643463303762343939303262313738306563306463386632663565222p2233223n223934356438666134663530376639383361656238376163666666646565326364222p2262696r675s70617373223n2233302q33372q35312q36312q37332q38352q3237227q HTTP/1.1" 500 0 "-" "Mozilla/5.0 (Windows NT 10.0; Win64; x64) AppleWebKit/537.36 (KHTML, like Gecko) Chrome/83.0.3302.140 Safari/537.36 Edge/18.18960"
51.222.253.2 - - [12/Jun/2025:08:55:06 -0400] "GET /k508634226.shtm HTTP/1.1" 301 0 "-" "Mozilla/5.0 (compatible; AhrefsBot/7.0; +http://ahrefs.com/robot/)"
51.222.253.17 - - [12/Jun/2025:08:55:13 -0400] "GET /k541725986.shtm HTTP/1.1" 301 0 "-" "Mozilla/5.0 (compatible; AhrefsBot/7.0; +http://ahrefs.com/robot/)"
162.0.232.193 - - [12/Jun/2025:08:55:22 -0400] "POST /wp-cron.php?doing_wp_cron=1749732921.3621199131011962890625 HTTP/1.1" 200 0 "-" "WordPress/6.8.1; https://wotaku-manga.com"
51.222.253.7 - - [12/Jun/2025:08:55:19 -0400] "GET /k622730334.shtm HTTP/1.1" 301 0 "-" "Mozilla/5.0 (compatible; AhrefsBot/7.0; +http://ahrefs.com/robot/)"
2a03:2880:f800:14:: - - [12/Jun/2025:08:55:22 -0400] "GET /shopdetail/266611635 HTTP/1.1" 301 0 "-" "meta-externalagent/1.1 (+https://developers.facebook.com/docs/sharing/webmasters/crawler)"
51.222.253.18 - - [12/Jun/2025:08:55:26 -0400] "GET /k747704790.shtm HTTP/1.1" 301 0 "-" "Mozilla/5.0 (compatible; AhrefsBot/7.0; +http://ahrefs.com/robot/)"
2a03:2880:f800:f:: - - [12/Jun/2025:08:55:28 -0400] "GET / HTTP/1.1" 200 37331 "-" "meta-externalagent/1.1 (+https://developers.facebook.com/docs/sharing/webmasters/crawler)"
51.222.253.12 - - [12/Jun/2025:08:55:31 -0400] "GET /k836472764.shtm HTTP/1.1" 301 0 "-" "Mozilla/5.0 (compatible; AhrefsBot/7.0; +http://ahrefs.com/robot/)"
2607:fb90:be3c:c3e5:c0a1:af22:8642:98f0 - - [12/Jun/2025:08:55:33 -0400] "GET /category/wotakoi-love-is-hard-for-otaku-manga-set/ HTTP/1.1" 200 45808 "https://wotaku-manga.com/manga/wotakoi-love-is-hard-for-otaku-chapter-80/" "Mozilla/5.0 (Windows NT 10.0; Win64; x64) AppleWebKit/537.36 (KHTML, like Gecko) Chrome/134.0.0.0 Safari/537.36 OPR/119.0.0.0"
2607:fb90:be3c:c3e5:c0a1:af22:8642:98f0 - - [12/Jun/2025:08:55:33 -0400] "GET /tag/ko-sakuragi/ HTTP/1.1" 301 0 "https://wotaku-manga.com/manga/wotakoi-love-is-hard-for-otaku-chapter-80/" "Mozilla/5.0 (Windows NT 10.0; Win64; x64) AppleWebKit/537.36 (KHTML, like Gecko) Chrome/134.0.0.0 Safari/537.36 OPR/119.0.0.0"
2607:fb90:be3c:c3e5:c0a1:af22:8642:98f0 - - [12/Jun/2025:08:55:34 -0400] "GET / HTTP/1.1" 200 37331 "https://wotaku-manga.com/manga/wotakoi-love-is-hard-for-otaku-chapter-80/" "Mozilla/5.0 (Windows NT 10.0; Win64; x64) AppleWebKit/537.36 (KHTML, like Gecko) Chrome/134.0.0.0 Safari/537.36 OPR/119.0.0.0"
2607:fb90:be3c:c3e5:c0a1:af22:8642:98f0 - - [12/Jun/2025:08:55:33 -0400] "GET /tag/hirotaka-nifuji/ HTTP/1.1" 301 0 "https://wotaku-manga.com/manga/wotakoi-love-is-hard-for-otaku-chapter-80/" "Mozilla/5.0 (Windows NT 10.0; Win64; x64) AppleWebKit/537.36 (KHTML, like Gecko) Chrome/134.0.0.0 Safari/537.36 OPR/119.0.0.0"
66.249.66.65 - - [12/Jun/2025:08:55:36 -0400] "GET /nd64028565.shtm HTTP/1.1" 200 80962 "-" "Mozilla/5.0 (Linux; Android 6.0.1; Nexus 5X Build/MMB29P) AppleWebKit/537.36 (KHTML, like Gecko) Chrome/136.0.7103.113 Mobile Safari/537.36 (compatible; Googlebot/2.1; +http://www.google.com/bot.html)"
51.222.253.12 - - [12/Jun/2025:08:55:35 -0400] "GET /k922193152.shtm HTTP/1.1" 301 0 "-" "Mozilla/5.0 (compatible; AhrefsBot/7.0; +http://ahrefs.com/robot/)"
2607:fb90:be3c:c3e5:c0a1:af22:8642:98f0 - - [12/Jun/2025:08:55:39 -0400] "GET /manga/wotakoi-love-is-hard-for-otaku-chapter-81/ HTTP/1.1" 200 41503 "https://wotaku-manga.com/manga/wotakoi-love-is-hard-for-otaku-chapter-80/" "Mozilla/5.0 (Windows NT 10.0; Win64; x64) AppleWebKit/537.36 (KHTML, like Gecko) Chrome/134.0.0.0 Safari/537.36 OPR/119.0.0.0"
2804:18:1119:880c:7cf3:554e:5667:41e2 - - [12/Jun/2025:08:55:40 -0400] "GET /manga/wotaku-ni-koi-wa-muzukashii-chapter-42/ HTTP/1.1" 200 42586 "-" "Mozilla/5.0 (iPhone; CPU iPhone OS 18_5_0 like Mac OS X) AppleWebKit/605.1.15 (KHTML, like Gecko) CriOS/137.0.7151.51 Mobile/15E148 Safari/604.1"
51.222.253.4 - - [12/Jun/2025:08:55:39 -0400] "GET /ka/685516988.shtm HTTP/1.1" 301 0 "-" "Mozilla/5.0 (compatible; AhrefsBot/7.0; +http://ahrefs.com/robot/)"
2804:18:1119:880c:7cf3:554e:5667:41e2 - - [12/Jun/2025:08:55:43 -0400] "GET /wp-content/plugins/simple-social-buttons/assets/js/frontend-blocks.js?ver=6.1.0 HTTP/1.1" 304 0 "https://wotaku-manga.com/manga/wotaku-ni-koi-wa-muzukashii-chapter-42/" "Mozilla/5.0 (iPhone; CPU iPhone OS 18_5_0 like Mac OS X) AppleWebKit/605.1.15 (KHTML, like Gecko) CriOS/137.0.7151.51 Mobile/15E148 Safari/604.1"
2804:18:1119:880c:7cf3:554e:5667:41e2 - - [12/Jun/2025:08:55:43 -0400] "GET /wp-content/themes/toivo-lite/js/functions.min.js?ver=1.2.0 HTTP/1.1" 304 0 "https://wotaku-manga.com/manga/wotaku-ni-koi-wa-muzukashii-chapter-42/" "Mozilla/5.0 (iPhone; CPU iPhone OS 18_5_0 like Mac OS X) AppleWebKit/605.1.15 (KHTML, like Gecko) CriOS/137.0.7151.51 Mobile/15E148 Safari/604.1"
2804:18:1119:880c:7cf3:554e:5667:41e2 - - [12/Jun/2025:08:55:43 -0400] "GET /wp-includes/js/jquery/jquery-migrate.min.js?ver=3.4.1 HTTP/1.1" 304 0 "https://wotaku-manga.com/manga/wotaku-ni-koi-wa-muzukashii-chapter-42/" "Mozilla/5.0 (iPhone; CPU iPhone OS 18_5_0 like Mac OS X) AppleWebKit/605.1.15 (KHTML, like Gecko) CriOS/137.0.7151.51 Mobile/15E148 Safari/604.1"
51.222.253.4 - - [12/Jun/2025:08:55:43 -0400] "GET /ka1271681190.shtm HTTP/1.1" 301 0 "-" "Mozilla/5.0 (compatible; AhrefsBot/7.0; +http://ahrefs.com/robot/)"
162.0.232.193 - - [12/Jun/2025:08:55:50 -0400] "POST /wp-cron.php?doing_wp_cron=1749732950.3444309234619140625000 HTTP/1.1" 200 0 "-" "WordPress/6.8.1; https://wotaku-manga.com"
51.222.253.16 - - [12/Jun/2025:08:55:48 -0400] "GET /ka1294915830.shtm HTTP/1.1" 301 0 "-" "Mozilla/5.0 (compatible; AhrefsBot/7.0; +http://ahrefs.com/robot/)"
2402:3a80:51:ab0e:0:28:58e8:6801 - - [12/Jun/2025:08:55:50 -0400] "GET / HTTP/1.1" 200 37976 "-" "Mozilla/5.0 (Linux; Android 10; K) AppleWebKit/537.36 (KHTML, like Gecko) SamsungBrowser/28.0 Chrome/130.0.0.0 Mobile Safari/537.36"
41.220.132.139 - - [12/Jun/2025:08:55:51 -0400] "GET /manga/wotakoi-love-is-hard-for-otaku-chapter-9/ HTTP/1.1" 200 41965 "-" "Mozilla/5.0 (Macintosh; Intel Mac OS X 10_15_7) AppleWebKit/605.1.15 (KHTML, like Gecko)"
2402:3a80:51:ab0e:0:28:58e8:6801 - - [12/Jun/2025:08:55:53 -0400] "GET /wp-content/plugins/simple-social-buttons/assets/js/frontend-blocks.js?ver=6.1.0 HTTP/1.1" 304 0 "https://wotaku-manga.com/" "Mozilla/5.0 (Linux; Android 10; K) AppleWebKit/537.36 (KHTML, like Gecko) SamsungBrowser/28.0 Chrome/130.0.0.0 Mobile Safari/537.36"
41.220.132.139 - - [12/Jun/2025:08:55:53 -0400] "GET /wp-content/uploads/2021/11/cropped-stsmall507x507-pad600x600f8f8f8-1-180x180.jpeg HTTP/1.1" 200 6663 "-" "Safari/17618.3.11.11.7 CFNetwork/1335.5 Darwin/21.6.0"
2402:3a80:51:ab0e:0:28:58e8:6801 - - [12/Jun/2025:08:55:53 -0400] "GET /manga/wotakoi-love-is-hard-for-otaku-chapter-0/ HTTP/1.1" 200 42048 "https://wotaku-manga.com/" "Mozilla/5.0 (Linux; Android 10; K) AppleWebKit/537.36 (KHTML, like Gecko) SamsungBrowser/28.0 Chrome/130.0.0.0 Mobile Safari/537.36"
2402:3a80:51:ab0e:0:28:58e8:6801 - - [12/Jun/2025:08:55:53 -0400] "GET /wp-content/themes/toivo-lite/js/responsive-nav.min.js?ver=1.2.0 HTTP/1.1" 304 0 "https://wotaku-manga.com/" "Mozilla/5.0 (Linux; Android 10; K) AppleWebKit/537.36 (KHTML, like Gecko) SamsungBrowser/28.0 Chrome/130.0.0.0 Mobile Safari/537.36"
2402:3a80:51:ab0e:0:28:58e8:6801 - - [12/Jun/2025:08:55:53 -0400] "GET /wp-content/cache/min/1/wp-content/plugins/simple-social-buttons/assets/js/front.js?ver=1684511167 HTTP/1.1" 304 0 "https://wotaku-manga.com/" "Mozilla/5.0 (Linux; Android 10; K) AppleWebKit/537.36 (KHTML, like Gecko) SamsungBrowser/28.0 Chrome/130.0.0.0 Mobile Safari/537.36"
2402:3a80:51:ab0e:0:28:58e8:6801 - - [12/Jun/2025:08:55:53 -0400] "GET /wp-content/themes/toivo-lite/js/functions.min.js?ver=1.2.0 HTTP/1.1" 304 0 "https://wotaku-manga.com/" "Mozilla/5.0 (Linux; Android 10; K) AppleWebKit/537.36 (KHTML, like Gecko) SamsungBrowser/28.0 Chrome/130.0.0.0 Mobile Safari/537.36"
2402:3a80:51:ab0e:0:28:58e8:6801 - - [12/Jun/2025:08:55:54 -0400] "GET /privacy-policy/ HTTP/1.1" 200 38486 "https://wotaku-manga.com/" "Mozilla/5.0 (Linux; Android 10; K) AppleWebKit/537.36 (KHTML, like Gecko) SamsungBrowser/28.0 Chrome/130.0.0.0 Mobile Safari/537.36"
51.222.253.20 - - [12/Jun/2025:08:55:53 -0400] "GET /ka1911109044.shtm HTTP/1.1" 301 0 "-" "Mozilla/5.0 (compatible; AhrefsBot/7.0; +http://ahrefs.com/robot/)"
2402:3a80:51:ab0e:0:28:58e8:6801 - - [12/Jun/2025:08:55:56 -0400] "GET /manga/wotakoi-love-is-hard-for-otaku-chapter-87/ HTTP/1.1" 200 41090 "https://wotaku-manga.com/" "Mozilla/5.0 (Linux; Android 10; K) AppleWebKit/537.36 (KHTML, like Gecko) SamsungBrowser/28.0 Chrome/130.0.0.0 Mobile Safari/537.36"
162.0.232.193 - - [12/Jun/2025:08:55:59 -0400] "POST /wp-cron.php?doing_wp_cron=1749732959.6424651145935058593750 HTTP/1.1" 200 0 "-" "WordPress/6.8.1; https://wotaku-manga.com"
51.222.253.15 - - [12/Jun/2025:08:55:58 -0400] "GET /kc1171121668.shtm HTTP/1.1" 301 0 "-" "Mozilla/5.0 (compatible; AhrefsBot/7.0; +http://ahrefs.com/robot/)"
2a03:2880:f800:f:: - - [12/Jun/2025:08:56:01 -0400] "GET /shopdetail/158016035 HTTP/1.1" 301 0 "-" "meta-externalagent/1.1 (+https://developers.facebook.com/docs/sharing/webmasters/crawler)"
51.222.253.20 - - [12/Jun/2025:08:56:03 -0400] "GET /kc1271294962.shtm HTTP/1.1" 301 0 "-" "Mozilla/5.0 (compatible; AhrefsBot/7.0; +http://ahrefs.com/robot/)"
2a03:2880:f800:16:: - - [12/Jun/2025:08:56:05 -0400] "GET / HTTP/1.1" 200 37331 "-" "meta-externalagent/1.1 (+https://developers.facebook.com/docs/sharing/webmasters/crawler)"
51.222.253.17 - - [12/Jun/2025:08:56:07 -0400] "GET /kc1914595256.shtm HTTP/1.1" 301 0 "-" "Mozilla/5.0 (compatible; AhrefsBot/7.0; +http://ahrefs.com/robot/)"
2402:3a80:51:ab0e:0:28:58e8:6801 - - [12/Jun/2025:08:56:12 -0400] "GET /wp-content/cache/min/1/wp-content/plugins/disqus-comment-system/public/js/comment_count.js?ver=1684511264 HTTP/1.1" 304 0 "https://wotaku-manga.com/manga/wotakoi-love-is-hard-for-otaku-chapter-87/" "Mozilla/5.0 (Linux; Android 10; K) AppleWebKit/537.36 (KHTML, like Gecko) SamsungBrowser/28.0 Chrome/130.0.0.0 Mobile Safari/537.36"
51.222.253.5 - - [12/Jun/2025:08:56:14 -0400] "GET /ke1860274212.shtm HTTP/1.1" 301 0 "-" "Mozilla/5.0 (compatible; AhrefsBot/7.0; +http://ahrefs.com/robot/)"
2402:3a80:51:ab0e:0:28:58e8:6801 - - [12/Jun/2025:08:56:14 -0400] "POST /wp-admin/admin-ajax.php HTTP/1.1" 200 61 "https://wotaku-manga.com/manga/wotakoi-love-is-hard-for-otaku-chapter-87/" "Mozilla/5.0 (Linux; Android 10; K) AppleWebKit/537.36 (KHTML, like Gecko) SamsungBrowser/28.0 Chrome/130.0.0.0 Mobile Safari/537.36"
2402:3a80:51:ab0e:0:28:58e8:6801 - - [12/Jun/2025:08:56:21 -0400] "GET /manga/wotakoi-love-is-hard-for-otaku-chapter-86/ HTTP/1.1" 200 45337 "https://wotaku-manga.com/manga/wotakoi-love-is-hard-for-otaku-chapter-87/" "Mozilla/5.0 (Linux; Android 10; K) AppleWebKit/537.36 (KHTML, like Gecko) SamsungBrowser/28.0 Chrome/130.0.0.0 Mobile Safari/537.36"
162.0.232.193 - - [12/Jun/2025:08:56:25 -0400] "POST /wp-cron.php?doing_wp_cron=1749732985.1572520732879638671875 HTTP/1.1" 200 0 "-" "WordPress/6.8.1; https://wotaku-manga.com"
51.222.253.13 - - [12/Jun/2025:08:56:22 -0400] "GET /kfg508705658.shtm HTTP/1.1" 301 0 "-" "Mozilla/5.0 (compatible; AhrefsBot/7.0; +http://ahrefs.com/robot/)"
51.222.253.15 - - [12/Jun/2025:08:56:27 -0400] "GET /kg/146737298.shtm HTTP/1.1" 301 0 "-" "Mozilla/5.0 (compatible; AhrefsBot/7.0; +http://ahrefs.com/robot/)"
2402:3a80:51:ab0e:0:28:58e8:6801 - - [12/Jun/2025:08:56:25 -0400] "POST /wp-admin/admin-ajax.php HTTP/1.1" 200 61 "https://wotaku-manga.com/manga/wotakoi-love-is-hard-for-otaku-chapter-86/" "Mozilla/5.0 (Linux; Android 10; K) AppleWebKit/537.36 (KHTML, like Gecko) SamsungBrowser/28.0 Chrome/130.0.0.0 Mobile Safari/537.36"
51.222.253.3 - - [12/Jun/2025:08:56:33 -0400] "GET /kg/495890570.shtm HTTP/1.1" 301 0 "-" "Mozilla/5.0 (compatible; AhrefsBot/7.0; +http://ahrefs.com/robot/)"
51.222.253.5 - - [12/Jun/2025:08:56:38 -0400] "GET /kg1424272856.shtm HTTP/1.1" 301 0 "-" "Mozilla/5.0 (compatible; AhrefsBot/7.0; +http://ahrefs.com/robot/)"
162.0.232.193 - - [12/Jun/2025:08:56:45 -0400] "POST /wp-cron.php?doing_wp_cron=1749733005.3721039295196533203125 HTTP/1.1" 200 0 "-" "WordPress/6.8.1; https://wotaku-manga.com"
51.222.253.2 - - [12/Jun/2025:08:56:43 -0400] "GET /kg757157056.shtm HTTP/1.1" 301 0 "-" "Mozilla/5.0 (compatible; AhrefsBot/7.0; +http://ahrefs.com/robot/)"
64.227.169.195 - - [12/Jun/2025:08:56:38 -0400] "POST /wp-login.php HTTP/1.1" 200 2037 "-" "Mozilla/5.0"
51.222.253.1 - - [12/Jun/2025:08:56:51 -0400] "GET /kg799209066.shtm HTTP/1.1" 301 0 "-" "Mozilla/5.0 (compatible; AhrefsBot/7.0; +http://ahrefs.com/robot/)"
2a03:2880:f800:15:: - - [12/Jun/2025:08:56:57 -0400] "GET /shopdetail/174187135 HTTP/1.1" 301 0 "-" "meta-externalagent/1.1 (+https://developers.facebook.com/docs/sharing/webmasters/crawler)"
162.0.232.193 - - [12/Jun/2025:08:56:59 -0400] "POST /wp-cron.php?doing_wp_cron=1749733019.7874801158905029296875 HTTP/1.1" 200 0 "-" "WordPress/6.8.1; https://wotaku-manga.com"
2a03:2880:f800:7:: - - [12/Jun/2025:08:56:59 -0400] "GET / HTTP/1.1" 200 37331 "-" "meta-externalagent/1.1 (+https://developers.facebook.com/docs/sharing/webmasters/crawler)"
51.222.253.14 - - [12/Jun/2025:08:56:58 -0400] "GET /kg996826720.shtm HTTP/1.1" 301 0 "-" "Mozilla/5.0 (compatible; AhrefsBot/7.0; +http://ahrefs.com/robot/)"
51.222.253.3 - - [12/Jun/2025:08:57:04 -0400] "GET /khu787151632.shtm HTTP/1.1" 301 0 "-" "Mozilla/5.0 (compatible; AhrefsBot/7.0; +http://ahrefs.com/robot/)"
51.222.253.3 - - [12/Jun/2025:08:57:09 -0400] "GET /kjc610586290.shtm HTTP/1.1" 301 0 "-" "Mozilla/5.0 (compatible; AhrefsBot/7.0; +http://ahrefs.com/robot/)"
162.0.232.193 - - [12/Jun/2025:08:57:19 -0400] "POST /wp-cron.php?doing_wp_cron=1749733038.5552461147308349609375 HTTP/1.1" 200 0 "-" "WordPress/6.8.1; https://wotaku-manga.com"
51.222.253.7 - - [12/Jun/2025:08:57:15 -0400] "GET /kk492318460.shtm HTTP/1.1" 301 0 "-" "Mozilla/5.0 (compatible; AhrefsBot/7.0; +http://ahrefs.com/robot/)"
51.222.253.11 - - [12/Jun/2025:08:57:18 -0400] "GET /kk857435394.shtm HTTP/1.1" 301 0 "-" "Mozilla/5.0 (compatible; AhrefsBot/7.0; +http://ahrefs.com/robot/)"
51.222.253.3 - - [12/Jun/2025:08:57:27 -0400] "GET /kkg/21059018.shtm HTTP/1.1" 301 0 "-" "Mozilla/5.0 (compatible; AhrefsBot/7.0; +http://ahrefs.com/robot/)"
51.222.253.12 - - [12/Jun/2025:08:57:32 -0400] "GET /ko123045014.shtm HTTP/1.1" 301 0 "-" "Mozilla/5.0 (compatible; AhrefsBot/7.0; +http://ahrefs.com/robot/)"
2607:fb90:be3c:c3e5:c0a1:af22:8642:98f0 - - [12/Jun/2025:08:57:36 -0400] "GET /manga/wotakoi-love-is-hard-for-otaku-chapter-82/ HTTP/1.1" 200 41648 "https://wotaku-manga.com/manga/wotakoi-love-is-hard-for-otaku-chapter-81/" "Mozilla/5.0 (Windows NT 10.0; Win64; x64) AppleWebKit/537.36 (KHTML, like Gecko) Chrome/134.0.0.0 Safari/537.36 OPR/119.0.0.0"
51.222.253.5 - - [12/Jun/2025:08:57:37 -0400] "GET /kpy945904334.shtm HTTP/1.1" 301 0 "-" "Mozilla/5.0 (compatible; AhrefsBot/7.0; +http://ahrefs.com/robot/)"
66.249.66.64 - - [12/Jun/2025:08:57:37 -0400] "GET /qxc/cloff69644408.shtm HTTP/1.1" 200 81782 "-" "Mozilla/5.0 (Linux; Android 6.0.1; Nexus 5X Build/MMB29P) AppleWebKit/537.36 (KHTML, like Gecko) Chrome/136.0.7103.113 Mobile Safari/537.36 (compatible; Googlebot/2.1; +http://www.google.com/bot.html)"
51.222.253.15 - - [12/Jun/2025:08:57:40 -0400] "GET /kq1550304200.shtm HTTP/1.1" 301 0 "-" "Mozilla/5.0 (compatible; AhrefsBot/7.0; +http://ahrefs.com/robot/)"
162.0.232.193 - - [12/Jun/2025:08:57:48 -0400] "POST /wp-cron.php?doing_wp_cron=1749733067.8837471008300781250000 HTTP/1.1" 200 0 "-" "WordPress/6.8.1; https://wotaku-manga.com"
51.222.253.1 - - [12/Jun/2025:08:57:46 -0400] "GET /kq573058762.shtm HTTP/1.1" 301 0 "-" "Mozilla/5.0 (compatible; AhrefsBot/7.0; +http://ahrefs.com/robot/)"
51.222.253.18 - - [12/Jun/2025:08:57:54 -0400] "GET /ks396791062.shtm HTTP/1.1" 301 0 "-" "Mozilla/5.0 (compatible; AhrefsBot/7.0; +http://ahrefs.com/robot/)"
162.0.232.193 - - [12/Jun/2025:08:58:00 -0400] "POST /wp-cron.php?doing_wp_cron=1749733080.3825418949127197265625 HTTP/1.1" 200 0 "-" "WordPress/6.8.1; https://wotaku-manga.com"
51.222.253.2 - - [12/Jun/2025:08:57:59 -0400] "GET /ks464119024.shtm HTTP/1.1" 301 0 "-" "Mozilla/5.0 (compatible; AhrefsBot/7.0; +http://ahrefs.com/robot/)"
51.222.253.3 - - [12/Jun/2025:08:58:04 -0400] "GET /ku294366040.shtm HTTP/1.1" 301 0 "-" "Mozilla/5.0 (compatible; AhrefsBot/7.0; +http://ahrefs.com/robot/)"
51.222.253.12 - - [12/Jun/2025:08:58:09 -0400] "GET /ku492634968.shtm HTTP/1.1" 301 0 "-" "Mozilla/5.0 (compatible; AhrefsBot/7.0; +http://ahrefs.com/robot/)"
51.222.253.4 - - [12/Jun/2025:08:58:14 -0400] "GET /kw/620582946.shtm HTTP/1.1" 301 0 "-" "Mozilla/5.0 (compatible; AhrefsBot/7.0; +http://ahrefs.com/robot/)"
162.0.232.193 - - [12/Jun/2025:08:58:23 -0400] "POST /wp-cron.php?doing_wp_cron=1749733103.5755519866943359375000 HTTP/1.1" 200 0 "-" "WordPress/6.8.1; https://wotaku-manga.com"
51.222.253.20 - - [12/Jun/2025:08:58:22 -0400] "GET /kw/775674168.shtm HTTP/1.1" 301 0 "-" "Mozilla/5.0 (compatible; AhrefsBot/7.0; +http://ahrefs.com/robot/)"
51.222.253.16 - - [12/Jun/2025:08:58:27 -0400] "GET /kxk974013440.shtm HTTP/1.1" 301 0 "-" "Mozilla/5.0 (compatible; AhrefsBot/7.0; +http://ahrefs.com/robot/)"
2a03:2880:f800:15:: - - [12/Jun/2025:08:58:30 -0400] "GET /shopdetail/193935435 HTTP/1.1" 301 0 "-" "meta-externalagent/1.1 (+https://developers.facebook.com/docs/sharing/webmasters/crawler)"
51.222.253.12 - - [12/Jun/2025:08:58:35 -0400] "GET /ky251311812.shtm HTTP/1.1" 301 0 "-" "Mozilla/5.0 (compatible; AhrefsBot/7.0; +http://ahrefs.com/robot/)"
66.249.66.73 - - [12/Jun/2025:08:58:38 -0400] "GET /ehw64004612.shtm HTTP/1.1" 200 81795 "-" "Mozilla/5.0 (Linux; Android 6.0.1; Nexus 5X Build/MMB29P) AppleWebKit/537.36 (KHTML, like Gecko) Chrome/136.0.7103.113 Mobile Safari/537.36 (compatible; Googlebot/2.1; +http://www.google.com/bot.html)"
2a03:2880:f800:4:: - - [12/Jun/2025:08:58:39 -0400] "GET /shopdetail/205477835 HTTP/1.1" 301 0 "-" "meta-externalagent/1.1 (+https://developers.facebook.com/docs/sharing/webmasters/crawler)"
51.222.253.10 - - [12/Jun/2025:08:58:41 -0400] "GET /l/1040004337.shtm HTTP/1.1" 301 0 "-" "Mozilla/5.0 (compatible; AhrefsBot/7.0; +http://ahrefs.com/robot/)"
162.0.232.193 - - [12/Jun/2025:08:58:47 -0400] "POST /wp-cron.php?doing_wp_cron=1749733127.6675651073455810546875 HTTP/1.1" 200 0 "-" "WordPress/6.8.1; https://wotaku-manga.com"
51.222.253.2 - - [12/Jun/2025:08:58:45 -0400] "GET /l/1117101865.shtm HTTP/1.1" 301 0 "-" "Mozilla/5.0 (compatible; AhrefsBot/7.0; +http://ahrefs.com/robot/)"
2a03:2880:f800:10:: - - [12/Jun/2025:08:58:50 -0400] "GET /shopdetail/258709635 HTTP/1.1" 301 0 "-" "meta-externalagent/1.1 (+https://developers.facebook.com/docs/sharing/webmasters/crawler)"
2a03:2880:f800:1c:: - - [12/Jun/2025:08:58:51 -0400] "GET /shopdetail/254615035 HTTP/1.1" 301 0 "-" "meta-externalagent/1.1 (+https://developers.facebook.com/docs/sharing/webmasters/crawler)"
51.222.253.4 - - [12/Jun/2025:08:58:54 -0400] "GET /l/1145617297.shtm HTTP/1.1" 301 0 "-" "Mozilla/5.0 (compatible; AhrefsBot/7.0; +http://ahrefs.com/robot/)"
2804:18:1119:880c:7cf3:554e:5667:41e2 - - [12/Jun/2025:08:58:57 -0400] "GET /manga/wotaku-ni-koi-wa-muzukashii-chapter-43/ HTTP/1.1" 200 43026 "https://wotaku-manga.com/manga/wotaku-ni-koi-wa-muzukashii-chapter-42/" "Mozilla/5.0 (iPhone; CPU iPhone OS 18_5_0 like Mac OS X) AppleWebKit/605.1.15 (KHTML, like Gecko) CriOS/137.0.7151.51 Mobile/15E148 Safari/604.1"
162.0.232.193 - - [12/Jun/2025:08:59:02 -0400] "POST /wp-cron.php?doing_wp_cron=1749733142.4197189807891845703125 HTTP/1.1" 200 0 "-" "WordPress/6.8.1; https://wotaku-manga.com"
51.222.253.5 - - [12/Jun/2025:08:59:01 -0400] "GET /l/1544003171.shtm HTTP/1.1" 301 0 "-" "Mozilla/5.0 (compatible; AhrefsBot/7.0; +http://ahrefs.com/robot/)"
51.222.253.16 - - [12/Jun/2025:08:59:06 -0400] "GET /l/1600118283.shtm HTTP/1.1" 301 0 "-" "Mozilla/5.0 (compatible; AhrefsBot/7.0; +http://ahrefs.com/robot/)"
66.249.66.73 - - [12/Jun/2025:08:59:09 -0400] "GET /em49271026.shtm HTTP/1.1" 200 81660 "-" "Mozilla/5.0 (Linux; Android 6.0.1; Nexus 5X Build/MMB29P) AppleWebKit/537.36 (KHTML, like Gecko) Chrome/136.0.7103.113 Mobile Safari/537.36 (compatible; Googlebot/2.1; +http://www.google.com/bot.html)"
51.222.253.12 - - [12/Jun/2025:08:59:11 -0400] "GET /l/1661038045.shtm HTTP/1.1" 301 0 "-" "Mozilla/5.0 (compatible; AhrefsBot/7.0; +http://ahrefs.com/robot/)"
66.249.66.73 - - [12/Jun/2025:08:59:11 -0400] "GET /y50341398.shtm HTTP/1.1" 200 81410 "-" "Mozilla/5.0 (Linux; Android 6.0.1; Nexus 5X Build/MMB29P) AppleWebKit/537.36 (KHTML, like Gecko) Chrome/136.0.7103.113 Mobile Safari/537.36 (compatible; Googlebot/2.1; +http://www.google.com/bot.html)"
51.222.253.5 - - [12/Jun/2025:08:59:15 -0400] "GET /l/1673800263.shtm HTTP/1.1" 301 0 "-" "Mozilla/5.0 (compatible; AhrefsBot/7.0; +http://ahrefs.com/robot/)"
162.0.232.193 - - [12/Jun/2025:08:59:21 -0400] "POST /wp-cron.php?doing_wp_cron=1749733161.4637858867645263671875 HTTP/1.1" 200 0 "-" "WordPress/6.8.1; https://wotaku-manga.com"
51.222.253.4 - - [12/Jun/2025:08:59:20 -0400] "GET /l/1845559611.shtm HTTP/1.1" 301 0 "-" "Mozilla/5.0 (compatible; AhrefsBot/7.0; +http://ahrefs.com/robot/)"
2402:3a80:51:ab0e:0:28:58e8:6801 - - [12/Jun/2025:08:59:24 -0400] "GET /category/wotakoi-love-is-hard-for-otaku-manga-ending/ HTTP/1.1" 200 46207 "https://wotaku-manga.com/manga/wotakoi-love-is-hard-for-otaku-chapter-86/" "Mozilla/5.0 (Linux; Android 10; K) AppleWebKit/537.36 (KHTML, like Gecko) SamsungBrowser/28.0 Chrome/130.0.0.0 Mobile Safari/537.36"
51.222.253.20 - - [12/Jun/2025:08:59:25 -0400] "GET /l/1856650159.shtm HTTP/1.1" 301 0 "-" "Mozilla/5.0 (compatible; AhrefsBot/7.0; +http://ahrefs.com/robot/)"
105.228.40.119 - - [12/Jun/2025:08:59:29 -0400] "GET /manga/wotakoi-love-is-hard-for-otaku-chapter-68/ HTTP/1.1" 200 42819 "https://wotaku-manga.com/manga/wotaku-ni-koi-wa-muzukashii-chapter-67/" "Mozilla/5.0 (Linux; Android 10; K) AppleWebKit/537.36 (KHTML, like Gecko) Chrome/137.0.0.0 Mobile Safari/537.36"
105.228.40.119 - - [12/Jun/2025:08:59:31 -0400] "GET /wp-content/plugins/simple-social-buttons/assets/fonts/ssb-icon.ttf?eahqa2 HTTP/1.1" 200 7412 "https://wotaku-manga.com/manga/wotakoi-love-is-hard-for-otaku-chapter-68/" "Mozilla/5.0 (Linux; Android 10; K) AppleWebKit/537.36 (KHTML, like Gecko) Chrome/137.0.0.0 Mobile Safari/537.36"
105.228.40.119 - - [12/Jun/2025:08:59:31 -0400] "GET /wp-content/uploads/2022/03/cropped-3612526.webp HTTP/1.1" 200 72576 "https://wotaku-manga.com/manga/wotakoi-love-is-hard-for-otaku-chapter-68/" "Mozilla/5.0 (Linux; Android 10; K) AppleWebKit/537.36 (KHTML, like Gecko) Chrome/137.0.0.0 Mobile Safari/537.36"
105.228.40.119 - - [12/Jun/2025:08:59:31 -0400] "GET /wp-content/plugins/simple-social-buttons/assets/js/frontend-blocks.js?ver=6.1.0 HTTP/1.1" 200 0 "https://wotaku-manga.com/manga/wotakoi-love-is-hard-for-otaku-chapter-68/" "Mozilla/5.0 (Linux; Android 10; K) AppleWebKit/537.36 (KHTML, like Gecko) Chrome/137.0.0.0 Mobile Safari/537.36"
105.228.40.119 - - [12/Jun/2025:08:59:31 -0400] "GET /wp-content/themes/toivo-lite/js/functions.min.js?ver=1.2.0 HTTP/1.1" 200 593 "https://wotaku-manga.com/manga/wotakoi-love-is-hard-for-otaku-chapter-68/" "Mozilla/5.0 (Linux; Android 10; K) AppleWebKit/537.36 (KHTML, like Gecko) Chrome/137.0.0.0 Mobile Safari/537.36"
105.228.40.119 - - [12/Jun/2025:08:59:31 -0400] "GET /wp-includes/js/jquery/jquery-migrate.min.js?ver=3.4.1 HTTP/1.1" 200 4678 "https://wotaku-manga.com/manga/wotakoi-love-is-hard-for-otaku-chapter-68/" "Mozilla/5.0 (Linux; Android 10; K) AppleWebKit/537.36 (KHTML, like Gecko) Chrome/137.0.0.0 Mobile Safari/537.36"
105.228.40.119 - - [12/Jun/2025:08:59:32 -0400] "GET /wp-content/themes/toivo-lite/js/responsive-nav.min.js?ver=1.2.0 HTTP/1.1" 200 2102 "https://wotaku-manga.com/manga/wotakoi-love-is-hard-for-otaku-chapter-68/" "Mozilla/5.0 (Linux; Android 10; K) AppleWebKit/537.36 (KHTML, like Gecko) Chrome/137.0.0.0 Mobile Safari/537.36"
105.228.40.119 - - [12/Jun/2025:08:59:32 -0400] "GET /wp-content/cache/min/1/wp-content/plugins/disqus-comment-system/public/js/comment_count.js?ver=1684511264 HTTP/1.1" 200 308 "https://wotaku-manga.com/manga/wotakoi-love-is-hard-for-otaku-chapter-68/" "Mozilla/5.0 (Linux; Android 10; K) AppleWebKit/537.36 (KHTML, like Gecko) Chrome/137.0.0.0 Mobile Safari/537.36"
