162.0.232.193 - - [12/Jun/2025:12:51:21 -0400] "POST /wp-cron.php?doing_wp_cron=1749747081.3539559841156005859375 HTTP/1.1" 200 0 "-" "WordPress/6.8.1; https://wotaku-manga.com"
2001:44c8:6014:781f:1847:b487:7f10:2e6 - - [12/Jun/2025:12:51:19 -0400] "POST /wp-admin/admin-ajax.php HTTP/1.1" 200 61 "https://wotaku-manga.com/manga/wotaku-ni-koi-wa-muzukashii-chapter-67/" "Mozilla/5.0 (Linux; Android 10; K) AppleWebKit/537.36 (KHTML, like Gecko) Chrome/111.0.0.0 Mobile Safari/537.36"
2804:18:1119:880c:9822:bb72:a852:2ac9 - - [12/Jun/2025:12:51:23 -0400] "POST /wp-admin/admin-ajax.php HTTP/1.1" 200 61 "https://wotaku-manga.com/manga/wotaku-ni-koi-wa-muzukashii-chapter-61-5/" "Mozilla/5.0 (iPhone; CPU iPhone OS 18_5_0 like Mac OS X) AppleWebKit/605.1.15 (KHTML, like Gecko) CriOS/137.0.7151.51 Mobile/15E148 Safari/604.1"
51.222.253.13 - - [12/Jun/2025:12:51:24 -0400] "GET /z2017841151.shtm HTTP/1.1" 301 0 "-" "Mozilla/5.0 (compatible; AhrefsBot/7.0; +http://ahrefs.com/robot/)"
51.222.253.7 - - [12/Jun/2025:12:51:36 -0400] "GET /z2018878645.shtm HTTP/1.1" 301 0 "-" "Mozilla/5.0 (compatible; AhrefsBot/7.0; +http://ahrefs.com/robot/)"
51.222.253.8 - - [12/Jun/2025:12:51:42 -0400] "GET /z2029440613.shtm HTTP/1.1" 301 0 "-" "Mozilla/5.0 (compatible; AhrefsBot/7.0; +http://ahrefs.com/robot/)"
2804:18:1119:880c:9822:bb72:a852:2ac9 - - [12/Jun/2025:12:51:44 -0400] "GET /manga/wotaku-ni-koi-wa-muzukashii-chapter-62/ HTTP/1.1" 200 42426 "https://wotaku-manga.com/manga/wotaku-ni-koi-wa-muzukashii-chapter-61-5/" "Mozilla/5.0 (iPhone; CPU iPhone OS 18_5_0 like Mac OS X) AppleWebKit/605.1.15 (KHTML, like Gecko) CriOS/137.0.7151.51 Mobile/15E148 Safari/604.1"
162.0.232.193 - - [12/Jun/2025:12:51:48 -0400] "POST /wp-cron.php?doing_wp_cron=1749747108.3830039501190185546875 HTTP/1.1" 200 0 "-" "WordPress/6.8.1; https://wotaku-manga.com"
2804:18:1119:880c:9822:bb72:a852:2ac9 - - [12/Jun/2025:12:51:47 -0400] "POST /wp-admin/admin-ajax.php HTTP/1.1" 200 61 "https://wotaku-manga.com/manga/wotaku-ni-koi-wa-muzukashii-chapter-62/" "Mozilla/5.0 (iPhone; CPU iPhone OS 18_5_0 like Mac OS X) AppleWebKit/605.1.15 (KHTML, like Gecko) CriOS/137.0.7151.51 Mobile/15E148 Safari/604.1"
51.222.253.13 - - [12/Jun/2025:12:51:52 -0400] "GET /z2029475041.shtm HTTP/1.1" 301 0 "-" "Mozilla/5.0 (compatible; AhrefsBot/7.0; +http://ahrefs.com/robot/)"
2804:18:1119:880c:9822:bb72:a852:2ac9 - - [12/Jun/2025:12:51:59 -0400] "GET /manga/wotakoi-love-is-hard-for-otaku-chapter-63/ HTTP/1.1" 200 43316 "https://wotaku-manga.com/manga/wotaku-ni-koi-wa-muzukashii-chapter-62/" "Mozilla/5.0 (iPhone; CPU iPhone OS 18_5_0 like Mac OS X) AppleWebKit/605.1.15 (KHTML, like Gecko) CriOS/137.0.7151.51 Mobile/15E148 Safari/604.1"
162.0.232.193 - - [12/Jun/2025:12:51:59 -0400] "POST /wp-cron.php?doing_wp_cron=1749747119.4377820491790771484375 HTTP/1.1" 200 0 "-" "WordPress/6.8.1; https://wotaku-manga.com"
51.222.253.14 - - [12/Jun/2025:12:51:58 -0400] "GET /z235514157.shtm HTTP/1.1" 301 0 "-" "Mozilla/5.0 (compatible; AhrefsBot/7.0; +http://ahrefs.com/robot/)"
2804:18:1119:880c:9822:bb72:a852:2ac9 - - [12/Jun/2025:12:52:01 -0400] "POST /wp-admin/admin-ajax.php HTTP/1.1" 200 61 "https://wotaku-manga.com/manga/wotakoi-love-is-hard-for-otaku-chapter-63/" "Mozilla/5.0 (iPhone; CPU iPhone OS 18_5_0 like Mac OS X) AppleWebKit/605.1.15 (KHTML, like Gecko) CriOS/137.0.7151.51 Mobile/15E148 Safari/604.1"
51.222.253.19 - - [12/Jun/2025:12:52:05 -0400] "GET /z397065241.shtm HTTP/1.1" 301 0 "-" "Mozilla/5.0 (compatible; AhrefsBot/7.0; +http://ahrefs.com/robot/)"
216.73.216.49 - - [12/Jun/2025:12:52:05 -0400] "GET /sitemap-child-1041.xml HTTP/1.1" 200 11288 "-" "Mozilla/5.0 AppleWebKit/537.36 (KHTML, like Gecko; compatible; ClaudeBot/1.0; [email protected])"
2001:44c8:6014:781f:1847:b487:7f10:2e6 - - [12/Jun/2025:12:52:07 -0400] "GET /manga/wotakoi-love-is-hard-for-otaku-chapter-68/ HTTP/1.1" 200 42853 "https://wotaku-manga.com/manga/wotaku-ni-koi-wa-muzukashii-chapter-67/" "Mozilla/5.0 (Linux; Android 10; K) AppleWebKit/537.36 (KHTML, like Gecko) Chrome/111.0.0.0 Mobile Safari/537.36"
2001:44c8:6014:781f:1847:b487:7f10:2e6 - - [12/Jun/2025:12:52:10 -0400] "POST /wp-admin/admin-ajax.php HTTP/1.1" 200 61 "https://wotaku-manga.com/manga/wotakoi-love-is-hard-for-otaku-chapter-68/" "Mozilla/5.0 (Linux; Android 10; K) AppleWebKit/537.36 (KHTML, like Gecko) Chrome/111.0.0.0 Mobile Safari/537.36"
51.222.253.1 - - [12/Jun/2025:12:52:15 -0400] "GET /z413241743.shtm HTTP/1.1" 301 0 "-" "Mozilla/5.0 (compatible; AhrefsBot/7.0; +http://ahrefs.com/robot/)"
162.0.232.193 - - [12/Jun/2025:12:52:31 -0400] "POST /wp-cron.php?doing_wp_cron=1749747151.4610049724578857421875 HTTP/1.1" 200 0 "-" "WordPress/6.8.1; https://wotaku-manga.com"
45.229.168.74 - - [12/Jun/2025:12:52:31 -0400] "GET / HTTP/1.1" 200 37976 "-" "Mozilla/5.0 (iPhone; CPU iPhone OS 18_4_1 like Mac OS X) AppleWebKit/605.1.15 (KHTML, like Gecko) Mobile/15E148"
51.222.253.20 - - [12/Jun/2025:12:52:29 -0400] "GET /z48193601.shtm HTTP/1.1" 301 0 "-" "Mozilla/5.0 (compatible; AhrefsBot/7.0; +http://ahrefs.com/robot/)"
2001:44c8:6014:781f:1847:b487:7f10:2e6 - - [12/Jun/2025:12:52:31 -0400] "GET /manga/wotaku-ni-koi-wa-muzukashii-chapter-68/ HTTP/1.1" 301 0 "https://wotaku-manga.com/manga/wotakoi-love-is-hard-for-otaku-chapter-68/" "Mozilla/5.0 (Linux; Android 10; K) AppleWebKit/537.36 (KHTML, like Gecko) Chrome/111.0.0.0 Mobile Safari/537.36"
2001:44c8:6014:781f:1847:b487:7f10:2e6 - - [12/Jun/2025:12:52:32 -0400] "GET / HTTP/1.1" 304 0 "https://wotaku-manga.com/manga/wotakoi-love-is-hard-for-otaku-chapter-68/" "Mozilla/5.0 (Linux; Android 10; K) AppleWebKit/537.36 (KHTML, like Gecko) Chrome/111.0.0.0 Mobile Safari/537.36"
51.222.253.9 - - [12/Jun/2025:12:52:41 -0400] "GET /z486254647.shtm HTTP/1.1" 301 0 "-" "Mozilla/5.0 (compatible; AhrefsBot/7.0; +http://ahrefs.com/robot/)"
2001:44c8:6014:781f:1847:b487:7f10:2e6 - - [12/Jun/2025:12:52:55 -0400] "GET /category/wotakoi-love-is-hard-for-otaku-manga-volumes/ HTTP/1.1" 304 0 "https://wotaku-manga.com/manga/wotakoi-love-is-hard-for-otaku-chapter-68/" "Mozilla/5.0 (Linux; Android 10; K) AppleWebKit/537.36 (KHTML, like Gecko) Chrome/111.0.0.0 Mobile Safari/537.36"
2001:44c8:6014:781f:1847:b487:7f10:2e6 - - [12/Jun/2025:12:52:55 -0400] "GET /manga/wotakoi-love-is-hard-for-otaku-chapter-69/ HTTP/1.1" 200 43001 "https://wotaku-manga.com/manga/wotakoi-love-is-hard-for-otaku-chapter-68/" "Mozilla/5.0 (Linux; Android 10; K) AppleWebKit/537.36 (KHTML, like Gecko) Chrome/111.0.0.0 Mobile Safari/537.36"
2804:18:1119:880c:9822:bb72:a852:2ac9 - - [12/Jun/2025:12:52:56 -0400] "GET /manga/wotakoi-love-is-hard-for-otaku-chapter-64/ HTTP/1.1" 200 42606 "https://wotaku-manga.com/manga/wotakoi-love-is-hard-for-otaku-chapter-63/" "Mozilla/5.0 (iPhone; CPU iPhone OS 18_5_0 like Mac OS X) AppleWebKit/605.1.15 (KHTML, like Gecko) CriOS/137.0.7151.51 Mobile/15E148 Safari/604.1"
162.0.232.193 - - [12/Jun/2025:12:52:59 -0400] "POST /wp-cron.php?doing_wp_cron=1749747178.7575941085815429687500 HTTP/1.1" 200 0 "-" "WordPress/6.8.1; https://wotaku-manga.com"
51.222.253.10 - - [12/Jun/2025:12:52:57 -0400] "GET /z521723701.shtm HTTP/1.1" 301 0 "-" "Mozilla/5.0 (compatible; AhrefsBot/7.0; +http://ahrefs.com/robot/)"
2001:44c8:6014:781f:1847:b487:7f10:2e6 - - [12/Jun/2025:12:52:59 -0400] "POST /wp-admin/admin-ajax.php HTTP/1.1" 200 61 "https://wotaku-manga.com/manga/wotakoi-love-is-hard-for-otaku-chapter-69/" "Mozilla/5.0 (Linux; Android 10; K) AppleWebKit/537.36 (KHTML, like Gecko) Chrome/111.0.0.0 Mobile Safari/537.36"
2804:18:1119:880c:9822:bb72:a852:2ac9 - - [12/Jun/2025:12:53:07 -0400] "POST /wp-admin/admin-ajax.php HTTP/1.1" 200 61 "https://wotaku-manga.com/manga/wotakoi-love-is-hard-for-otaku-chapter-64/" "Mozilla/5.0 (iPhone; CPU iPhone OS 18_5_0 like Mac OS X) AppleWebKit/605.1.15 (KHTML, like Gecko) CriOS/137.0.7151.51 Mobile/15E148 Safari/604.1"
51.222.253.4 - - [12/Jun/2025:12:53:07 -0400] "GET /z522252009.shtm HTTP/1.1" 301 0 "-" "Mozilla/5.0 (compatible; AhrefsBot/7.0; +http://ahrefs.com/robot/)"
162.0.232.193 - - [12/Jun/2025:12:53:20 -0400] "POST /wp-cron.php?doing_wp_cron=1749747199.9535698890686035156250 HTTP/1.1" 200 0 "-" "WordPress/6.8.1; https://wotaku-manga.com"
51.222.253.19 - - [12/Jun/2025:12:53:18 -0400] "GET /z533252939.shtm HTTP/1.1" 301 0 "-" "Mozilla/5.0 (compatible; AhrefsBot/7.0; +http://ahrefs.com/robot/)"
2001:44c8:6014:781f:1847:b487:7f10:2e6 - - [12/Jun/2025:12:53:23 -0400] "GET / HTTP/1.1" 304 0 "https://wotaku-manga.com/manga/wotakoi-love-is-hard-for-otaku-chapter-69/" "Mozilla/5.0 (Linux; Android 10; K) AppleWebKit/537.36 (KHTML, like Gecko) Chrome/111.0.0.0 Mobile Safari/537.36"
2001:44c8:6014:781f:1847:b487:7f10:2e6 - - [12/Jun/2025:12:53:23 -0400] "GET /category/wotakoi-love-is-hard-for-otaku-manga-read-online/ HTTP/1.1" 200 46258 "https://wotaku-manga.com/manga/wotakoi-love-is-hard-for-otaku-chapter-69/" "Mozilla/5.0 (Linux; Android 10; K) AppleWebKit/537.36 (KHTML, like Gecko) Chrome/111.0.0.0 Mobile Safari/537.36"
2001:44c8:6014:781f:1847:b487:7f10:2e6 - - [12/Jun/2025:12:53:23 -0400] "GET /manga/wotakoi-love-is-hard-for-otaku-chapter-78/ HTTP/1.1" 200 42056 "https://wotaku-manga.com/manga/wotakoi-love-is-hard-for-otaku-chapter-69/" "Mozilla/5.0 (Linux; Android 10; K) AppleWebKit/537.36 (KHTML, like Gecko) Chrome/111.0.0.0 Mobile Safari/537.36"
2001:44c8:6014:781f:1847:b487:7f10:2e6 - - [12/Jun/2025:12:53:23 -0400] "GET /manga/wotakoi-love-is-hard-for-otaku-chapter-81/ HTTP/1.1" 200 42655 "https://wotaku-manga.com/manga/wotakoi-love-is-hard-for-otaku-chapter-69/" "Mozilla/5.0 (Linux; Android 10; K) AppleWebKit/537.36 (KHTML, like Gecko) Chrome/111.0.0.0 Mobile Safari/537.36"
2001:44c8:6014:781f:1847:b487:7f10:2e6 - - [12/Jun/2025:12:53:23 -0400] "GET /manga/wotakoi-love-is-hard-for-otaku-chapter-69-5/ HTTP/1.1" 200 42107 "https://wotaku-manga.com/manga/wotakoi-love-is-hard-for-otaku-chapter-69/" "Mozilla/5.0 (Linux; Android 10; K) AppleWebKit/537.36 (KHTML, like Gecko) Chrome/111.0.0.0 Mobile Safari/537.36"
2001:44c8:6014:781f:1847:b487:7f10:2e6 - - [12/Jun/2025:12:53:23 -0400] "GET /manga/wotakoi-love-is-hard-for-otaku-chapter-82/ HTTP/1.1" 200 42894 "https://wotaku-manga.com/manga/wotakoi-love-is-hard-for-otaku-chapter-69/" "Mozilla/5.0 (Linux; Android 10; K) AppleWebKit/537.36 (KHTML, like Gecko) Chrome/111.0.0.0 Mobile Safari/537.36"
2001:44c8:6014:781f:1847:b487:7f10:2e6 - - [12/Jun/2025:12:53:23 -0400] "GET /manga/wotaku-ni-koi-wa-muzukashii-chapter-69/ HTTP/1.1" 301 0 "https://wotaku-manga.com/manga/wotakoi-love-is-hard-for-otaku-chapter-69/" "Mozilla/5.0 (Linux; Android 10; K) AppleWebKit/537.36 (KHTML, like Gecko) Chrome/111.0.0.0 Mobile Safari/537.36"
2001:44c8:6014:781f:1847:b487:7f10:2e6 - - [12/Jun/2025:12:53:26 -0400] "POST /wp-admin/admin-ajax.php HTTP/1.1" 200 61 "https://wotaku-manga.com/manga/wotakoi-love-is-hard-for-otaku-chapter-69-5/" "Mozilla/5.0 (Linux; Android 10; K) AppleWebKit/537.36 (KHTML, like Gecko) Chrome/111.0.0.0 Mobile Safari/537.36"
51.222.253.1 - - [12/Jun/2025:12:53:33 -0400] "GET /z533445857.shtm HTTP/1.1" 301 0 "-" "Mozilla/5.0 (compatible; AhrefsBot/7.0; +http://ahrefs.com/robot/)"
2001:44c8:6014:781f:1847:b487:7f10:2e6 - - [12/Jun/2025:12:53:40 -0400] "GET /tag/original/ HTTP/1.1" 301 0 "https://wotaku-manga.com/manga/wotakoi-love-is-hard-for-otaku-chapter-69-5/" "Mozilla/5.0 (Linux; Android 10; K) AppleWebKit/537.36 (KHTML, like Gecko) Chrome/111.0.0.0 Mobile Safari/537.36"
2001:44c8:6014:781f:1847:b487:7f10:2e6 - - [12/Jun/2025:12:53:41 -0400] "GET / HTTP/1.1" 304 0 "https://wotaku-manga.com/manga/wotakoi-love-is-hard-for-otaku-chapter-69-5/" "Mozilla/5.0 (Linux; Android 10; K) AppleWebKit/537.36 (KHTML, like Gecko) Chrome/111.0.0.0 Mobile Safari/537.36"
2001:44c8:6014:781f:1847:b487:7f10:2e6 - - [12/Jun/2025:12:53:41 -0400] "GET /manga/wotakoi-love-is-hard-for-otaku-chapter-70/ HTTP/1.1" 200 39176 "https://wotaku-manga.com/manga/wotakoi-love-is-hard-for-otaku-chapter-69-5/" "Mozilla/5.0 (Linux; Android 10; K) AppleWebKit/537.36 (KHTML, like Gecko) Chrome/111.0.0.0 Mobile Safari/537.36"
162.0.232.193 - - [12/Jun/2025:12:53:46 -0400] "POST /wp-cron.php?doing_wp_cron=1749747225.9208669662475585937500 HTTP/1.1" 200 0 "-" "WordPress/6.8.1; https://wotaku-manga.com"
51.222.253.17 - - [12/Jun/2025:12:53:44 -0400] "GET /z536737119.shtm HTTP/1.1" 301 0 "-" "Mozilla/5.0 (compatible; AhrefsBot/7.0; +http://ahrefs.com/robot/)"
2001:4860:7:806::bf - - [12/Jun/2025:12:53:52 -0400] "GET /manga/wotakoi-love-is-hard-for-otaku-chapter-80/ HTTP/1.1" 200 41346 "https://www.google.com/" "Mozilla/5.0 (Windows NT 10.0; Win64; x64) AppleWebKit/537.36 (KHTML, like Gecko) Chrome/137.0.0.0 Safari/537.36"
2804:18:1119:880c:9822:bb72:a852:2ac9 - - [12/Jun/2025:12:53:56 -0400] "GET /manga/wotakoi-love-is-hard-for-otaku-chapter-65/ HTTP/1.1" 200 42965 "https://wotaku-manga.com/manga/wotakoi-love-is-hard-for-otaku-chapter-64/" "Mozilla/5.0 (iPhone; CPU iPhone OS 18_5_0 like Mac OS X) AppleWebKit/605.1.15 (KHTML, like Gecko) CriOS/137.0.7151.51 Mobile/15E148 Safari/604.1"
162.0.232.193 - - [12/Jun/2025:12:53:59 -0400] "POST /wp-cron.php?doing_wp_cron=1749747239.6478209495544433593750 HTTP/1.1" 200 0 "-" "WordPress/6.8.1; https://wotaku-manga.com"
2804:18:1119:880c:9822:bb72:a852:2ac9 - - [12/Jun/2025:12:53:58 -0400] "POST /wp-admin/admin-ajax.php HTTP/1.1" 200 61 "https://wotaku-manga.com/manga/wotakoi-love-is-hard-for-otaku-chapter-65/" "Mozilla/5.0 (iPhone; CPU iPhone OS 18_5_0 like Mac OS X) AppleWebKit/605.1.15 (KHTML, like Gecko) CriOS/137.0.7151.51 Mobile/15E148 Safari/604.1"
51.222.253.4 - - [12/Jun/2025:12:54:00 -0400] "GET /z549710041.shtm HTTP/1.1" 301 0 "-" "Mozilla/5.0 (compatible; AhrefsBot/7.0; +http://ahrefs.com/robot/)"
2001:44c8:6014:781f:1847:b487:7f10:2e6 - - [12/Jun/2025:12:54:05 -0400] "GET /manga/wotaku-ni-koi-wa-muzukashii-chapter-70/ HTTP/1.1" 301 0 "https://wotaku-manga.com/manga/wotakoi-love-is-hard-for-otaku-chapter-70/" "Mozilla/5.0 (Linux; Android 10; K) AppleWebKit/537.36 (KHTML, like Gecko) Chrome/111.0.0.0 Mobile Safari/537.36"
2001:44c8:6014:781f:1847:b487:7f10:2e6 - - [12/Jun/2025:12:54:06 -0400] "GET / HTTP/1.1" 304 0 "https://wotaku-manga.com/manga/wotakoi-love-is-hard-for-otaku-chapter-70/" "Mozilla/5.0 (Linux; Android 10; K) AppleWebKit/537.36 (KHTML, like Gecko) Chrome/111.0.0.0 Mobile Safari/537.36"
51.222.253.3 - - [12/Jun/2025:12:54:10 -0400] "GET /z55605067.shtm HTTP/1.1" 301 0 "-" "Mozilla/5.0 (compatible; AhrefsBot/7.0; +http://ahrefs.com/robot/)"
162.0.232.193 - - [12/Jun/2025:12:54:18 -0400] "POST /wp-cron.php?doing_wp_cron=1749747258.8050351142883300781250 HTTP/1.1" 200 0 "-" "WordPress/6.8.1; https://wotaku-manga.com"
51.222.253.2 - - [12/Jun/2025:12:54:18 -0400] "GET /z566485515.shtm HTTP/1.1" 301 0 "-" "Mozilla/5.0 (compatible; AhrefsBot/7.0; +http://ahrefs.com/robot/)"
2a03:2880:f800:15:: - - [12/Jun/2025:12:54:18 -0400] "GET /shopdetail/372787835 HTTP/1.1" 301 0 "-" "meta-externalagent/1.1 (+https://developers.facebook.com/docs/sharing/webmasters/crawler)"
2804:18:1119:880c:9822:bb72:a852:2ac9 - - [12/Jun/2025:12:54:22 -0400] "GET /manga/wotaku-ni-koi-wa-muzukashii-chapter-65-2/ HTTP/1.1" 200 42947 "https://wotaku-manga.com/manga/wotakoi-love-is-hard-for-otaku-chapter-65/" "Mozilla/5.0 (iPhone; CPU iPhone OS 18_5_0 like Mac OS X) AppleWebKit/605.1.15 (KHTML, like Gecko) CriOS/137.0.7151.51 Mobile/15E148 Safari/604.1"
2a03:2880:f800:1:: - - [12/Jun/2025:12:54:23 -0400] "GET / HTTP/1.1" 200 37331 "-" "meta-externalagent/1.1 (+https://developers.facebook.com/docs/sharing/webmasters/crawler)"
2001:44c8:6014:781f:1847:b487:7f10:2e6 - - [12/Jun/2025:12:54:23 -0400] "GET /category/wotakoi-love-is-hard-for-otaku-manga-chapters/ HTTP/1.1" 304 0 "https://wotaku-manga.com/manga/wotakoi-love-is-hard-for-otaku-chapter-70/" "Mozilla/5.0 (Linux; Android 10; K) AppleWebKit/537.36 (KHTML, like Gecko) Chrome/111.0.0.0 Mobile Safari/537.36"
2001:44c8:6014:781f:1847:b487:7f10:2e6 - - [12/Jun/2025:12:54:23 -0400] "GET / HTTP/1.1" 304 0 "https://wotaku-manga.com/manga/wotakoi-love-is-hard-for-otaku-chapter-70/" "Mozilla/5.0 (Linux; Android 10; K) AppleWebKit/537.36 (KHTML, like Gecko) Chrome/111.0.0.0 Mobile Safari/537.36"
2001:44c8:6014:781f:1847:b487:7f10:2e6 - - [12/Jun/2025:12:54:23 -0400] "GET /manga/wotakoi-love-is-hard-for-otaku-chapter-71/ HTTP/1.1" 200 43193 "https://wotaku-manga.com/manga/wotakoi-love-is-hard-for-otaku-chapter-70/" "Mozilla/5.0 (Linux; Android 10; K) AppleWebKit/537.36 (KHTML, like Gecko) Chrome/111.0.0.0 Mobile Safari/537.36"
2804:18:1119:880c:9822:bb72:a852:2ac9 - - [12/Jun/2025:12:54:24 -0400] "POST /wp-admin/admin-ajax.php HTTP/1.1" 200 61 "https://wotaku-manga.com/manga/wotaku-ni-koi-wa-muzukashii-chapter-65-2/" "Mozilla/5.0 (iPhone; CPU iPhone OS 18_5_0 like Mac OS X) AppleWebKit/605.1.15 (KHTML, like Gecko) CriOS/137.0.7151.51 Mobile/15E148 Safari/604.1"
2001:44c8:6014:781f:1847:b487:7f10:2e6 - - [12/Jun/2025:12:54:29 -0400] "POST /wp-admin/admin-ajax.php HTTP/1.1" 200 61 "https://wotaku-manga.com/manga/wotakoi-love-is-hard-for-otaku-chapter-71/" "Mozilla/5.0 (Linux; Android 10; K) AppleWebKit/537.36 (KHTML, like Gecko) Chrome/111.0.0.0 Mobile Safari/537.36"
51.222.253.12 - - [12/Jun/2025:12:54:31 -0400] "GET /z566625307.shtm HTTP/1.1" 301 0 "-" "Mozilla/5.0 (compatible; AhrefsBot/7.0; +http://ahrefs.com/robot/)"
105.228.40.119 - - [12/Jun/2025:12:54:41 -0400] "GET /manga/wotakoi-love-is-hard-for-otaku-chapter-78/ HTTP/1.1" 200 42145 "https://wotaku-manga.com/manga/wotakoi-love-is-hard-for-otaku-chapter-77-5/" "Mozilla/5.0 (Linux; Android 10; K) AppleWebKit/537.36 (KHTML, like Gecko) Chrome/137.0.0.0 Mobile Safari/537.36"
105.228.40.119 - - [12/Jun/2025:12:54:41 -0400] "GET /tag/hanako-koyanagi/ HTTP/1.1" 301 0 "https://wotaku-manga.com/manga/wotakoi-love-is-hard-for-otaku-chapter-77-5/" "Mozilla/5.0 (Linux; Android 10; K) AppleWebKit/537.36 (KHTML, like Gecko) Chrome/137.0.0.0 Mobile Safari/537.36"
105.228.40.119 - - [12/Jun/2025:12:54:43 -0400] "GET / HTTP/1.1" 304 0 "https://wotaku-manga.com/manga/wotakoi-love-is-hard-for-otaku-chapter-77-5/" "Mozilla/5.0 (Linux; Android 10; K) AppleWebKit/537.36 (KHTML, like Gecko) Chrome/137.0.0.0 Mobile Safari/537.36"
162.0.232.193 - - [12/Jun/2025:12:54:45 -0400] "POST /wp-cron.php?doing_wp_cron=1749747285.2008419036865234375000 HTTP/1.1" 200 0 "-" "WordPress/6.8.1; https://wotaku-manga.com"
51.222.253.12 - - [12/Jun/2025:12:54:44 -0400] "GET /z595422243.shtm HTTP/1.1" 301 0 "-" "Mozilla/5.0 (compatible; AhrefsBot/7.0; +http://ahrefs.com/robot/)"
105.228.40.119 - - [12/Jun/2025:12:54:46 -0400] "GET /manga/wotakoi-love-is-hard-for-otaku-chapter-0/ HTTP/1.1" 304 0 "https://wotaku-manga.com/manga/wotakoi-love-is-hard-for-otaku-chapter-78/" "Mozilla/5.0 (Linux; Android 10; K) AppleWebKit/537.36 (KHTML, like Gecko) Chrome/137.0.0.0 Mobile Safari/537.36"
66.249.66.73 - - [12/Jun/2025:12:54:49 -0400] "GET /mq/shopdetail/grosbeak/79094174.shtm HTTP/1.1" 200 81480 "-" "Mozilla/5.0 (Linux; Android 6.0.1; Nexus 5X Build/MMB29P) AppleWebKit/537.36 (KHTML, like Gecko) Chrome/136.0.7103.113 Mobile Safari/537.36 (compatible; Googlebot/2.1; +http://www.google.com/bot.html)"
2804:18:1119:880c:9822:bb72:a852:2ac9 - - [12/Jun/2025:12:54:50 -0400] "GET /manga/wotaku-ni-koi-wa-muzukashii-chapter-65-3/ HTTP/1.1" 200 43129 "https://wotaku-manga.com/manga/wotaku-ni-koi-wa-muzukashii-chapter-65-2/" "Mozilla/5.0 (iPhone; CPU iPhone OS 18_5_0 like Mac OS X) AppleWebKit/605.1.15 (KHTML, like Gecko) CriOS/137.0.7151.51 Mobile/15E148 Safari/604.1"
51.222.253.5 - - [12/Jun/2025:12:54:51 -0400] "GET /z60991351.shtm HTTP/1.1" 301 0 "-" "Mozilla/5.0 (compatible; AhrefsBot/7.0; +http://ahrefs.com/robot/)"
2a03:2880:f800:8:: - - [12/Jun/2025:12:54:56 -0400] "GET /shopdetail/153019735 HTTP/1.1" 301 0 "-" "meta-externalagent/1.1 (+https://developers.facebook.com/docs/sharing/webmasters/crawler)"
51.222.253.2 - - [12/Jun/2025:12:54:56 -0400] "GET /z627317003.shtm HTTP/1.1" 301 0 "-" "Mozilla/5.0 (compatible; AhrefsBot/7.0; +http://ahrefs.com/robot/)"
2a03:2880:f800:f:: - - [12/Jun/2025:12:54:59 -0400] "GET / HTTP/1.1" 200 37331 "-" "meta-externalagent/1.1 (+https://developers.facebook.com/docs/sharing/webmasters/crawler)"
162.0.232.193 - - [12/Jun/2025:12:55:08 -0400] "POST /wp-cron.php?doing_wp_cron=1749747308.0542190074920654296875 HTTP/1.1" 200 0 "-" "WordPress/6.8.1; https://wotaku-manga.com"
51.222.253.9 - - [12/Jun/2025:12:55:06 -0400] "GET /z632158897.shtm HTTP/1.1" 301 0 "-" "Mozilla/5.0 (compatible; AhrefsBot/7.0; +http://ahrefs.com/robot/)"
51.222.253.15 - - [12/Jun/2025:12:55:13 -0400] "GET /z662574897.shtm HTTP/1.1" 301 0 "-" "Mozilla/5.0 (compatible; AhrefsBot/7.0; +http://ahrefs.com/robot/)"
2402:d000:810c:498c:1d1e:fc3f:79ee:8d6f - - [12/Jun/2025:12:55:16 -0400] "GET /manga/wotakoi-love-is-hard-for-otaku-chapter-71/ HTTP/1.1" 200 43193 "https://wotaku-manga.com/manga/wotakoi-love-is-hard-for-otaku-chapter-70/" "Mozilla/5.0 (iPhone; CPU iPhone OS 18_5_0 like Mac OS X) AppleWebKit/605.1.15 (KHTML, like Gecko) CriOS/137.0.7151.79 Mobile/15E148 Safari/604.1"
2001:44c8:6014:781f:1847:b487:7f10:2e6 - - [12/Jun/2025:12:55:18 -0400] "GET /tag/ko-sakuragi/ HTTP/1.1" 301 0 "https://wotaku-manga.com/manga/wotakoi-love-is-hard-for-otaku-chapter-71/" "Mozilla/5.0 (Linux; Android 10; K) AppleWebKit/537.36 (KHTML, like Gecko) Chrome/111.0.0.0 Mobile Safari/537.36"
2001:44c8:6014:781f:1847:b487:7f10:2e6 - - [12/Jun/2025:12:55:19 -0400] "GET /manga/wotakoi-love-is-hard-for-otaku-chapter-72/ HTTP/1.1" 200 42660 "https://wotaku-manga.com/manga/wotakoi-love-is-hard-for-otaku-chapter-71/" "Mozilla/5.0 (Linux; Android 10; K) AppleWebKit/537.36 (KHTML, like Gecko) Chrome/111.0.0.0 Mobile Safari/537.36"
2001:44c8:6014:781f:1847:b487:7f10:2e6 - - [12/Jun/2025:12:55:20 -0400] "GET / HTTP/1.1" 304 0 "https://wotaku-manga.com/manga/wotakoi-love-is-hard-for-otaku-chapter-71/" "Mozilla/5.0 (Linux; Android 10; K) AppleWebKit/537.36 (KHTML, like Gecko) Chrome/111.0.0.0 Mobile Safari/537.36"
162.0.232.193 - - [12/Jun/2025:12:55:23 -0400] "POST /wp-cron.php?doing_wp_cron=1749747322.7847959995269775390625 HTTP/1.1" 200 0 "-" "WordPress/6.8.1; https://wotaku-manga.com"
51.222.253.16 - - [12/Jun/2025:12:55:21 -0400] "GET /z668612391.shtm HTTP/1.1" 301 0 "-" "Mozilla/5.0 (compatible; AhrefsBot/7.0; +http://ahrefs.com/robot/)"
2001:44c8:6014:781f:1847:b487:7f10:2e6 - - [12/Jun/2025:12:55:23 -0400] "POST /wp-admin/admin-ajax.php HTTP/1.1" 200 61 "https://wotaku-manga.com/manga/wotakoi-love-is-hard-for-otaku-chapter-72/" "Mozilla/5.0 (Linux; Android 10; K) AppleWebKit/537.36 (KHTML, like Gecko) Chrome/111.0.0.0 Mobile Safari/537.36"
216.73.216.49 - - [12/Jun/2025:12:55:28 -0400] "GET /sitemap-child-1497.xml HTTP/1.1" 200 11288 "-" "Mozilla/5.0 AppleWebKit/537.36 (KHTML, like Gecko; compatible; ClaudeBot/1.0; [email protected])"
216.73.216.49 - - [12/Jun/2025:12:55:28 -0400] "GET /sitemap-child-2903.xml HTTP/1.1" 200 11288 "-" "Mozilla/5.0 AppleWebKit/537.36 (KHTML, like Gecko; compatible; ClaudeBot/1.0; [email protected])"
216.73.216.49 - - [12/Jun/2025:12:55:28 -0400] "GET /sitemap-child-2554.xml HTTP/1.1" 200 11288 "-" "Mozilla/5.0 AppleWebKit/537.36 (KHTML, like Gecko; compatible; ClaudeBot/1.0; [email protected])"
51.222.253.19 - - [12/Jun/2025:12:55:29 -0400] "GET /z699926285.shtm HTTP/1.1" 301 0 "-" "Mozilla/5.0 (compatible; AhrefsBot/7.0; +http://ahrefs.com/robot/)"
51.222.253.11 - - [12/Jun/2025:12:55:35 -0400] "GET /z700366399.shtm HTTP/1.1" 301 0 "-" "Mozilla/5.0 (compatible; AhrefsBot/7.0; +http://ahrefs.com/robot/)"
162.0.232.193 - - [12/Jun/2025:12:55:48 -0400] "POST /wp-cron.php?doing_wp_cron=1749747348.4516689777374267578125 HTTP/1.1" 200 0 "-" "WordPress/6.8.1; https://wotaku-manga.com"
51.222.253.1 - - [12/Jun/2025:12:55:47 -0400] "GET /z750760093.shtm HTTP/1.1" 301 0 "-" "Mozilla/5.0 (compatible; AhrefsBot/7.0; +http://ahrefs.com/robot/)"
2001:44c8:6014:781f:1847:b487:7f10:2e6 - - [12/Jun/2025:12:55:49 -0400] "GET /manga/wotakoi-love-is-hard-for-otaku-chapter-73/ HTTP/1.1" 200 42986 "https://wotaku-manga.com/manga/wotakoi-love-is-hard-for-otaku-chapter-72/" "Mozilla/5.0 (Linux; Android 10; K) AppleWebKit/537.36 (KHTML, like Gecko) Chrome/111.0.0.0 Mobile Safari/537.36"
2001:44c8:6014:781f:1847:b487:7f10:2e6 - - [12/Jun/2025:12:55:52 -0400] "POST /wp-admin/admin-ajax.php HTTP/1.1" 200 61 "https://wotaku-manga.com/manga/wotakoi-love-is-hard-for-otaku-chapter-73/" "Mozilla/5.0 (Linux; Android 10; K) AppleWebKit/537.36 (KHTML, like Gecko) Chrome/111.0.0.0 Mobile Safari/537.36"
162.0.232.193 - - [12/Jun/2025:12:55:58 -0400] "POST /wp-cron.php?doing_wp_cron=1749747358.0052020549774169921875 HTTP/1.1" 200 0 "-" "WordPress/6.8.1; https://wotaku-manga.com"
51.222.253.8 - - [12/Jun/2025:12:55:56 -0400] "GET /z760898589.shtm HTTP/1.1" 301 0 "-" "Mozilla/5.0 (compatible; AhrefsBot/7.0; +http://ahrefs.com/robot/)"
51.222.253.12 - - [12/Jun/2025:12:56:03 -0400] "GET /z76938947.shtm HTTP/1.1" 301 0 "-" "Mozilla/5.0 (compatible; AhrefsBot/7.0; +http://ahrefs.com/robot/)"
2001:44c8:6014:781f:1847:b487:7f10:2e6 - - [12/Jun/2025:12:56:05 -0400] "GET /manga/wotakoi-love-is-hard-for-otaku-chapter-74/ HTTP/1.1" 200 42822 "https://wotaku-manga.com/manga/wotakoi-love-is-hard-for-otaku-chapter-73/" "Mozilla/5.0 (Linux; Android 10; K) AppleWebKit/537.36 (KHTML, like Gecko) Chrome/111.0.0.0 Mobile Safari/537.36"
2001:44c8:6014:781f:1847:b487:7f10:2e6 - - [12/Jun/2025:12:56:08 -0400] "POST /wp-admin/admin-ajax.php HTTP/1.1" 200 61 "https://wotaku-manga.com/manga/wotakoi-love-is-hard-for-otaku-chapter-74/" "Mozilla/5.0 (Linux; Android 10; K) AppleWebKit/537.36 (KHTML, like Gecko) Chrome/111.0.0.0 Mobile Safari/537.36"
51.222.253.20 - - [12/Jun/2025:12:56:12 -0400] "GET /z76973903.shtm HTTP/1.1" 301 0 "-" "Mozilla/5.0 (compatible; AhrefsBot/7.0; +http://ahrefs.com/robot/)"
2804:18:1119:880c:9822:bb72:a852:2ac9 - - [12/Jun/2025:12:56:16 -0400] "GET /manga/wotakoi-love-is-hard-for-otaku-chapter-66/ HTTP/1.1" 200 43186 "https://wotaku-manga.com/manga/wotaku-ni-koi-wa-muzukashii-chapter-65-3/" "Mozilla/5.0 (iPhone; CPU iPhone OS 18_5_0 like Mac OS X) AppleWebKit/605.1.15 (KHTML, like Gecko) CriOS/137.0.7151.51 Mobile/15E148 Safari/604.1"
162.0.232.193 - - [12/Jun/2025:12:56:22 -0400] "POST /wp-cron.php?doing_wp_cron=1749747382.5883409976959228515625 HTTP/1.1" 200 0 "-" "WordPress/6.8.1; https://wotaku-manga.com"
51.222.253.7 - - [12/Jun/2025:12:56:20 -0400] "GET /z775738155.shtm HTTP/1.1" 301 0 "-" "Mozilla/5.0 (compatible; AhrefsBot/7.0; +http://ahrefs.com/robot/)"
46.252.225.54 - - [12/Jun/2025:12:56:28 -0400] "GET /manga/wotakoi-love-is-hard-for-otaku-chapter-86/ HTTP/1.1" 200 44052 "https://wotaku-manga.com/manga/wotakoi-love-is-hard-for-otaku-chapter-85/" "Mozilla/5.0 (Windows NT 10.0; Win64; x64) AppleWebKit/537.36 (KHTML, like Gecko) Chrome/137.0.0.0 Safari/537.36"
51.222.253.17 - - [12/Jun/2025:12:56:27 -0400] "GET /z803636245.shtm HTTP/1.1" 301 0 "-" "Mozilla/5.0 (compatible; AhrefsBot/7.0; +http://ahrefs.com/robot/)"
46.252.225.54 - - [12/Jun/2025:12:56:29 -0400] "GET /wp-content/plugins/simple-social-buttons/assets/fonts/ssb-icon.ttf?eahqa2 HTTP/1.1" 200 7412 "https://wotaku-manga.com/manga/wotakoi-love-is-hard-for-otaku-chapter-86/" "Mozilla/5.0 (Windows NT 10.0; Win64; x64) AppleWebKit/537.36 (KHTML, like Gecko) Chrome/137.0.0.0 Safari/537.36"
46.252.225.54 - - [12/Jun/2025:12:56:29 -0400] "GET /wp-content/uploads/2022/03/cropped-3612526.webp HTTP/1.1" 200 72576 "https://wotaku-manga.com/manga/wotakoi-love-is-hard-for-otaku-chapter-86/" "Mozilla/5.0 (Windows NT 10.0; Win64; x64) AppleWebKit/537.36 (KHTML, like Gecko) Chrome/137.0.0.0 Safari/537.36"
51.222.253.17 - - [12/Jun/2025:12:56:35 -0400] "GET /z813071941.shtm HTTP/1.1" 301 0 "-" "Mozilla/5.0 (compatible; AhrefsBot/7.0; +http://ahrefs.com/robot/)"
2a03:2880:f800:d:: - - [12/Jun/2025:12:56:35 -0400] "GET /shopdetail/271141035 HTTP/1.1" 301 0 "-" "meta-externalagent/1.1 (+https://developers.facebook.com/docs/sharing/webmasters/crawler)"
2001:44c8:6014:781f:1847:b487:7f10:2e6 - - [12/Jun/2025:12:56:36 -0400] "GET / HTTP/1.1" 304 0 "https://wotaku-manga.com/manga/wotakoi-love-is-hard-for-otaku-chapter-74/" "Mozilla/5.0 (Linux; Android 10; K) AppleWebKit/537.36 (KHTML, like Gecko) Chrome/111.0.0.0 Mobile Safari/537.36"
2a03:2880:f800:a:: - - [12/Jun/2025:12:56:39 -0400] "GET / HTTP/1.1" 200 37331 "-" "meta-externalagent/1.1 (+https://developers.facebook.com/docs/sharing/webmasters/crawler)"
2804:18:1119:880c:9822:bb72:a852:2ac9 - - [12/Jun/2025:12:56:39 -0400] "POST /wp-admin/admin-ajax.php HTTP/1.1" 200 61 "https://wotaku-manga.com/manga/wotakoi-love-is-hard-for-otaku-chapter-66/" "Mozilla/5.0 (iPhone; CPU iPhone OS 18_5_0 like Mac OS X) AppleWebKit/605.1.15 (KHTML, like Gecko) CriOS/137.0.7151.51 Mobile/15E148 Safari/604.1"
51.222.253.12 - - [12/Jun/2025:12:56:43 -0400] "GET /z813248209.shtm HTTP/1.1" 301 0 "-" "Mozilla/5.0 (compatible; AhrefsBot/7.0; +http://ahrefs.com/robot/)"
162.0.232.193 - - [12/Jun/2025:12:56:45 -0400] "POST /wp-cron.php?doing_wp_cron=1749747405.6943569183349609375000 HTTP/1.1" 200 0 "-" "WordPress/6.8.1; https://wotaku-manga.com"
2a03:2880:f800:11:: - - [12/Jun/2025:12:56:44 -0400] "GET /shopdetail/279403635 HTTP/1.1" 301 0 "-" "meta-externalagent/1.1 (+https://developers.facebook.com/docs/sharing/webmasters/crawler)"
2001:44c8:6014:781f:1847:b487:7f10:2e6 - - [12/Jun/2025:12:56:47 -0400] "GET /category/wotakoi-love-is-hard-for-otaku-manga-volumes/ HTTP/1.1" 304 0 "https://wotaku-manga.com/manga/wotakoi-love-is-hard-for-otaku-chapter-74/" "Mozilla/5.0 (Linux; Android 10; K) AppleWebKit/537.36 (KHTML, like Gecko) Chrome/111.0.0.0 Mobile Safari/537.36"
2001:44c8:6014:781f:1847:b487:7f10:2e6 - - [12/Jun/2025:12:56:47 -0400] "GET / HTTP/1.1" 304 0 "https://wotaku-manga.com/manga/wotakoi-love-is-hard-for-otaku-chapter-74/" "Mozilla/5.0 (Linux; Android 10; K) AppleWebKit/537.36 (KHTML, like Gecko) Chrome/111.0.0.0 Mobile Safari/537.36"
2001:44c8:6014:781f:1847:b487:7f10:2e6 - - [12/Jun/2025:12:56:48 -0400] "GET /manga/wotakoi-love-is-hard-for-otaku-chapter-75/ HTTP/1.1" 200 43163 "https://wotaku-manga.com/manga/wotakoi-love-is-hard-for-otaku-chapter-74/" "Mozilla/5.0 (Linux; Android 10; K) AppleWebKit/537.36 (KHTML, like Gecko) Chrome/111.0.0.0 Mobile Safari/537.36"
2a03:2880:f800:15:: - - [12/Jun/2025:12:56:48 -0400] "GET / HTTP/1.1" 200 37331 "-" "meta-externalagent/1.1 (+https://developers.facebook.com/docs/sharing/webmasters/crawler)"
2804:18:1119:880c:9822:bb72:a852:2ac9 - - [12/Jun/2025:12:56:51 -0400] "GET /manga/wotaku-ni-koi-wa-muzukashii-chapter-67/ HTTP/1.1" 200 42974 "https://wotaku-manga.com/manga/wotakoi-love-is-hard-for-otaku-chapter-66/" "Mozilla/5.0 (iPhone; CPU iPhone OS 18_5_0 like Mac OS X) AppleWebKit/605.1.15 (KHTML, like Gecko) CriOS/137.0.7151.51 Mobile/15E148 Safari/604.1"
2804:18:1119:880c:9822:bb72:a852:2ac9 - - [12/Jun/2025:12:56:52 -0400] "GET /manga/wotaku-ni-koi-wa-muzukashii-chapter-67/ HTTP/1.1" 200 42931 "https://wotaku-manga.com/manga/wotakoi-love-is-hard-for-otaku-chapter-66/" "Mozilla/5.0 (iPhone; CPU iPhone OS 18_5_0 like Mac OS X) AppleWebKit/605.1.15 (KHTML, like Gecko) CriOS/137.0.7151.51 Mobile/15E148 Safari/604.1"
51.222.253.17 - - [12/Jun/2025:12:56:53 -0400] "GET /z835479351.shtm HTTP/1.1" 301 0 "-" "Mozilla/5.0 (compatible; AhrefsBot/7.0; +http://ahrefs.com/robot/)"
162.0.232.193 - - [12/Jun/2025:12:56:58 -0400] "POST /wp-cron.php?doing_wp_cron=1749747418.0847361087799072265625 HTTP/1.1" 200 0 "-" "WordPress/6.8.1; https://wotaku-manga.com"
2804:18:1119:880c:9822:bb72:a852:2ac9 - - [12/Jun/2025:12:56:57 -0400] "POST /wp-admin/admin-ajax.php HTTP/1.1" 200 61 "https://wotaku-manga.com/manga/wotaku-ni-koi-wa-muzukashii-chapter-67/" "Mozilla/5.0 (iPhone; CPU iPhone OS 18_5_0 like Mac OS X) AppleWebKit/605.1.15 (KHTML, like Gecko) CriOS/137.0.7151.51 Mobile/15E148 Safari/604.1"
51.222.253.17 - - [12/Jun/2025:12:57:01 -0400] "GET /z836218819.shtm HTTP/1.1" 301 0 "-" "Mozilla/5.0 (compatible; AhrefsBot/7.0; +http://ahrefs.com/robot/)"
2804:18:1119:880c:9822:bb72:a852:2ac9 - - [12/Jun/2025:12:57:06 -0400] "GET /manga/wotakoi-love-is-hard-for-otaku-chapter-68/ HTTP/1.1" 200 42853 "https://wotaku-manga.com/manga/wotaku-ni-koi-wa-muzukashii-chapter-67/" "Mozilla/5.0 (iPhone; CPU iPhone OS 18_5_0 like Mac OS X) AppleWebKit/605.1.15 (KHTML, like Gecko) CriOS/137.0.7151.51 Mobile/15E148 Safari/604.1"
2001:44c8:6014:781f:1847:b487:7f10:2e6 - - [12/Jun/2025:12:57:04 -0400] "POST /wp-admin/admin-ajax.php HTTP/1.1" 200 61 "https://wotaku-manga.com/manga/wotakoi-love-is-hard-for-otaku-chapter-75/" "Mozilla/5.0 (Linux; Android 10; K) AppleWebKit/537.36 (KHTML, like Gecko) Chrome/111.0.0.0 Mobile Safari/537.36"
2804:18:1119:880c:9822:bb72:a852:2ac9 - - [12/Jun/2025:12:57:08 -0400] "POST /wp-admin/admin-ajax.php HTTP/1.1" 200 61 "https://wotaku-manga.com/manga/wotakoi-love-is-hard-for-otaku-chapter-68/" "Mozilla/5.0 (iPhone; CPU iPhone OS 18_5_0 like Mac OS X) AppleWebKit/605.1.15 (KHTML, like Gecko) CriOS/137.0.7151.51 Mobile/15E148 Safari/604.1"
51.222.253.1 - - [12/Jun/2025:12:57:13 -0400] "GET /z836324183.shtm HTTP/1.1" 301 0 "-" "Mozilla/5.0 (compatible; AhrefsBot/7.0; +http://ahrefs.com/robot/)"
162.0.232.193 - - [12/Jun/2025:12:57:25 -0400] "POST /wp-cron.php?doing_wp_cron=1749747445.5673201084136962890625 HTTP/1.1" 200 0 "-" "WordPress/6.8.1; https://wotaku-manga.com"
51.222.253.11 - - [12/Jun/2025:12:57:24 -0400] "GET /z836377245.shtm HTTP/1.1" 301 0 "-" "Mozilla/5.0 (compatible; AhrefsBot/7.0; +http://ahrefs.com/robot/)"
51.222.253.18 - - [12/Jun/2025:12:57:31 -0400] "GET /z848151959.shtm HTTP/1.1" 301 0 "-" "Mozilla/5.0 (compatible; AhrefsBot/7.0; +http://ahrefs.com/robot/)"
105.228.40.119 - - [12/Jun/2025:12:57:34 -0400] "GET /category/wotakoi-love-is-hard-for-otaku-manga-ending/ HTTP/1.1" 200 46209 "https://wotaku-manga.com/manga/wotakoi-love-is-hard-for-otaku-chapter-78/" "Mozilla/5.0 (Linux; Android 10; K) AppleWebKit/537.36 (KHTML, like Gecko) Chrome/137.0.0.0 Mobile Safari/537.36"
51.222.253.16 - - [12/Jun/2025:12:57:38 -0400] "GET /z851038687.shtm HTTP/1.1" 301 0 "-" "Mozilla/5.0 (compatible; AhrefsBot/7.0; +http://ahrefs.com/robot/)"
162.0.232.193 - - [12/Jun/2025:12:57:53 -0400] "POST /wp-cron.php?doing_wp_cron=1749747473.6794950962066650390625 HTTP/1.1" 200 0 "-" "WordPress/6.8.1; https://wotaku-manga.com"
51.222.253.8 - - [12/Jun/2025:12:57:51 -0400] "GET /z85158121.shtm HTTP/1.1" 301 0 "-" "Mozilla/5.0 (compatible; AhrefsBot/7.0; +http://ahrefs.com/robot/)"
162.0.232.193 - - [12/Jun/2025:12:58:00 -0400] "POST /wp-cron.php?doing_wp_cron=1749747480.4172079563140869140625 HTTP/1.1" 200 0 "-" "WordPress/6.8.1; https://wotaku-manga.com"
51.222.253.16 - - [12/Jun/2025:12:57:58 -0400] "GET /z853713935.shtm HTTP/1.1" 301 0 "-" "Mozilla/5.0 (compatible; AhrefsBot/7.0; +http://ahrefs.com/robot/)"
105.228.40.119 - - [12/Jun/2025:12:58:02 -0400] "GET /tag/narumi-momose/ HTTP/1.1" 301 0 "https://wotaku-manga.com/manga/wotakoi-love-is-hard-for-otaku-chapter-78/" "Mozilla/5.0 (Linux; Android 10; K) AppleWebKit/537.36 (KHTML, like Gecko) Chrome/137.0.0.0 Mobile Safari/537.36"
105.228.40.119 - - [12/Jun/2025:12:58:04 -0400] "GET / HTTP/1.1" 304 0 "https://wotaku-manga.com/manga/wotakoi-love-is-hard-for-otaku-chapter-78/" "Mozilla/5.0 (Linux; Android 10; K) AppleWebKit/537.36 (KHTML, like Gecko) Chrome/137.0.0.0 Mobile Safari/537.36"
105.228.40.119 - - [12/Jun/2025:12:58:04 -0400] "GET /manga/wotakoi-love-is-hard-for-otaku-chapter-79/ HTTP/1.1" 200 42146 "https://wotaku-manga.com/manga/wotakoi-love-is-hard-for-otaku-chapter-78/" "Mozilla/5.0 (Linux; Android 10; K) AppleWebKit/537.36 (KHTML, like Gecko) Chrome/137.0.0.0 Mobile Safari/537.36"
2804:18:1119:880c:9822:bb72:a852:2ac9 - - [12/Jun/2025:12:58:05 -0400] "GET /manga/wotakoi-love-is-hard-for-otaku-chapter-69/ HTTP/1.1" 200 43001 "https://wotaku-manga.com/manga/wotakoi-love-is-hard-for-otaku-chapter-68/" "Mozilla/5.0 (iPhone; CPU iPhone OS 18_5_0 like Mac OS X) AppleWebKit/605.1.15 (KHTML, like Gecko) CriOS/137.0.7151.51 Mobile/15E148 Safari/604.1"
51.222.253.6 - - [12/Jun/2025:12:58:05 -0400] "GET /z853767765.shtm HTTP/1.1" 301 0 "-" "Mozilla/5.0 (compatible; AhrefsBot/7.0; +http://ahrefs.com/robot/)"
105.228.40.119 - - [12/Jun/2025:12:58:06 -0400] "GET /wp-content/themes/toivo-lite/js/functions.min.js?ver=1.2.0 HTTP/1.1" 304 0 "https://wotaku-manga.com/manga/wotakoi-love-is-hard-for-otaku-chapter-79/" "Mozilla/5.0 (Linux; Android 10; K) AppleWebKit/537.36 (KHTML, like Gecko) Chrome/137.0.0.0 Mobile Safari/537.36"
105.228.40.119 - - [12/Jun/2025:12:58:06 -0400] "GET /wp-content/themes/toivo-lite/js/settings.min.js?ver=1.2.0 HTTP/1.1" 304 0 "https://wotaku-manga.com/manga/wotakoi-love-is-hard-for-otaku-chapter-79/" "Mozilla/5.0 (Linux; Android 10; K) AppleWebKit/537.36 (KHTML, like Gecko) Chrome/137.0.0.0 Mobile Safari/537.36"
105.228.40.119 - - [12/Jun/2025:12:58:06 -0400] "GET /wp-content/cache/min/1/wp-content/plugins/simple-social-buttons/assets/js/front.js?ver=1684511167 HTTP/1.1" 304 0 "https://wotaku-manga.com/manga/wotakoi-love-is-hard-for-otaku-chapter-79/" "Mozilla/5.0 (Linux; Android 10; K) AppleWebKit/537.36 (KHTML, like Gecko) Chrome/137.0.0.0 Mobile Safari/537.36"
105.228.40.119 - - [12/Jun/2025:12:58:06 -0400] "GET /wp-includes/js/jquery/jquery.min.js?ver=3.7.1 HTTP/1.1" 304 0 "https://wotaku-manga.com/manga/wotakoi-love-is-hard-for-otaku-chapter-79/" "Mozilla/5.0 (Linux; Android 10; K) AppleWebKit/537.36 (KHTML, like Gecko) Chrome/137.0.0.0 Mobile Safari/537.36"
105.228.40.119 - - [12/Jun/2025:12:58:06 -0400] "GET /wp-content/plugins/simple-social-buttons/assets/js/frontend-blocks.js?ver=6.1.0 HTTP/1.1" 304 0 "https://wotaku-manga.com/manga/wotakoi-love-is-hard-for-otaku-chapter-79/" "Mozilla/5.0 (Linux; Android 10; K) AppleWebKit/537.36 (KHTML, like Gecko) Chrome/137.0.0.0 Mobile Safari/537.36"
105.228.40.119 - - [12/Jun/2025:12:58:06 -0400] "GET /wp-content/cache/min/1/sdks/web/v16/OneSignalSDK.page.js?ver=1746023449 HTTP/1.1" 304 0 "https://wotaku-manga.com/manga/wotakoi-love-is-hard-for-otaku-chapter-79/" "Mozilla/5.0 (Linux; Android 10; K) AppleWebKit/537.36 (KHTML, like Gecko) Chrome/137.0.0.0 Mobile Safari/537.36"
105.228.40.119 - - [12/Jun/2025:12:58:06 -0400] "GET /wp-content/themes/toivo-lite/js/responsive-nav.min.js?ver=1.2.0 HTTP/1.1" 304 0 "https://wotaku-manga.com/manga/wotakoi-love-is-hard-for-otaku-chapter-79/" "Mozilla/5.0 (Linux; Android 10; K) AppleWebKit/537.36 (KHTML, like Gecko) Chrome/137.0.0.0 Mobile Safari/537.36"
105.228.40.119 - - [12/Jun/2025:12:58:06 -0400] "GET /wp-content/cache/min/1/wp-content/plugins/comic-easel/js/keynav.js?ver=1684511167 HTTP/1.1" 304 0 "https://wotaku-manga.com/manga/wotakoi-love-is-hard-for-otaku-chapter-79/" "Mozilla/5.0 (Linux; Android 10; K) AppleWebKit/537.36 (KHTML, like Gecko) Chrome/137.0.0.0 Mobile Safari/537.36"
105.228.40.119 - - [12/Jun/2025:12:58:07 -0400] "GET /wp-includes/js/comment-reply.min.js?ver=6.8.1 HTTP/1.1" 304 0 "https://wotaku-manga.com/manga/wotakoi-love-is-hard-for-otaku-chapter-79/" "Mozilla/5.0 (Linux; Android 10; K) AppleWebKit/537.36 (KHTML, like Gecko) Chrome/137.0.0.0 Mobile Safari/537.36"
105.228.40.119 - - [12/Jun/2025:12:58:07 -0400] "GET /wp-content/cache/min/1/wp-content/plugins/disqus-comment-system/public/js/comment_count.js?ver=1684511264 HTTP/1.1" 304 0 "https://wotaku-manga.com/manga/wotakoi-love-is-hard-for-otaku-chapter-79/" "Mozilla/5.0 (Linux; Android 10; K) AppleWebKit/537.36 (KHTML, like Gecko) Chrome/137.0.0.0 Mobile Safari/537.36"
105.228.40.119 - - [12/Jun/2025:12:58:07 -0400] "GET /wp-includes/js/jquery/jquery-migrate.min.js?ver=3.4.1 HTTP/1.1" 304 0 "https://wotaku-manga.com/manga/wotakoi-love-is-hard-for-otaku-chapter-79/" "Mozilla/5.0 (Linux; Android 10; K) AppleWebKit/537.36 (KHTML, like Gecko) Chrome/137.0.0.0 Mobile Safari/537.36"
105.228.40.119 - - [12/Jun/2025:12:58:07 -0400] "GET /wp-content/cache/min/1/wp-content/plugins/disqus-comment-system/public/js/comment_embed.js?ver=1684511264 HTTP/1.1" 304 0 "https://wotaku-manga.com/manga/wotakoi-love-is-hard-for-otaku-chapter-79/" "Mozilla/5.0 (Linux; Android 10; K) AppleWebKit/537.36 (KHTML, like Gecko) Chrome/137.0.0.0 Mobile Safari/537.36"
105.228.40.119 - - [12/Jun/2025:12:58:08 -0400] "GET /manga/wotakoi-love-is-hard-for-otaku-chapter-0/ HTTP/1.1" 304 0 "https://wotaku-manga.com/manga/wotakoi-love-is-hard-for-otaku-chapter-79/" "Mozilla/5.0 (Linux; Android 10; K) AppleWebKit/537.36 (KHTML, like Gecko) Chrome/137.0.0.0 Mobile Safari/537.36"
2a03:2880:f800:1a:: - - [12/Jun/2025:12:58:14 -0400] "GET /shopdetail/374401035 HTTP/1.1" 301 0 "-" "meta-externalagent/1.1 (+https://developers.facebook.com/docs/sharing/webmasters/crawler)"
51.222.253.11 - - [12/Jun/2025:12:58:14 -0400] "GET /z853802193.shtm HTTP/1.1" 301 0 "-" "Mozilla/5.0 (compatible; AhrefsBot/7.0; +http://ahrefs.com/robot/)"
2804:18:1119:880c:9822:bb72:a852:2ac9 - - [12/Jun/2025:12:58:14 -0400] "POST /wp-admin/admin-ajax.php HTTP/1.1" 200 61 "https://wotaku-manga.com/manga/wotakoi-love-is-hard-for-otaku-chapter-69/" "Mozilla/5.0 (iPhone; CPU iPhone OS 18_5_0 like Mac OS X) AppleWebKit/605.1.15 (KHTML, like Gecko) CriOS/137.0.7151.51 Mobile/15E148 Safari/604.1"
2a03:2880:f800:11:: - - [12/Jun/2025:12:58:19 -0400] "GET / HTTP/1.1" 200 37331 "-" "meta-externalagent/1.1 (+https://developers.facebook.com/docs/sharing/webmasters/crawler)"
162.0.232.193 - - [12/Jun/2025:12:58:23 -0400] "POST /wp-cron.php?doing_wp_cron=1749747503.2651710510253906250000 HTTP/1.1" 200 0 "-" "WordPress/6.8.1; https://wotaku-manga.com"
51.222.253.3 - - [12/Jun/2025:12:58:22 -0400] "GET /z854595115.shtm HTTP/1.1" 301 0 "-" "Mozilla/5.0 (compatible; AhrefsBot/7.0; +http://ahrefs.com/robot/)"
2a03:2880:f800:5:: - - [12/Jun/2025:12:58:25 -0400] "GET /shopdetail/374423335 HTTP/1.1" 301 0 "-" "meta-externalagent/1.1 (+https://developers.facebook.com/docs/sharing/webmasters/crawler)"
2a03:2880:f800:1c:: - - [12/Jun/2025:12:58:30 -0400] "GET / HTTP/1.1" 200 37331 "-" "meta-externalagent/1.1 (+https://developers.facebook.com/docs/sharing/webmasters/crawler)"
2001:44c8:6014:781f:1847:b487:7f10:2e6 - - [12/Jun/2025:12:58:30 -0400] "GET /category/wotakoi-love-is-hard-for-otaku-manga-volumes/ HTTP/1.1" 304 0 "https://wotaku-manga.com/manga/wotakoi-love-is-hard-for-otaku-chapter-75/" "Mozilla/5.0 (Linux; Android 10; K) AppleWebKit/537.36 (KHTML, like Gecko) Chrome/111.0.0.0 Mobile Safari/537.36"
51.222.253.14 - - [12/Jun/2025:12:58:30 -0400] "GET /z857832795.shtm HTTP/1.1" 301 0 "-" "Mozilla/5.0 (compatible; AhrefsBot/7.0; +http://ahrefs.com/robot/)"
2001:44c8:6014:781f:1847:b487:7f10:2e6 - - [12/Jun/2025:12:58:31 -0400] "GET /manga/wotakoi-love-is-hard-for-otaku-chapter-75-5/ HTTP/1.1" 200 42251 "https://wotaku-manga.com/manga/wotakoi-love-is-hard-for-otaku-chapter-75/" "Mozilla/5.0 (Linux; Android 10; K) AppleWebKit/537.36 (KHTML, like Gecko) Chrome/111.0.0.0 Mobile Safari/537.36"
51.222.253.9 - - [12/Jun/2025:12:58:36 -0400] "GET /z858008887.shtm HTTP/1.1" 301 0 "-" "Mozilla/5.0 (compatible; AhrefsBot/7.0; +http://ahrefs.com/robot/)"
162.0.232.193 - - [12/Jun/2025:12:58:46 -0400] "POST /wp-cron.php?doing_wp_cron=1749747526.3455750942230224609375 HTTP/1.1" 200 0 "-" "WordPress/6.8.1; https://wotaku-manga.com"
51.222.253.18 - - [12/Jun/2025:12:58:44 -0400] "GET /z861776667.shtm HTTP/1.1" 301 0 "-" "Mozilla/5.0 (compatible; AhrefsBot/7.0; +http://ahrefs.com/robot/)"
125.167.79.247 - - [12/Jun/2025:12:58:48 -0400] "GET / HTTP/1.1" 200 37890 "https://www.google.com/" "Mozilla/5.0 (Linux; Android 10; K) AppleWebKit/537.36 (KHTML, like Gecko) Chrome/137.0.0.0 Mobile Safari/537.36"
125.167.79.247 - - [12/Jun/2025:12:58:49 -0400] "GET /wp-content/uploads/2021/11/Wotaku_ni_Koi_wa_Muzukashii-11-jp-1-1081x1536.jpg HTTP/1.1" 200 180746 "https://wotaku-manga.com/" "Mozilla/5.0 (Linux; Android 10; K) AppleWebKit/537.36 (KHTML, like Gecko) Chrome/137.0.0.0 Mobile Safari/537.36"
125.167.79.247 - - [12/Jun/2025:12:58:50 -0400] "GET /wp-content/themes/toivo-lite/js/settings.min.js?ver=1.2.0 HTTP/1.1" 304 0 "https://wotaku-manga.com/" "Mozilla/5.0 (Linux; Android 10; K) AppleWebKit/537.36 (KHTML, like Gecko) Chrome/137.0.0.0 Mobile Safari/537.36"
125.167.79.247 - - [12/Jun/2025:12:58:50 -0400] "GET /wp-content/cache/min/1/sdks/web/v16/OneSignalSDK.page.js?ver=1746023449 HTTP/1.1" 200 544 "https://wotaku-manga.com/" "Mozilla/5.0 (Linux; Android 10; K) AppleWebKit/537.36 (KHTML, like Gecko) Chrome/137.0.0.0 Mobile Safari/537.36"
125.167.79.247 - - [12/Jun/2025:12:58:50 -0400] "GET /wp-includes/js/jquery/jquery-migrate.min.js?ver=3.4.1 HTTP/1.1" 304 0 "https://wotaku-manga.com/" "Mozilla/5.0 (Linux; Android 10; K) AppleWebKit/537.36 (KHTML, like Gecko) Chrome/137.0.0.0 Mobile Safari/537.36"
125.167.79.247 - - [12/Jun/2025:12:58:50 -0400] "GET /wp-content/themes/toivo-lite/js/responsive-nav.min.js?ver=1.2.0 HTTP/1.1" 304 0 "https://wotaku-manga.com/" "Mozilla/5.0 (Linux; Android 10; K) AppleWebKit/537.36 (KHTML, like Gecko) Chrome/137.0.0.0 Mobile Safari/537.36"
125.167.79.247 - - [12/Jun/2025:12:58:50 -0400] "GET /wp-content/cache/min/1/wp-content/plugins/comic-easel/js/keynav.js?ver=1684511167 HTTP/1.1" 200 221 "https://wotaku-manga.com/" "Mozilla/5.0 (Linux; Android 10; K) AppleWebKit/537.36 (KHTML, like Gecko) Chrome/137.0.0.0 Mobile Safari/537.36"
125.167.79.247 - - [12/Jun/2025:12:58:50 -0400] "GET /wp-includes/js/jquery/jquery.min.js?ver=3.7.1 HTTP/1.1" 200 29744 "https://wotaku-manga.com/" "Mozilla/5.0 (Linux; Android 10; K) AppleWebKit/537.36 (KHTML, like Gecko) Chrome/137.0.0.0 Mobile Safari/537.36"
125.167.79.247 - - [12/Jun/2025:12:58:51 -0400] "GET /wp-content/uploads/2021/11/cropped-stsmall507x507-pad600x600f8f8f8-1-180x180.jpeg HTTP/1.1" 200 6663 "https://wotaku-manga.com/" "Mozilla/5.0 (Linux; Android 10; K) AppleWebKit/537.36 (KHTML, like Gecko) Chrome/137.0.0.0 Mobile Safari/537.36"
125.167.79.247 - - [12/Jun/2025:12:58:51 -0400] "GET /wp-content/uploads/2021/11/cropped-stsmall507x507-pad600x600f8f8f8-1-192x192.jpeg HTTP/1.1" 200 7055 "https://wotaku-manga.com/" "Mozilla/5.0 (Linux; Android 10; K) AppleWebKit/537.36 (KHTML, like Gecko) Chrome/137.0.0.0 Mobile Safari/537.36"
125.167.79.247 - - [12/Jun/2025:12:58:51 -0400] "GET / HTTP/1.1" 200 37976 "https://wotaku-manga.com/" "Mozilla/5.0 (Linux; Android 10; K) AppleWebKit/537.36 (KHTML, like Gecko) Chrome/137.0.0.0 Mobile Safari/537.36"
125.167.79.247 - - [12/Jun/2025:12:58:53 -0400] "GET /manga/wotakoi-love-is-hard-for-otaku-chapter-85/ HTTP/1.1" 200 44329 "https://wotaku-manga.com/" "Mozilla/5.0 (Linux; Android 10; K) AppleWebKit/537.36 (KHTML, like Gecko) Chrome/137.0.0.0 Mobile Safari/537.36"
125.167.79.247 - - [12/Jun/2025:12:58:54 -0400] "GET /manga/wotakoi-love-is-hard-for-otaku-chapter-80/ HTTP/1.1" 200 42504 "https://wotaku-manga.com/" "Mozilla/5.0 (Linux; Android 10; K) AppleWebKit/537.36 (KHTML, like Gecko) Chrome/137.0.0.0 Mobile Safari/537.36"
125.167.79.247 - - [12/Jun/2025:12:58:55 -0400] "GET /manga/wotakoi-love-is-hard-for-otaku-chapter-19/ HTTP/1.1" 200 42847 "https://wotaku-manga.com/" "Mozilla/5.0 (Linux; Android 10; K) AppleWebKit/537.36 (KHTML, like Gecko) Chrome/137.0.0.0 Mobile Safari/537.36"
125.167.79.247 - - [12/Jun/2025:12:58:55 -0400] "GET /manga/wotakoi-love-is-hard-for-otaku-chapter-3/ HTTP/1.1" 200 43340 "https://wotaku-manga.com/" "Mozilla/5.0 (Linux; Android 10; K) AppleWebKit/537.36 (KHTML, like Gecko) Chrome/137.0.0.0 Mobile Safari/537.36"
51.222.253.3 - - [12/Jun/2025:12:58:56 -0400] "GET /z867742721.shtm HTTP/1.1" 301 0 "-" "Mozilla/5.0 (compatible; AhrefsBot/7.0; +http://ahrefs.com/robot/)"
125.167.79.247 - - [12/Jun/2025:12:58:56 -0400] "GET /manga/wotakoi-love-is-hard-for-otaku-chapter-0/ HTTP/1.1" 200 42048 "https://wotaku-manga.com/" "Mozilla/5.0 (Linux; Android 10; K) AppleWebKit/537.36 (KHTML, like Gecko) Chrome/137.0.0.0 Mobile Safari/537.36"
216.73.216.49 - - [12/Jun/2025:12:59:39 -0400] "GET /sitemap-child-941.xml HTTP/1.1" 200 11290 "-" "Mozilla/5.0 AppleWebKit/537.36 (KHTML, like Gecko; compatible; ClaudeBot/1.0; [email protected])"
51.222.253.7 - - [12/Jun/2025:12:59:40 -0400] "GET /z885187335.shtm HTTP/1.1" 301 0 "-" "Mozilla/5.0 (compatible; AhrefsBot/7.0; +http://ahrefs.com/robot/)"
66.249.66.161 - - [12/Jun/2025:12:59:40 -0400] "GET /manga/wotaku-ni-koi-wa-muzukashii-chapter-57-2/ HTTP/1.1" 200 82002 "-" "Mozilla/5.0 (Linux; Android 6.0.1; Nexus 5X Build/MMB29P) AppleWebKit/537.36 (KHTML, like Gecko) Chrome/136.0.7103.113 Mobile Safari/537.36 (compatible; Googlebot/2.1; +http://www.google.com/bot.html)"
47.82.60.128 - - [12/Jun/2025:12:59:51 -0400] "GET /wp-includes/js/dist/vendor/moment.js HTTP/1.1" 200 36017 "https://wotaku-manga.com/wp-includes/js/dist/vendor/moment.js" "Mozilla/5.0 (Windows NT 10.0; Win64; x64) AppleWebKit/537.36 (KHTML, like Gecko) Chrome/114.0.0.0 Safari/537.36 Edg/114.0.1823.43"
162.0.232.193 - - [12/Jun/2025:12:59:52 -0400] "POST /wp-cron.php?doing_wp_cron=1749747591.9305980205535888671875 HTTP/1.1" 200 0 "-" "WordPress/6.8.1; https://wotaku-manga.com"
51.222.253.11 - - [12/Jun/2025:12:59:51 -0400] "GET /z885292171.shtm HTTP/1.1" 301 0 "-" "Mozilla/5.0 (compatible; AhrefsBot/7.0; +http://ahrefs.com/robot/)"
2600:387:15:391b::3 - - [12/Jun/2025:12:59:53 -0400] "GET /manga/wotakoi-love-is-hard-for-otaku-chapter-21-5/ HTTP/1.1" 200 44649 "-" "Mozilla/5.0 (iPhone; CPU iPhone OS 18_5 like Mac OS X) AppleWebKit/605.1.15 (KHTML, like Gecko) Mobile/15E148"
162.0.232.193 - - [12/Jun/2025:13:00:00 -0400] "POST /wp-cron.php?doing_wp_cron=1749747599.9647719860076904296875 HTTP/1.1" 200 0 "-" "WordPress/6.8.1; https://wotaku-manga.com"
2600:387:15:391b::3 - - [12/Jun/2025:12:59:56 -0400] "POST /wp-admin/admin-ajax.php HTTP/1.1" 200 61 "https://wotaku-manga.com/manga/wotakoi-love-is-hard-for-otaku-chapter-21-5/" "Mozilla/5.0 (iPhone; CPU iPhone OS 18_5 like Mac OS X) AppleWebKit/605.1.15 (KHTML, like Gecko) Version/18.5 Mobile/15E148 Safari/604.1"
