105.228.40.119 - - [12/Jun/2025:10:15:28 -0400] "GET /category/wotakoi-love-is-hard-for-otaku-manga-chapters/ HTTP/1.1" 200 46566 "https://wotaku-manga.com/manga/wotakoi-love-is-hard-for-otaku-chapter-69/" "Mozilla/5.0 (Linux; Android 10; K) AppleWebKit/537.36 (KHTML, like Gecko) Chrome/137.0.0.0 Mobile Safari/537.36"
51.222.253.20 - - [12/Jun/2025:10:15:28 -0400] "GET /t627101725.shtm HTTP/1.1" 301 0 "-" "Mozilla/5.0 (compatible; AhrefsBot/7.0; +http://ahrefs.com/robot/)"
105.228.40.119 - - [12/Jun/2025:10:15:29 -0400] "GET /manga/wotakoi-love-is-hard-for-otaku-chapter-68/ HTTP/1.1" 304 0 "https://wotaku-manga.com/manga/wotakoi-love-is-hard-for-otaku-chapter-69/" "Mozilla/5.0 (Linux; Android 10; K) AppleWebKit/537.36 (KHTML, like Gecko) Chrome/137.0.0.0 Mobile Safari/537.36"
2402:3a80:10:4b85:0:44:ede9:1401 - - [12/Jun/2025:10:15:29 -0400] "GET /manga/wotaku-ni-koi-wa-muzukashii-chapter-39/ HTTP/1.1" 200 42048 "https://wotaku-manga.com/" "Mozilla/5.0 (Linux; Android 10; K) AppleWebKit/537.36 (KHTML, like Gecko) SamsungBrowser/28.0 Chrome/130.0.0.0 Mobile Safari/537.36"
2402:3a80:10:4b85:0:44:ede9:1401 - - [12/Jun/2025:10:15:30 -0400] "GET /manga/wotaku-ni-koi-wa-muzukashii-chapter-32/ HTTP/1.1" 200 42287 "https://wotaku-manga.com/" "Mozilla/5.0 (Linux; Android 10; K) AppleWebKit/537.36 (KHTML, like Gecko) SamsungBrowser/28.0 Chrome/130.0.0.0 Mobile Safari/537.36"
2402:3a80:10:4b85:0:44:ede9:1401 - - [12/Jun/2025:10:15:30 -0400] "GET /manga/wotaku-ni-koi-wa-muzukashii-chapter-29/ HTTP/1.1" 200 42830 "https://wotaku-manga.com/" "Mozilla/5.0 (Linux; Android 10; K) AppleWebKit/537.36 (KHTML, like Gecko) SamsungBrowser/28.0 Chrome/130.0.0.0 Mobile Safari/537.36"
105.228.40.119 - - [12/Jun/2025:10:15:30 -0400] "GET /manga/wotakoi-love-is-hard-for-otaku-chapter-69-5/ HTTP/1.1" 200 42107 "https://wotaku-manga.com/manga/wotakoi-love-is-hard-for-otaku-chapter-69/" "Mozilla/5.0 (Linux; Android 10; K) AppleWebKit/537.36 (KHTML, like Gecko) Chrome/137.0.0.0 Mobile Safari/537.36"
2402:3a80:10:4b85:0:44:ede9:1401 - - [12/Jun/2025:10:15:31 -0400] "GET /manga/wotakoi-love-is-hard-for-otaku-chapter-22/ HTTP/1.1" 200 42100 "https://wotaku-manga.com/" "Mozilla/5.0 (Linux; Android 10; K) AppleWebKit/537.36 (KHTML, like Gecko) SamsungBrowser/28.0 Chrome/130.0.0.0 Mobile Safari/537.36"
2402:3a80:10:4b85:0:44:ede9:1401 - - [12/Jun/2025:10:15:32 -0400] "GET /manga/wotakoi-love-is-hard-for-otaku-chapter-17/ HTTP/1.1" 200 42850 "https://wotaku-manga.com/" "Mozilla/5.0 (Linux; Android 10; K) AppleWebKit/537.36 (KHTML, like Gecko) SamsungBrowser/28.0 Chrome/130.0.0.0 Mobile Safari/537.36"
105.228.40.119 - - [12/Jun/2025:10:15:33 -0400] "POST /wp-admin/admin-ajax.php HTTP/1.1" 200 61 "https://wotaku-manga.com/manga/wotakoi-love-is-hard-for-otaku-chapter-69-5/" "Mozilla/5.0 (Linux; Android 10; K) AppleWebKit/537.36 (KHTML, like Gecko) Chrome/137.0.0.0 Mobile Safari/537.36"
2402:3a80:10:4b85:0:44:ede9:1401 - - [12/Jun/2025:10:15:35 -0400] "GET /manga/wotakoi-love-is-hard-for-otaku-chapter-20/ HTTP/1.1" 200 42622 "https://wotaku-manga.com/" "Mozilla/5.0 (Linux; Android 10; K) AppleWebKit/537.36 (KHTML, like Gecko) SamsungBrowser/28.0 Chrome/130.0.0.0 Mobile Safari/537.36"
51.222.253.14 - - [12/Jun/2025:10:15:35 -0400] "GET /t700519723.shtm HTTP/1.1" 301 0 "-" "Mozilla/5.0 (compatible; AhrefsBot/7.0; +http://ahrefs.com/robot/)"
2402:3a80:10:4b85:0:44:ede9:1401 - - [12/Jun/2025:10:15:37 -0400] "GET /manga/wotaku-ni-koi-wa-muzukashii-chapter-24/ HTTP/1.1" 200 41923 "https://wotaku-manga.com/" "Mozilla/5.0 (Linux; Android 10; K) AppleWebKit/537.36 (KHTML, like Gecko) SamsungBrowser/28.0 Chrome/130.0.0.0 Mobile Safari/537.36"
51.222.253.19 - - [12/Jun/2025:10:15:42 -0400] "GET /t775822303.shtm HTTP/1.1" 301 0 "-" "Mozilla/5.0 (compatible; AhrefsBot/7.0; +http://ahrefs.com/robot/)"
162.0.232.193 - - [12/Jun/2025:10:15:54 -0400] "POST /wp-cron.php?doing_wp_cron=1749737754.4581120014190673828125 HTTP/1.1" 200 0 "-" "WordPress/6.8.1; https://wotaku-manga.com"
51.222.253.17 - - [12/Jun/2025:10:15:53 -0400] "GET /t853727531.shtm HTTP/1.1" 301 0 "-" "Mozilla/5.0 (compatible; AhrefsBot/7.0; +http://ahrefs.com/robot/)"
2402:3a80:10:4b85:0:44:ede9:1401 - - [12/Jun/2025:10:15:55 -0400] "GET /manga/wotaku-ni-koi-wa-muzukashii-chapter-25/ HTTP/1.1" 200 42415 "https://wotaku-manga.com/" "Mozilla/5.0 (Linux; Android 10; K) AppleWebKit/537.36 (KHTML, like Gecko) SamsungBrowser/28.0 Chrome/130.0.0.0 Mobile Safari/537.36"
2402:3a80:10:4b85:0:44:ede9:1401 - - [12/Jun/2025:10:15:58 -0400] "GET /manga/wotakoi-love-is-hard-for-otaku-chapter-0/ HTTP/1.1" 304 0 "https://wotaku-manga.com/manga/wotaku-ni-koi-wa-muzukashii-chapter-25/" "Mozilla/5.0 (Linux; Android 10; K) AppleWebKit/537.36 (KHTML, like Gecko) SamsungBrowser/28.0 Chrome/130.0.0.0 Mobile Safari/537.36"
162.0.232.193 - - [12/Jun/2025:10:16:03 -0400] "POST /wp-cron.php?doing_wp_cron=1749737763.5437850952148437500000 HTTP/1.1" 200 0 "-" "WordPress/6.8.1; https://wotaku-manga.com"
51.222.253.14 - - [12/Jun/2025:10:16:02 -0400] "GET /t857160177.shtm HTTP/1.1" 301 0 "-" "Mozilla/5.0 (compatible; AhrefsBot/7.0; +http://ahrefs.com/robot/)"
2402:3a80:10:4b85:0:44:ede9:1401 - - [12/Jun/2025:10:16:03 -0400] "GET /manga/wotakoi-love-is-hard-for-otaku-chapter-0/ HTTP/1.1" 304 0 "https://wotaku-manga.com/manga/wotaku-ni-koi-wa-muzukashii-chapter-25/" "Mozilla/5.0 (Linux; Android 10; K) AppleWebKit/537.36 (KHTML, like Gecko) SamsungBrowser/28.0 Chrome/130.0.0.0 Mobile Safari/537.36"
51.222.253.18 - - [12/Jun/2025:10:16:10 -0400] "GET /t96279547.shtm HTTP/1.1" 301 0 "-" "Mozilla/5.0 (compatible; AhrefsBot/7.0; +http://ahrefs.com/robot/)"
105.228.40.119 - - [12/Jun/2025:10:16:11 -0400] "GET /tag/hanako-koyanagi/ HTTP/1.1" 301 0 "https://wotaku-manga.com/manga/wotakoi-love-is-hard-for-otaku-chapter-69-5/" "Mozilla/5.0 (Linux; Android 10; K) AppleWebKit/537.36 (KHTML, like Gecko) Chrome/137.0.0.0 Mobile Safari/537.36"
2402:3a80:10:4b85:0:44:ede9:1401 - - [12/Jun/2025:10:16:12 -0400] "GET /manga/wotakoi-love-is-hard-for-otaku-chapter-21-5/ HTTP/1.1" 200 44245 "https://wotaku-manga.com/" "Mozilla/5.0 (Linux; Android 10; K) AppleWebKit/537.36 (KHTML, like Gecko) SamsungBrowser/28.0 Chrome/130.0.0.0 Mobile Safari/537.36"
105.228.40.119 - - [12/Jun/2025:10:16:12 -0400] "GET / HTTP/1.1" 200 37976 "https://wotaku-manga.com/manga/wotakoi-love-is-hard-for-otaku-chapter-69-5/" "Mozilla/5.0 (Linux; Android 10; K) AppleWebKit/537.36 (KHTML, like Gecko) Chrome/137.0.0.0 Mobile Safari/537.36"
105.228.40.119 - - [12/Jun/2025:10:16:13 -0400] "GET /manga/wotakoi-love-is-hard-for-otaku-chapter-70/ HTTP/1.1" 200 39176 "https://wotaku-manga.com/manga/wotakoi-love-is-hard-for-otaku-chapter-69-5/" "Mozilla/5.0 (Linux; Android 10; K) AppleWebKit/537.36 (KHTML, like Gecko) Chrome/137.0.0.0 Mobile Safari/537.36"
2402:3a80:10:4b85:0:44:ede9:1401 - - [12/Jun/2025:10:16:13 -0400] "GET /manga/wotaku-ni-koi-wa-muzukashii-chapter-26/ HTTP/1.1" 200 42109 "https://wotaku-manga.com/" "Mozilla/5.0 (Linux; Android 10; K) AppleWebKit/537.36 (KHTML, like Gecko) SamsungBrowser/28.0 Chrome/130.0.0.0 Mobile Safari/537.36"
162.0.232.193 - - [12/Jun/2025:10:16:20 -0400] "POST /wp-cron.php?doing_wp_cron=1749737780.5045309066772460937500 HTTP/1.1" 200 0 "-" "WordPress/6.8.1; https://wotaku-manga.com"
51.222.253.8 - - [12/Jun/2025:10:16:20 -0400] "GET /tb/812892107.shtm HTTP/1.1" 301 0 "-" "Mozilla/5.0 (compatible; AhrefsBot/7.0; +http://ahrefs.com/robot/)"
2402:3a80:10:4b85:0:44:ede9:1401 - - [12/Jun/2025:10:16:22 -0400] "GET /manga/wotaku-ni-koi-wa-muzukashii-chapter-27/ HTTP/1.1" 200 42999 "https://wotaku-manga.com/" "Mozilla/5.0 (Linux; Android 10; K) AppleWebKit/537.36 (KHTML, like Gecko) SamsungBrowser/28.0 Chrome/130.0.0.0 Mobile Safari/537.36"
2a03:2880:f800:4:: - - [12/Jun/2025:10:16:28 -0400] "GET /shopdetail/43874235 HTTP/1.1" 301 0 "-" "meta-externalagent/1.1 (+https://developers.facebook.com/docs/sharing/webmasters/crawler)"
2a03:2880:f800:5:: - - [12/Jun/2025:10:16:30 -0400] "GET / HTTP/1.1" 200 37331 "-" "meta-externalagent/1.1 (+https://developers.facebook.com/docs/sharing/webmasters/crawler)"
2a03:2880:f800:e:: - - [12/Jun/2025:10:16:31 -0400] "GET /shopdetail/354244835 HTTP/1.1" 301 0 "-" "meta-externalagent/1.1 (+https://developers.facebook.com/docs/sharing/webmasters/crawler)"
2402:3a80:10:4b85:0:44:ede9:1401 - - [12/Jun/2025:10:16:32 -0400] "GET /manga/wotaku-ni-koi-wa-muzukashii-chapter-28/ HTTP/1.1" 200 42718 "https://wotaku-manga.com/" "Mozilla/5.0 (Linux; Android 10; K) AppleWebKit/537.36 (KHTML, like Gecko) SamsungBrowser/28.0 Chrome/130.0.0.0 Mobile Safari/537.36"
2402:3a80:10:4b85:0:44:ede9:1401 - - [12/Jun/2025:10:16:33 -0400] "GET /manga/wotaku-ni-koi-wa-muzukashii-chapter-31/ HTTP/1.1" 200 41884 "https://wotaku-manga.com/" "Mozilla/5.0 (Linux; Android 10; K) AppleWebKit/537.36 (KHTML, like Gecko) SamsungBrowser/28.0 Chrome/130.0.0.0 Mobile Safari/537.36"
2a03:2880:f800:6:: - - [12/Jun/2025:10:16:34 -0400] "GET / HTTP/1.1" 200 37331 "-" "meta-externalagent/1.1 (+https://developers.facebook.com/docs/sharing/webmasters/crawler)"
51.222.253.2 - - [12/Jun/2025:10:16:34 -0400] "GET /tb103320283.shtm HTTP/1.1" 301 0 "-" "Mozilla/5.0 (compatible; AhrefsBot/7.0; +http://ahrefs.com/robot/)"
51.222.253.2 - - [12/Jun/2025:10:16:42 -0400] "GET /tb55214017.shtm HTTP/1.1" 301 0 "-" "Mozilla/5.0 (compatible; AhrefsBot/7.0; +http://ahrefs.com/robot/)"
162.0.232.193 - - [12/Jun/2025:10:16:52 -0400] "POST /wp-cron.php?doing_wp_cron=1749737812.1752591133117675781250 HTTP/1.1" 200 0 "-" "WordPress/6.8.1; https://wotaku-manga.com"
51.222.253.6 - - [12/Jun/2025:10:16:51 -0400] "GET /tb700380123.shtm HTTP/1.1" 301 0 "-" "Mozilla/5.0 (compatible; AhrefsBot/7.0; +http://ahrefs.com/robot/)"
162.0.232.193 - - [12/Jun/2025:10:17:01 -0400] "POST /wp-cron.php?doing_wp_cron=1749737821.2599420547485351562500 HTTP/1.1" 200 0 "-" "WordPress/6.8.1; https://wotaku-manga.com"
51.222.253.6 - - [12/Jun/2025:10:17:00 -0400] "GET /td1040168171.shtm HTTP/1.1" 301 0 "-" "Mozilla/5.0 (compatible; AhrefsBot/7.0; +http://ahrefs.com/robot/)"
51.222.253.17 - - [12/Jun/2025:10:17:09 -0400] "GET /td397149197.shtm HTTP/1.1" 301 0 "-" "Mozilla/5.0 (compatible; AhrefsBot/7.0; +http://ahrefs.com/robot/)"
162.0.232.193 - - [12/Jun/2025:10:17:21 -0400] "POST /wp-cron.php?doing_wp_cron=1749737841.3612029552459716796875 HTTP/1.1" 200 0 "-" "WordPress/6.8.1; https://wotaku-manga.com"
51.222.253.8 - - [12/Jun/2025:10:17:20 -0400] "GET /tdn495968161.shtm HTTP/1.1" 301 0 "-" "Mozilla/5.0 (compatible; AhrefsBot/7.0; +http://ahrefs.com/robot/)"
51.222.253.12 - - [12/Jun/2025:10:17:26 -0400] "GET /tf335719233.shtm HTTP/1.1" 301 0 "-" "Mozilla/5.0 (compatible; AhrefsBot/7.0; +http://ahrefs.com/robot/)"
51.222.253.16 - - [12/Jun/2025:10:17:32 -0400] "GET /th/747886705.shtm HTTP/1.1" 301 0 "-" "Mozilla/5.0 (compatible; AhrefsBot/7.0; +http://ahrefs.com/robot/)"
2a03:2880:f800:10:: - - [12/Jun/2025:10:17:34 -0400] "GET /shopdetail/296982135 HTTP/1.1" 301 0 "-" "meta-externalagent/1.1 (+https://developers.facebook.com/docs/sharing/webmasters/crawler)"
2a03:2880:f800:f:: - - [12/Jun/2025:10:17:37 -0400] "GET / HTTP/1.1" 200 37331 "-" "meta-externalagent/1.1 (+https://developers.facebook.com/docs/sharing/webmasters/crawler)"
51.222.253.2 - - [12/Jun/2025:10:17:43 -0400] "GET /th1174365563.shtm HTTP/1.1" 301 0 "-" "Mozilla/5.0 (compatible; AhrefsBot/7.0; +http://ahrefs.com/robot/)"
162.0.232.193 - - [12/Jun/2025:10:17:46 -0400] "POST /wp-cron.php?doing_wp_cron=1749737866.6800639629364013671875 HTTP/1.1" 200 0 "-" "WordPress/6.8.1; https://wotaku-manga.com"
51.222.253.17 - - [12/Jun/2025:10:17:46 -0400] "GET /th1477806441.shtm HTTP/1.1" 301 0 "-" "Mozilla/5.0 (compatible; AhrefsBot/7.0; +http://ahrefs.com/robot/)"
47.82.60.217 - - [12/Jun/2025:10:18:08 -0400] "GET /wp-includes/css/dist/block-editor/content.min.css HTTP/1.1" 200 4136 "https://wotaku-manga.com/wp-includes/css/dist/block-editor/content.min.css" "Mozilla/5.0 (Windows NT 10.0; Win64; x64) AppleWebKit/537.36 (KHTML, like Gecko) Chrome/114.0.0.0 Safari/537.36 Edg/114.0.1823.43"
162.0.232.193 - - [12/Jun/2025:10:18:10 -0400] "POST /wp-cron.php?doing_wp_cron=1749737890.1614389419555664062500 HTTP/1.1" 200 0 "-" "WordPress/6.8.1; https://wotaku-manga.com"
51.222.253.14 - - [12/Jun/2025:10:18:08 -0400] "GET /th2004951137.shtm HTTP/1.1" 301 0 "-" "Mozilla/5.0 (compatible; AhrefsBot/7.0; +http://ahrefs.com/robot/)"
51.222.253.10 - - [12/Jun/2025:10:18:14 -0400] "GET /th253904177.shtm HTTP/1.1" 301 0 "-" "Mozilla/5.0 (compatible; AhrefsBot/7.0; +http://ahrefs.com/robot/)"
162.0.232.193 - - [12/Jun/2025:10:18:23 -0400] "POST /wp-cron.php?doing_wp_cron=1749737903.7834310531616210937500 HTTP/1.1" 200 0 "-" "WordPress/6.8.1; https://wotaku-manga.com"
51.222.253.9 - - [12/Jun/2025:10:18:23 -0400] "GET /th76986475.shtm HTTP/1.1" 301 0 "-" "Mozilla/5.0 (compatible; AhrefsBot/7.0; +http://ahrefs.com/robot/)"
66.249.66.66 - - [12/Jun/2025:10:18:26 -0400] "GET /w63963984.shtm HTTP/1.1" 200 81567 "-" "Mozilla/5.0 (Linux; Android 6.0.1; Nexus 5X Build/MMB29P) AppleWebKit/537.36 (KHTML, like Gecko) Chrome/136.0.7103.113 Mobile Safari/537.36 (compatible; Googlebot/2.1; +http://www.google.com/bot.html)"
51.222.253.19 - - [12/Jun/2025:10:18:30 -0400] "GET /tj1914583693.shtm HTTP/1.1" 301 0 "-" "Mozilla/5.0 (compatible; AhrefsBot/7.0; +http://ahrefs.com/robot/)"
51.222.253.2 - - [12/Jun/2025:10:18:38 -0400] "GET /tj750827463.shtm HTTP/1.1" 301 0 "-" "Mozilla/5.0 (compatible; AhrefsBot/7.0; +http://ahrefs.com/robot/)"
162.0.232.193 - - [12/Jun/2025:10:18:49 -0400] "POST /wp-cron.php?doing_wp_cron=1749737929.4916110038757324218750 HTTP/1.1" 200 0 "-" "WordPress/6.8.1; https://wotaku-manga.com"
51.222.253.6 - - [12/Jun/2025:10:18:48 -0400] "GET /tj856932319.shtm HTTP/1.1" 301 0 "-" "Mozilla/5.0 (compatible; AhrefsBot/7.0; +http://ahrefs.com/robot/)"
162.0.232.193 - - [12/Jun/2025:10:19:00 -0400] "POST /wp-cron.php?doing_wp_cron=1749737940.0640349388122558593750 HTTP/1.1" 200 0 "-" "WordPress/6.8.1; https://wotaku-manga.com"
51.222.253.4 - - [12/Jun/2025:10:18:58 -0400] "GET /tl1477859511.shtm HTTP/1.1" 301 0 "-" "Mozilla/5.0 (compatible; AhrefsBot/7.0; +http://ahrefs.com/robot/)"
51.222.253.18 - - [12/Jun/2025:10:19:05 -0400] "GET /tl519589029.shtm HTTP/1.1" 301 0 "-" "Mozilla/5.0 (compatible; AhrefsBot/7.0; +http://ahrefs.com/robot/)"
47.82.60.183 - - [12/Jun/2025:10:19:14 -0400] "GET /wp-includes/js/jquery/ui/effect-pulsate.min.js HTTP/1.1" 200 386 "https://wotaku-manga.com/wp-includes/js/jquery/ui/effect-pulsate.min.js" "Mozilla/5.0 (Windows NT 10.0; Win64; x64) AppleWebKit/537.36 (KHTML, like Gecko) Chrome/114.0.0.0 Safari/537.36 Edg/114.0.1823.43"
51.222.253.18 - - [12/Jun/2025:10:19:12 -0400] "GET /tlv369990655.shtm HTTP/1.1" 301 0 "-" "Mozilla/5.0 (compatible; AhrefsBot/7.0; +http://ahrefs.com/robot/)"
105.228.40.119 - - [12/Jun/2025:10:19:17 -0400] "GET /category/wotakoi-love-is-hard-for-otaku-manga-read-online/ HTTP/1.1" 200 46258 "https://wotaku-manga.com/manga/wotakoi-love-is-hard-for-otaku-chapter-70/" "Mozilla/5.0 (Linux; Android 10; K) AppleWebKit/537.36 (KHTML, like Gecko) Chrome/137.0.0.0 Mobile Safari/537.36"
162.0.232.193 - - [12/Jun/2025:10:19:22 -0400] "POST /wp-cron.php?doing_wp_cron=1749737962.3447411060333251953125 HTTP/1.1" 200 0 "-" "WordPress/6.8.1; https://wotaku-manga.com"
51.222.253.4 - - [12/Jun/2025:10:19:20 -0400] "GET /tml/96577765.shtm HTTP/1.1" 301 0 "-" "Mozilla/5.0 (compatible; AhrefsBot/7.0; +http://ahrefs.com/robot/)"
47.79.98.33 - - [12/Jun/2025:10:19:23 -0400] "GET /wp-includes/sodium_compat/namespaced/Core/SipHash.php HTTP/1.1" 403 1242 "https://wotaku-manga.com/wp-includes/sodium_compat/namespaced/Core/SipHash.php" "Mozilla/5.0 (Windows NT 10.0; Win64; x64) AppleWebKit/537.36 (KHTML, like Gecko) Chrome/114.0.0.0 Safari/537.36 Edg/114.0.1823.43"
51.222.253.15 - - [12/Jun/2025:10:19:28 -0400] "GET /tn142819235.shtm HTTP/1.1" 301 0 "-" "Mozilla/5.0 (compatible; AhrefsBot/7.0; +http://ahrefs.com/robot/)"
51.222.253.10 - - [12/Jun/2025:10:19:37 -0400] "GET /tn1664195299.shtm HTTP/1.1" 301 0 "-" "Mozilla/5.0 (compatible; AhrefsBot/7.0; +http://ahrefs.com/robot/)"
105.228.40.119 - - [12/Jun/2025:10:19:43 -0400] "GET /manga/wotakoi-love-is-hard-for-otaku-chapter-71/ HTTP/1.1" 200 43193 "https://wotaku-manga.com/manga/wotakoi-love-is-hard-for-otaku-chapter-70/" "Mozilla/5.0 (Linux; Android 10; K) AppleWebKit/537.36 (KHTML, like Gecko) Chrome/137.0.0.0 Mobile Safari/537.36"
162.0.232.193 - - [12/Jun/2025:10:19:46 -0400] "POST /wp-cron.php?doing_wp_cron=1749737985.8520820140838623046875 HTTP/1.1" 200 0 "-" "WordPress/6.8.1; https://wotaku-manga.com"
2a03:2880:f800:b:: - - [12/Jun/2025:10:19:45 -0400] "GET /manga/wotaku-ni-koi-wa-muzukashii-chapter-78/ HTTP/1.1" 301 0 "-" "meta-externalagent/1.1 (+https://developers.facebook.com/docs/sharing/webmasters/crawler)"
51.222.253.19 - - [12/Jun/2025:10:19:45 -0400] "GET /tn167602851.shtm HTTP/1.1" 301 0 "-" "Mozilla/5.0 (compatible; AhrefsBot/7.0; +http://ahrefs.com/robot/)"
105.228.40.119 - - [12/Jun/2025:10:19:45 -0400] "POST /wp-admin/admin-ajax.php HTTP/1.1" 200 61 "https://wotaku-manga.com/manga/wotakoi-love-is-hard-for-otaku-chapter-71/" "Mozilla/5.0 (Linux; Android 10; K) AppleWebKit/537.36 (KHTML, like Gecko) Chrome/137.0.0.0 Mobile Safari/537.36"
2a03:2880:f800:6:: - - [12/Jun/2025:10:19:48 -0400] "GET / HTTP/1.1" 200 37331 "-" "meta-externalagent/1.1 (+https://developers.facebook.com/docs/sharing/webmasters/crawler)"
2a03:2880:f800:2:: - - [12/Jun/2025:10:19:50 -0400] "GET /shopdetail/102513735 HTTP/1.1" 301 0 "-" "meta-externalagent/1.1 (+https://developers.facebook.com/docs/sharing/webmasters/crawler)"
51.222.253.7 - - [12/Jun/2025:10:19:51 -0400] "GET /tn413484877.shtm HTTP/1.1" 301 0 "-" "Mozilla/5.0 (compatible; AhrefsBot/7.0; +http://ahrefs.com/robot/)"
2a03:2880:f800:15:: - - [12/Jun/2025:10:19:52 -0400] "GET / HTTP/1.1" 200 37331 "-" "meta-externalagent/1.1 (+https://developers.facebook.com/docs/sharing/webmasters/crawler)"
2a03:2880:f800:a:: - - [12/Jun/2025:10:19:56 -0400] "GET /shopdetail/347460935 HTTP/1.1" 301 0 "-" "meta-externalagent/1.1 (+https://developers.facebook.com/docs/sharing/webmasters/crawler)"
2a03:2880:f800:9:: - - [12/Jun/2025:10:19:58 -0400] "GET / HTTP/1.1" 200 37331 "-" "meta-externalagent/1.1 (+https://developers.facebook.com/docs/sharing/webmasters/crawler)"
162.0.232.193 - - [12/Jun/2025:10:20:00 -0400] "POST /wp-cron.php?doing_wp_cron=1749738000.1534199714660644531250 HTTP/1.1" 200 0 "-" "WordPress/6.8.1; https://wotaku-manga.com"
51.222.253.17 - - [12/Jun/2025:10:19:59 -0400] "GET /tn622966279.shtm HTTP/1.1" 301 0 "-" "Mozilla/5.0 (compatible; AhrefsBot/7.0; +http://ahrefs.com/robot/)"
51.222.253.9 - - [12/Jun/2025:10:20:09 -0400] "GET /tn803421983.shtm HTTP/1.1" 301 0 "-" "Mozilla/5.0 (compatible; AhrefsBot/7.0; +http://ahrefs.com/robot/)"
2a03:2880:f800:: - - [12/Jun/2025:10:20:11 -0400] "GET /shopdetail/279339435 HTTP/1.1" 301 0 "-" "meta-externalagent/1.1 (+https://developers.facebook.com/docs/sharing/webmasters/crawler)"
2a03:2880:f800:b:: - - [12/Jun/2025:10:20:14 -0400] "GET / HTTP/1.1" 200 37331 "-" "meta-externalagent/1.1 (+https://developers.facebook.com/docs/sharing/webmasters/crawler)"
162.0.232.193 - - [12/Jun/2025:10:20:19 -0400] "POST /wp-cron.php?doing_wp_cron=1749738018.8621439933776855468750 HTTP/1.1" 200 0 "-" "WordPress/6.8.1; https://wotaku-manga.com"
2a03:2880:f800:15:: - - [12/Jun/2025:10:20:18 -0400] "GET /shopdetail/370554635 HTTP/1.1" 301 0 "-" "meta-externalagent/1.1 (+https://developers.facebook.com/docs/sharing/webmasters/crawler)"
51.222.253.13 - - [12/Jun/2025:10:20:18 -0400] "GET /tn825230861.shtm HTTP/1.1" 301 0 "-" "Mozilla/5.0 (compatible; AhrefsBot/7.0; +http://ahrefs.com/robot/)"
2a03:2880:f800:7:: - - [12/Jun/2025:10:20:21 -0400] "GET /shopdetail/373422235 HTTP/1.1" 301 0 "-" "meta-externalagent/1.1 (+https://developers.facebook.com/docs/sharing/webmasters/crawler)"
2a03:2880:f800:1b:: - - [12/Jun/2025:10:20:23 -0400] "GET / HTTP/1.1" 200 37331 "-" "meta-externalagent/1.1 (+https://developers.facebook.com/docs/sharing/webmasters/crawler)"
51.222.253.3 - - [12/Jun/2025:10:20:25 -0400] "GET /tnz224034615.shtm HTTP/1.1" 301 0 "-" "Mozilla/5.0 (compatible; AhrefsBot/7.0; +http://ahrefs.com/robot/)"
2a03:2880:f800:11:: - - [12/Jun/2025:10:20:25 -0400] "GET / HTTP/1.1" 200 37331 "-" "meta-externalagent/1.1 (+https://developers.facebook.com/docs/sharing/webmasters/crawler)"
51.222.253.19 - - [12/Jun/2025:10:20:37 -0400] "GET /tp/343357549.shtm HTTP/1.1" 301 0 "-" "Mozilla/5.0 (compatible; AhrefsBot/7.0; +http://ahrefs.com/robot/)"
162.0.232.193 - - [12/Jun/2025:10:20:51 -0400] "POST /wp-cron.php?doing_wp_cron=1749738050.8597300052642822265625 HTTP/1.1" 200 0 "-" "WordPress/6.8.1; https://wotaku-manga.com"
51.222.253.3 - - [12/Jun/2025:10:20:49 -0400] "GET /tp/427371895.shtm HTTP/1.1" 301 0 "-" "Mozilla/5.0 (compatible; AhrefsBot/7.0; +http://ahrefs.com/robot/)"
50.187.254.185 - - [12/Jun/2025:10:20:57 -0400] "GET /manga/wotakoi-love-is-hard-for-otaku-chapter-1/ HTTP/1.1" 200 42954 "-" "Mozilla/5.0 (iPhone; CPU iPhone OS 18_5 like Mac OS X) AppleWebKit/605.1.15 (KHTML, like Gecko) Mobile/15E148"
162.0.232.193 - - [12/Jun/2025:10:21:00 -0400] "POST /wp-cron.php?doing_wp_cron=1749738060.4719541072845458984375 HTTP/1.1" 200 0 "-" "WordPress/6.8.1; https://wotaku-manga.com"
51.222.253.12 - - [12/Jun/2025:10:20:59 -0400] "GET /tp/573239669.shtm HTTP/1.1" 301 0 "-" "Mozilla/5.0 (compatible; AhrefsBot/7.0; +http://ahrefs.com/robot/)"
216.73.216.49 - - [12/Jun/2025:10:21:00 -0400] "GET /sitemap-child-2501.xml HTTP/1.1" 200 11288 "-" "Mozilla/5.0 AppleWebKit/537.36 (KHTML, like Gecko; compatible; ClaudeBot/1.0; [email protected])"
51.222.253.17 - - [12/Jun/2025:10:21:07 -0400] "GET /tp1517358143.shtm HTTP/1.1" 301 0 "-" "Mozilla/5.0 (compatible; AhrefsBot/7.0; +http://ahrefs.com/robot/)"
51.222.253.13 - - [12/Jun/2025:10:21:12 -0400] "GET /tpl837921199.shtm HTTP/1.1" 301 0 "-" "Mozilla/5.0 (compatible; AhrefsBot/7.0; +http://ahrefs.com/robot/)"
162.0.232.193 - - [12/Jun/2025:10:21:20 -0400] "POST /wp-cron.php?doing_wp_cron=1749738080.4442100524902343750000 HTTP/1.1" 200 0 "-" "WordPress/6.8.1; https://wotaku-manga.com"
2a03:2880:f800:1d:: - - [12/Jun/2025:10:21:19 -0400] "GET /shopdetail/359680035 HTTP/1.1" 301 0 "-" "meta-externalagent/1.1 (+https://developers.facebook.com/docs/sharing/webmasters/crawler)"
2a03:2880:f800:e:: - - [12/Jun/2025:10:21:22 -0400] "GET / HTTP/1.1" 200 37331 "-" "meta-externalagent/1.1 (+https://developers.facebook.com/docs/sharing/webmasters/crawler)"
51.222.253.5 - - [12/Jun/2025:10:21:21 -0400] "GET /tr/413677723.shtm HTTP/1.1" 301 0 "-" "Mozilla/5.0 (compatible; AhrefsBot/7.0; +http://ahrefs.com/robot/)"
66.249.66.1 - - [12/Jun/2025:10:21:27 -0400] "GET /z63966017.shtm HTTP/1.1" 200 81294 "-" "Mozilla/5.0 (Linux; Android 6.0.1; Nexus 5X Build/MMB29P) AppleWebKit/537.36 (KHTML, like Gecko) Chrome/136.0.7103.113 Mobile Safari/537.36 (compatible; Googlebot/2.1; +http://www.google.com/bot.html)"
66.249.66.35 - - [12/Jun/2025:10:21:28 -0400] "GET /i75554544.shtm HTTP/1.1" 200 81684 "-" "Mozilla/5.0 (Linux; Android 6.0.1; Nexus 5X Build/MMB29P) AppleWebKit/537.36 (KHTML, like Gecko) Chrome/136.0.7103.113 Mobile Safari/537.36 (compatible; Googlebot/2.1; +http://www.google.com/bot.html)"
51.222.253.11 - - [12/Jun/2025:10:21:32 -0400] "GET /tr/881469307.shtm HTTP/1.1" 301 0 "-" "Mozilla/5.0 (compatible; AhrefsBot/7.0; +http://ahrefs.com/robot/)"
51.222.253.9 - - [12/Jun/2025:10:21:41 -0400] "GET /tv1860721637.shtm HTTP/1.1" 301 0 "-" "Mozilla/5.0 (compatible; AhrefsBot/7.0; +http://ahrefs.com/robot/)"
162.0.232.193 - - [12/Jun/2025:10:21:51 -0400] "POST /wp-cron.php?doing_wp_cron=1749738111.1802089214324951171875 HTTP/1.1" 200 0 "-" "WordPress/6.8.1; https://wotaku-manga.com"
216.73.216.49 - - [12/Jun/2025:10:21:49 -0400] "GET /sitemap-child-3071.xml HTTP/1.1" 200 11273 "-" "Mozilla/5.0 AppleWebKit/537.36 (KHTML, like Gecko; compatible; ClaudeBot/1.0; [email protected])"
51.222.253.13 - - [12/Jun/2025:10:21:50 -0400] "GET /tv595611739.shtm HTTP/1.1" 301 0 "-" "Mozilla/5.0 (compatible; AhrefsBot/7.0; +http://ahrefs.com/robot/)"
51.222.253.12 - - [12/Jun/2025:10:21:55 -0400] "GET /txz684414093.shtm HTTP/1.1" 301 0 "-" "Mozilla/5.0 (compatible; AhrefsBot/7.0; +http://ahrefs.com/robot/)"
162.0.232.193 - - [12/Jun/2025:10:22:06 -0400] "POST /wp-cron.php?doing_wp_cron=1749738126.2671289443969726562500 HTTP/1.1" 200 0 "-" "WordPress/6.8.1; https://wotaku-manga.com"
51.222.253.13 - - [12/Jun/2025:10:22:05 -0400] "GET /tz/121220501.shtm HTTP/1.1" 301 0 "-" "Mozilla/5.0 (compatible; AhrefsBot/7.0; +http://ahrefs.com/robot/)"
51.222.253.2 - - [12/Jun/2025:10:22:13 -0400] "GET /tz/355134311.shtm HTTP/1.1" 301 0 "-" "Mozilla/5.0 (compatible; AhrefsBot/7.0; +http://ahrefs.com/robot/)"
162.0.232.193 - - [12/Jun/2025:10:22:21 -0400] "POST /wp-cron.php?doing_wp_cron=1749738141.4422678947448730468750 HTTP/1.1" 200 0 "-" "WordPress/6.8.1; https://wotaku-manga.com"
51.222.253.2 - - [12/Jun/2025:10:22:20 -0400] "GET /tz/884232829.shtm HTTP/1.1" 301 0 "-" "Mozilla/5.0 (compatible; AhrefsBot/7.0; +http://ahrefs.com/robot/)"
185.225.33.44 - - [12/Jun/2025:10:22:24 -0400] "POST /wp-login.php HTTP/1.1" 200 2037 "https://wotaku-manga.com" "Mozilla/5.0 (Macintosh; Intel Mac OS X 14_4_1) AppleWebKit/605.1.15 (KHTML, like Gecko) Version/17.3.1 Safari/605.1.15"
51.222.253.5 - - [12/Jun/2025:10:22:29 -0400] "GET /tz812838285.shtm HTTP/1.1" 301 0 "-" "Mozilla/5.0 (compatible; AhrefsBot/7.0; +http://ahrefs.com/robot/)"
66.249.66.35 - - [12/Jun/2025:10:22:29 -0400] "GET /v49176677.shtm HTTP/1.1" 200 81019 "-" "Mozilla/5.0 (Linux; Android 6.0.1; Nexus 5X Build/MMB29P) AppleWebKit/537.36 (KHTML, like Gecko) Chrome/136.0.7103.113 Mobile Safari/537.36 (compatible; Googlebot/2.1; +http://www.google.com/bot.html)"
51.222.253.6 - - [12/Jun/2025:10:22:39 -0400] "GET /tzd786998293.shtm HTTP/1.1" 301 0 "-" "Mozilla/5.0 (compatible; AhrefsBot/7.0; +http://ahrefs.com/robot/)"
2a03:2880:f800:6:: - - [12/Jun/2025:10:22:42 -0400] "GET /shopdetail/290007135 HTTP/1.1" 301 0 "-" "meta-externalagent/1.1 (+https://developers.facebook.com/docs/sharing/webmasters/crawler)"
47.82.61.18 - - [12/Jun/2025:10:22:44 -0400] "GET /wp-includes/js/jquery/ui/effect.min.js HTTP/1.1" 200 3724 "https://wotaku-manga.com/wp-includes/js/jquery/ui/effect.min.js" "Mozilla/5.0 (Windows NT 10.0; Win64; x64) AppleWebKit/537.36 (KHTML, like Gecko) Chrome/114.0.0.0 Safari/537.36 Edg/114.0.1823.43"
2a03:2880:f800:19:: - - [12/Jun/2025:10:22:45 -0400] "GET / HTTP/1.1" 200 37331 "-" "meta-externalagent/1.1 (+https://developers.facebook.com/docs/sharing/webmasters/crawler)"
162.0.232.193 - - [12/Jun/2025:10:22:53 -0400] "POST /wp-cron.php?doing_wp_cron=1749738173.2881140708923339843750 HTTP/1.1" 200 0 "-" "WordPress/6.8.1; https://wotaku-manga.com"
51.222.253.7 - - [12/Jun/2025:10:22:52 -0400] "GET /u/1480975484.shtm HTTP/1.1" 301 0 "-" "Mozilla/5.0 (compatible; AhrefsBot/7.0; +http://ahrefs.com/robot/)"
162.0.232.193 - - [12/Jun/2025:10:23:03 -0400] "POST /wp-cron.php?doing_wp_cron=1749738183.1500420570373535156250 HTTP/1.1" 200 0 "-" "WordPress/6.8.1; https://wotaku-manga.com"
51.222.253.19 - - [12/Jun/2025:10:23:01 -0400] "GET /u/1533763874.shtm HTTP/1.1" 301 0 "-" "Mozilla/5.0 (compatible; AhrefsBot/7.0; +http://ahrefs.com/robot/)"
51.222.253.19 - - [12/Jun/2025:10:23:09 -0400] "GET /u/1566292306.shtm HTTP/1.1" 301 0 "-" "Mozilla/5.0 (compatible; AhrefsBot/7.0; +http://ahrefs.com/robot/)"
66.249.66.65 - - [12/Jun/2025:10:23:17 -0400] "GET /zzp63931077.shtm HTTP/1.1" 200 81420 "-" "Mozilla/5.0 (Linux; Android 6.0.1; Nexus 5X Build/MMB29P) AppleWebKit/537.36 (KHTML, like Gecko) Chrome/136.0.7103.113 Mobile Safari/537.36 (compatible; Googlebot/2.1; +http://www.google.com/bot.html)"
162.0.232.193 - - [12/Jun/2025:10:23:19 -0400] "POST /wp-cron.php?doing_wp_cron=1749738199.5218119621276855468750 HTTP/1.1" 200 0 "-" "WordPress/6.8.1; https://wotaku-manga.com"
51.222.253.18 - - [12/Jun/2025:10:23:19 -0400] "GET /u/1677432430.shtm HTTP/1.1" 301 0 "-" "Mozilla/5.0 (compatible; AhrefsBot/7.0; +http://ahrefs.com/robot/)"
51.222.253.13 - - [12/Jun/2025:10:23:26 -0400] "GET /u/1888743664.shtm HTTP/1.1" 301 0 "-" "Mozilla/5.0 (compatible; AhrefsBot/7.0; +http://ahrefs.com/robot/)"
51.222.253.17 - - [12/Jun/2025:10:23:35 -0400] "GET /u/1905625014.shtm HTTP/1.1" 301 0 "-" "Mozilla/5.0 (compatible; AhrefsBot/7.0; +http://ahrefs.com/robot/)"
51.222.253.13 - - [12/Jun/2025:10:23:41 -0400] "GET /u/1966526910.shtm HTTP/1.1" 301 0 "-" "Mozilla/5.0 (compatible; AhrefsBot/7.0; +http://ahrefs.com/robot/)"
162.0.232.193 - - [12/Jun/2025:10:23:54 -0400] "POST /wp-cron.php?doing_wp_cron=1749738234.2461481094360351562500 HTTP/1.1" 200 0 "-" "WordPress/6.8.1; https://wotaku-manga.com"
51.222.253.16 - - [12/Jun/2025:10:23:53 -0400] "GET /u/2005004554.shtm HTTP/1.1" 301 0 "-" "Mozilla/5.0 (compatible; AhrefsBot/7.0; +http://ahrefs.com/robot/)"
105.228.40.119 - - [12/Jun/2025:10:24:05 -0400] "GET /manga/wotakoi-love-is-hard-for-otaku-chapter-72/ HTTP/1.1" 200 42660 "https://wotaku-manga.com/manga/wotakoi-love-is-hard-for-otaku-chapter-71/" "Mozilla/5.0 (Linux; Android 10; K) AppleWebKit/537.36 (KHTML, like Gecko) Chrome/137.0.0.0 Mobile Safari/537.36"
162.0.232.193 - - [12/Jun/2025:10:24:08 -0400] "POST /wp-cron.php?doing_wp_cron=1749738248.1109778881072998046875 HTTP/1.1" 200 0 "-" "WordPress/6.8.1; https://wotaku-manga.com"
51.222.253.4 - - [12/Jun/2025:10:24:07 -0400] "GET /u/247481146.shtm HTTP/1.1" 301 0 "-" "Mozilla/5.0 (compatible; AhrefsBot/7.0; +http://ahrefs.com/robot/)"
105.228.40.119 - - [12/Jun/2025:10:24:07 -0400] "POST /wp-admin/admin-ajax.php HTTP/1.1" 200 61 "https://wotaku-manga.com/manga/wotakoi-love-is-hard-for-otaku-chapter-72/" "Mozilla/5.0 (Linux; Android 10; K) AppleWebKit/537.36 (KHTML, like Gecko) Chrome/137.0.0.0 Mobile Safari/537.36"
105.228.40.119 - - [12/Jun/2025:10:24:09 -0400] "GET /manga/wotaku-ni-koi-wa-muzukashii-chapter-72/ HTTP/1.1" 301 0 "https://wotaku-manga.com/manga/wotakoi-love-is-hard-for-otaku-chapter-72/" "Mozilla/5.0 (Linux; Android 10; K) AppleWebKit/537.36 (KHTML, like Gecko) Chrome/137.0.0.0 Mobile Safari/537.36"
2402:3a80:194b:e80e::2 - - [12/Jun/2025:10:24:16 -0400] "GET / HTTP/1.1" 304 0 "https://www.google.com/" "Mozilla/5.0 (Linux; Android 10; K) AppleWebKit/537.36 (KHTML, like Gecko) SamsungBrowser/28.0 Chrome/130.0.0.0 Mobile Safari/537.36"
2402:3a80:194b:e80e::2 - - [12/Jun/2025:10:24:16 -0400] "GET /manga/wotaku-ni-koi-wa-muzukashii-chapter-40/ HTTP/1.1" 200 42623 "https://wotaku-manga.com/" "Mozilla/5.0 (Linux; Android 10; K) AppleWebKit/537.36 (KHTML, like Gecko) SamsungBrowser/28.0 Chrome/130.0.0.0 Mobile Safari/537.36"
196.251.84.251 - - [12/Jun/2025:10:24:17 -0400] "GET //wp-content/plugins/fix/up.php HTTP/1.1" 200 0 "-" "Mozilla/5.0 (Windows NT 10.0; Win64; x64) AppleWebKit/537.36 (KHTML, like Gecko) Chrome/85.0.4183.102 Safari/537.36"
2402:3a80:194b:e80e::2 - - [12/Jun/2025:10:24:18 -0400] "GET /manga/wotakoi-love-is-hard-for-otaku-chapter-0/ HTTP/1.1" 304 0 "https://wotaku-manga.com/" "Mozilla/5.0 (Linux; Android 10; K) AppleWebKit/537.36 (KHTML, like Gecko) SamsungBrowser/28.0 Chrome/130.0.0.0 Mobile Safari/537.36"
66.249.66.72 - - [12/Jun/2025:10:24:18 -0400] "GET /manga/wotaku-ni-koi-wa-muzukashii-chapter-52/feed/ HTTP/1.1" 200 81981 "-" "Mozilla/5.0 (Linux; Android 6.0.1; Nexus 5X Build/MMB29P) AppleWebKit/537.36 (KHTML, like Gecko) Chrome/136.0.7103.113 Mobile Safari/537.36 (compatible; Googlebot/2.1; +http://www.google.com/bot.html)"
2402:3a80:194b:e80e::2 - - [12/Jun/2025:10:24:20 -0400] "GET /manga/wotakoi-love-is-hard-for-otaku-chapter-87/ HTTP/1.1" 304 0 "https://wotaku-manga.com/" "Mozilla/5.0 (Linux; Android 10; K) AppleWebKit/537.36 (KHTML, like Gecko) SamsungBrowser/28.0 Chrome/130.0.0.0 Mobile Safari/537.36"
2402:3a80:194b:e80e::2 - - [12/Jun/2025:10:24:20 -0400] "GET /manga/wotakoi-love-is-hard-for-otaku-chapter-76/ HTTP/1.1" 200 42579 "https://wotaku-manga.com/" "Mozilla/5.0 (Linux; Android 10; K) AppleWebKit/537.36 (KHTML, like Gecko) SamsungBrowser/28.0 Chrome/130.0.0.0 Mobile Safari/537.36"
162.0.232.193 - - [12/Jun/2025:10:24:24 -0400] "POST /wp-cron.php?doing_wp_cron=1749738264.1423668861389160156250 HTTP/1.1" 200 0 "-" "WordPress/6.8.1; https://wotaku-manga.com"
51.222.253.14 - - [12/Jun/2025:10:24:23 -0400] "GET /u/427320980.shtm HTTP/1.1" 301 0 "-" "Mozilla/5.0 (compatible; AhrefsBot/7.0; +http://ahrefs.com/robot/)"
2402:3a80:194b:e80e::2 - - [12/Jun/2025:10:24:29 -0400] "GET /manga/wotaku-ni-koi-wa-muzukashii-chapter-67/ HTTP/1.1" 200 42931 "https://wotaku-manga.com/" "Mozilla/5.0 (Linux; Android 10; K) AppleWebKit/537.36 (KHTML, like Gecko) SamsungBrowser/28.0 Chrome/130.0.0.0 Mobile Safari/537.36"
2402:3a80:194b:e80e::2 - - [12/Jun/2025:10:24:30 -0400] "GET /manga/wotaku-ni-koi-wa-muzukashii-chapter-57-2/ HTTP/1.1" 200 42691 "https://wotaku-manga.com/" "Mozilla/5.0 (Linux; Android 10; K) AppleWebKit/537.36 (KHTML, like Gecko) SamsungBrowser/28.0 Chrome/130.0.0.0 Mobile Safari/537.36"
2402:3a80:194b:e80e::2 - - [12/Jun/2025:10:24:31 -0400] "GET /manga/wotaku-ni-koi-wa-muzukashii-chapter-50/ HTTP/1.1" 200 42537 "https://wotaku-manga.com/" "Mozilla/5.0 (Linux; Android 10; K) AppleWebKit/537.36 (KHTML, like Gecko) SamsungBrowser/28.0 Chrome/130.0.0.0 Mobile Safari/537.36"
2402:3a80:194b:e80e::2 - - [12/Jun/2025:10:24:32 -0400] "GET /manga/wotaku-ni-koi-wa-muzukashii-chapter-41-5/ HTTP/1.1" 200 42255 "https://wotaku-manga.com/" "Mozilla/5.0 (Linux; Android 10; K) AppleWebKit/537.36 (KHTML, like Gecko) SamsungBrowser/28.0 Chrome/130.0.0.0 Mobile Safari/537.36"
2402:3a80:194b:e80e::2 - - [12/Jun/2025:10:24:33 -0400] "GET /manga/wotaku-ni-koi-wa-muzukashii-chapter-38-5/ HTTP/1.1" 200 44713 "https://wotaku-manga.com/" "Mozilla/5.0 (Linux; Android 10; K) AppleWebKit/537.36 (KHTML, like Gecko) SamsungBrowser/28.0 Chrome/130.0.0.0 Mobile Safari/537.36"
2402:3a80:194b:e80e::2 - - [12/Jun/2025:10:24:35 -0400] "GET /manga/wotaku-ni-koi-wa-muzukashii-chapter-38/ HTTP/1.1" 200 42255 "https://wotaku-manga.com/" "Mozilla/5.0 (Linux; Android 10; K) AppleWebKit/537.36 (KHTML, like Gecko) SamsungBrowser/28.0 Chrome/130.0.0.0 Mobile Safari/537.36"
2402:3a80:194b:e80e::2 - - [12/Jun/2025:10:24:36 -0400] "GET /manga/wotaku-ni-koi-wa-muzukashii-chapter-44/ HTTP/1.1" 200 42402 "https://wotaku-manga.com/" "Mozilla/5.0 (Linux; Android 10; K) AppleWebKit/537.36 (KHTML, like Gecko) SamsungBrowser/28.0 Chrome/130.0.0.0 Mobile Safari/537.36"
2402:3a80:194b:e80e::2 - - [12/Jun/2025:10:24:37 -0400] "GET /manga/wotaku-ni-koi-wa-muzukashii-chapter-48/ HTTP/1.1" 200 42844 "https://wotaku-manga.com/" "Mozilla/5.0 (Linux; Android 10; K) AppleWebKit/537.36 (KHTML, like Gecko) SamsungBrowser/28.0 Chrome/130.0.0.0 Mobile Safari/537.36"
51.222.253.6 - - [12/Jun/2025:10:24:36 -0400] "GET /u/496285672.shtm HTTP/1.1" 301 0 "-" "Mozilla/5.0 (compatible; AhrefsBot/7.0; +http://ahrefs.com/robot/)"
2402:3a80:194b:e80e::2 - - [12/Jun/2025:10:24:38 -0400] "GET /manga/wotaku-ni-koi-wa-muzukashii-chapter-61/ HTTP/1.1" 200 42984 "https://wotaku-manga.com/" "Mozilla/5.0 (Linux; Android 10; K) AppleWebKit/537.36 (KHTML, like Gecko) SamsungBrowser/28.0 Chrome/130.0.0.0 Mobile Safari/537.36"
2402:3a80:194b:e80e::2 - - [12/Jun/2025:10:24:39 -0400] "GET /manga/wotakoi-love-is-hard-for-otaku-chapter-64/ HTTP/1.1" 200 42606 "https://wotaku-manga.com/" "Mozilla/5.0 (Linux; Android 10; K) AppleWebKit/537.36 (KHTML, like Gecko) SamsungBrowser/28.0 Chrome/130.0.0.0 Mobile Safari/537.36"
2402:3a80:194b:e80e::2 - - [12/Jun/2025:10:24:40 -0400] "GET /manga/wotaku-ni-koi-wa-muzukashii-chapter-65-3/ HTTP/1.1" 200 43129 "https://wotaku-manga.com/" "Mozilla/5.0 (Linux; Android 10; K) AppleWebKit/537.36 (KHTML, like Gecko) SamsungBrowser/28.0 Chrome/130.0.0.0 Mobile Safari/537.36"
2402:3a80:194b:e80e::2 - - [12/Jun/2025:10:24:42 -0400] "GET /manga/wotakoi-love-is-hard-for-otaku-chapter-63/ HTTP/1.1" 200 42939 "https://wotaku-manga.com/" "Mozilla/5.0 (Linux; Android 10; K) AppleWebKit/537.36 (KHTML, like Gecko) SamsungBrowser/28.0 Chrome/130.0.0.0 Mobile Safari/537.36"
2402:3a80:194b:e80e::2 - - [12/Jun/2025:10:24:43 -0400] "GET /manga/wotakoi-love-is-hard-for-otaku-chapter-65/ HTTP/1.1" 200 42965 "https://wotaku-manga.com/" "Mozilla/5.0 (Linux; Android 10; K) AppleWebKit/537.36 (KHTML, like Gecko) SamsungBrowser/28.0 Chrome/130.0.0.0 Mobile Safari/537.36"
2402:3a80:194b:e80e::2 - - [12/Jun/2025:10:24:44 -0400] "GET /manga/wotakoi-love-is-hard-for-otaku-chapter-69/ HTTP/1.1" 200 43001 "https://wotaku-manga.com/" "Mozilla/5.0 (Linux; Android 10; K) AppleWebKit/537.36 (KHTML, like Gecko) SamsungBrowser/28.0 Chrome/130.0.0.0 Mobile Safari/537.36"
162.0.232.193 - - [12/Jun/2025:10:24:55 -0400] "POST /wp-cron.php?doing_wp_cron=1749738295.6071701049804687500000 HTTP/1.1" 200 0 "-" "WordPress/6.8.1; https://wotaku-manga.com"
51.222.253.6 - - [12/Jun/2025:10:24:54 -0400] "GET /u/55214764.shtm HTTP/1.1" 301 0 "-" "Mozilla/5.0 (compatible; AhrefsBot/7.0; +http://ahrefs.com/robot/)"
162.0.232.193 - - [12/Jun/2025:10:25:10 -0400] "POST /wp-cron.php?doing_wp_cron=1749738309.8968219757080078125000 HTTP/1.1" 200 0 "-" "WordPress/6.8.1; https://wotaku-manga.com"
51.222.253.5 - - [12/Jun/2025:10:25:08 -0400] "GET /u/566551768.shtm HTTP/1.1" 301 0 "-" "Mozilla/5.0 (compatible; AhrefsBot/7.0; +http://ahrefs.com/robot/)"
162.0.232.193 - - [12/Jun/2025:10:25:26 -0400] "POST /wp-cron.php?doing_wp_cron=1749738326.3447010517120361328125 HTTP/1.1" 200 0 "-" "WordPress/6.8.1; https://wotaku-manga.com"
51.222.253.13 - - [12/Jun/2025:10:25:25 -0400] "GET /u/803844138.shtm HTTP/1.1" 301 0 "-" "Mozilla/5.0 (compatible; AhrefsBot/7.0; +http://ahrefs.com/robot/)"
2402:3a80:194b:e80e::2 - - [12/Jun/2025:10:25:31 -0400] "GET /manga/wotakoi-love-is-hard-for-otaku-chapter-75-5/ HTTP/1.1" 200 42186 "https://wotaku-manga.com/" "Mozilla/5.0 (Linux; Android 10; K) AppleWebKit/537.36 (KHTML, like Gecko) SamsungBrowser/28.0 Chrome/130.0.0.0 Mobile Safari/537.36"
2402:3a80:194b:e80e::2 - - [12/Jun/2025:10:25:32 -0400] "GET /manga/wotaku-ni-koi-wa-muzukashii-chapter-65-2/ HTTP/1.1" 200 42947 "https://wotaku-manga.com/" "Mozilla/5.0 (Linux; Android 10; K) AppleWebKit/537.36 (KHTML, like Gecko) SamsungBrowser/28.0 Chrome/130.0.0.0 Mobile Safari/537.36"
2402:3a80:194b:e80e::2 - - [12/Jun/2025:10:25:33 -0400] "GET /manga/wotakoi-love-is-hard-for-otaku-chapter-75/ HTTP/1.1" 200 43163 "https://wotaku-manga.com/" "Mozilla/5.0 (Linux; Android 10; K) AppleWebKit/537.36 (KHTML, like Gecko) SamsungBrowser/28.0 Chrome/130.0.0.0 Mobile Safari/537.36"
51.222.253.17 - - [12/Jun/2025:10:25:34 -0400] "GET /u/867862556.shtm HTTP/1.1" 301 0 "-" "Mozilla/5.0 (compatible; AhrefsBot/7.0; +http://ahrefs.com/robot/)"
47.82.60.177 - - [12/Jun/2025:10:25:55 -0400] "GET /wp-includes/sodium_compat/namespaced/Core/Xsalsa20.php HTTP/1.1" 403 1242 "https://wotaku-manga.com/wp-includes/sodium_compat/namespaced/Core/Xsalsa20.php" "Mozilla/5.0 (Windows NT 10.0; Win64; x64) AppleWebKit/537.36 (KHTML, like Gecko) Chrome/114.0.0.0 Safari/537.36 Edg/114.0.1823.43"
162.0.232.193 - - [12/Jun/2025:10:25:56 -0400] "POST /wp-cron.php?doing_wp_cron=1749738356.3156349658966064453125 HTTP/1.1" 200 0 "-" "WordPress/6.8.1; https://wotaku-manga.com"
51.222.253.5 - - [12/Jun/2025:10:25:54 -0400] "GET /u/901887286.shtm HTTP/1.1" 301 0 "-" "Mozilla/5.0 (compatible; AhrefsBot/7.0; +http://ahrefs.com/robot/)"
162.0.232.193 - - [12/Jun/2025:10:26:10 -0400] "POST /wp-cron.php?doing_wp_cron=1749738370.6734380722045898437500 HTTP/1.1" 200 0 "-" "WordPress/6.8.1; https://wotaku-manga.com"
51.222.253.14 - - [12/Jun/2025:10:26:09 -0400] "GET /u/967596760.shtm HTTP/1.1" 301 0 "-" "Mozilla/5.0 (compatible; AhrefsBot/7.0; +http://ahrefs.com/robot/)"
66.249.66.65 - - [12/Jun/2025:10:26:22 -0400] "GET /k57090056.shtm HTTP/1.1" 200 81269 "-" "Mozilla/5.0 (Linux; Android 6.0.1; Nexus 5X Build/MMB29P) AppleWebKit/537.36 (KHTML, like Gecko) Chrome/136.0.7103.113 Mobile Safari/537.36 (compatible; Googlebot/2.1; +http://www.google.com/bot.html)"
47.82.60.19 - - [12/Jun/2025:10:26:23 -0400] "GET /wp-includes/js/tinymce/plugins/wpview HTTP/1.1" 301 795 "https://wotaku-manga.com/wp-includes/js/tinymce/plugins/wpview" "Mozilla/5.0 (Windows NT 10.0; Win64; x64) AppleWebKit/537.36 (KHTML, like Gecko) Chrome/114.0.0.0 Safari/537.36 Edg/114.0.1823.43"
47.82.60.19 - - [12/Jun/2025:10:26:23 -0400] "GET /wp-includes/js/tinymce/plugins/wpview/ HTTP/1.1" 200 674 "https://wotaku-manga.com/wp-includes/js/tinymce/plugins/wpview" "Mozilla/5.0 (Windows NT 10.0; Win64; x64) AppleWebKit/537.36 (KHTML, like Gecko) Chrome/114.0.0.0 Safari/537.36 Edg/114.0.1823.43"
162.0.232.193 - - [12/Jun/2025:10:26:24 -0400] "POST /wp-cron.php?doing_wp_cron=1749738384.3651230335235595703125 HTTP/1.1" 200 0 "-" "WordPress/6.8.1; https://wotaku-manga.com"
51.222.253.9 - - [12/Jun/2025:10:26:23 -0400] "GET /u/967684834.shtm HTTP/1.1" 301 0 "-" "Mozilla/5.0 (compatible; AhrefsBot/7.0; +http://ahrefs.com/robot/)"
47.82.60.40 - - [12/Jun/2025:10:26:26 -0400] "GET /wp-includes/js/jquery/ui/effect-explode.min.js HTTP/1.1" 200 600 "https://wotaku-manga.com/wp-includes/js/jquery/ui/effect-explode.min.js" "Mozilla/5.0 (Windows NT 10.0; Win64; x64) AppleWebKit/537.36 (KHTML, like Gecko) Chrome/114.0.0.0 Safari/537.36 Edg/114.0.1823.43"
51.222.253.7 - - [12/Jun/2025:10:26:42 -0400] "GET /u1071782750.shtm HTTP/1.1" 301 0 "-" "Mozilla/5.0 (compatible; AhrefsBot/7.0; +http://ahrefs.com/robot/)"
47.82.60.189 - - [12/Jun/2025:10:26:48 -0400] "GET /wp-includes/js/tinymce/plugins/charmap HTTP/1.1" 301 795 "https://wotaku-manga.com/wp-includes/js/tinymce/plugins/charmap" "Mozilla/5.0 (Windows NT 10.0; Win64; x64) AppleWebKit/537.36 (KHTML, like Gecko) Chrome/114.0.0.0 Safari/537.36 Edg/114.0.1823.43"
47.82.60.189 - - [12/Jun/2025:10:26:48 -0400] "GET /wp-includes/js/tinymce/plugins/charmap/ HTTP/1.1" 200 659 "https://wotaku-manga.com/wp-includes/js/tinymce/plugins/charmap" "Mozilla/5.0 (Windows NT 10.0; Win64; x64) AppleWebKit/537.36 (KHTML, like Gecko) Chrome/114.0.0.0 Safari/537.36 Edg/114.0.1823.43"
162.0.232.193 - - [12/Jun/2025:10:27:01 -0400] "POST /wp-cron.php?doing_wp_cron=1749738421.2672228813171386718750 HTTP/1.1" 200 0 "-" "WordPress/6.8.1; https://wotaku-manga.com"
51.222.253.8 - - [12/Jun/2025:10:26:59 -0400] "GET /u1091883458.shtm HTTP/1.1" 301 0 "-" "Mozilla/5.0 (compatible; AhrefsBot/7.0; +http://ahrefs.com/robot/)"
47.79.122.173 - - [12/Jun/2025:10:27:17 -0400] "GET /wp-includes/js/tinymce/plugins/wplink HTTP/1.1" 301 795 "https://wotaku-manga.com/wp-includes/js/tinymce/plugins/wplink" "Mozilla/5.0 (Windows NT 10.0; Win64; x64) AppleWebKit/537.36 (KHTML, like Gecko) Chrome/114.0.0.0 Safari/537.36 Edg/114.0.1823.43"
47.79.122.173 - - [12/Jun/2025:10:27:18 -0400] "GET /wp-includes/js/tinymce/plugins/wplink/ HTTP/1.1" 200 658 "https://wotaku-manga.com/wp-includes/js/tinymce/plugins/wplink" "Mozilla/5.0 (Windows NT 10.0; Win64; x64) AppleWebKit/537.36 (KHTML, like Gecko) Chrome/114.0.0.0 Safari/537.36 Edg/114.0.1823.43"
162.0.232.193 - - [12/Jun/2025:10:27:18 -0400] "POST /wp-cron.php?doing_wp_cron=1749738438.3176000118255615234375 HTTP/1.1" 200 0 "-" "WordPress/6.8.1; https://wotaku-manga.com"
2a03:2880:f800:14:: - - [12/Jun/2025:10:27:17 -0400] "GET /shopdetail/53671035 HTTP/1.1" 301 0 "-" "meta-externalagent/1.1 (+https://developers.facebook.com/docs/sharing/webmasters/crawler)"
2a03:2880:f800:11:: - - [12/Jun/2025:10:27:20 -0400] "GET / HTTP/1.1" 200 37331 "-" "meta-externalagent/1.1 (+https://developers.facebook.com/docs/sharing/webmasters/crawler)"
51.222.253.7 - - [12/Jun/2025:10:27:29 -0400] "GET /u122365362.shtm HTTP/1.1" 301 0 "-" "Mozilla/5.0 (compatible; AhrefsBot/7.0; +http://ahrefs.com/robot/)"
47.82.60.163 - - [12/Jun/2025:10:27:31 -0400] "GET /wp-includes/js/tinymce/plugins/wpeditimage HTTP/1.1" 301 795 "https://wotaku-manga.com/wp-includes/js/tinymce/plugins/wpeditimage" "Mozilla/5.0 (Windows NT 10.0; Win64; x64) AppleWebKit/537.36 (KHTML, like Gecko) Chrome/114.0.0.0 Safari/537.36 Edg/114.0.1823.43"
47.82.60.163 - - [12/Jun/2025:10:27:31 -0400] "GET /wp-includes/js/tinymce/plugins/wpeditimage/ HTTP/1.1" 200 689 "https://wotaku-manga.com/wp-includes/js/tinymce/plugins/wpeditimage" "Mozilla/5.0 (Windows NT 10.0; Win64; x64) AppleWebKit/537.36 (KHTML, like Gecko) Chrome/114.0.0.0 Safari/537.36 Edg/114.0.1823.43"
2a03:2880:f800:12:: - - [12/Jun/2025:10:27:37 -0400] "GET /shopdetail/112482835 HTTP/1.1" 301 0 "-" "meta-externalagent/1.1 (+https://developers.facebook.com/docs/sharing/webmasters/crawler)"
47.82.60.216 - - [12/Jun/2025:10:27:39 -0400] "GET /wp-includes/js/tinymce/plugins/directionality HTTP/1.1" 301 795 "https://wotaku-manga.com/wp-includes/js/tinymce/plugins/directionality" "Mozilla/5.0 (Windows NT 10.0; Win64; x64) AppleWebKit/537.36 (KHTML, like Gecko) Chrome/114.0.0.0 Safari/537.36 Edg/114.0.1823.43"
47.82.60.216 - - [12/Jun/2025:10:27:40 -0400] "GET /wp-includes/js/tinymce/plugins/directionality/ HTTP/1.1" 200 659 "https://wotaku-manga.com/wp-includes/js/tinymce/plugins/directionality" "Mozilla/5.0 (Windows NT 10.0; Win64; x64) AppleWebKit/537.36 (KHTML, like Gecko) Chrome/114.0.0.0 Safari/537.36 Edg/114.0.1823.43"
2a03:2880:f800:1b:: - - [12/Jun/2025:10:27:40 -0400] "GET / HTTP/1.1" 200 37331 "-" "meta-externalagent/1.1 (+https://developers.facebook.com/docs/sharing/webmasters/crawler)"
162.0.232.193 - - [12/Jun/2025:10:27:48 -0400] "POST /wp-cron.php?doing_wp_cron=1749738468.5722129344940185546875 HTTP/1.1" 200 0 "-" "WordPress/6.8.1; https://wotaku-manga.com"
51.222.253.18 - - [12/Jun/2025:10:27:47 -0400] "GET /u137890270.shtm HTTP/1.1" 301 0 "-" "Mozilla/5.0 (compatible; AhrefsBot/7.0; +http://ahrefs.com/robot/)"
205.169.39.45 - - [12/Jun/2025:10:27:56 -0400] "GET / HTTP/1.1" 200 37331 "http://wotaku-manga.com" "Mozilla/5.0 (Windows NT 10.0) AppleWebKit/537.36 (KHTML, like Gecko) Chrome/106.0.0.0 Safari/537.36"
162.0.232.193 - - [12/Jun/2025:10:28:11 -0400] "POST /wp-cron.php?doing_wp_cron=1749738491.6773951053619384765625 HTTP/1.1" 200 0 "-" "WordPress/6.8.1; https://wotaku-manga.com"
51.222.253.14 - - [12/Jun/2025:10:28:10 -0400] "GET /u1457636184.shtm HTTP/1.1" 301 0 "-" "Mozilla/5.0 (compatible; AhrefsBot/7.0; +http://ahrefs.com/robot/)"
47.82.60.97 - - [12/Jun/2025:10:28:21 -0400] "GET /wp-includes/js/jquery/ui/effect-bounce.js HTTP/1.1" 200 1035 "https://wotaku-manga.com/wp-includes/js/jquery/ui/effect-bounce.js" "Mozilla/5.0 (Windows NT 10.0; Win64; x64) AppleWebKit/537.36 (KHTML, like Gecko) Chrome/114.0.0.0 Safari/537.36 Edg/114.0.1823.43"
66.249.66.65 - - [12/Jun/2025:10:28:24 -0400] "GET /khc/products/sport68479582.shtm HTTP/1.1" 200 81518 "-" "Mozilla/5.0 (Linux; Android 6.0.1; Nexus 5X Build/MMB29P) AppleWebKit/537.36 (KHTML, like Gecko) Chrome/136.0.7103.113 Mobile Safari/537.36 (compatible; Googlebot/2.1; +http://www.google.com/bot.html)"
180.190.52.35 - - [12/Jun/2025:10:28:26 -0400] "GET /manga/wotaku-ni-koi-wa-muzukashii-chapter-31/ HTTP/1.1" 200 41884 "https://www.google.com/" "Mozilla/5.0 (Linux; Android 10; K) AppleWebKit/537.36 (KHTML, like Gecko) Chrome/137.0.0.0 Mobile Safari/537.36"
162.0.232.193 - - [12/Jun/2025:10:28:27 -0400] "POST /wp-cron.php?doing_wp_cron=1749738507.5457410812377929687500 HTTP/1.1" 200 0 "-" "WordPress/6.8.1; https://wotaku-manga.com"
51.222.253.6 - - [12/Jun/2025:10:28:26 -0400] "GET /u1517747022.shtm HTTP/1.1" 301 0 "-" "Mozilla/5.0 (compatible; AhrefsBot/7.0; +http://ahrefs.com/robot/)"
216.73.216.49 - - [12/Jun/2025:10:28:28 -0400] "GET /sitemap-child-805.xml HTTP/1.1" 200 11469 "-" "Mozilla/5.0 AppleWebKit/537.36 (KHTML, like Gecko; compatible; ClaudeBot/1.0; [email protected])"
180.190.52.35 - - [12/Jun/2025:10:28:30 -0400] "GET /manga/wotakoi-love-is-hard-for-otaku-chapter-0/ HTTP/1.1" 200 42048 "https://wotaku-manga.com/manga/wotaku-ni-koi-wa-muzukashii-chapter-31/" "Mozilla/5.0 (Linux; Android 10; K) AppleWebKit/537.36 (KHTML, like Gecko) Chrome/137.0.0.0 Mobile Safari/537.36"
51.222.253.11 - - [12/Jun/2025:10:28:35 -0400] "GET /u1566186958.shtm HTTP/1.1" 301 0 "-" "Mozilla/5.0 (compatible; AhrefsBot/7.0; +http://ahrefs.com/robot/)"
2a09:bac5:d45b:2646::3d0:5c - - [12/Jun/2025:10:28:37 -0400] "GET /manga/wotakoi-love-is-hard-for-otaku-chapter-71/ HTTP/1.1" 200 43193 "-" "Mozilla/5.0 (iPhone; CPU iPhone OS 18_5 like Mac OS X) AppleWebKit/605.1.15 (KHTML, like Gecko) Mobile/15E148"
220.181.108.103 - - [12/Jun/2025:10:28:38 -0400] "GET / HTTP/1.1" 200 37429 "-" "Mozilla/5.0 (compatible; Baiduspider/2.0; +http://www.baidu.com/search/spider.html)"
162.0.232.193 - - [12/Jun/2025:10:28:46 -0400] "POST /wp-cron.php?doing_wp_cron=1749738526.2502789497375488281250 HTTP/1.1" 200 0 "-" "WordPress/6.8.1; https://wotaku-manga.com"
51.222.253.1 - - [12/Jun/2025:10:28:44 -0400] "GET /u1605052942.shtm HTTP/1.1" 301 0 "-" "Mozilla/5.0 (compatible; AhrefsBot/7.0; +http://ahrefs.com/robot/)"
2a03:2880:f800:12:: - - [12/Jun/2025:10:28:48 -0400] "GET /shopdetail/15937435 HTTP/1.1" 301 0 "-" "meta-externalagent/1.1 (+https://developers.facebook.com/docs/sharing/webmasters/crawler)"
2a03:2880:f800:d:: - - [12/Jun/2025:10:28:50 -0400] "GET / HTTP/1.1" 200 37331 "-" "meta-externalagent/1.1 (+https://developers.facebook.com/docs/sharing/webmasters/crawler)"
51.222.253.16 - - [12/Jun/2025:10:28:52 -0400] "GET /u1623359086.shtm HTTP/1.1" 301 0 "-" "Mozilla/5.0 (compatible; AhrefsBot/7.0; +http://ahrefs.com/robot/)"
180.190.52.35 - - [12/Jun/2025:10:28:53 -0400] "GET /manga/wotakoi-love-is-hard-for-otaku-chapter-82/ HTTP/1.1" 200 42935 "https://wotaku-manga.com/manga/wotaku-ni-koi-wa-muzukashii-chapter-31/" "Mozilla/5.0 (Linux; Android 10; K) AppleWebKit/537.36 (KHTML, like Gecko) Chrome/137.0.0.0 Mobile Safari/537.36"
