162.0.232.193 - - [12/Jun/2025:09:57:06 -0400] "POST /wp-cron.php?doing_wp_cron=1749736626.7896521091461181640625 HTTP/1.1" 200 0 "-" "WordPress/6.8.1; https://wotaku-manga.com"
51.222.253.15 - - [12/Jun/2025:09:57:06 -0400] "GET /rrp77284547.shtm HTTP/1.1" 301 0 "-" "Mozilla/5.0 (compatible; AhrefsBot/7.0; +http://ahrefs.com/robot/)"
162.0.232.193 - - [12/Jun/2025:09:57:20 -0400] "POST /wp-cron.php?doing_wp_cron=1749736639.9940400123596191406250 HTTP/1.1" 200 0 "-" "WordPress/6.8.1; https://wotaku-manga.com"
51.222.253.15 - - [12/Jun/2025:09:57:18 -0400] "GET /rt/979281179.shtm HTTP/1.1" 301 0 "-" "Mozilla/5.0 (compatible; AhrefsBot/7.0; +http://ahrefs.com/robot/)"
51.222.253.5 - - [12/Jun/2025:09:57:26 -0400] "GET /rt1033336921.shtm HTTP/1.1" 301 0 "-" "Mozilla/5.0 (compatible; AhrefsBot/7.0; +http://ahrefs.com/robot/)"
66.249.66.10 - - [12/Jun/2025:09:57:29 -0400] "GET /ys70758758.shtm HTTP/1.1" 200 82485 "-" "Mozilla/5.0 (Linux; Android 6.0.1; Nexus 5X Build/MMB29P) AppleWebKit/537.36 (KHTML, like Gecko) Chrome/136.0.7103.113 Mobile Safari/537.36 (compatible; Googlebot/2.1; +http://www.google.com/bot.html)"
51.222.253.20 - - [12/Jun/2025:09:57:33 -0400] "GET /rt1086847001.shtm HTTP/1.1" 301 0 "-" "Mozilla/5.0 (compatible; AhrefsBot/7.0; +http://ahrefs.com/robot/)"
216.73.216.49 - - [12/Jun/2025:09:57:37 -0400] "GET /sitemap-child-1031.xml HTTP/1.1" 200 11336 "-" "Mozilla/5.0 AppleWebKit/537.36 (KHTML, like Gecko; compatible; ClaudeBot/1.0; [email protected])"
51.222.253.6 - - [12/Jun/2025:09:57:44 -0400] "GET /rt1641538827.shtm HTTP/1.1" 301 0 "-" "Mozilla/5.0 (compatible; AhrefsBot/7.0; +http://ahrefs.com/robot/)"
162.0.232.193 - - [12/Jun/2025:09:57:56 -0400] "POST /wp-cron.php?doing_wp_cron=1749736675.9581379890441894531250 HTTP/1.1" 200 0 "-" "WordPress/6.8.1; https://wotaku-manga.com"
51.222.253.3 - - [12/Jun/2025:09:57:55 -0400] "GET /rt369918893.shtm HTTP/1.1" 301 0 "-" "Mozilla/5.0 (compatible; AhrefsBot/7.0; +http://ahrefs.com/robot/)"
162.0.232.193 - - [12/Jun/2025:09:58:03 -0400] "POST /wp-cron.php?doing_wp_cron=1749736682.9712400436401367187500 HTTP/1.1" 200 0 "-" "WordPress/6.8.1; https://wotaku-manga.com"
51.222.253.5 - - [12/Jun/2025:09:58:01 -0400] "GET /rx/362666613.shtm HTTP/1.1" 301 0 "-" "Mozilla/5.0 (compatible; AhrefsBot/7.0; +http://ahrefs.com/robot/)"
51.222.253.17 - - [12/Jun/2025:09:58:08 -0400] "GET /rx/684095903.shtm HTTP/1.1" 301 0 "-" "Mozilla/5.0 (compatible; AhrefsBot/7.0; +http://ahrefs.com/robot/)"
162.0.232.193 - - [12/Jun/2025:09:58:18 -0400] "POST /wp-cron.php?doing_wp_cron=1749736698.3985159397125244140625 HTTP/1.1" 200 0 "-" "WordPress/6.8.1; https://wotaku-manga.com"
51.222.253.8 - - [12/Jun/2025:09:58:17 -0400] "GET /rx1119711031.shtm HTTP/1.1" 301 0 "-" "Mozilla/5.0 (compatible; AhrefsBot/7.0; +http://ahrefs.com/robot/)"
51.222.253.15 - - [12/Jun/2025:09:58:28 -0400] "GET /rz2029752217.shtm HTTP/1.1" 301 0 "-" "Mozilla/5.0 (compatible; AhrefsBot/7.0; +http://ahrefs.com/robot/)"
66.249.66.165 - - [12/Jun/2025:09:58:30 -0400] "GET /me63992738.shtm HTTP/1.1" 200 82929 "-" "Mozilla/5.0 (Linux; Android 6.0.1; Nexus 5X Build/MMB29P) AppleWebKit/537.36 (KHTML, like Gecko) Chrome/136.0.7103.113 Mobile Safari/537.36 (compatible; Googlebot/2.1; +http://www.google.com/bot.html)"
216.73.216.49 - - [12/Jun/2025:09:58:34 -0400] "GET /sitemap-child-2156.xml HTTP/1.1" 200 11441 "-" "Mozilla/5.0 AppleWebKit/537.36 (KHTML, like Gecko; compatible; ClaudeBot/1.0; [email protected])"
51.222.253.3 - - [12/Jun/2025:09:58:33 -0400] "GET /s/1180261810.shtm HTTP/1.1" 301 0 "-" "Mozilla/5.0 (compatible; AhrefsBot/7.0; +http://ahrefs.com/robot/)"
66.249.66.163 - - [12/Jun/2025:09:58:35 -0400] "GET /manga/wotakoi-love-is-hard-for-otaku-chapter-9/feed/ HTTP/1.1" 200 81490 "-" "Mozilla/5.0 (Linux; Android 6.0.1; Nexus 5X Build/MMB29P) AppleWebKit/537.36 (KHTML, like Gecko) Chrome/136.0.7103.113 Mobile Safari/537.36 (compatible; Googlebot/2.1; +http://www.google.com/bot.html)"
51.222.253.2 - - [12/Jun/2025:09:58:41 -0400] "GET /s/1289816338.shtm HTTP/1.1" 301 0 "-" "Mozilla/5.0 (compatible; AhrefsBot/7.0; +http://ahrefs.com/robot/)"
162.0.232.193 - - [12/Jun/2025:09:58:54 -0400] "POST /wp-cron.php?doing_wp_cron=1749736734.0787100791931152343750 HTTP/1.1" 200 0 "-" "WordPress/6.8.1; https://wotaku-manga.com"
51.222.253.11 - - [12/Jun/2025:09:58:51 -0400] "GET /s/140635852.shtm HTTP/1.1" 301 0 "-" "Mozilla/5.0 (compatible; AhrefsBot/7.0; +http://ahrefs.com/robot/)"
162.0.232.193 - - [12/Jun/2025:09:58:59 -0400] "POST /wp-cron.php?doing_wp_cron=1749736739.2536609172821044921875 HTTP/1.1" 200 0 "-" "WordPress/6.8.1; https://wotaku-manga.com"
51.222.253.4 - - [12/Jun/2025:09:58:58 -0400] "GET /s/1477964124.shtm HTTP/1.1" 301 0 "-" "Mozilla/5.0 (compatible; AhrefsBot/7.0; +http://ahrefs.com/robot/)"
51.222.253.9 - - [12/Jun/2025:09:59:10 -0400] "GET /s/1807263620.shtm HTTP/1.1" 301 0 "-" "Mozilla/5.0 (compatible; AhrefsBot/7.0; +http://ahrefs.com/robot/)"
162.0.232.193 - - [12/Jun/2025:09:59:18 -0400] "POST /wp-cron.php?doing_wp_cron=1749736758.0749769210815429687500 HTTP/1.1" 200 0 "-" "WordPress/6.8.1; https://wotaku-manga.com"
51.222.253.11 - - [12/Jun/2025:09:59:17 -0400] "GET /s/1941056486.shtm HTTP/1.1" 301 0 "-" "Mozilla/5.0 (compatible; AhrefsBot/7.0; +http://ahrefs.com/robot/)"
51.222.253.8 - - [12/Jun/2025:09:59:25 -0400] "GET /s/227729588.shtm HTTP/1.1" 301 0 "-" "Mozilla/5.0 (compatible; AhrefsBot/7.0; +http://ahrefs.com/robot/)"
51.222.253.10 - - [12/Jun/2025:09:59:33 -0400] "GET /s/251615438.shtm HTTP/1.1" 301 0 "-" "Mozilla/5.0 (compatible; AhrefsBot/7.0; +http://ahrefs.com/robot/)"
51.222.253.1 - - [12/Jun/2025:09:59:41 -0400] "GET /s/318890082.shtm HTTP/1.1" 301 0 "-" "Mozilla/5.0 (compatible; AhrefsBot/7.0; +http://ahrefs.com/robot/)"
162.0.232.193 - - [12/Jun/2025:09:59:47 -0400] "POST /wp-cron.php?doing_wp_cron=1749736787.4146161079406738281250 HTTP/1.1" 200 0 "-" "WordPress/6.8.1; https://wotaku-manga.com"
51.222.253.2 - - [12/Jun/2025:09:59:47 -0400] "GET /s/362227238.shtm HTTP/1.1" 301 0 "-" "Mozilla/5.0 (compatible; AhrefsBot/7.0; +http://ahrefs.com/robot/)"
162.0.232.193 - - [12/Jun/2025:10:00:00 -0400] "POST /wp-cron.php?doing_wp_cron=1749736800.5116920471191406250000 HTTP/1.1" 200 0 "-" "WordPress/6.8.1; https://wotaku-manga.com"
51.222.253.11 - - [12/Jun/2025:09:59:59 -0400] "GET /s/400229892.shtm HTTP/1.1" 301 0 "-" "Mozilla/5.0 (compatible; AhrefsBot/7.0; +http://ahrefs.com/robot/)"
51.222.253.1 - - [12/Jun/2025:10:00:10 -0400] "GET /s/491143198.shtm HTTP/1.1" 301 0 "-" "Mozilla/5.0 (compatible; AhrefsBot/7.0; +http://ahrefs.com/robot/)"
162.0.232.193 - - [12/Jun/2025:10:00:20 -0400] "POST /wp-cron.php?doing_wp_cron=1749736820.2895789146423339843750 HTTP/1.1" 200 0 "-" "WordPress/6.8.1; https://wotaku-manga.com"
51.222.253.11 - - [12/Jun/2025:10:00:19 -0400] "GET /s/748027034.shtm HTTP/1.1" 301 0 "-" "Mozilla/5.0 (compatible; AhrefsBot/7.0; +http://ahrefs.com/robot/)"
43.157.156.190 - - [12/Jun/2025:10:00:23 -0400] "GET / HTTP/1.1" 301 0 "http://www.wotaku-manga.com" "Mozilla/5.0 (iPhone; CPU iPhone OS 13_2_3 like Mac OS X) AppleWebKit/605.1.15 (KHTML, like Gecko) Version/13.0.3 Mobile/15E148 Safari/604.1"
43.157.156.190 - - [12/Jun/2025:10:00:26 -0400] "GET / HTTP/1.1" 200 37976 "https://www.wotaku-manga.com/" "Mozilla/5.0 (iPhone; CPU iPhone OS 13_2_3 like Mac OS X) AppleWebKit/605.1.15 (KHTML, like Gecko) Version/13.0.3 Mobile/15E148 Safari/604.1"
51.222.253.20 - - [12/Jun/2025:10:00:27 -0400] "GET /s/854043688.shtm HTTP/1.1" 301 0 "-" "Mozilla/5.0 (compatible; AhrefsBot/7.0; +http://ahrefs.com/robot/)"
51.222.253.10 - - [12/Jun/2025:10:00:41 -0400] "GET /s1055358722.shtm HTTP/1.1" 301 0 "-" "Mozilla/5.0 (compatible; AhrefsBot/7.0; +http://ahrefs.com/robot/)"
162.0.232.193 - - [12/Jun/2025:10:00:50 -0400] "POST /wp-cron.php?doing_wp_cron=1749736849.6776649951934814453125 HTTP/1.1" 200 0 "-" "WordPress/6.8.1; https://wotaku-manga.com"
51.222.253.9 - - [12/Jun/2025:10:00:48 -0400] "GET /s1061748248.shtm HTTP/1.1" 301 0 "-" "Mozilla/5.0 (compatible; AhrefsBot/7.0; +http://ahrefs.com/robot/)"
51.222.253.10 - - [12/Jun/2025:10:00:54 -0400] "GET /s1219373142.shtm HTTP/1.1" 301 0 "-" "Mozilla/5.0 (compatible; AhrefsBot/7.0; +http://ahrefs.com/robot/)"
162.0.232.193 - - [12/Jun/2025:10:01:05 -0400] "POST /wp-cron.php?doing_wp_cron=1749736864.9494209289550781250000 HTTP/1.1" 200 0 "-" "WordPress/6.8.1; https://wotaku-manga.com"
51.222.253.19 - - [12/Jun/2025:10:01:04 -0400] "GET /s1230339508.shtm HTTP/1.1" 301 0 "-" "Mozilla/5.0 (compatible; AhrefsBot/7.0; +http://ahrefs.com/robot/)"
66.249.66.36 - - [12/Jun/2025:10:01:11 -0400] "GET /fl63970151.shtm HTTP/1.1" 200 81999 "-" "Mozilla/5.0 (Linux; Android 6.0.1; Nexus 5X Build/MMB29P) AppleWebKit/537.36 (KHTML, like Gecko) Chrome/136.0.7103.113 Mobile Safari/537.36 (compatible; Googlebot/2.1; +http://www.google.com/bot.html)"
162.0.232.193 - - [12/Jun/2025:10:01:20 -0400] "POST /wp-cron.php?doing_wp_cron=1749736880.2212769985198974609375 HTTP/1.1" 200 0 "-" "WordPress/6.8.1; https://wotaku-manga.com"
51.222.253.5 - - [12/Jun/2025:10:01:19 -0400] "GET /s1279819746.shtm HTTP/1.1" 301 0 "-" "Mozilla/5.0 (compatible; AhrefsBot/7.0; +http://ahrefs.com/robot/)"
51.222.253.3 - - [12/Jun/2025:10:01:28 -0400] "GET /s2018944048.shtm HTTP/1.1" 301 0 "-" "Mozilla/5.0 (compatible; AhrefsBot/7.0; +http://ahrefs.com/robot/)"
51.222.253.2 - - [12/Jun/2025:10:01:39 -0400] "GET /s2019049860.shtm HTTP/1.1" 301 0 "-" "Mozilla/5.0 (compatible; AhrefsBot/7.0; +http://ahrefs.com/robot/)"
162.0.232.193 - - [12/Jun/2025:10:01:48 -0400] "POST /wp-cron.php?doing_wp_cron=1749736908.1831519603729248046875 HTTP/1.1" 200 0 "-" "WordPress/6.8.1; https://wotaku-manga.com"
51.222.253.8 - - [12/Jun/2025:10:01:46 -0400] "GET /s2021461078.shtm HTTP/1.1" 301 0 "-" "Mozilla/5.0 (compatible; AhrefsBot/7.0; +http://ahrefs.com/robot/)"
51.222.253.15 - - [12/Jun/2025:10:01:53 -0400] "GET /s2029470052.shtm HTTP/1.1" 301 0 "-" "Mozilla/5.0 (compatible; AhrefsBot/7.0; +http://ahrefs.com/robot/)"
162.0.232.193 - - [12/Jun/2025:10:02:05 -0400] "POST /wp-cron.php?doing_wp_cron=1749736925.5662319660186767578125 HTTP/1.1" 200 0 "-" "WordPress/6.8.1; https://wotaku-manga.com"
51.222.253.7 - - [12/Jun/2025:10:02:04 -0400] "GET /s250435840.shtm HTTP/1.1" 301 0 "-" "Mozilla/5.0 (compatible; AhrefsBot/7.0; +http://ahrefs.com/robot/)"
220.181.108.80 - - [12/Jun/2025:10:02:10 -0400] "GET / HTTP/1.1" 200 37331 "-" "Mozilla/5.0 (compatible; Baiduspider/2.0; +http://www.baidu.com/search/spider.html)"
51.222.253.2 - - [12/Jun/2025:10:02:11 -0400] "GET /s413483494.shtm HTTP/1.1" 301 0 "-" "Mozilla/5.0 (compatible; AhrefsBot/7.0; +http://ahrefs.com/robot/)"
66.249.66.66 - - [12/Jun/2025:10:02:13 -0400] "GET /vh75545425.shtm HTTP/1.1" 200 81810 "-" "Mozilla/5.0 (Linux; Android 6.0.1; Nexus 5X Build/MMB29P) AppleWebKit/537.36 (KHTML, like Gecko) Chrome/136.0.7103.113 Mobile Safari/537.36 (compatible; Googlebot/2.1; +http://www.google.com/bot.html)"
105.228.40.119 - - [12/Jun/2025:10:02:18 -0400] "GET /manga/wotakoi-love-is-hard-for-otaku-chapter-69/ HTTP/1.1" 200 43001 "https://wotaku-manga.com/manga/wotakoi-love-is-hard-for-otaku-chapter-68/" "Mozilla/5.0 (Linux; Android 10; K) AppleWebKit/537.36 (KHTML, like Gecko) Chrome/137.0.0.0 Mobile Safari/537.36"
105.228.40.119 - - [12/Jun/2025:10:02:18 -0400] "GET /tag/narumi-momose/ HTTP/1.1" 301 0 "https://wotaku-manga.com/manga/wotakoi-love-is-hard-for-otaku-chapter-68/" "Mozilla/5.0 (Linux; Android 10; K) AppleWebKit/537.36 (KHTML, like Gecko) Chrome/137.0.0.0 Mobile Safari/537.36"
162.0.232.193 - - [12/Jun/2025:10:02:21 -0400] "POST /wp-cron.php?doing_wp_cron=1749736940.7783401012420654296875 HTTP/1.1" 200 0 "-" "WordPress/6.8.1; https://wotaku-manga.com"
51.222.253.6 - - [12/Jun/2025:10:02:20 -0400] "GET /s463808380.shtm HTTP/1.1" 301 0 "-" "Mozilla/5.0 (compatible; AhrefsBot/7.0; +http://ahrefs.com/robot/)"
105.228.40.119 - - [12/Jun/2025:10:02:23 -0400] "GET /manga/wotakoi-love-is-hard-for-otaku-chapter-0/ HTTP/1.1" 200 42048 "https://wotaku-manga.com/manga/wotakoi-love-is-hard-for-otaku-chapter-69/" "Mozilla/5.0 (Linux; Android 10; K) AppleWebKit/537.36 (KHTML, like Gecko) Chrome/137.0.0.0 Mobile Safari/537.36"
105.228.40.119 - - [12/Jun/2025:10:02:21 -0400] "POST /wp-admin/admin-ajax.php HTTP/1.1" 200 61 "https://wotaku-manga.com/manga/wotakoi-love-is-hard-for-otaku-chapter-69/" "Mozilla/5.0 (Linux; Android 10; K) AppleWebKit/537.36 (KHTML, like Gecko) Chrome/137.0.0.0 Mobile Safari/537.36"
51.222.253.7 - - [12/Jun/2025:10:02:29 -0400] "GET /s622684024.shtm HTTP/1.1" 301 0 "-" "Mozilla/5.0 (compatible; AhrefsBot/7.0; +http://ahrefs.com/robot/)"
51.222.253.19 - - [12/Jun/2025:10:02:40 -0400] "GET /s668677282.shtm HTTP/1.1" 301 0 "-" "Mozilla/5.0 (compatible; AhrefsBot/7.0; +http://ahrefs.com/robot/)"
162.0.232.193 - - [12/Jun/2025:10:02:47 -0400] "POST /wp-cron.php?doing_wp_cron=1749736966.7563529014587402343750 HTTP/1.1" 200 0 "-" "WordPress/6.8.1; https://wotaku-manga.com"
51.222.253.9 - - [12/Jun/2025:10:02:46 -0400] "GET /s798985912.shtm HTTP/1.1" 301 0 "-" "Mozilla/5.0 (compatible; AhrefsBot/7.0; +http://ahrefs.com/robot/)"
162.0.232.193 - - [12/Jun/2025:10:02:58 -0400] "POST /wp-cron.php?doing_wp_cron=1749736978.0953791141510009765625 HTTP/1.1" 200 0 "-" "WordPress/6.8.1; https://wotaku-manga.com"
51.222.253.8 - - [12/Jun/2025:10:02:57 -0400] "GET /s835527664.shtm HTTP/1.1" 301 0 "-" "Mozilla/5.0 (compatible; AhrefsBot/7.0; +http://ahrefs.com/robot/)"
51.222.253.14 - - [12/Jun/2025:10:03:06 -0400] "GET /s857229586.shtm HTTP/1.1" 301 0 "-" "Mozilla/5.0 (compatible; AhrefsBot/7.0; +http://ahrefs.com/robot/)"
51.222.253.3 - - [12/Jun/2025:10:03:15 -0400] "GET /sa/189022470.shtm HTTP/1.1" 301 0 "-" "Mozilla/5.0 (compatible; AhrefsBot/7.0; +http://ahrefs.com/robot/)"
162.0.232.193 - - [12/Jun/2025:10:03:23 -0400] "POST /wp-cron.php?doing_wp_cron=1749737003.3504540920257568359375 HTTP/1.1" 200 0 "-" "WordPress/6.8.1; https://wotaku-manga.com"
51.222.253.18 - - [12/Jun/2025:10:03:22 -0400] "GET /sa/344536140.shtm HTTP/1.1" 301 0 "-" "Mozilla/5.0 (compatible; AhrefsBot/7.0; +http://ahrefs.com/robot/)"
51.222.253.6 - - [12/Jun/2025:10:03:35 -0400] "GET /sa/536310242.shtm HTTP/1.1" 301 0 "-" "Mozilla/5.0 (compatible; AhrefsBot/7.0; +http://ahrefs.com/robot/)"
216.73.216.49 - - [12/Jun/2025:10:03:39 -0400] "GET /sitemap-child-2612.xml HTTP/1.1" 200 11316 "-" "Mozilla/5.0 AppleWebKit/537.36 (KHTML, like Gecko; compatible; ClaudeBot/1.0; [email protected])"
51.222.253.1 - - [12/Jun/2025:10:03:42 -0400] "GET /sa1566202950.shtm HTTP/1.1" 301 0 "-" "Mozilla/5.0 (compatible; AhrefsBot/7.0; +http://ahrefs.com/robot/)"
24.51.232.37 - - [12/Jun/2025:10:03:50 -0400] "GET /manga/wotaku-ni-koi-wa-muzukashii-chapter-31/ HTTP/1.1" 200 41157 "https://www.google.com/" "Mozilla/5.0 (X11; CrOS x86_64 14541.0.0) AppleWebKit/537.36 (KHTML, like Gecko) Chrome/135.0.0.0 Safari/537.36"
162.0.232.193 - - [12/Jun/2025:10:03:52 -0400] "POST /wp-cron.php?doing_wp_cron=1749737032.0603530406951904296875 HTTP/1.1" 200 0 "-" "WordPress/6.8.1; https://wotaku-manga.com"
51.222.253.17 - - [12/Jun/2025:10:03:50 -0400] "GET /sa700677406.shtm HTTP/1.1" 301 0 "-" "Mozilla/5.0 (compatible; AhrefsBot/7.0; +http://ahrefs.com/robot/)"
24.51.232.37 - - [12/Jun/2025:10:03:52 -0400] "GET /wp-content/plugins/simple-social-buttons/assets/js/frontend-blocks.js?ver=6.1.0 HTTP/1.1" 304 0 "https://wotaku-manga.com/manga/wotaku-ni-koi-wa-muzukashii-chapter-31/" "Mozilla/5.0 (X11; CrOS x86_64 14541.0.0) AppleWebKit/537.36 (KHTML, like Gecko) Chrome/135.0.0.0 Safari/537.36"
24.51.232.37 - - [12/Jun/2025:10:03:52 -0400] "GET /wp-content/cache/min/1/wp-content/plugins/disqus-comment-system/public/js/comment_embed.js?ver=1684511264 HTTP/1.1" 304 0 "https://wotaku-manga.com/manga/wotaku-ni-koi-wa-muzukashii-chapter-31/" "Mozilla/5.0 (X11; CrOS x86_64 14541.0.0) AppleWebKit/537.36 (KHTML, like Gecko) Chrome/135.0.0.0 Safari/537.36"
24.51.232.37 - - [12/Jun/2025:10:03:52 -0400] "GET /wp-includes/js/comment-reply.min.js?ver=6.8.1 HTTP/1.1" 304 0 "https://wotaku-manga.com/manga/wotaku-ni-koi-wa-muzukashii-chapter-31/" "Mozilla/5.0 (X11; CrOS x86_64 14541.0.0) AppleWebKit/537.36 (KHTML, like Gecko) Chrome/135.0.0.0 Safari/537.36"
24.51.232.37 - - [12/Jun/2025:10:03:52 -0400] "GET /wp-content/cache/min/1/sdks/web/v16/OneSignalSDK.page.js?ver=1746023449 HTTP/1.1" 304 0 "https://wotaku-manga.com/manga/wotaku-ni-koi-wa-muzukashii-chapter-31/" "Mozilla/5.0 (X11; CrOS x86_64 14541.0.0) AppleWebKit/537.36 (KHTML, like Gecko) Chrome/135.0.0.0 Safari/537.36"
24.51.232.37 - - [12/Jun/2025:10:03:52 -0400] "GET /wp-content/themes/toivo-lite/js/functions.min.js?ver=1.2.0 HTTP/1.1" 304 0 "https://wotaku-manga.com/manga/wotaku-ni-koi-wa-muzukashii-chapter-31/" "Mozilla/5.0 (X11; CrOS x86_64 14541.0.0) AppleWebKit/537.36 (KHTML, like Gecko) Chrome/135.0.0.0 Safari/537.36"
162.0.232.193 - - [12/Jun/2025:10:04:00 -0400] "POST /wp-cron.php?doing_wp_cron=1749737040.3475708961486816406250 HTTP/1.1" 200 0 "-" "WordPress/6.8.1; https://wotaku-manga.com"
51.222.253.5 - - [12/Jun/2025:10:03:59 -0400] "GET /sa986551800.shtm HTTP/1.1" 301 0 "-" "Mozilla/5.0 (compatible; AhrefsBot/7.0; +http://ahrefs.com/robot/)"
24.51.232.37 - - [12/Jun/2025:10:04:00 -0400] "GET /manga/wotaku-ni-koi-wa-muzukashii-chapter-%207/ HTTP/1.1" 301 0 "-" "Mozilla/5.0 (X11; CrOS x86_64 14541.0.0) AppleWebKit/537.36 (KHTML, like Gecko) Chrome/135.0.0.0 Safari/537.36"
24.51.232.37 - - [12/Jun/2025:10:04:02 -0400] "GET / HTTP/1.1" 200 37331 "-" "Mozilla/5.0 (X11; CrOS x86_64 14541.0.0) AppleWebKit/537.36 (KHTML, like Gecko) Chrome/135.0.0.0 Safari/537.36"
24.51.232.37 - - [12/Jun/2025:10:04:06 -0400] "GET /manga/wotakoi-love-is-hard-for-otaku-chapter-73/ HTTP/1.1" 200 41780 "https://wotaku-manga.com/" "Mozilla/5.0 (X11; CrOS x86_64 14541.0.0) AppleWebKit/537.36 (KHTML, like Gecko) Chrome/135.0.0.0 Safari/537.36"
24.51.232.37 - - [12/Jun/2025:10:04:07 -0400] "GET /manga/wotaku-ni-koi-wa-muzukashii-chapter-34/ HTTP/1.1" 200 41809 "https://wotaku-manga.com/" "Mozilla/5.0 (X11; CrOS x86_64 14541.0.0) AppleWebKit/537.36 (KHTML, like Gecko) Chrome/135.0.0.0 Safari/537.36"
24.51.232.37 - - [12/Jun/2025:10:04:09 -0400] "GET /manga/wotakoi-love-is-hard-for-otaku-chapter-10/ HTTP/1.1" 200 41515 "https://wotaku-manga.com/" "Mozilla/5.0 (X11; CrOS x86_64 14541.0.0) AppleWebKit/537.36 (KHTML, like Gecko) Chrome/135.0.0.0 Safari/537.36"
51.222.253.6 - - [12/Jun/2025:10:04:07 -0400] "GET /sc/786664192.shtm HTTP/1.1" 301 0 "-" "Mozilla/5.0 (compatible; AhrefsBot/7.0; +http://ahrefs.com/robot/)"
24.51.232.37 - - [12/Jun/2025:10:04:09 -0400] "GET /manga/wotakoi-love-is-hard-for-otaku-chapter-7-2/ HTTP/1.1" 200 41932 "https://wotaku-manga.com/" "Mozilla/5.0 (X11; CrOS x86_64 14541.0.0) AppleWebKit/537.36 (KHTML, like Gecko) Chrome/135.0.0.0 Safari/537.36"
24.51.232.37 - - [12/Jun/2025:10:04:10 -0400] "GET /manga/wotakoi-love-is-hard-for-otaku-chapter-7-1/ HTTP/1.1" 200 42034 "https://wotaku-manga.com/" "Mozilla/5.0 (X11; CrOS x86_64 14541.0.0) AppleWebKit/537.36 (KHTML, like Gecko) Chrome/135.0.0.0 Safari/537.36"
24.51.232.37 - - [12/Jun/2025:10:04:12 -0400] "GET /manga/wotaku-ni-koi-wa-muzukashii-chapter-7-1/ HTTP/1.1" 301 0 "https://wotaku-manga.com/manga/wotakoi-love-is-hard-for-otaku-chapter-7-1/" "Mozilla/5.0 (X11; CrOS x86_64 14541.0.0) AppleWebKit/537.36 (KHTML, like Gecko) Chrome/135.0.0.0 Safari/537.36"
66.249.66.35 - - [12/Jun/2025:10:04:14 -0400] "GET /u74399912.shtm HTTP/1.1" 200 81838 "-" "Mozilla/5.0 (Linux; Android 6.0.1; Nexus 5X Build/MMB29P) AppleWebKit/537.36 (KHTML, like Gecko) Chrome/136.0.7103.113 Mobile Safari/537.36 (compatible; Googlebot/2.1; +http://www.google.com/bot.html)"
162.0.232.193 - - [12/Jun/2025:10:04:20 -0400] "POST /wp-cron.php?doing_wp_cron=1749737060.0439920425415039062500 HTTP/1.1" 200 0 "-" "WordPress/6.8.1; https://wotaku-manga.com"
51.222.253.3 - - [12/Jun/2025:10:04:18 -0400] "GET /se1850404898.shtm HTTP/1.1" 301 0 "-" "Mozilla/5.0 (compatible; AhrefsBot/7.0; +http://ahrefs.com/robot/)"
87.236.210.149 - - [12/Jun/2025:10:04:20 -0400] "POST /wp-login.php HTTP/1.1" 200 2037 "https://wotaku-manga.com" "Mozilla/5.0 (Macintosh; Intel Mac OS X 10_15_7) AppleWebKit/537.36 (KHTML, like Gecko) Chrome/115.0.5790.102 Safari/537.36"
51.222.253.10 - - [12/Jun/2025:10:04:27 -0400] "GET /sfa799231004.shtm HTTP/1.1" 301 0 "-" "Mozilla/5.0 (compatible; AhrefsBot/7.0; +http://ahrefs.com/robot/)"
51.222.253.13 - - [12/Jun/2025:10:04:36 -0400] "GET /sgo/47943520.shtm HTTP/1.1" 301 0 "-" "Mozilla/5.0 (compatible; AhrefsBot/7.0; +http://ahrefs.com/robot/)"
162.0.232.193 - - [12/Jun/2025:10:04:47 -0400] "POST /wp-cron.php?doing_wp_cron=1749737087.2484169006347656250000 HTTP/1.1" 200 0 "-" "WordPress/6.8.1; https://wotaku-manga.com"
51.222.253.11 - - [12/Jun/2025:10:04:45 -0400] "GET /si761774268.shtm HTTP/1.1" 301 0 "-" "Mozilla/5.0 (compatible; AhrefsBot/7.0; +http://ahrefs.com/robot/)"
51.222.253.3 - - [12/Jun/2025:10:04:55 -0400] "GET /sk/777282334.shtm HTTP/1.1" 301 0 "-" "Mozilla/5.0 (compatible; AhrefsBot/7.0; +http://ahrefs.com/robot/)"
162.0.232.193 - - [12/Jun/2025:10:05:09 -0400] "POST /wp-cron.php?doing_wp_cron=1749737109.1695189476013183593750 HTTP/1.1" 200 0 "-" "WordPress/6.8.1; https://wotaku-manga.com"
51.222.253.14 - - [12/Jun/2025:10:05:06 -0400] "GET /sk1072344660.shtm HTTP/1.1" 301 0 "-" "Mozilla/5.0 (compatible; AhrefsBot/7.0; +http://ahrefs.com/robot/)"
51.222.253.11 - - [12/Jun/2025:10:05:11 -0400] "GET /sk309931944.shtm HTTP/1.1" 301 0 "-" "Mozilla/5.0 (compatible; AhrefsBot/7.0; +http://ahrefs.com/robot/)"
162.0.232.193 - - [12/Jun/2025:10:05:31 -0400] "POST /wp-cron.php?doing_wp_cron=1749737131.3619999885559082031250 HTTP/1.1" 200 0 "-" "WordPress/6.8.1; https://wotaku-manga.com"
51.222.253.12 - - [12/Jun/2025:10:05:28 -0400] "GET /sk951084794.shtm HTTP/1.1" 301 0 "-" "Mozilla/5.0 (compatible; AhrefsBot/7.0; +http://ahrefs.com/robot/)"
51.222.253.6 - - [12/Jun/2025:10:05:41 -0400] "GET /sla536204318.shtm HTTP/1.1" 301 0 "-" "Mozilla/5.0 (compatible; AhrefsBot/7.0; +http://ahrefs.com/robot/)"
162.0.232.193 - - [12/Jun/2025:10:05:47 -0400] "POST /wp-cron.php?doing_wp_cron=1749737146.8570139408111572265625 HTTP/1.1" 200 0 "-" "WordPress/6.8.1; https://wotaku-manga.com"
2a03:2880:f800:13:: - - [12/Jun/2025:10:05:45 -0400] "GET /shopdetail/435279935 HTTP/1.1" 301 0 "-" "meta-externalagent/1.1 (+https://developers.facebook.com/docs/sharing/webmasters/crawler)"
2a03:2880:f800:a:: - - [12/Jun/2025:10:05:49 -0400] "GET / HTTP/1.1" 200 37331 "-" "meta-externalagent/1.1 (+https://developers.facebook.com/docs/sharing/webmasters/crawler)"
51.222.253.3 - - [12/Jun/2025:10:05:51 -0400] "GET /sls400281666.shtm HTTP/1.1" 301 0 "-" "Mozilla/5.0 (compatible; AhrefsBot/7.0; +http://ahrefs.com/robot/)"
162.0.232.193 - - [12/Jun/2025:10:06:02 -0400] "POST /wp-cron.php?doing_wp_cron=1749737161.8664579391479492187500 HTTP/1.1" 200 0 "-" "WordPress/6.8.1; https://wotaku-manga.com"
51.222.253.13 - - [12/Jun/2025:10:06:00 -0400] "GET /sm1565569342.shtm HTTP/1.1" 301 0 "-" "Mozilla/5.0 (compatible; AhrefsBot/7.0; +http://ahrefs.com/robot/)"
2a03:2880:f800:b:: - - [12/Jun/2025:10:06:10 -0400] "GET /shopdetail/29547735 HTTP/1.1" 301 0 "-" "meta-externalagent/1.1 (+https://developers.facebook.com/docs/sharing/webmasters/crawler)"
51.222.253.12 - - [12/Jun/2025:10:06:13 -0400] "GET /sno986058880.shtm HTTP/1.1" 301 0 "-" "Mozilla/5.0 (compatible; AhrefsBot/7.0; +http://ahrefs.com/robot/)"
2a03:2880:f800:c:: - - [12/Jun/2025:10:06:16 -0400] "GET / HTTP/1.1" 200 37376 "-" "meta-externalagent/1.1 (+https://developers.facebook.com/docs/sharing/webmasters/crawler)"
162.0.232.193 - - [12/Jun/2025:10:06:19 -0400] "POST /wp-cron.php?doing_wp_cron=1749737179.1538810729980468750000 HTTP/1.1" 200 0 "-" "WordPress/6.8.1; https://wotaku-manga.com"
2a03:2880:f800:a:: - - [12/Jun/2025:10:06:18 -0400] "GET /shopdetail/11849635 HTTP/1.1" 301 0 "-" "meta-externalagent/1.1 (+https://developers.facebook.com/docs/sharing/webmasters/crawler)"
2a03:2880:f800:c:: - - [12/Jun/2025:10:06:21 -0400] "GET / HTTP/1.1" 200 37467 "-" "meta-externalagent/1.1 (+https://developers.facebook.com/docs/sharing/webmasters/crawler)"
2a03:2880:f800:d:: - - [12/Jun/2025:10:06:22 -0400] "GET /shopdetail/97497635 HTTP/1.1" 301 0 "-" "meta-externalagent/1.1 (+https://developers.facebook.com/docs/sharing/webmasters/crawler)"
2a03:2880:f800:15:: - - [12/Jun/2025:10:06:28 -0400] "GET / HTTP/1.1" 200 37331 "-" "meta-externalagent/1.1 (+https://developers.facebook.com/docs/sharing/webmasters/crawler)"
51.222.253.8 - - [12/Jun/2025:10:06:28 -0400] "GET /so1230163416.shtm HTTP/1.1" 301 0 "-" "Mozilla/5.0 (compatible; AhrefsBot/7.0; +http://ahrefs.com/robot/)"
51.222.253.18 - - [12/Jun/2025:10:06:37 -0400] "GET /so1914898818.shtm HTTP/1.1" 301 0 "-" "Mozilla/5.0 (compatible; AhrefsBot/7.0; +http://ahrefs.com/robot/)"
162.0.232.193 - - [12/Jun/2025:10:06:49 -0400] "POST /wp-cron.php?doing_wp_cron=1749737209.0569119453430175781250 HTTP/1.1" 200 0 "-" "WordPress/6.8.1; https://wotaku-manga.com"
51.222.253.2 - - [12/Jun/2025:10:06:46 -0400] "GET /so2029998296.shtm HTTP/1.1" 301 0 "-" "Mozilla/5.0 (compatible; AhrefsBot/7.0; +http://ahrefs.com/robot/)"
51.222.253.11 - - [12/Jun/2025:10:06:53 -0400] "GET /ss126588168.shtm HTTP/1.1" 301 0 "-" "Mozilla/5.0 (compatible; AhrefsBot/7.0; +http://ahrefs.com/robot/)"
162.0.232.193 - - [12/Jun/2025:10:07:05 -0400] "POST /wp-cron.php?doing_wp_cron=1749737225.3547389507293701171875 HTTP/1.1" 200 0 "-" "WordPress/6.8.1; https://wotaku-manga.com"
51.222.253.16 - - [12/Jun/2025:10:07:01 -0400] "GET /ss2014914478.shtm HTTP/1.1" 301 0 "-" "Mozilla/5.0 (compatible; AhrefsBot/7.0; +http://ahrefs.com/robot/)"
51.222.253.14 - - [12/Jun/2025:10:07:10 -0400] "GET /stc413237762.shtm HTTP/1.1" 301 0 "-" "Mozilla/5.0 (compatible; AhrefsBot/7.0; +http://ahrefs.com/robot/)"
66.249.66.164 - - [12/Jun/2025:10:07:15 -0400] "GET /rdb74397883.shtm HTTP/1.1" 200 82066 "-" "Mozilla/5.0 (Linux; Android 6.0.1; Nexus 5X Build/MMB29P) AppleWebKit/537.36 (KHTML, like Gecko) Chrome/136.0.7103.113 Mobile Safari/537.36 (compatible; Googlebot/2.1; +http://www.google.com/bot.html)"
162.0.232.193 - - [12/Jun/2025:10:07:23 -0400] "POST /wp-cron.php?doing_wp_cron=1749737243.5580649375915527343750 HTTP/1.1" 200 0 "-" "WordPress/6.8.1; https://wotaku-manga.com"
51.222.253.18 - - [12/Jun/2025:10:07:21 -0400] "GET /svm153325678.shtm HTTP/1.1" 301 0 "-" "Mozilla/5.0 (compatible; AhrefsBot/7.0; +http://ahrefs.com/robot/)"
51.222.253.19 - - [12/Jun/2025:10:07:27 -0400] "GET /sw1091847740.shtm HTTP/1.1" 301 0 "-" "Mozilla/5.0 (compatible; AhrefsBot/7.0; +http://ahrefs.com/robot/)"
162.0.232.193 - - [12/Jun/2025:10:07:49 -0400] "POST /wp-cron.php?doing_wp_cron=1749737268.9464640617370605468750 HTTP/1.1" 200 0 "-" "WordPress/6.8.1; https://wotaku-manga.com"
51.222.253.6 - - [12/Jun/2025:10:07:47 -0400] "GET /sw1150779236.shtm HTTP/1.1" 301 0 "-" "Mozilla/5.0 (compatible; AhrefsBot/7.0; +http://ahrefs.com/robot/)"
2a03:2880:f800:16:: - - [12/Jun/2025:10:07:48 -0400] "GET /shopdetail/339647935 HTTP/1.1" 301 0 "-" "meta-externalagent/1.1 (+https://developers.facebook.com/docs/sharing/webmasters/crawler)"
51.222.253.16 - - [12/Jun/2025:10:07:53 -0400] "GET /sw2027288428.shtm HTTP/1.1" 301 0 "-" "Mozilla/5.0 (compatible; AhrefsBot/7.0; +http://ahrefs.com/robot/)"
216.73.216.49 - - [12/Jun/2025:10:07:55 -0400] "GET /sitemap-child-1904.xml HTTP/1.1" 200 11115 "-" "Mozilla/5.0 AppleWebKit/537.36 (KHTML, like Gecko; compatible; ClaudeBot/1.0; [email protected])"
162.0.232.193 - - [12/Jun/2025:10:08:07 -0400] "POST /wp-cron.php?doing_wp_cron=1749737287.2465839385986328125000 HTTP/1.1" 200 0 "-" "WordPress/6.8.1; https://wotaku-manga.com"
51.222.253.14 - - [12/Jun/2025:10:08:05 -0400] "GET /sw881819844.shtm HTTP/1.1" 301 0 "-" "Mozilla/5.0 (compatible; AhrefsBot/7.0; +http://ahrefs.com/robot/)"
51.222.253.17 - - [12/Jun/2025:10:08:13 -0400] "GET /sw967664798.shtm HTTP/1.1" 301 0 "-" "Mozilla/5.0 (compatible; AhrefsBot/7.0; +http://ahrefs.com/robot/)"
162.0.232.193 - - [12/Jun/2025:10:08:26 -0400] "POST /wp-cron.php?doing_wp_cron=1749737305.8777499198913574218750 HTTP/1.1" 200 0 "-" "WordPress/6.8.1; https://wotaku-manga.com"
51.222.253.17 - - [12/Jun/2025:10:08:23 -0400] "GET /sy362597064.shtm HTTP/1.1" 301 0 "-" "Mozilla/5.0 (compatible; AhrefsBot/7.0; +http://ahrefs.com/robot/)"
51.222.253.18 - - [12/Jun/2025:10:08:30 -0400] "GET /sza103230634.shtm HTTP/1.1" 301 0 "-" "Mozilla/5.0 (compatible; AhrefsBot/7.0; +http://ahrefs.com/robot/)"
40.77.167.26 - - [12/Jun/2025:10:08:32 -0400] "GET /manga/wotaku-ni-koi-wa-muzukashii-chapter-38-5/ HTTP/1.1" 200 81964 "-" "Mozilla/5.0 AppleWebKit/537.36 (KHTML, like Gecko; compatible; bingbot/2.0; +http://www.bing.com/bingbot.htm) Chrome/116.0.1938.76 Safari/537.36"
51.222.253.4 - - [12/Jun/2025:10:08:36 -0400] "GET /sza885357590.shtm HTTP/1.1" 301 0 "-" "Mozilla/5.0 (compatible; AhrefsBot/7.0; +http://ahrefs.com/robot/)"
162.0.232.193 - - [12/Jun/2025:10:08:47 -0400] "POST /wp-cron.php?doing_wp_cron=1749737327.5681860446929931640625 HTTP/1.1" 200 0 "-" "WordPress/6.8.1; https://wotaku-manga.com"
51.222.253.9 - - [12/Jun/2025:10:08:45 -0400] "GET /t/1011794451.shtm HTTP/1.1" 301 0 "-" "Mozilla/5.0 (compatible; AhrefsBot/7.0; +http://ahrefs.com/robot/)"
216.73.216.49 - - [12/Jun/2025:10:08:49 -0400] "GET /sitemap-child-1630.xml HTTP/1.1" 200 11359 "-" "Mozilla/5.0 AppleWebKit/537.36 (KHTML, like Gecko; compatible; ClaudeBot/1.0; [email protected])"
51.222.253.14 - - [12/Jun/2025:10:08:51 -0400] "GET /t/1313827489.shtm HTTP/1.1" 301 0 "-" "Mozilla/5.0 (compatible; AhrefsBot/7.0; +http://ahrefs.com/robot/)"
162.0.232.193 - - [12/Jun/2025:10:09:01 -0400] "POST /wp-cron.php?doing_wp_cron=1749737341.2437629699707031250000 HTTP/1.1" 200 0 "-" "WordPress/6.8.1; https://wotaku-manga.com"
51.222.253.8 - - [12/Jun/2025:10:09:00 -0400] "GET /t/1329140213.shtm HTTP/1.1" 301 0 "-" "Mozilla/5.0 (compatible; AhrefsBot/7.0; +http://ahrefs.com/robot/)"
162.0.232.193 - - [12/Jun/2025:10:09:19 -0400] "POST /wp-cron.php?doing_wp_cron=1749737359.2699298858642578125000 HTTP/1.1" 200 0 "-" "WordPress/6.8.1; https://wotaku-manga.com"
51.222.253.5 - - [12/Jun/2025:10:09:17 -0400] "GET /t/1740112413.shtm HTTP/1.1" 301 0 "-" "Mozilla/5.0 (compatible; AhrefsBot/7.0; +http://ahrefs.com/robot/)"
51.222.253.14 - - [12/Jun/2025:10:09:24 -0400] "GET /t/1812316129.shtm HTTP/1.1" 301 0 "-" "Mozilla/5.0 (compatible; AhrefsBot/7.0; +http://ahrefs.com/robot/)"
51.222.253.2 - - [12/Jun/2025:10:09:32 -0400] "GET /t/1856496069.shtm HTTP/1.1" 301 0 "-" "Mozilla/5.0 (compatible; AhrefsBot/7.0; +http://ahrefs.com/robot/)"
51.222.253.10 - - [12/Jun/2025:10:09:37 -0400] "GET /t/1985590153.shtm HTTP/1.1" 301 0 "-" "Mozilla/5.0 (compatible; AhrefsBot/7.0; +http://ahrefs.com/robot/)"
216.73.216.49 - - [12/Jun/2025:10:09:39 -0400] "GET /sitemap-child-2304.xml HTTP/1.1" 200 11437 "-" "Mozilla/5.0 AppleWebKit/537.36 (KHTML, like Gecko; compatible; ClaudeBot/1.0; [email protected])"
2a03:2880:f800:6:: - - [12/Jun/2025:10:09:41 -0400] "GET /shopdetail/172609135 HTTP/1.1" 301 0 "-" "meta-externalagent/1.1 (+https://developers.facebook.com/docs/sharing/webmasters/crawler)"
2a03:2880:f800:7:: - - [12/Jun/2025:10:09:44 -0400] "GET / HTTP/1.1" 200 37331 "-" "meta-externalagent/1.1 (+https://developers.facebook.com/docs/sharing/webmasters/crawler)"
162.0.232.193 - - [12/Jun/2025:10:09:47 -0400] "POST /wp-cron.php?doing_wp_cron=1749737387.2528169155120849609375 HTTP/1.1" 200 0 "-" "WordPress/6.8.1; https://wotaku-manga.com"
51.222.253.14 - - [12/Jun/2025:10:09:45 -0400] "GET /t/2004705933.shtm HTTP/1.1" 301 0 "-" "Mozilla/5.0 (compatible; AhrefsBot/7.0; +http://ahrefs.com/robot/)"
51.222.253.9 - - [12/Jun/2025:10:09:53 -0400] "GET /t/2018646781.shtm HTTP/1.1" 301 0 "-" "Mozilla/5.0 (compatible; AhrefsBot/7.0; +http://ahrefs.com/robot/)"
162.0.232.193 - - [12/Jun/2025:10:10:03 -0400] "POST /wp-cron.php?doing_wp_cron=1749737403.0576539039611816406250 HTTP/1.1" 200 0 "-" "WordPress/6.8.1; https://wotaku-manga.com"
2a03:2880:f800:13:: - - [12/Jun/2025:10:10:00 -0400] "GET /shopdetail/210009335 HTTP/1.1" 301 0 "-" "meta-externalagent/1.1 (+https://developers.facebook.com/docs/sharing/webmasters/crawler)"
2a03:2880:f800:e:: - - [12/Jun/2025:10:10:07 -0400] "GET / HTTP/1.1" 200 37331 "-" "meta-externalagent/1.1 (+https://developers.facebook.com/docs/sharing/webmasters/crawler)"
51.222.253.18 - - [12/Jun/2025:10:10:04 -0400] "GET /t/2018681721.shtm HTTP/1.1" 301 0 "-" "Mozilla/5.0 (compatible; AhrefsBot/7.0; +http://ahrefs.com/robot/)"
51.222.253.6 - - [12/Jun/2025:10:10:08 -0400] "GET /t/37013365.shtm HTTP/1.1" 301 0 "-" "Mozilla/5.0 (compatible; AhrefsBot/7.0; +http://ahrefs.com/robot/)"
51.222.253.4 - - [12/Jun/2025:10:10:14 -0400] "GET /t/464213833.shtm HTTP/1.1" 301 0 "-" "Mozilla/5.0 (compatible; AhrefsBot/7.0; +http://ahrefs.com/robot/)"
66.249.66.73 - - [12/Jun/2025:10:10:17 -0400] "GET /ft63986721.shtm HTTP/1.1" 200 81052 "-" "Mozilla/5.0 (Linux; Android 6.0.1; Nexus 5X Build/MMB29P) AppleWebKit/537.36 (KHTML, like Gecko) Chrome/136.0.7103.113 Mobile Safari/537.36 (compatible; Googlebot/2.1; +http://www.google.com/bot.html)"
162.0.232.193 - - [12/Jun/2025:10:10:27 -0400] "POST /wp-cron.php?doing_wp_cron=1749737427.2556600570678710937500 HTTP/1.1" 200 0 "-" "WordPress/6.8.1; https://wotaku-manga.com"
51.222.253.16 - - [12/Jun/2025:10:10:24 -0400] "GET /t/573469455.shtm HTTP/1.1" 301 0 "-" "Mozilla/5.0 (compatible; AhrefsBot/7.0; +http://ahrefs.com/robot/)"
2a03:2880:f800:11:: - - [12/Jun/2025:10:10:26 -0400] "GET /shopdetail/45111535 HTTP/1.1" 301 0 "-" "meta-externalagent/1.1 (+https://developers.facebook.com/docs/sharing/webmasters/crawler)"
2a03:2880:f800:19:: - - [12/Jun/2025:10:10:31 -0400] "GET / HTTP/1.1" 200 37331 "-" "meta-externalagent/1.1 (+https://developers.facebook.com/docs/sharing/webmasters/crawler)"
51.222.253.1 - - [12/Jun/2025:10:10:30 -0400] "GET /t/622543063.shtm HTTP/1.1" 301 0 "-" "Mozilla/5.0 (compatible; AhrefsBot/7.0; +http://ahrefs.com/robot/)"
216.73.216.49 - - [12/Jun/2025:10:10:36 -0400] "GET /sitemap-child-1149.xml HTTP/1.1" 200 11320 "-" "Mozilla/5.0 AppleWebKit/537.36 (KHTML, like Gecko; compatible; ClaudeBot/1.0; [email protected])"
216.73.216.49 - - [12/Jun/2025:10:10:36 -0400] "GET /sitemap-child-442.xml HTTP/1.1" 200 11320 "-" "Mozilla/5.0 AppleWebKit/537.36 (KHTML, like Gecko; compatible; ClaudeBot/1.0; [email protected])"
162.0.232.193 - - [12/Jun/2025:10:10:48 -0400] "POST /wp-cron.php?doing_wp_cron=1749737447.8529338836669921875000 HTTP/1.1" 200 0 "-" "WordPress/6.8.1; https://wotaku-manga.com"
2a03:2880:f800:9:: - - [12/Jun/2025:10:10:45 -0400] "GET /shopdetail/111504635 HTTP/1.1" 301 0 "-" "meta-externalagent/1.1 (+https://developers.facebook.com/docs/sharing/webmasters/crawler)"
51.222.253.8 - - [12/Jun/2025:10:10:54 -0400] "GET /t/839259655.shtm HTTP/1.1" 301 0 "-" "Mozilla/5.0 (compatible; AhrefsBot/7.0; +http://ahrefs.com/robot/)"
2a03:2880:f800:16:: - - [12/Jun/2025:10:11:00 -0400] "GET /manga/wotakoi-love-is-hard-for-otaku-chapter-84/ HTTP/1.1" 200 45388 "-" "meta-externalagent/1.1 (+https://developers.facebook.com/docs/sharing/webmasters/crawler)"
162.0.232.193 - - [12/Jun/2025:10:11:05 -0400] "POST /wp-cron.php?doing_wp_cron=1749737464.9607820510864257812500 HTTP/1.1" 200 0 "-" "WordPress/6.8.1; https://wotaku-manga.com"
51.222.253.5 - - [12/Jun/2025:10:11:02 -0400] "GET /t/847920095.shtm HTTP/1.1" 301 0 "-" "Mozilla/5.0 (compatible; AhrefsBot/7.0; +http://ahrefs.com/robot/)"
51.222.253.19 - - [12/Jun/2025:10:11:12 -0400] "GET /t/922023291.shtm HTTP/1.1" 301 0 "-" "Mozilla/5.0 (compatible; AhrefsBot/7.0; +http://ahrefs.com/robot/)"
162.0.232.193 - - [12/Jun/2025:10:11:24 -0400] "POST /wp-cron.php?doing_wp_cron=1749737484.0554668903350830078125 HTTP/1.1" 200 0 "-" "WordPress/6.8.1; https://wotaku-manga.com"
51.222.253.14 - - [12/Jun/2025:10:11:22 -0400] "GET /t/933113839.shtm HTTP/1.1" 301 0 "-" "Mozilla/5.0 (compatible; AhrefsBot/7.0; +http://ahrefs.com/robot/)"
162.214.205.31 - - [12/Jun/2025:10:11:32 -0400] "POST /xmlrpc.php HTTP/1.1" 200 205 "-" "Mozilla/5.0 (X11; Ubuntu; Linux x86_64; rv:85.0) Gecko/20100101 Firefox/91.0"
51.222.253.12 - - [12/Jun/2025:10:11:32 -0400] "GET /t/941156665.shtm HTTP/1.1" 301 0 "-" "Mozilla/5.0 (compatible; AhrefsBot/7.0; +http://ahrefs.com/robot/)"
2a03:2880:f800:1d:: - - [12/Jun/2025:10:11:42 -0400] "GET /shopdetail/311165135 HTTP/1.1" 301 0 "-" "meta-externalagent/1.1 (+https://developers.facebook.com/docs/sharing/webmasters/crawler)"
51.222.253.16 - - [12/Jun/2025:10:11:42 -0400] "GET /t/983032023.shtm HTTP/1.1" 301 0 "-" "Mozilla/5.0 (compatible; AhrefsBot/7.0; +http://ahrefs.com/robot/)"
2a03:2880:f800:10:: - - [12/Jun/2025:10:11:46 -0400] "GET / HTTP/1.1" 200 37331 "-" "meta-externalagent/1.1 (+https://developers.facebook.com/docs/sharing/webmasters/crawler)"
162.0.232.193 - - [12/Jun/2025:10:12:00 -0400] "POST /wp-cron.php?doing_wp_cron=1749737520.0467860698699951171875 HTTP/1.1" 200 0 "-" "WordPress/6.8.1; https://wotaku-manga.com"
51.222.253.4 - - [12/Jun/2025:10:11:57 -0400] "GET /t/986429969.shtm HTTP/1.1" 301 0 "-" "Mozilla/5.0 (compatible; AhrefsBot/7.0; +http://ahrefs.com/robot/)"
51.222.253.9 - - [12/Jun/2025:10:12:03 -0400] "GET /t1067697443.shtm HTTP/1.1" 301 0 "-" "Mozilla/5.0 (compatible; AhrefsBot/7.0; +http://ahrefs.com/robot/)"
51.222.253.8 - - [12/Jun/2025:10:12:16 -0400] "GET /t1087658055.shtm HTTP/1.1" 301 0 "-" "Mozilla/5.0 (compatible; AhrefsBot/7.0; +http://ahrefs.com/robot/)"
66.249.66.72 - - [12/Jun/2025:10:12:18 -0400] "GET /manga/wotaku-ni-koi-wa-muzukashii-chapter-29/ HTTP/1.1" 200 81449 "-" "Mozilla/5.0 (Linux; Android 6.0.1; Nexus 5X Build/MMB29P) AppleWebKit/537.36 (KHTML, like Gecko) Chrome/136.0.7103.113 Mobile Safari/537.36 (compatible; Googlebot/2.1; +http://www.google.com/bot.html)"
162.0.232.193 - - [12/Jun/2025:10:12:26 -0400] "POST /wp-cron.php?doing_wp_cron=1749737546.6508829593658447265625 HTTP/1.1" 200 0 "-" "WordPress/6.8.1; https://wotaku-manga.com"
51.222.253.20 - - [12/Jun/2025:10:12:24 -0400] "GET /t1174190831.shtm HTTP/1.1" 301 0 "-" "Mozilla/5.0 (compatible; AhrefsBot/7.0; +http://ahrefs.com/robot/)"
2a03:2880:f800:3:: - - [12/Jun/2025:10:12:25 -0400] "GET /shopdetail/394407135 HTTP/1.1" 301 0 "-" "meta-externalagent/1.1 (+https://developers.facebook.com/docs/sharing/webmasters/crawler)"
2a03:2880:f800:18:: - - [12/Jun/2025:10:12:30 -0400] "GET / HTTP/1.1" 200 37331 "-" "meta-externalagent/1.1 (+https://developers.facebook.com/docs/sharing/webmasters/crawler)"
51.222.253.5 - - [12/Jun/2025:10:12:36 -0400] "GET /t121308255.shtm HTTP/1.1" 301 0 "-" "Mozilla/5.0 (compatible; AhrefsBot/7.0; +http://ahrefs.com/robot/)"
216.73.216.49 - - [12/Jun/2025:10:12:45 -0400] "GET /sitemap-child-1442.xml HTTP/1.1" 200 11276 "-" "Mozilla/5.0 AppleWebKit/537.36 (KHTML, like Gecko; compatible; ClaudeBot/1.0; [email protected])"
162.0.232.193 - - [12/Jun/2025:10:12:48 -0400] "POST /wp-cron.php?doing_wp_cron=1749737568.7016589641571044921875 HTTP/1.1" 200 0 "-" "WordPress/6.8.1; https://wotaku-manga.com"
51.222.253.15 - - [12/Jun/2025:10:12:44 -0400] "GET /t1230340883.shtm HTTP/1.1" 301 0 "-" "Mozilla/5.0 (compatible; AhrefsBot/7.0; +http://ahrefs.com/robot/)"
2a03:2880:f800:1c:: - - [12/Jun/2025:10:12:45 -0400] "GET /shopdetail/168753335 HTTP/1.1" 301 0 "-" "meta-externalagent/1.1 (+https://developers.facebook.com/docs/sharing/webmasters/crawler)"
2a03:2880:f800:f:: - - [12/Jun/2025:10:12:54 -0400] "GET / HTTP/1.1" 200 37331 "-" "meta-externalagent/1.1 (+https://developers.facebook.com/docs/sharing/webmasters/crawler)"
51.222.253.10 - - [12/Jun/2025:10:13:01 -0400] "GET /t1295010639.shtm HTTP/1.1" 301 0 "-" "Mozilla/5.0 (compatible; AhrefsBot/7.0; +http://ahrefs.com/robot/)"
162.0.232.193 - - [12/Jun/2025:10:13:07 -0400] "POST /wp-cron.php?doing_wp_cron=1749737583.3428859710693359375000 HTTP/1.1" 200 0 "-" "WordPress/6.8.1; https://wotaku-manga.com"
51.222.253.15 - - [12/Jun/2025:10:13:08 -0400] "GET /t140425043.shtm HTTP/1.1" 301 0 "-" "Mozilla/5.0 (compatible; AhrefsBot/7.0; +http://ahrefs.com/robot/)"
2a03:2880:f800:19:: - - [12/Jun/2025:10:13:09 -0400] "GET /shopdetail/219431935 HTTP/1.1" 301 0 "-" "meta-externalagent/1.1 (+https://developers.facebook.com/docs/sharing/webmasters/crawler)"
2a03:2880:f800:e:: - - [12/Jun/2025:10:13:16 -0400] "GET / HTTP/1.1" 200 37331 "-" "meta-externalagent/1.1 (+https://developers.facebook.com/docs/sharing/webmasters/crawler)"
51.222.253.11 - - [12/Jun/2025:10:13:15 -0400] "GET /t1564990363.shtm HTTP/1.1" 301 0 "-" "Mozilla/5.0 (compatible; AhrefsBot/7.0; +http://ahrefs.com/robot/)"
66.249.66.161 - - [12/Jun/2025:10:13:21 -0400] "GET /kc74341360.shtm HTTP/1.1" 200 81507 "-" "Mozilla/5.0 (Linux; Android 6.0.1; Nexus 5X Build/MMB29P) AppleWebKit/537.36 (KHTML, like Gecko) Chrome/136.0.7103.113 Mobile Safari/537.36 (compatible; Googlebot/2.1; +http://www.google.com/bot.html)"
51.222.253.19 - - [12/Jun/2025:10:13:23 -0400] "GET /t1694945929.shtm HTTP/1.1" 301 0 "-" "Mozilla/5.0 (compatible; AhrefsBot/7.0; +http://ahrefs.com/robot/)"
51.222.253.15 - - [12/Jun/2025:10:13:29 -0400] "GET /t1786598591.shtm HTTP/1.1" 301 0 "-" "Mozilla/5.0 (compatible; AhrefsBot/7.0; +http://ahrefs.com/robot/)"
216.73.216.49 - - [12/Jun/2025:10:13:38 -0400] "GET /sitemap-child-961.xml HTTP/1.1" 200 11310 "-" "Mozilla/5.0 AppleWebKit/537.36 (KHTML, like Gecko; compatible; ClaudeBot/1.0; [email protected])"
216.73.216.49 - - [12/Jun/2025:10:13:38 -0400] "GET /sitemap-child-2283.xml HTTP/1.1" 200 11310 "-" "Mozilla/5.0 AppleWebKit/537.36 (KHTML, like Gecko; compatible; ClaudeBot/1.0; [email protected])"
216.73.216.49 - - [12/Jun/2025:10:13:38 -0400] "GET /sitemap-child-1920.xml HTTP/1.1" 200 11310 "-" "Mozilla/5.0 AppleWebKit/537.36 (KHTML, like Gecko; compatible; ClaudeBot/1.0; [email protected])"
51.222.253.20 - - [12/Jun/2025:10:13:40 -0400] "GET /t1969183809.shtm HTTP/1.1" 301 0 "-" "Mozilla/5.0 (compatible; AhrefsBot/7.0; +http://ahrefs.com/robot/)"
51.222.253.11 - - [12/Jun/2025:10:13:45 -0400] "GET /t2012115351.shtm HTTP/1.1" 301 0 "-" "Mozilla/5.0 (compatible; AhrefsBot/7.0; +http://ahrefs.com/robot/)"
52.167.144.236 - - [12/Jun/2025:10:13:51 -0400] "GET /manga/wotaku-ni-koi-wa-muzukashii-chapter-58/ HTTP/1.1" 200 82029 "-" "Mozilla/5.0 AppleWebKit/537.36 (KHTML, like Gecko; compatible; bingbot/2.0; +http://www.bing.com/bingbot.htm) Chrome/116.0.1938.76 Safari/537.36"
51.222.253.16 - - [12/Jun/2025:10:13:58 -0400] "GET /t2018664383.shtm HTTP/1.1" 301 0 "-" "Mozilla/5.0 (compatible; AhrefsBot/7.0; +http://ahrefs.com/robot/)"
162.0.232.193 - - [12/Jun/2025:10:14:08 -0400] "POST /wp-cron.php?doing_wp_cron=1749737647.8434009552001953125000 HTTP/1.1" 200 0 "-" "WordPress/6.8.1; https://wotaku-manga.com"
51.222.253.17 - - [12/Jun/2025:10:14:07 -0400] "GET /t2018734727.shtm HTTP/1.1" 301 0 "-" "Mozilla/5.0 (compatible; AhrefsBot/7.0; +http://ahrefs.com/robot/)"
66.249.66.9 - - [12/Jun/2025:10:14:08 -0400] "GET /manga/wotakoi-love-is-hard-for-otaku-chapter-4/Amazon.co.jp:%20karrimor%20SF%20Sabre%2045%20+%20PLCE%20side%20pockets%20(pair HTTP/1.1" 200 82167 "-" "Googlebot-Image/1.0"
2a03:2880:f800:: - - [12/Jun/2025:10:14:09 -0400] "GET /shopdetail/270692635 HTTP/1.1" 301 0 "-" "meta-externalagent/1.1 (+https://developers.facebook.com/docs/sharing/webmasters/crawler)"
2a03:2880:f800:c:: - - [12/Jun/2025:10:14:11 -0400] "GET / HTTP/1.1" 200 37331 "-" "meta-externalagent/1.1 (+https://developers.facebook.com/docs/sharing/webmasters/crawler)"
51.222.253.2 - - [12/Jun/2025:10:14:17 -0400] "GET /t247427601.shtm HTTP/1.1" 301 0 "-" "Mozilla/5.0 (compatible; AhrefsBot/7.0; +http://ahrefs.com/robot/)"
162.0.232.193 - - [12/Jun/2025:10:14:21 -0400] "POST /wp-cron.php?doing_wp_cron=1749737661.4513969421386718750000 HTTP/1.1" 200 0 "-" "WordPress/6.8.1; https://wotaku-manga.com"
2a03:2880:f800:1d:: - - [12/Jun/2025:10:14:20 -0400] "GET /shopdetail/72577135 HTTP/1.1" 301 0 "-" "meta-externalagent/1.1 (+https://developers.facebook.com/docs/sharing/webmasters/crawler)"
66.249.66.34 - - [12/Jun/2025:10:14:22 -0400] "GET /tf/40076041.shtm HTTP/1.1" 200 81556 "-" "Mozilla/5.0 (Linux; Android 6.0.1; Nexus 5X Build/MMB29P) AppleWebKit/537.36 (KHTML, like Gecko) Chrome/136.0.7103.113 Mobile Safari/537.36 (compatible; Googlebot/2.1; +http://www.google.com/bot.html)"
2a03:2880:f800:9:: - - [12/Jun/2025:10:14:23 -0400] "GET / HTTP/1.1" 200 37331 "-" "meta-externalagent/1.1 (+https://developers.facebook.com/docs/sharing/webmasters/crawler)"
51.222.253.18 - - [12/Jun/2025:10:14:29 -0400] "GET /t319013919.shtm HTTP/1.1" 301 0 "-" "Mozilla/5.0 (compatible; AhrefsBot/7.0; +http://ahrefs.com/robot/)"
51.222.253.7 - - [12/Jun/2025:10:14:37 -0400] "GET /t326829463.shtm HTTP/1.1" 301 0 "-" "Mozilla/5.0 (compatible; AhrefsBot/7.0; +http://ahrefs.com/robot/)"
162.0.232.193 - - [12/Jun/2025:10:14:47 -0400] "POST /wp-cron.php?doing_wp_cron=1749737687.0069849491119384765625 HTTP/1.1" 200 0 "-" "WordPress/6.8.1; https://wotaku-manga.com"
51.222.253.13 - - [12/Jun/2025:10:14:46 -0400] "GET /t47662831.shtm HTTP/1.1" 301 0 "-" "Mozilla/5.0 (compatible; AhrefsBot/7.0; +http://ahrefs.com/robot/)"
51.222.253.12 - - [12/Jun/2025:10:14:57 -0400] "GET /t492694197.shtm HTTP/1.1" 301 0 "-" "Mozilla/5.0 (compatible; AhrefsBot/7.0; +http://ahrefs.com/robot/)"
2607:fb90:a377:87b3:ecde:5907:2963:1a74 - - [12/Jun/2025:10:15:06 -0400] "GET / HTTP/1.1" 200 37976 "-" "Mozilla/5.0 (iPhone; CPU iPhone OS 18_5 like Mac OS X) AppleWebKit/605.1.15 (KHTML, like Gecko) Version/18.5 Mobile/15E148 Safari/604.1"
2402:3a80:10:4b85:0:44:ede9:1401 - - [12/Jun/2025:10:15:09 -0400] "GET /manga/wotakoi-love-is-hard-for-otaku-chapter-0/ HTTP/1.1" 304 0 "https://www.google.com/" "Mozilla/5.0 (Linux; Android 10; K) AppleWebKit/537.36 (KHTML, like Gecko) SamsungBrowser/28.0 Chrome/130.0.0.0 Mobile Safari/537.36"
162.0.232.193 - - [12/Jun/2025:10:15:13 -0400] "POST /wp-cron.php?doing_wp_cron=1749737713.5850789546966552734375 HTTP/1.1" 200 0 "-" "WordPress/6.8.1; https://wotaku-manga.com"
51.222.253.10 - - [12/Jun/2025:10:15:11 -0400] "GET /t535555059.shtm HTTP/1.1" 301 0 "-" "Mozilla/5.0 (compatible; AhrefsBot/7.0; +http://ahrefs.com/robot/)"
2402:3a80:10:4b85:0:44:ede9:1401 - - [12/Jun/2025:10:15:14 -0400] "GET /wotakoi-volume-list/ HTTP/1.1" 200 40597 "https://wotaku-manga.com/manga/wotakoi-love-is-hard-for-otaku-chapter-0/" "Mozilla/5.0 (Linux; Android 10; K) AppleWebKit/537.36 (KHTML, like Gecko) SamsungBrowser/28.0 Chrome/130.0.0.0 Mobile Safari/537.36"
162.0.232.193 - - [12/Jun/2025:10:15:19 -0400] "POST /wp-cron.php?doing_wp_cron=1749737719.0607459545135498046875 HTTP/1.1" 200 0 "-" "WordPress/6.8.1; https://wotaku-manga.com"
2402:3a80:10:4b85:0:44:ede9:1401 - - [12/Jun/2025:10:15:17 -0400] "GET /manga/wotaku-ni-koi-wa-muzukashii-chapter-0/ HTTP/1.1" 301 0 "https://wotaku-manga.com/manga/wotakoi-love-is-hard-for-otaku-chapter-0/" "Mozilla/5.0 (Linux; Android 10; K) AppleWebKit/537.36 (KHTML, like Gecko) SamsungBrowser/28.0 Chrome/130.0.0.0 Mobile Safari/537.36"
2402:3a80:10:4b85:0:44:ede9:1401 - - [12/Jun/2025:10:15:20 -0400] "GET / HTTP/1.1" 304 0 "https://wotaku-manga.com/manga/wotakoi-love-is-hard-for-otaku-chapter-0/" "Mozilla/5.0 (Linux; Android 10; K) AppleWebKit/537.36 (KHTML, like Gecko) SamsungBrowser/28.0 Chrome/130.0.0.0 Mobile Safari/537.36"
2402:3a80:10:4b85:0:44:ede9:1401 - - [12/Jun/2025:10:15:23 -0400] "GET /manga/wotakoi-love-is-hard-for-otaku-chapter-0/ HTTP/1.1" 304 0 "https://wotaku-manga.com/" "Mozilla/5.0 (Linux; Android 10; K) AppleWebKit/537.36 (KHTML, like Gecko) SamsungBrowser/28.0 Chrome/130.0.0.0 Mobile Safari/537.36"
66.249.66.38 - - [12/Jun/2025:10:15:23 -0400] "GET /index.php?n/shopdetail/minow/23648353.shtm HTTP/1.1" 200 81519 "-" "Mozilla/5.0 (Linux; Android 6.0.1; Nexus 5X Build/MMB29P) AppleWebKit/537.36 (KHTML, like Gecko) Chrome/136.0.7103.113 Mobile Safari/537.36 (compatible; Googlebot/2.1; +http://www.google.com/bot.html)"
66.249.66.36 - - [12/Jun/2025:10:15:24 -0400] "GET /o63958632.shtm HTTP/1.1" 200 81546 "-" "Mozilla/5.0 (Linux; Android 6.0.1; Nexus 5X Build/MMB29P) AppleWebKit/537.36 (KHTML, like Gecko) Chrome/136.0.7103.113 Mobile Safari/537.36 (compatible; Googlebot/2.1; +http://www.google.com/bot.html)"
2402:3a80:10:4b85:0:44:ede9:1401 - - [12/Jun/2025:10:15:26 -0400] "GET /manga/wotakoi-love-is-hard-for-otaku-chapter-77/ HTTP/1.1" 200 42946 "https://wotaku-manga.com/" "Mozilla/5.0 (Linux; Android 10; K) AppleWebKit/537.36 (KHTML, like Gecko) SamsungBrowser/28.0 Chrome/130.0.0.0 Mobile Safari/537.36"
2402:3a80:10:4b85:0:44:ede9:1401 - - [12/Jun/2025:10:15:27 -0400] "GET /manga/wotakoi-love-is-hard-for-otaku-chapter-0/ HTTP/1.1" 304 0 "https://wotaku-manga.com/" "Mozilla/5.0 (Linux; Android 10; K) AppleWebKit/537.36 (KHTML, like Gecko) SamsungBrowser/28.0 Chrome/130.0.0.0 Mobile Safari/537.36"
2402:3a80:10:4b85:0:44:ede9:1401 - - [12/Jun/2025:10:15:27 -0400] "GET /manga/wotakoi-love-is-hard-for-otaku-chapter-69-5/ HTTP/1.1" 200 42107 "https://wotaku-manga.com/" "Mozilla/5.0 (Linux; Android 10; K) AppleWebKit/537.36 (KHTML, like Gecko) SamsungBrowser/28.0 Chrome/130.0.0.0 Mobile Safari/537.36"
2402:3a80:10:4b85:0:44:ede9:1401 - - [12/Jun/2025:10:15:28 -0400] "GET /manga/wotaku-ni-koi-wa-muzukashii-chapter-57/ HTTP/1.1" 200 42643 "https://wotaku-manga.com/" "Mozilla/5.0 (Linux; Android 10; K) AppleWebKit/537.36 (KHTML, like Gecko) SamsungBrowser/28.0 Chrome/130.0.0.0 Mobile Safari/537.36"
2402:3a80:10:4b85:0:44:ede9:1401 - - [12/Jun/2025:10:15:28 -0400] "GET /manga/wotaku-ni-koi-wa-muzukashii-chapter-43/ HTTP/1.1" 200 43026 "https://wotaku-manga.com/" "Mozilla/5.0 (Linux; Android 10; K) AppleWebKit/537.36 (KHTML, like Gecko) SamsungBrowser/28.0 Chrome/130.0.0.0 Mobile Safari/537.36"
