51.222.253.19 - - [12/Jun/2025:08:31:56 -0400] "GET /h1055508935.shtm HTTP/1.1" 301 0 "-" "Mozilla/5.0 (compatible; AhrefsBot/7.0; +http://ahrefs.com/robot/)"
162.0.232.193 - - [12/Jun/2025:08:31:59 -0400] "POST /wp-cron.php?doing_wp_cron=1749731519.1465139389038085937500 HTTP/1.1" 200 0 "-" "WordPress/6.8.1; https://wotaku-manga.com"
2603:8081:6700:18ee:cc1b:ae1d:f040:55c9 - - [12/Jun/2025:08:31:57 -0400] "POST /wp-admin/admin-ajax.php HTTP/1.1" 200 61 "https://wotaku-manga.com/manga/wotakoi-love-is-hard-for-otaku-chapter-87/" "Mozilla/5.0 (iPhone; CPU iPhone OS 12_4_4 like Mac OS X) AppleWebKit/605.1.15 (KHTML, like Gecko) Version/12.1.2 Mobile/15E148 Safari/604.1"
51.222.253.20 - - [12/Jun/2025:08:32:02 -0400] "GET /h1072793899.shtm HTTP/1.1" 301 0 "-" "Mozilla/5.0 (compatible; AhrefsBot/7.0; +http://ahrefs.com/robot/)"
51.222.253.14 - - [12/Jun/2025:08:32:08 -0400] "GET /h1153464889.shtm HTTP/1.1" 301 0 "-" "Mozilla/5.0 (compatible; AhrefsBot/7.0; +http://ahrefs.com/robot/)"
2a03:2880:f800:a:: - - [12/Jun/2025:08:32:11 -0400] "GET /shopdetail/412516635 HTTP/1.1" 301 0 "-" "meta-externalagent/1.1 (+https://developers.facebook.com/docs/sharing/webmasters/crawler)"
2a03:2880:f800:18:: - - [12/Jun/2025:08:32:15 -0400] "GET / HTTP/1.1" 200 37376 "-" "meta-externalagent/1.1 (+https://developers.facebook.com/docs/sharing/webmasters/crawler)"
51.222.253.15 - - [12/Jun/2025:08:32:14 -0400] "GET /h1332828189.shtm HTTP/1.1" 301 0 "-" "Mozilla/5.0 (compatible; AhrefsBot/7.0; +http://ahrefs.com/robot/)"
162.0.232.193 - - [12/Jun/2025:08:32:20 -0400] "POST /wp-cron.php?doing_wp_cron=1749731540.5601170063018798828125 HTTP/1.1" 200 0 "-" "WordPress/6.8.1; https://wotaku-manga.com"
51.222.253.5 - - [12/Jun/2025:08:32:19 -0400] "GET /h183207645.shtm HTTP/1.1" 301 0 "-" "Mozilla/5.0 (compatible; AhrefsBot/7.0; +http://ahrefs.com/robot/)"
51.222.253.10 - - [12/Jun/2025:08:32:23 -0400] "GET /h1836509475.shtm HTTP/1.1" 301 0 "-" "Mozilla/5.0 (compatible; AhrefsBot/7.0; +http://ahrefs.com/robot/)"
220.151.9.22 - - [12/Jun/2025:08:32:27 -0400] "GET / HTTP/1.1" 200 37331 "-" "curl/7.29.0"
2603:8081:6700:18ee:cc1b:ae1d:f040:55c9 - - [12/Jun/2025:08:32:27 -0400] "POST /wp-admin/admin-ajax.php HTTP/1.1" 200 61 "https://wotaku-manga.com/manga/wotakoi-love-is-hard-for-otaku-chapter-87/" "Mozilla/5.0 (iPhone; CPU iPhone OS 12_4_4 like Mac OS X) AppleWebKit/605.1.15 (KHTML, like Gecko) Version/12.1.2 Mobile/15E148 Safari/604.1"
51.222.253.13 - - [12/Jun/2025:08:32:28 -0400] "GET /h1912656759.shtm HTTP/1.1" 301 0 "-" "Mozilla/5.0 (compatible; AhrefsBot/7.0; +http://ahrefs.com/robot/)"
51.222.253.6 - - [12/Jun/2025:08:32:33 -0400] "GET /h2018761551.shtm HTTP/1.1" 301 0 "-" "Mozilla/5.0 (compatible; AhrefsBot/7.0; +http://ahrefs.com/robot/)"
2a03:2880:f800:1b:: - - [12/Jun/2025:08:32:37 -0400] "GET /shopdetail/92898335 HTTP/1.1" 301 0 "-" "meta-externalagent/1.1 (+https://developers.facebook.com/docs/sharing/webmasters/crawler)"
158.64.25.254 - - [12/Jun/2025:08:32:38 -0400] "GET /manga/wotakoi-love-is-hard-for-otaku-chapter-87/ HTTP/1.1" 200 40073 "-" "Mozilla/5.0 (Macintosh; Intel Mac OS X 10_15_7) AppleWebKit/605.1.15 (KHTML, like Gecko)"
2a03:2880:f800:17:: - - [12/Jun/2025:08:32:41 -0400] "GET /shopdetail/225290035 HTTP/1.1" 301 0 "-" "meta-externalagent/1.1 (+https://developers.facebook.com/docs/sharing/webmasters/crawler)"
162.0.232.193 - - [12/Jun/2025:08:32:45 -0400] "POST /wp-cron.php?doing_wp_cron=1749731565.5160388946533203125000 HTTP/1.1" 200 0 "-" "WordPress/6.8.1; https://wotaku-manga.com"
51.222.253.10 - - [12/Jun/2025:08:32:44 -0400] "GET /h20828931.shtm HTTP/1.1" 301 0 "-" "Mozilla/5.0 (compatible; AhrefsBot/7.0; +http://ahrefs.com/robot/)"
51.222.253.3 - - [12/Jun/2025:08:32:48 -0400] "GET /h217635941.shtm HTTP/1.1" 301 0 "-" "Mozilla/5.0 (compatible; AhrefsBot/7.0; +http://ahrefs.com/robot/)"
51.222.253.7 - - [12/Jun/2025:08:32:54 -0400] "GET /h362431009.shtm HTTP/1.1" 301 0 "-" "Mozilla/5.0 (compatible; AhrefsBot/7.0; +http://ahrefs.com/robot/)"
162.0.232.193 - - [12/Jun/2025:08:33:00 -0400] "POST /wp-cron.php?doing_wp_cron=1749731580.6069509983062744140625 HTTP/1.1" 200 0 "-" "WordPress/6.8.1; https://wotaku-manga.com"
51.222.253.10 - - [12/Jun/2025:08:32:59 -0400] "GET /h427365043.shtm HTTP/1.1" 301 0 "-" "Mozilla/5.0 (compatible; AhrefsBot/7.0; +http://ahrefs.com/robot/)"
51.222.253.18 - - [12/Jun/2025:08:33:06 -0400] "GET /h464346853.shtm HTTP/1.1" 301 0 "-" "Mozilla/5.0 (compatible; AhrefsBot/7.0; +http://ahrefs.com/robot/)"
2a03:2880:f800:19:: - - [12/Jun/2025:08:33:09 -0400] "GET /shopdetail/72456635 HTTP/1.1" 301 0 "-" "meta-externalagent/1.1 (+https://developers.facebook.com/docs/sharing/webmasters/crawler)"
2a03:2880:f800:e:: - - [12/Jun/2025:08:33:12 -0400] "GET /shopdetail/181585335 HTTP/1.1" 301 0 "-" "meta-externalagent/1.1 (+https://developers.facebook.com/docs/sharing/webmasters/crawler)"
216.73.216.49 - - [12/Jun/2025:08:33:12 -0400] "GET /sitemap-child-2178.xml HTTP/1.1" 200 11320 "-" "Mozilla/5.0 AppleWebKit/537.36 (KHTML, like Gecko; compatible; ClaudeBot/1.0; [email protected])"
51.222.253.4 - - [12/Jun/2025:08:33:12 -0400] "GET /h541777787.shtm HTTP/1.1" 301 0 "-" "Mozilla/5.0 (compatible; AhrefsBot/7.0; +http://ahrefs.com/robot/)"
51.222.253.2 - - [12/Jun/2025:08:33:17 -0400] "GET /h61436745.shtm HTTP/1.1" 301 0 "-" "Mozilla/5.0 (compatible; AhrefsBot/7.0; +http://ahrefs.com/robot/)"
162.0.232.193 - - [12/Jun/2025:08:33:23 -0400] "POST /wp-cron.php?doing_wp_cron=1749731603.5704860687255859375000 HTTP/1.1" 200 0 "-" "WordPress/6.8.1; https://wotaku-manga.com"
51.222.253.6 - - [12/Jun/2025:08:33:22 -0400] "GET /h668758559.shtm HTTP/1.1" 301 0 "-" "Mozilla/5.0 (compatible; AhrefsBot/7.0; +http://ahrefs.com/robot/)"
51.222.253.7 - - [12/Jun/2025:08:33:27 -0400] "GET /h668916009.shtm HTTP/1.1" 301 0 "-" "Mozilla/5.0 (compatible; AhrefsBot/7.0; +http://ahrefs.com/robot/)"
51.222.253.11 - - [12/Jun/2025:08:33:35 -0400] "GET /h861641331.shtm HTTP/1.1" 301 0 "-" "Mozilla/5.0 (compatible; AhrefsBot/7.0; +http://ahrefs.com/robot/)"
51.222.253.6 - - [12/Jun/2025:08:33:41 -0400] "GET /h883431847.shtm HTTP/1.1" 301 0 "-" "Mozilla/5.0 (compatible; AhrefsBot/7.0; +http://ahrefs.com/robot/)"
162.0.232.193 - - [12/Jun/2025:08:33:48 -0400] "POST /wp-cron.php?doing_wp_cron=1749731628.4481010437011718750000 HTTP/1.1" 200 0 "-" "WordPress/6.8.1; https://wotaku-manga.com"
51.222.253.12 - - [12/Jun/2025:08:33:47 -0400] "GET /hb/174371497.shtm HTTP/1.1" 301 0 "-" "Mozilla/5.0 (compatible; AhrefsBot/7.0; +http://ahrefs.com/robot/)"
51.222.253.9 - - [12/Jun/2025:08:33:53 -0400] "GET /hb/684072611.shtm HTTP/1.1" 301 0 "-" "Mozilla/5.0 (compatible; AhrefsBot/7.0; +http://ahrefs.com/robot/)"
162.0.232.193 - - [12/Jun/2025:08:33:58 -0400] "POST /wp-cron.php?doing_wp_cron=1749731638.7656250000000000000000 HTTP/1.1" 200 0 "-" "WordPress/6.8.1; https://wotaku-manga.com"
51.222.253.9 - - [12/Jun/2025:08:33:58 -0400] "GET /hb1149011527.shtm HTTP/1.1" 301 0 "-" "Mozilla/5.0 (compatible; AhrefsBot/7.0; +http://ahrefs.com/robot/)"
51.222.253.13 - - [12/Jun/2025:08:34:02 -0400] "GET /hb1677670307.shtm HTTP/1.1" 301 0 "-" "Mozilla/5.0 (compatible; AhrefsBot/7.0; +http://ahrefs.com/robot/)"
216.73.216.49 - - [12/Jun/2025:08:34:09 -0400] "GET /sitemap-child-684.xml HTTP/1.1" 200 11333 "-" "Mozilla/5.0 AppleWebKit/537.36 (KHTML, like Gecko; compatible; ClaudeBot/1.0; [email protected])"
51.222.253.1 - - [12/Jun/2025:08:34:10 -0400] "GET /hb189280079.shtm HTTP/1.1" 301 0 "-" "Mozilla/5.0 (compatible; AhrefsBot/7.0; +http://ahrefs.com/robot/)"
66.249.66.78 - - [12/Jun/2025:08:34:14 -0400] "GET /manga/wotakoi-love-is-hard-for-otaku-chapter-64/ HTTP/1.1" 200 81482 "-" "Mozilla/5.0 (Linux; Android 6.0.1; Nexus 5X Build/MMB29P) AppleWebKit/537.36 (KHTML, like Gecko) Chrome/136.0.7103.113 Mobile Safari/537.36 (compatible; Googlebot/2.1; +http://www.google.com/bot.html)"
51.222.253.9 - - [12/Jun/2025:08:34:15 -0400] "GET /hb1911407265.shtm HTTP/1.1" 301 0 "-" "Mozilla/5.0 (compatible; AhrefsBot/7.0; +http://ahrefs.com/robot/)"
162.0.232.193 - - [12/Jun/2025:08:34:22 -0400] "POST /wp-cron.php?doing_wp_cron=1749731662.0640690326690673828125 HTTP/1.1" 200 0 "-" "WordPress/6.8.1; https://wotaku-manga.com"
51.222.253.5 - - [12/Jun/2025:08:34:21 -0400] "GET /hb513614843.shtm HTTP/1.1" 301 0 "-" "Mozilla/5.0 (compatible; AhrefsBot/7.0; +http://ahrefs.com/robot/)"
51.222.253.9 - - [12/Jun/2025:08:34:30 -0400] "GET /hbb787132321.shtm HTTP/1.1" 301 0 "-" "Mozilla/5.0 (compatible; AhrefsBot/7.0; +http://ahrefs.com/robot/)"
51.222.253.17 - - [12/Jun/2025:08:34:37 -0400] "GET /hcj/97186735.shtm HTTP/1.1" 301 0 "-" "Mozilla/5.0 (compatible; AhrefsBot/7.0; +http://ahrefs.com/robot/)"
51.222.253.19 - - [12/Jun/2025:08:34:42 -0400] "GET /hcp/97010643.shtm HTTP/1.1" 301 0 "-" "Mozilla/5.0 (compatible; AhrefsBot/7.0; +http://ahrefs.com/robot/)"
162.0.232.193 - - [12/Jun/2025:08:34:49 -0400] "POST /wp-cron.php?doing_wp_cron=1749731689.5274000167846679687500 HTTP/1.1" 200 0 "-" "WordPress/6.8.1; https://wotaku-manga.com"
51.222.253.4 - - [12/Jun/2025:08:34:48 -0400] "GET /hf/812988571.shtm HTTP/1.1" 301 0 "-" "Mozilla/5.0 (compatible; AhrefsBot/7.0; +http://ahrefs.com/robot/)"
2a03:2880:f800:b:: - - [12/Jun/2025:08:34:54 -0400] "GET /shopdetail/173173735 HTTP/1.1" 301 0 "-" "meta-externalagent/1.1 (+https://developers.facebook.com/docs/sharing/webmasters/crawler)"
51.222.253.14 - - [12/Jun/2025:08:34:55 -0400] "GET /hf1022505177.shtm HTTP/1.1" 301 0 "-" "Mozilla/5.0 (compatible; AhrefsBot/7.0; +http://ahrefs.com/robot/)"
162.0.232.193 - - [12/Jun/2025:08:35:04 -0400] "POST /wp-cron.php?doing_wp_cron=1749731704.6670739650726318359375 HTTP/1.1" 200 0 "-" "WordPress/6.8.1; https://wotaku-manga.com"
51.222.253.19 - - [12/Jun/2025:08:35:03 -0400] "GET /hf1109740689.shtm HTTP/1.1" 301 0 "-" "Mozilla/5.0 (compatible; AhrefsBot/7.0; +http://ahrefs.com/robot/)"
51.222.253.5 - - [12/Jun/2025:08:35:12 -0400] "GET /hf1442348913.shtm HTTP/1.1" 301 0 "-" "Mozilla/5.0 (compatible; AhrefsBot/7.0; +http://ahrefs.com/robot/)"
15.204.43.173 - - [12/Jun/2025:08:35:17 -0400] "POST /wp-login.php HTTP/1.1" 200 2037 "https://wotaku-manga.com" "Mozilla/5.0 (Windows NT 10.0; Win64; x64) AppleWebKit/537.36 (KHTML, like Gecko) Chrome/114.0.5735.134 Safari/537.36"
162.0.232.193 - - [12/Jun/2025:08:35:19 -0400] "POST /wp-cron.php?doing_wp_cron=1749731719.4686319828033447265625 HTTP/1.1" 200 0 "-" "WordPress/6.8.1; https://wotaku-manga.com"
51.222.253.9 - - [12/Jun/2025:08:35:18 -0400] "GET /hf167700083.shtm HTTP/1.1" 301 0 "-" "Mozilla/5.0 (compatible; AhrefsBot/7.0; +http://ahrefs.com/robot/)"
51.222.253.4 - - [12/Jun/2025:08:35:24 -0400] "GET /hf1989278257.shtm HTTP/1.1" 301 0 "-" "Mozilla/5.0 (compatible; AhrefsBot/7.0; +http://ahrefs.com/robot/)"
2a03:2880:f800:1a:: - - [12/Jun/2025:08:35:32 -0400] "GET /shopdetail/102863935 HTTP/1.1" 301 0 "-" "meta-externalagent/1.1 (+https://developers.facebook.com/docs/sharing/webmasters/crawler)"
51.222.253.1 - - [12/Jun/2025:08:35:38 -0400] "GET /hf761873195.shtm HTTP/1.1" 301 0 "-" "Mozilla/5.0 (compatible; AhrefsBot/7.0; +http://ahrefs.com/robot/)"
51.222.253.5 - - [12/Jun/2025:08:35:43 -0400] "GET /hj/884207359.shtm HTTP/1.1" 301 0 "-" "Mozilla/5.0 (compatible; AhrefsBot/7.0; +http://ahrefs.com/robot/)"
162.0.232.193 - - [12/Jun/2025:08:35:52 -0400] "POST /wp-cron.php?doing_wp_cron=1749731751.9829940795898437500000 HTTP/1.1" 200 0 "-" "WordPress/6.8.1; https://wotaku-manga.com"
51.222.253.14 - - [12/Jun/2025:08:35:50 -0400] "GET /hj1332740171.shtm HTTP/1.1" 301 0 "-" "Mozilla/5.0 (compatible; AhrefsBot/7.0; +http://ahrefs.com/robot/)"
51.222.253.5 - - [12/Jun/2025:08:35:55 -0400] "GET /hj1748411401.shtm HTTP/1.1" 301 0 "-" "Mozilla/5.0 (compatible; AhrefsBot/7.0; +http://ahrefs.com/robot/)"
162.0.232.193 - - [12/Jun/2025:08:36:01 -0400] "POST /wp-cron.php?doing_wp_cron=1749731761.0233850479125976562500 HTTP/1.1" 200 0 "-" "WordPress/6.8.1; https://wotaku-manga.com"
51.222.253.19 - - [12/Jun/2025:08:36:00 -0400] "GET /hj217232375.shtm HTTP/1.1" 301 0 "-" "Mozilla/5.0 (compatible; AhrefsBot/7.0; +http://ahrefs.com/robot/)"
51.222.253.16 - - [12/Jun/2025:08:36:07 -0400] "GET /hj835537829.shtm HTTP/1.1" 301 0 "-" "Mozilla/5.0 (compatible; AhrefsBot/7.0; +http://ahrefs.com/robot/)"
51.222.253.6 - - [12/Jun/2025:08:36:11 -0400] "GET /hj883485677.shtm HTTP/1.1" 301 0 "-" "Mozilla/5.0 (compatible; AhrefsBot/7.0; +http://ahrefs.com/robot/)"
51.222.253.1 - - [12/Jun/2025:08:36:15 -0400] "GET /hjb140751365.shtm HTTP/1.1" 301 0 "-" "Mozilla/5.0 (compatible; AhrefsBot/7.0; +http://ahrefs.com/robot/)"
162.0.232.193 - - [12/Jun/2025:08:36:20 -0400] "POST /wp-cron.php?doing_wp_cron=1749731780.3067190647125244140625 HTTP/1.1" 200 0 "-" "WordPress/6.8.1; https://wotaku-manga.com"
51.222.253.2 - - [12/Jun/2025:08:36:19 -0400] "GET /hjb521975793.shtm HTTP/1.1" 301 0 "-" "Mozilla/5.0 (compatible; AhrefsBot/7.0; +http://ahrefs.com/robot/)"
51.222.253.5 - - [12/Jun/2025:08:36:28 -0400] "GET /hjb776746829.shtm HTTP/1.1" 301 0 "-" "Mozilla/5.0 (compatible; AhrefsBot/7.0; +http://ahrefs.com/robot/)"
51.222.253.18 - - [12/Jun/2025:08:36:32 -0400] "GET /hlr632479813.shtm HTTP/1.1" 301 0 "-" "Mozilla/5.0 (compatible; AhrefsBot/7.0; +http://ahrefs.com/robot/)"
51.222.253.9 - - [12/Jun/2025:08:36:37 -0400] "GET /hnv104683899.shtm HTTP/1.1" 301 0 "-" "Mozilla/5.0 (compatible; AhrefsBot/7.0; +http://ahrefs.com/robot/)"
162.0.232.193 - - [12/Jun/2025:08:36:45 -0400] "POST /wp-cron.php?doing_wp_cron=1749731805.0537838935852050781250 HTTP/1.1" 200 0 "-" "WordPress/6.8.1; https://wotaku-manga.com"
51.222.253.15 - - [12/Jun/2025:08:36:43 -0400] "GET /hp1671896787.shtm HTTP/1.1" 301 0 "-" "Mozilla/5.0 (compatible; AhrefsBot/7.0; +http://ahrefs.com/robot/)"
51.222.253.17 - - [12/Jun/2025:08:36:49 -0400] "GET /hr/294926571.shtm HTTP/1.1" 301 0 "-" "Mozilla/5.0 (compatible; AhrefsBot/7.0; +http://ahrefs.com/robot/)"
158.64.25.254 - - [12/Jun/2025:08:36:50 -0400] "GET /manga/wotakoi-love-is-hard-for-otaku-chapter-87/ HTTP/1.1" 200 40073 "-" "Mozilla/5.0 (Macintosh; Intel Mac OS X 10_15_7) AppleWebKit/605.1.15 (KHTML, like Gecko)"
51.222.253.15 - - [12/Jun/2025:08:36:52 -0400] "GET /hr115720609.shtm HTTP/1.1" 301 0 "-" "Mozilla/5.0 (compatible; AhrefsBot/7.0; +http://ahrefs.com/robot/)"
51.222.253.7 - - [12/Jun/2025:08:36:56 -0400] "GET /hr1888875681.shtm HTTP/1.1" 301 0 "-" "Mozilla/5.0 (compatible; AhrefsBot/7.0; +http://ahrefs.com/robot/)"
162.0.232.193 - - [12/Jun/2025:08:37:01 -0400] "POST /wp-cron.php?doing_wp_cron=1749731821.6605150699615478515625 HTTP/1.1" 200 0 "-" "WordPress/6.8.1; https://wotaku-manga.com"
51.222.253.19 - - [12/Jun/2025:08:37:01 -0400] "GET /hr1964247133.shtm HTTP/1.1" 301 0 "-" "Mozilla/5.0 (compatible; AhrefsBot/7.0; +http://ahrefs.com/robot/)"
51.222.253.16 - - [12/Jun/2025:08:37:06 -0400] "GET /hr798783509.shtm HTTP/1.1" 301 0 "-" "Mozilla/5.0 (compatible; AhrefsBot/7.0; +http://ahrefs.com/robot/)"
51.222.253.9 - - [12/Jun/2025:08:37:12 -0400] "GET /ht/167911243.shtm HTTP/1.1" 301 0 "-" "Mozilla/5.0 (compatible; AhrefsBot/7.0; +http://ahrefs.com/robot/)"
66.249.66.75 - - [12/Jun/2025:08:37:16 -0400] "GET /mtq70698852.shtm HTTP/1.1" 200 81913 "-" "Mozilla/5.0 (Linux; Android 6.0.1; Nexus 5X Build/MMB29P) AppleWebKit/537.36 (KHTML, like Gecko) Chrome/136.0.7103.113 Mobile Safari/537.36 (compatible; Googlebot/2.1; +http://www.google.com/bot.html)"
51.222.253.9 - - [12/Jun/2025:08:37:16 -0400] "GET /ht/951323457.shtm HTTP/1.1" 301 0 "-" "Mozilla/5.0 (compatible; AhrefsBot/7.0; +http://ahrefs.com/robot/)"
162.0.232.193 - - [12/Jun/2025:08:37:24 -0400] "POST /wp-cron.php?doing_wp_cron=1749731844.1038711071014404296875 HTTP/1.1" 200 0 "-" "WordPress/6.8.1; https://wotaku-manga.com"
51.222.253.4 - - [12/Jun/2025:08:37:23 -0400] "GET /ht1048856139.shtm HTTP/1.1" 301 0 "-" "Mozilla/5.0 (compatible; AhrefsBot/7.0; +http://ahrefs.com/robot/)"
216.73.216.49 - - [12/Jun/2025:08:37:24 -0400] "GET /sitemap-child-2249.xml HTTP/1.1" 200 11336 "-" "Mozilla/5.0 AppleWebKit/537.36 (KHTML, like Gecko; compatible; ClaudeBot/1.0; [email protected])"
51.222.253.16 - - [12/Jun/2025:08:37:26 -0400] "GET /ht505447195.shtm HTTP/1.1" 301 0 "-" "Mozilla/5.0 (compatible; AhrefsBot/7.0; +http://ahrefs.com/robot/)"
51.222.253.11 - - [12/Jun/2025:08:37:33 -0400] "GET /hv750677299.shtm HTTP/1.1" 301 0 "-" "Mozilla/5.0 (compatible; AhrefsBot/7.0; +http://ahrefs.com/robot/)"
51.222.253.11 - - [12/Jun/2025:08:37:39 -0400] "GET /hx1235965663.shtm HTTP/1.1" 301 0 "-" "Mozilla/5.0 (compatible; AhrefsBot/7.0; +http://ahrefs.com/robot/)"
162.0.232.193 - - [12/Jun/2025:08:37:45 -0400] "POST /wp-cron.php?doing_wp_cron=1749731865.7734789848327636718750 HTTP/1.1" 200 0 "-" "WordPress/6.8.1; https://wotaku-manga.com"
51.222.253.4 - - [12/Jun/2025:08:37:44 -0400] "GET /hx1314100941.shtm HTTP/1.1" 301 0 "-" "Mozilla/5.0 (compatible; AhrefsBot/7.0; +http://ahrefs.com/robot/)"
2a03:2880:f800:a:: - - [12/Jun/2025:08:37:47 -0400] "GET /shopdetail/128277435 HTTP/1.1" 301 0 "-" "meta-externalagent/1.1 (+https://developers.facebook.com/docs/sharing/webmasters/crawler)"
51.222.253.10 - - [12/Jun/2025:08:37:48 -0400] "GET /hxz914534581.shtm HTTP/1.1" 301 0 "-" "Mozilla/5.0 (compatible; AhrefsBot/7.0; +http://ahrefs.com/robot/)"
2a03:2880:f800:2:: - - [12/Jun/2025:08:37:50 -0400] "GET / HTTP/1.1" 200 37467 "-" "meta-externalagent/1.1 (+https://developers.facebook.com/docs/sharing/webmasters/crawler)"
51.222.253.3 - - [12/Jun/2025:08:37:55 -0400] "GET /hz/921874615.shtm HTTP/1.1" 301 0 "-" "Mozilla/5.0 (compatible; AhrefsBot/7.0; +http://ahrefs.com/robot/)"
162.0.232.193 - - [12/Jun/2025:08:38:01 -0400] "POST /wp-cron.php?doing_wp_cron=1749731881.4619390964508056640625 HTTP/1.1" 200 0 "-" "WordPress/6.8.1; https://wotaku-manga.com"
51.222.253.8 - - [12/Jun/2025:08:38:00 -0400] "GET /hzj47672309.shtm HTTP/1.1" 301 0 "-" "Mozilla/5.0 (compatible; AhrefsBot/7.0; +http://ahrefs.com/robot/)"
51.222.253.20 - - [12/Jun/2025:08:38:03 -0400] "GET /hzj854441025.shtm HTTP/1.1" 301 0 "-" "Mozilla/5.0 (compatible; AhrefsBot/7.0; +http://ahrefs.com/robot/)"
51.222.253.15 - - [12/Jun/2025:08:38:07 -0400] "GET /hzz685356541.shtm HTTP/1.1" 301 0 "-" "Mozilla/5.0 (compatible; AhrefsBot/7.0; +http://ahrefs.com/robot/)"
51.222.253.16 - - [12/Jun/2025:08:38:12 -0400] "GET /i/1055123454.shtm HTTP/1.1" 301 0 "-" "Mozilla/5.0 (compatible; AhrefsBot/7.0; +http://ahrefs.com/robot/)"
2a03:2880:f800:a:: - - [12/Jun/2025:08:38:14 -0400] "GET /shopdetail/274148235 HTTP/1.1" 301 0 "-" "meta-externalagent/1.1 (+https://developers.facebook.com/docs/sharing/webmasters/crawler)"
2a03:2880:f800:1b:: - - [12/Jun/2025:08:38:17 -0400] "GET / HTTP/1.1" 200 37331 "-" "meta-externalagent/1.1 (+https://developers.facebook.com/docs/sharing/webmasters/crawler)"
162.0.232.193 - - [12/Jun/2025:08:38:18 -0400] "POST /wp-cron.php?doing_wp_cron=1749731898.1916940212249755859375 HTTP/1.1" 200 0 "-" "WordPress/6.8.1; https://wotaku-manga.com"
51.222.253.2 - - [12/Jun/2025:08:38:17 -0400] "GET /i/1067849700.shtm HTTP/1.1" 301 0 "-" "Mozilla/5.0 (compatible; AhrefsBot/7.0; +http://ahrefs.com/robot/)"
51.222.253.13 - - [12/Jun/2025:08:38:23 -0400] "GET /i/1091752184.shtm HTTP/1.1" 301 0 "-" "Mozilla/5.0 (compatible; AhrefsBot/7.0; +http://ahrefs.com/robot/)"
51.222.253.20 - - [12/Jun/2025:08:38:28 -0400] "GET /i/115773770.shtm HTTP/1.1" 301 0 "-" "Mozilla/5.0 (compatible; AhrefsBot/7.0; +http://ahrefs.com/robot/)"
51.222.253.4 - - [12/Jun/2025:08:38:33 -0400] "GET /i/1228044478.shtm HTTP/1.1" 301 0 "-" "Mozilla/5.0 (compatible; AhrefsBot/7.0; +http://ahrefs.com/robot/)"
51.222.253.2 - - [12/Jun/2025:08:38:37 -0400] "GET /i/140417658.shtm HTTP/1.1" 301 0 "-" "Mozilla/5.0 (compatible; AhrefsBot/7.0; +http://ahrefs.com/robot/)"
51.222.253.18 - - [12/Jun/2025:08:38:43 -0400] "GET /i/146524528.shtm HTTP/1.1" 301 0 "-" "Mozilla/5.0 (compatible; AhrefsBot/7.0; +http://ahrefs.com/robot/)"
162.0.232.193 - - [12/Jun/2025:08:38:48 -0400] "POST /wp-cron.php?doing_wp_cron=1749731928.6826269626617431640625 HTTP/1.1" 200 0 "-" "WordPress/6.8.1; https://wotaku-manga.com"
51.222.253.8 - - [12/Jun/2025:08:38:47 -0400] "GET /i/146964578.shtm HTTP/1.1" 301 0 "-" "Mozilla/5.0 (compatible; AhrefsBot/7.0; +http://ahrefs.com/robot/)"
51.222.253.20 - - [12/Jun/2025:08:38:57 -0400] "GET /i/1605220902.shtm HTTP/1.1" 301 0 "-" "Mozilla/5.0 (compatible; AhrefsBot/7.0; +http://ahrefs.com/robot/)"
162.0.232.193 - - [12/Jun/2025:08:39:06 -0400] "POST /wp-cron.php?doing_wp_cron=1749731946.1400899887084960937500 HTTP/1.1" 200 0 "-" "WordPress/6.8.1; https://wotaku-manga.com"
51.222.253.14 - - [12/Jun/2025:08:39:05 -0400] "GET /i/1605414524.shtm HTTP/1.1" 301 0 "-" "Mozilla/5.0 (compatible; AhrefsBot/7.0; +http://ahrefs.com/robot/)"
162.0.232.193 - - [12/Jun/2025:08:39:07 -0400] "GET /manga/wotaku-ni-koi-wa-muzukashii-chapter-25/ HTTP/1.1" 200 42065 "-" "WP Rocket/Preload"
51.222.253.6 - - [12/Jun/2025:08:39:10 -0400] "GET /i/163422704.shtm HTTP/1.1" 301 0 "-" "Mozilla/5.0 (compatible; AhrefsBot/7.0; +http://ahrefs.com/robot/)"
162.0.232.193 - - [12/Jun/2025:08:39:11 -0400] "GET /manga/wotaku-ni-koi-wa-muzukashii-chapter-25/ HTTP/1.1" 200 42415 "-" "WP Rocket/Preload Mozilla/5.0 (iPhone; CPU iPhone OS 9_1 like Mac OS X) AppleWebKit/601.1.46 (KHTML, like Gecko) Version/9.0 Mobile/13B143 Safari/601.1"
162.0.232.193 - - [12/Jun/2025:08:39:12 -0400] "GET /manga/wotaku-ni-koi-wa-muzukashii-chapter-27/ HTTP/1.1" 200 0 "-" "WP Rocket/Preload"
162.0.232.193 - - [12/Jun/2025:08:39:14 -0400] "GET /manga/wotaku-ni-koi-wa-muzukashii-chapter-27/ HTTP/1.1" 200 43027 "-" "WP Rocket/Preload Mozilla/5.0 (iPhone; CPU iPhone OS 9_1 like Mac OS X) AppleWebKit/601.1.46 (KHTML, like Gecko) Version/9.0 Mobile/13B143 Safari/601.1"
162.0.232.193 - - [12/Jun/2025:08:39:15 -0400] "GET /manga/wotakoi-love-is-hard-for-otaku-chapter-0/ HTTP/1.1" 200 0 "-" "WP Rocket/Preload"
162.0.232.193 - - [12/Jun/2025:08:39:17 -0400] "GET /manga/wotakoi-love-is-hard-for-otaku-chapter-0/ HTTP/1.1" 200 42085 "-" "WP Rocket/Preload Mozilla/5.0 (iPhone; CPU iPhone OS 9_1 like Mac OS X) AppleWebKit/601.1.46 (KHTML, like Gecko) Version/9.0 Mobile/13B143 Safari/601.1"
66.249.66.45 - - [12/Jun/2025:08:39:18 -0400] "GET /ye70707160.shtm HTTP/1.1" 200 81736 "-" "Mozilla/5.0 (Linux; Android 6.0.1; Nexus 5X Build/MMB29P) AppleWebKit/537.36 (KHTML, like Gecko) Chrome/136.0.7103.113 Mobile Safari/537.36 (compatible; Googlebot/2.1; +http://www.google.com/bot.html)"
162.0.232.193 - - [12/Jun/2025:08:39:18 -0400] "GET /manga/wotakoi-love-is-hard-for-otaku-chapter-21/ HTTP/1.1" 200 0 "-" "WP Rocket/Preload"
162.0.232.193 - - [12/Jun/2025:08:39:20 -0400] "GET /manga/wotakoi-love-is-hard-for-otaku-chapter-21/ HTTP/1.1" 200 42422 "-" "WP Rocket/Preload Mozilla/5.0 (iPhone; CPU iPhone OS 9_1 like Mac OS X) AppleWebKit/601.1.46 (KHTML, like Gecko) Version/9.0 Mobile/13B143 Safari/601.1"
162.0.232.193 - - [12/Jun/2025:08:39:21 -0400] "GET /manga/wotaku-ni-koi-wa-muzukashii-chapter-29/ HTTP/1.1" 200 0 "-" "WP Rocket/Preload"
51.222.253.18 - - [12/Jun/2025:08:39:20 -0400] "GET /i/2017371668.shtm HTTP/1.1" 301 0 "-" "Mozilla/5.0 (compatible; AhrefsBot/7.0; +http://ahrefs.com/robot/)"
162.0.232.193 - - [12/Jun/2025:08:39:23 -0400] "GET /manga/wotaku-ni-koi-wa-muzukashii-chapter-29/ HTTP/1.1" 200 0 "-" "WP Rocket/Preload Mozilla/5.0 (iPhone; CPU iPhone OS 9_1 like Mac OS X) AppleWebKit/601.1.46 (KHTML, like Gecko) Version/9.0 Mobile/13B143 Safari/601.1"
51.222.253.3 - - [12/Jun/2025:08:39:24 -0400] "GET /i/2021561256.shtm HTTP/1.1" 301 0 "-" "Mozilla/5.0 (compatible; AhrefsBot/7.0; +http://ahrefs.com/robot/)"
162.0.232.193 - - [12/Jun/2025:08:39:35 -0400] "POST /wp-cron.php?doing_wp_cron=1749731975.1560339927673339843750 HTTP/1.1" 200 0 "-" "WordPress/6.8.1; https://wotaku-manga.com"
51.222.253.1 - - [12/Jun/2025:08:39:34 -0400] "GET /i/2026876748.shtm HTTP/1.1" 301 0 "-" "Mozilla/5.0 (compatible; AhrefsBot/7.0; +http://ahrefs.com/robot/)"
51.222.253.11 - - [12/Jun/2025:08:39:38 -0400] "GET /i/247401598.shtm HTTP/1.1" 301 0 "-" "Mozilla/5.0 (compatible; AhrefsBot/7.0; +http://ahrefs.com/robot/)"
162.0.232.193 - - [12/Jun/2025:08:39:46 -0400] "POST /wp-cron.php?doing_wp_cron=1749731986.5374751091003417968750 HTTP/1.1" 200 0 "-" "WordPress/6.8.1; https://wotaku-manga.com"
51.222.253.4 - - [12/Jun/2025:08:39:45 -0400] "GET /i/350830950.shtm HTTP/1.1" 301 0 "-" "Mozilla/5.0 (compatible; AhrefsBot/7.0; +http://ahrefs.com/robot/)"
51.222.253.10 - - [12/Jun/2025:08:39:49 -0400] "GET /i/350849568.shtm HTTP/1.1" 301 0 "-" "Mozilla/5.0 (compatible; AhrefsBot/7.0; +http://ahrefs.com/robot/)"
51.222.253.2 - - [12/Jun/2025:08:39:54 -0400] "GET /i/373572734.shtm HTTP/1.1" 301 0 "-" "Mozilla/5.0 (compatible; AhrefsBot/7.0; +http://ahrefs.com/robot/)"
162.0.232.193 - - [12/Jun/2025:08:40:03 -0400] "POST /wp-cron.php?doing_wp_cron=1749732003.3062479496002197265625 HTTP/1.1" 200 0 "-" "WordPress/6.8.1; https://wotaku-manga.com"
51.222.253.16 - - [12/Jun/2025:08:40:02 -0400] "GET /i/469135264.shtm HTTP/1.1" 301 0 "-" "Mozilla/5.0 (compatible; AhrefsBot/7.0; +http://ahrefs.com/robot/)"
51.222.253.7 - - [12/Jun/2025:08:40:07 -0400] "GET /i/757332490.shtm HTTP/1.1" 301 0 "-" "Mozilla/5.0 (compatible; AhrefsBot/7.0; +http://ahrefs.com/robot/)"
158.64.25.254 - - [12/Jun/2025:08:40:09 -0400] "GET /manga/wotakoi-love-is-hard-for-otaku-chapter-87/ HTTP/1.1" 200 40073 "-" "Mozilla/5.0 (Macintosh; Intel Mac OS X 10_15_7) AppleWebKit/605.1.15 (KHTML, like Gecko)"
51.222.253.13 - - [12/Jun/2025:08:40:12 -0400] "GET /i/901755948.shtm HTTP/1.1" 301 0 "-" "Mozilla/5.0 (compatible; AhrefsBot/7.0; +http://ahrefs.com/robot/)"
162.0.232.193 - - [12/Jun/2025:08:40:18 -0400] "POST /wp-cron.php?doing_wp_cron=1749732018.0265090465545654296875 HTTP/1.1" 200 0 "-" "WordPress/6.8.1; https://wotaku-manga.com"
51.222.253.6 - - [12/Jun/2025:08:40:17 -0400] "GET /i/922227066.shtm HTTP/1.1" 301 0 "-" "Mozilla/5.0 (compatible; AhrefsBot/7.0; +http://ahrefs.com/robot/)"
51.222.253.13 - - [12/Jun/2025:08:40:22 -0400] "GET /i1049119828.shtm HTTP/1.1" 301 0 "-" "Mozilla/5.0 (compatible; AhrefsBot/7.0; +http://ahrefs.com/robot/)"
51.222.253.13 - - [12/Jun/2025:08:40:25 -0400] "GET /i1148060734.shtm HTTP/1.1" 301 0 "-" "Mozilla/5.0 (compatible; AhrefsBot/7.0; +http://ahrefs.com/robot/)"
2a03:2880:f800:15:: - - [12/Jun/2025:08:40:32 -0400] "GET /shopdetail/282577635 HTTP/1.1" 301 0 "-" "meta-externalagent/1.1 (+https://developers.facebook.com/docs/sharing/webmasters/crawler)"
51.222.253.12 - - [12/Jun/2025:08:40:33 -0400] "GET /i1230527056.shtm HTTP/1.1" 301 0 "-" "Mozilla/5.0 (compatible; AhrefsBot/7.0; +http://ahrefs.com/robot/)"
2a03:2880:f800:1:: - - [12/Jun/2025:08:40:35 -0400] "GET / HTTP/1.1" 200 37331 "-" "meta-externalagent/1.1 (+https://developers.facebook.com/docs/sharing/webmasters/crawler)"
51.222.253.8 - - [12/Jun/2025:08:40:41 -0400] "GET /i1480633874.shtm HTTP/1.1" 301 0 "-" "Mozilla/5.0 (compatible; AhrefsBot/7.0; +http://ahrefs.com/robot/)"
162.0.232.193 - - [12/Jun/2025:08:40:48 -0400] "POST /wp-cron.php?doing_wp_cron=1749732048.3074729442596435546875 HTTP/1.1" 200 0 "-" "WordPress/6.8.1; https://wotaku-manga.com"
51.222.253.6 - - [12/Jun/2025:08:40:47 -0400] "GET /i2012372956.shtm HTTP/1.1" 301 0 "-" "Mozilla/5.0 (compatible; AhrefsBot/7.0; +http://ahrefs.com/robot/)"
51.222.253.16 - - [12/Jun/2025:08:40:52 -0400] "GET /i263014828.shtm HTTP/1.1" 301 0 "-" "Mozilla/5.0 (compatible; AhrefsBot/7.0; +http://ahrefs.com/robot/)"
162.0.232.193 - - [12/Jun/2025:08:40:59 -0400] "POST /wp-cron.php?doing_wp_cron=1749732059.4087030887603759765625 HTTP/1.1" 200 0 "-" "WordPress/6.8.1; https://wotaku-manga.com"
51.222.253.12 - - [12/Jun/2025:08:40:58 -0400] "GET /i335411534.shtm HTTP/1.1" 301 0 "-" "Mozilla/5.0 (compatible; AhrefsBot/7.0; +http://ahrefs.com/robot/)"
51.222.253.7 - - [12/Jun/2025:08:41:05 -0400] "GET /i491101280.shtm HTTP/1.1" 301 0 "-" "Mozilla/5.0 (compatible; AhrefsBot/7.0; +http://ahrefs.com/robot/)"
2a03:2880:f800:a:: - - [12/Jun/2025:08:41:06 -0400] "GET /shopdetail/153287935 HTTP/1.1" 301 0 "-" "meta-externalagent/1.1 (+https://developers.facebook.com/docs/sharing/webmasters/crawler)"
2a03:2880:f800:4:: - - [12/Jun/2025:08:41:09 -0400] "GET / HTTP/1.1" 200 37331 "-" "meta-externalagent/1.1 (+https://developers.facebook.com/docs/sharing/webmasters/crawler)"
51.222.253.9 - - [12/Jun/2025:08:41:11 -0400] "GET /i531058084.shtm HTTP/1.1" 301 0 "-" "Mozilla/5.0 (compatible; AhrefsBot/7.0; +http://ahrefs.com/robot/)"
51.222.253.19 - - [12/Jun/2025:08:41:14 -0400] "GET /i751013380.shtm HTTP/1.1" 301 0 "-" "Mozilla/5.0 (compatible; AhrefsBot/7.0; +http://ahrefs.com/robot/)"
162.0.232.193 - - [12/Jun/2025:08:41:19 -0400] "POST /wp-cron.php?doing_wp_cron=1749732079.6131219863891601562500 HTTP/1.1" 200 0 "-" "WordPress/6.8.1; https://wotaku-manga.com"
51.222.253.10 - - [12/Jun/2025:08:41:19 -0400] "GET /i775514404.shtm HTTP/1.1" 301 0 "-" "Mozilla/5.0 (compatible; AhrefsBot/7.0; +http://ahrefs.com/robot/)"
51.222.253.11 - - [12/Jun/2025:08:41:24 -0400] "GET /i881373784.shtm HTTP/1.1" 301 0 "-" "Mozilla/5.0 (compatible; AhrefsBot/7.0; +http://ahrefs.com/robot/)"
51.222.253.10 - - [12/Jun/2025:08:41:31 -0400] "GET /i884224356.shtm HTTP/1.1" 301 0 "-" "Mozilla/5.0 (compatible; AhrefsBot/7.0; +http://ahrefs.com/robot/)"
51.222.253.19 - - [12/Jun/2025:08:41:36 -0400] "GET /i941414214.shtm HTTP/1.1" 301 0 "-" "Mozilla/5.0 (compatible; AhrefsBot/7.0; +http://ahrefs.com/robot/)"
51.222.253.11 - - [12/Jun/2025:08:41:40 -0400] "GET /i951270630.shtm HTTP/1.1" 301 0 "-" "Mozilla/5.0 (compatible; AhrefsBot/7.0; +http://ahrefs.com/robot/)"
162.0.232.193 - - [12/Jun/2025:08:41:45 -0400] "POST /wp-cron.php?doing_wp_cron=1749732105.3875389099121093750000 HTTP/1.1" 200 0 "-" "WordPress/6.8.1; https://wotaku-manga.com"
51.222.253.5 - - [12/Jun/2025:08:41:44 -0400] "GET /ia/663109304.shtm HTTP/1.1" 301 0 "-" "Mozilla/5.0 (compatible; AhrefsBot/7.0; +http://ahrefs.com/robot/)"
2a03:2880:f800:6:: - - [12/Jun/2025:08:41:47 -0400] "GET /shopdetail/18936735 HTTP/1.1" 301 0 "-" "meta-externalagent/1.1 (+https://developers.facebook.com/docs/sharing/webmasters/crawler)"
51.222.253.17 - - [12/Jun/2025:08:41:49 -0400] "GET /ia251363320.shtm HTTP/1.1" 301 0 "-" "Mozilla/5.0 (compatible; AhrefsBot/7.0; +http://ahrefs.com/robot/)"
2a03:2880:f800:11:: - - [12/Jun/2025:08:41:51 -0400] "GET / HTTP/1.1" 200 37331 "-" "meta-externalagent/1.1 (+https://developers.facebook.com/docs/sharing/webmasters/crawler)"
51.222.253.3 - - [12/Jun/2025:08:41:54 -0400] "GET /ia309977668.shtm HTTP/1.1" 301 0 "-" "Mozilla/5.0 (compatible; AhrefsBot/7.0; +http://ahrefs.com/robot/)"
162.0.232.193 - - [12/Jun/2025:08:42:00 -0400] "POST /wp-cron.php?doing_wp_cron=1749732119.8656198978424072265625 HTTP/1.1" 200 0 "-" "WordPress/6.8.1; https://wotaku-manga.com"
198.98.61.148 - - [12/Jun/2025:08:41:58 -0400] "GET /wp-login.php HTTP/1.1" 200 1915 "-" "Mozilla/5.0 (Windows NT 5.1) AppleWebKit/537.36 (KHTML, like Gecko) Chrome/36.0.1985.125 Safari/537.36"
198.98.61.148 - - [12/Jun/2025:08:42:01 -0400] "POST /wp-login.php HTTP/1.1" 200 2042 "-" "Mozilla/5.0 (Windows NT 5.1) AppleWebKit/537.36 (KHTML, like Gecko) Chrome/36.0.1985.125 Safari/537.36"
51.222.253.11 - - [12/Jun/2025:08:42:00 -0400] "GET /ibe168069568.shtm HTTP/1.1" 301 0 "-" "Mozilla/5.0 (compatible; AhrefsBot/7.0; +http://ahrefs.com/robot/)"
51.222.253.15 - - [12/Jun/2025:08:42:08 -0400] "GET /idi883679974.shtm HTTP/1.1" 301 0 "-" "Mozilla/5.0 (compatible; AhrefsBot/7.0; +http://ahrefs.com/robot/)"
80.85.246.140 - - [12/Jun/2025:08:42:16 -0400] "GET / HTTP/1.1" 200 37331 "-" "Mozilla/5.0 (Macintosh; Intel Mac OS X 10_15_7) AppleWebKit/537.36 (KHTML, like Gecko) Chrome/133.0.0.0 Safari/537.36"
51.222.253.2 - - [12/Jun/2025:08:42:14 -0400] "GET /ie1429165690.shtm HTTP/1.1" 301 0 "-" "Mozilla/5.0 (compatible; AhrefsBot/7.0; +http://ahrefs.com/robot/)"
162.0.232.193 - - [12/Jun/2025:08:42:20 -0400] "POST /wp-cron.php?doing_wp_cron=1749732139.3698630332946777343750 HTTP/1.1" 200 0 "-" "WordPress/6.8.1; https://wotaku-manga.com"
66.249.66.160 - - [12/Jun/2025:08:42:19 -0400] "GET /q70771192.shtm HTTP/1.1" 200 82038 "-" "Mozilla/5.0 (Linux; Android 6.0.1; Nexus 5X Build/MMB29P) AppleWebKit/537.36 (KHTML, like Gecko) Chrome/136.0.7103.113 Mobile Safari/537.36 (compatible; Googlebot/2.1; +http://www.google.com/bot.html)"
80.85.246.140 - - [12/Jun/2025:08:42:17 -0400] "GET /comments/feed/ HTTP/1.1" 200 3884 "-" "Mozilla/5.0 (Macintosh; Intel Mac OS X 10_15_7) AppleWebKit/537.36 (KHTML, like Gecko) Chrome/133.0.0.0 Safari/537.36"
66.249.66.160 - - [12/Jun/2025:08:42:21 -0400] "GET /y53422068.shtm HTTP/1.1" 200 81553 "-" "Mozilla/5.0 (Linux; Android 6.0.1; Nexus 5X Build/MMB29P) AppleWebKit/537.36 (KHTML, like Gecko) Chrome/136.0.7103.113 Mobile Safari/537.36 (compatible; Googlebot/2.1; +http://www.google.com/bot.html)"
51.222.253.14 - - [12/Jun/2025:08:42:20 -0400] "GET /ie535670568.shtm HTTP/1.1" 301 0 "-" "Mozilla/5.0 (compatible; AhrefsBot/7.0; +http://ahrefs.com/robot/)"
51.222.253.4 - - [12/Jun/2025:08:42:29 -0400] "GET /ige/37674784.shtm HTTP/1.1" 301 0 "-" "Mozilla/5.0 (compatible; AhrefsBot/7.0; +http://ahrefs.com/robot/)"
51.222.253.12 - - [12/Jun/2025:08:42:33 -0400] "GET /ii/915045386.shtm HTTP/1.1" 301 0 "-" "Mozilla/5.0 (compatible; AhrefsBot/7.0; +http://ahrefs.com/robot/)"
51.222.253.7 - - [12/Jun/2025:08:42:42 -0400] "GET /ii/921981926.shtm HTTP/1.1" 301 0 "-" "Mozilla/5.0 (compatible; AhrefsBot/7.0; +http://ahrefs.com/robot/)"
162.0.232.193 - - [12/Jun/2025:08:42:53 -0400] "POST /wp-cron.php?doing_wp_cron=1749732172.6480689048767089843750 HTTP/1.1" 200 0 "-" "WordPress/6.8.1; https://wotaku-manga.com"
51.222.253.15 - - [12/Jun/2025:08:42:50 -0400] "GET /ii1478117116.shtm HTTP/1.1" 301 0 "-" "Mozilla/5.0 (compatible; AhrefsBot/7.0; +http://ahrefs.com/robot/)"
162.0.232.193 - - [12/Jun/2025:08:43:02 -0400] "POST /wp-cron.php?doing_wp_cron=1749732181.8916409015655517578125 HTTP/1.1" 200 0 "-" "WordPress/6.8.1; https://wotaku-manga.com"
51.222.253.4 - - [12/Jun/2025:08:42:59 -0400] "GET /ii847842302.shtm HTTP/1.1" 301 0 "-" "Mozilla/5.0 (compatible; AhrefsBot/7.0; +http://ahrefs.com/robot/)"
51.222.253.1 - - [12/Jun/2025:08:43:04 -0400] "GET /ijw314149598.shtm HTTP/1.1" 301 0 "-" "Mozilla/5.0 (compatible; AhrefsBot/7.0; +http://ahrefs.com/robot/)"
51.222.253.19 - - [12/Jun/2025:08:43:08 -0400] "GET /ikw/61085644.shtm HTTP/1.1" 301 0 "-" "Mozilla/5.0 (compatible; AhrefsBot/7.0; +http://ahrefs.com/robot/)"
202.131.117.90 - - [12/Jun/2025:08:43:10 -0400] "POST /xmlrpc.php HTTP/1.1" 200 205 "-" "Mozilla/5.0 (X11; Ubuntu; Linux x86_64; rv:85.0) Gecko/20100101 Firefox/91.0"
51.222.253.19 - - [12/Jun/2025:08:43:14 -0400] "GET /im/163458684.shtm HTTP/1.1" 301 0 "-" "Mozilla/5.0 (compatible; AhrefsBot/7.0; +http://ahrefs.com/robot/)"
162.0.232.193 - - [12/Jun/2025:08:43:25 -0400] "POST /wp-cron.php?doing_wp_cron=1749732204.7435090541839599609375 HTTP/1.1" 200 0 "-" "WordPress/6.8.1; https://wotaku-manga.com"
51.222.253.1 - - [12/Jun/2025:08:43:21 -0400] "GET /im1860449902.shtm HTTP/1.1" 301 0 "-" "Mozilla/5.0 (compatible; AhrefsBot/7.0; +http://ahrefs.com/robot/)"
51.222.253.12 - - [12/Jun/2025:08:43:27 -0400] "GET /io1148378778.shtm HTTP/1.1" 301 0 "-" "Mozilla/5.0 (compatible; AhrefsBot/7.0; +http://ahrefs.com/robot/)"
51.222.253.6 - - [12/Jun/2025:08:43:31 -0400] "GET /io1342493634.shtm HTTP/1.1" 301 0 "-" "Mozilla/5.0 (compatible; AhrefsBot/7.0; +http://ahrefs.com/robot/)"
51.222.253.17 - - [12/Jun/2025:08:43:38 -0400] "GET /iq1664080902.shtm HTTP/1.1" 301 0 "-" "Mozilla/5.0 (compatible; AhrefsBot/7.0; +http://ahrefs.com/robot/)"
162.0.232.193 - - [12/Jun/2025:08:43:47 -0400] "POST /wp-cron.php?doing_wp_cron=1749732226.5521490573883056640625 HTTP/1.1" 200 0 "-" "WordPress/6.8.1; https://wotaku-manga.com"
51.222.253.19 - - [12/Jun/2025:08:43:44 -0400] "GET /iq1695042820.shtm HTTP/1.1" 301 0 "-" "Mozilla/5.0 (compatible; AhrefsBot/7.0; +http://ahrefs.com/robot/)"
2a03:2880:f800:1c:: - - [12/Jun/2025:08:43:43 -0400] "GET /shopdetail/180425035 HTTP/1.1" 301 0 "-" "meta-externalagent/1.1 (+https://developers.facebook.com/docs/sharing/webmasters/crawler)"
2a03:2880:f800:1a:: - - [12/Jun/2025:08:43:51 -0400] "GET / HTTP/1.1" 200 37331 "-" "meta-externalagent/1.1 (+https://developers.facebook.com/docs/sharing/webmasters/crawler)"
51.222.253.20 - - [12/Jun/2025:08:43:50 -0400] "GET /is1786961480.shtm HTTP/1.1" 301 0 "-" "Mozilla/5.0 (compatible; AhrefsBot/7.0; +http://ahrefs.com/robot/)"
51.222.253.18 - - [12/Jun/2025:08:43:55 -0400] "GET /is369718848.shtm HTTP/1.1" 301 0 "-" "Mozilla/5.0 (compatible; AhrefsBot/7.0; +http://ahrefs.com/robot/)"
2607:fb90:be3c:c3e5:c0a1:af22:8642:98f0 - - [12/Jun/2025:08:43:57 -0400] "GET /manga/wotakoi-love-is-hard-for-otaku-chapter-77/ HTTP/1.1" 200 42160 "https://wotaku-manga.com/manga/wotakoi-love-is-hard-for-otaku-chapter-76/" "Mozilla/5.0 (Windows NT 10.0; Win64; x64) AppleWebKit/537.36 (KHTML, like Gecko) Chrome/134.0.0.0 Safari/537.36 OPR/119.0.0.0"
2607:fb90:be3c:c3e5:c0a1:af22:8642:98f0 - - [12/Jun/2025:08:44:00 -0400] "GET /wp-content/themes/toivo-lite/js/functions.min.js?ver=1.2.0 HTTP/1.1" 304 0 "https://wotaku-manga.com/manga/wotakoi-love-is-hard-for-otaku-chapter-77/" "Mozilla/5.0 (Windows NT 10.0; Win64; x64) AppleWebKit/537.36 (KHTML, like Gecko) Chrome/134.0.0.0 Safari/537.36 OPR/119.0.0.0"
2607:fb90:be3c:c3e5:c0a1:af22:8642:98f0 - - [12/Jun/2025:08:44:01 -0400] "GET /wp-content/uploads/2021/11/cropped-stsmall507x507-pad600x600f8f8f8-1-180x180.jpeg HTTP/1.1" 200 6663 "https://wotaku-manga.com/manga/wotakoi-love-is-hard-for-otaku-chapter-77/" "Mozilla/5.0 (Windows NT 10.0; Win64; x64) AppleWebKit/537.36 (KHTML, like Gecko) Chrome/134.0.0.0 Safari/537.36 OPR/119.0.0.0"
162.0.232.193 - - [12/Jun/2025:08:44:01 -0400] "POST /wp-cron.php?doing_wp_cron=1749732241.6469879150390625000000 HTTP/1.1" 200 0 "-" "WordPress/6.8.1; https://wotaku-manga.com"
51.222.253.1 - - [12/Jun/2025:08:44:00 -0400] "GET /iu/979521576.shtm HTTP/1.1" 301 0 "-" "Mozilla/5.0 (compatible; AhrefsBot/7.0; +http://ahrefs.com/robot/)"
51.222.253.5 - - [12/Jun/2025:08:44:05 -0400] "GET /iu1230103648.shtm HTTP/1.1" 301 0 "-" "Mozilla/5.0 (compatible; AhrefsBot/7.0; +http://ahrefs.com/robot/)"
51.222.253.16 - - [12/Jun/2025:08:44:09 -0400] "GET /ivy986316212.shtm HTTP/1.1" 301 0 "-" "Mozilla/5.0 (compatible; AhrefsBot/7.0; +http://ahrefs.com/robot/)"
51.222.253.9 - - [12/Jun/2025:08:44:13 -0400] "GET /iw1061442508.shtm HTTP/1.1" 301 0 "-" "Mozilla/5.0 (compatible; AhrefsBot/7.0; +http://ahrefs.com/robot/)"
162.0.232.193 - - [12/Jun/2025:08:44:21 -0400] "POST /wp-cron.php?doing_wp_cron=1749732260.7829558849334716796875 HTTP/1.1" 200 0 "-" "WordPress/6.8.1; https://wotaku-manga.com"
51.222.253.4 - - [12/Jun/2025:08:44:18 -0400] "GET /iw1397288668.shtm HTTP/1.1" 301 0 "-" "Mozilla/5.0 (compatible; AhrefsBot/7.0; +http://ahrefs.com/robot/)"
66.249.66.65 - - [12/Jun/2025:08:44:23 -0400] "GET /xof/items/cowry/59617225.shtm HTTP/1.1" 200 84632 "-" "Mozilla/5.0 (Linux; Android 6.0.1; Nexus 5X Build/MMB29P) AppleWebKit/537.36 (KHTML, like Gecko) Chrome/136.0.7103.113 Mobile Safari/537.36 (compatible; Googlebot/2.1; +http://www.google.com/bot.html)"
66.249.66.65 - - [12/Jun/2025:08:44:24 -0400] "GET /bd50025563.shtm HTTP/1.1" 200 81474 "-" "Mozilla/5.0 (Linux; Android 6.0.1; Nexus 5X Build/MMB29P) AppleWebKit/537.36 (KHTML, like Gecko) Chrome/136.0.7103.113 Mobile Safari/537.36 (compatible; Googlebot/2.1; +http://www.google.com/bot.html)"
66.249.66.70 - - [12/Jun/2025:08:44:26 -0400] "GET /index.php?a/item/rarities25981832.shtm HTTP/1.1" 200 81498 "-" "Mozilla/5.0 (Linux; Android 6.0.1; Nexus 5X Build/MMB29P) AppleWebKit/537.36 (KHTML, like Gecko) Chrome/136.0.7103.113 Mobile Safari/537.36 (compatible; Googlebot/2.1; +http://www.google.com/bot.html)"
51.222.253.12 - - [12/Jun/2025:08:44:26 -0400] "GET /iw513897094.shtm HTTP/1.1" 301 0 "-" "Mozilla/5.0 (compatible; AhrefsBot/7.0; +http://ahrefs.com/robot/)"
2607:fb90:be3c:c3e5:c0a1:af22:8642:98f0 - - [12/Jun/2025:08:44:29 -0400] "GET /manga/wotakoi-love-is-hard-for-otaku-chapter-77-5/ HTTP/1.1" 200 43947 "https://wotaku-manga.com/manga/wotakoi-love-is-hard-for-otaku-chapter-77/" "Mozilla/5.0 (Windows NT 10.0; Win64; x64) AppleWebKit/537.36 (KHTML, like Gecko) Chrome/134.0.0.0 Safari/537.36 OPR/119.0.0.0"
51.222.253.3 - - [12/Jun/2025:08:44:32 -0400] "GET /iy1180501476.shtm HTTP/1.1" 301 0 "-" "Mozilla/5.0 (compatible; AhrefsBot/7.0; +http://ahrefs.com/robot/)"
51.222.253.2 - - [12/Jun/2025:08:44:37 -0400] "GET /izw263807878.shtm HTTP/1.1" 301 0 "-" "Mozilla/5.0 (compatible; AhrefsBot/7.0; +http://ahrefs.com/robot/)"
162.0.232.193 - - [12/Jun/2025:08:44:48 -0400] "POST /wp-cron.php?doing_wp_cron=1749732288.4667570590972900390625 HTTP/1.1" 200 0 "-" "WordPress/6.8.1; https://wotaku-manga.com"
51.222.253.2 - - [12/Jun/2025:08:44:47 -0400] "GET /j/1022682623.shtm HTTP/1.1" 301 0 "-" "Mozilla/5.0 (compatible; AhrefsBot/7.0; +http://ahrefs.com/robot/)"
51.222.253.10 - - [12/Jun/2025:08:44:53 -0400] "GET /j/1061196759.shtm HTTP/1.1" 301 0 "-" "Mozilla/5.0 (compatible; AhrefsBot/7.0; +http://ahrefs.com/robot/)"
162.0.232.193 - - [12/Jun/2025:08:44:59 -0400] "POST /wp-cron.php?doing_wp_cron=1749732299.1771659851074218750000 HTTP/1.1" 200 0 "-" "WordPress/6.8.1; https://wotaku-manga.com"
51.222.253.14 - - [12/Jun/2025:08:44:57 -0400] "GET /j/1061688335.shtm HTTP/1.1" 301 0 "-" "Mozilla/5.0 (compatible; AhrefsBot/7.0; +http://ahrefs.com/robot/)"
51.222.253.16 - - [12/Jun/2025:08:45:03 -0400] "GET /j/1086859507.shtm HTTP/1.1" 301 0 "-" "Mozilla/5.0 (compatible; AhrefsBot/7.0; +http://ahrefs.com/robot/)"
216.73.216.49 - - [12/Jun/2025:08:45:06 -0400] "GET /sitemap-child-1380.xml HTTP/1.1" 200 11348 "-" "Mozilla/5.0 AppleWebKit/537.36 (KHTML, like Gecko; compatible; ClaudeBot/1.0; [email protected])"
51.222.253.20 - - [12/Jun/2025:08:45:10 -0400] "GET /j/1149100883.shtm HTTP/1.1" 301 0 "-" "Mozilla/5.0 (compatible; AhrefsBot/7.0; +http://ahrefs.com/robot/)"
51.222.253.1 - - [12/Jun/2025:08:45:16 -0400] "GET /j/1206501269.shtm HTTP/1.1" 301 0 "-" "Mozilla/5.0 (compatible; AhrefsBot/7.0; +http://ahrefs.com/robot/)"
162.0.232.193 - - [12/Jun/2025:08:45:20 -0400] "POST /wp-cron.php?doing_wp_cron=1749732320.5556418895721435546875 HTTP/1.1" 200 0 "-" "WordPress/6.8.1; https://wotaku-manga.com"
2a03:2880:f800:13:: - - [12/Jun/2025:08:45:19 -0400] "GET /shopdetail/244650635 HTTP/1.1" 301 0 "-" "meta-externalagent/1.1 (+https://developers.facebook.com/docs/sharing/webmasters/crawler)"
2a03:2880:f800:f:: - - [12/Jun/2025:08:45:23 -0400] "GET / HTTP/1.1" 200 37331 "-" "meta-externalagent/1.1 (+https://developers.facebook.com/docs/sharing/webmasters/crawler)"
51.222.253.6 - - [12/Jun/2025:08:45:22 -0400] "GET /j/1219315269.shtm HTTP/1.1" 301 0 "-" "Mozilla/5.0 (compatible; AhrefsBot/7.0; +http://ahrefs.com/robot/)"
66.249.66.66 - - [12/Jun/2025:08:45:28 -0400] "GET /wa70757596.shtm HTTP/1.1" 200 81385 "-" "Mozilla/5.0 (Linux; Android 6.0.1; Nexus 5X Build/MMB29P) AppleWebKit/537.36 (KHTML, like Gecko) Chrome/136.0.7103.113 Mobile Safari/537.36 (compatible; Googlebot/2.1; +http://www.google.com/bot.html)"
51.222.253.5 - - [12/Jun/2025:08:45:29 -0400] "GET /j/1231794319.shtm HTTP/1.1" 301 0 "-" "Mozilla/5.0 (compatible; AhrefsBot/7.0; +http://ahrefs.com/robot/)"
2a03:2880:f800:17:: - - [12/Jun/2025:08:45:33 -0400] "GET /shopdetail/12376935 HTTP/1.1" 301 0 "-" "meta-externalagent/1.1 (+https://developers.facebook.com/docs/sharing/webmasters/crawler)"
51.222.253.5 - - [12/Jun/2025:08:45:34 -0400] "GET /j/146454999.shtm HTTP/1.1" 301 0 "-" "Mozilla/5.0 (compatible; AhrefsBot/7.0; +http://ahrefs.com/robot/)"
2a03:2880:f800:: - - [12/Jun/2025:08:45:37 -0400] "GET / HTTP/1.1" 200 37331 "-" "meta-externalagent/1.1 (+https://developers.facebook.com/docs/sharing/webmasters/crawler)"
51.222.253.11 - - [12/Jun/2025:08:45:41 -0400] "GET /j/1478082527.shtm HTTP/1.1" 301 0 "-" "Mozilla/5.0 (compatible; AhrefsBot/7.0; +http://ahrefs.com/robot/)"
162.0.232.193 - - [12/Jun/2025:08:45:46 -0400] "POST /wp-cron.php?doing_wp_cron=1749732346.7223489284515380859375 HTTP/1.1" 200 0 "-" "WordPress/6.8.1; https://wotaku-manga.com"
51.222.253.15 - - [12/Jun/2025:08:45:46 -0400] "GET /j/1481039471.shtm HTTP/1.1" 301 0 "-" "Mozilla/5.0 (compatible; AhrefsBot/7.0; +http://ahrefs.com/robot/)"
51.222.253.4 - - [12/Jun/2025:08:45:52 -0400] "GET /j/1483169497.shtm HTTP/1.1" 301 0 "-" "Mozilla/5.0 (compatible; AhrefsBot/7.0; +http://ahrefs.com/robot/)"
162.0.232.193 - - [12/Jun/2025:08:45:59 -0400] "POST /wp-cron.php?doing_wp_cron=1749732359.3510921001434326171875 HTTP/1.1" 200 0 "-" "WordPress/6.8.1; https://wotaku-manga.com"
51.222.253.8 - - [12/Jun/2025:08:45:57 -0400] "GET /j/153407597.shtm HTTP/1.1" 301 0 "-" "Mozilla/5.0 (compatible; AhrefsBot/7.0; +http://ahrefs.com/robot/)"
51.222.253.19 - - [12/Jun/2025:08:46:02 -0400] "GET /j/1576847157.shtm HTTP/1.1" 301 0 "-" "Mozilla/5.0 (compatible; AhrefsBot/7.0; +http://ahrefs.com/robot/)"
51.222.253.10 - - [12/Jun/2025:08:46:06 -0400] "GET /j/1858302041.shtm HTTP/1.1" 301 0 "-" "Mozilla/5.0 (compatible; AhrefsBot/7.0; +http://ahrefs.com/robot/)"
2a03:2880:f800:7:: - - [12/Jun/2025:08:46:09 -0400] "GET /shopdetail/378606835 HTTP/1.1" 301 0 "-" "meta-externalagent/1.1 (+https://developers.facebook.com/docs/sharing/webmasters/crawler)"
51.222.253.13 - - [12/Jun/2025:08:46:09 -0400] "GET /j/187468675.shtm HTTP/1.1" 301 0 "-" "Mozilla/5.0 (compatible; AhrefsBot/7.0; +http://ahrefs.com/robot/)"
2a03:2880:f800:f:: - - [12/Jun/2025:08:46:14 -0400] "GET / HTTP/1.1" 200 37376 "-" "meta-externalagent/1.1 (+https://developers.facebook.com/docs/sharing/webmasters/crawler)"
51.222.253.2 - - [12/Jun/2025:08:46:14 -0400] "GET /j/2018815967.shtm HTTP/1.1" 301 0 "-" "Mozilla/5.0 (compatible; AhrefsBot/7.0; +http://ahrefs.com/robot/)"
162.0.232.193 - - [12/Jun/2025:08:46:22 -0400] "POST /wp-cron.php?doing_wp_cron=1749732382.3426289558410644531250 HTTP/1.1" 200 0 "-" "WordPress/6.8.1; https://wotaku-manga.com"
51.222.253.11 - - [12/Jun/2025:08:46:20 -0400] "GET /j/2026789473.shtm HTTP/1.1" 301 0 "-" "Mozilla/5.0 (compatible; AhrefsBot/7.0; +http://ahrefs.com/robot/)"
51.222.253.5 - - [12/Jun/2025:08:46:25 -0400] "GET /j/224978601.shtm HTTP/1.1" 301 0 "-" "Mozilla/5.0 (compatible; AhrefsBot/7.0; +http://ahrefs.com/robot/)"
51.222.253.1 - - [12/Jun/2025:08:46:28 -0400] "GET /j/469065223.shtm HTTP/1.1" 301 0 "-" "Mozilla/5.0 (compatible; AhrefsBot/7.0; +http://ahrefs.com/robot/)"
51.222.253.6 - - [12/Jun/2025:08:46:33 -0400] "GET /j/533329357.shtm HTTP/1.1" 301 0 "-" "Mozilla/5.0 (compatible; AhrefsBot/7.0; +http://ahrefs.com/robot/)"
51.222.253.16 - - [12/Jun/2025:08:46:37 -0400] "GET /j/55188629.shtm HTTP/1.1" 301 0 "-" "Mozilla/5.0 (compatible; AhrefsBot/7.0; +http://ahrefs.com/robot/)"
51.222.253.17 - - [12/Jun/2025:08:46:43 -0400] "GET /j/700584577.shtm HTTP/1.1" 301 0 "-" "Mozilla/5.0 (compatible; AhrefsBot/7.0; +http://ahrefs.com/robot/)"
49.48.133.2 - - [12/Jun/2025:08:46:49 -0400] "GET /manga/wotaku-ni-koi-wa-muzukashii-chapter-60/ HTTP/1.1" 200 41968 "https://wotaku-manga.com/" "Mozilla/5.0 (Macintosh; Intel Mac OS X 10_15_7) AppleWebKit/605.1.15 (KHTML, like Gecko) Version/17.6 Safari/605.1.15"
162.0.232.193 - - [12/Jun/2025:08:46:51 -0400] "POST /wp-cron.php?doing_wp_cron=1749732410.6796751022338867187500 HTTP/1.1" 200 0 "-" "WordPress/6.8.1; https://wotaku-manga.com"
51.222.253.6 - - [12/Jun/2025:08:46:48 -0400] "GET /j/848017713.shtm HTTP/1.1" 301 0 "-" "Mozilla/5.0 (compatible; AhrefsBot/7.0; +http://ahrefs.com/robot/)"
51.222.253.5 - - [12/Jun/2025:08:46:52 -0400] "GET /j/960617963.shtm HTTP/1.1" 301 0 "-" "Mozilla/5.0 (compatible; AhrefsBot/7.0; +http://ahrefs.com/robot/)"
51.222.253.18 - - [12/Jun/2025:08:46:56 -0400] "GET /j1003637187.shtm HTTP/1.1" 301 0 "-" "Mozilla/5.0 (compatible; AhrefsBot/7.0; +http://ahrefs.com/robot/)"
162.0.232.193 - - [12/Jun/2025:08:47:03 -0400] "POST /wp-cron.php?doing_wp_cron=1749732423.3873379230499267578125 HTTP/1.1" 200 0 "-" "WordPress/6.8.1; https://wotaku-manga.com"
51.222.253.19 - - [12/Jun/2025:08:47:02 -0400] "GET /j1011821933.shtm HTTP/1.1" 301 0 "-" "Mozilla/5.0 (compatible; AhrefsBot/7.0; +http://ahrefs.com/robot/)"
51.222.253.14 - - [12/Jun/2025:08:47:07 -0400] "GET /j1055545493.shtm HTTP/1.1" 301 0 "-" "Mozilla/5.0 (compatible; AhrefsBot/7.0; +http://ahrefs.com/robot/)"
51.222.253.12 - - [12/Jun/2025:08:47:13 -0400] "GET /j1109653777.shtm HTTP/1.1" 301 0 "-" "Mozilla/5.0 (compatible; AhrefsBot/7.0; +http://ahrefs.com/robot/)"
216.73.216.49 - - [12/Jun/2025:08:47:16 -0400] "GET /sitemap-child-2619.xml HTTP/1.1" 200 11423 "-" "Mozilla/5.0 AppleWebKit/537.36 (KHTML, like Gecko; compatible; ClaudeBot/1.0; [email protected])"
162.0.232.193 - - [12/Jun/2025:08:47:19 -0400] "POST /wp-cron.php?doing_wp_cron=1749732439.3659670352935791015625 HTTP/1.1" 200 0 "-" "WordPress/6.8.1; https://wotaku-manga.com"
51.222.253.19 - - [12/Jun/2025:08:47:17 -0400] "GET /j1180009995.shtm HTTP/1.1" 301 0 "-" "Mozilla/5.0 (compatible; AhrefsBot/7.0; +http://ahrefs.com/robot/)"
51.222.253.2 - - [12/Jun/2025:08:47:23 -0400] "GET /j1261014663.shtm HTTP/1.1" 301 0 "-" "Mozilla/5.0 (compatible; AhrefsBot/7.0; +http://ahrefs.com/robot/)"
2402:3a80:1945:ae0a::2 - - [12/Jun/2025:08:47:26 -0400] "GET /wp-content/uploads/2021/11/Wotaku_ni_Koi_wa_Muzukashii-11-jp-1.jpg HTTP/1.1" 200 230966 "https://wotaku-manga.com/" "Mozilla/5.0 (Linux; Android 10; K) AppleWebKit/537.36 (KHTML, like Gecko) SamsungBrowser/28.0 Chrome/130.0.0.0 Mobile Safari/537.36"
51.222.253.6 - - [12/Jun/2025:08:47:28 -0400] "GET /j1271469283.shtm HTTP/1.1" 301 0 "-" "Mozilla/5.0 (compatible; AhrefsBot/7.0; +http://ahrefs.com/robot/)"
