162.0.232.193 - - [12/Jun/2025:11:52:51 -0400] "POST /wp-cron.php?doing_wp_cron=1749743570.9817841053009033203125 HTTP/1.1" 200 0 "-" "WordPress/6.8.1; https://wotaku-manga.com"
51.222.253.1 - - [12/Jun/2025:11:52:48 -0400] "GET /xr2017505039.shtm HTTP/1.1" 301 0 "-" "Mozilla/5.0 (compatible; AhrefsBot/7.0; +http://ahrefs.com/robot/)"
216.73.216.49 - - [12/Jun/2025:11:52:58 -0400] "GET /sitemap-child-1082.xml HTTP/1.1" 200 11340 "-" "Mozilla/5.0 AppleWebKit/537.36 (KHTML, like Gecko; compatible; ClaudeBot/1.0; [email protected])"
216.73.216.49 - - [12/Jun/2025:11:52:59 -0400] "GET /sitemap-child-2452.xml HTTP/1.1" 200 11340 "-" "Mozilla/5.0 AppleWebKit/537.36 (KHTML, like Gecko; compatible; ClaudeBot/1.0; [email protected])"
216.73.216.49 - - [12/Jun/2025:11:52:59 -0400] "GET /sitemap-child-1746.xml HTTP/1.1" 200 11340 "-" "Mozilla/5.0 AppleWebKit/537.36 (KHTML, like Gecko; compatible; ClaudeBot/1.0; [email protected])"
162.0.232.193 - - [12/Jun/2025:11:53:03 -0400] "POST /wp-cron.php?doing_wp_cron=1749743582.9698889255523681640625 HTTP/1.1" 200 0 "-" "WordPress/6.8.1; https://wotaku-manga.com"
51.222.253.11 - - [12/Jun/2025:11:53:02 -0400] "GET /xr20857373.shtm HTTP/1.1" 301 0 "-" "Mozilla/5.0 (compatible; AhrefsBot/7.0; +http://ahrefs.com/robot/)"
2a03:2880:f800:16:: - - [12/Jun/2025:11:53:01 -0400] "GET /shopdetail/101690235 HTTP/1.1" 301 0 "-" "meta-externalagent/1.1 (+https://developers.facebook.com/docs/sharing/webmasters/crawler)"
2a03:2880:f800:3:: - - [12/Jun/2025:11:53:04 -0400] "GET /shopdetail/380384735 HTTP/1.1" 301 0 "-" "meta-externalagent/1.1 (+https://developers.facebook.com/docs/sharing/webmasters/crawler)"
2a03:2880:f800:1d:: - - [12/Jun/2025:11:53:06 -0400] "GET / HTTP/1.1" 200 37331 "-" "meta-externalagent/1.1 (+https://developers.facebook.com/docs/sharing/webmasters/crawler)"
2a03:2880:f800:17:: - - [12/Jun/2025:11:53:08 -0400] "GET / HTTP/1.1" 200 37331 "-" "meta-externalagent/1.1 (+https://developers.facebook.com/docs/sharing/webmasters/crawler)"
51.222.253.9 - - [12/Jun/2025:11:53:10 -0400] "GET /xr752784049.shtm HTTP/1.1" 301 0 "-" "Mozilla/5.0 (compatible; AhrefsBot/7.0; +http://ahrefs.com/robot/)"
162.0.232.193 - - [12/Jun/2025:11:53:19 -0400] "POST /wp-cron.php?doing_wp_cron=1749743599.0688629150390625000000 HTTP/1.1" 200 0 "-" "WordPress/6.8.1; https://wotaku-manga.com"
51.222.253.18 - - [12/Jun/2025:11:53:17 -0400] "GET /xr824881841.shtm HTTP/1.1" 301 0 "-" "Mozilla/5.0 (compatible; AhrefsBot/7.0; +http://ahrefs.com/robot/)"
51.222.253.6 - - [12/Jun/2025:11:53:21 -0400] "GET /xr960733765.shtm HTTP/1.1" 301 0 "-" "Mozilla/5.0 (compatible; AhrefsBot/7.0; +http://ahrefs.com/robot/)"
2a03:2880:f800:c:: - - [12/Jun/2025:11:53:25 -0400] "GET /shopdetail/299096035 HTTP/1.1" 301 0 "-" "meta-externalagent/1.1 (+https://developers.facebook.com/docs/sharing/webmasters/crawler)"
51.222.253.9 - - [12/Jun/2025:11:53:32 -0400] "GET /xrf253960907.shtm HTTP/1.1" 301 0 "-" "Mozilla/5.0 (compatible; AhrefsBot/7.0; +http://ahrefs.com/robot/)"
51.222.253.8 - - [12/Jun/2025:11:53:40 -0400] "GET /xt/168097143.shtm HTTP/1.1" 301 0 "-" "Mozilla/5.0 (compatible; AhrefsBot/7.0; +http://ahrefs.com/robot/)"
162.0.232.193 - - [12/Jun/2025:11:53:48 -0400] "POST /wp-cron.php?doing_wp_cron=1749743628.0731201171875000000000 HTTP/1.1" 200 0 "-" "WordPress/6.8.1; https://wotaku-manga.com"
51.222.253.13 - - [12/Jun/2025:11:53:47 -0400] "GET /xt/901871717.shtm HTTP/1.1" 301 0 "-" "Mozilla/5.0 (compatible; AhrefsBot/7.0; +http://ahrefs.com/robot/)"
162.0.232.193 - - [12/Jun/2025:11:54:00 -0400] "POST /wp-cron.php?doing_wp_cron=1749743640.3652489185333251953125 HTTP/1.1" 200 0 "-" "WordPress/6.8.1; https://wotaku-manga.com"
198.98.61.192 - - [12/Jun/2025:11:53:59 -0400] "GET /wp-login.php HTTP/1.1" 200 1915 "-" "Mozilla/5.0 (Macintosh; Intel Mac OS X 10.9; rv:30.0) Gecko/20100101 Firefox/30.0"
198.98.61.192 - - [12/Jun/2025:11:54:01 -0400] "POST /wp-login.php HTTP/1.1" 200 2042 "-" "Mozilla/5.0 (Macintosh; Intel Mac OS X 10.9; rv:30.0) Gecko/20100101 Firefox/30.0"
51.222.253.14 - - [12/Jun/2025:11:54:01 -0400] "GET /xt1277780029.shtm HTTP/1.1" 301 0 "-" "Mozilla/5.0 (compatible; AhrefsBot/7.0; +http://ahrefs.com/robot/)"
216.73.216.49 - - [12/Jun/2025:11:54:02 -0400] "GET /sitemap-child-2378.xml HTTP/1.1" 200 11456 "-" "Mozilla/5.0 AppleWebKit/537.36 (KHTML, like Gecko; compatible; ClaudeBot/1.0; [email protected])"
51.222.253.5 - - [12/Jun/2025:11:54:08 -0400] "GET /xt1623500911.shtm HTTP/1.1" 301 0 "-" "Mozilla/5.0 (compatible; AhrefsBot/7.0; +http://ahrefs.com/robot/)"
51.222.253.20 - - [12/Jun/2025:11:54:14 -0400] "GET /xtv824828779.shtm HTTP/1.1" 301 0 "-" "Mozilla/5.0 (compatible; AhrefsBot/7.0; +http://ahrefs.com/robot/)"
162.0.232.193 - - [12/Jun/2025:11:54:22 -0400] "POST /wp-cron.php?doing_wp_cron=1749743662.0760450363159179687500 HTTP/1.1" 200 0 "-" "WordPress/6.8.1; https://wotaku-manga.com"
2a03:2880:f800:2:: - - [12/Jun/2025:11:54:21 -0400] "GET /shopdetail/101393735 HTTP/1.1" 301 0 "-" "meta-externalagent/1.1 (+https://developers.facebook.com/docs/sharing/webmasters/crawler)"
51.222.253.6 - - [12/Jun/2025:11:54:21 -0400] "GET /xv/761038299.shtm HTTP/1.1" 301 0 "-" "Mozilla/5.0 (compatible; AhrefsBot/7.0; +http://ahrefs.com/robot/)"
51.222.253.17 - - [12/Jun/2025:11:54:27 -0400] "GET /xv/895447171.shtm HTTP/1.1" 301 0 "-" "Mozilla/5.0 (compatible; AhrefsBot/7.0; +http://ahrefs.com/robot/)"
51.222.253.11 - - [12/Jun/2025:11:54:38 -0400] "GET /xv1152999635.shtm HTTP/1.1" 301 0 "-" "Mozilla/5.0 (compatible; AhrefsBot/7.0; +http://ahrefs.com/robot/)"
162.0.232.193 - - [12/Jun/2025:11:54:46 -0400] "POST /wp-cron.php?doing_wp_cron=1749743686.0476329326629638671875 HTTP/1.1" 200 0 "-" "WordPress/6.8.1; https://wotaku-manga.com"
51.222.253.3 - - [12/Jun/2025:11:54:44 -0400] "GET /xv1661116569.shtm HTTP/1.1" 301 0 "-" "Mozilla/5.0 (compatible; AhrefsBot/7.0; +http://ahrefs.com/robot/)"
51.222.253.5 - - [12/Jun/2025:11:54:51 -0400] "GET /xv1860318403.shtm HTTP/1.1" 301 0 "-" "Mozilla/5.0 (compatible; AhrefsBot/7.0; +http://ahrefs.com/robot/)"
2a03:2880:f800:10:: - - [12/Jun/2025:11:54:55 -0400] "GET /shopdetail/379703935 HTTP/1.1" 301 0 "-" "meta-externalagent/1.1 (+https://developers.facebook.com/docs/sharing/webmasters/crawler)"
2a03:2880:f800:e:: - - [12/Jun/2025:11:54:59 -0400] "GET / HTTP/1.1" 200 37331 "-" "meta-externalagent/1.1 (+https://developers.facebook.com/docs/sharing/webmasters/crawler)"
162.0.232.193 - - [12/Jun/2025:11:55:09 -0400] "POST /wp-cron.php?doing_wp_cron=1749743709.5718839168548583984375 HTTP/1.1" 200 0 "-" "WordPress/6.8.1; https://wotaku-manga.com"
51.222.253.5 - - [12/Jun/2025:11:55:08 -0400] "GET /xxn837520021.shtm HTTP/1.1" 301 0 "-" "Mozilla/5.0 (compatible; AhrefsBot/7.0; +http://ahrefs.com/robot/)"
162.0.232.193 - - [12/Jun/2025:11:55:19 -0400] "POST /wp-cron.php?doing_wp_cron=1749743718.9849181175231933593750 HTTP/1.1" 200 0 "-" "WordPress/6.8.1; https://wotaku-manga.com"
51.222.253.4 - - [12/Jun/2025:11:55:17 -0400] "GET /xyr/47823637.shtm HTTP/1.1" 301 0 "-" "Mozilla/5.0 (compatible; AhrefsBot/7.0; +http://ahrefs.com/robot/)"
45.124.54.124 - - [12/Jun/2025:11:55:19 -0400] "POST /xmlrpc.php HTTP/1.1" 200 205 "-" "Mozilla/5.0 (X11; Ubuntu; Linux x86_64; rv:85.0) Gecko/20100101 Firefox/91.0"
51.222.253.11 - - [12/Jun/2025:11:55:25 -0400] "GET /xz/123442149.shtm HTTP/1.1" 301 0 "-" "Mozilla/5.0 (compatible; AhrefsBot/7.0; +http://ahrefs.com/robot/)"
2a03:2880:f800:1d:: - - [12/Jun/2025:11:55:28 -0400] "GET / HTTP/1.1" 200 37331 "-" "meta-externalagent/1.1 (+https://developers.facebook.com/docs/sharing/webmasters/crawler)"
2a03:2880:f800:1a:: - - [12/Jun/2025:11:55:33 -0400] "GET / HTTP/1.1" 200 37376 "-" "meta-externalagent/1.1 (+https://developers.facebook.com/docs/sharing/webmasters/crawler)"
51.222.253.8 - - [12/Jun/2025:11:55:32 -0400] "GET /xz1109928637.shtm HTTP/1.1" 301 0 "-" "Mozilla/5.0 (compatible; AhrefsBot/7.0; +http://ahrefs.com/robot/)"
216.73.216.49 - - [12/Jun/2025:11:55:39 -0400] "GET /sitemap-child-3014.xml HTTP/1.1" 200 11419 "-" "Mozilla/5.0 AppleWebKit/537.36 (KHTML, like Gecko; compatible; ClaudeBot/1.0; [email protected])"
51.222.253.3 - - [12/Jun/2025:11:55:39 -0400] "GET /xz1277973579.shtm HTTP/1.1" 301 0 "-" "Mozilla/5.0 (compatible; AhrefsBot/7.0; +http://ahrefs.com/robot/)"
162.0.232.193 - - [12/Jun/2025:11:55:49 -0400] "POST /wp-cron.php?doing_wp_cron=1749743749.3458929061889648437500 HTTP/1.1" 200 0 "-" "WordPress/6.8.1; https://wotaku-manga.com"
51.222.253.9 - - [12/Jun/2025:11:55:47 -0400] "GET /xz1550030091.shtm HTTP/1.1" 301 0 "-" "Mozilla/5.0 (compatible; AhrefsBot/7.0; +http://ahrefs.com/robot/)"
162.0.232.193 - - [12/Jun/2025:11:55:58 -0400] "POST /wp-cron.php?doing_wp_cron=1749743758.2473320960998535156250 HTTP/1.1" 200 0 "-" "WordPress/6.8.1; https://wotaku-manga.com"
51.222.253.4 - - [12/Jun/2025:11:55:57 -0400] "GET /xz1791019073.shtm HTTP/1.1" 301 0 "-" "Mozilla/5.0 (compatible; AhrefsBot/7.0; +http://ahrefs.com/robot/)"
2a03:2880:f800:4:: - - [12/Jun/2025:11:56:00 -0400] "GET /shopdetail/273772035 HTTP/1.1" 301 0 "-" "meta-externalagent/1.1 (+https://developers.facebook.com/docs/sharing/webmasters/crawler)"
2a03:2880:f800:a:: - - [12/Jun/2025:11:56:03 -0400] "GET / HTTP/1.1" 200 37331 "-" "meta-externalagent/1.1 (+https://developers.facebook.com/docs/sharing/webmasters/crawler)"
51.222.253.17 - - [12/Jun/2025:11:56:02 -0400] "GET /xz1793342537.shtm HTTP/1.1" 301 0 "-" "Mozilla/5.0 (compatible; AhrefsBot/7.0; +http://ahrefs.com/robot/)"
2a03:2880:f800:d:: - - [12/Jun/2025:11:56:04 -0400] "GET /shopdetail/102570935 HTTP/1.1" 301 0 "-" "meta-externalagent/1.1 (+https://developers.facebook.com/docs/sharing/webmasters/crawler)"
2a03:2880:f800:9:: - - [12/Jun/2025:11:56:08 -0400] "GET / HTTP/1.1" 200 37331 "-" "meta-externalagent/1.1 (+https://developers.facebook.com/docs/sharing/webmasters/crawler)"
51.222.253.6 - - [12/Jun/2025:11:56:12 -0400] "GET /xz1906136153.shtm HTTP/1.1" 301 0 "-" "Mozilla/5.0 (compatible; AhrefsBot/7.0; +http://ahrefs.com/robot/)"
162.0.232.193 - - [12/Jun/2025:11:56:21 -0400] "POST /wp-cron.php?doing_wp_cron=1749743781.2959599494934082031250 HTTP/1.1" 200 0 "-" "WordPress/6.8.1; https://wotaku-manga.com"
51.222.253.11 - - [12/Jun/2025:11:56:19 -0400] "GET /xz1966459559.shtm HTTP/1.1" 301 0 "-" "Mozilla/5.0 (compatible; AhrefsBot/7.0; +http://ahrefs.com/robot/)"
51.222.253.8 - - [12/Jun/2025:11:56:27 -0400] "GET /xz427622311.shtm HTTP/1.1" 301 0 "-" "Mozilla/5.0 (compatible; AhrefsBot/7.0; +http://ahrefs.com/robot/)"
216.73.216.49 - - [12/Jun/2025:11:56:28 -0400] "GET /sitemap-child-495.xml HTTP/1.1" 200 11153 "-" "Mozilla/5.0 AppleWebKit/537.36 (KHTML, like Gecko; compatible; ClaudeBot/1.0; [email protected])"
2001:44c8:6014:781f:1847:b487:7f10:2e6 - - [12/Jun/2025:11:56:28 -0400] "GET /manga/wotaku-ni-koi-wa-muzukashii-chapter-31/ HTTP/1.1" 200 41884 "https://www.google.com/" "Mozilla/5.0 (Linux; Android 10; K) AppleWebKit/537.36 (KHTML, like Gecko) Chrome/111.0.0.0 Mobile Safari/537.36"
2001:44c8:6014:781f:1847:b487:7f10:2e6 - - [12/Jun/2025:11:56:31 -0400] "GET /wp-content/cache/min/1/wp-content/plugins/disqus-comment-system/public/js/comment_count.js?ver=1684511264 HTTP/1.1" 304 0 "https://wotaku-manga.com/manga/wotaku-ni-koi-wa-muzukashii-chapter-31/" "Mozilla/5.0 (Linux; Android 10; K) AppleWebKit/537.36 (KHTML, like Gecko) Chrome/111.0.0.0 Mobile Safari/537.36"
51.222.253.15 - - [12/Jun/2025:11:56:34 -0400] "GET /xz464197915.shtm HTTP/1.1" 301 0 "-" "Mozilla/5.0 (compatible; AhrefsBot/7.0; +http://ahrefs.com/robot/)"
2001:44c8:6014:781f:1847:b487:7f10:2e6 - - [12/Jun/2025:11:56:43 -0400] "GET /manga/wotakoi-love-is-hard-for-otaku-chapter-87/ HTTP/1.1" 200 41147 "https://wotaku-manga.com/manga/wotaku-ni-koi-wa-muzukashii-chapter-31/" "Mozilla/5.0 (Linux; Android 10; K) AppleWebKit/537.36 (KHTML, like Gecko) Chrome/111.0.0.0 Mobile Safari/537.36"
162.0.232.193 - - [12/Jun/2025:11:56:47 -0400] "POST /wp-cron.php?doing_wp_cron=1749743807.4103438854217529296875 HTTP/1.1" 200 0 "-" "WordPress/6.8.1; https://wotaku-manga.com"
51.222.253.4 - - [12/Jun/2025:11:56:46 -0400] "GET /xz885115893.shtm HTTP/1.1" 301 0 "-" "Mozilla/5.0 (compatible; AhrefsBot/7.0; +http://ahrefs.com/robot/)"
2a03:2880:f800:13:: - - [12/Jun/2025:11:56:50 -0400] "GET /shopdetail/386732735 HTTP/1.1" 301 0 "-" "meta-externalagent/1.1 (+https://developers.facebook.com/docs/sharing/webmasters/crawler)"
2a03:2880:f800:a:: - - [12/Jun/2025:11:56:55 -0400] "GET / HTTP/1.1" 200 37331 "-" "meta-externalagent/1.1 (+https://developers.facebook.com/docs/sharing/webmasters/crawler)"
51.222.253.13 - - [12/Jun/2025:11:56:54 -0400] "GET /xz97372235.shtm HTTP/1.1" 301 0 "-" "Mozilla/5.0 (compatible; AhrefsBot/7.0; +http://ahrefs.com/robot/)"
162.0.232.193 - - [12/Jun/2025:11:57:00 -0400] "POST /wp-cron.php?doing_wp_cron=1749743820.5694649219512939453125 HTTP/1.1" 200 0 "-" "WordPress/6.8.1; https://wotaku-manga.com"
51.222.253.5 - - [12/Jun/2025:11:56:59 -0400] "GET /xzd347496919.shtm HTTP/1.1" 301 0 "-" "Mozilla/5.0 (compatible; AhrefsBot/7.0; +http://ahrefs.com/robot/)"
51.222.253.2 - - [12/Jun/2025:11:57:08 -0400] "GET /y/1040013840.shtm HTTP/1.1" 301 0 "-" "Mozilla/5.0 (compatible; AhrefsBot/7.0; +http://ahrefs.com/robot/)"
66.249.66.75 - - [12/Jun/2025:11:57:12 -0400] "GET /g76785330.shtm HTTP/1.1" 200 81880 "-" "Mozilla/5.0 (Linux; Android 6.0.1; Nexus 5X Build/MMB29P) AppleWebKit/537.36 (KHTML, like Gecko) Chrome/136.0.7103.113 Mobile Safari/537.36 (compatible; Googlebot/2.1; +http://www.google.com/bot.html)"
66.249.66.73 - - [12/Jun/2025:11:57:14 -0400] "GET /fcd/subtreasuries/76801169.shtm HTTP/1.1" 200 82855 "-" "Mozilla/5.0 (Linux; Android 6.0.1; Nexus 5X Build/MMB29P) AppleWebKit/537.36 (KHTML, like Gecko) Chrome/136.0.7103.113 Mobile Safari/537.36 (compatible; Googlebot/2.1; +http://www.google.com/bot.html)"
51.222.253.9 - - [12/Jun/2025:11:57:15 -0400] "GET /y/1048955656.shtm HTTP/1.1" 301 0 "-" "Mozilla/5.0 (compatible; AhrefsBot/7.0; +http://ahrefs.com/robot/)"
162.0.232.193 - - [12/Jun/2025:11:57:25 -0400] "POST /wp-cron.php?doing_wp_cron=1749743845.6749060153961181640625 HTTP/1.1" 200 0 "-" "WordPress/6.8.1; https://wotaku-manga.com"
51.222.253.5 - - [12/Jun/2025:11:57:24 -0400] "GET /y/1055081408.shtm HTTP/1.1" 301 0 "-" "Mozilla/5.0 (compatible; AhrefsBot/7.0; +http://ahrefs.com/robot/)"
51.222.253.14 - - [12/Jun/2025:11:57:32 -0400] "GET /y/1058619154.shtm HTTP/1.1" 301 0 "-" "Mozilla/5.0 (compatible; AhrefsBot/7.0; +http://ahrefs.com/robot/)"
51.222.253.11 - - [12/Jun/2025:11:57:42 -0400] "GET /y/1067648220.shtm HTTP/1.1" 301 0 "-" "Mozilla/5.0 (compatible; AhrefsBot/7.0; +http://ahrefs.com/robot/)"
162.0.232.193 - - [12/Jun/2025:11:57:49 -0400] "POST /wp-cron.php?doing_wp_cron=1749743869.0634059906005859375000 HTTP/1.1" 200 0 "-" "WordPress/6.8.1; https://wotaku-manga.com"
51.222.253.18 - - [12/Jun/2025:11:57:47 -0400] "GET /y/1117322144.shtm HTTP/1.1" 301 0 "-" "Mozilla/5.0 (compatible; AhrefsBot/7.0; +http://ahrefs.com/robot/)"
51.222.253.7 - - [12/Jun/2025:11:57:55 -0400] "GET /y/1131103430.shtm HTTP/1.1" 301 0 "-" "Mozilla/5.0 (compatible; AhrefsBot/7.0; +http://ahrefs.com/robot/)"
162.0.232.193 - - [12/Jun/2025:11:58:02 -0400] "POST /wp-cron.php?doing_wp_cron=1749743882.0682098865509033203125 HTTP/1.1" 200 0 "-" "WordPress/6.8.1; https://wotaku-manga.com"
51.222.253.3 - - [12/Jun/2025:11:58:01 -0400] "GET /y/1145573354.shtm HTTP/1.1" 301 0 "-" "Mozilla/5.0 (compatible; AhrefsBot/7.0; +http://ahrefs.com/robot/)"
51.222.253.8 - - [12/Jun/2025:11:58:08 -0400] "GET /y/1148300384.shtm HTTP/1.1" 301 0 "-" "Mozilla/5.0 (compatible; AhrefsBot/7.0; +http://ahrefs.com/robot/)"
140.213.170.151 - - [12/Jun/2025:11:58:12 -0400] "POST /wp-admin/admin-ajax.php HTTP/1.1" 200 61 "https://wotaku-manga.com/manga/wotaku-ni-koi-wa-muzukashii-chapter-29/" "Mozilla/5.0 (Linux; Android 10; K) AppleWebKit/537.36 (KHTML, like Gecko) Chrome/137.0.0.0 Mobile Safari/537.36"
51.222.253.13 - - [12/Jun/2025:11:58:16 -0400] "GET /y/1153510832.shtm HTTP/1.1" 301 0 "-" "Mozilla/5.0 (compatible; AhrefsBot/7.0; +http://ahrefs.com/robot/)"
162.0.232.193 - - [12/Jun/2025:11:58:25 -0400] "POST /wp-cron.php?doing_wp_cron=1749743904.8520689010620117187500 HTTP/1.1" 200 0 "-" "WordPress/6.8.1; https://wotaku-manga.com"
51.222.253.20 - - [12/Jun/2025:11:58:23 -0400] "GET /y/1206457392.shtm HTTP/1.1" 301 0 "-" "Mozilla/5.0 (compatible; AhrefsBot/7.0; +http://ahrefs.com/robot/)"
2001:44c8:6014:781f:1847:b487:7f10:2e6 - - [12/Jun/2025:11:58:26 -0400] "GET /category/wotakoi-love-is-hard-for-otaku-manga-volumes/ HTTP/1.1" 200 46168 "https://wotaku-manga.com/manga/wotaku-ni-koi-wa-muzukashii-chapter-31/" "Mozilla/5.0 (Linux; Android 10; K) AppleWebKit/537.36 (KHTML, like Gecko) Chrome/111.0.0.0 Mobile Safari/537.36"
2001:44c8:6014:781f:1847:b487:7f10:2e6 - - [12/Jun/2025:11:58:28 -0400] "GET /manga/wotaku-ni-koi-wa-muzukashii-chapter-32/ HTTP/1.1" 200 42360 "https://wotaku-manga.com/manga/wotaku-ni-koi-wa-muzukashii-chapter-31/" "Mozilla/5.0 (Linux; Android 10; K) AppleWebKit/537.36 (KHTML, like Gecko) Chrome/111.0.0.0 Mobile Safari/537.36"
51.222.253.1 - - [12/Jun/2025:11:58:31 -0400] "GET /y/1219431346.shtm HTTP/1.1" 301 0 "-" "Mozilla/5.0 (compatible; AhrefsBot/7.0; +http://ahrefs.com/robot/)"
51.222.253.10 - - [12/Jun/2025:11:58:39 -0400] "GET /y/1236329010.shtm HTTP/1.1" 301 0 "-" "Mozilla/5.0 (compatible; AhrefsBot/7.0; +http://ahrefs.com/robot/)"
2a03:2880:f800:f:: - - [12/Jun/2025:11:58:41 -0400] "GET /shopdetail/60681935 HTTP/1.1" 301 0 "-" "meta-externalagent/1.1 (+https://developers.facebook.com/docs/sharing/webmasters/crawler)"
2a03:2880:f800:18:: - - [12/Jun/2025:11:58:44 -0400] "GET / HTTP/1.1" 200 37331 "-" "meta-externalagent/1.1 (+https://developers.facebook.com/docs/sharing/webmasters/crawler)"
162.0.232.193 - - [12/Jun/2025:11:58:47 -0400] "POST /wp-cron.php?doing_wp_cron=1749743927.0748999118804931640625 HTTP/1.1" 200 0 "-" "WordPress/6.8.1; https://wotaku-manga.com"
51.222.253.10 - - [12/Jun/2025:11:58:46 -0400] "GET /y/1264262552.shtm HTTP/1.1" 301 0 "-" "Mozilla/5.0 (compatible; AhrefsBot/7.0; +http://ahrefs.com/robot/)"
162.0.232.193 - - [12/Jun/2025:11:59:01 -0400] "POST /wp-cron.php?doing_wp_cron=1749743940.6550130844116210937500 HTTP/1.1" 200 0 "-" "WordPress/6.8.1; https://wotaku-manga.com"
51.222.253.3 - - [12/Jun/2025:11:58:56 -0400] "GET /y/1279260224.shtm HTTP/1.1" 301 0 "-" "Mozilla/5.0 (compatible; AhrefsBot/7.0; +http://ahrefs.com/robot/)"
51.222.253.20 - - [12/Jun/2025:11:59:06 -0400] "GET /y/1329320632.shtm HTTP/1.1" 301 0 "-" "Mozilla/5.0 (compatible; AhrefsBot/7.0; +http://ahrefs.com/robot/)"
66.249.66.10 - - [12/Jun/2025:11:59:12 -0400] "GET /xr/tanged68506299.shtm HTTP/1.1" 200 81309 "-" "Mozilla/5.0 (Linux; Android 6.0.1; Nexus 5X Build/MMB29P) AppleWebKit/537.36 (KHTML, like Gecko) Chrome/136.0.7103.113 Mobile Safari/537.36 (compatible; Googlebot/2.1; +http://www.google.com/bot.html)"
2a03:2880:f800:11:: - - [12/Jun/2025:11:59:13 -0400] "GET /shopdetail/268617735 HTTP/1.1" 301 0 "-" "meta-externalagent/1.1 (+https://developers.facebook.com/docs/sharing/webmasters/crawler)"
51.222.253.9 - - [12/Jun/2025:11:59:13 -0400] "GET /y/1342451668.shtm HTTP/1.1" 301 0 "-" "Mozilla/5.0 (compatible; AhrefsBot/7.0; +http://ahrefs.com/robot/)"
2a03:2880:f800:e:: - - [12/Jun/2025:11:59:15 -0400] "GET / HTTP/1.1" 200 37331 "-" "meta-externalagent/1.1 (+https://developers.facebook.com/docs/sharing/webmasters/crawler)"
2001:44c8:6014:781f:1847:b487:7f10:2e6 - - [12/Jun/2025:11:59:16 -0400] "GET /manga/wotaku-ni-koi-wa-muzukashii-chapter-33/ HTTP/1.1" 200 42847 "https://wotaku-manga.com/manga/wotaku-ni-koi-wa-muzukashii-chapter-32/" "Mozilla/5.0 (Linux; Android 10; K) AppleWebKit/537.36 (KHTML, like Gecko) Chrome/111.0.0.0 Mobile Safari/537.36"
162.0.232.193 - - [12/Jun/2025:11:59:18 -0400] "POST /wp-cron.php?doing_wp_cron=1749743958.5982170104980468750000 HTTP/1.1" 200 0 "-" "WordPress/6.8.1; https://wotaku-manga.com"
2a03:2880:f800:2:: - - [12/Jun/2025:11:59:18 -0400] "GET /shopdetail/164999935 HTTP/1.1" 301 0 "-" "meta-externalagent/1.1 (+https://developers.facebook.com/docs/sharing/webmasters/crawler)"
2a03:2880:f800:13:: - - [12/Jun/2025:11:59:22 -0400] "GET / HTTP/1.1" 200 37331 "-" "meta-externalagent/1.1 (+https://developers.facebook.com/docs/sharing/webmasters/crawler)"
51.222.253.15 - - [12/Jun/2025:11:59:22 -0400] "GET /y/1457778692.shtm HTTP/1.1" 301 0 "-" "Mozilla/5.0 (compatible; AhrefsBot/7.0; +http://ahrefs.com/robot/)"
2a03:2880:f800:18:: - - [12/Jun/2025:11:59:30 -0400] "GET /shopdetail/378900535 HTTP/1.1" 301 0 "-" "meta-externalagent/1.1 (+https://developers.facebook.com/docs/sharing/webmasters/crawler)"
51.222.253.10 - - [12/Jun/2025:11:59:35 -0400] "GET /y/1478004734.shtm HTTP/1.1" 301 0 "-" "Mozilla/5.0 (compatible; AhrefsBot/7.0; +http://ahrefs.com/robot/)"
2a03:2880:f800:7:: - - [12/Jun/2025:11:59:37 -0400] "GET / HTTP/1.1" 200 37331 "-" "meta-externalagent/1.1 (+https://developers.facebook.com/docs/sharing/webmasters/crawler)"
2a03:2880:f800:4:: - - [12/Jun/2025:11:59:43 -0400] "GET /shopdetail/65360635 HTTP/1.1" 301 0 "-" "meta-externalagent/1.1 (+https://developers.facebook.com/docs/sharing/webmasters/crawler)"
162.0.232.193 - - [12/Jun/2025:11:59:45 -0400] "POST /wp-cron.php?doing_wp_cron=1749743985.2753939628601074218750 HTTP/1.1" 200 0 "-" "WordPress/6.8.1; https://wotaku-manga.com"
51.222.253.8 - - [12/Jun/2025:11:59:43 -0400] "GET /y/1549996650.shtm HTTP/1.1" 301 0 "-" "Mozilla/5.0 (compatible; AhrefsBot/7.0; +http://ahrefs.com/robot/)"
2a03:2880:f800:1d:: - - [12/Jun/2025:11:59:47 -0400] "GET / HTTP/1.1" 200 37331 "-" "meta-externalagent/1.1 (+https://developers.facebook.com/docs/sharing/webmasters/crawler)"
51.222.253.1 - - [12/Jun/2025:11:59:51 -0400] "GET /y/1599810510.shtm HTTP/1.1" 301 0 "-" "Mozilla/5.0 (compatible; AhrefsBot/7.0; +http://ahrefs.com/robot/)"
162.0.232.193 - - [12/Jun/2025:12:00:03 -0400] "POST /wp-cron.php?doing_wp_cron=1749744002.4986140727996826171875 HTTP/1.1" 200 0 "-" "WordPress/6.8.1; https://wotaku-manga.com"
51.222.253.10 - - [12/Jun/2025:12:00:00 -0400] "GET /y/1605054874.shtm HTTP/1.1" 301 0 "-" "Mozilla/5.0 (compatible; AhrefsBot/7.0; +http://ahrefs.com/robot/)"
51.222.253.1 - - [12/Jun/2025:12:00:10 -0400] "GET /y/1645065060.shtm HTTP/1.1" 301 0 "-" "Mozilla/5.0 (compatible; AhrefsBot/7.0; +http://ahrefs.com/robot/)"
216.73.216.49 - - [12/Jun/2025:12:00:23 -0400] "GET /sitemap-child-2949.xml HTTP/1.1" 200 11288 "-" "Mozilla/5.0 AppleWebKit/537.36 (KHTML, like Gecko; compatible; ClaudeBot/1.0; [email protected])"
162.0.232.193 - - [12/Jun/2025:12:00:25 -0400] "POST /wp-cron.php?doing_wp_cron=1749744025.4802589416503906250000 HTTP/1.1" 200 0 "-" "WordPress/6.8.1; https://wotaku-manga.com"
51.222.253.6 - - [12/Jun/2025:12:00:23 -0400] "GET /y/1739711014.shtm HTTP/1.1" 301 0 "-" "Mozilla/5.0 (compatible; AhrefsBot/7.0; +http://ahrefs.com/robot/)"
51.222.253.3 - - [12/Jun/2025:12:00:30 -0400] "GET /y/1742774010.shtm HTTP/1.1" 301 0 "-" "Mozilla/5.0 (compatible; AhrefsBot/7.0; +http://ahrefs.com/robot/)"
162.0.232.193 - - [12/Jun/2025:12:00:49 -0400] "POST /wp-cron.php?doing_wp_cron=1749744049.5484011173248291015625 HTTP/1.1" 200 0 "-" "WordPress/6.8.1; https://wotaku-manga.com"
51.222.253.20 - - [12/Jun/2025:12:00:47 -0400] "GET /y/1860601742.shtm HTTP/1.1" 301 0 "-" "Mozilla/5.0 (compatible; AhrefsBot/7.0; +http://ahrefs.com/robot/)"
162.0.232.193 - - [12/Jun/2025:12:01:03 -0400] "POST /wp-cron.php?doing_wp_cron=1749744063.0576319694519042968750 HTTP/1.1" 200 0 "-" "WordPress/6.8.1; https://wotaku-manga.com"
51.222.253.14 - - [12/Jun/2025:12:01:01 -0400] "GET /y/1914868516.shtm HTTP/1.1" 301 0 "-" "Mozilla/5.0 (compatible; AhrefsBot/7.0; +http://ahrefs.com/robot/)"
51.222.253.19 - - [12/Jun/2025:12:01:07 -0400] "GET /y/1956955082.shtm HTTP/1.1" 301 0 "-" "Mozilla/5.0 (compatible; AhrefsBot/7.0; +http://ahrefs.com/robot/)"
2001:44c8:6014:781f:1847:b487:7f10:2e6 - - [12/Jun/2025:12:01:14 -0400] "GET /manga/wotaku-ni-koi-wa-muzukashii-chapter-34/ HTTP/1.1" 200 42598 "https://wotaku-manga.com/manga/wotaku-ni-koi-wa-muzukashii-chapter-33/" "Mozilla/5.0 (Linux; Android 10; K) AppleWebKit/537.36 (KHTML, like Gecko) Chrome/111.0.0.0 Mobile Safari/537.36"
2001:44c8:6014:781f:1847:b487:7f10:2e6 - - [12/Jun/2025:12:01:13 -0400] "GET /tag/webcomic/ HTTP/1.1" 301 0 "https://wotaku-manga.com/manga/wotaku-ni-koi-wa-muzukashii-chapter-33/" "Mozilla/5.0 (Linux; Android 10; K) AppleWebKit/537.36 (KHTML, like Gecko) Chrome/111.0.0.0 Mobile Safari/537.36"
2001:44c8:6014:781f:1847:b487:7f10:2e6 - - [12/Jun/2025:12:01:15 -0400] "GET / HTTP/1.1" 200 37976 "https://wotaku-manga.com/manga/wotaku-ni-koi-wa-muzukashii-chapter-33/" "Mozilla/5.0 (Linux; Android 10; K) AppleWebKit/537.36 (KHTML, like Gecko) Chrome/111.0.0.0 Mobile Safari/537.36"
51.222.253.13 - - [12/Jun/2025:12:01:16 -0400] "GET /y/1966618588.shtm HTTP/1.1" 301 0 "-" "Mozilla/5.0 (compatible; AhrefsBot/7.0; +http://ahrefs.com/robot/)"
162.0.232.193 - - [12/Jun/2025:12:01:20 -0400] "POST /wp-cron.php?doing_wp_cron=1749744079.9434299468994140625000 HTTP/1.1" 200 0 "-" "WordPress/6.8.1; https://wotaku-manga.com"
2a03:2880:f800:1a:: - - [12/Jun/2025:12:01:17 -0400] "GET /shopdetail/411338735 HTTP/1.1" 301 0 "-" "meta-externalagent/1.1 (+https://developers.facebook.com/docs/sharing/webmasters/crawler)"
51.222.253.3 - - [12/Jun/2025:12:01:21 -0400] "GET /y/2004709316.shtm HTTP/1.1" 301 0 "-" "Mozilla/5.0 (compatible; AhrefsBot/7.0; +http://ahrefs.com/robot/)"
2a03:2880:f800:a:: - - [12/Jun/2025:12:01:25 -0400] "GET / HTTP/1.1" 200 37331 "-" "meta-externalagent/1.1 (+https://developers.facebook.com/docs/sharing/webmasters/crawler)"
216.73.216.49 - - [12/Jun/2025:12:01:28 -0400] "GET /sitemap-child-688.xml HTTP/1.1" 200 11288 "-" "Mozilla/5.0 AppleWebKit/537.36 (KHTML, like Gecko; compatible; ClaudeBot/1.0; [email protected])"
51.222.253.2 - - [12/Jun/2025:12:01:29 -0400] "GET /y/2024633756.shtm HTTP/1.1" 301 0 "-" "Mozilla/5.0 (compatible; AhrefsBot/7.0; +http://ahrefs.com/robot/)"
51.222.253.11 - - [12/Jun/2025:12:01:39 -0400] "GET /y/20999112.shtm HTTP/1.1" 301 0 "-" "Mozilla/5.0 (compatible; AhrefsBot/7.0; +http://ahrefs.com/robot/)"
162.0.232.193 - - [12/Jun/2025:12:01:50 -0400] "POST /wp-cron.php?doing_wp_cron=1749744109.9170401096343994140625 HTTP/1.1" 200 0 "-" "WordPress/6.8.1; https://wotaku-manga.com"
51.222.253.13 - - [12/Jun/2025:12:01:48 -0400] "GET /y/217348214.shtm HTTP/1.1" 301 0 "-" "Mozilla/5.0 (compatible; AhrefsBot/7.0; +http://ahrefs.com/robot/)"
140.213.168.247 - - [12/Jun/2025:12:01:53 -0400] "GET /category/wotakoi-love-is-hard-for-otaku-manga-set/ HTTP/1.1" 200 46518 "https://wotaku-manga.com/manga/wotaku-ni-koi-wa-muzukashii-chapter-29/" "Mozilla/5.0 (Linux; Android 10; K) AppleWebKit/537.36 (KHTML, like Gecko) Chrome/137.0.0.0 Mobile Safari/537.36"
140.213.168.247 - - [12/Jun/2025:12:01:53 -0400] "GET /tag/wotaku-ni-koi-wa-muzukashii/ HTTP/1.1" 301 0 "https://wotaku-manga.com/manga/wotaku-ni-koi-wa-muzukashii-chapter-29/" "Mozilla/5.0 (Linux; Android 10; K) AppleWebKit/537.36 (KHTML, like Gecko) Chrome/137.0.0.0 Mobile Safari/537.36"
140.213.168.247 - - [12/Jun/2025:12:01:54 -0400] "GET / HTTP/1.1" 200 38007 "https://wotaku-manga.com/manga/wotaku-ni-koi-wa-muzukashii-chapter-29/" "Mozilla/5.0 (Linux; Android 10; K) AppleWebKit/537.36 (KHTML, like Gecko) Chrome/137.0.0.0 Mobile Safari/537.36"
140.213.168.247 - - [12/Jun/2025:12:01:55 -0400] "GET /category/wotakoi-love-is-hard-for-otaku-manga-read-online/ HTTP/1.1" 200 46258 "https://wotaku-manga.com/manga/wotaku-ni-koi-wa-muzukashii-chapter-29/" "Mozilla/5.0 (Linux; Android 10; K) AppleWebKit/537.36 (KHTML, like Gecko) Chrome/137.0.0.0 Mobile Safari/537.36"
162.0.232.193 - - [12/Jun/2025:12:03:00 -0400] "POST /wp-cron.php?doing_wp_cron=1749744180.1451630592346191406250 HTTP/1.1" 200 0 "-" "WordPress/6.8.1; https://wotaku-manga.com"
51.222.253.6 - - [12/Jun/2025:12:02:59 -0400] "GET /y/638829056.shtm HTTP/1.1" 301 0 "-" "Mozilla/5.0 (compatible; AhrefsBot/7.0; +http://ahrefs.com/robot/)"
2a03:2880:f800:b:: - - [12/Jun/2025:12:03:03 -0400] "GET / HTTP/1.1" 200 37331 "-" "meta-externalagent/1.1 (+https://developers.facebook.com/docs/sharing/webmasters/crawler)"
66.249.66.70 - - [12/Jun/2025:12:03:03 -0400] "GET /manga/wotaku-ni-koi-wa-muzukashii-chapter-35/ HTTP/1.1" 200 82098 "-" "Mozilla/5.0 (Linux; Android 6.0.1; Nexus 5X Build/MMB29P) AppleWebKit/537.36 (KHTML, like Gecko) Chrome/136.0.7103.113 Mobile Safari/537.36 (compatible; Googlebot/2.1; +http://www.google.com/bot.html)"
51.222.253.12 - - [12/Jun/2025:12:03:07 -0400] "GET /y/685156752.shtm HTTP/1.1" 301 0 "-" "Mozilla/5.0 (compatible; AhrefsBot/7.0; +http://ahrefs.com/robot/)"
51.222.253.5 - - [12/Jun/2025:12:03:14 -0400] "GET /y/753224462.shtm HTTP/1.1" 301 0 "-" "Mozilla/5.0 (compatible; AhrefsBot/7.0; +http://ahrefs.com/robot/)"
162.0.232.193 - - [12/Jun/2025:12:03:28 -0400] "POST /wp-cron.php?doing_wp_cron=1749744208.3496270179748535156250 HTTP/1.1" 200 0 "-" "WordPress/6.8.1; https://wotaku-manga.com"
51.222.253.4 - - [12/Jun/2025:12:03:27 -0400] "GET /y/760828846.shtm HTTP/1.1" 301 0 "-" "Mozilla/5.0 (compatible; AhrefsBot/7.0; +http://ahrefs.com/robot/)"
216.73.216.49 - - [12/Jun/2025:12:03:30 -0400] "GET /sitemap-child-1876.xml HTTP/1.1" 200 11288 "-" "Mozilla/5.0 AppleWebKit/537.36 (KHTML, like Gecko; compatible; ClaudeBot/1.0; [email protected])"
51.222.253.9 - - [12/Jun/2025:12:03:35 -0400] "GET /y/812930702.shtm HTTP/1.1" 301 0 "-" "Mozilla/5.0 (compatible; AhrefsBot/7.0; +http://ahrefs.com/robot/)"
51.222.253.7 - - [12/Jun/2025:12:03:43 -0400] "GET /y/85087802.shtm HTTP/1.1" 301 0 "-" "Mozilla/5.0 (compatible; AhrefsBot/7.0; +http://ahrefs.com/robot/)"
162.0.232.193 - - [12/Jun/2025:12:03:47 -0400] "POST /wp-cron.php?doing_wp_cron=1749744227.4682059288024902343750 HTTP/1.1" 200 0 "-" "WordPress/6.8.1; https://wotaku-manga.com"
2a03:2880:f800:3:: - - [12/Jun/2025:12:03:46 -0400] "GET /shopdetail/26715135 HTTP/1.1" 301 0 "-" "meta-externalagent/1.1 (+https://developers.facebook.com/docs/sharing/webmasters/crawler)"
2a03:2880:f800:17:: - - [12/Jun/2025:12:03:49 -0400] "GET / HTTP/1.1" 200 37331 "-" "meta-externalagent/1.1 (+https://developers.facebook.com/docs/sharing/webmasters/crawler)"
51.222.253.5 - - [12/Jun/2025:12:03:50 -0400] "GET /y/883919560.shtm HTTP/1.1" 301 0 "-" "Mozilla/5.0 (compatible; AhrefsBot/7.0; +http://ahrefs.com/robot/)"
162.0.232.193 - - [12/Jun/2025:12:04:06 -0400] "POST /wp-cron.php?doing_wp_cron=1749744246.1839768886566162109375 HTTP/1.1" 200 0 "-" "WordPress/6.8.1; https://wotaku-manga.com"
51.222.253.19 - - [12/Jun/2025:12:04:04 -0400] "GET /y/901961610.shtm HTTP/1.1" 301 0 "-" "Mozilla/5.0 (compatible; AhrefsBot/7.0; +http://ahrefs.com/robot/)"
51.222.253.7 - - [12/Jun/2025:12:04:11 -0400] "GET /y/941372232.shtm HTTP/1.1" 301 0 "-" "Mozilla/5.0 (compatible; AhrefsBot/7.0; +http://ahrefs.com/robot/)"
2001:44c8:6014:781f:1847:b487:7f10:2e6 - - [12/Jun/2025:12:04:14 -0400] "GET /manga/wotaku-ni-koi-wa-muzukashii-chapter-36/ HTTP/1.1" 200 42404 "https://wotaku-manga.com/manga/wotaku-ni-koi-wa-muzukashii-chapter-35/" "Mozilla/5.0 (Linux; Android 10; K) AppleWebKit/537.36 (KHTML, like Gecko) Chrome/111.0.0.0 Mobile Safari/537.36"
162.0.232.193 - - [12/Jun/2025:12:04:29 -0400] "POST /wp-cron.php?doing_wp_cron=1749744268.9608879089355468750000 HTTP/1.1" 200 0 "-" "WordPress/6.8.1; https://wotaku-manga.com"
51.222.253.4 - - [12/Jun/2025:12:04:28 -0400] "GET /y103305808.shtm HTTP/1.1" 301 0 "-" "Mozilla/5.0 (compatible; AhrefsBot/7.0; +http://ahrefs.com/robot/)"
2a03:2880:f800:8:: - - [12/Jun/2025:12:04:38 -0400] "GET /shopdetail/134626135 HTTP/1.1" 301 0 "-" "meta-externalagent/1.1 (+https://developers.facebook.com/docs/sharing/webmasters/crawler)"
51.222.253.3 - - [12/Jun/2025:12:04:38 -0400] "GET /y104784440.shtm HTTP/1.1" 301 0 "-" "Mozilla/5.0 (compatible; AhrefsBot/7.0; +http://ahrefs.com/robot/)"
2a03:2880:f800:4:: - - [12/Jun/2025:12:04:41 -0400] "GET / HTTP/1.1" 200 37376 "-" "meta-externalagent/1.1 (+https://developers.facebook.com/docs/sharing/webmasters/crawler)"
162.0.232.193 - - [12/Jun/2025:12:04:47 -0400] "POST /wp-cron.php?doing_wp_cron=1749744287.3528380393981933593750 HTTP/1.1" 200 0 "-" "WordPress/6.8.1; https://wotaku-manga.com"
2a03:2880:f800:1a:: - - [12/Jun/2025:12:04:45 -0400] "GET /shopdetail/167302435 HTTP/1.1" 301 0 "-" "meta-externalagent/1.1 (+https://developers.facebook.com/docs/sharing/webmasters/crawler)"
2a03:2880:f800:1:: - - [12/Jun/2025:12:04:50 -0400] "GET / HTTP/1.1" 200 37386 "-" "meta-externalagent/1.1 (+https://developers.facebook.com/docs/sharing/webmasters/crawler)"
51.222.253.6 - - [12/Jun/2025:12:04:50 -0400] "GET /y1085320692.shtm HTTP/1.1" 301 0 "-" "Mozilla/5.0 (compatible; AhrefsBot/7.0; +http://ahrefs.com/robot/)"
2001:44c8:6014:781f:1847:b487:7f10:2e6 - - [12/Jun/2025:12:04:58 -0400] "GET /manga/wotaku-ni-koi-wa-muzukashii-chapter-37/ HTTP/1.1" 200 42965 "https://wotaku-manga.com/manga/wotaku-ni-koi-wa-muzukashii-chapter-36/" "Mozilla/5.0 (Linux; Android 10; K) AppleWebKit/537.36 (KHTML, like Gecko) Chrome/111.0.0.0 Mobile Safari/537.36"
162.0.232.193 - - [12/Jun/2025:12:05:00 -0400] "POST /wp-cron.php?doing_wp_cron=1749744300.4454820156097412109375 HTTP/1.1" 200 0 "-" "WordPress/6.8.1; https://wotaku-manga.com"
51.222.253.2 - - [12/Jun/2025:12:04:55 -0400] "GET /y1091833104.shtm HTTP/1.1" 301 0 "-" "Mozilla/5.0 (compatible; AhrefsBot/7.0; +http://ahrefs.com/robot/)"
51.222.253.20 - - [12/Jun/2025:12:05:03 -0400] "GET /y1131121024.shtm HTTP/1.1" 301 0 "-" "Mozilla/5.0 (compatible; AhrefsBot/7.0; +http://ahrefs.com/robot/)"
66.249.66.72 - - [12/Jun/2025:12:05:05 -0400] "GET /index.php?jcl/27148379.shtm HTTP/1.1" 200 82558 "-" "Mozilla/5.0 (Linux; Android 6.0.1; Nexus 5X Build/MMB29P) AppleWebKit/537.36 (KHTML, like Gecko) Chrome/136.0.7103.113 Mobile Safari/537.36 (compatible; Googlebot/2.1; +http://www.google.com/bot.html)"
51.222.253.1 - - [12/Jun/2025:12:05:13 -0400] "GET /y1150483992.shtm HTTP/1.1" 301 0 "-" "Mozilla/5.0 (compatible; AhrefsBot/7.0; +http://ahrefs.com/robot/)"
162.0.232.193 - - [12/Jun/2025:12:05:26 -0400] "POST /wp-cron.php?doing_wp_cron=1749744325.9436659812927246093750 HTTP/1.1" 200 0 "-" "WordPress/6.8.1; https://wotaku-manga.com"
51.222.253.8 - - [12/Jun/2025:12:05:22 -0400] "GET /y1176463840.shtm HTTP/1.1" 301 0 "-" "Mozilla/5.0 (compatible; AhrefsBot/7.0; +http://ahrefs.com/robot/)"
51.222.253.16 - - [12/Jun/2025:12:05:33 -0400] "GET /y1206617026.shtm HTTP/1.1" 301 0 "-" "Mozilla/5.0 (compatible; AhrefsBot/7.0; +http://ahrefs.com/robot/)"
162.0.232.193 - - [12/Jun/2025:12:05:51 -0400] "POST /wp-cron.php?doing_wp_cron=1749744350.8613729476928710937500 HTTP/1.1" 200 0 "-" "WordPress/6.8.1; https://wotaku-manga.com"
51.222.253.15 - - [12/Jun/2025:12:05:48 -0400] "GET /y123424134.shtm HTTP/1.1" 301 0 "-" "Mozilla/5.0 (compatible; AhrefsBot/7.0; +http://ahrefs.com/robot/)"
162.0.232.193 - - [12/Jun/2025:12:06:02 -0400] "POST /wp-cron.php?doing_wp_cron=1749744361.8671269416809082031250 HTTP/1.1" 200 0 "-" "WordPress/6.8.1; https://wotaku-manga.com"
51.222.253.8 - - [12/Jun/2025:12:06:01 -0400] "GET /y1265706948.shtm HTTP/1.1" 301 0 "-" "Mozilla/5.0 (compatible; AhrefsBot/7.0; +http://ahrefs.com/robot/)"
2a03:2880:f800:8:: - - [12/Jun/2025:12:06:05 -0400] "GET /shopdetail/145053835 HTTP/1.1" 301 0 "-" "meta-externalagent/1.1 (+https://developers.facebook.com/docs/sharing/webmasters/crawler)"
2a03:2880:f800:c:: - - [12/Jun/2025:12:06:07 -0400] "GET / HTTP/1.1" 200 37331 "-" "meta-externalagent/1.1 (+https://developers.facebook.com/docs/sharing/webmasters/crawler)"
51.222.253.8 - - [12/Jun/2025:12:06:07 -0400] "GET /y1313918882.shtm HTTP/1.1" 301 0 "-" "Mozilla/5.0 (compatible; AhrefsBot/7.0; +http://ahrefs.com/robot/)"
140.213.168.247 - - [12/Jun/2025:12:01:56 -0400] "GET /manga/wotaku-ni-koi-wa-muzukashii-chapter-30/ HTTP/1.1" 200 43443 "https://wotaku-manga.com/manga/wotaku-ni-koi-wa-muzukashii-chapter-29/" "Mozilla/5.0 (Linux; Android 10; K) AppleWebKit/537.36 (KHTML, like Gecko) Chrome/137.0.0.0 Mobile Safari/537.36"
51.222.253.18 - - [12/Jun/2025:12:01:55 -0400] "GET /y/225251760.shtm HTTP/1.1" 301 0 "-" "Mozilla/5.0 (compatible; AhrefsBot/7.0; +http://ahrefs.com/robot/)"
140.213.168.247 - - [12/Jun/2025:12:01:59 -0400] "GET /manga/wotakoi-love-is-hard-for-otaku-chapter-87/ HTTP/1.1" 200 41147 "https://wotaku-manga.com/manga/wotaku-ni-koi-wa-muzukashii-chapter-30/" "Mozilla/5.0 (Linux; Android 10; K) AppleWebKit/537.36 (KHTML, like Gecko) Chrome/137.0.0.0 Mobile Safari/537.36"
162.0.232.193 - - [12/Jun/2025:12:02:01 -0400] "POST /wp-cron.php?doing_wp_cron=1749744120.6679799556732177734375 HTTP/1.1" 200 0 "-" "WordPress/6.8.1; https://wotaku-manga.com"
140.213.168.247 - - [12/Jun/2025:12:01:59 -0400] "POST /wp-admin/admin-ajax.php HTTP/1.1" 200 61 "https://wotaku-manga.com/manga/wotaku-ni-koi-wa-muzukashii-chapter-30/" "Mozilla/5.0 (Linux; Android 10; K) AppleWebKit/537.36 (KHTML, like Gecko) Chrome/137.0.0.0 Mobile Safari/537.36"
51.222.253.18 - - [12/Jun/2025:12:02:02 -0400] "GET /y/263765896.shtm HTTP/1.1" 301 0 "-" "Mozilla/5.0 (compatible; AhrefsBot/7.0; +http://ahrefs.com/robot/)"
51.222.253.17 - - [12/Jun/2025:12:02:12 -0400] "GET /y/343643780.shtm HTTP/1.1" 301 0 "-" "Mozilla/5.0 (compatible; AhrefsBot/7.0; +http://ahrefs.com/robot/)"
162.0.232.193 - - [12/Jun/2025:12:02:20 -0400] "POST /wp-cron.php?doing_wp_cron=1749744139.6525740623474121093750 HTTP/1.1" 200 0 "-" "WordPress/6.8.1; https://wotaku-manga.com"
2a03:2880:f800:9:: - - [12/Jun/2025:12:02:17 -0400] "GET /shopdetail/208497135 HTTP/1.1" 301 0 "-" "meta-externalagent/1.1 (+https://developers.facebook.com/docs/sharing/webmasters/crawler)"
51.222.253.16 - - [12/Jun/2025:12:02:21 -0400] "GET /y/355014408.shtm HTTP/1.1" 301 0 "-" "Mozilla/5.0 (compatible; AhrefsBot/7.0; +http://ahrefs.com/robot/)"
2a03:2880:f800:: - - [12/Jun/2025:12:02:22 -0400] "GET / HTTP/1.1" 200 37331 "-" "meta-externalagent/1.1 (+https://developers.facebook.com/docs/sharing/webmasters/crawler)"
2001:44c8:6014:781f:1847:b487:7f10:2e6 - - [12/Jun/2025:12:02:25 -0400] "GET /manga/wotaku-ni-koi-wa-muzukashii-chapter-35/ HTTP/1.1" 200 42272 "https://wotaku-manga.com/manga/wotaku-ni-koi-wa-muzukashii-chapter-34/" "Mozilla/5.0 (Linux; Android 10; K) AppleWebKit/537.36 (KHTML, like Gecko) Chrome/111.0.0.0 Mobile Safari/537.36"
51.222.253.19 - - [12/Jun/2025:12:02:29 -0400] "GET /y/355119260.shtm HTTP/1.1" 301 0 "-" "Mozilla/5.0 (compatible; AhrefsBot/7.0; +http://ahrefs.com/robot/)"
51.222.253.18 - - [12/Jun/2025:12:02:37 -0400] "GET /y/373672528.shtm HTTP/1.1" 301 0 "-" "Mozilla/5.0 (compatible; AhrefsBot/7.0; +http://ahrefs.com/robot/)"
51.222.253.3 - - [12/Jun/2025:12:02:43 -0400] "GET /y/508838550.shtm HTTP/1.1" 301 0 "-" "Mozilla/5.0 (compatible; AhrefsBot/7.0; +http://ahrefs.com/robot/)"
162.0.232.193 - - [12/Jun/2025:12:02:53 -0400] "POST /wp-cron.php?doing_wp_cron=1749744173.0689439773559570312500 HTTP/1.1" 200 0 "-" "WordPress/6.8.1; https://wotaku-manga.com"
51.222.253.18 - - [12/Jun/2025:12:02:51 -0400] "GET /y/519592348.shtm HTTP/1.1" 301 0 "-" "Mozilla/5.0 (compatible; AhrefsBot/7.0; +http://ahrefs.com/robot/)"
2a03:2880:f800:f:: - - [12/Jun/2025:12:02:57 -0400] "GET /shopdetail/125636335 HTTP/1.1" 301 0 "-" "meta-externalagent/1.1 (+https://developers.facebook.com/docs/sharing/webmasters/crawler)"
2001:44c8:6014:781f:1847:b487:7f10:2e6 - - [12/Jun/2025:12:06:08 -0400] "GET /manga/wotaku-ni-koi-wa-muzukashii-chapter-37-5/ HTTP/1.1" 200 42597 "https://wotaku-manga.com/manga/wotaku-ni-koi-wa-muzukashii-chapter-37/" "Mozilla/5.0 (Linux; Android 10; K) AppleWebKit/537.36 (KHTML, like Gecko) Chrome/111.0.0.0 Mobile Safari/537.36"
2001:44c8:6014:781f:1847:b487:7f10:2e6 - - [12/Jun/2025:12:06:08 -0400] "GET /tag/wotakoi-manga/ HTTP/1.1" 301 0 "https://wotaku-manga.com/manga/wotaku-ni-koi-wa-muzukashii-chapter-37/" "Mozilla/5.0 (Linux; Android 10; K) AppleWebKit/537.36 (KHTML, like Gecko) Chrome/111.0.0.0 Mobile Safari/537.36"
51.222.253.12 - - [12/Jun/2025:12:06:15 -0400] "GET /y1478268444.shtm HTTP/1.1" 301 0 "-" "Mozilla/5.0 (compatible; AhrefsBot/7.0; +http://ahrefs.com/robot/)"
162.0.232.193 - - [12/Jun/2025:12:06:28 -0400] "POST /wp-cron.php?doing_wp_cron=1749744388.1663780212402343750000 HTTP/1.1" 200 0 "-" "WordPress/6.8.1; https://wotaku-manga.com"
51.222.253.14 - - [12/Jun/2025:12:06:26 -0400] "GET /y1564975888.shtm HTTP/1.1" 301 0 "-" "Mozilla/5.0 (compatible; AhrefsBot/7.0; +http://ahrefs.com/robot/)"
51.222.253.7 - - [12/Jun/2025:12:06:37 -0400] "GET /y1566312936.shtm HTTP/1.1" 301 0 "-" "Mozilla/5.0 (compatible; AhrefsBot/7.0; +http://ahrefs.com/robot/)"
162.0.232.193 - - [12/Jun/2025:12:06:46 -0400] "POST /wp-cron.php?doing_wp_cron=1749744406.5756130218505859375000 HTTP/1.1" 200 0 "-" "WordPress/6.8.1; https://wotaku-manga.com"
51.222.253.18 - - [12/Jun/2025:12:06:44 -0400] "GET /y1599827080.shtm HTTP/1.1" 301 0 "-" "Mozilla/5.0 (compatible; AhrefsBot/7.0; +http://ahrefs.com/robot/)"
51.222.253.7 - - [12/Jun/2025:12:06:51 -0400] "GET /y1605742184.shtm HTTP/1.1" 301 0 "-" "Mozilla/5.0 (compatible; AhrefsBot/7.0; +http://ahrefs.com/robot/)"
216.73.216.49 - - [12/Jun/2025:12:06:53 -0400] "GET /sitemap-child-3064.xml HTTP/1.1" 200 11288 "-" "Mozilla/5.0 AppleWebKit/537.36 (KHTML, like Gecko; compatible; ClaudeBot/1.0; [email protected])"
216.73.216.49 - - [12/Jun/2025:12:06:53 -0400] "GET /sitemap-child-612.xml HTTP/1.1" 200 11288 "-" "Mozilla/5.0 AppleWebKit/537.36 (KHTML, like Gecko; compatible; ClaudeBot/1.0; [email protected])"
2a03:2880:24ff:: - - [12/Jun/2025:12:06:54 -0400] "GET /wp-content/uploads/2022/03/thumb-1920-926142-1024x576.png HTTP/1.1" 200 727363 "-" "facebookexternalhit/1.1 (+http://www.facebook.com/externalhit_uatext.php)"
162.0.232.193 - - [12/Jun/2025:12:07:00 -0400] "POST /wp-cron.php?doing_wp_cron=1749744420.5914978981018066406250 HTTP/1.1" 200 0 "-" "WordPress/6.8.1; https://wotaku-manga.com"
51.222.253.6 - - [12/Jun/2025:12:06:58 -0400] "GET /y1653812422.shtm HTTP/1.1" 301 0 "-" "Mozilla/5.0 (compatible; AhrefsBot/7.0; +http://ahrefs.com/robot/)"
2001:44c8:6014:781f:1847:b487:7f10:2e6 - - [12/Jun/2025:12:07:06 -0400] "GET /manga/wotaku-ni-koi-wa-muzukashii-chapter-38/ HTTP/1.1" 200 42324 "https://wotaku-manga.com/manga/wotaku-ni-koi-wa-muzukashii-chapter-37-5/" "Mozilla/5.0 (Linux; Android 10; K) AppleWebKit/537.36 (KHTML, like Gecko) Chrome/111.0.0.0 Mobile Safari/537.36"
66.249.66.74 - - [12/Jun/2025:12:07:08 -0400] "GET /z78011397.shtm HTTP/1.1" 200 81838 "-" "Mozilla/5.0 (Linux; Android 6.0.1; Nexus 5X Build/MMB29P) AppleWebKit/537.36 (KHTML, like Gecko) Chrome/136.0.7103.113 Mobile Safari/537.36 (compatible; Googlebot/2.1; +http://www.google.com/bot.html)"
51.222.253.17 - - [12/Jun/2025:12:07:14 -0400] "GET /y1742649780.shtm HTTP/1.1" 301 0 "-" "Mozilla/5.0 (compatible; AhrefsBot/7.0; +http://ahrefs.com/robot/)"
162.0.232.193 - - [12/Jun/2025:12:07:25 -0400] "POST /wp-cron.php?doing_wp_cron=1749744444.7636489868164062500000 HTTP/1.1" 200 0 "-" "WordPress/6.8.1; https://wotaku-manga.com"
51.222.253.10 - - [12/Jun/2025:12:07:23 -0400] "GET /y1807213596.shtm HTTP/1.1" 301 0 "-" "Mozilla/5.0 (compatible; AhrefsBot/7.0; +http://ahrefs.com/robot/)"
2001:44c8:6014:781f:1847:b487:7f10:2e6 - - [12/Jun/2025:12:07:28 -0400] "GET /manga/wotaku-ni-koi-wa-muzukashii-chapter-38-5/ HTTP/1.1" 200 44713 "https://wotaku-manga.com/manga/wotaku-ni-koi-wa-muzukashii-chapter-38/" "Mozilla/5.0 (Linux; Android 10; K) AppleWebKit/537.36 (KHTML, like Gecko) Chrome/111.0.0.0 Mobile Safari/537.36"
51.222.253.15 - - [12/Jun/2025:12:07:30 -0400] "GET /y1825906976.shtm HTTP/1.1" 301 0 "-" "Mozilla/5.0 (compatible; AhrefsBot/7.0; +http://ahrefs.com/robot/)"
2a03:2880:f800:16:: - - [12/Jun/2025:12:07:34 -0400] "GET /shopdetail/274868435 HTTP/1.1" 301 0 "-" "meta-externalagent/1.1 (+https://developers.facebook.com/docs/sharing/webmasters/crawler)"
2a03:2880:f800:11:: - - [12/Jun/2025:12:07:37 -0400] "GET / HTTP/1.1" 200 37349 "-" "meta-externalagent/1.1 (+https://developers.facebook.com/docs/sharing/webmasters/crawler)"
51.222.253.11 - - [12/Jun/2025:12:07:36 -0400] "GET /y183289552.shtm HTTP/1.1" 301 0 "-" "Mozilla/5.0 (compatible; AhrefsBot/7.0; +http://ahrefs.com/robot/)"
162.0.232.193 - - [12/Jun/2025:12:07:47 -0400] "POST /wp-cron.php?doing_wp_cron=1749744466.5734229087829589843750 HTTP/1.1" 200 0 "-" "WordPress/6.8.1; https://wotaku-manga.com"
51.222.253.20 - - [12/Jun/2025:12:07:45 -0400] "GET /y183395236.shtm HTTP/1.1" 301 0 "-" "Mozilla/5.0 (compatible; AhrefsBot/7.0; +http://ahrefs.com/robot/)"
51.222.253.5 - - [12/Jun/2025:12:07:52 -0400] "GET /y1836152372.shtm HTTP/1.1" 301 0 "-" "Mozilla/5.0 (compatible; AhrefsBot/7.0; +http://ahrefs.com/robot/)"
2a03:2880:f800:9:: - - [12/Jun/2025:12:07:55 -0400] "GET /shopdetail/379546435 HTTP/1.1" 301 0 "-" "meta-externalagent/1.1 (+https://developers.facebook.com/docs/sharing/webmasters/crawler)"
2a03:2880:f800:14:: - - [12/Jun/2025:12:07:59 -0400] "GET / HTTP/1.1" 200 37331 "-" "meta-externalagent/1.1 (+https://developers.facebook.com/docs/sharing/webmasters/crawler)"
162.0.232.193 - - [12/Jun/2025:12:08:06 -0400] "POST /wp-cron.php?doing_wp_cron=1749744486.0663731098175048828125 HTTP/1.1" 200 0 "-" "WordPress/6.8.1; https://wotaku-manga.com"
51.222.253.4 - - [12/Jun/2025:12:08:04 -0400] "GET /y1845304324.shtm HTTP/1.1" 301 0 "-" "Mozilla/5.0 (compatible; AhrefsBot/7.0; +http://ahrefs.com/robot/)"
51.222.253.5 - - [12/Jun/2025:12:08:08 -0400] "GET /y1856851300.shtm HTTP/1.1" 301 0 "-" "Mozilla/5.0 (compatible; AhrefsBot/7.0; +http://ahrefs.com/robot/)"
140.213.168.247 - - [12/Jun/2025:12:08:15 -0400] "GET /category/manga/ HTTP/1.1" 200 46266 "https://wotaku-manga.com/manga/wotaku-ni-koi-wa-muzukashii-chapter-30/" "Mozilla/5.0 (Linux; Android 10; K) AppleWebKit/537.36 (KHTML, like Gecko) Chrome/137.0.0.0 Mobile Safari/537.36"
162.0.232.193 - - [12/Jun/2025:12:08:19 -0400] "POST /wp-cron.php?doing_wp_cron=1749744499.0680980682373046875000 HTTP/1.1" 200 0 "-" "WordPress/6.8.1; https://wotaku-manga.com"
51.222.253.13 - - [12/Jun/2025:12:08:17 -0400] "GET /y1912649888.shtm HTTP/1.1" 301 0 "-" "Mozilla/5.0 (compatible; AhrefsBot/7.0; +http://ahrefs.com/robot/)"
140.213.168.247 - - [12/Jun/2025:12:08:18 -0400] "GET /tag/read-wotakoi/ HTTP/1.1" 301 0 "https://wotaku-manga.com/manga/wotaku-ni-koi-wa-muzukashii-chapter-30/" "Mozilla/5.0 (Linux; Android 10; K) AppleWebKit/537.36 (KHTML, like Gecko) Chrome/137.0.0.0 Mobile Safari/537.36"
140.213.168.247 - - [12/Jun/2025:12:08:20 -0400] "GET /manga/wotaku-ni-koi-wa-muzukashii-chapter-30-5/ HTTP/1.1" 200 42824 "https://wotaku-manga.com/manga/wotaku-ni-koi-wa-muzukashii-chapter-30/" "Mozilla/5.0 (Linux; Android 10; K) AppleWebKit/537.36 (KHTML, like Gecko) Chrome/137.0.0.0 Mobile Safari/537.36"
2001:44c8:6014:781f:1847:b487:7f10:2e6 - - [12/Jun/2025:12:08:20 -0400] "GET /manga/wotaku-ni-koi-wa-muzukashii-chapter-39/ HTTP/1.1" 200 41987 "https://wotaku-manga.com/manga/wotaku-ni-koi-wa-muzukashii-chapter-38-5/" "Mozilla/5.0 (Linux; Android 10; K) AppleWebKit/537.36 (KHTML, like Gecko) Chrome/111.0.0.0 Mobile Safari/537.36"
2001:44c8:6014:781f:1847:b487:7f10:2e6 - - [12/Jun/2025:12:08:20 -0400] "GET /manga/wotakoi-love-is-hard-for-otaku-chapter-83/ HTTP/1.1" 200 43984 "https://wotaku-manga.com/manga/wotaku-ni-koi-wa-muzukashii-chapter-38-5/" "Mozilla/5.0 (Linux; Android 10; K) AppleWebKit/537.36 (KHTML, like Gecko) Chrome/111.0.0.0 Mobile Safari/537.36"
2a03:2880:f800:: - - [12/Jun/2025:12:08:22 -0400] "GET /shopdetail/250408135 HTTP/1.1" 301 0 "-" "meta-externalagent/1.1 (+https://developers.facebook.com/docs/sharing/webmasters/crawler)"
51.222.253.12 - - [12/Jun/2025:12:08:22 -0400] "GET /y200662734.shtm HTTP/1.1" 301 0 "-" "Mozilla/5.0 (compatible; AhrefsBot/7.0; +http://ahrefs.com/robot/)"
2a03:2880:f800:2:: - - [12/Jun/2025:12:08:24 -0400] "GET / HTTP/1.1" 200 37331 "-" "meta-externalagent/1.1 (+https://developers.facebook.com/docs/sharing/webmasters/crawler)"
140.213.168.247 - - [12/Jun/2025:12:08:24 -0400] "GET /privacy-policy/ HTTP/1.1" 200 38601 "https://wotaku-manga.com/manga/wotaku-ni-koi-wa-muzukashii-chapter-30-5/" "Mozilla/5.0 (Linux; Android 10; K) AppleWebKit/537.36 (KHTML, like Gecko) Chrome/137.0.0.0 Mobile Safari/537.36"
51.222.253.16 - - [12/Jun/2025:12:08:30 -0400] "GET /y2009214404.shtm HTTP/1.1" 301 0 "-" "Mozilla/5.0 (compatible; AhrefsBot/7.0; +http://ahrefs.com/robot/)"
51.222.253.13 - - [12/Jun/2025:12:08:39 -0400] "GET /y2009356244.shtm HTTP/1.1" 301 0 "-" "Mozilla/5.0 (compatible; AhrefsBot/7.0; +http://ahrefs.com/robot/)"
162.0.232.193 - - [12/Jun/2025:12:08:49 -0400] "POST /wp-cron.php?doing_wp_cron=1749744528.9699690341949462890625 HTTP/1.1" 200 0 "-" "WordPress/6.8.1; https://wotaku-manga.com"
51.222.253.17 - - [12/Jun/2025:12:08:47 -0400] "GET /y2014830522.shtm HTTP/1.1" 301 0 "-" "Mozilla/5.0 (compatible; AhrefsBot/7.0; +http://ahrefs.com/robot/)"
162.0.232.193 - - [12/Jun/2025:12:09:04 -0400] "POST /wp-cron.php?doing_wp_cron=1749744543.9379439353942871093750 HTTP/1.1" 200 0 "-" "WordPress/6.8.1; https://wotaku-manga.com"
51.222.253.8 - - [12/Jun/2025:12:09:01 -0400] "GET /y2019107808.shtm HTTP/1.1" 301 0 "-" "Mozilla/5.0 (compatible; AhrefsBot/7.0; +http://ahrefs.com/robot/)"
47.82.60.145 - - [12/Jun/2025:12:09:07 -0400] "GET /wp-includes/js/dist/vendor/wp-polyfill-dom-rect.min.js HTTP/1.1" 200 298 "https://wotaku-manga.com/wp-includes/js/dist/vendor/wp-polyfill-dom-rect.min.js" "Mozilla/5.0 (Windows NT 10.0; Win64; x64) AppleWebKit/537.36 (KHTML, like Gecko) Chrome/114.0.0.0 Safari/537.36 Edg/114.0.1823.43"
2a03:2880:f800:b:: - - [12/Jun/2025:12:09:13 -0400] "GET /shopdetail/292936835 HTTP/1.1" 301 0 "-" "meta-externalagent/1.1 (+https://developers.facebook.com/docs/sharing/webmasters/crawler)"
51.222.253.9 - - [12/Jun/2025:12:09:13 -0400] "GET /y2026729410.shtm HTTP/1.1" 301 0 "-" "Mozilla/5.0 (compatible; AhrefsBot/7.0; +http://ahrefs.com/robot/)"
