66.249.79.235 - - [18/Jun/2025:10:55:04 -0400] "POST /get-message-notify HTTP/1.1" 301 0 "https://w4.junglejuicewebtoon.com/shopping/1423702388.phtml" "Mozilla/5.0 (Linux; Android 6.0.1; Nexus 5X Build/MMB29P) AppleWebKit/537.36 (KHTML, like Gecko) Chrome/137.0.7151.68 Mobile Safari/537.36 (compatible; Googlebot/2.1; +http://www.google.com/bot.html)"
66.249.79.236 - - [18/Jun/2025:10:55:06 -0400] "GET /shopping/116239618.phtml HTTP/1.1" 200 20288 "-" "Mozilla/5.0 (Linux; Android 6.0.1; Nexus 5X Build/MMB29P) AppleWebKit/537.36 (KHTML, like Gecko) Chrome/136.0.7103.113 Mobile Safari/537.36 (compatible; Googlebot/2.1; +http://www.google.com/bot.html)"
20.171.207.136 - - [18/Jun/2025:10:55:06 -0400] "GET /shopping/63360274.phtml HTTP/1.1" 301 0 "-" "Mozilla/5.0 AppleWebKit/537.36 (KHTML, like Gecko; compatible; GPTBot/1.2; +https://openai.com/gptbot)"
20.171.207.136 - - [18/Jun/2025:10:55:08 -0400] "GET /shopping/60161384.phtml HTTP/1.1" 301 0 "-" "Mozilla/5.0 AppleWebKit/537.36 (KHTML, like Gecko; compatible; GPTBot/1.2; +https://openai.com/gptbot)"
20.171.207.136 - - [18/Jun/2025:10:55:11 -0400] "GET /shopping/63538148.phtml HTTP/1.1" 301 0 "-" "Mozilla/5.0 AppleWebKit/537.36 (KHTML, like Gecko; compatible; GPTBot/1.2; +https://openai.com/gptbot)"
162.0.232.193 - - [18/Jun/2025:10:55:15 -0400] "POST /wp-cron.php?doing_wp_cron=1750258514.8708610534667968750000 HTTP/1.1" 200 0 "-" "WordPress/6.7.2; https://w4.junglejuicewebtoon.com"
20.171.207.136 - - [18/Jun/2025:10:55:13 -0400] "GET /shopping/63736518.phtml HTTP/1.1" 301 0 "-" "Mozilla/5.0 AppleWebKit/537.36 (KHTML, like Gecko; compatible; GPTBot/1.2; +https://openai.com/gptbot)"
20.171.207.136 - - [18/Jun/2025:10:55:16 -0400] "GET /shopping/63594960.phtml HTTP/1.1" 301 0 "-" "Mozilla/5.0 AppleWebKit/537.36 (KHTML, like Gecko; compatible; GPTBot/1.2; +https://openai.com/gptbot)"
162.0.232.193 - - [18/Jun/2025:10:55:19 -0400] "GET /wp-content/uploads/36f5b53d6c6d3d6b1e9dd0027baac2ed_1435.xml HTTP/1.1" 200 1207 "-" "Mozilla/5.0 (X11; Linux x86_64) AppleWebKit/537.36 (KHTML, like Gecko) Ubuntu Chromium/41.0.2272.76"
20.171.207.136 - - [18/Jun/2025:10:55:18 -0400] "GET /shopping/60128442.phtml HTTP/1.1" 301 0 "-" "Mozilla/5.0 AppleWebKit/537.36 (KHTML, like Gecko; compatible; GPTBot/1.2; +https://openai.com/gptbot)"
20.171.207.136 - - [18/Jun/2025:10:55:21 -0400] "GET /shopping/63950712.phtml HTTP/1.1" 301 0 "-" "Mozilla/5.0 AppleWebKit/537.36 (KHTML, like Gecko; compatible; GPTBot/1.2; +https://openai.com/gptbot)"
20.171.207.136 - - [18/Jun/2025:10:55:23 -0400] "GET /shopping/60479818.phtml HTTP/1.1" 301 0 "-" "Mozilla/5.0 AppleWebKit/537.36 (KHTML, like Gecko; compatible; GPTBot/1.2; +https://openai.com/gptbot)"
20.171.207.136 - - [18/Jun/2025:10:55:25 -0400] "GET /shopping/60380972.phtml HTTP/1.1" 301 0 "-" "Mozilla/5.0 AppleWebKit/537.36 (KHTML, like Gecko; compatible; GPTBot/1.2; +https://openai.com/gptbot)"
20.171.207.136 - - [18/Jun/2025:10:55:28 -0400] "GET /shopping/63845182.phtml HTTP/1.1" 301 0 "-" "Mozilla/5.0 AppleWebKit/537.36 (KHTML, like Gecko; compatible; GPTBot/1.2; +https://openai.com/gptbot)"
20.171.207.136 - - [18/Jun/2025:10:55:31 -0400] "GET /shopping/60136532.phtml HTTP/1.1" 301 0 "-" "Mozilla/5.0 AppleWebKit/537.36 (KHTML, like Gecko; compatible; GPTBot/1.2; +https://openai.com/gptbot)"
20.171.207.136 - - [18/Jun/2025:10:55:35 -0400] "GET /shopping/64073168.phtml HTTP/1.1" 301 0 "-" "Mozilla/5.0 AppleWebKit/537.36 (KHTML, like Gecko; compatible; GPTBot/1.2; +https://openai.com/gptbot)"
20.171.207.136 - - [18/Jun/2025:10:55:38 -0400] "GET /shopping/60348286.phtml HTTP/1.1" 301 0 "-" "Mozilla/5.0 AppleWebKit/537.36 (KHTML, like Gecko; compatible; GPTBot/1.2; +https://openai.com/gptbot)"
20.171.207.136 - - [18/Jun/2025:10:55:42 -0400] "GET /shopping/59750014.phtml HTTP/1.1" 301 0 "-" "Mozilla/5.0 AppleWebKit/537.36 (KHTML, like Gecko; compatible; GPTBot/1.2; +https://openai.com/gptbot)"
171.4.231.229 - - [18/Jun/2025:10:55:38 -0400] "GET /manga1/jungle-juice-chapter-157/ HTTP/1.1" 200 10657 "-" "Mozilla/5.0 (Linux; Android 10; K) AppleWebKit/537.36 (KHTML, like Gecko) Chrome/137.0.0.0 Mobile Safari/537.36"
171.4.231.229 - - [18/Jun/2025:10:55:46 -0400] "GET /wp-content/plugins/simple-social-buttons/assets/js/front.js?ver=5.3.1 HTTP/1.1" 304 0 "https://w4.junglejuicewebtoon.com/manga1/jungle-juice-chapter-157/" "Mozilla/5.0 (Linux; Android 10; K) AppleWebKit/537.36 (KHTML, like Gecko) Chrome/137.0.0.0 Mobile Safari/537.36"
171.4.231.229 - - [18/Jun/2025:10:55:46 -0400] "GET /wp-includes/js/jquery/jquery-migrate.min.js?ver=3.4.1 HTTP/1.1" 304 0 "https://w4.junglejuicewebtoon.com/manga1/jungle-juice-chapter-157/" "Mozilla/5.0 (Linux; Android 10; K) AppleWebKit/537.36 (KHTML, like Gecko) Chrome/137.0.0.0 Mobile Safari/537.36"
171.4.231.229 - - [18/Jun/2025:10:55:47 -0400] "GET /wp-content/plugins/wp-automatic/js/main-front.js?ver=6.7.2 HTTP/1.1" 304 0 "https://w4.junglejuicewebtoon.com/manga1/jungle-juice-chapter-157/" "Mozilla/5.0 (Linux; Android 10; K) AppleWebKit/537.36 (KHTML, like Gecko) Chrome/137.0.0.0 Mobile Safari/537.36"
20.171.207.136 - - [18/Jun/2025:10:55:46 -0400] "GET /shopping/59965274.phtml HTTP/1.1" 301 0 "-" "Mozilla/5.0 AppleWebKit/537.36 (KHTML, like Gecko; compatible; GPTBot/1.2; +https://openai.com/gptbot)"
171.4.231.229 - - [18/Jun/2025:10:55:48 -0400] "GET /wp-includes/js/jquery/jquery.min.js?ver=3.7.1 HTTP/1.1" 304 0 "https://w4.junglejuicewebtoon.com/manga1/jungle-juice-chapter-157/" "Mozilla/5.0 (Linux; Android 10; K) AppleWebKit/537.36 (KHTML, like Gecko) Chrome/137.0.0.0 Mobile Safari/537.36"
171.4.231.229 - - [18/Jun/2025:10:55:48 -0400] "GET /wp-content/plugins/links-auto-replacer/public/js/lar-public.js?ver=2.0.0 HTTP/1.1" 304 0 "https://w4.junglejuicewebtoon.com/manga1/jungle-juice-chapter-157/" "Mozilla/5.0 (Linux; Android 10; K) AppleWebKit/537.36 (KHTML, like Gecko) Chrome/137.0.0.0 Mobile Safari/537.36"
171.4.231.229 - - [18/Jun/2025:10:55:48 -0400] "GET /wp-content/plugins/simple-social-buttons/assets/js/frontend-blocks.js?ver=5.3.1 HTTP/1.1" 304 0 "https://w4.junglejuicewebtoon.com/manga1/jungle-juice-chapter-157/" "Mozilla/5.0 (Linux; Android 10; K) AppleWebKit/537.36 (KHTML, like Gecko) Chrome/137.0.0.0 Mobile Safari/537.36"
66.249.79.235 - - [18/Jun/2025:10:55:50 -0400] "GET /shopping/305288242.phtml HTTP/1.1" 200 20258 "-" "Mozilla/5.0 (Linux; Android 6.0.1; Nexus 5X Build/MMB29P) AppleWebKit/537.36 (KHTML, like Gecko) Chrome/136.0.7103.113 Mobile Safari/537.36 (compatible; Googlebot/2.1; +http://www.google.com/bot.html)"
20.171.207.136 - - [18/Jun/2025:10:55:49 -0400] "GET /shopping/63388452.phtml HTTP/1.1" 301 0 "-" "Mozilla/5.0 AppleWebKit/537.36 (KHTML, like Gecko; compatible; GPTBot/1.2; +https://openai.com/gptbot)"
20.171.207.136 - - [18/Jun/2025:10:55:52 -0400] "GET /shopping/63500894.phtml HTTP/1.1" 301 0 "-" "Mozilla/5.0 AppleWebKit/537.36 (KHTML, like Gecko; compatible; GPTBot/1.2; +https://openai.com/gptbot)"
171.4.231.229 - - [18/Jun/2025:10:55:54 -0400] "GET /wp-content/themes/toivo-lite/js/functions.min.js?ver=1.2.0 HTTP/1.1" 304 0 "https://w4.junglejuicewebtoon.com/manga1/jungle-juice-chapter-157/" "Mozilla/5.0 (Linux; Android 10; K) AppleWebKit/537.36 (KHTML, like Gecko) Chrome/137.0.0.0 Mobile Safari/537.36"
171.4.231.229 - - [18/Jun/2025:10:55:54 -0400] "GET /wp-content/plugins/disqus-comment-system/public/js/comment_count.js?ver=3.1.2 HTTP/1.1" 200 354 "https://w4.junglejuicewebtoon.com/manga1/jungle-juice-chapter-157/" "Mozilla/5.0 (Linux; Android 10; K) AppleWebKit/537.36 (KHTML, like Gecko) Chrome/137.0.0.0 Mobile Safari/537.36"
171.4.231.229 - - [18/Jun/2025:10:55:54 -0400] "GET /wp-includes/js/comment-reply.min.js?ver=6.7.2 HTTP/1.1" 200 1247 "https://w4.junglejuicewebtoon.com/manga1/jungle-juice-chapter-157/" "Mozilla/5.0 (Linux; Android 10; K) AppleWebKit/537.36 (KHTML, like Gecko) Chrome/137.0.0.0 Mobile Safari/537.36"
171.4.231.229 - - [18/Jun/2025:10:55:54 -0400] "GET /wp-content/plugins/disqus-comment-system/public/js/comment_embed.js?ver=3.1.2 HTTP/1.1" 304 0 "https://w4.junglejuicewebtoon.com/manga1/jungle-juice-chapter-157/" "Mozilla/5.0 (Linux; Android 10; K) AppleWebKit/537.36 (KHTML, like Gecko) Chrome/137.0.0.0 Mobile Safari/537.36"
171.4.231.229 - - [18/Jun/2025:10:55:54 -0400] "GET /wp-content/plugins/comic-easel/js/keynav.js HTTP/1.1" 200 302 "https://w4.junglejuicewebtoon.com/manga1/jungle-juice-chapter-157/" "Mozilla/5.0 (Linux; Android 10; K) AppleWebKit/537.36 (KHTML, like Gecko) Chrome/137.0.0.0 Mobile Safari/537.36"
171.4.231.229 - - [18/Jun/2025:10:55:54 -0400] "GET /wp-content/themes/toivo-lite/js/settings.min.js?ver=1.2.0 HTTP/1.1" 304 0 "https://w4.junglejuicewebtoon.com/manga1/jungle-juice-chapter-157/" "Mozilla/5.0 (Linux; Android 10; K) AppleWebKit/537.36 (KHTML, like Gecko) Chrome/137.0.0.0 Mobile Safari/537.36"
171.4.231.229 - - [18/Jun/2025:10:55:54 -0400] "GET /wp-content/themes/toivo-lite/js/responsive-nav.min.js?ver=1.2.0 HTTP/1.1" 200 2102 "https://w4.junglejuicewebtoon.com/manga1/jungle-juice-chapter-157/" "Mozilla/5.0 (Linux; Android 10; K) AppleWebKit/537.36 (KHTML, like Gecko) Chrome/137.0.0.0 Mobile Safari/537.36"
66.249.79.235 - - [18/Jun/2025:10:55:54 -0400] "POST /get-message-notify HTTP/1.1" 301 0 "https://w4.junglejuicewebtoon.com/zhHant/product/surugaya/W2557066250?campaign_uid=f64d716db5e979ed2f947dbaf4296895b951ae7f" "Mozilla/5.0 (Linux; Android 6.0.1; Nexus 5X Build/MMB29P) AppleWebKit/537.36 (KHTML, like Gecko) Chrome/137.0.7151.68 Mobile Safari/537.36 (compatible; Googlebot/2.1; +http://www.google.com/bot.html)"
20.171.207.136 - - [18/Jun/2025:10:55:55 -0400] "GET /shopping/59936904.phtml HTTP/1.1" 301 0 "-" "Mozilla/5.0 AppleWebKit/537.36 (KHTML, like Gecko; compatible; GPTBot/1.2; +https://openai.com/gptbot)"
20.171.207.136 - - [18/Jun/2025:10:55:57 -0400] "GET /shopping/60194086.phtml HTTP/1.1" 301 0 "-" "Mozilla/5.0 AppleWebKit/537.36 (KHTML, like Gecko; compatible; GPTBot/1.2; +https://openai.com/gptbot)"
20.171.207.136 - - [18/Jun/2025:10:55:59 -0400] "GET /shopping/60347028.phtml HTTP/1.1" 301 0 "-" "Mozilla/5.0 AppleWebKit/537.36 (KHTML, like Gecko; compatible; GPTBot/1.2; +https://openai.com/gptbot)"
171.4.231.229 - - [18/Jun/2025:10:55:58 -0400] "POST /wp-admin/admin-ajax.php HTTP/1.1" 200 69 "https://w4.junglejuicewebtoon.com/manga1/jungle-juice-chapter-157/" "Mozilla/5.0 (Linux; Android 10; K) AppleWebKit/537.36 (KHTML, like Gecko) Chrome/137.0.0.0 Mobile Safari/537.36"
20.171.207.136 - - [18/Jun/2025:10:56:01 -0400] "GET /shopping/63619828.phtml HTTP/1.1" 301 0 "-" "Mozilla/5.0 AppleWebKit/537.36 (KHTML, like Gecko; compatible; GPTBot/1.2; +https://openai.com/gptbot)"
20.171.207.136 - - [18/Jun/2025:10:56:04 -0400] "GET /shopping/60359430.phtml HTTP/1.1" 301 0 "-" "Mozilla/5.0 AppleWebKit/537.36 (KHTML, like Gecko; compatible; GPTBot/1.2; +https://openai.com/gptbot)"
20.171.207.136 - - [18/Jun/2025:10:56:06 -0400] "GET /shopping/60198590.phtml HTTP/1.1" 301 0 "-" "Mozilla/5.0 AppleWebKit/537.36 (KHTML, like Gecko; compatible; GPTBot/1.2; +https://openai.com/gptbot)"
20.171.207.136 - - [18/Jun/2025:10:56:08 -0400] "GET /shopping/60556734.phtml HTTP/1.1" 301 0 "-" "Mozilla/5.0 AppleWebKit/537.36 (KHTML, like Gecko; compatible; GPTBot/1.2; +https://openai.com/gptbot)"
171.4.231.229 - - [18/Jun/2025:10:56:08 -0400] "GET /manga1/jungle-juice-chapter-157/ HTTP/1.1" 200 10271 "-" "Mozilla/5.0 (Linux; Android 10; K) AppleWebKit/537.36 (KHTML, like Gecko) Chrome/137.0.0.0 Mobile Safari/537.36"
20.171.207.136 - - [18/Jun/2025:10:56:10 -0400] "GET /shopping/60165824.phtml HTTP/1.1" 301 0 "-" "Mozilla/5.0 AppleWebKit/537.36 (KHTML, like Gecko; compatible; GPTBot/1.2; +https://openai.com/gptbot)"
66.249.79.237 - - [18/Jun/2025:10:56:12 -0400] "GET /shopping/305266700.phtml HTTP/1.1" 200 19486 "-" "Mozilla/5.0 (Linux; Android 6.0.1; Nexus 5X Build/MMB29P) AppleWebKit/537.36 (KHTML, like Gecko) Chrome/136.0.7103.113 Mobile Safari/537.36 (compatible; Googlebot/2.1; +http://www.google.com/bot.html)"
20.171.207.136 - - [18/Jun/2025:10:56:12 -0400] "GET /shopping/60169214.phtml HTTP/1.1" 301 0 "-" "Mozilla/5.0 AppleWebKit/537.36 (KHTML, like Gecko; compatible; GPTBot/1.2; +https://openai.com/gptbot)"
162.0.232.193 - - [18/Jun/2025:10:56:16 -0400] "POST /wp-cron.php?doing_wp_cron=1750258576.0623381137847900390625 HTTP/1.1" 200 0 "-" "WordPress/6.7.2; https://w4.junglejuicewebtoon.com"
20.171.207.136 - - [18/Jun/2025:10:56:15 -0400] "GET /shopping/63795526.phtml HTTP/1.1" 301 0 "-" "Mozilla/5.0 AppleWebKit/537.36 (KHTML, like Gecko; compatible; GPTBot/1.2; +https://openai.com/gptbot)"
162.0.232.193 - - [18/Jun/2025:10:56:17 -0400] "POST /wp-admin/admin-ajax.php?action=async_litespeed&nonce=J9JpRy21M6KUzvDc8bXJyMw0C6tAV9Bs&litespeed_type=imgoptm HTTP/1.1" 200 5 "-" "WordPress/6.7.2; https://w4.junglejuicewebtoon.com"
20.171.207.136 - - [18/Jun/2025:10:56:17 -0400] "GET /shopping/63682146.phtml HTTP/1.1" 301 0 "-" "Mozilla/5.0 AppleWebKit/537.36 (KHTML, like Gecko; compatible; GPTBot/1.2; +https://openai.com/gptbot)"
20.171.207.136 - - [18/Jun/2025:10:56:19 -0400] "GET /shopping/60390048.phtml HTTP/1.1" 301 0 "-" "Mozilla/5.0 AppleWebKit/537.36 (KHTML, like Gecko; compatible; GPTBot/1.2; +https://openai.com/gptbot)"
20.171.207.136 - - [18/Jun/2025:10:56:21 -0400] "GET /shopping/63929170.phtml HTTP/1.1" 301 0 "-" "Mozilla/5.0 AppleWebKit/537.36 (KHTML, like Gecko; compatible; GPTBot/1.2; +https://openai.com/gptbot)"
20.171.207.136 - - [18/Jun/2025:10:56:23 -0400] "GET /shopping/60282578.phtml HTTP/1.1" 301 0 "-" "Mozilla/5.0 AppleWebKit/537.36 (KHTML, like Gecko; compatible; GPTBot/1.2; +https://openai.com/gptbot)"
20.171.207.136 - - [18/Jun/2025:10:56:24 -0400] "GET /shopping/63912264.phtml HTTP/1.1" 301 0 "-" "Mozilla/5.0 AppleWebKit/537.36 (KHTML, like Gecko; compatible; GPTBot/1.2; +https://openai.com/gptbot)"
2a03:2880:f800:3:: - - [18/Jun/2025:10:56:25 -0400] "GET /shopping/2432254268.phtml HTTP/1.1" 301 0 "-" "meta-externalagent/1.1 (+https://developers.facebook.com/docs/sharing/webmasters/crawler)"
20.171.207.136 - - [18/Jun/2025:10:56:26 -0400] "GET /shopping/60184994.phtml HTTP/1.1" 301 0 "-" "Mozilla/5.0 AppleWebKit/537.36 (KHTML, like Gecko; compatible; GPTBot/1.2; +https://openai.com/gptbot)"
20.171.207.136 - - [18/Jun/2025:10:56:27 -0400] "GET /shopping/59934512.phtml HTTP/1.1" 301 0 "-" "Mozilla/5.0 AppleWebKit/537.36 (KHTML, like Gecko; compatible; GPTBot/1.2; +https://openai.com/gptbot)"
20.171.207.136 - - [18/Jun/2025:10:56:28 -0400] "GET /shopping/60488910.phtml HTTP/1.1" 301 0 "-" "Mozilla/5.0 AppleWebKit/537.36 (KHTML, like Gecko; compatible; GPTBot/1.2; +https://openai.com/gptbot)"
20.171.207.136 - - [18/Jun/2025:10:56:29 -0400] "GET /shopping/63645830.phtml HTTP/1.1" 301 0 "-" "Mozilla/5.0 AppleWebKit/537.36 (KHTML, like Gecko; compatible; GPTBot/1.2; +https://openai.com/gptbot)"
20.171.207.136 - - [18/Jun/2025:10:56:30 -0400] "GET /shopping/63520048.phtml HTTP/1.1" 301 0 "-" "Mozilla/5.0 AppleWebKit/537.36 (KHTML, like Gecko; compatible; GPTBot/1.2; +https://openai.com/gptbot)"
20.171.207.136 - - [18/Jun/2025:10:56:31 -0400] "GET /shopping/63959804.phtml HTTP/1.1" 301 0 "-" "Mozilla/5.0 AppleWebKit/537.36 (KHTML, like Gecko; compatible; GPTBot/1.2; +https://openai.com/gptbot)"
20.171.207.136 - - [18/Jun/2025:10:56:33 -0400] "GET /shopping/59828304.phtml HTTP/1.1" 301 0 "-" "Mozilla/5.0 AppleWebKit/537.36 (KHTML, like Gecko; compatible; GPTBot/1.2; +https://openai.com/gptbot)"
66.249.79.235 - - [18/Jun/2025:10:56:34 -0400] "GET /shopping/305264308.phtml HTTP/1.1" 200 19175 "-" "Mozilla/5.0 (Linux; Android 6.0.1; Nexus 5X Build/MMB29P) AppleWebKit/537.36 (KHTML, like Gecko) Chrome/136.0.7103.113 Mobile Safari/537.36 (compatible; Googlebot/2.1; +http://www.google.com/bot.html)"
20.171.207.136 - - [18/Jun/2025:10:56:34 -0400] "GET /shopping/59850784.phtml HTTP/1.1" 301 0 "-" "Mozilla/5.0 AppleWebKit/537.36 (KHTML, like Gecko; compatible; GPTBot/1.2; +https://openai.com/gptbot)"
20.171.207.136 - - [18/Jun/2025:10:56:36 -0400] "GET /shopping/60341586.phtml HTTP/1.1" 301 0 "-" "Mozilla/5.0 AppleWebKit/537.36 (KHTML, like Gecko; compatible; GPTBot/1.2; +https://openai.com/gptbot)"
20.171.207.136 - - [18/Jun/2025:10:56:38 -0400] "GET /shopping/60193148.phtml HTTP/1.1" 301 0 "-" "Mozilla/5.0 AppleWebKit/537.36 (KHTML, like Gecko; compatible; GPTBot/1.2; +https://openai.com/gptbot)"
20.171.207.136 - - [18/Jun/2025:10:56:39 -0400] "GET /shopping/59907528.phtml HTTP/1.1" 301 0 "-" "Mozilla/5.0 AppleWebKit/537.36 (KHTML, like Gecko; compatible; GPTBot/1.2; +https://openai.com/gptbot)"
20.171.207.136 - - [18/Jun/2025:10:56:41 -0400] "GET /shopping/63685392.phtml HTTP/1.1" 301 0 "-" "Mozilla/5.0 AppleWebKit/537.36 (KHTML, like Gecko; compatible; GPTBot/1.2; +https://openai.com/gptbot)"
20.171.207.136 - - [18/Jun/2025:10:56:43 -0400] "GET /shopping/63743286.phtml HTTP/1.1" 301 0 "-" "Mozilla/5.0 AppleWebKit/537.36 (KHTML, like Gecko; compatible; GPTBot/1.2; +https://openai.com/gptbot)"
20.171.207.136 - - [18/Jun/2025:10:56:45 -0400] "GET /shopping/59941472.phtml HTTP/1.1" 301 0 "-" "Mozilla/5.0 AppleWebKit/537.36 (KHTML, like Gecko; compatible; GPTBot/1.2; +https://openai.com/gptbot)"
20.171.207.136 - - [18/Jun/2025:10:56:47 -0400] "GET /shopping/63871424.phtml HTTP/1.1" 301 0 "-" "Mozilla/5.0 AppleWebKit/537.36 (KHTML, like Gecko; compatible; GPTBot/1.2; +https://openai.com/gptbot)"
20.171.207.136 - - [18/Jun/2025:10:56:49 -0400] "GET /shopping/63648202.phtml HTTP/1.1" 301 0 "-" "Mozilla/5.0 AppleWebKit/537.36 (KHTML, like Gecko; compatible; GPTBot/1.2; +https://openai.com/gptbot)"
20.171.207.136 - - [18/Jun/2025:10:56:50 -0400] "GET /shopping/63474572.phtml HTTP/1.1" 301 0 "-" "Mozilla/5.0 AppleWebKit/537.36 (KHTML, like Gecko; compatible; GPTBot/1.2; +https://openai.com/gptbot)"
20.171.207.136 - - [18/Jun/2025:10:56:52 -0400] "GET /shopping/60113584.phtml HTTP/1.1" 301 0 "-" "Mozilla/5.0 AppleWebKit/537.36 (KHTML, like Gecko; compatible; GPTBot/1.2; +https://openai.com/gptbot)"
20.171.207.136 - - [18/Jun/2025:10:56:54 -0400] "GET /shopping/63948340.phtml HTTP/1.1" 301 0 "-" "Mozilla/5.0 AppleWebKit/537.36 (KHTML, like Gecko; compatible; GPTBot/1.2; +https://openai.com/gptbot)"
20.171.207.136 - - [18/Jun/2025:10:56:57 -0400] "GET /shopping/63894096.phtml HTTP/1.1" 301 0 "-" "Mozilla/5.0 AppleWebKit/537.36 (KHTML, like Gecko; compatible; GPTBot/1.2; +https://openai.com/gptbot)"
66.249.79.235 - - [18/Jun/2025:10:56:57 -0400] "POST /get-message-notify HTTP/1.1" 301 0 "https://w4.junglejuicewebtoon.com/shopping/305264308.phtml" "Mozilla/5.0 (Linux; Android 6.0.1; Nexus 5X Build/MMB29P) AppleWebKit/537.36 (KHTML, like Gecko) Chrome/137.0.7151.68 Mobile Safari/537.36 (compatible; Googlebot/2.1; +http://www.google.com/bot.html)"
162.0.232.193 - - [18/Jun/2025:10:57:00 -0400] "POST /wp-cron.php?doing_wp_cron=1750258620.0595269203186035156250 HTTP/1.1" 200 0 "-" "WordPress/6.7.2; https://w4.junglejuicewebtoon.com"
20.171.207.136 - - [18/Jun/2025:10:56:59 -0400] "GET /shopping/63924730.phtml HTTP/1.1" 301 0 "-" "Mozilla/5.0 AppleWebKit/537.36 (KHTML, like Gecko; compatible; GPTBot/1.2; +https://openai.com/gptbot)"
162.0.232.193 - - [18/Jun/2025:10:57:01 -0400] "POST /wp-admin/admin-ajax.php?action=async_litespeed&nonce=9y7B40EerlDXfzg0evj4XFWaYIOf6QkX&litespeed_type=imgoptm HTTP/1.1" 200 0 "-" "WordPress/6.7.2; https://w4.junglejuicewebtoon.com"
20.171.207.136 - - [18/Jun/2025:10:57:01 -0400] "GET /shopping/63618570.phtml HTTP/1.1" 301 0 "-" "Mozilla/5.0 AppleWebKit/537.36 (KHTML, like Gecko; compatible; GPTBot/1.2; +https://openai.com/gptbot)"
20.171.207.136 - - [18/Jun/2025:10:57:03 -0400] "GET /shopping/63956430.phtml HTTP/1.1" 301 0 "-" "Mozilla/5.0 AppleWebKit/537.36 (KHTML, like Gecko; compatible; GPTBot/1.2; +https://openai.com/gptbot)"
20.171.207.136 - - [18/Jun/2025:10:57:04 -0400] "GET /shopping/63451964.phtml HTTP/1.1" 301 0 "-" "Mozilla/5.0 AppleWebKit/537.36 (KHTML, like Gecko; compatible; GPTBot/1.2; +https://openai.com/gptbot)"
20.171.207.136 - - [18/Jun/2025:10:57:06 -0400] "GET /shopping/63702446.phtml HTTP/1.1" 301 0 "-" "Mozilla/5.0 AppleWebKit/537.36 (KHTML, like Gecko; compatible; GPTBot/1.2; +https://openai.com/gptbot)"
20.171.207.136 - - [18/Jun/2025:10:57:07 -0400] "GET /shopping/63628904.phtml HTTP/1.1" 301 0 "-" "Mozilla/5.0 AppleWebKit/537.36 (KHTML, like Gecko; compatible; GPTBot/1.2; +https://openai.com/gptbot)"
20.171.207.136 - - [18/Jun/2025:10:57:09 -0400] "GET /shopping/59847406.phtml HTTP/1.1" 301 0 "-" "Mozilla/5.0 AppleWebKit/537.36 (KHTML, like Gecko; compatible; GPTBot/1.2; +https://openai.com/gptbot)"
20.171.207.136 - - [18/Jun/2025:10:57:10 -0400] "GET /shopping/59807764.phtml HTTP/1.1" 301 0 "-" "Mozilla/5.0 AppleWebKit/537.36 (KHTML, like Gecko; compatible; GPTBot/1.2; +https://openai.com/gptbot)"
20.171.207.136 - - [18/Jun/2025:10:57:12 -0400] "GET /shopping/60197588.phtml HTTP/1.1" 301 0 "-" "Mozilla/5.0 AppleWebKit/537.36 (KHTML, like Gecko; compatible; GPTBot/1.2; +https://openai.com/gptbot)"
162.0.232.193 - - [18/Jun/2025:10:57:15 -0400] "POST /wp-cron.php?doing_wp_cron=1750258634.9653890132904052734375 HTTP/1.1" 200 0 "-" "WordPress/6.7.2; https://w4.junglejuicewebtoon.com"
20.171.207.136 - - [18/Jun/2025:10:57:13 -0400] "GET /shopping/63304916.phtml HTTP/1.1" 301 0 "-" "Mozilla/5.0 AppleWebKit/537.36 (KHTML, like Gecko; compatible; GPTBot/1.2; +https://openai.com/gptbot)"
20.171.207.136 - - [18/Jun/2025:10:57:15 -0400] "GET /shopping/60019518.phtml HTTP/1.1" 301 0 "-" "Mozilla/5.0 AppleWebKit/537.36 (KHTML, like Gecko; compatible; GPTBot/1.2; +https://openai.com/gptbot)"
162.0.232.193 - - [18/Jun/2025:10:57:18 -0400] "GET /wp-content/uploads/36f5b53d6c6d3d6b1e9dd0027baac2ed_1435.xml HTTP/1.1" 200 1032 "-" "Mozilla/5.0 (X11; Linux x86_64) AppleWebKit/537.36 (KHTML, like Gecko) Ubuntu Chromium/41.0.2272.76"
66.249.79.237 - - [18/Jun/2025:10:57:18 -0400] "GET /shopping/305282476.phtml HTTP/1.1" 200 19127 "-" "Mozilla/5.0 (Linux; Android 6.0.1; Nexus 5X Build/MMB29P) AppleWebKit/537.36 (KHTML, like Gecko) Chrome/136.0.7103.113 Mobile Safari/537.36 (compatible; Googlebot/2.1; +http://www.google.com/bot.html)"
20.171.207.136 - - [18/Jun/2025:10:57:17 -0400] "GET /shopping/60094562.phtml HTTP/1.1" 301 0 "-" "Mozilla/5.0 AppleWebKit/537.36 (KHTML, like Gecko; compatible; GPTBot/1.2; +https://openai.com/gptbot)"
20.171.207.136 - - [18/Jun/2025:10:57:19 -0400] "GET /shopping/59881546.phtml HTTP/1.1" 301 0 "-" "Mozilla/5.0 AppleWebKit/537.36 (KHTML, like Gecko; compatible; GPTBot/1.2; +https://openai.com/gptbot)"
20.171.207.136 - - [18/Jun/2025:10:57:22 -0400] "GET /shopping/63451964.phtml HTTP/1.1" 301 0 "-" "Mozilla/5.0 AppleWebKit/537.36 (KHTML, like Gecko; compatible; GPTBot/1.2; +https://openai.com/gptbot)"
20.171.207.136 - - [18/Jun/2025:10:57:24 -0400] "GET /shopping/60332510.phtml HTTP/1.1" 301 0 "-" "Mozilla/5.0 AppleWebKit/537.36 (KHTML, like Gecko; compatible; GPTBot/1.2; +https://openai.com/gptbot)"
20.171.207.136 - - [18/Jun/2025:10:57:26 -0400] "GET /shopping/60310824.phtml HTTP/1.1" 301 0 "-" "Mozilla/5.0 AppleWebKit/537.36 (KHTML, like Gecko; compatible; GPTBot/1.2; +https://openai.com/gptbot)"
20.171.207.136 - - [18/Jun/2025:10:57:28 -0400] "GET /shopping/60026478.phtml HTTP/1.1" 301 0 "-" "Mozilla/5.0 AppleWebKit/537.36 (KHTML, like Gecko; compatible; GPTBot/1.2; +https://openai.com/gptbot)"
20.171.207.136 - - [18/Jun/2025:10:57:30 -0400] "GET /shopping/64010658.phtml HTTP/1.1" 301 0 "-" "Mozilla/5.0 AppleWebKit/537.36 (KHTML, like Gecko; compatible; GPTBot/1.2; +https://openai.com/gptbot)"
20.171.207.136 - - [18/Jun/2025:10:57:31 -0400] "GET /shopping/63923472.phtml HTTP/1.1" 301 0 "-" "Mozilla/5.0 AppleWebKit/537.36 (KHTML, like Gecko; compatible; GPTBot/1.2; +https://openai.com/gptbot)"
20.171.207.136 - - [18/Jun/2025:10:57:34 -0400] "GET /shopping/60579342.phtml HTTP/1.1" 301 0 "-" "Mozilla/5.0 AppleWebKit/537.36 (KHTML, like Gecko; compatible; GPTBot/1.2; +https://openai.com/gptbot)"
20.171.207.136 - - [18/Jun/2025:10:57:36 -0400] "GET /shopping/60156748.phtml HTTP/1.1" 301 0 "-" "Mozilla/5.0 AppleWebKit/537.36 (KHTML, like Gecko; compatible; GPTBot/1.2; +https://openai.com/gptbot)"
20.171.207.136 - - [18/Jun/2025:10:57:38 -0400] "GET /shopping/63517932.phtml HTTP/1.1" 301 0 "-" "Mozilla/5.0 AppleWebKit/537.36 (KHTML, like Gecko; compatible; GPTBot/1.2; +https://openai.com/gptbot)"
66.249.79.236 - - [18/Jun/2025:10:57:40 -0400] "GET /shopping/305297250.phtml HTTP/1.1" 200 21174 "-" "Mozilla/5.0 (Linux; Android 6.0.1; Nexus 5X Build/MMB29P) AppleWebKit/537.36 (KHTML, like Gecko) Chrome/136.0.7103.113 Mobile Safari/537.36 (compatible; Googlebot/2.1; +http://www.google.com/bot.html)"
20.171.207.136 - - [18/Jun/2025:10:57:39 -0400] "GET /shopping/63471262.phtml HTTP/1.1" 301 0 "-" "Mozilla/5.0 AppleWebKit/537.36 (KHTML, like Gecko; compatible; GPTBot/1.2; +https://openai.com/gptbot)"
20.171.207.136 - - [18/Jun/2025:10:57:41 -0400] "GET /shopping/63359144.phtml HTTP/1.1" 301 0 "-" "Mozilla/5.0 AppleWebKit/537.36 (KHTML, like Gecko; compatible; GPTBot/1.2; +https://openai.com/gptbot)"
20.171.207.136 - - [18/Jun/2025:10:57:43 -0400] "GET /shopping/59864380.phtml HTTP/1.1" 301 0 "-" "Mozilla/5.0 AppleWebKit/537.36 (KHTML, like Gecko; compatible; GPTBot/1.2; +https://openai.com/gptbot)"
20.171.207.136 - - [18/Jun/2025:10:57:45 -0400] "GET /shopping/60127440.phtml HTTP/1.1" 301 0 "-" "Mozilla/5.0 AppleWebKit/537.36 (KHTML, like Gecko; compatible; GPTBot/1.2; +https://openai.com/gptbot)"
20.171.207.136 - - [18/Jun/2025:10:57:47 -0400] "GET /shopping/64091012.phtml HTTP/1.1" 301 0 "-" "Mozilla/5.0 AppleWebKit/537.36 (KHTML, like Gecko; compatible; GPTBot/1.2; +https://openai.com/gptbot)"
20.171.207.136 - - [18/Jun/2025:10:57:49 -0400] "GET /shopping/63592588.phtml HTTP/1.1" 301 0 "-" "Mozilla/5.0 AppleWebKit/537.36 (KHTML, like Gecko; compatible; GPTBot/1.2; +https://openai.com/gptbot)"
20.171.207.136 - - [18/Jun/2025:10:57:51 -0400] "GET /shopping/63729558.phtml HTTP/1.1" 301 0 "-" "Mozilla/5.0 AppleWebKit/537.36 (KHTML, like Gecko; compatible; GPTBot/1.2; +https://openai.com/gptbot)"
20.171.207.136 - - [18/Jun/2025:10:57:53 -0400] "GET /shopping/63329768.phtml HTTP/1.1" 301 0 "-" "Mozilla/5.0 AppleWebKit/537.36 (KHTML, like Gecko; compatible; GPTBot/1.2; +https://openai.com/gptbot)"
20.171.207.136 - - [18/Jun/2025:10:57:55 -0400] "GET /shopping/60138648.phtml HTTP/1.1" 301 0 "-" "Mozilla/5.0 AppleWebKit/537.36 (KHTML, like Gecko; compatible; GPTBot/1.2; +https://openai.com/gptbot)"
20.171.207.136 - - [18/Jun/2025:10:57:56 -0400] "GET /shopping/63907500.phtml HTTP/1.1" 301 0 "-" "Mozilla/5.0 AppleWebKit/537.36 (KHTML, like Gecko; compatible; GPTBot/1.2; +https://openai.com/gptbot)"
20.171.207.136 - - [18/Jun/2025:10:57:58 -0400] "GET /shopping/64058326.phtml HTTP/1.1" 301 0 "-" "Mozilla/5.0 AppleWebKit/537.36 (KHTML, like Gecko; compatible; GPTBot/1.2; +https://openai.com/gptbot)"
20.171.207.136 - - [18/Jun/2025:10:57:59 -0400] "GET /shopping/59871192.phtml HTTP/1.1" 301 0 "-" "Mozilla/5.0 AppleWebKit/537.36 (KHTML, like Gecko; compatible; GPTBot/1.2; +https://openai.com/gptbot)"
20.171.207.136 - - [18/Jun/2025:10:58:01 -0400] "GET /shopping/63537230.phtml HTTP/1.1" 301 0 "-" "Mozilla/5.0 AppleWebKit/537.36 (KHTML, like Gecko; compatible; GPTBot/1.2; +https://openai.com/gptbot)"
66.249.79.238 - - [18/Jun/2025:10:58:03 -0400] "GET /shopping/305281474.phtml HTTP/1.1" 200 18412 "-" "Mozilla/5.0 (Linux; Android 6.0.1; Nexus 5X Build/MMB29P) AppleWebKit/537.36 (KHTML, like Gecko) Chrome/136.0.7103.113 Mobile Safari/537.36 (compatible; Googlebot/2.1; +http://www.google.com/bot.html)"
20.171.207.136 - - [18/Jun/2025:10:58:02 -0400] "GET /shopping/60426576.phtml HTTP/1.1" 301 0 "-" "Mozilla/5.0 AppleWebKit/537.36 (KHTML, like Gecko; compatible; GPTBot/1.2; +https://openai.com/gptbot)"
20.171.207.136 - - [18/Jun/2025:10:58:05 -0400] "GET /shopping/60365196.phtml HTTP/1.1" 301 0 "-" "Mozilla/5.0 AppleWebKit/537.36 (KHTML, like Gecko; compatible; GPTBot/1.2; +https://openai.com/gptbot)"
20.171.207.136 - - [18/Jun/2025:10:58:07 -0400] "GET /shopping/59827980.phtml HTTP/1.1" 301 0 "-" "Mozilla/5.0 AppleWebKit/537.36 (KHTML, like Gecko; compatible; GPTBot/1.2; +https://openai.com/gptbot)"
20.171.207.136 - - [18/Jun/2025:10:58:09 -0400] "GET /shopping/64049382.phtml HTTP/1.1" 301 0 "-" "Mozilla/5.0 AppleWebKit/537.36 (KHTML, like Gecko; compatible; GPTBot/1.2; +https://openai.com/gptbot)"
20.171.207.136 - - [18/Jun/2025:10:58:12 -0400] "GET /shopping/63905304.phtml HTTP/1.1" 301 0 "-" "Mozilla/5.0 AppleWebKit/537.36 (KHTML, like Gecko; compatible; GPTBot/1.2; +https://openai.com/gptbot)"
162.0.232.193 - - [18/Jun/2025:10:58:15 -0400] "POST /wp-cron.php?doing_wp_cron=1750258695.4593710899353027343750 HTTP/1.1" 200 0 "-" "WordPress/6.7.2; https://w4.junglejuicewebtoon.com"
20.171.207.136 - - [18/Jun/2025:10:58:14 -0400] "GET /shopping/60474052.phtml HTTP/1.1" 301 0 "-" "Mozilla/5.0 AppleWebKit/537.36 (KHTML, like Gecko; compatible; GPTBot/1.2; +https://openai.com/gptbot)"
162.0.232.193 - - [18/Jun/2025:10:58:16 -0400] "POST /wp-cron.php?doing_wp_cron=1750258695.3542439937591552734375 HTTP/1.1" 200 0 "-" "WordPress/6.7.2; https://w4.junglejuicewebtoon.com"
20.171.207.136 - - [18/Jun/2025:10:58:16 -0400] "GET /shopping/63824902.phtml HTTP/1.1" 301 0 "-" "Mozilla/5.0 AppleWebKit/537.36 (KHTML, like Gecko; compatible; GPTBot/1.2; +https://openai.com/gptbot)"
162.0.232.193 - - [18/Jun/2025:10:58:17 -0400] "POST /wp-admin/admin-ajax.php?action=async_litespeed&nonce=ZPgAVlxp9QXflYLJEDuKaQp4iGEGkbVV&litespeed_type=imgoptm HTTP/1.1" 200 0 "-" "WordPress/6.7.2; https://w4.junglejuicewebtoon.com"
20.171.207.136 - - [18/Jun/2025:10:58:18 -0400] "GET /shopping/63753492.phtml HTTP/1.1" 301 0 "-" "Mozilla/5.0 AppleWebKit/537.36 (KHTML, like Gecko; compatible; GPTBot/1.2; +https://openai.com/gptbot)"
20.171.207.136 - - [18/Jun/2025:10:58:19 -0400] "GET /shopping/63880516.phtml HTTP/1.1" 301 0 "-" "Mozilla/5.0 AppleWebKit/537.36 (KHTML, like Gecko; compatible; GPTBot/1.2; +https://openai.com/gptbot)"
20.171.207.136 - - [18/Jun/2025:10:58:21 -0400] "GET /shopping/60073084.phtml HTTP/1.1" 301 0 "-" "Mozilla/5.0 AppleWebKit/537.36 (KHTML, like Gecko; compatible; GPTBot/1.2; +https://openai.com/gptbot)"
20.171.207.136 - - [18/Jun/2025:10:58:22 -0400] "GET /shopping/60213432.phtml HTTP/1.1" 301 0 "-" "Mozilla/5.0 AppleWebKit/537.36 (KHTML, like Gecko; compatible; GPTBot/1.2; +https://openai.com/gptbot)"
20.171.207.136 - - [18/Jun/2025:10:58:23 -0400] "GET /shopping/60512568.phtml HTTP/1.1" 301 0 "-" "Mozilla/5.0 AppleWebKit/537.36 (KHTML, like Gecko; compatible; GPTBot/1.2; +https://openai.com/gptbot)"
20.171.207.136 - - [18/Jun/2025:10:58:25 -0400] "GET /shopping/59914228.phtml HTTP/1.1" 301 0 "-" "Mozilla/5.0 AppleWebKit/537.36 (KHTML, like Gecko; compatible; GPTBot/1.2; +https://openai.com/gptbot)"
20.171.207.136 - - [18/Jun/2025:10:58:26 -0400] "GET /shopping/60071758.phtml HTTP/1.1" 301 0 "-" "Mozilla/5.0 AppleWebKit/537.36 (KHTML, like Gecko; compatible; GPTBot/1.2; +https://openai.com/gptbot)"
20.171.207.136 - - [18/Jun/2025:10:58:27 -0400] "GET /shopping/63283098.phtml HTTP/1.1" 301 0 "-" "Mozilla/5.0 AppleWebKit/537.36 (KHTML, like Gecko; compatible; GPTBot/1.2; +https://openai.com/gptbot)"
20.171.207.136 - - [18/Jun/2025:10:58:28 -0400] "GET /shopping/63794332.phtml HTTP/1.1" 301 0 "-" "Mozilla/5.0 AppleWebKit/537.36 (KHTML, like Gecko; compatible; GPTBot/1.2; +https://openai.com/gptbot)"
20.171.207.136 - - [18/Jun/2025:10:58:30 -0400] "GET /shopping/63806734.phtml HTTP/1.1" 301 0 "-" "Mozilla/5.0 AppleWebKit/537.36 (KHTML, like Gecko; compatible; GPTBot/1.2; +https://openai.com/gptbot)"
20.171.207.136 - - [18/Jun/2025:10:58:31 -0400] "GET /shopping/60535176.phtml HTTP/1.1" 301 0 "-" "Mozilla/5.0 AppleWebKit/537.36 (KHTML, like Gecko; compatible; GPTBot/1.2; +https://openai.com/gptbot)"
20.171.207.136 - - [18/Jun/2025:10:58:32 -0400] "GET /shopping/63640112.phtml HTTP/1.1" 301 0 "-" "Mozilla/5.0 AppleWebKit/537.36 (KHTML, like Gecko; compatible; GPTBot/1.2; +https://openai.com/gptbot)"
20.171.207.136 - - [18/Jun/2025:10:58:34 -0400] "GET /shopping/60203354.phtml HTTP/1.1" 301 0 "-" "Mozilla/5.0 AppleWebKit/537.36 (KHTML, like Gecko; compatible; GPTBot/1.2; +https://openai.com/gptbot)"
20.171.207.136 - - [18/Jun/2025:10:58:35 -0400] "GET /shopping/63984676.phtml HTTP/1.1" 301 0 "-" "Mozilla/5.0 AppleWebKit/537.36 (KHTML, like Gecko; compatible; GPTBot/1.2; +https://openai.com/gptbot)"
20.171.207.136 - - [18/Jun/2025:10:58:37 -0400] "GET /shopping/59787140.phtml HTTP/1.1" 301 0 "-" "Mozilla/5.0 AppleWebKit/537.36 (KHTML, like Gecko; compatible; GPTBot/1.2; +https://openai.com/gptbot)"
20.171.207.136 - - [18/Jun/2025:10:58:38 -0400] "GET /shopping/63758060.phtml HTTP/1.1" 301 0 "-" "Mozilla/5.0 AppleWebKit/537.36 (KHTML, like Gecko; compatible; GPTBot/1.2; +https://openai.com/gptbot)"
194.163.128.147 - - [18/Jun/2025:10:58:39 -0400] "POST /xmlrpc.php HTTP/1.1" 200 186 "https://w4.junglejuicewebtoon.com" "Mozilla/5.0 (Macintosh; Intel Mac OS X 14_4_1) AppleWebKit/605.1.15 (KHTML, like Gecko) Version/17.3.1 Safari/605.1.15"
20.171.207.136 - - [18/Jun/2025:10:58:40 -0400] "GET /shopping/63857908.phtml HTTP/1.1" 301 0 "-" "Mozilla/5.0 AppleWebKit/537.36 (KHTML, like Gecko; compatible; GPTBot/1.2; +https://openai.com/gptbot)"
20.171.207.136 - - [18/Jun/2025:10:58:41 -0400] "GET /shopping/63416890.phtml HTTP/1.1" 301 0 "-" "Mozilla/5.0 AppleWebKit/537.36 (KHTML, like Gecko; compatible; GPTBot/1.2; +https://openai.com/gptbot)"
20.171.207.136 - - [18/Jun/2025:10:58:42 -0400] "GET /shopping/63410122.phtml HTTP/1.1" 301 0 "-" "Mozilla/5.0 AppleWebKit/537.36 (KHTML, like Gecko; compatible; GPTBot/1.2; +https://openai.com/gptbot)"
51.222.253.19 - - [18/Jun/2025:10:58:42 -0400] "GET /manga1/jungle-juice-chapter-64/ HTTP/1.1" 200 10434 "-" "Mozilla/5.0 (compatible; AhrefsBot/7.0; +http://ahrefs.com/robot/)"
20.171.207.136 - - [18/Jun/2025:10:58:43 -0400] "GET /shopping/63820314.phtml HTTP/1.1" 301 0 "-" "Mozilla/5.0 AppleWebKit/537.36 (KHTML, like Gecko; compatible; GPTBot/1.2; +https://openai.com/gptbot)"
20.171.207.136 - - [18/Jun/2025:10:58:45 -0400] "GET /shopping/63732078.phtml HTTP/1.1" 301 0 "-" "Mozilla/5.0 AppleWebKit/537.36 (KHTML, like Gecko; compatible; GPTBot/1.2; +https://openai.com/gptbot)"
20.171.207.136 - - [18/Jun/2025:10:58:46 -0400] "GET /shopping/63503074.phtml HTTP/1.1" 301 0 "-" "Mozilla/5.0 AppleWebKit/537.36 (KHTML, like Gecko; compatible; GPTBot/1.2; +https://openai.com/gptbot)"
66.249.79.224 - - [18/Jun/2025:10:58:46 -0400] "GET /shopping/418696058.phtml HTTP/1.1" 200 19021 "-" "Mozilla/5.0 (Linux; Android 6.0.1; Nexus 5X Build/MMB29P) AppleWebKit/537.36 (KHTML, like Gecko) Chrome/136.0.7103.113 Mobile Safari/537.36 (compatible; Googlebot/2.1; +http://www.google.com/bot.html)"
20.171.207.136 - - [18/Jun/2025:10:58:47 -0400] "GET /shopping/64036980.phtml HTTP/1.1" 301 0 "-" "Mozilla/5.0 AppleWebKit/537.36 (KHTML, like Gecko; compatible; GPTBot/1.2; +https://openai.com/gptbot)"
20.171.207.136 - - [18/Jun/2025:10:58:48 -0400] "GET /shopping/60302878.phtml HTTP/1.1" 301 0 "-" "Mozilla/5.0 AppleWebKit/537.36 (KHTML, like Gecko; compatible; GPTBot/1.2; +https://openai.com/gptbot)"
20.171.207.136 - - [18/Jun/2025:10:58:49 -0400] "GET /shopping/60177032.phtml HTTP/1.1" 301 0 "-" "Mozilla/5.0 AppleWebKit/537.36 (KHTML, like Gecko; compatible; GPTBot/1.2; +https://openai.com/gptbot)"
20.171.207.136 - - [18/Jun/2025:10:58:50 -0400] "GET /shopping/63484906.phtml HTTP/1.1" 301 0 "-" "Mozilla/5.0 AppleWebKit/537.36 (KHTML, like Gecko; compatible; GPTBot/1.2; +https://openai.com/gptbot)"
20.171.207.136 - - [18/Jun/2025:10:58:52 -0400] "GET /shopping/63960742.phtml HTTP/1.1" 301 0 "-" "Mozilla/5.0 AppleWebKit/537.36 (KHTML, like Gecko; compatible; GPTBot/1.2; +https://openai.com/gptbot)"
20.171.207.136 - - [18/Jun/2025:10:58:53 -0400] "GET /shopping/59910854.phtml HTTP/1.1" 301 0 "-" "Mozilla/5.0 AppleWebKit/537.36 (KHTML, like Gecko; compatible; GPTBot/1.2; +https://openai.com/gptbot)"
66.249.79.238 - - [18/Jun/2025:10:58:53 -0400] "POST /get-message-notify HTTP/1.1" 301 0 "https://w4.junglejuicewebtoon.com/shopping/418696058.phtml" "Mozilla/5.0 (Linux; Android 6.0.1; Nexus 5X Build/MMB29P) AppleWebKit/537.36 (KHTML, like Gecko) Chrome/137.0.7151.68 Mobile Safari/537.36 (compatible; Googlebot/2.1; +http://www.google.com/bot.html)"
20.171.207.136 - - [18/Jun/2025:10:58:54 -0400] "GET /shopping/59747626.phtml HTTP/1.1" 301 0 "-" "Mozilla/5.0 AppleWebKit/537.36 (KHTML, like Gecko; compatible; GPTBot/1.2; +https://openai.com/gptbot)"
20.171.207.136 - - [18/Jun/2025:10:58:55 -0400] "GET /shopping/60112598.phtml HTTP/1.1" 301 0 "-" "Mozilla/5.0 AppleWebKit/537.36 (KHTML, like Gecko; compatible; GPTBot/1.2; +https://openai.com/gptbot)"
20.171.207.136 - - [18/Jun/2025:10:58:57 -0400] "GET /shopping/60248506.phtml HTTP/1.1" 301 0 "-" "Mozilla/5.0 AppleWebKit/537.36 (KHTML, like Gecko; compatible; GPTBot/1.2; +https://openai.com/gptbot)"
162.0.232.193 - - [18/Jun/2025:10:59:00 -0400] "POST /wp-cron.php?doing_wp_cron=1750258740.1512560844421386718750 HTTP/1.1" 200 0 "-" "WordPress/6.7.2; https://w4.junglejuicewebtoon.com"
20.171.207.136 - - [18/Jun/2025:10:58:58 -0400] "GET /shopping/63506468.phtml HTTP/1.1" 301 0 "-" "Mozilla/5.0 AppleWebKit/537.36 (KHTML, like Gecko; compatible; GPTBot/1.2; +https://openai.com/gptbot)"
20.171.207.136 - - [18/Jun/2025:10:59:01 -0400] "GET /shopping/63990374.phtml HTTP/1.1" 301 0 "-" "Mozilla/5.0 AppleWebKit/537.36 (KHTML, like Gecko; compatible; GPTBot/1.2; +https://openai.com/gptbot)"
162.0.232.193 - - [18/Jun/2025:10:59:02 -0400] "POST /wp-admin/admin-ajax.php?action=async_litespeed&nonce=IMMd3AlhRlQBOth3laPbA0X0TEL7KpDr&litespeed_type=imgoptm HTTP/1.1" 200 0 "-" "WordPress/6.7.2; https://w4.junglejuicewebtoon.com"
20.171.207.136 - - [18/Jun/2025:10:59:03 -0400] "GET /shopping/60175918.phtml HTTP/1.1" 301 0 "-" "Mozilla/5.0 AppleWebKit/537.36 (KHTML, like Gecko; compatible; GPTBot/1.2; +https://openai.com/gptbot)"
20.171.207.136 - - [18/Jun/2025:10:59:05 -0400] "GET /shopping/60529410.phtml HTTP/1.1" 301 0 "-" "Mozilla/5.0 AppleWebKit/537.36 (KHTML, like Gecko; compatible; GPTBot/1.2; +https://openai.com/gptbot)"
20.171.207.136 - - [18/Jun/2025:10:59:07 -0400] "GET /shopping/60224832.phtml HTTP/1.1" 301 0 "-" "Mozilla/5.0 AppleWebKit/537.36 (KHTML, like Gecko; compatible; GPTBot/1.2; +https://openai.com/gptbot)"
20.171.207.136 - - [18/Jun/2025:10:59:09 -0400] "GET /shopping/60265348.phtml HTTP/1.1" 301 0 "-" "Mozilla/5.0 AppleWebKit/537.36 (KHTML, like Gecko; compatible; GPTBot/1.2; +https://openai.com/gptbot)"
20.171.207.136 - - [18/Jun/2025:10:59:10 -0400] "GET /shopping/60315264.phtml HTTP/1.1" 301 0 "-" "Mozilla/5.0 AppleWebKit/537.36 (KHTML, like Gecko; compatible; GPTBot/1.2; +https://openai.com/gptbot)"
66.249.79.225 - - [18/Jun/2025:10:59:11 -0400] "GET /shopping/418688244.phtml HTTP/1.1" 200 22998 "-" "Mozilla/5.0 (Linux; Android 6.0.1; Nexus 5X Build/MMB29P) AppleWebKit/537.36 (KHTML, like Gecko) Chrome/136.0.7103.113 Mobile Safari/537.36 (compatible; Googlebot/2.1; +http://www.google.com/bot.html)"
20.171.207.136 - - [18/Jun/2025:10:59:11 -0400] "GET /shopping/60307514.phtml HTTP/1.1" 301 0 "-" "Mozilla/5.0 AppleWebKit/537.36 (KHTML, like Gecko; compatible; GPTBot/1.2; +https://openai.com/gptbot)"
162.0.232.193 - - [18/Jun/2025:10:59:14 -0400] "POST /wp-cron.php?doing_wp_cron=1750258754.3514668941497802734375 HTTP/1.1" 200 0 "-" "WordPress/6.7.2; https://w4.junglejuicewebtoon.com"
20.171.207.136 - - [18/Jun/2025:10:59:13 -0400] "GET /shopping/60562436.phtml HTTP/1.1" 301 0 "-" "Mozilla/5.0 AppleWebKit/537.36 (KHTML, like Gecko; compatible; GPTBot/1.2; +https://openai.com/gptbot)"
20.171.207.136 - - [18/Jun/2025:10:59:14 -0400] "GET /shopping/60158864.phtml HTTP/1.1" 301 0 "-" "Mozilla/5.0 AppleWebKit/537.36 (KHTML, like Gecko; compatible; GPTBot/1.2; +https://openai.com/gptbot)"
162.0.232.193 - - [18/Jun/2025:10:59:17 -0400] "GET /wp-content/uploads/36f5b53d6c6d3d6b1e9dd0027baac2ed_1435.xml HTTP/1.1" 200 1032 "-" "Mozilla/5.0 (X11; Linux x86_64) AppleWebKit/537.36 (KHTML, like Gecko) Ubuntu Chromium/41.0.2272.76"
20.171.207.136 - - [18/Jun/2025:10:59:16 -0400] "GET /shopping/63839740.phtml HTTP/1.1" 301 0 "-" "Mozilla/5.0 AppleWebKit/537.36 (KHTML, like Gecko; compatible; GPTBot/1.2; +https://openai.com/gptbot)"
20.171.207.136 - - [18/Jun/2025:10:59:17 -0400] "GET /shopping/63698134.phtml HTTP/1.1" 301 0 "-" "Mozilla/5.0 AppleWebKit/537.36 (KHTML, like Gecko; compatible; GPTBot/1.2; +https://openai.com/gptbot)"
20.171.207.136 - - [18/Jun/2025:10:59:19 -0400] "GET /shopping/63490672.phtml HTTP/1.1" 301 0 "-" "Mozilla/5.0 AppleWebKit/537.36 (KHTML, like Gecko; compatible; GPTBot/1.2; +https://openai.com/gptbot)"
20.171.207.136 - - [18/Jun/2025:10:59:20 -0400] "GET /shopping/63299150.phtml HTTP/1.1" 301 0 "-" "Mozilla/5.0 AppleWebKit/537.36 (KHTML, like Gecko; compatible; GPTBot/1.2; +https://openai.com/gptbot)"
20.171.207.136 - - [18/Jun/2025:10:59:22 -0400] "GET /shopping/60547642.phtml HTTP/1.1" 301 0 "-" "Mozilla/5.0 AppleWebKit/537.36 (KHTML, like Gecko; compatible; GPTBot/1.2; +https://openai.com/gptbot)"
20.171.207.136 - - [18/Jun/2025:10:59:24 -0400] "GET /shopping/63584754.phtml HTTP/1.1" 301 0 "-" "Mozilla/5.0 AppleWebKit/537.36 (KHTML, like Gecko; compatible; GPTBot/1.2; +https://openai.com/gptbot)"
20.171.207.136 - - [18/Jun/2025:10:59:26 -0400] "GET /shopping/63854258.phtml HTTP/1.1" 301 0 "-" "Mozilla/5.0 AppleWebKit/537.36 (KHTML, like Gecko; compatible; GPTBot/1.2; +https://openai.com/gptbot)"
20.171.207.136 - - [18/Jun/2025:10:59:28 -0400] "GET /shopping/63817068.phtml HTTP/1.1" 301 0 "-" "Mozilla/5.0 AppleWebKit/537.36 (KHTML, like Gecko; compatible; GPTBot/1.2; +https://openai.com/gptbot)"
20.171.207.136 - - [18/Jun/2025:10:59:30 -0400] "GET /shopping/60219130.phtml HTTP/1.1" 301 0 "-" "Mozilla/5.0 AppleWebKit/537.36 (KHTML, like Gecko; compatible; GPTBot/1.2; +https://openai.com/gptbot)"
20.171.207.136 - - [18/Jun/2025:10:59:32 -0400] "GET /shopping/59917622.phtml HTTP/1.1" 301 0 "-" "Mozilla/5.0 AppleWebKit/537.36 (KHTML, like Gecko; compatible; GPTBot/1.2; +https://openai.com/gptbot)"
66.249.79.224 - - [18/Jun/2025:10:59:34 -0400] "GET /shopping/418689374.phtml HTTP/1.1" 200 18525 "-" "Mozilla/5.0 (Linux; Android 6.0.1; Nexus 5X Build/MMB29P) AppleWebKit/537.36 (KHTML, like Gecko) Chrome/136.0.7103.113 Mobile Safari/537.36 (compatible; Googlebot/2.1; +http://www.google.com/bot.html)"
20.171.207.136 - - [18/Jun/2025:10:59:34 -0400] "GET /shopping/64069534.phtml HTTP/1.1" 301 0 "-" "Mozilla/5.0 AppleWebKit/537.36 (KHTML, like Gecko; compatible; GPTBot/1.2; +https://openai.com/gptbot)"
20.171.207.136 - - [18/Jun/2025:10:59:36 -0400] "GET /shopping/63279852.phtml HTTP/1.1" 301 0 "-" "Mozilla/5.0 AppleWebKit/537.36 (KHTML, like Gecko; compatible; GPTBot/1.2; +https://openai.com/gptbot)"
20.171.207.136 - - [18/Jun/2025:10:59:39 -0400] "GET /shopping/63564214.phtml HTTP/1.1" 301 0 "-" "Mozilla/5.0 AppleWebKit/537.36 (KHTML, like Gecko; compatible; GPTBot/1.2; +https://openai.com/gptbot)"
20.171.207.136 - - [18/Jun/2025:10:59:41 -0400] "GET /shopping/60392436.phtml HTTP/1.1" 301 0 "-" "Mozilla/5.0 AppleWebKit/537.36 (KHTML, like Gecko; compatible; GPTBot/1.2; +https://openai.com/gptbot)"
20.171.207.136 - - [18/Jun/2025:10:59:43 -0400] "GET /shopping/63501880.phtml HTTP/1.1" 301 0 "-" "Mozilla/5.0 AppleWebKit/537.36 (KHTML, like Gecko; compatible; GPTBot/1.2; +https://openai.com/gptbot)"
20.171.207.136 - - [18/Jun/2025:10:59:45 -0400] "GET /shopping/60412720.phtml HTTP/1.1" 301 0 "-" "Mozilla/5.0 AppleWebKit/537.36 (KHTML, like Gecko; compatible; GPTBot/1.2; +https://openai.com/gptbot)"
20.171.207.136 - - [18/Jun/2025:10:59:47 -0400] "GET /shopping/60311954.phtml HTTP/1.1" 301 0 "-" "Mozilla/5.0 AppleWebKit/537.36 (KHTML, like Gecko; compatible; GPTBot/1.2; +https://openai.com/gptbot)"
20.171.207.136 - - [18/Jun/2025:10:59:48 -0400] "GET /shopping/60323418.phtml HTTP/1.1" 301 0 "-" "Mozilla/5.0 AppleWebKit/537.36 (KHTML, like Gecko; compatible; GPTBot/1.2; +https://openai.com/gptbot)"
20.171.207.136 - - [18/Jun/2025:10:59:50 -0400] "GET /shopping/63576792.phtml HTTP/1.1" 301 0 "-" "Mozilla/5.0 AppleWebKit/537.36 (KHTML, like Gecko; compatible; GPTBot/1.2; +https://openai.com/gptbot)"
20.171.207.136 - - [18/Jun/2025:10:59:51 -0400] "GET /shopping/60027592.phtml HTTP/1.1" 301 0 "-" "Mozilla/5.0 AppleWebKit/537.36 (KHTML, like Gecko; compatible; GPTBot/1.2; +https://openai.com/gptbot)"
66.249.79.238 - - [18/Jun/2025:10:59:52 -0400] "POST /get-message-notify HTTP/1.1" 301 0 "https://w4.junglejuicewebtoon.com/shopping/418696058.phtml" "Mozilla/5.0 (Linux; Android 6.0.1; Nexus 5X Build/MMB29P) AppleWebKit/537.36 (KHTML, like Gecko) Chrome/137.0.7151.68 Mobile Safari/537.36 (compatible; Googlebot/2.1; +http://www.google.com/bot.html)"
20.171.207.136 - - [18/Jun/2025:10:59:52 -0400] "GET /shopping/60527358.phtml HTTP/1.1" 301 0 "-" "Mozilla/5.0 AppleWebKit/537.36 (KHTML, like Gecko; compatible; GPTBot/1.2; +https://openai.com/gptbot)"
20.171.207.136 - - [18/Jun/2025:10:59:54 -0400] "GET /shopping/59940230.phtml HTTP/1.1" 301 0 "-" "Mozilla/5.0 AppleWebKit/537.36 (KHTML, like Gecko; compatible; GPTBot/1.2; +https://openai.com/gptbot)"
20.171.207.136 - - [18/Jun/2025:10:59:55 -0400] "GET /shopping/60413850.phtml HTTP/1.1" 301 0 "-" "Mozilla/5.0 AppleWebKit/537.36 (KHTML, like Gecko; compatible; GPTBot/1.2; +https://openai.com/gptbot)"
20.171.207.136 - - [18/Jun/2025:10:59:56 -0400] "GET /shopping/60154424.phtml HTTP/1.1" 301 0 "-" "Mozilla/5.0 AppleWebKit/537.36 (KHTML, like Gecko; compatible; GPTBot/1.2; +https://openai.com/gptbot)"
20.171.207.136 - - [18/Jun/2025:10:59:58 -0400] "GET /shopping/63920094.phtml HTTP/1.1" 301 0 "-" "Mozilla/5.0 AppleWebKit/537.36 (KHTML, like Gecko; compatible; GPTBot/1.2; +https://openai.com/gptbot)"
20.171.207.136 - - [18/Jun/2025:10:59:59 -0400] "GET /shopping/59756718.phtml HTTP/1.1" 301 0 "-" "Mozilla/5.0 AppleWebKit/537.36 (KHTML, like Gecko; compatible; GPTBot/1.2; +https://openai.com/gptbot)"
20.171.207.136 - - [18/Jun/2025:11:00:01 -0400] "GET /shopping/63764956.phtml HTTP/1.1" 301 0 "-" "Mozilla/5.0 AppleWebKit/537.36 (KHTML, like Gecko; compatible; GPTBot/1.2; +https://openai.com/gptbot)"
20.171.207.136 - - [18/Jun/2025:11:00:02 -0400] "GET /shopping/63821508.phtml HTTP/1.1" 301 0 "-" "Mozilla/5.0 AppleWebKit/537.36 (KHTML, like Gecko; compatible; GPTBot/1.2; +https://openai.com/gptbot)"
20.171.207.136 - - [18/Jun/2025:11:00:04 -0400] "GET /shopping/63674184.phtml HTTP/1.1" 301 0 "-" "Mozilla/5.0 AppleWebKit/537.36 (KHTML, like Gecko; compatible; GPTBot/1.2; +https://openai.com/gptbot)"
20.171.207.136 - - [18/Jun/2025:11:00:05 -0400] "GET /shopping/59785072.phtml HTTP/1.1" 301 0 "-" "Mozilla/5.0 AppleWebKit/537.36 (KHTML, like Gecko; compatible; GPTBot/1.2; +https://openai.com/gptbot)"
20.171.207.136 - - [18/Jun/2025:11:00:07 -0400] "GET /shopping/60563694.phtml HTTP/1.1" 301 0 "-" "Mozilla/5.0 AppleWebKit/537.36 (KHTML, like Gecko; compatible; GPTBot/1.2; +https://openai.com/gptbot)"
20.171.207.136 - - [18/Jun/2025:11:00:09 -0400] "GET /shopping/60054852.phtml HTTP/1.1" 301 0 "-" "Mozilla/5.0 AppleWebKit/537.36 (KHTML, like Gecko; compatible; GPTBot/1.2; +https://openai.com/gptbot)"
20.171.207.136 - - [18/Jun/2025:11:00:11 -0400] "GET /shopping/64023252.phtml HTTP/1.1" 301 0 "-" "Mozilla/5.0 AppleWebKit/537.36 (KHTML, like Gecko; compatible; GPTBot/1.2; +https://openai.com/gptbot)"
162.0.232.193 - - [18/Jun/2025:11:00:14 -0400] "POST /wp-cron.php?doing_wp_cron=1750258814.3919329643249511718750 HTTP/1.1" 200 0 "-" "WordPress/6.7.2; https://w4.junglejuicewebtoon.com"
20.171.207.136 - - [18/Jun/2025:11:00:13 -0400] "GET /shopping/63793202.phtml HTTP/1.1" 301 0 "-" "Mozilla/5.0 AppleWebKit/537.36 (KHTML, like Gecko; compatible; GPTBot/1.2; +https://openai.com/gptbot)"
20.171.207.136 - - [18/Jun/2025:11:00:15 -0400] "GET /shopping/59829306.phtml HTTP/1.1" 301 0 "-" "Mozilla/5.0 AppleWebKit/537.36 (KHTML, like Gecko; compatible; GPTBot/1.2; +https://openai.com/gptbot)"
162.0.232.193 - - [18/Jun/2025:11:00:16 -0400] "POST /wp-admin/admin-ajax.php?action=async_litespeed&nonce=tBSN90o9JjZLqcZF5TimXdMaHDDnMuz3&litespeed_type=imgoptm HTTP/1.1" 200 0 "-" "WordPress/6.7.2; https://w4.junglejuicewebtoon.com"
20.171.207.136 - - [18/Jun/2025:11:00:16 -0400] "GET /shopping/60424184.phtml HTTP/1.1" 301 0 "-" "Mozilla/5.0 AppleWebKit/537.36 (KHTML, like Gecko; compatible; GPTBot/1.2; +https://openai.com/gptbot)"
66.249.79.225 - - [18/Jun/2025:11:00:17 -0400] "GET /shopping/227409484.phtml HTTP/1.1" 200 21030 "-" "Mozilla/5.0 (Linux; Android 6.0.1; Nexus 5X Build/MMB29P) AppleWebKit/537.36 (KHTML, like Gecko) Chrome/136.0.7103.113 Mobile Safari/537.36 (compatible; Googlebot/2.1; +http://www.google.com/bot.html)"
20.171.207.136 - - [18/Jun/2025:11:00:18 -0400] "GET /shopping/60223718.phtml HTTP/1.1" 301 0 "-" "Mozilla/5.0 AppleWebKit/537.36 (KHTML, like Gecko; compatible; GPTBot/1.2; +https://openai.com/gptbot)"
20.171.207.136 - - [18/Jun/2025:11:00:19 -0400] "GET /shopping/63554120.phtml HTTP/1.1" 301 0 "-" "Mozilla/5.0 AppleWebKit/537.36 (KHTML, like Gecko; compatible; GPTBot/1.2; +https://openai.com/gptbot)"
20.171.207.136 - - [18/Jun/2025:11:00:20 -0400] "GET /shopping/63961856.phtml HTTP/1.1" 301 0 "-" "Mozilla/5.0 AppleWebKit/537.36 (KHTML, like Gecko; compatible; GPTBot/1.2; +https://openai.com/gptbot)"
20.171.207.136 - - [18/Jun/2025:11:00:21 -0400] "GET /shopping/63845442.phtml HTTP/1.1" 301 0 "-" "Mozilla/5.0 AppleWebKit/537.36 (KHTML, like Gecko; compatible; GPTBot/1.2; +https://openai.com/gptbot)"
20.171.207.136 - - [18/Jun/2025:11:00:23 -0400] "GET /shopping/60507932.phtml HTTP/1.1" 301 0 "-" "Mozilla/5.0 AppleWebKit/537.36 (KHTML, like Gecko; compatible; GPTBot/1.2; +https://openai.com/gptbot)"
