5.9.120.100 - - [09/Jun/2025:22:35:36 -0400] "GET /manga1/jungle-juice-chapter-63/ HTTP/1.1" 200 10393 "-" "Mozilla/5.0 (compatible; BLEXBot/1.0; +https://help.seranking.com/en/blex-crawler)"
5.9.120.100 - - [09/Jun/2025:22:35:41 -0400] "GET /manga1/jungle-juice-chapter-64/ HTTP/1.1" 200 10434 "-" "Mozilla/5.0 (compatible; BLEXBot/1.0; +https://help.seranking.com/en/blex-crawler)"
5.9.120.100 - - [09/Jun/2025:22:35:45 -0400] "GET /manga1/jungle-juice-chapter-65/ HTTP/1.1" 200 10394 "-" "Mozilla/5.0 (compatible; BLEXBot/1.0; +https://help.seranking.com/en/blex-crawler)"
5.9.120.100 - - [09/Jun/2025:22:35:50 -0400] "GET /manga1/jungle-juice-chapter-66/ HTTP/1.1" 200 10391 "-" "Mozilla/5.0 (compatible; BLEXBot/1.0; +https://help.seranking.com/en/blex-crawler)"
5.9.120.100 - - [09/Jun/2025:22:35:55 -0400] "GET /manga1/jungle-juice-chapter-67/ HTTP/1.1" 200 10392 "-" "Mozilla/5.0 (compatible; BLEXBot/1.0; +https://help.seranking.com/en/blex-crawler)"
162.0.232.193 - - [09/Jun/2025:22:36:02 -0400] "POST /wp-cron.php?doing_wp_cron=1749522962.4448890686035156250000 HTTP/1.1" 200 0 "-" "WordPress/6.7.2; https://w4.junglejuicewebtoon.com"
5.9.120.100 - - [09/Jun/2025:22:36:02 -0400] "GET /manga1/jungle-juice-chapter-68/ HTTP/1.1" 200 10391 "-" "Mozilla/5.0 (compatible; BLEXBot/1.0; +https://help.seranking.com/en/blex-crawler)"
162.0.232.193 - - [09/Jun/2025:22:36:02 -0400] "POST /wp-admin/admin-ajax.php?action=async_litespeed&nonce=aY8WGni77RUuBfZOrhbhAQMT3H7xFyM6&litespeed_type=imgoptm HTTP/1.1" 200 5 "-" "WordPress/6.7.2; https://w4.junglejuicewebtoon.com"
5.9.120.100 - - [09/Jun/2025:22:36:10 -0400] "GET /manga1/jungle-juice-chapter-69/ HTTP/1.1" 200 10389 "-" "Mozilla/5.0 (compatible; BLEXBot/1.0; +https://help.seranking.com/en/blex-crawler)"
162.0.232.193 - - [09/Jun/2025:22:36:29 -0400] "POST /wp-cron.php?doing_wp_cron=1749522989.5887410640716552734375 HTTP/1.1" 200 0 "-" "WordPress/6.7.2; https://w4.junglejuicewebtoon.com"
5.9.120.100 - - [09/Jun/2025:22:36:29 -0400] "GET /manga1/jungle-juice-chapter-70/ HTTP/1.1" 200 10416 "-" "Mozilla/5.0 (compatible; BLEXBot/1.0; +https://help.seranking.com/en/blex-crawler)"
5.9.120.100 - - [09/Jun/2025:22:36:34 -0400] "GET /manga1/jungle-juice-chapter-71/ HTTP/1.1" 200 10392 "-" "Mozilla/5.0 (compatible; BLEXBot/1.0; +https://help.seranking.com/en/blex-crawler)"
5.9.120.100 - - [09/Jun/2025:22:36:40 -0400] "GET /manga1/jungle-juice-chapter-72/ HTTP/1.1" 200 10382 "-" "Mozilla/5.0 (compatible; BLEXBot/1.0; +https://help.seranking.com/en/blex-crawler)"
162.0.232.193 - - [09/Jun/2025:22:37:06 -0400] "POST /wp-cron.php?doing_wp_cron=1749523025.8961489200592041015625 HTTP/1.1" 200 0 "-" "WordPress/6.7.2; https://w4.junglejuicewebtoon.com"
5.9.120.100 - - [09/Jun/2025:22:37:05 -0400] "GET /manga1/jungle-juice-chapter-73/ HTTP/1.1" 200 10385 "-" "Mozilla/5.0 (compatible; BLEXBot/1.0; +https://help.seranking.com/en/blex-crawler)"
162.0.232.193 - - [09/Jun/2025:22:37:06 -0400] "POST /wp-admin/admin-ajax.php?action=async_litespeed&nonce=WmaEw0dKI9Z3k0RhO9YgnScS9dz60DvN&litespeed_type=imgoptm HTTP/1.1" 200 5 "-" "WordPress/6.7.2; https://w4.junglejuicewebtoon.com"
162.0.232.193 - - [09/Jun/2025:22:37:16 -0400] "POST /wp-cron.php?doing_wp_cron=1749523036.5109601020812988281250 HTTP/1.1" 200 0 "-" "WordPress/6.7.2; https://w4.junglejuicewebtoon.com"
5.9.120.100 - - [09/Jun/2025:22:37:16 -0400] "GET /manga1/jungle-juice-chapter-74/ HTTP/1.1" 200 10428 "-" "Mozilla/5.0 (compatible; BLEXBot/1.0; +https://help.seranking.com/en/blex-crawler)"
162.0.232.193 - - [09/Jun/2025:22:37:18 -0400] "GET /wp-content/uploads/36f5b53d6c6d3d6b1e9dd0027baac2ed_1435.xml HTTP/1.1" 200 1150 "-" "Mozilla/5.0 (X11; Linux x86_64) AppleWebKit/537.36 (KHTML, like Gecko) Ubuntu Chromium/41.0.2272.76"
5.9.120.100 - - [09/Jun/2025:22:37:20 -0400] "GET /manga1/jungle-juice-chapter-75/ HTTP/1.1" 200 10387 "-" "Mozilla/5.0 (compatible; BLEXBot/1.0; +https://help.seranking.com/en/blex-crawler)"
5.9.120.100 - - [09/Jun/2025:22:37:31 -0400] "GET /manga1/jungle-juice-chapter-76/ HTTP/1.1" 200 10405 "-" "Mozilla/5.0 (compatible; BLEXBot/1.0; +https://help.seranking.com/en/blex-crawler)"
5.9.120.100 - - [09/Jun/2025:22:37:36 -0400] "GET /manga1/jungle-juice-chapter-77/ HTTP/1.1" 200 10411 "-" "Mozilla/5.0 (compatible; BLEXBot/1.0; +https://help.seranking.com/en/blex-crawler)"
5.9.120.100 - - [09/Jun/2025:22:38:10 -0400] "GET /manga1/jungle-juice-chapter-78/ HTTP/1.1" 200 10440 "-" "Mozilla/5.0 (compatible; BLEXBot/1.0; +https://help.seranking.com/en/blex-crawler)"
162.0.232.193 - - [09/Jun/2025:22:38:47 -0400] "POST /wp-cron.php?doing_wp_cron=1749523127.6111929416656494140625 HTTP/1.1" 200 0 "-" "WordPress/6.7.2; https://w4.junglejuicewebtoon.com"
5.9.120.100 - - [09/Jun/2025:22:38:47 -0400] "GET /manga1/jungle-juice-chapter-79/ HTTP/1.1" 200 10412 "-" "Mozilla/5.0 (compatible; BLEXBot/1.0; +https://help.seranking.com/en/blex-crawler)"
162.0.232.193 - - [09/Jun/2025:22:38:48 -0400] "POST /wp-admin/admin-ajax.php?action=async_litespeed&nonce=OViE8EuRbic2b7HbRikdkkGVtqPEyZ0g&litespeed_type=imgoptm HTTP/1.1" 200 5 "-" "WordPress/6.7.2; https://w4.junglejuicewebtoon.com"
162.0.232.193 - - [09/Jun/2025:22:38:50 -0400] "GET /wp-content/uploads/36f5b53d6c6d3d6b1e9dd0027baac2ed_1435.xml HTTP/1.1" 200 1150 "-" "Mozilla/5.0 (X11; Linux x86_64) AppleWebKit/537.36 (KHTML, like Gecko) Ubuntu Chromium/41.0.2272.76"
5.9.120.100 - - [09/Jun/2025:22:38:52 -0400] "GET /manga1/jungle-juice-chapter-80/ HTTP/1.1" 200 10391 "-" "Mozilla/5.0 (compatible; BLEXBot/1.0; +https://help.seranking.com/en/blex-crawler)"
43.155.129.131 - - [09/Jun/2025:22:39:04 -0400] "GET /manga1/jungle-juice-chapter-108-2/ HTTP/1.1" 200 10919 "-" "Mozilla/5.0 (iPhone; CPU iPhone OS 13_2_3 like Mac OS X) AppleWebKit/605.1.15 (KHTML, like Gecko) Version/13.0.3 Mobile/15E148 Safari/604.1"
5.9.120.100 - - [09/Jun/2025:22:39:23 -0400] "GET /manga1/jungle-juice-chapter-81/ HTTP/1.1" 200 10384 "-" "Mozilla/5.0 (compatible; BLEXBot/1.0; +https://help.seranking.com/en/blex-crawler)"
5.9.120.100 - - [09/Jun/2025:22:39:31 -0400] "GET /manga1/jungle-juice-chapter-82/ HTTP/1.1" 200 10383 "-" "Mozilla/5.0 (compatible; BLEXBot/1.0; +https://help.seranking.com/en/blex-crawler)"
5.9.120.100 - - [09/Jun/2025:22:39:36 -0400] "GET /manga1/jungle-juice-chapter-83/ HTTP/1.1" 200 10466 "-" "Mozilla/5.0 (compatible; BLEXBot/1.0; +https://help.seranking.com/en/blex-crawler)"
162.0.232.193 - - [09/Jun/2025:22:39:59 -0400] "POST /wp-cron.php?doing_wp_cron=1749523198.8424339294433593750000 HTTP/1.1" 200 0 "-" "WordPress/6.7.2; https://w4.junglejuicewebtoon.com"
5.9.120.100 - - [09/Jun/2025:22:39:57 -0400] "GET /manga1/jungle-juice-chapter-84/ HTTP/1.1" 200 10850 "-" "Mozilla/5.0 (compatible; BLEXBot/1.0; +https://help.seranking.com/en/blex-crawler)"
162.0.232.193 - - [09/Jun/2025:22:39:59 -0400] "POST /wp-admin/admin-ajax.php?action=async_litespeed&nonce=IYJSFcAVzXmku2A1Tz8gRILIq4wsOWlN&litespeed_type=imgoptm HTTP/1.1" 200 5 "-" "WordPress/6.7.2; https://w4.junglejuicewebtoon.com"
5.9.120.100 - - [09/Jun/2025:22:40:07 -0400] "GET /manga1/jungle-juice-chapter-85/ HTTP/1.1" 200 10755 "-" "Mozilla/5.0 (compatible; BLEXBot/1.0; +https://help.seranking.com/en/blex-crawler)"
162.0.232.193 - - [09/Jun/2025:22:40:18 -0400] "POST /wp-cron.php?doing_wp_cron=1749523217.8277599811553955078125 HTTP/1.1" 200 0 "-" "WordPress/6.7.2; https://w4.junglejuicewebtoon.com"
5.9.120.100 - - [09/Jun/2025:22:40:17 -0400] "GET /manga1/jungle-juice-chapter-86/ HTTP/1.1" 200 10642 "-" "Mozilla/5.0 (compatible; BLEXBot/1.0; +https://help.seranking.com/en/blex-crawler)"
162.0.232.193 - - [09/Jun/2025:22:40:20 -0400] "GET /wp-content/uploads/36f5b53d6c6d3d6b1e9dd0027baac2ed_1435.xml HTTP/1.1" 200 1150 "-" "Mozilla/5.0 (X11; Linux x86_64) AppleWebKit/537.36 (KHTML, like Gecko) Ubuntu Chromium/41.0.2272.76"
5.9.120.100 - - [09/Jun/2025:22:40:33 -0400] "GET /manga1/jungle-juice-chapter-87/ HTTP/1.1" 200 10701 "-" "Mozilla/5.0 (compatible; BLEXBot/1.0; +https://help.seranking.com/en/blex-crawler)"
5.9.120.100 - - [09/Jun/2025:22:40:38 -0400] "GET /manga1/jungle-juice-chapter-88/ HTTP/1.1" 200 10670 "-" "Mozilla/5.0 (compatible; BLEXBot/1.0; +https://help.seranking.com/en/blex-crawler)"
162.0.232.193 - - [09/Jun/2025:22:41:29 -0400] "POST /wp-cron.php?doing_wp_cron=1749523289.1388580799102783203125 HTTP/1.1" 200 0 "-" "WordPress/6.7.2; https://w4.junglejuicewebtoon.com"
162.0.232.193 - - [09/Jun/2025:22:41:30 -0400] "POST /wp-cron.php?doing_wp_cron=1749523289.0460910797119140625000 HTTP/1.1" 200 0 "-" "WordPress/6.7.2; https://w4.junglejuicewebtoon.com"
170.83.49.7 - - [09/Jun/2025:22:41:31 -0400] "GET / HTTP/1.1" 200 0 "https://w3.junglejuicewebtoon.com/" "Mozilla/5.0 (Windows NT 10.0; Win64; x64)"
162.0.232.193 - - [09/Jun/2025:22:41:35 -0400] "POST /wp-admin/admin-ajax.php?action=async_litespeed&nonce=bwl2Lo0Y6A9m3BnqGOGkJxY3LpoYvJKM&litespeed_type=imgoptm HTTP/1.1" 200 0 "-" "WordPress/6.7.2; https://w4.junglejuicewebtoon.com"
5.9.120.100 - - [09/Jun/2025:22:41:32 -0400] "GET /manga1/jungle-juice-chapter-89/ HTTP/1.1" 200 10635 "-" "Mozilla/5.0 (compatible; BLEXBot/1.0; +https://help.seranking.com/en/blex-crawler)"
170.83.49.7 - - [09/Jun/2025:22:41:38 -0400] "GET / HTTP/1.1" 200 10314 "https://w3.junglejuicewebtoon.com/" "Mozilla/5.0 (Windows NT 10.0; Win64; x64)"
162.0.232.193 - - [09/Jun/2025:22:41:47 -0400] "POST /wp-cron.php?doing_wp_cron=1749523307.6736690998077392578125 HTTP/1.1" 200 0 "-" "WordPress/6.7.2; https://w4.junglejuicewebtoon.com"
5.9.120.100 - - [09/Jun/2025:22:41:47 -0400] "GET /manga1/jungle-juice-chapter-90/ HTTP/1.1" 200 10683 "-" "Mozilla/5.0 (compatible; BLEXBot/1.0; +https://help.seranking.com/en/blex-crawler)"
162.0.232.193 - - [09/Jun/2025:22:41:48 -0400] "POST /wp-admin/admin-ajax.php?action=async_litespeed&nonce=3k37xbnBKBm6wdxKBT3jVSLHXcdvewER&litespeed_type=imgoptm HTTP/1.1" 200 5 "-" "WordPress/6.7.2; https://w4.junglejuicewebtoon.com"
5.9.120.100 - - [09/Jun/2025:22:41:51 -0400] "GET /manga1/jungle-juice-chapter-91/ HTTP/1.1" 200 10433 "-" "Mozilla/5.0 (compatible; BLEXBot/1.0; +https://help.seranking.com/en/blex-crawler)"
162.0.232.193 - - [09/Jun/2025:22:42:25 -0400] "POST /wp-cron.php?doing_wp_cron=1749523345.2230660915374755859375 HTTP/1.1" 200 0 "-" "WordPress/6.7.2; https://w4.junglejuicewebtoon.com"
5.9.120.100 - - [09/Jun/2025:22:42:24 -0400] "GET /manga1/jungle-juice-chapter-92/ HTTP/1.1" 200 10676 "-" "Mozilla/5.0 (compatible; BLEXBot/1.0; +https://help.seranking.com/en/blex-crawler)"
162.0.232.193 - - [09/Jun/2025:22:42:27 -0400] "GET /wp-content/uploads/36f5b53d6c6d3d6b1e9dd0027baac2ed_1435.xml HTTP/1.1" 200 1150 "-" "Mozilla/5.0 (X11; Linux x86_64) AppleWebKit/537.36 (KHTML, like Gecko) Ubuntu Chromium/41.0.2272.76"
162.0.232.193 - - [09/Jun/2025:22:43:31 -0400] "POST /wp-cron.php?doing_wp_cron=1749523411.3074619770050048828125 HTTP/1.1" 200 0 "-" "WordPress/6.7.2; https://w4.junglejuicewebtoon.com"
5.9.120.100 - - [09/Jun/2025:22:43:31 -0400] "GET /manga1/jungle-juice-chapter-93/ HTTP/1.1" 200 10477 "-" "Mozilla/5.0 (compatible; BLEXBot/1.0; +https://help.seranking.com/en/blex-crawler)"
162.0.232.193 - - [09/Jun/2025:22:43:31 -0400] "POST /wp-admin/admin-ajax.php?action=async_litespeed&nonce=on0eKLlEeIz3pLIvqlCL0GOm71j5GZUQ&litespeed_type=imgoptm HTTP/1.1" 200 5 "-" "WordPress/6.7.2; https://w4.junglejuicewebtoon.com"
162.0.232.193 - - [09/Jun/2025:22:44:06 -0400] "POST /wp-cron.php?doing_wp_cron=1749523446.0819358825683593750000 HTTP/1.1" 200 0 "-" "WordPress/6.7.2; https://w4.junglejuicewebtoon.com"
5.9.120.100 - - [09/Jun/2025:22:44:05 -0400] "GET /manga1/jungle-juice-chapter-94/ HTTP/1.1" 200 10692 "-" "Mozilla/5.0 (compatible; BLEXBot/1.0; +https://help.seranking.com/en/blex-crawler)"
162.0.232.193 - - [09/Jun/2025:22:44:06 -0400] "POST /wp-admin/admin-ajax.php?action=async_litespeed&nonce=QMCvAHgEB7YM6D6oYOMhXSQsIkS0faVG&litespeed_type=imgoptm HTTP/1.1" 200 5 "-" "WordPress/6.7.2; https://w4.junglejuicewebtoon.com"
5.9.120.100 - - [09/Jun/2025:22:44:10 -0400] "GET /manga1/jungle-juice-chapter-95/ HTTP/1.1" 200 10522 "-" "Mozilla/5.0 (compatible; BLEXBot/1.0; +https://help.seranking.com/en/blex-crawler)"
162.0.232.193 - - [09/Jun/2025:22:44:18 -0400] "POST /wp-cron.php?doing_wp_cron=1749523458.7375268936157226562500 HTTP/1.1" 200 0 "-" "WordPress/6.7.2; https://w4.junglejuicewebtoon.com"
5.9.120.100 - - [09/Jun/2025:22:44:18 -0400] "GET /manga1/jungle-juice-chapter-96/ HTTP/1.1" 200 10529 "-" "Mozilla/5.0 (compatible; BLEXBot/1.0; +https://help.seranking.com/en/blex-crawler)"
162.0.232.193 - - [09/Jun/2025:22:44:20 -0400] "GET /wp-content/uploads/36f5b53d6c6d3d6b1e9dd0027baac2ed_1435.xml HTTP/1.1" 200 1150 "-" "Mozilla/5.0 (X11; Linux x86_64) AppleWebKit/537.36 (KHTML, like Gecko) Ubuntu Chromium/41.0.2272.76"
5.9.120.100 - - [09/Jun/2025:22:44:24 -0400] "GET /manga1/jungle-juice-chapter-97/ HTTP/1.1" 200 10640 "-" "Mozilla/5.0 (compatible; BLEXBot/1.0; +https://help.seranking.com/en/blex-crawler)"
5.9.120.100 - - [09/Jun/2025:22:45:05 -0400] "GET /manga1/jungle-juice-chapter-98/ HTTP/1.1" 200 10482 "-" "Mozilla/5.0 (compatible; BLEXBot/1.0; +https://help.seranking.com/en/blex-crawler)"
5.9.120.100 - - [09/Jun/2025:22:45:12 -0400] "GET /manga1/jungle-juice-chapter-99/ HTTP/1.1" 200 10439 "-" "Mozilla/5.0 (compatible; BLEXBot/1.0; +https://help.seranking.com/en/blex-crawler)"
162.0.232.193 - - [09/Jun/2025:22:45:48 -0400] "POST /wp-cron.php?doing_wp_cron=1749523548.5329821109771728515625 HTTP/1.1" 200 0 "-" "WordPress/6.7.2; https://w4.junglejuicewebtoon.com"
5.9.120.100 - - [09/Jun/2025:22:45:48 -0400] "GET /manga1/jungle-juice-chapter-100/ HTTP/1.1" 200 10475 "-" "Mozilla/5.0 (compatible; BLEXBot/1.0; +https://help.seranking.com/en/blex-crawler)"
162.0.232.193 - - [09/Jun/2025:22:45:49 -0400] "POST /wp-admin/admin-ajax.php?action=async_litespeed&nonce=NVCwkVs4dQKbsdA13v6ktp5aclDkrlSo&litespeed_type=imgoptm HTTP/1.1" 200 5 "-" "WordPress/6.7.2; https://w4.junglejuicewebtoon.com"
162.0.232.193 - - [09/Jun/2025:22:45:50 -0400] "GET /wp-content/uploads/36f5b53d6c6d3d6b1e9dd0027baac2ed_1435.xml HTTP/1.1" 200 1150 "-" "Mozilla/5.0 (X11; Linux x86_64) AppleWebKit/537.36 (KHTML, like Gecko) Ubuntu Chromium/41.0.2272.76"
5.9.120.100 - - [09/Jun/2025:22:45:52 -0400] "GET /manga1/jungle-juice-chapter-101/ HTTP/1.1" 200 10444 "-" "Mozilla/5.0 (compatible; BLEXBot/1.0; +https://help.seranking.com/en/blex-crawler)"
5.9.120.100 - - [09/Jun/2025:22:45:56 -0400] "GET /manga1/jungle-juice-chapter-102/ HTTP/1.1" 200 10476 "-" "Mozilla/5.0 (compatible; BLEXBot/1.0; +https://help.seranking.com/en/blex-crawler)"
162.0.232.193 - - [09/Jun/2025:22:46:52 -0400] "POST /wp-cron.php?doing_wp_cron=1749523612.4091639518737792968750 HTTP/1.1" 200 0 "-" "WordPress/6.7.2; https://w4.junglejuicewebtoon.com"
5.9.120.100 - - [09/Jun/2025:22:46:52 -0400] "GET /manga1/jungle-juice-chapter-103/ HTTP/1.1" 200 10478 "-" "Mozilla/5.0 (compatible; BLEXBot/1.0; +https://help.seranking.com/en/blex-crawler)"
162.0.232.193 - - [09/Jun/2025:22:46:52 -0400] "POST /wp-admin/admin-ajax.php?action=async_litespeed&nonce=hbMBLo3fV7ipqPj9pmsLRG8KoHiUXU1J&litespeed_type=imgoptm HTTP/1.1" 200 5 "-" "WordPress/6.7.2; https://w4.junglejuicewebtoon.com"
5.9.120.100 - - [09/Jun/2025:22:46:59 -0400] "GET /manga1/jungle-juice-chapter-104/ HTTP/1.1" 200 10457 "-" "Mozilla/5.0 (compatible; BLEXBot/1.0; +https://help.seranking.com/en/blex-crawler)"
162.0.232.193 - - [09/Jun/2025:22:47:18 -0400] "POST /wp-cron.php?doing_wp_cron=1749523638.7263100147247314453125 HTTP/1.1" 200 0 "-" "WordPress/6.7.2; https://w4.junglejuicewebtoon.com"
5.9.120.100 - - [09/Jun/2025:22:47:18 -0400] "GET /manga1/jungle-juice-chapter-105/ HTTP/1.1" 200 10459 "-" "Mozilla/5.0 (compatible; BLEXBot/1.0; +https://help.seranking.com/en/blex-crawler)"
162.0.232.193 - - [09/Jun/2025:22:47:20 -0400] "GET /wp-content/uploads/36f5b53d6c6d3d6b1e9dd0027baac2ed_1435.xml HTTP/1.1" 200 1150 "-" "Mozilla/5.0 (X11; Linux x86_64) AppleWebKit/537.36 (KHTML, like Gecko) Ubuntu Chromium/41.0.2272.76"
66.249.74.97 - - [09/Jun/2025:22:47:38 -0400] "GET /manga1/jungle-juice-chapter-51-2/ HTTP/1.1" 200 18191 "-" "Mozilla/5.0 (Linux; Android 6.0.1; Nexus 5X Build/MMB29P) AppleWebKit/537.36 (KHTML, like Gecko) Chrome/136.0.7103.113 Mobile Safari/537.36 (compatible; Googlebot/2.1; +http://www.google.com/bot.html)"
5.9.120.100 - - [09/Jun/2025:22:47:43 -0400] "GET /manga1/jungle-juice-chapter-106/ HTTP/1.1" 200 10460 "-" "Mozilla/5.0 (compatible; BLEXBot/1.0; +https://help.seranking.com/en/blex-crawler)"
5.9.120.100 - - [09/Jun/2025:22:47:54 -0400] "GET /manga1/jungle-juice-chapter-107/ HTTP/1.1" 200 10461 "-" "Mozilla/5.0 (compatible; BLEXBot/1.0; +https://help.seranking.com/en/blex-crawler)"
5.9.120.100 - - [09/Jun/2025:22:48:09 -0400] "GET /manga1/jungle-juice-chapter-108/ HTTP/1.1" 200 10431 "-" "Mozilla/5.0 (compatible; BLEXBot/1.0; +https://help.seranking.com/en/blex-crawler)"
162.0.232.193 - - [09/Jun/2025:22:48:25 -0400] "POST /wp-cron.php?doing_wp_cron=1749523705.1192820072174072265625 HTTP/1.1" 200 0 "-" "WordPress/6.7.2; https://w4.junglejuicewebtoon.com"
5.9.120.100 - - [09/Jun/2025:22:48:24 -0400] "GET /manga1/jungle-juice-chapter-109/ HTTP/1.1" 200 10433 "-" "Mozilla/5.0 (compatible; BLEXBot/1.0; +https://help.seranking.com/en/blex-crawler)"
162.0.232.193 - - [09/Jun/2025:22:48:25 -0400] "POST /wp-admin/admin-ajax.php?action=async_litespeed&nonce=Vsj3k5BKB7GgREfBsDmGMw0sb6UctwnM&litespeed_type=imgoptm HTTP/1.1" 200 5 "-" "WordPress/6.7.2; https://w4.junglejuicewebtoon.com"
162.0.232.193 - - [09/Jun/2025:22:48:38 -0400] "POST /wp-cron.php?doing_wp_cron=1749523718.0113589763641357421875 HTTP/1.1" 200 0 "-" "WordPress/6.7.2; https://w4.junglejuicewebtoon.com"
5.9.120.100 - - [09/Jun/2025:22:48:37 -0400] "GET /manga1/jungle-juice-chapter-110/ HTTP/1.1" 200 10438 "-" "Mozilla/5.0 (compatible; BLEXBot/1.0; +https://help.seranking.com/en/blex-crawler)"
162.0.232.193 - - [09/Jun/2025:22:48:47 -0400] "POST /wp-cron.php?doing_wp_cron=1749523726.9024579524993896484375 HTTP/1.1" 200 0 "-" "WordPress/6.7.2; https://w4.junglejuicewebtoon.com"
5.9.120.100 - - [09/Jun/2025:22:48:46 -0400] "GET /manga1/jungle-juice-chapter-111/ HTTP/1.1" 200 10397 "-" "Mozilla/5.0 (compatible; BLEXBot/1.0; +https://help.seranking.com/en/blex-crawler)"
162.0.232.193 - - [09/Jun/2025:22:48:47 -0400] "POST /wp-admin/admin-ajax.php?action=async_litespeed&nonce=lZ34uzpnThx4QnyF1ZyMN8cRfEsHhNyz&litespeed_type=imgoptm HTTP/1.1" 200 5 "-" "WordPress/6.7.2; https://w4.junglejuicewebtoon.com"
5.9.120.100 - - [09/Jun/2025:22:49:06 -0400] "GET /manga1/jungle-juice-chapter-112/ HTTP/1.1" 200 10432 "-" "Mozilla/5.0 (compatible; BLEXBot/1.0; +https://help.seranking.com/en/blex-crawler)"
162.0.232.193 - - [09/Jun/2025:22:49:16 -0400] "POST /wp-cron.php?doing_wp_cron=1749523756.3592529296875000000000 HTTP/1.1" 200 0 "-" "WordPress/6.7.2; https://w4.junglejuicewebtoon.com"
5.9.120.100 - - [09/Jun/2025:22:49:15 -0400] "GET /manga1/jungle-juice-chapter-113/ HTTP/1.1" 200 10402 "-" "Mozilla/5.0 (compatible; BLEXBot/1.0; +https://help.seranking.com/en/blex-crawler)"
162.0.232.193 - - [09/Jun/2025:22:49:18 -0400] "GET /wp-content/uploads/36f5b53d6c6d3d6b1e9dd0027baac2ed_1435.xml HTTP/1.1" 200 1150 "-" "Mozilla/5.0 (X11; Linux x86_64) AppleWebKit/537.36 (KHTML, like Gecko) Ubuntu Chromium/41.0.2272.76"
5.9.120.100 - - [09/Jun/2025:22:49:27 -0400] "GET /manga1/jungle-juice-chapter-114/ HTTP/1.1" 200 10460 "-" "Mozilla/5.0 (compatible; BLEXBot/1.0; +https://help.seranking.com/en/blex-crawler)"
5.9.120.100 - - [09/Jun/2025:22:49:37 -0400] "GET /manga1/jungle-juice-chapter-115/ HTTP/1.1" 200 10442 "-" "Mozilla/5.0 (compatible; BLEXBot/1.0; +https://help.seranking.com/en/blex-crawler)"
213.239.221.27 - - [09/Jun/2025:22:50:15 -0400] "GET / HTTP/1.1" 200 0 "-" "Mozilla/5.0 (Windows NT 10.0; Win64; x64) AppleWebKit/537.36 (KHTML, like Gecko) Chrome/137.0.0.0 Safari/537.36"
213.239.221.27 - - [09/Jun/2025:22:50:15 -0400] "GET / HTTP/1.1" 200 10326 "-" "Mozilla/5.0 (Windows NT 10.0; Win64; x64) AppleWebKit/537.36 (KHTML, like Gecko) Chrome/137.0.0.0 Safari/537.36"
213.239.221.27 - - [09/Jun/2025:22:50:16 -0400] "GET /wp-includes/css/dist/block-library/style.min.css?ver=6.7.2 HTTP/1.1" 200 14225 "https://w4.junglejuicewebtoon.com/" "Mozilla/5.0 (Windows NT 10.0; Win64; x64) AppleWebKit/537.36 (KHTML, like Gecko) Chrome/137.0.0.0 Safari/537.36"
213.239.221.27 - - [09/Jun/2025:22:50:16 -0400] "GET /wp-content/plugins/simple-social-buttons/assets/js/front.js?ver=5.3.1 HTTP/1.1" 304 0 "https://w4.junglejuicewebtoon.com/" "Mozilla/5.0 (Windows NT 10.0; Win64; x64) AppleWebKit/537.36 (KHTML, like Gecko) Chrome/137.0.0.0 Safari/537.36"
213.239.221.27 - - [09/Jun/2025:22:50:16 -0400] "GET /wp-content/themes/toivo-lite/style.css?ver=1.2.0 HTTP/1.1" 200 13718 "https://w4.junglejuicewebtoon.com/" "Mozilla/5.0 (Windows NT 10.0; Win64; x64) AppleWebKit/537.36 (KHTML, like Gecko) Chrome/137.0.0.0 Safari/537.36"
213.239.221.27 - - [09/Jun/2025:22:50:16 -0400] "GET /wp-content/plugins/widgets-on-pages/public/css/widgets-on-pages-public.css?ver=1.4.0 HTTP/1.1" 200 83 "https://w4.junglejuicewebtoon.com/" "Mozilla/5.0 (Windows NT 10.0; Win64; x64) AppleWebKit/537.36 (KHTML, like Gecko) Chrome/137.0.0.0 Safari/537.36"
213.239.221.27 - - [09/Jun/2025:22:50:16 -0400] "GET /wp-content/plugins/simple-social-buttons/assets/css/front.css?ver=5.3.1 HTTP/1.1" 200 10295 "https://w4.junglejuicewebtoon.com/" "Mozilla/5.0 (Windows NT 10.0; Win64; x64) AppleWebKit/537.36 (KHTML, like Gecko) Chrome/137.0.0.0 Safari/537.36"
213.239.221.27 - - [09/Jun/2025:22:50:16 -0400] "GET /wp-content/plugins/simple-social-buttons/assets/js/frontend-blocks.js?ver=5.3.1 HTTP/1.1" 200 0 "https://w4.junglejuicewebtoon.com/" "Mozilla/5.0 (Windows NT 10.0; Win64; x64) AppleWebKit/537.36 (KHTML, like Gecko) Chrome/137.0.0.0 Safari/537.36"
213.239.221.27 - - [09/Jun/2025:22:50:16 -0400] "GET /wp-content/plugins/comic-easel/css/comiceasel.css?ver=6.7.2 HTTP/1.1" 200 1273 "https://w4.junglejuicewebtoon.com/" "Mozilla/5.0 (Windows NT 10.0; Win64; x64) AppleWebKit/537.36 (KHTML, like Gecko) Chrome/137.0.0.0 Safari/537.36"
213.239.221.27 - - [09/Jun/2025:22:50:16 -0400] "GET /wp-content/plugins/comic-easel/js/keynav.js HTTP/1.1" 304 0 "https://w4.junglejuicewebtoon.com/" "Mozilla/5.0 (Windows NT 10.0; Win64; x64) AppleWebKit/537.36 (KHTML, like Gecko) Chrome/137.0.0.0 Safari/537.36"
213.239.221.27 - - [09/Jun/2025:22:50:16 -0400] "GET /wp-content/themes/toivo-lite/fonts/genericons/genericons/genericons.min.css?ver=3.3 HTTP/1.1" 200 15959 "https://w4.junglejuicewebtoon.com/" "Mozilla/5.0 (Windows NT 10.0; Win64; x64) AppleWebKit/537.36 (KHTML, like Gecko) Chrome/137.0.0.0 Safari/537.36"
213.239.221.27 - - [09/Jun/2025:22:50:17 -0400] "GET /wp-content/uploads/2024/02/81yoNOPfHkL._AC_UF10001000_QL80_.jpg HTTP/1.1" 200 113317 "https://w4.junglejuicewebtoon.com/" "Mozilla/5.0 (Windows NT 10.0; Win64; x64) AppleWebKit/537.36 (KHTML, like Gecko) Chrome/137.0.0.0 Safari/537.36"
213.239.221.27 - - [09/Jun/2025:22:50:17 -0400] "GET /wp-content/plugins/links-auto-replacer/public/js/lar-public.js?ver=2.0.0 HTTP/1.1" 200 393 "https://w4.junglejuicewebtoon.com/" "Mozilla/5.0 (Windows NT 10.0; Win64; x64) AppleWebKit/537.36 (KHTML, like Gecko) Chrome/137.0.0.0 Safari/537.36"
213.239.221.27 - - [09/Jun/2025:22:50:17 -0400] "GET /wp-includes/js/jquery/jquery.min.js?ver=3.7.1 HTTP/1.1" 200 29744 "https://w4.junglejuicewebtoon.com/" "Mozilla/5.0 (Windows NT 10.0; Win64; x64) AppleWebKit/537.36 (KHTML, like Gecko) Chrome/137.0.0.0 Safari/537.36"
213.239.221.27 - - [09/Jun/2025:22:50:16 -0400] "GET /wp-content/uploads/2024/02/Jungle_Juice_Webtoon_Infobox.png HTTP/1.1" 200 742626 "https://w4.junglejuicewebtoon.com/" "Mozilla/5.0 (Windows NT 10.0; Win64; x64) AppleWebKit/537.36 (KHTML, like Gecko) Chrome/137.0.0.0 Safari/537.36"
213.239.221.27 - - [09/Jun/2025:22:50:17 -0400] "GET /wp-content/themes/toivo-lite/js/responsive-nav.min.js?ver=1.2.0 HTTP/1.1" 304 0 "https://w4.junglejuicewebtoon.com/" "Mozilla/5.0 (Windows NT 10.0; Win64; x64) AppleWebKit/537.36 (KHTML, like Gecko) Chrome/137.0.0.0 Safari/537.36"
213.239.221.27 - - [09/Jun/2025:22:50:17 -0400] "GET /wp-content/themes/toivo-lite/js/functions.min.js?ver=1.2.0 HTTP/1.1" 304 0 "https://w4.junglejuicewebtoon.com/" "Mozilla/5.0 (Windows NT 10.0; Win64; x64) AppleWebKit/537.36 (KHTML, like Gecko) Chrome/137.0.0.0 Safari/537.36"
213.239.221.27 - - [09/Jun/2025:22:50:17 -0400] "GET /wp-content/themes/toivo-lite/js/settings.min.js?ver=1.2.0 HTTP/1.1" 200 307 "https://w4.junglejuicewebtoon.com/" "Mozilla/5.0 (Windows NT 10.0; Win64; x64) AppleWebKit/537.36 (KHTML, like Gecko) Chrome/137.0.0.0 Safari/537.36"
162.0.232.193 - - [09/Jun/2025:22:50:17 -0400] "POST /wp-cron.php?doing_wp_cron=1749523817.7001430988311767578125 HTTP/1.1" 200 0 "-" "WordPress/6.7.2; https://w4.junglejuicewebtoon.com"
43.153.123.4 - - [09/Jun/2025:22:50:17 -0400] "GET /manga1/jungle-juice-chapter-106-2/ HTTP/1.1" 200 10963 "-" "Mozilla/5.0 (iPhone; CPU iPhone OS 13_2_3 like Mac OS X) AppleWebKit/605.1.15 (KHTML, like Gecko) Version/13.0.3 Mobile/15E148 Safari/604.1"
162.0.232.193 - - [09/Jun/2025:22:50:18 -0400] "POST /wp-admin/admin-ajax.php?action=async_litespeed&nonce=TDN3HfR1S81YQmr2F0pzSErwFt6D9FZH&litespeed_type=imgoptm HTTP/1.1" 200 5 "-" "WordPress/6.7.2; https://w4.junglejuicewebtoon.com"
213.239.221.27 - - [09/Jun/2025:22:50:18 -0400] "GET /wp-content/uploads/2024/02/cropped-thumbnail_jungle_juice-32x32.jpg HTTP/1.1" 304 0 "https://w4.junglejuicewebtoon.com/" "Mozilla/5.0 (Windows NT 10.0; Win64; x64) AppleWebKit/537.36 (KHTML, like Gecko) Chrome/137.0.0.0 Safari/537.36"
162.0.232.193 - - [09/Jun/2025:22:51:01 -0400] "POST /wp-cron.php?doing_wp_cron=1749523861.7612578868865966796875 HTTP/1.1" 200 0 "-" "WordPress/6.7.2; https://w4.junglejuicewebtoon.com"
5.9.120.100 - - [09/Jun/2025:22:51:01 -0400] "GET /manga1/jungle-juice-chapter-116/ HTTP/1.1" 200 10482 "-" "Mozilla/5.0 (compatible; BLEXBot/1.0; +https://help.seranking.com/en/blex-crawler)"
162.0.232.193 - - [09/Jun/2025:22:51:02 -0400] "POST /wp-admin/admin-ajax.php?action=async_litespeed&nonce=xUqp4VfWrny4PmN7eHyfyIOtHagFO4sd&litespeed_type=imgoptm HTTP/1.1" 200 5 "-" "WordPress/6.7.2; https://w4.junglejuicewebtoon.com"
162.0.232.193 - - [09/Jun/2025:22:51:23 -0400] "POST /wp-cron.php?doing_wp_cron=1749523883.4967761039733886718750 HTTP/1.1" 200 0 "-" "WordPress/6.7.2; https://w4.junglejuicewebtoon.com"
5.9.120.100 - - [09/Jun/2025:22:51:23 -0400] "GET /manga1/jungle-juice-chapter-117/ HTTP/1.1" 200 10457 "-" "Mozilla/5.0 (compatible; BLEXBot/1.0; +https://help.seranking.com/en/blex-crawler)"
162.0.232.193 - - [09/Jun/2025:22:51:25 -0400] "GET /wp-content/uploads/36f5b53d6c6d3d6b1e9dd0027baac2ed_1435.xml HTTP/1.1" 200 1150 "-" "Mozilla/5.0 (X11; Linux x86_64) AppleWebKit/537.36 (KHTML, like Gecko) Ubuntu Chromium/41.0.2272.76"
5.9.120.100 - - [09/Jun/2025:22:51:47 -0400] "GET /manga1/jungle-juice-chapter-118/ HTTP/1.1" 200 10413 "-" "Mozilla/5.0 (compatible; BLEXBot/1.0; +https://help.seranking.com/en/blex-crawler)"
5.9.120.100 - - [09/Jun/2025:22:52:16 -0400] "GET /manga1/jungle-juice-chapter-119/ HTTP/1.1" 200 10397 "-" "Mozilla/5.0 (compatible; BLEXBot/1.0; +https://help.seranking.com/en/blex-crawler)"
162.0.232.193 - - [09/Jun/2025:22:52:51 -0400] "POST /wp-cron.php?doing_wp_cron=1749523970.8888509273529052734375 HTTP/1.1" 200 0 "-" "WordPress/6.7.2; https://w4.junglejuicewebtoon.com"
5.9.120.100 - - [09/Jun/2025:22:52:50 -0400] "GET /manga1/jungle-juice-chapter-120/ HTTP/1.1" 200 10421 "-" "Mozilla/5.0 (compatible; BLEXBot/1.0; +https://help.seranking.com/en/blex-crawler)"
162.0.232.193 - - [09/Jun/2025:22:52:51 -0400] "POST /wp-admin/admin-ajax.php?action=async_litespeed&nonce=8kSdSYQRIeZ8hzxXysykgduxD9NKKJIv&litespeed_type=imgoptm HTTP/1.1" 200 5 "-" "WordPress/6.7.2; https://w4.junglejuicewebtoon.com"
162.0.232.193 - - [09/Jun/2025:22:53:46 -0400] "POST /wp-cron.php?doing_wp_cron=1749524026.7267770767211914062500 HTTP/1.1" 200 0 "-" "WordPress/6.7.2; https://w4.junglejuicewebtoon.com"
5.9.120.100 - - [09/Jun/2025:22:53:46 -0400] "GET /manga1/jungle-juice-chapter-121/ HTTP/1.1" 200 10453 "-" "Mozilla/5.0 (compatible; BLEXBot/1.0; +https://help.seranking.com/en/blex-crawler)"
162.0.232.193 - - [09/Jun/2025:22:53:48 -0400] "GET /wp-content/uploads/36f5b53d6c6d3d6b1e9dd0027baac2ed_1435.xml HTTP/1.1" 200 1150 "-" "Mozilla/5.0 (X11; Linux x86_64) AppleWebKit/537.36 (KHTML, like Gecko) Ubuntu Chromium/41.0.2272.76"
162.0.232.193 - - [09/Jun/2025:22:54:49 -0400] "POST /wp-cron.php?doing_wp_cron=1749524089.2064790725708007812500 HTTP/1.1" 200 0 "-" "WordPress/6.7.2; https://w4.junglejuicewebtoon.com"
5.9.120.100 - - [09/Jun/2025:22:54:48 -0400] "GET /manga1/jungle-juice-chapter-122/ HTTP/1.1" 200 10424 "-" "Mozilla/5.0 (compatible; BLEXBot/1.0; +https://help.seranking.com/en/blex-crawler)"
162.0.232.193 - - [09/Jun/2025:22:54:49 -0400] "POST /wp-admin/admin-ajax.php?action=async_litespeed&nonce=eJO9muL986dZfui6GiNxqMNb0EGR3VrC&litespeed_type=imgoptm HTTP/1.1" 200 5 "-" "WordPress/6.7.2; https://w4.junglejuicewebtoon.com"
5.9.120.100 - - [09/Jun/2025:22:55:05 -0400] "GET /manga1/jungle-juice-chapter-123/ HTTP/1.1" 200 10435 "-" "Mozilla/5.0 (compatible; BLEXBot/1.0; +https://help.seranking.com/en/blex-crawler)"
162.0.232.193 - - [09/Jun/2025:22:55:17 -0400] "POST /wp-cron.php?doing_wp_cron=1749524117.0281529426574707031250 HTTP/1.1" 200 0 "-" "WordPress/6.7.2; https://w4.junglejuicewebtoon.com"
5.9.120.100 - - [09/Jun/2025:22:55:16 -0400] "GET /manga1/jungle-juice-chapter-124/ HTTP/1.1" 200 10423 "-" "Mozilla/5.0 (compatible; BLEXBot/1.0; +https://help.seranking.com/en/blex-crawler)"
162.0.232.193 - - [09/Jun/2025:22:55:19 -0400] "GET /wp-content/uploads/36f5b53d6c6d3d6b1e9dd0027baac2ed_1435.xml HTTP/1.1" 200 1028 "-" "Mozilla/5.0 (X11; Linux x86_64) AppleWebKit/537.36 (KHTML, like Gecko) Ubuntu Chromium/41.0.2272.76"
5.9.120.100 - - [09/Jun/2025:22:55:32 -0400] "GET /manga1/jungle-juice-chapter-125/ HTTP/1.1" 200 10429 "-" "Mozilla/5.0 (compatible; BLEXBot/1.0; +https://help.seranking.com/en/blex-crawler)"
5.9.120.100 - - [09/Jun/2025:22:55:43 -0400] "GET /manga1/jungle-juice-chapter-126/ HTTP/1.1" 200 10457 "-" "Mozilla/5.0 (compatible; BLEXBot/1.0; +https://help.seranking.com/en/blex-crawler)"
5.9.120.100 - - [09/Jun/2025:22:55:55 -0400] "GET /manga1/jungle-juice-chapter-127/ HTTP/1.1" 200 10481 "-" "Mozilla/5.0 (compatible; BLEXBot/1.0; +https://help.seranking.com/en/blex-crawler)"
5.9.120.100 - - [09/Jun/2025:22:56:08 -0400] "GET /manga1/jungle-juice-chapter-128/ HTTP/1.1" 200 10526 "-" "Mozilla/5.0 (compatible; BLEXBot/1.0; +https://help.seranking.com/en/blex-crawler)"
162.0.232.193 - - [09/Jun/2025:22:57:35 -0400] "POST /wp-cron.php?doing_wp_cron=1749524255.3589680194854736328125 HTTP/1.1" 200 0 "-" "WordPress/6.7.2; https://w4.junglejuicewebtoon.com"
5.9.120.100 - - [09/Jun/2025:22:57:33 -0400] "GET /manga1/jungle-juice-chapter-129/ HTTP/1.1" 200 10501 "-" "Mozilla/5.0 (compatible; BLEXBot/1.0; +https://help.seranking.com/en/blex-crawler)"
162.0.232.193 - - [09/Jun/2025:22:57:35 -0400] "POST /wp-admin/admin-ajax.php?action=async_litespeed&nonce=9JD8eAvIEBe1eevZ8kcXZSDNcN54TJhL&litespeed_type=imgoptm HTTP/1.1" 200 5 "-" "WordPress/6.7.2; https://w4.junglejuicewebtoon.com"
51.222.253.3 - - [09/Jun/2025:22:57:37 -0400] "GET /manga1/jungle-juice-chapter-5-3/ HTTP/1.1" 200 11744 "-" "Mozilla/5.0 (compatible; AhrefsBot/7.0; +http://ahrefs.com/robot/)"
162.0.232.193 - - [09/Jun/2025:22:57:38 -0400] "GET /wp-content/uploads/36f5b53d6c6d3d6b1e9dd0027baac2ed_1435.xml HTTP/1.1" 200 1028 "-" "Mozilla/5.0 (X11; Linux x86_64) AppleWebKit/537.36 (KHTML, like Gecko) Ubuntu Chromium/41.0.2272.76"
5.9.120.100 - - [09/Jun/2025:22:57:55 -0400] "GET /manga1/jungle-juice-chapter-130/ HTTP/1.1" 200 10489 "-" "Mozilla/5.0 (compatible; BLEXBot/1.0; +https://help.seranking.com/en/blex-crawler)"
5.9.120.100 - - [09/Jun/2025:22:58:15 -0400] "GET /manga1/jungle-juice-chapter-131/ HTTP/1.1" 200 10969 "-" "Mozilla/5.0 (compatible; BLEXBot/1.0; +https://help.seranking.com/en/blex-crawler)"
162.0.232.193 - - [09/Jun/2025:22:59:24 -0400] "POST /wp-cron.php?doing_wp_cron=1749524364.1264600753784179687500 HTTP/1.1" 200 0 "-" "WordPress/6.7.2; https://w4.junglejuicewebtoon.com"
5.9.120.100 - - [09/Jun/2025:22:59:23 -0400] "GET /manga1/jungle-juice-chapter-132/ HTTP/1.1" 200 10491 "-" "Mozilla/5.0 (compatible; BLEXBot/1.0; +https://help.seranking.com/en/blex-crawler)"
162.0.232.193 - - [09/Jun/2025:22:59:24 -0400] "POST /wp-admin/admin-ajax.php?action=async_litespeed&nonce=PkCGu4FRpsy9B6HA0hPvRWqTDN6gD6RP&litespeed_type=imgoptm HTTP/1.1" 200 5 "-" "WordPress/6.7.2; https://w4.junglejuicewebtoon.com"
162.0.232.193 - - [09/Jun/2025:22:59:26 -0400] "GET /wp-content/uploads/36f5b53d6c6d3d6b1e9dd0027baac2ed_1435.xml HTTP/1.1" 200 1028 "-" "Mozilla/5.0 (X11; Linux x86_64) AppleWebKit/537.36 (KHTML, like Gecko) Ubuntu Chromium/41.0.2272.76"
5.9.120.100 - - [09/Jun/2025:22:59:57 -0400] "GET /manga1/jungle-juice-chapter-133/ HTTP/1.1" 200 10497 "-" "Mozilla/5.0 (compatible; BLEXBot/1.0; +https://help.seranking.com/en/blex-crawler)"
162.0.232.193 - - [09/Jun/2025:23:00:29 -0400] "POST /wp-cron.php?doing_wp_cron=1749524429.7215039730072021484375 HTTP/1.1" 200 0 "-" "WordPress/6.7.2; https://w4.junglejuicewebtoon.com"
5.9.120.100 - - [09/Jun/2025:23:00:29 -0400] "GET /manga1/jungle-juice-chapter-134/ HTTP/1.1" 200 10507 "-" "Mozilla/5.0 (compatible; BLEXBot/1.0; +https://help.seranking.com/en/blex-crawler)"
162.0.232.193 - - [09/Jun/2025:23:00:29 -0400] "POST /wp-admin/admin-ajax.php?action=async_litespeed&nonce=54AHRu2w2w1rPmaZb0O5bEnTsDijri4D&litespeed_type=imgoptm HTTP/1.1" 200 5 "-" "WordPress/6.7.2; https://w4.junglejuicewebtoon.com"
162.0.232.193 - - [09/Jun/2025:23:00:51 -0400] "POST /wp-cron.php?doing_wp_cron=1749524451.3859879970550537109375 HTTP/1.1" 200 0 "-" "WordPress/6.7.2; https://w4.junglejuicewebtoon.com"
43.130.57.76 - - [09/Jun/2025:23:00:51 -0400] "GET /manga1/jungle-juice-chapter-104-2/ HTTP/1.1" 200 10935 "-" "Mozilla/5.0 (iPhone; CPU iPhone OS 13_2_3 like Mac OS X) AppleWebKit/605.1.15 (KHTML, like Gecko) Version/13.0.3 Mobile/15E148 Safari/604.1"
162.0.232.193 - - [09/Jun/2025:23:00:51 -0400] "POST /wp-admin/admin-ajax.php?action=async_litespeed&nonce=MqWj0gnJKvtr400OfBw7XRxsGDrVxjxk&litespeed_type=imgoptm HTTP/1.1" 200 5 "-" "WordPress/6.7.2; https://w4.junglejuicewebtoon.com"
5.9.120.100 - - [09/Jun/2025:23:00:54 -0400] "GET /manga1/jungle-juice-chapter-135/ HTTP/1.1" 200 10459 "-" "Mozilla/5.0 (compatible; BLEXBot/1.0; +https://help.seranking.com/en/blex-crawler)"
162.0.232.193 - - [09/Jun/2025:23:01:16 -0400] "POST /wp-cron.php?doing_wp_cron=1749524476.1332149505615234375000 HTTP/1.1" 200 0 "-" "WordPress/6.7.2; https://w4.junglejuicewebtoon.com"
5.9.120.100 - - [09/Jun/2025:23:01:15 -0400] "GET /manga1/jungle-juice-chapter-136/ HTTP/1.1" 200 10534 "-" "Mozilla/5.0 (compatible; BLEXBot/1.0; +https://help.seranking.com/en/blex-crawler)"
162.0.232.193 - - [09/Jun/2025:23:01:18 -0400] "GET /wp-content/uploads/36f5b53d6c6d3d6b1e9dd0027baac2ed_1435.xml HTTP/1.1" 200 1150 "-" "Mozilla/5.0 (X11; Linux x86_64) AppleWebKit/537.36 (KHTML, like Gecko) Ubuntu Chromium/41.0.2272.76"
5.9.120.100 - - [09/Jun/2025:23:01:32 -0400] "GET /manga1/jungle-juice-chapter-137/ HTTP/1.1" 200 10512 "-" "Mozilla/5.0 (compatible; BLEXBot/1.0; +https://help.seranking.com/en/blex-crawler)"
5.9.120.100 - - [09/Jun/2025:23:01:51 -0400] "GET /manga1/jungle-juice-chapter-138/ HTTP/1.1" 200 10465 "-" "Mozilla/5.0 (compatible; BLEXBot/1.0; +https://help.seranking.com/en/blex-crawler)"
5.9.120.100 - - [09/Jun/2025:23:02:05 -0400] "GET /manga1/jungle-juice-chapter-139/ HTTP/1.1" 200 10563 "-" "Mozilla/5.0 (compatible; BLEXBot/1.0; +https://help.seranking.com/en/blex-crawler)"
162.0.232.193 - - [09/Jun/2025:23:02:50 -0400] "POST /wp-cron.php?doing_wp_cron=1749524570.4238090515136718750000 HTTP/1.1" 200 0 "-" "WordPress/6.7.2; https://w4.junglejuicewebtoon.com"
5.9.120.100 - - [09/Jun/2025:23:02:50 -0400] "GET /manga1/jungle-juice-chapter-140/ HTTP/1.1" 200 11480 "-" "Mozilla/5.0 (compatible; BLEXBot/1.0; +https://help.seranking.com/en/blex-crawler)"
162.0.232.193 - - [09/Jun/2025:23:02:50 -0400] "POST /wp-admin/admin-ajax.php?action=async_litespeed&nonce=v0GKuVeOeO2Dy194Ju9R3RZIS1EVI0bR&litespeed_type=imgoptm HTTP/1.1" 200 5 "-" "WordPress/6.7.2; https://w4.junglejuicewebtoon.com"
162.0.232.193 - - [09/Jun/2025:23:02:52 -0400] "GET /wp-content/uploads/36f5b53d6c6d3d6b1e9dd0027baac2ed_1435.xml HTTP/1.1" 200 1150 "-" "Mozilla/5.0 (X11; Linux x86_64) AppleWebKit/537.36 (KHTML, like Gecko) Ubuntu Chromium/41.0.2272.76"
5.9.120.100 - - [09/Jun/2025:23:03:16 -0400] "GET /manga1/jungle-juice-chapter-141/ HTTP/1.1" 200 10354 "-" "Mozilla/5.0 (compatible; BLEXBot/1.0; +https://help.seranking.com/en/blex-crawler)"
5.9.120.100 - - [09/Jun/2025:23:03:35 -0400] "GET /manga1/jungle-juice-chapter-142/ HTTP/1.1" 200 10317 "-" "Mozilla/5.0 (compatible; BLEXBot/1.0; +https://help.seranking.com/en/blex-crawler)"
162.0.232.193 - - [09/Jun/2025:23:03:53 -0400] "POST /wp-cron.php?doing_wp_cron=1749524633.6352689266204833984375 HTTP/1.1" 200 0 "-" "WordPress/6.7.2; https://w4.junglejuicewebtoon.com"
5.9.120.100 - - [09/Jun/2025:23:03:53 -0400] "GET /manga1/jungle-juice-chapter-143/ HTTP/1.1" 200 10341 "-" "Mozilla/5.0 (compatible; BLEXBot/1.0; +https://help.seranking.com/en/blex-crawler)"
162.0.232.193 - - [09/Jun/2025:23:03:54 -0400] "POST /wp-admin/admin-ajax.php?action=async_litespeed&nonce=MHom5Kp6xqvyBmXNFBmF1snJvl2qFaHX&litespeed_type=imgoptm HTTP/1.1" 200 5 "-" "WordPress/6.7.2; https://w4.junglejuicewebtoon.com"
5.9.120.100 - - [09/Jun/2025:23:04:02 -0400] "GET /manga1/jungle-juice-chapter-144/ HTTP/1.1" 200 10357 "-" "Mozilla/5.0 (compatible; BLEXBot/1.0; +https://help.seranking.com/en/blex-crawler)"
162.0.232.193 - - [09/Jun/2025:23:04:51 -0400] "POST /wp-cron.php?doing_wp_cron=1749524690.8701879978179931640625 HTTP/1.1" 200 0 "-" "WordPress/6.7.2; https://w4.junglejuicewebtoon.com"
5.9.120.100 - - [09/Jun/2025:23:04:50 -0400] "GET /manga1/jungle-juice-chapter-145/ HTTP/1.1" 200 10354 "-" "Mozilla/5.0 (compatible; BLEXBot/1.0; +https://help.seranking.com/en/blex-crawler)"
162.0.232.193 - - [09/Jun/2025:23:04:52 -0400] "GET /wp-content/uploads/36f5b53d6c6d3d6b1e9dd0027baac2ed_1435.xml HTTP/1.1" 200 1150 "-" "Mozilla/5.0 (X11; Linux x86_64) AppleWebKit/537.36 (KHTML, like Gecko) Ubuntu Chromium/41.0.2272.76"
5.9.120.100 - - [09/Jun/2025:23:05:23 -0400] "GET /manga1/jungle-juice-chapter-146/ HTTP/1.1" 200 10342 "-" "Mozilla/5.0 (compatible; BLEXBot/1.0; +https://help.seranking.com/en/blex-crawler)"
162.0.232.193 - - [09/Jun/2025:23:06:19 -0400] "POST /wp-cron.php?doing_wp_cron=1749524778.8098371028900146484375 HTTP/1.1" 200 0 "-" "WordPress/6.7.2; https://w4.junglejuicewebtoon.com"
5.9.120.100 - - [09/Jun/2025:23:06:18 -0400] "GET /manga1/jungle-juice-chapter-147/ HTTP/1.1" 200 10260 "-" "Mozilla/5.0 (compatible; BLEXBot/1.0; +https://help.seranking.com/en/blex-crawler)"
162.0.232.193 - - [09/Jun/2025:23:06:19 -0400] "POST /wp-admin/admin-ajax.php?action=async_litespeed&nonce=TnEnmY95jTWETuOKZ5g2AJBlRPyKViAB&litespeed_type=imgoptm HTTP/1.1" 200 5 "-" "WordPress/6.7.2; https://w4.junglejuicewebtoon.com"
162.0.232.193 - - [09/Jun/2025:23:07:22 -0400] "POST /wp-cron.php?doing_wp_cron=1749524841.9230329990386962890625 HTTP/1.1" 200 0 "-" "WordPress/6.7.2; https://w4.junglejuicewebtoon.com"
5.9.120.100 - - [09/Jun/2025:23:07:21 -0400] "GET /manga1/jungle-juice-chapter-148/ HTTP/1.1" 200 10299 "-" "Mozilla/5.0 (compatible; BLEXBot/1.0; +https://help.seranking.com/en/blex-crawler)"
162.0.232.193 - - [09/Jun/2025:23:07:22 -0400] "POST /wp-admin/admin-ajax.php?action=async_litespeed&nonce=7SuXuZztJHn3c0EQVKhigVqWbdnqKavd&litespeed_type=imgoptm HTTP/1.1" 200 5 "-" "WordPress/6.7.2; https://w4.junglejuicewebtoon.com"
162.0.232.193 - - [09/Jun/2025:23:07:24 -0400] "GET /wp-content/uploads/36f5b53d6c6d3d6b1e9dd0027baac2ed_1435.xml HTTP/1.1" 200 1150 "-" "Mozilla/5.0 (X11; Linux x86_64) AppleWebKit/537.36 (KHTML, like Gecko) Ubuntu Chromium/41.0.2272.76"
5.9.120.100 - - [09/Jun/2025:23:08:17 -0400] "GET /manga1/jungle-juice-chapter-149/ HTTP/1.1" 200 10287 "-" "Mozilla/5.0 (compatible; BLEXBot/1.0; +https://help.seranking.com/en/blex-crawler)"
162.0.232.193 - - [09/Jun/2025:23:09:15 -0400] "POST /wp-cron.php?doing_wp_cron=1749524955.4413859844207763671875 HTTP/1.1" 200 0 "-" "WordPress/6.7.2; https://w4.junglejuicewebtoon.com"
5.9.120.100 - - [09/Jun/2025:23:09:15 -0400] "GET /manga1/jungle-juice-chapter-150/ HTTP/1.1" 200 10355 "-" "Mozilla/5.0 (compatible; BLEXBot/1.0; +https://help.seranking.com/en/blex-crawler)"
162.0.232.193 - - [09/Jun/2025:23:09:16 -0400] "POST /wp-admin/admin-ajax.php?action=async_litespeed&nonce=HlmKctXn0cCLL85qty2O6DVRpr4uH6LE&litespeed_type=imgoptm HTTP/1.1" 200 5 "-" "WordPress/6.7.2; https://w4.junglejuicewebtoon.com"
162.0.232.193 - - [09/Jun/2025:23:09:18 -0400] "GET /wp-content/uploads/36f5b53d6c6d3d6b1e9dd0027baac2ed_1435.xml HTTP/1.1" 200 1028 "-" "Mozilla/5.0 (X11; Linux x86_64) AppleWebKit/537.36 (KHTML, like Gecko) Ubuntu Chromium/41.0.2272.76"
5.9.120.100 - - [09/Jun/2025:23:09:54 -0400] "GET /manga1/jungle-juice-chapter-151/ HTTP/1.1" 200 10277 "-" "Mozilla/5.0 (compatible; BLEXBot/1.0; +https://help.seranking.com/en/blex-crawler)"
5.9.120.100 - - [09/Jun/2025:23:10:02 -0400] "GET /manga1/jungle-juice-chapter-152/ HTTP/1.1" 200 10292 "-" "Mozilla/5.0 (compatible; BLEXBot/1.0; +https://help.seranking.com/en/blex-crawler)"
5.9.120.100 - - [09/Jun/2025:23:10:14 -0400] "GET /manga1/jungle-juice-chapter-153/ HTTP/1.1" 200 10321 "-" "Mozilla/5.0 (compatible; BLEXBot/1.0; +https://help.seranking.com/en/blex-crawler)"
162.0.232.193 - - [09/Jun/2025:23:11:00 -0400] "POST /wp-cron.php?doing_wp_cron=1749525060.1493840217590332031250 HTTP/1.1" 200 0 "-" "WordPress/6.7.2; https://w4.junglejuicewebtoon.com"
43.159.128.237 - - [09/Jun/2025:23:10:59 -0400] "GET /manga1/jungle-juice-chapter-71/ HTTP/1.1" 200 10779 "-" "Mozilla/5.0 (iPhone; CPU iPhone OS 13_2_3 like Mac OS X) AppleWebKit/605.1.15 (KHTML, like Gecko) Version/13.0.3 Mobile/15E148 Safari/604.1"
162.0.232.193 - - [09/Jun/2025:23:11:00 -0400] "POST /wp-admin/admin-ajax.php?action=async_litespeed&nonce=FpM9ccmX0jBAl9RGR85PrBMIVqiNywuG&litespeed_type=imgoptm HTTP/1.1" 200 5 "-" "WordPress/6.7.2; https://w4.junglejuicewebtoon.com"
5.9.120.100 - - [09/Jun/2025:23:11:00 -0400] "GET /manga1/jungle-juice-chapter-154/ HTTP/1.1" 200 10299 "-" "Mozilla/5.0 (compatible; BLEXBot/1.0; +https://help.seranking.com/en/blex-crawler)"
162.0.232.193 - - [09/Jun/2025:23:11:03 -0400] "GET /wp-content/uploads/36f5b53d6c6d3d6b1e9dd0027baac2ed_1435.xml HTTP/1.1" 200 1150 "-" "Mozilla/5.0 (X11; Linux x86_64) AppleWebKit/537.36 (KHTML, like Gecko) Ubuntu Chromium/41.0.2272.76"
5.9.120.100 - - [09/Jun/2025:23:11:05 -0400] "GET /manga1/jungle-juice-chapter-155/ HTTP/1.1" 200 10315 "-" "Mozilla/5.0 (compatible; BLEXBot/1.0; +https://help.seranking.com/en/blex-crawler)"
5.9.120.100 - - [09/Jun/2025:23:11:11 -0400] "GET /manga1/jungle-juice-chapter-156/ HTTP/1.1" 200 10291 "-" "Mozilla/5.0 (compatible; BLEXBot/1.0; +https://help.seranking.com/en/blex-crawler)"
5.9.120.100 - - [09/Jun/2025:23:11:33 -0400] "GET /manga1/jungle-juice-chapter-157/ HTTP/1.1" 200 10273 "-" "Mozilla/5.0 (compatible; BLEXBot/1.0; +https://help.seranking.com/en/blex-crawler)"
5.9.120.100 - - [09/Jun/2025:23:11:51 -0400] "GET /manga1/jungle-juice-chapter-158/ HTTP/1.1" 200 10357 "-" "Mozilla/5.0 (compatible; BLEXBot/1.0; +https://help.seranking.com/en/blex-crawler)"
162.0.232.193 - - [09/Jun/2025:23:12:12 -0400] "POST /wp-cron.php?doing_wp_cron=1749525131.7405779361724853515625 HTTP/1.1" 200 0 "-" "WordPress/6.7.2; https://w4.junglejuicewebtoon.com"
162.0.232.193 - - [09/Jun/2025:23:12:13 -0400] "POST /wp-admin/admin-ajax.php?action=async_litespeed&nonce=UHSsP1dBz13UY5TLidfA4jFbk2wIfqbF&litespeed_type=imgoptm HTTP/1.1" 200 0 "-" "WordPress/6.7.2; https://w4.junglejuicewebtoon.com"
5.9.120.100 - - [09/Jun/2025:23:12:10 -0400] "GET /manga1/jungle-juice-chapter-159/ HTTP/1.1" 200 10362 "-" "Mozilla/5.0 (compatible; BLEXBot/1.0; +https://help.seranking.com/en/blex-crawler)"
162.0.232.193 - - [09/Jun/2025:23:12:25 -0400] "POST /wp-cron.php?doing_wp_cron=1749525145.6657691001892089843750 HTTP/1.1" 200 0 "-" "WordPress/6.7.2; https://w4.junglejuicewebtoon.com"
5.9.120.100 - - [09/Jun/2025:23:12:25 -0400] "GET /manga1/jungle-juice-chapter-160/ HTTP/1.1" 200 10298 "-" "Mozilla/5.0 (compatible; BLEXBot/1.0; +https://help.seranking.com/en/blex-crawler)"
162.0.232.193 - - [09/Jun/2025:23:12:45 -0400] "POST /wp-cron.php?doing_wp_cron=1749525165.6953210830688476562500 HTTP/1.1" 200 0 "-" "WordPress/6.7.2; https://w4.junglejuicewebtoon.com"
5.9.120.100 - - [09/Jun/2025:23:12:45 -0400] "GET /manga1/jungle-juice-chapter-161/ HTTP/1.1" 200 10228 "-" "Mozilla/5.0 (compatible; BLEXBot/1.0; +https://help.seranking.com/en/blex-crawler)"
162.0.232.193 - - [09/Jun/2025:23:12:46 -0400] "POST /wp-admin/admin-ajax.php?action=async_litespeed&nonce=72qbMDzX2I2ZToNSJxA2WH818Hx1yMW6&litespeed_type=imgoptm HTTP/1.1" 200 5 "-" "WordPress/6.7.2; https://w4.junglejuicewebtoon.com"
162.0.232.193 - - [09/Jun/2025:23:13:15 -0400] "POST /wp-cron.php?doing_wp_cron=1749525194.9888620376586914062500 HTTP/1.1" 200 0 "-" "WordPress/6.7.2; https://w4.junglejuicewebtoon.com"
5.9.120.100 - - [09/Jun/2025:23:13:14 -0400] "GET /manga1/jungle-juice-chapter-162/ HTTP/1.1" 200 10198 "-" "Mozilla/5.0 (compatible; BLEXBot/1.0; +https://help.seranking.com/en/blex-crawler)"
162.0.232.193 - - [09/Jun/2025:23:13:17 -0400] "GET /wp-content/uploads/36f5b53d6c6d3d6b1e9dd0027baac2ed_1435.xml HTTP/1.1" 200 1150 "-" "Mozilla/5.0 (X11; Linux x86_64) AppleWebKit/537.36 (KHTML, like Gecko) Ubuntu Chromium/41.0.2272.76"
5.9.120.100 - - [09/Jun/2025:23:13:53 -0400] "GET /manga1/jungle-juice-chapter-3-2/ HTTP/1.1" 200 12307 "-" "Mozilla/5.0 (compatible; BLEXBot/1.0; +https://help.seranking.com/en/blex-crawler)"
162.0.232.193 - - [09/Jun/2025:23:14:20 -0400] "POST /wp-cron.php?doing_wp_cron=1749525260.3654310703277587890625 HTTP/1.1" 200 0 "-" "WordPress/6.7.2; https://w4.junglejuicewebtoon.com"
162.0.232.193 - - [09/Jun/2025:23:14:20 -0400] "POST /wp-admin/admin-ajax.php?action=async_litespeed&nonce=H3kr1wyyWXvuibnj6ux1qzy7P410mNyI&litespeed_type=imgoptm HTTP/1.1" 200 0 "-" "WordPress/6.7.2; https://w4.junglejuicewebtoon.com"
5.9.120.100 - - [09/Jun/2025:23:14:19 -0400] "GET /manga1/jungle-juice-chapter-4-2/ HTTP/1.1" 200 11675 "-" "Mozilla/5.0 (compatible; BLEXBot/1.0; +https://help.seranking.com/en/blex-crawler)"
162.0.232.193 - - [09/Jun/2025:23:14:41 -0400] "POST /wp-cron.php?doing_wp_cron=1749525281.6466970443725585937500 HTTP/1.1" 200 0 "-" "WordPress/6.7.2; https://w4.junglejuicewebtoon.com"
5.9.120.100 - - [09/Jun/2025:23:14:40 -0400] "GET /manga1/jungle-juice-chapter-4-3/ HTTP/1.1" 200 11338 "-" "Mozilla/5.0 (compatible; BLEXBot/1.0; +https://help.seranking.com/en/blex-crawler)"
162.0.232.193 - - [09/Jun/2025:23:15:00 -0400] "POST /wp-cron.php?doing_wp_cron=1749525300.2413899898529052734375 HTTP/1.1" 200 0 "-" "WordPress/6.7.2; https://w4.junglejuicewebtoon.com"
5.9.120.100 - - [09/Jun/2025:23:14:58 -0400] "GET /manga1/jungle-juice-chapter-5-2/ HTTP/1.1" 200 10993 "-" "Mozilla/5.0 (compatible; BLEXBot/1.0; +https://help.seranking.com/en/blex-crawler)"
162.0.232.193 - - [09/Jun/2025:23:15:01 -0400] "POST /wp-admin/admin-ajax.php?action=async_litespeed&nonce=tA62ZVvu2vi85ND95jZU6raqBgWRRTdV&litespeed_type=imgoptm HTTP/1.1" 200 5 "-" "WordPress/6.7.2; https://w4.junglejuicewebtoon.com"
162.0.232.193 - - [09/Jun/2025:23:15:16 -0400] "POST /wp-cron.php?doing_wp_cron=1749525316.3397641181945800781250 HTTP/1.1" 200 0 "-" "WordPress/6.7.2; https://w4.junglejuicewebtoon.com"
5.9.120.100 - - [09/Jun/2025:23:15:15 -0400] "GET /manga1/jungle-juice-chapter-5-3/ HTTP/1.1" 200 11743 "-" "Mozilla/5.0 (compatible; BLEXBot/1.0; +https://help.seranking.com/en/blex-crawler)"
162.0.232.193 - - [09/Jun/2025:23:15:20 -0400] "GET /wp-content/uploads/36f5b53d6c6d3d6b1e9dd0027baac2ed_1435.xml HTTP/1.1" 200 1028 "-" "Mozilla/5.0 (X11; Linux x86_64) AppleWebKit/537.36 (KHTML, like Gecko) Ubuntu Chromium/41.0.2272.76"
5.9.120.100 - - [09/Jun/2025:23:15:28 -0400] "GET /manga1/jungle-juice-chapter-6-2/ HTTP/1.1" 200 10816 "-" "Mozilla/5.0 (compatible; BLEXBot/1.0; +https://help.seranking.com/en/blex-crawler)"
5.9.120.100 - - [09/Jun/2025:23:15:40 -0400] "GET /manga1/jungle-juice-chapter-6-3/ HTTP/1.1" 200 10404 "-" "Mozilla/5.0 (compatible; BLEXBot/1.0; +https://help.seranking.com/en/blex-crawler)"
43.135.186.135 - - [09/Jun/2025:23:15:40 -0400] "GET / HTTP/1.1" 200 10314 "https://w3.junglejuicewebtoon.com/" "Mozilla/5.0 (iPhone; CPU iPhone OS 13_2_3 like Mac OS X) AppleWebKit/605.1.15 (KHTML, like Gecko) Version/13.0.3 Mobile/15E148 Safari/604.1"
2600:1900:0:2d05::2300 - - [09/Jun/2025:23:15:40 -0400] "GET / HTTP/1.1" 200 10326 "-" "IAB-Tech-Lab"
5.9.120.100 - - [09/Jun/2025:23:15:50 -0400] "GET /manga1/jungle-juice-chapter-7-2/ HTTP/1.1" 200 10368 "-" "Mozilla/5.0 (compatible; BLEXBot/1.0; +https://help.seranking.com/en/blex-crawler)"
5.9.120.100 - - [09/Jun/2025:23:15:59 -0400] "GET /manga1/jungle-juice-chapter-7-3/ HTTP/1.1" 200 10367 "-" "Mozilla/5.0 (compatible; BLEXBot/1.0; +https://help.seranking.com/en/blex-crawler)"
5.9.120.100 - - [09/Jun/2025:23:16:09 -0400] "GET /manga1/jungle-juice-chapter-8-2/ HTTP/1.1" 200 10525 "-" "Mozilla/5.0 (compatible; BLEXBot/1.0; +https://help.seranking.com/en/blex-crawler)"
162.0.232.193 - - [09/Jun/2025:23:16:21 -0400] "POST /wp-cron.php?doing_wp_cron=1749525381.1986110210418701171875 HTTP/1.1" 200 0 "-" "WordPress/6.7.2; https://w4.junglejuicewebtoon.com"
