Current File : //home/honehdyv/access-logs/w4.junglejuicewebtoon.com-ssl_log
17.241.219.30 - - [09/Jun/2025:20:43:07 -0400] "GET /robots.txt HTTP/1.1" 404 1251 "-" "Mozilla/5.0 (Macintosh; Intel Mac OS X 10_15_7) AppleWebKit/605.1.15 (KHTML, like Gecko) Version/17.4 Safari/605.1.15 (Applebot/0.1; +http://www.apple.com/go/applebot)"
2a03:2880:f800:3:: - - [09/Jun/2025:20:45:51 -0400] "GET /category/manga/page/12/ HTTP/1.1" 404 1251 "-" "meta-externalagent/1.1 (+https://developers.facebook.com/docs/sharing/webmasters/crawler)"
114.119.155.13 - - [09/Jun/2025:20:46:33 -0400] "GET /manga1/jungle-juice-chapter-45/ HTTP/1.1" 404 1251 "https://junglejuicewebtoon.com/jungle-juice-chapter-69/" "Mozilla/5.0 (Linux; Android 7.0;) AppleWebKit/537.36 (KHTML, like Gecko) Mobile Safari/537.36 (compatible; PetalBot;+https://webmaster.petalsearch.com/site/petalbot)"
51.222.253.17 - - [09/Jun/2025:20:53:49 -0400] "GET /category/jungle-juice-webtoon/page/5/ HTTP/1.1" 404 1251 "-" "Mozilla/5.0 (compatible; AhrefsBot/7.0; +http://ahrefs.com/robot/)"
162.0.232.193 - - [09/Jun/2025:21:04:12 -0400] "POST /wp-cron.php?doing_wp_cron=1749517450.5353400707244873046875 HTTP/1.1" 200 0 "-" "WordPress/6.7.2; https://w4.junglejuicewebtoon.com"
114.119.155.13 - - [09/Jun/2025:21:13:40 -0400] "GET /category/jungle-juice-webtoon/page/28/ HTTP/1.1" 200 0 "https://w4.junglejuicewebtoon.com/category/jungle-juice-webtoon/page/25/" "Mozilla/5.0 (Linux; Android 7.0;) AppleWebKit/537.36 (KHTML, like Gecko) Mobile Safari/537.36 (compatible; PetalBot;+https://webmaster.petalsearch.com/site/petalbot)"
114.119.133.138 - - [09/Jun/2025:21:16:10 -0400] "GET /author/admin/page/8/ HTTP/1.1" 200 12399 "https://w4.junglejuicewebtoon.com/author/admin/page/7/" "Mozilla/5.0 (Linux; Android 7.0;) AppleWebKit/537.36 (KHTML, like Gecko) Mobile Safari/537.36 (compatible; PetalBot;+https://webmaster.petalsearch.com/site/petalbot)"
47.128.21.194 - - [09/Jun/2025:21:17:08 -0400] "GET /robots.txt HTTP/1.1" 200 90 "-" "Mozilla/5.0 (Linux; Android 5.0) AppleWebKit/537.36 (KHTML, like Gecko) Mobile Safari/537.36 (compatible; Bytespider; [email protected])"
162.0.232.193 - - [09/Jun/2025:21:18:17 -0400] "POST /wp-cron.php?doing_wp_cron=1749518296.4350659847259521484375 HTTP/1.1" 200 0 "-" "WordPress/6.7.2; https://w4.junglejuicewebtoon.com"
162.0.232.193 - - [09/Jun/2025:21:19:27 -0400] "POST /wp-admin/admin-ajax.php?action=async_litespeed&nonce=dxSXWtH29ysc23j80LoidKhl7c6kch6a&litespeed_type=imgoptm HTTP/1.1" 200 0 "-" "WordPress/6.7.2; https://w4.junglejuicewebtoon.com"
162.0.232.193 - - [09/Jun/2025:21:19:37 -0400] "GET /wp-content/uploads/36f5b53d6c6d3d6b1e9dd0027baac2ed_1435.xml HTTP/1.1" 200 1028 "-" "Mozilla/5.0 (X11; Linux x86_64) AppleWebKit/537.36 (KHTML, like Gecko) Ubuntu Chromium/41.0.2272.76"
162.0.232.193 - - [09/Jun/2025:21:19:48 -0400] "POST /wp-cron.php?doing_wp_cron=1749518387.5367949008941650390625 HTTP/1.1" 200 0 "-" "WordPress/6.7.2; https://w4.junglejuicewebtoon.com"
162.0.232.193 - - [09/Jun/2025:21:19:58 -0400] "POST /wp-admin/admin-ajax.php?action=async_litespeed&nonce=Azl8uNM9fv3f6CREp9DrHII1puDSdai3&litespeed_type=imgoptm HTTP/1.1" 200 0 "-" "WordPress/6.7.2; https://w4.junglejuicewebtoon.com"
162.0.232.193 - - [09/Jun/2025:21:29:10 -0400] "POST /wp-cron.php?doing_wp_cron=1749518947.4383740425109863281250 HTTP/1.1" 200 0 "-" "WordPress/6.7.2; https://w4.junglejuicewebtoon.com"
162.0.232.193 - - [09/Jun/2025:21:33:38 -0400] "POST /wp-cron.php?doing_wp_cron=1749519217.4353098869323730468750 HTTP/1.1" 200 0 "-" "WordPress/6.7.2; https://w4.junglejuicewebtoon.com"
162.0.232.193 - - [09/Jun/2025:21:34:20 -0400] "GET /wp-content/uploads/36f5b53d6c6d3d6b1e9dd0027baac2ed_1435.xml HTTP/1.1" 200 1028 "-" "Mozilla/5.0 (X11; Linux x86_64) AppleWebKit/537.36 (KHTML, like Gecko) Ubuntu Chromium/41.0.2272.76"
162.0.232.193 - - [09/Jun/2025:21:40:58 -0400] "POST /wp-cron.php?doing_wp_cron=1749519656.7490239143371582031250 HTTP/1.1" 200 0 "-" "WordPress/6.7.2; https://w4.junglejuicewebtoon.com"
162.0.232.193 - - [09/Jun/2025:21:43:30 -0400] "POST /wp-cron.php?doing_wp_cron=1749519810.0347011089324951171875 HTTP/1.1" 200 0 "-" "WordPress/6.7.2; https://w4.junglejuicewebtoon.com"
162.0.232.193 - - [09/Jun/2025:21:44:17 -0400] "POST /wp-admin/admin-ajax.php?action=async_litespeed&nonce=1Con9czGvGiLfR47ruEng1o7Ki0CXNPy&litespeed_type=imgoptm HTTP/1.1" 200 0 "-" "WordPress/6.7.2; https://w4.junglejuicewebtoon.com"
162.0.232.193 - - [09/Jun/2025:21:44:26 -0400] "GET /wp-content/uploads/36f5b53d6c6d3d6b1e9dd0027baac2ed_1435.xml HTTP/1.1" 200 1028 "-" "Mozilla/5.0 (X11; Linux x86_64) AppleWebKit/537.36 (KHTML, like Gecko) Ubuntu Chromium/41.0.2272.76"
162.0.232.193 - - [09/Jun/2025:21:49:14 -0400] "POST /wp-cron.php?doing_wp_cron=1749520152.5388500690460205078125 HTTP/1.1" 200 0 "-" "WordPress/6.7.2; https://w4.junglejuicewebtoon.com"
162.0.232.193 - - [09/Jun/2025:21:50:02 -0400] "POST /wp-admin/admin-ajax.php?action=async_litespeed&nonce=vAg6bCU1D6u5HYf0ap6EqwB56ePS10A0&litespeed_type=imgoptm HTTP/1.1" 200 0 "-" "WordPress/6.7.2; https://w4.junglejuicewebtoon.com"
162.0.232.193 - - [09/Jun/2025:21:50:13 -0400] "GET /wp-content/uploads/36f5b53d6c6d3d6b1e9dd0027baac2ed_1435.xml HTTP/1.1" 200 1028 "-" "Mozilla/5.0 (X11; Linux x86_64) AppleWebKit/537.36 (KHTML, like Gecko) Ubuntu Chromium/41.0.2272.76"
162.0.232.193 - - [09/Jun/2025:21:50:16 -0400] "POST /wp-cron.php?doing_wp_cron=1749520216.2462160587310791015625 HTTP/1.1" 200 0 "-" "WordPress/6.7.2; https://w4.junglejuicewebtoon.com"
162.0.232.193 - - [09/Jun/2025:21:50:30 -0400] "POST /wp-cron.php?doing_wp_cron=1749520229.6389470100402832031250 HTTP/1.1" 200 0 "-" "WordPress/6.7.2; https://w4.junglejuicewebtoon.com"
114.119.137.38 - - [09/Jun/2025:21:50:36 -0400] "GET / HTTP/1.1" 200 10317 "https://junglejuicewebtoon.com/jungle-juice-chapter-54/" "Mozilla/5.0 (Linux; Android 7.0;) AppleWebKit/537.36 (KHTML, like Gecko) Mobile Safari/537.36 (compatible; PetalBot;+https://webmaster.petalsearch.com/site/petalbot)"
51.222.253.5 - - [09/Jun/2025:21:53:06 -0400] "GET /sitemap_index.xml HTTP/1.1" 200 548 "-" "Mozilla/5.0 (compatible; AhrefsBot/7.0; +http://ahrefs.com/robot/)"
51.222.253.20 - - [09/Jun/2025:21:53:12 -0400] "GET /sitemap-detail-308.xml HTTP/1.1" 200 4061 "-" "Mozilla/5.0 (compatible; AhrefsBot/7.0; +http://ahrefs.com/robot/)"
51.222.253.4 - - [09/Jun/2025:21:53:14 -0400] "GET /sitemap-detail-322.xml HTTP/1.1" 200 4040 "-" "Mozilla/5.0 (compatible; AhrefsBot/7.0; +http://ahrefs.com/robot/)"
51.222.253.12 - - [09/Jun/2025:21:53:16 -0400] "GET /sitemap-detail-368.xml HTTP/1.1" 200 4019 "-" "Mozilla/5.0 (compatible; AhrefsBot/7.0; +http://ahrefs.com/robot/)"
51.222.253.8 - - [09/Jun/2025:21:53:18 -0400] "GET /sitemap-detail-427.xml HTTP/1.1" 200 4072 "-" "Mozilla/5.0 (compatible; AhrefsBot/7.0; +http://ahrefs.com/robot/)"
51.222.253.2 - - [09/Jun/2025:21:53:21 -0400] "GET /sitemap-detail-461.xml HTTP/1.1" 200 4045 "-" "Mozilla/5.0 (compatible; AhrefsBot/7.0; +http://ahrefs.com/robot/)"
51.222.253.7 - - [09/Jun/2025:21:53:22 -0400] "GET /sitemap-detail-560.xml HTTP/1.1" 200 4076 "-" "Mozilla/5.0 (compatible; AhrefsBot/7.0; +http://ahrefs.com/robot/)"
51.222.253.1 - - [09/Jun/2025:21:53:24 -0400] "GET /sitemap-detail-628.xml HTTP/1.1" 200 4035 "-" "Mozilla/5.0 (compatible; AhrefsBot/7.0; +http://ahrefs.com/robot/)"
51.222.253.5 - - [09/Jun/2025:21:53:26 -0400] "GET /sitemap-detail-705.xml HTTP/1.1" 200 4011 "-" "Mozilla/5.0 (compatible; AhrefsBot/7.0; +http://ahrefs.com/robot/)"
51.222.253.3 - - [09/Jun/2025:21:53:28 -0400] "GET /sitemap-detail-711.xml HTTP/1.1" 200 4031 "-" "Mozilla/5.0 (compatible; AhrefsBot/7.0; +http://ahrefs.com/robot/)"
51.222.253.10 - - [09/Jun/2025:21:53:30 -0400] "GET /sitemap-detail-800.xml HTTP/1.1" 200 3978 "-" "Mozilla/5.0 (compatible; AhrefsBot/7.0; +http://ahrefs.com/robot/)"
51.222.253.12 - - [09/Jun/2025:21:53:32 -0400] "GET /sitemap-detail-893.xml HTTP/1.1" 200 4022 "-" "Mozilla/5.0 (compatible; AhrefsBot/7.0; +http://ahrefs.com/robot/)"
51.222.253.7 - - [09/Jun/2025:21:53:34 -0400] "GET /sitemap-detail-920.xml HTTP/1.1" 200 4009 "-" "Mozilla/5.0 (compatible; AhrefsBot/7.0; +http://ahrefs.com/robot/)"
51.222.253.15 - - [09/Jun/2025:21:53:36 -0400] "GET /sitemap-detail-928.xml HTTP/1.1" 200 4019 "-" "Mozilla/5.0 (compatible; AhrefsBot/7.0; +http://ahrefs.com/robot/)"
51.222.253.4 - - [09/Jun/2025:21:53:38 -0400] "GET /sitemap-detail-929.xml HTTP/1.1" 200 4026 "-" "Mozilla/5.0 (compatible; AhrefsBot/7.0; +http://ahrefs.com/robot/)"
51.222.253.6 - - [09/Jun/2025:21:53:40 -0400] "GET /sitemap-detail-930.xml HTTP/1.1" 200 4014 "-" "Mozilla/5.0 (compatible; AhrefsBot/7.0; +http://ahrefs.com/robot/)"
51.222.253.6 - - [09/Jun/2025:21:53:42 -0400] "GET /sitemap-detail-1006.xml HTTP/1.1" 200 4023 "-" "Mozilla/5.0 (compatible; AhrefsBot/7.0; +http://ahrefs.com/robot/)"
51.222.253.5 - - [09/Jun/2025:21:53:44 -0400] "GET /sitemap-detail-1028.xml HTTP/1.1" 200 3977 "-" "Mozilla/5.0 (compatible; AhrefsBot/7.0; +http://ahrefs.com/robot/)"
51.222.253.16 - - [09/Jun/2025:21:53:46 -0400] "GET /sitemap-detail-1031.xml HTTP/1.1" 200 4025 "-" "Mozilla/5.0 (compatible; AhrefsBot/7.0; +http://ahrefs.com/robot/)"
51.222.253.15 - - [09/Jun/2025:21:53:48 -0400] "GET /sitemap-detail-1040.xml HTTP/1.1" 200 4023 "-" "Mozilla/5.0 (compatible; AhrefsBot/7.0; +http://ahrefs.com/robot/)"
51.222.253.9 - - [09/Jun/2025:21:53:50 -0400] "GET /sitemap-detail-1048.xml HTTP/1.1" 200 3999 "-" "Mozilla/5.0 (compatible; AhrefsBot/7.0; +http://ahrefs.com/robot/)"
51.222.253.6 - - [09/Jun/2025:21:53:52 -0400] "GET /sitemap-detail-1055.xml HTTP/1.1" 200 4032 "-" "Mozilla/5.0 (compatible; AhrefsBot/7.0; +http://ahrefs.com/robot/)"
51.222.253.5 - - [09/Jun/2025:21:53:54 -0400] "GET /sitemap-detail-1061.xml HTTP/1.1" 200 4035 "-" "Mozilla/5.0 (compatible; AhrefsBot/7.0; +http://ahrefs.com/robot/)"
51.222.253.8 - - [09/Jun/2025:21:53:56 -0400] "GET /sitemap-detail-1065.xml HTTP/1.1" 200 4079 "-" "Mozilla/5.0 (compatible; AhrefsBot/7.0; +http://ahrefs.com/robot/)"
51.222.253.12 - - [09/Jun/2025:21:53:59 -0400] "GET /sitemap-detail-1077.xml HTTP/1.1" 200 3990 "-" "Mozilla/5.0 (compatible; AhrefsBot/7.0; +http://ahrefs.com/robot/)"
51.222.253.3 - - [09/Jun/2025:21:54:01 -0400] "GET /sitemap-detail-1099.xml HTTP/1.1" 200 4023 "-" "Mozilla/5.0 (compatible; AhrefsBot/7.0; +http://ahrefs.com/robot/)"
51.222.253.13 - - [09/Jun/2025:21:54:03 -0400] "GET /sitemap-detail-1147.xml HTTP/1.1" 200 4048 "-" "Mozilla/5.0 (compatible; AhrefsBot/7.0; +http://ahrefs.com/robot/)"
51.222.253.5 - - [09/Jun/2025:21:54:05 -0400] "GET /sitemap-detail-1150.xml HTTP/1.1" 200 4048 "-" "Mozilla/5.0 (compatible; AhrefsBot/7.0; +http://ahrefs.com/robot/)"
51.222.253.5 - - [09/Jun/2025:21:54:07 -0400] "GET /sitemap-detail-1157.xml HTTP/1.1" 200 3989 "-" "Mozilla/5.0 (compatible; AhrefsBot/7.0; +http://ahrefs.com/robot/)"
51.222.253.11 - - [09/Jun/2025:21:54:09 -0400] "GET /sitemap-detail-1161.xml HTTP/1.1" 200 4064 "-" "Mozilla/5.0 (compatible; AhrefsBot/7.0; +http://ahrefs.com/robot/)"
51.222.253.18 - - [09/Jun/2025:21:54:11 -0400] "GET /sitemap-detail-1344.xml HTTP/1.1" 200 4012 "-" "Mozilla/5.0 (compatible; AhrefsBot/7.0; +http://ahrefs.com/robot/)"
51.222.253.9 - - [09/Jun/2025:21:54:14 -0400] "GET /sitemap-detail-1375.xml HTTP/1.1" 200 4009 "-" "Mozilla/5.0 (compatible; AhrefsBot/7.0; +http://ahrefs.com/robot/)"
51.222.253.7 - - [09/Jun/2025:21:54:16 -0400] "GET /sitemap-detail-1380.xml HTTP/1.1" 200 4004 "-" "Mozilla/5.0 (compatible; AhrefsBot/7.0; +http://ahrefs.com/robot/)"
51.222.253.17 - - [09/Jun/2025:21:54:18 -0400] "GET /sitemap-detail-1452.xml HTTP/1.1" 200 4014 "-" "Mozilla/5.0 (compatible; AhrefsBot/7.0; +http://ahrefs.com/robot/)"
51.222.253.16 - - [09/Jun/2025:21:54:20 -0400] "GET /sitemap-detail-1496.xml HTTP/1.1" 200 4069 "-" "Mozilla/5.0 (compatible; AhrefsBot/7.0; +http://ahrefs.com/robot/)"
51.222.253.7 - - [09/Jun/2025:21:54:22 -0400] "GET /sitemap-detail-1511.xml HTTP/1.1" 200 4033 "-" "Mozilla/5.0 (compatible; AhrefsBot/7.0; +http://ahrefs.com/robot/)"
51.222.253.12 - - [09/Jun/2025:21:54:24 -0400] "GET /sitemap-detail-1534.xml HTTP/1.1" 200 4045 "-" "Mozilla/5.0 (compatible; AhrefsBot/7.0; +http://ahrefs.com/robot/)"
51.222.253.19 - - [09/Jun/2025:21:54:29 -0400] "GET /sitemap-detail-1694.xml HTTP/1.1" 200 4012 "-" "Mozilla/5.0 (compatible; AhrefsBot/7.0; +http://ahrefs.com/robot/)"
51.222.253.20 - - [09/Jun/2025:21:54:33 -0400] "GET /sitemap-detail-1707.xml HTTP/1.1" 200 4044 "-" "Mozilla/5.0 (compatible; AhrefsBot/7.0; +http://ahrefs.com/robot/)"
51.222.253.10 - - [09/Jun/2025:21:54:35 -0400] "GET /sitemap-detail-1753.xml HTTP/1.1" 200 3985 "-" "Mozilla/5.0 (compatible; AhrefsBot/7.0; +http://ahrefs.com/robot/)"
51.222.253.2 - - [09/Jun/2025:21:54:38 -0400] "GET /sitemap-detail-1772.xml HTTP/1.1" 200 4078 "-" "Mozilla/5.0 (compatible; AhrefsBot/7.0; +http://ahrefs.com/robot/)"
51.222.253.16 - - [09/Jun/2025:21:54:41 -0400] "GET /sitemap-detail-1810.xml HTTP/1.1" 200 4024 "-" "Mozilla/5.0 (compatible; AhrefsBot/7.0; +http://ahrefs.com/robot/)"
51.222.253.6 - - [09/Jun/2025:21:54:43 -0400] "GET /sitemap-detail-1812.xml HTTP/1.1" 200 4036 "-" "Mozilla/5.0 (compatible; AhrefsBot/7.0; +http://ahrefs.com/robot/)"
51.222.253.20 - - [09/Jun/2025:21:54:44 -0400] "GET /sitemap-detail-1813.xml HTTP/1.1" 200 3985 "-" "Mozilla/5.0 (compatible; AhrefsBot/7.0; +http://ahrefs.com/robot/)"
51.222.253.3 - - [09/Jun/2025:21:54:46 -0400] "GET /sitemap-detail-1858.xml HTTP/1.1" 200 4015 "-" "Mozilla/5.0 (compatible; AhrefsBot/7.0; +http://ahrefs.com/robot/)"
51.222.253.16 - - [09/Jun/2025:21:54:48 -0400] "GET /sitemap-detail-1871.xml HTTP/1.1" 200 4037 "-" "Mozilla/5.0 (compatible; AhrefsBot/7.0; +http://ahrefs.com/robot/)"
51.222.253.4 - - [09/Jun/2025:21:54:52 -0400] "GET /sitemap-detail-1935.xml HTTP/1.1" 200 4021 "-" "Mozilla/5.0 (compatible; AhrefsBot/7.0; +http://ahrefs.com/robot/)"
51.222.253.18 - - [09/Jun/2025:21:54:54 -0400] "GET /sitemap-detail-1946.xml HTTP/1.1" 200 4027 "-" "Mozilla/5.0 (compatible; AhrefsBot/7.0; +http://ahrefs.com/robot/)"
51.222.253.7 - - [09/Jun/2025:21:54:56 -0400] "GET /sitemap-detail-2011.xml HTTP/1.1" 200 4068 "-" "Mozilla/5.0 (compatible; AhrefsBot/7.0; +http://ahrefs.com/robot/)"
51.222.253.14 - - [09/Jun/2025:21:54:58 -0400] "GET /sitemap-detail-2034.xml HTTP/1.1" 200 4020 "-" "Mozilla/5.0 (compatible; AhrefsBot/7.0; +http://ahrefs.com/robot/)"
51.222.253.10 - - [09/Jun/2025:21:55:00 -0400] "GET /sitemap-detail-2080.xml HTTP/1.1" 200 4047 "-" "Mozilla/5.0 (compatible; AhrefsBot/7.0; +http://ahrefs.com/robot/)"
51.222.253.3 - - [09/Jun/2025:21:55:04 -0400] "GET /sitemap-detail-2095.xml HTTP/1.1" 200 3995 "-" "Mozilla/5.0 (compatible; AhrefsBot/7.0; +http://ahrefs.com/robot/)"
51.222.253.6 - - [09/Jun/2025:21:55:07 -0400] "GET /sitemap-detail-2107.xml HTTP/1.1" 200 4043 "-" "Mozilla/5.0 (compatible; AhrefsBot/7.0; +http://ahrefs.com/robot/)"
51.222.253.18 - - [09/Jun/2025:21:55:10 -0400] "GET /sitemap-detail-2165.xml HTTP/1.1" 200 4017 "-" "Mozilla/5.0 (compatible; AhrefsBot/7.0; +http://ahrefs.com/robot/)"
51.222.253.1 - - [09/Jun/2025:21:55:12 -0400] "GET /sitemap-detail-2173.xml HTTP/1.1" 200 4025 "-" "Mozilla/5.0 (compatible; AhrefsBot/7.0; +http://ahrefs.com/robot/)"
51.222.253.8 - - [09/Jun/2025:21:55:14 -0400] "GET /sitemap-detail-2175.xml HTTP/1.1" 200 4054 "-" "Mozilla/5.0 (compatible; AhrefsBot/7.0; +http://ahrefs.com/robot/)"
51.222.253.11 - - [09/Jun/2025:21:55:16 -0400] "GET /sitemap-detail-2193.xml HTTP/1.1" 200 4045 "-" "Mozilla/5.0 (compatible; AhrefsBot/7.0; +http://ahrefs.com/robot/)"
51.222.253.4 - - [09/Jun/2025:21:55:19 -0400] "GET /sitemap-detail-2199.xml HTTP/1.1" 200 4039 "-" "Mozilla/5.0 (compatible; AhrefsBot/7.0; +http://ahrefs.com/robot/)"
51.222.253.7 - - [09/Jun/2025:21:55:22 -0400] "GET /sitemap-detail-2284.xml HTTP/1.1" 200 3995 "-" "Mozilla/5.0 (compatible; AhrefsBot/7.0; +http://ahrefs.com/robot/)"
51.222.253.18 - - [09/Jun/2025:21:55:25 -0400] "GET /sitemap-detail-2289.xml HTTP/1.1" 200 4006 "-" "Mozilla/5.0 (compatible; AhrefsBot/7.0; +http://ahrefs.com/robot/)"
51.222.253.17 - - [09/Jun/2025:21:55:27 -0400] "GET /sitemap-detail-2308.xml HTTP/1.1" 200 3998 "-" "Mozilla/5.0 (compatible; AhrefsBot/7.0; +http://ahrefs.com/robot/)"
51.222.253.16 - - [09/Jun/2025:21:55:29 -0400] "GET /sitemap-detail-2363.xml HTTP/1.1" 200 4012 "-" "Mozilla/5.0 (compatible; AhrefsBot/7.0; +http://ahrefs.com/robot/)"
51.222.253.12 - - [09/Jun/2025:21:55:32 -0400] "GET /sitemap-detail-2372.xml HTTP/1.1" 200 4043 "-" "Mozilla/5.0 (compatible; AhrefsBot/7.0; +http://ahrefs.com/robot/)"
51.222.253.16 - - [09/Jun/2025:21:55:34 -0400] "GET /sitemap-detail-2414.xml HTTP/1.1" 200 4010 "-" "Mozilla/5.0 (compatible; AhrefsBot/7.0; +http://ahrefs.com/robot/)"
51.222.253.7 - - [09/Jun/2025:21:55:36 -0400] "GET /sitemap-detail-2442.xml HTTP/1.1" 200 4020 "-" "Mozilla/5.0 (compatible; AhrefsBot/7.0; +http://ahrefs.com/robot/)"
51.222.253.9 - - [09/Jun/2025:21:55:39 -0400] "GET /sitemap-detail-2446.xml HTTP/1.1" 200 4057 "-" "Mozilla/5.0 (compatible; AhrefsBot/7.0; +http://ahrefs.com/robot/)"
51.222.253.4 - - [09/Jun/2025:21:55:42 -0400] "GET /sitemap-detail-2487.xml HTTP/1.1" 200 4030 "-" "Mozilla/5.0 (compatible; AhrefsBot/7.0; +http://ahrefs.com/robot/)"
51.222.253.20 - - [09/Jun/2025:21:55:48 -0400] "GET /sitemap-detail-2492.xml HTTP/1.1" 200 4033 "-" "Mozilla/5.0 (compatible; AhrefsBot/7.0; +http://ahrefs.com/robot/)"
51.222.253.17 - - [09/Jun/2025:21:55:55 -0400] "GET /sitemap-detail-2530.xml HTTP/1.1" 200 4024 "-" "Mozilla/5.0 (compatible; AhrefsBot/7.0; +http://ahrefs.com/robot/)"
51.222.253.18 - - [09/Jun/2025:21:56:00 -0400] "GET /sitemap-detail-2576.xml HTTP/1.1" 200 4029 "-" "Mozilla/5.0 (compatible; AhrefsBot/7.0; +http://ahrefs.com/robot/)"
51.222.253.7 - - [09/Jun/2025:21:56:04 -0400] "GET /sitemap-detail-2581.xml HTTP/1.1" 200 4078 "-" "Mozilla/5.0 (compatible; AhrefsBot/7.0; +http://ahrefs.com/robot/)"
51.222.253.7 - - [09/Jun/2025:21:56:06 -0400] "GET /sitemap-detail-2630.xml HTTP/1.1" 200 3997 "-" "Mozilla/5.0 (compatible; AhrefsBot/7.0; +http://ahrefs.com/robot/)"
51.222.253.9 - - [09/Jun/2025:21:56:08 -0400] "GET /sitemap-detail-2636.xml HTTP/1.1" 200 4027 "-" "Mozilla/5.0 (compatible; AhrefsBot/7.0; +http://ahrefs.com/robot/)"
51.222.253.12 - - [09/Jun/2025:21:56:12 -0400] "GET /sitemap-detail-2639.xml HTTP/1.1" 200 4066 "-" "Mozilla/5.0 (compatible; AhrefsBot/7.0; +http://ahrefs.com/robot/)"
51.222.253.6 - - [09/Jun/2025:21:56:17 -0400] "GET /sitemap-detail-2648.xml HTTP/1.1" 200 4066 "-" "Mozilla/5.0 (compatible; AhrefsBot/7.0; +http://ahrefs.com/robot/)"
51.222.253.14 - - [09/Jun/2025:21:56:23 -0400] "GET /sitemap-detail-2661.xml HTTP/1.1" 200 4047 "-" "Mozilla/5.0 (compatible; AhrefsBot/7.0; +http://ahrefs.com/robot/)"
51.222.253.14 - - [09/Jun/2025:21:56:31 -0400] "GET /sitemap-detail-2668.xml HTTP/1.1" 200 4021 "-" "Mozilla/5.0 (compatible; AhrefsBot/7.0; +http://ahrefs.com/robot/)"
51.222.253.15 - - [09/Jun/2025:21:56:38 -0400] "GET /sitemap-detail-2719.xml HTTP/1.1" 200 4049 "-" "Mozilla/5.0 (compatible; AhrefsBot/7.0; +http://ahrefs.com/robot/)"
51.222.253.6 - - [09/Jun/2025:21:56:44 -0400] "GET /sitemap-detail-2727.xml HTTP/1.1" 200 4005 "-" "Mozilla/5.0 (compatible; AhrefsBot/7.0; +http://ahrefs.com/robot/)"
51.222.253.10 - - [09/Jun/2025:21:56:51 -0400] "GET /sitemap-detail-2758.xml HTTP/1.1" 200 4044 "-" "Mozilla/5.0 (compatible; AhrefsBot/7.0; +http://ahrefs.com/robot/)"
51.222.253.9 - - [09/Jun/2025:21:56:56 -0400] "GET /sitemap-detail-2875.xml HTTP/1.1" 200 4025 "-" "Mozilla/5.0 (compatible; AhrefsBot/7.0; +http://ahrefs.com/robot/)"
51.222.253.15 - - [09/Jun/2025:21:56:59 -0400] "GET /sitemap-detail-2886.xml HTTP/1.1" 200 4049 "-" "Mozilla/5.0 (compatible; AhrefsBot/7.0; +http://ahrefs.com/robot/)"
51.222.253.3 - - [09/Jun/2025:21:57:02 -0400] "GET /sitemap-detail-2940.xml HTTP/1.1" 200 4029 "-" "Mozilla/5.0 (compatible; AhrefsBot/7.0; +http://ahrefs.com/robot/)"
51.222.253.15 - - [09/Jun/2025:21:57:05 -0400] "GET /sitemap-detail-2978.xml HTTP/1.1" 200 4048 "-" "Mozilla/5.0 (compatible; AhrefsBot/7.0; +http://ahrefs.com/robot/)"
51.222.253.16 - - [09/Jun/2025:21:57:08 -0400] "GET /sitemap-detail-2984.xml HTTP/1.1" 200 4048 "-" "Mozilla/5.0 (compatible; AhrefsBot/7.0; +http://ahrefs.com/robot/)"
51.222.253.17 - - [09/Jun/2025:21:57:10 -0400] "GET /sitemap-detail-2994.xml HTTP/1.1" 200 4045 "-" "Mozilla/5.0 (compatible; AhrefsBot/7.0; +http://ahrefs.com/robot/)"
51.222.253.3 - - [09/Jun/2025:21:57:12 -0400] "GET /sitemap-detail-3058.xml HTTP/1.1" 200 4034 "-" "Mozilla/5.0 (compatible; AhrefsBot/7.0; +http://ahrefs.com/robot/)"
51.222.253.19 - - [09/Jun/2025:21:57:15 -0400] "GET /sitemap-detail-3069.xml HTTP/1.1" 200 4005 "-" "Mozilla/5.0 (compatible; AhrefsBot/7.0; +http://ahrefs.com/robot/)"
51.222.253.8 - - [09/Jun/2025:21:57:18 -0400] "GET /sitemap-detail-3084.xml HTTP/1.1" 200 4038 "-" "Mozilla/5.0 (compatible; AhrefsBot/7.0; +http://ahrefs.com/robot/)"
51.222.253.18 - - [09/Jun/2025:21:57:21 -0400] "GET /sitemap-detail-3095.xml HTTP/1.1" 200 4029 "-" "Mozilla/5.0 (compatible; AhrefsBot/7.0; +http://ahrefs.com/robot/)"
51.222.253.16 - - [09/Jun/2025:21:57:25 -0400] "GET /sitemap-detail-3098.xml HTTP/1.1" 200 4019 "-" "Mozilla/5.0 (compatible; AhrefsBot/7.0; +http://ahrefs.com/robot/)"
170.39.218.62 - - [09/Jun/2025:22:05:18 -0400] "GET /wp-includes/js/jquery/jquery-migrate.min.js?ver=3.4.1 HTTP/1.1" 200 4678 "-" "Mozilla/5.0 (Macintosh; Intel Mac OS X 10_15_7) AppleWebKit/537.36 Chrome/120.0.0.0"
162.0.232.193 - - [09/Jun/2025:22:07:03 -0400] "POST /wp-cron.php?doing_wp_cron=1749521222.2338380813598632812500 HTTP/1.1" 200 0 "-" "WordPress/6.7.2; https://w4.junglejuicewebtoon.com"
162.0.232.193 - - [09/Jun/2025:22:07:52 -0400] "POST /wp-admin/admin-ajax.php?action=async_litespeed&nonce=HdeSPu9Z9V0KBV47YEdFQ3VKR67NlrF3&litespeed_type=imgoptm HTTP/1.1" 200 0 "-" "WordPress/6.7.2; https://w4.junglejuicewebtoon.com"
162.0.232.193 - - [09/Jun/2025:22:08:01 -0400] "GET /wp-content/uploads/36f5b53d6c6d3d6b1e9dd0027baac2ed_1435.xml HTTP/1.1" 200 1028 "-" "Mozilla/5.0 (X11; Linux x86_64) AppleWebKit/537.36 (KHTML, like Gecko) Ubuntu Chromium/41.0.2272.76"
162.0.232.193 - - [09/Jun/2025:22:08:06 -0400] "POST /wp-cron.php?doing_wp_cron=1749521285.9513440132141113281250 HTTP/1.1" 200 0 "-" "WordPress/6.7.2; https://w4.junglejuicewebtoon.com"
216.244.66.247 - - [09/Jun/2025:22:15:54 -0400] "GET /robots.txt HTTP/1.1" 200 90 "-" "Mozilla/5.0 (compatible; DotBot/1.2; +https://opensiteexplorer.org/dotbot; [email protected])"
162.0.232.193 - - [09/Jun/2025:22:16:30 -0400] "POST /wp-cron.php?doing_wp_cron=1749521789.6491498947143554687500 HTTP/1.1" 200 0 "-" "WordPress/6.7.2; https://w4.junglejuicewebtoon.com"
162.0.232.193 - - [09/Jun/2025:22:21:07 -0400] "POST /wp-cron.php?doing_wp_cron=1749522065.3416650295257568359375 HTTP/1.1" 200 0 "-" "WordPress/6.7.2; https://w4.junglejuicewebtoon.com"
194.87.252.147 - - [09/Jun/2025:22:21:45 -0400] "GET / HTTP/1.1" 200 0 "-" "Mozilla/5.0 (X11; Linux i686) AppleWebKit/537.36 (KHTML, like Gecko) Chrome/55.0.2907.71 Safari/537.36"
162.0.232.193 - - [09/Jun/2025:22:21:56 -0400] "GET /wp-content/uploads/36f5b53d6c6d3d6b1e9dd0027baac2ed_1435.xml HTTP/1.1" 200 1028 "-" "Mozilla/5.0 (X11; Linux x86_64) AppleWebKit/537.36 (KHTML, like Gecko) Ubuntu Chromium/41.0.2272.76"
194.87.252.147 - - [09/Jun/2025:22:22:00 -0400] "GET / HTTP/1.1" 200 10326 "-" "Mozilla/5.0 (Macintosh; Intel Mac OS X 10_11_5) AppleWebKit/537.36 (KHTML, like Gecko) Chrome/56.0.2960.55 Safari/537.36"
194.87.252.147 - - [09/Jun/2025:22:22:10 -0400] "POST /wp-content/plugins/wp-automatic/inc/csv.php HTTP/1.1" 403 1242 "https://w4.junglejuicewebtoon.com/" "Mozilla/5.0 (Macintosh; Intel Mac OS X 10_11_5) AppleWebKit/537.36 (KHTML, like Gecko) Chrome/56.0.2960.55 Safari/537.36"
194.87.252.147 - - [09/Jun/2025:22:22:10 -0400] "POST /wp-content/plugins/wp-automatic/inc/csv.php HTTP/1.1" 403 1242 "https://w4.junglejuicewebtoon.com/wp-content/plugins/wp-automatic/inc/csv.php" "Mozilla/5.0 (Macintosh; Intel Mac OS X 10_11_5) AppleWebKit/537.36 (KHTML, like Gecko) Chrome/56.0.2960.55 Safari/537.36"
194.87.252.147 - - [09/Jun/2025:22:22:11 -0400] "POST /wp-content/plugins/wp-automatic/inc/csv.php HTTP/1.1" 403 1242 "https://w4.junglejuicewebtoon.com/wp-content/plugins/wp-automatic/inc/csv.php" "Mozilla/5.0 (Macintosh; Intel Mac OS X 10_11_5) AppleWebKit/537.36 (KHTML, like Gecko) Chrome/56.0.2960.55 Safari/537.36"
194.87.252.147 - - [09/Jun/2025:22:22:11 -0400] "POST /wp-content/plugins/wp-automatic/inc/csv.php HTTP/1.1" 403 1242 "https://w4.junglejuicewebtoon.com/wp-content/plugins/wp-automatic/inc/csv.php" "Mozilla/5.0 (Macintosh; Intel Mac OS X 10_11_5) AppleWebKit/537.36 (KHTML, like Gecko) Chrome/56.0.2960.55 Safari/537.36"
194.87.252.147 - - [09/Jun/2025:22:22:12 -0400] "POST /wp-content/plugins/wp-automatic/inc/csv.php HTTP/1.1" 403 1242 "https://w4.junglejuicewebtoon.com/wp-content/plugins/wp-automatic/inc/csv.php" "Mozilla/5.0 (Macintosh; Intel Mac OS X 10_11_5) AppleWebKit/537.36 (KHTML, like Gecko) Chrome/56.0.2960.55 Safari/537.36"
194.87.252.147 - - [09/Jun/2025:22:22:12 -0400] "POST /wp-content/plugins/wp-automatic/inc/csv.php945545372186.php HTTP/1.1" 403 1242 "https://w4.junglejuicewebtoon.com/wp-content/plugins/wp-automatic/inc/csv.php" "Mozilla/5.0 (Macintosh; Intel Mac OS X 10_11_5) AppleWebKit/537.36 (KHTML, like Gecko) Chrome/56.0.2960.55 Safari/537.36"
194.87.252.147 - - [09/Jun/2025:22:22:13 -0400] "POST /wp-content/plugins/wp-automatic/inc/csv.php945545372186.php HTTP/1.1" 200 0 "https://w4.junglejuicewebtoon.com/wp-content/plugins/wp-automatic/inc/csv.php945545372186.php" "Mozilla/5.0 (Macintosh; Intel Mac OS X 10_11_5) AppleWebKit/537.36 (KHTML, like Gecko) Chrome/56.0.2960.55 Safari/537.36"
194.87.252.147 - - [09/Jun/2025:22:22:14 -0400] "POST /wp-content/plugins/wp-automatic/inc/csv.php945545372186.php HTTP/1.1" 200 0 "https://w4.junglejuicewebtoon.com/wp-content/plugins/wp-automatic/inc/csv.php945545372186.php" "Mozilla/5.0 (Macintosh; Intel Mac OS X 10_11_5) AppleWebKit/537.36 (KHTML, like Gecko) Chrome/56.0.2960.55 Safari/537.36"
194.87.252.147 - - [09/Jun/2025:22:22:14 -0400] "POST /wp-content/plugins/wp-automatic/inc/csv.php945545372186.php HTTP/1.1" 200 0 "https://w4.junglejuicewebtoon.com/wp-content/plugins/wp-automatic/inc/csv.php945545372186.php" "Mozilla/5.0 (Macintosh; Intel Mac OS X 10_11_5) AppleWebKit/537.36 (KHTML, like Gecko) Chrome/56.0.2960.55 Safari/537.36"
194.87.252.147 - - [09/Jun/2025:22:22:15 -0400] "POST /wp-content/plugins/wp-automatic/inc/csv.php945545372186.php HTTP/1.1" 200 0 "https://w4.junglejuicewebtoon.com/wp-content/plugins/wp-automatic/inc/csv.php945545372186.php" "Mozilla/5.0 (Macintosh; Intel Mac OS X 10_11_5) AppleWebKit/537.36 (KHTML, like Gecko) Chrome/56.0.2960.55 Safari/537.36"
162.0.232.193 - - [09/Jun/2025:22:22:17 -0400] "POST /wp-cron.php?doing_wp_cron=1749522137.1578640937805175781250 HTTP/1.1" 200 0 "-" "WordPress/6.7.2; https://w4.junglejuicewebtoon.com"
194.87.252.147 - - [09/Jun/2025:22:22:15 -0400] "GET /wp-login.php HTTP/1.1" 200 1852 "https://w4.junglejuicewebtoon.com/wp-content/plugins/wp-automatic/inc/csv.php945545372186.php" "Mozilla/5.0 (Macintosh; Intel Mac OS X 10_11_5) AppleWebKit/537.36 (KHTML, like Gecko) Chrome/56.0.2960.55 Safari/537.36"
162.0.232.193 - - [09/Jun/2025:22:22:21 -0400] "POST /wp-admin/admin-ajax.php?action=async_litespeed&nonce=U6bkOylRqgSmH8XObqxlvfEfpiaMbrgE&litespeed_type=imgoptm HTTP/1.1" 200 0 "-" "WordPress/6.7.2; https://w4.junglejuicewebtoon.com"
194.87.252.147 - - [09/Jun/2025:22:22:18 -0400] "POST /wp-login.php HTTP/1.1" 200 2012 "https://w4.junglejuicewebtoon.com/wp-login.php" "Mozilla/5.0 (Macintosh; Intel Mac OS X 10_11_5) AppleWebKit/537.36 (KHTML, like Gecko) Chrome/56.0.2960.55 Safari/537.36"
47.128.110.84 - - [09/Jun/2025:22:22:19 -0400] "GET /manga1/jungle-juice-chapter-52-2/ HTTP/1.1" 200 10490 "-" "Mozilla/5.0 (Linux; Android 5.0) AppleWebKit/537.36 (KHTML, like Gecko) Mobile Safari/537.36 (compatible; TikTokSpider; [email protected])"
47.128.110.84 - - [09/Jun/2025:22:22:28 -0400] "GET /wp-content/plugins/wp-automatic/css/wp-automatic.css?ver=1.0.0 HTTP/1.1" 200 537 "https://w4.junglejuicewebtoon.com/manga1/jungle-juice-chapter-52-2/" "Mozilla/5.0 (Linux; Android 5.0) AppleWebKit/537.36 (KHTML, like Gecko) Mobile Safari/537.36 (compatible; TikTokSpider; [email protected])"
47.128.110.84 - - [09/Jun/2025:22:22:28 -0400] "GET /wp-content/plugins/simple-social-buttons/assets/css/front.css?ver=5.3.1 HTTP/1.1" 304 0 "https://w4.junglejuicewebtoon.com/manga1/jungle-juice-chapter-52-2/" "Mozilla/5.0 (Linux; Android 5.0) AppleWebKit/537.36 (KHTML, like Gecko) Mobile Safari/537.36 (compatible; TikTokSpider; [email protected])"
162.0.232.193 - - [09/Jun/2025:22:22:32 -0400] "POST /wp-cron.php?doing_wp_cron=1749522151.7401440143585205078125 HTTP/1.1" 200 0 "-" "WordPress/6.7.2; https://w4.junglejuicewebtoon.com"
194.87.252.147 - - [09/Jun/2025:22:22:24 -0400] "GET /wp-admin/plugins.php HTTP/1.1" 302 0 "https://w4.junglejuicewebtoon.com/wp-login.php" "Mozilla/5.0 (Macintosh; Intel Mac OS X 10_11_5) AppleWebKit/537.36 (KHTML, like Gecko) Chrome/56.0.2960.55 Safari/537.36"
194.87.252.147 - - [09/Jun/2025:22:22:34 -0400] "GET /wp-login.php?redirect_to=https%3A%2F%2Fw4.junglejuicewebtoon.com%2Fwp-admin%2Fplugins.php&reauth=1 HTTP/1.1" 200 1857 "https://w4.junglejuicewebtoon.com/wp-login.php" "Mozilla/5.0 (Macintosh; Intel Mac OS X 10_11_5) AppleWebKit/537.36 (KHTML, like Gecko) Chrome/56.0.2960.55 Safari/537.36"
162.0.232.193 - - [09/Jun/2025:22:23:58 -0400] "POST /wp-cron.php?doing_wp_cron=1749522238.4732971191406250000000 HTTP/1.1" 200 0 "-" "WordPress/6.7.2; https://w4.junglejuicewebtoon.com"
51.222.253.20 - - [09/Jun/2025:22:23:58 -0400] "GET /category/manga/page/8/ HTTP/1.1" 200 12175 "-" "Mozilla/5.0 (compatible; AhrefsBot/7.0; +http://ahrefs.com/robot/)"
162.0.232.193 - - [09/Jun/2025:22:23:58 -0400] "POST /wp-admin/admin-ajax.php?action=async_litespeed&nonce=DiCGSEIzo4VKuQ6cocfEsmysXPob96jK&litespeed_type=imgoptm HTTP/1.1" 200 5 "-" "WordPress/6.7.2; https://w4.junglejuicewebtoon.com"
162.0.232.193 - - [09/Jun/2025:22:24:00 -0400] "GET /wp-content/uploads/36f5b53d6c6d3d6b1e9dd0027baac2ed_1435.xml HTTP/1.1" 200 1150 "-" "Mozilla/5.0 (X11; Linux x86_64) AppleWebKit/537.36 (KHTML, like Gecko) Ubuntu Chromium/41.0.2272.76"
114.119.157.54 - - [09/Jun/2025:22:24:07 -0400] "GET / HTTP/1.1" 200 10317 "https://junglejuicewebtoon.com/jungle-juice-chapter-54/" "Mozilla/5.0 (Linux; Android 7.0;) AppleWebKit/537.36 (KHTML, like Gecko) Mobile Safari/537.36 (compatible; PetalBot;+https://webmaster.petalsearch.com/site/petalbot)"
162.0.232.193 - - [09/Jun/2025:22:26:24 -0400] "POST /wp-cron.php?doing_wp_cron=1749522384.2101569175720214843750 HTTP/1.1" 200 0 "-" "WordPress/6.7.2; https://w4.junglejuicewebtoon.com"
43.155.140.157 - - [09/Jun/2025:22:26:22 -0400] "GET / HTTP/1.1" 200 10334 "http://w4.junglejuicewebtoon.com" "Mozilla/5.0 (iPhone; CPU iPhone OS 13_2_3 like Mac OS X) AppleWebKit/605.1.15 (KHTML, like Gecko) Version/13.0.3 Mobile/15E148 Safari/604.1"
162.0.232.193 - - [09/Jun/2025:22:26:26 -0400] "GET /wp-content/uploads/36f5b53d6c6d3d6b1e9dd0027baac2ed_1435.xml HTTP/1.1" 200 1150 "-" "Mozilla/5.0 (X11; Linux x86_64) AppleWebKit/537.36 (KHTML, like Gecko) Ubuntu Chromium/41.0.2272.76"
5.9.120.100 - - [09/Jun/2025:22:27:01 -0400] "GET /robots.txt HTTP/1.1" 200 90 "-" "Mozilla/5.0 (compatible; BLEXBot/1.0; +https://help.seranking.com/en/blex-crawler)"
5.9.120.100 - - [09/Jun/2025:22:27:02 -0400] "GET / HTTP/1.1" 200 10326 "-" "Mozilla/5.0 (compatible; BLEXBot/1.0; +https://help.seranking.com/en/blex-crawler)"
5.9.120.100 - - [09/Jun/2025:22:27:09 -0400] "GET /privacy-policy/ HTTP/1.1" 200 11508 "-" "Mozilla/5.0 (compatible; BLEXBot/1.0; +https://help.seranking.com/en/blex-crawler)"
5.9.120.100 - - [09/Jun/2025:22:27:14 -0400] "GET /manga1/chapter-18/ HTTP/1.1" 200 9485 "-" "Mozilla/5.0 (compatible; BLEXBot/1.0; +https://help.seranking.com/en/blex-crawler)"
5.9.120.100 - - [09/Jun/2025:22:27:18 -0400] "GET /category/jungle-juice-manga/ HTTP/1.1" 200 12473 "-" "Mozilla/5.0 (compatible; BLEXBot/1.0; +https://help.seranking.com/en/blex-crawler)"
5.9.120.100 - - [09/Jun/2025:22:27:23 -0400] "GET /category/jungle-juice-manhwa/ HTTP/1.1" 200 12448 "-" "Mozilla/5.0 (compatible; BLEXBot/1.0; +https://help.seranking.com/en/blex-crawler)"
162.0.232.193 - - [09/Jun/2025:22:27:28 -0400] "POST /wp-cron.php?doing_wp_cron=1749522448.2199730873107910156250 HTTP/1.1" 200 0 "-" "WordPress/6.7.2; https://w4.junglejuicewebtoon.com"
5.9.120.100 - - [09/Jun/2025:22:27:28 -0400] "GET /manga1/jungle-juice-chapter-1/ HTTP/1.1" 200 10556 "-" "Mozilla/5.0 (compatible; BLEXBot/1.0; +https://help.seranking.com/en/blex-crawler)"
162.0.232.193 - - [09/Jun/2025:22:27:28 -0400] "POST /wp-admin/admin-ajax.php?action=async_litespeed&nonce=BllfaCFbT5ohgg4OzP4iuzZO2Hd5jcQP&litespeed_type=imgoptm HTTP/1.1" 200 5 "-" "WordPress/6.7.2; https://w4.junglejuicewebtoon.com"
5.9.120.100 - - [09/Jun/2025:22:27:33 -0400] "GET /manga1/jungle-juice-chapter-2/ HTTP/1.1" 200 10470 "-" "Mozilla/5.0 (compatible; BLEXBot/1.0; +https://help.seranking.com/en/blex-crawler)"
5.9.120.100 - - [09/Jun/2025:22:27:38 -0400] "GET /manga1/jungle-juice-chapter-3/ HTTP/1.1" 200 10482 "-" "Mozilla/5.0 (compatible; BLEXBot/1.0; +https://help.seranking.com/en/blex-crawler)"
162.0.232.193 - - [09/Jun/2025:22:27:45 -0400] "POST /wp-cron.php?doing_wp_cron=1749522464.8002860546112060546875 HTTP/1.1" 200 0 "-" "WordPress/6.7.2; https://w4.junglejuicewebtoon.com"
5.9.120.100 - - [09/Jun/2025:22:27:44 -0400] "GET /manga1/jungle-juice-chapter-4/ HTTP/1.1" 200 10440 "-" "Mozilla/5.0 (compatible; BLEXBot/1.0; +https://help.seranking.com/en/blex-crawler)"
162.0.232.193 - - [09/Jun/2025:22:27:45 -0400] "POST /wp-admin/admin-ajax.php?action=async_litespeed&nonce=Lb2qfLQxOxA72bEgQv3Q27kMfHrLnXQa&litespeed_type=imgoptm HTTP/1.1" 200 5 "-" "WordPress/6.7.2; https://w4.junglejuicewebtoon.com"
5.9.120.100 - - [09/Jun/2025:22:27:49 -0400] "GET /manga1/jungle-juice-chapter-5/ HTTP/1.1" 200 10437 "-" "Mozilla/5.0 (compatible; BLEXBot/1.0; +https://help.seranking.com/en/blex-crawler)"
5.9.120.100 - - [09/Jun/2025:22:27:54 -0400] "GET /manga1/jungle-juice-chapter-6/ HTTP/1.1" 200 10360 "-" "Mozilla/5.0 (compatible; BLEXBot/1.0; +https://help.seranking.com/en/blex-crawler)"
5.9.120.100 - - [09/Jun/2025:22:27:59 -0400] "GET /manga1/jungle-juice-chapter-7/ HTTP/1.1" 200 10318 "-" "Mozilla/5.0 (compatible; BLEXBot/1.0; +https://help.seranking.com/en/blex-crawler)"
5.9.120.100 - - [09/Jun/2025:22:28:05 -0400] "GET /manga1/jungle-juice-chapter-8/ HTTP/1.1" 200 10443 "-" "Mozilla/5.0 (compatible; BLEXBot/1.0; +https://help.seranking.com/en/blex-crawler)"
5.9.120.100 - - [09/Jun/2025:22:28:10 -0400] "GET /manga1/jungle-juice-chapter-9/ HTTP/1.1" 200 10425 "-" "Mozilla/5.0 (compatible; BLEXBot/1.0; +https://help.seranking.com/en/blex-crawler)"
162.0.232.193 - - [09/Jun/2025:22:28:16 -0400] "POST /wp-cron.php?doing_wp_cron=1749522496.2798790931701660156250 HTTP/1.1" 200 0 "-" "WordPress/6.7.2; https://w4.junglejuicewebtoon.com"
5.9.120.100 - - [09/Jun/2025:22:28:16 -0400] "GET /manga1/jungle-juice-chapter-10/ HTTP/1.1" 200 10436 "-" "Mozilla/5.0 (compatible; BLEXBot/1.0; +https://help.seranking.com/en/blex-crawler)"
162.0.232.193 - - [09/Jun/2025:22:28:18 -0400] "GET /wp-content/uploads/36f5b53d6c6d3d6b1e9dd0027baac2ed_1435.xml HTTP/1.1" 200 1028 "-" "Mozilla/5.0 (X11; Linux x86_64) AppleWebKit/537.36 (KHTML, like Gecko) Ubuntu Chromium/41.0.2272.76"
5.9.120.100 - - [09/Jun/2025:22:28:22 -0400] "GET /manga1/jungle-juice-chapter-11/ HTTP/1.1" 200 10295 "-" "Mozilla/5.0 (compatible; BLEXBot/1.0; +https://help.seranking.com/en/blex-crawler)"
5.9.120.100 - - [09/Jun/2025:22:28:28 -0400] "GET /manga1/jungle-juice-chapter-12/ HTTP/1.1" 200 10296 "-" "Mozilla/5.0 (compatible; BLEXBot/1.0; +https://help.seranking.com/en/blex-crawler)"
5.9.120.100 - - [09/Jun/2025:22:28:37 -0400] "GET /manga1/jungle-juice-chapter-13/ HTTP/1.1" 200 10343 "-" "Mozilla/5.0 (compatible; BLEXBot/1.0; +https://help.seranking.com/en/blex-crawler)"
5.9.120.100 - - [09/Jun/2025:22:28:41 -0400] "GET /manga1/jungle-juice-chapter-14/ HTTP/1.1" 200 10343 "-" "Mozilla/5.0 (compatible; BLEXBot/1.0; +https://help.seranking.com/en/blex-crawler)"
5.9.120.100 - - [09/Jun/2025:22:29:02 -0400] "GET /manga1/jungle-juice-chapter-15/ HTTP/1.1" 200 10340 "-" "Mozilla/5.0 (compatible; BLEXBot/1.0; +https://help.seranking.com/en/blex-crawler)"
5.9.120.100 - - [09/Jun/2025:22:29:06 -0400] "GET /manga1/jungle-juice-chapter-16/ HTTP/1.1" 200 10310 "-" "Mozilla/5.0 (compatible; BLEXBot/1.0; +https://help.seranking.com/en/blex-crawler)"
5.9.120.100 - - [09/Jun/2025:22:29:12 -0400] "GET /manga1/jungle-juice-chapter-17/ HTTP/1.1" 200 10321 "-" "Mozilla/5.0 (compatible; BLEXBot/1.0; +https://help.seranking.com/en/blex-crawler)"
162.0.232.193 - - [09/Jun/2025:22:29:17 -0400] "POST /wp-cron.php?doing_wp_cron=1749522557.3002738952636718750000 HTTP/1.1" 200 0 "-" "WordPress/6.7.2; https://w4.junglejuicewebtoon.com"
5.9.120.100 - - [09/Jun/2025:22:29:17 -0400] "GET /manga1/jungle-juice-chapter-18/ HTTP/1.1" 200 10355 "-" "Mozilla/5.0 (compatible; BLEXBot/1.0; +https://help.seranking.com/en/blex-crawler)"
162.0.232.193 - - [09/Jun/2025:22:29:17 -0400] "POST /wp-admin/admin-ajax.php?action=async_litespeed&nonce=6SpxUqJTTjGAcei8NxHeWClEK1BtuLph&litespeed_type=imgoptm HTTP/1.1" 200 5 "-" "WordPress/6.7.2; https://w4.junglejuicewebtoon.com"
5.9.120.100 - - [09/Jun/2025:22:29:22 -0400] "GET /manga1/jungle-juice-chapter-19/ HTTP/1.1" 200 10343 "-" "Mozilla/5.0 (compatible; BLEXBot/1.0; +https://help.seranking.com/en/blex-crawler)"
5.9.120.100 - - [09/Jun/2025:22:29:25 -0400] "GET /manga1/jungle-juice-chapter-20/ HTTP/1.1" 200 10347 "-" "Mozilla/5.0 (compatible; BLEXBot/1.0; +https://help.seranking.com/en/blex-crawler)"
162.0.232.193 - - [09/Jun/2025:22:29:33 -0400] "POST /wp-cron.php?doing_wp_cron=1749522573.5952110290527343750000 HTTP/1.1" 200 0 "-" "WordPress/6.7.2; https://w4.junglejuicewebtoon.com"
5.9.120.100 - - [09/Jun/2025:22:29:33 -0400] "GET /manga1/jungle-juice-chapter-21/ HTTP/1.1" 200 10712 "-" "Mozilla/5.0 (compatible; BLEXBot/1.0; +https://help.seranking.com/en/blex-crawler)"
5.9.120.100 - - [09/Jun/2025:22:29:38 -0400] "GET /manga1/jungle-juice-chapter-22/ HTTP/1.1" 200 10450 "-" "Mozilla/5.0 (compatible; BLEXBot/1.0; +https://help.seranking.com/en/blex-crawler)"
162.0.232.193 - - [09/Jun/2025:22:29:46 -0400] "POST /wp-cron.php?doing_wp_cron=1749522586.2128350734710693359375 HTTP/1.1" 200 0 "-" "WordPress/6.7.2; https://w4.junglejuicewebtoon.com"
5.9.120.100 - - [09/Jun/2025:22:29:45 -0400] "GET /manga1/jungle-juice-chapter-23/ HTTP/1.1" 200 10565 "-" "Mozilla/5.0 (compatible; BLEXBot/1.0; +https://help.seranking.com/en/blex-crawler)"
162.0.232.193 - - [09/Jun/2025:22:29:46 -0400] "POST /wp-admin/admin-ajax.php?action=async_litespeed&nonce=NIBSlXBv7TxuRYP4tG5Sbwf5M4DtC8GC&litespeed_type=imgoptm HTTP/1.1" 200 5 "-" "WordPress/6.7.2; https://w4.junglejuicewebtoon.com"
5.9.120.100 - - [09/Jun/2025:22:29:51 -0400] "GET /manga1/jungle-juice-chapter-24/ HTTP/1.1" 200 10423 "-" "Mozilla/5.0 (compatible; BLEXBot/1.0; +https://help.seranking.com/en/blex-crawler)"
5.9.120.100 - - [09/Jun/2025:22:30:04 -0400] "GET /manga1/jungle-juice-chapter-25/ HTTP/1.1" 200 10442 "-" "Mozilla/5.0 (compatible; BLEXBot/1.0; +https://help.seranking.com/en/blex-crawler)"
5.9.120.100 - - [09/Jun/2025:22:30:09 -0400] "GET /manga1/jungle-juice-chapter-26/ HTTP/1.1" 200 10464 "-" "Mozilla/5.0 (compatible; BLEXBot/1.0; +https://help.seranking.com/en/blex-crawler)"
162.0.232.193 - - [09/Jun/2025:22:30:16 -0400] "POST /wp-cron.php?doing_wp_cron=1749522616.5704300403594970703125 HTTP/1.1" 200 0 "-" "WordPress/6.7.2; https://w4.junglejuicewebtoon.com"
5.9.120.100 - - [09/Jun/2025:22:30:16 -0400] "GET /manga1/jungle-juice-chapter-27/ HTTP/1.1" 200 10432 "-" "Mozilla/5.0 (compatible; BLEXBot/1.0; +https://help.seranking.com/en/blex-crawler)"
162.0.232.193 - - [09/Jun/2025:22:30:19 -0400] "GET /wp-content/uploads/36f5b53d6c6d3d6b1e9dd0027baac2ed_1435.xml HTTP/1.1" 200 1028 "-" "Mozilla/5.0 (X11; Linux x86_64) AppleWebKit/537.36 (KHTML, like Gecko) Ubuntu Chromium/41.0.2272.76"
5.9.120.100 - - [09/Jun/2025:22:30:21 -0400] "GET /manga1/jungle-juice-chapter-28/ HTTP/1.1" 200 10609 "-" "Mozilla/5.0 (compatible; BLEXBot/1.0; +https://help.seranking.com/en/blex-crawler)"
5.9.120.100 - - [09/Jun/2025:22:30:26 -0400] "GET /manga1/jungle-juice-chapter-29/ HTTP/1.1" 200 10433 "-" "Mozilla/5.0 (compatible; BLEXBot/1.0; +https://help.seranking.com/en/blex-crawler)"
5.9.120.100 - - [09/Jun/2025:22:30:30 -0400] "GET /manga1/jungle-juice-chapter-30/ HTTP/1.1" 200 10456 "-" "Mozilla/5.0 (compatible; BLEXBot/1.0; +https://help.seranking.com/en/blex-crawler)"
5.9.120.100 - - [09/Jun/2025:22:30:35 -0400] "GET /manga1/jungle-juice-chapter-31/ HTTP/1.1" 200 10516 "-" "Mozilla/5.0 (compatible; BLEXBot/1.0; +https://help.seranking.com/en/blex-crawler)"
5.9.120.100 - - [09/Jun/2025:22:30:40 -0400] "GET /manga1/jungle-juice-chapter-32/ HTTP/1.1" 200 10510 "-" "Mozilla/5.0 (compatible; BLEXBot/1.0; +https://help.seranking.com/en/blex-crawler)"
5.9.120.100 - - [09/Jun/2025:22:30:44 -0400] "GET /manga1/jungle-juice-chapter-33/ HTTP/1.1" 200 10503 "-" "Mozilla/5.0 (compatible; BLEXBot/1.0; +https://help.seranking.com/en/blex-crawler)"
5.9.120.100 - - [09/Jun/2025:22:30:49 -0400] "GET /manga1/jungle-juice-chapter-34/ HTTP/1.1" 200 10527 "-" "Mozilla/5.0 (compatible; BLEXBot/1.0; +https://help.seranking.com/en/blex-crawler)"
5.9.120.100 - - [09/Jun/2025:22:30:53 -0400] "GET /manga1/jungle-juice-chapter-35/ HTTP/1.1" 200 10485 "-" "Mozilla/5.0 (compatible; BLEXBot/1.0; +https://help.seranking.com/en/blex-crawler)"
5.9.120.100 - - [09/Jun/2025:22:30:58 -0400] "GET /manga1/jungle-juice-chapter-36/ HTTP/1.1" 200 10395 "-" "Mozilla/5.0 (compatible; BLEXBot/1.0; +https://help.seranking.com/en/blex-crawler)"
5.9.120.100 - - [09/Jun/2025:22:31:03 -0400] "GET /manga1/jungle-juice-chapter-37/ HTTP/1.1" 200 10408 "-" "Mozilla/5.0 (compatible; BLEXBot/1.0; +https://help.seranking.com/en/blex-crawler)"
5.9.120.100 - - [09/Jun/2025:22:31:08 -0400] "GET /manga1/jungle-juice-chapter-38/ HTTP/1.1" 200 10461 "-" "Mozilla/5.0 (compatible; BLEXBot/1.0; +https://help.seranking.com/en/blex-crawler)"
5.9.120.100 - - [09/Jun/2025:22:31:13 -0400] "GET /manga1/jungle-juice-chapter-39/ HTTP/1.1" 200 10442 "-" "Mozilla/5.0 (compatible; BLEXBot/1.0; +https://help.seranking.com/en/blex-crawler)"
162.0.232.193 - - [09/Jun/2025:22:31:20 -0400] "POST /wp-cron.php?doing_wp_cron=1749522680.2797279357910156250000 HTTP/1.1" 200 0 "-" "WordPress/6.7.2; https://w4.junglejuicewebtoon.com"
5.9.120.100 - - [09/Jun/2025:22:31:19 -0400] "GET /manga1/jungle-juice-chapter-40/ HTTP/1.1" 200 10458 "-" "Mozilla/5.0 (compatible; BLEXBot/1.0; +https://help.seranking.com/en/blex-crawler)"
162.0.232.193 - - [09/Jun/2025:22:31:20 -0400] "POST /wp-admin/admin-ajax.php?action=async_litespeed&nonce=St01Nkc9ccDwf0obgOaWtO0alfkJO3sG&litespeed_type=imgoptm HTTP/1.1" 200 5 "-" "WordPress/6.7.2; https://w4.junglejuicewebtoon.com"
5.9.120.100 - - [09/Jun/2025:22:31:25 -0400] "GET /manga1/jungle-juice-chapter-41/ HTTP/1.1" 200 10498 "-" "Mozilla/5.0 (compatible; BLEXBot/1.0; +https://help.seranking.com/en/blex-crawler)"
162.0.232.193 - - [09/Jun/2025:22:31:30 -0400] "POST /wp-cron.php?doing_wp_cron=1749522690.7629721164703369140625 HTTP/1.1" 200 0 "-" "WordPress/6.7.2; https://w4.junglejuicewebtoon.com"
5.9.120.100 - - [09/Jun/2025:22:31:30 -0400] "GET /manga1/jungle-juice-chapter-42/ HTTP/1.1" 200 10459 "-" "Mozilla/5.0 (compatible; BLEXBot/1.0; +https://help.seranking.com/en/blex-crawler)"
5.9.120.100 - - [09/Jun/2025:22:31:35 -0400] "GET /manga1/jungle-juice-chapter-43/ HTTP/1.1" 200 10397 "-" "Mozilla/5.0 (compatible; BLEXBot/1.0; +https://help.seranking.com/en/blex-crawler)"
5.9.120.100 - - [09/Jun/2025:22:31:41 -0400] "GET /manga1/jungle-juice-chapter-44/ HTTP/1.1" 200 10467 "-" "Mozilla/5.0 (compatible; BLEXBot/1.0; +https://help.seranking.com/en/blex-crawler)"
162.0.232.193 - - [09/Jun/2025:22:31:47 -0400] "POST /wp-cron.php?doing_wp_cron=1749522707.7436530590057373046875 HTTP/1.1" 200 0 "-" "WordPress/6.7.2; https://w4.junglejuicewebtoon.com"
5.9.120.100 - - [09/Jun/2025:22:31:47 -0400] "GET /manga1/jungle-juice-chapter-45/ HTTP/1.1" 200 10411 "-" "Mozilla/5.0 (compatible; BLEXBot/1.0; +https://help.seranking.com/en/blex-crawler)"
162.0.232.193 - - [09/Jun/2025:22:31:49 -0400] "POST /wp-admin/admin-ajax.php?action=async_litespeed&nonce=W8TrhjosI9VSMXNC7IRTppxwzeGSxJmt&litespeed_type=imgoptm HTTP/1.1" 200 5 "-" "WordPress/6.7.2; https://w4.junglejuicewebtoon.com"
5.9.120.100 - - [09/Jun/2025:22:31:54 -0400] "GET /manga1/jungle-juice-chapter-46/ HTTP/1.1" 200 10339 "-" "Mozilla/5.0 (compatible; BLEXBot/1.0; +https://help.seranking.com/en/blex-crawler)"
162.0.232.193 - - [09/Jun/2025:22:32:15 -0400] "POST /wp-cron.php?doing_wp_cron=1749522735.2808508872985839843750 HTTP/1.1" 200 0 "-" "WordPress/6.7.2; https://w4.junglejuicewebtoon.com"
5.9.120.100 - - [09/Jun/2025:22:32:15 -0400] "GET /manga1/jungle-juice-chapter-47/ HTTP/1.1" 200 10381 "-" "Mozilla/5.0 (compatible; BLEXBot/1.0; +https://help.seranking.com/en/blex-crawler)"
162.0.232.193 - - [09/Jun/2025:22:32:17 -0400] "GET /wp-content/uploads/36f5b53d6c6d3d6b1e9dd0027baac2ed_1435.xml HTTP/1.1" 200 1028 "-" "Mozilla/5.0 (X11; Linux x86_64) AppleWebKit/537.36 (KHTML, like Gecko) Ubuntu Chromium/41.0.2272.76"
5.9.120.100 - - [09/Jun/2025:22:32:21 -0400] "GET /manga1/jungle-juice-chapter-48/ HTTP/1.1" 200 10404 "-" "Mozilla/5.0 (compatible; BLEXBot/1.0; +https://help.seranking.com/en/blex-crawler)"
5.9.120.100 - - [09/Jun/2025:22:32:26 -0400] "GET /manga1/jungle-juice-chapter-49/ HTTP/1.1" 200 10515 "-" "Mozilla/5.0 (compatible; BLEXBot/1.0; +https://help.seranking.com/en/blex-crawler)"
5.9.120.100 - - [09/Jun/2025:22:32:31 -0400] "GET /manga1/jungle-juice-chapter-50/ HTTP/1.1" 200 10500 "-" "Mozilla/5.0 (compatible; BLEXBot/1.0; +https://help.seranking.com/en/blex-crawler)"
5.9.120.100 - - [09/Jun/2025:22:32:35 -0400] "GET /manga1/jungle-juice-chapter-51/ HTTP/1.1" 200 10542 "-" "Mozilla/5.0 (compatible; BLEXBot/1.0; +https://help.seranking.com/en/blex-crawler)"
5.9.120.100 - - [09/Jun/2025:22:32:39 -0400] "GET /manga1/jungle-juice-chapter-52/ HTTP/1.1" 200 10522 "-" "Mozilla/5.0 (compatible; BLEXBot/1.0; +https://help.seranking.com/en/blex-crawler)"
5.9.120.100 - - [09/Jun/2025:22:32:49 -0400] "GET /manga1/jungle-juice-chapter-53/ HTTP/1.1" 200 10498 "-" "Mozilla/5.0 (compatible; BLEXBot/1.0; +https://help.seranking.com/en/blex-crawler)"
162.0.232.193 - - [09/Jun/2025:22:33:24 -0400] "POST /wp-cron.php?doing_wp_cron=1749522804.3167760372161865234375 HTTP/1.1" 200 0 "-" "WordPress/6.7.2; https://w4.junglejuicewebtoon.com"
5.9.120.100 - - [09/Jun/2025:22:33:24 -0400] "GET /manga1/jungle-juice-chapter-54/ HTTP/1.1" 200 10442 "-" "Mozilla/5.0 (compatible; BLEXBot/1.0; +https://help.seranking.com/en/blex-crawler)"
162.0.232.193 - - [09/Jun/2025:22:33:24 -0400] "POST /wp-admin/admin-ajax.php?action=async_litespeed&nonce=JrybKl2xjVslrSN6zTmxDb9uwv5G4bH5&litespeed_type=imgoptm HTTP/1.1" 200 5 "-" "WordPress/6.7.2; https://w4.junglejuicewebtoon.com"
162.0.232.193 - - [09/Jun/2025:22:34:08 -0400] "POST /wp-cron.php?doing_wp_cron=1749522848.3480520248413085937500 HTTP/1.1" 200 0 "-" "WordPress/6.7.2; https://w4.junglejuicewebtoon.com"
5.9.120.100 - - [09/Jun/2025:22:34:07 -0400] "GET /manga1/jungle-juice-chapter-55/ HTTP/1.1" 200 10439 "-" "Mozilla/5.0 (compatible; BLEXBot/1.0; +https://help.seranking.com/en/blex-crawler)"
162.0.232.193 - - [09/Jun/2025:22:34:09 -0400] "POST /wp-admin/admin-ajax.php?action=async_litespeed&nonce=WAUoLrnQfeMNye9CmYrIxciAWjjwAcv6&litespeed_type=imgoptm HTTP/1.1" 200 5 "-" "WordPress/6.7.2; https://w4.junglejuicewebtoon.com"
162.0.232.193 - - [09/Jun/2025:22:35:01 -0400] "POST /wp-cron.php?doing_wp_cron=1749522901.0684809684753417968750 HTTP/1.1" 200 0 "-" "WordPress/6.7.2; https://w4.junglejuicewebtoon.com"
5.9.120.100 - - [09/Jun/2025:22:35:00 -0400] "GET /manga1/jungle-juice-chapter-56/ HTTP/1.1" 200 10393 "-" "Mozilla/5.0 (compatible; BLEXBot/1.0; +https://help.seranking.com/en/blex-crawler)"
162.0.232.193 - - [09/Jun/2025:22:35:03 -0400] "GET /wp-content/uploads/36f5b53d6c6d3d6b1e9dd0027baac2ed_1435.xml HTTP/1.1" 200 1150 "-" "Mozilla/5.0 (X11; Linux x86_64) AppleWebKit/537.36 (KHTML, like Gecko) Ubuntu Chromium/41.0.2272.76"
5.9.120.100 - - [09/Jun/2025:22:35:07 -0400] "GET /manga1/jungle-juice-chapter-57/ HTTP/1.1" 200 10393 "-" "Mozilla/5.0 (compatible; BLEXBot/1.0; +https://help.seranking.com/en/blex-crawler)"
5.9.120.100 - - [09/Jun/2025:22:35:12 -0400] "GET /manga1/jungle-juice-chapter-58/ HTTP/1.1" 200 10340 "-" "Mozilla/5.0 (compatible; BLEXBot/1.0; +https://help.seranking.com/en/blex-crawler)"
5.9.120.100 - - [09/Jun/2025:22:35:17 -0400] "GET /manga1/jungle-juice-chapter-59/ HTTP/1.1" 200 10393 "-" "Mozilla/5.0 (compatible; BLEXBot/1.0; +https://help.seranking.com/en/blex-crawler)"
5.9.120.100 - - [09/Jun/2025:22:35:22 -0400] "GET /manga1/jungle-juice-chapter-60/ HTTP/1.1" 200 10394 "-" "Mozilla/5.0 (compatible; BLEXBot/1.0; +https://help.seranking.com/en/blex-crawler)"
5.9.120.100 - - [09/Jun/2025:22:35:26 -0400] "GET /manga1/jungle-juice-chapter-61/ HTTP/1.1" 200 10408 "-" "Mozilla/5.0 (compatible; BLEXBot/1.0; +https://help.seranking.com/en/blex-crawler)"
5.9.120.100 - - [09/Jun/2025:22:35:32 -0400] "GET /manga1/jungle-juice-chapter-62/ HTTP/1.1" 200 10439 "-" "Mozilla/5.0 (compatible; BLEXBot/1.0; +https://help.seranking.com/en/blex-crawler)"
