20.171.207.254 - - [12/Jun/2025:08:37:18 -0400] "GET /shopping/1852346736.phtml HTTP/1.1" 301 0 "-" "Mozilla/5.0 AppleWebKit/537.36 (KHTML, like Gecko; compatible; GPTBot/1.2; +https://openai.com/gptbot)"
20.171.207.254 - - [12/Jun/2025:08:37:19 -0400] "GET /shopping/2360453982.phtml HTTP/1.1" 301 0 "-" "Mozilla/5.0 AppleWebKit/537.36 (KHTML, like Gecko; compatible; GPTBot/1.2; +https://openai.com/gptbot)"
20.171.207.254 - - [12/Jun/2025:08:37:20 -0400] "GET /shopping/1427168650.phtml HTTP/1.1" 301 0 "-" "Mozilla/5.0 AppleWebKit/537.36 (KHTML, like Gecko; compatible; GPTBot/1.2; +https://openai.com/gptbot)"
20.171.207.254 - - [12/Jun/2025:08:37:21 -0400] "GET /shopping/1703226194.phtml HTTP/1.1" 301 0 "-" "Mozilla/5.0 AppleWebKit/537.36 (KHTML, like Gecko; compatible; GPTBot/1.2; +https://openai.com/gptbot)"
20.171.207.254 - - [12/Jun/2025:08:37:22 -0400] "GET /shopping/2360598918.phtml HTTP/1.1" 301 0 "-" "Mozilla/5.0 AppleWebKit/537.36 (KHTML, like Gecko; compatible; GPTBot/1.2; +https://openai.com/gptbot)"
20.171.207.254 - - [12/Jun/2025:08:37:24 -0400] "GET /shopping/2180367792.phtml HTTP/1.1" 301 0 "-" "Mozilla/5.0 AppleWebKit/537.36 (KHTML, like Gecko; compatible; GPTBot/1.2; +https://openai.com/gptbot)"
20.171.207.254 - - [12/Jun/2025:08:37:25 -0400] "GET /shopping/1851641932.phtml HTTP/1.1" 301 0 "-" "Mozilla/5.0 AppleWebKit/537.36 (KHTML, like Gecko; compatible; GPTBot/1.2; +https://openai.com/gptbot)"
20.171.207.254 - - [12/Jun/2025:08:37:27 -0400] "GET /shopping/1832584746.phtml HTTP/1.1" 301 0 "-" "Mozilla/5.0 AppleWebKit/537.36 (KHTML, like Gecko; compatible; GPTBot/1.2; +https://openai.com/gptbot)"
20.171.207.254 - - [12/Jun/2025:08:37:28 -0400] "GET /shopping/1702832976.phtml HTTP/1.1" 301 0 "-" "Mozilla/5.0 AppleWebKit/537.36 (KHTML, like Gecko; compatible; GPTBot/1.2; +https://openai.com/gptbot)"
20.171.207.254 - - [12/Jun/2025:08:37:29 -0400] "GET /shopping/1427588190.phtml HTTP/1.1" 301 0 "-" "Mozilla/5.0 AppleWebKit/537.36 (KHTML, like Gecko; compatible; GPTBot/1.2; +https://openai.com/gptbot)"
20.171.207.254 - - [12/Jun/2025:08:37:30 -0400] "GET /shopping/1340269716.phtml HTTP/1.1" 301 0 "-" "Mozilla/5.0 AppleWebKit/537.36 (KHTML, like Gecko; compatible; GPTBot/1.2; +https://openai.com/gptbot)"
20.171.207.254 - - [12/Jun/2025:08:37:32 -0400] "GET /shopping/2180491506.phtml HTTP/1.1" 301 0 "-" "Mozilla/5.0 AppleWebKit/537.36 (KHTML, like Gecko; compatible; GPTBot/1.2; +https://openai.com/gptbot)"
20.171.207.254 - - [12/Jun/2025:08:37:33 -0400] "GET /shopping/1703042682.phtml HTTP/1.1" 301 0 "-" "Mozilla/5.0 AppleWebKit/537.36 (KHTML, like Gecko; compatible; GPTBot/1.2; +https://openai.com/gptbot)"
20.171.207.254 - - [12/Jun/2025:08:37:34 -0400] "GET /shopping/1702581384.phtml HTTP/1.1" 301 0 "-" "Mozilla/5.0 AppleWebKit/537.36 (KHTML, like Gecko; compatible; GPTBot/1.2; +https://openai.com/gptbot)"
20.171.207.254 - - [12/Jun/2025:08:37:35 -0400] "GET /shopping/1427360188.phtml HTTP/1.1" 301 0 "-" "Mozilla/5.0 AppleWebKit/537.36 (KHTML, like Gecko; compatible; GPTBot/1.2; +https://openai.com/gptbot)"
20.171.207.254 - - [12/Jun/2025:08:37:36 -0400] "GET /shopping/1832404672.phtml HTTP/1.1" 301 0 "-" "Mozilla/5.0 AppleWebKit/537.36 (KHTML, like Gecko; compatible; GPTBot/1.2; +https://openai.com/gptbot)"
20.171.207.254 - - [12/Jun/2025:08:37:37 -0400] "GET /shopping/1427165340.phtml HTTP/1.1" 301 0 "-" "Mozilla/5.0 AppleWebKit/537.36 (KHTML, like Gecko; compatible; GPTBot/1.2; +https://openai.com/gptbot)"
20.171.207.254 - - [12/Jun/2025:08:37:39 -0400] "GET /shopping/1427385168.phtml HTTP/1.1" 301 0 "-" "Mozilla/5.0 AppleWebKit/537.36 (KHTML, like Gecko; compatible; GPTBot/1.2; +https://openai.com/gptbot)"
20.171.207.254 - - [12/Jun/2025:08:37:40 -0400] "GET /shopping/1703249804.phtml HTTP/1.1" 301 0 "-" "Mozilla/5.0 AppleWebKit/537.36 (KHTML, like Gecko; compatible; GPTBot/1.2; +https://openai.com/gptbot)"
20.171.207.254 - - [12/Jun/2025:08:37:41 -0400] "GET /shopping/1340651726.phtml HTTP/1.1" 301 0 "-" "Mozilla/5.0 AppleWebKit/537.36 (KHTML, like Gecko; compatible; GPTBot/1.2; +https://openai.com/gptbot)"
20.171.207.254 - - [12/Jun/2025:08:37:42 -0400] "GET /shopping/1426890070.phtml HTTP/1.1" 301 0 "-" "Mozilla/5.0 AppleWebKit/537.36 (KHTML, like Gecko; compatible; GPTBot/1.2; +https://openai.com/gptbot)"
20.171.207.254 - - [12/Jun/2025:08:37:44 -0400] "GET /shopping/1832620950.phtml HTTP/1.1" 301 0 "-" "Mozilla/5.0 AppleWebKit/537.36 (KHTML, like Gecko; compatible; GPTBot/1.2; +https://openai.com/gptbot)"
20.171.207.254 - - [12/Jun/2025:08:37:45 -0400] "GET /shopping/1832643754.phtml HTTP/1.1" 301 0 "-" "Mozilla/5.0 AppleWebKit/537.36 (KHTML, like Gecko; compatible; GPTBot/1.2; +https://openai.com/gptbot)"
20.171.207.254 - - [12/Jun/2025:08:37:46 -0400] "GET /shopping/2360472150.phtml HTTP/1.1" 301 0 "-" "Mozilla/5.0 AppleWebKit/537.36 (KHTML, like Gecko; compatible; GPTBot/1.2; +https://openai.com/gptbot)"
20.171.207.254 - - [12/Jun/2025:08:37:47 -0400] "GET /shopping/1852069094.phtml HTTP/1.1" 301 0 "-" "Mozilla/5.0 AppleWebKit/537.36 (KHTML, like Gecko; compatible; GPTBot/1.2; +https://openai.com/gptbot)"
20.171.207.254 - - [12/Jun/2025:08:37:48 -0400] "GET /shopping/2180765790.phtml HTTP/1.1" 301 0 "-" "Mozilla/5.0 AppleWebKit/537.36 (KHTML, like Gecko; compatible; GPTBot/1.2; +https://openai.com/gptbot)"
20.171.207.254 - - [12/Jun/2025:08:37:49 -0400] "GET /shopping/1427048586.phtml HTTP/1.1" 301 0 "-" "Mozilla/5.0 AppleWebKit/537.36 (KHTML, like Gecko; compatible; GPTBot/1.2; +https://openai.com/gptbot)"
20.171.207.254 - - [12/Jun/2025:08:37:51 -0400] "GET /shopping/1852017968.phtml HTTP/1.1" 301 0 "-" "Mozilla/5.0 AppleWebKit/537.36 (KHTML, like Gecko; compatible; GPTBot/1.2; +https://openai.com/gptbot)"
20.171.207.254 - - [12/Jun/2025:08:37:52 -0400] "GET /shopping/1832074790.phtml HTTP/1.1" 301 0 "-" "Mozilla/5.0 AppleWebKit/537.36 (KHTML, like Gecko; compatible; GPTBot/1.2; +https://openai.com/gptbot)"
20.171.207.254 - - [12/Jun/2025:08:37:53 -0400] "GET /shopping/1340152962.phtml HTTP/1.1" 301 0 "-" "Mozilla/5.0 AppleWebKit/537.36 (KHTML, like Gecko; compatible; GPTBot/1.2; +https://openai.com/gptbot)"
20.171.207.254 - - [12/Jun/2025:08:37:54 -0400] "GET /shopping/1702855456.phtml HTTP/1.1" 301 0 "-" "Mozilla/5.0 AppleWebKit/537.36 (KHTML, like Gecko; compatible; GPTBot/1.2; +https://openai.com/gptbot)"
20.171.207.254 - - [12/Jun/2025:08:37:56 -0400] "GET /shopping/1702936150.phtml HTTP/1.1" 301 0 "-" "Mozilla/5.0 AppleWebKit/537.36 (KHTML, like Gecko; compatible; GPTBot/1.2; +https://openai.com/gptbot)"
20.171.207.254 - - [12/Jun/2025:08:37:57 -0400] "GET /shopping/1426917054.phtml HTTP/1.1" 301 0 "-" "Mozilla/5.0 AppleWebKit/537.36 (KHTML, like Gecko; compatible; GPTBot/1.2; +https://openai.com/gptbot)"
20.171.207.254 - - [12/Jun/2025:08:37:59 -0400] "GET /shopping/1426844790.phtml HTTP/1.1" 301 0 "-" "Mozilla/5.0 AppleWebKit/537.36 (KHTML, like Gecko; compatible; GPTBot/1.2; +https://openai.com/gptbot)"
20.171.207.254 - - [12/Jun/2025:08:38:00 -0400] "GET /shopping/1852259374.phtml HTTP/1.1" 301 0 "-" "Mozilla/5.0 AppleWebKit/537.36 (KHTML, like Gecko; compatible; GPTBot/1.2; +https://openai.com/gptbot)"
20.171.207.254 - - [12/Jun/2025:08:38:01 -0400] "GET /shopping/1852169732.phtml HTTP/1.1" 301 0 "-" "Mozilla/5.0 AppleWebKit/537.36 (KHTML, like Gecko; compatible; GPTBot/1.2; +https://openai.com/gptbot)"
20.171.207.254 - - [12/Jun/2025:08:38:03 -0400] "GET /shopping/1851602094.phtml HTTP/1.1" 301 0 "-" "Mozilla/5.0 AppleWebKit/537.36 (KHTML, like Gecko; compatible; GPTBot/1.2; +https://openai.com/gptbot)"
20.171.207.254 - - [12/Jun/2025:08:38:04 -0400] "GET /shopping/1340395478.phtml HTTP/1.1" 301 0 "-" "Mozilla/5.0 AppleWebKit/537.36 (KHTML, like Gecko; compatible; GPTBot/1.2; +https://openai.com/gptbot)"
194.87.252.147 - - [12/Jun/2025:08:38:06 -0400] "GET / HTTP/1.1" 200 0 "-" "Mozilla/5.0 (X11; Linux i686 on x86_64) AppleWebKit/537.36 (KHTML, like Gecko) Chrome/55.0.2916.79 Safari/537.36"
20.171.207.254 - - [12/Jun/2025:08:38:06 -0400] "GET /shopping/1703056214.phtml HTTP/1.1" 301 0 "-" "Mozilla/5.0 AppleWebKit/537.36 (KHTML, like Gecko; compatible; GPTBot/1.2; +https://openai.com/gptbot)"
20.171.207.254 - - [12/Jun/2025:08:38:07 -0400] "GET /shopping/2360713540.phtml HTTP/1.1" 301 0 "-" "Mozilla/5.0 AppleWebKit/537.36 (KHTML, like Gecko; compatible; GPTBot/1.2; +https://openai.com/gptbot)"
20.171.207.254 - - [12/Jun/2025:08:38:08 -0400] "GET /shopping/1240152986.phtml HTTP/1.1" 301 0 "-" "Mozilla/5.0 AppleWebKit/537.36 (KHTML, like Gecko; compatible; GPTBot/1.2; +https://openai.com/gptbot)"
194.87.252.147 - - [12/Jun/2025:08:38:08 -0400] "GET / HTTP/1.1" 200 10329 "-" "Mozilla/5.0 (Macintosh; Intel Mac OS X 10_8_2) AppleWebKit/537.36 (KHTML, like Gecko) Chrome/55.0.2922.98 Safari/537.36"
20.171.207.254 - - [12/Jun/2025:08:38:09 -0400] "GET /shopping/1702533840.phtml HTTP/1.1" 301 0 "-" "Mozilla/5.0 AppleWebKit/537.36 (KHTML, like Gecko; compatible; GPTBot/1.2; +https://openai.com/gptbot)"
194.87.252.147 - - [12/Jun/2025:08:38:10 -0400] "POST /wp-content/plugins/wp-automatic/inc/csv.php HTTP/1.1" 403 1242 "https://w4.junglejuicewebtoon.com/" "Mozilla/5.0 (Macintosh; Intel Mac OS X 10_8_2) AppleWebKit/537.36 (KHTML, like Gecko) Chrome/55.0.2922.98 Safari/537.36"
20.171.207.254 - - [12/Jun/2025:08:38:10 -0400] "GET /shopping/1702542932.phtml HTTP/1.1" 301 0 "-" "Mozilla/5.0 AppleWebKit/537.36 (KHTML, like Gecko; compatible; GPTBot/1.2; +https://openai.com/gptbot)"
20.171.207.254 - - [12/Jun/2025:08:38:11 -0400] "GET /shopping/1240419568.phtml HTTP/1.1" 301 0 "-" "Mozilla/5.0 AppleWebKit/537.36 (KHTML, like Gecko; compatible; GPTBot/1.2; +https://openai.com/gptbot)"
20.171.207.254 - - [12/Jun/2025:08:38:13 -0400] "GET /shopping/1427453268.phtml HTTP/1.1" 301 0 "-" "Mozilla/5.0 AppleWebKit/537.36 (KHTML, like Gecko; compatible; GPTBot/1.2; +https://openai.com/gptbot)"
20.171.207.254 - - [12/Jun/2025:08:38:14 -0400] "GET /shopping/2361165490.phtml HTTP/1.1" 301 0 "-" "Mozilla/5.0 AppleWebKit/537.36 (KHTML, like Gecko; compatible; GPTBot/1.2; +https://openai.com/gptbot)"
162.0.232.193 - - [12/Jun/2025:08:38:16 -0400] "POST /wp-cron.php?doing_wp_cron=1749731895.8479189872741699218750 HTTP/1.1" 200 0 "-" "WordPress/6.7.2; https://w4.junglejuicewebtoon.com"
20.171.207.254 - - [12/Jun/2025:08:38:15 -0400] "GET /shopping/1832526078.phtml HTTP/1.1" 301 0 "-" "Mozilla/5.0 AppleWebKit/537.36 (KHTML, like Gecko; compatible; GPTBot/1.2; +https://openai.com/gptbot)"
20.171.207.254 - - [12/Jun/2025:08:38:16 -0400] "GET /shopping/1427086032.phtml HTTP/1.1" 301 0 "-" "Mozilla/5.0 AppleWebKit/537.36 (KHTML, like Gecko; compatible; GPTBot/1.2; +https://openai.com/gptbot)"
162.0.232.193 - - [12/Jun/2025:08:38:16 -0400] "POST /wp-admin/admin-ajax.php?action=async_litespeed&nonce=5Dd06gWszU45gEs7iinyi6yXLZsoijR7&litespeed_type=imgoptm HTTP/1.1" 200 0 "-" "WordPress/6.7.2; https://w4.junglejuicewebtoon.com"
20.171.207.254 - - [12/Jun/2025:08:38:17 -0400] "GET /shopping/1240388950.phtml HTTP/1.1" 301 0 "-" "Mozilla/5.0 AppleWebKit/537.36 (KHTML, like Gecko; compatible; GPTBot/1.2; +https://openai.com/gptbot)"
20.171.207.254 - - [12/Jun/2025:08:38:18 -0400] "GET /shopping/2361139508.phtml HTTP/1.1" 301 0 "-" "Mozilla/5.0 AppleWebKit/537.36 (KHTML, like Gecko; compatible; GPTBot/1.2; +https://openai.com/gptbot)"
20.171.207.254 - - [12/Jun/2025:08:38:19 -0400] "GET /shopping/2026415578.phtml HTTP/1.1" 301 0 "-" "Mozilla/5.0 AppleWebKit/537.36 (KHTML, like Gecko; compatible; GPTBot/1.2; +https://openai.com/gptbot)"
194.87.252.147 - - [12/Jun/2025:08:38:20 -0400] "POST /wp-content/plugins/wp-automatic/inc/csv.php HTTP/1.1" 403 1242 "https://w4.junglejuicewebtoon.com/wp-content/plugins/wp-automatic/inc/csv.php" "Mozilla/5.0 (Macintosh; Intel Mac OS X 10_8_2) AppleWebKit/537.36 (KHTML, like Gecko) Chrome/55.0.2922.98 Safari/537.36"
194.87.252.147 - - [12/Jun/2025:08:38:21 -0400] "POST /wp-content/plugins/wp-automatic/inc/csv.php HTTP/1.1" 403 1242 "https://w4.junglejuicewebtoon.com/wp-content/plugins/wp-automatic/inc/csv.php" "Mozilla/5.0 (Macintosh; Intel Mac OS X 10_8_2) AppleWebKit/537.36 (KHTML, like Gecko) Chrome/55.0.2922.98 Safari/537.36"
20.171.207.254 - - [12/Jun/2025:08:38:21 -0400] "GET /shopping/1427074568.phtml HTTP/1.1" 301 0 "-" "Mozilla/5.0 AppleWebKit/537.36 (KHTML, like Gecko; compatible; GPTBot/1.2; +https://openai.com/gptbot)"
194.87.252.147 - - [12/Jun/2025:08:38:21 -0400] "POST /wp-content/plugins/wp-automatic/inc/csv.php HTTP/1.1" 403 1242 "https://w4.junglejuicewebtoon.com/wp-content/plugins/wp-automatic/inc/csv.php" "Mozilla/5.0 (Macintosh; Intel Mac OS X 10_8_2) AppleWebKit/537.36 (KHTML, like Gecko) Chrome/55.0.2922.98 Safari/537.36"
194.87.252.147 - - [12/Jun/2025:08:38:22 -0400] "POST /wp-content/plugins/wp-automatic/inc/csv.php HTTP/1.1" 403 1242 "https://w4.junglejuicewebtoon.com/wp-content/plugins/wp-automatic/inc/csv.php" "Mozilla/5.0 (Macintosh; Intel Mac OS X 10_8_2) AppleWebKit/537.36 (KHTML, like Gecko) Chrome/55.0.2922.98 Safari/537.36"
20.171.207.254 - - [12/Jun/2025:08:38:22 -0400] "GET /shopping/1340699250.phtml HTTP/1.1" 301 0 "-" "Mozilla/5.0 AppleWebKit/537.36 (KHTML, like Gecko; compatible; GPTBot/1.2; +https://openai.com/gptbot)"
194.87.252.147 - - [12/Jun/2025:08:38:22 -0400] "POST /wp-content/plugins/wp-automatic/inc/csv.php945545372186.php HTTP/1.1" 403 1242 "https://w4.junglejuicewebtoon.com/wp-content/plugins/wp-automatic/inc/csv.php" "Mozilla/5.0 (Macintosh; Intel Mac OS X 10_8_2) AppleWebKit/537.36 (KHTML, like Gecko) Chrome/55.0.2922.98 Safari/537.36"
194.87.252.147 - - [12/Jun/2025:08:38:23 -0400] "POST /wp-content/plugins/wp-automatic/inc/csv.php945545372186.php HTTP/1.1" 200 0 "https://w4.junglejuicewebtoon.com/wp-content/plugins/wp-automatic/inc/csv.php945545372186.php" "Mozilla/5.0 (Macintosh; Intel Mac OS X 10_8_2) AppleWebKit/537.36 (KHTML, like Gecko) Chrome/55.0.2922.98 Safari/537.36"
20.171.207.254 - - [12/Jun/2025:08:38:23 -0400] "GET /shopping/1851942070.phtml HTTP/1.1" 301 0 "-" "Mozilla/5.0 AppleWebKit/537.36 (KHTML, like Gecko; compatible; GPTBot/1.2; +https://openai.com/gptbot)"
194.87.252.147 - - [12/Jun/2025:08:38:24 -0400] "POST /wp-content/plugins/wp-automatic/inc/csv.php945545372186.php HTTP/1.1" 200 0 "https://w4.junglejuicewebtoon.com/wp-content/plugins/wp-automatic/inc/csv.php945545372186.php" "Mozilla/5.0 (Macintosh; Intel Mac OS X 10_8_2) AppleWebKit/537.36 (KHTML, like Gecko) Chrome/55.0.2922.98 Safari/537.36"
194.87.252.147 - - [12/Jun/2025:08:38:24 -0400] "POST /wp-content/plugins/wp-automatic/inc/csv.php945545372186.php HTTP/1.1" 200 0 "https://w4.junglejuicewebtoon.com/wp-content/plugins/wp-automatic/inc/csv.php945545372186.php" "Mozilla/5.0 (Macintosh; Intel Mac OS X 10_8_2) AppleWebKit/537.36 (KHTML, like Gecko) Chrome/55.0.2922.98 Safari/537.36"
194.87.252.147 - - [12/Jun/2025:08:38:25 -0400] "POST /wp-content/plugins/wp-automatic/inc/csv.php945545372186.php HTTP/1.1" 200 0 "https://w4.junglejuicewebtoon.com/wp-content/plugins/wp-automatic/inc/csv.php945545372186.php" "Mozilla/5.0 (Macintosh; Intel Mac OS X 10_8_2) AppleWebKit/537.36 (KHTML, like Gecko) Chrome/55.0.2922.98 Safari/537.36"
20.171.207.254 - - [12/Jun/2025:08:38:24 -0400] "GET /shopping/1832047530.phtml HTTP/1.1" 301 0 "-" "Mozilla/5.0 AppleWebKit/537.36 (KHTML, like Gecko; compatible; GPTBot/1.2; +https://openai.com/gptbot)"
194.87.252.147 - - [12/Jun/2025:08:38:25 -0400] "GET /wp-login.php HTTP/1.1" 200 1850 "https://w4.junglejuicewebtoon.com/wp-content/plugins/wp-automatic/inc/csv.php945545372186.php" "Mozilla/5.0 (Macintosh; Intel Mac OS X 10_8_2) AppleWebKit/537.36 (KHTML, like Gecko) Chrome/55.0.2922.98 Safari/537.36"
20.171.207.254 - - [12/Jun/2025:08:38:25 -0400] "GET /shopping/1240769574.phtml HTTP/1.1" 301 0 "-" "Mozilla/5.0 AppleWebKit/537.36 (KHTML, like Gecko; compatible; GPTBot/1.2; +https://openai.com/gptbot)"
162.0.232.193 - - [12/Jun/2025:08:38:28 -0400] "POST /wp-cron.php?doing_wp_cron=1749731907.9758698940277099609375 HTTP/1.1" 200 0 "-" "WordPress/6.7.2; https://w4.junglejuicewebtoon.com"
20.171.207.254 - - [12/Jun/2025:08:38:27 -0400] "GET /shopping/1240365084.phtml HTTP/1.1" 301 0 "-" "Mozilla/5.0 AppleWebKit/537.36 (KHTML, like Gecko; compatible; GPTBot/1.2; +https://openai.com/gptbot)"
194.87.252.147 - - [12/Jun/2025:08:38:26 -0400] "POST /wp-login.php HTTP/1.1" 200 2011 "https://w4.junglejuicewebtoon.com/wp-login.php" "Mozilla/5.0 (Macintosh; Intel Mac OS X 10_8_2) AppleWebKit/537.36 (KHTML, like Gecko) Chrome/55.0.2922.98 Safari/537.36"
194.87.252.147 - - [12/Jun/2025:08:38:28 -0400] "GET /wp-admin/plugins.php HTTP/1.1" 302 0 "https://w4.junglejuicewebtoon.com/wp-login.php" "Mozilla/5.0 (Macintosh; Intel Mac OS X 10_8_2) AppleWebKit/537.36 (KHTML, like Gecko) Chrome/55.0.2922.98 Safari/537.36"
20.171.207.254 - - [12/Jun/2025:08:38:29 -0400] "GET /shopping/2180495946.phtml HTTP/1.1" 301 0 "-" "Mozilla/5.0 AppleWebKit/537.36 (KHTML, like Gecko; compatible; GPTBot/1.2; +https://openai.com/gptbot)"
194.87.252.147 - - [12/Jun/2025:08:38:30 -0400] "GET /wp-login.php?redirect_to=https%3A%2F%2Fw4.junglejuicewebtoon.com%2Fwp-admin%2Fplugins.php&reauth=1 HTTP/1.1" 200 1856 "https://w4.junglejuicewebtoon.com/wp-login.php" "Mozilla/5.0 (Macintosh; Intel Mac OS X 10_8_2) AppleWebKit/537.36 (KHTML, like Gecko) Chrome/55.0.2922.98 Safari/537.36"
20.171.207.254 - - [12/Jun/2025:08:38:31 -0400] "GET /shopping/1340749182.phtml HTTP/1.1" 301 0 "-" "Mozilla/5.0 AppleWebKit/537.36 (KHTML, like Gecko; compatible; GPTBot/1.2; +https://openai.com/gptbot)"
20.171.207.254 - - [12/Jun/2025:08:38:33 -0400] "GET /shopping/1702449852.phtml HTTP/1.1" 301 0 "-" "Mozilla/5.0 AppleWebKit/537.36 (KHTML, like Gecko; compatible; GPTBot/1.2; +https://openai.com/gptbot)"
20.171.207.254 - - [12/Jun/2025:08:38:35 -0400] "GET /shopping/1240607392.phtml HTTP/1.1" 301 0 "-" "Mozilla/5.0 AppleWebKit/537.36 (KHTML, like Gecko; compatible; GPTBot/1.2; +https://openai.com/gptbot)"
20.171.207.254 - - [12/Jun/2025:08:38:37 -0400] "GET /shopping/1702609754.phtml HTTP/1.1" 301 0 "-" "Mozilla/5.0 AppleWebKit/537.36 (KHTML, like Gecko; compatible; GPTBot/1.2; +https://openai.com/gptbot)"
20.171.207.254 - - [12/Jun/2025:08:38:39 -0400] "GET /shopping/1240627948.phtml HTTP/1.1" 301 0 "-" "Mozilla/5.0 AppleWebKit/537.36 (KHTML, like Gecko; compatible; GPTBot/1.2; +https://openai.com/gptbot)"
20.171.207.254 - - [12/Jun/2025:08:38:41 -0400] "GET /shopping/1240074956.phtml HTTP/1.1" 301 0 "-" "Mozilla/5.0 AppleWebKit/537.36 (KHTML, like Gecko; compatible; GPTBot/1.2; +https://openai.com/gptbot)"
162.0.232.193 - - [12/Jun/2025:08:38:44 -0400] "POST /wp-cron.php?doing_wp_cron=1749731923.9442739486694335937500 HTTP/1.1" 200 0 "-" "WordPress/6.7.2; https://w4.junglejuicewebtoon.com"
20.171.207.254 - - [12/Jun/2025:08:38:43 -0400] "GET /shopping/1426849230.phtml HTTP/1.1" 301 0 "-" "Mozilla/5.0 AppleWebKit/537.36 (KHTML, like Gecko; compatible; GPTBot/1.2; +https://openai.com/gptbot)"
20.171.207.254 - - [12/Jun/2025:08:38:44 -0400] "GET /shopping/2361191748.phtml HTTP/1.1" 301 0 "-" "Mozilla/5.0 AppleWebKit/537.36 (KHTML, like Gecko; compatible; GPTBot/1.2; +https://openai.com/gptbot)"
162.0.232.193 - - [12/Jun/2025:08:38:45 -0400] "POST /wp-admin/admin-ajax.php?action=async_litespeed&nonce=VSUZAYcAN5sHMUWoP40H5w9Hcf2koYtJ&litespeed_type=imgoptm HTTP/1.1" 200 0 "-" "WordPress/6.7.2; https://w4.junglejuicewebtoon.com"
20.171.207.254 - - [12/Jun/2025:08:38:46 -0400] "GET /shopping/2180074354.phtml HTTP/1.1" 301 0 "-" "Mozilla/5.0 AppleWebKit/537.36 (KHTML, like Gecko; compatible; GPTBot/1.2; +https://openai.com/gptbot)"
20.171.207.254 - - [12/Jun/2025:08:38:47 -0400] "GET /shopping/1702657298.phtml HTTP/1.1" 301 0 "-" "Mozilla/5.0 AppleWebKit/537.36 (KHTML, like Gecko; compatible; GPTBot/1.2; +https://openai.com/gptbot)"
20.171.207.254 - - [12/Jun/2025:08:38:48 -0400] "GET /shopping/1240556538.phtml HTTP/1.1" 301 0 "-" "Mozilla/5.0 AppleWebKit/537.36 (KHTML, like Gecko; compatible; GPTBot/1.2; +https://openai.com/gptbot)"
20.171.207.254 - - [12/Jun/2025:08:38:50 -0400] "GET /shopping/2180563770.phtml HTTP/1.1" 301 0 "-" "Mozilla/5.0 AppleWebKit/537.36 (KHTML, like Gecko; compatible; GPTBot/1.2; +https://openai.com/gptbot)"
20.171.207.254 - - [12/Jun/2025:08:38:51 -0400] "GET /shopping/1240368394.phtml HTTP/1.1" 301 0 "-" "Mozilla/5.0 AppleWebKit/537.36 (KHTML, like Gecko; compatible; GPTBot/1.2; +https://openai.com/gptbot)"
20.171.207.254 - - [12/Jun/2025:08:38:52 -0400] "GET /shopping/1702940786.phtml HTTP/1.1" 301 0 "-" "Mozilla/5.0 AppleWebKit/537.36 (KHTML, like Gecko; compatible; GPTBot/1.2; +https://openai.com/gptbot)"
20.171.207.254 - - [12/Jun/2025:08:38:53 -0400] "GET /shopping/2361047750.phtml HTTP/1.1" 301 0 "-" "Mozilla/5.0 AppleWebKit/537.36 (KHTML, like Gecko; compatible; GPTBot/1.2; +https://openai.com/gptbot)"
20.171.207.254 - - [12/Jun/2025:08:38:54 -0400] "GET /shopping/2026731428.phtml HTTP/1.1" 301 0 "-" "Mozilla/5.0 AppleWebKit/537.36 (KHTML, like Gecko; compatible; GPTBot/1.2; +https://openai.com/gptbot)"
20.171.207.254 - - [12/Jun/2025:08:38:55 -0400] "GET /shopping/1832458916.phtml HTTP/1.1" 301 0 "-" "Mozilla/5.0 AppleWebKit/537.36 (KHTML, like Gecko; compatible; GPTBot/1.2; +https://openai.com/gptbot)"
20.171.207.254 - - [12/Jun/2025:08:38:57 -0400] "GET /shopping/1832207516.phtml HTTP/1.1" 301 0 "-" "Mozilla/5.0 AppleWebKit/537.36 (KHTML, like Gecko; compatible; GPTBot/1.2; +https://openai.com/gptbot)"
20.171.207.254 - - [12/Jun/2025:08:38:58 -0400] "GET /shopping/1340675384.phtml HTTP/1.1" 301 0 "-" "Mozilla/5.0 AppleWebKit/537.36 (KHTML, like Gecko; compatible; GPTBot/1.2; +https://openai.com/gptbot)"
20.171.207.254 - - [12/Jun/2025:08:38:59 -0400] "GET /shopping/1340576814.phtml HTTP/1.1" 301 0 "-" "Mozilla/5.0 AppleWebKit/537.36 (KHTML, like Gecko; compatible; GPTBot/1.2; +https://openai.com/gptbot)"
20.171.207.254 - - [12/Jun/2025:08:39:00 -0400] "GET /shopping/2180634178.phtml HTTP/1.1" 301 0 "-" "Mozilla/5.0 AppleWebKit/537.36 (KHTML, like Gecko; compatible; GPTBot/1.2; +https://openai.com/gptbot)"
20.171.207.254 - - [12/Jun/2025:08:39:02 -0400] "GET /shopping/1427130198.phtml HTTP/1.1" 301 0 "-" "Mozilla/5.0 AppleWebKit/537.36 (KHTML, like Gecko; compatible; GPTBot/1.2; +https://openai.com/gptbot)"
20.171.207.254 - - [12/Jun/2025:08:39:03 -0400] "GET /shopping/1702664258.phtml HTTP/1.1" 301 0 "-" "Mozilla/5.0 AppleWebKit/537.36 (KHTML, like Gecko; compatible; GPTBot/1.2; +https://openai.com/gptbot)"
20.171.207.254 - - [12/Jun/2025:08:39:04 -0400] "GET /shopping/1852079024.phtml HTTP/1.1" 301 0 "-" "Mozilla/5.0 AppleWebKit/537.36 (KHTML, like Gecko; compatible; GPTBot/1.2; +https://openai.com/gptbot)"
20.171.207.254 - - [12/Jun/2025:08:39:05 -0400] "GET /shopping/2361088590.phtml HTTP/1.1" 301 0 "-" "Mozilla/5.0 AppleWebKit/537.36 (KHTML, like Gecko; compatible; GPTBot/1.2; +https://openai.com/gptbot)"
20.171.207.254 - - [12/Jun/2025:08:39:06 -0400] "GET /shopping/1240776386.phtml HTTP/1.1" 301 0 "-" "Mozilla/5.0 AppleWebKit/537.36 (KHTML, like Gecko; compatible; GPTBot/1.2; +https://openai.com/gptbot)"
20.171.207.254 - - [12/Jun/2025:08:39:08 -0400] "GET /shopping/1340596092.phtml HTTP/1.1" 301 0 "-" "Mozilla/5.0 AppleWebKit/537.36 (KHTML, like Gecko; compatible; GPTBot/1.2; +https://openai.com/gptbot)"
20.171.207.254 - - [12/Jun/2025:08:39:09 -0400] "GET /shopping/1240273198.phtml HTTP/1.1" 301 0 "-" "Mozilla/5.0 AppleWebKit/537.36 (KHTML, like Gecko; compatible; GPTBot/1.2; +https://openai.com/gptbot)"
20.171.207.254 - - [12/Jun/2025:08:39:10 -0400] "GET /shopping/1832439746.phtml HTTP/1.1" 301 0 "-" "Mozilla/5.0 AppleWebKit/537.36 (KHTML, like Gecko; compatible; GPTBot/1.2; +https://openai.com/gptbot)"
20.171.207.254 - - [12/Jun/2025:08:39:12 -0400] "GET /shopping/1340363798.phtml HTTP/1.1" 301 0 "-" "Mozilla/5.0 AppleWebKit/537.36 (KHTML, like Gecko; compatible; GPTBot/1.2; +https://openai.com/gptbot)"
162.0.232.193 - - [12/Jun/2025:08:39:14 -0400] "POST /wp-cron.php?doing_wp_cron=1749731954.5609281063079833984375 HTTP/1.1" 200 0 "-" "WordPress/6.7.2; https://w4.junglejuicewebtoon.com"
20.171.207.254 - - [12/Jun/2025:08:39:13 -0400] "GET /shopping/1340709456.phtml HTTP/1.1" 301 0 "-" "Mozilla/5.0 AppleWebKit/537.36 (KHTML, like Gecko; compatible; GPTBot/1.2; +https://openai.com/gptbot)"
20.171.207.254 - - [12/Jun/2025:08:39:15 -0400] "GET /shopping/1832349058.phtml HTTP/1.1" 301 0 "-" "Mozilla/5.0 AppleWebKit/537.36 (KHTML, like Gecko; compatible; GPTBot/1.2; +https://openai.com/gptbot)"
162.0.232.193 - - [12/Jun/2025:08:39:18 -0400] "GET /wp-content/uploads/36f5b53d6c6d3d6b1e9dd0027baac2ed_1435.xml HTTP/1.1" 200 1150 "-" "Mozilla/5.0 (X11; Linux x86_64) AppleWebKit/537.36 (KHTML, like Gecko) Ubuntu Chromium/41.0.2272.76"
20.171.207.254 - - [12/Jun/2025:08:39:18 -0400] "GET /shopping/1340704692.phtml HTTP/1.1" 301 0 "-" "Mozilla/5.0 AppleWebKit/537.36 (KHTML, like Gecko; compatible; GPTBot/1.2; +https://openai.com/gptbot)"
20.171.207.254 - - [12/Jun/2025:08:39:20 -0400] "GET /shopping/1703087962.phtml HTTP/1.1" 301 0 "-" "Mozilla/5.0 AppleWebKit/537.36 (KHTML, like Gecko; compatible; GPTBot/1.2; +https://openai.com/gptbot)"
20.171.207.254 - - [12/Jun/2025:08:39:23 -0400] "GET /shopping/1832519054.phtml HTTP/1.1" 301 0 "-" "Mozilla/5.0 AppleWebKit/537.36 (KHTML, like Gecko; compatible; GPTBot/1.2; +https://openai.com/gptbot)"
20.171.207.254 - - [12/Jun/2025:08:39:26 -0400] "GET /shopping/1426938532.phtml HTTP/1.1" 301 0 "-" "Mozilla/5.0 AppleWebKit/537.36 (KHTML, like Gecko; compatible; GPTBot/1.2; +https://openai.com/gptbot)"
20.171.207.254 - - [12/Jun/2025:08:39:28 -0400] "GET /shopping/1702963134.phtml HTTP/1.1" 301 0 "-" "Mozilla/5.0 AppleWebKit/537.36 (KHTML, like Gecko; compatible; GPTBot/1.2; +https://openai.com/gptbot)"
20.171.207.254 - - [12/Jun/2025:08:39:30 -0400] "GET /shopping/1427253640.phtml HTTP/1.1" 301 0 "-" "Mozilla/5.0 AppleWebKit/537.36 (KHTML, like Gecko; compatible; GPTBot/1.2; +https://openai.com/gptbot)"
20.171.207.254 - - [12/Jun/2025:08:39:32 -0400] "GET /shopping/2180253426.phtml HTTP/1.1" 301 0 "-" "Mozilla/5.0 AppleWebKit/537.36 (KHTML, like Gecko; compatible; GPTBot/1.2; +https://openai.com/gptbot)"
20.171.207.254 - - [12/Jun/2025:08:39:34 -0400] "GET /shopping/2180764320.phtml HTTP/1.1" 301 0 "-" "Mozilla/5.0 AppleWebKit/537.36 (KHTML, like Gecko; compatible; GPTBot/1.2; +https://openai.com/gptbot)"
20.171.207.254 - - [12/Jun/2025:08:39:35 -0400] "GET /shopping/1832684594.phtml HTTP/1.1" 301 0 "-" "Mozilla/5.0 AppleWebKit/537.36 (KHTML, like Gecko; compatible; GPTBot/1.2; +https://openai.com/gptbot)"
20.171.207.254 - - [12/Jun/2025:08:39:37 -0400] "GET /shopping/1340067972.phtml HTTP/1.1" 301 0 "-" "Mozilla/5.0 AppleWebKit/537.36 (KHTML, like Gecko; compatible; GPTBot/1.2; +https://openai.com/gptbot)"
20.171.207.254 - - [12/Jun/2025:08:39:38 -0400] "GET /shopping/1340673268.phtml HTTP/1.1" 301 0 "-" "Mozilla/5.0 AppleWebKit/537.36 (KHTML, like Gecko; compatible; GPTBot/1.2; +https://openai.com/gptbot)"
20.171.207.254 - - [12/Jun/2025:08:39:39 -0400] "GET /shopping/1832480586.phtml HTTP/1.1" 301 0 "-" "Mozilla/5.0 AppleWebKit/537.36 (KHTML, like Gecko; compatible; GPTBot/1.2; +https://openai.com/gptbot)"
20.171.207.254 - - [12/Jun/2025:08:39:40 -0400] "GET /shopping/1340217668.phtml HTTP/1.1" 301 0 "-" "Mozilla/5.0 AppleWebKit/537.36 (KHTML, like Gecko; compatible; GPTBot/1.2; +https://openai.com/gptbot)"
20.171.207.254 - - [12/Jun/2025:08:39:42 -0400] "GET /shopping/2180623972.phtml HTTP/1.1" 301 0 "-" "Mozilla/5.0 AppleWebKit/537.36 (KHTML, like Gecko; compatible; GPTBot/1.2; +https://openai.com/gptbot)"
20.171.207.254 - - [12/Jun/2025:08:39:43 -0400] "GET /shopping/1832517924.phtml HTTP/1.1" 301 0 "-" "Mozilla/5.0 AppleWebKit/537.36 (KHTML, like Gecko; compatible; GPTBot/1.2; +https://openai.com/gptbot)"
20.171.207.254 - - [12/Jun/2025:08:39:44 -0400] "GET /shopping/1702593850.phtml HTTP/1.1" 301 0 "-" "Mozilla/5.0 AppleWebKit/537.36 (KHTML, like Gecko; compatible; GPTBot/1.2; +https://openai.com/gptbot)"
20.171.207.254 - - [12/Jun/2025:08:39:45 -0400] "GET /shopping/2180457238.phtml HTTP/1.1" 301 0 "-" "Mozilla/5.0 AppleWebKit/537.36 (KHTML, like Gecko; compatible; GPTBot/1.2; +https://openai.com/gptbot)"
20.171.207.254 - - [12/Jun/2025:08:39:46 -0400] "GET /shopping/2180764320.phtml HTTP/1.1" 301 0 "-" "Mozilla/5.0 AppleWebKit/537.36 (KHTML, like Gecko; compatible; GPTBot/1.2; +https://openai.com/gptbot)"
20.171.207.254 - - [12/Jun/2025:08:39:48 -0400] "GET /shopping/1427090684.phtml HTTP/1.1" 301 0 "-" "Mozilla/5.0 AppleWebKit/537.36 (KHTML, like Gecko; compatible; GPTBot/1.2; +https://openai.com/gptbot)"
20.171.207.254 - - [12/Jun/2025:08:39:49 -0400] "GET /shopping/2180734026.phtml HTTP/1.1" 301 0 "-" "Mozilla/5.0 AppleWebKit/537.36 (KHTML, like Gecko; compatible; GPTBot/1.2; +https://openai.com/gptbot)"
20.171.207.254 - - [12/Jun/2025:08:39:50 -0400] "GET /shopping/1427136902.phtml HTTP/1.1" 301 0 "-" "Mozilla/5.0 AppleWebKit/537.36 (KHTML, like Gecko; compatible; GPTBot/1.2; +https://openai.com/gptbot)"
20.171.207.254 - - [12/Jun/2025:08:39:51 -0400] "GET /shopping/1852168794.phtml HTTP/1.1" 301 0 "-" "Mozilla/5.0 AppleWebKit/537.36 (KHTML, like Gecko; compatible; GPTBot/1.2; +https://openai.com/gptbot)"
20.171.207.254 - - [12/Jun/2025:08:39:53 -0400] "GET /shopping/1426789092.phtml HTTP/1.1" 301 0 "-" "Mozilla/5.0 AppleWebKit/537.36 (KHTML, like Gecko; compatible; GPTBot/1.2; +https://openai.com/gptbot)"
20.171.207.254 - - [12/Jun/2025:08:39:54 -0400] "GET /shopping/1340697992.phtml HTTP/1.1" 301 0 "-" "Mozilla/5.0 AppleWebKit/537.36 (KHTML, like Gecko; compatible; GPTBot/1.2; +https://openai.com/gptbot)"
20.171.207.254 - - [12/Jun/2025:08:39:56 -0400] "GET /shopping/1702676384.phtml HTTP/1.1" 301 0 "-" "Mozilla/5.0 AppleWebKit/537.36 (KHTML, like Gecko; compatible; GPTBot/1.2; +https://openai.com/gptbot)"
20.171.207.254 - - [12/Jun/2025:08:39:58 -0400] "GET /shopping/1832419530.phtml HTTP/1.1" 301 0 "-" "Mozilla/5.0 AppleWebKit/537.36 (KHTML, like Gecko; compatible; GPTBot/1.2; +https://openai.com/gptbot)"
20.171.207.254 - - [12/Jun/2025:08:39:59 -0400] "GET /shopping/1340568852.phtml HTTP/1.1" 301 0 "-" "Mozilla/5.0 AppleWebKit/537.36 (KHTML, like Gecko; compatible; GPTBot/1.2; +https://openai.com/gptbot)"
20.171.207.254 - - [12/Jun/2025:08:40:01 -0400] "GET /shopping/1427386170.phtml HTTP/1.1" 301 0 "-" "Mozilla/5.0 AppleWebKit/537.36 (KHTML, like Gecko; compatible; GPTBot/1.2; +https://openai.com/gptbot)"
20.171.207.254 - - [12/Jun/2025:08:40:02 -0400] "GET /shopping/1340257246.phtml HTTP/1.1" 301 0 "-" "Mozilla/5.0 AppleWebKit/537.36 (KHTML, like Gecko; compatible; GPTBot/1.2; +https://openai.com/gptbot)"
20.171.207.254 - - [12/Jun/2025:08:40:04 -0400] "GET /shopping/1426989578.phtml HTTP/1.1" 301 0 "-" "Mozilla/5.0 AppleWebKit/537.36 (KHTML, like Gecko; compatible; GPTBot/1.2; +https://openai.com/gptbot)"
20.171.207.254 - - [12/Jun/2025:08:40:04 -0400] "GET /shopping/2026387140.phtml HTTP/1.1" 301 0 "-" "Mozilla/5.0 AppleWebKit/537.36 (KHTML, like Gecko; compatible; GPTBot/1.2; +https://openai.com/gptbot)"
20.171.207.254 - - [12/Jun/2025:08:40:06 -0400] "GET /shopping/2180470966.phtml HTTP/1.1" 301 0 "-" "Mozilla/5.0 AppleWebKit/537.36 (KHTML, like Gecko; compatible; GPTBot/1.2; +https://openai.com/gptbot)"
20.171.207.254 - - [12/Jun/2025:08:40:07 -0400] "GET /shopping/1702534842.phtml HTTP/1.1" 301 0 "-" "Mozilla/5.0 AppleWebKit/537.36 (KHTML, like Gecko; compatible; GPTBot/1.2; +https://openai.com/gptbot)"
20.171.207.254 - - [12/Jun/2025:08:40:09 -0400] "GET /shopping/2360593476.phtml HTTP/1.1" 301 0 "-" "Mozilla/5.0 AppleWebKit/537.36 (KHTML, like Gecko; compatible; GPTBot/1.2; +https://openai.com/gptbot)"
20.171.207.254 - - [12/Jun/2025:08:40:10 -0400] "GET /shopping/2360994508.phtml HTTP/1.1" 301 0 "-" "Mozilla/5.0 AppleWebKit/537.36 (KHTML, like Gecko; compatible; GPTBot/1.2; +https://openai.com/gptbot)"
20.171.207.254 - - [12/Jun/2025:08:40:11 -0400] "GET /shopping/1340628778.phtml HTTP/1.1" 301 0 "-" "Mozilla/5.0 AppleWebKit/537.36 (KHTML, like Gecko; compatible; GPTBot/1.2; +https://openai.com/gptbot)"
20.171.207.254 - - [12/Jun/2025:08:40:12 -0400] "GET /shopping/2180356584.phtml HTTP/1.1" 301 0 "-" "Mozilla/5.0 AppleWebKit/537.36 (KHTML, like Gecko; compatible; GPTBot/1.2; +https://openai.com/gptbot)"
20.171.207.254 - - [12/Jun/2025:08:40:13 -0400] "GET /shopping/1240791244.phtml HTTP/1.1" 301 0 "-" "Mozilla/5.0 AppleWebKit/537.36 (KHTML, like Gecko; compatible; GPTBot/1.2; +https://openai.com/gptbot)"
162.0.232.193 - - [12/Jun/2025:08:40:16 -0400] "POST /wp-cron.php?doing_wp_cron=1749732015.6306700706481933593750 HTTP/1.1" 200 0 "-" "WordPress/6.7.2; https://w4.junglejuicewebtoon.com"
20.171.207.254 - - [12/Jun/2025:08:40:15 -0400] "GET /shopping/1240562240.phtml HTTP/1.1" 301 0 "-" "Mozilla/5.0 AppleWebKit/537.36 (KHTML, like Gecko; compatible; GPTBot/1.2; +https://openai.com/gptbot)"
20.171.207.254 - - [12/Jun/2025:08:40:16 -0400] "GET /shopping/2026938938.phtml HTTP/1.1" 301 0 "-" "Mozilla/5.0 AppleWebKit/537.36 (KHTML, like Gecko; compatible; GPTBot/1.2; +https://openai.com/gptbot)"
162.0.232.193 - - [12/Jun/2025:08:40:17 -0400] "POST /wp-admin/admin-ajax.php?action=async_litespeed&nonce=z0jF3RA4BWvVcuoUQMKvePd123XiiNyl&litespeed_type=imgoptm HTTP/1.1" 200 0 "-" "WordPress/6.7.2; https://w4.junglejuicewebtoon.com"
20.171.207.254 - - [12/Jun/2025:08:40:17 -0400] "GET /shopping/1851856078.phtml HTTP/1.1" 301 0 "-" "Mozilla/5.0 AppleWebKit/537.36 (KHTML, like Gecko; compatible; GPTBot/1.2; +https://openai.com/gptbot)"
20.171.207.254 - - [12/Jun/2025:08:40:19 -0400] "GET /shopping/1852038524.phtml HTTP/1.1" 301 0 "-" "Mozilla/5.0 AppleWebKit/537.36 (KHTML, like Gecko; compatible; GPTBot/1.2; +https://openai.com/gptbot)"
20.171.207.254 - - [12/Jun/2025:08:40:20 -0400] "GET /shopping/2180505038.phtml HTTP/1.1" 301 0 "-" "Mozilla/5.0 AppleWebKit/537.36 (KHTML, like Gecko; compatible; GPTBot/1.2; +https://openai.com/gptbot)"
20.171.207.254 - - [12/Jun/2025:08:40:21 -0400] "GET /shopping/2360543608.phtml HTTP/1.1" 301 0 "-" "Mozilla/5.0 AppleWebKit/537.36 (KHTML, like Gecko; compatible; GPTBot/1.2; +https://openai.com/gptbot)"
20.171.207.254 - - [12/Jun/2025:08:40:22 -0400] "GET /shopping/1703267034.phtml HTTP/1.1" 301 0 "-" "Mozilla/5.0 AppleWebKit/537.36 (KHTML, like Gecko; compatible; GPTBot/1.2; +https://openai.com/gptbot)"
20.171.207.254 - - [12/Jun/2025:08:40:23 -0400] "GET /shopping/1703030216.phtml HTTP/1.1" 301 0 "-" "Mozilla/5.0 AppleWebKit/537.36 (KHTML, like Gecko; compatible; GPTBot/1.2; +https://openai.com/gptbot)"
20.171.207.254 - - [12/Jun/2025:08:40:25 -0400] "GET /shopping/1340725252.phtml HTTP/1.1" 301 0 "-" "Mozilla/5.0 AppleWebKit/537.36 (KHTML, like Gecko; compatible; GPTBot/1.2; +https://openai.com/gptbot)"
20.171.207.254 - - [12/Jun/2025:08:40:26 -0400] "GET /shopping/2180490180.phtml HTTP/1.1" 301 0 "-" "Mozilla/5.0 AppleWebKit/537.36 (KHTML, like Gecko; compatible; GPTBot/1.2; +https://openai.com/gptbot)"
162.0.232.193 - - [12/Jun/2025:08:40:28 -0400] "POST /wp-cron.php?doing_wp_cron=1749732027.8307459354400634765625 HTTP/1.1" 200 0 "-" "WordPress/6.7.2; https://w4.junglejuicewebtoon.com"
20.171.207.254 - - [12/Jun/2025:08:40:27 -0400] "GET /shopping/1240257402.phtml HTTP/1.1" 301 0 "-" "Mozilla/5.0 AppleWebKit/537.36 (KHTML, like Gecko; compatible; GPTBot/1.2; +https://openai.com/gptbot)"
20.171.207.254 - - [12/Jun/2025:08:40:28 -0400] "GET /shopping/1240093124.phtml HTTP/1.1" 301 0 "-" "Mozilla/5.0 AppleWebKit/537.36 (KHTML, like Gecko; compatible; GPTBot/1.2; +https://openai.com/gptbot)"
20.171.207.254 - - [12/Jun/2025:08:40:29 -0400] "GET /shopping/1340513494.phtml HTTP/1.1" 301 0 "-" "Mozilla/5.0 AppleWebKit/537.36 (KHTML, like Gecko; compatible; GPTBot/1.2; +https://openai.com/gptbot)"
20.171.207.254 - - [12/Jun/2025:08:40:31 -0400] "GET /shopping/1832323056.phtml HTTP/1.1" 301 0 "-" "Mozilla/5.0 AppleWebKit/537.36 (KHTML, like Gecko; compatible; GPTBot/1.2; +https://openai.com/gptbot)"
20.171.207.254 - - [12/Jun/2025:08:40:32 -0400] "GET /shopping/1852052040.phtml HTTP/1.1" 301 0 "-" "Mozilla/5.0 AppleWebKit/537.36 (KHTML, like Gecko; compatible; GPTBot/1.2; +https://openai.com/gptbot)"
20.171.207.254 - - [12/Jun/2025:08:40:33 -0400] "GET /shopping/1702527028.phtml HTTP/1.1" 301 0 "-" "Mozilla/5.0 AppleWebKit/537.36 (KHTML, like Gecko; compatible; GPTBot/1.2; +https://openai.com/gptbot)"
20.171.207.254 - - [12/Jun/2025:08:40:34 -0400] "GET /shopping/1240404726.phtml HTTP/1.1" 301 0 "-" "Mozilla/5.0 AppleWebKit/537.36 (KHTML, like Gecko; compatible; GPTBot/1.2; +https://openai.com/gptbot)"
20.171.207.254 - - [12/Jun/2025:08:40:35 -0400] "GET /shopping/2360457360.phtml HTTP/1.1" 301 0 "-" "Mozilla/5.0 AppleWebKit/537.36 (KHTML, like Gecko; compatible; GPTBot/1.2; +https://openai.com/gptbot)"
20.171.207.254 - - [12/Jun/2025:08:40:37 -0400] "GET /shopping/1240314038.phtml HTTP/1.1" 301 0 "-" "Mozilla/5.0 AppleWebKit/537.36 (KHTML, like Gecko; compatible; GPTBot/1.2; +https://openai.com/gptbot)"
20.171.207.254 - - [12/Jun/2025:08:40:38 -0400] "GET /shopping/2361236900.phtml HTTP/1.1" 301 0 "-" "Mozilla/5.0 AppleWebKit/537.36 (KHTML, like Gecko; compatible; GPTBot/1.2; +https://openai.com/gptbot)"
20.171.207.254 - - [12/Jun/2025:08:40:39 -0400] "GET /shopping/1240705124.phtml HTTP/1.1" 301 0 "-" "Mozilla/5.0 AppleWebKit/537.36 (KHTML, like Gecko; compatible; GPTBot/1.2; +https://openai.com/gptbot)"
20.171.207.254 - - [12/Jun/2025:08:40:40 -0400] "GET /shopping/2361123648.phtml HTTP/1.1" 301 0 "-" "Mozilla/5.0 AppleWebKit/537.36 (KHTML, like Gecko; compatible; GPTBot/1.2; +https://openai.com/gptbot)"
20.171.207.254 - - [12/Jun/2025:08:40:41 -0400] "GET /shopping/1340013468.phtml HTTP/1.1" 301 0 "-" "Mozilla/5.0 AppleWebKit/537.36 (KHTML, like Gecko; compatible; GPTBot/1.2; +https://openai.com/gptbot)"
162.0.232.193 - - [12/Jun/2025:08:40:43 -0400] "POST /wp-cron.php?doing_wp_cron=1749732043.4475018978118896484375 HTTP/1.1" 200 0 "-" "WordPress/6.7.2; https://w4.junglejuicewebtoon.com"
20.171.207.254 - - [12/Jun/2025:08:40:42 -0400] "GET /shopping/1851859452.phtml HTTP/1.1" 301 0 "-" "Mozilla/5.0 AppleWebKit/537.36 (KHTML, like Gecko; compatible; GPTBot/1.2; +https://openai.com/gptbot)"
162.0.232.193 - - [12/Jun/2025:08:40:43 -0400] "POST /wp-admin/admin-ajax.php?action=async_litespeed&nonce=PLQzOUUsXTLa8oWNm6a0hWx7d4vLFCC4&litespeed_type=imgoptm HTTP/1.1" 200 5 "-" "WordPress/6.7.2; https://w4.junglejuicewebtoon.com"
20.171.207.254 - - [12/Jun/2025:08:40:44 -0400] "GET /shopping/1427373704.phtml HTTP/1.1" 301 0 "-" "Mozilla/5.0 AppleWebKit/537.36 (KHTML, like Gecko; compatible; GPTBot/1.2; +https://openai.com/gptbot)"
20.171.207.254 - - [12/Jun/2025:08:40:45 -0400] "GET /shopping/1240124872.phtml HTTP/1.1" 301 0 "-" "Mozilla/5.0 AppleWebKit/537.36 (KHTML, like Gecko; compatible; GPTBot/1.2; +https://openai.com/gptbot)"
20.171.207.254 - - [12/Jun/2025:08:40:46 -0400] "GET /shopping/1340247024.phtml HTTP/1.1" 301 0 "-" "Mozilla/5.0 AppleWebKit/537.36 (KHTML, like Gecko; compatible; GPTBot/1.2; +https://openai.com/gptbot)"
20.171.207.254 - - [12/Jun/2025:08:40:47 -0400] "GET /shopping/1240812462.phtml HTTP/1.1" 301 0 "-" "Mozilla/5.0 AppleWebKit/537.36 (KHTML, like Gecko; compatible; GPTBot/1.2; +https://openai.com/gptbot)"
43.153.54.138 - - [12/Jun/2025:08:40:48 -0400] "GET /manga1/jungle-juice-chapter-105/feed/ HTTP/1.1" 200 422 "-" "Mozilla/5.0 (iPhone; CPU iPhone OS 13_2_3 like Mac OS X) AppleWebKit/605.1.15 (KHTML, like Gecko) Version/13.0.3 Mobile/15E148 Safari/604.1"
20.171.207.254 - - [12/Jun/2025:08:40:48 -0400] "GET /shopping/1851857064.phtml HTTP/1.1" 301 0 "-" "Mozilla/5.0 AppleWebKit/537.36 (KHTML, like Gecko; compatible; GPTBot/1.2; +https://openai.com/gptbot)"
20.171.207.254 - - [12/Jun/2025:08:40:49 -0400] "GET /shopping/2360924360.phtml HTTP/1.1" 301 0 "-" "Mozilla/5.0 AppleWebKit/537.36 (KHTML, like Gecko; compatible; GPTBot/1.2; +https://openai.com/gptbot)"
20.171.207.254 - - [12/Jun/2025:08:40:51 -0400] "GET /shopping/2180635180.phtml HTTP/1.1" 301 0 "-" "Mozilla/5.0 AppleWebKit/537.36 (KHTML, like Gecko; compatible; GPTBot/1.2; +https://openai.com/gptbot)"
20.171.207.254 - - [12/Jun/2025:08:40:52 -0400] "GET /shopping/1852218534.phtml HTTP/1.1" 301 0 "-" "Mozilla/5.0 AppleWebKit/537.36 (KHTML, like Gecko; compatible; GPTBot/1.2; +https://openai.com/gptbot)"
20.171.207.254 - - [12/Jun/2025:08:40:53 -0400] "GET /shopping/1427454270.phtml HTTP/1.1" 301 0 "-" "Mozilla/5.0 AppleWebKit/537.36 (KHTML, like Gecko; compatible; GPTBot/1.2; +https://openai.com/gptbot)"
20.171.207.254 - - [12/Jun/2025:08:40:54 -0400] "GET /shopping/1427142668.phtml HTTP/1.1" 301 0 "-" "Mozilla/5.0 AppleWebKit/537.36 (KHTML, like Gecko; compatible; GPTBot/1.2; +https://openai.com/gptbot)"
20.171.207.254 - - [12/Jun/2025:08:40:55 -0400] "GET /shopping/2026485858.phtml HTTP/1.1" 301 0 "-" "Mozilla/5.0 AppleWebKit/537.36 (KHTML, like Gecko; compatible; GPTBot/1.2; +https://openai.com/gptbot)"
20.171.207.254 - - [12/Jun/2025:08:40:57 -0400] "GET /shopping/1240774078.phtml HTTP/1.1" 301 0 "-" "Mozilla/5.0 AppleWebKit/537.36 (KHTML, like Gecko; compatible; GPTBot/1.2; +https://openai.com/gptbot)"
20.171.207.254 - - [12/Jun/2025:08:40:58 -0400] "GET /shopping/1240353536.phtml HTTP/1.1" 301 0 "-" "Mozilla/5.0 AppleWebKit/537.36 (KHTML, like Gecko; compatible; GPTBot/1.2; +https://openai.com/gptbot)"
20.171.207.254 - - [12/Jun/2025:08:40:59 -0400] "GET /shopping/1427069142.phtml HTTP/1.1" 301 0 "-" "Mozilla/5.0 AppleWebKit/537.36 (KHTML, like Gecko; compatible; GPTBot/1.2; +https://openai.com/gptbot)"
20.171.207.254 - - [12/Jun/2025:08:41:00 -0400] "GET /shopping/1851751790.phtml HTTP/1.1" 301 0 "-" "Mozilla/5.0 AppleWebKit/537.36 (KHTML, like Gecko; compatible; GPTBot/1.2; +https://openai.com/gptbot)"
20.171.207.254 - - [12/Jun/2025:08:41:01 -0400] "GET /shopping/1831983164.phtml HTTP/1.1" 301 0 "-" "Mozilla/5.0 AppleWebKit/537.36 (KHTML, like Gecko; compatible; GPTBot/1.2; +https://openai.com/gptbot)"
20.171.207.254 - - [12/Jun/2025:08:41:02 -0400] "GET /shopping/1703270344.phtml HTTP/1.1" 301 0 "-" "Mozilla/5.0 AppleWebKit/537.36 (KHTML, like Gecko; compatible; GPTBot/1.2; +https://openai.com/gptbot)"
20.171.207.254 - - [12/Jun/2025:08:41:03 -0400] "GET /shopping/1340707084.phtml HTTP/1.1" 301 0 "-" "Mozilla/5.0 AppleWebKit/537.36 (KHTML, like Gecko; compatible; GPTBot/1.2; +https://openai.com/gptbot)"
20.171.207.254 - - [12/Jun/2025:08:41:05 -0400] "GET /shopping/1851632516.phtml HTTP/1.1" 301 0 "-" "Mozilla/5.0 AppleWebKit/537.36 (KHTML, like Gecko; compatible; GPTBot/1.2; +https://openai.com/gptbot)"
20.171.207.254 - - [12/Jun/2025:08:41:06 -0400] "GET /shopping/2360542366.phtml HTTP/1.1" 301 0 "-" "Mozilla/5.0 AppleWebKit/537.36 (KHTML, like Gecko; compatible; GPTBot/1.2; +https://openai.com/gptbot)"
20.171.207.254 - - [12/Jun/2025:08:41:07 -0400] "GET /shopping/1832409324.phtml HTTP/1.1" 301 0 "-" "Mozilla/5.0 AppleWebKit/537.36 (KHTML, like Gecko; compatible; GPTBot/1.2; +https://openai.com/gptbot)"
20.171.207.254 - - [12/Jun/2025:08:41:08 -0400] "GET /shopping/2360723618.phtml HTTP/1.1" 301 0 "-" "Mozilla/5.0 AppleWebKit/537.36 (KHTML, like Gecko; compatible; GPTBot/1.2; +https://openai.com/gptbot)"
20.171.207.254 - - [12/Jun/2025:08:41:09 -0400] "GET /shopping/1427142648.phtml HTTP/1.1" 301 0 "-" "Mozilla/5.0 AppleWebKit/537.36 (KHTML, like Gecko; compatible; GPTBot/1.2; +https://openai.com/gptbot)"
20.171.207.254 - - [12/Jun/2025:08:41:11 -0400] "GET /shopping/1832323076.phtml HTTP/1.1" 301 0 "-" "Mozilla/5.0 AppleWebKit/537.36 (KHTML, like Gecko; compatible; GPTBot/1.2; +https://openai.com/gptbot)"
20.171.207.254 - - [12/Jun/2025:08:41:12 -0400] "GET /shopping/1832436436.phtml HTTP/1.1" 301 0 "-" "Mozilla/5.0 AppleWebKit/537.36 (KHTML, like Gecko; compatible; GPTBot/1.2; +https://openai.com/gptbot)"
162.0.232.193 - - [12/Jun/2025:08:41:14 -0400] "POST /wp-cron.php?doing_wp_cron=1749732074.1985850334167480468750 HTTP/1.1" 200 0 "-" "WordPress/6.7.2; https://w4.junglejuicewebtoon.com"
20.171.207.254 - - [12/Jun/2025:08:41:13 -0400] "GET /shopping/1240621248.phtml HTTP/1.1" 301 0 "-" "Mozilla/5.0 AppleWebKit/537.36 (KHTML, like Gecko; compatible; GPTBot/1.2; +https://openai.com/gptbot)"
20.171.207.254 - - [12/Jun/2025:08:41:14 -0400] "GET /shopping/2180267026.phtml HTTP/1.1" 301 0 "-" "Mozilla/5.0 AppleWebKit/537.36 (KHTML, like Gecko; compatible; GPTBot/1.2; +https://openai.com/gptbot)"
20.171.207.254 - - [12/Jun/2025:08:41:16 -0400] "GET /shopping/1240254028.phtml HTTP/1.1" 301 0 "-" "Mozilla/5.0 AppleWebKit/537.36 (KHTML, like Gecko; compatible; GPTBot/1.2; +https://openai.com/gptbot)"
162.0.232.193 - - [12/Jun/2025:08:41:16 -0400] "GET /wp-content/uploads/36f5b53d6c6d3d6b1e9dd0027baac2ed_1435.xml HTTP/1.1" 200 1150 "-" "Mozilla/5.0 (X11; Linux x86_64) AppleWebKit/537.36 (KHTML, like Gecko) Ubuntu Chromium/41.0.2272.76"
20.171.207.254 - - [12/Jun/2025:08:41:17 -0400] "GET /shopping/2180511806.phtml HTTP/1.1" 301 0 "-" "Mozilla/5.0 AppleWebKit/537.36 (KHTML, like Gecko; compatible; GPTBot/1.2; +https://openai.com/gptbot)"
20.171.207.254 - - [12/Jun/2025:08:41:18 -0400] "GET /shopping/2360541236.phtml HTTP/1.1" 301 0 "-" "Mozilla/5.0 AppleWebKit/537.36 (KHTML, like Gecko; compatible; GPTBot/1.2; +https://openai.com/gptbot)"
20.171.207.254 - - [12/Jun/2025:08:41:19 -0400] "GET /shopping/2360833604.phtml HTTP/1.1" 301 0 "-" "Mozilla/5.0 AppleWebKit/537.36 (KHTML, like Gecko; compatible; GPTBot/1.2; +https://openai.com/gptbot)"
20.171.207.254 - - [12/Jun/2025:08:41:20 -0400] "GET /shopping/1240238124.phtml HTTP/1.1" 301 0 "-" "Mozilla/5.0 AppleWebKit/537.36 (KHTML, like Gecko; compatible; GPTBot/1.2; +https://openai.com/gptbot)"
20.171.207.254 - - [12/Jun/2025:08:41:21 -0400] "GET /shopping/2361249494.phtml HTTP/1.1" 301 0 "-" "Mozilla/5.0 AppleWebKit/537.36 (KHTML, like Gecko; compatible; GPTBot/1.2; +https://openai.com/gptbot)"
20.171.207.254 - - [12/Jun/2025:08:41:23 -0400] "GET /shopping/1702929254.phtml HTTP/1.1" 301 0 "-" "Mozilla/5.0 AppleWebKit/537.36 (KHTML, like Gecko; compatible; GPTBot/1.2; +https://openai.com/gptbot)"
20.171.207.254 - - [12/Jun/2025:08:41:24 -0400] "GET /shopping/1832503258.phtml HTTP/1.1" 301 0 "-" "Mozilla/5.0 AppleWebKit/537.36 (KHTML, like Gecko; compatible; GPTBot/1.2; +https://openai.com/gptbot)"
20.171.207.254 - - [12/Jun/2025:08:41:25 -0400] "GET /shopping/2026719026.phtml HTTP/1.1" 301 0 "-" "Mozilla/5.0 AppleWebKit/537.36 (KHTML, like Gecko; compatible; GPTBot/1.2; +https://openai.com/gptbot)"
20.171.207.254 - - [12/Jun/2025:08:41:26 -0400] "GET /shopping/2026714714.phtml HTTP/1.1" 301 0 "-" "Mozilla/5.0 AppleWebKit/537.36 (KHTML, like Gecko; compatible; GPTBot/1.2; +https://openai.com/gptbot)"
20.171.207.254 - - [12/Jun/2025:08:41:28 -0400] "GET /shopping/2180627218.phtml HTTP/1.1" 301 0 "-" "Mozilla/5.0 AppleWebKit/537.36 (KHTML, like Gecko; compatible; GPTBot/1.2; +https://openai.com/gptbot)"
20.171.207.254 - - [12/Jun/2025:08:41:29 -0400] "GET /shopping/1240095240.phtml HTTP/1.1" 301 0 "-" "Mozilla/5.0 AppleWebKit/537.36 (KHTML, like Gecko; compatible; GPTBot/1.2; +https://openai.com/gptbot)"
20.171.207.254 - - [12/Jun/2025:08:41:31 -0400] "GET /shopping/2180218352.phtml HTTP/1.1" 301 0 "-" "Mozilla/5.0 AppleWebKit/537.36 (KHTML, like Gecko; compatible; GPTBot/1.2; +https://openai.com/gptbot)"
20.171.207.254 - - [12/Jun/2025:08:41:33 -0400] "GET /shopping/1340134794.phtml HTTP/1.1" 301 0 "-" "Mozilla/5.0 AppleWebKit/537.36 (KHTML, like Gecko; compatible; GPTBot/1.2; +https://openai.com/gptbot)"
20.171.207.254 - - [12/Jun/2025:08:41:35 -0400] "GET /shopping/1340071346.phtml HTTP/1.1" 301 0 "-" "Mozilla/5.0 AppleWebKit/537.36 (KHTML, like Gecko; compatible; GPTBot/1.2; +https://openai.com/gptbot)"
20.171.207.254 - - [12/Jun/2025:08:41:36 -0400] "GET /shopping/1703170580.phtml HTTP/1.1" 301 0 "-" "Mozilla/5.0 AppleWebKit/537.36 (KHTML, like Gecko; compatible; GPTBot/1.2; +https://openai.com/gptbot)"
20.171.207.254 - - [12/Jun/2025:08:41:38 -0400] "GET /shopping/1427567566.phtml HTTP/1.1" 301 0 "-" "Mozilla/5.0 AppleWebKit/537.36 (KHTML, like Gecko; compatible; GPTBot/1.2; +https://openai.com/gptbot)"
20.171.207.254 - - [12/Jun/2025:08:41:39 -0400] "GET /shopping/1240240496.phtml HTTP/1.1" 301 0 "-" "Mozilla/5.0 AppleWebKit/537.36 (KHTML, like Gecko; compatible; GPTBot/1.2; +https://openai.com/gptbot)"
20.171.207.254 - - [12/Jun/2025:08:41:40 -0400] "GET /shopping/1340385340.phtml HTTP/1.1" 301 0 "-" "Mozilla/5.0 AppleWebKit/537.36 (KHTML, like Gecko; compatible; GPTBot/1.2; +https://openai.com/gptbot)"
20.171.207.254 - - [12/Jun/2025:08:41:41 -0400] "GET /shopping/2180718054.phtml HTTP/1.1" 301 0 "-" "Mozilla/5.0 AppleWebKit/537.36 (KHTML, like Gecko; compatible; GPTBot/1.2; +https://openai.com/gptbot)"
20.171.207.254 - - [12/Jun/2025:08:41:42 -0400] "GET /shopping/2361008236.phtml HTTP/1.1" 301 0 "-" "Mozilla/5.0 AppleWebKit/537.36 (KHTML, like Gecko; compatible; GPTBot/1.2; +https://openai.com/gptbot)"
20.171.207.254 - - [12/Jun/2025:08:41:44 -0400] "GET /shopping/1240526052.phtml HTTP/1.1" 301 0 "-" "Mozilla/5.0 AppleWebKit/537.36 (KHTML, like Gecko; compatible; GPTBot/1.2; +https://openai.com/gptbot)"
20.171.207.254 - - [12/Jun/2025:08:41:45 -0400] "GET /shopping/1832508832.phtml HTTP/1.1" 301 0 "-" "Mozilla/5.0 AppleWebKit/537.36 (KHTML, like Gecko; compatible; GPTBot/1.2; +https://openai.com/gptbot)"
20.171.207.254 - - [12/Jun/2025:08:41:47 -0400] "GET /shopping/2026651202.phtml HTTP/1.1" 301 0 "-" "Mozilla/5.0 AppleWebKit/537.36 (KHTML, like Gecko; compatible; GPTBot/1.2; +https://openai.com/gptbot)"
20.171.207.254 - - [12/Jun/2025:08:41:50 -0400] "GET /shopping/2026448264.phtml HTTP/1.1" 301 0 "-" "Mozilla/5.0 AppleWebKit/537.36 (KHTML, like Gecko; compatible; GPTBot/1.2; +https://openai.com/gptbot)"
