Current File : //home/honehdyv/access-logs/w2.yours-toclaim.com-ssl_log |
207.46.13.102 - - [12/Jun/2025:08:32:00 -0400] "GET /yours-to-claim/yours-to-claim-chapter-15-2/ HTTP/1.1" 200 43930 "-" "Mozilla/5.0 AppleWebKit/537.36 (KHTML, like Gecko; compatible; bingbot/2.0; +http://www.bing.com/bingbot.htm) Chrome/116.0.1938.76 Safari/537.36"
43.153.96.79 - - [12/Jun/2025:08:56:19 -0400] "GET / HTTP/1.1" 200 0 "http://w2.yours-toclaim.com" "Mozilla/5.0 (iPhone; CPU iPhone OS 13_2_3 like Mac OS X) AppleWebKit/605.1.15 (KHTML, like Gecko) Version/13.0.3 Mobile/15E148 Safari/604.1"
194.87.252.147 - - [12/Jun/2025:09:06:38 -0400] "GET / HTTP/1.1" 200 0 "-" "Mozilla/5.0 (Macintosh; Intel Mac OS X 10_10_3) AppleWebKit/537.36 (KHTML, like Gecko) Chrome/54.0.2852.50 Safari/537.36"
194.87.252.147 - - [12/Jun/2025:09:06:39 -0400] "POST /wp-content/plugins/wp-automatic/inc/csv.php HTTP/1.1" 403 1242 "https://w2.yours-toclaim.com/" "Mozilla/5.0 (Macintosh; Intel Mac OS X 10_10_3) AppleWebKit/537.36 (KHTML, like Gecko) Chrome/54.0.2852.50 Safari/537.36"
194.87.252.147 - - [12/Jun/2025:09:06:41 -0400] "POST /wp-content/plugins/wp-automatic/inc/csv.php HTTP/1.1" 403 1242 "https://w2.yours-toclaim.com/wp-content/plugins/wp-automatic/inc/csv.php" "Mozilla/5.0 (Macintosh; Intel Mac OS X 10_10_3) AppleWebKit/537.36 (KHTML, like Gecko) Chrome/54.0.2852.50 Safari/537.36"
194.87.252.147 - - [12/Jun/2025:09:06:42 -0400] "POST /wp-content/plugins/wp-automatic/inc/csv.php HTTP/1.1" 403 1242 "https://w2.yours-toclaim.com/wp-content/plugins/wp-automatic/inc/csv.php" "Mozilla/5.0 (Macintosh; Intel Mac OS X 10_10_3) AppleWebKit/537.36 (KHTML, like Gecko) Chrome/54.0.2852.50 Safari/537.36"
194.87.252.147 - - [12/Jun/2025:09:06:43 -0400] "POST /wp-content/plugins/wp-automatic/inc/csv.php HTTP/1.1" 403 1242 "https://w2.yours-toclaim.com/wp-content/plugins/wp-automatic/inc/csv.php" "Mozilla/5.0 (Macintosh; Intel Mac OS X 10_10_3) AppleWebKit/537.36 (KHTML, like Gecko) Chrome/54.0.2852.50 Safari/537.36"
194.87.252.147 - - [12/Jun/2025:09:06:43 -0400] "POST /wp-content/plugins/wp-automatic/inc/csv.php HTTP/1.1" 403 1242 "https://w2.yours-toclaim.com/wp-content/plugins/wp-automatic/inc/csv.php" "Mozilla/5.0 (Macintosh; Intel Mac OS X 10_10_3) AppleWebKit/537.36 (KHTML, like Gecko) Chrome/54.0.2852.50 Safari/537.36"
194.87.252.147 - - [12/Jun/2025:09:06:44 -0400] "POST /wp-content/plugins/wp-automatic/inc/csv.phpaf257b8f68be.php HTTP/1.1" 403 1242 "https://w2.yours-toclaim.com/wp-content/plugins/wp-automatic/inc/csv.php" "Mozilla/5.0 (Macintosh; Intel Mac OS X 10_10_3) AppleWebKit/537.36 (KHTML, like Gecko) Chrome/54.0.2852.50 Safari/537.36"
194.87.252.147 - - [12/Jun/2025:09:06:45 -0400] "POST /wp-content/plugins/wp-automatic/inc/csv.phpaf257b8f68be.php HTTP/1.1" 200 0 "https://w2.yours-toclaim.com/wp-content/plugins/wp-automatic/inc/csv.phpaf257b8f68be.php" "Mozilla/5.0 (Macintosh; Intel Mac OS X 10_10_3) AppleWebKit/537.36 (KHTML, like Gecko) Chrome/54.0.2852.50 Safari/537.36"
194.87.252.147 - - [12/Jun/2025:09:06:46 -0400] "POST /wp-content/plugins/wp-automatic/inc/csv.phpaf257b8f68be.php HTTP/1.1" 200 0 "https://w2.yours-toclaim.com/wp-content/plugins/wp-automatic/inc/csv.phpaf257b8f68be.php" "Mozilla/5.0 (Macintosh; Intel Mac OS X 10_10_3) AppleWebKit/537.36 (KHTML, like Gecko) Chrome/54.0.2852.50 Safari/537.36"
194.87.252.147 - - [12/Jun/2025:09:06:47 -0400] "POST /wp-content/plugins/wp-automatic/inc/csv.phpaf257b8f68be.php HTTP/1.1" 200 0 "https://w2.yours-toclaim.com/wp-content/plugins/wp-automatic/inc/csv.phpaf257b8f68be.php" "Mozilla/5.0 (Macintosh; Intel Mac OS X 10_10_3) AppleWebKit/537.36 (KHTML, like Gecko) Chrome/54.0.2852.50 Safari/537.36"
194.87.252.147 - - [12/Jun/2025:09:06:49 -0400] "POST /wp-content/plugins/wp-automatic/inc/csv.phpaf257b8f68be.php HTTP/1.1" 200 0 "https://w2.yours-toclaim.com/wp-content/plugins/wp-automatic/inc/csv.phpaf257b8f68be.php" "Mozilla/5.0 (Macintosh; Intel Mac OS X 10_10_3) AppleWebKit/537.36 (KHTML, like Gecko) Chrome/54.0.2852.50 Safari/537.36"
194.87.252.147 - - [12/Jun/2025:09:06:50 -0400] "GET /wp-login.php HTTP/1.1" 500 0 "https://w2.yours-toclaim.com/wp-content/plugins/wp-automatic/inc/csv.phpaf257b8f68be.php" "Mozilla/5.0 (Macintosh; Intel Mac OS X 10_10_3) AppleWebKit/537.36 (KHTML, like Gecko) Chrome/54.0.2852.50 Safari/537.36"
2a03:2880:f800:1d:: - - [12/Jun/2025:09:09:53 -0400] "GET /wp-load.php HTTP/1.1" 403 1242 "-" "meta-externalagent/1.1 (+https://developers.facebook.com/docs/sharing/webmasters/crawler)"
157.55.39.200 - - [12/Jun/2025:09:11:50 -0400] "GET /wp-json/wp/v2/posts/1853 HTTP/1.1" 200 42737 "-" "Mozilla/5.0 AppleWebKit/537.36 (KHTML, like Gecko; compatible; bingbot/2.0; +http://www.bing.com/bingbot.htm) Chrome/116.0.1938.76 Safari/537.36"
66.249.65.73 - - [12/Jun/2025:09:28:39 -0400] "GET /?y=37810142740000&channel=94969a&from=category-info.php%3Fid%3D1427400-21187%26name%3D%E3%83%8D%E3%83%88%E3%83%AD%E3%83%B3%E3%82%B7%E3%83%BC%E3%83%88+%E3%83%8D%E3%83%88%E3%83%AD%E3%83%B3%E3%83%8D%E3%83%83%E3%83%88+CLV-D-6-910+%E9%BB%92+%E5%A4%A7%E3%81%8D%E3%81%95%EF%BC%9A%E5%B9%85910mm%C3%97%E9%95%B7%E3%81%9530m+%E4%B8%80%E5%B7%BB%E3%81%8D HTTP/1.1" 200 56939 "-" "Mozilla/5.0 (Linux; Android 6.0.1; Nexus 5X Build/MMB29P) AppleWebKit/537.36 (KHTML, like Gecko) Chrome/136.0.7103.113 Mobile Safari/537.36 (compatible; Googlebot/2.1; +http://www.google.com/bot.html)"
40.77.167.65 - - [12/Jun/2025:09:51:46 -0400] "GET /tag/chapters/page/12/ HTTP/1.1" 200 43721 "-" "Mozilla/5.0 AppleWebKit/537.36 (KHTML, like Gecko; compatible; bingbot/2.0; +http://www.bing.com/bingbot.htm) Chrome/116.0.1938.76 Safari/537.36"
4.227.36.107 - - [12/Jun/2025:10:14:38 -0400] "GET /robots.txt HTTP/1.1" 200 77 "-" "Mozilla/5.0 AppleWebKit/537.36 (KHTML, like Gecko; compatible; GPTBot/1.2; +https://openai.com/gptbot)"
20.171.207.107 - - [12/Jun/2025:10:14:39 -0400] "GET /sitemap.xml HTTP/1.1" 200 108627 "-" "Mozilla/5.0 AppleWebKit/537.36 (KHTML, like Gecko; compatible; GPTBot/1.2; +https://openai.com/gptbot)"
52.167.144.136 - - [12/Jun/2025:10:32:41 -0400] "GET /yours-to-claim/yours-to-claim-chapter-97/feed/ HTTP/1.1" 200 43598 "-" "Mozilla/5.0 AppleWebKit/537.36 (KHTML, like Gecko; compatible; bingbot/2.0; +http://www.bing.com/bingbot.htm) Chrome/116.0.1938.76 Safari/537.36"
66.249.65.73 - - [12/Jun/2025:10:39:46 -0400] "GET /yours-to-claim/yours-to-claim-chapter-1/ HTTP/1.1" 200 57281 "-" "Mozilla/5.0 (Linux; Android 6.0.1; Nexus 5X Build/MMB29P) AppleWebKit/537.36 (KHTML, like Gecko) Chrome/136.0.7103.113 Mobile Safari/537.36 (compatible; Googlebot/2.1; +http://www.google.com/bot.html)"
66.249.65.74 - - [12/Jun/2025:11:12:08 -0400] "GET /yours-to-claim/yours-to-claim-chapter-71/feed/ HTTP/1.1" 200 57258 "-" "Mozilla/5.0 (Linux; Android 6.0.1; Nexus 5X Build/MMB29P) AppleWebKit/537.36 (KHTML, like Gecko) Chrome/136.0.7103.113 Mobile Safari/537.36 (compatible; Googlebot/2.1; +http://www.google.com/bot.html)"
66.249.65.74 - - [12/Jun/2025:11:32:43 -0400] "GET /?y=0063458530&channel=38dde5&from=blog.php%3Fid%3D5853-24%26name%3D%E5%B2%A9%E7%94%B0%E8%A3%BD%E4%BD%9C%E6%89%80++%E3%80%90%E5%80%8B%E4%BA%BA%E5%AE%85%E4%B8%8D%E5%8F%AF%E3%80%91+IWATA+%E3%83%A9%E3%83%90%E3%83%BC%E3%82%B7%E3%83%BC%E3%83%AB+30M+TRS4-2H-L30+%5B806-356856%5D%EF%BC%88%E5%B2%A9%E7%94%B0%E8%A3%BD%E4%BD%9C%E6%89%80+IWATA+%E3%83%A9%E3%83%90%E3%83%BC%E3%82%B7%E3%83%BC%E3%83%AB+125M+TRS3-3H-L125+1%E7%AE%B1%281%E6%9C%AC%29+368-8173%EF%BC%88%E7%9B%B4%E9%80%81%E5%93%81%EF%BC%89+-+%E3%82%A2%E3%82%B9%E3%82%AF%E3%83%AB%EF%BC%89 HTTP/1.1" 200 0 "-" "Mozilla/5.0 (Linux; Android 6.0.1; Nexus 5X Build/MMB29P) AppleWebKit/537.36 (KHTML, like Gecko) Chrome/136.0.7103.113 Mobile Safari/537.36 (compatible; Googlebot/2.1; +http://www.google.com/bot.html)"
66.249.65.72 - - [12/Jun/2025:11:32:51 -0400] "GET /yours-to-claim/yours-to-claim-chapter-29/ HTTP/1.1" 200 56186 "-" "Mozilla/5.0 (Linux; Android 6.0.1; Nexus 5X Build/MMB29P) AppleWebKit/537.36 (KHTML, like Gecko) Chrome/136.0.7103.113 Mobile Safari/537.36 (compatible; Googlebot/2.1; +http://www.google.com/bot.html)"
66.249.65.72 - - [12/Jun/2025:11:35:49 -0400] "GET /?y=2899949580&channel=b51618&from=product.php%3Fid%3D4958-383%26name%3D%E3%82%B7%E3%83%BC%E3%83%88%E4%BB%98%E3%81%8D%E3%82%A6%E3%82%A9%E3%83%BC%E3%82%AD%E3%83%B3%E3%82%B0%E3%82%B9%E3%83%86%E3%82%A3%E3%83%83%E3%82%AF+%E3%82%B7%E3%83%8B%E3%82%A2%E7%94%A8%E6%9D%BE%E8%91%89%E6%9D%96+%E6%A4%85%E5%AD%90+%E5%A4%9A%E6%A9%9F%E8%83%BD+%E6%BB%91%E3%82%8A%E6%AD%A2%E3%82%81+%E6%8A%98%E3%82%8A%E3%81%9F%E3%81%9F%E3%81%BF%E5%BC%8F%E3%82%A6%E3%82%A9%E3%83%BC%E3%82%AD%E3%83%B3%E3%82%B0%E3%82%B9%E3%83%86%E3%82%A3%E3%83%83%E3%82%AF++%E3%82%A6%E3%82%A9%E3%83%BC%E3%82%AD%E3%83%B3%E3%82%B0%E3%82%B9%E3%83%86%E3%82%A3%E3%83%83%E3%82%AF%EF%BC%88Amazon.co.jp%3A+%E5%BA%A7%E9%9D%A2%E4%BB%98%E3%81%8D%E3%82%A6%E3%82%A9%E3%83%BC%E3%82%AD%E3%83%B3%E3%82%B0%E3%82%B9%E3%83%86%E3%82%A3%E3%83%83%E3%82%AF+%E9%AB%98%E9%BD%A2%E8%80%85%E7%94%A8%E6%9D%BE%E8%91%89%E6%9D%96+%E6%A4%85%E5%AD%90+%E3%82%A6%E3%82%A9%E3%83%BC%E3%82%AD%E3%83%B3%E3%82%B0%E3%82%B9%E3%83%86%E3%82%A3%E3%83%83%E3%82%AF+%E3%82%A6%E3%82%A9%E3%83%BC%E3%82%AD%E3%83%B3%E3%82%B0%E3%82%B9%E3%83%86%E3%82%A3%E3%83%83%E3%82%AF+%E5%A4%9A%E6%A9%9F%E8%83%BD+%E9%AB%98%E3%81%95%E8%AA%BF%E7%AF%80%E5%8F%AF%E8%83%BD++%E6%BB%91%E3%82%8A%E6%AD%A2%E3%82%81+%E7%85%A7%E6%98%8E%E4%BB%98%E3%81%8D%E6%9D%BE%E8%91%89%E6%9D%96+%3A+%E3%83%89%E3%83%A9%E3%83%83%E3%82%B0%E3%82%B9%E3%83%88%E3%82%A2%EF%BC%89 HTTP/1.1" 200 0 "-" "Mozilla/5.0 (Linux; Android 6.0.1; Nexus 5X Build/MMB29P) AppleWebKit/537.36 (KHTML, like Gecko) Chrome/136.0.7103.113 Mobile Safari/537.36 (compatible; Googlebot/2.1; +http://www.google.com/bot.html)"
66.249.65.73 - - [12/Jun/2025:11:36:14 -0400] "GET /?y=2718057970&channel=38dde5&from=news.php%3Fid%3D5797-24%26name%3D%E5%B2%A9%E7%94%B0%E8%A3%BD%E4%BD%9C%E6%89%80+%E3%80%90%E5%80%8B%E4%BA%BA%E5%AE%85%E4%B8%8D%E5%8F%AF%E3%80%91+IWATA+%E3%83%88%E3%83%AA%E3%83%A0+150%E3%82%B7%E3%83%AA%E3%83%BC%E3%82%BATPE+19M+150-48-B-3T-L19++%5B806-520172%5D%EF%BC%88%E5%B2%A9%E7%94%B0%E8%A3%BD%E4%BD%9C%E6%89%80+IWATA+%E3%83%88%E3%83%AA%E3%83%A0+150%E3%82%B7%E3%83%AA%E3%83%BC%E3%82%BATPE+19M+150-40-B-3T-L19+1%E6%9C%AC+564-4876%EF%BC%88%E7%9B%B4%E9%80%81%E5%93%81%EF%BC%89+-+%E3%82%A2%E3%82%B9%E3%82%AF%E3%83%AB%EF%BC%89 HTTP/1.1" 200 0 "-" "Mozilla/5.0 (Linux; Android 6.0.1; Nexus 5X Build/MMB29P) AppleWebKit/537.36 (KHTML, like Gecko) Chrome/136.0.7103.113 Mobile Safari/537.36 (compatible; Googlebot/2.1; +http://www.google.com/bot.html)"
66.249.65.72 - - [12/Jun/2025:11:36:45 -0400] "GET /contact/?contact_type=bulk_order HTTP/1.1" 200 55110 "-" "Mozilla/5.0 (Linux; Android 6.0.1; Nexus 5X Build/MMB29P) AppleWebKit/537.36 (KHTML, like Gecko) Chrome/136.0.7103.113 Mobile Safari/537.36 (compatible; Googlebot/2.1; +http://www.google.com/bot.html)"
66.249.65.73 - - [12/Jun/2025:11:38:32 -0400] "GET /yours-to-claim/yours-to-claim-chapter-4/ HTTP/1.1" 200 55476 "-" "Mozilla/5.0 (Linux; Android 6.0.1; Nexus 5X Build/MMB29P) AppleWebKit/537.36 (KHTML, like Gecko) Chrome/136.0.7103.113 Mobile Safari/537.36 (compatible; Googlebot/2.1; +http://www.google.com/bot.html)"
66.249.65.73 - - [12/Jun/2025:11:39:02 -0400] "GET /yours-to-claim/yours-to-claim-chapter-34/ HTTP/1.1" 200 56023 "-" "Mozilla/5.0 (Linux; Android 6.0.1; Nexus 5X Build/MMB29P) AppleWebKit/537.36 (KHTML, like Gecko) Chrome/136.0.7103.113 Mobile Safari/537.36 (compatible; Googlebot/2.1; +http://www.google.com/bot.html)"
66.249.65.72 - - [12/Jun/2025:11:47:30 -0400] "GET /?y=4267149530&channel=b51618&from=category-info.php%3Fid%3D4953-383%26name%3D%E3%82%B7%E3%83%BC%E3%83%88%E4%BB%98%E3%81%8D%E3%82%A6%E3%82%A9%E3%83%BC%E3%82%AD%E3%83%B3%E3%82%B0%E3%82%B9%E3%83%86%E3%82%A3%E3%83%83%E3%82%AF+%E9%AB%98%E9%BD%A2%E8%80%85%E7%94%A8%E6%9D%BE%E8%91%89%E6%9D%96+%E6%A4%85%E5%AD%90++%E3%82%A6%E3%82%A9%E3%83%BC%E3%82%AD%E3%83%B3%E3%82%B0%E3%82%B9%E3%83%86%E3%82%A3%E3%83%83%E3%82%AF+%E3%82%A6%E3%82%A9%E3%83%BC%E3%82%AD%E3%83%B3%E3%82%B0%E3%82%B9%E3%83%86%E3%82%A3%E3%83%83%E3%82%AF+%E5%A4%9A%E6%A9%9F%E8%83%BD+%E9%AB%98%E3%81%95%E8%AA%BF%E7%AF%80%E5%8F%AF%E8%83%BD+%E6%BB%91%E3%82%8A%E6%AD%A2%EF%BC%88Amazon.co.jp%3A+%E3%82%B7%E3%83%BC%E3%83%88%E4%BB%98%E3%81%8D%E3%82%A6%E3%82%A9%E3%83%BC%E3%82%AD%E3%83%B3%E3%82%B0%E3%82%B9%E3%83%86%E3%82%A3%E3%83%83%E3%82%AF+%E3%82%B7%E3%83%8B%E3%82%A2%E7%94%A8%E6%9D%BE%E8%91%89%E6%9D%96+%E6%A4%85%E5%AD%90+%E5%A4%9A%E6%A9%9F%E8%83%BD+%E6%BB%91%E3%82%8A%E6%AD%A2%E3%82%81+%E6%8A%98%E3%82%8A%E3%81%9F%E3%81%9F%E3%81%BF%E5%BC%8F%E3%82%A6%E3%82%A9%E3%83%BC%E3%82%AD%E3%83%B3%E3%82%B0%E3%82%B9%E3%83%86%E3%82%A3%E3%83%83%E3%82%AF++%E3%82%A6%E3%82%A9%E3%83%BC%E3%82%AD%E3%83%B3%E3%82%B0%E3%82%B9%E3%83%86%E3%82%A3%E3%83%83%E3%82%AF+%E3%83%96%E3%83%AB%E3%83%BC+%E3%83%A9%E3%82%A4%E3%83%88%E4%BB%98%E3%81%8D+%3A+%E3%83%89%E3%83%A9%E3%83%83%E3%82%B0%E3%82%B9%E3%83%88%E3%82%A2%EF%BC%89 HTTP/1.1" 200 0 "-" "Mozilla/5.0 (Linux; Android 6.0.1; Nexus 5X Build/MMB29P) AppleWebKit/537.36 (KHTML, like Gecko) Chrome/136.0.7103.113 Mobile Safari/537.36 (compatible; Googlebot/2.1; +http://www.google.com/bot.html)"
194.87.252.147 - - [12/Jun/2025:12:07:44 -0400] "GET / HTTP/1.1" 200 0 "-" "Mozilla/5.0 (X11; Ubuntu; Linux x86_64) AppleWebKit/537.36 (KHTML, like Gecko) Chrome/53.0.2812.66 Safari/537.36"
194.87.252.147 - - [12/Jun/2025:12:07:52 -0400] "POST /wp-content/plugins/wp-automatic/inc/csv.php HTTP/1.1" 403 1242 "https://w2.yours-toclaim.com/" "Mozilla/5.0 (X11; Ubuntu; Linux x86_64) AppleWebKit/537.36 (KHTML, like Gecko) Chrome/53.0.2812.66 Safari/537.36"
194.87.252.147 - - [12/Jun/2025:12:08:24 -0400] "POST /wp-content/plugins/wp-automatic/inc/csv.phpaf257b8f68be.php HTTP/1.1" 403 1242 "https://w2.yours-toclaim.com/wp-content/plugins/wp-automatic/inc/csv.php" "Mozilla/5.0 (X11; Ubuntu; Linux x86_64) AppleWebKit/537.36 (KHTML, like Gecko) Chrome/53.0.2812.66 Safari/537.36"
194.87.252.147 - - [12/Jun/2025:12:08:24 -0400] "POST /wp-content/plugins/wp-automatic/inc/csv.phpaf257b8f68be.php HTTP/1.1" 403 1242 "https://w2.yours-toclaim.com/wp-content/plugins/wp-automatic/inc/csv.phpaf257b8f68be.php" "Mozilla/5.0 (X11; Ubuntu; Linux x86_64) AppleWebKit/537.36 (KHTML, like Gecko) Chrome/53.0.2812.66 Safari/537.36"
194.87.252.147 - xtw18387f0de [12/Jun/2025:12:08:25 -0400] "GET /wp-json/wp/v2/settings HTTP/1.1" 200 0 "https://w2.yours-toclaim.com/wp-content/plugins/wp-automatic/inc/csv.phpaf257b8f68be.php" "Mozilla/5.0 (X11; Ubuntu; Linux x86_64) AppleWebKit/537.36 (KHTML, like Gecko) Chrome/53.0.2812.66 Safari/537.36"
2a03:2880:f800:b:: - - [12/Jun/2025:12:14:18 -0400] "GET /wp-includes/class-wp-http.php HTTP/1.1" 403 1242 "-" "meta-externalagent/1.1 (+https://developers.facebook.com/docs/sharing/webmasters/crawler)"
66.249.65.74 - - [12/Jun/2025:12:32:39 -0400] "GET /yours-to-claim/yours-to-claim-chapter-1/ HTTP/1.1" 200 57320 "-" "Mozilla/5.0 (Linux; Android 6.0.1; Nexus 5X Build/MMB29P) AppleWebKit/537.36 (KHTML, like Gecko) Chrome/136.0.7103.113 Mobile Safari/537.36 (compatible; Googlebot/2.1; +http://www.google.com/bot.html)"
66.249.65.73 - - [12/Jun/2025:12:34:22 -0400] "GET /manga/yours-to-claim-chapter-14/ HTTP/1.1" 200 56599 "-" "Mozilla/5.0 (Linux; Android 6.0.1; Nexus 5X Build/MMB29P) AppleWebKit/537.36 (KHTML, like Gecko) Chrome/136.0.7103.113 Mobile Safari/537.36 (compatible; Googlebot/2.1; +http://www.google.com/bot.html)"
66.249.65.71 - - [12/Jun/2025:13:02:47 -0400] "GET /yours-to-claim/yours-to-claim-chapter-63/ HTTP/1.1" 200 57014 "-" "Mozilla/5.0 (Linux; Android 6.0.1; Nexus 5X Build/MMB29P) AppleWebKit/537.36 (KHTML, like Gecko) Chrome/136.0.7103.113 Mobile Safari/537.36 (compatible; Googlebot/2.1; +http://www.google.com/bot.html)"
2a03:2880:f800:b:: - - [12/Jun/2025:13:05:27 -0400] "GET /wp-includes/ms-functions.php HTTP/1.1" 403 1242 "-" "meta-externalagent/1.1 (+https://developers.facebook.com/docs/sharing/webmasters/crawler)"
66.249.65.72 - - [12/Jun/2025:13:32:48 -0400] "GET /?y=2208058000&channel=38dde5&from=form.php%3Fid%3D5800-24%26name%3D%E5%B2%A9%E7%94%B0%E8%A3%BD%E4%BD%9C%E6%89%80+%E3%80%90%E5%80%8B%E4%BA%BA%E5%AE%85%E4%B8%8D%E5%8F%AF%E3%80%91++IWATA+%E3%83%A9%E3%83%90%E3%83%BC%E3%82%B7%E3%83%BC%E3%83%AB+33M+TRS14-1-L33+%5B806-497467%5D%EF%BC%88%E5%B2%A9%E7%94%B0%E8%A3%BD%E4%BD%9C%E6%89%80+%E3%83%88%E3%83%AA%E3%83%A0%26%E3%82%B7%E3%83%BC%E3%83%AB%7C%E3%83%A9%E3%83%90%E3%83%BC%E3%82%B7%E3%83%BC%E3%83%AB+TRS4%E3%83%BCW%E3%83%BCL23+1%E5%80%8B%EF%BC%88%E7%9B%B4%E9%80%81%E5%93%81%EF%BC%89+-+%E3%82%A2%E3%82%B9%E3%82%AF%E3%83%AB%EF%BC%89 HTTP/1.1" 200 57709 "-" "Mozilla/5.0 (Linux; Android 6.0.1; Nexus 5X Build/MMB29P) AppleWebKit/537.36 (KHTML, like Gecko) Chrome/136.0.7103.113 Mobile Safari/537.36 (compatible; Googlebot/2.1; +http://www.google.com/bot.html)"
66.249.65.72 - - [12/Jun/2025:13:33:37 -0400] "GET /yours-to-claim/yours-to-claim-chapter-14/ HTTP/1.1" 200 56712 "-" "Mozilla/5.0 (Linux; Android 6.0.1; Nexus 5X Build/MMB29P) AppleWebKit/537.36 (KHTML, like Gecko) Chrome/136.0.7103.113 Mobile Safari/537.36 (compatible; Googlebot/2.1; +http://www.google.com/bot.html)"
2a03:2880:f800:9:: - - [12/Jun/2025:13:33:59 -0400] "GET /wp-includes/default-filters.php HTTP/1.1" 403 1242 "-" "meta-externalagent/1.1 (+https://developers.facebook.com/docs/sharing/webmasters/crawler)"
66.249.65.72 - - [12/Jun/2025:13:34:53 -0400] "GET /yours-to-claim/yours-to-claim-chapter-91/ HTTP/1.1" 200 56258 "-" "Mozilla/5.0 (Linux; Android 6.0.1; Nexus 5X Build/MMB29P) AppleWebKit/537.36 (KHTML, like Gecko) Chrome/136.0.7103.113 Mobile Safari/537.36 (compatible; Googlebot/2.1; +http://www.google.com/bot.html)"
66.249.65.74 - - [12/Jun/2025:13:35:31 -0400] "GET /manga/yours-to-claim-chapter-4/ HTTP/1.1" 200 57278 "-" "Mozilla/5.0 (Linux; Android 6.0.1; Nexus 5X Build/MMB29P) AppleWebKit/537.36 (KHTML, like Gecko) Chrome/136.0.7103.113 Mobile Safari/537.36 (compatible; Googlebot/2.1; +http://www.google.com/bot.html)"
66.249.65.73 - - [12/Jun/2025:13:35:38 -0400] "GET /?y=1821149520&channel=b51618&from=news.php%3Fid%3D4952-383%26name%3D%E3%82%B7%E3%83%BC%E3%83%88%E4%BB%98%E3%81%8D%E3%82%A6%E3%82%A9%E3%83%BC%E3%82%AD%E3%83%B3%E3%82%B0%E3%82%B9%E3%83%86%E3%82%A3%E3%83%83%E3%82%AF++%E3%82%A6%E3%82%A9%E3%83%BC%E3%82%AD%E3%83%B3%E3%82%B0%E3%82%B9%E3%83%86%E3%82%A3%E3%83%83%E3%82%AF%E3%82%B9%E3%83%84%E3%83%BC%E3%83%AB+%E9%AB%98%E9%BD%A2%E8%80%85%E7%94%A8%E3%82%B9%E3%83%86%E3%82%A3%E3%83%83%E3%82%AF+%E5%A4%9A%E6%A9%9F%E8%83%BD%E3%83%81%E3%82%A7%E3%82%A2%E3%82%B9%E3%83%84%E3%83%BC%E3%83%AB+%E6%BB%91%E3%82%8A%E6%AD%A2%E3%82%81+%E9%AB%98%E3%81%95%E8%AA%BF%E7%AF%80%E5%8F%AF%E8%83%BD%EF%BC%88%E6%A5%BD%E5%A4%A9%E5%B8%82%E5%A0%B4%E3%80%91%E3%82%B9%E3%83%86%E3%83%83%E3%82%AD+%E3%83%81%E3%82%A7%E3%82%A2%E3%83%BC%EF%BC%88%E3%82%B9%E3%83%9D%E3%83%BC%E3%83%84%E3%83%BB%E3%82%A2%E3%82%A6%E3%83%88%E3%83%89%E3%82%A2%EF%BC%89%E3%81%AE%E9%80%9A%E8%B2%A9%EF%BC%89 HTTP/1.1" 200 0 "-" "Mozilla/5.0 (Linux; Android 6.0.1; Nexus 5X Build/MMB29P) AppleWebKit/537.36 (KHTML, like Gecko) Chrome/136.0.7103.113 Mobile Safari/537.36 (compatible; Googlebot/2.1; +http://www.google.com/bot.html)"
2a03:2880:f800:f:: - - [12/Jun/2025:13:37:10 -0400] "GET /wp-includes/class-wp-recovery-mode-email-service.php HTTP/1.1" 403 1242 "-" "meta-externalagent/1.1 (+https://developers.facebook.com/docs/sharing/webmasters/crawler)"
2a03:2880:f800:a:: - - [12/Jun/2025:13:46:23 -0400] "GET /wp-includes/class-wp-block-bindings-source.php HTTP/1.1" 403 1242 "-" "meta-externalagent/1.1 (+https://developers.facebook.com/docs/sharing/webmasters/crawler)"
2a03:2880:f800:9:: - - [12/Jun/2025:13:51:40 -0400] "GET /wp-includes/http.php HTTP/1.1" 403 1242 "-" "meta-externalagent/1.1 (+https://developers.facebook.com/docs/sharing/webmasters/crawler)"
2a03:2880:f800:e:: - - [12/Jun/2025:13:55:37 -0400] "GET /wp-includes/class-wp-image-editor-imagick.php HTTP/1.1" 403 1242 "-" "meta-externalagent/1.1 (+https://developers.facebook.com/docs/sharing/webmasters/crawler)"
66.249.65.73 - - [12/Jun/2025:14:02:39 -0400] "GET /manga/yours-to-claim-chapter-29/ HTTP/1.1" 200 55019 "-" "Mozilla/5.0 (Linux; Android 6.0.1; Nexus 5X Build/MMB29P) AppleWebKit/537.36 (KHTML, like Gecko) Chrome/136.0.7103.113 Mobile Safari/537.36 (compatible; Googlebot/2.1; +http://www.google.com/bot.html)"
66.249.65.73 - - [12/Jun/2025:14:10:13 -0400] "GET /feed/ HTTP/1.1" 200 58303 "-" "Mozilla/5.0 (Linux; Android 6.0.1; Nexus 5X Build/MMB29P) AppleWebKit/537.36 (KHTML, like Gecko) Chrome/136.0.7103.113 Mobile Safari/537.36 (compatible; Googlebot/2.1; +http://www.google.com/bot.html)"
2a03:2880:f800:c:: - - [12/Jun/2025:14:12:52 -0400] "GET /wp-includes/class-wp.php HTTP/1.1" 403 1242 "-" "meta-externalagent/1.1 (+https://developers.facebook.com/docs/sharing/webmasters/crawler)"
2a03:2880:f800:c:: - - [12/Jun/2025:14:17:50 -0400] "GET /wp-includes/class-wp-block-bindings-registry.php HTTP/1.1" 403 1242 "-" "meta-externalagent/1.1 (+https://developers.facebook.com/docs/sharing/webmasters/crawler)"
2a03:2880:f800:e:: - - [12/Jun/2025:14:23:55 -0400] "GET /wp-includes/class-wp-recovery-mode-cookie-service.php HTTP/1.1" 403 1242 "-" "meta-externalagent/1.1 (+https://developers.facebook.com/docs/sharing/webmasters/crawler)"
2a03:2880:f800:d:: - - [12/Jun/2025:14:30:24 -0400] "GET /wp-includes/class-wp-locale-switcher.php HTTP/1.1" 403 1242 "-" "meta-externalagent/1.1 (+https://developers.facebook.com/docs/sharing/webmasters/crawler)"
2a03:2880:f800:c:: - - [12/Jun/2025:15:10:14 -0400] "GET /wp-includes/class-wp-plugin-dependencies.php HTTP/1.1" 403 1242 "-" "meta-externalagent/1.1 (+https://developers.facebook.com/docs/sharing/webmasters/crawler)"
2a03:2880:f800:15:: - - [12/Jun/2025:15:19:28 -0400] "GET /wp-includes/nav-menu-template.php HTTP/1.1" 403 1242 "-" "meta-externalagent/1.1 (+https://developers.facebook.com/docs/sharing/webmasters/crawler)"
2a03:2880:f800:8:: - - [12/Jun/2025:15:22:37 -0400] "GET /wp-includes/class-wp-block-styles-registry.php HTTP/1.1" 403 1242 "-" "meta-externalagent/1.1 (+https://developers.facebook.com/docs/sharing/webmasters/crawler)"
2a03:2880:f800:5:: - - [12/Jun/2025:15:26:42 -0400] "GET /wp-includes/class-wp-classic-to-block-menu-converter.php HTTP/1.1" 403 1242 "-" "meta-externalagent/1.1 (+https://developers.facebook.com/docs/sharing/webmasters/crawler)"
2a03:2880:f800:3:: - - [12/Jun/2025:15:26:53 -0400] "GET /wp-includes/class-wp-widget-factory.php HTTP/1.1" 403 1242 "-" "meta-externalagent/1.1 (+https://developers.facebook.com/docs/sharing/webmasters/crawler)"
114.119.142.243 - - [12/Jun/2025:15:30:59 -0400] "GET /robots.txt HTTP/1.1" 200 77 "-" "Mozilla/5.0 (compatible;PetalBot;+https://webmaster.petalsearch.com/site/petalbot)"
66.249.65.73 - - [12/Jun/2025:15:32:48 -0400] "GET /yours-to-claim/yours-to-claim-chapter-8/ HTTP/1.1" 200 56750 "-" "Mozilla/5.0 (Linux; Android 6.0.1; Nexus 5X Build/MMB29P) AppleWebKit/537.36 (KHTML, like Gecko) Chrome/136.0.7103.113 Mobile Safari/537.36 (compatible; Googlebot/2.1; +http://www.google.com/bot.html)"
170.106.107.87 - - [12/Jun/2025:15:34:04 -0400] "GET / HTTP/1.1" 200 0 "http://w2.yours-toclaim.com" "Mozilla/5.0 (iPhone; CPU iPhone OS 13_2_3 like Mac OS X) AppleWebKit/605.1.15 (KHTML, like Gecko) Version/13.0.3 Mobile/15E148 Safari/604.1"
2a03:2880:f800:9:: - - [12/Jun/2025:15:34:41 -0400] "GET /wp-includes/class-wp-dependency.php HTTP/1.1" 403 1242 "-" "meta-externalagent/1.1 (+https://developers.facebook.com/docs/sharing/webmasters/crawler)"
66.249.65.71 - - [12/Jun/2025:15:36:28 -0400] "GET /yours-to-claim/yours-to-claim-chapter-4/ HTTP/1.1" 200 55375 "-" "Mozilla/5.0 (Linux; Android 6.0.1; Nexus 5X Build/MMB29P) AppleWebKit/537.36 (KHTML, like Gecko) Chrome/136.0.7103.113 Mobile Safari/537.36 (compatible; Googlebot/2.1; +http://www.google.com/bot.html)"
216.244.66.243 - - [12/Jun/2025:15:49:49 -0400] "GET /robots.txt HTTP/1.1" 200 77 "-" "Mozilla/5.0 (compatible; DotBot/1.2; +https://opensiteexplorer.org/dotbot; [email protected])"
216.244.66.243 - - [12/Jun/2025:15:58:30 -0400] "GET /yours-to-claim/yours-to-claim-chapter-54/feed/ HTTP/1.1" 200 0 "-" "Mozilla/5.0 (compatible; DotBot/1.2; +https://opensiteexplorer.org/dotbot; [email protected])"
66.249.65.73 - - [12/Jun/2025:16:02:45 -0400] "GET /manga/yours-to-claim-chapter-15/ HTTP/1.1" 200 55937 "-" "Mozilla/5.0 (Linux; Android 6.0.1; Nexus 5X Build/MMB29P) AppleWebKit/537.36 (KHTML, like Gecko) Chrome/136.0.7103.113 Mobile Safari/537.36 (compatible; Googlebot/2.1; +http://www.google.com/bot.html)"
4.227.36.107 - - [12/Jun/2025:16:39:26 -0400] "GET /robots.txt HTTP/1.1" 200 77 "-" "Mozilla/5.0 AppleWebKit/537.36 (KHTML, like Gecko; compatible; GPTBot/1.2; +https://openai.com/gptbot)"
20.171.207.107 - - [12/Jun/2025:16:39:27 -0400] "GET /yours-to-claim/yours-to-claim-chapter-101/ HTTP/1.1" 200 0 "-" "Mozilla/5.0 AppleWebKit/537.36 (KHTML, like Gecko; compatible; GPTBot/1.2; +https://openai.com/gptbot)"
20.171.207.107 - - [12/Jun/2025:16:39:30 -0400] "GET /yours-to-claim/yours-to-claim-chapter-104/ HTTP/1.1" 200 0 "-" "Mozilla/5.0 AppleWebKit/537.36 (KHTML, like Gecko; compatible; GPTBot/1.2; +https://openai.com/gptbot)"
20.171.207.107 - - [12/Jun/2025:16:39:33 -0400] "GET /yours-to-claim/yours-to-claim-chapter-106/ HTTP/1.1" 200 0 "-" "Mozilla/5.0 AppleWebKit/537.36 (KHTML, like Gecko; compatible; GPTBot/1.2; +https://openai.com/gptbot)"
20.171.207.107 - - [12/Jun/2025:16:39:35 -0400] "GET /yours-to-claim/yours-to-claim-chapter-107-5/ HTTP/1.1" 200 0 "-" "Mozilla/5.0 AppleWebKit/537.36 (KHTML, like Gecko; compatible; GPTBot/1.2; +https://openai.com/gptbot)"
20.171.207.107 - - [12/Jun/2025:16:39:38 -0400] "GET /yours-to-claim/yours-to-claim-chapter-105/ HTTP/1.1" 200 0 "-" "Mozilla/5.0 AppleWebKit/537.36 (KHTML, like Gecko; compatible; GPTBot/1.2; +https://openai.com/gptbot)"
20.171.207.107 - - [12/Jun/2025:16:39:40 -0400] "GET /yours-to-claim/yours-to-claim-chapter-107/ HTTP/1.1" 200 0 "-" "Mozilla/5.0 AppleWebKit/537.36 (KHTML, like Gecko; compatible; GPTBot/1.2; +https://openai.com/gptbot)"
20.171.207.107 - - [12/Jun/2025:16:39:41 -0400] "GET /yours-to-claim/yours-to-claim-chapter-103/ HTTP/1.1" 200 0 "-" "Mozilla/5.0 AppleWebKit/537.36 (KHTML, like Gecko; compatible; GPTBot/1.2; +https://openai.com/gptbot)"
20.171.207.107 - - [12/Jun/2025:16:39:43 -0400] "GET /yours-to-claim/yours-to-claim-chapter-102/ HTTP/1.1" 200 0 "-" "Mozilla/5.0 AppleWebKit/537.36 (KHTML, like Gecko; compatible; GPTBot/1.2; +https://openai.com/gptbot)"
216.244.66.243 - - [12/Jun/2025:17:00:17 -0400] "GET /yours-to-claim/yours-to-claim-chapter-63/ HTTP/1.1" 200 0 "-" "Mozilla/5.0 (compatible; DotBot/1.2; +https://opensiteexplorer.org/dotbot; [email protected])"
66.249.65.72 - - [12/Jun/2025:17:18:40 -0400] "GET /?y=22791149474701&channel=4c90df&from=shop.php%3Fid%3D1494747-5755%26name%3D%E3%82%A6%E3%82%A7%E3%83%AB%E3%82%AB%E3%83%A0%E3%82%B9%E3%83%9A%E3%83%BC%E3%82%B9%E3%82%BB%E3%83%83%E3%83%88+%E7%B5%90%E5%A9%9A%E5%BC%8F+%E3%81%BE%E3%81%A8%E3%82%81%E5%A3%B2%E3%82%8A+%E3%82%BB%E3%83%83%E3%83%88%E3%80%80%E3%82%A6%E3%82%A8%E3%83%87%E3%82%A3%E3%83%B3%E3%82%B0+%E3%83%96%E3%83%A9%E3%82%A4%E3%83%80%E3%83%AB HTTP/1.1" 200 55236 "-" "Mozilla/5.0 (Linux; Android 6.0.1; Nexus 5X Build/MMB29P) AppleWebKit/537.36 (KHTML, like Gecko) Chrome/136.0.7103.113 Mobile Safari/537.36 (compatible; Googlebot/2.1; +http://www.google.com/bot.html)"
66.249.65.71 - - [12/Jun/2025:17:24:45 -0400] "GET /?y=27690172581902&channel=2b7681&from=goods.php%3Fid%3D1725819-11407%26name%3D25.2V+3000mAh+%E3%83%AA%E3%83%81%E3%82%A6%E3%83%A0%E3%82%A4%E3%82%AA%E3%83%B3%E4%BA%A4%E6%8F%9B%E7%94%A8%E3%83%90%E3%83%83%E3%83%86%E3%83%AA%E3%83%BC+%E6%8E%83%E9%99%A4%E6%A9%9F%E7%94%A8+%E3%83%80%E3%82%A4%E3%82%BD%E3%83%B3+V11+V15+V11+Absolute+V11+A HTTP/1.1" 200 56930 "-" "Mozilla/5.0 (Linux; Android 6.0.1; Nexus 5X Build/MMB29P) AppleWebKit/537.36 (KHTML, like Gecko) Chrome/136.0.7103.113 Mobile Safari/537.36 (compatible; Googlebot/2.1; +http://www.google.com/bot.html)"
66.249.65.73 - - [12/Jun/2025:17:32:17 -0400] "GET /?y=8827126246600&channel=562828&from=pin.php%3Fid%3D262466-8090%26name%3D%E2%96%A0TAIYO+%E6%B2%B9%E5%9C%A7%E3%82%B7%E3%83%AA%E3%83%B3%E3%83%80%E3%80%94%E5%93%81%E7%95%AA%3A100H2R2LA100BB150ABAH2TK%E3%80%95%E3%80%908298924%3A0%E3%80%91%5B%E6%B3%95%E4%BA%BA%E3%83%BB%E4%BA%8B%E6%A5%AD%E6%89%80%E9%99%90%E5%AE%9A%5D%5B%E5%A4%96%E7%9B%B4%E9%80%81%E5%85%83%5D%5B%E5%BA%97%E9%A0%AD%E5%8F%97%E5%8F%96%E4%B8%8D%E5%8F%AF%5D HTTP/1.1" 200 55738 "-" "Mozilla/5.0 (Linux; Android 6.0.1; Nexus 5X Build/MMB29P) AppleWebKit/537.36 (KHTML, like Gecko) Chrome/136.0.7103.113 Mobile Safari/537.36 (compatible; Googlebot/2.1; +http://www.google.com/bot.html)"
66.249.65.71 - - [12/Jun/2025:17:32:50 -0400] "GET /manga/yours-to-claim-chapter-8/ HTTP/1.1" 200 58094 "-" "Mozilla/5.0 (Linux; Android 6.0.1; Nexus 5X Build/MMB29P) AppleWebKit/537.36 (KHTML, like Gecko) Chrome/136.0.7103.113 Mobile Safari/537.36 (compatible; Googlebot/2.1; +http://www.google.com/bot.html)"
216.244.66.243 - - [12/Jun/2025:17:35:51 -0400] "GET /robots.txt HTTP/1.1" 200 77 "-" "Mozilla/5.0 (compatible; DotBot/1.2; +https://opensiteexplorer.org/dotbot; [email protected])"
66.249.65.71 - - [12/Jun/2025:17:35:58 -0400] "GET /?y=37810142740000&channel=94969a&from=category-info.php%3Fid%3D1427400-21187%26name%3D%E3%83%8D%E3%83%88%E3%83%AD%E3%83%B3%E3%82%B7%E3%83%BC%E3%83%88+%E3%83%8D%E3%83%88%E3%83%AD%E3%83%B3%E3%83%8D%E3%83%83%E3%83%88+CLV-D-6-910+%E9%BB%92+%E5%A4%A7%E3%81%8D%E3%81%95%EF%BC%9A%E5%B9%85910mm%C3%97%E9%95%B7%E3%81%9530m+%E4%B8%80%E5%B7%BB%E3%81%8D HTTP/1.1" 200 56993 "-" "Mozilla/5.0 (Linux; Android 6.0.1; Nexus 5X Build/MMB29P) AppleWebKit/537.36 (KHTML, like Gecko) Chrome/136.0.7103.113 Mobile Safari/537.36 (compatible; Googlebot/2.1; +http://www.google.com/bot.html)"
216.244.66.243 - - [12/Jun/2025:17:54:43 -0400] "GET /category/yours-to-claim/page/7/ HTTP/1.1" 200 0 "-" "Mozilla/5.0 (compatible; DotBot/1.2; +https://opensiteexplorer.org/dotbot; [email protected])"
216.244.66.243 - - [12/Jun/2025:17:55:36 -0400] "GET /yours-to-claim/yours-to-claim-chapter-50/ HTTP/1.1" 200 0 "-" "Mozilla/5.0 (compatible; DotBot/1.2; +https://opensiteexplorer.org/dotbot; [email protected])"
216.244.66.243 - - [12/Jun/2025:17:55:40 -0400] "GET /yours-to-claim/yours-to-claim-chapter-9/ HTTP/1.1" 200 0 "-" "Mozilla/5.0 (compatible; DotBot/1.2; +https://opensiteexplorer.org/dotbot; [email protected])"
216.244.66.243 - - [12/Jun/2025:17:57:16 -0400] "GET /yours-to-claim/yours-to-claim-chapter-9/feed/ HTTP/1.1" 200 0 "-" "Mozilla/5.0 (compatible; DotBot/1.2; +https://opensiteexplorer.org/dotbot; [email protected])"
216.244.66.243 - - [12/Jun/2025:18:48:15 -0400] "GET /yours-to-claim/yours-to-claim-chapter-2/ HTTP/1.1" 200 0 "-" "Mozilla/5.0 (compatible; DotBot/1.2; +https://opensiteexplorer.org/dotbot; [email protected])"
216.244.66.243 - - [12/Jun/2025:18:48:21 -0400] "GET /yours-to-claim/yours-to-claim-chapter-20/ HTTP/1.1" 200 0 "-" "Mozilla/5.0 (compatible; DotBot/1.2; +https://opensiteexplorer.org/dotbot; [email protected])"
66.249.65.73 - - [12/Jun/2025:19:33:30 -0400] "GET /?y=2718057970&channel=38dde5&from=news.php%3Fid%3D5797-24%26name%3D%E5%B2%A9%E7%94%B0%E8%A3%BD%E4%BD%9C%E6%89%80+%E3%80%90%E5%80%8B%E4%BA%BA%E5%AE%85%E4%B8%8D%E5%8F%AF%E3%80%91+IWATA+%E3%83%88%E3%83%AA%E3%83%A0+150%E3%82%B7%E3%83%AA%E3%83%BC%E3%82%BATPE+19M+150-48-B-3T-L19++%5B806-520172%5D%EF%BC%88%E5%B2%A9%E7%94%B0%E8%A3%BD%E4%BD%9C%E6%89%80+IWATA+%E3%83%88%E3%83%AA%E3%83%A0+150%E3%82%B7%E3%83%AA%E3%83%BC%E3%82%BATPE+19M+150-40-B-3T-L19+1%E6%9C%AC+564-4876%EF%BC%88%E7%9B%B4%E9%80%81%E5%93%81%EF%BC%89+-+%E3%82%A2%E3%82%B9%E3%82%AF%E3%83%AB%EF%BC%89 HTTP/1.1" 200 0 "-" "Mozilla/5.0 (Linux; Android 6.0.1; Nexus 5X Build/MMB29P) AppleWebKit/537.36 (KHTML, like Gecko) Chrome/136.0.7103.113 Mobile Safari/537.36 (compatible; Googlebot/2.1; +http://www.google.com/bot.html)"
216.244.66.243 - - [12/Jun/2025:20:39:57 -0400] "GET /yours-to-claim/yours-to-claim-chapter-42/ HTTP/1.1" 200 0 "-" "Mozilla/5.0 (compatible; DotBot/1.2; +https://opensiteexplorer.org/dotbot; [email protected])"
216.244.66.243 - - [12/Jun/2025:21:02:52 -0400] "GET /robots.txt HTTP/1.1" 200 77 "-" "Mozilla/5.0 (compatible; DotBot/1.2; +https://opensiteexplorer.org/dotbot; [email protected])"
2a03:2880:3ff:6:: - - [12/Jun/2025:21:15:14 -0400] "GET /robots.txt HTTP/1.1" 200 77 "-" "facebookexternalhit/1.1 (+http://www.facebook.com/externalhit_uatext.php)"
216.244.66.243 - - [12/Jun/2025:21:28:50 -0400] "GET /category/yours-to-claim-manga/page/5/ HTTP/1.1" 200 0 "-" "Mozilla/5.0 (compatible; DotBot/1.2; +https://opensiteexplorer.org/dotbot; [email protected])"
216.244.66.243 - - [12/Jun/2025:21:29:31 -0400] "GET /yours-to-claim/yours-to-claim-chapter-51/ HTTP/1.1" 200 0 "-" "Mozilla/5.0 (compatible; DotBot/1.2; +https://opensiteexplorer.org/dotbot; [email protected])"
216.244.66.243 - - [12/Jun/2025:21:30:57 -0400] "GET /yours-to-claim/yours-to-claim-chapter-39/feed/ HTTP/1.1" 200 0 "-" "Mozilla/5.0 (compatible; DotBot/1.2; +https://opensiteexplorer.org/dotbot; [email protected])"
216.244.66.243 - - [12/Jun/2025:21:31:03 -0400] "GET /yours-to-claim/yours-to-claim-chapter-69/feed/ HTTP/1.1" 200 0 "-" "Mozilla/5.0 (compatible; DotBot/1.2; +https://opensiteexplorer.org/dotbot; [email protected])"
66.249.65.73 - - [12/Jun/2025:21:32:48 -0400] "GET /yours-to-claim/yours-to-claim-chapter-3/ HTTP/1.1" 200 55690 "-" "Mozilla/5.0 (Linux; Android 6.0.1; Nexus 5X Build/MMB29P) AppleWebKit/537.36 (KHTML, like Gecko) Chrome/136.0.7103.113 Mobile Safari/537.36 (compatible; Googlebot/2.1; +http://www.google.com/bot.html)"
66.249.65.73 - - [12/Jun/2025:21:32:50 -0400] "GET /manga/yours-to-claim-chapter-1/ HTTP/1.1" 200 58238 "-" "Mozilla/5.0 (Linux; Android 6.0.1; Nexus 5X Build/MMB29P) AppleWebKit/537.36 (KHTML, like Gecko) Chrome/136.0.7103.113 Mobile Safari/537.36 (compatible; Googlebot/2.1; +http://www.google.com/bot.html)"
216.244.66.243 - - [12/Jun/2025:22:04:27 -0400] "GET /robots.txt HTTP/1.1" 200 77 "-" "Mozilla/5.0 (compatible; DotBot/1.2; +https://opensiteexplorer.org/dotbot; [email protected])"
216.244.66.243 - - [12/Jun/2025:22:24:01 -0400] "GET /yours-to-claim/yours-to-claim-chapter-56/ HTTP/1.1" 200 0 "-" "Mozilla/5.0 (compatible; DotBot/1.2; +https://opensiteexplorer.org/dotbot; [email protected])"
43.131.243.61 - - [12/Jun/2025:23:22:43 -0400] "GET / HTTP/1.1" 200 0 "http://w2.yours-toclaim.com" "Mozilla/5.0 (iPhone; CPU iPhone OS 13_2_3 like Mac OS X) AppleWebKit/605.1.15 (KHTML, like Gecko) Version/13.0.3 Mobile/15E148 Safari/604.1"
66.249.65.71 - - [12/Jun/2025:23:33:57 -0400] "GET /?y=0284157990&channel=38dde5&from=brands.php%3Fid%3D5799-24%26name%3D%E5%B2%A9%E7%94%B0%E8%A3%BD%E4%BD%9C%E6%89%80+%E3%80%90%E5%80%8B%E4%BA%BA%E5%AE%85%E4%B8%8D%E5%8F%AF%E3%80%91++IWATA+%E3%83%A9%E3%83%90%E3%83%BC%E3%82%B7%E3%83%BC%E3%83%AB+35M+TRS14-1-L35+%5B806-497696%5D%EF%BC%88%E3%83%A9%E3%83%90%E3%83%BC%E3%82%B7%E3%83%BC%E3%83%AB+%E3%82%AB%E3%83%83%E3%83%88%E8%B2%A9%E5%A3%B2+%EF%BD%9C+%E6%A9%9F%E6%A2%B0%E9%83%A8%E5%93%81%E3%83%BBFA%E9%83%A8%E5%93%81%E3%81%AE%E9%80%9A%E8%B2%A9%E3%80%90%E5%B2%A9%E7%94%B0%E8%A3%BD%E4%BD%9C%E6%89%80%E3%80%91%EF%BC%89 HTTP/1.1" 200 0 "-" "Mozilla/5.0 (Linux; Android 6.0.1; Nexus 5X Build/MMB29P) AppleWebKit/537.36 (KHTML, like Gecko) Chrome/136.0.7103.113 Mobile Safari/537.36 (compatible; Googlebot/2.1; +http://www.google.com/bot.html)"
66.249.65.72 - - [12/Jun/2025:23:34:13 -0400] "GET /manga/yours-to-claim-chapter-60/ HTTP/1.1" 200 55930 "-" "Mozilla/5.0 (Linux; Android 6.0.1; Nexus 5X Build/MMB29P) AppleWebKit/537.36 (KHTML, like Gecko) Chrome/136.0.7103.113 Mobile Safari/537.36 (compatible; Googlebot/2.1; +http://www.google.com/bot.html)"
66.249.65.71 - - [12/Jun/2025:23:36:15 -0400] "GET /manga/yours-to-claim-chapter-14/ HTTP/1.1" 200 56614 "-" "Mozilla/5.0 (Linux; Android 6.0.1; Nexus 5X Build/MMB29P) AppleWebKit/537.36 (KHTML, like Gecko) Chrome/136.0.7103.113 Mobile Safari/537.36 (compatible; Googlebot/2.1; +http://www.google.com/bot.html)"
66.249.65.73 - - [12/Jun/2025:23:37:45 -0400] "GET /yours-to-claim/yours-to-claim-chapter-14/ HTTP/1.1" 200 56725 "-" "Mozilla/5.0 (Linux; Android 6.0.1; Nexus 5X Build/MMB29P) AppleWebKit/537.36 (KHTML, like Gecko) Chrome/136.0.7103.113 Mobile Safari/537.36 (compatible; Googlebot/2.1; +http://www.google.com/bot.html)"
66.249.65.73 - - [12/Jun/2025:23:40:20 -0400] "GET /?y=4267149530&channel=b51618&from=category-info.php%3Fid%3D4953-383%26name%3D%E3%82%B7%E3%83%BC%E3%83%88%E4%BB%98%E3%81%8D%E3%82%A6%E3%82%A9%E3%83%BC%E3%82%AD%E3%83%B3%E3%82%B0%E3%82%B9%E3%83%86%E3%82%A3%E3%83%83%E3%82%AF+%E9%AB%98%E9%BD%A2%E8%80%85%E7%94%A8%E6%9D%BE%E8%91%89%E6%9D%96+%E6%A4%85%E5%AD%90++%E3%82%A6%E3%82%A9%E3%83%BC%E3%82%AD%E3%83%B3%E3%82%B0%E3%82%B9%E3%83%86%E3%82%A3%E3%83%83%E3%82%AF+%E3%82%A6%E3%82%A9%E3%83%BC%E3%82%AD%E3%83%B3%E3%82%B0%E3%82%B9%E3%83%86%E3%82%A3%E3%83%83%E3%82%AF+%E5%A4%9A%E6%A9%9F%E8%83%BD+%E9%AB%98%E3%81%95%E8%AA%BF%E7%AF%80%E5%8F%AF%E8%83%BD+%E6%BB%91%E3%82%8A%E6%AD%A2%EF%BC%88Amazon.co.jp%3A+%E3%82%B7%E3%83%BC%E3%83%88%E4%BB%98%E3%81%8D%E3%82%A6%E3%82%A9%E3%83%BC%E3%82%AD%E3%83%B3%E3%82%B0%E3%82%B9%E3%83%86%E3%82%A3%E3%83%83%E3%82%AF+%E3%82%B7%E3%83%8B%E3%82%A2%E7%94%A8%E6%9D%BE%E8%91%89%E6%9D%96+%E6%A4%85%E5%AD%90+%E5%A4%9A%E6%A9%9F%E8%83%BD+%E6%BB%91%E3%82%8A%E6%AD%A2%E3%82%81+%E6%8A%98%E3%82%8A%E3%81%9F%E3%81%9F%E3%81%BF%E5%BC%8F%E3%82%A6%E3%82%A9%E3%83%BC%E3%82%AD%E3%83%B3%E3%82%B0%E3%82%B9%E3%83%86%E3%82%A3%E3%83%83%E3%82%AF++%E3%82%A6%E3%82%A9%E3%83%BC%E3%82%AD%E3%83%B3%E3%82%B0%E3%82%B9%E3%83%86%E3%82%A3%E3%83%83%E3%82%AF+%E3%83%96%E3%83%AB%E3%83%BC+%E3%83%A9%E3%82%A4%E3%83%88%E4%BB%98%E3%81%8D+%3A+%E3%83%89%E3%83%A9%E3%83%83%E3%82%B0%E3%82%B9%E3%83%88%E3%82%A2%EF%BC%89 HTTP/1.1" 200 0 "-" "Mozilla/5.0 (Linux; Android 6.0.1; Nexus 5X Build/MMB29P) AppleWebKit/537.36 (KHTML, like Gecko) Chrome/136.0.7103.113 Mobile Safari/537.36 (compatible; Googlebot/2.1; +http://www.google.com/bot.html)"
66.249.65.71 - - [12/Jun/2025:23:41:14 -0400] "GET /yours-to-claim/yours-to-claim-chapter-34/ HTTP/1.1" 200 56035 "-" "Mozilla/5.0 (Linux; Android 6.0.1; Nexus 5X Build/MMB29P) AppleWebKit/537.36 (KHTML, like Gecko) Chrome/136.0.7103.113 Mobile Safari/537.36 (compatible; Googlebot/2.1; +http://www.google.com/bot.html)"
66.249.65.72 - - [13/Jun/2025:00:04:32 -0400] "GET /yours-to-claim/yours-to-claim-chapter-74/ HTTP/1.1" 200 56290 "-" "Mozilla/5.0 (Linux; Android 6.0.1; Nexus 5X Build/MMB29P) AppleWebKit/537.36 (KHTML, like Gecko) Chrome/136.0.7103.113 Mobile Safari/537.36 (compatible; Googlebot/2.1; +http://www.google.com/bot.html)"
66.249.65.73 - - [13/Jun/2025:01:02:07 -0400] "GET /yours-to-claim/yours-to-claim-chapter-97/ HTTP/1.1" 200 57188 "-" "Mozilla/5.0 (Linux; Android 6.0.1; Nexus 5X Build/MMB29P) AppleWebKit/537.36 (KHTML, like Gecko) Chrome/136.0.7103.113 Mobile Safari/537.36 (compatible; Googlebot/2.1; +http://www.google.com/bot.html)"
66.249.65.74 - - [13/Jun/2025:01:03:49 -0400] "GET /yours-to-claim/yours-to-claim-chapter-63/ HTTP/1.1" 200 56985 "-" "Mozilla/5.0 (Linux; Android 6.0.1; Nexus 5X Build/MMB29P) AppleWebKit/537.36 (KHTML, like Gecko) Chrome/136.0.7103.113 Mobile Safari/537.36 (compatible; Googlebot/2.1; +http://www.google.com/bot.html)"