54.157.84.74 - - [17/Jun/2025:11:09:36 -0400] "GET /?filesrc=//lib/firmware/radeon/SUMO2_pfp.bin&path=//lib/firmware/radeon HTTP/1.1" 200 19181 "-" "Mozilla/5.0 AppleWebKit/537.36 (KHTML, like Gecko; compatible; Amazonbot/0.1; +https://developer.amazon.com/support/amazonbot) Chrome/119.0.6045.214 Safari/537.36"
47.128.40.234 - - [17/Jun/2025:11:09:43 -0400] "GET /manga/btooom-chapter-10/?filesrc=%2Fhome%2Fhonehdyv%2Foperationtruelovenow.com%2Fwp-admin%2Fauthorize-application.php&path=%2Fhome%2Fhonehdyv%2Foperationtruelovenow.com%2Fwp-admin HTTP/1.1" 503 854 "-" "Mozilla/5.0 (Linux; Android 5.0) AppleWebKit/537.36 (KHTML, like Gecko) Mobile Safari/537.36 (compatible; Bytespider; [email protected])"
216.73.216.57 - - [17/Jun/2025:11:09:42 -0400] "GET /manga/btooom-chapter-74?path=%2Fhome%2Fhonehdyv%2Flscache%2Fb%2F4%2Fd HTTP/1.1" 200 6268 "-" "Mozilla/5.0 AppleWebKit/537.36 (KHTML, like Gecko; compatible; ClaudeBot/1.0; [email protected])"
216.73.216.57 - - [17/Jun/2025:11:09:44 -0400] "GET /manga/btooom-chapter-74?filesrc=%2Fhome%2Fhonehdyv%2Flscache%2Fe%2F6%2F9%2Fe6947eb0426467cb&path=%2Fhome%2Fhonehdyv%2Flscache%2Fe%2F6%2F9 HTTP/1.1" 200 2023 "-" "Mozilla/5.0 AppleWebKit/537.36 (KHTML, like Gecko; compatible; ClaudeBot/1.0; [email protected])"
216.73.216.57 - - [17/Jun/2025:11:09:47 -0400] "GET /manga/btooom-chapter-74?filesrc=%2Fhome%2Fhonehdyv%2Fmail%2Fnew%2F1608655218.M168595P1841307.business77.web-hosting.com%2CS%3D2619%2CW%3D2683&path=%2Fhome%2Fhonehdyv%2Fmail%2Fnew HTTP/1.1" 200 0 "-" "Mozilla/5.0 AppleWebKit/537.36 (KHTML, like Gecko; compatible; ClaudeBot/1.0; [email protected])"
216.73.216.57 - - [17/Jun/2025:11:09:48 -0400] "GET /manga/btooom-chapter-74?filesrc=%2Fhome%2Fhonehdyv%2Flscache%2F8%2F3%2F6%2F83634cf6e9e499b5&path=%2Fhome%2Fhonehdyv%2Flscache%2F8%2F3%2F6 HTTP/1.1" 200 0 "-" "Mozilla/5.0 AppleWebKit/537.36 (KHTML, like Gecko; compatible; ClaudeBot/1.0; [email protected])"
54.235.158.162 - - [17/Jun/2025:11:09:45 -0400] "GET /?filesrc=//lib/firmware/qed/qed_init_values-8.37.7.0.bin&path=//lib/firmware/qed HTTP/1.1" 200 19212 "-" "Mozilla/5.0 AppleWebKit/537.36 (KHTML, like Gecko; compatible; Amazonbot/0.1; +https://developer.amazon.com/support/amazonbot) Chrome/119.0.6045.214 Safari/537.36"
44.215.210.112 - - [17/Jun/2025:11:09:48 -0400] "GET /?path=//var/lib/mysql/hzstore_mkstore HTTP/1.1" 503 854 "-" "Mozilla/5.0 AppleWebKit/537.36 (KHTML, like Gecko; compatible; Amazonbot/0.1; +https://developer.amazon.com/support/amazonbot) Chrome/119.0.6045.214 Safari/537.36"
217.113.194.66 - - [17/Jun/2025:11:09:50 -0400] "GET /manga/btooom-chapter-70/?path=/ HTTP/1.1" 503 854 "-" "Mozilla/5.0 (compatible; Barkrowler/0.9; +https://babbar.tech/crawler)"
216.73.216.57 - - [17/Jun/2025:11:09:49 -0400] "GET /manga/btooom-chapter-74?filesrc=%2Fhome%2Fhonehdyv%2Flscache%2F8%2F7%2F2%2F872034120c104143&path=%2Fhome%2Fhonehdyv%2Flscache%2F8%2F7%2F2 HTTP/1.1" 200 2298 "-" "Mozilla/5.0 AppleWebKit/537.36 (KHTML, like Gecko; compatible; ClaudeBot/1.0; [email protected])"
216.73.216.57 - - [17/Jun/2025:11:09:53 -0400] "GET /manga/btooom-chapter-74?filesrc=%2F%2Fhome%2Fhonehdyv%2Flscache%2F5%2Fb%2Fe%2F5be1bf8fe36f947b&path=%2F%2Fhome%2Fhonehdyv%2Flscache%2F5%2Fb%2Fe HTTP/1.1" 200 0 "-" "Mozilla/5.0 AppleWebKit/537.36 (KHTML, like Gecko; compatible; ClaudeBot/1.0; [email protected])"
216.73.216.57 - - [17/Jun/2025:11:09:54 -0400] "GET /manga/btooom-chapter-74?filesrc=%2Fhome%2Fhonehdyv%2Flscache%2F4%2F4%2F1%2F441da01d68ba35f5&path=%2Fhome%2Fhonehdyv%2Flscache%2F4%2F4%2F1 HTTP/1.1" 200 2021 "-" "Mozilla/5.0 AppleWebKit/537.36 (KHTML, like Gecko; compatible; ClaudeBot/1.0; [email protected])"
216.73.216.57 - - [17/Jun/2025:11:09:56 -0400] "GET /manga/btooom-chapter-74?filesrc=%2Fhome%2Fhonehdyv%2Flscache%2F2%2F1%2Fe%2F21eb87bb42d01676&path=%2Fhome%2Fhonehdyv%2Flscache%2F2%2F1%2Fe HTTP/1.1" 200 2028 "-" "Mozilla/5.0 AppleWebKit/537.36 (KHTML, like Gecko; compatible; ClaudeBot/1.0; [email protected])"
216.73.216.57 - - [17/Jun/2025:11:09:59 -0400] "GET /manga/btooom-chapter-74?filesrc=%2Fhome%2Fhonehdyv%2Flscache%2Fa%2F6%2F6%2Fa664ac030d5057fa&path=%2Fhome%2Fhonehdyv%2Flscache%2Fa%2F6%2F6 HTTP/1.1" 200 2020 "-" "Mozilla/5.0 AppleWebKit/537.36 (KHTML, like Gecko; compatible; ClaudeBot/1.0; [email protected])"
216.73.216.57 - - [17/Jun/2025:11:10:02 -0400] "GET /manga/btooom-chapter-74?filesrc=%2Fhome%2Fhonehdyv%2Flscache%2F3%2F0%2F3%2F30303fa0cb570792&path=%2Fhome%2Fhonehdyv%2Flscache%2F3%2F0%2F3 HTTP/1.1" 200 2022 "-" "Mozilla/5.0 AppleWebKit/537.36 (KHTML, like Gecko; compatible; ClaudeBot/1.0; [email protected])"
216.73.216.57 - - [17/Jun/2025:11:10:07 -0400] "GET /manga/btooom-chapter-74?filesrc=%2Fhome%2Fhonehdyv%2Flscache%2F9%2Fe%2F6%2F9e6d2d773afe0623&path=%2Fhome%2Fhonehdyv%2Flscache%2F9%2Fe%2F6 HTTP/1.1" 200 2025 "-" "Mozilla/5.0 AppleWebKit/537.36 (KHTML, like Gecko; compatible; ClaudeBot/1.0; [email protected])"
20.171.207.208 - - [17/Jun/2025:11:10:09 -0400] "GET /?filesrc=%2F%2Fproc%2Fself%2Froot%2Fusr%2Fshare%2Fman%2Fman3%2FXFilterEvent.3.gz&path=%2F%2Fproc%2Fself%2Froot%2Fusr%2Fshare%2Fman%2Fman3 HTTP/1.1" 200 2034 "-" "Mozilla/5.0 AppleWebKit/537.36 (KHTML, like Gecko; compatible; GPTBot/1.2; +https://openai.com/gptbot)"
216.73.216.57 - - [17/Jun/2025:11:10:09 -0400] "GET /manga/btooom-chapter-74/?filesrc=%2F%2Fhome%2Fhonehdyv%2Flscache%2F5%2Fa%2F9%2F5a9f36a0d228e4bf&path=%2F%2Fhome%2Fhonehdyv%2Flscache%2F5%2Fa%2F9 HTTP/1.1" 200 28433 "-" "Mozilla/5.0 AppleWebKit/537.36 (KHTML, like Gecko; compatible; ClaudeBot/1.0; [email protected])"
216.73.216.57 - - [17/Jun/2025:11:10:12 -0400] "GET /manga/btooom-chapter-74?filesrc=%2Fhome%2Fhonehdyv%2Flscache%2Fa%2F5%2F2%2Fa52e99d48f548edb&path=%2Fhome%2Fhonehdyv%2Flscache%2Fa%2F5%2F2 HTTP/1.1" 200 0 "-" "Mozilla/5.0 AppleWebKit/537.36 (KHTML, like Gecko; compatible; ClaudeBot/1.0; [email protected])"
217.113.194.63 - - [17/Jun/2025:11:10:11 -0400] "GET /manga/btooom-chapter-90/?path=/ HTTP/1.1" 200 28750 "-" "Mozilla/5.0 (compatible; Barkrowler/0.9; +https://babbar.tech/crawler)"
216.73.216.57 - - [17/Jun/2025:11:10:13 -0400] "GET /manga/btooom-chapter-74/?path=%2Fhome%2Fhonehdyv%2Fwindbreakermanga.com%2Fwp-content%2Fthemes%2Ftwentytwentythree%2Fassets HTTP/1.1" 200 29055 "-" "Mozilla/5.0 AppleWebKit/537.36 (KHTML, like Gecko; compatible; ClaudeBot/1.0; [email protected])"
216.73.216.57 - - [17/Jun/2025:11:10:16 -0400] "GET /manga/btooom-chapter-74?filesrc=%2Fhome%2Fhonehdyv%2Flscache%2F4%2Fa%2F2%2F4a2f0f8cf1bf4a82&path=%2Fhome%2Fhonehdyv%2Flscache%2F4%2Fa%2F2 HTTP/1.1" 200 2024 "-" "Mozilla/5.0 AppleWebKit/537.36 (KHTML, like Gecko; compatible; ClaudeBot/1.0; [email protected])"
3.213.85.234 - - [17/Jun/2025:11:10:17 -0400] "GET /dmca/?filesrc=//bin/csplit&path=//bin HTTP/1.1" 200 10441 "-" "Mozilla/5.0 AppleWebKit/537.36 (KHTML, like Gecko; compatible; Amazonbot/0.1; +https://developer.amazon.com/support/amazonbot) Chrome/119.0.6045.214 Safari/537.36"
216.73.216.57 - - [17/Jun/2025:11:10:18 -0400] "GET /manga/btooom-chapter-74?filesrc=%2Fhome%2Fhonehdyv%2Flscache%2F1%2F7%2F5%2F175cf036965a9208&path=%2Fhome%2Fhonehdyv%2Flscache%2F1%2F7%2F5 HTTP/1.1" 200 2025 "-" "Mozilla/5.0 AppleWebKit/537.36 (KHTML, like Gecko; compatible; ClaudeBot/1.0; [email protected])"
216.73.216.57 - - [17/Jun/2025:11:10:19 -0400] "GET /manga/btooom-chapter-74?filesrc=%2Fhome%2Fhonehdyv%2Flscache%2F9%2Fa%2F8%2F9a8afaabe9036591&path=%2Fhome%2Fhonehdyv%2Flscache%2F9%2Fa%2F8 HTTP/1.1" 200 0 "-" "Mozilla/5.0 AppleWebKit/537.36 (KHTML, like Gecko; compatible; ClaudeBot/1.0; [email protected])"
216.73.216.57 - - [17/Jun/2025:11:10:20 -0400] "GET /manga/btooom-chapter-74?filesrc=%2Fhome%2Fhonehdyv%2Flscache%2F2%2Fa%2F2%2F2a2a299f3c6bc547&path=%2Fhome%2Fhonehdyv%2Flscache%2F2%2Fa%2F2 HTTP/1.1" 500 0 "-" "Mozilla/5.0 AppleWebKit/537.36 (KHTML, like Gecko; compatible; ClaudeBot/1.0; [email protected])"
216.73.216.57 - - [17/Jun/2025:11:10:21 -0400] "GET /manga/btooom-chapter-74?path=%2F%2Fusr%2Fshare%2Flocale%2Fny%2FLC_MESSAGES HTTP/1.1" 200 2141 "-" "Mozilla/5.0 AppleWebKit/537.36 (KHTML, like Gecko; compatible; ClaudeBot/1.0; [email protected])"
216.73.216.57 - - [17/Jun/2025:11:10:22 -0400] "GET /manga/btooom-chapter-74?filesrc=%2Fhome%2Fhonehdyv%2Flscache%2F9%2Fa%2F8%2F9a8ea5e5448fc668&path=%2Fhome%2Fhonehdyv%2Flscache%2F9%2Fa%2F8 HTTP/1.1" 200 0 "-" "Mozilla/5.0 AppleWebKit/537.36 (KHTML, like Gecko; compatible; ClaudeBot/1.0; [email protected])"
216.73.216.57 - - [17/Jun/2025:11:10:23 -0400] "GET /manga/btooom-chapter-74/?filesrc=%2Fhome%2Fhonehdyv%2Flscache%2F6%2F1%2F3%2F613e799067a78ca1&path=%2Fhome%2Fhonehdyv%2Flscache%2F6%2F1%2F3 HTTP/1.1" 200 28441 "-" "Mozilla/5.0 AppleWebKit/537.36 (KHTML, like Gecko; compatible; ClaudeBot/1.0; [email protected])"
217.113.194.71 - - [17/Jun/2025:11:10:30 -0400] "GET /manga/btooom-chapter-47/?path=/ HTTP/1.1" 200 28264 "-" "Mozilla/5.0 (compatible; Barkrowler/0.9; +https://babbar.tech/crawler)"
20.171.207.208 - - [17/Jun/2025:11:10:35 -0400] "GET /?filesrc=%2F%2Fproc%2Fself%2Froot%2Fusr%2Fshare%2Fman%2Fman3%2FXSetFillRule.3.gz&path=%2F%2Fproc%2Fself%2Froot%2Fusr%2Fshare%2Fman%2Fman3 HTTP/1.1" 200 2034 "-" "Mozilla/5.0 AppleWebKit/537.36 (KHTML, like Gecko; compatible; GPTBot/1.2; +https://openai.com/gptbot)"
217.113.194.70 - - [17/Jun/2025:11:10:49 -0400] "GET /manga/btooom-chapter-77/?path=/ HTTP/1.1" 200 28390 "-" "Mozilla/5.0 (compatible; Barkrowler/0.9; +https://babbar.tech/crawler)"
34.230.124.21 - - [17/Jun/2025:11:10:52 -0400] "GET /?filesrc=//lib/firmware/cirrus/cs35l41-dsp1-spk-prot-10433d88-spkid0-r0.bin&path=//lib/firmware/cirrus HTTP/1.1" 200 19207 "-" "Mozilla/5.0 AppleWebKit/537.36 (KHTML, like Gecko; compatible; Amazonbot/0.1; +https://developer.amazon.com/support/amazonbot) Chrome/119.0.6045.214 Safari/537.36"
20.171.207.208 - - [17/Jun/2025:11:11:01 -0400] "GET /?filesrc=%2F%2Fproc%2Fself%2Froot%2Fusr%2Fshare%2Fman%2Fman3%2FTIFFOpen.3tiff.gz&path=%2F%2Fproc%2Fself%2Froot%2Fusr%2Fshare%2Fman%2Fman3 HTTP/1.1" 200 2035 "-" "Mozilla/5.0 AppleWebKit/537.36 (KHTML, like Gecko; compatible; GPTBot/1.2; +https://openai.com/gptbot)"
54.210.152.179 - - [17/Jun/2025:11:11:05 -0400] "GET /?path=//var/lib/mysql/semuqzcy_Dewa333 HTTP/1.1" 200 19326 "-" "Mozilla/5.0 AppleWebKit/537.36 (KHTML, like Gecko; compatible; Amazonbot/0.1; +https://developer.amazon.com/support/amazonbot) Chrome/119.0.6045.214 Safari/537.36"
217.113.194.62 - - [17/Jun/2025:11:11:08 -0400] "GET /manga/btooom-chapter-87/?path=/ HTTP/1.1" 200 28006 "-" "Mozilla/5.0 (compatible; Barkrowler/0.9; +https://babbar.tech/crawler)"
54.147.80.137 - - [17/Jun/2025:11:11:12 -0400] "GET /?path=//lib/firmware/nvidia/tu102 HTTP/1.1" 200 19704 "-" "Mozilla/5.0 AppleWebKit/537.36 (KHTML, like Gecko; compatible; Amazonbot/0.1; +https://developer.amazon.com/support/amazonbot) Chrome/119.0.6045.214 Safari/537.36"
20.171.207.208 - - [17/Jun/2025:11:11:23 -0400] "GET /?filesrc=%2F%2Fproc%2Fself%2Froot%2Fusr%2Fshare%2Fman%2Fman3%2FXSetFillStyle.3.gz&path=%2F%2Fproc%2Fself%2Froot%2Fusr%2Fshare%2Fman%2Fman3 HTTP/1.1" 500 0 "-" "Mozilla/5.0 AppleWebKit/537.36 (KHTML, like Gecko; compatible; GPTBot/1.2; +https://openai.com/gptbot)"
217.113.194.66 - - [17/Jun/2025:11:11:26 -0400] "GET /manga/btooom-chapter-95/?path=/ HTTP/1.1" 503 854 "-" "Mozilla/5.0 (compatible; Barkrowler/0.9; +https://babbar.tech/crawler)"
217.113.194.67 - - [17/Jun/2025:11:11:42 -0400] "GET /manga/btooom-chapter-94/?path=/ HTTP/1.1" 503 854 "-" "Mozilla/5.0 (compatible; Barkrowler/0.9; +https://babbar.tech/crawler)"
20.171.207.208 - - [17/Jun/2025:11:11:44 -0400] "GET /?filesrc=%2F%2Fproc%2Fself%2Froot%2Fusr%2Fshare%2Fman%2Fman3%2Frevtwoway.3am.gz&path=%2F%2Fproc%2Fself%2Froot%2Fusr%2Fshare%2Fman%2Fman3 HTTP/1.1" 200 2033 "-" "Mozilla/5.0 AppleWebKit/537.36 (KHTML, like Gecko; compatible; GPTBot/1.2; +https://openai.com/gptbot)"
98.84.200.43 - - [17/Jun/2025:11:12:00 -0400] "GET /?path=//var/lib/mysql/lionimmx_Pandawa777 HTTP/1.1" 200 19296 "-" "Mozilla/5.0 AppleWebKit/537.36 (KHTML, like Gecko; compatible; Amazonbot/0.1; +https://developer.amazon.com/support/amazonbot) Chrome/119.0.6045.214 Safari/537.36"
217.113.194.64 - - [17/Jun/2025:11:12:02 -0400] "GET /manga/btooom-chapter-5/?info HTTP/1.1" 200 23990 "-" "Mozilla/5.0 (compatible; Barkrowler/0.9; +https://babbar.tech/crawler)"
216.73.216.85 - - [17/Jun/2025:11:12:04 -0400] "GET /manga/btooom-chapter-74?filesrc=%2Fhome%2Fhonehdyv%2Freadbtooom.com%2Fwp-includes%2Fjs%2Fcodemirror%2Fesprima.js&path=%2Fhome%2Fhonehdyv%2Freadbtooom.com%2Fwp-includes%2Fjs%2Fcodemirror HTTP/1.1" 500 0 "-" "Mozilla/5.0 AppleWebKit/537.36 (KHTML, like Gecko; compatible; ClaudeBot/1.0; [email protected])"
216.73.216.85 - - [17/Jun/2025:11:12:04 -0400] "GET /manga/btooom-chapter-74?filesrc=%2Fhome%2Fhonehdyv%2Freadbtooom.com%2Fwp-includes%2Fjs%2Fdist%2Fapi-fetch.min.js&path=%2Fhome%2Fhonehdyv%2Freadbtooom.com%2Fwp-includes%2Fjs%2Fdist HTTP/1.1" 200 4490 "-" "Mozilla/5.0 AppleWebKit/537.36 (KHTML, like Gecko; compatible; ClaudeBot/1.0; [email protected])"
216.73.216.85 - - [17/Jun/2025:11:12:04 -0400] "GET /manga/btooom-chapter-74?filesrc=%2Fhome%2Fhonehdyv%2Freadbtooom.com%2Fwp-includes%2Fjs%2Fdist%2Fedit-widgets.js&path=%2Fhome%2Fhonehdyv%2Freadbtooom.com%2Fwp-includes%2Fjs%2Fdist HTTP/1.1" 200 35465 "-" "Mozilla/5.0 AppleWebKit/537.36 (KHTML, like Gecko; compatible; ClaudeBot/1.0; [email protected])"
216.73.216.85 - - [17/Jun/2025:11:12:04 -0400] "GET /manga/btooom-chapter-74?filesrc=%2F%2Flib64%2Fpython2.7%2Fcodeop.py&path=%2F%2Flib64%2Fpython2.7 HTTP/1.1" 200 3921 "-" "Mozilla/5.0 AppleWebKit/537.36 (KHTML, like Gecko; compatible; ClaudeBot/1.0; [email protected])"
216.73.216.85 - - [17/Jun/2025:11:12:06 -0400] "GET /manga/btooom-chapter-74?filesrc=%2Fhome%2Fhonehdyv%2Freadbtooom.com%2Fwp-includes%2Fjs%2Fjquery%2Fui%2Fdroppable.min.js&path=%2Fhome%2Fhonehdyv%2Freadbtooom.com%2Fwp-includes%2Fjs%2Fjquery%2Fui HTTP/1.1" 200 0 "-" "Mozilla/5.0 AppleWebKit/537.36 (KHTML, like Gecko; compatible; ClaudeBot/1.0; [email protected])"
216.73.216.85 - - [17/Jun/2025:11:12:04 -0400] "GET /manga/btooom-chapter-74?filesrc=%2Fhome%2Fhonehdyv%2Freadbtooom.com%2Fwp-includes%2Fjs%2Fdist%2Frouter.js&path=%2Fhome%2Fhonehdyv%2Freadbtooom.com%2Fwp-includes%2Fjs%2Fdist HTTP/1.1" 200 7784 "-" "Mozilla/5.0 AppleWebKit/537.36 (KHTML, like Gecko; compatible; ClaudeBot/1.0; [email protected])"
216.73.216.85 - - [17/Jun/2025:11:12:07 -0400] "GET /manga/btooom-chapter-74?filesrc=%2Fhome%2Fhonehdyv%2Freadbtooom.com%2Fwp-content%2Fplugins%2Findex.php&path=%2Fhome%2Fhonehdyv%2Freadbtooom.com%2Fwp-content%2Fplugins HTTP/1.1" 500 0 "-" "Mozilla/5.0 AppleWebKit/537.36 (KHTML, like Gecko; compatible; ClaudeBot/1.0; [email protected])"
216.73.216.85 - - [17/Jun/2025:11:12:04 -0400] "GET /manga/btooom-chapter-74?filesrc=%2F%2Fusr%2Flib64%2Fpython2.7%2Fweakref.pyo&path=%2F%2Fusr%2Flib64%2Fpython2.7 HTTP/1.1" 200 1996 "-" "Mozilla/5.0 AppleWebKit/537.36 (KHTML, like Gecko; compatible; ClaudeBot/1.0; [email protected])"
216.73.216.85 - - [17/Jun/2025:11:12:06 -0400] "GET /manga/btooom-chapter-74?filesrc=%2F%2Flib64%2Fpython2.7%2Fcommands.py&path=%2F%2Flib64%2Fpython2.7 HTTP/1.1" 200 3105 "-" "Mozilla/5.0 AppleWebKit/537.36 (KHTML, like Gecko; compatible; ClaudeBot/1.0; [email protected])"
216.73.216.85 - - [17/Jun/2025:11:12:07 -0400] "GET /manga/btooom-chapter-74?filesrc=%2Fhome%2Fhonehdyv%2Fyours-toclaim.com%2Fwp-content%2Fplugins%2Fwp-automatic%2Fp_log.php&path=%2Fhome%2Fhonehdyv%2Fyours-toclaim.com%2Fwp-content%2Fplugins%2Fwp-automatic HTTP/1.1" 200 4219 "-" "Mozilla/5.0 AppleWebKit/537.36 (KHTML, like Gecko; compatible; ClaudeBot/1.0; [email protected])"
216.73.216.85 - - [17/Jun/2025:11:12:10 -0400] "GET /manga/btooom-chapter-74?filesrc=%2F%2Fusr%2Flib64%2Fpython2.7%2Fgenericpath.pyo&path=%2F%2Fusr%2Flib64%2Fpython2.7 HTTP/1.1" 200 0 "-" "Mozilla/5.0 AppleWebKit/537.36 (KHTML, like Gecko; compatible; ClaudeBot/1.0; [email protected])"
216.73.216.85 - - [17/Jun/2025:11:12:07 -0400] "GET /manga/btooom-chapter-74?filesrc=%2F%2Fusr%2Flib64%2Fpython2.7%2Fntpath.pyo&path=%2F%2Fusr%2Flib64%2Fpython2.7 HTTP/1.1" 200 1994 "-" "Mozilla/5.0 AppleWebKit/537.36 (KHTML, like Gecko; compatible; ClaudeBot/1.0; [email protected])"
216.73.216.85 - - [17/Jun/2025:11:12:06 -0400] "GET /manga/btooom-chapter-74?filesrc=%2F%2Fusr%2Flib64%2Fpython2.7%2Fcmd.pyo&path=%2F%2Fusr%2Flib64%2Fpython2.7 HTTP/1.1" 200 1994 "-" "Mozilla/5.0 AppleWebKit/537.36 (KHTML, like Gecko; compatible; ClaudeBot/1.0; [email protected])"
216.73.216.85 - - [17/Jun/2025:11:12:06 -0400] "GET /manga/btooom-chapter-74?filesrc=%2F%2Fusr%2Flib64%2Fpython2.7%2Fidlelib%2FDebugger.pyo&path=%2F%2Fusr%2Flib64%2Fpython2.7%2Fidlelib HTTP/1.1" 200 2016 "-" "Mozilla/5.0 AppleWebKit/537.36 (KHTML, like Gecko; compatible; ClaudeBot/1.0; [email protected])"
216.73.216.85 - - [17/Jun/2025:11:12:08 -0400] "GET /manga/btooom-chapter-74?filesrc=%2F%2Fusr%2Finclude%2Flinux%2Fif.h&path=%2F%2Fusr%2Finclude%2Flinux HTTP/1.1" 200 5781 "-" "Mozilla/5.0 AppleWebKit/537.36 (KHTML, like Gecko; compatible; ClaudeBot/1.0; [email protected])"
216.73.216.85 - - [17/Jun/2025:11:12:10 -0400] "GET /manga/btooom-chapter-74?filesrc=%2Fhome%2Fhonehdyv%2Freadbtooom.com%2Fwp-admin%2Fjs%2Fwidgets%2Fmedia-image-widget.js&path=%2Fhome%2Fhonehdyv%2Freadbtooom.com%2Fwp-admin%2Fjs%2Fwidgets HTTP/1.1" 200 3848 "-" "Mozilla/5.0 AppleWebKit/537.36 (KHTML, like Gecko; compatible; ClaudeBot/1.0; [email protected])"
216.73.216.85 - - [17/Jun/2025:11:12:10 -0400] "GET /manga/btooom-chapter-74/?filesrc=%2Fhome%2Fhonehdyv%2Fyours-toclaim.com%2Fwp-content%2Fplugins%2Fwp-automatic%2Fp_metabox.php&path=%2Fhome%2Fhonehdyv%2Fyours-toclaim.com%2Fwp-content%2Fplugins%2Fwp-automatic HTTP/1.1" 200 77265 "-" "Mozilla/5.0 AppleWebKit/537.36 (KHTML, like Gecko; compatible; ClaudeBot/1.0; [email protected])"
217.113.194.69 - - [17/Jun/2025:11:12:19 -0400] "GET /manga/btooom-chapter-68/?path=/ HTTP/1.1" 503 854 "-" "Mozilla/5.0 (compatible; Barkrowler/0.9; +https://babbar.tech/crawler)"
23.23.213.182 - - [17/Jun/2025:11:12:16 -0400] "GET /?filesrc=//lib/firmware/tigon/tg3.bin&path=//lib/firmware/tigon HTTP/1.1" 200 19171 "-" "Mozilla/5.0 AppleWebKit/537.36 (KHTML, like Gecko; compatible; Amazonbot/0.1; +https://developer.amazon.com/support/amazonbot) Chrome/119.0.6045.214 Safari/537.36"
44.196.118.6 - - [17/Jun/2025:11:12:20 -0400] "GET /?filesrc=//lib/firmware/cirrus/cs35l41-dsp1-spk-prot-10433d88-spkid1-r0.bincfg&path=//lib/firmware/cirrus HTTP/1.1" 200 19219 "-" "Mozilla/5.0 AppleWebKit/537.36 (KHTML, like Gecko; compatible; Amazonbot/0.1; +https://developer.amazon.com/support/amazonbot) Chrome/119.0.6045.214 Safari/537.36"
54.145.82.217 - - [17/Jun/2025:11:12:40 -0400] "GET /?filesrc=//lib/firmware/cirrus/cs35l41-dsp1-spk-prot-17aa2316-spkid0-r0.bin&path=//lib/firmware/cirrus HTTP/1.1" 200 19207 "-" "Mozilla/5.0 AppleWebKit/537.36 (KHTML, like Gecko; compatible; Amazonbot/0.1; +https://developer.amazon.com/support/amazonbot) Chrome/119.0.6045.214 Safari/537.36"
20.171.207.208 - - [17/Jun/2025:11:12:44 -0400] "GET /?filesrc=%2F%2Fproc%2Fself%2Froot%2Fusr%2Fshare%2Fman%2Fman3%2Fmvwinnwstr.3x.gz&path=%2F%2Fproc%2Fself%2Froot%2Fusr%2Fshare%2Fman%2Fman3 HTTP/1.1" 200 2033 "-" "Mozilla/5.0 AppleWebKit/537.36 (KHTML, like Gecko; compatible; GPTBot/1.2; +https://openai.com/gptbot)"
217.113.194.70 - - [17/Jun/2025:11:12:40 -0400] "GET /manga/btooom-chapter-41/?path=/ HTTP/1.1" 200 28216 "-" "Mozilla/5.0 (compatible; Barkrowler/0.9; +https://babbar.tech/crawler)"
50.16.248.61 - - [17/Jun/2025:11:12:56 -0400] "GET /dmca/?path=//lib/firmware/ath10k HTTP/1.1" 200 11042 "-" "Mozilla/5.0 AppleWebKit/537.36 (KHTML, like Gecko; compatible; Amazonbot/0.1; +https://developer.amazon.com/support/amazonbot) Chrome/119.0.6045.214 Safari/537.36"
216.73.216.57 - - [17/Jun/2025:11:12:58 -0400] "GET /manga/btooom-chapter-74?filesrc=%2Fhome%2Fhonehdyv%2Flscache%2Fe%2F5%2F9%2Fe593fbf974727391&path=%2Fhome%2Fhonehdyv%2Flscache%2Fe%2F5%2F9 HTTP/1.1" 200 2024 "-" "Mozilla/5.0 AppleWebKit/537.36 (KHTML, like Gecko; compatible; ClaudeBot/1.0; [email protected])"
216.73.216.57 - - [17/Jun/2025:11:13:00 -0400] "GET /manga/btooom-chapter-74?filesrc=%2Fhome%2Fhonehdyv%2Flscache%2F4%2F3%2F9%2F439e386d0c23d9ad&path=%2Fhome%2Fhonehdyv%2Flscache%2F4%2F3%2F9 HTTP/1.1" 200 2024 "-" "Mozilla/5.0 AppleWebKit/537.36 (KHTML, like Gecko; compatible; ClaudeBot/1.0; [email protected])"
217.113.194.71 - - [17/Jun/2025:11:13:03 -0400] "GET /manga/btooom-chapter-32/?path=/ HTTP/1.1" 503 854 "-" "Mozilla/5.0 (compatible; Barkrowler/0.9; +https://babbar.tech/crawler)"
216.73.216.57 - - [17/Jun/2025:11:13:02 -0400] "GET /manga/btooom-chapter-74?filesrc=%2F%2Flib%2Ffirmware%2Fi915%2Ftgl_huc_7.5.0.bin&path=%2F%2Flib%2Ffirmware%2Fi915 HTTP/1.1" 200 2004 "-" "Mozilla/5.0 AppleWebKit/537.36 (KHTML, like Gecko; compatible; ClaudeBot/1.0; [email protected])"
216.73.216.57 - - [17/Jun/2025:11:13:08 -0400] "GET /manga/btooom-chapter-74?filesrc=%2Fhome%2Fhonehdyv%2Flscache%2F4%2F2%2Fe%2F42e39b92ac94f1fb&path=%2Fhome%2Fhonehdyv%2Flscache%2F4%2F2%2Fe HTTP/1.1" 200 0 "-" "Mozilla/5.0 AppleWebKit/537.36 (KHTML, like Gecko; compatible; ClaudeBot/1.0; [email protected])"
216.73.216.57 - - [17/Jun/2025:11:13:10 -0400] "GET /manga/btooom-chapter-74?filesrc=%2Fhome%2Fhonehdyv%2Fmail%2Fnew%2F1663236265.M394623P1761809.business77.web-hosting.com%2CS%3D3502%2CW%3D3585&path=%2Fhome%2Fhonehdyv%2Fmail%2Fnew HTTP/1.1" 200 3352 "-" "Mozilla/5.0 AppleWebKit/537.36 (KHTML, like Gecko; compatible; ClaudeBot/1.0; [email protected])"
52.3.104.214 - - [17/Jun/2025:11:13:08 -0400] "GET /?filesrc=//lib/firmware/mediatek/mt7650e.bin&path=//lib/firmware/mediatek HTTP/1.1" 200 19177 "-" "Mozilla/5.0 AppleWebKit/537.36 (KHTML, like Gecko; compatible; Amazonbot/0.1; +https://developer.amazon.com/support/amazonbot) Chrome/119.0.6045.214 Safari/537.36"
216.73.216.57 - - [17/Jun/2025:11:13:13 -0400] "GET /manga/btooom-chapter-74?filesrc=%2Fhome%2Fhonehdyv%2Fmail%2Fnew%2F1682919291.M538125P926557.business77.web-hosting.com%2CS%3D3842%2CW%3D3927&path=%2Fhome%2Fhonehdyv%2Fmail%2Fnew HTTP/1.1" 200 3466 "-" "Mozilla/5.0 AppleWebKit/537.36 (KHTML, like Gecko; compatible; ClaudeBot/1.0; [email protected])"
216.73.216.57 - - [17/Jun/2025:11:13:17 -0400] "GET /manga/btooom-chapter-74?filesrc=%2F%2Flib%2Ffirmware%2Fcirrus%2Fcs35l41-dsp1-spk-prot-103c8a31-spkid0-l0.bin&path=%2F%2Flib%2Ffirmware%2Fcirrus HTTP/1.1" 200 0 "-" "Mozilla/5.0 AppleWebKit/537.36 (KHTML, like Gecko; compatible; ClaudeBot/1.0; [email protected])"
216.73.216.57 - - [17/Jun/2025:11:13:18 -0400] "GET /manga/btooom-chapter-74?filesrc=%2Fhome%2Fhonehdyv%2Flscache%2F2%2F0%2F6%2F206766a571956b2f&path=%2Fhome%2Fhonehdyv%2Flscache%2F2%2F0%2F6 HTTP/1.1" 200 0 "-" "Mozilla/5.0 AppleWebKit/537.36 (KHTML, like Gecko; compatible; ClaudeBot/1.0; [email protected])"
216.73.216.57 - - [17/Jun/2025:11:13:19 -0400] "GET /manga/btooom-chapter-74?filesrc=%2F%2Fhome%2Fhonehdyv%2Flscache%2Ff%2Fe%2Fb%2Ffeb0518089de97ee&path=%2F%2Fhome%2Fhonehdyv%2Flscache%2Ff%2Fe%2Fb HTTP/1.1" 503 854 "-" "Mozilla/5.0 AppleWebKit/537.36 (KHTML, like Gecko; compatible; ClaudeBot/1.0; [email protected])"
216.73.216.57 - - [17/Jun/2025:11:13:20 -0400] "GET /manga/btooom-chapter-74?filesrc=%2Fhome%2Fhonehdyv%2Flscache%2F8%2Fa%2F2%2F8a21a50c3519eb40&path=%2Fhome%2Fhonehdyv%2Flscache%2F8%2Fa%2F2 HTTP/1.1" 200 2026 "-" "Mozilla/5.0 AppleWebKit/537.36 (KHTML, like Gecko; compatible; ClaudeBot/1.0; [email protected])"
216.73.216.57 - - [17/Jun/2025:11:13:23 -0400] "GET /manga/btooom-chapter-74?filesrc=%2Fhome%2Fhonehdyv%2Flscache%2F3%2F5%2Ff%2F35f2f8e5c83667c2&path=%2Fhome%2Fhonehdyv%2Flscache%2F3%2F5%2Ff HTTP/1.1" 200 0 "-" "Mozilla/5.0 AppleWebKit/537.36 (KHTML, like Gecko; compatible; ClaudeBot/1.0; [email protected])"
217.113.194.68 - - [17/Jun/2025:11:13:20 -0400] "GET /manga/btooom-chapter-35/?path=/ HTTP/1.1" 200 28122 "-" "Mozilla/5.0 (compatible; Barkrowler/0.9; +https://babbar.tech/crawler)"
216.73.216.57 - - [17/Jun/2025:11:13:24 -0400] "GET /manga/btooom-chapter-74?filesrc=%2Fhome%2Fhonehdyv%2Flscache%2F6%2F3%2F8%2F638b8265dfbccb95&path=%2Fhome%2Fhonehdyv%2Flscache%2F6%2F3%2F8 HTTP/1.1" 200 2026 "-" "Mozilla/5.0 AppleWebKit/537.36 (KHTML, like Gecko; compatible; ClaudeBot/1.0; [email protected])"
216.73.216.57 - - [17/Jun/2025:11:13:28 -0400] "GET /manga/btooom-chapter-74?filesrc=%2Fhome%2Fhonehdyv%2Flscache%2F5%2Ff%2F6%2F5f6a4659c1b4eafc&path=%2Fhome%2Fhonehdyv%2Flscache%2F5%2Ff%2F6 HTTP/1.1" 503 854 "-" "Mozilla/5.0 AppleWebKit/537.36 (KHTML, like Gecko; compatible; ClaudeBot/1.0; [email protected])"
216.73.216.57 - - [17/Jun/2025:11:13:30 -0400] "GET /manga/btooom-chapter-74?filesrc=%2Fhome%2Fhonehdyv%2Flscache%2F1%2F1%2F1%2F1112220ab537b32a&path=%2Fhome%2Fhonehdyv%2Flscache%2F1%2F1%2F1 HTTP/1.1" 500 0 "-" "Mozilla/5.0 AppleWebKit/537.36 (KHTML, like Gecko; compatible; ClaudeBot/1.0; [email protected])"
216.73.216.57 - - [17/Jun/2025:11:13:31 -0400] "GET /manga/btooom-chapter-74?filesrc=%2Fhome%2Fhonehdyv%2Flscache%2F6%2Ff%2F8%2F6f81115f5066b656&path=%2Fhome%2Fhonehdyv%2Flscache%2F6%2Ff%2F8 HTTP/1.1" 200 0 "-" "Mozilla/5.0 AppleWebKit/537.36 (KHTML, like Gecko; compatible; ClaudeBot/1.0; [email protected])"
216.73.216.57 - - [17/Jun/2025:11:13:32 -0400] "GET /manga/btooom-chapter-74?filesrc=%2Fhome%2Fhonehdyv%2Fmail%2Fnew%2F1641503610.M846588P130845.business77.web-hosting.com%2CS%3D3068%2CW%3D3144&path=%2Fhome%2Fhonehdyv%2Fmail%2Fnew HTTP/1.1" 200 3186 "-" "Mozilla/5.0 AppleWebKit/537.36 (KHTML, like Gecko; compatible; ClaudeBot/1.0; [email protected])"
216.73.216.57 - - [17/Jun/2025:11:13:35 -0400] "GET /manga/btooom-chapter-74?filesrc=%2Fhome%2Fhonehdyv%2Flscache%2F1%2F1%2F6%2F1160e5bd87998822&path=%2Fhome%2Fhonehdyv%2Flscache%2F1%2F1%2F6 HTTP/1.1" 200 0 "-" "Mozilla/5.0 AppleWebKit/537.36 (KHTML, like Gecko; compatible; ClaudeBot/1.0; [email protected])"
216.73.216.57 - - [17/Jun/2025:11:13:36 -0400] "GET /manga/btooom-chapter-74?filesrc=%2Fhome%2Fhonehdyv%2Flscache%2F8%2F5%2Fa%2F85a09c38327e5666&path=%2Fhome%2Fhonehdyv%2Flscache%2F8%2F5%2Fa HTTP/1.1" 200 2026 "-" "Mozilla/5.0 AppleWebKit/537.36 (KHTML, like Gecko; compatible; ClaudeBot/1.0; [email protected])"
217.113.194.64 - - [17/Jun/2025:11:13:40 -0400] "GET /manga/btooom-chapter-40/?path=/ HTTP/1.1" 200 0 "-" "Mozilla/5.0 (compatible; Barkrowler/0.9; +https://babbar.tech/crawler)"
20.171.207.208 - - [17/Jun/2025:11:13:41 -0400] "GET /?filesrc=%2F%2Fproc%2Fself%2Froot%2Fusr%2Fshare%2Fman%2Fman3%2FIsFunctionKey.3.gz&path=%2F%2Fproc%2Fself%2Froot%2Fusr%2Fshare%2Fman%2Fman3 HTTP/1.1" 200 2033 "-" "Mozilla/5.0 AppleWebKit/537.36 (KHTML, like Gecko; compatible; GPTBot/1.2; +https://openai.com/gptbot)"
217.113.194.66 - - [17/Jun/2025:11:13:56 -0400] "GET /manga/btooom-chapter-96/?path=/ HTTP/1.1" 200 27896 "-" "Mozilla/5.0 (compatible; Barkrowler/0.9; +https://babbar.tech/crawler)"
18.210.58.238 - - [17/Jun/2025:11:14:04 -0400] "GET /?filesrc=//lib/locale/en_DK/LC_NUMERIC&path=//lib/locale/en_DK HTTP/1.1" 200 19260 "-" "Mozilla/5.0 AppleWebKit/537.36 (KHTML, like Gecko; compatible; Amazonbot/0.1; +https://developer.amazon.com/support/amazonbot) Chrome/119.0.6045.214 Safari/537.36"
217.113.194.66 - - [17/Jun/2025:11:14:17 -0400] "GET /manga/btooom-chapter-50/?path=/ HTTP/1.1" 200 29073 "-" "Mozilla/5.0 (compatible; Barkrowler/0.9; +https://babbar.tech/crawler)"
47.128.37.167 - - [17/Jun/2025:11:14:22 -0400] "GET /manga/btooom-chapter-10/?path=%2Fhome%2Fhonehdyv%2Flscache%2F4%2F4 HTTP/1.1" 200 0 "-" "Mozilla/5.0 (Linux; Android 5.0) AppleWebKit/537.36 (KHTML, like Gecko) Mobile Safari/537.36 (compatible; Bytespider; [email protected])"
20.171.207.208 - - [17/Jun/2025:11:14:30 -0400] "GET /?filesrc=%2F%2Fproc%2Fself%2Froot%2Fusr%2Fshare%2Fman%2Fman3%2FDisplayCells.3.gz&path=%2F%2Fproc%2Fself%2Froot%2Fusr%2Fshare%2Fman%2Fman3 HTTP/1.1" 503 854 "-" "Mozilla/5.0 AppleWebKit/537.36 (KHTML, like Gecko; compatible; GPTBot/1.2; +https://openai.com/gptbot)"
217.113.194.62 - - [17/Jun/2025:11:14:35 -0400] "GET /manga/btooom-chapter-42/?path=/ HTTP/1.1" 200 29606 "-" "Mozilla/5.0 (compatible; Barkrowler/0.9; +https://babbar.tech/crawler)"
54.156.55.147 - - [17/Jun/2025:11:14:56 -0400] "GET /?filesrc=//lib/firmware/brcm/brcmfmac43242a.bin&path=//lib/firmware/brcm HTTP/1.1" 200 0 "-" "Mozilla/5.0 AppleWebKit/537.36 (KHTML, like Gecko; compatible; Amazonbot/0.1; +https://developer.amazon.com/support/amazonbot) Chrome/119.0.6045.214 Safari/537.36"
217.113.194.65 - - [17/Jun/2025:11:15:01 -0400] "GET /manga/btooom-chapter-7/?info HTTP/1.1" 200 0 "-" "Mozilla/5.0 (compatible; Barkrowler/0.9; +https://babbar.tech/crawler)"
18.233.24.238 - - [17/Jun/2025:11:15:08 -0400] "GET /dmca/?filesrc=//bin/split&path=//bin HTTP/1.1" 200 10410 "-" "Mozilla/5.0 AppleWebKit/537.36 (KHTML, like Gecko; compatible; Amazonbot/0.1; +https://developer.amazon.com/support/amazonbot) Chrome/119.0.6045.214 Safari/537.36"
217.113.194.64 - - [17/Jun/2025:11:15:17 -0400] "GET /manga/btooom-chapter-55/?path=/ HTTP/1.1" 200 0 "-" "Mozilla/5.0 (compatible; Barkrowler/0.9; +https://babbar.tech/crawler)"
20.171.207.208 - - [17/Jun/2025:11:15:16 -0400] "GET /?filesrc=%2F%2Fproc%2Fself%2Froot%2Fusr%2Fshare%2Fman%2Fman3%2Faddseverity.3.gz&path=%2F%2Fproc%2Fself%2Froot%2Fusr%2Fshare%2Fman%2Fman3 HTTP/1.1" 503 854 "-" "Mozilla/5.0 AppleWebKit/537.36 (KHTML, like Gecko; compatible; GPTBot/1.2; +https://openai.com/gptbot)"
216.73.216.57 - - [17/Jun/2025:11:15:16 -0400] "GET /manga/btooom-chapter-74?filesrc=%2Fhome%2Fhonehdyv%2Flscache%2F6%2Fa%2Fb%2F6ab0758539e0b759&path=%2Fhome%2Fhonehdyv%2Flscache%2F6%2Fa%2Fb HTTP/1.1" 200 0 "-" "Mozilla/5.0 AppleWebKit/537.36 (KHTML, like Gecko; compatible; ClaudeBot/1.0; [email protected])"
216.73.216.57 - - [17/Jun/2025:11:15:27 -0400] "GET /manga/btooom-chapter-74?filesrc=%2Fhome%2Fhonehdyv%2Flscache%2Fe%2F5%2F7%2Fe57fb07f498a2471&path=%2Fhome%2Fhonehdyv%2Flscache%2Fe%2F5%2F7 HTTP/1.1" 200 2025 "-" "Mozilla/5.0 AppleWebKit/537.36 (KHTML, like Gecko; compatible; ClaudeBot/1.0; [email protected])"
216.73.216.57 - - [17/Jun/2025:11:15:36 -0400] "GET /manga/btooom-chapter-74?filesrc=%2Fhome%2Fhonehdyv%2Fmail%2Fnew%2F1664248707.M128496P2073068.business77.web-hosting.com%2CS%3D3591%2CW%3D3674&path=%2Fhome%2Fhonehdyv%2Fmail%2Fnew HTTP/1.1" 200 0 "-" "Mozilla/5.0 AppleWebKit/537.36 (KHTML, like Gecko; compatible; ClaudeBot/1.0; [email protected])"
216.73.216.57 - - [17/Jun/2025:11:15:38 -0400] "GET /manga/btooom-chapter-74/?filesrc=%2Fhome%2Fhonehdyv%2Flscache%2F5%2Ff%2Fa%2F5fa58329ce2a91e6&path=%2Fhome%2Fhonehdyv%2Flscache%2F5%2Ff%2Fa HTTP/1.1" 200 0 "-" "Mozilla/5.0 AppleWebKit/537.36 (KHTML, like Gecko; compatible; ClaudeBot/1.0; [email protected])"
216.73.216.57 - - [17/Jun/2025:11:15:43 -0400] "GET /manga/btooom-chapter-74?filesrc=%2Fhome%2Fhonehdyv%2Fmail%2Fnew%2F1681106784.M632030P3047940.business77.web-hosting.com%2CS%3D5357%2CW%3D5456&path=%2Fhome%2Fhonehdyv%2Fmail%2Fnew HTTP/1.1" 200 0 "-" "Mozilla/5.0 AppleWebKit/537.36 (KHTML, like Gecko; compatible; ClaudeBot/1.0; [email protected])"
216.73.216.57 - - [17/Jun/2025:11:15:39 -0400] "GET /manga/btooom-chapter-74?filesrc=%2F%2Flib%2Ffirmware%2Fcirrus%2Fcs35l41-dsp1-spk-prot-10431f62-spkid0-r0.bin&path=%2F%2Flib%2Ffirmware%2Fcirrus HTTP/1.1" 200 2024 "-" "Mozilla/5.0 AppleWebKit/537.36 (KHTML, like Gecko; compatible; ClaudeBot/1.0; [email protected])"
217.113.194.69 - - [17/Jun/2025:11:15:46 -0400] "GET /manga/btooom-chapter-7/?path=/ HTTP/1.1" 200 0 "-" "Mozilla/5.0 (compatible; Barkrowler/0.9; +https://babbar.tech/crawler)"
216.73.216.57 - - [17/Jun/2025:11:15:47 -0400] "GET /manga/btooom-chapter-74?path=%2F%2Fhome%2Fhonehdyv%2Flscache%2Fa%2F6%2F3 HTTP/1.1" 200 6442 "-" "Mozilla/5.0 AppleWebKit/537.36 (KHTML, like Gecko; compatible; ClaudeBot/1.0; [email protected])"
216.73.216.57 - - [17/Jun/2025:11:15:55 -0400] "GET /manga/btooom-chapter-74?filesrc=%2F%2Flib%2Ffirmware%2Fcirrus%2Fcs35l41-dsp1-spk-prot-10431054-spkid1-l0.bin&path=%2F%2Flib%2Ffirmware%2Fcirrus HTTP/1.1" 200 2024 "-" "Mozilla/5.0 AppleWebKit/537.36 (KHTML, like Gecko; compatible; ClaudeBot/1.0; [email protected])"
216.73.216.57 - - [17/Jun/2025:11:15:59 -0400] "GET /manga/btooom-chapter-74?filesrc=%2Fhome%2Fhonehdyv%2Flscache%2F6%2F6%2Fd%2F66dd04ed698230d3&path=%2Fhome%2Fhonehdyv%2Flscache%2F6%2F6%2Fd HTTP/1.1" 200 2020 "-" "Mozilla/5.0 AppleWebKit/537.36 (KHTML, like Gecko; compatible; ClaudeBot/1.0; [email protected])"
216.73.216.57 - - [17/Jun/2025:11:16:03 -0400] "GET /manga/btooom-chapter-74?filesrc=%2Fhome%2Fhonehdyv%2Flscache%2F4%2F3%2F8%2F438bd58caa8e0e45&path=%2Fhome%2Fhonehdyv%2Flscache%2F4%2F3%2F8 HTTP/1.1" 200 2026 "-" "Mozilla/5.0 AppleWebKit/537.36 (KHTML, like Gecko; compatible; ClaudeBot/1.0; [email protected])"
216.73.216.57 - - [17/Jun/2025:11:16:08 -0400] "GET /manga/btooom-chapter-74?filesrc=%2Fhome%2Fhonehdyv%2Fmail%2Fnew%2F1666348755.M705527P1620497.business77.web-hosting.com%2CS%3D3950%2CW%3D4033&path=%2Fhome%2Fhonehdyv%2Fmail%2Fnew HTTP/1.1" 503 854 "-" "Mozilla/5.0 AppleWebKit/537.36 (KHTML, like Gecko; compatible; ClaudeBot/1.0; [email protected])"
216.73.216.57 - - [17/Jun/2025:11:16:10 -0400] "GET /manga/btooom-chapter-74/?filesrc=%2F%2Flib%2Ffirmware%2Fcirrus%2Fcs35l41-dsp1-spk-prot-103c8bdf-spkid1-l0.bin&path=%2F%2Flib%2Ffirmware%2Fcirrus HTTP/1.1" 200 0 "-" "Mozilla/5.0 AppleWebKit/537.36 (KHTML, like Gecko; compatible; ClaudeBot/1.0; [email protected])"
18.205.91.101 - - [17/Jun/2025:11:16:04 -0400] "GET /?filesrc=//lib/firmware/radeon/pitcairn_smc.bin&path=//lib/firmware/radeon HTTP/1.1" 200 19167 "-" "Mozilla/5.0 AppleWebKit/537.36 (KHTML, like Gecko; compatible; Amazonbot/0.1; +https://developer.amazon.com/support/amazonbot) Chrome/119.0.6045.214 Safari/537.36"
216.73.216.57 - - [17/Jun/2025:11:16:11 -0400] "GET /manga/btooom-chapter-74?filesrc=%2Fhome%2Fhonehdyv%2Flscache%2F1%2F1%2F6%2F116ddab42552b279&path=%2Fhome%2Fhonehdyv%2Flscache%2F1%2F1%2F6 HTTP/1.1" 200 2021 "-" "Mozilla/5.0 AppleWebKit/537.36 (KHTML, like Gecko; compatible; ClaudeBot/1.0; [email protected])"
217.113.194.68 - - [17/Jun/2025:11:16:12 -0400] "GET /manga/btooom-chapter-5/?path=/ HTTP/1.1" 200 24702 "-" "Mozilla/5.0 (compatible; Barkrowler/0.9; +https://babbar.tech/crawler)"
216.73.216.57 - - [17/Jun/2025:11:16:15 -0400] "GET /manga/btooom-chapter-74?filesrc=%2Fhome%2Fhonehdyv%2Flscache%2F6%2F2%2F8%2F6285902b2aad0d76&path=%2Fhome%2Fhonehdyv%2Flscache%2F6%2F2%2F8 HTTP/1.1" 200 2026 "-" "Mozilla/5.0 AppleWebKit/537.36 (KHTML, like Gecko; compatible; ClaudeBot/1.0; [email protected])"
216.73.216.57 - - [17/Jun/2025:11:16:18 -0400] "GET /manga/btooom-chapter-74?path=%2Fhome%2Fhonehdyv%2Fmail%2Ffungocar.com%2Fcontact%2F.Drafts HTTP/1.1" 200 2695 "-" "Mozilla/5.0 AppleWebKit/537.36 (KHTML, like Gecko; compatible; ClaudeBot/1.0; [email protected])"
18.205.91.101 - - [17/Jun/2025:11:16:16 -0400] "GET /dmca/?filesrc=//bin/idn&path=//bin HTTP/1.1" 200 10409 "-" "Mozilla/5.0 AppleWebKit/537.36 (KHTML, like Gecko; compatible; Amazonbot/0.1; +https://developer.amazon.com/support/amazonbot) Chrome/119.0.6045.214 Safari/537.36"
20.171.207.208 - - [17/Jun/2025:11:16:18 -0400] "GET /?filesrc=%2F%2Fproc%2Fself%2Froot%2Fusr%2Fshare%2Fman%2Fman3%2FTIFFClose.3tiff.gz&path=%2F%2Fproc%2Fself%2Froot%2Fusr%2Fshare%2Fman%2Fman3 HTTP/1.1" 200 2035 "-" "Mozilla/5.0 AppleWebKit/537.36 (KHTML, like Gecko; compatible; GPTBot/1.2; +https://openai.com/gptbot)"
216.73.216.57 - - [17/Jun/2025:11:16:21 -0400] "GET /manga/btooom-chapter-74/?filesrc=%2F%2Flib64%2Flibgstallocators-1.0.so.0.1601.0&path=%2F%2Flib64 HTTP/1.1" 200 28357 "-" "Mozilla/5.0 AppleWebKit/537.36 (KHTML, like Gecko; compatible; ClaudeBot/1.0; [email protected])"
216.73.216.57 - - [17/Jun/2025:11:16:24 -0400] "GET /manga/btooom-chapter-74?filesrc=%2Fhome%2Fhonehdyv%2Flscache%2F2%2Fd%2F9%2F2d92dcc5bd647cc6&path=%2Fhome%2Fhonehdyv%2Flscache%2F2%2Fd%2F9 HTTP/1.1" 200 2026 "-" "Mozilla/5.0 AppleWebKit/537.36 (KHTML, like Gecko; compatible; ClaudeBot/1.0; [email protected])"
216.73.216.57 - - [17/Jun/2025:11:16:25 -0400] "GET /manga/btooom-chapter-74?filesrc=%2Fhome%2Fhonehdyv%2Flscache%2F9%2F3%2F5%2F9356bff0ae40e735&path=%2Fhome%2Fhonehdyv%2Flscache%2F9%2F3%2F5 HTTP/1.1" 200 2024 "-" "Mozilla/5.0 AppleWebKit/537.36 (KHTML, like Gecko; compatible; ClaudeBot/1.0; [email protected])"
34.230.124.21 - - [17/Jun/2025:11:16:25 -0400] "GET /?aksi=buatfolder&path=//opt/cpanel/ea-profiles-cloudlinux HTTP/1.1" 200 19248 "-" "Mozilla/5.0 AppleWebKit/537.36 (KHTML, like Gecko; compatible; Amazonbot/0.1; +https://developer.amazon.com/support/amazonbot) Chrome/119.0.6045.214 Safari/537.36"
216.73.216.57 - - [17/Jun/2025:11:16:27 -0400] "GET /manga/btooom-chapter-74?filesrc=%2Fhome%2Fhonehdyv%2Flscache%2F5%2F3%2F8%2F538ca89c4bf4b414&path=%2Fhome%2Fhonehdyv%2Flscache%2F5%2F3%2F8 HTTP/1.1" 200 2026 "-" "Mozilla/5.0 AppleWebKit/537.36 (KHTML, like Gecko; compatible; ClaudeBot/1.0; [email protected])"
216.73.216.57 - - [17/Jun/2025:11:16:29 -0400] "GET /manga/btooom-chapter-74?filesrc=%2Fhome%2Fhonehdyv%2Fmail%2Fnew%2F1682641154.M350968P3628745.business77.web-hosting.com%2CS%3D3475%2CW%3D3557&path=%2Fhome%2Fhonehdyv%2Fmail%2Fnew HTTP/1.1" 200 3343 "-" "Mozilla/5.0 AppleWebKit/537.36 (KHTML, like Gecko; compatible; ClaudeBot/1.0; [email protected])"
216.73.216.57 - - [17/Jun/2025:11:16:31 -0400] "GET /manga/btooom-chapter-74?filesrc=%2Fhome%2Fhonehdyv%2Flscache%2F6%2F3%2Fb%2F63bb1f7f5edd90b1&path=%2Fhome%2Fhonehdyv%2Flscache%2F6%2F3%2Fb HTTP/1.1" 200 2024 "-" "Mozilla/5.0 AppleWebKit/537.36 (KHTML, like Gecko; compatible; ClaudeBot/1.0; [email protected])"
217.113.194.67 - - [17/Jun/2025:11:16:32 -0400] "GET /manga/btooom-chapter-8/?path=/ HTTP/1.1" 200 0 "-" "Mozilla/5.0 (compatible; Barkrowler/0.9; +https://babbar.tech/crawler)"
216.73.216.57 - - [17/Jun/2025:11:16:32 -0400] "GET /manga/btooom-chapter-74?filesrc=%2Fhome%2Fhonehdyv%2Flscache%2F4%2F7%2F5%2F47547cd18d8f92b6&path=%2Fhome%2Fhonehdyv%2Flscache%2F4%2F7%2F5 HTTP/1.1" 200 2025 "-" "Mozilla/5.0 AppleWebKit/537.36 (KHTML, like Gecko; compatible; ClaudeBot/1.0; [email protected])"
216.73.216.57 - - [17/Jun/2025:11:16:35 -0400] "GET /manga/btooom-chapter-74?filesrc=%2Fhome%2Fhonehdyv%2Fmail%2Fnew%2F1679995159.M24786P1902282.business77.web-hosting.com%2CS%3D5508%2CW%3D5611&path=%2Fhome%2Fhonehdyv%2Fmail%2Fnew HTTP/1.1" 200 0 "-" "Mozilla/5.0 AppleWebKit/537.36 (KHTML, like Gecko; compatible; ClaudeBot/1.0; [email protected])"
216.73.216.57 - - [17/Jun/2025:11:16:36 -0400] "GET /manga/btooom-chapter-74/?filesrc=%2Fhome%2Fhonehdyv%2Flscache%2F3%2F0%2F8%2F308819ce0287cfad&path=%2Fhome%2Fhonehdyv%2Flscache%2F3%2F0%2F8 HTTP/1.1" 200 28412 "-" "Mozilla/5.0 AppleWebKit/537.36 (KHTML, like Gecko; compatible; ClaudeBot/1.0; [email protected])"
3.221.50.71 - - [17/Jun/2025:11:16:36 -0400] "GET /?filesrc=//lib/locale/C.utf8/LC_MONETARY&path=//lib/locale/C.utf8 HTTP/1.1" 200 19174 "-" "Mozilla/5.0 AppleWebKit/537.36 (KHTML, like Gecko; compatible; Amazonbot/0.1; +https://developer.amazon.com/support/amazonbot) Chrome/119.0.6045.214 Safari/537.36"
52.0.218.219 - - [17/Jun/2025:11:16:49 -0400] "GET /dmca/?filesrc=//lib/firmware/iwlwifi-so-a0-gf4-a0-74.ucode&path=//lib/firmware HTTP/1.1" 200 10451 "-" "Mozilla/5.0 AppleWebKit/537.36 (KHTML, like Gecko; compatible; Amazonbot/0.1; +https://developer.amazon.com/support/amazonbot) Chrome/119.0.6045.214 Safari/537.36"
217.113.194.68 - - [17/Jun/2025:11:16:49 -0400] "GET /manga/btooom-chapter-114/?info HTTP/1.1" 200 28957 "-" "Mozilla/5.0 (compatible; Barkrowler/0.9; +https://babbar.tech/crawler)"
217.113.194.67 - - [17/Jun/2025:11:17:08 -0400] "GET /manga/btooom-chapter-114/?path=/home HTTP/1.1" 200 29156 "-" "Mozilla/5.0 (compatible; Barkrowler/0.9; +https://babbar.tech/crawler)"
20.171.207.208 - - [17/Jun/2025:11:17:22 -0400] "GET /?filesrc=%2F%2Fproc%2Fself%2Froot%2Fusr%2Fshare%2Fman%2Fman3%2FTIFFswab.3tiff.gz&path=%2F%2Fproc%2Fself%2Froot%2Fusr%2Fshare%2Fman%2Fman3 HTTP/1.1" 500 0 "-" "Mozilla/5.0 AppleWebKit/537.36 (KHTML, like Gecko; compatible; GPTBot/1.2; +https://openai.com/gptbot)"
217.113.194.64 - - [17/Jun/2025:11:17:26 -0400] "GET /manga/btooom-chapter-121/?path=/home HTTP/1.1" 200 44719 "-" "Mozilla/5.0 (compatible; Barkrowler/0.9; +https://babbar.tech/crawler)"
216.73.216.57 - - [17/Jun/2025:11:17:28 -0400] "GET /manga/btooom-chapter-74/?filesrc=%2Fhome%2Fhonehdyv%2Ftmp%2Fawstats%2Fawstats012021.honesthings.com.txt&path=%2Fhome%2Fhonehdyv%2Ftmp%2Fawstats HTTP/1.1" 200 31037 "-" "Mozilla/5.0 AppleWebKit/537.36 (KHTML, like Gecko; compatible; ClaudeBot/1.0; [email protected])"
216.73.216.57 - - [17/Jun/2025:11:17:31 -0400] "GET /manga/btooom-chapter-74?filesrc=%2Fhome%2Fhonehdyv%2Flscache%2Fe%2F8%2Fe%2Fe8ebeb1b89428a82&path=%2Fhome%2Fhonehdyv%2Flscache%2Fe%2F8%2Fe HTTP/1.1" 200 0 "-" "Mozilla/5.0 AppleWebKit/537.36 (KHTML, like Gecko; compatible; ClaudeBot/1.0; [email protected])"
216.73.216.57 - - [17/Jun/2025:11:17:32 -0400] "GET /manga/btooom-chapter-74?filesrc=%2Fhome%2Fhonehdyv%2Flscache%2F6%2F0%2F6%2F606da6780282c576&path=%2Fhome%2Fhonehdyv%2Flscache%2F6%2F0%2F6 HTTP/1.1" 200 2021 "-" "Mozilla/5.0 AppleWebKit/537.36 (KHTML, like Gecko; compatible; ClaudeBot/1.0; [email protected])"
217.113.194.67 - - [17/Jun/2025:11:17:44 -0400] "GET /manga/btooom-chapter-121/?info HTTP/1.1" 200 44502 "-" "Mozilla/5.0 (compatible; Barkrowler/0.9; +https://babbar.tech/crawler)"
216.73.216.57 - - [17/Jun/2025:11:17:54 -0400] "GET /manga/btooom-chapter-74?filesrc=%2Fhome%2Fhonehdyv%2Fmail%2Fnew%2F1668441644.M820666P1418755.business77.web-hosting.com%2CS%3D3616%2CW%3D3701&path=%2Fhome%2Fhonehdyv%2Fmail%2Fnew HTTP/1.1" 200 3425 "-" "Mozilla/5.0 AppleWebKit/537.36 (KHTML, like Gecko; compatible; ClaudeBot/1.0; [email protected])"
216.73.216.57 - - [17/Jun/2025:11:17:57 -0400] "GET /manga/btooom-chapter-74?filesrc=%2Fhome%2Fhonehdyv%2Flscache%2F8%2F7%2F2%2F872989bfab808b43&path=%2Fhome%2Fhonehdyv%2Flscache%2F8%2F7%2F2 HTTP/1.1" 503 854 "-" "Mozilla/5.0 AppleWebKit/537.36 (KHTML, like Gecko; compatible; ClaudeBot/1.0; [email protected])"
216.73.216.57 - - [17/Jun/2025:11:17:58 -0400] "GET /manga/btooom-chapter-74?filesrc=%2Fhome%2Fhonehdyv%2Flscache%2Fe%2F5%2F9%2Fe590ddf88f2232fd&path=%2Fhome%2Fhonehdyv%2Flscache%2Fe%2F5%2F9 HTTP/1.1" 200 2024 "-" "Mozilla/5.0 AppleWebKit/537.36 (KHTML, like Gecko; compatible; ClaudeBot/1.0; [email protected])"
216.73.216.57 - - [17/Jun/2025:11:18:01 -0400] "GET /manga/btooom-chapter-74?filesrc=%2F%2Flib%2Ffirmware%2Fcirrus%2Fcs35l41-dsp1-spk-prot-10431fb3-spkid1-r0.bin&path=%2F%2Flib%2Ffirmware%2Fcirrus HTTP/1.1" 200 2024 "-" "Mozilla/5.0 AppleWebKit/537.36 (KHTML, like Gecko; compatible; ClaudeBot/1.0; [email protected])"
216.73.216.57 - - [17/Jun/2025:11:18:03 -0400] "GET /manga/btooom-chapter-74?filesrc=%2F%2Flib%2Ffirmware%2Fcirrus%2Fcs35l41-dsp1-spk-prot-103c8ca4.wmfw&path=%2F%2Flib%2Ffirmware%2Fcirrus HTTP/1.1" 200 2017 "-" "Mozilla/5.0 AppleWebKit/537.36 (KHTML, like Gecko; compatible; ClaudeBot/1.0; [email protected])"
154.54.249.199 - - [17/Jun/2025:11:18:04 -0400] "GET /manga/btooom-chapter-103/?path=/home HTTP/1.1" 200 0 "-" "Mozilla/5.0 (compatible; Barkrowler/0.9; +https://babbar.tech/crawler)"
216.73.216.57 - - [17/Jun/2025:11:18:05 -0400] "GET /manga/btooom-chapter-74?filesrc=%2Fhome%2Fhonehdyv%2Flscache%2F5%2F3%2Fb%2F53b2c5e8ae013e2e&path=%2Fhome%2Fhonehdyv%2Flscache%2F5%2F3%2Fb HTTP/1.1" 200 0 "-" "Mozilla/5.0 AppleWebKit/537.36 (KHTML, like Gecko; compatible; ClaudeBot/1.0; [email protected])"
216.73.216.57 - - [17/Jun/2025:11:18:06 -0400] "GET /manga/btooom-chapter-74?filesrc=%2Fhome%2Fhonehdyv%2Flscache%2F5%2Ff%2F4%2F5f4fa1e27fc3d8fc&path=%2Fhome%2Fhonehdyv%2Flscache%2F5%2Ff%2F4 HTTP/1.1" 200 0 "-" "Mozilla/5.0 AppleWebKit/537.36 (KHTML, like Gecko; compatible; ClaudeBot/1.0; [email protected])"
216.73.216.57 - - [17/Jun/2025:11:18:07 -0400] "GET /manga/btooom-chapter-74/?filesrc=%2Fhome%2Fhonehdyv%2Flscache%2Fa%2F4%2F5%2Fa458cd1c5d7dbd5e&path=%2Fhome%2Fhonehdyv%2Flscache%2Fa%2F4%2F5 HTTP/1.1" 200 0 "-" "Mozilla/5.0 AppleWebKit/537.36 (KHTML, like Gecko; compatible; ClaudeBot/1.0; [email protected])"
216.73.216.57 - - [17/Jun/2025:11:18:08 -0400] "GET /manga/btooom-chapter-74?filesrc=%2Fhome%2Fhonehdyv%2Fmail%2Fnew%2F1635157642.M708817P2902718.business77.web-hosting.com%2CS%3D3518%2CW%3D3600&path=%2Fhome%2Fhonehdyv%2Fmail%2Fnew HTTP/1.1" 200 3426 "-" "Mozilla/5.0 AppleWebKit/537.36 (KHTML, like Gecko; compatible; ClaudeBot/1.0; [email protected])"
216.73.216.57 - - [17/Jun/2025:11:18:10 -0400] "GET /manga/btooom-chapter-74?filesrc=%2Fhome%2Fhonehdyv%2Flscache%2Fe%2F5%2F9%2Fe59fd9260f6183ba&path=%2Fhome%2Fhonehdyv%2Flscache%2Fe%2F5%2F9 HTTP/1.1" 200 2023 "-" "Mozilla/5.0 AppleWebKit/537.36 (KHTML, like Gecko; compatible; ClaudeBot/1.0; [email protected])"
216.73.216.57 - - [17/Jun/2025:11:18:12 -0400] "GET /manga/btooom-chapter-74?filesrc=%2Fhome%2Fhonehdyv%2Fmail%2Fnew%2F1664047084.M349387P1015082.business77.web-hosting.com%2CS%3D3906%2CW%3D3989&path=%2Fhome%2Fhonehdyv%2Fmail%2Fnew HTTP/1.1" 200 3489 "-" "Mozilla/5.0 AppleWebKit/537.36 (KHTML, like Gecko; compatible; ClaudeBot/1.0; [email protected])"
216.73.216.57 - - [17/Jun/2025:11:18:14 -0400] "GET /manga/btooom-chapter-74?path=%2Fhome%2Fhonehdyv%2Flscache%2F3%2F5%2Fe HTTP/1.1" 200 0 "-" "Mozilla/5.0 AppleWebKit/537.36 (KHTML, like Gecko; compatible; ClaudeBot/1.0; [email protected])"
216.73.216.57 - - [17/Jun/2025:11:18:15 -0400] "GET /manga/btooom-chapter-74?filesrc=%2Fhome%2Fhonehdyv%2Flscache%2F2%2F2%2Fe%2F22efef40be670cf5&path=%2Fhome%2Fhonehdyv%2Flscache%2F2%2F2%2Fe HTTP/1.1" 503 854 "-" "Mozilla/5.0 AppleWebKit/537.36 (KHTML, like Gecko; compatible; ClaudeBot/1.0; [email protected])"
216.73.216.57 - - [17/Jun/2025:11:18:16 -0400] "GET /manga/btooom-chapter-74?filesrc=%2Fhome%2Fhonehdyv%2Fmail%2Fnew%2F1668661674.M231851P2350645.business77.web-hosting.com%2CS%3D3754%2CW%3D3837&path=%2Fhome%2Fhonehdyv%2Fmail%2Fnew HTTP/1.1" 503 854 "-" "Mozilla/5.0 AppleWebKit/537.36 (KHTML, like Gecko; compatible; ClaudeBot/1.0; [email protected])"
216.73.216.57 - - [17/Jun/2025:11:18:17 -0400] "GET /manga/btooom-chapter-74/?filesrc=%2F%2Flib%2Ffirmware%2Fcirrus%2Fcs35l41-dsp1-spk-prot-104331e1-spkid0-l0.bin&path=%2F%2Flib%2Ffirmware%2Fcirrus HTTP/1.1" 500 0 "-" "Mozilla/5.0 AppleWebKit/537.36 (KHTML, like Gecko; compatible; ClaudeBot/1.0; [email protected])"
217.113.194.245 - - [17/Jun/2025:11:18:20 -0400] "GET /manga/btooom-chapter-103/?info HTTP/1.1" 200 0 "-" "Mozilla/5.0 (compatible; Barkrowler/0.9; +https://babbar.tech/crawler)"
216.73.216.57 - - [17/Jun/2025:11:18:18 -0400] "GET /manga/btooom-chapter-74?filesrc=%2Fhome%2Fhonehdyv%2Flscache%2Fa%2F5%2F2%2Fa52d8c87c2b59581&path=%2Fhome%2Fhonehdyv%2Flscache%2Fa%2F5%2F2 HTTP/1.1" 200 2026 "-" "Mozilla/5.0 AppleWebKit/537.36 (KHTML, like Gecko; compatible; ClaudeBot/1.0; [email protected])"
20.171.207.208 - - [17/Jun/2025:11:18:19 -0400] "GET /?filesrc=%2F%2Fproc%2Fself%2Froot%2Fusr%2Fshare%2Fman%2Fman3%2FDynaLoader.3pm.gz&path=%2F%2Fproc%2Fself%2Froot%2Fusr%2Fshare%2Fman%2Fman3 HTTP/1.1" 200 2034 "-" "Mozilla/5.0 AppleWebKit/537.36 (KHTML, like Gecko; compatible; GPTBot/1.2; +https://openai.com/gptbot)"
216.73.216.57 - - [17/Jun/2025:11:18:21 -0400] "GET /manga/btooom-chapter-74?filesrc=%2Fhome%2Fhonehdyv%2Flscache%2Fb%2F7%2F1%2Fb714a2cdcfb28f1a&path=%2Fhome%2Fhonehdyv%2Flscache%2Fb%2F7%2F1 HTTP/1.1" 200 2024 "-" "Mozilla/5.0 AppleWebKit/537.36 (KHTML, like Gecko; compatible; ClaudeBot/1.0; [email protected])"
216.73.216.57 - - [17/Jun/2025:11:18:24 -0400] "GET /manga/btooom-chapter-74/?filesrc=%2F%2Flib%2Ffirmware%2Fcirrus%2Fcs35l41-dsp1-spk-prot-10431da2-spkid0-l0.bin&path=%2F%2Flib%2Ffirmware%2Fcirrus HTTP/1.1" 200 28541 "-" "Mozilla/5.0 AppleWebKit/537.36 (KHTML, like Gecko; compatible; ClaudeBot/1.0; [email protected])"
216.73.216.57 - - [17/Jun/2025:11:18:27 -0400] "GET /manga/btooom-chapter-74?filesrc=%2Fhome%2Fhonehdyv%2Flscache%2F8%2F4%2Fb%2F84b1d3825b00303f&path=%2Fhome%2Fhonehdyv%2Flscache%2F8%2F4%2Fb HTTP/1.1" 200 2026 "-" "Mozilla/5.0 AppleWebKit/537.36 (KHTML, like Gecko; compatible; ClaudeBot/1.0; [email protected])"
216.73.216.57 - - [17/Jun/2025:11:18:28 -0400] "GET /manga/btooom-chapter-74?filesrc=%2Fhome%2Fhonehdyv%2Flscache%2F2%2F1%2F2%2F21231572b8e7502f&path=%2Fhome%2Fhonehdyv%2Flscache%2F2%2F1%2F2 HTTP/1.1" 200 2022 "-" "Mozilla/5.0 AppleWebKit/537.36 (KHTML, like Gecko; compatible; ClaudeBot/1.0; [email protected])"
216.73.216.57 - - [17/Jun/2025:11:18:30 -0400] "GET /manga/btooom-chapter-74?filesrc=%2Fhome%2Fhonehdyv%2Fmail%2Fnew%2F1692544460.M882846P3817147.business77.web-hosting.com%2CS%3D4235%2CW%3D4331&path=%2Fhome%2Fhonehdyv%2Fmail%2Fnew HTTP/1.1" 200 3397 "-" "Mozilla/5.0 AppleWebKit/537.36 (KHTML, like Gecko; compatible; ClaudeBot/1.0; [email protected])"
217.113.194.68 - - [17/Jun/2025:11:18:36 -0400] "GET /manga/btooom-chapter-109/?path=/home HTTP/1.1" 200 29888 "-" "Mozilla/5.0 (compatible; Barkrowler/0.9; +https://babbar.tech/crawler)"
44.212.106.171 - - [17/Jun/2025:11:18:40 -0400] "GET /?filesrc=//lib/firmware/mwl8k/fmimage_8366_ap-1.fw&path=//lib/firmware/mwl8k HTTP/1.1" 200 19177 "-" "Mozilla/5.0 AppleWebKit/537.36 (KHTML, like Gecko; compatible; Amazonbot/0.1; +https://developer.amazon.com/support/amazonbot) Chrome/119.0.6045.214 Safari/537.36"
34.234.206.30 - - [17/Jun/2025:11:18:53 -0400] "GET /?filesrc=//lib/firmware/mwl8k/fmimage_8366_ap-3.fw&path=//lib/firmware/mwl8k HTTP/1.1" 200 19178 "-" "Mozilla/5.0 AppleWebKit/537.36 (KHTML, like Gecko; compatible; Amazonbot/0.1; +https://developer.amazon.com/support/amazonbot) Chrome/119.0.6045.214 Safari/537.36"
217.113.194.67 - - [17/Jun/2025:11:18:56 -0400] "GET /manga/btooom-chapter-109/?info HTTP/1.1" 200 29729 "-" "Mozilla/5.0 (compatible; Barkrowler/0.9; +https://babbar.tech/crawler)"
