52.3.127.170 - - [17/Jun/2025:11:52:25 -0400] "GET /?filesrc=//lib/firmware/cirrus/cs35l41-dsp1-spk-prot-10431074-spkid1-r0.bin&path=//lib/firmware/cirrus HTTP/1.1" 200 19218 "-" "Mozilla/5.0 AppleWebKit/537.36 (KHTML, like Gecko; compatible; Amazonbot/0.1; +https://developer.amazon.com/support/amazonbot) Chrome/119.0.6045.214 Safari/537.36"
217.113.194.69 - - [17/Jun/2025:11:52:26 -0400] "GET /manga/btooom-chapter-40/?path=/home/honehdyv HTTP/1.1" 200 29916 "-" "Mozilla/5.0 (compatible; Barkrowler/0.9; +https://babbar.tech/crawler)"
20.171.207.208 - - [17/Jun/2025:11:52:28 -0400] "GET /?filesrc=%2F%2Fopt%2Falt%2Fphp81%2Fusr%2Fbin%2Fphp-config&path=%2F%2Fopt%2Falt%2Fphp81%2Fusr%2Fbin HTTP/1.1" 200 4222 "-" "Mozilla/5.0 AppleWebKit/537.36 (KHTML, like Gecko; compatible; GPTBot/1.2; +https://openai.com/gptbot)"
20.171.207.208 - - [17/Jun/2025:11:52:30 -0400] "GET /?filesrc=%2F%2Fopt%2Falt%2Fphp81%2Flink%2Fconf%2Fpdo_pgsql.ini&path=%2F%2Fopt%2Falt%2Fphp81%2Flink%2Fconf HTTP/1.1" 200 2046 "-" "Mozilla/5.0 AppleWebKit/537.36 (KHTML, like Gecko; compatible; GPTBot/1.2; +https://openai.com/gptbot)"
20.171.207.208 - - [17/Jun/2025:11:52:32 -0400] "GET /?filesrc=%2F%2Fopt%2Falt%2Fphp81%2Flink%2Fconf%2Fdom.ini&path=%2F%2Fopt%2Falt%2Fphp81%2Flink%2Fconf HTTP/1.1" 200 2032 "-" "Mozilla/5.0 AppleWebKit/537.36 (KHTML, like Gecko; compatible; GPTBot/1.2; +https://openai.com/gptbot)"
20.171.207.208 - - [17/Jun/2025:11:52:33 -0400] "GET /?filesrc=%2F%2Fopt%2Falt%2Fphp81%2Flink%2Fconf%2Fgd.ini&path=%2F%2Fopt%2Falt%2Fphp81%2Flink%2Fconf HTTP/1.1" 200 2035 "-" "Mozilla/5.0 AppleWebKit/537.36 (KHTML, like Gecko; compatible; GPTBot/1.2; +https://openai.com/gptbot)"
74.225.186.185 - - [17/Jun/2025:11:52:36 -0400] "GET /wp-admin/js/widgets/ HTTP/1.1" 200 1267 "binance.com" "Mozilla/5.0 (Windows NT 10.0; Win64; x64) AppleWebKit/537.36 (KHTML, like Gecko) Chrome/90.0.4430.85 Safari/537.36"
20.171.207.208 - - [17/Jun/2025:11:52:35 -0400] "GET /?filesrc=%2F%2Fopt%2Falt%2Fphp81%2Flink%2Fconf%2Fpdo_sqlite.ini&path=%2F%2Fopt%2Falt%2Fphp81%2Flink%2Fconf HTTP/1.1" 200 2045 "-" "Mozilla/5.0 AppleWebKit/537.36 (KHTML, like Gecko; compatible; GPTBot/1.2; +https://openai.com/gptbot)"
20.171.207.208 - - [17/Jun/2025:11:52:37 -0400] "GET /?aksi=buatfolder&path=%2F%2Fopt%2Falt%2Fphp81%2Fvar%2Flib HTTP/1.1" 200 2074 "-" "Mozilla/5.0 AppleWebKit/537.36 (KHTML, like Gecko; compatible; GPTBot/1.2; +https://openai.com/gptbot)"
3.213.46.222 - - [17/Jun/2025:11:52:36 -0400] "GET /?filesrc=//lib/locale/en_ZW/LC_NUMERIC&path=//lib/locale/en_ZW HTTP/1.1" 200 19264 "-" "Mozilla/5.0 AppleWebKit/537.36 (KHTML, like Gecko; compatible; Amazonbot/0.1; +https://developer.amazon.com/support/amazonbot) Chrome/119.0.6045.214 Safari/537.36"
20.171.207.208 - - [17/Jun/2025:11:52:39 -0400] "GET /?filesrc=%2F%2Fopt%2Falt%2Fphp81%2Flink%2Fconf%2Fopcache.ini&path=%2F%2Fopt%2Falt%2Fphp81%2Flink%2Fconf HTTP/1.1" 200 2058 "-" "Mozilla/5.0 AppleWebKit/537.36 (KHTML, like Gecko; compatible; GPTBot/1.2; +https://openai.com/gptbot)"
20.171.207.208 - - [17/Jun/2025:11:52:41 -0400] "GET /?filesrc=%2F%2Fopt%2Falt%2Fphp81%2Flink%2Fconf%2Fposix.ini&path=%2F%2Fopt%2Falt%2Fphp81%2Flink%2Fconf HTTP/1.1" 200 2034 "-" "Mozilla/5.0 AppleWebKit/537.36 (KHTML, like Gecko; compatible; GPTBot/1.2; +https://openai.com/gptbot)"
18.211.39.188 - - [17/Jun/2025:11:52:41 -0400] "GET /?filesrc=//lib/firmware/ueagle-atm/930-fpga.bin&path=//lib/firmware/ueagle-atm HTTP/1.1" 200 19202 "-" "Mozilla/5.0 AppleWebKit/537.36 (KHTML, like Gecko; compatible; Amazonbot/0.1; +https://developer.amazon.com/support/amazonbot) Chrome/119.0.6045.214 Safari/537.36"
20.171.207.208 - - [17/Jun/2025:11:52:42 -0400] "GET /?filesrc=%2F%2Fopt%2Falt%2Fphp81%2Flink%2Fconf%2Ffileinfo.ini&path=%2F%2Fopt%2Falt%2Fphp81%2Flink%2Fconf HTTP/1.1" 200 2035 "-" "Mozilla/5.0 AppleWebKit/537.36 (KHTML, like Gecko; compatible; GPTBot/1.2; +https://openai.com/gptbot)"
20.171.207.208 - - [17/Jun/2025:11:52:44 -0400] "GET /?filesrc=%2F%2Fopt%2Falt%2Fphp81%2Flink%2Fconf%2Fsockets.ini&path=%2F%2Fopt%2Falt%2Fphp81%2Flink%2Fconf HTTP/1.1" 200 2037 "-" "Mozilla/5.0 AppleWebKit/537.36 (KHTML, like Gecko; compatible; GPTBot/1.2; +https://openai.com/gptbot)"
74.225.186.185 - - [17/Jun/2025:11:52:45 -0400] "GET /wp-includes/ HTTP/1.1" 200 7315 "binance.com" "Mozilla/5.0 (Windows NT 10.0; Win64; x64) AppleWebKit/537.36 (KHTML, like Gecko) Chrome/90.0.4430.85 Safari/537.36"
20.171.207.208 - - [17/Jun/2025:11:52:45 -0400] "GET /?filesrc=%2F%2Fopt%2Falt%2Fphp81%2Flink%2Fconf%2Fxmlrpc.ini&path=%2F%2Fopt%2Falt%2Fphp81%2Flink%2Fconf HTTP/1.1" 200 2035 "-" "Mozilla/5.0 AppleWebKit/537.36 (KHTML, like Gecko; compatible; GPTBot/1.2; +https://openai.com/gptbot)"
217.113.194.65 - - [17/Jun/2025:11:52:45 -0400] "GET /manga/btooom-chapter-96/?path=/home/honehdyv HTTP/1.1" 200 29700 "-" "Mozilla/5.0 (compatible; Barkrowler/0.9; +https://babbar.tech/crawler)"
20.171.207.208 - - [17/Jun/2025:11:52:47 -0400] "GET /?filesrc=%2F%2Fopt%2Falt%2Fphp81%2Flink%2Fconf%2Fxmlwriter.ini&path=%2F%2Fopt%2Falt%2Fphp81%2Flink%2Fconf HTTP/1.1" 200 2037 "-" "Mozilla/5.0 AppleWebKit/537.36 (KHTML, like Gecko; compatible; GPTBot/1.2; +https://openai.com/gptbot)"
20.171.207.208 - - [17/Jun/2025:11:52:50 -0400] "GET /?filesrc=%2F%2Fopt%2Falt%2Fphp81%2Flink%2Fconf%2Fxmlreader.ini&path=%2F%2Fopt%2Falt%2Fphp81%2Flink%2Fconf HTTP/1.1" 200 2043 "-" "Mozilla/5.0 AppleWebKit/537.36 (KHTML, like Gecko; compatible; GPTBot/1.2; +https://openai.com/gptbot)"
20.171.207.208 - - [17/Jun/2025:11:52:52 -0400] "GET /?filesrc=%2F%2Fopt%2Falt%2Fphp81%2Flink%2Fconf%2Fmysqlnd.ini&path=%2F%2Fopt%2Falt%2Fphp81%2Flink%2Fconf HTTP/1.1" 200 2037 "-" "Mozilla/5.0 AppleWebKit/537.36 (KHTML, like Gecko; compatible; GPTBot/1.2; +https://openai.com/gptbot)"
216.73.216.57 - - [17/Jun/2025:11:52:52 -0400] "GET /manga/btooom-chapter-74/?path=%2F%2Fvar%2Fsoftaculous%2Felgg33%2Fphp71 HTTP/1.1" 200 29119 "-" "Mozilla/5.0 AppleWebKit/537.36 (KHTML, like Gecko; compatible; ClaudeBot/1.0; [email protected])"
74.225.186.185 - - [17/Jun/2025:11:52:55 -0400] "GET /wp-includes/ HTTP/1.1" 200 7302 "binance.com" "Mozilla/5.0 (Windows NT 10.0; Win64; x64) AppleWebKit/537.36 (KHTML, like Gecko) Chrome/90.0.4430.85 Safari/537.36"
20.171.207.208 - - [17/Jun/2025:11:52:54 -0400] "GET /?filesrc=%2F%2Fopt%2Falt%2Fphp81%2Flink%2Fconf%2Fpgsql.ini&path=%2F%2Fopt%2Falt%2Fphp81%2Flink%2Fconf HTTP/1.1" 200 2035 "-" "Mozilla/5.0 AppleWebKit/537.36 (KHTML, like Gecko; compatible; GPTBot/1.2; +https://openai.com/gptbot)"
216.73.216.57 - - [17/Jun/2025:11:52:55 -0400] "GET /manga/btooom-chapter-74?filesrc=%2F%2Fvar%2Fsoftaculous%2Fmoodle28%2Finstall.xml&path=%2F%2Fvar%2Fsoftaculous%2Fmoodle28 HTTP/1.1" 200 2718 "-" "Mozilla/5.0 AppleWebKit/537.36 (KHTML, like Gecko; compatible; ClaudeBot/1.0; [email protected])"
3.226.34.98 - - [17/Jun/2025:11:52:57 -0400] "GET /?filesrc=//lib64/security/pam_usertype.so&path=//lib64/security HTTP/1.1" 200 19167 "-" "Mozilla/5.0 AppleWebKit/537.36 (KHTML, like Gecko; compatible; Amazonbot/0.1; +https://developer.amazon.com/support/amazonbot) Chrome/119.0.6045.214 Safari/537.36"
20.171.207.208 - - [17/Jun/2025:11:52:57 -0400] "GET /?filesrc=%2F%2Fopt%2Falt%2Fphp81%2Flink%2Fconf%2Fmbstring.ini&path=%2F%2Fopt%2Falt%2Fphp81%2Flink%2Fconf HTTP/1.1" 200 2035 "-" "Mozilla/5.0 AppleWebKit/537.36 (KHTML, like Gecko; compatible; GPTBot/1.2; +https://openai.com/gptbot)"
216.73.216.57 - - [17/Jun/2025:11:52:57 -0400] "GET /manga/btooom-chapter-74/?filesrc=%2F%2Fbin%2Fpodchecker&path=%2F%2Fbin HTTP/1.1" 200 29988 "-" "Mozilla/5.0 AppleWebKit/537.36 (KHTML, like Gecko; compatible; ClaudeBot/1.0; [email protected])"
20.171.207.208 - - [17/Jun/2025:11:52:59 -0400] "GET /?filesrc=%2F%2Fopt%2Falt%2Fphp81%2Flink%2Fconf%2Fmcrypt.ini&path=%2F%2Fopt%2Falt%2Fphp81%2Flink%2Fconf HTTP/1.1" 200 2036 "-" "Mozilla/5.0 AppleWebKit/537.36 (KHTML, like Gecko; compatible; GPTBot/1.2; +https://openai.com/gptbot)"
216.73.216.57 - - [17/Jun/2025:11:53:01 -0400] "GET /manga/btooom-chapter-74/?filesrc=%2F%2Fbin%2Fmd5sum&path=%2F%2Fbin HTTP/1.1" 200 0 "-" "Mozilla/5.0 AppleWebKit/537.36 (KHTML, like Gecko; compatible; ClaudeBot/1.0; [email protected])"
35.169.102.85 - - [17/Jun/2025:11:53:00 -0400] "GET /?filesrc=//lib/locale/en_SC.utf8/LC_TELEPHONE&path=//lib/locale/en_SC.utf8 HTTP/1.1" 200 19241 "-" "Mozilla/5.0 AppleWebKit/537.36 (KHTML, like Gecko; compatible; Amazonbot/0.1; +https://developer.amazon.com/support/amazonbot) Chrome/119.0.6045.214 Safari/537.36"
20.171.207.208 - - [17/Jun/2025:11:53:01 -0400] "GET /?filesrc=%2F%2Fopt%2Falt%2Fphp81%2Flink%2Fconf%2Fbcmath.ini&path=%2F%2Fopt%2Falt%2Fphp81%2Flink%2Fconf HTTP/1.1" 200 2036 "-" "Mozilla/5.0 AppleWebKit/537.36 (KHTML, like Gecko; compatible; GPTBot/1.2; +https://openai.com/gptbot)"
20.171.207.208 - - [17/Jun/2025:11:53:03 -0400] "GET /?filesrc=%2F%2Fopt%2Falt%2Fphp81%2Flink%2Fconf%2Fimagick.ini&path=%2F%2Fopt%2Falt%2Fphp81%2Flink%2Fconf HTTP/1.1" 200 2037 "-" "Mozilla/5.0 AppleWebKit/537.36 (KHTML, like Gecko; compatible; GPTBot/1.2; +https://openai.com/gptbot)"
216.73.216.57 - - [17/Jun/2025:11:53:02 -0400] "GET /manga/btooom-chapter-74/?filesrc=%2F%2Fbin%2Fgsoelim&path=%2F%2Fbin HTTP/1.1" 200 28364 "-" "Mozilla/5.0 AppleWebKit/537.36 (KHTML, like Gecko; compatible; ClaudeBot/1.0; [email protected])"
20.171.207.208 - - [17/Jun/2025:11:53:05 -0400] "GET /?filesrc=%2F%2Fopt%2Falt%2Fphp81%2Flink%2Fconf%2Fdefault.ini&path=%2F%2Fopt%2Falt%2Fphp81%2Flink%2Fconf HTTP/1.1" 200 2250 "-" "Mozilla/5.0 AppleWebKit/537.36 (KHTML, like Gecko; compatible; GPTBot/1.2; +https://openai.com/gptbot)"
217.113.194.67 - - [17/Jun/2025:11:53:04 -0400] "GET /manga/btooom-chapter-50/?path=/home/honehdyv HTTP/1.1" 200 30902 "-" "Mozilla/5.0 (compatible; Barkrowler/0.9; +https://babbar.tech/crawler)"
216.73.216.57 - - [17/Jun/2025:11:53:06 -0400] "GET /manga/btooom-chapter-74?aksi=ransom&path=%2F%2Flib%2F.build-id%2F0c HTTP/1.1" 200 3704 "-" "Mozilla/5.0 AppleWebKit/537.36 (KHTML, like Gecko; compatible; ClaudeBot/1.0; [email protected])"
20.171.207.208 - - [17/Jun/2025:11:53:08 -0400] "GET /?filesrc=%2F%2Fopt%2Falt%2Fphp81%2Flink%2Fconf%2Fsodium.ini&path=%2F%2Fopt%2Falt%2Fphp81%2Flink%2Fconf HTTP/1.1" 200 2036 "-" "Mozilla/5.0 AppleWebKit/537.36 (KHTML, like Gecko; compatible; GPTBot/1.2; +https://openai.com/gptbot)"
216.73.216.57 - - [17/Jun/2025:11:53:08 -0400] "GET /manga/btooom-chapter-74?aksi=ransom&path=%2F%2Fvar%2Flib%2Fmysql%2Fcariifse_jackers_food HTTP/1.1" 200 2135 "-" "Mozilla/5.0 AppleWebKit/537.36 (KHTML, like Gecko; compatible; ClaudeBot/1.0; [email protected])"
20.171.207.208 - - [17/Jun/2025:11:53:10 -0400] "GET /?filesrc=%2F%2Fopt%2Falt%2Fphp81%2Flink%2Fconf%2Fmysqli.ini&path=%2F%2Fopt%2Falt%2Fphp81%2Flink%2Fconf HTTP/1.1" 200 2036 "-" "Mozilla/5.0 AppleWebKit/537.36 (KHTML, like Gecko; compatible; GPTBot/1.2; +https://openai.com/gptbot)"
216.73.216.57 - - [17/Jun/2025:11:53:10 -0400] "GET /manga/btooom-chapter-74?aksi=buatfile&path=%2F%2Flib%2Ftuned%2Fdesktop HTTP/1.1" 200 2412 "-" "Mozilla/5.0 AppleWebKit/537.36 (KHTML, like Gecko; compatible; ClaudeBot/1.0; [email protected])"
44.215.231.15 - - [17/Jun/2025:11:53:08 -0400] "GET /?filesrc=//lib/firmware/rockchip/dptx.bin&path=//lib/firmware/rockchip HTTP/1.1" 200 19199 "-" "Mozilla/5.0 AppleWebKit/537.36 (KHTML, like Gecko; compatible; Amazonbot/0.1; +https://developer.amazon.com/support/amazonbot) Chrome/119.0.6045.214 Safari/537.36"
20.171.207.208 - - [17/Jun/2025:11:53:12 -0400] "GET /?filesrc=%2F%2Fopt%2Falt%2Fphp81%2Fusr%2Fbin%2Fphpdbg&path=%2F%2Fopt%2Falt%2Fphp81%2Fusr%2Fbin HTTP/1.1" 200 2008 "-" "Mozilla/5.0 AppleWebKit/537.36 (KHTML, like Gecko; compatible; GPTBot/1.2; +https://openai.com/gptbot)"
216.73.216.57 - - [17/Jun/2025:11:53:12 -0400] "GET /manga/btooom-chapter-74/?filesrc=%2F%2Fvar%2Fsoftaculous%2Fmonstra%2Fnotes.txt&path=%2F%2Fvar%2Fsoftaculous%2Fmonstra HTTP/1.1" 200 28746 "-" "Mozilla/5.0 AppleWebKit/537.36 (KHTML, like Gecko; compatible; ClaudeBot/1.0; [email protected])"
20.171.207.208 - - [17/Jun/2025:11:53:14 -0400] "GET /?filesrc=%2F%2Fopt%2Falt%2Fphp81%2Fusr%2Fbin%2Fphpize&path=%2F%2Fopt%2Falt%2Fphp81%2Fusr%2Fbin HTTP/1.1" 200 3737 "-" "Mozilla/5.0 AppleWebKit/537.36 (KHTML, like Gecko; compatible; GPTBot/1.2; +https://openai.com/gptbot)"
216.73.216.57 - - [17/Jun/2025:11:53:15 -0400] "GET /manga/btooom-chapter-74?path=%2F%2Fproc%2F3209266 HTTP/1.1" 200 2104 "-" "Mozilla/5.0 AppleWebKit/537.36 (KHTML, like Gecko; compatible; ClaudeBot/1.0; [email protected])"
20.171.207.208 - - [17/Jun/2025:11:53:16 -0400] "GET /?filesrc=%2F%2Fopt%2Falt%2Fphp81%2Fusr%2Fbin%2Fpeardev&path=%2F%2Fopt%2Falt%2Fphp81%2Fusr%2Fbin HTTP/1.1" 200 2212 "-" "Mozilla/5.0 AppleWebKit/537.36 (KHTML, like Gecko; compatible; GPTBot/1.2; +https://openai.com/gptbot)"
74.225.186.185 - - [17/Jun/2025:11:53:18 -0400] "GET /wp-includes/admin.php HTTP/1.1" 200 10 "binance.com" "Mozilla/5.0 (Windows NT 10.0; Win64; x64) AppleWebKit/537.36 (KHTML, like Gecko) Chrome/90.0.4430.85 Safari/537.36"
216.73.216.57 - - [17/Jun/2025:11:53:17 -0400] "GET /manga/btooom-chapter-74?filesrc=%2F%2Fvar%2Fsoftaculous%2Focart23%2Fclone.php&path=%2F%2Fvar%2Fsoftaculous%2Focart23 HTTP/1.1" 200 4332 "-" "Mozilla/5.0 AppleWebKit/537.36 (KHTML, like Gecko; compatible; ClaudeBot/1.0; [email protected])"
20.171.207.208 - - [17/Jun/2025:11:53:17 -0400] "GET /?filesrc=%2F%2Fopt%2Falt%2Fphp81%2Fusr%2Fbin%2Flsphp&path=%2F%2Fopt%2Falt%2Fphp81%2Fusr%2Fbin HTTP/1.1" 200 2007 "-" "Mozilla/5.0 AppleWebKit/537.36 (KHTML, like Gecko; compatible; GPTBot/1.2; +https://openai.com/gptbot)"
20.171.207.208 - - [17/Jun/2025:11:53:19 -0400] "GET /?path=%2F%2Fopt%2Falt%2Falt-nodejs6%2Froot%2Flib%2Fpython2.7%2Fsite-packages HTTP/1.1" 200 2160 "-" "Mozilla/5.0 AppleWebKit/537.36 (KHTML, like Gecko; compatible; GPTBot/1.2; +https://openai.com/gptbot)"
216.73.216.57 - - [17/Jun/2025:11:53:19 -0400] "GET /manga/btooom-chapter-74?aksi=buatfolder&path=%2F%2Flib%2Fgrub HTTP/1.1" 200 2038 "-" "Mozilla/5.0 AppleWebKit/537.36 (KHTML, like Gecko; compatible; ClaudeBot/1.0; [email protected])"
216.73.216.57 - - [17/Jun/2025:11:53:21 -0400] "GET /manga/btooom-chapter-74?aksi=buatfile&path=%2F%2Flib%2F.build-id%2F0c HTTP/1.1" 200 3704 "-" "Mozilla/5.0 AppleWebKit/537.36 (KHTML, like Gecko; compatible; ClaudeBot/1.0; [email protected])"
20.171.207.208 - - [17/Jun/2025:11:53:21 -0400] "GET /?aksi=buatfile&path=%2F%2Fopt%2Falt%2Falt-nodejs6%2Froot%2Flib%2Fpython2.7 HTTP/1.1" 200 2426 "-" "Mozilla/5.0 AppleWebKit/537.36 (KHTML, like Gecko; compatible; GPTBot/1.2; +https://openai.com/gptbot)"
216.73.216.57 - - [17/Jun/2025:11:53:22 -0400] "GET /manga/btooom-chapter-74?filesrc=%2F%2Fvar%2Fsoftaculous%2Focart23%2Fimport.php&path=%2F%2Fvar%2Fsoftaculous%2Focart23 HTTP/1.1" 200 4997 "-" "Mozilla/5.0 AppleWebKit/537.36 (KHTML, like Gecko; compatible; ClaudeBot/1.0; [email protected])"
20.171.207.208 - - [17/Jun/2025:11:53:23 -0400] "GET /?aksi=buatfile&path=%2F%2Fopt%2Falt%2Falt-nodejs6%2Froot%2Flib%2Fpython2.7 HTTP/1.1" 200 2426 "-" "Mozilla/5.0 AppleWebKit/537.36 (KHTML, like Gecko; compatible; GPTBot/1.2; +https://openai.com/gptbot)"
217.113.194.65 - - [17/Jun/2025:11:53:23 -0400] "GET /manga/btooom-chapter-42/?path=/home/honehdyv HTTP/1.1" 200 31447 "-" "Mozilla/5.0 (compatible; Barkrowler/0.9; +https://babbar.tech/crawler)"
20.171.207.208 - - [17/Jun/2025:11:53:24 -0400] "GET /?aksi=buatfolder&path=%2F%2Fopt%2Falt%2Falt-nodejs6%2Froot%2Flib%2Fpython2.7 HTTP/1.1" 200 2090 "-" "Mozilla/5.0 AppleWebKit/537.36 (KHTML, like Gecko; compatible; GPTBot/1.2; +https://openai.com/gptbot)"
216.73.216.57 - - [17/Jun/2025:11:53:24 -0400] "GET /manga/btooom-chapter-74/?filesrc=%2F%2Fbin%2Fmcedit&path=%2F%2Fbin HTTP/1.1" 200 28364 "-" "Mozilla/5.0 AppleWebKit/537.36 (KHTML, like Gecko; compatible; ClaudeBot/1.0; [email protected])"
20.171.207.208 - - [17/Jun/2025:11:53:26 -0400] "GET /?filesrc=%2F%2Fopt%2Falt%2Fphp81%2Flink%2Fconf%2Fioncube_loader.ini&path=%2F%2Fopt%2Falt%2Fphp81%2Flink%2Fconf HTTP/1.1" 200 2047 "-" "Mozilla/5.0 AppleWebKit/537.36 (KHTML, like Gecko; compatible; GPTBot/1.2; +https://openai.com/gptbot)"
34.202.88.37 - - [17/Jun/2025:11:53:24 -0400] "GET /?filesrc=//lib/locale/en_SC.utf8/LC_NUMERIC&path=//lib/locale/en_SC.utf8 HTTP/1.1" 200 19225 "-" "Mozilla/5.0 AppleWebKit/537.36 (KHTML, like Gecko; compatible; Amazonbot/0.1; +https://developer.amazon.com/support/amazonbot) Chrome/119.0.6045.214 Safari/537.36"
20.171.207.208 - - [17/Jun/2025:11:53:28 -0400] "GET /?filesrc=%2F%2Fopt%2Falt%2Fphp81%2Fusr%2Fbin%2Fnewrelic-daemon&path=%2F%2Fopt%2Falt%2Fphp81%2Fusr%2Fbin HTTP/1.1" 200 2016 "-" "Mozilla/5.0 AppleWebKit/537.36 (KHTML, like Gecko; compatible; GPTBot/1.2; +https://openai.com/gptbot)"
216.73.216.57 - - [17/Jun/2025:11:53:28 -0400] "GET /manga/btooom-chapter-74/?filesrc=%2F%2Fbin%2Fat&path=%2F%2Fbin HTTP/1.1" 200 28901 "-" "Mozilla/5.0 AppleWebKit/537.36 (KHTML, like Gecko; compatible; ClaudeBot/1.0; [email protected])"
20.171.207.208 - - [17/Jun/2025:11:53:30 -0400] "GET /?path=%2F%2Fopt%2Falt%2Falt-nodejs6%2Froot%2Fusr%2Flibexec HTTP/1.1" 200 2143 "-" "Mozilla/5.0 AppleWebKit/537.36 (KHTML, like Gecko; compatible; GPTBot/1.2; +https://openai.com/gptbot)"
216.73.216.57 - - [17/Jun/2025:11:53:32 -0400] "GET /manga/btooom-chapter-74?aksi=buatfolder&path=%2F%2Flib%2F.build-id%2Fc0 HTTP/1.1" 200 2059 "-" "Mozilla/5.0 AppleWebKit/537.36 (KHTML, like Gecko; compatible; ClaudeBot/1.0; [email protected])"
20.171.207.208 - - [17/Jun/2025:11:53:33 -0400] "GET /?path=%2F%2Fopt%2Falt%2Falt-nodejs6%2Froot%2Fusr%2Finclude HTTP/1.1" 200 2140 "-" "Mozilla/5.0 AppleWebKit/537.36 (KHTML, like Gecko; compatible; GPTBot/1.2; +https://openai.com/gptbot)"
20.171.207.208 - - [17/Jun/2025:11:53:35 -0400] "GET /?path=%2F%2Fopt%2Falt%2Falt-nodejs9%2Froot%2Fusr%2Flibexec HTTP/1.1" 200 2143 "-" "Mozilla/5.0 AppleWebKit/537.36 (KHTML, like Gecko; compatible; GPTBot/1.2; +https://openai.com/gptbot)"
74.225.186.185 - - [17/Jun/2025:11:53:37 -0400] "GET /wp-includes/block-editor.php HTTP/1.1" 403 1242 "binance.com" "Mozilla/5.0 (Windows NT 10.0; Win64; x64) AppleWebKit/537.36 (KHTML, like Gecko) Chrome/90.0.4430.85 Safari/537.36"
216.73.216.57 - - [17/Jun/2025:11:53:36 -0400] "GET /manga/btooom-chapter-74/?aksi=buatfolder&path=%2F%2Flib%2F.build-id%2F51 HTTP/1.1" 200 28478 "-" "Mozilla/5.0 AppleWebKit/537.36 (KHTML, like Gecko; compatible; ClaudeBot/1.0; [email protected])"
20.171.207.208 - - [17/Jun/2025:11:53:37 -0400] "GET /?path=%2F%2Fopt%2Falt%2Falt-nodejs9%2Froot%2Fusr%2Finclude HTTP/1.1" 200 2140 "-" "Mozilla/5.0 AppleWebKit/537.36 (KHTML, like Gecko; compatible; GPTBot/1.2; +https://openai.com/gptbot)"
20.171.207.208 - - [17/Jun/2025:11:53:39 -0400] "GET /?path=%2F%2Fopt%2Falt%2Falt-nodejs6%2Froot%2Fusr%2Finclude HTTP/1.1" 200 2140 "-" "Mozilla/5.0 AppleWebKit/537.36 (KHTML, like Gecko; compatible; GPTBot/1.2; +https://openai.com/gptbot)"
216.73.216.57 - - [17/Jun/2025:11:53:39 -0400] "GET /manga/btooom-chapter-74?aksi=buatfolder&path=%2F%2Flib%2F.build-id%2F28 HTTP/1.1" 200 2059 "-" "Mozilla/5.0 AppleWebKit/537.36 (KHTML, like Gecko; compatible; ClaudeBot/1.0; [email protected])"
216.73.216.57 - - [17/Jun/2025:11:53:40 -0400] "GET /manga/btooom-chapter-74?aksi=ransom&path=%2F%2Fvar%2Flib%2Fmysql%2Fthepqzpk_injuryattorneylawyer_jobs HTTP/1.1" 200 2139 "-" "Mozilla/5.0 AppleWebKit/537.36 (KHTML, like Gecko; compatible; ClaudeBot/1.0; [email protected])"
217.113.194.63 - - [17/Jun/2025:11:53:41 -0400] "GET /manga/btooom-chapter-55/?path=/home/honehdyv HTTP/1.1" 200 30027 "-" "Mozilla/5.0 (compatible; Barkrowler/0.9; +https://babbar.tech/crawler)"
20.171.207.208 - - [17/Jun/2025:11:53:42 -0400] "GET /?path=%2F%2Fopt%2Falt%2Falt-nodejs6%2Froot%2Fusr%2Flibexec HTTP/1.1" 200 2143 "-" "Mozilla/5.0 AppleWebKit/537.36 (KHTML, like Gecko; compatible; GPTBot/1.2; +https://openai.com/gptbot)"
216.73.216.57 - - [17/Jun/2025:11:53:42 -0400] "GET /manga/btooom-chapter-74?aksi=buatfile&path=%2F%2Flib%2F.build-id%2Fb4 HTTP/1.1" 200 3189 "-" "Mozilla/5.0 AppleWebKit/537.36 (KHTML, like Gecko; compatible; ClaudeBot/1.0; [email protected])"
20.171.207.208 - - [17/Jun/2025:11:53:44 -0400] "GET /?aksi=buatfile&path=%2F%2Fopt%2Falt%2Falt-nodejs6%2Froot%2Flib%2Fpython2.7%2Fsite-packages HTTP/1.1" 200 2160 "-" "Mozilla/5.0 AppleWebKit/537.36 (KHTML, like Gecko; compatible; GPTBot/1.2; +https://openai.com/gptbot)"
216.73.216.57 - - [17/Jun/2025:11:53:44 -0400] "GET /manga/btooom-chapter-74?aksi=buatfile&path=%2F%2Fvar%2Fsoftaculous%2Fadmidio%2Fphp56 HTTP/1.1" 200 2568 "-" "Mozilla/5.0 AppleWebKit/537.36 (KHTML, like Gecko; compatible; ClaudeBot/1.0; [email protected])"
216.73.216.57 - - [17/Jun/2025:11:53:45 -0400] "GET /manga/btooom-chapter-74?aksi=buatfile&path=%2F%2Fvar%2Fsoftaculous%2Fsmarty%2Fphp82 HTTP/1.1" 200 2414 "-" "Mozilla/5.0 AppleWebKit/537.36 (KHTML, like Gecko; compatible; ClaudeBot/1.0; [email protected])"
20.171.207.208 - - [17/Jun/2025:11:53:46 -0400] "GET /?path=%2F%2Fopt%2Falt%2Falt-nodejs6%2Froot%2Flib%2Fnode_modules HTTP/1.1" 200 2428 "-" "Mozilla/5.0 AppleWebKit/537.36 (KHTML, like Gecko; compatible; GPTBot/1.2; +https://openai.com/gptbot)"
216.73.216.57 - - [17/Jun/2025:11:53:47 -0400] "GET /manga/btooom-chapter-74?aksi=buatfolder&path=%2F%2Fvar%2Fsoftaculous%2Faef%2Fphp53 HTTP/1.1" 200 2065 "-" "Mozilla/5.0 AppleWebKit/537.36 (KHTML, like Gecko; compatible; ClaudeBot/1.0; [email protected])"
20.171.207.208 - - [17/Jun/2025:11:53:47 -0400] "GET /?path=%2F%2Fopt%2Falt%2Falt-nodejs6%2Froot%2Flib%2Fnode_modules HTTP/1.1" 200 0 "-" "Mozilla/5.0 AppleWebKit/537.36 (KHTML, like Gecko; compatible; GPTBot/1.2; +https://openai.com/gptbot)"
216.73.216.57 - - [17/Jun/2025:11:53:48 -0400] "GET /manga/btooom-chapter-74?aksi=ransom&path=%2F%2Flib%2F.build-id%2Fb9 HTTP/1.1" 500 0 "-" "Mozilla/5.0 AppleWebKit/537.36 (KHTML, like Gecko; compatible; ClaudeBot/1.0; [email protected])"
20.171.207.208 - - [17/Jun/2025:11:53:49 -0400] "GET /?aksi=buatfile&path=%2F%2Fopt%2Falt%2Fphp81%2Fusr%2Fsbin HTTP/1.1" 200 2433 "-" "Mozilla/5.0 AppleWebKit/537.36 (KHTML, like Gecko; compatible; GPTBot/1.2; +https://openai.com/gptbot)"
216.73.216.57 - - [17/Jun/2025:11:53:49 -0400] "GET /manga/btooom-chapter-74?filesrc=%2F%2Fvar%2Fsoftaculous%2Fpagekit%2Fedit.xml&path=%2F%2Fvar%2Fsoftaculous%2Fpagekit HTTP/1.1" 200 2187 "-" "Mozilla/5.0 AppleWebKit/537.36 (KHTML, like Gecko; compatible; ClaudeBot/1.0; [email protected])"
216.73.216.57 - - [17/Jun/2025:11:53:50 -0400] "GET /manga/btooom-chapter-74/?aksi=buatfile&path=%2F%2Flib%2F.build-id%2Fdf HTTP/1.1" 200 29764 "-" "Mozilla/5.0 AppleWebKit/537.36 (KHTML, like Gecko; compatible; ClaudeBot/1.0; [email protected])"
20.171.207.208 - - [17/Jun/2025:11:53:51 -0400] "GET /?path=%2F%2Fopt%2Falt%2Falt-nodejs6%2Froot%2Fvar%2Fpreserve HTTP/1.1" 200 2144 "-" "Mozilla/5.0 AppleWebKit/537.36 (KHTML, like Gecko; compatible; GPTBot/1.2; +https://openai.com/gptbot)"
216.73.216.57 - - [17/Jun/2025:11:53:51 -0400] "GET /manga/btooom-chapter-74?filesrc=%2F%2Fvar%2Fsoftaculous%2Fselfoss%2Fupgrade.xml&path=%2F%2Fvar%2Fsoftaculous%2Fselfoss HTTP/1.1" 200 2200 "-" "Mozilla/5.0 AppleWebKit/537.36 (KHTML, like Gecko; compatible; ClaudeBot/1.0; [email protected])"
216.73.216.57 - - [17/Jun/2025:11:53:52 -0400] "GET /manga/btooom-chapter-74?aksi=buatfile&path=%2F%2Flib%2F.build-id%2Fd8 HTTP/1.1" 200 0 "-" "Mozilla/5.0 AppleWebKit/537.36 (KHTML, like Gecko; compatible; ClaudeBot/1.0; [email protected])"
74.225.186.185 - - [17/Jun/2025:11:53:53 -0400] "GET /wp-includes/block-template-utils.php HTTP/1.1" 403 1242 "binance.com" "Mozilla/5.0 (Windows NT 10.0; Win64; x64) AppleWebKit/537.36 (KHTML, like Gecko) Chrome/90.0.4430.85 Safari/537.36"
20.171.207.208 - - [17/Jun/2025:11:53:52 -0400] "GET /?path=%2F%2Fopt%2Falt%2Falt-nodejs9%2Froot%2Fvar%2Fpreserve HTTP/1.1" 200 2144 "-" "Mozilla/5.0 AppleWebKit/537.36 (KHTML, like Gecko; compatible; GPTBot/1.2; +https://openai.com/gptbot)"
216.73.216.57 - - [17/Jun/2025:11:53:54 -0400] "GET /manga/btooom-chapter-74?aksi=ransom&path=%2F%2Flib%2F.build-id%2Fd8 HTTP/1.1" 200 3449 "-" "Mozilla/5.0 AppleWebKit/537.36 (KHTML, like Gecko; compatible; ClaudeBot/1.0; [email protected])"
20.171.207.208 - - [17/Jun/2025:11:53:54 -0400] "GET /?aksi=buatfile&path=%2F%2Fopt%2Falt%2Falt-nodejs6%2Froot%2Fusr%2Flibexec HTTP/1.1" 200 2143 "-" "Mozilla/5.0 AppleWebKit/537.36 (KHTML, like Gecko; compatible; GPTBot/1.2; +https://openai.com/gptbot)"
216.73.216.57 - - [17/Jun/2025:11:53:54 -0400] "GET /manga/btooom-chapter-74?aksi=ransom&path=%2Fhome%2Fhonehdyv%2Fwotaku-manga.com%2F.well-known HTTP/1.1" 200 2582 "-" "Mozilla/5.0 AppleWebKit/537.36 (KHTML, like Gecko; compatible; ClaudeBot/1.0; [email protected])"
20.171.207.208 - - [17/Jun/2025:11:53:55 -0400] "GET /?aksi=ransom&path=%2F%2Fopt%2Falt%2Falt-nodejs6%2Froot%2Fusr%2Finclude HTTP/1.1" 200 2140 "-" "Mozilla/5.0 AppleWebKit/537.36 (KHTML, like Gecko; compatible; GPTBot/1.2; +https://openai.com/gptbot)"
216.73.216.57 - - [17/Jun/2025:11:53:55 -0400] "GET /manga/btooom-chapter-74?aksi=buatfile&path=%2F%2Flib%2F.build-id%2Fb0 HTTP/1.1" 200 3693 "-" "Mozilla/5.0 AppleWebKit/537.36 (KHTML, like Gecko; compatible; ClaudeBot/1.0; [email protected])"
20.171.207.208 - - [17/Jun/2025:11:53:57 -0400] "GET /?aksi=buatfile&path=%2F%2Fopt%2Falt%2Falt-nodejs6%2Froot%2Fusr%2Finclude HTTP/1.1" 200 2140 "-" "Mozilla/5.0 AppleWebKit/537.36 (KHTML, like Gecko; compatible; GPTBot/1.2; +https://openai.com/gptbot)"
216.73.216.57 - - [17/Jun/2025:11:53:57 -0400] "GET /manga/btooom-chapter-74?aksi=buatfile&path=%2F%2Fvar%2Fsoftaculous%2Fvanilla%2Fphp81 HTTP/1.1" 200 2574 "-" "Mozilla/5.0 AppleWebKit/537.36 (KHTML, like Gecko; compatible; ClaudeBot/1.0; [email protected])"
20.171.207.208 - - [17/Jun/2025:11:53:59 -0400] "GET /?aksi=buatfolder&path=%2F%2Fopt%2Falt%2Falt-nodejs6%2Froot%2Fusr%2Finclude HTTP/1.1" 200 2079 "-" "Mozilla/5.0 AppleWebKit/537.36 (KHTML, like Gecko; compatible; GPTBot/1.2; +https://openai.com/gptbot)"
217.113.194.63 - - [17/Jun/2025:11:53:58 -0400] "GET /manga/btooom-chapter-5/?path=/home/honehdyv HTTP/1.1" 200 26483 "-" "Mozilla/5.0 (compatible; Barkrowler/0.9; +https://babbar.tech/crawler)"
216.73.216.57 - - [17/Jun/2025:11:53:58 -0400] "GET /manga/btooom-chapter-74/?aksi=buatfolder&path=%2F%2Flib%2F.build-id%2Fab HTTP/1.1" 200 28474 "-" "Mozilla/5.0 AppleWebKit/537.36 (KHTML, like Gecko; compatible; ClaudeBot/1.0; [email protected])"
216.73.216.57 - - [17/Jun/2025:11:54:00 -0400] "GET /manga/btooom-chapter-74?aksi=buatfolder&path=%2F%2Fproc%2Ftty%2Fldisc HTTP/1.1" 200 2052 "-" "Mozilla/5.0 AppleWebKit/537.36 (KHTML, like Gecko; compatible; ClaudeBot/1.0; [email protected])"
20.171.207.208 - - [17/Jun/2025:11:54:01 -0400] "GET /?aksi=ransom&path=%2F%2Fopt%2Falt%2Falt-nodejs9%2Froot%2Fusr%2Finclude HTTP/1.1" 200 2140 "-" "Mozilla/5.0 AppleWebKit/537.36 (KHTML, like Gecko; compatible; GPTBot/1.2; +https://openai.com/gptbot)"
216.73.216.57 - - [17/Jun/2025:11:54:02 -0400] "GET /manga/btooom-chapter-74/?filesrc=%2F%2Fvar%2Fsoftaculous%2Fmonstra%2Fedit.xml&path=%2F%2Fvar%2Fsoftaculous%2Fmonstra HTTP/1.1" 200 28613 "-" "Mozilla/5.0 AppleWebKit/537.36 (KHTML, like Gecko; compatible; ClaudeBot/1.0; [email protected])"
20.171.207.208 - - [17/Jun/2025:11:54:04 -0400] "GET /?aksi=ransom&path=%2F%2Fopt%2Falt%2Falt-nodejs6%2Froot%2Fusr%2Finclude HTTP/1.1" 200 2140 "-" "Mozilla/5.0 AppleWebKit/537.36 (KHTML, like Gecko; compatible; GPTBot/1.2; +https://openai.com/gptbot)"
20.171.207.208 - - [17/Jun/2025:11:54:06 -0400] "GET /?aksi=buatfile&path=%2F%2Fopt%2Falt%2Falt-nodejs9%2Froot%2Fusr%2Finclude HTTP/1.1" 200 2140 "-" "Mozilla/5.0 AppleWebKit/537.36 (KHTML, like Gecko; compatible; GPTBot/1.2; +https://openai.com/gptbot)"
20.171.207.208 - - [17/Jun/2025:11:54:08 -0400] "GET /?aksi=buatfile&path=%2F%2Fopt%2Falt%2Falt-nodejs6%2Froot%2Fusr%2Finclude HTTP/1.1" 200 0 "-" "Mozilla/5.0 AppleWebKit/537.36 (KHTML, like Gecko; compatible; GPTBot/1.2; +https://openai.com/gptbot)"
20.171.207.208 - - [17/Jun/2025:11:54:11 -0400] "GET /?aksi=buatfolder&path=%2F%2Fopt%2Falt%2Falt-nodejs9%2Froot%2Fusr%2Finclude HTTP/1.1" 200 2079 "-" "Mozilla/5.0 AppleWebKit/537.36 (KHTML, like Gecko; compatible; GPTBot/1.2; +https://openai.com/gptbot)"
20.171.207.208 - - [17/Jun/2025:11:54:14 -0400] "GET /?aksi=buatfolder&path=%2F%2Fopt%2Falt%2Falt-nodejs6%2Froot%2Fusr%2Finclude HTTP/1.1" 200 2079 "-" "Mozilla/5.0 AppleWebKit/537.36 (KHTML, like Gecko; compatible; GPTBot/1.2; +https://openai.com/gptbot)"
74.225.186.185 - - [17/Jun/2025:11:54:17 -0400] "GET /wp-includes/block-template.php HTTP/1.1" 403 1242 "binance.com" "Mozilla/5.0 (Windows NT 10.0; Win64; x64) AppleWebKit/537.36 (KHTML, like Gecko) Chrome/90.0.4430.85 Safari/537.36"
20.171.207.208 - - [17/Jun/2025:11:54:16 -0400] "GET /?aksi=ransom&path=%2F%2Fopt%2Falt%2Falt-nodejs6%2Froot%2Fvar%2Fpreserve HTTP/1.1" 200 2144 "-" "Mozilla/5.0 AppleWebKit/537.36 (KHTML, like Gecko; compatible; GPTBot/1.2; +https://openai.com/gptbot)"
217.113.194.245 - - [17/Jun/2025:11:54:16 -0400] "GET /manga/btooom-chapter-8/?path=/home/honehdyv HTTP/1.1" 200 26201 "-" "Mozilla/5.0 (compatible; Barkrowler/0.9; +https://babbar.tech/crawler)"
20.171.207.208 - - [17/Jun/2025:11:54:19 -0400] "GET /?aksi=ransom&path=%2F%2Fopt%2Falt%2Falt-nodejs9%2Froot%2Fvar%2Fpreserve HTTP/1.1" 200 2144 "-" "Mozilla/5.0 AppleWebKit/537.36 (KHTML, like Gecko; compatible; GPTBot/1.2; +https://openai.com/gptbot)"
20.171.207.208 - - [17/Jun/2025:11:54:21 -0400] "GET /?aksi=buatfolder&path=%2F%2Fopt%2Falt%2Falt-nodejs6%2Froot%2Fvar%2Fpreserve HTTP/1.1" 200 2085 "-" "Mozilla/5.0 AppleWebKit/537.36 (KHTML, like Gecko; compatible; GPTBot/1.2; +https://openai.com/gptbot)"
20.171.207.208 - - [17/Jun/2025:11:54:23 -0400] "GET /?aksi=buatfolder&path=%2F%2Fopt%2Falt%2Falt-nodejs9%2Froot%2Fvar%2Fpreserve HTTP/1.1" 200 2085 "-" "Mozilla/5.0 AppleWebKit/537.36 (KHTML, like Gecko; compatible; GPTBot/1.2; +https://openai.com/gptbot)"
20.171.207.208 - - [17/Jun/2025:11:54:24 -0400] "GET /?aksi=buatfile&path=%2F%2Fopt%2Falt%2Falt-nodejs9%2Froot%2Fvar%2Fpreserve HTTP/1.1" 200 2144 "-" "Mozilla/5.0 AppleWebKit/537.36 (KHTML, like Gecko; compatible; GPTBot/1.2; +https://openai.com/gptbot)"
20.171.207.208 - - [17/Jun/2025:11:54:27 -0400] "GET /?aksi=buatfile&path=%2F%2Fopt%2Falt%2Falt-nodejs6%2Froot%2Fvar%2Fpreserve HTTP/1.1" 200 2144 "-" "Mozilla/5.0 AppleWebKit/537.36 (KHTML, like Gecko; compatible; GPTBot/1.2; +https://openai.com/gptbot)"
20.171.207.208 - - [17/Jun/2025:11:54:27 -0400] "GET /?aksi=ransom&path=%2F%2Fopt%2Falt%2Falt-nodejs6%2Froot%2Flib%2Fnode_modules HTTP/1.1" 200 2428 "-" "Mozilla/5.0 AppleWebKit/537.36 (KHTML, like Gecko; compatible; GPTBot/1.2; +https://openai.com/gptbot)"
54.147.80.137 - - [17/Jun/2025:11:54:28 -0400] "GET /?filesrc=//lib64/python2.7/lib-tk/tkMessageBox.py&path=//lib64/python2.7/lib-tk HTTP/1.1" 200 20438 "-" "Mozilla/5.0 AppleWebKit/537.36 (KHTML, like Gecko; compatible; Amazonbot/0.1; +https://developer.amazon.com/support/amazonbot) Chrome/119.0.6045.214 Safari/537.36"
20.171.207.208 - - [17/Jun/2025:11:54:29 -0400] "GET /?aksi=buatfile&path=%2F%2Fopt%2Falt%2Falt-nodejs9%2Froot%2Fusr%2Flibexec HTTP/1.1" 200 2143 "-" "Mozilla/5.0 AppleWebKit/537.36 (KHTML, like Gecko; compatible; GPTBot/1.2; +https://openai.com/gptbot)"
74.225.186.185 - - [17/Jun/2025:11:54:31 -0400] "GET /wp-includes/class-wp-block-editor-context.php HTTP/1.1" 403 1242 "binance.com" "Mozilla/5.0 (Windows NT 10.0; Win64; x64) AppleWebKit/537.36 (KHTML, like Gecko) Chrome/90.0.4430.85 Safari/537.36"
20.171.207.208 - - [17/Jun/2025:11:54:31 -0400] "GET /?aksi=buatfile&path=%2F%2Fopt%2Falt%2Falt-nodejs6%2Froot%2Fusr%2Flibexec HTTP/1.1" 200 2143 "-" "Mozilla/5.0 AppleWebKit/537.36 (KHTML, like Gecko; compatible; GPTBot/1.2; +https://openai.com/gptbot)"
20.171.207.208 - - [17/Jun/2025:11:54:32 -0400] "GET /?aksi=buatfolder&path=%2F%2Fopt%2Falt%2Falt-nodejs6%2Froot%2Fusr%2Flibexec HTTP/1.1" 200 2082 "-" "Mozilla/5.0 AppleWebKit/537.36 (KHTML, like Gecko; compatible; GPTBot/1.2; +https://openai.com/gptbot)"
20.171.207.208 - - [17/Jun/2025:11:54:33 -0400] "GET /?aksi=buatfolder&path=%2F%2Fopt%2Falt%2Falt-nodejs9%2Froot%2Fusr%2Flibexec HTTP/1.1" 200 0 "-" "Mozilla/5.0 AppleWebKit/537.36 (KHTML, like Gecko; compatible; GPTBot/1.2; +https://openai.com/gptbot)"
20.171.207.208 - - [17/Jun/2025:11:54:35 -0400] "GET /?aksi=buatfolder&path=%2F%2Fopt%2Falt%2Falt-nodejs6%2Froot%2Fusr%2Flibexec HTTP/1.1" 200 2082 "-" "Mozilla/5.0 AppleWebKit/537.36 (KHTML, like Gecko; compatible; GPTBot/1.2; +https://openai.com/gptbot)"
217.113.194.65 - - [17/Jun/2025:11:54:34 -0400] "GET /?path=/home/honehdyv/readbtooom.com/cgi-bin HTTP/1.1" 200 19595 "-" "Mozilla/5.0 (compatible; Barkrowler/0.9; +https://babbar.tech/crawler)"
20.171.207.208 - - [17/Jun/2025:11:54:36 -0400] "GET /?aksi=buatfile&path=%2F%2Fopt%2Falt%2Falt-nodejs6%2Froot%2Flib%2Fnode_modules HTTP/1.1" 200 2428 "-" "Mozilla/5.0 AppleWebKit/537.36 (KHTML, like Gecko; compatible; GPTBot/1.2; +https://openai.com/gptbot)"
20.171.207.208 - - [17/Jun/2025:11:54:37 -0400] "GET /?aksi=buatfolder&path=%2F%2Fopt%2Falt%2Falt-nodejs6%2Froot%2Flib%2Fnode_modules HTTP/1.1" 200 2092 "-" "Mozilla/5.0 AppleWebKit/537.36 (KHTML, like Gecko; compatible; GPTBot/1.2; +https://openai.com/gptbot)"
20.171.207.208 - - [17/Jun/2025:11:54:38 -0400] "GET /?aksi=ransom&path=%2F%2Fopt%2Falt%2Falt-nodejs6%2Froot%2Fusr%2Flibexec HTTP/1.1" 200 2143 "-" "Mozilla/5.0 AppleWebKit/537.36 (KHTML, like Gecko; compatible; GPTBot/1.2; +https://openai.com/gptbot)"
74.225.186.185 - - [17/Jun/2025:11:54:40 -0400] "GET /wp-includes/class-wp-block-parser-block.php HTTP/1.1" 403 1242 "binance.com" "Mozilla/5.0 (Windows NT 10.0; Win64; x64) AppleWebKit/537.36 (KHTML, like Gecko) Chrome/90.0.4430.85 Safari/537.36"
20.171.207.208 - - [17/Jun/2025:11:54:40 -0400] "GET /?aksi=ransom&path=%2F%2Fopt%2Falt%2Falt-nodejs6%2Froot%2Fusr%2Flibexec HTTP/1.1" 200 2143 "-" "Mozilla/5.0 AppleWebKit/537.36 (KHTML, like Gecko; compatible; GPTBot/1.2; +https://openai.com/gptbot)"
20.171.207.208 - - [17/Jun/2025:11:54:42 -0400] "GET /?aksi=ransom&path=%2F%2Fopt%2Falt%2Falt-nodejs9%2Froot%2Fusr%2Flibexec HTTP/1.1" 200 2143 "-" "Mozilla/5.0 AppleWebKit/537.36 (KHTML, like Gecko; compatible; GPTBot/1.2; +https://openai.com/gptbot)"
20.171.207.208 - - [17/Jun/2025:11:54:44 -0400] "GET /?path=%2F%2Fopt%2Falt%2Falt-nodejs6%2Froot%2Fvar%2Fpreserve HTTP/1.1" 200 2144 "-" "Mozilla/5.0 AppleWebKit/537.36 (KHTML, like Gecko; compatible; GPTBot/1.2; +https://openai.com/gptbot)"
20.171.207.208 - - [17/Jun/2025:11:54:45 -0400] "GET /?path=%2F%2Fopt%2Falt%2Fdefault_php_ini HTTP/1.1" 200 2688 "-" "Mozilla/5.0 AppleWebKit/537.36 (KHTML, like Gecko; compatible; GPTBot/1.2; +https://openai.com/gptbot)"
20.171.207.208 - - [17/Jun/2025:11:54:47 -0400] "GET /?path=%2F%2Fopt%2Falt%2Fdefault_php_ini HTTP/1.1" 200 2688 "-" "Mozilla/5.0 AppleWebKit/537.36 (KHTML, like Gecko; compatible; GPTBot/1.2; +https://openai.com/gptbot)"
20.171.207.208 - - [17/Jun/2025:11:54:49 -0400] "GET /?path=%2F%2Fopt%2Falt%2Fnet-snmp11 HTTP/1.1" 200 2389 "-" "Mozilla/5.0 AppleWebKit/537.36 (KHTML, like Gecko; compatible; GPTBot/1.2; +https://openai.com/gptbot)"
20.171.207.208 - - [17/Jun/2025:11:54:50 -0400] "GET /?path=%2F%2Fopt%2Falt%2Fnet-snmp11 HTTP/1.1" 200 2389 "-" "Mozilla/5.0 AppleWebKit/537.36 (KHTML, like Gecko; compatible; GPTBot/1.2; +https://openai.com/gptbot)"
74.225.186.185 - - [17/Jun/2025:11:54:52 -0400] "GET /wp-includes/class-wp-block-parser-frame.php HTTP/1.1" 403 1242 "binance.com" "Mozilla/5.0 (Windows NT 10.0; Win64; x64) AppleWebKit/537.36 (KHTML, like Gecko) Chrome/90.0.4430.85 Safari/537.36"
20.171.207.208 - - [17/Jun/2025:11:54:52 -0400] "GET /?aksi=buatfile&path=%2F%2Fopt%2Falt%2Falt-nodejs6%2Froot%2Fsbin HTTP/1.1" 200 2135 "-" "Mozilla/5.0 AppleWebKit/537.36 (KHTML, like Gecko; compatible; GPTBot/1.2; +https://openai.com/gptbot)"
217.113.194.63 - - [17/Jun/2025:11:54:51 -0400] "GET /?path=/home/honehdyv/readbtooom.com/images HTTP/1.1" 200 19698 "-" "Mozilla/5.0 (compatible; Barkrowler/0.9; +https://babbar.tech/crawler)"
20.171.207.208 - - [17/Jun/2025:11:54:54 -0400] "GET /?aksi=buatfile&path=%2F%2Fopt%2Falt%2Falt-nodejs9%2Froot%2Fsbin HTTP/1.1" 200 2612 "-" "Mozilla/5.0 AppleWebKit/537.36 (KHTML, like Gecko; compatible; GPTBot/1.2; +https://openai.com/gptbot)"
20.171.207.208 - - [17/Jun/2025:11:54:57 -0400] "GET /?aksi=buatfile&path=%2F%2Fopt%2Falt%2Falt-nodejs6%2Froot%2Fsbin HTTP/1.1" 200 2135 "-" "Mozilla/5.0 AppleWebKit/537.36 (KHTML, like Gecko; compatible; GPTBot/1.2; +https://openai.com/gptbot)"
20.171.207.208 - - [17/Jun/2025:11:54:58 -0400] "GET /?aksi=buatfolder&path=%2F%2Fopt%2Falt%2Falt-nodejs6%2Froot%2Fusr HTTP/1.1" 200 2072 "-" "Mozilla/5.0 AppleWebKit/537.36 (KHTML, like Gecko; compatible; GPTBot/1.2; +https://openai.com/gptbot)"
74.225.186.185 - - [17/Jun/2025:11:55:01 -0400] "GET /wp-includes/class-wp-block-template.php HTTP/1.1" 403 1242 "binance.com" "Mozilla/5.0 (Windows NT 10.0; Win64; x64) AppleWebKit/537.36 (KHTML, like Gecko) Chrome/90.0.4430.85 Safari/537.36"
20.171.207.208 - - [17/Jun/2025:11:55:00 -0400] "GET /?aksi=buatfolder&path=%2F%2Fopt%2Falt%2Falt-nodejs6%2Froot%2Fusr HTTP/1.1" 200 2072 "-" "Mozilla/5.0 AppleWebKit/537.36 (KHTML, like Gecko; compatible; GPTBot/1.2; +https://openai.com/gptbot)"
20.171.207.208 - - [17/Jun/2025:11:55:02 -0400] "GET /?path=%2F%2Fopt%2Falt%2Falt-nodejs6%2Froot%2Fvar%2Fpreserve HTTP/1.1" 200 2144 "-" "Mozilla/5.0 AppleWebKit/537.36 (KHTML, like Gecko; compatible; GPTBot/1.2; +https://openai.com/gptbot)"
20.171.207.208 - - [17/Jun/2025:11:55:03 -0400] "GET /?aksi=buatfolder&path=%2F%2Fopt%2Falt%2Falt-nodejs6%2Froot%2Fopt HTTP/1.1" 200 2065 "-" "Mozilla/5.0 AppleWebKit/537.36 (KHTML, like Gecko; compatible; GPTBot/1.2; +https://openai.com/gptbot)"
20.171.207.208 - - [17/Jun/2025:11:55:05 -0400] "GET /?path=%2F%2Fopt%2Falt%2Fdefault_php_ini HTTP/1.1" 200 2688 "-" "Mozilla/5.0 AppleWebKit/537.36 (KHTML, like Gecko; compatible; GPTBot/1.2; +https://openai.com/gptbot)"
216.73.216.57 - - [17/Jun/2025:11:55:03 -0400] "GET /manga/btooom-chapter-74/?aksi=ransom&path=%2F%2Fvar%2Fsoftaculous%2Felgg33 HTTP/1.1" 200 29604 "-" "Mozilla/5.0 AppleWebKit/537.36 (KHTML, like Gecko; compatible; ClaudeBot/1.0; [email protected])"
20.171.207.208 - - [17/Jun/2025:11:55:07 -0400] "GET /?aksi=buatfolder&path=%2F%2Fopt%2Falt%2Falt-nodejs6%2Froot%2Flib HTTP/1.1" 200 2071 "-" "Mozilla/5.0 AppleWebKit/537.36 (KHTML, like Gecko; compatible; GPTBot/1.2; +https://openai.com/gptbot)"
74.225.186.185 - - [17/Jun/2025:11:55:10 -0400] "GET /wp-includes/class-wp-classic-to-block-menu-converter.php HTTP/1.1" 403 1242 "binance.com" "Mozilla/5.0 (Windows NT 10.0; Win64; x64) AppleWebKit/537.36 (KHTML, like Gecko) Chrome/90.0.4430.85 Safari/537.36"
20.171.207.208 - - [17/Jun/2025:11:55:09 -0400] "GET /?aksi=ransom&path=%2F%2Fopt%2Falt%2Falt-nodejs6%2Froot%2Fvar%2Fpreserve HTTP/1.1" 200 2144 "-" "Mozilla/5.0 AppleWebKit/537.36 (KHTML, like Gecko; compatible; GPTBot/1.2; +https://openai.com/gptbot)"
216.73.216.57 - - [17/Jun/2025:11:55:09 -0400] "GET /manga/btooom-chapter-74/?aksi=buatfile&path=%2F%2Fvar%2Fsoftaculous%2Felgg33 HTTP/1.1" 200 29604 "-" "Mozilla/5.0 AppleWebKit/537.36 (KHTML, like Gecko; compatible; ClaudeBot/1.0; [email protected])"
20.171.207.208 - - [17/Jun/2025:11:55:11 -0400] "GET /?aksi=buatfolder&path=%2F%2Fopt%2Falt%2Falt-nodejs6%2Froot%2Fvar%2Fpreserve HTTP/1.1" 200 2085 "-" "Mozilla/5.0 AppleWebKit/537.36 (KHTML, like Gecko; compatible; GPTBot/1.2; +https://openai.com/gptbot)"
217.113.194.69 - - [17/Jun/2025:11:55:10 -0400] "GET /privacy-policy/?path=/home/honehdyv/readbtooom.com/images HTTP/1.1" 200 13566 "-" "Mozilla/5.0 (compatible; Barkrowler/0.9; +https://babbar.tech/crawler)"
20.171.207.208 - - [17/Jun/2025:11:55:13 -0400] "GET /?aksi=buatfile&path=%2F%2Fopt%2Falt%2Falt-nodejs6%2Froot%2Fvar%2Fpreserve HTTP/1.1" 200 2144 "-" "Mozilla/5.0 AppleWebKit/537.36 (KHTML, like Gecko; compatible; GPTBot/1.2; +https://openai.com/gptbot)"
216.73.216.57 - - [17/Jun/2025:11:55:13 -0400] "GET /manga/btooom-chapter-74/?aksi=buatfile&path=%2F%2Fvar%2Fsoftaculous%2Fpier HTTP/1.1" 200 29584 "-" "Mozilla/5.0 AppleWebKit/537.36 (KHTML, like Gecko; compatible; ClaudeBot/1.0; [email protected])"
216.73.216.57 - - [17/Jun/2025:11:55:15 -0400] "GET /manga/btooom-chapter-74/?aksi=ransom&path=%2F%2Fvar%2Fsoftaculous%2Fpier HTTP/1.1" 200 29585 "-" "Mozilla/5.0 AppleWebKit/537.36 (KHTML, like Gecko; compatible; ClaudeBot/1.0; [email protected])"
20.171.207.208 - - [17/Jun/2025:11:55:16 -0400] "GET /?aksi=buatfolder&path=%2F%2Fopt%2Falt%2Falt-nodejs6%2Froot%2Flib HTTP/1.1" 200 2071 "-" "Mozilla/5.0 AppleWebKit/537.36 (KHTML, like Gecko; compatible; GPTBot/1.2; +https://openai.com/gptbot)"
20.171.207.208 - - [17/Jun/2025:11:55:16 -0400] "GET /?path=%2F%2Fopt%2Falt%2Fnet-snmp11%2Fusr HTTP/1.1" 200 2453 "-" "Mozilla/5.0 AppleWebKit/537.36 (KHTML, like Gecko; compatible; GPTBot/1.2; +https://openai.com/gptbot)"
216.73.216.57 - - [17/Jun/2025:11:55:17 -0400] "GET /manga/btooom-chapter-74/?aksi=buatfolder&path=%2F%2Fvar%2Fsoftaculous%2Felgg33 HTTP/1.1" 200 28484 "-" "Mozilla/5.0 AppleWebKit/537.36 (KHTML, like Gecko; compatible; ClaudeBot/1.0; [email protected])"
20.171.207.208 - - [17/Jun/2025:11:55:18 -0400] "GET /?path=%2F%2Fopt%2Falt%2Fnet-snmp11%2Fusr HTTP/1.1" 200 2453 "-" "Mozilla/5.0 AppleWebKit/537.36 (KHTML, like Gecko; compatible; GPTBot/1.2; +https://openai.com/gptbot)"
20.171.207.208 - - [17/Jun/2025:11:55:20 -0400] "GET /?aksi=buatfolder&path=%2F%2Fopt%2Falt%2Falt-nodejs6%2Froot%2Fopt HTTP/1.1" 200 2065 "-" "Mozilla/5.0 AppleWebKit/537.36 (KHTML, like Gecko; compatible; GPTBot/1.2; +https://openai.com/gptbot)"
74.225.186.185 - - [17/Jun/2025:11:55:21 -0400] "GET /wp-includes/class-wp-dependencies.php HTTP/1.1" 403 1242 "binance.com" "Mozilla/5.0 (Windows NT 10.0; Win64; x64) AppleWebKit/537.36 (KHTML, like Gecko) Chrome/90.0.4430.85 Safari/537.36"
216.73.216.57 - - [17/Jun/2025:11:55:20 -0400] "GET /manga/btooom-chapter-74/?aksi=buatfolder&path=%2F%2Fvar%2Fsoftaculous%2Fpier HTTP/1.1" 200 28450 "-" "Mozilla/5.0 AppleWebKit/537.36 (KHTML, like Gecko; compatible; ClaudeBot/1.0; [email protected])"
20.171.207.208 - - [17/Jun/2025:11:55:22 -0400] "GET /?aksi=buatfolder&path=%2F%2Fopt%2Falt%2Falt-nodejs9%2Froot%2Fopt HTTP/1.1" 200 2065 "-" "Mozilla/5.0 AppleWebKit/537.36 (KHTML, like Gecko; compatible; GPTBot/1.2; +https://openai.com/gptbot)"
216.73.216.57 - - [17/Jun/2025:11:55:23 -0400] "GET /manga/btooom-chapter-74/?filesrc=%2F%2Fvar%2Fsoftaculous%2Felgg33%2Finfo.xml&path=%2F%2Fvar%2Fsoftaculous%2Felgg33 HTTP/1.1" 200 29471 "-" "Mozilla/5.0 AppleWebKit/537.36 (KHTML, like Gecko; compatible; ClaudeBot/1.0; [email protected])"
20.171.207.208 - - [17/Jun/2025:11:55:23 -0400] "GET /?aksi=buatfolder&path=%2F%2Fopt%2Falt%2Falt-nodejs9%2Froot%2Fusr HTTP/1.1" 200 2072 "-" "Mozilla/5.0 AppleWebKit/537.36 (KHTML, like Gecko; compatible; GPTBot/1.2; +https://openai.com/gptbot)"
216.73.216.57 - - [17/Jun/2025:11:55:25 -0400] "GET /manga/btooom-chapter-74/?filesrc=%2F%2Fvar%2Fsoftaculous%2Felgg33%2Finstall.xml&path=%2F%2Fvar%2Fsoftaculous%2Felgg33 HTTP/1.1" 200 0 "-" "Mozilla/5.0 AppleWebKit/537.36 (KHTML, like Gecko; compatible; ClaudeBot/1.0; [email protected])"
20.171.207.208 - - [17/Jun/2025:11:55:25 -0400] "GET /?path=%2F%2Fopt%2Falt%2Fsqlite%2Fusr%2Fshare%2Fman%2Fman1 HTTP/1.1" 200 2459 "-" "Mozilla/5.0 AppleWebKit/537.36 (KHTML, like Gecko; compatible; GPTBot/1.2; +https://openai.com/gptbot)"
20.171.207.208 - - [17/Jun/2025:11:55:27 -0400] "GET /?path=%2F%2Fopt%2Falt%2Falt-nodejs6%2Froot%2Fetc%2Fskel HTTP/1.1" 403 1242 "-" "Mozilla/5.0 AppleWebKit/537.36 (KHTML, like Gecko; compatible; GPTBot/1.2; +https://openai.com/gptbot)"
216.73.216.57 - - [17/Jun/2025:11:55:26 -0400] "GET /manga/btooom-chapter-74?aksi=buatfile&path=%2F%2Fvar%2Fsoftaculous%2Fmoodle28 HTTP/1.1" 200 3191 "-" "Mozilla/5.0 AppleWebKit/537.36 (KHTML, like Gecko; compatible; ClaudeBot/1.0; [email protected])"
20.171.207.208 - - [17/Jun/2025:11:55:28 -0400] "GET /?path=%2F%2Fopt%2Falt%2Falt-nodejs9%2Froot%2Fetc%2Fskel HTTP/1.1" 403 1242 "-" "Mozilla/5.0 AppleWebKit/537.36 (KHTML, like Gecko; compatible; GPTBot/1.2; +https://openai.com/gptbot)"
216.73.216.57 - - [17/Jun/2025:11:55:28 -0400] "GET /manga/btooom-chapter-74?aksi=ransom&path=%2F%2Fvar%2Fsoftaculous%2Fmoodle28 HTTP/1.1" 200 3191 "-" "Mozilla/5.0 AppleWebKit/537.36 (KHTML, like Gecko; compatible; ClaudeBot/1.0; [email protected])"
74.225.186.185 - - [17/Jun/2025:11:55:29 -0400] "GET /wp-includes/class-wp-duotone.php HTTP/1.1" 403 1242 "binance.com" "Mozilla/5.0 (Windows NT 10.0; Win64; x64) AppleWebKit/537.36 (KHTML, like Gecko) Chrome/90.0.4430.85 Safari/537.36"
217.113.194.69 - - [17/Jun/2025:11:55:29 -0400] "GET /manga/btooom-chapter-18/?path=/home/honehdyv HTTP/1.1" 200 25872 "-" "Mozilla/5.0 (compatible; Barkrowler/0.9; +https://babbar.tech/crawler)"
216.73.216.57 - - [17/Jun/2025:11:55:30 -0400] "GET /manga/btooom-chapter-74/?aksi=buatfile&path=%2F%2Fvar%2Fsoftaculous%2Fcroogo%2Fphp81 HTTP/1.1" 200 28965 "-" "Mozilla/5.0 AppleWebKit/537.36 (KHTML, like Gecko; compatible; ClaudeBot/1.0; [email protected])"
20.171.207.208 - - [17/Jun/2025:11:55:31 -0400] "GET /?path=%2F%2Fopt%2Falt%2Falt-nodejs6%2Froot%2Flib%2Fnode_modules%2Fnpm HTTP/1.1" 200 3265 "-" "Mozilla/5.0 AppleWebKit/537.36 (KHTML, like Gecko; compatible; GPTBot/1.2; +https://openai.com/gptbot)"
216.73.216.57 - - [17/Jun/2025:11:55:32 -0400] "GET /manga/btooom-chapter-74/?filesrc=%2F%2Fvar%2Fsoftaculous%2Felgg33%2Fupgrade.xml&path=%2F%2Fvar%2Fsoftaculous%2Felgg33 HTTP/1.1" 200 28703 "-" "Mozilla/5.0 AppleWebKit/537.36 (KHTML, like Gecko; compatible; ClaudeBot/1.0; [email protected])"
20.171.207.208 - - [17/Jun/2025:11:55:33 -0400] "GET /?filesrc=%2F%2Fproc%2Fself%2Froot%2Fusr%2Flib%2Fexim%2Fbin%2Fspftest&path=%2F%2Fproc%2Fself%2Froot%2Fusr%2Flib%2Fexim%2Fbin HTTP/1.1" 200 2032 "-" "Mozilla/5.0 AppleWebKit/537.36 (KHTML, like Gecko; compatible; GPTBot/1.2; +https://openai.com/gptbot)"
20.171.207.208 - - [17/Jun/2025:11:55:34 -0400] "GET /?filesrc=%2F%2Fproc%2Fself%2Froot%2Fusr%2Flib%2Fexim%2Fbin%2Fspf_example&path=%2F%2Fproc%2Fself%2Froot%2Fusr%2Flib%2Fexim%2Fbin HTTP/1.1" 200 0 "-" "Mozilla/5.0 AppleWebKit/537.36 (KHTML, like Gecko; compatible; GPTBot/1.2; +https://openai.com/gptbot)"
20.171.207.208 - - [17/Jun/2025:11:55:35 -0400] "GET /?filesrc=%2F%2Fproc%2Fself%2Froot%2Fusr%2Flib%2Fexim%2Fbin%2Fspfquery&path=%2F%2Fproc%2Fself%2Froot%2Fusr%2Flib%2Fexim%2Fbin HTTP/1.1" 200 2033 "-" "Mozilla/5.0 AppleWebKit/537.36 (KHTML, like Gecko; compatible; GPTBot/1.2; +https://openai.com/gptbot)"
20.171.207.208 - - [17/Jun/2025:11:55:36 -0400] "GET /?path=%2F%2Fopt%2Falt%2Fpostgresql11 HTTP/1.1" 200 2386 "-" "Mozilla/5.0 AppleWebKit/537.36 (KHTML, like Gecko; compatible; GPTBot/1.2; +https://openai.com/gptbot)"
20.171.207.208 - - [17/Jun/2025:11:55:38 -0400] "GET /?path=%2F%2Fopt%2Falt%2Fpostgresql11 HTTP/1.1" 200 2386 "-" "Mozilla/5.0 AppleWebKit/537.36 (KHTML, like Gecko; compatible; GPTBot/1.2; +https://openai.com/gptbot)"
20.171.207.208 - - [17/Jun/2025:11:55:39 -0400] "GET /?aksi=buatfolder&path=%2F%2Fopt%2Falt%2Falt-nodejs20%2Froot HTTP/1.1" 200 0 "-" "Mozilla/5.0 AppleWebKit/537.36 (KHTML, like Gecko; compatible; GPTBot/1.2; +https://openai.com/gptbot)"
20.171.207.208 - - [17/Jun/2025:11:55:40 -0400] "GET /?aksi=buatfolder&path=%2F%2Fopt%2Falt%2Falt-nodejs12%2Froot HTTP/1.1" 200 2063 "-" "Mozilla/5.0 AppleWebKit/537.36 (KHTML, like Gecko; compatible; GPTBot/1.2; +https://openai.com/gptbot)"
20.171.207.208 - - [17/Jun/2025:11:55:42 -0400] "GET /?aksi=buatfolder&path=%2F%2Fopt%2Falt%2Falt-nodejs12%2Froot HTTP/1.1" 200 2063 "-" "Mozilla/5.0 AppleWebKit/537.36 (KHTML, like Gecko; compatible; GPTBot/1.2; +https://openai.com/gptbot)"
74.225.186.185 - - [17/Jun/2025:11:55:44 -0400] "GET /wp-includes/class-wp-http.php HTTP/1.1" 403 1242 "binance.com" "Mozilla/5.0 (Windows NT 10.0; Win64; x64) AppleWebKit/537.36 (KHTML, like Gecko) Chrome/90.0.4430.85 Safari/537.36"
20.171.207.208 - - [17/Jun/2025:11:55:45 -0400] "GET /?aksi=buatfolder&path=%2F%2Fopt%2Falt%2Falt-nodejs20%2Froot HTTP/1.1" 200 2063 "-" "Mozilla/5.0 AppleWebKit/537.36 (KHTML, like Gecko; compatible; GPTBot/1.2; +https://openai.com/gptbot)"
217.113.194.62 - - [17/Jun/2025:11:55:47 -0400] "GET /manga/btooom-chapter-7/?path=/home/honehdyv HTTP/1.1" 200 0 "-" "Mozilla/5.0 (compatible; Barkrowler/0.9; +https://babbar.tech/crawler)"
20.171.207.208 - - [17/Jun/2025:11:55:47 -0400] "GET /?aksi=buatfolder&path=%2F%2Fopt%2Falt%2Fsqlite%2Fusr%2Fshare%2Fman%2Fman1 HTTP/1.1" 200 0 "-" "Mozilla/5.0 AppleWebKit/537.36 (KHTML, like Gecko; compatible; GPTBot/1.2; +https://openai.com/gptbot)"
20.171.207.208 - - [17/Jun/2025:11:55:49 -0400] "GET /?aksi=ransom&path=%2F%2Fopt%2Falt%2Fsqlite%2Fusr%2Fshare%2Fman%2Fman1 HTTP/1.1" 200 2459 "-" "Mozilla/5.0 AppleWebKit/537.36 (KHTML, like Gecko; compatible; GPTBot/1.2; +https://openai.com/gptbot)"
44.223.116.180 - - [17/Jun/2025:11:55:49 -0400] "GET /dmca/?filesrc=//lib64/dovecot/libdovecot-login.so.0&path=//lib64/dovecot HTTP/1.1" 200 10464 "-" "Mozilla/5.0 AppleWebKit/537.36 (KHTML, like Gecko; compatible; Amazonbot/0.1; +https://developer.amazon.com/support/amazonbot) Chrome/119.0.6045.214 Safari/537.36"
74.225.186.185 - - [17/Jun/2025:11:55:53 -0400] "GET /wp-includes/class-wp-navigation-fallback.php HTTP/1.1" 403 1242 "binance.com" "Mozilla/5.0 (Windows NT 10.0; Win64; x64) AppleWebKit/537.36 (KHTML, like Gecko) Chrome/90.0.4430.85 Safari/537.36"
20.171.207.208 - - [17/Jun/2025:11:55:52 -0400] "GET /?aksi=buatfile&path=%2F%2Fopt%2Falt%2Fsqlite%2Fusr%2Fshare%2Fman%2Fman1 HTTP/1.1" 200 2459 "-" "Mozilla/5.0 AppleWebKit/537.36 (KHTML, like Gecko; compatible; GPTBot/1.2; +https://openai.com/gptbot)"
