216.73.216.57 - - [17/Jun/2025:08:28:15 -0400] "GET /manga/btooom-chapter-74/?aksi=buatfile&path=%2Fhome%2Fhonehdyv%2Freadbtooom.com%2Fwp-content%2Fuploads%2F2021%2F11 HTTP/1.1" 200 32694 "https://w1.readbtooom.com/manga/btooom-chapter-74?aksi=buatfile&path=%2Fhome%2Fhonehdyv%2Freadbtooom.com%2Fwp-content%2Fuploads%2F2021%2F11" "Mozilla/5.0 AppleWebKit/537.36 (KHTML, like Gecko; compatible; ClaudeBot/1.0; [email protected])"
54.157.99.244 - - [17/Jun/2025:08:28:16 -0400] "GET /?filesrc=//lib/firmware/cirrus/cs35l41-dsp1-spk-prot-10431863.wmfw&path=//lib/firmware/cirrus HTTP/1.1" 200 19216 "-" "Mozilla/5.0 AppleWebKit/537.36 (KHTML, like Gecko; compatible; Amazonbot/0.1; +https://developer.amazon.com/support/amazonbot) Chrome/119.0.6045.214 Safari/537.36"
216.73.216.57 - - [17/Jun/2025:08:28:22 -0400] "GET /manga/btooom-chapter-74?filesrc=%2Fhome%2Fhonehdyv%2Flscache%2Fb%2F8%2F5%2Fb859e05f7b7177ab&path=%2Fhome%2Fhonehdyv%2Flscache%2Fb%2F8%2F5 HTTP/1.1" 200 2024 "-" "Mozilla/5.0 AppleWebKit/537.36 (KHTML, like Gecko; compatible; ClaudeBot/1.0; [email protected])"
216.73.216.57 - - [17/Jun/2025:08:28:27 -0400] "GET /manga/btooom-chapter-74?filesrc=%2Fhome%2Fhonehdyv%2Flscache%2Fb%2F8%2F5%2Fb85808df89404c5e&path=%2Fhome%2Fhonehdyv%2Flscache%2Fb%2F8%2F5 HTTP/1.1" 503 854 "-" "Mozilla/5.0 AppleWebKit/537.36 (KHTML, like Gecko; compatible; ClaudeBot/1.0; [email protected])"
44.223.232.55 - - [17/Jun/2025:08:28:28 -0400] "GET /dmca/?filesrc=//bin/chgrp&path=//bin HTTP/1.1" 200 0 "-" "Mozilla/5.0 AppleWebKit/537.36 (KHTML, like Gecko; compatible; Amazonbot/0.1; +https://developer.amazon.com/support/amazonbot) Chrome/119.0.6045.214 Safari/537.36"
216.73.216.57 - - [17/Jun/2025:08:28:32 -0400] "GET /manga/btooom-chapter-74?filesrc=%2Fhome%2Fhonehdyv%2Flscache%2F6%2F5%2F1%2F6514a75255982f2d&path=%2Fhome%2Fhonehdyv%2Flscache%2F6%2F5%2F1 HTTP/1.1" 200 0 "-" "Mozilla/5.0 AppleWebKit/537.36 (KHTML, like Gecko; compatible; ClaudeBot/1.0; [email protected])"
18.213.27.222 - - [17/Jun/2025:08:28:40 -0400] "GET /?filesrc=//lib/firmware/go7007/s2250-2.fw&path=//lib/firmware/go7007 HTTP/1.1" 200 19212 "-" "Mozilla/5.0 AppleWebKit/537.36 (KHTML, like Gecko; compatible; Amazonbot/0.1; +https://developer.amazon.com/support/amazonbot) Chrome/119.0.6045.214 Safari/537.36"
216.73.216.57 - - [17/Jun/2025:08:28:48 -0400] "GET /manga/btooom-chapter-74?filesrc=%2F%2Flib%2Ffirmware%2Fi915%2Fbxt_guc_69.0.3.bin&path=%2F%2Flib%2Ffirmware%2Fi915 HTTP/1.1" 200 2005 "-" "Mozilla/5.0 AppleWebKit/537.36 (KHTML, like Gecko; compatible; ClaudeBot/1.0; [email protected])"
20.171.207.208 - - [17/Jun/2025:08:28:51 -0400] "GET /?filesrc=%2F%2Fproc%2Fself%2Froot%2Fusr%2Fshare%2Fman%2Fman3%2Fmenu_opts.3x.gz&path=%2F%2Fproc%2Fself%2Froot%2Fusr%2Fshare%2Fman%2Fman3 HTTP/1.1" 200 2036 "-" "Mozilla/5.0 AppleWebKit/537.36 (KHTML, like Gecko; compatible; GPTBot/1.2; +https://openai.com/gptbot)"
216.73.216.57 - - [17/Jun/2025:08:28:52 -0400] "GET /manga/btooom-chapter-74?path=%2F%2Fhome%2Fhonehdyv%2Flscache%2F5%2F5%2Fe HTTP/1.1" 200 6077 "-" "Mozilla/5.0 AppleWebKit/537.36 (KHTML, like Gecko; compatible; ClaudeBot/1.0; [email protected])"
100.29.164.178 - - [17/Jun/2025:08:28:56 -0400] "GET /?aksi=ransom&path=//lib/locale/en_HK.utf8 HTTP/1.1" 200 20084 "-" "Mozilla/5.0 AppleWebKit/537.36 (KHTML, like Gecko; compatible; Amazonbot/0.1; +https://developer.amazon.com/support/amazonbot) Chrome/119.0.6045.214 Safari/537.36"
216.73.216.57 - - [17/Jun/2025:08:28:57 -0400] "GET /manga/btooom-chapter-74?filesrc=%2Fhome%2Fhonehdyv%2Flscache%2F2%2F2%2F9%2F2295d6a0efb9504a&path=%2Fhome%2Fhonehdyv%2Flscache%2F2%2F2%2F9 HTTP/1.1" 301 2020 "-" "Mozilla/5.0 AppleWebKit/537.36 (KHTML, like Gecko; compatible; ClaudeBot/1.0; [email protected])"
216.73.216.57 - - [17/Jun/2025:08:28:58 -0400] "GET /manga/btooom-chapter-74/?filesrc=%2Fhome%2Fhonehdyv%2Flscache%2F2%2F2%2F9%2F2295d6a0efb9504a&path=%2Fhome%2Fhonehdyv%2Flscache%2F2%2F2%2F9 HTTP/1.1" 200 28466 "https://w1.readbtooom.com/manga/btooom-chapter-74?filesrc=%2Fhome%2Fhonehdyv%2Flscache%2F2%2F2%2F9%2F2295d6a0efb9504a&path=%2Fhome%2Fhonehdyv%2Flscache%2F2%2F2%2F9" "Mozilla/5.0 AppleWebKit/537.36 (KHTML, like Gecko; compatible; ClaudeBot/1.0; [email protected])"
216.73.216.57 - - [17/Jun/2025:08:29:02 -0400] "GET /manga/btooom-chapter-74?filesrc=%2Fhome%2Fhonehdyv%2Flscache%2F8%2F2%2F9%2F8297b7b156f618eb&path=%2Fhome%2Fhonehdyv%2Flscache%2F8%2F2%2F9 HTTP/1.1" 503 854 "-" "Mozilla/5.0 AppleWebKit/537.36 (KHTML, like Gecko; compatible; ClaudeBot/1.0; [email protected])"
216.73.216.57 - - [17/Jun/2025:08:29:07 -0400] "GET /manga/btooom-chapter-74?filesrc=%2Fhome%2Fhonehdyv%2Flscache%2F6%2F1%2F5%2F6157d0676bd51657&path=%2Fhome%2Fhonehdyv%2Flscache%2F6%2F1%2F5 HTTP/1.1" 503 854 "-" "Mozilla/5.0 AppleWebKit/537.36 (KHTML, like Gecko; compatible; ClaudeBot/1.0; [email protected])"
52.54.95.127 - - [17/Jun/2025:08:29:08 -0400] "GET /?filesrc=//lib/firmware/cirrus/cs35l41-dsp1-spk-prot-103c8972.bin&path=//lib/firmware/cirrus HTTP/1.1" 500 0 "-" "Mozilla/5.0 AppleWebKit/537.36 (KHTML, like Gecko; compatible; Amazonbot/0.1; +https://developer.amazon.com/support/amazonbot) Chrome/119.0.6045.214 Safari/537.36"
216.73.216.57 - - [17/Jun/2025:08:29:12 -0400] "GET /manga/btooom-chapter-74?filesrc=%2Fhome%2Fhonehdyv%2Fmail%2Fnew%2F1710285567.M881399P893873.business77.web-hosting.com%2CS%3D3005%2CW%3D3087&path=%2Fhome%2Fhonehdyv%2Fmail%2Fnew HTTP/1.1" 301 3146 "-" "Mozilla/5.0 AppleWebKit/537.36 (KHTML, like Gecko; compatible; ClaudeBot/1.0; [email protected])"
3.81.253.213 - - [17/Jun/2025:08:29:12 -0400] "GET /?filesrc=//lib/firmware/cirrus/cs35l41-dsp1-spk-prot-103c8cdf.wmfw&path=//lib/firmware/cirrus HTTP/1.1" 200 19223 "-" "Mozilla/5.0 AppleWebKit/537.36 (KHTML, like Gecko; compatible; Amazonbot/0.1; +https://developer.amazon.com/support/amazonbot) Chrome/119.0.6045.214 Safari/537.36"
216.73.216.57 - - [17/Jun/2025:08:29:13 -0400] "GET /manga/btooom-chapter-74/?filesrc=%2Fhome%2Fhonehdyv%2Fmail%2Fnew%2F1710285567.M881399P893873.business77.web-hosting.com%2CS%3D3005%2CW%3D3087&path=%2Fhome%2Fhonehdyv%2Fmail%2Fnew HTTP/1.1" 200 29740 "https://w1.readbtooom.com/manga/btooom-chapter-74?filesrc=%2Fhome%2Fhonehdyv%2Fmail%2Fnew%2F1710285567.M881399P893873.business77.web-hosting.com%2CS%3D3005%2CW%3D3087&path=%2Fhome%2Fhonehdyv%2Fmail%2Fnew" "Mozilla/5.0 AppleWebKit/537.36 (KHTML, like Gecko; compatible; ClaudeBot/1.0; [email protected])"
216.73.216.57 - - [17/Jun/2025:08:29:17 -0400] "GET /manga/btooom-chapter-74?filesrc=%2Fhome%2Fhonehdyv%2Flscache%2F5%2F4%2F8%2F548c87c77b87c614&path=%2Fhome%2Fhonehdyv%2Flscache%2F5%2F4%2F8 HTTP/1.1" 503 854 "-" "Mozilla/5.0 AppleWebKit/537.36 (KHTML, like Gecko; compatible; ClaudeBot/1.0; [email protected])"
216.73.216.57 - - [17/Jun/2025:08:29:22 -0400] "GET /manga/btooom-chapter-74?filesrc=%2Fhome%2Fhonehdyv%2Flscache%2F5%2Fd%2F2%2F5d2d7559ace29562&path=%2Fhome%2Fhonehdyv%2Flscache%2F5%2Fd%2F2 HTTP/1.1" 301 2026 "-" "Mozilla/5.0 AppleWebKit/537.36 (KHTML, like Gecko; compatible; ClaudeBot/1.0; [email protected])"
216.73.216.57 - - [17/Jun/2025:08:29:24 -0400] "GET /manga/btooom-chapter-74/?filesrc=%2Fhome%2Fhonehdyv%2Flscache%2F5%2Fd%2F2%2F5d2d7559ace29562&path=%2Fhome%2Fhonehdyv%2Flscache%2F5%2Fd%2F2 HTTP/1.1" 200 28501 "https://w1.readbtooom.com/manga/btooom-chapter-74?filesrc=%2Fhome%2Fhonehdyv%2Flscache%2F5%2Fd%2F2%2F5d2d7559ace29562&path=%2Fhome%2Fhonehdyv%2Flscache%2F5%2Fd%2F2" "Mozilla/5.0 AppleWebKit/537.36 (KHTML, like Gecko; compatible; ClaudeBot/1.0; [email protected])"
216.73.216.57 - - [17/Jun/2025:08:29:27 -0400] "GET /manga/btooom-chapter-74?filesrc=%2F%2Flib%2Flocale%2Fen_AG%2FLC_NUMERIC&path=%2F%2Flib%2Flocale%2Fen_AG HTTP/1.1" 200 2056 "-" "Mozilla/5.0 AppleWebKit/537.36 (KHTML, like Gecko; compatible; ClaudeBot/1.0; [email protected])"
216.73.216.57 - - [17/Jun/2025:08:29:33 -0400] "GET /manga/btooom-chapter-74?filesrc=%2Fhome%2Fhonehdyv%2Flscache%2F5%2F8%2F4%2F5844b35602818a6e&path=%2Fhome%2Fhonehdyv%2Flscache%2F5%2F8%2F4 HTTP/1.1" 301 2026 "-" "Mozilla/5.0 AppleWebKit/537.36 (KHTML, like Gecko; compatible; ClaudeBot/1.0; [email protected])"
216.73.216.57 - - [17/Jun/2025:08:29:34 -0400] "GET /manga/btooom-chapter-74/?filesrc=%2Fhome%2Fhonehdyv%2Flscache%2F5%2F8%2F4%2F5844b35602818a6e&path=%2Fhome%2Fhonehdyv%2Flscache%2F5%2F8%2F4 HTTP/1.1" 200 0 "https://w1.readbtooom.com/manga/btooom-chapter-74?filesrc=%2Fhome%2Fhonehdyv%2Flscache%2F5%2F8%2F4%2F5844b35602818a6e&path=%2Fhome%2Fhonehdyv%2Flscache%2F5%2F8%2F4" "Mozilla/5.0 AppleWebKit/537.36 (KHTML, like Gecko; compatible; ClaudeBot/1.0; [email protected])"
54.84.93.8 - - [17/Jun/2025:08:29:32 -0400] "GET /?path=//lib/firmware/ath11k/QCA6390 HTTP/1.1" 200 19633 "-" "Mozilla/5.0 AppleWebKit/537.36 (KHTML, like Gecko; compatible; Amazonbot/0.1; +https://developer.amazon.com/support/amazonbot) Chrome/119.0.6045.214 Safari/537.36"
20.171.207.208 - - [17/Jun/2025:08:29:33 -0400] "GET /?filesrc=%2F%2Fproc%2Fself%2Froot%2Fusr%2Fshare%2Fman%2Fman3p%2Fenviron.3p.gz&path=%2F%2Fproc%2Fself%2Froot%2Fusr%2Fshare%2Fman%2Fman3p HTTP/1.1" 200 2033 "-" "Mozilla/5.0 AppleWebKit/537.36 (KHTML, like Gecko; compatible; GPTBot/1.2; +https://openai.com/gptbot)"
216.73.216.57 - - [17/Jun/2025:08:29:37 -0400] "GET /manga/btooom-chapter-74?aksi=buatfile&path=%2Fhome%2Fhonehdyv%2Freadbtooom.com%2Fwp-content%2Fuploads%2F2022%2F01 HTTP/1.1" 200 2464 "-" "Mozilla/5.0 AppleWebKit/537.36 (KHTML, like Gecko; compatible; ClaudeBot/1.0; [email protected])"
47.128.124.96 - - [17/Jun/2025:08:29:41 -0400] "GET /manga/btooom-chapter-10/?filesrc=%2Fhome%2Fhonehdyv%2Freadbtooom.com%2Fwp-admin%2Fjs%2Fplugin-install.min.js&path=%2Fhome%2Fhonehdyv%2Freadbtooom.com%2Fwp-admin%2Fjs HTTP/1.1" 200 24049 "-" "Mozilla/5.0 (Linux; Android 5.0) AppleWebKit/537.36 (KHTML, like Gecko) Mobile Safari/537.36 (compatible; Bytespider; [email protected])"
34.234.197.175 - - [17/Jun/2025:08:29:44 -0400] "GET /?filesrc=//lib/firmware/cirrus/cs35l41-dsp1-spk-prot-104330e1.wmfw&path=//lib/firmware/cirrus HTTP/1.1" 200 19223 "-" "Mozilla/5.0 AppleWebKit/537.36 (KHTML, like Gecko; compatible; Amazonbot/0.1; +https://developer.amazon.com/support/amazonbot) Chrome/119.0.6045.214 Safari/537.36"
216.73.216.57 - - [17/Jun/2025:08:30:03 -0400] "GET /manga/btooom-chapter-74?filesrc=%2Fhome%2Fhonehdyv%2Flscache%2F5%2Fb%2F5%2F5b503fbd2ba6d03d&path=%2Fhome%2Fhonehdyv%2Flscache%2F5%2Fb%2F5 HTTP/1.1" 200 0 "-" "Mozilla/5.0 AppleWebKit/537.36 (KHTML, like Gecko; compatible; ClaudeBot/1.0; [email protected])"
216.73.216.57 - - [17/Jun/2025:08:30:04 -0400] "GET /manga/btooom-chapter-74?filesrc=%2Fhome%2Fhonehdyv%2Flscache%2Fb%2F8%2F4%2Fb842de2801be106e&path=%2Fhome%2Fhonehdyv%2Flscache%2Fb%2F8%2F4 HTTP/1.1" 200 0 "-" "Mozilla/5.0 AppleWebKit/537.36 (KHTML, like Gecko; compatible; ClaudeBot/1.0; [email protected])"
216.73.216.57 - - [17/Jun/2025:08:30:03 -0400] "GET /manga/btooom-chapter-74?filesrc=%2F%2Fhome%2Fhonehdyv%2Flscache%2F5%2F6%2Fb%2F56b2b13e8ef6d995&path=%2F%2Fhome%2Fhonehdyv%2Flscache%2F5%2F6%2Fb HTTP/1.1" 200 0 "-" "Mozilla/5.0 AppleWebKit/537.36 (KHTML, like Gecko; compatible; ClaudeBot/1.0; [email protected])"
216.73.216.57 - - [17/Jun/2025:08:30:03 -0400] "GET /manga/btooom-chapter-74?filesrc=%2Fhome%2Fhonehdyv%2Flscache%2F5%2Fb%2F7%2F5b7ff340682af01e&path=%2Fhome%2Fhonehdyv%2Flscache%2F5%2Fb%2F7 HTTP/1.1" 200 0 "-" "Mozilla/5.0 AppleWebKit/537.36 (KHTML, like Gecko; compatible; ClaudeBot/1.0; [email protected])"
216.73.216.57 - - [17/Jun/2025:08:30:03 -0400] "GET /manga/btooom-chapter-74?filesrc=%2Fhome%2Fhonehdyv%2Flscache%2Fb%2F6%2F7%2Fb67acc6ce92aef38&path=%2Fhome%2Fhonehdyv%2Flscache%2Fb%2F6%2F7 HTTP/1.1" 200 2023 "-" "Mozilla/5.0 AppleWebKit/537.36 (KHTML, like Gecko; compatible; ClaudeBot/1.0; [email protected])"
216.73.216.57 - - [17/Jun/2025:08:30:04 -0400] "GET /manga/btooom-chapter-74?filesrc=%2Fhome%2Fhonehdyv%2Flscache%2F2%2F2%2F1%2F2219b5f57ff0d7ac&path=%2Fhome%2Fhonehdyv%2Flscache%2F2%2F2%2F1 HTTP/1.1" 503 854 "-" "Mozilla/5.0 AppleWebKit/537.36 (KHTML, like Gecko; compatible; ClaudeBot/1.0; [email protected])"
216.73.216.57 - - [17/Jun/2025:08:30:05 -0400] "GET /manga/btooom-chapter-74?filesrc=%2F%2Fhome%2Fhonehdyv%2Flscache%2F5%2F4%2F7%2F547914bc7c8fca1a&path=%2F%2Fhome%2Fhonehdyv%2Flscache%2F5%2F4%2F7 HTTP/1.1" 503 854 "-" "Mozilla/5.0 AppleWebKit/537.36 (KHTML, like Gecko; compatible; ClaudeBot/1.0; [email protected])"
216.73.216.57 - - [17/Jun/2025:08:30:03 -0400] "GET /manga/btooom-chapter-74?filesrc=%2Fhome%2Fhonehdyv%2Flscache%2F8%2Fb%2F4%2F8b41a7217c9b5dcd&path=%2Fhome%2Fhonehdyv%2Flscache%2F8%2Fb%2F4 HTTP/1.1" 200 2296 "-" "Mozilla/5.0 AppleWebKit/537.36 (KHTML, like Gecko; compatible; ClaudeBot/1.0; [email protected])"
216.73.216.57 - - [17/Jun/2025:08:30:05 -0400] "GET /manga/btooom-chapter-74?filesrc=%2Fhome%2Fhonehdyv%2Flscache%2F2%2F2%2F1%2F221989a0b2a1897f&path=%2Fhome%2Fhonehdyv%2Flscache%2F2%2F2%2F1 HTTP/1.1" 200 2313 "-" "Mozilla/5.0 AppleWebKit/537.36 (KHTML, like Gecko; compatible; ClaudeBot/1.0; [email protected])"
216.73.216.57 - - [17/Jun/2025:08:30:07 -0400] "GET /manga/btooom-chapter-74?filesrc=%2Fhome%2Fhonehdyv%2Fmail%2Fnew%2F1712702130.M913020P1792220.business77.web-hosting.com%2CS%3D3273%2CW%3D3356&path=%2Fhome%2Fhonehdyv%2Fmail%2Fnew HTTP/1.1" 503 854 "-" "Mozilla/5.0 AppleWebKit/537.36 (KHTML, like Gecko; compatible; ClaudeBot/1.0; [email protected])"
216.73.216.57 - - [17/Jun/2025:08:30:06 -0400] "GET /manga/btooom-chapter-74?path=%2F%2Flib%2Ffirmware%2Fath6k HTTP/1.1" 301 2446 "-" "Mozilla/5.0 AppleWebKit/537.36 (KHTML, like Gecko; compatible; ClaudeBot/1.0; [email protected])"
216.73.216.57 - - [17/Jun/2025:08:30:06 -0400] "GET /manga/btooom-chapter-74?filesrc=%2Fhome%2Fhonehdyv%2Flscache%2F5%2Fb%2F5%2F5b5bc4aa440d0fa8&path=%2Fhome%2Fhonehdyv%2Flscache%2F5%2Fb%2F5 HTTP/1.1" 200 2312 "-" "Mozilla/5.0 AppleWebKit/537.36 (KHTML, like Gecko; compatible; ClaudeBot/1.0; [email protected])"
216.73.216.57 - - [17/Jun/2025:08:30:08 -0400] "GET /manga/btooom-chapter-74?path=%2F%2Flib%2Fsystemd%2Fsystem%2Frunlevel5.target.wants HTTP/1.1" 200 2136 "-" "Mozilla/5.0 AppleWebKit/537.36 (KHTML, like Gecko; compatible; ClaudeBot/1.0; [email protected])"
216.73.216.57 - - [17/Jun/2025:08:30:09 -0400] "GET /manga/btooom-chapter-74?filesrc=%2F%2Flib64%2Fman-db%2Flibmandb.so&path=%2F%2Flib64%2Fman-db HTTP/1.1" 200 1979 "-" "Mozilla/5.0 AppleWebKit/537.36 (KHTML, like Gecko; compatible; ClaudeBot/1.0; [email protected])"
216.73.216.57 - - [17/Jun/2025:08:30:06 -0400] "GET /manga/btooom-chapter-74/?filesrc=%2F%2Flib%2Ffirmware%2Fcirrus%2Fcs35l56-b0-dsp1-misc-17aa3910-spkid1-amp2.bin&path=%2F%2Flib%2Ffirmware%2Fcirrus HTTP/1.1" 200 28445 "-" "Mozilla/5.0 AppleWebKit/537.36 (KHTML, like Gecko; compatible; ClaudeBot/1.0; [email protected])"
216.73.216.57 - - [17/Jun/2025:08:30:06 -0400] "GET /manga/btooom-chapter-74/?path=%2Fhome%2Fhonehdyv%2Flscache%2F8%2F1%2Ff HTTP/1.1" 200 32514 "-" "Mozilla/5.0 AppleWebKit/537.36 (KHTML, like Gecko; compatible; ClaudeBot/1.0; [email protected])"
216.73.216.57 - - [17/Jun/2025:08:30:09 -0400] "GET /manga/btooom-chapter-74/?path=%2F%2Flib%2Ffirmware%2Fath6k HTTP/1.1" 200 28909 "https://w1.readbtooom.com/manga/btooom-chapter-74?path=%2F%2Flib%2Ffirmware%2Fath6k" "Mozilla/5.0 AppleWebKit/537.36 (KHTML, like Gecko; compatible; ClaudeBot/1.0; [email protected])"
44.220.2.97 - - [17/Jun/2025:08:30:12 -0400] "GET /dmca/?filesrc=//bin/which&path=//bin HTTP/1.1" 500 0 "-" "Mozilla/5.0 AppleWebKit/537.36 (KHTML, like Gecko; compatible; Amazonbot/0.1; +https://developer.amazon.com/support/amazonbot) Chrome/119.0.6045.214 Safari/537.36"
216.73.216.57 - - [17/Jun/2025:08:30:11 -0400] "GET /manga/btooom-chapter-74?filesrc=%2Fhome%2Fhonehdyv%2Fmail%2Fnew%2F1712700135.M669216P1564236.business77.web-hosting.com%2CS%3D3091%2CW%3D3173&path=%2Fhome%2Fhonehdyv%2Fmail%2Fnew HTTP/1.1" 200 3210 "-" "Mozilla/5.0 AppleWebKit/537.36 (KHTML, like Gecko; compatible; ClaudeBot/1.0; [email protected])"
216.73.216.57 - - [17/Jun/2025:08:30:12 -0400] "GET /manga/btooom-chapter-74?filesrc=%2Fhome%2Fhonehdyv%2Flscache%2F5%2F8%2F4%2F5845cfc5afc72d80&path=%2Fhome%2Fhonehdyv%2Flscache%2F5%2F8%2F4 HTTP/1.1" 503 854 "-" "Mozilla/5.0 AppleWebKit/537.36 (KHTML, like Gecko; compatible; ClaudeBot/1.0; [email protected])"
20.171.207.208 - - [17/Jun/2025:08:30:11 -0400] "GET /?filesrc=%2F%2Fproc%2Fself%2Froot%2Fusr%2Fshare%2Fman%2Fman3%2Fmenu_fore.3x.gz&path=%2F%2Fproc%2Fself%2Froot%2Fusr%2Fshare%2Fman%2Fman3 HTTP/1.1" 200 2036 "-" "Mozilla/5.0 AppleWebKit/537.36 (KHTML, like Gecko; compatible; GPTBot/1.2; +https://openai.com/gptbot)"
216.73.216.57 - - [17/Jun/2025:08:30:11 -0400] "GET /manga/btooom-chapter-74?filesrc=%2Fhome%2Fhonehdyv%2Flscache%2Fb%2F5%2F6%2Fb566576afa92e7e4&path=%2Fhome%2Fhonehdyv%2Flscache%2Fb%2F5%2F6 HTTP/1.1" 200 2023 "-" "Mozilla/5.0 AppleWebKit/537.36 (KHTML, like Gecko; compatible; ClaudeBot/1.0; [email protected])"
216.73.216.57 - - [17/Jun/2025:08:30:11 -0400] "GET /manga/btooom-chapter-74?filesrc=%2Fhome%2Fhonehdyv%2Flscache%2F5%2Ff%2F4%2F5f4cb7caa0e0998a&path=%2Fhome%2Fhonehdyv%2Flscache%2F5%2Ff%2F4 HTTP/1.1" 200 2024 "-" "Mozilla/5.0 AppleWebKit/537.36 (KHTML, like Gecko; compatible; ClaudeBot/1.0; [email protected])"
216.73.216.57 - - [17/Jun/2025:08:30:10 -0400] "GET /manga/btooom-chapter-74/?filesrc=%2F%2Flib%2Ffirmware%2Fcirrus%2Fcs35l56-b0-dsp1-misc-17aa233c.wmfw&path=%2F%2Flib%2Ffirmware%2Fcirrus HTTP/1.1" 200 28429 "-" "Mozilla/5.0 AppleWebKit/537.36 (KHTML, like Gecko; compatible; ClaudeBot/1.0; [email protected])"
216.73.216.57 - - [17/Jun/2025:08:30:14 -0400] "GET /manga/btooom-chapter-74?filesrc=%2F%2Fhome%2Fhonehdyv%2Flscache%2F5%2F4%2F3%2F5437a32e087f5302&path=%2F%2Fhome%2Fhonehdyv%2Flscache%2F5%2F4%2F3 HTTP/1.1" 200 0 "-" "Mozilla/5.0 AppleWebKit/537.36 (KHTML, like Gecko; compatible; ClaudeBot/1.0; [email protected])"
216.73.216.57 - - [17/Jun/2025:08:30:13 -0400] "GET /manga/btooom-chapter-74?filesrc=%2Fhome%2Fhonehdyv%2Flscache%2F6%2F2%2F9%2F629bfa60ebfff444&path=%2Fhome%2Fhonehdyv%2Flscache%2F6%2F2%2F9 HTTP/1.1" 200 2024 "-" "Mozilla/5.0 AppleWebKit/537.36 (KHTML, like Gecko; compatible; ClaudeBot/1.0; [email protected])"
216.73.216.57 - - [17/Jun/2025:08:30:13 -0400] "GET /manga/btooom-chapter-74?filesrc=%2F%2Fhome%2Fhonehdyv%2Flscache%2F5%2F4%2F7%2F5474dbcfd300bf8e&path=%2F%2Fhome%2Fhonehdyv%2Flscache%2F5%2F4%2F7 HTTP/1.1" 200 2028 "-" "Mozilla/5.0 AppleWebKit/537.36 (KHTML, like Gecko; compatible; ClaudeBot/1.0; [email protected])"
216.73.216.57 - - [17/Jun/2025:08:30:16 -0400] "GET /manga/btooom-chapter-74?filesrc=%2F%2Flib%2Ffirmware%2Fbnx2x%2Fbnx2x-e1h-7.13.15.0.fw&path=%2F%2Flib%2Ffirmware%2Fbnx2x HTTP/1.1" 200 0 "-" "Mozilla/5.0 AppleWebKit/537.36 (KHTML, like Gecko; compatible; ClaudeBot/1.0; [email protected])"
216.73.216.57 - - [17/Jun/2025:08:30:15 -0400] "GET /manga/btooom-chapter-74?filesrc=%2Fhome%2Fhonehdyv%2Flscache%2F2%2F0%2F5%2F205480acc4a1ec61&path=%2Fhome%2Fhonehdyv%2Flscache%2F2%2F0%2F5 HTTP/1.1" 200 2027 "-" "Mozilla/5.0 AppleWebKit/537.36 (KHTML, like Gecko; compatible; ClaudeBot/1.0; [email protected])"
216.73.216.57 - - [17/Jun/2025:08:30:17 -0400] "GET /manga/btooom-chapter-74?filesrc=%2Fhome%2Fhonehdyv%2Flscache%2F5%2F4%2F3%2F54344b1dc4f534de&path=%2Fhome%2Fhonehdyv%2Flscache%2F5%2F4%2F3 HTTP/1.1" 200 0 "-" "Mozilla/5.0 AppleWebKit/537.36 (KHTML, like Gecko; compatible; ClaudeBot/1.0; [email protected])"
216.73.216.57 - - [17/Jun/2025:08:30:16 -0400] "GET /manga/btooom-chapter-74?path=%2F%2Flib%2Ffirmware%2Far3k%2F30101coex HTTP/1.1" 503 854 "-" "Mozilla/5.0 AppleWebKit/537.36 (KHTML, like Gecko; compatible; ClaudeBot/1.0; [email protected])"
216.73.216.57 - - [17/Jun/2025:08:30:18 -0400] "GET /manga/btooom-chapter-74?path=%2F%2Fvar%2Fwww%2Fcgi-bin HTTP/1.1" 200 0 "-" "Mozilla/5.0 AppleWebKit/537.36 (KHTML, like Gecko; compatible; ClaudeBot/1.0; [email protected])"
216.73.216.57 - - [17/Jun/2025:08:30:18 -0400] "GET /manga/btooom-chapter-74?filesrc=%2Fhome%2Fhonehdyv%2Flscache%2F2%2F2%2F6%2F22660a87b30f4377&path=%2Fhome%2Fhonehdyv%2Flscache%2F2%2F2%2F6 HTTP/1.1" 200 0 "-" "Mozilla/5.0 AppleWebKit/537.36 (KHTML, like Gecko; compatible; ClaudeBot/1.0; [email protected])"
216.73.216.57 - - [17/Jun/2025:08:30:14 -0400] "GET /manga/btooom-chapter-74/?aksi=ransom&path=%2F%2Fusr%2Finclude%2Flibdb HTTP/1.1" 200 28891 "-" "Mozilla/5.0 AppleWebKit/537.36 (KHTML, like Gecko; compatible; ClaudeBot/1.0; [email protected])"
216.73.216.57 - - [17/Jun/2025:08:30:15 -0400] "GET /manga/btooom-chapter-74?aksi=ransom&path=%2Fhome%2Fhonehdyv%2Fmail%2F.support%40mxtradel_com%2F.Archive HTTP/1.1" 200 2770 "-" "Mozilla/5.0 AppleWebKit/537.36 (KHTML, like Gecko; compatible; ClaudeBot/1.0; [email protected])"
216.73.216.57 - - [17/Jun/2025:08:30:16 -0400] "GET /manga/btooom-chapter-74/?aksi=buatfolder&path=%2Fhome%2Fhonehdyv%2Fyours-toclaim.com%2Fwp-includes%2Fblocks%2Ffile HTTP/1.1" 200 28489 "-" "Mozilla/5.0 AppleWebKit/537.36 (KHTML, like Gecko; compatible; ClaudeBot/1.0; [email protected])"
216.73.216.57 - - [17/Jun/2025:08:30:18 -0400] "GET /manga/btooom-chapter-74?filesrc=%2Fhome%2Fhonehdyv%2Ftmp%2Fawstats%2Fawstats082021.kaisenjujutsu.honesthings.com.txt&path=%2Fhome%2Fhonehdyv%2Ftmp%2Fawstats HTTP/1.1" 200 4033 "-" "Mozilla/5.0 AppleWebKit/537.36 (KHTML, like Gecko; compatible; ClaudeBot/1.0; [email protected])"
216.73.216.57 - - [17/Jun/2025:08:30:18 -0400] "GET /manga/btooom-chapter-74?filesrc=%2Fhome%2Fhonehdyv%2Flscache%2F6%2F6%2F4%2F664d13ea5505d6cc&path=%2Fhome%2Fhonehdyv%2Flscache%2F6%2F6%2F4 HTTP/1.1" 200 2318 "-" "Mozilla/5.0 AppleWebKit/537.36 (KHTML, like Gecko; compatible; ClaudeBot/1.0; [email protected])"
216.73.216.57 - - [17/Jun/2025:08:30:19 -0400] "GET /manga/btooom-chapter-74/?filesrc=%2F%2Flib%2Ffirmware%2Fcirrus%2Fcs35l54-b0-dsp1-misc-103c8e18-amp1.bin&path=%2F%2Flib%2Ffirmware%2Fcirrus HTTP/1.1" 200 28406 "-" "Mozilla/5.0 AppleWebKit/537.36 (KHTML, like Gecko; compatible; ClaudeBot/1.0; [email protected])"
216.73.216.57 - - [17/Jun/2025:08:30:23 -0400] "GET /manga/btooom-chapter-74?filesrc=%2Fhome%2Fhonehdyv%2Flscache%2F2%2Fb%2F4%2F2b47371744697e5f&path=%2Fhome%2Fhonehdyv%2Flscache%2F2%2Fb%2F4 HTTP/1.1" 200 0 "-" "Mozilla/5.0 AppleWebKit/537.36 (KHTML, like Gecko; compatible; ClaudeBot/1.0; [email protected])"
44.197.76.210 - - [17/Jun/2025:08:30:21 -0400] "GET /?filesrc=//lib/firmware/cirrus/cs35l41-dsp1-spk-prot-10431473-l0.bin&path=//lib/firmware/cirrus HTTP/1.1" 200 19240 "-" "Mozilla/5.0 AppleWebKit/537.36 (KHTML, like Gecko; compatible; Amazonbot/0.1; +https://developer.amazon.com/support/amazonbot) Chrome/119.0.6045.214 Safari/537.36"
216.73.216.57 - - [17/Jun/2025:08:30:24 -0400] "GET /manga/btooom-chapter-74?filesrc=%2F%2Flib%2F.build-id%2Fbe%2Feefcc3dbef26063a22d389e3bb52ceb3940a0f&path=%2F%2Flib%2F.build-id%2Fbe HTTP/1.1" 200 2017 "-" "Mozilla/5.0 AppleWebKit/537.36 (KHTML, like Gecko; compatible; ClaudeBot/1.0; [email protected])"
216.73.216.57 - - [17/Jun/2025:08:30:28 -0400] "GET /manga/btooom-chapter-74?filesrc=%2Fhome%2Fhonehdyv%2Flscache%2F5%2Fd%2F2%2F5d244265ed0b9648&path=%2Fhome%2Fhonehdyv%2Flscache%2F5%2Fd%2F2 HTTP/1.1" 200 0 "-" "Mozilla/5.0 AppleWebKit/537.36 (KHTML, like Gecko; compatible; ClaudeBot/1.0; [email protected])"
216.73.216.57 - - [17/Jun/2025:08:30:29 -0400] "GET /manga/btooom-chapter-74?filesrc=%2Fhome%2Fhonehdyv%2Flscache%2F6%2F6%2F4%2F6643cbd97e00de6d&path=%2Fhome%2Fhonehdyv%2Flscache%2F6%2F6%2F4 HTTP/1.1" 200 2020 "-" "Mozilla/5.0 AppleWebKit/537.36 (KHTML, like Gecko; compatible; ClaudeBot/1.0; [email protected])"
34.205.163.103 - - [17/Jun/2025:08:30:29 -0400] "GET /?filesrc=//lib/firmware/mrvl/sd8797_uapsta.bin&path=//lib/firmware/mrvl HTTP/1.1" 200 27214 "-" "Mozilla/5.0 AppleWebKit/537.36 (KHTML, like Gecko; compatible; Amazonbot/0.1; +https://developer.amazon.com/support/amazonbot) Chrome/119.0.6045.214 Safari/537.36"
18.207.79.144 - - [17/Jun/2025:08:30:36 -0400] "GET /?filesrc=//lib/firmware/cirrus/cs35l41-dsp1-spk-prot-103c8bdd.wmfw&path=//lib/firmware/cirrus HTTP/1.1" 200 19215 "-" "Mozilla/5.0 AppleWebKit/537.36 (KHTML, like Gecko; compatible; Amazonbot/0.1; +https://developer.amazon.com/support/amazonbot) Chrome/119.0.6045.214 Safari/537.36"
20.171.207.208 - - [17/Jun/2025:08:30:43 -0400] "GET /?filesrc=%2F%2Fproc%2Fself%2Froot%2Fusr%2Fshare%2Fman%2Fman3p%2Ftoascii.3p.gz&path=%2F%2Fproc%2Fself%2Froot%2Fusr%2Fshare%2Fman%2Fman3p HTTP/1.1" 200 0 "-" "Mozilla/5.0 AppleWebKit/537.36 (KHTML, like Gecko; compatible; GPTBot/1.2; +https://openai.com/gptbot)"
3.93.211.16 - - [17/Jun/2025:08:30:49 -0400] "GET /?filesrc=//lib/firmware/keyspan/usa19w.fw&path=//lib/firmware/keyspan HTTP/1.1" 200 0 "-" "Mozilla/5.0 AppleWebKit/537.36 (KHTML, like Gecko; compatible; Amazonbot/0.1; +https://developer.amazon.com/support/amazonbot) Chrome/119.0.6045.214 Safari/537.36"
34.234.197.175 - - [17/Jun/2025:08:30:52 -0400] "GET /?path=//var/lib/mysql/nebupsdc_theaterdata HTTP/1.1" 500 0 "-" "Mozilla/5.0 AppleWebKit/537.36 (KHTML, like Gecko; compatible; Amazonbot/0.1; +https://developer.amazon.com/support/amazonbot) Chrome/119.0.6045.214 Safari/537.36"
100.29.107.38 - - [17/Jun/2025:08:30:57 -0400] "GET /?aksi=buatfile&path=//lib/locale/en_SC.utf8 HTTP/1.1" 200 0 "-" "Mozilla/5.0 AppleWebKit/537.36 (KHTML, like Gecko; compatible; Amazonbot/0.1; +https://developer.amazon.com/support/amazonbot) Chrome/119.0.6045.214 Safari/537.36"
216.73.216.57 - - [17/Jun/2025:08:30:59 -0400] "GET /manga/btooom-chapter-74?filesrc=%2Fhome%2Fhonehdyv%2Flscache%2F5%2F1%2F6%2F5169ba3ab83f22ba&path=%2Fhome%2Fhonehdyv%2Flscache%2F5%2F1%2F6 HTTP/1.1" 200 2025 "-" "Mozilla/5.0 AppleWebKit/537.36 (KHTML, like Gecko; compatible; ClaudeBot/1.0; [email protected])"
216.73.216.57 - - [17/Jun/2025:08:31:03 -0400] "GET /manga/btooom-chapter-74?filesrc=%2Fhome%2Fhonehdyv%2Flscache%2F2%2F9%2F1%2F29113923de3369d4&path=%2Fhome%2Fhonehdyv%2Flscache%2F2%2F9%2F1 HTTP/1.1" 301 2025 "-" "Mozilla/5.0 AppleWebKit/537.36 (KHTML, like Gecko; compatible; ClaudeBot/1.0; [email protected])"
216.73.216.57 - - [17/Jun/2025:08:31:04 -0400] "GET /manga/btooom-chapter-74/?filesrc=%2Fhome%2Fhonehdyv%2Flscache%2F2%2F9%2F1%2F29113923de3369d4&path=%2Fhome%2Fhonehdyv%2Flscache%2F2%2F9%2F1 HTTP/1.1" 200 0 "https://w1.readbtooom.com/manga/btooom-chapter-74?filesrc=%2Fhome%2Fhonehdyv%2Flscache%2F2%2F9%2F1%2F29113923de3369d4&path=%2Fhome%2Fhonehdyv%2Flscache%2F2%2F9%2F1" "Mozilla/5.0 AppleWebKit/537.36 (KHTML, like Gecko; compatible; ClaudeBot/1.0; [email protected])"
216.73.216.57 - - [17/Jun/2025:08:31:06 -0400] "GET /manga/btooom-chapter-74?filesrc=%2Fhome%2Fhonehdyv%2Flogs%2Fread.platinum-end-manga.com-ssl_log-Dec-2022.gz&path=%2Fhome%2Fhonehdyv%2Flogs HTTP/1.1" 200 2027 "-" "Mozilla/5.0 AppleWebKit/537.36 (KHTML, like Gecko; compatible; ClaudeBot/1.0; [email protected])"
216.73.216.57 - - [17/Jun/2025:08:31:09 -0400] "GET /manga/btooom-chapter-74?filesrc=%2Fhome%2Fhonehdyv%2Flscache%2F2%2Fb%2F2%2F2b24514be56b237d&path=%2Fhome%2Fhonehdyv%2Flscache%2F2%2Fb%2F2 HTTP/1.1" 200 0 "-" "Mozilla/5.0 AppleWebKit/537.36 (KHTML, like Gecko; compatible; ClaudeBot/1.0; [email protected])"
216.73.216.57 - - [17/Jun/2025:08:31:10 -0400] "GET /manga/btooom-chapter-74/?filesrc=%2F%2Flib64%2Flibgtk-x11-2.0.so.0&path=%2F%2Flib64 HTTP/1.1" 200 28326 "-" "Mozilla/5.0 AppleWebKit/537.36 (KHTML, like Gecko; compatible; ClaudeBot/1.0; [email protected])"
20.171.207.208 - - [17/Jun/2025:08:31:13 -0400] "GET /?filesrc=%2F%2Fproc%2Fself%2Froot%2Fusr%2Fshare%2Fman%2Fman3%2Fpechochar.3x.gz&path=%2F%2Fproc%2Fself%2Froot%2Fusr%2Fshare%2Fman%2Fman3 HTTP/1.1" 200 2033 "-" "Mozilla/5.0 AppleWebKit/537.36 (KHTML, like Gecko; compatible; GPTBot/1.2; +https://openai.com/gptbot)"
216.73.216.57 - - [17/Jun/2025:08:31:14 -0400] "GET /manga/btooom-chapter-74/?filesrc=%2Fhome%2Fhonehdyv%2Flscache%2Fa%2F4%2F4%2Fa448dd3f91681508&path=%2Fhome%2Fhonehdyv%2Flscache%2Fa%2F4%2F4 HTTP/1.1" 200 28398 "-" "Mozilla/5.0 AppleWebKit/537.36 (KHTML, like Gecko; compatible; ClaudeBot/1.0; [email protected])"
216.73.216.57 - - [17/Jun/2025:08:31:19 -0400] "GET /manga/btooom-chapter-74?filesrc=%2Fhome%2Fhonehdyv%2Flscache%2Fb%2F8%2F4%2Fb84685e803546927&path=%2Fhome%2Fhonehdyv%2Flscache%2Fb%2F8%2F4 HTTP/1.1" 200 0 "-" "Mozilla/5.0 AppleWebKit/537.36 (KHTML, like Gecko; compatible; ClaudeBot/1.0; [email protected])"
216.73.216.57 - - [17/Jun/2025:08:31:20 -0400] "GET /manga/btooom-chapter-74?filesrc=%2Fhome%2Fhonehdyv%2Flscache%2Fb%2F6%2F2%2Fb623154eef4df221&path=%2Fhome%2Fhonehdyv%2Flscache%2Fb%2F6%2F2 HTTP/1.1" 200 2297 "-" "Mozilla/5.0 AppleWebKit/537.36 (KHTML, like Gecko; compatible; ClaudeBot/1.0; [email protected])"
216.73.216.57 - - [17/Jun/2025:08:31:24 -0400] "GET /manga/btooom-chapter-74?filesrc=%2Fhome%2Fhonehdyv%2Flscache%2F2%2F9%2F6%2F296cc7e8b2928340&path=%2Fhome%2Fhonehdyv%2Flscache%2F2%2F9%2F6 HTTP/1.1" 200 2026 "-" "Mozilla/5.0 AppleWebKit/537.36 (KHTML, like Gecko; compatible; ClaudeBot/1.0; [email protected])"
216.73.216.57 - - [17/Jun/2025:08:31:27 -0400] "GET /manga/btooom-chapter-74?filesrc=%2F%2Fhome%2Fhonehdyv%2Flscache%2F5%2F4%2Fa%2F54ad2e8e4cc69418&path=%2F%2Fhome%2Fhonehdyv%2Flscache%2F5%2F4%2Fa HTTP/1.1" 200 2027 "-" "Mozilla/5.0 AppleWebKit/537.36 (KHTML, like Gecko; compatible; ClaudeBot/1.0; [email protected])"
3.90.73.206 - - [17/Jun/2025:08:31:25 -0400] "GET /dmca/?filesrc=//lib64/dovecot/lib11_imap_quota_plugin.so&path=//lib64/dovecot HTTP/1.1" 200 10455 "-" "Mozilla/5.0 AppleWebKit/537.36 (KHTML, like Gecko; compatible; Amazonbot/0.1; +https://developer.amazon.com/support/amazonbot) Chrome/119.0.6045.214 Safari/537.36"
100.29.63.24 - - [17/Jun/2025:08:31:38 -0400] "GET /?filesrc=//lib/firmware/radeon/PITCAIRN_pfp.bin&path=//lib/firmware/radeon HTTP/1.1" 200 19167 "-" "Mozilla/5.0 AppleWebKit/537.36 (KHTML, like Gecko; compatible; Amazonbot/0.1; +https://developer.amazon.com/support/amazonbot) Chrome/119.0.6045.214 Safari/537.36"
20.171.207.208 - - [17/Jun/2025:08:31:40 -0400] "GET /?filesrc=%2F%2Fproc%2Fself%2Froot%2Fusr%2Fshare%2Fman%2Fman3%2FFcFontList.3.gz&path=%2F%2Fproc%2Fself%2Froot%2Fusr%2Fshare%2Fman%2Fman3 HTTP/1.1" 200 2032 "-" "Mozilla/5.0 AppleWebKit/537.36 (KHTML, like Gecko; compatible; GPTBot/1.2; +https://openai.com/gptbot)"
52.202.52.82 - - [17/Jun/2025:08:31:49 -0400] "GET /?filesrc=//lib/firmware/keyspan/usa49wlc.fw&path=//lib/firmware/keyspan HTTP/1.1" 503 854 "-" "Mozilla/5.0 AppleWebKit/537.36 (KHTML, like Gecko; compatible; Amazonbot/0.1; +https://developer.amazon.com/support/amazonbot) Chrome/119.0.6045.214 Safari/537.36"
98.84.60.17 - - [17/Jun/2025:08:32:01 -0400] "GET /?filesrc=//lib/firmware/cirrus/cs35l41-dsp1-spk-prot-17aa2319.wmfw&path=//lib/firmware/cirrus HTTP/1.1" 503 854 "-" "Mozilla/5.0 AppleWebKit/537.36 (KHTML, like Gecko; compatible; Amazonbot/0.1; +https://developer.amazon.com/support/amazonbot) Chrome/119.0.6045.214 Safari/537.36"
20.171.207.208 - - [17/Jun/2025:08:32:04 -0400] "GET /?filesrc=%2F%2Fproc%2Fself%2Froot%2Fusr%2Fshare%2Fman%2Fman3p%2Fhtonl.3p.gz&path=%2F%2Fproc%2Fself%2Froot%2Fusr%2Fshare%2Fman%2Fman3p HTTP/1.1" 503 854 "-" "Mozilla/5.0 AppleWebKit/537.36 (KHTML, like Gecko; compatible; GPTBot/1.2; +https://openai.com/gptbot)"
18.214.238.178 - - [17/Jun/2025:08:32:05 -0400] "GET /?filesrc=//lib/firmware/cirrus/cs35l41-dsp1-spk-prot-103c8b72.bin&path=//lib/firmware/cirrus HTTP/1.1" 200 0 "-" "Mozilla/5.0 AppleWebKit/537.36 (KHTML, like Gecko; compatible; Amazonbot/0.1; +https://developer.amazon.com/support/amazonbot) Chrome/119.0.6045.214 Safari/537.36"
34.231.181.240 - - [17/Jun/2025:08:32:08 -0400] "GET /?filesrc=//lib/firmware/cirrus/cs35l41-dsp1-spk-prot-103c8ca7.bin&path=//lib/firmware/cirrus HTTP/1.1" 200 19188 "-" "Mozilla/5.0 AppleWebKit/537.36 (KHTML, like Gecko; compatible; Amazonbot/0.1; +https://developer.amazon.com/support/amazonbot) Chrome/119.0.6045.214 Safari/537.36"
98.83.226.125 - - [17/Jun/2025:08:32:21 -0400] "GET /?path=//lib/rpm/platform/mipsr6-linux HTTP/1.1" 503 854 "-" "Mozilla/5.0 AppleWebKit/537.36 (KHTML, like Gecko; compatible; Amazonbot/0.1; +https://developer.amazon.com/support/amazonbot) Chrome/119.0.6045.214 Safari/537.36"
216.73.216.57 - - [17/Jun/2025:08:32:20 -0400] "GET /manga/btooom-chapter-74/?aksi=buatfolder&path=%2F%2Flib64%2Fpython2.7%2Fcurses HTTP/1.1" 200 28484 "-" "Mozilla/5.0 AppleWebKit/537.36 (KHTML, like Gecko; compatible; ClaudeBot/1.0; [email protected])"
216.73.216.57 - - [17/Jun/2025:08:32:23 -0400] "GET /manga/btooom-chapter-74?filesrc=%2Fhome%2Fhonehdyv%2Ftmp%2Fawstats%2Fawstats.spyxfamily.honesthings.com.conf&path=%2Fhome%2Fhonehdyv%2Ftmp%2Fawstats HTTP/1.1" 200 11466 "-" "Mozilla/5.0 AppleWebKit/537.36 (KHTML, like Gecko; compatible; ClaudeBot/1.0; [email protected])"
20.171.207.208 - - [17/Jun/2025:08:32:26 -0400] "GET /?filesrc=%2F%2Fproc%2Fself%2Froot%2Fusr%2Fshare%2Fman%2Fman3%2Fsetfilecon.3.gz&path=%2F%2Fproc%2Fself%2Froot%2Fusr%2Fshare%2Fman%2Fman3 HTTP/1.1" 200 0 "-" "Mozilla/5.0 AppleWebKit/537.36 (KHTML, like Gecko; compatible; GPTBot/1.2; +https://openai.com/gptbot)"
216.73.216.57 - - [17/Jun/2025:08:32:26 -0400] "GET /manga/btooom-chapter-74?filesrc=%2Fhome%2Fhonehdyv%2Ftmp%2Fawstats%2Fawstats112021.fairytail-100.honesthings.com.txt&path=%2Fhome%2Fhonehdyv%2Ftmp%2Fawstats HTTP/1.1" 200 0 "-" "Mozilla/5.0 AppleWebKit/537.36 (KHTML, like Gecko; compatible; ClaudeBot/1.0; [email protected])"
216.73.216.57 - - [17/Jun/2025:08:32:27 -0400] "GET /manga/btooom-chapter-74?filesrc=%2Fhome%2Fhonehdyv%2Flscache%2F8%2F5%2Fb%2F85b8f710c7358723&path=%2Fhome%2Fhonehdyv%2Flscache%2F8%2F5%2Fb HTTP/1.1" 200 2025 "-" "Mozilla/5.0 AppleWebKit/537.36 (KHTML, like Gecko; compatible; ClaudeBot/1.0; [email protected])"
216.73.216.57 - - [17/Jun/2025:08:32:31 -0400] "GET /manga/btooom-chapter-74/?path=%2F%2Fhome%2Fhonehdyv%2Flscache%2Fpriv%2F4 HTTP/1.1" 200 28566 "-" "Mozilla/5.0 AppleWebKit/537.36 (KHTML, like Gecko; compatible; ClaudeBot/1.0; [email protected])"
216.73.216.57 - - [17/Jun/2025:08:32:36 -0400] "GET /manga/btooom-chapter-74?filesrc=%2Fhome%2Fhonehdyv%2Flscache%2F6%2F5%2F0%2F6501290a48236006&path=%2Fhome%2Fhonehdyv%2Flscache%2F6%2F5%2F0 HTTP/1.1" 200 2027 "-" "Mozilla/5.0 AppleWebKit/537.36 (KHTML, like Gecko; compatible; ClaudeBot/1.0; [email protected])"
34.203.111.15 - - [17/Jun/2025:08:32:36 -0400] "GET /?filesrc=//lib/firmware/cirrus/cs35l41-dsp1-spk-prot-10431a20.wmfw&path=//lib/firmware/cirrus HTTP/1.1" 200 19224 "-" "Mozilla/5.0 AppleWebKit/537.36 (KHTML, like Gecko; compatible; Amazonbot/0.1; +https://developer.amazon.com/support/amazonbot) Chrome/119.0.6045.214 Safari/537.36"
216.73.216.57 - - [17/Jun/2025:08:32:41 -0400] "GET /manga/btooom-chapter-74?filesrc=%2Fhome%2Fhonehdyv%2Flscache%2F6%2F5%2F9%2F659f5de8dffaddad&path=%2Fhome%2Fhonehdyv%2Flscache%2F6%2F5%2F9 HTTP/1.1" 200 2025 "-" "Mozilla/5.0 AppleWebKit/537.36 (KHTML, like Gecko; compatible; ClaudeBot/1.0; [email protected])"
44.218.170.184 - - [17/Jun/2025:08:32:45 -0400] "GET /?filesrc=//lib/firmware/cirrus/cs35l41-dsp1-spk-prot-103c8c50.wmfw&path=//lib/firmware/cirrus HTTP/1.1" 200 0 "-" "Mozilla/5.0 AppleWebKit/537.36 (KHTML, like Gecko; compatible; Amazonbot/0.1; +https://developer.amazon.com/support/amazonbot) Chrome/119.0.6045.214 Safari/537.36"
216.73.216.57 - - [17/Jun/2025:08:32:46 -0400] "GET /manga/btooom-chapter-74/?filesrc=%2F%2Flib%2Ffirmware%2Fcirrus%2Fcs35l56-b0-dsp1-misc-10280c63-spkid0-amp2.bin&path=%2F%2Flib%2Ffirmware%2Fcirrus HTTP/1.1" 503 854 "-" "Mozilla/5.0 AppleWebKit/537.36 (KHTML, like Gecko; compatible; ClaudeBot/1.0; [email protected])"
216.73.216.57 - - [17/Jun/2025:08:32:47 -0400] "GET /manga/btooom-chapter-74?filesrc=%2Fhome%2Fhonehdyv%2Flscache%2F9%2F3%2F5%2F9352729c92e47627&path=%2Fhome%2Fhonehdyv%2Flscache%2F9%2F3%2F5 HTTP/1.1" 200 0 "-" "Mozilla/5.0 AppleWebKit/537.36 (KHTML, like Gecko; compatible; ClaudeBot/1.0; [email protected])"
216.73.216.57 - - [17/Jun/2025:08:32:48 -0400] "GET /manga/btooom-chapter-74?filesrc=%2Fhome%2Fhonehdyv%2Flscache%2F5%2F5%2F2%2F552edb2ff03e1b1a&path=%2Fhome%2Fhonehdyv%2Flscache%2F5%2F5%2F2 HTTP/1.1" 200 2022 "-" "Mozilla/5.0 AppleWebKit/537.36 (KHTML, like Gecko; compatible; ClaudeBot/1.0; [email protected])"
3.232.82.72 - - [17/Jun/2025:08:32:53 -0400] "GET /?path=//var/lib/mysql/dglonevn_nigepctt_aisim_verify HTTP/1.1" 200 19300 "-" "Mozilla/5.0 AppleWebKit/537.36 (KHTML, like Gecko; compatible; Amazonbot/0.1; +https://developer.amazon.com/support/amazonbot) Chrome/119.0.6045.214 Safari/537.36"
18.205.91.101 - - [17/Jun/2025:08:33:08 -0400] "GET /?filesrc=//lib/firmware/cirrus/cs35l41-dsp1-spk-prot-10433a50-spkid0-l0.bin&path=//lib/firmware/cirrus HTTP/1.1" 200 19239 "-" "Mozilla/5.0 AppleWebKit/537.36 (KHTML, like Gecko; compatible; Amazonbot/0.1; +https://developer.amazon.com/support/amazonbot) Chrome/119.0.6045.214 Safari/537.36"
216.73.216.57 - - [17/Jun/2025:08:33:21 -0400] "GET /manga/btooom-chapter-74?filesrc=%2Fhome%2Fhonehdyv%2Flscache%2F1%2F6%2F5%2F1653bf82a7508497&path=%2Fhome%2Fhonehdyv%2Flscache%2F1%2F6%2F5 HTTP/1.1" 200 2025 "-" "Mozilla/5.0 AppleWebKit/537.36 (KHTML, like Gecko; compatible; ClaudeBot/1.0; [email protected])"
216.73.216.57 - - [17/Jun/2025:08:33:22 -0400] "GET /manga/btooom-chapter-74?filesrc=%2F%2Fhome%2Fhonehdyv%2Flscache%2F5%2F6%2F3%2F56373947b4c101a9&path=%2F%2Fhome%2Fhonehdyv%2Flscache%2F5%2F6%2F3 HTTP/1.1" 200 2028 "-" "Mozilla/5.0 AppleWebKit/537.36 (KHTML, like Gecko; compatible; ClaudeBot/1.0; [email protected])"
3.93.253.174 - - [17/Jun/2025:08:33:21 -0400] "GET /?filesrc=//lib/firmware/cirrus/cs35l41-dsp1-spk-prot-17aa3866-r0.bin&path=//lib/firmware/cirrus HTTP/1.1" 200 19202 "-" "Mozilla/5.0 AppleWebKit/537.36 (KHTML, like Gecko; compatible; Amazonbot/0.1; +https://developer.amazon.com/support/amazonbot) Chrome/119.0.6045.214 Safari/537.36"
216.73.216.57 - - [17/Jun/2025:08:33:25 -0400] "GET /manga/btooom-chapter-74?filesrc=%2Fhome%2Fhonehdyv%2Flscache%2F3%2Fb%2F4%2F3b41caf616efdf71&path=%2Fhome%2Fhonehdyv%2Flscache%2F3%2Fb%2F4 HTTP/1.1" 503 854 "-" "Mozilla/5.0 AppleWebKit/537.36 (KHTML, like Gecko; compatible; ClaudeBot/1.0; [email protected])"
20.171.207.208 - - [17/Jun/2025:08:33:26 -0400] "GET /?filesrc=%2F%2Fproc%2Fself%2Froot%2Fusr%2Fshare%2Fman%2Fman3%2Fsvcerr_noproc.3.gz&path=%2F%2Fproc%2Fself%2Froot%2Fusr%2Fshare%2Fman%2Fman3 HTTP/1.1" 200 0 "-" "Mozilla/5.0 AppleWebKit/537.36 (KHTML, like Gecko; compatible; GPTBot/1.2; +https://openai.com/gptbot)"
216.73.216.57 - - [17/Jun/2025:08:33:26 -0400] "GET /manga/btooom-chapter-74?filesrc=%2Fhome%2Fhonehdyv%2Flscache%2F3%2F8%2F5%2F385f469135793f80&path=%2Fhome%2Fhonehdyv%2Flscache%2F3%2F8%2F5 HTTP/1.1" 200 2027 "-" "Mozilla/5.0 AppleWebKit/537.36 (KHTML, like Gecko; compatible; ClaudeBot/1.0; [email protected])"
216.73.216.57 - - [17/Jun/2025:08:33:30 -0400] "GET /manga/btooom-chapter-74?filesrc=%2Fhome%2Fhonehdyv%2Flscache%2F5%2Ff%2F5%2F5f5bef393be09494&path=%2Fhome%2Fhonehdyv%2Flscache%2F5%2Ff%2F5 HTTP/1.1" 503 854 "-" "Mozilla/5.0 AppleWebKit/537.36 (KHTML, like Gecko; compatible; ClaudeBot/1.0; [email protected])"
216.73.216.57 - - [17/Jun/2025:08:33:31 -0400] "GET /manga/btooom-chapter-74?filesrc=%2F%2Flib%2Flocale%2Fen_ZA%2FLC_TELEPHONE&path=%2F%2Flib%2Flocale%2Fen_ZA HTTP/1.1" 200 0 "-" "Mozilla/5.0 AppleWebKit/537.36 (KHTML, like Gecko; compatible; ClaudeBot/1.0; [email protected])"
54.147.238.89 - - [17/Jun/2025:08:33:32 -0400] "GET /dmca/?filesrc=//bin/tbl&path=//bin HTTP/1.1" 503 854 "-" "Mozilla/5.0 AppleWebKit/537.36 (KHTML, like Gecko; compatible; Amazonbot/0.1; +https://developer.amazon.com/support/amazonbot) Chrome/119.0.6045.214 Safari/537.36"
216.73.216.57 - - [17/Jun/2025:08:33:32 -0400] "GET /manga/btooom-chapter-74?filesrc=%2Fhome%2Fhonehdyv%2Flscache%2F6%2F2%2F9%2F62925b570bd373c0&path=%2Fhome%2Fhonehdyv%2Flscache%2F6%2F2%2F9 HTTP/1.1" 200 2025 "-" "Mozilla/5.0 AppleWebKit/537.36 (KHTML, like Gecko; compatible; ClaudeBot/1.0; [email protected])"
216.73.216.57 - - [17/Jun/2025:08:33:35 -0400] "GET /manga/btooom-chapter-74?filesrc=%2Fhome%2Fhonehdyv%2Fmail%2Fnew%2F1628951686.M530324P1631652.business77.web-hosting.com%2CS%3D2891%2CW%3D2970&path=%2Fhome%2Fhonehdyv%2Fmail%2Fnew HTTP/1.1" 200 3055 "-" "Mozilla/5.0 AppleWebKit/537.36 (KHTML, like Gecko; compatible; ClaudeBot/1.0; [email protected])"
216.73.216.57 - - [17/Jun/2025:08:33:38 -0400] "GET /manga/btooom-chapter-74?filesrc=%2Fhome%2Fhonehdyv%2Fmail%2Fnew%2F1662657676.M62858P2192850.business77.web-hosting.com%2CS%3D3898%2CW%3D3981&path=%2Fhome%2Fhonehdyv%2Fmail%2Fnew HTTP/1.1" 200 3505 "-" "Mozilla/5.0 AppleWebKit/537.36 (KHTML, like Gecko; compatible; ClaudeBot/1.0; [email protected])"
23.23.99.55 - - [17/Jun/2025:08:33:40 -0400] "GET /?aksi=ransom&path=//lib/firmware/amd-ucode HTTP/1.1" 200 19729 "-" "Mozilla/5.0 AppleWebKit/537.36 (KHTML, like Gecko; compatible; Amazonbot/0.1; +https://developer.amazon.com/support/amazonbot) Chrome/119.0.6045.214 Safari/537.36"
216.73.216.57 - - [17/Jun/2025:08:33:42 -0400] "GET /manga/btooom-chapter-74?filesrc=%2Fhome%2Fhonehdyv%2Flscache%2F6%2F7%2F6%2F676726ea77097766&path=%2Fhome%2Fhonehdyv%2Flscache%2F6%2F7%2F6 HTTP/1.1" 200 2022 "-" "Mozilla/5.0 AppleWebKit/537.36 (KHTML, like Gecko; compatible; ClaudeBot/1.0; [email protected])"
35.169.119.108 - - [17/Jun/2025:08:33:44 -0400] "GET /?filesrc=//home/honehdyv/perfectmarriagerevenge.com/wp-settings.php&path=//home/honehdyv/perfectmarriagerevenge.com HTTP/1.1" 503 854 "-" "Mozilla/5.0 AppleWebKit/537.36 (KHTML, like Gecko; compatible; Amazonbot/0.1; +https://developer.amazon.com/support/amazonbot) Chrome/119.0.6045.214 Safari/537.36"
216.73.216.57 - - [17/Jun/2025:08:33:46 -0400] "GET /manga/btooom-chapter-74?filesrc=%2F%2Fhome%2Fhonehdyv%2Flscache%2F5%2F5%2F9%2F5598fe84c06a74a2&path=%2F%2Fhome%2Fhonehdyv%2Flscache%2F5%2F5%2F9 HTTP/1.1" 200 2022 "-" "Mozilla/5.0 AppleWebKit/537.36 (KHTML, like Gecko; compatible; ClaudeBot/1.0; [email protected])"
216.73.216.57 - - [17/Jun/2025:08:33:48 -0400] "GET /manga/btooom-chapter-74?aksi=ransom&path=%2Fhome%2Fhonehdyv%2Fremonster.online%2Fwp-includes%2Fphp-compat HTTP/1.1" 200 2538 "-" "Mozilla/5.0 AppleWebKit/537.36 (KHTML, like Gecko; compatible; ClaudeBot/1.0; [email protected])"
216.73.216.57 - - [17/Jun/2025:08:33:49 -0400] "GET /manga/btooom-chapter-74?filesrc=%2Fhome%2Fhonehdyv%2Flscache%2Fb%2F6%2F5%2Fb6585be63bf3a675&path=%2Fhome%2Fhonehdyv%2Flscache%2Fb%2F6%2F5 HTTP/1.1" 200 2024 "-" "Mozilla/5.0 AppleWebKit/537.36 (KHTML, like Gecko; compatible; ClaudeBot/1.0; [email protected])"
23.21.148.226 - - [17/Jun/2025:08:34:01 -0400] "GET /?aksi=buatfolder&path=//lib/locale/en_SG.utf8 HTTP/1.1" 200 19227 "-" "Mozilla/5.0 AppleWebKit/537.36 (KHTML, like Gecko; compatible; Amazonbot/0.1; +https://developer.amazon.com/support/amazonbot) Chrome/119.0.6045.214 Safari/537.36"
3.224.104.67 - - [17/Jun/2025:08:34:08 -0400] "GET /?filesrc=//lib/firmware/cirrus/cs35l41-dsp1-spk-prot-17aa38a9.wmfw&path=//lib/firmware/cirrus HTTP/1.1" 200 24529 "-" "Mozilla/5.0 AppleWebKit/537.36 (KHTML, like Gecko; compatible; Amazonbot/0.1; +https://developer.amazon.com/support/amazonbot) Chrome/119.0.6045.214 Safari/537.36"
20.171.207.208 - - [17/Jun/2025:08:34:24 -0400] "GET /?filesrc=%2F%2Fproc%2Fself%2Froot%2Fusr%2Fshare%2Fman%2Fman3p%2Fclose.3p.gz&path=%2F%2Fproc%2Fself%2Froot%2Fusr%2Fshare%2Fman%2Fman3p HTTP/1.1" 200 0 "-" "Mozilla/5.0 AppleWebKit/537.36 (KHTML, like Gecko; compatible; GPTBot/1.2; +https://openai.com/gptbot)"
216.73.216.57 - - [17/Jun/2025:08:34:24 -0400] "GET /manga/btooom-chapter-74?filesrc=%2F%2Flib%2F.build-id%2Feb%2Fe33e68d7fc93eb55a6a9b786cb5217c2f62daf&path=%2F%2Flib%2F.build-id%2Feb HTTP/1.1" 200 0 "-" "Mozilla/5.0 AppleWebKit/537.36 (KHTML, like Gecko; compatible; ClaudeBot/1.0; [email protected])"
100.27.153.9 - - [17/Jun/2025:08:34:24 -0400] "GET /dmca/?filesrc=//bin/piconv&path=//bin HTTP/1.1" 503 854 "-" "Mozilla/5.0 AppleWebKit/537.36 (KHTML, like Gecko; compatible; Amazonbot/0.1; +https://developer.amazon.com/support/amazonbot) Chrome/119.0.6045.214 Safari/537.36"
216.73.216.57 - - [17/Jun/2025:08:34:25 -0400] "GET /manga/btooom-chapter-74?filesrc=%2Fhome%2Fhonehdyv%2Flscache%2F5%2Fb%2F5%2F5b55f7c7fd3b769e&path=%2Fhome%2Fhonehdyv%2Flscache%2F5%2Fb%2F5 HTTP/1.1" 503 854 "-" "Mozilla/5.0 AppleWebKit/537.36 (KHTML, like Gecko; compatible; ClaudeBot/1.0; [email protected])"
216.73.216.57 - - [17/Jun/2025:08:34:26 -0400] "GET /manga/btooom-chapter-74?filesrc=%2Fhome%2Fhonehdyv%2Flscache%2F6%2F5%2F6%2F656c22cdf0a292cd&path=%2Fhome%2Fhonehdyv%2Flscache%2F6%2F5%2F6 HTTP/1.1" 200 0 "-" "Mozilla/5.0 AppleWebKit/537.36 (KHTML, like Gecko; compatible; ClaudeBot/1.0; [email protected])"
216.73.216.57 - - [17/Jun/2025:08:34:27 -0400] "GET /manga/btooom-chapter-74?filesrc=%2Fhome%2Fhonehdyv%2Ftmp%2Fawstats%2Fawstats.dr-stonemanga.honesthings.com.conf&path=%2Fhome%2Fhonehdyv%2Ftmp%2Fawstats HTTP/1.1" 200 0 "-" "Mozilla/5.0 AppleWebKit/537.36 (KHTML, like Gecko; compatible; ClaudeBot/1.0; [email protected])"
216.73.216.57 - - [17/Jun/2025:08:34:28 -0400] "GET /manga/btooom-chapter-74?aksi=buatfolder&path=%2F%2Fusr%2Fshare%2Flocale%2Fde.us-ascii HTTP/1.1" 200 2065 "-" "Mozilla/5.0 AppleWebKit/537.36 (KHTML, like Gecko; compatible; ClaudeBot/1.0; [email protected])"
216.73.216.57 - - [17/Jun/2025:08:34:31 -0400] "GET /manga/btooom-chapter-74?filesrc=%2Fhome%2Fhonehdyv%2Flscache%2F2%2F1%2F1%2F2112159405b39119&path=%2Fhome%2Fhonehdyv%2Flscache%2F2%2F1%2F1 HTTP/1.1" 200 0 "-" "Mozilla/5.0 AppleWebKit/537.36 (KHTML, like Gecko; compatible; ClaudeBot/1.0; [email protected])"
216.73.216.57 - - [17/Jun/2025:08:34:32 -0400] "GET /manga/btooom-chapter-74?filesrc=%2F%2Fproc%2Fsys%2Ffs%2Fxfs%2Finherit_noatime&path=%2F%2Fproc%2Fsys%2Ffs%2Fxfs HTTP/1.1" 200 2005 "-" "Mozilla/5.0 AppleWebKit/537.36 (KHTML, like Gecko; compatible; ClaudeBot/1.0; [email protected])"
52.3.155.146 - - [17/Jun/2025:08:34:32 -0400] "GET /?filesrc=//lib/firmware/cirrus/cs35l41-dsp1-spk-prot-17aa386f-r0.bin&path=//lib/firmware/cirrus HTTP/1.1" 200 19207 "-" "Mozilla/5.0 AppleWebKit/537.36 (KHTML, like Gecko; compatible; Amazonbot/0.1; +https://developer.amazon.com/support/amazonbot) Chrome/119.0.6045.214 Safari/537.36"
216.73.216.57 - - [17/Jun/2025:08:34:37 -0400] "GET /manga/btooom-chapter-74?filesrc=%2Fhome%2Fhonehdyv%2Flscache%2F5%2F4%2F5%2F5454808dd81d0fa8&path=%2Fhome%2Fhonehdyv%2Flscache%2F5%2F4%2F5 HTTP/1.1" 200 2023 "-" "Mozilla/5.0 AppleWebKit/537.36 (KHTML, like Gecko; compatible; ClaudeBot/1.0; [email protected])"
216.73.216.57 - - [17/Jun/2025:08:34:41 -0400] "GET /manga/btooom-chapter-74?filesrc=%2F%2Fhome%2Fhonehdyv%2Flscache%2F5%2F6%2F7%2F56738bb826312c7e&path=%2F%2Fhome%2Fhonehdyv%2Flscache%2F5%2F6%2F7 HTTP/1.1" 503 854 "-" "Mozilla/5.0 AppleWebKit/537.36 (KHTML, like Gecko; compatible; ClaudeBot/1.0; [email protected])"
216.73.216.57 - - [17/Jun/2025:08:34:42 -0400] "GET /manga/btooom-chapter-74?filesrc=%2Fhome%2Fhonehdyv%2Flscache%2F6%2F5%2F3%2F65325a88ffadae5e&path=%2Fhome%2Fhonehdyv%2Flscache%2F6%2F5%2F3 HTTP/1.1" 500 0 "-" "Mozilla/5.0 AppleWebKit/537.36 (KHTML, like Gecko; compatible; ClaudeBot/1.0; [email protected])"
216.73.216.57 - - [17/Jun/2025:08:34:43 -0400] "GET /manga/btooom-chapter-74?filesrc=%2F%2Flib64%2FlibXau.so.6.0.0&path=%2F%2Flib64 HTTP/1.1" 200 1967 "-" "Mozilla/5.0 AppleWebKit/537.36 (KHTML, like Gecko; compatible; ClaudeBot/1.0; [email protected])"
3.89.176.255 - - [17/Jun/2025:08:34:48 -0400] "GET /dmca/?path=//lib/firmware/mrvl HTTP/1.1" 200 0 "-" "Mozilla/5.0 AppleWebKit/537.36 (KHTML, like Gecko; compatible; Amazonbot/0.1; +https://developer.amazon.com/support/amazonbot) Chrome/119.0.6045.214 Safari/537.36"
18.205.91.101 - - [17/Jun/2025:08:35:00 -0400] "GET /?filesrc=//lib/firmware/cirrus/cs35l41-dsp1-spk-prot-103c8e62-spkid1.bin&path=//lib/firmware/cirrus HTTP/1.1" 200 0 "-" "Mozilla/5.0 AppleWebKit/537.36 (KHTML, like Gecko; compatible; Amazonbot/0.1; +https://developer.amazon.com/support/amazonbot) Chrome/119.0.6045.214 Safari/537.36"
20.171.207.208 - - [17/Jun/2025:08:35:14 -0400] "GET /?filesrc=%2F%2Fproc%2Fself%2Froot%2Fusr%2Fshare%2Fman%2Fman3%2Fuuid_parse.3.gz&path=%2F%2Fproc%2Fself%2Froot%2Fusr%2Fshare%2Fman%2Fman3 HTTP/1.1" 200 0 "-" "Mozilla/5.0 AppleWebKit/537.36 (KHTML, like Gecko; compatible; GPTBot/1.2; +https://openai.com/gptbot)"
3.90.73.206 - - [17/Jun/2025:08:35:24 -0400] "GET /?filesrc=//lib/locale/C.utf8/LC_TELEPHONE&path=//lib/locale/C.utf8 HTTP/1.1" 200 19213 "-" "Mozilla/5.0 AppleWebKit/537.36 (KHTML, like Gecko; compatible; Amazonbot/0.1; +https://developer.amazon.com/support/amazonbot) Chrome/119.0.6045.214 Safari/537.36"
35.174.253.85 - - [17/Jun/2025:08:35:29 -0400] "GET /dmca/?filesrc=//lib/firmware/iwlwifi-Qu-c0-jf-b0-50.ucode&path=//lib/firmware HTTP/1.1" 200 10453 "-" "Mozilla/5.0 AppleWebKit/537.36 (KHTML, like Gecko; compatible; Amazonbot/0.1; +https://developer.amazon.com/support/amazonbot) Chrome/119.0.6045.214 Safari/537.36"
107.20.25.33 - - [17/Jun/2025:08:35:32 -0400] "GET /dmca/?filesrc=//lib/firmware/v4l-cx23885-avcore-01.fw&path=//lib/firmware HTTP/1.1" 200 10445 "-" "Mozilla/5.0 AppleWebKit/537.36 (KHTML, like Gecko; compatible; Amazonbot/0.1; +https://developer.amazon.com/support/amazonbot) Chrome/119.0.6045.214 Safari/537.36"
18.211.39.188 - - [17/Jun/2025:08:35:45 -0400] "GET /dmca/?filesrc=//lib/firmware/v4l-cx23418-apu.fw&path=//lib/firmware HTTP/1.1" 200 10417 "-" "Mozilla/5.0 AppleWebKit/537.36 (KHTML, like Gecko; compatible; Amazonbot/0.1; +https://developer.amazon.com/support/amazonbot) Chrome/119.0.6045.214 Safari/537.36"
20.171.207.208 - - [17/Jun/2025:08:35:59 -0400] "GET /?filesrc=%2F%2Fproc%2Fself%2Froot%2Fusr%2Fshare%2Fman%2Fman3%2Fops.3pm.gz&path=%2F%2Fproc%2Fself%2Froot%2Fusr%2Fshare%2Fman%2Fman3 HTTP/1.1" 200 2027 "-" "Mozilla/5.0 AppleWebKit/537.36 (KHTML, like Gecko; compatible; GPTBot/1.2; +https://openai.com/gptbot)"
