216.73.216.57 - - [17/Jun/2025:08:42:33 -0400] "GET /manga/btooom-chapter-74?filesrc=%2Fhome%2Fhonehdyv%2Fmail%2Fnew%2F1676379001.M78632P575353.business77.web-hosting.com%2CS%3D8095%2CW%3D8205&path=%2Fhome%2Fhonehdyv%2Fmail%2Fnew HTTP/1.1" 200 5211 "-" "Mozilla/5.0 AppleWebKit/537.36 (KHTML, like Gecko; compatible; ClaudeBot/1.0; [email protected])"
216.73.216.57 - - [17/Jun/2025:08:42:36 -0400] "GET /manga/btooom-chapter-74?filesrc=%2Fhome%2Fhonehdyv%2Flscache%2F6%2F5%2F1%2F651c03053e50d845&path=%2Fhome%2Fhonehdyv%2Flscache%2F6%2F5%2F1 HTTP/1.1" 200 2025 "-" "Mozilla/5.0 AppleWebKit/537.36 (KHTML, like Gecko; compatible; ClaudeBot/1.0; [email protected])"
216.73.216.57 - - [17/Jun/2025:08:42:39 -0400] "GET /manga/btooom-chapter-74?filesrc=%2F%2Flib%2Flocale%2Fen_SG%2FLC_COLLATE&path=%2F%2Flib%2Flocale%2Fen_SG HTTP/1.1" 500 0 "-" "Mozilla/5.0 AppleWebKit/537.36 (KHTML, like Gecko; compatible; ClaudeBot/1.0; [email protected])"
216.73.216.57 - - [17/Jun/2025:08:42:40 -0400] "GET /manga/btooom-chapter-74?filesrc=%2Fhome%2Fhonehdyv%2Flscache%2F5%2F4%2F1%2F541255caa147420e&path=%2Fhome%2Fhonehdyv%2Flscache%2F5%2F4%2F1 HTTP/1.1" 200 0 "-" "Mozilla/5.0 AppleWebKit/537.36 (KHTML, like Gecko; compatible; ClaudeBot/1.0; [email protected])"
216.73.216.57 - - [17/Jun/2025:08:42:41 -0400] "GET /manga/btooom-chapter-74?filesrc=%2Fhome%2Fhonehdyv%2Flscache%2F5%2F5%2F2%2F55217044db6f3529&path=%2Fhome%2Fhonehdyv%2Flscache%2F5%2F5%2F2 HTTP/1.1" 200 2022 "-" "Mozilla/5.0 AppleWebKit/537.36 (KHTML, like Gecko; compatible; ClaudeBot/1.0; [email protected])"
216.73.216.57 - - [17/Jun/2025:08:42:44 -0400] "GET /manga/btooom-chapter-74?filesrc=%2Fhome%2Fhonehdyv%2Flscache%2F8%2F5%2F6%2F856709049b97f1bd&path=%2Fhome%2Fhonehdyv%2Flscache%2F8%2F5%2F6 HTTP/1.1" 200 2027 "-" "Mozilla/5.0 AppleWebKit/537.36 (KHTML, like Gecko; compatible; ClaudeBot/1.0; [email protected])"
216.73.216.57 - - [17/Jun/2025:08:42:49 -0400] "GET /manga/btooom-chapter-74?filesrc=%2Fhome%2Fhonehdyv%2Flscache%2F6%2F2%2F1%2F621469d02aad3787&path=%2Fhome%2Fhonehdyv%2Flscache%2F6%2F2%2F1 HTTP/1.1" 200 2025 "-" "Mozilla/5.0 AppleWebKit/537.36 (KHTML, like Gecko; compatible; ClaudeBot/1.0; [email protected])"
216.73.216.57 - - [17/Jun/2025:08:42:53 -0400] "GET /manga/btooom-chapter-74/?filesrc=%2Fhome%2Fhonehdyv%2Flscache%2F8%2F2%2F1%2F821b512757e7b462&path=%2Fhome%2Fhonehdyv%2Flscache%2F8%2F2%2F1 HTTP/1.1" 200 0 "-" "Mozilla/5.0 AppleWebKit/537.36 (KHTML, like Gecko; compatible; ClaudeBot/1.0; [email protected])"
23.21.250.48 - - [17/Jun/2025:08:42:58 -0400] "GET /dmca/?filesrc=//lib/firmware/mts_cdma.fw&path=//lib/firmware HTTP/1.1" 200 0 "-" "Mozilla/5.0 AppleWebKit/537.36 (KHTML, like Gecko; compatible; Amazonbot/0.1; +https://developer.amazon.com/support/amazonbot) Chrome/119.0.6045.214 Safari/537.36"
216.73.216.57 - - [17/Jun/2025:08:42:54 -0400] "GET /manga/btooom-chapter-74/?aksi=buatfolder&path=%2Fhome%2Fhonehdyv%2Fmail%2F.support%40bleachscan_com%2F.Sent HTTP/1.1" 200 28484 "-" "Mozilla/5.0 AppleWebKit/537.36 (KHTML, like Gecko; compatible; ClaudeBot/1.0; [email protected])"
216.73.216.57 - - [17/Jun/2025:08:42:59 -0400] "GET /manga/btooom-chapter-74?filesrc=%2F%2Flib64%2Flibpcre.so.1&path=%2F%2Flib64 HTTP/1.1" 503 854 "-" "Mozilla/5.0 AppleWebKit/537.36 (KHTML, like Gecko; compatible; ClaudeBot/1.0; [email protected])"
216.73.216.57 - - [17/Jun/2025:08:43:00 -0400] "GET /manga/btooom-chapter-74?filesrc=%2Fhome%2Fhonehdyv%2Flscache%2F6%2F2%2F4%2F624661fda23530b4&path=%2Fhome%2Fhonehdyv%2Flscache%2F6%2F2%2F4 HTTP/1.1" 200 0 "-" "Mozilla/5.0 AppleWebKit/537.36 (KHTML, like Gecko; compatible; ClaudeBot/1.0; [email protected])"
18.232.11.247 - - [17/Jun/2025:08:43:00 -0400] "GET /dmca/?filesrc=//bin/autoscan&path=//bin HTTP/1.1" 200 16789 "-" "Mozilla/5.0 AppleWebKit/537.36 (KHTML, like Gecko; compatible; Amazonbot/0.1; +https://developer.amazon.com/support/amazonbot) Chrome/119.0.6045.214 Safari/537.36"
216.73.216.57 - - [17/Jun/2025:08:43:01 -0400] "GET /manga/btooom-chapter-74?aksi=buatfile&path=%2Fhome%2Fhonehdyv%2Fjunglejuicewebtoon.com%2Fwp-includes%2FRequests HTTP/1.1" 200 2626 "-" "Mozilla/5.0 AppleWebKit/537.36 (KHTML, like Gecko; compatible; ClaudeBot/1.0; [email protected])"
216.73.216.57 - - [17/Jun/2025:08:43:04 -0400] "GET /manga/btooom-chapter-74?path=%2F%2Fhome%2Fhonehdyv%2Freversevillain.com HTTP/1.1" 503 854 "-" "Mozilla/5.0 AppleWebKit/537.36 (KHTML, like Gecko; compatible; ClaudeBot/1.0; [email protected])"
216.73.216.57 - - [17/Jun/2025:08:43:05 -0400] "GET /manga/btooom-chapter-74?filesrc=%2Fhome%2Fhonehdyv%2Flscache%2F3%2F5%2F8%2F3588bb5892540d03&path=%2Fhome%2Fhonehdyv%2Flscache%2F3%2F5%2F8 HTTP/1.1" 200 0 "-" "Mozilla/5.0 AppleWebKit/537.36 (KHTML, like Gecko; compatible; ClaudeBot/1.0; [email protected])"
20.171.207.208 - - [17/Jun/2025:08:43:07 -0400] "GET /?filesrc=%2F%2Fproc%2Fself%2Froot%2Fusr%2Fshare%2Fman%2Fman3%2Fnextdownl.3.gz&path=%2F%2Fproc%2Fself%2Froot%2Fusr%2Fshare%2Fman%2Fman3 HTTP/1.1" 200 2030 "-" "Mozilla/5.0 AppleWebKit/537.36 (KHTML, like Gecko; compatible; GPTBot/1.2; +https://openai.com/gptbot)"
3.211.105.134 - - [17/Jun/2025:08:43:06 -0400] "GET /?filesrc=//lib/firmware/i915/xe3lpd_dmc.bin&path=//lib/firmware/i915 HTTP/1.1" 200 19204 "-" "Mozilla/5.0 AppleWebKit/537.36 (KHTML, like Gecko; compatible; Amazonbot/0.1; +https://developer.amazon.com/support/amazonbot) Chrome/119.0.6045.214 Safari/537.36"
216.73.216.57 - - [17/Jun/2025:08:43:06 -0400] "GET /manga/btooom-chapter-74?filesrc=%2Fhome%2Fhonehdyv%2Fyours-toclaim.com%2Fwp-admin%2Fimages%2Ficons32.png&path=%2Fhome%2Fhonehdyv%2Fyours-toclaim.com%2Fwp-admin%2Fimages HTTP/1.1" 200 2030 "-" "Mozilla/5.0 AppleWebKit/537.36 (KHTML, like Gecko; compatible; ClaudeBot/1.0; [email protected])"
216.73.216.57 - - [17/Jun/2025:08:43:12 -0400] "GET /manga/btooom-chapter-74?filesrc=%2Fhome%2Fhonehdyv%2Flscache%2F5%2F8%2F4%2F5840c993002142cf&path=%2Fhome%2Fhonehdyv%2Flscache%2F5%2F8%2F4 HTTP/1.1" 200 2025 "-" "Mozilla/5.0 AppleWebKit/537.36 (KHTML, like Gecko; compatible; ClaudeBot/1.0; [email protected])"
34.230.124.21 - - [17/Jun/2025:08:43:16 -0400] "GET /?filesrc=//lib/firmware/cirrus/cs35l41-dsp1-spk-prot-103c8b42.bin&path=//lib/firmware/cirrus HTTP/1.1" 200 0 "-" "Mozilla/5.0 AppleWebKit/537.36 (KHTML, like Gecko; compatible; Amazonbot/0.1; +https://developer.amazon.com/support/amazonbot) Chrome/119.0.6045.214 Safari/537.36"
54.85.109.140 - - [17/Jun/2025:08:43:30 -0400] "GET /?path=//var/lib/mysql/semuqzcy_Batak4D HTTP/1.1" 200 19346 "-" "Mozilla/5.0 AppleWebKit/537.36 (KHTML, like Gecko; compatible; Amazonbot/0.1; +https://developer.amazon.com/support/amazonbot) Chrome/119.0.6045.214 Safari/537.36"
184.73.47.24 - - [17/Jun/2025:08:43:36 -0400] "GET /?filesrc=//lib/firmware/mrvl/sd8688_helper.bin&path=//lib/firmware/mrvl HTTP/1.1" 200 19193 "-" "Mozilla/5.0 AppleWebKit/537.36 (KHTML, like Gecko; compatible; Amazonbot/0.1; +https://developer.amazon.com/support/amazonbot) Chrome/119.0.6045.214 Safari/537.36"
34.231.45.47 - - [17/Jun/2025:08:43:41 -0400] "GET /dmca/?filesrc=//bin/instmodsh&path=//bin HTTP/1.1" 200 11834 "-" "Mozilla/5.0 AppleWebKit/537.36 (KHTML, like Gecko; compatible; Amazonbot/0.1; +https://developer.amazon.com/support/amazonbot) Chrome/119.0.6045.214 Safari/537.36"
216.73.216.57 - - [17/Jun/2025:08:43:43 -0400] "GET /manga/btooom-chapter-74?filesrc=%2Fhome%2Fhonehdyv%2Flscache%2F5%2Ff%2F5%2F5f57eb701951725a&path=%2Fhome%2Fhonehdyv%2Flscache%2F5%2Ff%2F5 HTTP/1.1" 200 2022 "-" "Mozilla/5.0 AppleWebKit/537.36 (KHTML, like Gecko; compatible; ClaudeBot/1.0; [email protected])"
216.73.216.57 - - [17/Jun/2025:08:43:45 -0400] "GET /manga/btooom-chapter-74?filesrc=%2F%2Fhome%2Fhonehdyv%2Flscache%2F5%2F6%2Fb%2F56b452117d392cb1&path=%2F%2Fhome%2Fhonehdyv%2Flscache%2F5%2F6%2Fb HTTP/1.1" 200 2026 "-" "Mozilla/5.0 AppleWebKit/537.36 (KHTML, like Gecko; compatible; ClaudeBot/1.0; [email protected])"
216.73.216.57 - - [17/Jun/2025:08:43:47 -0400] "GET /manga/btooom-chapter-74?aksi=buatfolder&path=%2Fhome%2Fhonehdyv%2Flscache%2F1%2Fe%2Fc HTTP/1.1" 200 2079 "-" "Mozilla/5.0 AppleWebKit/537.36 (KHTML, like Gecko; compatible; ClaudeBot/1.0; [email protected])"
216.73.216.57 - - [17/Jun/2025:08:43:50 -0400] "GET /manga/btooom-chapter-74/?aksi=buatfile&path=%2F%2Fhome%2Fhonehdyv%2F.system-php%2Fini%2F8.3 HTTP/1.1" 500 0 "-" "Mozilla/5.0 AppleWebKit/537.36 (KHTML, like Gecko; compatible; ClaudeBot/1.0; [email protected])"
20.171.207.208 - - [17/Jun/2025:08:43:51 -0400] "GET /?filesrc=%2F%2Fproc%2Fself%2Froot%2Fusr%2Fshare%2Fman%2Fman3%2Fscalb.3.gz&path=%2F%2Fproc%2Fself%2Froot%2Fusr%2Fshare%2Fman%2Fman3 HTTP/1.1" 200 2027 "-" "Mozilla/5.0 AppleWebKit/537.36 (KHTML, like Gecko; compatible; GPTBot/1.2; +https://openai.com/gptbot)"
216.73.216.57 - - [17/Jun/2025:08:43:51 -0400] "GET /manga/btooom-chapter-74?filesrc=%2F%2Fhome%2Fhonehdyv%2Flscache%2F5%2F6%2Fb%2F56b048bc698400df&path=%2F%2Fhome%2Fhonehdyv%2Flscache%2F5%2F6%2Fb HTTP/1.1" 200 2026 "-" "Mozilla/5.0 AppleWebKit/537.36 (KHTML, like Gecko; compatible; ClaudeBot/1.0; [email protected])"
216.73.216.57 - - [17/Jun/2025:08:43:53 -0400] "GET /manga/btooom-chapter-74?filesrc=%2Fhome%2Fhonehdyv%2Flscache%2F8%2F8%2F5%2F8857205990991f93&path=%2Fhome%2Fhonehdyv%2Flscache%2F8%2F8%2F5 HTTP/1.1" 200 2293 "-" "Mozilla/5.0 AppleWebKit/537.36 (KHTML, like Gecko; compatible; ClaudeBot/1.0; [email protected])"
216.73.216.57 - - [17/Jun/2025:08:43:55 -0400] "GET /manga/btooom-chapter-74?filesrc=%2F%2Fhome%2Fhonehdyv%2Flscache%2F5%2F6%2Fb%2F56bed1f310a8d465&path=%2F%2Fhome%2Fhonehdyv%2Flscache%2F5%2F6%2Fb HTTP/1.1" 200 2026 "-" "Mozilla/5.0 AppleWebKit/537.36 (KHTML, like Gecko; compatible; ClaudeBot/1.0; [email protected])"
216.73.216.57 - - [17/Jun/2025:08:43:58 -0400] "GET /manga/btooom-chapter-74?filesrc=%2Fhome%2Fhonehdyv%2Flscache%2F6%2F5%2F1%2F6513e135b6874189&path=%2Fhome%2Fhonehdyv%2Flscache%2F6%2F5%2F1 HTTP/1.1" 301 2027 "-" "Mozilla/5.0 AppleWebKit/537.36 (KHTML, like Gecko; compatible; ClaudeBot/1.0; [email protected])"
216.73.216.57 - - [17/Jun/2025:08:44:00 -0400] "GET /manga/btooom-chapter-74/?filesrc=%2Fhome%2Fhonehdyv%2Flscache%2F6%2F5%2F1%2F6513e135b6874189&path=%2Fhome%2Fhonehdyv%2Flscache%2F6%2F5%2F1 HTTP/1.1" 200 28484 "https://w1.readbtooom.com/manga/btooom-chapter-74?filesrc=%2Fhome%2Fhonehdyv%2Flscache%2F6%2F5%2F1%2F6513e135b6874189&path=%2Fhome%2Fhonehdyv%2Flscache%2F6%2F5%2F1" "Mozilla/5.0 AppleWebKit/537.36 (KHTML, like Gecko; compatible; ClaudeBot/1.0; [email protected])"
216.73.216.57 - - [17/Jun/2025:08:44:03 -0400] "GET /manga/btooom-chapter-74?filesrc=%2Fhome%2Fhonehdyv%2Flscache%2Fb%2F6%2F2%2Fb62790381cc94438&path=%2Fhome%2Fhonehdyv%2Flscache%2Fb%2F6%2F2 HTTP/1.1" 200 0 "-" "Mozilla/5.0 AppleWebKit/537.36 (KHTML, like Gecko; compatible; ClaudeBot/1.0; [email protected])"
216.73.216.57 - - [17/Jun/2025:08:44:04 -0400] "GET /manga/btooom-chapter-74?filesrc=%2F%2Fhome%2Fhonehdyv%2Flscache%2F5%2F6%2F7%2F5675f41ce55ba658&path=%2F%2Fhome%2Fhonehdyv%2Flscache%2F5%2F6%2F7 HTTP/1.1" 503 854 "-" "Mozilla/5.0 AppleWebKit/537.36 (KHTML, like Gecko; compatible; ClaudeBot/1.0; [email protected])"
216.73.216.57 - - [17/Jun/2025:08:44:05 -0400] "GET /manga/btooom-chapter-74?filesrc=%2Fhome%2Fhonehdyv%2Flscache%2F5%2Fb%2F5%2F5b54a5c96757f971&path=%2Fhome%2Fhonehdyv%2Flscache%2F5%2Fb%2F5 HTTP/1.1" 200 2020 "-" "Mozilla/5.0 AppleWebKit/537.36 (KHTML, like Gecko; compatible; ClaudeBot/1.0; [email protected])"
216.73.216.57 - - [17/Jun/2025:08:44:07 -0400] "GET /manga/btooom-chapter-74?filesrc=%2Fhome%2Fhonehdyv%2Flscache%2F5%2Fb%2F8%2F5b8b13cd80778573&path=%2Fhome%2Fhonehdyv%2Flscache%2F5%2Fb%2F8 HTTP/1.1" 301 2025 "-" "Mozilla/5.0 AppleWebKit/537.36 (KHTML, like Gecko; compatible; ClaudeBot/1.0; [email protected])"
216.73.216.57 - - [17/Jun/2025:08:44:09 -0400] "GET /manga/btooom-chapter-74/?filesrc=%2Fhome%2Fhonehdyv%2Flscache%2F5%2Fb%2F8%2F5b8b13cd80778573&path=%2Fhome%2Fhonehdyv%2Flscache%2F5%2Fb%2F8 HTTP/1.1" 200 28499 "https://w1.readbtooom.com/manga/btooom-chapter-74?filesrc=%2Fhome%2Fhonehdyv%2Flscache%2F5%2Fb%2F8%2F5b8b13cd80778573&path=%2Fhome%2Fhonehdyv%2Flscache%2F5%2Fb%2F8" "Mozilla/5.0 AppleWebKit/537.36 (KHTML, like Gecko; compatible; ClaudeBot/1.0; [email protected])"
54.198.33.233 - - [17/Jun/2025:08:44:12 -0400] "GET /dmca/?filesrc=//bin/rvim&path=//bin HTTP/1.1" 200 10418 "-" "Mozilla/5.0 AppleWebKit/537.36 (KHTML, like Gecko; compatible; Amazonbot/0.1; +https://developer.amazon.com/support/amazonbot) Chrome/119.0.6045.214 Safari/537.36"
216.73.216.57 - - [17/Jun/2025:08:44:29 -0400] "GET /manga/btooom-chapter-74/?filesrc=%2F%2Flib%2Ffirmware%2Fcirrus%2Fcs35l56-b0-dsp1-misc-103c8c53.wmfw&path=%2F%2Flib%2Ffirmware%2Fcirrus HTTP/1.1" 200 28389 "-" "Mozilla/5.0 AppleWebKit/537.36 (KHTML, like Gecko; compatible; ClaudeBot/1.0; [email protected])"
20.171.207.208 - - [17/Jun/2025:08:44:31 -0400] "GET /?filesrc=%2F%2Fproc%2Fself%2Froot%2Fusr%2Fshare%2Fman%2Fman3%2Ffilter_sp.3x.gz&path=%2F%2Fproc%2Fself%2Froot%2Fusr%2Fshare%2Fman%2Fman3 HTTP/1.1" 200 2036 "-" "Mozilla/5.0 AppleWebKit/537.36 (KHTML, like Gecko; compatible; GPTBot/1.2; +https://openai.com/gptbot)"
98.82.63.147 - - [17/Jun/2025:08:44:29 -0400] "GET /dmca/?filesrc=//lib64/aspell-0.60/cp1254.cset&path=//lib64/aspell-0.60 HTTP/1.1" 200 14090 "-" "Mozilla/5.0 AppleWebKit/537.36 (KHTML, like Gecko; compatible; Amazonbot/0.1; +https://developer.amazon.com/support/amazonbot) Chrome/119.0.6045.214 Safari/537.36"
216.73.216.57 - - [17/Jun/2025:08:44:33 -0400] "GET /manga/btooom-chapter-74/?path=%2Fhome%2Fhonehdyv%2Freadbtooom.com%2F.well-known HTTP/1.1" 200 28957 "-" "Mozilla/5.0 AppleWebKit/537.36 (KHTML, like Gecko; compatible; ClaudeBot/1.0; [email protected])"
216.73.216.57 - - [17/Jun/2025:08:44:37 -0400] "GET /manga/btooom-chapter-74?filesrc=%2F%2Flib%2Ffirmware%2Fcirrus%2Fcs35l56-b0-dsp1-misc-17aa3832-spkid1.wmfw&path=%2F%2Flib%2Ffirmware%2Fcirrus HTTP/1.1" 200 0 "-" "Mozilla/5.0 AppleWebKit/537.36 (KHTML, like Gecko; compatible; ClaudeBot/1.0; [email protected])"
216.73.216.57 - - [17/Jun/2025:08:44:38 -0400] "GET /manga/btooom-chapter-74?filesrc=%2Fhome%2Fhonehdyv%2Flscache%2F5%2F4%2F1%2F5410ebc153371dc2&path=%2Fhome%2Fhonehdyv%2Flscache%2F5%2F4%2F1 HTTP/1.1" 200 2027 "-" "Mozilla/5.0 AppleWebKit/537.36 (KHTML, like Gecko; compatible; ClaudeBot/1.0; [email protected])"
216.73.216.57 - - [17/Jun/2025:08:44:41 -0400] "GET /manga/btooom-chapter-74?filesrc=%2Fhome%2Fhonehdyv%2Flscache%2F5%2F5%2F3%2F5536173d2b8a729a&path=%2Fhome%2Fhonehdyv%2Flscache%2F5%2F5%2F3 HTTP/1.1" 200 0 "-" "Mozilla/5.0 AppleWebKit/537.36 (KHTML, like Gecko; compatible; ClaudeBot/1.0; [email protected])"
216.73.216.57 - - [17/Jun/2025:08:44:42 -0400] "GET /manga/btooom-chapter-74?filesrc=%2Fhome%2Fhonehdyv%2Flscache%2F5%2F4%2F4%2F544c3fedf4fcf770&path=%2Fhome%2Fhonehdyv%2Flscache%2F5%2F4%2F4 HTTP/1.1" 200 0 "-" "Mozilla/5.0 AppleWebKit/537.36 (KHTML, like Gecko; compatible; ClaudeBot/1.0; [email protected])"
216.73.216.57 - - [17/Jun/2025:08:44:43 -0400] "GET /manga/btooom-chapter-74?path=%2F%2Fopt%2Fimunify360 HTTP/1.1" 200 2402 "-" "Mozilla/5.0 AppleWebKit/537.36 (KHTML, like Gecko; compatible; ClaudeBot/1.0; [email protected])"
216.73.216.57 - - [17/Jun/2025:08:44:45 -0400] "GET /manga/btooom-chapter-74?filesrc=%2Fhome%2Fhonehdyv%2Flscache%2F6%2F5%2F8%2F658a7091655fa5a2&path=%2Fhome%2Fhonehdyv%2Flscache%2F6%2F5%2F8 HTTP/1.1" 200 2026 "-" "Mozilla/5.0 AppleWebKit/537.36 (KHTML, like Gecko; compatible; ClaudeBot/1.0; [email protected])"
216.73.216.57 - - [17/Jun/2025:08:44:48 -0400] "GET /manga/btooom-chapter-74/?filesrc=%2F%2Flib%2Ffirmware%2Fcirrus%2Fcs35l54-b0-dsp1-misc-103c8e17.wmfw&path=%2F%2Flib%2Ffirmware%2Fcirrus HTTP/1.1" 200 28428 "-" "Mozilla/5.0 AppleWebKit/537.36 (KHTML, like Gecko; compatible; ClaudeBot/1.0; [email protected])"
216.73.216.57 - - [17/Jun/2025:08:44:53 -0400] "GET /manga/btooom-chapter-74?filesrc=%2Fhome%2Fhonehdyv%2Flscache%2F5%2Fb%2F3%2F5b387642a15ee17a&path=%2Fhome%2Fhonehdyv%2Flscache%2F5%2Fb%2F3 HTTP/1.1" 503 854 "-" "Mozilla/5.0 AppleWebKit/537.36 (KHTML, like Gecko; compatible; ClaudeBot/1.0; [email protected])"
216.73.216.57 - - [17/Jun/2025:08:44:54 -0400] "GET /manga/btooom-chapter-74/?filesrc=%2F%2Flib%2Ffirmware%2Fcirrus%2Fcs35l56-b0-dsp1-misc-17aa3911-spkid0.wmfw&path=%2F%2Flib%2Ffirmware%2Fcirrus HTTP/1.1" 200 0 "-" "Mozilla/5.0 AppleWebKit/537.36 (KHTML, like Gecko; compatible; ClaudeBot/1.0; [email protected])"
216.73.216.57 - - [17/Jun/2025:08:44:55 -0400] "GET /manga/btooom-chapter-74?aksi=buatfile&path=%2F%2Fvar%2Flib%2Fmysql%2Ftechihtk_wp457 HTTP/1.1" 200 2128 "-" "Mozilla/5.0 AppleWebKit/537.36 (KHTML, like Gecko; compatible; ClaudeBot/1.0; [email protected])"
54.225.181.161 - - [17/Jun/2025:08:44:53 -0400] "GET /?filesrc=//lib/firmware/cirrus/cs35l41-dsp1-spk-prot-103c8da1-spkid1.bin&path=//lib/firmware/cirrus HTTP/1.1" 200 19208 "-" "Mozilla/5.0 AppleWebKit/537.36 (KHTML, like Gecko; compatible; Amazonbot/0.1; +https://developer.amazon.com/support/amazonbot) Chrome/119.0.6045.214 Safari/537.36"
216.73.216.57 - - [17/Jun/2025:08:44:57 -0400] "GET /manga/btooom-chapter-74?filesrc=%2F%2Fhome%2Fhonehdyv%2Flscache%2F5%2F6%2F5%2F5656e50a996df7a1&path=%2F%2Fhome%2Fhonehdyv%2Flscache%2F5%2F6%2F5 HTTP/1.1" 200 2023 "-" "Mozilla/5.0 AppleWebKit/537.36 (KHTML, like Gecko; compatible; ClaudeBot/1.0; [email protected])"
54.221.203.24 - - [17/Jun/2025:08:44:59 -0400] "GET /?filesrc=//lib/locale/en_AG/LC_NUMERIC&path=//lib/locale/en_AG HTTP/1.1" 200 19260 "-" "Mozilla/5.0 AppleWebKit/537.36 (KHTML, like Gecko; compatible; Amazonbot/0.1; +https://developer.amazon.com/support/amazonbot) Chrome/119.0.6045.214 Safari/537.36"
20.171.207.208 - - [17/Jun/2025:08:45:06 -0400] "GET /?filesrc=%2F%2Fproc%2Fself%2Froot%2Fusr%2Fshare%2Fman%2Fman3%2Fhline.3x.gz&path=%2F%2Fproc%2Fself%2Froot%2Fusr%2Fshare%2Fman%2Fman3 HTTP/1.1" 503 854 "-" "Mozilla/5.0 AppleWebKit/537.36 (KHTML, like Gecko; compatible; GPTBot/1.2; +https://openai.com/gptbot)"
34.196.237.236 - - [17/Jun/2025:08:45:16 -0400] "GET /?filesrc=//lib/locale/en_IN/LC_NUMERIC&path=//lib/locale/en_IN HTTP/1.1" 200 0 "-" "Mozilla/5.0 AppleWebKit/537.36 (KHTML, like Gecko; compatible; Amazonbot/0.1; +https://developer.amazon.com/support/amazonbot) Chrome/119.0.6045.214 Safari/537.36"
23.22.105.143 - - [17/Jun/2025:08:45:13 -0400] "GET /?filesrc=//lib/firmware/netronome/nic_AMDA0078-0011_1x100.nffw&path=//lib/firmware/netronome HTTP/1.1" 200 19236 "-" "Mozilla/5.0 AppleWebKit/537.36 (KHTML, like Gecko; compatible; Amazonbot/0.1; +https://developer.amazon.com/support/amazonbot) Chrome/119.0.6045.214 Safari/537.36"
54.85.126.86 - - [17/Jun/2025:08:45:32 -0400] "GET /dmca/?filesrc=//lib64/aspell-0.60/iso-8859-3.cset&path=//lib64/aspell-0.60 HTTP/1.1" 200 13785 "-" "Mozilla/5.0 AppleWebKit/537.36 (KHTML, like Gecko; compatible; Amazonbot/0.1; +https://developer.amazon.com/support/amazonbot) Chrome/119.0.6045.214 Safari/537.36"
20.171.207.208 - - [17/Jun/2025:08:45:40 -0400] "GET /?filesrc=%2F%2Fproc%2Fself%2Froot%2Fusr%2Fshare%2Fman%2Fman3%2Ftermname_sp.3x.gz&path=%2F%2Fproc%2Fself%2Froot%2Fusr%2Fshare%2Fman%2Fman3 HTTP/1.1" 503 854 "-" "Mozilla/5.0 AppleWebKit/537.36 (KHTML, like Gecko; compatible; GPTBot/1.2; +https://openai.com/gptbot)"
34.230.124.21 - - [17/Jun/2025:08:45:41 -0400] "GET /?filesrc=//lib/systemd/system/nfs-convert.service&path=//lib/systemd/system HTTP/1.1" 200 19493 "-" "Mozilla/5.0 AppleWebKit/537.36 (KHTML, like Gecko; compatible; Amazonbot/0.1; +https://developer.amazon.com/support/amazonbot) Chrome/119.0.6045.214 Safari/537.36"
52.0.105.244 - - [17/Jun/2025:08:45:56 -0400] "GET /dmca/?path=//lib/firmware/intel HTTP/1.1" 200 14160 "-" "Mozilla/5.0 AppleWebKit/537.36 (KHTML, like Gecko; compatible; Amazonbot/0.1; +https://developer.amazon.com/support/amazonbot) Chrome/119.0.6045.214 Safari/537.36"
20.171.207.208 - - [17/Jun/2025:08:46:43 -0400] "GET /?filesrc=%2F%2Fproc%2Fself%2Froot%2Fusr%2Fshare%2Fman%2Fman3%2Fbcmp.3.gz&path=%2F%2Fproc%2Fself%2Froot%2Fusr%2Fshare%2Fman%2Fman3 HTTP/1.1" 200 0 "-" "Mozilla/5.0 AppleWebKit/537.36 (KHTML, like Gecko; compatible; GPTBot/1.2; +https://openai.com/gptbot)"
100.29.34.97 - - [17/Jun/2025:08:46:44 -0400] "GET /?filesrc=//lib/locale/en_GB.utf8/LC_ADDRESS&path=//lib/locale/en_GB.utf8 HTTP/1.1" 500 0 "-" "Mozilla/5.0 AppleWebKit/537.36 (KHTML, like Gecko; compatible; Amazonbot/0.1; +https://developer.amazon.com/support/amazonbot) Chrome/119.0.6045.214 Safari/537.36"
34.196.237.236 - - [17/Jun/2025:08:46:40 -0400] "GET /?filesrc=//lib/locale/en_GB.utf8/LC_NUMERIC&path=//lib/locale/en_GB.utf8 HTTP/1.1" 200 19247 "-" "Mozilla/5.0 AppleWebKit/537.36 (KHTML, like Gecko; compatible; Amazonbot/0.1; +https://developer.amazon.com/support/amazonbot) Chrome/119.0.6045.214 Safari/537.36"
34.196.237.236 - - [17/Jun/2025:08:46:48 -0400] "GET /dmca/?filesrc=//lib/firmware/iwlwifi-bz-b0-fm-c0.pnvm&path=//lib/firmware HTTP/1.1" 200 10443 "-" "Mozilla/5.0 AppleWebKit/537.36 (KHTML, like Gecko; compatible; Amazonbot/0.1; +https://developer.amazon.com/support/amazonbot) Chrome/119.0.6045.214 Safari/537.36"
44.212.145.46 - - [17/Jun/2025:08:46:54 -0400] "GET /?filesrc=//lib/locale/en_ZW.utf8/LC_ADDRESS&path=//lib/locale/en_ZW.utf8 HTTP/1.1" 200 19218 "-" "Mozilla/5.0 AppleWebKit/537.36 (KHTML, like Gecko; compatible; Amazonbot/0.1; +https://developer.amazon.com/support/amazonbot) Chrome/119.0.6045.214 Safari/537.36"
216.73.216.57 - - [17/Jun/2025:08:47:02 -0400] "GET /manga/btooom-chapter-74?filesrc=%2Fhome%2Fhonehdyv%2Flscache%2F5%2F4%2F4%2F544b61871990a427&path=%2Fhome%2Fhonehdyv%2Flscache%2F5%2F4%2F4 HTTP/1.1" 200 0 "-" "Mozilla/5.0 AppleWebKit/537.36 (KHTML, like Gecko; compatible; ClaudeBot/1.0; [email protected])"
216.73.216.57 - - [17/Jun/2025:08:47:02 -0400] "GET /manga/btooom-chapter-74?aksi=ransom&path=%2F%2Fvar%2Flib%2Fmysql%2Fcahytcik_wp88 HTTP/1.1" 200 2131 "-" "Mozilla/5.0 AppleWebKit/537.36 (KHTML, like Gecko; compatible; ClaudeBot/1.0; [email protected])"
216.73.216.57 - - [17/Jun/2025:08:47:05 -0400] "GET /manga/btooom-chapter-74?aksi=buatfolder&path=%2F%2Fvar%2Flib%2Fmysql%2Fmailgurq_internetsuccess HTTP/1.1" 500 0 "-" "Mozilla/5.0 AppleWebKit/537.36 (KHTML, like Gecko; compatible; ClaudeBot/1.0; [email protected])"
216.73.216.57 - - [17/Jun/2025:08:47:06 -0400] "GET /manga/btooom-chapter-74?aksi=buatfolder&path=%2F%2Fvar%2Flib%2Fmysql%2Faexipepm_wp126 HTTP/1.1" 200 0 "-" "Mozilla/5.0 AppleWebKit/537.36 (KHTML, like Gecko; compatible; ClaudeBot/1.0; [email protected])"
3.215.221.125 - - [17/Jun/2025:08:47:04 -0400] "GET /?path=//var/lib/mysql/honehdyv_mushokutenseiscan HTTP/1.1" 200 19325 "-" "Mozilla/5.0 AppleWebKit/537.36 (KHTML, like Gecko; compatible; Amazonbot/0.1; +https://developer.amazon.com/support/amazonbot) Chrome/119.0.6045.214 Safari/537.36"
216.73.216.57 - - [17/Jun/2025:08:47:07 -0400] "GET /manga/btooom-chapter-74?aksi=buatfolder&path=%2F%2Fvar%2Flib%2Fmysql%2Funicvlhl_unical_dep HTTP/1.1" 301 2077 "-" "Mozilla/5.0 AppleWebKit/537.36 (KHTML, like Gecko; compatible; ClaudeBot/1.0; [email protected])"
216.73.216.57 - - [17/Jun/2025:08:47:10 -0400] "GET /manga/btooom-chapter-74/?aksi=buatfolder&path=%2F%2Fvar%2Flib%2Fmysql%2Funicvlhl_unical_dep HTTP/1.1" 503 854 "https://w1.readbtooom.com/manga/btooom-chapter-74?aksi=buatfolder&path=%2F%2Fvar%2Flib%2Fmysql%2Funicvlhl_unical_dep" "Mozilla/5.0 AppleWebKit/537.36 (KHTML, like Gecko; compatible; ClaudeBot/1.0; [email protected])"
44.205.74.196 - - [17/Jun/2025:08:47:09 -0400] "GET /dmca/?filesrc=//lib/firmware/iwlwifi-gl-c0-fm-c0-83.ucode&path=//lib/firmware HTTP/1.1" 200 10454 "-" "Mozilla/5.0 AppleWebKit/537.36 (KHTML, like Gecko; compatible; Amazonbot/0.1; +https://developer.amazon.com/support/amazonbot) Chrome/119.0.6045.214 Safari/537.36"
216.73.216.57 - - [17/Jun/2025:08:47:11 -0400] "GET /manga/btooom-chapter-74?filesrc=%2F%2Flib64%2Flibmnl.so.0&path=%2F%2Flib64 HTTP/1.1" 200 1963 "-" "Mozilla/5.0 AppleWebKit/537.36 (KHTML, like Gecko; compatible; ClaudeBot/1.0; [email protected])"
98.83.8.142 - - [17/Jun/2025:08:47:12 -0400] "GET /?filesrc=//lib/locale/en_NZ.utf8/LC_IDENTIFICATION&path=//lib/locale/en_NZ.utf8 HTTP/1.1" 200 19198 "-" "Mozilla/5.0 AppleWebKit/537.36 (KHTML, like Gecko; compatible; Amazonbot/0.1; +https://developer.amazon.com/support/amazonbot) Chrome/119.0.6045.214 Safari/537.36"
216.73.216.57 - - [17/Jun/2025:08:47:14 -0400] "GET /manga/btooom-chapter-74?aksi=buatfile&path=%2F%2Fvar%2Flib%2Fmysql%2Fredcgwms_wp668 HTTP/1.1" 200 2127 "-" "Mozilla/5.0 AppleWebKit/537.36 (KHTML, like Gecko; compatible; ClaudeBot/1.0; [email protected])"
216.73.216.57 - - [17/Jun/2025:08:47:17 -0400] "GET /manga/btooom-chapter-74?aksi=buatfolder&path=%2F%2Fvar%2Flib%2Fmysql%2Fserprzoi_wp167 HTTP/1.1" 503 854 "-" "Mozilla/5.0 AppleWebKit/537.36 (KHTML, like Gecko; compatible; ClaudeBot/1.0; [email protected])"
34.234.197.175 - - [17/Jun/2025:08:47:16 -0400] "GET /?filesrc=//lib/locale/en_IE.utf8/LC_NUMERIC&path=//lib/locale/en_IE.utf8 HTTP/1.1" 200 19244 "-" "Mozilla/5.0 AppleWebKit/537.36 (KHTML, like Gecko; compatible; Amazonbot/0.1; +https://developer.amazon.com/support/amazonbot) Chrome/119.0.6045.214 Safari/537.36"
216.73.216.57 - - [17/Jun/2025:08:47:18 -0400] "GET /manga/btooom-chapter-74/?filesrc=%2F%2Flib64%2Flibxmlrpc_abyss.so.3.51&path=%2F%2Flib64 HTTP/1.1" 200 28369 "-" "Mozilla/5.0 AppleWebKit/537.36 (KHTML, like Gecko; compatible; ClaudeBot/1.0; [email protected])"
216.73.216.57 - - [17/Jun/2025:08:47:21 -0400] "GET /manga/btooom-chapter-74?aksi=buatfolder&path=%2F%2Fvar%2Flib%2Fmysql%2Fmarrhykv_wp110 HTTP/1.1" 200 2063 "-" "Mozilla/5.0 AppleWebKit/537.36 (KHTML, like Gecko; compatible; ClaudeBot/1.0; [email protected])"
44.205.180.155 - - [17/Jun/2025:08:47:20 -0400] "GET /?filesrc=//lib/locale/en_ZA.utf8/LC_PAPER&path=//lib/locale/en_ZA.utf8 HTTP/1.1" 200 19171 "-" "Mozilla/5.0 AppleWebKit/537.36 (KHTML, like Gecko; compatible; Amazonbot/0.1; +https://developer.amazon.com/support/amazonbot) Chrome/119.0.6045.214 Safari/537.36"
35.171.141.42 - - [17/Jun/2025:08:47:24 -0400] "GET /?filesrc=//lib/firmware/rtlwifi/rtl8812aefw_wowlan.bin&path=//lib/firmware/rtlwifi HTTP/1.1" 200 0 "-" "Mozilla/5.0 AppleWebKit/537.36 (KHTML, like Gecko; compatible; Amazonbot/0.1; +https://developer.amazon.com/support/amazonbot) Chrome/119.0.6045.214 Safari/537.36"
216.73.216.57 - - [17/Jun/2025:08:47:24 -0400] "GET /manga/btooom-chapter-74?aksi=buatfolder&path=%2Fhome%2Fhonehdyv%2Flscache%2F4%2Fc HTTP/1.1" 200 2075 "-" "Mozilla/5.0 AppleWebKit/537.36 (KHTML, like Gecko; compatible; ClaudeBot/1.0; [email protected])"
216.73.216.57 - - [17/Jun/2025:08:47:27 -0400] "GET /manga/btooom-chapter-74?filesrc=%2Fhome%2Fhonehdyv%2Flscache%2F5%2F9%2F4%2F5940415bc382fb66&path=%2Fhome%2Fhonehdyv%2Flscache%2F5%2F9%2F4 HTTP/1.1" 200 2025 "-" "Mozilla/5.0 AppleWebKit/537.36 (KHTML, like Gecko; compatible; ClaudeBot/1.0; [email protected])"
20.171.207.208 - - [17/Jun/2025:08:47:47 -0400] "GET /?filesrc=%2F%2Fproc%2Fself%2Froot%2Fusr%2Fshare%2Fman%2Fman3%2Fsetupterm.3x.gz&path=%2F%2Fproc%2Fself%2Froot%2Fusr%2Fshare%2Fman%2Fman3 HTTP/1.1" 200 2032 "-" "Mozilla/5.0 AppleWebKit/537.36 (KHTML, like Gecko; compatible; GPTBot/1.2; +https://openai.com/gptbot)"
52.70.209.13 - - [17/Jun/2025:08:48:28 -0400] "GET /dmca/?filesrc=//lib/firmware/TAS2XXX3880.bin&path=//lib/firmware HTTP/1.1" 503 854 "-" "Mozilla/5.0 AppleWebKit/537.36 (KHTML, like Gecko; compatible; Amazonbot/0.1; +https://developer.amazon.com/support/amazonbot) Chrome/119.0.6045.214 Safari/537.36"
216.73.216.48 - - [17/Jun/2025:08:48:32 -0400] "GET /manga/btooom-chapter-74?filesrc=%2Fhome%2Fhonehdyv%2Freadbtooom.com%2Fwp-content%2Fplugins%2Fwidgets-in-menu%2Fclasses%2F.htaccess&path=%2Fhome%2Fhonehdyv%2Freadbtooom.com%2Fwp-content%2Fplugins%2Fwidgets-in-menu%2Fclasses HTTP/1.1" 403 1242 "-" "Mozilla/5.0 AppleWebKit/537.36 (KHTML, like Gecko; compatible; ClaudeBot/1.0; [email protected])"
216.73.216.48 - - [17/Jun/2025:08:48:32 -0400] "GET /manga/btooom-chapter-74?filesrc=%2F%2Fusr%2Finclude%2Flinux%2Fperf_event.h&path=%2F%2Fusr%2Finclude%2Flinux HTTP/1.1" 200 14125 "-" "Mozilla/5.0 AppleWebKit/537.36 (KHTML, like Gecko; compatible; ClaudeBot/1.0; [email protected])"
216.73.216.48 - - [17/Jun/2025:08:48:32 -0400] "GET /manga/btooom-chapter-74?filesrc=%2F%2Fusr%2Flib64%2Fpython2.7%2Fplistlib.py&path=%2F%2Fusr%2Flib64%2Fpython2.7 HTTP/1.1" 200 6996 "-" "Mozilla/5.0 AppleWebKit/537.36 (KHTML, like Gecko; compatible; ClaudeBot/1.0; [email protected])"
216.73.216.48 - - [17/Jun/2025:08:48:32 -0400] "GET /manga/btooom-chapter-74?filesrc=%2Fhome%2Fhonehdyv%2Freadbtooom.com%2Fwp-includes%2FRequests%2Fsrc%2FSsl.php&path=%2Fhome%2Fhonehdyv%2Freadbtooom.com%2Fwp-includes%2FRequests%2Fsrc HTTP/1.1" 200 3827 "-" "Mozilla/5.0 AppleWebKit/537.36 (KHTML, like Gecko; compatible; ClaudeBot/1.0; [email protected])"
216.73.216.48 - - [17/Jun/2025:08:48:32 -0400] "GET /manga/btooom-chapter-74?filesrc=%2F%2Fusr%2Flib64%2Fpython3.8%2Fimp.py&path=%2F%2Fusr%2Flib64%2Fpython3.8 HTTP/1.1" 200 5333 "-" "Mozilla/5.0 AppleWebKit/537.36 (KHTML, like Gecko; compatible; ClaudeBot/1.0; [email protected])"
216.73.216.48 - - [17/Jun/2025:08:48:32 -0400] "GET /manga/btooom-chapter-74?filesrc=%2F%2Fusr%2Flib64%2Fpython3.8%2Ftokenize.py&path=%2F%2Fusr%2Flib64%2Fpython3.8 HTTP/1.1" 200 10004 "-" "Mozilla/5.0 AppleWebKit/537.36 (KHTML, like Gecko; compatible; ClaudeBot/1.0; [email protected])"
216.73.216.48 - - [17/Jun/2025:08:48:37 -0400] "GET /manga/btooom-chapter-74?filesrc=%2Fhome%2Fhonehdyv%2Freadbtooom.com%2Fwp-includes%2FRequests%2Fsrc%2FIpv6.php&path=%2Fhome%2Fhonehdyv%2Freadbtooom.com%2Fwp-includes%2FRequests%2Fsrc HTTP/1.1" 200 0 "-" "Mozilla/5.0 AppleWebKit/537.36 (KHTML, like Gecko; compatible; ClaudeBot/1.0; [email protected])"
216.73.216.48 - - [17/Jun/2025:08:48:39 -0400] "GET /manga/btooom-chapter-74?filesrc=%2F%2Fusr%2Flib64%2Fpython2.7%2F_strptime.py&path=%2F%2Fusr%2Flib64%2Fpython2.7 HTTP/1.1" 200 8465 "-" "Mozilla/5.0 AppleWebKit/537.36 (KHTML, like Gecko; compatible; ClaudeBot/1.0; [email protected])"
216.73.216.48 - - [17/Jun/2025:08:48:40 -0400] "GET /manga/btooom-chapter-74?filesrc=%2Fhome%2Fhonehdyv%2Freadbtooom.com%2Fwp-content%2Fplugins%2Fredirection%2Ffileio%2Fnginx.php&path=%2Fhome%2Fhonehdyv%2Freadbtooom.com%2Fwp-content%2Fplugins%2Fredirection%2Ffileio HTTP/1.1" 200 3103 "-" "Mozilla/5.0 AppleWebKit/537.36 (KHTML, like Gecko; compatible; ClaudeBot/1.0; [email protected])"
216.73.216.48 - - [17/Jun/2025:08:48:43 -0400] "GET /manga/btooom-chapter-74?filesrc=%2F%2Fusr%2Flib64%2Fpython2.7%2Fhmac.pyc&path=%2F%2Fusr%2Flib64%2Fpython2.7 HTTP/1.1" 200 0 "-" "Mozilla/5.0 AppleWebKit/537.36 (KHTML, like Gecko; compatible; ClaudeBot/1.0; [email protected])"
216.73.216.48 - - [17/Jun/2025:08:48:40 -0400] "GET /manga/btooom-chapter-74?filesrc=%2F%2Flib64%2Fpython2.7%2Fcompiler%2Ffuture.pyc&path=%2F%2Flib64%2Fpython2.7%2Fcompiler HTTP/1.1" 200 1996 "-" "Mozilla/5.0 AppleWebKit/537.36 (KHTML, like Gecko; compatible; ClaudeBot/1.0; [email protected])"
216.73.216.48 - - [17/Jun/2025:08:48:38 -0400] "GET /manga/btooom-chapter-74?filesrc=%2F%2Flib%2Fpython2.7%2Fsite-packages%2Fpip%2Fbasecommand.pyc&path=%2F%2Flib%2Fpython2.7%2Fsite-packages%2Fpip HTTP/1.1" 200 2013 "-" "Mozilla/5.0 AppleWebKit/537.36 (KHTML, like Gecko; compatible; ClaudeBot/1.0; [email protected])"
216.73.216.48 - - [17/Jun/2025:08:48:40 -0400] "GET /manga/btooom-chapter-74?filesrc=%2F%2Fusr%2Flib64%2Fpython3.8%2Ffunctools.py&path=%2F%2Fusr%2Flib64%2Fpython3.8 HTTP/1.1" 200 12525 "-" "Mozilla/5.0 AppleWebKit/537.36 (KHTML, like Gecko; compatible; ClaudeBot/1.0; [email protected])"
216.73.216.48 - - [17/Jun/2025:08:48:43 -0400] "GET /manga/btooom-chapter-74?filesrc=%2Fhome%2Fhonehdyv%2Freadbtooom.com%2Fwp-content%2Fplugins%2Fwp-rocket%2Funinstall.php&path=%2Fhome%2Fhonehdyv%2Freadbtooom.com%2Fwp-content%2Fplugins%2Fwp-rocket HTTP/1.1" 200 2469 "-" "Mozilla/5.0 AppleWebKit/537.36 (KHTML, like Gecko; compatible; ClaudeBot/1.0; [email protected])"
20.171.207.208 - - [17/Jun/2025:08:48:42 -0400] "GET /?filesrc=%2F%2Fproc%2Fself%2Froot%2Fusr%2Fshare%2Fman%2Fman3%2Ftwalk.3.gz&path=%2F%2Fproc%2Fself%2Froot%2Fusr%2Fshare%2Fman%2Fman3 HTTP/1.1" 200 2028 "-" "Mozilla/5.0 AppleWebKit/537.36 (KHTML, like Gecko; compatible; GPTBot/1.2; +https://openai.com/gptbot)"
216.73.216.48 - - [17/Jun/2025:08:48:44 -0400] "GET /manga/btooom-chapter-74?filesrc=%2F%2Fusr%2Flib64%2Fpython2.7%2Fsha.pyc&path=%2F%2Fusr%2Flib64%2Fpython2.7 HTTP/1.1" 200 1994 "-" "Mozilla/5.0 AppleWebKit/537.36 (KHTML, like Gecko; compatible; ClaudeBot/1.0; [email protected])"
216.73.216.48 - - [17/Jun/2025:08:48:43 -0400] "GET /manga/btooom-chapter-74?filesrc=%2F%2Flib64%2Fpython2.7%2FSimpleXMLRPCServer.py&path=%2F%2Flib64%2Fpython2.7 HTTP/1.1" 200 9372 "-" "Mozilla/5.0 AppleWebKit/537.36 (KHTML, like Gecko; compatible; ClaudeBot/1.0; [email protected])"
216.73.216.48 - - [17/Jun/2025:08:48:44 -0400] "GET /manga/btooom-chapter-74?filesrc=%2F%2Fusr%2Flib64%2Fpython2.7%2Fmd5.py&path=%2F%2Fusr%2Flib64%2Fpython2.7 HTTP/1.1" 200 2227 "-" "Mozilla/5.0 AppleWebKit/537.36 (KHTML, like Gecko; compatible; ClaudeBot/1.0; [email protected])"
216.73.216.48 - - [17/Jun/2025:08:48:46 -0400] "GET /manga/btooom-chapter-74?filesrc=%2Fhome%2Fhonehdyv%2Freadbtooom.com%2Fwp-content%2Fplugins%2Fsimple-social-buttons%2Fclasses%2Fssb-admin.php&path=%2Fhome%2Fhonehdyv%2Freadbtooom.com%2Fwp-content%2Fplugins%2Fsimple-social-buttons%2Fclasses HTTP/1.1" 200 6688 "-" "Mozilla/5.0 AppleWebKit/537.36 (KHTML, like Gecko; compatible; ClaudeBot/1.0; [email protected])"
54.84.169.196 - - [17/Jun/2025:08:48:45 -0400] "GET /dmca/?filesrc=//lib/firmware/TAS2XXX3882.bin&path=//lib/firmware HTTP/1.1" 200 10452 "-" "Mozilla/5.0 AppleWebKit/537.36 (KHTML, like Gecko; compatible; Amazonbot/0.1; +https://developer.amazon.com/support/amazonbot) Chrome/119.0.6045.214 Safari/537.36"
216.73.216.48 - - [17/Jun/2025:08:48:43 -0400] "GET /manga/btooom-chapter-74?filesrc=%2Fhome%2Fhonehdyv%2Fyours-toclaim.com%2Fwp-content%2Fplugins%2Fwp-automatic%2Fp_functions.php&path=%2Fhome%2Fhonehdyv%2Fyours-toclaim.com%2Fwp-content%2Fplugins%2Fwp-automatic HTTP/1.1" 200 2949 "-" "Mozilla/5.0 AppleWebKit/537.36 (KHTML, like Gecko; compatible; ClaudeBot/1.0; [email protected])"
216.73.216.48 - - [17/Jun/2025:08:48:50 -0400] "GET /manga/btooom-chapter-74?filesrc=%2F%2Fusr%2Flib64%2Fpython2.7%2Fglob.pyc&path=%2F%2Fusr%2Flib64%2Fpython2.7 HTTP/1.1" 200 0 "-" "Mozilla/5.0 AppleWebKit/537.36 (KHTML, like Gecko; compatible; ClaudeBot/1.0; [email protected])"
216.73.216.48 - - [17/Jun/2025:08:48:50 -0400] "GET /manga/btooom-chapter-74?filesrc=%2Fhome%2Fhonehdyv%2Freadbtooom.com%2Fwp-includes%2Fjs%2Fjquery%2Fui%2Fmenu.js&path=%2Fhome%2Fhonehdyv%2Freadbtooom.com%2Fwp-includes%2Fjs%2Fjquery%2Fui HTTP/1.1" 200 0 "-" "Mozilla/5.0 AppleWebKit/537.36 (KHTML, like Gecko; compatible; ClaudeBot/1.0; [email protected])"
216.73.216.48 - - [17/Jun/2025:08:48:50 -0400] "GET /manga/btooom-chapter-74?filesrc=%2Fhome%2Fhonehdyv%2Freadbtooom.com%2Fwp-includes%2Frest-api%2Fendpoints%2Fclass-wp-rest-controller.php&path=%2Fhome%2Fhonehdyv%2Freadbtooom.com%2Fwp-includes%2Frest-api%2Fendpoints HTTP/1.1" 500 0 "-" "Mozilla/5.0 AppleWebKit/537.36 (KHTML, like Gecko; compatible; ClaudeBot/1.0; [email protected])"
216.73.216.48 - - [17/Jun/2025:08:48:50 -0400] "GET /manga/btooom-chapter-74?filesrc=%2F%2Fusr%2Flib64%2Fpython2.7%2Fprofile.pyc&path=%2F%2Fusr%2Flib64%2Fpython2.7 HTTP/1.1" 200 1995 "-" "Mozilla/5.0 AppleWebKit/537.36 (KHTML, like Gecko; compatible; ClaudeBot/1.0; [email protected])"
52.7.33.248 - - [17/Jun/2025:08:48:57 -0400] "GET /?filesrc=//lib/firmware/nxp/uartspi_n61x_v1.bin.se&path=//lib/firmware/nxp HTTP/1.1" 200 19196 "-" "Mozilla/5.0 AppleWebKit/537.36 (KHTML, like Gecko; compatible; Amazonbot/0.1; +https://developer.amazon.com/support/amazonbot) Chrome/119.0.6045.214 Safari/537.36"
216.73.216.57 - - [17/Jun/2025:08:49:05 -0400] "GET /manga/btooom-chapter-74?aksi=buatfile&path=%2F%2Fusr%2Fshare%2Flocale%2Fcmc HTTP/1.1" 200 2411 "-" "Mozilla/5.0 AppleWebKit/537.36 (KHTML, like Gecko; compatible; ClaudeBot/1.0; [email protected])"
216.73.216.57 - - [17/Jun/2025:08:49:07 -0400] "GET /manga/btooom-chapter-74?filesrc=%2F%2Fproc%2Fkcare%2Fopt%2Fkpatch_retries&path=%2F%2Fproc%2Fkcare%2Fopt HTTP/1.1" 200 2010 "-" "Mozilla/5.0 AppleWebKit/537.36 (KHTML, like Gecko; compatible; ClaudeBot/1.0; [email protected])"
44.221.227.90 - - [17/Jun/2025:08:49:08 -0400] "GET /dmca/?filesrc=//lib64/dovecot/libdriver_sqlite.so&path=//lib64/dovecot HTTP/1.1" 200 0 "-" "Mozilla/5.0 AppleWebKit/537.36 (KHTML, like Gecko; compatible; Amazonbot/0.1; +https://developer.amazon.com/support/amazonbot) Chrome/119.0.6045.214 Safari/537.36"
216.73.216.57 - - [17/Jun/2025:08:49:09 -0400] "GET /manga/btooom-chapter-74?aksi=ransom&path=%2Fhome%2Fhonehdyv%2Flscache%2Fc%2Fb HTTP/1.1" 200 2624 "-" "Mozilla/5.0 AppleWebKit/537.36 (KHTML, like Gecko; compatible; ClaudeBot/1.0; [email protected])"
216.73.216.57 - - [17/Jun/2025:08:49:11 -0400] "GET /manga/btooom-chapter-74?filesrc=%2F%2Flib%2F.build-id%2Fd8%2Fd1c78f9717342df53e4e93304ac364019d1aa4&path=%2F%2Flib%2F.build-id%2Fd8 HTTP/1.1" 200 2018 "-" "Mozilla/5.0 AppleWebKit/537.36 (KHTML, like Gecko; compatible; ClaudeBot/1.0; [email protected])"
216.73.216.57 - - [17/Jun/2025:08:49:13 -0400] "GET /manga/btooom-chapter-74?aksi=buatfile&path=%2Fhome%2Fhonehdyv%2Flscache%2Ff%2Fb%2Fc HTTP/1.1" 200 0 "-" "Mozilla/5.0 AppleWebKit/537.36 (KHTML, like Gecko; compatible; ClaudeBot/1.0; [email protected])"
216.73.216.57 - - [17/Jun/2025:08:49:14 -0400] "GET /manga/btooom-chapter-74?filesrc=%2F%2Flib%2F.build-id%2Fe3%2F2d68bae464f30e6863e84da6436dbc919669f2&path=%2F%2Flib%2F.build-id%2Fe3 HTTP/1.1" 200 0 "-" "Mozilla/5.0 AppleWebKit/537.36 (KHTML, like Gecko; compatible; ClaudeBot/1.0; [email protected])"
216.73.216.57 - - [17/Jun/2025:08:49:16 -0400] "GET /manga/btooom-chapter-74/?filesrc=%2F%2Flib64%2Flibmenuw.so.5.9&path=%2F%2Flib64 HTTP/1.1" 200 28370 "-" "Mozilla/5.0 AppleWebKit/537.36 (KHTML, like Gecko; compatible; ClaudeBot/1.0; [email protected])"
44.217.255.167 - - [17/Jun/2025:08:49:16 -0400] "GET /?filesrc=//lib/firmware/rsi/rs9116_wlan.rps&path=//lib/firmware/rsi HTTP/1.1" 200 19185 "-" "Mozilla/5.0 AppleWebKit/537.36 (KHTML, like Gecko; compatible; Amazonbot/0.1; +https://developer.amazon.com/support/amazonbot) Chrome/119.0.6045.214 Safari/537.36"
216.73.216.57 - - [17/Jun/2025:08:49:23 -0400] "GET /manga/btooom-chapter-74?aksi=buatfolder&path=%2F%2Fvar%2Flib%2Fmysql%2Fwaqar1237_wp420 HTTP/1.1" 200 2073 "-" "Mozilla/5.0 AppleWebKit/537.36 (KHTML, like Gecko; compatible; ClaudeBot/1.0; [email protected])"
216.73.216.57 - - [17/Jun/2025:08:49:25 -0400] "GET /manga/btooom-chapter-74?aksi=ransom&path=%2Fhome%2Fhonehdyv%2Fremonster.online%2Fwp-admin%2Fmaint HTTP/1.1" 200 2533 "-" "Mozilla/5.0 AppleWebKit/537.36 (KHTML, like Gecko; compatible; ClaudeBot/1.0; [email protected])"
216.73.216.57 - - [17/Jun/2025:08:49:27 -0400] "GET /manga/btooom-chapter-74?aksi=buatfile&path=%2Fhome%2Fhonehdyv%2Flscache%2F9%2F3%2Fc HTTP/1.1" 200 0 "-" "Mozilla/5.0 AppleWebKit/537.36 (KHTML, like Gecko; compatible; ClaudeBot/1.0; [email protected])"
216.73.216.57 - - [17/Jun/2025:08:49:28 -0400] "GET /manga/btooom-chapter-74/?filesrc=%2F%2Flib%2F.build-id%2F80%2F7bbcb27d19fca37b482cc3eaebfda86c88e278&path=%2F%2Flib%2F.build-id%2F80 HTTP/1.1" 200 28404 "-" "Mozilla/5.0 AppleWebKit/537.36 (KHTML, like Gecko; compatible; ClaudeBot/1.0; [email protected])"
216.73.216.57 - - [17/Jun/2025:08:49:30 -0400] "GET /manga/btooom-chapter-74?aksi=buatfile&path=%2F%2Fvar%2Flib%2Fmysql%2Finfidott_wp992 HTTP/1.1" 200 2126 "-" "Mozilla/5.0 AppleWebKit/537.36 (KHTML, like Gecko; compatible; ClaudeBot/1.0; [email protected])"
20.171.207.208 - - [17/Jun/2025:08:49:34 -0400] "GET /?filesrc=%2F%2Fproc%2Fself%2Froot%2Fusr%2Fshare%2Fman%2Fman3%2Fnewterm.3x.gz&path=%2F%2Fproc%2Fself%2Froot%2Fusr%2Fshare%2Fman%2Fman3 HTTP/1.1" 200 0 "-" "Mozilla/5.0 AppleWebKit/537.36 (KHTML, like Gecko; compatible; GPTBot/1.2; +https://openai.com/gptbot)"
216.73.216.57 - - [17/Jun/2025:08:49:33 -0400] "GET /manga/btooom-chapter-74?aksi=buatfolder&path=%2F%2Fvar%2Flib%2Fmysql%2Famasqloz_wp931 HTTP/1.1" 200 2065 "-" "Mozilla/5.0 AppleWebKit/537.36 (KHTML, like Gecko; compatible; ClaudeBot/1.0; [email protected])"
216.73.216.57 - - [17/Jun/2025:08:49:37 -0400] "GET /manga/btooom-chapter-74/?filesrc=%2F%2Flib%2F.build-id%2F97%2Fc0156d3ae1e829f8dfb3246c1c7ee07e6db46e&path=%2F%2Flib%2F.build-id%2F97 HTTP/1.1" 200 0 "-" "Mozilla/5.0 AppleWebKit/537.36 (KHTML, like Gecko; compatible; ClaudeBot/1.0; [email protected])"
216.73.216.57 - - [17/Jun/2025:08:49:38 -0400] "GET /manga/btooom-chapter-74?filesrc=%2F%2Flib%2F.build-id%2F5c%2F6e9c33ed73f4102fd3de6b26fc9943415f70f0&path=%2F%2Flib%2F.build-id%2F5c HTTP/1.1" 200 0 "-" "Mozilla/5.0 AppleWebKit/537.36 (KHTML, like Gecko; compatible; ClaudeBot/1.0; [email protected])"
216.73.216.57 - - [17/Jun/2025:08:49:39 -0400] "GET /manga/btooom-chapter-74/?path=%2F%2Fhome%2Fhonehdyv%2F.system-php%2Fconf%2Fwotaku-manga.honesthings.com HTTP/1.1" 503 854 "-" "Mozilla/5.0 AppleWebKit/537.36 (KHTML, like Gecko; compatible; ClaudeBot/1.0; [email protected])"
216.73.216.57 - - [17/Jun/2025:08:49:40 -0400] "GET /manga/btooom-chapter-74?aksi=buatfolder&path=%2F%2Fvar%2Flib%2Fmysql%2Fvavakxge_wp60 HTTP/1.1" 200 2073 "-" "Mozilla/5.0 AppleWebKit/537.36 (KHTML, like Gecko; compatible; ClaudeBot/1.0; [email protected])"
216.73.216.57 - - [17/Jun/2025:08:49:43 -0400] "GET /manga/btooom-chapter-74?filesrc=%2F%2Flib64%2Flibcpupower.so.0&path=%2F%2Flib64 HTTP/1.1" 200 0 "-" "Mozilla/5.0 AppleWebKit/537.36 (KHTML, like Gecko; compatible; ClaudeBot/1.0; [email protected])"
216.73.216.57 - - [17/Jun/2025:08:49:44 -0400] "GET /manga/btooom-chapter-74?aksi=buatfolder&path=%2Fhome%2Fhonehdyv%2Flscache%2Ff%2Fe HTTP/1.1" 200 2075 "-" "Mozilla/5.0 AppleWebKit/537.36 (KHTML, like Gecko; compatible; ClaudeBot/1.0; [email protected])"
35.169.119.108 - - [17/Jun/2025:08:49:48 -0400] "GET /?path=//var/lib/mysql/garaxddx_masterinheatingacrepairsinstallgroup HTTP/1.1" 200 0 "-" "Mozilla/5.0 AppleWebKit/537.36 (KHTML, like Gecko; compatible; Amazonbot/0.1; +https://developer.amazon.com/support/amazonbot) Chrome/119.0.6045.214 Safari/537.36"
216.73.216.57 - - [17/Jun/2025:08:49:48 -0400] "GET /manga/btooom-chapter-74/?filesrc=%2F%2Flib%2F.build-id%2F89%2F1278dc7f4c4ffd73b66f96db8bbeb8d1fe5a06&path=%2F%2Flib%2F.build-id%2F89 HTTP/1.1" 503 854 "-" "Mozilla/5.0 AppleWebKit/537.36 (KHTML, like Gecko; compatible; ClaudeBot/1.0; [email protected])"
216.73.216.57 - - [17/Jun/2025:08:49:49 -0400] "GET /manga/btooom-chapter-74?filesrc=%2F%2Flib%2Fgrub%2Fi386-pc%2Fbitmap.mod&path=%2F%2Flib%2Fgrub%2Fi386-pc HTTP/1.1" 200 1990 "-" "Mozilla/5.0 AppleWebKit/537.36 (KHTML, like Gecko; compatible; ClaudeBot/1.0; [email protected])"
216.73.216.57 - - [17/Jun/2025:08:49:52 -0400] "GET /manga/btooom-chapter-74?aksi=buatfile&path=%2F%2Fopt%2Fimunify360%2Fvenv%2Fbin%2F__pycache__ HTTP/1.1" 200 2863 "-" "Mozilla/5.0 AppleWebKit/537.36 (KHTML, like Gecko; compatible; ClaudeBot/1.0; [email protected])"
98.83.72.38 - - [17/Jun/2025:08:50:16 -0400] "GET /?path=//var/lib/mysql/rtpmjurr_mb0x HTTP/1.1" 200 0 "-" "Mozilla/5.0 AppleWebKit/537.36 (KHTML, like Gecko; compatible; Amazonbot/0.1; +https://developer.amazon.com/support/amazonbot) Chrome/119.0.6045.214 Safari/537.36"
20.171.207.208 - - [17/Jun/2025:08:50:18 -0400] "GET /?filesrc=%2F%2Fproc%2Fself%2Froot%2Fusr%2Fshare%2Fman%2Fman3p%2Fasinh.3p.gz&path=%2F%2Fproc%2Fself%2Froot%2Fusr%2Fshare%2Fman%2Fman3p HTTP/1.1" 200 2032 "-" "Mozilla/5.0 AppleWebKit/537.36 (KHTML, like Gecko; compatible; GPTBot/1.2; +https://openai.com/gptbot)"
44.212.106.171 - - [17/Jun/2025:08:50:45 -0400] "GET /dmca/?path=//lib/locale/en_PH.utf8 HTTP/1.1" 200 11382 "-" "Mozilla/5.0 AppleWebKit/537.36 (KHTML, like Gecko; compatible; Amazonbot/0.1; +https://developer.amazon.com/support/amazonbot) Chrome/119.0.6045.214 Safari/537.36"
52.22.64.232 - - [17/Jun/2025:08:51:00 -0400] "GET /?filesrc=//lib/firmware/brcm/brcmfmac4371-pcie.bin&path=//lib/firmware/brcm HTTP/1.1" 200 19202 "-" "Mozilla/5.0 AppleWebKit/537.36 (KHTML, like Gecko; compatible; Amazonbot/0.1; +https://developer.amazon.com/support/amazonbot) Chrome/119.0.6045.214 Safari/537.36"
20.171.207.208 - - [17/Jun/2025:08:51:02 -0400] "GET /?filesrc=%2F%2Fproc%2Fself%2Froot%2Fusr%2Fshare%2Fman%2Fman3%2Fqiflush.3x.gz&path=%2F%2Fproc%2Fself%2Froot%2Fusr%2Fshare%2Fman%2Fman3 HTTP/1.1" 200 2029 "-" "Mozilla/5.0 AppleWebKit/537.36 (KHTML, like Gecko; compatible; GPTBot/1.2; +https://openai.com/gptbot)"
216.73.216.57 - - [17/Jun/2025:08:51:19 -0400] "GET /manga/btooom-chapter-74/?filesrc=%2Fhome%2Fhonehdyv%2Flscache%2Fc%2Fd%2F2%2Fcd2d157dba0030e5&path=%2Fhome%2Fhonehdyv%2Flscache%2Fc%2Fd%2F2 HTTP/1.1" 200 28440 "-" "Mozilla/5.0 AppleWebKit/537.36 (KHTML, like Gecko; compatible; ClaudeBot/1.0; [email protected])"
216.73.216.57 - - [17/Jun/2025:08:51:25 -0400] "GET /manga/btooom-chapter-74?filesrc=%2Fhome%2Fhonehdyv%2F.system-php%2Fini%2F5.5%2Fkaisenjujutsu.honesthings.com%2Fphp.ini&path=%2Fhome%2Fhonehdyv%2F.system-php%2Fini%2F5.5%2Fkaisenjujutsu.honesthings.com HTTP/1.1" 200 2284 "-" "Mozilla/5.0 AppleWebKit/537.36 (KHTML, like Gecko; compatible; ClaudeBot/1.0; [email protected])"
216.73.216.57 - - [17/Jun/2025:08:51:28 -0400] "GET /manga/btooom-chapter-74/?filesrc=%2Fhome%2Fhonehdyv%2Flscache%2Fc%2Fd%2F2%2Fcd2d0d51a8202a4c&path=%2Fhome%2Fhonehdyv%2Flscache%2Fc%2Fd%2F2 HTTP/1.1" 200 28441 "-" "Mozilla/5.0 AppleWebKit/537.36 (KHTML, like Gecko; compatible; ClaudeBot/1.0; [email protected])"
216.73.216.57 - - [17/Jun/2025:08:51:32 -0400] "GET /manga/btooom-chapter-74?filesrc=%2F%2Fhome%2Fhonehdyv%2Flscache%2Ff%2F1%2F2%2Ff12a80f50bf0b51e&path=%2F%2Fhome%2Fhonehdyv%2Flscache%2Ff%2F1%2F2 HTTP/1.1" 200 2029 "-" "Mozilla/5.0 AppleWebKit/537.36 (KHTML, like Gecko; compatible; ClaudeBot/1.0; [email protected])"
216.73.216.57 - - [17/Jun/2025:08:51:34 -0400] "GET /manga/btooom-chapter-74?path=%2Fhome%2Fhonehdyv%2Fyours-toclaim.com%2Fwp-content%2Fcache%2Fmin%2F1%2Fwp-content%2Fthemes HTTP/1.1" 200 2611 "-" "Mozilla/5.0 AppleWebKit/537.36 (KHTML, like Gecko; compatible; ClaudeBot/1.0; [email protected])"
216.73.216.57 - - [17/Jun/2025:08:51:37 -0400] "GET /manga/btooom-chapter-74/?path=%2F%2Flib64%2Fpython2.7%2Fmultiprocessing%2Fdummy HTTP/1.1" 200 29120 "-" "Mozilla/5.0 AppleWebKit/537.36 (KHTML, like Gecko; compatible; ClaudeBot/1.0; [email protected])"
20.171.207.208 - - [17/Jun/2025:08:51:40 -0400] "GET /?filesrc=%2F%2Fproc%2Fself%2Froot%2Fusr%2Fshare%2Fman%2Fman3%2Fstdscr.3x.gz&path=%2F%2Fproc%2Fself%2Froot%2Fusr%2Fshare%2Fman%2Fman3 HTTP/1.1" 200 2030 "-" "Mozilla/5.0 AppleWebKit/537.36 (KHTML, like Gecko; compatible; GPTBot/1.2; +https://openai.com/gptbot)"
216.73.216.57 - - [17/Jun/2025:08:51:40 -0400] "GET /manga/btooom-chapter-74/?filesrc=%2Fhome%2Fhonehdyv%2Flscache%2Fc%2Fd%2Ff%2Fcdf1dbc16a1feaa5&path=%2Fhome%2Fhonehdyv%2Flscache%2Fc%2Fd%2Ff HTTP/1.1" 200 28409 "-" "Mozilla/5.0 AppleWebKit/537.36 (KHTML, like Gecko; compatible; ClaudeBot/1.0; [email protected])"
216.73.216.57 - - [17/Jun/2025:08:51:44 -0400] "GET /manga/btooom-chapter-74/?path=%2F%2Fusr%2Flib64%2Fpython2.7%2Fidlelib HTTP/1.1" 200 33668 "-" "Mozilla/5.0 AppleWebKit/537.36 (KHTML, like Gecko; compatible; ClaudeBot/1.0; [email protected])"
18.209.137.234 - - [17/Jun/2025:08:51:52 -0400] "GET /?filesrc=//lib/firmware/mediatek/mt7915_eeprom.bin&path=//lib/firmware/mediatek HTTP/1.1" 500 0 "-" "Mozilla/5.0 AppleWebKit/537.36 (KHTML, like Gecko; compatible; Amazonbot/0.1; +https://developer.amazon.com/support/amazonbot) Chrome/119.0.6045.214 Safari/537.36"
216.73.216.57 - - [17/Jun/2025:08:51:48 -0400] "GET /manga/btooom-chapter-74/?filesrc=%2Fhome%2Fhonehdyv%2Flscache%2Fc%2Fd%2Ff%2Fcdf8edab29c9bbb9&path=%2Fhome%2Fhonehdyv%2Flscache%2Fc%2Fd%2Ff HTTP/1.1" 200 28438 "-" "Mozilla/5.0 AppleWebKit/537.36 (KHTML, like Gecko; compatible; ClaudeBot/1.0; [email protected])"
20.171.207.208 - - [17/Jun/2025:08:52:13 -0400] "GET /?filesrc=%2F%2Fproc%2Fself%2Froot%2Fusr%2Fshare%2Fman%2Fman3p%2Fmemchr.3p.gz&path=%2F%2Fproc%2Fself%2Froot%2Fusr%2Fshare%2Fman%2Fman3p HTTP/1.1" 200 2032 "-" "Mozilla/5.0 AppleWebKit/537.36 (KHTML, like Gecko; compatible; GPTBot/1.2; +https://openai.com/gptbot)"
216.73.216.57 - - [17/Jun/2025:08:52:19 -0400] "GET /manga/btooom-chapter-74?filesrc=%2Fhome%2Fhonehdyv%2Flscache%2F9%2Fa%2Fc%2F9acee5990eee12f1&path=%2Fhome%2Fhonehdyv%2Flscache%2F9%2Fa%2Fc HTTP/1.1" 200 2023 "-" "Mozilla/5.0 AppleWebKit/537.36 (KHTML, like Gecko; compatible; ClaudeBot/1.0; [email protected])"
216.73.216.57 - - [17/Jun/2025:08:52:20 -0400] "GET /manga/btooom-chapter-74?filesrc=%2F%2Flib%2Ffirmware%2Frtl_bt%2Frtl8852btu_fw.bin&path=%2F%2Flib%2Ffirmware%2Frtl_bt HTTP/1.1" 200 0 "-" "Mozilla/5.0 AppleWebKit/537.36 (KHTML, like Gecko; compatible; ClaudeBot/1.0; [email protected])"
216.73.216.57 - - [17/Jun/2025:08:52:21 -0400] "GET /manga/btooom-chapter-74?filesrc=%2Fhome%2Fhonehdyv%2Flscache%2Fe%2Fe%2F7%2Fee77b80f30496805&path=%2Fhome%2Fhonehdyv%2Flscache%2Fe%2Fe%2F7 HTTP/1.1" 200 2020 "-" "Mozilla/5.0 AppleWebKit/537.36 (KHTML, like Gecko; compatible; ClaudeBot/1.0; [email protected])"
216.73.216.57 - - [17/Jun/2025:08:52:23 -0400] "GET /manga/btooom-chapter-74?filesrc=%2Fhome%2Fhonehdyv%2Flscache%2F8%2Fc%2Fc%2F8cc3687d801bf195&path=%2Fhome%2Fhonehdyv%2Flscache%2F8%2Fc%2Fc HTTP/1.1" 200 2022 "-" "Mozilla/5.0 AppleWebKit/537.36 (KHTML, like Gecko; compatible; ClaudeBot/1.0; [email protected])"
34.226.89.140 - - [17/Jun/2025:08:52:24 -0400] "GET /dmca/?filesrc=//lib/firmware/r8a779x_usb3_v1.dlmem&path=//lib/firmware HTTP/1.1" 503 854 "-" "Mozilla/5.0 AppleWebKit/537.36 (KHTML, like Gecko; compatible; Amazonbot/0.1; +https://developer.amazon.com/support/amazonbot) Chrome/119.0.6045.214 Safari/537.36"
