44.193.115.232 - - [17/Jun/2025:11:19:13 -0400] "GET /dmca/?filesrc=//lib/firmware/iwlwifi-bz-b0-fm-c0-92.ucode&path=//lib/firmware HTTP/1.1" 200 10454 "-" "Mozilla/5.0 AppleWebKit/537.36 (KHTML, like Gecko; compatible; Amazonbot/0.1; +https://developer.amazon.com/support/amazonbot) Chrome/119.0.6045.214 Safari/537.36"
217.113.194.70 - - [17/Jun/2025:11:19:14 -0400] "GET /manga/btooom-chapter-113/?info HTTP/1.1" 200 28651 "-" "Mozilla/5.0 (compatible; Barkrowler/0.9; +https://babbar.tech/crawler)"
3.221.50.71 - - [17/Jun/2025:11:19:17 -0400] "GET /dmca/?filesrc=//lib/firmware/iwlwifi-so-a0-jf-b0-74.ucode&path=//lib/firmware HTTP/1.1" 200 10451 "-" "Mozilla/5.0 AppleWebKit/537.36 (KHTML, like Gecko; compatible; Amazonbot/0.1; +https://developer.amazon.com/support/amazonbot) Chrome/119.0.6045.214 Safari/537.36"
3.93.253.174 - - [17/Jun/2025:11:19:20 -0400] "GET /dmca/?filesrc=//lib/firmware/iwlwifi-bz-b0-gf-a0-98.ucode&path=//lib/firmware HTTP/1.1" 503 854 "-" "Mozilla/5.0 AppleWebKit/537.36 (KHTML, like Gecko; compatible; Amazonbot/0.1; +https://developer.amazon.com/support/amazonbot) Chrome/119.0.6045.214 Safari/537.36"
20.171.207.208 - - [17/Jun/2025:11:19:19 -0400] "GET /?filesrc=%2F%2Fproc%2Fself%2Froot%2Fusr%2Fshare%2Fman%2Fman3%2FXGetGeometry.3.gz&path=%2F%2Fproc%2Fself%2Froot%2Fusr%2Fshare%2Fman%2Fman3 HTTP/1.1" 200 2035 "-" "Mozilla/5.0 AppleWebKit/537.36 (KHTML, like Gecko; compatible; GPTBot/1.2; +https://openai.com/gptbot)"
217.113.194.68 - - [17/Jun/2025:11:19:32 -0400] "GET /manga/btooom-chapter-113/?path=/home HTTP/1.1" 200 28811 "-" "Mozilla/5.0 (compatible; Barkrowler/0.9; +https://babbar.tech/crawler)"
217.113.194.64 - - [17/Jun/2025:11:19:52 -0400] "GET /manga/btooom-chapter-112/?info HTTP/1.1" 200 28193 "-" "Mozilla/5.0 (compatible; Barkrowler/0.9; +https://babbar.tech/crawler)"
217.113.194.71 - - [17/Jun/2025:11:20:12 -0400] "GET /manga/btooom-chapter-112/?path=/home HTTP/1.1" 200 0 "-" "Mozilla/5.0 (compatible; Barkrowler/0.9; +https://babbar.tech/crawler)"
3.93.211.16 - - [17/Jun/2025:11:20:09 -0400] "GET /?filesrc=//lib/locale/en_US.utf8@ampm/LC_COLLATE&path=//lib/locale/en_US.utf8@ampm HTTP/1.1" 200 19195 "-" "Mozilla/5.0 AppleWebKit/537.36 (KHTML, like Gecko; compatible; Amazonbot/0.1; +https://developer.amazon.com/support/amazonbot) Chrome/119.0.6045.214 Safari/537.36"
52.1.157.90 - - [17/Jun/2025:11:20:13 -0400] "GET /?filesrc=//lib/rpm/macros.d/macros.firewalld&path=//lib/rpm/macros.d HTTP/1.1" 200 19302 "-" "Mozilla/5.0 AppleWebKit/537.36 (KHTML, like Gecko; compatible; Amazonbot/0.1; +https://developer.amazon.com/support/amazonbot) Chrome/119.0.6045.214 Safari/537.36"
20.171.207.208 - - [17/Jun/2025:11:20:16 -0400] "GET /?filesrc=%2F%2Fproc%2Fself%2Froot%2Fusr%2Fshare%2Fman%2Fman3%2FIsCursorKey.3.gz&path=%2F%2Fproc%2Fself%2Froot%2Fusr%2Fshare%2Fman%2Fman3 HTTP/1.1" 200 0 "-" "Mozilla/5.0 AppleWebKit/537.36 (KHTML, like Gecko; compatible; GPTBot/1.2; +https://openai.com/gptbot)"
52.7.33.248 - - [17/Jun/2025:11:20:21 -0400] "GET /dmca/?filesrc=//lib/firmware/rt3071.bin&path=//lib/firmware HTTP/1.1" 200 10425 "-" "Mozilla/5.0 AppleWebKit/537.36 (KHTML, like Gecko; compatible; Amazonbot/0.1; +https://developer.amazon.com/support/amazonbot) Chrome/119.0.6045.214 Safari/537.36"
217.113.194.63 - - [17/Jun/2025:11:20:28 -0400] "GET /manga/btooom-chapter-105/?path=/home HTTP/1.1" 200 30073 "-" "Mozilla/5.0 (compatible; Barkrowler/0.9; +https://babbar.tech/crawler)"
217.113.194.63 - - [17/Jun/2025:11:20:45 -0400] "GET /manga/btooom-chapter-105/?info HTTP/1.1" 503 854 "-" "Mozilla/5.0 (compatible; Barkrowler/0.9; +https://babbar.tech/crawler)"
217.113.194.69 - - [17/Jun/2025:11:21:02 -0400] "GET /manga/btooom-chapter-108/?path=/home HTTP/1.1" 200 0 "-" "Mozilla/5.0 (compatible; Barkrowler/0.9; +https://babbar.tech/crawler)"
20.171.207.208 - - [17/Jun/2025:11:21:05 -0400] "GET /?filesrc=%2F%2Fproc%2Fself%2Froot%2Fusr%2Fshare%2Fman%2Fman3%2FFcCharSetCopy.3.gz&path=%2F%2Fproc%2Fself%2Froot%2Fusr%2Fshare%2Fman%2Fman3 HTTP/1.1" 200 2036 "-" "Mozilla/5.0 AppleWebKit/537.36 (KHTML, like Gecko; compatible; GPTBot/1.2; +https://openai.com/gptbot)"
217.113.194.69 - - [17/Jun/2025:11:21:18 -0400] "GET /manga/btooom-chapter-108/?info HTTP/1.1" 503 854 "-" "Mozilla/5.0 (compatible; Barkrowler/0.9; +https://babbar.tech/crawler)"
217.113.194.67 - - [17/Jun/2025:11:21:36 -0400] "GET /manga/btooom-chapter-107/?path=/home HTTP/1.1" 503 854 "-" "Mozilla/5.0 (compatible; Barkrowler/0.9; +https://babbar.tech/crawler)"
52.202.233.37 - - [17/Jun/2025:11:21:37 -0400] "GET /?filesrc=//lib/firmware/cypress/cyfmac4339-sdio.bin&path=//lib/firmware/cypress HTTP/1.1" 503 854 "-" "Mozilla/5.0 AppleWebKit/537.36 (KHTML, like Gecko; compatible; Amazonbot/0.1; +https://developer.amazon.com/support/amazonbot) Chrome/119.0.6045.214 Safari/537.36"
217.113.194.68 - - [17/Jun/2025:11:21:52 -0400] "GET /manga/btooom-chapter-107/?info HTTP/1.1" 503 854 "-" "Mozilla/5.0 (compatible; Barkrowler/0.9; +https://babbar.tech/crawler)"
98.82.107.102 - - [17/Jun/2025:11:21:53 -0400] "GET /?filesrc=//lib/firmware/cirrus/cs35l41-dsp1-spk-prot-104331e1.wmfw&path=//lib/firmware/cirrus HTTP/1.1" 503 854 "-" "Mozilla/5.0 AppleWebKit/537.36 (KHTML, like Gecko; compatible; Amazonbot/0.1; +https://developer.amazon.com/support/amazonbot) Chrome/119.0.6045.214 Safari/537.36"
20.171.207.208 - - [17/Jun/2025:11:21:53 -0400] "GET /?filesrc=%2F%2Fproc%2Fself%2Froot%2Fusr%2Fshare%2Fman%2Fman3%2Fgetnetbyaddr.3.gz&path=%2F%2Fproc%2Fself%2Froot%2Fusr%2Fshare%2Fman%2Fman3 HTTP/1.1" 200 2034 "-" "Mozilla/5.0 AppleWebKit/537.36 (KHTML, like Gecko; compatible; GPTBot/1.2; +https://openai.com/gptbot)"
217.113.194.69 - - [17/Jun/2025:11:22:10 -0400] "GET /manga/btooom-chapter-18/?info HTTP/1.1" 200 23448 "-" "Mozilla/5.0 (compatible; Barkrowler/0.9; +https://babbar.tech/crawler)"
217.113.194.70 - - [17/Jun/2025:11:22:29 -0400] "GET /manga/btooom-chapter-19/?info HTTP/1.1" 200 23794 "-" "Mozilla/5.0 (compatible; Barkrowler/0.9; +https://babbar.tech/crawler)"
20.171.207.208 - - [17/Jun/2025:11:22:34 -0400] "GET /?filesrc=%2F%2Fproc%2Fself%2Froot%2Fusr%2Fshare%2Fman%2Fman3%2FFcLangSetHash.3.gz&path=%2F%2Fproc%2Fself%2Froot%2Fusr%2Fshare%2Fman%2Fman3 HTTP/1.1" 200 2036 "-" "Mozilla/5.0 AppleWebKit/537.36 (KHTML, like Gecko; compatible; GPTBot/1.2; +https://openai.com/gptbot)"
217.113.194.69 - - [17/Jun/2025:11:22:48 -0400] "GET /manga/btooom-chapter-19/?path=/home HTTP/1.1" 200 23990 "-" "Mozilla/5.0 (compatible; Barkrowler/0.9; +https://babbar.tech/crawler)"
52.207.47.227 - - [17/Jun/2025:11:22:49 -0400] "GET /?path=//var/lib/mysql/brijlzql_edwardAkpakli HTTP/1.1" 200 19327 "-" "Mozilla/5.0 AppleWebKit/537.36 (KHTML, like Gecko; compatible; Amazonbot/0.1; +https://developer.amazon.com/support/amazonbot) Chrome/119.0.6045.214 Safari/537.36"
54.197.102.71 - - [17/Jun/2025:11:22:56 -0400] "GET /?filesrc=//lib/firmware/cirrus/cs35l41-dsp1-spk-prot-17aa2316.wmfw&path=//lib/firmware/cirrus HTTP/1.1" 200 19215 "-" "Mozilla/5.0 AppleWebKit/537.36 (KHTML, like Gecko; compatible; Amazonbot/0.1; +https://developer.amazon.com/support/amazonbot) Chrome/119.0.6045.214 Safari/537.36"
34.202.88.37 - - [17/Jun/2025:11:23:04 -0400] "GET /dmca/?filesrc=//bin/colrm&path=//bin HTTP/1.1" 200 10410 "-" "Mozilla/5.0 AppleWebKit/537.36 (KHTML, like Gecko; compatible; Amazonbot/0.1; +https://developer.amazon.com/support/amazonbot) Chrome/119.0.6045.214 Safari/537.36"
217.113.194.68 - - [17/Jun/2025:11:23:07 -0400] "GET /manga/btooom-chapter-61/?info HTTP/1.1" 200 27839 "-" "Mozilla/5.0 (compatible; Barkrowler/0.9; +https://babbar.tech/crawler)"
20.171.207.208 - - [17/Jun/2025:11:23:13 -0400] "GET /?filesrc=%2F%2Fproc%2Fself%2Froot%2Fusr%2Fshare%2Fman%2Fman3%2FTIFFcodec.3tiff.gz&path=%2F%2Fproc%2Fself%2Froot%2Fusr%2Fshare%2Fman%2Fman3 HTTP/1.1" 200 2035 "-" "Mozilla/5.0 AppleWebKit/537.36 (KHTML, like Gecko; compatible; GPTBot/1.2; +https://openai.com/gptbot)"
217.113.194.68 - - [17/Jun/2025:11:23:27 -0400] "GET /manga/btooom-chapter-61/?path=/home HTTP/1.1" 503 854 "-" "Mozilla/5.0 (compatible; Barkrowler/0.9; +https://babbar.tech/crawler)"
216.73.216.85 - - [17/Jun/2025:11:23:32 -0400] "GET /manga/btooom-chapter-74?filesrc=%2F%2Flib64%2Fpython2.7%2FSocketServer.py&path=%2F%2Flib64%2Fpython2.7 HTTP/1.1" 200 0 "-" "Mozilla/5.0 AppleWebKit/537.36 (KHTML, like Gecko; compatible; ClaudeBot/1.0; [email protected])"
216.73.216.85 - - [17/Jun/2025:11:23:32 -0400] "GET /manga/btooom-chapter-74?filesrc=%2F%2Flib64%2Fpython2.7%2Fpydoc_data%2F__init__.pyo&path=%2F%2Flib64%2Fpython2.7%2Fpydoc_data HTTP/1.1" 200 0 "-" "Mozilla/5.0 AppleWebKit/537.36 (KHTML, like Gecko; compatible; ClaudeBot/1.0; [email protected])"
216.73.216.85 - - [17/Jun/2025:11:23:32 -0400] "GET /manga/btooom-chapter-74?filesrc=%2Fhome%2Fhonehdyv%2Freadbtooom.com%2Fwp-admin%2Fjs%2Fwidgets%2Ftext-widgets.min.js&path=%2Fhome%2Fhonehdyv%2Freadbtooom.com%2Fwp-admin%2Fjs%2Fwidgets HTTP/1.1" 200 0 "-" "Mozilla/5.0 AppleWebKit/537.36 (KHTML, like Gecko; compatible; ClaudeBot/1.0; [email protected])"
216.73.216.85 - - [17/Jun/2025:11:23:32 -0400] "GET /manga/btooom-chapter-74?filesrc=%2F%2Flib%2Fpython2.7%2Fsite-packages%2Fsetuptools%2Fsandbox.pyc&path=%2F%2Flib%2Fpython2.7%2Fsite-packages%2Fsetuptools HTTP/1.1" 200 0 "-" "Mozilla/5.0 AppleWebKit/537.36 (KHTML, like Gecko; compatible; ClaudeBot/1.0; [email protected])"
216.73.216.85 - - [17/Jun/2025:11:23:33 -0400] "GET /manga/btooom-chapter-74?filesrc=%2F%2Fusr%2Finclude%2Flinux%2Fmpls_iptunnel.h&path=%2F%2Fusr%2Finclude%2Flinux HTTP/1.1" 200 0 "-" "Mozilla/5.0 AppleWebKit/537.36 (KHTML, like Gecko; compatible; ClaudeBot/1.0; [email protected])"
216.73.216.85 - - [17/Jun/2025:11:23:33 -0400] "GET /manga/btooom-chapter-74?filesrc=%2Fhome%2Fhonehdyv%2Fjunglejuicewebtoon.com%2Fwp-includes%2Fhtml-api%2Fclass-wp-html-stack-event.php&path=%2Fhome%2Fhonehdyv%2Fjunglejuicewebtoon.com%2Fwp-includes%2Fhtml-api HTTP/1.1" 500 0 "-" "Mozilla/5.0 AppleWebKit/537.36 (KHTML, like Gecko; compatible; ClaudeBot/1.0; [email protected])"
216.73.216.85 - - [17/Jun/2025:11:23:33 -0400] "GET /manga/btooom-chapter-74?filesrc=%2Fhome%2Fhonehdyv%2Fyours-toclaim.com%2Fwp-content%2Fplugins%2Fwp-automatic%2Fdownloader.php&path=%2Fhome%2Fhonehdyv%2Fyours-toclaim.com%2Fwp-content%2Fplugins%2Fwp-automatic HTTP/1.1" 200 3264 "-" "Mozilla/5.0 AppleWebKit/537.36 (KHTML, like Gecko; compatible; ClaudeBot/1.0; [email protected])"
216.73.216.85 - - [17/Jun/2025:11:23:32 -0400] "GET /manga/btooom-chapter-74?filesrc=%2F%2Flib64%2Fpython2.7%2Foptparse.pyc&path=%2F%2Flib64%2Fpython2.7 HTTP/1.1" 200 1991 "-" "Mozilla/5.0 AppleWebKit/537.36 (KHTML, like Gecko; compatible; ClaudeBot/1.0; [email protected])"
216.73.216.85 - - [17/Jun/2025:11:23:33 -0400] "GET /manga/btooom-chapter-74?filesrc=%2Fhome%2Fhonehdyv%2Freadbtooom.com%2Fwp-includes%2Fjs%2Fjquery%2Fui%2Feffect-bounce.min.js&path=%2Fhome%2Fhonehdyv%2Freadbtooom.com%2Fwp-includes%2Fjs%2Fjquery%2Fui HTTP/1.1" 200 2650 "-" "Mozilla/5.0 AppleWebKit/537.36 (KHTML, like Gecko; compatible; ClaudeBot/1.0; [email protected])"
216.73.216.85 - - [17/Jun/2025:11:23:33 -0400] "GET /manga/btooom-chapter-74?filesrc=%2F%2Flib%2Fpython2.7%2Fsite-packages%2Fpip%2Fdownload.py&path=%2F%2Flib%2Fpython2.7%2Fsite-packages%2Fpip HTTP/1.1" 200 11708 "-" "Mozilla/5.0 AppleWebKit/537.36 (KHTML, like Gecko; compatible; ClaudeBot/1.0; [email protected])"
52.45.77.169 - - [17/Jun/2025:11:23:33 -0400] "GET /?filesrc=//lib/firmware/cirrus/cs35l41-dsp1-spk-prot-17aa3878-l0.bin&path=//lib/firmware/cirrus HTTP/1.1" 200 19236 "-" "Mozilla/5.0 AppleWebKit/537.36 (KHTML, like Gecko; compatible; Amazonbot/0.1; +https://developer.amazon.com/support/amazonbot) Chrome/119.0.6045.214 Safari/537.36"
217.113.194.245 - - [17/Jun/2025:11:23:44 -0400] "GET /manga/btooom-chapter-58/?info HTTP/1.1" 200 29314 "-" "Mozilla/5.0 (compatible; Barkrowler/0.9; +https://babbar.tech/crawler)"
20.171.207.208 - - [17/Jun/2025:11:23:45 -0400] "GET /?filesrc=%2F%2Fproc%2Fself%2Froot%2Fusr%2Fshare%2Fman%2Fman3%2Fmvaddchstr.3x.gz&path=%2F%2Fproc%2Fself%2Froot%2Fusr%2Fshare%2Fman%2Fman3 HTTP/1.1" 200 2033 "-" "Mozilla/5.0 AppleWebKit/537.36 (KHTML, like Gecko; compatible; GPTBot/1.2; +https://openai.com/gptbot)"
217.113.194.70 - - [17/Jun/2025:11:24:00 -0400] "GET /manga/btooom-chapter-58/?path=/home HTTP/1.1" 500 0 "-" "Mozilla/5.0 (compatible; Barkrowler/0.9; +https://babbar.tech/crawler)"
98.82.214.73 - - [17/Jun/2025:11:24:00 -0400] "GET /?filesrc=//lib/firmware/cirrus/cs35l41-dsp1-spk-prot-10431194-spkid0-l0.bin&path=//lib/firmware/cirrus HTTP/1.1" 500 0 "-" "Mozilla/5.0 AppleWebKit/537.36 (KHTML, like Gecko; compatible; Amazonbot/0.1; +https://developer.amazon.com/support/amazonbot) Chrome/119.0.6045.214 Safari/537.36"
44.212.131.50 - - [17/Jun/2025:11:24:05 -0400] "GET /?path=//var/lib/mysql/omotion_ecom_thriplow_db HTTP/1.1" 200 0 "-" "Mozilla/5.0 AppleWebKit/537.36 (KHTML, like Gecko; compatible; Amazonbot/0.1; +https://developer.amazon.com/support/amazonbot) Chrome/119.0.6045.214 Safari/537.36"
20.171.207.208 - - [17/Jun/2025:11:24:13 -0400] "GET /?filesrc=%2F%2Fproc%2Fself%2Froot%2Fusr%2Fshare%2Fman%2Fman3%2FXQueryColor.3.gz&path=%2F%2Fproc%2Fself%2Froot%2Fusr%2Fshare%2Fman%2Fman3 HTTP/1.1" 503 854 "-" "Mozilla/5.0 AppleWebKit/537.36 (KHTML, like Gecko; compatible; GPTBot/1.2; +https://openai.com/gptbot)"
217.113.194.62 - - [17/Jun/2025:11:24:18 -0400] "GET /manga/btooom-chapter-70/?info HTTP/1.1" 200 0 "-" "Mozilla/5.0 (compatible; Barkrowler/0.9; +https://babbar.tech/crawler)"
52.4.213.199 - - [17/Jun/2025:11:24:20 -0400] "GET /?filesrc=//lib/firmware/cirrus/cs35l41-dsp1-spk-prot-10431433-spkid1-r0.bincfg&path=//lib/firmware/cirrus HTTP/1.1" 200 0 "-" "Mozilla/5.0 AppleWebKit/537.36 (KHTML, like Gecko; compatible; Amazonbot/0.1; +https://developer.amazon.com/support/amazonbot) Chrome/119.0.6045.214 Safari/537.36"
216.73.216.57 - - [17/Jun/2025:11:24:26 -0400] "GET /manga/btooom-chapter-74?filesrc=%2Fhome%2Fhonehdyv%2Fmail%2Fnew%2F1666353010.M867797P1872240.business77.web-hosting.com%2CS%3D3766%2CW%3D3849&path=%2Fhome%2Fhonehdyv%2Fmail%2Fnew HTTP/1.1" 503 854 "-" "Mozilla/5.0 AppleWebKit/537.36 (KHTML, like Gecko; compatible; ClaudeBot/1.0; [email protected])"
216.73.216.57 - - [17/Jun/2025:11:24:29 -0400] "GET /manga/btooom-chapter-74?filesrc=%2Fhome%2Fhonehdyv%2Flscache%2F5%2F8%2Ff%2F58fc5a935cced202&path=%2Fhome%2Fhonehdyv%2Flscache%2F5%2F8%2Ff HTTP/1.1" 200 0 "-" "Mozilla/5.0 AppleWebKit/537.36 (KHTML, like Gecko; compatible; ClaudeBot/1.0; [email protected])"
216.73.216.57 - - [17/Jun/2025:11:24:30 -0400] "GET /manga/btooom-chapter-74?path=%2F%2Fusr%2Flib%2F.build-id%2F15 HTTP/1.1" 200 3623 "-" "Mozilla/5.0 AppleWebKit/537.36 (KHTML, like Gecko; compatible; ClaudeBot/1.0; [email protected])"
216.73.216.57 - - [17/Jun/2025:11:24:35 -0400] "GET /manga/btooom-chapter-74?filesrc=%2Fhome%2Fhonehdyv%2Flscache%2F5%2F4%2Fd%2F54df2ae751e8fb59&path=%2Fhome%2Fhonehdyv%2Flscache%2F5%2F4%2Fd HTTP/1.1" 200 2024 "-" "Mozilla/5.0 AppleWebKit/537.36 (KHTML, like Gecko; compatible; ClaudeBot/1.0; [email protected])"
217.113.194.71 - - [17/Jun/2025:11:24:34 -0400] "GET /manga/btooom-chapter-70/?path=/home HTTP/1.1" 200 28192 "-" "Mozilla/5.0 (compatible; Barkrowler/0.9; +https://babbar.tech/crawler)"
216.73.216.57 - - [17/Jun/2025:11:24:38 -0400] "GET /manga/btooom-chapter-74?filesrc=%2Fhome%2Fhonehdyv%2Fmail%2Fnew%2F1682054384.M870423P3484542.business77.web-hosting.com%2CS%3D3475%2CW%3D3557&path=%2Fhome%2Fhonehdyv%2Fmail%2Fnew HTTP/1.1" 200 3337 "-" "Mozilla/5.0 AppleWebKit/537.36 (KHTML, like Gecko; compatible; ClaudeBot/1.0; [email protected])"
216.73.216.57 - - [17/Jun/2025:11:24:40 -0400] "GET /manga/btooom-chapter-74?filesrc=%2Fhome%2Fhonehdyv%2Flscache%2Ff%2F5%2Fb%2Ff5b73cf3d734dbb6&path=%2Fhome%2Fhonehdyv%2Flscache%2Ff%2F5%2Fb HTTP/1.1" 200 0 "-" "Mozilla/5.0 AppleWebKit/537.36 (KHTML, like Gecko; compatible; ClaudeBot/1.0; [email protected])"
216.73.216.57 - - [17/Jun/2025:11:24:41 -0400] "GET /manga/btooom-chapter-74/?filesrc=%2F%2Flib%2Ffirmware%2Fcirrus%2Fcs35l41-dsp1-spk-prot-17aa386f.wmfw&path=%2F%2Flib%2Ffirmware%2Fcirrus HTTP/1.1" 200 0 "-" "Mozilla/5.0 AppleWebKit/537.36 (KHTML, like Gecko; compatible; ClaudeBot/1.0; [email protected])"
20.171.207.208 - - [17/Jun/2025:11:24:41 -0400] "GET /?filesrc=%2F%2Fproc%2Fself%2Froot%2Fusr%2Fshare%2Fman%2Fman3%2FXGrabServer.3.gz&path=%2F%2Fproc%2Fself%2Froot%2Fusr%2Fshare%2Fman%2Fman3 HTTP/1.1" 200 0 "-" "Mozilla/5.0 AppleWebKit/537.36 (KHTML, like Gecko; compatible; GPTBot/1.2; +https://openai.com/gptbot)"
216.73.216.57 - - [17/Jun/2025:11:24:42 -0400] "GET /manga/btooom-chapter-74?filesrc=%2Fhome%2Fhonehdyv%2Fmail%2Fnew%2F1724885823.M36469P302845.business77.web-hosting.com%2CS%3D2051%2CW%3D2105&path=%2Fhome%2Fhonehdyv%2Fmail%2Fnew HTTP/1.1" 200 2857 "-" "Mozilla/5.0 AppleWebKit/537.36 (KHTML, like Gecko; compatible; ClaudeBot/1.0; [email protected])"
216.73.216.57 - - [17/Jun/2025:11:24:44 -0400] "GET /manga/btooom-chapter-74?filesrc=%2Fhome%2Fhonehdyv%2Flscache%2F5%2Fb%2Fe%2F5be9cb333e4c74d5&path=%2Fhome%2Fhonehdyv%2Flscache%2F5%2Fb%2Fe HTTP/1.1" 200 2023 "-" "Mozilla/5.0 AppleWebKit/537.36 (KHTML, like Gecko; compatible; ClaudeBot/1.0; [email protected])"
216.73.216.57 - - [17/Jun/2025:11:24:47 -0400] "GET /manga/btooom-chapter-74?filesrc=%2Fhome%2Fhonehdyv%2Flscache%2F4%2Fa%2Fb%2F4abac956fd7bf4df&path=%2Fhome%2Fhonehdyv%2Flscache%2F4%2Fa%2Fb HTTP/1.1" 200 2296 "-" "Mozilla/5.0 AppleWebKit/537.36 (KHTML, like Gecko; compatible; ClaudeBot/1.0; [email protected])"
216.73.216.57 - - [17/Jun/2025:11:24:49 -0400] "GET /manga/btooom-chapter-74?filesrc=%2Fhome%2Fhonehdyv%2Fmail%2Fnew%2F1681674073.M95710P2281157.business77.web-hosting.com%2CS%3D4935%2CW%3D5029&path=%2Fhome%2Fhonehdyv%2Fmail%2Fnew HTTP/1.1" 200 3914 "-" "Mozilla/5.0 AppleWebKit/537.36 (KHTML, like Gecko; compatible; ClaudeBot/1.0; [email protected])"
216.73.216.57 - - [17/Jun/2025:11:24:50 -0400] "GET /manga/btooom-chapter-74?filesrc=%2Fhome%2Fhonehdyv%2Flscache%2Ff%2F5%2Fb%2Ff5bd97ec12658660&path=%2Fhome%2Fhonehdyv%2Flscache%2Ff%2F5%2Fb HTTP/1.1" 200 0 "-" "Mozilla/5.0 AppleWebKit/537.36 (KHTML, like Gecko; compatible; ClaudeBot/1.0; [email protected])"
216.73.216.57 - - [17/Jun/2025:11:24:51 -0400] "GET /manga/btooom-chapter-74?filesrc=%2Fhome%2Fhonehdyv%2Flscache%2F8%2F8%2F2%2F8821c5eb7e1964c7&path=%2Fhome%2Fhonehdyv%2Flscache%2F8%2F8%2F2 HTTP/1.1" 503 854 "-" "Mozilla/5.0 AppleWebKit/537.36 (KHTML, like Gecko; compatible; ClaudeBot/1.0; [email protected])"
23.23.99.55 - - [17/Jun/2025:11:24:52 -0400] "GET /dmca/?filesrc=//lib/firmware/iwlwifi-so-a0-hr-b0-83.ucode&path=//lib/firmware HTTP/1.1" 200 0 "-" "Mozilla/5.0 AppleWebKit/537.36 (KHTML, like Gecko; compatible; Amazonbot/0.1; +https://developer.amazon.com/support/amazonbot) Chrome/119.0.6045.214 Safari/537.36"
216.73.216.57 - - [17/Jun/2025:11:24:52 -0400] "GET /manga/btooom-chapter-74?filesrc=%2Fhome%2Fhonehdyv%2Flscache%2F4%2F7%2F4%2F474ace34f8b78ab7&path=%2Fhome%2Fhonehdyv%2Flscache%2F4%2F7%2F4 HTTP/1.1" 200 2294 "-" "Mozilla/5.0 AppleWebKit/537.36 (KHTML, like Gecko; compatible; ClaudeBot/1.0; [email protected])"
216.73.216.57 - - [17/Jun/2025:11:24:54 -0400] "GET /manga/btooom-chapter-74?filesrc=%2Fhome%2Fhonehdyv%2Flscache%2F5%2Fb%2F2%2F5b22f3b6d26c82b4&path=%2Fhome%2Fhonehdyv%2Flscache%2F5%2Fb%2F2 HTTP/1.1" 503 854 "-" "Mozilla/5.0 AppleWebKit/537.36 (KHTML, like Gecko; compatible; ClaudeBot/1.0; [email protected])"
217.113.194.62 - - [17/Jun/2025:11:24:53 -0400] "GET /manga/btooom-chapter-90/?info HTTP/1.1" 200 28097 "-" "Mozilla/5.0 (compatible; Barkrowler/0.9; +https://babbar.tech/crawler)"
216.73.216.57 - - [17/Jun/2025:11:24:55 -0400] "GET /manga/btooom-chapter-74/?filesrc=%2Fhome%2Fhonehdyv%2Flscache%2F7%2F7%2F3%2F773deafa51307313&path=%2Fhome%2Fhonehdyv%2Flscache%2F7%2F7%2F3 HTTP/1.1" 200 28398 "-" "Mozilla/5.0 AppleWebKit/537.36 (KHTML, like Gecko; compatible; ClaudeBot/1.0; [email protected])"
3.222.190.107 - - [17/Jun/2025:11:24:57 -0400] "GET /dmca/?filesrc=//lib/firmware/iwlwifi-Qu-b0-hr-b0-66.ucode&path=//lib/firmware HTTP/1.1" 200 10461 "-" "Mozilla/5.0 AppleWebKit/537.36 (KHTML, like Gecko; compatible; Amazonbot/0.1; +https://developer.amazon.com/support/amazonbot) Chrome/119.0.6045.214 Safari/537.36"
35.169.102.85 - - [17/Jun/2025:11:25:00 -0400] "GET /?filesrc=//lib/locale/en_GB.utf8/LC_TELEPHONE&path=//lib/locale/en_GB.utf8 HTTP/1.1" 200 19234 "-" "Mozilla/5.0 AppleWebKit/537.36 (KHTML, like Gecko; compatible; Amazonbot/0.1; +https://developer.amazon.com/support/amazonbot) Chrome/119.0.6045.214 Safari/537.36"
217.113.194.67 - - [17/Jun/2025:11:25:10 -0400] "GET /manga/btooom-chapter-90/?path=/home HTTP/1.1" 200 28324 "-" "Mozilla/5.0 (compatible; Barkrowler/0.9; +https://babbar.tech/crawler)"
217.113.194.69 - - [17/Jun/2025:11:25:28 -0400] "GET /manga/btooom-chapter-47/?info HTTP/1.1" 503 854 "-" "Mozilla/5.0 (compatible; Barkrowler/0.9; +https://babbar.tech/crawler)"
20.171.207.208 - - [17/Jun/2025:11:25:45 -0400] "GET /?filesrc=%2F%2Fproc%2Fself%2Froot%2Fusr%2Fshare%2Fman%2Fman3%2FXGetCommand.3.gz&path=%2F%2Fproc%2Fself%2Froot%2Fusr%2Fshare%2Fman%2Fman3 HTTP/1.1" 503 854 "-" "Mozilla/5.0 AppleWebKit/537.36 (KHTML, like Gecko; compatible; GPTBot/1.2; +https://openai.com/gptbot)"
217.113.194.70 - - [17/Jun/2025:11:25:46 -0400] "GET /manga/btooom-chapter-47/?path=/home HTTP/1.1" 200 0 "-" "Mozilla/5.0 (compatible; Barkrowler/0.9; +https://babbar.tech/crawler)"
3.212.205.90 - - [17/Jun/2025:11:25:50 -0400] "GET /dmca/?filesrc=//bin/zegrep&path=//bin HTTP/1.1" 200 10451 "-" "Mozilla/5.0 AppleWebKit/537.36 (KHTML, like Gecko; compatible; Amazonbot/0.1; +https://developer.amazon.com/support/amazonbot) Chrome/119.0.6045.214 Safari/537.36"
184.73.195.18 - - [17/Jun/2025:11:25:54 -0400] "GET /dmca/?filesrc=//lib/firmware/TAS2XXX103C8DE81.bin&path=//lib/firmware HTTP/1.1" 200 10453 "-" "Mozilla/5.0 AppleWebKit/537.36 (KHTML, like Gecko; compatible; Amazonbot/0.1; +https://developer.amazon.com/support/amazonbot) Chrome/119.0.6045.214 Safari/537.36"
217.113.194.69 - - [17/Jun/2025:11:26:03 -0400] "GET /manga/btooom-chapter-77/?info HTTP/1.1" 200 27742 "-" "Mozilla/5.0 (compatible; Barkrowler/0.9; +https://babbar.tech/crawler)"
217.113.194.70 - - [17/Jun/2025:11:26:20 -0400] "GET /manga/btooom-chapter-77/?path=/home HTTP/1.1" 200 28058 "-" "Mozilla/5.0 (compatible; Barkrowler/0.9; +https://babbar.tech/crawler)"
100.28.57.133 - - [17/Jun/2025:11:26:37 -0400] "GET /dmca/?path=//lib/locale/en_HK.utf8 HTTP/1.1" 200 11397 "-" "Mozilla/5.0 AppleWebKit/537.36 (KHTML, like Gecko; compatible; Amazonbot/0.1; +https://developer.amazon.com/support/amazonbot) Chrome/119.0.6045.214 Safari/537.36"
20.171.207.208 - - [17/Jun/2025:11:26:43 -0400] "GET /?filesrc=%2F%2Fproc%2Fself%2Froot%2Fusr%2Fshare%2Fman%2Fman3%2Fbindresvport.3.gz&path=%2F%2Fproc%2Fself%2Froot%2Fusr%2Fshare%2Fman%2Fman3 HTTP/1.1" 200 2033 "-" "Mozilla/5.0 AppleWebKit/537.36 (KHTML, like Gecko; compatible; GPTBot/1.2; +https://openai.com/gptbot)"
217.113.194.65 - - [17/Jun/2025:11:26:41 -0400] "GET /manga/btooom-chapter-87/?info HTTP/1.1" 200 27305 "-" "Mozilla/5.0 (compatible; Barkrowler/0.9; +https://babbar.tech/crawler)"
217.113.194.67 - - [17/Jun/2025:11:27:01 -0400] "GET /manga/btooom-chapter-87/?path=/home HTTP/1.1" 200 0 "-" "Mozilla/5.0 (compatible; Barkrowler/0.9; +https://babbar.tech/crawler)"
54.225.181.161 - - [17/Jun/2025:11:27:02 -0400] "GET /?filesrc=//lib/firmware/ixp4xx/NPE-C&path=//lib/firmware/ixp4xx HTTP/1.1" 200 19185 "-" "Mozilla/5.0 AppleWebKit/537.36 (KHTML, like Gecko; compatible; Amazonbot/0.1; +https://developer.amazon.com/support/amazonbot) Chrome/119.0.6045.214 Safari/537.36"
23.21.250.48 - - [17/Jun/2025:11:27:05 -0400] "GET /?path=//var/lib/mysql/formptej_a1epoxy HTTP/1.1" 200 0 "-" "Mozilla/5.0 AppleWebKit/537.36 (KHTML, like Gecko; compatible; Amazonbot/0.1; +https://developer.amazon.com/support/amazonbot) Chrome/119.0.6045.214 Safari/537.36"
34.194.226.74 - - [17/Jun/2025:11:27:08 -0400] "GET /?filesrc=//lib/firmware/cirrus/cs35l41-dsp1-spk-prot-10431c43.wmfw&path=//lib/firmware/cirrus HTTP/1.1" 200 19208 "-" "Mozilla/5.0 AppleWebKit/537.36 (KHTML, like Gecko; compatible; Amazonbot/0.1; +https://developer.amazon.com/support/amazonbot) Chrome/119.0.6045.214 Safari/537.36"
23.21.225.190 - - [17/Jun/2025:11:27:13 -0400] "GET /?filesrc=//lib/firmware/cirrus/cs35l41-dsp1-spk-prot-103c898f.wmfw&path=//lib/firmware/cirrus HTTP/1.1" 200 19223 "-" "Mozilla/5.0 AppleWebKit/537.36 (KHTML, like Gecko; compatible; Amazonbot/0.1; +https://developer.amazon.com/support/amazonbot) Chrome/119.0.6045.214 Safari/537.36"
217.113.194.67 - - [17/Jun/2025:11:27:18 -0400] "GET /manga/btooom-chapter-95/?info HTTP/1.1" 200 27784 "-" "Mozilla/5.0 (compatible; Barkrowler/0.9; +https://babbar.tech/crawler)"
34.206.249.188 - - [17/Jun/2025:11:27:25 -0400] "GET /dmca/?filesrc=//lib64/aspell-0.60/tex.amf&path=//lib64/aspell-0.60 HTTP/1.1" 200 10576 "-" "Mozilla/5.0 AppleWebKit/537.36 (KHTML, like Gecko; compatible; Amazonbot/0.1; +https://developer.amazon.com/support/amazonbot) Chrome/119.0.6045.214 Safari/537.36"
217.113.194.64 - - [17/Jun/2025:11:27:37 -0400] "GET /manga/btooom-chapter-95/?path=/home HTTP/1.1" 200 0 "-" "Mozilla/5.0 (compatible; Barkrowler/0.9; +https://babbar.tech/crawler)"
3.217.171.106 - - [17/Jun/2025:11:27:40 -0400] "GET /?filesrc=//lib/firmware/cirrus/cs35l41-dsp1-spk-prot-17aa3865.wmfw&path=//lib/firmware/cirrus HTTP/1.1" 200 0 "-" "Mozilla/5.0 AppleWebKit/537.36 (KHTML, like Gecko; compatible; Amazonbot/0.1; +https://developer.amazon.com/support/amazonbot) Chrome/119.0.6045.214 Safari/537.36"
20.171.207.208 - - [17/Jun/2025:11:27:45 -0400] "GET /?filesrc=%2F%2Fproc%2Fself%2Froot%2Fusr%2Fshare%2Fman%2Fman3%2FServerVendor.3.gz&path=%2F%2Fproc%2Fself%2Froot%2Fusr%2Fshare%2Fman%2Fman3 HTTP/1.1" 200 0 "-" "Mozilla/5.0 AppleWebKit/537.36 (KHTML, like Gecko; compatible; GPTBot/1.2; +https://openai.com/gptbot)"
54.163.169.168 - - [17/Jun/2025:11:27:44 -0400] "GET /?aksi=buatfile&path=//home/honehdyv/eleceedscan.com HTTP/1.1" 200 19310 "-" "Mozilla/5.0 AppleWebKit/537.36 (KHTML, like Gecko; compatible; Amazonbot/0.1; +https://developer.amazon.com/support/amazonbot) Chrome/119.0.6045.214 Safari/537.36"
217.113.194.245 - - [17/Jun/2025:11:27:54 -0400] "GET /manga/btooom-chapter-94/?info HTTP/1.1" 200 28177 "-" "Mozilla/5.0 (compatible; Barkrowler/0.9; +https://babbar.tech/crawler)"
34.236.41.241 - - [17/Jun/2025:11:27:56 -0400] "GET /?path=//var/lib/mysql/hzstore_lirvatic HTTP/1.1" 503 854 "-" "Mozilla/5.0 AppleWebKit/537.36 (KHTML, like Gecko; compatible; Amazonbot/0.1; +https://developer.amazon.com/support/amazonbot) Chrome/119.0.6045.214 Safari/537.36"
3.90.73.206 - - [17/Jun/2025:11:28:04 -0400] "GET /?filesrc=//lib/firmware/xe/bmg_huc.bin&path=//lib/firmware/xe HTTP/1.1" 200 19167 "-" "Mozilla/5.0 AppleWebKit/537.36 (KHTML, like Gecko; compatible; Amazonbot/0.1; +https://developer.amazon.com/support/amazonbot) Chrome/119.0.6045.214 Safari/537.36"
18.209.137.234 - - [17/Jun/2025:11:28:09 -0400] "GET /?path=//var/lib/mysql/hzstore_shwenwarlay HTTP/1.1" 200 19306 "-" "Mozilla/5.0 AppleWebKit/537.36 (KHTML, like Gecko; compatible; Amazonbot/0.1; +https://developer.amazon.com/support/amazonbot) Chrome/119.0.6045.214 Safari/537.36"
54.84.93.8 - - [17/Jun/2025:11:28:13 -0400] "GET /?filesrc=//lib/firmware/cirrus/cs35l41-dsp1-spk-prot-103c8b92.wmfw&path=//lib/firmware/cirrus HTTP/1.1" 200 19223 "-" "Mozilla/5.0 AppleWebKit/537.36 (KHTML, like Gecko; compatible; Amazonbot/0.1; +https://developer.amazon.com/support/amazonbot) Chrome/119.0.6045.214 Safari/537.36"
217.113.194.67 - - [17/Jun/2025:11:28:12 -0400] "GET /manga/btooom-chapter-94/?path=/home HTTP/1.1" 200 28466 "-" "Mozilla/5.0 (compatible; Barkrowler/0.9; +https://babbar.tech/crawler)"
44.212.106.171 - - [17/Jun/2025:11:28:25 -0400] "GET /?filesrc=//lib/locale/en_PH.utf8/LC_IDENTIFICATION&path=//lib/locale/en_PH.utf8 HTTP/1.1" 200 19195 "-" "Mozilla/5.0 AppleWebKit/537.36 (KHTML, like Gecko; compatible; Amazonbot/0.1; +https://developer.amazon.com/support/amazonbot) Chrome/119.0.6045.214 Safari/537.36"
217.113.194.64 - - [17/Jun/2025:11:28:32 -0400] "GET /manga/btooom-chapter-68/?info HTTP/1.1" 200 27468 "-" "Mozilla/5.0 (compatible; Barkrowler/0.9; +https://babbar.tech/crawler)"
20.171.207.208 - - [17/Jun/2025:11:28:40 -0400] "GET /?filesrc=%2F%2Fproc%2Fself%2Froot%2Fusr%2Fshare%2Fman%2Fman3%2FAutoLoader.3pm.gz&path=%2F%2Fproc%2Fself%2Froot%2Fusr%2Fshare%2Fman%2Fman3 HTTP/1.1" 200 2035 "-" "Mozilla/5.0 AppleWebKit/537.36 (KHTML, like Gecko; compatible; GPTBot/1.2; +https://openai.com/gptbot)"
154.54.249.199 - - [17/Jun/2025:11:28:49 -0400] "GET /manga/btooom-chapter-68/?path=/home HTTP/1.1" 503 854 "-" "Mozilla/5.0 (compatible; Barkrowler/0.9; +https://babbar.tech/crawler)"
18.215.112.101 - - [17/Jun/2025:11:28:49 -0400] "GET /?filesrc=//lib64/python2.7/lib-tk/Tkinter.pyc&path=//lib64/python2.7/lib-tk HTTP/1.1" 200 19207 "-" "Mozilla/5.0 AppleWebKit/537.36 (KHTML, like Gecko; compatible; Amazonbot/0.1; +https://developer.amazon.com/support/amazonbot) Chrome/119.0.6045.214 Safari/537.36"
217.113.194.67 - - [17/Jun/2025:11:29:06 -0400] "GET /manga/btooom-chapter-41/?info HTTP/1.1" 200 27595 "-" "Mozilla/5.0 (compatible; Barkrowler/0.9; +https://babbar.tech/crawler)"
217.113.194.71 - - [17/Jun/2025:11:29:22 -0400] "GET /manga/btooom-chapter-41/?path=/home HTTP/1.1" 200 27860 "-" "Mozilla/5.0 (compatible; Barkrowler/0.9; +https://babbar.tech/crawler)"
20.171.207.208 - - [17/Jun/2025:11:29:32 -0400] "GET /?filesrc=%2F%2Fproc%2Fself%2Froot%2Fusr%2Flib%2Fkbd%2Funimaps%2Fcp866.uni&path=%2F%2Fproc%2Fself%2Froot%2Fusr%2Flib%2Fkbd%2Funimaps HTTP/1.1" 200 3314 "-" "Mozilla/5.0 AppleWebKit/537.36 (KHTML, like Gecko; compatible; GPTBot/1.2; +https://openai.com/gptbot)"
54.156.55.147 - - [17/Jun/2025:11:29:40 -0400] "GET /?filesrc=//lib64/python2.7/lib-tk/FileDialog.pyc&path=//lib64/python2.7/lib-tk HTTP/1.1" 200 19187 "-" "Mozilla/5.0 AppleWebKit/537.36 (KHTML, like Gecko; compatible; Amazonbot/0.1; +https://developer.amazon.com/support/amazonbot) Chrome/119.0.6045.214 Safari/537.36"
217.113.194.70 - - [17/Jun/2025:11:29:41 -0400] "GET /manga/btooom-chapter-32/?info HTTP/1.1" 200 24541 "-" "Mozilla/5.0 (compatible; Barkrowler/0.9; +https://babbar.tech/crawler)"
216.73.216.57 - - [17/Jun/2025:11:29:57 -0400] "GET /manga/btooom-chapter-74?filesrc=%2Fhome%2Fhonehdyv%2Flscache%2Fe%2F9%2F8%2Fe9845257df3f3593&path=%2Fhome%2Fhonehdyv%2Flscache%2Fe%2F9%2F8 HTTP/1.1" 200 2025 "-" "Mozilla/5.0 AppleWebKit/537.36 (KHTML, like Gecko; compatible; ClaudeBot/1.0; [email protected])"
216.73.216.57 - - [17/Jun/2025:11:29:59 -0400] "GET /manga/btooom-chapter-74?filesrc=%2Fhome%2Fhonehdyv%2Fmail%2Fnew%2F1682190189.M608828P220255.business77.web-hosting.com%2CS%3D3491%2CW%3D3573&path=%2Fhome%2Fhonehdyv%2Fmail%2Fnew HTTP/1.1" 200 3352 "-" "Mozilla/5.0 AppleWebKit/537.36 (KHTML, like Gecko; compatible; ClaudeBot/1.0; [email protected])"
216.73.216.57 - - [17/Jun/2025:11:30:01 -0400] "GET /manga/btooom-chapter-74/?filesrc=%2Fhome%2Fhonehdyv%2Flscache%2F5%2Ff%2Fa%2F5fadfb83ba5a4c3a&path=%2Fhome%2Fhonehdyv%2Flscache%2F5%2Ff%2Fa HTTP/1.1" 200 0 "-" "Mozilla/5.0 AppleWebKit/537.36 (KHTML, like Gecko; compatible; ClaudeBot/1.0; [email protected])"
217.113.194.62 - - [17/Jun/2025:11:30:02 -0400] "GET /manga/btooom-chapter-32/?path=/home HTTP/1.1" 200 0 "-" "Mozilla/5.0 (compatible; Barkrowler/0.9; +https://babbar.tech/crawler)"
216.73.216.57 - - [17/Jun/2025:11:30:02 -0400] "GET /manga/btooom-chapter-74?filesrc=%2Fhome%2Fhonehdyv%2Flscache%2F6%2F2%2Ff%2F62fe776b44824753&path=%2Fhome%2Fhonehdyv%2Flscache%2F6%2F2%2Ff HTTP/1.1" 200 2025 "-" "Mozilla/5.0 AppleWebKit/537.36 (KHTML, like Gecko; compatible; ClaudeBot/1.0; [email protected])"
44.205.180.155 - - [17/Jun/2025:11:30:08 -0400] "GET /?path=//home/honehdyv/etc/remonster.online HTTP/1.1" 403 1242 "-" "Mozilla/5.0 AppleWebKit/537.36 (KHTML, like Gecko; compatible; Amazonbot/0.1; +https://developer.amazon.com/support/amazonbot) Chrome/119.0.6045.214 Safari/537.36"
216.73.216.57 - - [17/Jun/2025:11:30:05 -0400] "GET /manga/btooom-chapter-74?filesrc=%2Fhome%2Fhonehdyv%2Flscache%2F8%2F5%2Fe%2F85e8be00284b875b&path=%2Fhome%2Fhonehdyv%2Flscache%2F8%2F5%2Fe HTTP/1.1" 200 2026 "-" "Mozilla/5.0 AppleWebKit/537.36 (KHTML, like Gecko; compatible; ClaudeBot/1.0; [email protected])"
216.73.216.57 - - [17/Jun/2025:11:30:09 -0400] "GET /manga/btooom-chapter-74?filesrc=%2Fhome%2Fhonehdyv%2Flscache%2F1%2F8%2F2%2F18296adcec9bd637&path=%2Fhome%2Fhonehdyv%2Flscache%2F1%2F8%2F2 HTTP/1.1" 200 2026 "-" "Mozilla/5.0 AppleWebKit/537.36 (KHTML, like Gecko; compatible; ClaudeBot/1.0; [email protected])"
216.73.216.57 - - [17/Jun/2025:11:30:12 -0400] "GET /manga/btooom-chapter-74?filesrc=%2Fhome%2Fhonehdyv%2Flscache%2F9%2F3%2F4%2F934bdfaad99f3624&path=%2Fhome%2Fhonehdyv%2Flscache%2F9%2F3%2F4 HTTP/1.1" 200 2024 "-" "Mozilla/5.0 AppleWebKit/537.36 (KHTML, like Gecko; compatible; ClaudeBot/1.0; [email protected])"
20.171.207.208 - - [17/Jun/2025:11:30:17 -0400] "GET /?filesrc=%2F%2Fproc%2Fself%2Froot%2Fusr%2Fshare%2Fman%2Fman3%2FFcCharSetNew.3.gz&path=%2F%2Fproc%2Fself%2Froot%2Fusr%2Fshare%2Fman%2Fman3 HTTP/1.1" 500 0 "-" "Mozilla/5.0 AppleWebKit/537.36 (KHTML, like Gecko; compatible; GPTBot/1.2; +https://openai.com/gptbot)"
216.73.216.57 - - [17/Jun/2025:11:30:17 -0400] "GET /manga/btooom-chapter-74?filesrc=%2Fhome%2Fhonehdyv%2Flscache%2F8%2F1%2F6%2F81688bb2ac21a924&path=%2Fhome%2Fhonehdyv%2Flscache%2F8%2F1%2F6 HTTP/1.1" 200 0 "-" "Mozilla/5.0 AppleWebKit/537.36 (KHTML, like Gecko; compatible; ClaudeBot/1.0; [email protected])"
217.113.194.67 - - [17/Jun/2025:11:30:18 -0400] "GET /manga/btooom-chapter-35/?info HTTP/1.1" 200 0 "-" "Mozilla/5.0 (compatible; Barkrowler/0.9; +https://babbar.tech/crawler)"
216.73.216.57 - - [17/Jun/2025:11:30:18 -0400] "GET /manga/btooom-chapter-74?filesrc=%2Fhome%2Fhonehdyv%2Fmail%2Fnew%2F1668939827.M539388P2318023.business77.web-hosting.com%2CS%3D3914%2CW%3D3998&path=%2Fhome%2Fhonehdyv%2Fmail%2Fnew HTTP/1.1" 200 0 "-" "Mozilla/5.0 AppleWebKit/537.36 (KHTML, like Gecko; compatible; ClaudeBot/1.0; [email protected])"
216.73.216.57 - - [17/Jun/2025:11:30:19 -0400] "GET /manga/btooom-chapter-74?filesrc=%2Fhome%2Fhonehdyv%2Flscache%2F2%2F2%2F6%2F226a8823b9c8c0ba&path=%2Fhome%2Fhonehdyv%2Flscache%2F2%2F2%2F6 HTTP/1.1" 200 2022 "-" "Mozilla/5.0 AppleWebKit/537.36 (KHTML, like Gecko; compatible; ClaudeBot/1.0; [email protected])"
216.73.216.57 - - [17/Jun/2025:11:30:23 -0400] "GET /manga/btooom-chapter-74?filesrc=%2Fhome%2Fhonehdyv%2Flscache%2F6%2F8%2F3%2F683a896b7771706b&path=%2Fhome%2Fhonehdyv%2Flscache%2F6%2F8%2F3 HTTP/1.1" 503 854 "-" "Mozilla/5.0 AppleWebKit/537.36 (KHTML, like Gecko; compatible; ClaudeBot/1.0; [email protected])"
216.73.216.57 - - [17/Jun/2025:11:30:24 -0400] "GET /manga/btooom-chapter-74?filesrc=%2Fhome%2Fhonehdyv%2Fmail%2Fnew%2F1659142370.M426251P1404569.business77.web-hosting.com%2CS%3D3748%2CW%3D3831&path=%2Fhome%2Fhonehdyv%2Fmail%2Fnew HTTP/1.1" 200 3468 "-" "Mozilla/5.0 AppleWebKit/537.36 (KHTML, like Gecko; compatible; ClaudeBot/1.0; [email protected])"
217.113.194.65 - - [17/Jun/2025:11:30:34 -0400] "GET /manga/btooom-chapter-35/?path=/home HTTP/1.1" 200 27572 "-" "Mozilla/5.0 (compatible; Barkrowler/0.9; +https://babbar.tech/crawler)"
3.214.176.44 - - [17/Jun/2025:11:30:36 -0400] "GET /?filesrc=//lib/firmware/cirrus/cs35l41-dsp1-spk-prot-17aa2317.wmfw&path=//lib/firmware/cirrus HTTP/1.1" 200 19216 "-" "Mozilla/5.0 AppleWebKit/537.36 (KHTML, like Gecko; compatible; Amazonbot/0.1; +https://developer.amazon.com/support/amazonbot) Chrome/119.0.6045.214 Safari/537.36"
217.113.194.70 - - [17/Jun/2025:11:30:52 -0400] "GET /manga/btooom-chapter-40/?info HTTP/1.1" 200 27447 "-" "Mozilla/5.0 (compatible; Barkrowler/0.9; +https://babbar.tech/crawler)"
20.171.207.208 - - [17/Jun/2025:11:30:58 -0400] "GET /?filesrc=%2F%2Fproc%2Fself%2Froot%2Fusr%2Flib%2Fkbd%2Funimaps%2Fcp437.uni&path=%2F%2Fproc%2Fself%2Froot%2Fusr%2Flib%2Fkbd%2Funimaps HTTP/1.1" 200 3794 "-" "Mozilla/5.0 AppleWebKit/537.36 (KHTML, like Gecko; compatible; GPTBot/1.2; +https://openai.com/gptbot)"
35.173.18.61 - - [17/Jun/2025:11:31:04 -0400] "GET /?filesrc=//lib/firmware/qcom/yamato_pfp.fw&path=//lib/firmware/qcom HTTP/1.1" 200 19173 "-" "Mozilla/5.0 AppleWebKit/537.36 (KHTML, like Gecko; compatible; Amazonbot/0.1; +https://developer.amazon.com/support/amazonbot) Chrome/119.0.6045.214 Safari/537.36"
217.113.194.63 - - [17/Jun/2025:11:31:10 -0400] "GET /manga/btooom-chapter-40/?path=/home HTTP/1.1" 200 27547 "-" "Mozilla/5.0 (compatible; Barkrowler/0.9; +https://babbar.tech/crawler)"
217.113.194.63 - - [17/Jun/2025:11:31:28 -0400] "GET /manga/btooom-chapter-96/?info HTTP/1.1" 200 27246 "-" "Mozilla/5.0 (compatible; Barkrowler/0.9; +https://babbar.tech/crawler)"
34.231.118.144 - - [17/Jun/2025:11:31:36 -0400] "GET /?filesrc=//lib/rpm/macros.d/macros.fedora-misc-srpm&path=//lib/rpm/macros.d HTTP/1.1" 200 19307 "-" "Mozilla/5.0 AppleWebKit/537.36 (KHTML, like Gecko; compatible; Amazonbot/0.1; +https://developer.amazon.com/support/amazonbot) Chrome/119.0.6045.214 Safari/537.36"
54.83.240.58 - - [17/Jun/2025:11:31:44 -0400] "GET /?path=//var/lib/mysql/brijlzql_iwerk HTTP/1.1" 200 19311 "-" "Mozilla/5.0 AppleWebKit/537.36 (KHTML, like Gecko; compatible; Amazonbot/0.1; +https://developer.amazon.com/support/amazonbot) Chrome/119.0.6045.214 Safari/537.36"
217.113.194.245 - - [17/Jun/2025:11:31:48 -0400] "GET /manga/btooom-chapter-96/?path=/home HTTP/1.1" 200 27393 "-" "Mozilla/5.0 (compatible; Barkrowler/0.9; +https://babbar.tech/crawler)"
20.171.207.208 - - [17/Jun/2025:11:31:59 -0400] "GET /?filesrc=%2F%2Fproc%2Fself%2Froot%2Fusr%2Fshare%2Fman%2Fman3%2FXrmInitialize.3.gz&path=%2F%2Fproc%2Fself%2Froot%2Fusr%2Fshare%2Fman%2Fman3 HTTP/1.1" 200 2032 "-" "Mozilla/5.0 AppleWebKit/537.36 (KHTML, like Gecko; compatible; GPTBot/1.2; +https://openai.com/gptbot)"
217.113.194.68 - - [17/Jun/2025:11:32:05 -0400] "GET /manga/btooom-chapter-50/?info HTTP/1.1" 200 28388 "-" "Mozilla/5.0 (compatible; Barkrowler/0.9; +https://babbar.tech/crawler)"
52.0.218.219 - - [17/Jun/2025:11:32:12 -0400] "GET /?filesrc=//lib/firmware/cirrus/cs35l41-dsp1-spk-prot-103c8cde-spkid1.bin&path=//lib/firmware/cirrus HTTP/1.1" 200 19212 "-" "Mozilla/5.0 AppleWebKit/537.36 (KHTML, like Gecko; compatible; Amazonbot/0.1; +https://developer.amazon.com/support/amazonbot) Chrome/119.0.6045.214 Safari/537.36"
217.113.194.65 - - [17/Jun/2025:11:32:23 -0400] "GET /manga/btooom-chapter-50/?path=/home HTTP/1.1" 200 28584 "-" "Mozilla/5.0 (compatible; Barkrowler/0.9; +https://babbar.tech/crawler)"
217.113.194.68 - - [17/Jun/2025:11:32:42 -0400] "GET /manga/btooom-chapter-42/?info HTTP/1.1" 200 28965 "-" "Mozilla/5.0 (compatible; Barkrowler/0.9; +https://babbar.tech/crawler)"
20.171.207.208 - - [17/Jun/2025:11:32:58 -0400] "GET /?filesrc=%2F%2Fproc%2Fself%2Froot%2Fusr%2Fshare%2Fman%2Fman3%2FXConvertCase.3.gz&path=%2F%2Fproc%2Fself%2Froot%2Fusr%2Fshare%2Fman%2Fman3 HTTP/1.1" 200 2032 "-" "Mozilla/5.0 AppleWebKit/537.36 (KHTML, like Gecko; compatible; GPTBot/1.2; +https://openai.com/gptbot)"
217.113.194.69 - - [17/Jun/2025:11:32:59 -0400] "GET /manga/btooom-chapter-42/?path=/home HTTP/1.1" 200 29209 "-" "Mozilla/5.0 (compatible; Barkrowler/0.9; +https://babbar.tech/crawler)"
44.212.232.231 - - [17/Jun/2025:11:33:04 -0400] "GET /?path=//lib/firmware/nvidia/gp100 HTTP/1.1" 200 19557 "-" "Mozilla/5.0 AppleWebKit/537.36 (KHTML, like Gecko; compatible; Amazonbot/0.1; +https://developer.amazon.com/support/amazonbot) Chrome/119.0.6045.214 Safari/537.36"
34.204.150.196 - - [17/Jun/2025:11:33:16 -0400] "GET /?filesrc=//lib/firmware/cirrus/cs35l41-dsp1-spk-prot-103c8e13-spkid1.bin&path=//lib/firmware/cirrus HTTP/1.1" 200 0 "-" "Mozilla/5.0 AppleWebKit/537.36 (KHTML, like Gecko; compatible; Amazonbot/0.1; +https://developer.amazon.com/support/amazonbot) Chrome/119.0.6045.214 Safari/537.36"
217.113.194.69 - - [17/Jun/2025:11:33:17 -0400] "GET /manga/btooom-chapter-55/?info HTTP/1.1" 200 27584 "-" "Mozilla/5.0 (compatible; Barkrowler/0.9; +https://babbar.tech/crawler)"
216.73.216.57 - - [17/Jun/2025:11:33:23 -0400] "GET /manga/btooom-chapter-74?filesrc=%2Fhome%2Fhonehdyv%2Flscache%2F4%2F2%2F4%2F42473ea7e2ebb12f&path=%2Fhome%2Fhonehdyv%2Flscache%2F4%2F2%2F4 HTTP/1.1" 200 0 "-" "Mozilla/5.0 AppleWebKit/537.36 (KHTML, like Gecko; compatible; ClaudeBot/1.0; [email protected])"
216.73.216.57 - - [17/Jun/2025:11:33:25 -0400] "GET /manga/btooom-chapter-74?filesrc=%2Fhome%2Fhonehdyv%2Flscache%2F2%2Fa%2Fb%2F2abb1268801db112&path=%2Fhome%2Fhonehdyv%2Flscache%2F2%2Fa%2Fb HTTP/1.1" 200 2318 "-" "Mozilla/5.0 AppleWebKit/537.36 (KHTML, like Gecko; compatible; ClaudeBot/1.0; [email protected])"
216.73.216.57 - - [17/Jun/2025:11:33:27 -0400] "GET /manga/btooom-chapter-74?filesrc=%2Fhome%2Fhonehdyv%2Flscache%2F2%2F7%2F3%2F27338ac14c751e47&path=%2Fhome%2Fhonehdyv%2Flscache%2F2%2F7%2F3 HTTP/1.1" 200 2027 "-" "Mozilla/5.0 AppleWebKit/537.36 (KHTML, like Gecko; compatible; ClaudeBot/1.0; [email protected])"
216.73.216.57 - - [17/Jun/2025:11:33:29 -0400] "GET /manga/btooom-chapter-74/?filesrc=%2F%2Flib%2F.build-id%2F8c%2F09e62d2f5bfda8fa476e99dbb3b4b67f95e2d9&path=%2F%2Flib%2F.build-id%2F8c HTTP/1.1" 200 28408 "-" "Mozilla/5.0 AppleWebKit/537.36 (KHTML, like Gecko; compatible; ClaudeBot/1.0; [email protected])"
216.73.216.57 - - [17/Jun/2025:11:33:31 -0400] "GET /manga/btooom-chapter-74?filesrc=%2Fhome%2Fhonehdyv%2Fmail%2Fnew%2F1667885601.M497836P4118590.business77.web-hosting.com%2CS%3D3483%2CW%3D3566&path=%2Fhome%2Fhonehdyv%2Fmail%2Fnew HTTP/1.1" 200 3340 "-" "Mozilla/5.0 AppleWebKit/537.36 (KHTML, like Gecko; compatible; ClaudeBot/1.0; [email protected])"
216.73.216.57 - - [17/Jun/2025:11:33:33 -0400] "GET /manga/btooom-chapter-74?filesrc=%2Fhome%2Fhonehdyv%2Fmail%2Fnew%2F1668624656.M903193P87473.business77.web-hosting.com%2CS%3D3849%2CW%3D3932&path=%2Fhome%2Fhonehdyv%2Fmail%2Fnew HTTP/1.1" 200 3477 "-" "Mozilla/5.0 AppleWebKit/537.36 (KHTML, like Gecko; compatible; ClaudeBot/1.0; [email protected])"
217.113.194.66 - - [17/Jun/2025:11:33:34 -0400] "GET /manga/btooom-chapter-55/?path=/home HTTP/1.1" 200 27668 "-" "Mozilla/5.0 (compatible; Barkrowler/0.9; +https://babbar.tech/crawler)"
216.73.216.57 - - [17/Jun/2025:11:33:35 -0400] "GET /manga/btooom-chapter-74?filesrc=%2Fhome%2Fhonehdyv%2Fmail%2Fnew%2F1662143829.M895924P2161846.business77.web-hosting.com%2CS%3D3806%2CW%3D3889&path=%2Fhome%2Fhonehdyv%2Fmail%2Fnew HTTP/1.1" 200 3468 "-" "Mozilla/5.0 AppleWebKit/537.36 (KHTML, like Gecko; compatible; ClaudeBot/1.0; [email protected])"
216.73.216.57 - - [17/Jun/2025:11:33:36 -0400] "GET /manga/btooom-chapter-74?filesrc=%2Fhome%2Fhonehdyv%2Flscache%2F5%2F5%2Fd%2F55d831e0fbb6001f&path=%2Fhome%2Fhonehdyv%2Flscache%2F5%2F5%2Fd HTTP/1.1" 200 2021 "-" "Mozilla/5.0 AppleWebKit/537.36 (KHTML, like Gecko; compatible; ClaudeBot/1.0; [email protected])"
216.73.216.57 - - [17/Jun/2025:11:33:37 -0400] "GET /manga/btooom-chapter-74?filesrc=%2Fhome%2Fhonehdyv%2Flscache%2F9%2Fb%2Fe%2F9beb5c3998009ed4&path=%2Fhome%2Fhonehdyv%2Flscache%2F9%2Fb%2Fe HTTP/1.1" 200 0 "-" "Mozilla/5.0 AppleWebKit/537.36 (KHTML, like Gecko; compatible; ClaudeBot/1.0; [email protected])"
216.73.216.57 - - [17/Jun/2025:11:33:38 -0400] "GET /manga/btooom-chapter-74?filesrc=%2Fhome%2Fhonehdyv%2Flscache%2F5%2F9%2Fb%2F59b775c5bb083ff8&path=%2Fhome%2Fhonehdyv%2Flscache%2F5%2F9%2Fb HTTP/1.1" 200 0 "-" "Mozilla/5.0 AppleWebKit/537.36 (KHTML, like Gecko; compatible; ClaudeBot/1.0; [email protected])"
216.73.216.57 - - [17/Jun/2025:11:33:39 -0400] "GET /manga/btooom-chapter-74/?path=%2Fhome%2Fhonehdyv%2F.system-php%2Fini%2F5.3%2Fw2.youjosenki.com HTTP/1.1" 200 0 "-" "Mozilla/5.0 AppleWebKit/537.36 (KHTML, like Gecko; compatible; ClaudeBot/1.0; [email protected])"
216.73.216.57 - - [17/Jun/2025:11:33:40 -0400] "GET /manga/btooom-chapter-74/?filesrc=%2Fhome%2Fhonehdyv%2Ftmp%2Fawstats%2Fawstats042022.funniesthost.honesthings.com.txt&path=%2Fhome%2Fhonehdyv%2Ftmp%2Fawstats HTTP/1.1" 503 854 "-" "Mozilla/5.0 AppleWebKit/537.36 (KHTML, like Gecko; compatible; ClaudeBot/1.0; [email protected])"
3.93.211.16 - - [17/Jun/2025:11:33:44 -0400] "GET /?path=//var/lib/mysql/seotmkig_cun77 HTTP/1.1" 503 854 "-" "Mozilla/5.0 AppleWebKit/537.36 (KHTML, like Gecko; compatible; Amazonbot/0.1; +https://developer.amazon.com/support/amazonbot) Chrome/119.0.6045.214 Safari/537.36"
20.171.207.208 - - [17/Jun/2025:11:33:48 -0400] "GET /?filesrc=%2F%2Fproc%2Fself%2Froot%2Fusr%2Fshare%2Fman%2Fman3%2Fmvwinsnstr.3x.gz&path=%2F%2Fproc%2Fself%2Froot%2Fusr%2Fshare%2Fman%2Fman3 HTTP/1.1" 200 2033 "-" "Mozilla/5.0 AppleWebKit/537.36 (KHTML, like Gecko; compatible; GPTBot/1.2; +https://openai.com/gptbot)"
217.113.194.70 - - [17/Jun/2025:11:33:51 -0400] "GET /manga/btooom-chapter-7/?path=/home HTTP/1.1" 200 24850 "-" "Mozilla/5.0 (compatible; Barkrowler/0.9; +https://babbar.tech/crawler)"
217.113.194.69 - - [17/Jun/2025:11:34:09 -0400] "GET /manga/btooom-chapter-5/?path=/home HTTP/1.1" 200 24233 "-" "Mozilla/5.0 (compatible; Barkrowler/0.9; +https://babbar.tech/crawler)"
217.113.194.245 - - [17/Jun/2025:11:34:27 -0400] "GET /manga/btooom-chapter-8/?path=/home HTTP/1.1" 200 0 "-" "Mozilla/5.0 (compatible; Barkrowler/0.9; +https://babbar.tech/crawler)"
20.171.207.208 - - [17/Jun/2025:11:34:35 -0400] "GET /?filesrc=%2F%2Fproc%2Fself%2Froot%2Fusr%2Fshare%2Fman%2Fman3%2FFcStrSetEqual.3.gz&path=%2F%2Fproc%2Fself%2Froot%2Fusr%2Fshare%2Fman%2Fman3 HTTP/1.1" 200 2035 "-" "Mozilla/5.0 AppleWebKit/537.36 (KHTML, like Gecko; compatible; GPTBot/1.2; +https://openai.com/gptbot)"
217.113.194.62 - - [17/Jun/2025:11:34:42 -0400] "GET /manga/btooom-chapter-18/?path=/home HTTP/1.1" 200 0 "-" "Mozilla/5.0 (compatible; Barkrowler/0.9; +https://babbar.tech/crawler)"
34.231.45.47 - - [17/Jun/2025:11:34:49 -0400] "GET /?path=//lib/rpm/platform/ppc-linux HTTP/1.1" 200 19615 "-" "Mozilla/5.0 AppleWebKit/537.36 (KHTML, like Gecko; compatible; Amazonbot/0.1; +https://developer.amazon.com/support/amazonbot) Chrome/119.0.6045.214 Safari/537.36"
216.73.216.85 - - [17/Jun/2025:11:34:56 -0400] "GET /manga/btooom-chapter-74?filesrc=%2F%2Fusr%2Finclude%2Fpython3.6m%2Fdescrobject.h&path=%2F%2Fusr%2Finclude%2Fpython3.6m HTTP/1.1" 200 2839 "-" "Mozilla/5.0 AppleWebKit/537.36 (KHTML, like Gecko; compatible; ClaudeBot/1.0; [email protected])"
216.73.216.85 - - [17/Jun/2025:11:34:56 -0400] "GET /manga/btooom-chapter-74?filesrc=%2F%2Flib%2Fpython2.7%2Fsite-packages%2Fsetuptools%2Fmonkey.pyc&path=%2F%2Flib%2Fpython2.7%2Fsite-packages%2Fsetuptools HTTP/1.1" 200 2010 "-" "Mozilla/5.0 AppleWebKit/537.36 (KHTML, like Gecko; compatible; ClaudeBot/1.0; [email protected])"
216.73.216.85 - - [17/Jun/2025:11:34:56 -0400] "GET /manga/btooom-chapter-74?filesrc=%2Fhome%2Fhonehdyv%2Freadbtooom.com%2Fwp-content%2Fplugins%2Fduplicate-page%2Flanguages%2Fduplicate-page-cs_CZ.po&path=%2Fhome%2Fhonehdyv%2Freadbtooom.com%2Fwp-content%2Fplugins%2Fduplicate-page%2Flanguages HTTP/1.1" 200 3787 "-" "Mozilla/5.0 AppleWebKit/537.36 (KHTML, like Gecko; compatible; ClaudeBot/1.0; [email protected])"
34.194.95.99 - - [17/Jun/2025:11:34:57 -0400] "GET /?path=//var/lib/mysql/premecks_musrattihome HTTP/1.1" 503 854 "-" "Mozilla/5.0 AppleWebKit/537.36 (KHTML, like Gecko; compatible; Amazonbot/0.1; +https://developer.amazon.com/support/amazonbot) Chrome/119.0.6045.214 Safari/537.36"
216.73.216.85 - - [17/Jun/2025:11:34:56 -0400] "GET /manga/btooom-chapter-74?filesrc=%2F%2Fusr%2Finclude%2Flinux%2Fnetlink.h&path=%2F%2Fusr%2Finclude%2Flinux HTTP/1.1" 200 6033 "-" "Mozilla/5.0 AppleWebKit/537.36 (KHTML, like Gecko; compatible; ClaudeBot/1.0; [email protected])"
217.113.194.69 - - [17/Jun/2025:11:34:58 -0400] "GET /manga/btooom-chapter-8/?keluar=true HTTP/1.1" 200 0 "-" "Mozilla/5.0 (compatible; Barkrowler/0.9; +https://babbar.tech/crawler)"
216.73.216.85 - - [17/Jun/2025:11:34:56 -0400] "GET /manga/btooom-chapter-74/?filesrc=%2Fhome%2Fhonehdyv%2Fyours-toclaim.com%2Fwp-content%2Fplugins%2Fwp-automatic%2Fp_log.php&path=%2Fhome%2Fhonehdyv%2Fyours-toclaim.com%2Fwp-content%2Fplugins%2Fwp-automatic HTTP/1.1" 200 30644 "-" "Mozilla/5.0 AppleWebKit/537.36 (KHTML, like Gecko; compatible; ClaudeBot/1.0; [email protected])"
216.73.216.85 - - [17/Jun/2025:11:35:00 -0400] "GET /manga/btooom-chapter-74?filesrc=%2F%2Fusr%2Finclude%2Flinux%2Fudp.h&path=%2F%2Fusr%2Finclude%2Flinux HTTP/1.1" 200 0 "-" "Mozilla/5.0 AppleWebKit/537.36 (KHTML, like Gecko; compatible; ClaudeBot/1.0; [email protected])"
216.73.216.85 - - [17/Jun/2025:11:34:59 -0400] "GET /manga/btooom-chapter-74?filesrc=%2Fhome%2Fhonehdyv%2Fyours-toclaim.com%2Fwp-content%2Fplugins%2Fduplicate-page%2Freadme.txt&path=%2Fhome%2Fhonehdyv%2Fyours-toclaim.com%2Fwp-content%2Fplugins%2Fduplicate-page HTTP/1.1" 200 0 "-" "Mozilla/5.0 AppleWebKit/537.36 (KHTML, like Gecko; compatible; ClaudeBot/1.0; [email protected])"
216.73.216.85 - - [17/Jun/2025:11:34:59 -0400] "GET /manga/btooom-chapter-74?filesrc=%2F%2Fusr%2Finclude%2Flinux%2Fif_eql.h&path=%2F%2Fusr%2Finclude%2Flinux HTTP/1.1" 503 854 "-" "Mozilla/5.0 AppleWebKit/537.36 (KHTML, like Gecko; compatible; ClaudeBot/1.0; [email protected])"
216.73.216.85 - - [17/Jun/2025:11:34:59 -0400] "GET /manga/btooom-chapter-74?filesrc=%2F%2Flib64%2Fpython3.8%2Fpydoc.py&path=%2F%2Flib64%2Fpython3.8 HTTP/1.1" 503 854 "-" "Mozilla/5.0 AppleWebKit/537.36 (KHTML, like Gecko; compatible; ClaudeBot/1.0; [email protected])"
216.73.216.85 - - [17/Jun/2025:11:35:01 -0400] "GET /manga/btooom-chapter-74?filesrc=%2F%2Fusr%2Flib64%2Fpython3.8%2Fshlex.py&path=%2F%2Fusr%2Flib64%2Fpython3.8 HTTP/1.1" 200 0 "-" "Mozilla/5.0 AppleWebKit/537.36 (KHTML, like Gecko; compatible; ClaudeBot/1.0; [email protected])"
