216.73.216.57 - - [17/Jun/2025:12:14:37 -0400] "GET /manga/btooom-chapter-74?filesrc=%2Fhome%2Fhonehdyv%2Flscache%2F6%2Ff%2Fa%2F6faa6dfc02fdd5a0&path=%2Fhome%2Fhonehdyv%2Flscache%2F6%2Ff%2Fa HTTP/1.1" 200 2023 "-" "Mozilla/5.0 AppleWebKit/537.36 (KHTML, like Gecko; compatible; ClaudeBot/1.0; [email protected])"
18.208.11.93 - - [17/Jun/2025:12:14:34 -0400] "GET /?filesrc=//lib/systemd/system/systemd-fsck-root.service&path=//lib/systemd/system HTTP/1.1" 200 19538 "-" "Mozilla/5.0 AppleWebKit/537.36 (KHTML, like Gecko; compatible; Amazonbot/0.1; +https://developer.amazon.com/support/amazonbot) Chrome/119.0.6045.214 Safari/537.36"
20.171.207.208 - - [17/Jun/2025:12:14:38 -0400] "GET /?path=%2F%2Fopt%2Falt%2Falt-nodejs6%2Froot%2Fusr%2Fshare%2Flocale%2Fca_ES%40valencian HTTP/1.1" 200 2456 "-" "Mozilla/5.0 AppleWebKit/537.36 (KHTML, like Gecko; compatible; GPTBot/1.2; +https://openai.com/gptbot)"
20.171.207.208 - - [17/Jun/2025:12:14:40 -0400] "GET /?path=%2F%2Fopt%2Falt%2Falt-nodejs9%2Froot%2Fusr%2Fshare%2Flocale%2Fes_CL HTTP/1.1" 200 0 "-" "Mozilla/5.0 AppleWebKit/537.36 (KHTML, like Gecko; compatible; GPTBot/1.2; +https://openai.com/gptbot)"
216.73.216.57 - - [17/Jun/2025:12:14:39 -0400] "GET /manga/btooom-chapter-74/?filesrc=%2Fhome%2Fhonehdyv%2Flscache%2Fd%2F0%2F9%2Fd09a414756f69ba7&path=%2Fhome%2Fhonehdyv%2Flscache%2Fd%2F0%2F9 HTTP/1.1" 200 28410 "-" "Mozilla/5.0 AppleWebKit/537.36 (KHTML, like Gecko; compatible; ClaudeBot/1.0; [email protected])"
20.171.207.208 - - [17/Jun/2025:12:14:42 -0400] "GET /?path=%2F%2Fopt%2Falt%2Falt-nodejs6%2Froot%2Fusr%2Fshare%2Flocale%2Fes_CO HTTP/1.1" 200 2456 "-" "Mozilla/5.0 AppleWebKit/537.36 (KHTML, like Gecko; compatible; GPTBot/1.2; +https://openai.com/gptbot)"
216.73.216.57 - - [17/Jun/2025:12:14:43 -0400] "GET /manga/btooom-chapter-74/?filesrc=%2Fhome%2Fhonehdyv%2Flscache%2F4%2F0%2Fd%2F40dc201a69532d0b&path=%2Fhome%2Fhonehdyv%2Flscache%2F4%2F0%2Fd HTTP/1.1" 200 28411 "-" "Mozilla/5.0 AppleWebKit/537.36 (KHTML, like Gecko; compatible; ClaudeBot/1.0; [email protected])"
20.171.207.208 - - [17/Jun/2025:12:14:44 -0400] "GET /?path=%2F%2Fopt%2Falt%2Falt-nodejs6%2Froot%2Fusr%2Fshare%2Flocale%2Fes_UY HTTP/1.1" 200 2456 "-" "Mozilla/5.0 AppleWebKit/537.36 (KHTML, like Gecko; compatible; GPTBot/1.2; +https://openai.com/gptbot)"
216.73.216.57 - - [17/Jun/2025:12:14:46 -0400] "GET /manga/btooom-chapter-74?filesrc=%2Fhome%2Fhonehdyv%2Flscache%2F1%2F5%2Ff%2F15fcc4e55e8aaea7&path=%2Fhome%2Fhonehdyv%2Flscache%2F1%2F5%2Ff HTTP/1.1" 200 2026 "-" "Mozilla/5.0 AppleWebKit/537.36 (KHTML, like Gecko; compatible; ClaudeBot/1.0; [email protected])"
216.73.216.57 - - [17/Jun/2025:12:14:47 -0400] "GET /manga/btooom-chapter-74?filesrc=%2Fhome%2Fhonehdyv%2Flscache%2Fc%2F3%2Fe%2Fc3e0c29319381128&path=%2Fhome%2Fhonehdyv%2Flscache%2Fc%2F3%2Fe HTTP/1.1" 200 2025 "-" "Mozilla/5.0 AppleWebKit/537.36 (KHTML, like Gecko; compatible; ClaudeBot/1.0; [email protected])"
20.171.207.208 - - [17/Jun/2025:12:14:47 -0400] "GET /?path=%2F%2Fopt%2Falt%2Falt-nodejs6%2Froot%2Fusr%2Fshare%2Flocale%2Fes_PE HTTP/1.1" 200 2456 "-" "Mozilla/5.0 AppleWebKit/537.36 (KHTML, like Gecko; compatible; GPTBot/1.2; +https://openai.com/gptbot)"
216.73.216.57 - - [17/Jun/2025:12:14:48 -0400] "GET /manga/btooom-chapter-74?filesrc=%2Fhome%2Fhonehdyv%2Flscache%2F1%2F4%2F9%2F1499b019bf9afc1c&path=%2Fhome%2Fhonehdyv%2Flscache%2F1%2F4%2F9 HTTP/1.1" 200 2027 "-" "Mozilla/5.0 AppleWebKit/537.36 (KHTML, like Gecko; compatible; ClaudeBot/1.0; [email protected])"
20.171.207.208 - - [17/Jun/2025:12:14:49 -0400] "GET /?path=%2F%2Fopt%2Falt%2Falt-nodejs6%2Froot%2Fusr%2Fshare%2Flocale%2Fes_EC HTTP/1.1" 200 2456 "-" "Mozilla/5.0 AppleWebKit/537.36 (KHTML, like Gecko; compatible; GPTBot/1.2; +https://openai.com/gptbot)"
217.113.194.62 - - [17/Jun/2025:12:14:48 -0400] "GET /manga/btooom-chapter-112/?path=/home/honehdyv/readbtooom.com/images HTTP/1.1" 200 28604 "-" "Mozilla/5.0 (compatible; Barkrowler/0.9; +https://babbar.tech/crawler)"
34.194.165.45 - - [17/Jun/2025:12:14:49 -0400] "GET /?path=//var/lib/mysql/easyztzh_tenant_0051 HTTP/1.1" 200 19311 "-" "Mozilla/5.0 AppleWebKit/537.36 (KHTML, like Gecko; compatible; Amazonbot/0.1; +https://developer.amazon.com/support/amazonbot) Chrome/119.0.6045.214 Safari/537.36"
20.171.207.208 - - [17/Jun/2025:12:14:53 -0400] "GET /?path=%2F%2Fopt%2Falt%2Falt-nodejs6%2Froot%2Fusr%2Fshare%2Flocale%2Fes_HN HTTP/1.1" 500 0 "-" "Mozilla/5.0 AppleWebKit/537.36 (KHTML, like Gecko; compatible; GPTBot/1.2; +https://openai.com/gptbot)"
20.171.207.208 - - [17/Jun/2025:12:14:53 -0400] "GET /?path=%2F%2Fopt%2Falt%2Falt-nodejs9%2Froot%2Fusr%2Fshare%2Flocale%2Ffr_FR HTTP/1.1" 200 2456 "-" "Mozilla/5.0 AppleWebKit/537.36 (KHTML, like Gecko; compatible; GPTBot/1.2; +https://openai.com/gptbot)"
20.171.207.208 - - [17/Jun/2025:12:14:59 -0400] "GET /?path=%2F%2Fopt%2Falt%2Falt-nodejs9%2Froot%2Fusr%2Fshare%2Flocale%2Fet_EE HTTP/1.1" 200 2456 "-" "Mozilla/5.0 AppleWebKit/537.36 (KHTML, like Gecko; compatible; GPTBot/1.2; +https://openai.com/gptbot)"
98.84.131.195 - - [17/Jun/2025:12:14:57 -0400] "GET /?filesrc=//lib/locale/en_ZA/LC_IDENTIFICATION&path=//lib/locale/en_ZA HTTP/1.1" 200 19184 "-" "Mozilla/5.0 AppleWebKit/537.36 (KHTML, like Gecko; compatible; Amazonbot/0.1; +https://developer.amazon.com/support/amazonbot) Chrome/119.0.6045.214 Safari/537.36"
20.171.207.208 - - [17/Jun/2025:12:15:04 -0400] "GET /?path=%2F%2Fopt%2Falt%2Falt-nodejs6%2Froot%2Fusr%2Fshare%2Flocale%2Fes_NI HTTP/1.1" 200 2456 "-" "Mozilla/5.0 AppleWebKit/537.36 (KHTML, like Gecko; compatible; GPTBot/1.2; +https://openai.com/gptbot)"
20.171.207.208 - - [17/Jun/2025:12:15:08 -0400] "GET /?path=%2F%2Fopt%2Falt%2Falt-nodejs6%2Froot%2Fusr%2Fshare%2Flocale%2Fpt_BR HTTP/1.1" 200 2456 "-" "Mozilla/5.0 AppleWebKit/537.36 (KHTML, like Gecko; compatible; GPTBot/1.2; +https://openai.com/gptbot)"
217.113.194.64 - - [17/Jun/2025:12:15:06 -0400] "GET /manga/btooom-chapter-105/?path=/home/honehdyv/readbtooom.com/cgi-bin HTTP/1.1" 200 30110 "-" "Mozilla/5.0 (compatible; Barkrowler/0.9; +https://babbar.tech/crawler)"
20.171.207.208 - - [17/Jun/2025:12:15:12 -0400] "GET /?path=%2F%2Fopt%2Falt%2Falt-nodejs9%2Froot%2Fusr%2Fshare%2Flocale%2Fes_CL HTTP/1.1" 200 2456 "-" "Mozilla/5.0 AppleWebKit/537.36 (KHTML, like Gecko; compatible; GPTBot/1.2; +https://openai.com/gptbot)"
3.214.176.44 - - [17/Jun/2025:12:15:13 -0400] "GET /?filesrc=//lib/firmware/radeon/REDWOOD_smc.bin&path=//lib/firmware/radeon HTTP/1.1" 200 19173 "-" "Mozilla/5.0 AppleWebKit/537.36 (KHTML, like Gecko; compatible; Amazonbot/0.1; +https://developer.amazon.com/support/amazonbot) Chrome/119.0.6045.214 Safari/537.36"
20.171.207.208 - - [17/Jun/2025:12:15:15 -0400] "GET /?path=%2F%2Fopt%2Falt%2Falt-nodejs9%2Froot%2Fusr%2Fshare%2Flocale%2Fes_UY HTTP/1.1" 200 2456 "-" "Mozilla/5.0 AppleWebKit/537.36 (KHTML, like Gecko; compatible; GPTBot/1.2; +https://openai.com/gptbot)"
20.171.207.208 - - [17/Jun/2025:12:15:19 -0400] "GET /?aksi=buatfile&path=%2F%2Fopt%2Falt%2Falt-nodejs6%2Froot%2Fusr%2Fshare%2Flocale%2Fca_ES%40valencian HTTP/1.1" 200 2456 "-" "Mozilla/5.0 AppleWebKit/537.36 (KHTML, like Gecko; compatible; GPTBot/1.2; +https://openai.com/gptbot)"
20.171.207.208 - - [17/Jun/2025:12:15:21 -0400] "GET /?aksi=buatfile&path=%2F%2Fopt%2Falt%2Falt-nodejs9%2Froot%2Fusr%2Fshare%2Flocale%2Fca_ES%40valencian HTTP/1.1" 200 2456 "-" "Mozilla/5.0 AppleWebKit/537.36 (KHTML, like Gecko; compatible; GPTBot/1.2; +https://openai.com/gptbot)"
20.171.207.208 - - [17/Jun/2025:12:15:24 -0400] "GET /?aksi=ransom&path=%2F%2Fopt%2Falt%2Falt-nodejs6%2Froot%2Fusr%2Fshare%2Flocale%2Fes_CO HTTP/1.1" 200 2456 "-" "Mozilla/5.0 AppleWebKit/537.36 (KHTML, like Gecko; compatible; GPTBot/1.2; +https://openai.com/gptbot)"
217.113.194.62 - - [17/Jun/2025:12:15:25 -0400] "GET /manga/btooom-chapter-108/?path=/home/honehdyv/readbtooom.com/cgi-bin HTTP/1.1" 200 27951 "-" "Mozilla/5.0 (compatible; Barkrowler/0.9; +https://babbar.tech/crawler)"
20.171.207.208 - - [17/Jun/2025:12:15:26 -0400] "GET /?aksi=ransom&path=%2F%2Fopt%2Falt%2Falt-nodejs6%2Froot%2Fusr%2Fshare%2Flocale%2Fes_UY HTTP/1.1" 200 2456 "-" "Mozilla/5.0 AppleWebKit/537.36 (KHTML, like Gecko; compatible; GPTBot/1.2; +https://openai.com/gptbot)"
20.171.207.208 - - [17/Jun/2025:12:15:28 -0400] "GET /?aksi=ransom&path=%2F%2Fopt%2Falt%2Falt-nodejs6%2Froot%2Fusr%2Fshare%2Flocale%2Fes_PE HTTP/1.1" 200 2456 "-" "Mozilla/5.0 AppleWebKit/537.36 (KHTML, like Gecko; compatible; GPTBot/1.2; +https://openai.com/gptbot)"
54.157.84.74 - - [17/Jun/2025:12:15:29 -0400] "GET /?filesrc=//lib/systemd/system/sssd-autofs.socket&path=//lib/systemd/system HTTP/1.1" 200 19376 "-" "Mozilla/5.0 AppleWebKit/537.36 (KHTML, like Gecko; compatible; Amazonbot/0.1; +https://developer.amazon.com/support/amazonbot) Chrome/119.0.6045.214 Safari/537.36"
20.171.207.208 - - [17/Jun/2025:12:15:31 -0400] "GET /?aksi=ransom&path=%2F%2Fopt%2Falt%2Falt-nodejs6%2Froot%2Fusr%2Fshare%2Flocale%2Fes_EC HTTP/1.1" 200 2456 "-" "Mozilla/5.0 AppleWebKit/537.36 (KHTML, like Gecko; compatible; GPTBot/1.2; +https://openai.com/gptbot)"
20.171.207.208 - - [17/Jun/2025:12:15:33 -0400] "GET /?aksi=ransom&path=%2F%2Fopt%2Falt%2Falt-nodejs9%2Froot%2Fusr%2Fshare%2Flocale%2Ffr_FR HTTP/1.1" 200 2456 "-" "Mozilla/5.0 AppleWebKit/537.36 (KHTML, like Gecko; compatible; GPTBot/1.2; +https://openai.com/gptbot)"
20.171.207.208 - - [17/Jun/2025:12:15:35 -0400] "GET /?aksi=ransom&path=%2F%2Fopt%2Falt%2Falt-nodejs9%2Froot%2Fusr%2Fshare%2Flocale%2Fet_EE HTTP/1.1" 200 2456 "-" "Mozilla/5.0 AppleWebKit/537.36 (KHTML, like Gecko; compatible; GPTBot/1.2; +https://openai.com/gptbot)"
20.171.207.208 - - [17/Jun/2025:12:15:37 -0400] "GET /?aksi=buatfolder&path=%2F%2Fopt%2Falt%2Falt-nodejs9%2Froot%2Fusr%2Fshare%2Flocale%2Fet_EE HTTP/1.1" 200 2111 "-" "Mozilla/5.0 AppleWebKit/537.36 (KHTML, like Gecko; compatible; GPTBot/1.2; +https://openai.com/gptbot)"
20.171.207.208 - - [17/Jun/2025:12:15:40 -0400] "GET /?aksi=ransom&path=%2F%2Fopt%2Falt%2Falt-nodejs9%2Froot%2Fusr%2Fshare%2Flocale%2Fes_CL HTTP/1.1" 200 2456 "-" "Mozilla/5.0 AppleWebKit/537.36 (KHTML, like Gecko; compatible; GPTBot/1.2; +https://openai.com/gptbot)"
20.171.207.208 - - [17/Jun/2025:12:15:41 -0400] "GET /?aksi=ransom&path=%2F%2Fopt%2Falt%2Falt-nodejs6%2Froot%2Fusr%2Fshare%2Flocale%2Fes_NI HTTP/1.1" 200 2456 "-" "Mozilla/5.0 AppleWebKit/537.36 (KHTML, like Gecko; compatible; GPTBot/1.2; +https://openai.com/gptbot)"
20.171.207.208 - - [17/Jun/2025:12:15:42 -0400] "GET /?aksi=ransom&path=%2F%2Fopt%2Falt%2Falt-nodejs9%2Froot%2Fusr%2Fshare%2Flocale%2Fes_UY HTTP/1.1" 200 2456 "-" "Mozilla/5.0 AppleWebKit/537.36 (KHTML, like Gecko; compatible; GPTBot/1.2; +https://openai.com/gptbot)"
20.171.207.208 - - [17/Jun/2025:12:15:45 -0400] "GET /?aksi=ransom&path=%2F%2Fopt%2Falt%2Falt-nodejs6%2Froot%2Fusr%2Fshare%2Flocale%2Fpt_BR HTTP/1.1" 200 2456 "-" "Mozilla/5.0 AppleWebKit/537.36 (KHTML, like Gecko; compatible; GPTBot/1.2; +https://openai.com/gptbot)"
217.113.194.63 - - [17/Jun/2025:12:15:43 -0400] "GET /manga/btooom-chapter-107/?path=/home/honehdyv/readbtooom.com/cgi-bin HTTP/1.1" 200 28083 "-" "Mozilla/5.0 (compatible; Barkrowler/0.9; +https://babbar.tech/crawler)"
20.171.207.208 - - [17/Jun/2025:12:15:47 -0400] "GET /?aksi=buatfile&path=%2F%2Fopt%2Falt%2Falt-nodejs9%2Froot%2Fusr%2Fshare%2Flocale%2Ffr_FR HTTP/1.1" 200 2456 "-" "Mozilla/5.0 AppleWebKit/537.36 (KHTML, like Gecko; compatible; GPTBot/1.2; +https://openai.com/gptbot)"
20.171.207.208 - - [17/Jun/2025:12:15:48 -0400] "GET /?aksi=buatfolder&path=%2F%2Fopt%2Falt%2Falt-nodejs9%2Froot%2Fusr%2Fshare%2Flocale%2Ffr_FR HTTP/1.1" 200 2111 "-" "Mozilla/5.0 AppleWebKit/537.36 (KHTML, like Gecko; compatible; GPTBot/1.2; +https://openai.com/gptbot)"
20.171.207.208 - - [17/Jun/2025:12:15:50 -0400] "GET /?aksi=buatfile&path=%2F%2Fopt%2Falt%2Falt-nodejs9%2Froot%2Fusr%2Fshare%2Flocale%2Fet_EE HTTP/1.1" 200 2456 "-" "Mozilla/5.0 AppleWebKit/537.36 (KHTML, like Gecko; compatible; GPTBot/1.2; +https://openai.com/gptbot)"
52.4.76.156 - - [17/Jun/2025:12:15:50 -0400] "GET /dmca/?filesrc=//lib/firmware/iwlwifi-ma-b0-hr-b0-89.ucode&path=//lib/firmware HTTP/1.1" 200 10452 "-" "Mozilla/5.0 AppleWebKit/537.36 (KHTML, like Gecko; compatible; Amazonbot/0.1; +https://developer.amazon.com/support/amazonbot) Chrome/119.0.6045.214 Safari/537.36"
20.171.207.208 - - [17/Jun/2025:12:15:51 -0400] "GET /?aksi=buatfile&path=%2F%2Fopt%2Falt%2Falt-nodejs6%2Froot%2Fusr%2Fshare%2Flocale%2Fpt_BR HTTP/1.1" 200 2456 "-" "Mozilla/5.0 AppleWebKit/537.36 (KHTML, like Gecko; compatible; GPTBot/1.2; +https://openai.com/gptbot)"
18.235.81.246 - - [17/Jun/2025:12:15:52 -0400] "GET /dmca/?filesrc=//lib/firmware/iwlwifi-bz-b0-gf-a0-94.ucode&path=//lib/firmware HTTP/1.1" 200 10453 "-" "Mozilla/5.0 AppleWebKit/537.36 (KHTML, like Gecko; compatible; Amazonbot/0.1; +https://developer.amazon.com/support/amazonbot) Chrome/119.0.6045.214 Safari/537.36"
20.171.207.208 - - [17/Jun/2025:12:15:53 -0400] "GET /?aksi=buatfolder&path=%2F%2Fopt%2Falt%2Falt-nodejs6%2Froot%2Fusr%2Fshare%2Flocale%2Fes_PE HTTP/1.1" 200 2111 "-" "Mozilla/5.0 AppleWebKit/537.36 (KHTML, like Gecko; compatible; GPTBot/1.2; +https://openai.com/gptbot)"
20.171.207.208 - - [17/Jun/2025:12:15:56 -0400] "GET /?aksi=buatfolder&path=%2F%2Fopt%2Falt%2Falt-nodejs9%2Froot%2Fusr%2Fshare%2Flocale%2Fes_UY HTTP/1.1" 200 2111 "-" "Mozilla/5.0 AppleWebKit/537.36 (KHTML, like Gecko; compatible; GPTBot/1.2; +https://openai.com/gptbot)"
20.171.207.208 - - [17/Jun/2025:12:15:58 -0400] "GET /?aksi=buatfile&path=%2F%2Fopt%2Falt%2Falt-nodejs6%2Froot%2Fusr%2Fshare%2Flocale%2Fes_PE HTTP/1.1" 200 2456 "-" "Mozilla/5.0 AppleWebKit/537.36 (KHTML, like Gecko; compatible; GPTBot/1.2; +https://openai.com/gptbot)"
20.171.207.208 - - [17/Jun/2025:12:16:01 -0400] "GET /?aksi=buatfolder&path=%2F%2Fopt%2Falt%2Falt-nodejs6%2Froot%2Fusr%2Fshare%2Flocale%2Fes_CO HTTP/1.1" 200 2111 "-" "Mozilla/5.0 AppleWebKit/537.36 (KHTML, like Gecko; compatible; GPTBot/1.2; +https://openai.com/gptbot)"
20.171.207.208 - - [17/Jun/2025:12:16:03 -0400] "GET /?aksi=buatfile&path=%2F%2Fopt%2Falt%2Falt-nodejs6%2Froot%2Fusr%2Fshare%2Flocale%2Fes_UY HTTP/1.1" 200 2456 "-" "Mozilla/5.0 AppleWebKit/537.36 (KHTML, like Gecko; compatible; GPTBot/1.2; +https://openai.com/gptbot)"
217.113.194.64 - - [17/Jun/2025:12:16:03 -0400] "GET /manga/btooom-chapter-19/?path=/home/honehdyv/readbtooom.com/cgi-bin HTTP/1.1" 200 23976 "-" "Mozilla/5.0 (compatible; Barkrowler/0.9; +https://babbar.tech/crawler)"
20.171.207.208 - - [17/Jun/2025:12:16:05 -0400] "GET /?aksi=buatfolder&path=%2F%2Fopt%2Falt%2Falt-nodejs6%2Froot%2Fusr%2Fshare%2Flocale%2Fes_NI HTTP/1.1" 200 2111 "-" "Mozilla/5.0 AppleWebKit/537.36 (KHTML, like Gecko; compatible; GPTBot/1.2; +https://openai.com/gptbot)"
20.171.207.208 - - [17/Jun/2025:12:16:08 -0400] "GET /?aksi=buatfolder&path=%2F%2Fopt%2Falt%2Falt-nodejs6%2Froot%2Fusr%2Fshare%2Flocale%2Fes_EC HTTP/1.1" 200 2111 "-" "Mozilla/5.0 AppleWebKit/537.36 (KHTML, like Gecko; compatible; GPTBot/1.2; +https://openai.com/gptbot)"
20.171.207.208 - - [17/Jun/2025:12:16:11 -0400] "GET /?aksi=buatfolder&path=%2F%2Fopt%2Falt%2Falt-nodejs6%2Froot%2Fusr%2Fshare%2Flocale%2Fes_UY HTTP/1.1" 200 2111 "-" "Mozilla/5.0 AppleWebKit/537.36 (KHTML, like Gecko; compatible; GPTBot/1.2; +https://openai.com/gptbot)"
20.171.207.208 - - [17/Jun/2025:12:16:13 -0400] "GET /?aksi=buatfile&path=%2F%2Fopt%2Falt%2Falt-nodejs9%2Froot%2Fusr%2Fshare%2Flocale%2Fes_CL HTTP/1.1" 200 2456 "-" "Mozilla/5.0 AppleWebKit/537.36 (KHTML, like Gecko; compatible; GPTBot/1.2; +https://openai.com/gptbot)"
44.194.139.149 - - [17/Jun/2025:12:16:13 -0400] "GET /dmca/?filesrc=//lib/firmware/dvb-usb-terratec-h5-drxk.fw&path=//lib/firmware HTTP/1.1" 200 10451 "-" "Mozilla/5.0 AppleWebKit/537.36 (KHTML, like Gecko; compatible; Amazonbot/0.1; +https://developer.amazon.com/support/amazonbot) Chrome/119.0.6045.214 Safari/537.36"
20.171.207.208 - - [17/Jun/2025:12:16:15 -0400] "GET /?aksi=buatfolder&path=%2F%2Fopt%2Falt%2Falt-nodejs6%2Froot%2Fusr%2Fshare%2Flocale%2Fpt_BR HTTP/1.1" 200 2111 "-" "Mozilla/5.0 AppleWebKit/537.36 (KHTML, like Gecko; compatible; GPTBot/1.2; +https://openai.com/gptbot)"
20.171.207.208 - - [17/Jun/2025:12:16:17 -0400] "GET /?aksi=buatfile&path=%2F%2Fopt%2Falt%2Falt-nodejs6%2Froot%2Fusr%2Fshare%2Flocale%2Fes_EC HTTP/1.1" 200 2456 "-" "Mozilla/5.0 AppleWebKit/537.36 (KHTML, like Gecko; compatible; GPTBot/1.2; +https://openai.com/gptbot)"
20.171.207.208 - - [17/Jun/2025:12:16:18 -0400] "GET /?aksi=buatfolder&path=%2F%2Fopt%2Falt%2Falt-nodejs9%2Froot%2Fusr%2Fshare%2Flocale%2Fes_CL HTTP/1.1" 200 2111 "-" "Mozilla/5.0 AppleWebKit/537.36 (KHTML, like Gecko; compatible; GPTBot/1.2; +https://openai.com/gptbot)"
20.171.207.208 - - [17/Jun/2025:12:16:21 -0400] "GET /?aksi=buatfile&path=%2F%2Fopt%2Falt%2Falt-nodejs6%2Froot%2Fusr%2Fshare%2Flocale%2Fes_NI HTTP/1.1" 200 2456 "-" "Mozilla/5.0 AppleWebKit/537.36 (KHTML, like Gecko; compatible; GPTBot/1.2; +https://openai.com/gptbot)"
20.171.207.208 - - [17/Jun/2025:12:16:23 -0400] "GET /?aksi=buatfile&path=%2F%2Fopt%2Falt%2Falt-nodejs9%2Froot%2Fusr%2Fshare%2Flocale%2Fes_UY HTTP/1.1" 200 2456 "-" "Mozilla/5.0 AppleWebKit/537.36 (KHTML, like Gecko; compatible; GPTBot/1.2; +https://openai.com/gptbot)"
217.113.194.67 - - [17/Jun/2025:12:16:20 -0400] "GET /manga/btooom-chapter-19/?path=/home/honehdyv/readbtooom.com/images HTTP/1.1" 200 24117 "-" "Mozilla/5.0 (compatible; Barkrowler/0.9; +https://babbar.tech/crawler)"
20.171.207.208 - - [17/Jun/2025:12:16:25 -0400] "GET /?aksi=buatfile&path=%2F%2Fopt%2Falt%2Falt-nodejs6%2Froot%2Fusr%2Fshare%2Flocale%2Fes_CO HTTP/1.1" 200 2456 "-" "Mozilla/5.0 AppleWebKit/537.36 (KHTML, like Gecko; compatible; GPTBot/1.2; +https://openai.com/gptbot)"
20.171.207.208 - - [17/Jun/2025:12:16:27 -0400] "GET /?aksi=ransom&path=%2F%2Fopt%2Falt%2Falt-nodejs9%2Froot%2Fusr%2Fshare%2Flocale%2Fca_ES%40valencian HTTP/1.1" 200 2456 "-" "Mozilla/5.0 AppleWebKit/537.36 (KHTML, like Gecko; compatible; GPTBot/1.2; +https://openai.com/gptbot)"
20.171.207.208 - - [17/Jun/2025:12:16:29 -0400] "GET /?aksi=ransom&path=%2F%2Fopt%2Falt%2Falt-nodejs6%2Froot%2Fusr%2Fshare%2Flocale%2Fca_ES%40valencian HTTP/1.1" 200 2456 "-" "Mozilla/5.0 AppleWebKit/537.36 (KHTML, like Gecko; compatible; GPTBot/1.2; +https://openai.com/gptbot)"
20.171.207.208 - - [17/Jun/2025:12:16:31 -0400] "GET /?path=%2F%2Fopt%2Falt%2Falt-nodejs6%2Froot%2Fusr%2Fshare%2Flocale%2Fel_GR HTTP/1.1" 200 2456 "-" "Mozilla/5.0 AppleWebKit/537.36 (KHTML, like Gecko; compatible; GPTBot/1.2; +https://openai.com/gptbot)"
20.171.207.208 - - [17/Jun/2025:12:16:32 -0400] "GET /?path=%2F%2Fopt%2Falt%2Falt-nodejs6%2Froot%2Fusr%2Fshare%2Flocale%2Fpt_PT HTTP/1.1" 200 2456 "-" "Mozilla/5.0 AppleWebKit/537.36 (KHTML, like Gecko; compatible; GPTBot/1.2; +https://openai.com/gptbot)"
20.171.207.208 - - [17/Jun/2025:12:16:33 -0400] "GET /?path=%2F%2Fopt%2Falt%2Falt-nodejs9%2Froot%2Fusr%2Fshare%2Flocale%2Fes_HN HTTP/1.1" 200 2456 "-" "Mozilla/5.0 AppleWebKit/537.36 (KHTML, like Gecko; compatible; GPTBot/1.2; +https://openai.com/gptbot)"
20.171.207.208 - - [17/Jun/2025:12:16:34 -0400] "GET /?path=%2F%2Fopt%2Falt%2Falt-nodejs9%2Froot%2Fusr%2Fshare%2Flocale%2Fes_NI HTTP/1.1" 200 2456 "-" "Mozilla/5.0 AppleWebKit/537.36 (KHTML, like Gecko; compatible; GPTBot/1.2; +https://openai.com/gptbot)"
20.171.207.208 - - [17/Jun/2025:12:16:35 -0400] "GET /?path=%2F%2Fopt%2Falt%2Falt-nodejs9%2Froot%2Fusr%2Fshare%2Flocale%2Fhe_IL HTTP/1.1" 200 2456 "-" "Mozilla/5.0 AppleWebKit/537.36 (KHTML, like Gecko; compatible; GPTBot/1.2; +https://openai.com/gptbot)"
20.171.207.208 - - [17/Jun/2025:12:16:36 -0400] "GET /?path=%2F%2Fopt%2Falt%2Falt-nodejs6%2Froot%2Fusr%2Fshare%2Flocale%2Fes_CR HTTP/1.1" 200 2456 "-" "Mozilla/5.0 AppleWebKit/537.36 (KHTML, like Gecko; compatible; GPTBot/1.2; +https://openai.com/gptbot)"
20.171.207.208 - - [17/Jun/2025:12:16:38 -0400] "GET /?path=%2F%2Fopt%2Falt%2Falt-nodejs6%2Froot%2Fusr%2Fshare%2Flocale%2Fhe_IL HTTP/1.1" 200 2456 "-" "Mozilla/5.0 AppleWebKit/537.36 (KHTML, like Gecko; compatible; GPTBot/1.2; +https://openai.com/gptbot)"
20.171.207.208 - - [17/Jun/2025:12:16:39 -0400] "GET /?path=%2F%2Fopt%2Falt%2Falt-nodejs6%2Froot%2Fusr%2Fshare%2Flocale%2Fes_AR HTTP/1.1" 200 2456 "-" "Mozilla/5.0 AppleWebKit/537.36 (KHTML, like Gecko; compatible; GPTBot/1.2; +https://openai.com/gptbot)"
20.171.207.208 - - [17/Jun/2025:12:16:41 -0400] "GET /?path=%2F%2Fopt%2Falt%2Falt-nodejs6%2Froot%2Fusr%2Fshare%2Flocale%2Fsl_SI HTTP/1.1" 200 2456 "-" "Mozilla/5.0 AppleWebKit/537.36 (KHTML, like Gecko; compatible; GPTBot/1.2; +https://openai.com/gptbot)"
217.113.194.65 - - [17/Jun/2025:12:16:40 -0400] "GET /manga/btooom-chapter-61/?path=/home/honehdyv/readbtooom.com/cgi-bin HTTP/1.1" 200 28034 "-" "Mozilla/5.0 (compatible; Barkrowler/0.9; +https://babbar.tech/crawler)"
20.171.207.208 - - [17/Jun/2025:12:16:42 -0400] "GET /?path=%2F%2Fopt%2Falt%2Falt-nodejs6%2Froot%2Fusr%2Fshare%2Flocale%2Fpl_PL HTTP/1.1" 200 2456 "-" "Mozilla/5.0 AppleWebKit/537.36 (KHTML, like Gecko; compatible; GPTBot/1.2; +https://openai.com/gptbot)"
20.171.207.208 - - [17/Jun/2025:12:16:44 -0400] "GET /?path=%2F%2Fopt%2Falt%2Falt-nodejs9%2Froot%2Fusr%2Fshare%2Flocale%2Fes_ES HTTP/1.1" 200 2456 "-" "Mozilla/5.0 AppleWebKit/537.36 (KHTML, like Gecko; compatible; GPTBot/1.2; +https://openai.com/gptbot)"
20.171.207.208 - - [17/Jun/2025:12:16:47 -0400] "GET /?path=%2F%2Fopt%2Falt%2Falt-nodejs6%2Froot%2Fusr%2Fshare%2Flocale%2Fsr_RS HTTP/1.1" 200 2456 "-" "Mozilla/5.0 AppleWebKit/537.36 (KHTML, like Gecko; compatible; GPTBot/1.2; +https://openai.com/gptbot)"
20.171.207.208 - - [17/Jun/2025:12:16:50 -0400] "GET /?path=%2F%2Fopt%2Falt%2Falt-nodejs6%2Froot%2Fusr%2Fshare%2Flocale%2Fsl_SI HTTP/1.1" 200 2456 "-" "Mozilla/5.0 AppleWebKit/537.36 (KHTML, like Gecko; compatible; GPTBot/1.2; +https://openai.com/gptbot)"
35.169.240.53 - - [17/Jun/2025:12:16:49 -0400] "GET /?filesrc=//lib/locale/en_HK.utf8/LC_TELEPHONE&path=//lib/locale/en_HK.utf8 HTTP/1.1" 200 19242 "-" "Mozilla/5.0 AppleWebKit/537.36 (KHTML, like Gecko; compatible; Amazonbot/0.1; +https://developer.amazon.com/support/amazonbot) Chrome/119.0.6045.214 Safari/537.36"
20.171.207.208 - - [17/Jun/2025:12:16:53 -0400] "GET /?aksi=ransom&path=%2F%2Fopt%2Falt%2Falt-nodejs6%2Froot%2Fusr%2Fshare%2Flocale%2Fel_GR HTTP/1.1" 200 2456 "-" "Mozilla/5.0 AppleWebKit/537.36 (KHTML, like Gecko; compatible; GPTBot/1.2; +https://openai.com/gptbot)"
20.171.207.208 - - [17/Jun/2025:12:16:56 -0400] "GET /?aksi=ransom&path=%2F%2Fopt%2Falt%2Falt-nodejs6%2Froot%2Fusr%2Fshare%2Flocale%2Fpt_PT HTTP/1.1" 200 2456 "-" "Mozilla/5.0 AppleWebKit/537.36 (KHTML, like Gecko; compatible; GPTBot/1.2; +https://openai.com/gptbot)"
217.113.194.70 - - [17/Jun/2025:12:16:57 -0400] "GET /manga/btooom-chapter-61/?path=/home/honehdyv/readbtooom.com/images HTTP/1.1" 200 28197 "-" "Mozilla/5.0 (compatible; Barkrowler/0.9; +https://babbar.tech/crawler)"
20.171.207.208 - - [17/Jun/2025:12:16:59 -0400] "GET /?aksi=ransom&path=%2F%2Fopt%2Falt%2Falt-nodejs9%2Froot%2Fusr%2Fshare%2Flocale%2Fes_HN HTTP/1.1" 200 2456 "-" "Mozilla/5.0 AppleWebKit/537.36 (KHTML, like Gecko; compatible; GPTBot/1.2; +https://openai.com/gptbot)"
20.171.207.208 - - [17/Jun/2025:12:17:01 -0400] "GET /?aksi=ransom&path=%2F%2Fopt%2Falt%2Falt-nodejs9%2Froot%2Fusr%2Fshare%2Flocale%2Fes_NI HTTP/1.1" 200 2456 "-" "Mozilla/5.0 AppleWebKit/537.36 (KHTML, like Gecko; compatible; GPTBot/1.2; +https://openai.com/gptbot)"
20.171.207.208 - - [17/Jun/2025:12:17:03 -0400] "GET /?aksi=ransom&path=%2F%2Fopt%2Falt%2Falt-nodejs9%2Froot%2Fusr%2Fshare%2Flocale%2Fhe_IL HTTP/1.1" 200 2456 "-" "Mozilla/5.0 AppleWebKit/537.36 (KHTML, like Gecko; compatible; GPTBot/1.2; +https://openai.com/gptbot)"
20.171.207.208 - - [17/Jun/2025:12:17:05 -0400] "GET /?aksi=ransom&path=%2F%2Fopt%2Falt%2Falt-nodejs6%2Froot%2Fusr%2Fshare%2Flocale%2Fes_CR HTTP/1.1" 200 2456 "-" "Mozilla/5.0 AppleWebKit/537.36 (KHTML, like Gecko; compatible; GPTBot/1.2; +https://openai.com/gptbot)"
20.171.207.208 - - [17/Jun/2025:12:17:07 -0400] "GET /?aksi=ransom&path=%2F%2Fopt%2Falt%2Falt-nodejs6%2Froot%2Fusr%2Fshare%2Flocale%2Fes_AR HTTP/1.1" 200 2456 "-" "Mozilla/5.0 AppleWebKit/537.36 (KHTML, like Gecko; compatible; GPTBot/1.2; +https://openai.com/gptbot)"
20.171.207.208 - - [17/Jun/2025:12:17:08 -0400] "GET /?aksi=ransom&path=%2F%2Fopt%2Falt%2Falt-nodejs6%2Froot%2Fusr%2Fshare%2Flocale%2Fsl_SI HTTP/1.1" 200 2456 "-" "Mozilla/5.0 AppleWebKit/537.36 (KHTML, like Gecko; compatible; GPTBot/1.2; +https://openai.com/gptbot)"
20.171.207.208 - - [17/Jun/2025:12:17:10 -0400] "GET /?aksi=ransom&path=%2F%2Fopt%2Falt%2Falt-nodejs6%2Froot%2Fusr%2Fshare%2Flocale%2Fpl_PL HTTP/1.1" 200 2456 "-" "Mozilla/5.0 AppleWebKit/537.36 (KHTML, like Gecko; compatible; GPTBot/1.2; +https://openai.com/gptbot)"
20.171.207.208 - - [17/Jun/2025:12:17:10 -0400] "GET /?aksi=ransom&path=%2F%2Fopt%2Falt%2Falt-nodejs9%2Froot%2Fusr%2Fshare%2Flocale%2Fes_ES HTTP/1.1" 200 2456 "-" "Mozilla/5.0 AppleWebKit/537.36 (KHTML, like Gecko; compatible; GPTBot/1.2; +https://openai.com/gptbot)"
20.171.207.208 - - [17/Jun/2025:12:17:12 -0400] "GET /?aksi=ransom&path=%2F%2Fopt%2Falt%2Falt-nodejs6%2Froot%2Fusr%2Fshare%2Flocale%2Fsr_RS HTTP/1.1" 200 2456 "-" "Mozilla/5.0 AppleWebKit/537.36 (KHTML, like Gecko; compatible; GPTBot/1.2; +https://openai.com/gptbot)"
20.171.207.208 - - [17/Jun/2025:12:17:13 -0400] "GET /?aksi=ransom&path=%2F%2Fopt%2Falt%2Falt-nodejs6%2Froot%2Fusr%2Fshare%2Flocale%2Fsl_SI HTTP/1.1" 200 2456 "-" "Mozilla/5.0 AppleWebKit/537.36 (KHTML, like Gecko; compatible; GPTBot/1.2; +https://openai.com/gptbot)"
20.171.207.208 - - [17/Jun/2025:12:17:15 -0400] "GET /?aksi=ransom&path=%2F%2Fopt%2Falt%2Falt-nodejs6%2Froot%2Fusr%2Fshare%2Flocale%2Fhe_IL HTTP/1.1" 200 2456 "-" "Mozilla/5.0 AppleWebKit/537.36 (KHTML, like Gecko; compatible; GPTBot/1.2; +https://openai.com/gptbot)"
217.113.194.67 - - [17/Jun/2025:12:17:15 -0400] "GET /manga/btooom-chapter-58/?path=/home/honehdyv/readbtooom.com/cgi-bin HTTP/1.1" 200 29492 "-" "Mozilla/5.0 (compatible; Barkrowler/0.9; +https://babbar.tech/crawler)"
20.171.207.208 - - [17/Jun/2025:12:17:17 -0400] "GET /?aksi=buatfile&path=%2F%2Fopt%2Falt%2Falt-nodejs6%2Froot%2Fusr%2Fshare%2Flocale%2Fsl_SI HTTP/1.1" 200 2456 "-" "Mozilla/5.0 AppleWebKit/537.36 (KHTML, like Gecko; compatible; GPTBot/1.2; +https://openai.com/gptbot)"
20.171.207.208 - - [17/Jun/2025:12:17:20 -0400] "GET /?aksi=buatfile&path=%2F%2Fopt%2Falt%2Falt-nodejs9%2Froot%2Fusr%2Fshare%2Flocale%2Fes_NI HTTP/1.1" 200 2456 "-" "Mozilla/5.0 AppleWebKit/537.36 (KHTML, like Gecko; compatible; GPTBot/1.2; +https://openai.com/gptbot)"
20.171.207.208 - - [17/Jun/2025:12:17:23 -0400] "GET /?aksi=buatfile&path=%2F%2Fopt%2Falt%2Falt-nodejs6%2Froot%2Fusr%2Fshare%2Flocale%2Fpl_PL HTTP/1.1" 200 2456 "-" "Mozilla/5.0 AppleWebKit/537.36 (KHTML, like Gecko; compatible; GPTBot/1.2; +https://openai.com/gptbot)"
20.171.207.208 - - [17/Jun/2025:12:17:26 -0400] "GET /?aksi=buatfolder&path=%2F%2Fopt%2Falt%2Falt-nodejs6%2Froot%2Fusr%2Fshare%2Flocale%2Fes_AR HTTP/1.1" 200 2111 "-" "Mozilla/5.0 AppleWebKit/537.36 (KHTML, like Gecko; compatible; GPTBot/1.2; +https://openai.com/gptbot)"
20.171.207.208 - - [17/Jun/2025:12:17:28 -0400] "GET /?aksi=buatfolder&path=%2F%2Fopt%2Falt%2Falt-nodejs6%2Froot%2Fusr%2Fshare%2Flocale%2Fsr_RS HTTP/1.1" 200 2111 "-" "Mozilla/5.0 AppleWebKit/537.36 (KHTML, like Gecko; compatible; GPTBot/1.2; +https://openai.com/gptbot)"
20.171.207.208 - - [17/Jun/2025:12:17:31 -0400] "GET /?aksi=buatfile&path=%2F%2Fopt%2Falt%2Falt-nodejs6%2Froot%2Fusr%2Fshare%2Flocale%2Fes_AR HTTP/1.1" 200 2456 "-" "Mozilla/5.0 AppleWebKit/537.36 (KHTML, like Gecko; compatible; GPTBot/1.2; +https://openai.com/gptbot)"
20.171.207.208 - - [17/Jun/2025:12:17:33 -0400] "GET /?aksi=buatfile&path=%2F%2Fopt%2Falt%2Falt-nodejs9%2Froot%2Fusr%2Fshare%2Flocale%2Fes_ES HTTP/1.1" 200 2456 "-" "Mozilla/5.0 AppleWebKit/537.36 (KHTML, like Gecko; compatible; GPTBot/1.2; +https://openai.com/gptbot)"
20.171.207.208 - - [17/Jun/2025:12:17:35 -0400] "GET /?aksi=buatfolder&path=%2F%2Fopt%2Falt%2Falt-nodejs6%2Froot%2Fusr%2Fshare%2Flocale%2Fsl_SI HTTP/1.1" 200 2111 "-" "Mozilla/5.0 AppleWebKit/537.36 (KHTML, like Gecko; compatible; GPTBot/1.2; +https://openai.com/gptbot)"
217.113.194.62 - - [17/Jun/2025:12:17:34 -0400] "GET /manga/btooom-chapter-58/?path=/home/honehdyv/readbtooom.com/images HTTP/1.1" 200 29730 "-" "Mozilla/5.0 (compatible; Barkrowler/0.9; +https://babbar.tech/crawler)"
20.171.207.208 - - [17/Jun/2025:12:17:37 -0400] "GET /?aksi=buatfile&path=%2F%2Fopt%2Falt%2Falt-nodejs6%2Froot%2Fusr%2Fshare%2Flocale%2Fsr_RS HTTP/1.1" 200 2456 "-" "Mozilla/5.0 AppleWebKit/537.36 (KHTML, like Gecko; compatible; GPTBot/1.2; +https://openai.com/gptbot)"
20.171.207.208 - - [17/Jun/2025:12:17:39 -0400] "GET /?aksi=buatfolder&path=%2F%2Fopt%2Falt%2Falt-nodejs9%2Froot%2Fusr%2Fshare%2Flocale%2Fes_NI HTTP/1.1" 200 2111 "-" "Mozilla/5.0 AppleWebKit/537.36 (KHTML, like Gecko; compatible; GPTBot/1.2; +https://openai.com/gptbot)"
20.171.207.208 - - [17/Jun/2025:12:17:42 -0400] "GET /?aksi=buatfile&path=%2F%2Fopt%2Falt%2Falt-nodejs6%2Froot%2Fusr%2Fshare%2Flocale%2Fpt_PT HTTP/1.1" 200 2456 "-" "Mozilla/5.0 AppleWebKit/537.36 (KHTML, like Gecko; compatible; GPTBot/1.2; +https://openai.com/gptbot)"
20.171.207.208 - - [17/Jun/2025:12:17:44 -0400] "GET /?aksi=buatfolder&path=%2F%2Fopt%2Falt%2Falt-nodejs6%2Froot%2Fusr%2Fshare%2Flocale%2Fes_CR HTTP/1.1" 200 2111 "-" "Mozilla/5.0 AppleWebKit/537.36 (KHTML, like Gecko; compatible; GPTBot/1.2; +https://openai.com/gptbot)"
20.171.207.208 - - [17/Jun/2025:12:17:46 -0400] "GET /?aksi=buatfolder&path=%2F%2Fopt%2Falt%2Falt-nodejs6%2Froot%2Fusr%2Fshare%2Flocale%2Fpt_PT HTTP/1.1" 200 2111 "-" "Mozilla/5.0 AppleWebKit/537.36 (KHTML, like Gecko; compatible; GPTBot/1.2; +https://openai.com/gptbot)"
20.171.207.208 - - [17/Jun/2025:12:17:48 -0400] "GET /?aksi=buatfolder&path=%2F%2Fopt%2Falt%2Falt-nodejs9%2Froot%2Fusr%2Fshare%2Flocale%2Fhe_IL HTTP/1.1" 200 2111 "-" "Mozilla/5.0 AppleWebKit/537.36 (KHTML, like Gecko; compatible; GPTBot/1.2; +https://openai.com/gptbot)"
20.171.207.208 - - [17/Jun/2025:12:17:50 -0400] "GET /?aksi=buatfolder&path=%2F%2Fopt%2Falt%2Falt-nodejs6%2Froot%2Fusr%2Fshare%2Flocale%2Fhe_IL HTTP/1.1" 200 2111 "-" "Mozilla/5.0 AppleWebKit/537.36 (KHTML, like Gecko; compatible; GPTBot/1.2; +https://openai.com/gptbot)"
20.171.207.208 - - [17/Jun/2025:12:17:51 -0400] "GET /?aksi=buatfile&path=%2F%2Fopt%2Falt%2Falt-nodejs6%2Froot%2Fusr%2Fshare%2Flocale%2Fes_CR HTTP/1.1" 200 2456 "-" "Mozilla/5.0 AppleWebKit/537.36 (KHTML, like Gecko; compatible; GPTBot/1.2; +https://openai.com/gptbot)"
20.171.207.208 - - [17/Jun/2025:12:17:53 -0400] "GET /?aksi=buatfile&path=%2F%2Fopt%2Falt%2Falt-nodejs6%2Froot%2Fusr%2Fshare%2Flocale%2Fsl_SI HTTP/1.1" 200 2456 "-" "Mozilla/5.0 AppleWebKit/537.36 (KHTML, like Gecko; compatible; GPTBot/1.2; +https://openai.com/gptbot)"
217.113.194.68 - - [17/Jun/2025:12:17:54 -0400] "GET /manga/btooom-chapter-70/?path=/home/honehdyv/readbtooom.com/cgi-bin HTTP/1.1" 200 28346 "-" "Mozilla/5.0 (compatible; Barkrowler/0.9; +https://babbar.tech/crawler)"
20.171.207.208 - - [17/Jun/2025:12:17:54 -0400] "GET /?aksi=buatfolder&path=%2F%2Fopt%2Falt%2Falt-nodejs6%2Froot%2Fusr%2Fshare%2Flocale%2Fel_GR HTTP/1.1" 200 2111 "-" "Mozilla/5.0 AppleWebKit/537.36 (KHTML, like Gecko; compatible; GPTBot/1.2; +https://openai.com/gptbot)"
20.171.207.208 - - [17/Jun/2025:12:17:56 -0400] "GET /?aksi=buatfolder&path=%2F%2Fopt%2Falt%2Falt-nodejs6%2Froot%2Fusr%2Fshare%2Flocale%2Fsl_SI HTTP/1.1" 200 2111 "-" "Mozilla/5.0 AppleWebKit/537.36 (KHTML, like Gecko; compatible; GPTBot/1.2; +https://openai.com/gptbot)"
20.171.207.208 - - [17/Jun/2025:12:17:59 -0400] "GET /?aksi=buatfolder&path=%2F%2Fopt%2Falt%2Falt-nodejs6%2Froot%2Fusr%2Fshare%2Flocale%2Fpl_PL HTTP/1.1" 200 2111 "-" "Mozilla/5.0 AppleWebKit/537.36 (KHTML, like Gecko; compatible; GPTBot/1.2; +https://openai.com/gptbot)"
20.171.207.208 - - [17/Jun/2025:12:18:01 -0400] "GET /?aksi=buatfolder&path=%2F%2Fopt%2Falt%2Falt-nodejs9%2Froot%2Fusr%2Fshare%2Flocale%2Fes_ES HTTP/1.1" 200 2111 "-" "Mozilla/5.0 AppleWebKit/537.36 (KHTML, like Gecko; compatible; GPTBot/1.2; +https://openai.com/gptbot)"
20.171.207.208 - - [17/Jun/2025:12:18:04 -0400] "GET /?aksi=buatfolder&path=%2F%2Fopt%2Falt%2Falt-nodejs9%2Froot%2Fusr%2Fshare%2Flocale%2Fes_HN HTTP/1.1" 200 2111 "-" "Mozilla/5.0 AppleWebKit/537.36 (KHTML, like Gecko; compatible; GPTBot/1.2; +https://openai.com/gptbot)"
20.171.207.208 - - [17/Jun/2025:12:18:06 -0400] "GET /?aksi=buatfile&path=%2F%2Fopt%2Falt%2Falt-nodejs9%2Froot%2Fusr%2Fshare%2Flocale%2Fes_HN HTTP/1.1" 200 2456 "-" "Mozilla/5.0 AppleWebKit/537.36 (KHTML, like Gecko; compatible; GPTBot/1.2; +https://openai.com/gptbot)"
20.171.207.208 - - [17/Jun/2025:12:18:09 -0400] "GET /?aksi=buatfile&path=%2F%2Fopt%2Falt%2Falt-nodejs6%2Froot%2Fusr%2Fshare%2Flocale%2Fel_GR HTTP/1.1" 200 2456 "-" "Mozilla/5.0 AppleWebKit/537.36 (KHTML, like Gecko; compatible; GPTBot/1.2; +https://openai.com/gptbot)"
217.113.194.245 - - [17/Jun/2025:12:18:11 -0400] "GET /manga/btooom-chapter-70/?path=/home/honehdyv/readbtooom.com/images HTTP/1.1" 200 28415 "-" "Mozilla/5.0 (compatible; Barkrowler/0.9; +https://babbar.tech/crawler)"
20.171.207.208 - - [17/Jun/2025:12:18:12 -0400] "GET /?aksi=buatfile&path=%2F%2Fopt%2Falt%2Falt-nodejs6%2Froot%2Fusr%2Fshare%2Flocale%2Fhe_IL HTTP/1.1" 200 2456 "-" "Mozilla/5.0 AppleWebKit/537.36 (KHTML, like Gecko; compatible; GPTBot/1.2; +https://openai.com/gptbot)"
20.171.207.208 - - [17/Jun/2025:12:18:13 -0400] "GET /?aksi=buatfile&path=%2F%2Fopt%2Falt%2Falt-nodejs9%2Froot%2Fusr%2Fshare%2Flocale%2Fhe_IL HTTP/1.1" 200 2456 "-" "Mozilla/5.0 AppleWebKit/537.36 (KHTML, like Gecko; compatible; GPTBot/1.2; +https://openai.com/gptbot)"
20.171.207.208 - - [17/Jun/2025:12:18:16 -0400] "GET /?path=%2F%2Fopt%2Falt%2Falt-nodejs6%2Froot%2Fusr%2Fshare%2Flocale%2Fast_ES HTTP/1.1" 200 2456 "-" "Mozilla/5.0 AppleWebKit/537.36 (KHTML, like Gecko; compatible; GPTBot/1.2; +https://openai.com/gptbot)"
20.171.207.208 - - [17/Jun/2025:12:18:17 -0400] "GET /?path=%2F%2Fopt%2Falt%2Falt-nodejs6%2Froot%2Fusr%2Fshare%2Flocale%2Fes_NI HTTP/1.1" 200 2456 "-" "Mozilla/5.0 AppleWebKit/537.36 (KHTML, like Gecko; compatible; GPTBot/1.2; +https://openai.com/gptbot)"
20.171.207.208 - - [17/Jun/2025:12:18:20 -0400] "GET /?path=%2F%2Fopt%2Falt%2Falt-nodejs6%2Froot%2Fusr%2Fshare%2Flocale%2Fes_VE HTTP/1.1" 200 2456 "-" "Mozilla/5.0 AppleWebKit/537.36 (KHTML, like Gecko; compatible; GPTBot/1.2; +https://openai.com/gptbot)"
20.171.207.208 - - [17/Jun/2025:12:18:22 -0400] "GET /?path=%2F%2Fopt%2Falt%2Falt-nodejs9%2Froot%2Fusr%2Fshare%2Flocale%2Fes_VE HTTP/1.1" 200 2456 "-" "Mozilla/5.0 AppleWebKit/537.36 (KHTML, like Gecko; compatible; GPTBot/1.2; +https://openai.com/gptbot)"
20.171.207.208 - - [17/Jun/2025:12:18:24 -0400] "GET /?path=%2F%2Fopt%2Falt%2Falt-nodejs6%2Froot%2Fusr%2Fshare%2Flocale%2Fes_MX HTTP/1.1" 200 2456 "-" "Mozilla/5.0 AppleWebKit/537.36 (KHTML, like Gecko; compatible; GPTBot/1.2; +https://openai.com/gptbot)"
20.171.207.208 - - [17/Jun/2025:12:18:26 -0400] "GET /?path=%2F%2Fopt%2Falt%2Falt-nodejs9%2Froot%2Fusr%2Fshare%2Flocale%2Fes_SV HTTP/1.1" 200 2456 "-" "Mozilla/5.0 AppleWebKit/537.36 (KHTML, like Gecko; compatible; GPTBot/1.2; +https://openai.com/gptbot)"
20.171.207.208 - - [17/Jun/2025:12:18:28 -0400] "GET /?path=%2F%2Fopt%2Falt%2Falt-nodejs9%2Froot%2Fusr%2Fshare%2Flocale%2Fpt_PT HTTP/1.1" 200 2456 "-" "Mozilla/5.0 AppleWebKit/537.36 (KHTML, like Gecko; compatible; GPTBot/1.2; +https://openai.com/gptbot)"
20.171.207.208 - - [17/Jun/2025:12:18:29 -0400] "GET /?path=%2F%2Fopt%2Falt%2Falt-nodejs6%2Froot%2Fusr%2Fshare%2Flocale%2Fes_ES HTTP/1.1" 200 2456 "-" "Mozilla/5.0 AppleWebKit/537.36 (KHTML, like Gecko; compatible; GPTBot/1.2; +https://openai.com/gptbot)"
217.113.194.69 - - [17/Jun/2025:12:18:28 -0400] "GET /manga/btooom-chapter-90/?path=/home/honehdyv/readbtooom.com/cgi-bin HTTP/1.1" 200 28389 "-" "Mozilla/5.0 (compatible; Barkrowler/0.9; +https://babbar.tech/crawler)"
20.171.207.208 - - [17/Jun/2025:12:18:31 -0400] "GET /?path=%2F%2Fopt%2Falt%2Falt-nodejs6%2Froot%2Fusr%2Fshare%2Flocale%2Fsr_RS HTTP/1.1" 200 2456 "-" "Mozilla/5.0 AppleWebKit/537.36 (KHTML, like Gecko; compatible; GPTBot/1.2; +https://openai.com/gptbot)"
20.171.207.208 - - [17/Jun/2025:12:18:34 -0400] "GET /?path=%2F%2Fopt%2Falt%2Falt-nodejs9%2Froot%2Fusr%2Fshare%2Flocale%2Fsl_SI HTTP/1.1" 200 2456 "-" "Mozilla/5.0 AppleWebKit/537.36 (KHTML, like Gecko; compatible; GPTBot/1.2; +https://openai.com/gptbot)"
20.171.207.208 - - [17/Jun/2025:12:18:36 -0400] "GET /?path=%2F%2Fopt%2Falt%2Falt-nodejs6%2Froot%2Fusr%2Fshare%2Flocale%2Fes_PE HTTP/1.1" 200 2456 "-" "Mozilla/5.0 AppleWebKit/537.36 (KHTML, like Gecko; compatible; GPTBot/1.2; +https://openai.com/gptbot)"
20.171.207.208 - - [17/Jun/2025:12:18:38 -0400] "GET /?path=%2F%2Fopt%2Falt%2Falt-nodejs9%2Froot%2Fusr%2Fshare%2Flocale%2Fel_GR HTTP/1.1" 200 2456 "-" "Mozilla/5.0 AppleWebKit/537.36 (KHTML, like Gecko; compatible; GPTBot/1.2; +https://openai.com/gptbot)"
20.171.207.208 - - [17/Jun/2025:12:18:40 -0400] "GET /?aksi=ransom&path=%2F%2Fopt%2Falt%2Falt-nodejs6%2Froot%2Fusr%2Fshare%2Flocale%2Fast_ES HTTP/1.1" 200 2456 "-" "Mozilla/5.0 AppleWebKit/537.36 (KHTML, like Gecko; compatible; GPTBot/1.2; +https://openai.com/gptbot)"
20.171.207.208 - - [17/Jun/2025:12:18:41 -0400] "GET /?aksi=buatfile&path=%2F%2Fopt%2Falt%2Falt-nodejs6%2Froot%2Fusr%2Fshare%2Flocale%2Fast_ES HTTP/1.1" 200 2456 "-" "Mozilla/5.0 AppleWebKit/537.36 (KHTML, like Gecko; compatible; GPTBot/1.2; +https://openai.com/gptbot)"
20.171.207.208 - - [17/Jun/2025:12:18:45 -0400] "GET /?aksi=buatfile&path=%2F%2Fopt%2Falt%2Falt-nodejs6%2Froot%2Fusr%2Fshare%2Flocale%2Fes_VE HTTP/1.1" 200 2456 "-" "Mozilla/5.0 AppleWebKit/537.36 (KHTML, like Gecko; compatible; GPTBot/1.2; +https://openai.com/gptbot)"
217.113.194.245 - - [17/Jun/2025:12:18:46 -0400] "GET /manga/btooom-chapter-90/?path=/home/honehdyv/readbtooom.com/images HTTP/1.1" 200 28458 "-" "Mozilla/5.0 (compatible; Barkrowler/0.9; +https://babbar.tech/crawler)"
20.171.207.208 - - [17/Jun/2025:12:18:48 -0400] "GET /?aksi=ransom&path=%2F%2Fopt%2Falt%2Falt-nodejs9%2Froot%2Fusr%2Fshare%2Flocale%2Fes_VE HTTP/1.1" 200 2456 "-" "Mozilla/5.0 AppleWebKit/537.36 (KHTML, like Gecko; compatible; GPTBot/1.2; +https://openai.com/gptbot)"
20.171.207.208 - - [17/Jun/2025:12:18:50 -0400] "GET /?aksi=ransom&path=%2F%2Fopt%2Falt%2Falt-nodejs6%2Froot%2Fusr%2Fshare%2Flocale%2Fes_MX HTTP/1.1" 200 2456 "-" "Mozilla/5.0 AppleWebKit/537.36 (KHTML, like Gecko; compatible; GPTBot/1.2; +https://openai.com/gptbot)"
20.171.207.208 - - [17/Jun/2025:12:18:53 -0400] "GET /?aksi=ransom&path=%2F%2Fopt%2Falt%2Falt-nodejs6%2Froot%2Fusr%2Fshare%2Flocale%2Fes_NI HTTP/1.1" 200 2456 "-" "Mozilla/5.0 AppleWebKit/537.36 (KHTML, like Gecko; compatible; GPTBot/1.2; +https://openai.com/gptbot)"
20.171.207.208 - - [17/Jun/2025:12:18:55 -0400] "GET /?aksi=ransom&path=%2F%2Fopt%2Falt%2Falt-nodejs9%2Froot%2Fusr%2Fshare%2Flocale%2Fes_SV HTTP/1.1" 200 2456 "-" "Mozilla/5.0 AppleWebKit/537.36 (KHTML, like Gecko; compatible; GPTBot/1.2; +https://openai.com/gptbot)"
20.171.207.208 - - [17/Jun/2025:12:18:58 -0400] "GET /?aksi=ransom&path=%2F%2Fopt%2Falt%2Falt-nodejs6%2Froot%2Fusr%2Fshare%2Flocale%2Fes_ES HTTP/1.1" 200 2456 "-" "Mozilla/5.0 AppleWebKit/537.36 (KHTML, like Gecko; compatible; GPTBot/1.2; +https://openai.com/gptbot)"
20.171.207.208 - - [17/Jun/2025:12:19:00 -0400] "GET /?aksi=ransom&path=%2F%2Fopt%2Falt%2Falt-nodejs6%2Froot%2Fusr%2Fshare%2Flocale%2Fsr_RS HTTP/1.1" 200 2456 "-" "Mozilla/5.0 AppleWebKit/537.36 (KHTML, like Gecko; compatible; GPTBot/1.2; +https://openai.com/gptbot)"
20.171.207.208 - - [17/Jun/2025:12:19:03 -0400] "GET /?aksi=ransom&path=%2F%2Fopt%2Falt%2Falt-nodejs6%2Froot%2Fusr%2Fshare%2Flocale%2Fes_VE HTTP/1.1" 200 2456 "-" "Mozilla/5.0 AppleWebKit/537.36 (KHTML, like Gecko; compatible; GPTBot/1.2; +https://openai.com/gptbot)"
217.113.194.68 - - [17/Jun/2025:12:19:03 -0400] "GET /manga/btooom-chapter-47/?path=/home/honehdyv/readbtooom.com/cgi-bin HTTP/1.1" 200 27875 "-" "Mozilla/5.0 (compatible; Barkrowler/0.9; +https://babbar.tech/crawler)"
20.171.207.208 - - [17/Jun/2025:12:19:04 -0400] "GET /?aksi=ransom&path=%2F%2Fopt%2Falt%2Falt-nodejs9%2Froot%2Fusr%2Fshare%2Flocale%2Fsl_SI HTTP/1.1" 200 2456 "-" "Mozilla/5.0 AppleWebKit/537.36 (KHTML, like Gecko; compatible; GPTBot/1.2; +https://openai.com/gptbot)"
20.171.207.208 - - [17/Jun/2025:12:19:06 -0400] "GET /?aksi=ransom&path=%2F%2Fopt%2Falt%2Falt-nodejs6%2Froot%2Fusr%2Fshare%2Flocale%2Fes_PE HTTP/1.1" 200 2456 "-" "Mozilla/5.0 AppleWebKit/537.36 (KHTML, like Gecko; compatible; GPTBot/1.2; +https://openai.com/gptbot)"
20.171.207.208 - - [17/Jun/2025:12:19:07 -0400] "GET /?aksi=ransom&path=%2F%2Fopt%2Falt%2Falt-nodejs9%2Froot%2Fusr%2Fshare%2Flocale%2Fpt_PT HTTP/1.1" 200 2456 "-" "Mozilla/5.0 AppleWebKit/537.36 (KHTML, like Gecko; compatible; GPTBot/1.2; +https://openai.com/gptbot)"
20.171.207.208 - - [17/Jun/2025:12:19:09 -0400] "GET /?aksi=ransom&path=%2F%2Fopt%2Falt%2Falt-nodejs9%2Froot%2Fusr%2Fshare%2Flocale%2Fel_GR HTTP/1.1" 200 2456 "-" "Mozilla/5.0 AppleWebKit/537.36 (KHTML, like Gecko; compatible; GPTBot/1.2; +https://openai.com/gptbot)"
20.171.207.208 - - [17/Jun/2025:12:19:10 -0400] "GET /?aksi=buatfolder&path=%2F%2Fopt%2Falt%2Falt-nodejs6%2Froot%2Fusr%2Fshare%2Flocale%2Fast_ES HTTP/1.1" 200 2115 "-" "Mozilla/5.0 AppleWebKit/537.36 (KHTML, like Gecko; compatible; GPTBot/1.2; +https://openai.com/gptbot)"
216.73.216.85 - - [17/Jun/2025:12:19:13 -0400] "GET /manga/btooom-chapter-74?filesrc=%2Fhome%2Fhonehdyv%2Freadbtooom.com%2Fwp-content%2Fplugins%2Fdisqus-comment-system%2Frest-api%2F.htaccess&path=%2Fhome%2Fhonehdyv%2Freadbtooom.com%2Fwp-content%2Fplugins%2Fdisqus-comment-system%2Frest-api HTTP/1.1" 403 1242 "-" "Mozilla/5.0 AppleWebKit/537.36 (KHTML, like Gecko; compatible; ClaudeBot/1.0; [email protected])"
20.171.207.208 - - [17/Jun/2025:12:19:12 -0400] "GET /?aksi=buatfolder&path=%2F%2Fopt%2Falt%2Falt-nodejs9%2Froot%2Fusr%2Fshare%2Flocale%2Fes_VE HTTP/1.1" 200 2111 "-" "Mozilla/5.0 AppleWebKit/537.36 (KHTML, like Gecko; compatible; GPTBot/1.2; +https://openai.com/gptbot)"
216.73.216.85 - - [17/Jun/2025:12:19:13 -0400] "GET /manga/btooom-chapter-74?filesrc=%2F%2Flib64%2Fpython2.7%2Fcodecs.pyc&path=%2F%2Flib64%2Fpython2.7 HTTP/1.1" 200 1989 "-" "Mozilla/5.0 AppleWebKit/537.36 (KHTML, like Gecko; compatible; ClaudeBot/1.0; [email protected])"
216.73.216.85 - - [17/Jun/2025:12:19:13 -0400] "GET /manga/btooom-chapter-74?filesrc=%2Fhome%2Fhonehdyv%2Fyours-toclaim.com%2Fwp-includes%2Fjs%2Futils.js&path=%2Fhome%2Fhonehdyv%2Fyours-toclaim.com%2Fwp-includes%2Fjs HTTP/1.1" 200 3718 "-" "Mozilla/5.0 AppleWebKit/537.36 (KHTML, like Gecko; compatible; ClaudeBot/1.0; [email protected])"
216.73.216.85 - - [17/Jun/2025:12:19:13 -0400] "GET /manga/btooom-chapter-74?filesrc=%2Fhome%2Fhonehdyv%2Freadbtooom.com%2Fwp-includes%2Fclass-wp-http-requests-hooks.php&path=%2Fhome%2Fhonehdyv%2Freadbtooom.com%2Fwp-includes HTTP/1.1" 200 2827 "-" "Mozilla/5.0 AppleWebKit/537.36 (KHTML, like Gecko; compatible; ClaudeBot/1.0; [email protected])"
216.73.216.85 - - [17/Jun/2025:12:19:13 -0400] "GET /manga/btooom-chapter-74?filesrc=%2Fhome%2Fhonehdyv%2Freadbtooom.com%2Fwp-includes%2Fjs%2Fmediaelement%2Fmediaelement-and-player.js&path=%2Fhome%2Fhonehdyv%2Freadbtooom.com%2Fwp-includes%2Fjs%2Fmediaelement HTTP/1.1" 200 55251 "-" "Mozilla/5.0 AppleWebKit/537.36 (KHTML, like Gecko; compatible; ClaudeBot/1.0; [email protected])"
20.171.207.208 - - [17/Jun/2025:12:19:14 -0400] "GET /?aksi=buatfile&path=%2F%2Fopt%2Falt%2Falt-nodejs9%2Froot%2Fusr%2Fshare%2Flocale%2Fes_VE HTTP/1.1" 200 2456 "-" "Mozilla/5.0 AppleWebKit/537.36 (KHTML, like Gecko; compatible; GPTBot/1.2; +https://openai.com/gptbot)"
216.73.216.85 - - [17/Jun/2025:12:19:13 -0400] "GET /manga/btooom-chapter-74/?filesrc=%2Fhome%2Fhonehdyv%2Fyours-toclaim.com%2Fwp-content%2Fplugins%2Fwp-automatic%2Fposted_metabox.php&path=%2Fhome%2Fhonehdyv%2Fyours-toclaim.com%2Fwp-content%2Fplugins%2Fwp-automatic HTTP/1.1" 200 28904 "-" "Mozilla/5.0 AppleWebKit/537.36 (KHTML, like Gecko; compatible; ClaudeBot/1.0; [email protected])"
216.73.216.85 - - [17/Jun/2025:12:19:15 -0400] "GET /manga/btooom-chapter-74?filesrc=%2F%2Fusr%2Finclude%2Flinux%2Fpmu.h&path=%2F%2Fusr%2Finclude%2Flinux HTTP/1.1" 200 4037 "-" "Mozilla/5.0 AppleWebKit/537.36 (KHTML, like Gecko; compatible; ClaudeBot/1.0; [email protected])"
216.73.216.85 - - [17/Jun/2025:12:19:17 -0400] "GET /manga/btooom-chapter-74?filesrc=%2F%2Flib%2Fpython2.7%2Fsite-packages%2Fsetuptools%2Fwindows_support.pyc&path=%2F%2Flib%2Fpython2.7%2Fsite-packages%2Fsetuptools HTTP/1.1" 200 2014 "-" "Mozilla/5.0 AppleWebKit/537.36 (KHTML, like Gecko; compatible; ClaudeBot/1.0; [email protected])"
216.73.216.85 - - [17/Jun/2025:12:19:16 -0400] "GET /manga/btooom-chapter-74?filesrc=%2F%2Flib64%2Fpython2.7%2Fcompiler%2Fsyntax.pyo&path=%2F%2Flib64%2Fpython2.7%2Fcompiler HTTP/1.1" 200 1996 "-" "Mozilla/5.0 AppleWebKit/537.36 (KHTML, like Gecko; compatible; ClaudeBot/1.0; [email protected])"
20.171.207.208 - - [17/Jun/2025:12:19:17 -0400] "GET /?aksi=buatfolder&path=%2F%2Fopt%2Falt%2Falt-nodejs6%2Froot%2Fusr%2Fshare%2Flocale%2Fes_MX HTTP/1.1" 200 2111 "-" "Mozilla/5.0 AppleWebKit/537.36 (KHTML, like Gecko; compatible; GPTBot/1.2; +https://openai.com/gptbot)"
216.73.216.85 - - [17/Jun/2025:12:19:17 -0400] "GET /manga/btooom-chapter-74?filesrc=%2Fhome%2Fhonehdyv%2Fyours-toclaim.com%2Fwp-content%2Fplugins%2Fwp-automatic%2Fcore.flicker.php&path=%2Fhome%2Fhonehdyv%2Fyours-toclaim.com%2Fwp-content%2Fplugins%2Fwp-automatic HTTP/1.1" 200 5694 "-" "Mozilla/5.0 AppleWebKit/537.36 (KHTML, like Gecko; compatible; ClaudeBot/1.0; [email protected])"
216.73.216.85 - - [17/Jun/2025:12:19:18 -0400] "GET /manga/btooom-chapter-74?filesrc=%2F%2Flib64%2Fpython2.7%2Flib-tk%2FtkFont.py&path=%2F%2Flib64%2Fpython2.7%2Flib-tk HTTP/1.1" 200 4076 "-" "Mozilla/5.0 AppleWebKit/537.36 (KHTML, like Gecko; compatible; ClaudeBot/1.0; [email protected])"
20.171.207.208 - - [17/Jun/2025:12:19:20 -0400] "GET /?aksi=buatfolder&path=%2F%2Fopt%2Falt%2Falt-nodejs6%2Froot%2Fusr%2Fshare%2Flocale%2Fsr_RS HTTP/1.1" 200 2111 "-" "Mozilla/5.0 AppleWebKit/537.36 (KHTML, like Gecko; compatible; GPTBot/1.2; +https://openai.com/gptbot)"
216.73.216.85 - - [17/Jun/2025:12:19:19 -0400] "GET /manga/btooom-chapter-74?filesrc=%2F%2Fusr%2Flib64%2Fpython2.7%2Fcompileall.pyo&path=%2F%2Fusr%2Flib64%2Fpython2.7 HTTP/1.1" 200 2002 "-" "Mozilla/5.0 AppleWebKit/537.36 (KHTML, like Gecko; compatible; ClaudeBot/1.0; [email protected])"
216.73.216.85 - - [17/Jun/2025:12:19:19 -0400] "GET /manga/btooom-chapter-74?filesrc=%2F%2Flib64%2Fpython2.7%2Flib-tk%2FTkinter.py&path=%2F%2Flib64%2Fpython2.7%2Flib-tk HTTP/1.1" 200 39793 "-" "Mozilla/5.0 AppleWebKit/537.36 (KHTML, like Gecko; compatible; ClaudeBot/1.0; [email protected])"
216.73.216.85 - - [17/Jun/2025:12:19:20 -0400] "GET /manga/btooom-chapter-74?filesrc=%2F%2Flib64%2Fpython3.6%2Ftracemalloc.py&path=%2F%2Flib64%2Fpython3.6 HTTP/1.1" 200 5788 "-" "Mozilla/5.0 AppleWebKit/537.36 (KHTML, like Gecko; compatible; ClaudeBot/1.0; [email protected])"
216.73.216.85 - - [17/Jun/2025:12:19:21 -0400] "GET /manga/btooom-chapter-74?filesrc=%2F%2Flib64%2Fpython3.8%2Ftracemalloc.py&path=%2F%2Flib64%2Fpython3.8 HTTP/1.1" 200 5914 "-" "Mozilla/5.0 AppleWebKit/537.36 (KHTML, like Gecko; compatible; ClaudeBot/1.0; [email protected])"
216.73.216.85 - - [17/Jun/2025:12:19:25 -0400] "GET /manga/btooom-chapter-74?filesrc=%2Fhome%2Fhonehdyv%2Freadbtooom.com%2Fwp-content%2Fplugins%2Fredirection%2F.htaccess&path=%2Fhome%2Fhonehdyv%2Freadbtooom.com%2Fwp-content%2Fplugins%2Fredirection HTTP/1.1" 403 1242 "-" "Mozilla/5.0 AppleWebKit/537.36 (KHTML, like Gecko; compatible; ClaudeBot/1.0; [email protected])"
20.171.207.208 - - [17/Jun/2025:12:19:23 -0400] "GET /?aksi=buatfolder&path=%2F%2Fopt%2Falt%2Falt-nodejs6%2Froot%2Fusr%2Fshare%2Flocale%2Fes_VE HTTP/1.1" 200 2111 "-" "Mozilla/5.0 AppleWebKit/537.36 (KHTML, like Gecko; compatible; GPTBot/1.2; +https://openai.com/gptbot)"
216.73.216.85 - - [17/Jun/2025:12:19:21 -0400] "GET /manga/btooom-chapter-74?filesrc=%2F%2Flib64%2Fpython2.7%2Fmultiprocessing%2Freduction.py&path=%2F%2Flib64%2Fpython2.7%2Fmultiprocessing HTTP/1.1" 200 4338 "-" "Mozilla/5.0 AppleWebKit/537.36 (KHTML, like Gecko; compatible; ClaudeBot/1.0; [email protected])"
216.73.216.85 - - [17/Jun/2025:12:19:23 -0400] "GET /manga/btooom-chapter-74?filesrc=%2F%2Fusr%2Flib64%2Fpython2.7%2Fmimify.pyo&path=%2F%2Fusr%2Flib64%2Fpython2.7 HTTP/1.1" 200 1995 "-" "Mozilla/5.0 AppleWebKit/537.36 (KHTML, like Gecko; compatible; ClaudeBot/1.0; [email protected])"
216.73.216.85 - - [17/Jun/2025:12:19:24 -0400] "GET /manga/btooom-chapter-74?filesrc=%2F%2Fusr%2Finclude%2Flinux%2Fmroute.h&path=%2F%2Fusr%2Finclude%2Flinux HTTP/1.1" 200 4166 "-" "Mozilla/5.0 AppleWebKit/537.36 (KHTML, like Gecko; compatible; ClaudeBot/1.0; [email protected])"
216.73.216.85 - - [17/Jun/2025:12:19:25 -0400] "GET /manga/btooom-chapter-74?filesrc=%2F%2Flib%2Fpython2.7%2Fsite-packages%2Fsetuptools%2Fdep_util.pyc&path=%2F%2Flib%2Fpython2.7%2Fsite-packages%2Fsetuptools HTTP/1.1" 200 2011 "-" "Mozilla/5.0 AppleWebKit/537.36 (KHTML, like Gecko; compatible; ClaudeBot/1.0; [email protected])"
20.171.207.208 - - [17/Jun/2025:12:19:26 -0400] "GET /?aksi=buatfile&path=%2F%2Fopt%2Falt%2Falt-nodejs9%2Froot%2Fusr%2Fshare%2Flocale%2Fes_SV HTTP/1.1" 200 2456 "-" "Mozilla/5.0 AppleWebKit/537.36 (KHTML, like Gecko; compatible; GPTBot/1.2; +https://openai.com/gptbot)"
216.73.216.85 - - [17/Jun/2025:12:19:21 -0400] "GET /manga/btooom-chapter-74/?filesrc=%2Fhome%2Fhonehdyv%2Fyours-toclaim.com%2Fwp-content%2Fplugins%2Fwp-automatic%2Fcore.twitter.php&path=%2Fhome%2Fhonehdyv%2Fyours-toclaim.com%2Fwp-content%2Fplugins%2Fwp-automatic HTTP/1.1" 200 34306 "-" "Mozilla/5.0 AppleWebKit/537.36 (KHTML, like Gecko; compatible; ClaudeBot/1.0; [email protected])"
