20.171.207.208 - - [17/Jun/2025:12:04:29 -0400] "GET /?aksi=buatfolder&path=%2F%2Fopt%2Falt%2Falt-nodejs6%2Froot%2Fvar%2Fyp HTTP/1.1" 200 2086 "-" "Mozilla/5.0 AppleWebKit/537.36 (KHTML, like Gecko; compatible; GPTBot/1.2; +https://openai.com/gptbot)"
20.171.207.208 - - [17/Jun/2025:12:04:31 -0400] "GET /?aksi=buatfile&path=%2F%2Fopt%2Falt%2Falt-nodejs9%2Froot%2Fvar%2Fnis HTTP/1.1" 200 2142 "-" "Mozilla/5.0 AppleWebKit/537.36 (KHTML, like Gecko; compatible; GPTBot/1.2; +https://openai.com/gptbot)"
20.171.207.208 - - [17/Jun/2025:12:04:32 -0400] "GET /?aksi=buatfile&path=%2F%2Fopt%2Falt%2Falt-nodejs6%2Froot%2Fvar%2Fyp HTTP/1.1" 200 2143 "-" "Mozilla/5.0 AppleWebKit/537.36 (KHTML, like Gecko; compatible; GPTBot/1.2; +https://openai.com/gptbot)"
20.171.207.208 - - [17/Jun/2025:12:04:34 -0400] "GET /?aksi=buatfile&path=%2F%2Fopt%2Falt%2Falt-nodejs6%2Froot%2Fvar%2Fdb HTTP/1.1" 200 2142 "-" "Mozilla/5.0 AppleWebKit/537.36 (KHTML, like Gecko; compatible; GPTBot/1.2; +https://openai.com/gptbot)"
20.171.207.208 - - [17/Jun/2025:12:04:35 -0400] "GET /?aksi=ransom&path=%2F%2Fopt%2Falt%2Falt-nodejs9%2Froot%2Fvar%2Fnis HTTP/1.1" 200 2142 "-" "Mozilla/5.0 AppleWebKit/537.36 (KHTML, like Gecko; compatible; GPTBot/1.2; +https://openai.com/gptbot)"
217.113.194.67 - - [17/Jun/2025:12:04:36 -0400] "GET /manga/btooom-chapter-68/?path=/home/honehdyv/readbtooom.com HTTP/1.1" 200 28907 "-" "Mozilla/5.0 (compatible; Barkrowler/0.9; +https://babbar.tech/crawler)"
20.171.207.208 - - [17/Jun/2025:12:04:37 -0400] "GET /?aksi=ransom&path=%2F%2Fopt%2Falt%2Falt-nodejs6%2Froot%2Fvar%2Fyp HTTP/1.1" 200 2143 "-" "Mozilla/5.0 AppleWebKit/537.36 (KHTML, like Gecko; compatible; GPTBot/1.2; +https://openai.com/gptbot)"
74.225.186.185 - - [17/Jun/2025:12:04:31 -0400] "GET /wp-includes/images/smilies/wp-login.php HTTP/1.1" 200 4707 "binance.com" "Mozilla/5.0 (Windows NT 10.0; Win64; x64) AppleWebKit/537.36 (KHTML, like Gecko) Chrome/90.0.4430.85 Safari/537.36"
20.171.207.208 - - [17/Jun/2025:12:04:38 -0400] "GET /?aksi=ransom&path=%2F%2Fopt%2Falt%2Falt-nodejs6%2Froot%2Fvar%2Fdb HTTP/1.1" 200 2142 "-" "Mozilla/5.0 AppleWebKit/537.36 (KHTML, like Gecko; compatible; GPTBot/1.2; +https://openai.com/gptbot)"
20.171.207.208 - - [17/Jun/2025:12:04:40 -0400] "GET /?path=%2F%2Fopt%2Falt%2Fphp74-imunify HTTP/1.1" 200 2117 "-" "Mozilla/5.0 AppleWebKit/537.36 (KHTML, like Gecko; compatible; GPTBot/1.2; +https://openai.com/gptbot)"
20.171.207.208 - - [17/Jun/2025:12:04:41 -0400] "GET /?aksi=buatfolder&path=%2F%2Fopt%2Falt%2Falt-nodejs9%2Froot%2Fbin HTTP/1.1" 200 2072 "-" "Mozilla/5.0 AppleWebKit/537.36 (KHTML, like Gecko; compatible; GPTBot/1.2; +https://openai.com/gptbot)"
20.171.207.208 - - [17/Jun/2025:12:04:43 -0400] "GET /?path=%2F%2Fopt%2Falt%2Flibc-client11%2Fshare HTTP/1.1" 200 2398 "-" "Mozilla/5.0 AppleWebKit/537.36 (KHTML, like Gecko; compatible; GPTBot/1.2; +https://openai.com/gptbot)"
20.171.207.208 - - [17/Jun/2025:12:04:45 -0400] "GET /?path=%2F%2Fopt%2Falt%2Flibc-client11%2Fshare HTTP/1.1" 200 2398 "-" "Mozilla/5.0 AppleWebKit/537.36 (KHTML, like Gecko; compatible; GPTBot/1.2; +https://openai.com/gptbot)"
20.171.207.208 - - [17/Jun/2025:12:04:47 -0400] "GET /?path=%2F%2Fopt%2Falt%2Flibc-client11%2Finclude HTTP/1.1" 200 2402 "-" "Mozilla/5.0 AppleWebKit/537.36 (KHTML, like Gecko; compatible; GPTBot/1.2; +https://openai.com/gptbot)"
20.171.207.208 - - [17/Jun/2025:12:04:49 -0400] "GET /?path=%2F%2Fopt%2Falt%2Flibc-client11%2Finclude HTTP/1.1" 200 2402 "-" "Mozilla/5.0 AppleWebKit/537.36 (KHTML, like Gecko; compatible; GPTBot/1.2; +https://openai.com/gptbot)"
20.171.207.208 - - [17/Jun/2025:12:04:51 -0400] "GET /?aksi=buatfolder&path=%2F%2Fopt%2Falt%2Falt-nodejs9%2Froot%2Fproc HTTP/1.1" 200 2073 "-" "Mozilla/5.0 AppleWebKit/537.36 (KHTML, like Gecko; compatible; GPTBot/1.2; +https://openai.com/gptbot)"
20.171.207.208 - - [17/Jun/2025:12:04:53 -0400] "GET /?aksi=buatfolder&path=%2F%2Fopt%2Falt%2Falt-nodejs6%2Froot%2Fproc HTTP/1.1" 200 2073 "-" "Mozilla/5.0 AppleWebKit/537.36 (KHTML, like Gecko; compatible; GPTBot/1.2; +https://openai.com/gptbot)"
217.113.194.67 - - [17/Jun/2025:12:04:53 -0400] "GET /manga/btooom-chapter-41/?path=/home/honehdyv/readbtooom.com HTTP/1.1" 200 29084 "-" "Mozilla/5.0 (compatible; Barkrowler/0.9; +https://babbar.tech/crawler)"
20.171.207.208 - - [17/Jun/2025:12:04:57 -0400] "GET /?aksi=buatfolder&path=%2F%2Fopt%2Falt%2Falt-nodejs9%2Froot%2Fsbin HTTP/1.1" 200 2073 "-" "Mozilla/5.0 AppleWebKit/537.36 (KHTML, like Gecko; compatible; GPTBot/1.2; +https://openai.com/gptbot)"
74.225.186.185 - - [17/Jun/2025:12:04:58 -0400] "GET /wp-includes/images/smilies/wp-login.php HTTP/1.1" 200 4717 "binance.com" "Mozilla/5.0 (Windows NT 10.0; Win64; x64) AppleWebKit/537.36 (KHTML, like Gecko) Chrome/90.0.4430.85 Safari/537.36"
20.171.207.208 - - [17/Jun/2025:12:05:00 -0400] "GET /?aksi=buatfolder&path=%2F%2Fopt%2Falt%2Falt-nodejs6%2Froot%2Fhome HTTP/1.1" 200 2074 "-" "Mozilla/5.0 AppleWebKit/537.36 (KHTML, like Gecko; compatible; GPTBot/1.2; +https://openai.com/gptbot)"
20.171.207.208 - - [17/Jun/2025:12:05:03 -0400] "GET /?aksi=buatfile&path=%2F%2Fopt%2Falt%2Falt-nodejs6%2Froot%2Fmedia HTTP/1.1" 200 2131 "-" "Mozilla/5.0 AppleWebKit/537.36 (KHTML, like Gecko; compatible; GPTBot/1.2; +https://openai.com/gptbot)"
74.225.186.185 - - [17/Jun/2025:12:05:01 -0400] "GET /wp-includes/images/smilies/wp-login.php HTTP/1.1" 200 4697 "binance.com" "Mozilla/5.0 (Windows NT 10.0; Win64; x64) AppleWebKit/537.36 (KHTML, like Gecko) Chrome/90.0.4430.85 Safari/537.36"
20.171.207.208 - - [17/Jun/2025:12:05:05 -0400] "GET /?aksi=buatfolder&path=%2F%2Fopt%2Falt%2Falt-nodejs9%2Froot%2Fmedia HTTP/1.1" 200 2074 "-" "Mozilla/5.0 AppleWebKit/537.36 (KHTML, like Gecko; compatible; GPTBot/1.2; +https://openai.com/gptbot)"
20.171.207.208 - - [17/Jun/2025:12:05:09 -0400] "GET /?aksi=buatfolder&path=%2F%2Fopt%2Falt%2Falt-nodejs6%2Froot%2Fmnt HTTP/1.1" 200 2071 "-" "Mozilla/5.0 AppleWebKit/537.36 (KHTML, like Gecko; compatible; GPTBot/1.2; +https://openai.com/gptbot)"
20.171.207.208 - - [17/Jun/2025:12:05:12 -0400] "GET /?aksi=buatfolder&path=%2F%2Fopt%2Falt%2Falt-nodejs6%2Froot%2Fbin HTTP/1.1" 200 2072 "-" "Mozilla/5.0 AppleWebKit/537.36 (KHTML, like Gecko; compatible; GPTBot/1.2; +https://openai.com/gptbot)"
20.171.207.208 - - [17/Jun/2025:12:05:15 -0400] "GET /?aksi=buatfile&path=%2F%2Fopt%2Falt%2Flibc-client11%2Fshare HTTP/1.1" 200 2398 "-" "Mozilla/5.0 AppleWebKit/537.36 (KHTML, like Gecko; compatible; GPTBot/1.2; +https://openai.com/gptbot)"
100.28.118.16 - - [17/Jun/2025:12:05:08 -0400] "GET /?filesrc=//lib/systemd/system/systemd-ask-password-plymouth.path&path=//lib/systemd/system HTTP/1.1" 200 19408 "-" "Mozilla/5.0 AppleWebKit/537.36 (KHTML, like Gecko; compatible; Amazonbot/0.1; +https://developer.amazon.com/support/amazonbot) Chrome/119.0.6045.214 Safari/537.36"
74.225.186.185 - - [17/Jun/2025:12:05:16 -0400] "GET /wp-includes/images/smilies/hbozqvewzc.php HTTP/1.1" 200 3596 "binance.com" "Mozilla/5.0 (Windows NT 10.0; Win64; x64) AppleWebKit/537.36 (KHTML, like Gecko) Chrome/90.0.4430.85 Safari/537.36"
217.113.194.69 - - [17/Jun/2025:12:05:14 -0400] "GET /manga/btooom-chapter-32/?path=/home/honehdyv/readbtooom.com HTTP/1.1" 200 26074 "-" "Mozilla/5.0 (compatible; Barkrowler/0.9; +https://babbar.tech/crawler)"
20.171.207.208 - - [17/Jun/2025:12:05:19 -0400] "GET /?aksi=buatfile&path=%2F%2Fopt%2Falt%2Flibc-client11%2Fshare HTTP/1.1" 200 2398 "-" "Mozilla/5.0 AppleWebKit/537.36 (KHTML, like Gecko; compatible; GPTBot/1.2; +https://openai.com/gptbot)"
20.171.207.208 - - [17/Jun/2025:12:05:22 -0400] "GET /?aksi=buatfile&path=%2F%2Fopt%2Falt%2Flibc-client11%2Finclude HTTP/1.1" 200 2402 "-" "Mozilla/5.0 AppleWebKit/537.36 (KHTML, like Gecko; compatible; GPTBot/1.2; +https://openai.com/gptbot)"
20.171.207.208 - - [17/Jun/2025:12:05:24 -0400] "GET /?aksi=buatfile&path=%2F%2Fopt%2Falt%2Flibc-client11%2Finclude HTTP/1.1" 200 2402 "-" "Mozilla/5.0 AppleWebKit/537.36 (KHTML, like Gecko; compatible; GPTBot/1.2; +https://openai.com/gptbot)"
20.171.207.208 - - [17/Jun/2025:12:05:26 -0400] "GET /?path=%2F%2Fopt%2Falt%2Flibc-client11%2Finclude%2Fc-client HTTP/1.1" 200 4242 "-" "Mozilla/5.0 AppleWebKit/537.36 (KHTML, like Gecko; compatible; GPTBot/1.2; +https://openai.com/gptbot)"
20.171.207.208 - - [17/Jun/2025:12:05:29 -0400] "GET /?path=%2F%2Fopt%2Falt%2Flibc-client11%2Finclude%2Fc-client HTTP/1.1" 200 4242 "-" "Mozilla/5.0 AppleWebKit/537.36 (KHTML, like Gecko; compatible; GPTBot/1.2; +https://openai.com/gptbot)"
20.171.207.208 - - [17/Jun/2025:12:05:30 -0400] "GET /?aksi=buatfolder&path=%2F%2Fopt%2Falt%2Flibc-client11%2Fshare HTTP/1.1" 200 2074 "-" "Mozilla/5.0 AppleWebKit/537.36 (KHTML, like Gecko; compatible; GPTBot/1.2; +https://openai.com/gptbot)"
20.171.207.208 - - [17/Jun/2025:12:05:32 -0400] "GET /?aksi=ransom&path=%2F%2Fopt%2Falt%2Flibc-client11%2Finclude HTTP/1.1" 200 2402 "-" "Mozilla/5.0 AppleWebKit/537.36 (KHTML, like Gecko; compatible; GPTBot/1.2; +https://openai.com/gptbot)"
20.171.207.208 - - [17/Jun/2025:12:05:35 -0400] "GET /?aksi=ransom&path=%2F%2Fopt%2Falt%2Flibc-client11%2Finclude HTTP/1.1" 200 2402 "-" "Mozilla/5.0 AppleWebKit/537.36 (KHTML, like Gecko; compatible; GPTBot/1.2; +https://openai.com/gptbot)"
74.225.186.185 - - [17/Jun/2025:12:05:34 -0400] "GET /wp-includes/images/smilies/wp-login.php HTTP/1.1" 200 4709 "-" "Mozilla/5.0 (Windows NT 10.0; Win64; x64) AppleWebKit/537.36 (KHTML, like Gecko) Chrome/90.0.4430.85 Safari/537.36"
20.171.207.208 - - [17/Jun/2025:12:05:37 -0400] "GET /?aksi=buatfolder&path=%2F%2Fopt%2Falt%2Flibc-client11%2Fshare HTTP/1.1" 200 2074 "-" "Mozilla/5.0 AppleWebKit/537.36 (KHTML, like Gecko; compatible; GPTBot/1.2; +https://openai.com/gptbot)"
217.113.194.64 - - [17/Jun/2025:12:05:37 -0400] "GET /manga/btooom-chapter-35/?path=/home/honehdyv/readbtooom.com HTTP/1.1" 200 28941 "-" "Mozilla/5.0 (compatible; Barkrowler/0.9; +https://babbar.tech/crawler)"
20.171.207.208 - - [17/Jun/2025:12:05:40 -0400] "GET /?aksi=buatfolder&path=%2F%2Fopt%2Falt%2Falt-nodejs9%2Froot%2Fmnt HTTP/1.1" 200 2071 "-" "Mozilla/5.0 AppleWebKit/537.36 (KHTML, like Gecko; compatible; GPTBot/1.2; +https://openai.com/gptbot)"
20.171.207.208 - - [17/Jun/2025:12:05:42 -0400] "GET /?aksi=buatfolder&path=%2F%2Fopt%2Falt%2Falt-nodejs6%2Froot%2Fbin HTTP/1.1" 200 2072 "-" "Mozilla/5.0 AppleWebKit/537.36 (KHTML, like Gecko; compatible; GPTBot/1.2; +https://openai.com/gptbot)"
74.225.186.185 - - [17/Jun/2025:12:05:42 -0400] "POST /wp-includes/images/smilies/wp-login.php HTTP/1.1" 200 4667 "http://w1.readbtooom.com/wp-includes/images/smilies/wp-login.php" "Mozilla/5.0 (Windows NT 10.0; Win64; x64) AppleWebKit/537.36 (KHTML, like Gecko) Chrome/90.0.4430.85 Safari/537.36"
20.171.207.208 - - [17/Jun/2025:12:05:44 -0400] "GET /?aksi=buatfolder&path=%2F%2Fopt%2Falt%2Falt-nodejs6%2Froot%2Fproc HTTP/1.1" 200 2073 "-" "Mozilla/5.0 AppleWebKit/537.36 (KHTML, like Gecko; compatible; GPTBot/1.2; +https://openai.com/gptbot)"
20.171.207.208 - - [17/Jun/2025:12:05:46 -0400] "GET /?aksi=buatfolder&path=%2F%2Fopt%2Falt%2Falt-nodejs6%2Froot%2Fmedia HTTP/1.1" 200 2074 "-" "Mozilla/5.0 AppleWebKit/537.36 (KHTML, like Gecko; compatible; GPTBot/1.2; +https://openai.com/gptbot)"
20.171.207.208 - - [17/Jun/2025:12:05:47 -0400] "GET /?aksi=buatfolder&path=%2F%2Fopt%2Falt%2Falt-nodejs6%2Froot%2Fmedia HTTP/1.1" 200 2074 "-" "Mozilla/5.0 AppleWebKit/537.36 (KHTML, like Gecko; compatible; GPTBot/1.2; +https://openai.com/gptbot)"
20.171.207.208 - - [17/Jun/2025:12:05:49 -0400] "GET /?aksi=buatfolder&path=%2F%2Fopt%2Falt%2Falt-nodejs6%2Froot%2Fsbin HTTP/1.1" 200 2073 "-" "Mozilla/5.0 AppleWebKit/537.36 (KHTML, like Gecko; compatible; GPTBot/1.2; +https://openai.com/gptbot)"
20.171.207.208 - - [17/Jun/2025:12:05:50 -0400] "GET /?aksi=buatfolder&path=%2F%2Fopt%2Falt%2Falt-nodejs9%2Froot%2Fhome HTTP/1.1" 200 2074 "-" "Mozilla/5.0 AppleWebKit/537.36 (KHTML, like Gecko; compatible; GPTBot/1.2; +https://openai.com/gptbot)"
20.171.207.208 - - [17/Jun/2025:12:05:52 -0400] "GET /?aksi=buatfile&path=%2F%2Fopt%2Falt%2Flibc-client11%2Finclude%2Fc-client HTTP/1.1" 200 4242 "-" "Mozilla/5.0 AppleWebKit/537.36 (KHTML, like Gecko; compatible; GPTBot/1.2; +https://openai.com/gptbot)"
20.171.207.208 - - [17/Jun/2025:12:05:53 -0400] "GET /?aksi=ransom&path=%2F%2Fopt%2Falt%2Flibc-client11%2Finclude%2Fc-client HTTP/1.1" 200 4242 "-" "Mozilla/5.0 AppleWebKit/537.36 (KHTML, like Gecko; compatible; GPTBot/1.2; +https://openai.com/gptbot)"
20.171.207.208 - - [17/Jun/2025:12:05:55 -0400] "GET /?filesrc=%2F%2Fopt%2Falt%2Flibc-client11%2Finclude%2Fc-client%2Fos_aix.h&path=%2F%2Fopt%2Falt%2Flibc-client11%2Finclude%2Fc-client HTTP/1.1" 200 2525 "-" "Mozilla/5.0 AppleWebKit/537.36 (KHTML, like Gecko; compatible; GPTBot/1.2; +https://openai.com/gptbot)"
20.171.207.208 - - [17/Jun/2025:12:05:56 -0400] "GET /?filesrc=%2F%2Fopt%2Falt%2Flibc-client11%2Finclude%2Fc-client%2Fos_sc5.h&path=%2F%2Fopt%2Falt%2Flibc-client11%2Finclude%2Fc-client HTTP/1.1" 200 2804 "-" "Mozilla/5.0 AppleWebKit/537.36 (KHTML, like Gecko; compatible; GPTBot/1.2; +https://openai.com/gptbot)"
217.113.194.70 - - [17/Jun/2025:12:05:56 -0400] "GET /manga/btooom-chapter-40/?path=/home/honehdyv/readbtooom.com HTTP/1.1" 200 28890 "-" "Mozilla/5.0 (compatible; Barkrowler/0.9; +https://babbar.tech/crawler)"
20.171.207.208 - - [17/Jun/2025:12:06:00 -0400] "GET /?aksi=buatfile&path=%2F%2Fopt%2Falt%2Flibc-client11%2Finclude%2Fc-client HTTP/1.1" 200 4242 "-" "Mozilla/5.0 AppleWebKit/537.36 (KHTML, like Gecko; compatible; GPTBot/1.2; +https://openai.com/gptbot)"
20.171.207.208 - - [17/Jun/2025:12:06:03 -0400] "GET /?aksi=ransom&path=%2F%2Fopt%2Falt%2Flibc-client11%2Finclude%2Fc-client HTTP/1.1" 200 4242 "-" "Mozilla/5.0 AppleWebKit/537.36 (KHTML, like Gecko; compatible; GPTBot/1.2; +https://openai.com/gptbot)"
74.225.186.185 - - [17/Jun/2025:12:06:06 -0400] "GET /wp-includes/images/smilies/fmkkrlglzk.php HTTP/1.1" 200 3596 "binance.com" "Mozilla/5.0 (Windows NT 10.0; Win64; x64) AppleWebKit/537.36 (KHTML, like Gecko) Chrome/90.0.4430.85 Safari/537.36"
20.171.207.208 - - [17/Jun/2025:12:06:06 -0400] "GET /?aksi=buatfolder&path=%2F%2Fopt%2Falt%2Flibc-client11%2Finclude%2Fc-client HTTP/1.1" 200 2070 "-" "Mozilla/5.0 AppleWebKit/537.36 (KHTML, like Gecko; compatible; GPTBot/1.2; +https://openai.com/gptbot)"
20.171.207.208 - - [17/Jun/2025:12:06:09 -0400] "GET /?aksi=buatfolder&path=%2F%2Fopt%2Falt%2Flibc-client11%2Finclude%2Fc-client HTTP/1.1" 200 2070 "-" "Mozilla/5.0 AppleWebKit/537.36 (KHTML, like Gecko; compatible; GPTBot/1.2; +https://openai.com/gptbot)"
20.171.207.208 - - [17/Jun/2025:12:06:13 -0400] "GET /?aksi=buatfolder&path=%2F%2Fopt%2Falt%2Falt-nodejs6%2Froot%2Fsbin HTTP/1.1" 200 2073 "-" "Mozilla/5.0 AppleWebKit/537.36 (KHTML, like Gecko; compatible; GPTBot/1.2; +https://openai.com/gptbot)"
74.225.186.185 - - [17/Jun/2025:12:06:13 -0400] "GET /wp-includes/images/smilies/wp-login.php HTTP/1.1" 200 4695 "-" "Mozilla/5.0 (Windows NT 10.0; Win64; x64) AppleWebKit/537.36 (KHTML, like Gecko) Chrome/90.0.4430.85 Safari/537.36"
20.171.207.208 - - [17/Jun/2025:12:06:15 -0400] "GET /?filesrc=%2F%2Fopt%2Falt%2Flibc-client11%2Finclude%2Fc-client%2Fos_sv2.h&path=%2F%2Fopt%2Falt%2Flibc-client11%2Finclude%2Fc-client HTTP/1.1" 200 3373 "-" "Mozilla/5.0 AppleWebKit/537.36 (KHTML, like Gecko; compatible; GPTBot/1.2; +https://openai.com/gptbot)"
20.171.207.208 - - [17/Jun/2025:12:06:18 -0400] "GET /?aksi=buatfolder&path=%2F%2Fopt%2Falt%2Falt-nodejs9%2Froot%2Fhome HTTP/1.1" 200 2074 "-" "Mozilla/5.0 AppleWebKit/537.36 (KHTML, like Gecko; compatible; GPTBot/1.2; +https://openai.com/gptbot)"
217.113.194.70 - - [17/Jun/2025:12:06:17 -0400] "GET /manga/btooom-chapter-96/?path=/home/honehdyv/readbtooom.com HTTP/1.1" 200 28749 "-" "Mozilla/5.0 (compatible; Barkrowler/0.9; +https://babbar.tech/crawler)"
20.171.207.208 - - [17/Jun/2025:12:06:21 -0400] "GET /?filesrc=%2F%2Fopt%2Falt%2Flibc-client11%2Finclude%2Fc-client%2Fos_do4.h&path=%2F%2Fopt%2Falt%2Flibc-client11%2Finclude%2Fc-client HTTP/1.1" 200 2596 "-" "Mozilla/5.0 AppleWebKit/537.36 (KHTML, like Gecko; compatible; GPTBot/1.2; +https://openai.com/gptbot)"
74.225.186.185 - - [17/Jun/2025:12:06:22 -0400] "POST /wp-includes/images/smilies/wp-login.php HTTP/1.1" 200 4664 "https://w1.readbtooom.com/wp-includes/images/smilies/wp-login.php" "Mozilla/5.0 (Windows NT 10.0; Win64; x64) AppleWebKit/537.36 (KHTML, like Gecko) Chrome/90.0.4430.85 Safari/537.36"
20.171.207.208 - - [17/Jun/2025:12:06:23 -0400] "GET /?filesrc=%2F%2Fopt%2Falt%2Flibc-client11%2Finclude%2Fc-client%2Fos_do4.h&path=%2F%2Fopt%2Falt%2Flibc-client11%2Finclude%2Fc-client HTTP/1.1" 200 2596 "-" "Mozilla/5.0 AppleWebKit/537.36 (KHTML, like Gecko; compatible; GPTBot/1.2; +https://openai.com/gptbot)"
20.171.207.208 - - [17/Jun/2025:12:06:25 -0400] "GET /?filesrc=%2F%2Fopt%2Falt%2Flibc-client11%2Finclude%2Fc-client%2Fos_os4.h&path=%2F%2Fopt%2Falt%2Flibc-client11%2Finclude%2Fc-client HTTP/1.1" 200 2553 "-" "Mozilla/5.0 AppleWebKit/537.36 (KHTML, like Gecko; compatible; GPTBot/1.2; +https://openai.com/gptbot)"
20.171.207.208 - - [17/Jun/2025:12:06:27 -0400] "GET /?filesrc=%2F%2Fopt%2Falt%2Flibc-client11%2Finclude%2Fc-client%2Fos_os4.h&path=%2F%2Fopt%2Falt%2Flibc-client11%2Finclude%2Fc-client HTTP/1.1" 200 2553 "-" "Mozilla/5.0 AppleWebKit/537.36 (KHTML, like Gecko; compatible; GPTBot/1.2; +https://openai.com/gptbot)"
20.171.207.208 - - [17/Jun/2025:12:06:29 -0400] "GET /?filesrc=%2F%2Fopt%2Falt%2Flibc-client11%2Finclude%2Fc-client%2Fos_sv2.h&path=%2F%2Fopt%2Falt%2Flibc-client11%2Finclude%2Fc-client HTTP/1.1" 200 3373 "-" "Mozilla/5.0 AppleWebKit/537.36 (KHTML, like Gecko; compatible; GPTBot/1.2; +https://openai.com/gptbot)"
20.171.207.208 - - [17/Jun/2025:12:06:31 -0400] "GET /?filesrc=%2F%2Fopt%2Falt%2Flibc-client11%2Finclude%2Fc-client%2Fos_sc5.h&path=%2F%2Fopt%2Falt%2Flibc-client11%2Finclude%2Fc-client HTTP/1.1" 200 2804 "-" "Mozilla/5.0 AppleWebKit/537.36 (KHTML, like Gecko; compatible; GPTBot/1.2; +https://openai.com/gptbot)"
20.171.207.208 - - [17/Jun/2025:12:06:32 -0400] "GET /?filesrc=%2F%2Fopt%2Falt%2Flibc-client11%2Finclude%2Fc-client%2Fos_vu2.h&path=%2F%2Fopt%2Falt%2Flibc-client11%2Finclude%2Fc-client HTTP/1.1" 200 3122 "-" "Mozilla/5.0 AppleWebKit/537.36 (KHTML, like Gecko; compatible; GPTBot/1.2; +https://openai.com/gptbot)"
20.171.207.208 - - [17/Jun/2025:12:06:33 -0400] "GET /?filesrc=%2F%2Fopt%2Falt%2Flibc-client11%2Finclude%2Fc-client%2Fos_vu2.h&path=%2F%2Fopt%2Falt%2Flibc-client11%2Finclude%2Fc-client HTTP/1.1" 200 0 "-" "Mozilla/5.0 AppleWebKit/537.36 (KHTML, like Gecko; compatible; GPTBot/1.2; +https://openai.com/gptbot)"
20.171.207.208 - - [17/Jun/2025:12:06:34 -0400] "GET /?filesrc=%2F%2Fopt%2Falt%2Flibc-client11%2Finclude%2Fc-client%2Ffs.h&path=%2F%2Fopt%2Falt%2Flibc-client11%2Finclude%2Fc-client HTTP/1.1" 200 2425 "-" "Mozilla/5.0 AppleWebKit/537.36 (KHTML, like Gecko; compatible; GPTBot/1.2; +https://openai.com/gptbot)"
20.171.207.208 - - [17/Jun/2025:12:06:36 -0400] "GET /?filesrc=%2F%2Fopt%2Falt%2Flibc-client11%2Finclude%2Fc-client%2Fftl.h&path=%2F%2Fopt%2Falt%2Flibc-client11%2Finclude%2Fc-client HTTP/1.1" 200 2393 "-" "Mozilla/5.0 AppleWebKit/537.36 (KHTML, like Gecko; compatible; GPTBot/1.2; +https://openai.com/gptbot)"
20.171.207.208 - - [17/Jun/2025:12:06:38 -0400] "GET /?filesrc=%2F%2Fopt%2Falt%2Flibc-client11%2Finclude%2Fc-client%2Fnl.h&path=%2F%2Fopt%2Falt%2Flibc-client11%2Finclude%2Fc-client HTTP/1.1" 200 2438 "-" "Mozilla/5.0 AppleWebKit/537.36 (KHTML, like Gecko; compatible; GPTBot/1.2; +https://openai.com/gptbot)"
217.113.194.71 - - [17/Jun/2025:12:06:37 -0400] "GET /manga/btooom-chapter-50/?path=/home/honehdyv/readbtooom.com HTTP/1.1" 200 29755 "-" "Mozilla/5.0 (compatible; Barkrowler/0.9; +https://babbar.tech/crawler)"
74.225.186.185 - - [17/Jun/2025:12:06:40 -0400] "GET /wp-includes/images/smilies/fmkkrlglzk.php HTTP/1.1" 200 3596 "binance.com" "Mozilla/5.0 (Windows NT 10.0; Win64; x64) AppleWebKit/537.36 (KHTML, like Gecko) Chrome/90.0.4430.85 Safari/537.36"
20.171.207.208 - - [17/Jun/2025:12:06:41 -0400] "GET /?filesrc=%2F%2Fopt%2Falt%2Flibc-client11%2Finclude%2Fc-client%2Ftcp.h&path=%2F%2Fopt%2Falt%2Flibc-client11%2Finclude%2Fc-client HTTP/1.1" 200 2675 "-" "Mozilla/5.0 AppleWebKit/537.36 (KHTML, like Gecko; compatible; GPTBot/1.2; +https://openai.com/gptbot)"
3.93.253.174 - - [17/Jun/2025:12:06:37 -0400] "GET /?filesrc=//lib/locale/en_SG.utf8/LC_NUMERIC&path=//lib/locale/en_SG.utf8 HTTP/1.1" 200 19221 "-" "Mozilla/5.0 AppleWebKit/537.36 (KHTML, like Gecko; compatible; Amazonbot/0.1; +https://developer.amazon.com/support/amazonbot) Chrome/119.0.6045.214 Safari/537.36"
20.171.207.208 - - [17/Jun/2025:12:06:44 -0400] "GET /?filesrc=%2F%2Fopt%2Falt%2Flibc-client11%2Finclude%2Fc-client%2Fftl.h&path=%2F%2Fopt%2Falt%2Flibc-client11%2Finclude%2Fc-client HTTP/1.1" 200 2393 "-" "Mozilla/5.0 AppleWebKit/537.36 (KHTML, like Gecko; compatible; GPTBot/1.2; +https://openai.com/gptbot)"
35.168.238.50 - - [17/Jun/2025:12:06:42 -0400] "GET /?filesrc=//lib/firmware/rtlwifi/rtl8723aufw_A.bin&path=//lib/firmware/rtlwifi HTTP/1.1" 200 19195 "-" "Mozilla/5.0 AppleWebKit/537.36 (KHTML, like Gecko; compatible; Amazonbot/0.1; +https://developer.amazon.com/support/amazonbot) Chrome/119.0.6045.214 Safari/537.36"
20.171.207.208 - - [17/Jun/2025:12:06:49 -0400] "GET /?filesrc=%2F%2Fopt%2Falt%2Flibc-client11%2Finclude%2Fc-client%2Fnl.h&path=%2F%2Fopt%2Falt%2Flibc-client11%2Finclude%2Fc-client HTTP/1.1" 200 2438 "-" "Mozilla/5.0 AppleWebKit/537.36 (KHTML, like Gecko; compatible; GPTBot/1.2; +https://openai.com/gptbot)"
52.22.87.224 - - [17/Jun/2025:12:06:45 -0400] "GET /?filesrc=//lib/firmware/rtlwifi/rtl8188fufw.bin&path=//lib/firmware/rtlwifi HTTP/1.1" 200 19191 "-" "Mozilla/5.0 AppleWebKit/537.36 (KHTML, like Gecko; compatible; Amazonbot/0.1; +https://developer.amazon.com/support/amazonbot) Chrome/119.0.6045.214 Safari/537.36"
74.225.186.185 - - [17/Jun/2025:12:06:54 -0400] "GET /wp-includes/images/wlw/ HTTP/1.1" 200 3596 "binance.com" "Mozilla/5.0 (Windows NT 10.0; Win64; x64) AppleWebKit/537.36 (KHTML, like Gecko) Chrome/90.0.4430.85 Safari/537.36"
216.73.216.85 - - [17/Jun/2025:12:06:56 -0400] "GET /manga/btooom-chapter-74?filesrc=%2Fhome%2Fhonehdyv%2Freadbtooom.com%2Fwp-includes%2FSimplePie%2FXML%2FDeclaration%2FParser.php&path=%2Fhome%2Fhonehdyv%2Freadbtooom.com%2Fwp-includes%2FSimplePie%2FXML%2FDeclaration HTTP/1.1" 200 4180 "-" "Mozilla/5.0 AppleWebKit/537.36 (KHTML, like Gecko; compatible; ClaudeBot/1.0; [email protected])"
216.73.216.85 - - [17/Jun/2025:12:06:56 -0400] "GET /manga/btooom-chapter-74?filesrc=%2F%2Fusr%2Flib64%2Fpython2.7%2Fcopy_reg.pyc&path=%2F%2Fusr%2Flib64%2Fpython2.7 HTTP/1.1" 200 2003 "-" "Mozilla/5.0 AppleWebKit/537.36 (KHTML, like Gecko; compatible; ClaudeBot/1.0; [email protected])"
216.73.216.85 - - [17/Jun/2025:12:06:56 -0400] "GET /manga/btooom-chapter-74?filesrc=%2F%2Fusr%2Finclude%2Flinux%2Fsem.h&path=%2F%2Fusr%2Finclude%2Flinux HTTP/1.1" 200 3260 "-" "Mozilla/5.0 AppleWebKit/537.36 (KHTML, like Gecko; compatible; ClaudeBot/1.0; [email protected])"
216.73.216.85 - - [17/Jun/2025:12:06:56 -0400] "GET /manga/btooom-chapter-74?filesrc=%2F%2Fusr%2Flib64%2Fpython2.7%2Fmultiprocessing%2F__init__.pyo&path=%2F%2Fusr%2Flib64%2Fpython2.7%2Fmultiprocessing HTTP/1.1" 200 2010 "-" "Mozilla/5.0 AppleWebKit/537.36 (KHTML, like Gecko; compatible; ClaudeBot/1.0; [email protected])"
216.73.216.85 - - [17/Jun/2025:12:06:56 -0400] "GET /manga/btooom-chapter-74?filesrc=%2F%2Fusr%2Flib64%2Fpython2.7%2Fast.pyo&path=%2F%2Fusr%2Flib64%2Fpython2.7 HTTP/1.1" 200 1993 "-" "Mozilla/5.0 AppleWebKit/537.36 (KHTML, like Gecko; compatible; ClaudeBot/1.0; [email protected])"
20.171.207.208 - - [17/Jun/2025:12:06:57 -0400] "GET /?filesrc=%2F%2Fopt%2Falt%2Flibc-client11%2Finclude%2Fc-client%2Ftcp.h&path=%2F%2Fopt%2Falt%2Flibc-client11%2Finclude%2Fc-client HTTP/1.1" 200 2675 "-" "Mozilla/5.0 AppleWebKit/537.36 (KHTML, like Gecko; compatible; GPTBot/1.2; +https://openai.com/gptbot)"
216.73.216.85 - - [17/Jun/2025:12:06:59 -0400] "GET /manga/btooom-chapter-74?filesrc=%2Fhome%2Fhonehdyv%2Freadbtooom.com%2Fwp-includes%2Fjs%2Fdist%2Fprivate-apis.js&path=%2Fhome%2Fhonehdyv%2Freadbtooom.com%2Fwp-includes%2Fjs%2Fdist HTTP/1.1" 200 4823 "-" "Mozilla/5.0 AppleWebKit/537.36 (KHTML, like Gecko; compatible; ClaudeBot/1.0; [email protected])"
216.73.216.85 - - [17/Jun/2025:12:07:01 -0400] "GET /manga/btooom-chapter-74?filesrc=%2F%2Flib64%2Fpython2.7%2Fdummy_threading.py&path=%2F%2Flib64%2Fpython2.7 HTTP/1.1" 200 2797 "-" "Mozilla/5.0 AppleWebKit/537.36 (KHTML, like Gecko; compatible; ClaudeBot/1.0; [email protected])"
20.171.207.208 - - [17/Jun/2025:12:07:01 -0400] "GET /?filesrc=%2F%2Fopt%2Falt%2Flibc-client11%2Finclude%2Fc-client%2Ffs.h&path=%2F%2Fopt%2Falt%2Flibc-client11%2Finclude%2Fc-client HTTP/1.1" 200 2425 "-" "Mozilla/5.0 AppleWebKit/537.36 (KHTML, like Gecko; compatible; GPTBot/1.2; +https://openai.com/gptbot)"
216.73.216.85 - - [17/Jun/2025:12:07:01 -0400] "GET /manga/btooom-chapter-74?filesrc=%2Fhome%2Fhonehdyv%2Fyours-toclaim.com%2Fwp-includes%2Fblock-patterns%2Fquery-offset-posts.php&path=%2Fhome%2Fhonehdyv%2Fyours-toclaim.com%2Fwp-includes%2Fblock-patterns HTTP/1.1" 200 2620 "-" "Mozilla/5.0 AppleWebKit/537.36 (KHTML, like Gecko; compatible; ClaudeBot/1.0; [email protected])"
216.73.216.85 - - [17/Jun/2025:12:07:01 -0400] "GET /manga/btooom-chapter-74/?filesrc=%2Fhome%2Fhonehdyv%2Fyours-toclaim.com%2Fwp-content%2Fplugins%2Fwp-automatic%2Fcore.reddit.php&path=%2Fhome%2Fhonehdyv%2Fyours-toclaim.com%2Fwp-content%2Fplugins%2Fwp-automatic HTTP/1.1" 200 32437 "-" "Mozilla/5.0 AppleWebKit/537.36 (KHTML, like Gecko; compatible; ClaudeBot/1.0; [email protected])"
216.73.216.85 - - [17/Jun/2025:12:07:02 -0400] "GET /manga/btooom-chapter-74?filesrc=%2Fhome%2Fhonehdyv%2Freadbtooom.com%2Fwp-includes%2Frest-api%2Fsearch%2Fclass-wp-rest-search-handler.php&path=%2Fhome%2Fhonehdyv%2Freadbtooom.com%2Fwp-includes%2Frest-api%2Fsearch HTTP/1.1" 200 2753 "-" "Mozilla/5.0 AppleWebKit/537.36 (KHTML, like Gecko; compatible; ClaudeBot/1.0; [email protected])"
217.113.194.71 - - [17/Jun/2025:12:06:58 -0400] "GET /manga/btooom-chapter-42/?path=/home/honehdyv/readbtooom.com HTTP/1.1" 200 30328 "-" "Mozilla/5.0 (compatible; Barkrowler/0.9; +https://babbar.tech/crawler)"
216.73.216.85 - - [17/Jun/2025:12:07:05 -0400] "GET /manga/btooom-chapter-74?filesrc=%2F%2Flib64%2Fpython2.7%2Fnturl2path.py&path=%2F%2Flib64%2Fpython2.7 HTTP/1.1" 200 2862 "-" "Mozilla/5.0 AppleWebKit/537.36 (KHTML, like Gecko; compatible; ClaudeBot/1.0; [email protected])"
216.73.216.85 - - [17/Jun/2025:12:07:07 -0400] "GET /manga/btooom-chapter-74?filesrc=%2Fhome%2Fhonehdyv%2Freadbtooom.com%2Fwp-content%2Fplugins%2Fduplicate-page%2Finc%2F.htaccess&path=%2Fhome%2Fhonehdyv%2Freadbtooom.com%2Fwp-content%2Fplugins%2Fduplicate-page%2Finc HTTP/1.1" 403 1242 "-" "Mozilla/5.0 AppleWebKit/537.36 (KHTML, like Gecko; compatible; ClaudeBot/1.0; [email protected])"
216.73.216.85 - - [17/Jun/2025:12:07:01 -0400] "GET /manga/btooom-chapter-74/?filesrc=%2F%2Flib64%2Fpython2.7%2Fcommands.py&path=%2F%2Flib64%2Fpython2.7 HTTP/1.1" 200 29608 "-" "Mozilla/5.0 AppleWebKit/537.36 (KHTML, like Gecko; compatible; ClaudeBot/1.0; [email protected])"
20.171.207.208 - - [17/Jun/2025:12:07:04 -0400] "GET /?filesrc=%2F%2Fopt%2Falt%2Flibc-client11%2Finclude%2Fc-client%2Futf8.h&path=%2F%2Fopt%2Falt%2Flibc-client11%2Finclude%2Fc-client HTTP/1.1" 200 8770 "-" "Mozilla/5.0 AppleWebKit/537.36 (KHTML, like Gecko; compatible; GPTBot/1.2; +https://openai.com/gptbot)"
216.73.216.85 - - [17/Jun/2025:12:07:05 -0400] "GET /manga/btooom-chapter-74?filesrc=%2Fhome%2Fhonehdyv%2Fyours-toclaim.com%2Fwp-includes%2Fjs%2Fwp-api.js&path=%2Fhome%2Fhonehdyv%2Fyours-toclaim.com%2Fwp-includes%2Fjs HTTP/1.1" 200 13339 "-" "Mozilla/5.0 AppleWebKit/537.36 (KHTML, like Gecko; compatible; ClaudeBot/1.0; [email protected])"
216.73.216.85 - - [17/Jun/2025:12:07:08 -0400] "GET /manga/btooom-chapter-74?filesrc=%2F%2Flib64%2Fpython3.8%2Fasyncio%2Fsubprocess.py&path=%2F%2Flib64%2Fpython3.8%2Fasyncio HTTP/1.1" 200 3916 "-" "Mozilla/5.0 AppleWebKit/537.36 (KHTML, like Gecko; compatible; ClaudeBot/1.0; [email protected])"
20.171.207.208 - - [17/Jun/2025:12:07:08 -0400] "GET /?filesrc=%2F%2Fopt%2Falt%2Flibc-client11%2Finclude%2Fc-client%2Fenv.h&path=%2F%2Fopt%2Falt%2Flibc-client11%2Finclude%2Fc-client HTTP/1.1" 200 2609 "-" "Mozilla/5.0 AppleWebKit/537.36 (KHTML, like Gecko; compatible; GPTBot/1.2; +https://openai.com/gptbot)"
216.73.216.85 - - [17/Jun/2025:12:07:09 -0400] "GET /manga/btooom-chapter-74?filesrc=%2Fhome%2Fhonehdyv%2Fyours-toclaim.com%2Fwp-includes%2Fjs%2Fdist%2Fhtml-entities.js&path=%2Fhome%2Fhonehdyv%2Fyours-toclaim.com%2Fwp-includes%2Fjs%2Fdist HTTP/1.1" 200 3324 "-" "Mozilla/5.0 AppleWebKit/537.36 (KHTML, like Gecko; compatible; ClaudeBot/1.0; [email protected])"
216.73.216.85 - - [17/Jun/2025:12:07:08 -0400] "GET /manga/btooom-chapter-74?filesrc=%2Fhome%2Fhonehdyv%2Freadbtooom.com%2Fwp-includes%2Fjs%2Fdist%2Fcomponents.js&path=%2Fhome%2Fhonehdyv%2Freadbtooom.com%2Fwp-includes%2Fjs%2Fdist HTTP/1.1" 200 636004 "-" "Mozilla/5.0 AppleWebKit/537.36 (KHTML, like Gecko; compatible; ClaudeBot/1.0; [email protected])"
216.73.216.85 - - [17/Jun/2025:12:07:08 -0400] "GET /manga/btooom-chapter-74?filesrc=%2Fhome%2Fhonehdyv%2Fyours-toclaim.com%2Fwp-content%2Fplugins%2Fwp-automatic%2Fposted_metabox.php&path=%2Fhome%2Fhonehdyv%2Fyours-toclaim.com%2Fwp-content%2Fplugins%2Fwp-automatic HTTP/1.1" 200 2555 "-" "Mozilla/5.0 AppleWebKit/537.36 (KHTML, like Gecko; compatible; ClaudeBot/1.0; [email protected])"
74.225.186.185 - - [17/Jun/2025:12:07:11 -0400] "GET /wp-includes/js/%20 HTTP/1.1" 200 0 "binance.com" "Mozilla/5.0 (Windows NT 10.0; Win64; x64) AppleWebKit/537.36 (KHTML, like Gecko) Chrome/90.0.4430.85 Safari/537.36"
216.73.216.85 - - [17/Jun/2025:12:07:09 -0400] "GET /manga/btooom-chapter-74?filesrc=%2F%2Fusr%2Flib64%2Fpython2.7%2Flib2to3%2Ffixer_util.pyo&path=%2F%2Fusr%2Flib64%2Fpython2.7%2Flib2to3 HTTP/1.1" 200 2016 "-" "Mozilla/5.0 AppleWebKit/537.36 (KHTML, like Gecko; compatible; ClaudeBot/1.0; [email protected])"
216.73.216.85 - - [17/Jun/2025:12:07:11 -0400] "GET /manga/btooom-chapter-74?filesrc=%2F%2Fusr%2Flib64%2Fpython2.7%2Fdis.pyo&path=%2F%2Fusr%2Flib64%2Fpython2.7 HTTP/1.1" 200 1993 "-" "Mozilla/5.0 AppleWebKit/537.36 (KHTML, like Gecko; compatible; ClaudeBot/1.0; [email protected])"
216.73.216.85 - - [17/Jun/2025:12:07:11 -0400] "GET /manga/btooom-chapter-74?filesrc=%2Fhome%2Fhonehdyv%2Freadbtooom.com%2Fwp-content%2Fplugins%2Fduplicate-page%2Flanguages%2Fduplicate-page-hi_IN.po&path=%2Fhome%2Fhonehdyv%2Freadbtooom.com%2Fwp-content%2Fplugins%2Fduplicate-page%2Flanguages HTTP/1.1" 200 3836 "-" "Mozilla/5.0 AppleWebKit/537.36 (KHTML, like Gecko; compatible; ClaudeBot/1.0; [email protected])"
20.171.207.208 - - [17/Jun/2025:12:07:11 -0400] "GET /?filesrc=%2F%2Fopt%2Falt%2Flibc-client11%2Finclude%2Fc-client%2Fenv.h&path=%2F%2Fopt%2Falt%2Flibc-client11%2Finclude%2Fc-client HTTP/1.1" 200 2609 "-" "Mozilla/5.0 AppleWebKit/537.36 (KHTML, like Gecko; compatible; GPTBot/1.2; +https://openai.com/gptbot)"
216.73.216.85 - - [17/Jun/2025:12:07:09 -0400] "GET /manga/btooom-chapter-74/?filesrc=%2F%2Flib%2Fpython2.7%2Fsite-packages%2Fsetuptools%2Fsandbox.pyc&path=%2F%2Flib%2Fpython2.7%2Fsite-packages%2Fsetuptools HTTP/1.1" 200 28382 "-" "Mozilla/5.0 AppleWebKit/537.36 (KHTML, like Gecko; compatible; ClaudeBot/1.0; [email protected])"
216.73.216.85 - - [17/Jun/2025:12:07:10 -0400] "GET /manga/btooom-chapter-74/?filesrc=%2Fhome%2Fhonehdyv%2Fyours-toclaim.com%2Fwp-content%2Fplugins%2Fwp-automatic%2Fdownloader.php&path=%2Fhome%2Fhonehdyv%2Fyours-toclaim.com%2Fwp-content%2Fplugins%2Fwp-automatic HTTP/1.1" 200 29747 "-" "Mozilla/5.0 AppleWebKit/537.36 (KHTML, like Gecko; compatible; ClaudeBot/1.0; [email protected])"
20.171.207.208 - - [17/Jun/2025:12:07:14 -0400] "GET /?filesrc=%2F%2Fopt%2Falt%2Flibc-client11%2Finclude%2Fc-client%2Fos_d-g.h&path=%2F%2Fopt%2Falt%2Flibc-client11%2Finclude%2Fc-client HTTP/1.1" 200 2642 "-" "Mozilla/5.0 AppleWebKit/537.36 (KHTML, like Gecko; compatible; GPTBot/1.2; +https://openai.com/gptbot)"
20.171.207.208 - - [17/Jun/2025:12:07:17 -0400] "GET /?filesrc=%2F%2Fopt%2Falt%2Flibc-client11%2Finclude%2Fc-client%2Fos_d-g.h&path=%2F%2Fopt%2Falt%2Flibc-client11%2Finclude%2Fc-client HTTP/1.1" 200 2642 "-" "Mozilla/5.0 AppleWebKit/537.36 (KHTML, like Gecko; compatible; GPTBot/1.2; +https://openai.com/gptbot)"
54.85.7.119 - - [17/Jun/2025:12:07:17 -0400] "GET /dmca/?filesrc=//lib/firmware/qat_4xxx.bin&path=//lib/firmware HTTP/1.1" 200 10448 "-" "Mozilla/5.0 AppleWebKit/537.36 (KHTML, like Gecko; compatible; Amazonbot/0.1; +https://developer.amazon.com/support/amazonbot) Chrome/119.0.6045.214 Safari/537.36"
20.171.207.208 - - [17/Jun/2025:12:07:20 -0400] "GET /?aksi=buatfolder&path=%2F%2Fopt%2Falt%2Falt-nodejs6%2Froot%2Fsbin HTTP/1.1" 200 2073 "-" "Mozilla/5.0 AppleWebKit/537.36 (KHTML, like Gecko; compatible; GPTBot/1.2; +https://openai.com/gptbot)"
74.225.186.185 - - [17/Jun/2025:12:07:22 -0400] "GET /wp-includes/js/codemirror/ HTTP/1.1" 200 1110 "binance.com" "Mozilla/5.0 (Windows NT 10.0; Win64; x64) AppleWebKit/537.36 (KHTML, like Gecko) Chrome/90.0.4430.85 Safari/537.36"
20.171.207.208 - - [17/Jun/2025:12:07:22 -0400] "GET /?aksi=buatfolder&path=%2F%2Fopt%2Falt%2Falt-nodejs6%2Froot%2Fmnt HTTP/1.1" 200 2071 "-" "Mozilla/5.0 AppleWebKit/537.36 (KHTML, like Gecko; compatible; GPTBot/1.2; +https://openai.com/gptbot)"
217.113.194.70 - - [17/Jun/2025:12:07:21 -0400] "GET /manga/btooom-chapter-55/?path=/home/honehdyv/readbtooom.com HTTP/1.1" 200 29045 "-" "Mozilla/5.0 (compatible; Barkrowler/0.9; +https://babbar.tech/crawler)"
20.171.207.208 - - [17/Jun/2025:12:07:25 -0400] "GET /?aksi=buatfile&path=%2F%2Fopt%2Falt%2Falt-nodejs9%2Froot%2Fmedia HTTP/1.1" 200 2131 "-" "Mozilla/5.0 AppleWebKit/537.36 (KHTML, like Gecko; compatible; GPTBot/1.2; +https://openai.com/gptbot)"
20.171.207.208 - - [17/Jun/2025:12:07:27 -0400] "GET /?filesrc=%2F%2Fopt%2Falt%2Flibc-client11%2Finclude%2Fc-client%2Ftcp.h&path=%2F%2Fopt%2Falt%2Flibc-client11%2Finclude%2Fc-client HTTP/1.1" 200 2675 "-" "Mozilla/5.0 AppleWebKit/537.36 (KHTML, like Gecko; compatible; GPTBot/1.2; +https://openai.com/gptbot)"
3.215.221.125 - - [17/Jun/2025:12:07:25 -0400] "GET /?path=//lib/locale/en_ZW.utf8/LC_MESSAGES HTTP/1.1" 200 19650 "-" "Mozilla/5.0 AppleWebKit/537.36 (KHTML, like Gecko; compatible; Amazonbot/0.1; +https://developer.amazon.com/support/amazonbot) Chrome/119.0.6045.214 Safari/537.36"
20.171.207.208 - - [17/Jun/2025:12:07:29 -0400] "GET /?aksi=buatfile&path=%2F%2Fopt%2Falt%2Falt-nodejs6%2Froot%2Fmedia HTTP/1.1" 200 2131 "-" "Mozilla/5.0 AppleWebKit/537.36 (KHTML, like Gecko; compatible; GPTBot/1.2; +https://openai.com/gptbot)"
74.225.186.185 - - [17/Jun/2025:12:07:32 -0400] "GET /wp-includes/js/plupload/ HTTP/1.1" 200 1166 "binance.com" "Mozilla/5.0 (Windows NT 10.0; Win64; x64) AppleWebKit/537.36 (KHTML, like Gecko) Chrome/90.0.4430.85 Safari/537.36"
20.171.207.208 - - [17/Jun/2025:12:07:31 -0400] "GET /?path=%2F%2Fopt%2Falt%2Falt-nodejs9%2Froot%2Fvar%2Flocal HTTP/1.1" 200 2146 "-" "Mozilla/5.0 AppleWebKit/537.36 (KHTML, like Gecko; compatible; GPTBot/1.2; +https://openai.com/gptbot)"
20.171.207.208 - - [17/Jun/2025:12:07:33 -0400] "GET /?path=%2F%2Fopt%2Falt%2Falt-nodejs6%2Froot%2Fusr%2Fshare HTTP/1.1" 200 3045 "-" "Mozilla/5.0 AppleWebKit/537.36 (KHTML, like Gecko; compatible; GPTBot/1.2; +https://openai.com/gptbot)"
20.171.207.208 - - [17/Jun/2025:12:07:36 -0400] "GET /?path=%2F%2Fopt%2Falt%2Falt-nodejs6%2Froot%2Fvar%2Flocal HTTP/1.1" 200 2146 "-" "Mozilla/5.0 AppleWebKit/537.36 (KHTML, like Gecko; compatible; GPTBot/1.2; +https://openai.com/gptbot)"
74.225.186.185 - - [17/Jun/2025:12:07:38 -0400] "GET /.well-known/ HTTP/1.1" 200 620 "binance.com" "Mozilla/5.0 (Windows NT 10.0; Win64; x64) AppleWebKit/537.36 (KHTML, like Gecko) Chrome/90.0.4430.85 Safari/537.36"
20.171.207.208 - - [17/Jun/2025:12:07:39 -0400] "GET /?path=%2F%2Fopt%2Falt%2Falt-nodejs6%2Froot%2Fvar%2Flocal HTTP/1.1" 200 2146 "-" "Mozilla/5.0 AppleWebKit/537.36 (KHTML, like Gecko; compatible; GPTBot/1.2; +https://openai.com/gptbot)"
20.171.207.208 - - [17/Jun/2025:12:07:41 -0400] "GET /?path=%2F%2Fopt%2Falt%2Falt-nodejs6%2Froot%2Fvar%2Fspool HTTP/1.1" 200 2455 "-" "Mozilla/5.0 AppleWebKit/537.36 (KHTML, like Gecko; compatible; GPTBot/1.2; +https://openai.com/gptbot)"
217.113.194.66 - - [17/Jun/2025:12:07:41 -0400] "GET /?path=/home/honehdyv/readbtooom.com&aksi=ransom HTTP/1.1" 200 20829 "-" "Mozilla/5.0 (compatible; Barkrowler/0.9; +https://babbar.tech/crawler)"
20.171.207.208 - - [17/Jun/2025:12:07:45 -0400] "GET /?path=%2F%2Fopt%2Falt%2Falt-nodejs9%2Froot%2Fusr%2Flocal HTTP/1.1" 200 2653 "-" "Mozilla/5.0 AppleWebKit/537.36 (KHTML, like Gecko; compatible; GPTBot/1.2; +https://openai.com/gptbot)"
20.171.207.208 - - [17/Jun/2025:12:07:47 -0400] "GET /?path=%2F%2Fopt%2Falt%2Falt-nodejs6%2Froot%2Fusr%2Flocal HTTP/1.1" 200 2653 "-" "Mozilla/5.0 AppleWebKit/537.36 (KHTML, like Gecko; compatible; GPTBot/1.2; +https://openai.com/gptbot)"
20.171.207.208 - - [17/Jun/2025:12:07:50 -0400] "GET /?path=%2F%2Fopt%2Falt%2Falt-nodejs6%2Froot%2Fusr%2Flocal HTTP/1.1" 200 2653 "-" "Mozilla/5.0 AppleWebKit/537.36 (KHTML, like Gecko; compatible; GPTBot/1.2; +https://openai.com/gptbot)"
20.171.207.208 - - [17/Jun/2025:12:07:52 -0400] "GET /?path=%2F%2Fopt%2Falt%2Falt-nodejs9%2Froot%2Fvar%2Fspool HTTP/1.1" 200 2455 "-" "Mozilla/5.0 AppleWebKit/537.36 (KHTML, like Gecko; compatible; GPTBot/1.2; +https://openai.com/gptbot)"
20.171.207.208 - - [17/Jun/2025:12:07:55 -0400] "GET /?path=%2F%2Fopt%2Falt%2Falt-nodejs6%2Froot%2Fvar%2Fspool HTTP/1.1" 200 2455 "-" "Mozilla/5.0 AppleWebKit/537.36 (KHTML, like Gecko; compatible; GPTBot/1.2; +https://openai.com/gptbot)"
20.171.207.208 - - [17/Jun/2025:12:07:58 -0400] "GET /?path=%2F%2Fopt%2Falt%2Falt-nodejs9%2Froot%2Fusr%2Fshare HTTP/1.1" 200 3045 "-" "Mozilla/5.0 AppleWebKit/537.36 (KHTML, like Gecko; compatible; GPTBot/1.2; +https://openai.com/gptbot)"
20.171.207.208 - - [17/Jun/2025:12:08:00 -0400] "GET /?path=%2F%2Fopt%2Falt%2Falt-nodejs6%2Froot%2Fusr%2Fshare HTTP/1.1" 200 3045 "-" "Mozilla/5.0 AppleWebKit/537.36 (KHTML, like Gecko; compatible; GPTBot/1.2; +https://openai.com/gptbot)"
217.113.194.245 - - [17/Jun/2025:12:08:02 -0400] "GET /privacy-policy/?path=/home/honehdyv/readbtooom.com&aksi=buatfile HTTP/1.1" 200 14643 "-" "Mozilla/5.0 (compatible; Barkrowler/0.9; +https://babbar.tech/crawler)"
20.171.207.208 - - [17/Jun/2025:12:08:03 -0400] "GET /?aksi=ransom&path=%2F%2Fopt%2Falt%2Falt-nodejs9%2Froot%2Fvar%2Flocal HTTP/1.1" 200 2146 "-" "Mozilla/5.0 AppleWebKit/537.36 (KHTML, like Gecko; compatible; GPTBot/1.2; +https://openai.com/gptbot)"
20.171.207.208 - - [17/Jun/2025:12:08:05 -0400] "GET /?aksi=buatfile&path=%2F%2Fopt%2Falt%2Falt-nodejs9%2Froot%2Fvar%2Flocal HTTP/1.1" 200 2146 "-" "Mozilla/5.0 AppleWebKit/537.36 (KHTML, like Gecko; compatible; GPTBot/1.2; +https://openai.com/gptbot)"
20.171.207.208 - - [17/Jun/2025:12:08:09 -0400] "GET /?aksi=ransom&path=%2F%2Fopt%2Falt%2Falt-nodejs6%2Froot%2Fvar%2Flocal HTTP/1.1" 200 2146 "-" "Mozilla/5.0 AppleWebKit/537.36 (KHTML, like Gecko; compatible; GPTBot/1.2; +https://openai.com/gptbot)"
20.171.207.208 - - [17/Jun/2025:12:08:13 -0400] "GET /?aksi=ransom&path=%2F%2Fopt%2Falt%2Falt-nodejs6%2Froot%2Fvar%2Fspool HTTP/1.1" 200 2455 "-" "Mozilla/5.0 AppleWebKit/537.36 (KHTML, like Gecko; compatible; GPTBot/1.2; +https://openai.com/gptbot)"
20.171.207.208 - - [17/Jun/2025:12:08:15 -0400] "GET /?aksi=ransom&path=%2F%2Fopt%2Falt%2Falt-nodejs9%2Froot%2Fusr%2Flocal HTTP/1.1" 200 2653 "-" "Mozilla/5.0 AppleWebKit/537.36 (KHTML, like Gecko; compatible; GPTBot/1.2; +https://openai.com/gptbot)"
20.171.207.208 - - [17/Jun/2025:12:08:18 -0400] "GET /?aksi=ransom&path=%2F%2Fopt%2Falt%2Falt-nodejs6%2Froot%2Fusr%2Flocal HTTP/1.1" 200 2653 "-" "Mozilla/5.0 AppleWebKit/537.36 (KHTML, like Gecko; compatible; GPTBot/1.2; +https://openai.com/gptbot)"
20.171.207.208 - - [17/Jun/2025:12:08:20 -0400] "GET /?aksi=ransom&path=%2F%2Fopt%2Falt%2Falt-nodejs6%2Froot%2Fusr%2Flocal HTTP/1.1" 200 2653 "-" "Mozilla/5.0 AppleWebKit/537.36 (KHTML, like Gecko; compatible; GPTBot/1.2; +https://openai.com/gptbot)"
217.113.194.67 - - [17/Jun/2025:12:08:20 -0400] "GET /privacy-policy/?path=/home/honehdyv/readbtooom.com&aksi=ransom HTTP/1.1" 200 14660 "-" "Mozilla/5.0 (compatible; Barkrowler/0.9; +https://babbar.tech/crawler)"
20.171.207.208 - - [17/Jun/2025:12:08:22 -0400] "GET /?aksi=ransom&path=%2F%2Fopt%2Falt%2Falt-nodejs6%2Froot%2Fvar%2Flocal HTTP/1.1" 200 2146 "-" "Mozilla/5.0 AppleWebKit/537.36 (KHTML, like Gecko; compatible; GPTBot/1.2; +https://openai.com/gptbot)"
20.171.207.208 - - [17/Jun/2025:12:08:24 -0400] "GET /?aksi=buatfile&path=%2F%2Fopt%2Falt%2Falt-nodejs6%2Froot%2Fvar%2Fspool HTTP/1.1" 200 2455 "-" "Mozilla/5.0 AppleWebKit/537.36 (KHTML, like Gecko; compatible; GPTBot/1.2; +https://openai.com/gptbot)"
20.171.207.208 - - [17/Jun/2025:12:08:26 -0400] "GET /?path=%2F%2Fopt%2Falt%2Falt-nodejs9%2Froot%2Fusr%2Fshare%2Fman HTTP/1.1" 200 2706 "-" "Mozilla/5.0 AppleWebKit/537.36 (KHTML, like Gecko; compatible; GPTBot/1.2; +https://openai.com/gptbot)"
20.171.207.208 - - [17/Jun/2025:12:08:27 -0400] "GET /?aksi=ransom&path=%2F%2Fopt%2Falt%2Falt-nodejs9%2Froot%2Fusr%2Fshare HTTP/1.1" 200 3045 "-" "Mozilla/5.0 AppleWebKit/537.36 (KHTML, like Gecko; compatible; GPTBot/1.2; +https://openai.com/gptbot)"
20.171.207.208 - - [17/Jun/2025:12:08:29 -0400] "GET /?aksi=ransom&path=%2F%2Fopt%2Falt%2Falt-nodejs6%2Froot%2Fusr%2Fshare HTTP/1.1" 200 3045 "-" "Mozilla/5.0 AppleWebKit/537.36 (KHTML, like Gecko; compatible; GPTBot/1.2; +https://openai.com/gptbot)"
20.171.207.208 - - [17/Jun/2025:12:08:31 -0400] "GET /?aksi=ransom&path=%2F%2Fopt%2Falt%2Falt-nodejs9%2Froot%2Fvar%2Fspool HTTP/1.1" 200 2455 "-" "Mozilla/5.0 AppleWebKit/537.36 (KHTML, like Gecko; compatible; GPTBot/1.2; +https://openai.com/gptbot)"
20.171.207.208 - - [17/Jun/2025:12:08:32 -0400] "GET /?aksi=ransom&path=%2F%2Fopt%2Falt%2Falt-nodejs6%2Froot%2Fvar%2Fspool HTTP/1.1" 200 2455 "-" "Mozilla/5.0 AppleWebKit/537.36 (KHTML, like Gecko; compatible; GPTBot/1.2; +https://openai.com/gptbot)"
20.171.207.208 - - [17/Jun/2025:12:08:34 -0400] "GET /?aksi=buatfile&path=%2F%2Fopt%2Falt%2Falt-nodejs9%2Froot%2Fvar%2Fspool HTTP/1.1" 200 2455 "-" "Mozilla/5.0 AppleWebKit/537.36 (KHTML, like Gecko; compatible; GPTBot/1.2; +https://openai.com/gptbot)"
20.171.207.208 - - [17/Jun/2025:12:08:35 -0400] "GET /?aksi=buatfile&path=%2F%2Fopt%2Falt%2Falt-nodejs6%2Froot%2Fvar%2Flocal HTTP/1.1" 200 2146 "-" "Mozilla/5.0 AppleWebKit/537.36 (KHTML, like Gecko; compatible; GPTBot/1.2; +https://openai.com/gptbot)"
20.171.207.208 - - [17/Jun/2025:12:08:36 -0400] "GET /?aksi=buatfile&path=%2F%2Fopt%2Falt%2Falt-nodejs6%2Froot%2Fusr%2Fshare HTTP/1.1" 200 3066 "-" "Mozilla/5.0 AppleWebKit/537.36 (KHTML, like Gecko; compatible; GPTBot/1.2; +https://openai.com/gptbot)"
20.171.207.208 - - [17/Jun/2025:12:08:38 -0400] "GET /?aksi=buatfolder&path=%2F%2Fopt%2Falt%2Falt-nodejs6%2Froot%2Fvar%2Fspool HTTP/1.1" 200 2084 "-" "Mozilla/5.0 AppleWebKit/537.36 (KHTML, like Gecko; compatible; GPTBot/1.2; +https://openai.com/gptbot)"
217.113.194.68 - - [17/Jun/2025:12:08:38 -0400] "GET /manga/btooom-chapter-121/?path=/home/honehdyv/readbtooom.com HTTP/1.1" 200 46052 "-" "Mozilla/5.0 (compatible; Barkrowler/0.9; +https://babbar.tech/crawler)"
20.171.207.208 - - [17/Jun/2025:12:08:40 -0400] "GET /?aksi=buatfolder&path=%2F%2Fopt%2Falt%2Falt-nodejs6%2Froot%2Fusr%2Fshare HTTP/1.1" 200 2084 "-" "Mozilla/5.0 AppleWebKit/537.36 (KHTML, like Gecko; compatible; GPTBot/1.2; +https://openai.com/gptbot)"
20.171.207.208 - - [17/Jun/2025:12:08:42 -0400] "GET /?aksi=buatfolder&path=%2F%2Fopt%2Falt%2Falt-nodejs9%2Froot%2Fusr%2Flocal HTTP/1.1" 200 2084 "-" "Mozilla/5.0 AppleWebKit/537.36 (KHTML, like Gecko; compatible; GPTBot/1.2; +https://openai.com/gptbot)"
20.171.207.208 - - [17/Jun/2025:12:08:45 -0400] "GET /?aksi=buatfolder&path=%2F%2Fopt%2Falt%2Falt-nodejs6%2Froot%2Fusr%2Fshare HTTP/1.1" 200 2084 "-" "Mozilla/5.0 AppleWebKit/537.36 (KHTML, like Gecko; compatible; GPTBot/1.2; +https://openai.com/gptbot)"
20.171.207.208 - - [17/Jun/2025:12:08:47 -0400] "GET /?aksi=buatfile&path=%2F%2Fopt%2Falt%2Falt-nodejs6%2Froot%2Fusr%2Fshare HTTP/1.1" 200 3045 "-" "Mozilla/5.0 AppleWebKit/537.36 (KHTML, like Gecko; compatible; GPTBot/1.2; +https://openai.com/gptbot)"
20.171.207.208 - - [17/Jun/2025:12:08:49 -0400] "GET /?aksi=buatfile&path=%2F%2Fopt%2Falt%2Falt-nodejs6%2Froot%2Fvar%2Fspool HTTP/1.1" 200 2455 "-" "Mozilla/5.0 AppleWebKit/537.36 (KHTML, like Gecko; compatible; GPTBot/1.2; +https://openai.com/gptbot)"
20.171.207.208 - - [17/Jun/2025:12:08:51 -0400] "GET /?path=%2F%2Fopt%2Falt%2Falt-nodejs9%2Froot%2Fusr%2Fshare%2Fman%2Fman1 HTTP/1.1" 200 4282 "-" "Mozilla/5.0 AppleWebKit/537.36 (KHTML, like Gecko; compatible; GPTBot/1.2; +https://openai.com/gptbot)"
20.171.207.208 - - [17/Jun/2025:12:08:54 -0400] "GET /?aksi=buatfolder&path=%2F%2Fopt%2Falt%2Falt-nodejs6%2Froot%2Fvar%2Flocal HTTP/1.1" 200 2084 "-" "Mozilla/5.0 AppleWebKit/537.36 (KHTML, like Gecko; compatible; GPTBot/1.2; +https://openai.com/gptbot)"
20.171.207.208 - - [17/Jun/2025:12:08:55 -0400] "GET /?aksi=buatfolder&path=%2F%2Fopt%2Falt%2Falt-nodejs9%2Froot%2Fvar%2Flocal HTTP/1.1" 200 2084 "-" "Mozilla/5.0 AppleWebKit/537.36 (KHTML, like Gecko; compatible; GPTBot/1.2; +https://openai.com/gptbot)"
3.218.103.254 - - [17/Jun/2025:12:08:57 -0400] "GET /?path=//var/lib/mysql/iosdqtnh_Almarai_Attendance HTTP/1.1" 200 0 "-" "Mozilla/5.0 AppleWebKit/537.36 (KHTML, like Gecko; compatible; Amazonbot/0.1; +https://developer.amazon.com/support/amazonbot) Chrome/119.0.6045.214 Safari/537.36"
20.171.207.208 - - [17/Jun/2025:12:08:57 -0400] "GET /?aksi=buatfolder&path=%2F%2Fopt%2Falt%2Falt-nodejs6%2Froot%2Fusr%2Flocal HTTP/1.1" 200 2084 "-" "Mozilla/5.0 AppleWebKit/537.36 (KHTML, like Gecko; compatible; GPTBot/1.2; +https://openai.com/gptbot)"
217.113.194.70 - - [17/Jun/2025:12:08:58 -0400] "GET /manga/btooom-chapter-103/?path=/home/honehdyv/readbtooom.com HTTP/1.1" 200 28822 "-" "Mozilla/5.0 (compatible; Barkrowler/0.9; +https://babbar.tech/crawler)"
20.171.207.208 - - [17/Jun/2025:12:08:59 -0400] "GET /?aksi=buatfolder&path=%2F%2Fopt%2Falt%2Falt-nodejs9%2Froot%2Fvar%2Fspool HTTP/1.1" 200 2084 "-" "Mozilla/5.0 AppleWebKit/537.36 (KHTML, like Gecko; compatible; GPTBot/1.2; +https://openai.com/gptbot)"
20.171.207.208 - - [17/Jun/2025:12:09:01 -0400] "GET /?aksi=buatfile&path=%2F%2Fopt%2Falt%2Falt-nodejs9%2Froot%2Fusr%2Flocal HTTP/1.1" 200 2653 "-" "Mozilla/5.0 AppleWebKit/537.36 (KHTML, like Gecko; compatible; GPTBot/1.2; +https://openai.com/gptbot)"
3.212.219.113 - - [17/Jun/2025:12:09:00 -0400] "GET /?filesrc=//lib/firmware/radeon/hainan_k_smc.bin&path=//lib/firmware/radeon HTTP/1.1" 200 19167 "-" "Mozilla/5.0 AppleWebKit/537.36 (KHTML, like Gecko; compatible; Amazonbot/0.1; +https://developer.amazon.com/support/amazonbot) Chrome/119.0.6045.214 Safari/537.36"
20.171.207.208 - - [17/Jun/2025:12:09:03 -0400] "GET /?aksi=buatfile&path=%2F%2Fopt%2Falt%2Falt-nodejs9%2Froot%2Fusr%2Fshare HTTP/1.1" 200 0 "-" "Mozilla/5.0 AppleWebKit/537.36 (KHTML, like Gecko; compatible; GPTBot/1.2; +https://openai.com/gptbot)"
20.171.207.208 - - [17/Jun/2025:12:09:05 -0400] "GET /?aksi=buatfolder&path=%2F%2Fopt%2Falt%2Falt-nodejs6%2Froot%2Fvar%2Flocal HTTP/1.1" 200 2084 "-" "Mozilla/5.0 AppleWebKit/537.36 (KHTML, like Gecko; compatible; GPTBot/1.2; +https://openai.com/gptbot)"
20.171.207.208 - - [17/Jun/2025:12:09:08 -0400] "GET /?aksi=buatfolder&path=%2F%2Fopt%2Falt%2Falt-nodejs6%2Froot%2Fvar%2Fspool HTTP/1.1" 200 2084 "-" "Mozilla/5.0 AppleWebKit/537.36 (KHTML, like Gecko; compatible; GPTBot/1.2; +https://openai.com/gptbot)"
20.171.207.208 - - [17/Jun/2025:12:09:10 -0400] "GET /?aksi=ransom&path=%2F%2Fopt%2Falt%2Falt-nodejs6%2Froot%2Fusr%2Fshare HTTP/1.1" 500 0 "-" "Mozilla/5.0 AppleWebKit/537.36 (KHTML, like Gecko; compatible; GPTBot/1.2; +https://openai.com/gptbot)"
20.171.207.208 - - [17/Jun/2025:12:09:12 -0400] "GET /?aksi=buatfolder&path=%2F%2Fopt%2Falt%2Falt-nodejs6%2Froot%2Fusr%2Flocal HTTP/1.1" 200 2084 "-" "Mozilla/5.0 AppleWebKit/537.36 (KHTML, like Gecko; compatible; GPTBot/1.2; +https://openai.com/gptbot)"
20.171.207.208 - - [17/Jun/2025:12:09:16 -0400] "GET /?aksi=buatfile&path=%2F%2Fopt%2Falt%2Falt-nodejs6%2Froot%2Fusr%2Flocal HTTP/1.1" 200 2653 "-" "Mozilla/5.0 AppleWebKit/537.36 (KHTML, like Gecko; compatible; GPTBot/1.2; +https://openai.com/gptbot)"
217.113.194.70 - - [17/Jun/2025:12:09:17 -0400] "GET /manga/btooom-chapter-109/?path=/home/honehdyv/readbtooom.com HTTP/1.1" 200 31157 "-" "Mozilla/5.0 (compatible; Barkrowler/0.9; +https://babbar.tech/crawler)"
20.171.207.208 - - [17/Jun/2025:12:09:22 -0400] "GET /?aksi=ransom&path=%2F%2Fopt%2Falt%2Falt-nodejs9%2Froot%2Fusr%2Fshare%2Fman%2Fman1 HTTP/1.1" 200 4339 "-" "Mozilla/5.0 AppleWebKit/537.36 (KHTML, like Gecko; compatible; GPTBot/1.2; +https://openai.com/gptbot)"
20.171.207.208 - - [17/Jun/2025:12:09:25 -0400] "GET /?aksi=buatfile&path=%2F%2Fopt%2Falt%2Falt-nodejs6%2Froot%2Fusr%2Flocal HTTP/1.1" 200 0 "-" "Mozilla/5.0 AppleWebKit/537.36 (KHTML, like Gecko; compatible; GPTBot/1.2; +https://openai.com/gptbot)"
47.128.17.204 - - [17/Jun/2025:12:09:28 -0400] "GET /manga/btooom-chapter-10/?filesrc=%2Fhome%2Fhonehdyv%2Fcoursedownloadly.com%2F.htaccess&path=%2Fhome%2Fhonehdyv%2Fcoursedownloadly.com HTTP/1.1" 403 1242 "-" "Mozilla/5.0 (Linux; Android 5.0) AppleWebKit/537.36 (KHTML, like Gecko) Mobile Safari/537.36 (compatible; Bytespider; [email protected])"
20.171.207.208 - - [17/Jun/2025:12:09:29 -0400] "GET /?aksi=buatfolder&path=%2F%2Fopt%2Falt%2Falt-nodejs9%2Froot%2Fusr%2Fshare HTTP/1.1" 200 2084 "-" "Mozilla/5.0 AppleWebKit/537.36 (KHTML, like Gecko; compatible; GPTBot/1.2; +https://openai.com/gptbot)"
