20.171.207.208 - - [17/Jun/2025:09:10:36 -0400] "GET /?filesrc=%2F%2Fproc%2Fself%2Froot%2Fusr%2Fshare%2Fman%2Fman3%2Ftcflush.3.gz&path=%2F%2Fproc%2Fself%2Froot%2Fusr%2Fshare%2Fman%2Fman3 HTTP/1.1" 301 2027 "-" "Mozilla/5.0 AppleWebKit/537.36 (KHTML, like Gecko; compatible; GPTBot/1.2; +https://openai.com/gptbot)"
100.29.155.89 - - [17/Jun/2025:09:10:44 -0400] "GET /?filesrc=//opt/alt/alt-nodejs18/enable&path=//opt/alt/alt-nodejs18 HTTP/1.1" 503 854 "-" "Mozilla/5.0 AppleWebKit/537.36 (KHTML, like Gecko; compatible; Amazonbot/0.1; +https://developer.amazon.com/support/amazonbot) Chrome/119.0.6045.214 Safari/537.36"
20.171.207.208 - - [17/Jun/2025:09:10:52 -0400] "GET /?filesrc=%2F%2Fproc%2Fself%2Froot%2Fusr%2Fshare%2Fman%2Fman3%2Foptarg.3.gz&path=%2F%2Fproc%2Fself%2Froot%2Fusr%2Fshare%2Fman%2Fman3 HTTP/1.1" 200 2029 "-" "Mozilla/5.0 AppleWebKit/537.36 (KHTML, like Gecko; compatible; GPTBot/1.2; +https://openai.com/gptbot)"
20.171.207.208 - - [17/Jun/2025:09:11:05 -0400] "GET /?filesrc=%2F%2Fproc%2Fself%2Froot%2Fusr%2Fshare%2Fman%2Fman3%2Fbignum.3pm.gz&path=%2F%2Fproc%2Fself%2Froot%2Fusr%2Fshare%2Fman%2Fman3 HTTP/1.1" 200 0 "-" "Mozilla/5.0 AppleWebKit/537.36 (KHTML, like Gecko; compatible; GPTBot/1.2; +https://openai.com/gptbot)"
34.231.181.240 - - [17/Jun/2025:09:11:08 -0400] "GET /?path=//var/lib/mysql/puunyftp_Pucuk99 HTTP/1.1" 200 19340 "-" "Mozilla/5.0 AppleWebKit/537.36 (KHTML, like Gecko; compatible; Amazonbot/0.1; +https://developer.amazon.com/support/amazonbot) Chrome/119.0.6045.214 Safari/537.36"
20.171.207.208 - - [17/Jun/2025:09:11:17 -0400] "GET /?filesrc=%2F%2Fproc%2Fself%2Froot%2Fusr%2Fshare%2Fman%2Fman3%2Fwattr_on.3x.gz&path=%2F%2Fproc%2Fself%2Froot%2Fusr%2Fshare%2Fman%2Fman3 HTTP/1.1" 200 0 "-" "Mozilla/5.0 AppleWebKit/537.36 (KHTML, like Gecko; compatible; GPTBot/1.2; +https://openai.com/gptbot)"
20.171.207.208 - - [17/Jun/2025:09:11:29 -0400] "GET /?filesrc=%2F%2Fproc%2Fself%2Froot%2Fusr%2Fshare%2Fman%2Fman3%2Fvsyslog.3.gz&path=%2F%2Fproc%2Fself%2Froot%2Fusr%2Fshare%2Fman%2Fman3 HTTP/1.1" 200 2030 "-" "Mozilla/5.0 AppleWebKit/537.36 (KHTML, like Gecko; compatible; GPTBot/1.2; +https://openai.com/gptbot)"
20.171.207.208 - - [17/Jun/2025:09:11:39 -0400] "GET /?filesrc=%2F%2Fproc%2Fself%2Froot%2Fusr%2Fshare%2Fman%2Fman3%2Fstrdupa.3.gz&path=%2F%2Fproc%2Fself%2Froot%2Fusr%2Fshare%2Fman%2Fman3 HTTP/1.1" 200 2029 "-" "Mozilla/5.0 AppleWebKit/537.36 (KHTML, like Gecko; compatible; GPTBot/1.2; +https://openai.com/gptbot)"
3.221.50.71 - - [17/Jun/2025:09:11:40 -0400] "GET /?filesrc=//lib/firmware/ueagle-atm/CMVepFR10.bin&path=//lib/firmware/ueagle-atm HTTP/1.1" 200 19181 "-" "Mozilla/5.0 AppleWebKit/537.36 (KHTML, like Gecko; compatible; Amazonbot/0.1; +https://developer.amazon.com/support/amazonbot) Chrome/119.0.6045.214 Safari/537.36"
52.44.174.136 - - [17/Jun/2025:09:11:44 -0400] "GET /?path=//var/lib/mysql/easyztzh_test_landlord HTTP/1.1" 200 0 "-" "Mozilla/5.0 AppleWebKit/537.36 (KHTML, like Gecko; compatible; Amazonbot/0.1; +https://developer.amazon.com/support/amazonbot) Chrome/119.0.6045.214 Safari/537.36"
216.73.216.48 - - [17/Jun/2025:09:11:50 -0400] "GET /manga/btooom-chapter-74?filesrc=%2Fhome%2Fhonehdyv%2Freadbtooom.com%2Fwp-includes%2Fjs%2Fjquery%2Fui%2Feffect-puff.js&path=%2Fhome%2Fhonehdyv%2Freadbtooom.com%2Fwp-includes%2Fjs%2Fjquery%2Fui HTTP/1.1" 200 0 "-" "Mozilla/5.0 AppleWebKit/537.36 (KHTML, like Gecko; compatible; ClaudeBot/1.0; [email protected])"
216.73.216.48 - - [17/Jun/2025:09:11:50 -0400] "GET /manga/btooom-chapter-74?filesrc=%2F%2Fusr%2Flib64%2Fpython2.7%2Fmultiprocessing%2Fconnection.pyo&path=%2F%2Fusr%2Flib64%2Fpython2.7%2Fmultiprocessing HTTP/1.1" 200 0 "-" "Mozilla/5.0 AppleWebKit/537.36 (KHTML, like Gecko; compatible; ClaudeBot/1.0; [email protected])"
216.73.216.48 - - [17/Jun/2025:09:11:50 -0400] "GET /manga/btooom-chapter-74?filesrc=%2F%2Fusr%2Flib64%2Fpython2.7%2Fsunau.pyc&path=%2F%2Fusr%2Flib64%2Fpython2.7 HTTP/1.1" 200 0 "-" "Mozilla/5.0 AppleWebKit/537.36 (KHTML, like Gecko; compatible; ClaudeBot/1.0; [email protected])"
216.73.216.48 - - [17/Jun/2025:09:11:50 -0400] "GET /manga/btooom-chapter-74?filesrc=%2Fhome%2Fhonehdyv%2Freadbtooom.com%2Fwp-includes%2Fjs%2Fdist%2Fhtml-entities.js&path=%2Fhome%2Fhonehdyv%2Freadbtooom.com%2Fwp-includes%2Fjs%2Fdist HTTP/1.1" 503 854 "-" "Mozilla/5.0 AppleWebKit/537.36 (KHTML, like Gecko; compatible; ClaudeBot/1.0; [email protected])"
216.73.216.48 - - [17/Jun/2025:09:11:51 -0400] "GET /manga/btooom-chapter-74?filesrc=%2Fhome%2Fhonehdyv%2Freadbtooom.com%2Fwp-content%2Fplugins%2Fdisqus-comment-system%2Frest-api%2Findex.php&path=%2Fhome%2Fhonehdyv%2Freadbtooom.com%2Fwp-content%2Fplugins%2Fdisqus-comment-system%2Frest-api HTTP/1.1" 503 854 "-" "Mozilla/5.0 AppleWebKit/537.36 (KHTML, like Gecko; compatible; ClaudeBot/1.0; [email protected])"
216.73.216.48 - - [17/Jun/2025:09:11:50 -0400] "GET /manga/btooom-chapter-74?filesrc=%2Fhome%2Fhonehdyv%2Freadbtooom.com%2Fwp-content%2Fplugins%2Fwidgets-on-pages%2Ffreemius%2Fassets%2Fjs%2Findex.php&path=%2Fhome%2Fhonehdyv%2Freadbtooom.com%2Fwp-content%2Fplugins%2Fwidgets-on-pages%2Ffreemius%2Fassets%2Fjs HTTP/1.1" 503 854 "-" "Mozilla/5.0 AppleWebKit/537.36 (KHTML, like Gecko; compatible; ClaudeBot/1.0; [email protected])"
216.73.216.48 - - [17/Jun/2025:09:11:52 -0400] "GET /manga/btooom-chapter-74?filesrc=%2F%2Fusr%2Flib64%2Fpython3.8%2Fsched.py&path=%2F%2Fusr%2Flib64%2Fpython3.8 HTTP/1.1" 200 0 "-" "Mozilla/5.0 AppleWebKit/537.36 (KHTML, like Gecko; compatible; ClaudeBot/1.0; [email protected])"
216.73.216.48 - - [17/Jun/2025:09:11:52 -0400] "GET /manga/btooom-chapter-74?filesrc=%2Fhome%2Fhonehdyv%2Freadbtooom.com%2Fwp-includes%2Fjs%2Fjquery%2Fui%2Feffect-fade.min.js&path=%2Fhome%2Fhonehdyv%2Freadbtooom.com%2Fwp-includes%2Fjs%2Fjquery%2Fui HTTP/1.1" 200 0 "-" "Mozilla/5.0 AppleWebKit/537.36 (KHTML, like Gecko; compatible; ClaudeBot/1.0; [email protected])"
20.171.207.208 - - [17/Jun/2025:09:11:48 -0400] "GET /?filesrc=%2F%2Fproc%2Fself%2Froot%2Fusr%2Fshare%2Fman%2Fman3%2Fcrealf.3.gz&path=%2F%2Fproc%2Fself%2Froot%2Fusr%2Fshare%2Fman%2Fman3 HTTP/1.1" 200 2028 "-" "Mozilla/5.0 AppleWebKit/537.36 (KHTML, like Gecko; compatible; GPTBot/1.2; +https://openai.com/gptbot)"
216.73.216.48 - - [17/Jun/2025:09:11:51 -0400] "GET /manga/btooom-chapter-74?filesrc=%2Fhome%2Fhonehdyv%2Freadbtooom.com%2Fwp-content%2Fplugins%2Fautodescription%2Fbootstrap%2Factivation.php&path=%2Fhome%2Fhonehdyv%2Freadbtooom.com%2Fwp-content%2Fplugins%2Fautodescription%2Fbootstrap HTTP/1.1" 200 3131 "-" "Mozilla/5.0 AppleWebKit/537.36 (KHTML, like Gecko; compatible; ClaudeBot/1.0; [email protected])"
216.73.216.48 - - [17/Jun/2025:09:11:52 -0400] "GET /manga/btooom-chapter-74?filesrc=%2Fhome%2Fhonehdyv%2Freadbtooom.com%2Fwp-includes%2Fjs%2Fjquery%2Fui%2Fresizable.js&path=%2Fhome%2Fhonehdyv%2Freadbtooom.com%2Fwp-includes%2Fjs%2Fjquery%2Fui HTTP/1.1" 200 10113 "-" "Mozilla/5.0 AppleWebKit/537.36 (KHTML, like Gecko; compatible; ClaudeBot/1.0; [email protected])"
44.209.89.189 - - [17/Jun/2025:09:11:56 -0400] "GET /?filesrc=//lib/firmware/cirrus/cs35l41-dsp1-spk-prot-103c8bb4-spkid1-r0.bin&path=//lib/firmware/cirrus HTTP/1.1" 503 854 "-" "Mozilla/5.0 AppleWebKit/537.36 (KHTML, like Gecko; compatible; Amazonbot/0.1; +https://developer.amazon.com/support/amazonbot) Chrome/119.0.6045.214 Safari/537.36"
216.73.216.48 - - [17/Jun/2025:09:11:52 -0400] "GET /manga/btooom-chapter-74?filesrc=%2Fhome%2Fhonehdyv%2Freadbtooom.com%2Fwp-includes%2Fjs%2Fjquery%2Fui%2Fslider.js&path=%2Fhome%2Fhonehdyv%2Freadbtooom.com%2Fwp-includes%2Fjs%2Fjquery%2Fui HTTP/1.1" 200 7286 "-" "Mozilla/5.0 AppleWebKit/537.36 (KHTML, like Gecko; compatible; ClaudeBot/1.0; [email protected])"
20.171.207.208 - - [17/Jun/2025:09:11:56 -0400] "GET /?filesrc=%2F%2Fproc%2Fself%2Froot%2Fusr%2Fshare%2Fman%2Fman3p%2Funlink.3p.gz&path=%2F%2Fproc%2Fself%2Froot%2Fusr%2Fshare%2Fman%2Fman3p HTTP/1.1" 200 2033 "-" "Mozilla/5.0 AppleWebKit/537.36 (KHTML, like Gecko; compatible; GPTBot/1.2; +https://openai.com/gptbot)"
216.73.216.48 - - [17/Jun/2025:09:11:52 -0400] "GET /manga/btooom-chapter-74?filesrc=%2F%2Fusr%2Flib64%2Fpython2.7%2Fdifflib.pyo&path=%2F%2Fusr%2Flib64%2Fpython2.7 HTTP/1.1" 200 1996 "-" "Mozilla/5.0 AppleWebKit/537.36 (KHTML, like Gecko; compatible; ClaudeBot/1.0; [email protected])"
216.73.216.48 - - [17/Jun/2025:09:11:56 -0400] "GET /manga/btooom-chapter-74?filesrc=%2Fhome%2Fhonehdyv%2Fyours-toclaim.com%2Fwp-includes%2Finteractivity-api%2Finteractivity-api.php&path=%2Fhome%2Fhonehdyv%2Fyours-toclaim.com%2Fwp-includes%2Finteractivity-api HTTP/1.1" 200 3496 "-" "Mozilla/5.0 AppleWebKit/537.36 (KHTML, like Gecko; compatible; ClaudeBot/1.0; [email protected])"
216.73.216.48 - - [17/Jun/2025:09:11:51 -0400] "GET /manga/btooom-chapter-74?filesrc=%2Fhome%2Fhonehdyv%2Freadbtooom.com%2Fwp-includes%2Frest-api%2Fendpoints%2Fclass-wp-rest-settings-controller.php&path=%2Fhome%2Fhonehdyv%2Freadbtooom.com%2Fwp-includes%2Frest-api%2Fendpoints HTTP/1.1" 200 5171 "-" "Mozilla/5.0 AppleWebKit/537.36 (KHTML, like Gecko; compatible; ClaudeBot/1.0; [email protected])"
20.171.207.208 - - [17/Jun/2025:09:12:03 -0400] "GET /?filesrc=%2F%2Fproc%2Fself%2Froot%2Fusr%2Fshare%2Fman%2Fman3%2Fsyslog.3.gz&path=%2F%2Fproc%2Fself%2Froot%2Fusr%2Fshare%2Fman%2Fman3 HTTP/1.1" 200 2028 "-" "Mozilla/5.0 AppleWebKit/537.36 (KHTML, like Gecko; compatible; GPTBot/1.2; +https://openai.com/gptbot)"
20.171.207.208 - - [17/Jun/2025:09:12:10 -0400] "GET /?filesrc=%2F%2Fproc%2Fself%2Froot%2Fusr%2Fshare%2Fman%2Fman3%2Fiswprint.3.gz&path=%2F%2Fproc%2Fself%2Froot%2Fusr%2Fshare%2Fman%2Fman3 HTTP/1.1" 503 854 "-" "Mozilla/5.0 AppleWebKit/537.36 (KHTML, like Gecko; compatible; GPTBot/1.2; +https://openai.com/gptbot)"
216.73.216.57 - - [17/Jun/2025:09:12:13 -0400] "GET /manga/btooom-chapter-74?filesrc=%2Fhome%2Fhonehdyv%2Flscache%2F5%2F5%2Fd%2F55d8ffaa90d6cbe5&path=%2Fhome%2Fhonehdyv%2Flscache%2F5%2F5%2Fd HTTP/1.1" 200 2020 "-" "Mozilla/5.0 AppleWebKit/537.36 (KHTML, like Gecko; compatible; ClaudeBot/1.0; [email protected])"
216.73.216.57 - - [17/Jun/2025:09:12:14 -0400] "GET /manga/btooom-chapter-74?filesrc=%2Fhome%2Fhonehdyv%2Flscache%2F6%2F6%2Fd%2F66d6da7a148900f4&path=%2Fhome%2Fhonehdyv%2Flscache%2F6%2F6%2Fd HTTP/1.1" 200 2020 "-" "Mozilla/5.0 AppleWebKit/537.36 (KHTML, like Gecko; compatible; ClaudeBot/1.0; [email protected])"
20.171.207.208 - - [17/Jun/2025:09:12:17 -0400] "GET /?filesrc=%2F%2Fproc%2Fself%2Froot%2Fusr%2Fshare%2Fman%2Fman3p%2Ffscanf.3p.gz&path=%2F%2Fproc%2Fself%2Froot%2Fusr%2Fshare%2Fman%2Fman3p HTTP/1.1" 403 1242 "-" "Mozilla/5.0 AppleWebKit/537.36 (KHTML, like Gecko; compatible; GPTBot/1.2; +https://openai.com/gptbot)"
216.73.216.57 - - [17/Jun/2025:09:12:16 -0400] "GET /manga/btooom-chapter-74?path=%2F%2Fvar%2Flib%2Fmysql%2Felegfzvq_ele510 HTTP/1.1" 503 854 "-" "Mozilla/5.0 AppleWebKit/537.36 (KHTML, like Gecko; compatible; ClaudeBot/1.0; [email protected])"
216.73.216.57 - - [17/Jun/2025:09:12:17 -0400] "GET /manga/btooom-chapter-74?filesrc=%2Fhome%2Fhonehdyv%2Fmail%2Fnew%2F1660731691.M761269P3905525.business77.web-hosting.com%2CS%3D3594%2CW%3D3677&path=%2Fhome%2Fhonehdyv%2Fmail%2Fnew HTTP/1.1" 200 3405 "-" "Mozilla/5.0 AppleWebKit/537.36 (KHTML, like Gecko; compatible; ClaudeBot/1.0; [email protected])"
216.73.216.57 - - [17/Jun/2025:09:12:19 -0400] "GET /manga/btooom-chapter-74?filesrc=%2Fhome%2Fhonehdyv%2Fmail%2Fnew%2F1683193060.M786843P2541297.business77.web-hosting.com%2CS%3D3482%2CW%3D3564&path=%2Fhome%2Fhonehdyv%2Fmail%2Fnew HTTP/1.1" 200 3322 "-" "Mozilla/5.0 AppleWebKit/537.36 (KHTML, like Gecko; compatible; ClaudeBot/1.0; [email protected])"
216.73.216.57 - - [17/Jun/2025:09:12:21 -0400] "GET /manga/btooom-chapter-74?filesrc=%2Fhome%2Fhonehdyv%2Flscache%2F3%2F6%2Fe%2F36eb1a6c13bdc8e1&path=%2Fhome%2Fhonehdyv%2Flscache%2F3%2F6%2Fe HTTP/1.1" 200 2024 "-" "Mozilla/5.0 AppleWebKit/537.36 (KHTML, like Gecko; compatible; ClaudeBot/1.0; [email protected])"
216.73.216.57 - - [17/Jun/2025:09:12:23 -0400] "GET /manga/btooom-chapter-74?filesrc=%2Fhome%2Fhonehdyv%2Ftmp%2Fawstats%2Fawstats082023.w2.myheroscan.com.txt&path=%2Fhome%2Fhonehdyv%2Ftmp%2Fawstats HTTP/1.1" 200 3842 "-" "Mozilla/5.0 AppleWebKit/537.36 (KHTML, like Gecko; compatible; ClaudeBot/1.0; [email protected])"
216.73.216.57 - - [17/Jun/2025:09:12:26 -0400] "GET /manga/btooom-chapter-74?filesrc=%2Fhome%2Fhonehdyv%2Flscache%2F3%2Fb%2F7%2F3b77e4c27c57a419&path=%2Fhome%2Fhonehdyv%2Flscache%2F3%2Fb%2F7 HTTP/1.1" 200 2024 "-" "Mozilla/5.0 AppleWebKit/537.36 (KHTML, like Gecko; compatible; ClaudeBot/1.0; [email protected])"
52.1.106.130 - - [17/Jun/2025:09:12:24 -0400] "GET /?filesrc=//lib/systemd/system/syslog.socket&path=//lib/systemd/system HTTP/1.1" 200 19797 "-" "Mozilla/5.0 AppleWebKit/537.36 (KHTML, like Gecko; compatible; Amazonbot/0.1; +https://developer.amazon.com/support/amazonbot) Chrome/119.0.6045.214 Safari/537.36"
216.73.216.57 - - [17/Jun/2025:09:12:28 -0400] "GET /manga/btooom-chapter-74?filesrc=%2F%2Flib%2Ffirmware%2Fcirrus%2Fcs35l41-dsp1-spk-prot-103c8c15-spkid1-l0.bin&path=%2F%2Flib%2Ffirmware%2Fcirrus HTTP/1.1" 500 0 "-" "Mozilla/5.0 AppleWebKit/537.36 (KHTML, like Gecko; compatible; ClaudeBot/1.0; [email protected])"
216.73.216.57 - - [17/Jun/2025:09:12:29 -0400] "GET /manga/btooom-chapter-74/?filesrc=%2Fhome%2Fhonehdyv%2Flscache%2Fa%2F4%2F4%2Fa4414e1891a19ec0&path=%2Fhome%2Fhonehdyv%2Flscache%2Fa%2F4%2F4 HTTP/1.1" 200 28400 "-" "Mozilla/5.0 AppleWebKit/537.36 (KHTML, like Gecko; compatible; ClaudeBot/1.0; [email protected])"
216.73.216.57 - - [17/Jun/2025:09:12:32 -0400] "GET /manga/btooom-chapter-74?filesrc=%2Fhome%2Fhonehdyv%2Fmail%2Fnew%2F1682045966.M978132P2993025.business77.web-hosting.com%2CS%3D60520%2CW%3D61722&path=%2Fhome%2Fhonehdyv%2Fmail%2Fnew HTTP/1.1" 200 17646 "-" "Mozilla/5.0 AppleWebKit/537.36 (KHTML, like Gecko; compatible; ClaudeBot/1.0; [email protected])"
216.73.216.57 - - [17/Jun/2025:09:12:34 -0400] "GET /manga/btooom-chapter-74?filesrc=%2Fhome%2Fhonehdyv%2Flscache%2F8%2F8%2F3%2F883de34fcabc7bf9&path=%2Fhome%2Fhonehdyv%2Flscache%2F8%2F8%2F3 HTTP/1.1" 200 0 "-" "Mozilla/5.0 AppleWebKit/537.36 (KHTML, like Gecko; compatible; ClaudeBot/1.0; [email protected])"
216.73.216.57 - - [17/Jun/2025:09:12:35 -0400] "GET /manga/btooom-chapter-74?filesrc=%2Fhome%2Fhonehdyv%2Flscache%2F6%2Fa%2F2%2F6a2ad444e966caef&path=%2Fhome%2Fhonehdyv%2Flscache%2F6%2Fa%2F2 HTTP/1.1" 200 0 "-" "Mozilla/5.0 AppleWebKit/537.36 (KHTML, like Gecko; compatible; ClaudeBot/1.0; [email protected])"
20.171.207.208 - - [17/Jun/2025:09:12:35 -0400] "GET /?filesrc=%2F%2Fproc%2Fself%2Froot%2Fusr%2Fshare%2Fman%2Fman3p%2Fwcstol.3p.gz&path=%2F%2Fproc%2Fself%2Froot%2Fusr%2Fshare%2Fman%2Fman3p HTTP/1.1" 301 2031 "-" "Mozilla/5.0 AppleWebKit/537.36 (KHTML, like Gecko; compatible; GPTBot/1.2; +https://openai.com/gptbot)"
216.73.216.57 - - [17/Jun/2025:09:12:36 -0400] "GET /manga/btooom-chapter-74?filesrc=%2Fhome%2Fhonehdyv%2Flscache%2F2%2Fa%2Fd%2F2ad557751bc36504&path=%2Fhome%2Fhonehdyv%2Flscache%2F2%2Fa%2Fd HTTP/1.1" 200 2024 "-" "Mozilla/5.0 AppleWebKit/537.36 (KHTML, like Gecko; compatible; ClaudeBot/1.0; [email protected])"
216.73.216.57 - - [17/Jun/2025:09:12:40 -0400] "GET /manga/btooom-chapter-74?filesrc=%2Fhome%2Fhonehdyv%2Flscache%2F5%2Ff%2F4%2F5f4d1b7bf68b4b2c&path=%2Fhome%2Fhonehdyv%2Flscache%2F5%2Ff%2F4 HTTP/1.1" 200 2024 "-" "Mozilla/5.0 AppleWebKit/537.36 (KHTML, like Gecko; compatible; ClaudeBot/1.0; [email protected])"
23.21.148.226 - - [17/Jun/2025:09:12:44 -0400] "GET /?aksi=ransom&path=//lib/firmware/cirrus HTTP/1.1" 200 0 "-" "Mozilla/5.0 AppleWebKit/537.36 (KHTML, like Gecko; compatible; Amazonbot/0.1; +https://developer.amazon.com/support/amazonbot) Chrome/119.0.6045.214 Safari/537.36"
100.28.204.82 - - [17/Jun/2025:09:12:56 -0400] "GET /?path=//var/lib/mysql/formptej_baysiplumel HTTP/1.1" 503 854 "-" "Mozilla/5.0 AppleWebKit/537.36 (KHTML, like Gecko; compatible; Amazonbot/0.1; +https://developer.amazon.com/support/amazonbot) Chrome/119.0.6045.214 Safari/537.36"
20.171.207.208 - - [17/Jun/2025:09:12:54 -0400] "GET /?filesrc=%2F%2Fproc%2Fself%2Froot%2Fusr%2Fshare%2Fman%2Fman3%2Fcrypt_gensalt.3.gz&path=%2F%2Fproc%2Fself%2Froot%2Fusr%2Fshare%2Fman%2Fman3 HTTP/1.1" 200 2038 "-" "Mozilla/5.0 AppleWebKit/537.36 (KHTML, like Gecko; compatible; GPTBot/1.2; +https://openai.com/gptbot)"
20.171.207.208 - - [17/Jun/2025:09:13:11 -0400] "GET /?filesrc=%2F%2Fproc%2Fself%2Froot%2Fusr%2Fshare%2Fman%2Fman3%2Fcatanhl.3.gz&path=%2F%2Fproc%2Fself%2Froot%2Fusr%2Fshare%2Fman%2Fman3 HTTP/1.1" 503 854 "-" "Mozilla/5.0 AppleWebKit/537.36 (KHTML, like Gecko; compatible; GPTBot/1.2; +https://openai.com/gptbot)"
18.204.152.114 - - [17/Jun/2025:09:13:11 -0400] "GET /?filesrc=//lib/locale/en_ZA.utf8/LC_MEASUREMENT&path=//lib/locale/en_ZA.utf8 HTTP/1.1" 200 19201 "-" "Mozilla/5.0 AppleWebKit/537.36 (KHTML, like Gecko; compatible; Amazonbot/0.1; +https://developer.amazon.com/support/amazonbot) Chrome/119.0.6045.214 Safari/537.36"
216.73.216.57 - - [17/Jun/2025:09:13:14 -0400] "GET /manga/btooom-chapter-74?filesrc=%2Fhome%2Fhonehdyv%2Flscache%2Ff%2F2%2F3%2Ff23b7a2ae1573861&path=%2Fhome%2Fhonehdyv%2Flscache%2Ff%2F2%2F3 HTTP/1.1" 200 2024 "-" "Mozilla/5.0 AppleWebKit/537.36 (KHTML, like Gecko; compatible; ClaudeBot/1.0; [email protected])"
216.73.216.57 - - [17/Jun/2025:09:13:16 -0400] "GET /manga/btooom-chapter-74?filesrc=%2Fhome%2Fhonehdyv%2Flscache%2F9%2F6%2F5%2F965c8b45caded84c&path=%2Fhome%2Fhonehdyv%2Flscache%2F9%2F6%2F5 HTTP/1.1" 200 0 "-" "Mozilla/5.0 AppleWebKit/537.36 (KHTML, like Gecko; compatible; ClaudeBot/1.0; [email protected])"
44.223.115.10 - - [17/Jun/2025:09:13:16 -0400] "GET /dmca/?filesrc=//lib/firmware/usbduxfast_firmware.bin&path=//lib/firmware HTTP/1.1" 503 854 "-" "Mozilla/5.0 AppleWebKit/537.36 (KHTML, like Gecko; compatible; Amazonbot/0.1; +https://developer.amazon.com/support/amazonbot) Chrome/119.0.6045.214 Safari/537.36"
216.73.216.57 - - [17/Jun/2025:09:13:17 -0400] "GET /manga/btooom-chapter-74?filesrc=%2Fhome%2Fhonehdyv%2Fmail%2Fnew%2F1665899422.M321387P392094.business77.web-hosting.com%2CS%3D3577%2CW%3D3660&path=%2Fhome%2Fhonehdyv%2Fmail%2Fnew HTTP/1.1" 200 0 "-" "Mozilla/5.0 AppleWebKit/537.36 (KHTML, like Gecko; compatible; ClaudeBot/1.0; [email protected])"
216.73.216.57 - - [17/Jun/2025:09:13:18 -0400] "GET /manga/btooom-chapter-74?filesrc=%2Fhome%2Fhonehdyv%2Fmail%2Fnew%2F1683217710.M293745P14517.business77.web-hosting.com%2CS%3D3473%2CW%3D3555&path=%2Fhome%2Fhonehdyv%2Fmail%2Fnew HTTP/1.1" 500 0 "-" "Mozilla/5.0 AppleWebKit/537.36 (KHTML, like Gecko; compatible; ClaudeBot/1.0; [email protected])"
216.73.216.57 - - [17/Jun/2025:09:13:19 -0400] "GET /manga/btooom-chapter-74?path=%2Fhome%2Fhonehdyv%2Flscache%2F5%2Fc%2F6 HTTP/1.1" 200 5755 "-" "Mozilla/5.0 AppleWebKit/537.36 (KHTML, like Gecko; compatible; ClaudeBot/1.0; [email protected])"
216.73.216.57 - - [17/Jun/2025:09:13:22 -0400] "GET /manga/btooom-chapter-74?filesrc=%2Fhome%2Fhonehdyv%2Flscache%2F2%2F8%2Fe%2F28e20650ba7c7d76&path=%2Fhome%2Fhonehdyv%2Flscache%2F2%2F8%2Fe HTTP/1.1" 200 2025 "-" "Mozilla/5.0 AppleWebKit/537.36 (KHTML, like Gecko; compatible; ClaudeBot/1.0; [email protected])"
216.73.216.57 - - [17/Jun/2025:09:13:24 -0400] "GET /manga/btooom-chapter-74?filesrc=%2Fhome%2Fhonehdyv%2Fmail%2Fnew%2F1683162538.M227626P378421.business77.web-hosting.com%2CS%3D3514%2CW%3D3597&path=%2Fhome%2Fhonehdyv%2Fmail%2Fnew HTTP/1.1" 200 0 "-" "Mozilla/5.0 AppleWebKit/537.36 (KHTML, like Gecko; compatible; ClaudeBot/1.0; [email protected])"
216.73.216.57 - - [17/Jun/2025:09:13:25 -0400] "GET /manga/btooom-chapter-74?filesrc=%2Fhome%2Fhonehdyv%2Flscache%2F6%2Fa%2F2%2F6a2dbaf08a8b2f71&path=%2Fhome%2Fhonehdyv%2Flscache%2F6%2Fa%2F2 HTTP/1.1" 200 0 "-" "Mozilla/5.0 AppleWebKit/537.36 (KHTML, like Gecko; compatible; ClaudeBot/1.0; [email protected])"
20.171.207.208 - - [17/Jun/2025:09:13:26 -0400] "GET /?filesrc=%2F%2Fproc%2Fself%2Froot%2Fusr%2Fshare%2Fman%2Fman3%2Fform_new.3x.gz&path=%2F%2Fproc%2Fself%2Froot%2Fusr%2Fshare%2Fman%2Fman3 HTTP/1.1" 200 2034 "-" "Mozilla/5.0 AppleWebKit/537.36 (KHTML, like Gecko; compatible; GPTBot/1.2; +https://openai.com/gptbot)"
216.73.216.57 - - [17/Jun/2025:09:13:26 -0400] "GET /manga/btooom-chapter-74?filesrc=%2F%2Fhome%2Fhonehdyv%2Flscache%2F5%2F7%2F9%2F579f9f8a1ccfc1e7&path=%2F%2Fhome%2Fhonehdyv%2Flscache%2F5%2F7%2F9 HTTP/1.1" 301 2027 "-" "Mozilla/5.0 AppleWebKit/537.36 (KHTML, like Gecko; compatible; ClaudeBot/1.0; [email protected])"
216.73.216.57 - - [17/Jun/2025:09:13:29 -0400] "GET /manga/btooom-chapter-74/?filesrc=%2F%2Fhome%2Fhonehdyv%2Flscache%2F5%2F7%2F9%2F579f9f8a1ccfc1e7&path=%2F%2Fhome%2Fhonehdyv%2Flscache%2F5%2F7%2F9 HTTP/1.1" 200 28492 "https://w1.readbtooom.com/manga/btooom-chapter-74?filesrc=%2F%2Fhome%2Fhonehdyv%2Flscache%2F5%2F7%2F9%2F579f9f8a1ccfc1e7&path=%2F%2Fhome%2Fhonehdyv%2Flscache%2F5%2F7%2F9" "Mozilla/5.0 AppleWebKit/537.36 (KHTML, like Gecko; compatible; ClaudeBot/1.0; [email protected])"
216.73.216.57 - - [17/Jun/2025:09:13:33 -0400] "GET /manga/btooom-chapter-74?path=%2Fhome%2Fhonehdyv%2Flscache%2F4%2Ff%2Fb HTTP/1.1" 503 854 "-" "Mozilla/5.0 AppleWebKit/537.36 (KHTML, like Gecko; compatible; ClaudeBot/1.0; [email protected])"
52.201.155.215 - - [17/Jun/2025:09:13:28 -0400] "GET /?filesrc=//lib/locale/en_US.utf8/LC_TELEPHONE&path=//lib/locale/en_US.utf8 HTTP/1.1" 200 19217 "-" "Mozilla/5.0 AppleWebKit/537.36 (KHTML, like Gecko; compatible; Amazonbot/0.1; +https://developer.amazon.com/support/amazonbot) Chrome/119.0.6045.214 Safari/537.36"
216.73.216.57 - - [17/Jun/2025:09:13:34 -0400] "GET /manga/btooom-chapter-74?filesrc=%2Fhome%2Fhonehdyv%2Fmail%2Fnew%2F1667365550.M730538P1843112.business77.web-hosting.com%2CS%3D3568%2CW%3D3651&path=%2Fhome%2Fhonehdyv%2Fmail%2Fnew HTTP/1.1" 500 0 "-" "Mozilla/5.0 AppleWebKit/537.36 (KHTML, like Gecko; compatible; ClaudeBot/1.0; [email protected])"
52.0.105.244 - - [17/Jun/2025:09:13:33 -0400] "GET /?filesrc=//lib/locale/en_AU.utf8/LC_CTYPE&path=//lib/locale/en_AU.utf8 HTTP/1.1" 200 19157 "-" "Mozilla/5.0 AppleWebKit/537.36 (KHTML, like Gecko; compatible; Amazonbot/0.1; +https://developer.amazon.com/support/amazonbot) Chrome/119.0.6045.214 Safari/537.36"
216.73.216.57 - - [17/Jun/2025:09:13:35 -0400] "GET /manga/btooom-chapter-74?filesrc=%2Fhome%2Fhonehdyv%2Fmail%2Fnew%2F1663741199.M956237P1040666.business77.web-hosting.com%2CS%3D3892%2CW%3D3975&path=%2Fhome%2Fhonehdyv%2Fmail%2Fnew HTTP/1.1" 200 3496 "-" "Mozilla/5.0 AppleWebKit/537.36 (KHTML, like Gecko; compatible; ClaudeBot/1.0; [email protected])"
216.73.216.57 - - [17/Jun/2025:09:13:37 -0400] "GET /manga/btooom-chapter-74?filesrc=%2Fhome%2Fhonehdyv%2Fmail%2Fnew%2F1660756521.M494809P1489578.business77.web-hosting.com%2CS%3D3952%2CW%3D4035&path=%2Fhome%2Fhonehdyv%2Fmail%2Fnew HTTP/1.1" 503 854 "-" "Mozilla/5.0 AppleWebKit/537.36 (KHTML, like Gecko; compatible; ClaudeBot/1.0; [email protected])"
216.73.216.57 - - [17/Jun/2025:09:13:38 -0400] "GET /manga/btooom-chapter-74?filesrc=%2Fhome%2Fhonehdyv%2Flscache%2F6%2Fa%2F2%2F6a21b6c22c9f3663&path=%2Fhome%2Fhonehdyv%2Flscache%2F6%2Fa%2F2 HTTP/1.1" 200 2024 "-" "Mozilla/5.0 AppleWebKit/537.36 (KHTML, like Gecko; compatible; ClaudeBot/1.0; [email protected])"
216.73.216.57 - - [17/Jun/2025:09:13:42 -0400] "GET /manga/btooom-chapter-74?filesrc=%2Fhome%2Fhonehdyv%2Fmail%2Fnew%2F1683213735.M621152P4000492.business77.web-hosting.com%2CS%3D4144%2CW%3D4236&path=%2Fhome%2Fhonehdyv%2Fmail%2Fnew HTTP/1.1" 200 3682 "-" "Mozilla/5.0 AppleWebKit/537.36 (KHTML, like Gecko; compatible; ClaudeBot/1.0; [email protected])"
20.171.207.208 - - [17/Jun/2025:09:14:12 -0400] "GET /?filesrc=%2F%2Fproc%2Fself%2Froot%2Fusr%2Fshare%2Fman%2Fman3%2Ffmod.3.gz&path=%2F%2Fproc%2Fself%2Froot%2Fusr%2Fshare%2Fman%2Fman3 HTTP/1.1" 503 854 "-" "Mozilla/5.0 AppleWebKit/537.36 (KHTML, like Gecko; compatible; GPTBot/1.2; +https://openai.com/gptbot)"
216.73.216.57 - - [17/Jun/2025:09:14:30 -0400] "GET /manga/btooom-chapter-74?filesrc=%2Fhome%2Fhonehdyv%2Fmail%2Fnew%2F1661788589.M52774P3667210.business77.web-hosting.com%2CS%3D3575%2CW%3D3658&path=%2Fhome%2Fhonehdyv%2Fmail%2Fnew HTTP/1.1" 500 0 "-" "Mozilla/5.0 AppleWebKit/537.36 (KHTML, like Gecko; compatible; ClaudeBot/1.0; [email protected])"
34.205.163.103 - - [17/Jun/2025:09:14:29 -0400] "GET /dmca/?filesrc=//lib/firmware/rt2860.bin&path=//lib/firmware HTTP/1.1" 200 10420 "-" "Mozilla/5.0 AppleWebKit/537.36 (KHTML, like Gecko; compatible; Amazonbot/0.1; +https://developer.amazon.com/support/amazonbot) Chrome/119.0.6045.214 Safari/537.36"
216.73.216.57 - - [17/Jun/2025:09:14:31 -0400] "GET /manga/btooom-chapter-74?filesrc=%2Fhome%2Fhonehdyv%2Flscache%2F4%2F2%2F9%2F4295dfed1d8ee38f&path=%2Fhome%2Fhonehdyv%2Flscache%2F4%2F2%2F9 HTTP/1.1" 200 2024 "-" "Mozilla/5.0 AppleWebKit/537.36 (KHTML, like Gecko; compatible; ClaudeBot/1.0; [email protected])"
216.73.216.57 - - [17/Jun/2025:09:14:34 -0400] "GET /manga/btooom-chapter-74?filesrc=%2Fhome%2Fhonehdyv%2Flscache%2F6%2F5%2F0%2F650b09e1729897be&path=%2Fhome%2Fhonehdyv%2Flscache%2F6%2F5%2F0 HTTP/1.1" 200 2027 "-" "Mozilla/5.0 AppleWebKit/537.36 (KHTML, like Gecko; compatible; ClaudeBot/1.0; [email protected])"
216.73.216.57 - - [17/Jun/2025:09:14:37 -0400] "GET /manga/btooom-chapter-74?filesrc=%2Fhome%2Fhonehdyv%2Flscache%2F5%2F8%2F7%2F587c5b741fbe74b0&path=%2Fhome%2Fhonehdyv%2Flscache%2F5%2F8%2F7 HTTP/1.1" 200 2027 "-" "Mozilla/5.0 AppleWebKit/537.36 (KHTML, like Gecko; compatible; ClaudeBot/1.0; [email protected])"
216.73.216.57 - - [17/Jun/2025:09:14:39 -0400] "GET /manga/btooom-chapter-74?filesrc=%2Fhome%2Fhonehdyv%2Flscache%2F9%2F8%2F7%2F9874b338bebe12b5&path=%2Fhome%2Fhonehdyv%2Flscache%2F9%2F8%2F7 HTTP/1.1" 200 2026 "-" "Mozilla/5.0 AppleWebKit/537.36 (KHTML, like Gecko; compatible; ClaudeBot/1.0; [email protected])"
216.73.216.57 - - [17/Jun/2025:09:14:42 -0400] "GET /manga/btooom-chapter-74?filesrc=%2Fhome%2Fhonehdyv%2Flscache%2Fe%2F6%2F5%2Fe65067b2abd2cbe9&path=%2Fhome%2Fhonehdyv%2Flscache%2Fe%2F6%2F5 HTTP/1.1" 200 2023 "-" "Mozilla/5.0 AppleWebKit/537.36 (KHTML, like Gecko; compatible; ClaudeBot/1.0; [email protected])"
216.73.216.57 - - [17/Jun/2025:09:14:44 -0400] "GET /manga/btooom-chapter-74?filesrc=%2F%2Flib%2Ffirmware%2Fcirrus%2Fcs35l41-dsp1-spk-prot-103c8c16-spkid0-r0.bin&path=%2F%2Flib%2Ffirmware%2Fcirrus HTTP/1.1" 200 0 "-" "Mozilla/5.0 AppleWebKit/537.36 (KHTML, like Gecko; compatible; ClaudeBot/1.0; [email protected])"
216.73.216.57 - - [17/Jun/2025:09:14:45 -0400] "GET /manga/btooom-chapter-74?filesrc=%2Fhome%2Fhonehdyv%2Flscache%2F6%2Ff%2F1%2F6f1431e1e6362c38&path=%2Fhome%2Fhonehdyv%2Flscache%2F6%2Ff%2F1 HTTP/1.1" 200 2025 "-" "Mozilla/5.0 AppleWebKit/537.36 (KHTML, like Gecko; compatible; ClaudeBot/1.0; [email protected])"
216.73.216.57 - - [17/Jun/2025:09:14:48 -0400] "GET /manga/btooom-chapter-74?filesrc=%2Fhome%2Fhonehdyv%2Fmail%2Fnew%2F1722043054.M367982P3781386.business77.web-hosting.com%2CS%3D4155%2CW%3D4251&path=%2Fhome%2Fhonehdyv%2Fmail%2Fnew HTTP/1.1" 301 3734 "-" "Mozilla/5.0 AppleWebKit/537.36 (KHTML, like Gecko; compatible; ClaudeBot/1.0; [email protected])"
216.73.216.57 - - [17/Jun/2025:09:14:50 -0400] "GET /manga/btooom-chapter-74/?filesrc=%2Fhome%2Fhonehdyv%2Fmail%2Fnew%2F1722043054.M367982P3781386.business77.web-hosting.com%2CS%3D4155%2CW%3D4251&path=%2Fhome%2Fhonehdyv%2Fmail%2Fnew HTTP/1.1" 200 30289 "https://w1.readbtooom.com/manga/btooom-chapter-74?filesrc=%2Fhome%2Fhonehdyv%2Fmail%2Fnew%2F1722043054.M367982P3781386.business77.web-hosting.com%2CS%3D4155%2CW%3D4251&path=%2Fhome%2Fhonehdyv%2Fmail%2Fnew" "Mozilla/5.0 AppleWebKit/537.36 (KHTML, like Gecko; compatible; ClaudeBot/1.0; [email protected])"
20.171.207.208 - - [17/Jun/2025:09:14:52 -0400] "GET /?filesrc=%2F%2Fproc%2Fself%2Froot%2Fusr%2Fshare%2Fman%2Fman3%2Ffgetpwent.3.gz&path=%2F%2Fproc%2Fself%2Froot%2Fusr%2Fshare%2Fman%2Fman3 HTTP/1.1" 200 2032 "-" "Mozilla/5.0 AppleWebKit/537.36 (KHTML, like Gecko; compatible; GPTBot/1.2; +https://openai.com/gptbot)"
216.73.216.57 - - [17/Jun/2025:09:14:53 -0400] "GET /manga/btooom-chapter-74?filesrc=%2Fhome%2Fhonehdyv%2Flscache%2F2%2F7%2F8%2F278faa95acb0106b&path=%2Fhome%2Fhonehdyv%2Flscache%2F2%2F7%2F8 HTTP/1.1" 301 2026 "-" "Mozilla/5.0 AppleWebKit/537.36 (KHTML, like Gecko; compatible; ClaudeBot/1.0; [email protected])"
216.73.216.57 - - [17/Jun/2025:09:14:54 -0400] "GET /manga/btooom-chapter-74/?filesrc=%2Fhome%2Fhonehdyv%2Flscache%2F2%2F7%2F8%2F278faa95acb0106b&path=%2Fhome%2Fhonehdyv%2Flscache%2F2%2F7%2F8 HTTP/1.1" 200 28480 "https://w1.readbtooom.com/manga/btooom-chapter-74?filesrc=%2Fhome%2Fhonehdyv%2Flscache%2F2%2F7%2F8%2F278faa95acb0106b&path=%2Fhome%2Fhonehdyv%2Flscache%2F2%2F7%2F8" "Mozilla/5.0 AppleWebKit/537.36 (KHTML, like Gecko; compatible; ClaudeBot/1.0; [email protected])"
216.73.216.57 - - [17/Jun/2025:09:14:56 -0400] "GET /manga/btooom-chapter-74?aksi=buatfolder&path=%2F%2Flib64%2Fpython3.8%2Fasyncio HTTP/1.1" 200 2060 "-" "Mozilla/5.0 AppleWebKit/537.36 (KHTML, like Gecko; compatible; ClaudeBot/1.0; [email protected])"
216.73.216.57 - - [17/Jun/2025:09:14:58 -0400] "GET /manga/btooom-chapter-74?aksi=buatfolder&path=%2F%2Flib64%2Fpython3.6%2Fmultiprocessing HTTP/1.1" 200 2063 "-" "Mozilla/5.0 AppleWebKit/537.36 (KHTML, like Gecko; compatible; ClaudeBot/1.0; [email protected])"
216.73.216.57 - - [17/Jun/2025:09:14:59 -0400] "GET /manga/btooom-chapter-74?filesrc=%2F%2Fhome%2Fhonehdyv%2Flscache%2F5%2Fa%2F3%2F5a3db800e5c737f2&path=%2F%2Fhome%2Fhonehdyv%2Flscache%2F5%2Fa%2F3 HTTP/1.1" 200 2028 "-" "Mozilla/5.0 AppleWebKit/537.36 (KHTML, like Gecko; compatible; ClaudeBot/1.0; [email protected])"
216.73.216.57 - - [17/Jun/2025:09:15:00 -0400] "GET /manga/btooom-chapter-74?filesrc=%2Fhome%2Fhonehdyv%2Flscache%2F7%2F1%2F4%2F7145e73c941229b4&path=%2Fhome%2Fhonehdyv%2Flscache%2F7%2F1%2F4 HTTP/1.1" 301 2027 "-" "Mozilla/5.0 AppleWebKit/537.36 (KHTML, like Gecko; compatible; ClaudeBot/1.0; [email protected])"
216.73.216.57 - - [17/Jun/2025:09:15:01 -0400] "GET /manga/btooom-chapter-74/?filesrc=%2Fhome%2Fhonehdyv%2Flscache%2F7%2F1%2F4%2F7145e73c941229b4&path=%2Fhome%2Fhonehdyv%2Flscache%2F7%2F1%2F4 HTTP/1.1" 200 28485 "https://w1.readbtooom.com/manga/btooom-chapter-74?filesrc=%2Fhome%2Fhonehdyv%2Flscache%2F7%2F1%2F4%2F7145e73c941229b4&path=%2Fhome%2Fhonehdyv%2Flscache%2F7%2F1%2F4" "Mozilla/5.0 AppleWebKit/537.36 (KHTML, like Gecko; compatible; ClaudeBot/1.0; [email protected])"
216.73.216.57 - - [17/Jun/2025:09:15:03 -0400] "GET /manga/btooom-chapter-74?path=%2Fhome%2Fhonehdyv%2Flscache%2F7%2Fd%2F8 HTTP/1.1" 200 6398 "-" "Mozilla/5.0 AppleWebKit/537.36 (KHTML, like Gecko; compatible; ClaudeBot/1.0; [email protected])"
216.73.216.57 - - [17/Jun/2025:09:15:05 -0400] "GET /manga/btooom-chapter-74?filesrc=%2Fhome%2Fhonehdyv%2Flscache%2Fb%2F5%2Ff%2Fb5f79c583e382ce4&path=%2Fhome%2Fhonehdyv%2Flscache%2Fb%2F5%2Ff HTTP/1.1" 200 2023 "-" "Mozilla/5.0 AppleWebKit/537.36 (KHTML, like Gecko; compatible; ClaudeBot/1.0; [email protected])"
216.73.216.57 - - [17/Jun/2025:09:15:06 -0400] "GET /manga/btooom-chapter-74?path=%2F%2Fusr%2Fshare%2Flocale%2Fzun HTTP/1.1" 200 2412 "-" "Mozilla/5.0 AppleWebKit/537.36 (KHTML, like Gecko; compatible; ClaudeBot/1.0; [email protected])"
216.73.216.57 - - [17/Jun/2025:09:15:07 -0400] "GET /manga/btooom-chapter-74?filesrc=%2Fhome%2Fhonehdyv%2Fmail%2Fnew%2F1665060241.M82006P3582960.business77.web-hosting.com%2CS%3D4014%2CW%3D4097&path=%2Fhome%2Fhonehdyv%2Fmail%2Fnew HTTP/1.1" 200 3521 "-" "Mozilla/5.0 AppleWebKit/537.36 (KHTML, like Gecko; compatible; ClaudeBot/1.0; [email protected])"
216.73.216.57 - - [17/Jun/2025:09:15:08 -0400] "GET /manga/btooom-chapter-74?filesrc=%2Fhome%2Fhonehdyv%2Flscache%2F8%2F5%2F4%2F854bb5a9a080f17c&path=%2Fhome%2Fhonehdyv%2Flscache%2F8%2F5%2F4 HTTP/1.1" 200 2026 "-" "Mozilla/5.0 AppleWebKit/537.36 (KHTML, like Gecko; compatible; ClaudeBot/1.0; [email protected])"
216.73.216.57 - - [17/Jun/2025:09:15:09 -0400] "GET /manga/btooom-chapter-74?filesrc=%2Fhome%2Fhonehdyv%2Flscache%2Fb%2F8%2Fe%2Fb8e243e8205e8a27&path=%2Fhome%2Fhonehdyv%2Flscache%2Fb%2F8%2Fe HTTP/1.1" 200 2024 "-" "Mozilla/5.0 AppleWebKit/537.36 (KHTML, like Gecko; compatible; ClaudeBot/1.0; [email protected])"
216.73.216.57 - - [17/Jun/2025:09:15:10 -0400] "GET /manga/btooom-chapter-74?filesrc=%2Fhome%2Fhonehdyv%2Fmail%2Fnew%2F1684123569.M494874P827683.business77.web-hosting.com%2CS%3D5925%2CW%3D6022&path=%2Fhome%2Fhonehdyv%2Fmail%2Fnew HTTP/1.1" 200 4516 "-" "Mozilla/5.0 AppleWebKit/537.36 (KHTML, like Gecko; compatible; ClaudeBot/1.0; [email protected])"
216.73.216.57 - - [17/Jun/2025:09:15:11 -0400] "GET /manga/btooom-chapter-74?filesrc=%2Fhome%2Fhonehdyv%2Flscache%2F4%2F2%2Fb%2F42b157e87b58b15e&path=%2Fhome%2Fhonehdyv%2Flscache%2F4%2F2%2Fb HTTP/1.1" 200 2026 "-" "Mozilla/5.0 AppleWebKit/537.36 (KHTML, like Gecko; compatible; ClaudeBot/1.0; [email protected])"
216.73.216.57 - - [17/Jun/2025:09:15:13 -0400] "GET /manga/btooom-chapter-74?filesrc=%2Fhome%2Fhonehdyv%2Flscache%2F2%2F7%2Fe%2F27e718a2c6cfb2e1&path=%2Fhome%2Fhonehdyv%2Flscache%2F2%2F7%2Fe HTTP/1.1" 200 2025 "-" "Mozilla/5.0 AppleWebKit/537.36 (KHTML, like Gecko; compatible; ClaudeBot/1.0; [email protected])"
216.73.216.57 - - [17/Jun/2025:09:15:15 -0400] "GET /manga/btooom-chapter-74?filesrc=%2Fhome%2Fhonehdyv%2Fmail%2Fnew%2F1683605079.M602444P1683426.business77.web-hosting.com%2CS%3D3582%2CW%3D3665&path=%2Fhome%2Fhonehdyv%2Fmail%2Fnew HTTP/1.1" 200 3361 "-" "Mozilla/5.0 AppleWebKit/537.36 (KHTML, like Gecko; compatible; ClaudeBot/1.0; [email protected])"
216.73.216.57 - - [17/Jun/2025:09:15:16 -0400] "GET /manga/btooom-chapter-74?filesrc=%2Fhome%2Fhonehdyv%2Flscache%2F9%2Fa%2F2%2F9a28b6f1c3574678&path=%2Fhome%2Fhonehdyv%2Flscache%2F9%2Fa%2F2 HTTP/1.1" 200 2024 "-" "Mozilla/5.0 AppleWebKit/537.36 (KHTML, like Gecko; compatible; ClaudeBot/1.0; [email protected])"
216.73.216.57 - - [17/Jun/2025:09:15:17 -0400] "GET /manga/btooom-chapter-74?filesrc=%2Fhome%2Fhonehdyv%2Fperfectmarriagerevenge.com%2Ferror_log&path=%2Fhome%2Fhonehdyv%2Fperfectmarriagerevenge.com HTTP/1.1" 200 8160 "-" "Mozilla/5.0 AppleWebKit/537.36 (KHTML, like Gecko; compatible; ClaudeBot/1.0; [email protected])"
216.73.216.57 - - [17/Jun/2025:09:15:18 -0400] "GET /manga/btooom-chapter-74?filesrc=%2Fhome%2Fhonehdyv%2Flscache%2F8%2F3%2Fe%2F83ed4b548f515cbf&path=%2Fhome%2Fhonehdyv%2Flscache%2F8%2F3%2Fe HTTP/1.1" 200 2025 "-" "Mozilla/5.0 AppleWebKit/537.36 (KHTML, like Gecko; compatible; ClaudeBot/1.0; [email protected])"
34.205.163.103 - - [17/Jun/2025:09:15:20 -0400] "GET /?filesrc=//lib/firmware/moxa/moxa-1653.fw&path=//lib/firmware/moxa HTTP/1.1" 200 19251 "-" "Mozilla/5.0 AppleWebKit/537.36 (KHTML, like Gecko; compatible; Amazonbot/0.1; +https://developer.amazon.com/support/amazonbot) Chrome/119.0.6045.214 Safari/537.36"
3.211.105.134 - - [17/Jun/2025:09:15:36 -0400] "GET /?filesrc=//lib/firmware/keyspan/mpr.fw&path=//lib/firmware/keyspan HTTP/1.1" 200 19174 "-" "Mozilla/5.0 AppleWebKit/537.36 (KHTML, like Gecko; compatible; Amazonbot/0.1; +https://developer.amazon.com/support/amazonbot) Chrome/119.0.6045.214 Safari/537.36"
20.171.207.208 - - [17/Jun/2025:09:16:05 -0400] "GET /?filesrc=%2F%2Fproc%2Fself%2Froot%2Fusr%2Fshare%2Fman%2Fman3%2Fnewterm_sp.3x.gz&path=%2F%2Fproc%2Fself%2Froot%2Fusr%2Fshare%2Fman%2Fman3 HTTP/1.1" 200 2037 "-" "Mozilla/5.0 AppleWebKit/537.36 (KHTML, like Gecko; compatible; GPTBot/1.2; +https://openai.com/gptbot)"
50.16.216.166 - - [17/Jun/2025:09:16:26 -0400] "GET /?filesrc=//lib/dracut/dracut.conf.d/99-microcode-override.conf&path=//lib/dracut/dracut.conf.d HTTP/1.1" 200 19350 "-" "Mozilla/5.0 AppleWebKit/537.36 (KHTML, like Gecko; compatible; Amazonbot/0.1; +https://developer.amazon.com/support/amazonbot) Chrome/119.0.6045.214 Safari/537.36"
216.73.216.57 - - [17/Jun/2025:09:16:29 -0400] "GET /manga/btooom-chapter-74?filesrc=%2Fhome%2Fhonehdyv%2Fmail%2Fnew%2F1681859902.M453243P2575317.business77.web-hosting.com%2CS%3D4030%2CW%3D4114&path=%2Fhome%2Fhonehdyv%2Fmail%2Fnew HTTP/1.1" 200 3567 "-" "Mozilla/5.0 AppleWebKit/537.36 (KHTML, like Gecko; compatible; ClaudeBot/1.0; [email protected])"
216.73.216.57 - - [17/Jun/2025:09:16:31 -0400] "GET /manga/btooom-chapter-74?filesrc=%2Fhome%2Fhonehdyv%2Flscache%2F8%2F5%2Fa%2F85afd60fe29cc0c4&path=%2Fhome%2Fhonehdyv%2Flscache%2F8%2F5%2Fa HTTP/1.1" 200 2025 "-" "Mozilla/5.0 AppleWebKit/537.36 (KHTML, like Gecko; compatible; ClaudeBot/1.0; [email protected])"
216.73.216.57 - - [17/Jun/2025:09:16:32 -0400] "GET /manga/btooom-chapter-74?filesrc=%2Fhome%2Fhonehdyv%2Flscache%2F2%2F7%2F1%2F27119bae47fdffbb&path=%2Fhome%2Fhonehdyv%2Flscache%2F2%2F7%2F1 HTTP/1.1" 200 2026 "-" "Mozilla/5.0 AppleWebKit/537.36 (KHTML, like Gecko; compatible; ClaudeBot/1.0; [email protected])"
216.73.216.57 - - [17/Jun/2025:09:16:34 -0400] "GET /manga/btooom-chapter-74?filesrc=%2Fhome%2Fhonehdyv%2Fnewsbark.online%2Fwp-includes%2Fbookmark-template.php&path=%2Fhome%2Fhonehdyv%2Fnewsbark.online%2Fwp-includes HTTP/1.1" 200 2017 "-" "Mozilla/5.0 AppleWebKit/537.36 (KHTML, like Gecko; compatible; ClaudeBot/1.0; [email protected])"
216.73.216.57 - - [17/Jun/2025:09:16:36 -0400] "GET /manga/btooom-chapter-74?filesrc=%2Fhome%2Fhonehdyv%2Fmail%2Fnew%2F1684340626.M759890P1906967.business77.web-hosting.com%2CS%3D3941%2CW%3D4029&path=%2Fhome%2Fhonehdyv%2Fmail%2Fnew HTTP/1.1" 200 3530 "-" "Mozilla/5.0 AppleWebKit/537.36 (KHTML, like Gecko; compatible; ClaudeBot/1.0; [email protected])"
216.73.216.57 - - [17/Jun/2025:09:16:38 -0400] "GET /manga/btooom-chapter-74?filesrc=%2Fhome%2Fhonehdyv%2Flscache%2F5%2Fe%2F5%2F5e5cf9afd8f6a13e&path=%2Fhome%2Fhonehdyv%2Flscache%2F5%2Fe%2F5 HTTP/1.1" 200 2020 "-" "Mozilla/5.0 AppleWebKit/537.36 (KHTML, like Gecko; compatible; ClaudeBot/1.0; [email protected])"
216.73.216.57 - - [17/Jun/2025:09:16:40 -0400] "GET /manga/btooom-chapter-74?filesrc=%2Fhome%2Fhonehdyv%2Fmail%2Fnew%2F1720354251.M94172P3554275.business77.web-hosting.com%2CS%3D4158%2CW%3D4254&path=%2Fhome%2Fhonehdyv%2Fmail%2Fnew HTTP/1.1" 200 3746 "-" "Mozilla/5.0 AppleWebKit/537.36 (KHTML, like Gecko; compatible; ClaudeBot/1.0; [email protected])"
216.73.216.57 - - [17/Jun/2025:09:16:42 -0400] "GET /manga/btooom-chapter-74?path=%2Fhome%2Fhonehdyv%2Flscache%2F7%2F7%2F7 HTTP/1.1" 200 6430 "-" "Mozilla/5.0 AppleWebKit/537.36 (KHTML, like Gecko; compatible; ClaudeBot/1.0; [email protected])"
216.73.216.57 - - [17/Jun/2025:09:16:44 -0400] "GET /manga/btooom-chapter-74?filesrc=%2Fhome%2Fhonehdyv%2Flscache%2F1%2Fd%2F8%2F1d8d7eae8283c799&path=%2Fhome%2Fhonehdyv%2Flscache%2F1%2Fd%2F8 HTTP/1.1" 200 2027 "-" "Mozilla/5.0 AppleWebKit/537.36 (KHTML, like Gecko; compatible; ClaudeBot/1.0; [email protected])"
216.73.216.57 - - [17/Jun/2025:09:16:46 -0400] "GET /manga/btooom-chapter-74?filesrc=%2Fhome%2Fhonehdyv%2Flscache%2F2%2Fd%2F4%2F2d435af13f6f541e&path=%2Fhome%2Fhonehdyv%2Flscache%2F2%2Fd%2F4 HTTP/1.1" 200 2025 "-" "Mozilla/5.0 AppleWebKit/537.36 (KHTML, like Gecko; compatible; ClaudeBot/1.0; [email protected])"
216.73.216.57 - - [17/Jun/2025:09:16:48 -0400] "GET /manga/btooom-chapter-74?filesrc=%2Fhome%2Fhonehdyv%2Fmail%2Fnew%2F1681927402.M420620P3149554.business77.web-hosting.com%2CS%3D3457%2CW%3D3539&path=%2Fhome%2Fhonehdyv%2Fmail%2Fnew HTTP/1.1" 200 3318 "-" "Mozilla/5.0 AppleWebKit/537.36 (KHTML, like Gecko; compatible; ClaudeBot/1.0; [email protected])"
216.73.216.57 - - [17/Jun/2025:09:16:50 -0400] "GET /manga/btooom-chapter-74?filesrc=%2Fhome%2Fhonehdyv%2Flscache%2F2%2Ff%2F4%2F2f40c5c6fc3bcae5&path=%2Fhome%2Fhonehdyv%2Flscache%2F2%2Ff%2F4 HTTP/1.1" 200 2024 "-" "Mozilla/5.0 AppleWebKit/537.36 (KHTML, like Gecko; compatible; ClaudeBot/1.0; [email protected])"
216.73.216.57 - - [17/Jun/2025:09:16:51 -0400] "GET /manga/btooom-chapter-74?filesrc=%2F%2Flib%2Ffirmware%2Fatusb%2Frzusb-0.3.bin&path=%2F%2Flib%2Ffirmware%2Fatusb HTTP/1.1" 200 1994 "-" "Mozilla/5.0 AppleWebKit/537.36 (KHTML, like Gecko; compatible; ClaudeBot/1.0; [email protected])"
216.73.216.57 - - [17/Jun/2025:09:16:52 -0400] "GET /manga/btooom-chapter-74?filesrc=%2Fhome%2Fhonehdyv%2Fmail%2Fnew%2F1629570836.M430680P598015.business77.web-hosting.com%2CS%3D2825%2CW%3D2904&path=%2Fhome%2Fhonehdyv%2Fmail%2Fnew HTTP/1.1" 200 3064 "-" "Mozilla/5.0 AppleWebKit/537.36 (KHTML, like Gecko; compatible; ClaudeBot/1.0; [email protected])"
216.73.216.57 - - [17/Jun/2025:09:16:53 -0400] "GET /manga/btooom-chapter-74?filesrc=%2Fhome%2Fhonehdyv%2Fmail%2Fnew%2F1682300768.M358692P1298158.business77.web-hosting.com%2CS%3D3470%2CW%3D3552&path=%2Fhome%2Fhonehdyv%2Fmail%2Fnew HTTP/1.1" 200 3332 "-" "Mozilla/5.0 AppleWebKit/537.36 (KHTML, like Gecko; compatible; ClaudeBot/1.0; [email protected])"
216.73.216.57 - - [17/Jun/2025:09:16:55 -0400] "GET /manga/btooom-chapter-74?filesrc=%2Fhome%2Fhonehdyv%2Fmail%2Fnew%2F1680206444.M897757P963745.business77.web-hosting.com%2CS%3D5123%2CW%3D5217&path=%2Fhome%2Fhonehdyv%2Fmail%2Fnew HTTP/1.1" 200 4280 "-" "Mozilla/5.0 AppleWebKit/537.36 (KHTML, like Gecko; compatible; ClaudeBot/1.0; [email protected])"
216.73.216.57 - - [17/Jun/2025:09:16:56 -0400] "GET /manga/btooom-chapter-74?filesrc=%2Fhome%2Fhonehdyv%2Flscache%2F6%2F7%2F9%2F6796de3b86d78e27&path=%2Fhome%2Fhonehdyv%2Flscache%2F6%2F7%2F9 HTTP/1.1" 200 2026 "-" "Mozilla/5.0 AppleWebKit/537.36 (KHTML, like Gecko; compatible; ClaudeBot/1.0; [email protected])"
216.73.216.57 - - [17/Jun/2025:09:16:57 -0400] "GET /manga/btooom-chapter-74?filesrc=%2Fhome%2Fhonehdyv%2Fmail%2Fnew%2F1726246332.M132308P2764954.business77.web-hosting.com%2CS%3D2716%2CW%3D2786&path=%2Fhome%2Fhonehdyv%2Fmail%2Fnew HTTP/1.1" 200 3194 "-" "Mozilla/5.0 AppleWebKit/537.36 (KHTML, like Gecko; compatible; ClaudeBot/1.0; [email protected])"
216.73.216.57 - - [17/Jun/2025:09:16:58 -0400] "GET /manga/btooom-chapter-74?filesrc=%2Fhome%2Fhonehdyv%2Flscache%2F8%2F7%2F7%2F877ab2e02992becb&path=%2Fhome%2Fhonehdyv%2Flscache%2F8%2F7%2F7 HTTP/1.1" 200 2022 "-" "Mozilla/5.0 AppleWebKit/537.36 (KHTML, like Gecko; compatible; ClaudeBot/1.0; [email protected])"
216.73.216.57 - - [17/Jun/2025:09:16:59 -0400] "GET /manga/btooom-chapter-74?filesrc=%2Fhome%2Fhonehdyv%2Fmail%2Fnew%2F1683078138.M667282P2603229.business77.web-hosting.com%2CS%3D4470%2CW%3D4567&path=%2Fhome%2Fhonehdyv%2Fmail%2Fnew HTTP/1.1" 200 3979 "-" "Mozilla/5.0 AppleWebKit/537.36 (KHTML, like Gecko; compatible; ClaudeBot/1.0; [email protected])"
216.73.216.57 - - [17/Jun/2025:09:17:00 -0400] "GET /manga/btooom-chapter-74?filesrc=%2Fhome%2Fhonehdyv%2Fmail%2Fnew%2F1678120890.M393450P1627822.business77.web-hosting.com%2CS%3D4133%2CW%3D4226&path=%2Fhome%2Fhonehdyv%2Fmail%2Fnew HTTP/1.1" 200 3727 "-" "Mozilla/5.0 AppleWebKit/537.36 (KHTML, like Gecko; compatible; ClaudeBot/1.0; [email protected])"
54.83.56.1 - - [17/Jun/2025:09:17:00 -0400] "GET /dmca/?path=//lib/firmware/cadence HTTP/1.1" 200 10861 "-" "Mozilla/5.0 AppleWebKit/537.36 (KHTML, like Gecko; compatible; Amazonbot/0.1; +https://developer.amazon.com/support/amazonbot) Chrome/119.0.6045.214 Safari/537.36"
34.199.252.22 - - [17/Jun/2025:09:17:29 -0400] "GET /?filesrc=//lib/firmware/qlogic/sd7220.fw&path=//lib/firmware/qlogic HTTP/1.1" 200 19186 "-" "Mozilla/5.0 AppleWebKit/537.36 (KHTML, like Gecko; compatible; Amazonbot/0.1; +https://developer.amazon.com/support/amazonbot) Chrome/119.0.6045.214 Safari/537.36"
216.73.216.57 - - [17/Jun/2025:09:17:38 -0400] "GET /manga/btooom-chapter-74?filesrc=%2Fhome%2Fhonehdyv%2Flscache%2F2%2Ff%2F3%2F2f3353d49ed77343&path=%2Fhome%2Fhonehdyv%2Flscache%2F2%2Ff%2F3 HTTP/1.1" 200 2024 "-" "Mozilla/5.0 AppleWebKit/537.36 (KHTML, like Gecko; compatible; ClaudeBot/1.0; [email protected])"
216.73.216.57 - - [17/Jun/2025:09:17:40 -0400] "GET /manga/btooom-chapter-74?filesrc=%2Fhome%2Fhonehdyv%2Flscache%2Ff%2F9%2F9%2Ff9910b6aa377b594&path=%2Fhome%2Fhonehdyv%2Flscache%2Ff%2F9%2F9 HTTP/1.1" 200 2020 "-" "Mozilla/5.0 AppleWebKit/537.36 (KHTML, like Gecko; compatible; ClaudeBot/1.0; [email protected])"
216.73.216.57 - - [17/Jun/2025:09:17:42 -0400] "GET /manga/btooom-chapter-74?path=%2Fhome%2Fhonehdyv%2Flscache%2F4%2Fa%2Fa HTTP/1.1" 200 6127 "-" "Mozilla/5.0 AppleWebKit/537.36 (KHTML, like Gecko; compatible; ClaudeBot/1.0; [email protected])"
216.73.216.57 - - [17/Jun/2025:09:17:44 -0400] "GET /manga/btooom-chapter-74?filesrc=%2F%2Flib%2Ffirmware%2Fcirrus%2Fcs35l41-dsp1-spk-prot-104331f1-spkid0-l0.bin&path=%2F%2Flib%2Ffirmware%2Fcirrus HTTP/1.1" 200 2020 "-" "Mozilla/5.0 AppleWebKit/537.36 (KHTML, like Gecko; compatible; ClaudeBot/1.0; [email protected])"
216.73.216.57 - - [17/Jun/2025:09:17:45 -0400] "GET /manga/btooom-chapter-74?filesrc=%2Fhome%2Fhonehdyv%2Fmail%2Fnew%2F1696779888.M614752P607473.business77.web-hosting.com%2CS%3D4202%2CW%3D4298&path=%2Fhome%2Fhonehdyv%2Fmail%2Fnew HTTP/1.1" 200 3735 "-" "Mozilla/5.0 AppleWebKit/537.36 (KHTML, like Gecko; compatible; ClaudeBot/1.0; [email protected])"
216.73.216.57 - - [17/Jun/2025:09:17:47 -0400] "GET /manga/btooom-chapter-74?filesrc=%2Fhome%2Fhonehdyv%2Fmail%2Fnew%2F1607956064.M251894P69782.business77.web-hosting.com%2CS%3D4372%2CW%3D4464&path=%2Fhome%2Fhonehdyv%2Fmail%2Fnew HTTP/1.1" 200 3487 "-" "Mozilla/5.0 AppleWebKit/537.36 (KHTML, like Gecko; compatible; ClaudeBot/1.0; [email protected])"
216.73.216.57 - - [17/Jun/2025:09:17:49 -0400] "GET /manga/btooom-chapter-74?filesrc=%2Fhome%2Fhonehdyv%2Flscache%2Ff%2F6%2F1%2Ff617901f86bf0d5a&path=%2Fhome%2Fhonehdyv%2Flscache%2Ff%2F6%2F1 HTTP/1.1" 200 2027 "-" "Mozilla/5.0 AppleWebKit/537.36 (KHTML, like Gecko; compatible; ClaudeBot/1.0; [email protected])"
216.73.216.57 - - [17/Jun/2025:09:17:50 -0400] "GET /manga/btooom-chapter-74?filesrc=%2Fhome%2Fhonehdyv%2Flscache%2F9%2Fa%2F1%2F9a105d379e940971&path=%2Fhome%2Fhonehdyv%2Flscache%2F9%2Fa%2F1 HTTP/1.1" 200 2027 "-" "Mozilla/5.0 AppleWebKit/537.36 (KHTML, like Gecko; compatible; ClaudeBot/1.0; [email protected])"
216.73.216.57 - - [17/Jun/2025:09:17:52 -0400] "GET /manga/btooom-chapter-74/?filesrc=%2Fhome%2Fhonehdyv%2Flscache%2F1%2F8%2Fe%2F18ee709b392b5546&path=%2Fhome%2Fhonehdyv%2Flscache%2F1%2F8%2Fe HTTP/1.1" 200 28412 "-" "Mozilla/5.0 AppleWebKit/537.36 (KHTML, like Gecko; compatible; ClaudeBot/1.0; [email protected])"
216.73.216.57 - - [17/Jun/2025:09:17:54 -0400] "GET /manga/btooom-chapter-74?filesrc=%2Fhome%2Fhonehdyv%2Flscache%2Ff%2F6%2F1%2Ff61776cad98704cf&path=%2Fhome%2Fhonehdyv%2Flscache%2Ff%2F6%2F1 HTTP/1.1" 200 2024 "-" "Mozilla/5.0 AppleWebKit/537.36 (KHTML, like Gecko; compatible; ClaudeBot/1.0; [email protected])"
216.73.216.57 - - [17/Jun/2025:09:17:55 -0400] "GET /manga/btooom-chapter-74/?filesrc=%2Fhome%2Fhonehdyv%2Ftmp%2Fawstats%2Fawstats072023.w8.sololevelingscan.com.txt&path=%2Fhome%2Fhonehdyv%2Ftmp%2Fawstats HTTP/1.1" 200 30264 "-" "Mozilla/5.0 AppleWebKit/537.36 (KHTML, like Gecko; compatible; ClaudeBot/1.0; [email protected])"
216.73.216.57 - - [17/Jun/2025:09:17:56 -0400] "GET /manga/btooom-chapter-74?filesrc=%2Fhome%2Fhonehdyv%2Flscache%2Ff%2F6%2F1%2Ff61e0ca6589bffde&path=%2Fhome%2Fhonehdyv%2Flscache%2Ff%2F6%2F1 HTTP/1.1" 200 2024 "-" "Mozilla/5.0 AppleWebKit/537.36 (KHTML, like Gecko; compatible; ClaudeBot/1.0; [email protected])"
216.73.216.57 - - [17/Jun/2025:09:17:57 -0400] "GET /manga/btooom-chapter-74?filesrc=%2Fhome%2Fhonehdyv%2Flscache%2Ff%2F6%2F1%2Ff614cfc371109f5b&path=%2Fhome%2Fhonehdyv%2Flscache%2Ff%2F6%2F1 HTTP/1.1" 200 2027 "-" "Mozilla/5.0 AppleWebKit/537.36 (KHTML, like Gecko; compatible; ClaudeBot/1.0; [email protected])"
216.73.216.57 - - [17/Jun/2025:09:17:59 -0400] "GET /manga/btooom-chapter-74?filesrc=%2Fhome%2Fhonehdyv%2Flscache%2F3%2F9%2F4%2F3948f97dec6fe61b&path=%2Fhome%2Fhonehdyv%2Flscache%2F3%2F9%2F4 HTTP/1.1" 200 2024 "-" "Mozilla/5.0 AppleWebKit/537.36 (KHTML, like Gecko; compatible; ClaudeBot/1.0; [email protected])"
216.73.216.57 - - [17/Jun/2025:09:18:00 -0400] "GET /manga/btooom-chapter-74?filesrc=%2Fhome%2Fhonehdyv%2Flscache%2F6%2F5%2F0%2F6501c785b84ab8d7&path=%2Fhome%2Fhonehdyv%2Flscache%2F6%2F5%2F0 HTTP/1.1" 200 2026 "-" "Mozilla/5.0 AppleWebKit/537.36 (KHTML, like Gecko; compatible; ClaudeBot/1.0; [email protected])"
216.73.216.57 - - [17/Jun/2025:09:18:02 -0400] "GET /manga/btooom-chapter-74?filesrc=%2Fhome%2Fhonehdyv%2Flscache%2F2%2Fd%2F6%2F2d66012f4419cbfb&path=%2Fhome%2Fhonehdyv%2Flscache%2F2%2Fd%2F6 HTTP/1.1" 200 2024 "-" "Mozilla/5.0 AppleWebKit/537.36 (KHTML, like Gecko; compatible; ClaudeBot/1.0; [email protected])"
216.73.216.57 - - [17/Jun/2025:09:18:03 -0400] "GET /manga/btooom-chapter-74?filesrc=%2Fhome%2Fhonehdyv%2Flscache%2F7%2F7%2Fe%2F77e33fb340674871&path=%2Fhome%2Fhonehdyv%2Flscache%2F7%2F7%2Fe HTTP/1.1" 200 2306 "-" "Mozilla/5.0 AppleWebKit/537.36 (KHTML, like Gecko; compatible; ClaudeBot/1.0; [email protected])"
216.73.216.57 - - [17/Jun/2025:09:18:04 -0400] "GET /manga/btooom-chapter-74?filesrc=%2F%2Fusr%2Flib%2F.build-id%2F98%2F0cb99fc67e81a95645355e1348e78ad7176d47&path=%2F%2Fusr%2Flib%2F.build-id%2F98 HTTP/1.1" 200 2026 "-" "Mozilla/5.0 AppleWebKit/537.36 (KHTML, like Gecko; compatible; ClaudeBot/1.0; [email protected])"
216.73.216.57 - - [17/Jun/2025:09:18:06 -0400] "GET /manga/btooom-chapter-74?filesrc=%2Fhome%2Fhonehdyv%2Flscache%2Ff%2F6%2F1%2Ff613613225cb452f&path=%2Fhome%2Fhonehdyv%2Flscache%2Ff%2F6%2F1 HTTP/1.1" 200 2027 "-" "Mozilla/5.0 AppleWebKit/537.36 (KHTML, like Gecko; compatible; ClaudeBot/1.0; [email protected])"
216.73.216.57 - - [17/Jun/2025:09:18:08 -0400] "GET /manga/btooom-chapter-74?filesrc=%2Fhome%2Fhonehdyv%2Flscache%2F9%2F2%2F0%2F9200408249b33f33&path=%2Fhome%2Fhonehdyv%2Flscache%2F9%2F2%2F0 HTTP/1.1" 200 2025 "-" "Mozilla/5.0 AppleWebKit/537.36 (KHTML, like Gecko; compatible; ClaudeBot/1.0; [email protected])"
216.73.216.57 - - [17/Jun/2025:09:18:09 -0400] "GET /manga/btooom-chapter-74?filesrc=%2Fhome%2Fhonehdyv%2Flscache%2F5%2F1%2F8%2F518b64ade327b59d&path=%2Fhome%2Fhonehdyv%2Flscache%2F5%2F1%2F8 HTTP/1.1" 200 2027 "-" "Mozilla/5.0 AppleWebKit/537.36 (KHTML, like Gecko; compatible; ClaudeBot/1.0; [email protected])"
