20.171.207.117 - - [09/Jun/2025:22:39:26 -0400] "GET / HTTP/1.1" 200 9389 "-" "Mozilla/5.0 AppleWebKit/537.36 (KHTML, like Gecko; compatible; GPTBot/1.2; +https://openai.com/gptbot)"
20.171.207.117 - - [09/Jun/2025:22:39:27 -0400] "GET /erg/detail731274264.htm HTTP/1.1" 301 0 "-" "Mozilla/5.0 AppleWebKit/537.36 (KHTML, like Gecko; compatible; GPTBot/1.2; +https://openai.com/gptbot)"
20.171.207.117 - - [09/Jun/2025:22:39:27 -0400] "GET / HTTP/1.1" 200 9389 "-" "Mozilla/5.0 AppleWebKit/537.36 (KHTML, like Gecko; compatible; GPTBot/1.2; +https://openai.com/gptbot)"
20.171.207.117 - - [09/Jun/2025:22:39:28 -0400] "GET /gw/entity312031456.htm HTTP/1.1" 301 0 "-" "Mozilla/5.0 AppleWebKit/537.36 (KHTML, like Gecko; compatible; GPTBot/1.2; +https://openai.com/gptbot)"
162.0.232.193 - - [09/Jun/2025:22:39:29 -0400] "POST /wp-cron.php?doing_wp_cron=1749523169.2041161060333251953125 HTTP/1.1" 200 0 "-" "WordPress/6.8.1; https://reversevillain.com"
20.171.207.117 - - [09/Jun/2025:22:39:28 -0400] "GET / HTTP/1.1" 200 9389 "-" "Mozilla/5.0 AppleWebKit/537.36 (KHTML, like Gecko; compatible; GPTBot/1.2; +https://openai.com/gptbot)"
162.0.232.193 - - [09/Jun/2025:22:39:29 -0400] "POST /wp-admin/admin-ajax.php?action=async_litespeed&nonce=OgPeP8uzVMWGUDL2TkX6wppiROvwGjRo&litespeed_type=imgoptm HTTP/1.1" 200 5 "-" "WordPress/6.8.1; https://reversevillain.com"
20.171.207.117 - - [09/Jun/2025:22:39:29 -0400] "GET /uhq/detail368128296.htm HTTP/1.1" 301 0 "-" "Mozilla/5.0 AppleWebKit/537.36 (KHTML, like Gecko; compatible; GPTBot/1.2; +https://openai.com/gptbot)"
20.171.207.117 - - [09/Jun/2025:22:39:30 -0400] "GET / HTTP/1.1" 200 9389 "-" "Mozilla/5.0 AppleWebKit/537.36 (KHTML, like Gecko; compatible; GPTBot/1.2; +https://openai.com/gptbot)"
20.171.207.117 - - [09/Jun/2025:22:39:30 -0400] "GET /ac/detail913747252.htm HTTP/1.1" 301 0 "-" "Mozilla/5.0 AppleWebKit/537.36 (KHTML, like Gecko; compatible; GPTBot/1.2; +https://openai.com/gptbot)"
20.171.207.117 - - [09/Jun/2025:22:39:31 -0400] "GET / HTTP/1.1" 200 9389 "-" "Mozilla/5.0 AppleWebKit/537.36 (KHTML, like Gecko; compatible; GPTBot/1.2; +https://openai.com/gptbot)"
20.171.207.117 - - [09/Jun/2025:22:39:31 -0400] "GET /lv/detail189465349.htm HTTP/1.1" 301 0 "-" "Mozilla/5.0 AppleWebKit/537.36 (KHTML, like Gecko; compatible; GPTBot/1.2; +https://openai.com/gptbot)"
20.171.207.117 - - [09/Jun/2025:22:39:32 -0400] "GET / HTTP/1.1" 200 9389 "-" "Mozilla/5.0 AppleWebKit/537.36 (KHTML, like Gecko; compatible; GPTBot/1.2; +https://openai.com/gptbot)"
162.0.232.193 - - [09/Jun/2025:22:39:33 -0400] "POST /wp-cron.php?doing_wp_cron=1749523173.5470480918884277343750 HTTP/1.1" 200 0 "-" "WordPress/6.8.1; https://reversevillain.com"
20.171.207.117 - - [09/Jun/2025:22:39:33 -0400] "GET /ats/entity189386072.htm HTTP/1.1" 301 0 "-" "Mozilla/5.0 AppleWebKit/537.36 (KHTML, like Gecko; compatible; GPTBot/1.2; +https://openai.com/gptbot)"
20.171.207.117 - - [09/Jun/2025:22:39:33 -0400] "GET / HTTP/1.1" 200 9389 "-" "Mozilla/5.0 AppleWebKit/537.36 (KHTML, like Gecko; compatible; GPTBot/1.2; +https://openai.com/gptbot)"
20.171.207.117 - - [09/Jun/2025:22:39:34 -0400] "GET /vz/product368128981.htm HTTP/1.1" 301 0 "-" "Mozilla/5.0 AppleWebKit/537.36 (KHTML, like Gecko; compatible; GPTBot/1.2; +https://openai.com/gptbot)"
20.171.207.117 - - [09/Jun/2025:22:39:35 -0400] "GET / HTTP/1.1" 200 9389 "-" "Mozilla/5.0 AppleWebKit/537.36 (KHTML, like Gecko; compatible; GPTBot/1.2; +https://openai.com/gptbot)"
20.171.207.117 - - [09/Jun/2025:22:39:35 -0400] "GET /clw/entity312029844.htm HTTP/1.1" 301 0 "-" "Mozilla/5.0 AppleWebKit/537.36 (KHTML, like Gecko; compatible; GPTBot/1.2; +https://openai.com/gptbot)"
20.171.207.117 - - [09/Jun/2025:22:39:36 -0400] "GET / HTTP/1.1" 200 9389 "-" "Mozilla/5.0 AppleWebKit/537.36 (KHTML, like Gecko; compatible; GPTBot/1.2; +https://openai.com/gptbot)"
20.171.207.117 - - [09/Jun/2025:22:39:37 -0400] "GET /f/product254241723.htm HTTP/1.1" 301 0 "-" "Mozilla/5.0 AppleWebKit/537.36 (KHTML, like Gecko; compatible; GPTBot/1.2; +https://openai.com/gptbot)"
20.171.207.117 - - [09/Jun/2025:22:39:38 -0400] "GET / HTTP/1.1" 200 9389 "-" "Mozilla/5.0 AppleWebKit/537.36 (KHTML, like Gecko; compatible; GPTBot/1.2; +https://openai.com/gptbot)"
20.171.207.117 - - [09/Jun/2025:22:39:38 -0400] "GET /w/product860507956.htm HTTP/1.1" 301 0 "-" "Mozilla/5.0 AppleWebKit/537.36 (KHTML, like Gecko; compatible; GPTBot/1.2; +https://openai.com/gptbot)"
20.171.207.117 - - [09/Jun/2025:22:39:39 -0400] "GET / HTTP/1.1" 200 9389 "-" "Mozilla/5.0 AppleWebKit/537.36 (KHTML, like Gecko; compatible; GPTBot/1.2; +https://openai.com/gptbot)"
20.171.207.117 - - [09/Jun/2025:22:39:40 -0400] "GET /yw/product311771976.htm HTTP/1.1" 301 0 "-" "Mozilla/5.0 AppleWebKit/537.36 (KHTML, like Gecko; compatible; GPTBot/1.2; +https://openai.com/gptbot)"
20.171.207.117 - - [09/Jun/2025:22:39:40 -0400] "GET / HTTP/1.1" 200 9389 "-" "Mozilla/5.0 AppleWebKit/537.36 (KHTML, like Gecko; compatible; GPTBot/1.2; +https://openai.com/gptbot)"
20.171.207.117 - - [09/Jun/2025:22:39:41 -0400] "GET /cpu/entity253972570.htm HTTP/1.1" 301 0 "-" "Mozilla/5.0 AppleWebKit/537.36 (KHTML, like Gecko; compatible; GPTBot/1.2; +https://openai.com/gptbot)"
20.171.207.117 - - [09/Jun/2025:22:39:42 -0400] "GET / HTTP/1.1" 200 9389 "-" "Mozilla/5.0 AppleWebKit/537.36 (KHTML, like Gecko; compatible; GPTBot/1.2; +https://openai.com/gptbot)"
20.171.207.117 - - [09/Jun/2025:22:39:42 -0400] "GET /dl/entity368089525.htm HTTP/1.1" 301 0 "-" "Mozilla/5.0 AppleWebKit/537.36 (KHTML, like Gecko; compatible; GPTBot/1.2; +https://openai.com/gptbot)"
2001:41d0:303:8697::1 - - [09/Jun/2025:22:39:42 -0400] "GET /marriagetoxin-chapter-77/feed/ HTTP/1.1" 301 0 "-" "Mozilla/5.0 (compatible; MJ12bot/v1.4.8; http://mj12bot.com/)"
20.171.207.117 - - [09/Jun/2025:22:39:43 -0400] "GET / HTTP/1.1" 200 9389 "-" "Mozilla/5.0 AppleWebKit/537.36 (KHTML, like Gecko; compatible; GPTBot/1.2; +https://openai.com/gptbot)"
43.130.71.237 - - [09/Jun/2025:22:39:43 -0400] "GET /?p=1452 HTTP/1.1" 301 0 "-" "Mozilla/5.0 (iPhone; CPU iPhone OS 13_2_3 like Mac OS X) AppleWebKit/605.1.15 (KHTML, like Gecko) Version/13.0.3 Mobile/15E148 Safari/604.1"
20.171.207.117 - - [09/Jun/2025:22:39:44 -0400] "GET /pz/product860483181.htm HTTP/1.1" 301 0 "-" "Mozilla/5.0 AppleWebKit/537.36 (KHTML, like Gecko; compatible; GPTBot/1.2; +https://openai.com/gptbot)"
20.171.207.117 - - [09/Jun/2025:22:39:44 -0400] "GET / HTTP/1.1" 200 9389 "-" "Mozilla/5.0 AppleWebKit/537.36 (KHTML, like Gecko; compatible; GPTBot/1.2; +https://openai.com/gptbot)"
40.77.167.37 - - [09/Jun/2025:22:39:44 -0400] "GET /negative-yuusha-to-maou-gun-kanbu-chapter-34/ HTTP/1.1" 200 40992 "-" "Mozilla/5.0 AppleWebKit/537.36 (KHTML, like Gecko; compatible; bingbot/2.0; +http://www.bing.com/bingbot.htm) Chrome/116.0.1938.76 Safari/537.36"
20.171.207.117 - - [09/Jun/2025:22:39:45 -0400] "GET /lv/detail189647271.htm HTTP/1.1" 301 0 "-" "Mozilla/5.0 AppleWebKit/537.36 (KHTML, like Gecko; compatible; GPTBot/1.2; +https://openai.com/gptbot)"
20.171.207.117 - - [09/Jun/2025:22:39:45 -0400] "GET / HTTP/1.1" 200 9389 "-" "Mozilla/5.0 AppleWebKit/537.36 (KHTML, like Gecko; compatible; GPTBot/1.2; +https://openai.com/gptbot)"
20.171.207.117 - - [09/Jun/2025:22:39:46 -0400] "GET /hvd/entity104338549.htm HTTP/1.1" 301 0 "-" "Mozilla/5.0 AppleWebKit/537.36 (KHTML, like Gecko; compatible; GPTBot/1.2; +https://openai.com/gptbot)"
20.171.207.117 - - [09/Jun/2025:22:39:47 -0400] "GET / HTTP/1.1" 200 9389 "-" "Mozilla/5.0 AppleWebKit/537.36 (KHTML, like Gecko; compatible; GPTBot/1.2; +https://openai.com/gptbot)"
20.171.207.117 - - [09/Jun/2025:22:39:47 -0400] "GET /fx/product731349707.htm HTTP/1.1" 301 0 "-" "Mozilla/5.0 AppleWebKit/537.36 (KHTML, like Gecko; compatible; GPTBot/1.2; +https://openai.com/gptbot)"
43.130.71.237 - - [09/Jun/2025:22:39:47 -0400] "GET /reverse-villain-chapter-101/ HTTP/1.1" 200 9981 "https://reversevillain.com/?p=1452" "Mozilla/5.0 (iPhone; CPU iPhone OS 13_2_3 like Mac OS X) AppleWebKit/605.1.15 (KHTML, like Gecko) Version/13.0.3 Mobile/15E148 Safari/604.1"
20.171.207.117 - - [09/Jun/2025:22:39:48 -0400] "GET / HTTP/1.1" 200 9391 "-" "Mozilla/5.0 AppleWebKit/537.36 (KHTML, like Gecko; compatible; GPTBot/1.2; +https://openai.com/gptbot)"
20.171.207.117 - - [09/Jun/2025:22:39:48 -0400] "GET /vb/detail311962821.htm HTTP/1.1" 301 0 "-" "Mozilla/5.0 AppleWebKit/537.36 (KHTML, like Gecko; compatible; GPTBot/1.2; +https://openai.com/gptbot)"
20.171.207.117 - - [09/Jun/2025:22:39:49 -0400] "GET / HTTP/1.1" 200 9389 "-" "Mozilla/5.0 AppleWebKit/537.36 (KHTML, like Gecko; compatible; GPTBot/1.2; +https://openai.com/gptbot)"
162.0.232.193 - - [09/Jun/2025:22:39:50 -0400] "POST /wp-cron.php?doing_wp_cron=1749523190.2091639041900634765625 HTTP/1.1" 200 0 "-" "WordPress/6.8.1; https://reversevillain.com"
20.171.207.117 - - [09/Jun/2025:22:39:50 -0400] "GET /ido/detail913718742.htm HTTP/1.1" 301 0 "-" "Mozilla/5.0 AppleWebKit/537.36 (KHTML, like Gecko; compatible; GPTBot/1.2; +https://openai.com/gptbot)"
2001:41d0:303:8697::1 - - [09/Jun/2025:22:39:49 -0400] "GET / HTTP/1.1" 200 9389 "-" "Mozilla/5.0 (compatible; MJ12bot/v1.4.8; http://mj12bot.com/)"
162.0.232.193 - - [09/Jun/2025:22:39:50 -0400] "POST /wp-admin/admin-ajax.php?action=async_litespeed&nonce=P8lPdQnDUdtRcYrilxpdqWyjnLerJ8Ye&litespeed_type=imgoptm HTTP/1.1" 200 5 "-" "WordPress/6.8.1; https://reversevillain.com"
20.171.207.117 - - [09/Jun/2025:22:39:50 -0400] "GET / HTTP/1.1" 200 9389 "-" "Mozilla/5.0 AppleWebKit/537.36 (KHTML, like Gecko; compatible; GPTBot/1.2; +https://openai.com/gptbot)"
20.171.207.117 - - [09/Jun/2025:22:39:51 -0400] "GET /l/product368145447.htm HTTP/1.1" 301 0 "-" "Mozilla/5.0 AppleWebKit/537.36 (KHTML, like Gecko; compatible; GPTBot/1.2; +https://openai.com/gptbot)"
20.171.207.117 - - [09/Jun/2025:22:39:51 -0400] "GET / HTTP/1.1" 200 9389 "-" "Mozilla/5.0 AppleWebKit/537.36 (KHTML, like Gecko; compatible; GPTBot/1.2; +https://openai.com/gptbot)"
20.171.207.117 - - [09/Jun/2025:22:39:52 -0400] "GET /fnb/items913780843.htm HTTP/1.1" 301 0 "-" "Mozilla/5.0 AppleWebKit/537.36 (KHTML, like Gecko; compatible; GPTBot/1.2; +https://openai.com/gptbot)"
20.171.207.117 - - [09/Jun/2025:22:39:52 -0400] "GET / HTTP/1.1" 200 9389 "-" "Mozilla/5.0 AppleWebKit/537.36 (KHTML, like Gecko; compatible; GPTBot/1.2; +https://openai.com/gptbot)"
20.171.207.117 - - [09/Jun/2025:22:39:53 -0400] "GET /c/product731284880.htm HTTP/1.1" 301 0 "-" "Mozilla/5.0 AppleWebKit/537.36 (KHTML, like Gecko; compatible; GPTBot/1.2; +https://openai.com/gptbot)"
20.171.207.117 - - [09/Jun/2025:22:39:54 -0400] "GET / HTTP/1.1" 200 9389 "-" "Mozilla/5.0 AppleWebKit/537.36 (KHTML, like Gecko; compatible; GPTBot/1.2; +https://openai.com/gptbot)"
20.171.207.117 - - [09/Jun/2025:22:39:54 -0400] "GET /w/product311899422.htm HTTP/1.1" 301 0 "-" "Mozilla/5.0 AppleWebKit/537.36 (KHTML, like Gecko; compatible; GPTBot/1.2; +https://openai.com/gptbot)"
20.171.207.117 - - [09/Jun/2025:22:39:55 -0400] "GET / HTTP/1.1" 200 9389 "-" "Mozilla/5.0 AppleWebKit/537.36 (KHTML, like Gecko; compatible; GPTBot/1.2; +https://openai.com/gptbot)"
20.171.207.117 - - [09/Jun/2025:22:39:55 -0400] "GET /mo/product367943590.htm HTTP/1.1" 301 0 "-" "Mozilla/5.0 AppleWebKit/537.36 (KHTML, like Gecko; compatible; GPTBot/1.2; +https://openai.com/gptbot)"
20.171.207.117 - - [09/Jun/2025:22:39:56 -0400] "GET / HTTP/1.1" 200 9389 "-" "Mozilla/5.0 AppleWebKit/537.36 (KHTML, like Gecko; compatible; GPTBot/1.2; +https://openai.com/gptbot)"
20.171.207.117 - - [09/Jun/2025:22:39:57 -0400] "GET /n/product368243003.htm HTTP/1.1" 301 0 "-" "Mozilla/5.0 AppleWebKit/537.36 (KHTML, like Gecko; compatible; GPTBot/1.2; +https://openai.com/gptbot)"
20.171.207.117 - - [09/Jun/2025:22:39:57 -0400] "GET / HTTP/1.1" 200 9389 "-" "Mozilla/5.0 AppleWebKit/537.36 (KHTML, like Gecko; compatible; GPTBot/1.2; +https://openai.com/gptbot)"
2001:41d0:303:8697::1 - - [09/Jun/2025:22:39:59 -0400] "GET /marry-my-husband-chapter-60/feed/ HTTP/1.1" 301 0 "-" "Mozilla/5.0 (compatible; MJ12bot/v1.4.8; http://mj12bot.com/)"
20.171.207.117 - - [09/Jun/2025:22:39:59 -0400] "GET /hnp/detail312117405.htm HTTP/1.1" 301 0 "-" "Mozilla/5.0 AppleWebKit/537.36 (KHTML, like Gecko; compatible; GPTBot/1.2; +https://openai.com/gptbot)"
20.171.207.117 - - [09/Jun/2025:22:39:59 -0400] "GET / HTTP/1.1" 200 9391 "-" "Mozilla/5.0 AppleWebKit/537.36 (KHTML, like Gecko; compatible; GPTBot/1.2; +https://openai.com/gptbot)"
20.171.207.117 - - [09/Jun/2025:22:40:00 -0400] "GET /sk/detail104279224.htm HTTP/1.1" 301 0 "-" "Mozilla/5.0 AppleWebKit/537.36 (KHTML, like Gecko; compatible; GPTBot/1.2; +https://openai.com/gptbot)"
20.171.207.117 - - [09/Jun/2025:22:40:00 -0400] "GET / HTTP/1.1" 200 9389 "-" "Mozilla/5.0 AppleWebKit/537.36 (KHTML, like Gecko; compatible; GPTBot/1.2; +https://openai.com/gptbot)"
20.171.207.117 - - [09/Jun/2025:22:40:01 -0400] "GET /gs/entity860672324.htm HTTP/1.1" 301 0 "-" "Mozilla/5.0 AppleWebKit/537.36 (KHTML, like Gecko; compatible; GPTBot/1.2; +https://openai.com/gptbot)"
20.171.207.117 - - [09/Jun/2025:22:40:02 -0400] "GET / HTTP/1.1" 200 9389 "-" "Mozilla/5.0 AppleWebKit/537.36 (KHTML, like Gecko; compatible; GPTBot/1.2; +https://openai.com/gptbot)"
20.171.207.117 - - [09/Jun/2025:22:40:03 -0400] "GET /grs/items860351744.htm HTTP/1.1" 301 0 "-" "Mozilla/5.0 AppleWebKit/537.36 (KHTML, like Gecko; compatible; GPTBot/1.2; +https://openai.com/gptbot)"
20.171.207.117 - - [09/Jun/2025:22:40:04 -0400] "GET / HTTP/1.1" 200 9389 "-" "Mozilla/5.0 AppleWebKit/537.36 (KHTML, like Gecko; compatible; GPTBot/1.2; +https://openai.com/gptbot)"
20.171.207.117 - - [09/Jun/2025:22:40:05 -0400] "GET /vb/entity254194305.htm HTTP/1.1" 301 0 "-" "Mozilla/5.0 AppleWebKit/537.36 (KHTML, like Gecko; compatible; GPTBot/1.2; +https://openai.com/gptbot)"
20.171.207.117 - - [09/Jun/2025:22:40:06 -0400] "GET / HTTP/1.1" 200 9389 "-" "Mozilla/5.0 AppleWebKit/537.36 (KHTML, like Gecko; compatible; GPTBot/1.2; +https://openai.com/gptbot)"
20.171.207.117 - - [09/Jun/2025:22:40:08 -0400] "GET /dnn/goodscode913758885.htm HTTP/1.1" 301 0 "-" "Mozilla/5.0 AppleWebKit/537.36 (KHTML, like Gecko; compatible; GPTBot/1.2; +https://openai.com/gptbot)"
20.171.207.117 - - [09/Jun/2025:22:40:09 -0400] "GET / HTTP/1.1" 200 9389 "-" "Mozilla/5.0 AppleWebKit/537.36 (KHTML, like Gecko; compatible; GPTBot/1.2; +https://openai.com/gptbot)"
2001:41d0:303:8697::1 - - [09/Jun/2025:22:40:09 -0400] "GET / HTTP/1.1" 200 9390 "-" "Mozilla/5.0 (compatible; MJ12bot/v1.4.8; http://mj12bot.com/)"
20.171.207.117 - - [09/Jun/2025:22:40:10 -0400] "GET /avi/goodscode779990050.htm HTTP/1.1" 301 0 "-" "Mozilla/5.0 AppleWebKit/537.36 (KHTML, like Gecko; compatible; GPTBot/1.2; +https://openai.com/gptbot)"
20.171.207.117 - - [09/Jun/2025:22:40:11 -0400] "GET / HTTP/1.1" 200 9389 "-" "Mozilla/5.0 AppleWebKit/537.36 (KHTML, like Gecko; compatible; GPTBot/1.2; +https://openai.com/gptbot)"
20.171.207.117 - - [09/Jun/2025:22:40:12 -0400] "GET /mrs/goodscode779995494.htm HTTP/1.1" 301 0 "-" "Mozilla/5.0 AppleWebKit/537.36 (KHTML, like Gecko; compatible; GPTBot/1.2; +https://openai.com/gptbot)"
20.171.207.117 - - [09/Jun/2025:22:40:13 -0400] "GET / HTTP/1.1" 200 9390 "-" "Mozilla/5.0 AppleWebKit/537.36 (KHTML, like Gecko; compatible; GPTBot/1.2; +https://openai.com/gptbot)"
20.171.207.117 - - [09/Jun/2025:22:40:13 -0400] "GET /shw/goodscode104503330.htm HTTP/1.1" 301 0 "-" "Mozilla/5.0 AppleWebKit/537.36 (KHTML, like Gecko; compatible; GPTBot/1.2; +https://openai.com/gptbot)"
20.171.207.117 - - [09/Jun/2025:22:40:14 -0400] "GET / HTTP/1.1" 200 9389 "-" "Mozilla/5.0 AppleWebKit/537.36 (KHTML, like Gecko; compatible; GPTBot/1.2; +https://openai.com/gptbot)"
20.171.207.117 - - [09/Jun/2025:22:40:15 -0400] "GET /xr/metallifacture/detail860412167.htm HTTP/1.1" 301 0 "-" "Mozilla/5.0 AppleWebKit/537.36 (KHTML, like Gecko; compatible; GPTBot/1.2; +https://openai.com/gptbot)"
20.171.207.117 - - [09/Jun/2025:22:40:15 -0400] "GET / HTTP/1.1" 200 9389 "-" "Mozilla/5.0 AppleWebKit/537.36 (KHTML, like Gecko; compatible; GPTBot/1.2; +https://openai.com/gptbot)"
20.171.207.117 - - [09/Jun/2025:22:40:17 -0400] "GET /lb/accountability/entity104233845.htm HTTP/1.1" 301 0 "-" "Mozilla/5.0 AppleWebKit/537.36 (KHTML, like Gecko; compatible; GPTBot/1.2; +https://openai.com/gptbot)"
20.171.207.117 - - [09/Jun/2025:22:40:17 -0400] "GET / HTTP/1.1" 200 9389 "-" "Mozilla/5.0 AppleWebKit/537.36 (KHTML, like Gecko; compatible; GPTBot/1.2; +https://openai.com/gptbot)"
20.171.207.117 - - [09/Jun/2025:22:40:19 -0400] "GET /tlh/precautional/product731409179.htm HTTP/1.1" 301 0 "-" "Mozilla/5.0 AppleWebKit/537.36 (KHTML, like Gecko; compatible; GPTBot/1.2; +https://openai.com/gptbot)"
20.171.207.117 - - [09/Jun/2025:22:40:19 -0400] "GET / HTTP/1.1" 200 9389 "-" "Mozilla/5.0 AppleWebKit/537.36 (KHTML, like Gecko; compatible; GPTBot/1.2; +https://openai.com/gptbot)"
20.171.207.117 - - [09/Jun/2025:22:40:20 -0400] "GET /vl/imbricative/goodscode311888055.htm HTTP/1.1" 301 0 "-" "Mozilla/5.0 AppleWebKit/537.36 (KHTML, like Gecko; compatible; GPTBot/1.2; +https://openai.com/gptbot)"
20.171.207.117 - - [09/Jun/2025:22:40:21 -0400] "GET / HTTP/1.1" 200 9389 "-" "Mozilla/5.0 AppleWebKit/537.36 (KHTML, like Gecko; compatible; GPTBot/1.2; +https://openai.com/gptbot)"
20.171.207.117 - - [09/Jun/2025:22:40:21 -0400] "GET /hz/shopbrand860565653.htm HTTP/1.1" 301 0 "-" "Mozilla/5.0 AppleWebKit/537.36 (KHTML, like Gecko; compatible; GPTBot/1.2; +https://openai.com/gptbot)"
20.171.207.117 - - [09/Jun/2025:22:40:22 -0400] "GET / HTTP/1.1" 200 9390 "-" "Mozilla/5.0 AppleWebKit/537.36 (KHTML, like Gecko; compatible; GPTBot/1.2; +https://openai.com/gptbot)"
20.171.207.117 - - [09/Jun/2025:22:40:23 -0400] "GET /t/item/189308111.htm HTTP/1.1" 301 0 "-" "Mozilla/5.0 AppleWebKit/537.36 (KHTML, like Gecko; compatible; GPTBot/1.2; +https://openai.com/gptbot)"
20.171.207.117 - - [09/Jun/2025:22:40:23 -0400] "GET / HTTP/1.1" 200 9389 "-" "Mozilla/5.0 AppleWebKit/537.36 (KHTML, like Gecko; compatible; GPTBot/1.2; +https://openai.com/gptbot)"
20.171.207.117 - - [09/Jun/2025:22:40:24 -0400] "GET /o/item/780006506.htm HTTP/1.1" 301 0 "-" "Mozilla/5.0 AppleWebKit/537.36 (KHTML, like Gecko; compatible; GPTBot/1.2; +https://openai.com/gptbot)"
20.171.207.117 - - [09/Jun/2025:22:40:24 -0400] "GET / HTTP/1.1" 200 9389 "-" "Mozilla/5.0 AppleWebKit/537.36 (KHTML, like Gecko; compatible; GPTBot/1.2; +https://openai.com/gptbot)"
20.171.207.117 - - [09/Jun/2025:22:40:25 -0400] "GET /h/item/311807771.htm HTTP/1.1" 301 0 "-" "Mozilla/5.0 AppleWebKit/537.36 (KHTML, like Gecko; compatible; GPTBot/1.2; +https://openai.com/gptbot)"
20.171.207.117 - - [09/Jun/2025:22:40:25 -0400] "GET / HTTP/1.1" 200 9389 "-" "Mozilla/5.0 AppleWebKit/537.36 (KHTML, like Gecko; compatible; GPTBot/1.2; +https://openai.com/gptbot)"
20.171.207.117 - - [09/Jun/2025:22:40:26 -0400] "GET /qu/goodscode368190752.htm HTTP/1.1" 301 0 "-" "Mozilla/5.0 AppleWebKit/537.36 (KHTML, like Gecko; compatible; GPTBot/1.2; +https://openai.com/gptbot)"
20.171.207.117 - - [09/Jun/2025:22:40:27 -0400] "GET / HTTP/1.1" 200 9389 "-" "Mozilla/5.0 AppleWebKit/537.36 (KHTML, like Gecko; compatible; GPTBot/1.2; +https://openai.com/gptbot)"
20.171.207.117 - - [09/Jun/2025:22:40:27 -0400] "GET /u/phosphoresce/goodscode913722890.htm HTTP/1.1" 301 0 "-" "Mozilla/5.0 AppleWebKit/537.36 (KHTML, like Gecko; compatible; GPTBot/1.2; +https://openai.com/gptbot)"
20.171.207.117 - - [09/Jun/2025:22:40:28 -0400] "GET / HTTP/1.1" 200 9389 "-" "Mozilla/5.0 AppleWebKit/537.36 (KHTML, like Gecko; compatible; GPTBot/1.2; +https://openai.com/gptbot)"
162.0.232.193 - - [09/Jun/2025:22:40:29 -0400] "POST /wp-cron.php?doing_wp_cron=1749523229.4983410835266113281250 HTTP/1.1" 200 0 "-" "WordPress/6.8.1; https://reversevillain.com"
20.171.207.117 - - [09/Jun/2025:22:40:29 -0400] "GET /w/northeastwardly/entity731313720.htm HTTP/1.1" 301 0 "-" "Mozilla/5.0 AppleWebKit/537.36 (KHTML, like Gecko; compatible; GPTBot/1.2; +https://openai.com/gptbot)"
20.171.207.117 - - [09/Jun/2025:22:40:29 -0400] "GET / HTTP/1.1" 200 9389 "-" "Mozilla/5.0 AppleWebKit/537.36 (KHTML, like Gecko; compatible; GPTBot/1.2; +https://openai.com/gptbot)"
20.171.207.117 - - [09/Jun/2025:22:40:30 -0400] "GET /jz/selenocentric/shopbrand254039785.htm HTTP/1.1" 301 0 "-" "Mozilla/5.0 AppleWebKit/537.36 (KHTML, like Gecko; compatible; GPTBot/1.2; +https://openai.com/gptbot)"
20.171.207.117 - - [09/Jun/2025:22:40:31 -0400] "GET / HTTP/1.1" 200 9389 "-" "Mozilla/5.0 AppleWebKit/537.36 (KHTML, like Gecko; compatible; GPTBot/1.2; +https://openai.com/gptbot)"
20.171.207.117 - - [09/Jun/2025:22:40:32 -0400] "GET /y/preeminently/goodscode731593150.htm HTTP/1.1" 301 0 "-" "Mozilla/5.0 AppleWebKit/537.36 (KHTML, like Gecko; compatible; GPTBot/1.2; +https://openai.com/gptbot)"
20.171.207.117 - - [09/Jun/2025:22:40:32 -0400] "GET / HTTP/1.1" 200 9389 "-" "Mozilla/5.0 AppleWebKit/537.36 (KHTML, like Gecko; compatible; GPTBot/1.2; +https://openai.com/gptbot)"
20.171.207.117 - - [09/Jun/2025:22:40:34 -0400] "GET /pz/theromorpha/goodscode860333577.htm HTTP/1.1" 301 0 "-" "Mozilla/5.0 AppleWebKit/537.36 (KHTML, like Gecko; compatible; GPTBot/1.2; +https://openai.com/gptbot)"
20.171.207.117 - - [09/Jun/2025:22:40:34 -0400] "GET / HTTP/1.1" 200 9389 "-" "Mozilla/5.0 AppleWebKit/537.36 (KHTML, like Gecko; compatible; GPTBot/1.2; +https://openai.com/gptbot)"
20.171.207.117 - - [09/Jun/2025:22:40:36 -0400] "GET /j/acquiescency/goodscode780111565.htm HTTP/1.1" 301 0 "-" "Mozilla/5.0 AppleWebKit/537.36 (KHTML, like Gecko; compatible; GPTBot/1.2; +https://openai.com/gptbot)"
20.171.207.117 - - [09/Jun/2025:22:40:37 -0400] "GET / HTTP/1.1" 200 9389 "-" "Mozilla/5.0 AppleWebKit/537.36 (KHTML, like Gecko; compatible; GPTBot/1.2; +https://openai.com/gptbot)"
20.171.207.117 - - [09/Jun/2025:22:40:38 -0400] "GET /snq/items254182672.htm HTTP/1.1" 301 0 "-" "Mozilla/5.0 AppleWebKit/537.36 (KHTML, like Gecko; compatible; GPTBot/1.2; +https://openai.com/gptbot)"
20.171.207.117 - - [09/Jun/2025:22:40:38 -0400] "GET / HTTP/1.1" 200 9389 "-" "Mozilla/5.0 AppleWebKit/537.36 (KHTML, like Gecko; compatible; GPTBot/1.2; +https://openai.com/gptbot)"
20.171.207.117 - - [09/Jun/2025:22:40:39 -0400] "GET /ptp/detail913731795.htm HTTP/1.1" 301 0 "-" "Mozilla/5.0 AppleWebKit/537.36 (KHTML, like Gecko; compatible; GPTBot/1.2; +https://openai.com/gptbot)"
20.171.207.117 - - [09/Jun/2025:22:40:40 -0400] "GET / HTTP/1.1" 200 9389 "-" "Mozilla/5.0 AppleWebKit/537.36 (KHTML, like Gecko; compatible; GPTBot/1.2; +https://openai.com/gptbot)"
20.171.207.117 - - [09/Jun/2025:22:40:40 -0400] "GET /m/product104319970.htm HTTP/1.1" 301 0 "-" "Mozilla/5.0 AppleWebKit/537.36 (KHTML, like Gecko; compatible; GPTBot/1.2; +https://openai.com/gptbot)"
20.171.207.117 - - [09/Jun/2025:22:40:41 -0400] "GET / HTTP/1.1" 200 9389 "-" "Mozilla/5.0 AppleWebKit/537.36 (KHTML, like Gecko; compatible; GPTBot/1.2; +https://openai.com/gptbot)"
20.171.207.117 - - [09/Jun/2025:22:40:42 -0400] "GET /oy/entity860525768.htm HTTP/1.1" 301 0 "-" "Mozilla/5.0 AppleWebKit/537.36 (KHTML, like Gecko; compatible; GPTBot/1.2; +https://openai.com/gptbot)"
20.171.207.117 - - [09/Jun/2025:22:40:42 -0400] "GET / HTTP/1.1" 200 9389 "-" "Mozilla/5.0 AppleWebKit/537.36 (KHTML, like Gecko; compatible; GPTBot/1.2; +https://openai.com/gptbot)"
20.171.207.117 - - [09/Jun/2025:22:40:43 -0400] "GET /t/product189671691.htm HTTP/1.1" 301 0 "-" "Mozilla/5.0 AppleWebKit/537.36 (KHTML, like Gecko; compatible; GPTBot/1.2; +https://openai.com/gptbot)"
20.171.207.117 - - [09/Jun/2025:22:40:43 -0400] "GET / HTTP/1.1" 200 9389 "-" "Mozilla/5.0 AppleWebKit/537.36 (KHTML, like Gecko; compatible; GPTBot/1.2; +https://openai.com/gptbot)"
20.171.207.117 - - [09/Jun/2025:22:40:44 -0400] "GET /rx/product311993783.htm HTTP/1.1" 301 0 "-" "Mozilla/5.0 AppleWebKit/537.36 (KHTML, like Gecko; compatible; GPTBot/1.2; +https://openai.com/gptbot)"
20.171.207.117 - - [09/Jun/2025:22:40:45 -0400] "GET / HTTP/1.1" 200 9389 "-" "Mozilla/5.0 AppleWebKit/537.36 (KHTML, like Gecko; compatible; GPTBot/1.2; +https://openai.com/gptbot)"
20.171.207.117 - - [09/Jun/2025:22:40:45 -0400] "GET /hx/entity189570053.htm HTTP/1.1" 301 0 "-" "Mozilla/5.0 AppleWebKit/537.36 (KHTML, like Gecko; compatible; GPTBot/1.2; +https://openai.com/gptbot)"
20.171.207.117 - - [09/Jun/2025:22:40:46 -0400] "GET / HTTP/1.1" 200 9389 "-" "Mozilla/5.0 AppleWebKit/537.36 (KHTML, like Gecko; compatible; GPTBot/1.2; +https://openai.com/gptbot)"
20.171.207.117 - - [09/Jun/2025:22:40:47 -0400] "GET /wi/detail311856150.htm HTTP/1.1" 301 0 "-" "Mozilla/5.0 AppleWebKit/537.36 (KHTML, like Gecko; compatible; GPTBot/1.2; +https://openai.com/gptbot)"
20.171.207.117 - - [09/Jun/2025:22:40:47 -0400] "GET / HTTP/1.1" 200 9389 "-" "Mozilla/5.0 AppleWebKit/537.36 (KHTML, like Gecko; compatible; GPTBot/1.2; +https://openai.com/gptbot)"
20.171.207.117 - - [09/Jun/2025:22:40:48 -0400] "GET /ht/detail368069253.htm HTTP/1.1" 301 0 "-" "Mozilla/5.0 AppleWebKit/537.36 (KHTML, like Gecko; compatible; GPTBot/1.2; +https://openai.com/gptbot)"
20.171.207.117 - - [09/Jun/2025:22:40:48 -0400] "GET / HTTP/1.1" 200 9391 "-" "Mozilla/5.0 AppleWebKit/537.36 (KHTML, like Gecko; compatible; GPTBot/1.2; +https://openai.com/gptbot)"
20.171.207.117 - - [09/Jun/2025:22:40:49 -0400] "GET /s/product779965694.htm HTTP/1.1" 301 0 "-" "Mozilla/5.0 AppleWebKit/537.36 (KHTML, like Gecko; compatible; GPTBot/1.2; +https://openai.com/gptbot)"
2001:41d0:303:8697::1 - - [09/Jun/2025:22:40:49 -0400] "GET /mashle-chapter-160/feed/ HTTP/1.1" 301 0 "-" "Mozilla/5.0 (compatible; MJ12bot/v1.4.8; http://mj12bot.com/)"
20.171.207.117 - - [09/Jun/2025:22:40:49 -0400] "GET / HTTP/1.1" 200 9389 "-" "Mozilla/5.0 AppleWebKit/537.36 (KHTML, like Gecko; compatible; GPTBot/1.2; +https://openai.com/gptbot)"
20.171.207.117 - - [09/Jun/2025:22:40:50 -0400] "GET /ii/detail253975288.htm HTTP/1.1" 301 0 "-" "Mozilla/5.0 AppleWebKit/537.36 (KHTML, like Gecko; compatible; GPTBot/1.2; +https://openai.com/gptbot)"
20.171.207.117 - - [09/Jun/2025:22:40:52 -0400] "GET / HTTP/1.1" 200 9389 "-" "Mozilla/5.0 AppleWebKit/537.36 (KHTML, like Gecko; compatible; GPTBot/1.2; +https://openai.com/gptbot)"
20.171.207.117 - - [09/Jun/2025:22:40:54 -0400] "GET /t/product189329739.htm HTTP/1.1" 301 0 "-" "Mozilla/5.0 AppleWebKit/537.36 (KHTML, like Gecko; compatible; GPTBot/1.2; +https://openai.com/gptbot)"
20.171.207.117 - - [09/Jun/2025:22:40:55 -0400] "GET / HTTP/1.1" 200 9389 "-" "Mozilla/5.0 AppleWebKit/537.36 (KHTML, like Gecko; compatible; GPTBot/1.2; +https://openai.com/gptbot)"
20.171.207.117 - - [09/Jun/2025:22:40:56 -0400] "GET /hr/entity189473899.htm HTTP/1.1" 301 0 "-" "Mozilla/5.0 AppleWebKit/537.36 (KHTML, like Gecko; compatible; GPTBot/1.2; +https://openai.com/gptbot)"
20.171.207.117 - - [09/Jun/2025:22:40:57 -0400] "GET / HTTP/1.1" 200 9389 "-" "Mozilla/5.0 AppleWebKit/537.36 (KHTML, like Gecko; compatible; GPTBot/1.2; +https://openai.com/gptbot)"
20.171.207.117 - - [09/Jun/2025:22:40:57 -0400] "GET /iy/entity731436938.htm HTTP/1.1" 301 0 "-" "Mozilla/5.0 AppleWebKit/537.36 (KHTML, like Gecko; compatible; GPTBot/1.2; +https://openai.com/gptbot)"
20.171.207.117 - - [09/Jun/2025:22:40:58 -0400] "GET / HTTP/1.1" 200 9391 "-" "Mozilla/5.0 AppleWebKit/537.36 (KHTML, like Gecko; compatible; GPTBot/1.2; +https://openai.com/gptbot)"
20.171.207.117 - - [09/Jun/2025:22:40:59 -0400] "GET /lb/detail104404821.htm HTTP/1.1" 301 0 "-" "Mozilla/5.0 AppleWebKit/537.36 (KHTML, like Gecko; compatible; GPTBot/1.2; +https://openai.com/gptbot)"
20.171.207.117 - - [09/Jun/2025:22:40:59 -0400] "GET / HTTP/1.1" 200 9390 "-" "Mozilla/5.0 AppleWebKit/537.36 (KHTML, like Gecko; compatible; GPTBot/1.2; +https://openai.com/gptbot)"
20.171.207.117 - - [09/Jun/2025:22:41:00 -0400] "GET /tl/entity368298851.htm HTTP/1.1" 301 0 "-" "Mozilla/5.0 AppleWebKit/537.36 (KHTML, like Gecko; compatible; GPTBot/1.2; +https://openai.com/gptbot)"
20.171.207.117 - - [09/Jun/2025:22:41:00 -0400] "GET / HTTP/1.1" 200 9389 "-" "Mozilla/5.0 AppleWebKit/537.36 (KHTML, like Gecko; compatible; GPTBot/1.2; +https://openai.com/gptbot)"
20.171.207.117 - - [09/Jun/2025:22:41:01 -0400] "GET /sta/items860570412.htm HTTP/1.1" 301 0 "-" "Mozilla/5.0 AppleWebKit/537.36 (KHTML, like Gecko; compatible; GPTBot/1.2; +https://openai.com/gptbot)"
34.91.118.253 - - [09/Jun/2025:22:41:01 -0400] "GET / HTTP/1.1" 200 9389 "-" "VIZIO V4K55M-0801 ViziOS/1.6.970.1 WatchFree/25.04.14 FancyPlayer/1.9.22"
20.171.207.117 - - [09/Jun/2025:22:41:02 -0400] "GET / HTTP/1.1" 200 9389 "-" "Mozilla/5.0 AppleWebKit/537.36 (KHTML, like Gecko; compatible; GPTBot/1.2; +https://openai.com/gptbot)"
47.128.111.129 - - [09/Jun/2025:22:41:03 -0400] "GET /the-build-up-chapter-121/ HTTP/1.1" 301 0 "-" "Mozilla/5.0 (Linux; Android 5.0) AppleWebKit/537.36 (KHTML, like Gecko) Mobile Safari/537.36 (compatible; TikTokSpider; [email protected])"
20.171.207.117 - - [09/Jun/2025:22:41:03 -0400] "GET /yk/detail860700890.htm HTTP/1.1" 301 0 "-" "Mozilla/5.0 AppleWebKit/537.36 (KHTML, like Gecko; compatible; GPTBot/1.2; +https://openai.com/gptbot)"
47.128.111.129 - - [09/Jun/2025:22:41:04 -0400] "GET / HTTP/1.1" 200 9389 "-" "Mozilla/5.0 (Linux; Android 5.0) AppleWebKit/537.36 (KHTML, like Gecko) Mobile Safari/537.36 (compatible; TikTokSpider; [email protected])"
20.171.207.117 - - [09/Jun/2025:22:41:04 -0400] "GET / HTTP/1.1" 200 9389 "-" "Mozilla/5.0 AppleWebKit/537.36 (KHTML, like Gecko; compatible; GPTBot/1.2; +https://openai.com/gptbot)"
2001:41d0:303:8697::1 - - [09/Jun/2025:22:41:04 -0400] "GET / HTTP/1.1" 200 9389 "-" "Mozilla/5.0 (compatible; MJ12bot/v1.4.8; http://mj12bot.com/)"
20.171.207.117 - - [09/Jun/2025:22:41:05 -0400] "GET /bf/entity860360649.htm HTTP/1.1" 301 0 "-" "Mozilla/5.0 AppleWebKit/537.36 (KHTML, like Gecko; compatible; GPTBot/1.2; +https://openai.com/gptbot)"
20.171.207.117 - - [09/Jun/2025:22:41:06 -0400] "GET / HTTP/1.1" 200 9389 "-" "Mozilla/5.0 AppleWebKit/537.36 (KHTML, like Gecko; compatible; GPTBot/1.2; +https://openai.com/gptbot)"
34.34.120.86 - - [09/Jun/2025:22:41:06 -0400] "GET /reverse-villain-chapter-20 HTTP/1.1" 301 0 "-" "Mozilla/5.0 (X11; CrOS x86_64 14989.107.0) AppleWebKit/537.36 (KHTML, like Gecko) Chrome/105.0.0.0 Safari/537.36"
34.147.118.130 - - [09/Jun/2025:22:41:07 -0400] "GET /reverse-villain-chapter-104 HTTP/1.1" 301 0 "-" "VIZIO V4K55M-0804 ViziOS/1.6.956.1 WatchFree/25.04.14 FancyPlayer/1.9.22"
34.13.206.113 - - [09/Jun/2025:22:41:07 -0400] "GET /reverse-villain-chapter-103 HTTP/1.1" 301 0 "-" "Mozilla/5.0 (Windows NT 6.3; Win64; x64; rv:109.0) Gecko/20100101 Firefox/115.0"
34.90.69.181 - - [09/Jun/2025:22:41:07 -0400] "GET /reverse-villain-chapter-69 HTTP/1.1" 301 0 "-" "Mozilla/5.0 (X11; Linux x86_64) AppleWebKit/537.36 (KHTML, like Gecko) Chrome/120.0.0.0 Safari/537.36"
34.34.120.86 - - [09/Jun/2025:22:41:07 -0400] "GET /reverse-villain-chapter-66 HTTP/1.1" 301 0 "-" "Mozilla/5.0 (Windows NT 6.3; Win64; x64) AppleWebKit/537.36 (KHTML, like Gecko) Chrome/108.0.0.0 Safari/537.36"
34.12.77.209 - - [09/Jun/2025:22:41:07 -0400] "GET /reverse-villain-chapter-29 HTTP/1.1" 301 0 "-" "Mozilla/5.0 (Windows NT 10.0; Win64; x64) AppleWebKit/537.36 (KHTML, like Gecko) Chrome/88.0.4324.182 Safari/537.36"
20.171.207.117 - - [09/Jun/2025:22:41:07 -0400] "GET /hz/detail860576599.htm HTTP/1.1" 301 0 "-" "Mozilla/5.0 AppleWebKit/537.36 (KHTML, like Gecko; compatible; GPTBot/1.2; +https://openai.com/gptbot)"
34.147.118.130 - - [09/Jun/2025:22:41:07 -0400] "GET /reverse-villain-chapter-94 HTTP/1.1" 301 0 "-" "VIZIO V4K75C-0804 ViziOS/1.6.970.1 WatchFree/25.04.14 FancyPlayer/1.9.22"
34.13.206.113 - - [09/Jun/2025:22:41:07 -0400] "GET /reverse-villain-chapter-110 HTTP/1.1" 301 0 "-" "Mozilla/5.0 (Windows NT 6.1; Win64; x64) AppleWebKit/537.36 (KHTML, like Gecko) Chrome/103.0.0.0 Safari/537.36"
34.34.120.86 - - [09/Jun/2025:22:41:07 -0400] "GET /reverse-villain-chapter-20/ HTTP/1.1" 200 9941 "-" "Mozilla/5.0 (X11; CrOS x86_64 14989.107.0) AppleWebKit/537.36 (KHTML, like Gecko) Chrome/105.0.0.0 Safari/537.36"
34.147.118.130 - - [09/Jun/2025:22:41:08 -0400] "GET /reverse-villain-chapter-104/ HTTP/1.1" 200 9962 "-" "VIZIO V4K55M-0804 ViziOS/1.6.956.1 WatchFree/25.04.14 FancyPlayer/1.9.22"
34.13.206.113 - - [09/Jun/2025:22:41:08 -0400] "GET /reverse-villain-chapter-34 HTTP/1.1" 301 0 "-" "Mozilla/5.0 (X11; CrOS x86_64 16209.67.0) AppleWebKit/537.36 (KHTML, like Gecko) Chrome/135.0.7049.128 Safari/537.36"
34.34.120.86 - - [09/Jun/2025:22:41:09 -0400] "GET /reverse-villain-chapter-6 HTTP/1.1" 301 0 "-" "Mozilla/5.0 (X11; CrOS x86_64 14541.0.0) AppleWebKit/537.36 (KHTML, like Gecko) Chrome/118.0.0.0 Safari/537.36"
34.147.113.108 - - [09/Jun/2025:22:41:09 -0400] "GET /reverse-villain-chapter-24 HTTP/1.1" 301 0 "-" "Roku Dynamic Menu/13.10.6 (Roku 14.5.4; en_US; Roku Ultra; Build/5944)"
34.34.120.86 - - [09/Jun/2025:22:41:09 -0400] "GET /reverse-villain-chapter-13 HTTP/1.1" 301 0 "-" "Mozilla/5.0 (Windows NT 10.0; Win64; x64) AppleWebKit/537.36 (KHTML, like Gecko) Chrome/95.0.4638.69 Safari/537.36"
34.13.206.113 - - [09/Jun/2025:22:41:09 -0400] "GET /reverse-villain-chapter-89 HTTP/1.1" 301 0 "-" "Mozilla/5.0 (X11; Linux x86_64) AppleWebKit/537.36 (KHTML, like Gecko) Chrome/129.0.0.0 Safari/537.36"
34.91.118.253 - - [09/Jun/2025:22:41:09 -0400] "GET /reverse-villain-chapter-44 HTTP/1.1" 301 0 "-" "Mozilla/5.0 (Windows NT 10.0; Win64; x64) AppleWebKit/537.36 (KHTML, like Gecko) Chrome/134.0.0.0 Safari/537.36 OPR/119.0.0.0 (Edition 360-1)"
34.13.206.113 - - [09/Jun/2025:22:41:08 -0400] "GET /reverse-villain-chapter-103/ HTTP/1.1" 200 9963 "-" "Mozilla/5.0 (Windows NT 6.3; Win64; x64; rv:109.0) Gecko/20100101 Firefox/115.0"
34.34.120.86 - - [09/Jun/2025:22:41:08 -0400] "GET /reverse-villain-chapter-66/ HTTP/1.1" 200 9947 "-" "Mozilla/5.0 (Windows NT 6.3; Win64; x64) AppleWebKit/537.36 (KHTML, like Gecko) Chrome/108.0.0.0 Safari/537.36"
34.91.118.253 - - [09/Jun/2025:22:41:09 -0400] "GET /reverse-villain-chapter-84 HTTP/1.1" 301 0 "-" "Mozilla/5.0 (Linux; x86_64 GNU/Linux) AppleWebKit/601.1 (KHTML, like Gecko) Version/8.0 Safari/601.1 WPE ComcastAppPlatform SX022AN Firebolt/0.8.1"
34.90.69.181 - - [09/Jun/2025:22:41:09 -0400] "GET /reverse-villain-chapter-73 HTTP/1.1" 301 0 "-" "Mozilla/5.0 (X11; Ubuntu; Linux x86_64; rv:88.0) Gecko/20100101 Firefox/88.0"
34.13.195.153 - - [09/Jun/2025:22:41:09 -0400] "GET /reverse-villain-chapter-96 HTTP/1.1" 301 0 "-" "Mozilla/5.0 (X11; Linux x86_64) AppleWebKit/537.36 (KHTML, like Gecko) Chrome/102.0.5005.61 Safari/537.36"
34.13.206.113 - - [09/Jun/2025:22:41:09 -0400] "GET /reverse-villain-chapter-99 HTTP/1.1" 301 0 "-" "Mozilla/5.0 (Macintosh; Intel Mac OS X 10_15_7) AppleWebKit/537.36 (KHTML, like Gecko) Chrome/122.0.0.0 Safari/537.36"
34.34.120.86 - - [09/Jun/2025:22:41:09 -0400] "GET /reverse-villain-chapter-39 HTTP/1.1" 301 0 "-" "VIZIO V4K50M-0810 ViziOS/1.6.970.1 WatchFree/25.04.14 FancyPlayer/1.9.22"
34.34.120.86 - - [09/Jun/2025:22:41:09 -0400] "GET /reverse-villain-chapter-48 HTTP/1.1" 301 0 "-" "Mozilla/5.0 (Windows NT 10.0; Win64; x64; rv:138.0) Gecko/20100101 Firefox/138.0"
34.90.69.181 - - [09/Jun/2025:22:41:09 -0400] "GET /reverse-villain-chapter-85 HTTP/1.1" 301 0 "-" "Mozilla/5.0 (Windows NT 10.0; WOW64) AppleWebKit/537.36 (KHTML, like Gecko) Chrome/52.0.2743.116 Safari/537.36"
34.147.118.130 - - [09/Jun/2025:22:41:09 -0400] "GET /reverse-villain-chapter-86 HTTP/1.1" 301 0 "-" "Mozilla/5.0 (X11; Linux x86_64) AppleWebKit/537.36 (KHTML, like Gecko) Chrome/128.0.0.0 Safari/537.36"
34.12.77.209 - - [09/Jun/2025:22:41:09 -0400] "GET /reverse-villain-chapter-57 HTTP/1.1" 301 0 "-" "Mozilla/5.0 (Linux; x86_64 GNU/Linux) AppleWebKit/601.1 (KHTML, like Gecko) Version/8.0 Safari/601.1 WPE ComcastAppPlatform CXD01ANI Firebolt/0.8.1 1.0.0.0 Xfinity"
34.91.118.253 - - [09/Jun/2025:22:41:09 -0400] "GET /reverse-villain-chapter-46 HTTP/1.1" 301 0 "-" "Mozilla/5.0 (X11; Linux x86_64) AppleWebKit/537.36 (KHTML, like Gecko) Chrome/109.0.0.0 Safari/537.36"
20.171.207.117 - - [09/Jun/2025:22:41:08 -0400] "GET / HTTP/1.1" 200 9389 "-" "Mozilla/5.0 AppleWebKit/537.36 (KHTML, like Gecko; compatible; GPTBot/1.2; +https://openai.com/gptbot)"
34.13.195.153 - - [09/Jun/2025:22:41:09 -0400] "GET /reverse-villain-chapter-26 HTTP/1.1" 301 0 "-" "Mozilla/5.0 (Windows NT 10.0; Win64; x64; rv:108.0) Gecko/20100101 Firefox/108.0"
34.12.77.209 - - [09/Jun/2025:22:41:09 -0400] "GET /reverse-villain-chapter-68 HTTP/1.1" 301 0 "-" "Mozilla/5.0 (Linux; x86_64 GNU/Linux) AppleWebKit/601.1 (KHTML, like Gecko) Version/8.0 Safari/601.1 WPE ComcastAppPlatform AX013AN Firebolt/0.8.1"
34.13.206.113 - - [09/Jun/2025:22:41:08 -0400] "GET /reverse-villain-chapter-110/ HTTP/1.1" 200 9576 "-" "Mozilla/5.0 (Windows NT 6.1; Win64; x64) AppleWebKit/537.36 (KHTML, like Gecko) Chrome/103.0.0.0 Safari/537.36"
34.13.195.153 - - [09/Jun/2025:22:41:11 -0400] "GET /reverse-villain-chapter-101 HTTP/1.1" 301 0 "-" "Mozilla/5.0 (Linux; x86_64 GNU/Linux) AppleWebKit/601.1 (KHTML, like Gecko) Version/8.0 Safari/601.1 WPE ComcastAppPlatform PX013AN Firebolt/0.8.1 AAMP/4.6"
34.147.118.130 - - [09/Jun/2025:22:41:08 -0400] "GET /reverse-villain-chapter-94/ HTTP/1.1" 200 9996 "-" "VIZIO V4K75C-0804 ViziOS/1.6.970.1 WatchFree/25.04.14 FancyPlayer/1.9.22"
34.147.113.108 - - [09/Jun/2025:22:41:09 -0400] "GET /reverse-villain-chapter-12 HTTP/1.1" 301 0 "-" "Mozilla/5.0 (Windows NT 10.0; Win64; x64) AppleWebKit/537.36 (KHTML, like Gecko) Rave/1.16.7 Chrome/132.0.6834.83 Rave/1.16.7 Safari/537.36"
34.147.118.130 - - [09/Jun/2025:22:41:09 -0400] "GET /reverse-villain-chapter-75 HTTP/1.1" 301 0 "-" "Mozilla/5.0 (Macintosh; Intel Mac OS X 10_0) AppleWebKit/537.36 (KHTML, like Gecko) Chrome/134.0.0.0 Safari/537.36"
34.90.69.181 - - [09/Jun/2025:22:41:09 -0400] "GET /reverse-villain-chapter-21 HTTP/1.1" 301 0 "-" "Mozilla/5.0 (X11; Linux x86_64) AppleWebKit/537.36 (KHTML, like Gecko) Chrome/73.0.3683.103 Safari/537.36 SRAF/5.0 1.0 (MediaTek; MT5870; V0.1.0.0.M001; ) NETRANGEMMH"
34.147.118.130 - - [09/Jun/2025:22:41:10 -0400] "GET /reverse-villain-chapter-74 HTTP/1.1" 301 0 "-" "Mozilla/5.0 (Macintosh; Intel Mac OS X 10.15; rv:134.0) Gecko/20100101 Firefox/134.0"
34.90.69.181 - - [09/Jun/2025:22:41:10 -0400] "GET /reverse-villain-chapter-53 HTTP/1.1" 301 0 "-" "Mozilla/5.0 (Windows NT 10.0; Win64; x64) AppleWebKit/537.36 (KHTML, like Gecko) Chrome/103.0.0.0 Safari/537.36"
34.13.195.153 - - [09/Jun/2025:22:41:11 -0400] "GET /reverse-villain-chapter-100 HTTP/1.1" 301 0 "-" "Mozilla/5.0 (Macintosh; Intel Mac OS X 10_15_7) AppleWebKit/537.36 (KHTML, like Gecko) Chrome/134.0.0.0 YaBrowser/25.4.0.0 Safari/537.36"
34.13.206.113 - - [09/Jun/2025:22:41:10 -0400] "GET /reverse-villain-chapter-93 HTTP/1.1" 301 0 "-" "Mozilla/5.0 (Macintosh; Intel Mac OS X 10_15_7) AppleWebKit/537.36 (KHTML, like Gecko) Chrome/138.0.0.0 Safari/537.36"
34.147.118.130 - - [09/Jun/2025:22:41:10 -0400] "GET /reverse-villain-chapter-81 HTTP/1.1" 301 0 "-" "Mozilla/5.0 (Windows NT 10.0; Win64; x64) AppleWebKit/537.36 (KHTML, like Gecko) Chrome/126.0.0.0 Safari/537.36"
34.147.113.108 - - [09/Jun/2025:22:41:11 -0400] "GET /reverse-villain-chapter-45 HTTP/1.1" 301 0 "-" "VIZIO M43Q6-J04 ViziOS/1.6.970.1 WatchFree/25.04.14 FancyPlayer/1.9.22"
34.147.118.130 - - [09/Jun/2025:22:41:10 -0400] "GET /reverse-villain-chapter-79 HTTP/1.1" 301 0 "-" "Mozilla/5.0 (X11; CrOS x86_64 16238.47.0) AppleWebKit/537.36 (KHTML, like Gecko) Chrome/136.0.7103.102 Safari/537.36"
34.12.77.209 - - [09/Jun/2025:22:41:09 -0400] "GET /reverse-villain-chapter-29/ HTTP/1.1" 200 9947 "-" "Mozilla/5.0 (Windows NT 10.0; Win64; x64) AppleWebKit/537.36 (KHTML, like Gecko) Chrome/88.0.4324.182 Safari/537.36"
34.90.69.181 - - [09/Jun/2025:22:41:11 -0400] "GET /reverse-villain-chapter-47 HTTP/1.1" 301 0 "-" "Mozilla/5.0 (X11; Linux x86_64; Quest 3) AppleWebKit/537.36 (KHTML, like Gecko) OculusBrowser/38.4.0.14.57.741245639 Chrome/134.0.6998.205 VR Safari/537.36"
34.34.120.86 - - [09/Jun/2025:22:41:11 -0400] "GET /reverse-villain-chapter-35 HTTP/1.1" 301 0 "-" "VIZIO V4K50M-0809 ViziOS/1.6.956.1 WatchFree/25.04.14 FancyPlayer/1.9.22"
34.90.69.181 - - [09/Jun/2025:22:41:08 -0400] "GET /reverse-villain-chapter-69/ HTTP/1.1" 200 9947 "-" "Mozilla/5.0 (X11; Linux x86_64) AppleWebKit/537.36 (KHTML, like Gecko) Chrome/120.0.0.0 Safari/537.36"
34.90.69.181 - - [09/Jun/2025:22:41:11 -0400] "GET /reverse-villain-chapter-27 HTTP/1.1" 301 0 "-" "Mozilla/5.0 (Windows NT 10.0; Win64; x64) AppleWebKit/537.36 (KHTML, like Gecko) Chrome/127.0.6533.120 OBS/31.0.2 Safari/537.36"
34.13.195.153 - - [09/Jun/2025:22:41:10 -0400] "GET /reverse-villain-chapter-33 HTTP/1.1" 301 0 "-" "Mozilla/5.0 (Windows NT 10.0; Win64; x64) AppleWebKit/537.36 (KHTML, like Gecko) Chrome/133.0.0.0 Safari/537.36 AVG/133.0.0.0"
34.147.118.130 - - [09/Jun/2025:22:41:10 -0400] "GET /reverse-villain-chapter-98 HTTP/1.1" 301 0 "-" "Mozilla/5.0 (Linux; x86_64 GNU/Linux) AppleWebKit/601.1 (KHTML, like Gecko) Version/8.0 Safari/601.1 WPE ComcastAppPlatform PX013AN Firebolt/0.8.1 AAMP/4.6"
34.147.113.108 - - [09/Jun/2025:22:41:11 -0400] "GET /reverse-villain-chapter-15 HTTP/1.1" 301 0 "-" "VIZIO D32fM-K07 ViziOS/1.6.970.1 WatchFree/25.04.14 FancyPlayer/1.9.22"
34.13.206.113 - - [09/Jun/2025:22:41:10 -0400] "GET /reverse-villain-chapter-28 HTTP/1.1" 301 0 "-" "Mozilla/5.0 (X11; Linux x86_64) AppleWebKit/537.36 (KHTML, like Gecko) HeadlessChrome/137.0.0.0 Safari/537.36"
34.12.77.209 - - [09/Jun/2025:22:41:11 -0400] "GET /reverse-villain-chapter-72 HTTP/1.1" 301 0 "-" "Mozilla/5.0 (X11; CrOS x86_64 14816.131.5) AppleWebKit/537.36 (KHTML, like Gecko) Chrome/103.0.0.0 Safari/537.36"
34.91.118.253 - - [09/Jun/2025:22:41:11 -0400] "GET /reverse-villain-chapter-109 HTTP/1.1" 301 0 "-" "Mozilla/5.0 (X11; CrOS armv7l 13597.84.0) AppleWebKit/537.36 (KHTML, like Gecko) Chrome/88.0.4324.187 Safari/537.36"
34.13.206.113 - - [09/Jun/2025:22:41:11 -0400] "GET /reverse-villain-chapter-37 HTTP/1.1" 301 0 "-" "Mozilla/5.0 (Macintosh; Intel Mac OS X 10_15_7) AppleWebKit/605.1.15 (KHTML, like Gecko) Version/17.13 Safari/605.1.15"
34.90.69.181 - - [09/Jun/2025:22:41:11 -0400] "GET /reverse-villain-chapter-38 HTTP/1.1" 301 0 "-" "Mozilla/5.0 (X11; Linux x86_64; rv:128.0) Gecko/20100101 Firefox/128.0"
34.13.195.153 - - [09/Jun/2025:22:41:11 -0400] "GET /reverse-villain-chapter-63 HTTP/1.1" 301 0 "-" "VIZIO V4K75S-0804 ViziOS/1.6.970.1 WatchFree/25.04.14 FancyPlayer/1.9.22"
34.147.113.108 - - [09/Jun/2025:22:41:11 -0400] "GET /reverse-villain-chapter-102 HTTP/1.1" 301 0 "-" "Mozilla/5.0 (X11; Linux x86_64; rv:121.0) Gecko/20100101 Firefox/121.0"
34.34.120.86 - - [09/Jun/2025:22:41:11 -0400] "GET /reverse-villain-chapter-42 HTTP/1.1" 301 0 "-" "Mozilla/5.0 (Windows NT 10.0; Win64; x64) AppleWebKit/537.36 (KHTML, like Gecko) Chrome/134.0.0.0 Safari/537.36 OPR/119.0.0.0 (Edition 360-1)"
34.90.69.181 - - [09/Jun/2025:22:41:10 -0400] "GET /reverse-villain-chapter-14 HTTP/1.1" 301 0 "-" "Mozilla/5.0 (Linux; x86_64 GNU/Linux) AppleWebKit/601.1 (KHTML, like Gecko) Version/8.0 Safari/601.1 WPE ComcastAppPlatform PX022AN Firebolt/0.8.1 AAMP/4.6"
34.13.206.113 - - [09/Jun/2025:22:41:11 -0400] "GET /reverse-villain-chapter-7 HTTP/1.1" 301 0 "-" "Mozilla/5.0 (Macintosh; Intel Mac OS X 10_15_7) AppleWebKit/537.36 (KHTML, like Gecko) Chrome/133.0.0.0 Safari/537.36"
34.13.206.113 - - [09/Jun/2025:22:41:11 -0400] "GET /reverse-villain-chapter-70 HTTP/1.1" 301 0 "-" "Mozilla/5.0 (Macintosh; Intel Mac OS X 10_15_7) AppleWebKit/605.1.15 (KHTML, like Gecko) Version/16.5.2 Safari/605.1.15"
34.147.118.130 - - [09/Jun/2025:22:41:11 -0400] "GET /reverse-villain-chapter-49 HTTP/1.1" 301 0 "-" "Mozilla/5.0 (Windows NT 10.0; Win64; x64) AppleWebKit/537.36 (KHTML, like Gecko) Chrome/127.0.6533.120 OBS/31.0.2 Safari/537.36"
34.90.69.181 - - [09/Jun/2025:22:41:11 -0400] "GET /reverse-villain-chapter-77 HTTP/1.1" 301 0 "-" "VIZIO D32fM-K07 ViziOS/1.6.970.1 WatchFree/25.04.14 FancyPlayer/1.9.22"
34.13.206.113 - - [09/Jun/2025:22:41:11 -0400] "GET /reverse-villain-chapter-22 HTTP/1.1" 301 0 "-" "Mozilla/5.0 (Windows NT 10.0; WOW64) AppleWebKit/537.36 (KHTML, like Gecko) Chrome/90.0.4430.93 Safari/537.36"
34.91.118.253 - - [09/Jun/2025:22:41:11 -0400] "GET /reverse-villain-chapter-17 HTTP/1.1" 301 0 "-" "Mozilla/5.0 (Windows NT 10.0; Win64; x64) AppleWebKit/537.36 (KHTML, like Gecko) Chrome/108.0.0.0 Safari/537.36 Medal/4.2777.0"
34.34.120.86 - - [09/Jun/2025:22:41:11 -0400] "GET /reverse-villain-chapter-60 HTTP/1.1" 301 0 "-" "Mozilla/5.0 (X11; Linux x86_64) AppleWebKit/537.36 (KHTML, like Gecko) Chrome/133.0.0.0 Safari/537.36 Scope3/2.0 (scope3.com)"
34.34.120.86 - - [09/Jun/2025:22:41:11 -0400] "GET /reverse-villain-chapter-107 HTTP/1.1" 301 0 "-" "Mozilla/5.0 (Macintosh; Intel Mac OS X 10_15_7) AppleWebKit/605.1.15 (KHTML, like Gecko) CriOS/136 Version/11.1.1 Safari/605.1.15"
34.13.206.113 - - [09/Jun/2025:22:41:11 -0400] "GET /reverse-villain-chapter-90 HTTP/1.1" 301 0 "-" "Mozilla/5.0 (Linux; x86_64 GNU/Linux) AppleWebKit/601.1 (KHTML, like Gecko) Version/8.0 Safari/601.1 WPE ComcastAppPlatform TX061AEI Firebolt/0.8.1"
34.90.69.181 - - [09/Jun/2025:22:41:11 -0400] "GET /reverse-villain-chapter-59 HTTP/1.1" 301 0 "-" "Mozilla/5.0 (Windows NT 6.1; Win64; x64) AppleWebKit/537.36 (KHTML, like Gecko) Chrome/104.0.0.0 Safari/537.36"
34.13.206.113 - - [09/Jun/2025:22:41:11 -0400] "GET /reverse-villain-chapter-8 HTTP/1.1" 301 0 "-" "Mozilla/5.0 (X11; CrOS x86_64 14541.0.0) AppleWebKit/537.36 (KHTML, like Gecko) Chrome/127.0.0.0 Safari/537.36"
34.12.77.209 - - [09/Jun/2025:22:41:11 -0400] "GET /reverse-villain-chapter-1 HTTP/1.1" 301 0 "-" "Mozilla/5.0 (Windows NT 10.0; Win64; x64) AppleWebKit/537.36 (KHTML, like Gecko) Chrome/122.0.6261.95 Safari/537.36"
34.91.118.253 - - [09/Jun/2025:22:41:12 -0400] "GET /reverse-villain-chapter-54 HTTP/1.1" 301 0 "-" "Mozilla/5.0 (Macintosh; Intel Mac OS X 10_15_7) AppleWebKit/605.1.15 (KHTML, like Gecko) Version/17.4.1 Safari/605.1.15"
34.13.206.113 - - [09/Jun/2025:22:41:12 -0400] "GET /reverse-villain-chapter-16 HTTP/1.1" 301 0 "-" "Mozilla/5.0 (Windows NT 10.0; Win64; x64) AppleWebKit/537.36 (KHTML, like Gecko) Chrome/134.0.0.0 Safari/537.36 OPR/119.0.0.0 (Edition Yx 08)"
34.34.120.86 - - [09/Jun/2025:22:41:11 -0400] "GET /reverse-villain-chapter-80 HTTP/1.1" 301 0 "-" "Mozilla/5.0 (Linux; x86_64 GNU/Linux) AppleWebKit/601.1 (KHTML, like Gecko) Version/8.0 Safari/601.1 WPE ComcastAppPlatform E550AE65C Firebolt/0.8.1"
34.12.77.209 - - [09/Jun/2025:22:41:11 -0400] "GET /reverse-villain-chapter-31 HTTP/1.1" 301 0 "-" "Mozilla/5.0 (Macintosh; Intel Mac OS X 10_15_7) AppleWebKit/537.36 (KHTML, like Gecko) Chrome/114.0.0.0 Safari/537.36"
34.147.118.130 - - [09/Jun/2025:22:41:11 -0400] "GET /reverse-villain-chapter-41 HTTP/1.1" 301 0 "-" "Mozilla/5.0 (Windows NT 10.0; Win64; x64) AppleWebKit/537.36 (KHTML, like Gecko) Chrome/107.0.0.0 Safari/537.36"
34.34.120.86 - - [09/Jun/2025:22:41:10 -0400] "GET /reverse-villain-chapter-3 HTTP/1.1" 301 0 "-" "Mozilla/5.0 (X11; CrOS x86_64 14541.0.0) AppleWebKit/537.36 (KHTML, like Gecko) Chrome/131.0.0.0 Safari/537.36"
34.91.118.253 - - [09/Jun/2025:22:41:11 -0400] "GET /reverse-villain-chapter-78-season-3 HTTP/1.1" 301 0 "-" "Mozilla/5.0 (X11; Linux x86_64) AppleWebKit/537.36 (KHTML, like Gecko) Chrome/103.0.0.0 Safari/537.36"
34.91.118.253 - - [09/Jun/2025:22:41:12 -0400] "GET /reverse-villain-chapter-55 HTTP/1.1" 301 0 "-" "Mozilla/5.0 (Macintosh; Intel Mac OS X 10.10; rv:78.0) Gecko/20100101 Firefox/78.0"
34.90.69.181 - - [09/Jun/2025:22:41:11 -0400] "GET /reverse-villain-chapter-91 HTTP/1.1" 301 0 "-" "Mozilla/5.0 (X11; Linux x86_64) AppleWebKit/534.24 (KHTML, like Gecko) Chrome/123.0.6312.118 Safari/534.24 XiaoMi/MiuiBrowser/14.33.0-gn"
34.90.69.181 - - [09/Jun/2025:22:41:11 -0400] "GET /reverse-villain-chapter-43 HTTP/1.1" 301 0 "-" "Mozilla/5.0 (Macintosh; Intel Mac OS X 10_15_6) AppleWebKit/605.1.15 (KHTML, like Gecko) Version/15.2 Safari/605.1.15"
34.91.118.253 - - [09/Jun/2025:22:41:12 -0400] "GET /reverse-villain-chapter-92 HTTP/1.1" 301 0 "-" "Mozilla/5.0 (Linux; x86_64 GNU/Linux) AppleWebKit/601.1 (KHTML, like Gecko) Version/8.0 Safari/601.1 WPE 1.0.0.0 Xfinity PERF3 partnerId:xglobal"
34.91.118.253 - - [09/Jun/2025:22:41:12 -0400] "GET /reverse-villain-chapter-30 HTTP/1.1" 301 0 "-" "Mozilla/5.0 (Windows NT 10.0; Win64; x64) AppleWebKit/537.36 (KHTML, like Gecko) Solitaire/1.6.0 Chrome/89.0.4389.128  Safari/537.36"
34.13.195.153 - - [09/Jun/2025:22:41:12 -0400] "GET /reverse-villain-chapter-5 HTTP/1.1" 301 0 "-" "Mozilla/5.0 (Windows NT 10.0; Win64; x64) AppleWebKit/537.36 (KHTML, like Gecko) Chrome/134.0.0.0 Safari/537.36 OPR/119.0.0.0"
34.147.113.108 - - [09/Jun/2025:22:41:11 -0400] "GET /reverse-villain-chapter-62 HTTP/1.1" 301 0 "-" "Mozilla/5.0 (Windows NT 10.0; Win64; x64) AppleWebKit/537.36 (KHTML, like Gecko) Chrome/87.0.4280.66 Safari/537.36"
34.90.69.181 - - [09/Jun/2025:22:41:12 -0400] "GET /reverse-villain-chapter-82 HTTP/1.1" 301 0 "-" "Mozilla/5.0 (Windows NT 10.0; rv:139.0) Gecko/20100101 Firefox/139.0"
20.171.207.117 - - [09/Jun/2025:22:41:13 -0400] "GET /oe/entity368029432.htm HTTP/1.1" 301 0 "-" "Mozilla/5.0 AppleWebKit/537.36 (KHTML, like Gecko; compatible; GPTBot/1.2; +https://openai.com/gptbot)"
34.13.206.113 - - [09/Jun/2025:22:41:12 -0400] "GET /reverse-villain-chapter-65 HTTP/1.1" 301 0 "-" "Mozilla/5.0 (Windows NT 6.2; Win64; x64) AppleWebKit/537.36 (KHTML, like Gecko) QtWebEngine/6.8.3 Chrome/122.0.0.0 Safari/537.36"
34.147.113.108 - - [09/Jun/2025:22:41:12 -0400] "GET /reverse-villain-chapter-40 HTTP/1.1" 301 0 "-" "Mozilla/5.0 (Windows NT 10.0; Win64; x64; rv:128.0) Gecko/20100101 Firefox/128.0"
34.13.195.153 - - [09/Jun/2025:22:41:13 -0400] "GET /reverse-villain-chapter-58 HTTP/1.1" 301 0 "-" "Mozilla/5.0 (Windows NT 10.0; Win64; x64) AppleWebKit/537.36 (KHTML, like Gecko) Chrome/118.0.0.0 Safari/537.36"
