34.13.195.153 - - [09/Jun/2025:22:41:13 -0400] "GET /reverse-villain-chapter-52 HTTP/1.1" 301 0 "-" "Mozilla/5.0 (Windows NT 14.0) AppleWebKit/537.36 (KHTML, like Gecko) Chrome/137.0.7151.55 Safari/537.36"
34.13.195.153 - - [09/Jun/2025:22:41:13 -0400] "GET /reverse-villain-chapter-76 HTTP/1.1" 301 0 "-" "Mozilla/5.0 (Macintosh; Intel Mac OS X 10_15_7) AppleWebKit/537.36 (KHTML, like Gecko) Chrome/133.0.0.0 Safari/537.36 OPR/118.0.0.0 (Edition std-1)"
34.13.206.113 - - [09/Jun/2025:22:41:11 -0400] "GET /reverse-villain-chapter-34/ HTTP/1.1" 200 9945 "-" "Mozilla/5.0 (X11; CrOS x86_64 16209.67.0) AppleWebKit/537.36 (KHTML, like Gecko) Chrome/135.0.7049.128 Safari/537.36"
34.13.206.113 - - [09/Jun/2025:22:41:12 -0400] "GET /reverse-villain-chapter-89/ HTTP/1.1" 200 9947 "-" "Mozilla/5.0 (X11; Linux x86_64) AppleWebKit/537.36 (KHTML, like Gecko) Chrome/129.0.0.0 Safari/537.36"
34.91.118.253 - - [09/Jun/2025:22:41:12 -0400] "GET /reverse-villain-chapter-44/ HTTP/1.1" 200 9944 "-" "Mozilla/5.0 (Windows NT 10.0; Win64; x64) AppleWebKit/537.36 (KHTML, like Gecko) Chrome/134.0.0.0 Safari/537.36 OPR/119.0.0.0 (Edition 360-1)"
34.147.113.108 - - [09/Jun/2025:22:41:12 -0400] "GET /reverse-villain-chapter-24/ HTTP/1.1" 200 9945 "-" "Roku Dynamic Menu/13.10.6 (Roku 14.5.4; en_US; Roku Ultra; Build/5944)"
34.13.206.113 - - [09/Jun/2025:22:41:13 -0400] "GET /reverse-villain-chapter-106 HTTP/1.1" 301 0 "-" "Roku Dynamic Menu/13.10.6 (Roku 14.5.4; en_US; Roku Ultra; Build/5944)"
34.91.118.253 - - [09/Jun/2025:22:41:13 -0400] "GET /reverse-villain-chapter-46/ HTTP/1.1" 200 9946 "-" "Mozilla/5.0 (X11; Linux x86_64) AppleWebKit/537.36 (KHTML, like Gecko) Chrome/109.0.0.0 Safari/537.36"
34.147.118.130 - - [09/Jun/2025:22:41:13 -0400] "GET /reverse-villain-chapter-86/ HTTP/1.1" 200 9948 "-" "Mozilla/5.0 (X11; Linux x86_64) AppleWebKit/537.36 (KHTML, like Gecko) Chrome/128.0.0.0 Safari/537.36"
34.34.120.86 - - [09/Jun/2025:22:41:13 -0400] "GET /reverse-villain-chapter-48/ HTTP/1.1" 200 9950 "-" "Mozilla/5.0 (Windows NT 10.0; Win64; x64; rv:138.0) Gecko/20100101 Firefox/138.0"
34.13.206.113 - - [09/Jun/2025:22:41:14 -0400] "GET /reverse-villain-chapter-36 HTTP/1.1" 301 0 "-" "Mozilla/5.0 (Macintosh; Intel Mac OS X 10_15_7) AppleWebKit/537.36 (KHTML, like Gecko) Chrome/109.0.0.0 Safari/537.36"
34.34.120.86 - - [09/Jun/2025:22:41:12 -0400] "GET /reverse-villain-chapter-6/ HTTP/1.1" 200 9941 "-" "Mozilla/5.0 (X11; CrOS x86_64 14541.0.0) AppleWebKit/537.36 (KHTML, like Gecko) Chrome/118.0.0.0 Safari/537.36"
34.147.113.108 - - [09/Jun/2025:22:41:14 -0400] "GET /reverse-villain-chapter-2 HTTP/1.1" 301 0 "-" "Mozilla/5.0 (Windows NT 10.0; Win64; x64) AppleWebKit/537.36 (KHTML, like Gecko) Chrome/136.0.0.0 Safari/537.36,gzip(gfe),gzip(gfe)"
34.13.206.113 - - [09/Jun/2025:22:41:13 -0400] "GET /reverse-villain-chapter-99/ HTTP/1.1" 200 9993 "-" "Mozilla/5.0 (Macintosh; Intel Mac OS X 10_15_7) AppleWebKit/537.36 (KHTML, like Gecko) Chrome/122.0.0.0 Safari/537.36"
34.147.118.130 - - [09/Jun/2025:22:41:14 -0400] "GET /privacy-policy HTTP/1.1" 301 0 "-" "Mozilla/5.0 (Windows NT 10.0; Win64; x64) AppleWebKit/537.36 (KHTML, like Gecko) Chrome/74.0.3729.131 Safari/537.36"
34.12.77.209 - - [09/Jun/2025:22:41:14 -0400] "GET /reverse-villain-chapter-19 HTTP/1.1" 301 0 "-" "Mozilla/5.0 (Macintosh; Intel Mac OS X 10_12_6) AppleWebKit/537.36 (KHTML, like Gecko) Chrome/103.0.5060.134 Safari/537.36"
34.13.206.113 - - [09/Jun/2025:22:41:14 -0400] "GET /reverse-villain-chapter-61 HTTP/1.1" 301 0 "-" "Mozilla/5.0 (Macintosh; Intel Mac OS X 10_15) AppleWebKit/605.1.15 (KHTML, like Gecko) Version/17.0 Safari/605.1.15"
34.34.120.86 - - [09/Jun/2025:22:41:13 -0400] "GET /reverse-villain-chapter-39/ HTTP/1.1" 200 9947 "-" "VIZIO V4K50M-0810 ViziOS/1.6.970.1 WatchFree/25.04.14 FancyPlayer/1.9.22"
34.147.118.130 - - [09/Jun/2025:22:41:14 -0400] "GET /reverse-villain-chapter-64 HTTP/1.1" 301 0 "-" "Mozilla/5.0 (X11; CrOS x86_64 14541.0.0) AppleWebKit/537.36 (KHTML, like Gecko) Chrome/123.0.0.0 Safari/537.36"
34.34.120.86 - - [09/Jun/2025:22:41:12 -0400] "GET /reverse-villain-chapter-13/ HTTP/1.1" 200 9947 "-" "Mozilla/5.0 (Windows NT 10.0; Win64; x64) AppleWebKit/537.36 (KHTML, like Gecko) Chrome/95.0.4638.69 Safari/537.36"
34.13.206.113 - - [09/Jun/2025:22:41:14 -0400] "GET /reverse-villain-chapter-4 HTTP/1.1" 301 0 "-" "Mozilla/5.0 (Macintosh; Intel Mac OS X 10_15_7) AppleWebKit/605.1.15 (KHTML, like Gecko) Version/15.0 Safari/605.1.15"
34.90.69.181 - - [09/Jun/2025:22:41:15 -0400] "GET /reverse-villain-chapter-10 HTTP/1.1" 301 0 "-" "Mozilla/5.0 (Macintosh; Intel Mac OS X 10_0) AppleWebKit/537.36 (KHTML, like Gecko) Chrome/134.0.0.0 Safari/537.36"
34.13.195.153 - - [09/Jun/2025:22:41:15 -0400] "GET /reverse-villain-chapter-25 HTTP/1.1" 301 0 "-" "VIZIO V705-H1 ViziOS/1.6.970.1 WatchFree/25.04.14 FancyPlayer/1.9.22"
34.12.77.209 - - [09/Jun/2025:22:41:14 -0400] "GET /reverse-villain-chapter-57/ HTTP/1.1" 200 9946 "-" "Mozilla/5.0 (Linux; x86_64 GNU/Linux) AppleWebKit/601.1 (KHTML, like Gecko) Version/8.0 Safari/601.1 WPE ComcastAppPlatform CXD01ANI Firebolt/0.8.1 1.0.0.0 Xfinity"
34.13.195.153 - - [09/Jun/2025:22:41:15 -0400] "GET /reverse-villain-chapter-97 HTTP/1.1" 301 0 "-" "Mozilla/5.0 (Windows NT 10.0) AppleWebKit/537.36 (KHTML, like Gecko) Chrome/134.0 Safari/537.36"
34.90.69.181 - - [09/Jun/2025:22:41:12 -0400] "GET /reverse-villain-chapter-73/ HTTP/1.1" 200 9944 "-" "Mozilla/5.0 (X11; Ubuntu; Linux x86_64; rv:88.0) Gecko/20100101 Firefox/88.0"
34.13.195.153 - - [09/Jun/2025:22:41:14 -0400] "GET /reverse-villain-chapter-26/ HTTP/1.1" 200 9944 "-" "Mozilla/5.0 (Windows NT 10.0; Win64; x64; rv:108.0) Gecko/20100101 Firefox/108.0"
34.147.118.130 - - [09/Jun/2025:22:41:14 -0400] "GET /reverse-villain-chapter-74/ HTTP/1.1" 200 9946 "-" "Mozilla/5.0 (Macintosh; Intel Mac OS X 10.15; rv:134.0) Gecko/20100101 Firefox/134.0"
34.91.118.253 - - [09/Jun/2025:22:41:12 -0400] "GET /reverse-villain-chapter-84/ HTTP/1.1" 200 9951 "-" "Mozilla/5.0 (Linux; x86_64 GNU/Linux) AppleWebKit/601.1 (KHTML, like Gecko) Version/8.0 Safari/601.1 WPE ComcastAppPlatform SX022AN Firebolt/0.8.1"
34.90.69.181 - - [09/Jun/2025:22:41:13 -0400] "GET /reverse-villain-chapter-85/ HTTP/1.1" 200 9947 "-" "Mozilla/5.0 (Windows NT 10.0; WOW64) AppleWebKit/537.36 (KHTML, like Gecko) Chrome/52.0.2743.116 Safari/537.36"
34.147.113.108 - - [09/Jun/2025:22:41:14 -0400] "GET /reverse-villain-chapter-12/ HTTP/1.1" 200 9939 "-" "Mozilla/5.0 (Windows NT 10.0; Win64; x64) AppleWebKit/537.36 (KHTML, like Gecko) Rave/1.16.7 Chrome/132.0.6834.83 Rave/1.16.7 Safari/537.36"
34.13.195.153 - - [09/Jun/2025:22:41:13 -0400] "GET /reverse-villain-chapter-96/ HTTP/1.1" 200 9981 "-" "Mozilla/5.0 (X11; Linux x86_64) AppleWebKit/537.36 (KHTML, like Gecko) Chrome/102.0.5005.61 Safari/537.36"
34.147.118.130 - - [09/Jun/2025:22:41:15 -0400] "GET /popular-manga HTTP/1.1" 301 0 "-" "VIZIO V705x-J03 ViziOS/1.6.970.1 WatchFree/25.04.14 FancyPlayer/1.9.22"
34.13.206.113 - - [09/Jun/2025:22:41:15 -0400] "GET /reverse-villain-chapter-83 HTTP/1.1" 301 0 "-" "Mozilla/5.0 (Macintosh; Intel Mac OS X 10_13_6) AppleWebKit/605.1.15 (KHTML, like Gecko) Version/13.1.2 Safari/605.1.15"
34.12.77.209 - - [09/Jun/2025:22:41:14 -0400] "GET /reverse-villain-chapter-68/ HTTP/1.1" 200 9944 "-" "Mozilla/5.0 (Linux; x86_64 GNU/Linux) AppleWebKit/601.1 (KHTML, like Gecko) Version/8.0 Safari/601.1 WPE ComcastAppPlatform AX013AN Firebolt/0.8.1"
34.91.118.253 - - [09/Jun/2025:22:41:15 -0400] "GET /reverse-villain-chapter-67 HTTP/1.1" 301 0 "-" "Mozilla/5.0 (Windows NT 10.0; Win64; x64) AppleWebKit/537.36 (KHTML, like Gecko) Chrome/121.0.0.0 Safari/537.36"
34.90.69.181 - - [09/Jun/2025:22:41:14 -0400] "GET /reverse-villain-chapter-21/ HTTP/1.1" 200 9944 "-" "Mozilla/5.0 (X11; Linux x86_64) AppleWebKit/537.36 (KHTML, like Gecko) Chrome/73.0.3683.103 Safari/537.36 SRAF/5.0 1.0 (MediaTek; MT5870; V0.1.0.0.M001; ) NETRANGEMMH"
34.147.118.130 - - [09/Jun/2025:22:41:15 -0400] "GET /reverse-villain-chapter-81/ HTTP/1.1" 200 9944 "-" "Mozilla/5.0 (Windows NT 10.0; Win64; x64) AppleWebKit/537.36 (KHTML, like Gecko) Chrome/126.0.0.0 Safari/537.36"
34.90.69.181 - - [09/Jun/2025:22:41:16 -0400] "GET /reverse-villain-chapter-108 HTTP/1.1" 301 0 "-" "VIZIO V505-H1 ViziOS/1.6.970.1 WatchFree/25.04.14 FancyPlayer/1.9.22"
34.13.195.153 - - [09/Jun/2025:22:41:14 -0400] "GET /reverse-villain-chapter-101/ HTTP/1.1" 200 9960 "-" "Mozilla/5.0 (Linux; x86_64 GNU/Linux) AppleWebKit/601.1 (KHTML, like Gecko) Version/8.0 Safari/601.1 WPE ComcastAppPlatform PX013AN Firebolt/0.8.1 AAMP/4.6"
34.91.118.253 - - [09/Jun/2025:22:41:16 -0400] "GET /reverse-villain-chapter-32 HTTP/1.1" 301 0 "-" "Mozilla/5.0 (Macintosh; Intel Mac OS X 10_15_7) AppleWebKit/537.36 (KHTML, like Gecko) Chrome/136.0 Safari/537.36"
34.147.113.108 - - [09/Jun/2025:22:41:15 -0400] "GET /reverse-villain-chapter-45/ HTTP/1.1" 200 9945 "-" "VIZIO M43Q6-J04 ViziOS/1.6.970.1 WatchFree/25.04.14 FancyPlayer/1.9.22"
34.147.118.130 - - [09/Jun/2025:22:41:14 -0400] "GET /reverse-villain-chapter-75/ HTTP/1.1" 200 9946 "-" "Mozilla/5.0 (Macintosh; Intel Mac OS X 10_0) AppleWebKit/537.36 (KHTML, like Gecko) Chrome/134.0.0.0 Safari/537.36"
34.147.118.130 - - [09/Jun/2025:22:41:15 -0400] "GET /reverse-villain-chapter-79/ HTTP/1.1" 200 9977 "-" "Mozilla/5.0 (X11; CrOS x86_64 16238.47.0) AppleWebKit/537.36 (KHTML, like Gecko) Chrome/136.0.7103.102 Safari/537.36"
34.13.195.153 - - [09/Jun/2025:22:41:15 -0400] "GET /reverse-villain-chapter-100/ HTTP/1.1" 200 9587 "-" "Mozilla/5.0 (Macintosh; Intel Mac OS X 10_15_7) AppleWebKit/537.36 (KHTML, like Gecko) Chrome/134.0.0.0 YaBrowser/25.4.0.0 Safari/537.36"
34.90.69.181 - - [09/Jun/2025:22:41:15 -0400] "GET /reverse-villain-chapter-53/ HTTP/1.1" 200 9948 "-" "Mozilla/5.0 (Windows NT 10.0; Win64; x64) AppleWebKit/537.36 (KHTML, like Gecko) Chrome/103.0.0.0 Safari/537.36"
34.12.77.209 - - [09/Jun/2025:22:41:16 -0400] "GET /reverse-villain-chapter-72/ HTTP/1.1" 200 9943 "-" "Mozilla/5.0 (X11; CrOS x86_64 14816.131.5) AppleWebKit/537.36 (KHTML, like Gecko) Chrome/103.0.0.0 Safari/537.36"
34.34.120.86 - - [09/Jun/2025:22:41:15 -0400] "GET /reverse-villain-chapter-35/ HTTP/1.1" 200 9950 "-" "VIZIO V4K50M-0809 ViziOS/1.6.956.1 WatchFree/25.04.14 FancyPlayer/1.9.22"
34.13.195.153 - - [09/Jun/2025:22:41:17 -0400] "GET /reverse-villain-chapter-9 HTTP/1.1" 301 0 "-" "Mozilla/5.0 (Windows NT 10.0; Win64; x64) AppleWebKit/537.36 (KHTML, like Gecko) WeMod/10.14.0 Chrome/132.0.6834.83 Safari/537.36"
34.90.69.181 - - [09/Jun/2025:22:41:17 -0400] "GET /reverse-villain-chapter-71 HTTP/1.1" 301 0 "-" "Mozilla/5.0 (Windows NT 10.0; Win64; x64; rv:132.0) Gecko/20100101 Firefox/132.0"
34.12.77.209 - - [09/Jun/2025:22:41:16 -0400] "GET /reverse-villain-chapter-51 HTTP/1.1" 301 0 "-" "Mozilla/5.0 (Linux; x86_64 GNU/Linux) AppleWebKit/601.1 (KHTML, like Gecko) Version/8.0 Safari/601.1 WPE ComcastAppPlatform PN43-751-24U Firebolt/0.8.1"
34.147.113.108 - - [09/Jun/2025:22:41:16 -0400] "GET /reverse-villain-chapter-15/ HTTP/1.1" 200 9942 "-" "VIZIO D32fM-K07 ViziOS/1.6.970.1 WatchFree/25.04.14 FancyPlayer/1.9.22"
34.90.69.181 - - [09/Jun/2025:22:41:15 -0400] "GET /reverse-villain-chapter-47/ HTTP/1.1" 200 9945 "-" "Mozilla/5.0 (X11; Linux x86_64; Quest 3) AppleWebKit/537.36 (KHTML, like Gecko) OculusBrowser/38.4.0.14.57.741245639 Chrome/134.0.6998.205 VR Safari/537.36"
34.13.206.113 - - [09/Jun/2025:22:41:16 -0400] "GET /reverse-villain-chapter-28/ HTTP/1.1" 200 9949 "-" "Mozilla/5.0 (X11; Linux x86_64) AppleWebKit/537.36 (KHTML, like Gecko) HeadlessChrome/137.0.0.0 Safari/537.36"
34.13.206.113 - - [09/Jun/2025:22:41:15 -0400] "GET /reverse-villain-chapter-93/ HTTP/1.1" 200 9979 "-" "Mozilla/5.0 (Macintosh; Intel Mac OS X 10_15_7) AppleWebKit/537.36 (KHTML, like Gecko) Chrome/138.0.0.0 Safari/537.36"
34.34.120.86 - - [09/Jun/2025:22:41:16 -0400] "GET /reverse-villain-chapter-42/ HTTP/1.1" 200 9945 "-" "Mozilla/5.0 (Windows NT 10.0; Win64; x64) AppleWebKit/537.36 (KHTML, like Gecko) Chrome/134.0.0.0 Safari/537.36 OPR/119.0.0.0 (Edition 360-1)"
34.147.113.108 - - [09/Jun/2025:22:41:16 -0400] "GET /reverse-villain-chapter-102/ HTTP/1.1" 200 9961 "-" "Mozilla/5.0 (X11; Linux x86_64; rv:121.0) Gecko/20100101 Firefox/121.0"
34.90.69.181 - - [09/Jun/2025:22:41:15 -0400] "GET /reverse-villain-chapter-27/ HTTP/1.1" 200 9945 "-" "Mozilla/5.0 (Windows NT 10.0; Win64; x64) AppleWebKit/537.36 (KHTML, like Gecko) Chrome/127.0.6533.120 OBS/31.0.2 Safari/537.36"
34.91.118.253 - - [09/Jun/2025:22:41:16 -0400] "GET /reverse-villain-chapter-109/ HTTP/1.1" 200 9965 "-" "Mozilla/5.0 (X11; CrOS armv7l 13597.84.0) AppleWebKit/537.36 (KHTML, like Gecko) Chrome/88.0.4324.187 Safari/537.36"
34.90.69.181 - - [09/Jun/2025:22:41:17 -0400] "GET /reverse-villain-chapter-77/ HTTP/1.1" 200 9969 "-" "VIZIO D32fM-K07 ViziOS/1.6.970.1 WatchFree/25.04.14 FancyPlayer/1.9.22"
34.147.118.130 - - [09/Jun/2025:22:41:15 -0400] "GET /reverse-villain-chapter-98/ HTTP/1.1" 200 9980 "-" "Mozilla/5.0 (Linux; x86_64 GNU/Linux) AppleWebKit/601.1 (KHTML, like Gecko) Version/8.0 Safari/601.1 WPE ComcastAppPlatform PX013AN Firebolt/0.8.1 AAMP/4.6"
34.13.195.153 - - [09/Jun/2025:22:41:15 -0400] "GET /reverse-villain-chapter-33/ HTTP/1.1" 200 9948 "-" "Mozilla/5.0 (Windows NT 10.0; Win64; x64) AppleWebKit/537.36 (KHTML, like Gecko) Chrome/133.0.0.0 Safari/537.36 AVG/133.0.0.0"
34.13.206.113 - - [09/Jun/2025:22:41:17 -0400] "GET /reverse-villain-chapter-7/ HTTP/1.1" 200 9957 "-" "Mozilla/5.0 (Macintosh; Intel Mac OS X 10_15_7) AppleWebKit/537.36 (KHTML, like Gecko) Chrome/133.0.0.0 Safari/537.36"
34.13.206.113 - - [09/Jun/2025:22:41:17 -0400] "GET /reverse-villain-chapter-70/ HTTP/1.1" 200 9944 "-" "Mozilla/5.0 (Macintosh; Intel Mac OS X 10_15_7) AppleWebKit/605.1.15 (KHTML, like Gecko) Version/16.5.2 Safari/605.1.15"
34.147.118.130 - - [09/Jun/2025:22:41:17 -0400] "GET /reverse-villain-chapter-49/ HTTP/1.1" 200 9948 "-" "Mozilla/5.0 (Windows NT 10.0; Win64; x64) AppleWebKit/537.36 (KHTML, like Gecko) Chrome/127.0.6533.120 OBS/31.0.2 Safari/537.36"
34.90.69.181 - - [09/Jun/2025:22:41:17 -0400] "GET /reverse-villain-chapter-14/ HTTP/1.1" 200 9949 "-" "Mozilla/5.0 (Linux; x86_64 GNU/Linux) AppleWebKit/601.1 (KHTML, like Gecko) Version/8.0 Safari/601.1 WPE ComcastAppPlatform PX022AN Firebolt/0.8.1 AAMP/4.6"
34.91.118.253 - - [09/Jun/2025:22:41:17 -0400] "GET /reverse-villain-chapter-17/ HTTP/1.1" 200 9941 "-" "Mozilla/5.0 (Windows NT 10.0; Win64; x64) AppleWebKit/537.36 (KHTML, like Gecko) Chrome/108.0.0.0 Safari/537.36 Medal/4.2777.0"
34.13.206.113 - - [09/Jun/2025:22:41:17 -0400] "GET /reverse-villain-chapter-22/ HTTP/1.1" 200 9944 "-" "Mozilla/5.0 (Windows NT 10.0; WOW64) AppleWebKit/537.36 (KHTML, like Gecko) Chrome/90.0.4430.93 Safari/537.36"
34.13.195.153 - - [09/Jun/2025:22:41:16 -0400] "GET /reverse-villain-chapter-63/ HTTP/1.1" 200 9944 "-" "VIZIO V4K75S-0804 ViziOS/1.6.970.1 WatchFree/25.04.14 FancyPlayer/1.9.22"
34.13.206.113 - - [09/Jun/2025:22:41:16 -0400] "GET /reverse-villain-chapter-37/ HTTP/1.1" 200 9945 "-" "Mozilla/5.0 (Macintosh; Intel Mac OS X 10_15_7) AppleWebKit/605.1.15 (KHTML, like Gecko) Version/17.13 Safari/605.1.15"
34.90.69.181 - - [09/Jun/2025:22:41:16 -0400] "GET /reverse-villain-chapter-38/ HTTP/1.1" 200 9949 "-" "Mozilla/5.0 (X11; Linux x86_64; rv:128.0) Gecko/20100101 Firefox/128.0"
34.34.120.86 - - [09/Jun/2025:22:41:17 -0400] "GET /reverse-villain-chapter-107/ HTTP/1.1" 200 9964 "-" "Mozilla/5.0 (Macintosh; Intel Mac OS X 10_15_7) AppleWebKit/605.1.15 (KHTML, like Gecko) CriOS/136 Version/11.1.1 Safari/605.1.15"
34.12.77.209 - - [09/Jun/2025:22:41:18 -0400] "GET /reverse-villain-chapter-1/ HTTP/1.1" 200 9533 "-" "Mozilla/5.0 (Windows NT 10.0; Win64; x64) AppleWebKit/537.36 (KHTML, like Gecko) Chrome/122.0.6261.95 Safari/537.36"
34.13.206.113 - - [09/Jun/2025:22:41:17 -0400] "GET /reverse-villain-chapter-8/ HTTP/1.1" 200 9939 "-" "Mozilla/5.0 (X11; CrOS x86_64 14541.0.0) AppleWebKit/537.36 (KHTML, like Gecko) Chrome/127.0.0.0 Safari/537.36"
34.90.69.181 - - [09/Jun/2025:22:41:17 -0400] "GET /reverse-villain-chapter-59/ HTTP/1.1" 200 9948 "-" "Mozilla/5.0 (Windows NT 6.1; Win64; x64) AppleWebKit/537.36 (KHTML, like Gecko) Chrome/104.0.0.0 Safari/537.36"
34.13.206.113 - - [09/Jun/2025:22:41:17 -0400] "GET /reverse-villain-chapter-90/ HTTP/1.1" 200 9944 "-" "Mozilla/5.0 (Linux; x86_64 GNU/Linux) AppleWebKit/601.1 (KHTML, like Gecko) Version/8.0 Safari/601.1 WPE ComcastAppPlatform TX061AEI Firebolt/0.8.1"
34.90.69.181 - - [09/Jun/2025:22:41:19 -0400] "GET /reverse-villain-chapter-91/ HTTP/1.1" 200 9944 "-" "Mozilla/5.0 (X11; Linux x86_64) AppleWebKit/534.24 (KHTML, like Gecko) Chrome/123.0.6312.118 Safari/534.24 XiaoMi/MiuiBrowser/14.33.0-gn"
34.13.206.113 - - [09/Jun/2025:22:41:18 -0400] "GET /reverse-villain-chapter-16/ HTTP/1.1" 200 9941 "-" "Mozilla/5.0 (Windows NT 10.0; Win64; x64) AppleWebKit/537.36 (KHTML, like Gecko) Chrome/134.0.0.0 Safari/537.36 OPR/119.0.0.0 (Edition Yx 08)"
34.13.195.153 - - [09/Jun/2025:22:41:19 -0400] "GET /reverse-villain-chapter-5/ HTTP/1.1" 200 9941 "-" "Mozilla/5.0 (Windows NT 10.0; Win64; x64) AppleWebKit/537.36 (KHTML, like Gecko) Chrome/134.0.0.0 Safari/537.36 OPR/119.0.0.0"
34.91.118.253 - - [09/Jun/2025:22:41:19 -0400] "GET /reverse-villain-chapter-54/ HTTP/1.1" 200 9946 "-" "Mozilla/5.0 (Macintosh; Intel Mac OS X 10_15_7) AppleWebKit/605.1.15 (KHTML, like Gecko) Version/17.4.1 Safari/605.1.15"
162.0.232.193 - - [09/Jun/2025:22:41:30 -0400] "POST /wp-cron.php?doing_wp_cron=1749523289.6414508819580078125000 HTTP/1.1" 200 0 "-" "WordPress/6.8.1; https://reversevillain.com"
34.34.120.86 - - [09/Jun/2025:22:41:18 -0400] "GET /reverse-villain-chapter-3/ HTTP/1.1" 200 9941 "-" "Mozilla/5.0 (X11; CrOS x86_64 14541.0.0) AppleWebKit/537.36 (KHTML, like Gecko) Chrome/131.0.0.0 Safari/537.36"
34.91.118.253 - - [09/Jun/2025:22:41:18 -0400] "GET /reverse-villain-chapter-78-season-3/ HTTP/1.1" 200 9964 "-" "Mozilla/5.0 (X11; Linux x86_64) AppleWebKit/537.36 (KHTML, like Gecko) Chrome/103.0.0.0 Safari/537.36"
162.0.232.193 - - [09/Jun/2025:22:41:30 -0400] "POST /wp-cron.php?doing_wp_cron=1749523289.8391470909118652343750 HTTP/1.1" 200 0 "-" "WordPress/6.8.1; https://reversevillain.com"
162.0.232.193 - - [09/Jun/2025:22:41:30 -0400] "POST /wp-cron.php?doing_wp_cron=1749523290.1371159553527832031250 HTTP/1.1" 200 0 "-" "WordPress/6.8.1; https://reversevillain.com"
34.34.120.86 - - [09/Jun/2025:22:41:18 -0400] "GET /reverse-villain-chapter-80/ HTTP/1.1" 200 9951 "-" "Mozilla/5.0 (Linux; x86_64 GNU/Linux) AppleWebKit/601.1 (KHTML, like Gecko) Version/8.0 Safari/601.1 WPE ComcastAppPlatform E550AE65C Firebolt/0.8.1"
162.0.232.193 - - [09/Jun/2025:22:41:30 -0400] "POST /wp-cron.php?doing_wp_cron=1749523289.7460980415344238281250 HTTP/1.1" 200 0 "-" "WordPress/6.8.1; https://reversevillain.com"
34.91.118.253 - - [09/Jun/2025:22:41:19 -0400] "GET /reverse-villain-chapter-55/ HTTP/1.1" 200 9947 "-" "Mozilla/5.0 (Macintosh; Intel Mac OS X 10.10; rv:78.0) Gecko/20100101 Firefox/78.0"
34.34.120.86 - - [09/Jun/2025:22:41:18 -0400] "GET /reverse-villain-chapter-60/ HTTP/1.1" 200 9944 "-" "Mozilla/5.0 (X11; Linux x86_64) AppleWebKit/537.36 (KHTML, like Gecko) Chrome/133.0.0.0 Safari/537.36 Scope3/2.0 (scope3.com)"
34.147.118.130 - - [09/Jun/2025:22:41:22 -0400] "GET /privacy-policy/ HTTP/1.1" 200 12008 "-" "Mozilla/5.0 (Windows NT 10.0; Win64; x64) AppleWebKit/537.36 (KHTML, like Gecko) Chrome/74.0.3729.131 Safari/537.36"
162.0.232.193 - - [09/Jun/2025:22:41:30 -0400] "POST /wp-cron.php?doing_wp_cron=1749523290.3530509471893310546875 HTTP/1.1" 200 0 "-" "WordPress/6.8.1; https://reversevillain.com"
162.0.232.193 - - [09/Jun/2025:22:41:30 -0400] "POST /wp-cron.php?doing_wp_cron=1749523290.2401349544525146484375 HTTP/1.1" 200 0 "-" "WordPress/6.8.1; https://reversevillain.com"
34.147.118.130 - - [09/Jun/2025:22:41:18 -0400] "GET /reverse-villain-chapter-41/ HTTP/1.1" 200 9944 "-" "Mozilla/5.0 (Windows NT 10.0; Win64; x64) AppleWebKit/537.36 (KHTML, like Gecko) Chrome/107.0.0.0 Safari/537.36"
162.0.232.193 - - [09/Jun/2025:22:41:31 -0400] "POST /wp-cron.php?doing_wp_cron=1749523290.2388110160827636718750 HTTP/1.1" 200 0 "-" "WordPress/6.8.1; https://reversevillain.com"
162.0.232.193 - - [09/Jun/2025:22:41:31 -0400] "POST /wp-cron.php?doing_wp_cron=1749523290.4372119903564453125000 HTTP/1.1" 200 0 "-" "WordPress/6.8.1; https://reversevillain.com"
34.90.69.181 - - [09/Jun/2025:22:41:19 -0400] "GET /reverse-villain-chapter-82/ HTTP/1.1" 200 9944 "-" "Mozilla/5.0 (Windows NT 10.0; rv:139.0) Gecko/20100101 Firefox/139.0"
34.13.206.113 - - [09/Jun/2025:22:41:20 -0400] "GET /reverse-villain-chapter-65/ HTTP/1.1" 200 9946 "-" "Mozilla/5.0 (Windows NT 6.2; Win64; x64) AppleWebKit/537.36 (KHTML, like Gecko) QtWebEngine/6.8.3 Chrome/122.0.0.0 Safari/537.36"
162.0.232.193 - - [09/Jun/2025:22:41:31 -0400] "POST /wp-cron.php?doing_wp_cron=1749523290.6644461154937744140625 HTTP/1.1" 200 0 "-" "WordPress/6.8.1; https://reversevillain.com"
162.0.232.193 - - [09/Jun/2025:22:41:31 -0400] "POST /wp-cron.php?doing_wp_cron=1749523290.3391070365905761718750 HTTP/1.1" 200 0 "-" "WordPress/6.8.1; https://reversevillain.com"
34.13.195.153 - - [09/Jun/2025:22:41:20 -0400] "GET /reverse-villain-chapter-58/ HTTP/1.1" 200 9944 "-" "Mozilla/5.0 (Windows NT 10.0; Win64; x64) AppleWebKit/537.36 (KHTML, like Gecko) Chrome/118.0.0.0 Safari/537.36"
34.91.118.253 - - [09/Jun/2025:22:41:19 -0400] "GET /reverse-villain-chapter-92/ HTTP/1.1" 200 9946 "-" "Mozilla/5.0 (Linux; x86_64 GNU/Linux) AppleWebKit/601.1 (KHTML, like Gecko) Version/8.0 Safari/601.1 WPE 1.0.0.0 Xfinity PERF3 partnerId:xglobal"
162.0.232.193 - - [09/Jun/2025:22:41:31 -0400] "POST /wp-cron.php?doing_wp_cron=1749523290.8452820777893066406250 HTTP/1.1" 200 0 "-" "WordPress/6.8.1; https://reversevillain.com"
34.12.77.209 - - [09/Jun/2025:22:41:18 -0400] "GET /reverse-villain-chapter-31/ HTTP/1.1" 200 9565 "-" "Mozilla/5.0 (Macintosh; Intel Mac OS X 10_15_7) AppleWebKit/537.36 (KHTML, like Gecko) Chrome/114.0.0.0 Safari/537.36"
162.0.232.193 - - [09/Jun/2025:22:41:31 -0400] "POST /wp-cron.php?doing_wp_cron=1749523291.1391279697418212890625 HTTP/1.1" 200 0 "-" "WordPress/6.8.1; https://reversevillain.com"
162.0.232.193 - - [09/Jun/2025:22:41:31 -0400] "POST /wp-cron.php?doing_wp_cron=1749523291.4335289001464843750000 HTTP/1.1" 200 0 "-" "WordPress/6.8.1; https://reversevillain.com"
162.0.232.193 - - [09/Jun/2025:22:41:31 -0400] "POST /wp-cron.php?doing_wp_cron=1749523290.9369890689849853515625 HTTP/1.1" 200 0 "-" "WordPress/6.8.1; https://reversevillain.com"
34.91.118.253 - - [09/Jun/2025:22:41:19 -0400] "GET /reverse-villain-chapter-30/ HTTP/1.1" 200 9949 "-" "Mozilla/5.0 (Windows NT 10.0; Win64; x64) AppleWebKit/537.36 (KHTML, like Gecko) Solitaire/1.6.0 Chrome/89.0.4389.128  Safari/537.36"
162.0.232.193 - - [09/Jun/2025:22:41:32 -0400] "POST /wp-cron.php?doing_wp_cron=1749523292.0383360385894775390625 HTTP/1.1" 200 0 "-" "WordPress/6.8.1; https://reversevillain.com"
34.90.69.181 - - [09/Jun/2025:22:41:19 -0400] "GET /reverse-villain-chapter-43/ HTTP/1.1" 200 9946 "-" "Mozilla/5.0 (Macintosh; Intel Mac OS X 10_15_6) AppleWebKit/605.1.15 (KHTML, like Gecko) Version/15.2 Safari/605.1.15"
34.147.113.108 - - [09/Jun/2025:22:41:19 -0400] "GET /reverse-villain-chapter-62/ HTTP/1.1" 200 9950 "-" "Mozilla/5.0 (Windows NT 10.0; Win64; x64) AppleWebKit/537.36 (KHTML, like Gecko) Chrome/87.0.4280.66 Safari/537.36"
162.0.232.193 - - [09/Jun/2025:22:41:33 -0400] "POST /wp-cron.php?doing_wp_cron=1749523292.5381829738616943359375 HTTP/1.1" 200 0 "-" "WordPress/6.8.1; https://reversevillain.com"
162.0.232.193 - - [09/Jun/2025:22:41:33 -0400] "POST /wp-cron.php?doing_wp_cron=1749523292.5354130268096923828125 HTTP/1.1" 200 0 "-" "WordPress/6.8.1; https://reversevillain.com"
34.13.206.113 - - [09/Jun/2025:22:41:22 -0400] "GET /reverse-villain-chapter-61/ HTTP/1.1" 200 9949 "-" "Mozilla/5.0 (Macintosh; Intel Mac OS X 10_15) AppleWebKit/605.1.15 (KHTML, like Gecko) Version/17.0 Safari/605.1.15"
20.171.207.117 - - [09/Jun/2025:22:41:19 -0400] "GET / HTTP/1.1" 200 9389 "-" "Mozilla/5.0 AppleWebKit/537.36 (KHTML, like Gecko; compatible; GPTBot/1.2; +https://openai.com/gptbot)"
34.147.113.108 - - [09/Jun/2025:22:41:22 -0400] "GET /reverse-villain-chapter-2/ HTTP/1.1" 200 9936 "-" "Mozilla/5.0 (Windows NT 10.0; Win64; x64) AppleWebKit/537.36 (KHTML, like Gecko) Chrome/136.0.0.0 Safari/537.36,gzip(gfe),gzip(gfe)"
34.147.113.108 - - [09/Jun/2025:22:41:20 -0400] "GET /reverse-villain-chapter-40/ HTTP/1.1" 200 9951 "-" "Mozilla/5.0 (Windows NT 10.0; Win64; x64; rv:128.0) Gecko/20100101 Firefox/128.0"
34.13.195.153 - - [09/Jun/2025:22:41:20 -0400] "GET /reverse-villain-chapter-52/ HTTP/1.1" 200 9949 "-" "Mozilla/5.0 (Windows NT 14.0) AppleWebKit/537.36 (KHTML, like Gecko) Chrome/137.0.7151.55 Safari/537.36"
34.147.118.130 - - [09/Jun/2025:22:41:22 -0400] "GET /reverse-villain-chapter-64/ HTTP/1.1" 200 9951 "-" "Mozilla/5.0 (X11; CrOS x86_64 14541.0.0) AppleWebKit/537.36 (KHTML, like Gecko) Chrome/123.0.0.0 Safari/537.36"
34.13.195.153 - - [09/Jun/2025:22:41:22 -0400] "GET /reverse-villain-chapter-97/ HTTP/1.1" 200 9981 "-" "Mozilla/5.0 (Windows NT 10.0) AppleWebKit/537.36 (KHTML, like Gecko) Chrome/134.0 Safari/537.36"
2001:41d0:303:8697::1 - - [09/Jun/2025:22:41:30 -0400] "GET /maybe-meant-to-be-chapter-75/feed/ HTTP/1.1" 301 0 "-" "Mozilla/5.0 (compatible; MJ12bot/v1.4.8; http://mj12bot.com/)"
34.13.195.153 - - [09/Jun/2025:22:41:22 -0400] "GET /reverse-villain-chapter-25/ HTTP/1.1" 200 9948 "-" "VIZIO V705-H1 ViziOS/1.6.970.1 WatchFree/25.04.14 FancyPlayer/1.9.22"
34.13.206.113 - - [09/Jun/2025:22:41:21 -0400] "GET /reverse-villain-chapter-36/ HTTP/1.1" 200 9950 "-" "Mozilla/5.0 (Macintosh; Intel Mac OS X 10_15_7) AppleWebKit/537.36 (KHTML, like Gecko) Chrome/109.0.0.0 Safari/537.36"
34.90.69.181 - - [09/Jun/2025:22:41:22 -0400] "GET /reverse-villain-chapter-10/ HTTP/1.1" 200 9935 "-" "Mozilla/5.0 (Macintosh; Intel Mac OS X 10_0) AppleWebKit/537.36 (KHTML, like Gecko) Chrome/134.0.0.0 Safari/537.36"
34.13.206.113 - - [09/Jun/2025:22:41:21 -0400] "GET /reverse-villain-chapter-106/ HTTP/1.1" 200 9584 "-" "Roku Dynamic Menu/13.10.6 (Roku 14.5.4; en_US; Roku Ultra; Build/5944)"
34.12.77.209 - - [09/Jun/2025:22:41:26 -0400] "GET /reverse-villain-chapter-51/ HTTP/1.1" 200 9944 "-" "Mozilla/5.0 (Linux; x86_64 GNU/Linux) AppleWebKit/601.1 (KHTML, like Gecko) Version/8.0 Safari/601.1 WPE ComcastAppPlatform PN43-751-24U Firebolt/0.8.1"
34.13.195.153 - - [09/Jun/2025:22:41:26 -0400] "GET /reverse-villain-chapter-9/ HTTP/1.1" 200 9939 "-" "Mozilla/5.0 (Windows NT 10.0; Win64; x64) AppleWebKit/537.36 (KHTML, like Gecko) WeMod/10.14.0 Chrome/132.0.6834.83 Safari/537.36"
34.147.118.130 - - [09/Jun/2025:22:41:23 -0400] "GET /popular-manga/ HTTP/1.1" 200 8566 "-" "VIZIO V705x-J03 ViziOS/1.6.970.1 WatchFree/25.04.14 FancyPlayer/1.9.22"
34.13.195.153 - - [09/Jun/2025:22:41:22 -0400] "GET /reverse-villain-chapter-76/ HTTP/1.1" 200 9951 "-" "Mozilla/5.0 (Macintosh; Intel Mac OS X 10_15_7) AppleWebKit/537.36 (KHTML, like Gecko) Chrome/133.0.0.0 Safari/537.36 OPR/118.0.0.0 (Edition std-1)"
34.13.206.113 - - [09/Jun/2025:22:41:22 -0400] "GET /reverse-villain-chapter-4/ HTTP/1.1" 200 9942 "-" "Mozilla/5.0 (Macintosh; Intel Mac OS X 10_15_7) AppleWebKit/605.1.15 (KHTML, like Gecko) Version/15.0 Safari/605.1.15"
34.90.69.181 - - [09/Jun/2025:22:41:26 -0400] "GET /reverse-villain-chapter-71/ HTTP/1.1" 200 9950 "-" "Mozilla/5.0 (Windows NT 10.0; Win64; x64; rv:132.0) Gecko/20100101 Firefox/132.0"
34.12.77.209 - - [09/Jun/2025:22:41:22 -0400] "GET /reverse-villain-chapter-19/ HTTP/1.1" 200 9943 "-" "Mozilla/5.0 (Macintosh; Intel Mac OS X 10_12_6) AppleWebKit/537.36 (KHTML, like Gecko) Chrome/103.0.5060.134 Safari/537.36"
34.13.206.113 - - [09/Jun/2025:22:41:24 -0400] "GET /reverse-villain-chapter-83/ HTTP/1.1" 200 9946 "-" "Mozilla/5.0 (Macintosh; Intel Mac OS X 10_13_6) AppleWebKit/605.1.15 (KHTML, like Gecko) Version/13.1.2 Safari/605.1.15"
34.91.118.253 - - [09/Jun/2025:22:41:24 -0400] "GET /reverse-villain-chapter-67/ HTTP/1.1" 200 9948 "-" "Mozilla/5.0 (Windows NT 10.0; Win64; x64) AppleWebKit/537.36 (KHTML, like Gecko) Chrome/121.0.0.0 Safari/537.36"
20.171.207.117 - - [09/Jun/2025:22:41:33 -0400] "GET /qi/detail731407412.htm HTTP/1.1" 301 0 "-" "Mozilla/5.0 AppleWebKit/537.36 (KHTML, like Gecko; compatible; GPTBot/1.2; +https://openai.com/gptbot)"
34.90.69.181 - - [09/Jun/2025:22:41:24 -0400] "GET /reverse-villain-chapter-108/ HTTP/1.1" 200 9965 "-" "VIZIO V505-H1 ViziOS/1.6.970.1 WatchFree/25.04.14 FancyPlayer/1.9.22"
34.91.118.253 - - [09/Jun/2025:22:41:25 -0400] "GET /reverse-villain-chapter-32/ HTTP/1.1" 200 9946 "-" "Mozilla/5.0 (Macintosh; Intel Mac OS X 10_15_7) AppleWebKit/537.36 (KHTML, like Gecko) Chrome/136.0 Safari/537.36"
162.0.232.193 - - [09/Jun/2025:22:41:36 -0400] "POST /wp-admin/admin-ajax.php?action=async_litespeed&nonce=A2PA5JCwlZ0A1u3yK3f1cicONyZ871Zo&litespeed_type=imgoptm HTTP/1.1" 200 0 "-" "WordPress/6.8.1; https://reversevillain.com"
20.171.207.117 - - [09/Jun/2025:22:41:35 -0400] "GET / HTTP/1.1" 200 9389 "-" "Mozilla/5.0 AppleWebKit/537.36 (KHTML, like Gecko; compatible; GPTBot/1.2; +https://openai.com/gptbot)"
20.171.207.117 - - [09/Jun/2025:22:41:38 -0400] "GET /nn/entity254286955.htm HTTP/1.1" 301 0 "-" "Mozilla/5.0 AppleWebKit/537.36 (KHTML, like Gecko; compatible; GPTBot/1.2; +https://openai.com/gptbot)"
20.171.207.117 - - [09/Jun/2025:22:41:39 -0400] "GET / HTTP/1.1" 200 9390 "-" "Mozilla/5.0 AppleWebKit/537.36 (KHTML, like Gecko; compatible; GPTBot/1.2; +https://openai.com/gptbot)"
20.171.207.117 - - [09/Jun/2025:22:41:40 -0400] "GET /f/product254209405.htm HTTP/1.1" 301 0 "-" "Mozilla/5.0 AppleWebKit/537.36 (KHTML, like Gecko; compatible; GPTBot/1.2; +https://openai.com/gptbot)"
20.171.207.117 - - [09/Jun/2025:22:41:41 -0400] "GET / HTTP/1.1" 200 9389 "-" "Mozilla/5.0 AppleWebKit/537.36 (KHTML, like Gecko; compatible; GPTBot/1.2; +https://openai.com/gptbot)"
20.171.207.117 - - [09/Jun/2025:22:41:41 -0400] "GET /nt/product913655931.htm HTTP/1.1" 301 0 "-" "Mozilla/5.0 AppleWebKit/537.36 (KHTML, like Gecko; compatible; GPTBot/1.2; +https://openai.com/gptbot)"
20.171.207.117 - - [09/Jun/2025:22:41:42 -0400] "GET / HTTP/1.1" 200 9389 "-" "Mozilla/5.0 AppleWebKit/537.36 (KHTML, like Gecko; compatible; GPTBot/1.2; +https://openai.com/gptbot)"
20.171.207.117 - - [09/Jun/2025:22:41:42 -0400] "GET /uc/entity104301134.htm HTTP/1.1" 301 0 "-" "Mozilla/5.0 AppleWebKit/537.36 (KHTML, like Gecko; compatible; GPTBot/1.2; +https://openai.com/gptbot)"
20.171.207.117 - - [09/Jun/2025:22:41:43 -0400] "GET / HTTP/1.1" 200 9389 "-" "Mozilla/5.0 AppleWebKit/537.36 (KHTML, like Gecko; compatible; GPTBot/1.2; +https://openai.com/gptbot)"
20.171.207.117 - - [09/Jun/2025:22:41:44 -0400] "GET /pn/entity311960103.htm HTTP/1.1" 301 0 "-" "Mozilla/5.0 AppleWebKit/537.36 (KHTML, like Gecko; compatible; GPTBot/1.2; +https://openai.com/gptbot)"
2001:41d0:303:8697::1 - - [09/Jun/2025:22:41:44 -0400] "GET / HTTP/1.1" 200 9389 "-" "Mozilla/5.0 (compatible; MJ12bot/v1.4.8; http://mj12bot.com/)"
20.171.207.117 - - [09/Jun/2025:22:41:44 -0400] "GET / HTTP/1.1" 200 9389 "-" "Mozilla/5.0 AppleWebKit/537.36 (KHTML, like Gecko; compatible; GPTBot/1.2; +https://openai.com/gptbot)"
20.171.207.117 - - [09/Jun/2025:22:41:45 -0400] "GET /ao/detail312114258.htm HTTP/1.1" 301 0 "-" "Mozilla/5.0 AppleWebKit/537.36 (KHTML, like Gecko; compatible; GPTBot/1.2; +https://openai.com/gptbot)"
20.171.207.117 - - [09/Jun/2025:22:41:45 -0400] "GET / HTTP/1.1" 200 9389 "-" "Mozilla/5.0 AppleWebKit/537.36 (KHTML, like Gecko; compatible; GPTBot/1.2; +https://openai.com/gptbot)"
20.171.207.117 - - [09/Jun/2025:22:41:46 -0400] "GET /nj/entity189316331.htm HTTP/1.1" 301 0 "-" "Mozilla/5.0 AppleWebKit/537.36 (KHTML, like Gecko; compatible; GPTBot/1.2; +https://openai.com/gptbot)"
20.171.207.117 - - [09/Jun/2025:22:41:46 -0400] "GET / HTTP/1.1" 200 9389 "-" "Mozilla/5.0 AppleWebKit/537.36 (KHTML, like Gecko; compatible; GPTBot/1.2; +https://openai.com/gptbot)"
20.171.207.117 - - [09/Jun/2025:22:41:47 -0400] "GET /z/product104474151.htm HTTP/1.1" 301 0 "-" "Mozilla/5.0 AppleWebKit/537.36 (KHTML, like Gecko; compatible; GPTBot/1.2; +https://openai.com/gptbot)"
20.171.207.117 - - [09/Jun/2025:22:41:48 -0400] "GET / HTTP/1.1" 200 9389 "-" "Mozilla/5.0 AppleWebKit/537.36 (KHTML, like Gecko; compatible; GPTBot/1.2; +https://openai.com/gptbot)"
162.0.232.193 - - [09/Jun/2025:22:41:51 -0400] "POST /wp-cron.php?doing_wp_cron=1749523311.0889189243316650390625 HTTP/1.1" 200 0 "-" "WordPress/6.8.1; https://reversevillain.com"
20.171.207.117 - - [09/Jun/2025:22:41:49 -0400] "GET /trl/items913498363.htm HTTP/1.1" 301 0 "-" "Mozilla/5.0 AppleWebKit/537.36 (KHTML, like Gecko; compatible; GPTBot/1.2; +https://openai.com/gptbot)"
162.0.232.193 - - [09/Jun/2025:22:41:51 -0400] "POST /wp-admin/admin-ajax.php?action=async_litespeed&nonce=H4pkEicxIqCpsFfim7SPAlgsiBJuJZyY&litespeed_type=imgoptm HTTP/1.1" 200 5 "-" "WordPress/6.8.1; https://reversevillain.com"
20.171.207.117 - - [09/Jun/2025:22:41:51 -0400] "GET / HTTP/1.1" 200 9389 "-" "Mozilla/5.0 AppleWebKit/537.36 (KHTML, like Gecko; compatible; GPTBot/1.2; +https://openai.com/gptbot)"
20.171.207.117 - - [09/Jun/2025:22:41:53 -0400] "GET /ffd/items104455289.htm HTTP/1.1" 301 0 "-" "Mozilla/5.0 AppleWebKit/537.36 (KHTML, like Gecko; compatible; GPTBot/1.2; +https://openai.com/gptbot)"
20.171.207.117 - - [09/Jun/2025:22:41:54 -0400] "GET / HTTP/1.1" 200 9389 "-" "Mozilla/5.0 AppleWebKit/537.36 (KHTML, like Gecko; compatible; GPTBot/1.2; +https://openai.com/gptbot)"
2001:41d0:303:8697::1 - - [09/Jun/2025:22:41:55 -0400] "GET /megami-no-cafe-terrace-chapter-129/feed/ HTTP/1.1" 301 0 "-" "Mozilla/5.0 (compatible; MJ12bot/v1.4.8; http://mj12bot.com/)"
34.147.118.130 - - [09/Jun/2025:22:41:55 -0400] "GET /reverse-villain-chapter-88 HTTP/1.1" 301 0 "-" "Mozilla/5.0 (Macintosh; Intel Mac OS X 10_15_6) AppleWebKit/605.1.15 (KHTML, like Gecko)  5.122092"
34.12.77.209 - - [09/Jun/2025:22:41:55 -0400] "GET /reverse-villain-chapter-95 HTTP/1.1" 301 0 "-" "Mozilla/5.0 (Macintosh; Intel Mac OS X 10_15_7) AppleWebKit/537.36 (KHTML, like Gecko) Chrome/131.0.0.0 Safari/537.36"
34.12.77.209 - - [09/Jun/2025:22:41:55 -0400] "GET /reverse-villain-chapter-18 HTTP/1.1" 301 0 "-" "Mozilla/5.0 (Windows NT 14.0) AppleWebKit/537.36 (KHTML, like Gecko) Chrome/136.0.7103.114 Safari/537.36"
34.90.69.181 - - [09/Jun/2025:22:41:56 -0400] "GET /reverse-villain-chapter-56 HTTP/1.1" 301 0 "-" "Mozilla/5.0 (Macintosh; Intel Mac OS X 10_15_7) AppleWebKit/537.36 (KHTML, like Gecko) Chrome/134.0.0.0 YaBrowser/25.4.0.0 Safari/537.36"
34.13.206.113 - - [09/Jun/2025:22:41:56 -0400] "GET /reverse-villain-chapter-50 HTTP/1.1" 301 0 "-" "The Roku Channel/13.10.5 (Roku 14.5.4; en_US; 32S331; Build/5944)"
34.12.77.209 - - [09/Jun/2025:22:41:56 -0400] "GET /reverse-villain-chapter-105 HTTP/1.1" 301 0 "-" "Mozilla/5.0 (Windows NT 10.0; Win64; x64) AppleWebKit/537.36 (KHTML, like Gecko) Chrome/133.0.0.0 Safari/537.36 OPR/118.0.0.0 (Edition std-1)"
34.13.195.153 - - [09/Jun/2025:22:41:56 -0400] "GET /reverse-villain-chapter-23 HTTP/1.1" 301 0 "-" "Mozilla/5.0 (Windows NT 10.0; Win64; x64) AppleWebKit/537.36 (KHTML, like Gecko) Chrome/134.0.0.0 Safari/537.36 OPR/119.0.0.0"
34.13.206.113 - - [09/Jun/2025:22:41:56 -0400] "GET /reverse-villain-chapter-87 HTTP/1.1" 301 0 "-" "Mozilla/5.0 (X11; Linux armv7l) AppleWebKit/537.36 (KHTML, like Gecko) Chrome/90.0.4430.225 Safari/537.36 CrKey/1.56.500000"
34.147.118.130 - - [09/Jun/2025:22:41:56 -0400] "GET /reverse-villain-chapter-11 HTTP/1.1" 301 0 "-" "Mozilla/5.0 (Windows NT 10.0; Win64; x64; rv:86.0) Gecko/20100101 Firefox/78.4"
34.90.69.181 - - [09/Jun/2025:22:41:56 -0400] "GET /reverse-villain-chapter-56/ HTTP/1.1" 200 9946 "-" "Mozilla/5.0 (Macintosh; Intel Mac OS X 10_15_7) AppleWebKit/537.36 (KHTML, like Gecko) Chrome/134.0.0.0 YaBrowser/25.4.0.0 Safari/537.36"
34.12.77.209 - - [09/Jun/2025:22:41:56 -0400] "GET /reverse-villain-chapter-95/ HTTP/1.1" 200 9996 "-" "Mozilla/5.0 (Macintosh; Intel Mac OS X 10_15_7) AppleWebKit/537.36 (KHTML, like Gecko) Chrome/131.0.0.0 Safari/537.36"
34.147.118.130 - - [09/Jun/2025:22:41:56 -0400] "GET /reverse-villain-chapter-88/ HTTP/1.1" 200 9946 "-" "Mozilla/5.0 (Macintosh; Intel Mac OS X 10_15_6) AppleWebKit/605.1.15 (KHTML, like Gecko)  5.122092"
20.171.207.117 - - [09/Jun/2025:22:41:57 -0400] "GET /eq/detail104423062.htm HTTP/1.1" 301 0 "-" "Mozilla/5.0 AppleWebKit/537.36 (KHTML, like Gecko; compatible; GPTBot/1.2; +https://openai.com/gptbot)"
34.12.77.209 - - [09/Jun/2025:22:41:56 -0400] "GET /reverse-villain-chapter-18/ HTTP/1.1" 200 9942 "-" "Mozilla/5.0 (Windows NT 14.0) AppleWebKit/537.36 (KHTML, like Gecko) Chrome/136.0.7103.114 Safari/537.36"
34.13.206.113 - - [09/Jun/2025:22:41:57 -0400] "GET /reverse-villain-chapter-50/ HTTP/1.1" 200 9945 "-" "The Roku Channel/13.10.5 (Roku 14.5.4; en_US; 32S331; Build/5944)"
34.13.195.153 - - [09/Jun/2025:22:41:57 -0400] "GET /reverse-villain-chapter-23/ HTTP/1.1" 200 9948 "-" "Mozilla/5.0 (Windows NT 10.0; Win64; x64) AppleWebKit/537.36 (KHTML, like Gecko) Chrome/134.0.0.0 Safari/537.36 OPR/119.0.0.0"
34.13.206.113 - - [09/Jun/2025:22:41:57 -0400] "GET /reverse-villain-chapter-87/ HTTP/1.1" 200 9946 "-" "Mozilla/5.0 (X11; Linux armv7l) AppleWebKit/537.36 (KHTML, like Gecko) Chrome/90.0.4430.225 Safari/537.36 CrKey/1.56.500000"
34.12.77.209 - - [09/Jun/2025:22:41:57 -0400] "GET /reverse-villain-chapter-105/ HTTP/1.1" 200 9963 "-" "Mozilla/5.0 (Windows NT 10.0; Win64; x64) AppleWebKit/537.36 (KHTML, like Gecko) Chrome/133.0.0.0 Safari/537.36 OPR/118.0.0.0 (Edition std-1)"
34.147.118.130 - - [09/Jun/2025:22:41:57 -0400] "GET /reverse-villain-chapter-11/ HTTP/1.1" 200 9937 "-" "Mozilla/5.0 (Windows NT 10.0; Win64; x64; rv:86.0) Gecko/20100101 Firefox/78.4"
20.171.207.117 - - [09/Jun/2025:22:41:58 -0400] "GET / HTTP/1.1" 200 9389 "-" "Mozilla/5.0 AppleWebKit/537.36 (KHTML, like Gecko; compatible; GPTBot/1.2; +https://openai.com/gptbot)"
20.171.207.117 - - [09/Jun/2025:22:42:00 -0400] "GET /ipc/items189592366.htm HTTP/1.1" 301 0 "-" "Mozilla/5.0 AppleWebKit/537.36 (KHTML, like Gecko; compatible; GPTBot/1.2; +https://openai.com/gptbot)"
20.171.207.117 - - [09/Jun/2025:22:42:00 -0400] "GET / HTTP/1.1" 200 9389 "-" "Mozilla/5.0 AppleWebKit/537.36 (KHTML, like Gecko; compatible; GPTBot/1.2; +https://openai.com/gptbot)"
20.171.207.117 - - [09/Jun/2025:22:42:03 -0400] "GET /v/product104205401.htm HTTP/1.1" 301 0 "-" "Mozilla/5.0 AppleWebKit/537.36 (KHTML, like Gecko; compatible; GPTBot/1.2; +https://openai.com/gptbot)"
20.171.207.117 - - [09/Jun/2025:22:42:03 -0400] "GET / HTTP/1.1" 200 9389 "-" "Mozilla/5.0 AppleWebKit/537.36 (KHTML, like Gecko; compatible; GPTBot/1.2; +https://openai.com/gptbot)"
47.128.16.142 - - [09/Jun/2025:22:42:05 -0400] "GET /good-luck-hero-chapter-69/ HTTP/1.1" 301 0 "-" "Mozilla/5.0 (Linux; Android 5.0) AppleWebKit/537.36 (KHTML, like Gecko) Mobile Safari/537.36 (compatible; TikTokSpider; [email protected])"
20.171.207.117 - - [09/Jun/2025:22:42:05 -0400] "GET /dr/product254293563.htm HTTP/1.1" 301 0 "-" "Mozilla/5.0 AppleWebKit/537.36 (KHTML, like Gecko; compatible; GPTBot/1.2; +https://openai.com/gptbot)"
20.171.207.117 - - [09/Jun/2025:22:42:05 -0400] "GET / HTTP/1.1" 200 9389 "-" "Mozilla/5.0 AppleWebKit/537.36 (KHTML, like Gecko; compatible; GPTBot/1.2; +https://openai.com/gptbot)"
47.128.16.142 - - [09/Jun/2025:22:42:06 -0400] "GET / HTTP/1.1" 200 9389 "-" "Mozilla/5.0 (Linux; Android 5.0) AppleWebKit/537.36 (KHTML, like Gecko) Mobile Safari/537.36 (compatible; TikTokSpider; [email protected])"
2001:41d0:303:8697::1 - - [09/Jun/2025:22:42:07 -0400] "GET / HTTP/1.1" 200 9389 "-" "Mozilla/5.0 (compatible; MJ12bot/v1.4.8; http://mj12bot.com/)"
20.171.207.117 - - [09/Jun/2025:22:42:07 -0400] "GET /ww/entity189448528.htm HTTP/1.1" 301 0 "-" "Mozilla/5.0 AppleWebKit/537.36 (KHTML, like Gecko; compatible; GPTBot/1.2; +https://openai.com/gptbot)"
20.171.207.117 - - [09/Jun/2025:22:42:08 -0400] "GET / HTTP/1.1" 200 9390 "-" "Mozilla/5.0 AppleWebKit/537.36 (KHTML, like Gecko; compatible; GPTBot/1.2; +https://openai.com/gptbot)"
20.171.207.117 - - [09/Jun/2025:22:42:09 -0400] "GET /s/product368148834.htm HTTP/1.1" 301 0 "-" "Mozilla/5.0 AppleWebKit/537.36 (KHTML, like Gecko; compatible; GPTBot/1.2; +https://openai.com/gptbot)"
20.171.207.117 - - [09/Jun/2025:22:42:10 -0400] "GET / HTTP/1.1" 200 9389 "-" "Mozilla/5.0 AppleWebKit/537.36 (KHTML, like Gecko; compatible; GPTBot/1.2; +https://openai.com/gptbot)"
20.171.207.117 - - [09/Jun/2025:22:42:11 -0400] "GET /ca/detail368280692.htm HTTP/1.1" 301 0 "-" "Mozilla/5.0 AppleWebKit/537.36 (KHTML, like Gecko; compatible; GPTBot/1.2; +https://openai.com/gptbot)"
20.171.207.117 - - [09/Jun/2025:22:42:11 -0400] "GET / HTTP/1.1" 200 9388 "-" "Mozilla/5.0 AppleWebKit/537.36 (KHTML, like Gecko; compatible; GPTBot/1.2; +https://openai.com/gptbot)"
2001:41d0:303:8697::1 - - [09/Jun/2025:22:42:12 -0400] "GET /megami-no-cafe-terrace-chapter-139/ HTTP/1.1" 301 0 "-" "Mozilla/5.0 (compatible; MJ12bot/v1.4.8; http://mj12bot.com/)"
20.171.207.117 - - [09/Jun/2025:22:42:13 -0400] "GET /qro/entity104224940.htm HTTP/1.1" 301 0 "-" "Mozilla/5.0 AppleWebKit/537.36 (KHTML, like Gecko; compatible; GPTBot/1.2; +https://openai.com/gptbot)"
20.171.207.117 - - [09/Jun/2025:22:42:13 -0400] "GET / HTTP/1.1" 200 9389 "-" "Mozilla/5.0 AppleWebKit/537.36 (KHTML, like Gecko; compatible; GPTBot/1.2; +https://openai.com/gptbot)"
20.171.207.117 - - [09/Jun/2025:22:42:14 -0400] "GET /olc/detail368264236.htm HTTP/1.1" 301 0 "-" "Mozilla/5.0 AppleWebKit/537.36 (KHTML, like Gecko; compatible; GPTBot/1.2; +https://openai.com/gptbot)"
20.171.207.117 - - [09/Jun/2025:22:42:15 -0400] "GET / HTTP/1.1" 200 9389 "-" "Mozilla/5.0 AppleWebKit/537.36 (KHTML, like Gecko; compatible; GPTBot/1.2; +https://openai.com/gptbot)"
20.171.207.117 - - [09/Jun/2025:22:42:16 -0400] "GET /mli/detail368007466.htm HTTP/1.1" 301 0 "-" "Mozilla/5.0 AppleWebKit/537.36 (KHTML, like Gecko; compatible; GPTBot/1.2; +https://openai.com/gptbot)"
20.171.207.117 - - [09/Jun/2025:22:42:16 -0400] "GET / HTTP/1.1" 200 9389 "-" "Mozilla/5.0 AppleWebKit/537.36 (KHTML, like Gecko; compatible; GPTBot/1.2; +https://openai.com/gptbot)"
20.171.207.117 - - [09/Jun/2025:22:42:17 -0400] "GET /ao/detail731551224.htm HTTP/1.1" 301 0 "-" "Mozilla/5.0 AppleWebKit/537.36 (KHTML, like Gecko; compatible; GPTBot/1.2; +https://openai.com/gptbot)"
20.171.207.117 - - [09/Jun/2025:22:42:17 -0400] "GET / HTTP/1.1" 200 9389 "-" "Mozilla/5.0 AppleWebKit/537.36 (KHTML, like Gecko; compatible; GPTBot/1.2; +https://openai.com/gptbot)"
20.171.207.117 - - [09/Jun/2025:22:42:18 -0400] "GET /cy/product368034886.htm HTTP/1.1" 301 0 "-" "Mozilla/5.0 AppleWebKit/537.36 (KHTML, like Gecko; compatible; GPTBot/1.2; +https://openai.com/gptbot)"
20.171.207.117 - - [09/Jun/2025:22:42:18 -0400] "GET / HTTP/1.1" 200 9389 "-" "Mozilla/5.0 AppleWebKit/537.36 (KHTML, like Gecko; compatible; GPTBot/1.2; +https://openai.com/gptbot)"
2001:41d0:303:8697::1 - - [09/Jun/2025:22:42:19 -0400] "GET / HTTP/1.1" 200 9389 "-" "Mozilla/5.0 (compatible; MJ12bot/v1.4.8; http://mj12bot.com/)"
20.171.207.117 - - [09/Jun/2025:22:42:19 -0400] "GET /d/product368131773.htm HTTP/1.1" 301 0 "-" "Mozilla/5.0 AppleWebKit/537.36 (KHTML, like Gecko; compatible; GPTBot/1.2; +https://openai.com/gptbot)"
20.171.207.117 - - [09/Jun/2025:22:42:19 -0400] "GET / HTTP/1.1" 200 9389 "-" "Mozilla/5.0 AppleWebKit/537.36 (KHTML, like Gecko; compatible; GPTBot/1.2; +https://openai.com/gptbot)"
20.171.207.117 - - [09/Jun/2025:22:42:20 -0400] "GET /c/product731487422.htm HTTP/1.1" 301 0 "-" "Mozilla/5.0 AppleWebKit/537.36 (KHTML, like Gecko; compatible; GPTBot/1.2; +https://openai.com/gptbot)"
20.171.207.117 - - [09/Jun/2025:22:42:21 -0400] "GET / HTTP/1.1" 200 9389 "-" "Mozilla/5.0 AppleWebKit/537.36 (KHTML, like Gecko; compatible; GPTBot/1.2; +https://openai.com/gptbot)"
20.171.207.117 - - [09/Jun/2025:22:42:21 -0400] "GET /ld/detail860406979.htm HTTP/1.1" 301 0 "-" "Mozilla/5.0 AppleWebKit/537.36 (KHTML, like Gecko; compatible; GPTBot/1.2; +https://openai.com/gptbot)"
20.171.207.117 - - [09/Jun/2025:22:42:22 -0400] "GET / HTTP/1.1" 200 9388 "-" "Mozilla/5.0 AppleWebKit/537.36 (KHTML, like Gecko; compatible; GPTBot/1.2; +https://openai.com/gptbot)"
20.171.207.117 - - [09/Jun/2025:22:42:23 -0400] "GET /uc/entity860389844.htm HTTP/1.1" 301 0 "-" "Mozilla/5.0 AppleWebKit/537.36 (KHTML, like Gecko; compatible; GPTBot/1.2; +https://openai.com/gptbot)"
20.171.207.117 - - [09/Jun/2025:22:42:23 -0400] "GET / HTTP/1.1" 200 9389 "-" "Mozilla/5.0 AppleWebKit/537.36 (KHTML, like Gecko; compatible; GPTBot/1.2; +https://openai.com/gptbot)"
2001:41d0:303:8697::1 - - [09/Jun/2025:22:42:24 -0400] "GET /megami-no-cafe-terrace-chapter-139/feed/ HTTP/1.1" 301 0 "-" "Mozilla/5.0 (compatible; MJ12bot/v1.4.8; http://mj12bot.com/)"
20.171.207.117 - - [09/Jun/2025:22:42:24 -0400] "GET /me/detail368167752.htm HTTP/1.1" 301 0 "-" "Mozilla/5.0 AppleWebKit/537.36 (KHTML, like Gecko; compatible; GPTBot/1.2; +https://openai.com/gptbot)"
20.171.207.117 - - [09/Jun/2025:22:42:24 -0400] "GET / HTTP/1.1" 200 9390 "-" "Mozilla/5.0 AppleWebKit/537.36 (KHTML, like Gecko; compatible; GPTBot/1.2; +https://openai.com/gptbot)"
20.171.207.117 - - [09/Jun/2025:22:42:25 -0400] "GET /ypo/items311910626.htm HTTP/1.1" 301 0 "-" "Mozilla/5.0 AppleWebKit/537.36 (KHTML, like Gecko; compatible; GPTBot/1.2; +https://openai.com/gptbot)"
20.171.207.117 - - [09/Jun/2025:22:42:25 -0400] "GET / HTTP/1.1" 200 9390 "-" "Mozilla/5.0 AppleWebKit/537.36 (KHTML, like Gecko; compatible; GPTBot/1.2; +https://openai.com/gptbot)"
20.171.207.117 - - [09/Jun/2025:22:42:26 -0400] "GET /jf/entity253975909.htm HTTP/1.1" 301 0 "-" "Mozilla/5.0 AppleWebKit/537.36 (KHTML, like Gecko; compatible; GPTBot/1.2; +https://openai.com/gptbot)"
20.171.207.117 - - [09/Jun/2025:22:42:26 -0400] "GET / HTTP/1.1" 200 9389 "-" "Mozilla/5.0 AppleWebKit/537.36 (KHTML, like Gecko; compatible; GPTBot/1.2; +https://openai.com/gptbot)"
20.171.207.117 - - [09/Jun/2025:22:42:27 -0400] "GET /jp/product368134483.htm HTTP/1.1" 301 0 "-" "Mozilla/5.0 AppleWebKit/537.36 (KHTML, like Gecko; compatible; GPTBot/1.2; +https://openai.com/gptbot)"
20.171.207.117 - - [09/Jun/2025:22:42:28 -0400] "GET / HTTP/1.1" 200 9389 "-" "Mozilla/5.0 AppleWebKit/537.36 (KHTML, like Gecko; compatible; GPTBot/1.2; +https://openai.com/gptbot)"
162.0.232.193 - - [09/Jun/2025:22:42:29 -0400] "POST /wp-cron.php?doing_wp_cron=1749523349.1221671104431152343750 HTTP/1.1" 200 0 "-" "WordPress/6.8.1; https://reversevillain.com"
20.171.207.117 - - [09/Jun/2025:22:42:28 -0400] "GET /hl/entity104414139.htm HTTP/1.1" 301 0 "-" "Mozilla/5.0 AppleWebKit/537.36 (KHTML, like Gecko; compatible; GPTBot/1.2; +https://openai.com/gptbot)"
20.171.207.117 - - [09/Jun/2025:22:42:29 -0400] "GET / HTTP/1.1" 200 9389 "-" "Mozilla/5.0 AppleWebKit/537.36 (KHTML, like Gecko; compatible; GPTBot/1.2; +https://openai.com/gptbot)"
20.171.207.117 - - [09/Jun/2025:22:42:29 -0400] "GET /oq/entity104299432.htm HTTP/1.1" 301 0 "-" "Mozilla/5.0 AppleWebKit/537.36 (KHTML, like Gecko; compatible; GPTBot/1.2; +https://openai.com/gptbot)"
20.171.207.117 - - [09/Jun/2025:22:42:30 -0400] "GET / HTTP/1.1" 200 9389 "-" "Mozilla/5.0 AppleWebKit/537.36 (KHTML, like Gecko; compatible; GPTBot/1.2; +https://openai.com/gptbot)"
20.171.207.117 - - [09/Jun/2025:22:42:31 -0400] "GET /om/detail311970372.htm HTTP/1.1" 301 0 "-" "Mozilla/5.0 AppleWebKit/537.36 (KHTML, like Gecko; compatible; GPTBot/1.2; +https://openai.com/gptbot)"
20.171.207.117 - - [09/Jun/2025:22:42:31 -0400] "GET / HTTP/1.1" 200 9389 "-" "Mozilla/5.0 AppleWebKit/537.36 (KHTML, like Gecko; compatible; GPTBot/1.2; +https://openai.com/gptbot)"
2001:41d0:303:8697::1 - - [09/Jun/2025:22:42:31 -0400] "GET / HTTP/1.1" 200 9389 "-" "Mozilla/5.0 (compatible; MJ12bot/v1.4.8; http://mj12bot.com/)"
20.171.207.117 - - [09/Jun/2025:22:42:32 -0400] "GET /sg/entity368255998.htm HTTP/1.1" 301 0 "-" "Mozilla/5.0 AppleWebKit/537.36 (KHTML, like Gecko; compatible; GPTBot/1.2; +https://openai.com/gptbot)"
20.171.207.117 - - [09/Jun/2025:22:42:32 -0400] "GET / HTTP/1.1" 200 9390 "-" "Mozilla/5.0 AppleWebKit/537.36 (KHTML, like Gecko; compatible; GPTBot/1.2; +https://openai.com/gptbot)"
20.171.207.117 - - [09/Jun/2025:22:42:33 -0400] "GET /h/product368112525.htm HTTP/1.1" 301 0 "-" "Mozilla/5.0 AppleWebKit/537.36 (KHTML, like Gecko; compatible; GPTBot/1.2; +https://openai.com/gptbot)"
20.171.207.117 - - [09/Jun/2025:22:42:33 -0400] "GET / HTTP/1.1" 200 9389 "-" "Mozilla/5.0 AppleWebKit/537.36 (KHTML, like Gecko; compatible; GPTBot/1.2; +https://openai.com/gptbot)"
20.171.207.117 - - [09/Jun/2025:22:42:34 -0400] "GET /mq/entity860600276.htm HTTP/1.1" 301 0 "-" "Mozilla/5.0 AppleWebKit/537.36 (KHTML, like Gecko; compatible; GPTBot/1.2; +https://openai.com/gptbot)"
20.171.207.117 - - [09/Jun/2025:22:42:35 -0400] "GET / HTTP/1.1" 200 9390 "-" "Mozilla/5.0 AppleWebKit/537.36 (KHTML, like Gecko; compatible; GPTBot/1.2; +https://openai.com/gptbot)"
20.171.207.117 - - [09/Jun/2025:22:42:35 -0400] "GET /yy/entity104409654.htm HTTP/1.1" 301 0 "-" "Mozilla/5.0 AppleWebKit/537.36 (KHTML, like Gecko; compatible; GPTBot/1.2; +https://openai.com/gptbot)"
20.171.207.117 - - [09/Jun/2025:22:42:36 -0400] "GET / HTTP/1.1" 200 9389 "-" "Mozilla/5.0 AppleWebKit/537.36 (KHTML, like Gecko; compatible; GPTBot/1.2; +https://openai.com/gptbot)"
20.171.207.117 - - [09/Jun/2025:22:42:36 -0400] "GET /r/product253936453.htm HTTP/1.1" 301 0 "-" "Mozilla/5.0 AppleWebKit/537.36 (KHTML, like Gecko; compatible; GPTBot/1.2; +https://openai.com/gptbot)"
20.171.207.117 - - [09/Jun/2025:22:42:37 -0400] "GET / HTTP/1.1" 200 9391 "-" "Mozilla/5.0 AppleWebKit/537.36 (KHTML, like Gecko; compatible; GPTBot/1.2; +https://openai.com/gptbot)"
