20.171.207.241 - - [12/Jun/2025:11:09:33 -0400] "GET /k/products/590692214.htm HTTP/1.1" 301 0 "-" "Mozilla/5.0 AppleWebKit/537.36 (KHTML, like Gecko; compatible; GPTBot/1.2; +https://openai.com/gptbot)"
216.73.216.72 - - [12/Jun/2025:11:09:33 -0400] "GET /c/1229733370.htm HTTP/1.1" 301 0 "-" "Mozilla/5.0 AppleWebKit/537.36 (KHTML, like Gecko; compatible; ClaudeBot/1.0; [email protected])"
66.249.66.15 - - [12/Jun/2025:11:09:33 -0400] "GET /ku26161532.htm HTTP/1.1" 200 37864 "-" "Mozilla/5.0 (Linux; Android 6.0.1; Nexus 5X Build/MMB29P) AppleWebKit/537.36 (KHTML, like Gecko) Chrome/136.0.7103.113 Mobile Safari/537.36 (compatible; Googlebot/2.1; +http://www.google.com/bot.html)"
20.171.207.241 - - [12/Jun/2025:11:09:33 -0400] "GET / HTTP/1.1" 200 9389 "-" "Mozilla/5.0 AppleWebKit/537.36 (KHTML, like Gecko; compatible; GPTBot/1.2; +https://openai.com/gptbot)"
66.249.66.169 - - [12/Jun/2025:11:09:34 -0400] "GET /wc/incalculability/items26753638.htm HTTP/1.1" 200 39643 "-" "Mozilla/5.0 (Linux; Android 6.0.1; Nexus 5X Build/MMB29P) AppleWebKit/537.36 (KHTML, like Gecko) Chrome/136.0.7103.113 Mobile Safari/537.36 (compatible; Googlebot/2.1; +http://www.google.com/bot.html)"
20.171.207.241 - - [12/Jun/2025:11:09:35 -0400] "GET /q/products/899712184.htm HTTP/1.1" 301 0 "-" "Mozilla/5.0 AppleWebKit/537.36 (KHTML, like Gecko; compatible; GPTBot/1.2; +https://openai.com/gptbot)"
20.171.207.241 - - [12/Jun/2025:11:09:36 -0400] "GET / HTTP/1.1" 200 9389 "-" "Mozilla/5.0 AppleWebKit/537.36 (KHTML, like Gecko; compatible; GPTBot/1.2; +https://openai.com/gptbot)"
216.73.216.72 - - [12/Jun/2025:11:09:36 -0400] "GET /aes/1229582684.htm HTTP/1.1" 301 0 "-" "Mozilla/5.0 AppleWebKit/537.36 (KHTML, like Gecko; compatible; ClaudeBot/1.0; [email protected])"
20.171.207.241 - - [12/Jun/2025:11:09:37 -0400] "GET /h/products/710993459.htm HTTP/1.1" 301 0 "-" "Mozilla/5.0 AppleWebKit/537.36 (KHTML, like Gecko; compatible; GPTBot/1.2; +https://openai.com/gptbot)"
20.171.207.241 - - [12/Jun/2025:11:09:38 -0400] "GET / HTTP/1.1" 200 9389 "-" "Mozilla/5.0 AppleWebKit/537.36 (KHTML, like Gecko; compatible; GPTBot/1.2; +https://openai.com/gptbot)"
216.73.216.72 - - [12/Jun/2025:11:09:39 -0400] "GET /i/sandari/entity1227876164.htm HTTP/1.1" 301 0 "-" "Mozilla/5.0 AppleWebKit/537.36 (KHTML, like Gecko; compatible; ClaudeBot/1.0; [email protected])"
20.171.207.241 - - [12/Jun/2025:11:09:39 -0400] "GET /y/products/171443696.htm HTTP/1.1" 301 0 "-" "Mozilla/5.0 AppleWebKit/537.36 (KHTML, like Gecko; compatible; GPTBot/1.2; +https://openai.com/gptbot)"
20.171.207.241 - - [12/Jun/2025:11:09:40 -0400] "GET / HTTP/1.1" 200 9388 "-" "Mozilla/5.0 AppleWebKit/537.36 (KHTML, like Gecko; compatible; GPTBot/1.2; +https://openai.com/gptbot)"
18.97.14.88 - - [12/Jun/2025:11:09:41 -0400] "GET /o/blotting/goods/976073218.htm HTTP/1.1" 301 0 "-" "CCBot/2.0 (https://commoncrawl.org/faq/)"
216.73.216.72 - - [12/Jun/2025:11:09:42 -0400] "GET /i1229617986.htm HTTP/1.1" 301 0 "-" "Mozilla/5.0 AppleWebKit/537.36 (KHTML, like Gecko; compatible; ClaudeBot/1.0; [email protected])"
47.79.123.148 - - [12/Jun/2025:11:09:43 -0400] "GET /wp-includes/js/jquery/ui/effect-highlight.min.js HTTP/1.1" 200 355 "https://reversevillain.com/wp-includes/js/jquery/ui/effect-highlight.min.js" "Mozilla/5.0 (Windows NT 10.0; Win64; x64) AppleWebKit/537.36 (KHTML, like Gecko) Chrome/114.0.0.0 Safari/537.36 Edg/114.0.1823.43"
20.171.207.241 - - [12/Jun/2025:11:09:42 -0400] "GET /e/products/867627592.htm HTTP/1.1" 301 0 "-" "Mozilla/5.0 AppleWebKit/537.36 (KHTML, like Gecko; compatible; GPTBot/1.2; +https://openai.com/gptbot)"
20.171.207.241 - - [12/Jun/2025:11:09:43 -0400] "GET / HTTP/1.1" 200 9389 "-" "Mozilla/5.0 AppleWebKit/537.36 (KHTML, like Gecko; compatible; GPTBot/1.2; +https://openai.com/gptbot)"
47.79.123.158 - - [12/Jun/2025:11:09:44 -0400] "GET /wp-includes/js/jquery/ui/effect-bounce.min.js HTTP/1.1" 200 548 "https://reversevillain.com/wp-includes/js/jquery/ui/effect-bounce.min.js" "Mozilla/5.0 (Windows NT 10.0; Win64; x64) AppleWebKit/537.36 (KHTML, like Gecko) Chrome/114.0.0.0 Safari/537.36 Edg/114.0.1823.43"
216.73.216.72 - - [12/Jun/2025:11:09:45 -0400] "GET /m1229587856.htm HTTP/1.1" 301 0 "-" "Mozilla/5.0 AppleWebKit/537.36 (KHTML, like Gecko; compatible; ClaudeBot/1.0; [email protected])"
20.171.207.241 - - [12/Jun/2025:11:09:45 -0400] "GET /j/products/849079025.htm HTTP/1.1" 301 0 "-" "Mozilla/5.0 AppleWebKit/537.36 (KHTML, like Gecko; compatible; GPTBot/1.2; +https://openai.com/gptbot)"
20.171.207.241 - - [12/Jun/2025:11:09:46 -0400] "GET / HTTP/1.1" 200 9389 "-" "Mozilla/5.0 AppleWebKit/537.36 (KHTML, like Gecko; compatible; GPTBot/1.2; +https://openai.com/gptbot)"
20.171.207.241 - - [12/Jun/2025:11:09:48 -0400] "GET /c/products/848873096.htm HTTP/1.1" 301 0 "-" "Mozilla/5.0 AppleWebKit/537.36 (KHTML, like Gecko; compatible; GPTBot/1.2; +https://openai.com/gptbot)"
20.171.207.241 - - [12/Jun/2025:11:09:49 -0400] "GET / HTTP/1.1" 200 9389 "-" "Mozilla/5.0 AppleWebKit/537.36 (KHTML, like Gecko; compatible; GPTBot/1.2; +https://openai.com/gptbot)"
20.171.207.241 - - [12/Jun/2025:11:09:51 -0400] "GET /u/products/517828250.htm HTTP/1.1" 301 0 "-" "Mozilla/5.0 AppleWebKit/537.36 (KHTML, like Gecko; compatible; GPTBot/1.2; +https://openai.com/gptbot)"
20.171.207.241 - - [12/Jun/2025:11:09:52 -0400] "GET / HTTP/1.1" 200 9389 "-" "Mozilla/5.0 AppleWebKit/537.36 (KHTML, like Gecko; compatible; GPTBot/1.2; +https://openai.com/gptbot)"
216.73.216.72 - - [12/Jun/2025:11:09:52 -0400] "GET /cm/items1221504894.htm HTTP/1.1" 301 0 "-" "Mozilla/5.0 AppleWebKit/537.36 (KHTML, like Gecko; compatible; ClaudeBot/1.0; [email protected])"
20.171.207.241 - - [12/Jun/2025:11:09:54 -0400] "GET /e/products/841586566.htm HTTP/1.1" 301 0 "-" "Mozilla/5.0 AppleWebKit/537.36 (KHTML, like Gecko; compatible; GPTBot/1.2; +https://openai.com/gptbot)"
216.73.216.72 - - [12/Jun/2025:11:09:55 -0400] "GET /r/1221532653.htm HTTP/1.1" 301 0 "-" "Mozilla/5.0 AppleWebKit/537.36 (KHTML, like Gecko; compatible; ClaudeBot/1.0; [email protected])"
20.171.207.241 - - [12/Jun/2025:11:09:55 -0400] "GET / HTTP/1.1" 200 9389 "-" "Mozilla/5.0 AppleWebKit/537.36 (KHTML, like Gecko; compatible; GPTBot/1.2; +https://openai.com/gptbot)"
20.171.207.241 - - [12/Jun/2025:11:09:57 -0400] "GET /n/products/841557709.htm HTTP/1.1" 301 0 "-" "Mozilla/5.0 AppleWebKit/537.36 (KHTML, like Gecko; compatible; GPTBot/1.2; +https://openai.com/gptbot)"
216.73.216.72 - - [12/Jun/2025:11:09:58 -0400] "GET /x/1229549351.htm HTTP/1.1" 301 0 "-" "Mozilla/5.0 AppleWebKit/537.36 (KHTML, like Gecko; compatible; ClaudeBot/1.0; [email protected])"
20.171.207.241 - - [12/Jun/2025:11:09:58 -0400] "GET / HTTP/1.1" 200 9389 "-" "Mozilla/5.0 AppleWebKit/537.36 (KHTML, like Gecko; compatible; GPTBot/1.2; +https://openai.com/gptbot)"
20.171.207.241 - - [12/Jun/2025:11:10:00 -0400] "GET /v/products/881526381.htm HTTP/1.1" 301 0 "-" "Mozilla/5.0 AppleWebKit/537.36 (KHTML, like Gecko; compatible; GPTBot/1.2; +https://openai.com/gptbot)"
216.73.216.72 - - [12/Jun/2025:11:10:01 -0400] "GET /cm1221322972.htm HTTP/1.1" 301 0 "-" "Mozilla/5.0 AppleWebKit/537.36 (KHTML, like Gecko; compatible; ClaudeBot/1.0; [email protected])"
20.171.207.241 - - [12/Jun/2025:11:10:01 -0400] "GET / HTTP/1.1" 200 9388 "-" "Mozilla/5.0 AppleWebKit/537.36 (KHTML, like Gecko; compatible; GPTBot/1.2; +https://openai.com/gptbot)"
216.73.216.72 - - [12/Jun/2025:11:10:05 -0400] "GET /ren/1229493759.htm HTTP/1.1" 301 0 "-" "Mozilla/5.0 AppleWebKit/537.36 (KHTML, like Gecko; compatible; ClaudeBot/1.0; [email protected])"
20.171.207.241 - - [12/Jun/2025:11:10:04 -0400] "GET /h/products/117439553.htm HTTP/1.1" 301 0 "-" "Mozilla/5.0 AppleWebKit/537.36 (KHTML, like Gecko; compatible; GPTBot/1.2; +https://openai.com/gptbot)"
20.171.207.241 - - [12/Jun/2025:11:10:11 -0400] "GET / HTTP/1.1" 200 9388 "-" "Mozilla/5.0 AppleWebKit/537.36 (KHTML, like Gecko; compatible; GPTBot/1.2; +https://openai.com/gptbot)"
216.73.216.72 - - [12/Jun/2025:11:10:11 -0400] "GET /my1228059506.htm HTTP/1.1" 301 0 "-" "Mozilla/5.0 AppleWebKit/537.36 (KHTML, like Gecko; compatible; ClaudeBot/1.0; [email protected])"
216.73.216.72 - - [12/Jun/2025:11:10:14 -0400] "GET /thr1228190357.htm HTTP/1.1" 301 0 "-" "Mozilla/5.0 AppleWebKit/537.36 (KHTML, like Gecko; compatible; ClaudeBot/1.0; [email protected])"
20.171.207.241 - - [12/Jun/2025:11:10:14 -0400] "GET /k/products/195973018.htm HTTP/1.1" 301 0 "-" "Mozilla/5.0 AppleWebKit/537.36 (KHTML, like Gecko; compatible; GPTBot/1.2; +https://openai.com/gptbot)"
216.73.216.72 - - [12/Jun/2025:11:10:17 -0400] "GET /q/moonshine/product1221617488.htm HTTP/1.1" 301 0 "-" "Mozilla/5.0 AppleWebKit/537.36 (KHTML, like Gecko; compatible; ClaudeBot/1.0; [email protected])"
20.171.207.241 - - [12/Jun/2025:11:10:17 -0400] "GET / HTTP/1.1" 200 9388 "-" "Mozilla/5.0 AppleWebKit/537.36 (KHTML, like Gecko; compatible; GPTBot/1.2; +https://openai.com/gptbot)"
216.73.216.72 - - [12/Jun/2025:11:10:20 -0400] "GET /i1221325682.htm HTTP/1.1" 301 0 "-" "Mozilla/5.0 AppleWebKit/537.36 (KHTML, like Gecko; compatible; ClaudeBot/1.0; [email protected])"
18.97.14.88 - - [12/Jun/2025:11:10:20 -0400] "GET /xmf/item/760305239.htm HTTP/1.1" 301 0 "-" "CCBot/2.0 (https://commoncrawl.org/faq/)"
216.73.216.72 - - [12/Jun/2025:11:10:23 -0400] "GET /k/1228015904.htm HTTP/1.1" 301 0 "-" "Mozilla/5.0 AppleWebKit/537.36 (KHTML, like Gecko; compatible; ClaudeBot/1.0; [email protected])"
20.171.207.241 - - [12/Jun/2025:11:10:24 -0400] "GET /h/products/498139293.htm HTTP/1.1" 301 0 "-" "Mozilla/5.0 AppleWebKit/537.36 (KHTML, like Gecko; compatible; GPTBot/1.2; +https://openai.com/gptbot)"
20.171.207.241 - - [12/Jun/2025:11:10:25 -0400] "GET / HTTP/1.1" 200 9388 "-" "Mozilla/5.0 AppleWebKit/537.36 (KHTML, like Gecko; compatible; GPTBot/1.2; +https://openai.com/gptbot)"
216.73.216.72 - - [12/Jun/2025:11:10:25 -0400] "GET /ik/info/1229831210.htm HTTP/1.1" 301 0 "-" "Mozilla/5.0 AppleWebKit/537.36 (KHTML, like Gecko; compatible; ClaudeBot/1.0; [email protected])"
162.0.232.193 - - [12/Jun/2025:11:10:30 -0400] "POST /wp-cron.php?doing_wp_cron=1749741030.3072640895843505859375 HTTP/1.1" 200 0 "-" "WordPress/6.8.1; https://reversevillain.com"
162.0.232.193 - - [12/Jun/2025:11:10:30 -0400] "POST /wp-cron.php?doing_wp_cron=1749741030.3045070171356201171875 HTTP/1.1" 200 0 "-" "WordPress/6.8.1; https://reversevillain.com"
216.244.66.242 - - [12/Jun/2025:11:10:29 -0400] "GET /double-click-chapter-102/ HTTP/1.1" 301 0 "-" "Mozilla/5.0 (compatible; DotBot/1.2; +https://opensiteexplorer.org/dotbot; [email protected])"
216.73.216.72 - - [12/Jun/2025:11:10:29 -0400] "GET /hl1221378975.htm HTTP/1.1" 301 0 "-" "Mozilla/5.0 AppleWebKit/537.36 (KHTML, like Gecko; compatible; ClaudeBot/1.0; [email protected])"
162.0.232.193 - - [12/Jun/2025:11:10:32 -0400] "POST /wp-admin/admin-ajax.php?action=async_litespeed&nonce=zBWfDYQz8OpbEwfQ3aLM1fEfyFGTrFiE&litespeed_type=imgoptm HTTP/1.1" 200 0 "-" "WordPress/6.8.1; https://reversevillain.com"
162.0.232.193 - - [12/Jun/2025:11:10:34 -0400] "POST /wp-cron.php?doing_wp_cron=1749741033.6662709712982177734375 HTTP/1.1" 200 0 "-" "WordPress/6.8.1; https://reversevillain.com"
20.171.207.241 - - [12/Jun/2025:11:10:32 -0400] "GET /z/products/841723175.htm HTTP/1.1" 301 0 "-" "Mozilla/5.0 AppleWebKit/537.36 (KHTML, like Gecko; compatible; GPTBot/1.2; +https://openai.com/gptbot)"
216.73.216.72 - - [12/Jun/2025:11:10:34 -0400] "GET /r/1229717857.htm HTTP/1.1" 301 0 "-" "Mozilla/5.0 AppleWebKit/537.36 (KHTML, like Gecko; compatible; ClaudeBot/1.0; [email protected])"
20.171.207.241 - - [12/Jun/2025:11:10:35 -0400] "GET / HTTP/1.1" 200 9388 "-" "Mozilla/5.0 AppleWebKit/537.36 (KHTML, like Gecko; compatible; GPTBot/1.2; +https://openai.com/gptbot)"
216.73.216.72 - - [12/Jun/2025:11:10:37 -0400] "GET /ceq/1229540510.htm HTTP/1.1" 301 0 "-" "Mozilla/5.0 AppleWebKit/537.36 (KHTML, like Gecko; compatible; ClaudeBot/1.0; [email protected])"
216.244.66.242 - - [12/Jun/2025:11:10:38 -0400] "GET /douluo-dalu-group-2-chapter-337/ HTTP/1.1" 301 0 "-" "Mozilla/5.0 (compatible; DotBot/1.2; +https://opensiteexplorer.org/dotbot; [email protected])"
216.73.216.72 - - [12/Jun/2025:11:10:40 -0400] "GET /p/1229577861.htm HTTP/1.1" 301 0 "-" "Mozilla/5.0 AppleWebKit/537.36 (KHTML, like Gecko; compatible; ClaudeBot/1.0; [email protected])"
20.171.207.241 - - [12/Jun/2025:11:10:40 -0400] "GET /y/products/867294644.htm HTTP/1.1" 301 0 "-" "Mozilla/5.0 AppleWebKit/537.36 (KHTML, like Gecko; compatible; GPTBot/1.2; +https://openai.com/gptbot)"
20.171.207.241 - - [12/Jun/2025:11:10:41 -0400] "GET / HTTP/1.1" 200 9388 "-" "Mozilla/5.0 AppleWebKit/537.36 (KHTML, like Gecko; compatible; GPTBot/1.2; +https://openai.com/gptbot)"
216.73.216.72 - - [12/Jun/2025:11:10:43 -0400] "GET /gck/1229596092.htm HTTP/1.1" 301 0 "-" "Mozilla/5.0 AppleWebKit/537.36 (KHTML, like Gecko; compatible; ClaudeBot/1.0; [email protected])"
216.244.66.242 - - [12/Jun/2025:11:10:45 -0400] "GET /dungeons-artifacts-chapter-113/ HTTP/1.1" 301 0 "-" "Mozilla/5.0 (compatible; DotBot/1.2; +https://opensiteexplorer.org/dotbot; [email protected])"
216.73.216.72 - - [12/Jun/2025:11:10:46 -0400] "GET /lr/experient/detail1221466107.htm HTTP/1.1" 301 0 "-" "Mozilla/5.0 AppleWebKit/537.36 (KHTML, like Gecko; compatible; ClaudeBot/1.0; [email protected])"
20.171.207.241 - - [12/Jun/2025:11:10:47 -0400] "GET /p/products/391496525.htm HTTP/1.1" 301 0 "-" "Mozilla/5.0 AppleWebKit/537.36 (KHTML, like Gecko; compatible; GPTBot/1.2; +https://openai.com/gptbot)"
216.73.216.72 - - [12/Jun/2025:11:10:49 -0400] "GET /c/caecias/entity1229711742.htm HTTP/1.1" 301 0 "-" "Mozilla/5.0 AppleWebKit/537.36 (KHTML, like Gecko; compatible; ClaudeBot/1.0; [email protected])"
162.0.232.193 - - [12/Jun/2025:11:10:50 -0400] "POST /wp-cron.php?doing_wp_cron=1749741050.0125899314880371093750 HTTP/1.1" 200 0 "-" "WordPress/6.8.1; https://reversevillain.com"
20.171.207.241 - - [12/Jun/2025:11:10:49 -0400] "GET / HTTP/1.1" 200 9388 "-" "Mozilla/5.0 AppleWebKit/537.36 (KHTML, like Gecko; compatible; GPTBot/1.2; +https://openai.com/gptbot)"
162.0.232.193 - - [12/Jun/2025:11:10:51 -0400] "POST /wp-admin/admin-ajax.php?action=async_litespeed&nonce=VReVY9jvll6fOZIaJBNNrSDCRdxASWnY&litespeed_type=imgoptm HTTP/1.1" 200 5 "-" "WordPress/6.8.1; https://reversevillain.com"
216.244.66.242 - - [12/Jun/2025:11:10:51 -0400] "GET /one-piece-chapter-1099/ HTTP/1.1" 301 0 "-" "Mozilla/5.0 (compatible; DotBot/1.2; +https://opensiteexplorer.org/dotbot; [email protected])"
18.97.14.88 - - [12/Jun/2025:11:10:52 -0400] "GET /a/item/760552756.htm HTTP/1.1" 301 0 "-" "CCBot/2.0 (https://commoncrawl.org/faq/)"
20.171.207.241 - - [12/Jun/2025:11:10:54 -0400] "GET /l/products/171544931.htm HTTP/1.1" 301 0 "-" "Mozilla/5.0 AppleWebKit/537.36 (KHTML, like Gecko; compatible; GPTBot/1.2; +https://openai.com/gptbot)"
20.171.207.241 - - [12/Jun/2025:11:10:55 -0400] "GET / HTTP/1.1" 200 9388 "-" "Mozilla/5.0 AppleWebKit/537.36 (KHTML, like Gecko; compatible; GPTBot/1.2; +https://openai.com/gptbot)"
216.73.216.72 - - [12/Jun/2025:11:10:56 -0400] "GET /wlu/entity1221363462.htm HTTP/1.1" 301 0 "-" "Mozilla/5.0 AppleWebKit/537.36 (KHTML, like Gecko; compatible; ClaudeBot/1.0; [email protected])"
216.244.66.242 - - [12/Jun/2025:11:10:56 -0400] "GET /reformation-of-the-deadbeat-noble-chapter-100/ HTTP/1.1" 301 0 "-" "Mozilla/5.0 (compatible; DotBot/1.2; +https://opensiteexplorer.org/dotbot; [email protected])"
47.82.60.247 - - [12/Jun/2025:11:10:57 -0400] "GET /wp-includes/sodium_compat/src/PHP52/SplFixedArray.php HTTP/1.1" 403 1242 "https://reversevillain.com/wp-includes/sodium_compat/src/PHP52/SplFixedArray.php" "Mozilla/5.0 (Windows NT 10.0; Win64; x64) AppleWebKit/537.36 (KHTML, like Gecko) Chrome/114.0.0.0 Safari/537.36 Edg/114.0.1823.43"
216.73.216.72 - - [12/Jun/2025:11:10:58 -0400] "GET /bql/1229529143.htm HTTP/1.1" 301 0 "-" "Mozilla/5.0 AppleWebKit/537.36 (KHTML, like Gecko; compatible; ClaudeBot/1.0; [email protected])"
20.171.207.241 - - [12/Jun/2025:11:11:00 -0400] "GET /v/products/195966071.htm HTTP/1.1" 301 0 "-" "Mozilla/5.0 AppleWebKit/537.36 (KHTML, like Gecko; compatible; GPTBot/1.2; +https://openai.com/gptbot)"
216.244.66.242 - - [12/Jun/2025:11:11:00 -0400] "GET /regressor-instruction-manual-chapter-87/ HTTP/1.1" 301 0 "-" "Mozilla/5.0 (compatible; DotBot/1.2; +https://opensiteexplorer.org/dotbot; [email protected])"
20.171.207.241 - - [12/Jun/2025:11:11:01 -0400] "GET / HTTP/1.1" 200 9390 "-" "Mozilla/5.0 AppleWebKit/537.36 (KHTML, like Gecko; compatible; GPTBot/1.2; +https://openai.com/gptbot)"
216.73.216.72 - - [12/Jun/2025:11:11:01 -0400] "GET /l/1227920179.htm HTTP/1.1" 301 0 "-" "Mozilla/5.0 AppleWebKit/537.36 (KHTML, like Gecko; compatible; ClaudeBot/1.0; [email protected])"
47.82.60.204 - - [12/Jun/2025:11:11:05 -0400] "GET /wp-includes/SimplePie/library/SimplePie/Decode HTTP/1.1" 301 795 "https://reversevillain.com/wp-includes/SimplePie/library/SimplePie/Decode" "Mozilla/5.0 (Windows NT 10.0; Win64; x64) AppleWebKit/537.36 (KHTML, like Gecko) Chrome/114.0.0.0 Safari/537.36 Edg/114.0.1823.43"
216.73.216.72 - - [12/Jun/2025:11:11:04 -0400] "GET /mau/1229577174.htm HTTP/1.1" 301 0 "-" "Mozilla/5.0 AppleWebKit/537.36 (KHTML, like Gecko; compatible; ClaudeBot/1.0; [email protected])"
47.82.60.204 - - [12/Jun/2025:11:11:05 -0400] "GET /wp-includes/SimplePie/library/SimplePie/Decode/ HTTP/1.1" 200 640 "https://reversevillain.com/wp-includes/SimplePie/library/SimplePie/Decode" "Mozilla/5.0 (Windows NT 10.0; Win64; x64) AppleWebKit/537.36 (KHTML, like Gecko) Chrome/114.0.0.0 Safari/537.36 Edg/114.0.1823.43"
216.244.66.242 - - [12/Jun/2025:11:11:05 -0400] "GET /the-heros-savior-chapter-10/ HTTP/1.1" 301 0 "-" "Mozilla/5.0 (compatible; DotBot/1.2; +https://opensiteexplorer.org/dotbot; [email protected])"
20.171.207.241 - - [12/Jun/2025:11:11:06 -0400] "GET /d/products/391416571.htm HTTP/1.1" 301 0 "-" "Mozilla/5.0 AppleWebKit/537.36 (KHTML, like Gecko; compatible; GPTBot/1.2; +https://openai.com/gptbot)"
2a03:2880:f800:: - - [12/Jun/2025:11:11:06 -0400] "GET /yq/leitmotivlimactmotef/detail829711730.htm HTTP/1.1" 301 0 "-" "meta-externalagent/1.1 (+https://developers.facebook.com/docs/sharing/webmasters/crawler)"
20.171.207.241 - - [12/Jun/2025:11:11:07 -0400] "GET / HTTP/1.1" 200 9388 "-" "Mozilla/5.0 AppleWebKit/537.36 (KHTML, like Gecko; compatible; GPTBot/1.2; +https://openai.com/gptbot)"
216.73.216.72 - - [12/Jun/2025:11:11:07 -0400] "GET /b/relatively/goodscode1221578983.htm HTTP/1.1" 301 0 "-" "Mozilla/5.0 AppleWebKit/537.36 (KHTML, like Gecko; compatible; ClaudeBot/1.0; [email protected])"
216.244.66.242 - - [12/Jun/2025:11:11:08 -0400] "GET /uchi-no-kaisha-no-chiisai-senpai-no-hanashi-chapter-30/ HTTP/1.1" 301 0 "-" "Mozilla/5.0 (compatible; DotBot/1.2; +https://opensiteexplorer.org/dotbot; [email protected])"
216.73.216.72 - - [12/Jun/2025:11:11:10 -0400] "GET /ka1229619092.htm HTTP/1.1" 301 0 "-" "Mozilla/5.0 AppleWebKit/537.36 (KHTML, like Gecko; compatible; ClaudeBot/1.0; [email protected])"
20.171.207.241 - - [12/Jun/2025:11:11:10 -0400] "GET /c/products/899781440.htm HTTP/1.1" 301 0 "-" "Mozilla/5.0 AppleWebKit/537.36 (KHTML, like Gecko; compatible; GPTBot/1.2; +https://openai.com/gptbot)"
2a03:2880:f800:3:: - - [12/Jun/2025:11:11:11 -0400] "GET /tyl/info/1044647589.htm HTTP/1.1" 301 0 "-" "meta-externalagent/1.1 (+https://developers.facebook.com/docs/sharing/webmasters/crawler)"
20.171.207.241 - - [12/Jun/2025:11:11:11 -0400] "GET / HTTP/1.1" 200 9388 "-" "Mozilla/5.0 AppleWebKit/537.36 (KHTML, like Gecko; compatible; GPTBot/1.2; +https://openai.com/gptbot)"
216.244.66.242 - - [12/Jun/2025:11:11:12 -0400] "GET /volcanic-age-chapter-245/ HTTP/1.1" 301 0 "-" "Mozilla/5.0 (compatible; DotBot/1.2; +https://opensiteexplorer.org/dotbot; [email protected])"
47.82.60.136 - - [12/Jun/2025:11:11:13 -0400] "GET /wp-includes/js/jquery/ui/datepicker.js HTTP/1.1" 200 19783 "https://reversevillain.com/wp-includes/js/jquery/ui/datepicker.js" "Mozilla/5.0 (Windows NT 10.0; Win64; x64) AppleWebKit/537.36 (KHTML, like Gecko) Chrome/114.0.0.0 Safari/537.36 Edg/114.0.1823.43"
216.73.216.72 - - [12/Jun/2025:11:11:13 -0400] "GET /gwq/1221506250.htm HTTP/1.1" 301 0 "-" "Mozilla/5.0 AppleWebKit/537.36 (KHTML, like Gecko; compatible; ClaudeBot/1.0; [email protected])"
20.171.207.241 - - [12/Jun/2025:11:11:15 -0400] "GET /z/products/867593993.htm HTTP/1.1" 301 0 "-" "Mozilla/5.0 AppleWebKit/537.36 (KHTML, like Gecko; compatible; GPTBot/1.2; +https://openai.com/gptbot)"
47.82.60.217 - - [12/Jun/2025:11:11:16 -0400] "GET /wp-includes/js/jquery/ui/mouse.js HTTP/1.1" 200 1855 "https://reversevillain.com/wp-includes/js/jquery/ui/mouse.js" "Mozilla/5.0 (Windows NT 10.0; Win64; x64) AppleWebKit/537.36 (KHTML, like Gecko) Chrome/114.0.0.0 Safari/537.36 Edg/114.0.1823.43"
216.244.66.242 - - [12/Jun/2025:11:11:16 -0400] "GET /risou-no-seijo-zannen-nise-seijo-deshita-kuso-of-the-year-to-yobareta-akuyaku-ni-tensei-shita-nda-ga-chapter-18-2/ HTTP/1.1" 301 0 "-" "Mozilla/5.0 (compatible; DotBot/1.2; +https://opensiteexplorer.org/dotbot; [email protected])"
216.73.216.72 - - [12/Jun/2025:11:11:16 -0400] "GET /v/goodscode1221298965.htm HTTP/1.1" 301 0 "-" "Mozilla/5.0 AppleWebKit/537.36 (KHTML, like Gecko; compatible; ClaudeBot/1.0; [email protected])"
20.171.207.241 - - [12/Jun/2025:11:11:16 -0400] "GET / HTTP/1.1" 200 9388 "-" "Mozilla/5.0 AppleWebKit/537.36 (KHTML, like Gecko; compatible; GPTBot/1.2; +https://openai.com/gptbot)"
20.171.207.241 - - [12/Jun/2025:11:11:19 -0400] "GET /x/products/339031057.htm HTTP/1.1" 301 0 "-" "Mozilla/5.0 AppleWebKit/537.36 (KHTML, like Gecko; compatible; GPTBot/1.2; +https://openai.com/gptbot)"
47.82.60.227 - - [12/Jun/2025:11:11:20 -0400] "GET /wp-includes/js/jquery/ui/progressbar.min.js HTTP/1.1" 200 844 "https://reversevillain.com/wp-includes/js/jquery/ui/progressbar.min.js" "Mozilla/5.0 (Windows NT 10.0; Win64; x64) AppleWebKit/537.36 (KHTML, like Gecko) Chrome/114.0.0.0 Safari/537.36 Edg/114.0.1823.43"
216.73.216.72 - - [12/Jun/2025:11:11:19 -0400] "GET /dx/entity1221280369.htm HTTP/1.1" 301 0 "-" "Mozilla/5.0 AppleWebKit/537.36 (KHTML, like Gecko; compatible; ClaudeBot/1.0; [email protected])"
20.171.207.241 - - [12/Jun/2025:11:11:19 -0400] "GET / HTTP/1.1" 200 9388 "-" "Mozilla/5.0 AppleWebKit/537.36 (KHTML, like Gecko; compatible; GPTBot/1.2; +https://openai.com/gptbot)"
20.171.207.241 - - [12/Jun/2025:11:11:22 -0400] "GET /b/products/517799071.htm HTTP/1.1" 301 0 "-" "Mozilla/5.0 AppleWebKit/537.36 (KHTML, like Gecko; compatible; GPTBot/1.2; +https://openai.com/gptbot)"
216.73.216.72 - - [12/Jun/2025:11:11:22 -0400] "GET /g1229681548.htm HTTP/1.1" 301 0 "-" "Mozilla/5.0 AppleWebKit/537.36 (KHTML, like Gecko; compatible; ClaudeBot/1.0; [email protected])"
207.46.13.51 - - [12/Jun/2025:11:11:22 -0400] "GET /wp-json/wp/v2/posts/1551 HTTP/1.1" 200 38658 "-" "Mozilla/5.0 AppleWebKit/537.36 (KHTML, like Gecko; compatible; bingbot/2.0; +http://www.bing.com/bingbot.htm) Chrome/116.0.1938.76 Safari/537.36"
20.171.207.241 - - [12/Jun/2025:11:11:23 -0400] "GET / HTTP/1.1" 200 9388 "-" "Mozilla/5.0 AppleWebKit/537.36 (KHTML, like Gecko; compatible; GPTBot/1.2; +https://openai.com/gptbot)"
216.73.216.72 - - [12/Jun/2025:11:11:25 -0400] "GET /j/1228004601.htm HTTP/1.1" 301 0 "-" "Mozilla/5.0 AppleWebKit/537.36 (KHTML, like Gecko; compatible; ClaudeBot/1.0; [email protected])"
20.171.207.241 - - [12/Jun/2025:11:11:26 -0400] "GET /f/products/841597165.htm HTTP/1.1" 301 0 "-" "Mozilla/5.0 AppleWebKit/537.36 (KHTML, like Gecko; compatible; GPTBot/1.2; +https://openai.com/gptbot)"
18.97.14.88 - - [12/Jun/2025:11:11:26 -0400] "GET /px/tartarus/goodscode760569625.htm HTTP/1.1" 301 0 "-" "CCBot/2.0 (https://commoncrawl.org/faq/)"
20.171.207.241 - - [12/Jun/2025:11:11:27 -0400] "GET / HTTP/1.1" 200 9388 "-" "Mozilla/5.0 AppleWebKit/537.36 (KHTML, like Gecko; compatible; GPTBot/1.2; +https://openai.com/gptbot)"
47.82.60.192 - - [12/Jun/2025:11:11:28 -0400] "GET /wp-includes/SimplePie/library/SimplePie/Caption.php HTTP/1.1" 403 1242 "https://reversevillain.com/wp-includes/SimplePie/library/SimplePie/Caption.php" "Mozilla/5.0 (Windows NT 10.0; Win64; x64) AppleWebKit/537.36 (KHTML, like Gecko) Chrome/114.0.0.0 Safari/537.36 Edg/114.0.1823.43"
162.0.232.193 - - [12/Jun/2025:11:11:29 -0400] "POST /wp-cron.php?doing_wp_cron=1749741089.3674330711364746093750 HTTP/1.1" 200 0 "-" "WordPress/6.8.1; https://reversevillain.com"
216.73.216.72 - - [12/Jun/2025:11:11:28 -0400] "GET /p/permanence/items1227974737.htm HTTP/1.1" 301 0 "-" "Mozilla/5.0 AppleWebKit/537.36 (KHTML, like Gecko; compatible; ClaudeBot/1.0; [email protected])"
20.171.207.241 - - [12/Jun/2025:11:11:29 -0400] "GET /u/products/117520240.htm HTTP/1.1" 301 0 "-" "Mozilla/5.0 AppleWebKit/537.36 (KHTML, like Gecko; compatible; GPTBot/1.2; +https://openai.com/gptbot)"
20.171.207.241 - - [12/Jun/2025:11:11:30 -0400] "GET / HTTP/1.1" 200 9388 "-" "Mozilla/5.0 AppleWebKit/537.36 (KHTML, like Gecko; compatible; GPTBot/1.2; +https://openai.com/gptbot)"
216.73.216.72 - - [12/Jun/2025:11:11:31 -0400] "GET /d/hyacinth/goodscode1229712155.htm HTTP/1.1" 301 0 "-" "Mozilla/5.0 AppleWebKit/537.36 (KHTML, like Gecko; compatible; ClaudeBot/1.0; [email protected])"
20.171.207.241 - - [12/Jun/2025:11:11:33 -0400] "GET /v/products/881398421.htm HTTP/1.1" 301 0 "-" "Mozilla/5.0 AppleWebKit/537.36 (KHTML, like Gecko; compatible; GPTBot/1.2; +https://openai.com/gptbot)"
66.249.66.167 - - [12/Jun/2025:11:11:33 -0400] "GET /ugm/27181036.htm HTTP/1.1" 200 38015 "-" "Mozilla/5.0 (Linux; Android 6.0.1; Nexus 5X Build/MMB29P) AppleWebKit/537.36 (KHTML, like Gecko) Chrome/136.0.7103.113 Mobile Safari/537.36 (compatible; Googlebot/2.1; +http://www.google.com/bot.html)"
20.171.207.241 - - [12/Jun/2025:11:11:34 -0400] "GET / HTTP/1.1" 200 9388 "-" "Mozilla/5.0 AppleWebKit/537.36 (KHTML, like Gecko; compatible; GPTBot/1.2; +https://openai.com/gptbot)"
66.249.66.44 - - [12/Jun/2025:11:11:34 -0400] "GET /mo27882752.htm HTTP/1.1" 200 38107 "-" "Mozilla/5.0 (Linux; Android 6.0.1; Nexus 5X Build/MMB29P) AppleWebKit/537.36 (KHTML, like Gecko) Chrome/136.0.7103.113 Mobile Safari/537.36 (compatible; Googlebot/2.1; +http://www.google.com/bot.html)"
216.73.216.72 - - [12/Jun/2025:11:11:34 -0400] "GET /pn/items1227899907.htm HTTP/1.1" 301 0 "-" "Mozilla/5.0 AppleWebKit/537.36 (KHTML, like Gecko; compatible; ClaudeBot/1.0; [email protected])"
20.171.207.241 - - [12/Jun/2025:11:11:36 -0400] "GET /x/products/881474541.htm HTTP/1.1" 301 0 "-" "Mozilla/5.0 AppleWebKit/537.36 (KHTML, like Gecko; compatible; GPTBot/1.2; +https://openai.com/gptbot)"
20.171.207.241 - - [12/Jun/2025:11:11:37 -0400] "GET / HTTP/1.1" 200 9388 "-" "Mozilla/5.0 AppleWebKit/537.36 (KHTML, like Gecko; compatible; GPTBot/1.2; +https://openai.com/gptbot)"
216.73.216.72 - - [12/Jun/2025:11:11:37 -0400] "GET /w/1221448982.htm HTTP/1.1" 301 0 "-" "Mozilla/5.0 AppleWebKit/537.36 (KHTML, like Gecko; compatible; ClaudeBot/1.0; [email protected])"
20.171.207.241 - - [12/Jun/2025:11:11:39 -0400] "GET /k/products/710973798.htm HTTP/1.1" 301 0 "-" "Mozilla/5.0 AppleWebKit/537.36 (KHTML, like Gecko; compatible; GPTBot/1.2; +https://openai.com/gptbot)"
20.171.207.241 - - [12/Jun/2025:11:11:40 -0400] "GET / HTTP/1.1" 200 9388 "-" "Mozilla/5.0 AppleWebKit/537.36 (KHTML, like Gecko; compatible; GPTBot/1.2; +https://openai.com/gptbot)"
216.73.216.72 - - [12/Jun/2025:11:11:40 -0400] "GET /m/items1228112388.htm HTTP/1.1" 301 0 "-" "Mozilla/5.0 AppleWebKit/537.36 (KHTML, like Gecko; compatible; ClaudeBot/1.0; [email protected])"
20.171.207.241 - - [12/Jun/2025:11:11:42 -0400] "GET /r/products/517634895.htm HTTP/1.1" 301 0 "-" "Mozilla/5.0 AppleWebKit/537.36 (KHTML, like Gecko; compatible; GPTBot/1.2; +https://openai.com/gptbot)"
20.171.207.241 - - [12/Jun/2025:11:11:43 -0400] "GET / HTTP/1.1" 200 9388 "-" "Mozilla/5.0 AppleWebKit/537.36 (KHTML, like Gecko; compatible; GPTBot/1.2; +https://openai.com/gptbot)"
216.73.216.72 - - [12/Jun/2025:11:11:43 -0400] "GET /f/1227875221.htm HTTP/1.1" 301 0 "-" "Mozilla/5.0 AppleWebKit/537.36 (KHTML, like Gecko; compatible; ClaudeBot/1.0; [email protected])"
20.171.207.241 - - [12/Jun/2025:11:11:45 -0400] "GET /x/products/881516789.htm HTTP/1.1" 301 0 "-" "Mozilla/5.0 AppleWebKit/537.36 (KHTML, like Gecko; compatible; GPTBot/1.2; +https://openai.com/gptbot)"
20.171.207.241 - - [12/Jun/2025:11:11:45 -0400] "GET / HTTP/1.1" 200 9388 "-" "Mozilla/5.0 AppleWebKit/537.36 (KHTML, like Gecko; compatible; GPTBot/1.2; +https://openai.com/gptbot)"
216.73.216.72 - - [12/Jun/2025:11:11:46 -0400] "GET /zmd/1227925689.htm HTTP/1.1" 301 0 "-" "Mozilla/5.0 AppleWebKit/537.36 (KHTML, like Gecko; compatible; ClaudeBot/1.0; [email protected])"
20.171.207.241 - - [12/Jun/2025:11:11:48 -0400] "GET /h/products/848960657.htm HTTP/1.1" 301 0 "-" "Mozilla/5.0 AppleWebKit/537.36 (KHTML, like Gecko; compatible; GPTBot/1.2; +https://openai.com/gptbot)"
20.171.207.241 - - [12/Jun/2025:11:11:49 -0400] "GET / HTTP/1.1" 200 9388 "-" "Mozilla/5.0 AppleWebKit/537.36 (KHTML, like Gecko; compatible; GPTBot/1.2; +https://openai.com/gptbot)"
216.73.216.72 - - [12/Jun/2025:11:11:49 -0400] "GET /f/1228024809.htm HTTP/1.1" 301 0 "-" "Mozilla/5.0 AppleWebKit/537.36 (KHTML, like Gecko; compatible; ClaudeBot/1.0; [email protected])"
20.171.207.241 - - [12/Jun/2025:11:11:51 -0400] "GET /f/products/391459861.htm HTTP/1.1" 301 0 "-" "Mozilla/5.0 AppleWebKit/537.36 (KHTML, like Gecko; compatible; GPTBot/1.2; +https://openai.com/gptbot)"
20.171.207.241 - - [12/Jun/2025:11:11:52 -0400] "GET / HTTP/1.1" 200 9388 "-" "Mozilla/5.0 AppleWebKit/537.36 (KHTML, like Gecko; compatible; GPTBot/1.2; +https://openai.com/gptbot)"
216.73.216.72 - - [12/Jun/2025:11:11:52 -0400] "GET /xn1221364131.htm HTTP/1.1" 301 0 "-" "Mozilla/5.0 AppleWebKit/537.36 (KHTML, like Gecko; compatible; ClaudeBot/1.0; [email protected])"
20.171.207.241 - - [12/Jun/2025:11:11:53 -0400] "GET /r/products/391432707.htm HTTP/1.1" 301 0 "-" "Mozilla/5.0 AppleWebKit/537.36 (KHTML, like Gecko; compatible; GPTBot/1.2; +https://openai.com/gptbot)"
20.171.207.241 - - [12/Jun/2025:11:11:54 -0400] "GET / HTTP/1.1" 200 9388 "-" "Mozilla/5.0 AppleWebKit/537.36 (KHTML, like Gecko; compatible; GPTBot/1.2; +https://openai.com/gptbot)"
216.73.216.72 - - [12/Jun/2025:11:11:55 -0400] "GET /cvc1221259080.htm HTTP/1.1" 301 0 "-" "Mozilla/5.0 AppleWebKit/537.36 (KHTML, like Gecko; compatible; ClaudeBot/1.0; [email protected])"
20.171.207.241 - - [12/Jun/2025:11:11:56 -0400] "GET /y/products/196031658.htm HTTP/1.1" 301 0 "-" "Mozilla/5.0 AppleWebKit/537.36 (KHTML, like Gecko; compatible; GPTBot/1.2; +https://openai.com/gptbot)"
20.171.207.241 - - [12/Jun/2025:11:11:56 -0400] "GET / HTTP/1.1" 200 9388 "-" "Mozilla/5.0 AppleWebKit/537.36 (KHTML, like Gecko; compatible; GPTBot/1.2; +https://openai.com/gptbot)"
18.97.14.88 - - [12/Jun/2025:11:11:58 -0400] "GET /n/spaewife/items760472069.htm HTTP/1.1" 301 0 "-" "CCBot/2.0 (https://commoncrawl.org/faq/)"
20.171.207.241 - - [12/Jun/2025:11:11:58 -0400] "GET /p/products/517815463.htm HTTP/1.1" 301 0 "-" "Mozilla/5.0 AppleWebKit/537.36 (KHTML, like Gecko; compatible; GPTBot/1.2; +https://openai.com/gptbot)"
216.73.216.72 - - [12/Jun/2025:11:11:58 -0400] "GET /sg1221618586.htm HTTP/1.1" 301 0 "-" "Mozilla/5.0 AppleWebKit/537.36 (KHTML, like Gecko; compatible; ClaudeBot/1.0; [email protected])"
20.171.207.241 - - [12/Jun/2025:11:11:59 -0400] "GET / HTTP/1.1" 200 9388 "-" "Mozilla/5.0 AppleWebKit/537.36 (KHTML, like Gecko; compatible; GPTBot/1.2; +https://openai.com/gptbot)"
20.171.207.241 - - [12/Jun/2025:11:12:00 -0400] "GET /j/products/881553527.htm HTTP/1.1" 301 0 "-" "Mozilla/5.0 AppleWebKit/537.36 (KHTML, like Gecko; compatible; GPTBot/1.2; +https://openai.com/gptbot)"
20.171.207.241 - - [12/Jun/2025:11:12:01 -0400] "GET / HTTP/1.1" 200 9388 "-" "Mozilla/5.0 AppleWebKit/537.36 (KHTML, like Gecko; compatible; GPTBot/1.2; +https://openai.com/gptbot)"
20.171.207.241 - - [12/Jun/2025:11:12:03 -0400] "GET /e/products/338905668.htm HTTP/1.1" 301 0 "-" "Mozilla/5.0 AppleWebKit/537.36 (KHTML, like Gecko; compatible; GPTBot/1.2; +https://openai.com/gptbot)"
20.171.207.241 - - [12/Jun/2025:11:12:03 -0400] "GET / HTTP/1.1" 200 9388 "-" "Mozilla/5.0 AppleWebKit/537.36 (KHTML, like Gecko; compatible; GPTBot/1.2; +https://openai.com/gptbot)"
216.73.216.72 - - [12/Jun/2025:11:12:04 -0400] "GET /qts/cobblestone/items1221574216.htm HTTP/1.1" 301 0 "-" "Mozilla/5.0 AppleWebKit/537.36 (KHTML, like Gecko; compatible; ClaudeBot/1.0; [email protected])"
20.171.207.241 - - [12/Jun/2025:11:12:05 -0400] "GET /v/products/339062293.htm HTTP/1.1" 301 0 "-" "Mozilla/5.0 AppleWebKit/537.36 (KHTML, like Gecko; compatible; GPTBot/1.2; +https://openai.com/gptbot)"
20.171.207.241 - - [12/Jun/2025:11:12:06 -0400] "GET / HTTP/1.1" 200 9390 "-" "Mozilla/5.0 AppleWebKit/537.36 (KHTML, like Gecko; compatible; GPTBot/1.2; +https://openai.com/gptbot)"
20.171.207.241 - - [12/Jun/2025:11:12:07 -0400] "GET /vmp/allowably/products/37642295.htm HTTP/1.1" 301 0 "-" "Mozilla/5.0 AppleWebKit/537.36 (KHTML, like Gecko; compatible; GPTBot/1.2; +https://openai.com/gptbot)"
216.73.216.72 - - [12/Jun/2025:11:12:07 -0400] "GET /f/1228163203.htm HTTP/1.1" 301 0 "-" "Mozilla/5.0 AppleWebKit/537.36 (KHTML, like Gecko; compatible; ClaudeBot/1.0; [email protected])"
20.171.207.241 - - [12/Jun/2025:11:12:07 -0400] "GET / HTTP/1.1" 200 9388 "-" "Mozilla/5.0 AppleWebKit/537.36 (KHTML, like Gecko; compatible; GPTBot/1.2; +https://openai.com/gptbot)"
216.244.66.242 - - [12/Jun/2025:11:12:08 -0400] "GET /busou-shoujo-machiavellianism-chapter-58/feed/ HTTP/1.1" 301 0 "-" "Mozilla/5.0 (compatible; DotBot/1.2; +https://opensiteexplorer.org/dotbot; [email protected])"
20.171.207.241 - - [12/Jun/2025:11:12:09 -0400] "GET /kgc/gyrolepis/products/16127334.htm HTTP/1.1" 301 0 "-" "Mozilla/5.0 AppleWebKit/537.36 (KHTML, like Gecko; compatible; GPTBot/1.2; +https://openai.com/gptbot)"
20.171.207.241 - - [12/Jun/2025:11:12:10 -0400] "GET / HTTP/1.1" 200 9388 "-" "Mozilla/5.0 AppleWebKit/537.36 (KHTML, like Gecko; compatible; GPTBot/1.2; +https://openai.com/gptbot)"
216.73.216.72 - - [12/Jun/2025:11:12:10 -0400] "GET /cu1229593632.htm HTTP/1.1" 301 0 "-" "Mozilla/5.0 AppleWebKit/537.36 (KHTML, like Gecko; compatible; ClaudeBot/1.0; [email protected])"
20.171.207.241 - - [12/Jun/2025:11:12:11 -0400] "GET /qe/fulgoridae/products/15884054.htm HTTP/1.1" 301 0 "-" "Mozilla/5.0 AppleWebKit/537.36 (KHTML, like Gecko; compatible; GPTBot/1.2; +https://openai.com/gptbot)"
20.171.207.241 - - [12/Jun/2025:11:12:12 -0400] "GET / HTTP/1.1" 200 9388 "-" "Mozilla/5.0 AppleWebKit/537.36 (KHTML, like Gecko; compatible; GPTBot/1.2; +https://openai.com/gptbot)"
216.244.66.242 - - [12/Jun/2025:11:12:12 -0400] "GET /harmonia-group-3-chapter-23/feed/ HTTP/1.1" 301 0 "-" "Mozilla/5.0 (compatible; DotBot/1.2; +https://opensiteexplorer.org/dotbot; [email protected])"
20.171.207.241 - - [12/Jun/2025:11:12:13 -0400] "GET /lqf/shopping/899955893.htm HTTP/1.1" 301 0 "-" "Mozilla/5.0 AppleWebKit/537.36 (KHTML, like Gecko; compatible; GPTBot/1.2; +https://openai.com/gptbot)"
216.73.216.72 - - [12/Jun/2025:11:12:13 -0400] "GET /spo/inopportune/goodscode1228104216.htm HTTP/1.1" 301 0 "-" "Mozilla/5.0 AppleWebKit/537.36 (KHTML, like Gecko; compatible; ClaudeBot/1.0; [email protected])"
20.171.207.241 - - [12/Jun/2025:11:12:14 -0400] "GET / HTTP/1.1" 200 9388 "-" "Mozilla/5.0 AppleWebKit/537.36 (KHTML, like Gecko; compatible; GPTBot/1.2; +https://openai.com/gptbot)"
20.171.207.241 - - [12/Jun/2025:11:12:15 -0400] "GET /dur/shopping/338777287.htm HTTP/1.1" 301 0 "-" "Mozilla/5.0 AppleWebKit/537.36 (KHTML, like Gecko; compatible; GPTBot/1.2; +https://openai.com/gptbot)"
2a03:2880:f800:1a:: - - [12/Jun/2025:11:12:16 -0400] "GET /nx/item/26824743.htm HTTP/1.1" 301 0 "-" "meta-externalagent/1.1 (+https://developers.facebook.com/docs/sharing/webmasters/crawler)"
20.171.207.241 - - [12/Jun/2025:11:12:16 -0400] "GET / HTTP/1.1" 200 9388 "-" "Mozilla/5.0 AppleWebKit/537.36 (KHTML, like Gecko; compatible; GPTBot/1.2; +https://openai.com/gptbot)"
216.73.216.72 - - [12/Jun/2025:11:12:16 -0400] "GET /lz/entity1228122713.htm HTTP/1.1" 301 0 "-" "Mozilla/5.0 AppleWebKit/537.36 (KHTML, like Gecko; compatible; ClaudeBot/1.0; [email protected])"
216.244.66.242 - - [12/Jun/2025:11:12:16 -0400] "GET /hyouge-mono-chapter-249/feed/ HTTP/1.1" 301 0 "-" "Mozilla/5.0 (compatible; DotBot/1.2; +https://opensiteexplorer.org/dotbot; [email protected])"
20.171.207.241 - - [12/Jun/2025:11:12:17 -0400] "GET /wia/shopping/848881332.htm HTTP/1.1" 301 0 "-" "Mozilla/5.0 AppleWebKit/537.36 (KHTML, like Gecko; compatible; GPTBot/1.2; +https://openai.com/gptbot)"
20.171.207.241 - - [12/Jun/2025:11:12:18 -0400] "GET / HTTP/1.1" 200 9388 "-" "Mozilla/5.0 AppleWebKit/537.36 (KHTML, like Gecko; compatible; GPTBot/1.2; +https://openai.com/gptbot)"
216.73.216.72 - - [12/Jun/2025:11:12:19 -0400] "GET /fwj/1229595415.htm HTTP/1.1" 301 0 "-" "Mozilla/5.0 AppleWebKit/537.36 (KHTML, like Gecko; compatible; ClaudeBot/1.0; [email protected])"
20.171.207.241 - - [12/Jun/2025:11:12:19 -0400] "GET /l/moody/items711123815.htm HTTP/1.1" 301 0 "-" "Mozilla/5.0 AppleWebKit/537.36 (KHTML, like Gecko; compatible; GPTBot/1.2; +https://openai.com/gptbot)"
216.244.66.242 - - [12/Jun/2025:11:12:20 -0400] "GET /kemono-michi-akatsuki-natsume-chapter-65/feed/ HTTP/1.1" 301 0 "-" "Mozilla/5.0 (compatible; DotBot/1.2; +https://opensiteexplorer.org/dotbot; [email protected])"
20.171.207.241 - - [12/Jun/2025:11:12:20 -0400] "GET / HTTP/1.1" 200 9390 "-" "Mozilla/5.0 AppleWebKit/537.36 (KHTML, like Gecko; compatible; GPTBot/1.2; +https://openai.com/gptbot)"
20.171.207.241 - - [12/Jun/2025:11:12:21 -0400] "GET /h/items517598231.htm HTTP/1.1" 301 0 "-" "Mozilla/5.0 AppleWebKit/537.36 (KHTML, like Gecko; compatible; GPTBot/1.2; +https://openai.com/gptbot)"
20.171.207.241 - - [12/Jun/2025:11:12:21 -0400] "GET / HTTP/1.1" 200 9388 "-" "Mozilla/5.0 AppleWebKit/537.36 (KHTML, like Gecko; compatible; GPTBot/1.2; +https://openai.com/gptbot)"
216.73.216.72 - - [12/Jun/2025:11:12:22 -0400] "GET /e1228184418.htm HTTP/1.1" 301 0 "-" "Mozilla/5.0 AppleWebKit/537.36 (KHTML, like Gecko; compatible; ClaudeBot/1.0; [email protected])"
20.171.207.241 - - [12/Jun/2025:11:12:23 -0400] "GET /a/items867358786.htm HTTP/1.1" 301 0 "-" "Mozilla/5.0 AppleWebKit/537.36 (KHTML, like Gecko; compatible; GPTBot/1.2; +https://openai.com/gptbot)"
20.171.207.241 - - [12/Jun/2025:11:12:23 -0400] "GET / HTTP/1.1" 200 9388 "-" "Mozilla/5.0 AppleWebKit/537.36 (KHTML, like Gecko; compatible; GPTBot/1.2; +https://openai.com/gptbot)"
47.79.6.241 - - [12/Jun/2025:11:12:24 -0400] "GET /wp-includes/sodium_compat/src/Core/Util.php HTTP/1.1" 403 1242 "https://reversevillain.com/wp-includes/sodium_compat/src/Core/Util.php" "Mozilla/5.0 (Windows NT 10.0; Win64; x64) AppleWebKit/537.36 (KHTML, like Gecko) Chrome/114.0.0.0 Safari/537.36 Edg/114.0.1823.43"
216.244.66.242 - - [12/Jun/2025:11:12:24 -0400] "GET /kubera-group-3-chapter-286-1/feed/ HTTP/1.1" 301 0 "-" "Mozilla/5.0 (compatible; DotBot/1.2; +https://opensiteexplorer.org/dotbot; [email protected])"
216.73.216.72 - - [12/Jun/2025:11:12:25 -0400] "GET /cqa/1227958966.htm HTTP/1.1" 301 0 "-" "Mozilla/5.0 AppleWebKit/537.36 (KHTML, like Gecko; compatible; ClaudeBot/1.0; [email protected])"
20.171.207.241 - - [12/Jun/2025:11:12:26 -0400] "GET /z/items171486565.htm HTTP/1.1" 301 0 "-" "Mozilla/5.0 AppleWebKit/537.36 (KHTML, like Gecko; compatible; GPTBot/1.2; +https://openai.com/gptbot)"
20.171.207.241 - - [12/Jun/2025:11:12:27 -0400] "GET / HTTP/1.1" 200 9388 "-" "Mozilla/5.0 AppleWebKit/537.36 (KHTML, like Gecko; compatible; GPTBot/1.2; +https://openai.com/gptbot)"
216.244.66.242 - - [12/Jun/2025:11:12:27 -0400] "GET /maria-no-danzai-chapter-14/feed/ HTTP/1.1" 301 0 "-" "Mozilla/5.0 (compatible; DotBot/1.2; +https://opensiteexplorer.org/dotbot; [email protected])"
216.73.216.72 - - [12/Jun/2025:11:12:28 -0400] "GET /rb1229632145.htm HTTP/1.1" 301 0 "-" "Mozilla/5.0 AppleWebKit/537.36 (KHTML, like Gecko; compatible; ClaudeBot/1.0; [email protected])"
162.0.232.193 - - [12/Jun/2025:11:12:31 -0400] "POST /wp-cron.php?doing_wp_cron=1749741151.2950139045715332031250 HTTP/1.1" 200 0 "-" "WordPress/6.8.1; https://reversevillain.com"
20.171.207.241 - - [12/Jun/2025:11:12:30 -0400] "GET /e/items338820212.htm HTTP/1.1" 301 0 "-" "Mozilla/5.0 AppleWebKit/537.36 (KHTML, like Gecko; compatible; GPTBot/1.2; +https://openai.com/gptbot)"
216.73.216.72 - - [12/Jun/2025:11:12:31 -0400] "GET /hld1221335703.htm HTTP/1.1" 301 0 "-" "Mozilla/5.0 AppleWebKit/537.36 (KHTML, like Gecko; compatible; ClaudeBot/1.0; [email protected])"
216.244.66.242 - - [12/Jun/2025:11:12:31 -0400] "GET /return-of-the-blossoming-chapter-84/feed/ HTTP/1.1" 301 0 "-" "Mozilla/5.0 (compatible; DotBot/1.2; +https://opensiteexplorer.org/dotbot; [email protected])"
162.0.232.193 - - [12/Jun/2025:11:12:32 -0400] "POST /wp-admin/admin-ajax.php?action=async_litespeed&nonce=XrBBEA8yzwt9DCm1iTQVFzfqK7Vve0aY&litespeed_type=imgoptm HTTP/1.1" 200 5 "-" "WordPress/6.8.1; https://reversevillain.com"
20.171.207.241 - - [12/Jun/2025:11:12:31 -0400] "GET / HTTP/1.1" 200 9388 "-" "Mozilla/5.0 AppleWebKit/537.36 (KHTML, like Gecko; compatible; GPTBot/1.2; +https://openai.com/gptbot)"
162.0.232.193 - - [12/Jun/2025:11:12:33 -0400] "POST /wp-cron.php?doing_wp_cron=1749741153.2698659896850585937500 HTTP/1.1" 200 0 "-" "WordPress/6.8.1; https://reversevillain.com"
18.97.14.88 - - [12/Jun/2025:11:12:32 -0400] "GET /wi/vocule/shopdetail/760380408.htm HTTP/1.1" 301 0 "-" "CCBot/2.0 (https://commoncrawl.org/faq/)"
66.249.66.169 - - [12/Jun/2025:11:12:32 -0400] "GET /r27329425.htm HTTP/1.1" 200 39965 "-" "Mozilla/5.0 (Linux; Android 6.0.1; Nexus 5X Build/MMB29P) AppleWebKit/537.36 (KHTML, like Gecko) Chrome/136.0.7103.113 Mobile Safari/537.36 (compatible; Googlebot/2.1; +http://www.google.com/bot.html)"
20.171.207.241 - - [12/Jun/2025:11:12:34 -0400] "GET /v/items899799681.htm HTTP/1.1" 301 0 "-" "Mozilla/5.0 AppleWebKit/537.36 (KHTML, like Gecko; compatible; GPTBot/1.2; +https://openai.com/gptbot)"
216.73.216.72 - - [12/Jun/2025:11:12:34 -0400] "GET /d/nonprehensile/detail1229797867.htm HTTP/1.1" 301 0 "-" "Mozilla/5.0 AppleWebKit/537.36 (KHTML, like Gecko; compatible; ClaudeBot/1.0; [email protected])"
20.171.207.241 - - [12/Jun/2025:11:12:35 -0400] "GET / HTTP/1.1" 200 9388 "-" "Mozilla/5.0 AppleWebKit/537.36 (KHTML, like Gecko; compatible; GPTBot/1.2; +https://openai.com/gptbot)"
216.244.66.242 - - [12/Jun/2025:11:12:35 -0400] "GET /tacit-chapter-80/feed/ HTTP/1.1" 301 0 "-" "Mozilla/5.0 (compatible; DotBot/1.2; +https://opensiteexplorer.org/dotbot; [email protected])"
216.73.216.72 - - [12/Jun/2025:11:12:37 -0400] "GET /g/slanted/items1221409848.htm HTTP/1.1" 301 0 "-" "Mozilla/5.0 AppleWebKit/537.36 (KHTML, like Gecko; compatible; ClaudeBot/1.0; [email protected])"
20.171.207.241 - - [12/Jun/2025:11:12:37 -0400] "GET /x/items841785953.htm HTTP/1.1" 301 0 "-" "Mozilla/5.0 AppleWebKit/537.36 (KHTML, like Gecko; compatible; GPTBot/1.2; +https://openai.com/gptbot)"
20.171.207.241 - - [12/Jun/2025:11:12:38 -0400] "GET / HTTP/1.1" 200 9388 "-" "Mozilla/5.0 AppleWebKit/537.36 (KHTML, like Gecko; compatible; GPTBot/1.2; +https://openai.com/gptbot)"
216.244.66.242 - - [12/Jun/2025:11:12:39 -0400] "GET /tag/black-clover-manga-chapter-333/ HTTP/1.1" 301 0 "-" "Mozilla/5.0 (compatible; DotBot/1.2; +https://opensiteexplorer.org/dotbot; [email protected])"
216.73.216.72 - - [12/Jun/2025:11:12:40 -0400] "GET /ono/detail1221306516.htm HTTP/1.1" 301 0 "-" "Mozilla/5.0 AppleWebKit/537.36 (KHTML, like Gecko; compatible; ClaudeBot/1.0; [email protected])"
20.171.207.241 - - [12/Jun/2025:11:12:40 -0400] "GET /l/items867620041.htm HTTP/1.1" 301 0 "-" "Mozilla/5.0 AppleWebKit/537.36 (KHTML, like Gecko; compatible; GPTBot/1.2; +https://openai.com/gptbot)"
20.171.207.241 - - [12/Jun/2025:11:12:41 -0400] "GET / HTTP/1.1" 200 9390 "-" "Mozilla/5.0 AppleWebKit/537.36 (KHTML, like Gecko; compatible; GPTBot/1.2; +https://openai.com/gptbot)"
216.244.66.242 - - [12/Jun/2025:11:12:43 -0400] "GET /the-undefeatable-swordsman-chapter-174/feed/ HTTP/1.1" 301 0 "-" "Mozilla/5.0 (compatible; DotBot/1.2; +https://opensiteexplorer.org/dotbot; [email protected])"
20.171.207.241 - - [12/Jun/2025:11:12:43 -0400] "GET /a/items705636878.htm HTTP/1.1" 301 0 "-" "Mozilla/5.0 AppleWebKit/537.36 (KHTML, like Gecko; compatible; GPTBot/1.2; +https://openai.com/gptbot)"
216.73.216.72 - - [12/Jun/2025:11:12:43 -0400] "GET /m/1229662630.htm HTTP/1.1" 301 0 "-" "Mozilla/5.0 AppleWebKit/537.36 (KHTML, like Gecko; compatible; ClaudeBot/1.0; [email protected])"
2a03:2880:f800:13:: - - [12/Jun/2025:11:12:44 -0400] "GET /br/items836914797.htm HTTP/1.1" 301 0 "-" "meta-externalagent/1.1 (+https://developers.facebook.com/docs/sharing/webmasters/crawler)"
20.171.207.241 - - [12/Jun/2025:11:12:44 -0400] "GET / HTTP/1.1" 200 9390 "-" "Mozilla/5.0 AppleWebKit/537.36 (KHTML, like Gecko; compatible; GPTBot/1.2; +https://openai.com/gptbot)"
20.171.207.241 - - [12/Jun/2025:11:12:45 -0400] "GET /b/items841467833.htm HTTP/1.1" 301 0 "-" "Mozilla/5.0 AppleWebKit/537.36 (KHTML, like Gecko; compatible; GPTBot/1.2; +https://openai.com/gptbot)"
20.171.207.241 - - [12/Jun/2025:11:12:46 -0400] "GET / HTTP/1.1" 200 9390 "-" "Mozilla/5.0 AppleWebKit/537.36 (KHTML, like Gecko; compatible; GPTBot/1.2; +https://openai.com/gptbot)"
216.73.216.72 - - [12/Jun/2025:11:12:46 -0400] "GET /tdf1228008683.htm HTTP/1.1" 301 0 "-" "Mozilla/5.0 AppleWebKit/537.36 (KHTML, like Gecko; compatible; ClaudeBot/1.0; [email protected])"
216.244.66.242 - - [12/Jun/2025:11:12:46 -0400] "GET /this-is-the-law-chapter-105/feed/ HTTP/1.1" 301 0 "-" "Mozilla/5.0 (compatible; DotBot/1.2; +https://opensiteexplorer.org/dotbot; [email protected])"
20.171.207.241 - - [12/Jun/2025:11:12:47 -0400] "GET /f/items195960231.htm HTTP/1.1" 301 0 "-" "Mozilla/5.0 AppleWebKit/537.36 (KHTML, like Gecko; compatible; GPTBot/1.2; +https://openai.com/gptbot)"
20.171.207.241 - - [12/Jun/2025:11:12:48 -0400] "GET / HTTP/1.1" 200 9388 "-" "Mozilla/5.0 AppleWebKit/537.36 (KHTML, like Gecko; compatible; GPTBot/1.2; +https://openai.com/gptbot)"
216.73.216.72 - - [12/Jun/2025:11:12:49 -0400] "GET /g1227981966.htm HTTP/1.1" 301 0 "-" "Mozilla/5.0 AppleWebKit/537.36 (KHTML, like Gecko; compatible; ClaudeBot/1.0; [email protected])"
162.0.232.193 - - [12/Jun/2025:11:12:50 -0400] "POST /wp-cron.php?doing_wp_cron=1749741170.1376910209655761718750 HTTP/1.1" 200 0 "-" "WordPress/6.8.1; https://reversevillain.com"
20.171.207.241 - - [12/Jun/2025:11:12:49 -0400] "GET /i/items881659942.htm HTTP/1.1" 301 0 "-" "Mozilla/5.0 AppleWebKit/537.36 (KHTML, like Gecko; compatible; GPTBot/1.2; +https://openai.com/gptbot)"
216.244.66.242 - - [12/Jun/2025:11:12:50 -0400] "GET /wind-breaker-chapter-415-2/feed/ HTTP/1.1" 301 0 "-" "Mozilla/5.0 (compatible; DotBot/1.2; +https://opensiteexplorer.org/dotbot; [email protected])"
162.0.232.193 - - [12/Jun/2025:11:12:50 -0400] "POST /wp-admin/admin-ajax.php?action=async_litespeed&nonce=jMTLxYXqDag7yxF1LBfDF3xCWASXQo7j&litespeed_type=imgoptm HTTP/1.1" 200 5 "-" "WordPress/6.8.1; https://reversevillain.com"
20.171.207.241 - - [12/Jun/2025:11:12:50 -0400] "GET / HTTP/1.1" 200 9388 "-" "Mozilla/5.0 AppleWebKit/537.36 (KHTML, like Gecko; compatible; GPTBot/1.2; +https://openai.com/gptbot)"
20.171.207.241 - - [12/Jun/2025:11:12:51 -0400] "GET /f/items196055665.htm HTTP/1.1" 301 0 "-" "Mozilla/5.0 AppleWebKit/537.36 (KHTML, like Gecko; compatible; GPTBot/1.2; +https://openai.com/gptbot)"
20.171.207.241 - - [12/Jun/2025:11:12:52 -0400] "GET / HTTP/1.1" 200 9390 "-" "Mozilla/5.0 AppleWebKit/537.36 (KHTML, like Gecko; compatible; GPTBot/1.2; +https://openai.com/gptbot)"
216.73.216.72 - - [12/Jun/2025:11:12:52 -0400] "GET /gu1228014548.htm HTTP/1.1" 301 0 "-" "Mozilla/5.0 AppleWebKit/537.36 (KHTML, like Gecko; compatible; ClaudeBot/1.0; [email protected])"
20.171.207.241 - - [12/Jun/2025:11:12:53 -0400] "GET /i/items195960982.htm HTTP/1.1" 301 0 "-" "Mozilla/5.0 AppleWebKit/537.36 (KHTML, like Gecko; compatible; GPTBot/1.2; +https://openai.com/gptbot)"
216.244.66.242 - - [12/Jun/2025:11:12:54 -0400] "GET /karakai-jouzu-no-moto-takagi-san-chapter-288/feed/ HTTP/1.1" 301 0 "-" "Mozilla/5.0 (compatible; DotBot/1.2; +https://opensiteexplorer.org/dotbot; [email protected])"
20.171.207.241 - - [12/Jun/2025:11:12:54 -0400] "GET / HTTP/1.1" 200 9388 "-" "Mozilla/5.0 AppleWebKit/537.36 (KHTML, like Gecko; compatible; GPTBot/1.2; +https://openai.com/gptbot)"
20.171.207.241 - - [12/Jun/2025:11:12:55 -0400] "GET /d/items841606757.htm HTTP/1.1" 301 0 "-" "Mozilla/5.0 AppleWebKit/537.36 (KHTML, like Gecko; compatible; GPTBot/1.2; +https://openai.com/gptbot)"
216.73.216.72 - - [12/Jun/2025:11:12:55 -0400] "GET /fix/1221366923.htm HTTP/1.1" 301 0 "-" "Mozilla/5.0 AppleWebKit/537.36 (KHTML, like Gecko; compatible; ClaudeBot/1.0; [email protected])"
20.171.207.241 - - [12/Jun/2025:11:12:55 -0400] "GET / HTTP/1.1" 200 9388 "-" "Mozilla/5.0 AppleWebKit/537.36 (KHTML, like Gecko; compatible; GPTBot/1.2; +https://openai.com/gptbot)"
20.171.207.241 - - [12/Jun/2025:11:12:56 -0400] "GET /l/items498344215.htm HTTP/1.1" 301 0 "-" "Mozilla/5.0 AppleWebKit/537.36 (KHTML, like Gecko; compatible; GPTBot/1.2; +https://openai.com/gptbot)"
20.171.207.241 - - [12/Jun/2025:11:12:57 -0400] "GET / HTTP/1.1" 200 9388 "-" "Mozilla/5.0 AppleWebKit/537.36 (KHTML, like Gecko; compatible; GPTBot/1.2; +https://openai.com/gptbot)"
216.244.66.242 - - [12/Jun/2025:11:12:57 -0400] "GET /risou-no-seijo-zannen-nise-seijo-deshita-kuso-of-the-year-to-yobareta-akuyaku-ni-tensei-shita-nda-ga-chapter-18-1/feed/ HTTP/1.1" 301 0 "-" "Mozilla/5.0 (compatible; DotBot/1.2; +https://opensiteexplorer.org/dotbot; [email protected])"
