162.0.232.193 - - [09/Jun/2025:22:05:40 -0400] "POST /wp-cron.php?doing_wp_cron=1749521139.5406589508056640625000 HTTP/1.1" 200 0 "-" "WordPress/6.8.1; https://reversevillain.com"
162.0.232.193 - - [09/Jun/2025:22:05:44 -0400] "POST /wp-admin/admin-ajax.php?action=async_litespeed&nonce=LiUnqbO5SOq4zL6xOXN3Wa2HKozAqreU&litespeed_type=imgoptm HTTP/1.1" 200 0 "-" "WordPress/6.8.1; https://reversevillain.com"
2001:41d0:303:8697::1 - - [09/Jun/2025:22:05:34 -0400] "GET / HTTP/1.1" 200 9389 "-" "Mozilla/5.0 (compatible; MJ12bot/v1.4.8; http://mj12bot.com/)"
162.0.232.193 - - [09/Jun/2025:22:05:51 -0400] "POST /wp-cron.php?doing_wp_cron=1749521150.1369640827178955078125 HTTP/1.1" 200 0 "-" "WordPress/6.8.1; https://reversevillain.com"
217.113.194.17 - - [09/Jun/2025:22:05:44 -0400] "GET /manga/staying-with-ajumma-chapter-87/ HTTP/1.1" 200 18225 "-" "Mozilla/5.0 (compatible; Barkrowler/0.9; +https://babbar.tech/crawler)"
2001:41d0:303:8697::1 - - [09/Jun/2025:22:05:55 -0400] "GET /koibito-ijou-yuujin-miman-chapter-36/ HTTP/1.1" 301 0 "-" "Mozilla/5.0 (compatible; MJ12bot/v1.4.8; http://mj12bot.com/)"
2001:41d0:303:8697::1 - - [09/Jun/2025:22:06:10 -0400] "GET / HTTP/1.1" 200 9389 "-" "Mozilla/5.0 (compatible; MJ12bot/v1.4.8; http://mj12bot.com/)"
217.113.194.17 - - [09/Jun/2025:22:06:15 -0400] "GET /category/reverse-villain-manhwa/page/4/ HTTP/1.1" 200 9001 "-" "Mozilla/5.0 (compatible; Barkrowler/0.9; +https://babbar.tech/crawler)"
162.0.232.193 - - [09/Jun/2025:22:06:38 -0400] "POST /wp-cron.php?doing_wp_cron=1749521198.3343319892883300781250 HTTP/1.1" 200 0 "-" "WordPress/6.8.1; https://reversevillain.com"
2001:41d0:303:8697::1 - - [09/Jun/2025:22:06:33 -0400] "GET /koibito-ijou-yuujin-miman-chapter-36/feed/ HTTP/1.1" 301 0 "-" "Mozilla/5.0 (compatible; MJ12bot/v1.4.8; http://mj12bot.com/)"
217.113.194.14 - - [09/Jun/2025:22:06:36 -0400] "GET /category/reverse-villain-manhwa/page/8/ HTTP/1.1" 200 8945 "-" "Mozilla/5.0 (compatible; Barkrowler/0.9; +https://babbar.tech/crawler)"
2001:41d0:303:8697::1 - - [09/Jun/2025:22:06:47 -0400] "GET / HTTP/1.1" 200 9389 "-" "Mozilla/5.0 (compatible; MJ12bot/v1.4.8; http://mj12bot.com/)"
2001:41d0:303:8697::1 - - [09/Jun/2025:22:07:03 -0400] "GET /komi-san-wa-comyushou-desu-chapter-407/ HTTP/1.1" 301 0 "-" "Mozilla/5.0 (compatible; MJ12bot/v1.4.8; http://mj12bot.com/)"
154.54.249.194 - - [09/Jun/2025:22:07:01 -0400] "GET /category/reverse-villain-manhwa/page/10/ HTTP/1.1" 200 8934 "-" "Mozilla/5.0 (compatible; Barkrowler/0.9; +https://babbar.tech/crawler)"
2001:41d0:303:8697::1 - - [09/Jun/2025:22:07:14 -0400] "GET / HTTP/1.1" 200 9389 "-" "Mozilla/5.0 (compatible; MJ12bot/v1.4.8; http://mj12bot.com/)"
2001:41d0:303:8697::1 - - [09/Jun/2025:22:07:29 -0400] "GET /komi-san-wa-comyushou-desu-chapter-407/feed/ HTTP/1.1" 301 0 "-" "Mozilla/5.0 (compatible; MJ12bot/v1.4.8; http://mj12bot.com/)"
217.113.194.16 - - [09/Jun/2025:22:07:27 -0400] "GET /category/reverse-villain-manhwa/page/11/ HTTP/1.1" 200 8941 "-" "Mozilla/5.0 (compatible; Barkrowler/0.9; +https://babbar.tech/crawler)"
162.0.232.193 - - [09/Jun/2025:22:07:55 -0400] "POST /wp-cron.php?doing_wp_cron=1749521274.7561359405517578125000 HTTP/1.1" 200 0 "-" "WordPress/6.8.1; https://reversevillain.com"
162.0.232.193 - - [09/Jun/2025:22:07:55 -0400] "POST /wp-cron.php?doing_wp_cron=1749521275.1384260654449462890625 HTTP/1.1" 200 0 "-" "WordPress/6.8.1; https://reversevillain.com"
2001:41d0:303:8697::1 - - [09/Jun/2025:22:07:50 -0400] "GET / HTTP/1.1" 200 9389 "-" "Mozilla/5.0 (compatible; MJ12bot/v1.4.8; http://mj12bot.com/)"
217.113.194.12 - - [09/Jun/2025:22:07:51 -0400] "GET /category/reverse-villain-manhwa/page/7/ HTTP/1.1" 200 8953 "-" "Mozilla/5.0 (compatible; Barkrowler/0.9; +https://babbar.tech/crawler)"
162.0.232.193 - - [09/Jun/2025:22:08:01 -0400] "POST /wp-admin/admin-ajax.php?action=async_litespeed&nonce=OHaOFl4yO4WTNY7x30DCipzXgKpWAkwd&litespeed_type=imgoptm HTTP/1.1" 200 0 "-" "WordPress/6.8.1; https://reversevillain.com"
2001:41d0:303:8697::1 - - [09/Jun/2025:22:08:10 -0400] "GET /komi-san-wa-comyushou-desu-chapter-432/ HTTP/1.1" 301 0 "-" "Mozilla/5.0 (compatible; MJ12bot/v1.4.8; http://mj12bot.com/)"
217.113.194.18 - - [09/Jun/2025:22:08:16 -0400] "GET /category/reverse-villain-manhwa/page/6/ HTTP/1.1" 200 8958 "-" "Mozilla/5.0 (compatible; Barkrowler/0.9; +https://babbar.tech/crawler)"
162.0.232.193 - - [09/Jun/2025:22:08:32 -0400] "POST /wp-cron.php?doing_wp_cron=1749521311.8387160301208496093750 HTTP/1.1" 200 0 "-" "WordPress/6.8.1; https://reversevillain.com"
2001:41d0:303:8697::1 - - [09/Jun/2025:22:08:28 -0400] "GET / HTTP/1.1" 200 9389 "-" "Mozilla/5.0 (compatible; MJ12bot/v1.4.8; http://mj12bot.com/)"
2001:41d0:303:8697::1 - - [09/Jun/2025:22:08:43 -0400] "GET /komi-san-wa-comyushou-desu-chapter-432/feed/ HTTP/1.1" 301 0 "-" "Mozilla/5.0 (compatible; MJ12bot/v1.4.8; http://mj12bot.com/)"
217.113.194.20 - - [09/Jun/2025:22:08:41 -0400] "GET /category/reverse-villain-manhwa/page/9/ HTTP/1.1" 200 8949 "-" "Mozilla/5.0 (compatible; Barkrowler/0.9; +https://babbar.tech/crawler)"
2001:41d0:303:8697::1 - - [09/Jun/2025:22:08:57 -0400] "GET / HTTP/1.1" 200 9389 "-" "Mozilla/5.0 (compatible; MJ12bot/v1.4.8; http://mj12bot.com/)"
2001:41d0:303:8697::1 - - [09/Jun/2025:22:09:10 -0400] "GET /komi-san-wa-comyushou-desu-chapter-444/ HTTP/1.1" 301 0 "-" "Mozilla/5.0 (compatible; MJ12bot/v1.4.8; http://mj12bot.com/)"
217.113.194.12 - - [09/Jun/2025:22:09:05 -0400] "GET /manga/above-ten-thousand-people-chapter-210/ HTTP/1.1" 200 11803 "-" "Mozilla/5.0 (compatible; Barkrowler/0.9; +https://babbar.tech/crawler)"
2001:41d0:303:8697::1 - - [09/Jun/2025:22:09:23 -0400] "GET / HTTP/1.1" 200 9389 "-" "Mozilla/5.0 (compatible; MJ12bot/v1.4.8; http://mj12bot.com/)"
162.0.232.193 - - [09/Jun/2025:22:09:37 -0400] "POST /wp-cron.php?doing_wp_cron=1749521376.1462609767913818359375 HTTP/1.1" 200 0 "-" "WordPress/6.8.1; https://reversevillain.com"
217.113.194.16 - - [09/Jun/2025:22:09:30 -0400] "GET /manga/you-have-to-take-responsibility-for-me-chapter-39/ HTTP/1.1" 200 11504 "-" "Mozilla/5.0 (compatible; Barkrowler/0.9; +https://babbar.tech/crawler)"
2001:41d0:303:8697::1 - - [09/Jun/2025:22:09:39 -0400] "GET /kono-koi-chaban-ni-tsuki-chapter-21/ HTTP/1.1" 301 0 "-" "Mozilla/5.0 (compatible; MJ12bot/v1.4.8; http://mj12bot.com/)"
162.0.232.193 - - [09/Jun/2025:22:09:43 -0400] "POST /wp-admin/admin-ajax.php?action=async_litespeed&nonce=S0ryxi6q7R9GbiajzRmzL8DnxyYZwcgi&litespeed_type=imgoptm HTTP/1.1" 200 0 "-" "WordPress/6.8.1; https://reversevillain.com"
43.130.78.203 - - [09/Jun/2025:22:09:43 -0400] "GET /reverse-villain-chapter-101/ HTTP/1.1" 200 9959 "-" "Mozilla/5.0 (iPhone; CPU iPhone OS 13_2_3 like Mac OS X) AppleWebKit/605.1.15 (KHTML, like Gecko) Version/13.0.3 Mobile/15E148 Safari/604.1"
162.0.232.193 - - [09/Jun/2025:22:09:57 -0400] "POST /wp-cron.php?doing_wp_cron=1749521397.4359529018402099609375 HTTP/1.1" 200 0 "-" "WordPress/6.8.1; https://reversevillain.com"
217.113.194.12 - - [09/Jun/2025:22:09:57 -0400] "GET /manga/above-ten-thousand-people-chapter-210/feed/ HTTP/1.1" 200 445 "-" "Mozilla/5.0 (compatible; Barkrowler/0.9; +https://babbar.tech/crawler)"
2001:41d0:303:8697::1 - - [09/Jun/2025:22:09:54 -0400] "GET / HTTP/1.1" 200 9390 "-" "Mozilla/5.0 (compatible; MJ12bot/v1.4.8; http://mj12bot.com/)"
162.0.232.193 - - [09/Jun/2025:22:10:03 -0400] "POST /wp-admin/admin-ajax.php?action=async_litespeed&nonce=HolkCt4E0JxDWuXlx17FbwdsFEWJ634S&litespeed_type=imgoptm HTTP/1.1" 200 0 "-" "WordPress/6.8.1; https://reversevillain.com"
217.113.194.19 - - [09/Jun/2025:22:10:18 -0400] "GET /manga/ayakashi-triangle-chapter-143/feed/ HTTP/1.1" 200 433 "-" "Mozilla/5.0 (compatible; Barkrowler/0.9; +https://babbar.tech/crawler)"
2001:41d0:303:8697::1 - - [09/Jun/2025:22:10:19 -0400] "GET /kono-koi-chaban-ni-tsuki-chapter-21/feed/ HTTP/1.1" 301 0 "-" "Mozilla/5.0 (compatible; MJ12bot/v1.4.8; http://mj12bot.com/)"
162.0.232.193 - - [09/Jun/2025:22:10:41 -0400] "POST /wp-cron.php?doing_wp_cron=1749521441.3385150432586669921875 HTTP/1.1" 200 0 "-" "WordPress/6.8.1; https://reversevillain.com"
217.113.194.15 - - [09/Jun/2025:22:10:37 -0400] "GET /manga/im-really-not-a-supervillain-chapter-205/ HTTP/1.1" 200 12555 "-" "Mozilla/5.0 (compatible; Barkrowler/0.9; +https://babbar.tech/crawler)"
2001:41d0:303:8697::1 - - [09/Jun/2025:22:10:40 -0400] "GET / HTTP/1.1" 200 9389 "-" "Mozilla/5.0 (compatible; MJ12bot/v1.4.8; http://mj12bot.com/)"
2001:41d0:303:8697::1 - - [09/Jun/2025:22:10:58 -0400] "GET /kowloon-generic-romance-chapter-61/ HTTP/1.1" 301 0 "-" "Mozilla/5.0 (compatible; MJ12bot/v1.4.8; http://mj12bot.com/)"
217.113.194.19 - - [09/Jun/2025:22:11:01 -0400] "GET /manga/im-really-not-a-supervillain-chapter-210/ HTTP/1.1" 200 8958 "-" "Mozilla/5.0 (compatible; Barkrowler/0.9; +https://babbar.tech/crawler)"
2001:41d0:303:8697::1 - - [09/Jun/2025:22:11:12 -0400] "GET / HTTP/1.1" 200 9388 "-" "Mozilla/5.0 (compatible; MJ12bot/v1.4.8; http://mj12bot.com/)"
154.54.249.194 - - [09/Jun/2025:22:11:25 -0400] "GET /manga/staying-with-ajumma-chapter-89/feed/ HTTP/1.1" 200 433 "-" "Mozilla/5.0 (compatible; Barkrowler/0.9; +https://babbar.tech/crawler)"
2001:41d0:303:8697::1 - - [09/Jun/2025:22:11:26 -0400] "GET /kubera-group-3-chapter-302/ HTTP/1.1" 301 0 "-" "Mozilla/5.0 (compatible; MJ12bot/v1.4.8; http://mj12bot.com/)"
162.0.232.193 - - [09/Jun/2025:22:11:49 -0400] "POST /wp-cron.php?doing_wp_cron=1749521509.5370669364929199218750 HTTP/1.1" 200 0 "-" "WordPress/6.8.1; https://reversevillain.com"
2001:41d0:303:8697::1 - - [09/Jun/2025:22:11:45 -0400] "GET / HTTP/1.1" 200 9389 "-" "Mozilla/5.0 (compatible; MJ12bot/v1.4.8; http://mj12bot.com/)"
162.0.232.193 - - [09/Jun/2025:22:11:54 -0400] "POST /wp-admin/admin-ajax.php?action=async_litespeed&nonce=d1hdhw66ott3u58C7TJibe87uoVYVzOD&litespeed_type=imgoptm HTTP/1.1" 200 0 "-" "WordPress/6.8.1; https://reversevillain.com"
213.180.203.72 - - [09/Jun/2025:22:11:56 -0400] "GET /nano-machine-chapter-114-2/ HTTP/1.1" 301 0 "-" "Mozilla/5.0 (compatible; YandexBot/3.0; +http://yandex.com/bots)"
217.113.194.13 - - [09/Jun/2025:22:12:00 -0400] "GET /manga/staying-with-ajumma-chapter-91/feed/ HTTP/1.1" 200 433 "-" "Mozilla/5.0 (compatible; Barkrowler/0.9; +https://babbar.tech/crawler)"
5.255.231.244 - - [09/Jun/2025:22:12:02 -0400] "GET / HTTP/1.1" 200 9389 "-" "Mozilla/5.0 (compatible; YandexBot/3.0; +http://yandex.com/bots)"
2001:41d0:303:8697::1 - - [09/Jun/2025:22:12:04 -0400] "GET /kubera-group-3-chapter-302/feed/ HTTP/1.1" 301 0 "-" "Mozilla/5.0 (compatible; MJ12bot/v1.4.8; http://mj12bot.com/)"
2001:41d0:303:8697::1 - - [09/Jun/2025:22:12:20 -0400] "GET / HTTP/1.1" 200 9390 "-" "Mozilla/5.0 (compatible; MJ12bot/v1.4.8; http://mj12bot.com/)"
217.113.194.18 - - [09/Jun/2025:22:12:23 -0400] "GET /manga/staying-with-ajumma-chapter-87/feed/ HTTP/1.1" 200 433 "-" "Mozilla/5.0 (compatible; Barkrowler/0.9; +https://babbar.tech/crawler)"
162.0.232.193 - - [09/Jun/2025:22:12:46 -0400] "POST /wp-cron.php?doing_wp_cron=1749521565.2339720726013183593750 HTTP/1.1" 200 0 "-" "WordPress/6.8.1; https://reversevillain.com"
2001:41d0:303:8697::1 - - [09/Jun/2025:22:12:41 -0400] "GET /kubera-group-3-chapter-313/ HTTP/1.1" 301 0 "-" "Mozilla/5.0 (compatible; MJ12bot/v1.4.8; http://mj12bot.com/)"
217.113.194.20 - - [09/Jun/2025:22:12:51 -0400] "GET /manga/the-era-of-female-doctor-chapter-97/feed/ HTTP/1.1" 200 445 "-" "Mozilla/5.0 (compatible; Barkrowler/0.9; +https://babbar.tech/crawler)"
2001:41d0:303:8697::1 - - [09/Jun/2025:22:13:00 -0400] "GET / HTTP/1.1" 200 9391 "-" "Mozilla/5.0 (compatible; MJ12bot/v1.4.8; http://mj12bot.com/)"
2001:41d0:303:8697::1 - - [09/Jun/2025:22:13:18 -0400] "GET /kuchi-ga-saketemo-kimi-ni-wa-chapter-68/feed/ HTTP/1.1" 301 0 "-" "Mozilla/5.0 (compatible; MJ12bot/v1.4.8; http://mj12bot.com/)"
4.227.36.54 - - [09/Jun/2025:22:13:28 -0400] "GET /robots.txt HTTP/1.1" 200 125 "-" "Mozilla/5.0 AppleWebKit/537.36 (KHTML, like Gecko; compatible; GPTBot/1.2; +https://openai.com/gptbot)"
20.171.207.117 - - [09/Jun/2025:22:13:28 -0400] "GET /sitemap_index.xml HTTP/1.1" 200 539 "-" "Mozilla/5.0 AppleWebKit/537.36 (KHTML, like Gecko; compatible; GPTBot/1.2; +https://openai.com/gptbot)"
20.171.207.117 - - [09/Jun/2025:22:13:31 -0400] "GET /sitemap-subitem-909.xml HTTP/1.1" 200 9554 "-" "Mozilla/5.0 AppleWebKit/537.36 (KHTML, like Gecko; compatible; GPTBot/1.2; +https://openai.com/gptbot)"
217.113.194.16 - - [09/Jun/2025:22:13:32 -0400] "GET /manga/im-really-not-a-supervillain-chapter-201/ HTTP/1.1" 200 0 "-" "Mozilla/5.0 (compatible; Barkrowler/0.9; +https://babbar.tech/crawler)"
20.171.207.117 - - [09/Jun/2025:22:13:34 -0400] "GET /sitemap-subitem-617.xml HTTP/1.1" 200 9490 "-" "Mozilla/5.0 AppleWebKit/537.36 (KHTML, like Gecko; compatible; GPTBot/1.2; +https://openai.com/gptbot)"
2001:41d0:303:8697::1 - - [09/Jun/2025:22:13:32 -0400] "GET / HTTP/1.1" 200 9389 "-" "Mozilla/5.0 (compatible; MJ12bot/v1.4.8; http://mj12bot.com/)"
20.171.207.117 - - [09/Jun/2025:22:13:36 -0400] "GET /sitemap-subitem-470.xml HTTP/1.1" 200 9437 "-" "Mozilla/5.0 AppleWebKit/537.36 (KHTML, like Gecko; compatible; GPTBot/1.2; +https://openai.com/gptbot)"
20.171.207.117 - - [09/Jun/2025:22:13:39 -0400] "GET /sitemap-subitem-557.xml HTTP/1.1" 200 9416 "-" "Mozilla/5.0 AppleWebKit/537.36 (KHTML, like Gecko; compatible; GPTBot/1.2; +https://openai.com/gptbot)"
20.171.207.117 - - [09/Jun/2025:22:13:41 -0400] "GET /sitemap-subitem-775.xml HTTP/1.1" 200 9352 "-" "Mozilla/5.0 AppleWebKit/537.36 (KHTML, like Gecko; compatible; GPTBot/1.2; +https://openai.com/gptbot)"
20.171.207.117 - - [09/Jun/2025:22:13:43 -0400] "GET /sitemap-subitem-892.xml HTTP/1.1" 200 9355 "-" "Mozilla/5.0 AppleWebKit/537.36 (KHTML, like Gecko; compatible; GPTBot/1.2; +https://openai.com/gptbot)"
20.171.207.117 - - [09/Jun/2025:22:13:44 -0400] "GET /sitemap-subitem-581.xml HTTP/1.1" 200 9342 "-" "Mozilla/5.0 AppleWebKit/537.36 (KHTML, like Gecko; compatible; GPTBot/1.2; +https://openai.com/gptbot)"
20.171.207.117 - - [09/Jun/2025:22:13:46 -0400] "GET /sitemap-subitem-454.xml HTTP/1.1" 200 9458 "-" "Mozilla/5.0 AppleWebKit/537.36 (KHTML, like Gecko; compatible; GPTBot/1.2; +https://openai.com/gptbot)"
20.171.207.117 - - [09/Jun/2025:22:13:47 -0400] "GET /sitemap-subitem-707.xml HTTP/1.1" 200 9513 "-" "Mozilla/5.0 AppleWebKit/537.36 (KHTML, like Gecko; compatible; GPTBot/1.2; +https://openai.com/gptbot)"
20.171.207.117 - - [09/Jun/2025:22:13:48 -0400] "GET /sitemap-subitem-408.xml HTTP/1.1" 200 9425 "-" "Mozilla/5.0 AppleWebKit/537.36 (KHTML, like Gecko; compatible; GPTBot/1.2; +https://openai.com/gptbot)"
162.0.232.193 - - [09/Jun/2025:22:13:52 -0400] "POST /wp-cron.php?doing_wp_cron=1749521632.2428119182586669921875 HTTP/1.1" 200 0 "-" "WordPress/6.8.1; https://reversevillain.com"
2001:41d0:303:8697::1 - - [09/Jun/2025:22:13:49 -0400] "GET /kumo-desu-ga-nani-ka-chapter-68-1/ HTTP/1.1" 301 0 "-" "Mozilla/5.0 (compatible; MJ12bot/v1.4.8; http://mj12bot.com/)"
162.0.232.193 - - [09/Jun/2025:22:13:54 -0400] "POST /wp-cron.php?doing_wp_cron=1749521633.5422790050506591796875 HTTP/1.1" 200 0 "-" "WordPress/6.8.1; https://reversevillain.com"
20.171.207.117 - - [09/Jun/2025:22:13:50 -0400] "GET /t/chromatosphere/goodscode1225529563.htm HTTP/1.1" 301 0 "-" "Mozilla/5.0 AppleWebKit/537.36 (KHTML, like Gecko; compatible; GPTBot/1.2; +https://openai.com/gptbot)"
162.0.232.193 - - [09/Jun/2025:22:13:58 -0400] "POST /wp-admin/admin-ajax.php?action=async_litespeed&nonce=vIlxbdKfc9436g6IKZ3YzyT6RmMfomA0&litespeed_type=imgoptm HTTP/1.1" 200 0 "-" "WordPress/6.8.1; https://reversevillain.com"
20.171.207.117 - - [09/Jun/2025:22:13:55 -0400] "GET / HTTP/1.1" 200 9389 "-" "Mozilla/5.0 AppleWebKit/537.36 (KHTML, like Gecko; compatible; GPTBot/1.2; +https://openai.com/gptbot)"
20.171.207.117 - - [09/Jun/2025:22:14:03 -0400] "GET /yza/cryptology/goodscode311782666.htm HTTP/1.1" 301 0 "-" "Mozilla/5.0 AppleWebKit/537.36 (KHTML, like Gecko; compatible; GPTBot/1.2; +https://openai.com/gptbot)"
20.171.207.117 - - [09/Jun/2025:22:14:06 -0400] "GET / HTTP/1.1" 200 9388 "-" "Mozilla/5.0 AppleWebKit/537.36 (KHTML, like Gecko; compatible; GPTBot/1.2; +https://openai.com/gptbot)"
2001:41d0:303:8697::1 - - [09/Jun/2025:22:14:05 -0400] "GET / HTTP/1.1" 200 9390 "-" "Mozilla/5.0 (compatible; MJ12bot/v1.4.8; http://mj12bot.com/)"
20.171.207.117 - - [09/Jun/2025:22:14:12 -0400] "GET /c/shopbrand311933690.htm HTTP/1.1" 301 0 "-" "Mozilla/5.0 AppleWebKit/537.36 (KHTML, like Gecko; compatible; GPTBot/1.2; +https://openai.com/gptbot)"
20.171.207.117 - - [09/Jun/2025:22:14:16 -0400] "GET / HTTP/1.1" 200 9389 "-" "Mozilla/5.0 AppleWebKit/537.36 (KHTML, like Gecko; compatible; GPTBot/1.2; +https://openai.com/gptbot)"
20.171.207.117 - - [09/Jun/2025:22:14:22 -0400] "GET /as/humulin/info/311847840.htm HTTP/1.1" 301 0 "-" "Mozilla/5.0 AppleWebKit/537.36 (KHTML, like Gecko; compatible; GPTBot/1.2; +https://openai.com/gptbot)"
162.0.232.193 - - [09/Jun/2025:22:14:31 -0400] "POST /wp-cron.php?doing_wp_cron=1749521671.0425119400024414062500 HTTP/1.1" 200 0 "-" "WordPress/6.8.1; https://reversevillain.com"
2001:41d0:303:8697::1 - - [09/Jun/2025:22:14:30 -0400] "GET /kuroiwa-medaka-ni-watashi-no-kawaii-ga-tsuujinai-chapter-121/ HTTP/1.1" 301 0 "-" "Mozilla/5.0 (compatible; MJ12bot/v1.4.8; http://mj12bot.com/)"
20.171.207.117 - - [09/Jun/2025:22:14:26 -0400] "GET / HTTP/1.1" 200 9389 "-" "Mozilla/5.0 AppleWebKit/537.36 (KHTML, like Gecko; compatible; GPTBot/1.2; +https://openai.com/gptbot)"
20.171.207.117 - - [09/Jun/2025:22:14:35 -0400] "GET /ie/dislocation/shopbrand104222148.htm HTTP/1.1" 301 0 "-" "Mozilla/5.0 AppleWebKit/537.36 (KHTML, like Gecko; compatible; GPTBot/1.2; +https://openai.com/gptbot)"
20.171.207.117 - - [09/Jun/2025:22:14:38 -0400] "GET / HTTP/1.1" 200 9389 "-" "Mozilla/5.0 AppleWebKit/537.36 (KHTML, like Gecko; compatible; GPTBot/1.2; +https://openai.com/gptbot)"
20.171.207.117 - - [09/Jun/2025:22:14:45 -0400] "GET /jup/913526551.htm HTTP/1.1" 301 0 "-" "Mozilla/5.0 AppleWebKit/537.36 (KHTML, like Gecko; compatible; GPTBot/1.2; +https://openai.com/gptbot)"
20.171.207.117 - - [09/Jun/2025:22:14:49 -0400] "GET / HTTP/1.1" 200 9389 "-" "Mozilla/5.0 AppleWebKit/537.36 (KHTML, like Gecko; compatible; GPTBot/1.2; +https://openai.com/gptbot)"
2001:41d0:303:8697::1 - - [09/Jun/2025:22:14:49 -0400] "GET / HTTP/1.1" 200 9389 "-" "Mozilla/5.0 (compatible; MJ12bot/v1.4.8; http://mj12bot.com/)"
20.171.207.117 - - [09/Jun/2025:22:14:54 -0400] "GET /n/189455757.htm HTTP/1.1" 301 0 "-" "Mozilla/5.0 AppleWebKit/537.36 (KHTML, like Gecko; compatible; GPTBot/1.2; +https://openai.com/gptbot)"
20.171.207.117 - - [09/Jun/2025:22:14:58 -0400] "GET / HTTP/1.1" 200 9389 "-" "Mozilla/5.0 AppleWebKit/537.36 (KHTML, like Gecko; compatible; GPTBot/1.2; +https://openai.com/gptbot)"
2001:41d0:303:8697::1 - - [09/Jun/2025:22:15:08 -0400] "GET /kuroiwa-medaka-ni-watashi-no-kawaii-ga-tsuujinai-chapter-121/feed/ HTTP/1.1" 301 0 "-" "Mozilla/5.0 (compatible; MJ12bot/v1.4.8; http://mj12bot.com/)"
20.171.207.117 - - [09/Jun/2025:22:15:10 -0400] "GET /l/goodscode368285177.htm HTTP/1.1" 301 0 "-" "Mozilla/5.0 AppleWebKit/537.36 (KHTML, like Gecko; compatible; GPTBot/1.2; +https://openai.com/gptbot)"
20.171.207.117 - - [09/Jun/2025:22:15:14 -0400] "GET / HTTP/1.1" 200 9388 "-" "Mozilla/5.0 AppleWebKit/537.36 (KHTML, like Gecko; compatible; GPTBot/1.2; +https://openai.com/gptbot)"
20.171.207.117 - - [09/Jun/2025:22:15:21 -0400] "GET /t/shopbrand860677157.htm HTTP/1.1" 301 0 "-" "Mozilla/5.0 AppleWebKit/537.36 (KHTML, like Gecko; compatible; GPTBot/1.2; +https://openai.com/gptbot)"
162.0.232.193 - - [09/Jun/2025:22:15:33 -0400] "POST /wp-cron.php?doing_wp_cron=1749521732.9628748893737792968750 HTTP/1.1" 200 0 "-" "WordPress/6.8.1; https://reversevillain.com"
20.171.207.117 - - [09/Jun/2025:22:15:26 -0400] "GET / HTTP/1.1" 200 9389 "-" "Mozilla/5.0 AppleWebKit/537.36 (KHTML, like Gecko; compatible; GPTBot/1.2; +https://openai.com/gptbot)"
2001:41d0:303:8697::1 - - [09/Jun/2025:22:15:29 -0400] "GET / HTTP/1.1" 200 9389 "-" "Mozilla/5.0 (compatible; MJ12bot/v1.4.8; http://mj12bot.com/)"
20.171.207.117 - - [09/Jun/2025:22:15:33 -0400] "GET /h/shopbrand731414881.htm HTTP/1.1" 301 0 "-" "Mozilla/5.0 AppleWebKit/537.36 (KHTML, like Gecko; compatible; GPTBot/1.2; +https://openai.com/gptbot)"
162.0.232.193 - - [09/Jun/2025:22:15:37 -0400] "POST /wp-admin/admin-ajax.php?action=async_litespeed&nonce=W13HXgi00w217TxzfnDz2FEZHp3fC0Mv&litespeed_type=imgoptm HTTP/1.1" 200 0 "-" "WordPress/6.8.1; https://reversevillain.com"
20.171.207.117 - - [09/Jun/2025:22:15:37 -0400] "GET / HTTP/1.1" 200 9389 "-" "Mozilla/5.0 AppleWebKit/537.36 (KHTML, like Gecko; compatible; GPTBot/1.2; +https://openai.com/gptbot)"
162.0.232.193 - - [09/Jun/2025:22:15:55 -0400] "POST /wp-cron.php?doing_wp_cron=1749521754.1935319900512695312500 HTTP/1.1" 200 0 "-" "WordPress/6.8.1; https://reversevillain.com"
162.0.232.193 - - [09/Jun/2025:22:15:55 -0400] "POST /wp-cron.php?doing_wp_cron=1749521754.0384910106658935546875 HTTP/1.1" 200 0 "-" "WordPress/6.8.1; https://reversevillain.com"
20.171.207.117 - - [09/Jun/2025:22:15:44 -0400] "GET /kty/shopbrand780048358.htm HTTP/1.1" 301 0 "-" "Mozilla/5.0 AppleWebKit/537.36 (KHTML, like Gecko; compatible; GPTBot/1.2; +https://openai.com/gptbot)"
2001:41d0:303:8697::1 - - [09/Jun/2025:22:15:47 -0400] "GET /kuroiwa-medaka-ni-watashi-no-kawaii-ga-tsuujinai-chapter-94/ HTTP/1.1" 301 0 "-" "Mozilla/5.0 (compatible; MJ12bot/v1.4.8; http://mj12bot.com/)"
162.0.232.193 - - [09/Jun/2025:22:16:01 -0400] "POST /wp-admin/admin-ajax.php?action=async_litespeed&nonce=5LOyUUxQtoDZchax3SxwYEAYwGOq975c&litespeed_type=imgoptm HTTP/1.1" 200 0 "-" "WordPress/6.8.1; https://reversevillain.com"
20.171.207.117 - - [09/Jun/2025:22:15:55 -0400] "GET / HTTP/1.1" 200 9389 "-" "Mozilla/5.0 AppleWebKit/537.36 (KHTML, like Gecko; compatible; GPTBot/1.2; +https://openai.com/gptbot)"
20.171.207.117 - - [09/Jun/2025:22:16:09 -0400] "GET /xj780011007.htm HTTP/1.1" 301 0 "-" "Mozilla/5.0 AppleWebKit/537.36 (KHTML, like Gecko; compatible; GPTBot/1.2; +https://openai.com/gptbot)"
2001:41d0:303:8697::1 - - [09/Jun/2025:22:16:10 -0400] "GET / HTTP/1.1" 200 9388 "-" "Mozilla/5.0 (compatible; MJ12bot/v1.4.8; http://mj12bot.com/)"
20.171.207.117 - - [09/Jun/2025:22:16:15 -0400] "GET / HTTP/1.1" 200 9389 "-" "Mozilla/5.0 AppleWebKit/537.36 (KHTML, like Gecko; compatible; GPTBot/1.2; +https://openai.com/gptbot)"
20.171.207.117 - - [09/Jun/2025:22:16:26 -0400] "GET /lkx/shopping/779898415.htm HTTP/1.1" 301 0 "-" "Mozilla/5.0 AppleWebKit/537.36 (KHTML, like Gecko; compatible; GPTBot/1.2; +https://openai.com/gptbot)"
162.0.232.193 - - [09/Jun/2025:22:16:33 -0400] "POST /wp-cron.php?doing_wp_cron=1749521792.9387159347534179687500 HTTP/1.1" 200 0 "-" "WordPress/6.8.1; https://reversevillain.com"
20.171.207.117 - - [09/Jun/2025:22:16:29 -0400] "GET / HTTP/1.1" 200 9389 "-" "Mozilla/5.0 AppleWebKit/537.36 (KHTML, like Gecko; compatible; GPTBot/1.2; +https://openai.com/gptbot)"
2001:41d0:303:8697::1 - - [09/Jun/2025:22:16:35 -0400] "GET /kuroiwa-medaka-ni-watashi-no-kawaii-ga-tsuujinai-chapter-94/feed/ HTTP/1.1" 301 0 "-" "Mozilla/5.0 (compatible; MJ12bot/v1.4.8; http://mj12bot.com/)"
20.171.207.117 - - [09/Jun/2025:22:16:40 -0400] "GET /gmu/367972430.htm HTTP/1.1" 301 0 "-" "Mozilla/5.0 AppleWebKit/537.36 (KHTML, like Gecko; compatible; GPTBot/1.2; +https://openai.com/gptbot)"
20.171.207.117 - - [09/Jun/2025:22:16:44 -0400] "GET / HTTP/1.1" 200 9389 "-" "Mozilla/5.0 AppleWebKit/537.36 (KHTML, like Gecko; compatible; GPTBot/1.2; +https://openai.com/gptbot)"
20.171.207.117 - - [09/Jun/2025:22:16:49 -0400] "GET /haz/731329169.htm HTTP/1.1" 301 0 "-" "Mozilla/5.0 AppleWebKit/537.36 (KHTML, like Gecko; compatible; GPTBot/1.2; +https://openai.com/gptbot)"
20.171.207.117 - - [09/Jun/2025:22:16:54 -0400] "GET / HTTP/1.1" 200 9389 "-" "Mozilla/5.0 AppleWebKit/537.36 (KHTML, like Gecko; compatible; GPTBot/1.2; +https://openai.com/gptbot)"
2001:41d0:303:8697::1 - - [09/Jun/2025:22:16:52 -0400] "GET / HTTP/1.1" 200 9391 "-" "Mozilla/5.0 (compatible; MJ12bot/v1.4.8; http://mj12bot.com/)"
20.171.207.117 - - [09/Jun/2025:22:16:58 -0400] "GET /x/remonstrant/goods/368139993.htm HTTP/1.1" 301 0 "-" "Mozilla/5.0 AppleWebKit/537.36 (KHTML, like Gecko; compatible; GPTBot/1.2; +https://openai.com/gptbot)"
20.171.207.117 - - [09/Jun/2025:22:17:02 -0400] "GET / HTTP/1.1" 200 9389 "-" "Mozilla/5.0 AppleWebKit/537.36 (KHTML, like Gecko; compatible; GPTBot/1.2; +https://openai.com/gptbot)"
2001:41d0:303:8697::1 - - [09/Jun/2025:22:17:06 -0400] "GET /kuroneko-to-majo-no-kyoushitsu-chapter-36/ HTTP/1.1" 301 0 "-" "Mozilla/5.0 (compatible; MJ12bot/v1.4.8; http://mj12bot.com/)"
20.171.207.117 - - [09/Jun/2025:22:17:08 -0400] "GET /p/254277363.htm HTTP/1.1" 301 0 "-" "Mozilla/5.0 AppleWebKit/537.36 (KHTML, like Gecko; compatible; GPTBot/1.2; +https://openai.com/gptbot)"
20.171.207.117 - - [09/Jun/2025:22:17:15 -0400] "GET / HTTP/1.1" 200 9389 "-" "Mozilla/5.0 AppleWebKit/537.36 (KHTML, like Gecko; compatible; GPTBot/1.2; +https://openai.com/gptbot)"
2001:41d0:303:8697::1 - - [09/Jun/2025:22:17:19 -0400] "GET / HTTP/1.1" 200 9389 "-" "Mozilla/5.0 (compatible; MJ12bot/v1.4.8; http://mj12bot.com/)"
20.171.207.117 - - [09/Jun/2025:22:17:22 -0400] "GET /o/368232934.htm HTTP/1.1" 301 0 "-" "Mozilla/5.0 AppleWebKit/537.36 (KHTML, like Gecko; compatible; GPTBot/1.2; +https://openai.com/gptbot)"
20.171.207.117 - - [09/Jun/2025:22:17:26 -0400] "GET / HTTP/1.1" 200 9389 "-" "Mozilla/5.0 AppleWebKit/537.36 (KHTML, like Gecko; compatible; GPTBot/1.2; +https://openai.com/gptbot)"
162.0.232.193 - - [09/Jun/2025:22:17:38 -0400] "POST /wp-cron.php?doing_wp_cron=1749521858.2356219291687011718750 HTTP/1.1" 200 0 "-" "WordPress/6.8.1; https://reversevillain.com"
20.171.207.117 - - [09/Jun/2025:22:17:34 -0400] "GET /o/780113606.htm HTTP/1.1" 301 0 "-" "Mozilla/5.0 AppleWebKit/537.36 (KHTML, like Gecko; compatible; GPTBot/1.2; +https://openai.com/gptbot)"
2001:41d0:303:8697::1 - - [09/Jun/2025:22:17:37 -0400] "GET /kuroneko-to-majo-no-kyoushitsu-chapter-36/feed/ HTTP/1.1" 301 0 "-" "Mozilla/5.0 (compatible; MJ12bot/v1.4.8; http://mj12bot.com/)"
162.0.232.193 - - [09/Jun/2025:22:17:42 -0400] "POST /wp-admin/admin-ajax.php?action=async_litespeed&nonce=NeBk8LQVtwinNr6ZDgKyophQ7JNV9rJ2&litespeed_type=imgoptm HTTP/1.1" 200 0 "-" "WordPress/6.8.1; https://reversevillain.com"
20.171.207.117 - - [09/Jun/2025:22:17:39 -0400] "GET / HTTP/1.1" 200 9389 "-" "Mozilla/5.0 AppleWebKit/537.36 (KHTML, like Gecko; compatible; GPTBot/1.2; +https://openai.com/gptbot)"
20.171.207.117 - - [09/Jun/2025:22:17:45 -0400] "GET /d/189376077.htm HTTP/1.1" 301 0 "-" "Mozilla/5.0 AppleWebKit/537.36 (KHTML, like Gecko; compatible; GPTBot/1.2; +https://openai.com/gptbot)"
162.0.232.193 - - [09/Jun/2025:22:17:53 -0400] "POST /wp-cron.php?doing_wp_cron=1749521873.0341229438781738281250 HTTP/1.1" 200 0 "-" "WordPress/6.8.1; https://reversevillain.com"
20.171.207.117 - - [09/Jun/2025:22:17:50 -0400] "GET / HTTP/1.1" 200 9389 "-" "Mozilla/5.0 AppleWebKit/537.36 (KHTML, like Gecko; compatible; GPTBot/1.2; +https://openai.com/gptbot)"
162.0.232.193 - - [09/Jun/2025:22:17:58 -0400] "POST /wp-admin/admin-ajax.php?action=async_litespeed&nonce=q9k4ayZoKuJxCvAotfq3p00xP050xjT7&litespeed_type=imgoptm HTTP/1.1" 200 0 "-" "WordPress/6.8.1; https://reversevillain.com"
20.171.207.117 - - [09/Jun/2025:22:17:57 -0400] "GET /t/731462317.htm HTTP/1.1" 301 0 "-" "Mozilla/5.0 AppleWebKit/537.36 (KHTML, like Gecko; compatible; GPTBot/1.2; +https://openai.com/gptbot)"
2001:41d0:303:8697::1 - - [09/Jun/2025:22:17:56 -0400] "GET / HTTP/1.1" 200 9389 "-" "Mozilla/5.0 (compatible; MJ12bot/v1.4.8; http://mj12bot.com/)"
20.171.207.117 - - [09/Jun/2025:22:17:59 -0400] "GET / HTTP/1.1" 200 9389 "-" "Mozilla/5.0 AppleWebKit/537.36 (KHTML, like Gecko; compatible; GPTBot/1.2; +https://openai.com/gptbot)"
20.171.207.117 - - [09/Jun/2025:22:18:04 -0400] "GET /s/311951188.htm HTTP/1.1" 301 0 "-" "Mozilla/5.0 AppleWebKit/537.36 (KHTML, like Gecko; compatible; GPTBot/1.2; +https://openai.com/gptbot)"
20.171.207.117 - - [09/Jun/2025:22:18:07 -0400] "GET / HTTP/1.1" 200 9388 "-" "Mozilla/5.0 AppleWebKit/537.36 (KHTML, like Gecko; compatible; GPTBot/1.2; +https://openai.com/gptbot)"
20.171.207.117 - - [09/Jun/2025:22:18:12 -0400] "GET /q/189327972.htm HTTP/1.1" 301 0 "-" "Mozilla/5.0 AppleWebKit/537.36 (KHTML, like Gecko; compatible; GPTBot/1.2; +https://openai.com/gptbot)"
2001:41d0:303:8697::1 - - [09/Jun/2025:22:18:14 -0400] "GET /kyou-mo-veranda-de-chapter-29/feed/ HTTP/1.1" 301 0 "-" "Mozilla/5.0 (compatible; MJ12bot/v1.4.8; http://mj12bot.com/)"
20.171.207.117 - - [09/Jun/2025:22:18:16 -0400] "GET / HTTP/1.1" 200 9388 "-" "Mozilla/5.0 AppleWebKit/537.36 (KHTML, like Gecko; compatible; GPTBot/1.2; +https://openai.com/gptbot)"
20.171.207.117 - - [09/Jun/2025:22:18:21 -0400] "GET /u/913562868.htm HTTP/1.1" 301 0 "-" "Mozilla/5.0 AppleWebKit/537.36 (KHTML, like Gecko; compatible; GPTBot/1.2; +https://openai.com/gptbot)"
162.0.232.193 - - [09/Jun/2025:22:18:30 -0400] "POST /wp-cron.php?doing_wp_cron=1749521909.8398649692535400390625 HTTP/1.1" 200 0 "-" "WordPress/6.8.1; https://reversevillain.com"
20.171.207.117 - - [09/Jun/2025:22:18:24 -0400] "GET / HTTP/1.1" 200 9389 "-" "Mozilla/5.0 AppleWebKit/537.36 (KHTML, like Gecko; compatible; GPTBot/1.2; +https://openai.com/gptbot)"
20.171.207.117 - - [09/Jun/2025:22:18:30 -0400] "GET /z/goods/780096529.htm HTTP/1.1" 301 0 "-" "Mozilla/5.0 AppleWebKit/537.36 (KHTML, like Gecko; compatible; GPTBot/1.2; +https://openai.com/gptbot)"
2001:41d0:303:8697::1 - - [09/Jun/2025:22:18:26 -0400] "GET / HTTP/1.1" 200 9389 "-" "Mozilla/5.0 (compatible; MJ12bot/v1.4.8; http://mj12bot.com/)"
20.171.207.117 - - [09/Jun/2025:22:18:34 -0400] "GET / HTTP/1.1" 200 9390 "-" "Mozilla/5.0 AppleWebKit/537.36 (KHTML, like Gecko; compatible; GPTBot/1.2; +https://openai.com/gptbot)"
20.171.207.117 - - [09/Jun/2025:22:18:38 -0400] "GET /l/goods/913762701.htm HTTP/1.1" 301 0 "-" "Mozilla/5.0 AppleWebKit/537.36 (KHTML, like Gecko; compatible; GPTBot/1.2; +https://openai.com/gptbot)"
2001:41d0:303:8697::1 - - [09/Jun/2025:22:18:40 -0400] "GET /kyuujitsu-no-warumono-san-chapter-56/feed/ HTTP/1.1" 301 0 "-" "Mozilla/5.0 (compatible; MJ12bot/v1.4.8; http://mj12bot.com/)"
20.171.207.117 - - [09/Jun/2025:22:18:43 -0400] "GET / HTTP/1.1" 200 9389 "-" "Mozilla/5.0 AppleWebKit/537.36 (KHTML, like Gecko; compatible; GPTBot/1.2; +https://openai.com/gptbot)"
20.171.207.117 - - [09/Jun/2025:22:18:49 -0400] "GET /n/goods/731331895.htm HTTP/1.1" 301 0 "-" "Mozilla/5.0 AppleWebKit/537.36 (KHTML, like Gecko; compatible; GPTBot/1.2; +https://openai.com/gptbot)"
2001:41d0:303:8697::1 - - [09/Jun/2025:22:18:53 -0400] "GET / HTTP/1.1" 200 9389 "-" "Mozilla/5.0 (compatible; MJ12bot/v1.4.8; http://mj12bot.com/)"
20.171.207.117 - - [09/Jun/2025:22:18:53 -0400] "GET / HTTP/1.1" 200 9389 "-" "Mozilla/5.0 AppleWebKit/537.36 (KHTML, like Gecko; compatible; GPTBot/1.2; +https://openai.com/gptbot)"
20.171.207.117 - - [09/Jun/2025:22:18:59 -0400] "GET /oq/spurlingline/goodscode1225731016.htm HTTP/1.1" 301 0 "-" "Mozilla/5.0 AppleWebKit/537.36 (KHTML, like Gecko; compatible; GPTBot/1.2; +https://openai.com/gptbot)"
20.171.207.117 - - [09/Jun/2025:22:19:02 -0400] "GET / HTTP/1.1" 200 9389 "-" "Mozilla/5.0 AppleWebKit/537.36 (KHTML, like Gecko; compatible; GPTBot/1.2; +https://openai.com/gptbot)"
20.171.207.117 - - [09/Jun/2025:22:19:09 -0400] "GET /lf/items254179541.htm HTTP/1.1" 301 0 "-" "Mozilla/5.0 AppleWebKit/537.36 (KHTML, like Gecko; compatible; GPTBot/1.2; +https://openai.com/gptbot)"
20.171.207.117 - - [09/Jun/2025:22:19:12 -0400] "GET / HTTP/1.1" 200 9389 "-" "Mozilla/5.0 AppleWebKit/537.36 (KHTML, like Gecko; compatible; GPTBot/1.2; +https://openai.com/gptbot)"
2001:41d0:303:8697::1 - - [09/Jun/2025:22:19:15 -0400] "GET /kyuutei-no-majinaishi-chapter-11/ HTTP/1.1" 301 0 "-" "Mozilla/5.0 (compatible; MJ12bot/v1.4.8; http://mj12bot.com/)"
20.171.207.117 - - [09/Jun/2025:22:19:17 -0400] "GET /i/shopbrand1225460920.htm HTTP/1.1" 301 0 "-" "Mozilla/5.0 AppleWebKit/537.36 (KHTML, like Gecko; compatible; GPTBot/1.2; +https://openai.com/gptbot)"
20.171.207.117 - - [09/Jun/2025:22:19:19 -0400] "GET / HTTP/1.1" 200 9389 "-" "Mozilla/5.0 AppleWebKit/537.36 (KHTML, like Gecko; compatible; GPTBot/1.2; +https://openai.com/gptbot)"
20.171.207.117 - - [09/Jun/2025:22:19:25 -0400] "GET /ejs/items860618088.htm HTTP/1.1" 301 0 "-" "Mozilla/5.0 AppleWebKit/537.36 (KHTML, like Gecko; compatible; GPTBot/1.2; +https://openai.com/gptbot)"
162.0.232.193 - - [09/Jun/2025:22:19:33 -0400] "POST /wp-cron.php?doing_wp_cron=1749521972.9337239265441894531250 HTTP/1.1" 200 0 "-" "WordPress/6.8.1; https://reversevillain.com"
162.0.232.193 - - [09/Jun/2025:22:19:36 -0400] "POST /wp-cron.php?doing_wp_cron=1749521975.3380069732666015625000 HTTP/1.1" 200 0 "-" "WordPress/6.8.1; https://reversevillain.com"
20.171.207.117 - - [09/Jun/2025:22:19:29 -0400] "GET / HTTP/1.1" 200 9389 "-" "Mozilla/5.0 AppleWebKit/537.36 (KHTML, like Gecko; compatible; GPTBot/1.2; +https://openai.com/gptbot)"
162.0.232.193 - - [09/Jun/2025:22:19:39 -0400] "POST /wp-admin/admin-ajax.php?action=async_litespeed&nonce=IDvRify4QQwPOlkr3XdE9mTInpJnahsq&litespeed_type=imgoptm HTTP/1.1" 200 0 "-" "WordPress/6.8.1; https://reversevillain.com"
2001:41d0:303:8697::1 - - [09/Jun/2025:22:19:31 -0400] "GET / HTTP/1.1" 200 9390 "-" "Mozilla/5.0 (compatible; MJ12bot/v1.4.8; http://mj12bot.com/)"
20.171.207.117 - - [09/Jun/2025:22:19:38 -0400] "GET /g/filibusterism/item/104231804.htm HTTP/1.1" 301 0 "-" "Mozilla/5.0 AppleWebKit/537.36 (KHTML, like Gecko; compatible; GPTBot/1.2; +https://openai.com/gptbot)"
20.171.207.117 - - [09/Jun/2025:22:19:42 -0400] "GET / HTTP/1.1" 200 9391 "-" "Mozilla/5.0 AppleWebKit/537.36 (KHTML, like Gecko; compatible; GPTBot/1.2; +https://openai.com/gptbot)"
162.0.232.193 - - [09/Jun/2025:22:19:51 -0400] "POST /wp-cron.php?doing_wp_cron=1749521990.5347800254821777343750 HTTP/1.1" 200 0 "-" "WordPress/6.8.1; https://reversevillain.com"
2001:41d0:303:8697::1 - - [09/Jun/2025:22:19:47 -0400] "GET /latna-saga-survival-of-a-sword-king-chapter-191/feed/ HTTP/1.1" 301 0 "-" "Mozilla/5.0 (compatible; MJ12bot/v1.4.8; http://mj12bot.com/)"
20.171.207.117 - - [09/Jun/2025:22:19:48 -0400] "GET /r/products/913572807.htm HTTP/1.1" 301 0 "-" "Mozilla/5.0 AppleWebKit/537.36 (KHTML, like Gecko; compatible; GPTBot/1.2; +https://openai.com/gptbot)"
162.0.232.193 - - [09/Jun/2025:22:19:55 -0400] "POST /wp-admin/admin-ajax.php?action=async_litespeed&nonce=tnKgxJzq1xVCLiMA39fdKZPoTP4bK7qt&litespeed_type=imgoptm HTTP/1.1" 200 0 "-" "WordPress/6.8.1; https://reversevillain.com"
20.171.207.117 - - [09/Jun/2025:22:19:53 -0400] "GET / HTTP/1.1" 200 9389 "-" "Mozilla/5.0 AppleWebKit/537.36 (KHTML, like Gecko; compatible; GPTBot/1.2; +https://openai.com/gptbot)"
43.153.54.14 - - [09/Jun/2025:22:19:54 -0400] "GET /reverse-villain-chapter-91/ HTTP/1.1" 200 9944 "-" "Mozilla/5.0 (iPhone; CPU iPhone OS 13_2_3 like Mac OS X) AppleWebKit/605.1.15 (KHTML, like Gecko) Version/13.0.3 Mobile/15E148 Safari/604.1"
20.171.207.117 - - [09/Jun/2025:22:20:01 -0400] "GET /b/item/253972925.htm HTTP/1.1" 301 0 "-" "Mozilla/5.0 AppleWebKit/537.36 (KHTML, like Gecko; compatible; GPTBot/1.2; +https://openai.com/gptbot)"
2001:41d0:303:8697::1 - - [09/Jun/2025:22:20:06 -0400] "GET / HTTP/1.1" 200 9389 "-" "Mozilla/5.0 (compatible; MJ12bot/v1.4.8; http://mj12bot.com/)"
20.171.207.117 - - [09/Jun/2025:22:20:06 -0400] "GET / HTTP/1.1" 200 9389 "-" "Mozilla/5.0 AppleWebKit/537.36 (KHTML, like Gecko; compatible; GPTBot/1.2; +https://openai.com/gptbot)"
20.171.207.117 - - [09/Jun/2025:22:20:13 -0400] "GET /btx/flack/entity254015109.htm HTTP/1.1" 301 0 "-" "Mozilla/5.0 AppleWebKit/537.36 (KHTML, like Gecko; compatible; GPTBot/1.2; +https://openai.com/gptbot)"
20.171.207.117 - - [09/Jun/2025:22:20:17 -0400] "GET / HTTP/1.1" 200 9388 "-" "Mozilla/5.0 AppleWebKit/537.36 (KHTML, like Gecko; compatible; GPTBot/1.2; +https://openai.com/gptbot)"
20.171.207.117 - - [09/Jun/2025:22:20:21 -0400] "GET /vx/860411133.htm HTTP/1.1" 301 0 "-" "Mozilla/5.0 AppleWebKit/537.36 (KHTML, like Gecko; compatible; GPTBot/1.2; +https://openai.com/gptbot)"
20.171.207.117 - - [09/Jun/2025:22:20:23 -0400] "GET / HTTP/1.1" 200 9389 "-" "Mozilla/5.0 AppleWebKit/537.36 (KHTML, like Gecko; compatible; GPTBot/1.2; +https://openai.com/gptbot)"
162.0.232.193 - - [09/Jun/2025:22:20:31 -0400] "POST /wp-cron.php?doing_wp_cron=1749522031.1403629779815673828125 HTTP/1.1" 200 0 "-" "WordPress/6.8.1; https://reversevillain.com"
2001:41d0:303:8697::1 - - [09/Jun/2025:22:20:28 -0400] "GET /latna-saga-survival-of-a-sword-king-chapter-192/ HTTP/1.1" 301 0 "-" "Mozilla/5.0 (compatible; MJ12bot/v1.4.8; http://mj12bot.com/)"
20.171.207.117 - - [09/Jun/2025:22:20:28 -0400] "GET /lv/goodscode731416317.htm HTTP/1.1" 301 0 "-" "Mozilla/5.0 AppleWebKit/537.36 (KHTML, like Gecko; compatible; GPTBot/1.2; +https://openai.com/gptbot)"
20.171.207.117 - - [09/Jun/2025:22:20:32 -0400] "GET / HTTP/1.1" 200 9390 "-" "Mozilla/5.0 AppleWebKit/537.36 (KHTML, like Gecko; compatible; GPTBot/1.2; +https://openai.com/gptbot)"
20.171.207.117 - - [09/Jun/2025:22:20:40 -0400] "GET /iii/1225642842.htm HTTP/1.1" 301 0 "-" "Mozilla/5.0 AppleWebKit/537.36 (KHTML, like Gecko; compatible; GPTBot/1.2; +https://openai.com/gptbot)"
2001:41d0:303:8697::1 - - [09/Jun/2025:22:20:41 -0400] "GET / HTTP/1.1" 200 9391 "-" "Mozilla/5.0 (compatible; MJ12bot/v1.4.8; http://mj12bot.com/)"
20.171.207.117 - - [09/Jun/2025:22:20:43 -0400] "GET / HTTP/1.1" 200 9391 "-" "Mozilla/5.0 AppleWebKit/537.36 (KHTML, like Gecko; compatible; GPTBot/1.2; +https://openai.com/gptbot)"
20.171.207.117 - - [09/Jun/2025:22:20:49 -0400] "GET /ryt/atrocious/goods/311983093.htm HTTP/1.1" 301 0 "-" "Mozilla/5.0 AppleWebKit/537.36 (KHTML, like Gecko; compatible; GPTBot/1.2; +https://openai.com/gptbot)"
2001:41d0:303:8697::1 - - [09/Jun/2025:22:20:55 -0400] "GET /latna-saga-survival-of-a-sword-king-chapter-192/feed/ HTTP/1.1" 301 0 "-" "Mozilla/5.0 (compatible; MJ12bot/v1.4.8; http://mj12bot.com/)"
20.171.207.117 - - [09/Jun/2025:22:20:55 -0400] "GET / HTTP/1.1" 200 9388 "-" "Mozilla/5.0 AppleWebKit/537.36 (KHTML, like Gecko; compatible; GPTBot/1.2; +https://openai.com/gptbot)"
20.171.207.117 - - [09/Jun/2025:22:21:02 -0400] "GET /oe253967068.htm HTTP/1.1" 301 0 "-" "Mozilla/5.0 AppleWebKit/537.36 (KHTML, like Gecko; compatible; GPTBot/1.2; +https://openai.com/gptbot)"
20.171.207.117 - - [09/Jun/2025:22:21:05 -0400] "GET / HTTP/1.1" 200 9388 "-" "Mozilla/5.0 AppleWebKit/537.36 (KHTML, like Gecko; compatible; GPTBot/1.2; +https://openai.com/gptbot)"
20.171.207.117 - - [09/Jun/2025:22:21:12 -0400] "GET /hx/1225716931.htm HTTP/1.1" 301 0 "-" "Mozilla/5.0 AppleWebKit/537.36 (KHTML, like Gecko; compatible; GPTBot/1.2; +https://openai.com/gptbot)"
2001:41d0:303:8697::1 - - [09/Jun/2025:22:21:13 -0400] "GET / HTTP/1.1" 200 9388 "-" "Mozilla/5.0 (compatible; MJ12bot/v1.4.8; http://mj12bot.com/)"
20.171.207.117 - - [09/Jun/2025:22:21:16 -0400] "GET / HTTP/1.1" 200 9388 "-" "Mozilla/5.0 AppleWebKit/537.36 (KHTML, like Gecko; compatible; GPTBot/1.2; +https://openai.com/gptbot)"
20.171.207.117 - - [09/Jun/2025:22:21:22 -0400] "GET /yc/graspless/goodscode913693016.htm HTTP/1.1" 301 0 "-" "Mozilla/5.0 AppleWebKit/537.36 (KHTML, like Gecko; compatible; GPTBot/1.2; +https://openai.com/gptbot)"
162.0.232.193 - - [09/Jun/2025:22:21:31 -0400] "POST /wp-cron.php?doing_wp_cron=1749522091.2341110706329345703125 HTTP/1.1" 200 0 "-" "WordPress/6.8.1; https://reversevillain.com"
2001:41d0:303:8697::1 - - [09/Jun/2025:22:21:26 -0400] "GET /legend-takano-masaharu-chapter-76/ HTTP/1.1" 301 0 "-" "Mozilla/5.0 (compatible; MJ12bot/v1.4.8; http://mj12bot.com/)"
20.171.207.117 - - [09/Jun/2025:22:21:25 -0400] "GET / HTTP/1.1" 200 9389 "-" "Mozilla/5.0 AppleWebKit/537.36 (KHTML, like Gecko; compatible; GPTBot/1.2; +https://openai.com/gptbot)"
20.171.207.117 - - [09/Jun/2025:22:21:33 -0400] "GET /co/311826542.htm HTTP/1.1" 301 0 "-" "Mozilla/5.0 AppleWebKit/537.36 (KHTML, like Gecko; compatible; GPTBot/1.2; +https://openai.com/gptbot)"
162.0.232.193 - - [09/Jun/2025:22:21:37 -0400] "POST /wp-admin/admin-ajax.php?action=async_litespeed&nonce=aNuxGyV6KJimnC3mlPsJaLzsAWKU4N8m&litespeed_type=imgoptm HTTP/1.1" 200 0 "-" "WordPress/6.8.1; https://reversevillain.com"
20.171.207.117 - - [09/Jun/2025:22:21:37 -0400] "GET / HTTP/1.1" 200 9390 "-" "Mozilla/5.0 AppleWebKit/537.36 (KHTML, like Gecko; compatible; GPTBot/1.2; +https://openai.com/gptbot)"
20.171.207.117 - - [09/Jun/2025:22:21:46 -0400] "GET /r/products/1225742713.htm HTTP/1.1" 301 0 "-" "Mozilla/5.0 AppleWebKit/537.36 (KHTML, like Gecko; compatible; GPTBot/1.2; +https://openai.com/gptbot)"
162.0.232.193 - - [09/Jun/2025:22:21:50 -0400] "POST /wp-cron.php?doing_wp_cron=1749522110.0470321178436279296875 HTTP/1.1" 200 0 "-" "WordPress/6.8.1; https://reversevillain.com"
47.128.16.145 - - [09/Jun/2025:22:21:47 -0400] "GET /my-wife-is-actually-the-empress-chapter-117/ HTTP/1.1" 301 0 "-" "Mozilla/5.0 (Linux; Android 5.0) AppleWebKit/537.36 (KHTML, like Gecko) Mobile Safari/537.36 (compatible; TikTokSpider; [email protected])"
162.0.232.193 - - [09/Jun/2025:22:21:54 -0400] "POST /wp-admin/admin-ajax.php?action=async_litespeed&nonce=MCAiD78snDYp01FlhXK94V1UbbiP0eUe&litespeed_type=imgoptm HTTP/1.1" 200 0 "-" "WordPress/6.8.1; https://reversevillain.com"
2001:41d0:303:8697::1 - - [09/Jun/2025:22:21:46 -0400] "GET / HTTP/1.1" 200 9389 "-" "Mozilla/5.0 (compatible; MJ12bot/v1.4.8; http://mj12bot.com/)"
20.171.207.117 - - [09/Jun/2025:22:21:50 -0400] "GET / HTTP/1.1" 200 9389 "-" "Mozilla/5.0 AppleWebKit/537.36 (KHTML, like Gecko; compatible; GPTBot/1.2; +https://openai.com/gptbot)"
47.128.16.145 - - [09/Jun/2025:22:21:51 -0400] "GET / HTTP/1.1" 200 9389 "-" "Mozilla/5.0 (Linux; Android 5.0) AppleWebKit/537.36 (KHTML, like Gecko) Mobile Safari/537.36 (compatible; TikTokSpider; [email protected])"
20.171.207.117 - - [09/Jun/2025:22:21:58 -0400] "GET /lmz/item/311883909.htm HTTP/1.1" 301 0 "-" "Mozilla/5.0 AppleWebKit/537.36 (KHTML, like Gecko; compatible; GPTBot/1.2; +https://openai.com/gptbot)"
20.171.207.117 - - [09/Jun/2025:22:22:02 -0400] "GET / HTTP/1.1" 200 9389 "-" "Mozilla/5.0 AppleWebKit/537.36 (KHTML, like Gecko; compatible; GPTBot/1.2; +https://openai.com/gptbot)"
2001:41d0:303:8697::1 - - [09/Jun/2025:22:22:06 -0400] "GET /legend-takano-masaharu-chapter-76/feed/ HTTP/1.1" 301 0 "-" "Mozilla/5.0 (compatible; MJ12bot/v1.4.8; http://mj12bot.com/)"
20.171.207.117 - - [09/Jun/2025:22:22:09 -0400] "GET /hyp/item/779918687.htm HTTP/1.1" 301 0 "-" "Mozilla/5.0 AppleWebKit/537.36 (KHTML, like Gecko; compatible; GPTBot/1.2; +https://openai.com/gptbot)"
20.171.207.117 - - [09/Jun/2025:22:22:13 -0400] "GET / HTTP/1.1" 200 9389 "-" "Mozilla/5.0 AppleWebKit/537.36 (KHTML, like Gecko; compatible; GPTBot/1.2; +https://openai.com/gptbot)"
20.171.207.117 - - [09/Jun/2025:22:22:19 -0400] "GET /lrh860610537.htm HTTP/1.1" 301 0 "-" "Mozilla/5.0 AppleWebKit/537.36 (KHTML, like Gecko; compatible; GPTBot/1.2; +https://openai.com/gptbot)"
20.171.207.117 - - [09/Jun/2025:22:22:24 -0400] "GET / HTTP/1.1" 200 9389 "-" "Mozilla/5.0 AppleWebKit/537.36 (KHTML, like Gecko; compatible; GPTBot/1.2; +https://openai.com/gptbot)"
162.0.232.193 - - [09/Jun/2025:22:22:31 -0400] "POST /wp-cron.php?doing_wp_cron=1749522151.2339439392089843750000 HTTP/1.1" 200 0 "-" "WordPress/6.8.1; https://reversevillain.com"
20.171.207.117 - - [09/Jun/2025:22:22:30 -0400] "GET /ymi/item/254025104.htm HTTP/1.1" 301 0 "-" "Mozilla/5.0 AppleWebKit/537.36 (KHTML, like Gecko; compatible; GPTBot/1.2; +https://openai.com/gptbot)"
2001:41d0:303:8697::1 - - [09/Jun/2025:22:22:27 -0400] "GET / HTTP/1.1" 200 9389 "-" "Mozilla/5.0 (compatible; MJ12bot/v1.4.8; http://mj12bot.com/)"
20.171.207.117 - - [09/Jun/2025:22:22:34 -0400] "GET / HTTP/1.1" 200 9389 "-" "Mozilla/5.0 AppleWebKit/537.36 (KHTML, like Gecko; compatible; GPTBot/1.2; +https://openai.com/gptbot)"
20.171.207.117 - - [09/Jun/2025:22:22:39 -0400] "GET /rqj/supertemporal/shopdetail/913507955.htm HTTP/1.1" 301 0 "-" "Mozilla/5.0 AppleWebKit/537.36 (KHTML, like Gecko; compatible; GPTBot/1.2; +https://openai.com/gptbot)"
2001:41d0:303:8697::1 - - [09/Jun/2025:22:22:47 -0400] "GET /legend-takano-masaharu-chapter-77/ HTTP/1.1" 301 0 "-" "Mozilla/5.0 (compatible; MJ12bot/v1.4.8; http://mj12bot.com/)"
20.171.207.117 - - [09/Jun/2025:22:22:45 -0400] "GET / HTTP/1.1" 200 9388 "-" "Mozilla/5.0 AppleWebKit/537.36 (KHTML, like Gecko; compatible; GPTBot/1.2; +https://openai.com/gptbot)"
20.171.207.117 - - [09/Jun/2025:22:22:51 -0400] "GET /rh780104683.htm HTTP/1.1" 301 0 "-" "Mozilla/5.0 AppleWebKit/537.36 (KHTML, like Gecko; compatible; GPTBot/1.2; +https://openai.com/gptbot)"
20.171.207.117 - - [09/Jun/2025:22:22:54 -0400] "GET / HTTP/1.1" 200 9390 "-" "Mozilla/5.0 AppleWebKit/537.36 (KHTML, like Gecko; compatible; GPTBot/1.2; +https://openai.com/gptbot)"
20.171.207.117 - - [09/Jun/2025:22:23:00 -0400] "GET /ks/product779930312.htm HTTP/1.1" 301 0 "-" "Mozilla/5.0 AppleWebKit/537.36 (KHTML, like Gecko; compatible; GPTBot/1.2; +https://openai.com/gptbot)"
2001:41d0:303:8697::1 - - [09/Jun/2025:22:23:00 -0400] "GET / HTTP/1.1" 200 9389 "-" "Mozilla/5.0 (compatible; MJ12bot/v1.4.8; http://mj12bot.com/)"
20.171.207.117 - - [09/Jun/2025:22:23:04 -0400] "GET / HTTP/1.1" 200 9388 "-" "Mozilla/5.0 AppleWebKit/537.36 (KHTML, like Gecko; compatible; GPTBot/1.2; +https://openai.com/gptbot)"
20.171.207.117 - - [09/Jun/2025:22:23:11 -0400] "GET /kpa/detail913847792.htm HTTP/1.1" 301 0 "-" "Mozilla/5.0 AppleWebKit/537.36 (KHTML, like Gecko; compatible; GPTBot/1.2; +https://openai.com/gptbot)"
20.171.207.117 - - [09/Jun/2025:22:23:16 -0400] "GET / HTTP/1.1" 200 9389 "-" "Mozilla/5.0 AppleWebKit/537.36 (KHTML, like Gecko; compatible; GPTBot/1.2; +https://openai.com/gptbot)"
20.171.207.117 - - [09/Jun/2025:22:23:17 -0400] "GET /cg860489038.htm HTTP/1.1" 301 0 "-" "Mozilla/5.0 AppleWebKit/537.36 (KHTML, like Gecko; compatible; GPTBot/1.2; +https://openai.com/gptbot)"
20.171.207.117 - - [09/Jun/2025:22:23:18 -0400] "GET / HTTP/1.1" 200 9389 "-" "Mozilla/5.0 AppleWebKit/537.36 (KHTML, like Gecko; compatible; GPTBot/1.2; +https://openai.com/gptbot)"
20.171.207.117 - - [09/Jun/2025:22:23:19 -0400] "GET /zv/368066525.htm HTTP/1.1" 301 0 "-" "Mozilla/5.0 AppleWebKit/537.36 (KHTML, like Gecko; compatible; GPTBot/1.2; +https://openai.com/gptbot)"
2001:41d0:303:8697::1 - - [09/Jun/2025:22:23:20 -0400] "GET /legend-takano-masaharu-chapter-77/feed/ HTTP/1.1" 301 0 "-" "Mozilla/5.0 (compatible; MJ12bot/v1.4.8; http://mj12bot.com/)"
20.171.207.117 - - [09/Jun/2025:22:23:19 -0400] "GET / HTTP/1.1" 200 9389 "-" "Mozilla/5.0 AppleWebKit/537.36 (KHTML, like Gecko; compatible; GPTBot/1.2; +https://openai.com/gptbot)"
20.171.207.117 - - [09/Jun/2025:22:23:20 -0400] "GET /xj/780181983.htm HTTP/1.1" 301 0 "-" "Mozilla/5.0 AppleWebKit/537.36 (KHTML, like Gecko; compatible; GPTBot/1.2; +https://openai.com/gptbot)"
20.171.207.117 - - [09/Jun/2025:22:23:21 -0400] "GET / HTTP/1.1" 200 9388 "-" "Mozilla/5.0 AppleWebKit/537.36 (KHTML, like Gecko; compatible; GPTBot/1.2; +https://openai.com/gptbot)"
20.171.207.117 - - [09/Jun/2025:22:23:22 -0400] "GET /qq/189307160.htm HTTP/1.1" 301 0 "-" "Mozilla/5.0 AppleWebKit/537.36 (KHTML, like Gecko; compatible; GPTBot/1.2; +https://openai.com/gptbot)"
20.171.207.117 - - [09/Jun/2025:22:23:22 -0400] "GET / HTTP/1.1" 200 9389 "-" "Mozilla/5.0 AppleWebKit/537.36 (KHTML, like Gecko; compatible; GPTBot/1.2; +https://openai.com/gptbot)"
20.171.207.117 - - [09/Jun/2025:22:23:23 -0400] "GET /lrh860610537.htm HTTP/1.1" 301 0 "-" "Mozilla/5.0 AppleWebKit/537.36 (KHTML, like Gecko; compatible; GPTBot/1.2; +https://openai.com/gptbot)"
20.171.207.117 - - [09/Jun/2025:22:23:23 -0400] "GET / HTTP/1.1" 200 9389 "-" "Mozilla/5.0 AppleWebKit/537.36 (KHTML, like Gecko; compatible; GPTBot/1.2; +https://openai.com/gptbot)"
20.171.207.117 - - [09/Jun/2025:22:23:24 -0400] "GET /px/312110523.htm HTTP/1.1" 301 0 "-" "Mozilla/5.0 AppleWebKit/537.36 (KHTML, like Gecko; compatible; GPTBot/1.2; +https://openai.com/gptbot)"
20.171.207.117 - - [09/Jun/2025:22:23:24 -0400] "GET / HTTP/1.1" 200 9389 "-" "Mozilla/5.0 AppleWebKit/537.36 (KHTML, like Gecko; compatible; GPTBot/1.2; +https://openai.com/gptbot)"
20.171.207.117 - - [09/Jun/2025:22:23:25 -0400] "GET /mg/104245212.htm HTTP/1.1" 301 0 "-" "Mozilla/5.0 AppleWebKit/537.36 (KHTML, like Gecko; compatible; GPTBot/1.2; +https://openai.com/gptbot)"
20.171.207.117 - - [09/Jun/2025:22:23:26 -0400] "GET / HTTP/1.1" 200 9389 "-" "Mozilla/5.0 AppleWebKit/537.36 (KHTML, like Gecko; compatible; GPTBot/1.2; +https://openai.com/gptbot)"
20.171.207.117 - - [09/Jun/2025:22:23:26 -0400] "GET /ae/780150336.htm HTTP/1.1" 301 0 "-" "Mozilla/5.0 AppleWebKit/537.36 (KHTML, like Gecko; compatible; GPTBot/1.2; +https://openai.com/gptbot)"
20.171.207.117 - - [09/Jun/2025:22:23:27 -0400] "GET / HTTP/1.1" 200 9389 "-" "Mozilla/5.0 AppleWebKit/537.36 (KHTML, like Gecko; compatible; GPTBot/1.2; +https://openai.com/gptbot)"
20.171.207.117 - - [09/Jun/2025:22:23:27 -0400] "GET /lln/outmaneuver/product913848221.htm HTTP/1.1" 301 0 "-" "Mozilla/5.0 AppleWebKit/537.36 (KHTML, like Gecko; compatible; GPTBot/1.2; +https://openai.com/gptbot)"
20.171.207.117 - - [09/Jun/2025:22:23:28 -0400] "GET / HTTP/1.1" 200 9389 "-" "Mozilla/5.0 AppleWebKit/537.36 (KHTML, like Gecko; compatible; GPTBot/1.2; +https://openai.com/gptbot)"
20.171.207.117 - - [09/Jun/2025:22:23:29 -0400] "GET /u913702286.htm HTTP/1.1" 301 0 "-" "Mozilla/5.0 AppleWebKit/537.36 (KHTML, like Gecko; compatible; GPTBot/1.2; +https://openai.com/gptbot)"
20.171.207.117 - - [09/Jun/2025:22:23:29 -0400] "GET / HTTP/1.1" 200 9389 "-" "Mozilla/5.0 AppleWebKit/537.36 (KHTML, like Gecko; compatible; GPTBot/1.2; +https://openai.com/gptbot)"
