Current File : //home/honehdyv/access-logs/reversevillain.com.honesthings.com-ssl_log
162.0.232.193 - - [09/Jun/2025:20:41:35 -0400] "POST /wp-cron.php?doing_wp_cron=1749516095.0810949802398681640625 HTTP/1.1" 200 0 "-" "WordPress/6.8.1; https://reversevillain.com"
217.113.194.20 - - [09/Jun/2025:20:41:34 -0400] "GET /reverse-villain-chapter-46/feed/ HTTP/1.1" 200 1190 "-" "Mozilla/5.0 (compatible; Barkrowler/0.9; +https://babbar.tech/crawler)"
162.0.232.193 - - [09/Jun/2025:20:41:35 -0400] "POST /wp-admin/admin-ajax.php?action=async_litespeed&nonce=ZhXAUlduvqiEfhQ54mYE9jhrtl0OnU87&litespeed_type=imgoptm HTTP/1.1" 200 5 "-" "WordPress/6.8.1; https://reversevillain.com"
66.249.66.43 - - [09/Jun/2025:20:41:36 -0400] "GET /s24625988.htm HTTP/1.1" 200 40025 "-" "Mozilla/5.0 (Linux; Android 6.0.1; Nexus 5X Build/MMB29P) AppleWebKit/537.36 (KHTML, like Gecko) Chrome/136.0.7103.113 Mobile Safari/537.36 (compatible; Googlebot/2.1; +http://www.google.com/bot.html)"
194.87.252.147 - - [09/Jun/2025:20:41:37 -0400] "POST /wp-content/plugins/wp-automatic/inc/csv.php HTTP/1.1" 403 1242 "https://reversevillain.com/wp-content/plugins/wp-automatic/inc/csv.php" "Mozilla/5.0 (Macintosh; Intel Mac OS X 10_10_4) AppleWebKit/537.36 (KHTML, like Gecko) Chrome/49.0.2657.51 Safari/537.36"
194.87.252.147 - - [09/Jun/2025:20:41:38 -0400] "POST /wp-content/plugins/wp-automatic/inc/csv.php0ea2f5ff8f53.php HTTP/1.1" 200 0 "https://reversevillain.com/wp-content/plugins/wp-automatic/inc/csv.php" "Mozilla/5.0 (Macintosh; Intel Mac OS X 10_10_4) AppleWebKit/537.36 (KHTML, like Gecko) Chrome/49.0.2657.51 Safari/537.36"
194.87.252.147 - - [09/Jun/2025:20:41:39 -0400] "POST /wp-content/plugins/wp-automatic/inc/csv.php0ea2f5ff8f53.php HTTP/1.1" 200 0 "https://reversevillain.com/wp-content/plugins/wp-automatic/inc/csv.php0ea2f5ff8f53.php" "Mozilla/5.0 (Macintosh; Intel Mac OS X 10_10_4) AppleWebKit/537.36 (KHTML, like Gecko) Chrome/49.0.2657.51 Safari/537.36"
194.87.252.147 - - [09/Jun/2025:20:41:39 -0400] "POST /wp-content/plugins/wp-automatic/inc/csv.php0ea2f5ff8f53.php HTTP/1.1" 200 0 "https://reversevillain.com/wp-content/plugins/wp-automatic/inc/csv.php0ea2f5ff8f53.php" "Mozilla/5.0 (Macintosh; Intel Mac OS X 10_10_4) AppleWebKit/537.36 (KHTML, like Gecko) Chrome/49.0.2657.51 Safari/537.36"
194.87.252.147 - - [09/Jun/2025:20:41:40 -0400] "POST /wp-content/plugins/wp-automatic/inc/csv.php0ea2f5ff8f53.php HTTP/1.1" 200 0 "https://reversevillain.com/wp-content/plugins/wp-automatic/inc/csv.php0ea2f5ff8f53.php" "Mozilla/5.0 (Macintosh; Intel Mac OS X 10_10_4) AppleWebKit/537.36 (KHTML, like Gecko) Chrome/49.0.2657.51 Safari/537.36"
194.87.252.147 - - [09/Jun/2025:20:41:40 -0400] "GET /wp-login.php HTTP/1.1" 200 2047 "https://reversevillain.com/wp-content/plugins/wp-automatic/inc/csv.php0ea2f5ff8f53.php" "Mozilla/5.0 (Macintosh; Intel Mac OS X 10_10_4) AppleWebKit/537.36 (KHTML, like Gecko) Chrome/49.0.2657.51 Safari/537.36"
194.87.252.147 - - [09/Jun/2025:20:41:41 -0400] "POST /wp-login.php HTTP/1.1" 200 2144 "https://reversevillain.com/wp-login.php" "Mozilla/5.0 (Macintosh; Intel Mac OS X 10_10_4) AppleWebKit/537.36 (KHTML, like Gecko) Chrome/49.0.2657.51 Safari/537.36"
194.87.252.147 - - [09/Jun/2025:20:41:42 -0400] "GET /wp-admin/plugins.php HTTP/1.1" 302 0 "https://reversevillain.com/wp-login.php" "Mozilla/5.0 (Macintosh; Intel Mac OS X 10_10_4) AppleWebKit/537.36 (KHTML, like Gecko) Chrome/49.0.2657.51 Safari/537.36"
194.87.252.147 - - [09/Jun/2025:20:41:42 -0400] "GET /wp-login.php?redirect_to=https%3A%2F%2Freversevillain.com%2Fwp-admin%2Fplugins.php&reauth=1 HTTP/1.1" 200 2056 "https://reversevillain.com/wp-login.php" "Mozilla/5.0 (Macintosh; Intel Mac OS X 10_10_4) AppleWebKit/537.36 (KHTML, like Gecko) Chrome/49.0.2657.51 Safari/537.36"
162.0.232.193 - - [09/Jun/2025:20:41:52 -0400] "POST /wp-cron.php?doing_wp_cron=1749516112.4667270183563232421875 HTTP/1.1" 200 0 "-" "WordPress/6.8.1; https://reversevillain.com"
217.113.194.20 - - [09/Jun/2025:20:41:51 -0400] "GET /reverse-villain-chapter-7/feed/ HTTP/1.1" 200 1333 "-" "Mozilla/5.0 (compatible; Barkrowler/0.9; +https://babbar.tech/crawler)"
162.0.232.193 - - [09/Jun/2025:20:41:53 -0400] "POST /wp-admin/admin-ajax.php?action=async_litespeed&nonce=SyYWpef1ksNHU0bFtSpi349LL32AFJkf&litespeed_type=imgoptm HTTP/1.1" 200 0 "-" "WordPress/6.8.1; https://reversevillain.com"
217.113.194.15 - - [09/Jun/2025:20:42:09 -0400] "GET /reverse-villain-chapter-10/feed/ HTTP/1.1" 200 1375 "-" "Mozilla/5.0 (compatible; Barkrowler/0.9; +https://babbar.tech/crawler)"
213.180.203.129 - - [09/Jun/2025:20:42:16 -0400] "GET /robots.txt HTTP/1.1" 304 0 "-" "Mozilla/5.0 (compatible; YandexBot/3.0; +http://yandex.com/bots)"
87.250.224.21 - - [09/Jun/2025:20:42:18 -0400] "GET /yakyuu-de-sensou-suru-isekai-de-chou-koukou-kyuu-ace-ga-jakushou-kokka-wo-sukuu-you-desu-chapter-29-2/ HTTP/1.1" 301 0 "-" "Mozilla/5.0 (compatible; YandexBot/3.0; +http://yandex.com/bots)"
87.250.224.51 - - [09/Jun/2025:20:42:19 -0400] "GET / HTTP/1.1" 200 9389 "-" "Mozilla/5.0 (compatible; YandexBot/3.0; +http://yandex.com/bots)"
217.113.194.19 - - [09/Jun/2025:20:42:28 -0400] "GET /reverse-villain-chapter-88/feed/ HTTP/1.1" 200 1263 "-" "Mozilla/5.0 (compatible; Barkrowler/0.9; +https://babbar.tech/crawler)"
162.0.232.193 - - [09/Jun/2025:20:42:45 -0400] "POST /wp-cron.php?doing_wp_cron=1749516165.4457778930664062500000 HTTP/1.1" 200 0 "-" "WordPress/6.8.1; https://reversevillain.com"
217.113.194.19 - - [09/Jun/2025:20:42:44 -0400] "GET /reverse-villain-chapter-32/feed/ HTTP/1.1" 200 1403 "-" "Mozilla/5.0 (compatible; Barkrowler/0.9; +https://babbar.tech/crawler)"
205.210.31.180 - - [09/Jun/2025:20:42:56 -0400] "GET / HTTP/1.1" 200 9389 "-" "Expanse, a Palo Alto Networks company, searches across the global IPv4 space multiple times per day to identify customers' presences on the Internet. If you would like to be excluded from our scans, please send IP addresses/domains to: [email protected]"
217.113.194.13 - - [09/Jun/2025:20:43:02 -0400] "GET /reverse-villain-chapter-28/feed/ HTTP/1.1" 200 1263 "-" "Mozilla/5.0 (compatible; Barkrowler/0.9; +https://babbar.tech/crawler)"
217.113.194.20 - - [09/Jun/2025:20:43:24 -0400] "GET /reverse-villain-chapter-81/feed/ HTTP/1.1" 200 1124 "-" "Mozilla/5.0 (compatible; Barkrowler/0.9; +https://babbar.tech/crawler)"
162.0.232.193 - - [09/Jun/2025:20:43:48 -0400] "POST /wp-cron.php?doing_wp_cron=1749516227.7351920604705810546875 HTTP/1.1" 200 0 "-" "WordPress/6.8.1; https://reversevillain.com"
217.113.194.19 - - [09/Jun/2025:20:43:44 -0400] "GET /reverse-villain-chapter-17/feed/ HTTP/1.1" 200 1072 "-" "Mozilla/5.0 (compatible; Barkrowler/0.9; +https://babbar.tech/crawler)"
162.0.232.193 - - [09/Jun/2025:20:43:51 -0400] "POST /wp-admin/admin-ajax.php?action=async_litespeed&nonce=Nq62hcSrnb5XjhhrtppJfkJo6nPahS6Q&litespeed_type=imgoptm HTTP/1.1" 200 0 "-" "WordPress/6.8.1; https://reversevillain.com"
217.113.194.17 - - [09/Jun/2025:20:44:04 -0400] "GET /reverse-villain-chapter-3/feed/ HTTP/1.1" 200 1105 "-" "Mozilla/5.0 (compatible; Barkrowler/0.9; +https://babbar.tech/crawler)"
217.113.194.12 - - [09/Jun/2025:20:44:24 -0400] "GET /reverse-villain-chapter-85/feed/ HTTP/1.1" 200 1248 "-" "Mozilla/5.0 (compatible; Barkrowler/0.9; +https://babbar.tech/crawler)"
162.0.232.193 - - [09/Jun/2025:20:44:44 -0400] "POST /wp-cron.php?doing_wp_cron=1749516284.1490540504455566406250 HTTP/1.1" 200 0 "-" "WordPress/6.8.1; https://reversevillain.com"
217.113.194.14 - - [09/Jun/2025:20:44:41 -0400] "GET /reverse-villain-chapter-43/feed/ HTTP/1.1" 200 832 "-" "Mozilla/5.0 (compatible; Barkrowler/0.9; +https://babbar.tech/crawler)"
217.113.194.16 - - [09/Jun/2025:20:45:02 -0400] "GET /reverse-villain-chapter-36/feed/ HTTP/1.1" 200 1367 "-" "Mozilla/5.0 (compatible; Barkrowler/0.9; +https://babbar.tech/crawler)"
66.249.66.44 - - [09/Jun/2025:20:45:07 -0400] "GET /mzs24644898.htm HTTP/1.1" 200 40263 "-" "Mozilla/5.0 (Linux; Android 6.0.1; Nexus 5X Build/MMB29P) AppleWebKit/537.36 (KHTML, like Gecko) Chrome/136.0.7103.113 Mobile Safari/537.36 (compatible; Googlebot/2.1; +http://www.google.com/bot.html)"
217.113.194.13 - - [09/Jun/2025:20:45:25 -0400] "GET /reverse-villain-chapter-31/feed/ HTTP/1.1" 200 1299 "-" "Mozilla/5.0 (compatible; Barkrowler/0.9; +https://babbar.tech/crawler)"
162.0.232.193 - - [09/Jun/2025:20:45:55 -0400] "POST /wp-cron.php?doing_wp_cron=1749516354.1391570568084716796875 HTTP/1.1" 200 0 "-" "WordPress/6.8.1; https://reversevillain.com"
217.113.194.18 - - [09/Jun/2025:20:45:47 -0400] "GET /reverse-villain-chapter-38/feed/ HTTP/1.1" 200 1417 "-" "Mozilla/5.0 (compatible; Barkrowler/0.9; +https://babbar.tech/crawler)"
162.0.232.193 - - [09/Jun/2025:20:46:03 -0400] "POST /wp-admin/admin-ajax.php?action=async_litespeed&nonce=oicMnA8XZs5h2ppjEmJRlZ9HOJJZck0E&litespeed_type=imgoptm HTTP/1.1" 200 0 "-" "WordPress/6.8.1; https://reversevillain.com"
117.228.202.139 - - [09/Jun/2025:20:46:07 -0400] "GET / HTTP/1.1" 200 9389 "https://search.brave.com/" "Mozilla/5.0 (Linux; Android 10; K) AppleWebKit/537.36 (KHTML, like Gecko) Chrome/133.0.0.0 Mobile Safari/537.36"
117.228.202.139 - - [09/Jun/2025:20:46:20 -0400] "GET /wp-includes/js/jquery/jquery.min.js?ver=3.7.1 HTTP/1.1" 200 29744 "https://reversevillain.com/" "Mozilla/5.0 (Linux; Android 10; K) AppleWebKit/537.36 (KHTML, like Gecko) Chrome/133.0.0.0 Mobile Safari/537.36"
117.228.202.139 - - [09/Jun/2025:20:46:20 -0400] "GET /wp-content/plugins/widgets-on-pages/public/css/widgets-on-pages-public.css?ver=1.4.0 HTTP/1.1" 200 83 "https://reversevillain.com/" "Mozilla/5.0 (Linux; Android 10; K) AppleWebKit/537.36 (KHTML, like Gecko) Chrome/133.0.0.0 Mobile Safari/537.36"
117.228.202.139 - - [09/Jun/2025:20:46:20 -0400] "GET /wp-content/plugins/simple-social-buttons/assets/css/front.css?ver=5.3.1 HTTP/1.1" 200 10295 "https://reversevillain.com/" "Mozilla/5.0 (Linux; Android 10; K) AppleWebKit/537.36 (KHTML, like Gecko) Chrome/133.0.0.0 Mobile Safari/537.36"
117.228.202.139 - - [09/Jun/2025:20:46:20 -0400] "GET /wp-includes/css/dist/block-library/style.min.css?ver=6.8.1 HTTP/1.1" 200 14358 "https://reversevillain.com/" "Mozilla/5.0 (Linux; Android 10; K) AppleWebKit/537.36 (KHTML, like Gecko) Chrome/133.0.0.0 Mobile Safari/537.36"
117.228.202.139 - - [09/Jun/2025:20:46:20 -0400] "GET /wp-content/plugins/simple-social-buttons/assets/js/frontend-blocks.js?ver=5.3.1 HTTP/1.1" 200 0 "https://reversevillain.com/" "Mozilla/5.0 (Linux; Android 10; K) AppleWebKit/537.36 (KHTML, like Gecko) Chrome/133.0.0.0 Mobile Safari/537.36"
117.228.202.139 - - [09/Jun/2025:20:46:20 -0400] "GET /wp-content/plugins/simple-social-buttons/assets/js/front.js?ver=5.3.1 HTTP/1.1" 200 1932 "https://reversevillain.com/" "Mozilla/5.0 (Linux; Android 10; K) AppleWebKit/537.36 (KHTML, like Gecko) Chrome/133.0.0.0 Mobile Safari/537.36"
117.228.202.139 - - [09/Jun/2025:20:46:20 -0400] "GET /wp-includes/js/jquery/jquery-migrate.min.js?ver=3.4.1 HTTP/1.1" 200 4678 "https://reversevillain.com/" "Mozilla/5.0 (Linux; Android 10; K) AppleWebKit/537.36 (KHTML, like Gecko) Chrome/133.0.0.0 Mobile Safari/537.36"
117.228.202.139 - - [09/Jun/2025:20:46:20 -0400] "GET /wp-content/themes/toivo-lite/style.css?ver=1.2.0 HTTP/1.1" 200 13718 "https://reversevillain.com/" "Mozilla/5.0 (Linux; Android 10; K) AppleWebKit/537.36 (KHTML, like Gecko) Chrome/133.0.0.0 Mobile Safari/537.36"
117.228.202.139 - - [09/Jun/2025:20:46:21 -0400] "GET /wp-content/uploads/2024/02/9241cb9aeeaab1cd315f26ebf3104065.jpg HTTP/1.1" 200 119521 "https://reversevillain.com/" "Mozilla/5.0 (Linux; Android 10; K) AppleWebKit/537.36 (KHTML, like Gecko) Chrome/133.0.0.0 Mobile Safari/537.36"
117.228.202.139 - - [09/Jun/2025:20:46:21 -0400] "GET /wp-content/plugins/comic-easel/js/keynav.js HTTP/1.1" 200 302 "https://reversevillain.com/" "Mozilla/5.0 (Linux; Android 10; K) AppleWebKit/537.36 (KHTML, like Gecko) Chrome/133.0.0.0 Mobile Safari/537.36"
117.228.202.139 - - [09/Jun/2025:20:46:22 -0400] "GET /wp-content/uploads/2024/02/cropped-118593-t1amacrCPDMv.webp HTTP/1.1" 200 88048 "https://reversevillain.com/" "Mozilla/5.0 (Linux; Android 10; K) AppleWebKit/537.36 (KHTML, like Gecko) Chrome/133.0.0.0 Mobile Safari/537.36"
117.228.202.139 - - [09/Jun/2025:20:46:22 -0400] "GET /wp-content/themes/toivo-lite/js/responsive-nav.min.js?ver=1.2.0 HTTP/1.1" 200 2102 "https://reversevillain.com/" "Mozilla/5.0 (Linux; Android 10; K) AppleWebKit/537.36 (KHTML, like Gecko) Chrome/133.0.0.0 Mobile Safari/537.36"
117.228.202.139 - - [09/Jun/2025:20:46:22 -0400] "GET /wp-content/themes/toivo-lite/js/functions.min.js?ver=1.2.0 HTTP/1.1" 200 593 "https://reversevillain.com/" "Mozilla/5.0 (Linux; Android 10; K) AppleWebKit/537.36 (KHTML, like Gecko) Chrome/133.0.0.0 Mobile Safari/537.36"
117.228.202.139 - - [09/Jun/2025:20:46:22 -0400] "GET /wp-content/themes/toivo-lite/js/settings.min.js?ver=1.2.0 HTTP/1.1" 200 307 "https://reversevillain.com/" "Mozilla/5.0 (Linux; Android 10; K) AppleWebKit/537.36 (KHTML, like Gecko) Chrome/133.0.0.0 Mobile Safari/537.36"
154.54.249.194 - - [09/Jun/2025:20:46:13 -0400] "GET /reverse-villain-chapter-44/feed/ HTTP/1.1" 200 870 "-" "Mozilla/5.0 (compatible; Barkrowler/0.9; +https://babbar.tech/crawler)"
192.5.110.8 - - [09/Jun/2025:20:46:30 -0400] "GET /wp-includes/js/wp-emoji-release.min.js?ver=6.8.1 HTTP/1.1" 304 0 "https://reversevillain.com/reverse-villain-chapter-100/" "Mozilla/5.0 (Windows NT 10.0; Win64; x64) AppleWebKit/537.36 (KHTML, like Gecko) Chrome/134.0.0.0 Safari/537.36 OPR/119.0.0.0"
117.228.202.139 - - [09/Jun/2025:20:46:21 -0400] "GET /privacy-policy/ HTTP/1.1" 200 11981 "https://reversevillain.com/" "Mozilla/5.0 (Linux; Android 10; K) AppleWebKit/537.36 (KHTML, like Gecko) Chrome/133.0.0.0 Mobile Safari/537.36"
162.0.232.193 - - [09/Jun/2025:20:46:35 -0400] "POST /wp-cron.php?doing_wp_cron=1749516394.7351520061492919921875 HTTP/1.1" 200 0 "-" "WordPress/6.8.1; https://reversevillain.com"
192.5.110.8 - - [09/Jun/2025:20:46:29 -0400] "POST /wp-admin/admin-ajax.php HTTP/1.1" 200 69 "https://reversevillain.com/reverse-villain-chapter-100/" "Mozilla/5.0 (Windows NT 10.0; Win64; x64) AppleWebKit/537.36 (KHTML, like Gecko) Chrome/134.0.0.0 Safari/537.36 OPR/119.0.0.0"
117.228.202.139 - - [09/Jun/2025:20:46:30 -0400] "GET /reverse-villain-chapter-31/ HTTP/1.1" 200 9956 "https://reversevillain.com/" "Mozilla/5.0 (Linux; Android 10; K) AppleWebKit/537.36 (KHTML, like Gecko) Chrome/133.0.0.0 Mobile Safari/537.36"
217.113.194.15 - - [09/Jun/2025:20:46:38 -0400] "GET /reverse-villain-chapter-33/feed/ HTTP/1.1" 200 1383 "-" "Mozilla/5.0 (compatible; Barkrowler/0.9; +https://babbar.tech/crawler)"
117.233.123.160 - - [09/Jun/2025:20:46:48 -0400] "GET /reverse-villain-chapter-31/ HTTP/1.1" 200 9955 "https://reversevillain.com/" "Mozilla/5.0 (Linux; Android 10; K) AppleWebKit/537.36 (KHTML, like Gecko) Chrome/133.0.0.0 Mobile Safari/537.36"
117.233.123.160 - - [09/Jun/2025:20:46:56 -0400] "GET /wp-content/plugins/wp-automatic/js/main-front.js?ver=6.8.1 HTTP/1.1" 200 316 "https://reversevillain.com/reverse-villain-chapter-31/" "Mozilla/5.0 (Linux; Android 10; K) AppleWebKit/537.36 (KHTML, like Gecko) Chrome/133.0.0.0 Mobile Safari/537.36"
117.233.123.160 - - [09/Jun/2025:20:46:56 -0400] "GET /wp-content/plugins/wp-automatic/css/wp-automatic.css?ver=1.0.0 HTTP/1.1" 200 537 "https://reversevillain.com/reverse-villain-chapter-31/" "Mozilla/5.0 (Linux; Android 10; K) AppleWebKit/537.36 (KHTML, like Gecko) Chrome/133.0.0.0 Mobile Safari/537.36"
117.233.123.160 - - [09/Jun/2025:20:46:56 -0400] "GET /wp-content/plugins/disqus-comment-system/public/js/comment_count.js?ver=3.1.2 HTTP/1.1" 200 354 "https://reversevillain.com/reverse-villain-chapter-31/" "Mozilla/5.0 (Linux; Android 10; K) AppleWebKit/537.36 (KHTML, like Gecko) Chrome/133.0.0.0 Mobile Safari/537.36"
117.233.123.160 - - [09/Jun/2025:20:46:47 -0400] "GET /reverse-villain-chapter-31/ HTTP/1.1" 200 9954 "https://reversevillain.com/" "Mozilla/5.0 (Linux; Android 10; K) AppleWebKit/537.36 (KHTML, like Gecko) Chrome/133.0.0.0 Mobile Safari/537.36"
117.233.123.160 - - [09/Jun/2025:20:46:57 -0400] "GET /wp-content/plugins/disqus-comment-system/public/js/comment_embed.js?ver=3.1.2 HTTP/1.1" 200 653 "https://reversevillain.com/reverse-villain-chapter-31/" "Mozilla/5.0 (Linux; Android 10; K) AppleWebKit/537.36 (KHTML, like Gecko) Chrome/133.0.0.0 Mobile Safari/537.36"
117.233.123.160 - - [09/Jun/2025:20:46:57 -0400] "GET /wp-includes/js/comment-reply.min.js?ver=6.8.1 HTTP/1.1" 200 1247 "https://reversevillain.com/reverse-villain-chapter-31/" "Mozilla/5.0 (Linux; Android 10; K) AppleWebKit/537.36 (KHTML, like Gecko) Chrome/133.0.0.0 Mobile Safari/537.36"
117.233.123.160 - - [09/Jun/2025:20:46:57 -0400] "GET /wp-content/plugins/simple-social-buttons/assets/fonts/ssb-icon.ttf?eahqa2 HTTP/1.1" 200 6624 "https://reversevillain.com/wp-content/plugins/simple-social-buttons/assets/css/front.css?ver=5.3.1" "Mozilla/5.0 (Linux; Android 10; K) AppleWebKit/537.36 (KHTML, like Gecko) Chrome/133.0.0.0 Mobile Safari/537.36"
117.233.123.160 - - [09/Jun/2025:20:46:58 -0400] "GET /wp-includes/js/wp-emoji-release.min.js?ver=6.8.1 HTTP/1.1" 200 4771 "https://reversevillain.com/reverse-villain-chapter-31/" "Mozilla/5.0 (Linux; Android 10; K) AppleWebKit/537.36 (KHTML, like Gecko) Chrome/133.0.0.0 Mobile Safari/537.36"
117.233.123.160 - - [09/Jun/2025:20:47:01 -0400] "GET /wp-content/uploads/2024/02/cropped-artworks-GR9wiYSqAwJo0Fa7-x7keIQ-t500x500-180x180.jpg HTTP/1.1" 200 6807 "https://reversevillain.com/reverse-villain-chapter-31/" "Mozilla/5.0 (Linux; Android 10; K) AppleWebKit/537.36 (KHTML, like Gecko) Chrome/133.0.0.0 Mobile Safari/537.36"
117.233.123.160 - - [09/Jun/2025:20:47:01 -0400] "GET /wp-content/uploads/2024/02/cropped-artworks-GR9wiYSqAwJo0Fa7-x7keIQ-t500x500-192x192.jpg HTTP/1.1" 200 7266 "https://reversevillain.com/reverse-villain-chapter-31/" "Mozilla/5.0 (Linux; Android 10; K) AppleWebKit/537.36 (KHTML, like Gecko) Chrome/133.0.0.0 Mobile Safari/537.36"
217.113.194.21 - - [09/Jun/2025:20:47:02 -0400] "GET /reverse-villain-chapter-21/feed/ HTTP/1.1" 200 965 "-" "Mozilla/5.0 (compatible; Barkrowler/0.9; +https://babbar.tech/crawler)"
117.233.123.160 - - [09/Jun/2025:20:46:57 -0400] "POST /wp-admin/admin-ajax.php HTTP/1.1" 200 69 "https://reversevillain.com/reverse-villain-chapter-31/" "Mozilla/5.0 (Linux; Android 10; K) AppleWebKit/537.36 (KHTML, like Gecko) Chrome/133.0.0.0 Mobile Safari/537.36"
217.113.194.12 - - [09/Jun/2025:20:47:24 -0400] "GET /reverse-villain-chapter-99/feed/ HTTP/1.1" 200 1495 "-" "Mozilla/5.0 (compatible; Barkrowler/0.9; +https://babbar.tech/crawler)"
117.233.123.160 - - [09/Jun/2025:20:47:23 -0400] "GET /reverse-villain-chapter-31/ HTTP/1.1" 200 9577 "https://reversevillain.com/" "Mozilla/5.0 (Linux; Android 10; K) AppleWebKit/537.36 (KHTML, like Gecko) Chrome/133.0.0.0 Mobile Safari/537.36"
34.195.25.237 - - [09/Jun/2025:20:47:35 -0400] "GET /ads.txt HTTP/1.1" 200 0 "-" "DisqusAdstxtCrawler/0.1 (+https://help.disqus.com/en/articles/1765357-ads-txt-implementation-guide)"
162.0.232.193 - - [09/Jun/2025:20:47:41 -0400] "POST /wp-cron.php?doing_wp_cron=1749516460.0353929996490478515625 HTTP/1.1" 200 0 "-" "WordPress/6.8.1; https://reversevillain.com"
162.0.232.193 - - [09/Jun/2025:20:47:47 -0400] "POST /wp-admin/admin-ajax.php?action=async_litespeed&nonce=ZQW6eXFRadYzJAWucmt5VQtZF46j7lAZ&litespeed_type=imgoptm HTTP/1.1" 200 0 "-" "WordPress/6.8.1; https://reversevillain.com"
217.113.194.12 - - [09/Jun/2025:20:47:46 -0400] "GET /reverse-villain-chapter-95/feed/ HTTP/1.1" 200 1296 "-" "Mozilla/5.0 (compatible; Barkrowler/0.9; +https://babbar.tech/crawler)"
52.167.144.235 - - [09/Jun/2025:20:48:09 -0400] "GET /the-heroic-legend-of-arslan-chapter-123/ HTTP/1.1" 200 41410 "-" "Mozilla/5.0 AppleWebKit/537.36 (KHTML, like Gecko; compatible; bingbot/2.0; +http://www.bing.com/bingbot.htm) Chrome/116.0.1938.76 Safari/537.36"
217.113.194.16 - - [09/Jun/2025:20:48:08 -0400] "GET /reverse-villain-chapter-89/feed/ HTTP/1.1" 200 895 "-" "Mozilla/5.0 (compatible; Barkrowler/0.9; +https://babbar.tech/crawler)"
47.128.121.9 - - [09/Jun/2025:20:48:11 -0400] "GET /class-de-2-banme-ni-kawaii-onnanoko-to-tomodachi-ni-natta-chapter-19-2/ HTTP/1.1" 301 0 "-" "Mozilla/5.0 (Linux; Android 5.0) AppleWebKit/537.36 (KHTML, like Gecko) Mobile Safari/537.36 (compatible; TikTokSpider; [email protected])"
47.128.121.9 - - [09/Jun/2025:20:48:16 -0400] "GET / HTTP/1.1" 200 9391 "-" "Mozilla/5.0 (Linux; Android 5.0) AppleWebKit/537.36 (KHTML, like Gecko) Mobile Safari/537.36 (compatible; TikTokSpider; [email protected])"
217.113.194.16 - - [09/Jun/2025:20:48:30 -0400] "GET /reverse-villain-chapter-16/feed/ HTTP/1.1" 200 1132 "-" "Mozilla/5.0 (compatible; Barkrowler/0.9; +https://babbar.tech/crawler)"
66.249.66.3 - - [09/Jun/2025:20:48:38 -0400] "GET /x25674809.htm HTTP/1.1" 200 39083 "-" "Mozilla/5.0 (Linux; Android 6.0.1; Nexus 5X Build/MMB29P) AppleWebKit/537.36 (KHTML, like Gecko) Chrome/136.0.7103.113 Mobile Safari/537.36 (compatible; Googlebot/2.1; +http://www.google.com/bot.html)"
162.0.232.193 - - [09/Jun/2025:20:49:05 -0400] "POST /wp-cron.php?doing_wp_cron=1749516545.3475520610809326171875 HTTP/1.1" 200 0 "-" "WordPress/6.8.1; https://reversevillain.com"
217.113.194.19 - - [09/Jun/2025:20:48:56 -0400] "GET /reverse-villain-chapter-110/feed/ HTTP/1.1" 200 1475 "-" "Mozilla/5.0 (compatible; Barkrowler/0.9; +https://babbar.tech/crawler)"
162.0.232.193 - - [09/Jun/2025:20:49:13 -0400] "POST /wp-admin/admin-ajax.php?action=async_litespeed&nonce=J988yfTyQxh3mPAR5P5dA3uaCBRxp7Bb&litespeed_type=imgoptm HTTP/1.1" 200 0 "-" "WordPress/6.8.1; https://reversevillain.com"
217.113.194.19 - - [09/Jun/2025:20:49:23 -0400] "GET /reverse-villain-chapter-80/feed/ HTTP/1.1" 200 1450 "-" "Mozilla/5.0 (compatible; Barkrowler/0.9; +https://babbar.tech/crawler)"
47.128.96.206 - - [09/Jun/2025:20:49:39 -0400] "GET /ultra-alternate-character-chapter-118/ HTTP/1.1" 301 0 "-" "Mozilla/5.0 (Linux; Android 5.0) AppleWebKit/537.36 (KHTML, like Gecko) Mobile Safari/537.36 (compatible; TikTokSpider; [email protected])"
217.113.194.13 - - [09/Jun/2025:20:49:46 -0400] "GET /reverse-villain-chapter-92/feed/ HTTP/1.1" 200 1291 "-" "Mozilla/5.0 (compatible; Barkrowler/0.9; +https://babbar.tech/crawler)"
47.128.96.206 - - [09/Jun/2025:20:49:48 -0400] "GET / HTTP/1.1" 200 9389 "-" "Mozilla/5.0 (Linux; Android 5.0) AppleWebKit/537.36 (KHTML, like Gecko) Mobile Safari/537.36 (compatible; TikTokSpider; [email protected])"
162.0.232.193 - - [09/Jun/2025:20:50:22 -0400] "POST /wp-cron.php?doing_wp_cron=1749516621.8408861160278320312500 HTTP/1.1" 200 0 "-" "WordPress/6.8.1; https://reversevillain.com"
162.0.232.193 - - [09/Jun/2025:20:50:22 -0400] "POST /wp-cron.php?doing_wp_cron=1749516621.7338140010833740234375 HTTP/1.1" 200 0 "-" "WordPress/6.8.1; https://reversevillain.com"
217.113.194.15 - - [09/Jun/2025:20:50:13 -0400] "GET /reverse-villain-chapter-39/feed/ HTTP/1.1" 200 1089 "-" "Mozilla/5.0 (compatible; Barkrowler/0.9; +https://babbar.tech/crawler)"
77.238.225.146 - - [09/Jun/2025:20:50:17 -0400] "GET / HTTP/1.1" 200 9389 "-" "Mozilla/5.0 (Macintosh; Intel Mac OS X 10_15_7) AppleWebKit/537.36 (KHTML, like Gecko) Chrome/133.0.0.0 Safari/537.36"
162.0.232.193 - - [09/Jun/2025:20:50:31 -0400] "POST /wp-admin/admin-ajax.php?action=async_litespeed&nonce=g4TXzcVL2235GMbRVwmSzKuRMmRT33c1&litespeed_type=imgoptm HTTP/1.1" 200 0 "-" "WordPress/6.8.1; https://reversevillain.com"
77.238.225.146 - - [09/Jun/2025:20:50:27 -0400] "GET /comments/feed/ HTTP/1.1" 200 1384 "-" "Mozilla/5.0 (Macintosh; Intel Mac OS X 10_15_7) AppleWebKit/537.36 (KHTML, like Gecko) Chrome/133.0.0.0 Safari/537.36"
162.0.232.193 - - [09/Jun/2025:20:50:42 -0400] "POST /wp-cron.php?doing_wp_cron=1749516641.2356479167938232421875 HTTP/1.1" 200 0 "-" "WordPress/6.8.1; https://reversevillain.com"
217.113.194.12 - - [09/Jun/2025:20:50:39 -0400] "GET /reverse-villain-chapter-24/feed/ HTTP/1.1" 200 1187 "-" "Mozilla/5.0 (compatible; Barkrowler/0.9; +https://babbar.tech/crawler)"
47.128.16.150 - - [09/Jun/2025:20:50:41 -0400] "GET /reverse-villain/chapter-31/ HTTP/1.1" 301 0 "-" "Mozilla/5.0 (Linux; Android 5.0) AppleWebKit/537.36 (KHTML, like Gecko) Mobile Safari/537.36 (compatible; TikTokSpider; [email protected])"
47.128.16.150 - - [09/Jun/2025:20:50:47 -0400] "GET / HTTP/1.1" 200 9389 "-" "Mozilla/5.0 (Linux; Android 5.0) AppleWebKit/537.36 (KHTML, like Gecko) Mobile Safari/537.36 (compatible; TikTokSpider; [email protected])"
162.0.232.193 - - [09/Jun/2025:20:51:10 -0400] "POST /wp-cron.php?doing_wp_cron=1749516669.8353800773620605468750 HTTP/1.1" 200 0 "-" "WordPress/6.8.1; https://reversevillain.com"
217.113.194.19 - - [09/Jun/2025:20:51:00 -0400] "GET /reverse-villain-chapter-27/feed/ HTTP/1.1" 200 1066 "-" "Mozilla/5.0 (compatible; Barkrowler/0.9; +https://babbar.tech/crawler)"
162.0.232.193 - - [09/Jun/2025:20:51:18 -0400] "POST /wp-admin/admin-ajax.php?action=async_litespeed&nonce=JM9cnbYMw8MvD5rqFKzUxd2MAQ9ViUj0&litespeed_type=imgoptm HTTP/1.1" 200 0 "-" "WordPress/6.8.1; https://reversevillain.com"
162.0.232.193 - - [09/Jun/2025:20:51:34 -0400] "POST /wp-cron.php?doing_wp_cron=1749516693.2356770038604736328125 HTTP/1.1" 200 0 "-" "WordPress/6.8.1; https://reversevillain.com"
173.239.254.64 - - [09/Jun/2025:20:51:22 -0400] "GET / HTTP/1.1" 200 0 "-" "Mozilla/5.0 (X11; Linux x86_64) AppleWebKit/537.36 (KHTML, like Gecko) Chrome/120.0.0.0 Safari/537.36"
217.113.194.16 - - [09/Jun/2025:20:51:27 -0400] "GET /reverse-villain-chapter-56/feed/ HTTP/1.1" 200 1045 "-" "Mozilla/5.0 (compatible; Barkrowler/0.9; +https://babbar.tech/crawler)"
217.113.194.14 - - [09/Jun/2025:20:51:52 -0400] "GET /reverse-villain-chapter-57/feed/ HTTP/1.1" 200 1357 "-" "Mozilla/5.0 (compatible; Barkrowler/0.9; +https://babbar.tech/crawler)"
66.249.66.42 - - [09/Jun/2025:20:52:10 -0400] "GET /fd23252635.htm HTTP/1.1" 200 38094 "-" "Mozilla/5.0 (Linux; Android 6.0.1; Nexus 5X Build/MMB29P) AppleWebKit/537.36 (KHTML, like Gecko) Chrome/136.0.7103.113 Mobile Safari/537.36 (compatible; Googlebot/2.1; +http://www.google.com/bot.html)"
154.54.249.194 - - [09/Jun/2025:20:52:16 -0400] "GET /reverse-villain-chapter-9/feed/ HTTP/1.1" 200 1381 "-" "Mozilla/5.0 (compatible; Barkrowler/0.9; +https://babbar.tech/crawler)"
217.113.194.14 - - [09/Jun/2025:20:52:42 -0400] "GET /reverse-villain-chapter-41/feed/ HTTP/1.1" 200 844 "-" "Mozilla/5.0 (compatible; Barkrowler/0.9; +https://babbar.tech/crawler)"
154.54.249.194 - - [09/Jun/2025:20:53:08 -0400] "GET /reverse-villain-chapter-53/feed/ HTTP/1.1" 200 1220 "-" "Mozilla/5.0 (compatible; Barkrowler/0.9; +https://babbar.tech/crawler)"
217.113.194.18 - - [09/Jun/2025:20:53:32 -0400] "GET /reverse-villain-chapter-8/feed/ HTTP/1.1" 200 1219 "-" "Mozilla/5.0 (compatible; Barkrowler/0.9; +https://babbar.tech/crawler)"
162.0.232.193 - - [09/Jun/2025:20:53:59 -0400] "POST /wp-cron.php?doing_wp_cron=1749516839.3345279693603515625000 HTTP/1.1" 200 0 "-" "WordPress/6.8.1; https://reversevillain.com"
217.113.194.21 - - [09/Jun/2025:20:53:55 -0400] "GET /reverse-villain-chapter-18/feed/ HTTP/1.1" 200 1020 "-" "Mozilla/5.0 (compatible; Barkrowler/0.9; +https://babbar.tech/crawler)"
162.0.232.193 - - [09/Jun/2025:20:54:12 -0400] "POST /wp-admin/admin-ajax.php?action=async_litespeed&nonce=EORVEQGrvcaaGmJ5jyRn1ZjWYFu3SWmE&litespeed_type=imgoptm HTTP/1.1" 200 0 "-" "WordPress/6.8.1; https://reversevillain.com"
217.113.194.16 - - [09/Jun/2025:20:54:16 -0400] "GET /reverse-villain-chapter-101/feed/ HTTP/1.1" 200 1305 "-" "Mozilla/5.0 (compatible; Barkrowler/0.9; +https://babbar.tech/crawler)"
217.113.194.14 - - [09/Jun/2025:20:54:38 -0400] "GET /reverse-villain-chapter-35/feed/ HTTP/1.1" 200 1258 "-" "Mozilla/5.0 (compatible; Barkrowler/0.9; +https://babbar.tech/crawler)"
162.0.232.193 - - [09/Jun/2025:20:55:08 -0400] "POST /wp-cron.php?doing_wp_cron=1749516908.2373580932617187500000 HTTP/1.1" 200 0 "-" "WordPress/6.8.1; https://reversevillain.com"
217.113.194.12 - - [09/Jun/2025:20:54:59 -0400] "GET /reverse-villain-chapter-63/feed/ HTTP/1.1" 200 1103 "-" "Mozilla/5.0 (compatible; Barkrowler/0.9; +https://babbar.tech/crawler)"
162.0.232.193 - - [09/Jun/2025:20:55:15 -0400] "POST /wp-admin/admin-ajax.php?action=async_litespeed&nonce=ktmCAFSVpYgKulTbA2oNzlcEOzwMThd0&litespeed_type=imgoptm HTTP/1.1" 200 0 "-" "WordPress/6.8.1; https://reversevillain.com"
162.0.232.193 - - [09/Jun/2025:20:55:31 -0400] "POST /wp-cron.php?doing_wp_cron=1749516930.6487879753112792968750 HTTP/1.1" 200 0 "-" "WordPress/6.8.1; https://reversevillain.com"
217.113.194.17 - - [09/Jun/2025:20:55:27 -0400] "GET /reverse-villain-chapter-74/feed/ HTTP/1.1" 200 1028 "-" "Mozilla/5.0 (compatible; Barkrowler/0.9; +https://babbar.tech/crawler)"
66.249.66.44 - - [09/Jun/2025:20:55:41 -0400] "GET /yc23239582.htm HTTP/1.1" 200 38188 "-" "Mozilla/5.0 (Linux; Android 6.0.1; Nexus 5X Build/MMB29P) AppleWebKit/537.36 (KHTML, like Gecko) Chrome/136.0.7103.113 Mobile Safari/537.36 (compatible; Googlebot/2.1; +http://www.google.com/bot.html)"
217.113.194.16 - - [09/Jun/2025:20:55:48 -0400] "GET /reverse-villain-chapter-76/feed/ HTTP/1.1" 200 1218 "-" "Mozilla/5.0 (compatible; Barkrowler/0.9; +https://babbar.tech/crawler)"
66.249.66.43 - - [09/Jun/2025:20:55:57 -0400] "GET /dt/24598229.htm HTTP/1.1" 200 40247 "-" "Mozilla/5.0 (Linux; Android 6.0.1; Nexus 5X Build/MMB29P) AppleWebKit/537.36 (KHTML, like Gecko) Chrome/136.0.7103.113 Mobile Safari/537.36 (compatible; Googlebot/2.1; +http://www.google.com/bot.html)"
217.113.194.14 - - [09/Jun/2025:20:56:12 -0400] "GET /reverse-villain-chapter-64/feed/ HTTP/1.1" 200 1489 "-" "Mozilla/5.0 (compatible; Barkrowler/0.9; +https://babbar.tech/crawler)"
217.113.194.13 - - [09/Jun/2025:20:56:38 -0400] "GET /reverse-villain-chapter-65/feed/ HTTP/1.1" 200 1440 "-" "Mozilla/5.0 (compatible; Barkrowler/0.9; +https://babbar.tech/crawler)"
17.241.219.247 - - [09/Jun/2025:20:56:48 -0400] "GET /reverse-villain-chapter-39/ HTTP/1.1" 200 9567 "-" "Mozilla/5.0 (Macintosh; Intel Mac OS X 10_15_7) AppleWebKit/605.1.15 (KHTML, like Gecko) Version/17.4 Safari/605.1.15 (Applebot/0.1; +http://www.apple.com/go/applebot)"
162.0.232.193 - - [09/Jun/2025:20:57:05 -0400] "POST /wp-cron.php?doing_wp_cron=1749517024.3350191116333007812500 HTTP/1.1" 200 0 "-" "WordPress/6.8.1; https://reversevillain.com"
217.113.194.21 - - [09/Jun/2025:20:57:00 -0400] "GET /reverse-villain-chapter-40/feed/ HTTP/1.1" 200 1485 "-" "Mozilla/5.0 (compatible; Barkrowler/0.9; +https://babbar.tech/crawler)"
162.0.232.193 - - [09/Jun/2025:20:57:08 -0400] "POST /wp-admin/admin-ajax.php?action=async_litespeed&nonce=HvQtZzxMZDhHXMYNW2irsBH2CRML4d5P&litespeed_type=imgoptm HTTP/1.1" 200 0 "-" "WordPress/6.8.1; https://reversevillain.com"
217.113.194.17 - - [09/Jun/2025:20:57:21 -0400] "GET /reverse-villain-chapter-105/ HTTP/1.1" 200 9575 "-" "Mozilla/5.0 (compatible; Barkrowler/0.9; +https://babbar.tech/crawler)"
217.113.194.19 - - [09/Jun/2025:20:57:46 -0400] "GET /reverse-villain-chapter-107/ HTTP/1.1" 200 9584 "-" "Mozilla/5.0 (compatible; Barkrowler/0.9; +https://babbar.tech/crawler)"
162.0.232.193 - - [09/Jun/2025:20:58:21 -0400] "POST /wp-cron.php?doing_wp_cron=1749517100.8345570564270019531250 HTTP/1.1" 200 0 "-" "WordPress/6.8.1; https://reversevillain.com"
162.0.232.193 - - [09/Jun/2025:20:58:25 -0400] "POST /wp-admin/admin-ajax.php?action=async_litespeed&nonce=o0RXs73iCoAe7AaivLIhNbeW1ghx9Mhw&litespeed_type=imgoptm HTTP/1.1" 200 0 "-" "WordPress/6.8.1; https://reversevillain.com"
217.113.194.16 - - [09/Jun/2025:20:58:15 -0400] "GET /reverse-villain-chapter-104/ HTTP/1.1" 200 9575 "-" "Mozilla/5.0 (compatible; Barkrowler/0.9; +https://babbar.tech/crawler)"
162.0.232.193 - - [09/Jun/2025:20:58:34 -0400] "POST /wp-cron.php?doing_wp_cron=1749517114.2331559658050537109375 HTTP/1.1" 200 0 "-" "WordPress/6.8.1; https://reversevillain.com"
217.113.194.15 - - [09/Jun/2025:20:58:45 -0400] "GET /reverse-villain-chapter-108/ HTTP/1.1" 200 9586 "-" "Mozilla/5.0 (compatible; Barkrowler/0.9; +https://babbar.tech/crawler)"
66.249.66.169 - - [09/Jun/2025:20:59:12 -0400] "GET /nh23245697.htm HTTP/1.1" 200 38958 "-" "Mozilla/5.0 (Linux; Android 6.0.1; Nexus 5X Build/MMB29P) AppleWebKit/537.36 (KHTML, like Gecko) Chrome/136.0.7103.113 Mobile Safari/537.36 (compatible; Googlebot/2.1; +http://www.google.com/bot.html)"
217.113.194.20 - - [09/Jun/2025:20:59:13 -0400] "GET /reverse-villain-chapter-109/ HTTP/1.1" 200 9585 "-" "Mozilla/5.0 (compatible; Barkrowler/0.9; +https://babbar.tech/crawler)"
217.113.194.21 - - [09/Jun/2025:20:59:40 -0400] "GET /reverse-villain-chapter-103/ HTTP/1.1" 200 9576 "-" "Mozilla/5.0 (compatible; Barkrowler/0.9; +https://babbar.tech/crawler)"
217.113.194.14 - - [09/Jun/2025:21:00:12 -0400] "GET /reverse-villain-chapter-58/feed/ HTTP/1.1" 200 1296 "-" "Mozilla/5.0 (compatible; Barkrowler/0.9; +https://babbar.tech/crawler)"
217.113.194.20 - - [09/Jun/2025:21:00:33 -0400] "GET /reverse-villain-chapter-73/feed/ HTTP/1.1" 200 0 "-" "Mozilla/5.0 (compatible; Barkrowler/0.9; +https://babbar.tech/crawler)"
52.167.144.221 - - [09/Jun/2025:21:02:14 -0400] "GET /hoankan-evans-no-uso-chapter-167/ HTTP/1.1" 200 38423 "-" "Mozilla/5.0 AppleWebKit/537.36 (KHTML, like Gecko; compatible; bingbot/2.0; +http://www.bing.com/bingbot.htm) Chrome/116.0.1938.76 Safari/537.36"
66.249.66.45 - - [09/Jun/2025:21:02:44 -0400] "GET /reverse-villain-chapter-80/ HTTP/1.1" 200 39243 "-" "Mozilla/5.0 (Linux; Android 6.0.1; Nexus 5X Build/MMB29P) AppleWebKit/537.36 (KHTML, like Gecko) Chrome/136.0.7103.113 Mobile Safari/537.36 (compatible; Googlebot/2.1; +http://www.google.com/bot.html)"
66.249.66.43 - - [09/Jun/2025:21:06:15 -0400] "GET /zh23228537.htm HTTP/1.1" 200 37970 "-" "Mozilla/5.0 (Linux; Android 6.0.1; Nexus 5X Build/MMB29P) AppleWebKit/537.36 (KHTML, like Gecko) Chrome/136.0.7103.113 Mobile Safari/537.36 (compatible; Googlebot/2.1; +http://www.google.com/bot.html)"
198.98.50.39 - - [09/Jun/2025:21:07:44 -0400] "GET /wp-login.php HTTP/1.1" 200 0 "-" "Mozilla/5.0 (X11; Linux x86_64) AppleWebKit/537.36 (KHTML, like Gecko) Chrome/36.0.1985.125 Safari/537.36"
162.0.232.193 - - [09/Jun/2025:21:09:28 -0400] "POST /wp-cron.php?doing_wp_cron=1749517768.0379879474639892578125 HTTP/1.1" 200 0 "-" "WordPress/6.8.1; https://reversevillain.com"
63.141.227.138 - - [09/Jun/2025:21:09:20 -0400] "GET /522314/about.php?520&d_time HTTP/1.1" 301 0 "-" "Mozilla/5.0 (Windows NT 10.0; Win64; x64) AppleWebKit/537.36 (KHTML, like Gecko) Chrome/136.0.0.0 Safari/537.36 Edg/136.0.0.0"
66.249.66.41 - - [09/Jun/2025:21:09:46 -0400] "GET /cbu26756100.htm HTTP/1.1" 200 38469 "-" "Mozilla/5.0 (Linux; Android 6.0.1; Nexus 5X Build/MMB29P) AppleWebKit/537.36 (KHTML, like Gecko) Chrome/136.0.7103.113 Mobile Safari/537.36 (compatible; Googlebot/2.1; +http://www.google.com/bot.html)"
63.141.227.138 - - [09/Jun/2025:21:09:30 -0400] "GET / HTTP/1.1" 200 9389 "-" "Mozilla/5.0 (Windows NT 10.0; Win64; x64) AppleWebKit/537.36 (KHTML, like Gecko) Chrome/136.0.0.0 Safari/537.36 Edg/136.0.0.0"
40.77.167.7 - - [09/Jun/2025:21:10:43 -0400] "GET /manga/another-world-munchkin-conquering-the-dungeon-as-the-strongest-and-the-fastest-with-only-1-hp-chapter-108-howard-in-everworld/feed/ HTTP/1.1" 200 38714 "-" "Mozilla/5.0 AppleWebKit/537.36 (KHTML, like Gecko; compatible; bingbot/2.0; +http://www.bing.com/bingbot.htm) Chrome/116.0.1938.76 Safari/537.36"
84.17.60.236 - - [09/Jun/2025:21:11:26 -0400] "GET / HTTP/1.1" 200 9391 "-" "Mozilla/5.0 (Windows NT 10.0; Win64; x64) AppleWebKit/537.36 (KHTML, like Gecko) Chrome/78.0.3904.108 Safari/537.36"
84.17.60.236 - - [09/Jun/2025:21:11:37 -0400] "GET //wp-includes/wlwmanifest.xml HTTP/1.1" 301 0 "-" "Mozilla/5.0 (Windows NT 10.0; Win64; x64) AppleWebKit/537.36 (KHTML, like Gecko) Chrome/78.0.3904.108 Safari/537.36"
84.17.60.236 - - [09/Jun/2025:21:11:46 -0400] "GET / HTTP/1.1" 200 9389 "-" "Mozilla/5.0 (Windows NT 10.0; Win64; x64) AppleWebKit/537.36 (KHTML, like Gecko) Chrome/78.0.3904.108 Safari/537.36"
84.17.60.236 - - [09/Jun/2025:21:11:58 -0400] "GET //?author=1 HTTP/1.1" 301 0 "-" "Mozilla/5.0 (Windows NT 10.0; Win64; x64) AppleWebKit/537.36 (KHTML, like Gecko) Chrome/78.0.3904.108 Safari/537.36"
84.17.60.236 - - [09/Jun/2025:21:12:06 -0400] "GET //?author=2 HTTP/1.1" 301 0 "-" "Mozilla/5.0 (Windows NT 10.0; Win64; x64) AppleWebKit/537.36 (KHTML, like Gecko) Chrome/78.0.3904.108 Safari/537.36"
84.17.60.236 - - [09/Jun/2025:21:12:09 -0400] "GET //wp-json/wp/v2/users/ HTTP/1.1" 200 6355 "-" "Mozilla/5.0 (Windows NT 10.0; Win64; x64) AppleWebKit/537.36 (KHTML, like Gecko) Chrome/78.0.3904.108 Safari/537.36"
84.17.60.236 - - [09/Jun/2025:21:12:24 -0400] "GET //wp-json/oembed/1.0/embed?url=https://reversevillain.com/ HTTP/1.1" 200 2430 "-" "Mozilla/5.0 (Windows NT 10.0; Win64; x64) AppleWebKit/537.36 (KHTML, like Gecko) Chrome/78.0.3904.108 Safari/537.36"
66.249.66.41 - - [09/Jun/2025:21:13:18 -0400] "GET /xx23228215.htm HTTP/1.1" 200 38139 "-" "Mozilla/5.0 (Linux; Android 6.0.1; Nexus 5X Build/MMB29P) AppleWebKit/537.36 (KHTML, like Gecko) Chrome/136.0.7103.113 Mobile Safari/537.36 (compatible; Googlebot/2.1; +http://www.google.com/bot.html)"
162.0.232.193 - - [09/Jun/2025:21:13:21 -0400] "POST /wp-cron.php?doing_wp_cron=1749518000.2369620800018310546875 HTTP/1.1" 200 0 "-" "WordPress/6.8.1; https://reversevillain.com"
47.128.16.112 - - [09/Jun/2025:21:13:13 -0400] "GET /yofukashi-no-uta-chapter-180/ HTTP/1.1" 301 0 "-" "Mozilla/5.0 (Linux; Android 5.0) AppleWebKit/537.36 (KHTML, like Gecko) Mobile Safari/537.36 (compatible; TikTokSpider; [email protected])"
47.128.16.112 - - [09/Jun/2025:21:13:22 -0400] "GET / HTTP/1.1" 200 9389 "-" "Mozilla/5.0 (Linux; Android 5.0) AppleWebKit/537.36 (KHTML, like Gecko) Mobile Safari/537.36 (compatible; TikTokSpider; [email protected])"
40.77.167.155 - - [09/Jun/2025:21:13:53 -0400] "GET /kara-no-kyoukai-the-garden-of-sinners-chapter-23/ HTTP/1.1" 200 38087 "-" "Mozilla/5.0 AppleWebKit/537.36 (KHTML, like Gecko; compatible; bingbot/2.0; +http://www.bing.com/bingbot.htm) Chrome/116.0.1938.76 Safari/537.36"
162.0.232.193 - - [09/Jun/2025:21:15:13 -0400] "POST /wp-cron.php?doing_wp_cron=1749518112.0361049175262451171875 HTTP/1.1" 200 0 "-" "WordPress/6.8.1; https://reversevillain.com"
43.157.170.13 - - [09/Jun/2025:21:15:05 -0400] "GET / HTTP/1.1" 200 9385 "http://reversevillain.com" "Mozilla/5.0 (iPhone; CPU iPhone OS 13_2_3 like Mac OS X) AppleWebKit/605.1.15 (KHTML, like Gecko) Version/13.0.3 Mobile/15E148 Safari/604.1"
162.0.232.193 - - [09/Jun/2025:21:15:24 -0400] "POST /wp-admin/admin-ajax.php?action=async_litespeed&nonce=wA3iHcKIkzpNTLIOZMv8k8iPPXW6SR9Y&litespeed_type=imgoptm HTTP/1.1" 200 0 "-" "WordPress/6.8.1; https://reversevillain.com"
66.249.66.45 - - [09/Jun/2025:21:17:01 -0400] "GET /gk26096028.htm HTTP/1.1" 200 38200 "-" "Mozilla/5.0 (Linux; Android 6.0.1; Nexus 5X Build/MMB29P) AppleWebKit/537.36 (KHTML, like Gecko) Chrome/136.0.7103.113 Mobile Safari/537.36 (compatible; Googlebot/2.1; +http://www.google.com/bot.html)"
66.249.66.45 - - [09/Jun/2025:21:17:03 -0400] "GET /reverse-villain-chapter-28/ HTTP/1.1" 200 39767 "-" "Mozilla/5.0 (Linux; Android 6.0.1; Nexus 5X Build/MMB29P) AppleWebKit/537.36 (KHTML, like Gecko) Chrome/136.0.7103.113 Mobile Safari/537.36 (compatible; Googlebot/2.1; +http://www.google.com/bot.html)"
162.0.232.193 - - [09/Jun/2025:21:23:26 -0400] "POST /wp-cron.php?doing_wp_cron=1749518605.6460130214691162109375 HTTP/1.1" 200 0 "-" "WordPress/6.8.1; https://reversevillain.com"
162.0.232.193 - - [09/Jun/2025:21:23:26 -0400] "POST /wp-cron.php?doing_wp_cron=1749518605.8386960029602050781250 HTTP/1.1" 200 0 "-" "WordPress/6.8.1; https://reversevillain.com"
2600:1900:0:2d06::1b01 - - [09/Jun/2025:21:21:47 -0400] "GET /ads.txt HTTP/1.1" 200 0 "-" "IAB-Tech-Lab"
2600:1900:0:2d06::1b01 - - [09/Jun/2025:21:22:07 -0400] "GET /ads.txt HTTP/1.1" 301 0 "-" "IAB-Tech-Lab"
2600:1900:0:2d06::1b01 - - [09/Jun/2025:21:23:28 -0400] "GET / HTTP/1.1" 200 9389 "-" "IAB-Tech-Lab"
63.141.227.138 - - [09/Jun/2025:21:26:36 -0400] "GET /522314/index.php?520&d_time HTTP/1.1" 200 0 "-" "Mozilla/5.0 (Windows NT 10.0; Win64; x64) AppleWebKit/537.36 (KHTML, like Gecko) Chrome/136.0.0.0 Safari/537.36 Edg/136.0.0.0"
162.0.232.193 - - [09/Jun/2025:21:28:45 -0400] "POST /wp-cron.php?doing_wp_cron=1749518923.8464980125427246093750 HTTP/1.1" 200 0 "-" "WordPress/6.8.1; https://reversevillain.com"
66.249.66.160 - - [09/Jun/2025:21:29:06 -0400] "GET /category/read-reverse-villain/ HTTP/1.1" 200 38447 "-" "Mozilla/5.0 (Linux; Android 6.0.1; Nexus 5X Build/MMB29P) AppleWebKit/537.36 (KHTML, like Gecko) Chrome/136.0.7103.113 Mobile Safari/537.36 (compatible; Googlebot/2.1; +http://www.google.com/bot.html)"
43.153.48.240 - - [09/Jun/2025:21:29:13 -0400] "GET /wp-content/uploads/2024/02/Reverse_Villain.webp HTTP/1.1" 200 149800 "-" "Mozilla/5.0 (iPhone; CPU iPhone OS 13_2_3 like Mac OS X) AppleWebKit/605.1.15 (KHTML, like Gecko) Version/13.0.3 Mobile/15E148 Safari/604.1"
176.126.103.148 - - [09/Jun/2025:21:30:58 -0400] "GET / HTTP/1.1" 200 0 "http://reversevillain.com" "Mozilla/5.0 (Macintosh; Intel Mac OS X 10_15_7) AppleWebKit/605.1.15 (KHTML, like Gecko) Version/15.1 Safari/605.1.15"
47.128.121.160 - - [09/Jun/2025:21:31:14 -0400] "GET /sengoku-komachi-kuroutan-noukou-giga-chapter-63/ HTTP/1.1" 200 0 "-" "Mozilla/5.0 (Linux; Android 5.0) AppleWebKit/537.36 (KHTML, like Gecko) Mobile Safari/537.36 (compatible; TikTokSpider; [email protected])"
162.0.232.193 - - [09/Jun/2025:21:32:21 -0400] "POST /wp-cron.php?doing_wp_cron=1749519140.7343480587005615234375 HTTP/1.1" 200 0 "-" "WordPress/6.8.1; https://reversevillain.com"
162.0.232.193 - - [09/Jun/2025:21:32:22 -0400] "POST /wp-cron.php?doing_wp_cron=1749519140.6467928886413574218750 HTTP/1.1" 200 0 "-" "WordPress/6.8.1; https://reversevillain.com"
162.0.232.193 - - [09/Jun/2025:21:32:22 -0400] "POST /wp-cron.php?doing_wp_cron=1749519140.7363960742950439453125 HTTP/1.1" 200 0 "-" "WordPress/6.8.1; https://reversevillain.com"
20.169.80.231 - - [09/Jun/2025:21:32:15 -0400] "GET / HTTP/1.1" 301 0 "-" "Mozilla/5.0 (Macintosh; Intel Mac OS X 10_15_7) AppleWebKit/605.1.15 (KHTML, like Gecko) Version/17.5 Safari/605.1.15"
20.169.80.231 - - [09/Jun/2025:21:32:23 -0400] "GET / HTTP/1.1" 200 9389 "-" "Mozilla/5.0 (Macintosh; Intel Mac OS X 10_15_7) AppleWebKit/605.1.15 (KHTML, like Gecko) Version/17.5 Safari/605.1.15"
20.169.80.231 - - [09/Jun/2025:21:32:33 -0400] "GET /wp-content/plugins/widgets-on-pages/public/css/widgets-on-pages-public.css?ver=1.4.0 HTTP/1.1" 200 83 "https://reversevillain.com/" "Mozilla/5.0 (Macintosh; Intel Mac OS X 10_15_7) AppleWebKit/605.1.15 (KHTML, like Gecko) Version/17.5 Safari/605.1.15"
20.169.80.231 - - [09/Jun/2025:21:32:33 -0400] "GET /wp-content/plugins/simple-social-buttons/assets/js/frontend-blocks.js?ver=5.3.1 HTTP/1.1" 200 0 "https://reversevillain.com/" "Mozilla/5.0 (Macintosh; Intel Mac OS X 10_15_7) AppleWebKit/605.1.15 (KHTML, like Gecko) Version/17.5 Safari/605.1.15"
20.169.80.231 - - [09/Jun/2025:21:32:33 -0400] "GET /wp-content/uploads/2024/02/Reverse_Villain.webp HTTP/1.1" 200 149800 "https://reversevillain.com/" "Mozilla/5.0 (Macintosh; Intel Mac OS X 10_15_7) AppleWebKit/605.1.15 (KHTML, like Gecko) Version/17.5 Safari/605.1.15"
20.169.80.231 - - [09/Jun/2025:21:32:33 -0400] "GET /wp-content/themes/toivo-lite/fonts/genericons/genericons/genericons.min.css?ver=3.3 HTTP/1.1" 200 15959 "https://reversevillain.com/" "Mozilla/5.0 (Macintosh; Intel Mac OS X 10_15_7) AppleWebKit/605.1.15 (KHTML, like Gecko) Version/17.5 Safari/605.1.15"
20.169.80.231 - - [09/Jun/2025:21:32:33 -0400] "GET /wp-content/themes/toivo-lite/style.css?ver=1.2.0 HTTP/1.1" 200 13718 "https://reversevillain.com/" "Mozilla/5.0 (Macintosh; Intel Mac OS X 10_15_7) AppleWebKit/605.1.15 (KHTML, like Gecko) Version/17.5 Safari/605.1.15"
20.169.80.231 - - [09/Jun/2025:21:32:33 -0400] "GET /wp-includes/css/dist/block-library/style.min.css?ver=6.8.1 HTTP/1.1" 200 14358 "https://reversevillain.com/" "Mozilla/5.0 (Macintosh; Intel Mac OS X 10_15_7) AppleWebKit/605.1.15 (KHTML, like Gecko) Version/17.5 Safari/605.1.15"
20.169.80.231 - - [09/Jun/2025:21:32:33 -0400] "GET /wp-content/themes/toivo-lite/js/responsive-nav.min.js?ver=1.2.0 HTTP/1.1" 200 2102 "https://reversevillain.com/" "Mozilla/5.0 (Macintosh; Intel Mac OS X 10_15_7) AppleWebKit/605.1.15 (KHTML, like Gecko) Version/17.5 Safari/605.1.15"
20.169.80.231 - - [09/Jun/2025:21:32:33 -0400] "GET /wp-content/plugins/simple-social-buttons/assets/js/front.js?ver=5.3.1 HTTP/1.1" 200 1932 "https://reversevillain.com/" "Mozilla/5.0 (Macintosh; Intel Mac OS X 10_15_7) AppleWebKit/605.1.15 (KHTML, like Gecko) Version/17.5 Safari/605.1.15"
20.169.80.231 - - [09/Jun/2025:21:32:33 -0400] "GET /wp-content/plugins/comic-easel/js/keynav.js HTTP/1.1" 200 302 "https://reversevillain.com/" "Mozilla/5.0 (Macintosh; Intel Mac OS X 10_15_7) AppleWebKit/605.1.15 (KHTML, like Gecko) Version/17.5 Safari/605.1.15"
20.169.80.231 - - [09/Jun/2025:21:32:33 -0400] "GET /wp-content/plugins/simple-social-buttons/assets/css/front.css?ver=5.3.1 HTTP/1.1" 200 10295 "https://reversevillain.com/" "Mozilla/5.0 (Macintosh; Intel Mac OS X 10_15_7) AppleWebKit/605.1.15 (KHTML, like Gecko) Version/17.5 Safari/605.1.15"
20.169.80.231 - - [09/Jun/2025:21:32:33 -0400] "GET /wp-includes/js/jquery/jquery.min.js?ver=3.7.1 HTTP/1.1" 200 29744 "https://reversevillain.com/" "Mozilla/5.0 (Macintosh; Intel Mac OS X 10_15_7) AppleWebKit/605.1.15 (KHTML, like Gecko) Version/17.5 Safari/605.1.15"
20.169.80.231 - - [09/Jun/2025:21:32:33 -0400] "GET /wp-includes/js/jquery/jquery-migrate.min.js?ver=3.4.1 HTTP/1.1" 200 4678 "https://reversevillain.com/" "Mozilla/5.0 (Macintosh; Intel Mac OS X 10_15_7) AppleWebKit/605.1.15 (KHTML, like Gecko) Version/17.5 Safari/605.1.15"
20.169.80.231 - - [09/Jun/2025:21:32:33 -0400] "GET /wp-content/themes/toivo-lite/js/settings.min.js?ver=1.2.0 HTTP/1.1" 200 307 "https://reversevillain.com/" "Mozilla/5.0 (Macintosh; Intel Mac OS X 10_15_7) AppleWebKit/605.1.15 (KHTML, like Gecko) Version/17.5 Safari/605.1.15"
20.169.80.231 - - [09/Jun/2025:21:32:33 -0400] "GET /wp-content/themes/toivo-lite/js/functions.min.js?ver=1.2.0 HTTP/1.1" 200 593 "https://reversevillain.com/" "Mozilla/5.0 (Macintosh; Intel Mac OS X 10_15_7) AppleWebKit/605.1.15 (KHTML, like Gecko) Version/17.5 Safari/605.1.15"
20.169.80.231 - - [09/Jun/2025:21:32:33 -0400] "GET /wp-content/uploads/2024/02/9241cb9aeeaab1cd315f26ebf3104065-522x1024.jpg HTTP/1.1" 200 74937 "https://reversevillain.com/" "Mozilla/5.0 (Macintosh; Intel Mac OS X 10_15_7) AppleWebKit/605.1.15 (KHTML, like Gecko) Version/17.5 Safari/605.1.15"
20.169.80.231 - - [09/Jun/2025:21:32:34 -0400] "GET /wp-content/uploads/2024/02/cropped-118593-t1amacrCPDMv.webp HTTP/1.1" 200 88048 "https://reversevillain.com/" "Mozilla/5.0 (Macintosh; Intel Mac OS X 10_15_7) AppleWebKit/605.1.15 (KHTML, like Gecko) Version/17.5 Safari/605.1.15"
20.169.80.231 - - [09/Jun/2025:21:32:34 -0400] "GET /wp-content/themes/toivo-lite/fonts/genericons/genericons/Genericons.svg HTTP/1.1" 200 23714 "https://reversevillain.com/" "Mozilla/5.0 (Macintosh; Intel Mac OS X 10_15_7) AppleWebKit/605.1.15 (KHTML, like Gecko) Version/17.5 Safari/605.1.15"
217.113.194.14 - - [09/Jun/2025:21:32:50 -0400] "GET /reverse-villain-chapter-77/feed/ HTTP/1.1" 200 1066 "-" "Mozilla/5.0 (compatible; Barkrowler/0.9; +https://babbar.tech/crawler)"
47.128.121.6 - - [09/Jun/2025:21:33:05 -0400] "GET /omniscient-reader-chapter-186/ HTTP/1.1" 301 0 "-" "Mozilla/5.0 (Linux; Android 5.0) AppleWebKit/537.36 (KHTML, like Gecko) Mobile Safari/537.36 (compatible; TikTokSpider; [email protected])"
217.113.194.20 - - [09/Jun/2025:21:33:09 -0400] "GET /reverse-villain-chapter-86/feed/ HTTP/1.1" 200 1119 "-" "Mozilla/5.0 (compatible; Barkrowler/0.9; +https://babbar.tech/crawler)"
47.128.121.6 - - [09/Jun/2025:21:33:11 -0400] "GET / HTTP/1.1" 200 9389 "-" "Mozilla/5.0 (Linux; Android 5.0) AppleWebKit/537.36 (KHTML, like Gecko) Mobile Safari/537.36 (compatible; TikTokSpider; [email protected])"
162.0.232.193 - - [09/Jun/2025:21:33:36 -0400] "POST /wp-cron.php?doing_wp_cron=1749519216.0437419414520263671875 HTTP/1.1" 200 0 "-" "WordPress/6.8.1; https://reversevillain.com"
217.113.194.19 - - [09/Jun/2025:21:33:30 -0400] "GET /reverse-villain-chapter-52/feed/ HTTP/1.1" 200 1322 "-" "Mozilla/5.0 (compatible; Barkrowler/0.9; +https://babbar.tech/crawler)"
162.0.232.193 - - [09/Jun/2025:21:33:39 -0400] "POST /wp-admin/admin-ajax.php?action=async_litespeed&nonce=iRBo6rrR9pyU99uaDYOW2ydwTAT3pjX4&litespeed_type=imgoptm HTTP/1.1" 200 0 "-" "WordPress/6.8.1; https://reversevillain.com"
162.0.232.193 - - [09/Jun/2025:21:33:39 -0400] "POST /wp-cron.php?doing_wp_cron=1749519219.1334900856018066406250 HTTP/1.1" 200 0 "-" "WordPress/6.8.1; https://reversevillain.com"
47.128.113.42 - - [09/Jun/2025:21:33:34 -0400] "GET / HTTP/1.1" 200 9389 "-" "Mozilla/5.0 (Linux; Android 5.0) AppleWebKit/537.36 (KHTML, like Gecko) Mobile Safari/537.36 (compatible; Bytespider; [email protected])"
162.0.232.193 - - [09/Jun/2025:21:33:56 -0400] "POST /wp-cron.php?doing_wp_cron=1749519236.2360169887542724609375 HTTP/1.1" 200 0 "-" "WordPress/6.8.1; https://reversevillain.com"
217.113.194.18 - - [09/Jun/2025:21:33:52 -0400] "GET /reverse-villain-chapter-68/feed/ HTTP/1.1" 200 1099 "-" "Mozilla/5.0 (compatible; Barkrowler/0.9; +https://babbar.tech/crawler)"
162.0.232.193 - - [09/Jun/2025:21:34:00 -0400] "POST /wp-admin/admin-ajax.php?action=async_litespeed&nonce=LSxcDdDxUWkr6Os2ZDBXeQ2TW3TiLNoB&litespeed_type=imgoptm HTTP/1.1" 200 0 "-" "WordPress/6.8.1; https://reversevillain.com"
217.113.194.15 - - [09/Jun/2025:21:34:14 -0400] "GET /reverse-villain-chapter-4/feed/ HTTP/1.1" 200 1280 "-" "Mozilla/5.0 (compatible; Barkrowler/0.9; +https://babbar.tech/crawler)"
