20.171.207.117 - - [09/Jun/2025:22:36:45 -0400] "GET / HTTP/1.1" 200 9389 "-" "Mozilla/5.0 AppleWebKit/537.36 (KHTML, like Gecko; compatible; GPTBot/1.2; +https://openai.com/gptbot)"
20.171.207.117 - - [09/Jun/2025:22:36:46 -0400] "GET /sfq/detail1225679250.htm HTTP/1.1" 301 0 "-" "Mozilla/5.0 AppleWebKit/537.36 (KHTML, like Gecko; compatible; GPTBot/1.2; +https://openai.com/gptbot)"
20.171.207.117 - - [09/Jun/2025:22:36:46 -0400] "GET / HTTP/1.1" 200 9389 "-" "Mozilla/5.0 AppleWebKit/537.36 (KHTML, like Gecko; compatible; GPTBot/1.2; +https://openai.com/gptbot)"
20.171.207.117 - - [09/Jun/2025:22:36:47 -0400] "GET /uy/product1225754346.htm HTTP/1.1" 301 0 "-" "Mozilla/5.0 AppleWebKit/537.36 (KHTML, like Gecko; compatible; GPTBot/1.2; +https://openai.com/gptbot)"
20.171.207.117 - - [09/Jun/2025:22:36:48 -0400] "GET / HTTP/1.1" 200 9389 "-" "Mozilla/5.0 AppleWebKit/537.36 (KHTML, like Gecko; compatible; GPTBot/1.2; +https://openai.com/gptbot)"
20.171.207.117 - - [09/Jun/2025:22:36:48 -0400] "GET /gxo/detail1225513784.htm HTTP/1.1" 301 0 "-" "Mozilla/5.0 AppleWebKit/537.36 (KHTML, like Gecko; compatible; GPTBot/1.2; +https://openai.com/gptbot)"
20.171.207.117 - - [09/Jun/2025:22:36:49 -0400] "GET / HTTP/1.1" 200 9389 "-" "Mozilla/5.0 AppleWebKit/537.36 (KHTML, like Gecko; compatible; GPTBot/1.2; +https://openai.com/gptbot)"
20.171.207.117 - - [09/Jun/2025:22:36:50 -0400] "GET /kg/product1225568350.htm HTTP/1.1" 301 0 "-" "Mozilla/5.0 AppleWebKit/537.36 (KHTML, like Gecko; compatible; GPTBot/1.2; +https://openai.com/gptbot)"
20.171.207.117 - - [09/Jun/2025:22:36:51 -0400] "GET / HTTP/1.1" 200 9389 "-" "Mozilla/5.0 AppleWebKit/537.36 (KHTML, like Gecko; compatible; GPTBot/1.2; +https://openai.com/gptbot)"
2001:41d0:303:8697::1 - - [09/Jun/2025:22:36:52 -0400] "GET /manuke-na-fps-player-ga-isekai-e-ochita-baai-chapter-25-1/feed/ HTTP/1.1" 301 0 "-" "Mozilla/5.0 (compatible; MJ12bot/v1.4.8; http://mj12bot.com/)"
20.171.207.117 - - [09/Jun/2025:22:36:53 -0400] "GET /cbq/detail1225480038.htm HTTP/1.1" 301 0 "-" "Mozilla/5.0 AppleWebKit/537.36 (KHTML, like Gecko; compatible; GPTBot/1.2; +https://openai.com/gptbot)"
20.171.207.117 - - [09/Jun/2025:22:36:54 -0400] "GET / HTTP/1.1" 200 9389 "-" "Mozilla/5.0 AppleWebKit/537.36 (KHTML, like Gecko; compatible; GPTBot/1.2; +https://openai.com/gptbot)"
20.171.207.117 - - [09/Jun/2025:22:36:55 -0400] "GET /f/shopbrand780003045.htm HTTP/1.1" 301 0 "-" "Mozilla/5.0 AppleWebKit/537.36 (KHTML, like Gecko; compatible; GPTBot/1.2; +https://openai.com/gptbot)"
20.171.207.117 - - [09/Jun/2025:22:36:55 -0400] "GET / HTTP/1.1" 200 9391 "-" "Mozilla/5.0 AppleWebKit/537.36 (KHTML, like Gecko; compatible; GPTBot/1.2; +https://openai.com/gptbot)"
20.171.207.117 - - [09/Jun/2025:22:36:56 -0400] "GET /f/product368207637.htm HTTP/1.1" 301 0 "-" "Mozilla/5.0 AppleWebKit/537.36 (KHTML, like Gecko; compatible; GPTBot/1.2; +https://openai.com/gptbot)"
20.171.207.117 - - [09/Jun/2025:22:36:56 -0400] "GET / HTTP/1.1" 200 9389 "-" "Mozilla/5.0 AppleWebKit/537.36 (KHTML, like Gecko; compatible; GPTBot/1.2; +https://openai.com/gptbot)"
20.171.207.117 - - [09/Jun/2025:22:36:57 -0400] "GET /bfx/entity368077473.htm HTTP/1.1" 301 0 "-" "Mozilla/5.0 AppleWebKit/537.36 (KHTML, like Gecko; compatible; GPTBot/1.2; +https://openai.com/gptbot)"
20.171.207.117 - - [09/Jun/2025:22:36:58 -0400] "GET / HTTP/1.1" 200 9389 "-" "Mozilla/5.0 AppleWebKit/537.36 (KHTML, like Gecko; compatible; GPTBot/1.2; +https://openai.com/gptbot)"
20.171.207.117 - - [09/Jun/2025:22:36:58 -0400] "GET /oti/detail368040122.htm HTTP/1.1" 301 0 "-" "Mozilla/5.0 AppleWebKit/537.36 (KHTML, like Gecko; compatible; GPTBot/1.2; +https://openai.com/gptbot)"
20.171.207.117 - - [09/Jun/2025:22:36:59 -0400] "GET / HTTP/1.1" 200 9389 "-" "Mozilla/5.0 AppleWebKit/537.36 (KHTML, like Gecko; compatible; GPTBot/1.2; +https://openai.com/gptbot)"
20.171.207.117 - - [09/Jun/2025:22:37:00 -0400] "GET /alk/detail189342800.htm HTTP/1.1" 301 0 "-" "Mozilla/5.0 AppleWebKit/537.36 (KHTML, like Gecko; compatible; GPTBot/1.2; +https://openai.com/gptbot)"
20.171.207.117 - - [09/Jun/2025:22:37:00 -0400] "GET / HTTP/1.1" 200 9389 "-" "Mozilla/5.0 AppleWebKit/537.36 (KHTML, like Gecko; compatible; GPTBot/1.2; +https://openai.com/gptbot)"
20.171.207.117 - - [09/Jun/2025:22:37:01 -0400] "GET /fz/entity189473569.htm HTTP/1.1" 301 0 "-" "Mozilla/5.0 AppleWebKit/537.36 (KHTML, like Gecko; compatible; GPTBot/1.2; +https://openai.com/gptbot)"
20.171.207.117 - - [09/Jun/2025:22:37:02 -0400] "GET / HTTP/1.1" 200 9389 "-" "Mozilla/5.0 AppleWebKit/537.36 (KHTML, like Gecko; compatible; GPTBot/1.2; +https://openai.com/gptbot)"
20.171.207.117 - - [09/Jun/2025:22:37:02 -0400] "GET /ei/product731413938.htm HTTP/1.1" 301 0 "-" "Mozilla/5.0 AppleWebKit/537.36 (KHTML, like Gecko; compatible; GPTBot/1.2; +https://openai.com/gptbot)"
20.171.207.117 - - [09/Jun/2025:22:37:03 -0400] "GET / HTTP/1.1" 200 9389 "-" "Mozilla/5.0 AppleWebKit/537.36 (KHTML, like Gecko; compatible; GPTBot/1.2; +https://openai.com/gptbot)"
2001:41d0:303:8697::1 - - [09/Jun/2025:22:37:03 -0400] "GET / HTTP/1.1" 200 9389 "-" "Mozilla/5.0 (compatible; MJ12bot/v1.4.8; http://mj12bot.com/)"
20.171.207.117 - - [09/Jun/2025:22:37:04 -0400] "GET /jf/detail254296281.htm HTTP/1.1" 301 0 "-" "Mozilla/5.0 AppleWebKit/537.36 (KHTML, like Gecko; compatible; GPTBot/1.2; +https://openai.com/gptbot)"
20.171.207.117 - - [09/Jun/2025:22:37:04 -0400] "GET / HTTP/1.1" 200 9389 "-" "Mozilla/5.0 AppleWebKit/537.36 (KHTML, like Gecko; compatible; GPTBot/1.2; +https://openai.com/gptbot)"
20.171.207.117 - - [09/Jun/2025:22:37:05 -0400] "GET /mry/detail311970098.htm HTTP/1.1" 301 0 "-" "Mozilla/5.0 AppleWebKit/537.36 (KHTML, like Gecko; compatible; GPTBot/1.2; +https://openai.com/gptbot)"
20.171.207.117 - - [09/Jun/2025:22:37:05 -0400] "GET / HTTP/1.1" 200 9389 "-" "Mozilla/5.0 AppleWebKit/537.36 (KHTML, like Gecko; compatible; GPTBot/1.2; +https://openai.com/gptbot)"
20.171.207.117 - - [09/Jun/2025:22:37:06 -0400] "GET /gzu/items311925140.htm HTTP/1.1" 301 0 "-" "Mozilla/5.0 AppleWebKit/537.36 (KHTML, like Gecko; compatible; GPTBot/1.2; +https://openai.com/gptbot)"
20.171.207.117 - - [09/Jun/2025:22:37:07 -0400] "GET / HTTP/1.1" 200 9389 "-" "Mozilla/5.0 AppleWebKit/537.36 (KHTML, like Gecko; compatible; GPTBot/1.2; +https://openai.com/gptbot)"
20.171.207.117 - - [09/Jun/2025:22:37:07 -0400] "GET /q/product253968358.htm HTTP/1.1" 301 0 "-" "Mozilla/5.0 AppleWebKit/537.36 (KHTML, like Gecko; compatible; GPTBot/1.2; +https://openai.com/gptbot)"
20.171.207.117 - - [09/Jun/2025:22:37:08 -0400] "GET / HTTP/1.1" 200 9389 "-" "Mozilla/5.0 AppleWebKit/537.36 (KHTML, like Gecko; compatible; GPTBot/1.2; +https://openai.com/gptbot)"
20.171.207.117 - - [09/Jun/2025:22:37:09 -0400] "GET /rl/detail913625737.htm HTTP/1.1" 301 0 "-" "Mozilla/5.0 AppleWebKit/537.36 (KHTML, like Gecko; compatible; GPTBot/1.2; +https://openai.com/gptbot)"
20.171.207.117 - - [09/Jun/2025:22:37:09 -0400] "GET / HTTP/1.1" 200 9389 "-" "Mozilla/5.0 AppleWebKit/537.36 (KHTML, like Gecko; compatible; GPTBot/1.2; +https://openai.com/gptbot)"
20.171.207.117 - - [09/Jun/2025:22:37:10 -0400] "GET /t/product189362065.htm HTTP/1.1" 301 0 "-" "Mozilla/5.0 AppleWebKit/537.36 (KHTML, like Gecko; compatible; GPTBot/1.2; +https://openai.com/gptbot)"
20.171.207.117 - - [09/Jun/2025:22:37:10 -0400] "GET / HTTP/1.1" 200 9389 "-" "Mozilla/5.0 AppleWebKit/537.36 (KHTML, like Gecko; compatible; GPTBot/1.2; +https://openai.com/gptbot)"
2001:41d0:303:8697::1 - - [09/Jun/2025:22:37:10 -0400] "GET /mao-chapter-190/ HTTP/1.1" 301 0 "-" "Mozilla/5.0 (compatible; MJ12bot/v1.4.8; http://mj12bot.com/)"
20.171.207.117 - - [09/Jun/2025:22:37:11 -0400] "GET /gzw/detail368218236.htm HTTP/1.1" 301 0 "-" "Mozilla/5.0 AppleWebKit/537.36 (KHTML, like Gecko; compatible; GPTBot/1.2; +https://openai.com/gptbot)"
20.171.207.117 - - [09/Jun/2025:22:37:12 -0400] "GET / HTTP/1.1" 200 9389 "-" "Mozilla/5.0 AppleWebKit/537.36 (KHTML, like Gecko; compatible; GPTBot/1.2; +https://openai.com/gptbot)"
20.171.207.117 - - [09/Jun/2025:22:37:13 -0400] "GET /bb/product860477671.htm HTTP/1.1" 301 0 "-" "Mozilla/5.0 AppleWebKit/537.36 (KHTML, like Gecko; compatible; GPTBot/1.2; +https://openai.com/gptbot)"
20.171.207.117 - - [09/Jun/2025:22:37:14 -0400] "GET / HTTP/1.1" 200 9389 "-" "Mozilla/5.0 AppleWebKit/537.36 (KHTML, like Gecko; compatible; GPTBot/1.2; +https://openai.com/gptbot)"
20.171.207.117 - - [09/Jun/2025:22:37:15 -0400] "GET /c/product860467394.htm HTTP/1.1" 301 0 "-" "Mozilla/5.0 AppleWebKit/537.36 (KHTML, like Gecko; compatible; GPTBot/1.2; +https://openai.com/gptbot)"
20.171.207.117 - - [09/Jun/2025:22:37:16 -0400] "GET / HTTP/1.1" 200 9389 "-" "Mozilla/5.0 AppleWebKit/537.36 (KHTML, like Gecko; compatible; GPTBot/1.2; +https://openai.com/gptbot)"
20.171.207.117 - - [09/Jun/2025:22:37:17 -0400] "GET /su/product368234354.htm HTTP/1.1" 301 0 "-" "Mozilla/5.0 AppleWebKit/537.36 (KHTML, like Gecko; compatible; GPTBot/1.2; +https://openai.com/gptbot)"
20.171.207.117 - - [09/Jun/2025:22:37:18 -0400] "GET / HTTP/1.1" 200 9389 "-" "Mozilla/5.0 AppleWebKit/537.36 (KHTML, like Gecko; compatible; GPTBot/1.2; +https://openai.com/gptbot)"
20.171.207.117 - - [09/Jun/2025:22:37:19 -0400] "GET /h/product368218649.htm HTTP/1.1" 301 0 "-" "Mozilla/5.0 AppleWebKit/537.36 (KHTML, like Gecko; compatible; GPTBot/1.2; +https://openai.com/gptbot)"
20.171.207.117 - - [09/Jun/2025:22:37:20 -0400] "GET / HTTP/1.1" 200 9389 "-" "Mozilla/5.0 AppleWebKit/537.36 (KHTML, like Gecko; compatible; GPTBot/1.2; +https://openai.com/gptbot)"
20.171.207.117 - - [09/Jun/2025:22:37:21 -0400] "GET /dj/entity913780513.htm HTTP/1.1" 301 0 "-" "Mozilla/5.0 AppleWebKit/537.36 (KHTML, like Gecko; compatible; GPTBot/1.2; +https://openai.com/gptbot)"
20.171.207.117 - - [09/Jun/2025:22:37:21 -0400] "GET / HTTP/1.1" 200 9389 "-" "Mozilla/5.0 AppleWebKit/537.36 (KHTML, like Gecko; compatible; GPTBot/1.2; +https://openai.com/gptbot)"
20.171.207.117 - - [09/Jun/2025:22:37:22 -0400] "GET /bdl/entity731305079.htm HTTP/1.1" 301 0 "-" "Mozilla/5.0 AppleWebKit/537.36 (KHTML, like Gecko; compatible; GPTBot/1.2; +https://openai.com/gptbot)"
20.171.207.117 - - [09/Jun/2025:22:37:23 -0400] "GET / HTTP/1.1" 200 9389 "-" "Mozilla/5.0 AppleWebKit/537.36 (KHTML, like Gecko; compatible; GPTBot/1.2; +https://openai.com/gptbot)"
20.171.207.117 - - [09/Jun/2025:22:37:24 -0400] "GET /vx/entity860443451.htm HTTP/1.1" 301 0 "-" "Mozilla/5.0 AppleWebKit/537.36 (KHTML, like Gecko; compatible; GPTBot/1.2; +https://openai.com/gptbot)"
20.171.207.117 - - [09/Jun/2025:22:37:24 -0400] "GET / HTTP/1.1" 200 9389 "-" "Mozilla/5.0 AppleWebKit/537.36 (KHTML, like Gecko; compatible; GPTBot/1.2; +https://openai.com/gptbot)"
20.171.207.117 - - [09/Jun/2025:22:37:25 -0400] "GET /xnj/detail104302909.htm HTTP/1.1" 301 0 "-" "Mozilla/5.0 AppleWebKit/537.36 (KHTML, like Gecko; compatible; GPTBot/1.2; +https://openai.com/gptbot)"
2001:41d0:303:8697::1 - - [09/Jun/2025:22:37:25 -0400] "GET / HTTP/1.1" 200 9389 "-" "Mozilla/5.0 (compatible; MJ12bot/v1.4.8; http://mj12bot.com/)"
20.171.207.117 - - [09/Jun/2025:22:37:26 -0400] "GET / HTTP/1.1" 200 9389 "-" "Mozilla/5.0 AppleWebKit/537.36 (KHTML, like Gecko; compatible; GPTBot/1.2; +https://openai.com/gptbot)"
20.171.207.117 - - [09/Jun/2025:22:37:27 -0400] "GET /so/detail254235866.htm HTTP/1.1" 301 0 "-" "Mozilla/5.0 AppleWebKit/537.36 (KHTML, like Gecko; compatible; GPTBot/1.2; +https://openai.com/gptbot)"
20.171.207.117 - - [09/Jun/2025:22:37:27 -0400] "GET / HTTP/1.1" 200 9389 "-" "Mozilla/5.0 AppleWebKit/537.36 (KHTML, like Gecko; compatible; GPTBot/1.2; +https://openai.com/gptbot)"
20.171.207.117 - - [09/Jun/2025:22:37:28 -0400] "GET /szk/entity189607194.htm HTTP/1.1" 301 0 "-" "Mozilla/5.0 AppleWebKit/537.36 (KHTML, like Gecko; compatible; GPTBot/1.2; +https://openai.com/gptbot)"
162.0.232.193 - - [09/Jun/2025:22:37:29 -0400] "POST /wp-cron.php?doing_wp_cron=1749523049.4643249511718750000000 HTTP/1.1" 200 0 "-" "WordPress/6.8.1; https://reversevillain.com"
20.171.207.117 - - [09/Jun/2025:22:37:28 -0400] "GET / HTTP/1.1" 200 9389 "-" "Mozilla/5.0 AppleWebKit/537.36 (KHTML, like Gecko; compatible; GPTBot/1.2; +https://openai.com/gptbot)"
20.171.207.117 - - [09/Jun/2025:22:37:30 -0400] "GET /y/product254260164.htm HTTP/1.1" 301 0 "-" "Mozilla/5.0 AppleWebKit/537.36 (KHTML, like Gecko; compatible; GPTBot/1.2; +https://openai.com/gptbot)"
162.0.232.193 - - [09/Jun/2025:22:37:30 -0400] "POST /wp-admin/admin-ajax.php?action=async_litespeed&nonce=dJQTKhmVI14BFLawlHt6mJcR7468tp7p&litespeed_type=imgoptm HTTP/1.1" 200 5 "-" "WordPress/6.8.1; https://reversevillain.com"
20.171.207.117 - - [09/Jun/2025:22:37:31 -0400] "GET / HTTP/1.1" 200 9389 "-" "Mozilla/5.0 AppleWebKit/537.36 (KHTML, like Gecko; compatible; GPTBot/1.2; +https://openai.com/gptbot)"
20.171.207.117 - - [09/Jun/2025:22:37:31 -0400] "GET /pn/entity731568045.htm HTTP/1.1" 301 0 "-" "Mozilla/5.0 AppleWebKit/537.36 (KHTML, like Gecko; compatible; GPTBot/1.2; +https://openai.com/gptbot)"
2001:41d0:303:8697::1 - - [09/Jun/2025:22:37:32 -0400] "GET /mao-chapter-190/feed/ HTTP/1.1" 301 0 "-" "Mozilla/5.0 (compatible; MJ12bot/v1.4.8; http://mj12bot.com/)"
20.171.207.117 - - [09/Jun/2025:22:37:32 -0400] "GET / HTTP/1.1" 200 9389 "-" "Mozilla/5.0 AppleWebKit/537.36 (KHTML, like Gecko; compatible; GPTBot/1.2; +https://openai.com/gptbot)"
162.0.232.193 - - [09/Jun/2025:22:37:33 -0400] "POST /wp-cron.php?doing_wp_cron=1749523053.5362339019775390625000 HTTP/1.1" 200 0 "-" "WordPress/6.8.1; https://reversevillain.com"
20.171.207.117 - - [09/Jun/2025:22:37:33 -0400] "GET /blj/items860371339.htm HTTP/1.1" 301 0 "-" "Mozilla/5.0 AppleWebKit/537.36 (KHTML, like Gecko; compatible; GPTBot/1.2; +https://openai.com/gptbot)"
20.171.207.117 - - [09/Jun/2025:22:37:33 -0400] "GET / HTTP/1.1" 200 9389 "-" "Mozilla/5.0 AppleWebKit/537.36 (KHTML, like Gecko; compatible; GPTBot/1.2; +https://openai.com/gptbot)"
20.171.207.117 - - [09/Jun/2025:22:37:34 -0400] "GET /ii/product311968678.htm HTTP/1.1" 301 0 "-" "Mozilla/5.0 AppleWebKit/537.36 (KHTML, like Gecko; compatible; GPTBot/1.2; +https://openai.com/gptbot)"
20.171.207.117 - - [09/Jun/2025:22:37:35 -0400] "GET / HTTP/1.1" 200 9389 "-" "Mozilla/5.0 AppleWebKit/537.36 (KHTML, like Gecko; compatible; GPTBot/1.2; +https://openai.com/gptbot)"
20.171.207.117 - - [09/Jun/2025:22:37:36 -0400] "GET /cs/detail104497554.htm HTTP/1.1" 301 0 "-" "Mozilla/5.0 AppleWebKit/537.36 (KHTML, like Gecko; compatible; GPTBot/1.2; +https://openai.com/gptbot)"
20.171.207.117 - - [09/Jun/2025:22:37:36 -0400] "GET / HTTP/1.1" 200 9389 "-" "Mozilla/5.0 AppleWebKit/537.36 (KHTML, like Gecko; compatible; GPTBot/1.2; +https://openai.com/gptbot)"
20.171.207.117 - - [09/Jun/2025:22:37:37 -0400] "GET /fzj/items731360405.htm HTTP/1.1" 301 0 "-" "Mozilla/5.0 AppleWebKit/537.36 (KHTML, like Gecko; compatible; GPTBot/1.2; +https://openai.com/gptbot)"
2001:41d0:303:8697::1 - - [09/Jun/2025:22:37:37 -0400] "GET / HTTP/1.1" 200 9389 "-" "Mozilla/5.0 (compatible; MJ12bot/v1.4.8; http://mj12bot.com/)"
20.171.207.117 - - [09/Jun/2025:22:37:38 -0400] "GET / HTTP/1.1" 200 9389 "-" "Mozilla/5.0 AppleWebKit/537.36 (KHTML, like Gecko; compatible; GPTBot/1.2; +https://openai.com/gptbot)"
20.171.207.117 - - [09/Jun/2025:22:37:38 -0400] "GET /hz/detail368165719.htm HTTP/1.1" 301 0 "-" "Mozilla/5.0 AppleWebKit/537.36 (KHTML, like Gecko; compatible; GPTBot/1.2; +https://openai.com/gptbot)"
20.171.207.117 - - [09/Jun/2025:22:37:39 -0400] "GET / HTTP/1.1" 200 9389 "-" "Mozilla/5.0 AppleWebKit/537.36 (KHTML, like Gecko; compatible; GPTBot/1.2; +https://openai.com/gptbot)"
20.171.207.117 - - [09/Jun/2025:22:37:39 -0400] "GET /si/detail254150346.htm HTTP/1.1" 301 0 "-" "Mozilla/5.0 AppleWebKit/537.36 (KHTML, like Gecko; compatible; GPTBot/1.2; +https://openai.com/gptbot)"
20.171.207.117 - - [09/Jun/2025:22:37:40 -0400] "GET / HTTP/1.1" 200 9391 "-" "Mozilla/5.0 AppleWebKit/537.36 (KHTML, like Gecko; compatible; GPTBot/1.2; +https://openai.com/gptbot)"
20.171.207.117 - - [09/Jun/2025:22:37:41 -0400] "GET /cfe/detail311902140.htm HTTP/1.1" 301 0 "-" "Mozilla/5.0 AppleWebKit/537.36 (KHTML, like Gecko; compatible; GPTBot/1.2; +https://openai.com/gptbot)"
20.171.207.117 - - [09/Jun/2025:22:37:41 -0400] "GET / HTTP/1.1" 200 9389 "-" "Mozilla/5.0 AppleWebKit/537.36 (KHTML, like Gecko; compatible; GPTBot/1.2; +https://openai.com/gptbot)"
20.171.207.117 - - [09/Jun/2025:22:37:42 -0400] "GET /ofc/detail189615688.htm HTTP/1.1" 301 0 "-" "Mozilla/5.0 AppleWebKit/537.36 (KHTML, like Gecko; compatible; GPTBot/1.2; +https://openai.com/gptbot)"
20.171.207.117 - - [09/Jun/2025:22:37:42 -0400] "GET / HTTP/1.1" 200 9389 "-" "Mozilla/5.0 AppleWebKit/537.36 (KHTML, like Gecko; compatible; GPTBot/1.2; +https://openai.com/gptbot)"
20.171.207.117 - - [09/Jun/2025:22:37:43 -0400] "GET /gq/entity368165034.htm HTTP/1.1" 301 0 "-" "Mozilla/5.0 AppleWebKit/537.36 (KHTML, like Gecko; compatible; GPTBot/1.2; +https://openai.com/gptbot)"
2001:41d0:303:8697::1 - - [09/Jun/2025:22:37:43 -0400] "GET /maou-ni-natta-node-dungeon-tsukutte-jingai-musume-to-honobono-suru-chapter-64-2/ HTTP/1.1" 301 0 "-" "Mozilla/5.0 (compatible; MJ12bot/v1.4.8; http://mj12bot.com/)"
20.171.207.117 - - [09/Jun/2025:22:37:43 -0400] "GET / HTTP/1.1" 200 9389 "-" "Mozilla/5.0 AppleWebKit/537.36 (KHTML, like Gecko; compatible; GPTBot/1.2; +https://openai.com/gptbot)"
20.171.207.117 - - [09/Jun/2025:22:37:44 -0400] "GET /ppv/entity254031565.htm HTTP/1.1" 301 0 "-" "Mozilla/5.0 AppleWebKit/537.36 (KHTML, like Gecko; compatible; GPTBot/1.2; +https://openai.com/gptbot)"
20.171.207.117 - - [09/Jun/2025:22:37:45 -0400] "GET / HTTP/1.1" 200 9389 "-" "Mozilla/5.0 AppleWebKit/537.36 (KHTML, like Gecko; compatible; GPTBot/1.2; +https://openai.com/gptbot)"
20.171.207.117 - - [09/Jun/2025:22:37:45 -0400] "GET /xd/product913650091.htm HTTP/1.1" 301 0 "-" "Mozilla/5.0 AppleWebKit/537.36 (KHTML, like Gecko; compatible; GPTBot/1.2; +https://openai.com/gptbot)"
20.171.207.117 - - [09/Jun/2025:22:37:46 -0400] "GET / HTTP/1.1" 200 9389 "-" "Mozilla/5.0 AppleWebKit/537.36 (KHTML, like Gecko; compatible; GPTBot/1.2; +https://openai.com/gptbot)"
20.171.207.117 - - [09/Jun/2025:22:37:47 -0400] "GET /fbl/entity189495213.htm HTTP/1.1" 301 0 "-" "Mozilla/5.0 AppleWebKit/537.36 (KHTML, like Gecko; compatible; GPTBot/1.2; +https://openai.com/gptbot)"
20.171.207.117 - - [09/Jun/2025:22:37:47 -0400] "GET / HTTP/1.1" 200 9391 "-" "Mozilla/5.0 AppleWebKit/537.36 (KHTML, like Gecko; compatible; GPTBot/1.2; +https://openai.com/gptbot)"
20.171.207.117 - - [09/Jun/2025:22:37:49 -0400] "GET /uc/entity780169262.htm HTTP/1.1" 301 0 "-" "Mozilla/5.0 AppleWebKit/537.36 (KHTML, like Gecko; compatible; GPTBot/1.2; +https://openai.com/gptbot)"
20.171.207.117 - - [09/Jun/2025:22:37:49 -0400] "GET / HTTP/1.1" 200 9389 "-" "Mozilla/5.0 AppleWebKit/537.36 (KHTML, like Gecko; compatible; GPTBot/1.2; +https://openai.com/gptbot)"
162.0.232.193 - - [09/Jun/2025:22:37:50 -0400] "POST /wp-cron.php?doing_wp_cron=1749523070.5242400169372558593750 HTTP/1.1" 200 0 "-" "WordPress/6.8.1; https://reversevillain.com"
20.171.207.117 - - [09/Jun/2025:22:37:50 -0400] "GET /rl/entity189360975.htm HTTP/1.1" 301 0 "-" "Mozilla/5.0 AppleWebKit/537.36 (KHTML, like Gecko; compatible; GPTBot/1.2; +https://openai.com/gptbot)"
162.0.232.193 - - [09/Jun/2025:22:37:51 -0400] "POST /wp-admin/admin-ajax.php?action=async_litespeed&nonce=VNiL73HedesHyFXTeHx2Wyo6FPcdjoUa&litespeed_type=imgoptm HTTP/1.1" 200 5 "-" "WordPress/6.8.1; https://reversevillain.com"
20.171.207.117 - - [09/Jun/2025:22:37:50 -0400] "GET / HTTP/1.1" 200 9389 "-" "Mozilla/5.0 AppleWebKit/537.36 (KHTML, like Gecko; compatible; GPTBot/1.2; +https://openai.com/gptbot)"
20.171.207.117 - - [09/Jun/2025:22:37:51 -0400] "GET /ks/product731533678.htm HTTP/1.1" 301 0 "-" "Mozilla/5.0 AppleWebKit/537.36 (KHTML, like Gecko; compatible; GPTBot/1.2; +https://openai.com/gptbot)"
20.171.207.117 - - [09/Jun/2025:22:37:52 -0400] "GET / HTTP/1.1" 200 9389 "-" "Mozilla/5.0 AppleWebKit/537.36 (KHTML, like Gecko; compatible; GPTBot/1.2; +https://openai.com/gptbot)"
20.171.207.117 - - [09/Jun/2025:22:37:52 -0400] "GET /spm/detail253957742.htm HTTP/1.1" 301 0 "-" "Mozilla/5.0 AppleWebKit/537.36 (KHTML, like Gecko; compatible; GPTBot/1.2; +https://openai.com/gptbot)"
20.171.207.117 - - [09/Jun/2025:22:37:53 -0400] "GET / HTTP/1.1" 200 9389 "-" "Mozilla/5.0 AppleWebKit/537.36 (KHTML, like Gecko; compatible; GPTBot/1.2; +https://openai.com/gptbot)"
20.171.207.117 - - [09/Jun/2025:22:37:53 -0400] "GET /adq/entity104336170.htm HTTP/1.1" 301 0 "-" "Mozilla/5.0 AppleWebKit/537.36 (KHTML, like Gecko; compatible; GPTBot/1.2; +https://openai.com/gptbot)"
20.171.207.117 - - [09/Jun/2025:22:37:54 -0400] "GET / HTTP/1.1" 200 9391 "-" "Mozilla/5.0 AppleWebKit/537.36 (KHTML, like Gecko; compatible; GPTBot/1.2; +https://openai.com/gptbot)"
2001:41d0:303:8697::1 - - [09/Jun/2025:22:37:55 -0400] "GET / HTTP/1.1" 200 9391 "-" "Mozilla/5.0 (compatible; MJ12bot/v1.4.8; http://mj12bot.com/)"
20.171.207.117 - - [09/Jun/2025:22:37:55 -0400] "GET /q/product311833076.htm HTTP/1.1" 301 0 "-" "Mozilla/5.0 AppleWebKit/537.36 (KHTML, like Gecko; compatible; GPTBot/1.2; +https://openai.com/gptbot)"
20.171.207.117 - - [09/Jun/2025:22:37:56 -0400] "GET / HTTP/1.1" 200 9389 "-" "Mozilla/5.0 AppleWebKit/537.36 (KHTML, like Gecko; compatible; GPTBot/1.2; +https://openai.com/gptbot)"
20.171.207.117 - - [09/Jun/2025:22:37:57 -0400] "GET /v/product104387323.htm HTTP/1.1" 301 0 "-" "Mozilla/5.0 AppleWebKit/537.36 (KHTML, like Gecko; compatible; GPTBot/1.2; +https://openai.com/gptbot)"
20.171.207.117 - - [09/Jun/2025:22:37:57 -0400] "GET / HTTP/1.1" 200 9389 "-" "Mozilla/5.0 AppleWebKit/537.36 (KHTML, like Gecko; compatible; GPTBot/1.2; +https://openai.com/gptbot)"
20.171.207.117 - - [09/Jun/2025:22:37:58 -0400] "GET /uw/detail368042840.htm HTTP/1.1" 301 0 "-" "Mozilla/5.0 AppleWebKit/537.36 (KHTML, like Gecko; compatible; GPTBot/1.2; +https://openai.com/gptbot)"
20.171.207.117 - - [09/Jun/2025:22:37:58 -0400] "GET / HTTP/1.1" 200 9389 "-" "Mozilla/5.0 AppleWebKit/537.36 (KHTML, like Gecko; compatible; GPTBot/1.2; +https://openai.com/gptbot)"
20.171.207.117 - - [09/Jun/2025:22:37:59 -0400] "GET /sg/entity780019584.htm HTTP/1.1" 301 0 "-" "Mozilla/5.0 AppleWebKit/537.36 (KHTML, like Gecko; compatible; GPTBot/1.2; +https://openai.com/gptbot)"
20.171.207.117 - - [09/Jun/2025:22:37:59 -0400] "GET / HTTP/1.1" 200 9391 "-" "Mozilla/5.0 AppleWebKit/537.36 (KHTML, like Gecko; compatible; GPTBot/1.2; +https://openai.com/gptbot)"
47.128.96.151 - - [09/Jun/2025:22:38:00 -0400] "GET /hanninmae-no-koibito-chapter-8/ HTTP/1.1" 301 0 "-" "Mozilla/5.0 (Linux; Android 5.0) AppleWebKit/537.36 (KHTML, like Gecko) Mobile Safari/537.36 (compatible; TikTokSpider; [email protected])"
20.171.207.117 - - [09/Jun/2025:22:38:00 -0400] "GET /im/product254124636.htm HTTP/1.1" 301 0 "-" "Mozilla/5.0 AppleWebKit/537.36 (KHTML, like Gecko; compatible; GPTBot/1.2; +https://openai.com/gptbot)"
20.171.207.117 - - [09/Jun/2025:22:38:01 -0400] "GET / HTTP/1.1" 200 9389 "-" "Mozilla/5.0 AppleWebKit/537.36 (KHTML, like Gecko; compatible; GPTBot/1.2; +https://openai.com/gptbot)"
47.128.96.151 - - [09/Jun/2025:22:38:01 -0400] "GET / HTTP/1.1" 200 9389 "-" "Mozilla/5.0 (Linux; Android 5.0) AppleWebKit/537.36 (KHTML, like Gecko) Mobile Safari/537.36 (compatible; TikTokSpider; [email protected])"
20.171.207.117 - - [09/Jun/2025:22:38:01 -0400] "GET /mu/entity189380562.htm HTTP/1.1" 301 0 "-" "Mozilla/5.0 AppleWebKit/537.36 (KHTML, like Gecko; compatible; GPTBot/1.2; +https://openai.com/gptbot)"
20.171.207.117 - - [09/Jun/2025:22:38:02 -0400] "GET / HTTP/1.1" 200 9389 "-" "Mozilla/5.0 AppleWebKit/537.36 (KHTML, like Gecko; compatible; GPTBot/1.2; +https://openai.com/gptbot)"
20.171.207.117 - - [09/Jun/2025:22:38:02 -0400] "GET /yro/entity189320834.htm HTTP/1.1" 301 0 "-" "Mozilla/5.0 AppleWebKit/537.36 (KHTML, like Gecko; compatible; GPTBot/1.2; +https://openai.com/gptbot)"
20.171.207.117 - - [09/Jun/2025:22:38:03 -0400] "GET / HTTP/1.1" 200 9389 "-" "Mozilla/5.0 AppleWebKit/537.36 (KHTML, like Gecko; compatible; GPTBot/1.2; +https://openai.com/gptbot)"
2001:41d0:303:8697::1 - - [09/Jun/2025:22:38:03 -0400] "GET /maou-ni-natta-node-dungeon-tsukutte-jingai-musume-to-honobono-suru-chapter-64-2/feed/ HTTP/1.1" 301 0 "-" "Mozilla/5.0 (compatible; MJ12bot/v1.4.8; http://mj12bot.com/)"
20.171.207.117 - - [09/Jun/2025:22:38:03 -0400] "GET /sg/entity368245052.htm HTTP/1.1" 301 0 "-" "Mozilla/5.0 AppleWebKit/537.36 (KHTML, like Gecko; compatible; GPTBot/1.2; +https://openai.com/gptbot)"
20.171.207.117 - - [09/Jun/2025:22:38:04 -0400] "GET / HTTP/1.1" 200 9391 "-" "Mozilla/5.0 AppleWebKit/537.36 (KHTML, like Gecko; compatible; GPTBot/1.2; +https://openai.com/gptbot)"
20.171.207.117 - - [09/Jun/2025:22:38:05 -0400] "GET /sw/detail367955974.htm HTTP/1.1" 301 0 "-" "Mozilla/5.0 AppleWebKit/537.36 (KHTML, like Gecko; compatible; GPTBot/1.2; +https://openai.com/gptbot)"
20.171.207.117 - - [09/Jun/2025:22:38:05 -0400] "GET / HTTP/1.1" 200 9391 "-" "Mozilla/5.0 AppleWebKit/537.36 (KHTML, like Gecko; compatible; GPTBot/1.2; +https://openai.com/gptbot)"
20.171.207.117 - - [09/Jun/2025:22:38:06 -0400] "GET /vf/entity254162043.htm HTTP/1.1" 301 0 "-" "Mozilla/5.0 AppleWebKit/537.36 (KHTML, like Gecko; compatible; GPTBot/1.2; +https://openai.com/gptbot)"
20.171.207.117 - - [09/Jun/2025:22:38:07 -0400] "GET / HTTP/1.1" 200 9389 "-" "Mozilla/5.0 AppleWebKit/537.36 (KHTML, like Gecko; compatible; GPTBot/1.2; +https://openai.com/gptbot)"
20.171.207.117 - - [09/Jun/2025:22:38:07 -0400] "GET /nj/detail779856489.htm HTTP/1.1" 301 0 "-" "Mozilla/5.0 AppleWebKit/537.36 (KHTML, like Gecko; compatible; GPTBot/1.2; +https://openai.com/gptbot)"
20.171.207.117 - - [09/Jun/2025:22:38:08 -0400] "GET / HTTP/1.1" 200 9389 "-" "Mozilla/5.0 AppleWebKit/537.36 (KHTML, like Gecko; compatible; GPTBot/1.2; +https://openai.com/gptbot)"
20.171.207.117 - - [09/Jun/2025:22:38:09 -0400] "GET /rn/entity860345629.htm HTTP/1.1" 301 0 "-" "Mozilla/5.0 AppleWebKit/537.36 (KHTML, like Gecko; compatible; GPTBot/1.2; +https://openai.com/gptbot)"
20.171.207.117 - - [09/Jun/2025:22:38:10 -0400] "GET / HTTP/1.1" 200 9389 "-" "Mozilla/5.0 AppleWebKit/537.36 (KHTML, like Gecko; compatible; GPTBot/1.2; +https://openai.com/gptbot)"
20.171.207.117 - - [09/Jun/2025:22:38:10 -0400] "GET /mo/detail312044864.htm HTTP/1.1" 301 0 "-" "Mozilla/5.0 AppleWebKit/537.36 (KHTML, like Gecko; compatible; GPTBot/1.2; +https://openai.com/gptbot)"
20.171.207.117 - - [09/Jun/2025:22:38:11 -0400] "GET / HTTP/1.1" 200 9389 "-" "Mozilla/5.0 AppleWebKit/537.36 (KHTML, like Gecko; compatible; GPTBot/1.2; +https://openai.com/gptbot)"
20.171.207.117 - - [09/Jun/2025:22:38:11 -0400] "GET /dvn/entity189632573.htm HTTP/1.1" 301 0 "-" "Mozilla/5.0 AppleWebKit/537.36 (KHTML, like Gecko; compatible; GPTBot/1.2; +https://openai.com/gptbot)"
20.171.207.117 - - [09/Jun/2025:22:38:12 -0400] "GET / HTTP/1.1" 200 9390 "-" "Mozilla/5.0 AppleWebKit/537.36 (KHTML, like Gecko; compatible; GPTBot/1.2; +https://openai.com/gptbot)"
20.171.207.117 - - [09/Jun/2025:22:38:13 -0400] "GET /bnx/entity731572449.htm HTTP/1.1" 301 0 "-" "Mozilla/5.0 AppleWebKit/537.36 (KHTML, like Gecko; compatible; GPTBot/1.2; +https://openai.com/gptbot)"
20.171.207.117 - - [09/Jun/2025:22:38:13 -0400] "GET / HTTP/1.1" 200 9390 "-" "Mozilla/5.0 AppleWebKit/537.36 (KHTML, like Gecko; compatible; GPTBot/1.2; +https://openai.com/gptbot)"
20.171.207.117 - - [09/Jun/2025:22:38:14 -0400] "GET /zd/entity913650429.htm HTTP/1.1" 301 0 "-" "Mozilla/5.0 AppleWebKit/537.36 (KHTML, like Gecko; compatible; GPTBot/1.2; +https://openai.com/gptbot)"
2001:41d0:303:8697::1 - - [09/Jun/2025:22:38:14 -0400] "GET / HTTP/1.1" 200 9390 "-" "Mozilla/5.0 (compatible; MJ12bot/v1.4.8; http://mj12bot.com/)"
20.171.207.117 - - [09/Jun/2025:22:38:14 -0400] "GET / HTTP/1.1" 200 9389 "-" "Mozilla/5.0 AppleWebKit/537.36 (KHTML, like Gecko; compatible; GPTBot/1.2; +https://openai.com/gptbot)"
20.171.207.117 - - [09/Jun/2025:22:38:15 -0400] "GET /m/product368124480.htm HTTP/1.1" 301 0 "-" "Mozilla/5.0 AppleWebKit/537.36 (KHTML, like Gecko; compatible; GPTBot/1.2; +https://openai.com/gptbot)"
20.171.207.117 - - [09/Jun/2025:22:38:15 -0400] "GET / HTTP/1.1" 200 9389 "-" "Mozilla/5.0 AppleWebKit/537.36 (KHTML, like Gecko; compatible; GPTBot/1.2; +https://openai.com/gptbot)"
20.171.207.117 - - [09/Jun/2025:22:38:16 -0400] "GET /dl/product254208043.htm HTTP/1.1" 301 0 "-" "Mozilla/5.0 AppleWebKit/537.36 (KHTML, like Gecko; compatible; GPTBot/1.2; +https://openai.com/gptbot)"
20.171.207.117 - - [09/Jun/2025:22:38:16 -0400] "GET / HTTP/1.1" 200 9389 "-" "Mozilla/5.0 AppleWebKit/537.36 (KHTML, like Gecko; compatible; GPTBot/1.2; +https://openai.com/gptbot)"
20.171.207.117 - - [09/Jun/2025:22:38:17 -0400] "GET /iw/product860544694.htm HTTP/1.1" 301 0 "-" "Mozilla/5.0 AppleWebKit/537.36 (KHTML, like Gecko; compatible; GPTBot/1.2; +https://openai.com/gptbot)"
20.171.207.117 - - [09/Jun/2025:22:38:18 -0400] "GET / HTTP/1.1" 200 9389 "-" "Mozilla/5.0 AppleWebKit/537.36 (KHTML, like Gecko; compatible; GPTBot/1.2; +https://openai.com/gptbot)"
20.171.207.117 - - [09/Jun/2025:22:38:18 -0400] "GET /sk/product311865668.htm HTTP/1.1" 301 0 "-" "Mozilla/5.0 AppleWebKit/537.36 (KHTML, like Gecko; compatible; GPTBot/1.2; +https://openai.com/gptbot)"
20.171.207.117 - - [09/Jun/2025:22:38:19 -0400] "GET / HTTP/1.1" 200 9389 "-" "Mozilla/5.0 AppleWebKit/537.36 (KHTML, like Gecko; compatible; GPTBot/1.2; +https://openai.com/gptbot)"
20.171.207.117 - - [09/Jun/2025:22:38:20 -0400] "GET /vhx/detail731527547.htm HTTP/1.1" 301 0 "-" "Mozilla/5.0 AppleWebKit/537.36 (KHTML, like Gecko; compatible; GPTBot/1.2; +https://openai.com/gptbot)"
20.171.207.117 - - [09/Jun/2025:22:38:20 -0400] "GET / HTTP/1.1" 200 9389 "-" "Mozilla/5.0 AppleWebKit/537.36 (KHTML, like Gecko; compatible; GPTBot/1.2; +https://openai.com/gptbot)"
20.171.207.117 - - [09/Jun/2025:22:38:21 -0400] "GET /bb/detail780129377.htm HTTP/1.1" 301 0 "-" "Mozilla/5.0 AppleWebKit/537.36 (KHTML, like Gecko; compatible; GPTBot/1.2; +https://openai.com/gptbot)"
20.171.207.117 - - [09/Jun/2025:22:38:21 -0400] "GET / HTTP/1.1" 200 9389 "-" "Mozilla/5.0 AppleWebKit/537.36 (KHTML, like Gecko; compatible; GPTBot/1.2; +https://openai.com/gptbot)"
20.171.207.117 - - [09/Jun/2025:22:38:22 -0400] "GET /ik/product253933040.htm HTTP/1.1" 301 0 "-" "Mozilla/5.0 AppleWebKit/537.36 (KHTML, like Gecko; compatible; GPTBot/1.2; +https://openai.com/gptbot)"
2001:41d0:303:8697::1 - - [09/Jun/2025:22:38:22 -0400] "GET /maoujou-de-oyasumi-chapter-332/ HTTP/1.1" 301 0 "-" "Mozilla/5.0 (compatible; MJ12bot/v1.4.8; http://mj12bot.com/)"
20.171.207.117 - - [09/Jun/2025:22:38:23 -0400] "GET / HTTP/1.1" 200 9389 "-" "Mozilla/5.0 AppleWebKit/537.36 (KHTML, like Gecko; compatible; GPTBot/1.2; +https://openai.com/gptbot)"
20.171.207.117 - - [09/Jun/2025:22:38:25 -0400] "GET /xzn/items189513025.htm HTTP/1.1" 301 0 "-" "Mozilla/5.0 AppleWebKit/537.36 (KHTML, like Gecko; compatible; GPTBot/1.2; +https://openai.com/gptbot)"
20.171.207.117 - - [09/Jun/2025:22:38:25 -0400] "GET / HTTP/1.1" 200 9389 "-" "Mozilla/5.0 AppleWebKit/537.36 (KHTML, like Gecko; compatible; GPTBot/1.2; +https://openai.com/gptbot)"
20.171.207.117 - - [09/Jun/2025:22:38:26 -0400] "GET /cdw/entity104304950.htm HTTP/1.1" 301 0 "-" "Mozilla/5.0 AppleWebKit/537.36 (KHTML, like Gecko; compatible; GPTBot/1.2; +https://openai.com/gptbot)"
20.171.207.117 - - [09/Jun/2025:22:38:26 -0400] "GET / HTTP/1.1" 200 9389 "-" "Mozilla/5.0 AppleWebKit/537.36 (KHTML, like Gecko; compatible; GPTBot/1.2; +https://openai.com/gptbot)"
20.171.207.117 - - [09/Jun/2025:22:38:27 -0400] "GET /j/product860684021.htm HTTP/1.1" 301 0 "-" "Mozilla/5.0 AppleWebKit/537.36 (KHTML, like Gecko; compatible; GPTBot/1.2; +https://openai.com/gptbot)"
20.171.207.117 - - [09/Jun/2025:22:38:27 -0400] "GET / HTTP/1.1" 200 9389 "-" "Mozilla/5.0 AppleWebKit/537.36 (KHTML, like Gecko; compatible; GPTBot/1.2; +https://openai.com/gptbot)"
162.0.232.193 - - [09/Jun/2025:22:38:29 -0400] "POST /wp-cron.php?doing_wp_cron=1749523109.0609540939331054687500 HTTP/1.1" 200 0 "-" "WordPress/6.8.1; https://reversevillain.com"
20.171.207.117 - - [09/Jun/2025:22:38:28 -0400] "GET /rpz/detail780050465.htm HTTP/1.1" 301 0 "-" "Mozilla/5.0 AppleWebKit/537.36 (KHTML, like Gecko; compatible; GPTBot/1.2; +https://openai.com/gptbot)"
20.171.207.117 - - [09/Jun/2025:22:38:29 -0400] "GET / HTTP/1.1" 200 9389 "-" "Mozilla/5.0 AppleWebKit/537.36 (KHTML, like Gecko; compatible; GPTBot/1.2; +https://openai.com/gptbot)"
20.171.207.117 - - [09/Jun/2025:22:38:30 -0400] "GET /kw/detail913633288.htm HTTP/1.1" 301 0 "-" "Mozilla/5.0 AppleWebKit/537.36 (KHTML, like Gecko; compatible; GPTBot/1.2; +https://openai.com/gptbot)"
20.171.207.117 - - [09/Jun/2025:22:38:30 -0400] "GET / HTTP/1.1" 200 9389 "-" "Mozilla/5.0 AppleWebKit/537.36 (KHTML, like Gecko; compatible; GPTBot/1.2; +https://openai.com/gptbot)"
20.171.207.117 - - [09/Jun/2025:22:38:31 -0400] "GET /xb/entity104270583.htm HTTP/1.1" 301 0 "-" "Mozilla/5.0 AppleWebKit/537.36 (KHTML, like Gecko; compatible; GPTBot/1.2; +https://openai.com/gptbot)"
20.171.207.117 - - [09/Jun/2025:22:38:31 -0400] "GET / HTTP/1.1" 200 9389 "-" "Mozilla/5.0 AppleWebKit/537.36 (KHTML, like Gecko; compatible; GPTBot/1.2; +https://openai.com/gptbot)"
20.171.207.117 - - [09/Jun/2025:22:38:32 -0400] "GET /djl/detail780163057.htm HTTP/1.1" 301 0 "-" "Mozilla/5.0 AppleWebKit/537.36 (KHTML, like Gecko; compatible; GPTBot/1.2; +https://openai.com/gptbot)"
20.171.207.117 - - [09/Jun/2025:22:38:33 -0400] "GET / HTTP/1.1" 200 9389 "-" "Mozilla/5.0 AppleWebKit/537.36 (KHTML, like Gecko; compatible; GPTBot/1.2; +https://openai.com/gptbot)"
20.171.207.117 - - [09/Jun/2025:22:38:33 -0400] "GET /q/product368243946.htm HTTP/1.1" 301 0 "-" "Mozilla/5.0 AppleWebKit/537.36 (KHTML, like Gecko; compatible; GPTBot/1.2; +https://openai.com/gptbot)"
20.171.207.117 - - [09/Jun/2025:22:38:34 -0400] "GET / HTTP/1.1" 200 9391 "-" "Mozilla/5.0 AppleWebKit/537.36 (KHTML, like Gecko; compatible; GPTBot/1.2; +https://openai.com/gptbot)"
20.171.207.117 - - [09/Jun/2025:22:38:34 -0400] "GET /gi/entity254113608.htm HTTP/1.1" 301 0 "-" "Mozilla/5.0 AppleWebKit/537.36 (KHTML, like Gecko; compatible; GPTBot/1.2; +https://openai.com/gptbot)"
2001:41d0:303:8697::1 - - [09/Jun/2025:22:38:34 -0400] "GET / HTTP/1.1" 200 9389 "-" "Mozilla/5.0 (compatible; MJ12bot/v1.4.8; http://mj12bot.com/)"
20.171.207.117 - - [09/Jun/2025:22:38:35 -0400] "GET / HTTP/1.1" 200 9389 "-" "Mozilla/5.0 AppleWebKit/537.36 (KHTML, like Gecko; compatible; GPTBot/1.2; +https://openai.com/gptbot)"
20.171.207.117 - - [09/Jun/2025:22:38:36 -0400] "GET /im/product254007558.htm HTTP/1.1" 301 0 "-" "Mozilla/5.0 AppleWebKit/537.36 (KHTML, like Gecko; compatible; GPTBot/1.2; +https://openai.com/gptbot)"
20.171.207.117 - - [09/Jun/2025:22:38:36 -0400] "GET / HTTP/1.1" 200 9389 "-" "Mozilla/5.0 AppleWebKit/537.36 (KHTML, like Gecko; compatible; GPTBot/1.2; +https://openai.com/gptbot)"
20.171.207.117 - - [09/Jun/2025:22:38:37 -0400] "GET /i/product913771672.htm HTTP/1.1" 301 0 "-" "Mozilla/5.0 AppleWebKit/537.36 (KHTML, like Gecko; compatible; GPTBot/1.2; +https://openai.com/gptbot)"
20.171.207.117 - - [09/Jun/2025:22:38:37 -0400] "GET / HTTP/1.1" 200 9389 "-" "Mozilla/5.0 AppleWebKit/537.36 (KHTML, like Gecko; compatible; GPTBot/1.2; +https://openai.com/gptbot)"
20.171.207.117 - - [09/Jun/2025:22:38:38 -0400] "GET /y/product189427998.htm HTTP/1.1" 301 0 "-" "Mozilla/5.0 AppleWebKit/537.36 (KHTML, like Gecko; compatible; GPTBot/1.2; +https://openai.com/gptbot)"
20.171.207.117 - - [09/Jun/2025:22:38:38 -0400] "GET / HTTP/1.1" 200 9389 "-" "Mozilla/5.0 AppleWebKit/537.36 (KHTML, like Gecko; compatible; GPTBot/1.2; +https://openai.com/gptbot)"
20.171.207.117 - - [09/Jun/2025:22:38:39 -0400] "GET /f/product254251589.htm HTTP/1.1" 301 0 "-" "Mozilla/5.0 AppleWebKit/537.36 (KHTML, like Gecko; compatible; GPTBot/1.2; +https://openai.com/gptbot)"
20.171.207.117 - - [09/Jun/2025:22:38:40 -0400] "GET / HTTP/1.1" 200 9389 "-" "Mozilla/5.0 AppleWebKit/537.36 (KHTML, like Gecko; compatible; GPTBot/1.2; +https://openai.com/gptbot)"
20.171.207.117 - - [09/Jun/2025:22:38:40 -0400] "GET /dz/detail731562857.htm HTTP/1.1" 301 0 "-" "Mozilla/5.0 AppleWebKit/537.36 (KHTML, like Gecko; compatible; GPTBot/1.2; +https://openai.com/gptbot)"
20.171.207.117 - - [09/Jun/2025:22:38:41 -0400] "GET / HTTP/1.1" 200 9389 "-" "Mozilla/5.0 AppleWebKit/537.36 (KHTML, like Gecko; compatible; GPTBot/1.2; +https://openai.com/gptbot)"
20.171.207.117 - - [09/Jun/2025:22:38:42 -0400] "GET /px/detail311939547.htm HTTP/1.1" 301 0 "-" "Mozilla/5.0 AppleWebKit/537.36 (KHTML, like Gecko; compatible; GPTBot/1.2; +https://openai.com/gptbot)"
20.171.207.117 - - [09/Jun/2025:22:38:43 -0400] "GET / HTTP/1.1" 200 9389 "-" "Mozilla/5.0 AppleWebKit/537.36 (KHTML, like Gecko; compatible; GPTBot/1.2; +https://openai.com/gptbot)"
20.171.207.117 - - [09/Jun/2025:22:38:43 -0400] "GET /qe/detail731429040.htm HTTP/1.1" 301 0 "-" "Mozilla/5.0 AppleWebKit/537.36 (KHTML, like Gecko; compatible; GPTBot/1.2; +https://openai.com/gptbot)"
20.171.207.117 - - [09/Jun/2025:22:38:44 -0400] "GET / HTTP/1.1" 200 9389 "-" "Mozilla/5.0 AppleWebKit/537.36 (KHTML, like Gecko; compatible; GPTBot/1.2; +https://openai.com/gptbot)"
20.171.207.117 - - [09/Jun/2025:22:38:45 -0400] "GET /spa/entity368170478.htm HTTP/1.1" 301 0 "-" "Mozilla/5.0 AppleWebKit/537.36 (KHTML, like Gecko; compatible; GPTBot/1.2; +https://openai.com/gptbot)"
20.171.207.117 - - [09/Jun/2025:22:38:45 -0400] "GET / HTTP/1.1" 200 9391 "-" "Mozilla/5.0 AppleWebKit/537.36 (KHTML, like Gecko; compatible; GPTBot/1.2; +https://openai.com/gptbot)"
20.171.207.117 - - [09/Jun/2025:22:38:46 -0400] "GET /fvj/entity731542327.htm HTTP/1.1" 301 0 "-" "Mozilla/5.0 AppleWebKit/537.36 (KHTML, like Gecko; compatible; GPTBot/1.2; +https://openai.com/gptbot)"
20.171.207.117 - - [09/Jun/2025:22:38:46 -0400] "GET / HTTP/1.1" 200 9389 "-" "Mozilla/5.0 AppleWebKit/537.36 (KHTML, like Gecko; compatible; GPTBot/1.2; +https://openai.com/gptbot)"
20.171.207.117 - - [09/Jun/2025:22:38:47 -0400] "GET /w/product311952544.htm HTTP/1.1" 301 0 "-" "Mozilla/5.0 AppleWebKit/537.36 (KHTML, like Gecko; compatible; GPTBot/1.2; +https://openai.com/gptbot)"
20.171.207.117 - - [09/Jun/2025:22:38:47 -0400] "GET / HTTP/1.1" 200 9389 "-" "Mozilla/5.0 AppleWebKit/537.36 (KHTML, like Gecko; compatible; GPTBot/1.2; +https://openai.com/gptbot)"
20.171.207.117 - - [09/Jun/2025:22:38:48 -0400] "GET /m/product913794928.htm HTTP/1.1" 301 0 "-" "Mozilla/5.0 AppleWebKit/537.36 (KHTML, like Gecko; compatible; GPTBot/1.2; +https://openai.com/gptbot)"
20.171.207.117 - - [09/Jun/2025:22:38:49 -0400] "GET / HTTP/1.1" 200 9389 "-" "Mozilla/5.0 AppleWebKit/537.36 (KHTML, like Gecko; compatible; GPTBot/1.2; +https://openai.com/gptbot)"
20.171.207.117 - - [09/Jun/2025:22:38:49 -0400] "GET /wu/detail860550204.htm HTTP/1.1" 301 0 "-" "Mozilla/5.0 AppleWebKit/537.36 (KHTML, like Gecko; compatible; GPTBot/1.2; +https://openai.com/gptbot)"
20.171.207.117 - - [09/Jun/2025:22:38:50 -0400] "GET / HTTP/1.1" 200 9389 "-" "Mozilla/5.0 AppleWebKit/537.36 (KHTML, like Gecko; compatible; GPTBot/1.2; +https://openai.com/gptbot)"
20.171.207.117 - - [09/Jun/2025:22:38:50 -0400] "GET /wby/detail913766436.htm HTTP/1.1" 301 0 "-" "Mozilla/5.0 AppleWebKit/537.36 (KHTML, like Gecko; compatible; GPTBot/1.2; +https://openai.com/gptbot)"
20.171.207.117 - - [09/Jun/2025:22:38:51 -0400] "GET / HTTP/1.1" 200 9389 "-" "Mozilla/5.0 AppleWebKit/537.36 (KHTML, like Gecko; compatible; GPTBot/1.2; +https://openai.com/gptbot)"
20.171.207.117 - - [09/Jun/2025:22:38:52 -0400] "GET /xv/detail731453055.htm HTTP/1.1" 301 0 "-" "Mozilla/5.0 AppleWebKit/537.36 (KHTML, like Gecko; compatible; GPTBot/1.2; +https://openai.com/gptbot)"
20.171.207.117 - - [09/Jun/2025:22:38:52 -0400] "GET / HTTP/1.1" 200 9389 "-" "Mozilla/5.0 AppleWebKit/537.36 (KHTML, like Gecko; compatible; GPTBot/1.2; +https://openai.com/gptbot)"
20.171.207.117 - - [09/Jun/2025:22:38:53 -0400] "GET /tpd/detail368256411.htm HTTP/1.1" 301 0 "-" "Mozilla/5.0 AppleWebKit/537.36 (KHTML, like Gecko; compatible; GPTBot/1.2; +https://openai.com/gptbot)"
20.171.207.117 - - [09/Jun/2025:22:38:53 -0400] "GET / HTTP/1.1" 200 9389 "-" "Mozilla/5.0 AppleWebKit/537.36 (KHTML, like Gecko; compatible; GPTBot/1.2; +https://openai.com/gptbot)"
20.171.207.117 - - [09/Jun/2025:22:38:54 -0400] "GET /n/product860621565.htm HTTP/1.1" 301 0 "-" "Mozilla/5.0 AppleWebKit/537.36 (KHTML, like Gecko; compatible; GPTBot/1.2; +https://openai.com/gptbot)"
20.171.207.117 - - [09/Jun/2025:22:38:55 -0400] "GET / HTTP/1.1" 200 9389 "-" "Mozilla/5.0 AppleWebKit/537.36 (KHTML, like Gecko; compatible; GPTBot/1.2; +https://openai.com/gptbot)"
20.171.207.117 - - [09/Jun/2025:22:38:55 -0400] "GET /rv/entity368297561.htm HTTP/1.1" 301 0 "-" "Mozilla/5.0 AppleWebKit/537.36 (KHTML, like Gecko; compatible; GPTBot/1.2; +https://openai.com/gptbot)"
20.171.207.117 - - [09/Jun/2025:22:38:56 -0400] "GET / HTTP/1.1" 200 9389 "-" "Mozilla/5.0 AppleWebKit/537.36 (KHTML, like Gecko; compatible; GPTBot/1.2; +https://openai.com/gptbot)"
20.171.207.117 - - [09/Jun/2025:22:38:57 -0400] "GET /ug/product189341106.htm HTTP/1.1" 301 0 "-" "Mozilla/5.0 AppleWebKit/537.36 (KHTML, like Gecko; compatible; GPTBot/1.2; +https://openai.com/gptbot)"
20.171.207.117 - - [09/Jun/2025:22:38:57 -0400] "GET / HTTP/1.1" 200 9389 "-" "Mozilla/5.0 AppleWebKit/537.36 (KHTML, like Gecko; compatible; GPTBot/1.2; +https://openai.com/gptbot)"
20.171.207.117 - - [09/Jun/2025:22:38:58 -0400] "GET /jx/detail731607575.htm HTTP/1.1" 301 0 "-" "Mozilla/5.0 AppleWebKit/537.36 (KHTML, like Gecko; compatible; GPTBot/1.2; +https://openai.com/gptbot)"
20.171.207.117 - - [09/Jun/2025:22:38:59 -0400] "GET / HTTP/1.1" 200 9389 "-" "Mozilla/5.0 AppleWebKit/537.36 (KHTML, like Gecko; compatible; GPTBot/1.2; +https://openai.com/gptbot)"
20.171.207.117 - - [09/Jun/2025:22:39:00 -0400] "GET /au/product779840718.htm HTTP/1.1" 301 0 "-" "Mozilla/5.0 AppleWebKit/537.36 (KHTML, like Gecko; compatible; GPTBot/1.2; +https://openai.com/gptbot)"
20.171.207.117 - - [09/Jun/2025:22:39:01 -0400] "GET / HTTP/1.1" 200 9389 "-" "Mozilla/5.0 AppleWebKit/537.36 (KHTML, like Gecko; compatible; GPTBot/1.2; +https://openai.com/gptbot)"
2001:41d0:303:8697::1 - - [09/Jun/2025:22:39:02 -0400] "GET /maoujou-de-oyasumi-chapter-332/feed/ HTTP/1.1" 301 0 "-" "Mozilla/5.0 (compatible; MJ12bot/v1.4.8; http://mj12bot.com/)"
20.171.207.117 - - [09/Jun/2025:22:39:02 -0400] "GET /jt/detail860512789.htm HTTP/1.1" 301 0 "-" "Mozilla/5.0 AppleWebKit/537.36 (KHTML, like Gecko; compatible; GPTBot/1.2; +https://openai.com/gptbot)"
20.171.207.117 - - [09/Jun/2025:22:39:03 -0400] "GET / HTTP/1.1" 200 9389 "-" "Mozilla/5.0 AppleWebKit/537.36 (KHTML, like Gecko; compatible; GPTBot/1.2; +https://openai.com/gptbot)"
20.171.207.117 - - [09/Jun/2025:22:39:04 -0400] "GET /yc/detail779829754.htm HTTP/1.1" 301 0 "-" "Mozilla/5.0 AppleWebKit/537.36 (KHTML, like Gecko; compatible; GPTBot/1.2; +https://openai.com/gptbot)"
20.171.207.117 - - [09/Jun/2025:22:39:04 -0400] "GET / HTTP/1.1" 200 9389 "-" "Mozilla/5.0 AppleWebKit/537.36 (KHTML, like Gecko; compatible; GPTBot/1.2; +https://openai.com/gptbot)"
20.171.207.117 - - [09/Jun/2025:22:39:05 -0400] "GET /wi/product779871672.htm HTTP/1.1" 301 0 "-" "Mozilla/5.0 AppleWebKit/537.36 (KHTML, like Gecko; compatible; GPTBot/1.2; +https://openai.com/gptbot)"
20.171.207.117 - - [09/Jun/2025:22:39:05 -0400] "GET / HTTP/1.1" 200 9389 "-" "Mozilla/5.0 AppleWebKit/537.36 (KHTML, like Gecko; compatible; GPTBot/1.2; +https://openai.com/gptbot)"
20.171.207.117 - - [09/Jun/2025:22:39:06 -0400] "GET /epc/entity860564902.htm HTTP/1.1" 301 0 "-" "Mozilla/5.0 AppleWebKit/537.36 (KHTML, like Gecko; compatible; GPTBot/1.2; +https://openai.com/gptbot)"
20.171.207.117 - - [09/Jun/2025:22:39:07 -0400] "GET / HTTP/1.1" 200 9389 "-" "Mozilla/5.0 AppleWebKit/537.36 (KHTML, like Gecko; compatible; GPTBot/1.2; +https://openai.com/gptbot)"
20.171.207.117 - - [09/Jun/2025:22:39:07 -0400] "GET /wq/detail913734942.htm HTTP/1.1" 301 0 "-" "Mozilla/5.0 AppleWebKit/537.36 (KHTML, like Gecko; compatible; GPTBot/1.2; +https://openai.com/gptbot)"
20.171.207.117 - - [09/Jun/2025:22:39:08 -0400] "GET / HTTP/1.1" 200 9389 "-" "Mozilla/5.0 AppleWebKit/537.36 (KHTML, like Gecko; compatible; GPTBot/1.2; +https://openai.com/gptbot)"
20.171.207.117 - - [09/Jun/2025:22:39:09 -0400] "GET /vh/detail254108849.htm HTTP/1.1" 301 0 "-" "Mozilla/5.0 AppleWebKit/537.36 (KHTML, like Gecko; compatible; GPTBot/1.2; +https://openai.com/gptbot)"
20.171.207.117 - - [09/Jun/2025:22:39:09 -0400] "GET / HTTP/1.1" 200 9389 "-" "Mozilla/5.0 AppleWebKit/537.36 (KHTML, like Gecko; compatible; GPTBot/1.2; +https://openai.com/gptbot)"
20.171.207.117 - - [09/Jun/2025:22:39:10 -0400] "GET /jxb/items913622945.htm HTTP/1.1" 301 0 "-" "Mozilla/5.0 AppleWebKit/537.36 (KHTML, like Gecko; compatible; GPTBot/1.2; +https://openai.com/gptbot)"
20.171.207.117 - - [09/Jun/2025:22:39:10 -0400] "GET / HTTP/1.1" 200 9389 "-" "Mozilla/5.0 AppleWebKit/537.36 (KHTML, like Gecko; compatible; GPTBot/1.2; +https://openai.com/gptbot)"
20.171.207.117 - - [09/Jun/2025:22:39:11 -0400] "GET /vv/entity104290857.htm HTTP/1.1" 301 0 "-" "Mozilla/5.0 AppleWebKit/537.36 (KHTML, like Gecko; compatible; GPTBot/1.2; +https://openai.com/gptbot)"
20.171.207.117 - - [09/Jun/2025:22:39:11 -0400] "GET / HTTP/1.1" 200 9389 "-" "Mozilla/5.0 AppleWebKit/537.36 (KHTML, like Gecko; compatible; GPTBot/1.2; +https://openai.com/gptbot)"
20.171.207.117 - - [09/Jun/2025:22:39:12 -0400] "GET /rjj/detail913849907.htm HTTP/1.1" 301 0 "-" "Mozilla/5.0 AppleWebKit/537.36 (KHTML, like Gecko; compatible; GPTBot/1.2; +https://openai.com/gptbot)"
20.171.207.117 - - [09/Jun/2025:22:39:12 -0400] "GET / HTTP/1.1" 200 9389 "-" "Mozilla/5.0 AppleWebKit/537.36 (KHTML, like Gecko; compatible; GPTBot/1.2; +https://openai.com/gptbot)"
20.171.207.117 - - [09/Jun/2025:22:39:13 -0400] "GET /ca/entity913534102.htm HTTP/1.1" 301 0 "-" "Mozilla/5.0 AppleWebKit/537.36 (KHTML, like Gecko; compatible; GPTBot/1.2; +https://openai.com/gptbot)"
20.171.207.117 - - [09/Jun/2025:22:39:14 -0400] "GET / HTTP/1.1" 200 9391 "-" "Mozilla/5.0 AppleWebKit/537.36 (KHTML, like Gecko; compatible; GPTBot/1.2; +https://openai.com/gptbot)"
20.171.207.117 - - [09/Jun/2025:22:39:14 -0400] "GET /yfg/detail368162242.htm HTTP/1.1" 301 0 "-" "Mozilla/5.0 AppleWebKit/537.36 (KHTML, like Gecko; compatible; GPTBot/1.2; +https://openai.com/gptbot)"
20.171.207.117 - - [09/Jun/2025:22:39:15 -0400] "GET / HTTP/1.1" 200 9389 "-" "Mozilla/5.0 AppleWebKit/537.36 (KHTML, like Gecko; compatible; GPTBot/1.2; +https://openai.com/gptbot)"
20.171.207.117 - - [09/Jun/2025:22:39:16 -0400] "GET /azm/detail860370926.htm HTTP/1.1" 301 0 "-" "Mozilla/5.0 AppleWebKit/537.36 (KHTML, like Gecko; compatible; GPTBot/1.2; +https://openai.com/gptbot)"
20.171.207.117 - - [09/Jun/2025:22:39:16 -0400] "GET / HTTP/1.1" 200 9389 "-" "Mozilla/5.0 AppleWebKit/537.36 (KHTML, like Gecko; compatible; GPTBot/1.2; +https://openai.com/gptbot)"
20.171.207.117 - - [09/Jun/2025:22:39:17 -0400] "GET /ztv/detail104559671.htm HTTP/1.1" 301 0 "-" "Mozilla/5.0 AppleWebKit/537.36 (KHTML, like Gecko; compatible; GPTBot/1.2; +https://openai.com/gptbot)"
20.171.207.117 - - [09/Jun/2025:22:39:18 -0400] "GET / HTTP/1.1" 200 9389 "-" "Mozilla/5.0 AppleWebKit/537.36 (KHTML, like Gecko; compatible; GPTBot/1.2; +https://openai.com/gptbot)"
2001:41d0:303:8697::1 - - [09/Jun/2025:22:39:19 -0400] "GET / HTTP/1.1" 200 9389 "-" "Mozilla/5.0 (compatible; MJ12bot/v1.4.8; http://mj12bot.com/)"
20.171.207.117 - - [09/Jun/2025:22:39:19 -0400] "GET /m/product311820766.htm HTTP/1.1" 301 0 "-" "Mozilla/5.0 AppleWebKit/537.36 (KHTML, like Gecko; compatible; GPTBot/1.2; +https://openai.com/gptbot)"
20.171.207.117 - - [09/Jun/2025:22:39:20 -0400] "GET / HTTP/1.1" 200 9389 "-" "Mozilla/5.0 AppleWebKit/537.36 (KHTML, like Gecko; compatible; GPTBot/1.2; +https://openai.com/gptbot)"
20.171.207.117 - - [09/Jun/2025:22:39:20 -0400] "GET /uly/items189607468.htm HTTP/1.1" 301 0 "-" "Mozilla/5.0 AppleWebKit/537.36 (KHTML, like Gecko; compatible; GPTBot/1.2; +https://openai.com/gptbot)"
20.171.207.117 - - [09/Jun/2025:22:39:21 -0400] "GET / HTTP/1.1" 200 9389 "-" "Mozilla/5.0 AppleWebKit/537.36 (KHTML, like Gecko; compatible; GPTBot/1.2; +https://openai.com/gptbot)"
20.171.207.117 - - [09/Jun/2025:22:39:21 -0400] "GET /hjv/entity368005425.htm HTTP/1.1" 301 0 "-" "Mozilla/5.0 AppleWebKit/537.36 (KHTML, like Gecko; compatible; GPTBot/1.2; +https://openai.com/gptbot)"
20.171.207.117 - - [09/Jun/2025:22:39:22 -0400] "GET / HTTP/1.1" 200 9389 "-" "Mozilla/5.0 AppleWebKit/537.36 (KHTML, like Gecko; compatible; GPTBot/1.2; +https://openai.com/gptbot)"
20.171.207.117 - - [09/Jun/2025:22:39:23 -0400] "GET /eg/detail731456186.htm HTTP/1.1" 301 0 "-" "Mozilla/5.0 AppleWebKit/537.36 (KHTML, like Gecko; compatible; GPTBot/1.2; +https://openai.com/gptbot)"
20.171.207.117 - - [09/Jun/2025:22:39:24 -0400] "GET / HTTP/1.1" 200 9391 "-" "Mozilla/5.0 AppleWebKit/537.36 (KHTML, like Gecko; compatible; GPTBot/1.2; +https://openai.com/gptbot)"
20.171.207.117 - - [09/Jun/2025:22:39:24 -0400] "GET /kfu/detail731480484.htm HTTP/1.1" 301 0 "-" "Mozilla/5.0 AppleWebKit/537.36 (KHTML, like Gecko; compatible; GPTBot/1.2; +https://openai.com/gptbot)"
20.171.207.117 - - [09/Jun/2025:22:39:25 -0400] "GET / HTTP/1.1" 200 9389 "-" "Mozilla/5.0 AppleWebKit/537.36 (KHTML, like Gecko; compatible; GPTBot/1.2; +https://openai.com/gptbot)"
20.171.207.117 - - [09/Jun/2025:22:39:25 -0400] "GET /ke/detail731405718.htm HTTP/1.1" 301 0 "-" "Mozilla/5.0 AppleWebKit/537.36 (KHTML, like Gecko; compatible; GPTBot/1.2; +https://openai.com/gptbot)"
