20.171.207.117 - - [09/Jun/2025:22:28:56 -0400] "GET / HTTP/1.1" 200 9391 "-" "Mozilla/5.0 AppleWebKit/537.36 (KHTML, like Gecko; compatible; GPTBot/1.2; +https://openai.com/gptbot)"
2001:41d0:303:8697::1 - - [09/Jun/2025:22:28:57 -0400] "GET /love-comedy-manga-ni-haitteshimatta-node-oshi-no-make-heroine-wo-zenryoku-de-shiawase-ni-suru-chapter-6-2/ HTTP/1.1" 301 0 "-" "Mozilla/5.0 (compatible; MJ12bot/v1.4.8; http://mj12bot.com/)"
20.171.207.117 - - [09/Jun/2025:22:28:57 -0400] "GET /pj/doorcheek/item/731342907.htm HTTP/1.1" 301 0 "-" "Mozilla/5.0 AppleWebKit/537.36 (KHTML, like Gecko; compatible; GPTBot/1.2; +https://openai.com/gptbot)"
20.171.207.117 - - [09/Jun/2025:22:28:58 -0400] "GET / HTTP/1.1" 200 9389 "-" "Mozilla/5.0 AppleWebKit/537.36 (KHTML, like Gecko; compatible; GPTBot/1.2; +https://openai.com/gptbot)"
20.171.207.117 - - [09/Jun/2025:22:28:58 -0400] "GET /a/corrosible/item/254217990.htm HTTP/1.1" 301 0 "-" "Mozilla/5.0 AppleWebKit/537.36 (KHTML, like Gecko; compatible; GPTBot/1.2; +https://openai.com/gptbot)"
20.171.207.117 - - [09/Jun/2025:22:28:59 -0400] "GET / HTTP/1.1" 200 9389 "-" "Mozilla/5.0 AppleWebKit/537.36 (KHTML, like Gecko; compatible; GPTBot/1.2; +https://openai.com/gptbot)"
20.171.207.117 - - [09/Jun/2025:22:29:00 -0400] "GET /eoa/knackish/item/104390728.htm HTTP/1.1" 301 0 "-" "Mozilla/5.0 AppleWebKit/537.36 (KHTML, like Gecko; compatible; GPTBot/1.2; +https://openai.com/gptbot)"
20.171.207.117 - - [09/Jun/2025:22:29:00 -0400] "GET / HTTP/1.1" 200 9390 "-" "Mozilla/5.0 AppleWebKit/537.36 (KHTML, like Gecko; compatible; GPTBot/1.2; +https://openai.com/gptbot)"
20.171.207.117 - - [09/Jun/2025:22:29:01 -0400] "GET /yk/choleraic/item/860551494.htm HTTP/1.1" 301 0 "-" "Mozilla/5.0 AppleWebKit/537.36 (KHTML, like Gecko; compatible; GPTBot/1.2; +https://openai.com/gptbot)"
20.171.207.117 - - [09/Jun/2025:22:29:02 -0400] "GET / HTTP/1.1" 200 9390 "-" "Mozilla/5.0 AppleWebKit/537.36 (KHTML, like Gecko; compatible; GPTBot/1.2; +https://openai.com/gptbot)"
20.171.207.117 - - [09/Jun/2025:22:29:02 -0400] "GET /eeq/zoanthus/item/913823446.htm HTTP/1.1" 301 0 "-" "Mozilla/5.0 AppleWebKit/537.36 (KHTML, like Gecko; compatible; GPTBot/1.2; +https://openai.com/gptbot)"
20.171.207.117 - - [09/Jun/2025:22:29:03 -0400] "GET / HTTP/1.1" 200 9389 "-" "Mozilla/5.0 AppleWebKit/537.36 (KHTML, like Gecko; compatible; GPTBot/1.2; +https://openai.com/gptbot)"
20.171.207.117 - - [09/Jun/2025:22:29:03 -0400] "GET /lav/caseous/item/1225750885.htm HTTP/1.1" 301 0 "-" "Mozilla/5.0 AppleWebKit/537.36 (KHTML, like Gecko; compatible; GPTBot/1.2; +https://openai.com/gptbot)"
20.171.207.117 - - [09/Jun/2025:22:29:04 -0400] "GET / HTTP/1.1" 200 9389 "-" "Mozilla/5.0 AppleWebKit/537.36 (KHTML, like Gecko; compatible; GPTBot/1.2; +https://openai.com/gptbot)"
20.171.207.117 - - [09/Jun/2025:22:29:05 -0400] "GET /a/palanquin/item/731582470.htm HTTP/1.1" 301 0 "-" "Mozilla/5.0 AppleWebKit/537.36 (KHTML, like Gecko; compatible; GPTBot/1.2; +https://openai.com/gptbot)"
20.171.207.117 - - [09/Jun/2025:22:29:05 -0400] "GET / HTTP/1.1" 200 9389 "-" "Mozilla/5.0 AppleWebKit/537.36 (KHTML, like Gecko; compatible; GPTBot/1.2; +https://openai.com/gptbot)"
20.171.207.117 - - [09/Jun/2025:22:29:06 -0400] "GET /qwa/drooped/item/913508310.htm HTTP/1.1" 301 0 "-" "Mozilla/5.0 AppleWebKit/537.36 (KHTML, like Gecko; compatible; GPTBot/1.2; +https://openai.com/gptbot)"
20.171.207.117 - - [09/Jun/2025:22:29:06 -0400] "GET / HTTP/1.1" 200 9391 "-" "Mozilla/5.0 AppleWebKit/537.36 (KHTML, like Gecko; compatible; GPTBot/1.2; +https://openai.com/gptbot)"
20.171.207.117 - - [09/Jun/2025:22:29:07 -0400] "GET /nl/whacking/item/189583717.htm HTTP/1.1" 301 0 "-" "Mozilla/5.0 AppleWebKit/537.36 (KHTML, like Gecko; compatible; GPTBot/1.2; +https://openai.com/gptbot)"
20.171.207.117 - - [09/Jun/2025:22:29:08 -0400] "GET / HTTP/1.1" 200 9389 "-" "Mozilla/5.0 AppleWebKit/537.36 (KHTML, like Gecko; compatible; GPTBot/1.2; +https://openai.com/gptbot)"
20.171.207.117 - - [09/Jun/2025:22:29:09 -0400] "GET /nr/oleandra/item/189530579.htm HTTP/1.1" 301 0 "-" "Mozilla/5.0 AppleWebKit/537.36 (KHTML, like Gecko; compatible; GPTBot/1.2; +https://openai.com/gptbot)"
2001:41d0:303:8697::1 - - [09/Jun/2025:22:29:08 -0400] "GET / HTTP/1.1" 200 9389 "-" "Mozilla/5.0 (compatible; MJ12bot/v1.4.8; http://mj12bot.com/)"
20.171.207.117 - - [09/Jun/2025:22:29:10 -0400] "GET / HTTP/1.1" 200 9389 "-" "Mozilla/5.0 AppleWebKit/537.36 (KHTML, like Gecko; compatible; GPTBot/1.2; +https://openai.com/gptbot)"
20.171.207.117 - - [09/Jun/2025:22:29:11 -0400] "GET /vl/misconceiving/item/367978609.htm HTTP/1.1" 301 0 "-" "Mozilla/5.0 AppleWebKit/537.36 (KHTML, like Gecko; compatible; GPTBot/1.2; +https://openai.com/gptbot)"
20.171.207.117 - - [09/Jun/2025:22:29:11 -0400] "GET / HTTP/1.1" 200 9389 "-" "Mozilla/5.0 AppleWebKit/537.36 (KHTML, like Gecko; compatible; GPTBot/1.2; +https://openai.com/gptbot)"
20.171.207.117 - - [09/Jun/2025:22:29:12 -0400] "GET /f/solemnization/goodscode860671711.htm HTTP/1.1" 301 0 "-" "Mozilla/5.0 AppleWebKit/537.36 (KHTML, like Gecko; compatible; GPTBot/1.2; +https://openai.com/gptbot)"
20.171.207.117 - - [09/Jun/2025:22:29:12 -0400] "GET / HTTP/1.1" 200 9389 "-" "Mozilla/5.0 AppleWebKit/537.36 (KHTML, like Gecko; compatible; GPTBot/1.2; +https://openai.com/gptbot)"
20.171.207.117 - - [09/Jun/2025:22:29:13 -0400] "GET /inc/vivisectional/detail1225695980.htm HTTP/1.1" 301 0 "-" "Mozilla/5.0 AppleWebKit/537.36 (KHTML, like Gecko; compatible; GPTBot/1.2; +https://openai.com/gptbot)"
20.171.207.117 - - [09/Jun/2025:22:29:14 -0400] "GET / HTTP/1.1" 200 9389 "-" "Mozilla/5.0 AppleWebKit/537.36 (KHTML, like Gecko; compatible; GPTBot/1.2; +https://openai.com/gptbot)"
20.171.207.117 - - [09/Jun/2025:22:29:14 -0400] "GET /bdf/kerseynette/goodscode254058381.htm HTTP/1.1" 301 0 "-" "Mozilla/5.0 AppleWebKit/537.36 (KHTML, like Gecko; compatible; GPTBot/1.2; +https://openai.com/gptbot)"
20.171.207.117 - - [09/Jun/2025:22:29:15 -0400] "GET / HTTP/1.1" 200 9389 "-" "Mozilla/5.0 AppleWebKit/537.36 (KHTML, like Gecko; compatible; GPTBot/1.2; +https://openai.com/gptbot)"
20.171.207.117 - - [09/Jun/2025:22:29:15 -0400] "GET /cm/wingmanship/shopbrand1225672642.htm HTTP/1.1" 301 0 "-" "Mozilla/5.0 AppleWebKit/537.36 (KHTML, like Gecko; compatible; GPTBot/1.2; +https://openai.com/gptbot)"
20.171.207.117 - - [09/Jun/2025:22:29:16 -0400] "GET / HTTP/1.1" 200 9389 "-" "Mozilla/5.0 AppleWebKit/537.36 (KHTML, like Gecko; compatible; GPTBot/1.2; +https://openai.com/gptbot)"
20.171.207.117 - - [09/Jun/2025:22:29:17 -0400] "GET /og/prostibulous/goodscode104309354.htm HTTP/1.1" 301 0 "-" "Mozilla/5.0 AppleWebKit/537.36 (KHTML, like Gecko; compatible; GPTBot/1.2; +https://openai.com/gptbot)"
20.171.207.117 - - [09/Jun/2025:22:29:17 -0400] "GET / HTTP/1.1" 200 9389 "-" "Mozilla/5.0 AppleWebKit/537.36 (KHTML, like Gecko; compatible; GPTBot/1.2; +https://openai.com/gptbot)"
20.171.207.117 - - [09/Jun/2025:22:29:18 -0400] "GET /ci/tripleheaded/goodscode860425210.htm HTTP/1.1" 301 0 "-" "Mozilla/5.0 AppleWebKit/537.36 (KHTML, like Gecko; compatible; GPTBot/1.2; +https://openai.com/gptbot)"
20.171.207.117 - - [09/Jun/2025:22:29:18 -0400] "GET / HTTP/1.1" 200 9389 "-" "Mozilla/5.0 AppleWebKit/537.36 (KHTML, like Gecko; compatible; GPTBot/1.2; +https://openai.com/gptbot)"
20.171.207.117 - - [09/Jun/2025:22:29:19 -0400] "GET /h/rodomontadist/goodscode731607501.htm HTTP/1.1" 301 0 "-" "Mozilla/5.0 AppleWebKit/537.36 (KHTML, like Gecko; compatible; GPTBot/1.2; +https://openai.com/gptbot)"
20.171.207.117 - - [09/Jun/2025:22:29:20 -0400] "GET / HTTP/1.1" 200 9389 "-" "Mozilla/5.0 AppleWebKit/537.36 (KHTML, like Gecko; compatible; GPTBot/1.2; +https://openai.com/gptbot)"
20.171.207.117 - - [09/Jun/2025:22:29:21 -0400] "GET /cw/mercurammonium/entity1225725588.htm HTTP/1.1" 301 0 "-" "Mozilla/5.0 AppleWebKit/537.36 (KHTML, like Gecko; compatible; GPTBot/1.2; +https://openai.com/gptbot)"
20.171.207.117 - - [09/Jun/2025:22:29:21 -0400] "GET / HTTP/1.1" 200 9390 "-" "Mozilla/5.0 AppleWebKit/537.36 (KHTML, like Gecko; compatible; GPTBot/1.2; +https://openai.com/gptbot)"
2001:41d0:303:8697::1 - - [09/Jun/2025:22:29:21 -0400] "GET /lv999-no-murabito-chapter-64/ HTTP/1.1" 301 0 "-" "Mozilla/5.0 (compatible; MJ12bot/v1.4.8; http://mj12bot.com/)"
20.171.207.117 - - [09/Jun/2025:22:29:22 -0400] "GET /os/subdivisible/goodscode311884916.htm HTTP/1.1" 301 0 "-" "Mozilla/5.0 AppleWebKit/537.36 (KHTML, like Gecko; compatible; GPTBot/1.2; +https://openai.com/gptbot)"
20.171.207.117 - - [09/Jun/2025:22:29:22 -0400] "GET / HTTP/1.1" 200 9389 "-" "Mozilla/5.0 AppleWebKit/537.36 (KHTML, like Gecko; compatible; GPTBot/1.2; +https://openai.com/gptbot)"
20.171.207.117 - - [09/Jun/2025:22:29:23 -0400] "GET /mhw/schweitzerkase/entity254244038.htm HTTP/1.1" 301 0 "-" "Mozilla/5.0 AppleWebKit/537.36 (KHTML, like Gecko; compatible; GPTBot/1.2; +https://openai.com/gptbot)"
20.171.207.117 - - [09/Jun/2025:22:29:23 -0400] "GET / HTTP/1.1" 200 9389 "-" "Mozilla/5.0 AppleWebKit/537.36 (KHTML, like Gecko; compatible; GPTBot/1.2; +https://openai.com/gptbot)"
20.171.207.117 - - [09/Jun/2025:22:29:24 -0400] "GET /ae/ichthyophagy/goodscode860498630.htm HTTP/1.1" 301 0 "-" "Mozilla/5.0 AppleWebKit/537.36 (KHTML, like Gecko; compatible; GPTBot/1.2; +https://openai.com/gptbot)"
20.171.207.117 - - [09/Jun/2025:22:29:24 -0400] "GET / HTTP/1.1" 200 9390 "-" "Mozilla/5.0 AppleWebKit/537.36 (KHTML, like Gecko; compatible; GPTBot/1.2; +https://openai.com/gptbot)"
20.171.207.117 - - [09/Jun/2025:22:29:25 -0400] "GET /i/undisputableness/entity189549094.htm HTTP/1.1" 301 0 "-" "Mozilla/5.0 AppleWebKit/537.36 (KHTML, like Gecko; compatible; GPTBot/1.2; +https://openai.com/gptbot)"
20.171.207.117 - - [09/Jun/2025:22:29:26 -0400] "GET / HTTP/1.1" 200 9390 "-" "Mozilla/5.0 AppleWebKit/537.36 (KHTML, like Gecko; compatible; GPTBot/1.2; +https://openai.com/gptbot)"
20.171.207.117 - - [09/Jun/2025:22:29:26 -0400] "GET /epm/shopbrand1225534322.htm HTTP/1.1" 301 0 "-" "Mozilla/5.0 AppleWebKit/537.36 (KHTML, like Gecko; compatible; GPTBot/1.2; +https://openai.com/gptbot)"
20.171.207.117 - - [09/Jun/2025:22:29:27 -0400] "GET / HTTP/1.1" 200 9391 "-" "Mozilla/5.0 AppleWebKit/537.36 (KHTML, like Gecko; compatible; GPTBot/1.2; +https://openai.com/gptbot)"
20.171.207.117 - - [09/Jun/2025:22:29:28 -0400] "GET /jxb/goodscode1225654145.htm HTTP/1.1" 301 0 "-" "Mozilla/5.0 AppleWebKit/537.36 (KHTML, like Gecko; compatible; GPTBot/1.2; +https://openai.com/gptbot)"
20.171.207.117 - - [09/Jun/2025:22:29:28 -0400] "GET / HTTP/1.1" 200 9389 "-" "Mozilla/5.0 AppleWebKit/537.36 (KHTML, like Gecko; compatible; GPTBot/1.2; +https://openai.com/gptbot)"
162.0.232.193 - - [09/Jun/2025:22:29:29 -0400] "POST /wp-cron.php?doing_wp_cron=1749522569.5448169708251953125000 HTTP/1.1" 200 0 "-" "WordPress/6.8.1; https://reversevillain.com"
20.171.207.117 - - [09/Jun/2025:22:29:29 -0400] "GET /zxp/shopbrand1225585155.htm HTTP/1.1" 301 0 "-" "Mozilla/5.0 AppleWebKit/537.36 (KHTML, like Gecko; compatible; GPTBot/1.2; +https://openai.com/gptbot)"
162.0.232.193 - - [09/Jun/2025:22:29:29 -0400] "POST /wp-admin/admin-ajax.php?action=async_litespeed&nonce=Nh8hn6lpBLXvrPAMrqqMM7IKVtZ9o5m0&litespeed_type=imgoptm HTTP/1.1" 200 5 "-" "WordPress/6.8.1; https://reversevillain.com"
20.171.207.117 - - [09/Jun/2025:22:29:29 -0400] "GET / HTTP/1.1" 200 9389 "-" "Mozilla/5.0 AppleWebKit/537.36 (KHTML, like Gecko; compatible; GPTBot/1.2; +https://openai.com/gptbot)"
20.171.207.117 - - [09/Jun/2025:22:29:30 -0400] "GET /v/probationership/shopbrand1225647675.htm HTTP/1.1" 301 0 "-" "Mozilla/5.0 AppleWebKit/537.36 (KHTML, like Gecko; compatible; GPTBot/1.2; +https://openai.com/gptbot)"
20.171.207.117 - - [09/Jun/2025:22:29:30 -0400] "GET / HTTP/1.1" 200 9390 "-" "Mozilla/5.0 AppleWebKit/537.36 (KHTML, like Gecko; compatible; GPTBot/1.2; +https://openai.com/gptbot)"
20.171.207.117 - - [09/Jun/2025:22:29:31 -0400] "GET /mra/astrometeorology/product731459170.htm HTTP/1.1" 301 0 "-" "Mozilla/5.0 AppleWebKit/537.36 (KHTML, like Gecko; compatible; GPTBot/1.2; +https://openai.com/gptbot)"
20.171.207.117 - - [09/Jun/2025:22:29:32 -0400] "GET / HTTP/1.1" 200 9389 "-" "Mozilla/5.0 AppleWebKit/537.36 (KHTML, like Gecko; compatible; GPTBot/1.2; +https://openai.com/gptbot)"
162.0.232.193 - - [09/Jun/2025:22:29:33 -0400] "POST /wp-cron.php?doing_wp_cron=1749522573.2012119293212890625000 HTTP/1.1" 200 0 "-" "WordPress/6.8.1; https://reversevillain.com"
20.171.207.117 - - [09/Jun/2025:22:29:32 -0400] "GET /jr/radiotelegraphy/goodscode311797347.htm HTTP/1.1" 301 0 "-" "Mozilla/5.0 AppleWebKit/537.36 (KHTML, like Gecko; compatible; GPTBot/1.2; +https://openai.com/gptbot)"
20.171.207.117 - - [09/Jun/2025:22:29:33 -0400] "GET / HTTP/1.1" 200 9389 "-" "Mozilla/5.0 AppleWebKit/537.36 (KHTML, like Gecko; compatible; GPTBot/1.2; +https://openai.com/gptbot)"
20.171.207.117 - - [09/Jun/2025:22:29:33 -0400] "GET /cq913758264.htm HTTP/1.1" 301 0 "-" "Mozilla/5.0 AppleWebKit/537.36 (KHTML, like Gecko; compatible; GPTBot/1.2; +https://openai.com/gptbot)"
20.171.207.117 - - [09/Jun/2025:22:29:34 -0400] "GET / HTTP/1.1" 200 9389 "-" "Mozilla/5.0 AppleWebKit/537.36 (KHTML, like Gecko; compatible; GPTBot/1.2; +https://openai.com/gptbot)"
20.171.207.117 - - [09/Jun/2025:22:29:35 -0400] "GET /bf368120745.htm HTTP/1.1" 301 0 "-" "Mozilla/5.0 AppleWebKit/537.36 (KHTML, like Gecko; compatible; GPTBot/1.2; +https://openai.com/gptbot)"
2001:41d0:303:8697::1 - - [09/Jun/2025:22:29:35 -0400] "GET / HTTP/1.1" 200 9391 "-" "Mozilla/5.0 (compatible; MJ12bot/v1.4.8; http://mj12bot.com/)"
20.171.207.117 - - [09/Jun/2025:22:29:35 -0400] "GET / HTTP/1.1" 200 9389 "-" "Mozilla/5.0 AppleWebKit/537.36 (KHTML, like Gecko; compatible; GPTBot/1.2; +https://openai.com/gptbot)"
20.171.207.117 - - [09/Jun/2025:22:29:36 -0400] "GET /yw189502764.htm HTTP/1.1" 301 0 "-" "Mozilla/5.0 AppleWebKit/537.36 (KHTML, like Gecko; compatible; GPTBot/1.2; +https://openai.com/gptbot)"
20.171.207.117 - - [09/Jun/2025:22:29:36 -0400] "GET / HTTP/1.1" 200 9391 "-" "Mozilla/5.0 AppleWebKit/537.36 (KHTML, like Gecko; compatible; GPTBot/1.2; +https://openai.com/gptbot)"
20.171.207.117 - - [09/Jun/2025:22:29:37 -0400] "GET /x/searchableness/goodscode1225670601.htm HTTP/1.1" 301 0 "-" "Mozilla/5.0 AppleWebKit/537.36 (KHTML, like Gecko; compatible; GPTBot/1.2; +https://openai.com/gptbot)"
20.171.207.117 - - [09/Jun/2025:22:29:37 -0400] "GET / HTTP/1.1" 200 9391 "-" "Mozilla/5.0 AppleWebKit/537.36 (KHTML, like Gecko; compatible; GPTBot/1.2; +https://openai.com/gptbot)"
20.171.207.117 - - [09/Jun/2025:22:29:38 -0400] "GET /cm/chaetodipterus/goodscode731338074.htm HTTP/1.1" 301 0 "-" "Mozilla/5.0 AppleWebKit/537.36 (KHTML, like Gecko; compatible; GPTBot/1.2; +https://openai.com/gptbot)"
20.171.207.117 - - [09/Jun/2025:22:29:39 -0400] "GET / HTTP/1.1" 200 9389 "-" "Mozilla/5.0 AppleWebKit/537.36 (KHTML, like Gecko; compatible; GPTBot/1.2; +https://openai.com/gptbot)"
20.171.207.117 - - [09/Jun/2025:22:29:39 -0400] "GET /ejy/hyperchromatism/entity1225726942.htm HTTP/1.1" 301 0 "-" "Mozilla/5.0 AppleWebKit/537.36 (KHTML, like Gecko; compatible; GPTBot/1.2; +https://openai.com/gptbot)"
20.171.207.117 - - [09/Jun/2025:22:29:40 -0400] "GET / HTTP/1.1" 200 9391 "-" "Mozilla/5.0 AppleWebKit/537.36 (KHTML, like Gecko; compatible; GPTBot/1.2; +https://openai.com/gptbot)"
20.171.207.117 - - [09/Jun/2025:22:29:40 -0400] "GET /co/encompassed/shopbrand780013040.htm HTTP/1.1" 301 0 "-" "Mozilla/5.0 AppleWebKit/537.36 (KHTML, like Gecko; compatible; GPTBot/1.2; +https://openai.com/gptbot)"
20.171.207.117 - - [09/Jun/2025:22:29:41 -0400] "GET / HTTP/1.1" 200 9392 "-" "Mozilla/5.0 AppleWebKit/537.36 (KHTML, like Gecko; compatible; GPTBot/1.2; +https://openai.com/gptbot)"
20.171.207.117 - - [09/Jun/2025:22:29:42 -0400] "GET /co/detail913662062.htm HTTP/1.1" 301 0 "-" "Mozilla/5.0 AppleWebKit/537.36 (KHTML, like Gecko; compatible; GPTBot/1.2; +https://openai.com/gptbot)"
20.171.207.117 - - [09/Jun/2025:22:29:42 -0400] "GET / HTTP/1.1" 200 9391 "-" "Mozilla/5.0 AppleWebKit/537.36 (KHTML, like Gecko; compatible; GPTBot/1.2; +https://openai.com/gptbot)"
20.171.207.117 - - [09/Jun/2025:22:29:43 -0400] "GET /w/mollifiable/item/254109534.htm HTTP/1.1" 301 0 "-" "Mozilla/5.0 AppleWebKit/537.36 (KHTML, like Gecko; compatible; GPTBot/1.2; +https://openai.com/gptbot)"
20.171.207.117 - - [09/Jun/2025:22:29:43 -0400] "GET / HTTP/1.1" 200 9391 "-" "Mozilla/5.0 AppleWebKit/537.36 (KHTML, like Gecko; compatible; GPTBot/1.2; +https://openai.com/gptbot)"
20.171.207.117 - - [09/Jun/2025:22:29:44 -0400] "GET /lt/bucketfull/item/913783305.htm HTTP/1.1" 301 0 "-" "Mozilla/5.0 AppleWebKit/537.36 (KHTML, like Gecko; compatible; GPTBot/1.2; +https://openai.com/gptbot)"
20.171.207.117 - - [09/Jun/2025:22:29:44 -0400] "GET / HTTP/1.1" 200 9392 "-" "Mozilla/5.0 AppleWebKit/537.36 (KHTML, like Gecko; compatible; GPTBot/1.2; +https://openai.com/gptbot)"
20.171.207.117 - - [09/Jun/2025:22:29:45 -0400] "GET /r/thamnophile/item/731632251.htm HTTP/1.1" 301 0 "-" "Mozilla/5.0 AppleWebKit/537.36 (KHTML, like Gecko; compatible; GPTBot/1.2; +https://openai.com/gptbot)"
2001:41d0:303:8697::1 - - [09/Jun/2025:22:29:45 -0400] "GET /lv999-no-murabito-chapter-64/feed/ HTTP/1.1" 301 0 "-" "Mozilla/5.0 (compatible; MJ12bot/v1.4.8; http://mj12bot.com/)"
20.171.207.117 - - [09/Jun/2025:22:29:46 -0400] "GET / HTTP/1.1" 200 9392 "-" "Mozilla/5.0 AppleWebKit/537.36 (KHTML, like Gecko; compatible; GPTBot/1.2; +https://openai.com/gptbot)"
20.171.207.117 - - [09/Jun/2025:22:29:46 -0400] "GET /ggy/ensilaged/item/368037330.htm HTTP/1.1" 301 0 "-" "Mozilla/5.0 AppleWebKit/537.36 (KHTML, like Gecko; compatible; GPTBot/1.2; +https://openai.com/gptbot)"
20.171.207.117 - - [09/Jun/2025:22:29:47 -0400] "GET / HTTP/1.1" 200 9389 "-" "Mozilla/5.0 AppleWebKit/537.36 (KHTML, like Gecko; compatible; GPTBot/1.2; +https://openai.com/gptbot)"
20.171.207.117 - - [09/Jun/2025:22:29:47 -0400] "GET /guo/homericae/item/104402780.htm HTTP/1.1" 301 0 "-" "Mozilla/5.0 AppleWebKit/537.36 (KHTML, like Gecko; compatible; GPTBot/1.2; +https://openai.com/gptbot)"
20.171.207.117 - - [09/Jun/2025:22:29:48 -0400] "GET / HTTP/1.1" 200 9391 "-" "Mozilla/5.0 AppleWebKit/537.36 (KHTML, like Gecko; compatible; GPTBot/1.2; +https://openai.com/gptbot)"
20.171.207.117 - - [09/Jun/2025:22:29:49 -0400] "GET /vgp/longicruris/item/731484275.htm HTTP/1.1" 301 0 "-" "Mozilla/5.0 AppleWebKit/537.36 (KHTML, like Gecko; compatible; GPTBot/1.2; +https://openai.com/gptbot)"
20.171.207.117 - - [09/Jun/2025:22:29:49 -0400] "GET / HTTP/1.1" 200 9391 "-" "Mozilla/5.0 AppleWebKit/537.36 (KHTML, like Gecko; compatible; GPTBot/1.2; +https://openai.com/gptbot)"
162.0.232.193 - - [09/Jun/2025:22:29:50 -0400] "POST /wp-cron.php?doing_wp_cron=1749522590.6646459102630615234375 HTTP/1.1" 200 0 "-" "WordPress/6.8.1; https://reversevillain.com"
20.171.207.117 - - [09/Jun/2025:22:29:50 -0400] "GET /rpz/goodscode1225613921.htm HTTP/1.1" 301 0 "-" "Mozilla/5.0 AppleWebKit/537.36 (KHTML, like Gecko; compatible; GPTBot/1.2; +https://openai.com/gptbot)"
162.0.232.193 - - [09/Jun/2025:22:29:51 -0400] "POST /wp-admin/admin-ajax.php?action=async_litespeed&nonce=RKeJUv9RUVg7V9RE4Eb6DYz2b3EDpDDM&litespeed_type=imgoptm HTTP/1.1" 200 5 "-" "WordPress/6.8.1; https://reversevillain.com"
20.171.207.117 - - [09/Jun/2025:22:29:50 -0400] "GET / HTTP/1.1" 200 9391 "-" "Mozilla/5.0 AppleWebKit/537.36 (KHTML, like Gecko; compatible; GPTBot/1.2; +https://openai.com/gptbot)"
20.171.207.117 - - [09/Jun/2025:22:29:51 -0400] "GET /ptj/goodscode1225506499.htm HTTP/1.1" 301 0 "-" "Mozilla/5.0 AppleWebKit/537.36 (KHTML, like Gecko; compatible; GPTBot/1.2; +https://openai.com/gptbot)"
20.171.207.117 - - [09/Jun/2025:22:29:51 -0400] "GET / HTTP/1.1" 200 9391 "-" "Mozilla/5.0 AppleWebKit/537.36 (KHTML, like Gecko; compatible; GPTBot/1.2; +https://openai.com/gptbot)"
20.171.207.117 - - [09/Jun/2025:22:29:52 -0400] "GET /sta/euphorbiaceous/detail189510984.htm HTTP/1.1" 301 0 "-" "Mozilla/5.0 AppleWebKit/537.36 (KHTML, like Gecko; compatible; GPTBot/1.2; +https://openai.com/gptbot)"
20.171.207.117 - - [09/Jun/2025:22:29:53 -0400] "GET / HTTP/1.1" 200 9389 "-" "Mozilla/5.0 AppleWebKit/537.36 (KHTML, like Gecko; compatible; GPTBot/1.2; +https://openai.com/gptbot)"
20.171.207.117 - - [09/Jun/2025:22:29:53 -0400] "GET /e/pisciculture/shopbrand1225641422.htm HTTP/1.1" 301 0 "-" "Mozilla/5.0 AppleWebKit/537.36 (KHTML, like Gecko; compatible; GPTBot/1.2; +https://openai.com/gptbot)"
20.171.207.117 - - [09/Jun/2025:22:29:54 -0400] "GET / HTTP/1.1" 200 9392 "-" "Mozilla/5.0 AppleWebKit/537.36 (KHTML, like Gecko; compatible; GPTBot/1.2; +https://openai.com/gptbot)"
20.171.207.117 - - [09/Jun/2025:22:29:54 -0400] "GET /u/nitroprusside/shopbrand779859636.htm HTTP/1.1" 301 0 "-" "Mozilla/5.0 AppleWebKit/537.36 (KHTML, like Gecko; compatible; GPTBot/1.2; +https://openai.com/gptbot)"
20.171.207.117 - - [09/Jun/2025:22:29:55 -0400] "GET / HTTP/1.1" 200 9391 "-" "Mozilla/5.0 AppleWebKit/537.36 (KHTML, like Gecko; compatible; GPTBot/1.2; +https://openai.com/gptbot)"
20.171.207.117 - - [09/Jun/2025:22:29:56 -0400] "GET /f/microseismology/product731338761.htm HTTP/1.1" 301 0 "-" "Mozilla/5.0 AppleWebKit/537.36 (KHTML, like Gecko; compatible; GPTBot/1.2; +https://openai.com/gptbot)"
20.171.207.117 - - [09/Jun/2025:22:29:56 -0400] "GET / HTTP/1.1" 200 9392 "-" "Mozilla/5.0 AppleWebKit/537.36 (KHTML, like Gecko; compatible; GPTBot/1.2; +https://openai.com/gptbot)"
20.171.207.117 - - [09/Jun/2025:22:29:57 -0400] "GET /ava/rhynchocephalia/items368109378.htm HTTP/1.1" 301 0 "-" "Mozilla/5.0 AppleWebKit/537.36 (KHTML, like Gecko; compatible; GPTBot/1.2; +https://openai.com/gptbot)"
20.171.207.117 - - [09/Jun/2025:22:29:57 -0400] "GET / HTTP/1.1" 200 9391 "-" "Mozilla/5.0 AppleWebKit/537.36 (KHTML, like Gecko; compatible; GPTBot/1.2; +https://openai.com/gptbot)"
20.171.207.117 - - [09/Jun/2025:22:29:58 -0400] "GET /rf/undefeasible/shopbrand860655255.htm HTTP/1.1" 301 0 "-" "Mozilla/5.0 AppleWebKit/537.36 (KHTML, like Gecko; compatible; GPTBot/1.2; +https://openai.com/gptbot)"
20.171.207.117 - - [09/Jun/2025:22:29:59 -0400] "GET / HTTP/1.1" 200 9389 "-" "Mozilla/5.0 AppleWebKit/537.36 (KHTML, like Gecko; compatible; GPTBot/1.2; +https://openai.com/gptbot)"
2001:41d0:303:8697::1 - - [09/Jun/2025:22:30:00 -0400] "GET / HTTP/1.1" 200 9389 "-" "Mozilla/5.0 (compatible; MJ12bot/v1.4.8; http://mj12bot.com/)"
20.171.207.117 - - [09/Jun/2025:22:30:00 -0400] "GET /ede/hydrophyllium/product913630826.htm HTTP/1.1" 301 0 "-" "Mozilla/5.0 AppleWebKit/537.36 (KHTML, like Gecko; compatible; GPTBot/1.2; +https://openai.com/gptbot)"
20.171.207.117 - - [09/Jun/2025:22:30:00 -0400] "GET / HTTP/1.1" 200 9389 "-" "Mozilla/5.0 AppleWebKit/537.36 (KHTML, like Gecko; compatible; GPTBot/1.2; +https://openai.com/gptbot)"
20.171.207.117 - - [09/Jun/2025:22:30:02 -0400] "GET /ipa/quadrinominal/product104488566.htm HTTP/1.1" 301 0 "-" "Mozilla/5.0 AppleWebKit/537.36 (KHTML, like Gecko; compatible; GPTBot/1.2; +https://openai.com/gptbot)"
20.171.207.117 - - [09/Jun/2025:22:30:03 -0400] "GET / HTTP/1.1" 200 9389 "-" "Mozilla/5.0 AppleWebKit/537.36 (KHTML, like Gecko; compatible; GPTBot/1.2; +https://openai.com/gptbot)"
20.171.207.117 - - [09/Jun/2025:22:30:04 -0400] "GET /fx/dentilingual/goodscode104540745.htm HTTP/1.1" 301 0 "-" "Mozilla/5.0 AppleWebKit/537.36 (KHTML, like Gecko; compatible; GPTBot/1.2; +https://openai.com/gptbot)"
20.171.207.117 - - [09/Jun/2025:22:30:05 -0400] "GET / HTTP/1.1" 200 9389 "-" "Mozilla/5.0 AppleWebKit/537.36 (KHTML, like Gecko; compatible; GPTBot/1.2; +https://openai.com/gptbot)"
20.171.207.117 - - [09/Jun/2025:22:30:07 -0400] "GET /j/epithalamiums/goodscode189645981.htm HTTP/1.1" 301 0 "-" "Mozilla/5.0 AppleWebKit/537.36 (KHTML, like Gecko; compatible; GPTBot/1.2; +https://openai.com/gptbot)"
20.171.207.117 - - [09/Jun/2025:22:30:09 -0400] "GET / HTTP/1.1" 200 9389 "-" "Mozilla/5.0 AppleWebKit/537.36 (KHTML, like Gecko; compatible; GPTBot/1.2; +https://openai.com/gptbot)"
20.171.207.117 - - [09/Jun/2025:22:30:10 -0400] "GET /txj/dieffenbachia/product913787377.htm HTTP/1.1" 301 0 "-" "Mozilla/5.0 AppleWebKit/537.36 (KHTML, like Gecko; compatible; GPTBot/1.2; +https://openai.com/gptbot)"
2001:41d0:303:8697::1 - - [09/Jun/2025:22:30:11 -0400] "GET /mage-again-chapter-70/feed/ HTTP/1.1" 301 0 "-" "Mozilla/5.0 (compatible; MJ12bot/v1.4.8; http://mj12bot.com/)"
20.171.207.117 - - [09/Jun/2025:22:30:11 -0400] "GET / HTTP/1.1" 200 9389 "-" "Mozilla/5.0 AppleWebKit/537.36 (KHTML, like Gecko; compatible; GPTBot/1.2; +https://openai.com/gptbot)"
20.171.207.117 - - [09/Jun/2025:22:30:12 -0400] "GET /dj/hyperapophysial/entity731509671.htm HTTP/1.1" 301 0 "-" "Mozilla/5.0 AppleWebKit/537.36 (KHTML, like Gecko; compatible; GPTBot/1.2; +https://openai.com/gptbot)"
20.171.207.117 - - [09/Jun/2025:22:30:13 -0400] "GET / HTTP/1.1" 200 9389 "-" "Mozilla/5.0 AppleWebKit/537.36 (KHTML, like Gecko; compatible; GPTBot/1.2; +https://openai.com/gptbot)"
20.171.207.117 - - [09/Jun/2025:22:30:14 -0400] "GET /ce/radiographer/shopbrand779863452.htm HTTP/1.1" 301 0 "-" "Mozilla/5.0 AppleWebKit/537.36 (KHTML, like Gecko; compatible; GPTBot/1.2; +https://openai.com/gptbot)"
20.171.207.117 - - [09/Jun/2025:22:30:14 -0400] "GET / HTTP/1.1" 200 9389 "-" "Mozilla/5.0 AppleWebKit/537.36 (KHTML, like Gecko; compatible; GPTBot/1.2; +https://openai.com/gptbot)"
20.171.207.117 - - [09/Jun/2025:22:30:16 -0400] "GET /ik/annihilatory/goodscode780175796.htm HTTP/1.1" 301 0 "-" "Mozilla/5.0 AppleWebKit/537.36 (KHTML, like Gecko; compatible; GPTBot/1.2; +https://openai.com/gptbot)"
20.171.207.117 - - [09/Jun/2025:22:30:17 -0400] "GET / HTTP/1.1" 200 9389 "-" "Mozilla/5.0 AppleWebKit/537.36 (KHTML, like Gecko; compatible; GPTBot/1.2; +https://openai.com/gptbot)"
2001:41d0:303:8697::1 - - [09/Jun/2025:22:30:17 -0400] "GET / HTTP/1.1" 200 9389 "-" "Mozilla/5.0 (compatible; MJ12bot/v1.4.8; http://mj12bot.com/)"
20.171.207.117 - - [09/Jun/2025:22:30:19 -0400] "GET /oaa/mentioned/item/104374270.htm HTTP/1.1" 301 0 "-" "Mozilla/5.0 AppleWebKit/537.36 (KHTML, like Gecko; compatible; GPTBot/1.2; +https://openai.com/gptbot)"
20.171.207.117 - - [09/Jun/2025:22:30:19 -0400] "GET / HTTP/1.1" 200 9389 "-" "Mozilla/5.0 AppleWebKit/537.36 (KHTML, like Gecko; compatible; GPTBot/1.2; +https://openai.com/gptbot)"
20.171.207.117 - - [09/Jun/2025:22:30:20 -0400] "GET /mik/catamenia/item/860493176.htm HTTP/1.1" 301 0 "-" "Mozilla/5.0 AppleWebKit/537.36 (KHTML, like Gecko; compatible; GPTBot/1.2; +https://openai.com/gptbot)"
20.171.207.117 - - [09/Jun/2025:22:30:21 -0400] "GET / HTTP/1.1" 200 9389 "-" "Mozilla/5.0 AppleWebKit/537.36 (KHTML, like Gecko; compatible; GPTBot/1.2; +https://openai.com/gptbot)"
20.171.207.117 - - [09/Jun/2025:22:30:22 -0400] "GET /sns/cylindricality/entity860356164.htm HTTP/1.1" 301 0 "-" "Mozilla/5.0 AppleWebKit/537.36 (KHTML, like Gecko; compatible; GPTBot/1.2; +https://openai.com/gptbot)"
20.171.207.117 - - [09/Jun/2025:22:30:23 -0400] "GET / HTTP/1.1" 200 9389 "-" "Mozilla/5.0 AppleWebKit/537.36 (KHTML, like Gecko; compatible; GPTBot/1.2; +https://openai.com/gptbot)"
20.171.207.117 - - [09/Jun/2025:22:30:24 -0400] "GET /c/insulindependent/detail254208398.htm HTTP/1.1" 301 0 "-" "Mozilla/5.0 AppleWebKit/537.36 (KHTML, like Gecko; compatible; GPTBot/1.2; +https://openai.com/gptbot)"
20.171.207.117 - - [09/Jun/2025:22:30:24 -0400] "GET / HTTP/1.1" 200 9390 "-" "Mozilla/5.0 AppleWebKit/537.36 (KHTML, like Gecko; compatible; GPTBot/1.2; +https://openai.com/gptbot)"
20.171.207.117 - - [09/Jun/2025:22:30:25 -0400] "GET /bnr/goodscode1225404587.htm HTTP/1.1" 301 0 "-" "Mozilla/5.0 AppleWebKit/537.36 (KHTML, like Gecko; compatible; GPTBot/1.2; +https://openai.com/gptbot)"
20.171.207.117 - - [09/Jun/2025:22:30:25 -0400] "GET / HTTP/1.1" 200 9389 "-" "Mozilla/5.0 AppleWebKit/537.36 (KHTML, like Gecko; compatible; GPTBot/1.2; +https://openai.com/gptbot)"
20.171.207.117 - - [09/Jun/2025:22:30:26 -0400] "GET /ag/antiperistaltic/shopbrand368023922.htm HTTP/1.1" 301 0 "-" "Mozilla/5.0 AppleWebKit/537.36 (KHTML, like Gecko; compatible; GPTBot/1.2; +https://openai.com/gptbot)"
2001:41d0:303:8697::1 - - [09/Jun/2025:22:30:26 -0400] "GET /mage-again-chapter-80/ HTTP/1.1" 301 0 "-" "Mozilla/5.0 (compatible; MJ12bot/v1.4.8; http://mj12bot.com/)"
20.171.207.117 - - [09/Jun/2025:22:30:27 -0400] "GET / HTTP/1.1" 200 9389 "-" "Mozilla/5.0 AppleWebKit/537.36 (KHTML, like Gecko; compatible; GPTBot/1.2; +https://openai.com/gptbot)"
20.171.207.117 - - [09/Jun/2025:22:30:28 -0400] "GET /lvz/quinquenerved/goodscode1225569019.htm HTTP/1.1" 301 0 "-" "Mozilla/5.0 AppleWebKit/537.36 (KHTML, like Gecko; compatible; GPTBot/1.2; +https://openai.com/gptbot)"
162.0.232.193 - - [09/Jun/2025:22:30:29 -0400] "POST /wp-cron.php?doing_wp_cron=1749522629.5767669677734375000000 HTTP/1.1" 200 0 "-" "WordPress/6.8.1; https://reversevillain.com"
20.171.207.117 - - [09/Jun/2025:22:30:29 -0400] "GET / HTTP/1.1" 200 9389 "-" "Mozilla/5.0 AppleWebKit/537.36 (KHTML, like Gecko; compatible; GPTBot/1.2; +https://openai.com/gptbot)"
20.171.207.117 - - [09/Jun/2025:22:30:30 -0400] "GET /yrs/straightforwardly/product253949506.htm HTTP/1.1" 301 0 "-" "Mozilla/5.0 AppleWebKit/537.36 (KHTML, like Gecko; compatible; GPTBot/1.2; +https://openai.com/gptbot)"
20.171.207.117 - - [09/Jun/2025:22:30:30 -0400] "GET / HTTP/1.1" 200 9389 "-" "Mozilla/5.0 AppleWebKit/537.36 (KHTML, like Gecko; compatible; GPTBot/1.2; +https://openai.com/gptbot)"
20.171.207.117 - - [09/Jun/2025:22:30:31 -0400] "GET /yq/necromantically/goodscode731389584.htm HTTP/1.1" 301 0 "-" "Mozilla/5.0 AppleWebKit/537.36 (KHTML, like Gecko; compatible; GPTBot/1.2; +https://openai.com/gptbot)"
20.171.207.117 - - [09/Jun/2025:22:30:32 -0400] "GET / HTTP/1.1" 200 9389 "-" "Mozilla/5.0 AppleWebKit/537.36 (KHTML, like Gecko; compatible; GPTBot/1.2; +https://openai.com/gptbot)"
20.171.207.117 - - [09/Jun/2025:22:30:33 -0400] "GET /gxk/exacter/goodscode189570456.htm HTTP/1.1" 301 0 "-" "Mozilla/5.0 AppleWebKit/537.36 (KHTML, like Gecko; compatible; GPTBot/1.2; +https://openai.com/gptbot)"
20.171.207.117 - - [09/Jun/2025:22:30:34 -0400] "GET / HTTP/1.1" 200 9389 "-" "Mozilla/5.0 AppleWebKit/537.36 (KHTML, like Gecko; compatible; GPTBot/1.2; +https://openai.com/gptbot)"
20.171.207.117 - - [09/Jun/2025:22:30:35 -0400] "GET /t1225444043.htm HTTP/1.1" 301 0 "-" "Mozilla/5.0 AppleWebKit/537.36 (KHTML, like Gecko; compatible; GPTBot/1.2; +https://openai.com/gptbot)"
20.171.207.117 - - [09/Jun/2025:22:30:36 -0400] "GET / HTTP/1.1" 200 9389 "-" "Mozilla/5.0 AppleWebKit/537.36 (KHTML, like Gecko; compatible; GPTBot/1.2; +https://openai.com/gptbot)"
20.171.207.117 - - [09/Jun/2025:22:30:37 -0400] "GET /h1225599925.htm HTTP/1.1" 301 0 "-" "Mozilla/5.0 AppleWebKit/537.36 (KHTML, like Gecko; compatible; GPTBot/1.2; +https://openai.com/gptbot)"
20.171.207.117 - - [09/Jun/2025:22:30:38 -0400] "GET / HTTP/1.1" 200 9389 "-" "Mozilla/5.0 AppleWebKit/537.36 (KHTML, like Gecko; compatible; GPTBot/1.2; +https://openai.com/gptbot)"
20.171.207.117 - - [09/Jun/2025:22:30:38 -0400] "GET /o/particularities/goodscode860398064.htm HTTP/1.1" 301 0 "-" "Mozilla/5.0 AppleWebKit/537.36 (KHTML, like Gecko; compatible; GPTBot/1.2; +https://openai.com/gptbot)"
20.171.207.117 - - [09/Jun/2025:22:30:39 -0400] "GET / HTTP/1.1" 200 9389 "-" "Mozilla/5.0 AppleWebKit/537.36 (KHTML, like Gecko; compatible; GPTBot/1.2; +https://openai.com/gptbot)"
20.171.207.117 - - [09/Jun/2025:22:30:40 -0400] "GET /dyn/shopping/254282873.htm HTTP/1.1" 301 0 "-" "Mozilla/5.0 AppleWebKit/537.36 (KHTML, like Gecko; compatible; GPTBot/1.2; +https://openai.com/gptbot)"
20.171.207.117 - - [09/Jun/2025:22:30:41 -0400] "GET / HTTP/1.1" 200 9389 "-" "Mozilla/5.0 AppleWebKit/537.36 (KHTML, like Gecko; compatible; GPTBot/1.2; +https://openai.com/gptbot)"
20.171.207.117 - - [09/Jun/2025:22:30:41 -0400] "GET /mk/nitroglycerine/goodscode913656286.htm HTTP/1.1" 301 0 "-" "Mozilla/5.0 AppleWebKit/537.36 (KHTML, like Gecko; compatible; GPTBot/1.2; +https://openai.com/gptbot)"
2001:41d0:303:8697::1 - - [09/Jun/2025:22:30:42 -0400] "GET / HTTP/1.1" 200 9389 "-" "Mozilla/5.0 (compatible; MJ12bot/v1.4.8; http://mj12bot.com/)"
20.171.207.117 - - [09/Jun/2025:22:30:42 -0400] "GET / HTTP/1.1" 200 9389 "-" "Mozilla/5.0 AppleWebKit/537.36 (KHTML, like Gecko; compatible; GPTBot/1.2; +https://openai.com/gptbot)"
20.171.207.117 - - [09/Jun/2025:22:30:43 -0400] "GET /s/corynebacterium/goodscode104568246.htm HTTP/1.1" 301 0 "-" "Mozilla/5.0 AppleWebKit/537.36 (KHTML, like Gecko; compatible; GPTBot/1.2; +https://openai.com/gptbot)"
20.171.207.117 - - [09/Jun/2025:22:30:43 -0400] "GET / HTTP/1.1" 200 9389 "-" "Mozilla/5.0 AppleWebKit/537.36 (KHTML, like Gecko; compatible; GPTBot/1.2; +https://openai.com/gptbot)"
20.171.207.117 - - [09/Jun/2025:22:30:44 -0400] "GET /fd/inflammabillty/goodscode731285831.htm HTTP/1.1" 301 0 "-" "Mozilla/5.0 AppleWebKit/537.36 (KHTML, like Gecko; compatible; GPTBot/1.2; +https://openai.com/gptbot)"
20.171.207.117 - - [09/Jun/2025:22:30:45 -0400] "GET / HTTP/1.1" 200 9389 "-" "Mozilla/5.0 AppleWebKit/537.36 (KHTML, like Gecko; compatible; GPTBot/1.2; +https://openai.com/gptbot)"
43.130.74.193 - - [09/Jun/2025:22:30:45 -0400] "GET /wp-json/wp/v2/posts/1452 HTTP/1.1" 200 10469 "-" "Mozilla/5.0 (iPhone; CPU iPhone OS 13_2_3 like Mac OS X) AppleWebKit/605.1.15 (KHTML, like Gecko) Version/13.0.3 Mobile/15E148 Safari/604.1"
20.171.207.117 - - [09/Jun/2025:22:30:45 -0400] "GET /eg/parapsychology/shopbrand104508774.htm HTTP/1.1" 301 0 "-" "Mozilla/5.0 AppleWebKit/537.36 (KHTML, like Gecko; compatible; GPTBot/1.2; +https://openai.com/gptbot)"
20.171.207.117 - - [09/Jun/2025:22:30:46 -0400] "GET / HTTP/1.1" 200 9389 "-" "Mozilla/5.0 AppleWebKit/537.36 (KHTML, like Gecko; compatible; GPTBot/1.2; +https://openai.com/gptbot)"
20.171.207.117 - - [09/Jun/2025:22:30:47 -0400] "GET /mfc/jewelsofopar/shopbrand1225644214.htm HTTP/1.1" 301 0 "-" "Mozilla/5.0 AppleWebKit/537.36 (KHTML, like Gecko; compatible; GPTBot/1.2; +https://openai.com/gptbot)"
20.171.207.117 - - [09/Jun/2025:22:30:48 -0400] "GET / HTTP/1.1" 200 9389 "-" "Mozilla/5.0 AppleWebKit/537.36 (KHTML, like Gecko; compatible; GPTBot/1.2; +https://openai.com/gptbot)"
20.171.207.117 - - [09/Jun/2025:22:30:48 -0400] "GET /ms/tractortrailer/goodscode312023236.htm HTTP/1.1" 301 0 "-" "Mozilla/5.0 AppleWebKit/537.36 (KHTML, like Gecko; compatible; GPTBot/1.2; +https://openai.com/gptbot)"
20.171.207.117 - - [09/Jun/2025:22:30:49 -0400] "GET / HTTP/1.1" 200 9389 "-" "Mozilla/5.0 AppleWebKit/537.36 (KHTML, like Gecko; compatible; GPTBot/1.2; +https://openai.com/gptbot)"
20.171.207.117 - - [09/Jun/2025:22:30:50 -0400] "GET /tp/shopbrand779944479.htm HTTP/1.1" 301 0 "-" "Mozilla/5.0 AppleWebKit/537.36 (KHTML, like Gecko; compatible; GPTBot/1.2; +https://openai.com/gptbot)"
20.171.207.117 - - [09/Jun/2025:22:30:50 -0400] "GET / HTTP/1.1" 200 9389 "-" "Mozilla/5.0 AppleWebKit/537.36 (KHTML, like Gecko; compatible; GPTBot/1.2; +https://openai.com/gptbot)"
20.171.207.117 - - [09/Jun/2025:22:30:51 -0400] "GET /o1225709388.htm HTTP/1.1" 301 0 "-" "Mozilla/5.0 AppleWebKit/537.36 (KHTML, like Gecko; compatible; GPTBot/1.2; +https://openai.com/gptbot)"
52.167.144.16 - - [09/Jun/2025:22:30:51 -0400] "GET /dr-kumahige-chapter-33/ HTTP/1.1" 200 37920 "-" "Mozilla/5.0 AppleWebKit/537.36 (KHTML, like Gecko; compatible; bingbot/2.0; +http://www.bing.com/bingbot.htm) Chrome/116.0.1938.76 Safari/537.36"
20.171.207.117 - - [09/Jun/2025:22:30:52 -0400] "GET / HTTP/1.1" 200 9389 "-" "Mozilla/5.0 AppleWebKit/537.36 (KHTML, like Gecko; compatible; GPTBot/1.2; +https://openai.com/gptbot)"
20.171.207.117 - - [09/Jun/2025:22:30:52 -0400] "GET /b1225468479.htm HTTP/1.1" 301 0 "-" "Mozilla/5.0 AppleWebKit/537.36 (KHTML, like Gecko; compatible; GPTBot/1.2; +https://openai.com/gptbot)"
2001:41d0:303:8697::1 - - [09/Jun/2025:22:30:54 -0400] "GET /mage-again-chapter-80/feed/ HTTP/1.1" 301 0 "-" "Mozilla/5.0 (compatible; MJ12bot/v1.4.8; http://mj12bot.com/)"
20.171.207.117 - - [09/Jun/2025:22:30:53 -0400] "GET / HTTP/1.1" 200 9389 "-" "Mozilla/5.0 AppleWebKit/537.36 (KHTML, like Gecko; compatible; GPTBot/1.2; +https://openai.com/gptbot)"
20.171.207.117 - - [09/Jun/2025:22:30:54 -0400] "GET /g1225459830.htm HTTP/1.1" 301 0 "-" "Mozilla/5.0 AppleWebKit/537.36 (KHTML, like Gecko; compatible; GPTBot/1.2; +https://openai.com/gptbot)"
20.171.207.117 - - [09/Jun/2025:22:30:55 -0400] "GET / HTTP/1.1" 200 9389 "-" "Mozilla/5.0 AppleWebKit/537.36 (KHTML, like Gecko; compatible; GPTBot/1.2; +https://openai.com/gptbot)"
20.171.207.117 - - [09/Jun/2025:22:30:56 -0400] "GET /s1225635978.htm HTTP/1.1" 301 0 "-" "Mozilla/5.0 AppleWebKit/537.36 (KHTML, like Gecko; compatible; GPTBot/1.2; +https://openai.com/gptbot)"
20.171.207.117 - - [09/Jun/2025:22:30:56 -0400] "GET / HTTP/1.1" 200 9389 "-" "Mozilla/5.0 AppleWebKit/537.36 (KHTML, like Gecko; compatible; GPTBot/1.2; +https://openai.com/gptbot)"
20.171.207.117 - - [09/Jun/2025:22:30:57 -0400] "GET /l1225537469.htm HTTP/1.1" 301 0 "-" "Mozilla/5.0 AppleWebKit/537.36 (KHTML, like Gecko; compatible; GPTBot/1.2; +https://openai.com/gptbot)"
20.171.207.117 - - [09/Jun/2025:22:30:57 -0400] "GET / HTTP/1.1" 200 9389 "-" "Mozilla/5.0 AppleWebKit/537.36 (KHTML, like Gecko; compatible; GPTBot/1.2; +https://openai.com/gptbot)"
20.171.207.117 - - [09/Jun/2025:22:30:58 -0400] "GET /sus/rumney/item/368127206.htm HTTP/1.1" 301 0 "-" "Mozilla/5.0 AppleWebKit/537.36 (KHTML, like Gecko; compatible; GPTBot/1.2; +https://openai.com/gptbot)"
20.171.207.117 - - [09/Jun/2025:22:30:59 -0400] "GET / HTTP/1.1" 200 9389 "-" "Mozilla/5.0 AppleWebKit/537.36 (KHTML, like Gecko; compatible; GPTBot/1.2; +https://openai.com/gptbot)"
20.171.207.117 - - [09/Jun/2025:22:30:59 -0400] "GET /qaw/derby/item/913518992.htm HTTP/1.1" 301 0 "-" "Mozilla/5.0 AppleWebKit/537.36 (KHTML, like Gecko; compatible; GPTBot/1.2; +https://openai.com/gptbot)"
2001:41d0:303:8697::1 - - [09/Jun/2025:22:30:59 -0400] "GET / HTTP/1.1" 200 9389 "-" "Mozilla/5.0 (compatible; MJ12bot/v1.4.8; http://mj12bot.com/)"
20.171.207.117 - - [09/Jun/2025:22:31:00 -0400] "GET / HTTP/1.1" 200 9389 "-" "Mozilla/5.0 AppleWebKit/537.36 (KHTML, like Gecko; compatible; GPTBot/1.2; +https://openai.com/gptbot)"
20.171.207.117 - - [09/Jun/2025:22:31:01 -0400] "GET /xj/myrtus/item/104473885.htm HTTP/1.1" 301 0 "-" "Mozilla/5.0 AppleWebKit/537.36 (KHTML, like Gecko; compatible; GPTBot/1.2; +https://openai.com/gptbot)"
20.171.207.117 - - [09/Jun/2025:22:31:01 -0400] "GET / HTTP/1.1" 200 9389 "-" "Mozilla/5.0 AppleWebKit/537.36 (KHTML, like Gecko; compatible; GPTBot/1.2; +https://openai.com/gptbot)"
20.171.207.117 - - [09/Jun/2025:22:31:02 -0400] "GET /qs/ammonal/item/368062024.htm HTTP/1.1" 301 0 "-" "Mozilla/5.0 AppleWebKit/537.36 (KHTML, like Gecko; compatible; GPTBot/1.2; +https://openai.com/gptbot)"
20.171.207.117 - - [09/Jun/2025:22:31:02 -0400] "GET / HTTP/1.1" 200 9389 "-" "Mozilla/5.0 AppleWebKit/537.36 (KHTML, like Gecko; compatible; GPTBot/1.2; +https://openai.com/gptbot)"
20.171.207.117 - - [09/Jun/2025:22:31:03 -0400] "GET /gkw/cloche/item/189591268.htm HTTP/1.1" 301 0 "-" "Mozilla/5.0 AppleWebKit/537.36 (KHTML, like Gecko; compatible; GPTBot/1.2; +https://openai.com/gptbot)"
20.171.207.117 - - [09/Jun/2025:22:31:04 -0400] "GET / HTTP/1.1" 200 9389 "-" "Mozilla/5.0 AppleWebKit/537.36 (KHTML, like Gecko; compatible; GPTBot/1.2; +https://openai.com/gptbot)"
20.171.207.117 - - [09/Jun/2025:22:31:05 -0400] "GET /lcj/pecks/item/368070673.htm HTTP/1.1" 301 0 "-" "Mozilla/5.0 AppleWebKit/537.36 (KHTML, like Gecko; compatible; GPTBot/1.2; +https://openai.com/gptbot)"
20.171.207.117 - - [09/Jun/2025:22:31:05 -0400] "GET / HTTP/1.1" 200 9389 "-" "Mozilla/5.0 AppleWebKit/537.36 (KHTML, like Gecko; compatible; GPTBot/1.2; +https://openai.com/gptbot)"
20.171.207.117 - - [09/Jun/2025:22:31:06 -0400] "GET /jsl/camis/item/913548179.htm HTTP/1.1" 301 0 "-" "Mozilla/5.0 AppleWebKit/537.36 (KHTML, like Gecko; compatible; GPTBot/1.2; +https://openai.com/gptbot)"
20.171.207.117 - - [09/Jun/2025:22:31:06 -0400] "GET / HTTP/1.1" 200 9389 "-" "Mozilla/5.0 AppleWebKit/537.36 (KHTML, like Gecko; compatible; GPTBot/1.2; +https://openai.com/gptbot)"
20.171.207.117 - - [09/Jun/2025:22:31:07 -0400] "GET /rmz/queasy/item/860548155.htm HTTP/1.1" 301 0 "-" "Mozilla/5.0 AppleWebKit/537.36 (KHTML, like Gecko; compatible; GPTBot/1.2; +https://openai.com/gptbot)"
20.171.207.117 - - [09/Jun/2025:22:31:08 -0400] "GET / HTTP/1.1" 200 9390 "-" "Mozilla/5.0 AppleWebKit/537.36 (KHTML, like Gecko; compatible; GPTBot/1.2; +https://openai.com/gptbot)"
20.171.207.117 - - [09/Jun/2025:22:31:08 -0400] "GET /ek/monday/item/779863718.htm HTTP/1.1" 301 0 "-" "Mozilla/5.0 AppleWebKit/537.36 (KHTML, like Gecko; compatible; GPTBot/1.2; +https://openai.com/gptbot)"
47.128.96.182 - - [09/Jun/2025:22:31:09 -0400] "GET /toaru-tenin-to-kyaku-no-hanashi-chapter-36/ HTTP/1.1" 301 0 "-" "Mozilla/5.0 (Linux; Android 5.0) AppleWebKit/537.36 (KHTML, like Gecko) Mobile Safari/537.36 (compatible; TikTokSpider; [email protected])"
20.171.207.117 - - [09/Jun/2025:22:31:09 -0400] "GET / HTTP/1.1" 200 9389 "-" "Mozilla/5.0 AppleWebKit/537.36 (KHTML, like Gecko; compatible; GPTBot/1.2; +https://openai.com/gptbot)"
20.171.207.117 - - [09/Jun/2025:22:31:10 -0400] "GET /hx/yowley/item/913685731.htm HTTP/1.1" 301 0 "-" "Mozilla/5.0 AppleWebKit/537.36 (KHTML, like Gecko; compatible; GPTBot/1.2; +https://openai.com/gptbot)"
47.128.96.182 - - [09/Jun/2025:22:31:09 -0400] "GET / HTTP/1.1" 200 9388 "-" "Mozilla/5.0 (Linux; Android 5.0) AppleWebKit/537.36 (KHTML, like Gecko) Mobile Safari/537.36 (compatible; TikTokSpider; [email protected])"
20.171.207.117 - - [09/Jun/2025:22:31:11 -0400] "GET / HTTP/1.1" 200 9388 "-" "Mozilla/5.0 AppleWebKit/537.36 (KHTML, like Gecko; compatible; GPTBot/1.2; +https://openai.com/gptbot)"
20.171.207.117 - - [09/Jun/2025:22:31:12 -0400] "GET /x/shapely/item/731614109.htm HTTP/1.1" 301 0 "-" "Mozilla/5.0 AppleWebKit/537.36 (KHTML, like Gecko; compatible; GPTBot/1.2; +https://openai.com/gptbot)"
20.171.207.117 - - [09/Jun/2025:22:31:13 -0400] "GET / HTTP/1.1" 200 9389 "-" "Mozilla/5.0 AppleWebKit/537.36 (KHTML, like Gecko; compatible; GPTBot/1.2; +https://openai.com/gptbot)"
20.171.207.117 - - [09/Jun/2025:22:31:15 -0400] "GET /j189538817.htm HTTP/1.1" 301 0 "-" "Mozilla/5.0 AppleWebKit/537.36 (KHTML, like Gecko; compatible; GPTBot/1.2; +https://openai.com/gptbot)"
20.171.207.117 - - [09/Jun/2025:22:31:15 -0400] "GET / HTTP/1.1" 200 9389 "-" "Mozilla/5.0 AppleWebKit/537.36 (KHTML, like Gecko; compatible; GPTBot/1.2; +https://openai.com/gptbot)"
20.171.207.117 - - [09/Jun/2025:22:31:16 -0400] "GET /h104477967.htm HTTP/1.1" 301 0 "-" "Mozilla/5.0 AppleWebKit/537.36 (KHTML, like Gecko; compatible; GPTBot/1.2; +https://openai.com/gptbot)"
20.171.207.117 - - [09/Jun/2025:22:31:17 -0400] "GET / HTTP/1.1" 200 9389 "-" "Mozilla/5.0 AppleWebKit/537.36 (KHTML, like Gecko; compatible; GPTBot/1.2; +https://openai.com/gptbot)"
20.171.207.117 - - [09/Jun/2025:22:31:17 -0400] "GET /m254233092.htm HTTP/1.1" 301 0 "-" "Mozilla/5.0 AppleWebKit/537.36 (KHTML, like Gecko; compatible; GPTBot/1.2; +https://openai.com/gptbot)"
20.171.207.117 - - [09/Jun/2025:22:31:18 -0400] "GET / HTTP/1.1" 200 9389 "-" "Mozilla/5.0 AppleWebKit/537.36 (KHTML, like Gecko; compatible; GPTBot/1.2; +https://openai.com/gptbot)"
20.171.207.117 - - [09/Jun/2025:22:31:18 -0400] "GET /y189417308.htm HTTP/1.1" 301 0 "-" "Mozilla/5.0 AppleWebKit/537.36 (KHTML, like Gecko; compatible; GPTBot/1.2; +https://openai.com/gptbot)"
20.171.207.117 - - [09/Jun/2025:22:31:19 -0400] "GET / HTTP/1.1" 200 9389 "-" "Mozilla/5.0 AppleWebKit/537.36 (KHTML, like Gecko; compatible; GPTBot/1.2; +https://openai.com/gptbot)"
20.171.207.117 - - [09/Jun/2025:22:31:20 -0400] "GET /y780117744.htm HTTP/1.1" 301 0 "-" "Mozilla/5.0 AppleWebKit/537.36 (KHTML, like Gecko; compatible; GPTBot/1.2; +https://openai.com/gptbot)"
20.171.207.117 - - [09/Jun/2025:22:31:20 -0400] "GET / HTTP/1.1" 200 9388 "-" "Mozilla/5.0 AppleWebKit/537.36 (KHTML, like Gecko; compatible; GPTBot/1.2; +https://openai.com/gptbot)"
20.171.207.117 - - [09/Jun/2025:22:31:21 -0400] "GET /a1225553506.htm HTTP/1.1" 301 0 "-" "Mozilla/5.0 AppleWebKit/537.36 (KHTML, like Gecko; compatible; GPTBot/1.2; +https://openai.com/gptbot)"
20.171.207.117 - - [09/Jun/2025:22:31:22 -0400] "GET / HTTP/1.1" 200 9388 "-" "Mozilla/5.0 AppleWebKit/537.36 (KHTML, like Gecko; compatible; GPTBot/1.2; +https://openai.com/gptbot)"
20.171.207.117 - - [09/Jun/2025:22:31:23 -0400] "GET /y1225553240.htm HTTP/1.1" 301 0 "-" "Mozilla/5.0 AppleWebKit/537.36 (KHTML, like Gecko; compatible; GPTBot/1.2; +https://openai.com/gptbot)"
20.171.207.117 - - [09/Jun/2025:22:31:24 -0400] "GET / HTTP/1.1" 200 9389 "-" "Mozilla/5.0 AppleWebKit/537.36 (KHTML, like Gecko; compatible; GPTBot/1.2; +https://openai.com/gptbot)"
20.171.207.117 - - [09/Jun/2025:22:31:24 -0400] "GET /j1225418333.htm HTTP/1.1" 301 0 "-" "Mozilla/5.0 AppleWebKit/537.36 (KHTML, like Gecko; compatible; GPTBot/1.2; +https://openai.com/gptbot)"
20.171.207.117 - - [09/Jun/2025:22:31:25 -0400] "GET / HTTP/1.1" 200 9389 "-" "Mozilla/5.0 AppleWebKit/537.36 (KHTML, like Gecko; compatible; GPTBot/1.2; +https://openai.com/gptbot)"
20.171.207.117 - - [09/Jun/2025:22:31:26 -0400] "GET /e1225566648.htm HTTP/1.1" 301 0 "-" "Mozilla/5.0 AppleWebKit/537.36 (KHTML, like Gecko; compatible; GPTBot/1.2; +https://openai.com/gptbot)"
20.171.207.117 - - [09/Jun/2025:22:31:27 -0400] "GET / HTTP/1.1" 200 9389 "-" "Mozilla/5.0 AppleWebKit/537.36 (KHTML, like Gecko; compatible; GPTBot/1.2; +https://openai.com/gptbot)"
20.171.207.117 - - [09/Jun/2025:22:31:27 -0400] "GET /m1225558694.htm HTTP/1.1" 301 0 "-" "Mozilla/5.0 AppleWebKit/537.36 (KHTML, like Gecko; compatible; GPTBot/1.2; +https://openai.com/gptbot)"
20.171.207.117 - - [09/Jun/2025:22:31:28 -0400] "GET / HTTP/1.1" 200 9389 "-" "Mozilla/5.0 AppleWebKit/537.36 (KHTML, like Gecko; compatible; GPTBot/1.2; +https://openai.com/gptbot)"
162.0.232.193 - - [09/Jun/2025:22:31:30 -0400] "POST /wp-cron.php?doing_wp_cron=1749522690.0619308948516845703125 HTTP/1.1" 200 0 "-" "WordPress/6.8.1; https://reversevillain.com"
20.171.207.117 - - [09/Jun/2025:22:31:29 -0400] "GET /vz/shopbrand860368885.htm HTTP/1.1" 301 0 "-" "Mozilla/5.0 AppleWebKit/537.36 (KHTML, like Gecko; compatible; GPTBot/1.2; +https://openai.com/gptbot)"
20.171.207.117 - - [09/Jun/2025:22:31:30 -0400] "GET / HTTP/1.1" 200 9389 "-" "Mozilla/5.0 AppleWebKit/537.36 (KHTML, like Gecko; compatible; GPTBot/1.2; +https://openai.com/gptbot)"
162.0.232.193 - - [09/Jun/2025:22:31:31 -0400] "POST /wp-admin/admin-ajax.php?action=async_litespeed&nonce=Yh914UnLIYHKuzbaUcbA98P45z1lvayL&litespeed_type=imgoptm HTTP/1.1" 200 5 "-" "WordPress/6.8.1; https://reversevillain.com"
20.171.207.117 - - [09/Jun/2025:22:31:31 -0400] "GET /n860610611.htm HTTP/1.1" 301 0 "-" "Mozilla/5.0 AppleWebKit/537.36 (KHTML, like Gecko; compatible; GPTBot/1.2; +https://openai.com/gptbot)"
20.171.207.117 - - [09/Jun/2025:22:31:31 -0400] "GET / HTTP/1.1" 200 9389 "-" "Mozilla/5.0 AppleWebKit/537.36 (KHTML, like Gecko; compatible; GPTBot/1.2; +https://openai.com/gptbot)"
20.171.207.117 - - [09/Jun/2025:22:31:32 -0400] "GET /y860626068.htm HTTP/1.1" 301 0 "-" "Mozilla/5.0 AppleWebKit/537.36 (KHTML, like Gecko; compatible; GPTBot/1.2; +https://openai.com/gptbot)"
162.0.232.193 - - [09/Jun/2025:22:31:33 -0400] "POST /wp-cron.php?doing_wp_cron=1749522693.4690799713134765625000 HTTP/1.1" 200 0 "-" "WordPress/6.8.1; https://reversevillain.com"
20.171.207.117 - - [09/Jun/2025:22:31:33 -0400] "GET / HTTP/1.1" 200 9389 "-" "Mozilla/5.0 AppleWebKit/537.36 (KHTML, like Gecko; compatible; GPTBot/1.2; +https://openai.com/gptbot)"
20.171.207.117 - - [09/Jun/2025:22:31:33 -0400] "GET /g860586868.htm HTTP/1.1" 301 0 "-" "Mozilla/5.0 AppleWebKit/537.36 (KHTML, like Gecko; compatible; GPTBot/1.2; +https://openai.com/gptbot)"
20.171.207.117 - - [09/Jun/2025:22:31:34 -0400] "GET / HTTP/1.1" 200 9389 "-" "Mozilla/5.0 AppleWebKit/537.36 (KHTML, like Gecko; compatible; GPTBot/1.2; +https://openai.com/gptbot)"
20.171.207.117 - - [09/Jun/2025:22:31:34 -0400] "GET /a860669606.htm HTTP/1.1" 301 0 "-" "Mozilla/5.0 AppleWebKit/537.36 (KHTML, like Gecko; compatible; GPTBot/1.2; +https://openai.com/gptbot)"
20.171.207.117 - - [09/Jun/2025:22:31:35 -0400] "GET / HTTP/1.1" 200 9389 "-" "Mozilla/5.0 AppleWebKit/537.36 (KHTML, like Gecko; compatible; GPTBot/1.2; +https://openai.com/gptbot)"
20.171.207.117 - - [09/Jun/2025:22:31:36 -0400] "GET /n/shrilltongued/shopbrand254158995.htm HTTP/1.1" 301 0 "-" "Mozilla/5.0 AppleWebKit/537.36 (KHTML, like Gecko; compatible; GPTBot/1.2; +https://openai.com/gptbot)"
2001:41d0:303:8697::1 - - [09/Jun/2025:22:31:36 -0400] "GET /mage-demon-queen-group-3-chapter-53/feed/ HTTP/1.1" 301 0 "-" "Mozilla/5.0 (compatible; MJ12bot/v1.4.8; http://mj12bot.com/)"
20.171.207.117 - - [09/Jun/2025:22:31:36 -0400] "GET / HTTP/1.1" 200 9391 "-" "Mozilla/5.0 AppleWebKit/537.36 (KHTML, like Gecko; compatible; GPTBot/1.2; +https://openai.com/gptbot)"
20.171.207.117 - - [09/Jun/2025:22:31:37 -0400] "GET /zr/lubrication/goodscode104410323.htm HTTP/1.1" 301 0 "-" "Mozilla/5.0 AppleWebKit/537.36 (KHTML, like Gecko; compatible; GPTBot/1.2; +https://openai.com/gptbot)"
20.171.207.117 - - [09/Jun/2025:22:31:38 -0400] "GET / HTTP/1.1" 200 9389 "-" "Mozilla/5.0 AppleWebKit/537.36 (KHTML, like Gecko; compatible; GPTBot/1.2; +https://openai.com/gptbot)"
20.171.207.117 - - [09/Jun/2025:22:31:38 -0400] "GET /kw/lithotyping/goodscode254178856.htm HTTP/1.1" 301 0 "-" "Mozilla/5.0 AppleWebKit/537.36 (KHTML, like Gecko; compatible; GPTBot/1.2; +https://openai.com/gptbot)"
20.171.207.117 - - [09/Jun/2025:22:31:39 -0400] "GET / HTTP/1.1" 200 9389 "-" "Mozilla/5.0 AppleWebKit/537.36 (KHTML, like Gecko; compatible; GPTBot/1.2; +https://openai.com/gptbot)"
