87.250.224.208 - - [09/Jun/2025:21:34:19 -0400] "GET /mercenary-enrollment-chapter-96-2/ HTTP/1.1" 301 0 "-" "Mozilla/5.0 (compatible; YandexBot/3.0; +http://yandex.com/bots)"
87.250.224.49 - - [09/Jun/2025:21:34:23 -0400] "GET / HTTP/1.1" 200 9391 "-" "Mozilla/5.0 (compatible; YandexBot/3.0; +http://yandex.com/bots)"
162.0.232.193 - - [09/Jun/2025:21:34:37 -0400] "POST /wp-cron.php?doing_wp_cron=1749519276.7434298992156982421875 HTTP/1.1" 200 0 "-" "WordPress/6.8.1; https://reversevillain.com"
217.113.194.21 - - [09/Jun/2025:21:34:33 -0400] "GET /reverse-villain-chapter-14/feed/ HTTP/1.1" 200 1533 "-" "Mozilla/5.0 (compatible; Barkrowler/0.9; +https://babbar.tech/crawler)"
217.113.194.13 - - [09/Jun/2025:21:34:53 -0400] "GET /reverse-villain-chapter-47/feed/ HTTP/1.1" 200 1085 "-" "Mozilla/5.0 (compatible; Barkrowler/0.9; +https://babbar.tech/crawler)"
217.113.194.19 - - [09/Jun/2025:21:35:14 -0400] "GET /reverse-villain-chapter-70/feed/ HTTP/1.1" 200 1071 "-" "Mozilla/5.0 (compatible; Barkrowler/0.9; +https://babbar.tech/crawler)"
162.0.232.193 - - [09/Jun/2025:21:35:38 -0400] "POST /wp-cron.php?doing_wp_cron=1749519338.2340629100799560546875 HTTP/1.1" 200 0 "-" "WordPress/6.8.1; https://reversevillain.com"
217.113.194.12 - - [09/Jun/2025:21:35:34 -0400] "GET /reverse-villain-chapter-55/feed/ HTTP/1.1" 200 1237 "-" "Mozilla/5.0 (compatible; Barkrowler/0.9; +https://babbar.tech/crawler)"
162.0.232.193 - - [09/Jun/2025:21:35:41 -0400] "POST /wp-admin/admin-ajax.php?action=async_litespeed&nonce=kGpSe4a2hzbwUkSpxblsp6azPtzF7sY1&litespeed_type=imgoptm HTTP/1.1" 200 0 "-" "WordPress/6.8.1; https://reversevillain.com"
162.0.232.193 - - [09/Jun/2025:21:35:59 -0400] "POST /wp-cron.php?doing_wp_cron=1749519358.7431089878082275390625 HTTP/1.1" 200 0 "-" "WordPress/6.8.1; https://reversevillain.com"
217.113.194.21 - - [09/Jun/2025:21:35:55 -0400] "GET /reverse-villain-chapter-1/feed/ HTTP/1.1" 200 1910 "-" "Mozilla/5.0 (compatible; Barkrowler/0.9; +https://babbar.tech/crawler)"
162.0.232.193 - - [09/Jun/2025:21:36:04 -0400] "POST /wp-admin/admin-ajax.php?action=async_litespeed&nonce=xrWcVZKHFaCBYsBbxJP4scGINW6DHUDQ&litespeed_type=imgoptm HTTP/1.1" 200 0 "-" "WordPress/6.8.1; https://reversevillain.com"
217.113.194.21 - - [09/Jun/2025:21:36:16 -0400] "GET /reverse-villain-chapter-102/feed/ HTTP/1.1" 200 1227 "-" "Mozilla/5.0 (compatible; Barkrowler/0.9; +https://babbar.tech/crawler)"
162.0.232.193 - - [09/Jun/2025:21:36:44 -0400] "POST /wp-cron.php?doing_wp_cron=1749519403.2403719425201416015625 HTTP/1.1" 200 0 "-" "WordPress/6.8.1; https://reversevillain.com"
217.113.194.19 - - [09/Jun/2025:21:36:37 -0400] "GET /reverse-villain-chapter-66/feed/ HTTP/1.1" 200 963 "-" "Mozilla/5.0 (compatible; Barkrowler/0.9; +https://babbar.tech/crawler)"
217.113.194.16 - - [09/Jun/2025:21:37:00 -0400] "GET /reverse-villain-chapter-22/feed/ HTTP/1.1" 200 1423 "-" "Mozilla/5.0 (compatible; Barkrowler/0.9; +https://babbar.tech/crawler)"
217.113.194.14 - - [09/Jun/2025:21:37:21 -0400] "GET /reverse-villain-chapter-60/feed/ HTTP/1.1" 200 1146 "-" "Mozilla/5.0 (compatible; Barkrowler/0.9; +https://babbar.tech/crawler)"
66.249.66.42 - - [09/Jun/2025:21:37:37 -0400] "GET /ads.txt HTTP/1.1" 200 40858 "-" "Mozilla/5.0 (compatible; Googlebot/2.1; +http://www.google.com/bot.html)"
162.0.232.193 - - [09/Jun/2025:21:37:45 -0400] "POST /wp-cron.php?doing_wp_cron=1749519464.5375740528106689453125 HTTP/1.1" 200 0 "-" "WordPress/6.8.1; https://reversevillain.com"
217.113.194.15 - - [09/Jun/2025:21:37:39 -0400] "GET /reverse-villain-chapter-50/feed/ HTTP/1.1" 200 1279 "-" "Mozilla/5.0 (compatible; Barkrowler/0.9; +https://babbar.tech/crawler)"
162.0.232.193 - - [09/Jun/2025:21:37:49 -0400] "POST /wp-admin/admin-ajax.php?action=async_litespeed&nonce=qooHKBt9m2hE1ioHNMjnAdI5w28YG8Ul&litespeed_type=imgoptm HTTP/1.1" 200 0 "-" "WordPress/6.8.1; https://reversevillain.com"
162.0.232.193 - - [09/Jun/2025:21:38:05 -0400] "POST /wp-cron.php?doing_wp_cron=1749519485.4355349540710449218750 HTTP/1.1" 200 0 "-" "WordPress/6.8.1; https://reversevillain.com"
217.113.194.18 - - [09/Jun/2025:21:38:02 -0400] "GET /reverse-villain-chapter-29/feed/ HTTP/1.1" 200 1209 "-" "Mozilla/5.0 (compatible; Barkrowler/0.9; +https://babbar.tech/crawler)"
162.0.232.193 - - [09/Jun/2025:21:38:08 -0400] "POST /wp-admin/admin-ajax.php?action=async_litespeed&nonce=Qoqrqr69GMLRiNGVwJbZNOqbJb3kIRPT&litespeed_type=imgoptm HTTP/1.1" 200 0 "-" "WordPress/6.8.1; https://reversevillain.com"
217.113.194.16 - - [09/Jun/2025:21:38:22 -0400] "GET /reverse-villain-chapter-11/feed/ HTTP/1.1" 200 1148 "-" "Mozilla/5.0 (compatible; Barkrowler/0.9; +https://babbar.tech/crawler)"
162.0.232.193 - - [09/Jun/2025:21:38:45 -0400] "POST /wp-cron.php?doing_wp_cron=1749519525.1435880661010742187500 HTTP/1.1" 200 0 "-" "WordPress/6.8.1; https://reversevillain.com"
217.113.194.20 - - [09/Jun/2025:21:38:40 -0400] "GET /reverse-villain-chapter-106/feed/ HTTP/1.1" 200 1386 "-" "Mozilla/5.0 (compatible; Barkrowler/0.9; +https://babbar.tech/crawler)"
217.113.194.12 - - [09/Jun/2025:21:39:02 -0400] "GET /reverse-villain-chapter-15/feed/ HTTP/1.1" 200 1196 "-" "Mozilla/5.0 (compatible; Barkrowler/0.9; +https://babbar.tech/crawler)"
43.130.91.95 - - [09/Jun/2025:21:39:02 -0400] "GET /wp-json/wp/v2/pages/48 HTTP/1.1" 200 30973 "-" "Mozilla/5.0 (iPhone; CPU iPhone OS 13_2_3 like Mac OS X) AppleWebKit/605.1.15 (KHTML, like Gecko) Version/13.0.3 Mobile/15E148 Safari/604.1"
217.113.194.12 - - [09/Jun/2025:21:39:25 -0400] "GET /reverse-villain-chapter-12/feed/ HTTP/1.1" 200 694 "-" "Mozilla/5.0 (compatible; Barkrowler/0.9; +https://babbar.tech/crawler)"
223.244.35.77 - - [09/Jun/2025:21:39:23 -0400] "GET / HTTP/1.1" 200 9385 "http://reversevillain.com" "Mozilla/5.0 (iPhone; CPU iPhone OS 13_2_3 like Mac OS X) AppleWebKit/605.1.15 (KHTML, like Gecko) Version/13.0.3 Mobile/15E148 Safari/604.1"
162.0.232.193 - - [09/Jun/2025:21:39:50 -0400] "POST /wp-cron.php?doing_wp_cron=1749519590.0402998924255371093750 HTTP/1.1" 200 0 "-" "WordPress/6.8.1; https://reversevillain.com"
217.113.194.18 - - [09/Jun/2025:21:39:46 -0400] "GET /reverse-villain-chapter-91/feed/ HTTP/1.1" 200 1270 "-" "Mozilla/5.0 (compatible; Barkrowler/0.9; +https://babbar.tech/crawler)"
162.0.232.193 - - [09/Jun/2025:21:39:54 -0400] "POST /wp-admin/admin-ajax.php?action=async_litespeed&nonce=VtUyPM5iq0UqbGLP2DbKdbMmFgA5MNd3&litespeed_type=imgoptm HTTP/1.1" 200 0 "-" "WordPress/6.8.1; https://reversevillain.com"
217.113.194.16 - - [09/Jun/2025:21:40:07 -0400] "GET /reverse-villain-chapter-71/feed/ HTTP/1.1" 200 1250 "-" "Mozilla/5.0 (compatible; Barkrowler/0.9; +https://babbar.tech/crawler)"
162.0.232.193 - - [09/Jun/2025:21:40:32 -0400] "POST /wp-cron.php?doing_wp_cron=1749519631.7688009738922119140625 HTTP/1.1" 200 0 "-" "WordPress/6.8.1; https://reversevillain.com"
154.54.249.194 - - [09/Jun/2025:21:40:28 -0400] "GET /reverse-villain-chapter-72/feed/ HTTP/1.1" 200 1110 "-" "Mozilla/5.0 (compatible; Barkrowler/0.9; +https://babbar.tech/crawler)"
217.113.194.15 - - [09/Jun/2025:21:40:48 -0400] "GET /reverse-villain-chapter-37/feed/ HTTP/1.1" 200 1319 "-" "Mozilla/5.0 (compatible; Barkrowler/0.9; +https://babbar.tech/crawler)"
154.54.249.194 - - [09/Jun/2025:21:41:09 -0400] "GET /reverse-villain-chapter-25/feed/ HTTP/1.1" 200 979 "-" "Mozilla/5.0 (compatible; Barkrowler/0.9; +https://babbar.tech/crawler)"
47.128.122.12 - - [09/Jun/2025:21:41:09 -0400] "GET /dumbbell-nan-kilo-moteru-chapter-179/ HTTP/1.1" 301 0 "-" "Mozilla/5.0 (Linux; Android 5.0) AppleWebKit/537.36 (KHTML, like Gecko) Mobile Safari/537.36 (compatible; TikTokSpider; [email protected])"
47.128.122.12 - - [09/Jun/2025:21:41:13 -0400] "GET / HTTP/1.1" 200 9389 "-" "Mozilla/5.0 (Linux; Android 5.0) AppleWebKit/537.36 (KHTML, like Gecko) Mobile Safari/537.36 (compatible; TikTokSpider; [email protected])"
162.0.232.193 - - [09/Jun/2025:21:41:34 -0400] "POST /wp-cron.php?doing_wp_cron=1749519693.7570281028747558593750 HTTP/1.1" 200 0 "-" "WordPress/6.8.1; https://reversevillain.com"
154.54.249.194 - - [09/Jun/2025:21:41:30 -0400] "GET /reverse-villain-chapter-19/feed/ HTTP/1.1" 200 914 "-" "Mozilla/5.0 (compatible; Barkrowler/0.9; +https://babbar.tech/crawler)"
162.0.232.193 - - [09/Jun/2025:21:41:38 -0400] "POST /wp-admin/admin-ajax.php?action=async_litespeed&nonce=p2YGBLxc4WoU7mY9rvscoI8tuJp9078R&litespeed_type=imgoptm HTTP/1.1" 200 0 "-" "WordPress/6.8.1; https://reversevillain.com"
162.0.232.193 - - [09/Jun/2025:21:41:53 -0400] "POST /wp-cron.php?doing_wp_cron=1749519713.4494009017944335937500 HTTP/1.1" 200 0 "-" "WordPress/6.8.1; https://reversevillain.com"
217.113.194.20 - - [09/Jun/2025:21:41:50 -0400] "GET /reverse-villain-chapter-5/feed/ HTTP/1.1" 200 1138 "-" "Mozilla/5.0 (compatible; Barkrowler/0.9; +https://babbar.tech/crawler)"
162.0.232.193 - - [09/Jun/2025:21:41:58 -0400] "POST /wp-admin/admin-ajax.php?action=async_litespeed&nonce=1CsgFpDYFa2W7v6k2GT3SkS8dFg4i7ML&litespeed_type=imgoptm HTTP/1.1" 200 0 "-" "WordPress/6.8.1; https://reversevillain.com"
217.113.194.20 - - [09/Jun/2025:21:42:14 -0400] "GET /manga/contender-chapter-47/ HTTP/1.1" 200 9512 "-" "Mozilla/5.0 (compatible; Barkrowler/0.9; +https://babbar.tech/crawler)"
162.0.232.193 - - [09/Jun/2025:21:42:43 -0400] "POST /wp-cron.php?doing_wp_cron=1749519762.7339808940887451171875 HTTP/1.1" 200 0 "-" "WordPress/6.8.1; https://reversevillain.com"
217.113.194.20 - - [09/Jun/2025:21:42:37 -0400] "GET /category/reverse-villain-manga/ HTTP/1.1" 200 8898 "-" "Mozilla/5.0 (compatible; Barkrowler/0.9; +https://babbar.tech/crawler)"
217.113.194.12 - - [09/Jun/2025:21:43:04 -0400] "GET /category/read-reverse-villain/page/2/ HTTP/1.1" 200 8986 "-" "Mozilla/5.0 (compatible; Barkrowler/0.9; +https://babbar.tech/crawler)"
217.113.194.20 - - [09/Jun/2025:21:43:29 -0400] "GET /reverse-villain-chapter-90/feed/ HTTP/1.1" 200 1215 "-" "Mozilla/5.0 (compatible; Barkrowler/0.9; +https://babbar.tech/crawler)"
162.0.232.193 - - [09/Jun/2025:21:43:53 -0400] "POST /wp-cron.php?doing_wp_cron=1749519833.3338739871978759765625 HTTP/1.1" 200 0 "-" "WordPress/6.8.1; https://reversevillain.com"
217.113.194.14 - - [09/Jun/2025:21:43:49 -0400] "GET /reverse-villain-chapter-98/feed/ HTTP/1.1" 200 2342 "-" "Mozilla/5.0 (compatible; Barkrowler/0.9; +https://babbar.tech/crawler)"
162.0.232.193 - - [09/Jun/2025:21:43:58 -0400] "POST /wp-admin/admin-ajax.php?action=async_litespeed&nonce=UR9lCeu2V6mUWgUEutmZ4cCXDVRWw7Kt&litespeed_type=imgoptm HTTP/1.1" 200 0 "-" "WordPress/6.8.1; https://reversevillain.com"
154.54.249.194 - - [09/Jun/2025:21:44:12 -0400] "GET /reverse-villain-chapter-96/feed/ HTTP/1.1" 200 1538 "-" "Mozilla/5.0 (compatible; Barkrowler/0.9; +https://babbar.tech/crawler)"
162.0.232.193 - - [09/Jun/2025:21:44:41 -0400] "POST /wp-cron.php?doing_wp_cron=1749519881.5345950126647949218750 HTTP/1.1" 200 0 "-" "WordPress/6.8.1; https://reversevillain.com"
217.113.194.18 - - [09/Jun/2025:21:44:35 -0400] "GET /reverse-villain-chapter-105/feed/ HTTP/1.1" 200 1470 "-" "Mozilla/5.0 (compatible; Barkrowler/0.9; +https://babbar.tech/crawler)"
217.113.194.15 - - [09/Jun/2025:21:45:01 -0400] "GET /reverse-villain-chapter-108/feed/ HTTP/1.1" 200 1895 "-" "Mozilla/5.0 (compatible; Barkrowler/0.9; +https://babbar.tech/crawler)"
217.113.194.21 - - [09/Jun/2025:21:45:22 -0400] "GET /reverse-villain-chapter-104/feed/ HTTP/1.1" 200 1353 "-" "Mozilla/5.0 (compatible; Barkrowler/0.9; +https://babbar.tech/crawler)"
162.0.232.193 - - [09/Jun/2025:21:45:51 -0400] "POST /wp-cron.php?doing_wp_cron=1749519950.6344330310821533203125 HTTP/1.1" 200 0 "-" "WordPress/6.8.1; https://reversevillain.com"
154.54.249.194 - - [09/Jun/2025:21:45:45 -0400] "GET /reverse-villain-chapter-103/feed/ HTTP/1.1" 200 1316 "-" "Mozilla/5.0 (compatible; Barkrowler/0.9; +https://babbar.tech/crawler)"
162.0.232.193 - - [09/Jun/2025:21:45:56 -0400] "POST /wp-admin/admin-ajax.php?action=async_litespeed&nonce=lPZzX1tBODUYNtMaGgScUpxrRF1JF5Bo&litespeed_type=imgoptm HTTP/1.1" 200 0 "-" "WordPress/6.8.1; https://reversevillain.com"
217.113.194.19 - - [09/Jun/2025:21:46:10 -0400] "GET /reverse-villain-chapter-107/feed/ HTTP/1.1" 200 1057 "-" "Mozilla/5.0 (compatible; Barkrowler/0.9; +https://babbar.tech/crawler)"
162.0.232.193 - - [09/Jun/2025:21:46:38 -0400] "POST /wp-cron.php?doing_wp_cron=1749519998.0452709197998046875000 HTTP/1.1" 200 0 "-" "WordPress/6.8.1; https://reversevillain.com"
217.113.194.21 - - [09/Jun/2025:21:46:32 -0400] "GET /reverse-villain-chapter-82/feed/ HTTP/1.1" 200 1002 "-" "Mozilla/5.0 (compatible; Barkrowler/0.9; +https://babbar.tech/crawler)"
217.113.194.16 - - [09/Jun/2025:21:46:59 -0400] "GET /reverse-villain-chapter-97/feed/ HTTP/1.1" 200 1326 "-" "Mozilla/5.0 (compatible; Barkrowler/0.9; +https://babbar.tech/crawler)"
88.134.110.36 - - [09/Jun/2025:21:47:19 -0400] "GET /robots.txt HTTP/1.1" 200 125 "-" "Mozilla/5.0 (compatible; MJ12bot/v1.4.8; http://mj12bot.com/)"
217.113.194.19 - - [09/Jun/2025:21:47:23 -0400] "GET /reverse-villain-chapter-93/feed/ HTTP/1.1" 200 1521 "-" "Mozilla/5.0 (compatible; Barkrowler/0.9; +https://babbar.tech/crawler)"
88.134.110.36 - - [09/Jun/2025:21:47:24 -0400] "GET /kami-kuzu%E2%98%86idol-chapter-23/ HTTP/1.1" 301 0 "-" "Mozilla/5.0 (compatible; MJ12bot/v1.4.8; http://mj12bot.com/)"
162.0.232.193 - - [09/Jun/2025:21:47:40 -0400] "POST /wp-cron.php?doing_wp_cron=1749520059.9344859123229980468750 HTTP/1.1" 200 0 "-" "WordPress/6.8.1; https://reversevillain.com"
162.0.232.193 - - [09/Jun/2025:21:47:44 -0400] "POST /wp-admin/admin-ajax.php?action=async_litespeed&nonce=5ttsVamjLTsxmU0LmwrQp6NosU7v2rwj&litespeed_type=imgoptm HTTP/1.1" 200 0 "-" "WordPress/6.8.1; https://reversevillain.com"
154.54.249.194 - - [09/Jun/2025:21:47:42 -0400] "GET /reverse-villain-chapter-79/feed/ HTTP/1.1" 200 1426 "-" "Mozilla/5.0 (compatible; Barkrowler/0.9; +https://babbar.tech/crawler)"
88.134.110.36 - - [09/Jun/2025:21:47:35 -0400] "GET / HTTP/1.1" 200 9389 "-" "Mozilla/5.0 (compatible; MJ12bot/v1.4.8; http://mj12bot.com/)"
162.0.232.193 - - [09/Jun/2025:21:47:54 -0400] "POST /wp-cron.php?doing_wp_cron=1749520073.9353570938110351562500 HTTP/1.1" 200 0 "-" "WordPress/6.8.1; https://reversevillain.com"
88.134.110.36 - - [09/Jun/2025:21:47:51 -0400] "GET /yu%E2%98%86gi%E2%98%86oh-ocg-structures-chapter-22/ HTTP/1.1" 301 0 "-" "Mozilla/5.0 (compatible; MJ12bot/v1.4.8; http://mj12bot.com/)"
162.0.232.193 - - [09/Jun/2025:21:47:56 -0400] "POST /wp-admin/admin-ajax.php?action=async_litespeed&nonce=uu6Ii4XzVzT5ib0W3NSubAxwMpAtfsf1&litespeed_type=imgoptm HTTP/1.1" 200 0 "-" "WordPress/6.8.1; https://reversevillain.com"
217.113.194.19 - - [09/Jun/2025:21:48:01 -0400] "GET /reverse-villain-chapter-87/feed/ HTTP/1.1" 200 1323 "-" "Mozilla/5.0 (compatible; Barkrowler/0.9; +https://babbar.tech/crawler)"
88.134.110.36 - - [09/Jun/2025:21:48:00 -0400] "GET / HTTP/1.1" 200 9426 "-" "Mozilla/5.0 (compatible; MJ12bot/v1.4.8; http://mj12bot.com/)"
88.134.110.36 - - [09/Jun/2025:21:48:16 -0400] "GET /yu%E2%98%86gi%E2%98%86oh-ocg-structures-chapter-22/feed/ HTTP/1.1" 301 0 "-" "Mozilla/5.0 (compatible; MJ12bot/v1.4.8; http://mj12bot.com/)"
217.113.194.12 - - [09/Jun/2025:21:48:23 -0400] "GET /reverse-villain-chapter-94/feed/ HTTP/1.1" 200 1134 "-" "Mozilla/5.0 (compatible; Barkrowler/0.9; +https://babbar.tech/crawler)"
162.0.232.193 - - [09/Jun/2025:21:48:30 -0400] "POST /wp-cron.php?doing_wp_cron=1749520109.7350800037384033203125 HTTP/1.1" 200 0 "-" "WordPress/6.8.1; https://reversevillain.com"
88.134.110.36 - - [09/Jun/2025:21:48:25 -0400] "GET / HTTP/1.1" 200 9389 "-" "Mozilla/5.0 (compatible; MJ12bot/v1.4.8; http://mj12bot.com/)"
88.134.110.36 - - [09/Jun/2025:21:48:37 -0400] "GET /yuru-camp%E2%96%B3-chapter-76/ HTTP/1.1" 301 0 "-" "Mozilla/5.0 (compatible; MJ12bot/v1.4.8; http://mj12bot.com/)"
217.113.194.20 - - [09/Jun/2025:21:48:44 -0400] "GET /category/reverse-villain/page/4/ HTTP/1.1" 200 8994 "-" "Mozilla/5.0 (compatible; Barkrowler/0.9; +https://babbar.tech/crawler)"
88.134.110.36 - - [09/Jun/2025:21:48:48 -0400] "GET / HTTP/1.1" 200 9389 "-" "Mozilla/5.0 (compatible; MJ12bot/v1.4.8; http://mj12bot.com/)"
43.133.91.48 - - [09/Jun/2025:21:48:49 -0400] "GET /wp-json/oembed/1.0/embed?url=https%3A%2F%2Freversevillain.com%2F HTTP/1.1" 200 2430 "-" "Mozilla/5.0 (iPhone; CPU iPhone OS 13_2_3 like Mac OS X) AppleWebKit/605.1.15 (KHTML, like Gecko) Version/13.0.3 Mobile/15E148 Safari/604.1"
52.1.106.130 - - [09/Jun/2025:21:48:53 -0400] "GET /ao-ashi-chapter-340/ HTTP/1.1" 301 0 "-" "Mozilla/5.0 AppleWebKit/537.36 (KHTML, like Gecko; compatible; Amazonbot/0.1; +https://developer.amazon.com/support/amazonbot) Chrome/119.0.6045.214 Safari/537.36"
198.98.52.243 - - [09/Jun/2025:21:48:51 -0400] "GET /wp-login.php HTTP/1.1" 200 2047 "-" "Mozilla/5.0 (Windows NT 6.1; Trident/7.0; rv:11.0) like Gecko"
52.204.253.129 - - [09/Jun/2025:21:48:57 -0400] "GET /shinigami-ni-sodaterareta-shoujo-wa-shikkoku-no-ken-wo-mune-ni-idaku-chapter-42/ HTTP/1.1" 301 0 "-" "Mozilla/5.0 AppleWebKit/537.36 (KHTML, like Gecko; compatible; Amazonbot/0.1; +https://developer.amazon.com/support/amazonbot) Chrome/119.0.6045.214 Safari/537.36"
198.98.52.243 - - [09/Jun/2025:21:48:58 -0400] "POST /wp-login.php HTTP/1.1" 200 2144 "-" "Mozilla/5.0 (Windows NT 6.1; Trident/7.0; rv:11.0) like Gecko"
52.205.222.214 - - [09/Jun/2025:21:48:57 -0400] "GET / HTTP/1.1" 200 9391 "-" "Mozilla/5.0 AppleWebKit/537.36 (KHTML, like Gecko; compatible; Amazonbot/0.1; +https://developer.amazon.com/support/amazonbot) Chrome/119.0.6045.214 Safari/537.36"
98.84.70.201 - - [09/Jun/2025:21:49:01 -0400] "GET /azumi-chapter-322/ HTTP/1.1" 301 0 "-" "Mozilla/5.0 AppleWebKit/537.36 (KHTML, like Gecko; compatible; Amazonbot/0.1; +https://developer.amazon.com/support/amazonbot) Chrome/119.0.6045.214 Safari/537.36"
88.134.110.36 - - [09/Jun/2025:21:49:03 -0400] "GET /yuru-camp%E2%96%B3-chapter-76/feed/ HTTP/1.1" 301 0 "-" "Mozilla/5.0 (compatible; MJ12bot/v1.4.8; http://mj12bot.com/)"
54.147.182.90 - - [09/Jun/2025:21:49:00 -0400] "GET / HTTP/1.1" 200 9389 "-" "Mozilla/5.0 AppleWebKit/537.36 (KHTML, like Gecko; compatible; Amazonbot/0.1; +https://developer.amazon.com/support/amazonbot) Chrome/119.0.6045.214 Safari/537.36"
52.70.123.241 - - [09/Jun/2025:21:49:05 -0400] "GET /shindou-sephilia-no-gekokujou-program-chapter-31/ HTTP/1.1" 301 0 "-" "Mozilla/5.0 AppleWebKit/537.36 (KHTML, like Gecko; compatible; Amazonbot/0.1; +https://developer.amazon.com/support/amazonbot) Chrome/119.0.6045.214 Safari/537.36"
54.84.169.196 - - [09/Jun/2025:21:49:06 -0400] "GET / HTTP/1.1" 200 9389 "-" "Mozilla/5.0 AppleWebKit/537.36 (KHTML, like Gecko; compatible; Amazonbot/0.1; +https://developer.amazon.com/support/amazonbot) Chrome/119.0.6045.214 Safari/537.36"
23.23.99.55 - - [09/Jun/2025:21:49:09 -0400] "GET /akane-banashi-chapter-54/ HTTP/1.1" 301 0 "-" "Mozilla/5.0 AppleWebKit/537.36 (KHTML, like Gecko; compatible; Amazonbot/0.1; +https://developer.amazon.com/support/amazonbot) Chrome/119.0.6045.214 Safari/537.36"
34.225.24.180 - - [09/Jun/2025:21:49:13 -0400] "GET /tsuiraku-jk-to-haijin-kyoushi-chapter-101/ HTTP/1.1" 301 0 "-" "Mozilla/5.0 AppleWebKit/537.36 (KHTML, like Gecko; compatible; Amazonbot/0.1; +https://developer.amazon.com/support/amazonbot) Chrome/119.0.6045.214 Safari/537.36"
154.54.249.194 - - [09/Jun/2025:21:49:08 -0400] "GET /category/reverse-villain/page/8/ HTTP/1.1" 200 8932 "-" "Mozilla/5.0 (compatible; Barkrowler/0.9; +https://babbar.tech/crawler)"
3.227.180.70 - - [09/Jun/2025:21:49:14 -0400] "GET / HTTP/1.1" 200 9389 "-" "Mozilla/5.0 AppleWebKit/537.36 (KHTML, like Gecko; compatible; Amazonbot/0.1; +https://developer.amazon.com/support/amazonbot) Chrome/119.0.6045.214 Safari/537.36"
184.73.239.35 - - [09/Jun/2025:21:49:11 -0400] "GET / HTTP/1.1" 200 9389 "-" "Mozilla/5.0 AppleWebKit/537.36 (KHTML, like Gecko; compatible; Amazonbot/0.1; +https://developer.amazon.com/support/amazonbot) Chrome/119.0.6045.214 Safari/537.36"
184.73.35.182 - - [09/Jun/2025:21:49:17 -0400] "GET /kekkaishi-no-ichirinka-chapter-1/ HTTP/1.1" 301 0 "-" "Mozilla/5.0 AppleWebKit/537.36 (KHTML, like Gecko; compatible; Amazonbot/0.1; +https://developer.amazon.com/support/amazonbot) Chrome/119.0.6045.214 Safari/537.36"
88.134.110.36 - - [09/Jun/2025:21:49:11 -0400] "GET / HTTP/1.1" 200 9389 "-" "Mozilla/5.0 (compatible; MJ12bot/v1.4.8; http://mj12bot.com/)"
35.174.141.243 - - [09/Jun/2025:21:49:21 -0400] "GET /okiraku-ryoushu-no-tanoshii-ryouchi-bouei-chapter-21-1/ HTTP/1.1" 301 0 "-" "Mozilla/5.0 AppleWebKit/537.36 (KHTML, like Gecko; compatible; Amazonbot/0.1; +https://developer.amazon.com/support/amazonbot) Chrome/119.0.6045.214 Safari/537.36"
3.227.180.70 - - [09/Jun/2025:21:49:17 -0400] "GET / HTTP/1.1" 200 9389 "-" "Mozilla/5.0 AppleWebKit/537.36 (KHTML, like Gecko; compatible; Amazonbot/0.1; +https://developer.amazon.com/support/amazonbot) Chrome/119.0.6045.214 Safari/537.36"
162.0.232.193 - - [09/Jun/2025:21:49:30 -0400] "POST /wp-cron.php?doing_wp_cron=1749520169.8367590904235839843750 HTTP/1.1" 200 0 "-" "WordPress/6.8.1; https://reversevillain.com"
52.201.155.215 - - [09/Jun/2025:21:49:22 -0400] "GET / HTTP/1.1" 200 0 "-" "Mozilla/5.0 AppleWebKit/537.36 (KHTML, like Gecko; compatible; Amazonbot/0.1; +https://developer.amazon.com/support/amazonbot) Chrome/119.0.6045.214 Safari/537.36"
35.174.141.243 - - [09/Jun/2025:21:49:24 -0400] "GET / HTTP/1.1" 200 9389 "-" "Mozilla/5.0 AppleWebKit/537.36 (KHTML, like Gecko; compatible; Amazonbot/0.1; +https://developer.amazon.com/support/amazonbot) Chrome/119.0.6045.214 Safari/537.36"
162.0.232.193 - - [09/Jun/2025:21:49:35 -0400] "POST /wp-admin/admin-ajax.php?action=async_litespeed&nonce=TV0nDbmWFBHdr9A5OU2uDKyii74RxkLZ&litespeed_type=imgoptm HTTP/1.1" 200 0 "-" "WordPress/6.8.1; https://reversevillain.com"
217.113.194.20 - - [09/Jun/2025:21:49:33 -0400] "GET /category/reverse-villain/page/10/ HTTP/1.1" 200 8936 "-" "Mozilla/5.0 (compatible; Barkrowler/0.9; +https://babbar.tech/crawler)"
162.0.232.193 - - [09/Jun/2025:21:50:04 -0400] "POST /wp-cron.php?doing_wp_cron=1749520203.5417349338531494140625 HTTP/1.1" 200 0 "-" "WordPress/6.8.1; https://reversevillain.com"
162.0.232.193 - - [09/Jun/2025:21:50:08 -0400] "POST /wp-admin/admin-ajax.php?action=async_litespeed&nonce=zf2vVp04evk67xeJJGHcmtx1u4XtQ23o&litespeed_type=imgoptm HTTP/1.1" 200 0 "-" "WordPress/6.8.1; https://reversevillain.com"
217.113.194.18 - - [09/Jun/2025:21:49:59 -0400] "GET /category/reverse-villain/page/11/ HTTP/1.1" 200 8917 "-" "Mozilla/5.0 (compatible; Barkrowler/0.9; +https://babbar.tech/crawler)"
162.0.232.193 - - [09/Jun/2025:21:50:31 -0400] "POST /wp-cron.php?doing_wp_cron=1749520230.6364281177520751953125 HTTP/1.1" 200 0 "-" "WordPress/6.8.1; https://reversevillain.com"
217.113.194.16 - - [09/Jun/2025:21:50:26 -0400] "GET /category/reverse-villain/page/5/ HTTP/1.1" 200 8961 "-" "Mozilla/5.0 (compatible; Barkrowler/0.9; +https://babbar.tech/crawler)"
154.54.249.194 - - [09/Jun/2025:21:50:52 -0400] "GET /category/reverse-villain/page/7/ HTTP/1.1" 200 8949 "-" "Mozilla/5.0 (compatible; Barkrowler/0.9; +https://babbar.tech/crawler)"
217.113.194.13 - - [09/Jun/2025:21:51:15 -0400] "GET /category/reverse-villain/page/6/ HTTP/1.1" 200 8955 "-" "Mozilla/5.0 (compatible; Barkrowler/0.9; +https://babbar.tech/crawler)"
162.0.232.193 - - [09/Jun/2025:21:51:46 -0400] "POST /wp-cron.php?doing_wp_cron=1749520305.4372320175170898437500 HTTP/1.1" 200 0 "-" "WordPress/6.8.1; https://reversevillain.com"
154.54.249.194 - - [09/Jun/2025:21:51:36 -0400] "GET /category/reverse-villain/page/9/ HTTP/1.1" 200 8953 "-" "Mozilla/5.0 (compatible; Barkrowler/0.9; +https://babbar.tech/crawler)"
162.0.232.193 - - [09/Jun/2025:21:51:51 -0400] "POST /wp-admin/admin-ajax.php?action=async_litespeed&nonce=0PpyU7l2lTNNGMLxPpKHJIOQrP2ty7M2&litespeed_type=imgoptm HTTP/1.1" 200 0 "-" "WordPress/6.8.1; https://reversevillain.com"
217.113.194.14 - - [09/Jun/2025:21:52:06 -0400] "GET /category/reverse-villain/page/3/ HTTP/1.1" 200 8944 "-" "Mozilla/5.0 (compatible; Barkrowler/0.9; +https://babbar.tech/crawler)"
162.0.232.193 - - [09/Jun/2025:21:52:34 -0400] "POST /wp-cron.php?doing_wp_cron=1749520354.4341399669647216796875 HTTP/1.1" 200 0 "-" "WordPress/6.8.1; https://reversevillain.com"
217.113.194.20 - - [09/Jun/2025:21:52:30 -0400] "GET /category/read-reverse-villain/page/11/ HTTP/1.1" 200 8914 "-" "Mozilla/5.0 (compatible; Barkrowler/0.9; +https://babbar.tech/crawler)"
217.113.194.18 - - [09/Jun/2025:21:52:56 -0400] "GET /category/read-reverse-villain/page/5/ HTTP/1.1" 200 8985 "-" "Mozilla/5.0 (compatible; Barkrowler/0.9; +https://babbar.tech/crawler)"
47.79.1.97 - - [09/Jun/2025:21:53:04 -0400] "GET /wp-load.php HTTP/1.1" 200 0 "https://reversevillain.com/wp-load.php" "Mozilla/5.0 (Windows NT 10.0; Win64; x64) AppleWebKit/537.36 (KHTML, like Gecko) Chrome/114.0.0.0 Safari/537.36 Edg/114.0.1823.43"
154.54.249.194 - - [09/Jun/2025:21:53:20 -0400] "GET /category/read-reverse-villain/page/7/ HTTP/1.1" 200 8978 "-" "Mozilla/5.0 (compatible; Barkrowler/0.9; +https://babbar.tech/crawler)"
162.0.232.193 - - [09/Jun/2025:21:53:47 -0400] "POST /wp-cron.php?doing_wp_cron=1749520426.1420049667358398437500 HTTP/1.1" 200 0 "-" "WordPress/6.8.1; https://reversevillain.com"
217.113.194.12 - - [09/Jun/2025:21:53:40 -0400] "GET /category/read-reverse-villain/page/8/ HTTP/1.1" 200 8971 "-" "Mozilla/5.0 (compatible; Barkrowler/0.9; +https://babbar.tech/crawler)"
47.82.61.89 - - [09/Jun/2025:21:53:57 -0400] "GET /wp-comments-post.php HTTP/1.1" 405 0 "https://reversevillain.com/wp-comments-post.php" "Mozilla/5.0 (Windows NT 10.0; Win64; x64) AppleWebKit/537.36 (KHTML, like Gecko) Chrome/114.0.0.0 Safari/537.36 Edg/114.0.1823.43"
162.0.232.193 - - [09/Jun/2025:21:53:57 -0400] "POST /wp-admin/admin-ajax.php?action=async_litespeed&nonce=nNqVX8QEw8mupE61U58L9YrdXVRzO8dc&litespeed_type=imgoptm HTTP/1.1" 200 0 "-" "WordPress/6.8.1; https://reversevillain.com"
47.79.121.70 - - [09/Jun/2025:21:53:58 -0400] "GET /wp-content HTTP/1.1" 301 795 "https://reversevillain.com/wp-content" "Mozilla/5.0 (Windows NT 10.0; Win64; x64) AppleWebKit/537.36 (KHTML, like Gecko) Chrome/114.0.0.0 Safari/537.36 Edg/114.0.1823.43"
47.79.121.70 - - [09/Jun/2025:21:53:58 -0400] "GET /wp-content/ HTTP/1.1" 200 0 "https://reversevillain.com/wp-content" "Mozilla/5.0 (Windows NT 10.0; Win64; x64) AppleWebKit/537.36 (KHTML, like Gecko) Chrome/114.0.0.0 Safari/537.36 Edg/114.0.1823.43"
47.82.60.54 - - [09/Jun/2025:21:54:02 -0400] "GET /wp-settings.php HTTP/1.1" 500 0 "https://reversevillain.com/wp-settings.php" "Mozilla/5.0 (Windows NT 10.0; Win64; x64) AppleWebKit/537.36 (KHTML, like Gecko) Chrome/114.0.0.0 Safari/537.36 Edg/114.0.1823.43"
217.113.194.21 - - [09/Jun/2025:21:54:08 -0400] "GET /category/read-reverse-villain/page/4/ HTTP/1.1" 200 9022 "-" "Mozilla/5.0 (compatible; Barkrowler/0.9; +https://babbar.tech/crawler)"
47.82.60.31 - - [09/Jun/2025:21:54:18 -0400] "GET /2.php HTTP/1.1" 301 0 "https://reversevillain.com/2.php" "Mozilla/5.0 (Windows NT 10.0; Win64; x64) AppleWebKit/537.36 (KHTML, like Gecko) Chrome/114.0.0.0 Safari/537.36 Edg/114.0.1823.43"
47.79.5.178 - - [09/Jun/2025:21:54:24 -0400] "GET /error_log HTTP/1.1" 403 1242 "https://reversevillain.com/error_log" "Mozilla/5.0 (Windows NT 10.0; Win64; x64) AppleWebKit/537.36 (KHTML, like Gecko) Chrome/114.0.0.0 Safari/537.36 Edg/114.0.1823.43"
47.82.60.31 - - [09/Jun/2025:21:54:22 -0400] "GET / HTTP/1.1" 200 9396 "https://reversevillain.com/2.php" "Mozilla/5.0 (Windows NT 10.0; Win64; x64) AppleWebKit/537.36 (KHTML, like Gecko) Chrome/114.0.0.0 Safari/537.36 Edg/114.0.1823.43"
162.0.232.193 - - [09/Jun/2025:21:54:33 -0400] "POST /wp-cron.php?doing_wp_cron=1749520473.0441401004791259765625 HTTP/1.1" 200 0 "-" "WordPress/6.8.1; https://reversevillain.com"
217.113.194.19 - - [09/Jun/2025:21:54:29 -0400] "GET /category/read-reverse-villain/page/9/ HTTP/1.1" 200 8982 "-" "Mozilla/5.0 (compatible; Barkrowler/0.9; +https://babbar.tech/crawler)"
47.82.60.163 - - [09/Jun/2025:21:54:41 -0400] "GET /wp-links-opml.php HTTP/1.1" 200 166 "https://reversevillain.com/wp-links-opml.php" "Mozilla/5.0 (Windows NT 10.0; Win64; x64) AppleWebKit/537.36 (KHTML, like Gecko) Chrome/114.0.0.0 Safari/537.36 Edg/114.0.1823.43"
217.113.194.18 - - [09/Jun/2025:21:54:53 -0400] "GET /category/read-reverse-villain/page/6/ HTTP/1.1" 200 8977 "-" "Mozilla/5.0 (compatible; Barkrowler/0.9; +https://babbar.tech/crawler)"
217.113.194.13 - - [09/Jun/2025:21:55:17 -0400] "GET /category/read-reverse-villain/page/10/ HTTP/1.1" 200 8945 "-" "Mozilla/5.0 (compatible; Barkrowler/0.9; +https://babbar.tech/crawler)"
2001:41d0:303:8697::1 - - [09/Jun/2025:21:55:29 -0400] "GET /kimi-wa-008-chapter-226/ HTTP/1.1" 301 0 "-" "Mozilla/5.0 (compatible; MJ12bot/v1.4.8; http://mj12bot.com/)"
47.82.61.82 - - [09/Jun/2025:21:55:36 -0400] "GET /wp-mail.php HTTP/1.1" 500 946 "https://reversevillain.com/wp-mail.php" "Mozilla/5.0 (Windows NT 10.0; Win64; x64) AppleWebKit/537.36 (KHTML, like Gecko) Chrome/114.0.0.0 Safari/537.36 Edg/114.0.1823.43"
47.82.60.216 - - [09/Jun/2025:21:55:43 -0400] "GET /wp-trackback.php HTTP/1.1" 301 0 "https://reversevillain.com/wp-trackback.php" "Mozilla/5.0 (Windows NT 10.0; Win64; x64) AppleWebKit/537.36 (KHTML, like Gecko) Chrome/114.0.0.0 Safari/537.36 Edg/114.0.1823.43"
217.113.194.17 - - [09/Jun/2025:21:55:43 -0400] "GET /category/read-reverse-villain/page/3/ HTTP/1.1" 200 8969 "-" "Mozilla/5.0 (compatible; Barkrowler/0.9; +https://babbar.tech/crawler)"
47.82.60.1 - - [09/Jun/2025:21:55:53 -0400] "GET /readme.html HTTP/1.1" 200 2662 "https://reversevillain.com/readme.html" "Mozilla/5.0 (Windows NT 10.0; Win64; x64) AppleWebKit/537.36 (KHTML, like Gecko) Chrome/114.0.0.0 Safari/537.36 Edg/114.0.1823.43"
2001:41d0:303:8697::1 - - [09/Jun/2025:21:55:47 -0400] "GET / HTTP/1.1" 200 9391 "-" "Mozilla/5.0 (compatible; MJ12bot/v1.4.8; http://mj12bot.com/)"
47.82.60.216 - - [09/Jun/2025:21:55:46 -0400] "GET / HTTP/1.1" 200 9390 "https://reversevillain.com/wp-trackback.php" "Mozilla/5.0 (Windows NT 10.0; Win64; x64) AppleWebKit/537.36 (KHTML, like Gecko) Chrome/114.0.0.0 Safari/537.36 Edg/114.0.1823.43"
162.0.232.193 - - [09/Jun/2025:21:56:03 -0400] "POST /wp-cron.php?doing_wp_cron=1749520562.5327498912811279296875 HTTP/1.1" 200 0 "-" "WordPress/6.8.1; https://reversevillain.com"
47.82.60.181 - - [09/Jun/2025:21:55:58 -0400] "GET /wp-activate.php HTTP/1.1" 302 0 "https://reversevillain.com/wp-activate.php" "Mozilla/5.0 (Windows NT 10.0; Win64; x64) AppleWebKit/537.36 (KHTML, like Gecko) Chrome/114.0.0.0 Safari/537.36 Edg/114.0.1823.43"
47.82.60.181 - - [09/Jun/2025:21:56:03 -0400] "GET /wp-login.php?action=register HTTP/1.1" 302 0 "https://reversevillain.com/wp-activate.php" "Mozilla/5.0 (Windows NT 10.0; Win64; x64) AppleWebKit/537.36 (KHTML, like Gecko) Chrome/114.0.0.0 Safari/537.36 Edg/114.0.1823.43"
2001:41d0:303:8697::1 - - [09/Jun/2025:21:56:02 -0400] "GET /kimi-wa-008-chapter-228/ HTTP/1.1" 301 0 "-" "Mozilla/5.0 (compatible; MJ12bot/v1.4.8; http://mj12bot.com/)"
217.113.194.18 - - [09/Jun/2025:21:56:06 -0400] "GET /reverse-villain-chapter-109/feed/ HTTP/1.1" 200 1202 "-" "Mozilla/5.0 (compatible; Barkrowler/0.9; +https://babbar.tech/crawler)"
139.59.58.126 - - [09/Jun/2025:21:56:10 -0400] "POST /wp-login.php HTTP/1.1" 200 2131 "-" "Mozilla/5.0"
2001:41d0:303:8697::1 - - [09/Jun/2025:21:56:15 -0400] "GET / HTTP/1.1" 200 9389 "-" "Mozilla/5.0 (compatible; MJ12bot/v1.4.8; http://mj12bot.com/)"
217.113.194.20 - - [09/Jun/2025:21:56:28 -0400] "GET /manga/truth-mask-chapter-98/feed/ HTTP/1.1" 200 424 "-" "Mozilla/5.0 (compatible; Barkrowler/0.9; +https://babbar.tech/crawler)"
162.0.232.193 - - [09/Jun/2025:21:56:37 -0400] "POST /wp-cron.php?doing_wp_cron=1749520596.6344099044799804687500 HTTP/1.1" 200 0 "-" "WordPress/6.8.1; https://reversevillain.com"
2001:41d0:303:8697::1 - - [09/Jun/2025:21:56:32 -0400] "GET /kimi-wa-008-chapter-228/feed/ HTTP/1.1" 301 0 "-" "Mozilla/5.0 (compatible; MJ12bot/v1.4.8; http://mj12bot.com/)"
162.0.232.193 - - [09/Jun/2025:21:56:43 -0400] "POST /wp-admin/admin-ajax.php?action=async_litespeed&nonce=OxNUdDIwHj8a3Smt5Jn7ye44rRwgZbbA&litespeed_type=imgoptm HTTP/1.1" 200 0 "-" "WordPress/6.8.1; https://reversevillain.com"
154.54.249.194 - - [09/Jun/2025:21:56:48 -0400] "GET /manga/contender-chapter-47/feed/ HTTP/1.1" 200 421 "-" "Mozilla/5.0 (compatible; Barkrowler/0.9; +https://babbar.tech/crawler)"
2001:41d0:303:8697::1 - - [09/Jun/2025:21:56:51 -0400] "GET / HTTP/1.1" 200 9391 "-" "Mozilla/5.0 (compatible; MJ12bot/v1.4.8; http://mj12bot.com/)"
43.157.147.3 - - [09/Jun/2025:21:57:07 -0400] "GET /wp-content/uploads/2024/02/Reverse_Villain-224x300.webp HTTP/1.1" 200 20730 "-" "Mozilla/5.0 (iPhone; CPU iPhone OS 13_2_3 like Mac OS X) AppleWebKit/605.1.15 (KHTML, like Gecko) Version/13.0.3 Mobile/15E148 Safari/604.1"
2001:41d0:303:8697::1 - - [09/Jun/2025:21:57:08 -0400] "GET /kimi-wa-008-chapter-229/ HTTP/1.1" 301 0 "-" "Mozilla/5.0 (compatible; MJ12bot/v1.4.8; http://mj12bot.com/)"
217.113.194.20 - - [09/Jun/2025:21:57:10 -0400] "GET /manga/tit-for-tat-chapter-76/ HTTP/1.1" 200 9331 "-" "Mozilla/5.0 (compatible; Barkrowler/0.9; +https://babbar.tech/crawler)"
47.82.61.29 - - [09/Jun/2025:21:57:12 -0400] "GET /wp-blog-header.php HTTP/1.1" 301 0 "https://reversevillain.com/wp-blog-header.php" "Mozilla/5.0 (Windows NT 10.0; Win64; x64) AppleWebKit/537.36 (KHTML, like Gecko) Chrome/114.0.0.0 Safari/537.36 Edg/114.0.1823.43"
2001:41d0:303:8697::1 - - [09/Jun/2025:21:57:20 -0400] "GET / HTTP/1.1" 200 9389 "-" "Mozilla/5.0 (compatible; MJ12bot/v1.4.8; http://mj12bot.com/)"
47.82.61.29 - - [09/Jun/2025:21:57:17 -0400] "GET / HTTP/1.1" 200 9388 "https://reversevillain.com/wp-blog-header.php" "Mozilla/5.0 (Windows NT 10.0; Win64; x64) AppleWebKit/537.36 (KHTML, like Gecko) Chrome/114.0.0.0 Safari/537.36 Edg/114.0.1823.43"
217.113.194.13 - - [09/Jun/2025:21:57:32 -0400] "GET /category/reverse-villain-manhwa/ HTTP/1.1" 200 8882 "-" "Mozilla/5.0 (compatible; Barkrowler/0.9; +https://babbar.tech/crawler)"
162.0.232.193 - - [09/Jun/2025:21:57:42 -0400] "POST /wp-cron.php?doing_wp_cron=1749520662.0340859889984130859375 HTTP/1.1" 200 0 "-" "WordPress/6.8.1; https://reversevillain.com"
2001:41d0:303:8697::1 - - [09/Jun/2025:21:57:39 -0400] "GET /kimi-wa-008-chapter-229/feed/ HTTP/1.1" 301 0 "-" "Mozilla/5.0 (compatible; MJ12bot/v1.4.8; http://mj12bot.com/)"
217.113.194.15 - - [09/Jun/2025:21:57:53 -0400] "GET /category/reverse-villain-manga/page/3/ HTTP/1.1" 200 8964 "-" "Mozilla/5.0 (compatible; Barkrowler/0.9; +https://babbar.tech/crawler)"
162.0.232.193 - - [09/Jun/2025:21:58:06 -0400] "POST /wp-admin/admin-ajax.php?action=async_litespeed&nonce=G3E8kVpI6CNBshum0WGu4E48eYVF9s8r&litespeed_type=imgoptm HTTP/1.1" 200 0 "-" "WordPress/6.8.1; https://reversevillain.com"
2001:41d0:303:8697::1 - - [09/Jun/2025:21:57:59 -0400] "GET / HTTP/1.1" 200 9389 "-" "Mozilla/5.0 (compatible; MJ12bot/v1.4.8; http://mj12bot.com/)"
217.113.194.15 - - [09/Jun/2025:21:58:16 -0400] "GET /category/reverse-villain-manga/feed/ HTTP/1.1" 200 1282 "-" "Mozilla/5.0 (compatible; Barkrowler/0.9; +https://babbar.tech/crawler)"
2001:41d0:303:8697::1 - - [09/Jun/2025:21:58:23 -0400] "GET /kimi-wa-008-chapter-87/ HTTP/1.1" 301 0 "-" "Mozilla/5.0 (compatible; MJ12bot/v1.4.8; http://mj12bot.com/)"
162.0.232.193 - - [09/Jun/2025:21:58:40 -0400] "POST /wp-cron.php?doing_wp_cron=1749520719.3329041004180908203125 HTTP/1.1" 200 0 "-" "WordPress/6.8.1; https://reversevillain.com"
2001:41d0:303:8697::1 - - [09/Jun/2025:21:58:34 -0400] "GET / HTTP/1.1" 200 9389 "-" "Mozilla/5.0 (compatible; MJ12bot/v1.4.8; http://mj12bot.com/)"
217.113.194.20 - - [09/Jun/2025:21:58:39 -0400] "GET /reverse-villain-chapter-78-season-3/feed/ HTTP/1.1" 200 1330 "-" "Mozilla/5.0 (compatible; Barkrowler/0.9; +https://babbar.tech/crawler)"
2001:41d0:303:8697::1 - - [09/Jun/2025:21:58:52 -0400] "GET /kimi-wa-008-chapter-87/feed/ HTTP/1.1" 301 0 "-" "Mozilla/5.0 (compatible; MJ12bot/v1.4.8; http://mj12bot.com/)"
217.113.194.15 - - [09/Jun/2025:21:59:02 -0400] "GET /manga/transmigration-game-chapter-69/ HTTP/1.1" 200 9480 "-" "Mozilla/5.0 (compatible; Barkrowler/0.9; +https://babbar.tech/crawler)"
2001:41d0:303:8697::1 - - [09/Jun/2025:21:59:15 -0400] "GET / HTTP/1.1" 200 9389 "-" "Mozilla/5.0 (compatible; MJ12bot/v1.4.8; http://mj12bot.com/)"
217.113.194.13 - - [09/Jun/2025:21:59:23 -0400] "GET /category/reverse-villain-manhwa/feed/ HTTP/1.1" 200 1290 "-" "Mozilla/5.0 (compatible; Barkrowler/0.9; +https://babbar.tech/crawler)"
47.79.3.237 - - [09/Jun/2025:21:59:34 -0400] "GET /wp-includes HTTP/1.1" 301 795 "https://reversevillain.com/wp-includes" "Mozilla/5.0 (Windows NT 10.0; Win64; x64) AppleWebKit/537.36 (KHTML, like Gecko) Chrome/114.0.0.0 Safari/537.36 Edg/114.0.1823.43"
2001:41d0:303:8697::1 - - [09/Jun/2025:21:59:31 -0400] "GET /kimi-wa-yakamashi-tojite-yo-kuchi-wo-chapter-38/ HTTP/1.1" 301 0 "-" "Mozilla/5.0 (compatible; MJ12bot/v1.4.8; http://mj12bot.com/)"
47.79.3.237 - - [09/Jun/2025:21:59:34 -0400] "GET /wp-includes/ HTTP/1.1" 200 9316 "https://reversevillain.com/wp-includes" "Mozilla/5.0 (Windows NT 10.0; Win64; x64) AppleWebKit/537.36 (KHTML, like Gecko) Chrome/114.0.0.0 Safari/537.36 Edg/114.0.1823.43"
162.0.232.193 - - [09/Jun/2025:21:59:50 -0400] "POST /wp-cron.php?doing_wp_cron=1749520788.9399659633636474609375 HTTP/1.1" 200 0 "-" "WordPress/6.8.1; https://reversevillain.com"
162.0.232.193 - - [09/Jun/2025:21:59:53 -0400] "POST /wp-cron.php?doing_wp_cron=1749520792.5470359325408935546875 HTTP/1.1" 200 0 "-" "WordPress/6.8.1; https://reversevillain.com"
217.113.194.12 - - [09/Jun/2025:21:59:45 -0400] "GET /category/reverse-villain-manga/page/10/ HTTP/1.1" 200 8938 "-" "Mozilla/5.0 (compatible; Barkrowler/0.9; +https://babbar.tech/crawler)"
162.0.232.193 - - [09/Jun/2025:21:59:56 -0400] "POST /wp-admin/admin-ajax.php?action=async_litespeed&nonce=PM8bmhcTP545ixHu8wRWVkvZsGIaUJZr&litespeed_type=imgoptm HTTP/1.1" 200 0 "-" "WordPress/6.8.1; https://reversevillain.com"
2001:41d0:303:8697::1 - - [09/Jun/2025:21:59:47 -0400] "GET / HTTP/1.1" 200 9391 "-" "Mozilla/5.0 (compatible; MJ12bot/v1.4.8; http://mj12bot.com/)"
2001:41d0:303:8697::1 - - [09/Jun/2025:22:00:05 -0400] "GET /kimi-wa-yakamashi-tojite-yo-kuchi-wo-chapter-38/feed/ HTTP/1.1" 301 0 "-" "Mozilla/5.0 (compatible; MJ12bot/v1.4.8; http://mj12bot.com/)"
217.113.194.18 - - [09/Jun/2025:22:00:10 -0400] "GET /manga/transmigration-game-chapter-69/feed/ HTTP/1.1" 200 427 "-" "Mozilla/5.0 (compatible; Barkrowler/0.9; +https://babbar.tech/crawler)"
162.0.232.193 - - [09/Jun/2025:22:00:31 -0400] "POST /wp-cron.php?doing_wp_cron=1749520830.3405799865722656250000 HTTP/1.1" 200 0 "-" "WordPress/6.8.1; https://reversevillain.com"
51.68.111.199 - - [09/Jun/2025:22:00:34 -0400] "GET /robots.txt HTTP/1.1" 304 0 "-" "Mozilla/5.0 (compatible; MJ12bot/v2.0.2; http://mj12bot.com/)"
2001:41d0:303:8697::1 - - [09/Jun/2025:22:00:23 -0400] "GET / HTTP/1.1" 200 9389 "-" "Mozilla/5.0 (compatible; MJ12bot/v1.4.8; http://mj12bot.com/)"
47.82.60.157 - - [09/Jun/2025:22:00:36 -0400] "GET /wp-admin HTTP/1.1" 301 795 "https://reversevillain.com/wp-admin" "Mozilla/5.0 (Windows NT 10.0; Win64; x64) AppleWebKit/537.36 (KHTML, like Gecko) Chrome/114.0.0.0 Safari/537.36 Edg/114.0.1823.43"
217.113.194.14 - - [09/Jun/2025:22:00:30 -0400] "GET /manga/tit-for-tat-chapter-75/feed/ HTTP/1.1" 200 430 "-" "Mozilla/5.0 (compatible; Barkrowler/0.9; +https://babbar.tech/crawler)"
51.68.111.199 - - [09/Jun/2025:22:00:35 -0400] "GET / HTTP/1.1" 200 9389 "-" "Mozilla/5.0 (compatible; MJ12bot/v2.0.2; http://mj12bot.com/)"
2001:41d0:303:8697::1 - - [09/Jun/2025:22:00:43 -0400] "GET /king-of-the-east-chapter-100/ HTTP/1.1" 301 0 "-" "Mozilla/5.0 (compatible; MJ12bot/v1.4.8; http://mj12bot.com/)"
47.82.60.157 - - [09/Jun/2025:22:00:36 -0400] "GET /wp-admin/ HTTP/1.1" 302 0 "https://reversevillain.com/wp-admin" "Mozilla/5.0 (Windows NT 10.0; Win64; x64) AppleWebKit/537.36 (KHTML, like Gecko) Chrome/114.0.0.0 Safari/537.36 Edg/114.0.1823.43"
217.113.194.21 - - [09/Jun/2025:22:00:52 -0400] "GET /manga/tit-for-tat-chapter-74/feed/ HTTP/1.1" 200 429 "-" "Mozilla/5.0 (compatible; Barkrowler/0.9; +https://babbar.tech/crawler)"
47.79.4.196 - - [09/Jun/2025:22:00:58 -0400] "GET /K9xCYTKFls_ipyzzWpvjI HTTP/1.1" 301 0 "https://reversevillain.com/K9xCYTKFls_ipyzzWpvjI" "Mozilla/5.0 (Windows NT 10.0; Win64; x64) AppleWebKit/537.36 (KHTML, like Gecko) Chrome/114.0.0.0 Safari/537.36 Edg/114.0.1823.43"
2001:41d0:303:8697::1 - - [09/Jun/2025:22:00:57 -0400] "GET / HTTP/1.1" 200 9389 "-" "Mozilla/5.0 (compatible; MJ12bot/v1.4.8; http://mj12bot.com/)"
47.79.4.196 - - [09/Jun/2025:22:01:03 -0400] "GET / HTTP/1.1" 200 9408 "https://reversevillain.com/K9xCYTKFls_ipyzzWpvjI" "Mozilla/5.0 (Windows NT 10.0; Win64; x64) AppleWebKit/537.36 (KHTML, like Gecko) Chrome/114.0.0.0 Safari/537.36 Edg/114.0.1823.43"
217.113.194.20 - - [09/Jun/2025:22:01:12 -0400] "GET /manga/tit-for-tat-chapter-68/feed/ HTTP/1.1" 200 427 "-" "Mozilla/5.0 (compatible; Barkrowler/0.9; +https://babbar.tech/crawler)"
66.249.66.44 - - [09/Jun/2025:22:01:18 -0400] "GET /wp-content/uploads/2024/02/cropped-artworks-GR9wiYSqAwJo0Fa7-x7keIQ-t500x500-192x192.jpg HTTP/1.1" 200 7266 "-" "Googlebot-Image/1.0"
2001:41d0:303:8697::1 - - [09/Jun/2025:22:01:16 -0400] "GET /king-of-the-east-chapter-100/feed/ HTTP/1.1" 301 0 "-" "Mozilla/5.0 (compatible; MJ12bot/v1.4.8; http://mj12bot.com/)"
47.82.60.61 - - [09/Jun/2025:22:01:21 -0400] "GET /wp-cron.php HTTP/1.1" 200 0 "https://reversevillain.com/wp-cron.php" "Mozilla/5.0 (Windows NT 10.0; Win64; x64) AppleWebKit/537.36 (KHTML, like Gecko) Chrome/114.0.0.0 Safari/537.36 Edg/114.0.1823.43"
47.82.60.242 - - [09/Jun/2025:22:01:32 -0400] "GET /license.txt HTTP/1.1" 200 6865 "https://reversevillain.com/license.txt" "Mozilla/5.0 (Windows NT 10.0; Win64; x64) AppleWebKit/537.36 (KHTML, like Gecko) Chrome/114.0.0.0 Safari/537.36 Edg/114.0.1823.43"
162.0.232.193 - - [09/Jun/2025:22:01:35 -0400] "POST /wp-cron.php?doing_wp_cron=1749520894.6529788970947265625000 HTTP/1.1" 200 0 "-" "WordPress/6.8.1; https://reversevillain.com"
217.113.194.18 - - [09/Jun/2025:22:01:30 -0400] "GET /manga/tit-for-tat-chapter-72/feed/ HTTP/1.1" 200 428 "-" "Mozilla/5.0 (compatible; Barkrowler/0.9; +https://babbar.tech/crawler)"
47.82.60.250 - - [09/Jun/2025:22:01:37 -0400] "GET /wp-config-sample.php HTTP/1.1" 500 905 "https://reversevillain.com/wp-config-sample.php" "Mozilla/5.0 (Windows NT 10.0; Win64; x64) AppleWebKit/537.36 (KHTML, like Gecko) Chrome/114.0.0.0 Safari/537.36 Edg/114.0.1823.43"
2001:41d0:303:8697::1 - - [09/Jun/2025:22:01:33 -0400] "GET / HTTP/1.1" 200 9390 "-" "Mozilla/5.0 (compatible; MJ12bot/v1.4.8; http://mj12bot.com/)"
2001:41d0:303:8697::1 - - [09/Jun/2025:22:01:51 -0400] "GET /king-of-the-east-chapter-77/feed/ HTTP/1.1" 301 0 "-" "Mozilla/5.0 (compatible; MJ12bot/v1.4.8; http://mj12bot.com/)"
217.113.194.14 - - [09/Jun/2025:22:01:52 -0400] "GET /manga/tit-for-tat-chapter-76/feed/ HTTP/1.1" 200 430 "-" "Mozilla/5.0 (compatible; Barkrowler/0.9; +https://babbar.tech/crawler)"
47.79.123.171 - - [09/Jun/2025:22:01:52 -0400] "GET /wp-signup.php HTTP/1.1" 301 0 "https://reversevillain.com/wp-signup.php" "Mozilla/5.0 (Windows NT 10.0; Win64; x64) AppleWebKit/537.36 (KHTML, like Gecko) Chrome/114.0.0.0 Safari/537.36 Edg/114.0.1823.43"
47.79.123.171 - - [09/Jun/2025:22:01:57 -0400] "GET / HTTP/1.1" 200 9385 "https://reversevillain.com/wp-signup.php" "Mozilla/5.0 (Windows NT 10.0; Win64; x64) AppleWebKit/537.36 (KHTML, like Gecko) Chrome/114.0.0.0 Safari/537.36 Edg/114.0.1823.43"
2001:41d0:303:8697::1 - - [09/Jun/2025:22:02:06 -0400] "GET / HTTP/1.1" 200 9388 "-" "Mozilla/5.0 (compatible; MJ12bot/v1.4.8; http://mj12bot.com/)"
217.113.194.14 - - [09/Jun/2025:22:02:12 -0400] "GET /manga/tit-for-tat-chapter-71/feed/ HTTP/1.1" 200 428 "-" "Mozilla/5.0 (compatible; Barkrowler/0.9; +https://babbar.tech/crawler)"
2001:41d0:303:8697::1 - - [09/Jun/2025:22:02:22 -0400] "GET /king-of-the-mound-chapter-59/feed/ HTTP/1.1" 301 0 "-" "Mozilla/5.0 (compatible; MJ12bot/v1.4.8; http://mj12bot.com/)"
47.82.60.81 - - [09/Jun/2025:22:02:23 -0400] "GET /admin.php HTTP/1.1" 301 0 "https://reversevillain.com/admin.php" "Mozilla/5.0 (Windows NT 10.0; Win64; x64) AppleWebKit/537.36 (KHTML, like Gecko) Chrome/114.0.0.0 Safari/537.36 Edg/114.0.1823.43"
47.82.60.81 - - [09/Jun/2025:22:02:27 -0400] "GET / HTTP/1.1" 200 9397 "https://reversevillain.com/admin.php" "Mozilla/5.0 (Windows NT 10.0; Win64; x64) AppleWebKit/537.36 (KHTML, like Gecko) Chrome/114.0.0.0 Safari/537.36 Edg/114.0.1823.43"
162.0.232.193 - - [09/Jun/2025:22:02:39 -0400] "POST /wp-cron.php?doing_wp_cron=1749520959.1394009590148925781250 HTTP/1.1" 200 0 "-" "WordPress/6.8.1; https://reversevillain.com"
217.113.194.15 - - [09/Jun/2025:22:02:34 -0400] "GET /manga/tit-for-tat-chapter-73/feed/ HTTP/1.1" 200 428 "-" "Mozilla/5.0 (compatible; Barkrowler/0.9; +https://babbar.tech/crawler)"
162.0.232.193 - - [09/Jun/2025:22:02:43 -0400] "POST /wp-admin/admin-ajax.php?action=async_litespeed&nonce=eGbylrEtOIqK6m77xn283gssOpLoT0XW&litespeed_type=imgoptm HTTP/1.1" 200 0 "-" "WordPress/6.8.1; https://reversevillain.com"
2001:41d0:303:8697::1 - - [09/Jun/2025:22:02:41 -0400] "GET / HTTP/1.1" 200 9389 "-" "Mozilla/5.0 (compatible; MJ12bot/v1.4.8; http://mj12bot.com/)"
47.79.7.143 - - [09/Jun/2025:22:02:50 -0400] "GET /userfuns.php HTTP/1.1" 200 12 "https://reversevillain.com/userfuns.php" "Mozilla/5.0 (Windows NT 10.0; Win64; x64) AppleWebKit/537.36 (KHTML, like Gecko) Chrome/114.0.0.0 Safari/537.36 Edg/114.0.1823.43"
217.113.194.20 - - [09/Jun/2025:22:02:55 -0400] "GET /manga/tit-for-tat-chapter-54/feed/ HTTP/1.1" 200 427 "-" "Mozilla/5.0 (compatible; Barkrowler/0.9; +https://babbar.tech/crawler)"
2001:41d0:303:8697::1 - - [09/Jun/2025:22:03:02 -0400] "GET /kingdom-chapter-786/ HTTP/1.1" 301 0 "-" "Mozilla/5.0 (compatible; MJ12bot/v1.4.8; http://mj12bot.com/)"
217.113.194.19 - - [09/Jun/2025:22:03:15 -0400] "GET /category/reverse-villain-manga/page/9/ HTTP/1.1" 200 8981 "-" "Mozilla/5.0 (compatible; Barkrowler/0.9; +https://babbar.tech/crawler)"
2001:41d0:303:8697::1 - - [09/Jun/2025:22:03:22 -0400] "GET / HTTP/1.1" 200 9391 "-" "Mozilla/5.0 (compatible; MJ12bot/v1.4.8; http://mj12bot.com/)"
162.0.232.193 - - [09/Jun/2025:22:03:45 -0400] "POST /wp-cron.php?doing_wp_cron=1749521024.2382400035858154296875 HTTP/1.1" 200 0 "-" "WordPress/6.8.1; https://reversevillain.com"
2001:41d0:303:8697::1 - - [09/Jun/2025:22:03:43 -0400] "GET /kita-no-toride-nite-chapter-27/ HTTP/1.1" 301 0 "-" "Mozilla/5.0 (compatible; MJ12bot/v1.4.8; http://mj12bot.com/)"
217.113.194.19 - - [09/Jun/2025:22:03:39 -0400] "GET /category/reverse-villain-manga/page/8/ HTTP/1.1" 200 8973 "-" "Mozilla/5.0 (compatible; Barkrowler/0.9; +https://babbar.tech/crawler)"
162.0.232.193 - - [09/Jun/2025:22:03:50 -0400] "POST /wp-admin/admin-ajax.php?action=async_litespeed&nonce=rogaC7XsjOgmjuBIKAjKEwk4mghTg53f&litespeed_type=imgoptm HTTP/1.1" 200 0 "-" "WordPress/6.8.1; https://reversevillain.com"
47.79.5.126 - - [09/Jun/2025:22:03:57 -0400] "GET /cgi-bin HTTP/1.1" 301 795 "https://reversevillain.com/cgi-bin" "Mozilla/5.0 (Windows NT 10.0; Win64; x64) AppleWebKit/537.36 (KHTML, like Gecko) Chrome/114.0.0.0 Safari/537.36 Edg/114.0.1823.43"
47.79.5.126 - - [09/Jun/2025:22:03:58 -0400] "GET /cgi-bin/ HTTP/1.1" 403 1242 "https://reversevillain.com/cgi-bin" "Mozilla/5.0 (Windows NT 10.0; Win64; x64) AppleWebKit/537.36 (KHTML, like Gecko) Chrome/114.0.0.0 Safari/537.36 Edg/114.0.1823.43"
162.0.232.193 - - [09/Jun/2025:22:04:05 -0400] "POST /wp-cron.php?doing_wp_cron=1749521045.4395990371704101562500 HTTP/1.1" 200 0 "-" "WordPress/6.8.1; https://reversevillain.com"
162.0.232.193 - - [09/Jun/2025:22:04:08 -0400] "POST /wp-admin/admin-ajax.php?action=async_litespeed&nonce=LiJV6c0jGv49iQTY6pZq9F4ssuGR5YKU&litespeed_type=imgoptm HTTP/1.1" 200 0 "-" "WordPress/6.8.1; https://reversevillain.com"
2001:41d0:303:8697::1 - - [09/Jun/2025:22:04:01 -0400] "GET / HTTP/1.1" 200 9389 "-" "Mozilla/5.0 (compatible; MJ12bot/v1.4.8; http://mj12bot.com/)"
154.54.249.194 - - [09/Jun/2025:22:04:05 -0400] "GET /category/reverse-villain-manga/page/11/ HTTP/1.1" 200 8929 "-" "Mozilla/5.0 (compatible; Barkrowler/0.9; +https://babbar.tech/crawler)"
2001:41d0:303:8697::1 - - [09/Jun/2025:22:04:21 -0400] "GET /kita-no-toride-nite-chapter-27/feed/ HTTP/1.1" 301 0 "-" "Mozilla/5.0 (compatible; MJ12bot/v1.4.8; http://mj12bot.com/)"
162.0.232.193 - - [09/Jun/2025:22:04:31 -0400] "POST /wp-cron.php?doing_wp_cron=1749521071.3375298976898193359375 HTTP/1.1" 200 0 "-" "WordPress/6.8.1; https://reversevillain.com"
154.54.249.194 - - [09/Jun/2025:22:04:28 -0400] "GET /category/reverse-villain-manga/page/6/ HTTP/1.1" 200 8979 "-" "Mozilla/5.0 (compatible; Barkrowler/0.9; +https://babbar.tech/crawler)"
2001:41d0:303:8697::1 - - [09/Jun/2025:22:04:38 -0400] "GET / HTTP/1.1" 200 9389 "-" "Mozilla/5.0 (compatible; MJ12bot/v1.4.8; http://mj12bot.com/)"
2001:41d0:303:8697::1 - - [09/Jun/2025:22:04:52 -0400] "GET /koi-shita-no-de-haishin-shite-mita-chapter-84/ HTTP/1.1" 301 0 "-" "Mozilla/5.0 (compatible; MJ12bot/v1.4.8; http://mj12bot.com/)"
217.113.194.16 - - [09/Jun/2025:22:04:51 -0400] "GET /manga/staying-with-ajumma-chapter-89/ HTTP/1.1" 200 19525 "-" "Mozilla/5.0 (compatible; Barkrowler/0.9; +https://babbar.tech/crawler)"
2001:41d0:303:8697::1 - - [09/Jun/2025:22:05:01 -0400] "GET / HTTP/1.1" 200 9390 "-" "Mozilla/5.0 (compatible; MJ12bot/v1.4.8; http://mj12bot.com/)"
2001:41d0:303:8697::1 - - [09/Jun/2025:22:05:17 -0400] "GET /koi-shita-no-de-haishin-shite-mita-chapter-84/feed/ HTTP/1.1" 301 0 "-" "Mozilla/5.0 (compatible; MJ12bot/v1.4.8; http://mj12bot.com/)"
217.113.194.17 - - [09/Jun/2025:22:05:18 -0400] "GET /manga/staying-with-ajumma-chapter-91/ HTTP/1.1" 200 18827 "-" "Mozilla/5.0 (compatible; Barkrowler/0.9; +https://babbar.tech/crawler)"
