20.171.207.241 - - [12/Jun/2025:08:32:09 -0400] "GET / HTTP/1.1" 200 9388 "-" "Mozilla/5.0 AppleWebKit/537.36 (KHTML, like Gecko; compatible; GPTBot/1.2; +https://openai.com/gptbot)"
52.70.209.13 - - [12/Jun/2025:08:32:11 -0400] "GET /from-morning-to-night-chapter-100/ HTTP/1.1" 301 0 "-" "Mozilla/5.0 AppleWebKit/537.36 (KHTML, like Gecko; compatible; Amazonbot/0.1; +https://developer.amazon.com/support/amazonbot) Chrome/119.0.6045.214 Safari/537.36"
44.207.207.36 - - [12/Jun/2025:08:32:12 -0400] "GET / HTTP/1.1" 200 9388 "-" "Mozilla/5.0 AppleWebKit/537.36 (KHTML, like Gecko; compatible; Amazonbot/0.1; +https://developer.amazon.com/support/amazonbot) Chrome/119.0.6045.214 Safari/537.36"
20.171.207.241 - - [12/Jun/2025:08:32:12 -0400] "GET /p/refuge/shopping/1207618423.htm HTTP/1.1" 301 0 "-" "Mozilla/5.0 AppleWebKit/537.36 (KHTML, like Gecko; compatible; GPTBot/1.2; +https://openai.com/gptbot)"
20.171.207.241 - - [12/Jun/2025:08:32:13 -0400] "GET / HTTP/1.1" 200 9388 "-" "Mozilla/5.0 AppleWebKit/537.36 (KHTML, like Gecko; compatible; GPTBot/1.2; +https://openai.com/gptbot)"
44.194.139.149 - - [12/Jun/2025:08:32:14 -0400] "GET /kara-no-kyoukai-the-garden-of-sinners-chapter-24/ HTTP/1.1" 301 0 "-" "Mozilla/5.0 AppleWebKit/537.36 (KHTML, like Gecko; compatible; Amazonbot/0.1; +https://developer.amazon.com/support/amazonbot) Chrome/119.0.6045.214 Safari/537.36"
20.171.207.241 - - [12/Jun/2025:08:32:15 -0400] "GET /i/prelusory/goods/1207615028.htm HTTP/1.1" 301 0 "-" "Mozilla/5.0 AppleWebKit/537.36 (KHTML, like Gecko; compatible; GPTBot/1.2; +https://openai.com/gptbot)"
44.193.115.232 - - [12/Jun/2025:08:32:16 -0400] "GET / HTTP/1.1" 200 9388 "-" "Mozilla/5.0 AppleWebKit/537.36 (KHTML, like Gecko; compatible; Amazonbot/0.1; +https://developer.amazon.com/support/amazonbot) Chrome/119.0.6045.214 Safari/537.36"
20.171.207.241 - - [12/Jun/2025:08:32:17 -0400] "GET / HTTP/1.1" 200 9388 "-" "Mozilla/5.0 AppleWebKit/537.36 (KHTML, like Gecko; compatible; GPTBot/1.2; +https://openai.com/gptbot)"
20.171.207.241 - - [12/Jun/2025:08:32:18 -0400] "GET /fj/pasturage/info/1206353105.htm HTTP/1.1" 301 0 "-" "Mozilla/5.0 AppleWebKit/537.36 (KHTML, like Gecko; compatible; GPTBot/1.2; +https://openai.com/gptbot)"
20.171.207.241 - - [12/Jun/2025:08:32:19 -0400] "GET / HTTP/1.1" 200 9388 "-" "Mozilla/5.0 AppleWebKit/537.36 (KHTML, like Gecko; compatible; GPTBot/1.2; +https://openai.com/gptbot)"
18.213.240.226 - - [12/Jun/2025:08:32:19 -0400] "GET /the-chronicles-of-heavenly-demon-chapter-210/ HTTP/1.1" 301 0 "-" "Mozilla/5.0 AppleWebKit/537.36 (KHTML, like Gecko; compatible; Amazonbot/0.1; +https://developer.amazon.com/support/amazonbot) Chrome/119.0.6045.214 Safari/537.36"
20.171.207.241 - - [12/Jun/2025:08:32:21 -0400] "GET /q/viviparus/goods/1206346926.htm HTTP/1.1" 301 0 "-" "Mozilla/5.0 AppleWebKit/537.36 (KHTML, like Gecko; compatible; GPTBot/1.2; +https://openai.com/gptbot)"
3.94.156.104 - - [12/Jun/2025:08:32:21 -0400] "GET / HTTP/1.1" 200 9388 "-" "Mozilla/5.0 AppleWebKit/537.36 (KHTML, like Gecko; compatible; Amazonbot/0.1; +https://developer.amazon.com/support/amazonbot) Chrome/119.0.6045.214 Safari/537.36"
44.208.223.68 - - [12/Jun/2025:08:32:22 -0400] "GET /sekkyaku-musou-chapter-25/ HTTP/1.1" 301 0 "-" "Mozilla/5.0 AppleWebKit/537.36 (KHTML, like Gecko; compatible; Amazonbot/0.1; +https://developer.amazon.com/support/amazonbot) Chrome/119.0.6045.214 Safari/537.36"
20.171.207.241 - - [12/Jun/2025:08:32:22 -0400] "GET / HTTP/1.1" 200 9388 "-" "Mozilla/5.0 AppleWebKit/537.36 (KHTML, like Gecko; compatible; GPTBot/1.2; +https://openai.com/gptbot)"
54.90.8.255 - - [12/Jun/2025:08:32:23 -0400] "GET / HTTP/1.1" 200 9388 "-" "Mozilla/5.0 AppleWebKit/537.36 (KHTML, like Gecko; compatible; Amazonbot/0.1; +https://developer.amazon.com/support/amazonbot) Chrome/119.0.6045.214 Safari/537.36"
20.171.207.241 - - [12/Jun/2025:08:32:24 -0400] "GET /h/shopdetail/1206321885.htm HTTP/1.1" 301 0 "-" "Mozilla/5.0 AppleWebKit/537.36 (KHTML, like Gecko; compatible; GPTBot/1.2; +https://openai.com/gptbot)"
20.171.207.241 - - [12/Jun/2025:08:32:25 -0400] "GET / HTTP/1.1" 200 9388 "-" "Mozilla/5.0 AppleWebKit/537.36 (KHTML, like Gecko; compatible; GPTBot/1.2; +https://openai.com/gptbot)"
54.87.95.7 - - [12/Jun/2025:08:32:26 -0400] "GET /the-breaker-3-eternal-force-chapter-77/ HTTP/1.1" 301 0 "-" "Mozilla/5.0 AppleWebKit/537.36 (KHTML, like Gecko; compatible; Amazonbot/0.1; +https://developer.amazon.com/support/amazonbot) Chrome/119.0.6045.214 Safari/537.36"
216.73.216.72 - - [12/Jun/2025:08:32:26 -0400] "GET /ntp/stradometrical/items1219906209.htm HTTP/1.1" 301 0 "-" "Mozilla/5.0 AppleWebKit/537.36 (KHTML, like Gecko; compatible; ClaudeBot/1.0; [email protected])"
20.171.207.241 - - [12/Jun/2025:08:32:27 -0400] "GET /t/shopdetail/1206327057.htm HTTP/1.1" 301 0 "-" "Mozilla/5.0 AppleWebKit/537.36 (KHTML, like Gecko; compatible; GPTBot/1.2; +https://openai.com/gptbot)"
98.83.8.142 - - [12/Jun/2025:08:32:27 -0400] "GET / HTTP/1.1" 200 9388 "-" "Mozilla/5.0 AppleWebKit/537.36 (KHTML, like Gecko; compatible; Amazonbot/0.1; +https://developer.amazon.com/support/amazonbot) Chrome/119.0.6045.214 Safari/537.36"
162.0.232.193 - - [12/Jun/2025:08:32:30 -0400] "POST /wp-cron.php?doing_wp_cron=1749731550.0446450710296630859375 HTTP/1.1" 200 0 "-" "WordPress/6.8.1; https://reversevillain.com"
216.73.216.72 - - [12/Jun/2025:08:32:29 -0400] "GET /sw/goodscode1227164584.htm HTTP/1.1" 301 0 "-" "Mozilla/5.0 AppleWebKit/537.36 (KHTML, like Gecko; compatible; ClaudeBot/1.0; [email protected])"
20.171.207.241 - - [12/Jun/2025:08:32:28 -0400] "GET / HTTP/1.1" 200 9388 "-" "Mozilla/5.0 AppleWebKit/537.36 (KHTML, like Gecko; compatible; GPTBot/1.2; +https://openai.com/gptbot)"
52.200.54.136 - - [12/Jun/2025:08:32:30 -0400] "GET /kanchigai-no-atelier-meister-eiyuu-party-no-moto-zatsuyougakari-ga-jitsu-wa-sentou-igai-ga-sss-rank-datta-to-iu-yoku-aru-hanashi-chapter-38/ HTTP/1.1" 301 0 "-" "Mozilla/5.0 AppleWebKit/537.36 (KHTML, like Gecko; compatible; Amazonbot/0.1; +https://developer.amazon.com/support/amazonbot) Chrome/119.0.6045.214 Safari/537.36"
20.171.207.241 - - [12/Jun/2025:08:32:31 -0400] "GET /swu/shopping/1207715568.htm HTTP/1.1" 301 0 "-" "Mozilla/5.0 AppleWebKit/537.36 (KHTML, like Gecko; compatible; GPTBot/1.2; +https://openai.com/gptbot)"
20.171.207.241 - - [12/Jun/2025:08:32:31 -0400] "GET / HTTP/1.1" 200 9388 "-" "Mozilla/5.0 AppleWebKit/537.36 (KHTML, like Gecko; compatible; GPTBot/1.2; +https://openai.com/gptbot)"
216.73.216.72 - - [12/Jun/2025:08:32:32 -0400] "GET /c/dwindle/goodscode1227254186.htm HTTP/1.1" 301 0 "-" "Mozilla/5.0 AppleWebKit/537.36 (KHTML, like Gecko; compatible; ClaudeBot/1.0; [email protected])"
18.235.81.246 - - [12/Jun/2025:08:32:31 -0400] "GET / HTTP/1.1" 200 9388 "-" "Mozilla/5.0 AppleWebKit/537.36 (KHTML, like Gecko; compatible; Amazonbot/0.1; +https://developer.amazon.com/support/amazonbot) Chrome/119.0.6045.214 Safari/537.36"
23.23.212.212 - - [12/Jun/2025:08:32:34 -0400] "GET /boukenou-beet-chapter-62/ HTTP/1.1" 301 0 "-" "Mozilla/5.0 AppleWebKit/537.36 (KHTML, like Gecko; compatible; Amazonbot/0.1; +https://developer.amazon.com/support/amazonbot) Chrome/119.0.6045.214 Safari/537.36"
20.171.207.241 - - [12/Jun/2025:08:32:35 -0400] "GET /x/shopdetail/1125243045.htm HTTP/1.1" 301 0 "-" "Mozilla/5.0 AppleWebKit/537.36 (KHTML, like Gecko; compatible; GPTBot/1.2; +https://openai.com/gptbot)"
216.73.216.72 - - [12/Jun/2025:08:32:35 -0400] "GET /t/reverence/entity1227058169.htm HTTP/1.1" 301 0 "-" "Mozilla/5.0 AppleWebKit/537.36 (KHTML, like Gecko; compatible; ClaudeBot/1.0; [email protected])"
3.230.224.6 - - [12/Jun/2025:08:32:35 -0400] "GET / HTTP/1.1" 200 9388 "-" "Mozilla/5.0 AppleWebKit/537.36 (KHTML, like Gecko; compatible; Amazonbot/0.1; +https://developer.amazon.com/support/amazonbot) Chrome/119.0.6045.214 Safari/537.36"
20.171.207.241 - - [12/Jun/2025:08:32:35 -0400] "GET / HTTP/1.1" 200 9388 "-" "Mozilla/5.0 AppleWebKit/537.36 (KHTML, like Gecko; compatible; GPTBot/1.2; +https://openai.com/gptbot)"
216.73.216.72 - - [12/Jun/2025:08:32:38 -0400] "GET /t/items1227132687.htm HTTP/1.1" 301 0 "-" "Mozilla/5.0 AppleWebKit/537.36 (KHTML, like Gecko; compatible; ClaudeBot/1.0; [email protected])"
54.156.124.2 - - [12/Jun/2025:08:32:38 -0400] "GET /wolf-chan-wa-sumashitai-chapter-13/ HTTP/1.1" 301 0 "-" "Mozilla/5.0 AppleWebKit/537.36 (KHTML, like Gecko; compatible; Amazonbot/0.1; +https://developer.amazon.com/support/amazonbot) Chrome/119.0.6045.214 Safari/537.36"
20.171.207.241 - - [12/Jun/2025:08:32:38 -0400] "GET /o/shopdetail/1207617738.htm HTTP/1.1" 301 0 "-" "Mozilla/5.0 AppleWebKit/537.36 (KHTML, like Gecko; compatible; GPTBot/1.2; +https://openai.com/gptbot)"
20.171.207.241 - - [12/Jun/2025:08:32:39 -0400] "GET / HTTP/1.1" 200 9388 "-" "Mozilla/5.0 AppleWebKit/537.36 (KHTML, like Gecko; compatible; GPTBot/1.2; +https://openai.com/gptbot)"
100.29.155.89 - - [12/Jun/2025:08:32:39 -0400] "GET / HTTP/1.1" 200 9388 "-" "Mozilla/5.0 AppleWebKit/537.36 (KHTML, like Gecko; compatible; Amazonbot/0.1; +https://developer.amazon.com/support/amazonbot) Chrome/119.0.6045.214 Safari/537.36"
216.73.216.72 - - [12/Jun/2025:08:32:41 -0400] "GET /vnp/goodscode1231429565.htm HTTP/1.1" 301 0 "-" "Mozilla/5.0 AppleWebKit/537.36 (KHTML, like Gecko; compatible; ClaudeBot/1.0; [email protected])"
20.171.207.241 - - [12/Jun/2025:08:32:42 -0400] "GET /x/shopdetail/1178459341.htm HTTP/1.1" 301 0 "-" "Mozilla/5.0 AppleWebKit/537.36 (KHTML, like Gecko; compatible; GPTBot/1.2; +https://openai.com/gptbot)"
44.213.36.21 - - [12/Jun/2025:08:32:42 -0400] "GET /tenmaku-cinema-chapter-15/ HTTP/1.1" 301 0 "-" "Mozilla/5.0 AppleWebKit/537.36 (KHTML, like Gecko; compatible; Amazonbot/0.1; +https://developer.amazon.com/support/amazonbot) Chrome/119.0.6045.214 Safari/537.36"
20.171.207.241 - - [12/Jun/2025:08:32:42 -0400] "GET / HTTP/1.1" 200 9388 "-" "Mozilla/5.0 AppleWebKit/537.36 (KHTML, like Gecko; compatible; GPTBot/1.2; +https://openai.com/gptbot)"
44.213.36.21 - - [12/Jun/2025:08:32:43 -0400] "GET / HTTP/1.1" 200 9390 "-" "Mozilla/5.0 AppleWebKit/537.36 (KHTML, like Gecko; compatible; Amazonbot/0.1; +https://developer.amazon.com/support/amazonbot) Chrome/119.0.6045.214 Safari/537.36"
216.73.216.72 - - [12/Jun/2025:08:32:44 -0400] "GET /pyr/1231191979.htm HTTP/1.1" 301 0 "-" "Mozilla/5.0 AppleWebKit/537.36 (KHTML, like Gecko; compatible; ClaudeBot/1.0; [email protected])"
20.171.207.241 - - [12/Jun/2025:08:32:45 -0400] "GET /kiu/shopping/1125409188.htm HTTP/1.1" 301 0 "-" "Mozilla/5.0 AppleWebKit/537.36 (KHTML, like Gecko; compatible; GPTBot/1.2; +https://openai.com/gptbot)"
20.171.207.241 - - [12/Jun/2025:08:32:45 -0400] "GET / HTTP/1.1" 200 9388 "-" "Mozilla/5.0 AppleWebKit/537.36 (KHTML, like Gecko; compatible; GPTBot/1.2; +https://openai.com/gptbot)"
3.94.157.25 - - [12/Jun/2025:08:32:46 -0400] "GET /the-ride-on-king-chapter-54/ HTTP/1.1" 301 0 "-" "Mozilla/5.0 AppleWebKit/537.36 (KHTML, like Gecko; compatible; Amazonbot/0.1; +https://developer.amazon.com/support/amazonbot) Chrome/119.0.6045.214 Safari/537.36"
216.73.216.72 - - [12/Jun/2025:08:32:47 -0400] "GET /qli/igloo/entity1231191632.htm HTTP/1.1" 301 0 "-" "Mozilla/5.0 AppleWebKit/537.36 (KHTML, like Gecko; compatible; ClaudeBot/1.0; [email protected])"
3.94.157.25 - - [12/Jun/2025:08:32:47 -0400] "GET / HTTP/1.1" 200 9388 "-" "Mozilla/5.0 AppleWebKit/537.36 (KHTML, like Gecko; compatible; Amazonbot/0.1; +https://developer.amazon.com/support/amazonbot) Chrome/119.0.6045.214 Safari/537.36"
20.171.207.241 - - [12/Jun/2025:08:32:47 -0400] "GET /y/shopdetail/1125446248.htm HTTP/1.1" 301 0 "-" "Mozilla/5.0 AppleWebKit/537.36 (KHTML, like Gecko; compatible; GPTBot/1.2; +https://openai.com/gptbot)"
20.171.207.241 - - [12/Jun/2025:08:32:49 -0400] "GET / HTTP/1.1" 200 9388 "-" "Mozilla/5.0 AppleWebKit/537.36 (KHTML, like Gecko; compatible; GPTBot/1.2; +https://openai.com/gptbot)"
216.73.216.72 - - [12/Jun/2025:08:32:50 -0400] "GET /t/percolation/goodscode1231150143.htm HTTP/1.1" 301 0 "-" "Mozilla/5.0 AppleWebKit/537.36 (KHTML, like Gecko; compatible; ClaudeBot/1.0; [email protected])"
20.171.207.241 - - [12/Jun/2025:08:32:50 -0400] "GET /fj/pasturage/info/1206353105.htm HTTP/1.1" 301 0 "-" "Mozilla/5.0 AppleWebKit/537.36 (KHTML, like Gecko; compatible; GPTBot/1.2; +https://openai.com/gptbot)"
20.171.207.241 - - [12/Jun/2025:08:32:51 -0400] "GET / HTTP/1.1" 200 9388 "-" "Mozilla/5.0 AppleWebKit/537.36 (KHTML, like Gecko; compatible; GPTBot/1.2; +https://openai.com/gptbot)"
20.171.207.241 - - [12/Jun/2025:08:32:53 -0400] "GET /pqf/shopping/1125431897.htm HTTP/1.1" 301 0 "-" "Mozilla/5.0 AppleWebKit/537.36 (KHTML, like Gecko; compatible; GPTBot/1.2; +https://openai.com/gptbot)"
216.73.216.72 - - [12/Jun/2025:08:32:53 -0400] "GET /t/goodscode1231321119.htm HTTP/1.1" 301 0 "-" "Mozilla/5.0 AppleWebKit/537.36 (KHTML, like Gecko; compatible; ClaudeBot/1.0; [email protected])"
20.171.207.241 - - [12/Jun/2025:08:32:53 -0400] "GET / HTTP/1.1" 200 9388 "-" "Mozilla/5.0 AppleWebKit/537.36 (KHTML, like Gecko; compatible; GPTBot/1.2; +https://openai.com/gptbot)"
20.171.207.241 - - [12/Jun/2025:08:32:55 -0400] "GET /kuc/shopping/1206291270.htm HTTP/1.1" 301 0 "-" "Mozilla/5.0 AppleWebKit/537.36 (KHTML, like Gecko; compatible; GPTBot/1.2; +https://openai.com/gptbot)"
216.73.216.72 - - [12/Jun/2025:08:32:56 -0400] "GET /awm/info/1227285422.htm HTTP/1.1" 301 0 "-" "Mozilla/5.0 AppleWebKit/537.36 (KHTML, like Gecko; compatible; ClaudeBot/1.0; [email protected])"
20.171.207.241 - - [12/Jun/2025:08:32:56 -0400] "GET / HTTP/1.1" 200 9388 "-" "Mozilla/5.0 AppleWebKit/537.36 (KHTML, like Gecko; compatible; GPTBot/1.2; +https://openai.com/gptbot)"
20.171.207.241 - - [12/Jun/2025:08:32:57 -0400] "GET /fsx/shopping/1207838447.htm HTTP/1.1" 301 0 "-" "Mozilla/5.0 AppleWebKit/537.36 (KHTML, like Gecko; compatible; GPTBot/1.2; +https://openai.com/gptbot)"
20.171.207.241 - - [12/Jun/2025:08:32:58 -0400] "GET / HTTP/1.1" 200 9388 "-" "Mozilla/5.0 AppleWebKit/537.36 (KHTML, like Gecko; compatible; GPTBot/1.2; +https://openai.com/gptbot)"
216.73.216.72 - - [12/Jun/2025:08:32:59 -0400] "GET /t/entity1231364583.htm HTTP/1.1" 301 0 "-" "Mozilla/5.0 AppleWebKit/537.36 (KHTML, like Gecko; compatible; ClaudeBot/1.0; [email protected])"
20.171.207.241 - - [12/Jun/2025:08:32:59 -0400] "GET /u/shopdetail/1085425810.htm HTTP/1.1" 301 0 "-" "Mozilla/5.0 AppleWebKit/537.36 (KHTML, like Gecko; compatible; GPTBot/1.2; +https://openai.com/gptbot)"
20.171.207.241 - - [12/Jun/2025:08:33:00 -0400] "GET / HTTP/1.1" 200 9388 "-" "Mozilla/5.0 AppleWebKit/537.36 (KHTML, like Gecko; compatible; GPTBot/1.2; +https://openai.com/gptbot)"
20.171.207.241 - - [12/Jun/2025:08:33:02 -0400] "GET /kkm/shopping/1085496502.htm HTTP/1.1" 301 0 "-" "Mozilla/5.0 AppleWebKit/537.36 (KHTML, like Gecko; compatible; GPTBot/1.2; +https://openai.com/gptbot)"
216.73.216.72 - - [12/Jun/2025:08:33:02 -0400] "GET /qwc/products/1227291262.htm HTTP/1.1" 301 0 "-" "Mozilla/5.0 AppleWebKit/537.36 (KHTML, like Gecko; compatible; ClaudeBot/1.0; [email protected])"
20.171.207.241 - - [12/Jun/2025:08:33:02 -0400] "GET / HTTP/1.1" 200 9388 "-" "Mozilla/5.0 AppleWebKit/537.36 (KHTML, like Gecko; compatible; GPTBot/1.2; +https://openai.com/gptbot)"
216.73.216.72 - - [12/Jun/2025:08:33:05 -0400] "GET /inc/goodscode1219904168.htm HTTP/1.1" 301 0 "-" "Mozilla/5.0 AppleWebKit/537.36 (KHTML, like Gecko; compatible; ClaudeBot/1.0; [email protected])"
20.171.207.241 - - [12/Jun/2025:08:33:05 -0400] "GET /qqw/shopping/1125496394.htm HTTP/1.1" 301 0 "-" "Mozilla/5.0 AppleWebKit/537.36 (KHTML, like Gecko; compatible; GPTBot/1.2; +https://openai.com/gptbot)"
20.171.207.241 - - [12/Jun/2025:08:33:06 -0400] "GET / HTTP/1.1" 200 9388 "-" "Mozilla/5.0 AppleWebKit/537.36 (KHTML, like Gecko; compatible; GPTBot/1.2; +https://openai.com/gptbot)"
216.73.216.72 - - [12/Jun/2025:08:33:08 -0400] "GET /kjs/noncontributing/entity1227193102.htm HTTP/1.1" 301 0 "-" "Mozilla/5.0 AppleWebKit/537.36 (KHTML, like Gecko; compatible; ClaudeBot/1.0; [email protected])"
20.171.207.241 - - [12/Jun/2025:08:33:09 -0400] "GET /y/bekah/items1178523902.htm HTTP/1.1" 301 0 "-" "Mozilla/5.0 AppleWebKit/537.36 (KHTML, like Gecko; compatible; GPTBot/1.2; +https://openai.com/gptbot)"
20.171.207.241 - - [12/Jun/2025:08:33:10 -0400] "GET / HTTP/1.1" 200 9388 "-" "Mozilla/5.0 AppleWebKit/537.36 (KHTML, like Gecko; compatible; GPTBot/1.2; +https://openai.com/gptbot)"
216.73.216.72 - - [12/Jun/2025:08:33:11 -0400] "GET /fmz/1227254937.htm HTTP/1.1" 301 0 "-" "Mozilla/5.0 AppleWebKit/537.36 (KHTML, like Gecko; compatible; ClaudeBot/1.0; [email protected])"
20.171.207.241 - - [12/Jun/2025:08:33:12 -0400] "GET /rof/shopping/1207736535.htm HTTP/1.1" 301 0 "-" "Mozilla/5.0 AppleWebKit/537.36 (KHTML, like Gecko; compatible; GPTBot/1.2; +https://openai.com/gptbot)"
20.171.207.241 - - [12/Jun/2025:08:33:13 -0400] "GET / HTTP/1.1" 200 9388 "-" "Mozilla/5.0 AppleWebKit/537.36 (KHTML, like Gecko; compatible; GPTBot/1.2; +https://openai.com/gptbot)"
216.73.216.72 - - [12/Jun/2025:08:33:14 -0400] "GET /bpp/graduator/goodscode1227168061.htm HTTP/1.1" 301 0 "-" "Mozilla/5.0 AppleWebKit/537.36 (KHTML, like Gecko; compatible; ClaudeBot/1.0; [email protected])"
20.171.207.241 - - [12/Jun/2025:08:33:15 -0400] "GET /n/shopdetail/1125238955.htm HTTP/1.1" 301 0 "-" "Mozilla/5.0 AppleWebKit/537.36 (KHTML, like Gecko; compatible; GPTBot/1.2; +https://openai.com/gptbot)"
20.171.207.241 - - [12/Jun/2025:08:33:16 -0400] "GET / HTTP/1.1" 200 9388 "-" "Mozilla/5.0 AppleWebKit/537.36 (KHTML, like Gecko; compatible; GPTBot/1.2; +https://openai.com/gptbot)"
216.73.216.72 - - [12/Jun/2025:08:33:17 -0400] "GET /sitemap_index.xml HTTP/1.1" 200 532 "-" "Mozilla/5.0 AppleWebKit/537.36 (KHTML, like Gecko; compatible; ClaudeBot/1.0; [email protected])"
20.171.207.241 - - [12/Jun/2025:08:33:18 -0400] "GET /s/shopdetail/1206348272.htm HTTP/1.1" 301 0 "-" "Mozilla/5.0 AppleWebKit/537.36 (KHTML, like Gecko; compatible; GPTBot/1.2; +https://openai.com/gptbot)"
20.171.207.241 - - [12/Jun/2025:08:33:19 -0400] "GET / HTTP/1.1" 200 9388 "-" "Mozilla/5.0 AppleWebKit/537.36 (KHTML, like Gecko; compatible; GPTBot/1.2; +https://openai.com/gptbot)"
216.73.216.72 - - [12/Jun/2025:08:33:20 -0400] "GET /k/memsahibmemsaumib/goodscode1227129274.htm HTTP/1.1" 301 0 "-" "Mozilla/5.0 AppleWebKit/537.36 (KHTML, like Gecko; compatible; ClaudeBot/1.0; [email protected])"
20.171.207.241 - - [12/Jun/2025:08:33:21 -0400] "GET /t/shopdetail/1206294731.htm HTTP/1.1" 301 0 "-" "Mozilla/5.0 AppleWebKit/537.36 (KHTML, like Gecko; compatible; GPTBot/1.2; +https://openai.com/gptbot)"
20.171.207.241 - - [12/Jun/2025:08:33:22 -0400] "GET / HTTP/1.1" 200 9388 "-" "Mozilla/5.0 AppleWebKit/537.36 (KHTML, like Gecko; compatible; GPTBot/1.2; +https://openai.com/gptbot)"
216.73.216.72 - - [12/Jun/2025:08:33:23 -0400] "GET /qwc/1231288034.htm HTTP/1.1" 301 0 "-" "Mozilla/5.0 AppleWebKit/537.36 (KHTML, like Gecko; compatible; ClaudeBot/1.0; [email protected])"
52.167.144.214 - - [12/Jun/2025:08:33:23 -0400] "GET /mage-again-chapter-70/ HTTP/1.1" 200 38986 "-" "Mozilla/5.0 AppleWebKit/537.36 (KHTML, like Gecko; compatible; bingbot/2.0; +http://www.bing.com/bingbot.htm) Chrome/116.0.1938.76 Safari/537.36"
20.171.207.241 - - [12/Jun/2025:08:33:24 -0400] "GET /j/shopdetail/1206429299.htm HTTP/1.1" 301 0 "-" "Mozilla/5.0 AppleWebKit/537.36 (KHTML, like Gecko; compatible; GPTBot/1.2; +https://openai.com/gptbot)"
20.171.207.241 - - [12/Jun/2025:08:33:24 -0400] "GET / HTTP/1.1" 200 9388 "-" "Mozilla/5.0 AppleWebKit/537.36 (KHTML, like Gecko; compatible; GPTBot/1.2; +https://openai.com/gptbot)"
20.171.207.241 - - [12/Jun/2025:08:33:26 -0400] "GET /k/shopdetail/1125580164.htm HTTP/1.1" 301 0 "-" "Mozilla/5.0 AppleWebKit/537.36 (KHTML, like Gecko; compatible; GPTBot/1.2; +https://openai.com/gptbot)"
20.171.207.241 - - [12/Jun/2025:08:33:28 -0400] "GET / HTTP/1.1" 200 9388 "-" "Mozilla/5.0 AppleWebKit/537.36 (KHTML, like Gecko; compatible; GPTBot/1.2; +https://openai.com/gptbot)"
162.0.232.193 - - [12/Jun/2025:08:33:30 -0400] "POST /wp-cron.php?doing_wp_cron=1749731610.2271749973297119140625 HTTP/1.1" 200 0 "-" "WordPress/6.8.1; https://reversevillain.com"
20.171.207.241 - - [12/Jun/2025:08:33:29 -0400] "GET /ecg/shopping/1206117568.htm HTTP/1.1" 301 0 "-" "Mozilla/5.0 AppleWebKit/537.36 (KHTML, like Gecko; compatible; GPTBot/1.2; +https://openai.com/gptbot)"
162.0.232.193 - - [12/Jun/2025:08:33:31 -0400] "POST /wp-admin/admin-ajax.php?action=async_litespeed&nonce=5QS0Vj9NIVKrf4ed214kPAblqUqji7Bf&litespeed_type=imgoptm HTTP/1.1" 200 0 "-" "WordPress/6.8.1; https://reversevillain.com"
20.171.207.241 - - [12/Jun/2025:08:33:30 -0400] "GET / HTTP/1.1" 200 9388 "-" "Mozilla/5.0 AppleWebKit/537.36 (KHTML, like Gecko; compatible; GPTBot/1.2; +https://openai.com/gptbot)"
162.0.232.193 - - [12/Jun/2025:08:33:33 -0400] "POST /wp-cron.php?doing_wp_cron=1749731613.6342089176177978515625 HTTP/1.1" 200 0 "-" "WordPress/6.8.1; https://reversevillain.com"
20.171.207.241 - - [12/Jun/2025:08:33:33 -0400] "GET /x/shopdetail/1178513303.htm HTTP/1.1" 301 0 "-" "Mozilla/5.0 AppleWebKit/537.36 (KHTML, like Gecko; compatible; GPTBot/1.2; +https://openai.com/gptbot)"
20.171.207.241 - - [12/Jun/2025:08:33:34 -0400] "GET / HTTP/1.1" 200 9388 "-" "Mozilla/5.0 AppleWebKit/537.36 (KHTML, like Gecko; compatible; GPTBot/1.2; +https://openai.com/gptbot)"
20.171.207.241 - - [12/Jun/2025:08:33:36 -0400] "GET /gew/shopping/1085462556.htm HTTP/1.1" 301 0 "-" "Mozilla/5.0 AppleWebKit/537.36 (KHTML, like Gecko; compatible; GPTBot/1.2; +https://openai.com/gptbot)"
20.171.207.241 - - [12/Jun/2025:08:33:37 -0400] "GET / HTTP/1.1" 200 9388 "-" "Mozilla/5.0 AppleWebKit/537.36 (KHTML, like Gecko; compatible; GPTBot/1.2; +https://openai.com/gptbot)"
20.171.207.241 - - [12/Jun/2025:08:33:39 -0400] "GET /f/shopdetail/1125588045.htm HTTP/1.1" 301 0 "-" "Mozilla/5.0 AppleWebKit/537.36 (KHTML, like Gecko; compatible; GPTBot/1.2; +https://openai.com/gptbot)"
20.171.207.241 - - [12/Jun/2025:08:33:40 -0400] "GET / HTTP/1.1" 200 9388 "-" "Mozilla/5.0 AppleWebKit/537.36 (KHTML, like Gecko; compatible; GPTBot/1.2; +https://openai.com/gptbot)"
216.73.216.72 - - [12/Jun/2025:08:33:41 -0400] "GET /o1231255186.htm HTTP/1.1" 301 0 "-" "Mozilla/5.0 AppleWebKit/537.36 (KHTML, like Gecko; compatible; ClaudeBot/1.0; [email protected])"
20.171.207.241 - - [12/Jun/2025:08:33:42 -0400] "GET /j/shopdetail/1085410361.htm HTTP/1.1" 301 0 "-" "Mozilla/5.0 AppleWebKit/537.36 (KHTML, like Gecko; compatible; GPTBot/1.2; +https://openai.com/gptbot)"
216.73.216.72 - - [12/Jun/2025:08:33:43 -0400] "GET /f/reintroduction/items1227147789.htm HTTP/1.1" 301 0 "-" "Mozilla/5.0 AppleWebKit/537.36 (KHTML, like Gecko; compatible; ClaudeBot/1.0; [email protected])"
20.171.207.241 - - [12/Jun/2025:08:33:44 -0400] "GET / HTTP/1.1" 200 9388 "-" "Mozilla/5.0 AppleWebKit/537.36 (KHTML, like Gecko; compatible; GPTBot/1.2; +https://openai.com/gptbot)"
20.171.207.241 - - [12/Jun/2025:08:33:45 -0400] "GET /yic/shopping/1206254532.htm HTTP/1.1" 301 0 "-" "Mozilla/5.0 AppleWebKit/537.36 (KHTML, like Gecko; compatible; GPTBot/1.2; +https://openai.com/gptbot)"
216.73.216.72 - - [12/Jun/2025:08:33:46 -0400] "GET /q/goodscode1231459010.htm HTTP/1.1" 301 0 "-" "Mozilla/5.0 AppleWebKit/537.36 (KHTML, like Gecko; compatible; ClaudeBot/1.0; [email protected])"
20.171.207.241 - - [12/Jun/2025:08:33:47 -0400] "GET / HTTP/1.1" 200 9388 "-" "Mozilla/5.0 AppleWebKit/537.36 (KHTML, like Gecko; compatible; GPTBot/1.2; +https://openai.com/gptbot)"
20.171.207.241 - - [12/Jun/2025:08:33:49 -0400] "GET /ge/shopdetail/706003432.htm HTTP/1.1" 301 0 "-" "Mozilla/5.0 AppleWebKit/537.36 (KHTML, like Gecko; compatible; GPTBot/1.2; +https://openai.com/gptbot)"
162.0.232.193 - - [12/Jun/2025:08:33:50 -0400] "POST /wp-cron.php?doing_wp_cron=1749731630.4740900993347167968750 HTTP/1.1" 200 0 "-" "WordPress/6.8.1; https://reversevillain.com"
216.73.216.72 - - [12/Jun/2025:08:33:49 -0400] "GET /t/goodscode1231139453.htm HTTP/1.1" 301 0 "-" "Mozilla/5.0 AppleWebKit/537.36 (KHTML, like Gecko; compatible; ClaudeBot/1.0; [email protected])"
20.171.207.241 - - [12/Jun/2025:08:33:50 -0400] "GET / HTTP/1.1" 200 9388 "-" "Mozilla/5.0 AppleWebKit/537.36 (KHTML, like Gecko; compatible; GPTBot/1.2; +https://openai.com/gptbot)"
162.0.232.193 - - [12/Jun/2025:08:33:52 -0400] "POST /wp-admin/admin-ajax.php?action=async_litespeed&nonce=8rSPa43SVPTLqWcfkUSS5L3A1PjdVmn2&litespeed_type=imgoptm HTTP/1.1" 200 0 "-" "WordPress/6.8.1; https://reversevillain.com"
216.73.216.72 - - [12/Jun/2025:08:33:52 -0400] "GET /q/items1231234904.htm HTTP/1.1" 301 0 "-" "Mozilla/5.0 AppleWebKit/537.36 (KHTML, like Gecko; compatible; ClaudeBot/1.0; [email protected])"
20.171.207.241 - - [12/Jun/2025:08:33:52 -0400] "GET /hx/shopdetail/590701121.htm HTTP/1.1" 301 0 "-" "Mozilla/5.0 AppleWebKit/537.36 (KHTML, like Gecko; compatible; GPTBot/1.2; +https://openai.com/gptbot)"
20.171.207.241 - - [12/Jun/2025:08:33:54 -0400] "GET / HTTP/1.1" 200 9388 "-" "Mozilla/5.0 AppleWebKit/537.36 (KHTML, like Gecko; compatible; GPTBot/1.2; +https://openai.com/gptbot)"
216.73.216.72 - - [12/Jun/2025:08:33:55 -0400] "GET /m/weakfish/goodscode1231148028.htm HTTP/1.1" 301 0 "-" "Mozilla/5.0 AppleWebKit/537.36 (KHTML, like Gecko; compatible; ClaudeBot/1.0; [email protected])"
20.171.207.241 - - [12/Jun/2025:08:33:56 -0400] "GET /ku/shopdetail/498290592.htm HTTP/1.1" 301 0 "-" "Mozilla/5.0 AppleWebKit/537.36 (KHTML, like Gecko; compatible; GPTBot/1.2; +https://openai.com/gptbot)"
20.171.207.241 - - [12/Jun/2025:08:33:56 -0400] "GET / HTTP/1.1" 200 9389 "-" "Mozilla/5.0 AppleWebKit/537.36 (KHTML, like Gecko; compatible; GPTBot/1.2; +https://openai.com/gptbot)"
216.73.216.72 - - [12/Jun/2025:08:33:58 -0400] "GET /h/improvision/detail1227063623.htm HTTP/1.1" 301 0 "-" "Mozilla/5.0 AppleWebKit/537.36 (KHTML, like Gecko; compatible; ClaudeBot/1.0; [email protected])"
20.171.207.241 - - [12/Jun/2025:08:33:59 -0400] "GET /bt/shopdetail/590667109.htm HTTP/1.1" 301 0 "-" "Mozilla/5.0 AppleWebKit/537.36 (KHTML, like Gecko; compatible; GPTBot/1.2; +https://openai.com/gptbot)"
20.171.207.241 - - [12/Jun/2025:08:34:00 -0400] "GET / HTTP/1.1" 200 9388 "-" "Mozilla/5.0 AppleWebKit/537.36 (KHTML, like Gecko; compatible; GPTBot/1.2; +https://openai.com/gptbot)"
216.73.216.72 - - [12/Jun/2025:08:34:01 -0400] "GET /rv/goodscode1227302565.htm HTTP/1.1" 301 0 "-" "Mozilla/5.0 AppleWebKit/537.36 (KHTML, like Gecko; compatible; ClaudeBot/1.0; [email protected])"
20.171.207.241 - - [12/Jun/2025:08:34:03 -0400] "GET /zj/shopdetail/841648401.htm HTTP/1.1" 301 0 "-" "Mozilla/5.0 AppleWebKit/537.36 (KHTML, like Gecko; compatible; GPTBot/1.2; +https://openai.com/gptbot)"
20.171.207.241 - - [12/Jun/2025:08:34:03 -0400] "GET / HTTP/1.1" 200 9388 "-" "Mozilla/5.0 AppleWebKit/537.36 (KHTML, like Gecko; compatible; GPTBot/1.2; +https://openai.com/gptbot)"
216.73.216.72 - - [12/Jun/2025:08:34:04 -0400] "GET /l/goodscode1227257663.htm HTTP/1.1" 301 0 "-" "Mozilla/5.0 AppleWebKit/537.36 (KHTML, like Gecko; compatible; ClaudeBot/1.0; [email protected])"
20.171.207.241 - - [12/Jun/2025:08:34:05 -0400] "GET /wg/shopdetail/498177998.htm HTTP/1.1" 301 0 "-" "Mozilla/5.0 AppleWebKit/537.36 (KHTML, like Gecko; compatible; GPTBot/1.2; +https://openai.com/gptbot)"
20.171.207.241 - - [12/Jun/2025:08:34:06 -0400] "GET / HTTP/1.1" 200 9388 "-" "Mozilla/5.0 AppleWebKit/537.36 (KHTML, like Gecko; compatible; GPTBot/1.2; +https://openai.com/gptbot)"
216.73.216.72 - - [12/Jun/2025:08:34:07 -0400] "GET /ipq/goodscode1227031718.htm HTTP/1.1" 301 0 "-" "Mozilla/5.0 AppleWebKit/537.36 (KHTML, like Gecko; compatible; ClaudeBot/1.0; [email protected])"
20.171.207.241 - - [12/Jun/2025:08:34:08 -0400] "GET /fz/shopdetail/841682685.htm HTTP/1.1" 301 0 "-" "Mozilla/5.0 AppleWebKit/537.36 (KHTML, like Gecko; compatible; GPTBot/1.2; +https://openai.com/gptbot)"
20.171.207.241 - - [12/Jun/2025:08:34:09 -0400] "GET / HTTP/1.1" 200 9388 "-" "Mozilla/5.0 AppleWebKit/537.36 (KHTML, like Gecko; compatible; GPTBot/1.2; +https://openai.com/gptbot)"
216.73.216.72 - - [12/Jun/2025:08:34:10 -0400] "GET /u/goodscode1227101038.htm HTTP/1.1" 301 0 "-" "Mozilla/5.0 AppleWebKit/537.36 (KHTML, like Gecko; compatible; ClaudeBot/1.0; [email protected])"
20.171.207.241 - - [12/Jun/2025:08:34:11 -0400] "GET /f/shopdetail/1125588045.htm HTTP/1.1" 301 0 "-" "Mozilla/5.0 AppleWebKit/537.36 (KHTML, like Gecko; compatible; GPTBot/1.2; +https://openai.com/gptbot)"
20.171.207.241 - - [12/Jun/2025:08:34:12 -0400] "GET / HTTP/1.1" 200 9388 "-" "Mozilla/5.0 AppleWebKit/537.36 (KHTML, like Gecko; compatible; GPTBot/1.2; +https://openai.com/gptbot)"
20.171.207.241 - - [12/Jun/2025:08:34:13 -0400] "GET /nv/shopdetail/706016501.htm HTTP/1.1" 301 0 "-" "Mozilla/5.0 AppleWebKit/537.36 (KHTML, like Gecko; compatible; GPTBot/1.2; +https://openai.com/gptbot)"
216.73.216.72 - - [12/Jun/2025:08:34:13 -0400] "GET /d/goodscode1231197489.htm HTTP/1.1" 301 0 "-" "Mozilla/5.0 AppleWebKit/537.36 (KHTML, like Gecko; compatible; ClaudeBot/1.0; [email protected])"
20.171.207.241 - - [12/Jun/2025:08:34:14 -0400] "GET / HTTP/1.1" 200 9388 "-" "Mozilla/5.0 AppleWebKit/537.36 (KHTML, like Gecko; compatible; GPTBot/1.2; +https://openai.com/gptbot)"
20.171.207.241 - - [12/Jun/2025:08:34:16 -0400] "GET /wu/shopdetail/848806758.htm HTTP/1.1" 301 0 "-" "Mozilla/5.0 AppleWebKit/537.36 (KHTML, like Gecko; compatible; GPTBot/1.2; +https://openai.com/gptbot)"
216.73.216.72 - - [12/Jun/2025:08:34:16 -0400] "GET /rv/goodscode1231203007.htm HTTP/1.1" 301 0 "-" "Mozilla/5.0 AppleWebKit/537.36 (KHTML, like Gecko; compatible; ClaudeBot/1.0; [email protected])"
20.171.207.241 - - [12/Jun/2025:08:34:17 -0400] "GET / HTTP/1.1" 200 9388 "-" "Mozilla/5.0 AppleWebKit/537.36 (KHTML, like Gecko; compatible; GPTBot/1.2; +https://openai.com/gptbot)"
20.171.207.241 - - [12/Jun/2025:08:34:19 -0400] "GET /g/eyren/detail705639596.htm HTTP/1.1" 301 0 "-" "Mozilla/5.0 AppleWebKit/537.36 (KHTML, like Gecko; compatible; GPTBot/1.2; +https://openai.com/gptbot)"
216.73.216.72 - - [12/Jun/2025:08:34:19 -0400] "GET /rf/ruber/detail1227227799.htm HTTP/1.1" 301 0 "-" "Mozilla/5.0 AppleWebKit/537.36 (KHTML, like Gecko; compatible; ClaudeBot/1.0; [email protected])"
20.171.207.241 - - [12/Jun/2025:08:34:20 -0400] "GET / HTTP/1.1" 200 9388 "-" "Mozilla/5.0 AppleWebKit/537.36 (KHTML, like Gecko; compatible; GPTBot/1.2; +https://openai.com/gptbot)"
20.171.207.241 - - [12/Jun/2025:08:34:21 -0400] "GET /uu/shopdetail/391722728.htm HTTP/1.1" 301 0 "-" "Mozilla/5.0 AppleWebKit/537.36 (KHTML, like Gecko; compatible; GPTBot/1.2; +https://openai.com/gptbot)"
20.171.207.241 - - [12/Jun/2025:08:34:22 -0400] "GET / HTTP/1.1" 200 9388 "-" "Mozilla/5.0 AppleWebKit/537.36 (KHTML, like Gecko; compatible; GPTBot/1.2; +https://openai.com/gptbot)"
216.73.216.72 - - [12/Jun/2025:08:34:22 -0400] "GET /p/succinctness/goodscode1227120625.htm HTTP/1.1" 301 0 "-" "Mozilla/5.0 AppleWebKit/537.36 (KHTML, like Gecko; compatible; ClaudeBot/1.0; [email protected])"
20.171.207.241 - - [12/Jun/2025:08:34:24 -0400] "GET /aa/shopdetail/171636582.htm HTTP/1.1" 301 0 "-" "Mozilla/5.0 AppleWebKit/537.36 (KHTML, like Gecko; compatible; GPTBot/1.2; +https://openai.com/gptbot)"
216.73.216.72 - - [12/Jun/2025:08:34:25 -0400] "GET /jgx/1227150233.htm HTTP/1.1" 301 0 "-" "Mozilla/5.0 AppleWebKit/537.36 (KHTML, like Gecko; compatible; ClaudeBot/1.0; [email protected])"
20.171.207.241 - - [12/Jun/2025:08:34:25 -0400] "GET / HTTP/1.1" 200 9388 "-" "Mozilla/5.0 AppleWebKit/537.36 (KHTML, like Gecko; compatible; GPTBot/1.2; +https://openai.com/gptbot)"
20.171.207.241 - - [12/Jun/2025:08:34:27 -0400] "GET /l/myelon/items705834241.htm HTTP/1.1" 301 0 "-" "Mozilla/5.0 AppleWebKit/537.36 (KHTML, like Gecko; compatible; GPTBot/1.2; +https://openai.com/gptbot)"
20.171.207.241 - - [12/Jun/2025:08:34:28 -0400] "GET / HTTP/1.1" 200 9388 "-" "Mozilla/5.0 AppleWebKit/537.36 (KHTML, like Gecko; compatible; GPTBot/1.2; +https://openai.com/gptbot)"
162.0.232.193 - - [12/Jun/2025:08:34:29 -0400] "POST /wp-cron.php?doing_wp_cron=1749731669.2979440689086914062500 HTTP/1.1" 200 0 "-" "WordPress/6.8.1; https://reversevillain.com"
216.73.216.72 - - [12/Jun/2025:08:34:28 -0400] "GET /pf/labiate/goodscode1231308993.htm HTTP/1.1" 301 0 "-" "Mozilla/5.0 AppleWebKit/537.36 (KHTML, like Gecko; compatible; ClaudeBot/1.0; [email protected])"
20.171.207.241 - - [12/Jun/2025:08:34:29 -0400] "GET /aw/shopdetail/711087490.htm HTTP/1.1" 301 0 "-" "Mozilla/5.0 AppleWebKit/537.36 (KHTML, like Gecko; compatible; GPTBot/1.2; +https://openai.com/gptbot)"
216.73.216.72 - - [12/Jun/2025:08:34:31 -0400] "GET /uo/unwieldiness/items1227335890.htm HTTP/1.1" 301 0 "-" "Mozilla/5.0 AppleWebKit/537.36 (KHTML, like Gecko; compatible; ClaudeBot/1.0; [email protected])"
20.171.207.241 - - [12/Jun/2025:08:34:32 -0400] "GET / HTTP/1.1" 200 9388 "-" "Mozilla/5.0 AppleWebKit/537.36 (KHTML, like Gecko; compatible; GPTBot/1.2; +https://openai.com/gptbot)"
20.171.207.241 - - [12/Jun/2025:08:34:34 -0400] "GET /im/shopdetail/391600286.htm HTTP/1.1" 301 0 "-" "Mozilla/5.0 AppleWebKit/537.36 (KHTML, like Gecko; compatible; GPTBot/1.2; +https://openai.com/gptbot)"
216.73.216.72 - - [12/Jun/2025:08:34:34 -0400] "GET /c/lecanora/items1231175176.htm HTTP/1.1" 301 0 "-" "Mozilla/5.0 AppleWebKit/537.36 (KHTML, like Gecko; compatible; ClaudeBot/1.0; [email protected])"
20.171.207.241 - - [12/Jun/2025:08:34:36 -0400] "GET / HTTP/1.1" 200 9388 "-" "Mozilla/5.0 AppleWebKit/537.36 (KHTML, like Gecko; compatible; GPTBot/1.2; +https://openai.com/gptbot)"
216.73.216.72 - - [12/Jun/2025:08:34:37 -0400] "GET /r/1231438051.htm HTTP/1.1" 301 0 "-" "Mozilla/5.0 AppleWebKit/537.36 (KHTML, like Gecko; compatible; ClaudeBot/1.0; [email protected])"
20.171.207.241 - - [12/Jun/2025:08:34:39 -0400] "GET /wm/shopdetail/171709784.htm HTTP/1.1" 301 0 "-" "Mozilla/5.0 AppleWebKit/537.36 (KHTML, like Gecko; compatible; GPTBot/1.2; +https://openai.com/gptbot)"
20.171.207.241 - - [12/Jun/2025:08:34:41 -0400] "GET / HTTP/1.1" 200 9388 "-" "Mozilla/5.0 AppleWebKit/537.36 (KHTML, like Gecko; compatible; GPTBot/1.2; +https://openai.com/gptbot)"
66.249.66.43 - - [12/Jun/2025:08:34:43 -0400] "GET /uc579464810.htm HTTP/1.1" 200 38275 "-" "Mozilla/5.0 (Linux; Android 6.0.1; Nexus 5X Build/MMB29P) AppleWebKit/537.36 (KHTML, like Gecko) Chrome/136.0.7103.113 Mobile Safari/537.36 (compatible; Googlebot/2.1; +http://www.google.com/bot.html)"
20.171.207.241 - - [12/Jun/2025:08:34:44 -0400] "GET /f/swape/entity339066375.htm HTTP/1.1" 301 0 "-" "Mozilla/5.0 AppleWebKit/537.36 (KHTML, like Gecko; compatible; GPTBot/1.2; +https://openai.com/gptbot)"
20.171.207.241 - - [12/Jun/2025:08:34:45 -0400] "GET / HTTP/1.1" 200 9388 "-" "Mozilla/5.0 AppleWebKit/537.36 (KHTML, like Gecko; compatible; GPTBot/1.2; +https://openai.com/gptbot)"
20.171.207.241 - - [12/Jun/2025:08:34:48 -0400] "GET /ga/shopdetail/498384614.htm HTTP/1.1" 301 0 "-" "Mozilla/5.0 AppleWebKit/537.36 (KHTML, like Gecko; compatible; GPTBot/1.2; +https://openai.com/gptbot)"
20.171.207.241 - - [12/Jun/2025:08:34:49 -0400] "GET / HTTP/1.1" 200 9388 "-" "Mozilla/5.0 AppleWebKit/537.36 (KHTML, like Gecko; compatible; GPTBot/1.2; +https://openai.com/gptbot)"
20.171.207.241 - - [12/Jun/2025:08:34:51 -0400] "GET /o/gyall/detail867461530.htm HTTP/1.1" 301 0 "-" "Mozilla/5.0 AppleWebKit/537.36 (KHTML, like Gecko; compatible; GPTBot/1.2; +https://openai.com/gptbot)"
20.171.207.241 - - [12/Jun/2025:08:34:52 -0400] "GET / HTTP/1.1" 200 9388 "-" "Mozilla/5.0 AppleWebKit/537.36 (KHTML, like Gecko; compatible; GPTBot/1.2; +https://openai.com/gptbot)"
20.171.207.241 - - [12/Jun/2025:08:34:54 -0400] "GET /dj/knell/items391630755.htm HTTP/1.1" 301 0 "-" "Mozilla/5.0 AppleWebKit/537.36 (KHTML, like Gecko; compatible; GPTBot/1.2; +https://openai.com/gptbot)"
20.171.207.241 - - [12/Jun/2025:08:34:55 -0400] "GET / HTTP/1.1" 200 9389 "-" "Mozilla/5.0 AppleWebKit/537.36 (KHTML, like Gecko; compatible; GPTBot/1.2; +https://openai.com/gptbot)"
20.171.207.241 - - [12/Jun/2025:08:34:57 -0400] "GET /pr/shopdetail/867355051.htm HTTP/1.1" 301 0 "-" "Mozilla/5.0 AppleWebKit/537.36 (KHTML, like Gecko; compatible; GPTBot/1.2; +https://openai.com/gptbot)"
216.73.216.72 - - [12/Jun/2025:08:34:58 -0400] "GET /jsf/1231456647.htm HTTP/1.1" 301 0 "-" "Mozilla/5.0 AppleWebKit/537.36 (KHTML, like Gecko; compatible; ClaudeBot/1.0; [email protected])"
20.171.207.241 - - [12/Jun/2025:08:34:58 -0400] "GET / HTTP/1.1" 200 9389 "-" "Mozilla/5.0 AppleWebKit/537.36 (KHTML, like Gecko; compatible; GPTBot/1.2; +https://openai.com/gptbot)"
216.73.216.72 - - [12/Jun/2025:08:34:58 -0400] "GET /gng/goodscode1231433300.htm HTTP/1.1" 301 0 "-" "Mozilla/5.0 AppleWebKit/537.36 (KHTML, like Gecko; compatible; ClaudeBot/1.0; [email protected])"
20.171.207.241 - - [12/Jun/2025:08:35:00 -0400] "GET /nt/shopdetail/705749115.htm HTTP/1.1" 301 0 "-" "Mozilla/5.0 AppleWebKit/537.36 (KHTML, like Gecko; compatible; GPTBot/1.2; +https://openai.com/gptbot)"
20.171.207.241 - - [12/Jun/2025:08:35:01 -0400] "GET / HTTP/1.1" 200 9388 "-" "Mozilla/5.0 AppleWebKit/537.36 (KHTML, like Gecko; compatible; GPTBot/1.2; +https://openai.com/gptbot)"
216.73.216.72 - - [12/Jun/2025:08:35:02 -0400] "GET /zz/semipenniform/entity1231196069.htm HTTP/1.1" 301 0 "-" "Mozilla/5.0 AppleWebKit/537.36 (KHTML, like Gecko; compatible; ClaudeBot/1.0; [email protected])"
20.171.207.241 - - [12/Jun/2025:08:35:02 -0400] "GET /mw/shopdetail/117612634.htm HTTP/1.1" 301 0 "-" "Mozilla/5.0 AppleWebKit/537.36 (KHTML, like Gecko; compatible; GPTBot/1.2; +https://openai.com/gptbot)"
20.171.207.241 - - [12/Jun/2025:08:35:03 -0400] "GET / HTTP/1.1" 200 9388 "-" "Mozilla/5.0 AppleWebKit/537.36 (KHTML, like Gecko; compatible; GPTBot/1.2; +https://openai.com/gptbot)"
216.73.216.72 - - [12/Jun/2025:08:35:04 -0400] "GET /k/entity1231467246.htm HTTP/1.1" 301 0 "-" "Mozilla/5.0 AppleWebKit/537.36 (KHTML, like Gecko; compatible; ClaudeBot/1.0; [email protected])"
20.171.207.241 - - [12/Jun/2025:08:35:05 -0400] "GET /pv/shopdetail/705761103.htm HTTP/1.1" 301 0 "-" "Mozilla/5.0 AppleWebKit/537.36 (KHTML, like Gecko; compatible; GPTBot/1.2; +https://openai.com/gptbot)"
216.73.216.72 - - [12/Jun/2025:08:35:08 -0400] "GET /wvq/entity1227315352.htm HTTP/1.1" 301 0 "-" "Mozilla/5.0 AppleWebKit/537.36 (KHTML, like Gecko; compatible; ClaudeBot/1.0; [email protected])"
20.171.207.241 - - [12/Jun/2025:08:35:07 -0400] "GET / HTTP/1.1" 200 9389 "-" "Mozilla/5.0 AppleWebKit/537.36 (KHTML, like Gecko; compatible; GPTBot/1.2; +https://openai.com/gptbot)"
20.171.207.241 - - [12/Jun/2025:08:35:09 -0400] "GET /nt/shopdetail/841536065.htm HTTP/1.1" 301 0 "-" "Mozilla/5.0 AppleWebKit/537.36 (KHTML, like Gecko; compatible; GPTBot/1.2; +https://openai.com/gptbot)"
216.73.216.72 - - [12/Jun/2025:08:35:10 -0400] "GET /eo1231272940.htm HTTP/1.1" 301 0 "-" "Mozilla/5.0 AppleWebKit/537.36 (KHTML, like Gecko; compatible; ClaudeBot/1.0; [email protected])"
20.171.207.241 - - [12/Jun/2025:08:35:10 -0400] "GET / HTTP/1.1" 200 9388 "-" "Mozilla/5.0 AppleWebKit/537.36 (KHTML, like Gecko; compatible; GPTBot/1.2; +https://openai.com/gptbot)"
20.171.207.241 - - [12/Jun/2025:08:35:12 -0400] "GET /vt/shopdetail/849020321.htm HTTP/1.1" 301 0 "-" "Mozilla/5.0 AppleWebKit/537.36 (KHTML, like Gecko; compatible; GPTBot/1.2; +https://openai.com/gptbot)"
216.73.216.72 - - [12/Jun/2025:08:35:14 -0400] "GET /t/1219961865.htm HTTP/1.1" 301 0 "-" "Mozilla/5.0 AppleWebKit/537.36 (KHTML, like Gecko; compatible; ClaudeBot/1.0; [email protected])"
20.171.207.241 - - [12/Jun/2025:08:35:14 -0400] "GET / HTTP/1.1" 200 9388 "-" "Mozilla/5.0 AppleWebKit/537.36 (KHTML, like Gecko; compatible; GPTBot/1.2; +https://openai.com/gptbot)"
216.73.216.72 - - [12/Jun/2025:08:35:17 -0400] "GET /cs1231229394.htm HTTP/1.1" 301 0 "-" "Mozilla/5.0 AppleWebKit/537.36 (KHTML, like Gecko; compatible; ClaudeBot/1.0; [email protected])"
20.171.207.241 - - [12/Jun/2025:08:35:17 -0400] "GET /oy/shopdetail/711082318.htm HTTP/1.1" 301 0 "-" "Mozilla/5.0 AppleWebKit/537.36 (KHTML, like Gecko; compatible; GPTBot/1.2; +https://openai.com/gptbot)"
216.73.216.72 - - [12/Jun/2025:08:35:20 -0400] "GET /q/goodscode1227366796.htm HTTP/1.1" 301 0 "-" "Mozilla/5.0 AppleWebKit/537.36 (KHTML, like Gecko; compatible; ClaudeBot/1.0; [email protected])"
20.171.207.241 - - [12/Jun/2025:08:35:19 -0400] "GET / HTTP/1.1" 200 9388 "-" "Mozilla/5.0 AppleWebKit/537.36 (KHTML, like Gecko; compatible; GPTBot/1.2; +https://openai.com/gptbot)"
20.171.207.241 - - [12/Jun/2025:08:35:22 -0400] "GET /d/squid/detail867595621.htm HTTP/1.1" 301 0 "-" "Mozilla/5.0 AppleWebKit/537.36 (KHTML, like Gecko; compatible; GPTBot/1.2; +https://openai.com/gptbot)"
216.73.216.72 - - [12/Jun/2025:08:35:23 -0400] "GET /oay/1227280234.htm HTTP/1.1" 301 0 "-" "Mozilla/5.0 AppleWebKit/537.36 (KHTML, like Gecko; compatible; ClaudeBot/1.0; [email protected])"
20.171.207.241 - - [12/Jun/2025:08:35:24 -0400] "GET / HTTP/1.1" 200 9388 "-" "Mozilla/5.0 AppleWebKit/537.36 (KHTML, like Gecko; compatible; GPTBot/1.2; +https://openai.com/gptbot)"
216.73.216.72 - - [12/Jun/2025:08:35:26 -0400] "GET /lx/info/1231329265.htm HTTP/1.1" 301 0 "-" "Mozilla/5.0 AppleWebKit/537.36 (KHTML, like Gecko; compatible; ClaudeBot/1.0; [email protected])"
162.0.232.193 - - [12/Jun/2025:08:35:30 -0400] "POST /wp-cron.php?doing_wp_cron=1749731729.3498289585113525390625 HTTP/1.1" 200 0 "-" "WordPress/6.8.1; https://reversevillain.com"
20.171.207.241 - - [12/Jun/2025:08:35:28 -0400] "GET /jj/shopdetail/171543641.htm HTTP/1.1" 301 0 "-" "Mozilla/5.0 AppleWebKit/537.36 (KHTML, like Gecko; compatible; GPTBot/1.2; +https://openai.com/gptbot)"
216.73.216.72 - - [12/Jun/2025:08:35:30 -0400] "GET /ixg/goodscode1227084904.htm HTTP/1.1" 301 0 "-" "Mozilla/5.0 AppleWebKit/537.36 (KHTML, like Gecko; compatible; ClaudeBot/1.0; [email protected])"
20.171.207.241 - - [12/Jun/2025:08:35:31 -0400] "GET / HTTP/1.1" 200 9388 "-" "Mozilla/5.0 AppleWebKit/537.36 (KHTML, like Gecko; compatible; GPTBot/1.2; +https://openai.com/gptbot)"
216.73.216.72 - - [12/Jun/2025:08:35:32 -0400] "GET /red/botcher/item/1227003885.htm HTTP/1.1" 301 0 "-" "Mozilla/5.0 AppleWebKit/537.36 (KHTML, like Gecko; compatible; ClaudeBot/1.0; [email protected])"
20.171.207.241 - - [12/Jun/2025:08:35:33 -0400] "GET /pr/shopdetail/590704937.htm HTTP/1.1" 301 0 "-" "Mozilla/5.0 AppleWebKit/537.36 (KHTML, like Gecko; compatible; GPTBot/1.2; +https://openai.com/gptbot)"
216.73.216.72 - - [12/Jun/2025:08:35:35 -0400] "GET /rcp/1227024489.htm HTTP/1.1" 301 0 "-" "Mozilla/5.0 AppleWebKit/537.36 (KHTML, like Gecko; compatible; ClaudeBot/1.0; [email protected])"
20.171.207.241 - - [12/Jun/2025:08:35:35 -0400] "GET / HTTP/1.1" 200 9388 "-" "Mozilla/5.0 AppleWebKit/537.36 (KHTML, like Gecko; compatible; GPTBot/1.2; +https://openai.com/gptbot)"
216.73.216.72 - - [12/Jun/2025:08:35:37 -0400] "GET /ibc1219915114.htm HTTP/1.1" 301 0 "-" "Mozilla/5.0 AppleWebKit/537.36 (KHTML, like Gecko; compatible; ClaudeBot/1.0; [email protected])"
20.171.207.241 - - [12/Jun/2025:08:35:38 -0400] "GET /rj/shopdetail/498356855.htm HTTP/1.1" 301 0 "-" "Mozilla/5.0 AppleWebKit/537.36 (KHTML, like Gecko; compatible; GPTBot/1.2; +https://openai.com/gptbot)"
20.171.207.241 - - [12/Jun/2025:08:35:39 -0400] "GET / HTTP/1.1" 200 9388 "-" "Mozilla/5.0 AppleWebKit/537.36 (KHTML, like Gecko; compatible; GPTBot/1.2; +https://openai.com/gptbot)"
216.73.216.72 - - [12/Jun/2025:08:35:40 -0400] "GET /r/goodscode1227035179.htm HTTP/1.1" 301 0 "-" "Mozilla/5.0 AppleWebKit/537.36 (KHTML, like Gecko; compatible; ClaudeBot/1.0; [email protected])"
20.171.207.241 - - [12/Jun/2025:08:35:42 -0400] "GET /nh/shopdetail/841686437.htm HTTP/1.1" 301 0 "-" "Mozilla/5.0 AppleWebKit/537.36 (KHTML, like Gecko; compatible; GPTBot/1.2; +https://openai.com/gptbot)"
20.171.207.241 - - [12/Jun/2025:08:35:43 -0400] "GET / HTTP/1.1" 200 9388 "-" "Mozilla/5.0 AppleWebKit/537.36 (KHTML, like Gecko; compatible; GPTBot/1.2; +https://openai.com/gptbot)"
216.73.216.72 - - [12/Jun/2025:08:35:44 -0400] "GET /tml/1231310429.htm HTTP/1.1" 301 0 "-" "Mozilla/5.0 AppleWebKit/537.36 (KHTML, like Gecko; compatible; ClaudeBot/1.0; [email protected])"
20.171.207.241 - - [12/Jun/2025:08:35:47 -0400] "GET /cm/shopdetail/848969562.htm HTTP/1.1" 301 0 "-" "Mozilla/5.0 AppleWebKit/537.36 (KHTML, like Gecko; compatible; GPTBot/1.2; +https://openai.com/gptbot)"
216.73.216.72 - - [12/Jun/2025:08:35:46 -0400] "GET /pf/deviance/entity1227312221.htm HTTP/1.1" 301 0 "-" "Mozilla/5.0 AppleWebKit/537.36 (KHTML, like Gecko; compatible; ClaudeBot/1.0; [email protected])"
185.199.236.107 - - [12/Jun/2025:08:35:47 -0400] "GET /wp-login.php HTTP/1.1" 200 2047 "http://reversevillain.com" "Mozilla/5.0 (Macintosh; Intel Mac OS X 14_6) AppleWebKit/605.1.15 (KHTML, like Gecko) Version/17.5 Safari/605.1.15"
20.171.207.241 - - [12/Jun/2025:08:35:48 -0400] "GET / HTTP/1.1" 200 9388 "-" "Mozilla/5.0 AppleWebKit/537.36 (KHTML, like Gecko; compatible; GPTBot/1.2; +https://openai.com/gptbot)"
216.73.216.72 - - [12/Jun/2025:08:35:50 -0400] "GET /bt/goodscode1227007775.htm HTTP/1.1" 301 0 "-" "Mozilla/5.0 AppleWebKit/537.36 (KHTML, like Gecko; compatible; ClaudeBot/1.0; [email protected])"
20.171.207.241 - - [12/Jun/2025:08:35:50 -0400] "GET /ic/shopdetail/867362602.htm HTTP/1.1" 301 0 "-" "Mozilla/5.0 AppleWebKit/537.36 (KHTML, like Gecko; compatible; GPTBot/1.2; +https://openai.com/gptbot)"
20.171.207.241 - - [12/Jun/2025:08:35:51 -0400] "GET / HTTP/1.1" 200 9388 "-" "Mozilla/5.0 AppleWebKit/537.36 (KHTML, like Gecko; compatible; GPTBot/1.2; +https://openai.com/gptbot)"
216.73.216.72 - - [12/Jun/2025:08:35:52 -0400] "GET /rdl/goodscode1231310091.htm HTTP/1.1" 301 0 "-" "Mozilla/5.0 AppleWebKit/537.36 (KHTML, like Gecko; compatible; ClaudeBot/1.0; [email protected])"
20.171.207.241 - - [12/Jun/2025:08:35:54 -0400] "GET /hj/shopdetail/391717647.htm HTTP/1.1" 301 0 "-" "Mozilla/5.0 AppleWebKit/537.36 (KHTML, like Gecko; compatible; GPTBot/1.2; +https://openai.com/gptbot)"
20.171.207.241 - - [12/Jun/2025:08:35:55 -0400] "GET / HTTP/1.1" 200 9389 "-" "Mozilla/5.0 AppleWebKit/537.36 (KHTML, like Gecko; compatible; GPTBot/1.2; +https://openai.com/gptbot)"
20.171.207.241 - - [12/Jun/2025:08:35:57 -0400] "GET /rz/shopdetail/196114047.htm HTTP/1.1" 301 0 "-" "Mozilla/5.0 AppleWebKit/537.36 (KHTML, like Gecko; compatible; GPTBot/1.2; +https://openai.com/gptbot)"
20.171.207.241 - - [12/Jun/2025:08:35:58 -0400] "GET / HTTP/1.1" 200 9423 "-" "Mozilla/5.0 AppleWebKit/537.36 (KHTML, like Gecko; compatible; GPTBot/1.2; +https://openai.com/gptbot)"
20.171.207.241 - - [12/Jun/2025:08:36:00 -0400] "GET /ey/shopdetail/338895802.htm HTTP/1.1" 301 0 "-" "Mozilla/5.0 AppleWebKit/537.36 (KHTML, like Gecko; compatible; GPTBot/1.2; +https://openai.com/gptbot)"
20.171.207.241 - - [12/Jun/2025:08:36:01 -0400] "GET / HTTP/1.1" 200 9388 "-" "Mozilla/5.0 AppleWebKit/537.36 (KHTML, like Gecko; compatible; GPTBot/1.2; +https://openai.com/gptbot)"
20.171.207.241 - - [12/Jun/2025:08:36:03 -0400] "GET /mc/shopdetail/867278518.htm HTTP/1.1" 301 0 "-" "Mozilla/5.0 AppleWebKit/537.36 (KHTML, like Gecko; compatible; GPTBot/1.2; +https://openai.com/gptbot)"
20.171.207.241 - - [12/Jun/2025:08:36:04 -0400] "GET / HTTP/1.1" 200 9388 "-" "Mozilla/5.0 AppleWebKit/537.36 (KHTML, like Gecko; compatible; GPTBot/1.2; +https://openai.com/gptbot)"
20.171.207.241 - - [12/Jun/2025:08:36:06 -0400] "GET /e/marco/detail849023798.htm HTTP/1.1" 301 0 "-" "Mozilla/5.0 AppleWebKit/537.36 (KHTML, like Gecko; compatible; GPTBot/1.2; +https://openai.com/gptbot)"
20.171.207.241 - - [12/Jun/2025:08:36:07 -0400] "GET / HTTP/1.1" 200 9388 "-" "Mozilla/5.0 AppleWebKit/537.36 (KHTML, like Gecko; compatible; GPTBot/1.2; +https://openai.com/gptbot)"
20.171.207.241 - - [12/Jun/2025:08:36:08 -0400] "GET /ey/shopdetail/841725272.htm HTTP/1.1" 301 0 "-" "Mozilla/5.0 AppleWebKit/537.36 (KHTML, like Gecko; compatible; GPTBot/1.2; +https://openai.com/gptbot)"
20.171.207.241 - - [12/Jun/2025:08:36:09 -0400] "GET / HTTP/1.1" 200 9388 "-" "Mozilla/5.0 AppleWebKit/537.36 (KHTML, like Gecko; compatible; GPTBot/1.2; +https://openai.com/gptbot)"
20.171.207.241 - - [12/Jun/2025:08:36:10 -0400] "GET /sw/shopdetail/848911462.htm HTTP/1.1" 301 0 "-" "Mozilla/5.0 AppleWebKit/537.36 (KHTML, like Gecko; compatible; GPTBot/1.2; +https://openai.com/gptbot)"
20.171.207.241 - - [12/Jun/2025:08:36:11 -0400] "GET / HTTP/1.1" 200 9388 "-" "Mozilla/5.0 AppleWebKit/537.36 (KHTML, like Gecko; compatible; GPTBot/1.2; +https://openai.com/gptbot)"
20.171.207.241 - - [12/Jun/2025:08:36:12 -0400] "GET /y/cooled/items899769130.htm HTTP/1.1" 301 0 "-" "Mozilla/5.0 AppleWebKit/537.36 (KHTML, like Gecko; compatible; GPTBot/1.2; +https://openai.com/gptbot)"
216.73.216.72 - - [12/Jun/2025:08:36:13 -0400] "GET /d/goodscode1231250683.htm HTTP/1.1" 301 0 "-" "Mozilla/5.0 AppleWebKit/537.36 (KHTML, like Gecko; compatible; ClaudeBot/1.0; [email protected])"
20.171.207.241 - - [12/Jun/2025:08:36:13 -0400] "GET / HTTP/1.1" 200 9388 "-" "Mozilla/5.0 AppleWebKit/537.36 (KHTML, like Gecko; compatible; GPTBot/1.2; +https://openai.com/gptbot)"
20.171.207.241 - - [12/Jun/2025:08:36:15 -0400] "GET /goe/semipellucidity/products/848917996.htm HTTP/1.1" 301 0 "-" "Mozilla/5.0 AppleWebKit/537.36 (KHTML, like Gecko; compatible; GPTBot/1.2; +https://openai.com/gptbot)"
20.171.207.241 - - [12/Jun/2025:08:36:16 -0400] "GET / HTTP/1.1" 200 9388 "-" "Mozilla/5.0 AppleWebKit/537.36 (KHTML, like Gecko; compatible; GPTBot/1.2; +https://openai.com/gptbot)"
216.73.216.72 - - [12/Jun/2025:08:36:16 -0400] "GET /jt/refounder/items1227085333.htm HTTP/1.1" 301 0 "-" "Mozilla/5.0 AppleWebKit/537.36 (KHTML, like Gecko; compatible; ClaudeBot/1.0; [email protected])"
20.171.207.241 - - [12/Jun/2025:08:36:17 -0400] "GET /v/beluting/shopbrand16174085.htm HTTP/1.1" 301 0 "-" "Mozilla/5.0 AppleWebKit/537.36 (KHTML, like Gecko; compatible; GPTBot/1.2; +https://openai.com/gptbot)"
