20.171.207.241 - - [12/Jun/2025:10:02:09 -0400] "GET / HTTP/1.1" 200 9388 "-" "Mozilla/5.0 AppleWebKit/537.36 (KHTML, like Gecko; compatible; GPTBot/1.2; +https://openai.com/gptbot)"
216.73.216.72 - - [12/Jun/2025:10:02:10 -0400] "GET /wy1231450790.htm HTTP/1.1" 301 0 "-" "Mozilla/5.0 AppleWebKit/537.36 (KHTML, like Gecko; compatible; ClaudeBot/1.0; [email protected])"
216.73.216.72 - - [12/Jun/2025:10:02:13 -0400] "GET /sitemap-subitem-2568.xml HTTP/1.1" 200 9495 "-" "Mozilla/5.0 AppleWebKit/537.36 (KHTML, like Gecko; compatible; ClaudeBot/1.0; [email protected])"
20.171.207.241 - - [12/Jun/2025:10:02:13 -0400] "GET /k/detail705897704.htm HTTP/1.1" 301 0 "-" "Mozilla/5.0 AppleWebKit/537.36 (KHTML, like Gecko; compatible; GPTBot/1.2; +https://openai.com/gptbot)"
20.171.207.241 - - [12/Jun/2025:10:02:14 -0400] "GET / HTTP/1.1" 200 9388 "-" "Mozilla/5.0 AppleWebKit/537.36 (KHTML, like Gecko; compatible; GPTBot/1.2; +https://openai.com/gptbot)"
216.73.216.72 - - [12/Jun/2025:10:02:16 -0400] "GET /bb1227050215.htm HTTP/1.1" 301 0 "-" "Mozilla/5.0 AppleWebKit/537.36 (KHTML, like Gecko; compatible; ClaudeBot/1.0; [email protected])"
20.171.207.241 - - [12/Jun/2025:10:02:18 -0400] "GET /nl/items841675547.htm HTTP/1.1" 301 0 "-" "Mozilla/5.0 AppleWebKit/537.36 (KHTML, like Gecko; compatible; GPTBot/1.2; +https://openai.com/gptbot)"
216.73.216.72 - - [12/Jun/2025:10:02:19 -0400] "GET /sitemap-subitem-1069.xml HTTP/1.1" 200 9455 "-" "Mozilla/5.0 AppleWebKit/537.36 (KHTML, like Gecko; compatible; ClaudeBot/1.0; [email protected])"
20.171.207.241 - - [12/Jun/2025:10:02:19 -0400] "GET / HTTP/1.1" 200 9388 "-" "Mozilla/5.0 AppleWebKit/537.36 (KHTML, like Gecko; compatible; GPTBot/1.2; +https://openai.com/gptbot)"
216.73.216.72 - - [12/Jun/2025:10:02:22 -0400] "GET /sitemap-subitem-2518.xml HTTP/1.1" 200 9255 "-" "Mozilla/5.0 AppleWebKit/537.36 (KHTML, like Gecko; compatible; ClaudeBot/1.0; [email protected])"
20.171.207.241 - - [12/Jun/2025:10:02:21 -0400] "GET /hf/items517716269.htm HTTP/1.1" 301 0 "-" "Mozilla/5.0 AppleWebKit/537.36 (KHTML, like Gecko; compatible; GPTBot/1.2; +https://openai.com/gptbot)"
20.171.207.241 - - [12/Jun/2025:10:02:23 -0400] "GET / HTTP/1.1" 200 9388 "-" "Mozilla/5.0 AppleWebKit/537.36 (KHTML, like Gecko; compatible; GPTBot/1.2; +https://openai.com/gptbot)"
216.73.216.72 - - [12/Jun/2025:10:02:25 -0400] "GET /sitemap-subitem-2834.xml HTTP/1.1" 200 9362 "-" "Mozilla/5.0 AppleWebKit/537.36 (KHTML, like Gecko; compatible; ClaudeBot/1.0; [email protected])"
20.171.207.241 - - [12/Jun/2025:10:02:25 -0400] "GET /c/entity711034626.htm HTTP/1.1" 301 0 "-" "Mozilla/5.0 AppleWebKit/537.36 (KHTML, like Gecko; compatible; GPTBot/1.2; +https://openai.com/gptbot)"
20.171.207.241 - - [12/Jun/2025:10:02:27 -0400] "GET / HTTP/1.1" 200 9388 "-" "Mozilla/5.0 AppleWebKit/537.36 (KHTML, like Gecko; compatible; GPTBot/1.2; +https://openai.com/gptbot)"
216.73.216.72 - - [12/Jun/2025:10:02:28 -0400] "GET /sitemap-subitem-1033.xml HTTP/1.1" 200 9479 "-" "Mozilla/5.0 AppleWebKit/537.36 (KHTML, like Gecko; compatible; ClaudeBot/1.0; [email protected])"
162.0.232.193 - - [12/Jun/2025:10:02:29 -0400] "POST /wp-cron.php?doing_wp_cron=1749736949.4779078960418701171875 HTTP/1.1" 200 0 "-" "WordPress/6.8.1; https://reversevillain.com"
20.171.207.241 - - [12/Jun/2025:10:02:29 -0400] "GET /h/detail710769289.htm HTTP/1.1" 301 0 "-" "Mozilla/5.0 AppleWebKit/537.36 (KHTML, like Gecko; compatible; GPTBot/1.2; +https://openai.com/gptbot)"
20.171.207.241 - - [12/Jun/2025:10:02:29 -0400] "GET / HTTP/1.1" 200 9388 "-" "Mozilla/5.0 AppleWebKit/537.36 (KHTML, like Gecko; compatible; GPTBot/1.2; +https://openai.com/gptbot)"
216.73.216.72 - - [12/Jun/2025:10:02:31 -0400] "GET /yk/1227113092.htm HTTP/1.1" 301 0 "-" "Mozilla/5.0 AppleWebKit/537.36 (KHTML, like Gecko; compatible; ClaudeBot/1.0; [email protected])"
20.171.207.241 - - [12/Jun/2025:10:02:32 -0400] "GET /o/detail498195810.htm HTTP/1.1" 301 0 "-" "Mozilla/5.0 AppleWebKit/537.36 (KHTML, like Gecko; compatible; GPTBot/1.2; +https://openai.com/gptbot)"
20.171.207.241 - - [12/Jun/2025:10:02:33 -0400] "GET / HTTP/1.1" 200 9388 "-" "Mozilla/5.0 AppleWebKit/537.36 (KHTML, like Gecko; compatible; GPTBot/1.2; +https://openai.com/gptbot)"
216.73.216.72 - - [12/Jun/2025:10:02:34 -0400] "GET /c/shopbrand1227371200.htm HTTP/1.1" 301 0 "-" "Mozilla/5.0 AppleWebKit/537.36 (KHTML, like Gecko; compatible; ClaudeBot/1.0; [email protected])"
20.171.207.241 - - [12/Jun/2025:10:02:34 -0400] "GET /q/entity899808586.htm HTTP/1.1" 301 0 "-" "Mozilla/5.0 AppleWebKit/537.36 (KHTML, like Gecko; compatible; GPTBot/1.2; +https://openai.com/gptbot)"
20.171.207.241 - - [12/Jun/2025:10:02:35 -0400] "GET / HTTP/1.1" 200 9388 "-" "Mozilla/5.0 AppleWebKit/537.36 (KHTML, like Gecko; compatible; GPTBot/1.2; +https://openai.com/gptbot)"
216.73.216.72 - - [12/Jun/2025:10:02:37 -0400] "GET /yua/1231259276.htm HTTP/1.1" 301 0 "-" "Mozilla/5.0 AppleWebKit/537.36 (KHTML, like Gecko; compatible; ClaudeBot/1.0; [email protected])"
20.171.207.241 - - [12/Jun/2025:10:02:37 -0400] "GET /x/detail195914231.htm HTTP/1.1" 301 0 "-" "Mozilla/5.0 AppleWebKit/537.36 (KHTML, like Gecko; compatible; GPTBot/1.2; +https://openai.com/gptbot)"
20.171.207.241 - - [12/Jun/2025:10:02:38 -0400] "GET / HTTP/1.1" 200 9388 "-" "Mozilla/5.0 AppleWebKit/537.36 (KHTML, like Gecko; compatible; GPTBot/1.2; +https://openai.com/gptbot)"
216.73.216.72 - - [12/Jun/2025:10:02:40 -0400] "GET /r/shopping/1219907645.htm HTTP/1.1" 301 0 "-" "Mozilla/5.0 AppleWebKit/537.36 (KHTML, like Gecko; compatible; ClaudeBot/1.0; [email protected])"
20.171.207.241 - - [12/Jun/2025:10:02:40 -0400] "GET /q/detail710901750.htm HTTP/1.1" 301 0 "-" "Mozilla/5.0 AppleWebKit/537.36 (KHTML, like Gecko; compatible; GPTBot/1.2; +https://openai.com/gptbot)"
20.171.207.241 - - [12/Jun/2025:10:02:41 -0400] "GET / HTTP/1.1" 200 9388 "-" "Mozilla/5.0 AppleWebKit/537.36 (KHTML, like Gecko; compatible; GPTBot/1.2; +https://openai.com/gptbot)"
20.171.207.241 - - [12/Jun/2025:10:02:43 -0400] "GET /h/detail899750963.htm HTTP/1.1" 301 0 "-" "Mozilla/5.0 AppleWebKit/537.36 (KHTML, like Gecko; compatible; GPTBot/1.2; +https://openai.com/gptbot)"
216.73.216.72 - - [12/Jun/2025:10:02:43 -0400] "GET /s1231406146.htm HTTP/1.1" 301 0 "-" "Mozilla/5.0 AppleWebKit/537.36 (KHTML, like Gecko; compatible; ClaudeBot/1.0; [email protected])"
66.249.66.168 - - [12/Jun/2025:10:02:43 -0400] "GET /w579412970.htm HTTP/1.1" 200 39248 "-" "Mozilla/5.0 (Linux; Android 6.0.1; Nexus 5X Build/MMB29P) AppleWebKit/537.36 (KHTML, like Gecko) Chrome/136.0.7103.113 Mobile Safari/537.36 (compatible; Googlebot/2.1; +http://www.google.com/bot.html)"
20.171.207.241 - - [12/Jun/2025:10:02:43 -0400] "GET / HTTP/1.1" 200 9388 "-" "Mozilla/5.0 AppleWebKit/537.36 (KHTML, like Gecko; compatible; GPTBot/1.2; +https://openai.com/gptbot)"
66.249.66.195 - - [12/Jun/2025:10:02:44 -0400] "GET /c26650024.htm HTTP/1.1" 200 37876 "-" "Mozilla/5.0 (Linux; Android 6.0.1; Nexus 5X Build/MMB29P) AppleWebKit/537.36 (KHTML, like Gecko) Chrome/136.0.7103.113 Mobile Safari/537.36 (compatible; Googlebot/2.1; +http://www.google.com/bot.html)"
20.171.207.241 - - [12/Jun/2025:10:02:45 -0400] "GET /a/detail841712898.htm HTTP/1.1" 301 0 "-" "Mozilla/5.0 AppleWebKit/537.36 (KHTML, like Gecko; compatible; GPTBot/1.2; +https://openai.com/gptbot)"
20.171.207.241 - - [12/Jun/2025:10:02:45 -0400] "GET / HTTP/1.1" 200 9388 "-" "Mozilla/5.0 AppleWebKit/537.36 (KHTML, like Gecko; compatible; GPTBot/1.2; +https://openai.com/gptbot)"
216.73.216.72 - - [12/Jun/2025:10:02:46 -0400] "GET /krg/immoble/detail1231210558.htm HTTP/1.1" 301 0 "-" "Mozilla/5.0 AppleWebKit/537.36 (KHTML, like Gecko; compatible; ClaudeBot/1.0; [email protected])"
20.171.207.241 - - [12/Jun/2025:10:02:47 -0400] "GET /lv/items117505825.htm HTTP/1.1" 301 0 "-" "Mozilla/5.0 AppleWebKit/537.36 (KHTML, like Gecko; compatible; GPTBot/1.2; +https://openai.com/gptbot)"
20.171.207.241 - - [12/Jun/2025:10:02:48 -0400] "GET / HTTP/1.1" 200 9388 "-" "Mozilla/5.0 AppleWebKit/537.36 (KHTML, like Gecko; compatible; GPTBot/1.2; +https://openai.com/gptbot)"
20.171.207.241 - - [12/Jun/2025:10:02:49 -0400] "GET /l/entity705930707.htm HTTP/1.1" 301 0 "-" "Mozilla/5.0 AppleWebKit/537.36 (KHTML, like Gecko; compatible; GPTBot/1.2; +https://openai.com/gptbot)"
216.73.216.72 - - [12/Jun/2025:10:02:49 -0400] "GET /gwa/1231176804.htm HTTP/1.1" 301 0 "-" "Mozilla/5.0 AppleWebKit/537.36 (KHTML, like Gecko; compatible; ClaudeBot/1.0; [email protected])"
20.171.207.241 - - [12/Jun/2025:10:02:49 -0400] "GET / HTTP/1.1" 200 9388 "-" "Mozilla/5.0 AppleWebKit/537.36 (KHTML, like Gecko; compatible; GPTBot/1.2; +https://openai.com/gptbot)"
20.171.207.241 - - [12/Jun/2025:10:02:51 -0400] "GET /y/entity171432758.htm HTTP/1.1" 301 0 "-" "Mozilla/5.0 AppleWebKit/537.36 (KHTML, like Gecko; compatible; GPTBot/1.2; +https://openai.com/gptbot)"
216.73.216.72 - - [12/Jun/2025:10:02:52 -0400] "GET /n/info/1219884581.htm HTTP/1.1" 301 0 "-" "Mozilla/5.0 AppleWebKit/537.36 (KHTML, like Gecko; compatible; ClaudeBot/1.0; [email protected])"
20.171.207.241 - - [12/Jun/2025:10:02:52 -0400] "GET / HTTP/1.1" 200 9388 "-" "Mozilla/5.0 AppleWebKit/537.36 (KHTML, like Gecko; compatible; GPTBot/1.2; +https://openai.com/gptbot)"
20.171.207.241 - - [12/Jun/2025:10:02:53 -0400] "GET /h/detail710769289.htm HTTP/1.1" 301 0 "-" "Mozilla/5.0 AppleWebKit/537.36 (KHTML, like Gecko; compatible; GPTBot/1.2; +https://openai.com/gptbot)"
20.171.207.241 - - [12/Jun/2025:10:02:54 -0400] "GET / HTTP/1.1" 200 9388 "-" "Mozilla/5.0 AppleWebKit/537.36 (KHTML, like Gecko; compatible; GPTBot/1.2; +https://openai.com/gptbot)"
20.171.207.241 - - [12/Jun/2025:10:02:56 -0400] "GET /hl/items498310525.htm HTTP/1.1" 301 0 "-" "Mozilla/5.0 AppleWebKit/537.36 (KHTML, like Gecko; compatible; GPTBot/1.2; +https://openai.com/gptbot)"
20.171.207.241 - - [12/Jun/2025:10:02:56 -0400] "GET / HTTP/1.1" 200 9388 "-" "Mozilla/5.0 AppleWebKit/537.36 (KHTML, like Gecko; compatible; GPTBot/1.2; +https://openai.com/gptbot)"
20.171.207.241 - - [12/Jun/2025:10:02:58 -0400] "GET /k/detail195908118.htm HTTP/1.1" 301 0 "-" "Mozilla/5.0 AppleWebKit/537.36 (KHTML, like Gecko; compatible; GPTBot/1.2; +https://openai.com/gptbot)"
20.171.207.241 - - [12/Jun/2025:10:02:58 -0400] "GET / HTTP/1.1" 200 9388 "-" "Mozilla/5.0 AppleWebKit/537.36 (KHTML, like Gecko; compatible; GPTBot/1.2; +https://openai.com/gptbot)"
20.171.207.241 - - [12/Jun/2025:10:02:59 -0400] "GET /qe/items171472214.htm HTTP/1.1" 301 0 "-" "Mozilla/5.0 AppleWebKit/537.36 (KHTML, like Gecko; compatible; GPTBot/1.2; +https://openai.com/gptbot)"
20.171.207.241 - - [12/Jun/2025:10:03:01 -0400] "GET / HTTP/1.1" 200 9388 "-" "Mozilla/5.0 AppleWebKit/537.36 (KHTML, like Gecko; compatible; GPTBot/1.2; +https://openai.com/gptbot)"
20.171.207.241 - - [12/Jun/2025:10:03:02 -0400] "GET /e/entity517939680.htm HTTP/1.1" 301 0 "-" "Mozilla/5.0 AppleWebKit/537.36 (KHTML, like Gecko; compatible; GPTBot/1.2; +https://openai.com/gptbot)"
20.171.207.241 - - [12/Jun/2025:10:03:02 -0400] "GET / HTTP/1.1" 200 9388 "-" "Mozilla/5.0 AppleWebKit/537.36 (KHTML, like Gecko; compatible; GPTBot/1.2; +https://openai.com/gptbot)"
20.171.207.241 - - [12/Jun/2025:10:03:04 -0400] "GET /c/detail117469846.htm HTTP/1.1" 301 0 "-" "Mozilla/5.0 AppleWebKit/537.36 (KHTML, like Gecko; compatible; GPTBot/1.2; +https://openai.com/gptbot)"
20.171.207.241 - - [12/Jun/2025:10:03:05 -0400] "GET / HTTP/1.1" 200 9388 "-" "Mozilla/5.0 AppleWebKit/537.36 (KHTML, like Gecko; compatible; GPTBot/1.2; +https://openai.com/gptbot)"
20.171.207.241 - - [12/Jun/2025:10:03:07 -0400] "GET /s/detail338976086.htm HTTP/1.1" 301 0 "-" "Mozilla/5.0 AppleWebKit/537.36 (KHTML, like Gecko; compatible; GPTBot/1.2; +https://openai.com/gptbot)"
20.171.207.241 - - [12/Jun/2025:10:03:07 -0400] "GET / HTTP/1.1" 200 9388 "-" "Mozilla/5.0 AppleWebKit/537.36 (KHTML, like Gecko; compatible; GPTBot/1.2; +https://openai.com/gptbot)"
20.171.207.241 - - [12/Jun/2025:10:03:09 -0400] "GET /tj/items171547723.htm HTTP/1.1" 301 0 "-" "Mozilla/5.0 AppleWebKit/537.36 (KHTML, like Gecko; compatible; GPTBot/1.2; +https://openai.com/gptbot)"
20.171.207.241 - - [12/Jun/2025:10:03:09 -0400] "GET / HTTP/1.1" 200 9388 "-" "Mozilla/5.0 AppleWebKit/537.36 (KHTML, like Gecko; compatible; GPTBot/1.2; +https://openai.com/gptbot)"
216.73.216.72 - - [12/Jun/2025:10:03:11 -0400] "GET /cq/product1231293222.htm HTTP/1.1" 301 0 "-" "Mozilla/5.0 AppleWebKit/537.36 (KHTML, like Gecko; compatible; ClaudeBot/1.0; [email protected])"
20.171.207.241 - - [12/Jun/2025:10:03:11 -0400] "GET /l/entity117762321.htm HTTP/1.1" 301 0 "-" "Mozilla/5.0 AppleWebKit/537.36 (KHTML, like Gecko; compatible; GPTBot/1.2; +https://openai.com/gptbot)"
20.171.207.241 - - [12/Jun/2025:10:03:11 -0400] "GET / HTTP/1.1" 200 9388 "-" "Mozilla/5.0 AppleWebKit/537.36 (KHTML, like Gecko; compatible; GPTBot/1.2; +https://openai.com/gptbot)"
216.73.216.72 - - [12/Jun/2025:10:03:13 -0400] "GET /sitemap-subitem-1354.xml HTTP/1.1" 200 9452 "-" "Mozilla/5.0 AppleWebKit/537.36 (KHTML, like Gecko; compatible; ClaudeBot/1.0; [email protected])"
20.171.207.241 - - [12/Jun/2025:10:03:13 -0400] "GET /m/detail711006454.htm HTTP/1.1" 301 0 "-" "Mozilla/5.0 AppleWebKit/537.36 (KHTML, like Gecko; compatible; GPTBot/1.2; +https://openai.com/gptbot)"
20.171.207.241 - - [12/Jun/2025:10:03:14 -0400] "GET / HTTP/1.1" 200 9388 "-" "Mozilla/5.0 AppleWebKit/537.36 (KHTML, like Gecko; compatible; GPTBot/1.2; +https://openai.com/gptbot)"
20.171.207.241 - - [12/Jun/2025:10:03:15 -0400] "GET /rr/items867558683.htm HTTP/1.1" 301 0 "-" "Mozilla/5.0 AppleWebKit/537.36 (KHTML, like Gecko; compatible; GPTBot/1.2; +https://openai.com/gptbot)"
216.73.216.72 - - [12/Jun/2025:10:03:16 -0400] "GET /jj/shopbrand1227342021.htm HTTP/1.1" 301 0 "-" "Mozilla/5.0 AppleWebKit/537.36 (KHTML, like Gecko; compatible; ClaudeBot/1.0; [email protected])"
20.171.207.241 - - [12/Jun/2025:10:03:16 -0400] "GET / HTTP/1.1" 200 9390 "-" "Mozilla/5.0 AppleWebKit/537.36 (KHTML, like Gecko; compatible; GPTBot/1.2; +https://openai.com/gptbot)"
20.171.207.241 - - [12/Jun/2025:10:03:18 -0400] "GET /w/entity867486158.htm HTTP/1.1" 301 0 "-" "Mozilla/5.0 AppleWebKit/537.36 (KHTML, like Gecko; compatible; GPTBot/1.2; +https://openai.com/gptbot)"
20.171.207.241 - - [12/Jun/2025:10:03:19 -0400] "GET / HTTP/1.1" 200 9388 "-" "Mozilla/5.0 AppleWebKit/537.36 (KHTML, like Gecko; compatible; GPTBot/1.2; +https://openai.com/gptbot)"
216.73.216.72 - - [12/Jun/2025:10:03:19 -0400] "GET /lwj/briard/shopping/1227054097.htm HTTP/1.1" 301 0 "-" "Mozilla/5.0 AppleWebKit/537.36 (KHTML, like Gecko; compatible; ClaudeBot/1.0; [email protected])"
20.171.207.241 - - [12/Jun/2025:10:03:21 -0400] "GET /ou/items710922024.htm HTTP/1.1" 301 0 "-" "Mozilla/5.0 AppleWebKit/537.36 (KHTML, like Gecko; compatible; GPTBot/1.2; +https://openai.com/gptbot)"
20.171.207.241 - - [12/Jun/2025:10:03:22 -0400] "GET / HTTP/1.1" 200 9390 "-" "Mozilla/5.0 AppleWebKit/537.36 (KHTML, like Gecko; compatible; GPTBot/1.2; +https://openai.com/gptbot)"
216.73.216.72 - - [12/Jun/2025:10:03:22 -0400] "GET /umc/fascia/products/1227133364.htm HTTP/1.1" 301 0 "-" "Mozilla/5.0 AppleWebKit/537.36 (KHTML, like Gecko; compatible; ClaudeBot/1.0; [email protected])"
20.171.207.241 - - [12/Jun/2025:10:03:23 -0400] "GET /ky/items195951390.htm HTTP/1.1" 301 0 "-" "Mozilla/5.0 AppleWebKit/537.36 (KHTML, like Gecko; compatible; GPTBot/1.2; +https://openai.com/gptbot)"
20.171.207.241 - - [12/Jun/2025:10:03:24 -0400] "GET / HTTP/1.1" 200 9388 "-" "Mozilla/5.0 AppleWebKit/537.36 (KHTML, like Gecko; compatible; GPTBot/1.2; +https://openai.com/gptbot)"
216.73.216.72 - - [12/Jun/2025:10:03:25 -0400] "GET /sitemap-subitem-1223.xml HTTP/1.1" 200 9575 "-" "Mozilla/5.0 AppleWebKit/537.36 (KHTML, like Gecko; compatible; ClaudeBot/1.0; [email protected])"
20.171.207.241 - - [12/Jun/2025:10:03:26 -0400] "GET /rf/items391678513.htm HTTP/1.1" 301 0 "-" "Mozilla/5.0 AppleWebKit/537.36 (KHTML, like Gecko; compatible; GPTBot/1.2; +https://openai.com/gptbot)"
20.171.207.241 - - [12/Jun/2025:10:03:27 -0400] "GET / HTTP/1.1" 200 9390 "-" "Mozilla/5.0 AppleWebKit/537.36 (KHTML, like Gecko; compatible; GPTBot/1.2; +https://openai.com/gptbot)"
216.73.216.72 - - [12/Jun/2025:10:03:28 -0400] "GET /sitemap-subitem-2659.xml HTTP/1.1" 200 9394 "-" "Mozilla/5.0 AppleWebKit/537.36 (KHTML, like Gecko; compatible; ClaudeBot/1.0; [email protected])"
162.0.232.193 - - [12/Jun/2025:10:03:30 -0400] "POST /wp-cron.php?doing_wp_cron=1749737009.9457359313964843750000 HTTP/1.1" 200 0 "-" "WordPress/6.8.1; https://reversevillain.com"
20.171.207.241 - - [12/Jun/2025:10:03:29 -0400] "GET /jd/items171458121.htm HTTP/1.1" 301 0 "-" "Mozilla/5.0 AppleWebKit/537.36 (KHTML, like Gecko; compatible; GPTBot/1.2; +https://openai.com/gptbot)"
20.171.207.241 - - [12/Jun/2025:10:03:30 -0400] "GET / HTTP/1.1" 200 9388 "-" "Mozilla/5.0 AppleWebKit/537.36 (KHTML, like Gecko; compatible; GPTBot/1.2; +https://openai.com/gptbot)"
162.0.232.193 - - [12/Jun/2025:10:03:31 -0400] "POST /wp-admin/admin-ajax.php?action=async_litespeed&nonce=YpVUlTs55JpDjTIaX2ENAxXs90OFpdRV&litespeed_type=imgoptm HTTP/1.1" 200 5 "-" "WordPress/6.8.1; https://reversevillain.com"
20.171.207.241 - - [12/Jun/2025:10:03:31 -0400] "GET /h/detail517854919.htm HTTP/1.1" 301 0 "-" "Mozilla/5.0 AppleWebKit/537.36 (KHTML, like Gecko; compatible; GPTBot/1.2; +https://openai.com/gptbot)"
216.73.216.72 - - [12/Jun/2025:10:03:31 -0400] "GET /y/goods/1227348200.htm HTTP/1.1" 301 0 "-" "Mozilla/5.0 AppleWebKit/537.36 (KHTML, like Gecko; compatible; ClaudeBot/1.0; [email protected])"
20.171.207.241 - - [12/Jun/2025:10:03:32 -0400] "GET / HTTP/1.1" 200 9388 "-" "Mozilla/5.0 AppleWebKit/537.36 (KHTML, like Gecko; compatible; GPTBot/1.2; +https://openai.com/gptbot)"
216.73.216.72 - - [12/Jun/2025:10:03:34 -0400] "GET /ga/replica/products/1227041374.htm HTTP/1.1" 301 0 "-" "Mozilla/5.0 AppleWebKit/537.36 (KHTML, like Gecko; compatible; ClaudeBot/1.0; [email protected])"
162.0.232.193 - - [12/Jun/2025:10:03:35 -0400] "POST /wp-cron.php?doing_wp_cron=1749737015.2956230640411376953125 HTTP/1.1" 200 0 "-" "WordPress/6.8.1; https://reversevillain.com"
20.171.207.241 - - [12/Jun/2025:10:03:34 -0400] "GET /r/entity391721785.htm HTTP/1.1" 301 0 "-" "Mozilla/5.0 AppleWebKit/537.36 (KHTML, like Gecko; compatible; GPTBot/1.2; +https://openai.com/gptbot)"
20.171.207.241 - - [12/Jun/2025:10:03:35 -0400] "GET / HTTP/1.1" 200 9390 "-" "Mozilla/5.0 AppleWebKit/537.36 (KHTML, like Gecko; compatible; GPTBot/1.2; +https://openai.com/gptbot)"
20.171.207.241 - - [12/Jun/2025:10:03:36 -0400] "GET /u/entity391658852.htm HTTP/1.1" 301 0 "-" "Mozilla/5.0 AppleWebKit/537.36 (KHTML, like Gecko; compatible; GPTBot/1.2; +https://openai.com/gptbot)"
216.73.216.72 - - [12/Jun/2025:10:03:37 -0400] "GET /sitemap-subitem-1734.xml HTTP/1.1" 200 9556 "-" "Mozilla/5.0 AppleWebKit/537.36 (KHTML, like Gecko; compatible; ClaudeBot/1.0; [email protected])"
20.171.207.241 - - [12/Jun/2025:10:03:37 -0400] "GET / HTTP/1.1" 200 9388 "-" "Mozilla/5.0 AppleWebKit/537.36 (KHTML, like Gecko; compatible; GPTBot/1.2; +https://openai.com/gptbot)"
20.171.207.241 - - [12/Jun/2025:10:03:39 -0400] "GET /nf/items841728685.htm HTTP/1.1" 301 0 "-" "Mozilla/5.0 AppleWebKit/537.36 (KHTML, like Gecko; compatible; GPTBot/1.2; +https://openai.com/gptbot)"
20.171.207.241 - - [12/Jun/2025:10:03:40 -0400] "GET / HTTP/1.1" 200 9388 "-" "Mozilla/5.0 AppleWebKit/537.36 (KHTML, like Gecko; compatible; GPTBot/1.2; +https://openai.com/gptbot)"
216.73.216.72 - - [12/Jun/2025:10:03:40 -0400] "GET /bhr/vizir/detail1231367375.htm HTTP/1.1" 301 0 "-" "Mozilla/5.0 AppleWebKit/537.36 (KHTML, like Gecko; compatible; ClaudeBot/1.0; [email protected])"
20.171.207.241 - - [12/Jun/2025:10:03:42 -0400] "GET /fh/items705810151.htm HTTP/1.1" 301 0 "-" "Mozilla/5.0 AppleWebKit/537.36 (KHTML, like Gecko; compatible; GPTBot/1.2; +https://openai.com/gptbot)"
20.171.207.241 - - [12/Jun/2025:10:03:43 -0400] "GET / HTTP/1.1" 200 9388 "-" "Mozilla/5.0 AppleWebKit/537.36 (KHTML, like Gecko; compatible; GPTBot/1.2; +https://openai.com/gptbot)"
216.73.216.72 - - [12/Jun/2025:10:03:43 -0400] "GET /sitemap-subitem-626.xml HTTP/1.1" 200 9427 "-" "Mozilla/5.0 AppleWebKit/537.36 (KHTML, like Gecko; compatible; ClaudeBot/1.0; [email protected])"
20.171.207.241 - - [12/Jun/2025:10:03:45 -0400] "GET /u/entity498262164.htm HTTP/1.1" 301 0 "-" "Mozilla/5.0 AppleWebKit/537.36 (KHTML, like Gecko; compatible; GPTBot/1.2; +https://openai.com/gptbot)"
66.249.66.195 - - [12/Jun/2025:10:03:45 -0400] "GET /c580280490.htm HTTP/1.1" 200 37801 "-" "Mozilla/5.0 (Linux; Android 6.0.1; Nexus 5X Build/MMB29P) AppleWebKit/537.36 (KHTML, like Gecko) Chrome/136.0.7103.113 Mobile Safari/537.36 (compatible; Googlebot/2.1; +http://www.google.com/bot.html)"
20.171.207.241 - - [12/Jun/2025:10:03:45 -0400] "GET / HTTP/1.1" 200 9388 "-" "Mozilla/5.0 AppleWebKit/537.36 (KHTML, like Gecko; compatible; GPTBot/1.2; +https://openai.com/gptbot)"
216.73.216.72 - - [12/Jun/2025:10:03:46 -0400] "GET /frn1231122997.htm HTTP/1.1" 301 0 "-" "Mozilla/5.0 AppleWebKit/537.36 (KHTML, like Gecko; compatible; ClaudeBot/1.0; [email protected])"
66.249.66.169 - - [12/Jun/2025:10:03:46 -0400] "GET /reverse-villain-chapter-64/ HTTP/1.1" 200 39661 "-" "Mozilla/5.0 (Linux; Android 6.0.1; Nexus 5X Build/MMB29P) AppleWebKit/537.36 (KHTML, like Gecko) Chrome/136.0.7103.113 Mobile Safari/537.36 (compatible; Googlebot/2.1; +http://www.google.com/bot.html)"
20.171.207.241 - - [12/Jun/2025:10:03:47 -0400] "GET /uc/items841582484.htm HTTP/1.1" 301 0 "-" "Mozilla/5.0 AppleWebKit/537.36 (KHTML, like Gecko; compatible; GPTBot/1.2; +https://openai.com/gptbot)"
20.171.207.241 - - [12/Jun/2025:10:03:48 -0400] "GET / HTTP/1.1" 200 9388 "-" "Mozilla/5.0 AppleWebKit/537.36 (KHTML, like Gecko; compatible; GPTBot/1.2; +https://openai.com/gptbot)"
162.0.232.193 - - [12/Jun/2025:10:03:51 -0400] "POST /wp-cron.php?doing_wp_cron=1749737030.9662699699401855468750 HTTP/1.1" 200 0 "-" "WordPress/6.8.1; https://reversevillain.com"
216.73.216.72 - - [12/Jun/2025:10:03:49 -0400] "GET /k/inevitability/item/1231392472.htm HTTP/1.1" 301 0 "-" "Mozilla/5.0 AppleWebKit/537.36 (KHTML, like Gecko; compatible; ClaudeBot/1.0; [email protected])"
20.171.207.241 - - [12/Jun/2025:10:03:50 -0400] "GET /me/items195823944.htm HTTP/1.1" 301 0 "-" "Mozilla/5.0 AppleWebKit/537.36 (KHTML, like Gecko; compatible; GPTBot/1.2; +https://openai.com/gptbot)"
20.171.207.241 - - [12/Jun/2025:10:03:51 -0400] "GET / HTTP/1.1" 200 9388 "-" "Mozilla/5.0 AppleWebKit/537.36 (KHTML, like Gecko; compatible; GPTBot/1.2; +https://openai.com/gptbot)"
162.0.232.193 - - [12/Jun/2025:10:03:52 -0400] "POST /wp-admin/admin-ajax.php?action=async_litespeed&nonce=AxNEfglwbBYT7UcjPtjxrF9mwbBIweM3&litespeed_type=imgoptm HTTP/1.1" 200 5 "-" "WordPress/6.8.1; https://reversevillain.com"
20.171.207.241 - - [12/Jun/2025:10:03:52 -0400] "GET /z/entity196010699.htm HTTP/1.1" 301 0 "-" "Mozilla/5.0 AppleWebKit/537.36 (KHTML, like Gecko; compatible; GPTBot/1.2; +https://openai.com/gptbot)"
216.73.216.72 - - [12/Jun/2025:10:03:52 -0400] "GET /rt/1231321045.htm HTTP/1.1" 301 0 "-" "Mozilla/5.0 AppleWebKit/537.36 (KHTML, like Gecko; compatible; ClaudeBot/1.0; [email protected])"
20.171.207.241 - - [12/Jun/2025:10:03:53 -0400] "GET / HTTP/1.1" 200 9390 "-" "Mozilla/5.0 AppleWebKit/537.36 (KHTML, like Gecko; compatible; GPTBot/1.2; +https://openai.com/gptbot)"
20.171.207.241 - - [12/Jun/2025:10:03:55 -0400] "GET /fn/items117727285.htm HTTP/1.1" 301 0 "-" "Mozilla/5.0 AppleWebKit/537.36 (KHTML, like Gecko; compatible; GPTBot/1.2; +https://openai.com/gptbot)"
216.73.216.72 - - [12/Jun/2025:10:03:55 -0400] "GET /t/angelology/product1231385187.htm HTTP/1.1" 301 0 "-" "Mozilla/5.0 AppleWebKit/537.36 (KHTML, like Gecko; compatible; ClaudeBot/1.0; [email protected])"
20.171.207.241 - - [12/Jun/2025:10:03:56 -0400] "GET / HTTP/1.1" 200 9388 "-" "Mozilla/5.0 AppleWebKit/537.36 (KHTML, like Gecko; compatible; GPTBot/1.2; +https://openai.com/gptbot)"
20.171.207.241 - - [12/Jun/2025:10:03:58 -0400] "GET /t/detail196018935.htm HTTP/1.1" 301 0 "-" "Mozilla/5.0 AppleWebKit/537.36 (KHTML, like Gecko; compatible; GPTBot/1.2; +https://openai.com/gptbot)"
216.73.216.72 - - [12/Jun/2025:10:03:58 -0400] "GET /fn/egged/shopping/1231293973.htm HTTP/1.1" 301 0 "-" "Mozilla/5.0 AppleWebKit/537.36 (KHTML, like Gecko; compatible; ClaudeBot/1.0; [email protected])"
20.171.207.241 - - [12/Jun/2025:10:03:59 -0400] "GET / HTTP/1.1" 200 9388 "-" "Mozilla/5.0 AppleWebKit/537.36 (KHTML, like Gecko; compatible; GPTBot/1.2; +https://openai.com/gptbot)"
20.171.207.241 - - [12/Jun/2025:10:04:00 -0400] "GET /u/detail848945142.htm HTTP/1.1" 301 0 "-" "Mozilla/5.0 AppleWebKit/537.36 (KHTML, like Gecko; compatible; GPTBot/1.2; +https://openai.com/gptbot)"
216.73.216.72 - - [12/Jun/2025:10:04:01 -0400] "GET /sitemap-subitem-3097.xml HTTP/1.1" 200 9306 "-" "Mozilla/5.0 AppleWebKit/537.36 (KHTML, like Gecko; compatible; ClaudeBot/1.0; [email protected])"
20.171.207.241 - - [12/Jun/2025:10:04:01 -0400] "GET / HTTP/1.1" 200 9388 "-" "Mozilla/5.0 AppleWebKit/537.36 (KHTML, like Gecko; compatible; GPTBot/1.2; +https://openai.com/gptbot)"
20.171.207.241 - - [12/Jun/2025:10:04:04 -0400] "GET /n/detail867300831.htm HTTP/1.1" 301 0 "-" "Mozilla/5.0 AppleWebKit/537.36 (KHTML, like Gecko; compatible; GPTBot/1.2; +https://openai.com/gptbot)"
216.73.216.72 - - [12/Jun/2025:10:04:04 -0400] "GET /bt/goods/1231121625.htm HTTP/1.1" 301 0 "-" "Mozilla/5.0 AppleWebKit/537.36 (KHTML, like Gecko; compatible; ClaudeBot/1.0; [email protected])"
20.171.207.241 - - [12/Jun/2025:10:04:04 -0400] "GET / HTTP/1.1" 200 9388 "-" "Mozilla/5.0 AppleWebKit/537.36 (KHTML, like Gecko; compatible; GPTBot/1.2; +https://openai.com/gptbot)"
20.171.207.241 - - [12/Jun/2025:10:04:07 -0400] "GET /cs/items881722132.htm HTTP/1.1" 301 0 "-" "Mozilla/5.0 AppleWebKit/537.36 (KHTML, like Gecko; compatible; GPTBot/1.2; +https://openai.com/gptbot)"
216.73.216.72 - - [12/Jun/2025:10:04:07 -0400] "GET /u/avoidless/shopbrand1231332678.htm HTTP/1.1" 301 0 "-" "Mozilla/5.0 AppleWebKit/537.36 (KHTML, like Gecko; compatible; ClaudeBot/1.0; [email protected])"
20.171.207.241 - - [12/Jun/2025:10:04:09 -0400] "GET / HTTP/1.1" 200 9388 "-" "Mozilla/5.0 AppleWebKit/537.36 (KHTML, like Gecko; compatible; GPTBot/1.2; +https://openai.com/gptbot)"
20.171.207.241 - - [12/Jun/2025:10:04:11 -0400] "GET /ge/items391749544.htm HTTP/1.1" 301 0 "-" "Mozilla/5.0 AppleWebKit/537.36 (KHTML, like Gecko; compatible; GPTBot/1.2; +https://openai.com/gptbot)"
20.171.207.241 - - [12/Jun/2025:10:04:11 -0400] "GET / HTTP/1.1" 200 9388 "-" "Mozilla/5.0 AppleWebKit/537.36 (KHTML, like Gecko; compatible; GPTBot/1.2; +https://openai.com/gptbot)"
20.171.207.241 - - [12/Jun/2025:10:04:14 -0400] "GET /np/items517664825.htm HTTP/1.1" 301 0 "-" "Mozilla/5.0 AppleWebKit/537.36 (KHTML, like Gecko; compatible; GPTBot/1.2; +https://openai.com/gptbot)"
20.171.207.241 - - [12/Jun/2025:10:04:15 -0400] "GET / HTTP/1.1" 200 9388 "-" "Mozilla/5.0 AppleWebKit/537.36 (KHTML, like Gecko; compatible; GPTBot/1.2; +https://openai.com/gptbot)"
20.171.207.241 - - [12/Jun/2025:10:04:17 -0400] "GET /cw/items171508944.htm HTTP/1.1" 301 0 "-" "Mozilla/5.0 AppleWebKit/537.36 (KHTML, like Gecko; compatible; GPTBot/1.2; +https://openai.com/gptbot)"
20.171.207.241 - - [12/Jun/2025:10:04:18 -0400] "GET / HTTP/1.1" 200 9388 "-" "Mozilla/5.0 AppleWebKit/537.36 (KHTML, like Gecko; compatible; GPTBot/1.2; +https://openai.com/gptbot)"
20.171.207.241 - - [12/Jun/2025:10:04:20 -0400] "GET /h/detail848789681.htm HTTP/1.1" 301 0 "-" "Mozilla/5.0 AppleWebKit/537.36 (KHTML, like Gecko; compatible; GPTBot/1.2; +https://openai.com/gptbot)"
20.171.207.241 - - [12/Jun/2025:10:04:21 -0400] "GET / HTTP/1.1" 200 9388 "-" "Mozilla/5.0 AppleWebKit/537.36 (KHTML, like Gecko; compatible; GPTBot/1.2; +https://openai.com/gptbot)"
20.171.207.241 - - [12/Jun/2025:10:04:24 -0400] "GET /i/detail498150852.htm HTTP/1.1" 301 0 "-" "Mozilla/5.0 AppleWebKit/537.36 (KHTML, like Gecko; compatible; GPTBot/1.2; +https://openai.com/gptbot)"
20.171.207.241 - - [12/Jun/2025:10:04:25 -0400] "GET / HTTP/1.1" 200 9388 "-" "Mozilla/5.0 AppleWebKit/537.36 (KHTML, like Gecko; compatible; GPTBot/1.2; +https://openai.com/gptbot)"
162.0.232.193 - - [12/Jun/2025:10:04:29 -0400] "POST /wp-cron.php?doing_wp_cron=1749737069.2501831054687500000000 HTTP/1.1" 200 0 "-" "WordPress/6.8.1; https://reversevillain.com"
20.171.207.241 - - [12/Jun/2025:10:04:27 -0400] "GET /e/detail899771848.htm HTTP/1.1" 301 0 "-" "Mozilla/5.0 AppleWebKit/537.36 (KHTML, like Gecko; compatible; GPTBot/1.2; +https://openai.com/gptbot)"
20.171.207.241 - - [12/Jun/2025:10:04:30 -0400] "GET / HTTP/1.1" 200 9388 "-" "Mozilla/5.0 AppleWebKit/537.36 (KHTML, like Gecko; compatible; GPTBot/1.2; +https://openai.com/gptbot)"
216.73.216.72 - - [12/Jun/2025:10:04:31 -0400] "GET /meo/info/1227044092.htm HTTP/1.1" 301 0 "-" "Mozilla/5.0 AppleWebKit/537.36 (KHTML, like Gecko; compatible; ClaudeBot/1.0; [email protected])"
20.171.207.241 - - [12/Jun/2025:10:04:31 -0400] "GET /s/detail881407584.htm HTTP/1.1" 301 0 "-" "Mozilla/5.0 AppleWebKit/537.36 (KHTML, like Gecko; compatible; GPTBot/1.2; +https://openai.com/gptbot)"
216.73.216.72 - - [12/Jun/2025:10:04:34 -0400] "GET /sitemap-subitem-3021.xml HTTP/1.1" 200 9336 "-" "Mozilla/5.0 AppleWebKit/537.36 (KHTML, like Gecko; compatible; ClaudeBot/1.0; [email protected])"
20.171.207.241 - - [12/Jun/2025:10:04:32 -0400] "GET / HTTP/1.1" 200 9388 "-" "Mozilla/5.0 AppleWebKit/537.36 (KHTML, like Gecko; compatible; GPTBot/1.2; +https://openai.com/gptbot)"
20.171.207.241 - - [12/Jun/2025:10:04:35 -0400] "GET /vz/items899852875.htm HTTP/1.1" 301 0 "-" "Mozilla/5.0 AppleWebKit/537.36 (KHTML, like Gecko; compatible; GPTBot/1.2; +https://openai.com/gptbot)"
216.73.216.72 - - [12/Jun/2025:10:04:37 -0400] "GET /k1227321062.htm HTTP/1.1" 301 0 "-" "Mozilla/5.0 AppleWebKit/537.36 (KHTML, like Gecko; compatible; ClaudeBot/1.0; [email protected])"
20.171.207.241 - - [12/Jun/2025:10:04:37 -0400] "GET / HTTP/1.1" 200 9388 "-" "Mozilla/5.0 AppleWebKit/537.36 (KHTML, like Gecko; compatible; GPTBot/1.2; +https://openai.com/gptbot)"
20.171.207.241 - - [12/Jun/2025:10:04:39 -0400] "GET /sq/items338815792.htm HTTP/1.1" 301 0 "-" "Mozilla/5.0 AppleWebKit/537.36 (KHTML, like Gecko; compatible; GPTBot/1.2; +https://openai.com/gptbot)"
216.73.216.72 - - [12/Jun/2025:10:04:40 -0400] "GET /jjr1231306275.htm HTTP/1.1" 301 0 "-" "Mozilla/5.0 AppleWebKit/537.36 (KHTML, like Gecko; compatible; ClaudeBot/1.0; [email protected])"
20.171.207.241 - - [12/Jun/2025:10:04:40 -0400] "GET / HTTP/1.1" 200 9388 "-" "Mozilla/5.0 AppleWebKit/537.36 (KHTML, like Gecko; compatible; GPTBot/1.2; +https://openai.com/gptbot)"
216.73.216.72 - - [12/Jun/2025:10:04:43 -0400] "GET /bh1227295765.htm HTTP/1.1" 301 0 "-" "Mozilla/5.0 AppleWebKit/537.36 (KHTML, like Gecko; compatible; ClaudeBot/1.0; [email protected])"
20.171.207.241 - - [12/Jun/2025:10:04:44 -0400] "GET /ws/items517689866.htm HTTP/1.1" 301 0 "-" "Mozilla/5.0 AppleWebKit/537.36 (KHTML, like Gecko; compatible; GPTBot/1.2; +https://openai.com/gptbot)"
216.73.216.72 - - [12/Jun/2025:10:04:46 -0400] "GET /sitemap-subitem-1283.xml HTTP/1.1" 200 9341 "-" "Mozilla/5.0 AppleWebKit/537.36 (KHTML, like Gecko; compatible; ClaudeBot/1.0; [email protected])"
20.171.207.241 - - [12/Jun/2025:10:04:44 -0400] "GET / HTTP/1.1" 200 9388 "-" "Mozilla/5.0 AppleWebKit/537.36 (KHTML, like Gecko; compatible; GPTBot/1.2; +https://openai.com/gptbot)"
20.171.207.241 - - [12/Jun/2025:10:04:47 -0400] "GET /m/detail848855614.htm HTTP/1.1" 301 0 "-" "Mozilla/5.0 AppleWebKit/537.36 (KHTML, like Gecko; compatible; GPTBot/1.2; +https://openai.com/gptbot)"
66.249.66.78 - - [12/Jun/2025:10:04:48 -0400] "GET /reverse-villain-chapter-104/ HTTP/1.1" 200 40206 "-" "Mozilla/5.0 (Linux; Android 6.0.1; Nexus 5X Build/MMB29P) AppleWebKit/537.36 (KHTML, like Gecko) Chrome/136.0.7103.113 Mobile Safari/537.36 (compatible; Googlebot/2.1; +http://www.google.com/bot.html)"
216.73.216.72 - - [12/Jun/2025:10:04:49 -0400] "GET /k1227139140.htm HTTP/1.1" 301 0 "-" "Mozilla/5.0 AppleWebKit/537.36 (KHTML, like Gecko; compatible; ClaudeBot/1.0; [email protected])"
20.171.207.241 - - [12/Jun/2025:10:04:48 -0400] "GET / HTTP/1.1" 200 9388 "-" "Mozilla/5.0 AppleWebKit/537.36 (KHTML, like Gecko; compatible; GPTBot/1.2; +https://openai.com/gptbot)"
20.171.207.241 - - [12/Jun/2025:10:04:51 -0400] "GET /o/entity171417978.htm HTTP/1.1" 301 0 "-" "Mozilla/5.0 AppleWebKit/537.36 (KHTML, like Gecko; compatible; GPTBot/1.2; +https://openai.com/gptbot)"
216.73.216.72 - - [12/Jun/2025:10:04:52 -0400] "GET /pf/products/1227195143.htm HTTP/1.1" 301 0 "-" "Mozilla/5.0 AppleWebKit/537.36 (KHTML, like Gecko; compatible; ClaudeBot/1.0; [email protected])"
91.151.95.70 - - [12/Jun/2025:10:04:53 -0400] "GET /wp-login.php HTTP/1.1" 200 2047 "http://reversevillain.com" "Mozilla/5.0 (Windows NT 10.0; Win64; x64; rv:125.0.1) Gecko/20100101 Firefox/125.0.1"
20.171.207.241 - - [12/Jun/2025:10:04:53 -0400] "GET / HTTP/1.1" 200 9388 "-" "Mozilla/5.0 AppleWebKit/537.36 (KHTML, like Gecko; compatible; GPTBot/1.2; +https://openai.com/gptbot)"
216.73.216.72 - - [12/Jun/2025:10:04:55 -0400] "GET /b/minerale/products/1231452895.htm HTTP/1.1" 301 0 "-" "Mozilla/5.0 AppleWebKit/537.36 (KHTML, like Gecko; compatible; ClaudeBot/1.0; [email protected])"
20.171.207.241 - - [12/Jun/2025:10:04:56 -0400] "GET /o/detail867567862.htm HTTP/1.1" 301 0 "-" "Mozilla/5.0 AppleWebKit/537.36 (KHTML, like Gecko; compatible; GPTBot/1.2; +https://openai.com/gptbot)"
216.73.216.72 - - [12/Jun/2025:10:04:58 -0400] "GET /kyo/heartstring/shopping/1227011436.htm HTTP/1.1" 301 0 "-" "Mozilla/5.0 AppleWebKit/537.36 (KHTML, like Gecko; compatible; ClaudeBot/1.0; [email protected])"
20.171.207.241 - - [12/Jun/2025:10:04:57 -0400] "GET / HTTP/1.1" 200 9388 "-" "Mozilla/5.0 AppleWebKit/537.36 (KHTML, like Gecko; compatible; GPTBot/1.2; +https://openai.com/gptbot)"
20.171.207.241 - - [12/Jun/2025:10:05:01 -0400] "GET /t/detail517603659.htm HTTP/1.1" 301 0 "-" "Mozilla/5.0 AppleWebKit/537.36 (KHTML, like Gecko; compatible; GPTBot/1.2; +https://openai.com/gptbot)"
216.73.216.72 - - [12/Jun/2025:10:05:01 -0400] "GET /s/apodyterium/shopbrand1231182040.htm HTTP/1.1" 301 0 "-" "Mozilla/5.0 AppleWebKit/537.36 (KHTML, like Gecko; compatible; ClaudeBot/1.0; [email protected])"
20.171.207.241 - - [12/Jun/2025:10:05:03 -0400] "GET / HTTP/1.1" 200 9388 "-" "Mozilla/5.0 AppleWebKit/537.36 (KHTML, like Gecko; compatible; GPTBot/1.2; +https://openai.com/gptbot)"
216.73.216.72 - - [12/Jun/2025:10:05:04 -0400] "GET /nv1231287091.htm HTTP/1.1" 301 0 "-" "Mozilla/5.0 AppleWebKit/537.36 (KHTML, like Gecko; compatible; ClaudeBot/1.0; [email protected])"
20.171.207.241 - - [12/Jun/2025:10:05:06 -0400] "GET /a/entity841627442.htm HTTP/1.1" 301 0 "-" "Mozilla/5.0 AppleWebKit/537.36 (KHTML, like Gecko; compatible; GPTBot/1.2; +https://openai.com/gptbot)"
216.73.216.72 - - [12/Jun/2025:10:05:10 -0400] "GET /q/product1231116802.htm HTTP/1.1" 301 0 "-" "Mozilla/5.0 AppleWebKit/537.36 (KHTML, like Gecko; compatible; ClaudeBot/1.0; [email protected])"
20.171.207.241 - - [12/Jun/2025:10:05:09 -0400] "GET / HTTP/1.1" 200 9388 "-" "Mozilla/5.0 AppleWebKit/537.36 (KHTML, like Gecko; compatible; GPTBot/1.2; +https://openai.com/gptbot)"
216.73.216.72 - - [12/Jun/2025:10:05:13 -0400] "GET /mw/goods/1231350298.htm HTTP/1.1" 301 0 "-" "Mozilla/5.0 AppleWebKit/537.36 (KHTML, like Gecko; compatible; ClaudeBot/1.0; [email protected])"
20.171.207.241 - - [12/Jun/2025:10:05:12 -0400] "GET /h/entity881424469.htm HTTP/1.1" 301 0 "-" "Mozilla/5.0 AppleWebKit/537.36 (KHTML, like Gecko; compatible; GPTBot/1.2; +https://openai.com/gptbot)"
216.73.216.72 - - [12/Jun/2025:10:05:16 -0400] "GET /sitemap-subitem-1074.xml HTTP/1.1" 200 9573 "-" "Mozilla/5.0 AppleWebKit/537.36 (KHTML, like Gecko; compatible; ClaudeBot/1.0; [email protected])"
20.171.207.241 - - [12/Jun/2025:10:05:15 -0400] "GET / HTTP/1.1" 200 9388 "-" "Mozilla/5.0 AppleWebKit/537.36 (KHTML, like Gecko; compatible; GPTBot/1.2; +https://openai.com/gptbot)"
216.73.216.72 - - [12/Jun/2025:10:05:19 -0400] "GET /bbt/shopbrand1231292601.htm HTTP/1.1" 301 0 "-" "Mozilla/5.0 AppleWebKit/537.36 (KHTML, like Gecko; compatible; ClaudeBot/1.0; [email protected])"
20.171.207.241 - - [12/Jun/2025:10:05:19 -0400] "GET /p/entity841622683.htm HTTP/1.1" 301 0 "-" "Mozilla/5.0 AppleWebKit/537.36 (KHTML, like Gecko; compatible; GPTBot/1.2; +https://openai.com/gptbot)"
20.171.207.241 - - [12/Jun/2025:10:05:21 -0400] "GET / HTTP/1.1" 200 9388 "-" "Mozilla/5.0 AppleWebKit/537.36 (KHTML, like Gecko; compatible; GPTBot/1.2; +https://openai.com/gptbot)"
216.73.216.72 - - [12/Jun/2025:10:05:22 -0400] "GET /y1231141494.htm HTTP/1.1" 301 0 "-" "Mozilla/5.0 AppleWebKit/537.36 (KHTML, like Gecko; compatible; ClaudeBot/1.0; [email protected])"
20.171.207.241 - - [12/Jun/2025:10:05:25 -0400] "GET /n/entity498078127.htm HTTP/1.1" 301 0 "-" "Mozilla/5.0 AppleWebKit/537.36 (KHTML, like Gecko; compatible; GPTBot/1.2; +https://openai.com/gptbot)"
162.0.232.193 - - [12/Jun/2025:10:05:29 -0400] "POST /wp-cron.php?doing_wp_cron=1749737129.3465669155120849609375 HTTP/1.1" 200 0 "-" "WordPress/6.8.1; https://reversevillain.com"
162.0.232.193 - - [12/Jun/2025:10:05:30 -0400] "POST /wp-cron.php?doing_wp_cron=1749737129.5606820583343505859375 HTTP/1.1" 200 0 "-" "WordPress/6.8.1; https://reversevillain.com"
216.73.216.72 - - [12/Jun/2025:10:05:28 -0400] "GET /x/shopping/1231440513.htm HTTP/1.1" 301 0 "-" "Mozilla/5.0 AppleWebKit/537.36 (KHTML, like Gecko; compatible; ClaudeBot/1.0; [email protected])"
20.171.207.241 - - [12/Jun/2025:10:05:27 -0400] "GET / HTTP/1.1" 200 9388 "-" "Mozilla/5.0 AppleWebKit/537.36 (KHTML, like Gecko; compatible; GPTBot/1.2; +https://openai.com/gptbot)"
216.73.216.72 - - [12/Jun/2025:10:05:31 -0400] "GET /sitemap-subitem-506.xml HTTP/1.1" 200 9463 "-" "Mozilla/5.0 AppleWebKit/537.36 (KHTML, like Gecko; compatible; ClaudeBot/1.0; [email protected])"
162.0.232.193 - - [12/Jun/2025:10:05:32 -0400] "POST /wp-admin/admin-ajax.php?action=async_litespeed&nonce=t50fOHoYDeUSaQ06DrbfF3vblw6SC27k&litespeed_type=imgoptm HTTP/1.1" 200 0 "-" "WordPress/6.8.1; https://reversevillain.com"
20.171.207.241 - - [12/Jun/2025:10:05:31 -0400] "GET /x/detail391617347.htm HTTP/1.1" 301 0 "-" "Mozilla/5.0 AppleWebKit/537.36 (KHTML, like Gecko; compatible; GPTBot/1.2; +https://openai.com/gptbot)"
162.0.232.193 - - [12/Jun/2025:10:05:35 -0400] "POST /wp-cron.php?doing_wp_cron=1749737135.3648779392242431640625 HTTP/1.1" 200 0 "-" "WordPress/6.8.1; https://reversevillain.com"
216.73.216.72 - - [12/Jun/2025:10:05:34 -0400] "GET /xej/1227166625.htm HTTP/1.1" 301 0 "-" "Mozilla/5.0 AppleWebKit/537.36 (KHTML, like Gecko; compatible; ClaudeBot/1.0; [email protected])"
20.171.207.241 - - [12/Jun/2025:10:05:34 -0400] "GET / HTTP/1.1" 200 9388 "-" "Mozilla/5.0 AppleWebKit/537.36 (KHTML, like Gecko; compatible; GPTBot/1.2; +https://openai.com/gptbot)"
196.251.70.244 - - [12/Jun/2025:10:05:38 -0400] "GET /wp-content/plugins/WordPressCore/include.php HTTP/1.1" 200 0 "-" "Mozlila/5.0 (Linux; Android 7.0; SM-G892A Bulid/NRD90M; wv) AppleWebKit/537.36 (KHTML, like Gecko) Version/4.0 Chrome/60.0.3112.107 Moblie Safari/537.36"
20.171.207.241 - - [12/Jun/2025:10:05:38 -0400] "GET /s/detail391562112.htm HTTP/1.1" 301 0 "-" "Mozilla/5.0 AppleWebKit/537.36 (KHTML, like Gecko; compatible; GPTBot/1.2; +https://openai.com/gptbot)"
196.251.70.244 - - [12/Jun/2025:10:05:41 -0400] "GET /wp-content/plugins/WordPressCore/include.php HTTP/1.1" 200 0 "-" "Mozlila/5.0 (Linux; Android 7.0; SM-G892A Bulid/NRD90M; wv) AppleWebKit/537.36 (KHTML, like Gecko) Version/4.0 Chrome/60.0.3112.107 Moblie Safari/537.36"
20.171.207.241 - - [12/Jun/2025:10:05:40 -0400] "GET / HTTP/1.1" 200 9388 "-" "Mozilla/5.0 AppleWebKit/537.36 (KHTML, like Gecko; compatible; GPTBot/1.2; +https://openai.com/gptbot)"
20.171.207.241 - - [12/Jun/2025:10:05:44 -0400] "GET /u/entity899873834.htm HTTP/1.1" 301 0 "-" "Mozilla/5.0 AppleWebKit/537.36 (KHTML, like Gecko; compatible; GPTBot/1.2; +https://openai.com/gptbot)"
20.171.207.241 - - [12/Jun/2025:10:05:46 -0400] "GET / HTTP/1.1" 200 9388 "-" "Mozilla/5.0 AppleWebKit/537.36 (KHTML, like Gecko; compatible; GPTBot/1.2; +https://openai.com/gptbot)"
66.249.66.76 - - [12/Jun/2025:10:05:49 -0400] "GET /k23243986.htm HTTP/1.1" 200 38449 "-" "Mozilla/5.0 (Linux; Android 6.0.1; Nexus 5X Build/MMB29P) AppleWebKit/537.36 (KHTML, like Gecko) Chrome/136.0.7103.113 Mobile Safari/537.36 (compatible; Googlebot/2.1; +http://www.google.com/bot.html)"
162.0.232.193 - - [12/Jun/2025:10:05:50 -0400] "POST /wp-cron.php?doing_wp_cron=1749737150.5490479469299316406250 HTTP/1.1" 200 0 "-" "WordPress/6.8.1; https://reversevillain.com"
216.73.216.72 - - [12/Jun/2025:10:05:49 -0400] "GET /k/nymphae/goods/1231350224.htm HTTP/1.1" 301 0 "-" "Mozilla/5.0 AppleWebKit/537.36 (KHTML, like Gecko; compatible; ClaudeBot/1.0; [email protected])"
20.171.207.241 - - [12/Jun/2025:10:05:50 -0400] "GET /gu/items195970574.htm HTTP/1.1" 301 0 "-" "Mozilla/5.0 AppleWebKit/537.36 (KHTML, like Gecko; compatible; GPTBot/1.2; +https://openai.com/gptbot)"
162.0.232.193 - - [12/Jun/2025:10:05:52 -0400] "POST /wp-admin/admin-ajax.php?action=async_litespeed&nonce=YwTRjhEtulcjyBzYOwYZFa1A7sbXmJW0&litespeed_type=imgoptm HTTP/1.1" 200 0 "-" "WordPress/6.8.1; https://reversevillain.com"
216.73.216.72 - - [12/Jun/2025:10:05:51 -0400] "GET /lz/relentlessly/product1231211227.htm HTTP/1.1" 301 0 "-" "Mozilla/5.0 AppleWebKit/537.36 (KHTML, like Gecko; compatible; ClaudeBot/1.0; [email protected])"
20.171.207.241 - - [12/Jun/2025:10:05:51 -0400] "GET / HTTP/1.1" 200 9388 "-" "Mozilla/5.0 AppleWebKit/537.36 (KHTML, like Gecko; compatible; GPTBot/1.2; +https://openai.com/gptbot)"
216.73.216.72 - - [12/Jun/2025:10:05:54 -0400] "GET /zl/myrmicine/shopping/1227081243.htm HTTP/1.1" 301 0 "-" "Mozilla/5.0 AppleWebKit/537.36 (KHTML, like Gecko; compatible; ClaudeBot/1.0; [email protected])"
20.171.207.241 - - [12/Jun/2025:10:05:54 -0400] "GET /mk/items196080440.htm HTTP/1.1" 301 0 "-" "Mozilla/5.0 AppleWebKit/537.36 (KHTML, like Gecko; compatible; GPTBot/1.2; +https://openai.com/gptbot)"
20.171.207.241 - - [12/Jun/2025:10:05:56 -0400] "GET / HTTP/1.1" 200 9388 "-" "Mozilla/5.0 AppleWebKit/537.36 (KHTML, like Gecko; compatible; GPTBot/1.2; +https://openai.com/gptbot)"
216.73.216.72 - - [12/Jun/2025:10:05:57 -0400] "GET /urw1227047844.htm HTTP/1.1" 301 0 "-" "Mozilla/5.0 AppleWebKit/537.36 (KHTML, like Gecko; compatible; ClaudeBot/1.0; [email protected])"
20.171.207.241 - - [12/Jun/2025:10:05:59 -0400] "GET /b/entity498286163.htm HTTP/1.1" 301 0 "-" "Mozilla/5.0 AppleWebKit/537.36 (KHTML, like Gecko; compatible; GPTBot/1.2; +https://openai.com/gptbot)"
216.73.216.72 - - [12/Jun/2025:10:06:00 -0400] "GET /sitemap-subitem-2565.xml HTTP/1.1" 200 9468 "-" "Mozilla/5.0 AppleWebKit/537.36 (KHTML, like Gecko; compatible; ClaudeBot/1.0; [email protected])"
20.171.207.241 - - [12/Jun/2025:10:06:00 -0400] "GET / HTTP/1.1" 200 9388 "-" "Mozilla/5.0 AppleWebKit/537.36 (KHTML, like Gecko; compatible; GPTBot/1.2; +https://openai.com/gptbot)"
216.73.216.72 - - [12/Jun/2025:10:06:03 -0400] "GET /sitemap-subitem-2816.xml HTTP/1.1" 200 9409 "-" "Mozilla/5.0 AppleWebKit/537.36 (KHTML, like Gecko; compatible; ClaudeBot/1.0; [email protected])"
20.171.207.241 - - [12/Jun/2025:10:06:03 -0400] "GET /v/entity171676789.htm HTTP/1.1" 301 0 "-" "Mozilla/5.0 AppleWebKit/537.36 (KHTML, like Gecko; compatible; GPTBot/1.2; +https://openai.com/gptbot)"
20.171.207.241 - - [12/Jun/2025:10:06:05 -0400] "GET / HTTP/1.1" 200 9388 "-" "Mozilla/5.0 AppleWebKit/537.36 (KHTML, like Gecko; compatible; GPTBot/1.2; +https://openai.com/gptbot)"
216.73.216.72 - - [12/Jun/2025:10:06:06 -0400] "GET /sitemap-subitem-454.xml HTTP/1.1" 200 9452 "-" "Mozilla/5.0 AppleWebKit/537.36 (KHTML, like Gecko; compatible; ClaudeBot/1.0; [email protected])"
20.171.207.241 - - [12/Jun/2025:10:06:07 -0400] "GET /g/entity339034726.htm HTTP/1.1" 301 0 "-" "Mozilla/5.0 AppleWebKit/537.36 (KHTML, like Gecko; compatible; GPTBot/1.2; +https://openai.com/gptbot)"
20.171.207.241 - - [12/Jun/2025:10:06:08 -0400] "GET / HTTP/1.1" 200 9388 "-" "Mozilla/5.0 AppleWebKit/537.36 (KHTML, like Gecko; compatible; GPTBot/1.2; +https://openai.com/gptbot)"
216.73.216.72 - - [12/Jun/2025:10:06:09 -0400] "GET /g/product1227244868.htm HTTP/1.1" 301 0 "-" "Mozilla/5.0 AppleWebKit/537.36 (KHTML, like Gecko; compatible; ClaudeBot/1.0; [email protected])"
20.171.207.241 - - [12/Jun/2025:10:06:11 -0400] "GET /c/entity705840766.htm HTTP/1.1" 301 0 "-" "Mozilla/5.0 AppleWebKit/537.36 (KHTML, like Gecko; compatible; GPTBot/1.2; +https://openai.com/gptbot)"
20.171.207.241 - - [12/Jun/2025:10:06:12 -0400] "GET / HTTP/1.1" 200 9388 "-" "Mozilla/5.0 AppleWebKit/537.36 (KHTML, like Gecko; compatible; GPTBot/1.2; +https://openai.com/gptbot)"
216.73.216.72 - - [12/Jun/2025:10:06:12 -0400] "GET /q/lontar/shopping/1231331306.htm HTTP/1.1" 301 0 "-" "Mozilla/5.0 AppleWebKit/537.36 (KHTML, like Gecko; compatible; ClaudeBot/1.0; [email protected])"
216.73.216.72 - - [12/Jun/2025:10:06:15 -0400] "GET /sitemap-subitem-1538.xml HTTP/1.1" 200 9536 "-" "Mozilla/5.0 AppleWebKit/537.36 (KHTML, like Gecko; compatible; ClaudeBot/1.0; [email protected])"
20.171.207.241 - - [12/Jun/2025:10:06:15 -0400] "GET /rz/items849103397.htm HTTP/1.1" 301 0 "-" "Mozilla/5.0 AppleWebKit/537.36 (KHTML, like Gecko; compatible; GPTBot/1.2; +https://openai.com/gptbot)"
20.171.207.241 - - [12/Jun/2025:10:06:16 -0400] "GET / HTTP/1.1" 200 9388 "-" "Mozilla/5.0 AppleWebKit/537.36 (KHTML, like Gecko; compatible; GPTBot/1.2; +https://openai.com/gptbot)"
20.171.207.241 - - [12/Jun/2025:10:06:18 -0400] "GET /as/items498040704.htm HTTP/1.1" 301 0 "-" "Mozilla/5.0 AppleWebKit/537.36 (KHTML, like Gecko; compatible; GPTBot/1.2; +https://openai.com/gptbot)"
216.73.216.72 - - [12/Jun/2025:10:06:18 -0400] "GET /avq/hankie/product1231377644.htm HTTP/1.1" 301 0 "-" "Mozilla/5.0 AppleWebKit/537.36 (KHTML, like Gecko; compatible; ClaudeBot/1.0; [email protected])"
216.73.216.72 - - [12/Jun/2025:10:06:21 -0400] "GET /sitemap-subitem-3045.xml HTTP/1.1" 200 9428 "-" "Mozilla/5.0 AppleWebKit/537.36 (KHTML, like Gecko; compatible; ClaudeBot/1.0; [email protected])"
20.171.207.241 - - [12/Jun/2025:10:06:21 -0400] "GET / HTTP/1.1" 200 9388 "-" "Mozilla/5.0 AppleWebKit/537.36 (KHTML, like Gecko; compatible; GPTBot/1.2; +https://openai.com/gptbot)"
216.73.216.72 - - [12/Jun/2025:10:06:24 -0400] "GET /sitemap-subitem-1356.xml HTTP/1.1" 200 9447 "-" "Mozilla/5.0 AppleWebKit/537.36 (KHTML, like Gecko; compatible; ClaudeBot/1.0; [email protected])"
20.171.207.241 - - [12/Jun/2025:10:06:24 -0400] "GET /v/entity498219561.htm HTTP/1.1" 301 0 "-" "Mozilla/5.0 AppleWebKit/537.36 (KHTML, like Gecko; compatible; GPTBot/1.2; +https://openai.com/gptbot)"
20.171.207.241 - - [12/Jun/2025:10:06:26 -0400] "GET / HTTP/1.1" 200 9388 "-" "Mozilla/5.0 AppleWebKit/537.36 (KHTML, like Gecko; compatible; GPTBot/1.2; +https://openai.com/gptbot)"
162.0.232.193 - - [12/Jun/2025:10:06:29 -0400] "POST /wp-cron.php?doing_wp_cron=1749737189.6449270248413085937500 HTTP/1.1" 200 0 "-" "WordPress/6.8.1; https://reversevillain.com"
216.73.216.72 - - [12/Jun/2025:10:06:27 -0400] "GET /e/item/1219966624.htm HTTP/1.1" 301 0 "-" "Mozilla/5.0 AppleWebKit/537.36 (KHTML, like Gecko; compatible; ClaudeBot/1.0; [email protected])"
20.171.207.241 - - [12/Jun/2025:10:06:30 -0400] "GET /ka/items338972270.htm HTTP/1.1" 301 0 "-" "Mozilla/5.0 AppleWebKit/537.36 (KHTML, like Gecko; compatible; GPTBot/1.2; +https://openai.com/gptbot)"
20.171.207.241 - - [12/Jun/2025:10:06:31 -0400] "GET / HTTP/1.1" 200 9388 "-" "Mozilla/5.0 AppleWebKit/537.36 (KHTML, like Gecko; compatible; GPTBot/1.2; +https://openai.com/gptbot)"
216.73.216.72 - - [12/Jun/2025:10:06:33 -0400] "GET /cdy1227360262.htm HTTP/1.1" 301 0 "-" "Mozilla/5.0 AppleWebKit/537.36 (KHTML, like Gecko; compatible; ClaudeBot/1.0; [email protected])"
20.171.207.241 - - [12/Jun/2025:10:06:35 -0400] "GET /xj/items117671355.htm HTTP/1.1" 301 0 "-" "Mozilla/5.0 AppleWebKit/537.36 (KHTML, like Gecko; compatible; GPTBot/1.2; +https://openai.com/gptbot)"
216.73.216.72 - - [12/Jun/2025:10:06:36 -0400] "GET /gyu/products/1227297806.htm HTTP/1.1" 301 0 "-" "Mozilla/5.0 AppleWebKit/537.36 (KHTML, like Gecko; compatible; ClaudeBot/1.0; [email protected])"
20.171.207.241 - - [12/Jun/2025:10:06:37 -0400] "GET / HTTP/1.1" 200 9388 "-" "Mozilla/5.0 AppleWebKit/537.36 (KHTML, like Gecko; compatible; GPTBot/1.2; +https://openai.com/gptbot)"
216.73.216.72 - - [12/Jun/2025:10:06:39 -0400] "GET /sitemap-subitem-1936.xml HTTP/1.1" 200 9576 "-" "Mozilla/5.0 AppleWebKit/537.36 (KHTML, like Gecko; compatible; ClaudeBot/1.0; [email protected])"
20.171.207.241 - - [12/Jun/2025:10:06:40 -0400] "GET /g/detail848928686.htm HTTP/1.1" 301 0 "-" "Mozilla/5.0 AppleWebKit/537.36 (KHTML, like Gecko; compatible; GPTBot/1.2; +https://openai.com/gptbot)"
216.73.216.72 - - [12/Jun/2025:10:06:42 -0400] "GET /eo/pennoncel/item/1227158050.htm HTTP/1.1" 301 0 "-" "Mozilla/5.0 AppleWebKit/537.36 (KHTML, like Gecko; compatible; ClaudeBot/1.0; [email protected])"
20.171.207.241 - - [12/Jun/2025:10:06:42 -0400] "GET / HTTP/1.1" 200 9388 "-" "Mozilla/5.0 AppleWebKit/537.36 (KHTML, like Gecko; compatible; GPTBot/1.2; +https://openai.com/gptbot)"
216.73.216.72 - - [12/Jun/2025:10:06:46 -0400] "GET /sitemap-subitem-670.xml HTTP/1.1" 200 9433 "-" "Mozilla/5.0 AppleWebKit/537.36 (KHTML, like Gecko; compatible; ClaudeBot/1.0; [email protected])"
20.171.207.241 - - [12/Jun/2025:10:06:46 -0400] "GET /v/entity711020549.htm HTTP/1.1" 301 0 "-" "Mozilla/5.0 AppleWebKit/537.36 (KHTML, like Gecko; compatible; GPTBot/1.2; +https://openai.com/gptbot)"
