20.171.207.117 - - [09/Jun/2025:22:54:38 -0400] "GET /srg/shopbrand254268384.htm HTTP/1.1" 301 0 "-" "Mozilla/5.0 AppleWebKit/537.36 (KHTML, like Gecko; compatible; GPTBot/1.2; +https://openai.com/gptbot)"
20.171.207.117 - - [09/Jun/2025:22:54:39 -0400] "GET / HTTP/1.1" 200 9389 "-" "Mozilla/5.0 AppleWebKit/537.36 (KHTML, like Gecko; compatible; GPTBot/1.2; +https://openai.com/gptbot)"
20.171.207.117 - - [09/Jun/2025:22:54:40 -0400] "GET /tvp/goodscode860367523.htm HTTP/1.1" 301 0 "-" "Mozilla/5.0 AppleWebKit/537.36 (KHTML, like Gecko; compatible; GPTBot/1.2; +https://openai.com/gptbot)"
20.171.207.117 - - [09/Jun/2025:22:54:40 -0400] "GET / HTTP/1.1" 200 9389 "-" "Mozilla/5.0 AppleWebKit/537.36 (KHTML, like Gecko; compatible; GPTBot/1.2; +https://openai.com/gptbot)"
20.171.207.117 - - [09/Jun/2025:22:54:41 -0400] "GET /lzh/goodscode731490819.htm HTTP/1.1" 301 0 "-" "Mozilla/5.0 AppleWebKit/537.36 (KHTML, like Gecko; compatible; GPTBot/1.2; +https://openai.com/gptbot)"
20.171.207.117 - - [09/Jun/2025:22:54:41 -0400] "GET / HTTP/1.1" 200 9389 "-" "Mozilla/5.0 AppleWebKit/537.36 (KHTML, like Gecko; compatible; GPTBot/1.2; +https://openai.com/gptbot)"
20.171.207.117 - - [09/Jun/2025:22:54:42 -0400] "GET /arq/shopbrand189631822.htm HTTP/1.1" 301 0 "-" "Mozilla/5.0 AppleWebKit/537.36 (KHTML, like Gecko; compatible; GPTBot/1.2; +https://openai.com/gptbot)"
20.171.207.117 - - [09/Jun/2025:22:54:43 -0400] "GET / HTTP/1.1" 200 9389 "-" "Mozilla/5.0 AppleWebKit/537.36 (KHTML, like Gecko; compatible; GPTBot/1.2; +https://openai.com/gptbot)"
20.171.207.117 - - [09/Jun/2025:22:54:43 -0400] "GET /q/shopbrand189542220.htm HTTP/1.1" 301 0 "-" "Mozilla/5.0 AppleWebKit/537.36 (KHTML, like Gecko; compatible; GPTBot/1.2; +https://openai.com/gptbot)"
2001:41d0:303:8697::1 - - [09/Jun/2025:22:54:43 -0400] "GET / HTTP/1.1" 200 9389 "-" "Mozilla/5.0 (compatible; MJ12bot/v1.4.8; http://mj12bot.com/)"
20.171.207.117 - - [09/Jun/2025:22:54:44 -0400] "GET / HTTP/1.1" 200 9389 "-" "Mozilla/5.0 AppleWebKit/537.36 (KHTML, like Gecko; compatible; GPTBot/1.2; +https://openai.com/gptbot)"
20.171.207.117 - - [09/Jun/2025:22:54:44 -0400] "GET /br/approvedly/goodscode312029423.htm HTTP/1.1" 301 0 "-" "Mozilla/5.0 AppleWebKit/537.36 (KHTML, like Gecko; compatible; GPTBot/1.2; +https://openai.com/gptbot)"
20.171.207.117 - - [09/Jun/2025:22:54:45 -0400] "GET / HTTP/1.1" 200 9389 "-" "Mozilla/5.0 AppleWebKit/537.36 (KHTML, like Gecko; compatible; GPTBot/1.2; +https://openai.com/gptbot)"
20.171.207.117 - - [09/Jun/2025:22:54:46 -0400] "GET /mc/impertinence/shopbrand860620880.htm HTTP/1.1" 301 0 "-" "Mozilla/5.0 AppleWebKit/537.36 (KHTML, like Gecko; compatible; GPTBot/1.2; +https://openai.com/gptbot)"
20.171.207.117 - - [09/Jun/2025:22:54:46 -0400] "GET / HTTP/1.1" 200 9389 "-" "Mozilla/5.0 AppleWebKit/537.36 (KHTML, like Gecko; compatible; GPTBot/1.2; +https://openai.com/gptbot)"
20.171.207.117 - - [09/Jun/2025:22:54:47 -0400] "GET /z/rocksuckers/shopbrand189460161.htm HTTP/1.1" 301 0 "-" "Mozilla/5.0 AppleWebKit/537.36 (KHTML, like Gecko; compatible; GPTBot/1.2; +https://openai.com/gptbot)"
20.171.207.117 - - [09/Jun/2025:22:54:47 -0400] "GET / HTTP/1.1" 200 9389 "-" "Mozilla/5.0 AppleWebKit/537.36 (KHTML, like Gecko; compatible; GPTBot/1.2; +https://openai.com/gptbot)"
20.171.207.117 - - [09/Jun/2025:22:54:48 -0400] "GET /sxk/pindarical/product1225539832.htm HTTP/1.1" 301 0 "-" "Mozilla/5.0 AppleWebKit/537.36 (KHTML, like Gecko; compatible; GPTBot/1.2; +https://openai.com/gptbot)"
20.171.207.117 - - [09/Jun/2025:22:54:48 -0400] "GET / HTTP/1.1" 200 9389 "-" "Mozilla/5.0 AppleWebKit/537.36 (KHTML, like Gecko; compatible; GPTBot/1.2; +https://openai.com/gptbot)"
20.171.207.117 - - [09/Jun/2025:22:54:49 -0400] "GET /e/scenographical/entity731584914.htm HTTP/1.1" 301 0 "-" "Mozilla/5.0 AppleWebKit/537.36 (KHTML, like Gecko; compatible; GPTBot/1.2; +https://openai.com/gptbot)"
20.171.207.117 - - [09/Jun/2025:22:54:50 -0400] "GET / HTTP/1.1" 200 9389 "-" "Mozilla/5.0 AppleWebKit/537.36 (KHTML, like Gecko; compatible; GPTBot/1.2; +https://openai.com/gptbot)"
20.171.207.117 - - [09/Jun/2025:22:54:50 -0400] "GET /ik/paragrele/shopbrand1225418672.htm HTTP/1.1" 301 0 "-" "Mozilla/5.0 AppleWebKit/537.36 (KHTML, like Gecko; compatible; GPTBot/1.2; +https://openai.com/gptbot)"
20.171.207.117 - - [09/Jun/2025:22:54:51 -0400] "GET / HTTP/1.1" 200 9389 "-" "Mozilla/5.0 AppleWebKit/537.36 (KHTML, like Gecko; compatible; GPTBot/1.2; +https://openai.com/gptbot)"
2001:41d0:303:8697::1 - - [09/Jun/2025:22:54:51 -0400] "GET /mushoku-tensei-isekai-ittara-honki-dasu-chapter-97/ HTTP/1.1" 301 0 "-" "Mozilla/5.0 (compatible; MJ12bot/v1.4.8; http://mj12bot.com/)"
20.171.207.117 - - [09/Jun/2025:22:54:51 -0400] "GET /zj/imputableness/detail368215857.htm HTTP/1.1" 301 0 "-" "Mozilla/5.0 AppleWebKit/537.36 (KHTML, like Gecko; compatible; GPTBot/1.2; +https://openai.com/gptbot)"
20.171.207.117 - - [09/Jun/2025:22:54:52 -0400] "GET / HTTP/1.1" 200 9390 "-" "Mozilla/5.0 AppleWebKit/537.36 (KHTML, like Gecko; compatible; GPTBot/1.2; +https://openai.com/gptbot)"
20.171.207.117 - - [09/Jun/2025:22:54:53 -0400] "GET /sk/psalmography/product731397820.htm HTTP/1.1" 301 0 "-" "Mozilla/5.0 AppleWebKit/537.36 (KHTML, like Gecko; compatible; GPTBot/1.2; +https://openai.com/gptbot)"
20.171.207.117 - - [09/Jun/2025:22:54:53 -0400] "GET / HTTP/1.1" 200 9389 "-" "Mozilla/5.0 AppleWebKit/537.36 (KHTML, like Gecko; compatible; GPTBot/1.2; +https://openai.com/gptbot)"
20.171.207.117 - - [09/Jun/2025:22:54:54 -0400] "GET /vx/preadjustment/detail860582109.htm HTTP/1.1" 301 0 "-" "Mozilla/5.0 AppleWebKit/537.36 (KHTML, like Gecko; compatible; GPTBot/1.2; +https://openai.com/gptbot)"
20.171.207.117 - - [09/Jun/2025:22:54:54 -0400] "GET / HTTP/1.1" 200 9391 "-" "Mozilla/5.0 AppleWebKit/537.36 (KHTML, like Gecko; compatible; GPTBot/1.2; +https://openai.com/gptbot)"
20.171.207.117 - - [09/Jun/2025:22:54:55 -0400] "GET /b/assertively/goodscode860339021.htm HTTP/1.1" 301 0 "-" "Mozilla/5.0 AppleWebKit/537.36 (KHTML, like Gecko; compatible; GPTBot/1.2; +https://openai.com/gptbot)"
20.171.207.117 - - [09/Jun/2025:22:54:55 -0400] "GET / HTTP/1.1" 200 9389 "-" "Mozilla/5.0 AppleWebKit/537.36 (KHTML, like Gecko; compatible; GPTBot/1.2; +https://openai.com/gptbot)"
20.171.207.117 - - [09/Jun/2025:22:54:56 -0400] "GET /qa/subangular/shopbrand254213908.htm HTTP/1.1" 301 0 "-" "Mozilla/5.0 AppleWebKit/537.36 (KHTML, like Gecko; compatible; GPTBot/1.2; +https://openai.com/gptbot)"
20.171.207.117 - - [09/Jun/2025:22:54:57 -0400] "GET / HTTP/1.1" 200 9389 "-" "Mozilla/5.0 AppleWebKit/537.36 (KHTML, like Gecko; compatible; GPTBot/1.2; +https://openai.com/gptbot)"
20.171.207.117 - - [09/Jun/2025:22:54:57 -0400] "GET /ck/diviningly/goodscode189568012.htm HTTP/1.1" 301 0 "-" "Mozilla/5.0 AppleWebKit/537.36 (KHTML, like Gecko; compatible; GPTBot/1.2; +https://openai.com/gptbot)"
20.171.207.117 - - [09/Jun/2025:22:54:58 -0400] "GET / HTTP/1.1" 200 9391 "-" "Mozilla/5.0 AppleWebKit/537.36 (KHTML, like Gecko; compatible; GPTBot/1.2; +https://openai.com/gptbot)"
20.171.207.117 - - [09/Jun/2025:22:54:59 -0400] "GET /rax/item/913658327.htm HTTP/1.1" 301 0 "-" "Mozilla/5.0 AppleWebKit/537.36 (KHTML, like Gecko; compatible; GPTBot/1.2; +https://openai.com/gptbot)"
20.171.207.117 - - [09/Jun/2025:22:54:59 -0400] "GET / HTTP/1.1" 200 9391 "-" "Mozilla/5.0 AppleWebKit/537.36 (KHTML, like Gecko; compatible; GPTBot/1.2; +https://openai.com/gptbot)"
20.171.207.117 - - [09/Jun/2025:22:55:00 -0400] "GET /byp/item/368045979.htm HTTP/1.1" 301 0 "-" "Mozilla/5.0 AppleWebKit/537.36 (KHTML, like Gecko; compatible; GPTBot/1.2; +https://openai.com/gptbot)"
20.171.207.117 - - [09/Jun/2025:22:55:00 -0400] "GET / HTTP/1.1" 200 9389 "-" "Mozilla/5.0 AppleWebKit/537.36 (KHTML, like Gecko; compatible; GPTBot/1.2; +https://openai.com/gptbot)"
20.171.207.117 - - [09/Jun/2025:22:55:01 -0400] "GET /ygy/item/731582460.htm HTTP/1.1" 301 0 "-" "Mozilla/5.0 AppleWebKit/537.36 (KHTML, like Gecko; compatible; GPTBot/1.2; +https://openai.com/gptbot)"
20.171.207.117 - - [09/Jun/2025:22:55:01 -0400] "GET / HTTP/1.1" 200 9389 "-" "Mozilla/5.0 AppleWebKit/537.36 (KHTML, like Gecko; compatible; GPTBot/1.2; +https://openai.com/gptbot)"
20.171.207.117 - - [09/Jun/2025:22:55:02 -0400] "GET /b/item/1225533315.htm HTTP/1.1" 301 0 "-" "Mozilla/5.0 AppleWebKit/537.36 (KHTML, like Gecko; compatible; GPTBot/1.2; +https://openai.com/gptbot)"
20.171.207.117 - - [09/Jun/2025:22:55:03 -0400] "GET / HTTP/1.1" 200 9389 "-" "Mozilla/5.0 AppleWebKit/537.36 (KHTML, like Gecko; compatible; GPTBot/1.2; +https://openai.com/gptbot)"
20.171.207.117 - - [09/Jun/2025:22:55:04 -0400] "GET /v/product254141439.htm HTTP/1.1" 301 0 "-" "Mozilla/5.0 AppleWebKit/537.36 (KHTML, like Gecko; compatible; GPTBot/1.2; +https://openai.com/gptbot)"
216.73.216.70 - - [09/Jun/2025:22:55:06 -0400] "GET /robots.txt HTTP/1.1" 200 125 "-" "Mozilla/5.0 AppleWebKit/537.36 (KHTML, like Gecko; compatible; ClaudeBot/1.0; [email protected])"
20.171.207.117 - - [09/Jun/2025:22:55:05 -0400] "GET / HTTP/1.1" 200 9389 "-" "Mozilla/5.0 AppleWebKit/537.36 (KHTML, like Gecko; compatible; GPTBot/1.2; +https://openai.com/gptbot)"
20.171.207.117 - - [09/Jun/2025:22:55:06 -0400] "GET /spg/detail104322432.htm HTTP/1.1" 301 0 "-" "Mozilla/5.0 AppleWebKit/537.36 (KHTML, like Gecko; compatible; GPTBot/1.2; +https://openai.com/gptbot)"
216.73.216.70 - - [09/Jun/2025:22:55:07 -0400] "GET /sitemap_index.xml HTTP/1.1" 200 552 "-" "Mozilla/5.0 AppleWebKit/537.36 (KHTML, like Gecko; compatible; ClaudeBot/1.0; [email protected])"
20.171.207.117 - - [09/Jun/2025:22:55:07 -0400] "GET / HTTP/1.1" 200 9389 "-" "Mozilla/5.0 AppleWebKit/537.36 (KHTML, like Gecko; compatible; GPTBot/1.2; +https://openai.com/gptbot)"
20.171.207.117 - - [09/Jun/2025:22:55:08 -0400] "GET /cts/detail731616150.htm HTTP/1.1" 301 0 "-" "Mozilla/5.0 AppleWebKit/537.36 (KHTML, like Gecko; compatible; GPTBot/1.2; +https://openai.com/gptbot)"
20.171.207.117 - - [09/Jun/2025:22:55:09 -0400] "GET / HTTP/1.1" 200 9389 "-" "Mozilla/5.0 AppleWebKit/537.36 (KHTML, like Gecko; compatible; GPTBot/1.2; +https://openai.com/gptbot)"
20.171.207.117 - - [09/Jun/2025:22:55:09 -0400] "GET /cs/detail189622230.htm HTTP/1.1" 301 0 "-" "Mozilla/5.0 AppleWebKit/537.36 (KHTML, like Gecko; compatible; GPTBot/1.2; +https://openai.com/gptbot)"
20.171.207.117 - - [09/Jun/2025:22:55:10 -0400] "GET / HTTP/1.1" 200 9389 "-" "Mozilla/5.0 AppleWebKit/537.36 (KHTML, like Gecko; compatible; GPTBot/1.2; +https://openai.com/gptbot)"
20.171.207.117 - - [09/Jun/2025:22:55:10 -0400] "GET /se/goods/913765064.htm HTTP/1.1" 301 0 "-" "Mozilla/5.0 AppleWebKit/537.36 (KHTML, like Gecko; compatible; GPTBot/1.2; +https://openai.com/gptbot)"
20.171.207.117 - - [09/Jun/2025:22:55:11 -0400] "GET / HTTP/1.1" 200 9389 "-" "Mozilla/5.0 AppleWebKit/537.36 (KHTML, like Gecko; compatible; GPTBot/1.2; +https://openai.com/gptbot)"
20.171.207.117 - - [09/Jun/2025:22:55:12 -0400] "GET /d/pericranium/shopbrand913534771.htm HTTP/1.1" 301 0 "-" "Mozilla/5.0 AppleWebKit/537.36 (KHTML, like Gecko; compatible; GPTBot/1.2; +https://openai.com/gptbot)"
20.171.207.117 - - [09/Jun/2025:22:55:12 -0400] "GET / HTTP/1.1" 200 9389 "-" "Mozilla/5.0 AppleWebKit/537.36 (KHTML, like Gecko; compatible; GPTBot/1.2; +https://openai.com/gptbot)"
20.171.207.117 - - [09/Jun/2025:22:55:13 -0400] "GET /e/goodscode1225587204.htm HTTP/1.1" 301 0 "-" "Mozilla/5.0 AppleWebKit/537.36 (KHTML, like Gecko; compatible; GPTBot/1.2; +https://openai.com/gptbot)"
20.171.207.117 - - [09/Jun/2025:22:55:14 -0400] "GET / HTTP/1.1" 200 9389 "-" "Mozilla/5.0 AppleWebKit/537.36 (KHTML, like Gecko; compatible; GPTBot/1.2; +https://openai.com/gptbot)"
20.171.207.117 - - [09/Jun/2025:22:55:14 -0400] "GET /q/shopbrand1225581758.htm HTTP/1.1" 301 0 "-" "Mozilla/5.0 AppleWebKit/537.36 (KHTML, like Gecko; compatible; GPTBot/1.2; +https://openai.com/gptbot)"
20.171.207.117 - - [09/Jun/2025:22:55:15 -0400] "GET / HTTP/1.1" 200 9389 "-" "Mozilla/5.0 AppleWebKit/537.36 (KHTML, like Gecko; compatible; GPTBot/1.2; +https://openai.com/gptbot)"
20.171.207.117 - - [09/Jun/2025:22:55:16 -0400] "GET /y/goodscode1225638696.htm HTTP/1.1" 301 0 "-" "Mozilla/5.0 AppleWebKit/537.36 (KHTML, like Gecko; compatible; GPTBot/1.2; +https://openai.com/gptbot)"
20.171.207.117 - - [09/Jun/2025:22:55:16 -0400] "GET / HTTP/1.1" 200 9389 "-" "Mozilla/5.0 AppleWebKit/537.36 (KHTML, like Gecko; compatible; GPTBot/1.2; +https://openai.com/gptbot)"
20.171.207.117 - - [09/Jun/2025:22:55:17 -0400] "GET /a/shopbrand1225746126.htm HTTP/1.1" 301 0 "-" "Mozilla/5.0 AppleWebKit/537.36 (KHTML, like Gecko; compatible; GPTBot/1.2; +https://openai.com/gptbot)"
20.171.207.117 - - [09/Jun/2025:22:55:17 -0400] "GET / HTTP/1.1" 200 9389 "-" "Mozilla/5.0 AppleWebKit/537.36 (KHTML, like Gecko; compatible; GPTBot/1.2; +https://openai.com/gptbot)"
20.171.207.117 - - [09/Jun/2025:22:55:18 -0400] "GET /m/goodscode1225729670.htm HTTP/1.1" 301 0 "-" "Mozilla/5.0 AppleWebKit/537.36 (KHTML, like Gecko; compatible; GPTBot/1.2; +https://openai.com/gptbot)"
20.171.207.117 - - [09/Jun/2025:22:55:18 -0400] "GET / HTTP/1.1" 200 9389 "-" "Mozilla/5.0 AppleWebKit/537.36 (KHTML, like Gecko; compatible; GPTBot/1.2; +https://openai.com/gptbot)"
20.171.207.117 - - [09/Jun/2025:22:55:19 -0400] "GET /n/goodscode1225687131.htm HTTP/1.1" 301 0 "-" "Mozilla/5.0 AppleWebKit/537.36 (KHTML, like Gecko; compatible; GPTBot/1.2; +https://openai.com/gptbot)"
20.171.207.117 - - [09/Jun/2025:22:55:19 -0400] "GET / HTTP/1.1" 200 9389 "-" "Mozilla/5.0 AppleWebKit/537.36 (KHTML, like Gecko; compatible; GPTBot/1.2; +https://openai.com/gptbot)"
20.171.207.117 - - [09/Jun/2025:22:55:20 -0400] "GET /j/diametrically/item/779940589.htm HTTP/1.1" 301 0 "-" "Mozilla/5.0 AppleWebKit/537.36 (KHTML, like Gecko; compatible; GPTBot/1.2; +https://openai.com/gptbot)"
20.171.207.117 - - [09/Jun/2025:22:55:21 -0400] "GET / HTTP/1.1" 200 9389 "-" "Mozilla/5.0 AppleWebKit/537.36 (KHTML, like Gecko; compatible; GPTBot/1.2; +https://openai.com/gptbot)"
20.171.207.117 - - [09/Jun/2025:22:55:22 -0400] "GET /ay/historical/shopbrand913768880.htm HTTP/1.1" 301 0 "-" "Mozilla/5.0 AppleWebKit/537.36 (KHTML, like Gecko; compatible; GPTBot/1.2; +https://openai.com/gptbot)"
20.171.207.117 - - [09/Jun/2025:22:55:22 -0400] "GET / HTTP/1.1" 200 9389 "-" "Mozilla/5.0 AppleWebKit/537.36 (KHTML, like Gecko; compatible; GPTBot/1.2; +https://openai.com/gptbot)"
20.171.207.117 - - [09/Jun/2025:22:55:23 -0400] "GET /s/product913572460.htm HTTP/1.1" 301 0 "-" "Mozilla/5.0 AppleWebKit/537.36 (KHTML, like Gecko; compatible; GPTBot/1.2; +https://openai.com/gptbot)"
20.171.207.117 - - [09/Jun/2025:22:55:23 -0400] "GET / HTTP/1.1" 200 9389 "-" "Mozilla/5.0 AppleWebKit/537.36 (KHTML, like Gecko; compatible; GPTBot/1.2; +https://openai.com/gptbot)"
20.171.207.117 - - [09/Jun/2025:22:55:24 -0400] "GET /ke/product913687506.htm HTTP/1.1" 301 0 "-" "Mozilla/5.0 AppleWebKit/537.36 (KHTML, like Gecko; compatible; GPTBot/1.2; +https://openai.com/gptbot)"
20.171.207.117 - - [09/Jun/2025:22:55:24 -0400] "GET / HTTP/1.1" 200 9390 "-" "Mozilla/5.0 AppleWebKit/537.36 (KHTML, like Gecko; compatible; GPTBot/1.2; +https://openai.com/gptbot)"
20.171.207.117 - - [09/Jun/2025:22:55:25 -0400] "GET /bz/product312072695.htm HTTP/1.1" 301 0 "-" "Mozilla/5.0 AppleWebKit/537.36 (KHTML, like Gecko; compatible; GPTBot/1.2; +https://openai.com/gptbot)"
20.171.207.117 - - [09/Jun/2025:22:55:26 -0400] "GET / HTTP/1.1" 200 9389 "-" "Mozilla/5.0 AppleWebKit/537.36 (KHTML, like Gecko; compatible; GPTBot/1.2; +https://openai.com/gptbot)"
20.171.207.117 - - [09/Jun/2025:22:55:26 -0400] "GET /gxs/detail367951810.htm HTTP/1.1" 301 0 "-" "Mozilla/5.0 AppleWebKit/537.36 (KHTML, like Gecko; compatible; GPTBot/1.2; +https://openai.com/gptbot)"
20.171.207.117 - - [09/Jun/2025:22:55:27 -0400] "GET / HTTP/1.1" 200 9391 "-" "Mozilla/5.0 AppleWebKit/537.36 (KHTML, like Gecko; compatible; GPTBot/1.2; +https://openai.com/gptbot)"
20.171.207.117 - - [09/Jun/2025:22:55:27 -0400] "GET /m/product368210000.htm HTTP/1.1" 301 0 "-" "Mozilla/5.0 AppleWebKit/537.36 (KHTML, like Gecko; compatible; GPTBot/1.2; +https://openai.com/gptbot)"
20.171.207.117 - - [09/Jun/2025:22:55:28 -0400] "GET / HTTP/1.1" 200 9389 "-" "Mozilla/5.0 AppleWebKit/537.36 (KHTML, like Gecko; compatible; GPTBot/1.2; +https://openai.com/gptbot)"
162.0.232.193 - - [09/Jun/2025:22:55:29 -0400] "POST /wp-cron.php?doing_wp_cron=1749524129.7822620868682861328125 HTTP/1.1" 200 0 "-" "WordPress/6.8.1; https://reversevillain.com"
20.171.207.117 - - [09/Jun/2025:22:55:29 -0400] "GET /um/exolete/shopbrand1225551820.htm HTTP/1.1" 301 0 "-" "Mozilla/5.0 AppleWebKit/537.36 (KHTML, like Gecko; compatible; GPTBot/1.2; +https://openai.com/gptbot)"
162.0.232.193 - - [09/Jun/2025:22:55:30 -0400] "POST /wp-admin/admin-ajax.php?action=async_litespeed&nonce=IKzVisISnjJ2zYVV6nqKUf002vSzBrXY&litespeed_type=imgoptm HTTP/1.1" 200 5 "-" "WordPress/6.8.1; https://reversevillain.com"
20.171.207.117 - - [09/Jun/2025:22:55:30 -0400] "GET / HTTP/1.1" 200 9389 "-" "Mozilla/5.0 AppleWebKit/537.36 (KHTML, like Gecko; compatible; GPTBot/1.2; +https://openai.com/gptbot)"
20.171.207.117 - - [09/Jun/2025:22:55:30 -0400] "GET /se/carassius/item/104204650.htm HTTP/1.1" 301 0 "-" "Mozilla/5.0 AppleWebKit/537.36 (KHTML, like Gecko; compatible; GPTBot/1.2; +https://openai.com/gptbot)"
20.171.207.117 - - [09/Jun/2025:22:55:31 -0400] "GET / HTTP/1.1" 200 9389 "-" "Mozilla/5.0 AppleWebKit/537.36 (KHTML, like Gecko; compatible; GPTBot/1.2; +https://openai.com/gptbot)"
20.171.207.117 - - [09/Jun/2025:22:55:31 -0400] "GET /io/crawdaddykradddaddy/goods/253943730.htm HTTP/1.1" 301 0 "-" "Mozilla/5.0 AppleWebKit/537.36 (KHTML, like Gecko; compatible; GPTBot/1.2; +https://openai.com/gptbot)"
20.171.207.117 - - [09/Jun/2025:22:55:32 -0400] "GET / HTTP/1.1" 200 9389 "-" "Mozilla/5.0 AppleWebKit/537.36 (KHTML, like Gecko; compatible; GPTBot/1.2; +https://openai.com/gptbot)"
162.0.232.193 - - [09/Jun/2025:22:55:33 -0400] "POST /wp-cron.php?doing_wp_cron=1749524133.4847240447998046875000 HTTP/1.1" 200 0 "-" "WordPress/6.8.1; https://reversevillain.com"
20.171.207.117 - - [09/Jun/2025:22:55:33 -0400] "GET /t/paraboliform/items1225551143.htm HTTP/1.1" 301 0 "-" "Mozilla/5.0 AppleWebKit/537.36 (KHTML, like Gecko; compatible; GPTBot/1.2; +https://openai.com/gptbot)"
20.171.207.117 - - [09/Jun/2025:22:55:33 -0400] "GET / HTTP/1.1" 200 9389 "-" "Mozilla/5.0 AppleWebKit/537.36 (KHTML, like Gecko; compatible; GPTBot/1.2; +https://openai.com/gptbot)"
20.171.207.117 - - [09/Jun/2025:22:55:34 -0400] "GET /y/connecting/product1225500054.htm HTTP/1.1" 301 0 "-" "Mozilla/5.0 AppleWebKit/537.36 (KHTML, like Gecko; compatible; GPTBot/1.2; +https://openai.com/gptbot)"
20.171.207.117 - - [09/Jun/2025:22:55:34 -0400] "GET / HTTP/1.1" 200 9389 "-" "Mozilla/5.0 AppleWebKit/537.36 (KHTML, like Gecko; compatible; GPTBot/1.2; +https://openai.com/gptbot)"
20.171.207.117 - - [09/Jun/2025:22:55:35 -0400] "GET /s/goodscode1225443374.htm HTTP/1.1" 301 0 "-" "Mozilla/5.0 AppleWebKit/537.36 (KHTML, like Gecko; compatible; GPTBot/1.2; +https://openai.com/gptbot)"
2001:41d0:303:8697::1 - - [09/Jun/2025:22:55:35 -0400] "GET / HTTP/1.1" 200 9389 "-" "Mozilla/5.0 (compatible; MJ12bot/v1.4.8; http://mj12bot.com/)"
20.171.207.117 - - [09/Jun/2025:22:55:35 -0400] "GET / HTTP/1.1" 200 9389 "-" "Mozilla/5.0 AppleWebKit/537.36 (KHTML, like Gecko; compatible; GPTBot/1.2; +https://openai.com/gptbot)"
20.171.207.117 - - [09/Jun/2025:22:55:36 -0400] "GET /c/goodscode1225758162.htm HTTP/1.1" 301 0 "-" "Mozilla/5.0 AppleWebKit/537.36 (KHTML, like Gecko; compatible; GPTBot/1.2; +https://openai.com/gptbot)"
20.171.207.117 - - [09/Jun/2025:22:55:37 -0400] "GET / HTTP/1.1" 200 9389 "-" "Mozilla/5.0 AppleWebKit/537.36 (KHTML, like Gecko; compatible; GPTBot/1.2; +https://openai.com/gptbot)"
20.171.207.117 - - [09/Jun/2025:22:55:37 -0400] "GET /dht/product1225565971.htm HTTP/1.1" 301 0 "-" "Mozilla/5.0 AppleWebKit/537.36 (KHTML, like Gecko; compatible; GPTBot/1.2; +https://openai.com/gptbot)"
20.171.207.117 - - [09/Jun/2025:22:55:38 -0400] "GET / HTTP/1.1" 200 9389 "-" "Mozilla/5.0 AppleWebKit/537.36 (KHTML, like Gecko; compatible; GPTBot/1.2; +https://openai.com/gptbot)"
20.171.207.117 - - [09/Jun/2025:22:55:38 -0400] "GET /ga/provisorily/goodscode913524768.htm HTTP/1.1" 301 0 "-" "Mozilla/5.0 AppleWebKit/537.36 (KHTML, like Gecko; compatible; GPTBot/1.2; +https://openai.com/gptbot)"
20.171.207.117 - - [09/Jun/2025:22:55:39 -0400] "GET / HTTP/1.1" 200 9389 "-" "Mozilla/5.0 AppleWebKit/537.36 (KHTML, like Gecko; compatible; GPTBot/1.2; +https://openai.com/gptbot)"
20.171.207.117 - - [09/Jun/2025:22:55:39 -0400] "GET /yk/inopportune/shopbrand368279064.htm HTTP/1.1" 301 0 "-" "Mozilla/5.0 AppleWebKit/537.36 (KHTML, like Gecko; compatible; GPTBot/1.2; +https://openai.com/gptbot)"
20.171.207.117 - - [09/Jun/2025:22:55:40 -0400] "GET / HTTP/1.1" 200 9389 "-" "Mozilla/5.0 AppleWebKit/537.36 (KHTML, like Gecko; compatible; GPTBot/1.2; +https://openai.com/gptbot)"
20.171.207.117 - - [09/Jun/2025:22:55:41 -0400] "GET /q/shopbrand104310460.htm HTTP/1.1" 301 0 "-" "Mozilla/5.0 AppleWebKit/537.36 (KHTML, like Gecko; compatible; GPTBot/1.2; +https://openai.com/gptbot)"
20.171.207.117 - - [09/Jun/2025:22:55:41 -0400] "GET / HTTP/1.1" 200 9389 "-" "Mozilla/5.0 AppleWebKit/537.36 (KHTML, like Gecko; compatible; GPTBot/1.2; +https://openai.com/gptbot)"
20.171.207.117 - - [09/Jun/2025:22:55:42 -0400] "GET /ods/goodscode189477046.htm HTTP/1.1" 301 0 "-" "Mozilla/5.0 AppleWebKit/537.36 (KHTML, like Gecko; compatible; GPTBot/1.2; +https://openai.com/gptbot)"
20.171.207.117 - - [09/Jun/2025:22:55:42 -0400] "GET / HTTP/1.1" 200 9389 "-" "Mozilla/5.0 AppleWebKit/537.36 (KHTML, like Gecko; compatible; GPTBot/1.2; +https://openai.com/gptbot)"
20.171.207.117 - - [09/Jun/2025:22:55:43 -0400] "GET /g/item/104306306.htm HTTP/1.1" 301 0 "-" "Mozilla/5.0 AppleWebKit/537.36 (KHTML, like Gecko; compatible; GPTBot/1.2; +https://openai.com/gptbot)"
20.171.207.117 - - [09/Jun/2025:22:55:44 -0400] "GET / HTTP/1.1" 200 9391 "-" "Mozilla/5.0 AppleWebKit/537.36 (KHTML, like Gecko; compatible; GPTBot/1.2; +https://openai.com/gptbot)"
20.171.207.117 - - [09/Jun/2025:22:55:44 -0400] "GET /kjw/fraudlessly/shopbrand780079660.htm HTTP/1.1" 301 0 "-" "Mozilla/5.0 AppleWebKit/537.36 (KHTML, like Gecko; compatible; GPTBot/1.2; +https://openai.com/gptbot)"
20.171.207.117 - - [09/Jun/2025:22:55:45 -0400] "GET / HTTP/1.1" 200 9389 "-" "Mozilla/5.0 AppleWebKit/537.36 (KHTML, like Gecko; compatible; GPTBot/1.2; +https://openai.com/gptbot)"
20.171.207.117 - - [09/Jun/2025:22:55:45 -0400] "GET /qu/neglectfully/shopbrand731290398.htm HTTP/1.1" 301 0 "-" "Mozilla/5.0 AppleWebKit/537.36 (KHTML, like Gecko; compatible; GPTBot/1.2; +https://openai.com/gptbot)"
20.171.207.117 - - [09/Jun/2025:22:55:46 -0400] "GET / HTTP/1.1" 200 9389 "-" "Mozilla/5.0 AppleWebKit/537.36 (KHTML, like Gecko; compatible; GPTBot/1.2; +https://openai.com/gptbot)"
20.171.207.117 - - [09/Jun/2025:22:55:47 -0400] "GET /tl/vociferously/shopbrand913519943.htm HTTP/1.1" 301 0 "-" "Mozilla/5.0 AppleWebKit/537.36 (KHTML, like Gecko; compatible; GPTBot/1.2; +https://openai.com/gptbot)"
20.171.207.117 - - [09/Jun/2025:22:55:47 -0400] "GET / HTTP/1.1" 200 9391 "-" "Mozilla/5.0 AppleWebKit/537.36 (KHTML, like Gecko; compatible; GPTBot/1.2; +https://openai.com/gptbot)"
20.171.207.117 - - [09/Jun/2025:22:55:48 -0400] "GET /o/info/104555928.htm HTTP/1.1" 301 0 "-" "Mozilla/5.0 AppleWebKit/537.36 (KHTML, like Gecko; compatible; GPTBot/1.2; +https://openai.com/gptbot)"
20.171.207.117 - - [09/Jun/2025:22:55:48 -0400] "GET / HTTP/1.1" 200 9389 "-" "Mozilla/5.0 AppleWebKit/537.36 (KHTML, like Gecko; compatible; GPTBot/1.2; +https://openai.com/gptbot)"
20.171.207.117 - - [09/Jun/2025:22:55:49 -0400] "GET /m/info/104447738.htm HTTP/1.1" 301 0 "-" "Mozilla/5.0 AppleWebKit/537.36 (KHTML, like Gecko; compatible; GPTBot/1.2; +https://openai.com/gptbot)"
162.0.232.193 - - [09/Jun/2025:22:55:50 -0400] "POST /wp-cron.php?doing_wp_cron=1749524150.2428588867187500000000 HTTP/1.1" 200 0 "-" "WordPress/6.8.1; https://reversevillain.com"
20.171.207.117 - - [09/Jun/2025:22:55:49 -0400] "GET / HTTP/1.1" 200 9389 "-" "Mozilla/5.0 AppleWebKit/537.36 (KHTML, like Gecko; compatible; GPTBot/1.2; +https://openai.com/gptbot)"
162.0.232.193 - - [09/Jun/2025:22:55:50 -0400] "POST /wp-admin/admin-ajax.php?action=async_litespeed&nonce=0ycJfYHnjA3hoFiaaJeHtecdkxqp52Oh&litespeed_type=imgoptm HTTP/1.1" 200 5 "-" "WordPress/6.8.1; https://reversevillain.com"
2001:41d0:303:8697::1 - - [09/Jun/2025:22:55:50 -0400] "GET /mushoku-tensei-isekai-ittara-honki-dasu-chapter-97/feed/ HTTP/1.1" 301 0 "-" "Mozilla/5.0 (compatible; MJ12bot/v1.4.8; http://mj12bot.com/)"
20.171.207.117 - - [09/Jun/2025:22:55:50 -0400] "GET /a/info/731347666.htm HTTP/1.1" 301 0 "-" "Mozilla/5.0 AppleWebKit/537.36 (KHTML, like Gecko; compatible; GPTBot/1.2; +https://openai.com/gptbot)"
20.171.207.117 - - [09/Jun/2025:22:55:51 -0400] "GET / HTTP/1.1" 200 9389 "-" "Mozilla/5.0 AppleWebKit/537.36 (KHTML, like Gecko; compatible; GPTBot/1.2; +https://openai.com/gptbot)"
20.171.207.117 - - [09/Jun/2025:22:55:51 -0400] "GET /jwn/countersealing/info/731340389.htm HTTP/1.1" 301 0 "-" "Mozilla/5.0 AppleWebKit/537.36 (KHTML, like Gecko; compatible; GPTBot/1.2; +https://openai.com/gptbot)"
20.171.207.117 - - [09/Jun/2025:22:55:52 -0400] "GET / HTTP/1.1" 200 9389 "-" "Mozilla/5.0 AppleWebKit/537.36 (KHTML, like Gecko; compatible; GPTBot/1.2; +https://openai.com/gptbot)"
20.171.207.117 - - [09/Jun/2025:22:55:53 -0400] "GET /v/shopbrand254098167.htm HTTP/1.1" 301 0 "-" "Mozilla/5.0 AppleWebKit/537.36 (KHTML, like Gecko; compatible; GPTBot/1.2; +https://openai.com/gptbot)"
20.171.207.117 - - [09/Jun/2025:22:55:53 -0400] "GET / HTTP/1.1" 200 9391 "-" "Mozilla/5.0 AppleWebKit/537.36 (KHTML, like Gecko; compatible; GPTBot/1.2; +https://openai.com/gptbot)"
20.171.207.117 - - [09/Jun/2025:22:55:54 -0400] "GET /way/item/1225455684.htm HTTP/1.1" 301 0 "-" "Mozilla/5.0 AppleWebKit/537.36 (KHTML, like Gecko; compatible; GPTBot/1.2; +https://openai.com/gptbot)"
20.171.207.117 - - [09/Jun/2025:22:55:54 -0400] "GET / HTTP/1.1" 200 9389 "-" "Mozilla/5.0 AppleWebKit/537.36 (KHTML, like Gecko; compatible; GPTBot/1.2; +https://openai.com/gptbot)"
20.171.207.117 - - [09/Jun/2025:22:55:55 -0400] "GET /suo/item/1225721498.htm HTTP/1.1" 301 0 "-" "Mozilla/5.0 AppleWebKit/537.36 (KHTML, like Gecko; compatible; GPTBot/1.2; +https://openai.com/gptbot)"
2001:41d0:303:8697::1 - - [09/Jun/2025:22:55:55 -0400] "GET / HTTP/1.1" 200 9391 "-" "Mozilla/5.0 (compatible; MJ12bot/v1.4.8; http://mj12bot.com/)"
20.171.207.117 - - [09/Jun/2025:22:55:55 -0400] "GET / HTTP/1.1" 200 9389 "-" "Mozilla/5.0 AppleWebKit/537.36 (KHTML, like Gecko; compatible; GPTBot/1.2; +https://openai.com/gptbot)"
20.171.207.117 - - [09/Jun/2025:22:55:56 -0400] "GET /yqg/item/1225414534.htm HTTP/1.1" 301 0 "-" "Mozilla/5.0 AppleWebKit/537.36 (KHTML, like Gecko; compatible; GPTBot/1.2; +https://openai.com/gptbot)"
20.171.207.117 - - [09/Jun/2025:22:55:56 -0400] "GET / HTTP/1.1" 200 9391 "-" "Mozilla/5.0 AppleWebKit/537.36 (KHTML, like Gecko; compatible; GPTBot/1.2; +https://openai.com/gptbot)"
20.171.207.117 - - [09/Jun/2025:22:55:57 -0400] "GET /rqv/item/1225560799.htm HTTP/1.1" 301 0 "-" "Mozilla/5.0 AppleWebKit/537.36 (KHTML, like Gecko; compatible; GPTBot/1.2; +https://openai.com/gptbot)"
20.171.207.117 - - [09/Jun/2025:22:55:57 -0400] "GET / HTTP/1.1" 200 9391 "-" "Mozilla/5.0 AppleWebKit/537.36 (KHTML, like Gecko; compatible; GPTBot/1.2; +https://openai.com/gptbot)"
20.171.207.117 - - [09/Jun/2025:22:55:58 -0400] "GET /y/goodscode368236816.htm HTTP/1.1" 301 0 "-" "Mozilla/5.0 AppleWebKit/537.36 (KHTML, like Gecko; compatible; GPTBot/1.2; +https://openai.com/gptbot)"
20.171.207.117 - - [09/Jun/2025:22:55:59 -0400] "GET / HTTP/1.1" 200 9389 "-" "Mozilla/5.0 AppleWebKit/537.36 (KHTML, like Gecko; compatible; GPTBot/1.2; +https://openai.com/gptbot)"
20.171.207.117 - - [09/Jun/2025:22:55:59 -0400] "GET /h/goodscode731585857.htm HTTP/1.1" 301 0 "-" "Mozilla/5.0 AppleWebKit/537.36 (KHTML, like Gecko; compatible; GPTBot/1.2; +https://openai.com/gptbot)"
20.171.207.117 - - [09/Jun/2025:22:56:00 -0400] "GET / HTTP/1.1" 200 9389 "-" "Mozilla/5.0 AppleWebKit/537.36 (KHTML, like Gecko; compatible; GPTBot/1.2; +https://openai.com/gptbot)"
20.171.207.117 - - [09/Jun/2025:22:56:01 -0400] "GET /s/shopbrand860623606.htm HTTP/1.1" 301 0 "-" "Mozilla/5.0 AppleWebKit/537.36 (KHTML, like Gecko; compatible; GPTBot/1.2; +https://openai.com/gptbot)"
2001:41d0:303:8697::1 - - [09/Jun/2025:22:56:01 -0400] "GET /musume-ja-nakute-mama-ga-suki-nano-chapter-11/ HTTP/1.1" 301 0 "-" "Mozilla/5.0 (compatible; MJ12bot/v1.4.8; http://mj12bot.com/)"
20.171.207.117 - - [09/Jun/2025:22:56:01 -0400] "GET / HTTP/1.1" 200 9389 "-" "Mozilla/5.0 AppleWebKit/537.36 (KHTML, like Gecko; compatible; GPTBot/1.2; +https://openai.com/gptbot)"
20.171.207.117 - - [09/Jun/2025:22:56:02 -0400] "GET /h/shopbrand731564229.htm HTTP/1.1" 301 0 "-" "Mozilla/5.0 AppleWebKit/537.36 (KHTML, like Gecko; compatible; GPTBot/1.2; +https://openai.com/gptbot)"
20.171.207.117 - - [09/Jun/2025:22:56:02 -0400] "GET / HTTP/1.1" 200 9389 "-" "Mozilla/5.0 AppleWebKit/537.36 (KHTML, like Gecko; compatible; GPTBot/1.2; +https://openai.com/gptbot)"
20.171.207.117 - - [09/Jun/2025:22:56:03 -0400] "GET /cza/product367971058.htm HTTP/1.1" 301 0 "-" "Mozilla/5.0 AppleWebKit/537.36 (KHTML, like Gecko; compatible; GPTBot/1.2; +https://openai.com/gptbot)"
20.171.207.117 - - [09/Jun/2025:22:56:04 -0400] "GET / HTTP/1.1" 200 9389 "-" "Mozilla/5.0 AppleWebKit/537.36 (KHTML, like Gecko; compatible; GPTBot/1.2; +https://openai.com/gptbot)"
20.171.207.117 - - [09/Jun/2025:22:56:04 -0400] "GET /v/goodscode731580429.htm HTTP/1.1" 301 0 "-" "Mozilla/5.0 AppleWebKit/537.36 (KHTML, like Gecko; compatible; GPTBot/1.2; +https://openai.com/gptbot)"
20.171.207.117 - - [09/Jun/2025:22:56:05 -0400] "GET / HTTP/1.1" 200 9389 "-" "Mozilla/5.0 AppleWebKit/537.36 (KHTML, like Gecko; compatible; GPTBot/1.2; +https://openai.com/gptbot)"
20.171.207.117 - - [09/Jun/2025:22:56:06 -0400] "GET /l/shopbrand311798453.htm HTTP/1.1" 301 0 "-" "Mozilla/5.0 AppleWebKit/537.36 (KHTML, like Gecko; compatible; GPTBot/1.2; +https://openai.com/gptbot)"
20.171.207.117 - - [09/Jun/2025:22:56:07 -0400] "GET / HTTP/1.1" 200 9389 "-" "Mozilla/5.0 AppleWebKit/537.36 (KHTML, like Gecko; compatible; GPTBot/1.2; +https://openai.com/gptbot)"
20.171.207.117 - - [09/Jun/2025:22:56:07 -0400] "GET /e/shopbrand860414530.htm HTTP/1.1" 301 0 "-" "Mozilla/5.0 AppleWebKit/537.36 (KHTML, like Gecko; compatible; GPTBot/1.2; +https://openai.com/gptbot)"
20.171.207.117 - - [09/Jun/2025:22:56:08 -0400] "GET / HTTP/1.1" 200 9389 "-" "Mozilla/5.0 AppleWebKit/537.36 (KHTML, like Gecko; compatible; GPTBot/1.2; +https://openai.com/gptbot)"
20.171.207.117 - - [09/Jun/2025:22:56:09 -0400] "GET /kzk/product104542786.htm HTTP/1.1" 301 0 "-" "Mozilla/5.0 AppleWebKit/537.36 (KHTML, like Gecko; compatible; GPTBot/1.2; +https://openai.com/gptbot)"
20.171.207.117 - - [09/Jun/2025:22:56:09 -0400] "GET / HTTP/1.1" 200 9389 "-" "Mozilla/5.0 AppleWebKit/537.36 (KHTML, like Gecko; compatible; GPTBot/1.2; +https://openai.com/gptbot)"
2001:41d0:303:8697::1 - - [09/Jun/2025:22:56:09 -0400] "GET / HTTP/1.1" 200 9389 "-" "Mozilla/5.0 (compatible; MJ12bot/v1.4.8; http://mj12bot.com/)"
20.171.207.117 - - [09/Jun/2025:22:56:10 -0400] "GET /q/shopbrand311896952.htm HTTP/1.1" 301 0 "-" "Mozilla/5.0 AppleWebKit/537.36 (KHTML, like Gecko; compatible; GPTBot/1.2; +https://openai.com/gptbot)"
20.171.207.117 - - [09/Jun/2025:22:56:10 -0400] "GET / HTTP/1.1" 200 9389 "-" "Mozilla/5.0 AppleWebKit/537.36 (KHTML, like Gecko; compatible; GPTBot/1.2; +https://openai.com/gptbot)"
20.171.207.117 - - [09/Jun/2025:22:56:11 -0400] "GET /jfl/product104297399.htm HTTP/1.1" 301 0 "-" "Mozilla/5.0 AppleWebKit/537.36 (KHTML, like Gecko; compatible; GPTBot/1.2; +https://openai.com/gptbot)"
20.171.207.117 - - [09/Jun/2025:22:56:12 -0400] "GET / HTTP/1.1" 200 9389 "-" "Mozilla/5.0 AppleWebKit/537.36 (KHTML, like Gecko; compatible; GPTBot/1.2; +https://openai.com/gptbot)"
20.171.207.117 - - [09/Jun/2025:22:56:12 -0400] "GET /x/shopbrand189651483.htm HTTP/1.1" 301 0 "-" "Mozilla/5.0 AppleWebKit/537.36 (KHTML, like Gecko; compatible; GPTBot/1.2; +https://openai.com/gptbot)"
20.171.207.117 - - [09/Jun/2025:22:56:13 -0400] "GET / HTTP/1.1" 200 9390 "-" "Mozilla/5.0 AppleWebKit/537.36 (KHTML, like Gecko; compatible; GPTBot/1.2; +https://openai.com/gptbot)"
20.171.207.117 - - [09/Jun/2025:22:56:14 -0400] "GET /f/shopbrand104359855.htm HTTP/1.1" 301 0 "-" "Mozilla/5.0 AppleWebKit/537.36 (KHTML, like Gecko; compatible; GPTBot/1.2; +https://openai.com/gptbot)"
20.171.207.117 - - [09/Jun/2025:22:56:14 -0400] "GET / HTTP/1.1" 200 9389 "-" "Mozilla/5.0 AppleWebKit/537.36 (KHTML, like Gecko; compatible; GPTBot/1.2; +https://openai.com/gptbot)"
20.171.207.117 - - [09/Jun/2025:22:56:15 -0400] "GET /x/shopbrand189662373.htm HTTP/1.1" 301 0 "-" "Mozilla/5.0 AppleWebKit/537.36 (KHTML, like Gecko; compatible; GPTBot/1.2; +https://openai.com/gptbot)"
154.54.249.194 - - [09/Jun/2025:22:56:16 -0400] "GET /manga/im-really-not-a-supervillain-chapter-201/feed/ HTTP/1.1" 200 448 "-" "Mozilla/5.0 (compatible; Barkrowler/0.9; +https://babbar.tech/crawler)"
20.171.207.117 - - [09/Jun/2025:22:56:16 -0400] "GET / HTTP/1.1" 200 9389 "-" "Mozilla/5.0 AppleWebKit/537.36 (KHTML, like Gecko; compatible; GPTBot/1.2; +https://openai.com/gptbot)"
20.171.207.117 - - [09/Jun/2025:22:56:17 -0400] "GET /k/shopbrand913836854.htm HTTP/1.1" 301 0 "-" "Mozilla/5.0 AppleWebKit/537.36 (KHTML, like Gecko; compatible; GPTBot/1.2; +https://openai.com/gptbot)"
2001:41d0:303:8697::1 - - [09/Jun/2025:22:56:17 -0400] "GET /muv-luv-alternative-chapter-94/ HTTP/1.1" 301 0 "-" "Mozilla/5.0 (compatible; MJ12bot/v1.4.8; http://mj12bot.com/)"
20.171.207.117 - - [09/Jun/2025:22:56:17 -0400] "GET / HTTP/1.1" 200 9389 "-" "Mozilla/5.0 AppleWebKit/537.36 (KHTML, like Gecko; compatible; GPTBot/1.2; +https://openai.com/gptbot)"
20.171.207.117 - - [09/Jun/2025:22:56:18 -0400] "GET /z/shopbrand913500825.htm HTTP/1.1" 301 0 "-" "Mozilla/5.0 AppleWebKit/537.36 (KHTML, like Gecko; compatible; GPTBot/1.2; +https://openai.com/gptbot)"
20.171.207.117 - - [09/Jun/2025:22:56:18 -0400] "GET / HTTP/1.1" 200 9389 "-" "Mozilla/5.0 AppleWebKit/537.36 (KHTML, like Gecko; compatible; GPTBot/1.2; +https://openai.com/gptbot)"
20.171.207.117 - - [09/Jun/2025:22:56:19 -0400] "GET /v/shopbrand860507279.htm HTTP/1.1" 301 0 "-" "Mozilla/5.0 AppleWebKit/537.36 (KHTML, like Gecko; compatible; GPTBot/1.2; +https://openai.com/gptbot)"
20.171.207.117 - - [09/Jun/2025:22:56:19 -0400] "GET / HTTP/1.1" 200 9389 "-" "Mozilla/5.0 AppleWebKit/537.36 (KHTML, like Gecko; compatible; GPTBot/1.2; +https://openai.com/gptbot)"
20.171.207.117 - - [09/Jun/2025:22:56:20 -0400] "GET /l/shopbrand913697849.htm HTTP/1.1" 301 0 "-" "Mozilla/5.0 AppleWebKit/537.36 (KHTML, like Gecko; compatible; GPTBot/1.2; +https://openai.com/gptbot)"
20.171.207.117 - - [09/Jun/2025:22:56:21 -0400] "GET / HTTP/1.1" 200 9389 "-" "Mozilla/5.0 AppleWebKit/537.36 (KHTML, like Gecko; compatible; GPTBot/1.2; +https://openai.com/gptbot)"
20.171.207.117 - - [09/Jun/2025:22:56:21 -0400] "GET /f/shopbrand104573079.htm HTTP/1.1" 301 0 "-" "Mozilla/5.0 AppleWebKit/537.36 (KHTML, like Gecko; compatible; GPTBot/1.2; +https://openai.com/gptbot)"
20.171.207.117 - - [09/Jun/2025:22:56:22 -0400] "GET / HTTP/1.1" 200 9389 "-" "Mozilla/5.0 AppleWebKit/537.36 (KHTML, like Gecko; compatible; GPTBot/1.2; +https://openai.com/gptbot)"
20.171.207.117 - - [09/Jun/2025:22:56:23 -0400] "GET /f/shopbrand189409757.htm HTTP/1.1" 301 0 "-" "Mozilla/5.0 AppleWebKit/537.36 (KHTML, like Gecko; compatible; GPTBot/1.2; +https://openai.com/gptbot)"
20.171.207.117 - - [09/Jun/2025:22:56:23 -0400] "GET / HTTP/1.1" 200 9390 "-" "Mozilla/5.0 AppleWebKit/537.36 (KHTML, like Gecko; compatible; GPTBot/1.2; +https://openai.com/gptbot)"
20.171.207.117 - - [09/Jun/2025:22:56:24 -0400] "GET /njx/product860354115.htm HTTP/1.1" 301 0 "-" "Mozilla/5.0 AppleWebKit/537.36 (KHTML, like Gecko; compatible; GPTBot/1.2; +https://openai.com/gptbot)"
20.171.207.117 - - [09/Jun/2025:22:56:24 -0400] "GET / HTTP/1.1" 200 9389 "-" "Mozilla/5.0 AppleWebKit/537.36 (KHTML, like Gecko; compatible; GPTBot/1.2; +https://openai.com/gptbot)"
20.171.207.117 - - [09/Jun/2025:22:56:25 -0400] "GET /l/goodscode312087459.htm HTTP/1.1" 301 0 "-" "Mozilla/5.0 AppleWebKit/537.36 (KHTML, like Gecko; compatible; GPTBot/1.2; +https://openai.com/gptbot)"
20.171.207.117 - - [09/Jun/2025:22:56:26 -0400] "GET / HTTP/1.1" 200 9389 "-" "Mozilla/5.0 AppleWebKit/537.36 (KHTML, like Gecko; compatible; GPTBot/1.2; +https://openai.com/gptbot)"
20.171.207.117 - - [09/Jun/2025:22:56:26 -0400] "GET /r/shopbrand780157629.htm HTTP/1.1" 301 0 "-" "Mozilla/5.0 AppleWebKit/537.36 (KHTML, like Gecko; compatible; GPTBot/1.2; +https://openai.com/gptbot)"
20.171.207.117 - - [09/Jun/2025:22:56:27 -0400] "GET / HTTP/1.1" 200 9389 "-" "Mozilla/5.0 AppleWebKit/537.36 (KHTML, like Gecko; compatible; GPTBot/1.2; +https://openai.com/gptbot)"
20.171.207.117 - - [09/Jun/2025:22:56:27 -0400] "GET /y/shopbrand189599230.htm HTTP/1.1" 301 0 "-" "Mozilla/5.0 AppleWebKit/537.36 (KHTML, like Gecko; compatible; GPTBot/1.2; +https://openai.com/gptbot)"
20.171.207.117 - - [09/Jun/2025:22:56:28 -0400] "GET / HTTP/1.1" 200 9389 "-" "Mozilla/5.0 AppleWebKit/537.36 (KHTML, like Gecko; compatible; GPTBot/1.2; +https://openai.com/gptbot)"
162.0.232.193 - - [09/Jun/2025:22:56:29 -0400] "POST /wp-cron.php?doing_wp_cron=1749524189.3919520378112792968750 HTTP/1.1" 200 0 "-" "WordPress/6.8.1; https://reversevillain.com"
20.171.207.117 - - [09/Jun/2025:22:56:29 -0400] "GET /e/shopbrand104486938.htm HTTP/1.1" 301 0 "-" "Mozilla/5.0 AppleWebKit/537.36 (KHTML, like Gecko; compatible; GPTBot/1.2; +https://openai.com/gptbot)"
20.171.207.117 - - [09/Jun/2025:22:56:29 -0400] "GET / HTTP/1.1" 200 9389 "-" "Mozilla/5.0 AppleWebKit/537.36 (KHTML, like Gecko; compatible; GPTBot/1.2; +https://openai.com/gptbot)"
20.171.207.117 - - [09/Jun/2025:22:56:30 -0400] "GET /x/flocking/item/368012225.htm HTTP/1.1" 301 0 "-" "Mozilla/5.0 AppleWebKit/537.36 (KHTML, like Gecko; compatible; GPTBot/1.2; +https://openai.com/gptbot)"
20.171.207.117 - - [09/Jun/2025:22:56:30 -0400] "GET / HTTP/1.1" 200 9390 "-" "Mozilla/5.0 AppleWebKit/537.36 (KHTML, like Gecko; compatible; GPTBot/1.2; +https://openai.com/gptbot)"
20.171.207.117 - - [09/Jun/2025:22:56:31 -0400] "GET /w860444064.htm HTTP/1.1" 301 0 "-" "Mozilla/5.0 AppleWebKit/537.36 (KHTML, like Gecko; compatible; GPTBot/1.2; +https://openai.com/gptbot)"
2001:41d0:303:8697::1 - - [09/Jun/2025:22:56:31 -0400] "GET / HTTP/1.1" 200 9389 "-" "Mozilla/5.0 (compatible; MJ12bot/v1.4.8; http://mj12bot.com/)"
20.171.207.117 - - [09/Jun/2025:22:56:31 -0400] "GET / HTTP/1.1" 200 9389 "-" "Mozilla/5.0 AppleWebKit/537.36 (KHTML, like Gecko; compatible; GPTBot/1.2; +https://openai.com/gptbot)"
217.113.194.12 - - [09/Jun/2025:22:56:31 -0400] "GET /manga/im-really-not-a-supervillain-chapter-209/ HTTP/1.1" 200 12393 "-" "Mozilla/5.0 (compatible; Barkrowler/0.9; +https://babbar.tech/crawler)"
20.171.207.117 - - [09/Jun/2025:22:56:32 -0400] "GET /a913811128.htm HTTP/1.1" 301 0 "-" "Mozilla/5.0 AppleWebKit/537.36 (KHTML, like Gecko; compatible; GPTBot/1.2; +https://openai.com/gptbot)"
20.171.207.117 - - [09/Jun/2025:22:56:32 -0400] "GET / HTTP/1.1" 200 9389 "-" "Mozilla/5.0 AppleWebKit/537.36 (KHTML, like Gecko; compatible; GPTBot/1.2; +https://openai.com/gptbot)"
20.171.207.117 - - [09/Jun/2025:22:56:33 -0400] "GET /i860683336.htm HTTP/1.1" 301 0 "-" "Mozilla/5.0 AppleWebKit/537.36 (KHTML, like Gecko; compatible; GPTBot/1.2; +https://openai.com/gptbot)"
20.171.207.117 - - [09/Jun/2025:22:56:34 -0400] "GET / HTTP/1.1" 200 9391 "-" "Mozilla/5.0 AppleWebKit/537.36 (KHTML, like Gecko; compatible; GPTBot/1.2; +https://openai.com/gptbot)"
20.171.207.117 - - [09/Jun/2025:22:56:34 -0400] "GET /f913599945.htm HTTP/1.1" 301 0 "-" "Mozilla/5.0 AppleWebKit/537.36 (KHTML, like Gecko; compatible; GPTBot/1.2; +https://openai.com/gptbot)"
20.171.207.117 - - [09/Jun/2025:22:56:35 -0400] "GET / HTTP/1.1" 200 9391 "-" "Mozilla/5.0 AppleWebKit/537.36 (KHTML, like Gecko; compatible; GPTBot/1.2; +https://openai.com/gptbot)"
20.171.207.117 - - [09/Jun/2025:22:56:35 -0400] "GET /g779992768.htm HTTP/1.1" 301 0 "-" "Mozilla/5.0 AppleWebKit/537.36 (KHTML, like Gecko; compatible; GPTBot/1.2; +https://openai.com/gptbot)"
20.171.207.117 - - [09/Jun/2025:22:56:36 -0400] "GET / HTTP/1.1" 200 9389 "-" "Mozilla/5.0 AppleWebKit/537.36 (KHTML, like Gecko; compatible; GPTBot/1.2; +https://openai.com/gptbot)"
20.171.207.117 - - [09/Jun/2025:22:56:37 -0400] "GET /p189434443.htm HTTP/1.1" 301 0 "-" "Mozilla/5.0 AppleWebKit/537.36 (KHTML, like Gecko; compatible; GPTBot/1.2; +https://openai.com/gptbot)"
20.171.207.117 - - [09/Jun/2025:22:56:37 -0400] "GET / HTTP/1.1" 200 9389 "-" "Mozilla/5.0 AppleWebKit/537.36 (KHTML, like Gecko; compatible; GPTBot/1.2; +https://openai.com/gptbot)"
20.171.207.117 - - [09/Jun/2025:22:56:38 -0400] "GET /m368200086.htm HTTP/1.1" 301 0 "-" "Mozilla/5.0 AppleWebKit/537.36 (KHTML, like Gecko; compatible; GPTBot/1.2; +https://openai.com/gptbot)"
20.171.207.117 - - [09/Jun/2025:22:56:38 -0400] "GET / HTTP/1.1" 200 9391 "-" "Mozilla/5.0 AppleWebKit/537.36 (KHTML, like Gecko; compatible; GPTBot/1.2; +https://openai.com/gptbot)"
20.171.207.117 - - [09/Jun/2025:22:56:39 -0400] "GET /o368114888.htm HTTP/1.1" 301 0 "-" "Mozilla/5.0 AppleWebKit/537.36 (KHTML, like Gecko; compatible; GPTBot/1.2; +https://openai.com/gptbot)"
20.171.207.117 - - [09/Jun/2025:22:56:39 -0400] "GET / HTTP/1.1" 200 9389 "-" "Mozilla/5.0 AppleWebKit/537.36 (KHTML, like Gecko; compatible; GPTBot/1.2; +https://openai.com/gptbot)"
20.171.207.117 - - [09/Jun/2025:22:56:40 -0400] "GET /m731555388.htm HTTP/1.1" 301 0 "-" "Mozilla/5.0 AppleWebKit/537.36 (KHTML, like Gecko; compatible; GPTBot/1.2; +https://openai.com/gptbot)"
20.171.207.117 - - [09/Jun/2025:22:56:41 -0400] "GET / HTTP/1.1" 200 9389 "-" "Mozilla/5.0 AppleWebKit/537.36 (KHTML, like Gecko; compatible; GPTBot/1.2; +https://openai.com/gptbot)"
2001:41d0:303:8697::1 - - [09/Jun/2025:22:56:41 -0400] "GET /my-home-hero-chapter-207/ HTTP/1.1" 301 0 "-" "Mozilla/5.0 (compatible; MJ12bot/v1.4.8; http://mj12bot.com/)"
20.171.207.117 - - [09/Jun/2025:22:56:41 -0400] "GET /f311999293.htm HTTP/1.1" 301 0 "-" "Mozilla/5.0 AppleWebKit/537.36 (KHTML, like Gecko; compatible; GPTBot/1.2; +https://openai.com/gptbot)"
20.171.207.117 - - [09/Jun/2025:22:56:42 -0400] "GET / HTTP/1.1" 200 9390 "-" "Mozilla/5.0 AppleWebKit/537.36 (KHTML, like Gecko; compatible; GPTBot/1.2; +https://openai.com/gptbot)"
20.171.207.117 - - [09/Jun/2025:22:56:42 -0400] "GET /y189555958.htm HTTP/1.1" 301 0 "-" "Mozilla/5.0 AppleWebKit/537.36 (KHTML, like Gecko; compatible; GPTBot/1.2; +https://openai.com/gptbot)"
20.171.207.117 - - [09/Jun/2025:22:56:43 -0400] "GET / HTTP/1.1" 200 9389 "-" "Mozilla/5.0 AppleWebKit/537.36 (KHTML, like Gecko; compatible; GPTBot/1.2; +https://openai.com/gptbot)"
20.171.207.117 - - [09/Jun/2025:22:56:44 -0400] "GET /j/goodscode1225483169.htm HTTP/1.1" 301 0 "-" "Mozilla/5.0 AppleWebKit/537.36 (KHTML, like Gecko; compatible; GPTBot/1.2; +https://openai.com/gptbot)"
20.171.207.117 - - [09/Jun/2025:22:56:44 -0400] "GET / HTTP/1.1" 200 9389 "-" "Mozilla/5.0 AppleWebKit/537.36 (KHTML, like Gecko; compatible; GPTBot/1.2; +https://openai.com/gptbot)"
20.171.207.117 - - [09/Jun/2025:22:56:45 -0400] "GET /aks/bepommeled/item/780108152.htm HTTP/1.1" 301 0 "-" "Mozilla/5.0 AppleWebKit/537.36 (KHTML, like Gecko; compatible; GPTBot/1.2; +https://openai.com/gptbot)"
20.171.207.117 - - [09/Jun/2025:22:56:45 -0400] "GET / HTTP/1.1" 200 9389 "-" "Mozilla/5.0 AppleWebKit/537.36 (KHTML, like Gecko; compatible; GPTBot/1.2; +https://openai.com/gptbot)"
20.171.207.117 - - [09/Jun/2025:22:56:46 -0400] "GET /hx/milliampere/item/311839265.htm HTTP/1.1" 301 0 "-" "Mozilla/5.0 AppleWebKit/537.36 (KHTML, like Gecko; compatible; GPTBot/1.2; +https://openai.com/gptbot)"
20.171.207.117 - - [09/Jun/2025:22:56:46 -0400] "GET / HTTP/1.1" 200 9389 "-" "Mozilla/5.0 AppleWebKit/537.36 (KHTML, like Gecko; compatible; GPTBot/1.2; +https://openai.com/gptbot)"
20.171.207.117 - - [09/Jun/2025:22:56:47 -0400] "GET /dyt/item/1225533653.htm HTTP/1.1" 301 0 "-" "Mozilla/5.0 AppleWebKit/537.36 (KHTML, like Gecko; compatible; GPTBot/1.2; +https://openai.com/gptbot)"
217.113.194.13 - - [09/Jun/2025:22:56:47 -0400] "GET /manga/im-really-not-a-supervillain-chapter-207/ HTTP/1.1" 200 12398 "-" "Mozilla/5.0 (compatible; Barkrowler/0.9; +https://babbar.tech/crawler)"
20.171.207.117 - - [09/Jun/2025:22:56:48 -0400] "GET / HTTP/1.1" 200 9389 "-" "Mozilla/5.0 AppleWebKit/537.36 (KHTML, like Gecko; compatible; GPTBot/1.2; +https://openai.com/gptbot)"
20.171.207.117 - - [09/Jun/2025:22:56:48 -0400] "GET /p189434443.htm HTTP/1.1" 301 0 "-" "Mozilla/5.0 AppleWebKit/537.36 (KHTML, like Gecko; compatible; GPTBot/1.2; +https://openai.com/gptbot)"
20.171.207.117 - - [09/Jun/2025:22:56:49 -0400] "GET / HTTP/1.1" 200 9389 "-" "Mozilla/5.0 AppleWebKit/537.36 (KHTML, like Gecko; compatible; GPTBot/1.2; +https://openai.com/gptbot)"
20.171.207.117 - - [09/Jun/2025:22:56:49 -0400] "GET /dkh/item/1225512009.htm HTTP/1.1" 301 0 "-" "Mozilla/5.0 AppleWebKit/537.36 (KHTML, like Gecko; compatible; GPTBot/1.2; +https://openai.com/gptbot)"
20.171.207.117 - - [09/Jun/2025:22:56:50 -0400] "GET / HTTP/1.1" 200 9389 "-" "Mozilla/5.0 AppleWebKit/537.36 (KHTML, like Gecko; compatible; GPTBot/1.2; +https://openai.com/gptbot)"
20.171.207.117 - - [09/Jun/2025:22:56:51 -0400] "GET /r1225635565.htm HTTP/1.1" 301 0 "-" "Mozilla/5.0 AppleWebKit/537.36 (KHTML, like Gecko; compatible; GPTBot/1.2; +https://openai.com/gptbot)"
20.171.207.117 - - [09/Jun/2025:22:56:51 -0400] "GET / HTTP/1.1" 200 9389 "-" "Mozilla/5.0 AppleWebKit/537.36 (KHTML, like Gecko; compatible; GPTBot/1.2; +https://openai.com/gptbot)"
20.171.207.117 - - [09/Jun/2025:22:56:52 -0400] "GET /s1225572102.htm HTTP/1.1" 301 0 "-" "Mozilla/5.0 AppleWebKit/537.36 (KHTML, like Gecko; compatible; GPTBot/1.2; +https://openai.com/gptbot)"
20.171.207.117 - - [09/Jun/2025:22:56:52 -0400] "GET / HTTP/1.1" 200 9389 "-" "Mozilla/5.0 AppleWebKit/537.36 (KHTML, like Gecko; compatible; GPTBot/1.2; +https://openai.com/gptbot)"
2001:41d0:303:8697::1 - - [09/Jun/2025:22:56:53 -0400] "GET / HTTP/1.1" 200 9389 "-" "Mozilla/5.0 (compatible; MJ12bot/v1.4.8; http://mj12bot.com/)"
20.171.207.117 - - [09/Jun/2025:22:56:53 -0400] "GET /z1225532281.htm HTTP/1.1" 301 0 "-" "Mozilla/5.0 AppleWebKit/537.36 (KHTML, like Gecko; compatible; GPTBot/1.2; +https://openai.com/gptbot)"
20.171.207.117 - - [09/Jun/2025:22:56:53 -0400] "GET / HTTP/1.1" 200 9391 "-" "Mozilla/5.0 AppleWebKit/537.36 (KHTML, like Gecko; compatible; GPTBot/1.2; +https://openai.com/gptbot)"
20.171.207.117 - - [09/Jun/2025:22:56:54 -0400] "GET /c1225661696.htm HTTP/1.1" 301 0 "-" "Mozilla/5.0 AppleWebKit/537.36 (KHTML, like Gecko; compatible; GPTBot/1.2; +https://openai.com/gptbot)"
20.171.207.117 - - [09/Jun/2025:22:56:55 -0400] "GET / HTTP/1.1" 200 9391 "-" "Mozilla/5.0 AppleWebKit/537.36 (KHTML, like Gecko; compatible; GPTBot/1.2; +https://openai.com/gptbot)"
20.171.207.117 - - [09/Jun/2025:22:56:55 -0400] "GET /n1225516155.htm HTTP/1.1" 301 0 "-" "Mozilla/5.0 AppleWebKit/537.36 (KHTML, like Gecko; compatible; GPTBot/1.2; +https://openai.com/gptbot)"
20.171.207.117 - - [09/Jun/2025:22:56:56 -0400] "GET / HTTP/1.1" 200 9391 "-" "Mozilla/5.0 AppleWebKit/537.36 (KHTML, like Gecko; compatible; GPTBot/1.2; +https://openai.com/gptbot)"
20.171.207.117 - - [09/Jun/2025:22:56:56 -0400] "GET /nfv/constructor/shopbrand312087797.htm HTTP/1.1" 301 0 "-" "Mozilla/5.0 AppleWebKit/537.36 (KHTML, like Gecko; compatible; GPTBot/1.2; +https://openai.com/gptbot)"
20.171.207.117 - - [09/Jun/2025:22:56:57 -0400] "GET / HTTP/1.1" 200 9389 "-" "Mozilla/5.0 AppleWebKit/537.36 (KHTML, like Gecko; compatible; GPTBot/1.2; +https://openai.com/gptbot)"
20.171.207.117 - - [09/Jun/2025:22:56:58 -0400] "GET /vx/archipallium/shopbrand779945761.htm HTTP/1.1" 301 0 "-" "Mozilla/5.0 AppleWebKit/537.36 (KHTML, like Gecko; compatible; GPTBot/1.2; +https://openai.com/gptbot)"
20.171.207.117 - - [09/Jun/2025:22:56:58 -0400] "GET / HTTP/1.1" 200 9389 "-" "Mozilla/5.0 AppleWebKit/537.36 (KHTML, like Gecko; compatible; GPTBot/1.2; +https://openai.com/gptbot)"
20.171.207.117 - - [09/Jun/2025:22:56:59 -0400] "GET /hd/centralisation/product312095761.htm HTTP/1.1" 301 0 "-" "Mozilla/5.0 AppleWebKit/537.36 (KHTML, like Gecko; compatible; GPTBot/1.2; +https://openai.com/gptbot)"
20.171.207.117 - - [09/Jun/2025:22:56:59 -0400] "GET / HTTP/1.1" 200 9389 "-" "Mozilla/5.0 AppleWebKit/537.36 (KHTML, like Gecko; compatible; GPTBot/1.2; +https://openai.com/gptbot)"
20.171.207.117 - - [09/Jun/2025:22:57:00 -0400] "GET /p/didactically/shopbrand1225560469.htm HTTP/1.1" 301 0 "-" "Mozilla/5.0 AppleWebKit/537.36 (KHTML, like Gecko; compatible; GPTBot/1.2; +https://openai.com/gptbot)"
20.171.207.117 - - [09/Jun/2025:22:57:00 -0400] "GET / HTTP/1.1" 200 9389 "-" "Mozilla/5.0 AppleWebKit/537.36 (KHTML, like Gecko; compatible; GPTBot/1.2; +https://openai.com/gptbot)"
20.171.207.117 - - [09/Jun/2025:22:57:01 -0400] "GET /wi/galvanocaustic/product189641148.htm HTTP/1.1" 301 0 "-" "Mozilla/5.0 AppleWebKit/537.36 (KHTML, like Gecko; compatible; GPTBot/1.2; +https://openai.com/gptbot)"
20.171.207.117 - - [09/Jun/2025:22:57:02 -0400] "GET / HTTP/1.1" 200 9389 "-" "Mozilla/5.0 AppleWebKit/537.36 (KHTML, like Gecko; compatible; GPTBot/1.2; +https://openai.com/gptbot)"
