20.171.207.241 - - [12/Jun/2025:10:34:03 -0400] "GET / HTTP/1.1" 200 9388 "-" "Mozilla/5.0 AppleWebKit/537.36 (KHTML, like Gecko; compatible; GPTBot/1.2; +https://openai.com/gptbot)"
20.171.207.241 - - [12/Jun/2025:10:34:05 -0400] "GET /xiz/altissima/products/710978631.htm HTTP/1.1" 301 0 "-" "Mozilla/5.0 AppleWebKit/537.36 (KHTML, like Gecko; compatible; GPTBot/1.2; +https://openai.com/gptbot)"
20.171.207.241 - - [12/Jun/2025:10:34:06 -0400] "GET / HTTP/1.1" 200 9388 "-" "Mozilla/5.0 AppleWebKit/537.36 (KHTML, like Gecko; compatible; GPTBot/1.2; +https://openai.com/gptbot)"
20.171.207.241 - - [12/Jun/2025:10:34:07 -0400] "GET /os/products/15946832.htm HTTP/1.1" 301 0 "-" "Mozilla/5.0 AppleWebKit/537.36 (KHTML, like Gecko; compatible; GPTBot/1.2; +https://openai.com/gptbot)"
216.73.216.72 - - [12/Jun/2025:10:34:08 -0400] "GET /nan/delphis/shopdetail/1227322837.htm HTTP/1.1" 301 0 "-" "Mozilla/5.0 AppleWebKit/537.36 (KHTML, like Gecko; compatible; ClaudeBot/1.0; [email protected])"
20.171.207.241 - - [12/Jun/2025:10:34:08 -0400] "GET / HTTP/1.1" 200 9388 "-" "Mozilla/5.0 AppleWebKit/537.36 (KHTML, like Gecko; compatible; GPTBot/1.2; +https://openai.com/gptbot)"
20.171.207.241 - - [12/Jun/2025:10:34:11 -0400] "GET /hf/products/92691305.htm HTTP/1.1" 301 0 "-" "Mozilla/5.0 AppleWebKit/537.36 (KHTML, like Gecko; compatible; GPTBot/1.2; +https://openai.com/gptbot)"
216.73.216.72 - - [12/Jun/2025:10:34:11 -0400] "GET /tl/cookroom/product1227282275.htm HTTP/1.1" 301 0 "-" "Mozilla/5.0 AppleWebKit/537.36 (KHTML, like Gecko; compatible; ClaudeBot/1.0; [email protected])"
47.82.60.50 - - [12/Jun/2025:10:34:12 -0400] "GET /wp-includes/sodium_compat/src/Core32/SipHash.php HTTP/1.1" 403 1242 "https://reversevillain.com/wp-includes/sodium_compat/src/Core32/SipHash.php" "Mozilla/5.0 (Windows NT 10.0; Win64; x64) AppleWebKit/537.36 (KHTML, like Gecko) Chrome/114.0.0.0 Safari/537.36 Edg/114.0.1823.43"
20.171.207.241 - - [12/Jun/2025:10:34:12 -0400] "GET / HTTP/1.1" 200 9388 "-" "Mozilla/5.0 AppleWebKit/537.36 (KHTML, like Gecko; compatible; GPTBot/1.2; +https://openai.com/gptbot)"
20.171.207.241 - - [12/Jun/2025:10:34:13 -0400] "GET /dn/products/92935427.htm HTTP/1.1" 301 0 "-" "Mozilla/5.0 AppleWebKit/537.36 (KHTML, like Gecko; compatible; GPTBot/1.2; +https://openai.com/gptbot)"
20.171.207.241 - - [12/Jun/2025:10:34:13 -0400] "GET / HTTP/1.1" 200 9388 "-" "Mozilla/5.0 AppleWebKit/537.36 (KHTML, like Gecko; compatible; GPTBot/1.2; +https://openai.com/gptbot)"
216.73.216.72 - - [12/Jun/2025:10:34:14 -0400] "GET /v/sennachy/shopbrand1227336575.htm HTTP/1.1" 301 0 "-" "Mozilla/5.0 AppleWebKit/537.36 (KHTML, like Gecko; compatible; ClaudeBot/1.0; [email protected])"
20.171.207.241 - - [12/Jun/2025:10:34:16 -0400] "GET /gs/products/37422884.htm HTTP/1.1" 301 0 "-" "Mozilla/5.0 AppleWebKit/537.36 (KHTML, like Gecko; compatible; GPTBot/1.2; +https://openai.com/gptbot)"
216.73.216.72 - - [12/Jun/2025:10:34:17 -0400] "GET /s/signeted/goods/1231300086.htm HTTP/1.1" 301 0 "-" "Mozilla/5.0 AppleWebKit/537.36 (KHTML, like Gecko; compatible; ClaudeBot/1.0; [email protected])"
20.171.207.241 - - [12/Jun/2025:10:34:17 -0400] "GET / HTTP/1.1" 200 9388 "-" "Mozilla/5.0 AppleWebKit/537.36 (KHTML, like Gecko; compatible; GPTBot/1.2; +https://openai.com/gptbot)"
20.171.207.241 - - [12/Jun/2025:10:34:18 -0400] "GET /kc/products/16094808.htm HTTP/1.1" 301 0 "-" "Mozilla/5.0 AppleWebKit/537.36 (KHTML, like Gecko; compatible; GPTBot/1.2; +https://openai.com/gptbot)"
20.171.207.241 - - [12/Jun/2025:10:34:19 -0400] "GET / HTTP/1.1" 200 9388 "-" "Mozilla/5.0 AppleWebKit/537.36 (KHTML, like Gecko; compatible; GPTBot/1.2; +https://openai.com/gptbot)"
216.73.216.72 - - [12/Jun/2025:10:34:20 -0400] "GET /nz/roofy/products/1219970101.htm HTTP/1.1" 301 0 "-" "Mozilla/5.0 AppleWebKit/537.36 (KHTML, like Gecko; compatible; ClaudeBot/1.0; [email protected])"
20.171.207.241 - - [12/Jun/2025:10:34:21 -0400] "GET /oa/products/15990104.htm HTTP/1.1" 301 0 "-" "Mozilla/5.0 AppleWebKit/537.36 (KHTML, like Gecko; compatible; GPTBot/1.2; +https://openai.com/gptbot)"
20.171.207.241 - - [12/Jun/2025:10:34:22 -0400] "GET / HTTP/1.1" 200 9388 "-" "Mozilla/5.0 AppleWebKit/537.36 (KHTML, like Gecko; compatible; GPTBot/1.2; +https://openai.com/gptbot)"
216.73.216.72 - - [12/Jun/2025:10:34:23 -0400] "GET /y/shopdetail/1227369844.htm HTTP/1.1" 301 0 "-" "Mozilla/5.0 AppleWebKit/537.36 (KHTML, like Gecko; compatible; ClaudeBot/1.0; [email protected])"
20.171.207.241 - - [12/Jun/2025:10:34:23 -0400] "GET /jn/products/92713023.htm HTTP/1.1" 301 0 "-" "Mozilla/5.0 AppleWebKit/537.36 (KHTML, like Gecko; compatible; GPTBot/1.2; +https://openai.com/gptbot)"
20.171.207.241 - - [12/Jun/2025:10:34:25 -0400] "GET / HTTP/1.1" 200 9388 "-" "Mozilla/5.0 AppleWebKit/537.36 (KHTML, like Gecko; compatible; GPTBot/1.2; +https://openai.com/gptbot)"
20.171.207.241 - - [12/Jun/2025:10:34:26 -0400] "GET /me/products/16106796.htm HTTP/1.1" 301 0 "-" "Mozilla/5.0 AppleWebKit/537.36 (KHTML, like Gecko; compatible; GPTBot/1.2; +https://openai.com/gptbot)"
216.73.216.72 - - [12/Jun/2025:10:34:26 -0400] "GET /nj/shopbrand1227119279.htm HTTP/1.1" 301 0 "-" "Mozilla/5.0 AppleWebKit/537.36 (KHTML, like Gecko; compatible; ClaudeBot/1.0; [email protected])"
20.171.207.241 - - [12/Jun/2025:10:34:26 -0400] "GET / HTTP/1.1" 200 9388 "-" "Mozilla/5.0 AppleWebKit/537.36 (KHTML, like Gecko; compatible; GPTBot/1.2; +https://openai.com/gptbot)"
20.171.207.241 - - [12/Jun/2025:10:34:29 -0400] "GET /lf/products/92607221.htm HTTP/1.1" 301 0 "-" "Mozilla/5.0 AppleWebKit/537.36 (KHTML, like Gecko; compatible; GPTBot/1.2; +https://openai.com/gptbot)"
162.0.232.193 - - [12/Jun/2025:10:34:30 -0400] "POST /wp-cron.php?doing_wp_cron=1749738869.8530519008636474609375 HTTP/1.1" 200 0 "-" "WordPress/6.8.1; https://reversevillain.com"
216.73.216.72 - - [12/Jun/2025:10:34:29 -0400] "GET /rrf/shopbrand1231170673.htm HTTP/1.1" 301 0 "-" "Mozilla/5.0 AppleWebKit/537.36 (KHTML, like Gecko; compatible; ClaudeBot/1.0; [email protected])"
20.171.207.241 - - [12/Jun/2025:10:34:30 -0400] "GET / HTTP/1.1" 200 9388 "-" "Mozilla/5.0 AppleWebKit/537.36 (KHTML, like Gecko; compatible; GPTBot/1.2; +https://openai.com/gptbot)"
216.73.216.72 - - [12/Jun/2025:10:34:32 -0400] "GET /dsh/shopdetail/1231154217.htm HTTP/1.1" 301 0 "-" "Mozilla/5.0 AppleWebKit/537.36 (KHTML, like Gecko; compatible; ClaudeBot/1.0; [email protected])"
20.171.207.241 - - [12/Jun/2025:10:34:31 -0400] "GET /df/products/15921469.htm HTTP/1.1" 301 0 "-" "Mozilla/5.0 AppleWebKit/537.36 (KHTML, like Gecko; compatible; GPTBot/1.2; +https://openai.com/gptbot)"
20.171.207.241 - - [12/Jun/2025:10:34:32 -0400] "GET / HTTP/1.1" 200 9388 "-" "Mozilla/5.0 AppleWebKit/537.36 (KHTML, like Gecko; compatible; GPTBot/1.2; +https://openai.com/gptbot)"
20.171.207.241 - - [12/Jun/2025:10:34:34 -0400] "GET /pf/products/37351579.htm HTTP/1.1" 301 0 "-" "Mozilla/5.0 AppleWebKit/537.36 (KHTML, like Gecko; compatible; GPTBot/1.2; +https://openai.com/gptbot)"
216.73.216.72 - - [12/Jun/2025:10:34:35 -0400] "GET /fh/shopbrand1231219399.htm HTTP/1.1" 301 0 "-" "Mozilla/5.0 AppleWebKit/537.36 (KHTML, like Gecko; compatible; ClaudeBot/1.0; [email protected])"
20.171.207.241 - - [12/Jun/2025:10:34:35 -0400] "GET / HTTP/1.1" 200 9388 "-" "Mozilla/5.0 AppleWebKit/537.36 (KHTML, like Gecko; compatible; GPTBot/1.2; +https://openai.com/gptbot)"
20.171.207.241 - - [12/Jun/2025:10:34:37 -0400] "GET /uc/products/15927914.htm HTTP/1.1" 301 0 "-" "Mozilla/5.0 AppleWebKit/537.36 (KHTML, like Gecko; compatible; GPTBot/1.2; +https://openai.com/gptbot)"
216.73.216.72 - - [12/Jun/2025:10:34:38 -0400] "GET /nh/shopdetail/1227215737.htm HTTP/1.1" 301 0 "-" "Mozilla/5.0 AppleWebKit/537.36 (KHTML, like Gecko; compatible; ClaudeBot/1.0; [email protected])"
20.171.207.241 - - [12/Jun/2025:10:34:38 -0400] "GET / HTTP/1.1" 200 9390 "-" "Mozilla/5.0 AppleWebKit/537.36 (KHTML, like Gecko; compatible; GPTBot/1.2; +https://openai.com/gptbot)"
20.171.207.241 - - [12/Jun/2025:10:34:39 -0400] "GET /as/products/16230336.htm HTTP/1.1" 301 0 "-" "Mozilla/5.0 AppleWebKit/537.36 (KHTML, like Gecko; compatible; GPTBot/1.2; +https://openai.com/gptbot)"
20.171.207.241 - - [12/Jun/2025:10:34:40 -0400] "GET / HTTP/1.1" 200 9388 "-" "Mozilla/5.0 AppleWebKit/537.36 (KHTML, like Gecko; compatible; GPTBot/1.2; +https://openai.com/gptbot)"
216.73.216.72 - - [12/Jun/2025:10:34:41 -0400] "GET /u/shopbrand1227164914.htm HTTP/1.1" 301 0 "-" "Mozilla/5.0 AppleWebKit/537.36 (KHTML, like Gecko; compatible; ClaudeBot/1.0; [email protected])"
20.171.207.241 - - [12/Jun/2025:10:34:41 -0400] "GET /fr/products/92775479.htm HTTP/1.1" 301 0 "-" "Mozilla/5.0 AppleWebKit/537.36 (KHTML, like Gecko; compatible; GPTBot/1.2; +https://openai.com/gptbot)"
20.171.207.241 - - [12/Jun/2025:10:34:42 -0400] "GET / HTTP/1.1" 200 9388 "-" "Mozilla/5.0 AppleWebKit/537.36 (KHTML, like Gecko; compatible; GPTBot/1.2; +https://openai.com/gptbot)"
216.73.216.72 - - [12/Jun/2025:10:34:44 -0400] "GET /u/disburse/shopbrand1227068448.htm HTTP/1.1" 301 0 "-" "Mozilla/5.0 AppleWebKit/537.36 (KHTML, like Gecko; compatible; ClaudeBot/1.0; [email protected])"
20.171.207.241 - - [12/Jun/2025:10:34:46 -0400] "GET /yc/products/92858820.htm HTTP/1.1" 301 0 "-" "Mozilla/5.0 AppleWebKit/537.36 (KHTML, like Gecko; compatible; GPTBot/1.2; +https://openai.com/gptbot)"
66.249.66.42 - - [12/Jun/2025:10:34:47 -0400] "GET /l27187289.htm HTTP/1.1" 200 39602 "-" "Mozilla/5.0 (Linux; Android 6.0.1; Nexus 5X Build/MMB29P) AppleWebKit/537.36 (KHTML, like Gecko) Chrome/136.0.7103.113 Mobile Safari/537.36 (compatible; Googlebot/2.1; +http://www.google.com/bot.html)"
216.73.216.72 - - [12/Jun/2025:10:34:47 -0400] "GET /jyp/shopdetail/1227288883.htm HTTP/1.1" 301 0 "-" "Mozilla/5.0 AppleWebKit/537.36 (KHTML, like Gecko; compatible; ClaudeBot/1.0; [email protected])"
20.171.207.241 - - [12/Jun/2025:10:34:48 -0400] "GET / HTTP/1.1" 200 9388 "-" "Mozilla/5.0 AppleWebKit/537.36 (KHTML, like Gecko; compatible; GPTBot/1.2; +https://openai.com/gptbot)"
216.73.216.72 - - [12/Jun/2025:10:34:50 -0400] "GET /vp/product1231258589.htm HTTP/1.1" 301 0 "-" "Mozilla/5.0 AppleWebKit/537.36 (KHTML, like Gecko; compatible; ClaudeBot/1.0; [email protected])"
20.171.207.241 - - [12/Jun/2025:10:34:52 -0400] "GET /jf/products/37541665.htm HTTP/1.1" 301 0 "-" "Mozilla/5.0 AppleWebKit/537.36 (KHTML, like Gecko; compatible; GPTBot/1.2; +https://openai.com/gptbot)"
216.73.216.72 - - [12/Jun/2025:10:34:53 -0400] "GET /yei/hollowing/goods/1227337262.htm HTTP/1.1" 301 0 "-" "Mozilla/5.0 AppleWebKit/537.36 (KHTML, like Gecko; compatible; ClaudeBot/1.0; [email protected])"
20.171.207.241 - - [12/Jun/2025:10:34:53 -0400] "GET / HTTP/1.1" 200 9390 "-" "Mozilla/5.0 AppleWebKit/537.36 (KHTML, like Gecko; compatible; GPTBot/1.2; +https://openai.com/gptbot)"
47.82.60.31 - - [12/Jun/2025:10:34:55 -0400] "GET /wp-includes/css/dist/commands/style-rtl.min.css HTTP/1.1" 200 853 "https://reversevillain.com/wp-includes/css/dist/commands/style-rtl.min.css" "Mozilla/5.0 (Windows NT 10.0; Win64; x64) AppleWebKit/537.36 (KHTML, like Gecko) Chrome/114.0.0.0 Safari/537.36 Edg/114.0.1823.43"
216.73.216.72 - - [12/Jun/2025:10:34:56 -0400] "GET /hon/products/1227266157.htm HTTP/1.1" 301 0 "-" "Mozilla/5.0 AppleWebKit/537.36 (KHTML, like Gecko; compatible; ClaudeBot/1.0; [email protected])"
20.171.207.241 - - [12/Jun/2025:10:34:56 -0400] "GET /yk/products/37280474.htm HTTP/1.1" 301 0 "-" "Mozilla/5.0 AppleWebKit/537.36 (KHTML, like Gecko; compatible; GPTBot/1.2; +https://openai.com/gptbot)"
20.171.207.241 - - [12/Jun/2025:10:34:57 -0400] "GET / HTTP/1.1" 200 9388 "-" "Mozilla/5.0 AppleWebKit/537.36 (KHTML, like Gecko; compatible; GPTBot/1.2; +https://openai.com/gptbot)"
216.73.216.72 - - [12/Jun/2025:10:34:59 -0400] "GET /kss/limitedly/shopdetail/1231477928.htm HTTP/1.1" 301 0 "-" "Mozilla/5.0 AppleWebKit/537.36 (KHTML, like Gecko; compatible; ClaudeBot/1.0; [email protected])"
20.171.207.241 - - [12/Jun/2025:10:35:01 -0400] "GET /qo/products/37565672.htm HTTP/1.1" 301 0 "-" "Mozilla/5.0 AppleWebKit/537.36 (KHTML, like Gecko; compatible; GPTBot/1.2; +https://openai.com/gptbot)"
216.73.216.72 - - [12/Jun/2025:10:35:02 -0400] "GET /b/shopbrand1227124789.htm HTTP/1.1" 301 0 "-" "Mozilla/5.0 AppleWebKit/537.36 (KHTML, like Gecko; compatible; ClaudeBot/1.0; [email protected])"
20.171.207.241 - - [12/Jun/2025:10:35:01 -0400] "GET / HTTP/1.1" 200 9388 "-" "Mozilla/5.0 AppleWebKit/537.36 (KHTML, like Gecko; compatible; GPTBot/1.2; +https://openai.com/gptbot)"
20.171.207.241 - - [12/Jun/2025:10:35:05 -0400] "GET /j/shopdetail/195832923.htm HTTP/1.1" 301 0 "-" "Mozilla/5.0 AppleWebKit/537.36 (KHTML, like Gecko; compatible; GPTBot/1.2; +https://openai.com/gptbot)"
20.171.207.241 - - [12/Jun/2025:10:35:07 -0400] "GET / HTTP/1.1" 200 9388 "-" "Mozilla/5.0 AppleWebKit/537.36 (KHTML, like Gecko; compatible; GPTBot/1.2; +https://openai.com/gptbot)"
20.171.207.241 - - [12/Jun/2025:10:35:10 -0400] "GET /u/shopdetail/867463224.htm HTTP/1.1" 301 0 "-" "Mozilla/5.0 AppleWebKit/537.36 (KHTML, like Gecko; compatible; GPTBot/1.2; +https://openai.com/gptbot)"
20.171.207.241 - - [12/Jun/2025:10:35:10 -0400] "GET / HTTP/1.1" 200 9388 "-" "Mozilla/5.0 AppleWebKit/537.36 (KHTML, like Gecko; compatible; GPTBot/1.2; +https://openai.com/gptbot)"
20.171.207.241 - - [12/Jun/2025:10:35:15 -0400] "GET /qui/shopping/391699472.htm HTTP/1.1" 301 0 "-" "Mozilla/5.0 AppleWebKit/537.36 (KHTML, like Gecko; compatible; GPTBot/1.2; +https://openai.com/gptbot)"
20.171.207.241 - - [12/Jun/2025:10:35:15 -0400] "GET / HTTP/1.1" 200 9388 "-" "Mozilla/5.0 AppleWebKit/537.36 (KHTML, like Gecko; compatible; GPTBot/1.2; +https://openai.com/gptbot)"
20.171.207.241 - - [12/Jun/2025:10:35:19 -0400] "GET /hwd/shopping/391578229.htm HTTP/1.1" 301 0 "-" "Mozilla/5.0 AppleWebKit/537.36 (KHTML, like Gecko; compatible; GPTBot/1.2; +https://openai.com/gptbot)"
47.82.61.13 - - [12/Jun/2025:10:35:21 -0400] "GET /wp-includes/SimplePie/library/SimplePie/Source.php HTTP/1.1" 403 1242 "https://reversevillain.com/wp-includes/SimplePie/library/SimplePie/Source.php" "Mozilla/5.0 (Windows NT 10.0; Win64; x64) AppleWebKit/537.36 (KHTML, like Gecko) Chrome/114.0.0.0 Safari/537.36 Edg/114.0.1823.43"
20.171.207.241 - - [12/Jun/2025:10:35:20 -0400] "GET / HTTP/1.1" 200 9388 "-" "Mozilla/5.0 AppleWebKit/537.36 (KHTML, like Gecko; compatible; GPTBot/1.2; +https://openai.com/gptbot)"
216.73.216.72 - - [12/Jun/2025:10:35:22 -0400] "GET /es/sheely/product1231112654.htm HTTP/1.1" 301 0 "-" "Mozilla/5.0 AppleWebKit/537.36 (KHTML, like Gecko; compatible; ClaudeBot/1.0; [email protected])"
20.171.207.241 - - [12/Jun/2025:10:35:23 -0400] "GET /x/shopdetail/338743067.htm HTTP/1.1" 301 0 "-" "Mozilla/5.0 AppleWebKit/537.36 (KHTML, like Gecko; compatible; GPTBot/1.2; +https://openai.com/gptbot)"
20.171.207.241 - - [12/Jun/2025:10:35:23 -0400] "GET / HTTP/1.1" 200 9388 "-" "Mozilla/5.0 AppleWebKit/537.36 (KHTML, like Gecko; compatible; GPTBot/1.2; +https://openai.com/gptbot)"
216.73.216.72 - - [12/Jun/2025:10:35:25 -0400] "GET /ben/preponderate/goods/1231218027.htm HTTP/1.1" 301 0 "-" "Mozilla/5.0 AppleWebKit/537.36 (KHTML, like Gecko; compatible; ClaudeBot/1.0; [email protected])"
20.171.207.241 - - [12/Jun/2025:10:35:27 -0400] "GET /u/shopdetail/498176644.htm HTTP/1.1" 301 0 "-" "Mozilla/5.0 AppleWebKit/537.36 (KHTML, like Gecko; compatible; GPTBot/1.2; +https://openai.com/gptbot)"
20.171.207.241 - - [12/Jun/2025:10:35:27 -0400] "GET / HTTP/1.1" 200 9390 "-" "Mozilla/5.0 AppleWebKit/537.36 (KHTML, like Gecko; compatible; GPTBot/1.2; +https://openai.com/gptbot)"
216.73.216.72 - - [12/Jun/2025:10:35:28 -0400] "GET /lt/snout/shopping/1231296683.htm HTTP/1.1" 301 0 "-" "Mozilla/5.0 AppleWebKit/537.36 (KHTML, like Gecko; compatible; ClaudeBot/1.0; [email protected])"
162.0.232.193 - - [12/Jun/2025:10:35:31 -0400] "POST /wp-cron.php?doing_wp_cron=1749738931.2103390693664550781250 HTTP/1.1" 200 0 "-" "WordPress/6.8.1; https://reversevillain.com"
20.171.207.241 - - [12/Jun/2025:10:35:30 -0400] "GET /c/shopdetail/517767422.htm HTTP/1.1" 301 0 "-" "Mozilla/5.0 AppleWebKit/537.36 (KHTML, like Gecko; compatible; GPTBot/1.2; +https://openai.com/gptbot)"
216.73.216.72 - - [12/Jun/2025:10:35:31 -0400] "GET /yy/goods/1231312470.htm HTTP/1.1" 301 0 "-" "Mozilla/5.0 AppleWebKit/537.36 (KHTML, like Gecko; compatible; ClaudeBot/1.0; [email protected])"
20.171.207.241 - - [12/Jun/2025:10:35:31 -0400] "GET / HTTP/1.1" 200 9390 "-" "Mozilla/5.0 AppleWebKit/537.36 (KHTML, like Gecko; compatible; GPTBot/1.2; +https://openai.com/gptbot)"
162.0.232.193 - - [12/Jun/2025:10:35:32 -0400] "POST /wp-admin/admin-ajax.php?action=async_litespeed&nonce=vv7Y62OlTpochSVlv3EHvwsKcPQqID2N&litespeed_type=imgoptm HTTP/1.1" 200 5 "-" "WordPress/6.8.1; https://reversevillain.com"
162.0.232.193 - - [12/Jun/2025:10:35:34 -0400] "POST /wp-cron.php?doing_wp_cron=1749738933.9660019874572753906250 HTTP/1.1" 200 0 "-" "WordPress/6.8.1; https://reversevillain.com"
20.171.207.241 - - [12/Jun/2025:10:35:33 -0400] "GET /vaf/shopping/841496609.htm HTTP/1.1" 301 0 "-" "Mozilla/5.0 AppleWebKit/537.36 (KHTML, like Gecko; compatible; GPTBot/1.2; +https://openai.com/gptbot)"
216.73.216.72 - - [12/Jun/2025:10:35:34 -0400] "GET /wuo/shopdetail/1227048174.htm HTTP/1.1" 301 0 "-" "Mozilla/5.0 AppleWebKit/537.36 (KHTML, like Gecko; compatible; ClaudeBot/1.0; [email protected])"
20.171.207.241 - - [12/Jun/2025:10:35:34 -0400] "GET / HTTP/1.1" 200 9388 "-" "Mozilla/5.0 AppleWebKit/537.36 (KHTML, like Gecko; compatible; GPTBot/1.2; +https://openai.com/gptbot)"
20.171.207.241 - - [12/Jun/2025:10:35:36 -0400] "GET /h/shopdetail/339067721.htm HTTP/1.1" 301 0 "-" "Mozilla/5.0 AppleWebKit/537.36 (KHTML, like Gecko; compatible; GPTBot/1.2; +https://openai.com/gptbot)"
216.73.216.72 - - [12/Jun/2025:10:35:37 -0400] "GET /tj/townless/shopbrand1231235599.htm HTTP/1.1" 301 0 "-" "Mozilla/5.0 AppleWebKit/537.36 (KHTML, like Gecko; compatible; ClaudeBot/1.0; [email protected])"
20.171.207.241 - - [12/Jun/2025:10:35:36 -0400] "GET / HTTP/1.1" 200 9388 "-" "Mozilla/5.0 AppleWebKit/537.36 (KHTML, like Gecko; compatible; GPTBot/1.2; +https://openai.com/gptbot)"
20.171.207.241 - - [12/Jun/2025:10:35:38 -0400] "GET /k/shopdetail/867331382.htm HTTP/1.1" 301 0 "-" "Mozilla/5.0 AppleWebKit/537.36 (KHTML, like Gecko; compatible; GPTBot/1.2; +https://openai.com/gptbot)"
20.171.207.241 - - [12/Jun/2025:10:35:39 -0400] "GET / HTTP/1.1" 200 9388 "-" "Mozilla/5.0 AppleWebKit/537.36 (KHTML, like Gecko; compatible; GPTBot/1.2; +https://openai.com/gptbot)"
216.73.216.72 - - [12/Jun/2025:10:35:40 -0400] "GET /sitemap-hot-2984996.xml HTTP/1.1" 200 9400 "-" "Mozilla/5.0 AppleWebKit/537.36 (KHTML, like Gecko; compatible; ClaudeBot/1.0; [email protected])"
20.171.207.241 - - [12/Jun/2025:10:35:40 -0400] "GET /xqv/shopping/899746817.htm HTTP/1.1" 301 0 "-" "Mozilla/5.0 AppleWebKit/537.36 (KHTML, like Gecko; compatible; GPTBot/1.2; +https://openai.com/gptbot)"
20.171.207.241 - - [12/Jun/2025:10:35:42 -0400] "GET / HTTP/1.1" 200 9388 "-" "Mozilla/5.0 AppleWebKit/537.36 (KHTML, like Gecko; compatible; GPTBot/1.2; +https://openai.com/gptbot)"
216.73.216.72 - - [12/Jun/2025:10:35:43 -0400] "GET /ea/products/1227350670.htm HTTP/1.1" 301 0 "-" "Mozilla/5.0 AppleWebKit/537.36 (KHTML, like Gecko; compatible; ClaudeBot/1.0; [email protected])"
20.171.207.241 - - [12/Jun/2025:10:35:43 -0400] "GET /qku/shopping/705686950.htm HTTP/1.1" 301 0 "-" "Mozilla/5.0 AppleWebKit/537.36 (KHTML, like Gecko; compatible; GPTBot/1.2; +https://openai.com/gptbot)"
20.171.207.241 - - [12/Jun/2025:10:35:43 -0400] "GET / HTTP/1.1" 200 9388 "-" "Mozilla/5.0 AppleWebKit/537.36 (KHTML, like Gecko; compatible; GPTBot/1.2; +https://openai.com/gptbot)"
20.171.207.241 - - [12/Jun/2025:10:35:45 -0400] "GET /p/forky/items117699865.htm HTTP/1.1" 301 0 "-" "Mozilla/5.0 AppleWebKit/537.36 (KHTML, like Gecko; compatible; GPTBot/1.2; +https://openai.com/gptbot)"
216.73.216.72 - - [12/Jun/2025:10:35:46 -0400] "GET /vz/shopbrand1231353967.htm HTTP/1.1" 301 0 "-" "Mozilla/5.0 AppleWebKit/537.36 (KHTML, like Gecko; compatible; ClaudeBot/1.0; [email protected])"
20.171.207.241 - - [12/Jun/2025:10:35:46 -0400] "GET / HTTP/1.1" 200 9389 "-" "Mozilla/5.0 AppleWebKit/537.36 (KHTML, like Gecko; compatible; GPTBot/1.2; +https://openai.com/gptbot)"
20.171.207.241 - - [12/Jun/2025:10:35:47 -0400] "GET /u/shopdetail/517593398.htm HTTP/1.1" 301 0 "-" "Mozilla/5.0 AppleWebKit/537.36 (KHTML, like Gecko; compatible; GPTBot/1.2; +https://openai.com/gptbot)"
20.171.207.241 - - [12/Jun/2025:10:35:48 -0400] "GET / HTTP/1.1" 200 9388 "-" "Mozilla/5.0 AppleWebKit/537.36 (KHTML, like Gecko; compatible; GPTBot/1.2; +https://openai.com/gptbot)"
162.0.232.193 - - [12/Jun/2025:10:35:50 -0400] "POST /wp-cron.php?doing_wp_cron=1749738950.0493791103363037109375 HTTP/1.1" 200 0 "-" "WordPress/6.8.1; https://reversevillain.com"
216.73.216.72 - - [12/Jun/2025:10:35:49 -0400] "GET /cc/shopbrand1227072264.htm HTTP/1.1" 301 0 "-" "Mozilla/5.0 AppleWebKit/537.36 (KHTML, like Gecko; compatible; ClaudeBot/1.0; [email protected])"
20.171.207.241 - - [12/Jun/2025:10:35:50 -0400] "GET /f/shopdetail/705778649.htm HTTP/1.1" 301 0 "-" "Mozilla/5.0 AppleWebKit/537.36 (KHTML, like Gecko; compatible; GPTBot/1.2; +https://openai.com/gptbot)"
162.0.232.193 - - [12/Jun/2025:10:35:50 -0400] "POST /wp-admin/admin-ajax.php?action=async_litespeed&nonce=pKBJxsU9KUjtUyjvbyWSofUSbsdTwfle&litespeed_type=imgoptm HTTP/1.1" 200 5 "-" "WordPress/6.8.1; https://reversevillain.com"
20.171.207.241 - - [12/Jun/2025:10:35:51 -0400] "GET / HTTP/1.1" 200 9388 "-" "Mozilla/5.0 AppleWebKit/537.36 (KHTML, like Gecko; compatible; GPTBot/1.2; +https://openai.com/gptbot)"
20.171.207.241 - - [12/Jun/2025:10:35:51 -0400] "GET /jad/shopping/171640043.htm HTTP/1.1" 301 0 "-" "Mozilla/5.0 AppleWebKit/537.36 (KHTML, like Gecko; compatible; GPTBot/1.2; +https://openai.com/gptbot)"
216.73.216.72 - - [12/Jun/2025:10:35:52 -0400] "GET /for/boattail/shopdetail/1231358873.htm HTTP/1.1" 301 0 "-" "Mozilla/5.0 AppleWebKit/537.36 (KHTML, like Gecko; compatible; ClaudeBot/1.0; [email protected])"
20.171.207.241 - - [12/Jun/2025:10:35:52 -0400] "GET / HTTP/1.1" 200 9388 "-" "Mozilla/5.0 AppleWebKit/537.36 (KHTML, like Gecko; compatible; GPTBot/1.2; +https://openai.com/gptbot)"
20.171.207.241 - - [12/Jun/2025:10:35:53 -0400] "GET /z/shopdetail/117425887.htm HTTP/1.1" 301 0 "-" "Mozilla/5.0 AppleWebKit/537.36 (KHTML, like Gecko; compatible; GPTBot/1.2; +https://openai.com/gptbot)"
20.171.207.241 - - [12/Jun/2025:10:35:55 -0400] "GET / HTTP/1.1" 200 9388 "-" "Mozilla/5.0 AppleWebKit/537.36 (KHTML, like Gecko; compatible; GPTBot/1.2; +https://openai.com/gptbot)"
216.73.216.72 - - [12/Jun/2025:10:35:55 -0400] "GET /yeo/goods/1231248578.htm HTTP/1.1" 301 0 "-" "Mozilla/5.0 AppleWebKit/537.36 (KHTML, like Gecko; compatible; ClaudeBot/1.0; [email protected])"
20.171.207.241 - - [12/Jun/2025:10:35:56 -0400] "GET /fkp/shopping/196013417.htm HTTP/1.1" 301 0 "-" "Mozilla/5.0 AppleWebKit/537.36 (KHTML, like Gecko; compatible; GPTBot/1.2; +https://openai.com/gptbot)"
20.171.207.241 - - [12/Jun/2025:10:35:56 -0400] "GET / HTTP/1.1" 200 9388 "-" "Mozilla/5.0 AppleWebKit/537.36 (KHTML, like Gecko; compatible; GPTBot/1.2; +https://openai.com/gptbot)"
216.73.216.72 - - [12/Jun/2025:10:35:58 -0400] "GET /y/legislated/shopdetail/1219963906.htm HTTP/1.1" 301 0 "-" "Mozilla/5.0 AppleWebKit/537.36 (KHTML, like Gecko; compatible; ClaudeBot/1.0; [email protected])"
20.171.207.241 - - [12/Jun/2025:10:35:58 -0400] "GET /r/shopdetail/710762745.htm HTTP/1.1" 301 0 "-" "Mozilla/5.0 AppleWebKit/537.36 (KHTML, like Gecko; compatible; GPTBot/1.2; +https://openai.com/gptbot)"
20.171.207.241 - - [12/Jun/2025:10:35:59 -0400] "GET / HTTP/1.1" 200 9388 "-" "Mozilla/5.0 AppleWebKit/537.36 (KHTML, like Gecko; compatible; GPTBot/1.2; +https://openai.com/gptbot)"
216.73.216.72 - - [12/Jun/2025:10:36:01 -0400] "GET /oku/goods/1231180620.htm HTTP/1.1" 301 0 "-" "Mozilla/5.0 AppleWebKit/537.36 (KHTML, like Gecko; compatible; ClaudeBot/1.0; [email protected])"
20.171.207.241 - - [12/Jun/2025:10:36:01 -0400] "GET /hqx/shopping/498385027.htm HTTP/1.1" 301 0 "-" "Mozilla/5.0 AppleWebKit/537.36 (KHTML, like Gecko; compatible; GPTBot/1.2; +https://openai.com/gptbot)"
20.171.207.241 - - [12/Jun/2025:10:36:02 -0400] "GET / HTTP/1.1" 200 9388 "-" "Mozilla/5.0 AppleWebKit/537.36 (KHTML, like Gecko; compatible; GPTBot/1.2; +https://openai.com/gptbot)"
216.73.216.72 - - [12/Jun/2025:10:36:04 -0400] "GET /n/shopdetail/1231308735.htm HTTP/1.1" 301 0 "-" "Mozilla/5.0 AppleWebKit/537.36 (KHTML, like Gecko; compatible; ClaudeBot/1.0; [email protected])"
20.171.207.241 - - [12/Jun/2025:10:36:05 -0400] "GET /qmy/shopping/899701502.htm HTTP/1.1" 301 0 "-" "Mozilla/5.0 AppleWebKit/537.36 (KHTML, like Gecko; compatible; GPTBot/1.2; +https://openai.com/gptbot)"
20.171.207.241 - - [12/Jun/2025:10:36:06 -0400] "GET / HTTP/1.1" 200 9388 "-" "Mozilla/5.0 AppleWebKit/537.36 (KHTML, like Gecko; compatible; GPTBot/1.2; +https://openai.com/gptbot)"
216.73.216.72 - - [12/Jun/2025:10:36:07 -0400] "GET /den/prorated/products/1231410713.htm HTTP/1.1" 301 0 "-" "Mozilla/5.0 AppleWebKit/537.36 (KHTML, like Gecko; compatible; ClaudeBot/1.0; [email protected])"
20.171.207.241 - - [12/Jun/2025:10:36:08 -0400] "GET /f/shopdetail/195970145.htm HTTP/1.1" 301 0 "-" "Mozilla/5.0 AppleWebKit/537.36 (KHTML, like Gecko; compatible; GPTBot/1.2; +https://openai.com/gptbot)"
20.171.207.241 - - [12/Jun/2025:10:36:09 -0400] "GET / HTTP/1.1" 200 9388 "-" "Mozilla/5.0 AppleWebKit/537.36 (KHTML, like Gecko; compatible; GPTBot/1.2; +https://openai.com/gptbot)"
216.73.216.72 - - [12/Jun/2025:10:36:10 -0400] "GET /abs/shopbrand1219901376.htm HTTP/1.1" 301 0 "-" "Mozilla/5.0 AppleWebKit/537.36 (KHTML, like Gecko; compatible; ClaudeBot/1.0; [email protected])"
20.171.207.241 - - [12/Jun/2025:10:36:10 -0400] "GET /gkg/shopping/881627350.htm HTTP/1.1" 301 0 "-" "Mozilla/5.0 AppleWebKit/537.36 (KHTML, like Gecko; compatible; GPTBot/1.2; +https://openai.com/gptbot)"
20.171.207.241 - - [12/Jun/2025:10:36:11 -0400] "GET / HTTP/1.1" 200 9388 "-" "Mozilla/5.0 AppleWebKit/537.36 (KHTML, like Gecko; compatible; GPTBot/1.2; +https://openai.com/gptbot)"
216.73.216.72 - - [12/Jun/2025:10:36:13 -0400] "GET /aza/product1231473854.htm HTTP/1.1" 301 0 "-" "Mozilla/5.0 AppleWebKit/537.36 (KHTML, like Gecko; compatible; ClaudeBot/1.0; [email protected])"
20.171.207.241 - - [12/Jun/2025:10:36:13 -0400] "GET /x/shopdetail/841743513.htm HTTP/1.1" 301 0 "-" "Mozilla/5.0 AppleWebKit/537.36 (KHTML, like Gecko; compatible; GPTBot/1.2; +https://openai.com/gptbot)"
20.171.207.241 - - [12/Jun/2025:10:36:15 -0400] "GET / HTTP/1.1" 200 9388 "-" "Mozilla/5.0 AppleWebKit/537.36 (KHTML, like Gecko; compatible; GPTBot/1.2; +https://openai.com/gptbot)"
20.171.207.241 - - [12/Jun/2025:10:36:15 -0400] "GET /oqa/shopping/705889210.htm HTTP/1.1" 301 0 "-" "Mozilla/5.0 AppleWebKit/537.36 (KHTML, like Gecko; compatible; GPTBot/1.2; +https://openai.com/gptbot)"
216.73.216.72 - - [12/Jun/2025:10:36:16 -0400] "GET /iuq/phenological/shopdetail/1231145568.htm HTTP/1.1" 301 0 "-" "Mozilla/5.0 AppleWebKit/537.36 (KHTML, like Gecko; compatible; ClaudeBot/1.0; [email protected])"
20.171.207.241 - - [12/Jun/2025:10:36:16 -0400] "GET / HTTP/1.1" 200 9388 "-" "Mozilla/5.0 AppleWebKit/537.36 (KHTML, like Gecko; compatible; GPTBot/1.2; +https://openai.com/gptbot)"
20.171.207.241 - - [12/Jun/2025:10:36:18 -0400] "GET /x/shopdetail/841615745.htm HTTP/1.1" 301 0 "-" "Mozilla/5.0 AppleWebKit/537.36 (KHTML, like Gecko; compatible; GPTBot/1.2; +https://openai.com/gptbot)"
20.171.207.241 - - [12/Jun/2025:10:36:19 -0400] "GET / HTTP/1.1" 200 9388 "-" "Mozilla/5.0 AppleWebKit/537.36 (KHTML, like Gecko; compatible; GPTBot/1.2; +https://openai.com/gptbot)"
20.171.207.241 - - [12/Jun/2025:10:36:21 -0400] "GET /rwz/shopping/867590177.htm HTTP/1.1" 301 0 "-" "Mozilla/5.0 AppleWebKit/537.36 (KHTML, like Gecko; compatible; GPTBot/1.2; +https://openai.com/gptbot)"
47.82.61.76 - - [12/Jun/2025:10:36:23 -0400] "GET /wp-includes/js/jquery/ui/selectable.min.js HTTP/1.1" 200 1317 "https://reversevillain.com/wp-includes/js/jquery/ui/selectable.min.js" "Mozilla/5.0 (Windows NT 10.0; Win64; x64) AppleWebKit/537.36 (KHTML, like Gecko) Chrome/114.0.0.0 Safari/537.36 Edg/114.0.1823.43"
20.171.207.241 - - [12/Jun/2025:10:36:22 -0400] "GET / HTTP/1.1" 200 9388 "-" "Mozilla/5.0 AppleWebKit/537.36 (KHTML, like Gecko; compatible; GPTBot/1.2; +https://openai.com/gptbot)"
20.171.207.241 - - [12/Jun/2025:10:36:24 -0400] "GET /q/shopdetail/117700486.htm HTTP/1.1" 301 0 "-" "Mozilla/5.0 AppleWebKit/537.36 (KHTML, like Gecko; compatible; GPTBot/1.2; +https://openai.com/gptbot)"
8.218.186.1 - - [12/Jun/2025:10:36:25 -0400] "GET /kono-healer-mendokusai-chapter-35 HTTP/1.1" 301 0 "-" "Mozilla/5.0 (Macintosh; Intel Mac OS X 10_15_7) AppleWebKit/537.36 (KHTML, like Gecko) Chrome/109.0.0.0 Safari/537.36"
20.171.207.241 - - [12/Jun/2025:10:36:26 -0400] "GET / HTTP/1.1" 200 9388 "-" "Mozilla/5.0 AppleWebKit/537.36 (KHTML, like Gecko; compatible; GPTBot/1.2; +https://openai.com/gptbot)"
8.218.186.1 - - [12/Jun/2025:10:36:26 -0400] "GET / HTTP/1.1" 200 9407 "https://reversevillain.com/kono-healer-mendokusai-chapter-35" "Mozilla/5.0 (Macintosh; Intel Mac OS X 10_15_7) AppleWebKit/537.36 (KHTML, like Gecko) Chrome/109.0.0.0 Safari/537.36"
162.0.232.193 - - [12/Jun/2025:10:36:29 -0400] "POST /wp-cron.php?doing_wp_cron=1749738989.0445680618286132812500 HTTP/1.1" 200 0 "-" "WordPress/6.8.1; https://reversevillain.com"
20.171.207.241 - - [12/Jun/2025:10:36:28 -0400] "GET /kkw/shopping/498322158.htm HTTP/1.1" 301 0 "-" "Mozilla/5.0 AppleWebKit/537.36 (KHTML, like Gecko; compatible; GPTBot/1.2; +https://openai.com/gptbot)"
20.171.207.241 - - [12/Jun/2025:10:36:29 -0400] "GET / HTTP/1.1" 200 9390 "-" "Mozilla/5.0 AppleWebKit/537.36 (KHTML, like Gecko; compatible; GPTBot/1.2; +https://openai.com/gptbot)"
216.73.216.72 - - [12/Jun/2025:10:36:29 -0400] "GET /otg/shopbrand1227312560.htm HTTP/1.1" 301 0 "-" "Mozilla/5.0 AppleWebKit/537.36 (KHTML, like Gecko; compatible; ClaudeBot/1.0; [email protected])"
20.171.207.241 - - [12/Jun/2025:10:36:31 -0400] "GET /qem/shopping/391517814.htm HTTP/1.1" 301 0 "-" "Mozilla/5.0 AppleWebKit/537.36 (KHTML, like Gecko; compatible; GPTBot/1.2; +https://openai.com/gptbot)"
216.73.216.72 - - [12/Jun/2025:10:36:32 -0400] "GET /oaw/hyposulphate/shopdetail/1231458744.htm HTTP/1.1" 301 0 "-" "Mozilla/5.0 AppleWebKit/537.36 (KHTML, like Gecko; compatible; ClaudeBot/1.0; [email protected])"
20.171.207.241 - - [12/Jun/2025:10:36:33 -0400] "GET / HTTP/1.1" 200 9388 "-" "Mozilla/5.0 AppleWebKit/537.36 (KHTML, like Gecko; compatible; GPTBot/1.2; +https://openai.com/gptbot)"
216.73.216.72 - - [12/Jun/2025:10:36:36 -0400] "GET /sitemap-hot-2982996.xml HTTP/1.1" 200 9462 "-" "Mozilla/5.0 AppleWebKit/537.36 (KHTML, like Gecko; compatible; ClaudeBot/1.0; [email protected])"
20.171.207.241 - - [12/Jun/2025:10:36:36 -0400] "GET /jgd/shopping/705918671.htm HTTP/1.1" 301 0 "-" "Mozilla/5.0 AppleWebKit/537.36 (KHTML, like Gecko; compatible; GPTBot/1.2; +https://openai.com/gptbot)"
20.171.207.241 - - [12/Jun/2025:10:36:38 -0400] "GET / HTTP/1.1" 200 9388 "-" "Mozilla/5.0 AppleWebKit/537.36 (KHTML, like Gecko; compatible; GPTBot/1.2; +https://openai.com/gptbot)"
216.73.216.72 - - [12/Jun/2025:10:36:38 -0400] "GET /uk/goods/1231236276.htm HTTP/1.1" 301 0 "-" "Mozilla/5.0 AppleWebKit/537.36 (KHTML, like Gecko; compatible; ClaudeBot/1.0; [email protected])"
20.171.207.241 - - [12/Jun/2025:10:36:39 -0400] "GET /h/shopdetail/498064719.htm HTTP/1.1" 301 0 "-" "Mozilla/5.0 AppleWebKit/537.36 (KHTML, like Gecko; compatible; GPTBot/1.2; +https://openai.com/gptbot)"
20.171.207.241 - - [12/Jun/2025:10:36:41 -0400] "GET / HTTP/1.1" 200 9388 "-" "Mozilla/5.0 AppleWebKit/537.36 (KHTML, like Gecko; compatible; GPTBot/1.2; +https://openai.com/gptbot)"
216.73.216.72 - - [12/Jun/2025:10:36:41 -0400] "GET /sitemap-hot-2996996.xml HTTP/1.1" 200 9366 "-" "Mozilla/5.0 AppleWebKit/537.36 (KHTML, like Gecko; compatible; ClaudeBot/1.0; [email protected])"
20.171.207.241 - - [12/Jun/2025:10:36:43 -0400] "GET /a/shopdetail/867573034.htm HTTP/1.1" 301 0 "-" "Mozilla/5.0 AppleWebKit/537.36 (KHTML, like Gecko; compatible; GPTBot/1.2; +https://openai.com/gptbot)"
47.79.1.97 - - [12/Jun/2025:10:36:45 -0400] "GET /wp-includes/js/jquery/ui/checkboxradio.min.js HTTP/1.1" 200 1296 "https://reversevillain.com/wp-includes/js/jquery/ui/checkboxradio.min.js" "Mozilla/5.0 (Windows NT 10.0; Win64; x64) AppleWebKit/537.36 (KHTML, like Gecko) Chrome/114.0.0.0 Safari/537.36 Edg/114.0.1823.43"
216.73.216.72 - - [12/Jun/2025:10:36:44 -0400] "GET /v/shopdetail/1231364649.htm HTTP/1.1" 301 0 "-" "Mozilla/5.0 AppleWebKit/537.36 (KHTML, like Gecko; compatible; ClaudeBot/1.0; [email protected])"
20.171.207.241 - - [12/Jun/2025:10:36:45 -0400] "GET / HTTP/1.1" 200 9388 "-" "Mozilla/5.0 AppleWebKit/537.36 (KHTML, like Gecko; compatible; GPTBot/1.2; +https://openai.com/gptbot)"
20.171.207.241 - - [12/Jun/2025:10:36:47 -0400] "GET /vof/shopping/710860519.htm HTTP/1.1" 301 0 "-" "Mozilla/5.0 AppleWebKit/537.36 (KHTML, like Gecko; compatible; GPTBot/1.2; +https://openai.com/gptbot)"
216.73.216.72 - - [12/Jun/2025:10:36:47 -0400] "GET /vbh/shopbrand1231247635.htm HTTP/1.1" 301 0 "-" "Mozilla/5.0 AppleWebKit/537.36 (KHTML, like Gecko; compatible; ClaudeBot/1.0; [email protected])"
20.171.207.241 - - [12/Jun/2025:10:36:48 -0400] "GET / HTTP/1.1" 200 9388 "-" "Mozilla/5.0 AppleWebKit/537.36 (KHTML, like Gecko; compatible; GPTBot/1.2; +https://openai.com/gptbot)"
20.171.207.241 - - [12/Jun/2025:10:36:50 -0400] "GET /s/shopdetail/867569218.htm HTTP/1.1" 301 0 "-" "Mozilla/5.0 AppleWebKit/537.36 (KHTML, like Gecko; compatible; GPTBot/1.2; +https://openai.com/gptbot)"
216.73.216.72 - - [12/Jun/2025:10:36:50 -0400] "GET /z/canellaceae/goods/1219922343.htm HTTP/1.1" 301 0 "-" "Mozilla/5.0 AppleWebKit/537.36 (KHTML, like Gecko; compatible; ClaudeBot/1.0; [email protected])"
20.171.207.241 - - [12/Jun/2025:10:36:51 -0400] "GET / HTTP/1.1" 200 9388 "-" "Mozilla/5.0 AppleWebKit/537.36 (KHTML, like Gecko; compatible; GPTBot/1.2; +https://openai.com/gptbot)"
20.171.207.241 - - [12/Jun/2025:10:36:53 -0400] "GET /vex/shopping/705913153.htm HTTP/1.1" 301 0 "-" "Mozilla/5.0 AppleWebKit/537.36 (KHTML, like Gecko; compatible; GPTBot/1.2; +https://openai.com/gptbot)"
216.73.216.72 - - [12/Jun/2025:10:36:53 -0400] "GET /u/shopbrand1227111720.htm HTTP/1.1" 301 0 "-" "Mozilla/5.0 AppleWebKit/537.36 (KHTML, like Gecko; compatible; ClaudeBot/1.0; [email protected])"
20.171.207.241 - - [12/Jun/2025:10:36:54 -0400] "GET / HTTP/1.1" 200 9388 "-" "Mozilla/5.0 AppleWebKit/537.36 (KHTML, like Gecko; compatible; GPTBot/1.2; +https://openai.com/gptbot)"
20.171.207.241 - - [12/Jun/2025:10:36:55 -0400] "GET /o/shopdetail/849049516.htm HTTP/1.1" 301 0 "-" "Mozilla/5.0 AppleWebKit/537.36 (KHTML, like Gecko; compatible; GPTBot/1.2; +https://openai.com/gptbot)"
216.73.216.72 - - [12/Jun/2025:10:36:56 -0400] "GET /b/foehood/shopping/1231164833.htm HTTP/1.1" 301 0 "-" "Mozilla/5.0 AppleWebKit/537.36 (KHTML, like Gecko; compatible; ClaudeBot/1.0; [email protected])"
20.171.207.241 - - [12/Jun/2025:10:36:56 -0400] "GET / HTTP/1.1" 200 9388 "-" "Mozilla/5.0 AppleWebKit/537.36 (KHTML, like Gecko; compatible; GPTBot/1.2; +https://openai.com/gptbot)"
20.171.207.241 - - [12/Jun/2025:10:36:58 -0400] "GET /laj/shopping/196079763.htm HTTP/1.1" 301 0 "-" "Mozilla/5.0 AppleWebKit/537.36 (KHTML, like Gecko; compatible; GPTBot/1.2; +https://openai.com/gptbot)"
47.82.0.163 - - [12/Jun/2025:10:36:59 -0400] "GET /wp-includes/SimplePie/library/SimplePie/Copyright.php HTTP/1.1" 403 1242 "https://reversevillain.com/wp-includes/SimplePie/library/SimplePie/Copyright.php" "Mozilla/5.0 (Windows NT 10.0; Win64; x64) AppleWebKit/537.36 (KHTML, like Gecko) Chrome/114.0.0.0 Safari/537.36 Edg/114.0.1823.43"
216.73.216.72 - - [12/Jun/2025:10:36:59 -0400] "GET /kg/shopbrand1227310116.htm HTTP/1.1" 301 0 "-" "Mozilla/5.0 AppleWebKit/537.36 (KHTML, like Gecko; compatible; ClaudeBot/1.0; [email protected])"
20.171.207.241 - - [12/Jun/2025:10:37:00 -0400] "GET / HTTP/1.1" 200 9388 "-" "Mozilla/5.0 AppleWebKit/537.36 (KHTML, like Gecko; compatible; GPTBot/1.2; +https://openai.com/gptbot)"
20.171.207.241 - - [12/Jun/2025:10:37:01 -0400] "GET /r/shopdetail/338900635.htm HTTP/1.1" 301 0 "-" "Mozilla/5.0 AppleWebKit/537.36 (KHTML, like Gecko; compatible; GPTBot/1.2; +https://openai.com/gptbot)"
216.73.216.72 - - [12/Jun/2025:10:37:02 -0400] "GET /bv/shopbrand1231250353.htm HTTP/1.1" 301 0 "-" "Mozilla/5.0 AppleWebKit/537.36 (KHTML, like Gecko; compatible; ClaudeBot/1.0; [email protected])"
20.171.207.241 - - [12/Jun/2025:10:37:03 -0400] "GET / HTTP/1.1" 200 9388 "-" "Mozilla/5.0 AppleWebKit/537.36 (KHTML, like Gecko; compatible; GPTBot/1.2; +https://openai.com/gptbot)"
216.73.216.72 - - [12/Jun/2025:10:37:05 -0400] "GET /hcd/shopdetail/1231273683.htm HTTP/1.1" 301 0 "-" "Mozilla/5.0 AppleWebKit/537.36 (KHTML, like Gecko; compatible; ClaudeBot/1.0; [email protected])"
20.171.207.241 - - [12/Jun/2025:10:37:05 -0400] "GET /g/shopdetail/705960160.htm HTTP/1.1" 301 0 "-" "Mozilla/5.0 AppleWebKit/537.36 (KHTML, like Gecko; compatible; GPTBot/1.2; +https://openai.com/gptbot)"
20.171.207.241 - - [12/Jun/2025:10:37:06 -0400] "GET / HTTP/1.1" 200 9389 "-" "Mozilla/5.0 AppleWebKit/537.36 (KHTML, like Gecko; compatible; GPTBot/1.2; +https://openai.com/gptbot)"
216.73.216.72 - - [12/Jun/2025:10:37:08 -0400] "GET /sitemap-hot-2976996.xml HTTP/1.1" 200 9476 "-" "Mozilla/5.0 AppleWebKit/537.36 (KHTML, like Gecko; compatible; ClaudeBot/1.0; [email protected])"
20.171.207.241 - - [12/Jun/2025:10:37:08 -0400] "GET /jqz/shopping/590691529.htm HTTP/1.1" 301 0 "-" "Mozilla/5.0 AppleWebKit/537.36 (KHTML, like Gecko; compatible; GPTBot/1.2; +https://openai.com/gptbot)"
20.171.207.241 - - [12/Jun/2025:10:37:09 -0400] "GET / HTTP/1.1" 200 9388 "-" "Mozilla/5.0 AppleWebKit/537.36 (KHTML, like Gecko; compatible; GPTBot/1.2; +https://openai.com/gptbot)"
20.171.207.241 - - [12/Jun/2025:10:37:11 -0400] "GET /l/shopdetail/841535807.htm HTTP/1.1" 301 0 "-" "Mozilla/5.0 AppleWebKit/537.36 (KHTML, like Gecko; compatible; GPTBot/1.2; +https://openai.com/gptbot)"
216.73.216.72 - - [12/Jun/2025:10:37:11 -0400] "GET /v/infectious/shopdetail/1231215317.htm HTTP/1.1" 301 0 "-" "Mozilla/5.0 AppleWebKit/537.36 (KHTML, like Gecko; compatible; ClaudeBot/1.0; [email protected])"
20.171.207.241 - - [12/Jun/2025:10:37:13 -0400] "GET / HTTP/1.1" 200 9388 "-" "Mozilla/5.0 AppleWebKit/537.36 (KHTML, like Gecko; compatible; GPTBot/1.2; +https://openai.com/gptbot)"
216.73.216.72 - - [12/Jun/2025:10:37:14 -0400] "GET /jaf/shopdetail/1227192673.htm HTTP/1.1" 301 0 "-" "Mozilla/5.0 AppleWebKit/537.36 (KHTML, like Gecko; compatible; ClaudeBot/1.0; [email protected])"
20.171.207.241 - - [12/Jun/2025:10:37:15 -0400] "GET /d/shopdetail/498083967.htm HTTP/1.1" 301 0 "-" "Mozilla/5.0 AppleWebKit/537.36 (KHTML, like Gecko; compatible; GPTBot/1.2; +https://openai.com/gptbot)"
20.171.207.241 - - [12/Jun/2025:10:37:16 -0400] "GET / HTTP/1.1" 200 9388 "-" "Mozilla/5.0 AppleWebKit/537.36 (KHTML, like Gecko; compatible; GPTBot/1.2; +https://openai.com/gptbot)"
47.82.60.195 - - [12/Jun/2025:10:37:17 -0400] "GET /wp-includes/js/jquery/ui/tabs.min.js HTTP/1.1" 200 3794 "https://reversevillain.com/wp-includes/js/jquery/ui/tabs.min.js" "Mozilla/5.0 (Windows NT 10.0; Win64; x64) AppleWebKit/537.36 (KHTML, like Gecko) Chrome/114.0.0.0 Safari/537.36 Edg/114.0.1823.43"
216.73.216.72 - - [12/Jun/2025:10:37:17 -0400] "GET /ig/divestiture/shopbrand1231348878.htm HTTP/1.1" 301 0 "-" "Mozilla/5.0 AppleWebKit/537.36 (KHTML, like Gecko; compatible; ClaudeBot/1.0; [email protected])"
20.171.207.241 - - [12/Jun/2025:10:37:19 -0400] "GET /xcv/shopping/899757763.htm HTTP/1.1" 301 0 "-" "Mozilla/5.0 AppleWebKit/537.36 (KHTML, like Gecko; compatible; GPTBot/1.2; +https://openai.com/gptbot)"
18.97.14.88 - - [12/Jun/2025:10:37:19 -0400] "GET /me760365324.htm HTTP/1.1" 301 0 "-" "CCBot/2.0 (https://commoncrawl.org/faq/)"
20.171.207.241 - - [12/Jun/2025:10:37:20 -0400] "GET / HTTP/1.1" 200 9390 "-" "Mozilla/5.0 AppleWebKit/537.36 (KHTML, like Gecko; compatible; GPTBot/1.2; +https://openai.com/gptbot)"
216.73.216.72 - - [12/Jun/2025:10:37:20 -0400] "GET /v/cnidaria/product1227112405.htm HTTP/1.1" 301 0 "-" "Mozilla/5.0 AppleWebKit/537.36 (KHTML, like Gecko; compatible; ClaudeBot/1.0; [email protected])"
20.171.207.241 - - [12/Jun/2025:10:37:22 -0400] "GET /fwd/shopping/705831779.htm HTTP/1.1" 301 0 "-" "Mozilla/5.0 AppleWebKit/537.36 (KHTML, like Gecko; compatible; GPTBot/1.2; +https://openai.com/gptbot)"
216.73.216.72 - - [12/Jun/2025:10:37:23 -0400] "GET /wtc/shopbrand1227026530.htm HTTP/1.1" 301 0 "-" "Mozilla/5.0 AppleWebKit/537.36 (KHTML, like Gecko; compatible; ClaudeBot/1.0; [email protected])"
95.108.213.149 - - [12/Jun/2025:10:37:25 -0400] "GET /robots.txt HTTP/1.1" 304 0 "-" "Mozilla/5.0 (compatible; YandexBot/3.0; +http://yandex.com/bots)"
20.171.207.241 - - [12/Jun/2025:10:37:23 -0400] "GET / HTTP/1.1" 200 9388 "-" "Mozilla/5.0 AppleWebKit/537.36 (KHTML, like Gecko; compatible; GPTBot/1.2; +https://openai.com/gptbot)"
20.171.207.241 - - [12/Jun/2025:10:37:25 -0400] "GET /f/shopdetail/498245287.htm HTTP/1.1" 301 0 "-" "Mozilla/5.0 AppleWebKit/537.36 (KHTML, like Gecko; compatible; GPTBot/1.2; +https://openai.com/gptbot)"
213.180.203.94 - - [12/Jun/2025:10:37:25 -0400] "GET /spider-man-octopus-girl-chapter-2/ HTTP/1.1" 301 0 "-" "Mozilla/5.0 (compatible; YandexBot/3.0; +http://yandex.com/bots)"
47.82.60.195 - - [12/Jun/2025:10:37:26 -0400] "GET /wp-includes/sodium_compat/src/Core32/XSalsa20.php HTTP/1.1" 403 1242 "https://reversevillain.com/wp-includes/sodium_compat/src/Core32/XSalsa20.php" "Mozilla/5.0 (Windows NT 10.0; Win64; x64) AppleWebKit/537.36 (KHTML, like Gecko) Chrome/114.0.0.0 Safari/537.36 Edg/114.0.1823.43"
20.171.207.241 - - [12/Jun/2025:10:37:26 -0400] "GET / HTTP/1.1" 200 9388 "-" "Mozilla/5.0 AppleWebKit/537.36 (KHTML, like Gecko; compatible; GPTBot/1.2; +https://openai.com/gptbot)"
213.180.203.72 - - [12/Jun/2025:10:37:27 -0400] "GET /robots.txt HTTP/1.1" 304 0 "-" "Mozilla/5.0 (compatible; YandexBot/3.0; +http://yandex.com/bots)"
87.250.224.244 - - [12/Jun/2025:10:37:28 -0400] "GET / HTTP/1.1" 200 9388 "-" "Mozilla/5.0 (compatible; YandexBot/3.0; +http://yandex.com/bots)"
162.0.232.193 - - [12/Jun/2025:10:37:30 -0400] "POST /wp-cron.php?doing_wp_cron=1749739049.7619280815124511718750 HTTP/1.1" 200 0 "-" "WordPress/6.8.1; https://reversevillain.com"
20.171.207.241 - - [12/Jun/2025:10:37:28 -0400] "GET /kco/shopping/196037102.htm HTTP/1.1" 301 0 "-" "Mozilla/5.0 AppleWebKit/537.36 (KHTML, like Gecko; compatible; GPTBot/1.2; +https://openai.com/gptbot)"
20.171.207.241 - - [12/Jun/2025:10:37:30 -0400] "GET / HTTP/1.1" 200 9388 "-" "Mozilla/5.0 AppleWebKit/537.36 (KHTML, like Gecko; compatible; GPTBot/1.2; +https://openai.com/gptbot)"
162.0.232.193 - - [12/Jun/2025:10:37:31 -0400] "POST /wp-admin/admin-ajax.php?action=async_litespeed&nonce=2oFT94yWNkE3TZFAxdZocjzvdEDJMpWv&litespeed_type=imgoptm HTTP/1.1" 200 0 "-" "WordPress/6.8.1; https://reversevillain.com"
162.0.232.193 - - [12/Jun/2025:10:37:33 -0400] "POST /wp-cron.php?doing_wp_cron=1749739053.4470798969268798828125 HTTP/1.1" 200 0 "-" "WordPress/6.8.1; https://reversevillain.com"
20.171.207.241 - - [12/Jun/2025:10:37:32 -0400] "GET /iiw/shopping/849078356.htm HTTP/1.1" 301 0 "-" "Mozilla/5.0 AppleWebKit/537.36 (KHTML, like Gecko; compatible; GPTBot/1.2; +https://openai.com/gptbot)"
20.171.207.241 - - [12/Jun/2025:10:37:34 -0400] "GET / HTTP/1.1" 200 9388 "-" "Mozilla/5.0 AppleWebKit/537.36 (KHTML, like Gecko; compatible; GPTBot/1.2; +https://openai.com/gptbot)"
20.171.207.241 - - [12/Jun/2025:10:37:36 -0400] "GET /g/shopdetail/705992494.htm HTTP/1.1" 301 0 "-" "Mozilla/5.0 AppleWebKit/537.36 (KHTML, like Gecko; compatible; GPTBot/1.2; +https://openai.com/gptbot)"
20.171.207.241 - - [12/Jun/2025:10:37:36 -0400] "GET / HTTP/1.1" 200 9389 "-" "Mozilla/5.0 AppleWebKit/537.36 (KHTML, like Gecko; compatible; GPTBot/1.2; +https://openai.com/gptbot)"
47.79.98.4 - - [12/Jun/2025:10:37:37 -0400] "GET /wp-includes/sodium_compat/src/Core/ChaCha20 HTTP/1.1" 301 795 "https://reversevillain.com/wp-includes/sodium_compat/src/Core/ChaCha20" "Mozilla/5.0 (Windows NT 10.0; Win64; x64) AppleWebKit/537.36 (KHTML, like Gecko) Chrome/114.0.0.0 Safari/537.36 Edg/114.0.1823.43"
47.79.98.4 - - [12/Jun/2025:10:37:38 -0400] "GET /wp-includes/sodium_compat/src/Core/ChaCha20/ HTTP/1.1" 200 747 "https://reversevillain.com/wp-includes/sodium_compat/src/Core/ChaCha20" "Mozilla/5.0 (Windows NT 10.0; Win64; x64) AppleWebKit/537.36 (KHTML, like Gecko) Chrome/114.0.0.0 Safari/537.36 Edg/114.0.1823.43"
47.82.60.224 - - [12/Jun/2025:10:37:39 -0400] "GET /wp-includes/js/jquery/ui/effect-scale.js HTTP/1.1" 200 615 "https://reversevillain.com/wp-includes/js/jquery/ui/effect-scale.js" "Mozilla/5.0 (Windows NT 10.0; Win64; x64) AppleWebKit/537.36 (KHTML, like Gecko) Chrome/114.0.0.0 Safari/537.36 Edg/114.0.1823.43"
20.171.207.241 - - [12/Jun/2025:10:37:39 -0400] "GET /xat/shopping/841679637.htm HTTP/1.1" 301 0 "-" "Mozilla/5.0 AppleWebKit/537.36 (KHTML, like Gecko; compatible; GPTBot/1.2; +https://openai.com/gptbot)"
20.171.207.241 - - [12/Jun/2025:10:37:42 -0400] "GET / HTTP/1.1" 200 9388 "-" "Mozilla/5.0 AppleWebKit/537.36 (KHTML, like Gecko; compatible; GPTBot/1.2; +https://openai.com/gptbot)"
20.171.207.241 - - [12/Jun/2025:10:37:43 -0400] "GET /j/shopdetail/848876491.htm HTTP/1.1" 301 0 "-" "Mozilla/5.0 AppleWebKit/537.36 (KHTML, like Gecko; compatible; GPTBot/1.2; +https://openai.com/gptbot)"
52.167.144.169 - - [12/Jun/2025:10:37:44 -0400] "GET /furyou-taimashi-reina-chapter-70/ HTTP/1.1" 200 38226 "-" "Mozilla/5.0 AppleWebKit/537.36 (KHTML, like Gecko; compatible; bingbot/2.0; +http://www.bing.com/bingbot.htm) Chrome/116.0.1938.76 Safari/537.36"
20.171.207.241 - - [12/Jun/2025:10:37:44 -0400] "GET / HTTP/1.1" 200 9389 "-" "Mozilla/5.0 AppleWebKit/537.36 (KHTML, like Gecko; compatible; GPTBot/1.2; +https://openai.com/gptbot)"
216.73.216.72 - - [12/Jun/2025:10:37:47 -0400] "GET /fjb/shopbrand1231112299.htm HTTP/1.1" 301 0 "-" "Mozilla/5.0 AppleWebKit/537.36 (KHTML, like Gecko; compatible; ClaudeBot/1.0; [email protected])"
20.171.207.241 - - [12/Jun/2025:10:37:47 -0400] "GET /k/shopdetail/710984480.htm HTTP/1.1" 301 0 "-" "Mozilla/5.0 AppleWebKit/537.36 (KHTML, like Gecko; compatible; GPTBot/1.2; +https://openai.com/gptbot)"
162.0.232.193 - - [12/Jun/2025:10:37:50 -0400] "POST /wp-cron.php?doing_wp_cron=1749739070.3921179771423339843750 HTTP/1.1" 200 0 "-" "WordPress/6.8.1; https://reversevillain.com"
216.73.216.72 - - [12/Jun/2025:10:37:50 -0400] "GET /sitemap-hot-2970996.xml HTTP/1.1" 200 9365 "-" "Mozilla/5.0 AppleWebKit/537.36 (KHTML, like Gecko; compatible; ClaudeBot/1.0; [email protected])"
20.171.207.241 - - [12/Jun/2025:10:37:49 -0400] "GET / HTTP/1.1" 200 9388 "-" "Mozilla/5.0 AppleWebKit/537.36 (KHTML, like Gecko; compatible; GPTBot/1.2; +https://openai.com/gptbot)"
162.0.232.193 - - [12/Jun/2025:10:37:51 -0400] "POST /wp-admin/admin-ajax.php?action=async_litespeed&nonce=5FBTVi2pxs1mgqEfdAu8DdegCnyZXcvf&litespeed_type=imgoptm HTTP/1.1" 200 5 "-" "WordPress/6.8.1; https://reversevillain.com"
20.171.207.241 - - [12/Jun/2025:10:37:52 -0400] "GET /t/shopdetail/881697083.htm HTTP/1.1" 301 0 "-" "Mozilla/5.0 AppleWebKit/537.36 (KHTML, like Gecko; compatible; GPTBot/1.2; +https://openai.com/gptbot)"
216.73.216.72 - - [12/Jun/2025:10:37:53 -0400] "GET /au/shopbrand1227295336.htm HTTP/1.1" 301 0 "-" "Mozilla/5.0 AppleWebKit/537.36 (KHTML, like Gecko; compatible; ClaudeBot/1.0; [email protected])"
20.171.207.241 - - [12/Jun/2025:10:37:54 -0400] "GET / HTTP/1.1" 200 9388 "-" "Mozilla/5.0 AppleWebKit/537.36 (KHTML, like Gecko; compatible; GPTBot/1.2; +https://openai.com/gptbot)"
216.73.216.72 - - [12/Jun/2025:10:37:56 -0400] "GET /bkz/goods/1231228725.htm HTTP/1.1" 301 0 "-" "Mozilla/5.0 AppleWebKit/537.36 (KHTML, like Gecko; compatible; ClaudeBot/1.0; [email protected])"
20.171.207.241 - - [12/Jun/2025:10:37:57 -0400] "GET /r/shopdetail/517613251.htm HTTP/1.1" 301 0 "-" "Mozilla/5.0 AppleWebKit/537.36 (KHTML, like Gecko; compatible; GPTBot/1.2; +https://openai.com/gptbot)"
20.171.207.241 - - [12/Jun/2025:10:37:58 -0400] "GET / HTTP/1.1" 200 9389 "-" "Mozilla/5.0 AppleWebKit/537.36 (KHTML, like Gecko; compatible; GPTBot/1.2; +https://openai.com/gptbot)"
216.73.216.72 - - [12/Jun/2025:10:37:59 -0400] "GET /o/shopdetail/1227290932.htm HTTP/1.1" 301 0 "-" "Mozilla/5.0 AppleWebKit/537.36 (KHTML, like Gecko; compatible; ClaudeBot/1.0; [email protected])"
20.171.207.241 - - [12/Jun/2025:10:38:01 -0400] "GET /sae/efficacy/products/899916008.htm HTTP/1.1" 301 0 "-" "Mozilla/5.0 AppleWebKit/537.36 (KHTML, like Gecko; compatible; GPTBot/1.2; +https://openai.com/gptbot)"
20.171.207.241 - - [12/Jun/2025:10:38:02 -0400] "GET / HTTP/1.1" 200 9388 "-" "Mozilla/5.0 AppleWebKit/537.36 (KHTML, like Gecko; compatible; GPTBot/1.2; +https://openai.com/gptbot)"
216.73.216.72 - - [12/Jun/2025:10:38:02 -0400] "GET /e/thalweg/goods/1227019400.htm HTTP/1.1" 301 0 "-" "Mozilla/5.0 AppleWebKit/537.36 (KHTML, like Gecko; compatible; ClaudeBot/1.0; [email protected])"
20.171.207.241 - - [12/Jun/2025:10:38:04 -0400] "GET /io/alloxanic/products/900029716.htm HTTP/1.1" 301 0 "-" "Mozilla/5.0 AppleWebKit/537.36 (KHTML, like Gecko; compatible; GPTBot/1.2; +https://openai.com/gptbot)"
216.73.216.72 - - [12/Jun/2025:10:38:05 -0400] "GET /cym/shopdetail/1231282532.htm HTTP/1.1" 301 0 "-" "Mozilla/5.0 AppleWebKit/537.36 (KHTML, like Gecko; compatible; ClaudeBot/1.0; [email protected])"
