20.171.207.63 - - [09/Jun/2025:22:37:59 -0400] "GET /?path=%2F%2Flib64%2Fpython3.8%2Fconfig-3.8-x86_64-linux-gnu HTTP/1.1" 200 2870 "-" "Mozilla/5.0 AppleWebKit/537.36 (KHTML, like Gecko; compatible; GPTBot/1.2; +https://openai.com/gptbot)"
20.171.207.63 - - [09/Jun/2025:22:38:01 -0400] "GET /?path=%2F%2Flib64%2Fpython3.8%2F__pycache__ HTTP/1.1" 200 13305 "-" "Mozilla/5.0 AppleWebKit/537.36 (KHTML, like Gecko; compatible; GPTBot/1.2; +https://openai.com/gptbot)"
20.171.207.103 - - [09/Jun/2025:22:38:01 -0400] "GET /?filesrc=%2F%2Fbin%2Fmariadb-show&path=%2F%2Fbin HTTP/1.1" 200 706848 "-" "Mozilla/5.0 AppleWebKit/537.36 (KHTML, like Gecko; compatible; GPTBot/1.2; +https://openai.com/gptbot)"
20.171.207.103 - - [09/Jun/2025:22:38:02 -0400] "GET /?path=%2F%2Flib64%2Fgdk-pixbuf-2.0%2F2.10.0 HTTP/1.1" 200 2544 "-" "Mozilla/5.0 AppleWebKit/537.36 (KHTML, like Gecko; compatible; GPTBot/1.2; +https://openai.com/gptbot)"
20.171.207.63 - - [09/Jun/2025:22:38:02 -0400] "GET /?aksi=ransom&path=%2Fhome%2Fhonehdyv%2Freadbtooom.com%2Fwp-content%2Fplugins%2Fredirection%2Flocale%2Fjson HTTP/1.1" 200 3435 "-" "Mozilla/5.0 AppleWebKit/537.36 (KHTML, like Gecko; compatible; GPTBot/1.2; +https://openai.com/gptbot)"
20.171.207.103 - - [09/Jun/2025:22:38:03 -0400] "GET /?filesrc=%2F%2Flib64%2F.libssl.so.1.1.hmac&path=%2F%2Flib64 HTTP/1.1" 200 2028 "-" "Mozilla/5.0 AppleWebKit/537.36 (KHTML, like Gecko; compatible; GPTBot/1.2; +https://openai.com/gptbot)"
20.171.207.63 - - [09/Jun/2025:22:38:03 -0400] "GET /?filesrc=%2F%2Flib64%2Fpython2.7%2Fsocket.pyc&path=%2F%2Flib64%2Fpython2.7 HTTP/1.1" 200 9063 "-" "Mozilla/5.0 AppleWebKit/537.36 (KHTML, like Gecko; compatible; GPTBot/1.2; +https://openai.com/gptbot)"
20.171.207.103 - - [09/Jun/2025:22:38:04 -0400] "GET /?filesrc=%2Fhome%2Fhonehdyv%2Freadbtooom.com%2Fwp-content%2Fthemes%2Ftwentysixteen%2Ftemplate-parts%2Fcontent-single.php&path=%2Fhome%2Fhonehdyv%2Freadbtooom.com%2Fwp-content%2Fthemes%2Ftwentysixteen%2Ftemplate-parts HTTP/1.1" 200 2747 "-" "Mozilla/5.0 AppleWebKit/537.36 (KHTML, like Gecko; compatible; GPTBot/1.2; +https://openai.com/gptbot)"
20.171.207.63 - - [09/Jun/2025:22:38:04 -0400] "GET /?aksi=ransom&path=%2Fhome%2Fhonehdyv%2Freadbtooom.com%2Fwp-content%2Fplugins%2Fredirection%2Fmodels%2Flog HTTP/1.1" 200 2560 "-" "Mozilla/5.0 AppleWebKit/537.36 (KHTML, like Gecko; compatible; GPTBot/1.2; +https://openai.com/gptbot)"
20.171.207.63 - - [09/Jun/2025:22:38:05 -0400] "GET /?filesrc=%2F%2Flib64%2Flibxcb-record.so.0&path=%2F%2Flib64 HTTP/1.1" 200 7679 "-" "Mozilla/5.0 AppleWebKit/537.36 (KHTML, like Gecko; compatible; GPTBot/1.2; +https://openai.com/gptbot)"
20.171.207.103 - - [09/Jun/2025:22:38:05 -0400] "GET /wp-json/?path=%2F HTTP/1.1" 200 14177 "-" "Mozilla/5.0 AppleWebKit/537.36 (KHTML, like Gecko; compatible; GPTBot/1.2; +https://openai.com/gptbot)"
20.171.207.103 - - [09/Jun/2025:22:38:06 -0400] "GET /?aksi=buatfolder&path=%2F%2Fhome3 HTTP/1.1" 200 2022 "-" "Mozilla/5.0 AppleWebKit/537.36 (KHTML, like Gecko; compatible; GPTBot/1.2; +https://openai.com/gptbot)"
20.171.207.63 - - [09/Jun/2025:22:38:06 -0400] "GET /?aksi=buatfile&path=%2Fhome%2Fhonehdyv%2Freadbtooom.com%2Fwp-content%2Fplugins%2Fwp-rocket%2Finc%2F3rd-party HTTP/1.1" 200 2683 "-" "Mozilla/5.0 AppleWebKit/537.36 (KHTML, like Gecko; compatible; GPTBot/1.2; +https://openai.com/gptbot)"
192.178.4.98 - - [09/Jun/2025:22:38:06 -0400] "GET /manga/btooom-chapter-63/?filesrc=/home/honehdyv/readbtooom.com/wp-includes/theme-previews.php&path=/home/honehdyv/readbtooom.com/wp-includes HTTP/1.1" 200 38385 "-" "Mozilla/5.0 (Linux; Android 6.0.1; Nexus 5X Build/MMB29P) AppleWebKit/537.36 (KHTML, like Gecko) Chrome/136.0.7103.113 Mobile Safari/537.36 (compatible; Googlebot/2.1; +http://www.google.com/bot.html)"
20.171.207.103 - - [09/Jun/2025:22:38:07 -0400] "GET /?aksi=buatfolder&path=%2F%2Fhome1 HTTP/1.1" 200 2022 "-" "Mozilla/5.0 AppleWebKit/537.36 (KHTML, like Gecko; compatible; GPTBot/1.2; +https://openai.com/gptbot)"
20.171.207.63 - - [09/Jun/2025:22:38:08 -0400] "GET /?path=%2Fhome%2Fhonehdyv%2Freadbtooom.com%2Fwp-content%2Fplugins%2Fwp-rocket%2Finc%2F3rd-party%2Fhosting HTTP/1.1" 200 2772 "-" "Mozilla/5.0 AppleWebKit/537.36 (KHTML, like Gecko; compatible; GPTBot/1.2; +https://openai.com/gptbot)"
20.171.207.103 - - [09/Jun/2025:22:38:09 -0400] "GET /?aksi=buatfolder&path=%2F%2Fhome4 HTTP/1.1" 200 2022 "-" "Mozilla/5.0 AppleWebKit/537.36 (KHTML, like Gecko; compatible; GPTBot/1.2; +https://openai.com/gptbot)"
20.171.207.63 - - [09/Jun/2025:22:38:09 -0400] "GET /?aksi=ransom&path=%2Fhome%2Fhonehdyv%2Freadbtooom.com%2Fwp-content%2Fthemes%2Ftwentytwentytwo%2Fassets%2Ffonts%2Fibm-plex HTTP/1.1" 200 2848 "-" "Mozilla/5.0 AppleWebKit/537.36 (KHTML, like Gecko; compatible; GPTBot/1.2; +https://openai.com/gptbot)"
20.171.207.103 - - [09/Jun/2025:22:38:10 -0400] "GET /?path=%2Fhome%2Fhonehdyv%2Freadbtooom.com%2Fwp-content%2Fthemes%2Ftwentynineteen%2Fsass%2Fvariables-site HTTP/1.1" 200 2694 "-" "Mozilla/5.0 AppleWebKit/537.36 (KHTML, like Gecko; compatible; GPTBot/1.2; +https://openai.com/gptbot)"
20.171.207.63 - - [09/Jun/2025:22:38:10 -0400] "GET /?filesrc=%2F%2Flib%2Ffirmware%2Fhfi1_fabric.fw&path=%2F%2Flib%2Ffirmware HTTP/1.1" 200 14894 "-" "Mozilla/5.0 AppleWebKit/537.36 (KHTML, like Gecko; compatible; GPTBot/1.2; +https://openai.com/gptbot)"
20.171.207.63 - - [09/Jun/2025:22:38:11 -0400] "GET /?filesrc=%2Fhome%2Fhonehdyv%2Freadbtooom.com%2Fwp-content%2Fcache%2F.htaccess&path=%2Fhome%2Fhonehdyv%2Freadbtooom.com%2Fwp-content%2Fcache HTTP/1.1" 403 1242 "-" "Mozilla/5.0 AppleWebKit/537.36 (KHTML, like Gecko; compatible; GPTBot/1.2; +https://openai.com/gptbot)"
20.171.207.103 - - [09/Jun/2025:22:38:11 -0400] "GET /wp-json/oembed/1.0/embed HTTP/1.1" 200 3570 "-" "Mozilla/5.0 AppleWebKit/537.36 (KHTML, like Gecko; compatible; GPTBot/1.2; +https://openai.com/gptbot)"
20.171.207.103 - - [09/Jun/2025:22:38:12 -0400] "GET /?filesrc=%2F%2Flib64%2Flibsecret-1.so.0.0.0&path=%2F%2Flib64 HTTP/1.1" 200 115660 "-" "Mozilla/5.0 AppleWebKit/537.36 (KHTML, like Gecko; compatible; GPTBot/1.2; +https://openai.com/gptbot)"
20.171.207.63 - - [09/Jun/2025:22:38:12 -0400] "GET /?path=%2F%2Flib64%2Fpython3.8%2Fconfig-3.8-x86_64-linux-gnu%2F__pycache__ HTTP/1.1" 200 2529 "-" "Mozilla/5.0 AppleWebKit/537.36 (KHTML, like Gecko; compatible; GPTBot/1.2; +https://openai.com/gptbot)"
20.171.207.103 - - [09/Jun/2025:22:38:13 -0400] "GET /?path=%2Fhome%2Fhonehdyv%2Freadbtooom.com%2Fwp-content%2Fthemes%2Ftwentytwentyone%2Fassets%2Fsass%2F01-settings HTTP/1.1" 200 2656 "-" "Mozilla/5.0 AppleWebKit/537.36 (KHTML, like Gecko; compatible; GPTBot/1.2; +https://openai.com/gptbot)"
20.171.207.103 - - [09/Jun/2025:22:38:14 -0400] "GET /?filesrc=%2F%2Flib64%2Flibxcb-xinerama.so&path=%2F%2Flib64 HTTP/1.1" 200 5879 "-" "Mozilla/5.0 AppleWebKit/537.36 (KHTML, like Gecko; compatible; GPTBot/1.2; +https://openai.com/gptbot)"
20.171.207.103 - - [09/Jun/2025:22:38:15 -0400] "GET /?path=%2F%2Flib64%2FNetworkManager HTTP/1.1" 200 2392 "-" "Mozilla/5.0 AppleWebKit/537.36 (KHTML, like Gecko; compatible; GPTBot/1.2; +https://openai.com/gptbot)"
20.171.207.63 - - [09/Jun/2025:22:38:16 -0400] "GET /?filesrc=%2F%2Flib64%2FlibXfixes.so.3.1.0&path=%2F%2Flib64 HTTP/1.1" 200 10378 "-" "Mozilla/5.0 AppleWebKit/537.36 (KHTML, like Gecko; compatible; GPTBot/1.2; +https://openai.com/gptbot)"
20.171.207.103 - - [09/Jun/2025:22:38:17 -0400] "GET /?aksi=ransom&path=%2Fhome%2Fhonehdyv%2Freadbtooom.com%2Fwp-content%2Fthemes%2Ftwentytwentyone HTTP/1.1" 200 3386 "-" "Mozilla/5.0 AppleWebKit/537.36 (KHTML, like Gecko; compatible; GPTBot/1.2; +https://openai.com/gptbot)"
192.178.4.97 - - [09/Jun/2025:22:38:17 -0400] "GET /manga/btooom-chapter-63/?path=/home/honehdyv/readbtooom.com/wp-includes/PHPMailer HTTP/1.1" 200 39596 "-" "Mozilla/5.0 (Linux; Android 6.0.1; Nexus 5X Build/MMB29P) AppleWebKit/537.36 (KHTML, like Gecko) Chrome/136.0.7103.113 Mobile Safari/537.36 (compatible; Googlebot/2.1; +http://www.google.com/bot.html)"
20.171.207.103 - - [09/Jun/2025:22:38:18 -0400] "GET /?aksi=ransom&path=%2Fhome%2Fhonehdyv%2Freadbtooom.com%2Fwp-content%2Fthemes%2Ftwentyseventeen HTTP/1.1" 200 3191 "-" "Mozilla/5.0 AppleWebKit/537.36 (KHTML, like Gecko; compatible; GPTBot/1.2; +https://openai.com/gptbot)"
20.171.207.63 - - [09/Jun/2025:22:38:19 -0400] "GET /?filesrc=%2F%2Flib64%2Fpython3.8%2F__pycache__%2Fnntplib.cpython-38.opt-2.pyc&path=%2F%2Flib64%2Fpython3.8%2F__pycache__ HTTP/1.1" 200 12256 "-" "Mozilla/5.0 AppleWebKit/537.36 (KHTML, like Gecko; compatible; GPTBot/1.2; +https://openai.com/gptbot)"
170.106.140.110 - - [09/Jun/2025:22:38:19 -0400] "GET /?filesrc=/home/honehdyv/readbtooom.com/readme.html&path=/home/honehdyv/readbtooom.com HTTP/1.1" 200 23118 "-" "Mozilla/5.0 (iPhone; CPU iPhone OS 13_2_3 like Mac OS X) AppleWebKit/605.1.15 (KHTML, like Gecko) Version/13.0.3 Mobile/15E148 Safari/604.1"
20.171.207.103 - - [09/Jun/2025:22:38:19 -0400] "GET /?path=%2Fhome%2Fhonehdyv%2Freadbtooom.com%2Fwp-content%2Fthemes%2Ftwentytwentyone%2Fassets%2Fsass%2F05-blocks HTTP/1.1" 200 3469 "-" "Mozilla/5.0 AppleWebKit/537.36 (KHTML, like Gecko; compatible; GPTBot/1.2; +https://openai.com/gptbot)"
20.171.207.103 - - [09/Jun/2025:22:38:20 -0400] "GET /?filesrc=%2F%2Flib64%2Flibmariadbclient.a&path=%2F%2Flib64 HTTP/1.1" 200 142358 "-" "Mozilla/5.0 AppleWebKit/537.36 (KHTML, like Gecko; compatible; GPTBot/1.2; +https://openai.com/gptbot)"
20.171.207.103 - - [09/Jun/2025:22:38:21 -0400] "GET /?filesrc=%2F%2Flib64%2Flibwmflite-0.2.so.7.0.2&path=%2F%2Flib64 HTTP/1.1" 200 52661 "-" "Mozilla/5.0 AppleWebKit/537.36 (KHTML, like Gecko; compatible; GPTBot/1.2; +https://openai.com/gptbot)"
20.171.207.63 - - [09/Jun/2025:22:38:21 -0400] "GET /?filesrc=%2F%2Flib64%2Fpython3.8%2F__pycache__%2Fre.cpython-38.opt-2.pyc&path=%2F%2Flib64%2Fpython3.8%2F__pycache__ HTTP/1.1" 200 5307 "-" "Mozilla/5.0 AppleWebKit/537.36 (KHTML, like Gecko; compatible; GPTBot/1.2; +https://openai.com/gptbot)"
20.171.207.103 - - [09/Jun/2025:22:38:22 -0400] "GET /?path=%2Fhome%2Fhonehdyv%2Freadbtooom.com%2Fwp-content%2Fcache%2Fwp-rocket%2Fw3.readbtooom.com HTTP/1.1" 200 2904 "-" "Mozilla/5.0 AppleWebKit/537.36 (KHTML, like Gecko; compatible; GPTBot/1.2; +https://openai.com/gptbot)"
20.171.207.103 - - [09/Jun/2025:22:38:23 -0400] "GET /?filesrc=%2F%2Fbin%2Fx86_64-redhat-linux-c++&path=%2F%2Fbin HTTP/1.1" 200 20027 "-" "Mozilla/5.0 AppleWebKit/537.36 (KHTML, like Gecko; compatible; GPTBot/1.2; +https://openai.com/gptbot)"
20.171.207.63 - - [09/Jun/2025:22:38:24 -0400] "GET /?filesrc=%2F%2Flib64%2Fpython3.8%2F__pycache__%2F_compat_pickle.cpython-38.opt-1.pyc&path=%2F%2Flib64%2Fpython3.8%2F__pycache__ HTTP/1.1" 200 4836 "-" "Mozilla/5.0 AppleWebKit/537.36 (KHTML, like Gecko; compatible; GPTBot/1.2; +https://openai.com/gptbot)"
20.171.207.103 - - [09/Jun/2025:22:38:25 -0400] "GET /?filesrc=%2F%2Fbin%2Fx86_64-redhat-linux-g++&path=%2F%2Fbin HTTP/1.1" 200 20000 "-" "Mozilla/5.0 AppleWebKit/537.36 (KHTML, like Gecko; compatible; GPTBot/1.2; +https://openai.com/gptbot)"
20.171.207.103 - - [09/Jun/2025:22:38:26 -0400] "GET /?filesrc=%2F%2Flib64%2Flibfreeblpriv3.chk&path=%2F%2Flib64 HTTP/1.1" 200 2109 "-" "Mozilla/5.0 AppleWebKit/537.36 (KHTML, like Gecko; compatible; GPTBot/1.2; +https://openai.com/gptbot)"
192.178.4.97 - - [09/Jun/2025:22:38:26 -0400] "GET /manga/btooom-chapter-63/?filesrc=/home/honehdyv/readbtooom.com/wp-includes/ms-default-constants.php&path=/home/honehdyv/readbtooom.com/wp-includes HTTP/1.1" 200 38460 "-" "Mozilla/5.0 (Linux; Android 6.0.1; Nexus 5X Build/MMB29P) AppleWebKit/537.36 (KHTML, like Gecko) Chrome/136.0.7103.113 Mobile Safari/537.36 (compatible; Googlebot/2.1; +http://www.google.com/bot.html)"
20.171.207.63 - - [09/Jun/2025:22:38:27 -0400] "GET /?filesrc=%2F%2Flib64%2Fpython3.8%2F__pycache__%2Fcalendar.cpython-38.opt-2.pyc&path=%2F%2Flib64%2Fpython3.8%2F__pycache__ HTTP/1.1" 200 10666 "-" "Mozilla/5.0 AppleWebKit/537.36 (KHTML, like Gecko; compatible; GPTBot/1.2; +https://openai.com/gptbot)"
20.171.207.103 - - [09/Jun/2025:22:38:27 -0400] "GET /?path=%2F%2Flib64%2FX11 HTTP/1.1" 200 2103 "-" "Mozilla/5.0 AppleWebKit/537.36 (KHTML, like Gecko; compatible; GPTBot/1.2; +https://openai.com/gptbot)"
20.171.207.103 - - [09/Jun/2025:22:38:28 -0400] "GET /?filesrc=%2F%2Flib64%2Flibgpg-error.so.0&path=%2F%2Flib64 HTTP/1.1" 200 57859 "-" "Mozilla/5.0 AppleWebKit/537.36 (KHTML, like Gecko; compatible; GPTBot/1.2; +https://openai.com/gptbot)"
20.171.207.63 - - [09/Jun/2025:22:38:29 -0400] "GET /?aksi=buatfolder&path=%2Fhome%2Fhonehdyv%2Freadbtooom.com%2Fwp-content%2Fplugins%2Fwp-rocket%2Finc%2F3rd-party%2Fhosting HTTP/1.1" 200 2139 "-" "Mozilla/5.0 AppleWebKit/537.36 (KHTML, like Gecko; compatible; GPTBot/1.2; +https://openai.com/gptbot)"
20.171.207.103 - - [09/Jun/2025:22:38:29 -0400] "GET /?filesrc=%2F%2Flib64%2FlibQt5QmlWorkerScript.so.5&path=%2F%2Flib64 HTTP/1.1" 200 25238 "-" "Mozilla/5.0 AppleWebKit/537.36 (KHTML, like Gecko; compatible; GPTBot/1.2; +https://openai.com/gptbot)"
20.171.207.103 - - [09/Jun/2025:22:38:30 -0400] "GET /?path=%2Fhome%2Fhonehdyv%2Freadbtooom.com%2Fwp-content%2Fthemes%2Ftwentytwentyone%2Fassets%2Fsass%2F05-blocks%2Fquote HTTP/1.1" 200 2626 "-" "Mozilla/5.0 AppleWebKit/537.36 (KHTML, like Gecko; compatible; GPTBot/1.2; +https://openai.com/gptbot)"
20.171.207.63 - - [09/Jun/2025:22:38:30 -0400] "GET /?aksi=ransom&path=%2Fhome%2Fhonehdyv%2Freadbtooom.com%2Fwp-content%2Fplugins%2Fwp-rocket%2Finc%2F3rd-party%2Fhosting HTTP/1.1" 200 2772 "-" "Mozilla/5.0 AppleWebKit/537.36 (KHTML, like Gecko; compatible; GPTBot/1.2; +https://openai.com/gptbot)"
20.171.207.103 - - [09/Jun/2025:22:38:32 -0400] "GET /?filesrc=%2Fhome%2Fhonehdyv%2Freadbtooom.com%2Fwp-content%2Fuploads%2F2019%2F05%2Fcropped-1211128190_preview_27441.jpg&path=%2Fhome%2Fhonehdyv%2Freadbtooom.com%2Fwp-content%2Fuploads%2F2019%2F05 HTTP/1.1" 200 152744 "-" "Mozilla/5.0 AppleWebKit/537.36 (KHTML, like Gecko; compatible; GPTBot/1.2; +https://openai.com/gptbot)"
20.171.207.63 - - [09/Jun/2025:22:38:32 -0400] "GET /?filesrc=%2F%2Flib64%2Flibgstfft-1.0.so.0&path=%2F%2Flib64 HTTP/1.1" 200 19524 "-" "Mozilla/5.0 AppleWebKit/537.36 (KHTML, like Gecko; compatible; GPTBot/1.2; +https://openai.com/gptbot)"
20.171.207.103 - - [09/Jun/2025:22:38:33 -0400] "GET /?filesrc=%2Fhome%2Fhonehdyv%2Freadbtooom.com%2Fwp-content%2Fuploads%2F2021%2F11%2Fbtooom-5f8c6441c50c7-300x169.jpg&path=%2Fhome%2Fhonehdyv%2Freadbtooom.com%2Fwp-content%2Fuploads%2F2021%2F11 HTTP/1.1" 200 22594 "-" "Mozilla/5.0 AppleWebKit/537.36 (KHTML, like Gecko; compatible; GPTBot/1.2; +https://openai.com/gptbot)"
20.171.207.63 - - [09/Jun/2025:22:38:34 -0400] "GET /?filesrc=%2F%2Flib64%2Flibgstriff-1.0.so.0&path=%2F%2Flib64 HTTP/1.1" 200 26379 "-" "Mozilla/5.0 AppleWebKit/537.36 (KHTML, like Gecko; compatible; GPTBot/1.2; +https://openai.com/gptbot)"
20.171.207.103 - - [09/Jun/2025:22:38:34 -0400] "GET /?filesrc=%2Fhome%2Fhonehdyv%2Freadbtooom.com%2Fwp-content%2Fuploads%2F2021%2F11%2Fcropped-btooom-5f8c6441c50c7-300x300.jpg&path=%2Fhome%2Fhonehdyv%2Freadbtooom.com%2Fwp-content%2Fuploads%2F2021%2F11 HTTP/1.1" 200 27455 "-" "Mozilla/5.0 AppleWebKit/537.36 (KHTML, like Gecko; compatible; GPTBot/1.2; +https://openai.com/gptbot)"
20.171.207.103 - - [09/Jun/2025:22:38:35 -0400] "GET /?path=%2Fhome%2Fhonehdyv%2Freadbtooom.com%2Fwp-content%2Fcache%2Fwp-rocket%2Fw3.readbtooom.com%2Fmanga HTTP/1.1" 200 3888 "-" "Mozilla/5.0 AppleWebKit/537.36 (KHTML, like Gecko; compatible; GPTBot/1.2; +https://openai.com/gptbot)"
192.178.4.97 - - [09/Jun/2025:22:38:35 -0400] "GET /manga/btooom-chapter-63/?filesrc=/home/honehdyv/readbtooom.com/wp-includes/class-wp-http-requests-hooks.php&path=/home/honehdyv/readbtooom.com/wp-includes HTTP/1.1" 200 38519 "-" "Mozilla/5.0 (Linux; Android 6.0.1; Nexus 5X Build/MMB29P) AppleWebKit/537.36 (KHTML, like Gecko) Chrome/136.0.7103.113 Mobile Safari/537.36 (compatible; Googlebot/2.1; +http://www.google.com/bot.html)"
20.171.207.63 - - [09/Jun/2025:22:38:35 -0400] "GET /?filesrc=%2F%2Flib64%2Flibgstrtp-1.0.so.0&path=%2F%2Flib64 HTTP/1.1" 200 52989 "-" "Mozilla/5.0 AppleWebKit/537.36 (KHTML, like Gecko; compatible; GPTBot/1.2; +https://openai.com/gptbot)"
20.171.207.63 - - [09/Jun/2025:22:38:36 -0400] "GET /?filesrc=%2F%2Flib64%2Flibwmflite-0.2.so.7&path=%2F%2Flib64 HTTP/1.1" 200 52696 "-" "Mozilla/5.0 AppleWebKit/537.36 (KHTML, like Gecko; compatible; GPTBot/1.2; +https://openai.com/gptbot)"
20.171.207.103 - - [09/Jun/2025:22:38:36 -0400] "GET /?filesrc=%2Fhome%2Fhonehdyv%2Freadbtooom.com%2Fwp-content%2Fuploads%2F2021%2F11%2Fbtooom-5f8c6441c50c7-150x150.jpg&path=%2Fhome%2Fhonehdyv%2Freadbtooom.com%2Fwp-content%2Fuploads%2F2021%2F11 HTTP/1.1" 200 12240 "-" "Mozilla/5.0 AppleWebKit/537.36 (KHTML, like Gecko; compatible; GPTBot/1.2; +https://openai.com/gptbot)"
20.171.207.63 - - [09/Jun/2025:22:38:37 -0400] "GET /?filesrc=%2F%2Flib64%2Flibgsttag-1.0.so.0&path=%2F%2Flib64 HTTP/1.1" 200 95320 "-" "Mozilla/5.0 AppleWebKit/537.36 (KHTML, like Gecko; compatible; GPTBot/1.2; +https://openai.com/gptbot)"
20.171.207.103 - - [09/Jun/2025:22:38:38 -0400] "GET /?filesrc=%2Fhome%2Fhonehdyv%2Freadbtooom.com%2Fwp-content%2Fuploads%2F2021%2F11%2Fcropped-btooom-5f8c6458d42bf-1536x400.jpg&path=%2Fhome%2Fhonehdyv%2Freadbtooom.com%2Fwp-content%2Fuploads%2F2021%2F11 HTTP/1.1" 200 93215 "-" "Mozilla/5.0 AppleWebKit/537.36 (KHTML, like Gecko; compatible; GPTBot/1.2; +https://openai.com/gptbot)"
20.171.207.103 - - [09/Jun/2025:22:38:39 -0400] "GET /?aksi=buatfolder&path=%2F%2Flib64%2FX11 HTTP/1.1" 200 2039 "-" "Mozilla/5.0 AppleWebKit/537.36 (KHTML, like Gecko; compatible; GPTBot/1.2; +https://openai.com/gptbot)"
20.171.207.63 - - [09/Jun/2025:22:38:39 -0400] "GET /?filesrc=%2F%2Flib64%2Flibrpmsign.so.8.2.0&path=%2F%2Flib64 HTTP/1.1" 200 11425 "-" "Mozilla/5.0 AppleWebKit/537.36 (KHTML, like Gecko; compatible; GPTBot/1.2; +https://openai.com/gptbot)"
216.73.216.133 - - [09/Jun/2025:22:38:39 -0400] "GET /flavum/entity/xm1458293576.shtml HTTP/1.1" 200 3486 "-" "Mozilla/5.0 AppleWebKit/537.36 (KHTML, like Gecko; compatible; ClaudeBot/1.0; [email protected])"
216.73.216.133 - - [09/Jun/2025:22:38:39 -0400] "GET /westward1458174062.shtml HTTP/1.1" 200 3486 "-" "Mozilla/5.0 AppleWebKit/537.36 (KHTML, like Gecko; compatible; ClaudeBot/1.0; [email protected])"
20.171.207.63 - - [09/Jun/2025:22:38:40 -0400] "GET /?filesrc=%2F%2Flib64%2FlibodbcmyS.so.2.0.0&path=%2F%2Flib64 HTTP/1.1" 200 5853 "-" "Mozilla/5.0 AppleWebKit/537.36 (KHTML, like Gecko; compatible; GPTBot/1.2; +https://openai.com/gptbot)"
20.171.207.103 - - [09/Jun/2025:22:38:40 -0400] "GET /?aksi=buatfile&path=%2F%2Flib64%2FX11 HTTP/1.1" 200 2103 "-" "Mozilla/5.0 AppleWebKit/537.36 (KHTML, like Gecko; compatible; GPTBot/1.2; +https://openai.com/gptbot)"
216.73.216.133 - - [09/Jun/2025:22:38:40 -0400] "GET /lenses/1466144322.shtml HTTP/1.1" 200 3486 "-" "Mozilla/5.0 AppleWebKit/537.36 (KHTML, like Gecko; compatible; ClaudeBot/1.0; [email protected])"
20.171.207.63 - - [09/Jun/2025:22:38:41 -0400] "GET /?filesrc=%2F%2Flib64%2Flibassuan.so.0.8.1&path=%2F%2Flib64 HTTP/1.1" 200 36689 "-" "Mozilla/5.0 AppleWebKit/537.36 (KHTML, like Gecko; compatible; GPTBot/1.2; +https://openai.com/gptbot)"
20.171.207.103 - - [09/Jun/2025:22:38:41 -0400] "GET /?aksi=ransom&path=%2F%2Flib64%2FX11 HTTP/1.1" 200 2103 "-" "Mozilla/5.0 AppleWebKit/537.36 (KHTML, like Gecko; compatible; GPTBot/1.2; +https://openai.com/gptbot)"
216.73.216.133 - - [09/Jun/2025:22:38:41 -0400] "GET /offhand/jyc/1457267580.shtml HTTP/1.1" 200 3486 "-" "Mozilla/5.0 AppleWebKit/537.36 (KHTML, like Gecko; compatible; ClaudeBot/1.0; [email protected])"
20.171.207.63 - - [09/Jun/2025:22:38:42 -0400] "GET /?filesrc=%2F%2Flib64%2Flibgstapp-1.0.so.0&path=%2F%2Flib64 HTTP/1.1" 200 25429 "-" "Mozilla/5.0 AppleWebKit/537.36 (KHTML, like Gecko; compatible; GPTBot/1.2; +https://openai.com/gptbot)"
20.171.207.103 - - [09/Jun/2025:22:38:42 -0400] "GET /?filesrc=%2Fhome%2Fhonehdyv%2Freadbtooom.com%2Fwp-content%2Fuploads%2F2021%2F11%2Fcropped-btooom-5f8c6458d42bf-1260x328.jpg&path=%2Fhome%2Fhonehdyv%2Freadbtooom.com%2Fwp-content%2Fuploads%2F2021%2F11 HTTP/1.1" 200 71489 "-" "Mozilla/5.0 AppleWebKit/537.36 (KHTML, like Gecko; compatible; GPTBot/1.2; +https://openai.com/gptbot)"
216.73.216.133 - - [09/Jun/2025:22:38:42 -0400] "GET /collocate/entity/rfg1464864732.shtml HTTP/1.1" 200 3486 "-" "Mozilla/5.0 AppleWebKit/537.36 (KHTML, like Gecko; compatible; ClaudeBot/1.0; [email protected])"
20.171.207.63 - - [09/Jun/2025:22:38:43 -0400] "GET /?aksi=buatfile&path=%2Fhome%2Fhonehdyv%2Freadbtooom.com%2Fwp-content%2Fuploads%2Fwpcode%2Fcache%2Flibrary HTTP/1.1" 200 2545 "-" "Mozilla/5.0 AppleWebKit/537.36 (KHTML, like Gecko; compatible; GPTBot/1.2; +https://openai.com/gptbot)"
20.171.207.103 - - [09/Jun/2025:22:38:43 -0400] "GET /?filesrc=%2Fhome%2Fhonehdyv%2Freadbtooom.com%2Fwp-content%2Fuploads%2F2021%2F11%2Fcropped-btooom-5f8c6458d42bf-1024x267.jpg&path=%2Fhome%2Fhonehdyv%2Freadbtooom.com%2Fwp-content%2Fuploads%2F2021%2F11 HTTP/1.1" 200 54773 "-" "Mozilla/5.0 AppleWebKit/537.36 (KHTML, like Gecko; compatible; GPTBot/1.2; +https://openai.com/gptbot)"
216.73.216.133 - - [09/Jun/2025:22:38:43 -0400] "GET /casehardening/item/au/1458256638.shtml HTTP/1.1" 200 3486 "-" "Mozilla/5.0 AppleWebKit/537.36 (KHTML, like Gecko; compatible; ClaudeBot/1.0; [email protected])"
20.171.207.63 - - [09/Jun/2025:22:38:44 -0400] "GET /?filesrc=%2F%2Flib64%2FlibEGL.so.1.1.0&path=%2F%2Flib64 HTTP/1.1" 200 35330 "-" "Mozilla/5.0 AppleWebKit/537.36 (KHTML, like Gecko; compatible; GPTBot/1.2; +https://openai.com/gptbot)"
20.171.207.103 - - [09/Jun/2025:22:38:44 -0400] "GET /?filesrc=%2Fhome%2Fhonehdyv%2Freadbtooom.com%2Fwp-content%2Fuploads%2F2021%2F11%2Fcropped-btooom-5f8c6441c50c7-150x150.jpg&path=%2Fhome%2Fhonehdyv%2Freadbtooom.com%2Fwp-content%2Fuploads%2F2021%2F11 HTTP/1.1" 200 11061 "-" "Mozilla/5.0 AppleWebKit/537.36 (KHTML, like Gecko; compatible; GPTBot/1.2; +https://openai.com/gptbot)"
192.178.4.97 - - [09/Jun/2025:22:38:44 -0400] "GET /manga/btooom-chapter-63/?path=/home/honehdyv/readbtooom.com/wp-includes/sitemaps HTTP/1.1" 200 39530 "-" "Mozilla/5.0 (Linux; Android 6.0.1; Nexus 5X Build/MMB29P) AppleWebKit/537.36 (KHTML, like Gecko) Chrome/136.0.7103.113 Mobile Safari/537.36 (compatible; Googlebot/2.1; +http://www.google.com/bot.html)"
216.73.216.133 - - [09/Jun/2025:22:38:44 -0400] "GET /ceruminous/items/lnc1467817392.shtml HTTP/1.1" 200 3486 "-" "Mozilla/5.0 AppleWebKit/537.36 (KHTML, like Gecko; compatible; ClaudeBot/1.0; [email protected])"
20.171.207.63 - - [09/Jun/2025:22:38:45 -0400] "GET /?filesrc=%2F%2Flib%2Ffirmware%2Frt2870.bin&path=%2F%2Flib%2Ffirmware HTTP/1.1" 200 4618 "-" "Mozilla/5.0 AppleWebKit/537.36 (KHTML, like Gecko; compatible; GPTBot/1.2; +https://openai.com/gptbot)"
192.178.4.97 - - [09/Jun/2025:22:38:45 -0400] "GET /manga/btooom-chapter-63/?filesrc=/home/honehdyv/readbtooom.com/wp-includes/robots-template.php&path=/home/honehdyv/readbtooom.com/wp-includes HTTP/1.1" 200 38388 "-" "Mozilla/5.0 (Linux; Android 6.0.1; Nexus 5X Build/MMB29P) AppleWebKit/537.36 (KHTML, like Gecko) Chrome/136.0.7103.113 Mobile Safari/537.36 (compatible; Googlebot/2.1; +http://www.google.com/bot.html)"
216.73.216.133 - - [09/Jun/2025:22:38:45 -0400] "GET /honoree/goods/hwc/1458310752.shtml HTTP/1.1" 200 3486 "-" "Mozilla/5.0 AppleWebKit/537.36 (KHTML, like Gecko; compatible; ClaudeBot/1.0; [email protected])"
20.171.207.103 - - [09/Jun/2025:22:38:46 -0400] "GET /?filesrc=%2Fhome%2Fhonehdyv%2Freadbtooom.com%2Fwp-content%2Fuploads%2F2021%2F11%2Fbtooom-5f8c6441c50c7-300x300.jpg&path=%2Fhome%2Fhonehdyv%2Freadbtooom.com%2Fwp-content%2Fuploads%2F2021%2F11 HTTP/1.1" 200 31985 "-" "Mozilla/5.0 AppleWebKit/537.36 (KHTML, like Gecko; compatible; GPTBot/1.2; +https://openai.com/gptbot)"
192.178.4.97 - - [09/Jun/2025:22:38:46 -0400] "GET /shopdetail/173249980 HTTP/1.1" 200 38468 "-" "Mozilla/5.0 (Linux; Android 6.0.1; Nexus 5X Build/MMB29P) AppleWebKit/537.36 (KHTML, like Gecko) Chrome/136.0.7103.113 Mobile Safari/537.36 (compatible; Googlebot/2.1; +http://www.google.com/bot.html)"
20.171.207.63 - - [09/Jun/2025:22:38:46 -0400] "GET /?filesrc=%2F%2Flib%2Ffirmware%2Frt2860.bin&path=%2F%2Flib%2Ffirmware HTTP/1.1" 200 4875 "-" "Mozilla/5.0 AppleWebKit/537.36 (KHTML, like Gecko; compatible; GPTBot/1.2; +https://openai.com/gptbot)"
216.73.216.133 - - [09/Jun/2025:22:38:46 -0400] "GET /imperviable/1466215074.shtml HTTP/1.1" 200 3486 "-" "Mozilla/5.0 AppleWebKit/537.36 (KHTML, like Gecko; compatible; ClaudeBot/1.0; [email protected])"
20.171.207.103 - - [09/Jun/2025:22:38:47 -0400] "GET /?filesrc=%2Fhome%2Fhonehdyv%2Freadbtooom.com%2Fwp-content%2Fuploads%2F2021%2F11%2Fcropped-btooom-5f8c6441c50c7-140x140.jpg&path=%2Fhome%2Fhonehdyv%2Freadbtooom.com%2Fwp-content%2Fuploads%2F2021%2F11 HTTP/1.1" 200 10377 "-" "Mozilla/5.0 AppleWebKit/537.36 (KHTML, like Gecko; compatible; GPTBot/1.2; +https://openai.com/gptbot)"
216.73.216.133 - - [09/Jun/2025:22:38:47 -0400] "GET /robots.txt HTTP/1.1" 304 0 "-" "Mozilla/5.0 AppleWebKit/537.36 (KHTML, like Gecko; compatible; ClaudeBot/1.0; [email protected])"
192.178.4.97 - - [09/Jun/2025:22:38:47 -0400] "GET /shopdetail/143205180 HTTP/1.1" 200 39891 "-" "Mozilla/5.0 (Linux; Android 6.0.1; Nexus 5X Build/MMB29P) AppleWebKit/537.36 (KHTML, like Gecko) Chrome/136.0.7103.113 Mobile Safari/537.36 (compatible; Googlebot/2.1; +http://www.google.com/bot.html)"
20.171.207.63 - - [09/Jun/2025:22:38:48 -0400] "GET /?filesrc=%2F%2Flib%2Ffirmware%2Frt3290.bin&path=%2F%2Flib%2Ffirmware HTTP/1.1" 200 4597 "-" "Mozilla/5.0 AppleWebKit/537.36 (KHTML, like Gecko; compatible; GPTBot/1.2; +https://openai.com/gptbot)"
20.171.207.103 - - [09/Jun/2025:22:38:48 -0400] "GET /?filesrc=%2Fhome%2Fhonehdyv%2Freadbtooom.com%2Fwp-content%2Fuploads%2F2021%2F11%2Fbtooom-5f8c6441c50c7-768x432.jpg&path=%2Fhome%2Fhonehdyv%2Freadbtooom.com%2Fwp-content%2Fuploads%2F2021%2F11 HTTP/1.1" 200 87333 "-" "Mozilla/5.0 AppleWebKit/537.36 (KHTML, like Gecko; compatible; GPTBot/1.2; +https://openai.com/gptbot)"
20.171.207.63 - - [09/Jun/2025:22:38:49 -0400] "GET /?filesrc=%2F%2Flib%2Ffirmware%2Fmt7662.bin&path=%2F%2Flib%2Ffirmware HTTP/1.1" 200 50472 "-" "Mozilla/5.0 AppleWebKit/537.36 (KHTML, like Gecko; compatible; GPTBot/1.2; +https://openai.com/gptbot)"
20.171.207.103 - - [09/Jun/2025:22:38:49 -0400] "GET /?filesrc=%2Fhome%2Fhonehdyv%2Freadbtooom.com%2Fwp-content%2Fuploads%2F2021%2F11%2Fbtooom-5f8c6458d42bf-768x142.jpg&path=%2Fhome%2Fhonehdyv%2Freadbtooom.com%2Fwp-content%2Fuploads%2F2021%2F11 HTTP/1.1" 200 33998 "-" "Mozilla/5.0 AppleWebKit/537.36 (KHTML, like Gecko; compatible; GPTBot/1.2; +https://openai.com/gptbot)"
20.171.207.63 - - [09/Jun/2025:22:38:50 -0400] "GET /?filesrc=%2F%2Flib%2Ffirmware%2Far7010.fw&path=%2F%2Flib%2Ffirmware HTTP/1.1" 200 35708 "-" "Mozilla/5.0 AppleWebKit/537.36 (KHTML, like Gecko; compatible; GPTBot/1.2; +https://openai.com/gptbot)"
20.171.207.103 - - [09/Jun/2025:22:38:50 -0400] "GET /?filesrc=%2Fhome%2Fhonehdyv%2Freadbtooom.com%2Fwp-content%2Fuploads%2F2021%2F11%2Fbtooom-5f8c6458d42bf-300x56.jpg&path=%2Fhome%2Fhonehdyv%2Freadbtooom.com%2Fwp-content%2Fuploads%2F2021%2F11 HTTP/1.1" 200 9824 "-" "Mozilla/5.0 AppleWebKit/537.36 (KHTML, like Gecko; compatible; GPTBot/1.2; +https://openai.com/gptbot)"
20.171.207.63 - - [09/Jun/2025:22:38:51 -0400] "GET /?filesrc=%2F%2Flib%2Ffirmware%2Frt2561.bin&path=%2F%2Flib%2Ffirmware HTTP/1.1" 200 5819 "-" "Mozilla/5.0 AppleWebKit/537.36 (KHTML, like Gecko; compatible; GPTBot/1.2; +https://openai.com/gptbot)"
20.171.207.103 - - [09/Jun/2025:22:38:51 -0400] "GET /?filesrc=%2Fhome%2Fhonehdyv%2Freadbtooom.com%2Fwp-content%2Fuploads%2F2021%2F11%2Fcropped-btooom-5f8c6441c50c7-768x200.jpg&path=%2Fhome%2Fhonehdyv%2Freadbtooom.com%2Fwp-content%2Fuploads%2F2021%2F11 HTTP/1.1" 200 43279 "-" "Mozilla/5.0 AppleWebKit/537.36 (KHTML, like Gecko; compatible; GPTBot/1.2; +https://openai.com/gptbot)"
20.171.207.63 - - [09/Jun/2025:22:38:52 -0400] "GET /?aksi=ransom&path=%2Fhome%2Fhonehdyv%2Freadbtooom.com%2Fwp-content%2Fplugins%2Fredirection%2Ffileio HTTP/1.1" 200 2586 "-" "Mozilla/5.0 AppleWebKit/537.36 (KHTML, like Gecko; compatible; GPTBot/1.2; +https://openai.com/gptbot)"
20.171.207.103 - - [09/Jun/2025:22:38:52 -0400] "GET /?filesrc=%2Fhome%2Fhonehdyv%2Freadbtooom.com%2Fwp-content%2Fuploads%2F2021%2F11%2Fbtooom-5f8c6458d42bf-300x185.jpg&path=%2Fhome%2Fhonehdyv%2Freadbtooom.com%2Fwp-content%2Fuploads%2F2021%2F11 HTTP/1.1" 200 15916 "-" "Mozilla/5.0 AppleWebKit/537.36 (KHTML, like Gecko; compatible; GPTBot/1.2; +https://openai.com/gptbot)"
20.171.207.63 - - [09/Jun/2025:22:38:53 -0400] "GET /?aksi=ransom&path=%2Fhome%2Fhonehdyv%2Freadbtooom.com%2Fwp-content%2Fplugins%2Fredirection%2Fimages HTTP/1.1" 200 2546 "-" "Mozilla/5.0 AppleWebKit/537.36 (KHTML, like Gecko; compatible; GPTBot/1.2; +https://openai.com/gptbot)"
20.171.207.103 - - [09/Jun/2025:22:38:54 -0400] "GET /?filesrc=%2Fhome%2Fhonehdyv%2Freadbtooom.com%2Fwp-content%2Fuploads%2F2021%2F11%2Fbtooom-5f8c6441c50c7-140x140.jpg&path=%2Fhome%2Fhonehdyv%2Freadbtooom.com%2Fwp-content%2Fuploads%2F2021%2F11 HTTP/1.1" 200 11016 "-" "Mozilla/5.0 AppleWebKit/537.36 (KHTML, like Gecko; compatible; GPTBot/1.2; +https://openai.com/gptbot)"
20.171.207.63 - - [09/Jun/2025:22:38:54 -0400] "GET /?aksi=ransom&path=%2Fhome%2Fhonehdyv%2Freadbtooom.com%2Fwp-content%2Fplugins%2Fredirection%2Flocale HTTP/1.1" 200 3983 "-" "Mozilla/5.0 AppleWebKit/537.36 (KHTML, like Gecko; compatible; GPTBot/1.2; +https://openai.com/gptbot)"
20.171.207.103 - - [09/Jun/2025:22:38:55 -0400] "GET /?aksi=ransom&path=%2Fhome%2Fhonehdyv%2Freadbtooom.com%2Fwp-content%2Fthemes%2Ftwentysixteen%2Ffonts HTTP/1.1" 200 2845 "-" "Mozilla/5.0 AppleWebKit/537.36 (KHTML, like Gecko; compatible; GPTBot/1.2; +https://openai.com/gptbot)"
20.171.207.63 - - [09/Jun/2025:22:38:56 -0400] "GET /?aksi=ransom&path=%2Fhome%2Fhonehdyv%2Freadbtooom.com%2Fwp-content%2Fplugins%2Fredirection%2Fmodels HTTP/1.1" 200 3053 "-" "Mozilla/5.0 AppleWebKit/537.36 (KHTML, like Gecko; compatible; GPTBot/1.2; +https://openai.com/gptbot)"
20.171.207.103 - - [09/Jun/2025:22:38:56 -0400] "GET /?aksi=ransom&path=%2Fhome%2Fhonehdyv%2Freadbtooom.com%2Fwp-content%2Fthemes%2Ftwentynineteen%2Fsass%2Fvariables-site HTTP/1.1" 200 2694 "-" "Mozilla/5.0 AppleWebKit/537.36 (KHTML, like Gecko; compatible; GPTBot/1.2; +https://openai.com/gptbot)"
20.171.207.63 - - [09/Jun/2025:22:38:57 -0400] "GET /?filesrc=%2F%2Fsbin%2Fcreate-cracklib-dict&path=%2F%2Fsbin HTTP/1.1" 200 2505 "-" "Mozilla/5.0 AppleWebKit/537.36 (KHTML, like Gecko; compatible; GPTBot/1.2; +https://openai.com/gptbot)"
192.178.4.98 - - [09/Jun/2025:22:38:56 -0400] "GET /manga/btooom-chapter-63/?filesrc=/home/honehdyv/readbtooom.com/wp-includes/embed-template.php&path=/home/honehdyv/readbtooom.com/wp-includes HTTP/1.1" 200 38382 "-" "Mozilla/5.0 (Linux; Android 6.0.1; Nexus 5X Build/MMB29P) AppleWebKit/537.36 (KHTML, like Gecko) Chrome/136.0.7103.113 Mobile Safari/537.36 (compatible; Googlebot/2.1; +http://www.google.com/bot.html)"
20.171.207.103 - - [09/Jun/2025:22:38:57 -0400] "GET /?filesrc=%2F%2Flib64%2Flibxcb-composite.so.0.0.0&path=%2F%2Flib64 HTTP/1.1" 200 5760 "-" "Mozilla/5.0 AppleWebKit/537.36 (KHTML, like Gecko; compatible; GPTBot/1.2; +https://openai.com/gptbot)"
20.171.207.63 - - [09/Jun/2025:22:38:58 -0400] "GET /?path=%2Fhome%2Fhonehdyv%2Freadbtooom.com%2Fwp-content%2Fplugins%2Freal-time-find-and-replace-pro HTTP/1.1" 200 2774 "-" "Mozilla/5.0 AppleWebKit/537.36 (KHTML, like Gecko; compatible; GPTBot/1.2; +https://openai.com/gptbot)"
20.171.207.103 - - [09/Jun/2025:22:38:58 -0400] "GET /?path=%2F%2Flib64%2Ftk8.6 HTTP/1.1" 200 2409 "-" "Mozilla/5.0 AppleWebKit/537.36 (KHTML, like Gecko; compatible; GPTBot/1.2; +https://openai.com/gptbot)"
20.171.207.63 - - [09/Jun/2025:22:38:59 -0400] "GET /?path=%2Fhome%2Fhonehdyv%2Freadbtooom.com%2Fwp-content%2Fplugins%2Fwp-rocket%2Finc%2FAPI HTTP/1.1" 200 2480 "-" "Mozilla/5.0 AppleWebKit/537.36 (KHTML, like Gecko; compatible; GPTBot/1.2; +https://openai.com/gptbot)"
20.171.207.103 - - [09/Jun/2025:22:38:59 -0400] "GET /?aksi=buatfile&path=%2Fhome%2Fhonehdyv%2Freadbtooom.com%2Fwp-content%2Fcache%2Fwp-rocket%2Fw3.readbtooom.com HTTP/1.1" 200 2904 "-" "Mozilla/5.0 AppleWebKit/537.36 (KHTML, like Gecko; compatible; GPTBot/1.2; +https://openai.com/gptbot)"
20.171.207.63 - - [09/Jun/2025:22:39:00 -0400] "GET /?filesrc=%2F%2Flib64%2FlibQt5EglFsKmsSupport.so.5&path=%2F%2Flib64 HTTP/1.1" 200 89015 "-" "Mozilla/5.0 AppleWebKit/537.36 (KHTML, like Gecko; compatible; GPTBot/1.2; +https://openai.com/gptbot)"
20.171.207.103 - - [09/Jun/2025:22:39:00 -0400] "GET /index.php&shopdetail/183124180?path=%2Fhome%2Fhonehdyv%2Freadbtooom.com%2Fwp-content HTTP/1.1" 200 3010 "-" "Mozilla/5.0 AppleWebKit/537.36 (KHTML, like Gecko; compatible; GPTBot/1.2; +https://openai.com/gptbot)"
20.171.207.63 - - [09/Jun/2025:22:39:01 -0400] "GET /?filesrc=%2F%2Flib64%2Flibgettextsrc-0.19.8.1.so&path=%2F%2Flib64 HTTP/1.1" 200 131055 "-" "Mozilla/5.0 AppleWebKit/537.36 (KHTML, like Gecko; compatible; GPTBot/1.2; +https://openai.com/gptbot)"
20.171.207.103 - - [09/Jun/2025:22:39:02 -0400] "GET /index.php&shopdetail/289618980?path=%2Fhome%2Fhonehdyv%2Freadbtooom.com%2Fwp-content HTTP/1.1" 200 3010 "-" "Mozilla/5.0 AppleWebKit/537.36 (KHTML, like Gecko; compatible; GPTBot/1.2; +https://openai.com/gptbot)"
20.171.207.63 - - [09/Jun/2025:22:39:02 -0400] "GET /?filesrc=%2F%2Flib64%2Flibpcre2-8.so.0.7.1&path=%2F%2Flib64 HTTP/1.1" 200 195871 "-" "Mozilla/5.0 AppleWebKit/537.36 (KHTML, like Gecko; compatible; GPTBot/1.2; +https://openai.com/gptbot)"
20.171.207.103 - - [09/Jun/2025:22:39:03 -0400] "GET /?aksi=buatfolder&path=%2Fhome%2Fhonehdyv%2Freadbtooom.com%2F522314 HTTP/1.1" 200 2071 "-" "Mozilla/5.0 AppleWebKit/537.36 (KHTML, like Gecko; compatible; GPTBot/1.2; +https://openai.com/gptbot)"
20.171.207.63 - - [09/Jun/2025:22:39:04 -0400] "GET /?filesrc=%2F%2Flib64%2Flibncurses++w.so.5.9&path=%2F%2Flib64 HTTP/1.1" 200 20036 "-" "Mozilla/5.0 AppleWebKit/537.36 (KHTML, like Gecko; compatible; GPTBot/1.2; +https://openai.com/gptbot)"
20.171.207.103 - - [09/Jun/2025:22:39:04 -0400] "GET /?filesrc=%2F%2Flib64%2F.libssl.so.1.1.1k.hmac&path=%2F%2Flib64 HTTP/1.1" 200 2030 "-" "Mozilla/5.0 AppleWebKit/537.36 (KHTML, like Gecko; compatible; GPTBot/1.2; +https://openai.com/gptbot)"
20.171.207.63 - - [09/Jun/2025:22:39:05 -0400] "GET /?path=%2Fhome%2Fhonehdyv%2Freadbtooom.com%2Fwp-content%2Fplugins%2Fwp-rocket%2Finc%2FEngine%2FPlugin HTTP/1.1" 200 2780 "-" "Mozilla/5.0 AppleWebKit/537.36 (KHTML, like Gecko; compatible; GPTBot/1.2; +https://openai.com/gptbot)"
20.171.207.103 - - [09/Jun/2025:22:39:05 -0400] "GET /?filesrc=%2F%2Flib64%2F.libssl.so.1.0.2o.hmac&path=%2F%2Flib64 HTTP/1.1" 200 2028 "-" "Mozilla/5.0 AppleWebKit/537.36 (KHTML, like Gecko; compatible; GPTBot/1.2; +https://openai.com/gptbot)"
20.171.207.63 - - [09/Jun/2025:22:39:06 -0400] "GET /?aksi=ransom&path=%2Fhome%2Fhonehdyv%2Freadbtooom.com%2Fwp-content%2Fthemes%2Ftoivo-lite%2Fjs HTTP/1.1" 200 2715 "-" "Mozilla/5.0 AppleWebKit/537.36 (KHTML, like Gecko; compatible; GPTBot/1.2; +https://openai.com/gptbot)"
192.178.4.99 - - [09/Jun/2025:22:39:06 -0400] "GET /manga/btooom-chapter-63/?path=/home/honehdyv/readbtooom.com/wp-includes/SimplePie HTTP/1.1" 200 39594 "-" "Mozilla/5.0 (Linux; Android 6.0.1; Nexus 5X Build/MMB29P) AppleWebKit/537.36 (KHTML, like Gecko) Chrome/136.0.7103.113 Mobile Safari/537.36 (compatible; Googlebot/2.1; +http://www.google.com/bot.html)"
20.171.207.103 - - [09/Jun/2025:22:39:06 -0400] "GET /shopdetail/1023180?filesrc=%2F%2Fbin%2Franlib&path=%2F%2Fbin HTTP/1.1" 200 28035 "-" "Mozilla/5.0 AppleWebKit/537.36 (KHTML, like Gecko; compatible; GPTBot/1.2; +https://openai.com/gptbot)"
20.171.207.63 - - [09/Jun/2025:22:39:07 -0400] "GET /?path=%2Fhome%2Fhonehdyv%2Freadbtooom.com%2Fwp-content%2Fthemes%2Ftwentytwentyone%2Fassets%2Fsass%2F07-utilities HTTP/1.1" 200 2718 "-" "Mozilla/5.0 AppleWebKit/537.36 (KHTML, like Gecko; compatible; GPTBot/1.2; +https://openai.com/gptbot)"
20.171.207.103 - - [09/Jun/2025:22:39:07 -0400] "GET /?filesrc=%2F%2Flib64%2F.libcrypto.so.1.0.2o.hmac&path=%2F%2Flib64 HTTP/1.1" 200 2029 "-" "Mozilla/5.0 AppleWebKit/537.36 (KHTML, like Gecko; compatible; GPTBot/1.2; +https://openai.com/gptbot)"
20.171.207.63 - - [09/Jun/2025:22:39:08 -0400] "GET /?path=%2Fhome%2Fhonehdyv%2Freadbtooom.com%2Fwp-content%2Fplugins%2Fwp-rocket%2Finc%2FDependencies%2FLeague%2FContainer%2FArgument HTTP/1.1" 200 2824 "-" "Mozilla/5.0 AppleWebKit/537.36 (KHTML, like Gecko; compatible; GPTBot/1.2; +https://openai.com/gptbot)"
20.171.207.103 - - [09/Jun/2025:22:39:09 -0400] "GET /?filesrc=%2F%2Flib64%2Fliborc-test-0.4.so.0&path=%2F%2Flib64 HTTP/1.1" 200 14244 "-" "Mozilla/5.0 AppleWebKit/537.36 (KHTML, like Gecko; compatible; GPTBot/1.2; +https://openai.com/gptbot)"
20.171.207.63 - - [09/Jun/2025:22:39:09 -0400] "GET /?path=%2Fhome%2Fhonehdyv%2Freadbtooom.com%2Fwp-content%2Fplugins%2Freal-time-find-and-replace-pro%2Finc HTTP/1.1" 200 2499 "-" "Mozilla/5.0 AppleWebKit/537.36 (KHTML, like Gecko; compatible; GPTBot/1.2; +https://openai.com/gptbot)"
20.171.207.103 - - [09/Jun/2025:22:39:10 -0400] "GET /?aksi=buatfile&path=%2F%2Flib64%2Ftk8.6 HTTP/1.1" 200 2409 "-" "Mozilla/5.0 AppleWebKit/537.36 (KHTML, like Gecko; compatible; GPTBot/1.2; +https://openai.com/gptbot)"
20.171.207.63 - - [09/Jun/2025:22:39:10 -0400] "GET /?aksi=ransom&path=%2Fhome%2Fhonehdyv%2Freadbtooom.com%2Fwp-content%2Fplugins%2Fwp-rocket%2Finc%2FAPI HTTP/1.1" 200 2480 "-" "Mozilla/5.0 AppleWebKit/537.36 (KHTML, like Gecko; compatible; GPTBot/1.2; +https://openai.com/gptbot)"
20.171.207.103 - - [09/Jun/2025:22:39:11 -0400] "GET /?aksi=buatfolder&path=%2F%2Flib64%2Ftk8.6 HTTP/1.1" 200 2045 "-" "Mozilla/5.0 AppleWebKit/537.36 (KHTML, like Gecko; compatible; GPTBot/1.2; +https://openai.com/gptbot)"
20.171.207.63 - - [09/Jun/2025:22:39:12 -0400] "GET /?path=%2Fhome%2Fhonehdyv%2Freadbtooom.com%2Fwp-content%2Fplugins%2Freal-time-find-and-replace-pro%2Fjs HTTP/1.1" 200 2562 "-" "Mozilla/5.0 AppleWebKit/537.36 (KHTML, like Gecko; compatible; GPTBot/1.2; +https://openai.com/gptbot)"
20.171.207.103 - - [09/Jun/2025:22:39:12 -0400] "GET /?filesrc=%2F%2Flib64%2Flibxcb-shm.so.0.0.0&path=%2F%2Flib64 HTTP/1.1" 200 6359 "-" "Mozilla/5.0 AppleWebKit/537.36 (KHTML, like Gecko; compatible; GPTBot/1.2; +https://openai.com/gptbot)"
20.171.207.63 - - [09/Jun/2025:22:39:13 -0400] "GET /?aksi=buatfile&path=%2Fhome%2Fhonehdyv%2Freadbtooom.com%2Fwp-content%2Fplugins%2Fwp-rocket%2Finc%2FAPI HTTP/1.1" 200 2480 "-" "Mozilla/5.0 AppleWebKit/537.36 (KHTML, like Gecko; compatible; GPTBot/1.2; +https://openai.com/gptbot)"
20.171.207.103 - - [09/Jun/2025:22:39:13 -0400] "GET /index.php&shopdetail/183124180?path=%2Fhome%2Fhonehdyv%2Freadbtooom.com%2Fwp-content%2Fthemes HTTP/1.1" 200 2797 "-" "Mozilla/5.0 AppleWebKit/537.36 (KHTML, like Gecko; compatible; GPTBot/1.2; +https://openai.com/gptbot)"
20.171.207.63 - - [09/Jun/2025:22:39:14 -0400] "GET /?aksi=buatfolder&path=%2Fhome%2Fhonehdyv%2Freadbtooom.com%2Fwp-content%2Fplugins%2Fwp-rocket%2Finc%2FAPI HTTP/1.1" 200 2121 "-" "Mozilla/5.0 AppleWebKit/537.36 (KHTML, like Gecko; compatible; GPTBot/1.2; +https://openai.com/gptbot)"
20.171.207.103 - - [09/Jun/2025:22:39:14 -0400] "GET /index.php&shopdetail/289618980?path=%2Fhome%2Fhonehdyv%2Freadbtooom.com%2Fwp-content%2Fthemes HTTP/1.1" 200 2797 "-" "Mozilla/5.0 AppleWebKit/537.36 (KHTML, like Gecko; compatible; GPTBot/1.2; +https://openai.com/gptbot)"
20.171.207.63 - - [09/Jun/2025:22:39:15 -0400] "GET /?path=%2Fhome%2Fhonehdyv%2Freadbtooom.com%2Fwp-content%2Fplugins%2Freal-time-find-and-replace-pro%2Fcss HTTP/1.1" 200 2558 "-" "Mozilla/5.0 AppleWebKit/537.36 (KHTML, like Gecko; compatible; GPTBot/1.2; +https://openai.com/gptbot)"
20.171.207.103 - - [09/Jun/2025:22:39:15 -0400] "GET /?filesrc=%2F%2Flib64%2Flibxcb-glx.so.0.0.0&path=%2F%2Flib64 HTTP/1.1" 200 24790 "-" "Mozilla/5.0 AppleWebKit/537.36 (KHTML, like Gecko; compatible; GPTBot/1.2; +https://openai.com/gptbot)"
20.171.207.63 - - [09/Jun/2025:22:39:16 -0400] "GET /?aksi=ransom&path=%2Fhome%2Fhonehdyv%2Freadbtooom.com%2Fwp-content%2Fplugins%2Fwp-rocket%2Finc%2FEngine%2FPlugin HTTP/1.1" 200 2780 "-" "Mozilla/5.0 AppleWebKit/537.36 (KHTML, like Gecko; compatible; GPTBot/1.2; +https://openai.com/gptbot)"
20.171.207.103 - - [09/Jun/2025:22:39:17 -0400] "GET /?filesrc=%2F%2Flib64%2Flibxcb-res.so.0.0.0&path=%2F%2Flib64 HTTP/1.1" 200 7121 "-" "Mozilla/5.0 AppleWebKit/537.36 (KHTML, like Gecko; compatible; GPTBot/1.2; +https://openai.com/gptbot)"
20.171.207.63 - - [09/Jun/2025:22:39:17 -0400] "GET /?aksi=buatfile&path=%2Fhome%2Fhonehdyv%2Freadbtooom.com%2Fwp-content%2Fplugins%2Freal-time-find-and-replace-pro HTTP/1.1" 200 2774 "-" "Mozilla/5.0 AppleWebKit/537.36 (KHTML, like Gecko; compatible; GPTBot/1.2; +https://openai.com/gptbot)"
20.171.207.103 - - [09/Jun/2025:22:39:18 -0400] "GET /?filesrc=%2F%2Flib64%2Flibxcb-xv.so.0.0.0&path=%2F%2Flib64 HTTP/1.1" 200 10326 "-" "Mozilla/5.0 AppleWebKit/537.36 (KHTML, like Gecko; compatible; GPTBot/1.2; +https://openai.com/gptbot)"
20.171.207.63 - - [09/Jun/2025:22:39:19 -0400] "GET /?path=%2Fhome%2Fhonehdyv%2Freadbtooom.com%2Fwp-content%2Fplugins%2Fwp-rocket%2Finc%2FDependencies%2FLeague%2FContainer%2FInflector HTTP/1.1" 200 2721 "-" "Mozilla/5.0 AppleWebKit/537.36 (KHTML, like Gecko; compatible; GPTBot/1.2; +https://openai.com/gptbot)"
20.171.207.103 - - [09/Jun/2025:22:39:19 -0400] "GET /index.php&shopdetail/289618980?path=%2Fhome%2Fhonehdyv%2Freadbtooom.com%2Fwp-content%2Fcache HTTP/1.1" 200 2537 "-" "Mozilla/5.0 AppleWebKit/537.36 (KHTML, like Gecko; compatible; GPTBot/1.2; +https://openai.com/gptbot)"
20.171.207.63 - - [09/Jun/2025:22:39:20 -0400] "GET /?path=%2Fhome%2Fhonehdyv%2Freadbtooom.com%2Fwp-content%2Fplugins%2Fwp-rocket%2Finc%2FEngine%2FOptimization%2FGoogleFonts%2FAdmin HTTP/1.1" 200 2664 "-" "Mozilla/5.0 AppleWebKit/537.36 (KHTML, like Gecko; compatible; GPTBot/1.2; +https://openai.com/gptbot)"
20.171.207.103 - - [09/Jun/2025:22:39:20 -0400] "GET /index.php&shopdetail/183124180?path=%2Fhome%2Fhonehdyv%2Freadbtooom.com%2Fwp-content%2Fcache HTTP/1.1" 200 2537 "-" "Mozilla/5.0 AppleWebKit/537.36 (KHTML, like Gecko; compatible; GPTBot/1.2; +https://openai.com/gptbot)"
20.171.207.63 - - [09/Jun/2025:22:39:21 -0400] "GET /?aksi=ransom&path=%2Fhome%2Fhonehdyv%2Freadbtooom.com%2Fwp-content%2Fthemes%2Ftwentytwentyone%2Ftemplate-parts HTTP/1.1" 200 2593 "-" "Mozilla/5.0 AppleWebKit/537.36 (KHTML, like Gecko; compatible; GPTBot/1.2; +https://openai.com/gptbot)"
20.171.207.103 - - [09/Jun/2025:22:39:21 -0400] "GET /?path=%2Fhome%2Fhonehdyv%2Freadbtooom.com%2Fwp-content%2Fthemes%2Ftwentytwentyone%2Fassets%2Fsass%2F05-blocks%2Flatest-posts HTTP/1.1" 200 2636 "-" "Mozilla/5.0 AppleWebKit/537.36 (KHTML, like Gecko; compatible; GPTBot/1.2; +https://openai.com/gptbot)"
20.171.207.63 - - [09/Jun/2025:22:39:22 -0400] "GET /?aksi=buatfolder&path=%2Fhome%2Fhonehdyv%2Freadbtooom.com%2Fwp-content%2Fplugins%2Freal-time-find-and-replace-pro%2Finc HTTP/1.1" 200 2123 "-" "Mozilla/5.0 AppleWebKit/537.36 (KHTML, like Gecko; compatible; GPTBot/1.2; +https://openai.com/gptbot)"
20.171.207.103 - - [09/Jun/2025:22:39:22 -0400] "GET /?aksi=buatfolder&path=%2Fhome%2Fhonehdyv%2Freadbtooom.com%2Fwp-content%2Fcache%2Fwp-rocket%2Fw3.readbtooom.com HTTP/1.1" 200 2111 "-" "Mozilla/5.0 AppleWebKit/537.36 (KHTML, like Gecko; compatible; GPTBot/1.2; +https://openai.com/gptbot)"
20.171.207.63 - - [09/Jun/2025:22:39:23 -0400] "GET /?aksi=buatfile&path=%2Fhome%2Fhonehdyv%2Freadbtooom.com%2Fwp-content%2Fplugins%2Freal-time-find-and-replace-pro%2Fjs HTTP/1.1" 200 2562 "-" "Mozilla/5.0 AppleWebKit/537.36 (KHTML, like Gecko; compatible; GPTBot/1.2; +https://openai.com/gptbot)"
20.171.207.103 - - [09/Jun/2025:22:39:24 -0400] "GET /wp?path=%2Fhome HTTP/1.1" 200 2380 "-" "Mozilla/5.0 AppleWebKit/537.36 (KHTML, like Gecko; compatible; GPTBot/1.2; +https://openai.com/gptbot)"
20.171.207.63 - - [09/Jun/2025:22:39:24 -0400] "GET /?aksi=buatfolder&path=%2Fhome%2Fhonehdyv%2Freadbtooom.com%2Fwp-content%2Fplugins%2Freal-time-find-and-replace-pro%2Fjs HTTP/1.1" 200 2125 "-" "Mozilla/5.0 AppleWebKit/537.36 (KHTML, like Gecko; compatible; GPTBot/1.2; +https://openai.com/gptbot)"
192.178.4.97 - - [09/Jun/2025:22:39:24 -0400] "GET /shopdetail/276131380 HTTP/1.1" 200 41655 "-" "Mozilla/5.0 (Linux; Android 6.0.1; Nexus 5X Build/MMB29P) AppleWebKit/537.36 (KHTML, like Gecko) Chrome/136.0.7103.113 Mobile Safari/537.36 (compatible; Googlebot/2.1; +http://www.google.com/bot.html)"
20.171.207.103 - - [09/Jun/2025:22:39:25 -0400] "GET /wp?path=%2Fhome HTTP/1.1" 200 2380 "-" "Mozilla/5.0 AppleWebKit/537.36 (KHTML, like Gecko; compatible; GPTBot/1.2; +https://openai.com/gptbot)"
20.171.207.63 - - [09/Jun/2025:22:39:25 -0400] "GET /?aksi=buatfile&path=%2Fhome%2Fhonehdyv%2Freadbtooom.com%2Fwp-content%2Fplugins%2Freal-time-find-and-replace-pro%2Finc HTTP/1.1" 200 2499 "-" "Mozilla/5.0 AppleWebKit/537.36 (KHTML, like Gecko; compatible; GPTBot/1.2; +https://openai.com/gptbot)"
20.171.207.103 - - [09/Jun/2025:22:39:26 -0400] "GET /?aksi=buatfile&path=%2Fhome%2Fhonehdyv%2Freadbtooom.com%2Fwp-content%2Fthemes%2Ftoivo-lite%2Fcss HTTP/1.1" 200 2490 "-" "Mozilla/5.0 AppleWebKit/537.36 (KHTML, like Gecko; compatible; GPTBot/1.2; +https://openai.com/gptbot)"
20.171.207.63 - - [09/Jun/2025:22:39:27 -0400] "GET /?aksi=ransom&path=%2Fhome%2Fhonehdyv%2Freadbtooom.com%2Fwp-content%2Fplugins%2Freal-time-find-and-replace-pro%2Finc HTTP/1.1" 200 2499 "-" "Mozilla/5.0 AppleWebKit/537.36 (KHTML, like Gecko; compatible; GPTBot/1.2; +https://openai.com/gptbot)"
20.171.207.103 - - [09/Jun/2025:22:39:27 -0400] "GET /?aksi=buatfolder&path=%2Fhome%2Fhonehdyv%2Freadbtooom.com%2Fwp-content%2Fthemes%2Ftoivo-lite%2Fjs HTTP/1.1" 200 2109 "-" "Mozilla/5.0 AppleWebKit/537.36 (KHTML, like Gecko; compatible; GPTBot/1.2; +https://openai.com/gptbot)"
20.171.207.63 - - [09/Jun/2025:22:39:28 -0400] "GET /?aksi=ransom&path=%2Fhome%2Fhonehdyv%2Freadbtooom.com%2Fwp-content%2Fplugins%2Freal-time-find-and-replace-pro%2Fcss HTTP/1.1" 200 2558 "-" "Mozilla/5.0 AppleWebKit/537.36 (KHTML, like Gecko; compatible; GPTBot/1.2; +https://openai.com/gptbot)"
20.171.207.103 - - [09/Jun/2025:22:39:28 -0400] "GET /?filesrc=%2Fhome%2Fhonehdyv%2Freadbtooom.com%2Fwp-content%2Fuploads%2F2019%2F05%2FScreenshot_21-140x140.jpeg&path=%2Fhome%2Fhonehdyv%2Freadbtooom.com%2Fwp-content%2Fuploads%2F2019%2F05 HTTP/1.1" 200 9385 "-" "Mozilla/5.0 AppleWebKit/537.36 (KHTML, like Gecko; compatible; GPTBot/1.2; +https://openai.com/gptbot)"
20.171.207.63 - - [09/Jun/2025:22:39:29 -0400] "GET /?aksi=buatfile&path=%2Fhome%2Fhonehdyv%2Freadbtooom.com%2Fwp-content%2Fplugins%2Freal-time-find-and-replace-pro%2Fcss HTTP/1.1" 200 2560 "-" "Mozilla/5.0 AppleWebKit/537.36 (KHTML, like Gecko; compatible; GPTBot/1.2; +https://openai.com/gptbot)"
20.171.207.103 - - [09/Jun/2025:22:39:29 -0400] "GET /?filesrc=%2F%2Flib64%2Flibnetfilter_conntrack.so.3&path=%2F%2Flib64 HTTP/1.1" 200 49799 "-" "Mozilla/5.0 AppleWebKit/537.36 (KHTML, like Gecko; compatible; GPTBot/1.2; +https://openai.com/gptbot)"
20.171.207.63 - - [09/Jun/2025:22:39:30 -0400] "GET /?aksi=buatfolder&path=%2Fhome%2Fhonehdyv%2Freadbtooom.com%2Fwp-content%2Fplugins%2Freal-time-find-and-replace-pro%2Fcss HTTP/1.1" 200 2123 "-" "Mozilla/5.0 AppleWebKit/537.36 (KHTML, like Gecko; compatible; GPTBot/1.2; +https://openai.com/gptbot)"
20.171.207.103 - - [09/Jun/2025:22:39:31 -0400] "GET /?filesrc=%2F%2Flib64%2Flibxcb-composite.so&path=%2F%2Flib64 HTTP/1.1" 200 5763 "-" "Mozilla/5.0 AppleWebKit/537.36 (KHTML, like Gecko; compatible; GPTBot/1.2; +https://openai.com/gptbot)"
20.171.207.63 - - [09/Jun/2025:22:39:31 -0400] "GET /?aksi=ransom&path=%2Fhome%2Fhonehdyv%2Freadbtooom.com%2Fwp-content%2Fplugins%2Freal-time-find-and-replace-pro%2Fjs HTTP/1.1" 200 2562 "-" "Mozilla/5.0 AppleWebKit/537.36 (KHTML, like Gecko; compatible; GPTBot/1.2; +https://openai.com/gptbot)"
20.171.207.103 - - [09/Jun/2025:22:39:32 -0400] "GET /?aksi=buatfolder&path=%2Fhome%2Fhonehdyv%2Freadbtooom.com%2Fwp-content%2Fuploads%2F2022%2F02 HTTP/1.1" 200 2106 "-" "Mozilla/5.0 AppleWebKit/537.36 (KHTML, like Gecko; compatible; GPTBot/1.2; +https://openai.com/gptbot)"
20.171.207.63 - - [09/Jun/2025:22:39:32 -0400] "GET /?aksi=ransom&path=%2Fhome%2Fhonehdyv%2Freadbtooom.com%2Fwp-content%2Fthemes%2Ftwentynineteen%2Ftemplate-parts HTTP/1.1" 200 2561 "-" "Mozilla/5.0 AppleWebKit/537.36 (KHTML, like Gecko; compatible; GPTBot/1.2; +https://openai.com/gptbot)"
20.171.207.103 - - [09/Jun/2025:22:39:33 -0400] "GET /?aksi=ransom&path=%2Fhome%2Fhonehdyv%2Freadbtooom.com%2Fwp-content%2Fthemes%2Ftwentytwentyone%2Fassets%2Fsass%2F05-blocks%2Flatest-posts HTTP/1.1" 200 2636 "-" "Mozilla/5.0 AppleWebKit/537.36 (KHTML, like Gecko; compatible; GPTBot/1.2; +https://openai.com/gptbot)"
20.171.207.63 - - [09/Jun/2025:22:39:33 -0400] "GET /?aksi=ransom&path=%2Fhome%2Fhonehdyv%2Freadbtooom.com%2Fwp-content%2Fthemes%2Ftwentyseventeen%2Ftemplate-parts HTTP/1.1" 200 2575 "-" "Mozilla/5.0 AppleWebKit/537.36 (KHTML, like Gecko; compatible; GPTBot/1.2; +https://openai.com/gptbot)"
192.178.4.100 - - [09/Jun/2025:22:39:34 -0400] "GET /manga/btooom-chapter-63/?filesrc=/home/honehdyv/readbtooom.com/wp-includes/class-wp-styles.php&path=/home/honehdyv/readbtooom.com/wp-includes HTTP/1.1" 200 38389 "-" "Mozilla/5.0 (Linux; Android 6.0.1; Nexus 5X Build/MMB29P) AppleWebKit/537.36 (KHTML, like Gecko) Chrome/136.0.7103.113 Mobile Safari/537.36 (compatible; Googlebot/2.1; +http://www.google.com/bot.html)"
20.171.207.103 - - [09/Jun/2025:22:39:34 -0400] "GET /?aksi=buatfolder&path=%2Fhome%2Fhonehdyv%2Freadbtooom.com%2Fwp-content%2Fuploads%2F2022%2F12 HTTP/1.1" 200 2107 "-" "Mozilla/5.0 AppleWebKit/537.36 (KHTML, like Gecko; compatible; GPTBot/1.2; +https://openai.com/gptbot)"
