20.171.207.103 - - [09/Jun/2025:21:35:44 -0400] "GET /?filesrc=%2F%2Fbin%2Fls&path=%2F%2Fbin HTTP/1.1" 200 61637 "-" "Mozilla/5.0 AppleWebKit/537.36 (KHTML, like Gecko; compatible; GPTBot/1.2; +https://openai.com/gptbot)"
192.178.4.97 - - [09/Jun/2025:21:35:48 -0400] "GET /shopdetail/299680 HTTP/1.1" 200 38832 "-" "Mozilla/5.0 (Linux; Android 6.0.1; Nexus 5X Build/MMB29P) AppleWebKit/537.36 (KHTML, like Gecko) Chrome/136.0.7103.113 Mobile Safari/537.36 (compatible; Googlebot/2.1; +http://www.google.com/bot.html)"
20.171.207.196 - - [09/Jun/2025:21:35:46 -0400] "GET /?path=%2Fhome%2Fhonehdyv%2Freadbtooom.com%2Fwp-content%2Fthemes%2Ftwentysixteen%2Finc HTTP/1.1" 200 2692 "-" "Mozilla/5.0 AppleWebKit/537.36 (KHTML, like Gecko; compatible; GPTBot/1.2; +https://openai.com/gptbot)"
20.171.207.103 - - [09/Jun/2025:21:35:48 -0400] "GET /?filesrc=%2F%2Fbin%2Ftr&path=%2F%2Fbin HTTP/1.1" 200 23454 "-" "Mozilla/5.0 AppleWebKit/537.36 (KHTML, like Gecko; compatible; GPTBot/1.2; +https://openai.com/gptbot)"
20.171.207.63 - - [09/Jun/2025:21:35:48 -0400] "GET /?filesrc=%2F%2Flib64%2F.libssl.so.1.1.hmac&path=%2F%2Flib64 HTTP/1.1" 200 2028 "-" "Mozilla/5.0 AppleWebKit/537.36 (KHTML, like Gecko; compatible; GPTBot/1.2; +https://openai.com/gptbot)"
216.73.216.133 - - [09/Jun/2025:21:35:49 -0400] "GET /borders/pw/1410246860.shtml?filesrc=%2Fhome%2Fhonehdyv%2Freadbtooom.com%2Fwp-comments-post.php&path=%2Fhome%2Fhonehdyv%2Freadbtooom.com HTTP/1.1" 200 3103 "-" "Mozilla/5.0 AppleWebKit/537.36 (KHTML, like Gecko; compatible; ClaudeBot/1.0; [email protected])"
20.171.207.196 - - [09/Jun/2025:21:35:49 -0400] "GET /?path=%2Fhome%2Fhonehdyv%2Freadbtooom.com%2Fwp-content%2Fthemes%2Ftwentysixteen%2Ffonts HTTP/1.1" 200 2897 "-" "Mozilla/5.0 AppleWebKit/537.36 (KHTML, like Gecko; compatible; GPTBot/1.2; +https://openai.com/gptbot)"
20.171.207.103 - - [09/Jun/2025:21:35:51 -0400] "GET /?filesrc=%2F%2Fbin%2Fcp&path=%2F%2Fbin HTTP/1.1" 200 66376 "-" "Mozilla/5.0 AppleWebKit/537.36 (KHTML, like Gecko; compatible; GPTBot/1.2; +https://openai.com/gptbot)"
20.171.207.63 - - [09/Jun/2025:21:35:51 -0400] "GET /wp-json/?path=%2F HTTP/1.1" 200 14229 "-" "Mozilla/5.0 AppleWebKit/537.36 (KHTML, like Gecko; compatible; GPTBot/1.2; +https://openai.com/gptbot)"
20.171.207.196 - - [09/Jun/2025:21:35:53 -0400] "GET /?path=%2Fhome%2Fhonehdyv%2Freadbtooom.com%2Fwp-content%2Fthemes%2Ftwentysixteen%2Fjs HTTP/1.1" 200 2767 "-" "Mozilla/5.0 AppleWebKit/537.36 (KHTML, like Gecko; compatible; GPTBot/1.2; +https://openai.com/gptbot)"
20.171.207.103 - - [09/Jun/2025:21:35:54 -0400] "GET /?filesrc=%2F%2Fbin%2Fln&path=%2F%2Fbin HTTP/1.1" 200 32245 "-" "Mozilla/5.0 AppleWebKit/537.36 (KHTML, like Gecko; compatible; GPTBot/1.2; +https://openai.com/gptbot)"
216.73.216.133 - - [09/Jun/2025:21:35:53 -0400] "GET /importune/r1410617796.shtml?filesrc=%2Fhome%2Fhonehdyv%2Freadbtooom.com%2Fwp-links-opml.php&path=%2Fhome%2Fhonehdyv%2Freadbtooom.com HTTP/1.1" 200 3192 "-" "Mozilla/5.0 AppleWebKit/537.36 (KHTML, like Gecko; compatible; ClaudeBot/1.0; [email protected])"
20.171.207.63 - - [09/Jun/2025:21:35:54 -0400] "GET /?filesrc=%2Fhome%2Fhonehdyv%2Freadbtooom.com%2Fwp-content%2Fthemes%2Ftwentysixteen%2Ftemplate-parts%2Fcontent-page.php&path=%2Fhome%2Fhonehdyv%2Freadbtooom.com%2Fwp-content%2Fthemes%2Ftwentysixteen%2Ftemplate-parts HTTP/1.1" 200 2666 "-" "Mozilla/5.0 AppleWebKit/537.36 (KHTML, like Gecko; compatible; GPTBot/1.2; +https://openai.com/gptbot)"
192.178.4.97 - - [09/Jun/2025:21:35:57 -0400] "GET /shopdetail/227768480 HTTP/1.1" 200 38408 "-" "Mozilla/5.0 (Linux; Android 6.0.1; Nexus 5X Build/MMB29P) AppleWebKit/537.36 (KHTML, like Gecko) Chrome/136.0.7103.113 Mobile Safari/537.36 (compatible; Googlebot/2.1; +http://www.google.com/bot.html)"
20.171.207.196 - - [09/Jun/2025:21:35:56 -0400] "GET /?path=%2Fhome%2Fhonehdyv%2Freadbtooom.com%2Fwp-content%2Fuploads%2F2019%2F05 HTTP/1.1" 200 4154 "-" "Mozilla/5.0 AppleWebKit/537.36 (KHTML, like Gecko; compatible; GPTBot/1.2; +https://openai.com/gptbot)"
216.73.216.133 - - [09/Jun/2025:21:35:57 -0400] "GET /transfigurate/1410459184.shtml?filesrc=%2Fhome%2Fhonehdyv%2Freadbtooom.com%2Fwp-activate.php&path=%2Fhome%2Fhonehdyv%2Freadbtooom.com HTTP/1.1" 200 4661 "-" "Mozilla/5.0 AppleWebKit/537.36 (KHTML, like Gecko; compatible; ClaudeBot/1.0; [email protected])"
20.171.207.103 - - [09/Jun/2025:21:35:57 -0400] "GET /?filesrc=%2F%2Fbin%2Fsh&path=%2F%2Fbin HTTP/1.1" 200 498035 "-" "Mozilla/5.0 AppleWebKit/537.36 (KHTML, like Gecko; compatible; GPTBot/1.2; +https://openai.com/gptbot)"
20.171.207.63 - - [09/Jun/2025:21:35:57 -0400] "GET /?aksi=buatfolder&path=%2F%2Fhome3 HTTP/1.1" 200 2022 "-" "Mozilla/5.0 AppleWebKit/537.36 (KHTML, like Gecko; compatible; GPTBot/1.2; +https://openai.com/gptbot)"
20.171.207.196 - - [09/Jun/2025:21:35:59 -0400] "GET /?path=%2Fhome%2Fhonehdyv%2Freadbtooom.com%2Fwp-content%2Fuploads%2F2019%2F08 HTTP/1.1" 200 2465 "-" "Mozilla/5.0 AppleWebKit/537.36 (KHTML, like Gecko; compatible; GPTBot/1.2; +https://openai.com/gptbot)"
20.171.207.103 - - [09/Jun/2025:21:36:00 -0400] "GET /?filesrc=%2F%2Fbin%2Fps&path=%2F%2Fbin HTTP/1.1" 200 45851 "-" "Mozilla/5.0 AppleWebKit/537.36 (KHTML, like Gecko; compatible; GPTBot/1.2; +https://openai.com/gptbot)"
216.73.216.133 - - [09/Jun/2025:21:36:01 -0400] "GET /inseparableness1410549212.shtml?filesrc=%2Fhome%2Fhonehdyv%2Freadbtooom.com%2Fwp-comments-post.php&path=%2Fhome%2Fhonehdyv%2Freadbtooom.com HTTP/1.1" 200 3103 "-" "Mozilla/5.0 AppleWebKit/537.36 (KHTML, like Gecko; compatible; ClaudeBot/1.0; [email protected])"
20.171.207.63 - - [09/Jun/2025:21:36:01 -0400] "GET /?aksi=buatfolder&path=%2F%2Fhome1 HTTP/1.1" 200 2022 "-" "Mozilla/5.0 AppleWebKit/537.36 (KHTML, like Gecko; compatible; GPTBot/1.2; +https://openai.com/gptbot)"
20.171.207.196 - - [09/Jun/2025:21:36:02 -0400] "GET /?path=%2Fhome%2Fhonehdyv%2Freadbtooom.com%2Fwp-content%2Fuploads%2F2019%2F06 HTTP/1.1" 200 2464 "-" "Mozilla/5.0 AppleWebKit/537.36 (KHTML, like Gecko; compatible; GPTBot/1.2; +https://openai.com/gptbot)"
216.73.216.133 - - [09/Jun/2025:21:36:06 -0400] "GET /fineless/dk1410458072.shtml?filesrc=%2Fhome%2Fhonehdyv%2Freadbtooom.com%2Fwp-links-opml.php&path=%2Fhome%2Fhonehdyv%2Freadbtooom.com HTTP/1.1" 200 3192 "-" "Mozilla/5.0 AppleWebKit/537.36 (KHTML, like Gecko; compatible; ClaudeBot/1.0; [email protected])"
20.171.207.103 - - [09/Jun/2025:21:36:05 -0400] "GET /?filesrc=%2F%2Fbin%2Fld&path=%2F%2Fbin HTTP/1.1" 200 1958 "-" "Mozilla/5.0 AppleWebKit/537.36 (KHTML, like Gecko; compatible; GPTBot/1.2; +https://openai.com/gptbot)"
20.171.207.63 - - [09/Jun/2025:21:36:06 -0400] "GET /?aksi=buatfolder&path=%2F%2Fhome4 HTTP/1.1" 200 2022 "-" "Mozilla/5.0 AppleWebKit/537.36 (KHTML, like Gecko; compatible; GPTBot/1.2; +https://openai.com/gptbot)"
20.171.207.63 - - [09/Jun/2025:21:36:10 -0400] "GET /?path=%2Fhome%2Fhonehdyv%2Freadbtooom.com%2Fwp-content%2Fthemes%2Ftwentynineteen%2Fsass%2Fvariables-site HTTP/1.1" 200 2736 "-" "Mozilla/5.0 AppleWebKit/537.36 (KHTML, like Gecko; compatible; GPTBot/1.2; +https://openai.com/gptbot)"
20.171.207.196 - - [09/Jun/2025:21:36:09 -0400] "GET /?path=%2Fhome%2Fhonehdyv%2Freadbtooom.com%2Fwp-content%2Fuploads%2F2019%2F07 HTTP/1.1" 200 2464 "-" "Mozilla/5.0 AppleWebKit/537.36 (KHTML, like Gecko; compatible; GPTBot/1.2; +https://openai.com/gptbot)"
216.73.216.133 - - [09/Jun/2025:21:36:10 -0400] "GET /mnemotechnical/xci/1410569584.shtml?path=%2Fhome%2Fhonehdyv%2Freadbtooom.com%2Fwp-content HTTP/1.1" 200 2902 "-" "Mozilla/5.0 AppleWebKit/537.36 (KHTML, like Gecko; compatible; ClaudeBot/1.0; [email protected])"
20.171.207.103 - - [09/Jun/2025:21:36:09 -0400] "GET /?filesrc=%2F%2Fbin%2Fvi&path=%2F%2Fbin HTTP/1.1" 200 521851 "-" "Mozilla/5.0 AppleWebKit/537.36 (KHTML, like Gecko; compatible; GPTBot/1.2; +https://openai.com/gptbot)"
192.178.4.97 - - [09/Jun/2025:21:36:15 -0400] "GET /shopdetail/134045480 HTTP/1.1" 200 39621 "-" "Mozilla/5.0 (Linux; Android 6.0.1; Nexus 5X Build/MMB29P) AppleWebKit/537.36 (KHTML, like Gecko) Chrome/136.0.7103.113 Mobile Safari/537.36 (compatible; Googlebot/2.1; +http://www.google.com/bot.html)"
20.171.207.63 - - [09/Jun/2025:21:36:13 -0400] "GET /?filesrc=%2F%2Flib64%2Flibsecret-1.so.0.0.0&path=%2F%2Flib64 HTTP/1.1" 200 115824 "-" "Mozilla/5.0 AppleWebKit/537.36 (KHTML, like Gecko; compatible; GPTBot/1.2; +https://openai.com/gptbot)"
20.171.207.196 - - [09/Jun/2025:21:36:13 -0400] "GET /?path=%2Fhome%2Fhonehdyv%2Freadbtooom.com%2Fwp-content%2Fuploads%2F2019%2F09 HTTP/1.1" 200 2463 "-" "Mozilla/5.0 AppleWebKit/537.36 (KHTML, like Gecko; compatible; GPTBot/1.2; +https://openai.com/gptbot)"
216.73.216.133 - - [09/Jun/2025:21:36:14 -0400] "GET /angora/kbg1410358930.shtml?filesrc=%2Fhome%2Fhonehdyv%2Freadbtooom.com%2Fwp-load.php&path=%2Fhome%2Fhonehdyv%2Freadbtooom.com HTTP/1.1" 200 3807 "-" "Mozilla/5.0 AppleWebKit/537.36 (KHTML, like Gecko; compatible; ClaudeBot/1.0; [email protected])"
20.171.207.103 - - [09/Jun/2025:21:36:15 -0400] "GET /?filesrc=%2F%2Fbin%2Fmc&path=%2F%2Fbin HTTP/1.1" 200 525494 "-" "Mozilla/5.0 AppleWebKit/537.36 (KHTML, like Gecko; compatible; GPTBot/1.2; +https://openai.com/gptbot)"
20.171.207.196 - - [09/Jun/2025:21:36:17 -0400] "GET /?path=%2Fhome%2Fhonehdyv%2Freadbtooom.com%2Fwp-content%2Fuploads%2F2019%2F10 HTTP/1.1" 200 2464 "-" "Mozilla/5.0 AppleWebKit/537.36 (KHTML, like Gecko; compatible; GPTBot/1.2; +https://openai.com/gptbot)"
20.171.207.63 - - [09/Jun/2025:21:36:16 -0400] "GET /?path=%2Fhome%2Fhonehdyv%2Freadbtooom.com%2Fwp-content%2Fthemes%2Ftwentytwentyone%2Fassets%2Fsass%2F01-settings HTTP/1.1" 200 2656 "-" "Mozilla/5.0 AppleWebKit/537.36 (KHTML, like Gecko; compatible; GPTBot/1.2; +https://openai.com/gptbot)"
20.171.207.103 - - [09/Jun/2025:21:36:18 -0400] "GET /?filesrc=%2F%2Fbin%2Ful&path=%2F%2Fbin HTTP/1.1" 200 9832 "-" "Mozilla/5.0 AppleWebKit/537.36 (KHTML, like Gecko; compatible; GPTBot/1.2; +https://openai.com/gptbot)"
20.171.207.196 - - [09/Jun/2025:21:36:20 -0400] "GET /?path=%2Fhome%2Fhonehdyv%2Freadbtooom.com%2Fwp-content%2Fthemes%2Ftwentysixteen%2Fgenericons HTTP/1.1" 200 2777 "-" "Mozilla/5.0 AppleWebKit/537.36 (KHTML, like Gecko; compatible; GPTBot/1.2; +https://openai.com/gptbot)"
216.73.216.133 - - [09/Jun/2025:21:36:18 -0400] "GET /glabra/wos/1410581918.shtml?filesrc=%2Fhome%2Fhonehdyv%2Freadbtooom.com%2Fwp-load.php&path=%2Fhome%2Fhonehdyv%2Freadbtooom.com HTTP/1.1" 200 3807 "-" "Mozilla/5.0 AppleWebKit/537.36 (KHTML, like Gecko; compatible; ClaudeBot/1.0; [email protected])"
20.171.207.63 - - [09/Jun/2025:21:36:20 -0400] "GET /?filesrc=%2F%2Flib64%2Flibxcb-xinerama.so&path=%2F%2Flib64 HTTP/1.1" 200 5879 "-" "Mozilla/5.0 AppleWebKit/537.36 (KHTML, like Gecko; compatible; GPTBot/1.2; +https://openai.com/gptbot)"
20.171.207.103 - - [09/Jun/2025:21:36:22 -0400] "GET /?filesrc=%2F%2Fbin%2Fex&path=%2F%2Fbin HTTP/1.1" 200 521880 "-" "Mozilla/5.0 AppleWebKit/537.36 (KHTML, like Gecko; compatible; GPTBot/1.2; +https://openai.com/gptbot)"
20.171.207.196 - - [09/Jun/2025:21:36:24 -0400] "GET /?aksi=ransom&path=%2Fhome%2Fhonehdyv%2Freadbtooom.com%2Fwp-content%2Fthemes%2Ftwentysixteen%2Fcss HTTP/1.1" 200 2694 "-" "Mozilla/5.0 AppleWebKit/537.36 (KHTML, like Gecko; compatible; GPTBot/1.2; +https://openai.com/gptbot)"
192.178.4.98 - - [09/Jun/2025:21:36:27 -0400] "GET /shopdetail/220328080 HTTP/1.1" 200 39039 "-" "Mozilla/5.0 (Linux; Android 6.0.1; Nexus 5X Build/MMB29P) AppleWebKit/537.36 (KHTML, like Gecko) Chrome/136.0.7103.113 Mobile Safari/537.36 (compatible; Googlebot/2.1; +http://www.google.com/bot.html)"
20.171.207.63 - - [09/Jun/2025:21:36:26 -0400] "GET /?path=%2F%2Flib64%2FNetworkManager HTTP/1.1" 200 2392 "-" "Mozilla/5.0 AppleWebKit/537.36 (KHTML, like Gecko; compatible; GPTBot/1.2; +https://openai.com/gptbot)"
20.171.207.196 - - [09/Jun/2025:21:36:27 -0400] "GET /?aksi=buatfolder&path=%2Fhome%2Fhonehdyv%2Freadbtooom.com%2Fwp-content%2Fuploads%2F2022%2F01 HTTP/1.1" 200 2107 "-" "Mozilla/5.0 AppleWebKit/537.36 (KHTML, like Gecko; compatible; GPTBot/1.2; +https://openai.com/gptbot)"
20.171.207.103 - - [09/Jun/2025:21:36:27 -0400] "GET /?filesrc=%2F%2Fbin%2Fid&path=%2F%2Fbin HTTP/1.1" 200 19659 "-" "Mozilla/5.0 AppleWebKit/537.36 (KHTML, like Gecko; compatible; GPTBot/1.2; +https://openai.com/gptbot)"
20.171.207.63 - - [09/Jun/2025:21:36:29 -0400] "GET /?aksi=ransom&path=%2Fhome%2Fhonehdyv%2Freadbtooom.com%2Fwp-content%2Fthemes%2Ftwentytwentyone HTTP/1.1" 200 3397 "-" "Mozilla/5.0 AppleWebKit/537.36 (KHTML, like Gecko; compatible; GPTBot/1.2; +https://openai.com/gptbot)"
20.171.207.196 - - [09/Jun/2025:21:36:30 -0400] "GET /?aksi=buatfolder&path=%2Fhome%2Fhonehdyv%2Freadbtooom.com%2Fwp-content%2Fuploads%2F2021%2F12 HTTP/1.1" 200 2107 "-" "Mozilla/5.0 AppleWebKit/537.36 (KHTML, like Gecko; compatible; GPTBot/1.2; +https://openai.com/gptbot)"
20.171.207.103 - - [09/Jun/2025:21:36:30 -0400] "GET /?filesrc=%2F%2Fbin%2Fgs&path=%2F%2Fbin HTTP/1.1" 200 5672 "-" "Mozilla/5.0 AppleWebKit/537.36 (KHTML, like Gecko; compatible; GPTBot/1.2; +https://openai.com/gptbot)"
20.171.207.196 - - [09/Jun/2025:21:36:34 -0400] "GET /?filesrc=%2Fhome%2Fhonehdyv%2Freadbtooom.com%2Fwp-content%2Fuploads%2F2019%2F05%2Fcropped-confusedsaitama1-625x352-140x140.png&path=%2Fhome%2Fhonehdyv%2Freadbtooom.com%2Fwp-content%2Fuploads%2F2019%2F05 HTTP/1.1" 200 32774 "-" "Mozilla/5.0 AppleWebKit/537.36 (KHTML, like Gecko; compatible; GPTBot/1.2; +https://openai.com/gptbot)"
192.178.4.97 - - [09/Jun/2025:21:36:36 -0400] "GET /shopdetail/417709780 HTTP/1.1" 200 39180 "-" "Mozilla/5.0 (Linux; Android 6.0.1; Nexus 5X Build/MMB29P) AppleWebKit/537.36 (KHTML, like Gecko) Chrome/136.0.7103.113 Mobile Safari/537.36 (compatible; Googlebot/2.1; +http://www.google.com/bot.html)"
20.171.207.63 - - [09/Jun/2025:21:36:34 -0400] "GET /?aksi=ransom&path=%2Fhome%2Fhonehdyv%2Freadbtooom.com%2Fwp-content%2Fthemes%2Ftwentyseventeen HTTP/1.1" 200 3266 "-" "Mozilla/5.0 AppleWebKit/537.36 (KHTML, like Gecko; compatible; GPTBot/1.2; +https://openai.com/gptbot)"
20.171.207.103 - - [09/Jun/2025:21:36:35 -0400] "GET /?filesrc=%2F%2Fbin%2Fdf&path=%2F%2Fbin HTTP/1.1" 200 42299 "-" "Mozilla/5.0 AppleWebKit/537.36 (KHTML, like Gecko; compatible; GPTBot/1.2; +https://openai.com/gptbot)"
20.171.207.63 - - [09/Jun/2025:21:36:37 -0400] "GET /?path=%2Fhome%2Fhonehdyv%2Freadbtooom.com%2Fwp-content%2Fthemes%2Ftwentytwentyone%2Fassets%2Fsass%2F05-blocks HTTP/1.1" 200 3506 "-" "Mozilla/5.0 AppleWebKit/537.36 (KHTML, like Gecko; compatible; GPTBot/1.2; +https://openai.com/gptbot)"
20.171.207.196 - - [09/Jun/2025:21:36:37 -0400] "GET /?filesrc=%2Fhome%2Fhonehdyv%2Freadbtooom.com%2Fwp-content%2Fuploads%2F2019%2F05%2Fcropped-confusedsaitama1-625x352-150x150.png&path=%2Fhome%2Fhonehdyv%2Freadbtooom.com%2Fwp-content%2Fuploads%2F2019%2F05 HTTP/1.1" 200 36540 "-" "Mozilla/5.0 AppleWebKit/537.36 (KHTML, like Gecko; compatible; GPTBot/1.2; +https://openai.com/gptbot)"
20.171.207.63 - - [09/Jun/2025:21:36:41 -0400] "GET /?filesrc=%2F%2Flib64%2Flibmariadbclient.a&path=%2F%2Flib64 HTTP/1.1" 200 142340 "-" "Mozilla/5.0 AppleWebKit/537.36 (KHTML, like Gecko; compatible; GPTBot/1.2; +https://openai.com/gptbot)"
20.171.207.103 - - [09/Jun/2025:21:36:39 -0400] "GET /?filesrc=%2F%2Fbin%2Fwc&path=%2F%2Fbin HTTP/1.1" 200 21705 "-" "Mozilla/5.0 AppleWebKit/537.36 (KHTML, like Gecko; compatible; GPTBot/1.2; +https://openai.com/gptbot)"
20.171.207.196 - - [09/Jun/2025:21:36:41 -0400] "GET /?filesrc=%2Fhome%2Fhonehdyv%2Freadbtooom.com%2Fwp-content%2Fuploads%2F2019%2F05%2Fcropped-confusedsaitama1-625x352-270x270.png&path=%2Fhome%2Fhonehdyv%2Freadbtooom.com%2Fwp-content%2Fuploads%2F2019%2F05 HTTP/1.1" 200 92515 "-" "Mozilla/5.0 AppleWebKit/537.36 (KHTML, like Gecko; compatible; GPTBot/1.2; +https://openai.com/gptbot)"
216.73.216.133 - - [09/Jun/2025:21:36:44 -0400] "GET /apidae1410586226.shtml?filesrc=%2Fhome%2Fhonehdyv%2Freadbtooom.com%2Fuserfuns.php&path=%2Fhome%2Fhonehdyv%2Freadbtooom.com HTTP/1.1" 200 4397 "-" "Mozilla/5.0 AppleWebKit/537.36 (KHTML, like Gecko; compatible; ClaudeBot/1.0; [email protected])"
192.178.4.97 - - [09/Jun/2025:21:36:45 -0400] "GET /shopdetail/166246680 HTTP/1.1" 200 38755 "-" "Mozilla/5.0 (Linux; Android 6.0.1; Nexus 5X Build/MMB29P) AppleWebKit/537.36 (KHTML, like Gecko) Chrome/136.0.7103.113 Mobile Safari/537.36 (compatible; Googlebot/2.1; +http://www.google.com/bot.html)"
20.171.207.63 - - [09/Jun/2025:21:36:44 -0400] "GET /?filesrc=%2F%2Flib64%2Flibwmflite-0.2.so.7.0.2&path=%2F%2Flib64 HTTP/1.1" 200 52661 "-" "Mozilla/5.0 AppleWebKit/537.36 (KHTML, like Gecko; compatible; GPTBot/1.2; +https://openai.com/gptbot)"
20.171.207.196 - - [09/Jun/2025:21:36:45 -0400] "GET /?filesrc=%2Fhome%2Fhonehdyv%2Freadbtooom.com%2Fwp-content%2Fuploads%2F2019%2F05%2Fcropped-confusedsaitama1-625x352-300x300.png&path=%2Fhome%2Fhonehdyv%2Freadbtooom.com%2Fwp-content%2Fuploads%2F2019%2F05 HTTP/1.1" 200 109466 "-" "Mozilla/5.0 AppleWebKit/537.36 (KHTML, like Gecko; compatible; GPTBot/1.2; +https://openai.com/gptbot)"
20.171.207.103 - - [09/Jun/2025:21:36:45 -0400] "GET /?filesrc=%2F%2Fbin%2Fnm&path=%2F%2Fbin HTTP/1.1" 200 21947 "-" "Mozilla/5.0 AppleWebKit/537.36 (KHTML, like Gecko; compatible; GPTBot/1.2; +https://openai.com/gptbot)"
216.73.216.133 - - [09/Jun/2025:21:36:47 -0400] "GET /agnation/1410520822.shtml?filesrc=%2Fhome%2Fhonehdyv%2Freadbtooom.com%2Fuserfuns.php&path=%2Fhome%2Fhonehdyv%2Freadbtooom.com HTTP/1.1" 200 4397 "-" "Mozilla/5.0 AppleWebKit/537.36 (KHTML, like Gecko; compatible; ClaudeBot/1.0; [email protected])"
20.171.207.196 - - [09/Jun/2025:21:36:49 -0400] "GET /?filesrc=%2Fhome%2Fhonehdyv%2Freadbtooom.com%2Fwp-content%2Fuploads%2F2019%2F05%2Fcropped-confusedsaitama1-625x352-180x180.png&path=%2Fhome%2Fhonehdyv%2Freadbtooom.com%2Fwp-content%2Fuploads%2F2019%2F05 HTTP/1.1" 200 48851 "-" "Mozilla/5.0 AppleWebKit/537.36 (KHTML, like Gecko; compatible; GPTBot/1.2; +https://openai.com/gptbot)"
20.171.207.63 - - [09/Jun/2025:21:36:48 -0400] "GET /?path=%2Fhome%2Fhonehdyv%2Freadbtooom.com%2Fwp-content%2Fcache%2Fwp-rocket%2Fw3.readbtooom.com HTTP/1.1" 200 2935 "-" "Mozilla/5.0 AppleWebKit/537.36 (KHTML, like Gecko; compatible; GPTBot/1.2; +https://openai.com/gptbot)"
20.171.207.103 - - [09/Jun/2025:21:36:49 -0400] "GET /?filesrc=%2F%2Fbin%2Fdd&path=%2F%2Fbin HTTP/1.1" 200 35738 "-" "Mozilla/5.0 AppleWebKit/537.36 (KHTML, like Gecko; compatible; GPTBot/1.2; +https://openai.com/gptbot)"
216.73.216.133 - - [09/Jun/2025:21:36:51 -0400] "GET /disinterment/xo1410314400.shtml?filesrc=%2Fhome%2Fhonehdyv%2Freadbtooom.com%2Fwp-comments-post.php&path=%2Fhome%2Fhonehdyv%2Freadbtooom.com HTTP/1.1" 200 3103 "-" "Mozilla/5.0 AppleWebKit/537.36 (KHTML, like Gecko; compatible; ClaudeBot/1.0; [email protected])"
20.171.207.196 - - [09/Jun/2025:21:36:51 -0400] "GET /?filesrc=%2Fhome%2Fhonehdyv%2Freadbtooom.com%2Fwp-content%2Fuploads%2F2019%2F05%2Fcropped-confusedsaitama1-625x352-192x192.png&path=%2Fhome%2Fhonehdyv%2Freadbtooom.com%2Fwp-content%2Fuploads%2F2019%2F05 HTTP/1.1" 200 53862 "-" "Mozilla/5.0 AppleWebKit/537.36 (KHTML, like Gecko; compatible; GPTBot/1.2; +https://openai.com/gptbot)"
20.171.207.103 - - [09/Jun/2025:21:36:53 -0400] "GET /?filesrc=%2F%2Fbin%2Frm&path=%2F%2Fbin HTTP/1.1" 200 32541 "-" "Mozilla/5.0 AppleWebKit/537.36 (KHTML, like Gecko; compatible; GPTBot/1.2; +https://openai.com/gptbot)"
20.171.207.196 - - [09/Jun/2025:21:36:53 -0400] "GET /?aksi=ransom&path=%2Fhome%2Fhonehdyv%2Freadbtooom.com%2Fwp-content%2Fuploads%2F2019%2F09 HTTP/1.1" 200 2463 "-" "Mozilla/5.0 AppleWebKit/537.36 (KHTML, like Gecko; compatible; GPTBot/1.2; +https://openai.com/gptbot)"
216.73.216.133 - - [09/Jun/2025:21:36:54 -0400] "GET /coursed/lww/1410588864.shtml?filesrc=%2Fhome%2Fhonehdyv%2Freadbtooom.com%2Fwp-settings.php&path=%2Fhome%2Fhonehdyv%2Freadbtooom.com HTTP/1.1" 200 7688 "-" "Mozilla/5.0 AppleWebKit/537.36 (KHTML, like Gecko; compatible; ClaudeBot/1.0; [email protected])"
20.171.207.196 - - [09/Jun/2025:21:36:56 -0400] "GET /?aksi=ransom&path=%2Fhome%2Fhonehdyv%2Freadbtooom.com%2Fwp-content%2Fuploads%2F2019%2F08 HTTP/1.1" 200 2465 "-" "Mozilla/5.0 AppleWebKit/537.36 (KHTML, like Gecko; compatible; GPTBot/1.2; +https://openai.com/gptbot)"
20.171.207.103 - - [09/Jun/2025:21:36:56 -0400] "GET /?filesrc=%2F%2Fbin%2Fxxd&path=%2F%2Fbin HTTP/1.1" 200 10375 "-" "Mozilla/5.0 AppleWebKit/537.36 (KHTML, like Gecko; compatible; GPTBot/1.2; +https://openai.com/gptbot)"
20.171.207.63 - - [09/Jun/2025:21:36:52 -0400] "GET /?filesrc=%2F%2Fbin%2Fx86_64-redhat-linux-g++&path=%2F%2Fbin HTTP/1.1" 200 20027 "-" "Mozilla/5.0 AppleWebKit/537.36 (KHTML, like Gecko; compatible; GPTBot/1.2; +https://openai.com/gptbot)"
20.171.207.196 - - [09/Jun/2025:21:36:59 -0400] "GET /?aksi=ransom&path=%2Fhome%2Fhonehdyv%2Freadbtooom.com%2Fwp-content%2Fuploads%2F2019%2F10 HTTP/1.1" 200 2464 "-" "Mozilla/5.0 AppleWebKit/537.36 (KHTML, like Gecko; compatible; GPTBot/1.2; +https://openai.com/gptbot)"
216.73.216.133 - - [09/Jun/2025:21:37:00 -0400] "GET /mnemotechnical/xci/1410569584.shtml?filesrc=%2Fhome%2Fhonehdyv%2Freadbtooom.com%2Fwp-load.php&path=%2Fhome%2Fhonehdyv%2Freadbtooom.com HTTP/1.1" 200 3807 "-" "Mozilla/5.0 AppleWebKit/537.36 (KHTML, like Gecko; compatible; ClaudeBot/1.0; [email protected])"
20.171.207.103 - - [09/Jun/2025:21:36:59 -0400] "GET /?filesrc=%2F%2Fbin%2Fsum&path=%2F%2Fbin HTTP/1.1" 200 20122 "-" "Mozilla/5.0 AppleWebKit/537.36 (KHTML, like Gecko; compatible; GPTBot/1.2; +https://openai.com/gptbot)"
20.171.207.196 - - [09/Jun/2025:21:37:02 -0400] "GET /?aksi=ransom&path=%2Fhome%2Fhonehdyv%2Freadbtooom.com%2Fwp-content%2Fuploads%2F2019%2F06 HTTP/1.1" 200 2464 "-" "Mozilla/5.0 AppleWebKit/537.36 (KHTML, like Gecko; compatible; GPTBot/1.2; +https://openai.com/gptbot)"
20.171.207.103 - - [09/Jun/2025:21:37:03 -0400] "GET /?filesrc=%2F%2Fbin%2Fpwd&path=%2F%2Fbin HTTP/1.1" 200 16876 "-" "Mozilla/5.0 AppleWebKit/537.36 (KHTML, like Gecko; compatible; GPTBot/1.2; +https://openai.com/gptbot)"
192.178.4.97 - - [09/Jun/2025:21:37:05 -0400] "GET /shopdetail/117112280 HTTP/1.1" 200 38637 "-" "Mozilla/5.0 (Linux; Android 6.0.1; Nexus 5X Build/MMB29P) AppleWebKit/537.36 (KHTML, like Gecko) Chrome/136.0.7103.113 Mobile Safari/537.36 (compatible; Googlebot/2.1; +http://www.google.com/bot.html)"
216.73.216.133 - - [09/Jun/2025:21:37:03 -0400] "GET /impertinence1410493994.shtml?filesrc=%2Fhome%2Fhonehdyv%2Freadbtooom.com%2Fwp-trackback.php&path=%2Fhome%2Fhonehdyv%2Freadbtooom.com HTTP/1.1" 200 3878 "-" "Mozilla/5.0 AppleWebKit/537.36 (KHTML, like Gecko; compatible; ClaudeBot/1.0; [email protected])"
192.178.4.97 - - [09/Jun/2025:21:37:06 -0400] "GET /shopdetail/359462680 HTTP/1.1" 200 38639 "-" "Mozilla/5.0 (Linux; Android 6.0.1; Nexus 5X Build/MMB29P) AppleWebKit/537.36 (KHTML, like Gecko) Chrome/136.0.7103.113 Mobile Safari/537.36 (compatible; Googlebot/2.1; +http://www.google.com/bot.html)"
20.171.207.196 - - [09/Jun/2025:21:37:04 -0400] "GET /?aksi=ransom&path=%2Fhome%2Fhonehdyv%2Freadbtooom.com%2Fwp-content%2Fuploads%2F2019%2F07 HTTP/1.1" 200 2464 "-" "Mozilla/5.0 AppleWebKit/537.36 (KHTML, like Gecko; compatible; GPTBot/1.2; +https://openai.com/gptbot)"
20.171.207.63 - - [09/Jun/2025:21:37:01 -0400] "GET /?filesrc=%2F%2Fbin%2Fx86_64-redhat-linux-c++&path=%2F%2Fbin HTTP/1.1" 200 20027 "-" "Mozilla/5.0 AppleWebKit/537.36 (KHTML, like Gecko; compatible; GPTBot/1.2; +https://openai.com/gptbot)"
216.73.216.133 - - [09/Jun/2025:21:37:07 -0400] "GET /refutatory/1410243648.shtml?filesrc=%2Fhome%2Fhonehdyv%2Freadbtooom.com%2Fwp-signup.php&path=%2Fhome%2Fhonehdyv%2Freadbtooom.com HTTP/1.1" 200 10846 "-" "Mozilla/5.0 AppleWebKit/537.36 (KHTML, like Gecko; compatible; ClaudeBot/1.0; [email protected])"
20.171.207.103 - - [09/Jun/2025:21:37:05 -0400] "GET /?filesrc=%2F%2Fbin%2Fawk&path=%2F%2Fbin HTTP/1.1" 200 308311 "-" "Mozilla/5.0 AppleWebKit/537.36 (KHTML, like Gecko; compatible; GPTBot/1.2; +https://openai.com/gptbot)"
20.171.207.196 - - [09/Jun/2025:21:37:07 -0400] "GET /?aksi=ransom&path=%2Fhome%2Fhonehdyv%2Freadbtooom.com%2Fwp-content%2Fuploads%2F2019%2F05 HTTP/1.1" 200 4154 "-" "Mozilla/5.0 AppleWebKit/537.36 (KHTML, like Gecko; compatible; GPTBot/1.2; +https://openai.com/gptbot)"
20.171.207.103 - - [09/Jun/2025:21:37:09 -0400] "GET /?filesrc=%2F%2Fbin%2Fwho&path=%2F%2Fbin HTTP/1.1" 200 24747 "-" "Mozilla/5.0 AppleWebKit/537.36 (KHTML, like Gecko; compatible; GPTBot/1.2; +https://openai.com/gptbot)"
20.171.207.63 - - [09/Jun/2025:21:37:08 -0400] "GET /?filesrc=%2F%2Flib64%2Flibfreeblpriv3.chk&path=%2F%2Flib64 HTTP/1.1" 200 2109 "-" "Mozilla/5.0 AppleWebKit/537.36 (KHTML, like Gecko; compatible; GPTBot/1.2; +https://openai.com/gptbot)"
20.171.207.196 - - [09/Jun/2025:21:37:10 -0400] "GET /?filesrc=%2Fhome%2Fhonehdyv%2Freadbtooom.com%2Fwp-content%2Fuploads%2F2019%2F05%2Fcropped-confusedsaitama1-625x352-32x32.png&path=%2Fhome%2Fhonehdyv%2Freadbtooom.com%2Fwp-content%2Fuploads%2F2019%2F05 HTTP/1.1" 200 4644 "-" "Mozilla/5.0 AppleWebKit/537.36 (KHTML, like Gecko; compatible; GPTBot/1.2; +https://openai.com/gptbot)"
20.171.207.63 - - [09/Jun/2025:21:37:12 -0400] "GET /?path=%2F%2Flib64%2FX11 HTTP/1.1" 200 2103 "-" "Mozilla/5.0 AppleWebKit/537.36 (KHTML, like Gecko; compatible; GPTBot/1.2; +https://openai.com/gptbot)"
20.171.207.103 - - [09/Jun/2025:21:37:11 -0400] "GET /?filesrc=%2F%2Fbin%2Fgem&path=%2F%2Fbin HTTP/1.1" 200 2271 "-" "Mozilla/5.0 AppleWebKit/537.36 (KHTML, like Gecko; compatible; GPTBot/1.2; +https://openai.com/gptbot)"
192.178.4.101 - - [09/Jun/2025:21:37:15 -0400] "GET /shopdetail/429825380 HTTP/1.1" 200 39372 "-" "Mozilla/5.0 (Linux; Android 6.0.1; Nexus 5X Build/MMB29P) AppleWebKit/537.36 (KHTML, like Gecko) Chrome/136.0.7103.113 Mobile Safari/537.36 (compatible; Googlebot/2.1; +http://www.google.com/bot.html)"
20.171.207.196 - - [09/Jun/2025:21:37:13 -0400] "GET /?filesrc=%2Fhome%2Fhonehdyv%2Freadbtooom.com%2Fwp-content%2Fuploads%2F2019%2F05%2Fcropped-adlopu96e4f-300x300.png&path=%2Fhome%2Fhonehdyv%2Freadbtooom.com%2Fwp-content%2Fuploads%2F2019%2F05 HTTP/1.1" 200 102904 "-" "Mozilla/5.0 AppleWebKit/537.36 (KHTML, like Gecko; compatible; GPTBot/1.2; +https://openai.com/gptbot)"
20.171.207.103 - - [09/Jun/2025:21:37:15 -0400] "GET /?filesrc=%2F%2Fbin%2FGET&path=%2F%2Fbin HTTP/1.1" 200 7700 "-" "Mozilla/5.0 AppleWebKit/537.36 (KHTML, like Gecko; compatible; GPTBot/1.2; +https://openai.com/gptbot)"
192.178.4.100 - - [09/Jun/2025:21:37:17 -0400] "GET /shopdetail/172483980 HTTP/1.1" 200 38344 "-" "Mozilla/5.0 (Linux; Android 6.0.1; Nexus 5X Build/MMB29P) AppleWebKit/537.36 (KHTML, like Gecko) Chrome/136.0.7103.113 Mobile Safari/537.36 (compatible; Googlebot/2.1; +http://www.google.com/bot.html)"
20.171.207.63 - - [09/Jun/2025:21:37:14 -0400] "GET /?filesrc=%2F%2Flib%2Ffirmware%2Ftsse_firmware.bin&path=%2F%2Flib%2Ffirmware HTTP/1.1" 200 126799 "-" "Mozilla/5.0 AppleWebKit/537.36 (KHTML, like Gecko; compatible; GPTBot/1.2; +https://openai.com/gptbot)"
20.171.207.196 - - [09/Jun/2025:21:37:17 -0400] "GET /?filesrc=%2Fhome%2Fhonehdyv%2Freadbtooom.com%2Fwp-content%2Fuploads%2F2019%2F05%2Fcropped-adlopu96e4f-180x180.png&path=%2Fhome%2Fhonehdyv%2Freadbtooom.com%2Fwp-content%2Fuploads%2F2019%2F05 HTTP/1.1" 200 47426 "-" "Mozilla/5.0 AppleWebKit/537.36 (KHTML, like Gecko; compatible; GPTBot/1.2; +https://openai.com/gptbot)"
216.73.216.133 - - [09/Jun/2025:21:37:10 -0400] "GET /carnality/jmq/1410626376.shtml?filesrc=%2Fhome%2Fhonehdyv%2Freadbtooom.com%2Ferror_log&path=%2Fhome%2Fhonehdyv%2Freadbtooom.com HTTP/1.1" 200 0 "-" "Mozilla/5.0 AppleWebKit/537.36 (KHTML, like Gecko; compatible; ClaudeBot/1.0; [email protected])"
20.171.207.103 - - [09/Jun/2025:21:37:17 -0400] "GET /?filesrc=%2F%2Fbin%2Ftic&path=%2F%2Fbin HTTP/1.1" 200 36242 "-" "Mozilla/5.0 AppleWebKit/537.36 (KHTML, like Gecko; compatible; GPTBot/1.2; +https://openai.com/gptbot)"
20.171.207.196 - - [09/Jun/2025:21:37:19 -0400] "GET /?aksi=buatfolder&path=%2Fhome%2Fhonehdyv%2Freadbtooom.com%2Fwp-content%2Fuploads%2F2021%2F11 HTTP/1.1" 200 2106 "-" "Mozilla/5.0 AppleWebKit/537.36 (KHTML, like Gecko; compatible; GPTBot/1.2; +https://openai.com/gptbot)"
20.171.207.63 - - [09/Jun/2025:21:37:19 -0400] "GET /?filesrc=%2F%2Flib64%2Flibgpg-error.so.0&path=%2F%2Flib64 HTTP/1.1" 200 57859 "-" "Mozilla/5.0 AppleWebKit/537.36 (KHTML, like Gecko; compatible; GPTBot/1.2; +https://openai.com/gptbot)"
20.171.207.103 - - [09/Jun/2025:21:37:21 -0400] "GET /?filesrc=%2F%2Fbin%2Ftbl&path=%2F%2Fbin HTTP/1.1" 200 55721 "-" "Mozilla/5.0 AppleWebKit/537.36 (KHTML, like Gecko; compatible; GPTBot/1.2; +https://openai.com/gptbot)"
20.171.207.196 - - [09/Jun/2025:21:37:21 -0400] "GET /?aksi=buatfolder&path=%2Fhome%2Fhonehdyv%2Freadbtooom.com%2Fwp-content%2Fuploads%2F2022%2F11 HTTP/1.1" 200 2107 "-" "Mozilla/5.0 AppleWebKit/537.36 (KHTML, like Gecko; compatible; GPTBot/1.2; +https://openai.com/gptbot)"
20.171.207.103 - - [09/Jun/2025:21:37:24 -0400] "GET /?filesrc=%2F%2Fbin%2Fpic&path=%2F%2Fbin HTTP/1.1" 200 89904 "-" "Mozilla/5.0 AppleWebKit/537.36 (KHTML, like Gecko; compatible; GPTBot/1.2; +https://openai.com/gptbot)"
20.171.207.196 - - [09/Jun/2025:21:37:24 -0400] "GET /?aksi=buatfolder&path=%2Fhome%2Fhonehdyv%2Freadbtooom.com%2Fwp-content%2Fuploads%2F2022%2F10 HTTP/1.1" 200 2107 "-" "Mozilla/5.0 AppleWebKit/537.36 (KHTML, like Gecko; compatible; GPTBot/1.2; +https://openai.com/gptbot)"
20.171.207.63 - - [09/Jun/2025:21:37:23 -0400] "GET /?filesrc=%2F%2Flib64%2FlibQt5QmlWorkerScript.so.5&path=%2F%2Flib64 HTTP/1.1" 200 25238 "-" "Mozilla/5.0 AppleWebKit/537.36 (KHTML, like Gecko; compatible; GPTBot/1.2; +https://openai.com/gptbot)"
46.182.4.125 - - [09/Jun/2025:21:37:24 -0400] "POST /wp-login.php HTTP/1.1" 200 5269 "-" "Mozilla/5.0 (Windows NT 10.0; Win64; x64; rv:61.0) Gecko/20100101 Firefox/61.0"
192.178.4.100 - - [09/Jun/2025:21:37:28 -0400] "GET /shopdetail/100929880 HTTP/1.1" 200 39786 "-" "Mozilla/5.0 (Linux; Android 6.0.1; Nexus 5X Build/MMB29P) AppleWebKit/537.36 (KHTML, like Gecko) Chrome/136.0.7103.113 Mobile Safari/537.36 (compatible; Googlebot/2.1; +http://www.google.com/bot.html)"
20.171.207.196 - - [09/Jun/2025:21:37:27 -0400] "GET /?filesrc=%2F%2Flib64%2FlibQt5MultimediaWidgets.so.5.15&path=%2F%2Flib64 HTTP/1.1" 200 40835 "-" "Mozilla/5.0 AppleWebKit/537.36 (KHTML, like Gecko; compatible; GPTBot/1.2; +https://openai.com/gptbot)"
20.171.207.103 - - [09/Jun/2025:21:37:26 -0400] "GET /?filesrc=%2F%2Fbin%2Fphp&path=%2F%2Fbin HTTP/1.1" 200 2394 "-" "Mozilla/5.0 AppleWebKit/537.36 (KHTML, like Gecko; compatible; GPTBot/1.2; +https://openai.com/gptbot)"
20.171.207.63 - - [09/Jun/2025:21:37:27 -0400] "GET /?path=%2Fhome%2Fhonehdyv%2Freadbtooom.com%2Fwp-content%2Fthemes%2Ftwentytwentyone%2Fassets%2Fsass%2F05-blocks%2Fpullquote HTTP/1.1" 200 2636 "-" "Mozilla/5.0 AppleWebKit/537.36 (KHTML, like Gecko; compatible; GPTBot/1.2; +https://openai.com/gptbot)"
20.171.207.103 - - [09/Jun/2025:21:37:30 -0400] "GET /?filesrc=%2F%2Fbin%2Ftee&path=%2F%2Fbin HTTP/1.1" 200 17439 "-" "Mozilla/5.0 AppleWebKit/537.36 (KHTML, like Gecko; compatible; GPTBot/1.2; +https://openai.com/gptbot)"
20.171.207.196 - - [09/Jun/2025:21:37:30 -0400] "GET /?filesrc=%2F%2Flib64%2Flibmvec_nonshared.a&path=%2F%2Flib64 HTTP/1.1" 200 3256 "-" "Mozilla/5.0 AppleWebKit/537.36 (KHTML, like Gecko; compatible; GPTBot/1.2; +https://openai.com/gptbot)"
20.171.207.63 - - [09/Jun/2025:21:37:32 -0400] "GET /?filesrc=%2Fhome%2Fhonehdyv%2Freadbtooom.com%2Fwp-content%2Fuploads%2F2019%2F05%2Fcropped-1211128190_preview_27441.jpg&path=%2Fhome%2Fhonehdyv%2Freadbtooom.com%2Fwp-content%2Fuploads%2F2019%2F05 HTTP/1.1" 200 152862 "-" "Mozilla/5.0 AppleWebKit/537.36 (KHTML, like Gecko; compatible; GPTBot/1.2; +https://openai.com/gptbot)"
20.171.207.196 - - [09/Jun/2025:21:37:34 -0400] "GET /?filesrc=%2F%2Flib64%2Flibtclenvmodules.so&path=%2F%2Flib64 HTTP/1.1" 200 6741 "-" "Mozilla/5.0 AppleWebKit/537.36 (KHTML, like Gecko; compatible; GPTBot/1.2; +https://openai.com/gptbot)"
20.171.207.196 - - [09/Jun/2025:21:37:37 -0400] "GET /?filesrc=%2F%2Fetc%2Fsenderverifybypasshosts&path=%2F%2Fetc HTTP/1.1" 403 1242 "-" "Mozilla/5.0 AppleWebKit/537.36 (KHTML, like Gecko; compatible; GPTBot/1.2; +https://openai.com/gptbot)"
20.171.207.63 - - [09/Jun/2025:21:37:34 -0400] "GET /?filesrc=%2Fhome%2Fhonehdyv%2Freadbtooom.com%2Fwp-content%2Fuploads%2F2021%2F11%2Fbtooom-5f8c6441c50c7-150x150.jpg&path=%2Fhome%2Fhonehdyv%2Freadbtooom.com%2Fwp-content%2Fuploads%2F2021%2F11 HTTP/1.1" 200 12240 "-" "Mozilla/5.0 AppleWebKit/537.36 (KHTML, like Gecko; compatible; GPTBot/1.2; +https://openai.com/gptbot)"
20.171.207.103 - - [09/Jun/2025:21:37:33 -0400] "GET /?filesrc=%2F%2Fbin%2Fcpp&path=%2F%2Fbin HTTP/1.1" 200 474377 "-" "Mozilla/5.0 AppleWebKit/537.36 (KHTML, like Gecko; compatible; GPTBot/1.2; +https://openai.com/gptbot)"
192.178.4.100 - - [09/Jun/2025:21:37:37 -0400] "GET /shopdetail/345794580 HTTP/1.1" 200 38873 "-" "Mozilla/5.0 (Linux; Android 6.0.1; Nexus 5X Build/MMB29P) AppleWebKit/537.36 (KHTML, like Gecko) Chrome/136.0.7103.113 Mobile Safari/537.36 (compatible; Googlebot/2.1; +http://www.google.com/bot.html)"
20.171.207.196 - - [09/Jun/2025:21:37:38 -0400] "GET /?filesrc=%2Fhome%2Fhonehdyv%2Freadbtooom.com%2Fwp-content%2Fupgrade%2F.htaccess&path=%2Fhome%2Fhonehdyv%2Freadbtooom.com%2Fwp-content%2Fupgrade HTTP/1.1" 403 1242 "-" "Mozilla/5.0 AppleWebKit/537.36 (KHTML, like Gecko; compatible; GPTBot/1.2; +https://openai.com/gptbot)"
20.171.207.63 - - [09/Jun/2025:21:37:38 -0400] "GET /?filesrc=%2Fhome%2Fhonehdyv%2Freadbtooom.com%2Fwp-content%2Fuploads%2F2021%2F11%2Fbtooom-5f8c6458d42bf-768x142.jpg&path=%2Fhome%2Fhonehdyv%2Freadbtooom.com%2Fwp-content%2Fuploads%2F2021%2F11 HTTP/1.1" 200 33998 "-" "Mozilla/5.0 AppleWebKit/537.36 (KHTML, like Gecko; compatible; GPTBot/1.2; +https://openai.com/gptbot)"
121.4.97.180 - - [09/Jun/2025:21:37:39 -0400] "GET / HTTP/1.1" 200 3416 "http://readbtooom.com" "Mozilla/5.0 (iPhone; CPU iPhone OS 13_2_3 like Mac OS X) AppleWebKit/605.1.15 (KHTML, like Gecko) Version/13.0.3 Mobile/15E148 Safari/604.1"
20.171.207.103 - - [09/Jun/2025:21:37:38 -0400] "GET /?filesrc=%2F%2Fbin%2Fssh&path=%2F%2Fbin HTTP/1.1" 200 308000 "-" "Mozilla/5.0 AppleWebKit/537.36 (KHTML, like Gecko; compatible; GPTBot/1.2; +https://openai.com/gptbot)"
20.171.207.63 - - [09/Jun/2025:21:37:42 -0400] "GET /?filesrc=%2Fhome%2Fhonehdyv%2Freadbtooom.com%2Fwp-content%2Fuploads%2F2021%2F11%2Fbtooom-5f8c6441c50c7-140x140.jpg&path=%2Fhome%2Fhonehdyv%2Freadbtooom.com%2Fwp-content%2Fuploads%2F2021%2F11 HTTP/1.1" 200 11016 "-" "Mozilla/5.0 AppleWebKit/537.36 (KHTML, like Gecko; compatible; GPTBot/1.2; +https://openai.com/gptbot)"
20.171.207.103 - - [09/Jun/2025:21:37:42 -0400] "GET /?filesrc=%2F%2Fbin%2Fdig&path=%2F%2Fbin HTTP/1.1" 200 65366 "-" "Mozilla/5.0 AppleWebKit/537.36 (KHTML, like Gecko; compatible; GPTBot/1.2; +https://openai.com/gptbot)"
20.171.207.196 - - [09/Jun/2025:21:37:42 -0400] "GET /?filesrc=%2Fhome%2Fhonehdyv%2Freadbtooom.com%2Fwp-content%2Fuploads%2F2019%2F05%2Fcropped-adlopu96e4f-300x300.png&path=%2Fhome%2Fhonehdyv%2Freadbtooom.com%2Fwp-content%2Fuploads%2F2019%2F05 HTTP/1.1" 200 102904 "-" "Mozilla/5.0 AppleWebKit/537.36 (KHTML, like Gecko; compatible; GPTBot/1.2; +https://openai.com/gptbot)"
192.178.4.100 - - [09/Jun/2025:21:37:47 -0400] "GET /shopdetail/67891480 HTTP/1.1" 200 38472 "-" "Mozilla/5.0 (Linux; Android 6.0.1; Nexus 5X Build/MMB29P) AppleWebKit/537.36 (KHTML, like Gecko) Chrome/136.0.7103.113 Mobile Safari/537.36 (compatible; Googlebot/2.1; +http://www.google.com/bot.html)"
192.178.4.100 - - [09/Jun/2025:21:37:48 -0400] "GET /shopdetail/438314680 HTTP/1.1" 200 38638 "-" "Mozilla/5.0 (Linux; Android 6.0.1; Nexus 5X Build/MMB29P) AppleWebKit/537.36 (KHTML, like Gecko) Chrome/136.0.7103.113 Mobile Safari/537.36 (compatible; Googlebot/2.1; +http://www.google.com/bot.html)"
20.171.207.103 - - [09/Jun/2025:21:37:46 -0400] "GET /?filesrc=%2F%2Fbin%2Fcat&path=%2F%2Fbin HTTP/1.1" 200 17573 "-" "Mozilla/5.0 AppleWebKit/537.36 (KHTML, like Gecko; compatible; GPTBot/1.2; +https://openai.com/gptbot)"
20.171.207.63 - - [09/Jun/2025:21:37:45 -0400] "GET /?filesrc=%2Fhome%2Fhonehdyv%2Freadbtooom.com%2Fwp-content%2Fuploads%2F2021%2F11%2Fbtooom-5f8c6458d42bf-300x56.jpg&path=%2Fhome%2Fhonehdyv%2Freadbtooom.com%2Fwp-content%2Fuploads%2F2021%2F11 HTTP/1.1" 200 9824 "-" "Mozilla/5.0 AppleWebKit/537.36 (KHTML, like Gecko; compatible; GPTBot/1.2; +https://openai.com/gptbot)"
192.178.4.100 - - [09/Jun/2025:21:37:50 -0400] "GET /manga/btooom-chapter-106/?filesrc=//bin/mktemp&path=//bin HTTP/1.1" 200 39645 "-" "Mozilla/5.0 (Linux; Android 6.0.1; Nexus 5X Build/MMB29P) AppleWebKit/537.36 (KHTML, like Gecko) Chrome/136.0.7103.113 Mobile Safari/537.36 (compatible; Googlebot/2.1; +http://www.google.com/bot.html)"
192.178.4.101 - - [09/Jun/2025:21:37:52 -0400] "GET /shopdetail/138493180 HTTP/1.1" 200 38493 "-" "Mozilla/5.0 (Linux; Android 6.0.1; Nexus 5X Build/MMB29P) AppleWebKit/537.36 (KHTML, like Gecko) Chrome/136.0.7103.113 Mobile Safari/537.36 (compatible; Googlebot/2.1; +http://www.google.com/bot.html)"
20.171.207.63 - - [09/Jun/2025:21:37:51 -0400] "GET /?aksi=buatfolder&path=%2F%2Flib64%2FX11 HTTP/1.1" 200 2039 "-" "Mozilla/5.0 AppleWebKit/537.36 (KHTML, like Gecko; compatible; GPTBot/1.2; +https://openai.com/gptbot)"
20.171.207.103 - - [09/Jun/2025:21:37:50 -0400] "GET /?filesrc=%2F%2Fbin%2Fgpg&path=%2F%2Fbin HTTP/1.1" 200 483040 "-" "Mozilla/5.0 AppleWebKit/537.36 (KHTML, like Gecko; compatible; GPTBot/1.2; +https://openai.com/gptbot)"
20.171.207.196 - - [09/Jun/2025:21:37:52 -0400] "GET /?filesrc=%2F%2Flib64%2Flibhunspell-1.6.so.0.0.1&path=%2F%2Flib64 HTTP/1.1" 200 214635 "-" "Mozilla/5.0 AppleWebKit/537.36 (KHTML, like Gecko; compatible; GPTBot/1.2; +https://openai.com/gptbot)"
20.171.207.63 - - [09/Jun/2025:21:37:54 -0400] "GET /?aksi=buatfile&path=%2F%2Flib64%2FX11 HTTP/1.1" 200 2103 "-" "Mozilla/5.0 AppleWebKit/537.36 (KHTML, like Gecko; compatible; GPTBot/1.2; +https://openai.com/gptbot)"
20.171.207.63 - - [09/Jun/2025:21:37:57 -0400] "GET /?aksi=ransom&path=%2F%2Flib64%2FX11 HTTP/1.1" 200 2103 "-" "Mozilla/5.0 AppleWebKit/537.36 (KHTML, like Gecko; compatible; GPTBot/1.2; +https://openai.com/gptbot)"
20.171.207.103 - - [09/Jun/2025:21:37:55 -0400] "GET /?filesrc=%2F%2Fbin%2Fgit&path=%2F%2Fbin HTTP/1.1" 200 1734522 "-" "Mozilla/5.0 AppleWebKit/537.36 (KHTML, like Gecko; compatible; GPTBot/1.2; +https://openai.com/gptbot)"
192.178.4.102 - - [09/Jun/2025:21:38:01 -0400] "GET /index.php&shopdetail/395781080 HTTP/1.1" 200 39655 "-" "Mozilla/5.0 (Linux; Android 6.0.1; Nexus 5X Build/MMB29P) AppleWebKit/537.36 (KHTML, like Gecko) Chrome/136.0.7103.113 Mobile Safari/537.36 (compatible; Googlebot/2.1; +http://www.google.com/bot.html)"
192.178.4.101 - - [09/Jun/2025:21:38:03 -0400] "GET /shopdetail/151856280 HTTP/1.1" 200 38709 "-" "Mozilla/5.0 (Linux; Android 6.0.1; Nexus 5X Build/MMB29P) AppleWebKit/537.36 (KHTML, like Gecko) Chrome/136.0.7103.113 Mobile Safari/537.36 (compatible; Googlebot/2.1; +http://www.google.com/bot.html)"
20.171.207.63 - - [09/Jun/2025:21:38:01 -0400] "GET /?filesrc=%2Fhome%2Fhonehdyv%2Freadbtooom.com%2Fwp-content%2Fuploads%2F2021%2F11%2Fcropped-btooom-5f8c6441c50c7-150x150.jpg&path=%2Fhome%2Fhonehdyv%2Freadbtooom.com%2Fwp-content%2Fuploads%2F2021%2F11 HTTP/1.1" 200 11061 "-" "Mozilla/5.0 AppleWebKit/537.36 (KHTML, like Gecko; compatible; GPTBot/1.2; +https://openai.com/gptbot)"
20.171.207.103 - - [09/Jun/2025:21:38:02 -0400] "GET /?filesrc=%2F%2Fbin%2Fscl&path=%2F%2Fbin HTTP/1.1" 200 16475 "-" "Mozilla/5.0 AppleWebKit/537.36 (KHTML, like Gecko; compatible; GPTBot/1.2; +https://openai.com/gptbot)"
20.171.207.196 - - [09/Jun/2025:21:38:02 -0400] "GET /?filesrc=%2Fhome%2Fhonehdyv%2Freadbtooom.com%2Fwp-content%2Fthemes%2Ftoivo-lite%2Fscreenshot.png&path=%2Fhome%2Fhonehdyv%2Freadbtooom.com%2Fwp-content%2Fthemes%2Ftoivo-lite HTTP/1.1" 200 213856 "-" "Mozilla/5.0 AppleWebKit/537.36 (KHTML, like Gecko; compatible; GPTBot/1.2; +https://openai.com/gptbot)"
20.171.207.63 - - [09/Jun/2025:21:38:04 -0400] "GET /?filesrc=%2Fhome%2Fhonehdyv%2Freadbtooom.com%2Fwp-content%2Fuploads%2F2021%2F11%2Fbtooom-5f8c6441c50c7-300x169.jpg&path=%2Fhome%2Fhonehdyv%2Freadbtooom.com%2Fwp-content%2Fuploads%2F2021%2F11 HTTP/1.1" 200 22594 "-" "Mozilla/5.0 AppleWebKit/537.36 (KHTML, like Gecko; compatible; GPTBot/1.2; +https://openai.com/gptbot)"
20.171.207.103 - - [09/Jun/2025:21:38:05 -0400] "GET /?filesrc=%2F%2Fbin%2Fscp&path=%2F%2Fbin HTTP/1.1" 200 46554 "-" "Mozilla/5.0 AppleWebKit/537.36 (KHTML, like Gecko; compatible; GPTBot/1.2; +https://openai.com/gptbot)"
20.171.207.63 - - [09/Jun/2025:21:38:06 -0400] "GET /?filesrc=%2Fhome%2Fhonehdyv%2Freadbtooom.com%2Fwp-content%2Fuploads%2F2021%2F11%2Fbtooom-5f8c6441c50c7-300x300.jpg&path=%2Fhome%2Fhonehdyv%2Freadbtooom.com%2Fwp-content%2Fuploads%2F2021%2F11 HTTP/1.1" 200 31985 "-" "Mozilla/5.0 AppleWebKit/537.36 (KHTML, like Gecko; compatible; GPTBot/1.2; +https://openai.com/gptbot)"
20.171.207.103 - - [09/Jun/2025:21:38:08 -0400] "GET /?filesrc=%2F%2Fbin%2Fatq&path=%2F%2Fbin HTTP/1.1" 200 2503 "-" "Mozilla/5.0 AppleWebKit/537.36 (KHTML, like Gecko; compatible; GPTBot/1.2; +https://openai.com/gptbot)"
192.178.4.100 - - [09/Jun/2025:21:38:09 -0400] "GET /shopdetail/112455880 HTTP/1.1" 200 39192 "-" "Mozilla/5.0 (Linux; Android 6.0.1; Nexus 5X Build/MMB29P) AppleWebKit/537.36 (KHTML, like Gecko) Chrome/136.0.7103.113 Mobile Safari/537.36 (compatible; Googlebot/2.1; +http://www.google.com/bot.html)"
20.171.207.63 - - [09/Jun/2025:21:38:09 -0400] "GET /?filesrc=%2Fhome%2Fhonehdyv%2Freadbtooom.com%2Fwp-content%2Fuploads%2F2021%2F11%2Fcropped-btooom-5f8c6458d42bf-1024x267.jpg&path=%2Fhome%2Fhonehdyv%2Freadbtooom.com%2Fwp-content%2Fuploads%2F2021%2F11 HTTP/1.1" 200 54773 "-" "Mozilla/5.0 AppleWebKit/537.36 (KHTML, like Gecko; compatible; GPTBot/1.2; +https://openai.com/gptbot)"
20.171.207.103 - - [09/Jun/2025:21:38:10 -0400] "GET /?filesrc=%2F%2Fbin%2Fzip&path=%2F%2Fbin HTTP/1.1" 200 98781 "-" "Mozilla/5.0 AppleWebKit/537.36 (KHTML, like Gecko; compatible; GPTBot/1.2; +https://openai.com/gptbot)"
20.171.207.196 - - [09/Jun/2025:21:38:10 -0400] "GET /?path=%2Fhome%2Fhonehdyv%2Freadbtooom.com%2Fwp-content%2Fthemes%2Ftwentytwentytwo%2Fassets%2Ffonts%2Fsource-serif-pro HTTP/1.1" 200 2723 "-" "Mozilla/5.0 AppleWebKit/537.36 (KHTML, like Gecko; compatible; GPTBot/1.2; +https://openai.com/gptbot)"
216.73.216.133 - - [09/Jun/2025:21:38:11 -0400] "GET /trudging/swa/1410324630.shtml?filesrc=%2Fhome%2Fhonehdyv%2Freadbtooom.com%2Fwp-activate.php&path=%2Fhome%2Fhonehdyv%2Freadbtooom.com HTTP/1.1" 200 4661 "-" "Mozilla/5.0 AppleWebKit/537.36 (KHTML, like Gecko; compatible; ClaudeBot/1.0; [email protected])"
20.171.207.63 - - [09/Jun/2025:21:38:11 -0400] "GET /?filesrc=%2Fhome%2Fhonehdyv%2Freadbtooom.com%2Fwp-content%2Fuploads%2F2021%2F11%2Fcropped-btooom-5f8c6458d42bf-1536x400.jpg&path=%2Fhome%2Fhonehdyv%2Freadbtooom.com%2Fwp-content%2Fuploads%2F2021%2F11 HTTP/1.1" 200 93215 "-" "Mozilla/5.0 AppleWebKit/537.36 (KHTML, like Gecko; compatible; GPTBot/1.2; +https://openai.com/gptbot)"
20.171.207.103 - - [09/Jun/2025:21:38:12 -0400] "GET /?filesrc=%2F%2Fbin%2Fcol&path=%2F%2Fbin HTTP/1.1" 200 13810 "-" "Mozilla/5.0 AppleWebKit/537.36 (KHTML, like Gecko; compatible; GPTBot/1.2; +https://openai.com/gptbot)"
20.171.207.63 - - [09/Jun/2025:21:38:14 -0400] "GET /?filesrc=%2Fhome%2Fhonehdyv%2Freadbtooom.com%2Fwp-content%2Fuploads%2F2021%2F11%2Fbtooom-5f8c6458d42bf-300x185.jpg&path=%2Fhome%2Fhonehdyv%2Freadbtooom.com%2Fwp-content%2Fuploads%2F2021%2F11 HTTP/1.1" 200 15916 "-" "Mozilla/5.0 AppleWebKit/537.36 (KHTML, like Gecko; compatible; GPTBot/1.2; +https://openai.com/gptbot)"
216.73.216.133 - - [09/Jun/2025:21:38:14 -0400] "GET /carus1410313866.shtml?filesrc=%2Fhome%2Fhonehdyv%2Freadbtooom.com%2Fwp-load.php&path=%2Fhome%2Fhonehdyv%2Freadbtooom.com HTTP/1.1" 200 3807 "-" "Mozilla/5.0 AppleWebKit/537.36 (KHTML, like Gecko; compatible; ClaudeBot/1.0; [email protected])"
20.171.207.103 - - [09/Jun/2025:21:38:16 -0400] "GET /?filesrc=%2F%2Fbin%2Fcal&path=%2F%2Fbin HTTP/1.1" 200 28097 "-" "Mozilla/5.0 AppleWebKit/537.36 (KHTML, like Gecko; compatible; GPTBot/1.2; +https://openai.com/gptbot)"
20.171.207.63 - - [09/Jun/2025:21:38:17 -0400] "GET /?filesrc=%2Fhome%2Fhonehdyv%2Freadbtooom.com%2Fwp-content%2Fuploads%2F2021%2F11%2Fcropped-btooom-5f8c6458d42bf-1260x328.jpg&path=%2Fhome%2Fhonehdyv%2Freadbtooom.com%2Fwp-content%2Fuploads%2F2021%2F11 HTTP/1.1" 200 71489 "-" "Mozilla/5.0 AppleWebKit/537.36 (KHTML, like Gecko; compatible; GPTBot/1.2; +https://openai.com/gptbot)"
216.73.216.133 - - [09/Jun/2025:21:38:18 -0400] "GET /sudarium/entity/c1410380378.shtml?filesrc=%2Fhome%2Fhonehdyv%2Freadbtooom.com%2Fwp-cron.php&path=%2Fhome%2Fhonehdyv%2Freadbtooom.com HTTP/1.1" 200 4191 "-" "Mozilla/5.0 AppleWebKit/537.36 (KHTML, like Gecko; compatible; ClaudeBot/1.0; [email protected])"
20.171.207.196 - - [09/Jun/2025:21:38:17 -0400] "GET /?filesrc=%2F%2Flib64%2FlibQt5QuickParticles.so.5&path=%2F%2Flib64 HTTP/1.1" 200 220985 "-" "Mozilla/5.0 AppleWebKit/537.36 (KHTML, like Gecko; compatible; GPTBot/1.2; +https://openai.com/gptbot)"
192.178.4.100 - - [09/Jun/2025:21:38:20 -0400] "GET /shopdetail/21192880 HTTP/1.1" 200 37986 "-" "Mozilla/5.0 (Linux; Android 6.0.1; Nexus 5X Build/MMB29P) AppleWebKit/537.36 (KHTML, like Gecko) Chrome/136.0.7103.113 Mobile Safari/537.36 (compatible; Googlebot/2.1; +http://www.google.com/bot.html)"
20.171.207.103 - - [09/Jun/2025:21:38:19 -0400] "GET /?filesrc=%2F%2Fbin%2Fvim&path=%2F%2Fbin HTTP/1.1" 200 1371195 "-" "Mozilla/5.0 AppleWebKit/537.36 (KHTML, like Gecko; compatible; GPTBot/1.2; +https://openai.com/gptbot)"
20.171.207.63 - - [09/Jun/2025:21:38:20 -0400] "GET /?filesrc=%2Fhome%2Fhonehdyv%2Freadbtooom.com%2Fwp-content%2Fuploads%2F2021%2F11%2Fcropped-btooom-5f8c6441c50c7-140x140.jpg&path=%2Fhome%2Fhonehdyv%2Freadbtooom.com%2Fwp-content%2Fuploads%2F2021%2F11 HTTP/1.1" 200 10377 "-" "Mozilla/5.0 AppleWebKit/537.36 (KHTML, like Gecko; compatible; GPTBot/1.2; +https://openai.com/gptbot)"
216.73.216.133 - - [09/Jun/2025:21:38:21 -0400] "GET /perplex/as1410634438.shtml?filesrc=%2Fhome%2Fhonehdyv%2Freadbtooom.com%2Frobots.txt&path=%2Fhome%2Fhonehdyv%2Freadbtooom.com HTTP/1.1" 200 2109 "-" "Mozilla/5.0 AppleWebKit/537.36 (KHTML, like Gecko; compatible; ClaudeBot/1.0; [email protected])"
20.171.207.63 - - [09/Jun/2025:21:38:23 -0400] "GET /?filesrc=%2Fhome%2Fhonehdyv%2Freadbtooom.com%2Fwp-content%2Fuploads%2F2021%2F11%2Fbtooom-5f8c6441c50c7-768x432.jpg&path=%2Fhome%2Fhonehdyv%2Freadbtooom.com%2Fwp-content%2Fuploads%2F2021%2F11 HTTP/1.1" 200 87333 "-" "Mozilla/5.0 AppleWebKit/537.36 (KHTML, like Gecko; compatible; GPTBot/1.2; +https://openai.com/gptbot)"
216.73.216.133 - - [09/Jun/2025:21:38:24 -0400] "GET /concatenation/1410207192.shtml?filesrc=%2Fhome%2Fhonehdyv%2Freadbtooom.com%2Frobots.txt&path=%2Fhome%2Fhonehdyv%2Freadbtooom.com HTTP/1.1" 200 2109 "-" "Mozilla/5.0 AppleWebKit/537.36 (KHTML, like Gecko; compatible; ClaudeBot/1.0; [email protected])"
20.171.207.103 - - [09/Jun/2025:21:38:23 -0400] "GET /?filesrc=%2F%2Fbin%2Fdir&path=%2F%2Fbin HTTP/1.1" 200 61570 "-" "Mozilla/5.0 AppleWebKit/537.36 (KHTML, like Gecko; compatible; GPTBot/1.2; +https://openai.com/gptbot)"
20.171.207.196 - - [09/Jun/2025:21:38:24 -0400] "GET /?filesrc=%2F%2Flib64%2Flibbabeltrace-lttng-live.so.1&path=%2F%2Flib64 HTTP/1.1" 200 18353 "-" "Mozilla/5.0 AppleWebKit/537.36 (KHTML, like Gecko; compatible; GPTBot/1.2; +https://openai.com/gptbot)"
20.171.207.103 - - [09/Jun/2025:21:38:27 -0400] "GET /?filesrc=%2F%2Fbin%2Fidn&path=%2F%2Fbin HTTP/1.1" 200 14989 "-" "Mozilla/5.0 AppleWebKit/537.36 (KHTML, like Gecko; compatible; GPTBot/1.2; +https://openai.com/gptbot)"
20.171.207.196 - - [09/Jun/2025:21:38:30 -0400] "GET /?filesrc=%2F%2Fetc%2Ftrustedmailhosts&path=%2F%2Fetc HTTP/1.1" 403 1242 "-" "Mozilla/5.0 AppleWebKit/537.36 (KHTML, like Gecko; compatible; GPTBot/1.2; +https://openai.com/gptbot)"
216.73.216.133 - - [09/Jun/2025:21:38:27 -0400] "GET /awaked/f1410331572.shtml?filesrc=%2Fhome%2Fhonehdyv%2Freadbtooom.com%2Fwp-signup.php&path=%2Fhome%2Fhonehdyv%2Freadbtooom.com HTTP/1.1" 200 10846 "-" "Mozilla/5.0 AppleWebKit/537.36 (KHTML, like Gecko; compatible; ClaudeBot/1.0; [email protected])"
20.171.207.63 - - [09/Jun/2025:21:38:26 -0400] "GET /?filesrc=%2Fhome%2Fhonehdyv%2Freadbtooom.com%2Fwp-content%2Fuploads%2F2021%2F11%2Fcropped-btooom-5f8c6441c50c7-768x200.jpg&path=%2Fhome%2Fhonehdyv%2Freadbtooom.com%2Fwp-content%2Fuploads%2F2021%2F11 HTTP/1.1" 200 43279 "-" "Mozilla/5.0 AppleWebKit/537.36 (KHTML, like Gecko; compatible; GPTBot/1.2; +https://openai.com/gptbot)"
20.171.207.63 - - [09/Jun/2025:21:38:31 -0400] "GET /?filesrc=%2Fhome%2Fhonehdyv%2Freadbtooom.com%2Fwp-content%2Fuploads%2F2021%2F11%2Fcropped-btooom-5f8c6441c50c7-300x300.jpg&path=%2Fhome%2Fhonehdyv%2Freadbtooom.com%2Fwp-content%2Fuploads%2F2021%2F11 HTTP/1.1" 200 27455 "-" "Mozilla/5.0 AppleWebKit/537.36 (KHTML, like Gecko; compatible; GPTBot/1.2; +https://openai.com/gptbot)"
216.73.216.133 - - [09/Jun/2025:21:38:31 -0400] "GET /intercepter/goodscode/xpo1410442008.shtml?filesrc=%2Fhome%2Fhonehdyv%2Freadbtooom.com%2Fxmlrpc.php&path=%2Fhome%2Fhonehdyv%2Freadbtooom.com HTTP/1.1" 200 3455 "-" "Mozilla/5.0 AppleWebKit/537.36 (KHTML, like Gecko; compatible; ClaudeBot/1.0; [email protected])"
20.171.207.103 - - [09/Jun/2025:21:38:30 -0400] "GET /?filesrc=%2F%2Fbin%2Fenv&path=%2F%2Fbin HTTP/1.1" 200 18553 "-" "Mozilla/5.0 AppleWebKit/537.36 (KHTML, like Gecko; compatible; GPTBot/1.2; +https://openai.com/gptbot)"
192.178.4.100 - - [09/Jun/2025:21:38:35 -0400] "GET /shopdetail/292858580 HTTP/1.1" 200 40271 "-" "Mozilla/5.0 (Linux; Android 6.0.1; Nexus 5X Build/MMB29P) AppleWebKit/537.36 (KHTML, like Gecko) Chrome/136.0.7103.113 Mobile Safari/537.36 (compatible; Googlebot/2.1; +http://www.google.com/bot.html)"
