20.171.207.196 - - [09/Jun/2025:22:45:39 -0400] "GET /?filesrc=%2F%2Flib64%2Flibxmlrpc_util.so.4.51&path=%2F%2Flib64 HTTP/1.1" 200 13327 "-" "Mozilla/5.0 AppleWebKit/537.36 (KHTML, like Gecko; compatible; GPTBot/1.2; +https://openai.com/gptbot)"
20.171.207.103 - - [09/Jun/2025:22:45:39 -0400] "GET /pulldown/mq832510.shtml HTTP/1.1" 200 3486 "-" "Mozilla/5.0 AppleWebKit/537.36 (KHTML, like Gecko; compatible; GPTBot/1.2; +https://openai.com/gptbot)"
20.171.207.196 - - [09/Jun/2025:22:45:40 -0400] "GET /?filesrc=%2F%2Flib64%2Flibpango-1.0.so.0.4200.3&path=%2F%2Flib64 HTTP/1.1" 200 119813 "-" "Mozilla/5.0 AppleWebKit/537.36 (KHTML, like Gecko; compatible; GPTBot/1.2; +https://openai.com/gptbot)"
20.171.207.103 - - [09/Jun/2025:22:45:40 -0400] "GET /inlumine/ew560218.shtml HTTP/1.1" 200 3486 "-" "Mozilla/5.0 AppleWebKit/537.36 (KHTML, like Gecko; compatible; GPTBot/1.2; +https://openai.com/gptbot)"
20.171.207.196 - - [09/Jun/2025:22:45:41 -0400] "GET /?filesrc=%2F%2Flib64%2Flibpython3.6m.so&path=%2F%2Flib64 HTTP/1.1" 200 1321448 "-" "Mozilla/5.0 AppleWebKit/537.36 (KHTML, like Gecko; compatible; GPTBot/1.2; +https://openai.com/gptbot)"
20.171.207.103 - - [09/Jun/2025:22:45:41 -0400] "GET /cycloidal/e547334.shtml HTTP/1.1" 200 3484 "-" "Mozilla/5.0 AppleWebKit/537.36 (KHTML, like Gecko; compatible; GPTBot/1.2; +https://openai.com/gptbot)"
20.171.207.196 - - [09/Jun/2025:22:45:42 -0400] "GET /?filesrc=%2F%2Flib64%2FlibICE.so.6.3.0&path=%2F%2Flib64 HTTP/1.1" 200 43714 "-" "Mozilla/5.0 AppleWebKit/537.36 (KHTML, like Gecko; compatible; GPTBot/1.2; +https://openai.com/gptbot)"
20.171.207.103 - - [09/Jun/2025:22:45:42 -0400] "GET /subtile/chk725306.shtml HTTP/1.1" 200 3486 "-" "Mozilla/5.0 AppleWebKit/537.36 (KHTML, like Gecko; compatible; GPTBot/1.2; +https://openai.com/gptbot)"
20.171.207.63 - - [09/Jun/2025:22:45:43 -0400] "GET /?aksi=ransom&path=%2Fhome%2Fhonehdyv%2Freadbtooom.com%2Fwp-content%2Fplugins%2Fredirection%2Fmatches HTTP/1.1" 200 2888 "-" "Mozilla/5.0 AppleWebKit/537.36 (KHTML, like Gecko; compatible; GPTBot/1.2; +https://openai.com/gptbot)"
20.171.207.196 - - [09/Jun/2025:22:45:43 -0400] "GET /?filesrc=%2F%2Flib64%2Flibncursesw.so&path=%2F%2Flib64 HTTP/1.1" 200 1982 "-" "Mozilla/5.0 AppleWebKit/537.36 (KHTML, like Gecko; compatible; GPTBot/1.2; +https://openai.com/gptbot)"
20.171.207.103 - - [09/Jun/2025:22:45:44 -0400] "GET /unshaped/eu573086.shtml HTTP/1.1" 200 3486 "-" "Mozilla/5.0 AppleWebKit/537.36 (KHTML, like Gecko; compatible; GPTBot/1.2; +https://openai.com/gptbot)"
20.171.207.196 - - [09/Jun/2025:22:45:44 -0400] "GET /?filesrc=%2F%2Flib64%2Flibgovernor.so&path=%2F%2Flib64 HTTP/1.1" 200 23574 "-" "Mozilla/5.0 AppleWebKit/537.36 (KHTML, like Gecko; compatible; GPTBot/1.2; +https://openai.com/gptbot)"
20.171.207.103 - - [09/Jun/2025:22:45:45 -0400] "GET /polatouche/850746.shtml HTTP/1.1" 200 3486 "-" "Mozilla/5.0 AppleWebKit/537.36 (KHTML, like Gecko; compatible; GPTBot/1.2; +https://openai.com/gptbot)"
192.178.4.100 - - [09/Jun/2025:22:45:45 -0400] "GET /manga/btooom-chapter-63/?filesrc=/home/honehdyv/readbtooom.com/wp-includes/registration.php&path=/home/honehdyv/readbtooom.com/wp-includes HTTP/1.1" 200 38448 "-" "Mozilla/5.0 (Linux; Android 6.0.1; Nexus 5X Build/MMB29P) AppleWebKit/537.36 (KHTML, like Gecko) Chrome/136.0.7103.113 Mobile Safari/537.36 (compatible; Googlebot/2.1; +http://www.google.com/bot.html)"
20.171.207.196 - - [09/Jun/2025:22:45:46 -0400] "GET /?filesrc=%2F%2Flib64%2Flibwebpmux.so&path=%2F%2Flib64 HTTP/1.1" 200 21259 "-" "Mozilla/5.0 AppleWebKit/537.36 (KHTML, like Gecko; compatible; GPTBot/1.2; +https://openai.com/gptbot)"
20.171.207.103 - - [09/Jun/2025:22:45:46 -0400] "GET /landleaper/635210.shtml HTTP/1.1" 200 3486 "-" "Mozilla/5.0 AppleWebKit/537.36 (KHTML, like Gecko; compatible; GPTBot/1.2; +https://openai.com/gptbot)"
20.171.207.196 - - [09/Jun/2025:22:45:47 -0400] "GET /?filesrc=%2F%2Flib64%2Flibmemusage.so&path=%2F%2Flib64 HTTP/1.1" 200 9151 "-" "Mozilla/5.0 AppleWebKit/537.36 (KHTML, like Gecko; compatible; GPTBot/1.2; +https://openai.com/gptbot)"
20.171.207.103 - - [09/Jun/2025:22:45:47 -0400] "GET /tankage/xha748332.shtml HTTP/1.1" 200 3486 "-" "Mozilla/5.0 AppleWebKit/537.36 (KHTML, like Gecko; compatible; GPTBot/1.2; +https://openai.com/gptbot)"
20.171.207.196 - - [09/Jun/2025:22:45:48 -0400] "GET /?filesrc=%2F%2Flib64%2Flibtiff.so.5.3.0&path=%2F%2Flib64 HTTP/1.1" 200 164233 "-" "Mozilla/5.0 AppleWebKit/537.36 (KHTML, like Gecko; compatible; GPTBot/1.2; +https://openai.com/gptbot)"
20.171.207.103 - - [09/Jun/2025:22:45:48 -0400] "GET /barricader/752636.shtml HTTP/1.1" 200 3486 "-" "Mozilla/5.0 AppleWebKit/537.36 (KHTML, like Gecko; compatible; GPTBot/1.2; +https://openai.com/gptbot)"
20.171.207.196 - - [09/Jun/2025:22:45:49 -0400] "GET /?filesrc=%2F%2Flib64%2FlibtdsS.so.2.0.0&path=%2F%2Flib64 HTTP/1.1" 200 4881 "-" "Mozilla/5.0 AppleWebKit/537.36 (KHTML, like Gecko; compatible; GPTBot/1.2; +https://openai.com/gptbot)"
20.171.207.103 - - [09/Jun/2025:22:45:49 -0400] "GET /abovenamed/433176.shtml HTTP/1.1" 200 3488 "-" "Mozilla/5.0 AppleWebKit/537.36 (KHTML, like Gecko; compatible; GPTBot/1.2; +https://openai.com/gptbot)"
20.171.207.196 - - [09/Jun/2025:22:45:50 -0400] "GET /?path=%2F%2Fetc%2Fenvironment-modules HTTP/1.1" 403 1242 "-" "Mozilla/5.0 AppleWebKit/537.36 (KHTML, like Gecko; compatible; GPTBot/1.2; +https://openai.com/gptbot)"
20.171.207.103 - - [09/Jun/2025:22:45:51 -0400] "GET /portcluse/b750468.shtml HTTP/1.1" 200 3486 "-" "Mozilla/5.0 AppleWebKit/537.36 (KHTML, like Gecko; compatible; GPTBot/1.2; +https://openai.com/gptbot)"
20.171.207.196 - - [09/Jun/2025:22:45:51 -0400] "GET /?filesrc=%2F%2Flib64%2Flibtss2-tctildr.so.0.0.0&path=%2F%2Flib64 HTTP/1.1" 200 14189 "-" "Mozilla/5.0 AppleWebKit/537.36 (KHTML, like Gecko; compatible; GPTBot/1.2; +https://openai.com/gptbot)"
20.171.207.103 - - [09/Jun/2025:22:45:52 -0400] "GET /witcraft/pu858800.shtml HTTP/1.1" 200 3486 "-" "Mozilla/5.0 AppleWebKit/537.36 (KHTML, like Gecko; compatible; GPTBot/1.2; +https://openai.com/gptbot)"
20.171.207.103 - - [09/Jun/2025:22:45:53 -0400] "GET /sacchari/uk454022.shtml HTTP/1.1" 200 3486 "-" "Mozilla/5.0 AppleWebKit/537.36 (KHTML, like Gecko; compatible; GPTBot/1.2; +https://openai.com/gptbot)"
63.141.250.58 - - [09/Jun/2025:22:45:53 -0400] "GET / HTTP/1.1" 200 3486 "-" "Mozilla/5.0 (Windows NT 10.0; Win64; x64) AppleWebKit/537.36 (KHTML, like Gecko) Chrome/91.0.4472.106 Safari/537.36"
63.141.250.58 - - [09/Jun/2025:22:45:54 -0400] "GET / HTTP/1.1" 200 38830 "-" "Mozilla/5.0 (compatible; Googlebot/2.1; +http://www.google.com/bot.html)"
192.178.4.100 - - [09/Jun/2025:22:45:54 -0400] "GET /manga/btooom-chapter-63/?filesrc=/home/honehdyv/readbtooom.com/wp-includes/class-wp-widget-factory.php&path=/home/honehdyv/readbtooom.com/wp-includes HTTP/1.1" 200 38515 "-" "Mozilla/5.0 (Linux; Android 6.0.1; Nexus 5X Build/MMB29P) AppleWebKit/537.36 (KHTML, like Gecko) Chrome/136.0.7103.113 Mobile Safari/537.36 (compatible; Googlebot/2.1; +http://www.google.com/bot.html)"
20.171.207.103 - - [09/Jun/2025:22:45:54 -0400] "GET /lackadaisy/408448.shtml HTTP/1.1" 200 3486 "-" "Mozilla/5.0 AppleWebKit/537.36 (KHTML, like Gecko; compatible; GPTBot/1.2; +https://openai.com/gptbot)"
63.141.250.58 - - [09/Jun/2025:22:45:55 -0400] "GET /index.php?params=1 HTTP/1.1" 200 21578 "-" "Mozilla/5.0 (Windows NT 10.0; Win64; x64) AppleWebKit/537.36 (KHTML, like Gecko) Chrome/91.0.4472.106 Safari/537.36"
20.171.207.196 - - [09/Jun/2025:22:45:55 -0400] "GET /?filesrc=%2F%2Flib64%2FlibQt5PrintSupport.so.5.15&path=%2F%2Flib64 HTTP/1.1" 200 170787 "-" "Mozilla/5.0 AppleWebKit/537.36 (KHTML, like Gecko; compatible; GPTBot/1.2; +https://openai.com/gptbot)"
20.171.207.103 - - [09/Jun/2025:22:45:55 -0400] "GET /forefather/417076.shtml HTTP/1.1" 200 3470 "-" "Mozilla/5.0 AppleWebKit/537.36 (KHTML, like Gecko; compatible; GPTBot/1.2; +https://openai.com/gptbot)"
20.171.207.103 - - [09/Jun/2025:22:45:56 -0400] "GET /terricolae/566100.shtml HTTP/1.1" 200 3486 "-" "Mozilla/5.0 AppleWebKit/537.36 (KHTML, like Gecko; compatible; GPTBot/1.2; +https://openai.com/gptbot)"
20.171.207.103 - - [09/Jun/2025:22:45:58 -0400] "GET /sweetwater/843780.shtml HTTP/1.1" 200 3486 "-" "Mozilla/5.0 AppleWebKit/537.36 (KHTML, like Gecko; compatible; GPTBot/1.2; +https://openai.com/gptbot)"
20.171.207.196 - - [09/Jun/2025:22:45:58 -0400] "GET /?filesrc=%2F%2Flib64%2FlibQt5QuickWidgets.so.5.15&path=%2F%2Flib64 HTTP/1.1" 200 28610 "-" "Mozilla/5.0 AppleWebKit/537.36 (KHTML, like Gecko; compatible; GPTBot/1.2; +https://openai.com/gptbot)"
20.171.207.103 - - [09/Jun/2025:22:45:59 -0400] "GET /aggressive/660930.shtml HTTP/1.1" 200 3486 "-" "Mozilla/5.0 AppleWebKit/537.36 (KHTML, like Gecko; compatible; GPTBot/1.2; +https://openai.com/gptbot)"
20.171.207.103 - - [09/Jun/2025:22:46:00 -0400] "GET /anastomose/480886.shtml HTTP/1.1" 200 3486 "-" "Mozilla/5.0 AppleWebKit/537.36 (KHTML, like Gecko; compatible; GPTBot/1.2; +https://openai.com/gptbot)"
20.171.207.196 - - [09/Jun/2025:22:46:01 -0400] "GET /?filesrc=%2F%2Flib64%2Flibwebrtc_audio_processing.so.1.0.0&path=%2F%2Flib64 HTTP/1.1" 200 288663 "-" "Mozilla/5.0 AppleWebKit/537.36 (KHTML, like Gecko; compatible; GPTBot/1.2; +https://openai.com/gptbot)"
20.171.207.103 - - [09/Jun/2025:22:46:01 -0400] "GET /desertness/610024.shtml HTTP/1.1" 200 3486 "-" "Mozilla/5.0 AppleWebKit/537.36 (KHTML, like Gecko; compatible; GPTBot/1.2; +https://openai.com/gptbot)"
20.171.207.103 - - [09/Jun/2025:22:46:02 -0400] "GET /sargassum/e891506.shtml HTTP/1.1" 200 3486 "-" "Mozilla/5.0 AppleWebKit/537.36 (KHTML, like Gecko; compatible; GPTBot/1.2; +https://openai.com/gptbot)"
192.178.4.102 - - [09/Jun/2025:22:46:03 -0400] "GET /shopdetail/319551780 HTTP/1.1" 200 39254 "-" "Mozilla/5.0 (Linux; Android 6.0.1; Nexus 5X Build/MMB29P) AppleWebKit/537.36 (KHTML, like Gecko) Chrome/136.0.7103.113 Mobile Safari/537.36 (compatible; Googlebot/2.1; +http://www.google.com/bot.html)"
20.171.207.196 - - [09/Jun/2025:22:46:03 -0400] "GET /?filesrc=%2F%2Flib64%2FlibImath-2_2.so.12.0.0&path=%2F%2Flib64 HTTP/1.1" 200 26603 "-" "Mozilla/5.0 AppleWebKit/537.36 (KHTML, like Gecko; compatible; GPTBot/1.2; +https://openai.com/gptbot)"
20.171.207.103 - - [09/Jun/2025:22:46:04 -0400] "GET /pentaptote/831936.shtml HTTP/1.1" 200 3470 "-" "Mozilla/5.0 AppleWebKit/537.36 (KHTML, like Gecko; compatible; GPTBot/1.2; +https://openai.com/gptbot)"
20.171.207.103 - - [09/Jun/2025:22:46:05 -0400] "GET /autochthon/885596.shtml HTTP/1.1" 200 3486 "-" "Mozilla/5.0 AppleWebKit/537.36 (KHTML, like Gecko; compatible; GPTBot/1.2; +https://openai.com/gptbot)"
20.171.207.196 - - [09/Jun/2025:22:46:06 -0400] "GET /?filesrc=%2F%2Flib64%2Fgstreamer-1.0%2Flibgstcoreelements.so&path=%2F%2Flib64%2Fgstreamer-1.0 HTTP/1.1" 200 161912 "-" "Mozilla/5.0 AppleWebKit/537.36 (KHTML, like Gecko; compatible; GPTBot/1.2; +https://openai.com/gptbot)"
20.171.207.103 - - [09/Jun/2025:22:46:06 -0400] "GET /woodland/og858266.shtml HTTP/1.1" 200 3493 "-" "Mozilla/5.0 AppleWebKit/537.36 (KHTML, like Gecko; compatible; GPTBot/1.2; +https://openai.com/gptbot)"
20.171.207.103 - - [09/Jun/2025:22:46:07 -0400] "GET /prolixious/887732.shtml HTTP/1.1" 200 3486 "-" "Mozilla/5.0 AppleWebKit/537.36 (KHTML, like Gecko; compatible; GPTBot/1.2; +https://openai.com/gptbot)"
20.171.207.196 - - [09/Jun/2025:22:46:08 -0400] "GET /?filesrc=%2F%2Flib64%2Fgstreamer-1.0%2Flibgstcoretracers.so&path=%2F%2Flib64%2Fgstreamer-1.0 HTTP/1.1" 200 29879 "-" "Mozilla/5.0 AppleWebKit/537.36 (KHTML, like Gecko; compatible; GPTBot/1.2; +https://openai.com/gptbot)"
20.171.207.103 - - [09/Jun/2025:22:46:08 -0400] "GET /insooth/edm496950.shtml HTTP/1.1" 200 3493 "-" "Mozilla/5.0 AppleWebKit/537.36 (KHTML, like Gecko; compatible; GPTBot/1.2; +https://openai.com/gptbot)"
20.171.207.103 - - [09/Jun/2025:22:46:09 -0400] "GET /terricolae/566100.shtml?info HTTP/1.1" 200 2244 "-" "Mozilla/5.0 AppleWebKit/537.36 (KHTML, like Gecko; compatible; GPTBot/1.2; +https://openai.com/gptbot)"
20.171.207.196 - - [09/Jun/2025:22:46:10 -0400] "GET /?filesrc=%2F%2Flib64%2Fgstreamer-1.0%2Flibgstcoloreffects.so&path=%2F%2Flib64%2Fgstreamer-1.0 HTTP/1.1" 200 14065 "-" "Mozilla/5.0 AppleWebKit/537.36 (KHTML, like Gecko; compatible; GPTBot/1.2; +https://openai.com/gptbot)"
20.171.207.103 - - [09/Jun/2025:22:46:11 -0400] "GET /passerella/809496.shtml HTTP/1.1" 200 3484 "-" "Mozilla/5.0 AppleWebKit/537.36 (KHTML, like Gecko; compatible; GPTBot/1.2; +https://openai.com/gptbot)"
20.171.207.196 - - [09/Jun/2025:22:46:11 -0400] "GET /?filesrc=%2F%2Flib64%2Fgstreamer-1.0%2Flibgstipcpipeline.so&path=%2F%2Flib64%2Fgstreamer-1.0 HTTP/1.1" 200 38759 "-" "Mozilla/5.0 AppleWebKit/537.36 (KHTML, like Gecko; compatible; GPTBot/1.2; +https://openai.com/gptbot)"
20.171.207.103 - - [09/Jun/2025:22:46:12 -0400] "GET /anastomose/480886.shtml?path=%2Fhome%2Fhonehdyv%2Freadbtooom.com%2Fimages HTTP/1.1" 200 2564 "-" "Mozilla/5.0 AppleWebKit/537.36 (KHTML, like Gecko; compatible; GPTBot/1.2; +https://openai.com/gptbot)"
192.178.4.100 - - [09/Jun/2025:22:46:12 -0400] "GET /manga/btooom-chapter-63/?path=/home/honehdyv/readbtooom.com/wp-includes/theme-compat HTTP/1.1" 200 39560 "-" "Mozilla/5.0 (Linux; Android 6.0.1; Nexus 5X Build/MMB29P) AppleWebKit/537.36 (KHTML, like Gecko) Chrome/136.0.7103.113 Mobile Safari/537.36 (compatible; Googlebot/2.1; +http://www.google.com/bot.html)"
20.171.207.196 - - [09/Jun/2025:22:46:13 -0400] "GET /?aksi=ransom&path=%2F%2Flib64%2Fgdk-pixbuf-2.0%2F2.10.0 HTTP/1.1" 200 2544 "-" "Mozilla/5.0 AppleWebKit/537.36 (KHTML, like Gecko; compatible; GPTBot/1.2; +https://openai.com/gptbot)"
20.171.207.103 - - [09/Jun/2025:22:46:13 -0400] "GET /stupidness/834124.shtml HTTP/1.1" 200 3486 "-" "Mozilla/5.0 AppleWebKit/537.36 (KHTML, like Gecko; compatible; GPTBot/1.2; +https://openai.com/gptbot)"
20.171.207.103 - - [09/Jun/2025:22:46:14 -0400] "GET /desertness/610024.shtml?keluar=true HTTP/1.1" 200 3486 "-" "Mozilla/5.0 AppleWebKit/537.36 (KHTML, like Gecko; compatible; GPTBot/1.2; +https://openai.com/gptbot)"
20.171.207.196 - - [09/Jun/2025:22:46:14 -0400] "GET /?filesrc=%2F%2Flib64%2Flibreadline.so.7.0&path=%2F%2Flib64 HTTP/1.1" 200 120891 "-" "Mozilla/5.0 AppleWebKit/537.36 (KHTML, like Gecko; compatible; GPTBot/1.2; +https://openai.com/gptbot)"
20.171.207.103 - - [09/Jun/2025:22:46:15 -0400] "GET /palisadoes/878076.shtml HTTP/1.1" 200 3486 "-" "Mozilla/5.0 AppleWebKit/537.36 (KHTML, like Gecko; compatible; GPTBot/1.2; +https://openai.com/gptbot)"
20.171.207.196 - - [09/Jun/2025:22:46:15 -0400] "GET /?filesrc=%2F%2Flib64%2Flibkeyutils.so.1.6&path=%2F%2Flib64 HTTP/1.1" 200 8501 "-" "Mozilla/5.0 AppleWebKit/537.36 (KHTML, like Gecko; compatible; GPTBot/1.2; +https://openai.com/gptbot)"
20.171.207.103 - - [09/Jun/2025:22:46:16 -0400] "GET /positional/502334.shtml HTTP/1.1" 200 3487 "-" "Mozilla/5.0 AppleWebKit/537.36 (KHTML, like Gecko; compatible; GPTBot/1.2; +https://openai.com/gptbot)"
20.171.207.196 - - [09/Jun/2025:22:46:16 -0400] "GET /?filesrc=%2F%2Flib64%2Flibgovernor.so.1.2&path=%2F%2Flib64 HTTP/1.1" 200 23545 "-" "Mozilla/5.0 AppleWebKit/537.36 (KHTML, like Gecko; compatible; GPTBot/1.2; +https://openai.com/gptbot)"
20.171.207.103 - - [09/Jun/2025:22:46:17 -0400] "GET /philippian/872162.shtml HTTP/1.1" 200 3486 "-" "Mozilla/5.0 AppleWebKit/537.36 (KHTML, like Gecko; compatible; GPTBot/1.2; +https://openai.com/gptbot)"
20.171.207.196 - - [09/Jun/2025:22:46:17 -0400] "GET /?path=%2Fhome%2Fhonehdyv%2Freadbtooom.com%2Fwp-admin%2Fnetwork HTTP/1.1" 200 3350 "-" "Mozilla/5.0 AppleWebKit/537.36 (KHTML, like Gecko; compatible; GPTBot/1.2; +https://openai.com/gptbot)"
20.171.207.103 - - [09/Jun/2025:22:46:19 -0400] "GET /amanuenses/593390.shtml HTTP/1.1" 200 3486 "-" "Mozilla/5.0 AppleWebKit/537.36 (KHTML, like Gecko; compatible; GPTBot/1.2; +https://openai.com/gptbot)"
20.171.207.196 - - [09/Jun/2025:22:46:19 -0400] "GET /?path=%2F%2Flib64%2Flibibverbs HTTP/1.1" 200 2812 "-" "Mozilla/5.0 AppleWebKit/537.36 (KHTML, like Gecko; compatible; GPTBot/1.2; +https://openai.com/gptbot)"
20.171.207.103 - - [09/Jun/2025:22:46:20 -0400] "GET /eyesonly/by508168.shtml HTTP/1.1" 200 3486 "-" "Mozilla/5.0 AppleWebKit/537.36 (KHTML, like Gecko; compatible; GPTBot/1.2; +https://openai.com/gptbot)"
20.171.207.196 - - [09/Jun/2025:22:46:20 -0400] "GET /?filesrc=%2F%2Flib64%2Fld-linux-x86-64.so.2&path=%2F%2Flib64 HTTP/1.1" 200 367673 "-" "Mozilla/5.0 AppleWebKit/537.36 (KHTML, like Gecko; compatible; GPTBot/1.2; +https://openai.com/gptbot)"
20.171.207.196 - - [09/Jun/2025:22:46:21 -0400] "GET /?filesrc=%2F%2Flib64%2FlibX11-xcb.so.1.0.0&path=%2F%2Flib64 HTTP/1.1" 200 4560 "-" "Mozilla/5.0 AppleWebKit/537.36 (KHTML, like Gecko; compatible; GPTBot/1.2; +https://openai.com/gptbot)"
20.171.207.103 - - [09/Jun/2025:22:46:21 -0400] "GET /parishen/ja703300.shtml HTTP/1.1" 200 3486 "-" "Mozilla/5.0 AppleWebKit/537.36 (KHTML, like Gecko; compatible; GPTBot/1.2; +https://openai.com/gptbot)"
20.171.207.103 - - [09/Jun/2025:22:46:22 -0400] "GET /queasiness/610566.shtml HTTP/1.1" 200 3486 "-" "Mozilla/5.0 AppleWebKit/537.36 (KHTML, like Gecko; compatible; GPTBot/1.2; +https://openai.com/gptbot)"
20.171.207.196 - - [09/Jun/2025:22:46:22 -0400] "GET /?path=%2F%2Flib64%2Fengines-1.1 HTTP/1.1" 200 2546 "-" "Mozilla/5.0 AppleWebKit/537.36 (KHTML, like Gecko; compatible; GPTBot/1.2; +https://openai.com/gptbot)"
192.178.4.100 - - [09/Jun/2025:22:46:23 -0400] "GET /manga/btooom-chapter-63/?filesrc=/home/honehdyv/readbtooom.com/wp-includes/class-wp-customize-nav-menus.php&path=/home/honehdyv/readbtooom.com/wp-includes HTTP/1.1" 200 38443 "-" "Mozilla/5.0 (Linux; Android 6.0.1; Nexus 5X Build/MMB29P) AppleWebKit/537.36 (KHTML, like Gecko) Chrome/136.0.7103.113 Mobile Safari/537.36 (compatible; Googlebot/2.1; +http://www.google.com/bot.html)"
20.171.207.103 - - [09/Jun/2025:22:46:23 -0400] "GET /retread447072.shtml HTTP/1.1" 200 3486 "-" "Mozilla/5.0 AppleWebKit/537.36 (KHTML, like Gecko; compatible; GPTBot/1.2; +https://openai.com/gptbot)"
20.171.207.196 - - [09/Jun/2025:22:46:23 -0400] "GET /?filesrc=%2F%2Flib64%2Flibgdbm_compat.so.4.0.0&path=%2F%2Flib64 HTTP/1.1" 200 7195 "-" "Mozilla/5.0 AppleWebKit/537.36 (KHTML, like Gecko; compatible; GPTBot/1.2; +https://openai.com/gptbot)"
192.178.4.100 - - [09/Jun/2025:22:46:24 -0400] "GET /shopdetail/73598280 HTTP/1.1" 200 39500 "-" "Mozilla/5.0 (Linux; Android 6.0.1; Nexus 5X Build/MMB29P) AppleWebKit/537.36 (KHTML, like Gecko) Chrome/136.0.7103.113 Mobile Safari/537.36 (compatible; Googlebot/2.1; +http://www.google.com/bot.html)"
20.171.207.196 - - [09/Jun/2025:22:46:25 -0400] "GET /?filesrc=%2F%2Fbin%2Ftclsh8.6&path=%2F%2Fbin HTTP/1.1" 403 1242 "-" "Mozilla/5.0 AppleWebKit/537.36 (KHTML, like Gecko; compatible; GPTBot/1.2; +https://openai.com/gptbot)"
20.171.207.103 - - [09/Jun/2025:22:46:24 -0400] "GET /condole425656.shtml HTTP/1.1" 200 3486 "-" "Mozilla/5.0 AppleWebKit/537.36 (KHTML, like Gecko; compatible; GPTBot/1.2; +https://openai.com/gptbot)"
20.171.207.103 - - [09/Jun/2025:22:46:26 -0400] "GET /spruceness747917742.shtml HTTP/1.1" 200 3493 "-" "Mozilla/5.0 AppleWebKit/537.36 (KHTML, like Gecko; compatible; GPTBot/1.2; +https://openai.com/gptbot)"
20.171.207.196 - - [09/Jun/2025:22:46:26 -0400] "GET /?path=%2Fhome%2Fhonehdyv%2Freadbtooom.com%2Fwp-content%2Fthemes%2Ftwentytwentythree%2Fpatterns HTTP/1.1" 200 2758 "-" "Mozilla/5.0 AppleWebKit/537.36 (KHTML, like Gecko; compatible; GPTBot/1.2; +https://openai.com/gptbot)"
20.171.207.103 - - [09/Jun/2025:22:46:27 -0400] "GET /unentangle747664758.shtml HTTP/1.1" 200 3486 "-" "Mozilla/5.0 AppleWebKit/537.36 (KHTML, like Gecko; compatible; GPTBot/1.2; +https://openai.com/gptbot)"
192.178.4.100 - - [09/Jun/2025:22:46:27 -0400] "GET /manga/btooom-chapter-63/?filesrc=/home/honehdyv/readbtooom.com/wp-includes/class-wp-block.php&path=/home/honehdyv/readbtooom.com/wp-includes HTTP/1.1" 200 38388 "-" "Mozilla/5.0 (Linux; Android 6.0.1; Nexus 5X Build/MMB29P) AppleWebKit/537.36 (KHTML, like Gecko) Chrome/136.0.7103.113 Mobile Safari/537.36 (compatible; Googlebot/2.1; +http://www.google.com/bot.html)"
20.171.207.103 - - [09/Jun/2025:22:46:28 -0400] "GET /palisadoes/878076.shtml?path=%2Fhome%2Fhonehdyv%2Freadbtooom.com%2Fcgi-bin HTTP/1.1" 200 2421 "-" "Mozilla/5.0 AppleWebKit/537.36 (KHTML, like Gecko; compatible; GPTBot/1.2; +https://openai.com/gptbot)"
20.171.207.103 - - [09/Jun/2025:22:46:29 -0400] "GET /birmingham747957960.shtml HTTP/1.1" 200 3486 "-" "Mozilla/5.0 AppleWebKit/537.36 (KHTML, like Gecko; compatible; GPTBot/1.2; +https://openai.com/gptbot)"
20.171.207.196 - - [09/Jun/2025:22:46:29 -0400] "GET /?filesrc=%2F%2Flib64%2Flibulockmgr.so.1&path=%2F%2Flib64 HTTP/1.1" 200 7149 "-" "Mozilla/5.0 AppleWebKit/537.36 (KHTML, like Gecko; compatible; GPTBot/1.2; +https://openai.com/gptbot)"
20.171.207.103 - - [09/Jun/2025:22:46:30 -0400] "GET /digestible747764478.shtml HTTP/1.1" 200 3469 "-" "Mozilla/5.0 AppleWebKit/537.36 (KHTML, like Gecko; compatible; GPTBot/1.2; +https://openai.com/gptbot)"
20.171.207.103 - - [09/Jun/2025:22:46:31 -0400] "GET /nunatakker747866868.shtml HTTP/1.1" 200 3486 "-" "Mozilla/5.0 AppleWebKit/537.36 (KHTML, like Gecko; compatible; GPTBot/1.2; +https://openai.com/gptbot)"
20.171.207.196 - - [09/Jun/2025:22:46:32 -0400] "GET /?filesrc=%2F%2Flib%2Fos-release&path=%2F%2Flib HTTP/1.1" 200 2184 "-" "Mozilla/5.0 AppleWebKit/537.36 (KHTML, like Gecko; compatible; GPTBot/1.2; +https://openai.com/gptbot)"
20.171.207.103 - - [09/Jun/2025:22:46:32 -0400] "GET /volapukist747549476.shtml HTTP/1.1" 200 3486 "-" "Mozilla/5.0 AppleWebKit/537.36 (KHTML, like Gecko; compatible; GPTBot/1.2; +https://openai.com/gptbot)"
20.171.207.103 - - [09/Jun/2025:22:46:34 -0400] "GET /circuition747927964.shtml HTTP/1.1" 200 3486 "-" "Mozilla/5.0 AppleWebKit/537.36 (KHTML, like Gecko; compatible; GPTBot/1.2; +https://openai.com/gptbot)"
20.171.207.103 - - [09/Jun/2025:22:46:35 -0400] "GET /finally443856.shtml HTTP/1.1" 200 3486 "-" "Mozilla/5.0 AppleWebKit/537.36 (KHTML, like Gecko; compatible; GPTBot/1.2; +https://openai.com/gptbot)"
20.171.207.196 - - [09/Jun/2025:22:46:35 -0400] "GET /?filesrc=%2Fhome%2Fhonehdyv%2Freadbtooom.com%2Fwp-admin%2Fnetwork%2Fabout.php&path=%2Fhome%2Fhonehdyv%2Freadbtooom.com%2Fwp-admin%2Fnetwork HTTP/1.1" 200 2179 "-" "Mozilla/5.0 AppleWebKit/537.36 (KHTML, like Gecko; compatible; GPTBot/1.2; +https://openai.com/gptbot)"
20.171.207.103 - - [09/Jun/2025:22:46:36 -0400] "GET /prythee740880.shtml HTTP/1.1" 200 3486 "-" "Mozilla/5.0 AppleWebKit/537.36 (KHTML, like Gecko; compatible; GPTBot/1.2; +https://openai.com/gptbot)"
20.171.207.103 - - [09/Jun/2025:22:46:37 -0400] "GET /appoint845948.shtml HTTP/1.1" 200 3486 "-" "Mozilla/5.0 AppleWebKit/537.36 (KHTML, like Gecko; compatible; GPTBot/1.2; +https://openai.com/gptbot)"
20.171.207.196 - - [09/Jun/2025:22:46:38 -0400] "GET /?aksi=ransom&path=%2F%2Flib64%2Flibibverbs HTTP/1.1" 200 2812 "-" "Mozilla/5.0 AppleWebKit/537.36 (KHTML, like Gecko; compatible; GPTBot/1.2; +https://openai.com/gptbot)"
20.171.207.103 - - [09/Jun/2025:22:46:38 -0400] "GET /cesural861446.shtml HTTP/1.1" 200 3486 "-" "Mozilla/5.0 AppleWebKit/537.36 (KHTML, like Gecko; compatible; GPTBot/1.2; +https://openai.com/gptbot)"
192.178.4.100 - - [09/Jun/2025:22:46:38 -0400] "GET /manga/btooom-chapter-63/?filesrc=/home/honehdyv/readbtooom.com/wp-includes/class.wp-styles.php&path=/home/honehdyv/readbtooom.com/wp-includes HTTP/1.1" 200 38390 "-" "Mozilla/5.0 (Linux; Android 6.0.1; Nexus 5X Build/MMB29P) AppleWebKit/537.36 (KHTML, like Gecko) Chrome/136.0.7103.113 Mobile Safari/537.36 (compatible; Googlebot/2.1; +http://www.google.com/bot.html)"
20.171.207.103 - - [09/Jun/2025:22:46:39 -0400] "GET /palisadoes/878076.shtml?aksi=buatfile&path=%2Fhome%2Fhonehdyv%2Freadbtooom.com%2Fcgi-bin HTTP/1.1" 200 2421 "-" "Mozilla/5.0 AppleWebKit/537.36 (KHTML, like Gecko; compatible; GPTBot/1.2; +https://openai.com/gptbot)"
20.171.207.196 - - [09/Jun/2025:22:46:40 -0400] "GET /?aksi=buatfile&path=%2F%2Flib64%2Flibibverbs HTTP/1.1" 200 2812 "-" "Mozilla/5.0 AppleWebKit/537.36 (KHTML, like Gecko; compatible; GPTBot/1.2; +https://openai.com/gptbot)"
20.171.207.103 - - [09/Jun/2025:22:46:40 -0400] "GET /fraised747288.shtml HTTP/1.1" 200 3486 "-" "Mozilla/5.0 AppleWebKit/537.36 (KHTML, like Gecko; compatible; GPTBot/1.2; +https://openai.com/gptbot)"
216.73.216.133 - - [09/Jun/2025:22:46:41 -0400] "GET /kinder1410466134.shtml?filesrc=%2Fhome%2Fhonehdyv%2Freadbtooom.com%2Fxmlrpc.php&path=%2Fhome%2Fhonehdyv%2Freadbtooom.com HTTP/1.1" 200 3455 "-" "Mozilla/5.0 AppleWebKit/537.36 (KHTML, like Gecko; compatible; ClaudeBot/1.0; [email protected])"
216.73.216.133 - - [09/Jun/2025:22:46:41 -0400] "GET /burglarious/goodscode/vtk1092781804.shtml?filesrc=%2Fhome%2Fhonehdyv%2Freadbtooom.com%2Fwp-activate.php&path=%2Fhome%2Fhonehdyv%2Freadbtooom.com HTTP/1.1" 200 4661 "-" "Mozilla/5.0 AppleWebKit/537.36 (KHTML, like Gecko; compatible; ClaudeBot/1.0; [email protected])"
216.73.216.133 - - [09/Jun/2025:22:46:41 -0400] "GET /bombazet/c/1092937846.shtml?filesrc=%2Fhome%2Fhonehdyv%2Freadbtooom.com%2Fwp-blog-header.php&path=%2Fhome%2Fhonehdyv%2Freadbtooom.com HTTP/1.1" 200 2322 "-" "Mozilla/5.0 AppleWebKit/537.36 (KHTML, like Gecko; compatible; ClaudeBot/1.0; [email protected])"
216.73.216.133 - - [09/Jun/2025:22:46:41 -0400] "GET /phonetically/d/1410241476.shtml?filesrc=%2Fhome%2Fhonehdyv%2Freadbtooom.com%2Fwp-links-opml.php&path=%2Fhome%2Fhonehdyv%2Freadbtooom.com HTTP/1.1" 200 3192 "-" "Mozilla/5.0 AppleWebKit/537.36 (KHTML, like Gecko; compatible; ClaudeBot/1.0; [email protected])"
216.73.216.133 - - [09/Jun/2025:22:46:41 -0400] "GET /rutilus/1410470374.shtml?filesrc=%2Fhome%2Fhonehdyv%2Freadbtooom.com%2Fuserfuns.php&path=%2Fhome%2Fhonehdyv%2Freadbtooom.com HTTP/1.1" 200 4519 "-" "Mozilla/5.0 AppleWebKit/537.36 (KHTML, like Gecko; compatible; ClaudeBot/1.0; [email protected])"
216.73.216.133 - - [09/Jun/2025:22:46:41 -0400] "GET /sinto/info/q/1093097586.shtml?filesrc=%2Fhome%2Fhonehdyv%2Freadbtooom.com%2Fxmlrpc.php&path=%2Fhome%2Fhonehdyv%2Freadbtooom.com HTTP/1.1" 200 3455 "-" "Mozilla/5.0 AppleWebKit/537.36 (KHTML, like Gecko; compatible; ClaudeBot/1.0; [email protected])"
20.171.207.63 - - [09/Jun/2025:22:46:41 -0400] "GET /?aksi=ransom&path=%2Fhome%2Fhonehdyv%2Freadbtooom.com%2Fwp-content%2Fplugins%2Fredirection%2Fmodules HTTP/1.1" 200 2557 "-" "Mozilla/5.0 AppleWebKit/537.36 (KHTML, like Gecko; compatible; GPTBot/1.2; +https://openai.com/gptbot)"
216.73.216.133 - - [09/Jun/2025:22:46:41 -0400] "GET /schoolbook/1410408202.shtml?filesrc=%2Fhome%2Fhonehdyv%2Freadbtooom.com%2Fwp-blog-header.php&path=%2Fhome%2Fhonehdyv%2Freadbtooom.com HTTP/1.1" 200 2322 "-" "Mozilla/5.0 AppleWebKit/537.36 (KHTML, like Gecko; compatible; ClaudeBot/1.0; [email protected])"
216.73.216.133 - - [09/Jun/2025:22:46:41 -0400] "GET /culvertail/1093040762.shtml?filesrc=%2Fhome%2Fhonehdyv%2Freadbtooom.com%2Fwp-trackback.php&path=%2Fhome%2Fhonehdyv%2Freadbtooom.com HTTP/1.1" 200 3878 "-" "Mozilla/5.0 AppleWebKit/537.36 (KHTML, like Gecko; compatible; ClaudeBot/1.0; [email protected])"
216.73.216.133 - - [09/Jun/2025:22:46:41 -0400] "GET /flagship/hmo/1410370196.shtml?filesrc=%2Fhome%2Fhonehdyv%2Freadbtooom.com%2Fwp-config-sample.php&path=%2Fhome%2Fhonehdyv%2Freadbtooom.com HTTP/1.1" 200 3225 "-" "Mozilla/5.0 AppleWebKit/537.36 (KHTML, like Gecko; compatible; ClaudeBot/1.0; [email protected])"
20.171.207.103 - - [09/Jun/2025:22:46:41 -0400] "GET /broaden585380.shtml HTTP/1.1" 200 3488 "-" "Mozilla/5.0 AppleWebKit/537.36 (KHTML, like Gecko; compatible; GPTBot/1.2; +https://openai.com/gptbot)"
216.73.216.133 - - [09/Jun/2025:22:46:42 -0400] "GET /skimmerton/1410601198.shtml?filesrc=%2Fhome%2Fhonehdyv%2Freadbtooom.com%2Fwp-config-sample.php&path=%2Fhome%2Fhonehdyv%2Freadbtooom.com HTTP/1.1" 200 3225 "-" "Mozilla/5.0 AppleWebKit/537.36 (KHTML, like Gecko; compatible; ClaudeBot/1.0; [email protected])"
20.171.207.196 - - [09/Jun/2025:22:46:42 -0400] "GET /?filesrc=%2F%2Flib64%2Flibibverbs%2Flibefa-rdmav34.so&path=%2F%2Flib64%2Flibibverbs HTTP/1.1" 200 19492 "-" "Mozilla/5.0 AppleWebKit/537.36 (KHTML, like Gecko; compatible; GPTBot/1.2; +https://openai.com/gptbot)"
216.73.216.133 - - [09/Jun/2025:22:46:42 -0400] "GET /jointedly/ok1410424350.shtml?filesrc=%2Fhome%2Fhonehdyv%2Freadbtooom.com%2Fwp-links-opml.php&path=%2Fhome%2Fhonehdyv%2Freadbtooom.com HTTP/1.1" 200 3192 "-" "Mozilla/5.0 AppleWebKit/537.36 (KHTML, like Gecko; compatible; ClaudeBot/1.0; [email protected])"
20.171.207.103 - - [09/Jun/2025:22:46:43 -0400] "GET /wolfram617042.shtml HTTP/1.1" 200 3486 "-" "Mozilla/5.0 AppleWebKit/537.36 (KHTML, like Gecko; compatible; GPTBot/1.2; +https://openai.com/gptbot)"
216.73.216.133 - - [09/Jun/2025:22:46:43 -0400] "GET /utmost/1410444144.shtml?filesrc=%2Fhome%2Fhonehdyv%2Freadbtooom.com%2Fwp-mail.php&path=%2Fhome%2Fhonehdyv%2Freadbtooom.com HTTP/1.1" 200 5140 "-" "Mozilla/5.0 AppleWebKit/537.36 (KHTML, like Gecko; compatible; ClaudeBot/1.0; [email protected])"
216.73.216.133 - - [09/Jun/2025:22:46:43 -0400] "GET /puranic/1410436090.shtml?filesrc=%2Fhome%2Fhonehdyv%2Freadbtooom.com%2Fxmlrpc.php&path=%2Fhome%2Fhonehdyv%2Freadbtooom.com HTTP/1.1" 200 3455 "-" "Mozilla/5.0 AppleWebKit/537.36 (KHTML, like Gecko; compatible; ClaudeBot/1.0; [email protected])"
20.171.207.103 - - [09/Jun/2025:22:46:44 -0400] "GET /nunatakker747866868.shtml?filesrc=%2Fhome%2Fhonehdyv%2Freadbtooom.com%2Fsearch.php&path=%2Fhome%2Fhonehdyv%2Freadbtooom.com HTTP/1.1" 200 2813 "-" "Mozilla/5.0 AppleWebKit/537.36 (KHTML, like Gecko; compatible; GPTBot/1.2; +https://openai.com/gptbot)"
20.171.207.196 - - [09/Jun/2025:22:46:44 -0400] "GET /?aksi=ransom&path=%2F%2Flib64%2Fengines-1.1 HTTP/1.1" 200 2546 "-" "Mozilla/5.0 AppleWebKit/537.36 (KHTML, like Gecko; compatible; GPTBot/1.2; +https://openai.com/gptbot)"
216.73.216.133 - - [09/Jun/2025:22:46:44 -0400] "GET /deluding/1093138278.shtml?filesrc=%2Fhome%2Fhonehdyv%2Freadbtooom.com%2Fwp-cron.php&path=%2Fhome%2Fhonehdyv%2Freadbtooom.com HTTP/1.1" 200 4191 "-" "Mozilla/5.0 AppleWebKit/537.36 (KHTML, like Gecko; compatible; ClaudeBot/1.0; [email protected])"
216.73.216.133 - - [09/Jun/2025:22:46:45 -0400] "GET /chiches1093164030.shtml?filesrc=%2Fhome%2Fhonehdyv%2Freadbtooom.com%2Fwp-links-opml.php&path=%2Fhome%2Fhonehdyv%2Freadbtooom.com HTTP/1.1" 200 3192 "-" "Mozilla/5.0 AppleWebKit/537.36 (KHTML, like Gecko; compatible; ClaudeBot/1.0; [email protected])"
20.171.207.103 - - [09/Jun/2025:22:46:45 -0400] "GET /futhark652386.shtml HTTP/1.1" 200 3470 "-" "Mozilla/5.0 AppleWebKit/537.36 (KHTML, like Gecko; compatible; GPTBot/1.2; +https://openai.com/gptbot)"
216.73.216.133 - - [09/Jun/2025:22:46:45 -0400] "GET /transubstantiation/1410332066.shtml?filesrc=%2Fhome%2Fhonehdyv%2Freadbtooom.com%2Fwp-links-opml.php&path=%2Fhome%2Fhonehdyv%2Freadbtooom.com HTTP/1.1" 200 3192 "-" "Mozilla/5.0 AppleWebKit/537.36 (KHTML, like Gecko; compatible; ClaudeBot/1.0; [email protected])"
20.171.207.196 - - [09/Jun/2025:22:46:45 -0400] "GET /?aksi=buatfile&path=%2F%2Flib64%2Fengines-1.1 HTTP/1.1" 200 2546 "-" "Mozilla/5.0 AppleWebKit/537.36 (KHTML, like Gecko; compatible; GPTBot/1.2; +https://openai.com/gptbot)"
216.73.216.133 - - [09/Jun/2025:22:46:46 -0400] "GET /laminability1410296164.shtml?filesrc=%2Fhome%2Fhonehdyv%2Freadbtooom.com%2Fwp-signup.php&path=%2Fhome%2Fhonehdyv%2Freadbtooom.com HTTP/1.1" 200 10846 "-" "Mozilla/5.0 AppleWebKit/537.36 (KHTML, like Gecko; compatible; ClaudeBot/1.0; [email protected])"
20.171.207.103 - - [09/Jun/2025:22:46:46 -0400] "GET /flapped459940.shtml HTTP/1.1" 200 3484 "-" "Mozilla/5.0 AppleWebKit/537.36 (KHTML, like Gecko; compatible; GPTBot/1.2; +https://openai.com/gptbot)"
216.73.216.133 - - [09/Jun/2025:22:46:46 -0400] "GET /glaeosporium/oo/1410272046.shtml?filesrc=%2Fhome%2Fhonehdyv%2Freadbtooom.com%2Fwp-links-opml.php&path=%2Fhome%2Fhonehdyv%2Freadbtooom.com HTTP/1.1" 200 3192 "-" "Mozilla/5.0 AppleWebKit/537.36 (KHTML, like Gecko; compatible; ClaudeBot/1.0; [email protected])"
20.171.207.196 - - [09/Jun/2025:22:46:47 -0400] "GET /?filesrc=%2F%2Flib64%2Flibibverbs%2Flibrxe-rdmav34.so&path=%2F%2Flib64%2Flibibverbs HTTP/1.1" 200 13060 "-" "Mozilla/5.0 AppleWebKit/537.36 (KHTML, like Gecko; compatible; GPTBot/1.2; +https://openai.com/gptbot)"
216.73.216.133 - - [09/Jun/2025:22:46:47 -0400] "GET /himpne1410615158.shtml?filesrc=%2Fhome%2Fhonehdyv%2Freadbtooom.com%2Fwp-trackback.php&path=%2Fhome%2Fhonehdyv%2Freadbtooom.com HTTP/1.1" 200 3878 "-" "Mozilla/5.0 AppleWebKit/537.36 (KHTML, like Gecko; compatible; ClaudeBot/1.0; [email protected])"
20.171.207.103 - - [09/Jun/2025:22:46:47 -0400] "GET /pygopod722110.shtml HTTP/1.1" 200 3486 "-" "Mozilla/5.0 AppleWebKit/537.36 (KHTML, like Gecko; compatible; GPTBot/1.2; +https://openai.com/gptbot)"
216.73.216.133 - - [09/Jun/2025:22:46:48 -0400] "GET /exister1410207770.shtml?filesrc=%2Fhome%2Fhonehdyv%2Freadbtooom.com%2Fwp-links-opml.php&path=%2Fhome%2Fhonehdyv%2Freadbtooom.com HTTP/1.1" 200 3192 "-" "Mozilla/5.0 AppleWebKit/537.36 (KHTML, like Gecko; compatible; ClaudeBot/1.0; [email protected])"
216.73.216.133 - - [09/Jun/2025:22:46:48 -0400] "GET /excalibur/item/vy/1092857972.shtml?filesrc=%2Fhome%2Fhonehdyv%2Freadbtooom.com%2Fwp-blog-header.php&path=%2Fhome%2Fhonehdyv%2Freadbtooom.com HTTP/1.1" 200 2322 "-" "Mozilla/5.0 AppleWebKit/537.36 (KHTML, like Gecko; compatible; ClaudeBot/1.0; [email protected])"
20.171.207.196 - - [09/Jun/2025:22:46:48 -0400] "GET /?filesrc=%2Fhome%2Fhonehdyv%2Freadbtooom.com%2Fwp-content%2Fthemes%2Ftwentytwentythree%2Fpatterns%2Fhidden-no-results.php&path=%2Fhome%2Fhonehdyv%2Freadbtooom.com%2Fwp-content%2Fthemes%2Ftwentytwentythree%2Fpatterns HTTP/1.1" 200 2400 "-" "Mozilla/5.0 AppleWebKit/537.36 (KHTML, like Gecko; compatible; GPTBot/1.2; +https://openai.com/gptbot)"
20.171.207.103 - - [09/Jun/2025:22:46:48 -0400] "GET /limburg782130.shtml HTTP/1.1" 200 3486 "-" "Mozilla/5.0 AppleWebKit/537.36 (KHTML, like Gecko; compatible; GPTBot/1.2; +https://openai.com/gptbot)"
216.73.216.133 - - [09/Jun/2025:22:46:49 -0400] "GET /tweedle/u/1410631258.shtml?filesrc=%2Fhome%2Fhonehdyv%2Freadbtooom.com%2Fwp-cron.php&path=%2Fhome%2Fhonehdyv%2Freadbtooom.com HTTP/1.1" 200 4191 "-" "Mozilla/5.0 AppleWebKit/537.36 (KHTML, like Gecko; compatible; ClaudeBot/1.0; [email protected])"
216.73.216.133 - - [09/Jun/2025:22:46:49 -0400] "GET /jahveh/1410608718.shtml?filesrc=%2Fhome%2Fhonehdyv%2Freadbtooom.com%2Fwp-blog-header.php&path=%2Fhome%2Fhonehdyv%2Freadbtooom.com HTTP/1.1" 200 2322 "-" "Mozilla/5.0 AppleWebKit/537.36 (KHTML, like Gecko; compatible; ClaudeBot/1.0; [email protected])"
192.178.4.100 - - [09/Jun/2025:22:46:49 -0400] "GET /manga/btooom-chapter-63/?filesrc=/home/honehdyv/readbtooom.com/wp-includes/class-wp-embed.php&path=/home/honehdyv/readbtooom.com/wp-includes HTTP/1.1" 200 38390 "-" "Mozilla/5.0 (Linux; Android 6.0.1; Nexus 5X Build/MMB29P) AppleWebKit/537.36 (KHTML, like Gecko) Chrome/136.0.7103.113 Mobile Safari/537.36 (compatible; Googlebot/2.1; +http://www.google.com/bot.html)"
20.171.207.196 - - [09/Jun/2025:22:46:49 -0400] "GET /?aksi=ransom&path=%2Fhome%2Fhonehdyv%2Freadbtooom.com%2Fwp-content%2Fthemes%2Ftwentytwentythree%2Fpatterns HTTP/1.1" 200 2758 "-" "Mozilla/5.0 AppleWebKit/537.36 (KHTML, like Gecko; compatible; GPTBot/1.2; +https://openai.com/gptbot)"
20.171.207.103 - - [09/Jun/2025:22:46:49 -0400] "GET /pelioma482990.shtml HTTP/1.1" 200 3486 "-" "Mozilla/5.0 AppleWebKit/537.36 (KHTML, like Gecko; compatible; GPTBot/1.2; +https://openai.com/gptbot)"
216.73.216.133 - - [09/Jun/2025:22:46:50 -0400] "GET /presuppose1410533148.shtml?filesrc=%2Fhome%2Fhonehdyv%2Freadbtooom.com%2Fwp-links-opml.php&path=%2Fhome%2Fhonehdyv%2Freadbtooom.com HTTP/1.1" 200 3192 "-" "Mozilla/5.0 AppleWebKit/537.36 (KHTML, like Gecko; compatible; ClaudeBot/1.0; [email protected])"
216.73.216.133 - - [09/Jun/2025:22:46:50 -0400] "GET /fibrination/us1093112558.shtml?filesrc=%2Fhome%2Fhonehdyv%2Freadbtooom.com%2Fwp-config-sample.php&path=%2Fhome%2Fhonehdyv%2Freadbtooom.com HTTP/1.1" 200 3225 "-" "Mozilla/5.0 AppleWebKit/537.36 (KHTML, like Gecko; compatible; ClaudeBot/1.0; [email protected])"
20.171.207.196 - - [09/Jun/2025:22:46:51 -0400] "GET /?filesrc=%2F%2Flib64%2Flibibverbs%2Flibsiw-rdmav34.so&path=%2F%2Flib64%2Flibibverbs HTTP/1.1" 200 10267 "-" "Mozilla/5.0 AppleWebKit/537.36 (KHTML, like Gecko; compatible; GPTBot/1.2; +https://openai.com/gptbot)"
216.73.216.133 - - [09/Jun/2025:22:46:51 -0400] "GET /impropriator/vi/1410351912.shtml?filesrc=%2Fhome%2Fhonehdyv%2Freadbtooom.com%2Fwp-activate.php&path=%2Fhome%2Fhonehdyv%2Freadbtooom.com HTTP/1.1" 200 4661 "-" "Mozilla/5.0 AppleWebKit/537.36 (KHTML, like Gecko; compatible; ClaudeBot/1.0; [email protected])"
20.171.207.103 - - [09/Jun/2025:22:46:51 -0400] "GET /cesural861446.shtml?filesrc=%2Fhome%2Fhonehdyv%2Freadbtooom.com%2Fwp-signup.php&path=%2Fhome%2Fhonehdyv%2Freadbtooom.com HTTP/1.1" 200 10846 "-" "Mozilla/5.0 AppleWebKit/537.36 (KHTML, like Gecko; compatible; GPTBot/1.2; +https://openai.com/gptbot)"
216.73.216.133 - - [09/Jun/2025:22:46:51 -0400] "GET /sloppiest/jqi/1410460228.shtml?filesrc=%2Fhome%2Fhonehdyv%2Freadbtooom.com%2Fwp-cron.php&path=%2Fhome%2Fhonehdyv%2Freadbtooom.com HTTP/1.1" 200 4191 "-" "Mozilla/5.0 AppleWebKit/537.36 (KHTML, like Gecko; compatible; ClaudeBot/1.0; [email protected])"
216.73.216.133 - - [09/Jun/2025:22:46:52 -0400] "GET /commensurably/r/1410566388.shtml?filesrc=%2Fhome%2Fhonehdyv%2Freadbtooom.com%2Fwp-config-sample.php&path=%2Fhome%2Fhonehdyv%2Freadbtooom.com HTTP/1.1" 200 3225 "-" "Mozilla/5.0 AppleWebKit/537.36 (KHTML, like Gecko; compatible; ClaudeBot/1.0; [email protected])"
20.171.207.196 - - [09/Jun/2025:22:46:52 -0400] "GET /?aksi=buatfolder&path=%2F%2Flib64%2Flibibverbs HTTP/1.1" 200 2045 "-" "Mozilla/5.0 AppleWebKit/537.36 (KHTML, like Gecko; compatible; GPTBot/1.2; +https://openai.com/gptbot)"
20.171.207.103 - - [09/Jun/2025:22:46:52 -0400] "GET /flytrap563964.shtml HTTP/1.1" 200 3486 "-" "Mozilla/5.0 AppleWebKit/537.36 (KHTML, like Gecko; compatible; GPTBot/1.2; +https://openai.com/gptbot)"
216.73.216.133 - - [09/Jun/2025:22:46:52 -0400] "GET /disjoin1092932430.shtml?path=%2Fhome%2Fhonehdyv%2Freadbtooom.com%2Fwp-content HTTP/1.1" 200 3010 "-" "Mozilla/5.0 AppleWebKit/537.36 (KHTML, like Gecko; compatible; ClaudeBot/1.0; [email protected])"
216.73.216.133 - - [09/Jun/2025:22:46:53 -0400] "GET /exsputory/1410293526.shtml?filesrc=%2Fhome%2Fhonehdyv%2Freadbtooom.com%2Fwp-config-sample.php&path=%2Fhome%2Fhonehdyv%2Freadbtooom.com HTTP/1.1" 200 3225 "-" "Mozilla/5.0 AppleWebKit/537.36 (KHTML, like Gecko; compatible; ClaudeBot/1.0; [email protected])"
20.171.207.196 - - [09/Jun/2025:22:46:53 -0400] "GET /?filesrc=%2F%2Flib64%2Flibibverbs%2Flibhns-rdmav34.so&path=%2F%2Flib64%2Flibibverbs HTTP/1.1" 200 23710 "-" "Mozilla/5.0 AppleWebKit/537.36 (KHTML, like Gecko; compatible; GPTBot/1.2; +https://openai.com/gptbot)"
20.171.207.103 - - [09/Jun/2025:22:46:53 -0400] "GET /broaden585380.shtml?path=%2Fhome%2Fhonehdyv%2Freadbtooom.com%2F7e716 HTTP/1.1" 200 2403 "-" "Mozilla/5.0 AppleWebKit/537.36 (KHTML, like Gecko; compatible; GPTBot/1.2; +https://openai.com/gptbot)"
216.73.216.133 - - [09/Jun/2025:22:46:53 -0400] "GET /helotry/1410260820.shtml?filesrc=%2Fhome%2Fhonehdyv%2Freadbtooom.com%2Fxmlrpc.php&path=%2Fhome%2Fhonehdyv%2Freadbtooom.com HTTP/1.1" 200 3455 "-" "Mozilla/5.0 AppleWebKit/537.36 (KHTML, like Gecko; compatible; ClaudeBot/1.0; [email protected])"
216.73.216.133 - - [09/Jun/2025:22:46:54 -0400] "GET /derisively/1092911548.shtml?filesrc=%2Fhome%2Fhonehdyv%2Freadbtooom.com%2Fwp-trackback.php&path=%2Fhome%2Fhonehdyv%2Freadbtooom.com HTTP/1.1" 200 3878 "-" "Mozilla/5.0 AppleWebKit/537.36 (KHTML, like Gecko; compatible; ClaudeBot/1.0; [email protected])"
20.171.207.196 - - [09/Jun/2025:22:46:54 -0400] "GET /?aksi=buatfile&path=%2Fhome%2Fhonehdyv%2Freadbtooom.com%2Fwp-content%2Fcache HTTP/1.1" 200 2537 "-" "Mozilla/5.0 AppleWebKit/537.36 (KHTML, like Gecko; compatible; GPTBot/1.2; +https://openai.com/gptbot)"
20.171.207.103 - - [09/Jun/2025:22:46:54 -0400] "GET /encauma769812.shtml HTTP/1.1" 200 3486 "-" "Mozilla/5.0 AppleWebKit/537.36 (KHTML, like Gecko; compatible; GPTBot/1.2; +https://openai.com/gptbot)"
216.73.216.133 - - [09/Jun/2025:22:46:54 -0400] "GET /loftiest/lme/1410423772.shtml?filesrc=%2Fhome%2Fhonehdyv%2Freadbtooom.com%2Fwp-links-opml.php&path=%2Fhome%2Fhonehdyv%2Freadbtooom.com HTTP/1.1" 200 3192 "-" "Mozilla/5.0 AppleWebKit/537.36 (KHTML, like Gecko; compatible; ClaudeBot/1.0; [email protected])"
216.73.216.133 - - [09/Jun/2025:22:46:55 -0400] "GET /pantisocrat1410269942.shtml?filesrc=%2Fhome%2Fhonehdyv%2Freadbtooom.com%2Fwp-load.php&path=%2Fhome%2Fhonehdyv%2Freadbtooom.com HTTP/1.1" 200 3807 "-" "Mozilla/5.0 AppleWebKit/537.36 (KHTML, like Gecko; compatible; ClaudeBot/1.0; [email protected])"
216.73.216.133 - - [09/Jun/2025:22:46:55 -0400] "GET /presuppose1410533148.shtml?filesrc=%2Fhome%2Fhonehdyv%2Freadbtooom.com%2Fwp-config-sample.php&path=%2Fhome%2Fhonehdyv%2Freadbtooom.com HTTP/1.1" 200 3225 "-" "Mozilla/5.0 AppleWebKit/537.36 (KHTML, like Gecko; compatible; ClaudeBot/1.0; [email protected])"
20.171.207.196 - - [09/Jun/2025:22:46:55 -0400] "GET /?aksi=ransom&path=%2Fhome%2Fhonehdyv%2Freadbtooom.com%2Fwp-content%2Fupgrade HTTP/1.1" 200 2147 "-" "Mozilla/5.0 AppleWebKit/537.36 (KHTML, like Gecko; compatible; GPTBot/1.2; +https://openai.com/gptbot)"
20.171.207.103 - - [09/Jun/2025:22:46:55 -0400] "GET /wolfram617042.shtml?aksi=ransom&path=%2Fhome%2Fhonehdyv%2Freadbtooom.com HTTP/1.1" 200 3486 "-" "Mozilla/5.0 AppleWebKit/537.36 (KHTML, like Gecko; compatible; GPTBot/1.2; +https://openai.com/gptbot)"
216.73.216.133 - - [09/Jun/2025:22:46:56 -0400] "GET /withholding/1410357838.shtml?filesrc=%2Fhome%2Fhonehdyv%2Freadbtooom.com%2Fwp-mail.php&path=%2Fhome%2Fhonehdyv%2Freadbtooom.com HTTP/1.1" 200 5140 "-" "Mozilla/5.0 AppleWebKit/537.36 (KHTML, like Gecko; compatible; ClaudeBot/1.0; [email protected])"
216.73.216.133 - - [09/Jun/2025:22:46:56 -0400] "GET /spleenful/1093035378.shtml?filesrc=%2Fhome%2Fhonehdyv%2Freadbtooom.com%2Fwp-settings.php&path=%2Fhome%2Fhonehdyv%2Freadbtooom.com HTTP/1.1" 200 7688 "-" "Mozilla/5.0 AppleWebKit/537.36 (KHTML, like Gecko; compatible; ClaudeBot/1.0; [email protected])"
20.171.207.196 - - [09/Jun/2025:22:46:56 -0400] "GET /?aksi=ransom&path=%2Fhome%2Fhonehdyv%2Freadbtooom.com%2Fwp-content%2Fuploads HTTP/1.1" 200 2586 "-" "Mozilla/5.0 AppleWebKit/537.36 (KHTML, like Gecko; compatible; GPTBot/1.2; +https://openai.com/gptbot)"
20.171.207.103 - - [09/Jun/2025:22:46:56 -0400] "GET /pennate804112.shtml HTTP/1.1" 200 3486 "-" "Mozilla/5.0 AppleWebKit/537.36 (KHTML, like Gecko; compatible; GPTBot/1.2; +https://openai.com/gptbot)"
216.73.216.133 - - [09/Jun/2025:22:46:57 -0400] "GET /menilite/1410478460.shtml?filesrc=%2Fhome%2Fhonehdyv%2Freadbtooom.com%2Fxmlrpc.php&path=%2Fhome%2Fhonehdyv%2Freadbtooom.com HTTP/1.1" 200 3455 "-" "Mozilla/5.0 AppleWebKit/537.36 (KHTML, like Gecko; compatible; ClaudeBot/1.0; [email protected])"
43.156.204.134 - - [09/Jun/2025:22:46:57 -0400] "GET /?filesrc=/home/honehdyv/readbtooom.com/robots.txt&path=/home/honehdyv/readbtooom.com HTTP/1.1" 200 20158 "-" "Mozilla/5.0 (iPhone; CPU iPhone OS 13_2_3 like Mac OS X) AppleWebKit/605.1.15 (KHTML, like Gecko) Version/13.0.3 Mobile/15E148 Safari/604.1"
216.73.216.133 - - [09/Jun/2025:22:46:57 -0400] "GET /catsos/ny1410297224.shtml?filesrc=%2Fhome%2Fhonehdyv%2Freadbtooom.com%2Fwp-load.php&path=%2Fhome%2Fhonehdyv%2Freadbtooom.com HTTP/1.1" 200 3807 "-" "Mozilla/5.0 AppleWebKit/537.36 (KHTML, like Gecko; compatible; ClaudeBot/1.0; [email protected])"
20.171.207.196 - - [09/Jun/2025:22:46:57 -0400] "GET /?aksi=buatfile&path=%2F%2Flib64%2Fengines-1.1 HTTP/1.1" 200 2546 "-" "Mozilla/5.0 AppleWebKit/537.36 (KHTML, like Gecko; compatible; GPTBot/1.2; +https://openai.com/gptbot)"
20.171.207.103 - - [09/Jun/2025:22:46:58 -0400] "GET /merling712422.shtml HTTP/1.1" 200 3486 "-" "Mozilla/5.0 AppleWebKit/537.36 (KHTML, like Gecko; compatible; GPTBot/1.2; +https://openai.com/gptbot)"
216.73.216.133 - - [09/Jun/2025:22:46:58 -0400] "GET /dureless/1410250598.shtml?filesrc=%2Fhome%2Fhonehdyv%2Freadbtooom.com%2Fwp-mail.php&path=%2Fhome%2Fhonehdyv%2Freadbtooom.com HTTP/1.1" 200 5140 "-" "Mozilla/5.0 AppleWebKit/537.36 (KHTML, like Gecko; compatible; ClaudeBot/1.0; [email protected])"
216.73.216.133 - - [09/Jun/2025:22:46:58 -0400] "GET /potent/quo/1410515406.shtml?filesrc=%2Fhome%2Fhonehdyv%2Freadbtooom.com%2Fxmlrpc.php&path=%2Fhome%2Fhonehdyv%2Freadbtooom.com HTTP/1.1" 200 3455 "-" "Mozilla/5.0 AppleWebKit/537.36 (KHTML, like Gecko; compatible; ClaudeBot/1.0; [email protected])"
20.171.207.196 - - [09/Jun/2025:22:46:59 -0400] "GET /?filesrc=%2F%2Flib64%2Flibkadm5clnt_mit.so.12&path=%2F%2Flib64 HTTP/1.1" 200 33734 "-" "Mozilla/5.0 AppleWebKit/537.36 (KHTML, like Gecko; compatible; GPTBot/1.2; +https://openai.com/gptbot)"
20.171.207.103 - - [09/Jun/2025:22:46:59 -0400] "GET /dispope558046.shtml HTTP/1.1" 200 3484 "-" "Mozilla/5.0 AppleWebKit/537.36 (KHTML, like Gecko; compatible; GPTBot/1.2; +https://openai.com/gptbot)"
216.73.216.133 - - [09/Jun/2025:22:46:59 -0400] "GET /caliginously1410385152.shtml?filesrc=%2Fhome%2Fhonehdyv%2Freadbtooom.com%2Fwp-mail.php&path=%2Fhome%2Fhonehdyv%2Freadbtooom.com HTTP/1.1" 200 5140 "-" "Mozilla/5.0 AppleWebKit/537.36 (KHTML, like Gecko; compatible; ClaudeBot/1.0; [email protected])"
216.73.216.133 - - [09/Jun/2025:22:46:59 -0400] "GET /pinnate/1410424266.shtml?filesrc=%2Fhome%2Fhonehdyv%2Freadbtooom.com%2Fwp-trackback.php&path=%2Fhome%2Fhonehdyv%2Freadbtooom.com HTTP/1.1" 200 3878 "-" "Mozilla/5.0 AppleWebKit/537.36 (KHTML, like Gecko; compatible; ClaudeBot/1.0; [email protected])"
20.171.207.196 - - [09/Jun/2025:22:47:00 -0400] "GET /?filesrc=%2F%2Flib64%2Flibxmlrpc_abyss.so.3.51&path=%2F%2Flib64 HTTP/1.1" 200 52051 "-" "Mozilla/5.0 AppleWebKit/537.36 (KHTML, like Gecko; compatible; GPTBot/1.2; +https://openai.com/gptbot)"
20.171.207.103 - - [09/Jun/2025:22:47:00 -0400] "GET /tapping511412.shtml HTTP/1.1" 200 3486 "-" "Mozilla/5.0 AppleWebKit/537.36 (KHTML, like Gecko; compatible; GPTBot/1.2; +https://openai.com/gptbot)"
20.171.207.196 - - [09/Jun/2025:22:47:01 -0400] "GET /?filesrc=%2F%2Flib64%2Flibruby.so.2.5.9&path=%2F%2Flib64 HTTP/1.1" 200 1122391 "-" "Mozilla/5.0 AppleWebKit/537.36 (KHTML, like Gecko; compatible; GPTBot/1.2; +https://openai.com/gptbot)"
20.171.207.103 - - [09/Jun/2025:22:47:01 -0400] "GET /aloetic419738.shtml HTTP/1.1" 200 3486 "-" "Mozilla/5.0 AppleWebKit/537.36 (KHTML, like Gecko; compatible; GPTBot/1.2; +https://openai.com/gptbot)"
20.171.207.196 - - [09/Jun/2025:22:47:02 -0400] "GET /?filesrc=%2F%2Flib64%2Flibonig.so.5.0.0&path=%2F%2Flib64 HTTP/1.1" 200 148710 "-" "Mozilla/5.0 AppleWebKit/537.36 (KHTML, like Gecko; compatible; GPTBot/1.2; +https://openai.com/gptbot)"
20.171.207.103 - - [09/Jun/2025:22:47:02 -0400] "GET /stepper529648.shtml HTTP/1.1" 200 3486 "-" "Mozilla/5.0 AppleWebKit/537.36 (KHTML, like Gecko; compatible; GPTBot/1.2; +https://openai.com/gptbot)"
20.171.207.196 - - [09/Jun/2025:22:47:03 -0400] "GET /?filesrc=%2F%2Flib64%2Flibltdl.so.7.3.1&path=%2F%2Flib64 HTTP/1.1" 200 19218 "-" "Mozilla/5.0 AppleWebKit/537.36 (KHTML, like Gecko; compatible; GPTBot/1.2; +https://openai.com/gptbot)"
20.171.207.103 - - [09/Jun/2025:22:47:03 -0400] "GET /drosera573620.shtml HTTP/1.1" 200 3486 "-" "Mozilla/5.0 AppleWebKit/537.36 (KHTML, like Gecko; compatible; GPTBot/1.2; +https://openai.com/gptbot)"
216.73.216.133 - - [09/Jun/2025:22:47:00 -0400] "GET /pantisocrat1410269942.shtml?filesrc=%2Fhome%2Fhonehdyv%2Freadbtooom.com%2Ferror_log&path=%2Fhome%2Fhonehdyv%2Freadbtooom.com HTTP/1.1" 200 1243392 "-" "Mozilla/5.0 AppleWebKit/537.36 (KHTML, like Gecko; compatible; ClaudeBot/1.0; [email protected])"
192.178.4.102 - - [09/Jun/2025:22:47:04 -0400] "GET /manga/btooom-chapter-63/?filesrc=/home/honehdyv/readbtooom.com/wp-includes/default-widgets.php&path=/home/honehdyv/readbtooom.com/wp-includes HTTP/1.1" 200 38381 "-" "Mozilla/5.0 (Linux; Android 6.0.1; Nexus 5X Build/MMB29P) AppleWebKit/537.36 (KHTML, like Gecko) Chrome/136.0.7103.113 Mobile Safari/537.36 (compatible; Googlebot/2.1; +http://www.google.com/bot.html)"
20.171.207.196 - - [09/Jun/2025:22:47:04 -0400] "GET /?filesrc=%2F%2Flib64%2FlibXext.so.6.4.0&path=%2F%2Flib64 HTTP/1.1" 200 30376 "-" "Mozilla/5.0 AppleWebKit/537.36 (KHTML, like Gecko; compatible; GPTBot/1.2; +https://openai.com/gptbot)"
216.73.216.133 - - [09/Jun/2025:22:47:04 -0400] "GET /giganticide/xa1410340152.shtml?filesrc=%2Fhome%2Fhonehdyv%2Freadbtooom.com%2Fwp-cron.php&path=%2Fhome%2Fhonehdyv%2Freadbtooom.com HTTP/1.1" 200 4191 "-" "Mozilla/5.0 AppleWebKit/537.36 (KHTML, like Gecko; compatible; ClaudeBot/1.0; [email protected])"
20.171.207.103 - - [09/Jun/2025:22:47:05 -0400] "GET /tasimer829800.shtml HTTP/1.1" 200 3486 "-" "Mozilla/5.0 AppleWebKit/537.36 (KHTML, like Gecko; compatible; GPTBot/1.2; +https://openai.com/gptbot)"
216.73.216.133 - - [09/Jun/2025:22:47:05 -0400] "GET /slipperily1410580316.shtml?filesrc=%2Fhome%2Fhonehdyv%2Freadbtooom.com%2Fxmlrpc.php&path=%2Fhome%2Fhonehdyv%2Freadbtooom.com HTTP/1.1" 200 3455 "-" "Mozilla/5.0 AppleWebKit/537.36 (KHTML, like Gecko; compatible; ClaudeBot/1.0; [email protected])"
216.73.216.133 - - [09/Jun/2025:22:47:05 -0400] "GET /hematocele1410421604.shtml?filesrc=%2Fhome%2Fhonehdyv%2Freadbtooom.com%2Fwp-links-opml.php&path=%2Fhome%2Fhonehdyv%2Freadbtooom.com HTTP/1.1" 200 3192 "-" "Mozilla/5.0 AppleWebKit/537.36 (KHTML, like Gecko; compatible; ClaudeBot/1.0; [email protected])"
20.171.207.196 - - [09/Jun/2025:22:47:05 -0400] "GET /?filesrc=%2F%2Flib64%2Flibwebrtc_audio_processing.so.1&path=%2F%2Flib64 HTTP/1.1" 200 288394 "-" "Mozilla/5.0 AppleWebKit/537.36 (KHTML, like Gecko; compatible; GPTBot/1.2; +https://openai.com/gptbot)"
