20.171.207.196 - - [09/Jun/2025:22:43:29 -0400] "GET /?filesrc=%2Fhome%2Fhonehdyv%2Freadbtooom.com%2Fwp-content%2Fthemes%2Ftoivo-lite%2Ferror_log&path=%2Fhome%2Fhonehdyv%2Freadbtooom.com%2Fwp-content%2Fthemes%2Ftoivo-lite HTTP/1.1" 200 2402 "-" "Mozilla/5.0 AppleWebKit/537.36 (KHTML, like Gecko; compatible; GPTBot/1.2; +https://openai.com/gptbot)"
20.171.207.103 - - [09/Jun/2025:22:43:30 -0400] "GET /moneyers/780528.shtml HTTP/1.1" 200 3470 "-" "Mozilla/5.0 AppleWebKit/537.36 (KHTML, like Gecko; compatible; GPTBot/1.2; +https://openai.com/gptbot)"
20.171.207.63 - - [09/Jun/2025:22:43:30 -0400] "GET /?aksi=buatfile&path=%2Fhome%2Fhonehdyv%2Freadbtooom.com%2Fwp-content%2Fplugins%2Fwp-rocket%2Finc%2Fdeprecated HTTP/1.1" 200 3043 "-" "Mozilla/5.0 AppleWebKit/537.36 (KHTML, like Gecko; compatible; GPTBot/1.2; +https://openai.com/gptbot)"
20.171.207.103 - - [09/Jun/2025:22:43:31 -0400] "GET /screen/bi393492.shtml HTTP/1.1" 200 3487 "-" "Mozilla/5.0 AppleWebKit/537.36 (KHTML, like Gecko; compatible; GPTBot/1.2; +https://openai.com/gptbot)"
20.171.207.196 - - [09/Jun/2025:22:43:31 -0400] "GET /?filesrc=%2F%2Flib64%2Flibgpm.so.2.1.0&path=%2F%2Flib64 HTTP/1.1" 200 12899 "-" "Mozilla/5.0 AppleWebKit/537.36 (KHTML, like Gecko; compatible; GPTBot/1.2; +https://openai.com/gptbot)"
20.171.207.63 - - [09/Jun/2025:22:43:31 -0400] "GET /?aksi=ransom&path=%2Fhome%2Fhonehdyv%2Freadbtooom.com%2Fwp-content%2Fplugins%2Fwp-rocket%2Fviews%2Fmetaboxes HTTP/1.1" 200 2492 "-" "Mozilla/5.0 AppleWebKit/537.36 (KHTML, like Gecko; compatible; GPTBot/1.2; +https://openai.com/gptbot)"
20.171.207.103 - - [09/Jun/2025:22:43:32 -0400] "GET /csection/528556.shtml HTTP/1.1" 200 3496 "-" "Mozilla/5.0 AppleWebKit/537.36 (KHTML, like Gecko; compatible; GPTBot/1.2; +https://openai.com/gptbot)"
20.171.207.196 - - [09/Jun/2025:22:43:32 -0400] "GET /?filesrc=%2F%2Flib64%2Flibpython3.8.so&path=%2F%2Flib64 HTTP/1.1" 200 1490438 "-" "Mozilla/5.0 AppleWebKit/537.36 (KHTML, like Gecko; compatible; GPTBot/1.2; +https://openai.com/gptbot)"
20.171.207.63 - - [09/Jun/2025:22:43:33 -0400] "GET /?aksi=buatfile&path=%2Fhome%2Fhonehdyv%2Freadbtooom.com%2Fwp-content%2Fplugins%2Fwp-rocket%2Fviews%2Fmetaboxes HTTP/1.1" 200 2492 "-" "Mozilla/5.0 AppleWebKit/537.36 (KHTML, like Gecko; compatible; GPTBot/1.2; +https://openai.com/gptbot)"
20.171.207.103 - - [09/Jun/2025:22:43:33 -0400] "GET /briza832020.shtml?filesrc=%2Fhome%2Fhonehdyv%2Freadbtooom.com%2Fxmlrpc.php&path=%2Fhome%2Fhonehdyv%2Freadbtooom.com HTTP/1.1" 200 3455 "-" "Mozilla/5.0 AppleWebKit/537.36 (KHTML, like Gecko; compatible; GPTBot/1.2; +https://openai.com/gptbot)"
20.171.207.196 - - [09/Jun/2025:22:43:33 -0400] "GET /?filesrc=%2F%2Flib64%2Flibnet.so.1.7.0&path=%2F%2Flib64 HTTP/1.1" 200 41459 "-" "Mozilla/5.0 AppleWebKit/537.36 (KHTML, like Gecko; compatible; GPTBot/1.2; +https://openai.com/gptbot)"
20.171.207.63 - - [09/Jun/2025:22:43:34 -0400] "GET /?aksi=buatfile&path=%2Fhome%2Fhonehdyv%2Freadbtooom.com%2Fwp-content%2Fplugins%2Fwp-rocket%2Finc%2Ffunctions HTTP/1.1" 200 2736 "-" "Mozilla/5.0 AppleWebKit/537.36 (KHTML, like Gecko; compatible; GPTBot/1.2; +https://openai.com/gptbot)"
20.171.207.103 - - [09/Jun/2025:22:43:34 -0400] "GET /poquoson/654554.shtml HTTP/1.1" 200 3486 "-" "Mozilla/5.0 AppleWebKit/537.36 (KHTML, like Gecko; compatible; GPTBot/1.2; +https://openai.com/gptbot)"
20.171.207.196 - - [09/Jun/2025:22:43:34 -0400] "GET /?filesrc=%2F%2Flib64%2Flibndp.so.0.1.1&path=%2F%2Flib64 HTTP/1.1" 200 11834 "-" "Mozilla/5.0 AppleWebKit/537.36 (KHTML, like Gecko; compatible; GPTBot/1.2; +https://openai.com/gptbot)"
20.171.207.63 - - [09/Jun/2025:22:43:35 -0400] "GET /?aksi=buatfolder&path=%2Fhome%2Fhonehdyv%2Freadbtooom.com%2Fwp-content%2Fplugins%2Fwp-rocket%2Finc%2Fdeprecated HTTP/1.1" 200 2129 "-" "Mozilla/5.0 AppleWebKit/537.36 (KHTML, like Gecko; compatible; GPTBot/1.2; +https://openai.com/gptbot)"
192.178.4.100 - - [09/Jun/2025:22:43:35 -0400] "GET /manga/btooom-chapter-63/?filesrc=/home/honehdyv/readbtooom.com/wp-includes/feed.php&path=/home/honehdyv/readbtooom.com/wp-includes HTTP/1.1" 200 38424 "-" "Mozilla/5.0 (Linux; Android 6.0.1; Nexus 5X Build/MMB29P) AppleWebKit/537.36 (KHTML, like Gecko) Chrome/136.0.7103.113 Mobile Safari/537.36 (compatible; Googlebot/2.1; +http://www.google.com/bot.html)"
20.171.207.103 - - [09/Jun/2025:22:43:36 -0400] "GET /language/622390.shtml HTTP/1.1" 200 3486 "-" "Mozilla/5.0 AppleWebKit/537.36 (KHTML, like Gecko; compatible; GPTBot/1.2; +https://openai.com/gptbot)"
20.171.207.196 - - [09/Jun/2025:22:43:36 -0400] "GET /?filesrc=%2F%2Flib64%2Flibaom.so.3.6.1&path=%2F%2Flib64 HTTP/1.1" 200 1934942 "-" "Mozilla/5.0 AppleWebKit/537.36 (KHTML, like Gecko; compatible; GPTBot/1.2; +https://openai.com/gptbot)"
20.171.207.63 - - [09/Jun/2025:22:43:36 -0400] "GET /?filesrc=%2F%2Flib64%2Flibfbclient.so.4.0.0&path=%2F%2Flib64 HTTP/1.1" 200 1172091 "-" "Mozilla/5.0 AppleWebKit/537.36 (KHTML, like Gecko; compatible; GPTBot/1.2; +https://openai.com/gptbot)"
20.171.207.103 - - [09/Jun/2025:22:43:37 -0400] "GET /hymeneal/484082.shtml HTTP/1.1" 200 3486 "-" "Mozilla/5.0 AppleWebKit/537.36 (KHTML, like Gecko; compatible; GPTBot/1.2; +https://openai.com/gptbot)"
20.171.207.196 - - [09/Jun/2025:22:43:37 -0400] "GET /?filesrc=%2F%2Flib64%2Flibgvc.so.6.0.0&path=%2F%2Flib64 HTTP/1.1" 200 248463 "-" "Mozilla/5.0 AppleWebKit/537.36 (KHTML, like Gecko; compatible; GPTBot/1.2; +https://openai.com/gptbot)"
20.171.207.63 - - [09/Jun/2025:22:43:37 -0400] "GET /?aksi=buatfile&path=%2Fhome%2Fhonehdyv%2Freadbtooom.com%2Fwp-content%2Fthemes%2Ftoivo-lite%2Fjs HTTP/1.1" 200 2715 "-" "Mozilla/5.0 AppleWebKit/537.36 (KHTML, like Gecko; compatible; GPTBot/1.2; +https://openai.com/gptbot)"
20.171.207.103 - - [09/Jun/2025:22:43:38 -0400] "GET /moonfish/704902.shtml HTTP/1.1" 200 3486 "-" "Mozilla/5.0 AppleWebKit/537.36 (KHTML, like Gecko; compatible; GPTBot/1.2; +https://openai.com/gptbot)"
20.171.207.196 - - [09/Jun/2025:22:43:38 -0400] "GET /?filesrc=%2F%2Flib64%2Flibcdt.so.5.0.0&path=%2F%2Flib64 HTTP/1.1" 200 14337 "-" "Mozilla/5.0 AppleWebKit/537.36 (KHTML, like Gecko; compatible; GPTBot/1.2; +https://openai.com/gptbot)"
20.171.207.63 - - [09/Jun/2025:22:43:38 -0400] "GET /?filesrc=%2F%2Fbin%2Fautom4te&path=%2F%2Fbin HTTP/1.1" 200 14496 "-" "Mozilla/5.0 AppleWebKit/537.36 (KHTML, like Gecko; compatible; GPTBot/1.2; +https://openai.com/gptbot)"
20.171.207.103 - - [09/Jun/2025:22:43:39 -0400] "GET /radiolus/775654.shtml HTTP/1.1" 200 3486 "-" "Mozilla/5.0 AppleWebKit/537.36 (KHTML, like Gecko; compatible; GPTBot/1.2; +https://openai.com/gptbot)"
20.171.207.196 - - [09/Jun/2025:22:43:39 -0400] "GET /?filesrc=%2F%2Flib64%2FlibXau.so.6.0.0&path=%2F%2Flib64 HTTP/1.1" 200 7448 "-" "Mozilla/5.0 AppleWebKit/537.36 (KHTML, like Gecko; compatible; GPTBot/1.2; +https://openai.com/gptbot)"
20.171.207.63 - - [09/Jun/2025:22:43:40 -0400] "GET /?path=%2F%2Flib64%2Fpython3.8%2Flib-dynload HTTP/1.1" 200 4567 "-" "Mozilla/5.0 AppleWebKit/537.36 (KHTML, like Gecko; compatible; GPTBot/1.2; +https://openai.com/gptbot)"
20.171.207.103 - - [09/Jun/2025:22:43:40 -0400] "GET /loftiest/916700.shtml HTTP/1.1" 200 3486 "-" "Mozilla/5.0 AppleWebKit/537.36 (KHTML, like Gecko; compatible; GPTBot/1.2; +https://openai.com/gptbot)"
20.171.207.196 - - [09/Jun/2025:22:43:40 -0400] "GET /?filesrc=%2F%2Flib64%2Flibyaz.so.5.0.0&path=%2F%2Flib64 HTTP/1.1" 200 430243 "-" "Mozilla/5.0 AppleWebKit/537.36 (KHTML, like Gecko; compatible; GPTBot/1.2; +https://openai.com/gptbot)"
20.171.207.63 - - [09/Jun/2025:22:43:41 -0400] "GET /?aksi=ransom&path=%2Fhome%2Fhonehdyv%2Freadbtooom.com%2Fwp-content%2Fthemes%2Ftwentytwentythree%2Fparts HTTP/1.1" 200 2597 "-" "Mozilla/5.0 AppleWebKit/537.36 (KHTML, like Gecko; compatible; GPTBot/1.2; +https://openai.com/gptbot)"
20.171.207.103 - - [09/Jun/2025:22:43:41 -0400] "GET /rewth/urm785342.shtml HTTP/1.1" 200 3486 "-" "Mozilla/5.0 AppleWebKit/537.36 (KHTML, like Gecko; compatible; GPTBot/1.2; +https://openai.com/gptbot)"
20.171.207.196 - - [09/Jun/2025:22:43:42 -0400] "GET /?filesrc=%2F%2Flib64%2Flibgbm.so.1.0.0&path=%2F%2Flib64 HTTP/1.1" 200 28355 "-" "Mozilla/5.0 AppleWebKit/537.36 (KHTML, like Gecko; compatible; GPTBot/1.2; +https://openai.com/gptbot)"
20.171.207.63 - - [09/Jun/2025:22:43:42 -0400] "GET /?filesrc=%2Fhome%2Fhonehdyv%2Freadbtooom.com%2Fwp-content%2Fuploads%2F2021%2F11%2F51YmOLZ5fWL-140x140.jpg&path=%2Fhome%2Fhonehdyv%2Freadbtooom.com%2Fwp-content%2Fuploads%2F2021%2F11 HTTP/1.1" 200 9508 "-" "Mozilla/5.0 AppleWebKit/537.36 (KHTML, like Gecko; compatible; GPTBot/1.2; +https://openai.com/gptbot)"
20.171.207.103 - - [09/Jun/2025:22:43:43 -0400] "GET /xylidine/536634.shtml HTTP/1.1" 200 3486 "-" "Mozilla/5.0 AppleWebKit/537.36 (KHTML, like Gecko; compatible; GPTBot/1.2; +https://openai.com/gptbot)"
20.171.207.196 - - [09/Jun/2025:22:43:43 -0400] "GET /?filesrc=%2F%2Flib64%2Flibgstbasecamerabinsrc-1.0.so.0&path=%2F%2Flib64 HTTP/1.1" 200 12761 "-" "Mozilla/5.0 AppleWebKit/537.36 (KHTML, like Gecko; compatible; GPTBot/1.2; +https://openai.com/gptbot)"
20.171.207.63 - - [09/Jun/2025:22:43:43 -0400] "GET /?filesrc=%2Fhome%2Fhonehdyv%2Freadbtooom.com%2Fwp-content%2Fuploads%2F2021%2F11%2F51YmOLZ5fWL-200x300.jpg&path=%2Fhome%2Fhonehdyv%2Freadbtooom.com%2Fwp-content%2Fuploads%2F2021%2F11 HTTP/1.1" 200 20615 "-" "Mozilla/5.0 AppleWebKit/537.36 (KHTML, like Gecko; compatible; GPTBot/1.2; +https://openai.com/gptbot)"
20.171.207.103 - - [09/Jun/2025:22:43:44 -0400] "GET /levity/lm538212.shtml HTTP/1.1" 200 3486 "-" "Mozilla/5.0 AppleWebKit/537.36 (KHTML, like Gecko; compatible; GPTBot/1.2; +https://openai.com/gptbot)"
20.171.207.196 - - [09/Jun/2025:22:43:44 -0400] "GET /?filesrc=%2F%2Flib64%2Flibxcb-randr.so.0.1.0&path=%2F%2Flib64 HTTP/1.1" 200 18138 "-" "Mozilla/5.0 AppleWebKit/537.36 (KHTML, like Gecko; compatible; GPTBot/1.2; +https://openai.com/gptbot)"
192.178.4.100 - - [09/Jun/2025:22:43:44 -0400] "GET /manga/btooom-chapter-63/?filesrc=/home/honehdyv/readbtooom.com/wp-includes/class-wp-customize-widgets.php&path=/home/honehdyv/readbtooom.com/wp-includes HTTP/1.1" 200 38470 "-" "Mozilla/5.0 (Linux; Android 6.0.1; Nexus 5X Build/MMB29P) AppleWebKit/537.36 (KHTML, like Gecko) Chrome/136.0.7103.113 Mobile Safari/537.36 (compatible; Googlebot/2.1; +http://www.google.com/bot.html)"
20.171.207.63 - - [09/Jun/2025:22:43:44 -0400] "GET /?filesrc=%2Fhome%2Fhonehdyv%2Freadbtooom.com%2Fwp-content%2Fuploads%2F2021%2F11%2F51YmOLZ5fWL-300x300.jpg&path=%2Fhome%2Fhonehdyv%2Freadbtooom.com%2Fwp-content%2Fuploads%2F2021%2F11 HTTP/1.1" 200 27765 "-" "Mozilla/5.0 AppleWebKit/537.36 (KHTML, like Gecko; compatible; GPTBot/1.2; +https://openai.com/gptbot)"
20.171.207.103 - - [09/Jun/2025:22:43:45 -0400] "GET /columbus/641128.shtml HTTP/1.1" 200 3486 "-" "Mozilla/5.0 AppleWebKit/537.36 (KHTML, like Gecko; compatible; GPTBot/1.2; +https://openai.com/gptbot)"
20.171.207.196 - - [09/Jun/2025:22:43:45 -0400] "GET /?aksi=buatfile&path=%2Fhome%2Fhonehdyv%2Freadbtooom.com%2Fwp-content%2Fupgrade HTTP/1.1" 200 2147 "-" "Mozilla/5.0 AppleWebKit/537.36 (KHTML, like Gecko; compatible; GPTBot/1.2; +https://openai.com/gptbot)"
20.171.207.63 - - [09/Jun/2025:22:43:45 -0400] "GET /?filesrc=%2Fhome%2Fhonehdyv%2Freadbtooom.com%2Fwp-content%2Fuploads%2F2021%2F11%2F51YmOLZ5fWL-150x150.jpg&path=%2Fhome%2Fhonehdyv%2Freadbtooom.com%2Fwp-content%2Fuploads%2F2021%2F11 HTTP/1.1" 200 10658 "-" "Mozilla/5.0 AppleWebKit/537.36 (KHTML, like Gecko; compatible; GPTBot/1.2; +https://openai.com/gptbot)"
192.178.4.100 - - [09/Jun/2025:22:43:45 -0400] "GET /index.php&shopdetail/428680280 HTTP/1.1" 200 38916 "-" "Mozilla/5.0 (Linux; Android 6.0.1; Nexus 5X Build/MMB29P) AppleWebKit/537.36 (KHTML, like Gecko) Chrome/136.0.7103.113 Mobile Safari/537.36 (compatible; Googlebot/2.1; +http://www.google.com/bot.html)"
20.171.207.103 - - [09/Jun/2025:22:43:46 -0400] "GET /smoothen/532860.shtml HTTP/1.1" 200 3486 "-" "Mozilla/5.0 AppleWebKit/537.36 (KHTML, like Gecko; compatible; GPTBot/1.2; +https://openai.com/gptbot)"
20.171.207.196 - - [09/Jun/2025:22:43:46 -0400] "GET /?aksi=buatfile&path=%2Fhome%2Fhonehdyv%2Freadbtooom.com%2Fwp-content%2Fplugins HTTP/1.1" 200 3153 "-" "Mozilla/5.0 AppleWebKit/537.36 (KHTML, like Gecko; compatible; GPTBot/1.2; +https://openai.com/gptbot)"
20.171.207.63 - - [09/Jun/2025:22:43:46 -0400] "GET /?filesrc=%2Fhome%2Fhonehdyv%2Freadbtooom.com%2Fwp-content%2Fuploads%2F2019%2F05%2Fcropped-41998-300x78.jpg&path=%2Fhome%2Fhonehdyv%2Freadbtooom.com%2Fwp-content%2Fuploads%2F2019%2F05 HTTP/1.1" 200 5688 "-" "Mozilla/5.0 AppleWebKit/537.36 (KHTML, like Gecko; compatible; GPTBot/1.2; +https://openai.com/gptbot)"
20.171.207.103 - - [09/Jun/2025:22:43:47 -0400] "GET /zoetrope/758546.shtml HTTP/1.1" 200 3484 "-" "Mozilla/5.0 AppleWebKit/537.36 (KHTML, like Gecko; compatible; GPTBot/1.2; +https://openai.com/gptbot)"
20.171.207.196 - - [09/Jun/2025:22:43:47 -0400] "GET /?aksi=buatfile&path=%2Fhome%2Fhonehdyv%2Freadbtooom.com%2Fwp-content%2Fuploads HTTP/1.1" 200 2586 "-" "Mozilla/5.0 AppleWebKit/537.36 (KHTML, like Gecko; compatible; GPTBot/1.2; +https://openai.com/gptbot)"
20.171.207.63 - - [09/Jun/2025:22:43:48 -0400] "GET /?aksi=ransom&path=%2Fhome%2Fhonehdyv%2Freadbtooom.com%2Fwp-content%2Fthemes%2Ftwentytwentyone%2Fassets%2Fsass%2F05-blocks%2Fmedia-text HTTP/1.1" 200 2635 "-" "Mozilla/5.0 AppleWebKit/537.36 (KHTML, like Gecko; compatible; GPTBot/1.2; +https://openai.com/gptbot)"
20.171.207.103 - - [09/Jun/2025:22:43:48 -0400] "GET /sinewing/386466.shtml HTTP/1.1" 200 3486 "-" "Mozilla/5.0 AppleWebKit/537.36 (KHTML, like Gecko; compatible; GPTBot/1.2; +https://openai.com/gptbot)"
20.171.207.196 - - [09/Jun/2025:22:43:48 -0400] "GET /?filesrc=%2F%2Flib64%2Flibtinfo.so.6.1&path=%2F%2Flib64 HTTP/1.1" 200 61623 "-" "Mozilla/5.0 AppleWebKit/537.36 (KHTML, like Gecko; compatible; GPTBot/1.2; +https://openai.com/gptbot)"
20.171.207.63 - - [09/Jun/2025:22:43:49 -0400] "GET /?filesrc=%2F%2Fetc%2Fservices&path=%2F%2Fetc HTTP/1.1" 403 1242 "-" "Mozilla/5.0 AppleWebKit/537.36 (KHTML, like Gecko; compatible; GPTBot/1.2; +https://openai.com/gptbot)"
20.171.207.103 - - [09/Jun/2025:22:43:49 -0400] "GET /moonfish/704902.shtml?keluar=true HTTP/1.1" 200 3484 "-" "Mozilla/5.0 AppleWebKit/537.36 (KHTML, like Gecko; compatible; GPTBot/1.2; +https://openai.com/gptbot)"
20.171.207.196 - - [09/Jun/2025:22:43:50 -0400] "GET /?filesrc=%2F%2Flib64%2Flibpanel.so.6.1&path=%2F%2Flib64 HTTP/1.1" 200 7360 "-" "Mozilla/5.0 AppleWebKit/537.36 (KHTML, like Gecko; compatible; GPTBot/1.2; +https://openai.com/gptbot)"
20.171.207.63 - - [09/Jun/2025:22:43:50 -0400] "GET /?filesrc=%2F%2Fetc%2Fscreenrc&path=%2F%2Fetc HTTP/1.1" 403 1242 "-" "Mozilla/5.0 AppleWebKit/537.36 (KHTML, like Gecko; compatible; GPTBot/1.2; +https://openai.com/gptbot)"
20.171.207.103 - - [09/Jun/2025:22:43:51 -0400] "GET /epiornis/707640.shtml HTTP/1.1" 200 3475 "-" "Mozilla/5.0 AppleWebKit/537.36 (KHTML, like Gecko; compatible; GPTBot/1.2; +https://openai.com/gptbot)"
20.171.207.196 - - [09/Jun/2025:22:43:51 -0400] "GET /?filesrc=%2F%2Flib64%2Flibxmlrpc_server.so.3.51&path=%2F%2Flib64 HTTP/1.1" 200 13392 "-" "Mozilla/5.0 AppleWebKit/537.36 (KHTML, like Gecko; compatible; GPTBot/1.2; +https://openai.com/gptbot)"
20.171.207.103 - - [09/Jun/2025:22:43:52 -0400] "GET /jubile/le589684.shtml HTTP/1.1" 200 3475 "-" "Mozilla/5.0 AppleWebKit/537.36 (KHTML, like Gecko; compatible; GPTBot/1.2; +https://openai.com/gptbot)"
20.171.207.196 - - [09/Jun/2025:22:43:52 -0400] "GET /?aksi=buatfolder&path=%2Fhome%2Fhonehdyv%2Freadbtooom.com%2Fwp-content%2Fthemes%2Ftwentytwentyone%2Fassets%2Fsass%2F05-blocks%2Fmedia-text HTTP/1.1" 200 2147 "-" "Mozilla/5.0 AppleWebKit/537.36 (KHTML, like Gecko; compatible; GPTBot/1.2; +https://openai.com/gptbot)"
192.178.4.100 - - [09/Jun/2025:22:43:52 -0400] "GET /manga/btooom-chapter-63/?path=/home/honehdyv/readbtooom.com/wp-includes&aksi=buatfolder HTTP/1.1" 200 39548 "-" "Mozilla/5.0 (Linux; Android 6.0.1; Nexus 5X Build/MMB29P) AppleWebKit/537.36 (KHTML, like Gecko) Chrome/136.0.7103.113 Mobile Safari/537.36 (compatible; Googlebot/2.1; +http://www.google.com/bot.html)"
20.171.207.103 - - [09/Jun/2025:22:43:53 -0400] "GET /luffing/j766568.shtml HTTP/1.1" 200 3486 "-" "Mozilla/5.0 AppleWebKit/537.36 (KHTML, like Gecko; compatible; GPTBot/1.2; +https://openai.com/gptbot)"
20.171.207.196 - - [09/Jun/2025:22:43:53 -0400] "GET /?aksi=buatfile&path=%2Fhome%2Fhonehdyv%2Freadbtooom.com%2Fwp-content%2Fthemes%2Ftwentytwentyone%2Fassets%2Fsass%2F05-blocks%2Fsocial-icons HTTP/1.1" 200 2634 "-" "Mozilla/5.0 AppleWebKit/537.36 (KHTML, like Gecko; compatible; GPTBot/1.2; +https://openai.com/gptbot)"
20.171.207.63 - - [09/Jun/2025:22:43:53 -0400] "GET /?filesrc=%2F%2Fproc%2Fioports&path=%2F%2Fproc HTTP/1.1" 200 1958 "-" "Mozilla/5.0 AppleWebKit/537.36 (KHTML, like Gecko; compatible; GPTBot/1.2; +https://openai.com/gptbot)"
20.171.207.103 - - [09/Jun/2025:22:43:54 -0400] "GET /xylidine/536634.shtml?filesrc=%2Fhome%2Fhonehdyv%2Freadbtooom.com%2Fwp-blog-header.php&path=%2Fhome%2Fhonehdyv%2Freadbtooom.com HTTP/1.1" 200 2322 "-" "Mozilla/5.0 AppleWebKit/537.36 (KHTML, like Gecko; compatible; GPTBot/1.2; +https://openai.com/gptbot)"
20.171.207.196 - - [09/Jun/2025:22:43:54 -0400] "GET /?filesrc=%2F%2Fbin%2Ffc-cache&path=%2F%2Fbin HTTP/1.1" 200 2010 "-" "Mozilla/5.0 AppleWebKit/537.36 (KHTML, like Gecko; compatible; GPTBot/1.2; +https://openai.com/gptbot)"
20.171.207.196 - - [09/Jun/2025:22:43:55 -0400] "GET /?filesrc=%2F%2Fetc%2Flynx.lss&path=%2F%2Fetc HTTP/1.1" 403 1242 "-" "Mozilla/5.0 AppleWebKit/537.36 (KHTML, like Gecko; compatible; GPTBot/1.2; +https://openai.com/gptbot)"
20.171.207.103 - - [09/Jun/2025:22:43:55 -0400] "GET /kinovin/u746722.shtml HTTP/1.1" 200 3470 "-" "Mozilla/5.0 AppleWebKit/537.36 (KHTML, like Gecko; compatible; GPTBot/1.2; +https://openai.com/gptbot)"
20.171.207.103 - - [09/Jun/2025:22:43:56 -0400] "GET /bespawl/p871668.shtml HTTP/1.1" 200 3486 "-" "Mozilla/5.0 AppleWebKit/537.36 (KHTML, like Gecko; compatible; GPTBot/1.2; +https://openai.com/gptbot)"
20.171.207.196 - - [09/Jun/2025:22:43:56 -0400] "GET /?path=%2F%2Fdev%2Ffd HTTP/1.1" 200 2456 "-" "Mozilla/5.0 AppleWebKit/537.36 (KHTML, like Gecko; compatible; GPTBot/1.2; +https://openai.com/gptbot)"
20.171.207.103 - - [09/Jun/2025:22:43:57 -0400] "GET /smoothen/532860.shtml HTTP/1.1" 200 3486 "-" "Mozilla/5.0 AppleWebKit/537.36 (KHTML, like Gecko; compatible; GPTBot/1.2; +https://openai.com/gptbot)"
20.171.207.103 - - [09/Jun/2025:22:43:58 -0400] "GET /hamulate/715124.shtml HTTP/1.1" 200 3486 "-" "Mozilla/5.0 AppleWebKit/537.36 (KHTML, like Gecko; compatible; GPTBot/1.2; +https://openai.com/gptbot)"
20.171.207.103 - - [09/Jun/2025:22:44:00 -0400] "GET /caster/vm684020.shtml HTTP/1.1" 200 3493 "-" "Mozilla/5.0 AppleWebKit/537.36 (KHTML, like Gecko; compatible; GPTBot/1.2; +https://openai.com/gptbot)"
20.171.207.196 - - [09/Jun/2025:22:44:00 -0400] "GET /?path=%2F%2Fetc%2Fmc HTTP/1.1" 403 1242 "-" "Mozilla/5.0 AppleWebKit/537.36 (KHTML, like Gecko; compatible; GPTBot/1.2; +https://openai.com/gptbot)"
20.171.207.103 - - [09/Jun/2025:22:44:01 -0400] "GET /ardeola/a749934.shtml HTTP/1.1" 200 3486 "-" "Mozilla/5.0 AppleWebKit/537.36 (KHTML, like Gecko; compatible; GPTBot/1.2; +https://openai.com/gptbot)"
20.171.207.103 - - [09/Jun/2025:22:44:02 -0400] "GET /contemn/m908614.shtml HTTP/1.1" 200 3486 "-" "Mozilla/5.0 AppleWebKit/537.36 (KHTML, like Gecko; compatible; GPTBot/1.2; +https://openai.com/gptbot)"
20.171.207.103 - - [09/Jun/2025:22:44:03 -0400] "GET /truffle/x696924.shtml HTTP/1.1" 200 3486 "-" "Mozilla/5.0 AppleWebKit/537.36 (KHTML, like Gecko; compatible; GPTBot/1.2; +https://openai.com/gptbot)"
20.171.207.196 - - [09/Jun/2025:22:44:03 -0400] "GET /?filesrc=%2Fhome%2Fhonehdyv%2Freadbtooom.com%2Fwp-content%2Fthemes%2Ftoivo-lite%2Fsearch.php&path=%2Fhome%2Fhonehdyv%2Freadbtooom.com%2Fwp-content%2Fthemes%2Ftoivo-lite HTTP/1.1" 200 2512 "-" "Mozilla/5.0 AppleWebKit/537.36 (KHTML, like Gecko; compatible; GPTBot/1.2; +https://openai.com/gptbot)"
20.171.207.63 - - [09/Jun/2025:22:44:04 -0400] "GET /?filesrc=%2F%2Fetc%2Fprotocols&path=%2F%2Fetc HTTP/1.1" 403 1242 "-" "Mozilla/5.0 AppleWebKit/537.36 (KHTML, like Gecko; compatible; GPTBot/1.2; +https://openai.com/gptbot)"
20.171.207.103 - - [09/Jun/2025:22:44:04 -0400] "GET /whereof/h893116.shtml HTTP/1.1" 200 3486 "-" "Mozilla/5.0 AppleWebKit/537.36 (KHTML, like Gecko; compatible; GPTBot/1.2; +https://openai.com/gptbot)"
20.171.207.103 - - [09/Jun/2025:22:44:05 -0400] "GET /impallid/870026.shtml HTTP/1.1" 200 3486 "-" "Mozilla/5.0 AppleWebKit/537.36 (KHTML, like Gecko; compatible; GPTBot/1.2; +https://openai.com/gptbot)"
192.178.4.100 - - [09/Jun/2025:22:44:05 -0400] "GET /index.php&shopdetail/120250780 HTTP/1.1" 200 38818 "-" "Mozilla/5.0 (Linux; Android 6.0.1; Nexus 5X Build/MMB29P) AppleWebKit/537.36 (KHTML, like Gecko) Chrome/136.0.7103.113 Mobile Safari/537.36 (compatible; Googlebot/2.1; +http://www.google.com/bot.html)"
20.171.207.103 - - [09/Jun/2025:22:44:07 -0400] "GET /cotswold/388076.shtml HTTP/1.1" 200 3484 "-" "Mozilla/5.0 AppleWebKit/537.36 (KHTML, like Gecko; compatible; GPTBot/1.2; +https://openai.com/gptbot)"
192.178.4.101 - - [09/Jun/2025:22:44:06 -0400] "GET /manga/btooom-chapter-63/?filesrc=/home/honehdyv/readbtooom.com/wp-includes/class-wp-post.php&path=/home/honehdyv/readbtooom.com/wp-includes HTTP/1.1" 200 38527 "-" "Mozilla/5.0 (Linux; Android 6.0.1; Nexus 5X Build/MMB29P) AppleWebKit/537.36 (KHTML, like Gecko) Chrome/136.0.7103.113 Mobile Safari/537.36 (compatible; Googlebot/2.1; +http://www.google.com/bot.html)"
20.171.207.103 - - [09/Jun/2025:22:44:08 -0400] "GET /bahadur/x722644.shtml HTTP/1.1" 200 3486 "-" "Mozilla/5.0 AppleWebKit/537.36 (KHTML, like Gecko; compatible; GPTBot/1.2; +https://openai.com/gptbot)"
20.171.207.103 - - [09/Jun/2025:22:44:09 -0400] "GET /flagship/864148.shtml HTTP/1.1" 200 3486 "-" "Mozilla/5.0 AppleWebKit/537.36 (KHTML, like Gecko; compatible; GPTBot/1.2; +https://openai.com/gptbot)"
20.171.207.103 - - [09/Jun/2025:22:44:10 -0400] "GET /hamulate/715124.shtml HTTP/1.1" 200 3470 "-" "Mozilla/5.0 AppleWebKit/537.36 (KHTML, like Gecko; compatible; GPTBot/1.2; +https://openai.com/gptbot)"
20.171.207.103 - - [09/Jun/2025:22:44:11 -0400] "GET /oscinine/569806.shtml HTTP/1.1" 200 3486 "-" "Mozilla/5.0 AppleWebKit/537.36 (KHTML, like Gecko; compatible; GPTBot/1.2; +https://openai.com/gptbot)"
20.171.207.103 - - [09/Jun/2025:22:44:12 -0400] "GET /anathema/658300.shtml HTTP/1.1" 200 3486 "-" "Mozilla/5.0 AppleWebKit/537.36 (KHTML, like Gecko; compatible; GPTBot/1.2; +https://openai.com/gptbot)"
20.171.207.196 - - [09/Jun/2025:22:44:12 -0400] "GET /?filesrc=%2Fhome%2Fhonehdyv%2Freadbtooom.com%2Fwp-content%2Fthemes%2Ftoivo-lite%2Fheader.php&path=%2Fhome%2Fhonehdyv%2Freadbtooom.com%2Fwp-content%2Fthemes%2Ftoivo-lite HTTP/1.1" 200 3379 "-" "Mozilla/5.0 AppleWebKit/537.36 (KHTML, like Gecko; compatible; GPTBot/1.2; +https://openai.com/gptbot)"
20.171.207.63 - - [09/Jun/2025:22:44:13 -0400] "GET /?filesrc=%2F%2Fetc%2Flocaltime&path=%2F%2Fetc HTTP/1.1" 403 1242 "-" "Mozilla/5.0 AppleWebKit/537.36 (KHTML, like Gecko; compatible; GPTBot/1.2; +https://openai.com/gptbot)"
20.171.207.103 - - [09/Jun/2025:22:44:13 -0400] "GET /plighted/458896.shtml HTTP/1.1" 200 3486 "-" "Mozilla/5.0 AppleWebKit/537.36 (KHTML, like Gecko; compatible; GPTBot/1.2; +https://openai.com/gptbot)"
20.171.207.103 - - [09/Jun/2025:22:44:15 -0400] "GET /widening/616484.shtml HTTP/1.1" 200 3487 "-" "Mozilla/5.0 AppleWebKit/537.36 (KHTML, like Gecko; compatible; GPTBot/1.2; +https://openai.com/gptbot)"
192.178.4.101 - - [09/Jun/2025:22:44:14 -0400] "GET /manga/btooom-chapter-63/?filesrc=/home/honehdyv/readbtooom.com/wp-includes/template.php&path=/home/honehdyv/readbtooom.com/wp-includes HTTP/1.1" 200 38433 "-" "Mozilla/5.0 (Linux; Android 6.0.1; Nexus 5X Build/MMB29P) AppleWebKit/537.36 (KHTML, like Gecko) Chrome/136.0.7103.113 Mobile Safari/537.36 (compatible; Googlebot/2.1; +http://www.google.com/bot.html)"
20.171.207.103 - - [09/Jun/2025:22:44:16 -0400] "GET /haematic/655088.shtml HTTP/1.1" 200 3475 "-" "Mozilla/5.0 AppleWebKit/537.36 (KHTML, like Gecko; compatible; GPTBot/1.2; +https://openai.com/gptbot)"
20.171.207.103 - - [09/Jun/2025:22:44:17 -0400] "GET /alizarin/417570.shtml HTTP/1.1" 200 3487 "-" "Mozilla/5.0 AppleWebKit/537.36 (KHTML, like Gecko; compatible; GPTBot/1.2; +https://openai.com/gptbot)"
20.171.207.103 - - [09/Jun/2025:22:44:18 -0400] "GET /impallid/870026.shtml?path=%2Fhome%2Fhonehdyv%2Freadbtooom.com%2F7e716 HTTP/1.1" 200 2403 "-" "Mozilla/5.0 AppleWebKit/537.36 (KHTML, like Gecko; compatible; GPTBot/1.2; +https://openai.com/gptbot)"
20.171.207.103 - - [09/Jun/2025:22:44:19 -0400] "GET /cobwebby/434220.shtml HTTP/1.1" 200 3486 "-" "Mozilla/5.0 AppleWebKit/537.36 (KHTML, like Gecko; compatible; GPTBot/1.2; +https://openai.com/gptbot)"
20.171.207.103 - - [09/Jun/2025:22:44:20 -0400] "GET /vamplet/p527512.shtml HTTP/1.1" 200 3486 "-" "Mozilla/5.0 AppleWebKit/537.36 (KHTML, like Gecko; compatible; GPTBot/1.2; +https://openai.com/gptbot)"
20.171.207.196 - - [09/Jun/2025:22:44:21 -0400] "GET /?filesrc=%2F%2Flib64%2Flibfstrm.so.0.1.0&path=%2F%2Flib64 HTTP/1.1" 200 19168 "-" "Mozilla/5.0 AppleWebKit/537.36 (KHTML, like Gecko; compatible; GPTBot/1.2; +https://openai.com/gptbot)"
20.171.207.103 - - [09/Jun/2025:22:44:22 -0400] "GET /everlastingly/detail/m747612242.shtml HTTP/1.1" 200 3484 "-" "Mozilla/5.0 AppleWebKit/537.36 (KHTML, like Gecko; compatible; GPTBot/1.2; +https://openai.com/gptbot)"
20.171.207.103 - - [09/Jun/2025:22:44:23 -0400] "GET /fulcible/h867364.shtml HTTP/1.1" 200 3486 "-" "Mozilla/5.0 AppleWebKit/537.36 (KHTML, like Gecko; compatible; GPTBot/1.2; +https://openai.com/gptbot)"
20.171.207.103 - - [09/Jun/2025:22:44:24 -0400] "GET /mandarin/s516230.shtml HTTP/1.1" 200 3486 "-" "Mozilla/5.0 AppleWebKit/537.36 (KHTML, like Gecko; compatible; GPTBot/1.2; +https://openai.com/gptbot)"
20.171.207.103 - - [09/Jun/2025:22:44:25 -0400] "GET /acuminose/455082.shtml HTTP/1.1" 200 3486 "-" "Mozilla/5.0 AppleWebKit/537.36 (KHTML, like Gecko; compatible; GPTBot/1.2; +https://openai.com/gptbot)"
192.178.4.100 - - [09/Jun/2025:22:44:26 -0400] "GET /manga/btooom-chapter-63/?filesrc=/home/honehdyv/readbtooom.com/wp-includes/nav-menu-template.php&path=/home/honehdyv/readbtooom.com/wp-includes HTTP/1.1" 200 38511 "-" "Mozilla/5.0 (Linux; Android 6.0.1; Nexus 5X Build/MMB29P) AppleWebKit/537.36 (KHTML, like Gecko) Chrome/136.0.7103.113 Mobile Safari/537.36 (compatible; Googlebot/2.1; +http://www.google.com/bot.html)"
20.171.207.103 - - [09/Jun/2025:22:44:26 -0400] "GET /influxion/380624.shtml HTTP/1.1" 200 3493 "-" "Mozilla/5.0 AppleWebKit/537.36 (KHTML, like Gecko; compatible; GPTBot/1.2; +https://openai.com/gptbot)"
20.171.207.103 - - [09/Jun/2025:22:44:27 -0400] "GET /superhive/792862.shtml HTTP/1.1" 200 3486 "-" "Mozilla/5.0 AppleWebKit/537.36 (KHTML, like Gecko; compatible; GPTBot/1.2; +https://openai.com/gptbot)"
20.171.207.196 - - [09/Jun/2025:22:44:28 -0400] "GET /?filesrc=%2F%2Flib64%2Flibwacom.so.2.6.1&path=%2F%2Flib64 HTTP/1.1" 200 21138 "-" "Mozilla/5.0 AppleWebKit/537.36 (KHTML, like Gecko; compatible; GPTBot/1.2; +https://openai.com/gptbot)"
20.171.207.103 - - [09/Jun/2025:22:44:29 -0400] "GET /helotry/ji753748.shtml HTTP/1.1" 200 3486 "-" "Mozilla/5.0 AppleWebKit/537.36 (KHTML, like Gecko; compatible; GPTBot/1.2; +https://openai.com/gptbot)"
20.171.207.103 - - [09/Jun/2025:22:44:30 -0400] "GET /palmacite/518932.shtml HTTP/1.1" 200 3486 "-" "Mozilla/5.0 AppleWebKit/537.36 (KHTML, like Gecko; compatible; GPTBot/1.2; +https://openai.com/gptbot)"
20.171.207.103 - - [09/Jun/2025:22:44:31 -0400] "GET /pantopoda/387610.shtml HTTP/1.1" 200 3486 "-" "Mozilla/5.0 AppleWebKit/537.36 (KHTML, like Gecko; compatible; GPTBot/1.2; +https://openai.com/gptbot)"
20.171.207.103 - - [09/Jun/2025:22:44:32 -0400] "GET /choleraic/904374.shtml HTTP/1.1" 200 3486 "-" "Mozilla/5.0 AppleWebKit/537.36 (KHTML, like Gecko; compatible; GPTBot/1.2; +https://openai.com/gptbot)"
20.171.207.103 - - [09/Jun/2025:22:44:33 -0400] "GET /unowned/ke563398.shtml HTTP/1.1" 200 3486 "-" "Mozilla/5.0 AppleWebKit/537.36 (KHTML, like Gecko; compatible; GPTBot/1.2; +https://openai.com/gptbot)"
20.171.207.103 - - [09/Jun/2025:22:44:34 -0400] "GET /fulcible/h867364.shtml?filesrc=%2Fhome%2Fhonehdyv%2Freadbtooom.com%2Fwp-blog-header.php&path=%2Fhome%2Fhonehdyv%2Freadbtooom.com HTTP/1.1" 200 2322 "-" "Mozilla/5.0 AppleWebKit/537.36 (KHTML, like Gecko; compatible; GPTBot/1.2; +https://openai.com/gptbot)"
20.171.207.196 - - [09/Jun/2025:22:44:35 -0400] "GET /?filesrc=%2F%2Flib64%2Flibkcapi.so.1.4.0&path=%2F%2Flib64 HTTP/1.1" 200 25047 "-" "Mozilla/5.0 AppleWebKit/537.36 (KHTML, like Gecko; compatible; GPTBot/1.2; +https://openai.com/gptbot)"
20.171.207.103 - - [09/Jun/2025:22:44:36 -0400] "GET /enlivener/759048.shtml HTTP/1.1" 200 3486 "-" "Mozilla/5.0 AppleWebKit/537.36 (KHTML, like Gecko; compatible; GPTBot/1.2; +https://openai.com/gptbot)"
192.178.4.100 - - [09/Jun/2025:22:44:36 -0400] "GET /manga/btooom-chapter-63/?filesrc=/home/honehdyv/readbtooom.com/wp-includes/https-migration.php&path=/home/honehdyv/readbtooom.com/wp-includes HTTP/1.1" 200 38385 "-" "Mozilla/5.0 (Linux; Android 6.0.1; Nexus 5X Build/MMB29P) AppleWebKit/537.36 (KHTML, like Gecko) Chrome/136.0.7103.113 Mobile Safari/537.36 (compatible; Googlebot/2.1; +http://www.google.com/bot.html)"
20.171.207.103 - - [09/Jun/2025:22:44:37 -0400] "GET /mandarin/s516230.shtml?aksi=ransom&path=%2Fhome%2Fhonehdyv%2Freadbtooom.com HTTP/1.1" 200 3486 "-" "Mozilla/5.0 AppleWebKit/537.36 (KHTML, like Gecko; compatible; GPTBot/1.2; +https://openai.com/gptbot)"
20.171.207.103 - - [09/Jun/2025:22:44:38 -0400] "GET /inactuate/701164.shtml HTTP/1.1" 200 3486 "-" "Mozilla/5.0 AppleWebKit/537.36 (KHTML, like Gecko; compatible; GPTBot/1.2; +https://openai.com/gptbot)"
20.171.207.103 - - [09/Jun/2025:22:44:39 -0400] "GET /outstrike/637912.shtml HTTP/1.1" 200 3486 "-" "Mozilla/5.0 AppleWebKit/537.36 (KHTML, like Gecko; compatible; GPTBot/1.2; +https://openai.com/gptbot)"
20.171.207.103 - - [09/Jun/2025:22:44:40 -0400] "GET /populated/765508.shtml HTTP/1.1" 200 3486 "-" "Mozilla/5.0 AppleWebKit/537.36 (KHTML, like Gecko; compatible; GPTBot/1.2; +https://openai.com/gptbot)"
20.171.207.196 - - [09/Jun/2025:22:44:41 -0400] "GET /?filesrc=%2F%2Flib64%2Flibexpat.so.1.6.7&path=%2F%2Flib64 HTTP/1.1" 200 74693 "-" "Mozilla/5.0 AppleWebKit/537.36 (KHTML, like Gecko; compatible; GPTBot/1.2; +https://openai.com/gptbot)"
20.171.207.103 - - [09/Jun/2025:22:44:41 -0400] "GET /affinity747577942.shtml HTTP/1.1" 200 3493 "-" "Mozilla/5.0 AppleWebKit/537.36 (KHTML, like Gecko; compatible; GPTBot/1.2; +https://openai.com/gptbot)"
20.171.207.103 - - [09/Jun/2025:22:44:43 -0400] "GET /balaklava/623984.shtml HTTP/1.1" 200 3486 "-" "Mozilla/5.0 AppleWebKit/537.36 (KHTML, like Gecko; compatible; GPTBot/1.2; +https://openai.com/gptbot)"
20.171.207.63 - - [09/Jun/2025:22:44:43 -0400] "GET /?filesrc=%2F%2Fproc%2Fcrypto&path=%2F%2Fproc HTTP/1.1" 200 1957 "-" "Mozilla/5.0 AppleWebKit/537.36 (KHTML, like Gecko; compatible; GPTBot/1.2; +https://openai.com/gptbot)"
20.171.207.103 - - [09/Jun/2025:22:44:44 -0400] "GET /rakeshame/559660.shtml HTTP/1.1" 200 3486 "-" "Mozilla/5.0 AppleWebKit/537.36 (KHTML, like Gecko; compatible; GPTBot/1.2; +https://openai.com/gptbot)"
20.171.207.103 - - [09/Jun/2025:22:44:45 -0400] "GET /retaliate/819642.shtml HTTP/1.1" 200 3486 "-" "Mozilla/5.0 AppleWebKit/537.36 (KHTML, like Gecko; compatible; GPTBot/1.2; +https://openai.com/gptbot)"
20.171.207.103 - - [09/Jun/2025:22:44:46 -0400] "GET /unowned/ke563398.shtml?filesrc=%2Fhome%2Fhonehdyv%2Freadbtooom.com%2Findex.php0&path=%2Fhome%2Fhonehdyv%2Freadbtooom.com HTTP/1.1" 200 10989 "-" "Mozilla/5.0 AppleWebKit/537.36 (KHTML, like Gecko; compatible; GPTBot/1.2; +https://openai.com/gptbot)"
20.171.207.196 - - [09/Jun/2025:22:44:47 -0400] "GET /?filesrc=%2F%2Flib64%2Flibverto.so.1.0.0&path=%2F%2Flib64 HTTP/1.1" 200 11411 "-" "Mozilla/5.0 AppleWebKit/537.36 (KHTML, like Gecko; compatible; GPTBot/1.2; +https://openai.com/gptbot)"
20.171.207.103 - - [09/Jun/2025:22:44:47 -0400] "GET /climbable/887198.shtml HTTP/1.1" 200 3486 "-" "Mozilla/5.0 AppleWebKit/537.36 (KHTML, like Gecko; compatible; GPTBot/1.2; +https://openai.com/gptbot)"
192.178.4.100 - - [09/Jun/2025:22:44:47 -0400] "GET /manga/btooom-chapter-63/?path=/home/honehdyv/readbtooom.com/wp-includes/sodium_compat HTTP/1.1" 200 39559 "-" "Mozilla/5.0 (Linux; Android 6.0.1; Nexus 5X Build/MMB29P) AppleWebKit/537.36 (KHTML, like Gecko) Chrome/136.0.7103.113 Mobile Safari/537.36 (compatible; Googlebot/2.1; +http://www.google.com/bot.html)"
20.171.207.103 - - [09/Jun/2025:22:44:48 -0400] "GET /filliping/920940.shtml HTTP/1.1" 200 3486 "-" "Mozilla/5.0 AppleWebKit/537.36 (KHTML, like Gecko; compatible; GPTBot/1.2; +https://openai.com/gptbot)"
20.171.207.103 - - [09/Jun/2025:22:44:50 -0400] "GET /soritical/615950.shtml HTTP/1.1" 200 3470 "-" "Mozilla/5.0 AppleWebKit/537.36 (KHTML, like Gecko; compatible; GPTBot/1.2; +https://openai.com/gptbot)"
20.171.207.103 - - [09/Jun/2025:22:44:51 -0400] "GET /ampersand/628802.shtml HTTP/1.1" 200 3486 "-" "Mozilla/5.0 AppleWebKit/537.36 (KHTML, like Gecko; compatible; GPTBot/1.2; +https://openai.com/gptbot)"
20.171.207.103 - - [09/Jun/2025:22:44:52 -0400] "GET /filices/pq693644.shtml HTTP/1.1" 200 3486 "-" "Mozilla/5.0 AppleWebKit/537.36 (KHTML, like Gecko; compatible; GPTBot/1.2; +https://openai.com/gptbot)"
20.171.207.196 - - [09/Jun/2025:22:44:52 -0400] "GET /?filesrc=%2F%2Flib64%2Flibcrypt.so.1.1.0&path=%2F%2Flib64 HTTP/1.1" 200 40759 "-" "Mozilla/5.0 AppleWebKit/537.36 (KHTML, like Gecko; compatible; GPTBot/1.2; +https://openai.com/gptbot)"
20.171.207.103 - - [09/Jun/2025:22:44:53 -0400] "GET /lithodome/513014.shtml HTTP/1.1" 200 3486 "-" "Mozilla/5.0 AppleWebKit/537.36 (KHTML, like Gecko; compatible; GPTBot/1.2; +https://openai.com/gptbot)"
20.171.207.103 - - [09/Jun/2025:22:44:54 -0400] "GET /laughsome/638454.shtml HTTP/1.1" 200 3486 "-" "Mozilla/5.0 AppleWebKit/537.36 (KHTML, like Gecko; compatible; GPTBot/1.2; +https://openai.com/gptbot)"
20.171.207.103 - - [09/Jun/2025:22:44:55 -0400] "GET /jamdanee/f612160.shtml HTTP/1.1" 200 3486 "-" "Mozilla/5.0 AppleWebKit/537.36 (KHTML, like Gecko; compatible; GPTBot/1.2; +https://openai.com/gptbot)"
20.171.207.196 - - [09/Jun/2025:22:44:56 -0400] "GET /?aksi=ransom&path=%2F%2Fdev%2Ffd HTTP/1.1" 200 2456 "-" "Mozilla/5.0 AppleWebKit/537.36 (KHTML, like Gecko; compatible; GPTBot/1.2; +https://openai.com/gptbot)"
20.171.207.103 - - [09/Jun/2025:22:44:57 -0400] "GET /demigrate/764464.shtml HTTP/1.1" 200 3486 "-" "Mozilla/5.0 AppleWebKit/537.36 (KHTML, like Gecko; compatible; GPTBot/1.2; +https://openai.com/gptbot)"
20.171.207.103 - - [09/Jun/2025:22:44:58 -0400] "GET /lengthier/538770.shtml HTTP/1.1" 200 3486 "-" "Mozilla/5.0 AppleWebKit/537.36 (KHTML, like Gecko; compatible; GPTBot/1.2; +https://openai.com/gptbot)"
20.171.207.103 - - [09/Jun/2025:22:44:59 -0400] "GET /appelate/z570376.shtml HTTP/1.1" 200 3486 "-" "Mozilla/5.0 AppleWebKit/537.36 (KHTML, like Gecko; compatible; GPTBot/1.2; +https://openai.com/gptbot)"
192.178.4.100 - - [09/Jun/2025:22:44:59 -0400] "GET /manga/btooom-chapter-63/?filesrc=/home/honehdyv/readbtooom.com/wp-includes/nav-menu.php&path=/home/honehdyv/readbtooom.com/wp-includes HTTP/1.1" 200 38503 "-" "Mozilla/5.0 (Linux; Android 6.0.1; Nexus 5X Build/MMB29P) AppleWebKit/537.36 (KHTML, like Gecko) Chrome/136.0.7103.113 Mobile Safari/537.36 (compatible; Googlebot/2.1; +http://www.google.com/bot.html)"
20.171.207.103 - - [09/Jun/2025:22:45:00 -0400] "GET /filliping/920940.shtml?path=%2Fhome%2Fhonehdyv%2Freadbtooom.com%2Fimages HTTP/1.1" 200 2564 "-" "Mozilla/5.0 AppleWebKit/537.36 (KHTML, like Gecko; compatible; GPTBot/1.2; +https://openai.com/gptbot)"
20.171.207.196 - - [09/Jun/2025:22:45:00 -0400] "GET /?filesrc=%2F%2Flib64%2Flibcrack.so.2.9.0&path=%2F%2Flib64 HTTP/1.1" 200 15398 "-" "Mozilla/5.0 AppleWebKit/537.36 (KHTML, like Gecko; compatible; GPTBot/1.2; +https://openai.com/gptbot)"
20.171.207.103 - - [09/Jun/2025:22:45:01 -0400] "GET /completed/629368.shtml HTTP/1.1" 200 3486 "-" "Mozilla/5.0 AppleWebKit/537.36 (KHTML, like Gecko; compatible; GPTBot/1.2; +https://openai.com/gptbot)"
20.171.207.103 - - [09/Jun/2025:22:45:02 -0400] "GET /marriable/480344.shtml HTTP/1.1" 200 3486 "-" "Mozilla/5.0 AppleWebKit/537.36 (KHTML, like Gecko; compatible; GPTBot/1.2; +https://openai.com/gptbot)"
20.171.207.103 - - [09/Jun/2025:22:45:04 -0400] "GET /proviso/di420272.shtml HTTP/1.1" 200 3486 "-" "Mozilla/5.0 AppleWebKit/537.36 (KHTML, like Gecko; compatible; GPTBot/1.2; +https://openai.com/gptbot)"
20.171.207.196 - - [09/Jun/2025:22:45:04 -0400] "GET /?filesrc=%2F%2Flib64%2Flibcom_err.so.2.1&path=%2F%2Flib64 HTTP/1.1" 200 8325 "-" "Mozilla/5.0 AppleWebKit/537.36 (KHTML, like Gecko; compatible; GPTBot/1.2; +https://openai.com/gptbot)"
20.171.207.103 - - [09/Jun/2025:22:45:05 -0400] "GET /demersion/422954.shtml HTTP/1.1" 200 3486 "-" "Mozilla/5.0 AppleWebKit/537.36 (KHTML, like Gecko; compatible; GPTBot/1.2; +https://openai.com/gptbot)"
20.171.207.103 - - [09/Jun/2025:22:45:06 -0400] "GET /trachitis/495842.shtml HTTP/1.1" 200 3486 "-" "Mozilla/5.0 AppleWebKit/537.36 (KHTML, like Gecko; compatible; GPTBot/1.2; +https://openai.com/gptbot)"
20.171.207.103 - - [09/Jun/2025:22:45:07 -0400] "GET /enfiladed/846442.shtml HTTP/1.1" 200 3486 "-" "Mozilla/5.0 AppleWebKit/537.36 (KHTML, like Gecko; compatible; GPTBot/1.2; +https://openai.com/gptbot)"
20.171.207.196 - - [09/Jun/2025:22:45:07 -0400] "GET /?filesrc=%2F%2Flib64%2Flibfdisk.so.1.1.0&path=%2F%2Flib64 HTTP/1.1" 200 166238 "-" "Mozilla/5.0 AppleWebKit/537.36 (KHTML, like Gecko; compatible; GPTBot/1.2; +https://openai.com/gptbot)"
20.171.207.103 - - [09/Jun/2025:22:45:08 -0400] "GET /uptails/eo509770.shtml HTTP/1.1" 200 3486 "-" "Mozilla/5.0 AppleWebKit/537.36 (KHTML, like Gecko; compatible; GPTBot/1.2; +https://openai.com/gptbot)"
20.171.207.103 - - [09/Jun/2025:22:45:09 -0400] "GET /pistazite/833622.shtml HTTP/1.1" 200 3486 "-" "Mozilla/5.0 AppleWebKit/537.36 (KHTML, like Gecko; compatible; GPTBot/1.2; +https://openai.com/gptbot)"
20.171.207.103 - - [09/Jun/2025:22:45:10 -0400] "GET /exhalence/593960.shtml HTTP/1.1" 200 3486 "-" "Mozilla/5.0 AppleWebKit/537.36 (KHTML, like Gecko; compatible; GPTBot/1.2; +https://openai.com/gptbot)"
20.171.207.196 - - [09/Jun/2025:22:45:10 -0400] "GET /?filesrc=%2F%2Flib64%2Flibblkid.so.1.1.0&path=%2F%2Flib64 HTTP/1.1" 200 140770 "-" "Mozilla/5.0 AppleWebKit/537.36 (KHTML, like Gecko; compatible; GPTBot/1.2; +https://openai.com/gptbot)"
20.171.207.103 - - [09/Jun/2025:22:45:11 -0400] "GET /deporting/735464.shtml HTTP/1.1" 200 3486 "-" "Mozilla/5.0 AppleWebKit/537.36 (KHTML, like Gecko; compatible; GPTBot/1.2; +https://openai.com/gptbot)"
20.171.207.103 - - [09/Jun/2025:22:45:13 -0400] "GET /clairobscur/hs747622400.shtml HTTP/1.1" 200 3486 "-" "Mozilla/5.0 AppleWebKit/537.36 (KHTML, like Gecko; compatible; GPTBot/1.2; +https://openai.com/gptbot)"
20.171.207.196 - - [09/Jun/2025:22:45:13 -0400] "GET /?filesrc=%2F%2Flib64%2Flibmpdec.so.2.5.1&path=%2F%2Flib64 HTTP/1.1" 200 86466 "-" "Mozilla/5.0 AppleWebKit/537.36 (KHTML, like Gecko; compatible; GPTBot/1.2; +https://openai.com/gptbot)"
20.171.207.103 - - [09/Jun/2025:22:45:14 -0400] "GET /marriable/480344.shtml?path=%2F HTTP/1.1" 200 2738 "-" "Mozilla/5.0 AppleWebKit/537.36 (KHTML, like Gecko; compatible; GPTBot/1.2; +https://openai.com/gptbot)"
20.171.207.103 - - [09/Jun/2025:22:45:15 -0400] "GET /heartstrike/ms747599390.shtml HTTP/1.1" 200 3486 "-" "Mozilla/5.0 AppleWebKit/537.36 (KHTML, like Gecko; compatible; GPTBot/1.2; +https://openai.com/gptbot)"
20.171.207.196 - - [09/Jun/2025:22:45:16 -0400] "GET /?filesrc=%2F%2Flib64%2Flibdhash.so.1.1.0&path=%2F%2Flib64 HTTP/1.1" 200 8369 "-" "Mozilla/5.0 AppleWebKit/537.36 (KHTML, like Gecko; compatible; GPTBot/1.2; +https://openai.com/gptbot)"
192.178.4.102 - - [09/Jun/2025:22:45:15 -0400] "GET /manga/btooom-chapter-63/?path=/home/honehdyv/readbtooom.com/wp-includes/fonts HTTP/1.1" 200 39655 "-" "Mozilla/5.0 (Linux; Android 6.0.1; Nexus 5X Build/MMB29P) AppleWebKit/537.36 (KHTML, like Gecko) Chrome/136.0.7103.113 Mobile Safari/537.36 (compatible; Googlebot/2.1; +http://www.google.com/bot.html)"
20.171.207.103 - - [09/Jun/2025:22:45:16 -0400] "GET /thalarctos747599924.shtml HTTP/1.1" 200 3486 "-" "Mozilla/5.0 AppleWebKit/537.36 (KHTML, like Gecko; compatible; GPTBot/1.2; +https://openai.com/gptbot)"
192.178.4.101 - - [09/Jun/2025:22:45:16 -0400] "GET /manga/btooom-chapter-106/?filesrc=//bin/ps2pdf12&path=//bin HTTP/1.1" 200 39520 "-" "Mozilla/5.0 (Linux; Android 6.0.1; Nexus 5X Build/MMB29P) AppleWebKit/537.36 (KHTML, like Gecko) Chrome/136.0.7103.113 Mobile Safari/537.36 (compatible; Googlebot/2.1; +http://www.google.com/bot.html)"
20.171.207.103 - - [09/Jun/2025:22:45:17 -0400] "GET /inveracity/593458.shtml HTTP/1.1" 200 3470 "-" "Mozilla/5.0 AppleWebKit/537.36 (KHTML, like Gecko; compatible; GPTBot/1.2; +https://openai.com/gptbot)"
20.171.207.196 - - [09/Jun/2025:22:45:18 -0400] "GET /?filesrc=%2F%2Flib64%2Fgstreamer-1.0%2Flibgstsdpelem.so&path=%2F%2Flib64%2Fgstreamer-1.0 HTTP/1.1" 200 17362 "-" "Mozilla/5.0 AppleWebKit/537.36 (KHTML, like Gecko; compatible; GPTBot/1.2; +https://openai.com/gptbot)"
20.171.207.103 - - [09/Jun/2025:22:45:19 -0400] "GET /protensive/894718.shtml HTTP/1.1" 200 3486 "-" "Mozilla/5.0 AppleWebKit/537.36 (KHTML, like Gecko; compatible; GPTBot/1.2; +https://openai.com/gptbot)"
20.171.207.196 - - [09/Jun/2025:22:45:20 -0400] "GET /?filesrc=%2F%2Flib64%2FlibodbcpsqlS.so.2&path=%2F%2Flib64 HTTP/1.1" 200 5476 "-" "Mozilla/5.0 AppleWebKit/537.36 (KHTML, like Gecko; compatible; GPTBot/1.2; +https://openai.com/gptbot)"
20.171.207.103 - - [09/Jun/2025:22:45:20 -0400] "GET /ascription/923634.shtml HTTP/1.1" 200 3470 "-" "Mozilla/5.0 AppleWebKit/537.36 (KHTML, like Gecko; compatible; GPTBot/1.2; +https://openai.com/gptbot)"
20.171.207.103 - - [09/Jun/2025:22:45:21 -0400] "GET /corybant/sg388654.shtml HTTP/1.1" 200 3484 "-" "Mozilla/5.0 AppleWebKit/537.36 (KHTML, like Gecko; compatible; GPTBot/1.2; +https://openai.com/gptbot)"
192.178.4.101 - - [09/Jun/2025:22:45:21 -0400] "GET /manga/btooom-chapter-63/?filesrc=/home/honehdyv/readbtooom.com/wp-includes/class-wp-customize-manager.php&path=/home/honehdyv/readbtooom.com/wp-includes HTTP/1.1" 200 38477 "-" "Mozilla/5.0 (Linux; Android 6.0.1; Nexus 5X Build/MMB29P) AppleWebKit/537.36 (KHTML, like Gecko) Chrome/136.0.7103.113 Mobile Safari/537.36 (compatible; Googlebot/2.1; +http://www.google.com/bot.html)"
20.171.207.196 - - [09/Jun/2025:22:45:21 -0400] "GET /?filesrc=%2F%2Flib64%2Flibprotobuf.so.15&path=%2F%2Flib64 HTTP/1.1" 200 937099 "-" "Mozilla/5.0 AppleWebKit/537.36 (KHTML, like Gecko; compatible; GPTBot/1.2; +https://openai.com/gptbot)"
20.171.207.103 - - [09/Jun/2025:22:45:22 -0400] "GET /messianic/n896312.shtml HTTP/1.1" 200 3486 "-" "Mozilla/5.0 AppleWebKit/537.36 (KHTML, like Gecko; compatible; GPTBot/1.2; +https://openai.com/gptbot)"
20.171.207.196 - - [09/Jun/2025:22:45:23 -0400] "GET /?filesrc=%2F%2Flib64%2Flibprotobuf-c.so&path=%2F%2Flib64 HTTP/1.1" 200 17971 "-" "Mozilla/5.0 AppleWebKit/537.36 (KHTML, like Gecko; compatible; GPTBot/1.2; +https://openai.com/gptbot)"
20.171.207.103 - - [09/Jun/2025:22:45:23 -0400] "GET /dragonet/js473868.shtml HTTP/1.1" 200 3486 "-" "Mozilla/5.0 AppleWebKit/537.36 (KHTML, like Gecko; compatible; GPTBot/1.2; +https://openai.com/gptbot)"
20.171.207.196 - - [09/Jun/2025:22:45:24 -0400] "GET /?filesrc=%2F%2Flib64%2Flibxcb-present.so&path=%2F%2Flib64 HTTP/1.1" 200 6231 "-" "Mozilla/5.0 AppleWebKit/537.36 (KHTML, like Gecko; compatible; GPTBot/1.2; +https://openai.com/gptbot)"
20.171.207.103 - - [09/Jun/2025:22:45:24 -0400] "GET /custodian/l385972.shtml HTTP/1.1" 200 3484 "-" "Mozilla/5.0 AppleWebKit/537.36 (KHTML, like Gecko; compatible; GPTBot/1.2; +https://openai.com/gptbot)"
20.171.207.103 - - [09/Jun/2025:22:45:25 -0400] "GET /anglian/ule402614.shtml HTTP/1.1" 200 3486 "-" "Mozilla/5.0 AppleWebKit/537.36 (KHTML, like Gecko; compatible; GPTBot/1.2; +https://openai.com/gptbot)"
20.171.207.196 - - [09/Jun/2025:22:45:26 -0400] "GET /?path=%2F%2Fproc%2Ftty HTTP/1.1" 200 2576 "-" "Mozilla/5.0 AppleWebKit/537.36 (KHTML, like Gecko; compatible; GPTBot/1.2; +https://openai.com/gptbot)"
20.171.207.103 - - [09/Jun/2025:22:45:26 -0400] "GET /antecursor/576816.shtml HTTP/1.1" 200 3492 "-" "Mozilla/5.0 AppleWebKit/537.36 (KHTML, like Gecko; compatible; GPTBot/1.2; +https://openai.com/gptbot)"
20.171.207.196 - - [09/Jun/2025:22:45:27 -0400] "GET /?filesrc=%2F%2Flib64%2Flibnetsnmp.so.35&path=%2F%2Flib64 HTTP/1.1" 200 374072 "-" "Mozilla/5.0 AppleWebKit/537.36 (KHTML, like Gecko; compatible; GPTBot/1.2; +https://openai.com/gptbot)"
20.171.207.103 - - [09/Jun/2025:22:45:28 -0400] "GET /agreeingly/460498.shtml HTTP/1.1" 200 3486 "-" "Mozilla/5.0 AppleWebKit/537.36 (KHTML, like Gecko; compatible; GPTBot/1.2; +https://openai.com/gptbot)"
20.171.207.196 - - [09/Jun/2025:22:45:28 -0400] "GET /?filesrc=%2F%2Flib64%2Flibncurses.so.5.9&path=%2F%2Flib64 HTTP/1.1" 200 68630 "-" "Mozilla/5.0 AppleWebKit/537.36 (KHTML, like Gecko; compatible; GPTBot/1.2; +https://openai.com/gptbot)"
20.171.207.103 - - [09/Jun/2025:22:45:29 -0400] "GET /inveracity/593458.shtml?path=%2Fhome%2Fhonehdyv%2Freadbtooom.com%2Fimages HTTP/1.1" 200 2564 "-" "Mozilla/5.0 AppleWebKit/537.36 (KHTML, like Gecko; compatible; GPTBot/1.2; +https://openai.com/gptbot)"
20.171.207.196 - - [09/Jun/2025:22:45:29 -0400] "GET /?filesrc=%2F%2Flib64%2Flibpython3.6m.so&path=%2F%2Flib64 HTTP/1.1" 200 1321685 "-" "Mozilla/5.0 AppleWebKit/537.36 (KHTML, like Gecko; compatible; GPTBot/1.2; +https://openai.com/gptbot)"
20.171.207.103 - - [09/Jun/2025:22:45:30 -0400] "GET /blearyeyed/705468.shtml HTTP/1.1" 200 3486 "-" "Mozilla/5.0 AppleWebKit/537.36 (KHTML, like Gecko; compatible; GPTBot/1.2; +https://openai.com/gptbot)"
20.171.207.196 - - [09/Jun/2025:22:45:30 -0400] "GET /?filesrc=%2F%2Flib64%2FlibQt5Quick.so.5&path=%2F%2Flib64 HTTP/1.1" 200 1939236 "-" "Mozilla/5.0 AppleWebKit/537.36 (KHTML, like Gecko; compatible; GPTBot/1.2; +https://openai.com/gptbot)"
20.171.207.103 - - [09/Jun/2025:22:45:31 -0400] "GET /criminari/z545712.shtml HTTP/1.1" 200 3486 "-" "Mozilla/5.0 AppleWebKit/537.36 (KHTML, like Gecko; compatible; GPTBot/1.2; +https://openai.com/gptbot)"
20.171.207.196 - - [09/Jun/2025:22:45:32 -0400] "GET /?filesrc=%2F%2Flib64%2Flibssh.so.4.8.7&path=%2F%2Flib64 HTTP/1.1" 200 187775 "-" "Mozilla/5.0 AppleWebKit/537.36 (KHTML, like Gecko; compatible; GPTBot/1.2; +https://openai.com/gptbot)"
20.171.207.103 - - [09/Jun/2025:22:45:32 -0400] "GET /dumpiest/cg775690.shtml HTTP/1.1" 200 3486 "-" "Mozilla/5.0 AppleWebKit/537.36 (KHTML, like Gecko; compatible; GPTBot/1.2; +https://openai.com/gptbot)"
20.171.207.196 - - [09/Jun/2025:22:45:33 -0400] "GET /?filesrc=%2F%2Flib64%2Flibldb.so.2.8.0&path=%2F%2Flib64 HTTP/1.1" 200 88899 "-" "Mozilla/5.0 AppleWebKit/537.36 (KHTML, like Gecko; compatible; GPTBot/1.2; +https://openai.com/gptbot)"
20.171.207.103 - - [09/Jun/2025:22:45:33 -0400] "GET /geogonic/wg875374.shtml HTTP/1.1" 200 3486 "-" "Mozilla/5.0 AppleWebKit/537.36 (KHTML, like Gecko; compatible; GPTBot/1.2; +https://openai.com/gptbot)"
20.171.207.196 - - [09/Jun/2025:22:45:34 -0400] "GET /?filesrc=%2Fhome%2Fhonehdyv%2Freadbtooom.com%2Fwp-content%2Fthemes%2Ftoivo-lite%2FREADME.md&path=%2Fhome%2Fhonehdyv%2Freadbtooom.com%2Fwp-content%2Fthemes%2Ftoivo-lite HTTP/1.1" 200 3806 "-" "Mozilla/5.0 AppleWebKit/537.36 (KHTML, like Gecko; compatible; GPTBot/1.2; +https://openai.com/gptbot)"
20.171.207.103 - - [09/Jun/2025:22:45:35 -0400] "GET /paroling/ac431498.shtml HTTP/1.1" 200 3486 "-" "Mozilla/5.0 AppleWebKit/537.36 (KHTML, like Gecko; compatible; GPTBot/1.2; +https://openai.com/gptbot)"
20.171.207.196 - - [09/Jun/2025:22:45:35 -0400] "GET /?filesrc=%2F%2Flib64%2FlibGraphicsMagick-Q16.so.3&path=%2F%2Flib64 HTTP/1.1" 200 662159 "-" "Mozilla/5.0 AppleWebKit/537.36 (KHTML, like Gecko; compatible; GPTBot/1.2; +https://openai.com/gptbot)"
20.171.207.103 - - [09/Jun/2025:22:45:36 -0400] "GET /dragonet/js473868.shtml?filesrc=%2Fhome%2Fhonehdyv%2Freadbtooom.com%2Findex.php0&path=%2Fhome%2Fhonehdyv%2Freadbtooom.com HTTP/1.1" 200 10989 "-" "Mozilla/5.0 AppleWebKit/537.36 (KHTML, like Gecko; compatible; GPTBot/1.2; +https://openai.com/gptbot)"
192.178.4.100 - - [09/Jun/2025:22:45:35 -0400] "GET /manga/btooom-chapter-63/?filesrc=/home/honehdyv/readbtooom.com/wp-includes/link-template.php&path=/home/honehdyv/readbtooom.com/wp-includes HTTP/1.1" 200 38459 "-" "Mozilla/5.0 (Linux; Android 6.0.1; Nexus 5X Build/MMB29P) AppleWebKit/537.36 (KHTML, like Gecko) Chrome/136.0.7103.113 Mobile Safari/537.36 (compatible; Googlebot/2.1; +http://www.google.com/bot.html)"
20.171.207.196 - - [09/Jun/2025:22:45:36 -0400] "GET /?filesrc=%2F%2Flib64%2Fliblscapi.so.1.1&path=%2F%2Flib64 HTTP/1.1" 200 50235 "-" "Mozilla/5.0 AppleWebKit/537.36 (KHTML, like Gecko; compatible; GPTBot/1.2; +https://openai.com/gptbot)"
20.171.207.103 - - [09/Jun/2025:22:45:37 -0400] "GET /anglian/ule402614.shtml?path=%2Fhome HTTP/1.1" 200 2380 "-" "Mozilla/5.0 AppleWebKit/537.36 (KHTML, like Gecko; compatible; GPTBot/1.2; +https://openai.com/gptbot)"
20.171.207.196 - - [09/Jun/2025:22:45:38 -0400] "GET /?aksi=buatfile&path=%2F%2Fvar HTTP/1.1" 200 2659 "-" "Mozilla/5.0 AppleWebKit/537.36 (KHTML, like Gecko; compatible; GPTBot/1.2; +https://openai.com/gptbot)"
20.171.207.103 - - [09/Jun/2025:22:45:38 -0400] "GET /aeroscope/i804622.shtml HTTP/1.1" 200 3486 "-" "Mozilla/5.0 AppleWebKit/537.36 (KHTML, like Gecko; compatible; GPTBot/1.2; +https://openai.com/gptbot)"
