20.171.207.63 - - [09/Jun/2025:22:39:35 -0400] "GET /?aksi=buatfile&path=%2Fhome%2Fhonehdyv%2Freadbtooom.com%2Fwp-admin%2Fcss HTTP/1.1" 200 5071 "-" "Mozilla/5.0 AppleWebKit/537.36 (KHTML, like Gecko; compatible; GPTBot/1.2; +https://openai.com/gptbot)"
20.171.207.103 - - [09/Jun/2025:22:39:35 -0400] "GET /?aksi=ransom&path=%2Fhome%2Fhonehdyv%2Freadbtooom.com%2Fwp-content%2Fthemes%2Ftwentytwentytwo%2Fassets HTTP/1.1" 200 2514 "-" "Mozilla/5.0 AppleWebKit/537.36 (KHTML, like Gecko; compatible; GPTBot/1.2; +https://openai.com/gptbot)"
20.171.207.63 - - [09/Jun/2025:22:39:36 -0400] "GET /?aksi=buatfolder&path=%2Fhome%2Fhonehdyv%2Freadbtooom.com%2Fwp-content%2Fthemes HTTP/1.1" 200 2088 "-" "Mozilla/5.0 AppleWebKit/537.36 (KHTML, like Gecko; compatible; GPTBot/1.2; +https://openai.com/gptbot)"
20.171.207.103 - - [09/Jun/2025:22:39:36 -0400] "GET /?filesrc=%2F%2Flib64%2Fpreloadable_libintl.so&path=%2F%2Flib64 HTTP/1.1" 200 21756 "-" "Mozilla/5.0 AppleWebKit/537.36 (KHTML, like Gecko; compatible; GPTBot/1.2; +https://openai.com/gptbot)"
20.171.207.63 - - [09/Jun/2025:22:39:37 -0400] "GET /?aksi=ransom&path=%2Fhome%2Fhonehdyv%2Freadbtooom.com%2Fwp-content%2Fthemes%2Ftwentytwentythree%2Fassets HTTP/1.1" 200 2461 "-" "Mozilla/5.0 AppleWebKit/537.36 (KHTML, like Gecko; compatible; GPTBot/1.2; +https://openai.com/gptbot)"
20.171.207.103 - - [09/Jun/2025:22:39:37 -0400] "GET /?filesrc=%2F%2Flib64%2Flibpulse-mainloop-glib.so.0&path=%2F%2Flib64 HTTP/1.1" 200 8956 "-" "Mozilla/5.0 AppleWebKit/537.36 (KHTML, like Gecko; compatible; GPTBot/1.2; +https://openai.com/gptbot)"
20.171.207.63 - - [09/Jun/2025:22:39:38 -0400] "GET /?filesrc=%2F%2Flib64%2Flibbasicobjects.so.0&path=%2F%2Flib64 HTTP/1.1" 200 5482 "-" "Mozilla/5.0 AppleWebKit/537.36 (KHTML, like Gecko; compatible; GPTBot/1.2; +https://openai.com/gptbot)"
20.171.207.103 - - [09/Jun/2025:22:39:39 -0400] "GET /shopdetail/389393980?filesrc=%2Fhome%2Fhonehdyv%2Freadbtooom.com%2Fwp-content%2Fthemes%2Ftoivo-lite%2Fmenu-social.php&path=%2Fhome%2Fhonehdyv%2Freadbtooom.com%2Fwp-content%2Fthemes%2Ftoivo-lite HTTP/1.1" 200 2444 "-" "Mozilla/5.0 AppleWebKit/537.36 (KHTML, like Gecko; compatible; GPTBot/1.2; +https://openai.com/gptbot)"
20.171.207.63 - - [09/Jun/2025:22:39:39 -0400] "GET /?aksi=buatfile&path=%2Fhome%2Fhonehdyv%2Freadbtooom.com%2Fwp-content%2Fplugins%2Fredirection%2Fapi HTTP/1.1" 200 2716 "-" "Mozilla/5.0 AppleWebKit/537.36 (KHTML, like Gecko; compatible; GPTBot/1.2; +https://openai.com/gptbot)"
20.171.207.103 - - [09/Jun/2025:22:39:40 -0400] "GET /?filesrc=%2Fhome%2Fhonehdyv%2Freadbtooom.com%2Fwp-content%2Fuploads%2F2019%2F05%2Fcropped-35531-4-one-punch-transparent-image-180x180.png&path=%2Fhome%2Fhonehdyv%2Freadbtooom.com%2Fwp-content%2Fuploads%2F2019%2F05 HTTP/1.1" 200 18602 "-" "Mozilla/5.0 AppleWebKit/537.36 (KHTML, like Gecko; compatible; GPTBot/1.2; +https://openai.com/gptbot)"
20.171.207.63 - - [09/Jun/2025:22:39:40 -0400] "GET /?filesrc=%2F%2Flib64%2Flibtss2-tcti-device.so.0&path=%2F%2Flib64 HTTP/1.1" 200 11842 "-" "Mozilla/5.0 AppleWebKit/537.36 (KHTML, like Gecko; compatible; GPTBot/1.2; +https://openai.com/gptbot)"
20.171.207.103 - - [09/Jun/2025:22:39:41 -0400] "GET /?filesrc=%2Fhome%2Fhonehdyv%2Freadbtooom.com%2Fwp-content%2Fuploads%2F2019%2F05%2Fcropped-35531-4-one-punch-transparent-image-270x270.png&path=%2Fhome%2Fhonehdyv%2Freadbtooom.com%2Fwp-content%2Fuploads%2F2019%2F05 HTTP/1.1" 200 30435 "-" "Mozilla/5.0 AppleWebKit/537.36 (KHTML, like Gecko; compatible; GPTBot/1.2; +https://openai.com/gptbot)"
20.171.207.63 - - [09/Jun/2025:22:39:42 -0400] "GET /?aksi=buatfile&path=%2Fhome%2Fhonehdyv%2Freadbtooom.com%2Fwp-content%2Fplugins%2Fwp-rocket%2Finc%2Fclasses%2Fevent-management HTTP/1.1" 200 2673 "-" "Mozilla/5.0 AppleWebKit/537.36 (KHTML, like Gecko; compatible; GPTBot/1.2; +https://openai.com/gptbot)"
20.171.207.103 - - [09/Jun/2025:22:39:42 -0400] "GET /?filesrc=%2Fhome%2Fhonehdyv%2Freadbtooom.com%2Fwp-content%2Fuploads%2F2019%2F05%2Fcropped-35531-4-one-punch-transparent-image-32x32.png&path=%2Fhome%2Fhonehdyv%2Freadbtooom.com%2Fwp-content%2Fuploads%2F2019%2F05 HTTP/1.1" 200 4062 "-" "Mozilla/5.0 AppleWebKit/537.36 (KHTML, like Gecko; compatible; GPTBot/1.2; +https://openai.com/gptbot)"
20.171.207.63 - - [09/Jun/2025:22:39:43 -0400] "GET /?aksi=buatfile&path=%2Fhome%2Fhonehdyv%2Freadbtooom.com%2Fwp-content%2Fplugins%2Fwp-rocket%2Fviews%2Fsettings%2Fpage-sections HTTP/1.1" 200 3088 "-" "Mozilla/5.0 AppleWebKit/537.36 (KHTML, like Gecko; compatible; GPTBot/1.2; +https://openai.com/gptbot)"
20.171.207.103 - - [09/Jun/2025:22:39:43 -0400] "GET /?filesrc=%2Fhome%2Fhonehdyv%2Freadbtooom.com%2Fwp-content%2Fuploads%2F2019%2F05%2Fcropped-35531-4-one-punch-transparent-image-150x150.png&path=%2Fhome%2Fhonehdyv%2Freadbtooom.com%2Fwp-content%2Fuploads%2F2019%2F05 HTTP/1.1" 200 15412 "-" "Mozilla/5.0 AppleWebKit/537.36 (KHTML, like Gecko; compatible; GPTBot/1.2; +https://openai.com/gptbot)"
20.171.207.63 - - [09/Jun/2025:22:39:44 -0400] "GET /%22https:/w3.readbtooom.com/manga/btooom-chapter-120/%22 HTTP/1.1" 200 3486 "-" "Mozilla/5.0 AppleWebKit/537.36 (KHTML, like Gecko; compatible; GPTBot/1.2; +https://openai.com/gptbot)"
192.178.4.100 - - [09/Jun/2025:22:39:44 -0400] "GET /manga/btooom-chapter-63/?filesrc=/home/honehdyv/readbtooom.com/wp-includes/class-wp-site.php&path=/home/honehdyv/readbtooom.com/wp-includes HTTP/1.1" 200 38461 "-" "Mozilla/5.0 (Linux; Android 6.0.1; Nexus 5X Build/MMB29P) AppleWebKit/537.36 (KHTML, like Gecko) Chrome/136.0.7103.113 Mobile Safari/537.36 (compatible; Googlebot/2.1; +http://www.google.com/bot.html)"
20.171.207.103 - - [09/Jun/2025:22:39:44 -0400] "GET /?filesrc=%2Fhome%2Fhonehdyv%2Freadbtooom.com%2Fwp-content%2Fuploads%2F2019%2F05%2Fcropped-35531-4-one-punch-transparent-image-300x300.png&path=%2Fhome%2Fhonehdyv%2Freadbtooom.com%2Fwp-content%2Fuploads%2F2019%2F05 HTTP/1.1" 200 34799 "-" "Mozilla/5.0 AppleWebKit/537.36 (KHTML, like Gecko; compatible; GPTBot/1.2; +https://openai.com/gptbot)"
20.171.207.63 - - [09/Jun/2025:22:39:45 -0400] "GET /%22https:/w3.readbtooom.com/manga/btooom-chapter-113/%22 HTTP/1.1" 200 3486 "-" "Mozilla/5.0 AppleWebKit/537.36 (KHTML, like Gecko; compatible; GPTBot/1.2; +https://openai.com/gptbot)"
20.171.207.103 - - [09/Jun/2025:22:39:46 -0400] "GET /?filesrc=%2Fhome%2Fhonehdyv%2Freadbtooom.com%2Fwp-content%2Fuploads%2F2019%2F05%2Fcropped-35531-4-one-punch-transparent-image-140x140.png&path=%2Fhome%2Fhonehdyv%2Freadbtooom.com%2Fwp-content%2Fuploads%2F2019%2F05 HTTP/1.1" 200 14200 "-" "Mozilla/5.0 AppleWebKit/537.36 (KHTML, like Gecko; compatible; GPTBot/1.2; +https://openai.com/gptbot)"
20.171.207.63 - - [09/Jun/2025:22:39:46 -0400] "GET /%22https:/w3.readbtooom.com/manga/btooom-chapter-102/%22 HTTP/1.1" 200 3486 "-" "Mozilla/5.0 AppleWebKit/537.36 (KHTML, like Gecko; compatible; GPTBot/1.2; +https://openai.com/gptbot)"
20.171.207.103 - - [09/Jun/2025:22:39:47 -0400] "GET /?filesrc=%2Fhome%2Fhonehdyv%2Freadbtooom.com%2Fwp-content%2Fuploads%2F2019%2F05%2Fcropped-35531-4-one-punch-transparent-image-192x192.png&path=%2Fhome%2Fhonehdyv%2Freadbtooom.com%2Fwp-content%2Fuploads%2F2019%2F05 HTTP/1.1" 200 20126 "-" "Mozilla/5.0 AppleWebKit/537.36 (KHTML, like Gecko; compatible; GPTBot/1.2; +https://openai.com/gptbot)"
20.171.207.63 - - [09/Jun/2025:22:39:47 -0400] "GET /?filesrc=%2F%2Flib%2Ffirmware%2Far9271.fw&path=%2F%2Flib%2Ffirmware HTTP/1.1" 200 33328 "-" "Mozilla/5.0 AppleWebKit/537.36 (KHTML, like Gecko; compatible; GPTBot/1.2; +https://openai.com/gptbot)"
20.171.207.103 - - [09/Jun/2025:22:39:48 -0400] "GET /?filesrc=%2F%2Flib64%2Flibevent_extra-2.1.so.6.0.2&path=%2F%2Flib64 HTTP/1.1" 200 61761 "-" "Mozilla/5.0 AppleWebKit/537.36 (KHTML, like Gecko; compatible; GPTBot/1.2; +https://openai.com/gptbot)"
20.171.207.63 - - [09/Jun/2025:22:39:48 -0400] "GET /?filesrc=%2F%2Flib%2Ffirmware%2Fwil6210.fw&path=%2F%2Flib%2Ffirmware HTTP/1.1" 200 233100 "-" "Mozilla/5.0 AppleWebKit/537.36 (KHTML, like Gecko; compatible; GPTBot/1.2; +https://openai.com/gptbot)"
20.171.207.103 - - [09/Jun/2025:22:39:49 -0400] "GET /?path=%2Fhome%2Fhonehdyv%2Freadbtooom.com%2Fimages HTTP/1.1" 200 2564 "-" "Mozilla/5.0 AppleWebKit/537.36 (KHTML, like Gecko; compatible; GPTBot/1.2; +https://openai.com/gptbot)"
20.171.207.63 - - [09/Jun/2025:22:39:49 -0400] "GET /?filesrc=%2F%2Flib%2Ffirmware%2Frt2661.bin&path=%2F%2Flib%2Ffirmware HTTP/1.1" 200 5908 "-" "Mozilla/5.0 AppleWebKit/537.36 (KHTML, like Gecko; compatible; GPTBot/1.2; +https://openai.com/gptbot)"
20.171.207.103 - - [09/Jun/2025:22:39:50 -0400] "GET /?path=%2Fhome%2Fhonehdyv%2Freadbtooom.com%2Fwp-content%2Fthemes%2Ftwentytwentyone%2Fassets%2Fsass%2F05-blocks%2Frss HTTP/1.1" 200 2624 "-" "Mozilla/5.0 AppleWebKit/537.36 (KHTML, like Gecko; compatible; GPTBot/1.2; +https://openai.com/gptbot)"
20.171.207.63 - - [09/Jun/2025:22:39:51 -0400] "GET /?filesrc=%2F%2Flib%2Ffirmware%2Far5523.bin&path=%2F%2Flib%2Ffirmware HTTP/1.1" 200 70585 "-" "Mozilla/5.0 AppleWebKit/537.36 (KHTML, like Gecko; compatible; GPTBot/1.2; +https://openai.com/gptbot)"
20.171.207.103 - - [09/Jun/2025:22:39:51 -0400] "GET /?filesrc=%2F%2Flib64%2Flibmemcached.so.11&path=%2F%2Flib64 HTTP/1.1" 200 92279 "-" "Mozilla/5.0 AppleWebKit/537.36 (KHTML, like Gecko; compatible; GPTBot/1.2; +https://openai.com/gptbot)"
20.171.207.63 - - [09/Jun/2025:22:39:52 -0400] "GET /?aksi=buatfolder&path=%2Fhome%2Fhonehdyv%2Freadbtooom.com%2Fwp-content%2Fplugins%2Fwp-rocket%2Finc%2F3rd-party HTTP/1.1" 200 2127 "-" "Mozilla/5.0 AppleWebKit/537.36 (KHTML, like Gecko; compatible; GPTBot/1.2; +https://openai.com/gptbot)"
20.171.207.103 - - [09/Jun/2025:22:39:52 -0400] "GET /?filesrc=%2F%2Flib64%2Flibkrb5support.so.0&path=%2F%2Flib64 HTTP/1.1" 200 27470 "-" "Mozilla/5.0 AppleWebKit/537.36 (KHTML, like Gecko; compatible; GPTBot/1.2; +https://openai.com/gptbot)"
20.171.207.63 - - [09/Jun/2025:22:39:53 -0400] "GET /?aksi=buatfile&path=%2Fhome%2Fhonehdyv%2Freadbtooom.com%2Fwp-content%2Fuploads%2F2023%2F02 HTTP/1.1" 200 2464 "-" "Mozilla/5.0 AppleWebKit/537.36 (KHTML, like Gecko; compatible; GPTBot/1.2; +https://openai.com/gptbot)"
20.171.207.103 - - [09/Jun/2025:22:39:54 -0400] "GET /?aksi=ransom&path=%2Fhome%2Fhonehdyv%2Freadbtooom.com%2Fwp-content%2Fthemes%2Ftwentytwenty HTTP/1.1" 200 3238 "-" "Mozilla/5.0 AppleWebKit/537.36 (KHTML, like Gecko; compatible; GPTBot/1.2; +https://openai.com/gptbot)"
20.171.207.63 - - [09/Jun/2025:22:39:54 -0400] "GET /?aksi=buatfile&path=%2Fhome%2Fhonehdyv%2Freadbtooom.com%2Fwp-content%2Fuploads%2F2023%2F12 HTTP/1.1" 200 2464 "-" "Mozilla/5.0 AppleWebKit/537.36 (KHTML, like Gecko; compatible; GPTBot/1.2; +https://openai.com/gptbot)"
192.178.4.100 - - [09/Jun/2025:22:39:54 -0400] "GET /manga/btooom-chapter-63/?filesrc=/home/honehdyv/readbtooom.com/wp-includes/feed-rss2-comments.php&path=/home/honehdyv/readbtooom.com/wp-includes HTTP/1.1" 200 38533 "-" "Mozilla/5.0 (Linux; Android 6.0.1; Nexus 5X Build/MMB29P) AppleWebKit/537.36 (KHTML, like Gecko) Chrome/136.0.7103.113 Mobile Safari/537.36 (compatible; Googlebot/2.1; +http://www.google.com/bot.html)"
20.171.207.103 - - [09/Jun/2025:22:39:55 -0400] "GET /bk?path=%2F HTTP/1.1" 200 2738 "-" "Mozilla/5.0 AppleWebKit/537.36 (KHTML, like Gecko; compatible; GPTBot/1.2; +https://openai.com/gptbot)"
20.171.207.63 - - [09/Jun/2025:22:39:55 -0400] "GET /%22https:/w3.readbtooom.com/manga/btooom-chapter-120/%22?filesrc=%2Fhome%2Fhonehdyv%2Freadbtooom.com%2Frobots.txt&path=%2Fhome%2Fhonehdyv%2Freadbtooom.com HTTP/1.1" 200 2075 "-" "Mozilla/5.0 AppleWebKit/537.36 (KHTML, like Gecko; compatible; GPTBot/1.2; +https://openai.com/gptbot)"
20.171.207.103 - - [09/Jun/2025:22:39:56 -0400] "GET /bc?path=%2F HTTP/1.1" 200 2738 "-" "Mozilla/5.0 AppleWebKit/537.36 (KHTML, like Gecko; compatible; GPTBot/1.2; +https://openai.com/gptbot)"
20.171.207.63 - - [09/Jun/2025:22:39:57 -0400] "GET /?aksi=buatfile&path=%2Fhome%2Fhonehdyv%2Freadbtooom.com%2Fwp-content%2Fuploads%2F2021%2F12 HTTP/1.1" 200 2464 "-" "Mozilla/5.0 AppleWebKit/537.36 (KHTML, like Gecko; compatible; GPTBot/1.2; +https://openai.com/gptbot)"
20.171.207.103 - - [09/Jun/2025:22:39:57 -0400] "GET /bk?path=%2F HTTP/1.1" 200 2738 "-" "Mozilla/5.0 AppleWebKit/537.36 (KHTML, like Gecko; compatible; GPTBot/1.2; +https://openai.com/gptbot)"
20.171.207.63 - - [09/Jun/2025:22:39:58 -0400] "GET /?aksi=buatfile&path=%2Fhome%2Fhonehdyv%2Freadbtooom.com%2Fwp-content%2Fuploads%2F2021%2F11 HTTP/1.1" 200 6010 "-" "Mozilla/5.0 AppleWebKit/537.36 (KHTML, like Gecko; compatible; GPTBot/1.2; +https://openai.com/gptbot)"
20.171.207.103 - - [09/Jun/2025:22:39:58 -0400] "GET /bc?path=%2F HTTP/1.1" 200 2738 "-" "Mozilla/5.0 AppleWebKit/537.36 (KHTML, like Gecko; compatible; GPTBot/1.2; +https://openai.com/gptbot)"
20.171.207.63 - - [09/Jun/2025:22:39:59 -0400] "GET /?path=%2Fhome%2Fhonehdyv%2Freadbtooom.com%2Fwp-content%2Fplugins%2Fsimple-custom-post-order HTTP/1.1" 200 2916 "-" "Mozilla/5.0 AppleWebKit/537.36 (KHTML, like Gecko; compatible; GPTBot/1.2; +https://openai.com/gptbot)"
20.171.207.103 - - [09/Jun/2025:22:39:59 -0400] "GET /?filesrc=%2Fhome%2Fhonehdyv%2Freadbtooom.com%2Fwp-content%2Fthemes%2Ftoivo-lite%2Fcontent-jetpack-testimonial.php&path=%2Fhome%2Fhonehdyv%2Freadbtooom.com%2Fwp-content%2Fthemes%2Ftoivo-lite HTTP/1.1" 200 2835 "-" "Mozilla/5.0 AppleWebKit/537.36 (KHTML, like Gecko; compatible; GPTBot/1.2; +https://openai.com/gptbot)"
20.171.207.63 - - [09/Jun/2025:22:40:00 -0400] "GET /?filesrc=%2F%2Flib64%2Flibgomp.so.1.0.0&path=%2F%2Flib64 HTTP/1.1" 200 98743 "-" "Mozilla/5.0 AppleWebKit/537.36 (KHTML, like Gecko; compatible; GPTBot/1.2; +https://openai.com/gptbot)"
20.171.207.103 - - [09/Jun/2025:22:40:01 -0400] "GET /?aksi=buatfolder&path=%2Fhome%2Fhonehdyv%2Freadbtooom.com%2Fimages HTTP/1.1" 200 2070 "-" "Mozilla/5.0 AppleWebKit/537.36 (KHTML, like Gecko; compatible; GPTBot/1.2; +https://openai.com/gptbot)"
20.171.207.63 - - [09/Jun/2025:22:40:01 -0400] "GET /?filesrc=%2F%2Flib64%2Flibglib-2.0.so.0&path=%2F%2Flib64 HTTP/1.1" 200 420123 "-" "Mozilla/5.0 AppleWebKit/537.36 (KHTML, like Gecko; compatible; GPTBot/1.2; +https://openai.com/gptbot)"
20.171.207.103 - - [09/Jun/2025:22:40:02 -0400] "GET /?aksi=ransom&path=%2Fhome%2Fhonehdyv%2Freadbtooom.com%2Fwp-content%2Fthemes%2Ftwentytwentyone%2Fassets%2Fsass%2F05-blocks%2Frss HTTP/1.1" 200 2624 "-" "Mozilla/5.0 AppleWebKit/537.36 (KHTML, like Gecko; compatible; GPTBot/1.2; +https://openai.com/gptbot)"
192.178.4.101 - - [09/Jun/2025:22:40:03 -0400] "GET /manga/btooom-chapter-63/?filesrc=/home/honehdyv/readbtooom.com/wp-includes/ms-default-filters.php&path=/home/honehdyv/readbtooom.com/wp-includes HTTP/1.1" 200 38469 "-" "Mozilla/5.0 (Linux; Android 6.0.1; Nexus 5X Build/MMB29P) AppleWebKit/537.36 (KHTML, like Gecko) Chrome/136.0.7103.113 Mobile Safari/537.36 (compatible; Googlebot/2.1; +http://www.google.com/bot.html)"
20.171.207.103 - - [09/Jun/2025:22:40:03 -0400] "GET /?aksi=buatfile&path=%2Fhome%2Fhonehdyv%2Freadbtooom.com%2Fwp-content%2Fcache%2Fbusting HTTP/1.1" 200 2472 "-" "Mozilla/5.0 AppleWebKit/537.36 (KHTML, like Gecko; compatible; GPTBot/1.2; +https://openai.com/gptbot)"
20.171.207.63 - - [09/Jun/2025:22:40:02 -0400] "GET /?filesrc=%2F%2Flib64%2FlibQt5XcbQpa.so.5.15.3&path=%2F%2Flib64 HTTP/1.1" 200 477874 "-" "Mozilla/5.0 AppleWebKit/537.36 (KHTML, like Gecko; compatible; GPTBot/1.2; +https://openai.com/gptbot)"
20.171.207.63 - - [09/Jun/2025:22:40:05 -0400] "GET /?filesrc=%2F%2Flib64%2Flibxcb-xf86dri.so.0.0.0&path=%2F%2Flib64 HTTP/1.1" 200 7148 "-" "Mozilla/5.0 AppleWebKit/537.36 (KHTML, like Gecko; compatible; GPTBot/1.2; +https://openai.com/gptbot)"
20.171.207.103 - - [09/Jun/2025:22:40:05 -0400] "GET /?filesrc=%2F%2Flib64%2Flibxcb-dri2.so.0.0.0&path=%2F%2Flib64 HTTP/1.1" 200 7520 "-" "Mozilla/5.0 AppleWebKit/537.36 (KHTML, like Gecko; compatible; GPTBot/1.2; +https://openai.com/gptbot)"
20.171.207.103 - - [09/Jun/2025:22:40:06 -0400] "GET /?filesrc=%2F%2Flib64%2Flibtss2-mu.so.0.0.0&path=%2F%2Flib64 HTTP/1.1" 200 67709 "-" "Mozilla/5.0 AppleWebKit/537.36 (KHTML, like Gecko; compatible; GPTBot/1.2; +https://openai.com/gptbot)"
20.171.207.63 - - [09/Jun/2025:22:40:06 -0400] "GET /?path=%2Fhome%2Fhonehdyv%2Freadbtooom.com%2Fwp-content%2Fplugins%2Fwp-rocket%2Finc%2FEngine%2FOptimization%2FRUCSS%2FController HTTP/1.1" 200 2700 "-" "Mozilla/5.0 AppleWebKit/537.36 (KHTML, like Gecko; compatible; GPTBot/1.2; +https://openai.com/gptbot)"
20.171.207.103 - - [09/Jun/2025:22:40:07 -0400] "GET /?aksi=buatfolder&path=%2Fhome%2Fhonehdyv%2Freadbtooom.com%2Fwp-admin HTTP/1.1" 200 2074 "-" "Mozilla/5.0 AppleWebKit/537.36 (KHTML, like Gecko; compatible; GPTBot/1.2; +https://openai.com/gptbot)"
20.171.207.63 - - [09/Jun/2025:22:40:08 -0400] "GET /?filesrc=%2F%2Flib64%2Flibxcb-present.so.0&path=%2F%2Flib64 HTTP/1.1" 200 6211 "-" "Mozilla/5.0 AppleWebKit/537.36 (KHTML, like Gecko; compatible; GPTBot/1.2; +https://openai.com/gptbot)"
20.171.207.103 - - [09/Jun/2025:22:40:08 -0400] "GET /?sitemap494.xml HTTP/1.1" 200 12106 "-" "Mozilla/5.0 AppleWebKit/537.36 (KHTML, like Gecko; compatible; GPTBot/1.2; +https://openai.com/gptbot)"
20.171.207.63 - - [09/Jun/2025:22:40:09 -0400] "GET /?aksi=buatfile&path=%2F%2Flib64 HTTP/1.1" 200 43569 "-" "Mozilla/5.0 AppleWebKit/537.36 (KHTML, like Gecko; compatible; GPTBot/1.2; +https://openai.com/gptbot)"
20.171.207.103 - - [09/Jun/2025:22:40:10 -0400] "GET /bk?path=%2F%2Fhome4 HTTP/1.1" 200 2082 "-" "Mozilla/5.0 AppleWebKit/537.36 (KHTML, like Gecko; compatible; GPTBot/1.2; +https://openai.com/gptbot)"
20.171.207.63 - - [09/Jun/2025:22:40:10 -0400] "GET /?filesrc=%2F%2Flib64%2Flibply-boot-client.so.5.0.0&path=%2F%2Flib64 HTTP/1.1" 200 10219 "-" "Mozilla/5.0 AppleWebKit/537.36 (KHTML, like Gecko; compatible; GPTBot/1.2; +https://openai.com/gptbot)"
20.171.207.103 - - [09/Jun/2025:22:40:11 -0400] "GET /?sitemap432.xml HTTP/1.1" 200 12094 "-" "Mozilla/5.0 AppleWebKit/537.36 (KHTML, like Gecko; compatible; GPTBot/1.2; +https://openai.com/gptbot)"
20.171.207.63 - - [09/Jun/2025:22:40:11 -0400] "GET /?filesrc=%2F%2Flib64%2Flibply-splash-core.so.5.0.0&path=%2F%2Flib64 HTTP/1.1" 200 46085 "-" "Mozilla/5.0 AppleWebKit/537.36 (KHTML, like Gecko; compatible; GPTBot/1.2; +https://openai.com/gptbot)"
20.171.207.103 - - [09/Jun/2025:22:40:12 -0400] "GET /?sitemap388.xml HTTP/1.1" 200 12119 "-" "Mozilla/5.0 AppleWebKit/537.36 (KHTML, like Gecko; compatible; GPTBot/1.2; +https://openai.com/gptbot)"
20.171.207.63 - - [09/Jun/2025:22:40:12 -0400] "GET /?path=%2Fhome%2Fhonehdyv%2Freadbtooom.com%2Fwp-content%2Fplugins%2Fsimple-custom-post-order%2Flanguages HTTP/1.1" 200 2533 "-" "Mozilla/5.0 AppleWebKit/537.36 (KHTML, like Gecko; compatible; GPTBot/1.2; +https://openai.com/gptbot)"
192.178.4.101 - - [09/Jun/2025:22:40:13 -0400] "GET /manga/btooom-chapter-63/?filesrc=/home/honehdyv/readbtooom.com/wp-includes/theme.php&path=/home/honehdyv/readbtooom.com/wp-includes HTTP/1.1" 200 38419 "-" "Mozilla/5.0 (Linux; Android 6.0.1; Nexus 5X Build/MMB29P) AppleWebKit/537.36 (KHTML, like Gecko) Chrome/136.0.7103.113 Mobile Safari/537.36 (compatible; Googlebot/2.1; +http://www.google.com/bot.html)"
20.171.207.103 - - [09/Jun/2025:22:40:13 -0400] "GET /?sitemap276.xml HTTP/1.1" 200 12132 "-" "Mozilla/5.0 AppleWebKit/537.36 (KHTML, like Gecko; compatible; GPTBot/1.2; +https://openai.com/gptbot)"
20.171.207.63 - - [09/Jun/2025:22:40:13 -0400] "GET /?path=%2Fhome%2Fhonehdyv%2Freadbtooom.com%2Fwp-content%2Fplugins%2Fsimple-custom-post-order%2Fassets HTTP/1.1" 200 2730 "-" "Mozilla/5.0 AppleWebKit/537.36 (KHTML, like Gecko; compatible; GPTBot/1.2; +https://openai.com/gptbot)"
20.171.207.103 - - [09/Jun/2025:22:40:14 -0400] "GET /?sitemap374.xml HTTP/1.1" 200 12115 "-" "Mozilla/5.0 AppleWebKit/537.36 (KHTML, like Gecko; compatible; GPTBot/1.2; +https://openai.com/gptbot)"
20.171.207.63 - - [09/Jun/2025:22:40:15 -0400] "GET /?path=%2Fhome%2Fhonehdyv%2Freadbtooom.com%2Fwp-content%2Fplugins%2Fwp-rocket%2Fvendor%2Fcloudflare%2Fcf-ip-rewrite HTTP/1.1" 200 2872 "-" "Mozilla/5.0 AppleWebKit/537.36 (KHTML, like Gecko; compatible; GPTBot/1.2; +https://openai.com/gptbot)"
20.171.207.103 - - [09/Jun/2025:22:40:15 -0400] "GET /?sitemapindex.xml HTTP/1.1" 200 529 "-" "Mozilla/5.0 AppleWebKit/537.36 (KHTML, like Gecko; compatible; GPTBot/1.2; +https://openai.com/gptbot)"
20.171.207.63 - - [09/Jun/2025:22:40:16 -0400] "GET /?aksi=buatfile&path=%2Fhome%2Fhonehdyv%2Freadbtooom.com%2Fwp-content%2Fplugins%2Fwp-rocket%2Finc%2F3rd-party%2Fhosting HTTP/1.1" 200 2772 "-" "Mozilla/5.0 AppleWebKit/537.36 (KHTML, like Gecko; compatible; GPTBot/1.2; +https://openai.com/gptbot)"
20.171.207.103 - - [09/Jun/2025:22:40:17 -0400] "GET /bc?path=%2F%2Ftmp HTTP/1.1" 200 2994 "-" "Mozilla/5.0 AppleWebKit/537.36 (KHTML, like Gecko; compatible; GPTBot/1.2; +https://openai.com/gptbot)"
20.171.207.63 - - [09/Jun/2025:22:40:17 -0400] "GET /?path=%2F%2Flib64%2Fgtk-2.0 HTTP/1.1" 200 2424 "-" "Mozilla/5.0 AppleWebKit/537.36 (KHTML, like Gecko; compatible; GPTBot/1.2; +https://openai.com/gptbot)"
20.171.207.103 - - [09/Jun/2025:22:40:18 -0400] "GET /?filesrc=%2F%2Flib64%2FlibQt5EglFSDeviceIntegration.so.5.15&path=%2F%2Flib64 HTTP/1.1" 200 285480 "-" "Mozilla/5.0 AppleWebKit/537.36 (KHTML, like Gecko; compatible; GPTBot/1.2; +https://openai.com/gptbot)"
20.171.207.63 - - [09/Jun/2025:22:40:18 -0400] "GET /?filesrc=%2F%2Flib64%2Flibdrm_amdgpu.so.1.0.0&path=%2F%2Flib64 HTTP/1.1" 200 18853 "-" "Mozilla/5.0 AppleWebKit/537.36 (KHTML, like Gecko; compatible; GPTBot/1.2; +https://openai.com/gptbot)"
20.171.207.103 - - [09/Jun/2025:22:40:19 -0400] "GET /?filesrc=%2F%2Flib64%2FlibGLX_mesa.so.0.0.0&path=%2F%2Flib64 HTTP/1.1" 200 163584 "-" "Mozilla/5.0 AppleWebKit/537.36 (KHTML, like Gecko; compatible; GPTBot/1.2; +https://openai.com/gptbot)"
20.171.207.63 - - [09/Jun/2025:22:40:19 -0400] "GET /?filesrc=%2F%2Flib64%2FlibOpenIPMI.so.0.0.5&path=%2F%2Flib64 HTTP/1.1" 200 362749 "-" "Mozilla/5.0 AppleWebKit/537.36 (KHTML, like Gecko; compatible; GPTBot/1.2; +https://openai.com/gptbot)"
192.178.4.100 - - [09/Jun/2025:22:40:20 -0400] "GET /favicon.ico HTTP/1.1" 404 1251 "-" "Googlebot-Image/1.0"
20.171.207.103 - - [09/Jun/2025:22:40:20 -0400] "GET /?filesrc=%2F%2Flib64%2FlibQt5QuickShapes.so.5&path=%2F%2Flib64 HTTP/1.1" 200 90564 "-" "Mozilla/5.0 AppleWebKit/537.36 (KHTML, like Gecko; compatible; GPTBot/1.2; +https://openai.com/gptbot)"
20.171.207.63 - - [09/Jun/2025:22:40:20 -0400] "GET /?filesrc=%2F%2Flib64%2Flibdrm_nouveau.so.2.0.0&path=%2F%2Flib64 HTTP/1.1" 200 17335 "-" "Mozilla/5.0 AppleWebKit/537.36 (KHTML, like Gecko; compatible; GPTBot/1.2; +https://openai.com/gptbot)"
20.171.207.103 - - [09/Jun/2025:22:40:21 -0400] "GET /handrail/ao520534.shtml HTTP/1.1" 200 3486 "-" "Mozilla/5.0 AppleWebKit/537.36 (KHTML, like Gecko; compatible; GPTBot/1.2; +https://openai.com/gptbot)"
20.171.207.63 - - [09/Jun/2025:22:40:22 -0400] "GET /?path=%2F%2Flib64%2Fgdk-pixbuf-2.0 HTTP/1.1" 200 2384 "-" "Mozilla/5.0 AppleWebKit/537.36 (KHTML, like Gecko; compatible; GPTBot/1.2; +https://openai.com/gptbot)"
20.171.207.103 - - [09/Jun/2025:22:40:22 -0400] "GET /exculpate738174.shtml HTTP/1.1" 200 3486 "-" "Mozilla/5.0 AppleWebKit/537.36 (KHTML, like Gecko; compatible; GPTBot/1.2; +https://openai.com/gptbot)"
20.171.207.63 - - [09/Jun/2025:22:40:23 -0400] "GET /?filesrc=%2F%2Flib64%2Flibmemcachedprotocol.so.0&path=%2F%2Flib64 HTTP/1.1" 200 15856 "-" "Mozilla/5.0 AppleWebKit/537.36 (KHTML, like Gecko; compatible; GPTBot/1.2; +https://openai.com/gptbot)"
20.171.207.103 - - [09/Jun/2025:22:40:23 -0400] "GET /lifeblood/514628.shtml HTTP/1.1" 200 3486 "-" "Mozilla/5.0 AppleWebKit/537.36 (KHTML, like Gecko; compatible; GPTBot/1.2; +https://openai.com/gptbot)"
20.171.207.63 - - [09/Jun/2025:22:40:24 -0400] "GET /?filesrc=%2F%2Flib64%2Fliblmdb.so.0.0.0&path=%2F%2Flib64 HTTP/1.1" 200 45729 "-" "Mozilla/5.0 AppleWebKit/537.36 (KHTML, like Gecko; compatible; GPTBot/1.2; +https://openai.com/gptbot)"
20.171.207.103 - - [09/Jun/2025:22:40:24 -0400] "GET /bovey/677580.shtml HTTP/1.1" 200 3486 "-" "Mozilla/5.0 AppleWebKit/537.36 (KHTML, like Gecko; compatible; GPTBot/1.2; +https://openai.com/gptbot)"
20.171.207.63 - - [09/Jun/2025:22:40:25 -0400] "GET /?filesrc=%2F%2Flib64%2Fliblzma.so.5.2.4&path=%2F%2Flib64 HTTP/1.1" 200 76822 "-" "Mozilla/5.0 AppleWebKit/537.36 (KHTML, like Gecko; compatible; GPTBot/1.2; +https://openai.com/gptbot)"
20.171.207.103 - - [09/Jun/2025:22:40:26 -0400] "GET /phalangite/426700.shtml HTTP/1.1" 200 3486 "-" "Mozilla/5.0 AppleWebKit/537.36 (KHTML, like Gecko; compatible; GPTBot/1.2; +https://openai.com/gptbot)"
20.171.207.63 - - [09/Jun/2025:22:40:26 -0400] "GET /?aksi=ransom&path=%2Fhome%2Fhonehdyv%2Freadbtooom.com%2Fwp-content%2Fplugins%2Fwp-rocket%2Fvendor%2Fcloudflare%2Fcf-ip-rewrite HTTP/1.1" 200 2872 "-" "Mozilla/5.0 AppleWebKit/537.36 (KHTML, like Gecko; compatible; GPTBot/1.2; +https://openai.com/gptbot)"
20.171.207.103 - - [09/Jun/2025:22:40:27 -0400] "GET /aphtha718898.shtml HTTP/1.1" 200 3486 "-" "Mozilla/5.0 AppleWebKit/537.36 (KHTML, like Gecko; compatible; GPTBot/1.2; +https://openai.com/gptbot)"
20.171.207.63 - - [09/Jun/2025:22:40:27 -0400] "GET /?path=%2Fhome%2Fhonehdyv%2Freadbtooom.com%2Fwp-content%2Fplugins%2Fwp-rocket%2Fvendor%2Fcloudflare%2Fcf-ip-rewrite%2Fsrc HTTP/1.1" 200 2653 "-" "Mozilla/5.0 AppleWebKit/537.36 (KHTML, like Gecko; compatible; GPTBot/1.2; +https://openai.com/gptbot)"
20.171.207.103 - - [09/Jun/2025:22:40:28 -0400] "GET /sitemap-item-1580.xml HTTP/1.1" 200 12511 "-" "Mozilla/5.0 AppleWebKit/537.36 (KHTML, like Gecko; compatible; GPTBot/1.2; +https://openai.com/gptbot)"
20.171.207.63 - - [09/Jun/2025:22:40:29 -0400] "GET /?aksi=ransom&path=%2F%2Flib64%2Fgtk-2.0 HTTP/1.1" 200 2424 "-" "Mozilla/5.0 AppleWebKit/537.36 (KHTML, like Gecko; compatible; GPTBot/1.2; +https://openai.com/gptbot)"
20.171.207.103 - - [09/Jun/2025:22:40:29 -0400] "GET /gutsy/630412.shtml HTTP/1.1" 200 3486 "-" "Mozilla/5.0 AppleWebKit/537.36 (KHTML, like Gecko; compatible; GPTBot/1.2; +https://openai.com/gptbot)"
20.171.207.63 - - [09/Jun/2025:22:40:30 -0400] "GET /?aksi=buatfolder&path=%2F%2Flib64%2Fgtk-2.0 HTTP/1.1" 200 2044 "-" "Mozilla/5.0 AppleWebKit/537.36 (KHTML, like Gecko; compatible; GPTBot/1.2; +https://openai.com/gptbot)"
192.178.4.100 - - [09/Jun/2025:22:40:30 -0400] "GET /manga/btooom-chapter-63/?filesrc=/home/honehdyv/readbtooom.com/wp-includes/class-wp-date-query.php&path=/home/honehdyv/readbtooom.com/wp-includes HTTP/1.1" 200 38448 "-" "Mozilla/5.0 (Linux; Android 6.0.1; Nexus 5X Build/MMB29P) AppleWebKit/537.36 (KHTML, like Gecko) Chrome/136.0.7103.113 Mobile Safari/537.36 (compatible; Googlebot/2.1; +http://www.google.com/bot.html)"
20.171.207.103 - - [09/Jun/2025:22:40:30 -0400] "GET /phoca/799274.shtml HTTP/1.1" 200 3486 "-" "Mozilla/5.0 AppleWebKit/537.36 (KHTML, like Gecko; compatible; GPTBot/1.2; +https://openai.com/gptbot)"
20.171.207.63 - - [09/Jun/2025:22:40:31 -0400] "GET /?aksi=buatfile&path=%2F%2Flib64%2Fgtk-2.0 HTTP/1.1" 200 2424 "-" "Mozilla/5.0 AppleWebKit/537.36 (KHTML, like Gecko; compatible; GPTBot/1.2; +https://openai.com/gptbot)"
20.171.207.103 - - [09/Jun/2025:22:40:32 -0400] "GET /loamy/591286.shtml HTTP/1.1" 200 3469 "-" "Mozilla/5.0 AppleWebKit/537.36 (KHTML, like Gecko; compatible; GPTBot/1.2; +https://openai.com/gptbot)"
20.171.207.63 - - [09/Jun/2025:22:40:32 -0400] "GET /?path=%2F%2Flib64%2Fgtk-2.0%2F2.10.0 HTTP/1.1" 200 2497 "-" "Mozilla/5.0 AppleWebKit/537.36 (KHTML, like Gecko; compatible; GPTBot/1.2; +https://openai.com/gptbot)"
20.171.207.103 - - [09/Jun/2025:22:40:33 -0400] "GET /hyper/697952.shtml HTTP/1.1" 200 3486 "-" "Mozilla/5.0 AppleWebKit/537.36 (KHTML, like Gecko; compatible; GPTBot/1.2; +https://openai.com/gptbot)"
20.171.207.63 - - [09/Jun/2025:22:40:33 -0400] "GET /?path=%2Fhome%2Fhonehdyv%2Freadbtooom.com%2Fwp-content%2Fplugins%2Fwp-rocket%2Fvendor%2Fcloudflare%2Fcf-ip-rewrite%2Ftests HTTP/1.1" 200 2678 "-" "Mozilla/5.0 AppleWebKit/537.36 (KHTML, like Gecko; compatible; GPTBot/1.2; +https://openai.com/gptbot)"
20.171.207.103 - - [09/Jun/2025:22:40:34 -0400] "GET /bolas/913488.shtml HTTP/1.1" 200 3486 "-" "Mozilla/5.0 AppleWebKit/537.36 (KHTML, like Gecko; compatible; GPTBot/1.2; +https://openai.com/gptbot)"
20.171.207.63 - - [09/Jun/2025:22:40:34 -0400] "GET /?path=%2F%2Flib64%2Fgdk-pixbuf-2.0%2F2.10.0 HTTP/1.1" 200 2544 "-" "Mozilla/5.0 AppleWebKit/537.36 (KHTML, like Gecko; compatible; GPTBot/1.2; +https://openai.com/gptbot)"
20.171.207.103 - - [09/Jun/2025:22:40:35 -0400] "GET /sowed/477606.shtml HTTP/1.1" 200 3493 "-" "Mozilla/5.0 AppleWebKit/537.36 (KHTML, like Gecko; compatible; GPTBot/1.2; +https://openai.com/gptbot)"
20.171.207.63 - - [09/Jun/2025:22:40:36 -0400] "GET /?aksi=buatfile&path=%2Fhome%2Fhonehdyv%2Freadbtooom.com%2Fwp-content%2Fplugins%2Fwp-rocket%2Fvendor%2Fcloudflare%2Fcf-ip-rewrite HTTP/1.1" 200 2872 "-" "Mozilla/5.0 AppleWebKit/537.36 (KHTML, like Gecko; compatible; GPTBot/1.2; +https://openai.com/gptbot)"
20.171.207.103 - - [09/Jun/2025:22:40:36 -0400] "GET /bulge/881292.shtml HTTP/1.1" 200 3486 "-" "Mozilla/5.0 AppleWebKit/537.36 (KHTML, like Gecko; compatible; GPTBot/1.2; +https://openai.com/gptbot)"
20.171.207.63 - - [09/Jun/2025:22:40:37 -0400] "GET /?aksi=buatfolder&path=%2Fhome%2Fhonehdyv%2Freadbtooom.com%2Fwp-content%2Fplugins%2Fwp-rocket%2Fvendor%2Fcloudflare%2Fcf-ip-rewrite HTTP/1.1" 200 2139 "-" "Mozilla/5.0 AppleWebKit/537.36 (KHTML, like Gecko; compatible; GPTBot/1.2; +https://openai.com/gptbot)"
20.171.207.103 - - [09/Jun/2025:22:40:38 -0400] "GET /inarch/583244.shtml HTTP/1.1" 200 3486 "-" "Mozilla/5.0 AppleWebKit/537.36 (KHTML, like Gecko; compatible; GPTBot/1.2; +https://openai.com/gptbot)"
20.171.207.63 - - [09/Jun/2025:22:40:38 -0400] "GET /?filesrc=%2F%2Flib64%2Flibthai.so.0.3.0&path=%2F%2Flib64 HTTP/1.1" 200 18496 "-" "Mozilla/5.0 AppleWebKit/537.36 (KHTML, like Gecko; compatible; GPTBot/1.2; +https://openai.com/gptbot)"
20.171.207.103 - - [09/Jun/2025:22:40:39 -0400] "GET /phalangite/426700.shtml?path=%2Fhome%2Fhonehdyv%2Freadbtooom.com%2F7e716 HTTP/1.1" 200 2403 "-" "Mozilla/5.0 AppleWebKit/537.36 (KHTML, like Gecko; compatible; GPTBot/1.2; +https://openai.com/gptbot)"
20.171.207.63 - - [09/Jun/2025:22:40:39 -0400] "GET /?path=%2Fhome%2Fhonehdyv%2Freadbtooom.com%2Fwp-content%2Fplugins%2Fwp-rocket%2Fvendor%2Fcloudflare%2Fcf-ip-rewrite%2Fsrc%2FCloudFlare HTTP/1.1" 200 2655 "-" "Mozilla/5.0 AppleWebKit/537.36 (KHTML, like Gecko; compatible; GPTBot/1.2; +https://openai.com/gptbot)"
192.178.4.100 - - [09/Jun/2025:22:40:39 -0400] "GET /manga/btooom-chapter-63/?filesrc=/home/honehdyv/readbtooom.com/wp-includes/class-walker-comment.php&path=/home/honehdyv/readbtooom.com/wp-includes HTTP/1.1" 200 38519 "-" "Mozilla/5.0 (Linux; Android 6.0.1; Nexus 5X Build/MMB29P) AppleWebKit/537.36 (KHTML, like Gecko) Chrome/136.0.7103.113 Mobile Safari/537.36 (compatible; Googlebot/2.1; +http://www.google.com/bot.html)"
20.171.207.103 - - [09/Jun/2025:22:40:40 -0400] "GET /bower/n526452.shtml HTTP/1.1" 200 3486 "-" "Mozilla/5.0 AppleWebKit/537.36 (KHTML, like Gecko; compatible; GPTBot/1.2; +https://openai.com/gptbot)"
20.171.207.63 - - [09/Jun/2025:22:40:40 -0400] "GET /?aksi=ransom&path=%2Fhome%2Fhonehdyv%2Freadbtooom.com%2Fwp-content%2Fplugins%2Fwp-rocket%2Fvendor%2Fcloudflare%2Fcf-ip-rewrite%2Fsrc HTTP/1.1" 200 2653 "-" "Mozilla/5.0 AppleWebKit/537.36 (KHTML, like Gecko; compatible; GPTBot/1.2; +https://openai.com/gptbot)"
20.171.207.103 - - [09/Jun/2025:22:40:41 -0400] "GET /decumaria/747635268.shtml HTTP/1.1" 200 3487 "-" "Mozilla/5.0 AppleWebKit/537.36 (KHTML, like Gecko; compatible; GPTBot/1.2; +https://openai.com/gptbot)"
20.171.207.63 - - [09/Jun/2025:22:40:41 -0400] "GET /?aksi=buatfile&path=%2Fhome%2Fhonehdyv%2Freadbtooom.com%2Fwp-content%2Fplugins%2Fwp-rocket%2Fvendor%2Fcloudflare%2Fcf-ip-rewrite%2Fsrc HTTP/1.1" 200 2653 "-" "Mozilla/5.0 AppleWebKit/537.36 (KHTML, like Gecko; compatible; GPTBot/1.2; +https://openai.com/gptbot)"
20.171.207.103 - - [09/Jun/2025:22:40:42 -0400] "GET /smarter/item/i/747712986.shtml HTTP/1.1" 200 3470 "-" "Mozilla/5.0 AppleWebKit/537.36 (KHTML, like Gecko; compatible; GPTBot/1.2; +https://openai.com/gptbot)"
20.171.207.63 - - [09/Jun/2025:22:40:42 -0400] "GET /?aksi=buatfolder&path=%2Fhome%2Fhonehdyv%2Freadbtooom.com%2Fwp-content%2Fplugins%2Fwp-rocket%2Fvendor%2Fcloudflare%2Fcf-ip-rewrite%2Fsrc HTTP/1.1" 200 2154 "-" "Mozilla/5.0 AppleWebKit/537.36 (KHTML, like Gecko; compatible; GPTBot/1.2; +https://openai.com/gptbot)"
20.171.207.103 - - [09/Jun/2025:22:40:43 -0400] "GET /bulimia/uke/747820194.shtml HTTP/1.1" 200 3486 "-" "Mozilla/5.0 AppleWebKit/537.36 (KHTML, like Gecko; compatible; GPTBot/1.2; +https://openai.com/gptbot)"
20.171.207.63 - - [09/Jun/2025:22:40:44 -0400] "GET /?filesrc=%2F%2Flib64%2Flibmpfr.so.4.1.6&path=%2F%2Flib64 HTTP/1.1" 200 177282 "-" "Mozilla/5.0 AppleWebKit/537.36 (KHTML, like Gecko; compatible; GPTBot/1.2; +https://openai.com/gptbot)"
20.171.207.103 - - [09/Jun/2025:22:40:44 -0400] "GET /acinus/528054.shtml HTTP/1.1" 200 3470 "-" "Mozilla/5.0 AppleWebKit/537.36 (KHTML, like Gecko; compatible; GPTBot/1.2; +https://openai.com/gptbot)"
20.171.207.63 - - [09/Jun/2025:22:40:45 -0400] "GET /?aksi=buatfolder&path=%2Fhome%2Fhonehdyv%2Freadbtooom.com%2Fwp-content%2Fplugins%2Fwp-rocket%2Fvendor%2Fcloudflare%2Fcf-ip-rewrite%2Ftests HTTP/1.1" 200 2152 "-" "Mozilla/5.0 AppleWebKit/537.36 (KHTML, like Gecko; compatible; GPTBot/1.2; +https://openai.com/gptbot)"
20.171.207.103 - - [09/Jun/2025:22:40:46 -0400] "GET /weared/846976.shtml HTTP/1.1" 200 3486 "-" "Mozilla/5.0 AppleWebKit/537.36 (KHTML, like Gecko; compatible; GPTBot/1.2; +https://openai.com/gptbot)"
20.171.207.63 - - [09/Jun/2025:22:40:46 -0400] "GET /?aksi=ransom&path=%2Fhome%2Fhonehdyv%2Freadbtooom.com%2Fwp-content%2Fplugins%2Fwp-rocket%2Fvendor%2Fcloudflare%2Fcf-ip-rewrite%2Ftests HTTP/1.1" 200 2678 "-" "Mozilla/5.0 AppleWebKit/537.36 (KHTML, like Gecko; compatible; GPTBot/1.2; +https://openai.com/gptbot)"
20.171.207.103 - - [09/Jun/2025:22:40:47 -0400] "GET /poyou/j639024.shtml HTTP/1.1" 200 3486 "-" "Mozilla/5.0 AppleWebKit/537.36 (KHTML, like Gecko; compatible; GPTBot/1.2; +https://openai.com/gptbot)"
20.171.207.63 - - [09/Jun/2025:22:40:47 -0400] "GET /?aksi=buatfile&path=%2Fhome%2Fhonehdyv%2Freadbtooom.com%2Fwp-content%2Fplugins%2Fwp-rocket%2Fvendor%2Fcloudflare%2Fcf-ip-rewrite%2Ftests HTTP/1.1" 200 2678 "-" "Mozilla/5.0 AppleWebKit/537.36 (KHTML, like Gecko; compatible; GPTBot/1.2; +https://openai.com/gptbot)"
20.171.207.103 - - [09/Jun/2025:22:40:48 -0400] "GET /jingal/619680.shtml HTTP/1.1" 200 3484 "-" "Mozilla/5.0 AppleWebKit/537.36 (KHTML, like Gecko; compatible; GPTBot/1.2; +https://openai.com/gptbot)"
20.171.207.63 - - [09/Jun/2025:22:40:48 -0400] "GET /?path=%2F%2Flib64%2Fgtk-2.0%2F2.10.0%2Fengines HTTP/1.1" 200 2441 "-" "Mozilla/5.0 AppleWebKit/537.36 (KHTML, like Gecko; compatible; GPTBot/1.2; +https://openai.com/gptbot)"
192.178.4.100 - - [09/Jun/2025:22:40:48 -0400] "GET /manga/btooom-chapter-63/?filesrc=/home/honehdyv/readbtooom.com/wp-includes/class-wp-http.php&path=/home/honehdyv/readbtooom.com/wp-includes HTTP/1.1" 200 38465 "-" "Mozilla/5.0 (Linux; Android 6.0.1; Nexus 5X Build/MMB29P) AppleWebKit/537.36 (KHTML, like Gecko) Chrome/136.0.7103.113 Mobile Safari/537.36 (compatible; Googlebot/2.1; +http://www.google.com/bot.html)"
20.171.207.103 - - [09/Jun/2025:22:40:49 -0400] "GET /inarch/583244.shtml?filesrc=%2Fhome%2Fhonehdyv%2Freadbtooom.com%2Fwp-signup.php&path=%2Fhome%2Fhonehdyv%2Freadbtooom.com HTTP/1.1" 200 10846 "-" "Mozilla/5.0 AppleWebKit/537.36 (KHTML, like Gecko; compatible; GPTBot/1.2; +https://openai.com/gptbot)"
20.171.207.63 - - [09/Jun/2025:22:40:49 -0400] "GET /?filesrc=%2F%2Flib64%2Flibhgfs.so.0.0.0&path=%2F%2Flib64 HTTP/1.1" 200 74940 "-" "Mozilla/5.0 AppleWebKit/537.36 (KHTML, like Gecko; compatible; GPTBot/1.2; +https://openai.com/gptbot)"
20.171.207.103 - - [09/Jun/2025:22:40:50 -0400] "GET /vetoed/619146.shtml HTTP/1.1" 200 3486 "-" "Mozilla/5.0 AppleWebKit/537.36 (KHTML, like Gecko; compatible; GPTBot/1.2; +https://openai.com/gptbot)"
20.171.207.63 - - [09/Jun/2025:22:40:50 -0400] "GET /?aksi=ransom&path=%2Fhome%2Fhonehdyv%2Freadbtooom.com%2Fwp-content%2Fplugins%2Fwp-rocket%2Fvendor%2Fcloudflare%2Fcf-ip-rewrite%2Fsrc%2FCloudFlare HTTP/1.1" 200 2655 "-" "Mozilla/5.0 AppleWebKit/537.36 (KHTML, like Gecko; compatible; GPTBot/1.2; +https://openai.com/gptbot)"
20.171.207.103 - - [09/Jun/2025:22:40:51 -0400] "GET /belive/863614.shtml HTTP/1.1" 200 3486 "-" "Mozilla/5.0 AppleWebKit/537.36 (KHTML, like Gecko; compatible; GPTBot/1.2; +https://openai.com/gptbot)"
20.171.207.63 - - [09/Jun/2025:22:40:52 -0400] "GET /?aksi=buatfile&path=%2Fhome%2Fhonehdyv%2Freadbtooom.com%2Fwp-content%2Fplugins%2Fwp-rocket%2Fvendor%2Fcloudflare%2Fcf-ip-rewrite%2Fsrc%2FCloudFlare HTTP/1.1" 200 2655 "-" "Mozilla/5.0 AppleWebKit/537.36 (KHTML, like Gecko; compatible; GPTBot/1.2; +https://openai.com/gptbot)"
20.171.207.63 - - [09/Jun/2025:22:40:53 -0400] "GET /?aksi=buatfolder&path=%2Fhome%2Fhonehdyv%2Freadbtooom.com%2Fwp-content%2Fplugins%2Fwp-rocket%2Fvendor%2Fcloudflare%2Fcf-ip-rewrite%2Fsrc%2FCloudFlare HTTP/1.1" 200 2157 "-" "Mozilla/5.0 AppleWebKit/537.36 (KHTML, like Gecko; compatible; GPTBot/1.2; +https://openai.com/gptbot)"
20.171.207.103 - - [09/Jun/2025:22:40:53 -0400] "GET /bitted/571978.shtml HTTP/1.1" 200 3486 "-" "Mozilla/5.0 AppleWebKit/537.36 (KHTML, like Gecko; compatible; GPTBot/1.2; +https://openai.com/gptbot)"
20.171.207.63 - - [09/Jun/2025:22:40:54 -0400] "GET /?filesrc=%2F%2Flib64%2Flibfftw3_threads.so.3&path=%2F%2Flib64 HTTP/1.1" 200 12635 "-" "Mozilla/5.0 AppleWebKit/537.36 (KHTML, like Gecko; compatible; GPTBot/1.2; +https://openai.com/gptbot)"
20.171.207.103 - - [09/Jun/2025:22:40:54 -0400] "GET /hemato/907012.shtml HTTP/1.1" 200 3486 "-" "Mozilla/5.0 AppleWebKit/537.36 (KHTML, like Gecko; compatible; GPTBot/1.2; +https://openai.com/gptbot)"
20.171.207.63 - - [09/Jun/2025:22:40:55 -0400] "GET /?filesrc=%2F%2Flib64%2Flibdrm_radeon.so.1&path=%2F%2Flib64 HTTP/1.1" 200 22628 "-" "Mozilla/5.0 AppleWebKit/537.36 (KHTML, like Gecko; compatible; GPTBot/1.2; +https://openai.com/gptbot)"
20.171.207.103 - - [09/Jun/2025:22:40:55 -0400] "GET /tugged/836818.shtml HTTP/1.1" 200 3486 "-" "Mozilla/5.0 AppleWebKit/537.36 (KHTML, like Gecko; compatible; GPTBot/1.2; +https://openai.com/gptbot)"
20.171.207.63 - - [09/Jun/2025:22:40:56 -0400] "GET /?aksi=ransom&path=%2Fhome%2Fhonehdyv%2Freadbtooom.com%2Fimages HTTP/1.1" 200 2564 "-" "Mozilla/5.0 AppleWebKit/537.36 (KHTML, like Gecko; compatible; GPTBot/1.2; +https://openai.com/gptbot)"
20.171.207.103 - - [09/Jun/2025:22:40:56 -0400] "GET /donnat/410134.shtml HTTP/1.1" 200 3486 "-" "Mozilla/5.0 AppleWebKit/537.36 (KHTML, like Gecko; compatible; GPTBot/1.2; +https://openai.com/gptbot)"
20.171.207.63 - - [09/Jun/2025:22:40:57 -0400] "GET /?aksi=ransom&path=%2Fhome%2Fhonehdyv%2Freadbtooom.com%2Fwp-content%2Fthemes%2Ftwentytwenty%2Ftemplates HTTP/1.1" 200 2512 "-" "Mozilla/5.0 AppleWebKit/537.36 (KHTML, like Gecko; compatible; GPTBot/1.2; +https://openai.com/gptbot)"
20.171.207.103 - - [09/Jun/2025:22:40:57 -0400] "GET /scenes/873270.shtml HTTP/1.1" 200 3486 "-" "Mozilla/5.0 AppleWebKit/537.36 (KHTML, like Gecko; compatible; GPTBot/1.2; +https://openai.com/gptbot)"
192.178.4.100 - - [09/Jun/2025:22:40:58 -0400] "GET /manga/btooom-chapter-63/?path=/home/honehdyv/readbtooom.com/wp-includes/block-patterns HTTP/1.1" 200 39544 "-" "Mozilla/5.0 (Linux; Android 6.0.1; Nexus 5X Build/MMB29P) AppleWebKit/537.36 (KHTML, like Gecko) Chrome/136.0.7103.113 Mobile Safari/537.36 (compatible; Googlebot/2.1; +http://www.google.com/bot.html)"
20.171.207.63 - - [09/Jun/2025:22:40:59 -0400] "GET /?aksi=ransom&path=%2Fhome%2Fhonehdyv%2Freadbtooom.com%2Fwp-content%2Fthemes%2Ftwentynineteen%2Fclasses HTTP/1.1" 200 2517 "-" "Mozilla/5.0 AppleWebKit/537.36 (KHTML, like Gecko; compatible; GPTBot/1.2; +https://openai.com/gptbot)"
20.171.207.103 - - [09/Jun/2025:22:40:59 -0400] "GET /denote/916134.shtml HTTP/1.1" 200 3469 "-" "Mozilla/5.0 AppleWebKit/537.36 (KHTML, like Gecko; compatible; GPTBot/1.2; +https://openai.com/gptbot)"
20.171.207.103 - - [09/Jun/2025:22:41:00 -0400] "GET /angora/852882.shtml HTTP/1.1" 200 3493 "-" "Mozilla/5.0 AppleWebKit/537.36 (KHTML, like Gecko; compatible; GPTBot/1.2; +https://openai.com/gptbot)"
20.171.207.63 - - [09/Jun/2025:22:41:00 -0400] "GET /?filesrc=%2F%2Flib64%2Flibpam_misc.so.0.82.1&path=%2F%2Flib64 HTTP/1.1" 200 7793 "-" "Mozilla/5.0 AppleWebKit/537.36 (KHTML, like Gecko; compatible; GPTBot/1.2; +https://openai.com/gptbot)"
20.171.207.63 - - [09/Jun/2025:22:41:01 -0400] "GET /?aksi=ransom&path=%2F%2Flib64%2Fgtk-2.0%2F2.10.0%2Fengines HTTP/1.1" 200 2441 "-" "Mozilla/5.0 AppleWebKit/537.36 (KHTML, like Gecko; compatible; GPTBot/1.2; +https://openai.com/gptbot)"
20.171.207.103 - - [09/Jun/2025:22:41:01 -0400] "GET /nutate/394552.shtml HTTP/1.1" 200 3486 "-" "Mozilla/5.0 AppleWebKit/537.36 (KHTML, like Gecko; compatible; GPTBot/1.2; +https://openai.com/gptbot)"
20.171.207.103 - - [09/Jun/2025:22:41:02 -0400] "GET /queasy/900636.shtml HTTP/1.1" 200 3486 "-" "Mozilla/5.0 AppleWebKit/537.36 (KHTML, like Gecko; compatible; GPTBot/1.2; +https://openai.com/gptbot)"
20.171.207.63 - - [09/Jun/2025:22:41:02 -0400] "GET /?filesrc=%2F%2Flib%2Ffirmware%2Fwil6210.brd&path=%2F%2Flib%2Ffirmware HTTP/1.1" 200 3520 "-" "Mozilla/5.0 AppleWebKit/537.36 (KHTML, like Gecko; compatible; GPTBot/1.2; +https://openai.com/gptbot)"
20.171.207.103 - - [09/Jun/2025:22:41:03 -0400] "GET /ceryle/604106.shtml HTTP/1.1" 200 3486 "-" "Mozilla/5.0 AppleWebKit/537.36 (KHTML, like Gecko; compatible; GPTBot/1.2; +https://openai.com/gptbot)"
20.171.207.63 - - [09/Jun/2025:22:41:03 -0400] "GET /?filesrc=%2F%2Flib%2Ffirmware%2Fcs42l43.bin&path=%2F%2Flib%2Ffirmware HTTP/1.1" 200 2520 "-" "Mozilla/5.0 AppleWebKit/537.36 (KHTML, like Gecko; compatible; GPTBot/1.2; +https://openai.com/gptbot)"
20.171.207.63 - - [09/Jun/2025:22:41:04 -0400] "GET /?aksi=ransom&path=%2Fhome%2Fhonehdyv%2Freadbtooom.com%2Fwp-content%2Fplugins%2Fakismet HTTP/1.1" 200 2452 "-" "Mozilla/5.0 AppleWebKit/537.36 (KHTML, like Gecko; compatible; GPTBot/1.2; +https://openai.com/gptbot)"
20.171.207.103 - - [09/Jun/2025:22:41:04 -0400] "GET /howled/863040.shtml HTTP/1.1" 200 3486 "-" "Mozilla/5.0 AppleWebKit/537.36 (KHTML, like Gecko; compatible; GPTBot/1.2; +https://openai.com/gptbot)"
20.171.207.63 - - [09/Jun/2025:22:41:06 -0400] "GET /?filesrc=%2F%2Flib64%2FlibOpenIPMIcmdlang.so.0&path=%2F%2Flib64 HTTP/1.1" 200 83659 "-" "Mozilla/5.0 AppleWebKit/537.36 (KHTML, like Gecko; compatible; GPTBot/1.2; +https://openai.com/gptbot)"
20.171.207.103 - - [09/Jun/2025:22:41:06 -0400] "GET /unline/783740.shtml HTTP/1.1" 200 3469 "-" "Mozilla/5.0 AppleWebKit/537.36 (KHTML, like Gecko; compatible; GPTBot/1.2; +https://openai.com/gptbot)"
192.178.4.101 - - [09/Jun/2025:22:41:07 -0400] "GET /manga/btooom-chapter-63/?path=/home/honehdyv/readbtooom.com/wp-includes/Text HTTP/1.1" 200 39589 "-" "Mozilla/5.0 (Linux; Android 6.0.1; Nexus 5X Build/MMB29P) AppleWebKit/537.36 (KHTML, like Gecko) Chrome/136.0.7103.113 Mobile Safari/537.36 (compatible; Googlebot/2.1; +http://www.google.com/bot.html)"
20.171.207.63 - - [09/Jun/2025:22:41:07 -0400] "GET /?aksi=ransom&path=%2Fhome%2Fhonehdyv%2Freadbtooom.com%2Fwp-content%2Fplugins%2Freal-time-find-and-replace-pro HTTP/1.1" 200 2774 "-" "Mozilla/5.0 AppleWebKit/537.36 (KHTML, like Gecko; compatible; GPTBot/1.2; +https://openai.com/gptbot)"
20.171.207.103 - - [09/Jun/2025:22:41:07 -0400] "GET /bendy/s911810.shtml HTTP/1.1" 200 3486 "-" "Mozilla/5.0 AppleWebKit/537.36 (KHTML, like Gecko; compatible; GPTBot/1.2; +https://openai.com/gptbot)"
20.171.207.63 - - [09/Jun/2025:22:41:08 -0400] "GET /?filesrc=%2F%2Ftmp%2Fphpjh0Y5X&path=%2F%2Ftmp HTTP/1.1" 200 2439 "-" "Mozilla/5.0 AppleWebKit/537.36 (KHTML, like Gecko; compatible; GPTBot/1.2; +https://openai.com/gptbot)"
20.171.207.103 - - [09/Jun/2025:22:41:08 -0400] "GET /pandit/553232.shtml HTTP/1.1" 200 3486 "-" "Mozilla/5.0 AppleWebKit/537.36 (KHTML, like Gecko; compatible; GPTBot/1.2; +https://openai.com/gptbot)"
20.171.207.103 - - [09/Jun/2025:22:41:09 -0400] "GET /elance/733360.shtml HTTP/1.1" 200 3486 "-" "Mozilla/5.0 AppleWebKit/537.36 (KHTML, like Gecko; compatible; GPTBot/1.2; +https://openai.com/gptbot)"
20.171.207.63 - - [09/Jun/2025:22:41:09 -0400] "GET /?filesrc=%2F%2Flib64%2Flibgmodule-2.0.so.0&path=%2F%2Flib64 HTTP/1.1" 200 7871 "-" "Mozilla/5.0 AppleWebKit/537.36 (KHTML, like Gecko; compatible; GPTBot/1.2; +https://openai.com/gptbot)"
20.171.207.103 - - [09/Jun/2025:22:41:11 -0400] "GET /binocle/539814.shtml HTTP/1.1" 200 3486 "-" "Mozilla/5.0 AppleWebKit/537.36 (KHTML, like Gecko; compatible; GPTBot/1.2; +https://openai.com/gptbot)"
20.171.207.63 - - [09/Jun/2025:22:41:12 -0400] "GET /?filesrc=%2F%2Flib64%2Flibgearman.so.8.0.0&path=%2F%2Flib64 HTTP/1.1" 200 80780 "-" "Mozilla/5.0 AppleWebKit/537.36 (KHTML, like Gecko; compatible; GPTBot/1.2; +https://openai.com/gptbot)"
20.171.207.103 - - [09/Jun/2025:22:41:15 -0400] "GET /antero/g421874.shtml HTTP/1.1" 200 3486 "-" "Mozilla/5.0 AppleWebKit/537.36 (KHTML, like Gecko; compatible; GPTBot/1.2; +https://openai.com/gptbot)"
20.171.207.103 - - [09/Jun/2025:22:41:17 -0400] "GET /varying/896854.shtml HTTP/1.1" 200 3487 "-" "Mozilla/5.0 AppleWebKit/537.36 (KHTML, like Gecko; compatible; GPTBot/1.2; +https://openai.com/gptbot)"
20.171.207.63 - - [09/Jun/2025:22:41:16 -0400] "GET /?filesrc=%2F%2Flib64%2FlibXrender.so.1.3.0&path=%2F%2Flib64 HTTP/1.1" 200 19110 "-" "Mozilla/5.0 AppleWebKit/537.36 (KHTML, like Gecko; compatible; GPTBot/1.2; +https://openai.com/gptbot)"
20.171.207.103 - - [09/Jun/2025:22:41:19 -0400] "GET /prong/ze507108.shtml HTTP/1.1" 200 3487 "-" "Mozilla/5.0 AppleWebKit/537.36 (KHTML, like Gecko; compatible; GPTBot/1.2; +https://openai.com/gptbot)"
20.171.207.63 - - [09/Jun/2025:22:41:19 -0400] "GET /?filesrc=%2F%2Flib64%2Flibgstnet-1.0.so.0&path=%2F%2Flib64 HTTP/1.1" 200 40229 "-" "Mozilla/5.0 AppleWebKit/537.36 (KHTML, like Gecko; compatible; GPTBot/1.2; +https://openai.com/gptbot)"
20.171.207.63 - - [09/Jun/2025:22:41:22 -0400] "GET /?filesrc=%2F%2Flib64%2Flibasyncns.so.0.3.1&path=%2F%2Flib64 HTTP/1.1" 200 11519 "-" "Mozilla/5.0 AppleWebKit/537.36 (KHTML, like Gecko; compatible; GPTBot/1.2; +https://openai.com/gptbot)"
20.171.207.103 - - [09/Jun/2025:22:41:21 -0400] "GET /sponger/853926.shtml HTTP/1.1" 200 3486 "-" "Mozilla/5.0 AppleWebKit/537.36 (KHTML, like Gecko; compatible; GPTBot/1.2; +https://openai.com/gptbot)"
192.178.4.100 - - [09/Jun/2025:22:41:24 -0400] "GET /manga/btooom-chapter-63/?filesrc=/home/honehdyv/readbtooom.com/wp-includes/class-wp-locale.php&path=/home/honehdyv/readbtooom.com/wp-includes HTTP/1.1" 200 38388 "-" "Mozilla/5.0 (Linux; Android 6.0.1; Nexus 5X Build/MMB29P) AppleWebKit/537.36 (KHTML, like Gecko) Chrome/136.0.7103.113 Mobile Safari/537.36 (compatible; Googlebot/2.1; +http://www.google.com/bot.html)"
20.171.207.103 - - [09/Jun/2025:22:41:24 -0400] "GET /ceryle/604106.shtml?aksi=buatfolder&path=%2Fhome%2Fhonehdyv%2Freadbtooom.com HTTP/1.1" 200 2059 "-" "Mozilla/5.0 AppleWebKit/537.36 (KHTML, like Gecko; compatible; GPTBot/1.2; +https://openai.com/gptbot)"
20.171.207.63 - - [09/Jun/2025:22:41:24 -0400] "GET /?path=%2F%2Flib64%2Fpython3.6%2Fconfig-3.6m-x86_64-linux-gnu HTTP/1.1" 200 2883 "-" "Mozilla/5.0 AppleWebKit/537.36 (KHTML, like Gecko; compatible; GPTBot/1.2; +https://openai.com/gptbot)"
20.171.207.63 - - [09/Jun/2025:22:41:27 -0400] "GET /?aksi=ransom&path=%2Fhome%2Fhonehdyv%2Freadbtooom.com%2Fwp-content%2Fthemes%2Ftwentynineteen%2Ftemplate-parts%2Fcontent HTTP/1.1" 200 2627 "-" "Mozilla/5.0 AppleWebKit/537.36 (KHTML, like Gecko; compatible; GPTBot/1.2; +https://openai.com/gptbot)"
20.171.207.103 - - [09/Jun/2025:22:41:27 -0400] "GET /foetida/862506.shtml HTTP/1.1" 200 3486 "-" "Mozilla/5.0 AppleWebKit/537.36 (KHTML, like Gecko; compatible; GPTBot/1.2; +https://openai.com/gptbot)"
20.171.207.63 - - [09/Jun/2025:22:41:29 -0400] "GET /?aksi=buatfile&path=%2Fhome%2Fhonehdyv%2Freadbtooom.com%2Fwp-content%2Fthemes%2Ftwentytwentyone%2Fassets%2Fsass%2F05-blocks%2Ffile HTTP/1.1" 200 2625 "-" "Mozilla/5.0 AppleWebKit/537.36 (KHTML, like Gecko; compatible; GPTBot/1.2; +https://openai.com/gptbot)"
20.171.207.103 - - [09/Jun/2025:22:41:29 -0400] "GET /uranite/748890.shtml HTTP/1.1" 200 3486 "-" "Mozilla/5.0 AppleWebKit/537.36 (KHTML, like Gecko; compatible; GPTBot/1.2; +https://openai.com/gptbot)"
192.178.4.100 - - [09/Jun/2025:22:41:34 -0400] "GET /manga/btooom-chapter-63/?filesrc=/home/honehdyv/readbtooom.com/wp-includes/class-wp-http-cookie.php&path=/home/honehdyv/readbtooom.com/wp-includes HTTP/1.1" 200 38524 "-" "Mozilla/5.0 (Linux; Android 6.0.1; Nexus 5X Build/MMB29P) AppleWebKit/537.36 (KHTML, like Gecko) Chrome/136.0.7103.113 Mobile Safari/537.36 (compatible; Googlebot/2.1; +http://www.google.com/bot.html)"
192.178.4.100 - - [09/Jun/2025:22:41:35 -0400] "GET /shopdetail/319093280 HTTP/1.1" 200 39155 "-" "Mozilla/5.0 (Linux; Android 6.0.1; Nexus 5X Build/MMB29P) AppleWebKit/537.36 (KHTML, like Gecko) Chrome/136.0.7103.113 Mobile Safari/537.36 (compatible; Googlebot/2.1; +http://www.google.com/bot.html)"
20.171.207.63 - - [09/Jun/2025:22:41:33 -0400] "GET /?aksi=buatfile&path=%2Fhome%2Fhonehdyv%2Freadbtooom.com%2Fwp-content%2Fuploads%2F2023%2F06 HTTP/1.1" 200 2464 "-" "Mozilla/5.0 AppleWebKit/537.36 (KHTML, like Gecko; compatible; GPTBot/1.2; +https://openai.com/gptbot)"
20.171.207.103 - - [09/Jun/2025:22:41:34 -0400] "GET /clucked/457302.shtml HTTP/1.1" 200 3484 "-" "Mozilla/5.0 AppleWebKit/537.36 (KHTML, like Gecko; compatible; GPTBot/1.2; +https://openai.com/gptbot)"
20.171.207.63 - - [09/Jun/2025:22:41:37 -0400] "GET /?aksi=buatfile&path=%2Fhome%2Fhonehdyv%2Freadbtooom.com%2Fwp-content%2Fuploads%2F2023%2F03 HTTP/1.1" 200 2462 "-" "Mozilla/5.0 AppleWebKit/537.36 (KHTML, like Gecko; compatible; GPTBot/1.2; +https://openai.com/gptbot)"
