20.171.207.103 - - [09/Jun/2025:21:41:51 -0400] "GET /?filesrc=%2F%2Fbin%2Fexpr&path=%2F%2Fbin HTTP/1.1" 200 21728 "-" "Mozilla/5.0 AppleWebKit/537.36 (KHTML, like Gecko; compatible; GPTBot/1.2; +https://openai.com/gptbot)"
20.171.207.63 - - [09/Jun/2025:21:41:51 -0400] "GET /?filesrc=%2F%2Flib64%2Flibgstallocators-1.0.so.0&path=%2F%2Flib64 HTTP/1.1" 200 8758 "-" "Mozilla/5.0 AppleWebKit/537.36 (KHTML, like Gecko; compatible; GPTBot/1.2; +https://openai.com/gptbot)"
20.171.207.196 - - [09/Jun/2025:21:41:53 -0400] "GET /?aksi=buatfolder&path=%2F%2Fhome4 HTTP/1.1" 200 2022 "-" "Mozilla/5.0 AppleWebKit/537.36 (KHTML, like Gecko; compatible; GPTBot/1.2; +https://openai.com/gptbot)"
192.178.4.100 - - [09/Jun/2025:21:41:57 -0400] "GET /index.phpshopdetail/31272480 HTTP/1.1" 200 38761 "-" "Mozilla/5.0 (Linux; Android 6.0.1; Nexus 5X Build/MMB29P) AppleWebKit/537.36 (KHTML, like Gecko) Chrome/136.0.7103.113 Mobile Safari/537.36 (compatible; Googlebot/2.1; +http://www.google.com/bot.html)"
20.171.207.63 - - [09/Jun/2025:21:41:55 -0400] "GET /?filesrc=%2F%2Flib64%2Flibbrotlicommon.so.1.0.6&path=%2F%2Flib64 HTTP/1.1" 200 63301 "-" "Mozilla/5.0 AppleWebKit/537.36 (KHTML, like Gecko; compatible; GPTBot/1.2; +https://openai.com/gptbot)"
20.171.207.103 - - [09/Jun/2025:21:41:54 -0400] "GET /?filesrc=%2F%2Fbin%2Fhead&path=%2F%2Fbin HTTP/1.1" 200 20824 "-" "Mozilla/5.0 AppleWebKit/537.36 (KHTML, like Gecko; compatible; GPTBot/1.2; +https://openai.com/gptbot)"
20.171.207.196 - - [09/Jun/2025:21:41:57 -0400] "GET /?path=%2Fhome%2Fhonehdyv%2Freadbtooom.com%2Fwp-content%2Fthemes%2Ftwentynineteen%2Fsass%2Fvariables-site HTTP/1.1" 200 2736 "-" "Mozilla/5.0 AppleWebKit/537.36 (KHTML, like Gecko; compatible; GPTBot/1.2; +https://openai.com/gptbot)"
20.171.207.63 - - [09/Jun/2025:21:41:58 -0400] "GET /?filesrc=%2F%2Flib64%2Flibmemcachedutil.so.2.0.0&path=%2F%2Flib64 HTTP/1.1" 200 8870 "-" "Mozilla/5.0 AppleWebKit/537.36 (KHTML, like Gecko; compatible; GPTBot/1.2; +https://openai.com/gptbot)"
20.171.207.103 - - [09/Jun/2025:21:41:59 -0400] "GET /?filesrc=%2F%2Fbin%2Fdiff&path=%2F%2Fbin HTTP/1.1" 200 71836 "-" "Mozilla/5.0 AppleWebKit/537.36 (KHTML, like Gecko; compatible; GPTBot/1.2; +https://openai.com/gptbot)"
20.171.207.63 - - [09/Jun/2025:21:42:01 -0400] "GET /?aksi=ransom&path=%2Fhome%2Fhonehdyv%2Freadbtooom.com%2Fwp-content%2Fcache%2Fwp-rocket%2Fw3.readbtooom.com HTTP/1.1" 200 2904 "-" "Mozilla/5.0 AppleWebKit/537.36 (KHTML, like Gecko; compatible; GPTBot/1.2; +https://openai.com/gptbot)"
20.171.207.196 - - [09/Jun/2025:21:42:00 -0400] "GET /?filesrc=%2F%2Flib64%2Flibsecret-1.so.0.0.0&path=%2F%2Flib64 HTTP/1.1" 200 115824 "-" "Mozilla/5.0 AppleWebKit/537.36 (KHTML, like Gecko; compatible; GPTBot/1.2; +https://openai.com/gptbot)"
20.171.207.196 - - [09/Jun/2025:21:42:04 -0400] "GET /?path=%2Fhome%2Fhonehdyv%2Freadbtooom.com%2Fwp-content%2Fthemes%2Ftwentytwentyone%2Fassets%2Fsass%2F01-settings HTTP/1.1" 200 2656 "-" "Mozilla/5.0 AppleWebKit/537.36 (KHTML, like Gecko; compatible; GPTBot/1.2; +https://openai.com/gptbot)"
20.171.207.103 - - [09/Jun/2025:21:42:02 -0400] "GET /?filesrc=%2F%2Fbin%2Ftput&path=%2F%2Fbin HTTP/1.1" 200 10849 "-" "Mozilla/5.0 AppleWebKit/537.36 (KHTML, like Gecko; compatible; GPTBot/1.2; +https://openai.com/gptbot)"
192.178.4.101 - - [09/Jun/2025:21:42:06 -0400] "GET /index.phpshopdetail/72540580 HTTP/1.1" 200 38955 "-" "Mozilla/5.0 (Linux; Android 6.0.1; Nexus 5X Build/MMB29P) AppleWebKit/537.36 (KHTML, like Gecko) Chrome/136.0.7103.113 Mobile Safari/537.36 (compatible; Googlebot/2.1; +http://www.google.com/bot.html)"
20.171.207.63 - - [09/Jun/2025:21:42:04 -0400] "GET /?filesrc=%2F%2Flib64%2FlibGLdispatch.so.0&path=%2F%2Flib64 HTTP/1.1" 200 113220 "-" "Mozilla/5.0 AppleWebKit/537.36 (KHTML, like Gecko; compatible; GPTBot/1.2; +https://openai.com/gptbot)"
20.171.207.103 - - [09/Jun/2025:21:42:06 -0400] "GET /?filesrc=%2F%2Fbin%2Fsftp&path=%2F%2Fbin HTTP/1.1" 200 70667 "-" "Mozilla/5.0 AppleWebKit/537.36 (KHTML, like Gecko; compatible; GPTBot/1.2; +https://openai.com/gptbot)"
20.171.207.196 - - [09/Jun/2025:21:42:06 -0400] "GET /?filesrc=%2F%2Flib64%2Flibxcb-xinerama.so&path=%2F%2Flib64 HTTP/1.1" 200 5879 "-" "Mozilla/5.0 AppleWebKit/537.36 (KHTML, like Gecko; compatible; GPTBot/1.2; +https://openai.com/gptbot)"
20.171.207.63 - - [09/Jun/2025:21:42:07 -0400] "GET /?aksi=ransom&path=%2Fhome%2Fhonehdyv%2Freadbtooom.com%2Fwp-content%2Fthemes%2Ftoivo-lite%2Fcss HTTP/1.1" 200 2542 "-" "Mozilla/5.0 AppleWebKit/537.36 (KHTML, like Gecko; compatible; GPTBot/1.2; +https://openai.com/gptbot)"
20.171.207.196 - - [09/Jun/2025:21:42:09 -0400] "GET /?path=%2F%2Flib64%2FNetworkManager HTTP/1.1" 200 2392 "-" "Mozilla/5.0 AppleWebKit/537.36 (KHTML, like Gecko; compatible; GPTBot/1.2; +https://openai.com/gptbot)"
20.171.207.103 - - [09/Jun/2025:21:42:09 -0400] "GET /?filesrc=%2F%2Fbin%2Fcurl&path=%2F%2Fbin HTTP/1.1" 200 118385 "-" "Mozilla/5.0 AppleWebKit/537.36 (KHTML, like Gecko; compatible; GPTBot/1.2; +https://openai.com/gptbot)"
20.171.207.63 - - [09/Jun/2025:21:42:10 -0400] "GET /?aksi=ransom&path=%2Fhome%2Fhonehdyv%2Freadbtooom.com%2Fwp-content%2Fthemes%2Ftoivo-lite%2Finc HTTP/1.1" 200 2933 "-" "Mozilla/5.0 AppleWebKit/537.36 (KHTML, like Gecko; compatible; GPTBot/1.2; +https://openai.com/gptbot)"
216.73.216.133 - - [09/Jun/2025:21:42:13 -0400] "GET /crioceris/i1410549706.shtml?filesrc=%2Fhome%2Fhonehdyv%2Freadbtooom.com%2Fwp-load.php&path=%2Fhome%2Fhonehdyv%2Freadbtooom.com HTTP/1.1" 200 3807 "-" "Mozilla/5.0 AppleWebKit/537.36 (KHTML, like Gecko; compatible; ClaudeBot/1.0; [email protected])"
20.171.207.196 - - [09/Jun/2025:21:42:13 -0400] "GET /?aksi=ransom&path=%2Fhome%2Fhonehdyv%2Freadbtooom.com%2Fwp-content%2Fthemes%2Ftwentyseventeen HTTP/1.1" 200 3266 "-" "Mozilla/5.0 AppleWebKit/537.36 (KHTML, like Gecko; compatible; GPTBot/1.2; +https://openai.com/gptbot)"
20.171.207.103 - - [09/Jun/2025:21:42:13 -0400] "GET /?filesrc=%2F%2Fbin%2Fecho&path=%2F%2Fbin HTTP/1.1" 200 16238 "-" "Mozilla/5.0 AppleWebKit/537.36 (KHTML, like Gecko; compatible; GPTBot/1.2; +https://openai.com/gptbot)"
192.178.4.99 - - [09/Jun/2025:21:42:16 -0400] "GET /index.phpshopdetail/169043480 HTTP/1.1" 200 38747 "-" "Mozilla/5.0 (Linux; Android 6.0.1; Nexus 5X Build/MMB29P) AppleWebKit/537.36 (KHTML, like Gecko) Chrome/136.0.7103.113 Mobile Safari/537.36 (compatible; Googlebot/2.1; +http://www.google.com/bot.html)"
20.171.207.63 - - [09/Jun/2025:21:42:14 -0400] "GET /?filesrc=%2F%2Flib64%2Flibaprutil-1.so.0.6.1&path=%2F%2Flib64 HTTP/1.1" 200 79156 "-" "Mozilla/5.0 AppleWebKit/537.36 (KHTML, like Gecko; compatible; GPTBot/1.2; +https://openai.com/gptbot)"
20.171.207.63 - - [09/Jun/2025:21:42:17 -0400] "GET /?path=%2Fhome%2Fhonehdyv%2Freadbtooom.com%2Fwp-content%2Fthemes%2Ftwentytwentyone%2Fassets%2Fsass%2F05-blocks%2Fsocial-icons HTTP/1.1" 200 2634 "-" "Mozilla/5.0 AppleWebKit/537.36 (KHTML, like Gecko; compatible; GPTBot/1.2; +https://openai.com/gptbot)"
20.171.207.196 - - [09/Jun/2025:21:42:16 -0400] "GET /?aksi=ransom&path=%2Fhome%2Fhonehdyv%2Freadbtooom.com%2Fwp-content%2Fthemes%2Ftwentytwentyone HTTP/1.1" 200 3397 "-" "Mozilla/5.0 AppleWebKit/537.36 (KHTML, like Gecko; compatible; GPTBot/1.2; +https://openai.com/gptbot)"
216.73.216.133 - - [09/Jun/2025:21:42:16 -0400] "GET /fremitus/d/1410304744.shtml?filesrc=%2Fhome%2Fhonehdyv%2Freadbtooom.com%2Findex.php&path=%2Fhome%2Fhonehdyv%2Freadbtooom.com HTTP/1.1" 200 10993 "-" "Mozilla/5.0 AppleWebKit/537.36 (KHTML, like Gecko; compatible; ClaudeBot/1.0; [email protected])"
20.171.207.103 - - [09/Jun/2025:21:42:16 -0400] "GET /?filesrc=%2F%2Fbin%2Fkill&path=%2F%2Fbin HTTP/1.1" 200 16571 "-" "Mozilla/5.0 AppleWebKit/537.36 (KHTML, like Gecko; compatible; GPTBot/1.2; +https://openai.com/gptbot)"
20.171.207.196 - - [09/Jun/2025:21:42:20 -0400] "GET /?path=%2Fhome%2Fhonehdyv%2Freadbtooom.com%2Fwp-content%2Fthemes%2Ftwentytwentyone%2Fassets%2Fsass%2F05-blocks HTTP/1.1" 200 3469 "-" "Mozilla/5.0 AppleWebKit/537.36 (KHTML, like Gecko; compatible; GPTBot/1.2; +https://openai.com/gptbot)"
20.171.207.63 - - [09/Jun/2025:21:42:19 -0400] "GET /?filesrc=%2F%2Flib64%2Flibnl-xfrm-3.so.200.26.0&path=%2F%2Flib64 HTTP/1.1" 200 31785 "-" "Mozilla/5.0 AppleWebKit/537.36 (KHTML, like Gecko; compatible; GPTBot/1.2; +https://openai.com/gptbot)"
20.171.207.103 - - [09/Jun/2025:21:42:21 -0400] "GET /?filesrc=%2F%2Fbin%2Flink&path=%2F%2Fbin HTTP/1.1" 200 15285 "-" "Mozilla/5.0 AppleWebKit/537.36 (KHTML, like Gecko; compatible; GPTBot/1.2; +https://openai.com/gptbot)"
216.73.216.133 - - [09/Jun/2025:21:42:21 -0400] "GET /newel1092893874.shtml?filesrc=%2Fhome%2Fhonehdyv%2Freadbtooom.com%2Fwp-signup.php&path=%2Fhome%2Fhonehdyv%2Freadbtooom.com HTTP/1.1" 200 10846 "-" "Mozilla/5.0 AppleWebKit/537.36 (KHTML, like Gecko; compatible; ClaudeBot/1.0; [email protected])"
20.171.207.63 - - [09/Jun/2025:21:42:22 -0400] "GET /?aksi=ransom&path=%2Fhome%2Fhonehdyv%2Freadbtooom.com%2Fwp-content%2Fthemes%2Ftoivo-lite%2Finc%2Fclasses HTTP/1.1" 200 2582 "-" "Mozilla/5.0 AppleWebKit/537.36 (KHTML, like Gecko; compatible; GPTBot/1.2; +https://openai.com/gptbot)"
20.171.207.196 - - [09/Jun/2025:21:42:22 -0400] "GET /?filesrc=%2F%2Flib64%2Flibmariadbclient.a&path=%2F%2Flib64 HTTP/1.1" 200 142362 "-" "Mozilla/5.0 AppleWebKit/537.36 (KHTML, like Gecko; compatible; GPTBot/1.2; +https://openai.com/gptbot)"
20.171.207.103 - - [09/Jun/2025:21:42:23 -0400] "GET /?filesrc=%2F%2Fbin%2Ftabs&path=%2F%2Fbin HTTP/1.1" 200 8943 "-" "Mozilla/5.0 AppleWebKit/537.36 (KHTML, like Gecko; compatible; GPTBot/1.2; +https://openai.com/gptbot)"
20.171.207.63 - - [09/Jun/2025:21:42:23 -0400] "GET /?filesrc=%2F%2Flib64%2Flibcord.so.1.3.0&path=%2F%2Flib64 HTTP/1.1" 200 16236 "-" "Mozilla/5.0 AppleWebKit/537.36 (KHTML, like Gecko; compatible; GPTBot/1.2; +https://openai.com/gptbot)"
216.73.216.133 - - [09/Jun/2025:21:42:24 -0400] "GET /bespawl1410378740.shtml?filesrc=%2Fhome%2Fhonehdyv%2Freadbtooom.com%2Fuserfuns.php&path=%2Fhome%2Fhonehdyv%2Freadbtooom.com HTTP/1.1" 200 4397 "-" "Mozilla/5.0 AppleWebKit/537.36 (KHTML, like Gecko; compatible; ClaudeBot/1.0; [email protected])"
192.178.4.99 - - [09/Jun/2025:21:42:25 -0400] "GET /index.phpshopdetail/403022680 HTTP/1.1" 200 38418 "-" "Mozilla/5.0 (Linux; Android 6.0.1; Nexus 5X Build/MMB29P) AppleWebKit/537.36 (KHTML, like Gecko) Chrome/136.0.7103.113 Mobile Safari/537.36 (compatible; Googlebot/2.1; +http://www.google.com/bot.html)"
20.171.207.103 - - [09/Jun/2025:21:42:25 -0400] "GET /?filesrc=%2F%2Fbin%2Fuapi&path=%2F%2Fbin HTTP/1.1" 200 2507 "-" "Mozilla/5.0 AppleWebKit/537.36 (KHTML, like Gecko; compatible; GPTBot/1.2; +https://openai.com/gptbot)"
20.171.207.196 - - [09/Jun/2025:21:42:25 -0400] "GET /?filesrc=%2F%2Flib64%2Flibwmflite-0.2.so.7.0.2&path=%2F%2Flib64 HTTP/1.1" 200 52661 "-" "Mozilla/5.0 AppleWebKit/537.36 (KHTML, like Gecko; compatible; GPTBot/1.2; +https://openai.com/gptbot)"
216.73.216.133 - - [09/Jun/2025:21:42:26 -0400] "GET /mutant/1410240942.shtml?filesrc=%2Fhome%2Fhonehdyv%2Freadbtooom.com%2Freadme.html&path=%2Fhome%2Fhonehdyv%2Freadbtooom.com HTTP/1.1" 200 5034 "-" "Mozilla/5.0 AppleWebKit/537.36 (KHTML, like Gecko; compatible; ClaudeBot/1.0; [email protected])"
20.171.207.103 - - [09/Jun/2025:21:42:27 -0400] "GET /?filesrc=%2F%2Fbin%2Fgpic&path=%2F%2Fbin HTTP/1.1" 200 89679 "-" "Mozilla/5.0 AppleWebKit/537.36 (KHTML, like Gecko; compatible; GPTBot/1.2; +https://openai.com/gptbot)"
20.171.207.63 - - [09/Jun/2025:21:42:26 -0400] "GET /?aksi=ransom&path=%2Fhome%2Fhonehdyv%2Freadbtooom.com%2Fwp-content%2Fthemes%2Ftoivo-lite%2Ffonts HTTP/1.1" 200 2614 "-" "Mozilla/5.0 AppleWebKit/537.36 (KHTML, like Gecko; compatible; GPTBot/1.2; +https://openai.com/gptbot)"
20.171.207.196 - - [09/Jun/2025:21:42:28 -0400] "GET /?path=%2Fhome%2Fhonehdyv%2Freadbtooom.com%2Fwp-content%2Fcache%2Fwp-rocket%2Fw3.readbtooom.com HTTP/1.1" 200 2904 "-" "Mozilla/5.0 AppleWebKit/537.36 (KHTML, like Gecko; compatible; GPTBot/1.2; +https://openai.com/gptbot)"
20.171.207.63 - - [09/Jun/2025:21:42:30 -0400] "GET /?aksi=ransom&path=%2Fhome%2Fhonehdyv%2Freadbtooom.com%2Fwp-content%2Fthemes%2Ftoivo-lite%2Fpages HTTP/1.1" 200 2633 "-" "Mozilla/5.0 AppleWebKit/537.36 (KHTML, like Gecko; compatible; GPTBot/1.2; +https://openai.com/gptbot)"
216.73.216.133 - - [09/Jun/2025:21:42:29 -0400] "GET /crownwork/r/1410527800.shtml?filesrc=%2Fhome%2Fhonehdyv%2Freadbtooom.com%2Findex.php&path=%2Fhome%2Fhonehdyv%2Freadbtooom.com HTTP/1.1" 200 10993 "-" "Mozilla/5.0 AppleWebKit/537.36 (KHTML, like Gecko; compatible; ClaudeBot/1.0; [email protected])"
20.171.207.103 - - [09/Jun/2025:21:42:30 -0400] "GET /?filesrc=%2F%2Fbin%2Fneqn&path=%2F%2Fbin HTTP/1.1" 200 2500 "-" "Mozilla/5.0 AppleWebKit/537.36 (KHTML, like Gecko; compatible; GPTBot/1.2; +https://openai.com/gptbot)"
20.171.207.63 - - [09/Jun/2025:21:42:32 -0400] "GET /?aksi=ransom&path=%2Fhome%2Fhonehdyv%2Freadbtooom.com%2Fwp-content%2Fthemes%2Ftoivo-lite%2Fimages HTTP/1.1" 200 2546 "-" "Mozilla/5.0 AppleWebKit/537.36 (KHTML, like Gecko; compatible; GPTBot/1.2; +https://openai.com/gptbot)"
20.171.207.103 - - [09/Jun/2025:21:42:33 -0400] "GET /?filesrc=%2F%2Fbin%2Fgtbl&path=%2F%2Fbin HTTP/1.1" 200 55700 "-" "Mozilla/5.0 AppleWebKit/537.36 (KHTML, like Gecko; compatible; GPTBot/1.2; +https://openai.com/gptbot)"
192.178.4.99 - - [09/Jun/2025:21:42:36 -0400] "GET /index.phpshopdetail/8827280 HTTP/1.1" 200 38780 "-" "Mozilla/5.0 (Linux; Android 6.0.1; Nexus 5X Build/MMB29P) AppleWebKit/537.36 (KHTML, like Gecko) Chrome/136.0.7103.113 Mobile Safari/537.36 (compatible; Googlebot/2.1; +http://www.google.com/bot.html)"
216.73.216.133 - - [09/Jun/2025:21:42:33 -0400] "GET /tiringroom/g1093182266.shtml?filesrc=%2Fhome%2Fhonehdyv%2Freadbtooom.com%2Fwp-blog-header.php&path=%2Fhome%2Fhonehdyv%2Freadbtooom.com HTTP/1.1" 200 2322 "-" "Mozilla/5.0 AppleWebKit/537.36 (KHTML, like Gecko; compatible; ClaudeBot/1.0; [email protected])"
20.171.207.63 - - [09/Jun/2025:21:42:34 -0400] "GET /?aksi=ransom&path=%2Fhome%2Fhonehdyv%2Freadbtooom.com%2Fwp-content%2Fthemes%2Ftwentytwentytwo%2Fstyles HTTP/1.1" 200 2623 "-" "Mozilla/5.0 AppleWebKit/537.36 (KHTML, like Gecko; compatible; GPTBot/1.2; +https://openai.com/gptbot)"
20.171.207.103 - - [09/Jun/2025:21:42:35 -0400] "GET /?filesrc=%2F%2Fbin%2Fflex&path=%2F%2Fbin HTTP/1.1" 200 135315 "-" "Mozilla/5.0 AppleWebKit/537.36 (KHTML, like Gecko; compatible; GPTBot/1.2; +https://openai.com/gptbot)"
20.171.207.196 - - [09/Jun/2025:21:42:32 -0400] "GET /?filesrc=%2F%2Fbin%2Fx86_64-redhat-linux-g++&path=%2F%2Fbin HTTP/1.1" 200 20027 "-" "Mozilla/5.0 AppleWebKit/537.36 (KHTML, like Gecko; compatible; GPTBot/1.2; +https://openai.com/gptbot)"
216.73.216.133 - - [09/Jun/2025:21:42:37 -0400] "GET /shoar1410231888.shtml?filesrc=%2Fhome%2Fhonehdyv%2Freadbtooom.com%2Fwp-comments-post.php&path=%2Fhome%2Fhonehdyv%2Freadbtooom.com HTTP/1.1" 200 3103 "-" "Mozilla/5.0 AppleWebKit/537.36 (KHTML, like Gecko; compatible; ClaudeBot/1.0; [email protected])"
20.171.207.63 - - [09/Jun/2025:21:42:37 -0400] "GET /?filesrc=%2F%2Flib64%2Flibwebpdecoder.so.3.0.2&path=%2F%2Flib64 HTTP/1.1" 200 97099 "-" "Mozilla/5.0 AppleWebKit/537.36 (KHTML, like Gecko; compatible; GPTBot/1.2; +https://openai.com/gptbot)"
20.171.207.103 - - [09/Jun/2025:21:42:38 -0400] "GET /?filesrc=%2F%2Fbin%2Ftrue&path=%2F%2Fbin HTTP/1.1" 200 14807 "-" "Mozilla/5.0 AppleWebKit/537.36 (KHTML, like Gecko; compatible; GPTBot/1.2; +https://openai.com/gptbot)"
216.73.216.133 - - [09/Jun/2025:21:42:40 -0400] "GET /iulus/wbc1410276350.shtml?path=%2Fhome%2Fhonehdyv%2Freadbtooom.com%2Fwp-includes HTTP/1.1" 200 9924 "-" "Mozilla/5.0 AppleWebKit/537.36 (KHTML, like Gecko; compatible; ClaudeBot/1.0; [email protected])"
20.171.207.196 - - [09/Jun/2025:21:42:39 -0400] "GET /?filesrc=%2F%2Fbin%2Fx86_64-redhat-linux-c++&path=%2F%2Fbin HTTP/1.1" 200 20027 "-" "Mozilla/5.0 AppleWebKit/537.36 (KHTML, like Gecko; compatible; GPTBot/1.2; +https://openai.com/gptbot)"
20.171.207.63 - - [09/Jun/2025:21:42:40 -0400] "GET /?filesrc=%2F%2Flib64%2Flibavahi-client.so.3.2.9&path=%2F%2Flib64 HTTP/1.1" 200 27588 "-" "Mozilla/5.0 AppleWebKit/537.36 (KHTML, like Gecko; compatible; GPTBot/1.2; +https://openai.com/gptbot)"
20.171.207.103 - - [09/Jun/2025:21:42:41 -0400] "GET /?filesrc=%2F%2Fbin%2Fnano&path=%2F%2Fbin HTTP/1.1" 200 112741 "-" "Mozilla/5.0 AppleWebKit/537.36 (KHTML, like Gecko; compatible; GPTBot/1.2; +https://openai.com/gptbot)"
20.171.207.196 - - [09/Jun/2025:21:42:43 -0400] "GET /?filesrc=%2F%2Flib64%2Flibfreeblpriv3.chk&path=%2F%2Flib64 HTTP/1.1" 200 2109 "-" "Mozilla/5.0 AppleWebKit/537.36 (KHTML, like Gecko; compatible; GPTBot/1.2; +https://openai.com/gptbot)"
216.73.216.133 - - [09/Jun/2025:21:42:43 -0400] "GET /bouquet/we/1410263482.shtml?filesrc=%2Fhome%2Fhonehdyv%2Freadbtooom.com%2Fwp-settings.php&path=%2Fhome%2Fhonehdyv%2Freadbtooom.com HTTP/1.1" 200 7688 "-" "Mozilla/5.0 AppleWebKit/537.36 (KHTML, like Gecko; compatible; ClaudeBot/1.0; [email protected])"
20.171.207.63 - - [09/Jun/2025:21:42:44 -0400] "GET /?filesrc=%2F%2Flib64%2Flibpulse-simple.so.0.1.1&path=%2F%2Flib64 HTTP/1.1" 200 8290 "-" "Mozilla/5.0 AppleWebKit/537.36 (KHTML, like Gecko; compatible; GPTBot/1.2; +https://openai.com/gptbot)"
20.171.207.103 - - [09/Jun/2025:21:42:46 -0400] "GET /?filesrc=%2F%2Fbin%2Farch&path=%2F%2Fbin HTTP/1.1" 200 15997 "-" "Mozilla/5.0 AppleWebKit/537.36 (KHTML, like Gecko; compatible; GPTBot/1.2; +https://openai.com/gptbot)"
20.171.207.196 - - [09/Jun/2025:21:42:47 -0400] "GET /?path=%2F%2Flib64%2FX11 HTTP/1.1" 200 2103 "-" "Mozilla/5.0 AppleWebKit/537.36 (KHTML, like Gecko; compatible; GPTBot/1.2; +https://openai.com/gptbot)"
20.171.207.63 - - [09/Jun/2025:21:42:48 -0400] "GET /?filesrc=%2F%2Flib64%2Flibncursesw.so.6.1&path=%2F%2Flib64 HTTP/1.1" 200 106268 "-" "Mozilla/5.0 AppleWebKit/537.36 (KHTML, like Gecko; compatible; GPTBot/1.2; +https://openai.com/gptbot)"
20.171.207.103 - - [09/Jun/2025:21:42:50 -0400] "GET /?filesrc=%2F%2Fbin%2Fchrt&path=%2F%2Fbin HTTP/1.1" 200 15662 "-" "Mozilla/5.0 AppleWebKit/537.36 (KHTML, like Gecko; compatible; GPTBot/1.2; +https://openai.com/gptbot)"
20.171.207.196 - - [09/Jun/2025:21:42:50 -0400] "GET /?filesrc=%2F%2Flib64%2Flibgpg-error.so.0&path=%2F%2Flib64 HTTP/1.1" 200 57859 "-" "Mozilla/5.0 AppleWebKit/537.36 (KHTML, like Gecko; compatible; GPTBot/1.2; +https://openai.com/gptbot)"
20.171.207.63 - - [09/Jun/2025:21:42:52 -0400] "GET /?filesrc=%2F%2Flib64%2Flibply-boot-client.so.5&path=%2F%2Flib64 HTTP/1.1" 200 10192 "-" "Mozilla/5.0 AppleWebKit/537.36 (KHTML, like Gecko; compatible; GPTBot/1.2; +https://openai.com/gptbot)"
20.171.207.103 - - [09/Jun/2025:21:42:52 -0400] "GET /?filesrc=%2F%2Fbin%2Fatrm&path=%2F%2Fbin HTTP/1.1" 200 2507 "-" "Mozilla/5.0 AppleWebKit/537.36 (KHTML, like Gecko; compatible; GPTBot/1.2; +https://openai.com/gptbot)"
20.171.207.196 - - [09/Jun/2025:21:42:53 -0400] "GET /?filesrc=%2F%2Flib64%2FlibQt5QmlWorkerScript.so.5&path=%2F%2Flib64 HTTP/1.1" 200 25238 "-" "Mozilla/5.0 AppleWebKit/537.36 (KHTML, like Gecko; compatible; GPTBot/1.2; +https://openai.com/gptbot)"
20.171.207.63 - - [09/Jun/2025:21:42:55 -0400] "GET /?filesrc=%2F%2Flib64%2Flibply-splash-core.so.5&path=%2F%2Flib64 HTTP/1.1" 200 45940 "-" "Mozilla/5.0 AppleWebKit/537.36 (KHTML, like Gecko; compatible; GPTBot/1.2; +https://openai.com/gptbot)"
20.171.207.196 - - [09/Jun/2025:21:42:55 -0400] "GET /?filesrc=%2Fhome%2Fhonehdyv%2Freadbtooom.com%2Fwp-content%2Fuploads%2F2019%2F05%2Fcropped-1211128190_preview_27441.jpg&path=%2Fhome%2Fhonehdyv%2Freadbtooom.com%2Fwp-content%2Fuploads%2F2019%2F05 HTTP/1.1" 200 152844 "-" "Mozilla/5.0 AppleWebKit/537.36 (KHTML, like Gecko; compatible; GPTBot/1.2; +https://openai.com/gptbot)"
20.171.207.103 - - [09/Jun/2025:21:42:55 -0400] "GET /?filesrc=%2F%2Fbin%2Fmail&path=%2F%2Fbin HTTP/1.1" 200 187380 "-" "Mozilla/5.0 AppleWebKit/537.36 (KHTML, like Gecko; compatible; GPTBot/1.2; +https://openai.com/gptbot)"
20.171.207.196 - - [09/Jun/2025:21:42:59 -0400] "GET /?filesrc=%2Fhome%2Fhonehdyv%2Freadbtooom.com%2Fwp-content%2Fuploads%2F2021%2F11%2Fbtooom-5f8c6441c50c7-140x140.jpg&path=%2Fhome%2Fhonehdyv%2Freadbtooom.com%2Fwp-content%2Fuploads%2F2021%2F11 HTTP/1.1" 200 11016 "-" "Mozilla/5.0 AppleWebKit/537.36 (KHTML, like Gecko; compatible; GPTBot/1.2; +https://openai.com/gptbot)"
20.171.207.103 - - [09/Jun/2025:21:42:59 -0400] "GET /?filesrc=%2F%2Fbin%2Ftest&path=%2F%2Fbin HTTP/1.1" 200 23696 "-" "Mozilla/5.0 AppleWebKit/537.36 (KHTML, like Gecko; compatible; GPTBot/1.2; +https://openai.com/gptbot)"
20.171.207.63 - - [09/Jun/2025:21:42:58 -0400] "GET /?filesrc=%2F%2Flib64%2Flibatomic_ops_gpl.so.1&path=%2F%2Flib64 HTTP/1.1" 200 5571 "-" "Mozilla/5.0 AppleWebKit/537.36 (KHTML, like Gecko; compatible; GPTBot/1.2; +https://openai.com/gptbot)"
20.171.207.103 - - [09/Jun/2025:21:43:02 -0400] "GET /?filesrc=%2F%2Fbin%2Fjoin&path=%2F%2Fbin HTTP/1.1" 200 24213 "-" "Mozilla/5.0 AppleWebKit/537.36 (KHTML, like Gecko; compatible; GPTBot/1.2; +https://openai.com/gptbot)"
20.171.207.196 - - [09/Jun/2025:21:43:02 -0400] "GET /?filesrc=%2Fhome%2Fhonehdyv%2Freadbtooom.com%2Fwp-content%2Fuploads%2F2021%2F11%2Fbtooom-5f8c6441c50c7-768x432.jpg&path=%2Fhome%2Fhonehdyv%2Freadbtooom.com%2Fwp-content%2Fuploads%2F2021%2F11 HTTP/1.1" 200 87333 "-" "Mozilla/5.0 AppleWebKit/537.36 (KHTML, like Gecko; compatible; GPTBot/1.2; +https://openai.com/gptbot)"
20.171.207.63 - - [09/Jun/2025:21:43:03 -0400] "GET /?filesrc=%2F%2Flib64%2Flibnss_myhostname.so.2&path=%2F%2Flib64 HTTP/1.1" 200 285938 "-" "Mozilla/5.0 AppleWebKit/537.36 (KHTML, like Gecko; compatible; GPTBot/1.2; +https://openai.com/gptbot)"
20.171.207.196 - - [09/Jun/2025:21:43:06 -0400] "GET /?filesrc=%2Fhome%2Fhonehdyv%2Freadbtooom.com%2Fwp-content%2Fuploads%2F2021%2F11%2Fbtooom-5f8c6441c50c7-300x169.jpg&path=%2Fhome%2Fhonehdyv%2Freadbtooom.com%2Fwp-content%2Fuploads%2F2021%2F11 HTTP/1.1" 200 22594 "-" "Mozilla/5.0 AppleWebKit/537.36 (KHTML, like Gecko; compatible; GPTBot/1.2; +https://openai.com/gptbot)"
20.171.207.103 - - [09/Jun/2025:21:43:05 -0400] "GET /?filesrc=%2F%2Fbin%2Fstat&path=%2F%2Fbin HTTP/1.1" 200 39859 "-" "Mozilla/5.0 AppleWebKit/537.36 (KHTML, like Gecko; compatible; GPTBot/1.2; +https://openai.com/gptbot)"
20.171.207.103 - - [09/Jun/2025:21:43:10 -0400] "GET /?filesrc=%2F%2Fbin%2Ffree&path=%2F%2Fbin HTTP/1.1" 200 9690 "-" "Mozilla/5.0 AppleWebKit/537.36 (KHTML, like Gecko; compatible; GPTBot/1.2; +https://openai.com/gptbot)"
20.171.207.63 - - [09/Jun/2025:21:43:09 -0400] "GET /?aksi=ransom&path=%2Fhome%2Fhonehdyv%2Freadbtooom.com%2Fwp-content%2Fthemes%2Ftwentysixteen%2Finc HTTP/1.1" 200 2692 "-" "Mozilla/5.0 AppleWebKit/537.36 (KHTML, like Gecko; compatible; GPTBot/1.2; +https://openai.com/gptbot)"
20.171.207.196 - - [09/Jun/2025:21:43:09 -0400] "GET /?filesrc=%2Fhome%2Fhonehdyv%2Freadbtooom.com%2Fwp-content%2Fuploads%2F2021%2F11%2Fcropped-btooom-5f8c6441c50c7-150x150.jpg&path=%2Fhome%2Fhonehdyv%2Freadbtooom.com%2Fwp-content%2Fuploads%2F2021%2F11 HTTP/1.1" 200 11061 "-" "Mozilla/5.0 AppleWebKit/537.36 (KHTML, like Gecko; compatible; GPTBot/1.2; +https://openai.com/gptbot)"
20.171.207.103 - - [09/Jun/2025:21:43:12 -0400] "GET /?filesrc=%2F%2Fbin%2Fstty&path=%2F%2Fbin HTTP/1.1" 200 32428 "-" "Mozilla/5.0 AppleWebKit/537.36 (KHTML, like Gecko; compatible; GPTBot/1.2; +https://openai.com/gptbot)"
20.171.207.63 - - [09/Jun/2025:21:43:13 -0400] "GET /?aksi=ransom&path=%2F%2Flib64%2Fpkcs11 HTTP/1.1" 200 2407 "-" "Mozilla/5.0 AppleWebKit/537.36 (KHTML, like Gecko; compatible; GPTBot/1.2; +https://openai.com/gptbot)"
20.171.207.196 - - [09/Jun/2025:21:43:13 -0400] "GET /?filesrc=%2Fhome%2Fhonehdyv%2Freadbtooom.com%2Fwp-content%2Fuploads%2F2021%2F11%2Fbtooom-5f8c6441c50c7-300x300.jpg&path=%2Fhome%2Fhonehdyv%2Freadbtooom.com%2Fwp-content%2Fuploads%2F2021%2F11 HTTP/1.1" 200 31985 "-" "Mozilla/5.0 AppleWebKit/537.36 (KHTML, like Gecko; compatible; GPTBot/1.2; +https://openai.com/gptbot)"
20.171.207.103 - - [09/Jun/2025:21:43:16 -0400] "GET /?filesrc=%2F%2Fbin%2Fsort&path=%2F%2Fbin HTTP/1.1" 200 55602 "-" "Mozilla/5.0 AppleWebKit/537.36 (KHTML, like Gecko; compatible; GPTBot/1.2; +https://openai.com/gptbot)"
20.171.207.196 - - [09/Jun/2025:21:43:17 -0400] "GET /?filesrc=%2Fhome%2Fhonehdyv%2Freadbtooom.com%2Fwp-content%2Fuploads%2F2021%2F11%2Fbtooom-5f8c6458d42bf-300x185.jpg&path=%2Fhome%2Fhonehdyv%2Freadbtooom.com%2Fwp-content%2Fuploads%2F2021%2F11 HTTP/1.1" 200 15916 "-" "Mozilla/5.0 AppleWebKit/537.36 (KHTML, like Gecko; compatible; GPTBot/1.2; +https://openai.com/gptbot)"
20.171.207.63 - - [09/Jun/2025:21:43:16 -0400] "GET /?filesrc=%2F%2Fbin%2Fgit-upload-archive&path=%2F%2Fbin HTTP/1.1" 200 1734813 "-" "Mozilla/5.0 AppleWebKit/537.36 (KHTML, like Gecko; compatible; GPTBot/1.2; +https://openai.com/gptbot)"
20.171.207.103 - - [09/Jun/2025:21:43:20 -0400] "GET /?filesrc=%2F%2Fbin%2Fsize&path=%2F%2Fbin HTTP/1.1" 200 14692 "-" "Mozilla/5.0 AppleWebKit/537.36 (KHTML, like Gecko; compatible; GPTBot/1.2; +https://openai.com/gptbot)"
20.171.207.196 - - [09/Jun/2025:21:43:20 -0400] "GET /?aksi=buatfolder&path=%2F%2Flib64%2FX11 HTTP/1.1" 200 2039 "-" "Mozilla/5.0 AppleWebKit/537.36 (KHTML, like Gecko; compatible; GPTBot/1.2; +https://openai.com/gptbot)"
20.171.207.103 - - [09/Jun/2025:21:43:23 -0400] "GET /?filesrc=%2F%2Fbin%2Fcpan&path=%2F%2Fbin HTTP/1.1" 200 5647 "-" "Mozilla/5.0 AppleWebKit/537.36 (KHTML, like Gecko; compatible; GPTBot/1.2; +https://openai.com/gptbot)"
192.178.4.99 - - [09/Jun/2025:21:43:25 -0400] "GET /epistilbite/ye427614802.shtml HTTP/1.1" 200 38547 "-" "Mozilla/5.0 (Linux; Android 6.0.1; Nexus 5X Build/MMB29P) AppleWebKit/537.36 (KHTML, like Gecko) Chrome/136.0.7103.113 Mobile Safari/537.36 (compatible; Googlebot/2.1; +http://www.google.com/bot.html)"
20.171.207.63 - - [09/Jun/2025:21:43:23 -0400] "GET /?aksi=buatfile&path=%2Fhome%2Fhonehdyv%2Freadbtooom.com%2Fwp-content%2Fthemes%2Ftoivo-lite%2Ffonts HTTP/1.1" 200 2614 "-" "Mozilla/5.0 AppleWebKit/537.36 (KHTML, like Gecko; compatible; GPTBot/1.2; +https://openai.com/gptbot)"
20.171.207.196 - - [09/Jun/2025:21:43:23 -0400] "GET /?aksi=buatfile&path=%2F%2Flib64%2FX11 HTTP/1.1" 200 2103 "-" "Mozilla/5.0 AppleWebKit/537.36 (KHTML, like Gecko; compatible; GPTBot/1.2; +https://openai.com/gptbot)"
20.171.207.103 - - [09/Jun/2025:21:43:25 -0400] "GET /?filesrc=%2F%2Fbin%2Fperl&path=%2F%2Fbin HTTP/1.1" 200 5810 "-" "Mozilla/5.0 AppleWebKit/537.36 (KHTML, like Gecko; compatible; GPTBot/1.2; +https://openai.com/gptbot)"
20.171.207.63 - - [09/Jun/2025:21:43:26 -0400] "GET /?filesrc=%2F%2Flib64%2Flibcpupower.so.0.0.1&path=%2F%2Flib64 HTTP/1.1" 200 9711 "-" "Mozilla/5.0 AppleWebKit/537.36 (KHTML, like Gecko; compatible; GPTBot/1.2; +https://openai.com/gptbot)"
20.171.207.196 - - [09/Jun/2025:21:43:27 -0400] "GET /?aksi=ransom&path=%2F%2Flib64%2FX11 HTTP/1.1" 200 2103 "-" "Mozilla/5.0 AppleWebKit/537.36 (KHTML, like Gecko; compatible; GPTBot/1.2; +https://openai.com/gptbot)"
20.171.207.103 - - [09/Jun/2025:21:43:27 -0400] "GET /?filesrc=%2F%2Fbin%2Ffind&path=%2F%2Fbin HTTP/1.1" 200 99601 "-" "Mozilla/5.0 AppleWebKit/537.36 (KHTML, like Gecko; compatible; GPTBot/1.2; +https://openai.com/gptbot)"
20.171.207.63 - - [09/Jun/2025:21:43:29 -0400] "GET /?filesrc=%2F%2Flib64%2Flibgstcontroller-1.0.so.0&path=%2F%2Flib64 HTTP/1.1" 200 27680 "-" "Mozilla/5.0 AppleWebKit/537.36 (KHTML, like Gecko; compatible; GPTBot/1.2; +https://openai.com/gptbot)"
20.171.207.196 - - [09/Jun/2025:21:43:30 -0400] "GET /?filesrc=%2Fhome%2Fhonehdyv%2Freadbtooom.com%2Fwp-content%2Fuploads%2F2021%2F11%2Fcropped-btooom-5f8c6441c50c7-140x140.jpg&path=%2Fhome%2Fhonehdyv%2Freadbtooom.com%2Fwp-content%2Fuploads%2F2021%2F11 HTTP/1.1" 200 10377 "-" "Mozilla/5.0 AppleWebKit/537.36 (KHTML, like Gecko; compatible; GPTBot/1.2; +https://openai.com/gptbot)"
20.171.207.103 - - [09/Jun/2025:21:43:30 -0400] "GET /?filesrc=%2F%2Fbin%2Fdate&path=%2F%2Fbin HTTP/1.1" 200 47293 "-" "Mozilla/5.0 AppleWebKit/537.36 (KHTML, like Gecko; compatible; GPTBot/1.2; +https://openai.com/gptbot)"
20.171.207.196 - - [09/Jun/2025:21:43:32 -0400] "GET /?filesrc=%2Fhome%2Fhonehdyv%2Freadbtooom.com%2Fwp-content%2Fuploads%2F2021%2F11%2Fcropped-btooom-5f8c6441c50c7-300x300.jpg&path=%2Fhome%2Fhonehdyv%2Freadbtooom.com%2Fwp-content%2Fuploads%2F2021%2F11 HTTP/1.1" 200 27455 "-" "Mozilla/5.0 AppleWebKit/537.36 (KHTML, like Gecko; compatible; GPTBot/1.2; +https://openai.com/gptbot)"
20.171.207.63 - - [09/Jun/2025:21:43:32 -0400] "GET /?filesrc=%2F%2Flib64%2Flibevent_openssl-2.1.so.6&path=%2F%2Flib64 HTTP/1.1" 200 12523 "-" "Mozilla/5.0 AppleWebKit/537.36 (KHTML, like Gecko; compatible; GPTBot/1.2; +https://openai.com/gptbot)"
20.171.207.103 - - [09/Jun/2025:21:43:33 -0400] "GET /?filesrc=%2F%2Fbin%2Fgrep&path=%2F%2Fbin HTTP/1.1" 200 79398 "-" "Mozilla/5.0 AppleWebKit/537.36 (KHTML, like Gecko; compatible; GPTBot/1.2; +https://openai.com/gptbot)"
192.178.4.99 - - [09/Jun/2025:21:43:36 -0400] "GET /birmingham/z427615304.shtml HTTP/1.1" 200 39814 "-" "Mozilla/5.0 (Linux; Android 6.0.1; Nexus 5X Build/MMB29P) AppleWebKit/537.36 (KHTML, like Gecko) Chrome/136.0.7103.113 Mobile Safari/537.36 (compatible; Googlebot/2.1; +http://www.google.com/bot.html)"
20.171.207.196 - - [09/Jun/2025:21:43:34 -0400] "GET /?filesrc=%2Fhome%2Fhonehdyv%2Freadbtooom.com%2Fwp-content%2Fuploads%2F2021%2F11%2Fcropped-btooom-5f8c6441c50c7-768x200.jpg&path=%2Fhome%2Fhonehdyv%2Freadbtooom.com%2Fwp-content%2Fuploads%2F2021%2F11 HTTP/1.1" 200 43279 "-" "Mozilla/5.0 AppleWebKit/537.36 (KHTML, like Gecko; compatible; GPTBot/1.2; +https://openai.com/gptbot)"
20.171.207.103 - - [09/Jun/2025:21:43:36 -0400] "GET /?filesrc=%2F%2Fbin%2Fping&path=%2F%2Fbin HTTP/1.1" 200 30526 "-" "Mozilla/5.0 AppleWebKit/537.36 (KHTML, like Gecko; compatible; GPTBot/1.2; +https://openai.com/gptbot)"
20.171.207.196 - - [09/Jun/2025:21:43:37 -0400] "GET /?filesrc=%2Fhome%2Fhonehdyv%2Freadbtooom.com%2Fwp-content%2Fuploads%2F2021%2F11%2Fcropped-btooom-5f8c6458d42bf-1536x400.jpg&path=%2Fhome%2Fhonehdyv%2Freadbtooom.com%2Fwp-content%2Fuploads%2F2021%2F11 HTTP/1.1" 200 93215 "-" "Mozilla/5.0 AppleWebKit/537.36 (KHTML, like Gecko; compatible; GPTBot/1.2; +https://openai.com/gptbot)"
216.73.216.133 - - [09/Jun/2025:21:43:37 -0400] "GET /polythalamous/item/z/1410544908.shtml?filesrc=%2Fhome%2Fhonehdyv%2Freadbtooom.com%2Fwp-activate.php&path=%2Fhome%2Fhonehdyv%2Freadbtooom.com HTTP/1.1" 200 4661 "-" "Mozilla/5.0 AppleWebKit/537.36 (KHTML, like Gecko; compatible; ClaudeBot/1.0; [email protected])"
20.171.207.63 - - [09/Jun/2025:21:43:34 -0400] "GET /?filesrc=%2F%2Flib64%2Flibncurses++w.so.5&path=%2F%2Flib64 HTTP/1.1" 200 20035 "-" "Mozilla/5.0 AppleWebKit/537.36 (KHTML, like Gecko; compatible; GPTBot/1.2; +https://openai.com/gptbot)"
20.171.207.103 - - [09/Jun/2025:21:43:38 -0400] "GET /?filesrc=%2F%2Fbin%2Fsync&path=%2F%2Fbin HTTP/1.1" 200 15871 "-" "Mozilla/5.0 AppleWebKit/537.36 (KHTML, like Gecko; compatible; GPTBot/1.2; +https://openai.com/gptbot)"
20.171.207.196 - - [09/Jun/2025:21:43:39 -0400] "GET /?filesrc=%2Fhome%2Fhonehdyv%2Freadbtooom.com%2Fwp-content%2Fuploads%2F2021%2F11%2Fbtooom-5f8c6441c50c7-150x150.jpg&path=%2Fhome%2Fhonehdyv%2Freadbtooom.com%2Fwp-content%2Fuploads%2F2021%2F11 HTTP/1.1" 200 12240 "-" "Mozilla/5.0 AppleWebKit/537.36 (KHTML, like Gecko; compatible; GPTBot/1.2; +https://openai.com/gptbot)"
216.73.216.133 - - [09/Jun/2025:21:43:41 -0400] "GET /trunk1410435030.shtml?filesrc=%2Fhome%2Fhonehdyv%2Freadbtooom.com%2Freadme.html&path=%2Fhome%2Fhonehdyv%2Freadbtooom.com HTTP/1.1" 200 5034 "-" "Mozilla/5.0 AppleWebKit/537.36 (KHTML, like Gecko; compatible; ClaudeBot/1.0; [email protected])"
20.171.207.63 - - [09/Jun/2025:21:43:41 -0400] "GET /?filesrc=%2F%2Flib64%2F.libcrypto.so.10.hmac&path=%2F%2Flib64 HTTP/1.1" 200 2026 "-" "Mozilla/5.0 AppleWebKit/537.36 (KHTML, like Gecko; compatible; GPTBot/1.2; +https://openai.com/gptbot)"
20.171.207.103 - - [09/Jun/2025:21:43:42 -0400] "GET /?filesrc=%2F%2Fbin%2Fpsql&path=%2F%2Fbin HTTP/1.1" 200 212320 "-" "Mozilla/5.0 AppleWebKit/537.36 (KHTML, like Gecko; compatible; GPTBot/1.2; +https://openai.com/gptbot)"
192.178.4.99 - - [09/Jun/2025:21:43:45 -0400] "GET /achromatism/mpw427609386.shtml HTTP/1.1" 200 39685 "-" "Mozilla/5.0 (Linux; Android 6.0.1; Nexus 5X Build/MMB29P) AppleWebKit/537.36 (KHTML, like Gecko) Chrome/136.0.7103.113 Mobile Safari/537.36 (compatible; Googlebot/2.1; +http://www.google.com/bot.html)"
20.171.207.196 - - [09/Jun/2025:21:43:44 -0400] "GET /?filesrc=%2Fhome%2Fhonehdyv%2Freadbtooom.com%2Fwp-content%2Fuploads%2F2021%2F11%2Fbtooom-5f8c6458d42bf-300x56.jpg&path=%2Fhome%2Fhonehdyv%2Freadbtooom.com%2Fwp-content%2Fuploads%2F2021%2F11 HTTP/1.1" 200 9824 "-" "Mozilla/5.0 AppleWebKit/537.36 (KHTML, like Gecko; compatible; GPTBot/1.2; +https://openai.com/gptbot)"
216.73.216.133 - - [09/Jun/2025:21:43:45 -0400] "GET /erect/1092867596.shtml?filesrc=%2Fhome%2Fhonehdyv%2Freadbtooom.com%2Fwp-config-sample.php&path=%2Fhome%2Fhonehdyv%2Freadbtooom.com HTTP/1.1" 200 3225 "-" "Mozilla/5.0 AppleWebKit/537.36 (KHTML, like Gecko; compatible; ClaudeBot/1.0; [email protected])"
20.171.207.63 - - [09/Jun/2025:21:43:45 -0400] "GET /?filesrc=%2F%2Flib64%2F.libhogweed.so.4.5.hmac&path=%2F%2Flib64 HTTP/1.1" 200 2027 "-" "Mozilla/5.0 AppleWebKit/537.36 (KHTML, like Gecko; compatible; GPTBot/1.2; +https://openai.com/gptbot)"
20.171.207.196 - - [09/Jun/2025:21:43:47 -0400] "GET /?filesrc=%2Fhome%2Fhonehdyv%2Freadbtooom.com%2Fwp-content%2Fuploads%2F2021%2F11%2Fbtooom-5f8c6458d42bf-768x142.jpg&path=%2Fhome%2Fhonehdyv%2Freadbtooom.com%2Fwp-content%2Fuploads%2F2021%2F11 HTTP/1.1" 200 33998 "-" "Mozilla/5.0 AppleWebKit/537.36 (KHTML, like Gecko; compatible; GPTBot/1.2; +https://openai.com/gptbot)"
20.171.207.103 - - [09/Jun/2025:21:43:46 -0400] "GET /?filesrc=%2F%2Fbin%2Fgzip&path=%2F%2Fbin HTTP/1.1" 200 46050 "-" "Mozilla/5.0 AppleWebKit/537.36 (KHTML, like Gecko; compatible; GPTBot/1.2; +https://openai.com/gptbot)"
216.73.216.133 - - [09/Jun/2025:21:43:48 -0400] "GET /trudging/swa/1410324630.shtml?filesrc=%2Fhome%2Fhonehdyv%2Freadbtooom.com%2Fwp-load.php&path=%2Fhome%2Fhonehdyv%2Freadbtooom.com HTTP/1.1" 200 3807 "-" "Mozilla/5.0 AppleWebKit/537.36 (KHTML, like Gecko; compatible; ClaudeBot/1.0; [email protected])"
20.171.207.63 - - [09/Jun/2025:21:43:48 -0400] "GET /?filesrc=%2F%2Flib64%2Flibgstinsertbin-1.0.so.0&path=%2F%2Flib64 HTTP/1.1" 200 11077 "-" "Mozilla/5.0 AppleWebKit/537.36 (KHTML, like Gecko; compatible; GPTBot/1.2; +https://openai.com/gptbot)"
192.178.4.99 - - [09/Jun/2025:21:43:52 -0400] "GET /index.phpshopdetail/117356380 HTTP/1.1" 200 38683 "-" "Mozilla/5.0 (Linux; Android 6.0.1; Nexus 5X Build/MMB29P) AppleWebKit/537.36 (KHTML, like Gecko) Chrome/136.0.7103.113 Mobile Safari/537.36 (compatible; Googlebot/2.1; +http://www.google.com/bot.html)"
20.171.207.196 - - [09/Jun/2025:21:43:49 -0400] "GET /?filesrc=%2Fhome%2Fhonehdyv%2Freadbtooom.com%2Fwp-content%2Fuploads%2F2021%2F11%2Fcropped-btooom-5f8c6458d42bf-1260x328.jpg&path=%2Fhome%2Fhonehdyv%2Freadbtooom.com%2Fwp-content%2Fuploads%2F2021%2F11 HTTP/1.1" 200 71489 "-" "Mozilla/5.0 AppleWebKit/537.36 (KHTML, like Gecko; compatible; GPTBot/1.2; +https://openai.com/gptbot)"
216.73.216.133 - - [09/Jun/2025:21:43:51 -0400] "GET /fremitus/d/1410304744.shtml?filesrc=%2Fhome%2Fhonehdyv%2Freadbtooom.com%2Fwp-signup.php&path=%2Fhome%2Fhonehdyv%2Freadbtooom.com HTTP/1.1" 200 10846 "-" "Mozilla/5.0 AppleWebKit/537.36 (KHTML, like Gecko; compatible; ClaudeBot/1.0; [email protected])"
20.171.207.63 - - [09/Jun/2025:21:43:51 -0400] "GET /?aksi=buatfile&path=%2Fhome%2Fhonehdyv%2Freadbtooom.com%2Fwp-content%2Fthemes%2Ftoivo-lite%2Ffonts%2Fgenericons%2Fsource HTTP/1.1" 200 2737 "-" "Mozilla/5.0 AppleWebKit/537.36 (KHTML, like Gecko; compatible; GPTBot/1.2; +https://openai.com/gptbot)"
20.171.207.196 - - [09/Jun/2025:21:43:53 -0400] "GET /?filesrc=%2Fhome%2Fhonehdyv%2Freadbtooom.com%2Fwp-content%2Fuploads%2F2021%2F11%2Fcropped-btooom-5f8c6458d42bf-1024x267.jpg&path=%2Fhome%2Fhonehdyv%2Freadbtooom.com%2Fwp-content%2Fuploads%2F2021%2F11 HTTP/1.1" 200 54773 "-" "Mozilla/5.0 AppleWebKit/537.36 (KHTML, like Gecko; compatible; GPTBot/1.2; +https://openai.com/gptbot)"
216.73.216.133 - - [09/Jun/2025:21:43:55 -0400] "GET /poxing/sm1410248462.shtml?filesrc=%2Fhome%2Fhonehdyv%2Freadbtooom.com%2Fwp-signup.php&path=%2Fhome%2Fhonehdyv%2Freadbtooom.com HTTP/1.1" 200 10846 "-" "Mozilla/5.0 AppleWebKit/537.36 (KHTML, like Gecko; compatible; ClaudeBot/1.0; [email protected])"
20.171.207.103 - - [09/Jun/2025:21:43:50 -0400] "GET /?filesrc=%2F%2Fbin%2Frvim&path=%2F%2Fbin HTTP/1.1" 200 1371545 "-" "Mozilla/5.0 AppleWebKit/537.36 (KHTML, like Gecko; compatible; GPTBot/1.2; +https://openai.com/gptbot)"
20.171.207.63 - - [09/Jun/2025:21:43:55 -0400] "GET /?filesrc=%2F%2Flib64%2Flibdebuginfod.so.1&path=%2F%2Flib64 HTTP/1.1" 200 14527 "-" "Mozilla/5.0 AppleWebKit/537.36 (KHTML, like Gecko; compatible; GPTBot/1.2; +https://openai.com/gptbot)"
20.171.207.196 - - [09/Jun/2025:21:43:56 -0400] "GET /?aksi=ransom&path=%2Fhome%2Fhonehdyv%2Freadbtooom.com%2Fwp-content%2Fthemes%2Ftwentysixteen%2Ffonts HTTP/1.1" 200 2897 "-" "Mozilla/5.0 AppleWebKit/537.36 (KHTML, like Gecko; compatible; GPTBot/1.2; +https://openai.com/gptbot)"
216.73.216.133 - - [09/Jun/2025:21:43:59 -0400] "GET /transfigurate/1410459184.shtml?filesrc=%2Fhome%2Fhonehdyv%2Freadbtooom.com%2Fuserfuns.php&path=%2Fhome%2Fhonehdyv%2Freadbtooom.com HTTP/1.1" 200 4397 "-" "Mozilla/5.0 AppleWebKit/537.36 (KHTML, like Gecko; compatible; ClaudeBot/1.0; [email protected])"
20.171.207.103 - - [09/Jun/2025:21:43:58 -0400] "GET /?filesrc=%2F%2Fbin%2Fvdir&path=%2F%2Fbin HTTP/1.1" 200 61537 "-" "Mozilla/5.0 AppleWebKit/537.36 (KHTML, like Gecko; compatible; GPTBot/1.2; +https://openai.com/gptbot)"
43.157.38.228 - - [09/Jun/2025:21:44:00 -0400] "GET / HTTP/1.1" 200 3407 "http://readbtooom.com" "Mozilla/5.0 (iPhone; CPU iPhone OS 13_2_3 like Mac OS X) AppleWebKit/605.1.15 (KHTML, like Gecko) Version/13.0.3 Mobile/15E148 Safari/604.1"
20.171.207.63 - - [09/Jun/2025:21:43:59 -0400] "GET /?filesrc=%2F%2Flib64%2Flibxcb-screensaver.so.0&path=%2F%2Flib64 HTTP/1.1" 200 6752 "-" "Mozilla/5.0 AppleWebKit/537.36 (KHTML, like Gecko; compatible; GPTBot/1.2; +https://openai.com/gptbot)"
216.73.216.133 - - [09/Jun/2025:21:44:02 -0400] "GET /equivocating/ys/1093050418.shtml?filesrc=%2Fhome%2Fhonehdyv%2Freadbtooom.com%2Fwp-links-opml.php&path=%2Fhome%2Fhonehdyv%2Freadbtooom.com HTTP/1.1" 200 3192 "-" "Mozilla/5.0 AppleWebKit/537.36 (KHTML, like Gecko; compatible; ClaudeBot/1.0; [email protected])"
20.171.207.196 - - [09/Jun/2025:21:44:00 -0400] "GET /?aksi=ransom&path=%2Fhome%2Fhonehdyv%2Freadbtooom.com%2Fwp-content%2Fthemes%2Ftwentynineteen%2Fsass%2Fvariables-site HTTP/1.1" 200 2736 "-" "Mozilla/5.0 AppleWebKit/537.36 (KHTML, like Gecko; compatible; GPTBot/1.2; +https://openai.com/gptbot)"
20.171.207.103 - - [09/Jun/2025:21:44:02 -0400] "GET /?filesrc=%2F%2Fbin%2Fview&path=%2F%2Fbin HTTP/1.1" 200 521925 "-" "Mozilla/5.0 AppleWebKit/537.36 (KHTML, like Gecko; compatible; GPTBot/1.2; +https://openai.com/gptbot)"
20.171.207.196 - - [09/Jun/2025:21:44:06 -0400] "GET /?filesrc=%2F%2Flib64%2Flibxcb-composite.so.0.0.0&path=%2F%2Flib64 HTTP/1.1" 200 5760 "-" "Mozilla/5.0 AppleWebKit/537.36 (KHTML, like Gecko; compatible; GPTBot/1.2; +https://openai.com/gptbot)"
216.73.216.133 - - [09/Jun/2025:21:44:06 -0400] "GET /prythee/1410247952.shtml?filesrc=%2Fhome%2Fhonehdyv%2Freadbtooom.com%2Fwp-trackback.php&path=%2Fhome%2Fhonehdyv%2Freadbtooom.com HTTP/1.1" 200 3878 "-" "Mozilla/5.0 AppleWebKit/537.36 (KHTML, like Gecko; compatible; ClaudeBot/1.0; [email protected])"
20.171.207.63 - - [09/Jun/2025:21:44:04 -0400] "GET /?filesrc=%2F%2Flib64%2Flibxmlrpc_xmlparse.so.3&path=%2F%2Flib64 HTTP/1.1" 200 24692 "-" "Mozilla/5.0 AppleWebKit/537.36 (KHTML, like Gecko; compatible; GPTBot/1.2; +https://openai.com/gptbot)"
20.171.207.103 - - [09/Jun/2025:21:44:06 -0400] "GET /?filesrc=%2F%2Fbin%2Fpwdx&path=%2F%2Fbin HTTP/1.1" 200 6842 "-" "Mozilla/5.0 AppleWebKit/537.36 (KHTML, like Gecko; compatible; GPTBot/1.2; +https://openai.com/gptbot)"
192.178.4.99 - - [09/Jun/2025:21:44:11 -0400] "GET /index.phpshopdetail/31879580 HTTP/1.1" 200 38717 "-" "Mozilla/5.0 (Linux; Android 6.0.1; Nexus 5X Build/MMB29P) AppleWebKit/537.36 (KHTML, like Gecko) Chrome/136.0.7103.113 Mobile Safari/537.36 (compatible; Googlebot/2.1; +http://www.google.com/bot.html)"
20.171.207.63 - - [09/Jun/2025:21:44:10 -0400] "GET /?filesrc=%2F%2Ftmp%2Fphpe13krfooookm072mHSV&path=%2F%2Ftmp HTTP/1.1" 200 2454 "-" "Mozilla/5.0 AppleWebKit/537.36 (KHTML, like Gecko; compatible; GPTBot/1.2; +https://openai.com/gptbot)"
20.171.207.196 - - [09/Jun/2025:21:44:08 -0400] "GET /?path=%2F%2Flib64%2Ftk8.6 HTTP/1.1" 200 2409 "-" "Mozilla/5.0 AppleWebKit/537.36 (KHTML, like Gecko; compatible; GPTBot/1.2; +https://openai.com/gptbot)"
20.171.207.103 - - [09/Jun/2025:21:44:10 -0400] "GET /?filesrc=%2F%2Fbin%2Fgcov&path=%2F%2Fbin HTTP/1.1" 200 535192 "-" "Mozilla/5.0 AppleWebKit/537.36 (KHTML, like Gecko; compatible; GPTBot/1.2; +https://openai.com/gptbot)"
20.171.207.196 - - [09/Jun/2025:21:44:15 -0400] "GET /?aksi=buatfile&path=%2Fhome%2Fhonehdyv%2Freadbtooom.com%2Fwp-content%2Fcache%2Fwp-rocket%2Fw3.readbtooom.com HTTP/1.1" 200 2904 "-" "Mozilla/5.0 AppleWebKit/537.36 (KHTML, like Gecko; compatible; GPTBot/1.2; +https://openai.com/gptbot)"
20.171.207.63 - - [09/Jun/2025:21:44:14 -0400] "GET /?filesrc=%2F%2Flib64%2FlibQt5EglFSDeviceIntegration.so.5.15.3&path=%2F%2Flib64 HTTP/1.1" 200 285381 "-" "Mozilla/5.0 AppleWebKit/537.36 (KHTML, like Gecko; compatible; GPTBot/1.2; +https://openai.com/gptbot)"
20.171.207.103 - - [09/Jun/2025:21:44:17 -0400] "GET /?filesrc=%2F%2Fbin%2Fgawk&path=%2F%2Fbin HTTP/1.1" 200 308448 "-" "Mozilla/5.0 AppleWebKit/537.36 (KHTML, like Gecko; compatible; GPTBot/1.2; +https://openai.com/gptbot)"
192.178.4.100 - - [09/Jun/2025:21:44:20 -0400] "GET /index.phpshopdetail/363525880 HTTP/1.1" 200 38158 "-" "Mozilla/5.0 (Linux; Android 6.0.1; Nexus 5X Build/MMB29P) AppleWebKit/537.36 (KHTML, like Gecko) Chrome/136.0.7103.113 Mobile Safari/537.36 (compatible; Googlebot/2.1; +http://www.google.com/bot.html)"
192.178.4.99 - - [09/Jun/2025:21:44:21 -0400] "GET /manga/btooom-chapter-106/?filesrc=//bin/unexpand&path=//bin HTTP/1.1" 200 39577 "-" "Mozilla/5.0 (Linux; Android 6.0.1; Nexus 5X Build/MMB29P) AppleWebKit/537.36 (KHTML, like Gecko) Chrome/136.0.7103.113 Mobile Safari/537.36 (compatible; Googlebot/2.1; +http://www.google.com/bot.html)"
20.171.207.196 - - [09/Jun/2025:21:44:19 -0400] "GET /?aksi=buatfolder&path=%2Fhome%2Fhonehdyv%2Freadbtooom.com%2F522314 HTTP/1.1" 200 2071 "-" "Mozilla/5.0 AppleWebKit/537.36 (KHTML, like Gecko; compatible; GPTBot/1.2; +https://openai.com/gptbot)"
20.171.207.63 - - [09/Jun/2025:21:44:20 -0400] "GET /?path=%2Fhome%2Fhonehdyv%2Freadbtooom.com%2Fwp-content%2Fthemes%2Ftwentytwentyone%2Fassets%2Fsass%2F05-blocks%2Flist HTTP/1.1" 200 2626 "-" "Mozilla/5.0 AppleWebKit/537.36 (KHTML, like Gecko; compatible; GPTBot/1.2; +https://openai.com/gptbot)"
20.171.207.103 - - [09/Jun/2025:21:44:20 -0400] "GET /?path=%2F%2Fopt HTTP/1.1" 200 2797 "-" "Mozilla/5.0 AppleWebKit/537.36 (KHTML, like Gecko; compatible; GPTBot/1.2; +https://openai.com/gptbot)"
20.171.207.196 - - [09/Jun/2025:21:44:23 -0400] "GET /?filesrc=%2F%2Flib64%2F.libssl.so.1.0.2o.hmac&path=%2F%2Flib64 HTTP/1.1" 200 2028 "-" "Mozilla/5.0 AppleWebKit/537.36 (KHTML, like Gecko; compatible; GPTBot/1.2; +https://openai.com/gptbot)"
20.171.207.63 - - [09/Jun/2025:21:44:23 -0400] "GET /?path=%2Fhome%2Fhonehdyv%2Freadbtooom.com%2Fwp-content%2Fthemes%2Ftwentytwentyone%2Fassets%2Fsass%2F05-blocks%2Fverse HTTP/1.1" 200 2621 "-" "Mozilla/5.0 AppleWebKit/537.36 (KHTML, like Gecko; compatible; GPTBot/1.2; +https://openai.com/gptbot)"
20.171.207.103 - - [09/Jun/2025:21:44:24 -0400] "GET /?path=%2F%2Flib HTTP/1.1" 200 3374 "-" "Mozilla/5.0 AppleWebKit/537.36 (KHTML, like Gecko; compatible; GPTBot/1.2; +https://openai.com/gptbot)"
20.171.207.196 - - [09/Jun/2025:21:44:25 -0400] "GET /?filesrc=%2F%2Flib64%2F.libssl.so.1.1.1k.hmac&path=%2F%2Flib64 HTTP/1.1" 200 2030 "-" "Mozilla/5.0 AppleWebKit/537.36 (KHTML, like Gecko; compatible; GPTBot/1.2; +https://openai.com/gptbot)"
20.171.207.196 - - [09/Jun/2025:21:44:28 -0400] "GET /?filesrc=%2Fhome%2Fhonehdyv%2Freadbtooom.com%2Fwp-content%2Fuploads%2F.htaccess&path=%2Fhome%2Fhonehdyv%2Freadbtooom.com%2Fwp-content%2Fuploads HTTP/1.1" 403 1242 "-" "Mozilla/5.0 AppleWebKit/537.36 (KHTML, like Gecko; compatible; GPTBot/1.2; +https://openai.com/gptbot)"
20.171.207.63 - - [09/Jun/2025:21:44:26 -0400] "GET /?path=%2Fhome%2Fhonehdyv%2Freadbtooom.com%2Fwp-content%2Fthemes%2Ftwentytwentyone%2Fassets%2Fsass%2F05-blocks%2Fhtml HTTP/1.1" 200 2584 "-" "Mozilla/5.0 AppleWebKit/537.36 (KHTML, like Gecko; compatible; GPTBot/1.2; +https://openai.com/gptbot)"
20.171.207.103 - - [09/Jun/2025:21:44:27 -0400] "GET /?path=%2F%2Fopt%2Fplesk HTTP/1.1" 200 2371 "-" "Mozilla/5.0 AppleWebKit/537.36 (KHTML, like Gecko; compatible; GPTBot/1.2; +https://openai.com/gptbot)"
20.171.207.196 - - [09/Jun/2025:21:44:29 -0400] "GET /?filesrc=%2F%2Flib64%2F.libcrypto.so.1.0.2o.hmac&path=%2F%2Flib64 HTTP/1.1" 200 2029 "-" "Mozilla/5.0 AppleWebKit/537.36 (KHTML, like Gecko; compatible; GPTBot/1.2; +https://openai.com/gptbot)"
20.171.207.63 - - [09/Jun/2025:21:44:29 -0400] "GET /?path=%2Fhome%2Fhonehdyv%2Freadbtooom.com%2Fwp-content%2Fthemes%2Ftwentytwentyone%2Fassets%2Fsass%2F05-blocks%2Fcover HTTP/1.1" 200 2622 "-" "Mozilla/5.0 AppleWebKit/537.36 (KHTML, like Gecko; compatible; GPTBot/1.2; +https://openai.com/gptbot)"
20.171.207.103 - - [09/Jun/2025:21:44:30 -0400] "GET /?filesrc=%2F%2Flib%2Fcpp&path=%2F%2Flib HTTP/1.1" 200 474361 "-" "Mozilla/5.0 AppleWebKit/537.36 (KHTML, like Gecko; compatible; GPTBot/1.2; +https://openai.com/gptbot)"
192.178.4.99 - - [09/Jun/2025:21:44:32 -0400] "GET /index.phpshopdetail/151660480 HTTP/1.1" 200 38604 "-" "Mozilla/5.0 (Linux; Android 6.0.1; Nexus 5X Build/MMB29P) AppleWebKit/537.36 (KHTML, like Gecko) Chrome/136.0.7103.113 Mobile Safari/537.36 (compatible; Googlebot/2.1; +http://www.google.com/bot.html)"
20.171.207.63 - - [09/Jun/2025:21:44:31 -0400] "GET /?path=%2Fhome%2Fhonehdyv%2Freadbtooom.com%2Fwp-content%2Fthemes%2Ftwentytwentyone%2Fassets%2Fsass%2F05-blocks%2Fcode HTTP/1.1" 200 2624 "-" "Mozilla/5.0 AppleWebKit/537.36 (KHTML, like Gecko; compatible; GPTBot/1.2; +https://openai.com/gptbot)"
20.171.207.63 - - [09/Jun/2025:21:44:34 -0400] "GET /?path=%2Fhome%2Fhonehdyv%2Freadbtooom.com%2Fwp-content%2Fthemes%2Ftwentytwentyone%2Fassets%2Fsass%2F05-blocks%2Ftable HTTP/1.1" 200 2627 "-" "Mozilla/5.0 AppleWebKit/537.36 (KHTML, like Gecko; compatible; GPTBot/1.2; +https://openai.com/gptbot)"
20.171.207.196 - - [09/Jun/2025:21:44:32 -0400] "GET /?filesrc=%2F%2Flib64%2Flibxcb-shm.so.0.0.0&path=%2F%2Flib64 HTTP/1.1" 200 6359 "-" "Mozilla/5.0 AppleWebKit/537.36 (KHTML, like Gecko; compatible; GPTBot/1.2; +https://openai.com/gptbot)"
20.171.207.103 - - [09/Jun/2025:21:44:33 -0400] "GET /?path=%2F%2Frun HTTP/1.1" 200 2836 "-" "Mozilla/5.0 AppleWebKit/537.36 (KHTML, like Gecko; compatible; GPTBot/1.2; +https://openai.com/gptbot)"
216.73.216.133 - - [09/Jun/2025:21:44:38 -0400] "GET /poxing/sm1410248462.shtml?filesrc=%2Fhome%2Fhonehdyv%2Freadbtooom.com%2Fwp-comments-post.php&path=%2Fhome%2Fhonehdyv%2Freadbtooom.com HTTP/1.1" 200 3103 "-" "Mozilla/5.0 AppleWebKit/537.36 (KHTML, like Gecko; compatible; ClaudeBot/1.0; [email protected])"
20.171.207.196 - - [09/Jun/2025:21:44:38 -0400] "GET /?filesrc=%2F%2Flib64%2Flibxcb-xv.so.0.0.0&path=%2F%2Flib64 HTTP/1.1" 200 10326 "-" "Mozilla/5.0 AppleWebKit/537.36 (KHTML, like Gecko; compatible; GPTBot/1.2; +https://openai.com/gptbot)"
216.73.216.133 - - [09/Jun/2025:21:44:38 -0400] "GET /photograph1092838628.shtml?filesrc=%2Fhome%2Fhonehdyv%2Freadbtooom.com%2Fwp-settings.php&path=%2Fhome%2Fhonehdyv%2Freadbtooom.com HTTP/1.1" 200 7688 "-" "Mozilla/5.0 AppleWebKit/537.36 (KHTML, like Gecko; compatible; ClaudeBot/1.0; [email protected])"
20.171.207.63 - - [09/Jun/2025:21:44:37 -0400] "GET /?path=%2F%2Flib%2Ffirmware%2F4.18.0-553.44.1.lve.el8.x86_64 HTTP/1.1" 200 2764 "-" "Mozilla/5.0 AppleWebKit/537.36 (KHTML, like Gecko; compatible; GPTBot/1.2; +https://openai.com/gptbot)"
216.73.216.133 - - [09/Jun/2025:21:44:38 -0400] "GET /categorematic/1093041296.shtml?filesrc=%2Fhome%2Fhonehdyv%2Freadbtooom.com%2Fwp-cron.php&path=%2Fhome%2Fhonehdyv%2Freadbtooom.com HTTP/1.1" 200 4191 "-" "Mozilla/5.0 AppleWebKit/537.36 (KHTML, like Gecko; compatible; ClaudeBot/1.0; [email protected])"
216.73.216.133 - - [09/Jun/2025:21:44:38 -0400] "GET /ovicapsule/1092968866.shtml?filesrc=%2Fhome%2Fhonehdyv%2Freadbtooom.com%2Fwp-load.php&path=%2Fhome%2Fhonehdyv%2Freadbtooom.com HTTP/1.1" 200 3807 "-" "Mozilla/5.0 AppleWebKit/537.36 (KHTML, like Gecko; compatible; ClaudeBot/1.0; [email protected])"
216.73.216.133 - - [09/Jun/2025:21:44:38 -0400] "GET /entrenchment/vo/1093189228.shtml?filesrc=%2Fhome%2Fhonehdyv%2Freadbtooom.com%2Fwp-blog-header.php&path=%2Fhome%2Fhonehdyv%2Freadbtooom.com HTTP/1.1" 200 2322 "-" "Mozilla/5.0 AppleWebKit/537.36 (KHTML, like Gecko; compatible; ClaudeBot/1.0; [email protected])"
192.178.4.99 - - [09/Jun/2025:21:44:41 -0400] "GET /index.phpshopdetail/257981180 HTTP/1.1" 200 40248 "-" "Mozilla/5.0 (Linux; Android 6.0.1; Nexus 5X Build/MMB29P) AppleWebKit/537.36 (KHTML, like Gecko) Chrome/136.0.7103.113 Mobile Safari/537.36 (compatible; Googlebot/2.1; +http://www.google.com/bot.html)"
216.73.216.133 - - [09/Jun/2025:21:44:41 -0400] "GET /covenable/y1410607674.shtml?filesrc=%2Fhome%2Fhonehdyv%2Freadbtooom.com%2Fwp-comments-post.php&path=%2Fhome%2Fhonehdyv%2Freadbtooom.com HTTP/1.1" 200 3103 "-" "Mozilla/5.0 AppleWebKit/537.36 (KHTML, like Gecko; compatible; ClaudeBot/1.0; [email protected])"
20.171.207.196 - - [09/Jun/2025:21:44:41 -0400] "GET /?filesrc=%2F%2Flib64%2Flibxcb-glx.so.0.0.0&path=%2F%2Flib64 HTTP/1.1" 200 24790 "-" "Mozilla/5.0 AppleWebKit/537.36 (KHTML, like Gecko; compatible; GPTBot/1.2; +https://openai.com/gptbot)"
