Current File : //home/honehdyv/access-logs/read11.windbreakermanga.com-ssl_log |
66.249.68.71 - - [09/Jun/2025:20:41:27 -0400] "GET /products/purlieu5990304 HTTP/1.1" 200 81523 "-" "Mozilla/5.0 (Linux; Android 6.0.1; Nexus 5X Build/MMB29P) AppleWebKit/537.36 (KHTML, like Gecko) Chrome/136.0.7103.113 Mobile Safari/537.36 (compatible; Googlebot/2.1; +http://www.google.com/bot.html)"
216.73.216.210 - - [09/Jun/2025:20:41:29 -0400] "GET /sitemap-subitems-528.xml HTTP/1.1" 200 10166 "-" "Mozilla/5.0 AppleWebKit/537.36 (KHTML, like Gecko; compatible; ClaudeBot/1.0; [email protected])"
216.73.216.210 - - [09/Jun/2025:20:41:29 -0400] "GET /sitemap-subitems-2925.xml HTTP/1.1" 200 10166 "-" "Mozilla/5.0 AppleWebKit/537.36 (KHTML, like Gecko; compatible; ClaudeBot/1.0; [email protected])"
66.249.68.64 - - [09/Jun/2025:20:41:32 -0400] "GET /info/6218056 HTTP/1.1" 200 81455 "-" "Mozilla/5.0 (Linux; Android 6.0.1; Nexus 5X Build/MMB29P) AppleWebKit/537.36 (KHTML, like Gecko) Chrome/136.0.7103.113 Mobile Safari/537.36 (compatible; Googlebot/2.1; +http://www.google.com/bot.html)"
66.249.68.64 - - [09/Jun/2025:20:41:33 -0400] "GET /shopping/caravan5158924 HTTP/1.1" 200 81345 "-" "Mozilla/5.0 (Linux; Android 6.0.1; Nexus 5X Build/MMB29P) AppleWebKit/537.36 (KHTML, like Gecko) Chrome/136.0.7103.113 Mobile Safari/537.36 (compatible; Googlebot/2.1; +http://www.google.com/bot.html)"
66.249.68.71 - - [09/Jun/2025:20:41:34 -0400] "GET /goodscode/5775256 HTTP/1.1" 200 81059 "-" "Mozilla/5.0 (Linux; Android 6.0.1; Nexus 5X Build/MMB29P) AppleWebKit/537.36 (KHTML, like Gecko) Chrome/136.0.7103.113 Mobile Safari/537.36 (compatible; Googlebot/2.1; +http://www.google.com/bot.html)"
66.249.68.64 - - [09/Jun/2025:20:41:36 -0400] "GET /special/5798072 HTTP/1.1" 200 81391 "-" "Mozilla/5.0 (Linux; Android 6.0.1; Nexus 5X Build/MMB29P) AppleWebKit/537.36 (KHTML, like Gecko) Chrome/136.0.7103.113 Mobile Safari/537.36 (compatible; Googlebot/2.1; +http://www.google.com/bot.html)"
66.249.68.71 - - [09/Jun/2025:20:41:37 -0400] "GET /shopdetail/gascogne1528264 HTTP/1.1" 200 85134 "-" "Mozilla/5.0 (Linux; Android 6.0.1; Nexus 5X Build/MMB29P) AppleWebKit/537.36 (KHTML, like Gecko) Chrome/136.0.7103.113 Mobile Safari/537.36 (compatible; Googlebot/2.1; +http://www.google.com/bot.html)"
66.249.68.66 - - [09/Jun/2025:20:41:38 -0400] "GET /goodscode/6221536 HTTP/1.1" 200 81166 "-" "Mozilla/5.0 (Linux; Android 6.0.1; Nexus 5X Build/MMB29P) AppleWebKit/537.36 (KHTML, like Gecko) Chrome/136.0.7103.113 Mobile Safari/537.36 (compatible; Googlebot/2.1; +http://www.google.com/bot.html)"
66.249.68.64 - - [09/Jun/2025:20:41:39 -0400] "GET /items/6221372 HTTP/1.1" 200 80991 "-" "Mozilla/5.0 (Linux; Android 6.0.1; Nexus 5X Build/MMB29P) AppleWebKit/537.36 (KHTML, like Gecko) Chrome/136.0.7103.113 Mobile Safari/537.36 (compatible; Googlebot/2.1; +http://www.google.com/bot.html)"
66.249.68.71 - - [09/Jun/2025:20:41:45 -0400] "GET /info/spermatozooid5988724 HTTP/1.1" 200 80981 "-" "Mozilla/5.0 (Linux; Android 6.0.1; Nexus 5X Build/MMB29P) AppleWebKit/537.36 (KHTML, like Gecko) Chrome/136.0.7103.113 Mobile Safari/537.36 (compatible; Googlebot/2.1; +http://www.google.com/bot.html)"
40.77.167.72 - - [09/Jun/2025:20:41:48 -0400] "GET /wind-breaker-chapter-462/ HTTP/1.1" 200 81734 "-" "Mozilla/5.0 AppleWebKit/537.36 (KHTML, like Gecko; compatible; bingbot/2.0; +http://www.bing.com/bingbot.htm) Chrome/116.0.1938.76 Safari/537.36"
66.249.68.66 - - [09/Jun/2025:20:41:51 -0400] "GET /goods/5436932 HTTP/1.1" 200 81206 "-" "Mozilla/5.0 (Linux; Android 6.0.1; Nexus 5X Build/MMB29P) AppleWebKit/537.36 (KHTML, like Gecko) Chrome/136.0.7103.113 Mobile Safari/537.36 (compatible; Googlebot/2.1; +http://www.google.com/bot.html)"
66.249.68.67 - - [09/Jun/2025:20:41:52 -0400] "GET /goods/6219092 HTTP/1.1" 200 81476 "-" "Mozilla/5.0 (Linux; Android 6.0.1; Nexus 5X Build/MMB29P) AppleWebKit/537.36 (KHTML, like Gecko) Chrome/136.0.7103.113 Mobile Safari/537.36 (compatible; Googlebot/2.1; +http://www.google.com/bot.html)"
66.249.68.66 - - [09/Jun/2025:20:41:58 -0400] "GET /info/6187016 HTTP/1.1" 200 81672 "-" "Mozilla/5.0 (Linux; Android 6.0.1; Nexus 5X Build/MMB29P) AppleWebKit/537.36 (KHTML, like Gecko) Chrome/136.0.7103.113 Mobile Safari/537.36 (compatible; Googlebot/2.1; +http://www.google.com/bot.html)"
66.249.68.64 - - [09/Jun/2025:20:42:04 -0400] "GET /shopping/6186308 HTTP/1.1" 200 81450 "-" "Mozilla/5.0 (Linux; Android 6.0.1; Nexus 5X Build/MMB29P) AppleWebKit/537.36 (KHTML, like Gecko) Chrome/136.0.7103.113 Mobile Safari/537.36 (compatible; Googlebot/2.1; +http://www.google.com/bot.html)"
66.249.68.65 - - [09/Jun/2025:20:42:09 -0400] "GET /shopbrand/5989060 HTTP/1.1" 200 81591 "-" "Mozilla/5.0 (Linux; Android 6.0.1; Nexus 5X Build/MMB29P) AppleWebKit/537.36 (KHTML, like Gecko) Chrome/136.0.7103.113 Mobile Safari/537.36 (compatible; Googlebot/2.1; +http://www.google.com/bot.html)"
66.249.68.71 - - [09/Jun/2025:20:42:15 -0400] "GET /shopdetail/6186608 HTTP/1.1" 200 81415 "-" "Mozilla/5.0 (Linux; Android 6.0.1; Nexus 5X Build/MMB29P) AppleWebKit/537.36 (KHTML, like Gecko) Chrome/136.0.7103.113 Mobile Safari/537.36 (compatible; Googlebot/2.1; +http://www.google.com/bot.html)"
66.249.68.71 - - [09/Jun/2025:20:42:21 -0400] "GET /products/6186280 HTTP/1.1" 200 81194 "-" "Mozilla/5.0 (Linux; Android 6.0.1; Nexus 5X Build/MMB29P) AppleWebKit/537.36 (KHTML, like Gecko) Chrome/136.0.7103.113 Mobile Safari/537.36 (compatible; Googlebot/2.1; +http://www.google.com/bot.html)"
66.249.68.64 - - [09/Jun/2025:20:42:26 -0400] "GET /product/5990732 HTTP/1.1" 200 81539 "-" "Mozilla/5.0 (Linux; Android 6.0.1; Nexus 5X Build/MMB29P) AppleWebKit/537.36 (KHTML, like Gecko) Chrome/136.0.7103.113 Mobile Safari/537.36 (compatible; Googlebot/2.1; +http://www.google.com/bot.html)"
216.73.216.210 - - [09/Jun/2025:20:42:28 -0400] "GET /sitemap-subitems-1452.xml HTTP/1.1" 200 9886 "-" "Mozilla/5.0 AppleWebKit/537.36 (KHTML, like Gecko; compatible; ClaudeBot/1.0; [email protected])"
162.0.232.193 - - [09/Jun/2025:20:42:29 -0400] "POST /wp-cron.php?doing_wp_cron=1749516149.3892939090728759765625 HTTP/1.1" 200 0 "-" "WordPress/6.8.1; https://read11.windbreakermanga.com"
216.73.216.210 - - [09/Jun/2025:20:42:28 -0400] "GET /sitemap-subitems-1667.xml HTTP/1.1" 200 9886 "-" "Mozilla/5.0 AppleWebKit/537.36 (KHTML, like Gecko; compatible; ClaudeBot/1.0; [email protected])"
90.77.181.22 - - [09/Jun/2025:20:42:30 -0400] "GET /wind-breaker-chapter-532/ HTTP/1.1" 304 0 "https://read11.windbreakermanga.com/wind-breaker-chapter-532/" "Mozilla/5.0 (Linux; Android 13; 2201116SG Build/TKQ1.221114.001; wv) AppleWebKit/537.36 (KHTML, like Gecko) Version/4.0 Chrome/136.0.7103.125 Mobile Safari/537.36"
90.77.181.22 - - [09/Jun/2025:20:42:29 -0400] "POST /wp-admin/admin-ajax.php HTTP/1.1" 200 0 "https://read11.windbreakermanga.com/wind-breaker-chapter-532/" "Mozilla/5.0 (Linux; Android 13; 2201116SG Build/TKQ1.221114.001; wv) AppleWebKit/537.36 (KHTML, like Gecko) Version/4.0 Chrome/136.0.7103.125 Mobile Safari/537.36"
90.77.181.22 - - [09/Jun/2025:20:42:30 -0400] "POST /wp-admin/admin-ajax.php HTTP/1.1" 200 0 "https://read11.windbreakermanga.com/wind-breaker-chapter-532/" "Mozilla/5.0 (Linux; Android 13; 2201116SG Build/TKQ1.221114.001; wv) AppleWebKit/537.36 (KHTML, like Gecko) Version/4.0 Chrome/136.0.7103.125 Mobile Safari/537.36"
90.77.181.22 - - [09/Jun/2025:20:42:32 -0400] "GET /wind-breaker-chapter-531/ HTTP/1.1" 304 0 "https://read11.windbreakermanga.com/wind-breaker-chapter-532/" "Mozilla/5.0 (Linux; Android 13; 2201116SG Build/TKQ1.221114.001; wv) AppleWebKit/537.36 (KHTML, like Gecko) Version/4.0 Chrome/136.0.7103.125 Mobile Safari/537.36"
66.249.68.71 - - [09/Jun/2025:20:42:32 -0400] "GET /goods/tupian6187244 HTTP/1.1" 200 81129 "-" "Mozilla/5.0 (Linux; Android 6.0.1; Nexus 5X Build/MMB29P) AppleWebKit/537.36 (KHTML, like Gecko) Chrome/136.0.7103.113 Mobile Safari/537.36 (compatible; Googlebot/2.1; +http://www.google.com/bot.html)"
90.77.181.22 - - [09/Jun/2025:20:42:33 -0400] "GET /wind-breaker-chapter-531/ HTTP/1.1" 304 0 "https://read11.windbreakermanga.com/wind-breaker-chapter-531/" "Mozilla/5.0 (Linux; Android 13; 2201116SG Build/TKQ1.221114.001; wv) AppleWebKit/537.36 (KHTML, like Gecko) Version/4.0 Chrome/136.0.7103.125 Mobile Safari/537.36"
90.77.181.22 - - [09/Jun/2025:20:42:33 -0400] "POST /wp-admin/admin-ajax.php HTTP/1.1" 200 0 "https://read11.windbreakermanga.com/wind-breaker-chapter-531/" "Mozilla/5.0 (Linux; Android 13; 2201116SG Build/TKQ1.221114.001; wv) AppleWebKit/537.36 (KHTML, like Gecko) Version/4.0 Chrome/136.0.7103.125 Mobile Safari/537.36"
162.0.232.193 - - [09/Jun/2025:20:42:36 -0400] "POST /wp-cron.php?doing_wp_cron=1749516156.2333500385284423828125 HTTP/1.1" 200 0 "-" "WordPress/6.8.1; https://read11.windbreakermanga.com"
90.77.181.22 - - [09/Jun/2025:20:42:34 -0400] "POST /wp-admin/admin-ajax.php HTTP/1.1" 200 61 "https://read11.windbreakermanga.com/wind-breaker-chapter-531/" "Mozilla/5.0 (Linux; Android 13; 2201116SG Build/TKQ1.221114.001; wv) AppleWebKit/537.36 (KHTML, like Gecko) Version/4.0 Chrome/136.0.7103.125 Mobile Safari/537.36"
66.249.68.64 - - [09/Jun/2025:20:42:38 -0400] "GET /entity/allocatable6187980 HTTP/1.1" 200 82606 "-" "Mozilla/5.0 (Linux; Android 6.0.1; Nexus 5X Build/MMB29P) AppleWebKit/537.36 (KHTML, like Gecko) Chrome/136.0.7103.113 Mobile Safari/537.36 (compatible; Googlebot/2.1; +http://www.google.com/bot.html)"
66.249.68.64 - - [09/Jun/2025:20:42:44 -0400] "GET /detail/6185644 HTTP/1.1" 200 81791 "-" "Mozilla/5.0 (Linux; Android 6.0.1; Nexus 5X Build/MMB29P) AppleWebKit/537.36 (KHTML, like Gecko) Chrome/136.0.7103.113 Mobile Safari/537.36 (compatible; Googlebot/2.1; +http://www.google.com/bot.html)"
66.249.68.65 - - [09/Jun/2025:20:42:50 -0400] "GET /special/luring6198792 HTTP/1.1" 200 81688 "-" "Mozilla/5.0 (Linux; Android 6.0.1; Nexus 5X Build/MMB29P) AppleWebKit/537.36 (KHTML, like Gecko) Chrome/136.0.7103.113 Mobile Safari/537.36 (compatible; Googlebot/2.1; +http://www.google.com/bot.html)"
66.249.68.65 - - [09/Jun/2025:20:42:55 -0400] "GET /goods/5987460 HTTP/1.1" 200 83292 "-" "Mozilla/5.0 (Linux; Android 6.0.1; Nexus 5X Build/MMB29P) AppleWebKit/537.36 (KHTML, like Gecko) Chrome/136.0.7103.113 Mobile Safari/537.36 (compatible; Googlebot/2.1; +http://www.google.com/bot.html)"
162.0.232.193 - - [09/Jun/2025:20:43:02 -0400] "POST /wp-cron.php?doing_wp_cron=1749516181.8450520038604736328125 HTTP/1.1" 200 0 "-" "WordPress/6.8.1; https://read11.windbreakermanga.com"
66.249.68.65 - - [09/Jun/2025:20:43:01 -0400] "GET /products/reprimanding6199092 HTTP/1.1" 200 81413 "-" "Mozilla/5.0 (Linux; Android 6.0.1; Nexus 5X Build/MMB29P) AppleWebKit/537.36 (KHTML, like Gecko) Chrome/136.0.7103.113 Mobile Safari/537.36 (compatible; Googlebot/2.1; +http://www.google.com/bot.html)"
66.249.68.71 - - [09/Jun/2025:20:43:02 -0400] "GET /product/5806604 HTTP/1.1" 200 81712 "-" "Mozilla/5.0 (Linux; Android 6.0.1; Nexus 5X Build/MMB29P) AppleWebKit/537.36 (KHTML, like Gecko) Chrome/136.0.7103.113 Mobile Safari/537.36 (compatible; Googlebot/2.1; +http://www.google.com/bot.html)"
114.119.152.134 - - [09/Jun/2025:20:42:59 -0400] "GET /category/wind-breaker-manga/page/36/ HTTP/1.1" 200 12076 "https://read11.windbreakermanga.com/category/wind-breaker-manga/page/35/" "Mozilla/5.0 (Linux; Android 7.0;) AppleWebKit/537.36 (KHTML, like Gecko) Mobile Safari/537.36 (compatible; PetalBot;+https://webmaster.petalsearch.com/site/petalbot)"
90.77.181.22 - - [09/Jun/2025:20:43:05 -0400] "GET /wind-breaker-chapter-550/ HTTP/1.1" 200 11584 "https://read11.windbreakermanga.com/" "Mozilla/5.0 (Linux; Android 13; 2201116SG Build/TKQ1.221114.001; wv) AppleWebKit/537.36 (KHTML, like Gecko) Version/4.0 Chrome/136.0.7103.125 Mobile Safari/537.36"
90.77.181.22 - - [09/Jun/2025:20:43:08 -0400] "GET /wind-breaker-chapter-534/ HTTP/1.1" 200 11738 "https://read11.windbreakermanga.com/" "Mozilla/5.0 (Linux; Android 13; 2201116SG Build/TKQ1.221114.001; wv) AppleWebKit/537.36 (KHTML, like Gecko) Version/4.0 Chrome/136.0.7103.125 Mobile Safari/537.36"
66.249.68.64 - - [09/Jun/2025:20:43:08 -0400] "GET /detail/6219064 HTTP/1.1" 200 80990 "-" "Mozilla/5.0 (Linux; Android 6.0.1; Nexus 5X Build/MMB29P) AppleWebKit/537.36 (KHTML, like Gecko) Chrome/136.0.7103.113 Mobile Safari/537.36 (compatible; Googlebot/2.1; +http://www.google.com/bot.html)"
66.249.68.71 - - [09/Jun/2025:20:43:09 -0400] "GET /item/colter1024104 HTTP/1.1" 200 81404 "-" "Mozilla/5.0 (Linux; Android 6.0.1; Nexus 5X Build/MMB29P) AppleWebKit/537.36 (KHTML, like Gecko) Chrome/136.0.7103.113 Mobile Safari/537.36 (compatible; Googlebot/2.1; +http://www.google.com/bot.html)"
90.77.181.22 - - [09/Jun/2025:20:43:09 -0400] "POST /wp-admin/admin-ajax.php HTTP/1.1" 200 61 "https://read11.windbreakermanga.com/wind-breaker-chapter-534/" "Mozilla/5.0 (Linux; Android 13; 2201116SG Build/TKQ1.221114.001; wv) AppleWebKit/537.36 (KHTML, like Gecko) Version/4.0 Chrome/136.0.7103.125 Mobile Safari/537.36"
66.249.68.64 - - [09/Jun/2025:20:43:15 -0400] "GET /entity/missioner6198720 HTTP/1.1" 200 81610 "-" "Mozilla/5.0 (Linux; Android 6.0.1; Nexus 5X Build/MMB29P) AppleWebKit/537.36 (KHTML, like Gecko) Chrome/136.0.7103.113 Mobile Safari/537.36 (compatible; Googlebot/2.1; +http://www.google.com/bot.html)"
216.73.216.210 - - [09/Jun/2025:20:43:16 -0400] "GET /sitemap-subitems-1993.xml HTTP/1.1" 200 10001 "-" "Mozilla/5.0 AppleWebKit/537.36 (KHTML, like Gecko; compatible; ClaudeBot/1.0; [email protected])"
216.73.216.210 - - [09/Jun/2025:20:43:16 -0400] "GET /sitemap-subitems-1998.xml HTTP/1.1" 200 10001 "-" "Mozilla/5.0 AppleWebKit/537.36 (KHTML, like Gecko; compatible; ClaudeBot/1.0; [email protected])"
66.249.68.64 - - [09/Jun/2025:20:43:21 -0400] "GET /products/attritional5988824 HTTP/1.1" 200 80851 "-" "Mozilla/5.0 (Linux; Android 6.0.1; Nexus 5X Build/MMB29P) AppleWebKit/537.36 (KHTML, like Gecko) Chrome/136.0.7103.113 Mobile Safari/537.36 (compatible; Googlebot/2.1; +http://www.google.com/bot.html)"
66.249.68.71 - - [09/Jun/2025:20:43:26 -0400] "GET /product/gilead5990396 HTTP/1.1" 200 83127 "-" "Mozilla/5.0 (Linux; Android 6.0.1; Nexus 5X Build/MMB29P) AppleWebKit/537.36 (KHTML, like Gecko) Chrome/136.0.7103.113 Mobile Safari/537.36 (compatible; Googlebot/2.1; +http://www.google.com/bot.html)"
66.249.68.71 - - [09/Jun/2025:20:43:32 -0400] "GET /items/nubble5498048 HTTP/1.1" 200 81536 "-" "Mozilla/5.0 (Linux; Android 6.0.1; Nexus 5X Build/MMB29P) AppleWebKit/537.36 (KHTML, like Gecko) Chrome/136.0.7103.113 Mobile Safari/537.36 (compatible; Googlebot/2.1; +http://www.google.com/bot.html)"
66.249.68.64 - - [09/Jun/2025:20:43:34 -0400] "GET /goods/6218992 HTTP/1.1" 200 81445 "-" "Mozilla/5.0 (Linux; Android 6.0.1; Nexus 5X Build/MMB29P) AppleWebKit/537.36 (KHTML, like Gecko) Chrome/136.0.7103.113 Mobile Safari/537.36 (compatible; Googlebot/2.1; +http://www.google.com/bot.html)"
66.249.68.64 - - [09/Jun/2025:20:43:39 -0400] "GET /goodscode/5990804 HTTP/1.1" 200 81932 "-" "Mozilla/5.0 (Linux; Android 6.0.1; Nexus 5X Build/MMB29P) AppleWebKit/537.36 (KHTML, like Gecko) Chrome/136.0.7103.113 Mobile Safari/537.36 (compatible; Googlebot/2.1; +http://www.google.com/bot.html)"
66.249.68.65 - - [09/Jun/2025:20:43:45 -0400] "GET /products/anniversary6221608 HTTP/1.1" 200 81336 "-" "Mozilla/5.0 (Linux; Android 6.0.1; Nexus 5X Build/MMB29P) AppleWebKit/537.36 (KHTML, like Gecko) Chrome/136.0.7103.113 Mobile Safari/537.36 (compatible; Googlebot/2.1; +http://www.google.com/bot.html)"
66.249.68.65 - - [09/Jun/2025:20:43:51 -0400] "GET /shopdetail/5989032 HTTP/1.1" 200 81046 "-" "Mozilla/5.0 (Linux; Android 6.0.1; Nexus 5X Build/MMB29P) AppleWebKit/537.36 (KHTML, like Gecko) Chrome/136.0.7103.113 Mobile Safari/537.36 (compatible; Googlebot/2.1; +http://www.google.com/bot.html)"
66.249.68.64 - - [09/Jun/2025:20:43:57 -0400] "GET /special/6186380 HTTP/1.1" 200 81396 "-" "Mozilla/5.0 (Linux; Android 6.0.1; Nexus 5X Build/MMB29P) AppleWebKit/537.36 (KHTML, like Gecko) Chrome/136.0.7103.113 Mobile Safari/537.36 (compatible; Googlebot/2.1; +http://www.google.com/bot.html)"
43.157.158.178 - - [09/Jun/2025:20:43:59 -0400] "GET / HTTP/1.1" 200 12625 "http://read11.windbreakermanga.com" "Mozilla/5.0 (iPhone; CPU iPhone OS 13_2_3 like Mac OS X) AppleWebKit/605.1.15 (KHTML, like Gecko) Version/13.0.3 Mobile/15E148 Safari/604.1"
66.249.68.64 - - [09/Jun/2025:20:44:03 -0400] "GET /product/6221400 HTTP/1.1" 200 81271 "-" "Mozilla/5.0 (Linux; Android 6.0.1; Nexus 5X Build/MMB29P) AppleWebKit/537.36 (KHTML, like Gecko) Chrome/136.0.7103.113 Mobile Safari/537.36 (compatible; Googlebot/2.1; +http://www.google.com/bot.html)"
66.249.68.71 - - [09/Jun/2025:20:44:09 -0400] "GET /shopping/6187552 HTTP/1.1" 200 81083 "-" "Mozilla/5.0 (Linux; Android 6.0.1; Nexus 5X Build/MMB29P) AppleWebKit/537.36 (KHTML, like Gecko) Chrome/136.0.7103.113 Mobile Safari/537.36 (compatible; Googlebot/2.1; +http://www.google.com/bot.html)"
66.249.68.64 - - [09/Jun/2025:20:44:10 -0400] "GET /shopdetail/5500120 HTTP/1.1" 200 81597 "-" "Mozilla/5.0 (Linux; Android 6.0.1; Nexus 5X Build/MMB29P) AppleWebKit/537.36 (KHTML, like Gecko) Chrome/136.0.7103.113 Mobile Safari/537.36 (compatible; Googlebot/2.1; +http://www.google.com/bot.html)"
66.249.68.71 - - [09/Jun/2025:20:44:16 -0400] "GET /goodscode/5417188 HTTP/1.1" 200 81461 "-" "Mozilla/5.0 (Linux; Android 6.0.1; Nexus 5X Build/MMB29P) AppleWebKit/537.36 (KHTML, like Gecko) Chrome/136.0.7103.113 Mobile Safari/537.36 (compatible; Googlebot/2.1; +http://www.google.com/bot.html)"
66.249.68.71 - - [09/Jun/2025:20:44:17 -0400] "GET /special/rorid6198084 HTTP/1.1" 200 81401 "-" "Mozilla/5.0 (Linux; Android 6.0.1; Nexus 5X Build/MMB29P) AppleWebKit/537.36 (KHTML, like Gecko) Chrome/136.0.7103.113 Mobile Safari/537.36 (compatible; Googlebot/2.1; +http://www.google.com/bot.html)"
66.249.68.71 - - [09/Jun/2025:20:44:19 -0400] "GET /info/misadventurous6187316 HTTP/1.1" 200 82877 "-" "Mozilla/5.0 (Linux; Android 6.0.1; Nexus 5X Build/MMB29P) AppleWebKit/537.36 (KHTML, like Gecko) Chrome/136.0.7103.113 Mobile Safari/537.36 (compatible; Googlebot/2.1; +http://www.google.com/bot.html)"
216.73.216.210 - - [09/Jun/2025:20:44:24 -0400] "GET /sitemap-subitems-340.xml HTTP/1.1" 200 10075 "-" "Mozilla/5.0 AppleWebKit/537.36 (KHTML, like Gecko; compatible; ClaudeBot/1.0; [email protected])"
216.73.216.210 - - [09/Jun/2025:20:44:24 -0400] "GET /sitemap-subitems-2008.xml HTTP/1.1" 200 10075 "-" "Mozilla/5.0 AppleWebKit/537.36 (KHTML, like Gecko; compatible; ClaudeBot/1.0; [email protected])"
66.249.68.71 - - [09/Jun/2025:20:44:25 -0400] "GET /detail/6199656 HTTP/1.1" 200 81539 "-" "Mozilla/5.0 (Linux; Android 6.0.1; Nexus 5X Build/MMB29P) AppleWebKit/537.36 (KHTML, like Gecko) Chrome/136.0.7103.113 Mobile Safari/537.36 (compatible; Googlebot/2.1; +http://www.google.com/bot.html)"
66.249.68.71 - - [09/Jun/2025:20:44:31 -0400] "GET /shopbrand/onceover5490252 HTTP/1.1" 200 82752 "-" "Mozilla/5.0 (Linux; Android 6.0.1; Nexus 5X Build/MMB29P) AppleWebKit/537.36 (KHTML, like Gecko) Chrome/136.0.7103.113 Mobile Safari/537.36 (compatible; Googlebot/2.1; +http://www.google.com/bot.html)"
66.249.68.64 - - [09/Jun/2025:20:44:32 -0400] "GET /shopdetail/notidanidae6221708 HTTP/1.1" 200 81324 "-" "Mozilla/5.0 (Linux; Android 6.0.1; Nexus 5X Build/MMB29P) AppleWebKit/537.36 (KHTML, like Gecko) Chrome/136.0.7103.113 Mobile Safari/537.36 (compatible; Googlebot/2.1; +http://www.google.com/bot.html)"
66.249.68.71 - - [09/Jun/2025:20:44:38 -0400] "GET /item/6219728 HTTP/1.1" 200 81108 "-" "Mozilla/5.0 (Linux; Android 6.0.1; Nexus 5X Build/MMB29P) AppleWebKit/537.36 (KHTML, like Gecko) Chrome/136.0.7103.113 Mobile Safari/537.36 (compatible; Googlebot/2.1; +http://www.google.com/bot.html)"
66.249.68.65 - - [09/Jun/2025:20:44:44 -0400] "GET /products/blubbery5988096 HTTP/1.1" 200 81378 "-" "Mozilla/5.0 (Linux; Android 6.0.1; Nexus 5X Build/MMB29P) AppleWebKit/537.36 (KHTML, like Gecko) Chrome/136.0.7103.113 Mobile Safari/537.36 (compatible; Googlebot/2.1; +http://www.google.com/bot.html)"
66.249.68.71 - - [09/Jun/2025:20:44:49 -0400] "GET /items/6199120 HTTP/1.1" 200 81419 "-" "Mozilla/5.0 (Linux; Android 6.0.1; Nexus 5X Build/MMB29P) AppleWebKit/537.36 (KHTML, like Gecko) Chrome/136.0.7103.113 Mobile Safari/537.36 (compatible; Googlebot/2.1; +http://www.google.com/bot.html)"
66.249.68.66 - - [09/Jun/2025:20:44:56 -0400] "GET /item/6185972 HTTP/1.1" 200 80954 "-" "Mozilla/5.0 (Linux; Android 6.0.1; Nexus 5X Build/MMB29P) AppleWebKit/537.36 (KHTML, like Gecko) Chrome/136.0.7103.113 Mobile Safari/537.36 (compatible; Googlebot/2.1; +http://www.google.com/bot.html)"
66.249.68.65 - - [09/Jun/2025:20:45:02 -0400] "GET /product/6202372 HTTP/1.1" 200 82452 "-" "Mozilla/5.0 (Linux; Android 6.0.1; Nexus 5X Build/MMB29P) AppleWebKit/537.36 (KHTML, like Gecko) Chrome/136.0.7103.113 Mobile Safari/537.36 (compatible; Googlebot/2.1; +http://www.google.com/bot.html)"
66.249.68.64 - - [09/Jun/2025:20:45:08 -0400] "GET /products/5942964 HTTP/1.1" 200 81037 "-" "Mozilla/5.0 (Linux; Android 6.0.1; Nexus 5X Build/MMB29P) AppleWebKit/537.36 (KHTML, like Gecko) Chrome/136.0.7103.113 Mobile Safari/537.36 (compatible; Googlebot/2.1; +http://www.google.com/bot.html)"
66.249.68.71 - - [09/Jun/2025:20:45:14 -0400] "GET /shopdetail/plural6201500 HTTP/1.1" 200 81778 "-" "Mozilla/5.0 (Linux; Android 6.0.1; Nexus 5X Build/MMB29P) AppleWebKit/537.36 (KHTML, like Gecko) Chrome/136.0.7103.113 Mobile Safari/537.36 (compatible; Googlebot/2.1; +http://www.google.com/bot.html)"
66.249.68.71 - - [09/Jun/2025:20:45:20 -0400] "GET /info/773964 HTTP/1.1" 200 81263 "-" "Mozilla/5.0 (Linux; Android 6.0.1; Nexus 5X Build/MMB29P) AppleWebKit/537.36 (KHTML, like Gecko) Chrome/136.0.7103.113 Mobile Safari/537.36 (compatible; Googlebot/2.1; +http://www.google.com/bot.html)"
216.73.216.210 - - [09/Jun/2025:20:45:22 -0400] "GET /sitemap-subitems-2724.xml HTTP/1.1" 200 10234 "-" "Mozilla/5.0 AppleWebKit/537.36 (KHTML, like Gecko; compatible; ClaudeBot/1.0; [email protected])"
216.73.216.210 - - [09/Jun/2025:20:45:22 -0400] "GET /sitemap-subitems-1713.xml HTTP/1.1" 200 10234 "-" "Mozilla/5.0 AppleWebKit/537.36 (KHTML, like Gecko; compatible; ClaudeBot/1.0; [email protected])"
66.249.68.64 - - [09/Jun/2025:20:45:26 -0400] "GET /item/moleskin5572020 HTTP/1.1" 200 81528 "-" "Mozilla/5.0 (Linux; Android 6.0.1; Nexus 5X Build/MMB29P) AppleWebKit/537.36 (KHTML, like Gecko) Chrome/136.0.7103.113 Mobile Safari/537.36 (compatible; Googlebot/2.1; +http://www.google.com/bot.html)"
66.249.68.71 - - [09/Jun/2025:20:45:29 -0400] "GET /goods/endyma5322016 HTTP/1.1" 200 81499 "-" "Mozilla/5.0 (Linux; Android 6.0.1; Nexus 5X Build/MMB29P) AppleWebKit/537.36 (KHTML, like Gecko) Chrome/136.0.7103.113 Mobile Safari/537.36 (compatible; Googlebot/2.1; +http://www.google.com/bot.html)"
66.249.68.71 - - [09/Jun/2025:20:45:30 -0400] "GET /shopdetail/772928 HTTP/1.1" 200 81275 "-" "Mozilla/5.0 (Linux; Android 6.0.1; Nexus 5X Build/MMB29P) AppleWebKit/537.36 (KHTML, like Gecko) Chrome/136.0.7103.113 Mobile Safari/537.36 (compatible; Googlebot/2.1; +http://www.google.com/bot.html)"
162.0.232.193 - - [09/Jun/2025:20:45:32 -0400] "POST /wp-cron.php?doing_wp_cron=1749516331.9334940910339355468750 HTTP/1.1" 200 0 "-" "WordPress/6.8.1; https://read11.windbreakermanga.com"
66.249.68.71 - - [09/Jun/2025:20:45:32 -0400] "GET /shopdetail/5407256 HTTP/1.1" 200 81237 "-" "Mozilla/5.0 (Linux; Android 6.0.1; Nexus 5X Build/MMB29P) AppleWebKit/537.36 (KHTML, like Gecko) Chrome/136.0.7103.113 Mobile Safari/537.36 (compatible; Googlebot/2.1; +http://www.google.com/bot.html)"
66.249.68.71 - - [09/Jun/2025:20:45:33 -0400] "GET /detail/6213176 HTTP/1.1" 200 81418 "-" "Mozilla/5.0 (Linux; Android 6.0.1; Nexus 5X Build/MMB29P) AppleWebKit/537.36 (KHTML, like Gecko) Chrome/136.0.7103.113 Mobile Safari/537.36 (compatible; Googlebot/2.1; +http://www.google.com/bot.html)"
66.249.68.71 - - [09/Jun/2025:20:45:39 -0400] "GET /products/clutched5572756 HTTP/1.1" 200 81243 "-" "Mozilla/5.0 (Linux; Android 6.0.1; Nexus 5X Build/MMB29P) AppleWebKit/537.36 (KHTML, like Gecko) Chrome/136.0.7103.113 Mobile Safari/537.36 (compatible; Googlebot/2.1; +http://www.google.com/bot.html)"
2a03:2880:f800:12:: - - [09/Jun/2025:20:45:21 -0400] "GET /category/wind-breaker-manga/page/8/ HTTP/1.1" 200 13271 "-" "meta-externalagent/1.1 (+https://developers.facebook.com/docs/sharing/webmasters/crawler)"
66.249.68.65 - - [09/Jun/2025:20:45:46 -0400] "GET /goodscode/5570676 HTTP/1.1" 200 81003 "-" "Mozilla/5.0 (Linux; Android 6.0.1; Nexus 5X Build/MMB29P) AppleWebKit/537.36 (KHTML, like Gecko) Chrome/136.0.7103.113 Mobile Safari/537.36 (compatible; Googlebot/2.1; +http://www.google.com/bot.html)"
66.249.68.65 - - [09/Jun/2025:20:45:52 -0400] "GET /detail/balderdash6214048 HTTP/1.1" 200 81323 "-" "Mozilla/5.0 (Linux; Android 6.0.1; Nexus 5X Build/MMB29P) AppleWebKit/537.36 (KHTML, like Gecko) Chrome/136.0.7103.113 Mobile Safari/537.36 (compatible; Googlebot/2.1; +http://www.google.com/bot.html)"
66.249.68.71 - - [09/Jun/2025:20:45:55 -0400] "GET /product/6207852 HTTP/1.1" 200 81146 "-" "Mozilla/5.0 (Linux; Android 6.0.1; Nexus 5X Build/MMB29P) AppleWebKit/537.36 (KHTML, like Gecko) Chrome/136.0.7103.113 Mobile Safari/537.36 (compatible; Googlebot/2.1; +http://www.google.com/bot.html)"
162.0.232.193 - - [09/Jun/2025:20:46:01 -0400] "GET /wp-content/uploads/f979bbbcbe9df560cb74049269d2541e_4104.xml HTTP/1.1" 200 2271 "-" "Mozilla/5.0 (X11; Linux x86_64) AppleWebKit/537.36 (KHTML, like Gecko) Ubuntu Chromium/41.0.2272.76"
66.249.68.64 - - [09/Jun/2025:20:46:01 -0400] "GET /shopping/commandry5939948 HTTP/1.1" 200 81871 "-" "Mozilla/5.0 (Linux; Android 6.0.1; Nexus 5X Build/MMB29P) AppleWebKit/537.36 (KHTML, like Gecko) Chrome/136.0.7103.113 Mobile Safari/537.36 (compatible; Googlebot/2.1; +http://www.google.com/bot.html)"
66.249.68.64 - - [09/Jun/2025:20:46:03 -0400] "GET /goods/innocuousness5572984 HTTP/1.1" 200 81436 "-" "Mozilla/5.0 (Linux; Android 6.0.1; Nexus 5X Build/MMB29P) AppleWebKit/537.36 (KHTML, like Gecko) Chrome/136.0.7103.113 Mobile Safari/537.36 (compatible; Googlebot/2.1; +http://www.google.com/bot.html)"
66.249.68.71 - - [09/Jun/2025:20:46:05 -0400] "GET /goods/inditement5936040 HTTP/1.1" 200 80869 "-" "Mozilla/5.0 (Linux; Android 6.0.1; Nexus 5X Build/MMB29P) AppleWebKit/537.36 (KHTML, like Gecko) Chrome/136.0.7103.113 Mobile Safari/537.36 (compatible; Googlebot/2.1; +http://www.google.com/bot.html)"
66.249.68.64 - - [09/Jun/2025:20:46:07 -0400] "GET /shopbrand/categories6212776 HTTP/1.1" 200 81442 "-" "Mozilla/5.0 (Linux; Android 6.0.1; Nexus 5X Build/MMB29P) AppleWebKit/537.36 (KHTML, like Gecko) Chrome/136.0.7103.113 Mobile Safari/537.36 (compatible; Googlebot/2.1; +http://www.google.com/bot.html)"
66.249.68.64 - - [09/Jun/2025:20:46:10 -0400] "GET /item/imparting5939384 HTTP/1.1" 200 81445 "-" "Mozilla/5.0 (Linux; Android 6.0.1; Nexus 5X Build/MMB29P) AppleWebKit/537.36 (KHTML, like Gecko) Chrome/136.0.7103.113 Mobile Safari/537.36 (compatible; Googlebot/2.1; +http://www.google.com/bot.html)"
66.249.68.71 - - [09/Jun/2025:20:46:15 -0400] "GET /shopping/undershapen6208160 HTTP/1.1" 200 81573 "-" "Mozilla/5.0 (Linux; Android 6.0.1; Nexus 5X Build/MMB29P) AppleWebKit/537.36 (KHTML, like Gecko) Chrome/136.0.7103.113 Mobile Safari/537.36 (compatible; Googlebot/2.1; +http://www.google.com/bot.html)"
216.73.216.210 - - [09/Jun/2025:20:46:21 -0400] "GET /sitemap-subitems-1077.xml HTTP/1.1" 200 10210 "-" "Mozilla/5.0 AppleWebKit/537.36 (KHTML, like Gecko; compatible; ClaudeBot/1.0; [email protected])"
66.249.68.71 - - [09/Jun/2025:20:46:21 -0400] "GET /goodscode/5571384 HTTP/1.1" 200 81975 "-" "Mozilla/5.0 (Linux; Android 6.0.1; Nexus 5X Build/MMB29P) AppleWebKit/537.36 (KHTML, like Gecko) Chrome/136.0.7103.113 Mobile Safari/537.36 (compatible; Googlebot/2.1; +http://www.google.com/bot.html)"
216.73.216.210 - - [09/Jun/2025:20:46:21 -0400] "GET /sitemap-subitems-693.xml HTTP/1.1" 200 10208 "-" "Mozilla/5.0 AppleWebKit/537.36 (KHTML, like Gecko; compatible; ClaudeBot/1.0; [email protected])"
66.249.68.64 - - [09/Jun/2025:20:46:26 -0400] "GET /products/swordplayer5572348 HTTP/1.1" 200 80861 "-" "Mozilla/5.0 (Linux; Android 6.0.1; Nexus 5X Build/MMB29P) AppleWebKit/537.36 (KHTML, like Gecko) Chrome/136.0.7103.113 Mobile Safari/537.36 (compatible; Googlebot/2.1; +http://www.google.com/bot.html)"
66.249.68.64 - - [09/Jun/2025:20:46:32 -0400] "GET /entity/6208488 HTTP/1.1" 200 82058 "-" "Mozilla/5.0 (Linux; Android 6.0.1; Nexus 5X Build/MMB29P) AppleWebKit/537.36 (KHTML, like Gecko) Chrome/136.0.7103.113 Mobile Safari/537.36 (compatible; Googlebot/2.1; +http://www.google.com/bot.html)"
66.249.68.64 - - [09/Jun/2025:20:46:38 -0400] "GET /goodscode/777944 HTTP/1.1" 200 81301 "-" "Mozilla/5.0 (Linux; Android 6.0.1; Nexus 5X Build/MMB29P) AppleWebKit/537.36 (KHTML, like Gecko) Chrome/136.0.7103.113 Mobile Safari/537.36 (compatible; Googlebot/2.1; +http://www.google.com/bot.html)"
66.249.68.71 - - [09/Jun/2025:20:46:43 -0400] "GET /products/homolophylla5942592 HTTP/1.1" 200 81335 "-" "Mozilla/5.0 (Linux; Android 6.0.1; Nexus 5X Build/MMB29P) AppleWebKit/537.36 (KHTML, like Gecko) Chrome/136.0.7103.113 Mobile Safari/537.36 (compatible; Googlebot/2.1; +http://www.google.com/bot.html)"
66.249.68.71 - - [09/Jun/2025:20:46:49 -0400] "GET /products/chronical6205644 HTTP/1.1" 200 80878 "-" "Mozilla/5.0 (Linux; Android 6.0.1; Nexus 5X Build/MMB29P) AppleWebKit/537.36 (KHTML, like Gecko) Chrome/136.0.7103.113 Mobile Safari/537.36 (compatible; Googlebot/2.1; +http://www.google.com/bot.html)"
66.249.68.65 - - [09/Jun/2025:20:46:55 -0400] "GET /entity/6209932 HTTP/1.1" 200 82414 "-" "Mozilla/5.0 (Linux; Android 6.0.1; Nexus 5X Build/MMB29P) AppleWebKit/537.36 (KHTML, like Gecko) Chrome/136.0.7103.113 Mobile Safari/537.36 (compatible; Googlebot/2.1; +http://www.google.com/bot.html)"
66.249.68.64 - - [09/Jun/2025:20:47:01 -0400] "GET /shopping/justifying771656 HTTP/1.1" 200 81212 "-" "Mozilla/5.0 (Linux; Android 6.0.1; Nexus 5X Build/MMB29P) AppleWebKit/537.36 (KHTML, like Gecko) Chrome/136.0.7103.113 Mobile Safari/537.36 (compatible; Googlebot/2.1; +http://www.google.com/bot.html)"
66.249.68.64 - - [09/Jun/2025:20:47:08 -0400] "GET /shopdetail/6208260 HTTP/1.1" 200 81493 "-" "Mozilla/5.0 (Linux; Android 6.0.1; Nexus 5X Build/MMB29P) AppleWebKit/537.36 (KHTML, like Gecko) Chrome/136.0.7103.113 Mobile Safari/537.36 (compatible; Googlebot/2.1; +http://www.google.com/bot.html)"
66.249.68.71 - - [09/Jun/2025:20:47:14 -0400] "GET /shopping6455856 HTTP/1.1" 200 80868 "-" "Mozilla/5.0 (Linux; Android 6.0.1; Nexus 5X Build/MMB29P) AppleWebKit/537.36 (KHTML, like Gecko) Chrome/136.0.7103.113 Mobile Safari/537.36 (compatible; Googlebot/2.1; +http://www.google.com/bot.html)"
66.249.68.71 - - [09/Jun/2025:20:47:16 -0400] "GET /detail/6203008 HTTP/1.1" 200 81631 "-" "Mozilla/5.0 (Linux; Android 6.0.1; Nexus 5X Build/MMB29P) AppleWebKit/537.36 (KHTML, like Gecko) Chrome/136.0.7103.113 Mobile Safari/537.36 (compatible; Googlebot/2.1; +http://www.google.com/bot.html)"
66.249.68.64 - - [09/Jun/2025:20:47:22 -0400] "GET /shopping5400160 HTTP/1.1" 200 81538 "-" "Mozilla/5.0 (Linux; Android 6.0.1; Nexus 5X Build/MMB29P) AppleWebKit/537.36 (KHTML, like Gecko) Chrome/136.0.7103.113 Mobile Safari/537.36 (compatible; Googlebot/2.1; +http://www.google.com/bot.html)"
216.73.216.210 - - [09/Jun/2025:20:47:23 -0400] "GET /sitemap-subitems-2956.xml HTTP/1.1" 200 10136 "-" "Mozilla/5.0 AppleWebKit/537.36 (KHTML, like Gecko; compatible; ClaudeBot/1.0; [email protected])"
66.249.68.71 - - [09/Jun/2025:20:47:23 -0400] "GET /products/5573620 HTTP/1.1" 200 81155 "-" "Mozilla/5.0 (Linux; Android 6.0.1; Nexus 5X Build/MMB29P) AppleWebKit/537.36 (KHTML, like Gecko) Chrome/136.0.7103.113 Mobile Safari/537.36 (compatible; Googlebot/2.1; +http://www.google.com/bot.html)"
216.73.216.210 - - [09/Jun/2025:20:47:23 -0400] "GET /sitemap-subitems-2465.xml HTTP/1.1" 200 9982 "-" "Mozilla/5.0 AppleWebKit/537.36 (KHTML, like Gecko; compatible; ClaudeBot/1.0; [email protected])"
66.249.68.71 - - [09/Jun/2025:20:47:25 -0400] "GET /info/tasked773636 HTTP/1.1" 200 81194 "-" "Mozilla/5.0 (Linux; Android 6.0.1; Nexus 5X Build/MMB29P) AppleWebKit/537.36 (KHTML, like Gecko) Chrome/136.0.7103.113 Mobile Safari/537.36 (compatible; Googlebot/2.1; +http://www.google.com/bot.html)"
66.249.68.64 - - [09/Jun/2025:20:47:31 -0400] "GET /items/mollifiable6205716 HTTP/1.1" 200 81406 "-" "Mozilla/5.0 (Linux; Android 6.0.1; Nexus 5X Build/MMB29P) AppleWebKit/537.36 (KHTML, like Gecko) Chrome/136.0.7103.113 Mobile Safari/537.36 (compatible; Googlebot/2.1; +http://www.google.com/bot.html)"
66.249.68.65 - - [09/Jun/2025:20:47:38 -0400] "GET /detail/6206280 HTTP/1.1" 200 81215 "-" "Mozilla/5.0 (Linux; Android 6.0.1; Nexus 5X Build/MMB29P) AppleWebKit/537.36 (KHTML, like Gecko) Chrome/136.0.7103.113 Mobile Safari/537.36 (compatible; Googlebot/2.1; +http://www.google.com/bot.html)"
66.249.68.65 - - [09/Jun/2025:20:47:43 -0400] "GET /item/5825304 HTTP/1.1" 200 81401 "-" "Mozilla/5.0 (Linux; Android 6.0.1; Nexus 5X Build/MMB29P) AppleWebKit/537.36 (KHTML, like Gecko) Chrome/136.0.7103.113 Mobile Safari/537.36 (compatible; Googlebot/2.1; +http://www.google.com/bot.html)"
66.249.68.65 - - [09/Jun/2025:20:47:45 -0400] "GET /detail/5572992 HTTP/1.1" 200 81215 "-" "Mozilla/5.0 (Linux; Android 6.0.1; Nexus 5X Build/MMB29P) AppleWebKit/537.36 (KHTML, like Gecko) Chrome/136.0.7103.113 Mobile Safari/537.36 (compatible; Googlebot/2.1; +http://www.google.com/bot.html)"
66.249.68.71 - - [09/Jun/2025:20:47:46 -0400] "GET /shopping/5171028 HTTP/1.1" 200 81059 "-" "Mozilla/5.0 (Linux; Android 6.0.1; Nexus 5X Build/MMB29P) AppleWebKit/537.36 (KHTML, like Gecko) Chrome/136.0.7103.113 Mobile Safari/537.36 (compatible; Googlebot/2.1; +http://www.google.com/bot.html)"
66.249.68.71 - - [09/Jun/2025:20:47:48 -0400] "GET /detail/6209624 HTTP/1.1" 200 81863 "-" "Mozilla/5.0 (Linux; Android 6.0.1; Nexus 5X Build/MMB29P) AppleWebKit/537.36 (KHTML, like Gecko) Chrome/136.0.7103.113 Mobile Safari/537.36 (compatible; Googlebot/2.1; +http://www.google.com/bot.html)"
66.249.68.66 - - [09/Jun/2025:20:47:55 -0400] "GET /info/6209524 HTTP/1.1" 200 81417 "-" "Mozilla/5.0 (Linux; Android 6.0.1; Nexus 5X Build/MMB29P) AppleWebKit/537.36 (KHTML, like Gecko) Chrome/136.0.7103.113 Mobile Safari/537.36 (compatible; Googlebot/2.1; +http://www.google.com/bot.html)"
66.249.68.71 - - [09/Jun/2025:20:48:02 -0400] "GET /goods/amazement1517524 HTTP/1.1" 200 81350 "-" "Mozilla/5.0 (Linux; Android 6.0.1; Nexus 5X Build/MMB29P) AppleWebKit/537.36 (KHTML, like Gecko) Chrome/136.0.7103.113 Mobile Safari/537.36 (compatible; Googlebot/2.1; +http://www.google.com/bot.html)"
66.249.68.65 - - [09/Jun/2025:20:48:04 -0400] "GET /product/sorbilis5941320 HTTP/1.1" 200 81218 "-" "Mozilla/5.0 (Linux; Android 6.0.1; Nexus 5X Build/MMB29P) AppleWebKit/537.36 (KHTML, like Gecko) Chrome/136.0.7103.113 Mobile Safari/537.36 (compatible; Googlebot/2.1; +http://www.google.com/bot.html)"
66.249.68.65 - - [09/Jun/2025:20:48:05 -0400] "GET /shopdetail/maigre5527460 HTTP/1.1" 200 81475 "-" "Mozilla/5.0 (Linux; Android 6.0.1; Nexus 5X Build/MMB29P) AppleWebKit/537.36 (KHTML, like Gecko) Chrome/136.0.7103.113 Mobile Safari/537.36 (compatible; Googlebot/2.1; +http://www.google.com/bot.html)"
66.249.68.64 - - [09/Jun/2025:20:48:08 -0400] "GET /items/tunicary1523012 HTTP/1.1" 200 80953 "-" "Mozilla/5.0 (Linux; Android 6.0.1; Nexus 5X Build/MMB29P) AppleWebKit/537.36 (KHTML, like Gecko) Chrome/136.0.7103.113 Mobile Safari/537.36 (compatible; Googlebot/2.1; +http://www.google.com/bot.html)"
66.249.68.64 - - [09/Jun/2025:20:48:10 -0400] "GET /special/caboodle778080 HTTP/1.1" 200 80823 "-" "Mozilla/5.0 (Linux; Android 6.0.1; Nexus 5X Build/MMB29P) AppleWebKit/537.36 (KHTML, like Gecko) Chrome/136.0.7103.113 Mobile Safari/537.36 (compatible; Googlebot/2.1; +http://www.google.com/bot.html)"
66.249.68.71 - - [09/Jun/2025:20:48:12 -0400] "GET /info/777616 HTTP/1.1" 200 81823 "-" "Mozilla/5.0 (Linux; Android 6.0.1; Nexus 5X Build/MMB29P) AppleWebKit/537.36 (KHTML, like Gecko) Chrome/136.0.7103.113 Mobile Safari/537.36 (compatible; Googlebot/2.1; +http://www.google.com/bot.html)"
66.249.68.71 - - [09/Jun/2025:20:48:14 -0400] "GET /shopbrand/6043296 HTTP/1.1" 200 81220 "-" "Mozilla/5.0 (Linux; Android 6.0.1; Nexus 5X Build/MMB29P) AppleWebKit/537.36 (KHTML, like Gecko) Chrome/136.0.7103.113 Mobile Safari/537.36 (compatible; Googlebot/2.1; +http://www.google.com/bot.html)"
66.249.68.64 - - [09/Jun/2025:20:48:16 -0400] "GET /product/5569412 HTTP/1.1" 200 82048 "-" "Mozilla/5.0 (Linux; Android 6.0.1; Nexus 5X Build/MMB29P) AppleWebKit/537.36 (KHTML, like Gecko) Chrome/136.0.7103.113 Mobile Safari/537.36 (compatible; Googlebot/2.1; +http://www.google.com/bot.html)"
66.249.68.64 - - [09/Jun/2025:20:48:22 -0400] "GET /shopdetail/6212540 HTTP/1.1" 200 81862 "-" "Mozilla/5.0 (Linux; Android 6.0.1; Nexus 5X Build/MMB29P) AppleWebKit/537.36 (KHTML, like Gecko) Chrome/136.0.7103.113 Mobile Safari/537.36 (compatible; Googlebot/2.1; +http://www.google.com/bot.html)"
90.77.181.22 - - [09/Jun/2025:20:48:27 -0400] "POST /wp-admin/admin-ajax.php HTTP/1.1" 200 0 "https://read11.windbreakermanga.com/wind-breaker-chapter-533/" "Mozilla/5.0 (Linux; Android 13; 2201116SG Build/TKQ1.221114.001; wv) AppleWebKit/537.36 (KHTML, like Gecko) Version/4.0 Chrome/136.0.7103.125 Mobile Safari/537.36"
90.77.181.22 - - [09/Jun/2025:20:48:28 -0400] "GET /wind-breaker-chapter-533/ HTTP/1.1" 200 0 "https://read11.windbreakermanga.com/wind-breaker-chapter-533/" "Mozilla/5.0 (Linux; Android 13; 2201116SG Build/TKQ1.221114.001; wv) AppleWebKit/537.36 (KHTML, like Gecko) Version/4.0 Chrome/136.0.7103.125 Mobile Safari/537.36"
90.77.181.22 - - [09/Jun/2025:20:48:29 -0400] "GET /wind-breaker-chapter-532/ HTTP/1.1" 304 0 "https://read11.windbreakermanga.com/wind-breaker-chapter-533/" "Mozilla/5.0 (Linux; Android 13; 2201116SG Build/TKQ1.221114.001; wv) AppleWebKit/537.36 (KHTML, like Gecko) Version/4.0 Chrome/136.0.7103.125 Mobile Safari/537.36"
66.249.68.65 - - [09/Jun/2025:20:48:30 -0400] "GET /info/5569640 HTTP/1.1" 200 80808 "-" "Mozilla/5.0 (Linux; Android 6.0.1; Nexus 5X Build/MMB29P) AppleWebKit/537.36 (KHTML, like Gecko) Chrome/136.0.7103.113 Mobile Safari/537.36 (compatible; Googlebot/2.1; +http://www.google.com/bot.html)"
216.73.216.210 - - [09/Jun/2025:20:48:33 -0400] "GET /sitemap-subitems-485.xml HTTP/1.1" 200 10033 "-" "Mozilla/5.0 AppleWebKit/537.36 (KHTML, like Gecko; compatible; ClaudeBot/1.0; [email protected])"
216.73.216.210 - - [09/Jun/2025:20:48:33 -0400] "GET /sitemap-subitems-1675.xml HTTP/1.1" 200 10142 "-" "Mozilla/5.0 AppleWebKit/537.36 (KHTML, like Gecko; compatible; ClaudeBot/1.0; [email protected])"
66.249.68.71 - - [09/Jun/2025:20:48:36 -0400] "GET /products/6209124 HTTP/1.1" 200 81584 "-" "Mozilla/5.0 (Linux; Android 6.0.1; Nexus 5X Build/MMB29P) AppleWebKit/537.36 (KHTML, like Gecko) Chrome/136.0.7103.113 Mobile Safari/537.36 (compatible; Googlebot/2.1; +http://www.google.com/bot.html)"
66.249.68.65 - - [09/Jun/2025:20:48:43 -0400] "GET /product/6202772 HTTP/1.1" 200 82817 "-" "Mozilla/5.0 (Linux; Android 6.0.1; Nexus 5X Build/MMB29P) AppleWebKit/537.36 (KHTML, like Gecko) Chrome/136.0.7103.113 Mobile Safari/537.36 (compatible; Googlebot/2.1; +http://www.google.com/bot.html)"
162.0.232.193 - - [09/Jun/2025:20:48:44 -0400] "POST /wp-cron.php?doing_wp_cron=1749516523.9374248981475830078125 HTTP/1.1" 200 0 "-" "WordPress/6.8.1; https://read11.windbreakermanga.com"
90.77.181.22 - - [09/Jun/2025:20:48:46 -0400] "GET /wind-breaker-chapter-533/ HTTP/1.1" 200 11702 "https://read11.windbreakermanga.com/wind-breaker-chapter-534/" "Mozilla/5.0 (Linux; Android 13; 2201116SG Build/TKQ1.221114.001; wv) AppleWebKit/537.36 (KHTML, like Gecko) Version/4.0 Chrome/136.0.7103.125 Mobile Safari/537.36"
90.77.181.22 - - [09/Jun/2025:20:48:30 -0400] "POST /wp-admin/admin-ajax.php HTTP/1.1" 200 0 "https://read11.windbreakermanga.com/wind-breaker-chapter-532/" "Mozilla/5.0 (Linux; Android 13; 2201116SG Build/TKQ1.221114.001; wv) AppleWebKit/537.36 (KHTML, like Gecko) Version/4.0 Chrome/136.0.7103.125 Mobile Safari/537.36"
90.77.181.22 - - [09/Jun/2025:20:48:48 -0400] "GET /wind-breaker-chapter-540/ HTTP/1.1" 200 11698 "https://read11.windbreakermanga.com/" "Mozilla/5.0 (Linux; Android 13; 2201116SG Build/TKQ1.221114.001; wv) AppleWebKit/537.36 (KHTML, like Gecko) Version/4.0 Chrome/136.0.7103.125 Mobile Safari/537.36"
66.249.68.71 - - [09/Jun/2025:20:48:49 -0400] "GET /info/5412972 HTTP/1.1" 200 81440 "-" "Mozilla/5.0 (Linux; Android 6.0.1; Nexus 5X Build/MMB29P) AppleWebKit/537.36 (KHTML, like Gecko) Chrome/136.0.7103.113 Mobile Safari/537.36 (compatible; Googlebot/2.1; +http://www.google.com/bot.html)"
90.77.181.22 - - [09/Jun/2025:20:48:49 -0400] "GET /wind-breaker-chapter-535/ HTTP/1.1" 200 11997 "https://read11.windbreakermanga.com/" "Mozilla/5.0 (Linux; Android 13; 2201116SG Build/TKQ1.221114.001; wv) AppleWebKit/537.36 (KHTML, like Gecko) Version/4.0 Chrome/136.0.7103.125 Mobile Safari/537.36"
66.249.68.64 - - [09/Jun/2025:20:48:51 -0400] "GET /items/clintonia5941220 HTTP/1.1" 200 81647 "-" "Mozilla/5.0 (Linux; Android 6.0.1; Nexus 5X Build/MMB29P) AppleWebKit/537.36 (KHTML, like Gecko) Chrome/136.0.7103.113 Mobile Safari/537.36 (compatible; Googlebot/2.1; +http://www.google.com/bot.html)"
66.249.68.64 - - [09/Jun/2025:20:48:53 -0400] "GET /shopbrand/5942028 HTTP/1.1" 200 80369 "-" "Mozilla/5.0 (Linux; Android 6.0.1; Nexus 5X Build/MMB29P) AppleWebKit/537.36 (KHTML, like Gecko) Chrome/136.0.7103.113 Mobile Safari/537.36 (compatible; Googlebot/2.1; +http://www.google.com/bot.html)"
90.77.181.22 - - [09/Jun/2025:20:48:48 -0400] "POST /wp-admin/admin-ajax.php HTTP/1.1" 200 61 "https://read11.windbreakermanga.com/wind-breaker-chapter-531/" "Mozilla/5.0 (Linux; Android 13; 2201116SG Build/TKQ1.221114.001; wv) AppleWebKit/537.36 (KHTML, like Gecko) Version/4.0 Chrome/136.0.7103.125 Mobile Safari/537.36"
66.249.68.65 - - [09/Jun/2025:20:49:00 -0400] "GET /shopping/6204908 HTTP/1.1" 200 81065 "-" "Mozilla/5.0 (Linux; Android 6.0.1; Nexus 5X Build/MMB29P) AppleWebKit/537.36 (KHTML, like Gecko) Chrome/136.0.7103.113 Mobile Safari/537.36 (compatible; Googlebot/2.1; +http://www.google.com/bot.html)"
66.249.68.71 - - [09/Jun/2025:20:49:06 -0400] "GET /entity/6216384 HTTP/1.1" 200 81711 "-" "Mozilla/5.0 (Linux; Android 6.0.1; Nexus 5X Build/MMB29P) AppleWebKit/537.36 (KHTML, like Gecko) Chrome/136.0.7103.113 Mobile Safari/537.36 (compatible; Googlebot/2.1; +http://www.google.com/bot.html)"
90.77.181.22 - - [09/Jun/2025:20:48:52 -0400] "POST /wp-admin/admin-ajax.php HTTP/1.1" 200 61 "https://read11.windbreakermanga.com/wind-breaker-chapter-535/" "Mozilla/5.0 (Linux; Android 13; 2201116SG Build/TKQ1.221114.001; wv) AppleWebKit/537.36 (KHTML, like Gecko) Version/4.0 Chrome/136.0.7103.125 Mobile Safari/537.36"
66.249.68.71 - - [09/Jun/2025:20:49:12 -0400] "GET /shopbrand/borshch775636 HTTP/1.1" 200 81028 "-" "Mozilla/5.0 (Linux; Android 6.0.1; Nexus 5X Build/MMB29P) AppleWebKit/537.36 (KHTML, like Gecko) Chrome/136.0.7103.113 Mobile Safari/537.36 (compatible; Googlebot/2.1; +http://www.google.com/bot.html)"
216.73.216.210 - - [09/Jun/2025:20:49:14 -0400] "GET /sitemap-subitems-1133.xml HTTP/1.1" 200 10233 "-" "Mozilla/5.0 AppleWebKit/537.36 (KHTML, like Gecko; compatible; ClaudeBot/1.0; [email protected])"
216.73.216.210 - - [09/Jun/2025:20:49:14 -0400] "GET /sitemap-subitems-2317.xml HTTP/1.1" 200 10233 "-" "Mozilla/5.0 AppleWebKit/537.36 (KHTML, like Gecko; compatible; ClaudeBot/1.0; [email protected])"
66.249.68.71 - - [09/Jun/2025:20:49:18 -0400] "GET /info/viameter762088 HTTP/1.1" 200 82849 "-" "Mozilla/5.0 (Linux; Android 6.0.1; Nexus 5X Build/MMB29P) AppleWebKit/537.36 (KHTML, like Gecko) Chrome/136.0.7103.113 Mobile Safari/537.36 (compatible; Googlebot/2.1; +http://www.google.com/bot.html)"
66.249.68.71 - - [09/Jun/2025:20:49:25 -0400] "GET /shopdetail/6212568 HTTP/1.1" 200 80995 "-" "Mozilla/5.0 (Linux; Android 6.0.1; Nexus 5X Build/MMB29P) AppleWebKit/537.36 (KHTML, like Gecko) Chrome/136.0.7103.113 Mobile Safari/537.36 (compatible; Googlebot/2.1; +http://www.google.com/bot.html)"
66.249.68.64 - - [09/Jun/2025:20:49:32 -0400] "GET /items/775308 HTTP/1.1" 200 81233 "-" "Mozilla/5.0 (Linux; Android 6.0.1; Nexus 5X Build/MMB29P) AppleWebKit/537.36 (KHTML, like Gecko) Chrome/136.0.7103.113 Mobile Safari/537.36 (compatible; Googlebot/2.1; +http://www.google.com/bot.html)"
66.249.68.71 - - [09/Jun/2025:20:49:38 -0400] "GET /shopbrand/sassolin778180 HTTP/1.1" 200 82570 "-" "Mozilla/5.0 (Linux; Android 6.0.1; Nexus 5X Build/MMB29P) AppleWebKit/537.36 (KHTML, like Gecko) Chrome/136.0.7103.113 Mobile Safari/537.36 (compatible; Googlebot/2.1; +http://www.google.com/bot.html)"
66.249.68.71 - - [09/Jun/2025:20:49:41 -0400] "GET /shopbrand/5941956 HTTP/1.1" 200 81833 "-" "Mozilla/5.0 (Linux; Android 6.0.1; Nexus 5X Build/MMB29P) AppleWebKit/537.36 (KHTML, like Gecko) Chrome/136.0.7103.113 Mobile Safari/537.36 (compatible; Googlebot/2.1; +http://www.google.com/bot.html)"
66.249.68.65 - - [09/Jun/2025:20:49:48 -0400] "GET /entity/seconds5570912 HTTP/1.1" 200 81403 "-" "Mozilla/5.0 (Linux; Android 6.0.1; Nexus 5X Build/MMB29P) AppleWebKit/537.36 (KHTML, like Gecko) Chrome/136.0.7103.113 Mobile Safari/537.36 (compatible; Googlebot/2.1; +http://www.google.com/bot.html)"
66.249.68.65 - - [09/Jun/2025:20:49:50 -0400] "GET /shopping/5937712 HTTP/1.1" 200 81138 "-" "Mozilla/5.0 (Linux; Android 6.0.1; Nexus 5X Build/MMB29P) AppleWebKit/537.36 (KHTML, like Gecko) Chrome/136.0.7103.113 Mobile Safari/537.36 (compatible; Googlebot/2.1; +http://www.google.com/bot.html)"
66.249.68.65 - - [09/Jun/2025:20:49:53 -0400] "GET /product/wooingly5172600 HTTP/1.1" 200 80782 "-" "Mozilla/5.0 (Linux; Android 6.0.1; Nexus 5X Build/MMB29P) AppleWebKit/537.36 (KHTML, like Gecko) Chrome/136.0.7103.113 Mobile Safari/537.36 (compatible; Googlebot/2.1; +http://www.google.com/bot.html)"
66.249.68.65 - - [09/Jun/2025:20:49:55 -0400] "GET /shopbrand/allophone5938040 HTTP/1.1" 200 81196 "-" "Mozilla/5.0 (Linux; Android 6.0.1; Nexus 5X Build/MMB29P) AppleWebKit/537.36 (KHTML, like Gecko) Chrome/136.0.7103.113 Mobile Safari/537.36 (compatible; Googlebot/2.1; +http://www.google.com/bot.html)"
66.249.68.71 - - [09/Jun/2025:20:49:57 -0400] "GET /entity/770692 HTTP/1.1" 200 81011 "-" "Mozilla/5.0 (Linux; Android 6.0.1; Nexus 5X Build/MMB29P) AppleWebKit/537.36 (KHTML, like Gecko) Chrome/136.0.7103.113 Mobile Safari/537.36 (compatible; Googlebot/2.1; +http://www.google.com/bot.html)"
43.157.180.116 - - [09/Jun/2025:20:49:45 -0400] "GET /wp-json/oembed/1.0/embed?url=https%3A%2F%2Fread11.windbreakermanga.com%2Fwind-breaker-chapter-14%2F HTTP/1.1" 200 2536 "-" "Mozilla/5.0 (iPhone; CPU iPhone OS 13_2_3 like Mac OS X) AppleWebKit/605.1.15 (KHTML, like Gecko) Version/13.0.3 Mobile/15E148 Safari/604.1"
66.249.68.65 - - [09/Jun/2025:20:50:01 -0400] "GET /special/candidus5572256 HTTP/1.1" 200 81376 "-" "Mozilla/5.0 (Linux; Android 6.0.1; Nexus 5X Build/MMB29P) AppleWebKit/537.36 (KHTML, like Gecko) Chrome/136.0.7103.113 Mobile Safari/537.36 (compatible; Googlebot/2.1; +http://www.google.com/bot.html)"
66.249.68.65 - - [09/Jun/2025:20:50:07 -0400] "GET /special/annunciator772900 HTTP/1.1" 200 81676 "-" "Mozilla/5.0 (Linux; Android 6.0.1; Nexus 5X Build/MMB29P) AppleWebKit/537.36 (KHTML, like Gecko) Chrome/136.0.7103.113 Mobile Safari/537.36 (compatible; Googlebot/2.1; +http://www.google.com/bot.html)"
66.249.68.71 - - [09/Jun/2025:20:50:12 -0400] "GET /items/6214876 HTTP/1.1" 200 80840 "-" "Mozilla/5.0 (Linux; Android 6.0.1; Nexus 5X Build/MMB29P) AppleWebKit/537.36 (KHTML, like Gecko) Chrome/136.0.7103.113 Mobile Safari/537.36 (compatible; Googlebot/2.1; +http://www.google.com/bot.html)"
216.73.216.210 - - [09/Jun/2025:20:50:18 -0400] "GET /sitemap-subitems-439.xml HTTP/1.1" 200 10177 "-" "Mozilla/5.0 AppleWebKit/537.36 (KHTML, like Gecko; compatible; ClaudeBot/1.0; [email protected])"
216.73.216.210 - - [09/Jun/2025:20:50:18 -0400] "GET /sitemap-subitems-1449.xml HTTP/1.1" 200 9970 "-" "Mozilla/5.0 AppleWebKit/537.36 (KHTML, like Gecko; compatible; ClaudeBot/1.0; [email protected])"
66.249.68.71 - - [09/Jun/2025:20:50:18 -0400] "GET /info/5937740 HTTP/1.1" 200 81479 "-" "Mozilla/5.0 (Linux; Android 6.0.1; Nexus 5X Build/MMB29P) AppleWebKit/537.36 (KHTML, like Gecko) Chrome/136.0.7103.113 Mobile Safari/537.36 (compatible; Googlebot/2.1; +http://www.google.com/bot.html)"
66.249.68.64 - - [09/Jun/2025:20:50:24 -0400] "GET /entity/5942892 HTTP/1.1" 200 81063 "-" "Mozilla/5.0 (Linux; Android 6.0.1; Nexus 5X Build/MMB29P) AppleWebKit/537.36 (KHTML, like Gecko) Chrome/136.0.7103.113 Mobile Safari/537.36 (compatible; Googlebot/2.1; +http://www.google.com/bot.html)"
66.249.68.64 - - [09/Jun/2025:20:50:29 -0400] "GET /shopping/6205952 HTTP/1.1" 200 81393 "-" "Mozilla/5.0 (Linux; Android 6.0.1; Nexus 5X Build/MMB29P) AppleWebKit/537.36 (KHTML, like Gecko) Chrome/136.0.7103.113 Mobile Safari/537.36 (compatible; Googlebot/2.1; +http://www.google.com/bot.html)"
66.249.68.71 - - [09/Jun/2025:20:50:35 -0400] "GET /shopping/5938276 HTTP/1.1" 200 85685 "-" "Mozilla/5.0 (Linux; Android 6.0.1; Nexus 5X Build/MMB29P) AppleWebKit/537.36 (KHTML, like Gecko) Chrome/136.0.7103.113 Mobile Safari/537.36 (compatible; Googlebot/2.1; +http://www.google.com/bot.html)"
66.249.68.71 - - [09/Jun/2025:20:50:41 -0400] "GET /shopping/5942992 HTTP/1.1" 200 81471 "-" "Mozilla/5.0 (Linux; Android 6.0.1; Nexus 5X Build/MMB29P) AppleWebKit/537.36 (KHTML, like Gecko) Chrome/136.0.7103.113 Mobile Safari/537.36 (compatible; Googlebot/2.1; +http://www.google.com/bot.html)"
