66.249.68.65 - - [09/Jun/2025:20:50:46 -0400] "GET /items/5941392 HTTP/1.1" 200 81773 "-" "Mozilla/5.0 (Linux; Android 6.0.1; Nexus 5X Build/MMB29P) AppleWebKit/537.36 (KHTML, like Gecko) Chrome/136.0.7103.113 Mobile Safari/537.36 (compatible; Googlebot/2.1; +http://www.google.com/bot.html)"
66.249.68.65 - - [09/Jun/2025:20:50:52 -0400] "GET /shopping/5940348 HTTP/1.1" 200 81260 "-" "Mozilla/5.0 (Linux; Android 6.0.1; Nexus 5X Build/MMB29P) AppleWebKit/537.36 (KHTML, like Gecko) Chrome/136.0.7103.113 Mobile Safari/537.36 (compatible; Googlebot/2.1; +http://www.google.com/bot.html)"
66.249.68.65 - - [09/Jun/2025:20:50:57 -0400] "GET /shopdetail/5940756 HTTP/1.1" 200 81525 "-" "Mozilla/5.0 (Linux; Android 6.0.1; Nexus 5X Build/MMB29P) AppleWebKit/537.36 (KHTML, like Gecko) Chrome/136.0.7103.113 Mobile Safari/537.36 (compatible; Googlebot/2.1; +http://www.google.com/bot.html)"
66.249.68.64 - - [09/Jun/2025:20:51:03 -0400] "GET /info/5569812 HTTP/1.1" 200 81005 "-" "Mozilla/5.0 (Linux; Android 6.0.1; Nexus 5X Build/MMB29P) AppleWebKit/537.36 (KHTML, like Gecko) Chrome/136.0.7103.113 Mobile Safari/537.36 (compatible; Googlebot/2.1; +http://www.google.com/bot.html)"
66.249.68.71 - - [09/Jun/2025:20:51:09 -0400] "GET /info/761852 HTTP/1.1" 200 81206 "-" "Mozilla/5.0 (Linux; Android 6.0.1; Nexus 5X Build/MMB29P) AppleWebKit/537.36 (KHTML, like Gecko) Chrome/136.0.7103.113 Mobile Safari/537.36 (compatible; Googlebot/2.1; +http://www.google.com/bot.html)"
66.249.68.66 - - [09/Jun/2025:20:51:18 -0400] "GET /entity/776480 HTTP/1.1" 200 81157 "-" "Mozilla/5.0 (Linux; Android 6.0.1; Nexus 5X Build/MMB29P) AppleWebKit/537.36 (KHTML, like Gecko) Chrome/136.0.7103.113 Mobile Safari/537.36 (compatible; Googlebot/2.1; +http://www.google.com/bot.html)"
66.249.68.66 - - [09/Jun/2025:20:51:20 -0400] "GET /goodscode/5500092 HTTP/1.1" 200 81187 "-" "Mozilla/5.0 (Linux; Android 6.0.1; Nexus 5X Build/MMB29P) AppleWebKit/537.36 (KHTML, like Gecko) Chrome/136.0.7103.113 Mobile Safari/537.36 (compatible; Googlebot/2.1; +http://www.google.com/bot.html)"
66.249.68.66 - - [09/Jun/2025:20:51:22 -0400] "GET /goods/5937104 HTTP/1.1" 200 81264 "-" "Mozilla/5.0 (Linux; Android 6.0.1; Nexus 5X Build/MMB29P) AppleWebKit/537.36 (KHTML, like Gecko) Chrome/136.0.7103.113 Mobile Safari/537.36 (compatible; Googlebot/2.1; +http://www.google.com/bot.html)"
216.73.216.210 - - [09/Jun/2025:20:51:23 -0400] "GET /sitemap-subitems-2171.xml HTTP/1.1" 200 10138 "-" "Mozilla/5.0 AppleWebKit/537.36 (KHTML, like Gecko; compatible; ClaudeBot/1.0; [email protected])"
216.73.216.210 - - [09/Jun/2025:20:51:23 -0400] "GET /sitemap-subitems-2527.xml HTTP/1.1" 200 9987 "-" "Mozilla/5.0 AppleWebKit/537.36 (KHTML, like Gecko; compatible; ClaudeBot/1.0; [email protected])"
66.249.68.66 - - [09/Jun/2025:20:51:28 -0400] "GET /item/6039744 HTTP/1.1" 200 82137 "-" "Mozilla/5.0 (Linux; Android 6.0.1; Nexus 5X Build/MMB29P) AppleWebKit/537.36 (KHTML, like Gecko) Chrome/136.0.7103.113 Mobile Safari/537.36 (compatible; Googlebot/2.1; +http://www.google.com/bot.html)"
66.249.68.66 - - [09/Jun/2025:20:51:30 -0400] "GET /shopping/counterfeitly5935504 HTTP/1.1" 200 81155 "-" "Mozilla/5.0 (Linux; Android 6.0.1; Nexus 5X Build/MMB29P) AppleWebKit/537.36 (KHTML, like Gecko) Chrome/136.0.7103.113 Mobile Safari/537.36 (compatible; Googlebot/2.1; +http://www.google.com/bot.html)"
66.249.68.67 - - [09/Jun/2025:20:51:32 -0400] "GET /goods/nucleated5569712 HTTP/1.1" 200 81366 "-" "Mozilla/5.0 (Linux; Android 6.0.1; Nexus 5X Build/MMB29P) AppleWebKit/537.36 (KHTML, like Gecko) Chrome/136.0.7103.113 Mobile Safari/537.36 (compatible; Googlebot/2.1; +http://www.google.com/bot.html)"
66.249.68.68 - - [09/Jun/2025:20:51:34 -0400] "GET /products/5988796 HTTP/1.1" 200 81151 "-" "Mozilla/5.0 (Linux; Android 6.0.1; Nexus 5X Build/MMB29P) AppleWebKit/537.36 (KHTML, like Gecko) Chrome/136.0.7103.113 Mobile Safari/537.36 (compatible; Googlebot/2.1; +http://www.google.com/bot.html)"
66.249.68.66 - - [09/Jun/2025:20:51:41 -0400] "GET /shopping/anabasis5942564 HTTP/1.1" 200 81278 "-" "Mozilla/5.0 (Linux; Android 6.0.1; Nexus 5X Build/MMB29P) AppleWebKit/537.36 (KHTML, like Gecko) Chrome/136.0.7103.113 Mobile Safari/537.36 (compatible; Googlebot/2.1; +http://www.google.com/bot.html)"
66.249.68.68 - - [09/Jun/2025:20:51:44 -0400] "GET /shopbrand/griefful998980 HTTP/1.1" 200 81286 "-" "Mozilla/5.0 (Linux; Android 6.0.1; Nexus 5X Build/MMB29P) AppleWebKit/537.36 (KHTML, like Gecko) Chrome/136.0.7103.113 Mobile Safari/537.36 (compatible; Googlebot/2.1; +http://www.google.com/bot.html)"
66.249.68.67 - - [09/Jun/2025:20:51:46 -0400] "GET /goodscode/5935968 HTTP/1.1" 200 81795 "-" "Mozilla/5.0 (Linux; Android 6.0.1; Nexus 5X Build/MMB29P) AppleWebKit/537.36 (KHTML, like Gecko) Chrome/136.0.7103.113 Mobile Safari/537.36 (compatible; Googlebot/2.1; +http://www.google.com/bot.html)"
66.249.68.66 - - [09/Jun/2025:20:51:53 -0400] "GET /goods/5940020 HTTP/1.1" 200 81234 "-" "Mozilla/5.0 (Linux; Android 6.0.1; Nexus 5X Build/MMB29P) AppleWebKit/537.36 (KHTML, like Gecko) Chrome/136.0.7103.113 Mobile Safari/537.36 (compatible; Googlebot/2.1; +http://www.google.com/bot.html)"
66.249.68.67 - - [09/Jun/2025:20:51:59 -0400] "GET /detail/anarchal6210260 HTTP/1.1" 200 81437 "-" "Mozilla/5.0 (Linux; Android 6.0.1; Nexus 5X Build/MMB29P) AppleWebKit/537.36 (KHTML, like Gecko) Chrome/136.0.7103.113 Mobile Safari/537.36 (compatible; Googlebot/2.1; +http://www.google.com/bot.html)"
66.249.68.69 - - [09/Jun/2025:20:52:02 -0400] "GET /detail/aftercast5939620 HTTP/1.1" 200 81755 "-" "Mozilla/5.0 (Linux; Android 6.0.1; Nexus 5X Build/MMB29P) AppleWebKit/537.36 (KHTML, like Gecko) Chrome/136.0.7103.113 Mobile Safari/537.36 (compatible; Googlebot/2.1; +http://www.google.com/bot.html)"
66.249.68.68 - - [09/Jun/2025:20:52:09 -0400] "GET /item/6204680 HTTP/1.1" 200 81079 "-" "Mozilla/5.0 (Linux; Android 6.0.1; Nexus 5X Build/MMB29P) AppleWebKit/537.36 (KHTML, like Gecko) Chrome/136.0.7103.113 Mobile Safari/537.36 (compatible; Googlebot/2.1; +http://www.google.com/bot.html)"
47.79.117.252 - - [09/Jun/2025:20:52:10 -0400] "GET /wind-breaker-chapter-204/ HTTP/1.1" 200 11992 "https://read11.windbreakermanga.com/wind-breaker-chapter-204/" "Mozilla/5.0 (Windows NT 10.0; Win64; x64) AppleWebKit/537.36 (KHTML, like Gecko) Chrome/114.0.0.0 Safari/537.36 Edg/114.0.1823.43"
66.249.68.68 - - [09/Jun/2025:20:52:11 -0400] "GET /entity/tripartient5320672 HTTP/1.1" 200 81522 "-" "Mozilla/5.0 (Linux; Android 6.0.1; Nexus 5X Build/MMB29P) AppleWebKit/537.36 (KHTML, like Gecko) Chrome/136.0.7103.113 Mobile Safari/537.36 (compatible; Googlebot/2.1; +http://www.google.com/bot.html)"
66.249.68.67 - - [09/Jun/2025:20:52:13 -0400] "GET /products/potcher5939412 HTTP/1.1" 200 81808 "-" "Mozilla/5.0 (Linux; Android 6.0.1; Nexus 5X Build/MMB29P) AppleWebKit/537.36 (KHTML, like Gecko) Chrome/136.0.7103.113 Mobile Safari/537.36 (compatible; Googlebot/2.1; +http://www.google.com/bot.html)"
216.73.216.210 - - [09/Jun/2025:20:52:19 -0400] "GET /sitemap-subitems-1848.xml HTTP/1.1" 200 10215 "-" "Mozilla/5.0 AppleWebKit/537.36 (KHTML, like Gecko; compatible; ClaudeBot/1.0; [email protected])"
216.73.216.210 - - [09/Jun/2025:20:52:19 -0400] "GET /sitemap-subitems-630.xml HTTP/1.1" 200 10214 "-" "Mozilla/5.0 AppleWebKit/537.36 (KHTML, like Gecko; compatible; ClaudeBot/1.0; [email protected])"
66.249.68.67 - - [09/Jun/2025:20:52:20 -0400] "GET /shopdetail/5571620 HTTP/1.1" 200 82683 "-" "Mozilla/5.0 (Linux; Android 6.0.1; Nexus 5X Build/MMB29P) AppleWebKit/537.36 (KHTML, like Gecko) Chrome/136.0.7103.113 Mobile Safari/537.36 (compatible; Googlebot/2.1; +http://www.google.com/bot.html)"
66.249.68.67 - - [09/Jun/2025:20:52:26 -0400] "GET /entity/5815128 HTTP/1.1" 200 81702 "-" "Mozilla/5.0 (Linux; Android 6.0.1; Nexus 5X Build/MMB29P) AppleWebKit/537.36 (KHTML, like Gecko) Chrome/136.0.7103.113 Mobile Safari/537.36 (compatible; Googlebot/2.1; +http://www.google.com/bot.html)"
66.249.68.66 - - [09/Jun/2025:20:52:28 -0400] "GET /entity/772292 HTTP/1.1" 200 81844 "-" "Mozilla/5.0 (Linux; Android 6.0.1; Nexus 5X Build/MMB29P) AppleWebKit/537.36 (KHTML, like Gecko) Chrome/136.0.7103.113 Mobile Safari/537.36 (compatible; Googlebot/2.1; +http://www.google.com/bot.html)"
66.249.68.68 - - [09/Jun/2025:20:52:30 -0400] "GET /info/6215012 HTTP/1.1" 200 81309 "-" "Mozilla/5.0 (Linux; Android 6.0.1; Nexus 5X Build/MMB29P) AppleWebKit/537.36 (KHTML, like Gecko) Chrome/136.0.7103.113 Mobile Safari/537.36 (compatible; Googlebot/2.1; +http://www.google.com/bot.html)"
66.249.68.66 - - [09/Jun/2025:20:52:36 -0400] "GET /info/6210468 HTTP/1.1" 200 81460 "-" "Mozilla/5.0 (Linux; Android 6.0.1; Nexus 5X Build/MMB29P) AppleWebKit/537.36 (KHTML, like Gecko) Chrome/136.0.7103.113 Mobile Safari/537.36 (compatible; Googlebot/2.1; +http://www.google.com/bot.html)"
66.249.68.68 - - [09/Jun/2025:20:52:43 -0400] "GET /shopdetail/payman6207624 HTTP/1.1" 200 81488 "-" "Mozilla/5.0 (Linux; Android 6.0.1; Nexus 5X Build/MMB29P) AppleWebKit/537.36 (KHTML, like Gecko) Chrome/136.0.7103.113 Mobile Safari/537.36 (compatible; Googlebot/2.1; +http://www.google.com/bot.html)"
66.249.68.66 - - [09/Jun/2025:20:52:49 -0400] "GET /goodscode/zolaize6210332 HTTP/1.1" 200 81954 "-" "Mozilla/5.0 (Linux; Android 6.0.1; Nexus 5X Build/MMB29P) AppleWebKit/537.36 (KHTML, like Gecko) Chrome/136.0.7103.113 Mobile Safari/537.36 (compatible; Googlebot/2.1; +http://www.google.com/bot.html)"
90.77.181.22 - - [09/Jun/2025:20:52:53 -0400] "GET /wind-breaker-chapter-534/ HTTP/1.1" 200 11738 "https://read11.windbreakermanga.com/wind-breaker-chapter-535/" "Mozilla/5.0 (Linux; Android 13; 2201116SG Build/TKQ1.221114.001; wv) AppleWebKit/537.36 (KHTML, like Gecko) Version/4.0 Chrome/136.0.7103.125 Mobile Safari/537.36"
66.249.68.69 - - [09/Jun/2025:20:52:55 -0400] "GET /product/trapstick6212140 HTTP/1.1" 200 81725 "-" "Mozilla/5.0 (Linux; Android 6.0.1; Nexus 5X Build/MMB29P) AppleWebKit/537.36 (KHTML, like Gecko) Chrome/136.0.7103.113 Mobile Safari/537.36 (compatible; Googlebot/2.1; +http://www.google.com/bot.html)"
90.77.181.22 - - [09/Jun/2025:20:52:56 -0400] "GET /wind-breaker-chapter-534/ HTTP/1.1" 304 0 "https://read11.windbreakermanga.com/wind-breaker-chapter-534/" "Mozilla/5.0 (Linux; Android 13; 2201116SG Build/TKQ1.221114.001; wv) AppleWebKit/537.36 (KHTML, like Gecko) Version/4.0 Chrome/136.0.7103.125 Mobile Safari/537.36"
90.77.181.22 - - [09/Jun/2025:20:52:55 -0400] "POST /wp-admin/admin-ajax.php HTTP/1.1" 200 0 "https://read11.windbreakermanga.com/wind-breaker-chapter-534/" "Mozilla/5.0 (Linux; Android 13; 2201116SG Build/TKQ1.221114.001; wv) AppleWebKit/537.36 (KHTML, like Gecko) Version/4.0 Chrome/136.0.7103.125 Mobile Safari/537.36"
162.0.232.193 - - [09/Jun/2025:20:53:04 -0400] "POST /wp-cron.php?doing_wp_cron=1749516783.4353289604187011718750 HTTP/1.1" 200 0 "-" "WordPress/6.8.1; https://read11.windbreakermanga.com"
66.249.68.68 - - [09/Jun/2025:20:53:02 -0400] "GET /info/6207952 HTTP/1.1" 200 81342 "-" "Mozilla/5.0 (Linux; Android 6.0.1; Nexus 5X Build/MMB29P) AppleWebKit/537.36 (KHTML, like Gecko) Chrome/136.0.7103.113 Mobile Safari/537.36 (compatible; Googlebot/2.1; +http://www.google.com/bot.html)"
216.73.216.210 - - [09/Jun/2025:20:53:06 -0400] "GET /sitemap-subitems-2856.xml HTTP/1.1" 200 9977 "-" "Mozilla/5.0 AppleWebKit/537.36 (KHTML, like Gecko; compatible; ClaudeBot/1.0; [email protected])"
216.73.216.210 - - [09/Jun/2025:20:53:06 -0400] "GET /sitemap-subitems-2657.xml HTTP/1.1" 200 10133 "-" "Mozilla/5.0 AppleWebKit/537.36 (KHTML, like Gecko; compatible; ClaudeBot/1.0; [email protected])"
162.0.232.193 - - [09/Jun/2025:20:53:10 -0400] "POST /wp-cron.php?doing_wp_cron=1749516788.8357300758361816406250 HTTP/1.1" 200 0 "-" "WordPress/6.8.1; https://read11.windbreakermanga.com"
66.249.68.66 - - [09/Jun/2025:20:53:10 -0400] "GET /special/772264 HTTP/1.1" 200 81036 "-" "Mozilla/5.0 (Linux; Android 6.0.1; Nexus 5X Build/MMB29P) AppleWebKit/537.36 (KHTML, like Gecko) Chrome/136.0.7103.113 Mobile Safari/537.36 (compatible; Googlebot/2.1; +http://www.google.com/bot.html)"
90.77.181.22 - - [09/Jun/2025:20:52:58 -0400] "POST /wp-admin/admin-ajax.php HTTP/1.1" 200 61 "https://read11.windbreakermanga.com/wind-breaker-chapter-534/" "Mozilla/5.0 (Linux; Android 13; 2201116SG Build/TKQ1.221114.001; wv) AppleWebKit/537.36 (KHTML, like Gecko) Version/4.0 Chrome/136.0.7103.125 Mobile Safari/537.36"
66.249.68.66 - - [09/Jun/2025:20:53:16 -0400] "GET /product/cultuses6201400 HTTP/1.1" 200 82459 "-" "Mozilla/5.0 (Linux; Android 6.0.1; Nexus 5X Build/MMB29P) AppleWebKit/537.36 (KHTML, like Gecko) Chrome/136.0.7103.113 Mobile Safari/537.36 (compatible; Googlebot/2.1; +http://www.google.com/bot.html)"
66.249.68.66 - - [09/Jun/2025:20:53:22 -0400] "GET /entity/771956 HTTP/1.1" 200 82344 "-" "Mozilla/5.0 (Linux; Android 6.0.1; Nexus 5X Build/MMB29P) AppleWebKit/537.36 (KHTML, like Gecko) Chrome/136.0.7103.113 Mobile Safari/537.36 (compatible; Googlebot/2.1; +http://www.google.com/bot.html)"
66.249.68.66 - - [09/Jun/2025:20:53:24 -0400] "GET /shopbrand/761760 HTTP/1.1" 200 81880 "-" "Mozilla/5.0 (Linux; Android 6.0.1; Nexus 5X Build/MMB29P) AppleWebKit/537.36 (KHTML, like Gecko) Chrome/136.0.7103.113 Mobile Safari/537.36 (compatible; Googlebot/2.1; +http://www.google.com/bot.html)"
66.249.68.66 - - [09/Jun/2025:20:53:25 -0400] "GET /goodscode5748988 HTTP/1.1" 200 81373 "-" "Mozilla/5.0 (Linux; Android 6.0.1; Nexus 5X Build/MMB29P) AppleWebKit/537.36 (KHTML, like Gecko) Chrome/136.0.7103.113 Mobile Safari/537.36 (compatible; Googlebot/2.1; +http://www.google.com/bot.html)"
162.0.232.193 - - [09/Jun/2025:20:53:27 -0400] "GET /wp-content/uploads/f979bbbcbe9df560cb74049269d2541e_4104.xml HTTP/1.1" 200 2271 "-" "Mozilla/5.0 (X11; Linux x86_64) AppleWebKit/537.36 (KHTML, like Gecko) Ubuntu Chromium/41.0.2272.76"
66.249.68.67 - - [09/Jun/2025:20:53:27 -0400] "GET /items/rigorism6204444 HTTP/1.1" 200 82240 "-" "Mozilla/5.0 (Linux; Android 6.0.1; Nexus 5X Build/MMB29P) AppleWebKit/537.36 (KHTML, like Gecko) Chrome/136.0.7103.113 Mobile Safari/537.36 (compatible; Googlebot/2.1; +http://www.google.com/bot.html)"
66.249.68.66 - - [09/Jun/2025:20:53:29 -0400] "GET /entity/rebaptizer771556 HTTP/1.1" 200 81887 "-" "Mozilla/5.0 (Linux; Android 6.0.1; Nexus 5X Build/MMB29P) AppleWebKit/537.36 (KHTML, like Gecko) Chrome/136.0.7103.113 Mobile Safari/537.36 (compatible; Googlebot/2.1; +http://www.google.com/bot.html)"
66.249.68.67 - - [09/Jun/2025:20:53:31 -0400] "GET /item/5985152 HTTP/1.1" 200 81080 "-" "Mozilla/5.0 (Linux; Android 6.0.1; Nexus 5X Build/MMB29P) AppleWebKit/537.36 (KHTML, like Gecko) Chrome/136.0.7103.113 Mobile Safari/537.36 (compatible; Googlebot/2.1; +http://www.google.com/bot.html)"
66.249.68.67 - - [09/Jun/2025:20:53:37 -0400] "GET /items/5957920 HTTP/1.1" 200 81050 "-" "Mozilla/5.0 (Linux; Android 6.0.1; Nexus 5X Build/MMB29P) AppleWebKit/537.36 (KHTML, like Gecko) Chrome/136.0.7103.113 Mobile Safari/537.36 (compatible; Googlebot/2.1; +http://www.google.com/bot.html)"
66.249.68.67 - - [09/Jun/2025:20:53:54 -0400] "GET /info/5948452 HTTP/1.1" 200 82983 "-" "Mozilla/5.0 (Linux; Android 6.0.1; Nexus 5X Build/MMB29P) AppleWebKit/537.36 (KHTML, like Gecko) Chrome/136.0.7103.113 Mobile Safari/537.36 (compatible; Googlebot/2.1; +http://www.google.com/bot.html)"
66.249.68.67 - - [09/Jun/2025:20:53:58 -0400] "GET /items/apocopation5949824 HTTP/1.1" 200 81112 "-" "Mozilla/5.0 (Linux; Android 6.0.1; Nexus 5X Build/MMB29P) AppleWebKit/537.36 (KHTML, like Gecko) Chrome/136.0.7103.113 Mobile Safari/537.36 (compatible; Googlebot/2.1; +http://www.google.com/bot.html)"
66.249.68.68 - - [09/Jun/2025:20:54:01 -0400] "GET /products/ellipticus6454184 HTTP/1.1" 200 81360 "-" "Mozilla/5.0 (Linux; Android 6.0.1; Nexus 5X Build/MMB29P) AppleWebKit/537.36 (KHTML, like Gecko) Chrome/136.0.7103.113 Mobile Safari/537.36 (compatible; Googlebot/2.1; +http://www.google.com/bot.html)"
66.249.68.68 - - [09/Jun/2025:20:54:05 -0400] "GET /goods/6209196 HTTP/1.1" 200 81807 "-" "Mozilla/5.0 (Linux; Android 6.0.1; Nexus 5X Build/MMB29P) AppleWebKit/537.36 (KHTML, like Gecko) Chrome/136.0.7103.113 Mobile Safari/537.36 (compatible; Googlebot/2.1; +http://www.google.com/bot.html)"
216.73.216.210 - - [09/Jun/2025:20:54:09 -0400] "GET /sitemap-subitems-2644.xml HTTP/1.1" 200 10148 "-" "Mozilla/5.0 AppleWebKit/537.36 (KHTML, like Gecko; compatible; ClaudeBot/1.0; [email protected])"
66.249.68.67 - - [09/Jun/2025:20:54:08 -0400] "GET /info/755564 HTTP/1.1" 200 81479 "-" "Mozilla/5.0 (Linux; Android 6.0.1; Nexus 5X Build/MMB29P) AppleWebKit/537.36 (KHTML, like Gecko) Chrome/136.0.7103.113 Mobile Safari/537.36 (compatible; Googlebot/2.1; +http://www.google.com/bot.html)"
216.73.216.210 - - [09/Jun/2025:20:54:09 -0400] "GET /sitemap-subitems-2339.xml HTTP/1.1" 200 10042 "-" "Mozilla/5.0 AppleWebKit/537.36 (KHTML, like Gecko; compatible; ClaudeBot/1.0; [email protected])"
66.249.68.67 - - [09/Jun/2025:20:54:11 -0400] "GET /item/6186916 HTTP/1.1" 200 81449 "-" "Mozilla/5.0 (Linux; Android 6.0.1; Nexus 5X Build/MMB29P) AppleWebKit/537.36 (KHTML, like Gecko) Chrome/136.0.7103.113 Mobile Safari/537.36 (compatible; Googlebot/2.1; +http://www.google.com/bot.html)"
66.249.68.66 - - [09/Jun/2025:20:54:14 -0400] "GET /goods/5985880 HTTP/1.1" 200 80750 "-" "Mozilla/5.0 (Linux; Android 6.0.1; Nexus 5X Build/MMB29P) AppleWebKit/537.36 (KHTML, like Gecko) Chrome/136.0.7103.113 Mobile Safari/537.36 (compatible; Googlebot/2.1; +http://www.google.com/bot.html)"
66.249.68.66 - - [09/Jun/2025:20:54:17 -0400] "GET /item/ungored5984844 HTTP/1.1" 200 82163 "-" "Mozilla/5.0 (Linux; Android 6.0.1; Nexus 5X Build/MMB29P) AppleWebKit/537.36 (KHTML, like Gecko) Chrome/136.0.7103.113 Mobile Safari/537.36 (compatible; Googlebot/2.1; +http://www.google.com/bot.html)"
66.249.68.67 - - [09/Jun/2025:20:54:19 -0400] "GET /shopping/5952996 HTTP/1.1" 200 81927 "-" "Mozilla/5.0 (Linux; Android 6.0.1; Nexus 5X Build/MMB29P) AppleWebKit/537.36 (KHTML, like Gecko) Chrome/136.0.7103.113 Mobile Safari/537.36 (compatible; Googlebot/2.1; +http://www.google.com/bot.html)"
66.249.68.67 - - [09/Jun/2025:20:54:22 -0400] "GET /product/misspender5172372 HTTP/1.1" 200 81016 "-" "Mozilla/5.0 (Linux; Android 6.0.1; Nexus 5X Build/MMB29P) AppleWebKit/537.36 (KHTML, like Gecko) Chrome/136.0.7103.113 Mobile Safari/537.36 (compatible; Googlebot/2.1; +http://www.google.com/bot.html)"
66.249.68.66 - - [09/Jun/2025:20:54:24 -0400] "GET /products/5957148 HTTP/1.1" 200 81134 "-" "Mozilla/5.0 (Linux; Android 6.0.1; Nexus 5X Build/MMB29P) AppleWebKit/537.36 (KHTML, like Gecko) Chrome/136.0.7103.113 Mobile Safari/537.36 (compatible; Googlebot/2.1; +http://www.google.com/bot.html)"
66.249.68.66 - - [09/Jun/2025:20:54:30 -0400] "GET /shopping/5962000 HTTP/1.1" 200 81293 "-" "Mozilla/5.0 (Linux; Android 6.0.1; Nexus 5X Build/MMB29P) AppleWebKit/537.36 (KHTML, like Gecko) Chrome/136.0.7103.113 Mobile Safari/537.36 (compatible; Googlebot/2.1; +http://www.google.com/bot.html)"
66.249.68.68 - - [09/Jun/2025:20:54:32 -0400] "GET /product/heelspur1524256 HTTP/1.1" 200 84347 "-" "Mozilla/5.0 (Linux; Android 6.0.1; Nexus 5X Build/MMB29P) AppleWebKit/537.36 (KHTML, like Gecko) Chrome/136.0.7103.113 Mobile Safari/537.36 (compatible; Googlebot/2.1; +http://www.google.com/bot.html)"
66.249.68.67 - - [09/Jun/2025:20:54:35 -0400] "GET /goods/5985780 HTTP/1.1" 200 81211 "-" "Mozilla/5.0 (Linux; Android 6.0.1; Nexus 5X Build/MMB29P) AppleWebKit/537.36 (KHTML, like Gecko) Chrome/136.0.7103.113 Mobile Safari/537.36 (compatible; Googlebot/2.1; +http://www.google.com/bot.html)"
66.249.68.66 - - [09/Jun/2025:20:54:41 -0400] "GET /items/5984108 HTTP/1.1" 200 81215 "-" "Mozilla/5.0 (Linux; Android 6.0.1; Nexus 5X Build/MMB29P) AppleWebKit/537.36 (KHTML, like Gecko) Chrome/136.0.7103.113 Mobile Safari/537.36 (compatible; Googlebot/2.1; +http://www.google.com/bot.html)"
66.249.68.66 - - [09/Jun/2025:20:54:47 -0400] "GET /shopping/lactant5954132 HTTP/1.1" 200 81101 "-" "Mozilla/5.0 (Linux; Android 6.0.1; Nexus 5X Build/MMB29P) AppleWebKit/537.36 (KHTML, like Gecko) Chrome/136.0.7103.113 Mobile Safari/537.36 (compatible; Googlebot/2.1; +http://www.google.com/bot.html)"
66.249.68.69 - - [09/Jun/2025:20:54:53 -0400] "GET /detail/758580 HTTP/1.1" 200 81317 "-" "Mozilla/5.0 (Linux; Android 6.0.1; Nexus 5X Build/MMB29P) AppleWebKit/537.36 (KHTML, like Gecko) Chrome/136.0.7103.113 Mobile Safari/537.36 (compatible; Googlebot/2.1; +http://www.google.com/bot.html)"
66.249.68.68 - - [09/Jun/2025:20:55:00 -0400] "GET /goods/5959056 HTTP/1.1" 200 81352 "-" "Mozilla/5.0 (Linux; Android 6.0.1; Nexus 5X Build/MMB29P) AppleWebKit/537.36 (KHTML, like Gecko) Chrome/136.0.7103.113 Mobile Safari/537.36 (compatible; Googlebot/2.1; +http://www.google.com/bot.html)"
216.73.216.210 - - [09/Jun/2025:20:55:06 -0400] "GET /sitemap-subitems-571.xml HTTP/1.1" 200 10490 "-" "Mozilla/5.0 AppleWebKit/537.36 (KHTML, like Gecko; compatible; ClaudeBot/1.0; [email protected])"
216.73.216.210 - - [09/Jun/2025:20:55:06 -0400] "GET /sitemap-subitems-2444.xml HTTP/1.1" 200 10259 "-" "Mozilla/5.0 AppleWebKit/537.36 (KHTML, like Gecko; compatible; ClaudeBot/1.0; [email protected])"
66.249.68.66 - - [09/Jun/2025:20:55:07 -0400] "GET /special/5135064 HTTP/1.1" 200 81189 "-" "Mozilla/5.0 (Linux; Android 6.0.1; Nexus 5X Build/MMB29P) AppleWebKit/537.36 (KHTML, like Gecko) Chrome/136.0.7103.113 Mobile Safari/537.36 (compatible; Googlebot/2.1; +http://www.google.com/bot.html)"
66.249.68.66 - - [09/Jun/2025:20:55:10 -0400] "GET /info/765204 HTTP/1.1" 200 81492 "-" "Mozilla/5.0 (Linux; Android 6.0.1; Nexus 5X Build/MMB29P) AppleWebKit/537.36 (KHTML, like Gecko) Chrome/136.0.7103.113 Mobile Safari/537.36 (compatible; Googlebot/2.1; +http://www.google.com/bot.html)"
66.249.68.66 - - [09/Jun/2025:20:55:12 -0400] "GET /products/cockbill5951260 HTTP/1.1" 200 81450 "-" "Mozilla/5.0 (Linux; Android 6.0.1; Nexus 5X Build/MMB29P) AppleWebKit/537.36 (KHTML, like Gecko) Chrome/136.0.7103.113 Mobile Safari/537.36 (compatible; Googlebot/2.1; +http://www.google.com/bot.html)"
66.249.68.66 - - [09/Jun/2025:20:55:14 -0400] "GET /product/5943628 HTTP/1.1" 200 83577 "-" "Mozilla/5.0 (Linux; Android 6.0.1; Nexus 5X Build/MMB29P) AppleWebKit/537.36 (KHTML, like Gecko) Chrome/136.0.7103.113 Mobile Safari/537.36 (compatible; Googlebot/2.1; +http://www.google.com/bot.html)"
66.249.68.67 - - [09/Jun/2025:20:55:20 -0400] "GET /entity/nonsegregated754292 HTTP/1.1" 200 81626 "-" "Mozilla/5.0 (Linux; Android 6.0.1; Nexus 5X Build/MMB29P) AppleWebKit/537.36 (KHTML, like Gecko) Chrome/136.0.7103.113 Mobile Safari/537.36 (compatible; Googlebot/2.1; +http://www.google.com/bot.html)"
66.249.68.67 - - [09/Jun/2025:20:55:26 -0400] "GET /detail/usuriousness1524684 HTTP/1.1" 200 81649 "-" "Mozilla/5.0 (Linux; Android 6.0.1; Nexus 5X Build/MMB29P) AppleWebKit/537.36 (KHTML, like Gecko) Chrome/136.0.7103.113 Mobile Safari/537.36 (compatible; Googlebot/2.1; +http://www.google.com/bot.html)"
66.249.68.67 - - [09/Jun/2025:20:55:28 -0400] "GET /products/luggage6203872 HTTP/1.1" 200 81356 "-" "Mozilla/5.0 (Linux; Android 6.0.1; Nexus 5X Build/MMB29P) AppleWebKit/537.36 (KHTML, like Gecko) Chrome/136.0.7103.113 Mobile Safari/537.36 (compatible; Googlebot/2.1; +http://www.google.com/bot.html)"
66.249.68.66 - - [09/Jun/2025:20:55:29 -0400] "GET /product/deficient5944236 HTTP/1.1" 200 81176 "-" "Mozilla/5.0 (Linux; Android 6.0.1; Nexus 5X Build/MMB29P) AppleWebKit/537.36 (KHTML, like Gecko) Chrome/136.0.7103.113 Mobile Safari/537.36 (compatible; Googlebot/2.1; +http://www.google.com/bot.html)"
66.249.68.66 - - [09/Jun/2025:20:55:34 -0400] "GET /detail/metamorphosing5956576 HTTP/1.1" 200 81375 "-" "Mozilla/5.0 (Linux; Android 6.0.1; Nexus 5X Build/MMB29P) AppleWebKit/537.36 (KHTML, like Gecko) Chrome/136.0.7103.113 Mobile Safari/537.36 (compatible; Googlebot/2.1; +http://www.google.com/bot.html)"
64.150.226.91 - - [09/Jun/2025:20:55:35 -0400] "GET /wind-breaker-chapter-543/ HTTP/1.1" 304 0 "https://read11.windbreakermanga.com/wind-breaker-chapter-542/" "Mozilla/5.0 (Windows NT 10.0; Win64; x64) AppleWebKit/537.36 (KHTML, like Gecko) Chrome/137.0.0.0 Safari/537.36"
66.249.68.71 - - [09/Jun/2025:20:55:44 -0400] "GET /goods/5945372 HTTP/1.1" 200 81167 "-" "Mozilla/5.0 (Linux; Android 6.0.1; Nexus 5X Build/MMB29P) AppleWebKit/537.36 (KHTML, like Gecko) Chrome/136.0.7103.113 Mobile Safari/537.36 (compatible; Googlebot/2.1; +http://www.google.com/bot.html)"
162.0.232.193 - - [09/Jun/2025:20:55:47 -0400] "POST /wp-cron.php?doing_wp_cron=1749516947.3390851020812988281250 HTTP/1.1" 200 0 "-" "WordPress/6.8.1; https://read11.windbreakermanga.com"
66.249.68.70 - - [09/Jun/2025:20:55:50 -0400] "GET /info/frowy781196 HTTP/1.1" 200 81431 "-" "Mozilla/5.0 (Linux; Android 6.0.1; Nexus 5X Build/MMB29P) AppleWebKit/537.36 (KHTML, like Gecko) Chrome/136.0.7103.113 Mobile Safari/537.36 (compatible; Googlebot/2.1; +http://www.google.com/bot.html)"
216.73.216.210 - - [09/Jun/2025:20:55:52 -0400] "GET /sitemap-subitems-1510.xml HTTP/1.1" 200 10173 "-" "Mozilla/5.0 AppleWebKit/537.36 (KHTML, like Gecko; compatible; ClaudeBot/1.0; [email protected])"
216.73.216.210 - - [09/Jun/2025:20:55:52 -0400] "GET /sitemap-subitems-2918.xml HTTP/1.1" 200 10173 "-" "Mozilla/5.0 AppleWebKit/537.36 (KHTML, like Gecko; compatible; ClaudeBot/1.0; [email protected])"
64.150.226.91 - - [09/Jun/2025:20:55:37 -0400] "POST /wp-admin/admin-ajax.php HTTP/1.1" 200 61 "https://read11.windbreakermanga.com/wind-breaker-chapter-543/" "Mozilla/5.0 (Windows NT 10.0; Win64; x64) AppleWebKit/537.36 (KHTML, like Gecko) Chrome/137.0.0.0 Safari/537.36"
66.249.68.70 - - [09/Jun/2025:20:55:51 -0400] "GET /goods/767012 HTTP/1.1" 200 82309 "-" "Mozilla/5.0 (Linux; Android 6.0.1; Nexus 5X Build/MMB29P) AppleWebKit/537.36 (KHTML, like Gecko) Chrome/136.0.7103.113 Mobile Safari/537.36 (compatible; Googlebot/2.1; +http://www.google.com/bot.html)"
66.249.68.69 - - [09/Jun/2025:20:55:54 -0400] "GET /items/divinization758608 HTTP/1.1" 200 81612 "-" "Mozilla/5.0 (Linux; Android 6.0.1; Nexus 5X Build/MMB29P) AppleWebKit/537.36 (KHTML, like Gecko) Chrome/136.0.7103.113 Mobile Safari/537.36 (compatible; Googlebot/2.1; +http://www.google.com/bot.html)"
66.249.68.69 - - [09/Jun/2025:20:55:57 -0400] "GET /shopbrand/754528 HTTP/1.1" 200 84685 "-" "Mozilla/5.0 (Linux; Android 6.0.1; Nexus 5X Build/MMB29P) AppleWebKit/537.36 (KHTML, like Gecko) Chrome/136.0.7103.113 Mobile Safari/537.36 (compatible; Googlebot/2.1; +http://www.google.com/bot.html)"
66.249.68.70 - - [09/Jun/2025:20:56:05 -0400] "GET /detail/5963172 HTTP/1.1" 200 80975 "-" "Mozilla/5.0 (Linux; Android 6.0.1; Nexus 5X Build/MMB29P) AppleWebKit/537.36 (KHTML, like Gecko) Chrome/136.0.7103.113 Mobile Safari/537.36 (compatible; Googlebot/2.1; +http://www.google.com/bot.html)"
66.249.68.69 - - [09/Jun/2025:20:56:11 -0400] "GET /products/bolographic5964236 HTTP/1.1" 200 81227 "-" "Mozilla/5.0 (Linux; Android 6.0.1; Nexus 5X Build/MMB29P) AppleWebKit/537.36 (KHTML, like Gecko) Chrome/136.0.7103.113 Mobile Safari/537.36 (compatible; Googlebot/2.1; +http://www.google.com/bot.html)"
66.249.68.69 - - [09/Jun/2025:20:56:17 -0400] "GET /entity/5817436 HTTP/1.1" 200 80915 "-" "Mozilla/5.0 (Linux; Android 6.0.1; Nexus 5X Build/MMB29P) AppleWebKit/537.36 (KHTML, like Gecko) Chrome/136.0.7103.113 Mobile Safari/537.36 (compatible; Googlebot/2.1; +http://www.google.com/bot.html)"
66.249.68.69 - - [09/Jun/2025:20:56:19 -0400] "GET /special/detachment5961600 HTTP/1.1" 200 81878 "-" "Mozilla/5.0 (Linux; Android 6.0.1; Nexus 5X Build/MMB29P) AppleWebKit/537.36 (KHTML, like Gecko) Chrome/136.0.7103.113 Mobile Safari/537.36 (compatible; Googlebot/2.1; +http://www.google.com/bot.html)"
66.249.68.69 - - [09/Jun/2025:20:56:21 -0400] "GET /info/showerless5958320 HTTP/1.1" 200 81193 "-" "Mozilla/5.0 (Linux; Android 6.0.1; Nexus 5X Build/MMB29P) AppleWebKit/537.36 (KHTML, like Gecko) Chrome/136.0.7103.113 Mobile Safari/537.36 (compatible; Googlebot/2.1; +http://www.google.com/bot.html)"
66.249.68.69 - - [09/Jun/2025:20:56:25 -0400] "GET /item/infortunately5954104 HTTP/1.1" 200 81344 "-" "Mozilla/5.0 (Linux; Android 6.0.1; Nexus 5X Build/MMB29P) AppleWebKit/537.36 (KHTML, like Gecko) Chrome/136.0.7103.113 Mobile Safari/537.36 (compatible; Googlebot/2.1; +http://www.google.com/bot.html)"
66.249.68.69 - - [09/Jun/2025:20:56:31 -0400] "GET /products/5943600 HTTP/1.1" 200 82246 "-" "Mozilla/5.0 (Linux; Android 6.0.1; Nexus 5X Build/MMB29P) AppleWebKit/537.36 (KHTML, like Gecko) Chrome/136.0.7103.113 Mobile Safari/537.36 (compatible; Googlebot/2.1; +http://www.google.com/bot.html)"
66.249.68.69 - - [09/Jun/2025:20:56:36 -0400] "GET /items/dazzlingly5945836 HTTP/1.1" 200 81555 "-" "Mozilla/5.0 (Linux; Android 6.0.1; Nexus 5X Build/MMB29P) AppleWebKit/537.36 (KHTML, like Gecko) Chrome/136.0.7103.113 Mobile Safari/537.36 (compatible; Googlebot/2.1; +http://www.google.com/bot.html)"
66.249.68.71 - - [09/Jun/2025:20:56:42 -0400] "GET /item/dinned5986752 HTTP/1.1" 200 83100 "-" "Mozilla/5.0 (Linux; Android 6.0.1; Nexus 5X Build/MMB29P) AppleWebKit/537.36 (KHTML, like Gecko) Chrome/136.0.7103.113 Mobile Safari/537.36 (compatible; Googlebot/2.1; +http://www.google.com/bot.html)"
66.249.68.70 - - [09/Jun/2025:20:56:48 -0400] "GET /info/tricuspis6217092 HTTP/1.1" 200 81057 "-" "Mozilla/5.0 (Linux; Android 6.0.1; Nexus 5X Build/MMB29P) AppleWebKit/537.36 (KHTML, like Gecko) Chrome/136.0.7103.113 Mobile Safari/537.36 (compatible; Googlebot/2.1; +http://www.google.com/bot.html)"
66.249.68.70 - - [09/Jun/2025:20:56:53 -0400] "GET /goodscode/duction759552 HTTP/1.1" 200 82073 "-" "Mozilla/5.0 (Linux; Android 6.0.1; Nexus 5X Build/MMB29P) AppleWebKit/537.36 (KHTML, like Gecko) Chrome/136.0.7103.113 Mobile Safari/537.36 (compatible; Googlebot/2.1; +http://www.google.com/bot.html)"
216.73.216.210 - - [09/Jun/2025:20:56:56 -0400] "GET /sitemap-subitems-1752.xml HTTP/1.1" 200 10160 "-" "Mozilla/5.0 AppleWebKit/537.36 (KHTML, like Gecko; compatible; ClaudeBot/1.0; [email protected])"
216.73.216.210 - - [09/Jun/2025:20:56:56 -0400] "GET /sitemap-subitems-782.xml HTTP/1.1" 200 10160 "-" "Mozilla/5.0 AppleWebKit/537.36 (KHTML, like Gecko; compatible; ClaudeBot/1.0; [email protected])"
66.249.68.64 - - [09/Jun/2025:20:56:59 -0400] "GET /shopdetail/deadlock5948780 HTTP/1.1" 200 81119 "-" "Mozilla/5.0 (Linux; Android 6.0.1; Nexus 5X Build/MMB29P) AppleWebKit/537.36 (KHTML, like Gecko) Chrome/136.0.7103.113 Mobile Safari/537.36 (compatible; Googlebot/2.1; +http://www.google.com/bot.html)"
66.249.68.70 - - [09/Jun/2025:20:57:05 -0400] "GET /special/768784 HTTP/1.1" 200 81310 "-" "Mozilla/5.0 (Linux; Android 6.0.1; Nexus 5X Build/MMB29P) AppleWebKit/537.36 (KHTML, like Gecko) Chrome/136.0.7103.113 Mobile Safari/537.36 (compatible; Googlebot/2.1; +http://www.google.com/bot.html)"
66.249.68.69 - - [09/Jun/2025:20:57:10 -0400] "GET /product/5985380 HTTP/1.1" 200 80728 "-" "Mozilla/5.0 (Linux; Android 6.0.1; Nexus 5X Build/MMB29P) AppleWebKit/537.36 (KHTML, like Gecko) Chrome/136.0.7103.113 Mobile Safari/537.36 (compatible; Googlebot/2.1; +http://www.google.com/bot.html)"
66.249.68.69 - - [09/Jun/2025:20:57:16 -0400] "GET /detail/5985244 HTTP/1.1" 200 81107 "-" "Mozilla/5.0 (Linux; Android 6.0.1; Nexus 5X Build/MMB29P) AppleWebKit/537.36 (KHTML, like Gecko) Chrome/136.0.7103.113 Mobile Safari/537.36 (compatible; Googlebot/2.1; +http://www.google.com/bot.html)"
66.249.68.70 - - [09/Jun/2025:20:57:22 -0400] "GET /shopping/5948952 HTTP/1.1" 200 81284 "-" "Mozilla/5.0 (Linux; Android 6.0.1; Nexus 5X Build/MMB29P) AppleWebKit/537.36 (KHTML, like Gecko) Chrome/136.0.7103.113 Mobile Safari/537.36 (compatible; Googlebot/2.1; +http://www.google.com/bot.html)"
66.249.68.70 - - [09/Jun/2025:20:57:27 -0400] "GET /product/5957312 HTTP/1.1" 200 81546 "-" "Mozilla/5.0 (Linux; Android 6.0.1; Nexus 5X Build/MMB29P) AppleWebKit/537.36 (KHTML, like Gecko) Chrome/136.0.7103.113 Mobile Safari/537.36 (compatible; Googlebot/2.1; +http://www.google.com/bot.html)"
66.249.68.70 - - [09/Jun/2025:20:57:33 -0400] "GET /detail/whisperingly6203944 HTTP/1.1" 200 81967 "-" "Mozilla/5.0 (Linux; Android 6.0.1; Nexus 5X Build/MMB29P) AppleWebKit/537.36 (KHTML, like Gecko) Chrome/136.0.7103.113 Mobile Safari/537.36 (compatible; Googlebot/2.1; +http://www.google.com/bot.html)"
66.249.68.70 - - [09/Jun/2025:20:57:38 -0400] "GET /shopbrand/inimitably5950688 HTTP/1.1" 200 81679 "-" "Mozilla/5.0 (Linux; Android 6.0.1; Nexus 5X Build/MMB29P) AppleWebKit/537.36 (KHTML, like Gecko) Chrome/136.0.7103.113 Mobile Safari/537.36 (compatible; Googlebot/2.1; +http://www.google.com/bot.html)"
66.249.68.69 - - [09/Jun/2025:20:57:44 -0400] "GET /shopping/6208560 HTTP/1.1" 200 82126 "-" "Mozilla/5.0 (Linux; Android 6.0.1; Nexus 5X Build/MMB29P) AppleWebKit/537.36 (KHTML, like Gecko) Chrome/136.0.7103.113 Mobile Safari/537.36 (compatible; Googlebot/2.1; +http://www.google.com/bot.html)"
66.249.68.69 - - [09/Jun/2025:20:57:51 -0400] "GET /product/5944872 HTTP/1.1" 200 81687 "-" "Mozilla/5.0 (Linux; Android 6.0.1; Nexus 5X Build/MMB29P) AppleWebKit/537.36 (KHTML, like Gecko) Chrome/136.0.7103.113 Mobile Safari/537.36 (compatible; Googlebot/2.1; +http://www.google.com/bot.html)"
66.249.68.70 - - [09/Jun/2025:20:57:52 -0400] "GET /special6197348 HTTP/1.1" 200 81517 "-" "Mozilla/5.0 (Linux; Android 6.0.1; Nexus 5X Build/MMB29P) AppleWebKit/537.36 (KHTML, like Gecko) Chrome/136.0.7103.113 Mobile Safari/537.36 (compatible; Googlebot/2.1; +http://www.google.com/bot.html)"
66.249.68.71 - - [09/Jun/2025:20:57:56 -0400] "GET /goodscode/5946644 HTTP/1.1" 200 81729 "-" "Mozilla/5.0 (Linux; Android 6.0.1; Nexus 5X Build/MMB29P) AppleWebKit/537.36 (KHTML, like Gecko) Chrome/136.0.7103.113 Mobile Safari/537.36 (compatible; Googlebot/2.1; +http://www.google.com/bot.html)"
216.73.216.210 - - [09/Jun/2025:20:58:00 -0400] "GET /sitemap-subitems-1491.xml HTTP/1.1" 200 9883 "-" "Mozilla/5.0 AppleWebKit/537.36 (KHTML, like Gecko; compatible; ClaudeBot/1.0; [email protected])"
216.73.216.210 - - [09/Jun/2025:20:58:00 -0400] "GET /sitemap-subitems-1096.xml HTTP/1.1" 200 9979 "-" "Mozilla/5.0 AppleWebKit/537.36 (KHTML, like Gecko; compatible; ClaudeBot/1.0; [email protected])"
162.0.232.193 - - [09/Jun/2025:20:58:04 -0400] "POST /wp-cron.php?doing_wp_cron=1749517083.3410089015960693359375 HTTP/1.1" 200 0 "-" "WordPress/6.8.1; https://read11.windbreakermanga.com"
66.249.68.70 - - [09/Jun/2025:20:58:05 -0400] "GET /entity/5987052 HTTP/1.1" 200 80789 "-" "Mozilla/5.0 (Linux; Android 6.0.1; Nexus 5X Build/MMB29P) AppleWebKit/537.36 (KHTML, like Gecko) Chrome/136.0.7103.113 Mobile Safari/537.36 (compatible; Googlebot/2.1; +http://www.google.com/bot.html)"
66.249.68.70 - - [09/Jun/2025:20:58:12 -0400] "GET /shopping/ropeyarn759780 HTTP/1.1" 200 81527 "-" "Mozilla/5.0 (Linux; Android 6.0.1; Nexus 5X Build/MMB29P) AppleWebKit/537.36 (KHTML, like Gecko) Chrome/136.0.7103.113 Mobile Safari/537.36 (compatible; Googlebot/2.1; +http://www.google.com/bot.html)"
162.0.232.193 - - [09/Jun/2025:20:58:16 -0400] "GET /wp-content/uploads/f979bbbcbe9df560cb74049269d2541e_4104.xml HTTP/1.1" 200 2271 "-" "Mozilla/5.0 (X11; Linux x86_64) AppleWebKit/537.36 (KHTML, like Gecko) Ubuntu Chromium/41.0.2272.76"
66.249.68.69 - - [09/Jun/2025:20:58:18 -0400] "GET /special/6214784 HTTP/1.1" 200 81007 "-" "Mozilla/5.0 (Linux; Android 6.0.1; Nexus 5X Build/MMB29P) AppleWebKit/537.36 (KHTML, like Gecko) Chrome/136.0.7103.113 Mobile Safari/537.36 (compatible; Googlebot/2.1; +http://www.google.com/bot.html)"
64.150.226.91 - - [09/Jun/2025:20:57:55 -0400] "GET /wind-breaker-chapter-544/ HTTP/1.1" 200 12113 "https://read11.windbreakermanga.com/wind-breaker-chapter-543/" "Mozilla/5.0 (Windows NT 10.0; Win64; x64) AppleWebKit/537.36 (KHTML, like Gecko) Chrome/137.0.0.0 Safari/537.36"
44.247.232.41 - - [09/Jun/2025:20:58:26 -0400] "GET /wp-content/uploads/2024/02/is-wind-breaker-worth-reading-right-now-v0-caa0pw3v7f8b1-576x1024.webp HTTP/1.1" 200 76796 "https://windbreakermanga.com/wp-content/uploads/2024/02/is-wind-breaker-worth-reading-right-now-v0-caa0pw3v7f8b1-576x1024.webp" "Mozilla/5.0 (Windows NT 10.0; Win64; x64) AppleWebKit/537.36 (KHTML, like Gecko) Chrome/135.0.0.0 Safari/537.36"
18.237.243.189 - - [09/Jun/2025:20:58:26 -0400] "GET /wp-content/uploads/2024/02/te926m2lqxc91-578x1024.webp HTTP/1.1" 200 40812 "https://windbreakermanga.com/wp-content/uploads/2024/02/te926m2lqxc91-578x1024.webp" "Mozilla/5.0 (Windows NT 10.0; Win64; x64) AppleWebKit/537.36 (KHTML, like Gecko) Chrome/135.0.0.0 Safari/537.36"
66.249.68.69 - - [09/Jun/2025:20:58:24 -0400] "GET /info/5943064 HTTP/1.1" 200 80821 "-" "Mozilla/5.0 (Linux; Android 6.0.1; Nexus 5X Build/MMB29P) AppleWebKit/537.36 (KHTML, like Gecko) Chrome/136.0.7103.113 Mobile Safari/537.36 (compatible; Googlebot/2.1; +http://www.google.com/bot.html)"
66.249.68.69 - - [09/Jun/2025:20:58:26 -0400] "GET /shopdetail/1509536 HTTP/1.1" 200 81120 "-" "Mozilla/5.0 (Linux; Android 6.0.1; Nexus 5X Build/MMB29P) AppleWebKit/537.36 (KHTML, like Gecko) Chrome/136.0.7103.113 Mobile Safari/537.36 (compatible; Googlebot/2.1; +http://www.google.com/bot.html)"
66.249.68.69 - - [09/Jun/2025:20:58:28 -0400] "GET /item/5954204 HTTP/1.1" 200 81122 "-" "Mozilla/5.0 (Linux; Android 6.0.1; Nexus 5X Build/MMB29P) AppleWebKit/537.36 (KHTML, like Gecko) Chrome/136.0.7103.113 Mobile Safari/537.36 (compatible; Googlebot/2.1; +http://www.google.com/bot.html)"
66.249.68.69 - - [09/Jun/2025:20:58:34 -0400] "GET /product/5946544 HTTP/1.1" 200 82498 "-" "Mozilla/5.0 (Linux; Android 6.0.1; Nexus 5X Build/MMB29P) AppleWebKit/537.36 (KHTML, like Gecko) Chrome/136.0.7103.113 Mobile Safari/537.36 (compatible; Googlebot/2.1; +http://www.google.com/bot.html)"
64.150.226.91 - - [09/Jun/2025:20:58:12 -0400] "GET /wind-breaker-chapter-544/ HTTP/1.1" 200 12114 "https://read11.windbreakermanga.com/wind-breaker-chapter-543/" "Mozilla/5.0 (Windows NT 10.0; Win64; x64) AppleWebKit/537.36 (KHTML, like Gecko) Chrome/137.0.0.0 Safari/537.36"
66.249.68.70 - - [09/Jun/2025:20:58:40 -0400] "GET /goods/bagwig5949516 HTTP/1.1" 200 82265 "-" "Mozilla/5.0 (Linux; Android 6.0.1; Nexus 5X Build/MMB29P) AppleWebKit/537.36 (KHTML, like Gecko) Chrome/136.0.7103.113 Mobile Safari/537.36 (compatible; Googlebot/2.1; +http://www.google.com/bot.html)"
66.249.68.70 - - [09/Jun/2025:20:58:47 -0400] "GET /item/5952460 HTTP/1.1" 200 81201 "-" "Mozilla/5.0 (Linux; Android 6.0.1; Nexus 5X Build/MMB29P) AppleWebKit/537.36 (KHTML, like Gecko) Chrome/136.0.7103.113 Mobile Safari/537.36 (compatible; Googlebot/2.1; +http://www.google.com/bot.html)"
216.73.216.210 - - [09/Jun/2025:20:58:50 -0400] "GET /sitemap-subitems-2326.xml HTTP/1.1" 200 10278 "-" "Mozilla/5.0 AppleWebKit/537.36 (KHTML, like Gecko; compatible; ClaudeBot/1.0; [email protected])"
216.73.216.210 - - [09/Jun/2025:20:58:50 -0400] "GET /sitemap-subitems-781.xml HTTP/1.1" 200 10186 "-" "Mozilla/5.0 AppleWebKit/537.36 (KHTML, like Gecko; compatible; ClaudeBot/1.0; [email protected])"
66.249.68.69 - - [09/Jun/2025:20:58:54 -0400] "GET /goodscode/5985480 HTTP/1.1" 200 81234 "-" "Mozilla/5.0 (Linux; Android 6.0.1; Nexus 5X Build/MMB29P) AppleWebKit/537.36 (KHTML, like Gecko) Chrome/136.0.7103.113 Mobile Safari/537.36 (compatible; Googlebot/2.1; +http://www.google.com/bot.html)"
66.249.68.69 - - [09/Jun/2025:20:58:55 -0400] "GET /product/5961928 HTTP/1.1" 200 81087 "-" "Mozilla/5.0 (Linux; Android 6.0.1; Nexus 5X Build/MMB29P) AppleWebKit/537.36 (KHTML, like Gecko) Chrome/136.0.7103.113 Mobile Safari/537.36 (compatible; Googlebot/2.1; +http://www.google.com/bot.html)"
66.249.68.70 - - [09/Jun/2025:20:58:58 -0400] "GET /item/civility6217728 HTTP/1.1" 200 83495 "-" "Mozilla/5.0 (Linux; Android 6.0.1; Nexus 5X Build/MMB29P) AppleWebKit/537.36 (KHTML, like Gecko) Chrome/136.0.7103.113 Mobile Safari/537.36 (compatible; Googlebot/2.1; +http://www.google.com/bot.html)"
64.150.226.91 - - [09/Jun/2025:20:58:40 -0400] "POST /wp-admin/admin-ajax.php HTTP/1.1" 200 61 "https://read11.windbreakermanga.com/wind-breaker-chapter-544/" "Mozilla/5.0 (Windows NT 10.0; Win64; x64) AppleWebKit/537.36 (KHTML, like Gecko) Chrome/137.0.0.0 Safari/537.36"
66.249.68.70 - - [09/Jun/2025:20:59:05 -0400] "GET /goodscode/5953632 HTTP/1.1" 200 81487 "-" "Mozilla/5.0 (Linux; Android 6.0.1; Nexus 5X Build/MMB29P) AppleWebKit/537.36 (KHTML, like Gecko) Chrome/136.0.7103.113 Mobile Safari/537.36 (compatible; Googlebot/2.1; +http://www.google.com/bot.html)"
66.249.68.69 - - [09/Jun/2025:20:59:06 -0400] "GET /goodscode/6210796 HTTP/1.1" 200 83823 "-" "Mozilla/5.0 (Linux; Android 6.0.1; Nexus 5X Build/MMB29P) AppleWebKit/537.36 (KHTML, like Gecko) Chrome/136.0.7103.113 Mobile Safari/537.36 (compatible; Googlebot/2.1; +http://www.google.com/bot.html)"
66.249.68.70 - - [09/Jun/2025:20:59:08 -0400] "GET /shopping/apogeotropic5983072 HTTP/1.1" 200 81099 "-" "Mozilla/5.0 (Linux; Android 6.0.1; Nexus 5X Build/MMB29P) AppleWebKit/537.36 (KHTML, like Gecko) Chrome/136.0.7103.113 Mobile Safari/537.36 (compatible; Googlebot/2.1; +http://www.google.com/bot.html)"
66.249.68.69 - - [09/Jun/2025:20:59:14 -0400] "GET /item/clerkless995072 HTTP/1.1" 200 81142 "-" "Mozilla/5.0 (Linux; Android 6.0.1; Nexus 5X Build/MMB29P) AppleWebKit/537.36 (KHTML, like Gecko) Chrome/136.0.7103.113 Mobile Safari/537.36 (compatible; Googlebot/2.1; +http://www.google.com/bot.html)"
66.249.68.70 - - [09/Jun/2025:20:59:16 -0400] "GET /info/5950224 HTTP/1.1" 200 82221 "-" "Mozilla/5.0 (Linux; Android 6.0.1; Nexus 5X Build/MMB29P) AppleWebKit/537.36 (KHTML, like Gecko) Chrome/136.0.7103.113 Mobile Safari/537.36 (compatible; Googlebot/2.1; +http://www.google.com/bot.html)"
66.249.68.69 - - [09/Jun/2025:20:59:17 -0400] "GET /detail/6208024 HTTP/1.1" 200 82274 "-" "Mozilla/5.0 (Linux; Android 6.0.1; Nexus 5X Build/MMB29P) AppleWebKit/537.36 (KHTML, like Gecko) Chrome/136.0.7103.113 Mobile Safari/537.36 (compatible; Googlebot/2.1; +http://www.google.com/bot.html)"
66.249.68.70 - - [09/Jun/2025:20:59:20 -0400] "GET /item/765668 HTTP/1.1" 200 81899 "-" "Mozilla/5.0 (Linux; Android 6.0.1; Nexus 5X Build/MMB29P) AppleWebKit/537.36 (KHTML, like Gecko) Chrome/136.0.7103.113 Mobile Safari/537.36 (compatible; Googlebot/2.1; +http://www.google.com/bot.html)"
66.249.68.69 - - [09/Jun/2025:20:59:26 -0400] "GET /wind-breaker-chapter-353/ HTTP/1.1" 200 81353 "-" "Mozilla/5.0 (Linux; Android 6.0.1; Nexus 5X Build/MMB29P) AppleWebKit/537.36 (KHTML, like Gecko) Chrome/136.0.7103.113 Mobile Safari/537.36 (compatible; Googlebot/2.1; +http://www.google.com/bot.html)"
66.249.68.71 - - [09/Jun/2025:20:59:32 -0400] "GET /shopbrand/nebulously767440 HTTP/1.1" 200 81323 "-" "Mozilla/5.0 (Linux; Android 6.0.1; Nexus 5X Build/MMB29P) AppleWebKit/537.36 (KHTML, like Gecko) Chrome/136.0.7103.113 Mobile Safari/537.36 (compatible; Googlebot/2.1; +http://www.google.com/bot.html)"
66.249.68.70 - - [09/Jun/2025:20:59:37 -0400] "GET /entity/5958648 HTTP/1.1" 200 81103 "-" "Mozilla/5.0 (Linux; Android 6.0.1; Nexus 5X Build/MMB29P) AppleWebKit/537.36 (KHTML, like Gecko) Chrome/136.0.7103.113 Mobile Safari/537.36 (compatible; Googlebot/2.1; +http://www.google.com/bot.html)"
162.0.232.193 - - [09/Jun/2025:20:59:40 -0400] "POST /wp-cron.php?doing_wp_cron=1749517178.9348349571228027343750 HTTP/1.1" 200 0 "-" "WordPress/6.8.1; https://read11.windbreakermanga.com"
216.73.216.210 - - [09/Jun/2025:20:59:40 -0400] "GET /sitemap-subitems-674.xml HTTP/1.1" 200 10249 "-" "Mozilla/5.0 AppleWebKit/537.36 (KHTML, like Gecko; compatible; ClaudeBot/1.0; [email protected])"
216.73.216.210 - - [09/Jun/2025:20:59:40 -0400] "GET /sitemap-subitems-1940.xml HTTP/1.1" 200 10249 "-" "Mozilla/5.0 AppleWebKit/537.36 (KHTML, like Gecko; compatible; ClaudeBot/1.0; [email protected])"
66.249.68.71 - - [09/Jun/2025:20:59:43 -0400] "GET /items/5950788 HTTP/1.1" 200 81274 "-" "Mozilla/5.0 (Linux; Android 6.0.1; Nexus 5X Build/MMB29P) AppleWebKit/537.36 (KHTML, like Gecko) Chrome/136.0.7103.113 Mobile Safari/537.36 (compatible; Googlebot/2.1; +http://www.google.com/bot.html)"
66.249.68.64 - - [09/Jun/2025:20:59:51 -0400] "GET /product5416960 HTTP/1.1" 200 81219 "-" "Mozilla/5.0 (Linux; Android 6.0.1; Nexus 5X Build/MMB29P) AppleWebKit/537.36 (KHTML, like Gecko) Chrome/136.0.7103.113 Mobile Safari/537.36 (compatible; Googlebot/2.1; +http://www.google.com/bot.html)"
66.249.68.69 - - [09/Jun/2025:20:59:53 -0400] "GET /info/dryden5957684 HTTP/1.1" 200 80885 "-" "Mozilla/5.0 (Linux; Android 6.0.1; Nexus 5X Build/MMB29P) AppleWebKit/537.36 (KHTML, like Gecko) Chrome/136.0.7103.113 Mobile Safari/537.36 (compatible; Googlebot/2.1; +http://www.google.com/bot.html)"
114.119.152.134 - - [09/Jun/2025:20:59:30 -0400] "GET /wind-breaker-chapter-80/ HTTP/1.1" 200 11449 "https://read8.windbreakermanga.com/wind-breaker/page/46/" "Mozilla/5.0 (Linux; Android 7.0;) AppleWebKit/537.36 (KHTML, like Gecko) Mobile Safari/537.36 (compatible; PetalBot;+https://webmaster.petalsearch.com/site/petalbot)"
66.249.68.70 - - [09/Jun/2025:20:59:55 -0400] "GET /entity/5961264 HTTP/1.1" 200 81431 "-" "Mozilla/5.0 (Linux; Android 6.0.1; Nexus 5X Build/MMB29P) AppleWebKit/537.36 (KHTML, like Gecko) Chrome/136.0.7103.113 Mobile Safari/537.36 (compatible; Googlebot/2.1; +http://www.google.com/bot.html)"
66.249.68.71 - - [09/Jun/2025:21:00:02 -0400] "GET /info/6209224 HTTP/1.1" 200 82414 "-" "Mozilla/5.0 (Linux; Android 6.0.1; Nexus 5X Build/MMB29P) AppleWebKit/537.36 (KHTML, like Gecko) Chrome/136.0.7103.113 Mobile Safari/537.36 (compatible; Googlebot/2.1; +http://www.google.com/bot.html)"
66.249.68.69 - - [09/Jun/2025:21:00:10 -0400] "GET /entity/5964536 HTTP/1.1" 200 81067 "-" "Mozilla/5.0 (Linux; Android 6.0.1; Nexus 5X Build/MMB29P) AppleWebKit/537.36 (KHTML, like Gecko) Chrome/136.0.7103.113 Mobile Safari/537.36 (compatible; Googlebot/2.1; +http://www.google.com/bot.html)"
66.249.68.69 - - [09/Jun/2025:21:00:16 -0400] "GET /info/cosmopolitical4896572 HTTP/1.1" 200 80826 "-" "Mozilla/5.0 (Linux; Android 6.0.1; Nexus 5X Build/MMB29P) AppleWebKit/537.36 (KHTML, like Gecko) Chrome/136.0.7103.113 Mobile Safari/537.36 (compatible; Googlebot/2.1; +http://www.google.com/bot.html)"
66.249.68.69 - - [09/Jun/2025:21:00:17 -0400] "GET /product/peonism6215820 HTTP/1.1" 200 81813 "-" "Mozilla/5.0 (Linux; Android 6.0.1; Nexus 5X Build/MMB29P) AppleWebKit/537.36 (KHTML, like Gecko) Chrome/136.0.7103.113 Mobile Safari/537.36 (compatible; Googlebot/2.1; +http://www.google.com/bot.html)"
66.249.68.69 - - [09/Jun/2025:21:00:19 -0400] "GET /product/splent775608 HTTP/1.1" 200 81491 "-" "Mozilla/5.0 (Linux; Android 6.0.1; Nexus 5X Build/MMB29P) AppleWebKit/537.36 (KHTML, like Gecko) Chrome/136.0.7103.113 Mobile Safari/537.36 (compatible; Googlebot/2.1; +http://www.google.com/bot.html)"
66.249.68.69 - - [09/Jun/2025:21:00:21 -0400] "GET /goodscode/intermembranous5951424 HTTP/1.1" 200 81325 "-" "Mozilla/5.0 (Linux; Android 6.0.1; Nexus 5X Build/MMB29P) AppleWebKit/537.36 (KHTML, like Gecko) Chrome/136.0.7103.113 Mobile Safari/537.36 (compatible; Googlebot/2.1; +http://www.google.com/bot.html)"
66.249.68.69 - - [09/Jun/2025:21:00:23 -0400] "GET /detail5151056 HTTP/1.1" 200 82059 "-" "Mozilla/5.0 (Linux; Android 6.0.1; Nexus 5X Build/MMB29P) AppleWebKit/537.36 (KHTML, like Gecko) Chrome/136.0.7103.113 Mobile Safari/537.36 (compatible; Googlebot/2.1; +http://www.google.com/bot.html)"
66.249.68.70 - - [09/Jun/2025:21:00:25 -0400] "GET /product/765104 HTTP/1.1" 200 81840 "-" "Mozilla/5.0 (Linux; Android 6.0.1; Nexus 5X Build/MMB29P) AppleWebKit/537.36 (KHTML, like Gecko) Chrome/136.0.7103.113 Mobile Safari/537.36 (compatible; Googlebot/2.1; +http://www.google.com/bot.html)"
216.73.216.210 - - [09/Jun/2025:21:00:27 -0400] "GET /sitemap-subitems-2172.xml HTTP/1.1" 200 9883 "-" "Mozilla/5.0 AppleWebKit/537.36 (KHTML, like Gecko; compatible; ClaudeBot/1.0; [email protected])"
216.73.216.210 - - [09/Jun/2025:21:00:27 -0400] "GET /sitemap-subitems-1999.xml HTTP/1.1" 200 9883 "-" "Mozilla/5.0 AppleWebKit/537.36 (KHTML, like Gecko; compatible; ClaudeBot/1.0; [email protected])"
66.249.68.70 - - [09/Jun/2025:21:00:27 -0400] "GET /detail/5426828 HTTP/1.1" 200 81462 "-" "Mozilla/5.0 (Linux; Android 6.0.1; Nexus 5X Build/MMB29P) AppleWebKit/537.36 (KHTML, like Gecko) Chrome/136.0.7103.113 Mobile Safari/537.36 (compatible; Googlebot/2.1; +http://www.google.com/bot.html)"
66.249.68.69 - - [09/Jun/2025:21:00:31 -0400] "GET /goods/secondo6208988 HTTP/1.1" 200 81691 "-" "Mozilla/5.0 (Linux; Android 6.0.1; Nexus 5X Build/MMB29P) AppleWebKit/537.36 (KHTML, like Gecko) Chrome/136.0.7103.113 Mobile Safari/537.36 (compatible; Googlebot/2.1; +http://www.google.com/bot.html)"
66.249.68.69 - - [09/Jun/2025:21:00:33 -0400] "GET /item/invoiced5936776 HTTP/1.1" 200 83428 "-" "Mozilla/5.0 (Linux; Android 6.0.1; Nexus 5X Build/MMB29P) AppleWebKit/537.36 (KHTML, like Gecko) Chrome/136.0.7103.113 Mobile Safari/537.36 (compatible; Googlebot/2.1; +http://www.google.com/bot.html)"
66.249.68.70 - - [09/Jun/2025:21:00:35 -0400] "GET /detail/1522140 HTTP/1.1" 200 83667 "-" "Mozilla/5.0 (Linux; Android 6.0.1; Nexus 5X Build/MMB29P) AppleWebKit/537.36 (KHTML, like Gecko) Chrome/136.0.7103.113 Mobile Safari/537.36 (compatible; Googlebot/2.1; +http://www.google.com/bot.html)"
66.249.68.71 - - [09/Jun/2025:21:00:39 -0400] "GET /product/tardiest5964208 HTTP/1.1" 200 81895 "-" "Mozilla/5.0 (Linux; Android 6.0.1; Nexus 5X Build/MMB29P) AppleWebKit/537.36 (KHTML, like Gecko) Chrome/136.0.7103.113 Mobile Safari/537.36 (compatible; Googlebot/2.1; +http://www.google.com/bot.html)"
66.249.68.64 - - [09/Jun/2025:21:00:41 -0400] "GET /goods/1527200 HTTP/1.1" 200 81318 "-" "Mozilla/5.0 (Linux; Android 6.0.1; Nexus 5X Build/MMB29P) AppleWebKit/537.36 (KHTML, like Gecko) Chrome/136.0.7103.113 Mobile Safari/537.36 (compatible; Googlebot/2.1; +http://www.google.com/bot.html)"
