66.249.68.71 - - [09/Jun/2025:22:09:18 -0400] "GET /detail/ectropium5572656 HTTP/1.1" 200 19710 "-" "Mozilla/5.0 (Linux; Android 6.0.1; Nexus 5X Build/MMB29P) AppleWebKit/537.36 (KHTML, like Gecko) Chrome/136.0.7103.113 Mobile Safari/537.36 (compatible; Googlebot/2.1; +http://www.google.com/bot.html)"
162.0.232.193 - - [09/Jun/2025:22:09:19 -0400] "POST /wp-cron.php?doing_wp_cron=1749521358.3671290874481201171875 HTTP/1.1" 200 0 "-" "WordPress/6.8.1; https://read11.windbreakermanga.com"
2001:41d0:303:2bb1::1 - - [09/Jun/2025:22:09:21 -0400] "GET /wp-includes/theme-compat/error_log HTTP/1.1" 403 1242 "-" "Mozilla/5.0 (compatible; MJ12bot/v1.4.8; http://mj12bot.com/)"
66.249.68.71 - - [09/Jun/2025:22:09:20 -0400] "GET /special/5709352 HTTP/1.1" 200 19482 "-" "Mozilla/5.0 (Linux; Android 6.0.1; Nexus 5X Build/MMB29P) AppleWebKit/537.36 (KHTML, like Gecko) Chrome/136.0.7103.113 Mobile Safari/537.36 (compatible; Googlebot/2.1; +http://www.google.com/bot.html)"
2001:41d0:303:2bb1::1 - - [09/Jun/2025:22:09:24 -0400] "GET /wp-includes/theme-compat/footer-embed.php HTTP/1.1" 403 1242 "-" "Mozilla/5.0 (compatible; MJ12bot/v1.4.8; http://mj12bot.com/)"
2001:41d0:303:2bb1::1 - - [09/Jun/2025:22:09:28 -0400] "GET /wp-includes/theme-compat/footer.php HTTP/1.1" 403 1242 "-" "Mozilla/5.0 (compatible; MJ12bot/v1.4.8; http://mj12bot.com/)"
49.151.72.17 - - [09/Jun/2025:22:09:29 -0400] "GET /wind-breaker-chapter-536/ HTTP/1.1" 200 11717 "https://read11.windbreakermanga.com/wind-breaker-chapter-535/" "Mozilla/5.0 (Linux; Android 10; K) AppleWebKit/537.36 (KHTML, like Gecko) Chrome/137.0.0.0 Mobile Safari/537.36"
2001:41d0:303:2bb1::1 - - [09/Jun/2025:22:09:31 -0400] "GET /wp-includes/theme-compat/header-embed.php HTTP/1.1" 403 1242 "-" "Mozilla/5.0 (compatible; MJ12bot/v1.4.8; http://mj12bot.com/)"
2001:41d0:303:2bb1::1 - - [09/Jun/2025:22:09:35 -0400] "GET /wp-includes/theme-compat/header.php HTTP/1.1" 403 1242 "-" "Mozilla/5.0 (compatible; MJ12bot/v1.4.8; http://mj12bot.com/)"
2001:41d0:303:2bb1::1 - - [09/Jun/2025:22:09:41 -0400] "GET /wp-includes/theme-compat/sidebar.php HTTP/1.1" 403 1242 "-" "Mozilla/5.0 (compatible; MJ12bot/v1.4.8; http://mj12bot.com/)"
2001:41d0:303:2bb1::1 - - [09/Jun/2025:22:09:45 -0400] "GET /wp-includes/widgets/?MA HTTP/1.1" 200 1457 "-" "Mozilla/5.0 (compatible; MJ12bot/v1.4.8; http://mj12bot.com/)"
2001:41d0:303:2bb1::1 - - [09/Jun/2025:22:09:49 -0400] "GET /wp-includes/widgets/?ND HTTP/1.1" 200 1442 "-" "Mozilla/5.0 (compatible; MJ12bot/v1.4.8; http://mj12bot.com/)"
2001:41d0:303:2bb1::1 - - [09/Jun/2025:22:09:52 -0400] "GET /wp-includes/widgets/?SA HTTP/1.1" 200 1450 "-" "Mozilla/5.0 (compatible; MJ12bot/v1.4.8; http://mj12bot.com/)"
2001:41d0:303:2bb1::1 - - [09/Jun/2025:22:09:56 -0400] "GET /wp-includes/widgets/class-wp-nav-menu-widget.php HTTP/1.1" 403 1242 "-" "Mozilla/5.0 (compatible; MJ12bot/v1.4.8; http://mj12bot.com/)"
74.125.150.71 - - [09/Jun/2025:22:09:22 -0400] "GET /apple-app-site-association HTTP/1.1" 301 0 "-" "Mozilla/5.0 (Linux; Android 6.0.1; Nexus 5X Build/MMB29P) AppleWebKit/537.36 (KHTML, like Gecko) Chrome/136.0.7103.113 Mobile Safari/537.36 (compatible; AdsBot-Google-Mobile; +http://www.google.com/mobile/adsbot.html)"
2001:41d0:303:2bb1::1 - - [09/Jun/2025:22:10:01 -0400] "GET /wp-includes/widgets/class-wp-widget-archives.php HTTP/1.1" 403 1242 "-" "Mozilla/5.0 (compatible; MJ12bot/v1.4.8; http://mj12bot.com/)"
2001:41d0:303:2bb1::1 - - [09/Jun/2025:22:10:04 -0400] "GET /wp-includes/widgets/class-wp-widget-block.php HTTP/1.1" 403 1242 "-" "Mozilla/5.0 (compatible; MJ12bot/v1.4.8; http://mj12bot.com/)"
49.151.72.17 - - [09/Jun/2025:22:09:31 -0400] "POST /wp-admin/admin-ajax.php HTTP/1.1" 200 61 "https://read11.windbreakermanga.com/wind-breaker-chapter-536/" "Mozilla/5.0 (Linux; Android 10; K) AppleWebKit/537.36 (KHTML, like Gecko) Chrome/137.0.0.0 Mobile Safari/537.36"
2001:41d0:303:2bb1::1 - - [09/Jun/2025:22:10:09 -0400] "GET /wp-includes/widgets/class-wp-widget-calendar.php HTTP/1.1" 403 1242 "-" "Mozilla/5.0 (compatible; MJ12bot/v1.4.8; http://mj12bot.com/)"
74.125.150.64 - - [09/Jun/2025:22:10:06 -0400] "GET /.well-known/apple-app-site-association HTTP/1.1" 301 0 "-" "Mozilla/5.0 (Linux; Android 6.0.1; Nexus 5X Build/MMB29P) AppleWebKit/537.36 (KHTML, like Gecko) Chrome/136.0.7103.113 Mobile Safari/537.36 (compatible; AdsBot-Google-Mobile; +http://www.google.com/mobile/adsbot.html)"
2001:41d0:303:2bb1::1 - - [09/Jun/2025:22:10:12 -0400] "GET /wp-includes/widgets/class-wp-widget-categories.php HTTP/1.1" 403 1242 "-" "Mozilla/5.0 (compatible; MJ12bot/v1.4.8; http://mj12bot.com/)"
162.0.232.193 - - [09/Jun/2025:22:10:13 -0400] "GET /wp-content/uploads/f979bbbcbe9df560cb74049269d2541e_4104.xml HTTP/1.1" 200 2271 "-" "Mozilla/5.0 (X11; Linux x86_64) AppleWebKit/537.36 (KHTML, like Gecko) Ubuntu Chromium/41.0.2272.76"
40.77.167.4 - - [09/Jun/2025:22:10:12 -0400] "GET /?s=2024 HTTP/1.1" 200 19855 "-" "Mozilla/5.0 AppleWebKit/537.36 (KHTML, like Gecko; compatible; bingbot/2.0; +http://www.bing.com/bingbot.htm) Chrome/116.0.1938.76 Safari/537.36"
2001:41d0:303:2bb1::1 - - [09/Jun/2025:22:10:17 -0400] "GET /wp-includes/widgets/class-wp-widget-custom-html.php HTTP/1.1" 403 1242 "-" "Mozilla/5.0 (compatible; MJ12bot/v1.4.8; http://mj12bot.com/)"
66.249.68.64 - - [09/Jun/2025:22:10:18 -0400] "GET /goods/521180 HTTP/1.1" 200 19691 "-" "Mozilla/5.0 (Linux; Android 6.0.1; Nexus 5X Build/MMB29P) AppleWebKit/537.36 (KHTML, like Gecko) Chrome/136.0.7103.113 Mobile Safari/537.36 (compatible; Googlebot/2.1; +http://www.google.com/bot.html)"
2001:41d0:303:2bb1::1 - - [09/Jun/2025:22:10:21 -0400] "GET /wp-includes/widgets/class-wp-widget-links.php HTTP/1.1" 403 1242 "-" "Mozilla/5.0 (compatible; MJ12bot/v1.4.8; http://mj12bot.com/)"
2001:41d0:303:2bb1::1 - - [09/Jun/2025:22:10:24 -0400] "GET /wp-includes/widgets/class-wp-widget-media-audio.php HTTP/1.1" 403 1242 "-" "Mozilla/5.0 (compatible; MJ12bot/v1.4.8; http://mj12bot.com/)"
2001:41d0:303:2bb1::1 - - [09/Jun/2025:22:10:27 -0400] "GET /wp-includes/widgets/class-wp-widget-media-gallery.php HTTP/1.1" 403 1242 "-" "Mozilla/5.0 (compatible; MJ12bot/v1.4.8; http://mj12bot.com/)"
74.125.150.71 - - [09/Jun/2025:22:10:28 -0400] "GET / HTTP/1.1" 200 12625 "-" "Mozilla/5.0 (Linux; Android 6.0.1; Nexus 5X Build/MMB29P) AppleWebKit/537.36 (KHTML, like Gecko) Chrome/136.0.7103.113 Mobile Safari/537.36 (compatible; AdsBot-Google-Mobile; +http://www.google.com/mobile/adsbot.html)"
2001:41d0:303:2bb1::1 - - [09/Jun/2025:22:10:30 -0400] "GET /wp-includes/widgets/class-wp-widget-media-image.php HTTP/1.1" 403 1242 "-" "Mozilla/5.0 (compatible; MJ12bot/v1.4.8; http://mj12bot.com/)"
66.249.68.71 - - [09/Jun/2025:22:10:32 -0400] "GET /entity/5427056 HTTP/1.1" 200 20017 "-" "Mozilla/5.0 (Linux; Android 6.0.1; Nexus 5X Build/MMB29P) AppleWebKit/537.36 (KHTML, like Gecko) Chrome/136.0.7103.113 Mobile Safari/537.36 (compatible; Googlebot/2.1; +http://www.google.com/bot.html)"
2001:41d0:303:2bb1::1 - - [09/Jun/2025:22:10:35 -0400] "GET /wp-includes/widgets/class-wp-widget-media-video.php HTTP/1.1" 403 1242 "-" "Mozilla/5.0 (compatible; MJ12bot/v1.4.8; http://mj12bot.com/)"
66.249.68.71 - - [09/Jun/2025:22:10:35 -0400] "GET /goods/5804932 HTTP/1.1" 200 18142 "-" "Mozilla/5.0 (Linux; Android 6.0.1; Nexus 5X Build/MMB29P) AppleWebKit/537.36 (KHTML, like Gecko) Chrome/136.0.7103.113 Mobile Safari/537.36 (compatible; Googlebot/2.1; +http://www.google.com/bot.html)"
2001:41d0:303:2bb1::1 - - [09/Jun/2025:22:10:38 -0400] "GET /wp-includes/widgets/class-wp-widget-media.php HTTP/1.1" 403 1242 "-" "Mozilla/5.0 (compatible; MJ12bot/v1.4.8; http://mj12bot.com/)"
74.125.150.71 - - [09/Jun/2025:22:10:38 -0400] "GET /wp-includes/css/dist/block-library/style.min.css?ver=6.8.1 HTTP/1.1" 200 14358 "https://read11.windbreakermanga.com/" "AdsBot-Google (+http://www.google.com/adsbot.html)"
2001:41d0:303:2bb1::1 - - [09/Jun/2025:22:10:41 -0400] "GET /wp-includes/widgets/class-wp-widget-meta.php HTTP/1.1" 403 1242 "-" "Mozilla/5.0 (compatible; MJ12bot/v1.4.8; http://mj12bot.com/)"
66.249.68.71 - - [09/Jun/2025:22:10:40 -0400] "GET /detail/510576 HTTP/1.1" 200 18239 "-" "Mozilla/5.0 (Linux; Android 6.0.1; Nexus 5X Build/MMB29P) AppleWebKit/537.36 (KHTML, like Gecko) Chrome/136.0.7103.113 Mobile Safari/537.36 (compatible; Googlebot/2.1; +http://www.google.com/bot.html)"
74.125.150.71 - - [09/Jun/2025:22:10:43 -0400] "GET / HTTP/1.1" 200 12625 "-" "Mozilla/5.0 (Linux; Android 6.0.1; Nexus 5X Build/MMB29P) AppleWebKit/537.36 (KHTML, like Gecko) Chrome/136.0.7103.113 Mobile Safari/537.36 (compatible; AdsBot-Google-Mobile; +http://www.google.com/mobile/adsbot.html)"
2001:41d0:303:2bb1::1 - - [09/Jun/2025:22:10:45 -0400] "GET /wp-includes/widgets/class-wp-widget-pages.php HTTP/1.1" 403 1242 "-" "Mozilla/5.0 (compatible; MJ12bot/v1.4.8; http://mj12bot.com/)"
74.125.150.71 - - [09/Jun/2025:22:10:47 -0400] "GET /wp-content/cache/min/1/wp-content/themes/toivo-lite/style.css?ver=1746140519 HTTP/1.1" 200 10061 "https://read11.windbreakermanga.com/" "AdsBot-Google (+http://www.google.com/adsbot.html)"
2001:41d0:303:2bb1::1 - - [09/Jun/2025:22:10:49 -0400] "GET /wp-includes/widgets/class-wp-widget-recent-comments.php HTTP/1.1" 403 1242 "-" "Mozilla/5.0 (compatible; MJ12bot/v1.4.8; http://mj12bot.com/)"
66.249.68.71 - - [09/Jun/2025:22:10:48 -0400] "GET /entity/staid1531280 HTTP/1.1" 200 20126 "-" "Mozilla/5.0 (Linux; Android 6.0.1; Nexus 5X Build/MMB29P) AppleWebKit/537.36 (KHTML, like Gecko) Chrome/136.0.7103.113 Mobile Safari/537.36 (compatible; Googlebot/2.1; +http://www.google.com/bot.html)"
74.125.150.71 - - [09/Jun/2025:22:10:50 -0400] "GET /wp-content/cache/min/1/wp-content/plugins/comic-easel/css/comiceasel.css?ver=1746140519 HTTP/1.1" 200 1064 "https://read11.windbreakermanga.com/" "AdsBot-Google (+http://www.google.com/adsbot.html)"
2001:41d0:303:2bb1::1 - - [09/Jun/2025:22:10:52 -0400] "GET /wp-includes/widgets/class-wp-widget-recent-posts.php HTTP/1.1" 403 1242 "-" "Mozilla/5.0 (compatible; MJ12bot/v1.4.8; http://mj12bot.com/)"
74.125.150.71 - - [09/Jun/2025:22:10:52 -0400] "GET /wp-content/cache/min/1/wp-content/plugins/comic-easel/js/keynav.js?ver=1746140519 HTTP/1.1" 200 221 "https://read11.windbreakermanga.com/" "AdsBot-Google (+http://www.google.com/adsbot.html)"
74.125.150.71 - - [09/Jun/2025:22:10:54 -0400] "GET /wp-content/cache/min/1/wp-content/plugins/simple-social-buttons/assets/css/front.css?ver=1746140519 HTTP/1.1" 200 9651 "https://read11.windbreakermanga.com/" "AdsBot-Google (+http://www.google.com/adsbot.html)"
2001:41d0:303:2bb1::1 - - [09/Jun/2025:22:10:56 -0400] "GET /wp-includes/widgets/class-wp-widget-rss.php HTTP/1.1" 403 1242 "-" "Mozilla/5.0 (compatible; MJ12bot/v1.4.8; http://mj12bot.com/)"
74.125.150.71 - - [09/Jun/2025:22:10:56 -0400] "GET /wp-includes/js/jquery/jquery-migrate.min.js?ver=3.4.1 HTTP/1.1" 200 4678 "https://read11.windbreakermanga.com/" "AdsBot-Google (+http://www.google.com/adsbot.html)"
74.125.150.71 - - [09/Jun/2025:22:10:58 -0400] "GET /wp-content/plugins/simple-social-buttons/assets/js/frontend-blocks.js?ver=6.1.0 HTTP/1.1" 200 0 "https://read11.windbreakermanga.com/" "AdsBot-Google (+http://www.google.com/adsbot.html)"
2001:41d0:303:2bb1::1 - - [09/Jun/2025:22:10:59 -0400] "GET /wp-includes/widgets/class-wp-widget-search.php HTTP/1.1" 403 1242 "-" "Mozilla/5.0 (compatible; MJ12bot/v1.4.8; http://mj12bot.com/)"
74.125.150.64 - - [09/Jun/2025:22:11:00 -0400] "GET /wp-includes/js/jquery/jquery.min.js?ver=3.7.1 HTTP/1.1" 200 29744 "https://read11.windbreakermanga.com/" "AdsBot-Google (+http://www.google.com/adsbot.html)"
74.125.150.65 - - [09/Jun/2025:22:11:03 -0400] "GET /wp-content/cache/min/1/wp-content/plugins/widgets-on-pages/public/css/widgets-on-pages-public.css?ver=1746140519 HTTP/1.1" 200 75 "https://read11.windbreakermanga.com/" "AdsBot-Google (+http://www.google.com/adsbot.html)"
2001:41d0:303:2bb1::1 - - [09/Jun/2025:22:11:04 -0400] "GET /wp-includes/widgets/class-wp-widget-tag-cloud.php HTTP/1.1" 403 1242 "-" "Mozilla/5.0 (compatible; MJ12bot/v1.4.8; http://mj12bot.com/)"
74.125.150.71 - - [09/Jun/2025:22:11:05 -0400] "GET /wp-content/cache/min/1/wp-content/plugins/widgets-on-pages/public/css/widgets-on-pages-public.css?ver=1746140519 HTTP/1.1" 200 75 "https://read11.windbreakermanga.com/" "AdsBot-Google (+http://www.google.com/adsbot.html)"
74.125.150.64 - - [09/Jun/2025:22:11:07 -0400] "GET /wp-content/cache/min/1/wp-content/themes/toivo-lite/fonts/genericons/genericons/genericons.min.css?ver=1746140519 HTTP/1.1" 200 15990 "https://read11.windbreakermanga.com/" "AdsBot-Google (+http://www.google.com/adsbot.html)"
2001:41d0:303:2bb1::1 - - [09/Jun/2025:22:11:07 -0400] "GET /wp-includes/widgets/class-wp-widget-text.php HTTP/1.1" 403 1242 "-" "Mozilla/5.0 (compatible; MJ12bot/v1.4.8; http://mj12bot.com/)"
74.125.150.71 - - [09/Jun/2025:22:11:11 -0400] "GET /wp-includes/js/jquery/jquery.min.js?ver=3.7.1 HTTP/1.1" 200 29744 "https://read11.windbreakermanga.com/" "AdsBot-Google (+http://www.google.com/adsbot.html)"
2001:41d0:303:2bb1::1 - - [09/Jun/2025:22:11:12 -0400] "GET /wp-includes/widgets/error_log HTTP/1.1" 403 1242 "-" "Mozilla/5.0 (compatible; MJ12bot/v1.4.8; http://mj12bot.com/)"
170.106.180.246 - - [09/Jun/2025:22:11:12 -0400] "GET /wind-breaker-chapter-25/ HTTP/1.1" 200 11930 "-" "Mozilla/5.0 (iPhone; CPU iPhone OS 13_2_3 like Mac OS X) AppleWebKit/605.1.15 (KHTML, like Gecko) Version/13.0.3 Mobile/15E148 Safari/604.1"
2001:41d0:303:2bb1::1 - - [09/Jun/2025:22:11:16 -0400] "GET /wp-includes/js/customize-preview-nav-menus.js HTTP/1.1" 200 3933 "-" "Mozilla/5.0 (compatible; MJ12bot/v1.4.8; http://mj12bot.com/)"
162.0.232.193 - - [09/Jun/2025:22:11:18 -0400] "POST /wp-cron.php?doing_wp_cron=1749521477.9444649219512939453125 HTTP/1.1" 200 0 "-" "WordPress/6.8.1; https://read11.windbreakermanga.com"
74.125.150.71 - - [09/Jun/2025:22:11:19 -0400] "GET /wp-content/cache/min/1/wp-content/themes/toivo-lite/fonts/genericons/genericons/genericons.min.css?ver=1746140519 HTTP/1.1" 200 15990 "https://read11.windbreakermanga.com/" "AdsBot-Google (+http://www.google.com/adsbot.html)"
2001:41d0:303:2bb1::1 - - [09/Jun/2025:22:11:20 -0400] "GET /wp-includes/js/customize-preview-nav-menus.min.js HTTP/1.1" 200 1622 "-" "Mozilla/5.0 (compatible; MJ12bot/v1.4.8; http://mj12bot.com/)"
66.249.68.71 - - [09/Jun/2025:22:11:21 -0400] "GET /products/771328 HTTP/1.1" 200 18794 "-" "Mozilla/5.0 (Linux; Android 6.0.1; Nexus 5X Build/MMB29P) AppleWebKit/537.36 (KHTML, like Gecko) Chrome/136.0.7103.113 Mobile Safari/537.36 (compatible; Googlebot/2.1; +http://www.google.com/bot.html)"
74.125.150.71 - - [09/Jun/2025:22:11:23 -0400] "GET /wp-content/themes/toivo-lite/js/responsive-nav.min.js?ver=1.2.0 HTTP/1.1" 200 2102 "https://read11.windbreakermanga.com/" "AdsBot-Google (+http://www.google.com/adsbot.html)"
2001:41d0:303:2bb1::1 - - [09/Jun/2025:22:11:24 -0400] "GET /wp-includes/js/media-views.js HTTP/1.1" 200 54900 "-" "Mozilla/5.0 (compatible; MJ12bot/v1.4.8; http://mj12bot.com/)"
74.125.150.71 - - [09/Jun/2025:22:11:25 -0400] "GET /wp-content/themes/toivo-lite/js/settings.min.js?ver=1.2.0 HTTP/1.1" 200 307 "https://read11.windbreakermanga.com/" "AdsBot-Google (+http://www.google.com/adsbot.html)"
74.125.150.71 - - [09/Jun/2025:22:11:27 -0400] "GET /wp-content/themes/toivo-lite/js/functions.min.js?ver=1.2.0 HTTP/1.1" 200 593 "https://read11.windbreakermanga.com/" "AdsBot-Google (+http://www.google.com/adsbot.html)"
74.125.150.71 - - [09/Jun/2025:22:11:28 -0400] "GET /wp-content/cache/min/1/wp-content/plugins/simple-social-buttons/assets/js/front.js?ver=1746140519 HTTP/1.1" 200 1525 "https://read11.windbreakermanga.com/" "AdsBot-Google (+http://www.google.com/adsbot.html)"
182.253.232.47 - - [09/Jun/2025:22:11:28 -0400] "GET / HTTP/1.1" 200 12625 "-" "Mozilla/5.0 (iPhone; CPU iPhone OS 17_6_1 like Mac OS X) AppleWebKit/605.1.15 (KHTML, like Gecko) Version/17.6 Mobile/15E148 Safari/604.1"
2001:41d0:303:2bb1::1 - - [09/Jun/2025:22:11:28 -0400] "GET /wp-includes/js/plupload/ HTTP/1.1" 200 1161 "-" "Mozilla/5.0 (compatible; MJ12bot/v1.4.8; http://mj12bot.com/)"
2400:9800:107:6c45:953f:310d:2e5b:8ed - - [09/Jun/2025:22:11:30 -0400] "GET /wp-content/uploads/2024/02/cropped-Wind-Breaker-1024x538-1.webp HTTP/1.1" 200 27262 "https://read11.windbreakermanga.com/" "Mozilla/5.0 (iPhone; CPU iPhone OS 17_6_1 like Mac OS X) AppleWebKit/605.1.15 (KHTML, like Gecko) Version/17.6 Mobile/15E148 Safari/604.1"
2400:9800:107:6c45:953f:310d:2e5b:8ed - - [09/Jun/2025:22:11:31 -0400] "GET /wp-content/plugins/simple-social-buttons/assets/js/frontend-blocks.js?ver=6.1.0 HTTP/1.1" 200 0 "https://read11.windbreakermanga.com/" "Mozilla/5.0 (iPhone; CPU iPhone OS 17_6_1 like Mac OS X) AppleWebKit/605.1.15 (KHTML, like Gecko) Version/17.6 Mobile/15E148 Safari/604.1"
2400:9800:107:6c45:953f:310d:2e5b:8ed - - [09/Jun/2025:22:11:31 -0400] "GET /wp-includes/js/jquery/jquery.min.js?ver=3.7.1 HTTP/1.1" 200 29744 "https://read11.windbreakermanga.com/" "Mozilla/5.0 (iPhone; CPU iPhone OS 17_6_1 like Mac OS X) AppleWebKit/605.1.15 (KHTML, like Gecko) Version/17.6 Mobile/15E148 Safari/604.1"
2400:9800:107:6c45:953f:310d:2e5b:8ed - - [09/Jun/2025:22:11:31 -0400] "GET /wp-content/themes/toivo-lite/js/responsive-nav.min.js?ver=1.2.0 HTTP/1.1" 200 2102 "https://read11.windbreakermanga.com/" "Mozilla/5.0 (iPhone; CPU iPhone OS 17_6_1 like Mac OS X) AppleWebKit/605.1.15 (KHTML, like Gecko) Version/17.6 Mobile/15E148 Safari/604.1"
2400:9800:107:6c45:953f:310d:2e5b:8ed - - [09/Jun/2025:22:11:31 -0400] "GET /wp-content/themes/toivo-lite/js/settings.min.js?ver=1.2.0 HTTP/1.1" 200 307 "https://read11.windbreakermanga.com/" "Mozilla/5.0 (iPhone; CPU iPhone OS 17_6_1 like Mac OS X) AppleWebKit/605.1.15 (KHTML, like Gecko) Version/17.6 Mobile/15E148 Safari/604.1"
2400:9800:107:6c45:953f:310d:2e5b:8ed - - [09/Jun/2025:22:11:31 -0400] "GET /wp-content/themes/toivo-lite/js/functions.min.js?ver=1.2.0 HTTP/1.1" 200 593 "https://read11.windbreakermanga.com/" "Mozilla/5.0 (iPhone; CPU iPhone OS 17_6_1 like Mac OS X) AppleWebKit/605.1.15 (KHTML, like Gecko) Version/17.6 Mobile/15E148 Safari/604.1"
2400:9800:107:6c45:953f:310d:2e5b:8ed - - [09/Jun/2025:22:11:31 -0400] "GET /wp-content/uploads/2024/02/is-wind-breaker-worth-reading-right-now-v0-caa0pw3v7f8b1.webp HTTP/1.1" 200 156952 "https://read11.windbreakermanga.com/" "Mozilla/5.0 (iPhone; CPU iPhone OS 17_6_1 like Mac OS X) AppleWebKit/605.1.15 (KHTML, like Gecko) Version/17.6 Mobile/15E148 Safari/604.1"
66.249.68.71 - - [09/Jun/2025:22:11:30 -0400] "GET /goods/526240 HTTP/1.1" 200 20661 "-" "Mozilla/5.0 (Linux; Android 6.0.1; Nexus 5X Build/MMB29P) AppleWebKit/537.36 (KHTML, like Gecko) Chrome/136.0.7103.113 Mobile Safari/537.36 (compatible; Googlebot/2.1; +http://www.google.com/bot.html)"
2400:9800:107:6c45:953f:310d:2e5b:8ed - - [09/Jun/2025:22:11:32 -0400] "GET /wp-content/themes/toivo-lite/fonts/genericons/genericons/Genericons.svg HTTP/1.1" 200 23714 "https://read11.windbreakermanga.com/" "Mozilla/5.0 (iPhone; CPU iPhone OS 17_6_1 like Mac OS X) AppleWebKit/605.1.15 (KHTML, like Gecko) Version/17.6 Mobile/15E148 Safari/604.1"
114.119.130.178 - - [09/Jun/2025:22:11:10 -0400] "GET /category/manga/page/10/ HTTP/1.1" 200 13040 "https://read10.windbreakermanga.com/category/manga/page/10/" "Mozilla/5.0 (Linux; Android 7.0;) AppleWebKit/537.36 (KHTML, like Gecko) Mobile Safari/537.36 (compatible; PetalBot;+https://webmaster.petalsearch.com/site/petalbot)"
66.249.68.71 - - [09/Jun/2025:22:11:58 -0400] "GET /special/518444 HTTP/1.1" 200 18707 "-" "Mozilla/5.0 (Linux; Android 6.0.1; Nexus 5X Build/MMB29P) AppleWebKit/537.36 (KHTML, like Gecko) Chrome/136.0.7103.113 Mobile Safari/537.36 (compatible; Googlebot/2.1; +http://www.google.com/bot.html)"
66.249.68.71 - - [09/Jun/2025:22:12:00 -0400] "GET /category/wind-breaker/page/41 HTTP/1.1" 200 18881 "-" "Mozilla/5.0 (Linux; Android 6.0.1; Nexus 5X Build/MMB29P) AppleWebKit/537.36 (KHTML, like Gecko) Chrome/136.0.7103.113 Mobile Safari/537.36 (compatible; Googlebot/2.1; +http://www.google.com/bot.html)"
162.0.232.193 - - [09/Jun/2025:22:12:09 -0400] "POST /wp-cron.php?doing_wp_cron=1749521529.0427360534667968750000 HTTP/1.1" 200 0 "-" "WordPress/6.8.1; https://read11.windbreakermanga.com"
66.249.68.71 - - [09/Jun/2025:22:12:02 -0400] "POST /get-message-notify HTTP/1.1" 301 0 "https://read11.windbreakermanga.com/special/518444" "Mozilla/5.0 (Linux; Android 6.0.1; Nexus 5X Build/MMB29P) AppleWebKit/537.36 (KHTML, like Gecko) Chrome/136.0.7103.92 Mobile Safari/537.36 (compatible; Googlebot/2.1; +http://www.google.com/bot.html)"
66.249.68.71 - - [09/Jun/2025:22:12:10 -0400] "POST /get-message-notify HTTP/1.1" 301 0 "https://read11.windbreakermanga.com/category/wind-breaker/page/41" "Mozilla/5.0 AppleWebKit/537.36 (KHTML, like Gecko; compatible; Googlebot/2.1; +http://www.google.com/bot.html) Chrome/136.0.7103.92 Safari/537.36"
66.249.68.71 - - [09/Jun/2025:22:12:16 -0400] "POST /get-message-notify HTTP/1.1" 301 0 "https://read11.windbreakermanga.com/entity/5427056" "Mozilla/5.0 (Linux; Android 6.0.1; Nexus 5X Build/MMB29P) AppleWebKit/537.36 (KHTML, like Gecko) Chrome/136.0.7103.92 Mobile Safari/537.36 (compatible; Googlebot/2.1; +http://www.google.com/bot.html)"
66.249.68.71 - - [09/Jun/2025:22:12:34 -0400] "GET /goods/512248 HTTP/1.1" 200 19889 "-" "Mozilla/5.0 (Linux; Android 6.0.1; Nexus 5X Build/MMB29P) AppleWebKit/537.36 (KHTML, like Gecko) Chrome/136.0.7103.113 Mobile Safari/537.36 (compatible; Googlebot/2.1; +http://www.google.com/bot.html)"
162.0.232.193 - - [09/Jun/2025:22:12:45 -0400] "POST /wp-cron.php?doing_wp_cron=1749521564.7366909980773925781250 HTTP/1.1" 200 0 "-" "WordPress/6.8.1; https://read11.windbreakermanga.com"
114.119.129.189 - - [09/Jun/2025:22:12:36 -0400] "GET /wind-breaker-chapter-205-part-2-ep-137/ HTTP/1.1" 301 0 "https://read10.windbreakermanga.com/wind-breaker-chapter-206-part-2-ep-138/" "Mozilla/5.0 (Linux; Android 7.0;) AppleWebKit/537.36 (KHTML, like Gecko) Mobile Safari/537.36 (compatible; PetalBot;+https://webmaster.petalsearch.com/site/petalbot)"
114.119.129.189 - - [09/Jun/2025:22:12:46 -0400] "GET / HTTP/1.1" 200 12625 "https://read10.windbreakermanga.com/wind-breaker-chapter-206-part-2-ep-138/" "Mozilla/5.0 (Linux; Android 7.0;) AppleWebKit/537.36 (KHTML, like Gecko) Mobile Safari/537.36 (compatible; PetalBot;+https://webmaster.petalsearch.com/site/petalbot)"
213.180.203.164 - - [09/Jun/2025:22:12:56 -0400] "GET /wind-breaker-chapter-79/ HTTP/1.1" 200 12243 "-" "Mozilla/5.0 (compatible; YandexBot/3.0; +http://yandex.com/bots)"
49.151.72.17 - - [09/Jun/2025:22:12:56 -0400] "GET /wind-breaker-chapter-537/ HTTP/1.1" 200 11548 "https://read11.windbreakermanga.com/wind-breaker-chapter-536/" "Mozilla/5.0 (Linux; Android 10; K) AppleWebKit/537.36 (KHTML, like Gecko) Chrome/137.0.0.0 Mobile Safari/537.36"
49.151.72.17 - - [09/Jun/2025:22:13:03 -0400] "GET / HTTP/1.1" 200 12625 "https://read11.windbreakermanga.com/wind-breaker-chapter-537/" "Mozilla/5.0 (Linux; Android 10; K) AppleWebKit/537.36 (KHTML, like Gecko) Chrome/137.0.0.0 Mobile Safari/537.36"
49.151.72.17 - - [09/Jun/2025:22:12:58 -0400] "POST /wp-admin/admin-ajax.php HTTP/1.1" 200 61 "https://read11.windbreakermanga.com/wind-breaker-chapter-537/" "Mozilla/5.0 (Linux; Android 10; K) AppleWebKit/537.36 (KHTML, like Gecko) Chrome/137.0.0.0 Mobile Safari/537.36"
66.249.68.70 - - [09/Jun/2025:22:13:36 -0400] "GET /products/volatileness5705772 HTTP/1.1" 200 19011 "-" "Mozilla/5.0 (Linux; Android 6.0.1; Nexus 5X Build/MMB29P) AppleWebKit/537.36 (KHTML, like Gecko) Chrome/136.0.7103.113 Mobile Safari/537.36 (compatible; Googlebot/2.1; +http://www.google.com/bot.html)"
162.0.232.193 - - [09/Jun/2025:22:13:53 -0400] "POST /wp-cron.php?doing_wp_cron=1749521632.8389070034027099609375 HTTP/1.1" 200 0 "-" "WordPress/6.8.1; https://read11.windbreakermanga.com"
66.249.68.70 - - [09/Jun/2025:22:13:46 -0400] "POST /get-message-notify HTTP/1.1" 301 0 "https://read11.windbreakermanga.com/products/volatileness5705772" "Mozilla/5.0 (Linux; Android 6.0.1; Nexus 5X Build/MMB29P) AppleWebKit/537.36 (KHTML, like Gecko) Chrome/136.0.7103.113 Mobile Safari/537.36 (compatible; Googlebot/2.1; +http://www.google.com/bot.html)"
162.0.232.193 - - [09/Jun/2025:22:14:04 -0400] "GET /wp-content/uploads/f979bbbcbe9df560cb74049269d2541e_4104.xml HTTP/1.1" 200 2271 "-" "Mozilla/5.0 (X11; Linux x86_64) AppleWebKit/537.36 (KHTML, like Gecko) Ubuntu Chromium/41.0.2272.76"
114.119.154.207 - - [09/Jun/2025:22:13:52 -0400] "GET /category/wind-breaker-manhwa/page/31/ HTTP/1.1" 200 14531 "https://read10.windbreakermanga.com/category/wind-breaker-manhwa/page/32/" "Mozilla/5.0 (Linux; Android 7.0;) AppleWebKit/537.36 (KHTML, like Gecko) Mobile Safari/537.36 (compatible; PetalBot;+https://webmaster.petalsearch.com/site/petalbot)"
49.151.91.226 - - [09/Jun/2025:22:14:38 -0400] "GET /category/wind-breaker/ HTTP/1.1" 200 11954 "https://read11.windbreakermanga.com/wind-breaker-chapter-537/" "Mozilla/5.0 (Linux; Android 10; K) AppleWebKit/537.36 (KHTML, like Gecko) Chrome/137.0.0.0 Mobile Safari/537.36"
49.151.91.226 - - [09/Jun/2025:22:14:38 -0400] "GET /wind-breaker-chapter-538/ HTTP/1.1" 200 11697 "https://read11.windbreakermanga.com/wind-breaker-chapter-537/" "Mozilla/5.0 (Linux; Android 10; K) AppleWebKit/537.36 (KHTML, like Gecko) Chrome/137.0.0.0 Mobile Safari/537.36"
66.249.68.71 - - [09/Jun/2025:22:14:42 -0400] "GET /shopbrand/sw/freakishly6442172 HTTP/1.1" 200 20534 "-" "Mozilla/5.0 (Linux; Android 6.0.1; Nexus 5X Build/MMB29P) AppleWebKit/537.36 (KHTML, like Gecko) Chrome/136.0.7103.113 Mobile Safari/537.36 (compatible; Googlebot/2.1; +http://www.google.com/bot.html)"
49.151.91.226 - - [09/Jun/2025:22:14:40 -0400] "POST /wp-admin/admin-ajax.php HTTP/1.1" 200 61 "https://read11.windbreakermanga.com/wind-breaker-chapter-538/" "Mozilla/5.0 (Linux; Android 10; K) AppleWebKit/537.36 (KHTML, like Gecko) Chrome/137.0.0.0 Mobile Safari/537.36"
66.249.68.70 - - [09/Jun/2025:22:14:52 -0400] "GET /shopdetail/5692752 HTTP/1.1" 200 19084 "-" "Mozilla/5.0 (Linux; Android 6.0.1; Nexus 5X Build/MMB29P) AppleWebKit/537.36 (KHTML, like Gecko) Chrome/136.0.7103.113 Mobile Safari/537.36 (compatible; Googlebot/2.1; +http://www.google.com/bot.html)"
66.249.68.64 - - [09/Jun/2025:22:15:01 -0400] "GET /items/gaskins522024 HTTP/1.1" 200 18124 "-" "Mozilla/5.0 (Linux; Android 6.0.1; Nexus 5X Build/MMB29P) AppleWebKit/537.36 (KHTML, like Gecko) Chrome/136.0.7103.113 Mobile Safari/537.36 (compatible; Googlebot/2.1; +http://www.google.com/bot.html)"
66.249.68.71 - - [09/Jun/2025:22:15:09 -0400] "POST /get-message-notify HTTP/1.1" 200 0 "https://read11.windbreakermanga.com/shopbrand/sw/freakishly6442172" "Mozilla/5.0 (Linux; Android 6.0.1; Nexus 5X Build/MMB29P) AppleWebKit/537.36 (KHTML, like Gecko) Chrome/136.0.7103.113 Mobile Safari/537.36 (compatible; Googlebot/2.1; +http://www.google.com/bot.html)"
162.0.232.193 - - [09/Jun/2025:22:15:17 -0400] "POST /wp-cron.php?doing_wp_cron=1749521717.3366599082946777343750 HTTP/1.1" 200 0 "-" "WordPress/6.8.1; https://read11.windbreakermanga.com"
66.249.68.70 - - [09/Jun/2025:22:15:18 -0400] "GET /product/tgw/praxinoscope/1249192 HTTP/1.1" 200 18349 "-" "Mozilla/5.0 (Linux; Android 6.0.1; Nexus 5X Build/MMB29P) AppleWebKit/537.36 (KHTML, like Gecko) Chrome/136.0.7103.113 Mobile Safari/537.36 (compatible; Googlebot/2.1; +http://www.google.com/bot.html)"
66.249.68.70 - - [09/Jun/2025:22:15:25 -0400] "GET /shopbrand/5694732 HTTP/1.1" 200 18721 "-" "Mozilla/5.0 (Linux; Android 6.0.1; Nexus 5X Build/MMB29P) AppleWebKit/537.36 (KHTML, like Gecko) Chrome/136.0.7103.113 Mobile Safari/537.36 (compatible; Googlebot/2.1; +http://www.google.com/bot.html)"
66.249.68.70 - - [09/Jun/2025:22:15:32 -0400] "GET /info/forewiten506132 HTTP/1.1" 200 20619 "-" "Mozilla/5.0 (Linux; Android 6.0.1; Nexus 5X Build/MMB29P) AppleWebKit/537.36 (KHTML, like Gecko) Chrome/136.0.7103.113 Mobile Safari/537.36 (compatible; Googlebot/2.1; +http://www.google.com/bot.html)"
74.125.150.70 - - [09/Jun/2025:22:15:37 -0400] "GET /wp-content/cache/min/1/wp-content/plugins/simple-social-buttons/assets/js/front.js?ver=1746140519 HTTP/1.1" 200 1525 "https://read11.windbreakermanga.com/" "AdsBot-Google (+http://www.google.com/adsbot.html)"
162.0.232.193 - - [09/Jun/2025:22:15:55 -0400] "POST /wp-cron.php?doing_wp_cron=1749521754.9349379539489746093750 HTTP/1.1" 200 0 "-" "WordPress/6.8.1; https://read11.windbreakermanga.com"
74.125.150.70 - - [09/Jun/2025:22:15:56 -0400] "GET /wp-content/cache/min/1/wp-content/themes/toivo-lite/style.css?ver=1746140519 HTTP/1.1" 200 10061 "https://read11.windbreakermanga.com/" "AdsBot-Google (+http://www.google.com/adsbot.html)"
2400:9800:107:6c45:953f:310d:2e5b:8ed - - [09/Jun/2025:22:15:59 -0400] "GET / HTTP/1.1" 200 0 "-" "Mozilla/5.0 (iPhone; CPU iPhone OS 17_6_1 like Mac OS X) AppleWebKit/605.1.15 (KHTML, like Gecko) Version/17.6 Mobile/15E148 Safari/604.1"
74.125.150.64 - - [09/Jun/2025:22:16:01 -0400] "GET /wp-includes/css/dist/block-library/style.min.css?ver=6.8.1 HTTP/1.1" 200 14358 "https://read11.windbreakermanga.com/" "AdsBot-Google (+http://www.google.com/adsbot.html)"
2400:9800:107:6c45:953f:310d:2e5b:8ed - - [09/Jun/2025:22:16:00 -0400] "GET / HTTP/1.1" 200 12555 "-" "Mozilla/5.0 (iPhone; CPU iPhone OS 17_6_1 like Mac OS X) AppleWebKit/605.1.15 (KHTML, like Gecko) Version/17.6 Mobile/15E148 Safari/604.1"
66.249.68.71 - - [09/Jun/2025:22:16:05 -0400] "GET /goodscode/carcino513856 HTTP/1.1" 200 18238 "-" "Mozilla/5.0 (Linux; Android 6.0.1; Nexus 5X Build/MMB29P) AppleWebKit/537.36 (KHTML, like Gecko) Chrome/136.0.7103.113 Mobile Safari/537.36 (compatible; Googlebot/2.1; +http://www.google.com/bot.html)"
74.125.150.70 - - [09/Jun/2025:22:16:08 -0400] "GET /wp-content/cache/min/1/wp-content/plugins/comic-easel/css/comiceasel.css?ver=1746140519 HTTP/1.1" 200 1064 "https://read11.windbreakermanga.com/" "AdsBot-Google (+http://www.google.com/adsbot.html)"
74.125.150.71 - - [09/Jun/2025:22:16:11 -0400] "GET /wp-content/cache/min/1/wp-content/plugins/simple-social-buttons/assets/css/front.css?ver=1746140519 HTTP/1.1" 200 9651 "https://read11.windbreakermanga.com/" "AdsBot-Google (+http://www.google.com/adsbot.html)"
194.42.196.105 - - [09/Jun/2025:22:16:15 -0400] "GET /.git/HEAD HTTP/1.1" 403 1242 "https://windbreakermanga.com/.git/HEAD" "Mozilla/5.0 (Windows NT 10.0; Win64; x64)"
194.42.196.105 - - [09/Jun/2025:22:16:16 -0400] "GET /.git/config HTTP/1.1" 403 1242 "https://windbreakermanga.com/.git/config" "Mozilla/5.0 (X11; Linux x86_64)"
74.125.150.70 - - [09/Jun/2025:22:16:16 -0400] "GET /wp-includes/css/dist/block-library/style.min.css?ver=6.8.1 HTTP/1.1" 200 14358 "https://read11.windbreakermanga.com/" "AdsBot-Google (+http://www.google.com/adsbot.html)"
194.42.196.105 - - [09/Jun/2025:22:16:16 -0400] "GET /.git/description HTTP/1.1" 403 1242 "https://windbreakermanga.com/.git/description" "Mozilla/5.0 (Macintosh; Intel Mac OS X 10_15_7)"
194.42.196.105 - - [09/Jun/2025:22:16:16 -0400] "GET /.git/index HTTP/1.1" 403 1242 "https://windbreakermanga.com/.git/index" "Mozilla/5.0 (Macintosh; Intel Mac OS X 10_15_7)"
194.42.196.105 - - [09/Jun/2025:22:16:17 -0400] "GET /.git/refs/heads/main HTTP/1.1" 403 1242 "https://windbreakermanga.com/.git/refs/heads/main" "Mozilla/5.0 (Windows NT 10.0; Win64; x64)"
194.42.196.105 - - [09/Jun/2025:22:16:17 -0400] "GET /.git/refs/heads/master HTTP/1.1" 403 1242 "https://windbreakermanga.com/.git/refs/heads/master" "Mozilla/5.0 (Macintosh; Intel Mac OS X 10_15_7)"
74.125.150.70 - - [09/Jun/2025:22:16:17 -0400] "GET /wp-content/cache/min/1/wp-content/plugins/simple-social-buttons/assets/css/front.css?ver=1746140519 HTTP/1.1" 200 9651 "https://read11.windbreakermanga.com/" "AdsBot-Google (+http://www.google.com/adsbot.html)"
157.55.39.12 - - [09/Jun/2025:22:16:48 -0400] "GET /wind-breaker-chapter-46/feed/ HTTP/1.1" 200 18892 "-" "Mozilla/5.0 AppleWebKit/537.36 (KHTML, like Gecko; compatible; bingbot/2.0; +http://www.bing.com/bingbot.htm) Chrome/116.0.1938.76 Safari/537.36"
49.151.72.17 - - [09/Jun/2025:22:16:56 -0400] "GET /wind-breaker-chapter-539/ HTTP/1.1" 200 11613 "https://read11.windbreakermanga.com/wind-breaker-chapter-538/" "Mozilla/5.0 (Linux; Android 10; K) AppleWebKit/537.36 (KHTML, like Gecko) Chrome/137.0.0.0 Mobile Safari/537.36"
66.249.68.70 - - [09/Jun/2025:22:16:58 -0400] "GET /shopbrand/blowzy5708816 HTTP/1.1" 200 20107 "-" "Mozilla/5.0 (Linux; Android 6.0.1; Nexus 5X Build/MMB29P) AppleWebKit/537.36 (KHTML, like Gecko) Chrome/136.0.7103.113 Mobile Safari/537.36 (compatible; Googlebot/2.1; +http://www.google.com/bot.html)"
162.0.232.193 - - [09/Jun/2025:22:17:05 -0400] "POST /wp-cron.php?doing_wp_cron=1749521825.4496030807495117187500 HTTP/1.1" 200 0 "-" "WordPress/6.8.1; https://read11.windbreakermanga.com"
49.151.72.17 - - [09/Jun/2025:22:16:58 -0400] "POST /wp-admin/admin-ajax.php HTTP/1.1" 200 61 "https://read11.windbreakermanga.com/wind-breaker-chapter-539/" "Mozilla/5.0 (Linux; Android 10; K) AppleWebKit/537.36 (KHTML, like Gecko) Chrome/137.0.0.0 Mobile Safari/537.36"
66.249.68.70 - - [09/Jun/2025:22:17:26 -0400] "GET /info/5703864 HTTP/1.1" 200 19356 "-" "Mozilla/5.0 (Linux; Android 6.0.1; Nexus 5X Build/MMB29P) AppleWebKit/537.36 (KHTML, like Gecko) Chrome/136.0.7103.113 Mobile Safari/537.36 (compatible; Googlebot/2.1; +http://www.google.com/bot.html)"
66.249.68.70 - - [09/Jun/2025:22:17:54 -0400] "GET /detail/518136 HTTP/1.1" 200 20123 "-" "Mozilla/5.0 (Linux; Android 6.0.1; Nexus 5X Build/MMB29P) AppleWebKit/537.36 (KHTML, like Gecko) Chrome/136.0.7103.113 Mobile Safari/537.36 (compatible; Googlebot/2.1; +http://www.google.com/bot.html)"
74.125.150.70 - - [09/Jun/2025:22:17:55 -0400] "GET /wp-content/cache/min/1/wp-content/plugins/widgets-on-pages/public/css/widgets-on-pages-public.css?ver=1746140519 HTTP/1.1" 200 75 "https://read11.windbreakermanga.com/" "AdsBot-Google (+http://www.google.com/adsbot.html)"
74.125.150.70 - - [09/Jun/2025:22:17:57 -0400] "GET /wp-content/cache/min/1/wp-content/themes/toivo-lite/fonts/genericons/genericons/genericons.min.css?ver=1746140519 HTTP/1.1" 200 15990 "https://read11.windbreakermanga.com/" "AdsBot-Google (+http://www.google.com/adsbot.html)"
66.249.68.70 - - [09/Jun/2025:22:17:59 -0400] "GET /entity/5421504 HTTP/1.1" 200 22362 "-" "Mozilla/5.0 (Linux; Android 6.0.1; Nexus 5X Build/MMB29P) AppleWebKit/537.36 (KHTML, like Gecko) Chrome/136.0.7103.113 Mobile Safari/537.36 (compatible; Googlebot/2.1; +http://www.google.com/bot.html)"
74.125.150.70 - - [09/Jun/2025:22:18:03 -0400] "GET /wp-content/cache/min/1/wp-content/plugins/comic-easel/js/keynav.js?ver=1746140519 HTTP/1.1" 200 221 "https://read11.windbreakermanga.com/" "AdsBot-Google (+http://www.google.com/adsbot.html)"
74.125.150.70 - - [09/Jun/2025:22:18:07 -0400] "GET /wp-includes/js/jquery/jquery-migrate.min.js?ver=3.4.1 HTTP/1.1" 200 4678 "https://read11.windbreakermanga.com/" "AdsBot-Google (+http://www.google.com/adsbot.html)"
74.125.150.70 - - [09/Jun/2025:22:18:10 -0400] "GET /wp-includes/js/jquery/jquery.min.js?ver=3.7.1 HTTP/1.1" 200 29744 "https://read11.windbreakermanga.com/" "AdsBot-Google (+http://www.google.com/adsbot.html)"
74.125.150.70 - - [09/Jun/2025:22:18:12 -0400] "GET /wp-content/plugins/simple-social-buttons/assets/js/frontend-blocks.js?ver=6.1.0 HTTP/1.1" 200 0 "https://read11.windbreakermanga.com/" "AdsBot-Google (+http://www.google.com/adsbot.html)"
74.125.150.70 - - [09/Jun/2025:22:18:18 -0400] "GET /wp-content/themes/toivo-lite/js/responsive-nav.min.js?ver=1.2.0 HTTP/1.1" 200 2102 "https://read11.windbreakermanga.com/" "AdsBot-Google (+http://www.google.com/adsbot.html)"
74.125.150.70 - - [09/Jun/2025:22:18:20 -0400] "GET /wp-content/themes/toivo-lite/js/settings.min.js?ver=1.2.0 HTTP/1.1" 200 307 "https://read11.windbreakermanga.com/" "AdsBot-Google (+http://www.google.com/adsbot.html)"
74.125.150.70 - - [09/Jun/2025:22:18:21 -0400] "GET /wp-content/themes/toivo-lite/js/functions.min.js?ver=1.2.0 HTTP/1.1" 200 593 "https://read11.windbreakermanga.com/" "AdsBot-Google (+http://www.google.com/adsbot.html)"
66.249.68.70 - - [09/Jun/2025:22:18:26 -0400] "GET /shopdetail/5313276 HTTP/1.1" 200 17918 "-" "Mozilla/5.0 (Linux; Android 6.0.1; Nexus 5X Build/MMB29P) AppleWebKit/537.36 (KHTML, like Gecko) Chrome/136.0.7103.113 Mobile Safari/537.36 (compatible; Googlebot/2.1; +http://www.google.com/bot.html)"
66.249.68.66 - - [09/Jun/2025:22:18:55 -0400] "GET /products/overturned5693688 HTTP/1.1" 200 22472 "-" "Mozilla/5.0 (Linux; Android 6.0.1; Nexus 5X Build/MMB29P) AppleWebKit/537.36 (KHTML, like Gecko) Chrome/136.0.7103.113 Mobile Safari/537.36 (compatible; Googlebot/2.1; +http://www.google.com/bot.html)"
49.151.72.17 - - [09/Jun/2025:22:19:03 -0400] "GET /wind-breaker-chapter-540/ HTTP/1.1" 200 11698 "https://read11.windbreakermanga.com/wind-breaker-chapter-539/" "Mozilla/5.0 (Linux; Android 10; K) AppleWebKit/537.36 (KHTML, like Gecko) Chrome/137.0.0.0 Mobile Safari/537.36"
49.151.72.17 - - [09/Jun/2025:22:19:10 -0400] "GET /author/admin/ HTTP/1.1" 304 0 "https://read11.windbreakermanga.com/wind-breaker-chapter-540/" "Mozilla/5.0 (Linux; Android 10; K) AppleWebKit/537.36 (KHTML, like Gecko) Chrome/137.0.0.0 Mobile Safari/537.36"
162.0.232.193 - - [09/Jun/2025:22:19:11 -0400] "POST /wp-cron.php?doing_wp_cron=1749521950.7588419914245605468750 HTTP/1.1" 200 0 "-" "WordPress/6.8.1; https://read11.windbreakermanga.com"
49.151.72.17 - - [09/Jun/2025:22:19:11 -0400] "GET /author/admin/ HTTP/1.1" 304 0 "https://read11.windbreakermanga.com/wind-breaker-chapter-540/" "Mozilla/5.0 (Linux; Android 10; K) AppleWebKit/537.36 (KHTML, like Gecko) Chrome/137.0.0.0 Mobile Safari/537.36"
49.151.72.17 - - [09/Jun/2025:22:19:04 -0400] "POST /wp-admin/admin-ajax.php HTTP/1.1" 200 61 "https://read11.windbreakermanga.com/wind-breaker-chapter-540/" "Mozilla/5.0 (Linux; Android 10; K) AppleWebKit/537.36 (KHTML, like Gecko) Chrome/137.0.0.0 Mobile Safari/537.36"
162.0.232.193 - - [09/Jun/2025:22:19:18 -0400] "GET /wp-content/uploads/f979bbbcbe9df560cb74049269d2541e_4104.xml HTTP/1.1" 200 2271 "-" "Mozilla/5.0 (X11; Linux x86_64) AppleWebKit/537.36 (KHTML, like Gecko) Ubuntu Chromium/41.0.2272.76"
66.249.68.66 - - [09/Jun/2025:22:19:22 -0400] "GET /items/5700448 HTTP/1.1" 200 18055 "-" "Mozilla/5.0 (Linux; Android 6.0.1; Nexus 5X Build/MMB29P) AppleWebKit/537.36 (KHTML, like Gecko) Chrome/136.0.7103.113 Mobile Safari/537.36 (compatible; Googlebot/2.1; +http://www.google.com/bot.html)"
43.157.158.178 - - [09/Jun/2025:22:19:37 -0400] "GET /wp-json/oembed/1.0/embed?url=https%3A%2F%2Fread11.windbreakermanga.com%2Fwind-breaker-chapter-15%2F HTTP/1.1" 200 2536 "-" "Mozilla/5.0 (iPhone; CPU iPhone OS 13_2_3 like Mac OS X) AppleWebKit/605.1.15 (KHTML, like Gecko) Version/13.0.3 Mobile/15E148 Safari/604.1"
66.249.68.66 - - [09/Jun/2025:22:20:16 -0400] "GET /info/surfacetoair5804060 HTTP/1.1" 200 21560 "-" "Mozilla/5.0 (Linux; Android 6.0.1; Nexus 5X Build/MMB29P) AppleWebKit/537.36 (KHTML, like Gecko) Chrome/136.0.7103.113 Mobile Safari/537.36 (compatible; Googlebot/2.1; +http://www.google.com/bot.html)"
66.249.68.66 - - [09/Jun/2025:22:20:18 -0400] "GET /shopping/immoderation524896 HTTP/1.1" 200 18043 "-" "Mozilla/5.0 (Linux; Android 6.0.1; Nexus 5X Build/MMB29P) AppleWebKit/537.36 (KHTML, like Gecko) Chrome/136.0.7103.113 Mobile Safari/537.36 (compatible; Googlebot/2.1; +http://www.google.com/bot.html)"
66.249.68.66 - - [09/Jun/2025:22:20:45 -0400] "GET /special/scabbard5694396 HTTP/1.1" 200 19421 "-" "Mozilla/5.0 (Linux; Android 6.0.1; Nexus 5X Build/MMB29P) AppleWebKit/537.36 (KHTML, like Gecko) Chrome/136.0.7103.113 Mobile Safari/537.36 (compatible; Googlebot/2.1; +http://www.google.com/bot.html)"
222.79.104.23 - - [09/Jun/2025:22:20:51 -0400] "GET / HTTP/1.1" 200 12625 "https://windbreakermanga.com/" "Mozilla/5.0 (iPhone; CPU iPhone OS 13_2_3 like Mac OS X) AppleWebKit/605.1.15 (KHTML, like Gecko) Version/13.0.3 Mobile/15E148 Safari/604.1"
66.249.68.68 - - [09/Jun/2025:22:21:12 -0400] "GET /item/5697976 HTTP/1.1" 200 21272 "-" "Mozilla/5.0 (Linux; Android 6.0.1; Nexus 5X Build/MMB29P) AppleWebKit/537.36 (KHTML, like Gecko) Chrome/136.0.7103.113 Mobile Safari/537.36 (compatible; Googlebot/2.1; +http://www.google.com/bot.html)"
162.0.232.193 - - [09/Jun/2025:22:21:49 -0400] "POST /wp-cron.php?doing_wp_cron=1749522109.5351479053497314453125 HTTP/1.1" 200 0 "-" "WordPress/6.8.1; https://read11.windbreakermanga.com"
66.249.68.66 - - [09/Jun/2025:22:21:41 -0400] "POST /get-message-notify HTTP/1.1" 301 0 "https://read11.windbreakermanga.com/item/5697976" "Mozilla/5.0 (Linux; Android 6.0.1; Nexus 5X Build/MMB29P) AppleWebKit/537.36 (KHTML, like Gecko) Chrome/136.0.7103.92 Mobile Safari/537.36 (compatible; Googlebot/2.1; +http://www.google.com/bot.html)"
66.249.68.66 - - [09/Jun/2025:22:21:50 -0400] "GET /item/5166484 HTTP/1.1" 200 19565 "-" "Mozilla/5.0 (Linux; Android 6.0.1; Nexus 5X Build/MMB29P) AppleWebKit/537.36 (KHTML, like Gecko) Chrome/136.0.7103.113 Mobile Safari/537.36 (compatible; Googlebot/2.1; +http://www.google.com/bot.html)"
66.249.68.66 - - [09/Jun/2025:22:21:52 -0400] "GET /item/amidopropionic5697604 HTTP/1.1" 200 19782 "-" "Mozilla/5.0 (Linux; Android 6.0.1; Nexus 5X Build/MMB29P) AppleWebKit/537.36 (KHTML, like Gecko) Chrome/136.0.7103.113 Mobile Safari/537.36 (compatible; Googlebot/2.1; +http://www.google.com/bot.html)"
162.0.232.193 - - [09/Jun/2025:22:22:49 -0400] "POST /wp-cron.php?doing_wp_cron=1749522169.2338058948516845703125 HTTP/1.1" 200 0 "-" "WordPress/6.8.1; https://read11.windbreakermanga.com"
66.249.68.66 - - [09/Jun/2025:22:22:43 -0400] "POST /get-message-notify HTTP/1.1" 301 0 "https://read11.windbreakermanga.com/item/5166484" "Mozilla/5.0 (Linux; Android 6.0.1; Nexus 5X Build/MMB29P) AppleWebKit/537.36 (KHTML, like Gecko) Chrome/136.0.7103.113 Mobile Safari/537.36 (compatible; Googlebot/2.1; +http://www.google.com/bot.html)"
49.151.72.17 - - [09/Jun/2025:22:22:53 -0400] "GET /wind-breaker-chapter-541/ HTTP/1.1" 200 11570 "https://read11.windbreakermanga.com/wind-breaker-chapter-540/" "Mozilla/5.0 (Linux; Android 10; K) AppleWebKit/537.36 (KHTML, like Gecko) Chrome/137.0.0.0 Mobile Safari/537.36"
66.249.68.66 - - [09/Jun/2025:22:22:50 -0400] "POST /get-message-notify HTTP/1.1" 301 0 "https://read11.windbreakermanga.com/shopping/immoderation524896" "Mozilla/5.0 (Linux; Android 6.0.1; Nexus 5X Build/MMB29P) AppleWebKit/537.36 (KHTML, like Gecko) Chrome/136.0.7103.92 Mobile Safari/537.36 (compatible; Googlebot/2.1; +http://www.google.com/bot.html)"
66.249.68.66 - - [09/Jun/2025:22:22:54 -0400] "GET /product/coccothraustes5702120 HTTP/1.1" 200 18306 "-" "Mozilla/5.0 (Linux; Android 6.0.1; Nexus 5X Build/MMB29P) AppleWebKit/537.36 (KHTML, like Gecko) Chrome/136.0.7103.113 Mobile Safari/537.36 (compatible; Googlebot/2.1; +http://www.google.com/bot.html)"
162.0.232.193 - - [09/Jun/2025:22:22:59 -0400] "GET /wp-content/uploads/f979bbbcbe9df560cb74049269d2541e_4104.xml HTTP/1.1" 200 2271 "-" "Mozilla/5.0 (X11; Linux x86_64) AppleWebKit/537.36 (KHTML, like Gecko) Ubuntu Chromium/41.0.2272.76"
49.151.72.17 - - [09/Jun/2025:22:22:55 -0400] "POST /wp-admin/admin-ajax.php HTTP/1.1" 200 61 "https://read11.windbreakermanga.com/wind-breaker-chapter-541/" "Mozilla/5.0 (Linux; Android 10; K) AppleWebKit/537.36 (KHTML, like Gecko) Chrome/137.0.0.0 Mobile Safari/537.36"
66.249.68.66 - - [09/Jun/2025:22:23:22 -0400] "GET /products/h/larve/6044032 HTTP/1.1" 200 19569 "-" "Mozilla/5.0 (Linux; Android 6.0.1; Nexus 5X Build/MMB29P) AppleWebKit/537.36 (KHTML, like Gecko) Chrome/136.0.7103.113 Mobile Safari/537.36 (compatible; Googlebot/2.1; +http://www.google.com/bot.html)"
66.249.68.68 - - [09/Jun/2025:22:23:23 -0400] "GET /special/vetust523160 HTTP/1.1" 200 18027 "-" "Mozilla/5.0 (Linux; Android 6.0.1; Nexus 5X Build/MMB29P) AppleWebKit/537.36 (KHTML, like Gecko) Chrome/136.0.7103.113 Mobile Safari/537.36 (compatible; Googlebot/2.1; +http://www.google.com/bot.html)"
49.51.253.26 - - [09/Jun/2025:22:23:38 -0400] "GET / HTTP/1.1" 200 12625 "https://www.windbreakermanga.com/" "Mozilla/5.0 (iPhone; CPU iPhone OS 13_2_3 like Mac OS X) AppleWebKit/605.1.15 (KHTML, like Gecko) Version/13.0.3 Mobile/15E148 Safari/604.1"
66.249.68.67 - - [09/Jun/2025:22:23:39 -0400] "POST /get-message-notify HTTP/1.1" 301 0 "https://read11.windbreakermanga.com/product/coccothraustes5702120" "Mozilla/5.0 (Linux; Android 6.0.1; Nexus 5X Build/MMB29P) AppleWebKit/537.36 (KHTML, like Gecko) Chrome/136.0.7103.92 Mobile Safari/537.36 (compatible; Googlebot/2.1; +http://www.google.com/bot.html)"
66.249.68.66 - - [09/Jun/2025:22:23:49 -0400] "GET /goods/520444 HTTP/1.1" 200 20340 "-" "Mozilla/5.0 (Linux; Android 6.0.1; Nexus 5X Build/MMB29P) AppleWebKit/537.36 (KHTML, like Gecko) Chrome/136.0.7103.113 Mobile Safari/537.36 (compatible; Googlebot/2.1; +http://www.google.com/bot.html)"
66.249.68.65 - - [09/Jun/2025:22:24:29 -0400] "GET /special/pyretic5703392 HTTP/1.1" 200 19229 "-" "Mozilla/5.0 (Linux; Android 6.0.1; Nexus 5X Build/MMB29P) AppleWebKit/537.36 (KHTML, like Gecko) Chrome/136.0.7103.113 Mobile Safari/537.36 (compatible; Googlebot/2.1; +http://www.google.com/bot.html)"
162.0.232.193 - - [09/Jun/2025:22:24:44 -0400] "POST /wp-cron.php?doing_wp_cron=1749522283.9569098949432373046875 HTTP/1.1" 200 0 "-" "WordPress/6.8.1; https://read11.windbreakermanga.com"
66.249.68.71 - - [09/Jun/2025:22:24:43 -0400] "POST /get-message-notify HTTP/1.1" 301 0 "https://read11.windbreakermanga.com/products/h/larve/6044032" "Mozilla/5.0 (Linux; Android 6.0.1; Nexus 5X Build/MMB29P) AppleWebKit/537.36 (KHTML, like Gecko) Chrome/136.0.7103.113 Mobile Safari/537.36 (compatible; Googlebot/2.1; +http://www.google.com/bot.html)"
66.249.68.64 - - [09/Jun/2025:22:25:08 -0400] "GET /shopbrand/parenthetic514556 HTTP/1.1" 200 20240 "-" "Mozilla/5.0 (Linux; Android 6.0.1; Nexus 5X Build/MMB29P) AppleWebKit/537.36 (KHTML, like Gecko) Chrome/136.0.7103.113 Mobile Safari/537.36 (compatible; Googlebot/2.1; +http://www.google.com/bot.html)"
162.0.232.193 - - [09/Jun/2025:22:25:57 -0400] "POST /wp-cron.php?doing_wp_cron=1749522357.5851728916168212890625 HTTP/1.1" 200 0 "-" "WordPress/6.8.1; https://read11.windbreakermanga.com"
66.249.68.64 - - [09/Jun/2025:22:25:58 -0400] "GET /special/intoxicatedness5702620 HTTP/1.1" 200 19162 "-" "Mozilla/5.0 (Linux; Android 6.0.1; Nexus 5X Build/MMB29P) AppleWebKit/537.36 (KHTML, like Gecko) Chrome/136.0.7103.113 Mobile Safari/537.36 (compatible; Googlebot/2.1; +http://www.google.com/bot.html)"
2a03:2880:f800:11:: - - [09/Jun/2025:22:25:56 -0400] "GET /author/admin/page/2/ HTTP/1.1" 200 12509 "-" "meta-externalagent/1.1 (+https://developers.facebook.com/docs/sharing/webmasters/crawler)"
162.0.232.193 - - [09/Jun/2025:22:26:37 -0400] "POST /wp-cron.php?doing_wp_cron=1749522397.0060160160064697265625 HTTP/1.1" 200 0 "-" "WordPress/6.8.1; https://read11.windbreakermanga.com"
49.151.72.17 - - [09/Jun/2025:22:26:36 -0400] "GET /wind-breaker-chapter-542/ HTTP/1.1" 200 11297 "https://read11.windbreakermanga.com/wind-breaker-chapter-541/" "Mozilla/5.0 (Linux; Android 10; K) AppleWebKit/537.36 (KHTML, like Gecko) Chrome/137.0.0.0 Mobile Safari/537.36"
49.151.72.17 - - [09/Jun/2025:22:26:38 -0400] "GET /wind-breaker-chapter-542/ HTTP/1.1" 304 0 "https://read11.windbreakermanga.com/wind-breaker-chapter-541/" "Mozilla/5.0 (Linux; Android 10; K) AppleWebKit/537.36 (KHTML, like Gecko) Chrome/137.0.0.0 Mobile Safari/537.36"
162.0.232.193 - - [09/Jun/2025:22:26:39 -0400] "GET /wp-content/uploads/f979bbbcbe9df560cb74049269d2541e_4104.xml HTTP/1.1" 200 2582 "-" "Mozilla/5.0 (X11; Linux x86_64) AppleWebKit/537.36 (KHTML, like Gecko) Ubuntu Chromium/41.0.2272.76"
216.73.216.210 - - [09/Jun/2025:22:26:40 -0400] "GET /sitemap-hot-2974995.xml HTTP/1.1" 200 2940 "-" "Mozilla/5.0 AppleWebKit/537.36 (KHTML, like Gecko; compatible; ClaudeBot/1.0; [email protected])"
66.249.68.71 - - [09/Jun/2025:22:26:46 -0400] "POST /get-message-notify HTTP/1.1" 301 0 "https://read11.windbreakermanga.com/special/intoxicatedness5702620" "Mozilla/5.0 (Linux; Android 6.0.1; Nexus 5X Build/MMB29P) AppleWebKit/537.36 (KHTML, like Gecko) Chrome/136.0.7103.113 Mobile Safari/537.36 (compatible; Googlebot/2.1; +http://www.google.com/bot.html)"
66.249.68.64 - - [09/Jun/2025:22:26:52 -0400] "GET /products/lazaret511212 HTTP/1.1" 200 20564 "-" "Mozilla/5.0 (Linux; Android 6.0.1; Nexus 5X Build/MMB29P) AppleWebKit/537.36 (KHTML, like Gecko) Chrome/136.0.7103.113 Mobile Safari/537.36 (compatible; Googlebot/2.1; +http://www.google.com/bot.html)"
40.77.167.18 - - [09/Jun/2025:22:27:00 -0400] "GET /wind-breaker-chapter-140/feed/ HTTP/1.1" 200 19972 "-" "Mozilla/5.0 AppleWebKit/537.36 (KHTML, like Gecko; compatible; bingbot/2.0; +http://www.bing.com/bingbot.htm) Chrome/116.0.1938.76 Safari/537.36"
66.249.68.71 - - [09/Jun/2025:22:27:19 -0400] "GET /info/522988 HTTP/1.1" 200 18445 "-" "Mozilla/5.0 (Linux; Android 6.0.1; Nexus 5X Build/MMB29P) AppleWebKit/537.36 (KHTML, like Gecko) Chrome/136.0.7103.113 Mobile Safari/537.36 (compatible; Googlebot/2.1; +http://www.google.com/bot.html)"
40.77.167.18 - - [09/Jun/2025:22:27:46 -0400] "GET / HTTP/1.1" 200 12632 "-" "Mozilla/5.0 AppleWebKit/537.36 (KHTML, like Gecko; compatible; bingbot/2.0; +http://www.bing.com/bingbot.htm) Chrome/116.0.1938.76 Safari/537.36"
66.249.68.71 - - [09/Jun/2025:22:28:12 -0400] "GET /special/5701556 HTTP/1.1" 200 19873 "-" "Mozilla/5.0 (Linux; Android 6.0.1; Nexus 5X Build/MMB29P) AppleWebKit/537.36 (KHTML, like Gecko) Chrome/136.0.7103.113 Mobile Safari/537.36 (compatible; Googlebot/2.1; +http://www.google.com/bot.html)"
66.249.68.64 - - [09/Jun/2025:22:28:39 -0400] "GET /goodscode/775872 HTTP/1.1" 200 18964 "-" "Mozilla/5.0 (Linux; Android 6.0.1; Nexus 5X Build/MMB29P) AppleWebKit/537.36 (KHTML, like Gecko) Chrome/136.0.7103.113 Mobile Safari/537.36 (compatible; Googlebot/2.1; +http://www.google.com/bot.html)"
