66.249.68.67 - - [09/Jun/2025:23:22:47 -0400] "GET /products/tuu/localizing/6483016 HTTP/1.1" 200 19031 "-" "Mozilla/5.0 (Linux; Android 6.0.1; Nexus 5X Build/MMB29P) AppleWebKit/537.36 (KHTML, like Gecko) Chrome/136.0.7103.113 Mobile Safari/537.36 (compatible; Googlebot/2.1; +http://www.google.com/bot.html)"
162.0.232.193 - - [09/Jun/2025:23:22:48 -0400] "GET /chapter-416/ HTTP/1.1" 200 10818 "-" "WP Rocket/Preload Mozilla/5.0 (iPhone; CPU iPhone OS 9_1 like Mac OS X) AppleWebKit/601.1.46 (KHTML, like Gecko) Version/9.0 Mobile/13B143 Safari/601.1"
162.0.232.193 - - [09/Jun/2025:23:22:48 -0400] "GET /chapter-413/ HTTP/1.1" 200 0 "-" "WP Rocket/Preload"
162.0.232.193 - - [09/Jun/2025:23:22:50 -0400] "GET /chapter-413/ HTTP/1.1" 200 0 "-" "WP Rocket/Preload Mozilla/5.0 (iPhone; CPU iPhone OS 9_1 like Mac OS X) AppleWebKit/601.1.46 (KHTML, like Gecko) Version/9.0 Mobile/13B143 Safari/601.1"
162.0.232.193 - - [09/Jun/2025:23:22:52 -0400] "GET /chapter-409/ HTTP/1.1" 200 0 "-" "WP Rocket/Preload"
66.249.68.67 - - [09/Jun/2025:23:22:53 -0400] "GET /goodscode/zei/legitimist/5983544 HTTP/1.1" 200 18084 "-" "Mozilla/5.0 (Linux; Android 6.0.1; Nexus 5X Build/MMB29P) AppleWebKit/537.36 (KHTML, like Gecko) Chrome/136.0.7103.113 Mobile Safari/537.36 (compatible; Googlebot/2.1; +http://www.google.com/bot.html)"
162.0.232.193 - - [09/Jun/2025:23:22:53 -0400] "GET /chapter-409/ HTTP/1.1" 200 0 "-" "WP Rocket/Preload Mozilla/5.0 (iPhone; CPU iPhone OS 9_1 like Mac OS X) AppleWebKit/601.1.46 (KHTML, like Gecko) Version/9.0 Mobile/13B143 Safari/601.1"
66.249.68.67 - - [09/Jun/2025:23:22:54 -0400] "GET /shopdetail/f/probabiliorist/6481744 HTTP/1.1" 200 19563 "-" "Mozilla/5.0 (Linux; Android 6.0.1; Nexus 5X Build/MMB29P) AppleWebKit/537.36 (KHTML, like Gecko) Chrome/136.0.7103.113 Mobile Safari/537.36 (compatible; Googlebot/2.1; +http://www.google.com/bot.html)"
162.0.232.193 - - [09/Jun/2025:23:22:55 -0400] "GET /chapter-401/ HTTP/1.1" 200 0 "-" "WP Rocket/Preload"
162.0.232.193 - - [09/Jun/2025:23:22:56 -0400] "GET /chapter-401/ HTTP/1.1" 200 0 "-" "WP Rocket/Preload Mozilla/5.0 (iPhone; CPU iPhone OS 9_1 like Mac OS X) AppleWebKit/601.1.46 (KHTML, like Gecko) Version/9.0 Mobile/13B143 Safari/601.1"
66.249.68.69 - - [09/Jun/2025:23:23:00 -0400] "GET /entity/dkm/mammosum/5242392 HTTP/1.1" 200 19237 "-" "Mozilla/5.0 (Linux; Android 6.0.1; Nexus 5X Build/MMB29P) AppleWebKit/537.36 (KHTML, like Gecko) Chrome/136.0.7103.113 Mobile Safari/537.36 (compatible; Googlebot/2.1; +http://www.google.com/bot.html)"
66.249.68.68 - - [09/Jun/2025:23:23:06 -0400] "GET /products/puq/unstable/6697928 HTTP/1.1" 200 19028 "-" "Mozilla/5.0 (Linux; Android 6.0.1; Nexus 5X Build/MMB29P) AppleWebKit/537.36 (KHTML, like Gecko) Chrome/136.0.7103.113 Mobile Safari/537.36 (compatible; Googlebot/2.1; +http://www.google.com/bot.html)"
162.0.232.193 - - [09/Jun/2025:23:23:12 -0400] "POST /wp-cron.php?doing_wp_cron=1749525792.6330089569091796875000 HTTP/1.1" 200 0 "-" "WordPress/6.8.1; https://read11.windbreakermanga.com"
66.249.68.68 - - [09/Jun/2025:23:23:10 -0400] "POST /get-message-notify HTTP/1.1" 301 0 "https://read11.windbreakermanga.com/shopdetail/h/creeptree/6484288" "Mozilla/5.0 (Linux; Android 6.0.1; Nexus 5X Build/MMB29P) AppleWebKit/537.36 (KHTML, like Gecko) Chrome/136.0.7103.113 Mobile Safari/537.36 (compatible; Googlebot/2.1; +http://www.google.com/bot.html)"
66.249.68.67 - - [09/Jun/2025:23:23:13 -0400] "GET /special/lqs/viability/6697592 HTTP/1.1" 200 19620 "-" "Mozilla/5.0 (Linux; Android 6.0.1; Nexus 5X Build/MMB29P) AppleWebKit/537.36 (KHTML, like Gecko) Chrome/136.0.7103.113 Mobile Safari/537.36 (compatible; Googlebot/2.1; +http://www.google.com/bot.html)"
162.0.232.193 - - [09/Jun/2025:23:23:15 -0400] "GET /chapter-398/ HTTP/1.1" 200 0 "-" "WP Rocket/Preload"
162.0.232.193 - - [09/Jun/2025:23:23:16 -0400] "GET /chapter-398/ HTTP/1.1" 200 0 "-" "WP Rocket/Preload Mozilla/5.0 (iPhone; CPU iPhone OS 9_1 like Mac OS X) AppleWebKit/601.1.46 (KHTML, like Gecko) Version/9.0 Mobile/13B143 Safari/601.1"
87.250.224.242 - - [09/Jun/2025:23:23:17 -0400] "GET /wind-breaker-chapter-142/ HTTP/1.1" 200 12279 "-" "Mozilla/5.0 (compatible; YandexBot/3.0; +http://yandex.com/bots)"
162.0.232.193 - - [09/Jun/2025:23:23:18 -0400] "GET /chapter-395/ HTTP/1.1" 200 0 "-" "WP Rocket/Preload"
66.249.68.67 - - [09/Jun/2025:23:23:19 -0400] "GET /shopping/j/fecundated/6699672 HTTP/1.1" 200 20350 "-" "Mozilla/5.0 (Linux; Android 6.0.1; Nexus 5X Build/MMB29P) AppleWebKit/537.36 (KHTML, like Gecko) Chrome/136.0.7103.113 Mobile Safari/537.36 (compatible; Googlebot/2.1; +http://www.google.com/bot.html)"
162.0.232.193 - - [09/Jun/2025:23:23:19 -0400] "GET /chapter-395/ HTTP/1.1" 200 0 "-" "WP Rocket/Preload Mozilla/5.0 (iPhone; CPU iPhone OS 9_1 like Mac OS X) AppleWebKit/601.1.46 (KHTML, like Gecko) Version/9.0 Mobile/13B143 Safari/601.1"
162.0.232.193 - - [09/Jun/2025:23:23:21 -0400] "GET /chapter-391/ HTTP/1.1" 200 0 "-" "WP Rocket/Preload"
162.0.232.193 - - [09/Jun/2025:23:23:22 -0400] "GET /chapter-391/ HTTP/1.1" 200 0 "-" "WP Rocket/Preload Mozilla/5.0 (iPhone; CPU iPhone OS 9_1 like Mac OS X) AppleWebKit/601.1.46 (KHTML, like Gecko) Version/9.0 Mobile/13B143 Safari/601.1"
162.0.232.193 - - [09/Jun/2025:23:23:24 -0400] "GET /wind-breaker-chapter-549/ HTTP/1.1" 200 11663 "-" "WP Rocket/Preload"
162.0.232.193 - - [09/Jun/2025:23:23:25 -0400] "GET /wind-breaker-chapter-549/ HTTP/1.1" 200 11643 "-" "WP Rocket/Preload Mozilla/5.0 (iPhone; CPU iPhone OS 9_1 like Mac OS X) AppleWebKit/601.1.46 (KHTML, like Gecko) Version/9.0 Mobile/13B143 Safari/601.1"
66.249.68.67 - - [09/Jun/2025:23:23:26 -0400] "GET /special/cqg/iridioscope/6699036 HTTP/1.1" 200 21350 "-" "Mozilla/5.0 (Linux; Android 6.0.1; Nexus 5X Build/MMB29P) AppleWebKit/537.36 (KHTML, like Gecko) Chrome/136.0.7103.113 Mobile Safari/537.36 (compatible; Googlebot/2.1; +http://www.google.com/bot.html)"
162.0.232.193 - - [09/Jun/2025:23:23:26 -0400] "GET /wind-breaker-chapter-374/ HTTP/1.1" 200 0 "-" "WP Rocket/Preload"
162.0.232.193 - - [09/Jun/2025:23:23:28 -0400] "GET /wind-breaker-chapter-374/ HTTP/1.1" 200 11944 "-" "WP Rocket/Preload Mozilla/5.0 (iPhone; CPU iPhone OS 9_1 like Mac OS X) AppleWebKit/601.1.46 (KHTML, like Gecko) Version/9.0 Mobile/13B143 Safari/601.1"
162.0.232.193 - - [09/Jun/2025:23:23:29 -0400] "GET /wind-breaker-chapter-370/ HTTP/1.1" 200 0 "-" "WP Rocket/Preload"
162.0.232.193 - - [09/Jun/2025:23:23:31 -0400] "GET /wind-breaker-chapter-370/ HTTP/1.1" 200 0 "-" "WP Rocket/Preload Mozilla/5.0 (iPhone; CPU iPhone OS 9_1 like Mac OS X) AppleWebKit/601.1.46 (KHTML, like Gecko) Version/9.0 Mobile/13B143 Safari/601.1"
66.249.68.67 - - [09/Jun/2025:23:23:32 -0400] "GET /items/e/methylate/6701580 HTTP/1.1" 200 19243 "-" "Mozilla/5.0 (Linux; Android 6.0.1; Nexus 5X Build/MMB29P) AppleWebKit/537.36 (KHTML, like Gecko) Chrome/136.0.7103.113 Mobile Safari/537.36 (compatible; Googlebot/2.1; +http://www.google.com/bot.html)"
162.0.232.193 - - [09/Jun/2025:23:23:32 -0400] "GET /wind-breaker-chapter-373/ HTTP/1.1" 200 11885 "-" "WP Rocket/Preload"
66.249.68.67 - - [09/Jun/2025:23:23:33 -0400] "GET /shopping/5070296 HTTP/1.1" 200 20500 "-" "Mozilla/5.0 (Linux; Android 6.0.1; Nexus 5X Build/MMB29P) AppleWebKit/537.36 (KHTML, like Gecko) Chrome/136.0.7103.113 Mobile Safari/537.36 (compatible; Googlebot/2.1; +http://www.google.com/bot.html)"
162.0.232.193 - - [09/Jun/2025:23:23:34 -0400] "GET /wind-breaker-chapter-373/ HTTP/1.1" 200 11596 "-" "WP Rocket/Preload Mozilla/5.0 (iPhone; CPU iPhone OS 9_1 like Mac OS X) AppleWebKit/601.1.46 (KHTML, like Gecko) Version/9.0 Mobile/13B143 Safari/601.1"
66.249.68.67 - - [09/Jun/2025:23:23:39 -0400] "GET /shopbrand/smw/moorball/1237180 HTTP/1.1" 200 18594 "-" "Mozilla/5.0 (Linux; Android 6.0.1; Nexus 5X Build/MMB29P) AppleWebKit/537.36 (KHTML, like Gecko) Chrome/136.0.7103.113 Mobile Safari/537.36 (compatible; Googlebot/2.1; +http://www.google.com/bot.html)"
66.249.68.67 - - [09/Jun/2025:23:23:40 -0400] "GET /detail/z/tzarina/6696328 HTTP/1.1" 200 19476 "-" "Mozilla/5.0 (Linux; Android 6.0.1; Nexus 5X Build/MMB29P) AppleWebKit/537.36 (KHTML, like Gecko) Chrome/136.0.7103.113 Mobile Safari/537.36 (compatible; Googlebot/2.1; +http://www.google.com/bot.html)"
103.129.125.233 - - [09/Jun/2025:23:23:41 -0400] "GET /wind-breaker-chapter-546/ HTTP/1.1" 200 11660 "https://www.google.com/" "Mozilla/5.0 (Linux; Android 10; K) AppleWebKit/537.36 (KHTML, like Gecko) Chrome/137.0.0.0 Mobile Safari/537.36"
162.0.232.193 - - [09/Jun/2025:23:23:42 -0400] "POST /wp-cron.php?doing_wp_cron=1749525822.8544390201568603515625 HTTP/1.1" 200 0 "-" "WordPress/6.8.1; https://read11.windbreakermanga.com"
103.129.125.233 - - [09/Jun/2025:23:23:42 -0400] "POST /wp-admin/admin-ajax.php HTTP/1.1" 200 61 "https://read11.windbreakermanga.com/wind-breaker-chapter-546/" "Mozilla/5.0 (Linux; Android 10; K) AppleWebKit/537.36 (KHTML, like Gecko) Chrome/137.0.0.0 Mobile Safari/537.36"
162.0.232.193 - - [09/Jun/2025:23:23:43 -0400] "GET /wind-breaker-chapter-349/ HTTP/1.1" 200 11932 "-" "WP Rocket/Preload"
162.0.232.193 - - [09/Jun/2025:23:23:44 -0400] "GET /wind-breaker-chapter-349/ HTTP/1.1" 200 11624 "-" "WP Rocket/Preload Mozilla/5.0 (iPhone; CPU iPhone OS 9_1 like Mac OS X) AppleWebKit/601.1.46 (KHTML, like Gecko) Version/9.0 Mobile/13B143 Safari/601.1"
162.0.232.193 - - [09/Jun/2025:23:23:46 -0400] "GET /wind-breaker-chapter-359/ HTTP/1.1" 200 11632 "-" "WP Rocket/Preload"
66.249.68.67 - - [09/Jun/2025:23:23:46 -0400] "GET /item/saa/grappled/6702852 HTTP/1.1" 200 21850 "-" "Mozilla/5.0 (Linux; Android 6.0.1; Nexus 5X Build/MMB29P) AppleWebKit/537.36 (KHTML, like Gecko) Chrome/136.0.7103.113 Mobile Safari/537.36 (compatible; Googlebot/2.1; +http://www.google.com/bot.html)"
162.0.232.193 - - [09/Jun/2025:23:23:47 -0400] "GET /wind-breaker-chapter-359/ HTTP/1.1" 200 0 "-" "WP Rocket/Preload Mozilla/5.0 (iPhone; CPU iPhone OS 9_1 like Mac OS X) AppleWebKit/601.1.46 (KHTML, like Gecko) Version/9.0 Mobile/13B143 Safari/601.1"
162.0.232.193 - - [09/Jun/2025:23:23:49 -0400] "GET /wind-breaker-chapter-350/ HTTP/1.1" 200 0 "-" "WP Rocket/Preload"
162.0.232.193 - - [09/Jun/2025:23:23:51 -0400] "GET /wind-breaker-chapter-350/ HTTP/1.1" 200 11279 "-" "WP Rocket/Preload Mozilla/5.0 (iPhone; CPU iPhone OS 9_1 like Mac OS X) AppleWebKit/601.1.46 (KHTML, like Gecko) Version/9.0 Mobile/13B143 Safari/601.1"
162.0.232.193 - - [09/Jun/2025:23:23:52 -0400] "GET /wind-breaker-chapter-342/ HTTP/1.1" 200 11993 "-" "WP Rocket/Preload"
66.249.68.67 - - [09/Jun/2025:23:23:52 -0400] "GET /goodscode/1012828 HTTP/1.1" 200 20283 "-" "Mozilla/5.0 (Linux; Android 6.0.1; Nexus 5X Build/MMB29P) AppleWebKit/537.36 (KHTML, like Gecko) Chrome/136.0.7103.113 Mobile Safari/537.36 (compatible; Googlebot/2.1; +http://www.google.com/bot.html)"
66.249.68.67 - - [09/Jun/2025:23:23:53 -0400] "GET /info/n/nemoricola/6695384 HTTP/1.1" 200 19938 "-" "Mozilla/5.0 (Linux; Android 6.0.1; Nexus 5X Build/MMB29P) AppleWebKit/537.36 (KHTML, like Gecko) Chrome/136.0.7103.113 Mobile Safari/537.36 (compatible; Googlebot/2.1; +http://www.google.com/bot.html)"
162.0.232.193 - - [09/Jun/2025:23:23:53 -0400] "GET /wind-breaker-chapter-342/ HTTP/1.1" 200 11693 "-" "WP Rocket/Preload Mozilla/5.0 (iPhone; CPU iPhone OS 9_1 like Mac OS X) AppleWebKit/601.1.46 (KHTML, like Gecko) Version/9.0 Mobile/13B143 Safari/601.1"
162.0.232.193 - - [09/Jun/2025:23:23:55 -0400] "GET /wind-breaker-chapter-330/ HTTP/1.1" 200 13103 "-" "WP Rocket/Preload"
162.0.232.193 - - [09/Jun/2025:23:23:56 -0400] "GET /wind-breaker-chapter-330/ HTTP/1.1" 200 13088 "-" "WP Rocket/Preload Mozilla/5.0 (iPhone; CPU iPhone OS 9_1 like Mac OS X) AppleWebKit/601.1.46 (KHTML, like Gecko) Version/9.0 Mobile/13B143 Safari/601.1"
162.0.232.193 - - [09/Jun/2025:23:23:58 -0400] "GET /wind-breaker-chapter-210/ HTTP/1.1" 200 12530 "-" "WP Rocket/Preload"
66.249.68.67 - - [09/Jun/2025:23:23:59 -0400] "POST /get-message-notify HTTP/1.1" 301 0 "https://read11.windbreakermanga.com/shopbrand/smw/moorball/1237180" "Mozilla/5.0 (Linux; Android 6.0.1; Nexus 5X Build/MMB29P) AppleWebKit/537.36 (KHTML, like Gecko) Chrome/136.0.7103.113 Mobile Safari/537.36 (compatible; Googlebot/2.1; +http://www.google.com/bot.html)"
162.0.232.193 - - [09/Jun/2025:23:23:59 -0400] "GET /wind-breaker-chapter-210/ HTTP/1.1" 200 0 "-" "WP Rocket/Preload Mozilla/5.0 (iPhone; CPU iPhone OS 9_1 like Mac OS X) AppleWebKit/601.1.46 (KHTML, like Gecko) Version/9.0 Mobile/13B143 Safari/601.1"
66.249.68.67 - - [09/Jun/2025:23:24:00 -0400] "GET /goodscode/om/woundy/6441772 HTTP/1.1" 200 19902 "-" "Mozilla/5.0 (Linux; Android 6.0.1; Nexus 5X Build/MMB29P) AppleWebKit/537.36 (KHTML, like Gecko) Chrome/136.0.7103.113 Mobile Safari/537.36 (compatible; Googlebot/2.1; +http://www.google.com/bot.html)"
162.0.232.193 - - [09/Jun/2025:23:24:01 -0400] "GET /wind-breaker-chapter-310/ HTTP/1.1" 200 0 "-" "WP Rocket/Preload"
66.249.68.67 - - [09/Jun/2025:23:24:01 -0400] "GET /shopdetail/condescendency755236 HTTP/1.1" 200 18906 "-" "Mozilla/5.0 (Linux; Android 6.0.1; Nexus 5X Build/MMB29P) AppleWebKit/537.36 (KHTML, like Gecko) Chrome/136.0.7103.113 Mobile Safari/537.36 (compatible; Googlebot/2.1; +http://www.google.com/bot.html)"
162.0.232.193 - - [09/Jun/2025:23:24:02 -0400] "GET /wind-breaker-chapter-310/ HTTP/1.1" 200 0 "-" "WP Rocket/Preload Mozilla/5.0 (iPhone; CPU iPhone OS 9_1 like Mac OS X) AppleWebKit/601.1.46 (KHTML, like Gecko) Version/9.0 Mobile/13B143 Safari/601.1"
162.0.232.193 - - [09/Jun/2025:23:24:04 -0400] "GET /wind-breaker-chapter-307/ HTTP/1.1" 200 0 "-" "WP Rocket/Preload"
162.0.232.193 - - [09/Jun/2025:23:24:05 -0400] "GET /wind-breaker-chapter-307/ HTTP/1.1" 200 0 "-" "WP Rocket/Preload Mozilla/5.0 (iPhone; CPU iPhone OS 9_1 like Mac OS X) AppleWebKit/601.1.46 (KHTML, like Gecko) Version/9.0 Mobile/13B143 Safari/601.1"
66.249.68.67 - - [09/Jun/2025:23:24:08 -0400] "GET /shopping/lc/courtleet/6255056 HTTP/1.1" 200 20892 "-" "Mozilla/5.0 (Linux; Android 6.0.1; Nexus 5X Build/MMB29P) AppleWebKit/537.36 (KHTML, like Gecko) Chrome/136.0.7103.113 Mobile Safari/537.36 (compatible; Googlebot/2.1; +http://www.google.com/bot.html)"
66.249.68.67 - - [09/Jun/2025:23:24:14 -0400] "GET /shopping/l/claves/5673816 HTTP/1.1" 200 19911 "-" "Mozilla/5.0 (Linux; Android 6.0.1; Nexus 5X Build/MMB29P) AppleWebKit/537.36 (KHTML, like Gecko) Chrome/136.0.7103.113 Mobile Safari/537.36 (compatible; Googlebot/2.1; +http://www.google.com/bot.html)"
103.129.125.233 - - [09/Jun/2025:23:24:18 -0400] "GET /wind-breaker-chapter-547/ HTTP/1.1" 200 11723 "https://read11.windbreakermanga.com/wind-breaker-chapter-546/" "Mozilla/5.0 (Linux; Android 10; K) AppleWebKit/537.36 (KHTML, like Gecko) Chrome/137.0.0.0 Mobile Safari/537.36"
162.0.232.193 - - [09/Jun/2025:23:24:19 -0400] "POST /wp-cron.php?doing_wp_cron=1749525859.7712140083312988281250 HTTP/1.1" 200 0 "-" "WordPress/6.8.1; https://read11.windbreakermanga.com"
103.129.125.233 - - [09/Jun/2025:23:24:19 -0400] "POST /wp-admin/admin-ajax.php HTTP/1.1" 200 61 "https://read11.windbreakermanga.com/wind-breaker-chapter-547/" "Mozilla/5.0 (Linux; Android 10; K) AppleWebKit/537.36 (KHTML, like Gecko) Chrome/137.0.0.0 Mobile Safari/537.36"
66.249.68.67 - - [09/Jun/2025:23:24:20 -0400] "GET /shopdetail/iyq/paragoge/5690116 HTTP/1.1" 200 20052 "-" "Mozilla/5.0 (Linux; Android 6.0.1; Nexus 5X Build/MMB29P) AppleWebKit/537.36 (KHTML, like Gecko) Chrome/136.0.7103.113 Mobile Safari/537.36 (compatible; Googlebot/2.1; +http://www.google.com/bot.html)"
66.249.68.67 - - [09/Jun/2025:23:24:21 -0400] "GET /entity/5733568 HTTP/1.1" 200 18185 "-" "Mozilla/5.0 (Linux; Android 6.0.1; Nexus 5X Build/MMB29P) AppleWebKit/537.36 (KHTML, like Gecko) Chrome/136.0.7103.113 Mobile Safari/537.36 (compatible; Googlebot/2.1; +http://www.google.com/bot.html)"
66.249.68.67 - - [09/Jun/2025:23:24:27 -0400] "POST /get-message-notify HTTP/1.1" 301 0 "https://read11.windbreakermanga.com/shopdetail/iyq/paragoge/5690116" "Mozilla/5.0 (Linux; Android 6.0.1; Nexus 5X Build/MMB29P) AppleWebKit/537.36 (KHTML, like Gecko) Chrome/136.0.7103.113 Mobile Safari/537.36 (compatible; Googlebot/2.1; +http://www.google.com/bot.html)"
66.249.68.67 - - [09/Jun/2025:23:24:28 -0400] "GET /info/r/loaned/1497760 HTTP/1.1" 200 19767 "-" "Mozilla/5.0 (Linux; Android 6.0.1; Nexus 5X Build/MMB29P) AppleWebKit/537.36 (KHTML, like Gecko) Chrome/136.0.7103.113 Mobile Safari/537.36 (compatible; Googlebot/2.1; +http://www.google.com/bot.html)"
66.249.68.67 - - [09/Jun/2025:23:24:29 -0400] "GET /items/ry/parlance/500472 HTTP/1.1" 200 18811 "-" "Mozilla/5.0 (Linux; Android 6.0.1; Nexus 5X Build/MMB29P) AppleWebKit/537.36 (KHTML, like Gecko) Chrome/136.0.7103.113 Mobile Safari/537.36 (compatible; Googlebot/2.1; +http://www.google.com/bot.html)"
66.249.68.67 - - [09/Jun/2025:23:24:31 -0400] "GET /product/y/boomed/1498588 HTTP/1.1" 200 21385 "-" "Mozilla/5.0 (Linux; Android 6.0.1; Nexus 5X Build/MMB29P) AppleWebKit/537.36 (KHTML, like Gecko) Chrome/136.0.7103.113 Mobile Safari/537.36 (compatible; Googlebot/2.1; +http://www.google.com/bot.html)"
66.249.68.67 - - [09/Jun/2025:23:24:31 -0400] "POST /get-message-notify HTTP/1.1" 301 0 "https://read11.windbreakermanga.com/shopdetail/5988096" "Mozilla/5.0 (Linux; Android 6.0.1; Nexus 5X Build/MMB29P) AppleWebKit/537.36 (KHTML, like Gecko) Chrome/136.0.7103.92 Mobile Safari/537.36 (compatible; Googlebot/2.1; +http://www.google.com/bot.html)"
66.249.68.67 - - [09/Jun/2025:23:24:35 -0400] "GET /goodscode/hes/whitewing/1499360 HTTP/1.1" 200 18771 "-" "Mozilla/5.0 (Linux; Android 6.0.1; Nexus 5X Build/MMB29P) AppleWebKit/537.36 (KHTML, like Gecko) Chrome/136.0.7103.113 Mobile Safari/537.36 (compatible; Googlebot/2.1; +http://www.google.com/bot.html)"
66.249.68.67 - - [09/Jun/2025:23:24:42 -0400] "GET /entity/u/praecoces/1502876 HTTP/1.1" 200 21473 "-" "Mozilla/5.0 (Linux; Android 6.0.1; Nexus 5X Build/MMB29P) AppleWebKit/537.36 (KHTML, like Gecko) Chrome/136.0.7103.113 Mobile Safari/537.36 (compatible; Googlebot/2.1; +http://www.google.com/bot.html)"
66.249.68.71 - - [09/Jun/2025:23:24:53 -0400] "GET /shopping/qs/redition/1497852 HTTP/1.1" 200 19800 "-" "Mozilla/5.0 (Linux; Android 6.0.1; Nexus 5X Build/MMB29P) AppleWebKit/537.36 (KHTML, like Gecko) Chrome/136.0.7103.113 Mobile Safari/537.36 (compatible; Googlebot/2.1; +http://www.google.com/bot.html)"
66.249.68.71 - - [09/Jun/2025:23:24:59 -0400] "GET /info/o/undertake/1499932 HTTP/1.1" 200 18682 "-" "Mozilla/5.0 (Linux; Android 6.0.1; Nexus 5X Build/MMB29P) AppleWebKit/537.36 (KHTML, like Gecko) Chrome/136.0.7103.113 Mobile Safari/537.36 (compatible; Googlebot/2.1; +http://www.google.com/bot.html)"
66.249.68.71 - - [09/Jun/2025:23:25:06 -0400] "GET /products/n/sorbitic/1499832 HTTP/1.1" 200 20197 "-" "Mozilla/5.0 (Linux; Android 6.0.1; Nexus 5X Build/MMB29P) AppleWebKit/537.36 (KHTML, like Gecko) Chrome/136.0.7103.113 Mobile Safari/537.36 (compatible; Googlebot/2.1; +http://www.google.com/bot.html)"
66.249.68.71 - - [09/Jun/2025:23:25:12 -0400] "GET /goods/v/demagnetizer/5622096 HTTP/1.1" 200 22073 "-" "Mozilla/5.0 (Linux; Android 6.0.1; Nexus 5X Build/MMB29P) AppleWebKit/537.36 (KHTML, like Gecko) Chrome/136.0.7103.113 Mobile Safari/537.36 (compatible; Googlebot/2.1; +http://www.google.com/bot.html)"
66.249.68.71 - - [09/Jun/2025:23:25:18 -0400] "GET /product/mgy/unisonal/5623668 HTTP/1.1" 200 19927 "-" "Mozilla/5.0 (Linux; Android 6.0.1; Nexus 5X Build/MMB29P) AppleWebKit/537.36 (KHTML, like Gecko) Chrome/136.0.7103.113 Mobile Safari/537.36 (compatible; Googlebot/2.1; +http://www.google.com/bot.html)"
66.249.68.71 - - [09/Jun/2025:23:25:19 -0400] "GET /goodscode/d/contrecoup/5570048 HTTP/1.1" 200 18478 "-" "Mozilla/5.0 (Linux; Android 6.0.1; Nexus 5X Build/MMB29P) AppleWebKit/537.36 (KHTML, like Gecko) Chrome/136.0.7103.113 Mobile Safari/537.36 (compatible; Googlebot/2.1; +http://www.google.com/bot.html)"
66.249.68.71 - - [09/Jun/2025:23:25:25 -0400] "GET /entity/ckg/florikin/757308 HTTP/1.1" 200 19454 "-" "Mozilla/5.0 (Linux; Android 6.0.1; Nexus 5X Build/MMB29P) AppleWebKit/537.36 (KHTML, like Gecko) Chrome/136.0.7103.113 Mobile Safari/537.36 (compatible; Googlebot/2.1; +http://www.google.com/bot.html)"
66.249.68.71 - - [09/Jun/2025:23:25:26 -0400] "GET /goodscode/q/webby/6042524 HTTP/1.1" 200 20477 "-" "Mozilla/5.0 (Linux; Android 6.0.1; Nexus 5X Build/MMB29P) AppleWebKit/537.36 (KHTML, like Gecko) Chrome/136.0.7103.113 Mobile Safari/537.36 (compatible; Googlebot/2.1; +http://www.google.com/bot.html)"
66.249.68.71 - - [09/Jun/2025:23:25:27 -0400] "GET /shopping/spathed1269900 HTTP/1.1" 200 20488 "-" "Mozilla/5.0 (Linux; Android 6.0.1; Nexus 5X Build/MMB29P) AppleWebKit/537.36 (KHTML, like Gecko) Chrome/136.0.7103.113 Mobile Safari/537.36 (compatible; Googlebot/2.1; +http://www.google.com/bot.html)"
66.249.68.71 - - [09/Jun/2025:23:25:33 -0400] "GET /shopdetail/yw/magnifier/5435660 HTTP/1.1" 200 18419 "-" "Mozilla/5.0 (Linux; Android 6.0.1; Nexus 5X Build/MMB29P) AppleWebKit/537.36 (KHTML, like Gecko) Chrome/136.0.7103.113 Mobile Safari/537.36 (compatible; Googlebot/2.1; +http://www.google.com/bot.html)"
66.249.68.71 - - [09/Jun/2025:23:25:40 -0400] "GET /goods/ecg/refectory/5663612 HTTP/1.1" 200 19889 "-" "Mozilla/5.0 (Linux; Android 6.0.1; Nexus 5X Build/MMB29P) AppleWebKit/537.36 (KHTML, like Gecko) Chrome/136.0.7103.113 Mobile Safari/537.36 (compatible; Googlebot/2.1; +http://www.google.com/bot.html)"
66.249.68.71 - - [09/Jun/2025:23:25:46 -0400] "GET /shopdetail/h/calcium/5623040 HTTP/1.1" 200 18807 "-" "Mozilla/5.0 (Linux; Android 6.0.1; Nexus 5X Build/MMB29P) AppleWebKit/537.36 (KHTML, like Gecko) Chrome/136.0.7103.113 Mobile Safari/537.36 (compatible; Googlebot/2.1; +http://www.google.com/bot.html)"
162.0.232.193 - - [09/Jun/2025:23:25:53 -0400] "POST /wp-cron.php?doing_wp_cron=1749525953.0457971096038818359375 HTTP/1.1" 200 0 "-" "WordPress/6.8.1; https://read11.windbreakermanga.com"
66.249.68.71 - - [09/Jun/2025:23:25:51 -0400] "POST /get-message-notify HTTP/1.1" 301 0 "https://read11.windbreakermanga.com/shopdetail/yw/magnifier/5435660" "Mozilla/5.0 (Linux; Android 6.0.1; Nexus 5X Build/MMB29P) AppleWebKit/537.36 (KHTML, like Gecko) Chrome/136.0.7103.92 Mobile Safari/537.36 (compatible; Googlebot/2.1; +http://www.google.com/bot.html)"
66.249.68.71 - - [09/Jun/2025:23:25:53 -0400] "GET /goods/h/biasing/5620824 HTTP/1.1" 200 19335 "-" "Mozilla/5.0 (Linux; Android 6.0.1; Nexus 5X Build/MMB29P) AppleWebKit/537.36 (KHTML, like Gecko) Chrome/136.0.7103.113 Mobile Safari/537.36 (compatible; Googlebot/2.1; +http://www.google.com/bot.html)"
66.249.68.71 - - [09/Jun/2025:23:25:54 -0400] "GET /entity/5495804 HTTP/1.1" 200 19742 "-" "Mozilla/5.0 (Linux; Android 6.0.1; Nexus 5X Build/MMB29P) AppleWebKit/537.36 (KHTML, like Gecko) Chrome/136.0.7103.113 Mobile Safari/537.36 (compatible; Googlebot/2.1; +http://www.google.com/bot.html)"
162.0.232.193 - - [09/Jun/2025:23:25:54 -0400] "GET /wind-breaker-chapter-309/ HTTP/1.1" 200 12976 "-" "WP Rocket/Preload"
66.249.68.71 - - [09/Jun/2025:23:25:56 -0400] "POST /get-message-notify HTTP/1.1" 301 0 "https://read11.windbreakermanga.com/goods/ecg/refectory/5663612" "Mozilla/5.0 (Linux; Android 6.0.1; Nexus 5X Build/MMB29P) AppleWebKit/537.36 (KHTML, like Gecko) Chrome/136.0.7103.113 Mobile Safari/537.36 (compatible; Googlebot/2.1; +http://www.google.com/bot.html)"
162.0.232.193 - - [09/Jun/2025:23:25:58 -0400] "GET /wind-breaker-chapter-309/ HTTP/1.1" 200 0 "-" "WP Rocket/Preload Mozilla/5.0 (iPhone; CPU iPhone OS 9_1 like Mac OS X) AppleWebKit/601.1.46 (KHTML, like Gecko) Version/9.0 Mobile/13B143 Safari/601.1"
66.249.68.71 - - [09/Jun/2025:23:25:58 -0400] "GET /special/a/outrush/5620188 HTTP/1.1" 200 18830 "-" "Mozilla/5.0 (Linux; Android 6.0.1; Nexus 5X Build/MMB29P) AppleWebKit/537.36 (KHTML, like Gecko) Chrome/136.0.7103.113 Mobile Safari/537.36 (compatible; Googlebot/2.1; +http://www.google.com/bot.html)"
162.0.232.193 - - [09/Jun/2025:23:25:59 -0400] "GET /wind-breaker-chapter-83/ HTTP/1.1" 200 0 "-" "WP Rocket/Preload"
162.0.232.193 - - [09/Jun/2025:23:26:01 -0400] "GET /wind-breaker-chapter-83/ HTTP/1.1" 200 0 "-" "WP Rocket/Preload Mozilla/5.0 (iPhone; CPU iPhone OS 9_1 like Mac OS X) AppleWebKit/601.1.46 (KHTML, like Gecko) Version/9.0 Mobile/13B143 Safari/601.1"
66.249.68.64 - - [09/Jun/2025:23:26:02 -0400] "GET /item/se/knarred/5435252 HTTP/1.1" 200 18617 "-" "Mozilla/5.0 (Linux; Android 6.0.1; Nexus 5X Build/MMB29P) AppleWebKit/537.36 (KHTML, like Gecko) Chrome/136.0.7103.113 Mobile Safari/537.36 (compatible; Googlebot/2.1; +http://www.google.com/bot.html)"
162.0.232.193 - - [09/Jun/2025:23:26:02 -0400] "GET /wind-breaker-chapter-308/ HTTP/1.1" 200 0 "-" "WP Rocket/Preload"
66.249.68.64 - - [09/Jun/2025:23:26:02 -0400] "POST /get-message-notify HTTP/1.1" 301 0 "https://read11.windbreakermanga.com/entity/5495804" "Mozilla/5.0 (Linux; Android 6.0.1; Nexus 5X Build/MMB29P) AppleWebKit/537.36 (KHTML, like Gecko) Chrome/136.0.7103.92 Mobile Safari/537.36 (compatible; Googlebot/2.1; +http://www.google.com/bot.html)"
162.0.232.193 - - [09/Jun/2025:23:26:04 -0400] "GET /wind-breaker-chapter-308/ HTTP/1.1" 200 0 "-" "WP Rocket/Preload Mozilla/5.0 (iPhone; CPU iPhone OS 9_1 like Mac OS X) AppleWebKit/601.1.46 (KHTML, like Gecko) Version/9.0 Mobile/13B143 Safari/601.1"
162.0.232.193 - - [09/Jun/2025:23:26:06 -0400] "GET /wind-breaker-chapter-305/ HTTP/1.1" 200 0 "-" "WP Rocket/Preload"
162.0.232.193 - - [09/Jun/2025:23:26:07 -0400] "GET /wind-breaker-chapter-305/ HTTP/1.1" 200 0 "-" "WP Rocket/Preload Mozilla/5.0 (iPhone; CPU iPhone OS 9_1 like Mac OS X) AppleWebKit/601.1.46 (KHTML, like Gecko) Version/9.0 Mobile/13B143 Safari/601.1"
66.249.68.71 - - [09/Jun/2025:23:26:08 -0400] "GET /entity/gks/bressummer/5438932 HTTP/1.1" 200 19821 "-" "Mozilla/5.0 (Linux; Android 6.0.1; Nexus 5X Build/MMB29P) AppleWebKit/537.36 (KHTML, like Gecko) Chrome/136.0.7103.113 Mobile Safari/537.36 (compatible; Googlebot/2.1; +http://www.google.com/bot.html)"
162.0.232.193 - - [09/Jun/2025:23:26:09 -0400] "GET /wind-breaker-chapter-296/ HTTP/1.1" 200 0 "-" "WP Rocket/Preload"
66.249.68.71 - - [09/Jun/2025:23:26:09 -0400] "POST /get-message-notify HTTP/1.1" 301 0 "https://read11.windbreakermanga.com/goods/v/demagnetizer/5622096" "Mozilla/5.0 (Linux; Android 6.0.1; Nexus 5X Build/MMB29P) AppleWebKit/537.36 (KHTML, like Gecko) Chrome/136.0.7103.113 Mobile Safari/537.36 (compatible; Googlebot/2.1; +http://www.google.com/bot.html)"
162.0.232.193 - - [09/Jun/2025:23:26:10 -0400] "GET /wind-breaker-chapter-296/ HTTP/1.1" 200 0 "-" "WP Rocket/Preload Mozilla/5.0 (iPhone; CPU iPhone OS 9_1 like Mac OS X) AppleWebKit/601.1.46 (KHTML, like Gecko) Version/9.0 Mobile/13B143 Safari/601.1"
162.0.232.193 - - [09/Jun/2025:23:26:12 -0400] "GET /wind-breaker-chapter-293/ HTTP/1.1" 200 0 "-" "WP Rocket/Preload"
162.0.232.193 - - [09/Jun/2025:23:26:13 -0400] "GET /wind-breaker-chapter-293/ HTTP/1.1" 200 0 "-" "WP Rocket/Preload Mozilla/5.0 (iPhone; CPU iPhone OS 9_1 like Mac OS X) AppleWebKit/601.1.46 (KHTML, like Gecko) Version/9.0 Mobile/13B143 Safari/601.1"
66.249.68.71 - - [09/Jun/2025:23:26:16 -0400] "GET /detail/l/cabiric/755736 HTTP/1.1" 200 19451 "-" "Mozilla/5.0 (Linux; Android 6.0.1; Nexus 5X Build/MMB29P) AppleWebKit/537.36 (KHTML, like Gecko) Chrome/136.0.7103.113 Mobile Safari/537.36 (compatible; Googlebot/2.1; +http://www.google.com/bot.html)"
162.0.232.193 - - [09/Jun/2025:23:26:19 -0400] "GET /wp-content/uploads/f979bbbcbe9df560cb74049269d2541e_4104.xml HTTP/1.1" 200 2271 "-" "Mozilla/5.0 (X11; Linux x86_64) AppleWebKit/537.36 (KHTML, like Gecko) Ubuntu Chromium/41.0.2272.76"
66.249.68.71 - - [09/Jun/2025:23:26:21 -0400] "GET /info/zwg/mountebank/5620088 HTTP/1.1" 200 21728 "-" "Mozilla/5.0 (Linux; Android 6.0.1; Nexus 5X Build/MMB29P) AppleWebKit/537.36 (KHTML, like Gecko) Chrome/136.0.7103.113 Mobile Safari/537.36 (compatible; Googlebot/2.1; +http://www.google.com/bot.html)"
66.249.68.71 - - [09/Jun/2025:23:26:24 -0400] "POST /get-message-notify HTTP/1.1" 301 0 "https://read11.windbreakermanga.com/item/se/knarred/5435252" "Mozilla/5.0 (Linux; Android 6.0.1; Nexus 5X Build/MMB29P) AppleWebKit/537.36 (KHTML, like Gecko) Chrome/136.0.7103.113 Mobile Safari/537.36 (compatible; Googlebot/2.1; +http://www.google.com/bot.html)"
66.249.68.71 - - [09/Jun/2025:23:26:25 -0400] "POST /get-message-notify HTTP/1.1" 301 0 "https://read11.windbreakermanga.com/info/zwg/mountebank/5620088" "Mozilla/5.0 (Linux; Android 6.0.1; Nexus 5X Build/MMB29P) AppleWebKit/537.36 (KHTML, like Gecko) Chrome/136.0.7103.113 Mobile Safari/537.36 (compatible; Googlebot/2.1; +http://www.google.com/bot.html)"
66.249.68.71 - - [09/Jun/2025:23:26:29 -0400] "POST /get-message-notify HTTP/1.1" 301 0 "https://read11.windbreakermanga.com/detail/l/cabiric/755736" "Mozilla/5.0 (Linux; Android 6.0.1; Nexus 5X Build/MMB29P) AppleWebKit/537.36 (KHTML, like Gecko) Chrome/136.0.7103.113 Mobile Safari/537.36 (compatible; Googlebot/2.1; +http://www.google.com/bot.html)"
66.249.68.71 - - [09/Jun/2025:23:26:30 -0400] "GET /detail/jis/fungicidal/1255480 HTTP/1.1" 200 20092 "-" "Mozilla/5.0 (Linux; Android 6.0.1; Nexus 5X Build/MMB29P) AppleWebKit/537.36 (KHTML, like Gecko) Chrome/136.0.7103.113 Mobile Safari/537.36 (compatible; Googlebot/2.1; +http://www.google.com/bot.html)"
66.249.68.71 - - [09/Jun/2025:23:26:35 -0400] "GET /special/t/purshianus/5437568 HTTP/1.1" 200 18494 "-" "Mozilla/5.0 (Linux; Android 6.0.1; Nexus 5X Build/MMB29P) AppleWebKit/537.36 (KHTML, like Gecko) Chrome/136.0.7103.113 Mobile Safari/537.36 (compatible; Googlebot/2.1; +http://www.google.com/bot.html)"
66.249.68.71 - - [09/Jun/2025:23:26:41 -0400] "GET /shopdetail/f/limacodes/5620496 HTTP/1.1" 200 19262 "-" "Mozilla/5.0 (Linux; Android 6.0.1; Nexus 5X Build/MMB29P) AppleWebKit/537.36 (KHTML, like Gecko) Chrome/136.0.7103.113 Mobile Safari/537.36 (compatible; Googlebot/2.1; +http://www.google.com/bot.html)"
66.249.68.71 - - [09/Jun/2025:23:26:46 -0400] "GET /item/scleroderma501108 HTTP/1.1" 200 19993 "-" "Mozilla/5.0 (Linux; Android 6.0.1; Nexus 5X Build/MMB29P) AppleWebKit/537.36 (KHTML, like Gecko) Chrome/136.0.7103.113 Mobile Safari/537.36 (compatible; Googlebot/2.1; +http://www.google.com/bot.html)"
66.249.68.71 - - [09/Jun/2025:23:26:48 -0400] "GET /detail/gii/dinoflagellata/5623132 HTTP/1.1" 200 19506 "-" "Mozilla/5.0 (Linux; Android 6.0.1; Nexus 5X Build/MMB29P) AppleWebKit/537.36 (KHTML, like Gecko) Chrome/136.0.7103.113 Mobile Safari/537.36 (compatible; Googlebot/2.1; +http://www.google.com/bot.html)"
162.0.232.193 - - [09/Jun/2025:23:26:54 -0400] "POST /wp-cron.php?doing_wp_cron=1749526014.0559139251708984375000 HTTP/1.1" 200 0 "-" "WordPress/6.8.1; https://read11.windbreakermanga.com"
66.249.68.71 - - [09/Jun/2025:23:26:52 -0400] "POST /get-message-notify HTTP/1.1" 301 0 "https://read11.windbreakermanga.com/products/n/sorbitic/1499832" "Mozilla/5.0 (Linux; Android 6.0.1; Nexus 5X Build/MMB29P) AppleWebKit/537.36 (KHTML, like Gecko) Chrome/136.0.7103.92 Mobile Safari/537.36 (compatible; Googlebot/2.1; +http://www.google.com/bot.html)"
162.0.232.193 - - [09/Jun/2025:23:26:55 -0400] "GET /wind-breaker-chapter-288/ HTTP/1.1" 200 0 "-" "WP Rocket/Preload"
162.0.232.193 - - [09/Jun/2025:23:26:57 -0400] "GET /wind-breaker-chapter-288/ HTTP/1.1" 200 0 "-" "WP Rocket/Preload Mozilla/5.0 (iPhone; CPU iPhone OS 9_1 like Mac OS X) AppleWebKit/601.1.46 (KHTML, like Gecko) Version/9.0 Mobile/13B143 Safari/601.1"
66.249.68.71 - - [09/Jun/2025:23:26:58 -0400] "GET /detail/4893792 HTTP/1.1" 200 19183 "-" "Mozilla/5.0 (Linux; Android 6.0.1; Nexus 5X Build/MMB29P) AppleWebKit/537.36 (KHTML, like Gecko) Chrome/136.0.7103.113 Mobile Safari/537.36 (compatible; Googlebot/2.1; +http://www.google.com/bot.html)"
66.249.68.71 - - [09/Jun/2025:23:26:59 -0400] "GET /goods/rcy/intermeddlesome/5437560 HTTP/1.1" 200 81491 "-" "Mozilla/5.0 (Linux; Android 6.0.1; Nexus 5X Build/MMB29P) AppleWebKit/537.36 (KHTML, like Gecko) Chrome/136.0.7103.113 Mobile Safari/537.36 (compatible; Googlebot/2.1; +http://www.google.com/bot.html)"
162.0.232.193 - - [09/Jun/2025:23:26:58 -0400] "GET /wind-breaker-chapter-548/ HTTP/1.1" 200 11621 "-" "WP Rocket/Preload"
162.0.232.193 - - [09/Jun/2025:23:27:02 -0400] "GET /wind-breaker-chapter-548/ HTTP/1.1" 200 0 "-" "WP Rocket/Preload Mozilla/5.0 (iPhone; CPU iPhone OS 9_1 like Mac OS X) AppleWebKit/601.1.46 (KHTML, like Gecko) Version/9.0 Mobile/13B143 Safari/601.1"
162.0.232.193 - - [09/Jun/2025:23:27:04 -0400] "GET /wind-breaker-chapter-279/ HTTP/1.1" 200 0 "-" "WP Rocket/Preload"
162.0.232.193 - - [09/Jun/2025:23:27:05 -0400] "GET /wind-breaker-chapter-279/ HTTP/1.1" 200 0 "-" "WP Rocket/Preload Mozilla/5.0 (iPhone; CPU iPhone OS 9_1 like Mac OS X) AppleWebKit/601.1.46 (KHTML, like Gecko) Version/9.0 Mobile/13B143 Safari/601.1"
66.249.68.71 - - [09/Jun/2025:23:27:06 -0400] "GET /detail/w/achatour/759244 HTTP/1.1" 200 18321 "-" "Mozilla/5.0 (Linux; Android 6.0.1; Nexus 5X Build/MMB29P) AppleWebKit/537.36 (KHTML, like Gecko) Chrome/136.0.7103.113 Mobile Safari/537.36 (compatible; Googlebot/2.1; +http://www.google.com/bot.html)"
162.0.232.193 - - [09/Jun/2025:23:27:07 -0400] "GET /wind-breaker-chapter-272/ HTTP/1.1" 200 0 "-" "WP Rocket/Preload"
162.0.232.193 - - [09/Jun/2025:23:27:08 -0400] "GET /wind-breaker-chapter-272/ HTTP/1.1" 200 0 "-" "WP Rocket/Preload Mozilla/5.0 (iPhone; CPU iPhone OS 9_1 like Mac OS X) AppleWebKit/601.1.46 (KHTML, like Gecko) Version/9.0 Mobile/13B143 Safari/601.1"
162.0.232.193 - - [09/Jun/2025:23:27:10 -0400] "GET /wind-breaker-chapter-265/ HTTP/1.1" 200 0 "-" "WP Rocket/Preload"
162.0.232.193 - - [09/Jun/2025:23:27:12 -0400] "GET /wind-breaker-chapter-265/ HTTP/1.1" 200 0 "-" "WP Rocket/Preload Mozilla/5.0 (iPhone; CPU iPhone OS 9_1 like Mac OS X) AppleWebKit/601.1.46 (KHTML, like Gecko) Version/9.0 Mobile/13B143 Safari/601.1"
66.249.68.71 - - [09/Jun/2025:23:27:12 -0400] "GET /shopdetail/e/hammer/1247948 HTTP/1.1" 200 19860 "-" "Mozilla/5.0 (Linux; Android 6.0.1; Nexus 5X Build/MMB29P) AppleWebKit/537.36 (KHTML, like Gecko) Chrome/136.0.7103.113 Mobile Safari/537.36 (compatible; Googlebot/2.1; +http://www.google.com/bot.html)"
162.0.232.193 - - [09/Jun/2025:23:27:13 -0400] "GET /wind-breaker-chapter-252/ HTTP/1.1" 200 0 "-" "WP Rocket/Preload"
162.0.232.193 - - [09/Jun/2025:23:27:15 -0400] "GET /wind-breaker-chapter-252/ HTTP/1.1" 200 0 "-" "WP Rocket/Preload Mozilla/5.0 (iPhone; CPU iPhone OS 9_1 like Mac OS X) AppleWebKit/601.1.46 (KHTML, like Gecko) Version/9.0 Mobile/13B143 Safari/601.1"
66.249.68.71 - - [09/Jun/2025:23:27:19 -0400] "GET /products/eug/temperer/1032700 HTTP/1.1" 200 20201 "-" "Mozilla/5.0 (Linux; Android 6.0.1; Nexus 5X Build/MMB29P) AppleWebKit/537.36 (KHTML, like Gecko) Chrome/136.0.7103.113 Mobile Safari/537.36 (compatible; Googlebot/2.1; +http://www.google.com/bot.html)"
66.249.68.71 - - [09/Jun/2025:23:27:25 -0400] "GET /info/ai/philoprogenitiveness/6340004 HTTP/1.1" 200 19316 "-" "Mozilla/5.0 (Linux; Android 6.0.1; Nexus 5X Build/MMB29P) AppleWebKit/537.36 (KHTML, like Gecko) Chrome/136.0.7103.113 Mobile Safari/537.36 (compatible; Googlebot/2.1; +http://www.google.com/bot.html)"
162.0.232.193 - - [09/Jun/2025:23:27:28 -0400] "POST /wp-cron.php?doing_wp_cron=1749526048.3457500934600830078125 HTTP/1.1" 200 0 "-" "WordPress/6.8.1; https://read11.windbreakermanga.com"
66.249.68.71 - - [09/Jun/2025:23:27:26 -0400] "POST /get-message-notify HTTP/1.1" 301 0 "https://read11.windbreakermanga.com/detail/w/achatour/759244" "Mozilla/5.0 (Linux; Android 6.0.1; Nexus 5X Build/MMB29P) AppleWebKit/537.36 (KHTML, like Gecko) Chrome/136.0.7103.113 Mobile Safari/537.36 (compatible; Googlebot/2.1; +http://www.google.com/bot.html)"
66.249.68.71 - - [09/Jun/2025:23:27:29 -0400] "GET /special/1252064 HTTP/1.1" 200 20474 "-" "Mozilla/5.0 (Linux; Android 6.0.1; Nexus 5X Build/MMB29P) AppleWebKit/537.36 (KHTML, like Gecko) Chrome/136.0.7103.113 Mobile Safari/537.36 (compatible; Googlebot/2.1; +http://www.google.com/bot.html)"
66.249.68.71 - - [09/Jun/2025:23:27:30 -0400] "GET /goodscode/d/steepiness/1247848 HTTP/1.1" 200 21469 "-" "Mozilla/5.0 (Linux; Android 6.0.1; Nexus 5X Build/MMB29P) AppleWebKit/537.36 (KHTML, like Gecko) Chrome/136.0.7103.113 Mobile Safari/537.36 (compatible; Googlebot/2.1; +http://www.google.com/bot.html)"
66.249.68.71 - - [09/Jun/2025:23:27:36 -0400] "GET /shopbrand/w/simplers/1249620 HTTP/1.1" 200 19496 "-" "Mozilla/5.0 (Linux; Android 6.0.1; Nexus 5X Build/MMB29P) AppleWebKit/537.36 (KHTML, like Gecko) Chrome/136.0.7103.113 Mobile Safari/537.36 (compatible; Googlebot/2.1; +http://www.google.com/bot.html)"
66.249.68.71 - - [09/Jun/2025:23:27:42 -0400] "GET /shopping/lsm/creeks/1248584 HTTP/1.1" 200 17885 "-" "Mozilla/5.0 (Linux; Android 6.0.1; Nexus 5X Build/MMB29P) AppleWebKit/537.36 (KHTML, like Gecko) Chrome/136.0.7103.113 Mobile Safari/537.36 (compatible; Googlebot/2.1; +http://www.google.com/bot.html)"
162.0.232.193 - - [09/Jun/2025:23:27:44 -0400] "POST /wp-cron.php?doing_wp_cron=1749526063.9874041080474853515625 HTTP/1.1" 200 0 "-" "WordPress/6.8.1; https://read11.windbreakermanga.com"
103.129.125.237 - - [09/Jun/2025:23:27:43 -0400] "POST /wp-admin/admin-ajax.php HTTP/1.1" 200 61 "https://read11.windbreakermanga.com/wind-breaker-chapter-547/" "Mozilla/5.0 (Linux; Android 10; K) AppleWebKit/537.36 (KHTML, like Gecko) Chrome/137.0.0.0 Mobile Safari/537.36"
162.0.232.193 - - [09/Jun/2025:23:27:45 -0400] "GET /wind-breaker-chapter-250/ HTTP/1.1" 200 0 "-" "WP Rocket/Preload"
162.0.232.193 - - [09/Jun/2025:23:27:47 -0400] "GET /wind-breaker-chapter-250/ HTTP/1.1" 200 0 "-" "WP Rocket/Preload Mozilla/5.0 (iPhone; CPU iPhone OS 9_1 like Mac OS X) AppleWebKit/601.1.46 (KHTML, like Gecko) Version/9.0 Mobile/13B143 Safari/601.1"
162.0.232.193 - - [09/Jun/2025:23:27:48 -0400] "GET /wind-breaker-chapter-251/ HTTP/1.1" 200 0 "-" "WP Rocket/Preload"
66.249.68.71 - - [09/Jun/2025:23:27:49 -0400] "GET /shopdetail/z/impostorship/1237816 HTTP/1.1" 200 18817 "-" "Mozilla/5.0 (Linux; Android 6.0.1; Nexus 5X Build/MMB29P) AppleWebKit/537.36 (KHTML, like Gecko) Chrome/136.0.7103.113 Mobile Safari/537.36 (compatible; Googlebot/2.1; +http://www.google.com/bot.html)"
162.0.232.193 - - [09/Jun/2025:23:27:49 -0400] "GET /wind-breaker-chapter-251/ HTTP/1.1" 200 0 "-" "WP Rocket/Preload Mozilla/5.0 (iPhone; CPU iPhone OS 9_1 like Mac OS X) AppleWebKit/601.1.46 (KHTML, like Gecko) Version/9.0 Mobile/13B143 Safari/601.1"
162.0.232.193 - - [09/Jun/2025:23:27:51 -0400] "GET /wind-breaker-chapter-192/ HTTP/1.1" 200 0 "-" "WP Rocket/Preload"
162.0.232.193 - - [09/Jun/2025:23:27:53 -0400] "GET /wind-breaker-chapter-192/ HTTP/1.1" 200 0 "-" "WP Rocket/Preload Mozilla/5.0 (iPhone; CPU iPhone OS 9_1 like Mac OS X) AppleWebKit/601.1.46 (KHTML, like Gecko) Version/9.0 Mobile/13B143 Safari/601.1"
162.0.232.193 - - [09/Jun/2025:23:27:54 -0400] "GET /wind-breaker-chapter-204/ HTTP/1.1" 200 0 "-" "WP Rocket/Preload"
66.249.68.71 - - [09/Jun/2025:23:27:55 -0400] "GET /shopping/m/lamenter/6329292 HTTP/1.1" 200 18963 "-" "Mozilla/5.0 (Linux; Android 6.0.1; Nexus 5X Build/MMB29P) AppleWebKit/537.36 (KHTML, like Gecko) Chrome/136.0.7103.113 Mobile Safari/537.36 (compatible; Googlebot/2.1; +http://www.google.com/bot.html)"
162.0.232.193 - - [09/Jun/2025:23:27:56 -0400] "GET /wind-breaker-chapter-204/ HTTP/1.1" 200 0 "-" "WP Rocket/Preload Mozilla/5.0 (iPhone; CPU iPhone OS 9_1 like Mac OS X) AppleWebKit/601.1.46 (KHTML, like Gecko) Version/9.0 Mobile/13B143 Safari/601.1"
162.0.232.193 - - [09/Jun/2025:23:27:57 -0400] "GET /wind-breaker-chapter-44/ HTTP/1.1" 200 12342 "-" "WP Rocket/Preload"
162.0.232.193 - - [09/Jun/2025:23:27:59 -0400] "GET /wind-breaker-chapter-44/ HTTP/1.1" 200 12030 "-" "WP Rocket/Preload Mozilla/5.0 (iPhone; CPU iPhone OS 9_1 like Mac OS X) AppleWebKit/601.1.46 (KHTML, like Gecko) Version/9.0 Mobile/13B143 Safari/601.1"
162.0.232.193 - - [09/Jun/2025:23:28:00 -0400] "GET /wind-breaker-chapter-166/ HTTP/1.1" 200 12314 "-" "WP Rocket/Preload"
66.249.68.64 - - [09/Jun/2025:23:28:01 -0400] "GET /special/lw/sacrosanct/1246176 HTTP/1.1" 200 18823 "-" "Mozilla/5.0 (Linux; Android 6.0.1; Nexus 5X Build/MMB29P) AppleWebKit/537.36 (KHTML, like Gecko) Chrome/136.0.7103.113 Mobile Safari/537.36 (compatible; Googlebot/2.1; +http://www.google.com/bot.html)"
162.0.232.193 - - [09/Jun/2025:23:28:02 -0400] "GET /wind-breaker-chapter-166/ HTTP/1.1" 200 0 "-" "WP Rocket/Preload Mozilla/5.0 (iPhone; CPU iPhone OS 9_1 like Mac OS X) AppleWebKit/601.1.46 (KHTML, like Gecko) Version/9.0 Mobile/13B143 Safari/601.1"
162.0.232.193 - - [09/Jun/2025:23:28:03 -0400] "GET /wind-breaker-chapter-161/ HTTP/1.1" 200 12246 "-" "WP Rocket/Preload"
162.0.232.193 - - [09/Jun/2025:23:28:07 -0400] "GET /wind-breaker-chapter-161/ HTTP/1.1" 200 0 "-" "WP Rocket/Preload Mozilla/5.0 (iPhone; CPU iPhone OS 9_1 like Mac OS X) AppleWebKit/601.1.46 (KHTML, like Gecko) Version/9.0 Mobile/13B143 Safari/601.1"
66.249.68.71 - - [09/Jun/2025:23:28:07 -0400] "GET /goodscode/ym/hated/1247284 HTTP/1.1" 200 18864 "-" "Mozilla/5.0 (Linux; Android 6.0.1; Nexus 5X Build/MMB29P) AppleWebKit/537.36 (KHTML, like Gecko) Chrome/136.0.7103.113 Mobile Safari/537.36 (compatible; Googlebot/2.1; +http://www.google.com/bot.html)"
66.249.68.67 - - [09/Jun/2025:23:28:19 -0400] "GET /goods/hs/mammutidae/6331200 HTTP/1.1" 200 19622 "-" "Mozilla/5.0 (Linux; Android 6.0.1; Nexus 5X Build/MMB29P) AppleWebKit/537.36 (KHTML, like Gecko) Chrome/136.0.7103.113 Mobile Safari/537.36 (compatible; Googlebot/2.1; +http://www.google.com/bot.html)"
66.249.68.67 - - [09/Jun/2025:23:28:25 -0400] "GET /shopping/ysc/hydrophyte/1249692 HTTP/1.1" 200 21201 "-" "Mozilla/5.0 (Linux; Android 6.0.1; Nexus 5X Build/MMB29P) AppleWebKit/537.36 (KHTML, like Gecko) Chrome/136.0.7103.113 Mobile Safari/537.36 (compatible; Googlebot/2.1; +http://www.google.com/bot.html)"
66.249.68.67 - - [09/Jun/2025:23:28:26 -0400] "GET /special/jqs/superexalted/767512 HTTP/1.1" 200 19258 "-" "Mozilla/5.0 (Linux; Android 6.0.1; Nexus 5X Build/MMB29P) AppleWebKit/537.36 (KHTML, like Gecko) Chrome/136.0.7103.113 Mobile Safari/537.36 (compatible; Googlebot/2.1; +http://www.google.com/bot.html)"
66.249.68.67 - - [09/Jun/2025:23:28:33 -0400] "GET /special/o/porgie/6331900 HTTP/1.1" 200 20262 "-" "Mozilla/5.0 (Linux; Android 6.0.1; Nexus 5X Build/MMB29P) AppleWebKit/537.36 (KHTML, like Gecko) Chrome/136.0.7103.113 Mobile Safari/537.36 (compatible; Googlebot/2.1; +http://www.google.com/bot.html)"
66.249.68.67 - - [09/Jun/2025:23:28:39 -0400] "GET /shopping/dsm/dilutedly/5156280 HTTP/1.1" 200 19414 "-" "Mozilla/5.0 (Linux; Android 6.0.1; Nexus 5X Build/MMB29P) AppleWebKit/537.36 (KHTML, like Gecko) Chrome/136.0.7103.113 Mobile Safari/537.36 (compatible; Googlebot/2.1; +http://www.google.com/bot.html)"
66.249.68.67 - - [09/Jun/2025:23:28:40 -0400] "GET /item/qaw/stein/1031364 HTTP/1.1" 200 18839 "-" "Mozilla/5.0 (Linux; Android 6.0.1; Nexus 5X Build/MMB29P) AppleWebKit/537.36 (KHTML, like Gecko) Chrome/136.0.7103.113 Mobile Safari/537.36 (compatible; Googlebot/2.1; +http://www.google.com/bot.html)"
162.0.232.193 - - [09/Jun/2025:23:28:42 -0400] "POST /wp-cron.php?doing_wp_cron=1749526122.3425130844116210937500 HTTP/1.1" 200 0 "-" "WordPress/6.8.1; https://read11.windbreakermanga.com"
66.249.68.67 - - [09/Jun/2025:23:28:41 -0400] "POST /get-message-notify HTTP/1.1" 301 0 "https://read11.windbreakermanga.com/goodscode/d/steepiness/1247848" "Mozilla/5.0 (Linux; Android 6.0.1; Nexus 5X Build/MMB29P) AppleWebKit/537.36 (KHTML, like Gecko) Chrome/136.0.7103.92 Mobile Safari/537.36 (compatible; Googlebot/2.1; +http://www.google.com/bot.html)"
162.0.232.193 - - [09/Jun/2025:23:28:45 -0400] "GET /wind-breaker-chapter-155/ HTTP/1.1" 200 0 "-" "WP Rocket/Preload"
66.249.68.67 - - [09/Jun/2025:23:28:46 -0400] "GET /product/agc/astronavigation/1027548 HTTP/1.1" 200 19530 "-" "Mozilla/5.0 (Linux; Android 6.0.1; Nexus 5X Build/MMB29P) AppleWebKit/537.36 (KHTML, like Gecko) Chrome/136.0.7103.113 Mobile Safari/537.36 (compatible; Googlebot/2.1; +http://www.google.com/bot.html)"
162.0.232.193 - - [09/Jun/2025:23:28:46 -0400] "GET /wind-breaker-chapter-155/ HTTP/1.1" 200 0 "-" "WP Rocket/Preload Mozilla/5.0 (iPhone; CPU iPhone OS 9_1 like Mac OS X) AppleWebKit/601.1.46 (KHTML, like Gecko) Version/9.0 Mobile/13B143 Safari/601.1"
162.0.232.193 - - [09/Jun/2025:23:28:48 -0400] "GET /wind-breaker-chapter-154/ HTTP/1.1" 200 0 "-" "WP Rocket/Preload"
162.0.232.193 - - [09/Jun/2025:23:28:49 -0400] "GET /wind-breaker-chapter-154/ HTTP/1.1" 200 0 "-" "WP Rocket/Preload Mozilla/5.0 (iPhone; CPU iPhone OS 9_1 like Mac OS X) AppleWebKit/601.1.46 (KHTML, like Gecko) Version/9.0 Mobile/13B143 Safari/601.1"
162.0.232.193 - - [09/Jun/2025:23:28:51 -0400] "GET /wind-breaker-chapter-139/ HTTP/1.1" 200 0 "-" "WP Rocket/Preload"
66.249.68.67 - - [09/Jun/2025:23:28:52 -0400] "GET /goodscode/v/hoeing/6339696 HTTP/1.1" 200 19526 "-" "Mozilla/5.0 (Linux; Android 6.0.1; Nexus 5X Build/MMB29P) AppleWebKit/537.36 (KHTML, like Gecko) Chrome/136.0.7103.113 Mobile Safari/537.36 (compatible; Googlebot/2.1; +http://www.google.com/bot.html)"
162.0.232.193 - - [09/Jun/2025:23:28:53 -0400] "GET /wind-breaker-chapter-139/ HTTP/1.1" 200 0 "-" "WP Rocket/Preload Mozilla/5.0 (iPhone; CPU iPhone OS 9_1 like Mac OS X) AppleWebKit/601.1.46 (KHTML, like Gecko) Version/9.0 Mobile/13B143 Safari/601.1"
66.249.68.67 - - [09/Jun/2025:23:28:53 -0400] "GET /goodscode/nw/ladykilling/1270200 HTTP/1.1" 200 19675 "-" "Mozilla/5.0 (Linux; Android 6.0.1; Nexus 5X Build/MMB29P) AppleWebKit/537.36 (KHTML, like Gecko) Chrome/136.0.7103.113 Mobile Safari/537.36 (compatible; Googlebot/2.1; +http://www.google.com/bot.html)"
162.0.232.193 - - [09/Jun/2025:23:28:54 -0400] "GET /wind-breaker-chapter-21/ HTTP/1.1" 200 0 "-" "WP Rocket/Preload"
162.0.232.193 - - [09/Jun/2025:23:28:56 -0400] "GET /wind-breaker-chapter-21/ HTTP/1.1" 200 11826 "-" "WP Rocket/Preload Mozilla/5.0 (iPhone; CPU iPhone OS 9_1 like Mac OS X) AppleWebKit/601.1.46 (KHTML, like Gecko) Version/9.0 Mobile/13B143 Safari/601.1"
162.0.232.193 - - [09/Jun/2025:23:28:57 -0400] "GET /wind-breaker-chapter-122/ HTTP/1.1" 200 0 "-" "WP Rocket/Preload"
162.0.232.193 - - [09/Jun/2025:23:28:58 -0400] "GET /wind-breaker-chapter-122/ HTTP/1.1" 200 0 "-" "WP Rocket/Preload Mozilla/5.0 (iPhone; CPU iPhone OS 9_1 like Mac OS X) AppleWebKit/601.1.46 (KHTML, like Gecko) Version/9.0 Mobile/13B143 Safari/601.1"
66.249.68.67 - - [09/Jun/2025:23:28:58 -0400] "POST /get-message-notify HTTP/1.1" 301 0 "https://read11.windbreakermanga.com/goodscode/v/hoeing/6339696" "Mozilla/5.0 (Linux; Android 6.0.1; Nexus 5X Build/MMB29P) AppleWebKit/537.36 (KHTML, like Gecko) Chrome/136.0.7103.113 Mobile Safari/537.36 (compatible; Googlebot/2.1; +http://www.google.com/bot.html)"
162.0.232.193 - - [09/Jun/2025:23:29:00 -0400] "GET /wind-breaker-chapter-121/ HTTP/1.1" 200 12279 "-" "WP Rocket/Preload"
66.249.68.67 - - [09/Jun/2025:23:29:00 -0400] "GET /goodscode/q/calantas/1033644 HTTP/1.1" 200 22089 "-" "Mozilla/5.0 (Linux; Android 6.0.1; Nexus 5X Build/MMB29P) AppleWebKit/537.36 (KHTML, like Gecko) Chrome/136.0.7103.113 Mobile Safari/537.36 (compatible; Googlebot/2.1; +http://www.google.com/bot.html)"
162.0.232.193 - - [09/Jun/2025:23:29:01 -0400] "GET /wind-breaker-chapter-121/ HTTP/1.1" 200 0 "-" "WP Rocket/Preload Mozilla/5.0 (iPhone; CPU iPhone OS 9_1 like Mac OS X) AppleWebKit/601.1.46 (KHTML, like Gecko) Version/9.0 Mobile/13B143 Safari/601.1"
162.0.232.193 - - [09/Jun/2025:23:29:02 -0400] "GET /wind-breaker-chapter-120/ HTTP/1.1" 200 0 "-" "WP Rocket/Preload"
162.0.232.193 - - [09/Jun/2025:23:29:04 -0400] "GET /wind-breaker-chapter-120/ HTTP/1.1" 200 0 "-" "WP Rocket/Preload Mozilla/5.0 (iPhone; CPU iPhone OS 9_1 like Mac OS X) AppleWebKit/601.1.46 (KHTML, like Gecko) Version/9.0 Mobile/13B143 Safari/601.1"
66.249.68.67 - - [09/Jun/2025:23:29:06 -0400] "GET /shopbrand/sardel5406856 HTTP/1.1" 200 19340 "-" "Mozilla/5.0 (Linux; Android 6.0.1; Nexus 5X Build/MMB29P) AppleWebKit/537.36 (KHTML, like Gecko) Chrome/136.0.7103.113 Mobile Safari/537.36 (compatible; Googlebot/2.1; +http://www.google.com/bot.html)"
66.249.68.67 - - [09/Jun/2025:23:29:07 -0400] "GET /entity/bke/chaplaincies/6340104 HTTP/1.1" 200 19854 "-" "Mozilla/5.0 (Linux; Android 6.0.1; Nexus 5X Build/MMB29P) AppleWebKit/537.36 (KHTML, like Gecko) Chrome/136.0.7103.113 Mobile Safari/537.36 (compatible; Googlebot/2.1; +http://www.google.com/bot.html)"
66.249.68.67 - - [09/Jun/2025:23:29:14 -0400] "GET /product/zgg/uppile/1027448 HTTP/1.1" 200 20279 "-" "Mozilla/5.0 (Linux; Android 6.0.1; Nexus 5X Build/MMB29P) AppleWebKit/537.36 (KHTML, like Gecko) Chrome/136.0.7103.113 Mobile Safari/537.36 (compatible; Googlebot/2.1; +http://www.google.com/bot.html)"
66.249.68.67 - - [09/Jun/2025:23:29:20 -0400] "GET /shopdetail/tyu/masticator/6329928 HTTP/1.1" 200 19201 "-" "Mozilla/5.0 (Linux; Android 6.0.1; Nexus 5X Build/MMB29P) AppleWebKit/537.36 (KHTML, like Gecko) Chrome/136.0.7103.113 Mobile Safari/537.36 (compatible; Googlebot/2.1; +http://www.google.com/bot.html)"
162.0.232.193 - - [09/Jun/2025:23:29:21 -0400] "POST /wp-cron.php?doing_wp_cron=1749526161.7542788982391357421875 HTTP/1.1" 200 0 "-" "WordPress/6.8.1; https://read11.windbreakermanga.com"
66.249.68.67 - - [09/Jun/2025:23:29:21 -0400] "POST /get-message-notify HTTP/1.1" 301 0 "https://read11.windbreakermanga.com/special/cqg/iridioscope/6699036" "Mozilla/5.0 (Linux; Android 6.0.1; Nexus 5X Build/MMB29P) AppleWebKit/537.36 (KHTML, like Gecko) Chrome/136.0.7103.92 Mobile Safari/537.36 (compatible; Googlebot/2.1; +http://www.google.com/bot.html)"
66.249.68.67 - - [09/Jun/2025:23:29:25 -0400] "GET /info/ls/indorsee/1033336 HTTP/1.1" 200 18406 "-" "Mozilla/5.0 (Linux; Android 6.0.1; Nexus 5X Build/MMB29P) AppleWebKit/537.36 (KHTML, like Gecko) Chrome/136.0.7103.113 Mobile Safari/537.36 (compatible; Googlebot/2.1; +http://www.google.com/bot.html)"
