114.119.129.189 - - [09/Jun/2025:22:59:23 -0400] "GET / HTTP/1.1" 200 12625 "https://read10.windbreakermanga.com/tag/windbreaker-manga/" "Mozilla/5.0 (Linux; Android 7.0;) AppleWebKit/537.36 (KHTML, like Gecko) Mobile Safari/537.36 (compatible; PetalBot;+https://webmaster.petalsearch.com/site/petalbot)"
66.249.68.66 - - [09/Jun/2025:22:59:52 -0400] "GET /shopdetail/750312 HTTP/1.1" 200 19622 "-" "Mozilla/5.0 (Linux; Android 6.0.1; Nexus 5X Build/MMB29P) AppleWebKit/537.36 (KHTML, like Gecko) Chrome/136.0.7103.113 Mobile Safari/537.36 (compatible; Googlebot/2.1; +http://www.google.com/bot.html)"
162.0.232.193 - - [09/Jun/2025:23:00:17 -0400] "POST /wp-cron.php?doing_wp_cron=1749524417.1160240173339843750000 HTTP/1.1" 200 0 "-" "WordPress/6.8.1; https://read11.windbreakermanga.com"
114.119.139.202 - - [09/Jun/2025:23:00:16 -0400] "GET /category/wind-breaker/page/13/ HTTP/1.1" 200 13073 "https://read10.windbreakermanga.com/category/wind-breaker/page/12/" "Mozilla/5.0 (Linux; Android 7.0;) AppleWebKit/537.36 (KHTML, like Gecko) Mobile Safari/537.36 (compatible; PetalBot;+https://webmaster.petalsearch.com/site/petalbot)"
66.249.68.66 - - [09/Jun/2025:23:00:19 -0400] "GET /shopdetail/750084 HTTP/1.1" 200 19029 "-" "Mozilla/5.0 (Linux; Android 6.0.1; Nexus 5X Build/MMB29P) AppleWebKit/537.36 (KHTML, like Gecko) Chrome/136.0.7103.113 Mobile Safari/537.36 (compatible; Googlebot/2.1; +http://www.google.com/bot.html)"
162.0.232.193 - - [09/Jun/2025:23:00:54 -0400] "POST /wp-cron.php?doing_wp_cron=1749524454.0989539623260498046875 HTTP/1.1" 200 0 "-" "WordPress/6.8.1; https://read11.windbreakermanga.com"
66.249.68.67 - - [09/Jun/2025:23:00:53 -0400] "POST /get-message-notify HTTP/1.1" 301 0 "https://read11.windbreakermanga.com/info/514864" "Mozilla/5.0 (Linux; Android 6.0.1; Nexus 5X Build/MMB29P) AppleWebKit/537.36 (KHTML, like Gecko) Chrome/136.0.7103.113 Mobile Safari/537.36 (compatible; Googlebot/2.1; +http://www.google.com/bot.html)"
162.0.232.193 - - [09/Jun/2025:23:00:54 -0400] "GET /wind-breaker-chapter-539/ HTTP/1.1" 200 11616 "-" "WP Rocket/Preload"
162.0.232.193 - - [09/Jun/2025:23:00:55 -0400] "GET /wind-breaker-chapter-539/ HTTP/1.1" 200 0 "-" "WP Rocket/Preload Mozilla/5.0 (iPhone; CPU iPhone OS 9_1 like Mac OS X) AppleWebKit/601.1.46 (KHTML, like Gecko) Version/9.0 Mobile/13B143 Safari/601.1"
162.0.232.193 - - [09/Jun/2025:23:00:57 -0400] "GET /wind-breaker-chapter-526/ HTTP/1.1" 200 11154 "-" "WP Rocket/Preload"
162.0.232.193 - - [09/Jun/2025:23:00:58 -0400] "GET /wind-breaker-chapter-526/ HTTP/1.1" 200 11153 "-" "WP Rocket/Preload Mozilla/5.0 (iPhone; CPU iPhone OS 9_1 like Mac OS X) AppleWebKit/601.1.46 (KHTML, like Gecko) Version/9.0 Mobile/13B143 Safari/601.1"
162.0.232.193 - - [09/Jun/2025:23:01:00 -0400] "GET /wind-breaker-chapter-523/ HTTP/1.1" 200 0 "-" "WP Rocket/Preload"
162.0.232.193 - - [09/Jun/2025:23:01:01 -0400] "GET /wind-breaker-chapter-523/ HTTP/1.1" 200 0 "-" "WP Rocket/Preload Mozilla/5.0 (iPhone; CPU iPhone OS 9_1 like Mac OS X) AppleWebKit/601.1.46 (KHTML, like Gecko) Version/9.0 Mobile/13B143 Safari/601.1"
162.0.232.193 - - [09/Jun/2025:23:01:03 -0400] "GET /wind-breaker-chapter-509/ HTTP/1.1" 200 0 "-" "WP Rocket/Preload"
162.0.232.193 - - [09/Jun/2025:23:01:04 -0400] "GET /wind-breaker-chapter-509/ HTTP/1.1" 200 0 "-" "WP Rocket/Preload Mozilla/5.0 (iPhone; CPU iPhone OS 9_1 like Mac OS X) AppleWebKit/601.1.46 (KHTML, like Gecko) Version/9.0 Mobile/13B143 Safari/601.1"
162.0.232.193 - - [09/Jun/2025:23:01:06 -0400] "GET /wind-breaker-chapter-494/ HTTP/1.1" 200 0 "-" "WP Rocket/Preload"
162.0.232.193 - - [09/Jun/2025:23:01:08 -0400] "GET /wind-breaker-chapter-494/ HTTP/1.1" 200 0 "-" "WP Rocket/Preload Mozilla/5.0 (iPhone; CPU iPhone OS 9_1 like Mac OS X) AppleWebKit/601.1.46 (KHTML, like Gecko) Version/9.0 Mobile/13B143 Safari/601.1"
66.249.68.66 - - [09/Jun/2025:23:01:13 -0400] "GET /shopdetail/5692116 HTTP/1.1" 200 19893 "-" "Mozilla/5.0 (Linux; Android 6.0.1; Nexus 5X Build/MMB29P) AppleWebKit/537.36 (KHTML, like Gecko) Chrome/136.0.7103.113 Mobile Safari/537.36 (compatible; Googlebot/2.1; +http://www.google.com/bot.html)"
162.0.232.193 - - [09/Jun/2025:23:01:19 -0400] "POST /wp-cron.php?doing_wp_cron=1749524479.2818388938903808593750 HTTP/1.1" 200 0 "-" "WordPress/6.8.1; https://read11.windbreakermanga.com"
114.119.129.189 - - [09/Jun/2025:23:01:18 -0400] "GET /category/wind-breaker-webtoon/page/8/ HTTP/1.1" 200 13359 "https://read10.windbreakermanga.com/category/wind-breaker-webtoon/page/9/" "Mozilla/5.0 (Linux; Android 7.0;) AppleWebKit/537.36 (KHTML, like Gecko) Mobile Safari/537.36 (compatible; PetalBot;+https://webmaster.petalsearch.com/site/petalbot)"
162.0.232.193 - - [09/Jun/2025:23:01:22 -0400] "GET /wp-content/uploads/f979bbbcbe9df560cb74049269d2541e_4104.xml HTTP/1.1" 200 2271 "-" "Mozilla/5.0 (X11; Linux x86_64) AppleWebKit/537.36 (KHTML, like Gecko) Ubuntu Chromium/41.0.2272.76"
66.249.68.64 - - [09/Jun/2025:23:01:40 -0400] "GET /detail/5734268 HTTP/1.1" 200 21170 "-" "Mozilla/5.0 (Linux; Android 6.0.1; Nexus 5X Build/MMB29P) AppleWebKit/537.36 (KHTML, like Gecko) Chrome/136.0.7103.113 Mobile Safari/537.36 (compatible; Googlebot/2.1; +http://www.google.com/bot.html)"
43.166.247.155 - - [09/Jun/2025:23:01:59 -0400] "GET /wind-breaker-chapter-21/ HTTP/1.1" 200 11772 "http://read11.windbreakermanga.com/wind-breaker-chapter-21/" "Mozilla/5.0 (iPhone; CPU iPhone OS 13_2_3 like Mac OS X) AppleWebKit/605.1.15 (KHTML, like Gecko) Version/13.0.3 Mobile/15E148 Safari/604.1"
47.128.37.238 - - [09/Jun/2025:23:02:13 -0400] "GET /category/wind-breaker-webtoon/page/24/ HTTP/1.1" 200 13158 "-" "Mozilla/5.0 (compatible; Bytespider; [email protected]) AppleWebKit/537.36 (KHTML, like Gecko) Chrome/70.0.0.0 Safari/537.36"
162.0.232.193 - - [09/Jun/2025:23:02:26 -0400] "POST /wp-cron.php?doing_wp_cron=1749524546.6031479835510253906250 HTTP/1.1" 200 0 "-" "WordPress/6.8.1; https://read11.windbreakermanga.com"
66.249.68.64 - - [09/Jun/2025:23:02:25 -0400] "POST /get-message-notify HTTP/1.1" 301 0 "https://read11.windbreakermanga.com/detail/5734268" "Mozilla/5.0 (Linux; Android 6.0.1; Nexus 5X Build/MMB29P) AppleWebKit/537.36 (KHTML, like Gecko) Chrome/136.0.7103.92 Mobile Safari/537.36 (compatible; Googlebot/2.1; +http://www.google.com/bot.html)"
162.0.232.193 - - [09/Jun/2025:23:02:27 -0400] "GET /wind-breaker-chapter-492/ HTTP/1.1" 200 11929 "-" "WP Rocket/Preload"
162.0.232.193 - - [09/Jun/2025:23:02:29 -0400] "GET /wind-breaker-chapter-492/ HTTP/1.1" 200 0 "-" "WP Rocket/Preload Mozilla/5.0 (iPhone; CPU iPhone OS 9_1 like Mac OS X) AppleWebKit/601.1.46 (KHTML, like Gecko) Version/9.0 Mobile/13B143 Safari/601.1"
162.0.232.193 - - [09/Jun/2025:23:02:30 -0400] "GET /wind-breaker-chapter-460/ HTTP/1.1" 200 12060 "-" "WP Rocket/Preload"
162.0.232.193 - - [09/Jun/2025:23:02:32 -0400] "GET /wind-breaker-chapter-460/ HTTP/1.1" 200 0 "-" "WP Rocket/Preload Mozilla/5.0 (iPhone; CPU iPhone OS 9_1 like Mac OS X) AppleWebKit/601.1.46 (KHTML, like Gecko) Version/9.0 Mobile/13B143 Safari/601.1"
162.0.232.193 - - [09/Jun/2025:23:02:33 -0400] "GET /wind-breaker-chapter-371/ HTTP/1.1" 200 0 "-" "WP Rocket/Preload"
66.249.68.71 - - [09/Jun/2025:23:02:34 -0400] "GET /special/5727044 HTTP/1.1" 200 20290 "-" "Mozilla/5.0 (Linux; Android 6.0.1; Nexus 5X Build/MMB29P) AppleWebKit/537.36 (KHTML, like Gecko) Chrome/136.0.7103.113 Mobile Safari/537.36 (compatible; Googlebot/2.1; +http://www.google.com/bot.html)"
162.0.232.193 - - [09/Jun/2025:23:02:35 -0400] "GET /wind-breaker-chapter-371/ HTTP/1.1" 200 11591 "-" "WP Rocket/Preload Mozilla/5.0 (iPhone; CPU iPhone OS 9_1 like Mac OS X) AppleWebKit/601.1.46 (KHTML, like Gecko) Version/9.0 Mobile/13B143 Safari/601.1"
162.0.232.193 - - [09/Jun/2025:23:02:36 -0400] "GET /wind-breaker-chapter-366/ HTTP/1.1" 200 11932 "-" "WP Rocket/Preload"
162.0.232.193 - - [09/Jun/2025:23:02:37 -0400] "GET /wind-breaker-chapter-366/ HTTP/1.1" 200 11614 "-" "WP Rocket/Preload Mozilla/5.0 (iPhone; CPU iPhone OS 9_1 like Mac OS X) AppleWebKit/601.1.46 (KHTML, like Gecko) Version/9.0 Mobile/13B143 Safari/601.1"
162.0.232.193 - - [09/Jun/2025:23:02:39 -0400] "GET /wind-breaker-chapter-358/ HTTP/1.1" 200 11567 "-" "WP Rocket/Preload"
162.0.232.193 - - [09/Jun/2025:23:02:40 -0400] "GET /wind-breaker-chapter-358/ HTTP/1.1" 200 11556 "-" "WP Rocket/Preload Mozilla/5.0 (iPhone; CPU iPhone OS 9_1 like Mac OS X) AppleWebKit/601.1.46 (KHTML, like Gecko) Version/9.0 Mobile/13B143 Safari/601.1"
162.0.232.193 - - [09/Jun/2025:23:02:42 -0400] "GET /wind-breaker-chapter-347/ HTTP/1.1" 200 0 "-" "WP Rocket/Preload"
162.0.232.193 - - [09/Jun/2025:23:02:43 -0400] "GET /wind-breaker-chapter-347/ HTTP/1.1" 200 11638 "-" "WP Rocket/Preload Mozilla/5.0 (iPhone; CPU iPhone OS 9_1 like Mac OS X) AppleWebKit/601.1.46 (KHTML, like Gecko) Version/9.0 Mobile/13B143 Safari/601.1"
66.249.82.130 - - [09/Jun/2025:23:02:44 -0400] "GET /.well-known/traffic-advice HTTP/1.1" 301 0 "-" "Chrome Privacy Preserving Prefetch Proxy"
162.0.232.193 - - [09/Jun/2025:23:02:44 -0400] "GET /wind-breaker-chapter-356/ HTTP/1.1" 200 11787 "-" "WP Rocket/Preload"
2001:4860:7:812::e9 - - [09/Jun/2025:23:02:45 -0400] "GET /chapter-416/ HTTP/1.1" 200 10798 "https://www.google.com/" "Mozilla/5.0 (Linux; Android 10; K) AppleWebKit/537.36 (KHTML, like Gecko) Chrome/119.0.0.0 Safari/537.36"
162.0.232.193 - - [09/Jun/2025:23:02:46 -0400] "GET /wind-breaker-chapter-356/ HTTP/1.1" 200 11500 "-" "WP Rocket/Preload Mozilla/5.0 (iPhone; CPU iPhone OS 9_1 like Mac OS X) AppleWebKit/601.1.46 (KHTML, like Gecko) Version/9.0 Mobile/13B143 Safari/601.1"
114.119.145.123 - - [09/Jun/2025:23:02:47 -0400] "GET /category/wind-breaker-manga/page/52/ HTTP/1.1" 200 12297 "https://read10.windbreakermanga.com/category/wind-breaker-manga/page/52/" "Mozilla/5.0 (Linux; Android 7.0;) AppleWebKit/537.36 (KHTML, like Gecko) Mobile Safari/537.36 (compatible; PetalBot;+https://webmaster.petalsearch.com/site/petalbot)"
162.0.232.193 - - [09/Jun/2025:23:02:47 -0400] "GET /wind-breaker/ HTTP/1.1" 200 0 "-" "WP Rocket/Preload"
162.0.232.193 - - [09/Jun/2025:23:02:49 -0400] "GET /wind-breaker/ HTTP/1.1" 200 8993 "-" "WP Rocket/Preload Mozilla/5.0 (iPhone; CPU iPhone OS 9_1 like Mac OS X) AppleWebKit/601.1.46 (KHTML, like Gecko) Version/9.0 Mobile/13B143 Safari/601.1"
66.249.68.64 - - [09/Jun/2025:23:03:01 -0400] "GET /shopping/5721456 HTTP/1.1" 200 19611 "-" "Mozilla/5.0 (Linux; Android 6.0.1; Nexus 5X Build/MMB29P) AppleWebKit/537.36 (KHTML, like Gecko) Chrome/136.0.7103.113 Mobile Safari/537.36 (compatible; Googlebot/2.1; +http://www.google.com/bot.html)"
40.77.167.42 - - [09/Jun/2025:23:03:10 -0400] "GET /manga/wind-breaker-chapter-129/ HTTP/1.1" 200 19966 "-" "Mozilla/5.0 AppleWebKit/537.36 (KHTML, like Gecko; compatible; bingbot/2.0; +http://www.bing.com/bingbot.htm) Chrome/116.0.1938.76 Safari/537.36"
66.249.68.71 - - [09/Jun/2025:23:03:54 -0400] "GET /shopdetail/750412 HTTP/1.1" 200 18867 "-" "Mozilla/5.0 (Linux; Android 6.0.1; Nexus 5X Build/MMB29P) AppleWebKit/537.36 (KHTML, like Gecko) Chrome/136.0.7103.113 Mobile Safari/537.36 (compatible; Googlebot/2.1; +http://www.google.com/bot.html)"
162.0.232.193 - - [09/Jun/2025:23:03:55 -0400] "POST /wp-cron.php?doing_wp_cron=1749524635.3649420738220214843750 HTTP/1.1" 200 0 "-" "WordPress/6.8.1; https://read11.windbreakermanga.com"
66.249.68.64 - - [09/Jun/2025:23:03:55 -0400] "GET /item/5730060 HTTP/1.1" 200 19540 "-" "Mozilla/5.0 (Linux; Android 6.0.1; Nexus 5X Build/MMB29P) AppleWebKit/537.36 (KHTML, like Gecko) Chrome/136.0.7103.113 Mobile Safari/537.36 (compatible; Googlebot/2.1; +http://www.google.com/bot.html)"
162.0.232.193 - - [09/Jun/2025:23:03:56 -0400] "GET /wind-breaker-chapter-332/ HTTP/1.1" 200 12902 "-" "WP Rocket/Preload"
162.0.232.193 - - [09/Jun/2025:23:03:57 -0400] "GET /wind-breaker-chapter-332/ HTTP/1.1" 200 12562 "-" "WP Rocket/Preload Mozilla/5.0 (iPhone; CPU iPhone OS 9_1 like Mac OS X) AppleWebKit/601.1.46 (KHTML, like Gecko) Version/9.0 Mobile/13B143 Safari/601.1"
162.0.232.193 - - [09/Jun/2025:23:03:59 -0400] "GET /wind-breaker-chapter-304/ HTTP/1.1" 200 12868 "-" "WP Rocket/Preload"
162.0.232.193 - - [09/Jun/2025:23:04:00 -0400] "GET /wind-breaker-chapter-304/ HTTP/1.1" 200 12491 "-" "WP Rocket/Preload Mozilla/5.0 (iPhone; CPU iPhone OS 9_1 like Mac OS X) AppleWebKit/601.1.46 (KHTML, like Gecko) Version/9.0 Mobile/13B143 Safari/601.1"
162.0.232.193 - - [09/Jun/2025:23:04:02 -0400] "GET /wind-breaker-chapter-301/ HTTP/1.1" 200 0 "-" "WP Rocket/Preload"
162.0.232.193 - - [09/Jun/2025:23:04:03 -0400] "GET /wind-breaker-chapter-301/ HTTP/1.1" 200 12531 "-" "WP Rocket/Preload Mozilla/5.0 (iPhone; CPU iPhone OS 9_1 like Mac OS X) AppleWebKit/601.1.46 (KHTML, like Gecko) Version/9.0 Mobile/13B143 Safari/601.1"
162.0.232.193 - - [09/Jun/2025:23:04:05 -0400] "GET /wind-breaker-chapter-299/ HTTP/1.1" 200 12935 "-" "WP Rocket/Preload"
162.0.232.193 - - [09/Jun/2025:23:04:06 -0400] "GET /wind-breaker-chapter-299/ HTTP/1.1" 200 12629 "-" "WP Rocket/Preload Mozilla/5.0 (iPhone; CPU iPhone OS 9_1 like Mac OS X) AppleWebKit/601.1.46 (KHTML, like Gecko) Version/9.0 Mobile/13B143 Safari/601.1"
162.0.232.193 - - [09/Jun/2025:23:04:07 -0400] "GET /wind-breaker-chapter-280/ HTTP/1.1" 200 0 "-" "WP Rocket/Preload"
162.0.232.193 - - [09/Jun/2025:23:04:09 -0400] "GET /wind-breaker-chapter-280/ HTTP/1.1" 200 12201 "-" "WP Rocket/Preload Mozilla/5.0 (iPhone; CPU iPhone OS 9_1 like Mac OS X) AppleWebKit/601.1.46 (KHTML, like Gecko) Version/9.0 Mobile/13B143 Safari/601.1"
162.0.232.193 - - [09/Jun/2025:23:04:11 -0400] "GET /wind-breaker-chapter-268/ HTTP/1.1" 200 12595 "-" "WP Rocket/Preload"
162.0.232.193 - - [09/Jun/2025:23:04:12 -0400] "GET /wind-breaker-chapter-268/ HTTP/1.1" 200 0 "-" "WP Rocket/Preload Mozilla/5.0 (iPhone; CPU iPhone OS 9_1 like Mac OS X) AppleWebKit/601.1.46 (KHTML, like Gecko) Version/9.0 Mobile/13B143 Safari/601.1"
162.0.232.193 - - [09/Jun/2025:23:04:14 -0400] "GET /wind-breaker-chapter-267/ HTTP/1.1" 200 0 "-" "WP Rocket/Preload"
162.0.232.193 - - [09/Jun/2025:23:04:15 -0400] "GET /wind-breaker-chapter-267/ HTTP/1.1" 200 0 "-" "WP Rocket/Preload Mozilla/5.0 (iPhone; CPU iPhone OS 9_1 like Mac OS X) AppleWebKit/601.1.46 (KHTML, like Gecko) Version/9.0 Mobile/13B143 Safari/601.1"
114.119.139.202 - - [09/Jun/2025:23:04:17 -0400] "GET /category/wind-breaker-manga/page/43/ HTTP/1.1" 200 10215 "https://read10.windbreakermanga.com/category/wind-breaker-manga/page/43/" "Mozilla/5.0 (Linux; Android 7.0;) AppleWebKit/537.36 (KHTML, like Gecko) Mobile Safari/537.36 (compatible; PetalBot;+https://webmaster.petalsearch.com/site/petalbot)"
66.249.68.65 - - [09/Jun/2025:23:04:22 -0400] "GET /shopdetail/5733940 HTTP/1.1" 200 19352 "-" "Mozilla/5.0 (Linux; Android 6.0.1; Nexus 5X Build/MMB29P) AppleWebKit/537.36 (KHTML, like Gecko) Chrome/136.0.7103.113 Mobile Safari/537.36 (compatible; Googlebot/2.1; +http://www.google.com/bot.html)"
66.249.68.64 - - [09/Jun/2025:23:04:22 -0400] "GET /detail/501416 HTTP/1.1" 200 21998 "-" "Mozilla/5.0 (Linux; Android 6.0.1; Nexus 5X Build/MMB29P) AppleWebKit/537.36 (KHTML, like Gecko) Chrome/136.0.7103.113 Mobile Safari/537.36 (compatible; Googlebot/2.1; +http://www.google.com/bot.html)"
216.73.216.210 - - [09/Jun/2025:23:04:31 -0400] "GET /sitemap-hot-2970995.xml HTTP/1.1" 200 2956 "-" "Mozilla/5.0 AppleWebKit/537.36 (KHTML, like Gecko; compatible; ClaudeBot/1.0; [email protected])"
216.73.216.210 - - [09/Jun/2025:23:04:31 -0400] "GET /sitemap-hot-2984995.xml HTTP/1.1" 200 2940 "-" "Mozilla/5.0 AppleWebKit/537.36 (KHTML, like Gecko; compatible; ClaudeBot/1.0; [email protected])"
66.249.68.65 - - [09/Jun/2025:23:05:16 -0400] "GET /special/5725744 HTTP/1.1" 200 19230 "-" "Mozilla/5.0 (Linux; Android 6.0.1; Nexus 5X Build/MMB29P) AppleWebKit/537.36 (KHTML, like Gecko) Chrome/136.0.7103.113 Mobile Safari/537.36 (compatible; Googlebot/2.1; +http://www.google.com/bot.html)"
216.73.216.210 - - [09/Jun/2025:23:05:20 -0400] "GET /sitemap-hot-2966995.xml HTTP/1.1" 200 2944 "-" "Mozilla/5.0 AppleWebKit/537.36 (KHTML, like Gecko; compatible; ClaudeBot/1.0; [email protected])"
162.0.232.193 - - [09/Jun/2025:23:05:23 -0400] "POST /wp-cron.php?doing_wp_cron=1749524723.0425119400024414062500 HTTP/1.1" 200 0 "-" "WordPress/6.8.1; https://read11.windbreakermanga.com"
66.249.68.71 - - [09/Jun/2025:23:05:22 -0400] "POST /get-message-notify HTTP/1.1" 301 0 "https://read11.windbreakermanga.com/detail/501416" "Mozilla/5.0 (Linux; Android 6.0.1; Nexus 5X Build/MMB29P) AppleWebKit/537.36 (KHTML, like Gecko) Chrome/136.0.7103.92 Mobile Safari/537.36 (compatible; Googlebot/2.1; +http://www.google.com/bot.html)"
162.0.232.193 - - [09/Jun/2025:23:05:24 -0400] "GET /wind-breaker-chapter-257/ HTTP/1.1" 200 12595 "-" "WP Rocket/Preload"
162.0.232.193 - - [09/Jun/2025:23:05:25 -0400] "GET /wind-breaker-chapter-257/ HTTP/1.1" 200 0 "-" "WP Rocket/Preload Mozilla/5.0 (iPhone; CPU iPhone OS 9_1 like Mac OS X) AppleWebKit/601.1.46 (KHTML, like Gecko) Version/9.0 Mobile/13B143 Safari/601.1"
162.0.232.193 - - [09/Jun/2025:23:05:27 -0400] "GET /wind-breaker-chapter-253/ HTTP/1.1" 200 0 "-" "WP Rocket/Preload"
162.0.232.193 - - [09/Jun/2025:23:05:28 -0400] "GET /wind-breaker-chapter-253/ HTTP/1.1" 200 0 "-" "WP Rocket/Preload Mozilla/5.0 (iPhone; CPU iPhone OS 9_1 like Mac OS X) AppleWebKit/601.1.46 (KHTML, like Gecko) Version/9.0 Mobile/13B143 Safari/601.1"
162.0.232.193 - - [09/Jun/2025:23:05:30 -0400] "GET /chapter-246/ HTTP/1.1" 200 11083 "-" "WP Rocket/Preload"
162.0.232.193 - - [09/Jun/2025:23:05:31 -0400] "GET /chapter-246/ HTTP/1.1" 200 11066 "-" "WP Rocket/Preload Mozilla/5.0 (iPhone; CPU iPhone OS 9_1 like Mac OS X) AppleWebKit/601.1.46 (KHTML, like Gecko) Version/9.0 Mobile/13B143 Safari/601.1"
162.0.232.193 - - [09/Jun/2025:23:05:33 -0400] "GET /chapter-245/ HTTP/1.1" 200 11083 "-" "WP Rocket/Preload"
162.0.232.193 - - [09/Jun/2025:23:05:34 -0400] "GET /chapter-245/ HTTP/1.1" 200 0 "-" "WP Rocket/Preload Mozilla/5.0 (iPhone; CPU iPhone OS 9_1 like Mac OS X) AppleWebKit/601.1.46 (KHTML, like Gecko) Version/9.0 Mobile/13B143 Safari/601.1"
162.0.232.193 - - [09/Jun/2025:23:05:36 -0400] "GET /wind-breaker-chapter-224/ HTTP/1.1" 200 0 "-" "WP Rocket/Preload"
162.0.232.193 - - [09/Jun/2025:23:05:37 -0400] "GET /wind-breaker-chapter-224/ HTTP/1.1" 200 12117 "-" "WP Rocket/Preload Mozilla/5.0 (iPhone; CPU iPhone OS 9_1 like Mac OS X) AppleWebKit/601.1.46 (KHTML, like Gecko) Version/9.0 Mobile/13B143 Safari/601.1"
162.0.232.193 - - [09/Jun/2025:23:05:39 -0400] "GET /wind-breaker-chapter-173/ HTTP/1.1" 200 12228 "-" "WP Rocket/Preload"
162.0.232.193 - - [09/Jun/2025:23:05:40 -0400] "GET /wind-breaker-chapter-173/ HTTP/1.1" 200 11884 "-" "WP Rocket/Preload Mozilla/5.0 (iPhone; CPU iPhone OS 9_1 like Mac OS X) AppleWebKit/601.1.46 (KHTML, like Gecko) Version/9.0 Mobile/13B143 Safari/601.1"
162.0.232.193 - - [09/Jun/2025:23:05:42 -0400] "GET /wind-breaker-chapter-171/ HTTP/1.1" 200 0 "-" "WP Rocket/Preload"
66.249.68.71 - - [09/Jun/2025:23:05:43 -0400] "GET /detail/eventful5723228 HTTP/1.1" 200 20086 "-" "Mozilla/5.0 (Linux; Android 6.0.1; Nexus 5X Build/MMB29P) AppleWebKit/537.36 (KHTML, like Gecko) Chrome/136.0.7103.113 Mobile Safari/537.36 (compatible; Googlebot/2.1; +http://www.google.com/bot.html)"
162.0.232.193 - - [09/Jun/2025:23:05:43 -0400] "GET /wind-breaker-chapter-171/ HTTP/1.1" 200 11928 "-" "WP Rocket/Preload Mozilla/5.0 (iPhone; CPU iPhone OS 9_1 like Mac OS X) AppleWebKit/601.1.46 (KHTML, like Gecko) Version/9.0 Mobile/13B143 Safari/601.1"
162.0.232.193 - - [09/Jun/2025:23:05:46 -0400] "GET /wp-content/uploads/f979bbbcbe9df560cb74049269d2541e_4104.xml HTTP/1.1" 200 2582 "-" "Mozilla/5.0 (X11; Linux x86_64) AppleWebKit/537.36 (KHTML, like Gecko) Ubuntu Chromium/41.0.2272.76"
114.119.129.189 - - [09/Jun/2025:23:06:00 -0400] "GET /category/wind-breaker-manga/page/42/ HTTP/1.1" 200 10206 "https://read10.windbreakermanga.com/category/wind-breaker-manga/page/43/" "Mozilla/5.0 (Linux; Android 7.0;) AppleWebKit/537.36 (KHTML, like Gecko) Mobile Safari/537.36 (compatible; PetalBot;+https://webmaster.petalsearch.com/site/petalbot)"
66.249.68.71 - - [09/Jun/2025:23:06:36 -0400] "GET /product/5725208 HTTP/1.1" 200 18040 "-" "Mozilla/5.0 (Linux; Android 6.0.1; Nexus 5X Build/MMB29P) AppleWebKit/537.36 (KHTML, like Gecko) Chrome/136.0.7103.113 Mobile Safari/537.36 (compatible; Googlebot/2.1; +http://www.google.com/bot.html)"
66.249.68.71 - - [09/Jun/2025:23:07:03 -0400] "GET /product/5722728 HTTP/1.1" 200 19995 "-" "Mozilla/5.0 (Linux; Android 6.0.1; Nexus 5X Build/MMB29P) AppleWebKit/537.36 (KHTML, like Gecko) Chrome/136.0.7103.113 Mobile Safari/537.36 (compatible; Googlebot/2.1; +http://www.google.com/bot.html)"
66.249.68.64 - - [09/Jun/2025:23:07:30 -0400] "GET /goodscode/5732296 HTTP/1.1" 200 19115 "-" "Mozilla/5.0 (Linux; Android 6.0.1; Nexus 5X Build/MMB29P) AppleWebKit/537.36 (KHTML, like Gecko) Chrome/136.0.7103.113 Mobile Safari/537.36 (compatible; Googlebot/2.1; +http://www.google.com/bot.html)"
66.249.68.64 - - [09/Jun/2025:23:07:31 -0400] "GET /entity/y/inexactitude/5423812 HTTP/1.1" 200 18971 "-" "Mozilla/5.0 (Linux; Android 6.0.1; Nexus 5X Build/MMB29P) AppleWebKit/537.36 (KHTML, like Gecko) Chrome/136.0.7103.113 Mobile Safari/537.36 (compatible; Googlebot/2.1; +http://www.google.com/bot.html)"
66.249.68.71 - - [09/Jun/2025:23:07:58 -0400] "GET /shopbrand/r/coroners/6698000 HTTP/1.1" 200 18697 "-" "Mozilla/5.0 (Linux; Android 6.0.1; Nexus 5X Build/MMB29P) AppleWebKit/537.36 (KHTML, like Gecko) Chrome/136.0.7103.113 Mobile Safari/537.36 (compatible; Googlebot/2.1; +http://www.google.com/bot.html)"
66.249.68.64 - - [09/Jun/2025:23:08:25 -0400] "GET /item/5754576 HTTP/1.1" 200 17953 "-" "Mozilla/5.0 (Linux; Android 6.0.1; Nexus 5X Build/MMB29P) AppleWebKit/537.36 (KHTML, like Gecko) Chrome/136.0.7103.113 Mobile Safari/537.36 (compatible; Googlebot/2.1; +http://www.google.com/bot.html)"
66.249.68.64 - - [09/Jun/2025:23:08:25 -0400] "GET /shopbrand/foghorn5729024 HTTP/1.1" 200 17607 "-" "Mozilla/5.0 (Linux; Android 6.0.1; Nexus 5X Build/MMB29P) AppleWebKit/537.36 (KHTML, like Gecko) Chrome/136.0.7103.113 Mobile Safari/537.36 (compatible; Googlebot/2.1; +http://www.google.com/bot.html)"
66.249.68.64 - - [09/Jun/2025:23:08:26 -0400] "GET /shopdetail/5988096 HTTP/1.1" 200 20622 "-" "Mozilla/5.0 (Linux; Android 6.0.1; Nexus 5X Build/MMB29P) AppleWebKit/537.36 (KHTML, like Gecko) Chrome/136.0.7103.113 Mobile Safari/537.36 (compatible; Googlebot/2.1; +http://www.google.com/bot.html)"
66.249.68.65 - - [09/Jun/2025:23:09:14 -0400] "GET /detail/gaussian5733640 HTTP/1.1" 200 19974 "-" "Mozilla/5.0 (Linux; Android 6.0.1; Nexus 5X Build/MMB29P) AppleWebKit/537.36 (KHTML, like Gecko) Chrome/136.0.7103.113 Mobile Safari/537.36 (compatible; Googlebot/2.1; +http://www.google.com/bot.html)"
66.249.68.65 - - [09/Jun/2025:23:09:14 -0400] "GET /shopping/5958748 HTTP/1.1" 200 19237 "-" "Mozilla/5.0 (Linux; Android 6.0.1; Nexus 5X Build/MMB29P) AppleWebKit/537.36 (KHTML, like Gecko) Chrome/136.0.7103.113 Mobile Safari/537.36 (compatible; Googlebot/2.1; +http://www.google.com/bot.html)"
162.0.232.193 - - [09/Jun/2025:23:09:40 -0400] "POST /wp-cron.php?doing_wp_cron=1749524980.4596309661865234375000 HTTP/1.1" 200 0 "-" "WordPress/6.8.1; https://read11.windbreakermanga.com"
66.249.68.64 - - [09/Jun/2025:23:09:42 -0400] "GET /product/5720492 HTTP/1.1" 200 18463 "-" "Mozilla/5.0 (Linux; Android 6.0.1; Nexus 5X Build/MMB29P) AppleWebKit/537.36 (KHTML, like Gecko) Chrome/136.0.7103.113 Mobile Safari/537.36 (compatible; Googlebot/2.1; +http://www.google.com/bot.html)"
114.119.130.178 - - [09/Jun/2025:23:09:38 -0400] "GET /author/admin/page/31/ HTTP/1.1" 200 14691 "https://read10.windbreakermanga.com/author/admin/page/30/" "Mozilla/5.0 (Linux; Android 7.0;) AppleWebKit/537.36 (KHTML, like Gecko) Mobile Safari/537.36 (compatible; PetalBot;+https://webmaster.petalsearch.com/site/petalbot)"
162.0.232.193 - - [09/Jun/2025:23:09:42 -0400] "GET /wind-breaker-chapter-156/ HTTP/1.1" 200 12229 "-" "WP Rocket/Preload"
162.0.232.193 - - [09/Jun/2025:23:09:46 -0400] "GET /wind-breaker-chapter-156/ HTTP/1.1" 200 0 "-" "WP Rocket/Preload Mozilla/5.0 (iPhone; CPU iPhone OS 9_1 like Mac OS X) AppleWebKit/601.1.46 (KHTML, like Gecko) Version/9.0 Mobile/13B143 Safari/601.1"
162.0.232.193 - - [09/Jun/2025:23:09:47 -0400] "GET /wind-breaker-chapter-140/ HTTP/1.1" 200 0 "-" "WP Rocket/Preload"
66.249.68.71 - - [09/Jun/2025:23:09:46 -0400] "POST /get-message-notify HTTP/1.1" 301 0 "https://read11.windbreakermanga.com/product/5720492" "Mozilla/5.0 (Linux; Android 6.0.1; Nexus 5X Build/MMB29P) AppleWebKit/537.36 (KHTML, like Gecko) Chrome/136.0.7103.92 Mobile Safari/537.36 (compatible; Googlebot/2.1; +http://www.google.com/bot.html)"
129.226.93.214 - - [09/Jun/2025:23:09:47 -0400] "GET /wind-breaker-chapter-25/feed/ HTTP/1.1" 200 420 "-" "Mozilla/5.0 (iPhone; CPU iPhone OS 13_2_3 like Mac OS X) AppleWebKit/605.1.15 (KHTML, like Gecko) Version/13.0.3 Mobile/15E148 Safari/604.1"
162.0.232.193 - - [09/Jun/2025:23:09:49 -0400] "GET /wind-breaker-chapter-140/ HTTP/1.1" 200 0 "-" "WP Rocket/Preload Mozilla/5.0 (iPhone; CPU iPhone OS 9_1 like Mac OS X) AppleWebKit/601.1.46 (KHTML, like Gecko) Version/9.0 Mobile/13B143 Safari/601.1"
162.0.232.193 - - [09/Jun/2025:23:09:50 -0400] "GET /wind-breaker-chapter-107/ HTTP/1.1" 200 0 "-" "WP Rocket/Preload"
162.0.232.193 - - [09/Jun/2025:23:09:52 -0400] "GET /wind-breaker-chapter-107/ HTTP/1.1" 200 0 "-" "WP Rocket/Preload Mozilla/5.0 (iPhone; CPU iPhone OS 9_1 like Mac OS X) AppleWebKit/601.1.46 (KHTML, like Gecko) Version/9.0 Mobile/13B143 Safari/601.1"
162.0.232.193 - - [09/Jun/2025:23:09:53 -0400] "GET /wind-breaker-chapter-97/ HTTP/1.1" 200 0 "-" "WP Rocket/Preload"
162.0.232.193 - - [09/Jun/2025:23:09:55 -0400] "GET /wind-breaker-chapter-97/ HTTP/1.1" 200 0 "-" "WP Rocket/Preload Mozilla/5.0 (iPhone; CPU iPhone OS 9_1 like Mac OS X) AppleWebKit/601.1.46 (KHTML, like Gecko) Version/9.0 Mobile/13B143 Safari/601.1"
162.0.232.193 - - [09/Jun/2025:23:09:56 -0400] "GET /wind-breaker-chapter-77/ HTTP/1.1" 200 0 "-" "WP Rocket/Preload"
162.0.232.193 - - [09/Jun/2025:23:09:58 -0400] "GET /wind-breaker-chapter-77/ HTTP/1.1" 200 0 "-" "WP Rocket/Preload Mozilla/5.0 (iPhone; CPU iPhone OS 9_1 like Mac OS X) AppleWebKit/601.1.46 (KHTML, like Gecko) Version/9.0 Mobile/13B143 Safari/601.1"
162.0.232.193 - - [09/Jun/2025:23:09:59 -0400] "GET /wind-breaker-chapter-66/ HTTP/1.1" 200 0 "-" "WP Rocket/Preload"
162.0.232.193 - - [09/Jun/2025:23:10:01 -0400] "GET /wind-breaker-chapter-66/ HTTP/1.1" 200 0 "-" "WP Rocket/Preload Mozilla/5.0 (iPhone; CPU iPhone OS 9_1 like Mac OS X) AppleWebKit/601.1.46 (KHTML, like Gecko) Version/9.0 Mobile/13B143 Safari/601.1"
162.0.232.193 - - [09/Jun/2025:23:10:06 -0400] "GET /wp-content/uploads/f979bbbcbe9df560cb74049269d2541e_4104.xml HTTP/1.1" 200 2271 "-" "Mozilla/5.0 (X11; Linux x86_64) AppleWebKit/537.36 (KHTML, like Gecko) Ubuntu Chromium/41.0.2272.76"
2a03:2880:f800:c:: - - [09/Jun/2025:23:10:03 -0400] "GET /category/wind-breaker/page/13/ HTTP/1.1" 200 13051 "-" "meta-externalagent/1.1 (+https://developers.facebook.com/docs/sharing/webmasters/crawler)"
66.249.68.71 - - [09/Jun/2025:23:10:09 -0400] "GET /entity/5729988 HTTP/1.1" 200 18878 "-" "Mozilla/5.0 (Linux; Android 6.0.1; Nexus 5X Build/MMB29P) AppleWebKit/537.36 (KHTML, like Gecko) Chrome/136.0.7103.113 Mobile Safari/537.36 (compatible; Googlebot/2.1; +http://www.google.com/bot.html)"
66.249.68.71 - - [09/Jun/2025:23:11:02 -0400] "GET /info/acardiac5727444 HTTP/1.1" 200 18861 "-" "Mozilla/5.0 (Linux; Android 6.0.1; Nexus 5X Build/MMB29P) AppleWebKit/537.36 (KHTML, like Gecko) Chrome/136.0.7103.113 Mobile Safari/537.36 (compatible; Googlebot/2.1; +http://www.google.com/bot.html)"
162.0.232.193 - - [09/Jun/2025:23:11:09 -0400] "POST /wp-cron.php?doing_wp_cron=1749525069.1698579788208007812500 HTTP/1.1" 200 0 "-" "WordPress/6.8.1; https://read11.windbreakermanga.com"
114.119.152.134 - - [09/Jun/2025:23:11:08 -0400] "GET /author/admin/page/28/ HTTP/1.1" 200 14206 "https://read10.windbreakermanga.com/author/admin/page/27/" "Mozilla/5.0 (Linux; Android 7.0;) AppleWebKit/537.36 (KHTML, like Gecko) Mobile Safari/537.36 (compatible; PetalBot;+https://webmaster.petalsearch.com/site/petalbot)"
162.0.232.193 - - [09/Jun/2025:23:11:11 -0400] "GET /wind-breaker-chapter-65-5/ HTTP/1.1" 200 11836 "-" "WP Rocket/Preload"
162.0.232.193 - - [09/Jun/2025:23:11:14 -0400] "GET /wind-breaker-chapter-65-5/ HTTP/1.1" 200 0 "-" "WP Rocket/Preload Mozilla/5.0 (iPhone; CPU iPhone OS 9_1 like Mac OS X) AppleWebKit/601.1.46 (KHTML, like Gecko) Version/9.0 Mobile/13B143 Safari/601.1"
162.0.232.193 - - [09/Jun/2025:23:11:16 -0400] "GET /wind-breaker-chapter-64/ HTTP/1.1" 200 0 "-" "WP Rocket/Preload"
162.0.232.193 - - [09/Jun/2025:23:11:18 -0400] "GET /wind-breaker-chapter-64/ HTTP/1.1" 200 0 "-" "WP Rocket/Preload Mozilla/5.0 (iPhone; CPU iPhone OS 9_1 like Mac OS X) AppleWebKit/601.1.46 (KHTML, like Gecko) Version/9.0 Mobile/13B143 Safari/601.1"
162.0.232.193 - - [09/Jun/2025:23:11:19 -0400] "GET /wind-breaker-chapter-61/ HTTP/1.1" 200 0 "-" "WP Rocket/Preload"
162.0.232.193 - - [09/Jun/2025:23:11:21 -0400] "GET /wind-breaker-chapter-61/ HTTP/1.1" 200 0 "-" "WP Rocket/Preload Mozilla/5.0 (iPhone; CPU iPhone OS 9_1 like Mac OS X) AppleWebKit/601.1.46 (KHTML, like Gecko) Version/9.0 Mobile/13B143 Safari/601.1"
162.0.232.193 - - [09/Jun/2025:23:11:22 -0400] "GET /wind-breaker-chapter-54/ HTTP/1.1" 200 0 "-" "WP Rocket/Preload"
162.0.232.193 - - [09/Jun/2025:23:11:24 -0400] "GET /wind-breaker-chapter-54/ HTTP/1.1" 200 0 "-" "WP Rocket/Preload Mozilla/5.0 (iPhone; CPU iPhone OS 9_1 like Mac OS X) AppleWebKit/601.1.46 (KHTML, like Gecko) Version/9.0 Mobile/13B143 Safari/601.1"
162.0.232.193 - - [09/Jun/2025:23:11:25 -0400] "GET /wind-breaker-chapter-38/ HTTP/1.1" 200 0 "-" "WP Rocket/Preload"
162.0.232.193 - - [09/Jun/2025:23:11:27 -0400] "GET /wind-breaker-chapter-38/ HTTP/1.1" 200 0 "-" "WP Rocket/Preload Mozilla/5.0 (iPhone; CPU iPhone OS 9_1 like Mac OS X) AppleWebKit/601.1.46 (KHTML, like Gecko) Version/9.0 Mobile/13B143 Safari/601.1"
162.0.232.193 - - [09/Jun/2025:23:11:28 -0400] "GET /wind-breaker-chapter-24/ HTTP/1.1" 200 0 "-" "WP Rocket/Preload"
66.249.68.64 - - [09/Jun/2025:23:11:29 -0400] "GET /products/5721228 HTTP/1.1" 200 20370 "-" "Mozilla/5.0 (Linux; Android 6.0.1; Nexus 5X Build/MMB29P) AppleWebKit/537.36 (KHTML, like Gecko) Chrome/136.0.7103.113 Mobile Safari/537.36 (compatible; Googlebot/2.1; +http://www.google.com/bot.html)"
66.249.68.64 - - [09/Jun/2025:23:11:30 -0400] "GET /entity/naming498800 HTTP/1.1" 200 18574 "-" "Mozilla/5.0 (Linux; Android 6.0.1; Nexus 5X Build/MMB29P) AppleWebKit/537.36 (KHTML, like Gecko) Chrome/136.0.7103.113 Mobile Safari/537.36 (compatible; Googlebot/2.1; +http://www.google.com/bot.html)"
162.0.232.193 - - [09/Jun/2025:23:11:30 -0400] "GET /wind-breaker-chapter-24/ HTTP/1.1" 200 0 "-" "WP Rocket/Preload Mozilla/5.0 (iPhone; CPU iPhone OS 9_1 like Mac OS X) AppleWebKit/601.1.46 (KHTML, like Gecko) Version/9.0 Mobile/13B143 Safari/601.1"
162.0.232.193 - - [09/Jun/2025:23:11:47 -0400] "POST /wp-cron.php?doing_wp_cron=1749525107.6617329120635986328125 HTTP/1.1" 200 0 "-" "WordPress/6.8.1; https://read11.windbreakermanga.com"
114.10.135.70 - - [09/Jun/2025:23:11:46 -0400] "GET /wind-breaker-chapter-499/ HTTP/1.1" 200 11962 "https://id.search.yahoo.com/" "Mozilla/5.0 (X11; Linux x86_64) AppleWebKit/537.36 (KHTML, like Gecko) Safari/537.36 HeyTapBrowser/45.12.5.1 Chrome/125.0.6422.72"
162.0.232.193 - - [09/Jun/2025:23:11:49 -0400] "GET /wind-breaker-chapter-16/ HTTP/1.1" 200 0 "-" "WP Rocket/Preload"
162.0.232.193 - - [09/Jun/2025:23:11:50 -0400] "GET /wind-breaker-chapter-16/ HTTP/1.1" 200 0 "-" "WP Rocket/Preload Mozilla/5.0 (iPhone; CPU iPhone OS 9_1 like Mac OS X) AppleWebKit/601.1.46 (KHTML, like Gecko) Version/9.0 Mobile/13B143 Safari/601.1"
162.0.232.193 - - [09/Jun/2025:23:11:52 -0400] "GET /wind-breaker-chapter-540/ HTTP/1.1" 200 0 "-" "WP Rocket/Preload"
114.10.135.70 - - [09/Jun/2025:23:11:49 -0400] "POST /wp-admin/admin-ajax.php HTTP/1.1" 200 61 "https://read11.windbreakermanga.com/wind-breaker-chapter-499/" "Mozilla/5.0 (X11; Linux x86_64) AppleWebKit/537.36 (KHTML, like Gecko) Safari/537.36 HeyTapBrowser/45.12.5.1 Chrome/125.0.6422.72"
162.0.232.193 - - [09/Jun/2025:23:11:54 -0400] "GET /wind-breaker-chapter-540/ HTTP/1.1" 200 0 "-" "WP Rocket/Preload Mozilla/5.0 (iPhone; CPU iPhone OS 9_1 like Mac OS X) AppleWebKit/601.1.46 (KHTML, like Gecko) Version/9.0 Mobile/13B143 Safari/601.1"
162.0.232.193 - - [09/Jun/2025:23:11:55 -0400] "GET /wind-breaker-chapter-527/ HTTP/1.1" 200 0 "-" "WP Rocket/Preload"
162.0.232.193 - - [09/Jun/2025:23:11:57 -0400] "GET /wind-breaker-chapter-527/ HTTP/1.1" 200 0 "-" "WP Rocket/Preload Mozilla/5.0 (iPhone; CPU iPhone OS 9_1 like Mac OS X) AppleWebKit/601.1.46 (KHTML, like Gecko) Version/9.0 Mobile/13B143 Safari/601.1"
162.0.232.193 - - [09/Jun/2025:23:11:58 -0400] "GET /wind-breaker-chapter-520/ HTTP/1.1" 200 0 "-" "WP Rocket/Preload"
162.0.232.193 - - [09/Jun/2025:23:12:00 -0400] "GET /wind-breaker-chapter-520/ HTTP/1.1" 200 0 "-" "WP Rocket/Preload Mozilla/5.0 (iPhone; CPU iPhone OS 9_1 like Mac OS X) AppleWebKit/601.1.46 (KHTML, like Gecko) Version/9.0 Mobile/13B143 Safari/601.1"
162.0.232.193 - - [09/Jun/2025:23:12:01 -0400] "GET /wind-breaker-chapter-518/ HTTP/1.1" 200 0 "-" "WP Rocket/Preload"
162.0.232.193 - - [09/Jun/2025:23:12:03 -0400] "GET /wind-breaker-chapter-518/ HTTP/1.1" 200 0 "-" "WP Rocket/Preload Mozilla/5.0 (iPhone; CPU iPhone OS 9_1 like Mac OS X) AppleWebKit/601.1.46 (KHTML, like Gecko) Version/9.0 Mobile/13B143 Safari/601.1"
162.0.232.193 - - [09/Jun/2025:23:12:04 -0400] "GET /wind-breaker-chapter-501/ HTTP/1.1" 200 0 "-" "WP Rocket/Preload"
162.0.232.193 - - [09/Jun/2025:23:12:06 -0400] "GET /wind-breaker-chapter-501/ HTTP/1.1" 200 0 "-" "WP Rocket/Preload Mozilla/5.0 (iPhone; CPU iPhone OS 9_1 like Mac OS X) AppleWebKit/601.1.46 (KHTML, like Gecko) Version/9.0 Mobile/13B143 Safari/601.1"
162.0.232.193 - - [09/Jun/2025:23:12:08 -0400] "GET /wind-breaker-chapter-496/ HTTP/1.1" 200 0 "-" "WP Rocket/Preload"
162.0.232.193 - - [09/Jun/2025:23:12:09 -0400] "GET /wind-breaker-chapter-496/ HTTP/1.1" 200 0 "-" "WP Rocket/Preload Mozilla/5.0 (iPhone; CPU iPhone OS 9_1 like Mac OS X) AppleWebKit/601.1.46 (KHTML, like Gecko) Version/9.0 Mobile/13B143 Safari/601.1"
157.55.39.193 - - [09/Jun/2025:23:12:16 -0400] "GET /wind-breaker-chapter-111/ HTTP/1.1" 200 19503 "-" "Mozilla/5.0 AppleWebKit/537.36 (KHTML, like Gecko; compatible; bingbot/2.0; +http://www.bing.com/bingbot.htm) Chrome/116.0.1938.76 Safari/537.36"
85.208.96.207 - - [09/Jun/2025:23:12:17 -0400] "GET /wind-breaker-chapter-194/ HTTP/1.1" 500 262 "-" "Mozilla/5.0 (compatible; SemrushBot/7~bl; +http://www.semrush.com/bot.html)"
66.249.68.67 - - [09/Jun/2025:23:12:23 -0400] "GET /special/5724736 HTTP/1.1" 200 19697 "-" "Mozilla/5.0 (Linux; Android 6.0.1; Nexus 5X Build/MMB29P) AppleWebKit/537.36 (KHTML, like Gecko) Chrome/136.0.7103.113 Mobile Safari/537.36 (compatible; Googlebot/2.1; +http://www.google.com/bot.html)"
66.249.68.68 - - [09/Jun/2025:23:12:24 -0400] "GET /goodscode/6216120 HTTP/1.1" 200 20668 "-" "Mozilla/5.0 (Linux; Android 6.0.1; Nexus 5X Build/MMB29P) AppleWebKit/537.36 (KHTML, like Gecko) Chrome/136.0.7103.113 Mobile Safari/537.36 (compatible; Googlebot/2.1; +http://www.google.com/bot.html)"
40.77.167.65 - - [09/Jun/2025:23:12:34 -0400] "GET /wind-breaker-chapter-96/ HTTP/1.1" 200 19544 "-" "Mozilla/5.0 AppleWebKit/537.36 (KHTML, like Gecko; compatible; bingbot/2.0; +http://www.bing.com/bingbot.htm) Chrome/116.0.1938.76 Safari/537.36"
66.249.68.67 - - [09/Jun/2025:23:12:47 -0400] "GET /goods/kg/whortle/6216684 HTTP/1.1" 200 19054 "-" "Mozilla/5.0 (Linux; Android 6.0.1; Nexus 5X Build/MMB29P) AppleWebKit/537.36 (KHTML, like Gecko) Chrome/136.0.7103.113 Mobile Safari/537.36 (compatible; Googlebot/2.1; +http://www.google.com/bot.html)"
66.249.68.68 - - [09/Jun/2025:23:12:48 -0400] "GET /shopping/5728288 HTTP/1.1" 200 18924 "-" "Mozilla/5.0 (Linux; Android 6.0.1; Nexus 5X Build/MMB29P) AppleWebKit/537.36 (KHTML, like Gecko) Chrome/136.0.7103.113 Mobile Safari/537.36 (compatible; Googlebot/2.1; +http://www.google.com/bot.html)"
66.249.68.68 - - [09/Jun/2025:23:12:49 -0400] "GET /products/catechol4893964 HTTP/1.1" 200 19584 "-" "Mozilla/5.0 (Linux; Android 6.0.1; Nexus 5X Build/MMB29P) AppleWebKit/537.36 (KHTML, like Gecko) Chrome/136.0.7103.113 Mobile Safari/537.36 (compatible; Googlebot/2.1; +http://www.google.com/bot.html)"
66.249.68.67 - - [09/Jun/2025:23:12:50 -0400] "GET /detail/5421268 HTTP/1.1" 200 20654 "-" "Mozilla/5.0 (Linux; Android 6.0.1; Nexus 5X Build/MMB29P) AppleWebKit/537.36 (KHTML, like Gecko) Chrome/136.0.7103.113 Mobile Safari/537.36 (compatible; Googlebot/2.1; +http://www.google.com/bot.html)"
66.249.68.67 - - [09/Jun/2025:23:12:56 -0400] "GET /special/playday5726780 HTTP/1.1" 200 19731 "-" "Mozilla/5.0 (Linux; Android 6.0.1; Nexus 5X Build/MMB29P) AppleWebKit/537.36 (KHTML, like Gecko) Chrome/136.0.7103.113 Mobile Safari/537.36 (compatible; Googlebot/2.1; +http://www.google.com/bot.html)"
66.249.68.67 - - [09/Jun/2025:23:12:56 -0400] "GET /detail/r/salutation/6210160 HTTP/1.1" 200 20242 "-" "Mozilla/5.0 (Linux; Android 6.0.1; Nexus 5X Build/MMB29P) AppleWebKit/537.36 (KHTML, like Gecko) Chrome/136.0.7103.113 Mobile Safari/537.36 (compatible; Googlebot/2.1; +http://www.google.com/bot.html)"
66.249.68.67 - - [09/Jun/2025:23:12:57 -0400] "GET /goods/overrode5133700 HTTP/1.1" 200 20707 "-" "Mozilla/5.0 (Linux; Android 6.0.1; Nexus 5X Build/MMB29P) AppleWebKit/537.36 (KHTML, like Gecko) Chrome/136.0.7103.113 Mobile Safari/537.36 (compatible; Googlebot/2.1; +http://www.google.com/bot.html)"
66.249.68.67 - - [09/Jun/2025:23:12:58 -0400] "GET /shopdetail/muttonhead6698964 HTTP/1.1" 200 19942 "-" "Mozilla/5.0 (Linux; Android 6.0.1; Nexus 5X Build/MMB29P) AppleWebKit/537.36 (KHTML, like Gecko) Chrome/136.0.7103.113 Mobile Safari/537.36 (compatible; Googlebot/2.1; +http://www.google.com/bot.html)"
66.249.68.68 - - [09/Jun/2025:23:13:04 -0400] "GET /shopbrand/muffineer5733004 HTTP/1.1" 200 19369 "-" "Mozilla/5.0 (Linux; Android 6.0.1; Nexus 5X Build/MMB29P) AppleWebKit/537.36 (KHTML, like Gecko) Chrome/136.0.7103.113 Mobile Safari/537.36 (compatible; Googlebot/2.1; +http://www.google.com/bot.html)"
66.249.68.68 - - [09/Jun/2025:23:13:05 -0400] "GET /detail/pimped1517196 HTTP/1.1" 200 19674 "-" "Mozilla/5.0 (Linux; Android 6.0.1; Nexus 5X Build/MMB29P) AppleWebKit/537.36 (KHTML, like Gecko) Chrome/136.0.7103.113 Mobile Safari/537.36 (compatible; Googlebot/2.1; +http://www.google.com/bot.html)"
66.249.68.67 - - [09/Jun/2025:23:13:06 -0400] "GET /goods/d/manlessly/5168320 HTTP/1.1" 200 18336 "-" "Mozilla/5.0 (Linux; Android 6.0.1; Nexus 5X Build/MMB29P) AppleWebKit/537.36 (KHTML, like Gecko) Chrome/136.0.7103.113 Mobile Safari/537.36 (compatible; Googlebot/2.1; +http://www.google.com/bot.html)"
162.0.232.193 - - [09/Jun/2025:23:13:10 -0400] "POST /wp-cron.php?doing_wp_cron=1749525189.8617959022521972656250 HTTP/1.1" 200 0 "-" "WordPress/6.8.1; https://read11.windbreakermanga.com"
66.249.68.67 - - [09/Jun/2025:23:13:09 -0400] "POST /get-message-notify HTTP/1.1" 301 0 "https://read11.windbreakermanga.com/detail/pimped1517196" "Mozilla/5.0 (Linux; Android 6.0.1; Nexus 5X Build/MMB29P) AppleWebKit/537.36 (KHTML, like Gecko) Chrome/136.0.7103.113 Mobile Safari/537.36 (compatible; Googlebot/2.1; +http://www.google.com/bot.html)"
162.0.232.193 - - [09/Jun/2025:23:13:10 -0400] "GET /wind-breaker-chapter-495/ HTTP/1.1" 200 12029 "-" "WP Rocket/Preload"
162.0.232.193 - - [09/Jun/2025:23:13:12 -0400] "GET /wind-breaker-chapter-495/ HTTP/1.1" 200 0 "-" "WP Rocket/Preload Mozilla/5.0 (iPhone; CPU iPhone OS 9_1 like Mac OS X) AppleWebKit/601.1.46 (KHTML, like Gecko) Version/9.0 Mobile/13B143 Safari/601.1"
66.249.68.68 - - [09/Jun/2025:23:13:12 -0400] "GET /special/512656 HTTP/1.1" 200 18116 "-" "Mozilla/5.0 (Linux; Android 6.0.1; Nexus 5X Build/MMB29P) AppleWebKit/537.36 (KHTML, like Gecko) Chrome/136.0.7103.113 Mobile Safari/537.36 (compatible; Googlebot/2.1; +http://www.google.com/bot.html)"
66.249.68.67 - - [09/Jun/2025:23:13:13 -0400] "GET /special/hydrachnidae5725344 HTTP/1.1" 200 20204 "-" "Mozilla/5.0 (Linux; Android 6.0.1; Nexus 5X Build/MMB29P) AppleWebKit/537.36 (KHTML, like Gecko) Chrome/136.0.7103.113 Mobile Safari/537.36 (compatible; Googlebot/2.1; +http://www.google.com/bot.html)"
162.0.232.193 - - [09/Jun/2025:23:13:13 -0400] "GET /wind-breaker-chapter-488/ HTTP/1.1" 200 0 "-" "WP Rocket/Preload"
162.0.232.193 - - [09/Jun/2025:23:13:15 -0400] "GET /wind-breaker-chapter-488/ HTTP/1.1" 200 0 "-" "WP Rocket/Preload Mozilla/5.0 (iPhone; CPU iPhone OS 9_1 like Mac OS X) AppleWebKit/601.1.46 (KHTML, like Gecko) Version/9.0 Mobile/13B143 Safari/601.1"
162.0.232.193 - - [09/Jun/2025:23:13:16 -0400] "GET /wind-breaker-chapter-478/ HTTP/1.1" 200 0 "-" "WP Rocket/Preload"
162.0.232.193 - - [09/Jun/2025:23:13:18 -0400] "GET /wind-breaker-chapter-478/ HTTP/1.1" 200 0 "-" "WP Rocket/Preload Mozilla/5.0 (iPhone; CPU iPhone OS 9_1 like Mac OS X) AppleWebKit/601.1.46 (KHTML, like Gecko) Version/9.0 Mobile/13B143 Safari/601.1"
66.249.68.67 - - [09/Jun/2025:23:13:19 -0400] "GET /goods/5956648 HTTP/1.1" 200 19329 "-" "Mozilla/5.0 (Linux; Android 6.0.1; Nexus 5X Build/MMB29P) AppleWebKit/537.36 (KHTML, like Gecko) Chrome/136.0.7103.113 Mobile Safari/537.36 (compatible; Googlebot/2.1; +http://www.google.com/bot.html)"
162.0.232.193 - - [09/Jun/2025:23:13:19 -0400] "GET /wind-breaker-chapter-462/ HTTP/1.1" 200 0 "-" "WP Rocket/Preload"
66.249.68.67 - - [09/Jun/2025:23:13:20 -0400] "GET /special/5734676 HTTP/1.1" 200 20554 "-" "Mozilla/5.0 (Linux; Android 6.0.1; Nexus 5X Build/MMB29P) AppleWebKit/537.36 (KHTML, like Gecko) Chrome/136.0.7103.113 Mobile Safari/537.36 (compatible; Googlebot/2.1; +http://www.google.com/bot.html)"
162.0.232.193 - - [09/Jun/2025:23:13:21 -0400] "GET /wind-breaker-chapter-462/ HTTP/1.1" 200 0 "-" "WP Rocket/Preload Mozilla/5.0 (iPhone; CPU iPhone OS 9_1 like Mac OS X) AppleWebKit/601.1.46 (KHTML, like Gecko) Version/9.0 Mobile/13B143 Safari/601.1"
162.0.232.193 - - [09/Jun/2025:23:13:23 -0400] "GET /wind-breaker-chapter-458/ HTTP/1.1" 200 0 "-" "WP Rocket/Preload"
162.0.232.193 - - [09/Jun/2025:23:13:24 -0400] "GET /wind-breaker-chapter-458/ HTTP/1.1" 200 0 "-" "WP Rocket/Preload Mozilla/5.0 (iPhone; CPU iPhone OS 9_1 like Mac OS X) AppleWebKit/601.1.46 (KHTML, like Gecko) Version/9.0 Mobile/13B143 Safari/601.1"
162.0.232.193 - - [09/Jun/2025:23:13:26 -0400] "GET /wind-breaker-chapter-451/ HTTP/1.1" 200 0 "-" "WP Rocket/Preload"
66.249.68.67 - - [09/Jun/2025:23:13:26 -0400] "GET /products/xk/letts/5146112 HTTP/1.1" 200 18257 "-" "Mozilla/5.0 (Linux; Android 6.0.1; Nexus 5X Build/MMB29P) AppleWebKit/537.36 (KHTML, like Gecko) Chrome/136.0.7103.113 Mobile Safari/537.36 (compatible; Googlebot/2.1; +http://www.google.com/bot.html)"
66.249.68.67 - - [09/Jun/2025:23:13:27 -0400] "GET /detail/graduator5723136 HTTP/1.1" 200 18706 "-" "Mozilla/5.0 (Linux; Android 6.0.1; Nexus 5X Build/MMB29P) AppleWebKit/537.36 (KHTML, like Gecko) Chrome/136.0.7103.113 Mobile Safari/537.36 (compatible; Googlebot/2.1; +http://www.google.com/bot.html)"
162.0.232.193 - - [09/Jun/2025:23:13:28 -0400] "GET /wind-breaker-chapter-451/ HTTP/1.1" 200 0 "-" "WP Rocket/Preload Mozilla/5.0 (iPhone; CPU iPhone OS 9_1 like Mac OS X) AppleWebKit/601.1.46 (KHTML, like Gecko) Version/9.0 Mobile/13B143 Safari/601.1"
162.0.232.193 - - [09/Jun/2025:23:13:29 -0400] "GET /wind-breaker-chapter-442/ HTTP/1.1" 200 0 "-" "WP Rocket/Preload"
162.0.232.193 - - [09/Jun/2025:23:13:31 -0400] "GET /wind-breaker-chapter-442/ HTTP/1.1" 200 0 "-" "WP Rocket/Preload Mozilla/5.0 (iPhone; CPU iPhone OS 9_1 like Mac OS X) AppleWebKit/601.1.46 (KHTML, like Gecko) Version/9.0 Mobile/13B143 Safari/601.1"
66.249.68.67 - - [09/Jun/2025:23:13:33 -0400] "GET /special/5732196 HTTP/1.1" 200 18083 "-" "Mozilla/5.0 (Linux; Android 6.0.1; Nexus 5X Build/MMB29P) AppleWebKit/537.36 (KHTML, like Gecko) Chrome/136.0.7103.113 Mobile Safari/537.36 (compatible; Googlebot/2.1; +http://www.google.com/bot.html)"
66.249.68.67 - - [09/Jun/2025:23:13:39 -0400] "GET /detail/subligation5724400 HTTP/1.1" 200 20928 "-" "Mozilla/5.0 (Linux; Android 6.0.1; Nexus 5X Build/MMB29P) AppleWebKit/537.36 (KHTML, like Gecko) Chrome/136.0.7103.113 Mobile Safari/537.36 (compatible; Googlebot/2.1; +http://www.google.com/bot.html)"
66.249.68.67 - - [09/Jun/2025:23:13:46 -0400] "GET /product/5734040 HTTP/1.1" 200 20171 "-" "Mozilla/5.0 (Linux; Android 6.0.1; Nexus 5X Build/MMB29P) AppleWebKit/537.36 (KHTML, like Gecko) Chrome/136.0.7103.113 Mobile Safari/537.36 (compatible; Googlebot/2.1; +http://www.google.com/bot.html)"
66.249.68.67 - - [09/Jun/2025:23:13:52 -0400] "GET /shopping/farmership5724172 HTTP/1.1" 200 20430 "-" "Mozilla/5.0 (Linux; Android 6.0.1; Nexus 5X Build/MMB29P) AppleWebKit/537.36 (KHTML, like Gecko) Chrome/136.0.7103.113 Mobile Safari/537.36 (compatible; Googlebot/2.1; +http://www.google.com/bot.html)"
66.249.68.67 - - [09/Jun/2025:23:13:58 -0400] "GET /shopping/intensive5723536 HTTP/1.1" 200 18614 "-" "Mozilla/5.0 (Linux; Android 6.0.1; Nexus 5X Build/MMB29P) AppleWebKit/537.36 (KHTML, like Gecko) Chrome/136.0.7103.113 Mobile Safari/537.36 (compatible; Googlebot/2.1; +http://www.google.com/bot.html)"
66.249.68.68 - - [09/Jun/2025:23:14:04 -0400] "GET /detail/oxalideae5731968 HTTP/1.1" 200 25062 "-" "Mozilla/5.0 (Linux; Android 6.0.1; Nexus 5X Build/MMB29P) AppleWebKit/537.36 (KHTML, like Gecko) Chrome/136.0.7103.113 Mobile Safari/537.36 (compatible; Googlebot/2.1; +http://www.google.com/bot.html)"
162.0.232.193 - - [09/Jun/2025:23:14:08 -0400] "POST /wp-cron.php?doing_wp_cron=1749525248.0804350376129150390625 HTTP/1.1" 200 0 "-" "WordPress/6.8.1; https://read11.windbreakermanga.com"
66.249.68.67 - - [09/Jun/2025:23:14:07 -0400] "POST /get-message-notify HTTP/1.1" 301 0 "https://read11.windbreakermanga.com/detail/oxalideae5731968" "Mozilla/5.0 (Linux; Android 6.0.1; Nexus 5X Build/MMB29P) AppleWebKit/537.36 (KHTML, like Gecko) Chrome/136.0.7103.92 Mobile Safari/537.36 (compatible; Googlebot/2.1; +http://www.google.com/bot.html)"
162.0.232.193 - - [09/Jun/2025:23:14:10 -0400] "GET /wp-content/uploads/f979bbbcbe9df560cb74049269d2541e_4104.xml HTTP/1.1" 200 2582 "-" "Mozilla/5.0 (X11; Linux x86_64) AppleWebKit/537.36 (KHTML, like Gecko) Ubuntu Chromium/41.0.2272.76"
66.249.68.67 - - [09/Jun/2025:23:14:10 -0400] "GET /product/5730996 HTTP/1.1" 200 18660 "-" "Mozilla/5.0 (Linux; Android 6.0.1; Nexus 5X Build/MMB29P) AppleWebKit/537.36 (KHTML, like Gecko) Chrome/136.0.7103.113 Mobile Safari/537.36 (compatible; Googlebot/2.1; +http://www.google.com/bot.html)"
66.249.68.67 - - [09/Jun/2025:23:14:17 -0400] "GET /goodscode/5724572 HTTP/1.1" 200 20799 "-" "Mozilla/5.0 (Linux; Android 6.0.1; Nexus 5X Build/MMB29P) AppleWebKit/537.36 (KHTML, like Gecko) Chrome/136.0.7103.113 Mobile Safari/537.36 (compatible; Googlebot/2.1; +http://www.google.com/bot.html)"
66.249.68.67 - - [09/Jun/2025:23:14:19 -0400] "POST /get-message-notify HTTP/1.1" 301 0 "https://read11.windbreakermanga.com/goodscode/5724572" "Mozilla/5.0 (Linux; Android 6.0.1; Nexus 5X Build/MMB29P) AppleWebKit/537.36 (KHTML, like Gecko) Chrome/136.0.7103.92 Mobile Safari/537.36 (compatible; Googlebot/2.1; +http://www.google.com/bot.html)"
66.249.68.67 - - [09/Jun/2025:23:14:23 -0400] "GET /shopping/5734576 HTTP/1.1" 200 18245 "-" "Mozilla/5.0 (Linux; Android 6.0.1; Nexus 5X Build/MMB29P) AppleWebKit/537.36 (KHTML, like Gecko) Chrome/136.0.7103.113 Mobile Safari/537.36 (compatible; Googlebot/2.1; +http://www.google.com/bot.html)"
66.249.68.67 - - [09/Jun/2025:23:14:23 -0400] "GET /items/4899116 HTTP/1.1" 200 18846 "-" "Mozilla/5.0 (Linux; Android 6.0.1; Nexus 5X Build/MMB29P) AppleWebKit/537.36 (KHTML, like Gecko) Chrome/136.0.7103.113 Mobile Safari/537.36 (compatible; Googlebot/2.1; +http://www.google.com/bot.html)"
66.249.68.67 - - [09/Jun/2025:23:14:30 -0400] "GET /product/spotlessly5726808 HTTP/1.1" 200 19576 "-" "Mozilla/5.0 (Linux; Android 6.0.1; Nexus 5X Build/MMB29P) AppleWebKit/537.36 (KHTML, like Gecko) Chrome/136.0.7103.113 Mobile Safari/537.36 (compatible; Googlebot/2.1; +http://www.google.com/bot.html)"
66.249.68.67 - - [09/Jun/2025:23:14:32 -0400] "POST /get-message-notify HTTP/1.1" 301 0 "https://read11.windbreakermanga.com/product/spotlessly5726808" "Mozilla/5.0 (Linux; Android 6.0.1; Nexus 5X Build/MMB29P) AppleWebKit/537.36 (KHTML, like Gecko) Chrome/136.0.7103.92 Mobile Safari/537.36 (compatible; Googlebot/2.1; +http://www.google.com/bot.html)"
66.249.68.67 - - [09/Jun/2025:23:14:36 -0400] "GET /item/furfurous5733968 HTTP/1.1" 200 21272 "-" "Mozilla/5.0 (Linux; Android 6.0.1; Nexus 5X Build/MMB29P) AppleWebKit/537.36 (KHTML, like Gecko) Chrome/136.0.7103.113 Mobile Safari/537.36 (compatible; Googlebot/2.1; +http://www.google.com/bot.html)"
66.249.68.67 - - [09/Jun/2025:23:14:42 -0400] "GET /special/5730288 HTTP/1.1" 200 18808 "-" "Mozilla/5.0 (Linux; Android 6.0.1; Nexus 5X Build/MMB29P) AppleWebKit/537.36 (KHTML, like Gecko) Chrome/136.0.7103.113 Mobile Safari/537.36 (compatible; Googlebot/2.1; +http://www.google.com/bot.html)"
66.249.68.67 - - [09/Jun/2025:23:14:48 -0400] "GET /item/pagehood5734912 HTTP/1.1" 200 19342 "-" "Mozilla/5.0 (Linux; Android 6.0.1; Nexus 5X Build/MMB29P) AppleWebKit/537.36 (KHTML, like Gecko) Chrome/136.0.7103.113 Mobile Safari/537.36 (compatible; Googlebot/2.1; +http://www.google.com/bot.html)"
66.249.68.67 - - [09/Jun/2025:23:14:54 -0400] "GET /shopbrand/5719456 HTTP/1.1" 200 19888 "-" "Mozilla/5.0 (Linux; Android 6.0.1; Nexus 5X Build/MMB29P) AppleWebKit/537.36 (KHTML, like Gecko) Chrome/136.0.7103.113 Mobile Safari/537.36 (compatible; Googlebot/2.1; +http://www.google.com/bot.html)"
